222.69.138.249 - - [09/Jan/2021:08:50:21 +0800] "GET /xingrg/kc/buy/cgsh_order_operate.html?command=get_materiel&rest_code=00149&code=00101008356&supplier_code=00100005&order_time=2021-01-09 HTTP/1.1" 200 408
61.165.42.208 - - [09/Jan/2021:08:50:26 +0800] "GET /xingrg/kc/buy/cgsh_order_operate.html?command=get_materiel&rest_code=00105&code=00101008312&supplier_code=00100203&order_time=2021-01-09 HTTP/1.1" 200 412
222.69.138.249 - - [09/Jan/2021:08:50:31 +0800] "POST /xingrg/kc/buy/cgsh_order_operate.html HTTP/1.1" 200 2065
61.165.42.208 - - [09/Jan/2021:08:50:36 +0800] "GET /xingrg/kc/buy/cgsh_order_operate.html?command=get_materiel&rest_code=00105&code=00101008096&supplier_code=00100203&order_time=2021-01-09 HTTP/1.1" 200 413
116.228.172.94 - - [09/Jan/2021:08:50:37 +0800] "GET /xingrg/javascript/auto/indicator.gif HTTP/1.1" 404 1066
222.70.174.6 - - [09/Jan/2021:08:50:37 +0800] "GET /xingrg/all/function/internal_message.html?_=1610153441984&CODE_STATE=getMsg HTTP/1.1" 200 27
222.69.138.249 - - [09/Jan/2021:08:50:38 +0800] "GET /xingrg/kc/buy/cgsh_order_operate.html?command=get_materiel&rest_code=00149&code=00101008300&supplier_code=00100005&order_time=2021-01-09 HTTP/1.1" 200 412
61.165.42.208 - - [09/Jan/2021:08:50:45 +0800] "GET /xingrg/kc/buy/cgsh_order_operate.html?command=get_materiel&rest_code=00105&code=00101008163&supplier_code=00100203&order_time=2021-01-09 HTTP/1.1" 200 409
116.228.172.94 - - [09/Jan/2021:08:50:47 +0800] "GET /xingrg/kc/buy/cgsh_order_operate.html?command=get_materiel&rest_code=00107&code=00101008045&supplier_code=00100006&order_time=2021-01-09 HTTP/1.1" 200 412
61.165.42.208 - - [09/Jan/2021:08:50:54 +0800] "GET /xingrg/kc/buy/cgsh_order_operate.html?command=get_materiel&rest_code=00105&code=00101008361&supplier_code=00100203&order_time=2021-01-09 HTTP/1.1" 200 408
180.156.237.57 - - [09/Jan/2021:08:50:57 +0800] "GET /xingrg/all/function/internal_message.html?_=1610153430947&CODE_STATE=getMsg HTTP/1.1" 200 27
61.165.42.208 - - [09/Jan/2021:08:51:01 +0800] "GET /xingrg/kc/buy/cgsh_order_operate.html?command=get_materiel&rest_code=00105&code=00101008355&supplier_code=00100203&order_time=2021-01-09 HTTP/1.1" 200 408
180.156.237.57 - - [09/Jan/2021:08:51:05 +0800] "GET /xingrg/all/function/internal_message.html?_=1610153439252&CODE_STATE=getMsg HTTP/1.1" 200 27
116.228.172.94 - - [09/Jan/2021:08:51:07 +0800] "GET /xingrg/kc/buy/cgsh_order_operate.html?command=get_materiel&rest_code=00107&code=00101008155&supplier_code=00100006&order_time=2021-01-09 HTTP/1.1" 200 410
222.69.138.249 - - [09/Jan/2021:08:51:08 +0800] "GET /xingrg/kc/buy/cgsh_order_operate.html?command=get_materiel&rest_code=00149&code=00101008251&supplier_code=00100005&order_time=2021-01-09 HTTP/1.1" 200 408
61.165.42.208 - - [09/Jan/2021:08:51:08 +0800] "GET /xingrg/kc/buy/cgsh_order_operate.html?command=get_materiel&rest_code=00105&code=00101008264&supplier_code=00100203&order_time=2021-01-09 HTTP/1.1" 200 412
222.70.174.7 - - [09/Jan/2021:08:51:09 +0800] "GET /xingrg/all/function/internal_message.html?_=1610153470131&CODE_STATE=getMsg HTTP/1.1" 302 -
116.228.172.94 - - [09/Jan/2021:08:51:11 +0800] "GET /xingrg/all/function/internal_message.html?_=1610153459329&CODE_STATE=getMsg HTTP/1.1" 200 27
58.37.230.33 - - [09/Jan/2021:08:51:11 +0800] "GET /xingrg/all/function/internal_message.html?_=1610153491724&CODE_STATE=getMsg HTTP/1.1" 200 27
222.69.138.249 - - [09/Jan/2021:08:51:12 +0800] "GET /xingrg/all/function/internal_message.html?_=1610153466284&CODE_STATE=getMsg HTTP/1.1" 200 27
117.131.5.26 - - [09/Jan/2021:08:51:13 +0800] "GET /xingrg/all/function/internal_message.html?_=1610153813881&CODE_STATE=getMsg HTTP/1.1" 200 27
222.69.138.249 - - [09/Jan/2021:08:51:16 +0800] "GET /xingrg/kc/buy/cgsh_order_operate.html?command=get_materiel&rest_code=00149&code=00101008360&supplier_code=00100005&order_time=2021-01-09 HTTP/1.1" 200 413
61.165.42.208 - - [09/Jan/2021:08:51:18 +0800] "GET /xingrg/kc/buy/cgsh_order_operate.html?command=get_materiel&rest_code=00105&code=00101020065&supplier_code=00100203&order_time=2021-01-09 HTTP/1.1" 200 435
61.165.42.208 - - [09/Jan/2021:08:51:18 +0800] "GET /xingrg/all/function/internal_message.html?_=1610153478523&CODE_STATE=getMsg HTTP/1.1" 200 27
116.228.172.94 - - [09/Jan/2021:08:51:19 +0800] "GET /xingrg/kc/buy/cgsh_order_operate.html?command=get_materiel&rest_code=00107&code=00101008312&supplier_code=00100006&order_time=2021-01-09 HTTP/1.1" 200 412
61.165.42.208 - - [09/Jan/2021:08:51:27 +0800] "GET /xingrg/kc/buy/cgsh_order_operate.html?command=get_materiel&rest_code=00105&code=00101008196&supplier_code=00100203&order_time=2021-01-09 HTTP/1.1" 200 416
222.69.138.249 - - [09/Jan/2021:08:51:28 +0800] "GET /xingrg/kc/buy/cgsh_order_operate.html?command=get_materiel&rest_code=00149&code=00101008059&supplier_code=00100005&order_time=2021-01-09 HTTP/1.1" 200 408
101.91.62.65 - - [09/Jan/2021:08:51:31 +0800] "GET /xingrg/all/function/internal_message.html?_=1610153251730&CODE_STATE=getMsg HTTP/1.1" 302 -
116.228.172.94 - - [09/Jan/2021:08:51:32 +0800] "GET /xingrg/kc/buy/cgsh_order_operate.html?command=get_materiel&rest_code=00107&code=00101008354&supplier_code=00100006&order_time=2021-01-09 HTTP/1.1" 200 412
101.91.62.65 - - [09/Jan/2021:08:51:35 +0800] "GET /xingrg/login.html HTTP/1.1" 200 7641
222.70.174.6 - - [09/Jan/2021:08:51:37 +0800] "GET /xingrg/all/function/internal_message.html?_=1610153501999&CODE_STATE=getMsg HTTP/1.1" 200 27
222.69.138.249 - - [09/Jan/2021:08:51:38 +0800] "GET /xingrg/kc/buy/cgsh_order_operate.html?command=get_materiel&rest_code=00149&code=00101008223&supplier_code=00100005&order_time=2021-01-09 HTTP/1.1" 200 412
61.165.42.208 - - [09/Jan/2021:08:51:45 +0800] "GET /xingrg/kc/buy/cgsh_order_operate.html?command=get_materiel&rest_code=00105&code=00101015060&supplier_code=00100203&order_time=2021-01-09 HTTP/1.1" 200 412
222.69.138.249 - - [09/Jan/2021:08:51:45 +0800] "POST /xingrg/kc/buy/cgsh_order_operate.html HTTP/1.1" 200 2065
116.228.172.94 - - [09/Jan/2021:08:51:49 +0800] "GET /xingrg/kc/buy/cgsh_order_operate.html?command=get_materiel&rest_code=00107&code=00101008085&supplier_code=00100006&order_time=2021-01-09 HTTP/1.1" 200 412
61.165.42.208 - - [09/Jan/2021:08:51:51 +0800] "GET /xingrg/kc/buy/cgsh_order_operate.html?command=get_materiel&rest_code=00105&code=00101008439&supplier_code=00100203&order_time=2021-01-09 HTTP/1.1" 200 399
61.165.42.208 - - [09/Jan/2021:08:51:56 +0800] "POST /xingrg/kc/buy/cgsh_order_operate.html HTTP/1.1" 200 2065
180.156.237.57 - - [09/Jan/2021:08:51:57 +0800] "GET /xingrg/all/function/internal_message.html?_=1610153490962&CODE_STATE=getMsg HTTP/1.1" 200 27
116.228.172.94 - - [09/Jan/2021:08:51:58 +0800] "GET /xingrg/kc/buy/cgsh_order_operate.html?command=get_materiel&rest_code=00107&code=00101008283&supplier_code=00100006&order_time=2021-01-09 HTTP/1.1" 200 408
61.165.42.208 - - [09/Jan/2021:08:52:03 +0800] "GET /xingrg/kc/buy/cgsh_order_operate.html?command=get_materiel&rest_code=00105&code=00101008136&supplier_code=00100203&order_time=2021-01-09 HTTP/1.1" 200 413
180.156.237.57 - - [09/Jan/2021:08:52:05 +0800] "GET /xingrg/all/function/internal_message.html?_=1610153499260&CODE_STATE=getMsg HTTP/1.1" 200 27
116.228.172.94 - - [09/Jan/2021:08:52:06 +0800] "GET /xingrg/kc/buy/cgsh_order_operate.html?command=get_materiel&rest_code=00107&code=00101008355&supplier_code=00100006&order_time=2021-01-09 HTTP/1.1" 200 408
222.70.174.7 - - [09/Jan/2021:08:52:09 +0800] "GET /xingrg/all/function/internal_message.html?_=1610153530176&CODE_STATE=getMsg HTTP/1.1" 302 -
116.228.172.94 - - [09/Jan/2021:08:52:11 +0800] "GET /xingrg/all/function/internal_message.html?_=1610153519321&CODE_STATE=getMsg HTTP/1.1" 200 27
58.37.230.33 - - [09/Jan/2021:08:52:11 +0800] "GET /xingrg/all/function/internal_message.html?_=1610153551721&CODE_STATE=getMsg HTTP/1.1" 200 27
222.69.138.249 - - [09/Jan/2021:08:52:12 +0800] "GET /xingrg/all/function/internal_message.html?_=1610153526263&CODE_STATE=getMsg HTTP/1.1" 200 27
61.165.42.208 - - [09/Jan/2021:08:52:12 +0800] "GET /xingrg/kc/buy/cgsh_order_operate.html?command=get_materiel&rest_code=00105&code=00101008069&supplier_code=00100203&order_time=2021-01-09 HTTP/1.1" 200 412
117.131.5.26 - - [09/Jan/2021:08:52:14 +0800] "GET /xingrg/all/function/internal_message.html?_=1610153874365&CODE_STATE=getMsg HTTP/1.1" 200 27
116.228.172.94 - - [09/Jan/2021:08:52:15 +0800] "GET /xingrg/kc/buy/cgsh_order_operate.html?command=get_materiel&rest_code=00107&code=00101008360&supplier_code=00100006&order_time=2021-01-09 HTTP/1.1" 200 413
61.165.42.208 - - [09/Jan/2021:08:52:18 +0800] "GET /xingrg/all/function/internal_message.html?_=1610153538514&CODE_STATE=getMsg HTTP/1.1" 200 27
61.165.42.208 - - [09/Jan/2021:08:52:19 +0800] "GET /xingrg/kc/buy/cgsh_order_operate.html?command=get_materiel&rest_code=00105&code=00101008036&supplier_code=00100203&order_time=2021-01-09 HTTP/1.1" 200 408
116.228.172.94 - - [09/Jan/2021:08:52:24 +0800] "GET /xingrg/kc/buy/cgsh_order_operate.html?command=get_materiel&rest_code=00107&code=00101008223&supplier_code=00100006&order_time=2021-01-09 HTTP/1.1" 200 412
61.165.42.208 - - [09/Jan/2021:08:52:25 +0800] "GET /xingrg/kc/buy/cgsh_order_operate.html?command=get_materiel&rest_code=00105&code=00101008286&supplier_code=00100203&order_time=2021-01-09 HTTP/1.1" 200 408
222.69.138.249 - - [09/Jan/2021:08:52:30 +0800] "GET /xingrg/kc/buy/cgsh_order_operate.html?command=get_materiel&rest_code=00149&code=00101008357&supplier_code=00100005&order_time=2021-01-09 HTTP/1.1" 200 408
61.165.42.208 - - [09/Jan/2021:08:52:33 +0800] "GET /xingrg/kc/buy/cgsh_order_operate.html?command=get_materiel&rest_code=00105&code=00101008131&supplier_code=00100203&order_time=2021-01-09 HTTP/1.1" 200 408
120.253.135.82 - - [09/Jan/2021:08:52:36 +0800] "GET /xingrg/check_reg.html?_=1610153311579 HTTP/1.1" 200 22
222.70.174.6 - - [09/Jan/2021:08:52:37 +0800] "GET /xingrg/all/function/internal_message.html?_=1610153562016&CODE_STATE=getMsg HTTP/1.1" 200 27
61.165.42.208 - - [09/Jan/2021:08:52:41 +0800] "GET /xingrg/kc/buy/cgsh_order_operate.html?command=get_materiel&rest_code=00105&code=00101008108&supplier_code=00100203&order_time=2021-01-09 HTTP/1.1" 200 412
116.228.172.94 - - [09/Jan/2021:08:52:47 +0800] "GET /xingrg/kc/buy/cgsh_order_operate.html?command=get_materiel&rest_code=00107&code=00101008147&supplier_code=00100006&order_time=2021-01-09 HTTP/1.1" 200 416
61.165.42.208 - - [09/Jan/2021:08:52:48 +0800] "GET /xingrg/kc/buy/cgsh_order_operate.html?command=get_materiel&rest_code=00105&code=00101008318&supplier_code=00100203&order_time=2021-01-09 HTTP/1.1" 200 408
222.69.138.249 - - [09/Jan/2021:08:52:53 +0800] "GET /xingrg/kc/buy/cgsh_order_operate.html?command=get_materiel&rest_code=00149&code=00101008069&supplier_code=00100005&order_time=2021-01-09 HTTP/1.1" 200 412
61.165.42.208 - - [09/Jan/2021:08:52:56 +0800] "GET /xingrg/kc/buy/cgsh_order_operate.html?command=get_materiel&rest_code=00105&code=00101008352&supplier_code=00100203&order_time=2021-01-09 HTTP/1.1" 200 412
180.156.237.57 - - [09/Jan/2021:08:52:57 +0800] "GET /xingrg/all/function/internal_message.html?_=1610153551096&CODE_STATE=getMsg HTTP/1.1" 200 27
116.228.172.94 - - [09/Jan/2021:08:52:59 +0800] "GET /xingrg/kc/buy/cgsh_order_operate.html?command=get_materiel&rest_code=00107&code=00101008357&supplier_code=00100006&order_time=2021-01-09 HTTP/1.1" 200 408
61.165.42.208 - - [09/Jan/2021:08:53:04 +0800] "GET /xingrg/kc/buy/cgsh_order_operate.html?command=get_materiel&rest_code=00105&code=00101008005&supplier_code=00100203&order_time=2021-01-09 HTTP/1.1" 200 412
180.156.237.57 - - [09/Jan/2021:08:53:05 +0800] "GET /xingrg/all/function/internal_message.html?_=1610153559282&CODE_STATE=getMsg HTTP/1.1" 200 27
180.156.237.57 - - [09/Jan/2021:08:53:06 +0800] "GET /xingrg/check_reg.html?_=1610153560101 HTTP/1.1" 200 22
116.228.172.94 - - [09/Jan/2021:08:53:07 +0800] "GET /xingrg/kc/buy/cgsh_order_operate.html?command=get_materiel&rest_code=00107&code=00101008069&supplier_code=00100006&order_time=2021-01-09 HTTP/1.1" 200 412
222.70.174.7 - - [09/Jan/2021:08:53:09 +0800] "GET /xingrg/all/function/internal_message.html?_=1610153590189&CODE_STATE=getMsg HTTP/1.1" 302 -
61.165.42.208 - - [09/Jan/2021:08:53:10 +0800] "GET /xingrg/kc/buy/cgsh_order_operate.html?command=get_materiel&rest_code=00105&code=00101008353&supplier_code=00100203&order_time=2021-01-09 HTTP/1.1" 200 408
116.228.172.94 - - [09/Jan/2021:08:53:11 +0800] "GET /xingrg/all/function/internal_message.html?_=1610153579320&CODE_STATE=getMsg HTTP/1.1" 200 27
58.37.230.33 - - [09/Jan/2021:08:53:11 +0800] "GET /xingrg/all/function/internal_message.html?_=1610153611720&CODE_STATE=getMsg HTTP/1.1" 200 27
222.69.138.249 - - [09/Jan/2021:08:53:12 +0800] "GET /xingrg/all/function/internal_message.html?_=1610153586272&CODE_STATE=getMsg HTTP/1.1" 200 27
222.69.138.249 - - [09/Jan/2021:08:53:12 +0800] "GET /xingrg/check_reg.html?_=1610153586280 HTTP/1.1" 200 22
117.131.5.26 - - [09/Jan/2021:08:53:14 +0800] "GET /xingrg/all/function/internal_message.html?_=1610153934406&CODE_STATE=getMsg HTTP/1.1" 200 27
61.165.42.208 - - [09/Jan/2021:08:53:18 +0800] "GET /xingrg/all/function/internal_message.html?_=1610153598486&CODE_STATE=getMsg HTTP/1.1" 200 27
61.165.42.208 - - [09/Jan/2021:08:53:20 +0800] "GET /xingrg/kc/buy/cgsh_order_operate.html?command=get_materiel&rest_code=00105&code=00101008213&supplier_code=00100203&order_time=2021-01-09 HTTP/1.1" 200 412
116.228.172.94 - - [09/Jan/2021:08:53:21 +0800] "GET /xingrg/kc/buy/cgsh_order_operate.html?command=get_materiel&rest_code=00107&code=00101008286&supplier_code=00100006&order_time=2021-01-09 HTTP/1.1" 200 408
222.69.138.249 - - [09/Jan/2021:08:53:25 +0800] "GET /xingrg/kc/buy/cgsh_order_operate.html?command=get_materiel&rest_code=00149&code=00101008286&supplier_code=00100005&order_time=2021-01-09 HTTP/1.1" 200 408
61.165.42.208 - - [09/Jan/2021:08:53:27 +0800] "GET /xingrg/kc/buy/cgsh_order_operate.html?command=get_materiel&rest_code=00105&code=00101008119&supplier_code=00100203&order_time=2021-01-09 HTTP/1.1" 200 412
116.228.172.94 - - [09/Jan/2021:08:53:29 +0800] "GET /xingrg/kc/buy/cgsh_order_operate.html?command=get_materiel&rest_code=00107&code=00101008036&supplier_code=00100006&order_time=2021-01-09 HTTP/1.1" 200 408
61.165.42.208 - - [09/Jan/2021:08:53:30 +0800] "POST /xingrg/kc/buy/cgsh_order_operate.html HTTP/1.1" 200 2065
61.165.42.208 - - [09/Jan/2021:08:53:32 +0800] "POST /xingrg/kc/buy/cgsh_order_operate.html HTTP/1.1" 200 2065
61.165.42.208 - - [09/Jan/2021:08:53:33 +0800] "POST /xingrg/kc/buy/cgsh_order_operate.html HTTP/1.1" 200 2065
222.70.174.6 - - [09/Jan/2021:08:53:37 +0800] "GET /xingrg/all/function/internal_message.html?_=1610153622025&CODE_STATE=getMsg HTTP/1.1" 200 27
116.228.172.94 - - [09/Jan/2021:08:53:39 +0800] "GET /xingrg/kc/buy/cgsh_order_operate.html?command=get_materiel&rest_code=00107&code=00101008131&supplier_code=00100006&order_time=2021-01-09 HTTP/1.1" 200 408
61.165.42.208 - - [09/Jan/2021:08:53:41 +0800] "GET /xingrg/kc/buy/cgsh_order_operate.html?command=get_materiel&rest_code=00105&code=00101008197&supplier_code=00100203&order_time=2021-01-09 HTTP/1.1" 200 416
222.69.138.249 - - [09/Jan/2021:08:53:44 +0800] "GET /xingrg/kc/buy/cgsh_order_operate.html?command=get_materiel&rest_code=00149&code=00101008036&supplier_code=00100005&order_time=2021-01-09 HTTP/1.1" 200 408
61.129.6.203 - - [09/Jan/2021:08:53:45 +0800] "GET /xingrg/check_reg.html?_=1610153371726 HTTP/1.1" 302 -
222.70.174.7 - - [09/Jan/2021:08:53:46 +0800] "GET /xingrg/check_reg.html?_=1610153627486 HTTP/1.1" 302 -
116.228.172.94 - - [09/Jan/2021:08:53:49 +0800] "GET /xingrg/kc/buy/cgsh_order_operate.html?command=get_materiel&rest_code=00107&code=00101008353&supplier_code=00100006&order_time=2021-01-09 HTTP/1.1" 200 408
61.165.42.208 - - [09/Jan/2021:08:53:49 +0800] "GET /xingrg/kc/buy/cgsh_order_operate.html?command=get_materiel&rest_code=00105&code=00101015074&supplier_code=00100203&order_time=2021-01-09 HTTP/1.1" 200 408
180.156.237.57 - - [09/Jan/2021:08:53:50 +0800] "GET /xingrg/check_reg.html?_=1610153603632 HTTP/1.1" 200 22
61.129.6.203 - - [09/Jan/2021:08:53:54 +0800] "GET /xingrg/login.html HTTP/1.1" 200 7641
180.156.237.57 - - [09/Jan/2021:08:53:57 +0800] "GET /xingrg/all/function/internal_message.html?_=1610153611098&CODE_STATE=getMsg HTTP/1.1" 200 27
222.69.138.249 - - [09/Jan/2021:08:53:57 +0800] "POST /xingrg/kc/buy/cgsh_order_operate.html HTTP/1.1" 200 2065
116.228.172.94 - - [09/Jan/2021:08:54:03 +0800] "GET /xingrg/kc/buy/cgsh_order_operate.html?command=get_materiel&rest_code=00107&code=00101008213&supplier_code=00100006&order_time=2021-01-09 HTTP/1.1" 200 412
222.69.138.249 - - [09/Jan/2021:08:54:05 +0800] "GET /xingrg/kc/buy/cgsh_order_operate.html?command=get_materiel&rest_code=00149&code=00101008131&supplier_code=00100005&order_time=2021-01-09 HTTP/1.1" 200 408
180.156.237.57 - - [09/Jan/2021:08:54:05 +0800] "GET /xingrg/all/function/internal_message.html?_=1610153619287&CODE_STATE=getMsg HTTP/1.1" 200 27
222.70.174.7 - - [09/Jan/2021:08:54:09 +0800] "GET /xingrg/all/function/internal_message.html?_=1610153650230&CODE_STATE=getMsg HTTP/1.1" 302 -
61.165.42.208 - - [09/Jan/2021:08:54:10 +0800] "GET /xingrg/kc/buy/cgsh_order_operate.html?command=get_materiel&rest_code=00105&code=00101008330&supplier_code=00100203&order_time=2021-01-09 HTTP/1.1" 200 408
116.228.172.94 - - [09/Jan/2021:08:54:11 +0800] "GET /xingrg/check_reg.html?_=1610153639326 HTTP/1.1" 200 22
116.228.172.94 - - [09/Jan/2021:08:54:11 +0800] "GET /xingrg/all/function/internal_message.html?_=1610153639330&CODE_STATE=getMsg HTTP/1.1" 200 27
58.37.230.33 - - [09/Jan/2021:08:54:11 +0800] "GET /xingrg/all/function/internal_message.html?_=1610153671719&CODE_STATE=getMsg HTTP/1.1" 200 27
58.37.230.33 - - [09/Jan/2021:08:54:11 +0800] "GET /xingrg/check_reg.html?_=1610153671720 HTTP/1.1" 200 22
222.69.138.249 - - [09/Jan/2021:08:54:12 +0800] "GET /xingrg/all/function/internal_message.html?_=1610153646270&CODE_STATE=getMsg HTTP/1.1" 200 27
117.131.5.26 - - [09/Jan/2021:08:54:14 +0800] "GET /xingrg/all/function/internal_message.html?_=1610153994873&CODE_STATE=getMsg HTTP/1.1" 200 27
117.131.5.26 - - [09/Jan/2021:08:54:14 +0800] "GET /xingrg/check_reg.html?_=1610153994903 HTTP/1.1" 200 22
116.228.172.94 - - [09/Jan/2021:08:54:15 +0800] "GET /xingrg/kc/buy/cgsh_order_operate.html?command=get_materiel&rest_code=00107&code=00101008264&supplier_code=00100006&order_time=2021-01-09 HTTP/1.1" 200 412
61.165.42.208 - - [09/Jan/2021:08:54:18 +0800] "GET /xingrg/all/function/internal_message.html?_=1610153658549&CODE_STATE=getMsg HTTP/1.1" 200 27
116.228.172.94 - - [09/Jan/2021:08:54:23 +0800] "GET /xingrg/kc/buy/cgsh_order_operate.html?command=get_materiel&rest_code=00107&code=00101008323&supplier_code=00100006&order_time=2021-01-09 HTTP/1.1" 200 408
116.228.172.94 - - [09/Jan/2021:08:54:29 +0800] "POST /xingrg/kc/buy/cgsh_order_operate.html HTTP/1.1" 200 2065
222.69.138.249 - - [09/Jan/2021:08:54:30 +0800] "GET /xingrg/kc/buy/cgsh_order_operate.html?command=get_materiel&rest_code=00149&code=00101008296&supplier_code=00100005&order_time=2021-01-09 HTTP/1.1" 200 416
61.165.42.208 - - [09/Jan/2021:08:54:34 +0800] "GET /xingrg/kc/buy/cgsh_order_operate.html?command=get_materiel&rest_code=00105&code=00101008302&supplier_code=00100203&order_time=2021-01-09 HTTP/1.1" 200 412
222.70.174.6 - - [09/Jan/2021:08:54:36 +0800] "GET /xingrg/check_reg.html?_=1610153680938 HTTP/1.1" 200 22
116.228.172.94 - - [09/Jan/2021:08:54:36 +0800] "GET /xingrg/kc/buy/cgsh_order_operate.html?command=get_materiel&rest_code=00107&code=00101008302&supplier_code=00100006&order_time=2021-01-09 HTTP/1.1" 200 412
222.70.174.6 - - [09/Jan/2021:08:54:37 +0800] "GET /xingrg/all/function/internal_message.html?_=1610153682039&CODE_STATE=getMsg HTTP/1.1" 200 27
61.165.42.208 - - [09/Jan/2021:08:54:43 +0800] "GET /xingrg/kc/buy/cgsh_order_operate.html?command=get_materiel&rest_code=00105&code=00101008027&supplier_code=00100203&order_time=2021-01-09 HTTP/1.1" 200 409
222.69.138.249 - - [09/Jan/2021:08:54:47 +0800] "GET /xingrg/kc/buy/cgsh_order_operate.html?command=get_materiel&rest_code=00149&code=00101008352&supplier_code=00100005&order_time=2021-01-09 HTTP/1.1" 200 412
116.228.172.94 - - [09/Jan/2021:08:54:49 +0800] "GET /xingrg/kc/buy/cgsh_order_operate.html?command=get_materiel&rest_code=00107&code=00101008027&supplier_code=00100006&order_time=2021-01-09 HTTP/1.1" 200 409
61.165.42.208 - - [09/Jan/2021:08:54:49 +0800] "GET /xingrg/kc/buy/cgsh_order_operate.html?command=get_materiel&rest_code=00105&code=00101008257&supplier_code=00100203&order_time=2021-01-09 HTTP/1.1" 200 416
180.156.237.57 - - [09/Jan/2021:08:54:57 +0800] "GET /xingrg/all/function/internal_message.html?_=1610153671111&CODE_STATE=getMsg HTTP/1.1" 200 27
116.228.172.94 - - [09/Jan/2021:08:55:01 +0800] "GET /xingrg/kc/buy/cgsh_order_operate.html?command=get_materiel&rest_code=00107&code=00101008257&supplier_code=00100006&order_time=2021-01-09 HTTP/1.1" 200 416
61.165.42.208 - - [09/Jan/2021:08:55:02 +0800] "GET /xingrg/kc/buy/cgsh_order_operate.html?command=get_materiel&rest_code=00105&code=00101008112&supplier_code=00100203&order_time=2021-01-09 HTTP/1.1" 200 412
180.156.237.57 - - [09/Jan/2021:08:55:05 +0800] "GET /xingrg/all/function/internal_message.html?_=1610153679302&CODE_STATE=getMsg HTTP/1.1" 200 27
222.70.174.7 - - [09/Jan/2021:08:55:09 +0800] "GET /xingrg/all/function/internal_message.html?_=1610153710232&CODE_STATE=getMsg HTTP/1.1" 302 -
61.165.42.208 - - [09/Jan/2021:08:55:09 +0800] "GET /xingrg/kc/buy/cgsh_order_operate.html?command=get_materiel&rest_code=00105&code=00101008354&supplier_code=00100203&order_time=2021-01-09 HTTP/1.1" 200 412
58.37.230.33 - - [09/Jan/2021:08:55:11 +0800] "GET /xingrg/all/function/internal_message.html?_=1610153731718&CODE_STATE=getMsg HTTP/1.1" 200 27
116.228.172.94 - - [09/Jan/2021:08:55:11 +0800] "GET /xingrg/all/function/internal_message.html?_=1610153699336&CODE_STATE=getMsg HTTP/1.1" 200 27
222.69.138.249 - - [09/Jan/2021:08:55:12 +0800] "GET /xingrg/all/function/internal_message.html?_=1610153706278&CODE_STATE=getMsg HTTP/1.1" 200 27
117.131.5.26 - - [09/Jan/2021:08:55:14 +0800] "GET /xingrg/all/function/internal_message.html?_=1610154054911&CODE_STATE=getMsg HTTP/1.1" 200 27
116.228.172.94 - - [09/Jan/2021:08:55:15 +0800] "GET /xingrg/kc/buy/cgsh_order_operate.html?command=get_materiel&rest_code=00107&code=00101008350&supplier_code=00100006&order_time=2021-01-09 HTTP/1.1" 200 408
61.165.42.208 - - [09/Jan/2021:08:55:15 +0800] "GET /xingrg/kc/buy/cgsh_order_operate.html?command=get_materiel&rest_code=00105&code=00101008351&supplier_code=00100203&order_time=2021-01-09 HTTP/1.1" 200 408
61.165.42.208 - - [09/Jan/2021:08:55:18 +0800] "GET /xingrg/all/function/internal_message.html?_=1610153718469&CODE_STATE=getMsg HTTP/1.1" 200 27
61.165.42.208 - - [09/Jan/2021:08:55:18 +0800] "GET /xingrg/check_reg.html?_=1610153718518 HTTP/1.1" 200 22
61.165.42.208 - - [09/Jan/2021:08:55:23 +0800] "GET /xingrg/kc/buy/cgsh_order_operate.html?command=get_materiel&rest_code=00105&code=00101008186&supplier_code=00100203&order_time=2021-01-09 HTTP/1.1" 200 408
116.228.172.94 - - [09/Jan/2021:08:55:27 +0800] "GET /xingrg/kc/buy/cgsh_order_operate.html?command=get_materiel&rest_code=00107&code=00101008186&supplier_code=00100006&order_time=2021-01-09 HTTP/1.1" 200 408
61.165.42.208 - - [09/Jan/2021:08:55:27 +0800] "POST /xingrg/kc/buy/cgsh_order_operate.html HTTP/1.1" 200 2065
61.165.42.208 - - [09/Jan/2021:08:55:29 +0800] "POST /xingrg/kc/buy/cgsh_order_operate.html HTTP/1.1" 200 2065
116.228.172.94 - - [09/Jan/2021:08:55:30 +0800] "POST /xingrg/kc/buy/cgsh_order_operate.html HTTP/1.1" 200 2065
222.69.138.249 - - [09/Jan/2021:08:55:30 +0800] "GET /xingrg/kc/buy/cgsh_order_operate.html?command=get_materiel&rest_code=00149&code=00101008098&supplier_code=00100005&order_time=2021-01-09 HTTP/1.1" 200 412
116.228.172.94 - - [09/Jan/2021:08:55:36 +0800] "GET /xingrg/kc/buy/cgsh_order_operate.html?command=get_materiel&rest_code=00107&code=00101008298&supplier_code=00100006&order_time=2021-01-09 HTTP/1.1" 200 413
222.70.174.6 - - [09/Jan/2021:08:55:37 +0800] "GET /xingrg/all/function/internal_message.html?_=1610153742052&CODE_STATE=getMsg HTTP/1.1" 200 27
222.69.138.249 - - [09/Jan/2021:08:55:46 +0800] "GET /xingrg/kc/buy/cgsh_order_operate.html?command=get_materiel&rest_code=00149&code=00101008005&supplier_code=00100005&order_time=2021-01-09 HTTP/1.1" 200 412
61.165.42.208 - - [09/Jan/2021:08:55:47 +0800] "GET /xingrg/kc/buy/cgsh_order_operate.html?command=get_materiel&rest_code=00105&code=00101008038&supplier_code=00100203&order_time=2021-01-09 HTTP/1.1" 200 431
116.228.172.94 - - [09/Jan/2021:08:55:48 +0800] "GET /xingrg/kc/buy/cgsh_order_operate.html?command=get_materiel&rest_code=00107&code=00101008096&supplier_code=00100006&order_time=2021-01-09 HTTP/1.1" 200 413
222.69.138.249 - - [09/Jan/2021:08:55:52 +0800] "POST /xingrg/kc/buy/cgsh_order_operate.html HTTP/1.1" 200 2065
180.156.237.57 - - [09/Jan/2021:08:55:57 +0800] "GET /xingrg/all/function/internal_message.html?_=1610153731240&CODE_STATE=getMsg HTTP/1.1" 200 27
61.165.42.208 - - [09/Jan/2021:08:56:02 +0800] "GET /xingrg/kc/buy/cgsh_order_operate.html?command=get_materiel&rest_code=00105&code=00101008088&supplier_code=00100203&order_time=2021-01-09 HTTP/1.1" 200 409
180.156.237.57 - - [09/Jan/2021:08:56:05 +0800] "GET /xingrg/all/function/internal_message.html?_=1610153739322&CODE_STATE=getMsg HTTP/1.1" 200 27
222.69.138.249 - - [09/Jan/2021:08:56:05 +0800] "GET /xingrg/kc/buy/cgsh_order_operate.html?command=get_materiel&rest_code=00149&code=00101008353&supplier_code=00100005&order_time=2021-01-09 HTTP/1.1" 200 408
116.228.172.94 - - [09/Jan/2021:08:56:08 +0800] "GET /xingrg/kc/buy/cgsh_order_operate.html?command=get_materiel&rest_code=00107&code=00101008003&supplier_code=00100006&order_time=2021-01-09 HTTP/1.1" 200 408
222.70.174.7 - - [09/Jan/2021:08:56:09 +0800] "GET /xingrg/all/function/internal_message.html?_=1610153770276&CODE_STATE=getMsg HTTP/1.1" 302 -
116.228.172.94 - - [09/Jan/2021:08:56:11 +0800] "GET /xingrg/all/function/internal_message.html?_=1610153759327&CODE_STATE=getMsg HTTP/1.1" 200 27
58.37.230.33 - - [09/Jan/2021:08:56:11 +0800] "GET /xingrg/all/function/internal_message.html?_=1610153791715&CODE_STATE=getMsg HTTP/1.1" 200 27
222.69.138.249 - - [09/Jan/2021:08:56:12 +0800] "GET /xingrg/all/function/internal_message.html?_=1610153766268&CODE_STATE=getMsg HTTP/1.1" 200 27
117.131.5.26 - - [09/Jan/2021:08:56:14 +0800] "GET /xingrg/all/function/internal_message.html?_=1610154114930&CODE_STATE=getMsg HTTP/1.1" 200 27
61.165.42.208 - - [09/Jan/2021:08:56:15 +0800] "GET /xingrg/kc/buy/cgsh_order_operate.html?command=get_materiel&rest_code=00105&code=00101008051&supplier_code=00100203&order_time=2021-01-09 HTTP/1.1" 200 409
61.165.42.208 - - [09/Jan/2021:08:56:18 +0800] "GET /xingrg/all/function/internal_message.html?_=1610153778569&CODE_STATE=getMsg HTTP/1.1" 200 27
61.165.42.208 - - [09/Jan/2021:08:56:22 +0800] "GET /xingrg/kc/buy/cgsh_order_operate.html?command=get_materiel&rest_code=00105&code=00101008224&supplier_code=00100203&order_time=2021-01-09 HTTP/1.1" 200 416
116.228.172.94 - - [09/Jan/2021:08:56:26 +0800] "GET /xingrg/kc/buy/cgsh_order_operate.html?command=get_materiel&rest_code=00107&code=00101008126&supplier_code=00100006&order_time=2021-01-09 HTTP/1.1" 200 412
61.165.42.208 - - [09/Jan/2021:08:56:28 +0800] "GET /xingrg/kc/buy/cgsh_order_operate.html?command=get_materiel&rest_code=00105&code=00101008003&supplier_code=00100203&order_time=2021-01-09 HTTP/1.1" 200 408
116.228.172.94 - - [09/Jan/2021:08:56:31 +0800] "POST /xingrg/kc/buy/cgsh_order_operate.html HTTP/1.1" 200 2065
222.70.174.6 - - [09/Jan/2021:08:56:37 +0800] "GET /xingrg/all/function/internal_message.html?_=1610153802066&CODE_STATE=getMsg HTTP/1.1" 200 27
116.228.172.94 - - [09/Jan/2021:08:56:39 +0800] "GET /xingrg/kc/buy/cgsh_order_operate.html?command=get_materiel&rest_code=00107&code=00101008024&supplier_code=00100006&order_time=2021-01-09 HTTP/1.1" 200 408
61.165.42.208 - - [09/Jan/2021:08:56:43 +0800] "GET /xingrg/kc/buy/cgsh_order_operate.html?command=get_materiel&rest_code=00105&code=00101008067&supplier_code=00100203&order_time=2021-01-09 HTTP/1.1" 200 416
116.228.172.94 - - [09/Jan/2021:08:56:50 +0800] "GET /xingrg/kc/buy/cgsh_order_operate.html?command=get_materiel&rest_code=00107&code=00101008356&supplier_code=00100006&order_time=2021-01-09 HTTP/1.1" 200 408
61.165.42.208 - - [09/Jan/2021:08:56:52 +0800] "GET /xingrg/kc/buy/cgsh_order_operate.html?command=get_materiel&rest_code=00105&code=00101008356&supplier_code=00100203&order_time=2021-01-09 HTTP/1.1" 200 408
180.156.237.57 - - [09/Jan/2021:08:56:57 +0800] "GET /xingrg/all/function/internal_message.html?_=1610153791248&CODE_STATE=getMsg HTTP/1.1" 200 27
101.227.139.173 - - [09/Jan/2021:08:56:58 +0800] "GET /xingrg/all/function/internal_message.html?_=1610153551721&CODE_STATE=getMsg HTTP/1.1" 302 -
101.227.139.173 - - [09/Jan/2021:08:57:00 +0800] "GET /xingrg/login.html HTTP/1.1" 200 7641
61.165.42.208 - - [09/Jan/2021:08:57:01 +0800] "GET /xingrg/kc/buy/cgsh_order_operate.html?command=get_materiel&rest_code=00105&code=00101008251&supplier_code=00100203&order_time=2021-01-09 HTTP/1.1" 200 408
61.165.42.208 - - [09/Jan/2021:08:57:04 +0800] "POST /xingrg/kc/buy/cgsh_order_operate.html HTTP/1.1" 200 2065
180.156.237.57 - - [09/Jan/2021:08:57:05 +0800] "GET /xingrg/all/function/internal_message.html?_=1610153799328&CODE_STATE=getMsg HTTP/1.1" 200 27
61.165.42.208 - - [09/Jan/2021:08:57:05 +0800] "POST /xingrg/kc/buy/cgsh_order_operate.html HTTP/1.1" 200 2065
116.228.172.94 - - [09/Jan/2021:08:57:08 +0800] "GET /xingrg/kc/buy/cgsh_order_operate.html?command=get_materiel&rest_code=00107&code=00101008251&supplier_code=00100006&order_time=2021-01-09 HTTP/1.1" 200 408
222.70.174.7 - - [09/Jan/2021:08:57:09 +0800] "GET /xingrg/all/function/internal_message.html?_=1610153830291&CODE_STATE=getMsg HTTP/1.1" 302 -
58.37.230.33 - - [09/Jan/2021:08:57:11 +0800] "GET /xingrg/all/function/internal_message.html?_=1610153851729&CODE_STATE=getMsg HTTP/1.1" 200 27
116.228.172.94 - - [09/Jan/2021:08:57:11 +0800] "GET /xingrg/all/function/internal_message.html?_=1610153819425&CODE_STATE=getMsg HTTP/1.1" 200 27
222.69.138.249 - - [09/Jan/2021:08:57:12 +0800] "GET /xingrg/all/function/internal_message.html?_=1610153826275&CODE_STATE=getMsg HTTP/1.1" 200 27
61.165.42.208 - - [09/Jan/2021:08:57:14 +0800] "GET /xingrg/kc/buy/cgsh_order_operate.html?command=get_materiel&rest_code=00105&code=00101008137&supplier_code=00100203&order_time=2021-01-09 HTTP/1.1" 200 408
117.131.5.26 - - [09/Jan/2021:08:57:14 +0800] "GET /xingrg/all/function/internal_message.html?_=1610154175303&CODE_STATE=getMsg HTTP/1.1" 200 27
222.69.138.249 - - [09/Jan/2021:08:57:16 +0800] "GET /xingrg/kc/buy/cgsh_order_operate.html?command=get_materiel&rest_code=00149&code=00101008213&supplier_code=00100005&order_time=2021-01-09 HTTP/1.1" 200 412
61.165.42.208 - - [09/Jan/2021:08:57:18 +0800] "GET /xingrg/all/function/internal_message.html?_=1610153838467&CODE_STATE=getMsg HTTP/1.1" 200 27
61.165.42.208 - - [09/Jan/2021:08:57:20 +0800] "GET /xingrg/kc/buy/cgsh_order_operate.html?command=get_materiel&rest_code=00105&code=00101008172&supplier_code=00100203&order_time=2021-01-09 HTTP/1.1" 200 412
61.165.42.208 - - [09/Jan/2021:08:57:27 +0800] "GET /xingrg/kc/buy/cgsh_order_operate.html?command=get_materiel&rest_code=00105&code=00101008357&supplier_code=00100203&order_time=2021-01-09 HTTP/1.1" 200 408
120.253.135.82 - - [09/Jan/2021:08:57:36 +0800] "GET /xingrg/check_reg.html?_=1610153611584 HTTP/1.1" 200 22
222.70.174.6 - - [09/Jan/2021:08:57:37 +0800] "GET /xingrg/all/function/internal_message.html?_=1610153862084&CODE_STATE=getMsg HTTP/1.1" 200 27
116.228.172.94 - - [09/Jan/2021:08:57:40 +0800] "POST /xingrg/kc/buy/cgsh_order_operate.html HTTP/1.1" 200 2065
222.69.138.249 - - [09/Jan/2021:08:57:42 +0800] "GET /xingrg/kc/buy/cgsh_order_operate.html?command=get_materiel&rest_code=00149&code=00101008095&supplier_code=00100005&order_time=2021-01-09 HTTP/1.1" 200 412
180.157.253.48 - - [09/Jan/2021:08:57:48 +0800] "GET /xingrg/login.html HTTP/1.1" 200 7641
180.157.253.48 - - [09/Jan/2021:08:57:48 +0800] "GET /xingrg/images/blue/jxLogo.png HTTP/1.1" 304 -
180.157.253.48 - - [09/Jan/2021:08:57:48 +0800] "GET /xingrg/images/blue/login_bg.png HTTP/1.1" 304 -
180.157.253.48 - - [09/Jan/2021:08:57:48 +0800] "GET /xingrg/images/blue/hj.png HTTP/1.1" 304 -
180.157.253.48 - - [09/Jan/2021:08:57:48 +0800] "GET /xingrg/images/blue/srbg.png HTTP/1.1" 304 -
180.157.253.48 - - [09/Jan/2021:08:57:49 +0800] "GET /favicon.ico HTTP/1.1" 404 -
61.165.42.208 - - [09/Jan/2021:08:57:52 +0800] "GET /xingrg/kc/buy/cgsh_order_operate.html?command=get_materiel&rest_code=00105&code=00101008098&supplier_code=00100203&order_time=2021-01-09 HTTP/1.1" 200 412
180.157.253.48 - - [09/Jan/2021:08:57:54 +0800] "POST /xingrg/login.do HTTP/1.1" 302 -
180.157.253.48 - - [09/Jan/2021:08:57:54 +0800] "GET /xingrg/index.html?sysBaseUrl=http%3A%2F%2F180.169.147.146%3A18081%2Fxingrg%2F&costTime=39×tamp=1610153874202 HTTP/1.1" 200 17179
180.157.253.48 - - [09/Jan/2021:08:57:54 +0800] "GET /xingrg/javascript/jquery_easy_ui/themes/default/easyui.css HTTP/1.1" 304 -
180.157.253.48 - - [09/Jan/2021:08:57:54 +0800] "GET /xingrg/javascript/jquery_easy_ui/themes/icon.css HTTP/1.1" 304 -
180.157.253.48 - - [09/Jan/2021:08:57:54 +0800] "GET /xingrg/css/form.css HTTP/1.1" 304 -
180.157.253.48 - - [09/Jan/2021:08:57:54 +0800] "GET /xingrg/javascript/jquery-1.4.2.min.js HTTP/1.1" 304 -
180.157.253.48 - - [09/Jan/2021:08:57:54 +0800] "GET /xingrg/javascript/jquery_easy_ui/jquery.easyui.min.js HTTP/1.1" 304 -
180.157.253.48 - - [09/Jan/2021:08:57:54 +0800] "GET /xingrg/javascript/jquery_easy_ui/easyui-lang-zh_CN.js HTTP/1.1" 304 -
180.157.253.48 - - [09/Jan/2021:08:57:54 +0800] "GET /xingrg/javascript/jquery.form.js HTTP/1.1" 304 -
180.157.253.48 - - [09/Jan/2021:08:57:54 +0800] "GET /xingrg/javascript/jquery.utils.js HTTP/1.1" 304 -
180.157.253.48 - - [09/Jan/2021:08:57:54 +0800] "GET /xingrg/javascript/jquery.timers.js HTTP/1.1" 304 -
180.157.253.48 - - [09/Jan/2021:08:57:54 +0800] "GET /favicon.ico HTTP/1.1" 404 -
180.157.253.48 - - [09/Jan/2021:08:57:54 +0800] "GET /xingrg/images/blue/jxLogo.png HTTP/1.1" 304 -
180.157.253.48 - - [09/Jan/2021:08:57:54 +0800] "GET /xingrg/images/blue/navBackgound.jpg HTTP/1.1" 304 -
180.157.253.48 - - [09/Jan/2021:08:57:54 +0800] "GET /xingrg/javascript/jquery_easy_ui/themes/icons/settle_new.png HTTP/1.1" 304 -
180.157.253.48 - - [09/Jan/2021:08:57:54 +0800] "POST /xingrg/all/common/load_tree.html?tree=area_rest_tree_json&manage=1 HTTP/1.1" 200 351
180.157.253.48 - - [09/Jan/2021:08:57:54 +0800] "GET /xingrg/images/blue/pingpu.png HTTP/1.1" 304 -
180.157.253.48 - - [09/Jan/2021:08:57:54 +0800] "GET /xingrg/javascript/jquery_easy_ui/themes/default/images/tabs_leftarrow.png HTTP/1.1" 304 -
180.157.253.48 - - [09/Jan/2021:08:57:54 +0800] "GET /xingrg/javascript/jquery_easy_ui/themes/default/images/tabs_rightarrow.png HTTP/1.1" 304 -
180.157.253.48 - - [09/Jan/2021:08:57:54 +0800] "GET /xingrg/javascript/jquery_easy_ui/themes/default/images/panel_tool_collapse.gif HTTP/1.1" 304 -
180.157.253.48 - - [09/Jan/2021:08:57:55 +0800] "GET /xingrg/all/function/internal_message.html?_=1610153880713&CODE_STATE=count HTTP/1.1" 200 11
180.157.253.48 - - [09/Jan/2021:08:57:55 +0800] "GET /xingrg/check_reg.html?_=1610153880714 HTTP/1.1" 200 22
180.157.253.48 - - [09/Jan/2021:08:57:55 +0800] "POST /xingrg/load_menu.html HTTP/1.1" 200 5138
180.157.253.48 - - [09/Jan/2021:08:57:55 +0800] "GET /xingrg/javascript/jquery_easy_ui/themes/default/images/tree_arrows.gif HTTP/1.1" 304 -
180.157.253.48 - - [09/Jan/2021:08:57:55 +0800] "GET /xingrg/javascript/jquery_easy_ui/themes/default/images/tree_folder_open.gif HTTP/1.1" 304 -
180.157.253.48 - - [09/Jan/2021:08:57:55 +0800] "GET /xingrg/javascript/jquery_easy_ui/themes/icons/search_new.png HTTP/1.1" 304 -
180.157.253.48 - - [09/Jan/2021:08:57:55 +0800] "GET /xingrg/javascript/jquery_easy_ui/themes/default/images/tree_folder.gif HTTP/1.1" 304 -
180.157.253.48 - - [09/Jan/2021:08:57:55 +0800] "GET /xingrg/javascript/jquery_easy_ui/themes/icons/storage_new.png HTTP/1.1" 304 -
180.157.253.48 - - [09/Jan/2021:08:57:55 +0800] "GET /xingrg/javascript/jquery_easy_ui/themes/icons/forms_new.png HTTP/1.1" 304 -
180.157.253.48 - - [09/Jan/2021:08:57:55 +0800] "GET /xingrg/javascript/jquery_easy_ui/themes/default/images/tree_file.gif HTTP/1.1" 304 -
180.157.253.48 - - [09/Jan/2021:08:57:57 +0800] "GET /xingrg/javascript/jquery_easy_ui/themes/default/images/tabs_close.gif HTTP/1.1" 304 -
180.157.253.48 - - [09/Jan/2021:08:57:57 +0800] "GET /xingrg/kc/buy/cgsh_order_list.html HTTP/1.1" 200 45951
180.157.253.48 - - [09/Jan/2021:08:57:57 +0800] "GET /xingrg/css/base.css HTTP/1.1" 304 -
180.157.253.48 - - [09/Jan/2021:08:57:57 +0800] "GET /xingrg/css/site.css HTTP/1.1" 304 -
180.157.253.48 - - [09/Jan/2021:08:57:57 +0800] "GET /xingrg/javascript/jquery_tools/datebox.css HTTP/1.1" 304 -
180.157.253.48 - - [09/Jan/2021:08:57:57 +0800] "GET /xingrg/javascript/easyui/themes/default/easyui.css HTTP/1.1" 304 -
180.157.253.48 - - [09/Jan/2021:08:57:57 +0800] "GET /xingrg/javascript/easyui/themes/icon.css HTTP/1.1" 304 -
180.157.253.48 - - [09/Jan/2021:08:57:57 +0800] "GET /xingrg/javascript/auto/jquery.autocomplete.css HTTP/1.1" 304 -
180.157.253.48 - - [09/Jan/2021:08:57:57 +0800] "GET /xingrg/javascript/jquery_tools/fix.css HTTP/1.1" 304 -
180.157.253.48 - - [09/Jan/2021:08:57:57 +0800] "GET /xingrg/javascript/jquery_tools/table.css HTTP/1.1" 304 -
180.157.253.48 - - [09/Jan/2021:08:57:57 +0800] "GET /xingrg/javascript/jquery_tools/jquery.tools.min.js HTTP/1.1" 304 -
180.157.253.48 - - [09/Jan/2021:08:57:57 +0800] "GET /xingrg/javascript/jquery_tools/jquery.tools.hotkey.js HTTP/1.1" 304 -
180.157.253.48 - - [09/Jan/2021:08:57:57 +0800] "GET /xingrg/javascript/jquery_tools/jquery.tools.extend.js HTTP/1.1" 304 -
180.157.253.48 - - [09/Jan/2021:08:57:57 +0800] "GET /xingrg/javascript/jquery_tools/jquery.tools.table.js HTTP/1.1" 304 -
180.157.253.48 - - [09/Jan/2021:08:57:57 +0800] "GET /xingrg/javascript/jquery_tools/list_manager.js HTTP/1.1" 304 -
180.157.253.48 - - [09/Jan/2021:08:57:57 +0800] "GET /xingrg/javascript/auto/jquery.autocomplete.js HTTP/1.1" 304 -
180.157.253.48 - - [09/Jan/2021:08:57:57 +0800] "GET /xingrg/javascript/jquery.utils.js HTTP/1.1" 304 -
180.157.253.48 - - [09/Jan/2021:08:57:57 +0800] "GET /xingrg/javascript/easyui/easyloader.js HTTP/1.1" 304 -
180.156.237.57 - - [09/Jan/2021:08:57:57 +0800] "GET /xingrg/all/function/internal_message.html?_=1610153851373&CODE_STATE=getMsg HTTP/1.1" 200 27
180.157.253.48 - - [09/Jan/2021:08:57:57 +0800] "GET /xingrg/javascript/jquery.cookie.js HTTP/1.1" 304 -
180.157.253.48 - - [09/Jan/2021:08:57:57 +0800] "GET /xingrg/javascript/print/LodopFuncs.js HTTP/1.1" 304 -
180.157.253.48 - - [09/Jan/2021:08:57:58 +0800] "GET /xingrg/javascript/easyui/themes/icons/edit_add_new.png HTTP/1.1" 304 -
180.157.253.48 - - [09/Jan/2021:08:57:58 +0800] "GET /xingrg/javascript/easyui/themes/icons/cance_new.png HTTP/1.1" 304 -
180.157.253.48 - - [09/Jan/2021:08:57:58 +0800] "GET /xingrg/javascript/easyui/themes/icons/check_new.png HTTP/1.1" 304 -
180.157.253.48 - - [09/Jan/2021:08:57:58 +0800] "GET /xingrg/javascript/easyui/themes/icons/field_new.png HTTP/1.1" 304 -
180.157.253.48 - - [09/Jan/2021:08:57:58 +0800] "GET /xingrg/javascript/easyui/themes/icons/import_new.png HTTP/1.1" 304 -
180.157.253.48 - - [09/Jan/2021:08:57:58 +0800] "GET /xingrg/javascript/jquery_easy_ui/themes/icons/area.png HTTP/1.1" 304 -
180.157.253.48 - - [09/Jan/2021:08:57:58 +0800] "GET /xingrg/javascript/jquery_easy_ui/themes/icons/rest.png HTTP/1.1" 304 -
180.157.253.48 - - [09/Jan/2021:08:57:58 +0800] "GET /xingrg/javascript/easyui/plugins/jquery.parser.js HTTP/1.1" 304 -
180.157.253.48 - - [09/Jan/2021:08:57:58 +0800] "GET /xingrg/images/control/ajaxLoader.gif HTTP/1.1" 304 -
222.69.138.249 - - [09/Jan/2021:08:57:59 +0800] "POST /xingrg/kc/buy/cgsh_order_operate.html HTTP/1.1" 200 2065
180.157.253.48 - - [09/Jan/2021:08:57:59 +0800] "POST /xingrg/kc/buy/cgsh_list_operate.html HTTP/1.1" 200 876
180.157.253.48 - - [09/Jan/2021:08:58:00 +0800] "GET /xingrg/kc/buy/cgsh_order_list.html HTTP/1.1" 200 45951
180.157.253.48 - - [09/Jan/2021:08:58:00 +0800] "GET /xingrg/css/base.css HTTP/1.1" 304 -
180.157.253.48 - - [09/Jan/2021:08:58:00 +0800] "GET /xingrg/css/site.css HTTP/1.1" 304 -
180.157.253.48 - - [09/Jan/2021:08:58:00 +0800] "GET /xingrg/javascript/jquery_tools/datebox.css HTTP/1.1" 304 -
180.157.253.48 - - [09/Jan/2021:08:58:00 +0800] "GET /xingrg/javascript/easyui/themes/icon.css HTTP/1.1" 304 -
180.157.253.48 - - [09/Jan/2021:08:58:00 +0800] "GET /xingrg/javascript/auto/jquery.autocomplete.css HTTP/1.1" 304 -
180.157.253.48 - - [09/Jan/2021:08:58:01 +0800] "GET /xingrg/javascript/jquery_tools/jquery.tools.extend.js HTTP/1.1" 304 -
180.157.253.48 - - [09/Jan/2021:08:58:01 +0800] "GET /xingrg/javascript/jquery_tools/jquery.tools.hotkey.js HTTP/1.1" 304 -
180.157.253.48 - - [09/Jan/2021:08:58:01 +0800] "GET /xingrg/javascript/jquery_tools/list_manager.js HTTP/1.1" 304 -
180.157.253.48 - - [09/Jan/2021:08:58:01 +0800] "GET /xingrg/javascript/auto/jquery.autocomplete.js HTTP/1.1" 304 -
180.157.253.48 - - [09/Jan/2021:08:58:01 +0800] "GET /xingrg/javascript/easyui/easyloader.js HTTP/1.1" 304 -
180.157.253.48 - - [09/Jan/2021:08:58:01 +0800] "GET /xingrg/javascript/jquery.cookie.js HTTP/1.1" 304 -
180.157.253.48 - - [09/Jan/2021:08:58:01 +0800] "GET /xingrg/javascript/jquery_tools/jquery.tools.table.js HTTP/1.1" 304 -
180.157.253.48 - - [09/Jan/2021:08:58:01 +0800] "GET /xingrg/javascript/jquery.utils.js HTTP/1.1" 304 -
180.157.253.48 - - [09/Jan/2021:08:58:01 +0800] "GET /xingrg/javascript/print/LodopFuncs.js HTTP/1.1" 304 -
180.157.253.48 - - [09/Jan/2021:08:58:01 +0800] "GET /xingrg/javascript/easyui/themes/default/easyui.css HTTP/1.1" 304 -
180.157.253.48 - - [09/Jan/2021:08:58:01 +0800] "GET /xingrg/javascript/jquery_tools/table.css HTTP/1.1" 304 -
180.157.253.48 - - [09/Jan/2021:08:58:01 +0800] "GET /xingrg/javascript/jquery_tools/fix.css HTTP/1.1" 304 -
180.157.253.48 - - [09/Jan/2021:08:58:01 +0800] "GET /xingrg/javascript/jquery_tools/jquery.tools.min.js HTTP/1.1" 304 -
180.157.253.48 - - [09/Jan/2021:08:58:01 +0800] "GET /xingrg/javascript/easyui/themes/icons/cance_new.png HTTP/1.1" 304 -
180.157.253.48 - - [09/Jan/2021:08:58:01 +0800] "GET /xingrg/javascript/easyui/themes/icons/edit_add_new.png HTTP/1.1" 304 -
180.157.253.48 - - [09/Jan/2021:08:58:01 +0800] "GET /xingrg/javascript/easyui/themes/icons/field_new.png HTTP/1.1" 304 -
180.157.253.48 - - [09/Jan/2021:08:58:01 +0800] "GET /xingrg/javascript/easyui/themes/icons/check_new.png HTTP/1.1" 304 -
180.157.253.48 - - [09/Jan/2021:08:58:01 +0800] "GET /xingrg/javascript/easyui/themes/icons/import_new.png HTTP/1.1" 304 -
180.157.253.48 - - [09/Jan/2021:08:58:01 +0800] "GET /xingrg/javascript/easyui/plugins/jquery.parser.js HTTP/1.1" 304 -
180.157.253.48 - - [09/Jan/2021:08:58:01 +0800] "GET /xingrg/images/control/ajaxLoader.gif HTTP/1.1" 304 -
180.157.253.48 - - [09/Jan/2021:08:58:01 +0800] "POST /xingrg/kc/buy/cgsh_list_operate.html HTTP/1.1" 200 876
180.157.253.48 - - [09/Jan/2021:08:58:02 +0800] "GET /xingrg/javascript/easyui/themes/default/images/button_plain_hover.png HTTP/1.1" 304 -
180.157.253.48 - - [09/Jan/2021:08:58:02 +0800] "GET /xingrg/javascript/easyui/themes/default/images/button_plain_hover.png HTTP/1.1" 304 -
180.157.253.48 - - [09/Jan/2021:08:58:02 +0800] "GET /xingrg/javascript/easyui/themes/default/images/button_plain_hover.png HTTP/1.1" 304 -
180.157.253.48 - - [09/Jan/2021:08:58:02 +0800] "GET /xingrg/css/base.css HTTP/1.1" 304 -
180.157.253.48 - - [09/Jan/2021:08:58:02 +0800] "GET /xingrg/javascript/jquery_tools/datebox.css HTTP/1.1" 304 -
180.157.253.48 - - [09/Jan/2021:08:58:02 +0800] "GET /xingrg/css/site.css HTTP/1.1" 304 -
180.157.253.48 - - [09/Jan/2021:08:58:02 +0800] "GET /xingrg/javascript/easyui/themes/default/easyui.css HTTP/1.1" 304 -
180.157.253.48 - - [09/Jan/2021:08:58:02 +0800] "GET /xingrg/javascript/jquery_tools/table.css HTTP/1.1" 304 -
180.157.253.48 - - [09/Jan/2021:08:58:02 +0800] "GET /xingrg/javascript/easyui/themes/icon.css HTTP/1.1" 304 -
180.157.253.48 - - [09/Jan/2021:08:58:02 +0800] "GET /xingrg/kc/buy/cgsh_order_add.html HTTP/1.1" 200 61683
180.157.253.48 - - [09/Jan/2021:08:58:02 +0800] "GET /xingrg/javascript/auto/jquery.autocomplete.css HTTP/1.1" 304 -
180.157.253.48 - - [09/Jan/2021:08:58:02 +0800] "GET /xingrg/javascript/jquery_tools/fix.css HTTP/1.1" 304 -
180.157.253.48 - - [09/Jan/2021:08:58:02 +0800] "GET /xingrg/javascript/pic_change.js HTTP/1.1" 304 -
180.157.253.48 - - [09/Jan/2021:08:58:02 +0800] "GET /xingrg/javascript/jquery_tools/jquery.tools.min.js HTTP/1.1" 304 -
180.157.253.48 - - [09/Jan/2021:08:58:02 +0800] "GET /xingrg/javascript/jquery_tools/jquery.tools.extend.js HTTP/1.1" 304 -
180.157.253.48 - - [09/Jan/2021:08:58:02 +0800] "GET /xingrg/javascript/jquery_tools/jquery.tools.hotkey.js HTTP/1.1" 304 -
180.157.253.48 - - [09/Jan/2021:08:58:02 +0800] "GET /xingrg/javascript/jquery_tools/jquery.tools.table.js HTTP/1.1" 304 -
180.157.253.48 - - [09/Jan/2021:08:58:02 +0800] "GET /xingrg/javascript/auto/jquery.autocomplete.js HTTP/1.1" 304 -
180.157.253.48 - - [09/Jan/2021:08:58:02 +0800] "GET /xingrg/javascript/jquery.utils.js HTTP/1.1" 304 -
180.157.253.48 - - [09/Jan/2021:08:58:02 +0800] "GET /xingrg/javascript/easyui/easyloader.js HTTP/1.1" 304 -
180.157.253.48 - - [09/Jan/2021:08:58:02 +0800] "GET /xingrg/javascript/jquery_tools/order_manager.js HTTP/1.1" 304 -
180.157.253.48 - - [09/Jan/2021:08:58:02 +0800] "GET /xingrg/javascript/convert.js HTTP/1.1" 304 -
180.157.253.48 - - [09/Jan/2021:08:58:02 +0800] "GET /xingrg/javascript/json2.js HTTP/1.1" 304 -
180.157.253.48 - - [09/Jan/2021:08:58:02 +0800] "GET /xingrg/javascript/jquery.cookie.js HTTP/1.1" 304 -
180.157.253.48 - - [09/Jan/2021:08:58:02 +0800] "GET /xingrg/javascript/print/kc_print.js HTTP/1.1" 304 -
180.157.253.48 - - [09/Jan/2021:08:58:02 +0800] "GET /xingrg/javascript/print/LodopFuncs.js HTTP/1.1" 304 -
180.157.253.48 - - [09/Jan/2021:08:58:03 +0800] "GET /xingrg/words/20210108122147_words.js HTTP/1.1" 304 -
180.157.253.48 - - [09/Jan/2021:08:58:03 +0800] "GET /xingrg/javascript/easyui/themes/icons/copy_new.png HTTP/1.1" 304 -
180.157.253.48 - - [09/Jan/2021:08:58:03 +0800] "GET /xingrg/javascript/easyui/themes/icons/template_new.png HTTP/1.1" 304 -
180.157.253.48 - - [09/Jan/2021:08:58:03 +0800] "GET /xingrg/javascript/easyui/themes/icons/ok.png HTTP/1.1" 304 -
180.157.253.48 - - [09/Jan/2021:08:58:03 +0800] "GET /xingrg/javascript/easyui/themes/icons/print.png HTTP/1.1" 304 -
180.157.253.48 - - [09/Jan/2021:08:58:03 +0800] "GET /xingrg/javascript/easyui/themes/default/images/menu_downarrow.png HTTP/1.1" 304 -
180.157.253.48 - - [09/Jan/2021:08:58:03 +0800] "GET /xingrg/javascript/easyui/themes/icons/cancel.png HTTP/1.1" 304 -
180.157.253.48 - - [09/Jan/2021:08:58:03 +0800] "GET /xingrg/javascript/easyui/plugins/jquery.parser.js HTTP/1.1" 304 -
180.157.253.48 - - [09/Jan/2021:08:58:03 +0800] "POST /xingrg/kc/buy/cgsh_order_operate.html HTTP/1.1" 200 8245
180.157.253.48 - - [09/Jan/2021:08:58:03 +0800] "GET /xingrg/javascript/easyui/themes/icons/edit_remove.png HTTP/1.1" 304 -
180.157.253.48 - - [09/Jan/2021:08:58:03 +0800] "GET /xingrg/all/common/auto_word.html?type=employee&rest_code=00148 HTTP/1.1" 200 197
180.157.253.48 - - [09/Jan/2021:08:58:03 +0800] "GET /xingrg/all/common/auto_word.html?type=employee&rest_code=00148 HTTP/1.1" 200 197
180.157.253.48 - - [09/Jan/2021:08:58:03 +0800] "GET /xingrg/javascript/easyui/themes/default/validatebox.css HTTP/1.1" 404 1104
180.157.253.48 - - [09/Jan/2021:08:58:03 +0800] "GET /xingrg/javascript/easyui/plugins/jquery.validatebox.js HTTP/1.1" 304 -
180.157.253.48 - - [09/Jan/2021:08:58:03 +0800] "GET /xingrg/javascript/easyui/plugins/jquery.numberbox.js HTTP/1.1" 304 -
180.156.237.57 - - [09/Jan/2021:08:58:05 +0800] "GET /xingrg/all/function/internal_message.html?_=1610153859352&CODE_STATE=getMsg HTTP/1.1" 200 27
180.157.253.48 - - [09/Jan/2021:08:58:06 +0800] "GET /xingrg/javascript/auto/indicator.gif HTTP/1.1" 404 1066
180.156.237.57 - - [09/Jan/2021:08:58:06 +0800] "GET /xingrg/check_reg.html?_=1610153860113 HTTP/1.1" 200 22
222.69.138.249 - - [09/Jan/2021:08:58:07 +0800] "GET /xingrg/kc/buy/cgsh_order_operate.html?command=get_materiel&rest_code=00149&code=00101008312&supplier_code=00100005&order_time=2021-01-09 HTTP/1.1" 200 412
180.157.253.48 - - [09/Jan/2021:08:58:07 +0800] "GET /xingrg/javascript/jquery_tools/images/prev.gif HTTP/1.1" 404 1086
180.157.253.48 - - [09/Jan/2021:08:58:07 +0800] "GET /xingrg/javascript/jquery_tools/images/next.gif HTTP/1.1" 404 1086
180.157.253.48 - - [09/Jan/2021:08:58:08 +0800] "GET /xingrg/javascript/pic_change.js HTTP/1.1" 304 -
180.157.253.48 - - [09/Jan/2021:08:58:08 +0800] "GET /xingrg/javascript/jquery_tools/jquery.tools.min.js HTTP/1.1" 304 -
180.157.253.48 - - [09/Jan/2021:08:58:08 +0800] "GET /xingrg/javascript/jquery_tools/jquery.tools.extend.js HTTP/1.1" 304 -
180.157.253.48 - - [09/Jan/2021:08:58:08 +0800] "GET /xingrg/javascript/jquery_tools/jquery.tools.hotkey.js HTTP/1.1" 304 -
180.157.253.48 - - [09/Jan/2021:08:58:08 +0800] "GET /xingrg/javascript/auto/jquery.autocomplete.js HTTP/1.1" 304 -
180.157.253.48 - - [09/Jan/2021:08:58:08 +0800] "GET /xingrg/javascript/easyui/easyloader.js HTTP/1.1" 304 -
180.157.253.48 - - [09/Jan/2021:08:58:08 +0800] "GET /xingrg/javascript/jquery_tools/jquery.tools.table.js HTTP/1.1" 304 -
