58.37.230.33 - - [09/Jan/2021:10:34:11 +0800] "GET /xingrg/check_reg.html?_=1610159671889 HTTP/1.1" 200 22
222.70.174.7 - - [09/Jan/2021:10:34:11 +0800] "GET /xingrg/all/function/internal_message.html?_=1610159652883&CODE_STATE=getMsg HTTP/1.1" 302 -
117.185.32.26 - - [09/Jan/2021:10:34:13 +0800] "GET /xingrg/all/function/internal_message.html?_=1610159643932&CODE_STATE=getMsg HTTP/1.1" 200 27
61.165.42.208 - - [09/Jan/2021:10:34:18 +0800] "GET /xingrg/all/function/internal_message.html?_=1610159658539&CODE_STATE=getMsg HTTP/1.1" 200 27
222.70.174.6 - - [09/Jan/2021:10:34:18 +0800] "GET /xingrg/all/function/internal_message.html?_=1610159660906&CODE_STATE=getMsg HTTP/1.1" 200 27
180.156.237.57 - - [09/Jan/2021:10:34:19 +0800] "GET /xingrg/all/function/internal_message.html?_=1610159633171&CODE_STATE=getMsg HTTP/1.1" 200 27
117.131.5.26 - - [09/Jan/2021:10:34:21 +0800] "GET /xingrg/check_reg.html?_=1610160001885 HTTP/1.1" 200 22
117.131.5.26 - - [09/Jan/2021:10:34:22 +0800] "GET /xingrg/all/function/internal_message.html?_=1610160003150&CODE_STATE=getMsg HTTP/1.1" 200 27
101.85.52.2 - - [09/Jan/2021:10:34:23 +0800] "POST /xingrg/kc/buy/cgsh_order_operate.html HTTP/1.1" 200 37
101.85.93.83 - - [09/Jan/2021:10:34:24 +0800] "GET /xingrg/all/function/internal_message.html?_=1610159330939&CODE_STATE=getMsg HTTP/1.1" 200 27
101.85.52.2 - - [09/Jan/2021:10:34:24 +0800] "POST /xingrg/kc/buy/cgsh_order_operate.html HTTP/1.1" 200 3827
172.17.0.103 - - [09/Jan/2021:10:34:25 +0800] "GET /xingrg/kc/buy/cgsh_order_operate.html?command=get_materiel&rest_code=00147&code=00101006130&supplier_code=00100015&order_time=2021-01-09 HTTP/1.1" 200 427
61.165.42.208 - - [09/Jan/2021:10:34:25 +0800] "GET /xingrg/kc/base/wldb_order_operate.html?command=get_materiel&rest_code=00105&base_code=0010507&code=00101019438 HTTP/1.1" 200 447
58.221.95.50 - - [09/Jan/2021:10:34:29 +0800] "POST /xingrg/kc/buy/cgsh_order_operate.html HTTP/1.1" 200 37
58.221.95.50 - - [09/Jan/2021:10:34:34 +0800] "POST /xingrg/kc/buy/cgsh_order_operate.html HTTP/1.1" 200 12
58.221.95.50 - - [09/Jan/2021:10:34:35 +0800] "GET /xingrg/kc/buy/cgsh_order_info.html?code=212021010903483 HTTP/1.1" 200 55549
58.221.95.50 - - [09/Jan/2021:10:34:36 +0800] "GET /xingrg/javascript/easyui/themes/default/validatebox.css HTTP/1.1" 404 1104
58.221.95.50 - - [09/Jan/2021:10:34:36 +0800] "POST /xingrg/kc/buy/cgsh_order_operate.html HTTP/1.1" 200 1203
222.70.174.6 - - [09/Jan/2021:10:34:37 +0800] "GET /xingrg/check_reg.html?_=1610159682214 HTTP/1.1" 200 22
180.157.253.48 - - [09/Jan/2021:10:34:38 +0800] "GET /xingrg/all/function/internal_message.html?_=1610159678945&CODE_STATE=getMsg HTTP/1.1" 200 27
58.221.95.50 - - [09/Jan/2021:10:34:39 +0800] "GET /xingrg/all/function/internal_message.html?_=1610159676558&CODE_STATE=getMsg HTTP/1.1" 200 27
58.221.95.50 - - [09/Jan/2021:10:34:41 +0800] "GET /xingrg/kc/base/check_order_info.html?code=452021010600055 HTTP/1.1" 200 22868
58.221.95.50 - - [09/Jan/2021:10:34:41 +0800] "GET /xingrg/dwr/interface/AjaxComOrderService.js HTTP/1.1" 200 18264
58.221.95.50 - - [09/Jan/2021:10:34:41 +0800] "GET /xingrg/dwr/interface/AjaxCheckService.js HTTP/1.1" 200 14003
58.221.95.50 - - [09/Jan/2021:10:34:41 +0800] "GET /xingrg/dwr/engine.js HTTP/1.1" 200 43631
172.17.0.103 - - [09/Jan/2021:10:34:42 +0800] "POST /xingrg/kc/buy/cgsh_order_operate.html HTTP/1.1" 200 37
58.221.95.50 - - [09/Jan/2021:10:34:42 +0800] "POST /xingrg/dwr/call/plaincall/AjaxCheckService.loadOrderItems.dwr HTTP/1.1" 200 46953
222.70.174.6 - - [09/Jan/2021:10:34:43 +0800] "GET /xingrg/all/function/internal_message.html?_=1610159688078&CODE_STATE=getMsg HTTP/1.1" 200 27
116.228.172.94 - - [09/Jan/2021:10:34:44 +0800] "POST /xingrg/kc/buy/cgsh_order_operate.html HTTP/1.1" 200 37
61.165.42.208 - - [09/Jan/2021:10:34:46 +0800] "POST /xingrg/kc/base/wldb_order_operate.html HTTP/1.1" 200 37
61.165.42.208 - - [09/Jan/2021:10:34:46 +0800] "POST /xingrg/kc/base/wldb_order_operate.html HTTP/1.1" 200 9730
61.165.42.208 - - [09/Jan/2021:10:34:46 +0800] "GET /xingrg/kc/base/wldb_order_info.html?code=422021010901034 HTTP/1.1" 200 30517
61.165.42.208 - - [09/Jan/2021:10:34:47 +0800] "POST /xingrg/kc/base/wldb_order_operate.html HTTP/1.1" 200 9730
61.165.42.208 - - [09/Jan/2021:10:34:47 +0800] "GET /xingrg/javascript/easyui/themes/default/validatebox.css HTTP/1.1" 404 1104
101.85.52.2 - - [09/Jan/2021:10:34:48 +0800] "GET /xingrg/all/function/internal_message.html?_=1610159673012&CODE_STATE=getMsg HTTP/1.1" 200 27
172.17.0.103 - - [09/Jan/2021:10:34:48 +0800] "POST /xingrg/kc/buy/cgsh_order_operate.html HTTP/1.1" 200 9219
172.17.0.103 - - [09/Jan/2021:10:34:50 +0800] "GET /xingrg/kc/print/load_data.html?order_code=212021010903487&kc_code=cgsh&condition= HTTP/1.1" 200 3273
172.17.0.103 - - [09/Jan/2021:10:34:55 +0800] "GET /xingrg/all/function/internal_message.html?_=1610159694062&CODE_STATE=getMsg HTTP/1.1" 200 27
114.88.169.67 - - [09/Jan/2021:10:34:56 +0800] "GET /xingrg/all/function/internal_message.html?_=1610159691168&CODE_STATE=getMsg HTTP/1.1" 200 27
183.192.164.71 - - [09/Jan/2021:10:34:58 +0800] "GET /xingrg/all/function/internal_message.html?_=1610159163932&CODE_STATE=getMsg HTTP/1.1" 302 -
180.175.150.119 - - [09/Jan/2021:10:35:03 +0800] "GET /xingrg/all/function/internal_message.html?_=1610159936664&CODE_STATE=getMsg HTTP/1.1" 200 27
117.185.32.26 - - [09/Jan/2021:10:35:04 +0800] "GET /xingrg/all/function/internal_message.html?_=1610160169280&CODE_STATE=getMsg HTTP/1.1" 200 27
172.17.200.101 - - [09/Jan/2021:10:35:05 +0800] "GET /xingrg/all/function/internal_message.html?_=1610159707030&CODE_STATE=getMsg HTTP/1.1" 200 27
180.156.237.57 - - [09/Jan/2021:10:35:07 +0800] "GET /xingrg/all/function/internal_message.html?_=1610159680659&CODE_STATE=getMsg HTTP/1.1" 200 27
58.40.7.146 - - [09/Jan/2021:10:35:07 +0800] "GET /xingrg/check_reg.html?_=1610159704293 HTTP/1.1" 200 22
183.192.164.71 - - [09/Jan/2021:10:35:08 +0800] "GET /xingrg/login.html HTTP/1.1" 200 7641
58.37.230.33 - - [09/Jan/2021:10:35:11 +0800] "GET /xingrg/all/function/internal_message.html?_=1610159731915&CODE_STATE=getMsg HTTP/1.1" 200 27
222.70.174.7 - - [09/Jan/2021:10:35:11 +0800] "GET /xingrg/all/function/internal_message.html?_=1610159712886&CODE_STATE=getMsg HTTP/1.1" 302 -
61.165.42.208 - - [09/Jan/2021:10:35:18 +0800] "GET /xingrg/all/function/internal_message.html?_=1610159718563&CODE_STATE=getMsg HTTP/1.1" 200 27
61.165.42.208 - - [09/Jan/2021:10:35:18 +0800] "GET /xingrg/check_reg.html?_=1610159718564 HTTP/1.1" 200 22
222.70.174.6 - - [09/Jan/2021:10:35:18 +0800] "GET /xingrg/all/function/internal_message.html?_=1610159720907&CODE_STATE=getMsg HTTP/1.1" 200 27
180.156.237.57 - - [09/Jan/2021:10:35:19 +0800] "GET /xingrg/all/function/internal_message.html?_=1610159693186&CODE_STATE=getMsg HTTP/1.1" 200 27
117.185.32.26 - - [09/Jan/2021:10:35:20 +0800] "POST /xingrg/kc/buy/cgsh_order_operate.html HTTP/1.1" 200 37
116.228.172.94 - - [09/Jan/2021:10:35:20 +0800] "POST /xingrg/kc/buy/cgsh_order_operate.html HTTP/1.1" 200 7403
116.228.172.94 - - [09/Jan/2021:10:35:21 +0800] "GET /xingrg/kc/print/load_data.html?order_code=212021010903488&kc_code=cgsh&condition= HTTP/1.1" 200 2486
117.185.32.26 - - [09/Jan/2021:10:35:21 +0800] "POST /xingrg/kc/buy/cgsh_order_operate.html HTTP/1.1" 200 10321
117.131.5.26 - - [09/Jan/2021:10:35:22 +0800] "GET /xingrg/all/function/internal_message.html?_=1610160063170&CODE_STATE=getMsg HTTP/1.1" 200 27
101.85.93.83 - - [09/Jan/2021:10:35:24 +0800] "GET /xingrg/all/function/internal_message.html?_=1610159390938&CODE_STATE=getMsg HTTP/1.1" 200 27
116.228.172.94 - - [09/Jan/2021:10:35:27 +0800] "GET /xingrg/kc/buy/cgsh_order_add.html HTTP/1.1" 200 61771
116.228.172.94 - - [09/Jan/2021:10:35:28 +0800] "GET /xingrg/javascript/easyui/themes/default/validatebox.css HTTP/1.1" 404 1104
116.228.172.94 - - [09/Jan/2021:10:35:28 +0800] "POST /xingrg/kc/buy/cgsh_order_operate.html HTTP/1.1" 200 8245
116.228.172.94 - - [09/Jan/2021:10:35:29 +0800] "GET /xingrg/javascript/easyui/themes/default/tree.css HTTP/1.1" 404 1090
116.228.172.94 - - [09/Jan/2021:10:35:30 +0800] "POST /xingrg/all/common/load_tree.html?tree=supplier_tree_json&isDelete=1 HTTP/1.1" 200 54036
117.185.32.26 - - [09/Jan/2021:10:35:35 +0800] "GET /xingrg/kc/buy/cgsh_order_operate.html?command=get_materiel&rest_code=00106&code=00101008295&supplier_code=00100007&order_time=2021-01-09 HTTP/1.1" 200 412
180.157.253.48 - - [09/Jan/2021:10:35:38 +0800] "GET /xingrg/all/function/internal_message.html?_=1610159738927&CODE_STATE=getMsg HTTP/1.1" 200 27
58.221.95.50 - - [09/Jan/2021:10:35:39 +0800] "GET /xingrg/check_reg.html?_=1610159736492 HTTP/1.1" 200 22
58.221.95.50 - - [09/Jan/2021:10:35:39 +0800] "GET /xingrg/all/function/internal_message.html?_=1610159736532&CODE_STATE=getMsg HTTP/1.1" 200 27
222.70.174.6 - - [09/Jan/2021:10:35:43 +0800] "GET /xingrg/all/function/internal_message.html?_=1610159748092&CODE_STATE=getMsg HTTP/1.1" 200 27
117.185.32.26 - - [09/Jan/2021:10:35:45 +0800] "GET /xingrg/kc/buy/cgsh_order_operate.html?command=get_materiel&rest_code=00106&code=00101008352&supplier_code=00100007&order_time=2021-01-09 HTTP/1.1" 200 412
101.85.52.2 - - [09/Jan/2021:10:35:48 +0800] "GET /xingrg/all/function/internal_message.html?_=1610159733012&CODE_STATE=getMsg HTTP/1.1" 200 27
117.185.32.26 - - [09/Jan/2021:10:35:53 +0800] "GET /xingrg/kc/buy/cgsh_order_operate.html?command=get_materiel&rest_code=00106&code=00101008005&supplier_code=00100007&order_time=2021-01-09 HTTP/1.1" 200 412
172.17.0.103 - - [09/Jan/2021:10:35:55 +0800] "GET /xingrg/all/function/internal_message.html?_=1610159754061&CODE_STATE=getMsg HTTP/1.1" 200 27
116.228.172.94 - - [09/Jan/2021:10:35:56 +0800] "GET /xingrg/kc/buy/cgsh_order_operate.html?command=get_materiel&rest_code=00107&code=00101010282&supplier_code=00100324&order_time=2021-01-09 HTTP/1.1" 200 415
114.88.169.67 - - [09/Jan/2021:10:35:57 +0800] "GET /xingrg/all/function/internal_message.html?_=1610159751518&CODE_STATE=getMsg HTTP/1.1" 200 27
116.228.172.94 - - [09/Jan/2021:10:35:59 +0800] "GET /xingrg/all/function/internal_message.html?_=1610159748122&CODE_STATE=getMsg HTTP/1.1" 200 27
117.185.32.26 - - [09/Jan/2021:10:36:01 +0800] "GET /xingrg/kc/buy/cgsh_order_operate.html?command=get_materiel&rest_code=00106&code=00101008353&supplier_code=00100007&order_time=2021-01-09 HTTP/1.1" 200 408
180.175.150.119 - - [09/Jan/2021:10:36:02 +0800] "GET /xingrg/all/function/internal_message.html?_=1610159996674&CODE_STATE=getMsg HTTP/1.1" 200 27
117.185.32.26 - - [09/Jan/2021:10:36:04 +0800] "POST /xingrg/kc/buy/cgsh_order_operate.html HTTP/1.1" 200 2065
117.185.32.26 - - [09/Jan/2021:10:36:04 +0800] "GET /xingrg/all/function/internal_message.html?_=1610160229289&CODE_STATE=getMsg HTTP/1.1" 200 27
172.17.200.101 - - [09/Jan/2021:10:36:05 +0800] "GET /xingrg/check_reg.html?_=1610159767023 HTTP/1.1" 200 22
172.17.200.101 - - [09/Jan/2021:10:36:05 +0800] "GET /xingrg/all/function/internal_message.html?_=1610159767026&CODE_STATE=getMsg HTTP/1.1" 200 27
180.156.237.57 - - [09/Jan/2021:10:36:07 +0800] "GET /xingrg/all/function/internal_message.html?_=1610159740683&CODE_STATE=getMsg HTTP/1.1" 200 27
117.185.32.26 - - [09/Jan/2021:10:36:09 +0800] "GET /xingrg/kc/buy/cgsh_order_operate.html?command=get_materiel&rest_code=00106&code=00101008312&supplier_code=00100007&order_time=2021-01-09 HTTP/1.1" 200 412
58.37.230.33 - - [09/Jan/2021:10:36:11 +0800] "GET /xingrg/all/function/internal_message.html?_=1610159791913&CODE_STATE=getMsg HTTP/1.1" 200 27
222.70.174.7 - - [09/Jan/2021:10:36:11 +0800] "GET /xingrg/all/function/internal_message.html?_=1610159772931&CODE_STATE=getMsg HTTP/1.1" 302 -
117.185.32.26 - - [09/Jan/2021:10:36:13 +0800] "GET /xingrg/check_reg.html?_=1610159763928 HTTP/1.1" 200 22
117.185.32.26 - - [09/Jan/2021:10:36:13 +0800] "GET /xingrg/all/function/internal_message.html?_=1610159763931&CODE_STATE=getMsg HTTP/1.1" 200 27
61.165.42.208 - - [09/Jan/2021:10:36:18 +0800] "GET /xingrg/all/function/internal_message.html?_=1610159778540&CODE_STATE=getMsg HTTP/1.1" 200 27
222.70.174.6 - - [09/Jan/2021:10:36:18 +0800] "GET /xingrg/all/function/internal_message.html?_=1610159780908&CODE_STATE=getMsg HTTP/1.1" 200 27
222.70.174.6 - - [09/Jan/2021:10:36:18 +0800] "GET /xingrg/check_reg.html?_=1610159780909 HTTP/1.1" 200 22
180.156.237.57 - - [09/Jan/2021:10:36:19 +0800] "GET /xingrg/check_reg.html?_=1610159752577 HTTP/1.1" 200 22
180.156.237.57 - - [09/Jan/2021:10:36:19 +0800] "GET /xingrg/all/function/internal_message.html?_=1610159753201&CODE_STATE=getMsg HTTP/1.1" 200 27
117.131.5.26 - - [09/Jan/2021:10:36:22 +0800] "GET /xingrg/all/function/internal_message.html?_=1610160123177&CODE_STATE=getMsg HTTP/1.1" 200 27
101.85.93.83 - - [09/Jan/2021:10:36:24 +0800] "GET /xingrg/all/function/internal_message.html?_=1610159450936&CODE_STATE=getMsg HTTP/1.1" 200 27
116.228.172.94 - - [09/Jan/2021:10:36:29 +0800] "POST /xingrg/kc/buy/cgsh_order_operate.html HTTP/1.1" 200 37
117.185.32.26 - - [09/Jan/2021:10:36:30 +0800] "GET /xingrg/kc/buy/cgsh_order_operate.html?command=get_materiel&rest_code=00106&code=00101008010&supplier_code=00100007&order_time=2021-01-09 HTTP/1.1" 200 412
116.228.172.94 - - [09/Jan/2021:10:36:31 +0800] "POST /xingrg/kc/buy/cgsh_order_operate.html HTTP/1.1" 200 2660
61.165.42.208 - - [09/Jan/2021:10:36:32 +0800] "GET /xingrg/kc/base/wldb_order_list.html HTTP/1.1" 200 19339
61.165.42.208 - - [09/Jan/2021:10:36:32 +0800] "POST /xingrg/kc/base/wldb_list_operate.html HTTP/1.1" 200 2957
116.228.172.94 - - [09/Jan/2021:10:36:35 +0800] "GET /xingrg/kc/print/load_data.html?order_code=212021010903490&kc_code=cgsh&condition= HTTP/1.1" 200 677
117.185.32.26 - - [09/Jan/2021:10:36:37 +0800] "GET /xingrg/kc/buy/cgsh_order_operate.html?command=get_materiel&rest_code=00106&code=00101008125&supplier_code=00100007&order_time=2021-01-09 HTTP/1.1" 200 413
180.157.253.48 - - [09/Jan/2021:10:36:38 +0800] "GET /xingrg/all/function/internal_message.html?_=1610159798902&CODE_STATE=getMsg HTTP/1.1" 200 27
58.221.95.50 - - [09/Jan/2021:10:36:39 +0800] "GET /xingrg/all/function/internal_message.html?_=1610159796513&CODE_STATE=getMsg HTTP/1.1" 200 27
222.70.174.6 - - [09/Jan/2021:10:36:43 +0800] "GET /xingrg/all/function/internal_message.html?_=1610159808384&CODE_STATE=getMsg HTTP/1.1" 200 27
58.221.95.50 - - [09/Jan/2021:10:36:43 +0800] "GET /xingrg/kc/buy/cgsh_order_list.html HTTP/1.1" 200 45949
58.221.95.50 - - [09/Jan/2021:10:36:44 +0800] "POST /xingrg/kc/buy/cgsh_list_operate.html HTTP/1.1" 200 876
116.228.172.94 - - [09/Jan/2021:10:36:45 +0800] "GET /xingrg/kc/buy/cgsh_order_add.html HTTP/1.1" 200 61771
61.151.179.84 - - [09/Jan/2021:10:36:45 +0800] "GET /xingrg/all/function/internal_message.html?_=1610159311876&CODE_STATE=getMsg HTTP/1.1" 302 -
116.228.172.94 - - [09/Jan/2021:10:36:46 +0800] "GET /xingrg/javascript/easyui/themes/default/validatebox.css HTTP/1.1" 404 1104
116.228.172.94 - - [09/Jan/2021:10:36:46 +0800] "POST /xingrg/kc/buy/cgsh_order_operate.html HTTP/1.1" 200 8245
61.165.42.208 - - [09/Jan/2021:10:36:47 +0800] "POST /xingrg/kc/base/wldb_list_operate.html HTTP/1.1" 200 529
101.85.52.2 - - [09/Jan/2021:10:36:48 +0800] "GET /xingrg/all/function/internal_message.html?_=1610159793015&CODE_STATE=getMsg HTTP/1.1" 200 27
116.228.172.94 - - [09/Jan/2021:10:36:48 +0800] "GET /xingrg/javascript/easyui/themes/default/tree.css HTTP/1.1" 404 1090
61.165.42.208 - - [09/Jan/2021:10:36:48 +0800] "GET /xingrg/kc/base/wldb_order_info.html?code=422021010901032 HTTP/1.1" 200 30517
116.228.172.94 - - [09/Jan/2021:10:36:49 +0800] "POST /xingrg/all/common/load_tree.html?tree=supplier_tree_json&isDelete=1 HTTP/1.1" 200 54036
61.165.42.208 - - [09/Jan/2021:10:36:49 +0800] "GET /xingrg/javascript/easyui/themes/default/validatebox.css HTTP/1.1" 404 1104
117.185.32.26 - - [09/Jan/2021:10:36:49 +0800] "GET /xingrg/kc/buy/cgsh_order_operate.html?command=get_materiel&rest_code=00106&code=00101008318&supplier_code=00100007&order_time=2021-01-09 HTTP/1.1" 200 408
61.165.42.208 - - [09/Jan/2021:10:36:50 +0800] "POST /xingrg/kc/base/wldb_order_operate.html HTTP/1.1" 200 4154
58.221.95.50 - - [09/Jan/2021:10:36:51 +0800] "POST /xingrg/kc/buy/cgsh_list_operate.html HTTP/1.1" 200 5706
61.165.42.208 - - [09/Jan/2021:10:36:54 +0800] "GET /xingrg/kc/base/wldb_order_operate.html?command=get_materiel&rest_code=00105&base_code=0010508&code=00102002238 HTTP/1.1" 200 434
58.221.95.50 - - [09/Jan/2021:10:36:55 +0800] "POST /xingrg/kc/buy/cgsh_list_operate.html HTTP/1.1" 200 201
172.17.0.103 - - [09/Jan/2021:10:36:55 +0800] "GET /xingrg/all/function/internal_message.html?_=1610159814068&CODE_STATE=getMsg HTTP/1.1" 200 27
61.151.179.84 - - [09/Jan/2021:10:36:55 +0800] "GET /xingrg/login.html HTTP/1.1" 200 7641
114.88.169.67 - - [09/Jan/2021:10:36:57 +0800] "GET /xingrg/all/function/internal_message.html?_=1610159811529&CODE_STATE=getMsg HTTP/1.1" 200 27
61.165.42.208 - - [09/Jan/2021:10:36:58 +0800] "POST /xingrg/kc/base/wldb_order_operate.html HTTP/1.1" 200 37
61.165.42.208 - - [09/Jan/2021:10:36:59 +0800] "POST /xingrg/kc/base/wldb_order_operate.html HTTP/1.1" 200 4626
61.165.42.208 - - [09/Jan/2021:10:36:59 +0800] "GET /xingrg/kc/base/wldb_order_info.html?code=422021010901032 HTTP/1.1" 200 30517
116.228.172.94 - - [09/Jan/2021:10:36:59 +0800] "GET /xingrg/all/function/internal_message.html?_=1610159808101&CODE_STATE=getMsg HTTP/1.1" 200 27
61.165.42.208 - - [09/Jan/2021:10:36:59 +0800] "GET /xingrg/javascript/easyui/themes/default/validatebox.css HTTP/1.1" 404 1104
61.165.42.208 - - [09/Jan/2021:10:37:00 +0800] "POST /xingrg/kc/base/wldb_order_operate.html HTTP/1.1" 200 4626
180.175.150.119 - - [09/Jan/2021:10:37:02 +0800] "GET /xingrg/check_reg.html?_=1610160056569 HTTP/1.1" 200 22
180.175.150.119 - - [09/Jan/2021:10:37:02 +0800] "GET /xingrg/all/function/internal_message.html?_=1610160056685&CODE_STATE=getMsg HTTP/1.1" 200 27
117.185.32.26 - - [09/Jan/2021:10:37:04 +0800] "GET /xingrg/kc/buy/cgsh_order_operate.html?command=get_materiel&rest_code=00106&code=00101008323&supplier_code=00100007&order_time=2021-01-09 HTTP/1.1" 200 408
117.185.32.26 - - [09/Jan/2021:10:37:04 +0800] "GET /xingrg/check_reg.html?_=1610160289273 HTTP/1.1" 200 22
117.185.32.26 - - [09/Jan/2021:10:37:04 +0800] "GET /xingrg/all/function/internal_message.html?_=1610160289274&CODE_STATE=getMsg HTTP/1.1" 200 27
172.17.200.101 - - [09/Jan/2021:10:37:05 +0800] "GET /xingrg/all/function/internal_message.html?_=1610159827031&CODE_STATE=getMsg HTTP/1.1" 200 27
180.156.237.57 - - [09/Jan/2021:10:37:07 +0800] "GET /xingrg/all/function/internal_message.html?_=1610159800686&CODE_STATE=getMsg HTTP/1.1" 200 27
117.185.32.26 - - [09/Jan/2021:10:37:07 +0800] "POST /xingrg/kc/buy/cgsh_order_operate.html HTTP/1.1" 200 2065
58.37.230.33 - - [09/Jan/2021:10:37:11 +0800] "GET /xingrg/all/function/internal_message.html?_=1610159851912&CODE_STATE=getMsg HTTP/1.1" 200 27
222.70.174.7 - - [09/Jan/2021:10:37:11 +0800] "GET /xingrg/all/function/internal_message.html?_=1610159832944&CODE_STATE=getMsg HTTP/1.1" 302 -
117.185.32.26 - - [09/Jan/2021:10:37:13 +0800] "GET /xingrg/all/function/internal_message.html?_=1610159823901&CODE_STATE=getMsg HTTP/1.1" 200 27
117.185.32.26 - - [09/Jan/2021:10:37:14 +0800] "GET /xingrg/kc/buy/cgsh_order_operate.html?command=get_materiel&rest_code=00106&code=00101008302&supplier_code=00100007&order_time=2021-01-09 HTTP/1.1" 200 412
61.165.42.208 - - [09/Jan/2021:10:37:17 +0800] "GET /xingrg/kc/base/wldb_order_add.html HTTP/1.1" 200 30502
61.165.42.208 - - [09/Jan/2021:10:37:18 +0800] "GET /xingrg/all/function/internal_message.html?_=1610159838689&CODE_STATE=getMsg HTTP/1.1" 200 27
61.165.42.208 - - [09/Jan/2021:10:37:18 +0800] "POST /xingrg/kc/base/wldb_order_operate.html HTTP/1.1" 200 6806
61.165.42.208 - - [09/Jan/2021:10:37:18 +0800] "GET /xingrg/javascript/easyui/themes/default/validatebox.css HTTP/1.1" 404 1104
222.70.174.6 - - [09/Jan/2021:10:37:18 +0800] "GET /xingrg/all/function/internal_message.html?_=1610159840907&CODE_STATE=getMsg HTTP/1.1" 200 27
61.165.42.208 - - [09/Jan/2021:10:37:19 +0800] "POST /xingrg/all/common/load_combo.html?type=base HTTP/1.1" 200 3236
180.156.237.57 - - [09/Jan/2021:10:37:19 +0800] "GET /xingrg/all/function/internal_message.html?_=1610159813214&CODE_STATE=getMsg HTTP/1.1" 200 27
117.131.5.26 - - [09/Jan/2021:10:37:23 +0800] "GET /xingrg/all/function/internal_message.html?_=1610160183544&CODE_STATE=getMsg HTTP/1.1" 200 27
117.185.32.26 - - [09/Jan/2021:10:37:23 +0800] "GET /xingrg/kc/buy/cgsh_order_operate.html?command=get_materiel&rest_code=00106&code=00101008027&supplier_code=00100007&order_time=2021-01-09 HTTP/1.1" 200 409
101.85.93.83 - - [09/Jan/2021:10:37:24 +0800] "GET /xingrg/all/function/internal_message.html?_=1610159510936&CODE_STATE=getMsg HTTP/1.1" 200 27
61.165.42.208 - - [09/Jan/2021:10:37:31 +0800] "GET /xingrg/kc/base/wldb_order_operate.html?command=get_materiel&rest_code=00105&base_code=0010507&code=00101016037 HTTP/1.1" 200 452
61.165.42.208 - - [09/Jan/2021:10:37:33 +0800] "POST /xingrg/all/common/load_select.html HTTP/1.1" 200 25
61.165.42.208 - - [09/Jan/2021:10:37:35 +0800] "GET /xingrg/kc/base/wldb_order_operate.html?command=get_materiel_price&rest_code=00105&base_code=0010507&code=00101016037&unit_code=00100098 HTTP/1.1" 200 37
180.157.253.48 - - [09/Jan/2021:10:37:38 +0800] "GET /xingrg/all/function/internal_message.html?_=1610159858886&CODE_STATE=getMsg HTTP/1.1" 200 27
58.221.95.50 - - [09/Jan/2021:10:37:39 +0800] "GET /xingrg/all/function/internal_message.html?_=1610159856496&CODE_STATE=getMsg HTTP/1.1" 200 27
61.165.42.208 - - [09/Jan/2021:10:37:41 +0800] "POST /xingrg/kc/base/wldb_order_operate.html HTTP/1.1" 200 37
61.165.42.208 - - [09/Jan/2021:10:37:41 +0800] "POST /xingrg/kc/base/wldb_order_operate.html HTTP/1.1" 200 2196
61.165.42.208 - - [09/Jan/2021:10:37:42 +0800] "GET /xingrg/kc/base/wldb_order_info.html?code=422021010901035 HTTP/1.1" 200 30517
61.165.42.208 - - [09/Jan/2021:10:37:42 +0800] "GET /xingrg/javascript/easyui/themes/default/validatebox.css HTTP/1.1" 404 1104
61.165.42.208 - - [09/Jan/2021:10:37:42 +0800] "POST /xingrg/kc/base/wldb_order_operate.html HTTP/1.1" 200 2196
222.70.174.6 - - [09/Jan/2021:10:37:43 +0800] "GET /xingrg/all/function/internal_message.html?_=1610159868399&CODE_STATE=getMsg HTTP/1.1" 200 27
58.40.7.146 - - [09/Jan/2021:10:37:43 +0800] "GET /xingrg/javascript/multi_select/jqueryMultiSelect.css HTTP/1.1" 200 951
58.40.7.146 - - [09/Jan/2021:10:37:43 +0800] "GET /xingrg/javascript/jquery_easy_ui/themes/icon.css HTTP/1.1" 200 3949
58.40.7.146 - - [09/Jan/2021:10:37:43 +0800] "GET /xingrg/javascript/calendar/timePicker.css HTTP/1.1" 200 523
58.40.7.146 - - [09/Jan/2021:10:37:43 +0800] "GET /xingrg/all/report/report_query.html?fileName=kc/buy/gys_amount.xml&rh=99999 HTTP/1.1" 200 52006
58.40.7.146 - - [09/Jan/2021:10:37:43 +0800] "GET /xingrg/css/blue.css HTTP/1.1" 200 15949
58.40.7.146 - - [09/Jan/2021:10:37:43 +0800] "GET /xingrg/css/form.css HTTP/1.1" 200 893
58.40.7.146 - - [09/Jan/2021:10:37:43 +0800] "GET /xingrg/javascript/bigrid/fix.css HTTP/1.1" 200 1702
58.40.7.146 - - [09/Jan/2021:10:37:43 +0800] "GET /xingrg/javascript/pic_change.js HTTP/1.1" 200 4739
58.40.7.146 - - [09/Jan/2021:10:37:43 +0800] "GET /xingrg/dwr/interface/AjaxReportQueryService.js HTTP/1.1" 200 13203
58.40.7.146 - - [09/Jan/2021:10:37:43 +0800] "GET /xingrg/javascript/jquery_easy_ui/themes/default/easyui.css HTTP/1.1" 200 26500
58.40.7.146 - - [09/Jan/2021:10:37:43 +0800] "GET /xingrg/javascript/jquery-1.4.2.min.js HTTP/1.1" 200 72205
58.40.7.146 - - [09/Jan/2021:10:37:43 +0800] "GET /xingrg/javascript/jquery_easy_ui/jquery.easyui.min.js HTTP/1.1" 200 213662
58.40.7.146 - - [09/Jan/2021:10:37:43 +0800] "GET /xingrg/dwr/engine.js HTTP/1.1" 200 43631
58.40.7.146 - - [09/Jan/2021:10:37:43 +0800] "GET /xingrg/dwr/util.js HTTP/1.1" 200 35990
58.40.7.146 - - [09/Jan/2021:10:37:43 +0800] "GET /xingrg/javascript/myfunction.js HTTP/1.1" 200 24559
58.40.7.146 - - [09/Jan/2021:10:37:43 +0800] "GET /xingrg/javascript/jquery.utils.js HTTP/1.1" 200 11805
58.40.7.146 - - [09/Jan/2021:10:37:43 +0800] "GET /xingrg/javascript/calendar/jquery.timePicker.min.js HTTP/1.1" 200 2997
58.40.7.146 - - [09/Jan/2021:10:37:43 +0800] "GET /xingrg/javascript/jqueryMultiSelect.js HTTP/1.1" 200 11866
58.40.7.146 - - [09/Jan/2021:10:37:43 +0800] "GET /xingrg/javascript/bigrid/fix.js HTTP/1.1" 200 6439
58.40.7.146 - - [09/Jan/2021:10:37:43 +0800] "GET /xingrg/javascript/Calendar.js HTTP/1.1" 200 31561
58.40.7.146 - - [09/Jan/2021:10:37:43 +0800] "GET /xingrg/images/control/loading.gif HTTP/1.1" 200 13463
58.40.7.146 - - [09/Jan/2021:10:37:44 +0800] "POST /xingrg/dwr/call/plaincall/AjaxReportQueryService.getFixDate.dwr HTTP/1.1" 200 111
58.40.7.146 - - [09/Jan/2021:10:37:44 +0800] "POST /xingrg/all/common/load_tree.html?tree=supplier_tree_json&manage=1 HTTP/1.1" 200 54768
117.185.32.26 - - [09/Jan/2021:10:37:45 +0800] "GET /xingrg/kc/buy/cgsh_order_operate.html?command=get_materiel&rest_code=00106&code=00101008186&supplier_code=00100007&order_time=2021-01-09 HTTP/1.1" 200 408
58.40.7.146 - - [09/Jan/2021:10:37:45 +0800] "POST /xingrg/all/common/load_tree.html?tree=materiel_sort_tree_json HTTP/1.1" 200 8666
58.40.7.146 - - [09/Jan/2021:10:37:45 +0800] "POST /xingrg/dwr/call/plaincall/AjaxReportQueryService.getInitString.dwr HTTP/1.1" 200 792
58.40.7.146 - - [09/Jan/2021:10:37:48 +0800] "POST /xingrg/dwr/call/plaincall/AjaxReportQueryService.getFixDate.dwr HTTP/1.1" 200 111
101.85.52.2 - - [09/Jan/2021:10:37:48 +0800] "GET /xingrg/check_reg.html?_=1610159853018 HTTP/1.1" 200 22
101.85.52.2 - - [09/Jan/2021:10:37:48 +0800] "GET /xingrg/all/function/internal_message.html?_=1610159853028&CODE_STATE=getMsg HTTP/1.1" 200 27
58.40.7.146 - - [09/Jan/2021:10:37:49 +0800] "POST /xingrg/dwr/call/plaincall/AjaxReportQueryService.refreshCache.dwr HTTP/1.1" 200 78
116.228.172.94 - - [09/Jan/2021:10:37:50 +0800] "GET /xingrg/kc/buy/cgsh_order_operate.html?command=get_materiel&rest_code=00107&code=00101002006&supplier_code=00100091&order_time=2021-01-09 HTTP/1.1" 200 414
58.40.7.146 - - [09/Jan/2021:10:37:51 +0800] "POST /xingrg/all/report/load_report_page.html HTTP/1.1" 200 95338
58.40.7.146 - - [09/Jan/2021:10:37:51 +0800] "GET /xingrg/servlets/image?cache=0.372346980131657&image=px HTTP/1.1" 200 807
117.185.32.26 - - [09/Jan/2021:10:37:54 +0800] "POST /xingrg/kc/buy/cgsh_order_operate.html HTTP/1.1" 200 2065
172.17.0.103 - - [09/Jan/2021:10:37:55 +0800] "GET /xingrg/all/function/internal_message.html?_=1610159874068&CODE_STATE=getMsg HTTP/1.1" 200 27
172.17.0.103 - - [09/Jan/2021:10:37:55 +0800] "GET /xingrg/check_reg.html?_=1610159874070 HTTP/1.1" 200 22
114.88.169.67 - - [09/Jan/2021:10:37:57 +0800] "GET /xingrg/all/function/internal_message.html?_=1610159871897&CODE_STATE=getMsg HTTP/1.1" 200 27
117.185.32.26 - - [09/Jan/2021:10:37:59 +0800] "GET /xingrg/kc/buy/cgsh_order_operate.html?command=get_materiel&rest_code=00106&code=00101008051&supplier_code=00100007&order_time=2021-01-09 HTTP/1.1" 200 408
116.228.172.94 - - [09/Jan/2021:10:37:59 +0800] "GET /xingrg/all/function/internal_message.html?_=1610159868083&CODE_STATE=getMsg HTTP/1.1" 200 27
180.175.150.119 - - [09/Jan/2021:10:38:02 +0800] "GET /xingrg/all/function/internal_message.html?_=1610160116699&CODE_STATE=getMsg HTTP/1.1" 200 27
117.185.32.26 - - [09/Jan/2021:10:38:04 +0800] "GET /xingrg/all/function/internal_message.html?_=1610160349274&CODE_STATE=getMsg HTTP/1.1" 200 27
172.17.200.101 - - [09/Jan/2021:10:38:05 +0800] "GET /xingrg/all/function/internal_message.html?_=1610159887040&CODE_STATE=getMsg HTTP/1.1" 200 27
180.157.253.48 - - [09/Jan/2021:10:38:06 +0800] "GET /xingrg/kc/buy/cgsh_order_add.html HTTP/1.1" 200 61689
180.156.237.57 - - [09/Jan/2021:10:38:07 +0800] "GET /xingrg/all/function/internal_message.html?_=1610159860709&CODE_STATE=getMsg HTTP/1.1" 200 27
180.157.253.48 - - [09/Jan/2021:10:38:07 +0800] "POST /xingrg/kc/buy/cgsh_order_operate.html HTTP/1.1" 200 8245
180.157.253.48 - - [09/Jan/2021:10:38:07 +0800] "GET /xingrg/javascript/easyui/themes/default/validatebox.css HTTP/1.1" 404 1104
61.165.42.208 - - [09/Jan/2021:10:38:08 +0800] "GET /xingrg/kc/base/wldb_order_add.html HTTP/1.1" 200 30502
61.165.42.208 - - [09/Jan/2021:10:38:08 +0800] "GET /xingrg/javascript/easyui/themes/default/validatebox.css HTTP/1.1" 404 1104
61.165.42.208 - - [09/Jan/2021:10:38:08 +0800] "POST /xingrg/kc/base/wldb_order_operate.html HTTP/1.1" 200 6806
117.185.32.26 - - [09/Jan/2021:10:38:09 +0800] "POST /xingrg/kc/buy/cgsh_order_operate.html HTTP/1.1" 200 37
116.228.172.94 - - [09/Jan/2021:10:38:10 +0800] "GET /xingrg/kc/buy/cgsh_order_operate.html?command=get_materiel&rest_code=00107&code=00101002034&supplier_code=00100091&order_time=2021-01-09 HTTP/1.1" 200 409
58.37.230.33 - - [09/Jan/2021:10:38:11 +0800] "GET /xingrg/all/function/internal_message.html?_=1610159911911&CODE_STATE=getMsg HTTP/1.1" 200 27
117.185.32.26 - - [09/Jan/2021:10:38:11 +0800] "POST /xingrg/kc/buy/cgsh_order_operate.html HTTP/1.1" 200 19175
61.165.42.208 - - [09/Jan/2021:10:38:11 +0800] "POST /xingrg/all/common/load_combo.html?type=base HTTP/1.1" 200 3236
222.70.174.7 - - [09/Jan/2021:10:38:11 +0800] "GET /xingrg/all/function/internal_message.html?_=1610159892989&CODE_STATE=getMsg HTTP/1.1" 302 -
117.185.32.26 - - [09/Jan/2021:10:38:13 +0800] "GET /xingrg/all/function/internal_message.html?_=1610159883958&CODE_STATE=getMsg HTTP/1.1" 200 27
116.228.172.94 - - [09/Jan/2021:10:38:16 +0800] "POST /xingrg/kc/buy/cgsh_order_operate.html HTTP/1.1" 200 37
117.185.32.26 - - [09/Jan/2021:10:38:17 +0800] "GET /xingrg/kc/buy/cgsh_order_operate.html?command=get_materiel&rest_code=00106&code=00101008003&supplier_code=00100007&order_time=2021-01-09 HTTP/1.1" 200 408
61.165.42.208 - - [09/Jan/2021:10:38:18 +0800] "GET /xingrg/all/function/internal_message.html?_=1610159898673&CODE_STATE=getMsg HTTP/1.1" 200 27
116.228.172.94 - - [09/Jan/2021:10:38:18 +0800] "POST /xingrg/kc/buy/cgsh_order_operate.html HTTP/1.1" 200 3252
222.70.174.6 - - [09/Jan/2021:10:38:18 +0800] "GET /xingrg/all/function/internal_message.html?_=1610159900908&CODE_STATE=getMsg HTTP/1.1" 200 27
180.156.237.57 - - [09/Jan/2021:10:38:19 +0800] "GET /xingrg/all/function/internal_message.html?_=1610159873229&CODE_STATE=getMsg HTTP/1.1" 200 27
116.228.172.94 - - [09/Jan/2021:10:38:21 +0800] "GET /xingrg/kc/print/load_data.html?order_code=212021010903491&kc_code=cgsh&condition= HTTP/1.1" 200 971
117.131.5.26 - - [09/Jan/2021:10:38:23 +0800] "GET /xingrg/all/function/internal_message.html?_=1610160243551&CODE_STATE=getMsg HTTP/1.1" 200 27
101.85.93.83 - - [09/Jan/2021:10:38:24 +0800] "GET /xingrg/all/function/internal_message.html?_=1610159570935&CODE_STATE=getMsg HTTP/1.1" 200 27
101.85.93.83 - - [09/Jan/2021:10:38:24 +0800] "GET /xingrg/check_reg.html?_=1610159570936 HTTP/1.1" 200 22
116.228.172.94 - - [09/Jan/2021:10:38:29 +0800] "GET /xingrg/kc/buy/cgsh_order_add.html HTTP/1.1" 200 61771
61.165.42.208 - - [09/Jan/2021:10:38:29 +0800] "GET /xingrg/kc/base/wldb_order_operate.html?command=get_materiel&rest_code=00105&base_code=0010507&code=00101019543 HTTP/1.1" 200 470
116.228.172.94 - - [09/Jan/2021:10:38:29 +0800] "POST /xingrg/kc/buy/cgsh_order_operate.html HTTP/1.1" 200 8245
116.228.172.94 - - [09/Jan/2021:10:38:29 +0800] "GET /xingrg/javascript/easyui/themes/default/validatebox.css HTTP/1.1" 404 1104
117.185.32.26 - - [09/Jan/2021:10:38:30 +0800] "GET /xingrg/kc/buy/cgsh_order_operate.html?command=get_materiel&rest_code=00106&code=00101009005&supplier_code=00100007&order_time=2021-01-09 HTTP/1.1" 200 416
116.228.172.94 - - [09/Jan/2021:10:38:31 +0800] "GET /xingrg/javascript/easyui/themes/default/tree.css HTTP/1.1" 404 1090
116.228.172.94 - - [09/Jan/2021:10:38:31 +0800] "POST /xingrg/all/common/load_tree.html?tree=supplier_tree_json&isDelete=1 HTTP/1.1" 200 54036
180.157.253.48 - - [09/Jan/2021:10:38:38 +0800] "GET /xingrg/all/function/internal_message.html?_=1610159918867&CODE_STATE=getMsg HTTP/1.1" 200 27
180.157.253.48 - - [09/Jan/2021:10:38:38 +0800] "GET /xingrg/check_reg.html?_=1610159918914 HTTP/1.1" 200 22
58.221.95.50 - - [09/Jan/2021:10:38:39 +0800] "GET /xingrg/all/function/internal_message.html?_=1610159916469&CODE_STATE=getMsg HTTP/1.1" 200 27
180.157.253.48 - - [09/Jan/2021:10:38:40 +0800] "GET /xingrg/kc/buy/cgsh_order_operate.html?command=get_materiel&rest_code=00148&code=00101006253&supplier_code=00100331&order_time=2021-01-09 HTTP/1.1" 200 399
222.70.174.6 - - [09/Jan/2021:10:38:43 +0800] "GET /xingrg/all/function/internal_message.html?_=1610159928698&CODE_STATE=getMsg HTTP/1.1" 200 27
222.70.174.7 - - [09/Jan/2021:10:38:46 +0800] "GET /xingrg/check_reg.html?_=1610159927886 HTTP/1.1" 302 -
101.85.52.2 - - [09/Jan/2021:10:38:48 +0800] "GET /xingrg/all/function/internal_message.html?_=1610159913018&CODE_STATE=getMsg HTTP/1.1" 200 27
180.157.253.48 - - [09/Jan/2021:10:38:48 +0800] "GET /xingrg/kc/buy/cgsh_order_operate.html?command=get_materiel&rest_code=00148&code=00101010281&supplier_code=00100331&order_time=2021-01-09 HTTP/1.1" 200 414
114.88.169.67 - - [09/Jan/2021:10:38:48 +0800] "GET /xingrg/check_reg.html?_=1610159923252 HTTP/1.1" 200 22
180.156.237.57 - - [09/Jan/2021:10:38:50 +0800] "GET /xingrg/check_reg.html?_=1610159903741 HTTP/1.1" 200 22
172.17.0.103 - - [09/Jan/2021:10:38:55 +0800] "GET /xingrg/all/function/internal_message.html?_=1610159934054&CODE_STATE=getMsg HTTP/1.1" 200 27
180.157.253.48 - - [09/Jan/2021:10:38:56 +0800] "GET /xingrg/kc/buy/cgsh_order_operate.html?command=get_materiel&rest_code=00148&code=00101010091&supplier_code=00100331&order_time=2021-01-09 HTTP/1.1" 200 417
114.88.169.67 - - [09/Jan/2021:10:38:57 +0800] "GET /xingrg/all/function/internal_message.html?_=1610159931910&CODE_STATE=getMsg HTTP/1.1" 200 27
61.165.42.208 - - [09/Jan/2021:10:38:57 +0800] "POST /xingrg/kc/base/wldb_order_operate.html HTTP/1.1" 200 37
61.165.42.208 - - [09/Jan/2021:10:38:58 +0800] "POST /xingrg/kc/base/wldb_order_operate.html HTTP/1.1" 200 2718
61.165.42.208 - - [09/Jan/2021:10:38:58 +0800] "GET /xingrg/kc/base/wldb_order_info.html?code=422021010901036 HTTP/1.1" 200 30518
61.165.42.208 - - [09/Jan/2021:10:38:59 +0800] "GET /xingrg/javascript/easyui/themes/default/validatebox.css HTTP/1.1" 404 1104
61.165.42.208 - - [09/Jan/2021:10:38:59 +0800] "POST /xingrg/kc/base/wldb_order_operate.html HTTP/1.1" 200 2718
116.228.172.94 - - [09/Jan/2021:10:38:59 +0800] "GET /xingrg/all/function/internal_message.html?_=1610159928191&CODE_STATE=getMsg HTTP/1.1" 200 27
117.185.32.26 - - [09/Jan/2021:10:39:02 +0800] "GET /xingrg/kc/buy/cgsh_order_operate.html?command=get_materiel&rest_code=00106&code=00101008251&supplier_code=00100007&order_time=2021-01-09 HTTP/1.1" 200 408
180.175.150.119 - - [09/Jan/2021:10:39:03 +0800] "GET /xingrg/all/function/internal_message.html?_=1610160176712&CODE_STATE=getMsg HTTP/1.1" 200 27
117.185.32.26 - - [09/Jan/2021:10:39:04 +0800] "POST /xingrg/kc/buy/cgsh_order_operate.html HTTP/1.1" 200 2065
117.185.32.26 - - [09/Jan/2021:10:39:04 +0800] "GET /xingrg/all/function/internal_message.html?_=1610160409272&CODE_STATE=getMsg HTTP/1.1" 200 27
172.17.200.101 - - [09/Jan/2021:10:39:05 +0800] "GET /xingrg/all/function/internal_message.html?_=1610159947034&CODE_STATE=getMsg HTTP/1.1" 200 27
180.157.253.48 - - [09/Jan/2021:10:39:05 +0800] "POST /xingrg/kc/buy/cgsh_order_operate.html HTTP/1.1" 200 37
116.228.172.94 - - [09/Jan/2021:10:39:06 +0800] "GET /xingrg/kc/buy/cgsh_order_operate.html?command=get_materiel&rest_code=00107&code=00101003025&supplier_code=00100093&order_time=2021-01-09 HTTP/1.1" 200 411
180.156.237.57 - - [09/Jan/2021:10:39:07 +0800] "GET /xingrg/all/function/internal_message.html?_=1610159920715&CODE_STATE=getMsg HTTP/1.1" 200 27
180.157.253.48 - - [09/Jan/2021:10:39:07 +0800] "POST /xingrg/kc/buy/cgsh_order_operate.html HTTP/1.1" 200 12
180.157.253.48 - - [09/Jan/2021:10:39:09 +0800] "GET /xingrg/kc/buy/cgsh_order_info.html?code=212021010903492 HTTP/1.1" 200 56593
180.157.253.48 - - [09/Jan/2021:10:39:09 +0800] "GET /xingrg/javascript/easyui/themes/default/validatebox.css HTTP/1.1" 404 1104
180.157.253.48 - - [09/Jan/2021:10:39:10 +0800] "POST /xingrg/kc/buy/cgsh_order_operate.html HTTP/1.1" 200 1798
58.37.230.33 - - [09/Jan/2021:10:39:11 +0800] "GET /xingrg/all/function/internal_message.html?_=1610159971909&CODE_STATE=getMsg HTTP/1.1" 200 27
58.37.230.33 - - [09/Jan/2021:10:39:11 +0800] "GET /xingrg/check_reg.html?_=1610159971911 HTTP/1.1" 200 22
222.70.174.7 - - [09/Jan/2021:10:39:11 +0800] "GET /xingrg/all/function/internal_message.html?_=1610159953002&CODE_STATE=getMsg HTTP/1.1" 302 -
117.185.32.26 - - [09/Jan/2021:10:39:13 +0800] "GET /xingrg/all/function/internal_message.html?_=1610159943937&CODE_STATE=getMsg HTTP/1.1" 200 27
180.157.253.48 - - [09/Jan/2021:10:39:13 +0800] "GET /xingrg/kc/print/load_data.html?order_code=212021010903492&kc_code=cgsh&condition= HTTP/1.1" 200 1165
116.228.172.94 - - [09/Jan/2021:10:39:16 +0800] "POST /xingrg/kc/buy/cgsh_order_operate.html HTTP/1.1" 200 37
180.157.253.48 - - [09/Jan/2021:10:39:17 +0800] "GET /xingrg/kc/buy/cgsh_order_add.html HTTP/1.1" 200 61689
116.228.172.94 - - [09/Jan/2021:10:39:17 +0800] "POST /xingrg/kc/buy/cgsh_order_operate.html HTTP/1.1" 200 2655
180.157.253.48 - - [09/Jan/2021:10:39:18 +0800] "POST /xingrg/kc/buy/cgsh_order_operate.html HTTP/1.1" 200 8245
61.165.42.208 - - [09/Jan/2021:10:39:18 +0800] "GET /xingrg/kc/base/wldb_order_add.html HTTP/1.1" 200 30502
180.157.253.48 - - [09/Jan/2021:10:39:18 +0800] "GET /xingrg/javascript/easyui/themes/default/validatebox.css HTTP/1.1" 404 1104
222.70.174.6 - - [09/Jan/2021:10:39:18 +0800] "GET /xingrg/all/function/internal_message.html?_=1610159960908&CODE_STATE=getMsg HTTP/1.1" 200 27
61.165.42.208 - - [09/Jan/2021:10:39:18 +0800] "POST /xingrg/kc/base/wldb_order_operate.html HTTP/1.1" 200 6806
61.165.42.208 - - [09/Jan/2021:10:39:18 +0800] "GET /xingrg/javascript/easyui/themes/default/validatebox.css HTTP/1.1" 404 1104
61.165.42.208 - - [09/Jan/2021:10:39:19 +0800] "POST /xingrg/all/common/load_combo.html?type=base HTTP/1.1" 200 3236
180.156.237.57 - - [09/Jan/2021:10:39:19 +0800] "GET /xingrg/all/function/internal_message.html?_=1610159933269&CODE_STATE=getMsg HTTP/1.1" 200 27
116.228.172.94 - - [09/Jan/2021:10:39:20 +0800] "GET /xingrg/kc/print/load_data.html?order_code=212021010903493&kc_code=cgsh&condition= HTTP/1.1" 200 716
117.131.5.26 - - [09/Jan/2021:10:39:21 +0800] "GET /xingrg/check_reg.html?_=1610160302251 HTTP/1.1" 200 22
117.131.5.26 - - [09/Jan/2021:10:39:23 +0800] "GET /xingrg/all/function/internal_message.html?_=1610160303560&CODE_STATE=getMsg HTTP/1.1" 200 27
101.85.93.83 - - [09/Jan/2021:10:39:24 +0800] "GET /xingrg/all/function/internal_message.html?_=1610159630935&CODE_STATE=getMsg HTTP/1.1" 200 27
180.157.253.48 - - [09/Jan/2021:10:39:24 +0800] "GET /xingrg/kc/buy/cgsh_order_operate.html?command=get_materiel&rest_code=00148&code=00101001141&supplier_code=00100327&order_time=2021-01-09 HTTP/1.1" 200 413
116.228.172.94 - - [09/Jan/2021:10:39:24 +0800] "GET /xingrg/kc/buy/cgsh_order_add.html HTTP/1.1" 200 61771
116.228.172.94 - - [09/Jan/2021:10:39:25 +0800] "POST /xingrg/kc/buy/cgsh_order_operate.html HTTP/1.1" 200 8245
116.228.172.94 - - [09/Jan/2021:10:39:25 +0800] "GET /xingrg/javascript/easyui/themes/default/validatebox.css HTTP/1.1" 404 1104
116.228.172.94 - - [09/Jan/2021:10:39:26 +0800] "GET /xingrg/javascript/easyui/themes/default/tree.css HTTP/1.1" 404 1090
116.228.172.94 - - [09/Jan/2021:10:39:27 +0800] "POST /xingrg/all/common/load_tree.html?tree=supplier_tree_json&isDelete=1 HTTP/1.1" 200 54036
117.131.5.26 - - [09/Jan/2021:10:39:29 +0800] "GET /xingrg/login.html HTTP/1.1" 200 7641
117.131.5.26 - - [09/Jan/2021:10:39:30 +0800] "GET /favicon.ico HTTP/1.1" 404 -
180.157.253.48 - - [09/Jan/2021:10:39:33 +0800] "GET /xingrg/kc/buy/cgsh_order_operate.html?command=get_materiel&rest_code=00148&code=00101010327&supplier_code=00100327&order_time=2021-01-09 HTTP/1.1" 200 403
222.70.174.6 - - [09/Jan/2021:10:39:37 +0800] "GET /xingrg/check_reg.html?_=1610159982218 HTTP/1.1" 200 22
180.157.253.48 - - [09/Jan/2021:10:39:37 +0800] "GET /xingrg/kc/buy/cgsh_order_operate.html?command=get_materiel&rest_code=00148&code=00101008171&supplier_code=00100327&order_time=2021-01-09 HTTP/1.1" 200 421
180.157.253.48 - - [09/Jan/2021:10:39:38 +0800] "GET /xingrg/all/function/internal_message.html?_=1610159978977&CODE_STATE=getMsg HTTP/1.1" 200 27
58.221.95.50 - - [09/Jan/2021:10:39:39 +0800] "GET /xingrg/all/function/internal_message.html?_=1610159976447&CODE_STATE=getMsg HTTP/1.1" 200 27
61.165.42.208 - - [09/Jan/2021:10:39:41 +0800] "GET /xingrg/kc/base/wldb_order_operate.html?command=get_materiel&rest_code=00105&base_code=0010508&code=00102002258 HTTP/1.1" 200 433
116.228.172.94 - - [09/Jan/2021:10:39:43 +0800] "GET /xingrg/kc/buy/cgsh_order_operate.html?command=get_materiel&rest_code=00107&code=00101003035&supplier_code=00100092&order_time=2021-01-09 HTTP/1.1" 200 411
222.70.174.6 - - [09/Jan/2021:10:39:43 +0800] "GET /xingrg/all/function/internal_message.html?_=1610159988707&CODE_STATE=getMsg HTTP/1.1" 200 27
117.185.32.26 - - [09/Jan/2021:10:39:44 +0800] "GET /xingrg/kc/buy/cgsh_order_operate.html?command=get_materiel&rest_code=00106&code=00101008213&supplier_code=00100007&order_time=2021-01-09 HTTP/1.1" 200 412
117.185.32.26 - - [09/Jan/2021:10:39:46 +0800] "POST /xingrg/kc/buy/cgsh_order_operate.html HTTP/1.1" 200 2065
61.165.42.208 - - [09/Jan/2021:10:39:48 +0800] "GET /xingrg/kc/base/wldb_order_operate.html?command=get_materiel&rest_code=00105&base_code=0010508&code=00102002082 HTTP/1.1" 200 439
101.85.52.2 - - [09/Jan/2021:10:39:48 +0800] "GET /xingrg/all/function/internal_message.html?_=1610159973022&CODE_STATE=getMsg HTTP/1.1" 200 27
180.157.253.48 - - [09/Jan/2021:10:39:48 +0800] "GET /xingrg/kc/buy/cgsh_order_operate.html?command=get_materiel&rest_code=00148&code=00101010249&supplier_code=00100327&order_time=2021-01-09 HTTP/1.1" 200 409
117.185.32.26 - - [09/Jan/2021:10:39:51 +0800] "GET /xingrg/kc/buy/cgsh_order_operate.html?command=get_materiel&rest_code=00106&code=00101008488&supplier_code=00100007&order_time=2021-01-09 HTTP/1.1" 200 406
61.165.42.208 - - [09/Jan/2021:10:39:52 +0800] "POST /xingrg/kc/base/wldb_order_operate.html HTTP/1.1" 200 37
61.165.42.208 - - [09/Jan/2021:10:39:52 +0800] "POST /xingrg/kc/base/wldb_order_operate.html HTTP/1.1" 200 2677
61.165.42.208 - - [09/Jan/2021:10:39:53 +0800] "GET /xingrg/kc/base/wldb_order_info.html?code=422021010901037 HTTP/1.1" 200 30515
61.165.42.208 - - [09/Jan/2021:10:39:53 +0800] "GET /xingrg/javascript/easyui/themes/default/validatebox.css HTTP/1.1" 404 1104
116.228.172.94 - - [09/Jan/2021:10:39:53 +0800] "GET /xingrg/check_reg.html?_=1610159981984 HTTP/1.1" 200 22
61.165.42.208 - - [09/Jan/2021:10:39:53 +0800] "POST /xingrg/kc/base/wldb_order_operate.html HTTP/1.1" 200 2677
180.157.253.48 - - [09/Jan/2021:10:39:53 +0800] "GET /xingrg/kc/buy/cgsh_order_operate.html?command=get_materiel&rest_code=00148&code=00101010628&supplier_code=00100327&order_time=2021-01-09 HTTP/1.1" 200 412
172.17.0.103 - - [09/Jan/2021:10:39:55 +0800] "GET /xingrg/all/function/internal_message.html?_=1610159994053&CODE_STATE=getMsg HTTP/1.1" 200 27
183.192.164.85 - - [09/Jan/2021:10:39:56 +0800] "GET /xingrg/all/function/internal_message.html?_=1610159463927&CODE_STATE=getMsg HTTP/1.1" 302 -
114.88.169.67 - - [09/Jan/2021:10:39:57 +0800] "GET /xingrg/all/function/internal_message.html?_=1610159991928&CODE_STATE=getMsg HTTP/1.1" 200 27
180.157.253.48 - - [09/Jan/2021:10:39:59 +0800] "GET /xingrg/kc/buy/cgsh_order_operate.html?command=get_materiel&rest_code=00148&code=00101008486&supplier_code=00100327&order_time=2021-01-09 HTTP/1.1" 200 400
116.228.172.94 - - [09/Jan/2021:10:39:59 +0800] "GET /xingrg/all/function/internal_message.html?_=1610159988173&CODE_STATE=getMsg HTTP/1.1" 200 27
116.228.172.94 - - [09/Jan/2021:10:40:00 +0800] "POST /xingrg/kc/buy/cgsh_order_operate.html HTTP/1.1" 200 37
116.228.172.94 - - [09/Jan/2021:10:40:01 +0800] "POST /xingrg/kc/buy/cgsh_order_operate.html HTTP/1.1" 200 2659
180.175.150.119 - - [09/Jan/2021:10:40:03 +0800] "GET /xingrg/all/function/internal_message.html?_=1610160236732&CODE_STATE=getMsg HTTP/1.1" 200 27
183.192.164.85 - - [09/Jan/2021:10:40:03 +0800] "GET /xingrg/login.html HTTP/1.1" 200 7641
116.228.172.94 - - [09/Jan/2021:10:40:04 +0800] "GET /xingrg/kc/print/load_data.html?order_code=212021010903494&kc_code=cgsh&condition= HTTP/1.1" 200 723
117.185.32.26 - - [09/Jan/2021:10:40:04 +0800] "GET /xingrg/all/function/internal_message.html?_=1610160469279&CODE_STATE=getMsg HTTP/1.1" 200 27
61.165.42.208 - - [09/Jan/2021:10:40:04 +0800] "GET /xingrg/kc/base/wldb_order_add.html HTTP/1.1" 200 30502
61.165.42.208 - - [09/Jan/2021:10:40:05 +0800] "POST /xingrg/kc/base/wldb_order_operate.html HTTP/1.1" 200 6806
61.165.42.208 - - [09/Jan/2021:10:40:05 +0800] "GET /xingrg/javascript/easyui/themes/default/validatebox.css HTTP/1.1" 404 1104
172.17.200.101 - - [09/Jan/2021:10:40:05 +0800] "GET /xingrg/all/function/internal_message.html?_=1610160007035&CODE_STATE=getMsg HTTP/1.1" 200 27
117.185.32.26 - - [09/Jan/2021:10:40:05 +0800] "GET /xingrg/kc/buy/cgsh_order_operate.html?command=get_materiel&rest_code=00106&code=00101020005&supplier_code=00100007&order_time=2021-01-09 HTTP/1.1" 200 409
61.165.42.208 - - [09/Jan/2021:10:40:06 +0800] "POST /xingrg/all/common/load_combo.html?type=base HTTP/1.1" 200 3236
180.156.237.57 - - [09/Jan/2021:10:40:07 +0800] "GET /xingrg/all/function/internal_message.html?_=1610159980727&CODE_STATE=getMsg HTTP/1.1" 200 27
58.40.7.146 - - [09/Jan/2021:10:40:07 +0800] "GET /xingrg/check_reg.html?_=1610160004268 HTTP/1.1" 200 22
116.228.172.94 - - [09/Jan/2021:10:40:08 +0800] "GET /xingrg/kc/buy/cgsh_order_add.html HTTP/1.1" 200 61771
116.228.172.94 - - [09/Jan/2021:10:40:09 +0800] "GET /xingrg/javascript/easyui/themes/default/validatebox.css HTTP/1.1" 404 1104
116.228.172.94 - - [09/Jan/2021:10:40:09 +0800] "POST /xingrg/kc/buy/cgsh_order_operate.html HTTP/1.1" 200 8245
58.40.7.146 - - [09/Jan/2021:10:40:09 +0800] "GET /favicon.ico HTTP/1.1" 404 -
58.40.7.146 - - [09/Jan/2021:10:40:10 +0800] "GET /favicon.ico HTTP/1.1" 404 -
116.228.172.94 - - [09/Jan/2021:10:40:10 +0800] "GET /xingrg/javascript/easyui/themes/default/tree.css HTTP/1.1" 404 1090
116.228.172.94 - - [09/Jan/2021:10:40:10 +0800] "POST /xingrg/all/common/load_tree.html?tree=supplier_tree_json&isDelete=1 HTTP/1.1" 200 54036
58.37.230.33 - - [09/Jan/2021:10:40:11 +0800] "GET /xingrg/all/function/internal_message.html?_=1610160031909&CODE_STATE=getMsg HTTP/1.1" 200 27
222.70.174.7 - - [09/Jan/2021:10:40:11 +0800] "GET /xingrg/all/function/internal_message.html?_=1610160013044&CODE_STATE=getMsg HTTP/1.1" 302 -
180.157.253.48 - - [09/Jan/2021:10:40:12 +0800] "GET /xingrg/kc/buy/cgsh_order_operate.html?command=get_materiel&rest_code=00148&code=00101010569&supplier_code=00100327&order_time=2021-01-09 HTTP/1.1" 200 397
117.185.32.26 - - [09/Jan/2021:10:40:13 +0800] "GET /xingrg/all/function/internal_message.html?_=1610160004030&CODE_STATE=getMsg HTTP/1.1" 200 27
117.185.32.26 - - [09/Jan/2021:10:40:14 +0800] "GET /xingrg/kc/buy/cgsh_order_operate.html?command=get_materiel&rest_code=00106&code=00101008305&supplier_code=00100007&order_time=2021-01-09 HTTP/1.1" 200 412
61.165.42.208 - - [09/Jan/2021:10:40:18 +0800] "GET /xingrg/check_reg.html?_=1610160018543 HTTP/1.1" 200 22
61.165.42.208 - - [09/Jan/2021:10:40:18 +0800] "GET /xingrg/all/function/internal_message.html?_=1610160018684&CODE_STATE=getMsg HTTP/1.1" 200 27
222.70.174.6 - - [09/Jan/2021:10:40:18 +0800] "GET /xingrg/all/function/internal_message.html?_=1610160020909&CODE_STATE=getMsg HTTP/1.1" 200 27
180.156.237.57 - - [09/Jan/2021:10:40:19 +0800] "GET /xingrg/all/function/internal_message.html?_=1610159993270&CODE_STATE=getMsg HTTP/1.1" 200 27
117.131.5.26 - - [09/Jan/2021:10:40:23 +0800] "GET /xingrg/all/function/internal_message.html?_=1610160363580&CODE_STATE=getMsg HTTP/1.1" 200 27
101.85.93.83 - - [09/Jan/2021:10:40:24 +0800] "GET /xingrg/all/function/internal_message.html?_=1610159690933&CODE_STATE=getMsg HTTP/1.1" 200 27
180.157.253.48 - - [09/Jan/2021:10:40:26 +0800] "POST /xingrg/kc/buy/cgsh_order_operate.html HTTP/1.1" 200 37
117.185.32.26 - - [09/Jan/2021:10:40:27 +0800] "GET /xingrg/kc/buy/cgsh_order_operate.html?command=get_materiel&rest_code=00106&code=00101008100&supplier_code=00100007&order_time=2021-01-09 HTTP/1.1" 200 408
180.157.253.48 - - [09/Jan/2021:10:40:31 +0800] "POST /xingrg/kc/buy/cgsh_order_operate.html HTTP/1.1" 200 12
222.69.138.249 - - [09/Jan/2021:10:40:32 +0800] "GET /xingrg/index.html?sysBaseUrl=http%3A%2F%2F180.169.147.146%3A18081%2Fxingrg%2F&costTime=51×tamp=1610152391563 HTTP/1.1" 200 17179
116.228.172.94 - - [09/Jan/2021:10:40:33 +0800] "GET /xingrg/kc/buy/cgsh_order_operate.html?command=get_materiel&rest_code=00107&code=00101008061&supplier_code=00100339&order_time=2021-01-09 HTTP/1.1" 200 423
222.69.138.249 - - [09/Jan/2021:10:40:33 +0800] "POST /xingrg/all/common/load_tree.html?tree=area_rest_tree_json&manage=1 HTTP/1.1" 200 351
222.69.138.249 - - [09/Jan/2021:10:40:33 +0800] "GET /xingrg/check_reg.html?_=1610160027800 HTTP/1.1" 200 22
222.69.138.249 - - [09/Jan/2021:10:40:33 +0800] "GET /xingrg/all/function/internal_message.html?_=1610160027799&CODE_STATE=count HTTP/1.1" 200 11
222.69.138.249 - - [09/Jan/2021:10:40:33 +0800] "GET /favicon.ico HTTP/1.1" 404 -
222.69.138.249 - - [09/Jan/2021:10:40:33 +0800] "POST /xingrg/load_menu.html HTTP/1.1" 200 5138
180.157.253.48 - - [09/Jan/2021:10:40:38 +0800] "GET /xingrg/all/function/internal_message.html?_=1610160038994&CODE_STATE=getMsg HTTP/1.1" 200 27
180.157.253.48 - - [09/Jan/2021:10:40:38 +0800] "GET /xingrg/kc/buy/cgsh_order_info.html?code=212021010903495 HTTP/1.1" 200 56591
