222.70.174.6 - - [09/Jan/2021:09:07:28 +0800] "GET /xingrg/kc/buy/cgsh_order_operate.html?command=get_materiel&rest_code=00146&code=00101008017&supplier_code=00100005&order_time=2021-01-09 HTTP/1.1" 200 416
180.157.253.48 - - [09/Jan/2021:09:07:31 +0800] "POST /xingrg/kc/buy/cgsh_order_operate.html HTTP/1.1" 200 37
180.157.253.48 - - [09/Jan/2021:09:07:32 +0800] "POST /xingrg/kc/buy/cgsh_order_operate.html HTTP/1.1" 200 6254
116.228.172.94 - - [09/Jan/2021:09:07:36 +0800] "GET /xingrg/kc/buy/cgsh_order_operate.html?command=get_materiel&rest_code=00107&code=00101015021&supplier_code=00100006&order_time=2021-01-09 HTTP/1.1" 200 408
222.70.174.6 - - [09/Jan/2021:09:07:37 +0800] "GET /xingrg/all/function/internal_message.html?_=1610154462216&CODE_STATE=getMsg HTTP/1.1" 200 27
222.70.174.6 - - [09/Jan/2021:09:07:39 +0800] "GET /xingrg/kc/buy/cgsh_order_operate.html?command=get_materiel&rest_code=00146&code=00101008257&supplier_code=00100005&order_time=2021-01-09 HTTP/1.1" 200 416
116.228.172.94 - - [09/Jan/2021:09:07:42 +0800] "POST /xingrg/kc/buy/cgsh_order_operate.html HTTP/1.1" 200 2065
222.69.138.249 - - [09/Jan/2021:09:07:42 +0800] "POST /xingrg/kc/buy/cgsh_order_operate.html HTTP/1.1" 200 37
222.69.138.249 - - [09/Jan/2021:09:07:46 +0800] "POST /xingrg/kc/buy/cgsh_order_operate.html HTTP/1.1" 200 12
222.69.138.249 - - [09/Jan/2021:09:07:48 +0800] "GET /xingrg/kc/buy/cgsh_order_info.html?code=212021010903436 HTTP/1.1" 200 56638
222.69.138.249 - - [09/Jan/2021:09:07:49 +0800] "GET /xingrg/javascript/easyui/themes/default/validatebox.css HTTP/1.1" 404 1104
222.69.138.249 - - [09/Jan/2021:09:07:49 +0800] "POST /xingrg/kc/buy/cgsh_order_operate.html HTTP/1.1" 200 42622
222.69.138.249 - - [09/Jan/2021:09:07:52 +0800] "GET /xingrg/kc/print/load_data.html?order_code=212021010903436&kc_code=cgsh&condition= HTTP/1.1" 200 16644
180.157.253.48 - - [09/Jan/2021:09:07:55 +0800] "GET /xingrg/check_reg.html?_=1610154480720 HTTP/1.1" 200 22
180.157.253.48 - - [09/Jan/2021:09:07:55 +0800] "GET /xingrg/all/function/internal_message.html?_=1610154481047&CODE_STATE=getMsg HTTP/1.1" 200 27
180.156.237.57 - - [09/Jan/2021:09:07:58 +0800] "GET /xingrg/all/function/internal_message.html?_=1610154451958&CODE_STATE=getMsg HTTP/1.1" 200 27
180.156.237.57 - - [09/Jan/2021:09:08:06 +0800] "GET /xingrg/all/function/internal_message.html?_=1610154459487&CODE_STATE=getMsg HTTP/1.1" 200 27
180.156.237.57 - - [09/Jan/2021:09:08:06 +0800] "GET /xingrg/check_reg.html?_=1610154460118 HTTP/1.1" 200 22
61.165.42.208 - - [09/Jan/2021:09:08:07 +0800] "GET /xingrg/kc/buy/cgsh_order_operate.html?command=get_materiel&rest_code=00105&code=00101001010&supplier_code=00100397&order_time=2021-01-09 HTTP/1.1" 200 408
222.70.174.7 - - [09/Jan/2021:09:08:09 +0800] "GET /xingrg/all/function/internal_message.html?_=1610154490579&CODE_STATE=getMsg HTTP/1.1" 302 -
116.228.172.94 - - [09/Jan/2021:09:08:09 +0800] "GET /xingrg/kc/buy/cgsh_order_operate.html?command=get_materiel&rest_code=00107&code=00101015062&supplier_code=00100006&order_time=2021-01-09 HTTP/1.1" 200 412
116.228.172.94 - - [09/Jan/2021:09:08:11 +0800] "GET /xingrg/all/function/internal_message.html?_=1610154479443&CODE_STATE=getMsg HTTP/1.1" 200 27
58.37.230.33 - - [09/Jan/2021:09:08:11 +0800] "GET /xingrg/all/function/internal_message.html?_=1610154511755&CODE_STATE=getMsg HTTP/1.1" 200 27
222.69.138.249 - - [09/Jan/2021:09:08:12 +0800] "GET /xingrg/all/function/internal_message.html?_=1610154486286&CODE_STATE=getMsg HTTP/1.1" 200 27
222.69.138.249 - - [09/Jan/2021:09:08:12 +0800] "GET /xingrg/check_reg.html?_=1610154486290 HTTP/1.1" 200 22
61.165.42.208 - - [09/Jan/2021:09:08:13 +0800] "GET /xingrg/kc/buy/cgsh_order_operate.html?command=get_materiel&rest_code=00105&code=00101005037&supplier_code=00100397&order_time=2021-01-09 HTTP/1.1" 200 409
117.131.5.26 - - [09/Jan/2021:09:08:15 +0800] "GET /xingrg/all/function/internal_message.html?_=1610154836138&CODE_STATE=getMsg HTTP/1.1" 200 27
61.165.42.208 - - [09/Jan/2021:09:08:18 +0800] "GET /xingrg/all/function/internal_message.html?_=1610154498494&CODE_STATE=getMsg HTTP/1.1" 200 27
61.165.42.208 - - [09/Jan/2021:09:08:20 +0800] "GET /xingrg/kc/buy/cgsh_order_operate.html?command=get_materiel&rest_code=00105&code=00101002005&supplier_code=00100397&order_time=2021-01-09 HTTP/1.1" 200 413
222.70.174.6 - - [09/Jan/2021:09:08:31 +0800] "GET /xingrg/kc/buy/cgsh_order_operate.html?command=get_materiel&rest_code=00146&code=00101008027&supplier_code=00100005&order_time=2021-01-09 HTTP/1.1" 200 409
222.70.174.6 - - [09/Jan/2021:09:08:37 +0800] "GET /xingrg/all/function/internal_message.html?_=1610154522230&CODE_STATE=getMsg HTTP/1.1" 200 27
222.70.174.6 - - [09/Jan/2021:09:08:42 +0800] "GET /xingrg/kc/buy/cgsh_order_operate.html?command=get_materiel&rest_code=00146&code=00101008354&supplier_code=00100005&order_time=2021-01-09 HTTP/1.1" 200 412
180.157.253.48 - - [09/Jan/2021:09:08:45 +0800] "GET /xingrg/javascript/easyui/themes/default/images/button_plain_hover.png HTTP/1.1" 304 -
180.157.253.48 - - [09/Jan/2021:09:08:45 +0800] "GET /xingrg/javascript/easyui/themes/default/images/button_plain_hover.png HTTP/1.1" 304 -
180.157.253.48 - - [09/Jan/2021:09:08:45 +0800] "GET /xingrg/javascript/easyui/themes/default/images/button_plain_hover.png HTTP/1.1" 304 -
222.70.174.7 - - [09/Jan/2021:09:08:46 +0800] "GET /xingrg/check_reg.html?_=1610154527506 HTTP/1.1" 302 -
180.157.253.48 - - [09/Jan/2021:09:08:47 +0800] "POST /xingrg/kc/buy/cgsh_order_operate.html HTTP/1.1" 200 37
180.157.253.48 - - [09/Jan/2021:09:08:49 +0800] "POST /xingrg/kc/buy/cgsh_order_operate.html HTTP/1.1" 200 6254
180.156.237.57 - - [09/Jan/2021:09:08:50 +0800] "GET /xingrg/check_reg.html?_=1610154503644 HTTP/1.1" 200 22
116.228.172.94 - - [09/Jan/2021:09:08:51 +0800] "GET /xingrg/kc/buy/cgsh_order_operate.html?command=get_materiel&rest_code=00107&code=00101008307&supplier_code=00100006&order_time=2021-01-09 HTTP/1.1" 200 420
222.70.174.6 - - [09/Jan/2021:09:08:55 +0800] "GET /xingrg/kc/buy/cgsh_order_operate.html?command=get_materiel&rest_code=00146&code=00101008028&supplier_code=00100005&order_time=2021-01-09 HTTP/1.1" 200 412
180.157.253.48 - - [09/Jan/2021:09:08:55 +0800] "GET /xingrg/all/function/internal_message.html?_=1610154541061&CODE_STATE=getMsg HTTP/1.1" 200 27
180.156.237.57 - - [09/Jan/2021:09:08:58 +0800] "GET /xingrg/all/function/internal_message.html?_=1610154511972&CODE_STATE=getMsg HTTP/1.1" 200 27
180.156.237.57 - - [09/Jan/2021:09:09:06 +0800] "GET /xingrg/all/function/internal_message.html?_=1610154519492&CODE_STATE=getMsg HTTP/1.1" 200 27
61.165.42.208 - - [09/Jan/2021:09:09:06 +0800] "POST /xingrg/kc/buy/cgsh_order_operate.html HTTP/1.1" 200 37
180.157.253.48 - - [09/Jan/2021:09:09:07 +0800] "GET /xingrg/javascript/easyui/themes/default/images/button_plain_hover.png HTTP/1.1" 304 -
180.157.253.48 - - [09/Jan/2021:09:09:07 +0800] "GET /xingrg/javascript/easyui/themes/default/images/button_plain_hover.png HTTP/1.1" 304 -
61.165.42.208 - - [09/Jan/2021:09:09:08 +0800] "POST /xingrg/kc/buy/cgsh_order_operate.html HTTP/1.1" 200 4427
116.228.172.94 - - [09/Jan/2021:09:09:09 +0800] "GET /xingrg/kc/buy/cgsh_order_operate.html?command=get_materiel&rest_code=00107&code=00101008361&supplier_code=00100006&order_time=2021-01-09 HTTP/1.1" 200 408
222.70.174.7 - - [09/Jan/2021:09:09:09 +0800] "GET /xingrg/all/function/internal_message.html?_=1610154550594&CODE_STATE=getMsg HTTP/1.1" 302 -
180.157.253.48 - - [09/Jan/2021:09:09:10 +0800] "POST /xingrg/kc/buy/cgsh_order_operate.html HTTP/1.1" 200 37
116.228.172.94 - - [09/Jan/2021:09:09:11 +0800] "GET /xingrg/check_reg.html?_=1610154539401 HTTP/1.1" 200 22
58.37.230.33 - - [09/Jan/2021:09:09:11 +0800] "GET /xingrg/check_reg.html?_=1610154571752 HTTP/1.1" 200 22
58.37.230.33 - - [09/Jan/2021:09:09:11 +0800] "GET /xingrg/all/function/internal_message.html?_=1610154571753&CODE_STATE=getMsg HTTP/1.1" 200 27
180.157.253.48 - - [09/Jan/2021:09:09:11 +0800] "POST /xingrg/kc/buy/cgsh_order_operate.html HTTP/1.1" 200 6254
116.228.172.94 - - [09/Jan/2021:09:09:11 +0800] "GET /xingrg/all/function/internal_message.html?_=1610154539633&CODE_STATE=getMsg HTTP/1.1" 200 27
180.157.253.48 - - [09/Jan/2021:09:09:11 +0800] "GET /xingrg/javascript/easyui/themes/default/images/button_plain_hover.png HTTP/1.1" 304 -
180.157.253.48 - - [09/Jan/2021:09:09:11 +0800] "GET /xingrg/javascript/easyui/themes/default/images/button_plain_hover.png HTTP/1.1" 304 -
222.69.138.249 - - [09/Jan/2021:09:09:12 +0800] "GET /xingrg/all/function/internal_message.html?_=1610154546291&CODE_STATE=getMsg HTTP/1.1" 200 27
180.157.253.48 - - [09/Jan/2021:09:09:12 +0800] "GET /xingrg/kc/buy/cgsh_order_add.html HTTP/1.1" 200 61683
180.157.253.48 - - [09/Jan/2021:09:09:12 +0800] "GET /xingrg/javascript/jquery_tools/datebox.css HTTP/1.1" 304 -
180.157.253.48 - - [09/Jan/2021:09:09:12 +0800] "GET /xingrg/javascript/easyui/themes/icon.css HTTP/1.1" 304 -
180.157.253.48 - - [09/Jan/2021:09:09:12 +0800] "GET /xingrg/javascript/easyui/themes/default/easyui.css HTTP/1.1" 304 -
180.157.253.48 - - [09/Jan/2021:09:09:12 +0800] "GET /xingrg/javascript/auto/jquery.autocomplete.css HTTP/1.1" 304 -
180.157.253.48 - - [09/Jan/2021:09:09:12 +0800] "GET /xingrg/javascript/jquery_tools/fix.css HTTP/1.1" 304 -
180.157.253.48 - - [09/Jan/2021:09:09:12 +0800] "GET /xingrg/javascript/jquery_tools/table.css HTTP/1.1" 304 -
180.157.253.48 - - [09/Jan/2021:09:09:12 +0800] "GET /xingrg/javascript/pic_change.js HTTP/1.1" 304 -
180.157.253.48 - - [09/Jan/2021:09:09:12 +0800] "GET /xingrg/javascript/jquery_tools/jquery.tools.min.js HTTP/1.1" 304 -
180.157.253.48 - - [09/Jan/2021:09:09:12 +0800] "GET /xingrg/css/base.css HTTP/1.1" 304 -
180.157.253.48 - - [09/Jan/2021:09:09:12 +0800] "GET /xingrg/css/site.css HTTP/1.1" 304 -
180.157.253.48 - - [09/Jan/2021:09:09:12 +0800] "GET /xingrg/javascript/jquery_tools/jquery.tools.extend.js HTTP/1.1" 304 -
180.157.253.48 - - [09/Jan/2021:09:09:12 +0800] "GET /xingrg/javascript/jquery_tools/jquery.tools.hotkey.js HTTP/1.1" 304 -
180.157.253.48 - - [09/Jan/2021:09:09:12 +0800] "GET /xingrg/javascript/easyui/easyloader.js HTTP/1.1" 304 -
180.157.253.48 - - [09/Jan/2021:09:09:12 +0800] "GET /xingrg/javascript/jquery_tools/order_manager.js HTTP/1.1" 304 -
180.157.253.48 - - [09/Jan/2021:09:09:12 +0800] "GET /xingrg/javascript/jquery.utils.js HTTP/1.1" 304 -
180.157.253.48 - - [09/Jan/2021:09:09:12 +0800] "GET /xingrg/javascript/jquery_tools/jquery.tools.table.js HTTP/1.1" 304 -
180.157.253.48 - - [09/Jan/2021:09:09:12 +0800] "GET /xingrg/javascript/convert.js HTTP/1.1" 304 -
180.157.253.48 - - [09/Jan/2021:09:09:12 +0800] "GET /xingrg/javascript/auto/jquery.autocomplete.js HTTP/1.1" 304 -
180.157.253.48 - - [09/Jan/2021:09:09:12 +0800] "GET /xingrg/javascript/print/LodopFuncs.js HTTP/1.1" 304 -
180.157.253.48 - - [09/Jan/2021:09:09:12 +0800] "GET /xingrg/javascript/json2.js HTTP/1.1" 304 -
180.157.253.48 - - [09/Jan/2021:09:09:12 +0800] "GET /xingrg/javascript/print/kc_print.js HTTP/1.1" 304 -
180.157.253.48 - - [09/Jan/2021:09:09:12 +0800] "GET /xingrg/javascript/jquery.cookie.js HTTP/1.1" 304 -
180.157.253.48 - - [09/Jan/2021:09:09:12 +0800] "GET /xingrg/words/20210108122147_words.js HTTP/1.1" 304 -
180.157.253.48 - - [09/Jan/2021:09:09:12 +0800] "GET /xingrg/javascript/easyui/themes/icons/copy_new.png HTTP/1.1" 304 -
180.157.253.48 - - [09/Jan/2021:09:09:12 +0800] "GET /xingrg/javascript/easyui/themes/icons/template_new.png HTTP/1.1" 304 -
180.157.253.48 - - [09/Jan/2021:09:09:12 +0800] "GET /xingrg/javascript/easyui/themes/icons/ok.png HTTP/1.1" 304 -
180.157.253.48 - - [09/Jan/2021:09:09:12 +0800] "GET /xingrg/javascript/easyui/themes/icons/print.png HTTP/1.1" 304 -
180.157.253.48 - - [09/Jan/2021:09:09:12 +0800] "GET /xingrg/javascript/easyui/themes/default/images/menu_downarrow.png HTTP/1.1" 304 -
180.157.253.48 - - [09/Jan/2021:09:09:12 +0800] "GET /xingrg/javascript/easyui/themes/icons/cancel.png HTTP/1.1" 304 -
180.157.253.48 - - [09/Jan/2021:09:09:12 +0800] "GET /xingrg/javascript/easyui/plugins/jquery.parser.js HTTP/1.1" 304 -
180.157.253.48 - - [09/Jan/2021:09:09:12 +0800] "POST /xingrg/kc/buy/cgsh_order_operate.html HTTP/1.1" 200 8245
180.157.253.48 - - [09/Jan/2021:09:09:12 +0800] "GET /xingrg/javascript/easyui/themes/default/images/button_plain_hover.png HTTP/1.1" 304 -
180.157.253.48 - - [09/Jan/2021:09:09:12 +0800] "GET /xingrg/all/common/auto_word.html?type=employee&rest_code=00148 HTTP/1.1" 200 197
180.157.253.48 - - [09/Jan/2021:09:09:12 +0800] "GET /xingrg/javascript/easyui/themes/default/validatebox.css HTTP/1.1" 404 1104
180.157.253.48 - - [09/Jan/2021:09:09:12 +0800] "GET /xingrg/javascript/easyui/plugins/jquery.validatebox.js HTTP/1.1" 304 -
180.157.253.48 - - [09/Jan/2021:09:09:12 +0800] "GET /xingrg/all/common/auto_word.html?type=employee&rest_code=00148 HTTP/1.1" 200 197
180.157.253.48 - - [09/Jan/2021:09:09:12 +0800] "GET /xingrg/javascript/easyui/plugins/jquery.numberbox.js HTTP/1.1" 304 -
180.157.253.48 - - [09/Jan/2021:09:09:12 +0800] "GET /xingrg/javascript/easyui/themes/default/images/button_plain_hover.png HTTP/1.1" 304 -
117.131.5.26 - - [09/Jan/2021:09:09:15 +0800] "GET /xingrg/check_reg.html?_=1610154895926 HTTP/1.1" 200 22
117.131.5.26 - - [09/Jan/2021:09:09:15 +0800] "GET /xingrg/all/function/internal_message.html?_=1610154896149&CODE_STATE=getMsg HTTP/1.1" 200 27
180.157.253.48 - - [09/Jan/2021:09:09:17 +0800] "GET /xingrg/javascript/pic_change.js HTTP/1.1" 304 -
180.157.253.48 - - [09/Jan/2021:09:09:17 +0800] "GET /xingrg/javascript/jquery_tools/jquery.tools.extend.js HTTP/1.1" 304 -
180.157.253.48 - - [09/Jan/2021:09:09:17 +0800] "GET /xingrg/javascript/jquery_tools/jquery.tools.hotkey.js HTTP/1.1" 304 -
180.157.253.48 - - [09/Jan/2021:09:09:17 +0800] "GET /xingrg/javascript/jquery_tools/jquery.tools.min.js HTTP/1.1" 304 -
180.157.253.48 - - [09/Jan/2021:09:09:17 +0800] "GET /xingrg/javascript/jquery_tools/jquery.tools.table.js HTTP/1.1" 304 -
180.157.253.48 - - [09/Jan/2021:09:09:17 +0800] "GET /xingrg/javascript/auto/jquery.autocomplete.js HTTP/1.1" 304 -
180.157.253.48 - - [09/Jan/2021:09:09:17 +0800] "GET /xingrg/javascript/easyui/easyloader.js HTTP/1.1" 304 -
180.157.253.48 - - [09/Jan/2021:09:09:17 +0800] "GET /xingrg/javascript/jquery.utils.js HTTP/1.1" 304 -
180.157.253.48 - - [09/Jan/2021:09:09:17 +0800] "GET /xingrg/javascript/jquery_tools/order_manager.js HTTP/1.1" 304 -
180.157.253.48 - - [09/Jan/2021:09:09:17 +0800] "GET /xingrg/javascript/json2.js HTTP/1.1" 304 -
180.157.253.48 - - [09/Jan/2021:09:09:17 +0800] "GET /xingrg/javascript/jquery.cookie.js HTTP/1.1" 304 -
180.157.253.48 - - [09/Jan/2021:09:09:17 +0800] "GET /xingrg/javascript/print/kc_print.js HTTP/1.1" 304 -
180.157.253.48 - - [09/Jan/2021:09:09:17 +0800] "GET /xingrg/javascript/easyui/plugins/jquery.parser.js HTTP/1.1" 304 -
180.157.253.48 - - [09/Jan/2021:09:09:17 +0800] "GET /xingrg/javascript/easyui/plugins/jquery.validatebox.js HTTP/1.1" 304 -
180.157.253.48 - - [09/Jan/2021:09:09:17 +0800] "GET /xingrg/javascript/print/LodopFuncs.js HTTP/1.1" 304 -
180.157.253.48 - - [09/Jan/2021:09:09:17 +0800] "GET /xingrg/javascript/easyui/plugins/jquery.numberbox.js HTTP/1.1" 304 -
180.157.253.48 - - [09/Jan/2021:09:09:17 +0800] "GET /xingrg/words/20210108122147_words.js HTTP/1.1" 304 -
180.157.253.48 - - [09/Jan/2021:09:09:17 +0800] "GET /xingrg/javascript/convert.js HTTP/1.1" 304 -
61.165.42.208 - - [09/Jan/2021:09:09:18 +0800] "GET /xingrg/all/function/internal_message.html?_=1610154558490&CODE_STATE=getMsg HTTP/1.1" 200 27
222.70.174.6 - - [09/Jan/2021:09:09:20 +0800] "GET /xingrg/kc/buy/cgsh_order_operate.html?command=get_materiel&rest_code=00146&code=00101008186&supplier_code=00100005&order_time=2021-01-09 HTTP/1.1" 200 408
180.157.253.48 - - [09/Jan/2021:09:09:22 +0800] "GET /xingrg/kc/buy/cgsh_order_operate.html?command=get_materiel&rest_code=00148&code=00101015044&supplier_code=00100059&order_time=2021-01-09 HTTP/1.1" 200 408
180.157.253.48 - - [09/Jan/2021:09:09:22 +0800] "GET /xingrg/javascript/easyui/themes/default/images/button_plain_hover.png HTTP/1.1" 304 -
116.228.172.94 - - [09/Jan/2021:09:09:28 +0800] "GET /xingrg/kc/buy/cgsh_order_operate.html?command=get_materiel&rest_code=00107&code=00101015046&supplier_code=00100006&order_time=2021-01-09 HTTP/1.1" 200 413
222.70.174.6 - - [09/Jan/2021:09:09:31 +0800] "GET /xingrg/kc/buy/cgsh_order_operate.html?command=get_materiel&rest_code=00146&code=00101008051&supplier_code=00100005&order_time=2021-01-09 HTTP/1.1" 200 409
180.157.253.48 - - [09/Jan/2021:09:09:31 +0800] "GET /xingrg/kc/buy/cgsh_order_operate.html?command=get_materiel&rest_code=00148&code=00101008284&supplier_code=00100059&order_time=2021-01-09 HTTP/1.1" 200 413
180.157.253.48 - - [09/Jan/2021:09:09:31 +0800] "GET /xingrg/javascript/easyui/themes/default/images/button_plain_hover.png HTTP/1.1" 304 -
180.157.253.48 - - [09/Jan/2021:09:09:33 +0800] "GET /xingrg/javascript/easyui/themes/default/images/button_plain_hover.png HTTP/1.1" 304 -
180.157.253.48 - - [09/Jan/2021:09:09:34 +0800] "GET /xingrg/javascript/easyui/themes/default/images/button_plain_hover.png HTTP/1.1" 304 -
180.157.253.48 - - [09/Jan/2021:09:09:34 +0800] "GET /xingrg/javascript/easyui/themes/default/images/button_plain_hover.png HTTP/1.1" 304 -
180.157.253.48 - - [09/Jan/2021:09:09:34 +0800] "GET /xingrg/javascript/easyui/themes/default/images/button_plain_hover.png HTTP/1.1" 304 -
222.70.174.6 - - [09/Jan/2021:09:09:36 +0800] "GET /xingrg/check_reg.html?_=1610154580948 HTTP/1.1" 200 22
180.157.253.48 - - [09/Jan/2021:09:09:37 +0800] "POST /xingrg/kc/buy/cgsh_order_operate.html HTTP/1.1" 200 37
222.70.174.6 - - [09/Jan/2021:09:09:37 +0800] "GET /xingrg/all/function/internal_message.html?_=1610154582242&CODE_STATE=getMsg HTTP/1.1" 200 27
222.70.174.6 - - [09/Jan/2021:09:09:40 +0800] "GET /xingrg/kc/buy/cgsh_order_operate.html?command=get_materiel&rest_code=00146&code=00101008290&supplier_code=00100005&order_time=2021-01-09 HTTP/1.1" 200 416
116.228.172.94 - - [09/Jan/2021:09:09:41 +0800] "GET /xingrg/kc/buy/cgsh_order_operate.html?command=get_materiel&rest_code=00107&code=00101015066&supplier_code=00100006&order_time=2021-01-09 HTTP/1.1" 200 413
116.228.172.94 - - [09/Jan/2021:09:09:45 +0800] "POST /xingrg/kc/buy/cgsh_order_operate.html HTTP/1.1" 200 2065
180.157.253.48 - - [09/Jan/2021:09:09:48 +0800] "POST /xingrg/kc/buy/cgsh_order_operate.html HTTP/1.1" 200 3242
222.70.174.6 - - [09/Jan/2021:09:09:50 +0800] "GET /xingrg/kc/buy/cgsh_order_operate.html?command=get_materiel&rest_code=00146&code=00101008003&supplier_code=00100005&order_time=2021-01-09 HTTP/1.1" 200 408
180.157.253.48 - - [09/Jan/2021:09:09:55 +0800] "GET /xingrg/all/function/internal_message.html?_=1610154601075&CODE_STATE=getMsg HTTP/1.1" 200 27
180.156.237.57 - - [09/Jan/2021:09:09:58 +0800] "GET /xingrg/all/function/internal_message.html?_=1610154571985&CODE_STATE=getMsg HTTP/1.1" 200 27
222.70.174.6 - - [09/Jan/2021:09:10:00 +0800] "GET /xingrg/kc/buy/cgsh_order_operate.html?command=get_materiel&rest_code=00146&code=00101008361&supplier_code=00100005&order_time=2021-01-09 HTTP/1.1" 200 408
222.70.174.6 - - [09/Jan/2021:09:10:03 +0800] "POST /xingrg/kc/buy/cgsh_order_operate.html HTTP/1.1" 200 2065
180.156.237.57 - - [09/Jan/2021:09:10:06 +0800] "GET /xingrg/all/function/internal_message.html?_=1610154579505&CODE_STATE=getMsg HTTP/1.1" 200 27
222.70.174.7 - - [09/Jan/2021:09:10:09 +0800] "GET /xingrg/all/function/internal_message.html?_=1610154610635&CODE_STATE=getMsg HTTP/1.1" 302 -
222.70.174.6 - - [09/Jan/2021:09:10:10 +0800] "GET /xingrg/kc/buy/cgsh_order_operate.html?command=get_materiel&rest_code=00146&code=00101008264&supplier_code=00100005&order_time=2021-01-09 HTTP/1.1" 200 412
58.37.230.33 - - [09/Jan/2021:09:10:11 +0800] "GET /xingrg/all/function/internal_message.html?_=1610154631751&CODE_STATE=getMsg HTTP/1.1" 200 27
222.69.138.249 - - [09/Jan/2021:09:10:12 +0800] "GET /xingrg/all/function/internal_message.html?_=1610154606291&CODE_STATE=getMsg HTTP/1.1" 200 27
61.129.8.179 - - [09/Jan/2021:09:10:15 +0800] "GET /xingrg/check_reg.html?_=1610154271747 HTTP/1.1" 302 -
117.131.5.26 - - [09/Jan/2021:09:10:15 +0800] "GET /xingrg/all/function/internal_message.html?_=1610154956160&CODE_STATE=getMsg HTTP/1.1" 200 27
61.165.42.208 - - [09/Jan/2021:09:10:18 +0800] "GET /xingrg/all/function/internal_message.html?_=1610154618491&CODE_STATE=getMsg HTTP/1.1" 200 27
61.165.42.208 - - [09/Jan/2021:09:10:18 +0800] "GET /xingrg/check_reg.html?_=1610154618489 HTTP/1.1" 200 22
222.70.174.6 - - [09/Jan/2021:09:10:20 +0800] "GET /xingrg/kc/buy/cgsh_order_operate.html?command=get_materiel&rest_code=00146&code=00101008356&supplier_code=00100005&order_time=2021-01-09 HTTP/1.1" 200 408
116.228.172.94 - - [09/Jan/2021:09:10:23 +0800] "POST /xingrg/kc/buy/cgsh_order_operate.html HTTP/1.1" 200 37
180.157.253.48 - - [09/Jan/2021:09:10:24 +0800] "GET /xingrg/javascript/easyui/themes/default/images/button_plain_hover.png HTTP/1.1" 304 -
180.157.253.48 - - [09/Jan/2021:09:10:24 +0800] "GET /xingrg/javascript/easyui/themes/default/images/button_plain_hover.png HTTP/1.1" 304 -
180.157.253.48 - - [09/Jan/2021:09:10:24 +0800] "GET /xingrg/javascript/easyui/themes/default/images/button_plain_hover.png HTTP/1.1" 304 -
180.157.253.48 - - [09/Jan/2021:09:10:25 +0800] "GET /xingrg/javascript/easyui/themes/default/images/button_plain_hover.png HTTP/1.1" 304 -
180.157.253.48 - - [09/Jan/2021:09:10:25 +0800] "GET /xingrg/javascript/easyui/themes/default/images/button_plain_hover.png HTTP/1.1" 304 -
61.129.8.179 - - [09/Jan/2021:09:10:25 +0800] "GET /xingrg/login.html HTTP/1.1" 200 7641
116.228.172.94 - - [09/Jan/2021:09:10:25 +0800] "POST /xingrg/kc/buy/cgsh_order_operate.html HTTP/1.1" 200 42850
180.157.253.48 - - [09/Jan/2021:09:10:26 +0800] "GET /xingrg/css/site.css HTTP/1.1" 304 -
180.157.253.48 - - [09/Jan/2021:09:10:26 +0800] "GET /xingrg/javascript/jquery_tools/datebox.css HTTP/1.1" 304 -
180.157.253.48 - - [09/Jan/2021:09:10:26 +0800] "GET /xingrg/javascript/easyui/themes/default/easyui.css HTTP/1.1" 304 -
180.157.253.48 - - [09/Jan/2021:09:10:26 +0800] "GET /xingrg/javascript/easyui/themes/icon.css HTTP/1.1" 304 -
180.157.253.48 - - [09/Jan/2021:09:10:26 +0800] "GET /xingrg/javascript/auto/jquery.autocomplete.css HTTP/1.1" 304 -
180.157.253.48 - - [09/Jan/2021:09:10:26 +0800] "GET /xingrg/javascript/jquery_tools/fix.css HTTP/1.1" 304 -
180.157.253.48 - - [09/Jan/2021:09:10:26 +0800] "GET /xingrg/javascript/jquery_tools/table.css HTTP/1.1" 304 -
180.157.253.48 - - [09/Jan/2021:09:10:26 +0800] "GET /xingrg/kc/buy/cgsh_order_list.html HTTP/1.1" 200 45951
180.157.253.48 - - [09/Jan/2021:09:10:26 +0800] "GET /xingrg/css/base.css HTTP/1.1" 304 -
180.157.253.48 - - [09/Jan/2021:09:10:26 +0800] "GET /xingrg/javascript/jquery_tools/jquery.tools.table.js HTTP/1.1" 304 -
180.157.253.48 - - [09/Jan/2021:09:10:26 +0800] "GET /xingrg/javascript/jquery_tools/jquery.tools.min.js HTTP/1.1" 304 -
180.157.253.48 - - [09/Jan/2021:09:10:26 +0800] "GET /xingrg/javascript/auto/jquery.autocomplete.js HTTP/1.1" 304 -
180.157.253.48 - - [09/Jan/2021:09:10:26 +0800] "GET /xingrg/javascript/jquery_tools/list_manager.js HTTP/1.1" 304 -
180.157.253.48 - - [09/Jan/2021:09:10:26 +0800] "GET /xingrg/javascript/jquery.utils.js HTTP/1.1" 304 -
180.157.253.48 - - [09/Jan/2021:09:10:26 +0800] "GET /xingrg/javascript/easyui/easyloader.js HTTP/1.1" 304 -
180.157.253.48 - - [09/Jan/2021:09:10:26 +0800] "GET /xingrg/javascript/jquery_tools/jquery.tools.hotkey.js HTTP/1.1" 304 -
180.157.253.48 - - [09/Jan/2021:09:10:26 +0800] "GET /xingrg/javascript/jquery_tools/jquery.tools.extend.js HTTP/1.1" 304 -
180.157.253.48 - - [09/Jan/2021:09:10:26 +0800] "GET /xingrg/javascript/print/LodopFuncs.js HTTP/1.1" 304 -
180.157.253.48 - - [09/Jan/2021:09:10:26 +0800] "GET /xingrg/javascript/jquery.cookie.js HTTP/1.1" 304 -
180.157.253.48 - - [09/Jan/2021:09:10:26 +0800] "GET /xingrg/javascript/easyui/plugins/jquery.parser.js HTTP/1.1" 304 -
180.157.253.48 - - [09/Jan/2021:09:10:29 +0800] "POST /xingrg/kc/buy/cgsh_list_operate.html HTTP/1.1" 200 2382
222.70.174.6 - - [09/Jan/2021:09:10:30 +0800] "GET /xingrg/kc/buy/cgsh_order_operate.html?command=get_materiel&rest_code=00146&code=00101008212&supplier_code=00100005&order_time=2021-01-09 HTTP/1.1" 200 412
222.70.174.6 - - [09/Jan/2021:09:10:37 +0800] "GET /xingrg/all/function/internal_message.html?_=1610154642257&CODE_STATE=getMsg HTTP/1.1" 200 27
222.70.174.6 - - [09/Jan/2021:09:10:40 +0800] "GET /xingrg/kc/buy/cgsh_order_operate.html?command=get_materiel&rest_code=00146&code=00101008251&supplier_code=00100005&order_time=2021-01-09 HTTP/1.1" 200 408
116.228.172.94 - - [09/Jan/2021:09:10:50 +0800] "GET /xingrg/kc/buy/cgsh_order_operate.html?command=get_materiel&rest_code=00107&code=00101008349&supplier_code=00100006&order_time=2021-01-09 HTTP/1.1" 200 414
222.70.174.6 - - [09/Jan/2021:09:10:54 +0800] "POST /xingrg/kc/buy/cgsh_order_operate.html HTTP/1.1" 200 2065
180.157.253.48 - - [09/Jan/2021:09:10:55 +0800] "GET /xingrg/all/function/internal_message.html?_=1610154661144&CODE_STATE=getMsg HTTP/1.1" 200 27
180.156.237.57 - - [09/Jan/2021:09:10:58 +0800] "GET /xingrg/all/function/internal_message.html?_=1610154632120&CODE_STATE=getMsg HTTP/1.1" 200 27
222.70.174.6 - - [09/Jan/2021:09:11:02 +0800] "GET /xingrg/kc/buy/cgsh_order_operate.html?command=get_materiel&rest_code=00146&code=00101008357&supplier_code=00100005&order_time=2021-01-09 HTTP/1.1" 200 408
180.156.237.57 - - [09/Jan/2021:09:11:06 +0800] "GET /xingrg/all/function/internal_message.html?_=1610154639527&CODE_STATE=getMsg HTTP/1.1" 200 27
222.70.174.7 - - [09/Jan/2021:09:11:09 +0800] "GET /xingrg/all/function/internal_message.html?_=1610154670637&CODE_STATE=getMsg HTTP/1.1" 302 -
58.37.230.33 - - [09/Jan/2021:09:11:11 +0800] "GET /xingrg/all/function/internal_message.html?_=1610154691750&CODE_STATE=getMsg HTTP/1.1" 200 27
116.228.172.94 - - [09/Jan/2021:09:11:11 +0800] "GET /xingrg/all/function/internal_message.html?_=1610154659637&CODE_STATE=getMsg HTTP/1.1" 200 27
222.69.138.249 - - [09/Jan/2021:09:11:12 +0800] "GET /xingrg/all/function/internal_message.html?_=1610154666292&CODE_STATE=getMsg HTTP/1.1" 200 27
222.70.174.6 - - [09/Jan/2021:09:11:13 +0800] "GET /xingrg/kc/buy/cgsh_order_operate.html?command=get_materiel&rest_code=00146&code=00101008036&supplier_code=00100005&order_time=2021-01-09 HTTP/1.1" 200 408
117.131.5.26 - - [09/Jan/2021:09:11:15 +0800] "GET /xingrg/all/function/internal_message.html?_=1610155016177&CODE_STATE=getMsg HTTP/1.1" 200 27
61.165.42.208 - - [09/Jan/2021:09:11:18 +0800] "GET /xingrg/all/function/internal_message.html?_=1610154678492&CODE_STATE=getMsg HTTP/1.1" 200 27
222.70.174.6 - - [09/Jan/2021:09:11:22 +0800] "GET /xingrg/kc/buy/cgsh_order_operate.html?command=get_materiel&rest_code=00146&code=00101008006&supplier_code=00100005&order_time=2021-01-09 HTTP/1.1" 200 416
116.228.172.94 - - [09/Jan/2021:09:11:24 +0800] "GET /xingrg/kc/buy/cgsh_order_operate.html?command=get_materiel&rest_code=00107&code=00101008084&supplier_code=00100006&order_time=2021-01-09 HTTP/1.1" 200 412
222.70.174.6 - - [09/Jan/2021:09:11:32 +0800] "GET /xingrg/kc/buy/cgsh_order_operate.html?command=get_materiel&rest_code=00146&code=00101008131&supplier_code=00100005&order_time=2021-01-09 HTTP/1.1" 200 408
222.70.174.6 - - [09/Jan/2021:09:11:37 +0800] "GET /xingrg/all/function/internal_message.html?_=1610154702270&CODE_STATE=getMsg HTTP/1.1" 200 27
116.228.172.94 - - [09/Jan/2021:09:11:42 +0800] "POST /xingrg/kc/buy/cgsh_order_operate.html HTTP/1.1" 200 2065
116.228.172.94 - - [09/Jan/2021:09:11:50 +0800] "GET /xingrg/kc/buy/cgsh_order_operate.html?command=get_materiel&rest_code=00107&code=00101008359&supplier_code=00100006&order_time=2021-01-09 HTTP/1.1" 200 408
222.70.174.6 - - [09/Jan/2021:09:11:52 +0800] "GET /xingrg/kc/buy/cgsh_order_operate.html?command=get_materiel&rest_code=00146&code=00101008296&supplier_code=00100005&order_time=2021-01-09 HTTP/1.1" 200 416
180.157.253.48 - - [09/Jan/2021:09:11:55 +0800] "GET /xingrg/all/function/internal_message.html?_=1610154721148&CODE_STATE=getMsg HTTP/1.1" 200 27
117.185.32.26 - - [09/Jan/2021:09:11:56 +0800] "GET /xingrg/login.html HTTP/1.1" 200 7641
222.70.174.6 - - [09/Jan/2021:09:11:56 +0800] "POST /xingrg/kc/buy/cgsh_order_operate.html HTTP/1.1" 200 2065
180.156.237.57 - - [09/Jan/2021:09:11:58 +0800] "GET /xingrg/all/function/internal_message.html?_=1610154692123&CODE_STATE=getMsg HTTP/1.1" 200 27
117.185.32.26 - - [09/Jan/2021:09:11:59 +0800] "GET /favicon.ico HTTP/1.1" 404 -
117.185.32.26 - - [09/Jan/2021:09:12:02 +0800] "POST /xingrg/login.do HTTP/1.1" 302 -
117.185.32.26 - - [09/Jan/2021:09:12:02 +0800] "GET /xingrg/index.html?sysBaseUrl=http%3A%2F%2F180.169.147.146%3A18081%2Fxingrg%2F&costTime=54×tamp=1610154722934 HTTP/1.1" 200 17173
222.70.174.6 - - [09/Jan/2021:09:12:04 +0800] "GET /xingrg/kc/buy/cgsh_order_operate.html?command=get_materiel&rest_code=00146&code=00101008353&supplier_code=00100005&order_time=2021-01-09 HTTP/1.1" 200 408
117.185.32.26 - - [09/Jan/2021:09:12:04 +0800] "GET /favicon.ico HTTP/1.1" 404 -
117.185.32.26 - - [09/Jan/2021:09:12:04 +0800] "POST /xingrg/all/common/load_tree.html?tree=area_rest_tree_json&manage=1 HTTP/1.1" 200 342
117.185.32.26 - - [09/Jan/2021:09:12:04 +0800] "GET /xingrg/all/function/internal_message.html?_=1610155189232&CODE_STATE=count HTTP/1.1" 200 11
117.185.32.26 - - [09/Jan/2021:09:12:04 +0800] "GET /xingrg/check_reg.html?_=1610155189239 HTTP/1.1" 200 22
117.185.32.26 - - [09/Jan/2021:09:12:04 +0800] "POST /xingrg/load_menu.html HTTP/1.1" 200 5138
180.156.237.57 - - [09/Jan/2021:09:12:06 +0800] "GET /xingrg/all/function/internal_message.html?_=1610154699532&CODE_STATE=getMsg HTTP/1.1" 200 27
222.70.174.7 - - [09/Jan/2021:09:12:09 +0800] "GET /xingrg/all/function/internal_message.html?_=1610154730681&CODE_STATE=getMsg HTTP/1.1" 302 -
117.185.32.26 - - [09/Jan/2021:09:12:10 +0800] "GET /xingrg/kc/base/yddb_order_list.html HTTP/1.1" 200 16945
58.37.230.33 - - [09/Jan/2021:09:12:11 +0800] "GET /xingrg/all/function/internal_message.html?_=1610154751748&CODE_STATE=getMsg HTTP/1.1" 200 27
116.228.172.94 - - [09/Jan/2021:09:12:11 +0800] "GET /xingrg/all/function/internal_message.html?_=1610154719626&CODE_STATE=getMsg HTTP/1.1" 200 27
222.69.138.249 - - [09/Jan/2021:09:12:12 +0800] "GET /xingrg/all/function/internal_message.html?_=1610154726293&CODE_STATE=getMsg HTTP/1.1" 200 27
117.185.32.26 - - [09/Jan/2021:09:12:13 +0800] "POST /xingrg/kc/base/yddb_list_operate.html HTTP/1.1" 200 636
117.185.32.26 - - [09/Jan/2021:09:12:13 +0800] "GET /xingrg/kc/base/yddb_order_list.html HTTP/1.1" 200 16945
117.185.32.26 - - [09/Jan/2021:09:12:13 +0800] "POST /xingrg/kc/base/yddb_list_operate.html HTTP/1.1" 200 636
117.131.5.26 - - [09/Jan/2021:09:12:16 +0800] "GET /xingrg/all/function/internal_message.html?_=1610155076541&CODE_STATE=getMsg HTTP/1.1" 200 27
61.165.42.208 - - [09/Jan/2021:09:12:18 +0800] "GET /xingrg/all/function/internal_message.html?_=1610154738490&CODE_STATE=getMsg HTTP/1.1" 200 27
117.185.32.26 - - [09/Jan/2021:09:12:19 +0800] "POST /xingrg/kc/base/yddb_list_operate.html HTTP/1.1" 200 4306
116.228.172.94 - - [09/Jan/2021:09:12:23 +0800] "POST /xingrg/kc/buy/cgsh_order_operate.html HTTP/1.1" 200 37
101.93.222.235 - - [09/Jan/2021:09:12:26 +0800] "POST /xingrg/services/DataTransmitService HTTP/1.1" 200 524
222.70.174.6 - - [09/Jan/2021:09:12:28 +0800] "GET /xingrg/kc/buy/cgsh_order_operate.html?command=get_materiel&rest_code=00146&code=00101008298&supplier_code=00100005&order_time=2021-01-09 HTTP/1.1" 200 413
117.185.32.26 - - [09/Jan/2021:09:12:30 +0800] "POST /xingrg/kc/base/yddb_list_operate.html HTTP/1.1" 200 429
117.185.32.26 - - [09/Jan/2021:09:12:31 +0800] "GET /xingrg/kc/base/yddb_order_info.html?code=482021010800067 HTTP/1.1" 200 29456
117.185.32.26 - - [09/Jan/2021:09:12:31 +0800] "GET /xingrg/dwr/interface/AjaxComOrderService.js HTTP/1.1" 200 18264
117.185.32.26 - - [09/Jan/2021:09:12:31 +0800] "GET /xingrg/dwr/interface/AjaxYddbService.js HTTP/1.1" 200 13201
117.185.32.26 - - [09/Jan/2021:09:12:31 +0800] "GET /xingrg/dwr/util.js HTTP/1.1" 304 -
117.185.32.26 - - [09/Jan/2021:09:12:31 +0800] "GET /xingrg/dwr/engine.js HTTP/1.1" 200 43631
117.185.32.26 - - [09/Jan/2021:09:12:31 +0800] "POST /xingrg/dwr/call/plaincall/AjaxYddbService.loadMaterielItems.dwr HTTP/1.1" 200 1341
101.89.29.78 - - [09/Jan/2021:09:12:34 +0800] "GET /xingrg/all/function/internal_message.html?_=1610154391743&CODE_STATE=getMsg HTTP/1.1" 302 -
222.70.174.6 - - [09/Jan/2021:09:12:37 +0800] "GET /xingrg/all/function/internal_message.html?_=1610154762283&CODE_STATE=getMsg HTTP/1.1" 200 27
222.70.174.6 - - [09/Jan/2021:09:12:38 +0800] "GET /xingrg/kc/buy/cgsh_order_operate.html?command=get_materiel&rest_code=00146&code=00101008225&supplier_code=00100005&order_time=2021-01-09 HTTP/1.1" 200 416
101.89.29.78 - - [09/Jan/2021:09:12:42 +0800] "GET /xingrg/login.html HTTP/1.1" 200 7641
117.185.32.26 - - [09/Jan/2021:09:12:45 +0800] "GET /xingrg/kc/base/yddb_order_list.html?isBack=1 HTTP/1.1" 200 16945
117.185.32.26 - - [09/Jan/2021:09:12:45 +0800] "POST /xingrg/kc/base/yddb_list_operate.html HTTP/1.1" 200 636
117.185.32.26 - - [09/Jan/2021:09:12:48 +0800] "GET /xingrg/kc/base/base_main.html HTTP/1.1" 200 12142
222.70.174.6 - - [09/Jan/2021:09:12:49 +0800] "GET /xingrg/kc/buy/cgsh_order_operate.html?command=get_materiel&rest_code=00146&code=00101008125&supplier_code=00100005&order_time=2021-01-09 HTTP/1.1" 200 413
222.70.174.6 - - [09/Jan/2021:09:12:51 +0800] "POST /xingrg/kc/buy/cgsh_order_operate.html HTTP/1.1" 200 2065
117.184.7.26 - - [09/Jan/2021:09:12:54 +0800] "GET /xingrg/login.html HTTP/1.1" 200 7641
180.157.253.48 - - [09/Jan/2021:09:12:55 +0800] "GET /xingrg/check_reg.html?_=1610154780790 HTTP/1.1" 200 22
180.157.253.48 - - [09/Jan/2021:09:12:55 +0800] "GET /xingrg/all/function/internal_message.html?_=1610154781162&CODE_STATE=getMsg HTTP/1.1" 200 27
180.156.237.57 - - [09/Jan/2021:09:12:58 +0800] "GET /xingrg/all/function/internal_message.html?_=1610154752254&CODE_STATE=getMsg HTTP/1.1" 200 27
117.185.32.26 - - [09/Jan/2021:09:13:04 +0800] "GET /xingrg/all/function/internal_message.html?_=1610155249248&CODE_STATE=getMsg HTTP/1.1" 200 27
117.184.7.26 - - [09/Jan/2021:09:13:04 +0800] "GET /favicon.ico HTTP/1.1" 404 -
180.156.237.57 - - [09/Jan/2021:09:13:06 +0800] "GET /xingrg/all/function/internal_message.html?_=1610154759555&CODE_STATE=getMsg HTTP/1.1" 200 27
180.156.237.57 - - [09/Jan/2021:09:13:06 +0800] "GET /xingrg/check_reg.html?_=1610154760124 HTTP/1.1" 200 22
222.70.174.7 - - [09/Jan/2021:09:13:09 +0800] "GET /xingrg/all/function/internal_message.html?_=1610154790695&CODE_STATE=getMsg HTTP/1.1" 302 -
58.37.230.33 - - [09/Jan/2021:09:13:11 +0800] "GET /xingrg/all/function/internal_message.html?_=1610154811745&CODE_STATE=getMsg HTTP/1.1" 200 27
222.70.174.6 - - [09/Jan/2021:09:13:11 +0800] "GET /xingrg/kc/buy/cgsh_order_operate.html?command=get_materiel&rest_code=00146&code=00101008091&supplier_code=00100005&order_time=2021-01-09 HTTP/1.1" 200 412
222.69.138.249 - - [09/Jan/2021:09:13:12 +0800] "GET /xingrg/check_reg.html?_=1610154786292 HTTP/1.1" 200 22
222.69.138.249 - - [09/Jan/2021:09:13:12 +0800] "GET /xingrg/all/function/internal_message.html?_=1610154786302&CODE_STATE=getMsg HTTP/1.1" 200 27
117.131.5.26 - - [09/Jan/2021:09:13:16 +0800] "GET /xingrg/all/function/internal_message.html?_=1610155136565&CODE_STATE=getMsg HTTP/1.1" 200 27
61.165.42.208 - - [09/Jan/2021:09:13:18 +0800] "GET /xingrg/all/function/internal_message.html?_=1610154798488&CODE_STATE=getMsg HTTP/1.1" 200 27
222.70.174.6 - - [09/Jan/2021:09:13:25 +0800] "GET /xingrg/kc/buy/cgsh_order_operate.html?command=get_materiel&rest_code=00146&code=00101008055&supplier_code=00100005&order_time=2021-01-09 HTTP/1.1" 200 409
222.70.174.6 - - [09/Jan/2021:09:13:37 +0800] "GET /xingrg/all/function/internal_message.html?_=1610154822298&CODE_STATE=getMsg HTTP/1.1" 200 27
222.70.174.7 - - [09/Jan/2021:09:13:46 +0800] "GET /xingrg/check_reg.html?_=1610154827550 HTTP/1.1" 302 -
222.70.174.6 - - [09/Jan/2021:09:13:47 +0800] "GET /xingrg/kc/buy/cgsh_order_operate.html?command=get_materiel&rest_code=00146&code=00101008155&supplier_code=00100005&order_time=2021-01-09 HTTP/1.1" 200 408
180.156.237.57 - - [09/Jan/2021:09:13:50 +0800] "GET /xingrg/check_reg.html?_=1610154803651 HTTP/1.1" 200 22
222.70.174.6 - - [09/Jan/2021:09:13:50 +0800] "POST /xingrg/kc/buy/cgsh_order_operate.html HTTP/1.1" 200 2065
180.157.253.48 - - [09/Jan/2021:09:13:55 +0800] "GET /xingrg/all/function/internal_message.html?_=1610154841176&CODE_STATE=getMsg HTTP/1.1" 200 27
180.156.237.57 - - [09/Jan/2021:09:13:58 +0800] "GET /xingrg/all/function/internal_message.html?_=1610154812258&CODE_STATE=getMsg HTTP/1.1" 200 27
61.129.6.225 - - [09/Jan/2021:09:14:00 +0800] "GET /xingrg/all/function/internal_message.html?_=1610154451757&CODE_STATE=getMsg HTTP/1.1" 302 -
117.185.32.26 - - [09/Jan/2021:09:14:04 +0800] "GET /xingrg/all/function/internal_message.html?_=1610155309245&CODE_STATE=getMsg HTTP/1.1" 200 27
180.156.237.57 - - [09/Jan/2021:09:14:06 +0800] "GET /xingrg/all/function/internal_message.html?_=1610154819559&CODE_STATE=getMsg HTTP/1.1" 200 27
61.129.6.225 - - [09/Jan/2021:09:14:07 +0800] "GET /xingrg/login.html HTTP/1.1" 200 7641
222.70.174.7 - - [09/Jan/2021:09:14:09 +0800] "GET /xingrg/all/function/internal_message.html?_=1610154850733&CODE_STATE=getMsg HTTP/1.1" 302 -
58.37.230.33 - - [09/Jan/2021:09:14:11 +0800] "GET /xingrg/all/function/internal_message.html?_=1610154871744&CODE_STATE=getMsg HTTP/1.1" 200 27
58.37.230.33 - - [09/Jan/2021:09:14:11 +0800] "GET /xingrg/check_reg.html?_=1610154871745 HTTP/1.1" 200 22
222.69.138.249 - - [09/Jan/2021:09:14:12 +0800] "GET /xingrg/all/function/internal_message.html?_=1610154846300&CODE_STATE=getMsg HTTP/1.1" 200 27
117.131.5.26 - - [09/Jan/2021:09:14:15 +0800] "GET /xingrg/check_reg.html?_=1610155196281 HTTP/1.1" 200 22
117.131.5.26 - - [09/Jan/2021:09:14:16 +0800] "GET /xingrg/all/function/internal_message.html?_=1610155196576&CODE_STATE=getMsg HTTP/1.1" 200 27
61.165.42.208 - - [09/Jan/2021:09:14:18 +0800] "GET /xingrg/all/function/internal_message.html?_=1610154858487&CODE_STATE=getMsg HTTP/1.1" 200 27
222.70.174.6 - - [09/Jan/2021:09:14:22 +0800] "GET /xingrg/kc/buy/cgsh_order_operate.html?command=get_materiel&rest_code=00146&code=00101008010&supplier_code=00100005&order_time=2021-01-09 HTTP/1.1" 200 412
124.77.238.8 - - [09/Jan/2021:09:14:24 +0800] "POST /xingrg/services/DataTransmitService HTTP/1.1" 200 524
222.70.174.6 - - [09/Jan/2021:09:14:35 +0800] "GET /xingrg/kc/buy/cgsh_order_operate.html?command=get_materiel&rest_code=00146&code=00101008110&supplier_code=00100005&order_time=2021-01-09 HTTP/1.1" 200 408
222.70.174.6 - - [09/Jan/2021:09:14:36 +0800] "GET /xingrg/check_reg.html?_=1610154880958 HTTP/1.1" 200 22
222.70.174.6 - - [09/Jan/2021:09:14:37 +0800] "GET /xingrg/all/function/internal_message.html?_=1610154882346&CODE_STATE=getMsg HTTP/1.1" 200 27
222.70.174.6 - - [09/Jan/2021:09:14:50 +0800] "GET /xingrg/kc/buy/cgsh_order_operate.html?command=get_materiel&rest_code=00146&code=00101008096&supplier_code=00100005&order_time=2021-01-09 HTTP/1.1" 200 413
116.228.172.94 - - [09/Jan/2021:09:14:53 +0800] "GET /xingrg/check_reg.html?_=1610154882179 HTTP/1.1" 200 22
116.228.172.94 - - [09/Jan/2021:09:14:53 +0800] "GET /xingrg/all/function/internal_message.html?_=1610154882171&CODE_STATE=getMsg HTTP/1.1" 200 27
222.70.174.6 - - [09/Jan/2021:09:14:54 +0800] "POST /xingrg/kc/buy/cgsh_order_operate.html HTTP/1.1" 200 2065
116.228.172.94 - - [09/Jan/2021:09:14:54 +0800] "POST /xingrg/kc/buy/cgsh_order_operate.html HTTP/1.1" 200 46979
180.157.253.48 - - [09/Jan/2021:09:14:55 +0800] "GET /xingrg/all/function/internal_message.html?_=1610154901190&CODE_STATE=getMsg HTTP/1.1" 200 27
180.156.237.57 - - [09/Jan/2021:09:14:58 +0800] "GET /xingrg/all/function/internal_message.html?_=1610154872273&CODE_STATE=getMsg HTTP/1.1" 200 27
222.70.174.6 - - [09/Jan/2021:09:15:01 +0800] "GET /xingrg/kc/buy/cgsh_order_operate.html?command=get_materiel&rest_code=00146&code=00101008038&supplier_code=00100005&order_time=2021-01-09 HTTP/1.1" 200 431
117.185.32.26 - - [09/Jan/2021:09:15:04 +0800] "GET /xingrg/all/function/internal_message.html?_=1610155369256&CODE_STATE=getMsg HTTP/1.1" 200 27
180.156.237.57 - - [09/Jan/2021:09:15:06 +0800] "GET /xingrg/all/function/internal_message.html?_=1610154879574&CODE_STATE=getMsg HTTP/1.1" 200 27
222.70.174.7 - - [09/Jan/2021:09:15:09 +0800] "GET /xingrg/all/function/internal_message.html?_=1610154910738&CODE_STATE=getMsg HTTP/1.1" 302 -
222.70.174.6 - - [09/Jan/2021:09:15:10 +0800] "GET /xingrg/kc/buy/cgsh_order_operate.html?command=get_materiel&rest_code=00146&code=00101008163&supplier_code=00100005&order_time=2021-01-09 HTTP/1.1" 200 409
58.37.230.33 - - [09/Jan/2021:09:15:11 +0800] "GET /xingrg/all/function/internal_message.html?_=1610154931743&CODE_STATE=getMsg HTTP/1.1" 200 27
222.69.138.249 - - [09/Jan/2021:09:15:12 +0800] "GET /xingrg/all/function/internal_message.html?_=1610154906299&CODE_STATE=getMsg HTTP/1.1" 200 27
61.151.178.236 - - [09/Jan/2021:09:15:15 +0800] "GET /xingrg/all/function/internal_message.html?_=1610154511755&CODE_STATE=getMsg HTTP/1.1" 302 -
117.131.5.26 - - [09/Jan/2021:09:15:16 +0800] "GET /xingrg/all/function/internal_message.html?_=1610155256586&CODE_STATE=getMsg HTTP/1.1" 200 27
61.165.42.208 - - [09/Jan/2021:09:15:18 +0800] "GET /xingrg/all/function/internal_message.html?_=1610154918486&CODE_STATE=getMsg HTTP/1.1" 200 27
61.165.42.208 - - [09/Jan/2021:09:15:18 +0800] "GET /xingrg/check_reg.html?_=1610154918489 HTTP/1.1" 200 22
222.70.174.6 - - [09/Jan/2021:09:15:22 +0800] "GET /xingrg/kc/buy/cgsh_order_operate.html?command=get_materiel&rest_code=00146&code=00101008355&supplier_code=00100005&order_time=2021-01-09 HTTP/1.1" 200 408
61.151.178.236 - - [09/Jan/2021:09:15:25 +0800] "GET /xingrg/login.html HTTP/1.1" 200 7641
58.221.95.50 - - [09/Jan/2021:09:15:37 +0800] "GET /xingrg/kc/buy/cgsh_order_add.html HTTP/1.1" 302 -
58.221.95.50 - - [09/Jan/2021:09:15:37 +0800] "GET /xingrg/login.html HTTP/1.1" 200 7641
58.221.95.50 - - [09/Jan/2021:09:15:37 +0800] "GET /xingrg/login.html HTTP/1.1" 200 7641
58.221.95.50 - - [09/Jan/2021:09:15:37 +0800] "GET /favicon.ico HTTP/1.1" 404 -
222.70.174.6 - - [09/Jan/2021:09:15:37 +0800] "GET /xingrg/all/function/internal_message.html?_=1610154942355&CODE_STATE=getMsg HTTP/1.1" 200 27
58.221.95.50 - - [09/Jan/2021:09:15:39 +0800] "POST /xingrg/login.do HTTP/1.1" 302 -
58.221.95.50 - - [09/Jan/2021:09:15:39 +0800] "GET /xingrg/index.html?sysBaseUrl=http%3A%2F%2F180.169.147.146%3A18081%2Fxingrg%2F&costTime=105×tamp=1610154939275 HTTP/1.1" 200 17417
58.221.95.50 - - [09/Jan/2021:09:15:39 +0800] "GET /favicon.ico HTTP/1.1" 404 -
58.221.95.50 - - [09/Jan/2021:09:15:39 +0800] "POST /xingrg/all/common/load_tree.html?tree=area_rest_tree_json&manage=1 HTTP/1.1" 200 3344
58.221.95.50 - - [09/Jan/2021:09:15:39 +0800] "GET /xingrg/all/function/internal_message.html?_=1610154936290&CODE_STATE=count HTTP/1.1" 200 11
58.221.95.50 - - [09/Jan/2021:09:15:39 +0800] "GET /xingrg/check_reg.html?_=1610154936291 HTTP/1.1" 200 22
58.221.95.50 - - [09/Jan/2021:09:15:39 +0800] "POST /xingrg/load_menu.html HTTP/1.1" 200 9959
58.221.95.50 - - [09/Jan/2021:09:15:42 +0800] "GET /xingrg/kc/buy/cgsh_order_list.html HTTP/1.1" 200 45949
58.221.95.50 - - [09/Jan/2021:09:15:43 +0800] "POST /xingrg/kc/buy/cgsh_list_operate.html HTTP/1.1" 200 876
222.69.138.249 - - [09/Jan/2021:09:15:44 +0800] "POST /xingrg/services/DataTransmitService HTTP/1.1" 200 524
222.69.138.249 - - [09/Jan/2021:09:15:44 +0800] "POST /xingrg/services/DataTransmitService HTTP/1.1" 200 1847
222.69.138.249 - - [09/Jan/2021:09:15:45 +0800] "POST /xingrg/services/DataTransmitService HTTP/1.1" 200 155708
222.70.174.6 - - [09/Jan/2021:09:15:50 +0800] "GET /xingrg/kc/buy/cgsh_order_operate.html?command=get_materiel&rest_code=00146&code=00101008137&supplier_code=00100005&order_time=2021-01-09 HTTP/1.1" 200 408
222.70.174.6 - - [09/Jan/2021:09:15:52 +0800] "POST /xingrg/kc/buy/cgsh_order_operate.html HTTP/1.1" 200 2065
116.228.172.94 - - [09/Jan/2021:09:15:53 +0800] "GET /xingrg/all/function/internal_message.html?_=1610154942151&CODE_STATE=getMsg HTTP/1.1" 200 27
180.157.253.48 - - [09/Jan/2021:09:15:55 +0800] "GET /xingrg/all/function/internal_message.html?_=1610154961271&CODE_STATE=getMsg HTTP/1.1" 200 27
180.156.237.57 - - [09/Jan/2021:09:15:58 +0800] "GET /xingrg/all/function/internal_message.html?_=1610154932435&CODE_STATE=getMsg HTTP/1.1" 200 27
222.70.174.6 - - [09/Jan/2021:09:15:59 +0800] "GET /xingrg/kc/buy/cgsh_order_operate.html?command=get_materiel&rest_code=00146&code=00101008196&supplier_code=00100005&order_time=2021-01-09 HTTP/1.1" 200 416
117.185.32.26 - - [09/Jan/2021:09:16:04 +0800] "GET /xingrg/all/function/internal_message.html?_=1610155429251&CODE_STATE=getMsg HTTP/1.1" 200 27
180.156.237.57 - - [09/Jan/2021:09:16:06 +0800] "GET /xingrg/all/function/internal_message.html?_=1610154939593&CODE_STATE=getMsg HTTP/1.1" 200 27
101.227.139.171 - - [09/Jan/2021:09:16:06 +0800] "GET /xingrg/check_reg.html?_=1610154571752 HTTP/1.1" 302 -
222.70.174.7 - - [09/Jan/2021:09:16:09 +0800] "GET /xingrg/all/function/internal_message.html?_=1610154970782&CODE_STATE=getMsg HTTP/1.1" 302 -
58.37.230.33 - - [09/Jan/2021:09:16:11 +0800] "GET /xingrg/all/function/internal_message.html?_=1610154991783&CODE_STATE=getMsg HTTP/1.1" 200 27
222.69.138.249 - - [09/Jan/2021:09:16:12 +0800] "GET /xingrg/all/function/internal_message.html?_=1610154966299&CODE_STATE=getMsg HTTP/1.1" 200 27
117.131.5.26 - - [09/Jan/2021:09:16:16 +0800] "GET /xingrg/all/function/internal_message.html?_=1610155316602&CODE_STATE=getMsg HTTP/1.1" 200 27
101.227.139.171 - - [09/Jan/2021:09:16:16 +0800] "GET /xingrg/login.html HTTP/1.1" 200 7641
222.70.174.6 - - [09/Jan/2021:09:16:17 +0800] "GET /xingrg/kc/buy/cgsh_order_operate.html?command=get_materiel&rest_code=00146&code=00101008069&supplier_code=00100005&order_time=2021-01-09 HTTP/1.1" 200 412
61.165.42.208 - - [09/Jan/2021:09:16:18 +0800] "GET /xingrg/all/function/internal_message.html?_=1610154978487&CODE_STATE=getMsg HTTP/1.1" 200 27
58.37.230.33 - - [09/Jan/2021:09:16:26 +0800] "GET /xingrg/check_reg.html?_=1610154534542 HTTP/1.1" 302 -
58.37.230.33 - - [09/Jan/2021:09:16:26 +0800] "GET /xingrg/login.html HTTP/1.1" 200 7641
222.70.174.6 - - [09/Jan/2021:09:16:37 +0800] "GET /xingrg/all/function/internal_message.html?_=1610155002389&CODE_STATE=getMsg HTTP/1.1" 200 27
222.70.174.6 - - [09/Jan/2021:09:16:38 +0800] "POST /xingrg/kc/buy/cgsh_order_operate.html HTTP/1.1" 200 2065
58.221.95.50 - - [09/Jan/2021:09:16:39 +0800] "GET /xingrg/all/function/internal_message.html?_=1610154996296&CODE_STATE=getMsg HTTP/1.1" 200 27
116.228.172.94 - - [09/Jan/2021:09:16:53 +0800] "GET /xingrg/all/function/internal_message.html?_=1610155002131&CODE_STATE=getMsg HTTP/1.1" 200 27
222.70.174.6 - - [09/Jan/2021:09:16:54 +0800] "GET /xingrg/kc/buy/cgsh_order_operate.html?command=get_materiel&rest_code=00146&code=00101008318&supplier_code=00100005&order_time=2021-01-09 HTTP/1.1" 200 408
180.157.253.48 - - [09/Jan/2021:09:16:55 +0800] "GET /xingrg/all/function/internal_message.html?_=1610155021279&CODE_STATE=getMsg HTTP/1.1" 200 27
180.156.237.57 - - [09/Jan/2021:09:16:58 +0800] "GET /xingrg/all/function/internal_message.html?_=1610154992439&CODE_STATE=getMsg HTTP/1.1" 200 27
117.185.32.26 - - [09/Jan/2021:09:17:04 +0800] "GET /xingrg/check_reg.html?_=1610155489238 HTTP/1.1" 200 22
117.185.32.26 - - [09/Jan/2021:09:17:04 +0800] "GET /xingrg/all/function/internal_message.html?_=1610155489243&CODE_STATE=getMsg HTTP/1.1" 200 27
180.156.237.57 - - [09/Jan/2021:09:17:06 +0800] "GET /xingrg/all/function/internal_message.html?_=1610154999600&CODE_STATE=getMsg HTTP/1.1" 200 27
222.70.174.6 - - [09/Jan/2021:09:17:09 +0800] "GET /xingrg/kc/buy/cgsh_order_operate.html?command=get_materiel&rest_code=00146&code=00101008352&supplier_code=00100005&order_time=2021-01-09 HTTP/1.1" 200 412
222.70.174.7 - - [09/Jan/2021:09:17:09 +0800] "GET /xingrg/all/function/internal_message.html?_=1610155030796&CODE_STATE=getMsg HTTP/1.1" 302 -
58.37.230.33 - - [09/Jan/2021:09:17:11 +0800] "GET /xingrg/all/function/internal_message.html?_=1610155051781&CODE_STATE=getMsg HTTP/1.1" 200 27
222.69.138.249 - - [09/Jan/2021:09:17:12 +0800] "GET /xingrg/all/function/internal_message.html?_=1610155026303&CODE_STATE=getMsg HTTP/1.1" 200 27
117.131.5.26 - - [09/Jan/2021:09:17:16 +0800] "GET /xingrg/all/function/internal_message.html?_=1610155376963&CODE_STATE=getMsg HTTP/1.1" 200 27
222.69.138.249 - - [09/Jan/2021:09:17:16 +0800] "POST /xingrg/services/DataTransmitService HTTP/1.1" 200 524
61.165.42.208 - - [09/Jan/2021:09:17:18 +0800] "GET /xingrg/all/function/internal_message.html?_=1610155038487&CODE_STATE=getMsg HTTP/1.1" 200 27
222.70.174.6 - - [09/Jan/2021:09:17:19 +0800] "GET /xingrg/kc/buy/cgsh_order_operate.html?command=get_materiel&rest_code=00146&code=00101008098&supplier_code=00100005&order_time=2021-01-09 HTTP/1.1" 200 412
222.69.138.249 - - [09/Jan/2021:09:17:24 +0800] "POST /xingrg/services/DataTransmitService HTTP/1.1" 200 501
222.70.174.6 - - [09/Jan/2021:09:17:29 +0800] "GET /xingrg/kc/buy/cgsh_order_operate.html?command=get_materiel&rest_code=00146&code=00101008005&supplier_code=00100005&order_time=2021-01-09 HTTP/1.1" 200 412
222.70.174.6 - - [09/Jan/2021:09:17:32 +0800] "POST /xingrg/kc/buy/cgsh_order_operate.html HTTP/1.1" 200 2065
222.69.138.249 - - [09/Jan/2021:09:17:33 +0800] "POST /xingrg/services/DataTransmitService HTTP/1.1" 200 524
116.228.172.94 - - [09/Jan/2021:09:17:35 +0800] "GET /xingrg/kc/buy/cgsh_order_operate.html?command=get_materiel&rest_code=00107&code=00102014046&supplier_code=00100006&order_time=2021-01-09 HTTP/1.1" 200 409
