114.88.169.67 - - [09/Jan/2021:10:51:59 +0800] "GET /xingrg/all/function/internal_message.html?_=1610160713771&CODE_STATE=getMsg HTTP/1.1" 200 27
180.157.253.48 - - [09/Jan/2021:10:51:59 +0800] "POST /xingrg/kc/buy/cgsh_order_operate.html HTTP/1.1" 200 37
116.228.172.94 - - [09/Jan/2021:10:52:00 +0800] "GET /xingrg/all/function/internal_message.html?_=1610160708451&CODE_STATE=getMsg HTTP/1.1" 200 27
180.157.253.48 - - [09/Jan/2021:10:52:02 +0800] "POST /xingrg/kc/buy/cgsh_order_operate.html HTTP/1.1" 200 12
180.175.150.119 - - [09/Jan/2021:10:52:02 +0800] "GET /xingrg/check_reg.html?_=1610160956600 HTTP/1.1" 200 22
180.175.150.119 - - [09/Jan/2021:10:52:03 +0800] "GET /xingrg/all/function/internal_message.html?_=1610160956890&CODE_STATE=getMsg HTTP/1.1" 200 27
180.157.253.48 - - [09/Jan/2021:10:52:03 +0800] "GET /xingrg/kc/buy/cgsh_order_info.html?code=212021010903514 HTTP/1.1" 200 56585
180.157.253.48 - - [09/Jan/2021:10:52:04 +0800] "GET /xingrg/javascript/easyui/themes/default/validatebox.css HTTP/1.1" 404 1104
117.185.32.26 - - [09/Jan/2021:10:52:04 +0800] "GET /xingrg/check_reg.html?_=1610161189300 HTTP/1.1" 200 22
117.185.32.26 - - [09/Jan/2021:10:52:04 +0800] "GET /xingrg/all/function/internal_message.html?_=1610161189302&CODE_STATE=getMsg HTTP/1.1" 200 27
180.157.253.48 - - [09/Jan/2021:10:52:04 +0800] "POST /xingrg/kc/buy/cgsh_order_operate.html HTTP/1.1" 200 629
172.17.200.101 - - [09/Jan/2021:10:52:05 +0800] "GET /xingrg/all/function/internal_message.html?_=1610160727094&CODE_STATE=getMsg HTTP/1.1" 200 27
180.157.253.48 - - [09/Jan/2021:10:52:06 +0800] "GET /xingrg/kc/print/load_data.html?order_code=212021010903514&kc_code=cgsh&condition= HTTP/1.1" 200 720
180.156.237.57 - - [09/Jan/2021:10:52:07 +0800] "GET /xingrg/all/function/internal_message.html?_=1610160700891&CODE_STATE=getMsg HTTP/1.1" 200 27
180.157.253.48 - - [09/Jan/2021:10:52:09 +0800] "GET /xingrg/kc/buy/cgsh_order_add.html HTTP/1.1" 200 61689
116.228.172.94 - - [09/Jan/2021:10:52:09 +0800] "GET /xingrg/kc/buy/cgsh_order_operate.html?command=get_materiel&rest_code=00107&code=00101010629&supplier_code=00100322&order_time=2021-01-09 HTTP/1.1" 200 407
180.157.253.48 - - [09/Jan/2021:10:52:10 +0800] "POST /xingrg/kc/buy/cgsh_order_operate.html HTTP/1.1" 200 8245
180.157.253.48 - - [09/Jan/2021:10:52:10 +0800] "GET /xingrg/javascript/easyui/themes/default/validatebox.css HTTP/1.1" 404 1104
58.37.230.33 - - [09/Jan/2021:10:52:11 +0800] "GET /xingrg/all/function/internal_message.html?_=1610160751937&CODE_STATE=getMsg HTTP/1.1" 200 27
222.70.174.7 - - [09/Jan/2021:10:52:12 +0800] "GET /xingrg/all/function/internal_message.html?_=1610160733350&CODE_STATE=getMsg HTTP/1.1" 302 -
58.37.230.33 - - [09/Jan/2021:10:52:14 +0800] "POST /xingrg/services/DataTransmitService HTTP/1.1" 200 524
58.37.230.33 - - [09/Jan/2021:10:52:15 +0800] "POST /xingrg/services/DataTransmitService HTTP/1.1" 200 2031
58.37.230.33 - - [09/Jan/2021:10:52:17 +0800] "POST /xingrg/services/DataTransmitService HTTP/1.1" 200 191871
61.165.42.208 - - [09/Jan/2021:10:52:17 +0800] "GET /xingrg/all/function/internal_message.html?_=1610160738370&CODE_STATE=getMsg HTTP/1.1" 200 27
180.157.253.48 - - [09/Jan/2021:10:52:18 +0800] "GET /xingrg/kc/buy/cgsh_order_operate.html?command=get_materiel&rest_code=00148&code=00101004011&supplier_code=00100086&order_time=2021-01-09 HTTP/1.1" 200 433
180.156.237.57 - - [09/Jan/2021:10:52:20 +0800] "GET /xingrg/all/function/internal_message.html?_=1610160713495&CODE_STATE=getMsg HTTP/1.1" 200 27
101.85.93.83 - - [09/Jan/2021:10:52:24 +0800] "GET /xingrg/all/function/internal_message.html?_=1610160410966&CODE_STATE=getMsg HTTP/1.1" 200 27
117.131.5.26 - - [09/Jan/2021:10:52:24 +0800] "GET /xingrg/all/function/internal_message.html?_=1610161084835&CODE_STATE=getMsg HTTP/1.1" 200 27
116.228.172.94 - - [09/Jan/2021:10:52:25 +0800] "POST /xingrg/kc/buy/cgsh_order_operate.html HTTP/1.1" 200 37
116.228.172.94 - - [09/Jan/2021:10:52:27 +0800] "POST /xingrg/kc/buy/cgsh_order_operate.html HTTP/1.1" 200 5069
116.228.172.94 - - [09/Jan/2021:10:52:30 +0800] "GET /xingrg/kc/print/load_data.html?order_code=212021010903515&kc_code=cgsh&condition= HTTP/1.1" 200 1612
222.69.138.249 - - [09/Jan/2021:10:52:33 +0800] "GET /xingrg/all/function/internal_message.html?_=1610160747821&CODE_STATE=getMsg HTTP/1.1" 200 27
180.157.253.48 - - [09/Jan/2021:10:52:37 +0800] "GET /xingrg/all/function/internal_message.html?_=1610160758296&CODE_STATE=getMsg HTTP/1.1" 200 27
172.17.0.100 - - [09/Jan/2021:10:52:38 +0800] "GET /xingrg/all/function/internal_message.html?_=1610160754465&CODE_STATE=getMsg HTTP/1.1" 200 27
58.221.95.50 - - [09/Jan/2021:10:52:39 +0800] "GET /xingrg/all/function/internal_message.html?_=1610160756178&CODE_STATE=getMsg HTTP/1.1" 200 27
58.37.230.33 - - [09/Jan/2021:10:52:45 +0800] "GET /xingrg/all/function/internal_message.html?_=1610160785888&CODE_STATE=getMsg HTTP/1.1" 200 27
180.157.253.48 - - [09/Jan/2021:10:52:45 +0800] "POST /xingrg/kc/buy/cgsh_order_operate.html HTTP/1.1" 200 37
222.70.174.6 - - [09/Jan/2021:10:52:45 +0800] "GET /xingrg/all/function/internal_message.html?_=1610160770334&CODE_STATE=getMsg HTTP/1.1" 200 27
101.85.52.2 - - [09/Jan/2021:10:52:48 +0800] "GET /xingrg/check_reg.html?_=1610160753048 HTTP/1.1" 200 22
101.85.52.2 - - [09/Jan/2021:10:52:48 +0800] "GET /xingrg/all/function/internal_message.html?_=1610160753043&CODE_STATE=getMsg HTTP/1.1" 200 27
101.227.139.173 - - [09/Jan/2021:10:52:48 +0800] "GET /xingrg/all/function/internal_message.html?_=1610160271905&CODE_STATE=getMsg HTTP/1.1" 302 -
180.157.253.48 - - [09/Jan/2021:10:52:53 +0800] "POST /xingrg/kc/buy/cgsh_order_operate.html HTTP/1.1" 200 12
117.185.32.26 - - [09/Jan/2021:10:52:54 +0800] "GET /xingrg/kc/buy/cgsh_order_info.html?code=212021010903489 HTTP/1.1" 200 56593
101.227.139.173 - - [09/Jan/2021:10:52:54 +0800] "GET /xingrg/login.html HTTP/1.1" 200 7641
180.157.253.48 - - [09/Jan/2021:10:52:55 +0800] "GET /xingrg/kc/buy/cgsh_order_info.html?code=212021010903516 HTTP/1.1" 200 56595
172.17.0.103 - - [09/Jan/2021:10:52:55 +0800] "GET /xingrg/all/function/internal_message.html?_=1610160774137&CODE_STATE=getMsg HTTP/1.1" 200 27
172.17.0.103 - - [09/Jan/2021:10:52:55 +0800] "GET /xingrg/check_reg.html?_=1610160774139 HTTP/1.1" 200 22
61.129.6.151 - - [09/Jan/2021:10:52:55 +0800] "GET /xingrg/check_reg.html?_=1610160271907 HTTP/1.1" 302 -
180.157.253.48 - - [09/Jan/2021:10:52:56 +0800] "GET /xingrg/javascript/easyui/themes/default/validatebox.css HTTP/1.1" 404 1104
180.157.253.48 - - [09/Jan/2021:10:52:57 +0800] "POST /xingrg/kc/buy/cgsh_order_operate.html HTTP/1.1" 200 610
117.185.32.26 - - [09/Jan/2021:10:52:58 +0800] "GET /xingrg/javascript/easyui/themes/default/validatebox.css HTTP/1.1" 404 1104
180.157.253.48 - - [09/Jan/2021:10:52:59 +0800] "GET /xingrg/kc/print/load_data.html?order_code=212021010903516&kc_code=cgsh&condition= HTTP/1.1" 200 777
114.88.169.67 - - [09/Jan/2021:10:52:59 +0800] "GET /xingrg/all/function/internal_message.html?_=1610160774115&CODE_STATE=getMsg HTTP/1.1" 200 27
116.228.172.94 - - [09/Jan/2021:10:53:00 +0800] "GET /xingrg/all/function/internal_message.html?_=1610160768432&CODE_STATE=getMsg HTTP/1.1" 200 27
117.185.32.26 - - [09/Jan/2021:10:53:00 +0800] "POST /xingrg/kc/buy/cgsh_order_operate.html HTTP/1.1" 200 43134
180.175.150.119 - - [09/Jan/2021:10:53:03 +0800] "GET /xingrg/all/function/internal_message.html?_=1610161016902&CODE_STATE=getMsg HTTP/1.1" 200 27
117.185.32.26 - - [09/Jan/2021:10:53:03 +0800] "GET /xingrg/kc/print/load_config.html?kc_code=cgsh HTTP/1.1" 200 1845
180.157.253.48 - - [09/Jan/2021:10:53:03 +0800] "GET /xingrg/kc/buy/cgsh_order_add.html HTTP/1.1" 200 61689
180.157.253.48 - - [09/Jan/2021:10:53:04 +0800] "POST /xingrg/kc/buy/cgsh_order_operate.html HTTP/1.1" 200 8245
180.157.253.48 - - [09/Jan/2021:10:53:04 +0800] "GET /xingrg/javascript/easyui/themes/default/validatebox.css HTTP/1.1" 404 1104
117.185.32.26 - - [09/Jan/2021:10:53:04 +0800] "GET /xingrg/kc/print/load_data.html?order_code=212021010903489&kc_code=cgsh&condition= HTTP/1.1" 200 16799
117.185.32.26 - - [09/Jan/2021:10:53:04 +0800] "GET /xingrg/all/function/internal_message.html?_=1610161249308&CODE_STATE=getMsg HTTP/1.1" 200 27
172.17.200.101 - - [09/Jan/2021:10:53:05 +0800] "GET /xingrg/all/function/internal_message.html?_=1610160787096&CODE_STATE=getMsg HTTP/1.1" 200 27
61.129.6.151 - - [09/Jan/2021:10:53:05 +0800] "GET /xingrg/login.html HTTP/1.1" 200 7641
180.156.237.57 - - [09/Jan/2021:10:53:07 +0800] "GET /xingrg/all/function/internal_message.html?_=1610160760913&CODE_STATE=getMsg HTTP/1.1" 200 27
180.157.253.48 - - [09/Jan/2021:10:53:10 +0800] "GET /xingrg/kc/buy/cgsh_order_operate.html?command=get_materiel&rest_code=00148&code=00101010161&supplier_code=00100334&order_time=2021-01-09 HTTP/1.1" 200 410
58.37.230.33 - - [09/Jan/2021:10:53:11 +0800] "GET /xingrg/all/function/internal_message.html?_=1610160811937&CODE_STATE=getMsg HTTP/1.1" 200 27
180.156.237.57 - - [09/Jan/2021:10:53:11 +0800] "GET /xingrg/kc/buy/cgsh_order_add.html HTTP/1.1" 200 61619
58.37.230.33 - - [09/Jan/2021:10:53:11 +0800] "GET /xingrg/javascript/auto/indicator.gif HTTP/1.1" 404 1066
222.70.174.7 - - [09/Jan/2021:10:53:12 +0800] "GET /xingrg/all/function/internal_message.html?_=1610160793364&CODE_STATE=getMsg HTTP/1.1" 302 -
180.156.237.57 - - [09/Jan/2021:10:53:12 +0800] "POST /xingrg/kc/buy/cgsh_order_operate.html HTTP/1.1" 200 8245
180.156.237.57 - - [09/Jan/2021:10:53:12 +0800] "GET /xingrg/javascript/easyui/themes/default/validatebox.css HTTP/1.1" 404 1104
58.37.230.33 - - [09/Jan/2021:10:53:12 +0800] "GET /xingrg/javascript/jquery_tools/images/prev.gif HTTP/1.1" 404 1086
58.37.230.33 - - [09/Jan/2021:10:53:12 +0800] "GET /xingrg/javascript/jquery_tools/images/next.gif HTTP/1.1" 404 1086
117.185.32.26 - - [09/Jan/2021:10:53:14 +0800] "GET /xingrg/all/function/internal_message.html?_=1610160784687&CODE_STATE=getMsg HTTP/1.1" 200 27
61.165.42.208 - - [09/Jan/2021:10:53:17 +0800] "GET /xingrg/all/function/internal_message.html?_=1610160798339&CODE_STATE=getMsg HTTP/1.1" 200 27
58.37.230.33 - - [09/Jan/2021:10:53:19 +0800] "GET /xingrg/kc/buy/cgsh_order_operate.html?command=get_materiel&rest_code=00141&code=00101009045&supplier_code=00100022&order_time=2021-01-09 HTTP/1.1" 200 412
180.156.237.57 - - [09/Jan/2021:10:53:20 +0800] "GET /xingrg/all/function/internal_message.html?_=1610160773510&CODE_STATE=getMsg HTTP/1.1" 200 27
180.157.253.48 - - [09/Jan/2021:10:53:23 +0800] "POST /xingrg/kc/buy/cgsh_order_operate.html HTTP/1.1" 200 37
101.85.93.83 - - [09/Jan/2021:10:53:24 +0800] "GET /xingrg/all/function/internal_message.html?_=1610160470965&CODE_STATE=getMsg HTTP/1.1" 200 27
101.85.93.83 - - [09/Jan/2021:10:53:24 +0800] "GET /xingrg/check_reg.html?_=1610160470966 HTTP/1.1" 200 22
117.131.5.26 - - [09/Jan/2021:10:53:24 +0800] "GET /xingrg/all/function/internal_message.html?_=1610161144843&CODE_STATE=getMsg HTTP/1.1" 200 27
180.156.237.57 - - [09/Jan/2021:10:53:24 +0800] "GET /xingrg/kc/buy/cgsh_order_operate.html?command=get_materiel&rest_code=00150&code=00101003035&supplier_code=00100092&order_time=2021-01-09 HTTP/1.1" 200 411
58.37.230.33 - - [09/Jan/2021:10:53:30 +0800] "GET /xingrg/kc/buy/cgsh_order_operate.html?command=get_materiel&rest_code=00141&code=00101009011&supplier_code=00100022&order_time=2021-01-09 HTTP/1.1" 200 416
180.157.253.48 - - [09/Jan/2021:10:53:30 +0800] "POST /xingrg/kc/buy/cgsh_order_operate.html HTTP/1.1" 200 12
180.157.253.48 - - [09/Jan/2021:10:53:31 +0800] "GET /xingrg/kc/buy/cgsh_order_info.html?code=212021010903517 HTTP/1.1" 200 56595
180.157.253.48 - - [09/Jan/2021:10:53:31 +0800] "GET /xingrg/javascript/easyui/themes/default/validatebox.css HTTP/1.1" 404 1104
180.157.253.48 - - [09/Jan/2021:10:53:32 +0800] "POST /xingrg/kc/buy/cgsh_order_operate.html HTTP/1.1" 200 603
222.69.138.249 - - [09/Jan/2021:10:53:33 +0800] "GET /xingrg/all/function/internal_message.html?_=1610160807822&CODE_STATE=getMsg HTTP/1.1" 200 27
180.157.253.48 - - [09/Jan/2021:10:53:33 +0800] "GET /xingrg/kc/print/load_data.html?order_code=212021010903517&kc_code=cgsh&condition= HTTP/1.1" 200 710
180.157.253.48 - - [09/Jan/2021:10:53:37 +0800] "GET /xingrg/check_reg.html?_=1610160818240 HTTP/1.1" 200 22
180.157.253.48 - - [09/Jan/2021:10:53:37 +0800] "GET /xingrg/all/function/internal_message.html?_=1610160818285&CODE_STATE=getMsg HTTP/1.1" 200 27
172.17.0.100 - - [09/Jan/2021:10:53:38 +0800] "GET /xingrg/all/function/internal_message.html?_=1610160814467&CODE_STATE=getMsg HTTP/1.1" 200 27
180.156.237.57 - - [09/Jan/2021:10:53:38 +0800] "GET /xingrg/kc/buy/cgsh_order_operate.html?command=get_materiel&rest_code=00150&code=00101003006&supplier_code=00100092&order_time=2021-01-09 HTTP/1.1" 200 412
58.221.95.50 - - [09/Jan/2021:10:53:39 +0800] "GET /xingrg/all/function/internal_message.html?_=1610160816156&CODE_STATE=getMsg HTTP/1.1" 200 27
58.37.230.33 - - [09/Jan/2021:10:53:40 +0800] "POST /xingrg/kc/buy/cgsh_order_operate.html HTTP/1.1" 200 37
180.157.253.48 - - [09/Jan/2021:10:53:40 +0800] "GET /xingrg/kc/buy/cgsh_order_add.html HTTP/1.1" 200 61689
180.157.253.48 - - [09/Jan/2021:10:53:41 +0800] "POST /xingrg/kc/buy/cgsh_order_operate.html HTTP/1.1" 200 8245
180.157.253.48 - - [09/Jan/2021:10:53:41 +0800] "GET /xingrg/javascript/easyui/themes/default/validatebox.css HTTP/1.1" 404 1104
58.37.230.33 - - [09/Jan/2021:10:53:42 +0800] "POST /xingrg/kc/buy/cgsh_order_operate.html HTTP/1.1" 200 12
58.37.230.33 - - [09/Jan/2021:10:53:43 +0800] "GET /xingrg/kc/buy/cgsh_order_info.html?code=212021010903518 HTTP/1.1" 200 56589
117.185.32.26 - - [09/Jan/2021:10:53:43 +0800] "GET /xingrg/kc/print/load_data.html?order_code=212021010903489&kc_code=cgsh HTTP/1.1" 200 16799
58.37.230.33 - - [09/Jan/2021:10:53:44 +0800] "GET /xingrg/javascript/easyui/themes/default/validatebox.css HTTP/1.1" 404 1104
58.37.230.33 - - [09/Jan/2021:10:53:44 +0800] "POST /xingrg/kc/buy/cgsh_order_operate.html HTTP/1.1" 200 1204
58.37.230.33 - - [09/Jan/2021:10:53:45 +0800] "GET /xingrg/all/function/internal_message.html?_=1610160845879&CODE_STATE=getMsg HTTP/1.1" 200 27
58.37.230.33 - - [09/Jan/2021:10:53:45 +0800] "GET /xingrg/kc/print/load_config.html?kc_code=cgsh HTTP/1.1" 200 1845
58.37.230.33 - - [09/Jan/2021:10:53:45 +0800] "GET /xingrg/kc/print/load_data.html?order_code=212021010903518&kc_code=cgsh&condition= HTTP/1.1" 200 976
222.70.174.6 - - [09/Jan/2021:10:53:45 +0800] "GET /xingrg/all/function/internal_message.html?_=1610160830631&CODE_STATE=getMsg HTTP/1.1" 200 27
222.70.174.7 - - [09/Jan/2021:10:53:46 +0800] "GET /xingrg/check_reg.html?_=1610160827969 HTTP/1.1" 302 -
180.157.253.48 - - [09/Jan/2021:10:53:48 +0800] "GET /xingrg/kc/buy/cgsh_order_operate.html?command=get_materiel&rest_code=00148&code=00101003035&supplier_code=00100092&order_time=2021-01-09 HTTP/1.1" 200 411
101.85.52.2 - - [09/Jan/2021:10:53:48 +0800] "GET /xingrg/all/function/internal_message.html?_=1610160813048&CODE_STATE=getMsg HTTP/1.1" 200 27
114.88.169.67 - - [09/Jan/2021:10:53:48 +0800] "GET /xingrg/check_reg.html?_=1610160823275 HTTP/1.1" 200 22
180.156.237.57 - - [09/Jan/2021:10:53:50 +0800] "GET /xingrg/check_reg.html?_=1610160803757 HTTP/1.1" 200 22
172.17.0.103 - - [09/Jan/2021:10:53:55 +0800] "GET /xingrg/all/function/internal_message.html?_=1610160834138&CODE_STATE=getMsg HTTP/1.1" 200 27
114.88.169.67 - - [09/Jan/2021:10:53:59 +0800] "GET /xingrg/all/function/internal_message.html?_=1610160834134&CODE_STATE=getMsg HTTP/1.1" 200 27
116.228.172.94 - - [09/Jan/2021:10:53:59 +0800] "GET /xingrg/all/function/internal_message.html?_=1610160828417&CODE_STATE=getMsg HTTP/1.1" 200 27
180.157.253.48 - - [09/Jan/2021:10:54:00 +0800] "GET /xingrg/kc/buy/cgsh_order_operate.html?command=get_materiel&rest_code=00148&code=00101003006&supplier_code=00100092&order_time=2021-01-09 HTTP/1.1" 200 411
180.175.150.119 - - [09/Jan/2021:10:54:03 +0800] "GET /xingrg/all/function/internal_message.html?_=1610161076918&CODE_STATE=getMsg HTTP/1.1" 200 27
117.185.32.26 - - [09/Jan/2021:10:54:04 +0800] "GET /xingrg/all/function/internal_message.html?_=1610161309292&CODE_STATE=getMsg HTTP/1.1" 200 27
172.17.200.101 - - [09/Jan/2021:10:54:05 +0800] "GET /xingrg/all/function/internal_message.html?_=1610160847116&CODE_STATE=getMsg HTTP/1.1" 200 27
120.204.17.72 - - [09/Jan/2021:10:54:05 +0800] "GET /xingrg/kc/buy/cgsh_order_operate.html?command=get_materiel&rest_code=00106&code=00101008356&supplier_code=00100007&order_time=2021-01-09 HTTP/1.1" 302 -
114.88.169.67 - - [09/Jan/2021:10:54:05 +0800] "GET /xingrg/kc/buy/buy_main.html HTTP/1.1" 200 12412
114.88.169.67 - - [09/Jan/2021:10:54:05 +0800] "GET /xingrg/css/new_ie.css HTTP/1.1" 404 1036
114.88.169.67 - - [09/Jan/2021:10:54:06 +0800] "GET /xingrg/images/yd/bt.gif HTTP/1.1" 404 1040
114.88.169.67 - - [09/Jan/2021:10:54:07 +0800] "GET /xingrg/kc/buy/cgsh_order_list.html HTTP/1.1" 200 45945
180.156.237.57 - - [09/Jan/2021:10:54:07 +0800] "GET /xingrg/all/function/internal_message.html?_=1610160820918&CODE_STATE=getMsg HTTP/1.1" 200 27
180.157.253.48 - - [09/Jan/2021:10:54:09 +0800] "POST /xingrg/kc/buy/cgsh_order_operate.html HTTP/1.1" 200 37
114.88.169.67 - - [09/Jan/2021:10:54:10 +0800] "POST /xingrg/kc/buy/cgsh_list_operate.html HTTP/1.1" 200 3133
58.37.230.33 - - [09/Jan/2021:10:54:11 +0800] "GET /xingrg/all/function/internal_message.html?_=1610160871935&CODE_STATE=getMsg HTTP/1.1" 200 27
58.37.230.33 - - [09/Jan/2021:10:54:11 +0800] "GET /xingrg/check_reg.html?_=1610160871936 HTTP/1.1" 200 22
114.88.169.67 - - [09/Jan/2021:10:54:11 +0800] "GET /xingrg/kc/buy/cgsh_order_add.html HTTP/1.1" 200 61683
114.88.169.67 - - [09/Jan/2021:10:54:12 +0800] "POST /xingrg/kc/buy/cgsh_order_operate.html HTTP/1.1" 200 8245
222.70.174.7 - - [09/Jan/2021:10:54:12 +0800] "GET /xingrg/all/function/internal_message.html?_=1610160853404&CODE_STATE=getMsg HTTP/1.1" 302 -
114.88.169.67 - - [09/Jan/2021:10:54:12 +0800] "GET /xingrg/javascript/easyui/themes/default/validatebox.css HTTP/1.1" 404 1104
120.204.17.72 - - [09/Jan/2021:10:54:12 +0800] "GET /xingrg/login.html HTTP/1.1" 200 7641
180.157.253.48 - - [09/Jan/2021:10:54:14 +0800] "POST /xingrg/kc/buy/cgsh_order_operate.html HTTP/1.1" 200 12
180.157.253.48 - - [09/Jan/2021:10:54:14 +0800] "GET /xingrg/kc/buy/cgsh_order_info.html?code=212021010903519 HTTP/1.1" 200 56593
180.157.253.48 - - [09/Jan/2021:10:54:15 +0800] "GET /xingrg/javascript/easyui/themes/default/validatebox.css HTTP/1.1" 404 1104
180.157.253.48 - - [09/Jan/2021:10:54:16 +0800] "POST /xingrg/kc/buy/cgsh_order_operate.html HTTP/1.1" 200 1203
180.157.253.48 - - [09/Jan/2021:10:54:17 +0800] "GET /xingrg/kc/print/load_data.html?order_code=212021010903519&kc_code=cgsh&condition= HTTP/1.1" 200 993
61.165.42.208 - - [09/Jan/2021:10:54:17 +0800] "GET /xingrg/all/function/internal_message.html?_=1610160858316&CODE_STATE=getMsg HTTP/1.1" 200 27
180.156.237.57 - - [09/Jan/2021:10:54:20 +0800] "GET /xingrg/all/function/internal_message.html?_=1610160833522&CODE_STATE=getMsg HTTP/1.1" 200 27
180.175.150.119 - - [09/Jan/2021:10:54:20 +0800] "GET /xingrg/login.html HTTP/1.1" 200 7641
58.37.230.33 - - [09/Jan/2021:10:54:20 +0800] "GET /xingrg/kc/buy/cgsh_order_add.html HTTP/1.1" 200 61689
58.37.230.33 - - [09/Jan/2021:10:54:21 +0800] "POST /xingrg/kc/buy/cgsh_order_operate.html HTTP/1.1" 200 8245
58.37.230.33 - - [09/Jan/2021:10:54:21 +0800] "GET /xingrg/javascript/easyui/themes/default/validatebox.css HTTP/1.1" 404 1104
180.175.150.119 - - [09/Jan/2021:10:54:21 +0800] "GET /favicon.ico HTTP/1.1" 404 -
180.175.150.119 - - [09/Jan/2021:10:54:22 +0800] "POST /xingrg/login.do HTTP/1.1" 302 -
180.175.150.119 - - [09/Jan/2021:10:54:22 +0800] "GET /xingrg/index.html?sysBaseUrl=http%3A%2F%2F180.169.147.146%3A18081%2Fxingrg%2F&costTime=41×tamp=1610160862297 HTTP/1.1" 200 17173
180.175.150.119 - - [09/Jan/2021:10:54:22 +0800] "GET /xingrg/javascript/jquery_easy_ui/themes/default/easyui.css HTTP/1.1" 304 -
180.175.150.119 - - [09/Jan/2021:10:54:22 +0800] "GET /xingrg/javascript/jquery_easy_ui/themes/icon.css HTTP/1.1" 304 -
180.175.150.119 - - [09/Jan/2021:10:54:22 +0800] "GET /xingrg/css/form.css HTTP/1.1" 304 -
180.175.150.119 - - [09/Jan/2021:10:54:22 +0800] "GET /xingrg/javascript/jquery_easy_ui/jquery.easyui.min.js HTTP/1.1" 304 -
180.175.150.119 - - [09/Jan/2021:10:54:22 +0800] "GET /xingrg/javascript/jquery-1.4.2.min.js HTTP/1.1" 304 -
180.175.150.119 - - [09/Jan/2021:10:54:22 +0800] "GET /xingrg/javascript/jquery.form.js HTTP/1.1" 304 -
180.175.150.119 - - [09/Jan/2021:10:54:22 +0800] "GET /xingrg/javascript/jquery_easy_ui/easyui-lang-zh_CN.js HTTP/1.1" 304 -
180.175.150.119 - - [09/Jan/2021:10:54:22 +0800] "GET /xingrg/javascript/jquery.utils.js HTTP/1.1" 304 -
180.175.150.119 - - [09/Jan/2021:10:54:22 +0800] "GET /xingrg/javascript/jquery.timers.js HTTP/1.1" 304 -
180.157.253.48 - - [09/Jan/2021:10:54:22 +0800] "GET /xingrg/kc/buy/cgsh_order_add.html HTTP/1.1" 200 61689
180.175.150.119 - - [09/Jan/2021:10:54:22 +0800] "GET /favicon.ico HTTP/1.1" 404 -
180.175.150.119 - - [09/Jan/2021:10:54:22 +0800] "POST /xingrg/all/common/load_tree.html?tree=area_rest_tree_json&manage=1 HTTP/1.1" 200 342
117.131.5.26 - - [09/Jan/2021:10:54:23 +0800] "GET /xingrg/check_reg.html?_=1610161203396 HTTP/1.1" 200 22
180.157.253.48 - - [09/Jan/2021:10:54:23 +0800] "POST /xingrg/kc/buy/cgsh_order_operate.html HTTP/1.1" 200 8245
180.175.150.119 - - [09/Jan/2021:10:54:23 +0800] "GET /xingrg/all/function/internal_message.html?_=1610160861172&CODE_STATE=count HTTP/1.1" 200 11
180.175.150.119 - - [09/Jan/2021:10:54:23 +0800] "GET /xingrg/check_reg.html?_=1610160861174 HTTP/1.1" 200 22
180.157.253.48 - - [09/Jan/2021:10:54:23 +0800] "GET /xingrg/javascript/easyui/themes/default/validatebox.css HTTP/1.1" 404 1104
180.175.150.119 - - [09/Jan/2021:10:54:23 +0800] "POST /xingrg/load_menu.html HTTP/1.1" 200 5138
101.85.93.83 - - [09/Jan/2021:10:54:24 +0800] "GET /xingrg/all/function/internal_message.html?_=1610160530965&CODE_STATE=getMsg HTTP/1.1" 200 27
117.131.5.26 - - [09/Jan/2021:10:54:24 +0800] "GET /xingrg/all/function/internal_message.html?_=1610161204865&CODE_STATE=getMsg HTTP/1.1" 200 27
180.175.150.119 - - [09/Jan/2021:10:54:25 +0800] "GET /xingrg/kc/buy/cgsh_order_list.html HTTP/1.1" 200 45945
180.175.150.119 - - [09/Jan/2021:10:54:25 +0800] "GET /xingrg/css/base.css HTTP/1.1" 304 -
180.175.150.119 - - [09/Jan/2021:10:54:25 +0800] "GET /xingrg/css/site.css HTTP/1.1" 304 -
180.175.150.119 - - [09/Jan/2021:10:54:25 +0800] "GET /xingrg/javascript/jquery_tools/datebox.css HTTP/1.1" 304 -
180.175.150.119 - - [09/Jan/2021:10:54:25 +0800] "GET /xingrg/javascript/easyui/themes/default/easyui.css HTTP/1.1" 304 -
180.175.150.119 - - [09/Jan/2021:10:54:25 +0800] "GET /xingrg/javascript/easyui/themes/icon.css HTTP/1.1" 304 -
180.175.150.119 - - [09/Jan/2021:10:54:25 +0800] "GET /xingrg/javascript/auto/jquery.autocomplete.css HTTP/1.1" 304 -
180.175.150.119 - - [09/Jan/2021:10:54:25 +0800] "GET /xingrg/javascript/jquery_tools/fix.css HTTP/1.1" 304 -
180.175.150.119 - - [09/Jan/2021:10:54:25 +0800] "GET /xingrg/javascript/jquery_tools/table.css HTTP/1.1" 304 -
180.175.150.119 - - [09/Jan/2021:10:54:25 +0800] "GET /xingrg/javascript/jquery_tools/jquery.tools.min.js HTTP/1.1" 304 -
180.175.150.119 - - [09/Jan/2021:10:54:25 +0800] "GET /xingrg/javascript/jquery_tools/jquery.tools.extend.js HTTP/1.1" 304 -
180.175.150.119 - - [09/Jan/2021:10:54:25 +0800] "GET /xingrg/javascript/jquery_tools/jquery.tools.hotkey.js HTTP/1.1" 304 -
180.175.150.119 - - [09/Jan/2021:10:54:25 +0800] "GET /xingrg/javascript/jquery_tools/jquery.tools.table.js HTTP/1.1" 304 -
180.175.150.119 - - [09/Jan/2021:10:54:25 +0800] "GET /xingrg/javascript/jquery_tools/list_manager.js HTTP/1.1" 304 -
180.175.150.119 - - [09/Jan/2021:10:54:25 +0800] "GET /xingrg/javascript/auto/jquery.autocomplete.js HTTP/1.1" 304 -
180.175.150.119 - - [09/Jan/2021:10:54:25 +0800] "GET /xingrg/javascript/easyui/easyloader.js HTTP/1.1" 304 -
180.175.150.119 - - [09/Jan/2021:10:54:25 +0800] "GET /xingrg/javascript/jquery.cookie.js HTTP/1.1" 304 -
180.175.150.119 - - [09/Jan/2021:10:54:25 +0800] "GET /xingrg/javascript/print/LodopFuncs.js HTTP/1.1" 304 -
180.175.150.119 - - [09/Jan/2021:10:54:26 +0800] "GET /xingrg/javascript/easyui/plugins/jquery.parser.js HTTP/1.1" 304 -
180.175.150.119 - - [09/Jan/2021:10:54:27 +0800] "POST /xingrg/kc/buy/cgsh_list_operate.html HTTP/1.1" 200 876
114.88.169.67 - - [09/Jan/2021:10:54:27 +0800] "GET /xingrg/kc/buy/cgsh_order_operate.html?command=get_materiel&rest_code=00111&code=00101010628&supplier_code=00100327&order_time=2021-01-09 HTTP/1.1" 200 412
180.157.253.48 - - [09/Jan/2021:10:54:29 +0800] "GET /xingrg/kc/buy/cgsh_order_operate.html?command=get_materiel&rest_code=00148&code=00101008061&supplier_code=00100339&order_time=2021-01-09 HTTP/1.1" 200 423
180.175.150.119 - - [09/Jan/2021:10:54:29 +0800] "GET /xingrg/javascript/jquery_tools/images/prev.gif HTTP/1.1" 404 1086
180.175.150.119 - - [09/Jan/2021:10:54:29 +0800] "GET /xingrg/javascript/jquery_tools/images/next.gif HTTP/1.1" 404 1086
117.185.32.26 - - [09/Jan/2021:10:54:31 +0800] "GET /xingrg/all/function/internal_message.html?_=1610160862026&CODE_STATE=getMsg HTTP/1.1" 200 27
58.37.230.33 - - [09/Jan/2021:10:54:33 +0800] "GET /xingrg/kc/buy/cgsh_order_operate.html?command=get_materiel&rest_code=00141&code=00101006161&supplier_code=00100040&order_time=2021-01-09 HTTP/1.1" 200 409
222.69.138.249 - - [09/Jan/2021:10:54:33 +0800] "GET /xingrg/all/function/internal_message.html?_=1610160867841&CODE_STATE=getMsg HTTP/1.1" 200 27
180.157.253.48 - - [09/Jan/2021:10:54:34 +0800] "POST /xingrg/kc/buy/cgsh_order_operate.html HTTP/1.1" 200 37
180.175.150.119 - - [09/Jan/2021:10:54:35 +0800] "POST /xingrg/kc/buy/cgsh_list_operate.html HTTP/1.1" 200 876
222.70.174.6 - - [09/Jan/2021:10:54:37 +0800] "GET /xingrg/check_reg.html?_=1610160882517 HTTP/1.1" 200 22
172.17.0.100 - - [09/Jan/2021:10:54:38 +0800] "GET /xingrg/all/function/internal_message.html?_=1610160874455&CODE_STATE=getMsg HTTP/1.1" 200 27
58.221.95.50 - - [09/Jan/2021:10:54:39 +0800] "GET /xingrg/all/function/internal_message.html?_=1610160876135&CODE_STATE=getMsg HTTP/1.1" 200 27
180.157.253.48 - - [09/Jan/2021:10:54:41 +0800] "POST /xingrg/kc/buy/cgsh_order_operate.html HTTP/1.1" 200 12
180.157.253.48 - - [09/Jan/2021:10:54:43 +0800] "GET /xingrg/kc/buy/cgsh_order_info.html?code=212021010903520 HTTP/1.1" 200 56594
180.157.253.48 - - [09/Jan/2021:10:54:43 +0800] "GET /xingrg/javascript/easyui/themes/default/validatebox.css HTTP/1.1" 404 1104
180.157.253.48 - - [09/Jan/2021:10:54:44 +0800] "POST /xingrg/kc/buy/cgsh_order_operate.html HTTP/1.1" 200 616
180.175.150.119 - - [09/Jan/2021:10:54:44 +0800] "POST /xingrg/kc/buy/cgsh_list_operate.html HTTP/1.1" 200 5761
58.37.230.33 - - [09/Jan/2021:10:54:45 +0800] "GET /xingrg/all/function/internal_message.html?_=1610160905883&CODE_STATE=getMsg HTTP/1.1" 200 27
58.37.230.33 - - [09/Jan/2021:10:54:45 +0800] "GET /xingrg/kc/buy/cgsh_order_operate.html?command=get_materiel&rest_code=00141&code=00101003011&supplier_code=00100040&order_time=2021-01-09 HTTP/1.1" 200 427
222.70.174.6 - - [09/Jan/2021:10:54:45 +0800] "GET /xingrg/all/function/internal_message.html?_=1610160890642&CODE_STATE=getMsg HTTP/1.1" 200 27
180.157.253.48 - - [09/Jan/2021:10:54:47 +0800] "GET /xingrg/kc/print/load_data.html?order_code=212021010903520&kc_code=cgsh&condition= HTTP/1.1" 200 714
180.175.150.119 - - [09/Jan/2021:10:54:48 +0800] "POST /xingrg/kc/buy/cgsh_list_operate.html HTTP/1.1" 200 9684
101.85.52.2 - - [09/Jan/2021:10:54:48 +0800] "GET /xingrg/all/function/internal_message.html?_=1610160873047&CODE_STATE=getMsg HTTP/1.1" 200 27
180.157.253.48 - - [09/Jan/2021:10:54:51 +0800] "GET /xingrg/kc/buy/cgsh_order_add.html HTTP/1.1" 200 61689
180.157.253.48 - - [09/Jan/2021:10:54:52 +0800] "POST /xingrg/kc/buy/cgsh_order_operate.html HTTP/1.1" 200 8245
180.157.253.48 - - [09/Jan/2021:10:54:52 +0800] "GET /xingrg/javascript/easyui/themes/default/validatebox.css HTTP/1.1" 404 1104
116.228.172.94 - - [09/Jan/2021:10:54:53 +0800] "GET /xingrg/check_reg.html?_=1610160881947 HTTP/1.1" 200 22
172.17.0.103 - - [09/Jan/2021:10:54:55 +0800] "GET /xingrg/all/function/internal_message.html?_=1610160894150&CODE_STATE=getMsg HTTP/1.1" 200 27
183.192.164.214 - - [09/Jan/2021:10:54:57 +0800] "GET /xingrg/check_reg.html?_=1610160364769 HTTP/1.1" 302 -
114.88.169.67 - - [09/Jan/2021:10:54:58 +0800] "POST /xingrg/kc/buy/cgsh_order_operate.html HTTP/1.1" 200 37
114.88.169.67 - - [09/Jan/2021:10:54:59 +0800] "POST /xingrg/kc/buy/cgsh_order_operate.html HTTP/1.1" 200 2671
114.88.169.67 - - [09/Jan/2021:10:54:59 +0800] "GET /xingrg/all/function/internal_message.html?_=1610160894137&CODE_STATE=getMsg HTTP/1.1" 200 27
116.228.172.94 - - [09/Jan/2021:10:54:59 +0800] "GET /xingrg/all/function/internal_message.html?_=1610160888391&CODE_STATE=getMsg HTTP/1.1" 200 27
114.88.169.67 - - [09/Jan/2021:10:55:01 +0800] "GET /xingrg/kc/print/load_data.html?order_code=212021010903521&kc_code=cgsh&condition= HTTP/1.1" 200 681
180.157.253.48 - - [09/Jan/2021:10:55:02 +0800] "GET /xingrg/kc/buy/cgsh_order_operate.html?command=get_materiel&rest_code=00148&code=00101006001&supplier_code=00100404&order_time=2021-01-09 HTTP/1.1" 200 428
180.175.150.119 - - [09/Jan/2021:10:55:03 +0800] "GET /xingrg/all/function/internal_message.html?_=1610161136934&CODE_STATE=getMsg HTTP/1.1" 200 27
101.85.52.2 - - [09/Jan/2021:10:55:03 +0800] "GET /xingrg/kc/buy/cgsh_order_operate.html?command=get_materiel&rest_code=00145&code=00101008355&supplier_code=00100007&order_time=2021-01-01 HTTP/1.1" 200 408
117.185.32.26 - - [09/Jan/2021:10:55:04 +0800] "GET /xingrg/all/function/internal_message.html?_=1610161369292&CODE_STATE=getMsg HTTP/1.1" 200 27
172.17.200.101 - - [09/Jan/2021:10:55:05 +0800] "GET /xingrg/all/function/internal_message.html?_=1610160907119&CODE_STATE=getMsg HTTP/1.1" 200 27
183.192.164.214 - - [09/Jan/2021:10:55:06 +0800] "GET /xingrg/login.html HTTP/1.1" 200 7641
180.156.237.57 - - [09/Jan/2021:10:55:07 +0800] "GET /xingrg/all/function/internal_message.html?_=1610160880932&CODE_STATE=getMsg HTTP/1.1" 200 27
58.40.7.146 - - [09/Jan/2021:10:55:07 +0800] "GET /xingrg/check_reg.html?_=1610160904219 HTTP/1.1" 200 22
114.88.169.67 - - [09/Jan/2021:10:55:10 +0800] "GET /xingrg/kc/buy/cgsh_order_add.html HTTP/1.1" 200 61683
58.37.230.33 - - [09/Jan/2021:10:55:11 +0800] "GET /xingrg/all/function/internal_message.html?_=1610160931935&CODE_STATE=getMsg HTTP/1.1" 200 27
114.88.169.67 - - [09/Jan/2021:10:55:11 +0800] "POST /xingrg/kc/buy/cgsh_order_operate.html HTTP/1.1" 200 8245
114.88.169.67 - - [09/Jan/2021:10:55:11 +0800] "GET /xingrg/javascript/easyui/themes/default/validatebox.css HTTP/1.1" 404 1104
222.70.174.7 - - [09/Jan/2021:10:55:12 +0800] "GET /xingrg/all/function/internal_message.html?_=1610160913407&CODE_STATE=getMsg HTTP/1.1" 302 -
180.157.253.48 - - [09/Jan/2021:10:55:13 +0800] "POST /xingrg/kc/buy/cgsh_order_operate.html HTTP/1.1" 200 37
58.37.230.33 - - [09/Jan/2021:10:55:14 +0800] "GET /xingrg/kc/buy/cgsh_order_operate.html?command=get_materiel&rest_code=00141&code=00101005036&supplier_code=00100040&order_time=2021-01-09 HTTP/1.1" 200 409
180.157.253.48 - - [09/Jan/2021:10:55:15 +0800] "POST /xingrg/kc/buy/cgsh_order_operate.html HTTP/1.1" 200 12
180.157.253.48 - - [09/Jan/2021:10:55:17 +0800] "GET /xingrg/kc/buy/cgsh_order_info.html?code=212021010903522 HTTP/1.1" 200 56597
61.165.42.208 - - [09/Jan/2021:10:55:17 +0800] "GET /xingrg/all/function/internal_message.html?_=1610160918285&CODE_STATE=getMsg HTTP/1.1" 200 27
61.165.42.208 - - [09/Jan/2021:10:55:18 +0800] "GET /xingrg/check_reg.html?_=1610160918551 HTTP/1.1" 200 22
180.157.253.48 - - [09/Jan/2021:10:55:18 +0800] "GET /xingrg/javascript/easyui/themes/default/validatebox.css HTTP/1.1" 404 1104
180.157.253.48 - - [09/Jan/2021:10:55:18 +0800] "POST /xingrg/kc/buy/cgsh_order_operate.html HTTP/1.1" 200 624
117.185.32.26 - - [09/Jan/2021:10:55:22 +0800] "GET /xingrg/kc/buy/cgsh_order_add.html HTTP/1.1" 200 61689
58.37.230.33 - - [09/Jan/2021:10:55:22 +0800] "GET /xingrg/kc/buy/cgsh_order_operate.html?command=get_materiel&rest_code=00141&code=00101001010&supplier_code=00100040&order_time=2021-01-09 HTTP/1.1" 200 408
101.85.52.2 - - [09/Jan/2021:10:55:22 +0800] "GET /xingrg/kc/buy/cgsh_order_operate.html?command=get_materiel&rest_code=00145&code=00101008356&supplier_code=00100007&order_time=2021-01-01 HTTP/1.1" 200 408
117.185.32.26 - - [09/Jan/2021:10:55:22 +0800] "GET /xingrg/javascript/easyui/themes/default/validatebox.css HTTP/1.1" 404 1104
117.185.32.26 - - [09/Jan/2021:10:55:22 +0800] "POST /xingrg/kc/buy/cgsh_order_operate.html HTTP/1.1" 200 8245
180.156.237.57 - - [09/Jan/2021:10:55:23 +0800] "GET /xingrg/all/function/internal_message.html?_=1610160896859&CODE_STATE=getMsg HTTP/1.1" 200 27
180.156.237.57 - - [09/Jan/2021:10:55:23 +0800] "POST /xingrg/kc/buy/cgsh_order_operate.html HTTP/1.1" 200 37
180.157.253.48 - - [09/Jan/2021:10:55:23 +0800] "GET /xingrg/kc/print/load_data.html?order_code=212021010903522&kc_code=cgsh&condition= HTTP/1.1" 200 741
117.185.32.26 - - [09/Jan/2021:10:55:23 +0800] "GET /xingrg/javascript/easyui/themes/default/tree.css HTTP/1.1" 404 1090
117.185.32.26 - - [09/Jan/2021:10:55:23 +0800] "POST /xingrg/all/common/load_tree.html?tree=supplier_tree_json&isDelete=1 HTTP/1.1" 200 54036
101.85.93.83 - - [09/Jan/2021:10:55:24 +0800] "GET /xingrg/all/function/internal_message.html?_=1610160590964&CODE_STATE=getMsg HTTP/1.1" 200 27
117.131.5.26 - - [09/Jan/2021:10:55:24 +0800] "GET /xingrg/all/function/internal_message.html?_=1610161264872&CODE_STATE=getMsg HTTP/1.1" 200 27
180.156.237.57 - - [09/Jan/2021:10:55:25 +0800] "POST /xingrg/kc/buy/cgsh_order_operate.html HTTP/1.1" 200 12
180.156.237.57 - - [09/Jan/2021:10:55:27 +0800] "GET /xingrg/kc/buy/cgsh_order_info.html?code=212021010903523 HTTP/1.1" 200 56527
180.156.237.57 - - [09/Jan/2021:10:55:27 +0800] "GET /xingrg/javascript/easyui/themes/default/validatebox.css HTTP/1.1" 404 1104
180.156.237.57 - - [09/Jan/2021:10:55:28 +0800] "POST /xingrg/kc/buy/cgsh_order_operate.html HTTP/1.1" 200 1206
180.157.253.48 - - [09/Jan/2021:10:55:28 +0800] "GET /xingrg/kc/buy/cgsh_order_add.html HTTP/1.1" 200 61689
180.157.253.48 - - [09/Jan/2021:10:55:28 +0800] "POST /xingrg/kc/buy/cgsh_order_operate.html HTTP/1.1" 200 8245
180.157.253.48 - - [09/Jan/2021:10:55:28 +0800] "GET /xingrg/javascript/easyui/themes/default/validatebox.css HTTP/1.1" 404 1104
180.156.237.57 - - [09/Jan/2021:10:55:30 +0800] "GET /xingrg/kc/print/load_data.html?order_code=212021010903523&kc_code=cgsh&condition= HTTP/1.1" 200 1011
117.185.32.26 - - [09/Jan/2021:10:55:31 +0800] "GET /xingrg/all/function/internal_message.html?_=1610160921998&CODE_STATE=getMsg HTTP/1.1" 200 27
58.37.230.33 - - [09/Jan/2021:10:55:32 +0800] "POST /xingrg/kc/buy/cgsh_order_operate.html HTTP/1.1" 200 37
114.88.169.67 - - [09/Jan/2021:10:55:33 +0800] "GET /xingrg/kc/buy/cgsh_order_operate.html?command=get_materiel&rest_code=00111&code=00101006164&supplier_code=00100326&order_time=2021-01-09 HTTP/1.1" 200 415
222.69.138.249 - - [09/Jan/2021:10:55:33 +0800] "GET /xingrg/check_reg.html?_=1610160927824 HTTP/1.1" 200 22
222.69.138.249 - - [09/Jan/2021:10:55:33 +0800] "GET /xingrg/all/function/internal_message.html?_=1610160927830&CODE_STATE=getMsg HTTP/1.1" 200 27
58.37.230.33 - - [09/Jan/2021:10:55:35 +0800] "POST /xingrg/kc/buy/cgsh_order_operate.html HTTP/1.1" 200 12
58.37.230.33 - - [09/Jan/2021:10:55:35 +0800] "GET /xingrg/kc/buy/cgsh_order_info.html?code=212021010903524 HTTP/1.1" 200 56591
180.157.253.48 - - [09/Jan/2021:10:55:36 +0800] "GET /xingrg/kc/buy/cgsh_order_operate.html?command=get_materiel&rest_code=00148&code=00101010021&supplier_code=00100337&order_time=2021-01-09 HTTP/1.1" 200 413
58.37.230.33 - - [09/Jan/2021:10:55:36 +0800] "GET /xingrg/javascript/easyui/themes/default/validatebox.css HTTP/1.1" 404 1104
117.185.32.26 - - [09/Jan/2021:10:55:36 +0800] "GET /xingrg/kc/buy/cgsh_order_operate.html?command=get_materiel&rest_code=00106&code=00101011005&supplier_code=00100050&order_time=2021-01-09 HTTP/1.1" 200 428
58.37.230.33 - - [09/Jan/2021:10:55:36 +0800] "POST /xingrg/kc/buy/cgsh_order_operate.html HTTP/1.1" 200 2384
58.37.230.33 - - [09/Jan/2021:10:55:37 +0800] "GET /xingrg/kc/print/load_data.html?order_code=212021010903524&kc_code=cgsh&condition= HTTP/1.1" 200 1459
180.157.253.48 - - [09/Jan/2021:10:55:37 +0800] "GET /xingrg/all/function/internal_message.html?_=1610160938299&CODE_STATE=getMsg HTTP/1.1" 200 27
172.17.0.100 - - [09/Jan/2021:10:55:38 +0800] "GET /xingrg/all/function/internal_message.html?_=1610160934453&CODE_STATE=getMsg HTTP/1.1" 200 27
172.17.0.100 - - [09/Jan/2021:10:55:38 +0800] "GET /xingrg/check_reg.html?_=1610160934455 HTTP/1.1" 200 22
58.221.95.50 - - [09/Jan/2021:10:55:39 +0800] "GET /xingrg/all/function/internal_message.html?_=1610160936110&CODE_STATE=getMsg HTTP/1.1" 200 27
58.221.95.50 - - [09/Jan/2021:10:55:39 +0800] "GET /xingrg/check_reg.html?_=1610160936524 HTTP/1.1" 200 22
101.85.52.2 - - [09/Jan/2021:10:55:40 +0800] "GET /xingrg/kc/buy/cgsh_order_operate.html?command=get_materiel&rest_code=00145&code=00101008361&supplier_code=00100007&order_time=2021-01-01 HTTP/1.1" 200 408
58.37.230.33 - - [09/Jan/2021:10:55:45 +0800] "GET /xingrg/all/function/internal_message.html?_=1610160965881&CODE_STATE=getMsg HTTP/1.1" 200 27
114.88.169.67 - - [09/Jan/2021:10:55:45 +0800] "POST /xingrg/kc/buy/cgsh_order_operate.html HTTP/1.1" 200 64
222.70.174.6 - - [09/Jan/2021:10:55:45 +0800] "GET /xingrg/all/function/internal_message.html?_=1610160950656&CODE_STATE=getMsg HTTP/1.1" 200 27
117.185.32.26 - - [09/Jan/2021:10:55:46 +0800] "POST /xingrg/kc/buy/cgsh_order_operate.html HTTP/1.1" 200 37
180.157.253.48 - - [09/Jan/2021:10:55:47 +0800] "GET /xingrg/kc/buy/cgsh_order_operate.html?command=get_materiel&rest_code=00148&code=00101010653&supplier_code=00100337&order_time=2021-01-09 HTTP/1.1" 200 400
58.37.230.33 - - [09/Jan/2021:10:55:48 +0800] "GET /xingrg/kc/buy/cgsh_order_add.html HTTP/1.1" 200 61689
101.85.52.2 - - [09/Jan/2021:10:55:48 +0800] "GET /xingrg/all/function/internal_message.html?_=1610160933044&CODE_STATE=getMsg HTTP/1.1" 200 27
58.37.230.33 - - [09/Jan/2021:10:55:48 +0800] "POST /xingrg/kc/buy/cgsh_order_operate.html HTTP/1.1" 200 8245
58.37.230.33 - - [09/Jan/2021:10:55:48 +0800] "GET /xingrg/javascript/easyui/themes/default/validatebox.css HTTP/1.1" 404 1104
117.185.32.26 - - [09/Jan/2021:10:55:48 +0800] "POST /xingrg/kc/buy/cgsh_order_operate.html HTTP/1.1" 200 12
114.88.169.67 - - [09/Jan/2021:10:55:49 +0800] "POST /xingrg/kc/buy/cgsh_order_operate.html HTTP/1.1" 200 37
117.185.32.26 - - [09/Jan/2021:10:55:50 +0800] "GET /xingrg/kc/buy/cgsh_order_info.html?code=212021010903526 HTTP/1.1" 200 56593
117.185.32.26 - - [09/Jan/2021:10:55:50 +0800] "GET /xingrg/javascript/easyui/themes/default/validatebox.css HTTP/1.1" 404 1104
114.88.169.67 - - [09/Jan/2021:10:55:50 +0800] "POST /xingrg/kc/buy/cgsh_order_operate.html HTTP/1.1" 200 2660
117.185.32.26 - - [09/Jan/2021:10:55:51 +0800] "POST /xingrg/kc/buy/cgsh_order_operate.html HTTP/1.1" 200 606
117.185.32.26 - - [09/Jan/2021:10:55:52 +0800] "GET /xingrg/kc/print/load_data.html?order_code=212021010903526&kc_code=cgsh&condition= HTTP/1.1" 200 753
114.88.169.67 - - [09/Jan/2021:10:55:52 +0800] "GET /xingrg/kc/print/load_data.html?order_code=212021010903527&kc_code=cgsh&condition= HTTP/1.1" 200 679
172.17.0.103 - - [09/Jan/2021:10:55:55 +0800] "GET /xingrg/all/function/internal_message.html?_=1610160954151&CODE_STATE=getMsg HTTP/1.1" 200 27
114.88.169.67 - - [09/Jan/2021:10:55:59 +0800] "GET /xingrg/all/function/internal_message.html?_=1610160954151&CODE_STATE=getMsg HTTP/1.1" 200 27
116.228.172.94 - - [09/Jan/2021:10:55:59 +0800] "GET /xingrg/all/function/internal_message.html?_=1610160948375&CODE_STATE=getMsg HTTP/1.1" 200 27
120.204.17.73 - - [09/Jan/2021:10:56:00 +0800] "GET /xingrg/all/function/internal_message.html?_=1610160424740&CODE_STATE=getMsg HTTP/1.1" 302 -
114.88.169.67 - - [09/Jan/2021:10:56:00 +0800] "GET /xingrg/kc/buy/cgsh_order_add.html HTTP/1.1" 200 61683
114.88.169.67 - - [09/Jan/2021:10:56:01 +0800] "POST /xingrg/kc/buy/cgsh_order_operate.html HTTP/1.1" 200 8245
114.88.169.67 - - [09/Jan/2021:10:56:01 +0800] "GET /xingrg/javascript/easyui/themes/default/validatebox.css HTTP/1.1" 404 1104
58.37.230.33 - - [09/Jan/2021:10:56:02 +0800] "GET /xingrg/kc/buy/cgsh_order_operate.html?command=get_materiel&rest_code=00141&code=00101006129&supplier_code=00100012&order_time=2021-01-09 HTTP/1.1" 200 451
183.192.164.85 - - [09/Jan/2021:10:56:02 +0800] "GET /xingrg/kc/buy/cgsh_order_operate.html?command=get_materiel&rest_code=00106&code=00101008168&supplier_code=00100007&order_time=2021-01-09 HTTP/1.1" 302 -
180.175.150.119 - - [09/Jan/2021:10:56:03 +0800] "GET /xingrg/all/function/internal_message.html?_=1610161196945&CODE_STATE=getMsg HTTP/1.1" 200 27
117.185.32.26 - - [09/Jan/2021:10:56:04 +0800] "GET /xingrg/all/function/internal_message.html?_=1610161429291&CODE_STATE=getMsg HTTP/1.1" 200 27
172.17.200.101 - - [09/Jan/2021:10:56:05 +0800] "GET /xingrg/check_reg.html?_=1610160967116 HTTP/1.1" 200 22
172.17.200.101 - - [09/Jan/2021:10:56:05 +0800] "GET /xingrg/all/function/internal_message.html?_=1610160967120&CODE_STATE=getMsg HTTP/1.1" 200 27
120.204.17.73 - - [09/Jan/2021:10:56:05 +0800] "GET /xingrg/login.html HTTP/1.1" 200 7641
180.157.253.48 - - [09/Jan/2021:10:56:06 +0800] "POST /xingrg/kc/buy/cgsh_order_operate.html HTTP/1.1" 200 37
180.156.237.57 - - [09/Jan/2021:10:56:07 +0800] "GET /xingrg/all/function/internal_message.html?_=1610160940955&CODE_STATE=getMsg HTTP/1.1" 200 27
183.192.164.85 - - [09/Jan/2021:10:56:07 +0800] "GET /xingrg/login.html HTTP/1.1" 200 7641
58.37.230.33 - - [09/Jan/2021:10:56:11 +0800] "GET /xingrg/all/function/internal_message.html?_=1610160991932&CODE_STATE=getMsg HTTP/1.1" 200 27
58.37.230.33 - - [09/Jan/2021:10:56:12 +0800] "GET /xingrg/kc/buy/cgsh_order_operate.html?command=get_materiel&rest_code=00141&code=00101006111&supplier_code=00100012&order_time=2021-01-09 HTTP/1.1" 200 409
222.70.174.7 - - [09/Jan/2021:10:56:12 +0800] "GET /xingrg/all/function/internal_message.html?_=1610160973452&CODE_STATE=getMsg HTTP/1.1" 302 -
101.85.52.2 - - [09/Jan/2021:10:56:12 +0800] "GET /xingrg/kc/buy/cgsh_order_operate.html?command=get_materiel&rest_code=00145&code=00101008372&supplier_code=00100007&order_time=2021-01-01 HTTP/1.1" 200 408
180.157.253.48 - - [09/Jan/2021:10:56:12 +0800] "POST /xingrg/kc/buy/cgsh_order_operate.html HTTP/1.1" 200 12
117.185.32.26 - - [09/Jan/2021:10:56:14 +0800] "GET /xingrg/check_reg.html?_=1610160964735 HTTP/1.1" 200 22
180.157.253.48 - - [09/Jan/2021:10:56:14 +0800] "GET /xingrg/kc/buy/cgsh_order_info.html?code=212021010903528 HTTP/1.1" 200 56593
180.157.253.48 - - [09/Jan/2021:10:56:15 +0800] "GET /xingrg/javascript/easyui/themes/default/validatebox.css HTTP/1.1" 404 1104
180.157.253.48 - - [09/Jan/2021:10:56:16 +0800] "POST /xingrg/kc/buy/cgsh_order_operate.html HTTP/1.1" 200 1200
114.88.169.67 - - [09/Jan/2021:10:56:17 +0800] "GET /xingrg/kc/buy/cgsh_order_operate.html?command=get_materiel&rest_code=00111&code=00101001093&supplier_code=00100090&order_time=2021-01-09 HTTP/1.1" 200 411
180.157.253.48 - - [09/Jan/2021:10:56:17 +0800] "GET /xingrg/kc/print/load_data.html?order_code=212021010903528&kc_code=cgsh&condition= HTTP/1.1" 200 937
61.165.42.208 - - [09/Jan/2021:10:56:17 +0800] "GET /xingrg/all/function/internal_message.html?_=1610160978253&CODE_STATE=getMsg HTTP/1.1" 200 27
101.85.52.2 - - [09/Jan/2021:10:56:19 +0800] "POST /xingrg/kc/buy/cgsh_order_operate.html HTTP/1.1" 200 2065
58.37.230.33 - - [09/Jan/2021:10:56:19 +0800] "GET /xingrg/kc/buy/cgsh_order_operate.html?command=get_materiel&rest_code=00141&code=00101006073&supplier_code=00100012&order_time=2021-01-09 HTTP/1.1" 200 410
180.156.237.57 - - [09/Jan/2021:10:56:19 +0800] "GET /xingrg/check_reg.html?_=1610160952696 HTTP/1.1" 200 22
180.157.253.48 - - [09/Jan/2021:10:56:23 +0800] "GET /xingrg/kc/buy/cgsh_order_add.html HTTP/1.1" 200 61689
180.156.237.57 - - [09/Jan/2021:10:56:23 +0800] "GET /xingrg/all/function/internal_message.html?_=1610160956873&CODE_STATE=getMsg HTTP/1.1" 200 27
180.157.253.48 - - [09/Jan/2021:10:56:23 +0800] "POST /xingrg/kc/buy/cgsh_order_operate.html HTTP/1.1" 200 8245
180.157.253.48 - - [09/Jan/2021:10:56:23 +0800] "GET /xingrg/javascript/easyui/themes/default/validatebox.css HTTP/1.1" 404 1104
101.85.93.83 - - [09/Jan/2021:10:56:24 +0800] "GET /xingrg/all/function/internal_message.html?_=1610160650965&CODE_STATE=getMsg HTTP/1.1" 200 27
117.131.5.26 - - [09/Jan/2021:10:56:24 +0800] "GET /xingrg/all/function/internal_message.html?_=1610161324887&CODE_STATE=getMsg HTTP/1.1" 200 27
101.85.52.2 - - [09/Jan/2021:10:56:27 +0800] "GET /xingrg/kc/buy/cgsh_order_operate.html?command=get_materiel&rest_code=00145&code=00101008370&supplier_code=00100007&order_time=2021-01-01 HTTP/1.1" 200 412
114.88.169.67 - - [09/Jan/2021:10:56:29 +0800] "GET /xingrg/kc/buy/cgsh_order_operate.html?command=get_materiel&rest_code=00111&code=00101001140&supplier_code=00100090&order_time=2021-01-09 HTTP/1.1" 200 415
117.185.32.26 - - [09/Jan/2021:10:56:31 +0800] "GET /xingrg/all/function/internal_message.html?_=1610160981975&CODE_STATE=getMsg HTTP/1.1" 200 27
222.69.138.249 - - [09/Jan/2021:10:56:33 +0800] "GET /xingrg/all/function/internal_message.html?_=1610160987831&CODE_STATE=getMsg HTTP/1.1" 200 27
180.157.253.48 - - [09/Jan/2021:10:56:37 +0800] "GET /xingrg/all/function/internal_message.html?_=1610160998286&CODE_STATE=getMsg HTTP/1.1" 200 27
172.17.0.100 - - [09/Jan/2021:10:56:38 +0800] "GET /xingrg/all/function/internal_message.html?_=1610160994454&CODE_STATE=getMsg HTTP/1.1" 200 27
58.221.95.50 - - [09/Jan/2021:10:56:39 +0800] "GET /xingrg/all/function/internal_message.html?_=1610160996088&CODE_STATE=getMsg HTTP/1.1" 200 27
180.157.253.48 - - [09/Jan/2021:10:56:39 +0800] "GET /xingrg/kc/buy/cgsh_order_operate.html?command=get_materiel&rest_code=00148&code=00101010034&supplier_code=00100329&order_time=2021-01-09 HTTP/1.1" 200 432
114.88.169.67 - - [09/Jan/2021:10:56:42 +0800] "GET /xingrg/kc/buy/cgsh_order_operate.html?command=get_materiel&rest_code=00111&code=00101001125&supplier_code=00100090&order_time=2021-01-09 HTTP/1.1" 200 414
58.37.230.33 - - [09/Jan/2021:10:56:44 +0800] "GET /xingrg/kc/buy/cgsh_order_operate.html?command=get_materiel&rest_code=00141&code=00101007068&supplier_code=00100012&order_time=2021-01-09 HTTP/1.1" 200 409
58.37.230.33 - - [09/Jan/2021:10:56:45 +0800] "GET /xingrg/check_reg.html?_=1610161025895 HTTP/1.1" 200 22
58.37.230.33 - - [09/Jan/2021:10:56:45 +0800] "GET /xingrg/all/function/internal_message.html?_=1610161025897&CODE_STATE=getMsg HTTP/1.1" 200 27
222.70.174.6 - - [09/Jan/2021:10:56:45 +0800] "GET /xingrg/all/function/internal_message.html?_=1610161010670&CODE_STATE=getMsg HTTP/1.1" 200 27
101.85.52.2 - - [09/Jan/2021:10:56:48 +0800] "GET /xingrg/all/function/internal_message.html?_=1610160993069&CODE_STATE=getMsg HTTP/1.1" 200 27
101.85.52.2 - - [09/Jan/2021:10:56:49 +0800] "GET /xingrg/kc/buy/cgsh_order_operate.html?command=get_materiel&rest_code=00145&code=00101016057&supplier_code=00100007&order_time=2021-01-01 HTTP/1.1" 200 408
116.228.172.94 - - [09/Jan/2021:10:56:54 +0800] "GET /xingrg/kc/buy/cgsh_order_add.html HTTP/1.1" 200 61771
116.228.172.94 - - [09/Jan/2021:10:56:54 +0800] "GET /xingrg/words/20210108122147_words.js HTTP/1.1" 304 -
116.228.172.94 - - [09/Jan/2021:10:56:55 +0800] "GET /xingrg/javascript/easyui/themes/default/validatebox.css HTTP/1.1" 404 1104
116.228.172.94 - - [09/Jan/2021:10:56:55 +0800] "POST /xingrg/kc/buy/cgsh_order_operate.html HTTP/1.1" 200 8245
172.17.0.103 - - [09/Jan/2021:10:56:55 +0800] "GET /xingrg/all/function/internal_message.html?_=1610161014136&CODE_STATE=getMsg HTTP/1.1" 200 27
116.228.172.94 - - [09/Jan/2021:10:56:56 +0800] "GET /xingrg/javascript/easyui/themes/default/tree.css HTTP/1.1" 404 1090
116.228.172.94 - - [09/Jan/2021:10:56:56 +0800] "POST /xingrg/all/common/load_tree.html?tree=supplier_tree_json&isDelete=1 HTTP/1.1" 200 54036
114.88.169.67 - - [09/Jan/2021:10:56:59 +0800] "GET /xingrg/all/function/internal_message.html?_=1610161014165&CODE_STATE=getMsg HTTP/1.1" 200 27
116.228.172.94 - - [09/Jan/2021:10:56:59 +0800] "GET /xingrg/all/function/internal_message.html?_=1610161008350&CODE_STATE=getMsg HTTP/1.1" 200 27
180.157.253.48 - - [09/Jan/2021:10:57:02 +0800] "POST /xingrg/kc/buy/cgsh_order_operate.html HTTP/1.1" 200 37
180.175.150.119 - - [09/Jan/2021:10:57:02 +0800] "GET /xingrg/check_reg.html?_=1610161256609 HTTP/1.1" 200 22
101.89.239.230 - - [09/Jan/2021:10:57:02 +0800] "GET /xingrg/all/function/internal_message.html?_=1610160511917&CODE_STATE=getMsg HTTP/1.1" 302 -
180.175.150.119 - - [09/Jan/2021:10:57:03 +0800] "GET /xingrg/all/function/internal_message.html?_=1610161256958&CODE_STATE=getMsg HTTP/1.1" 200 27
180.156.237.57 - - [09/Jan/2021:10:57:03 +0800] "GET /xingrg/kc/buy/cgsh_order_add.html HTTP/1.1" 200 61619
180.156.237.57 - - [09/Jan/2021:10:57:03 +0800] "POST /xingrg/kc/buy/cgsh_order_operate.html HTTP/1.1" 200 8245
180.156.237.57 - - [09/Jan/2021:10:57:04 +0800] "GET /xingrg/javascript/easyui/themes/default/validatebox.css HTTP/1.1" 404 1104
180.157.253.48 - - [09/Jan/2021:10:57:04 +0800] "POST /xingrg/kc/buy/cgsh_order_operate.html HTTP/1.1" 200 12
117.185.32.26 - - [09/Jan/2021:10:57:04 +0800] "GET /xingrg/all/function/internal_message.html?_=1610161489306&CODE_STATE=getMsg HTTP/1.1" 200 27
117.185.32.26 - - [09/Jan/2021:10:57:04 +0800] "GET /xingrg/check_reg.html?_=1610161489307 HTTP/1.1" 200 22
180.157.253.48 - - [09/Jan/2021:10:57:05 +0800] "GET /xingrg/kc/buy/cgsh_order_info.html?code=212021010903529 HTTP/1.1" 200 56595
