180.175.150.119 - - [09/Jan/2021:10:23:26 +0800] "GET /xingrg/javascript/easyui/themes/default/validatebox.css HTTP/1.1" 404 1104
180.175.150.119 - - [09/Jan/2021:10:23:27 +0800] "POST /xingrg/kc/buy/cgsh_order_operate.html HTTP/1.1" 200 4135
114.88.169.67 - - [09/Jan/2021:10:23:29 +0800] "GET /xingrg/kc/mdqp/pssh_order_list.html HTTP/1.1" 200 17927
180.175.150.119 - - [09/Jan/2021:10:23:29 +0800] "GET /xingrg/kc/print/load_data.html?order_code=212021010903468&kc_code=cgsh&condition= HTTP/1.1" 200 2006
114.88.169.67 - - [09/Jan/2021:10:23:30 +0800] "POST /xingrg/kc/mdqp/pssh_list_operate.html HTTP/1.1" 200 5244
114.88.169.67 - - [09/Jan/2021:10:23:32 +0800] "POST /xingrg/kc/mdqp/pssh_list_operate.html HTTP/1.1" 200 757
222.70.174.6 - - [09/Jan/2021:10:23:32 +0800] "GET /xingrg/kc/buy/cgsh_order_operate.html?command=get_materiel&rest_code=00146&code=00101011012&supplier_code=00100033&order_time=2021-01-09 HTTP/1.1" 200 412
58.221.95.50 - - [09/Jan/2021:10:23:34 +0800] "GET /xingrg/kc/buy/cgsh_order_operate.html?command=get_materiel&rest_code=00152&code=00101020112&supplier_code=00100151&order_time=2021-01-08 HTTP/1.1" 200 410
180.175.150.119 - - [09/Jan/2021:10:23:36 +0800] "GET /xingrg/all/function/internal_message.html?_=1610159249762&CODE_STATE=getMsg HTTP/1.1" 200 27
116.228.172.94 - - [09/Jan/2021:10:23:39 +0800] "GET /xingrg/kc/buy/cgsh_order_operate.html?command=get_materiel&rest_code=00107&code=00101002007&supplier_code=00100199&order_time=2021-01-09 HTTP/1.1" 200 411
180.175.150.119 - - [09/Jan/2021:10:23:39 +0800] "GET /xingrg/kc/buy/cgsh_order_add.html HTTP/1.1" 200 61642
58.221.95.50 - - [09/Jan/2021:10:23:39 +0800] "GET /xingrg/all/function/internal_message.html?_=1610159016450&CODE_STATE=getMsg HTTP/1.1" 200 27
114.88.169.67 - - [09/Jan/2021:10:23:40 +0800] "POST /xingrg/kc/mdqp/pssh_list_operate.html HTTP/1.1" 200 807
61.165.42.208 - - [09/Jan/2021:10:23:40 +0800] "GET /xingrg/kc/base/wldb_order_operate.html?command=get_materiel&rest_code=00105&base_code=0010508&code=00101010017 HTTP/1.1" 200 445
180.175.150.119 - - [09/Jan/2021:10:23:40 +0800] "POST /xingrg/kc/buy/cgsh_order_operate.html HTTP/1.1" 200 8245
180.175.150.119 - - [09/Jan/2021:10:23:41 +0800] "GET /xingrg/javascript/easyui/themes/default/validatebox.css HTTP/1.1" 404 1104
114.88.169.67 - - [09/Jan/2021:10:23:41 +0800] "GET /xingrg/kc/mdqp/pssh_order_info.html?code=312021010500149 HTTP/1.1" 200 17297
114.88.169.67 - - [09/Jan/2021:10:23:41 +0800] "GET /xingrg/javascript/jquery_tools/jquery-1.4.2.min.js HTTP/1.1" 404 1094
114.88.169.67 - - [09/Jan/2021:10:23:42 +0800] "GET /xingrg/javascript/easyui/themes/icons/back_new.png HTTP/1.1" 304 -
114.88.169.67 - - [09/Jan/2021:10:23:42 +0800] "POST /xingrg/kc/mdqp/pssh_order_operate.html HTTP/1.1" 200 21769
114.88.169.67 - - [09/Jan/2021:10:23:42 +0800] "GET /xingrg/all/common/auto_word.html?type=base&rest_code=00111&rest_code=00111 HTTP/1.1" 200 1753
114.88.169.67 - - [09/Jan/2021:10:23:42 +0800] "GET /xingrg/javascript/easyui/themes/default/validatebox.css HTTP/1.1" 404 1104
222.70.174.6 - - [09/Jan/2021:10:23:42 +0800] "GET /xingrg/all/function/internal_message.html?_=1610159027675&CODE_STATE=getMsg HTTP/1.1" 200 27
222.70.174.6 - - [09/Jan/2021:10:23:46 +0800] "GET /xingrg/kc/buy/cgsh_order_operate.html?command=get_materiel&rest_code=00146&code=00101011007&supplier_code=00100033&order_time=2021-01-09 HTTP/1.1" 200 414
222.70.174.7 - - [09/Jan/2021:10:23:46 +0800] "GET /xingrg/check_reg.html?_=1610159027838 HTTP/1.1" 302 -
114.88.169.67 - - [09/Jan/2021:10:23:48 +0800] "GET /xingrg/check_reg.html?_=1610159023239 HTTP/1.1" 200 22
180.156.237.57 - - [09/Jan/2021:10:23:50 +0800] "GET /xingrg/check_reg.html?_=1610159003730 HTTP/1.1" 200 22
116.228.172.94 - - [09/Jan/2021:10:23:51 +0800] "POST /xingrg/kc/buy/cgsh_order_operate.html HTTP/1.1" 200 37
116.228.172.94 - - [09/Jan/2021:10:23:52 +0800] "POST /xingrg/kc/buy/cgsh_order_operate.html HTTP/1.1" 200 3840
116.228.172.94 - - [09/Jan/2021:10:23:54 +0800] "GET /xingrg/kc/print/load_data.html?order_code=212021010903469&kc_code=cgsh&condition= HTTP/1.1" 200 1124
114.88.169.67 - - [09/Jan/2021:10:23:54 +0800] "GET /xingrg/css/images/panel_loading.gif HTTP/1.1" 304 -
114.88.169.67 - - [09/Jan/2021:10:23:54 +0800] "POST /xingrg/all/common/load_combo.html?type=employee HTTP/1.1" 200 365
61.165.42.208 - - [09/Jan/2021:10:23:55 +0800] "GET /xingrg/kc/base/wldb_order_operate.html?command=get_materiel&rest_code=00105&base_code=0010508&code=00102002006 HTTP/1.1" 200 469
172.17.0.103 - - [09/Jan/2021:10:23:55 +0800] "GET /xingrg/all/function/internal_message.html?_=1610159034013&CODE_STATE=getMsg HTTP/1.1" 200 27
114.88.169.67 - - [09/Jan/2021:10:23:55 +0800] "GET /xingrg/all/function/internal_message.html?_=1610159030059&CODE_STATE=getMsg HTTP/1.1" 200 27
180.175.150.119 - - [09/Jan/2021:10:23:56 +0800] "GET /xingrg/javascript/easyui/themes/default/tree.css HTTP/1.1" 404 1090
180.175.150.119 - - [09/Jan/2021:10:23:56 +0800] "POST /xingrg/all/common/load_tree.html?tree=supplier_tree_json&isDelete=1 HTTP/1.1" 200 54036
58.221.95.50 - - [09/Jan/2021:10:23:57 +0800] "GET /xingrg/kc/buy/cgsh_order_operate.html?command=get_materiel&rest_code=00152&code=00102022009&supplier_code=00100151&order_time=2021-01-08 HTTP/1.1" 200 421
172.17.0.103 - - [09/Jan/2021:10:23:58 +0800] "GET /xingrg/kc/buy/cgsh_order_operate.html?command=get_materiel&rest_code=00147&code=00101012051&supplier_code=00100242&order_time=2021-01-09 HTTP/1.1" 200 408
116.228.172.94 - - [09/Jan/2021:10:23:59 +0800] "GET /xingrg/all/function/internal_message.html?_=1610159027614&CODE_STATE=getMsg HTTP/1.1" 200 27
114.88.169.67 - - [09/Jan/2021:10:23:59 +0800] "POST /xingrg/kc/mdqp/pssh_order_operate.html HTTP/1.1" 200 37
114.88.169.67 - - [09/Jan/2021:10:24:01 +0800] "POST /xingrg/kc/mdqp/pssh_order_operate.html HTTP/1.1" 200 21769
222.70.174.6 - - [09/Jan/2021:10:24:03 +0800] "GET /xingrg/kc/buy/cgsh_order_operate.html?command=get_materiel&rest_code=00146&code=00101016025&supplier_code=00100033&order_time=2021-01-09 HTTP/1.1" 200 408
117.185.32.26 - - [09/Jan/2021:10:24:04 +0800] "GET /xingrg/all/function/internal_message.html?_=1610159509276&CODE_STATE=getMsg HTTP/1.1" 200 27
172.17.200.101 - - [09/Jan/2021:10:24:05 +0800] "GET /xingrg/all/function/internal_message.html?_=1610159046979&CODE_STATE=getMsg HTTP/1.1" 200 27
114.88.169.67 - - [09/Jan/2021:10:24:05 +0800] "POST /xingrg/kc/mdqp/pssh_order_operate.html HTTP/1.1" 200 37
114.88.169.67 - - [09/Jan/2021:10:24:05 +0800] "POST /xingrg/kc/mdqp/pssh_order_operate.html HTTP/1.1" 200 12
114.88.169.67 - - [09/Jan/2021:10:24:06 +0800] "GET /xingrg/kc/mdqp/pssh_order_info.html?code=312021010500149 HTTP/1.1" 200 14386
114.88.169.67 - - [09/Jan/2021:10:24:06 +0800] "GET /xingrg/javascript/jquery_tools/jquery-1.4.2.min.js HTTP/1.1" 404 1094
180.156.237.57 - - [09/Jan/2021:10:24:07 +0800] "GET /xingrg/all/function/internal_message.html?_=1610159020511&CODE_STATE=getMsg HTTP/1.1" 200 27
114.88.169.67 - - [09/Jan/2021:10:24:07 +0800] "GET /xingrg/javascript/easyui/themes/icons/uncheck_new.png HTTP/1.1" 304 -
114.88.169.67 - - [09/Jan/2021:10:24:07 +0800] "POST /xingrg/kc/mdqp/pssh_order_operate.html HTTP/1.1" 200 21769
114.88.169.67 - - [09/Jan/2021:10:24:07 +0800] "GET /xingrg/javascript/easyui/themes/default/validatebox.css HTTP/1.1" 404 1104
172.17.0.103 - - [09/Jan/2021:10:24:09 +0800] "GET /xingrg/kc/buy/cgsh_order_operate.html?command=get_materiel&rest_code=00147&code=00101016025&supplier_code=00100242&order_time=2021-01-09 HTTP/1.1" 200 408
114.88.169.67 - - [09/Jan/2021:10:24:10 +0800] "GET /xingrg/kc/print/load_config.html?kc_code=pssh HTTP/1.1" 200 2290
114.88.169.67 - - [09/Jan/2021:10:24:10 +0800] "GET /xingrg/kc/print/load_data.html?order_code=312021010500149&kc_code=pssh&condition= HTTP/1.1" 200 8021
61.165.42.208 - - [09/Jan/2021:10:24:10 +0800] "GET /xingrg/kc/base/wldb_order_operate.html?command=get_materiel&rest_code=00105&base_code=0010508&code=00102002562 HTTP/1.1" 200 446
58.37.230.33 - - [09/Jan/2021:10:24:11 +0800] "GET /xingrg/all/function/internal_message.html?_=1610159071876&CODE_STATE=getMsg HTTP/1.1" 200 27
58.37.230.33 - - [09/Jan/2021:10:24:11 +0800] "GET /xingrg/check_reg.html?_=1610159071878 HTTP/1.1" 200 22
222.70.174.7 - - [09/Jan/2021:10:24:11 +0800] "GET /xingrg/all/function/internal_message.html?_=1610159052606&CODE_STATE=getMsg HTTP/1.1" 302 -
117.185.32.26 - - [09/Jan/2021:10:24:13 +0800] "GET /xingrg/all/function/internal_message.html?_=1610159043922&CODE_STATE=getMsg HTTP/1.1" 200 27
61.165.42.208 - - [09/Jan/2021:10:24:16 +0800] "GET /xingrg/kc/base/wldb_order_operate.html?command=get_materiel&rest_code=00105&base_code=0010508&code=00102002448 HTTP/1.1" 200 426
58.221.95.50 - - [09/Jan/2021:10:24:16 +0800] "GET /xingrg/kc/buy/cgsh_order_operate.html?command=get_materiel&rest_code=00152&code=00101023009&supplier_code=00100151&order_time=2021-01-08 HTTP/1.1" 200 402
222.70.174.6 - - [09/Jan/2021:10:24:16 +0800] "GET /xingrg/check_reg.html?_=1610159058761 HTTP/1.1" 200 22
222.70.174.6 - - [09/Jan/2021:10:24:17 +0800] "GET /xingrg/all/function/internal_message.html?_=1610159060074&CODE_STATE=getMsg HTTP/1.1" 200 27
61.165.42.208 - - [09/Jan/2021:10:24:18 +0800] "GET /xingrg/all/function/internal_message.html?_=1610159058736&CODE_STATE=getMsg HTTP/1.1" 200 27
222.70.174.6 - - [09/Jan/2021:10:24:19 +0800] "POST /xingrg/kc/buy/cgsh_order_operate.html HTTP/1.1" 200 37
180.156.237.57 - - [09/Jan/2021:10:24:19 +0800] "GET /xingrg/all/function/internal_message.html?_=1610159032991&CODE_STATE=getMsg HTTP/1.1" 200 27
222.70.174.6 - - [09/Jan/2021:10:24:20 +0800] "POST /xingrg/kc/buy/cgsh_order_operate.html HTTP/1.1" 200 5601
117.131.5.26 - - [09/Jan/2021:10:24:20 +0800] "GET /xingrg/check_reg.html?_=1610159401188 HTTP/1.1" 200 22
180.175.150.119 - - [09/Jan/2021:10:24:21 +0800] "GET /xingrg/check_reg.html?_=1610159295417 HTTP/1.1" 200 22
61.165.42.208 - - [09/Jan/2021:10:24:21 +0800] "POST /xingrg/kc/base/wldb_order_operate.html HTTP/1.1" 200 37
117.131.5.26 - - [09/Jan/2021:10:24:21 +0800] "GET /xingrg/all/function/internal_message.html?_=1610159402327&CODE_STATE=getMsg HTTP/1.1" 200 27
61.165.42.208 - - [09/Jan/2021:10:24:22 +0800] "POST /xingrg/kc/base/wldb_order_operate.html HTTP/1.1" 200 4154
61.165.42.208 - - [09/Jan/2021:10:24:22 +0800] "GET /xingrg/kc/base/wldb_order_info.html?code=422021010901032 HTTP/1.1" 200 30517
61.165.42.208 - - [09/Jan/2021:10:24:23 +0800] "GET /xingrg/javascript/easyui/themes/default/validatebox.css HTTP/1.1" 404 1104
222.70.174.6 - - [09/Jan/2021:10:24:23 +0800] "GET /xingrg/kc/print/load_data.html?order_code=212021010903470&kc_code=cgsh&condition= HTTP/1.1" 200 1834
61.165.42.208 - - [09/Jan/2021:10:24:23 +0800] "POST /xingrg/kc/base/wldb_order_operate.html HTTP/1.1" 200 4154
101.85.93.83 - - [09/Jan/2021:10:24:24 +0800] "GET /xingrg/all/function/internal_message.html?_=1610158730909&CODE_STATE=getMsg HTTP/1.1" 200 27
172.17.0.103 - - [09/Jan/2021:10:24:28 +0800] "GET /xingrg/kc/buy/cgsh_order_operate.html?command=get_materiel&rest_code=00147&code=00101012059&supplier_code=00100242&order_time=2021-01-09 HTTP/1.1" 200 412
116.228.172.94 - - [09/Jan/2021:10:24:31 +0800] "GET /xingrg/kc/buy/cgsh_order_add.html HTTP/1.1" 200 61771
61.165.42.208 - - [09/Jan/2021:10:24:33 +0800] "GET /xingrg/kc/base/wldb_order_add.html HTTP/1.1" 200 30502
180.175.150.119 - - [09/Jan/2021:10:24:33 +0800] "GET /xingrg/kc/buy/cgsh_order_operate.html?command=get_materiel&rest_code=00102&code=00101009010&supplier_code=00100424&order_time=2021-01-09 HTTP/1.1" 200 412
116.228.172.94 - - [09/Jan/2021:10:24:33 +0800] "POST /xingrg/kc/buy/cgsh_order_operate.html HTTP/1.1" 200 8245
116.228.172.94 - - [09/Jan/2021:10:24:33 +0800] "GET /xingrg/javascript/easyui/themes/default/validatebox.css HTTP/1.1" 404 1104
61.165.42.208 - - [09/Jan/2021:10:24:33 +0800] "GET /xingrg/javascript/easyui/themes/default/validatebox.css HTTP/1.1" 404 1104
61.165.42.208 - - [09/Jan/2021:10:24:33 +0800] "POST /xingrg/kc/base/wldb_order_operate.html HTTP/1.1" 200 6806
61.165.42.208 - - [09/Jan/2021:10:24:34 +0800] "POST /xingrg/all/common/load_combo.html?type=base HTTP/1.1" 200 3236
116.228.172.94 - - [09/Jan/2021:10:24:34 +0800] "GET /xingrg/javascript/easyui/themes/default/tree.css HTTP/1.1" 404 1090
116.228.172.94 - - [09/Jan/2021:10:24:34 +0800] "POST /xingrg/all/common/load_tree.html?tree=supplier_tree_json&isDelete=1 HTTP/1.1" 200 54036
120.204.17.72 - - [09/Jan/2021:10:24:35 +0800] "GET /xingrg/index.html?sysBaseUrl=http://180.169.147.146:18081/xingrg/&costTime=38×tamp=1610158571129 HTTP/1.1" 302 -
180.175.150.119 - - [09/Jan/2021:10:24:36 +0800] "GET /xingrg/all/function/internal_message.html?_=1610159309770&CODE_STATE=getMsg HTTP/1.1" 200 27
120.204.17.70 - - [09/Jan/2021:10:24:36 +0800] "GET /xingrg/all/report/report_query.html?fileName=kc/buy/gys_amount.xml&rh=99999 HTTP/1.1" 302 -
222.70.174.6 - - [09/Jan/2021:10:24:37 +0800] "GET /xingrg/check_reg.html?_=1610159081942 HTTP/1.1" 200 22
58.221.95.50 - - [09/Jan/2021:10:24:39 +0800] "GET /xingrg/all/function/internal_message.html?_=1610159076459&CODE_STATE=getMsg HTTP/1.1" 200 27
222.70.174.6 - - [09/Jan/2021:10:24:42 +0800] "GET /xingrg/all/function/internal_message.html?_=1610159087677&CODE_STATE=getMsg HTTP/1.1" 200 27
61.165.42.208 - - [09/Jan/2021:10:24:43 +0800] "GET /xingrg/kc/base/wldb_order_operate.html?command=get_materiel&rest_code=00105&base_code=0010508&code=00102002685 HTTP/1.1" 200 442
120.204.17.72 - - [09/Jan/2021:10:24:43 +0800] "GET /xingrg/login.html HTTP/1.1" 200 7641
114.88.169.67 - - [09/Jan/2021:10:24:44 +0800] "POST /xingrg/kc/mdqp/pssh_list_operate.html HTTP/1.1" 200 750
61.129.6.145 - - [09/Jan/2021:10:24:44 +0800] "GET /xingrg/all/function/internal_message.html?_=1610158591858&CODE_STATE=getMsg HTTP/1.1" 302 -
61.165.42.208 - - [09/Jan/2021:10:24:44 +0800] "POST /xingrg/all/common/load_select.html HTTP/1.1" 200 25
120.204.17.72 - - [09/Jan/2021:10:24:45 +0800] "GET /xingrg/check_reg.html?_=1610158563914 HTTP/1.1" 302 -
114.88.169.67 - - [09/Jan/2021:10:24:45 +0800] "GET /xingrg/kc/mdqp/pssh_order_info.html?code=312021010500150 HTTP/1.1" 200 17297
114.88.169.67 - - [09/Jan/2021:10:24:45 +0800] "GET /xingrg/javascript/jquery_tools/jquery-1.4.2.min.js HTTP/1.1" 404 1094
114.88.169.67 - - [09/Jan/2021:10:24:45 +0800] "POST /xingrg/kc/mdqp/pssh_order_operate.html HTTP/1.1" 200 5233
114.88.169.67 - - [09/Jan/2021:10:24:46 +0800] "GET /xingrg/javascript/easyui/themes/default/validatebox.css HTTP/1.1" 404 1104
180.175.150.119 - - [09/Jan/2021:10:24:46 +0800] "GET /xingrg/kc/buy/cgsh_order_operate.html?command=get_materiel&rest_code=00102&code=00101009011&supplier_code=00100424&order_time=2021-01-09 HTTP/1.1" 200 416
61.129.6.145 - - [09/Jan/2021:10:24:46 +0800] "GET /xingrg/login.html HTTP/1.1" 200 7641
120.204.17.70 - - [09/Jan/2021:10:24:46 +0800] "GET /xingrg/login.html HTTP/1.1" 200 7641
61.165.42.208 - - [09/Jan/2021:10:24:47 +0800] "GET /xingrg/kc/base/wldb_order_operate.html?command=get_materiel_price&rest_code=00105&base_code=0010508&code=00102002685&unit_code=00100347 HTTP/1.1" 200 35
120.204.17.72 - - [09/Jan/2021:10:24:47 +0800] "GET /xingrg/login.html HTTP/1.1" 200 7641
114.88.169.67 - - [09/Jan/2021:10:24:49 +0800] "POST /xingrg/all/common/load_combo.html?type=employee HTTP/1.1" 200 365
116.228.172.94 - - [09/Jan/2021:10:24:53 +0800] "GET /xingrg/check_reg.html?_=1610159081955 HTTP/1.1" 200 22
114.88.169.67 - - [09/Jan/2021:10:24:54 +0800] "POST /xingrg/kc/mdqp/pssh_order_operate.html HTTP/1.1" 200 37
180.175.150.119 - - [09/Jan/2021:10:24:54 +0800] "GET /xingrg/kc/buy/cgsh_order_operate.html?command=get_materiel&rest_code=00102&code=00101009045&supplier_code=00100424&order_time=2021-01-09 HTTP/1.1" 200 412
114.88.169.67 - - [09/Jan/2021:10:24:54 +0800] "POST /xingrg/kc/mdqp/pssh_order_operate.html HTTP/1.1" 200 5233
172.17.0.103 - - [09/Jan/2021:10:24:55 +0800] "GET /xingrg/all/function/internal_message.html?_=1610159094044&CODE_STATE=getMsg HTTP/1.1" 200 27
114.88.169.67 - - [09/Jan/2021:10:24:55 +0800] "GET /xingrg/all/function/internal_message.html?_=1610159090070&CODE_STATE=getMsg HTTP/1.1" 200 27
61.165.42.208 - - [09/Jan/2021:10:24:57 +0800] "GET /xingrg/kc/base/wldb_order_operate.html?command=get_materiel&rest_code=00105&base_code=0010508&code=00102002197 HTTP/1.1" 200 445
116.228.172.94 - - [09/Jan/2021:10:24:58 +0800] "GET /xingrg/kc/buy/cgsh_order_operate.html?command=get_materiel&rest_code=00107&code=00101001141&supplier_code=00100327&order_time=2021-01-09 HTTP/1.1" 200 413
114.88.169.67 - - [09/Jan/2021:10:24:58 +0800] "POST /xingrg/kc/mdqp/pssh_order_operate.html HTTP/1.1" 200 37
114.88.169.67 - - [09/Jan/2021:10:24:59 +0800] "POST /xingrg/kc/mdqp/pssh_order_operate.html HTTP/1.1" 200 12
116.228.172.94 - - [09/Jan/2021:10:24:59 +0800] "GET /xingrg/all/function/internal_message.html?_=1610159087595&CODE_STATE=getMsg HTTP/1.1" 200 27
114.88.169.67 - - [09/Jan/2021:10:25:00 +0800] "GET /xingrg/kc/mdqp/pssh_order_info.html?code=312021010500150 HTTP/1.1" 200 14386
114.88.169.67 - - [09/Jan/2021:10:25:00 +0800] "GET /xingrg/javascript/jquery_tools/jquery-1.4.2.min.js HTTP/1.1" 404 1094
114.88.169.67 - - [09/Jan/2021:10:25:00 +0800] "POST /xingrg/kc/mdqp/pssh_order_operate.html HTTP/1.1" 200 5233
114.88.169.67 - - [09/Jan/2021:10:25:01 +0800] "GET /xingrg/javascript/easyui/themes/default/validatebox.css HTTP/1.1" 404 1104
61.165.42.208 - - [09/Jan/2021:10:25:01 +0800] "POST /xingrg/kc/base/wldb_order_operate.html HTTP/1.1" 200 37
61.165.42.208 - - [09/Jan/2021:10:25:01 +0800] "POST /xingrg/kc/base/wldb_order_operate.html HTTP/1.1" 200 2691
61.165.42.208 - - [09/Jan/2021:10:25:02 +0800] "GET /xingrg/kc/base/wldb_order_info.html?code=422021010901033 HTTP/1.1" 200 30517
61.165.42.208 - - [09/Jan/2021:10:25:02 +0800] "GET /xingrg/javascript/easyui/themes/default/validatebox.css HTTP/1.1" 404 1104
61.165.42.208 - - [09/Jan/2021:10:25:02 +0800] "POST /xingrg/kc/base/wldb_order_operate.html HTTP/1.1" 200 2691
114.88.169.67 - - [09/Jan/2021:10:25:03 +0800] "GET /xingrg/kc/print/load_data.html?order_code=312021010500150&kc_code=pssh&condition= HTTP/1.1" 200 2245
117.185.32.26 - - [09/Jan/2021:10:25:04 +0800] "GET /xingrg/all/function/internal_message.html?_=1610159569273&CODE_STATE=getMsg HTTP/1.1" 200 27
172.17.200.101 - - [09/Jan/2021:10:25:05 +0800] "GET /xingrg/all/function/internal_message.html?_=1610159106984&CODE_STATE=getMsg HTTP/1.1" 200 27
180.156.237.57 - - [09/Jan/2021:10:25:07 +0800] "GET /xingrg/all/function/internal_message.html?_=1610159080524&CODE_STATE=getMsg HTTP/1.1" 200 27
58.37.230.33 - - [09/Jan/2021:10:25:11 +0800] "GET /xingrg/all/function/internal_message.html?_=1610159131876&CODE_STATE=getMsg HTTP/1.1" 200 27
222.70.174.7 - - [09/Jan/2021:10:25:11 +0800] "GET /xingrg/all/function/internal_message.html?_=1610159112609&CODE_STATE=getMsg HTTP/1.1" 302 -
61.165.42.208 - - [09/Jan/2021:10:25:13 +0800] "GET /xingrg/kc/base/wldb_order_add.html HTTP/1.1" 200 30502
117.185.32.26 - - [09/Jan/2021:10:25:13 +0800] "GET /xingrg/all/function/internal_message.html?_=1610159103929&CODE_STATE=getMsg HTTP/1.1" 200 27
61.165.42.208 - - [09/Jan/2021:10:25:13 +0800] "POST /xingrg/kc/base/wldb_order_operate.html HTTP/1.1" 200 6806
61.165.42.208 - - [09/Jan/2021:10:25:13 +0800] "GET /xingrg/javascript/easyui/themes/default/validatebox.css HTTP/1.1" 404 1104
61.165.42.208 - - [09/Jan/2021:10:25:14 +0800] "POST /xingrg/all/common/load_combo.html?type=base HTTP/1.1" 200 3236
180.175.150.119 - - [09/Jan/2021:10:25:16 +0800] "GET /xingrg/kc/buy/cgsh_order_operate.html?command=get_materiel&rest_code=00102&code=00101009109&supplier_code=00100424&order_time=2021-01-09 HTTP/1.1" 200 399
114.88.169.67 - - [09/Jan/2021:10:25:17 +0800] "POST /xingrg/kc/mdqp/pssh_list_operate.html HTTP/1.1" 200 1570
61.165.42.208 - - [09/Jan/2021:10:25:18 +0800] "GET /xingrg/check_reg.html?_=1610159118537 HTTP/1.1" 200 22
61.165.42.208 - - [09/Jan/2021:10:25:18 +0800] "GET /xingrg/all/function/internal_message.html?_=1610159118716&CODE_STATE=getMsg HTTP/1.1" 200 27
222.70.174.6 - - [09/Jan/2021:10:25:18 +0800] "GET /xingrg/all/function/internal_message.html?_=1610159120857&CODE_STATE=getMsg HTTP/1.1" 200 27
180.156.237.57 - - [09/Jan/2021:10:25:19 +0800] "GET /xingrg/all/function/internal_message.html?_=1610159093004&CODE_STATE=getMsg HTTP/1.1" 200 27
116.228.172.94 - - [09/Jan/2021:10:25:20 +0800] "GET /xingrg/kc/buy/cgsh_order_operate.html?command=get_materiel&rest_code=00107&code=00101010628&supplier_code=00100327&order_time=2021-01-09 HTTP/1.1" 200 412
117.131.5.26 - - [09/Jan/2021:10:25:21 +0800] "GET /xingrg/all/function/internal_message.html?_=1610159462349&CODE_STATE=getMsg HTTP/1.1" 200 27
101.85.93.83 - - [09/Jan/2021:10:25:24 +0800] "GET /xingrg/all/function/internal_message.html?_=1610158790911&CODE_STATE=getMsg HTTP/1.1" 200 27
61.165.42.208 - - [09/Jan/2021:10:25:25 +0800] "GET /xingrg/kc/base/wldb_order_operate.html?command=get_materiel&rest_code=00105&base_code=0010507&code=00101019384 HTTP/1.1" 200 457
114.88.169.67 - - [09/Jan/2021:10:25:25 +0800] "POST /xingrg/kc/mdqp/pssh_list_operate.html HTTP/1.1" 200 1570
114.88.169.67 - - [09/Jan/2021:10:25:25 +0800] "POST /xingrg/kc/mdqp/pssh_list_operate.html HTTP/1.1" 200 1570
114.88.169.67 - - [09/Jan/2021:10:25:27 +0800] "GET /xingrg/kc/mdqp/pssh_order_list.html HTTP/1.1" 200 17927
114.88.169.67 - - [09/Jan/2021:10:25:27 +0800] "POST /xingrg/kc/mdqp/pssh_list_operate.html HTTP/1.1" 200 5294
180.175.150.119 - - [09/Jan/2021:10:25:27 +0800] "GET /xingrg/kc/buy/cgsh_order_operate.html?command=get_materiel&rest_code=00102&code=00101009062&supplier_code=00100424&order_time=2021-01-09 HTTP/1.1" 200 412
114.88.169.67 - - [09/Jan/2021:10:25:28 +0800] "POST /xingrg/kc/mdqp/pssh_list_operate.html HTTP/1.1" 200 254
114.88.169.67 - - [09/Jan/2021:10:25:30 +0800] "GET /xingrg/kc/mdqp/pssh_order_info.html?code=312021010500162 HTTP/1.1" 200 17297
114.88.169.67 - - [09/Jan/2021:10:25:30 +0800] "GET /xingrg/javascript/jquery_tools/jquery-1.4.2.min.js HTTP/1.1" 404 1094
120.204.17.71 - - [09/Jan/2021:10:25:30 +0800] "GET /xingrg/servlets/image?cache=0.9766894846585941&image=px HTTP/1.1" 200 807
114.88.169.67 - - [09/Jan/2021:10:25:30 +0800] "POST /xingrg/kc/mdqp/pssh_order_operate.html HTTP/1.1" 200 535
114.88.169.67 - - [09/Jan/2021:10:25:30 +0800] "GET /xingrg/javascript/easyui/themes/default/validatebox.css HTTP/1.1" 404 1104
61.165.42.208 - - [09/Jan/2021:10:25:32 +0800] "GET /xingrg/kc/base/wldb_order_operate.html?command=get_materiel&rest_code=00105&base_code=0010507&code=00101019015 HTTP/1.1" 200 437
114.88.169.67 - - [09/Jan/2021:10:25:33 +0800] "POST /xingrg/all/common/load_combo.html?type=employee HTTP/1.1" 200 365
180.175.150.119 - - [09/Jan/2021:10:25:36 +0800] "GET /xingrg/all/function/internal_message.html?_=1610159369782&CODE_STATE=getMsg HTTP/1.1" 200 27
116.228.172.94 - - [09/Jan/2021:10:25:36 +0800] "GET /xingrg/kc/buy/cgsh_order_operate.html?command=get_materiel&rest_code=00107&code=00101010327&supplier_code=00100327&order_time=2021-01-09 HTTP/1.1" 200 403
114.88.169.67 - - [09/Jan/2021:10:25:38 +0800] "POST /xingrg/kc/mdqp/pssh_order_operate.html HTTP/1.1" 200 37
114.88.169.67 - - [09/Jan/2021:10:25:38 +0800] "POST /xingrg/kc/mdqp/pssh_order_operate.html HTTP/1.1" 200 535
58.221.95.50 - - [09/Jan/2021:10:25:39 +0800] "GET /xingrg/all/function/internal_message.html?_=1610159136450&CODE_STATE=getMsg HTTP/1.1" 200 27
58.221.95.50 - - [09/Jan/2021:10:25:39 +0800] "GET /xingrg/check_reg.html?_=1610159136462 HTTP/1.1" 200 22
116.228.172.94 - - [09/Jan/2021:10:25:42 +0800] "POST /xingrg/kc/buy/cgsh_order_operate.html HTTP/1.1" 200 37
114.88.169.67 - - [09/Jan/2021:10:25:42 +0800] "POST /xingrg/kc/mdqp/pssh_order_operate.html HTTP/1.1" 200 37
114.88.169.67 - - [09/Jan/2021:10:25:42 +0800] "POST /xingrg/kc/mdqp/pssh_order_operate.html HTTP/1.1" 200 12
222.70.174.6 - - [09/Jan/2021:10:25:42 +0800] "GET /xingrg/all/function/internal_message.html?_=1610159147690&CODE_STATE=getMsg HTTP/1.1" 200 27
114.88.169.67 - - [09/Jan/2021:10:25:43 +0800] "GET /xingrg/kc/mdqp/pssh_order_info.html?code=312021010500162 HTTP/1.1" 200 14386
114.88.169.67 - - [09/Jan/2021:10:25:43 +0800] "GET /xingrg/javascript/jquery_tools/jquery-1.4.2.min.js HTTP/1.1" 404 1094
116.228.172.94 - - [09/Jan/2021:10:25:43 +0800] "POST /xingrg/kc/buy/cgsh_order_operate.html HTTP/1.1" 200 3861
114.88.169.67 - - [09/Jan/2021:10:25:44 +0800] "POST /xingrg/kc/mdqp/pssh_order_operate.html HTTP/1.1" 200 535
114.88.169.67 - - [09/Jan/2021:10:25:44 +0800] "GET /xingrg/javascript/easyui/themes/default/validatebox.css HTTP/1.1" 404 1104
114.88.169.67 - - [09/Jan/2021:10:25:46 +0800] "GET /xingrg/kc/print/load_data.html?order_code=312021010500162&kc_code=pssh&condition= HTTP/1.1" 200 657
116.228.172.94 - - [09/Jan/2021:10:25:47 +0800] "GET /xingrg/kc/print/load_data.html?order_code=212021010903471&kc_code=cgsh&condition= HTTP/1.1" 200 1137
61.165.42.208 - - [09/Jan/2021:10:25:47 +0800] "GET /xingrg/kc/base/wldb_order_operate.html?command=get_materiel&rest_code=00105&base_code=0010507&code=00101019306 HTTP/1.1" 200 465
116.228.172.94 - - [09/Jan/2021:10:25:52 +0800] "GET /xingrg/kc/buy/cgsh_order_add.html HTTP/1.1" 200 61771
116.228.172.94 - - [09/Jan/2021:10:25:54 +0800] "GET /xingrg/javascript/easyui/themes/default/validatebox.css HTTP/1.1" 404 1104
116.228.172.94 - - [09/Jan/2021:10:25:54 +0800] "POST /xingrg/kc/buy/cgsh_order_operate.html HTTP/1.1" 200 8245
172.17.0.103 - - [09/Jan/2021:10:25:55 +0800] "GET /xingrg/all/function/internal_message.html?_=1610159154013&CODE_STATE=getMsg HTTP/1.1" 200 27
114.88.169.67 - - [09/Jan/2021:10:25:55 +0800] "GET /xingrg/all/function/internal_message.html?_=1610159150082&CODE_STATE=getMsg HTTP/1.1" 200 27
116.228.172.94 - - [09/Jan/2021:10:25:56 +0800] "GET /xingrg/javascript/easyui/themes/default/tree.css HTTP/1.1" 404 1090
61.165.42.208 - - [09/Jan/2021:10:25:56 +0800] "GET /xingrg/kc/base/wldb_order_operate.html?command=get_materiel&rest_code=00105&base_code=0010507&code=00101019295 HTTP/1.1" 200 463
116.228.172.94 - - [09/Jan/2021:10:25:56 +0800] "POST /xingrg/all/common/load_tree.html?tree=supplier_tree_json&isDelete=1 HTTP/1.1" 200 54036
116.228.172.94 - - [09/Jan/2021:10:25:59 +0800] "GET /xingrg/all/function/internal_message.html?_=1610159148239&CODE_STATE=getMsg HTTP/1.1" 200 27
114.88.169.67 - - [09/Jan/2021:10:26:00 +0800] "GET /xingrg/kc/mdqp/pssh_order_list.html HTTP/1.1" 200 17927
114.88.169.67 - - [09/Jan/2021:10:26:00 +0800] "POST /xingrg/kc/mdqp/pssh_list_operate.html HTTP/1.1" 200 5319
61.165.42.208 - - [09/Jan/2021:10:26:01 +0800] "GET /xingrg/kc/base/wldb_order_operate.html?command=get_materiel&rest_code=00105&base_code=0010507&code=00101019400 HTTP/1.1" 200 451
117.185.32.26 - - [09/Jan/2021:10:26:04 +0800] "GET /xingrg/all/function/internal_message.html?_=1610159629273&CODE_STATE=getMsg HTTP/1.1" 200 27
114.88.169.67 - - [09/Jan/2021:10:26:05 +0800] "POST /xingrg/kc/mdqp/pssh_list_operate.html HTTP/1.1" 200 357
172.17.200.101 - - [09/Jan/2021:10:26:05 +0800] "GET /xingrg/check_reg.html?_=1610159166985 HTTP/1.1" 200 22
172.17.200.101 - - [09/Jan/2021:10:26:05 +0800] "GET /xingrg/all/function/internal_message.html?_=1610159166989&CODE_STATE=getMsg HTTP/1.1" 200 27
114.88.169.67 - - [09/Jan/2021:10:26:05 +0800] "GET /xingrg/kc/mdqp/pssh_order_info.html?code=312021010600168 HTTP/1.1" 200 17295
114.88.169.67 - - [09/Jan/2021:10:26:05 +0800] "GET /xingrg/javascript/jquery_tools/jquery-1.4.2.min.js HTTP/1.1" 404 1094
114.88.169.67 - - [09/Jan/2021:10:26:05 +0800] "POST /xingrg/kc/mdqp/pssh_order_operate.html HTTP/1.1" 200 1080
114.88.169.67 - - [09/Jan/2021:10:26:06 +0800] "GET /xingrg/javascript/easyui/themes/default/validatebox.css HTTP/1.1" 404 1104
180.156.237.57 - - [09/Jan/2021:10:26:07 +0800] "GET /xingrg/all/function/internal_message.html?_=1610159140546&CODE_STATE=getMsg HTTP/1.1" 200 27
114.88.169.67 - - [09/Jan/2021:10:26:08 +0800] "POST /xingrg/all/common/load_combo.html?type=employee HTTP/1.1" 200 365
61.165.42.208 - - [09/Jan/2021:10:26:09 +0800] "GET /xingrg/kc/base/wldb_order_operate.html?command=get_materiel&rest_code=00105&base_code=0010507&code=00101019542 HTTP/1.1" 200 447
58.37.230.33 - - [09/Jan/2021:10:26:11 +0800] "GET /xingrg/all/function/internal_message.html?_=1610159191891&CODE_STATE=getMsg HTTP/1.1" 200 27
222.70.174.7 - - [09/Jan/2021:10:26:11 +0800] "GET /xingrg/all/function/internal_message.html?_=1610159172654&CODE_STATE=getMsg HTTP/1.1" 302 -
114.88.169.67 - - [09/Jan/2021:10:26:12 +0800] "POST /xingrg/kc/mdqp/pssh_order_operate.html HTTP/1.1" 200 37
117.185.32.26 - - [09/Jan/2021:10:26:13 +0800] "GET /xingrg/all/function/internal_message.html?_=1610159163932&CODE_STATE=getMsg HTTP/1.1" 200 27
117.185.32.26 - - [09/Jan/2021:10:26:13 +0800] "GET /xingrg/check_reg.html?_=1610159163929 HTTP/1.1" 200 22
114.88.169.67 - - [09/Jan/2021:10:26:13 +0800] "POST /xingrg/kc/mdqp/pssh_order_operate.html HTTP/1.1" 200 1080
101.85.52.2 - - [09/Jan/2021:10:26:16 +0800] "GET /xingrg/login.html HTTP/1.1" 200 7641
61.165.42.208 - - [09/Jan/2021:10:26:16 +0800] "GET /xingrg/kc/base/wldb_order_operate.html?command=get_materiel&rest_code=00105&base_code=0010507&code=00101019133 HTTP/1.1" 200 464
114.88.169.67 - - [09/Jan/2021:10:26:17 +0800] "POST /xingrg/kc/mdqp/pssh_order_operate.html HTTP/1.1" 200 37
114.88.169.67 - - [09/Jan/2021:10:26:17 +0800] "POST /xingrg/kc/mdqp/pssh_order_operate.html HTTP/1.1" 200 12
116.228.172.94 - - [09/Jan/2021:10:26:17 +0800] "GET /xingrg/kc/buy/cgsh_order_operate.html?command=get_materiel&rest_code=00107&code=00101006164&supplier_code=00100326&order_time=2021-01-09 HTTP/1.1" 200 415
114.88.169.67 - - [09/Jan/2021:10:26:18 +0800] "GET /xingrg/kc/mdqp/pssh_order_info.html?code=312021010600168 HTTP/1.1" 200 14384
114.88.169.67 - - [09/Jan/2021:10:26:18 +0800] "GET /xingrg/javascript/jquery_tools/jquery-1.4.2.min.js HTTP/1.1" 404 1094
61.165.42.208 - - [09/Jan/2021:10:26:18 +0800] "GET /xingrg/all/function/internal_message.html?_=1610159178738&CODE_STATE=getMsg HTTP/1.1" 200 27
101.85.52.2 - - [09/Jan/2021:10:26:18 +0800] "GET /favicon.ico HTTP/1.1" 404 -
114.88.169.67 - - [09/Jan/2021:10:26:19 +0800] "POST /xingrg/kc/mdqp/pssh_order_operate.html HTTP/1.1" 200 1080
180.156.237.57 - - [09/Jan/2021:10:26:19 +0800] "GET /xingrg/check_reg.html?_=1610159152524 HTTP/1.1" 200 22
114.88.169.67 - - [09/Jan/2021:10:26:19 +0800] "GET /xingrg/javascript/easyui/themes/default/validatebox.css HTTP/1.1" 404 1104
180.156.237.57 - - [09/Jan/2021:10:26:19 +0800] "GET /xingrg/all/function/internal_message.html?_=1610159153018&CODE_STATE=getMsg HTTP/1.1" 200 27
222.70.174.6 - - [09/Jan/2021:10:26:19 +0800] "GET /xingrg/all/function/internal_message.html?_=1610159181918&CODE_STATE=getMsg HTTP/1.1" 200 27
114.88.169.67 - - [09/Jan/2021:10:26:20 +0800] "GET /xingrg/kc/print/load_data.html?order_code=312021010600168&kc_code=pssh&condition= HTTP/1.1" 200 861
117.131.5.26 - - [09/Jan/2021:10:26:21 +0800] "GET /xingrg/all/function/internal_message.html?_=1610159522354&CODE_STATE=getMsg HTTP/1.1" 200 27
101.85.93.83 - - [09/Jan/2021:10:26:24 +0800] "GET /xingrg/all/function/internal_message.html?_=1610158850909&CODE_STATE=getMsg HTTP/1.1" 200 27
61.165.42.208 - - [09/Jan/2021:10:26:24 +0800] "GET /xingrg/kc/base/wldb_order_operate.html?command=get_materiel&rest_code=00105&base_code=0010507&code=00101019391 HTTP/1.1" 200 471
116.228.172.94 - - [09/Jan/2021:10:26:32 +0800] "POST /xingrg/kc/buy/cgsh_order_operate.html HTTP/1.1" 200 64
180.175.150.119 - - [09/Jan/2021:10:26:33 +0800] "POST /xingrg/kc/buy/cgsh_order_operate.html HTTP/1.1" 200 37
120.204.17.72 - - [09/Jan/2021:10:26:33 +0800] "GET /xingrg/all/function/internal_message.html?_=1610158683923&CODE_STATE=getMsg HTTP/1.1" 302 -
114.88.169.67 - - [09/Jan/2021:10:26:34 +0800] "POST /xingrg/kc/mdqp/pssh_list_operate.html HTTP/1.1" 200 1570
180.175.150.119 - - [09/Jan/2021:10:26:35 +0800] "POST /xingrg/kc/buy/cgsh_order_operate.html HTTP/1.1" 200 12
183.192.164.85 - - [09/Jan/2021:10:26:37 +0800] "GET /xingrg/kc/buy/cgsh_order_list.html HTTP/1.1" 302 -
114.88.169.67 - - [09/Jan/2021:10:26:37 +0800] "POST /xingrg/kc/mdqp/pssh_list_operate.html HTTP/1.1" 200 268
116.228.172.94 - - [09/Jan/2021:10:26:37 +0800] "POST /xingrg/kc/buy/cgsh_order_operate.html HTTP/1.1" 200 37
180.175.150.119 - - [09/Jan/2021:10:26:37 +0800] "GET /xingrg/all/function/internal_message.html?_=1610159431357&CODE_STATE=getMsg HTTP/1.1" 200 27
180.175.150.119 - - [09/Jan/2021:10:26:37 +0800] "GET /xingrg/kc/buy/cgsh_order_info.html?code=212021010903473 HTTP/1.1" 200 56542
116.228.172.94 - - [09/Jan/2021:10:26:38 +0800] "POST /xingrg/kc/buy/cgsh_order_operate.html HTTP/1.1" 200 2660
183.192.164.85 - - [09/Jan/2021:10:26:39 +0800] "GET /xingrg/login.html HTTP/1.1" 200 7641
180.175.150.119 - - [09/Jan/2021:10:26:39 +0800] "GET /xingrg/javascript/easyui/themes/default/validatebox.css HTTP/1.1" 404 1104
180.175.150.119 - - [09/Jan/2021:10:26:39 +0800] "POST /xingrg/kc/buy/cgsh_order_operate.html HTTP/1.1" 200 4752
114.88.169.67 - - [09/Jan/2021:10:26:39 +0800] "GET /xingrg/kc/mdqp/pssh_order_info.html?code=312021010500165 HTTP/1.1" 200 17244
114.88.169.67 - - [09/Jan/2021:10:26:39 +0800] "GET /xingrg/javascript/jquery_tools/jquery-1.4.2.min.js HTTP/1.1" 404 1094
58.221.95.50 - - [09/Jan/2021:10:26:39 +0800] "GET /xingrg/all/function/internal_message.html?_=1610159196459&CODE_STATE=getMsg HTTP/1.1" 200 27
114.88.169.67 - - [09/Jan/2021:10:26:39 +0800] "POST /xingrg/kc/mdqp/pssh_order_operate.html HTTP/1.1" 200 535
114.88.169.67 - - [09/Jan/2021:10:26:40 +0800] "GET /xingrg/javascript/easyui/themes/default/validatebox.css HTTP/1.1" 404 1104
180.175.150.119 - - [09/Jan/2021:10:26:41 +0800] "GET /xingrg/kc/print/load_data.html?order_code=212021010903473&kc_code=cgsh&condition= HTTP/1.1" 200 2270
114.88.169.67 - - [09/Jan/2021:10:26:42 +0800] "POST /xingrg/all/common/load_combo.html?type=base&rest_code=00111 HTTP/1.1" 200 3142
116.228.172.94 - - [09/Jan/2021:10:26:42 +0800] "GET /xingrg/kc/print/load_data.html?order_code=212021010903474&kc_code=cgsh&condition= HTTP/1.1" 200 679
120.204.17.72 - - [09/Jan/2021:10:26:42 +0800] "GET /xingrg/login.html HTTP/1.1" 200 7641
222.70.174.6 - - [09/Jan/2021:10:26:42 +0800] "GET /xingrg/all/function/internal_message.html?_=1610159207703&CODE_STATE=getMsg HTTP/1.1" 200 27
101.89.19.197 - - [09/Jan/2021:10:26:45 +0800] "GET /xingrg/all/function/internal_message.html?_=1610158711856&CODE_STATE=getMsg HTTP/1.1" 302 -
58.221.95.50 - - [09/Jan/2021:10:26:47 +0800] "POST /xingrg/kc/buy/cgsh_order_operate.html HTTP/1.1" 200 37
101.89.19.197 - - [09/Jan/2021:10:26:47 +0800] "GET /xingrg/login.html HTTP/1.1" 200 7641
116.228.172.94 - - [09/Jan/2021:10:26:48 +0800] "GET /xingrg/kc/buy/cgsh_order_add.html HTTP/1.1" 200 61771
117.184.7.30 - - [09/Jan/2021:10:26:48 +0800] "POST /xingrg/services/DataTransmitService HTTP/1.1" 200 524
180.175.150.119 - - [09/Jan/2021:10:26:48 +0800] "GET /xingrg/javascript/jquery_easy_ui/themes/default/images/tabs_active.png HTTP/1.1" 304 -
116.228.172.94 - - [09/Jan/2021:10:26:49 +0800] "GET /xingrg/javascript/easyui/themes/default/validatebox.css HTTP/1.1" 404 1104
58.221.95.50 - - [09/Jan/2021:10:26:49 +0800] "POST /xingrg/kc/buy/cgsh_order_operate.html HTTP/1.1" 200 6912
116.228.172.94 - - [09/Jan/2021:10:26:49 +0800] "POST /xingrg/kc/buy/cgsh_order_operate.html HTTP/1.1" 200 8245
116.228.172.94 - - [09/Jan/2021:10:26:51 +0800] "GET /xingrg/javascript/easyui/themes/default/tree.css HTTP/1.1" 404 1090
116.228.172.94 - - [09/Jan/2021:10:26:51 +0800] "POST /xingrg/all/common/load_tree.html?tree=supplier_tree_json&isDelete=1 HTTP/1.1" 200 54036
180.175.150.119 - - [09/Jan/2021:10:26:53 +0800] "POST /xingrg/kc/buy/cgsh_list_operate.html HTTP/1.1" 200 5767
172.17.0.103 - - [09/Jan/2021:10:26:55 +0800] "GET /xingrg/all/function/internal_message.html?_=1610159214008&CODE_STATE=getMsg HTTP/1.1" 200 27
114.88.169.67 - - [09/Jan/2021:10:26:55 +0800] "GET /xingrg/all/function/internal_message.html?_=1610159210094&CODE_STATE=getMsg HTTP/1.1" 200 27
114.88.169.67 - - [09/Jan/2021:10:26:57 +0800] "POST /xingrg/all/common/load_combo.html?type=employee HTTP/1.1" 200 365
116.228.172.94 - - [09/Jan/2021:10:26:59 +0800] "GET /xingrg/all/function/internal_message.html?_=1610159208223&CODE_STATE=getMsg HTTP/1.1" 200 27
58.40.7.146 - - [09/Jan/2021:10:27:00 +0800] "GET /favicon.ico HTTP/1.1" 404 -
180.175.150.119 - - [09/Jan/2021:10:27:02 +0800] "POST /xingrg/all/common/load_tree.html?tree=area_rest_tree_json&manage=1 HTTP/1.1" 200 342
180.175.150.119 - - [09/Jan/2021:10:27:02 +0800] "GET /xingrg/all/function/internal_message.html?_=1610159456548&CODE_STATE=count HTTP/1.1" 200 11
180.175.150.119 - - [09/Jan/2021:10:27:02 +0800] "GET /xingrg/check_reg.html?_=1610159456550 HTTP/1.1" 200 22
58.40.7.146 - - [09/Jan/2021:10:27:02 +0800] "GET /favicon.ico HTTP/1.1" 404 -
180.175.150.119 - - [09/Jan/2021:10:27:02 +0800] "POST /xingrg/load_menu.html HTTP/1.1" 200 5138
180.175.150.119 - - [09/Jan/2021:10:27:03 +0800] "GET /favicon.ico HTTP/1.1" 404 -
117.185.32.26 - - [09/Jan/2021:10:27:04 +0800] "GET /xingrg/check_reg.html?_=1610159689276 HTTP/1.1" 200 22
117.185.32.26 - - [09/Jan/2021:10:27:04 +0800] "GET /xingrg/all/function/internal_message.html?_=1610159689274&CODE_STATE=getMsg HTTP/1.1" 200 27
172.17.200.101 - - [09/Jan/2021:10:27:05 +0800] "GET /xingrg/all/function/internal_message.html?_=1610159226996&CODE_STATE=getMsg HTTP/1.1" 200 27
180.175.150.119 - - [09/Jan/2021:10:27:06 +0800] "GET /xingrg/kc/buy/cgsh_order_list.html HTTP/1.1" 200 45945
58.40.7.146 - - [09/Jan/2021:10:27:06 +0800] "GET /favicon.ico HTTP/1.1" 404 -
180.175.150.119 - - [09/Jan/2021:10:27:06 +0800] "POST /xingrg/kc/buy/cgsh_list_operate.html HTTP/1.1" 200 876
180.156.237.57 - - [09/Jan/2021:10:27:07 +0800] "GET /xingrg/all/function/internal_message.html?_=1610159200551&CODE_STATE=getMsg HTTP/1.1" 200 27
58.40.7.146 - - [09/Jan/2021:10:27:07 +0800] "GET /favicon.ico HTTP/1.1" 404 -
58.40.7.146 - - [09/Jan/2021:10:27:07 +0800] "GET /favicon.ico HTTP/1.1" 404 -
58.40.7.146 - - [09/Jan/2021:10:27:08 +0800] "GET /favicon.ico HTTP/1.1" 404 -
58.37.230.33 - - [09/Jan/2021:10:27:11 +0800] "GET /xingrg/all/function/internal_message.html?_=1610159251876&CODE_STATE=getMsg HTTP/1.1" 200 27
180.175.150.119 - - [09/Jan/2021:10:27:11 +0800] "POST /xingrg/kc/buy/cgsh_list_operate.html HTTP/1.1" 200 5767
222.70.174.7 - - [09/Jan/2021:10:27:11 +0800] "GET /xingrg/all/function/internal_message.html?_=1610159232668&CODE_STATE=getMsg HTTP/1.1" 302 -
117.185.32.26 - - [09/Jan/2021:10:27:13 +0800] "GET /xingrg/all/function/internal_message.html?_=1610159223919&CODE_STATE=getMsg HTTP/1.1" 200 27
61.165.42.208 - - [09/Jan/2021:10:27:14 +0800] "GET /xingrg/kc/base/wldb_order_operate.html?command=get_materiel&rest_code=00105&base_code=0010507&code=00101019424 HTTP/1.1" 200 448
61.165.42.208 - - [09/Jan/2021:10:27:18 +0800] "GET /xingrg/all/function/internal_message.html?_=1610159238667&CODE_STATE=getMsg HTTP/1.1" 200 27
180.156.237.57 - - [09/Jan/2021:10:27:19 +0800] "GET /xingrg/all/function/internal_message.html?_=1610159213032&CODE_STATE=getMsg HTTP/1.1" 200 27
114.88.169.67 - - [09/Jan/2021:10:27:20 +0800] "POST /xingrg/kc/mdqp/pssh_order_operate.html HTTP/1.1" 200 37
116.228.172.94 - - [09/Jan/2021:10:27:20 +0800] "GET /xingrg/kc/buy/cgsh_order_operate.html?command=get_materiel&rest_code=00107&code=00101001140&supplier_code=00100090&order_time=2021-01-09 HTTP/1.1" 200 415
114.88.169.67 - - [09/Jan/2021:10:27:21 +0800] "POST /xingrg/kc/mdqp/pssh_order_operate.html HTTP/1.1" 200 535
222.70.174.6 - - [09/Jan/2021:10:27:21 +0800] "GET /xingrg/all/function/internal_message.html?_=1610159243819&CODE_STATE=getMsg HTTP/1.1" 200 27
117.131.5.26 - - [09/Jan/2021:10:27:22 +0800] "GET /xingrg/all/function/internal_message.html?_=1610159582722&CODE_STATE=getMsg HTTP/1.1" 200 27
101.85.93.83 - - [09/Jan/2021:10:27:24 +0800] "GET /xingrg/all/function/internal_message.html?_=1610158910908&CODE_STATE=getMsg HTTP/1.1" 200 27
114.88.169.67 - - [09/Jan/2021:10:27:25 +0800] "GET /xingrg/kc/print/load_data.html?order_code=312021010500165&kc_code=pssh&condition= HTTP/1.1" 200 588
172.17.0.103 - - [09/Jan/2021:10:27:31 +0800] "POST /xingrg/kc/buy/cgsh_order_operate.html HTTP/1.1" 200 37
172.17.0.103 - - [09/Jan/2021:10:27:32 +0800] "POST /xingrg/kc/buy/cgsh_order_operate.html HTTP/1.1" 200 6231
172.17.0.103 - - [09/Jan/2021:10:27:34 +0800] "GET /xingrg/kc/print/load_data.html?order_code=212021010903476&kc_code=cgsh&condition= HTTP/1.1" 200 2030
172.17.0.103 - - [09/Jan/2021:10:27:37 +0800] "GET /xingrg/kc/buy/cgsh_order_add.html HTTP/1.1" 200 61616
172.17.0.103 - - [09/Jan/2021:10:27:37 +0800] "POST /xingrg/kc/buy/cgsh_order_operate.html HTTP/1.1" 200 8245
172.17.0.103 - - [09/Jan/2021:10:27:37 +0800] "GET /xingrg/javascript/easyui/themes/default/validatebox.css HTTP/1.1" 404 1104
58.221.95.50 - - [09/Jan/2021:10:27:39 +0800] "GET /xingrg/all/function/internal_message.html?_=1610159256447&CODE_STATE=getMsg HTTP/1.1" 200 27
222.70.174.6 - - [09/Jan/2021:10:27:43 +0800] "GET /xingrg/all/function/internal_message.html?_=1610159267718&CODE_STATE=getMsg HTTP/1.1" 200 27
101.89.239.238 - - [09/Jan/2021:10:27:46 +0800] "GET /xingrg/all/function/internal_message.html?_=1610158771882&CODE_STATE=getMsg HTTP/1.1" 302 -
101.85.52.2 - - [09/Jan/2021:10:27:46 +0800] "POST /xingrg/login.do HTTP/1.1" 302 -
101.85.52.2 - - [09/Jan/2021:10:27:46 +0800] "GET /xingrg/index.html?sysBaseUrl=http%3A%2F%2F180.169.147.146%3A18081%2Fxingrg%2F&costTime=68×tamp=1610159266604 HTTP/1.1" 200 17179
101.85.52.2 - - [09/Jan/2021:10:27:47 +0800] "POST /xingrg/all/common/load_tree.html?tree=area_rest_tree_json&manage=1 HTTP/1.1" 200 351
116.228.172.94 - - [09/Jan/2021:10:27:48 +0800] "GET /xingrg/kc/buy/cgsh_order_operate.html?command=get_materiel&rest_code=00107&code=00101001044&supplier_code=00100090&order_time=2021-01-09 HTTP/1.1" 200 411
101.85.52.2 - - [09/Jan/2021:10:27:48 +0800] "GET /xingrg/all/function/internal_message.html?_=1610159252962&CODE_STATE=count HTTP/1.1" 200 11
101.85.52.2 - - [09/Jan/2021:10:27:48 +0800] "GET /xingrg/check_reg.html?_=1610159252984 HTTP/1.1" 200 22
101.85.52.2 - - [09/Jan/2021:10:27:48 +0800] "GET /favicon.ico HTTP/1.1" 404 -
101.85.52.2 - - [09/Jan/2021:10:27:48 +0800] "POST /xingrg/load_menu.html HTTP/1.1" 200 5138
101.89.239.238 - - [09/Jan/2021:10:27:48 +0800] "GET /xingrg/login.html HTTP/1.1" 200 7641
101.85.52.2 - - [09/Jan/2021:10:27:50 +0800] "GET /xingrg/kc/buy/buy_main.html HTTP/1.1" 200 12412
101.85.52.2 - - [09/Jan/2021:10:27:50 +0800] "GET /xingrg/css/new_ie.css HTTP/1.1" 404 1036
101.85.52.2 - - [09/Jan/2021:10:27:51 +0800] "GET /xingrg/images/yd/bt.gif HTTP/1.1" 404 1040
101.85.52.2 - - [09/Jan/2021:10:27:51 +0800] "GET /xingrg/kc/buy/cgsh_order_list.html HTTP/1.1" 200 45951
172.17.0.103 - - [09/Jan/2021:10:27:55 +0800] "GET /xingrg/check_reg.html?_=1610159274063 HTTP/1.1" 200 22
172.17.0.103 - - [09/Jan/2021:10:27:55 +0800] "GET /xingrg/all/function/internal_message.html?_=1610159274066&CODE_STATE=getMsg HTTP/1.1" 200 27
114.88.169.67 - - [09/Jan/2021:10:27:56 +0800] "GET /xingrg/all/function/internal_message.html?_=1610159270115&CODE_STATE=getMsg HTTP/1.1" 200 27
101.85.52.2 - - [09/Jan/2021:10:27:56 +0800] "POST /xingrg/kc/buy/cgsh_list_operate.html HTTP/1.1" 200 876
172.17.0.103 - - [09/Jan/2021:10:27:58 +0800] "GET /xingrg/kc/buy/cgsh_order_operate.html?command=get_materiel&rest_code=00147&code=00101006065&supplier_code=00100015&order_time=2021-01-09 HTTP/1.1" 200 409
61.165.42.208 - - [09/Jan/2021:10:27:59 +0800] "GET /xingrg/kc/base/wldb_order_operate.html?command=get_materiel&rest_code=00105&base_code=0010507&code=00101019311 HTTP/1.1" 200 473
116.228.172.94 - - [09/Jan/2021:10:27:59 +0800] "GET /xingrg/all/function/internal_message.html?_=1610159268199&CODE_STATE=getMsg HTTP/1.1" 200 27
58.221.95.50 - - [09/Jan/2021:10:28:00 +0800] "GET /xingrg/kc/base/base_main.html HTTP/1.1" 200 12142
58.221.95.50 - - [09/Jan/2021:10:28:02 +0800] "GET /xingrg/kc/base/check_order_list.html HTTP/1.1" 200 16468
58.221.95.50 - - [09/Jan/2021:10:28:02 +0800] "POST /xingrg/kc/base/check_list_operate.html HTTP/1.1" 200 781
116.228.172.94 - - [09/Jan/2021:10:28:02 +0800] "GET /xingrg/kc/buy/cgsh_order_operate.html?command=get_materiel&rest_code=00107&code=00101001093&supplier_code=00100090&order_time=2021-01-09 HTTP/1.1" 200 411
180.175.150.119 - - [09/Jan/2021:10:28:02 +0800] "GET /xingrg/all/function/internal_message.html?_=1610159516564&CODE_STATE=getMsg HTTP/1.1" 200 27
117.185.32.26 - - [09/Jan/2021:10:28:04 +0800] "GET /xingrg/all/function/internal_message.html?_=1610159749274&CODE_STATE=getMsg HTTP/1.1" 200 27
172.17.200.101 - - [09/Jan/2021:10:28:05 +0800] "GET /xingrg/all/function/internal_message.html?_=1610159286985&CODE_STATE=getMsg HTTP/1.1" 200 27
58.221.95.50 - - [09/Jan/2021:10:28:06 +0800] "POST /xingrg/kc/base/check_list_operate.html HTTP/1.1" 200 5217
180.156.237.57 - - [09/Jan/2021:10:28:07 +0800] "GET /xingrg/all/function/internal_message.html?_=1610159260574&CODE_STATE=getMsg HTTP/1.1" 200 27
58.221.95.50 - - [09/Jan/2021:10:28:07 +0800] "GET /xingrg/kc/base/check_order_info.html?code=452021010600057 HTTP/1.1" 200 22864
58.221.95.50 - - [09/Jan/2021:10:28:07 +0800] "GET /xingrg/dwr/interface/AjaxComOrderService.js HTTP/1.1" 200 18264
58.221.95.50 - - [09/Jan/2021:10:28:07 +0800] "GET /xingrg/dwr/util.js HTTP/1.1" 304 -
58.221.95.50 - - [09/Jan/2021:10:28:07 +0800] "GET /xingrg/dwr/interface/AjaxCheckService.js HTTP/1.1" 200 14003
58.221.95.50 - - [09/Jan/2021:10:28:07 +0800] "GET /xingrg/dwr/engine.js HTTP/1.1" 200 43631
58.221.95.50 - - [09/Jan/2021:10:28:07 +0800] "POST /xingrg/dwr/call/plaincall/AjaxCheckService.loadOrderItems.dwr HTTP/1.1" 200 6366
58.37.230.33 - - [09/Jan/2021:10:28:11 +0800] "GET /xingrg/all/function/internal_message.html?_=1610159311876&CODE_STATE=getMsg HTTP/1.1" 200 27
222.70.174.7 - - [09/Jan/2021:10:28:11 +0800] "GET /xingrg/all/function/internal_message.html?_=1610159292712&CODE_STATE=getMsg HTTP/1.1" 302 -
180.157.253.48 - - [09/Jan/2021:10:28:12 +0800] "GET /favicon.ico HTTP/1.1" 404 -
117.185.32.26 - - [09/Jan/2021:10:28:13 +0800] "GET /xingrg/all/function/internal_message.html?_=1610159283922&CODE_STATE=getMsg HTTP/1.1" 200 27
180.157.253.48 - - [09/Jan/2021:10:28:17 +0800] "GET /xingrg/login.html HTTP/1.1" 200 7641
180.157.253.48 - - [09/Jan/2021:10:28:17 +0800] "GET /xingrg/login.html HTTP/1.1" 200 7641
180.157.253.48 - - [09/Jan/2021:10:28:17 +0800] "GET /xingrg/login.html HTTP/1.1" 200 7641
61.165.42.208 - - [09/Jan/2021:10:28:18 +0800] "GET /xingrg/all/function/internal_message.html?_=1610159298646&CODE_STATE=getMsg HTTP/1.1" 200 27
116.228.172.94 - - [09/Jan/2021:10:28:18 +0800] "POST /xingrg/kc/buy/cgsh_order_operate.html HTTP/1.1" 200 37
180.156.237.57 - - [09/Jan/2021:10:28:19 +0800] "GET /xingrg/all/function/internal_message.html?_=1610159273045&CODE_STATE=getMsg HTTP/1.1" 200 27
180.157.253.48 - - [09/Jan/2021:10:28:19 +0800] "GET /favicon.ico HTTP/1.1" 404 -
180.157.253.48 - - [09/Jan/2021:10:28:19 +0800] "GET /favicon.ico HTTP/1.1" 404 -
180.157.253.48 - - [09/Jan/2021:10:28:19 +0800] "GET /favicon.ico HTTP/1.1" 404 -
172.17.0.103 - - [09/Jan/2021:10:28:19 +0800] "GET /xingrg/kc/buy/cgsh_order_operate.html?command=get_materiel&rest_code=00147&code=00101006055&supplier_code=00100015&order_time=2021-01-09 HTTP/1.1" 200 409
116.228.172.94 - - [09/Jan/2021:10:28:20 +0800] "POST /xingrg/kc/buy/cgsh_order_operate.html HTTP/1.1" 200 3849
222.70.174.6 - - [09/Jan/2021:10:28:21 +0800] "GET /xingrg/all/function/internal_message.html?_=1610159303940&CODE_STATE=getMsg HTTP/1.1" 200 27
117.131.5.26 - - [09/Jan/2021:10:28:22 +0800] "GET /xingrg/all/function/internal_message.html?_=1610159642731&CODE_STATE=getMsg HTTP/1.1" 200 27
116.228.172.94 - - [09/Jan/2021:10:28:22 +0800] "GET /xingrg/kc/print/load_data.html?order_code=212021010903477&kc_code=cgsh&condition= HTTP/1.1" 200 1200
101.85.93.83 - - [09/Jan/2021:10:28:24 +0800] "GET /xingrg/all/function/internal_message.html?_=1610158970907&CODE_STATE=getMsg HTTP/1.1" 200 27
101.85.93.83 - - [09/Jan/2021:10:28:24 +0800] "GET /xingrg/check_reg.html?_=1610158970908 HTTP/1.1" 200 22
101.85.52.2 - - [09/Jan/2021:10:28:28 +0800] "POST /xingrg/kc/buy/cgsh_list_operate.html HTTP/1.1" 200 876
183.192.164.85 - - [09/Jan/2021:10:28:31 +0800] "GET /xingrg/kc/buy/cgsh_order_operate.html?command=get_materiel&rest_code=00106&code=00101008149&supplier_code=00100007&order_time=2021-01-09 HTTP/1.1" 302 -
222.70.174.6 - - [09/Jan/2021:10:28:32 +0800] "GET /xingrg/kc/buy/cgsh_order_add.html HTTP/1.1" 200 61689
116.228.172.94 - - [09/Jan/2021:10:28:32 +0800] "GET /xingrg/kc/buy/cgsh_order_add.html HTTP/1.1" 200 61771
222.70.174.6 - - [09/Jan/2021:10:28:33 +0800] "POST /xingrg/kc/buy/cgsh_order_operate.html HTTP/1.1" 200 8245
222.70.174.6 - - [09/Jan/2021:10:28:33 +0800] "GET /xingrg/javascript/easyui/themes/default/validatebox.css HTTP/1.1" 404 1104
116.228.172.94 - - [09/Jan/2021:10:28:33 +0800] "GET /xingrg/javascript/easyui/themes/default/validatebox.css HTTP/1.1" 404 1104
116.228.172.94 - - [09/Jan/2021:10:28:33 +0800] "POST /xingrg/kc/buy/cgsh_order_operate.html HTTP/1.1" 200 8245
172.17.0.103 - - [09/Jan/2021:10:28:35 +0800] "GET /xingrg/kc/buy/cgsh_order_operate.html?command=get_materiel&rest_code=00147&code=00101006194&supplier_code=00100015&order_time=2021-01-09 HTTP/1.1" 200 413
180.157.253.48 - - [09/Jan/2021:10:28:37 +0800] "POST /xingrg/login.do HTTP/1.1" 302 -
180.157.253.48 - - [09/Jan/2021:10:28:37 +0800] "GET /xingrg/index.html?sysBaseUrl=http%3A%2F%2F180.169.147.146%3A18081%2Fxingrg%2F&costTime=38×tamp=1610159317139 HTTP/1.1" 200 17179
180.157.253.48 - - [09/Jan/2021:10:28:37 +0800] "GET /favicon.ico HTTP/1.1" 404 -
180.157.253.48 - - [09/Jan/2021:10:28:37 +0800] "POST /xingrg/all/common/load_tree.html?tree=area_rest_tree_json&manage=1 HTTP/1.1" 200 351
