180.175.150.119 - - [08/Jan/2021:09:51:30 +0800] "GET /xingrg/javascript/jquery_easy_ui/themes/default/images/tree_folder_open.gif HTTP/1.1" 304 -
180.175.150.119 - - [08/Jan/2021:09:51:30 +0800] "GET /xingrg/javascript/jquery_easy_ui/themes/icons/search_new.png HTTP/1.1" 304 -
180.175.150.119 - - [08/Jan/2021:09:51:30 +0800] "GET /xingrg/javascript/jquery_easy_ui/themes/default/images/tree_folder.gif HTTP/1.1" 304 -
180.175.150.119 - - [08/Jan/2021:09:51:30 +0800] "GET /xingrg/javascript/jquery_easy_ui/themes/icons/storage_new.png HTTP/1.1" 304 -
180.175.150.119 - - [08/Jan/2021:09:51:30 +0800] "GET /xingrg/javascript/jquery_easy_ui/themes/icons/forms_new.png HTTP/1.1" 304 -
180.175.150.119 - - [08/Jan/2021:09:51:30 +0800] "GET /xingrg/javascript/jquery_easy_ui/themes/default/images/tree_file.gif HTTP/1.1" 304 -
222.70.170.138 - - [08/Jan/2021:09:51:30 +0800] "GET /xingrg/all/function/internal_message.html?_=1610070691989&CODE_STATE=getMsg HTTP/1.1" 200 27
222.69.133.109 - - [08/Jan/2021:09:51:35 +0800] "GET /xingrg/all/function/internal_message.html?_=1610070695559&CODE_STATE=getMsg HTTP/1.1" 200 27
180.175.150.119 - - [08/Jan/2021:09:51:39 +0800] "GET /xingrg/javascript/jquery_easy_ui/themes/default/images/tabs_close.gif HTTP/1.1" 304 -
180.175.150.119 - - [08/Jan/2021:09:51:39 +0800] "GET /xingrg/kc/buy/cgsh_order_list.html HTTP/1.1" 200 45641
180.175.150.119 - - [08/Jan/2021:09:51:39 +0800] "GET /xingrg/javascript/easyui/themes/icon.css HTTP/1.1" 304 -
180.175.150.119 - - [08/Jan/2021:09:51:39 +0800] "GET /xingrg/javascript/jquery_tools/datebox.css HTTP/1.1" 304 -
180.175.150.119 - - [08/Jan/2021:09:51:39 +0800] "GET /xingrg/css/base.css HTTP/1.1" 304 -
180.175.150.119 - - [08/Jan/2021:09:51:39 +0800] "GET /xingrg/javascript/jquery_tools/fix.css HTTP/1.1" 304 -
180.175.150.119 - - [08/Jan/2021:09:51:39 +0800] "GET /xingrg/javascript/easyui/themes/default/easyui.css HTTP/1.1" 304 -
180.175.150.119 - - [08/Jan/2021:09:51:39 +0800] "GET /xingrg/javascript/jquery_tools/table.css HTTP/1.1" 304 -
180.175.150.119 - - [08/Jan/2021:09:51:39 +0800] "GET /xingrg/javascript/auto/jquery.autocomplete.css HTTP/1.1" 304 -
180.175.150.119 - - [08/Jan/2021:09:51:39 +0800] "GET /xingrg/css/site.css HTTP/1.1" 304 -
180.175.150.119 - - [08/Jan/2021:09:51:39 +0800] "GET /xingrg/javascript/jquery_tools/jquery.tools.extend.js HTTP/1.1" 304 -
180.175.150.119 - - [08/Jan/2021:09:51:39 +0800] "GET /xingrg/javascript/jquery_tools/jquery.tools.hotkey.js HTTP/1.1" 304 -
180.175.150.119 - - [08/Jan/2021:09:51:39 +0800] "GET /xingrg/javascript/jquery_tools/jquery.tools.table.js HTTP/1.1" 304 -
180.175.150.119 - - [08/Jan/2021:09:51:39 +0800] "GET /xingrg/javascript/auto/jquery.autocomplete.js HTTP/1.1" 304 -
180.175.150.119 - - [08/Jan/2021:09:51:39 +0800] "GET /xingrg/javascript/easyui/easyloader.js HTTP/1.1" 304 -
180.175.150.119 - - [08/Jan/2021:09:51:39 +0800] "GET /xingrg/javascript/jquery_tools/jquery.tools.min.js HTTP/1.1" 304 -
180.175.150.119 - - [08/Jan/2021:09:51:39 +0800] "GET /xingrg/javascript/jquery.cookie.js HTTP/1.1" 304 -
180.175.150.119 - - [08/Jan/2021:09:51:39 +0800] "GET /xingrg/javascript/jquery_tools/list_manager.js HTTP/1.1" 304 -
180.175.150.119 - - [08/Jan/2021:09:51:39 +0800] "GET /xingrg/javascript/print/LodopFuncs.js HTTP/1.1" 304 -
180.175.150.119 - - [08/Jan/2021:09:51:42 +0800] "GET /xingrg/javascript/easyui/themes/icons/edit_add_new.png HTTP/1.1" 304 -
180.175.150.119 - - [08/Jan/2021:09:51:42 +0800] "GET /xingrg/javascript/easyui/themes/icons/cance_new.png HTTP/1.1" 304 -
180.175.150.119 - - [08/Jan/2021:09:51:43 +0800] "GET /xingrg/javascript/easyui/themes/icons/check_new.png HTTP/1.1" 304 -
180.175.150.119 - - [08/Jan/2021:09:51:43 +0800] "GET /xingrg/javascript/easyui/themes/icons/field_new.png HTTP/1.1" 304 -
180.175.150.119 - - [08/Jan/2021:09:51:43 +0800] "GET /xingrg/javascript/easyui/themes/icons/import_new.png HTTP/1.1" 304 -
180.175.150.119 - - [08/Jan/2021:09:51:43 +0800] "GET /xingrg/javascript/jquery_easy_ui/themes/icons/rest.png HTTP/1.1" 304 -
180.175.150.119 - - [08/Jan/2021:09:51:43 +0800] "GET /xingrg/javascript/jquery_easy_ui/themes/icons/area.png HTTP/1.1" 304 -
180.175.150.119 - - [08/Jan/2021:09:51:43 +0800] "GET /xingrg/javascript/easyui/plugins/jquery.parser.js HTTP/1.1" 304 -
180.175.150.119 - - [08/Jan/2021:09:51:43 +0800] "GET /xingrg/images/control/ajaxLoader.gif HTTP/1.1" 304 -
180.175.150.119 - - [08/Jan/2021:09:51:44 +0800] "POST /xingrg/kc/buy/cgsh_list_operate.html HTTP/1.1" 200 876
180.156.237.57 - - [08/Jan/2021:09:51:44 +0800] "GET /xingrg/all/function/internal_message.html?_=1610070702491&CODE_STATE=getMsg HTTP/1.1" 200 27
180.156.237.57 - - [08/Jan/2021:09:51:44 +0800] "GET /xingrg/all/function/internal_message.html?_=1610070679406&CODE_STATE=getMsg HTTP/1.1" 200 27
180.175.150.119 - - [08/Jan/2021:09:51:45 +0800] "GET /xingrg/javascript/easyui/themes/default/images/button_plain_hover.png HTTP/1.1" 304 -
180.175.150.119 - - [08/Jan/2021:09:51:45 +0800] "GET /xingrg/javascript/pic_change.js HTTP/1.1" 304 -
180.175.150.119 - - [08/Jan/2021:09:51:45 +0800] "GET /xingrg/kc/buy/cgsh_order_add.html HTTP/1.1" 200 61337
180.175.150.119 - - [08/Jan/2021:09:51:45 +0800] "GET /xingrg/javascript/jquery_tools/order_manager.js HTTP/1.1" 304 -
180.175.150.119 - - [08/Jan/2021:09:51:45 +0800] "GET /xingrg/javascript/json2.js HTTP/1.1" 304 -
180.175.150.119 - - [08/Jan/2021:09:51:45 +0800] "GET /xingrg/javascript/convert.js HTTP/1.1" 304 -
180.175.150.119 - - [08/Jan/2021:09:51:45 +0800] "GET /xingrg/javascript/print/kc_print.js HTTP/1.1" 304 -
180.175.150.119 - - [08/Jan/2021:09:51:46 +0800] "GET /xingrg/words/20210107131902_words.js HTTP/1.1" 200 786253
180.175.150.119 - - [08/Jan/2021:09:51:46 +0800] "GET /xingrg/javascript/easyui/themes/icons/copy_new.png HTTP/1.1" 304 -
180.175.150.119 - - [08/Jan/2021:09:51:46 +0800] "GET /xingrg/javascript/easyui/themes/icons/template_new.png HTTP/1.1" 304 -
180.175.150.119 - - [08/Jan/2021:09:51:46 +0800] "GET /xingrg/javascript/easyui/themes/icons/ok.png HTTP/1.1" 304 -
180.175.150.119 - - [08/Jan/2021:09:51:46 +0800] "GET /xingrg/javascript/easyui/themes/icons/print.png HTTP/1.1" 304 -
180.175.150.119 - - [08/Jan/2021:09:51:46 +0800] "GET /xingrg/javascript/easyui/themes/default/images/menu_downarrow.png HTTP/1.1" 304 -
180.175.150.119 - - [08/Jan/2021:09:51:46 +0800] "GET /xingrg/javascript/easyui/themes/icons/cancel.png HTTP/1.1" 304 -
180.175.150.119 - - [08/Jan/2021:09:51:48 +0800] "POST /xingrg/kc/buy/cgsh_order_operate.html HTTP/1.1" 200 8245
180.175.150.119 - - [08/Jan/2021:09:51:48 +0800] "GET /xingrg/javascript/easyui/themes/icons/edit_remove.png HTTP/1.1" 304 -
180.175.150.119 - - [08/Jan/2021:09:51:48 +0800] "GET /xingrg/all/common/auto_word.html?type=employee&rest_code=00102 HTTP/1.1" 200 189
180.175.150.119 - - [08/Jan/2021:09:51:48 +0800] "GET /xingrg/all/common/auto_word.html?type=employee&rest_code=00102 HTTP/1.1" 200 189
180.175.150.119 - - [08/Jan/2021:09:51:48 +0800] "GET /xingrg/javascript/easyui/themes/default/validatebox.css HTTP/1.1" 404 1104
180.175.150.119 - - [08/Jan/2021:09:51:48 +0800] "GET /xingrg/javascript/easyui/plugins/jquery.validatebox.js HTTP/1.1" 304 -
180.175.150.119 - - [08/Jan/2021:09:51:48 +0800] "GET /xingrg/javascript/easyui/plugins/jquery.numberbox.js HTTP/1.1" 304 -
114.88.169.67 - - [08/Jan/2021:09:51:49 +0800] "GET /xingrg/all/function/internal_message.html?_=1610070705186&CODE_STATE=getMsg HTTP/1.1" 200 27
180.175.150.119 - - [08/Jan/2021:09:51:50 +0800] "GET /xingrg/javascript/auto/indicator.gif HTTP/1.1" 404 1066
172.17.200.101 - - [08/Jan/2021:09:51:51 +0800] "GET /xingrg/all/function/internal_message.html?_=1610070712400&CODE_STATE=getMsg HTTP/1.1" 200 27
58.37.230.33 - - [08/Jan/2021:09:52:00 +0800] "GET /xingrg/all/function/internal_message.html?_=1610070737782&CODE_STATE=getMsg HTTP/1.1" 200 27
61.165.42.208 - - [08/Jan/2021:09:52:02 +0800] "GET /xingrg/all/function/internal_message.html?_=1610070723941&CODE_STATE=getMsg HTTP/1.1" 200 27
61.165.42.208 - - [08/Jan/2021:09:52:02 +0800] "GET /xingrg/check_reg.html?_=1610070723942 HTTP/1.1" 200 22
58.40.7.146 - - [08/Jan/2021:09:52:07 +0800] "GET /xingrg/all/function/internal_message.html?_=1610070724814&CODE_STATE=getMsg HTTP/1.1" 200 27
222.69.138.28 - - [08/Jan/2021:09:52:17 +0800] "GET /xingrg/all/function/internal_message.html?_=1610070732897&CODE_STATE=getMsg HTTP/1.1" 200 27
116.228.172.94 - - [08/Jan/2021:09:52:24 +0800] "GET /xingrg/all/function/internal_message.html?_=1610070734391&CODE_STATE=getMsg HTTP/1.1" 200 27
180.175.150.119 - - [08/Jan/2021:09:52:29 +0800] "GET /xingrg/all/function/internal_message.html?_=1610070983643&CODE_STATE=getMsg HTTP/1.1" 200 27
222.70.170.138 - - [08/Jan/2021:09:52:30 +0800] "GET /xingrg/all/function/internal_message.html?_=1610070752001&CODE_STATE=getMsg HTTP/1.1" 200 27
222.69.133.109 - - [08/Jan/2021:09:52:35 +0800] "GET /xingrg/all/function/internal_message.html?_=1610070755529&CODE_STATE=getMsg HTTP/1.1" 200 27
180.156.237.57 - - [08/Jan/2021:09:52:43 +0800] "GET /xingrg/check_reg.html?_=1610070738445 HTTP/1.1" 200 22
180.156.237.57 - - [08/Jan/2021:09:52:44 +0800] "GET /xingrg/all/function/internal_message.html?_=1610070762485&CODE_STATE=getMsg HTTP/1.1" 200 27
180.156.237.57 - - [08/Jan/2021:09:52:44 +0800] "GET /xingrg/all/function/internal_message.html?_=1610070739420&CODE_STATE=getMsg HTTP/1.1" 200 27
114.88.169.67 - - [08/Jan/2021:09:52:49 +0800] "GET /xingrg/all/function/internal_message.html?_=1610070765200&CODE_STATE=getMsg HTTP/1.1" 200 27
172.17.200.101 - - [08/Jan/2021:09:52:51 +0800] "GET /xingrg/all/function/internal_message.html?_=1610070772408&CODE_STATE=getMsg HTTP/1.1" 200 27
172.17.0.185 - - [08/Jan/2021:09:52:59 +0800] "GET /xingrg/check_reg.html?_=1610070776087 HTTP/1.1" 200 22
58.37.230.33 - - [08/Jan/2021:09:52:59 +0800] "GET /xingrg/all/function/internal_message.html?_=1610070797753&CODE_STATE=getMsg HTTP/1.1" 200 27
61.165.42.208 - - [08/Jan/2021:09:53:02 +0800] "GET /xingrg/all/function/internal_message.html?_=1610070783951&CODE_STATE=getMsg HTTP/1.1" 200 27
58.40.7.146 - - [08/Jan/2021:09:53:07 +0800] "GET /xingrg/all/function/internal_message.html?_=1610070784817&CODE_STATE=getMsg HTTP/1.1" 200 27
180.156.237.57 - - [08/Jan/2021:09:53:09 +0800] "POST /xingrg/kc/buy/cgsh_order_operate.html HTTP/1.1" 200 37
180.156.237.57 - - [08/Jan/2021:09:53:11 +0800] "POST /xingrg/kc/buy/cgsh_order_operate.html HTTP/1.1" 200 12
180.156.237.57 - - [08/Jan/2021:09:53:12 +0800] "GET /xingrg/kc/buy/cgsh_order_info.html?code=212021010802998 HTTP/1.1" 200 55933
180.156.237.57 - - [08/Jan/2021:09:53:12 +0800] "GET /xingrg/javascript/easyui/themes/default/validatebox.css HTTP/1.1" 404 1104
180.156.237.57 - - [08/Jan/2021:09:53:13 +0800] "POST /xingrg/kc/buy/cgsh_order_operate.html HTTP/1.1" 200 2636
180.156.237.57 - - [08/Jan/2021:09:53:14 +0800] "GET /xingrg/kc/print/load_data.html?order_code=212021010802998&kc_code=cgsh&condition= HTTP/1.1" 200 1649
222.69.138.28 - - [08/Jan/2021:09:53:17 +0800] "GET /xingrg/all/function/internal_message.html?_=1610070792894&CODE_STATE=getMsg HTTP/1.1" 200 27
116.228.172.94 - - [08/Jan/2021:09:53:23 +0800] "GET /xingrg/all/function/internal_message.html?_=1610070794398&CODE_STATE=getMsg HTTP/1.1" 200 27
180.156.237.57 - - [08/Jan/2021:09:53:25 +0800] "POST /xingrg/all/user/operate.html HTTP/1.1" 200 36
180.156.237.57 - - [08/Jan/2021:09:53:26 +0800] "GET /xingrg/index.html?sysBaseUrl=http%3A%2F%2F180.169.147.146%3A18081%2Fxingrg%2F&costTime=72×tamp=1610011089297 HTTP/1.1" 200 17179
180.156.237.57 - - [08/Jan/2021:09:53:26 +0800] "GET /xingrg/javascript/jquery_easy_ui/themes/default/easyui.css HTTP/1.1" 304 -
180.156.237.57 - - [08/Jan/2021:09:53:26 +0800] "GET /xingrg/javascript/jquery_easy_ui/themes/icon.css HTTP/1.1" 304 -
180.156.237.57 - - [08/Jan/2021:09:53:26 +0800] "GET /xingrg/css/form.css HTTP/1.1" 304 -
180.156.237.57 - - [08/Jan/2021:09:53:26 +0800] "GET /xingrg/javascript/jquery-1.4.2.min.js HTTP/1.1" 304 -
180.156.237.57 - - [08/Jan/2021:09:53:26 +0800] "GET /xingrg/javascript/jquery_easy_ui/jquery.easyui.min.js HTTP/1.1" 304 -
180.156.237.57 - - [08/Jan/2021:09:53:26 +0800] "GET /xingrg/javascript/jquery_easy_ui/easyui-lang-zh_CN.js HTTP/1.1" 304 -
180.156.237.57 - - [08/Jan/2021:09:53:26 +0800] "GET /xingrg/javascript/jquery.form.js HTTP/1.1" 304 -
180.156.237.57 - - [08/Jan/2021:09:53:26 +0800] "GET /xingrg/javascript/jquery.utils.js HTTP/1.1" 304 -
180.156.237.57 - - [08/Jan/2021:09:53:26 +0800] "GET /xingrg/javascript/jquery.timers.js HTTP/1.1" 304 -
180.156.237.57 - - [08/Jan/2021:09:53:26 +0800] "GET /xingrg/images/blue/jxLogo.png HTTP/1.1" 304 -
180.156.237.57 - - [08/Jan/2021:09:53:26 +0800] "GET /xingrg/images/blue/navBackgound.jpg HTTP/1.1" 304 -
180.156.237.57 - - [08/Jan/2021:09:53:26 +0800] "GET /xingrg/javascript/jquery_easy_ui/themes/icons/settle_new.png HTTP/1.1" 304 -
180.156.237.57 - - [08/Jan/2021:09:53:26 +0800] "POST /xingrg/all/common/load_tree.html?tree=area_rest_tree_json&manage=1 HTTP/1.1" 200 476
180.156.237.57 - - [08/Jan/2021:09:53:26 +0800] "GET /xingrg/all/function/internal_message.html?_=1610070804485&CODE_STATE=count HTTP/1.1" 200 11
180.156.237.57 - - [08/Jan/2021:09:53:26 +0800] "GET /xingrg/check_reg.html?_=1610070804487 HTTP/1.1" 200 22
180.156.237.57 - - [08/Jan/2021:09:53:26 +0800] "GET /xingrg/javascript/jquery_easy_ui/themes/default/images/panel_tool_collapse.gif HTTP/1.1" 304 -
180.156.237.57 - - [08/Jan/2021:09:53:26 +0800] "GET /xingrg/javascript/jquery_easy_ui/themes/default/images/tabs_leftarrow.png HTTP/1.1" 304 -
180.156.237.57 - - [08/Jan/2021:09:53:26 +0800] "GET /xingrg/images/blue/pingpu.png HTTP/1.1" 304 -
180.156.237.57 - - [08/Jan/2021:09:53:26 +0800] "GET /xingrg/javascript/jquery_easy_ui/themes/default/images/tabs_rightarrow.png HTTP/1.1" 304 -
180.156.237.57 - - [08/Jan/2021:09:53:26 +0800] "POST /xingrg/load_menu.html HTTP/1.1" 200 5138
180.156.237.57 - - [08/Jan/2021:09:53:28 +0800] "GET /xingrg/kc/buy/cgsh_order_list.html HTTP/1.1" 200 45647
180.175.150.119 - - [08/Jan/2021:09:53:29 +0800] "GET /xingrg/all/function/internal_message.html?_=1610071043654&CODE_STATE=getMsg HTTP/1.1" 200 27
180.156.237.57 - - [08/Jan/2021:09:53:29 +0800] "POST /xingrg/kc/buy/cgsh_list_operate.html HTTP/1.1" 200 2050
180.156.237.57 - - [08/Jan/2021:09:53:30 +0800] "GET /xingrg/kc/buy/cgsh_order_add.html HTTP/1.1" 200 61302
222.70.170.138 - - [08/Jan/2021:09:53:30 +0800] "GET /xingrg/all/function/internal_message.html?_=1610070812016&CODE_STATE=getMsg HTTP/1.1" 200 27
180.156.237.57 - - [08/Jan/2021:09:53:31 +0800] "GET /xingrg/javascript/easyui/themes/default/validatebox.css HTTP/1.1" 404 1104
180.156.237.57 - - [08/Jan/2021:09:53:31 +0800] "POST /xingrg/kc/buy/cgsh_order_operate.html HTTP/1.1" 200 8245
180.156.237.57 - - [08/Jan/2021:09:53:33 +0800] "GET /xingrg/javascript/auto/indicator.gif HTTP/1.1" 404 1066
222.69.133.109 - - [08/Jan/2021:09:53:34 +0800] "POST /xingrg/all/common/load_combo.html?type=base&rest_code=00154 HTTP/1.1" 200 1224
222.69.133.109 - - [08/Jan/2021:09:53:35 +0800] "GET /xingrg/all/function/internal_message.html?_=1610070815512&CODE_STATE=getMsg HTTP/1.1" 200 27
180.156.237.57 - - [08/Jan/2021:09:53:41 +0800] "GET /xingrg/kc/buy/cgsh_order_operate.html?command=get_materiel&rest_code=00150&code=00101029002&supplier_code=00100017&order_time=2021-01-08 HTTP/1.1" 200 450
180.156.237.57 - - [08/Jan/2021:09:53:44 +0800] "GET /xingrg/all/function/internal_message.html?_=1610070799433&CODE_STATE=getMsg HTTP/1.1" 200 27
222.69.133.109 - - [08/Jan/2021:09:53:46 +0800] "POST /xingrg/all/common/load_combo.html?type=employee HTTP/1.1" 200 186
114.88.169.67 - - [08/Jan/2021:09:53:49 +0800] "GET /xingrg/all/function/internal_message.html?_=1610070825307&CODE_STATE=getMsg HTTP/1.1" 200 27
172.17.200.101 - - [08/Jan/2021:09:53:51 +0800] "GET /xingrg/all/function/internal_message.html?_=1610070832410&CODE_STATE=getMsg HTTP/1.1" 200 27
222.69.133.109 - - [08/Jan/2021:09:53:51 +0800] "POST /xingrg/kc/mdqp/pssh_order_operate.html HTTP/1.1" 200 37
222.69.133.109 - - [08/Jan/2021:09:53:51 +0800] "POST /xingrg/kc/mdqp/pssh_order_operate.html HTTP/1.1" 200 12
222.69.133.109 - - [08/Jan/2021:09:53:52 +0800] "GET /xingrg/kc/mdqp/pssh_order_info.html?code=312021010700234 HTTP/1.1" 200 14390
222.69.133.109 - - [08/Jan/2021:09:53:52 +0800] "GET /xingrg/javascript/jquery_tools/jquery-1.4.2.min.js HTTP/1.1" 404 1094
222.69.133.109 - - [08/Jan/2021:09:53:53 +0800] "GET /xingrg/javascript/easyui/themes/default/validatebox.css HTTP/1.1" 404 1104
222.69.133.109 - - [08/Jan/2021:09:53:53 +0800] "POST /xingrg/kc/mdqp/pssh_order_operate.html HTTP/1.1" 200 1594
222.69.133.109 - - [08/Jan/2021:09:53:57 +0800] "GET /xingrg/kc/mdqp/pssh_order_info.html?code=312021010700234 HTTP/1.1" 200 14390
222.69.133.109 - - [08/Jan/2021:09:53:57 +0800] "GET /xingrg/javascript/jquery_tools/jquery-1.4.2.min.js HTTP/1.1" 404 1094
222.69.133.109 - - [08/Jan/2021:09:53:58 +0800] "GET /xingrg/javascript/easyui/themes/default/validatebox.css HTTP/1.1" 404 1104
222.69.133.109 - - [08/Jan/2021:09:53:58 +0800] "POST /xingrg/kc/mdqp/pssh_order_operate.html HTTP/1.1" 200 1594
58.37.230.33 - - [08/Jan/2021:09:53:59 +0800] "GET /xingrg/all/function/internal_message.html?_=1610070857723&CODE_STATE=getMsg HTTP/1.1" 200 27
222.69.133.109 - - [08/Jan/2021:09:54:01 +0800] "POST /xingrg/kc/mdqp/pssh_list_operate.html HTTP/1.1" 200 814
61.165.42.208 - - [08/Jan/2021:09:54:02 +0800] "GET /xingrg/all/function/internal_message.html?_=1610070843936&CODE_STATE=getMsg HTTP/1.1" 200 27
222.69.133.109 - - [08/Jan/2021:09:54:03 +0800] "POST /xingrg/kc/mdqp/pssh_list_operate.html HTTP/1.1" 200 814
222.69.133.109 - - [08/Jan/2021:09:54:05 +0800] "GET /xingrg/kc/mdqp/pssh_order_list.html HTTP/1.1" 200 17059
222.69.133.109 - - [08/Jan/2021:09:54:05 +0800] "POST /xingrg/kc/mdqp/pssh_list_operate.html HTTP/1.1" 200 5191
180.156.237.57 - - [08/Jan/2021:09:54:06 +0800] "POST /xingrg/all/common/load_select.html HTTP/1.1" 200 25
222.69.133.109 - - [08/Jan/2021:09:54:07 +0800] "POST /xingrg/kc/mdqp/pssh_list_operate.html HTTP/1.1" 200 365
222.69.133.109 - - [08/Jan/2021:09:54:07 +0800] "GET /xingrg/kc/mdqp/pssh_order_info.html?code=312021010700233 HTTP/1.1" 200 17272
222.69.133.109 - - [08/Jan/2021:09:54:07 +0800] "GET /xingrg/javascript/jquery_tools/jquery-1.4.2.min.js HTTP/1.1" 404 1094
58.40.7.146 - - [08/Jan/2021:09:54:07 +0800] "GET /xingrg/all/function/internal_message.html?_=1610070844819&CODE_STATE=getMsg HTTP/1.1" 200 27
222.69.133.109 - - [08/Jan/2021:09:54:07 +0800] "POST /xingrg/kc/mdqp/pssh_order_operate.html HTTP/1.1" 200 1053
222.69.133.109 - - [08/Jan/2021:09:54:07 +0800] "GET /xingrg/javascript/easyui/themes/default/validatebox.css HTTP/1.1" 404 1104
180.156.237.57 - - [08/Jan/2021:09:54:09 +0800] "GET /xingrg/kc/buy/cgsh_order_operate.html?command=get_materiel_price&rest_code=00150&code=00101029002&unit_code=00100157&supplier_code=00100017&order_time=2021-01-08 HTTP/1.1" 200 29
58.221.95.50 - - [08/Jan/2021:09:54:17 +0800] "GET /xingrg/check_reg.html?_=1610070854434 HTTP/1.1" 302 -
222.69.138.28 - - [08/Jan/2021:09:54:17 +0800] "GET /xingrg/all/function/internal_message.html?_=1610070852878&CODE_STATE=getMsg HTTP/1.1" 200 27
116.228.172.94 - - [08/Jan/2021:09:54:19 +0800] "GET /xingrg/check_reg.html?_=1610070850242 HTTP/1.1" 200 22
180.156.237.57 - - [08/Jan/2021:09:54:20 +0800] "GET /xingrg/kc/buy/cgsh_order_operate.html?command=get_materiel&rest_code=00150&code=00101029022&supplier_code=00100017&order_time=2021-01-08 HTTP/1.1" 200 452
180.156.237.57 - - [08/Jan/2021:09:54:20 +0800] "POST /xingrg/all/common/load_select.html HTTP/1.1" 200 25
180.156.237.57 - - [08/Jan/2021:09:54:23 +0800] "GET /xingrg/kc/buy/cgsh_order_operate.html?command=get_materiel_price&rest_code=00150&code=00101029022&unit_code=00100157&supplier_code=00100017&order_time=2021-01-08 HTTP/1.1" 200 29
116.228.172.94 - - [08/Jan/2021:09:54:23 +0800] "GET /xingrg/all/function/internal_message.html?_=1610070854367&CODE_STATE=getMsg HTTP/1.1" 200 27
180.156.237.57 - - [08/Jan/2021:09:54:26 +0800] "GET /xingrg/all/function/internal_message.html?_=1610070864500&CODE_STATE=getMsg HTTP/1.1" 200 27
222.69.133.109 - - [08/Jan/2021:09:54:26 +0800] "POST /xingrg/all/common/load_combo.html?type=base&rest_code=00154 HTTP/1.1" 200 1224
180.175.150.119 - - [08/Jan/2021:09:54:29 +0800] "GET /xingrg/all/function/internal_message.html?_=1610071103680&CODE_STATE=getMsg HTTP/1.1" 200 27
58.37.230.33 - - [08/Jan/2021:09:54:30 +0800] "GET /xingrg/check_reg.html?_=1610070888098 HTTP/1.1" 200 22
101.91.60.108 - - [08/Jan/2021:09:54:30 +0800] "GET /xingrg/all/function/internal_message.html?_=1610070258013&CODE_STATE=getMsg HTTP/1.1" 302 -
180.156.237.57 - - [08/Jan/2021:09:54:31 +0800] "GET /xingrg/kc/buy/cgsh_order_operate.html?command=get_materiel&rest_code=00150&code=00101028012&supplier_code=00100017&order_time=2021-01-08 HTTP/1.1" 200 477
222.70.170.138 - - [08/Jan/2021:09:54:31 +0800] "GET /xingrg/all/function/internal_message.html?_=1610070872115&CODE_STATE=getMsg HTTP/1.1" 200 27
222.69.133.109 - - [08/Jan/2021:09:54:35 +0800] "GET /xingrg/all/function/internal_message.html?_=1610070875493&CODE_STATE=getMsg HTTP/1.1" 200 27
101.91.60.108 - - [08/Jan/2021:09:54:36 +0800] "GET /xingrg/login.html HTTP/1.1" 200 7641
180.156.237.57 - - [08/Jan/2021:09:54:41 +0800] "GET /xingrg/kc/buy/cgsh_order_operate.html?command=get_materiel&rest_code=00150&code=00101029009&supplier_code=00100017&order_time=2021-01-08 HTTP/1.1" 200 456
180.156.237.57 - - [08/Jan/2021:09:54:44 +0800] "GET /xingrg/all/function/internal_message.html?_=1610070859447&CODE_STATE=getMsg HTTP/1.1" 200 27
222.69.133.109 - - [08/Jan/2021:09:54:45 +0800] "POST /xingrg/all/common/load_combo.html?type=employee HTTP/1.1" 200 186
114.88.169.67 - - [08/Jan/2021:09:54:49 +0800] "GET /xingrg/all/function/internal_message.html?_=1610070885321&CODE_STATE=getMsg HTTP/1.1" 200 27
172.17.200.101 - - [08/Jan/2021:09:54:51 +0800] "GET /xingrg/all/function/internal_message.html?_=1610070892413&CODE_STATE=getMsg HTTP/1.1" 200 27
172.17.200.101 - - [08/Jan/2021:09:54:51 +0800] "GET /xingrg/check_reg.html?_=1610070892415 HTTP/1.1" 200 22
222.69.133.109 - - [08/Jan/2021:09:54:54 +0800] "POST /xingrg/kc/mdqp/pssh_order_operate.html HTTP/1.1" 200 37
222.69.133.109 - - [08/Jan/2021:09:54:54 +0800] "POST /xingrg/kc/mdqp/pssh_order_operate.html HTTP/1.1" 200 12
222.69.133.109 - - [08/Jan/2021:09:54:55 +0800] "GET /xingrg/kc/mdqp/pssh_order_info.html?code=312021010700233 HTTP/1.1" 200 14388
222.69.133.109 - - [08/Jan/2021:09:54:55 +0800] "GET /xingrg/javascript/jquery_tools/jquery-1.4.2.min.js HTTP/1.1" 404 1094
222.69.133.109 - - [08/Jan/2021:09:54:56 +0800] "POST /xingrg/kc/mdqp/pssh_order_operate.html HTTP/1.1" 200 1053
222.69.133.109 - - [08/Jan/2021:09:54:56 +0800] "GET /xingrg/javascript/easyui/themes/default/validatebox.css HTTP/1.1" 404 1104
180.156.237.57 - - [08/Jan/2021:09:54:57 +0800] "GET /xingrg/kc/buy/cgsh_order_operate.html?command=get_materiel&rest_code=00150&code=00101029003&supplier_code=00100017&order_time=2021-01-08 HTTP/1.1" 200 475
58.37.230.33 - - [08/Jan/2021:09:54:59 +0800] "GET /xingrg/all/function/internal_message.html?_=1610070917696&CODE_STATE=getMsg HTTP/1.1" 200 27
61.165.42.208 - - [08/Jan/2021:09:55:02 +0800] "GET /xingrg/all/function/internal_message.html?_=1610070903936&CODE_STATE=getMsg HTTP/1.1" 200 27
222.69.133.109 - - [08/Jan/2021:09:55:05 +0800] "GET /xingrg/kc/buy/cgsh_order_list.html HTTP/1.1" 200 45647
180.175.150.119 - - [08/Jan/2021:09:55:06 +0800] "GET /xingrg/kc/buy/cgsh_order_operate.html?command=get_materiel&rest_code=00102&code=00101001075&supplier_code=00100096&order_time=2021-01-08 HTTP/1.1" 200 409
222.69.133.109 - - [08/Jan/2021:09:55:06 +0800] "POST /xingrg/kc/buy/cgsh_list_operate.html HTTP/1.1" 200 1674
58.40.7.146 - - [08/Jan/2021:09:55:07 +0800] "GET /xingrg/all/function/internal_message.html?_=1610070904824&CODE_STATE=getMsg HTTP/1.1" 200 27
117.185.32.26 - - [08/Jan/2021:09:55:16 +0800] "GET /xingrg/check_reg.html?_=1610070907577 HTTP/1.1" 200 22
222.69.138.28 - - [08/Jan/2021:09:55:17 +0800] "GET /xingrg/all/function/internal_message.html?_=1610070912862&CODE_STATE=getMsg HTTP/1.1" 200 27
222.69.138.28 - - [08/Jan/2021:09:55:18 +0800] "GET /xingrg/check_reg.html?_=1610070913412 HTTP/1.1" 200 22
180.156.237.57 - - [08/Jan/2021:09:55:19 +0800] "GET /xingrg/kc/buy/cgsh_order_operate.html?command=get_materiel&rest_code=00150&code=00101029021&supplier_code=00100017&order_time=2021-01-08 HTTP/1.1" 200 467
116.228.172.94 - - [08/Jan/2021:09:55:23 +0800] "GET /xingrg/all/function/internal_message.html?_=1610070914351&CODE_STATE=getMsg HTTP/1.1" 200 27
180.156.237.57 - - [08/Jan/2021:09:55:26 +0800] "GET /xingrg/all/function/internal_message.html?_=1610070924493&CODE_STATE=getMsg HTTP/1.1" 200 27
222.69.133.109 - - [08/Jan/2021:09:55:27 +0800] "GET /xingrg/kc/buy/cgsh_order_add.html HTTP/1.1" 200 60500
222.69.133.109 - - [08/Jan/2021:09:55:27 +0800] "POST /xingrg/kc/buy/cgsh_order_operate.html HTTP/1.1" 200 8245
222.69.133.109 - - [08/Jan/2021:09:55:27 +0800] "GET /xingrg/javascript/easyui/themes/default/validatebox.css HTTP/1.1" 404 1104
180.175.150.119 - - [08/Jan/2021:09:55:29 +0800] "GET /xingrg/all/function/internal_message.html?_=1610071163681&CODE_STATE=getMsg HTTP/1.1" 200 27
222.69.133.109 - - [08/Jan/2021:09:55:30 +0800] "GET /xingrg/javascript/easyui/themes/default/tree.css HTTP/1.1" 404 1090
222.69.133.109 - - [08/Jan/2021:09:55:30 +0800] "POST /xingrg/all/common/load_tree.html?tree=supplier_tree_json&isDelete=1 HTTP/1.1" 200 53432
222.70.170.138 - - [08/Jan/2021:09:55:31 +0800] "GET /xingrg/all/function/internal_message.html?_=1610070932121&CODE_STATE=getMsg HTTP/1.1" 200 27
222.69.133.109 - - [08/Jan/2021:09:55:34 +0800] "GET /xingrg/javascript/auto/indicator.gif HTTP/1.1" 404 1066
222.69.133.109 - - [08/Jan/2021:09:55:35 +0800] "GET /xingrg/all/function/internal_message.html?_=1610070935534&CODE_STATE=getMsg HTTP/1.1" 200 27
222.69.133.109 - - [08/Jan/2021:09:55:35 +0800] "GET /xingrg/check_reg.html?_=1610070935750 HTTP/1.1" 200 22
180.156.237.57 - - [08/Jan/2021:09:55:44 +0800] "GET /xingrg/all/function/internal_message.html?_=1610070919494&CODE_STATE=getMsg HTTP/1.1" 200 27
114.88.169.67 - - [08/Jan/2021:09:55:49 +0800] "GET /xingrg/check_reg.html?_=1610070944651 HTTP/1.1" 200 22
114.88.169.67 - - [08/Jan/2021:09:55:49 +0800] "GET /xingrg/all/function/internal_message.html?_=1610070945334&CODE_STATE=getMsg HTTP/1.1" 200 27
172.17.200.101 - - [08/Jan/2021:09:55:51 +0800] "GET /xingrg/all/function/internal_message.html?_=1610070952417&CODE_STATE=getMsg HTTP/1.1" 200 27
180.156.237.57 - - [08/Jan/2021:09:55:53 +0800] "GET /xingrg/kc/buy/cgsh_order_operate.html?command=get_materiel&rest_code=00150&code=00101029025&supplier_code=00100017&order_time=2021-01-08 HTTP/1.1" 200 442
58.37.230.33 - - [08/Jan/2021:09:55:59 +0800] "GET /xingrg/all/function/internal_message.html?_=1610070977670&CODE_STATE=getMsg HTTP/1.1" 200 27
180.156.237.57 - - [08/Jan/2021:09:56:00 +0800] "GET /xingrg/kc/buy/cgsh_order_operate.html?command=get_materiel&rest_code=00150&code=00101029024&supplier_code=00100017&order_time=2021-01-08 HTTP/1.1" 200 438
61.165.42.208 - - [08/Jan/2021:09:56:02 +0800] "GET /xingrg/all/function/internal_message.html?_=1610070963950&CODE_STATE=getMsg HTTP/1.1" 200 27
58.40.7.146 - - [08/Jan/2021:09:56:07 +0800] "GET /xingrg/check_reg.html?_=1610070964826 HTTP/1.1" 200 22
58.40.7.146 - - [08/Jan/2021:09:56:07 +0800] "GET /xingrg/all/function/internal_message.html?_=1610070964828&CODE_STATE=getMsg HTTP/1.1" 200 27
222.69.138.28 - - [08/Jan/2021:09:56:17 +0800] "GET /xingrg/all/function/internal_message.html?_=1610070972850&CODE_STATE=getMsg HTTP/1.1" 200 27
116.228.172.94 - - [08/Jan/2021:09:56:23 +0800] "GET /xingrg/all/function/internal_message.html?_=1610070974346&CODE_STATE=getMsg HTTP/1.1" 200 27
180.156.237.57 - - [08/Jan/2021:09:56:24 +0800] "GET /xingrg/kc/buy/cgsh_order_operate.html?command=get_materiel&rest_code=00150&code=00101028005&supplier_code=00100017&order_time=2021-01-08 HTTP/1.1" 200 436
180.156.237.57 - - [08/Jan/2021:09:56:26 +0800] "GET /xingrg/all/function/internal_message.html?_=1610070984532&CODE_STATE=getMsg HTTP/1.1" 200 27
222.69.133.109 - - [08/Jan/2021:09:56:27 +0800] "GET /xingrg/kc/buy/cgsh_order_operate.html?command=get_materiel&rest_code=00154&code=00101005002&supplier_code=00100151&order_time=2021-01-08 HTTP/1.1" 200 412
180.175.150.119 - - [08/Jan/2021:09:56:29 +0800] "GET /xingrg/check_reg.html?_=1610071223629 HTTP/1.1" 200 22
180.175.150.119 - - [08/Jan/2021:09:56:29 +0800] "GET /xingrg/all/function/internal_message.html?_=1610071223694&CODE_STATE=getMsg HTTP/1.1" 200 27
222.70.170.138 - - [08/Jan/2021:09:56:30 +0800] "GET /xingrg/check_reg.html?_=1610070991416 HTTP/1.1" 200 22
222.70.170.138 - - [08/Jan/2021:09:56:31 +0800] "GET /xingrg/all/function/internal_message.html?_=1610070992134&CODE_STATE=getMsg HTTP/1.1" 200 27
180.175.150.119 - - [08/Jan/2021:09:56:31 +0800] "GET /xingrg/kc/buy/cgsh_order_operate.html?command=get_materiel&rest_code=00102&code=00101001060&supplier_code=00100096&order_time=2021-01-08 HTTP/1.1" 200 418
222.69.133.109 - - [08/Jan/2021:09:56:35 +0800] "GET /xingrg/all/function/internal_message.html?_=1610070995514&CODE_STATE=getMsg HTTP/1.1" 200 27
180.156.237.57 - - [08/Jan/2021:09:56:36 +0800] "GET /xingrg/kc/buy/cgsh_order_operate.html?command=get_materiel&rest_code=00150&code=00101029011&supplier_code=00100017&order_time=2021-01-08 HTTP/1.1" 200 459
180.156.237.57 - - [08/Jan/2021:09:56:44 +0800] "GET /xingrg/all/function/internal_message.html?_=1610070979505&CODE_STATE=getMsg HTTP/1.1" 200 27
180.175.150.119 - - [08/Jan/2021:09:56:46 +0800] "GET /xingrg/kc/buy/cgsh_order_operate.html?command=get_materiel&rest_code=00102&code=00101020153&supplier_code=00100096&order_time=2021-01-08 HTTP/1.1" 200 408
114.88.169.67 - - [08/Jan/2021:09:56:49 +0800] "GET /xingrg/all/function/internal_message.html?_=1610071005347&CODE_STATE=getMsg HTTP/1.1" 200 27
172.17.200.101 - - [08/Jan/2021:09:56:51 +0800] "GET /xingrg/all/function/internal_message.html?_=1610071012419&CODE_STATE=getMsg HTTP/1.1" 200 27
222.69.133.109 - - [08/Jan/2021:09:56:58 +0800] "GET /xingrg/kc/buy/cgsh_order_operate.html?command=get_materiel&rest_code=00154&code=00101005022&supplier_code=00100151&order_time=2021-01-08 HTTP/1.1" 200 416
58.37.230.33 - - [08/Jan/2021:09:56:59 +0800] "GET /xingrg/all/function/internal_message.html?_=1610071037645&CODE_STATE=getMsg HTTP/1.1" 200 27
61.165.42.208 - - [08/Jan/2021:09:57:02 +0800] "GET /xingrg/check_reg.html?_=1610071023966 HTTP/1.1" 200 22
61.165.42.208 - - [08/Jan/2021:09:57:02 +0800] "GET /xingrg/all/function/internal_message.html?_=1610071023968&CODE_STATE=getMsg HTTP/1.1" 200 27
58.40.7.146 - - [08/Jan/2021:09:57:07 +0800] "GET /xingrg/all/function/internal_message.html?_=1610071024813&CODE_STATE=getMsg HTTP/1.1" 200 27
180.175.150.119 - - [08/Jan/2021:09:57:09 +0800] "GET /xingrg/kc/buy/cgsh_order_operate.html?command=get_materiel&rest_code=00102&code=00101006013&supplier_code=00100096&order_time=2021-01-08 HTTP/1.1" 200 409
222.69.138.28 - - [08/Jan/2021:09:57:17 +0800] "GET /xingrg/all/function/internal_message.html?_=1610071032821&CODE_STATE=getMsg HTTP/1.1" 200 27
116.228.172.94 - - [08/Jan/2021:09:57:23 +0800] "GET /xingrg/all/function/internal_message.html?_=1610071034342&CODE_STATE=getMsg HTTP/1.1" 200 27
180.156.237.57 - - [08/Jan/2021:09:57:26 +0800] "GET /xingrg/all/function/internal_message.html?_=1610071044506&CODE_STATE=getMsg HTTP/1.1" 200 27
180.175.150.119 - - [08/Jan/2021:09:57:29 +0800] "GET /xingrg/all/function/internal_message.html?_=1610071283708&CODE_STATE=getMsg HTTP/1.1" 200 27
222.70.170.138 - - [08/Jan/2021:09:57:31 +0800] "GET /xingrg/all/function/internal_message.html?_=1610071052148&CODE_STATE=getMsg HTTP/1.1" 200 27
222.69.133.109 - - [08/Jan/2021:09:57:35 +0800] "GET /xingrg/all/function/internal_message.html?_=1610071055499&CODE_STATE=getMsg HTTP/1.1" 200 27
180.156.237.57 - - [08/Jan/2021:09:57:43 +0800] "GET /xingrg/check_reg.html?_=1610071038444 HTTP/1.1" 200 22
180.175.150.119 - - [08/Jan/2021:09:57:43 +0800] "GET /xingrg/kc/buy/cgsh_order_operate.html?command=get_materiel&rest_code=00102&code=00101006144&supplier_code=00100096&order_time=2021-01-08 HTTP/1.1" 200 411
180.156.237.57 - - [08/Jan/2021:09:57:44 +0800] "GET /xingrg/all/function/internal_message.html?_=1610071039565&CODE_STATE=getMsg HTTP/1.1" 200 27
114.88.169.67 - - [08/Jan/2021:09:57:49 +0800] "GET /xingrg/all/function/internal_message.html?_=1610071065363&CODE_STATE=getMsg HTTP/1.1" 200 27
172.17.200.101 - - [08/Jan/2021:09:57:51 +0800] "GET /xingrg/all/function/internal_message.html?_=1610071072428&CODE_STATE=getMsg HTTP/1.1" 200 27
172.17.0.185 - - [08/Jan/2021:09:57:59 +0800] "GET /xingrg/check_reg.html?_=1610071076066 HTTP/1.1" 200 22
58.37.230.33 - - [08/Jan/2021:09:57:59 +0800] "GET /xingrg/all/function/internal_message.html?_=1610071097627&CODE_STATE=getMsg HTTP/1.1" 200 27
180.175.150.119 - - [08/Jan/2021:09:58:00 +0800] "GET /xingrg/kc/buy/cgsh_order_operate.html?command=get_materiel&rest_code=00102&code=00101006133&supplier_code=00100096&order_time=2021-01-08 HTTP/1.1" 200 413
61.165.42.208 - - [08/Jan/2021:09:58:02 +0800] "GET /xingrg/all/function/internal_message.html?_=1610071083963&CODE_STATE=getMsg HTTP/1.1" 200 27
58.40.7.146 - - [08/Jan/2021:09:58:07 +0800] "GET /xingrg/all/function/internal_message.html?_=1610071084815&CODE_STATE=getMsg HTTP/1.1" 200 27
180.175.150.119 - - [08/Jan/2021:09:58:14 +0800] "GET /xingrg/kc/buy/cgsh_order_operate.html?command=get_materiel&rest_code=00102&code=00101006109&supplier_code=00100096&order_time=2021-01-08 HTTP/1.1" 200 411
222.69.138.28 - - [08/Jan/2021:09:58:17 +0800] "GET /xingrg/all/function/internal_message.html?_=1610071092791&CODE_STATE=getMsg HTTP/1.1" 200 27
116.228.172.94 - - [08/Jan/2021:09:58:23 +0800] "GET /xingrg/all/function/internal_message.html?_=1610071094321&CODE_STATE=getMsg HTTP/1.1" 200 27
180.156.237.57 - - [08/Jan/2021:09:58:26 +0800] "GET /xingrg/check_reg.html?_=1610071104515 HTTP/1.1" 200 22
180.156.237.57 - - [08/Jan/2021:09:58:26 +0800] "GET /xingrg/all/function/internal_message.html?_=1610071104516&CODE_STATE=getMsg HTTP/1.1" 200 27
180.175.150.119 - - [08/Jan/2021:09:58:27 +0800] "GET /xingrg/kc/buy/cgsh_order_operate.html?command=get_materiel&rest_code=00102&code=00101016038&supplier_code=00100096&order_time=2021-01-08 HTTP/1.1" 200 408
180.175.150.119 - - [08/Jan/2021:09:58:29 +0800] "GET /xingrg/all/function/internal_message.html?_=1610071343722&CODE_STATE=getMsg HTTP/1.1" 200 27
222.70.170.138 - - [08/Jan/2021:09:58:31 +0800] "GET /xingrg/all/function/internal_message.html?_=1610071112161&CODE_STATE=getMsg HTTP/1.1" 200 27
222.69.133.109 - - [08/Jan/2021:09:58:35 +0800] "GET /xingrg/all/function/internal_message.html?_=1610071115472&CODE_STATE=getMsg HTTP/1.1" 200 27
180.175.150.119 - - [08/Jan/2021:09:58:41 +0800] "GET /xingrg/kc/buy/cgsh_order_operate.html?command=get_materiel&rest_code=00102&code=00101012003&supplier_code=00100096&order_time=2021-01-08 HTTP/1.1" 200 412
180.156.237.57 - - [08/Jan/2021:09:58:44 +0800] "GET /xingrg/all/function/internal_message.html?_=1610071099610&CODE_STATE=getMsg HTTP/1.1" 200 27
114.88.169.67 - - [08/Jan/2021:09:58:50 +0800] "GET /xingrg/all/function/internal_message.html?_=1610071125477&CODE_STATE=getMsg HTTP/1.1" 200 27
172.17.200.101 - - [08/Jan/2021:09:58:51 +0800] "GET /xingrg/all/function/internal_message.html?_=1610071132417&CODE_STATE=getMsg HTTP/1.1" 200 27
58.37.230.33 - - [08/Jan/2021:09:58:59 +0800] "GET /xingrg/all/function/internal_message.html?_=1610071157634&CODE_STATE=getMsg HTTP/1.1" 200 27
61.165.42.208 - - [08/Jan/2021:09:59:02 +0800] "GET /xingrg/all/function/internal_message.html?_=1610071143962&CODE_STATE=getMsg HTTP/1.1" 200 27
58.40.7.146 - - [08/Jan/2021:09:59:07 +0800] "GET /xingrg/all/function/internal_message.html?_=1610071144818&CODE_STATE=getMsg HTTP/1.1" 200 27
58.221.95.50 - - [08/Jan/2021:09:59:17 +0800] "GET /xingrg/check_reg.html?_=1610071154461 HTTP/1.1" 302 -
222.69.138.28 - - [08/Jan/2021:09:59:17 +0800] "GET /xingrg/all/function/internal_message.html?_=1610071152773&CODE_STATE=getMsg HTTP/1.1" 200 27
116.228.172.94 - - [08/Jan/2021:09:59:19 +0800] "GET /xingrg/check_reg.html?_=1610071150217 HTTP/1.1" 200 22
180.175.150.119 - - [08/Jan/2021:09:59:20 +0800] "POST /xingrg/kc/buy/cgsh_order_operate.html HTTP/1.1" 200 37
180.175.150.119 - - [08/Jan/2021:09:59:23 +0800] "POST /xingrg/kc/buy/cgsh_order_operate.html HTTP/1.1" 200 12
116.228.172.94 - - [08/Jan/2021:09:59:23 +0800] "GET /xingrg/all/function/internal_message.html?_=1610071154291&CODE_STATE=getMsg HTTP/1.1" 200 27
180.175.150.119 - - [08/Jan/2021:09:59:24 +0800] "GET /xingrg/kc/buy/cgsh_order_info.html?code=212021010803003 HTTP/1.1" 200 56228
180.175.150.119 - - [08/Jan/2021:09:59:25 +0800] "GET /xingrg/javascript/easyui/themes/default/validatebox.css HTTP/1.1" 404 1104
180.175.150.119 - - [08/Jan/2021:09:59:25 +0800] "POST /xingrg/kc/buy/cgsh_order_operate.html HTTP/1.1" 200 5333
180.156.237.57 - - [08/Jan/2021:09:59:26 +0800] "GET /xingrg/all/function/internal_message.html?_=1610071164540&CODE_STATE=getMsg HTTP/1.1" 200 27
180.175.150.119 - - [08/Jan/2021:09:59:29 +0800] "GET /xingrg/all/function/internal_message.html?_=1610071403755&CODE_STATE=getMsg HTTP/1.1" 200 27
58.37.230.33 - - [08/Jan/2021:09:59:30 +0800] "GET /xingrg/check_reg.html?_=1610071188132 HTTP/1.1" 200 22
180.175.150.119 - - [08/Jan/2021:09:59:30 +0800] "GET /xingrg/kc/print/load_config.html?kc_code=cgsh HTTP/1.1" 200 1845
180.175.150.119 - - [08/Jan/2021:09:59:31 +0800] "GET /xingrg/kc/print/load_data.html?order_code=212021010803003&kc_code=cgsh&condition= HTTP/1.1" 200 2448
222.70.170.138 - - [08/Jan/2021:09:59:31 +0800] "GET /xingrg/all/function/internal_message.html?_=1610071172287&CODE_STATE=getMsg HTTP/1.1" 200 27
180.156.237.57 - - [08/Jan/2021:09:59:33 +0800] "POST /xingrg/kc/buy/cgsh_order_operate.html HTTP/1.1" 200 37
180.156.237.57 - - [08/Jan/2021:09:59:34 +0800] "POST /xingrg/kc/buy/cgsh_order_operate.html HTTP/1.1" 200 8365
222.69.133.109 - - [08/Jan/2021:09:59:35 +0800] "GET /xingrg/all/function/internal_message.html?_=1610071175442&CODE_STATE=getMsg HTTP/1.1" 200 27
180.156.237.57 - - [08/Jan/2021:09:59:44 +0800] "GET /xingrg/all/function/internal_message.html?_=1610071159624&CODE_STATE=getMsg HTTP/1.1" 200 27
180.156.237.57 - - [08/Jan/2021:09:59:47 +0800] "POST /xingrg/kc/buy/cgsh_order_operate.html HTTP/1.1" 200 37
114.88.169.67 - - [08/Jan/2021:09:59:50 +0800] "GET /xingrg/all/function/internal_message.html?_=1610071185484&CODE_STATE=getMsg HTTP/1.1" 200 27
180.156.237.57 - - [08/Jan/2021:09:59:50 +0800] "POST /xingrg/kc/buy/cgsh_order_operate.html HTTP/1.1" 200 12
172.17.200.101 - - [08/Jan/2021:09:59:51 +0800] "GET /xingrg/check_reg.html?_=1610071192419 HTTP/1.1" 200 22
172.17.200.101 - - [08/Jan/2021:09:59:51 +0800] "GET /xingrg/all/function/internal_message.html?_=1610071192422&CODE_STATE=getMsg HTTP/1.1" 200 27
180.156.237.57 - - [08/Jan/2021:09:59:51 +0800] "GET /xingrg/kc/buy/cgsh_order_info.html?code=212021010803004 HTTP/1.1" 200 56203
180.156.237.57 - - [08/Jan/2021:09:59:51 +0800] "GET /xingrg/javascript/easyui/themes/default/validatebox.css HTTP/1.1" 404 1104
180.156.237.57 - - [08/Jan/2021:09:59:52 +0800] "POST /xingrg/kc/buy/cgsh_order_operate.html HTTP/1.1" 200 6291
180.156.237.57 - - [08/Jan/2021:09:59:53 +0800] "GET /xingrg/kc/print/load_data.html?order_code=212021010803004&kc_code=cgsh&condition= HTTP/1.1" 200 3174
58.37.230.33 - - [08/Jan/2021:09:59:59 +0800] "GET /xingrg/all/function/internal_message.html?_=1610071217604&CODE_STATE=getMsg HTTP/1.1" 200 27
180.156.237.57 - - [08/Jan/2021:10:00:00 +0800] "GET /xingrg/kc/base/yddb_order_list.html HTTP/1.1" 200 16951
180.156.237.57 - - [08/Jan/2021:10:00:00 +0800] "POST /xingrg/kc/base/yddb_list_operate.html HTTP/1.1" 200 636
180.156.237.57 - - [08/Jan/2021:10:00:02 +0800] "GET /xingrg/kc/base/yddb_order_add.html HTTP/1.1" 200 29745
180.156.237.57 - - [08/Jan/2021:10:00:02 +0800] "GET /xingrg/dwr/interface/AjaxComOrderService.js HTTP/1.1" 200 18264
180.156.237.57 - - [08/Jan/2021:10:00:02 +0800] "GET /xingrg/dwr/interface/AjaxYddbService.js HTTP/1.1" 200 13201
180.156.237.57 - - [08/Jan/2021:10:00:02 +0800] "GET /xingrg/dwr/engine.js HTTP/1.1" 200 43631
61.165.42.208 - - [08/Jan/2021:10:00:02 +0800] "GET /xingrg/all/function/internal_message.html?_=1610071203962&CODE_STATE=getMsg HTTP/1.1" 200 27
180.156.237.57 - - [08/Jan/2021:10:00:04 +0800] "POST /xingrg/dwr/call/plaincall/AjaxYddbService.getRestBases.dwr HTTP/1.1" 200 1514
58.40.7.146 - - [08/Jan/2021:10:00:07 +0800] "GET /xingrg/all/function/internal_message.html?_=1610071204822&CODE_STATE=getMsg HTTP/1.1" 200 27
61.129.6.227 - - [08/Jan/2021:10:00:07 +0800] "GET /xingrg/check_reg.html?_=1610070588106 HTTP/1.1" 302 -
180.156.237.57 - - [08/Jan/2021:10:00:10 +0800] "POST /xingrg/dwr/call/plaincall/AjaxYddbService.saveOrder.dwr HTTP/1.1" 200 78
180.156.237.57 - - [08/Jan/2021:10:00:11 +0800] "GET /xingrg/images/yd/bt.gif HTTP/1.1" 404 1040
180.156.237.57 - - [08/Jan/2021:10:00:14 +0800] "POST /xingrg/dwr/call/plaincall/AjaxComOrderService.getMaterielSearchList.dwr HTTP/1.1" 200 16515
180.156.237.57 - - [08/Jan/2021:10:00:15 +0800] "POST /xingrg/dwr/call/plaincall/AjaxComOrderService.getMaterielSearchList.dwr HTTP/1.1" 200 763
117.185.32.26 - - [08/Jan/2021:10:00:15 +0800] "GET /xingrg/check_reg.html?_=1610071207545 HTTP/1.1" 200 22
61.129.6.227 - - [08/Jan/2021:10:00:16 +0800] "GET /xingrg/login.html HTTP/1.1" 200 7641
180.156.237.57 - - [08/Jan/2021:10:00:16 +0800] "POST /xingrg/dwr/call/plaincall/AjaxYddbService.getMaterielByMap.dwr HTTP/1.1" 200 3734
222.69.138.28 - - [08/Jan/2021:10:00:17 +0800] "GET /xingrg/all/function/internal_message.html?_=1610071212764&CODE_STATE=getMsg HTTP/1.1" 200 27
222.69.138.28 - - [08/Jan/2021:10:00:18 +0800] "GET /xingrg/check_reg.html?_=1610071213414 HTTP/1.1" 200 22
180.156.237.57 - - [08/Jan/2021:10:00:19 +0800] "POST /xingrg/dwr/call/plaincall/AjaxYddbService.getUnitPrice.dwr HTTP/1.1" 200 87
180.156.237.57 - - [08/Jan/2021:10:00:21 +0800] "GET /xingrg/images/yd/bt2.gif HTTP/1.1" 404 1042
116.228.172.94 - - [08/Jan/2021:10:00:23 +0800] "GET /xingrg/all/function/internal_message.html?_=1610071214263&CODE_STATE=getMsg HTTP/1.1" 200 27
180.156.237.57 - - [08/Jan/2021:10:00:26 +0800] "GET /xingrg/all/function/internal_message.html?_=1610071224527&CODE_STATE=getMsg HTTP/1.1" 200 27
180.156.237.57 - - [08/Jan/2021:10:00:27 +0800] "POST /xingrg/dwr/call/plaincall/AjaxYddbService.saveMaterielItem.dwr HTTP/1.1" 200 78
180.156.237.57 - - [08/Jan/2021:10:00:29 +0800] "POST /xingrg/dwr/call/plaincall/AjaxComOrderService.getMaterielSearchList.dwr HTTP/1.1" 200 4210
180.156.237.57 - - [08/Jan/2021:10:00:29 +0800] "POST /xingrg/dwr/call/plaincall/AjaxComOrderService.getMaterielSearchList.dwr HTTP/1.1" 200 763
180.175.150.119 - - [08/Jan/2021:10:00:29 +0800] "GET /xingrg/all/function/internal_message.html?_=1610071463765&CODE_STATE=getMsg HTTP/1.1" 200 27
222.70.170.138 - - [08/Jan/2021:10:00:31 +0800] "GET /xingrg/all/function/internal_message.html?_=1610071232297&CODE_STATE=getMsg HTTP/1.1" 200 27
180.156.237.57 - - [08/Jan/2021:10:00:31 +0800] "POST /xingrg/dwr/call/plaincall/AjaxYddbService.getMaterielByMap.dwr HTTP/1.1" 200 3737
180.156.237.57 - - [08/Jan/2021:10:00:33 +0800] "POST /xingrg/dwr/call/plaincall/AjaxYddbService.getUnitPrice.dwr HTTP/1.1" 200 87
222.69.133.109 - - [08/Jan/2021:10:00:35 +0800] "GET /xingrg/all/function/internal_message.html?_=1610071235412&CODE_STATE=getMsg HTTP/1.1" 200 27
222.69.133.109 - - [08/Jan/2021:10:00:35 +0800] "GET /xingrg/check_reg.html?_=1610071235782 HTTP/1.1" 200 22
180.156.237.57 - - [08/Jan/2021:10:00:36 +0800] "POST /xingrg/dwr/call/plaincall/AjaxYddbService.saveMaterielItem.dwr HTTP/1.1" 200 79
180.156.237.57 - - [08/Jan/2021:10:00:44 +0800] "GET /xingrg/all/function/internal_message.html?_=1610071219694&CODE_STATE=getMsg HTTP/1.1" 200 27
114.88.169.67 - - [08/Jan/2021:10:00:49 +0800] "GET /xingrg/check_reg.html?_=1610071244742 HTTP/1.1" 200 22
114.88.169.67 - - [08/Jan/2021:10:00:50 +0800] "GET /xingrg/all/function/internal_message.html?_=1610071245496&CODE_STATE=getMsg HTTP/1.1" 200 27
172.17.200.101 - - [08/Jan/2021:10:00:51 +0800] "GET /xingrg/all/function/internal_message.html?_=1610071252408&CODE_STATE=getMsg HTTP/1.1" 200 27
180.156.237.57 - - [08/Jan/2021:10:00:58 +0800] "POST /xingrg/dwr/call/plaincall/AjaxYddbService.saveMaterielItem.dwr HTTP/1.1" 200 79
58.37.230.33 - - [08/Jan/2021:10:00:59 +0800] "GET /xingrg/all/function/internal_message.html?_=1610071277578&CODE_STATE=getMsg HTTP/1.1" 200 27
180.175.150.119 - - [08/Jan/2021:10:01:00 +0800] "GET /xingrg/kc/buy/cgsh_order_add.html HTTP/1.1" 200 61337
180.175.150.119 - - [08/Jan/2021:10:01:01 +0800] "POST /xingrg/kc/buy/cgsh_order_operate.html HTTP/1.1" 200 8245
180.175.150.119 - - [08/Jan/2021:10:01:01 +0800] "GET /xingrg/javascript/easyui/themes/default/validatebox.css HTTP/1.1" 404 1104
61.165.42.208 - - [08/Jan/2021:10:01:02 +0800] "GET /xingrg/all/function/internal_message.html?_=1610071263977&CODE_STATE=getMsg HTTP/1.1" 200 27
58.40.7.146 - - [08/Jan/2021:10:01:07 +0800] "GET /xingrg/all/function/internal_message.html?_=1610071264824&CODE_STATE=getMsg HTTP/1.1" 200 27
58.40.7.146 - - [08/Jan/2021:10:01:07 +0800] "GET /xingrg/check_reg.html?_=1610071264825 HTTP/1.1" 200 22
180.156.237.57 - - [08/Jan/2021:10:01:10 +0800] "POST /xingrg/dwr/call/plaincall/AjaxYddbService.checkOrder.dwr HTTP/1.1" 200 79
180.156.237.57 - - [08/Jan/2021:10:01:11 +0800] "GET /xingrg/kc/base/yddb_order_info.html?code=482021010800058 HTTP/1.1" 200 29375
180.156.237.57 - - [08/Jan/2021:10:01:11 +0800] "GET /xingrg/dwr/interface/AjaxComOrderService.js HTTP/1.1" 200 18264
180.156.237.57 - - [08/Jan/2021:10:01:11 +0800] "GET /xingrg/dwr/interface/AjaxYddbService.js HTTP/1.1" 200 13201
180.156.237.57 - - [08/Jan/2021:10:01:11 +0800] "GET /xingrg/dwr/engine.js HTTP/1.1" 200 43631
180.156.237.57 - - [08/Jan/2021:10:01:12 +0800] "POST /xingrg/dwr/call/plaincall/AjaxYddbService.loadMaterielItems.dwr HTTP/1.1" 200 812
180.156.237.57 - - [08/Jan/2021:10:01:14 +0800] "GET /xingrg/kc/base/yddb_order_report.html?fileType=servlets/html&code=482021010800058&reportName=ck_order_report&subName=yddb HTTP/1.1" 302 -
180.156.237.57 - - [08/Jan/2021:10:01:14 +0800] "GET /xingrg/servlets/html?sysBaseUrl=http%3A%2F%2F180.169.147.146%3A18081%2Fxingrg%2F&costTime=66×tamp=1610071274195 HTTP/1.1" 200 17555
180.156.237.57 - - [08/Jan/2021:10:01:14 +0800] "GET /xingrg/servlets/image?image=px HTTP/1.1" 200 807
180.156.237.57 - - [08/Jan/2021:10:01:14 +0800] "GET /favicon.ico HTTP/1.1" 404 -
222.69.138.28 - - [08/Jan/2021:10:01:17 +0800] "GET /xingrg/all/function/internal_message.html?_=1610071272741&CODE_STATE=getMsg HTTP/1.1" 200 27
116.228.172.94 - - [08/Jan/2021:10:01:23 +0800] "GET /xingrg/all/function/internal_message.html?_=1610071274234&CODE_STATE=getMsg HTTP/1.1" 200 27
180.156.237.57 - - [08/Jan/2021:10:01:26 +0800] "GET /xingrg/all/function/internal_message.html?_=1610071284522&CODE_STATE=getMsg HTTP/1.1" 200 27
180.156.237.57 - - [08/Jan/2021:10:01:29 +0800] "POST /xingrg/all/user/operate.html HTTP/1.1" 200 36
180.156.237.57 - - [08/Jan/2021:10:01:29 +0800] "GET /xingrg/index.html?sysBaseUrl=http%3A%2F%2F180.169.147.146%3A18081%2Fxingrg%2F&costTime=72×tamp=1610011089297 HTTP/1.1" 200 17177
180.156.237.57 - - [08/Jan/2021:10:01:29 +0800] "GET /xingrg/javascript/jquery_easy_ui/themes/default/easyui.css HTTP/1.1" 304 -
180.156.237.57 - - [08/Jan/2021:10:01:29 +0800] "GET /xingrg/javascript/jquery_easy_ui/themes/icon.css HTTP/1.1" 304 -
180.156.237.57 - - [08/Jan/2021:10:01:29 +0800] "GET /xingrg/css/form.css HTTP/1.1" 304 -
180.156.237.57 - - [08/Jan/2021:10:01:29 +0800] "GET /xingrg/javascript/jquery-1.4.2.min.js HTTP/1.1" 304 -
180.156.237.57 - - [08/Jan/2021:10:01:29 +0800] "GET /xingrg/javascript/jquery_easy_ui/jquery.easyui.min.js HTTP/1.1" 304 -
180.156.237.57 - - [08/Jan/2021:10:01:29 +0800] "GET /xingrg/javascript/jquery_easy_ui/easyui-lang-zh_CN.js HTTP/1.1" 304 -
180.156.237.57 - - [08/Jan/2021:10:01:29 +0800] "GET /xingrg/javascript/jquery.form.js HTTP/1.1" 304 -
180.156.237.57 - - [08/Jan/2021:10:01:29 +0800] "GET /xingrg/javascript/jquery.utils.js HTTP/1.1" 304 -
180.156.237.57 - - [08/Jan/2021:10:01:29 +0800] "GET /xingrg/javascript/jquery.timers.js HTTP/1.1" 304 -
180.156.237.57 - - [08/Jan/2021:10:01:29 +0800] "GET /xingrg/images/blue/jxLogo.png HTTP/1.1" 304 -
180.156.237.57 - - [08/Jan/2021:10:01:29 +0800] "GET /xingrg/javascript/jquery_easy_ui/themes/icons/settle_new.png HTTP/1.1" 304 -
180.156.237.57 - - [08/Jan/2021:10:01:29 +0800] "GET /xingrg/images/blue/navBackgound.jpg HTTP/1.1" 304 -
180.175.150.119 - - [08/Jan/2021:10:01:29 +0800] "GET /xingrg/check_reg.html?_=1610071523622 HTTP/1.1" 200 22
180.156.237.57 - - [08/Jan/2021:10:01:29 +0800] "POST /xingrg/all/common/load_tree.html?tree=area_rest_tree_json&manage=1 HTTP/1.1" 200 476
180.156.237.57 - - [08/Jan/2021:10:01:29 +0800] "GET /xingrg/all/function/internal_message.html?_=1610071287803&CODE_STATE=count HTTP/1.1" 200 11
180.156.237.57 - - [08/Jan/2021:10:01:29 +0800] "GET /xingrg/check_reg.html?_=1610071287805 HTTP/1.1" 200 22
180.156.237.57 - - [08/Jan/2021:10:01:29 +0800] "GET /xingrg/images/blue/pingpu.png HTTP/1.1" 304 -
180.156.237.57 - - [08/Jan/2021:10:01:29 +0800] "GET /xingrg/javascript/jquery_easy_ui/themes/default/images/tabs_leftarrow.png HTTP/1.1" 304 -
180.156.237.57 - - [08/Jan/2021:10:01:29 +0800] "GET /xingrg/javascript/jquery_easy_ui/themes/default/images/panel_tool_collapse.gif HTTP/1.1" 304 -
180.156.237.57 - - [08/Jan/2021:10:01:29 +0800] "GET /xingrg/javascript/jquery_easy_ui/themes/default/images/tabs_rightarrow.png HTTP/1.1" 304 -
