117.185.32.26 - - [08/Jan/2021:11:06:13 +0800] "GET /xingrg/dwr/interface/AjaxReportQueryService.js HTTP/1.1" 200 13203
117.185.32.26 - - [08/Jan/2021:11:06:13 +0800] "GET /xingrg/dwr/engine.js HTTP/1.1" 200 43631
117.185.32.26 - - [08/Jan/2021:11:06:13 +0800] "GET /xingrg/dwr/util.js HTTP/1.1" 304 -
117.185.32.26 - - [08/Jan/2021:11:06:13 +0800] "POST /xingrg/dwr/call/plaincall/AjaxReportQueryService.getFixDate.dwr HTTP/1.1" 200 111
117.185.32.26 - - [08/Jan/2021:11:06:14 +0800] "POST /xingrg/all/common/load_tree.html?tree=supplier_tree_json&manage=1 HTTP/1.1" 200 54164
172.17.0.120 - - [08/Jan/2021:11:06:14 +0800] "GET /xingrg/all/function/internal_message.html?_=1610075170988&CODE_STATE=getMsg HTTP/1.1" 200 27
120.253.135.82 - - [08/Jan/2021:11:06:14 +0800] "GET /xingrg/check_reg.html?_=1610075210649 HTTP/1.1" 200 22
120.253.135.82 - - [08/Jan/2021:11:06:14 +0800] "GET /xingrg/all/function/internal_message.html?_=1610075210834&CODE_STATE=getMsg HTTP/1.1" 200 27
117.185.32.26 - - [08/Jan/2021:11:06:15 +0800] "POST /xingrg/all/common/load_tree.html?tree=materiel_sort_tree_json HTTP/1.1" 200 8666
117.185.32.26 - - [08/Jan/2021:11:06:15 +0800] "POST /xingrg/all/common/load_tree.html?tree=base_tree_json HTTP/1.1" 200 3663
114.86.230.32 - - [08/Jan/2021:11:06:15 +0800] "GET /xingrg/kc/buy/cgsh_order_operate.html?command=get_materiel&rest_code=00109&code=00101016071&supplier_code=00100035&order_time=2021-01-08 HTTP/1.1" 200 416
120.204.169.30 - - [08/Jan/2021:11:06:16 +0800] "GET /xingrg/all/function/internal_message.html?_=1610075172591&CODE_STATE=getMsg HTTP/1.1" 200 27
61.165.42.208 - - [08/Jan/2021:11:06:18 +0800] "GET /xingrg/kc/buy/cgsh_order_operate.html?command=get_materiel&rest_code=00105&code=00101029026&supplier_code=00100017&order_time=2021-01-08 HTTP/1.1" 200 442
180.157.253.48 - - [08/Jan/2021:11:06:20 +0800] "GET /xingrg/all/function/internal_message.html?_=1610075181366&CODE_STATE=getMsg HTTP/1.1" 200 27
116.228.172.94 - - [08/Jan/2021:11:06:22 +0800] "GET /xingrg/all/function/internal_message.html?_=1610075172814&CODE_STATE=getMsg HTTP/1.1" 200 27
180.162.108.15 - - [08/Jan/2021:11:06:22 +0800] "GET /xingrg/all/function/internal_message.html?_=1610075054120&CODE_STATE=getMsg HTTP/1.1" 200 27
172.17.0.108 - - [08/Jan/2021:11:06:23 +0800] "GET /xingrg/all/function/internal_message.html?_=1610075181042&CODE_STATE=getMsg HTTP/1.1" 200 27
172.17.0.103 - - [08/Jan/2021:11:06:25 +0800] "POST /xingrg/kc/buy/cgsh_order_operate.html HTTP/1.1" 200 37
114.86.230.32 - - [08/Jan/2021:11:06:26 +0800] "GET /xingrg/kc/buy/cgsh_order_operate.html?command=get_materiel&rest_code=00109&code=00101012005&supplier_code=00100035&order_time=2021-01-08 HTTP/1.1" 200 412
172.17.0.103 - - [08/Jan/2021:11:06:27 +0800] "POST /xingrg/kc/buy/cgsh_order_operate.html HTTP/1.1" 200 5603
117.185.32.26 - - [08/Jan/2021:11:06:28 +0800] "POST /xingrg/dwr/call/plaincall/AjaxReportQueryService.getFixDate.dwr HTTP/1.1" 200 111
117.185.32.26 - - [08/Jan/2021:11:06:29 +0800] "POST /xingrg/dwr/call/plaincall/AjaxReportQueryService.refreshCache.dwr HTTP/1.1" 200 78
172.17.0.103 - - [08/Jan/2021:11:06:30 +0800] "GET /xingrg/kc/print/load_data.html?order_code=212021010803038&kc_code=cgsh&condition= HTTP/1.1" 200 1854
58.37.230.33 - - [08/Jan/2021:11:06:30 +0800] "POST /xingrg/services/DataTransmitService HTTP/1.1" 200 524
117.185.32.26 - - [08/Jan/2021:11:06:30 +0800] "POST /xingrg/all/report/load_report_page.html HTTP/1.1" 200 8733
117.185.32.26 - - [08/Jan/2021:11:06:30 +0800] "GET /xingrg/servlets/image?cache=0.002115036006689275&image=px HTTP/1.1" 200 807
180.175.150.119 - - [08/Jan/2021:11:06:30 +0800] "GET /xingrg/check_reg.html?_=1610075425108 HTTP/1.1" 200 22
180.175.150.119 - - [08/Jan/2021:11:06:32 +0800] "GET /xingrg/all/function/internal_message.html?_=1610075426690&CODE_STATE=getMsg HTTP/1.1" 200 27
117.185.32.26 - - [08/Jan/2021:11:06:33 +0800] "GET /xingrg/all/function/internal_message.html?_=1610075659507&CODE_STATE=getMsg HTTP/1.1" 200 27
172.17.0.103 - - [08/Jan/2021:11:06:33 +0800] "GET /xingrg/kc/buy/cgsh_order_add.html HTTP/1.1" 200 61311
172.17.0.103 - - [08/Jan/2021:11:06:34 +0800] "POST /xingrg/kc/buy/cgsh_order_operate.html HTTP/1.1" 200 8245
172.17.0.103 - - [08/Jan/2021:11:06:34 +0800] "GET /xingrg/javascript/easyui/themes/default/validatebox.css HTTP/1.1" 404 1104
114.86.230.32 - - [08/Jan/2021:11:06:34 +0800] "GET /xingrg/kc/buy/cgsh_order_operate.html?command=get_materiel&rest_code=00109&code=00101016010&supplier_code=00100035&order_time=2021-01-08 HTTP/1.1" 200 408
117.131.5.26 - - [08/Jan/2021:11:06:35 +0800] "GET /xingrg/all/function/internal_message.html?_=1610075241287&CODE_STATE=getMsg HTTP/1.1" 200 27
58.37.230.33 - - [08/Jan/2021:11:06:35 +0800] "POST /xingrg/services/DataTransmitService HTTP/1.1" 200 501
222.69.138.28 - - [08/Jan/2021:11:06:36 +0800] "GET /xingrg/all/function/internal_message.html?_=1610075192076&CODE_STATE=getMsg HTTP/1.1" 200 27
117.185.32.26 - - [08/Jan/2021:11:06:39 +0800] "POST /xingrg/all/report/load_report_page.html HTTP/1.1" 200 107437
117.185.32.26 - - [08/Jan/2021:11:06:39 +0800] "GET /xingrg/servlets/image?cache=0.3968482368828148&image=px HTTP/1.1" 200 807
222.70.174.6 - - [08/Jan/2021:11:06:40 +0800] "GET /xingrg/all/function/internal_message.html?_=1610075201977&CODE_STATE=getMsg HTTP/1.1" 200 27
114.86.230.32 - - [08/Jan/2021:11:06:41 +0800] "GET /xingrg/kc/buy/cgsh_order_operate.html?command=get_materiel&rest_code=00109&code=00101016105&supplier_code=00100035&order_time=2021-01-08 HTTP/1.1" 200 409
172.17.0.103 - - [08/Jan/2021:11:06:43 +0800] "GET /xingrg/kc/buy/cgsh_order_operate.html?command=get_materiel&rest_code=00147&code=00101020019&supplier_code=00100242&order_time=2021-01-08 HTTP/1.1" 200 424
117.185.32.26 - - [08/Jan/2021:11:06:45 +0800] "POST /xingrg/all/report/report_print.html HTTP/1.1" 200 12821
61.165.42.208 - - [08/Jan/2021:11:06:46 +0800] "GET /xingrg/all/function/internal_message.html?_=1610075186310&CODE_STATE=getMsg HTTP/1.1" 200 27
114.86.230.32 - - [08/Jan/2021:11:06:47 +0800] "GET /xingrg/all/function/internal_message.html?_=1610075204753&CODE_STATE=getMsg HTTP/1.1" 200 27
114.86.230.32 - - [08/Jan/2021:11:06:48 +0800] "GET /xingrg/kc/buy/cgsh_order_operate.html?command=get_materiel&rest_code=00109&code=00101012025&supplier_code=00100035&order_time=2021-01-08 HTTP/1.1" 200 412
180.156.237.57 - - [08/Jan/2021:11:06:51 +0800] "GET /xingrg/all/function/internal_message.html?_=1610075209928&CODE_STATE=getMsg HTTP/1.1" 200 27
114.88.169.67 - - [08/Jan/2021:11:06:52 +0800] "GET /xingrg/all/function/internal_message.html?_=1610075207578&CODE_STATE=getMsg HTTP/1.1" 200 27
172.17.0.103 - - [08/Jan/2021:11:06:52 +0800] "GET /xingrg/all/function/internal_message.html?_=1610075211412&CODE_STATE=getMsg HTTP/1.1" 200 27
117.185.32.26 - - [08/Jan/2021:11:06:53 +0800] "GET /xingrg/all/function/internal_message.html?_=1610075205206&CODE_STATE=getMsg HTTP/1.1" 200 27
172.17.200.101 - - [08/Jan/2021:11:06:54 +0800] "GET /xingrg/all/function/internal_message.html?_=1610075215662&CODE_STATE=getMsg HTTP/1.1" 200 27
114.86.230.32 - - [08/Jan/2021:11:06:54 +0800] "GET /xingrg/kc/buy/cgsh_order_operate.html?command=get_materiel&rest_code=00109&code=00101016010&supplier_code=00100035&order_time=2021-01-08 HTTP/1.1" 200 408
180.156.237.57 - - [08/Jan/2021:11:06:56 +0800] "GET /xingrg/all/function/internal_message.html?_=1610075191143&CODE_STATE=getMsg HTTP/1.1" 200 27
120.204.169.30 - - [08/Jan/2021:11:06:57 +0800] "GET /xingrg/all/report/report_query.html?isQuery=1&fileName=dma/new_5.0/menu/menu_day_hz.xml&queryString=(a.sale_day%2520between%252020201201%2520and%252020201231)%2520and%2520(a.sid%2520in%2520(4))%2520and%2520(a.tj_code%253D12)%2520and%2520(a.menu_name%253D'%25E5%25A5%2597%25E9%25A4%2590'%2520and%2520a.menu_unit%253D'%25E5%25A5%2597')&queryText=%25E3%2580%2590%25E8%2590%25A5%25E4%25B8%259A%25E6%2597%25A5%25E6%259C%259F%253A2020-12-01%2520%25E8%2587%25B3%25202020-12-31%25E3%2580%2591%2520%25E5%25B9%25B6%25E4%25B8%2594%2520%2520%25E3%2580%2590%25E9%2597%25A8%25E5%25BA%2597%25E5%2590%258D%25E7%25A7%25B0%2520%253D%2520%25E6%2599%25AE%25E9%2599%2580%25E6%25A6%2595%25E6%25B8%25AF%25E3%2580%2591%2520%25E5%25B9%25B6%25E4%25B8%2594%2520%25E3%2580%2590%25E7%25BB%259F%25E8%25AE%25A1%25E7%25B1%25BB%25E5%2588%25AB%2520%253D%2520%25E5%25A5%2597%25E9%25A4%2590%25E3%2580%2591%2520%25E5%25B9%25B6%25E4%25B8%2594%2520%25E3%2580%2590%25E8%258F%259C%25E5%2593%2581%25E5%2590%258D%25E7%25A7%25B0%2520%253D%2520%25E5%25A5%2597%25E9%25A4%2590%25E3%2580%2591%2520%25E3%2580%2590%25E5%258D%2595%25E4%25BD%258D%2520%253D%2520%25E5%25A5%2597%25E3%2580%2591 HTTP/1.1" 200 52368
120.204.169.30 - - [08/Jan/2021:11:06:57 +0800] "GET /xingrg/dwr/engine.js HTTP/1.1" 200 43631
120.204.169.30 - - [08/Jan/2021:11:06:57 +0800] "GET /favicon.ico HTTP/1.1" 404 -
120.204.169.30 - - [08/Jan/2021:11:06:58 +0800] "POST /xingrg/all/report/load_report_page.html HTTP/1.1" 200 56332
120.204.169.30 - - [08/Jan/2021:11:06:58 +0800] "GET /xingrg/servlets/image?cache=0.40689752863381945&image=px HTTP/1.1" 200 807
58.37.230.33 - - [08/Jan/2021:11:06:58 +0800] "GET /xingrg/all/function/internal_message.html?_=1610075236080&CODE_STATE=getMsg HTTP/1.1" 200 27
120.204.169.30 - - [08/Jan/2021:11:06:59 +0800] "GET /xingrg/all/report/report_query.html?isQuery=1&fileName=dma/yingye_new/menu_mx.xml&queryString=(a.sale_day%2520between%252020201201%2520and%252020201231)%2520and%2520(a.sid%2520in%2520(4))%2520and%2520(a.tj_code%253D12)%2520and%2520(a.menu_name%253D'%25E5%25A5%2597%25E9%25A4%2590'%2520and%2520a.menu_unit%253D'%25E5%25A5%2597')%2520and%2520(a.menu_name%253D'%25E5%25A5%2597%25E9%25A4%2590'%2520and%2520a.menu_unit%253D'%25E5%25A5%2597')%2520and%2520(a.sale_day%253D20201220)&queryText=%25E3%2580%2590%25E8%2590%25A5%25E4%25B8%259A%25E6%2597%25A5%25E6%259C%259F%253A2020-12-01%2520%25E8%2587%25B3%25202020-12-31%25E3%2580%2591%2520%25E5%25B9%25B6%25E4%25B8%2594%2520%2520%25E3%2580%2590%25E9%2597%25A8%25E5%25BA%2597%25E5%2590%258D%25E7%25A7%25B0%2520%253D%2520%25E6%2599%25AE%25E9%2599%2580%25E6%25A6%2595%25E6%25B8%25AF%25E3%2580%2591%2520%25E5%25B9%25B6%25E4%25B8%2594%2520%25E3%2580%2590%25E7%25BB%259F%25E8%25AE%25A1%25E7%25B1%25BB%25E5%2588%25AB%2520%253D%2520%25E5%25A5%2597%25E9%25A4%2590%25E3%2580%2591%2520%25E5%25B9%25B6%25E4%25B8%2594%2520%25E3%2580%2590%25E8%258F%259C%25E5%2593%2581%25E5%2590%258D%25E7%25A7%25B0%2520%253D%2520%25E5%25A5%2597%25E9%25A4%2590%25E3%2580%2591%2520%25E3%2580%2590%25E5%258D%2595%25E4%25BD%258D%2520%253D%2520%25E5%25A5%2597%25E3%2580%2591%2520%25E5%25B9%25B6%25E4%25B8%2594%2520%25E3%2580%2590%25E8%258F%259C%25E5%2593%2581%25E5%2590%258D%25E7%25A7%25B0%2520%253D%2520%25E5%25A5%2597%25E9%25A4%2590%25E3%2580%2591%2520%25E3%2580%2590%25E5%258D%2595%25E4%25BD%258D%2520%253D%2520%25E5%25A5%2597%25E3%2580%2591 HTTP/1.1" 200 52077
120.204.169.30 - - [08/Jan/2021:11:06:59 +0800] "GET /xingrg/dwr/engine.js HTTP/1.1" 200 43631
114.86.230.32 - - [08/Jan/2021:11:06:59 +0800] "POST /xingrg/kc/buy/cgsh_order_operate.html HTTP/1.1" 200 37
120.204.169.30 - - [08/Jan/2021:11:06:59 +0800] "GET /favicon.ico HTTP/1.1" 404 -
114.86.230.32 - - [08/Jan/2021:11:07:01 +0800] "POST /xingrg/kc/buy/cgsh_order_operate.html HTTP/1.1" 200 6196
120.204.169.30 - - [08/Jan/2021:11:07:01 +0800] "POST /xingrg/all/report/load_report_page.html HTTP/1.1" 200 22052
120.204.169.30 - - [08/Jan/2021:11:07:01 +0800] "GET /xingrg/servlets/image?cache=0.2120612034164464&image=px HTTP/1.1" 200 807
61.165.42.208 - - [08/Jan/2021:11:07:02 +0800] "GET /xingrg/all/function/internal_message.html?_=1610075223345&CODE_STATE=getMsg HTTP/1.1" 200 27
114.86.230.32 - - [08/Jan/2021:11:07:02 +0800] "GET /xingrg/kc/print/load_config.html?kc_code=cgsh HTTP/1.1" 200 1845
114.86.230.32 - - [08/Jan/2021:11:07:02 +0800] "GET /xingrg/kc/print/load_data.html?order_code=212021010803039&kc_code=cgsh&condition= HTTP/1.1" 200 2032
61.165.42.208 - - [08/Jan/2021:11:07:02 +0800] "GET /xingrg/check_reg.html?_=1610075224000 HTTP/1.1" 200 22
61.129.6.251 - - [08/Jan/2021:11:07:03 +0800] "GET /xingrg/all/function/internal_message.html?_=1610074576330&CODE_STATE=getMsg HTTP/1.1" 302 -
222.69.133.109 - - [08/Jan/2021:11:07:05 +0800] "GET /xingrg/all/function/internal_message.html?_=1610075225049&CODE_STATE=getMsg HTTP/1.1" 200 27
58.40.7.146 - - [08/Jan/2021:11:07:07 +0800] "GET /xingrg/all/function/internal_message.html?_=1610075224877&CODE_STATE=getMsg HTTP/1.1" 200 27
120.204.169.30 - - [08/Jan/2021:11:07:08 +0800] "GET /xingrg/dma/order_info.html?id=359282&sid=4&sale_day=20201220 HTTP/1.1" 200 25612
120.204.169.30 - - [08/Jan/2021:11:07:08 +0800] "GET /favicon.ico HTTP/1.1" 404 -
61.129.6.251 - - [08/Jan/2021:11:07:09 +0800] "GET /xingrg/login.html HTTP/1.1" 200 7641
180.175.150.119 - - [08/Jan/2021:11:07:09 +0800] "GET /xingrg/all/function/internal_message.html?_=1610075227582&CODE_STATE=getMsg HTTP/1.1" 200 27
114.86.230.32 - - [08/Jan/2021:11:07:09 +0800] "GET /xingrg/kc/buy/cgsh_order_add.html HTTP/1.1" 200 61425
114.86.230.32 - - [08/Jan/2021:11:07:09 +0800] "GET /xingrg/javascript/easyui/themes/default/validatebox.css HTTP/1.1" 404 1104
114.86.230.32 - - [08/Jan/2021:11:07:09 +0800] "GET /xingrg/all/common/auto_word.html?type=employee&rest_code=00109 HTTP/1.1" 200 205
114.86.230.32 - - [08/Jan/2021:11:07:09 +0800] "POST /xingrg/kc/buy/cgsh_order_operate.html HTTP/1.1" 200 8245
114.86.230.32 - - [08/Jan/2021:11:07:09 +0800] "GET /xingrg/all/common/auto_word.html?type=employee&rest_code=00109 HTTP/1.1" 200 205
172.17.0.120 - - [08/Jan/2021:11:07:14 +0800] "GET /xingrg/all/function/internal_message.html?_=1610075230977&CODE_STATE=getMsg HTTP/1.1" 200 27
120.253.135.82 - - [08/Jan/2021:11:07:14 +0800] "GET /xingrg/all/function/internal_message.html?_=1610075270849&CODE_STATE=getMsg HTTP/1.1" 200 27
180.157.253.48 - - [08/Jan/2021:11:07:15 +0800] "GET /xingrg/kc/buy/cgsh_order_add.html HTTP/1.1" 200 61384
180.157.253.48 - - [08/Jan/2021:11:07:16 +0800] "POST /xingrg/kc/buy/cgsh_order_operate.html HTTP/1.1" 200 8245
180.157.253.48 - - [08/Jan/2021:11:07:16 +0800] "GET /xingrg/javascript/easyui/themes/default/validatebox.css HTTP/1.1" 404 1104
120.204.169.30 - - [08/Jan/2021:11:07:16 +0800] "GET /xingrg/all/function/internal_message.html?_=1610075232593&CODE_STATE=getMsg HTTP/1.1" 200 27
120.204.17.71 - - [08/Jan/2021:11:07:18 +0800] "GET /xingrg/kc/buy/cgsh_order_operate.html?command=get_materiel_price&rest_code=00106&code=00101010248&unit_code=00100042&supplier_code=00100032&order_time=2021-01-08 HTTP/1.1" 302 -
114.86.230.32 - - [08/Jan/2021:11:07:19 +0800] "GET /xingrg/kc/buy/cgsh_order_operate.html?command=get_materiel&rest_code=00109&code=00101007068&supplier_code=00100015&order_time=2021-01-08 HTTP/1.1" 200 409
180.157.253.48 - - [08/Jan/2021:11:07:20 +0800] "GET /xingrg/all/function/internal_message.html?_=1610075241377&CODE_STATE=getMsg HTTP/1.1" 200 27
116.228.172.94 - - [08/Jan/2021:11:07:22 +0800] "GET /xingrg/all/function/internal_message.html?_=1610075232798&CODE_STATE=getMsg HTTP/1.1" 200 27
180.162.108.15 - - [08/Jan/2021:11:07:22 +0800] "GET /xingrg/all/function/internal_message.html?_=1610075114115&CODE_STATE=getMsg HTTP/1.1" 200 27
180.162.108.15 - - [08/Jan/2021:11:07:22 +0800] "GET /xingrg/check_reg.html?_=1610075114118 HTTP/1.1" 200 22
172.17.0.108 - - [08/Jan/2021:11:07:23 +0800] "GET /xingrg/all/function/internal_message.html?_=1610075241047&CODE_STATE=getMsg HTTP/1.1" 200 27
120.204.17.71 - - [08/Jan/2021:11:07:23 +0800] "GET /xingrg/login.html HTTP/1.1" 200 7641
180.157.253.48 - - [08/Jan/2021:11:07:23 +0800] "GET /xingrg/kc/buy/cgsh_order_operate.html?command=get_materiel&rest_code=00148&code=00101008394&supplier_code=00100327&order_time=2021-01-08 HTTP/1.1" 200 413
114.86.230.32 - - [08/Jan/2021:11:07:31 +0800] "GET /xingrg/kc/buy/cgsh_order_operate.html?command=get_materiel&rest_code=00109&code=00101006127&supplier_code=00100015&order_time=2021-01-08 HTTP/1.1" 200 423
180.175.150.119 - - [08/Jan/2021:11:07:32 +0800] "GET /xingrg/all/function/internal_message.html?_=1610075486702&CODE_STATE=getMsg HTTP/1.1" 200 27
117.185.32.26 - - [08/Jan/2021:11:07:33 +0800] "GET /xingrg/all/function/internal_message.html?_=1610075719492&CODE_STATE=getMsg HTTP/1.1" 200 27
61.165.42.208 - - [08/Jan/2021:11:07:34 +0800] "GET /xingrg/kc/buy/cgsh_order_operate.html?command=get_materiel&rest_code=00105&code=00101029025&supplier_code=00100017&order_time=2021-01-08 HTTP/1.1" 200 442
117.131.5.26 - - [08/Jan/2021:11:07:35 +0800] "GET /xingrg/all/function/internal_message.html?_=1610075301290&CODE_STATE=getMsg HTTP/1.1" 200 27
180.157.253.48 - - [08/Jan/2021:11:07:36 +0800] "GET /xingrg/kc/buy/cgsh_order_operate.html?command=get_materiel&rest_code=00148&code=00101008171&supplier_code=00100327&order_time=2021-01-08 HTTP/1.1" 200 421
222.69.138.28 - - [08/Jan/2021:11:07:36 +0800] "GET /xingrg/all/function/internal_message.html?_=1610075252060&CODE_STATE=getMsg HTTP/1.1" 200 27
120.204.17.73 - - [08/Jan/2021:11:07:39 +0800] "GET /xingrg/kc/buy/cgsh_order_operate.html?command=get_materiel&rest_code=00106&code=00101012025&supplier_code=00100032&order_time=2021-01-08 HTTP/1.1" 302 -
114.86.230.32 - - [08/Jan/2021:11:07:40 +0800] "GET /xingrg/kc/buy/cgsh_order_operate.html?command=get_materiel&rest_code=00109&code=00101010248&supplier_code=00100015&order_time=2021-01-08 HTTP/1.1" 200 430
222.70.174.6 - - [08/Jan/2021:11:07:40 +0800] "GET /xingrg/all/function/internal_message.html?_=1610075262001&CODE_STATE=getMsg HTTP/1.1" 200 27
120.204.17.73 - - [08/Jan/2021:11:07:41 +0800] "GET /xingrg/login.html HTTP/1.1" 200 7641
172.17.0.103 - - [08/Jan/2021:11:07:45 +0800] "GET /xingrg/kc/buy/cgsh_order_operate.html?command=get_materiel&rest_code=00147&code=00101012038&supplier_code=00100242&order_time=2021-01-08 HTTP/1.1" 200 412
114.86.230.32 - - [08/Jan/2021:11:07:46 +0800] "GET /xingrg/kc/buy/cgsh_order_operate.html?command=get_materiel&rest_code=00109&code=00101006115&supplier_code=00100015&order_time=2021-01-08 HTTP/1.1" 200 409
61.165.42.208 - - [08/Jan/2021:11:07:46 +0800] "GET /xingrg/check_reg.html?_=1610075246310 HTTP/1.1" 200 22
61.165.42.208 - - [08/Jan/2021:11:07:46 +0800] "GET /xingrg/all/function/internal_message.html?_=1610075246313&CODE_STATE=getMsg HTTP/1.1" 200 27
114.86.230.32 - - [08/Jan/2021:11:07:47 +0800] "GET /xingrg/all/function/internal_message.html?_=1610075264754&CODE_STATE=getMsg HTTP/1.1" 200 27
180.157.253.48 - - [08/Jan/2021:11:07:48 +0800] "GET /xingrg/kc/buy/cgsh_order_operate.html?command=get_materiel&rest_code=00148&code=00101010569&supplier_code=00100327&order_time=2021-01-08 HTTP/1.1" 200 397
180.156.237.57 - - [08/Jan/2021:11:07:51 +0800] "GET /xingrg/all/function/internal_message.html?_=1610075269934&CODE_STATE=getMsg HTTP/1.1" 200 27
114.88.169.67 - - [08/Jan/2021:11:07:52 +0800] "GET /xingrg/all/function/internal_message.html?_=1610075267591&CODE_STATE=getMsg HTTP/1.1" 200 27
172.17.0.103 - - [08/Jan/2021:11:07:52 +0800] "GET /xingrg/all/function/internal_message.html?_=1610075271375&CODE_STATE=getMsg HTTP/1.1" 200 27
117.185.32.26 - - [08/Jan/2021:11:07:53 +0800] "GET /xingrg/all/function/internal_message.html?_=1610075265178&CODE_STATE=getMsg HTTP/1.1" 200 27
172.17.200.101 - - [08/Jan/2021:11:07:54 +0800] "GET /xingrg/all/function/internal_message.html?_=1610075275663&CODE_STATE=getMsg HTTP/1.1" 200 27
180.156.237.57 - - [08/Jan/2021:11:07:56 +0800] "GET /xingrg/all/function/internal_message.html?_=1610075251178&CODE_STATE=getMsg HTTP/1.1" 200 27
180.157.253.48 - - [08/Jan/2021:11:07:56 +0800] "POST /xingrg/kc/buy/cgsh_order_operate.html HTTP/1.1" 200 37
58.37.230.33 - - [08/Jan/2021:11:07:58 +0800] "GET /xingrg/all/function/internal_message.html?_=1610075296060&CODE_STATE=getMsg HTTP/1.1" 200 27
114.86.230.32 - - [08/Jan/2021:11:07:58 +0800] "GET /xingrg/kc/buy/cgsh_order_operate.html?command=get_materiel&rest_code=00109&code=00101006144&supplier_code=00100015&order_time=2021-01-08 HTTP/1.1" 200 409
172.17.0.185 - - [08/Jan/2021:11:07:59 +0800] "GET /xingrg/check_reg.html?_=1610075275756 HTTP/1.1" 200 22
180.157.253.48 - - [08/Jan/2021:11:08:00 +0800] "POST /xingrg/kc/buy/cgsh_order_operate.html HTTP/1.1" 200 12
180.157.253.48 - - [08/Jan/2021:11:08:00 +0800] "GET /xingrg/kc/buy/cgsh_order_info.html?code=212021010803040 HTTP/1.1" 200 56287
180.157.253.48 - - [08/Jan/2021:11:08:01 +0800] "GET /xingrg/javascript/easyui/themes/default/validatebox.css HTTP/1.1" 404 1104
180.157.253.48 - - [08/Jan/2021:11:08:01 +0800] "POST /xingrg/kc/buy/cgsh_order_operate.html HTTP/1.1" 200 1800
61.165.42.208 - - [08/Jan/2021:11:08:02 +0800] "GET /xingrg/all/function/internal_message.html?_=1610075283334&CODE_STATE=getMsg HTTP/1.1" 200 27
180.157.253.48 - - [08/Jan/2021:11:08:02 +0800] "GET /xingrg/kc/print/load_data.html?order_code=212021010803040&kc_code=cgsh&condition= HTTP/1.1" 200 1164
222.69.133.109 - - [08/Jan/2021:11:08:05 +0800] "GET /xingrg/all/function/internal_message.html?_=1610075285050&CODE_STATE=getMsg HTTP/1.1" 200 27
222.69.133.109 - - [08/Jan/2021:11:08:05 +0800] "GET /xingrg/check_reg.html?_=1610075285053 HTTP/1.1" 200 22
114.86.230.32 - - [08/Jan/2021:11:08:05 +0800] "GET /xingrg/kc/buy/cgsh_order_operate.html?command=get_materiel&rest_code=00109&code=00101006109&supplier_code=00100015&order_time=2021-01-08 HTTP/1.1" 200 409
61.165.42.208 - - [08/Jan/2021:11:08:06 +0800] "GET /xingrg/kc/buy/cgsh_order_operate.html?command=get_materiel&rest_code=00105&code=00101028012&supplier_code=00100017&order_time=2021-01-08 HTTP/1.1" 200 475
180.157.253.48 - - [08/Jan/2021:11:08:07 +0800] "GET /xingrg/kc/buy/cgsh_order_add.html HTTP/1.1" 200 61384
58.40.7.146 - - [08/Jan/2021:11:08:07 +0800] "GET /xingrg/all/function/internal_message.html?_=1610075284879&CODE_STATE=getMsg HTTP/1.1" 200 27
180.157.253.48 - - [08/Jan/2021:11:08:08 +0800] "POST /xingrg/kc/buy/cgsh_order_operate.html HTTP/1.1" 200 8245
180.157.253.48 - - [08/Jan/2021:11:08:08 +0800] "GET /xingrg/javascript/easyui/themes/default/validatebox.css HTTP/1.1" 404 1104
180.175.150.119 - - [08/Jan/2021:11:08:09 +0800] "GET /xingrg/all/function/internal_message.html?_=1610075287596&CODE_STATE=getMsg HTTP/1.1" 200 27
172.17.0.120 - - [08/Jan/2021:11:08:14 +0800] "GET /xingrg/all/function/internal_message.html?_=1610075290980&CODE_STATE=getMsg HTTP/1.1" 200 27
120.253.135.82 - - [08/Jan/2021:11:08:14 +0800] "GET /xingrg/all/function/internal_message.html?_=1610075330862&CODE_STATE=getMsg HTTP/1.1" 200 27
114.86.230.32 - - [08/Jan/2021:11:08:14 +0800] "GET /xingrg/kc/buy/cgsh_order_operate.html?command=get_materiel&rest_code=00109&code=00101006056&supplier_code=00100015&order_time=2021-01-08 HTTP/1.1" 200 413
180.157.253.48 - - [08/Jan/2021:11:08:15 +0800] "GET /xingrg/kc/buy/cgsh_order_operate.html?command=get_materiel&rest_code=00148&code=00101010665&supplier_code=00100331&order_time=2021-01-08 HTTP/1.1" 200 400
120.204.169.30 - - [08/Jan/2021:11:08:16 +0800] "GET /xingrg/check_reg.html?_=1610075292585 HTTP/1.1" 200 22
120.204.169.30 - - [08/Jan/2021:11:08:16 +0800] "GET /xingrg/all/function/internal_message.html?_=1610075292589&CODE_STATE=getMsg HTTP/1.1" 200 27
180.157.253.48 - - [08/Jan/2021:11:08:20 +0800] "GET /xingrg/all/function/internal_message.html?_=1610075301411&CODE_STATE=getMsg HTTP/1.1" 200 27
116.228.172.94 - - [08/Jan/2021:11:08:22 +0800] "GET /xingrg/all/function/internal_message.html?_=1610075292782&CODE_STATE=getMsg HTTP/1.1" 200 27
180.162.108.15 - - [08/Jan/2021:11:08:22 +0800] "GET /xingrg/all/function/internal_message.html?_=1610075174117&CODE_STATE=getMsg HTTP/1.1" 200 27
172.17.0.108 - - [08/Jan/2021:11:08:23 +0800] "GET /xingrg/all/function/internal_message.html?_=1610075301051&CODE_STATE=getMsg HTTP/1.1" 200 27
180.157.253.48 - - [08/Jan/2021:11:08:27 +0800] "POST /xingrg/kc/buy/cgsh_order_operate.html HTTP/1.1" 200 37
114.86.230.32 - - [08/Jan/2021:11:08:30 +0800] "GET /xingrg/kc/buy/cgsh_order_operate.html?command=get_materiel&rest_code=00109&code=00101006122&supplier_code=00100015&order_time=2021-01-08 HTTP/1.1" 200 429
183.192.164.214 - - [08/Jan/2021:11:08:31 +0800] "GET /xingrg/kc/print/load_data.html?order_code=212021010803030&kc_code=cgsh HTTP/1.1" 302 -
180.175.150.119 - - [08/Jan/2021:11:08:32 +0800] "GET /xingrg/all/function/internal_message.html?_=1610075546717&CODE_STATE=getMsg HTTP/1.1" 200 27
117.185.32.26 - - [08/Jan/2021:11:08:33 +0800] "GET /xingrg/all/function/internal_message.html?_=1610075779475&CODE_STATE=getMsg HTTP/1.1" 200 27
117.131.5.26 - - [08/Jan/2021:11:08:35 +0800] "GET /xingrg/all/function/internal_message.html?_=1610075361284&CODE_STATE=getMsg HTTP/1.1" 200 27
180.157.253.48 - - [08/Jan/2021:11:08:36 +0800] "POST /xingrg/kc/buy/cgsh_order_operate.html HTTP/1.1" 200 12
180.157.253.48 - - [08/Jan/2021:11:08:37 +0800] "GET /xingrg/kc/buy/cgsh_order_info.html?code=212021010803041 HTTP/1.1" 200 56289
180.157.253.48 - - [08/Jan/2021:11:08:38 +0800] "GET /xingrg/javascript/easyui/themes/default/validatebox.css HTTP/1.1" 404 1104
180.157.253.48 - - [08/Jan/2021:11:08:38 +0800] "POST /xingrg/kc/buy/cgsh_order_operate.html HTTP/1.1" 200 608
183.192.164.214 - - [08/Jan/2021:11:08:39 +0800] "GET /xingrg/login.html HTTP/1.1" 200 7641
222.70.174.6 - - [08/Jan/2021:11:08:40 +0800] "GET /xingrg/all/function/internal_message.html?_=1610075322003&CODE_STATE=getMsg HTTP/1.1" 200 27
180.157.253.48 - - [08/Jan/2021:11:08:41 +0800] "GET /xingrg/kc/print/load_data.html?order_code=212021010803041&kc_code=cgsh&condition= HTTP/1.1" 200 712
114.86.230.32 - - [08/Jan/2021:11:08:43 +0800] "GET /xingrg/kc/buy/cgsh_order_operate.html?command=get_materiel&rest_code=00109&code=00101006057&supplier_code=00100015&order_time=2021-01-08 HTTP/1.1" 200 413
61.165.42.208 - - [08/Jan/2021:11:08:46 +0800] "GET /xingrg/all/function/internal_message.html?_=1610075306313&CODE_STATE=getMsg HTTP/1.1" 200 27
114.86.230.32 - - [08/Jan/2021:11:08:47 +0800] "GET /xingrg/all/function/internal_message.html?_=1610075324757&CODE_STATE=getMsg HTTP/1.1" 200 27
117.185.32.26 - - [08/Jan/2021:11:08:50 +0800] "GET /xingrg/check_reg.html?_=1610075322478 HTTP/1.1" 200 22
180.156.237.57 - - [08/Jan/2021:11:08:51 +0800] "GET /xingrg/check_reg.html?_=1610075329937 HTTP/1.1" 200 22
180.156.237.57 - - [08/Jan/2021:11:08:52 +0800] "GET /xingrg/all/function/internal_message.html?_=1610075329934&CODE_STATE=getMsg HTTP/1.1" 200 27
172.17.0.103 - - [08/Jan/2021:11:08:52 +0800] "GET /xingrg/all/function/internal_message.html?_=1610075331343&CODE_STATE=getMsg HTTP/1.1" 200 27
114.88.169.67 - - [08/Jan/2021:11:08:52 +0800] "GET /xingrg/all/function/internal_message.html?_=1610075327720&CODE_STATE=getMsg HTTP/1.1" 200 27
117.185.32.26 - - [08/Jan/2021:11:08:53 +0800] "GET /xingrg/all/function/internal_message.html?_=1610075325153&CODE_STATE=getMsg HTTP/1.1" 200 27
172.17.200.101 - - [08/Jan/2021:11:08:54 +0800] "GET /xingrg/all/function/internal_message.html?_=1610075335662&CODE_STATE=getMsg HTTP/1.1" 200 27
180.156.237.57 - - [08/Jan/2021:11:08:56 +0800] "GET /xingrg/all/function/internal_message.html?_=1610075311185&CODE_STATE=getMsg HTTP/1.1" 200 27
58.37.230.33 - - [08/Jan/2021:11:08:58 +0800] "GET /xingrg/all/function/internal_message.html?_=1610075356039&CODE_STATE=getMsg HTTP/1.1" 200 27
180.157.253.48 - - [08/Jan/2021:11:08:58 +0800] "GET /xingrg/logout.do HTTP/1.1" 302 -
180.157.253.48 - - [08/Jan/2021:11:08:58 +0800] "GET /xingrg/login.html?sysBaseUrl=http%3A%2F%2F180.169.147.146%3A18081%2Fxingrg%2F&costTime=26×tamp=1610075338515 HTTP/1.1" 200 7641
180.157.253.48 - - [08/Jan/2021:11:08:58 +0800] "GET /favicon.ico HTTP/1.1" 404 -
61.165.42.208 - - [08/Jan/2021:11:09:02 +0800] "GET /xingrg/all/function/internal_message.html?_=1610075343497&CODE_STATE=getMsg HTTP/1.1" 200 27
180.157.253.48 - - [08/Jan/2021:11:09:02 +0800] "POST /xingrg/login.do HTTP/1.1" 302 -
180.157.253.48 - - [08/Jan/2021:11:09:02 +0800] "GET /xingrg/index.html?sysBaseUrl=http%3A%2F%2F180.169.147.146%3A18081%2Fxingrg%2F&costTime=57×tamp=1610075342780 HTTP/1.1" 200 17503
180.157.253.48 - - [08/Jan/2021:11:09:03 +0800] "GET /favicon.ico HTTP/1.1" 404 -
180.157.253.48 - - [08/Jan/2021:11:09:03 +0800] "POST /xingrg/all/common/load_tree.html?tree=area_rest_tree_json&manage=1 HTTP/1.1" 200 3344
180.157.253.48 - - [08/Jan/2021:11:09:03 +0800] "GET /xingrg/all/function/internal_message.html?_=1610075344013&CODE_STATE=count HTTP/1.1" 200 11
180.157.253.48 - - [08/Jan/2021:11:09:03 +0800] "GET /xingrg/check_reg.html?_=1610075344017 HTTP/1.1" 200 22
180.157.253.48 - - [08/Jan/2021:11:09:03 +0800] "POST /xingrg/load_menu.html HTTP/1.1" 200 11443
222.69.133.109 - - [08/Jan/2021:11:09:05 +0800] "GET /xingrg/all/function/internal_message.html?_=1610075345043&CODE_STATE=getMsg HTTP/1.1" 200 27
180.157.253.48 - - [08/Jan/2021:11:09:07 +0800] "POST /xingrg/all/user/operate.html HTTP/1.1" 200 36
180.157.253.48 - - [08/Jan/2021:11:09:07 +0800] "GET /xingrg/index.html?sysBaseUrl=http%3A%2F%2F180.169.147.146%3A18081%2Fxingrg%2F&costTime=57×tamp=1610075342780 HTTP/1.1" 200 17509
180.157.253.48 - - [08/Jan/2021:11:09:07 +0800] "GET /xingrg/javascript/jquery_easy_ui/themes/default/easyui.css HTTP/1.1" 304 -
180.157.253.48 - - [08/Jan/2021:11:09:07 +0800] "GET /xingrg/javascript/jquery_easy_ui/themes/icon.css HTTP/1.1" 304 -
180.157.253.48 - - [08/Jan/2021:11:09:07 +0800] "GET /xingrg/css/form.css HTTP/1.1" 304 -
180.157.253.48 - - [08/Jan/2021:11:09:07 +0800] "GET /xingrg/javascript/jquery-1.4.2.min.js HTTP/1.1" 304 -
180.157.253.48 - - [08/Jan/2021:11:09:07 +0800] "GET /xingrg/javascript/jquery_easy_ui/jquery.easyui.min.js HTTP/1.1" 304 -
180.157.253.48 - - [08/Jan/2021:11:09:07 +0800] "GET /xingrg/javascript/jquery_easy_ui/easyui-lang-zh_CN.js HTTP/1.1" 304 -
58.40.7.146 - - [08/Jan/2021:11:09:07 +0800] "GET /xingrg/all/function/internal_message.html?_=1610075344884&CODE_STATE=getMsg HTTP/1.1" 200 27
180.157.253.48 - - [08/Jan/2021:11:09:07 +0800] "GET /xingrg/javascript/jquery.form.js HTTP/1.1" 304 -
180.157.253.48 - - [08/Jan/2021:11:09:07 +0800] "GET /xingrg/javascript/jquery.utils.js HTTP/1.1" 304 -
180.157.253.48 - - [08/Jan/2021:11:09:07 +0800] "GET /xingrg/javascript/jquery.timers.js HTTP/1.1" 304 -
180.157.253.48 - - [08/Jan/2021:11:09:07 +0800] "GET /xingrg/images/blue/jxLogo.png HTTP/1.1" 304 -
180.157.253.48 - - [08/Jan/2021:11:09:07 +0800] "GET /xingrg/images/blue/navBackgound.jpg HTTP/1.1" 304 -
180.157.253.48 - - [08/Jan/2021:11:09:07 +0800] "GET /xingrg/javascript/jquery_easy_ui/themes/icons/settle_new.png HTTP/1.1" 304 -
180.157.253.48 - - [08/Jan/2021:11:09:08 +0800] "POST /xingrg/all/common/load_tree.html?tree=area_rest_tree_json&manage=1 HTTP/1.1" 200 3344
180.157.253.48 - - [08/Jan/2021:11:09:08 +0800] "GET /xingrg/all/function/internal_message.html?_=1610075348801&CODE_STATE=count HTTP/1.1" 200 11
180.157.253.48 - - [08/Jan/2021:11:09:08 +0800] "GET /xingrg/check_reg.html?_=1610075348804 HTTP/1.1" 200 22
180.157.253.48 - - [08/Jan/2021:11:09:08 +0800] "GET /xingrg/javascript/jquery_easy_ui/themes/default/images/panel_tool_collapse.gif HTTP/1.1" 304 -
180.157.253.48 - - [08/Jan/2021:11:09:08 +0800] "GET /xingrg/images/blue/pingpu.png HTTP/1.1" 304 -
180.157.253.48 - - [08/Jan/2021:11:09:08 +0800] "GET /xingrg/javascript/jquery_easy_ui/themes/default/images/tabs_rightarrow.png HTTP/1.1" 304 -
180.157.253.48 - - [08/Jan/2021:11:09:08 +0800] "GET /xingrg/javascript/jquery_easy_ui/themes/default/images/panel_tool_expand.gif HTTP/1.1" 304 -
180.157.253.48 - - [08/Jan/2021:11:09:08 +0800] "GET /xingrg/javascript/jquery_easy_ui/themes/default/images/tabs_leftarrow.png HTTP/1.1" 304 -
180.157.253.48 - - [08/Jan/2021:11:09:08 +0800] "POST /xingrg/load_menu.html HTTP/1.1" 200 9959
180.175.150.119 - - [08/Jan/2021:11:09:09 +0800] "GET /xingrg/all/function/internal_message.html?_=1610075347610&CODE_STATE=getMsg HTTP/1.1" 200 27
180.157.253.48 - - [08/Jan/2021:11:09:11 +0800] "GET /xingrg/kc/buy/cgsh_order_list.html HTTP/1.1" 200 45902
180.157.253.48 - - [08/Jan/2021:11:09:12 +0800] "POST /xingrg/kc/buy/cgsh_list_operate.html HTTP/1.1" 200 876
180.157.253.48 - - [08/Jan/2021:11:09:13 +0800] "GET /xingrg/javascript/auto/indicator.gif HTTP/1.1" 404 1066
172.17.0.120 - - [08/Jan/2021:11:09:14 +0800] "GET /xingrg/check_reg.html?_=1610075350985 HTTP/1.1" 200 22
172.17.0.120 - - [08/Jan/2021:11:09:14 +0800] "GET /xingrg/all/function/internal_message.html?_=1610075350997&CODE_STATE=getMsg HTTP/1.1" 200 27
120.253.135.82 - - [08/Jan/2021:11:09:14 +0800] "GET /xingrg/all/function/internal_message.html?_=1610075390878&CODE_STATE=getMsg HTTP/1.1" 200 27
120.204.169.30 - - [08/Jan/2021:11:09:16 +0800] "GET /xingrg/all/function/internal_message.html?_=1610075352593&CODE_STATE=getMsg HTTP/1.1" 200 27
58.221.95.50 - - [08/Jan/2021:11:09:17 +0800] "GET /xingrg/check_reg.html?_=1610075354315 HTTP/1.1" 302 -
180.157.253.48 - - [08/Jan/2021:11:09:17 +0800] "POST /xingrg/kc/buy/cgsh_list_operate.html HTTP/1.1" 200 5888
116.228.172.94 - - [08/Jan/2021:11:09:19 +0800] "GET /xingrg/check_reg.html?_=1610075349977 HTTP/1.1" 200 22
114.86.230.32 - - [08/Jan/2021:11:09:19 +0800] "GET /xingrg/kc/buy/cgsh_order_operate.html?command=get_materiel&rest_code=00109&code=00101006013&supplier_code=00100015&order_time=2021-01-08 HTTP/1.1" 200 409
180.157.253.48 - - [08/Jan/2021:11:09:20 +0800] "POST /xingrg/kc/buy/cgsh_list_operate.html HTTP/1.1" 200 204
180.157.253.48 - - [08/Jan/2021:11:09:21 +0800] "GET /xingrg/kc/buy/cgsh_order_info.html?code=212021010803041 HTTP/1.1" 200 56546
116.228.172.94 - - [08/Jan/2021:11:09:22 +0800] "GET /xingrg/all/function/internal_message.html?_=1610075352771&CODE_STATE=getMsg HTTP/1.1" 200 27
180.162.108.15 - - [08/Jan/2021:11:09:22 +0800] "GET /xingrg/all/function/internal_message.html?_=1610075234117&CODE_STATE=getMsg HTTP/1.1" 200 27
180.157.253.48 - - [08/Jan/2021:11:09:22 +0800] "GET /xingrg/javascript/easyui/themes/default/validatebox.css HTTP/1.1" 404 1104
180.157.253.48 - - [08/Jan/2021:11:09:23 +0800] "POST /xingrg/kc/buy/cgsh_order_operate.html HTTP/1.1" 200 608
172.17.0.108 - - [08/Jan/2021:11:09:23 +0800] "GET /xingrg/all/function/internal_message.html?_=1610075361040&CODE_STATE=getMsg HTTP/1.1" 200 27
172.17.0.108 - - [08/Jan/2021:11:09:23 +0800] "GET /xingrg/check_reg.html?_=1610075361043 HTTP/1.1" 200 22
180.157.253.48 - - [08/Jan/2021:11:09:24 +0800] "POST /xingrg/kc/buy/cgsh_order_operate.html HTTP/1.1" 200 12
180.157.253.48 - - [08/Jan/2021:11:09:25 +0800] "GET /xingrg/kc/buy/cgsh_order_info.html?code=212021010803041 HTTP/1.1" 200 61395
180.157.253.48 - - [08/Jan/2021:11:09:26 +0800] "GET /xingrg/javascript/easyui/themes/default/validatebox.css HTTP/1.1" 404 1104
180.157.253.48 - - [08/Jan/2021:11:09:27 +0800] "POST /xingrg/kc/buy/cgsh_order_operate.html HTTP/1.1" 200 2658
180.157.253.48 - - [08/Jan/2021:11:09:28 +0800] "GET /xingrg/logout.do HTTP/1.1" 302 -
180.157.253.48 - - [08/Jan/2021:11:09:28 +0800] "GET /xingrg/login.html?sysBaseUrl=http%3A%2F%2F180.169.147.146%3A18081%2Fxingrg%2F&costTime=3×tamp=1610075368496 HTTP/1.1" 200 7641
61.165.42.208 - - [08/Jan/2021:11:09:28 +0800] "GET /xingrg/kc/buy/cgsh_order_operate.html?command=get_materiel&rest_code=00105&code=00101029023&supplier_code=00100017&order_time=2021-01-08 HTTP/1.1" 200 477
180.157.253.48 - - [08/Jan/2021:11:09:28 +0800] "GET /favicon.ico HTTP/1.1" 404 -
58.37.230.33 - - [08/Jan/2021:11:09:30 +0800] "GET /xingrg/check_reg.html?_=1610075388222 HTTP/1.1" 200 22
180.157.253.48 - - [08/Jan/2021:11:09:32 +0800] "POST /xingrg/login.do HTTP/1.1" 302 -
180.157.253.48 - - [08/Jan/2021:11:09:32 +0800] "GET /xingrg/index.html?sysBaseUrl=http%3A%2F%2F180.169.147.146%3A18081%2Fxingrg%2F&costTime=39×tamp=1610075372546 HTTP/1.1" 200 17179
180.175.150.119 - - [08/Jan/2021:11:09:32 +0800] "GET /xingrg/all/function/internal_message.html?_=1610075606908&CODE_STATE=getMsg HTTP/1.1" 200 27
180.157.253.48 - - [08/Jan/2021:11:09:32 +0800] "GET /favicon.ico HTTP/1.1" 404 -
180.157.253.48 - - [08/Jan/2021:11:09:32 +0800] "POST /xingrg/all/common/load_tree.html?tree=area_rest_tree_json&manage=1 HTTP/1.1" 200 351
180.157.253.48 - - [08/Jan/2021:11:09:33 +0800] "GET /xingrg/all/function/internal_message.html?_=1610075373726&CODE_STATE=count HTTP/1.1" 200 11
180.157.253.48 - - [08/Jan/2021:11:09:33 +0800] "GET /xingrg/check_reg.html?_=1610075373728 HTTP/1.1" 200 22
180.157.253.48 - - [08/Jan/2021:11:09:33 +0800] "POST /xingrg/load_menu.html HTTP/1.1" 200 5138
117.185.32.26 - - [08/Jan/2021:11:09:33 +0800] "GET /xingrg/all/function/internal_message.html?_=1610075839459&CODE_STATE=getMsg HTTP/1.1" 200 27
117.131.5.26 - - [08/Jan/2021:11:09:35 +0800] "GET /xingrg/all/function/internal_message.html?_=1610075421283&CODE_STATE=getMsg HTTP/1.1" 200 27
180.157.253.48 - - [08/Jan/2021:11:09:35 +0800] "GET /xingrg/kc/buy/cgsh_order_list.html HTTP/1.1" 200 45647
222.69.138.28 - - [08/Jan/2021:11:09:36 +0800] "GET /xingrg/all/function/internal_message.html?_=1610075372030&CODE_STATE=getMsg HTTP/1.1" 200 27
180.157.253.48 - - [08/Jan/2021:11:09:37 +0800] "POST /xingrg/kc/buy/cgsh_list_operate.html HTTP/1.1" 200 1691
180.157.253.48 - - [08/Jan/2021:11:09:39 +0800] "POST /xingrg/kc/buy/cgsh_list_operate.html HTTP/1.1" 200 204
180.157.253.48 - - [08/Jan/2021:11:09:39 +0800] "GET /xingrg/kc/buy/cgsh_order_info.html?code=212021010803041 HTTP/1.1" 200 61395
180.157.253.48 - - [08/Jan/2021:11:09:40 +0800] "GET /xingrg/javascript/easyui/themes/default/validatebox.css HTTP/1.1" 404 1104
222.70.174.6 - - [08/Jan/2021:11:09:40 +0800] "GET /xingrg/check_reg.html?_=1610075381890 HTTP/1.1" 200 22
180.157.253.48 - - [08/Jan/2021:11:09:40 +0800] "POST /xingrg/kc/buy/cgsh_order_operate.html HTTP/1.1" 200 2658
222.70.174.6 - - [08/Jan/2021:11:09:40 +0800] "GET /xingrg/all/function/internal_message.html?_=1610075382018&CODE_STATE=getMsg HTTP/1.1" 200 27
180.157.253.48 - - [08/Jan/2021:11:09:42 +0800] "GET /xingrg/javascript/auto/indicator.gif HTTP/1.1" 404 1066
117.131.5.26 - - [08/Jan/2021:11:09:46 +0800] "GET /xingrg/kc/buy/cgsh_order_add.html HTTP/1.1" 200 61384
61.165.42.208 - - [08/Jan/2021:11:09:46 +0800] "GET /xingrg/all/function/internal_message.html?_=1610075366313&CODE_STATE=getMsg HTTP/1.1" 200 27
117.131.5.26 - - [08/Jan/2021:11:09:46 +0800] "GET /xingrg/javascript/easyui/themes/default/validatebox.css HTTP/1.1" 404 1104
117.131.5.26 - - [08/Jan/2021:11:09:46 +0800] "POST /xingrg/kc/buy/cgsh_order_operate.html HTTP/1.1" 200 8245
61.165.42.208 - - [08/Jan/2021:11:09:47 +0800] "POST /xingrg/kc/buy/cgsh_order_operate.html HTTP/1.1" 200 37
114.86.230.32 - - [08/Jan/2021:11:09:47 +0800] "GET /xingrg/all/function/internal_message.html?_=1610075384759&CODE_STATE=getMsg HTTP/1.1" 200 27
114.86.230.32 - - [08/Jan/2021:11:09:47 +0800] "GET /xingrg/check_reg.html?_=1610075384761 HTTP/1.1" 200 22
61.165.42.208 - - [08/Jan/2021:11:09:48 +0800] "POST /xingrg/kc/buy/cgsh_order_operate.html HTTP/1.1" 200 7084
114.86.230.32 - - [08/Jan/2021:11:09:49 +0800] "GET /xingrg/kc/buy/cgsh_order_operate.html?command=get_materiel&rest_code=00109&code=00101006130&supplier_code=00100015&order_time=2021-01-08 HTTP/1.1" 200 427
180.157.253.48 - - [08/Jan/2021:11:09:50 +0800] "POST /xingrg/kc/buy/cgsh_order_operate.html HTTP/1.1" 200 37
61.165.42.208 - - [08/Jan/2021:11:09:50 +0800] "GET /xingrg/kc/print/load_data.html?order_code=212021010803042&kc_code=cgsh&condition= HTTP/1.1" 200 2604
180.156.237.57 - - [08/Jan/2021:11:09:51 +0800] "GET /xingrg/all/function/internal_message.html?_=1610075389940&CODE_STATE=getMsg HTTP/1.1" 200 27
172.17.0.103 - - [08/Jan/2021:11:09:52 +0800] "GET /xingrg/all/function/internal_message.html?_=1610075391310&CODE_STATE=getMsg HTTP/1.1" 200 27
114.88.169.67 - - [08/Jan/2021:11:09:52 +0800] "GET /xingrg/all/function/internal_message.html?_=1610075387727&CODE_STATE=getMsg HTTP/1.1" 200 27
117.185.32.26 - - [08/Jan/2021:11:09:53 +0800] "GET /xingrg/all/function/internal_message.html?_=1610075385123&CODE_STATE=getMsg HTTP/1.1" 200 27
117.131.5.26 - - [08/Jan/2021:11:09:53 +0800] "GET /xingrg/javascript/easyui/themes/default/tree.css HTTP/1.1" 404 1090
117.131.5.26 - - [08/Jan/2021:11:09:53 +0800] "POST /xingrg/all/common/load_tree.html?tree=supplier_tree_json&isDelete=1 HTTP/1.1" 200 53432
180.157.253.48 - - [08/Jan/2021:11:09:54 +0800] "POST /xingrg/kc/buy/cgsh_order_operate.html HTTP/1.1" 200 12
172.17.200.101 - - [08/Jan/2021:11:09:54 +0800] "GET /xingrg/check_reg.html?_=1610075395670 HTTP/1.1" 200 22
172.17.200.101 - - [08/Jan/2021:11:09:54 +0800] "GET /xingrg/all/function/internal_message.html?_=1610075395674&CODE_STATE=getMsg HTTP/1.1" 200 27
180.156.237.57 - - [08/Jan/2021:11:09:55 +0800] "GET /xingrg/check_reg.html?_=1610075370506 HTTP/1.1" 200 22
180.156.237.57 - - [08/Jan/2021:11:09:56 +0800] "GET /xingrg/all/function/internal_message.html?_=1610075371198&CODE_STATE=getMsg HTTP/1.1" 200 27
58.37.230.33 - - [08/Jan/2021:11:09:58 +0800] "GET /xingrg/all/function/internal_message.html?_=1610075416016&CODE_STATE=getMsg HTTP/1.1" 200 27
222.69.138.28 - - [08/Jan/2021:11:09:58 +0800] "GET /xingrg/check_reg.html?_=1610075372829 HTTP/1.1" 200 22
61.165.42.208 - - [08/Jan/2021:11:10:02 +0800] "GET /xingrg/all/function/internal_message.html?_=1610075403298&CODE_STATE=getMsg HTTP/1.1" 200 27
183.192.164.214 - - [08/Jan/2021:11:10:02 +0800] "GET /xingrg/all/function/internal_message.html?_=1610074725390&CODE_STATE=getMsg HTTP/1.1" 302 -
114.86.230.32 - - [08/Jan/2021:11:10:04 +0800] "POST /xingrg/kc/buy/cgsh_order_operate.html HTTP/1.1" 200 37
222.69.133.109 - - [08/Jan/2021:11:10:05 +0800] "GET /xingrg/all/function/internal_message.html?_=1610075405045&CODE_STATE=getMsg HTTP/1.1" 200 27
114.86.230.32 - - [08/Jan/2021:11:10:05 +0800] "POST /xingrg/kc/buy/cgsh_order_operate.html HTTP/1.1" 200 8628
117.131.5.26 - - [08/Jan/2021:11:10:07 +0800] "GET /xingrg/kc/buy/cgsh_order_operate.html?command=get_materiel&rest_code=00104&code=00101006055&supplier_code=00100012&order_time=2021-01-08 HTTP/1.1" 200 409
58.40.7.146 - - [08/Jan/2021:11:10:07 +0800] "GET /xingrg/all/function/internal_message.html?_=1610075404888&CODE_STATE=getMsg HTTP/1.1" 200 27
180.175.150.119 - - [08/Jan/2021:11:10:10 +0800] "GET /xingrg/all/function/internal_message.html?_=1610075408079&CODE_STATE=getMsg HTTP/1.1" 200 27
114.86.230.32 - - [08/Jan/2021:11:10:10 +0800] "GET /xingrg/kc/print/load_config.html?kc_code=cgsh HTTP/1.1" 200 1845
114.86.230.32 - - [08/Jan/2021:11:10:10 +0800] "GET /xingrg/kc/print/load_data.html?order_code=212021010803043&kc_code=cgsh&condition= HTTP/1.1" 200 3037
180.157.253.48 - - [08/Jan/2021:11:10:10 +0800] "GET /xingrg/kc/buy/cgsh_order_info.html?code=212021010803041 HTTP/1.1" 200 56289
183.192.164.214 - - [08/Jan/2021:11:10:10 +0800] "GET /xingrg/login.html HTTP/1.1" 200 7641
180.157.253.48 - - [08/Jan/2021:11:10:11 +0800] "GET /xingrg/javascript/easyui/themes/default/validatebox.css HTTP/1.1" 404 1104
180.157.253.48 - - [08/Jan/2021:11:10:11 +0800] "POST /xingrg/kc/buy/cgsh_order_operate.html HTTP/1.1" 200 608
172.17.0.120 - - [08/Jan/2021:11:10:14 +0800] "GET /xingrg/all/function/internal_message.html?_=1610075410990&CODE_STATE=getMsg HTTP/1.1" 200 27
120.253.135.82 - - [08/Jan/2021:11:10:14 +0800] "GET /xingrg/all/function/internal_message.html?_=1610075450889&CODE_STATE=getMsg HTTP/1.1" 200 27
180.157.253.48 - - [08/Jan/2021:11:10:16 +0800] "GET /xingrg/kc/buy/cgsh_order_add.html HTTP/1.1" 200 61384
120.204.169.30 - - [08/Jan/2021:11:10:16 +0800] "GET /xingrg/all/function/internal_message.html?_=1610075412592&CODE_STATE=getMsg HTTP/1.1" 200 27
180.157.253.48 - - [08/Jan/2021:11:10:16 +0800] "POST /xingrg/kc/buy/cgsh_order_operate.html HTTP/1.1" 200 8245
180.157.253.48 - - [08/Jan/2021:11:10:17 +0800] "GET /xingrg/javascript/easyui/themes/default/validatebox.css HTTP/1.1" 404 1104
61.165.42.208 - - [08/Jan/2021:11:10:18 +0800] "GET /xingrg/kc/buy/cgsh_order_add.html HTTP/1.1" 200 61425
61.165.42.208 - - [08/Jan/2021:11:10:19 +0800] "GET /xingrg/javascript/easyui/themes/default/validatebox.css HTTP/1.1" 404 1104
61.165.42.208 - - [08/Jan/2021:11:10:19 +0800] "POST /xingrg/kc/buy/cgsh_order_operate.html HTTP/1.1" 200 8245
114.86.230.32 - - [08/Jan/2021:11:10:20 +0800] "GET /xingrg/kc/buy/cgsh_order_add.html HTTP/1.1" 200 61425
114.86.230.32 - - [08/Jan/2021:11:10:20 +0800] "POST /xingrg/kc/buy/cgsh_order_operate.html HTTP/1.1" 200 8245
114.86.230.32 - - [08/Jan/2021:11:10:20 +0800] "GET /xingrg/all/common/auto_word.html?type=employee&rest_code=00109 HTTP/1.1" 200 205
114.86.230.32 - - [08/Jan/2021:11:10:20 +0800] "GET /xingrg/javascript/easyui/themes/default/validatebox.css HTTP/1.1" 404 1104
114.86.230.32 - - [08/Jan/2021:11:10:20 +0800] "GET /xingrg/all/common/auto_word.html?type=employee&rest_code=00109 HTTP/1.1" 200 205
116.228.172.94 - - [08/Jan/2021:11:10:22 +0800] "GET /xingrg/all/function/internal_message.html?_=1610075412755&CODE_STATE=getMsg HTTP/1.1" 200 27
180.162.108.15 - - [08/Jan/2021:11:10:22 +0800] "GET /xingrg/all/function/internal_message.html?_=1610075294124&CODE_STATE=getMsg HTTP/1.1" 200 27
172.17.0.108 - - [08/Jan/2021:11:10:23 +0800] "GET /xingrg/all/function/internal_message.html?_=1610075421047&CODE_STATE=getMsg HTTP/1.1" 200 27
180.157.253.48 - - [08/Jan/2021:11:10:25 +0800] "GET /xingrg/kc/buy/cgsh_order_operate.html?command=get_materiel&rest_code=00148&code=00101007168&supplier_code=00100326&order_time=2021-01-08 HTTP/1.1" 200 396
183.192.164.214 - - [08/Jan/2021:11:10:25 +0800] "GET /xingrg/kc/buy/cgsh_order_info.html?code=212021010803032 HTTP/1.1" 302 -
114.86.230.32 - - [08/Jan/2021:11:10:28 +0800] "GET /xingrg/kc/buy/cgsh_order_add.html HTTP/1.1" 200 61425
114.86.230.32 - - [08/Jan/2021:11:10:28 +0800] "POST /xingrg/kc/buy/cgsh_order_operate.html HTTP/1.1" 200 8245
114.86.230.32 - - [08/Jan/2021:11:10:28 +0800] "GET /xingrg/all/common/auto_word.html?type=employee&rest_code=00109 HTTP/1.1" 200 205
114.86.230.32 - - [08/Jan/2021:11:10:28 +0800] "GET /xingrg/all/common/auto_word.html?type=employee&rest_code=00109 HTTP/1.1" 200 205
114.86.230.32 - - [08/Jan/2021:11:10:28 +0800] "GET /xingrg/javascript/easyui/themes/default/validatebox.css HTTP/1.1" 404 1104
183.192.164.214 - - [08/Jan/2021:11:10:29 +0800] "GET /xingrg/login.html HTTP/1.1" 200 7641
183.192.164.97 - - [08/Jan/2021:11:10:31 +0800] "GET /xingrg/kc/print/load_data.html?order_code=212021010803032&kc_code=cgsh&condition= HTTP/1.1" 302 -
180.175.150.119 - - [08/Jan/2021:11:10:32 +0800] "GET /xingrg/all/function/internal_message.html?_=1610075666915&CODE_STATE=getMsg HTTP/1.1" 200 27
180.157.253.48 - - [08/Jan/2021:11:10:33 +0800] "GET /xingrg/all/function/internal_message.html?_=1610075433729&CODE_STATE=getMsg HTTP/1.1" 200 27
117.185.32.26 - - [08/Jan/2021:11:10:33 +0800] "GET /xingrg/all/function/internal_message.html?_=1610075899442&CODE_STATE=getMsg HTTP/1.1" 200 27
117.185.32.26 - - [08/Jan/2021:11:10:33 +0800] "GET /xingrg/check_reg.html?_=1610075900035 HTTP/1.1" 200 22
180.157.253.48 - - [08/Jan/2021:11:10:34 +0800] "POST /xingrg/kc/buy/cgsh_order_operate.html HTTP/1.1" 200 37
117.131.5.26 - - [08/Jan/2021:11:10:35 +0800] "GET /xingrg/all/function/internal_message.html?_=1610075481310&CODE_STATE=getMsg HTTP/1.1" 200 27
117.131.5.26 - - [08/Jan/2021:11:10:35 +0800] "GET /xingrg/check_reg.html?_=1610075481311 HTTP/1.1" 200 22
114.86.230.32 - - [08/Jan/2021:11:10:37 +0800] "GET /xingrg/kc/buy/cgsh_order_operate.html?command=get_materiel&rest_code=00109&code=00101007081&supplier_code=00100004&order_time=2021-01-08 HTTP/1.1" 200 413
222.70.174.6 - - [08/Jan/2021:11:10:40 +0800] "GET /xingrg/all/function/internal_message.html?_=1610075442030&CODE_STATE=getMsg HTTP/1.1" 200 27
183.192.164.97 - - [08/Jan/2021:11:10:41 +0800] "GET /xingrg/login.html HTTP/1.1" 200 7641
117.131.5.26 - - [08/Jan/2021:11:10:46 +0800] "GET /xingrg/kc/buy/cgsh_order_operate.html?command=get_materiel&rest_code=00104&code=00101006255&supplier_code=00100012&order_time=2021-01-08 HTTP/1.1" 200 396
61.165.42.208 - - [08/Jan/2021:11:10:46 +0800] "GET /xingrg/all/function/internal_message.html?_=1610075426301&CODE_STATE=getMsg HTTP/1.1" 200 27
114.86.230.32 - - [08/Jan/2021:11:10:47 +0800] "GET /xingrg/all/function/internal_message.html?_=1610075444765&CODE_STATE=getMsg HTTP/1.1" 200 27
114.86.230.32 - - [08/Jan/2021:11:10:47 +0800] "GET /xingrg/kc/buy/cgsh_order_operate.html?command=get_materiel&rest_code=00109&code=00101007059&supplier_code=00100004&order_time=2021-01-08 HTTP/1.1" 200 409
172.17.0.103 - - [08/Jan/2021:11:10:49 +0800] "GET /xingrg/check_reg.html?_=1610075448196 HTTP/1.1" 200 22
114.88.169.67 - - [08/Jan/2021:11:10:50 +0800] "GET /xingrg/check_reg.html?_=1610075445997 HTTP/1.1" 200 22
180.156.237.57 - - [08/Jan/2021:11:10:51 +0800] "GET /xingrg/all/function/internal_message.html?_=1610075449951&CODE_STATE=getMsg HTTP/1.1" 200 27
172.17.0.103 - - [08/Jan/2021:11:10:52 +0800] "GET /xingrg/all/function/internal_message.html?_=1610075451286&CODE_STATE=getMsg HTTP/1.1" 200 27
114.88.169.67 - - [08/Jan/2021:11:10:52 +0800] "GET /xingrg/all/function/internal_message.html?_=1610075447742&CODE_STATE=getMsg HTTP/1.1" 200 27
117.185.32.26 - - [08/Jan/2021:11:10:53 +0800] "GET /xingrg/all/function/internal_message.html?_=1610075445104&CODE_STATE=getMsg HTTP/1.1" 200 27
172.17.200.101 - - [08/Jan/2021:11:10:54 +0800] "GET /xingrg/all/function/internal_message.html?_=1610075455676&CODE_STATE=getMsg HTTP/1.1" 200 27
180.156.237.57 - - [08/Jan/2021:11:10:56 +0800] "GET /xingrg/all/function/internal_message.html?_=1610075431212&CODE_STATE=getMsg HTTP/1.1" 200 27
114.86.230.32 - - [08/Jan/2021:11:10:56 +0800] "GET /xingrg/kc/buy/cgsh_order_operate.html?command=get_materiel&rest_code=00109&code=00101007125&supplier_code=00100004&order_time=2021-01-08 HTTP/1.1" 200 406
58.37.230.33 - - [08/Jan/2021:11:10:58 +0800] "GET /xingrg/all/function/internal_message.html?_=1610075475991&CODE_STATE=getMsg HTTP/1.1" 200 27
120.204.17.73 - - [08/Jan/2021:11:11:01 +0800] "GET /xingrg/all/function/internal_message.html?_=1610074785364&CODE_STATE=getMsg HTTP/1.1" 302 -
