117.131.5.26 - - [08/Jan/2021:11:22:20 +0800] "GET /xingrg/javascript/convert.js HTTP/1.1" 304 -
117.131.5.26 - - [08/Jan/2021:11:22:20 +0800] "GET /xingrg/words/20210107131902_words.js HTTP/1.1" 304 -
120.204.169.30 - - [08/Jan/2021:11:22:20 +0800] "GET /xingrg/kc/base/crk_hz.html?_=1610076136743&command=get_cost_id&end_date=2020-12-31&start_date=2020-12-01 HTTP/1.1" 200 51
120.204.169.30 - - [08/Jan/2021:11:22:20 +0800] "GET /xingrg/dwr/interface/AjaxReportQueryService.js HTTP/1.1" 200 13203
120.204.169.30 - - [08/Jan/2021:11:22:20 +0800] "GET /xingrg/all/report/report_query.html?isQuery=1&onlyBody=1&rh=99999&rw=1800&varString=start:20201201,cost_id:2952,mid:20201201&fileName=kc/base/crk_hz_type_by_base.xml&queryString=&queryText=ÈÕÆÚ£º2020-12-01ÖÁ2020-12-31&tableQueryString=materiel_table$sp1$$sp$before_table$sp1$$sp$crk_table$sp1$order_day%20between%2020201201%20and%2020201231 HTTP/1.1" 200 49363
120.204.169.30 - - [08/Jan/2021:11:22:20 +0800] "GET /xingrg/dwr/engine.js HTTP/1.1" 200 43631
222.69.138.28 - - [08/Jan/2021:11:22:21 +0800] "GET /xingrg/kc/buy/cgsh_order_add.html HTTP/1.1" 200 61431
222.69.138.28 - - [08/Jan/2021:11:22:21 +0800] "POST /xingrg/kc/buy/cgsh_order_operate.html HTTP/1.1" 200 8245
222.69.138.28 - - [08/Jan/2021:11:22:21 +0800] "GET /xingrg/javascript/easyui/themes/default/validatebox.css HTTP/1.1" 404 1104
120.204.169.30 - - [08/Jan/2021:11:22:21 +0800] "POST /xingrg/all/report/load_report_page.html HTTP/1.1" 200 335048
120.204.169.30 - - [08/Jan/2021:11:22:21 +0800] "GET /xingrg/servlets/image?cache=0.13077151632980222&image=px HTTP/1.1" 200 807
180.162.108.15 - - [08/Jan/2021:11:22:22 +0800] "GET /xingrg/all/function/internal_message.html?_=1610076014129&CODE_STATE=getMsg HTTP/1.1" 200 27
180.162.108.15 - - [08/Jan/2021:11:22:22 +0800] "GET /xingrg/check_reg.html?_=1610076014132 HTTP/1.1" 200 22
172.17.0.108 - - [08/Jan/2021:11:22:23 +0800] "GET /xingrg/all/function/internal_message.html?_=1610076141045&CODE_STATE=getMsg HTTP/1.1" 200 27
116.228.172.94 - - [08/Jan/2021:11:22:23 +0800] "GET /xingrg/all/function/internal_message.html?_=1610076133703&CODE_STATE=getMsg HTTP/1.1" 200 27
61.165.42.208 - - [08/Jan/2021:11:22:25 +0800] "GET /xingrg/kc/buy/cgsh_order_operate.html?command=get_materiel&rest_code=00105&code=00101014079&supplier_code=00100211&order_time=2021-01-08 HTTP/1.1" 200 413
180.157.253.48 - - [08/Jan/2021:11:22:25 +0800] "POST /xingrg/kc/buy/cgsh_order_operate.html HTTP/1.1" 200 12
180.157.253.48 - - [08/Jan/2021:11:22:26 +0800] "GET /xingrg/kc/buy/cgsh_order_info.html?code=212021010803078 HTTP/1.1" 200 56291
120.204.169.30 - - [08/Jan/2021:11:22:26 +0800] "GET /xingrg/javascript/jquery_easy_ui/themes/default/images/panel_tools.gif HTTP/1.1" 200 737
120.204.169.30 - - [08/Jan/2021:11:22:26 +0800] "GET /xingrg/javascript/jquery_easy_ui/themes/icons/ok.png HTTP/1.1" 200 883
120.204.169.30 - - [08/Jan/2021:11:22:26 +0800] "GET /xingrg/javascript/jquery_easy_ui/themes/default/images/panel_title.png HTTP/1.1" 200 266
117.131.5.26 - - [08/Jan/2021:11:22:26 +0800] "GET /xingrg/kc/buy/cgsh_order_operate.html?command=get_materiel&rest_code=00104&code=00101003004&supplier_code=00100093&order_time=2021-01-08 HTTP/1.1" 200 421
180.157.253.48 - - [08/Jan/2021:11:22:27 +0800] "GET /xingrg/javascript/easyui/themes/default/validatebox.css HTTP/1.1" 404 1104
180.157.253.48 - - [08/Jan/2021:11:22:27 +0800] "POST /xingrg/kc/buy/cgsh_order_operate.html HTTP/1.1" 200 1202
116.228.172.94 - - [08/Jan/2021:11:22:28 +0800] "POST /xingrg/kc/buy/cgsh_order_operate.html HTTP/1.1" 200 37
120.204.169.30 - - [08/Jan/2021:11:22:29 +0800] "POST /xingrg/all/user/operate.html HTTP/1.1" 200 36
120.204.169.30 - - [08/Jan/2021:11:22:29 +0800] "GET /xingrg/index.html?sysBaseUrl=http%3A%2F%2F180.169.147.146%3A18081%2Fxingrg%2F&costTime=42×tamp=1610074695976 HTTP/1.1" 200 17503
120.204.169.30 - - [08/Jan/2021:11:22:29 +0800] "GET /xingrg/javascript/jquery_easy_ui/themes/default/easyui.css HTTP/1.1" 304 -
120.204.169.30 - - [08/Jan/2021:11:22:29 +0800] "GET /xingrg/javascript/jquery_easy_ui/themes/icon.css HTTP/1.1" 304 -
120.204.169.30 - - [08/Jan/2021:11:22:29 +0800] "GET /xingrg/css/form.css HTTP/1.1" 304 -
120.204.169.30 - - [08/Jan/2021:11:22:29 +0800] "GET /xingrg/javascript/jquery-1.4.2.min.js HTTP/1.1" 304 -
120.204.169.30 - - [08/Jan/2021:11:22:29 +0800] "GET /xingrg/javascript/jquery_easy_ui/jquery.easyui.min.js HTTP/1.1" 304 -
120.204.169.30 - - [08/Jan/2021:11:22:29 +0800] "GET /xingrg/javascript/jquery_easy_ui/easyui-lang-zh_CN.js HTTP/1.1" 304 -
120.204.169.30 - - [08/Jan/2021:11:22:29 +0800] "GET /xingrg/javascript/jquery.form.js HTTP/1.1" 304 -
120.204.169.30 - - [08/Jan/2021:11:22:29 +0800] "GET /xingrg/javascript/jquery.utils.js HTTP/1.1" 304 -
120.204.169.30 - - [08/Jan/2021:11:22:29 +0800] "GET /xingrg/javascript/jquery.timers.js HTTP/1.1" 304 -
120.204.169.30 - - [08/Jan/2021:11:22:29 +0800] "GET /xingrg/images/blue/jxLogo.png HTTP/1.1" 304 -
120.204.169.30 - - [08/Jan/2021:11:22:29 +0800] "POST /xingrg/all/common/load_tree.html?tree=area_rest_tree_json&manage=1 HTTP/1.1" 200 3344
120.204.169.30 - - [08/Jan/2021:11:22:29 +0800] "GET /xingrg/all/function/internal_message.html?_=1610076145659&CODE_STATE=count HTTP/1.1" 200 11
120.204.169.30 - - [08/Jan/2021:11:22:29 +0800] "GET /xingrg/javascript/jquery_easy_ui/themes/default/images/panel_tool_collapse.gif HTTP/1.1" 304 -
120.204.169.30 - - [08/Jan/2021:11:22:29 +0800] "GET /xingrg/javascript/jquery_easy_ui/themes/default/images/panel_tool_expand.gif HTTP/1.1" 304 -
120.204.169.30 - - [08/Jan/2021:11:22:29 +0800] "GET /xingrg/check_reg.html?_=1610076145659 HTTP/1.1" 200 22
120.204.169.30 - - [08/Jan/2021:11:22:29 +0800] "GET /xingrg/javascript/jquery_easy_ui/themes/default/images/tabs_rightarrow.png HTTP/1.1" 304 -
120.204.169.30 - - [08/Jan/2021:11:22:29 +0800] "GET /xingrg/javascript/jquery_easy_ui/themes/default/images/tabs_leftarrow.png HTTP/1.1" 304 -
120.204.169.30 - - [08/Jan/2021:11:22:29 +0800] "GET /xingrg/images/blue/pingpu.png HTTP/1.1" 304 -
120.204.169.30 - - [08/Jan/2021:11:22:29 +0800] "GET /xingrg/javascript/jquery_easy_ui/themes/icons/settle_new.png HTTP/1.1" 304 -
120.204.169.30 - - [08/Jan/2021:11:22:29 +0800] "GET /xingrg/images/blue/navBackgound.jpg HTTP/1.1" 304 -
120.204.169.30 - - [08/Jan/2021:11:22:29 +0800] "GET /xingrg/javascript/jquery_easy_ui/themes/icons/area.png HTTP/1.1" 304 -
120.204.169.30 - - [08/Jan/2021:11:22:29 +0800] "GET /xingrg/javascript/jquery_easy_ui/themes/default/images/tree_folder_open.gif HTTP/1.1" 304 -
120.204.169.30 - - [08/Jan/2021:11:22:29 +0800] "GET /xingrg/javascript/jquery_easy_ui/themes/default/images/tree_arrows.gif HTTP/1.1" 304 -
120.204.169.30 - - [08/Jan/2021:11:22:29 +0800] "GET /xingrg/javascript/jquery_easy_ui/themes/icons/manage.png HTTP/1.1" 304 -
120.204.169.30 - - [08/Jan/2021:11:22:29 +0800] "GET /xingrg/javascript/jquery_easy_ui/themes/icons/rest.png HTTP/1.1" 304 -
120.204.169.30 - - [08/Jan/2021:11:22:29 +0800] "POST /xingrg/load_menu.html HTTP/1.1" 200 9959
180.175.150.119 - - [08/Jan/2021:11:22:29 +0800] "GET /xingrg/kc/base/wldb_order_operate.html?command=get_materiel&rest_code=00102&base_code=0010476&code=00101019195 HTTP/1.1" 200 460
222.69.138.28 - - [08/Jan/2021:11:22:30 +0800] "GET /xingrg/kc/buy/cgsh_order_operate.html?command=get_materiel&rest_code=00149&code=00101001138&supplier_code=00100430&order_time=2021-01-08 HTTP/1.1" 200 434
180.157.253.48 - - [08/Jan/2021:11:22:30 +0800] "GET /xingrg/kc/print/load_data.html?order_code=212021010803078&kc_code=cgsh&condition= HTTP/1.1" 200 997
116.228.172.94 - - [08/Jan/2021:11:22:30 +0800] "POST /xingrg/kc/buy/cgsh_order_operate.html HTTP/1.1" 200 2660
120.204.169.30 - - [08/Jan/2021:11:22:32 +0800] "GET /xingrg/kc/report/report_main.html HTTP/1.1" 200 7345
116.228.172.94 - - [08/Jan/2021:11:22:32 +0800] "GET /xingrg/kc/print/load_data.html?order_code=212021010803079&kc_code=cgsh&condition= HTTP/1.1" 200 739
114.88.169.67 - - [08/Jan/2021:11:22:32 +0800] "GET /xingrg/kc/buy/cgsh_order_operate.html?command=get_materiel&rest_code=00111&code=00101009112&supplier_code=00100037&order_time=2021-01-08 HTTP/1.1" 200 411
120.204.169.30 - - [08/Jan/2021:11:22:33 +0800] "GET /xingrg/kc/base/crk_hz.html HTTP/1.1" 200 11247
117.185.32.26 - - [08/Jan/2021:11:22:33 +0800] "GET /xingrg/all/function/internal_message.html?_=1610076619276&CODE_STATE=getMsg HTTP/1.1" 200 27
120.204.169.30 - - [08/Jan/2021:11:22:33 +0800] "POST /xingrg/kc/cost/cost_operate.html?command=get_base_tree HTTP/1.1" 200 2450
120.204.169.30 - - [08/Jan/2021:11:22:33 +0800] "POST /xingrg/all/common/load_tree.html?tree=materiel_sort_tree_json HTTP/1.1" 200 8666
180.157.253.48 - - [08/Jan/2021:11:22:33 +0800] "GET /xingrg/all/function/internal_message.html?_=1610076153963&CODE_STATE=getMsg HTTP/1.1" 200 27
222.70.174.6 - - [08/Jan/2021:11:22:33 +0800] "GET /xingrg/kc/buy/cgsh_order_operate.html?command=get_materiel&rest_code=00146&code=00101009021&supplier_code=00100023&order_time=2021-01-08 HTTP/1.1" 200 416
180.175.150.119 - - [08/Jan/2021:11:22:33 +0800] "GET /xingrg/all/function/internal_message.html?_=1610076387625&CODE_STATE=getMsg HTTP/1.1" 200 27
117.131.5.26 - - [08/Jan/2021:11:22:34 +0800] "GET /xingrg/javascript/easyui/themes/default/images/button_plain_hover.png HTTP/1.1" 304 -
117.131.5.26 - - [08/Jan/2021:11:22:34 +0800] "GET /xingrg/javascript/easyui/themes/default/images/button_plain_hover.png HTTP/1.1" 304 -
117.131.5.26 - - [08/Jan/2021:11:22:34 +0800] "GET /xingrg/javascript/easyui/themes/default/images/button_plain_hover.png HTTP/1.1" 304 -
117.131.5.26 - - [08/Jan/2021:11:22:34 +0800] "GET /xingrg/javascript/easyui/themes/default/images/button_plain_hover.png HTTP/1.1" 304 -
117.131.5.26 - - [08/Jan/2021:11:22:34 +0800] "GET /xingrg/javascript/easyui/themes/default/images/button_plain_hover.png HTTP/1.1" 304 -
117.131.5.26 - - [08/Jan/2021:11:22:34 +0800] "GET /xingrg/javascript/easyui/themes/default/images/button_plain_hover.png HTTP/1.1" 304 -
117.131.5.26 - - [08/Jan/2021:11:22:34 +0800] "GET /xingrg/javascript/easyui/themes/default/images/button_plain_hover.png HTTP/1.1" 304 -
117.131.5.26 - - [08/Jan/2021:11:22:34 +0800] "GET /xingrg/javascript/easyui/themes/default/images/button_plain_hover.png HTTP/1.1" 304 -
117.131.5.26 - - [08/Jan/2021:11:22:35 +0800] "GET /xingrg/all/function/internal_message.html?_=1610076201312&CODE_STATE=getMsg HTTP/1.1" 200 27
120.204.169.30 - - [08/Jan/2021:11:22:35 +0800] "GET /xingrg/all/common/get_data_part.html?part=previousMonth&_=1610076151089 HTTP/1.1" 200 41
117.131.5.26 - - [08/Jan/2021:11:22:35 +0800] "GET /xingrg/javascript/easyui/themes/default/images/button_plain_hover.png HTTP/1.1" 304 -
120.204.169.30 - - [08/Jan/2021:11:22:36 +0800] "GET /xingrg/kc/base/crk_hz.html?_=1610076152159&command=get_cost_id&end_date=2020-12-31&start_date=2020-12-01 HTTP/1.1" 200 51
180.157.253.48 - - [08/Jan/2021:11:22:36 +0800] "GET /xingrg/kc/buy/cgsh_order_add.html HTTP/1.1" 200 61384
120.204.169.30 - - [08/Jan/2021:11:22:36 +0800] "GET /xingrg/dwr/interface/AjaxReportQueryService.js HTTP/1.1" 200 13203
120.204.169.30 - - [08/Jan/2021:11:22:36 +0800] "GET /xingrg/all/report/report_query.html?isQuery=1&onlyBody=1&rh=99999&rw=1800&varString=start:20201201,cost_id:2937,mid:20201201&fileName=kc/base/crk_hz_type_by_base.xml&queryString=&queryText=ÈÕÆÚ£º2020-12-01ÖÁ2020-12-31&tableQueryString=materiel_table$sp1$$sp$before_table$sp1$$sp$crk_table$sp1$order_day%20between%2020201201%20and%2020201231 HTTP/1.1" 200 49363
120.204.169.30 - - [08/Jan/2021:11:22:36 +0800] "GET /xingrg/dwr/engine.js HTTP/1.1" 200 43631
222.69.138.28 - - [08/Jan/2021:11:22:36 +0800] "GET /xingrg/all/function/internal_message.html?_=1610076151852&CODE_STATE=getMsg HTTP/1.1" 200 27
180.157.253.48 - - [08/Jan/2021:11:22:37 +0800] "POST /xingrg/kc/buy/cgsh_order_operate.html HTTP/1.1" 200 8245
180.157.253.48 - - [08/Jan/2021:11:22:37 +0800] "GET /xingrg/javascript/easyui/themes/default/validatebox.css HTTP/1.1" 404 1104
180.175.150.119 - - [08/Jan/2021:11:22:37 +0800] "GET /xingrg/kc/base/wldb_order_operate.html?command=get_materiel&rest_code=00102&base_code=0010476&code=00101027001 HTTP/1.1" 200 471
117.131.5.26 - - [08/Jan/2021:11:22:37 +0800] "POST /xingrg/kc/buy/cgsh_order_operate.html HTTP/1.1" 200 37
120.204.169.30 - - [08/Jan/2021:11:22:38 +0800] "POST /xingrg/all/report/load_report_page.html HTTP/1.1" 200 764718
120.204.169.30 - - [08/Jan/2021:11:22:38 +0800] "GET /xingrg/servlets/image?cache=0.31866757584429783&image=px HTTP/1.1" 200 807
117.131.5.26 - - [08/Jan/2021:11:22:40 +0800] "POST /xingrg/kc/buy/cgsh_order_operate.html HTTP/1.1" 200 2669
114.88.169.67 - - [08/Jan/2021:11:22:40 +0800] "POST /xingrg/kc/buy/cgsh_order_operate.html HTTP/1.1" 200 2065
222.70.174.6 - - [08/Jan/2021:11:22:40 +0800] "GET /xingrg/all/function/internal_message.html?_=1610076162240&CODE_STATE=getMsg HTTP/1.1" 200 27
117.131.5.26 - - [08/Jan/2021:11:22:41 +0800] "GET /xingrg/javascript/easyui/themes/default/images/button_plain_hover.png HTTP/1.1" 304 -
117.131.5.26 - - [08/Jan/2021:11:22:41 +0800] "GET /xingrg/javascript/easyui/themes/default/images/button_plain_hover.png HTTP/1.1" 304 -
117.131.5.26 - - [08/Jan/2021:11:22:41 +0800] "GET /xingrg/javascript/easyui/themes/default/images/button_plain_hover.png HTTP/1.1" 304 -
117.131.5.26 - - [08/Jan/2021:11:22:41 +0800] "GET /xingrg/javascript/easyui/themes/default/images/button_plain_hover.png HTTP/1.1" 304 -
117.131.5.26 - - [08/Jan/2021:11:22:41 +0800] "GET /xingrg/javascript/easyui/themes/default/images/button_plain_hover.png HTTP/1.1" 304 -
117.131.5.26 - - [08/Jan/2021:11:22:41 +0800] "GET /xingrg/javascript/easyui/themes/default/images/button_plain_hover.png HTTP/1.1" 304 -
222.69.138.28 - - [08/Jan/2021:11:22:41 +0800] "GET /xingrg/kc/buy/cgsh_order_operate.html?command=get_materiel&rest_code=00149&code=00101001039&supplier_code=00100430&order_time=2021-01-08 HTTP/1.1" 200 424
117.131.5.26 - - [08/Jan/2021:11:22:41 +0800] "GET /xingrg/javascript/easyui/themes/default/images/button_plain_hover.png HTTP/1.1" 304 -
117.131.5.26 - - [08/Jan/2021:11:22:41 +0800] "GET /xingrg/javascript/easyui/themes/default/images/button_plain_hover.png HTTP/1.1" 304 -
120.204.169.30 - - [08/Jan/2021:11:22:41 +0800] "GET /xingrg/all/report/report_query.html?isQuery=1&fileName=kc/base/crk_detail_by_small.xml&rh=99999&queryString=&queryText=%25E3%2580%2590%25E4%25BB%2593%25E5%25BA%2593%25E5%2590%258D%25E7%25A7%25B0%253A%25E6%25A5%25BC%25E9%259D%25A2%25E3%2580%2591%25E3%2580%2590%25E4%25B8%259A%25E5%258A%25A1%25E7%25B1%25BB%25E5%259E%258B%25EF%25BC%259A%25E9%2587%2587%25E8%25B4%25AD%25E5%2585%25A5%25E5%25BA%2593%25E3%2580%2591%2520%253F%253F%253F%253F%253F2020-12-01%253F%253F2020-12-31&tableQueryString=crk_table%2524sp1%2524order_day%2520between%252020201201%2520and%252020201231%2520and%2520(base_code%253D'0010244')%2520and%2520(src_order_type%2520in%2520(21))%2520and%2520(is_rk%2520in%2520(1)) HTTP/1.1" 200 53762
120.204.169.30 - - [08/Jan/2021:11:22:41 +0800] "GET /xingrg/dwr/interface/AjaxReportQueryService.js HTTP/1.1" 200 13203
120.204.169.30 - - [08/Jan/2021:11:22:41 +0800] "GET /xingrg/dwr/engine.js HTTP/1.1" 200 43631
117.131.5.26 - - [08/Jan/2021:11:22:42 +0800] "GET /xingrg/kc/print/load_config.html?kc_code=cgsh HTTP/1.1" 200 1845
120.204.169.30 - - [08/Jan/2021:11:22:42 +0800] "POST /xingrg/all/report/load_report_page.html HTTP/1.1" 200 30297
120.204.169.30 - - [08/Jan/2021:11:22:42 +0800] "GET /xingrg/servlets/image?cache=0.9944413470778048&image=px HTTP/1.1" 200 807
117.131.5.26 - - [08/Jan/2021:11:22:42 +0800] "GET /xingrg/kc/print/load_data.html?order_code=212021010803080&kc_code=cgsh&condition= HTTP/1.1" 200 736
180.175.150.119 - - [08/Jan/2021:11:22:43 +0800] "GET /xingrg/kc/base/wldb_order_operate.html?command=get_materiel&rest_code=00102&base_code=0010476&code=00101019315 HTTP/1.1" 200 461
61.165.42.208 - - [08/Jan/2021:11:22:46 +0800] "GET /xingrg/all/function/internal_message.html?_=1610076146330&CODE_STATE=getMsg HTTP/1.1" 200 27
61.165.42.208 - - [08/Jan/2021:11:22:46 +0800] "GET /xingrg/check_reg.html?_=1610076146331 HTTP/1.1" 200 22
114.86.230.32 - - [08/Jan/2021:11:22:47 +0800] "GET /xingrg/all/function/internal_message.html?_=1610076164798&CODE_STATE=getMsg HTTP/1.1" 200 27
120.204.169.30 - - [08/Jan/2021:11:22:47 +0800] "GET /xingrg/javascript/jquery_easy_ui/themes/default/images/tabs_active.png HTTP/1.1" 200 2894
222.70.174.6 - - [08/Jan/2021:11:22:47 +0800] "POST /xingrg/kc/buy/cgsh_order_operate.html HTTP/1.1" 200 37
180.157.253.48 - - [08/Jan/2021:11:22:47 +0800] "GET /xingrg/kc/buy/cgsh_order_operate.html?command=get_materiel&rest_code=00148&code=00101009034&supplier_code=00100335&order_time=2021-01-08 HTTP/1.1" 200 428
117.131.5.26 - - [08/Jan/2021:11:22:49 +0800] "GET /xingrg/javascript/easyui/themes/default/images/button_plain_hover.png HTTP/1.1" 304 -
117.131.5.26 - - [08/Jan/2021:11:22:49 +0800] "GET /xingrg/javascript/easyui/themes/default/images/button_plain_hover.png HTTP/1.1" 304 -
117.131.5.26 - - [08/Jan/2021:11:22:49 +0800] "GET /xingrg/javascript/easyui/themes/default/images/button_plain_hover.png HTTP/1.1" 304 -
222.70.174.6 - - [08/Jan/2021:11:22:49 +0800] "POST /xingrg/kc/buy/cgsh_order_operate.html HTTP/1.1" 200 5027
117.131.5.26 - - [08/Jan/2021:11:22:49 +0800] "GET /xingrg/css/base.css HTTP/1.1" 304 -
117.131.5.26 - - [08/Jan/2021:11:22:49 +0800] "GET /xingrg/css/site.css HTTP/1.1" 304 -
117.131.5.26 - - [08/Jan/2021:11:22:49 +0800] "GET /xingrg/javascript/jquery_tools/datebox.css HTTP/1.1" 304 -
117.131.5.26 - - [08/Jan/2021:11:22:49 +0800] "GET /xingrg/javascript/easyui/themes/default/easyui.css HTTP/1.1" 304 -
117.131.5.26 - - [08/Jan/2021:11:22:49 +0800] "GET /xingrg/javascript/jquery_tools/fix.css HTTP/1.1" 304 -
117.131.5.26 - - [08/Jan/2021:11:22:49 +0800] "GET /xingrg/javascript/jquery_tools/jquery.tools.hotkey.js HTTP/1.1" 304 -
117.131.5.26 - - [08/Jan/2021:11:22:49 +0800] "GET /xingrg/javascript/auto/jquery.autocomplete.css HTTP/1.1" 304 -
117.131.5.26 - - [08/Jan/2021:11:22:49 +0800] "GET /xingrg/javascript/jquery_tools/jquery.tools.extend.js HTTP/1.1" 304 -
117.131.5.26 - - [08/Jan/2021:11:22:49 +0800] "GET /xingrg/javascript/jquery_tools/jquery.tools.min.js HTTP/1.1" 304 -
117.131.5.26 - - [08/Jan/2021:11:22:49 +0800] "GET /xingrg/javascript/easyui/themes/icon.css HTTP/1.1" 304 -
117.131.5.26 - - [08/Jan/2021:11:22:49 +0800] "GET /xingrg/javascript/jquery_tools/table.css HTTP/1.1" 304 -
117.131.5.26 - - [08/Jan/2021:11:22:49 +0800] "GET /xingrg/javascript/pic_change.js HTTP/1.1" 304 -
117.131.5.26 - - [08/Jan/2021:11:22:49 +0800] "GET /xingrg/javascript/jquery_tools/jquery.tools.table.js HTTP/1.1" 304 -
117.131.5.26 - - [08/Jan/2021:11:22:49 +0800] "GET /xingrg/javascript/auto/jquery.autocomplete.js HTTP/1.1" 304 -
117.131.5.26 - - [08/Jan/2021:11:22:49 +0800] "GET /xingrg/javascript/convert.js HTTP/1.1" 304 -
117.131.5.26 - - [08/Jan/2021:11:22:49 +0800] "GET /xingrg/javascript/jquery.utils.js HTTP/1.1" 304 -
117.131.5.26 - - [08/Jan/2021:11:22:49 +0800] "GET /xingrg/javascript/jquery_tools/order_manager.js HTTP/1.1" 304 -
117.131.5.26 - - [08/Jan/2021:11:22:49 +0800] "GET /xingrg/javascript/json2.js HTTP/1.1" 304 -
117.131.5.26 - - [08/Jan/2021:11:22:49 +0800] "GET /xingrg/javascript/print/LodopFuncs.js HTTP/1.1" 304 -
117.131.5.26 - - [08/Jan/2021:11:22:49 +0800] "GET /xingrg/javascript/print/kc_print.js HTTP/1.1" 304 -
117.131.5.26 - - [08/Jan/2021:11:22:49 +0800] "GET /xingrg/javascript/jquery.cookie.js HTTP/1.1" 304 -
117.131.5.26 - - [08/Jan/2021:11:22:49 +0800] "GET /xingrg/javascript/easyui/easyloader.js HTTP/1.1" 304 -
117.131.5.26 - - [08/Jan/2021:11:22:49 +0800] "GET /xingrg/kc/buy/cgsh_order_add.html HTTP/1.1" 200 61378
117.131.5.26 - - [08/Jan/2021:11:22:50 +0800] "GET /xingrg/words/20210107131902_words.js HTTP/1.1" 304 -
117.131.5.26 - - [08/Jan/2021:11:22:50 +0800] "GET /xingrg/javascript/easyui/themes/icons/copy_new.png HTTP/1.1" 304 -
117.131.5.26 - - [08/Jan/2021:11:22:50 +0800] "GET /xingrg/javascript/easyui/themes/icons/template_new.png HTTP/1.1" 304 -
117.131.5.26 - - [08/Jan/2021:11:22:50 +0800] "GET /xingrg/javascript/easyui/themes/icons/ok.png HTTP/1.1" 304 -
117.131.5.26 - - [08/Jan/2021:11:22:50 +0800] "GET /xingrg/javascript/easyui/themes/icons/print.png HTTP/1.1" 304 -
117.131.5.26 - - [08/Jan/2021:11:22:50 +0800] "GET /xingrg/javascript/easyui/themes/default/images/menu_downarrow.png HTTP/1.1" 304 -
117.131.5.26 - - [08/Jan/2021:11:22:50 +0800] "GET /xingrg/javascript/easyui/themes/icons/cancel.png HTTP/1.1" 304 -
117.131.5.26 - - [08/Jan/2021:11:22:50 +0800] "GET /xingrg/javascript/easyui/plugins/jquery.parser.js HTTP/1.1" 304 -
117.131.5.26 - - [08/Jan/2021:11:22:50 +0800] "POST /xingrg/kc/buy/cgsh_order_operate.html HTTP/1.1" 200 8245
117.131.5.26 - - [08/Jan/2021:11:22:50 +0800] "GET /xingrg/all/function/internal_message.html?_=1610076510419&CODE_STATE=getMsg HTTP/1.1" 200 27
117.131.5.26 - - [08/Jan/2021:11:22:50 +0800] "GET /xingrg/all/common/auto_word.html?type=employee&rest_code=00104 HTTP/1.1" 200 193
117.131.5.26 - - [08/Jan/2021:11:22:50 +0800] "GET /xingrg/all/common/auto_word.html?type=employee&rest_code=00104 HTTP/1.1" 200 193
117.131.5.26 - - [08/Jan/2021:11:22:50 +0800] "GET /xingrg/javascript/easyui/themes/default/validatebox.css HTTP/1.1" 404 1104
117.131.5.26 - - [08/Jan/2021:11:22:50 +0800] "GET /xingrg/javascript/easyui/plugins/jquery.validatebox.js HTTP/1.1" 304 -
117.131.5.26 - - [08/Jan/2021:11:22:50 +0800] "GET /xingrg/javascript/easyui/plugins/jquery.numberbox.js HTTP/1.1" 304 -
180.156.237.57 - - [08/Jan/2021:11:22:51 +0800] "GET /xingrg/all/function/internal_message.html?_=1610076169996&CODE_STATE=getMsg HTTP/1.1" 200 27
222.70.174.6 - - [08/Jan/2021:11:22:51 +0800] "GET /xingrg/kc/print/load_data.html?order_code=212021010803081&kc_code=cgsh&condition= HTTP/1.1" 200 1603
172.17.0.103 - - [08/Jan/2021:11:22:51 +0800] "GET /xingrg/all/function/internal_message.html?_=1610076171048&CODE_STATE=getMsg HTTP/1.1" 200 27
180.156.237.57 - - [08/Jan/2021:11:22:52 +0800] "POST /xingrg/all/user/operate.html HTTP/1.1" 200 36
114.88.169.67 - - [08/Jan/2021:11:22:52 +0800] "GET /xingrg/kc/buy/cgsh_order_operate.html?command=get_materiel&rest_code=00111&code=00101009021&supplier_code=00100037&order_time=2021-01-08 HTTP/1.1" 200 416
180.156.237.57 - - [08/Jan/2021:11:22:52 +0800] "GET /xingrg/javascript/jquery_easy_ui/themes/default/easyui.css HTTP/1.1" 304 -
180.156.237.57 - - [08/Jan/2021:11:22:52 +0800] "GET /xingrg/index.html?sysBaseUrl=http%3A%2F%2F180.169.147.146%3A18081%2Fxingrg%2F&costTime=44×tamp=1609979086454 HTTP/1.1" 200 17177
180.156.237.57 - - [08/Jan/2021:11:22:52 +0800] "GET /xingrg/javascript/jquery_easy_ui/themes/icon.css HTTP/1.1" 304 -
180.156.237.57 - - [08/Jan/2021:11:22:52 +0800] "GET /xingrg/css/form.css HTTP/1.1" 304 -
180.156.237.57 - - [08/Jan/2021:11:22:52 +0800] "GET /xingrg/javascript/jquery-1.4.2.min.js HTTP/1.1" 304 -
180.156.237.57 - - [08/Jan/2021:11:22:52 +0800] "GET /xingrg/javascript/jquery_easy_ui/jquery.easyui.min.js HTTP/1.1" 304 -
180.156.237.57 - - [08/Jan/2021:11:22:52 +0800] "GET /xingrg/javascript/jquery_easy_ui/easyui-lang-zh_CN.js HTTP/1.1" 304 -
117.131.5.26 - - [08/Jan/2021:11:22:53 +0800] "GET /xingrg/javascript/pic_change.js HTTP/1.1" 304 -
180.156.237.57 - - [08/Jan/2021:11:22:53 +0800] "GET /xingrg/javascript/jquery.form.js HTTP/1.1" 304 -
117.131.5.26 - - [08/Jan/2021:11:22:53 +0800] "GET /xingrg/javascript/jquery_tools/jquery.tools.min.js HTTP/1.1" 304 -
117.131.5.26 - - [08/Jan/2021:11:22:53 +0800] "GET /xingrg/javascript/jquery_tools/jquery.tools.hotkey.js HTTP/1.1" 304 -
117.131.5.26 - - [08/Jan/2021:11:22:53 +0800] "GET /xingrg/javascript/jquery_tools/jquery.tools.extend.js HTTP/1.1" 304 -
117.131.5.26 - - [08/Jan/2021:11:22:53 +0800] "GET /xingrg/javascript/jquery_tools/jquery.tools.table.js HTTP/1.1" 304 -
117.131.5.26 - - [08/Jan/2021:11:22:53 +0800] "GET /xingrg/javascript/auto/jquery.autocomplete.js HTTP/1.1" 304 -
117.131.5.26 - - [08/Jan/2021:11:22:53 +0800] "GET /xingrg/javascript/easyui/easyloader.js HTTP/1.1" 304 -
117.131.5.26 - - [08/Jan/2021:11:22:53 +0800] "GET /xingrg/javascript/jquery.utils.js HTTP/1.1" 304 -
180.156.237.57 - - [08/Jan/2021:11:22:53 +0800] "GET /xingrg/javascript/jquery.utils.js HTTP/1.1" 304 -
117.131.5.26 - - [08/Jan/2021:11:22:53 +0800] "GET /xingrg/javascript/jquery_tools/order_manager.js HTTP/1.1" 304 -
117.131.5.26 - - [08/Jan/2021:11:22:53 +0800] "GET /xingrg/javascript/jquery.cookie.js HTTP/1.1" 304 -
117.131.5.26 - - [08/Jan/2021:11:22:53 +0800] "GET /xingrg/javascript/json2.js HTTP/1.1" 304 -
180.156.237.57 - - [08/Jan/2021:11:22:53 +0800] "GET /xingrg/javascript/jquery.timers.js HTTP/1.1" 304 -
117.131.5.26 - - [08/Jan/2021:11:22:53 +0800] "GET /xingrg/javascript/easyui/plugins/jquery.parser.js HTTP/1.1" 304 -
117.131.5.26 - - [08/Jan/2021:11:22:53 +0800] "GET /xingrg/javascript/print/LodopFuncs.js HTTP/1.1" 304 -
117.131.5.26 - - [08/Jan/2021:11:22:53 +0800] "GET /xingrg/javascript/easyui/plugins/jquery.validatebox.js HTTP/1.1" 304 -
117.131.5.26 - - [08/Jan/2021:11:22:53 +0800] "GET /xingrg/javascript/easyui/plugins/jquery.numberbox.js HTTP/1.1" 304 -
180.156.237.57 - - [08/Jan/2021:11:22:53 +0800] "GET /xingrg/images/blue/jxLogo.png HTTP/1.1" 304 -
180.156.237.57 - - [08/Jan/2021:11:22:53 +0800] "GET /xingrg/images/blue/navBackgound.jpg HTTP/1.1" 304 -
180.156.237.57 - - [08/Jan/2021:11:22:53 +0800] "GET /xingrg/javascript/jquery_easy_ui/themes/icons/settle_new.png HTTP/1.1" 304 -
117.131.5.26 - - [08/Jan/2021:11:22:53 +0800] "GET /xingrg/words/20210107131902_words.js HTTP/1.1" 304 -
117.131.5.26 - - [08/Jan/2021:11:22:53 +0800] "GET /xingrg/javascript/print/kc_print.js HTTP/1.1" 304 -
180.156.237.57 - - [08/Jan/2021:11:22:53 +0800] "POST /xingrg/all/common/load_tree.html?tree=area_rest_tree_json&manage=1 HTTP/1.1" 200 476
180.156.237.57 - - [08/Jan/2021:11:22:53 +0800] "GET /xingrg/images/blue/pingpu.png HTTP/1.1" 304 -
180.156.237.57 - - [08/Jan/2021:11:22:53 +0800] "GET /xingrg/javascript/jquery_easy_ui/themes/default/images/tabs_leftarrow.png HTTP/1.1" 304 -
180.156.237.57 - - [08/Jan/2021:11:22:53 +0800] "GET /xingrg/javascript/jquery_easy_ui/themes/default/images/tabs_rightarrow.png HTTP/1.1" 304 -
180.156.237.57 - - [08/Jan/2021:11:22:53 +0800] "GET /xingrg/javascript/jquery_easy_ui/themes/default/images/panel_tool_collapse.gif HTTP/1.1" 304 -
180.156.237.57 - - [08/Jan/2021:11:22:53 +0800] "GET /xingrg/all/function/internal_message.html?_=1610076147747&CODE_STATE=count HTTP/1.1" 200 11
180.156.237.57 - - [08/Jan/2021:11:22:53 +0800] "GET /xingrg/check_reg.html?_=1610076147748 HTTP/1.1" 200 22
180.156.237.57 - - [08/Jan/2021:11:22:53 +0800] "POST /xingrg/load_menu.html HTTP/1.1" 200 5138
117.185.32.26 - - [08/Jan/2021:11:22:53 +0800] "GET /xingrg/all/function/internal_message.html?_=1610076164799&CODE_STATE=getMsg HTTP/1.1" 200 27
172.17.200.101 - - [08/Jan/2021:11:22:54 +0800] "GET /xingrg/all/function/internal_message.html?_=1610076175704&CODE_STATE=getMsg HTTP/1.1" 200 27
222.69.138.28 - - [08/Jan/2021:11:22:54 +0800] "POST /xingrg/kc/buy/cgsh_order_operate.html HTTP/1.1" 200 37
180.175.150.119 - - [08/Jan/2021:11:22:54 +0800] "GET /xingrg/kc/base/wldb_order_operate.html?command=get_materiel&rest_code=00102&base_code=0010476&code=00101019026 HTTP/1.1" 200 467
117.131.5.26 - - [08/Jan/2021:11:22:56 +0800] "GET /xingrg/javascript/convert.js HTTP/1.1" 304 -
180.156.237.57 - - [08/Jan/2021:11:22:56 +0800] "GET /xingrg/kc/buy/cgsh_order_list.html HTTP/1.1" 200 45645
180.156.237.57 - - [08/Jan/2021:11:22:56 +0800] "POST /xingrg/kc/buy/cgsh_list_operate.html HTTP/1.1" 200 876
58.37.230.33 - - [08/Jan/2021:11:22:57 +0800] "GET /xingrg/all/function/internal_message.html?_=1610076195720&CODE_STATE=getMsg HTTP/1.1" 200 27
172.17.0.185 - - [08/Jan/2021:11:22:59 +0800] "GET /xingrg/check_reg.html?_=1610076175687 HTTP/1.1" 200 22
114.88.169.67 - - [08/Jan/2021:11:23:01 +0800] "GET /xingrg/all/function/internal_message.html?_=1610076176516&CODE_STATE=getMsg HTTP/1.1" 200 27
61.165.42.208 - - [08/Jan/2021:11:23:01 +0800] "GET /xingrg/all/function/internal_message.html?_=1610076183015&CODE_STATE=getMsg HTTP/1.1" 200 27
180.175.150.119 - - [08/Jan/2021:11:23:01 +0800] "GET /xingrg/kc/base/wldb_order_operate.html?command=get_materiel&rest_code=00102&base_code=0010476&code=00101016044 HTTP/1.1" 200 464
180.156.237.57 - - [08/Jan/2021:11:23:04 +0800] "GET /xingrg/kc/buy/cgsh_order_add.html HTTP/1.1" 200 61032
180.156.237.57 - - [08/Jan/2021:11:23:04 +0800] "POST /xingrg/kc/buy/cgsh_order_operate.html HTTP/1.1" 200 8245
180.156.237.57 - - [08/Jan/2021:11:23:04 +0800] "GET /xingrg/javascript/easyui/themes/default/validatebox.css HTTP/1.1" 404 1104
222.69.133.109 - - [08/Jan/2021:11:23:05 +0800] "GET /xingrg/all/function/internal_message.html?_=1610076185070&CODE_STATE=getMsg HTTP/1.1" 200 27
222.69.133.109 - - [08/Jan/2021:11:23:05 +0800] "GET /xingrg/check_reg.html?_=1610076185073 HTTP/1.1" 200 22
117.131.5.26 - - [08/Jan/2021:11:23:06 +0800] "GET /xingrg/kc/buy/cgsh_order_operate.html?command=get_materiel&rest_code=00104&code=00101001140&supplier_code=00100090&order_time=2021-01-08 HTTP/1.1" 200 412
58.40.7.146 - - [08/Jan/2021:11:23:07 +0800] "GET /xingrg/all/function/internal_message.html?_=1610076184898&CODE_STATE=getMsg HTTP/1.1" 200 27
180.175.150.119 - - [08/Jan/2021:11:23:11 +0800] "GET /xingrg/all/function/internal_message.html?_=1610076189641&CODE_STATE=getMsg HTTP/1.1" 200 27
180.157.253.48 - - [08/Jan/2021:11:23:13 +0800] "POST /xingrg/kc/buy/cgsh_order_operate.html HTTP/1.1" 200 37
61.165.42.208 - - [08/Jan/2021:11:23:13 +0800] "POST /xingrg/kc/buy/cgsh_order_operate.html HTTP/1.1" 200 88
114.88.169.67 - - [08/Jan/2021:11:23:13 +0800] "GET /xingrg/kc/buy/cgsh_order_operate.html?command=get_materiel&rest_code=00111&code=00101010248&supplier_code=00100037&order_time=2021-01-08 HTTP/1.1" 200 430
172.17.0.120 - - [08/Jan/2021:11:23:14 +0800] "GET /xingrg/all/function/internal_message.html?_=1610076190993&CODE_STATE=getMsg HTTP/1.1" 200 27
120.253.135.82 - - [08/Jan/2021:11:23:14 +0800] "GET /xingrg/all/function/internal_message.html?_=1610076231065&CODE_STATE=getMsg HTTP/1.1" 200 27
117.131.5.26 - - [08/Jan/2021:11:23:15 +0800] "GET /xingrg/kc/buy/cgsh_order_operate.html?command=get_materiel&rest_code=00104&code=00101001140&supplier_code=00100090&order_time=2021-01-08 HTTP/1.1" 200 415
180.157.253.48 - - [08/Jan/2021:11:23:16 +0800] "POST /xingrg/kc/buy/cgsh_order_operate.html HTTP/1.1" 200 12
116.228.172.94 - - [08/Jan/2021:11:23:16 +0800] "GET /xingrg/kc/buy/cgsh_order_add.html HTTP/1.1" 200 61466
180.157.253.48 - - [08/Jan/2021:11:23:17 +0800] "GET /xingrg/kc/buy/cgsh_order_info.html?code=212021010803083 HTTP/1.1" 200 56287
116.228.172.94 - - [08/Jan/2021:11:23:17 +0800] "GET /xingrg/javascript/easyui/themes/default/validatebox.css HTTP/1.1" 404 1104
116.228.172.94 - - [08/Jan/2021:11:23:17 +0800] "POST /xingrg/kc/buy/cgsh_order_operate.html HTTP/1.1" 200 8245
180.157.253.48 - - [08/Jan/2021:11:23:18 +0800] "GET /xingrg/javascript/easyui/themes/default/validatebox.css HTTP/1.1" 404 1104
61.165.42.208 - - [08/Jan/2021:11:23:18 +0800] "POST /xingrg/kc/buy/cgsh_order_operate.html HTTP/1.1" 200 37
180.157.253.48 - - [08/Jan/2021:11:23:18 +0800] "POST /xingrg/kc/buy/cgsh_order_operate.html HTTP/1.1" 200 616
116.228.172.94 - - [08/Jan/2021:11:23:19 +0800] "GET /xingrg/javascript/easyui/themes/default/tree.css HTTP/1.1" 404 1090
116.228.172.94 - - [08/Jan/2021:11:23:19 +0800] "POST /xingrg/all/common/load_tree.html?tree=supplier_tree_json&isDelete=1 HTTP/1.1" 200 53432
61.165.42.208 - - [08/Jan/2021:11:23:19 +0800] "POST /xingrg/kc/buy/cgsh_order_operate.html HTTP/1.1" 200 3262
180.157.253.48 - - [08/Jan/2021:11:23:20 +0800] "GET /xingrg/kc/print/load_data.html?order_code=212021010803083&kc_code=cgsh&condition= HTTP/1.1" 200 708
61.165.42.208 - - [08/Jan/2021:11:23:21 +0800] "GET /xingrg/kc/print/load_data.html?order_code=212021010803085&kc_code=cgsh&condition= HTTP/1.1" 200 897
180.162.108.15 - - [08/Jan/2021:11:23:22 +0800] "GET /xingrg/all/function/internal_message.html?_=1610076074132&CODE_STATE=getMsg HTTP/1.1" 200 27
172.17.0.108 - - [08/Jan/2021:11:23:23 +0800] "GET /xingrg/all/function/internal_message.html?_=1610076201036&CODE_STATE=getMsg HTTP/1.1" 200 27
116.228.172.94 - - [08/Jan/2021:11:23:23 +0800] "GET /xingrg/all/function/internal_message.html?_=1610076193687&CODE_STATE=getMsg HTTP/1.1" 200 27
180.157.253.48 - - [08/Jan/2021:11:23:25 +0800] "GET /xingrg/kc/buy/cgsh_order_add.html HTTP/1.1" 200 61384
180.157.253.48 - - [08/Jan/2021:11:23:26 +0800] "POST /xingrg/kc/buy/cgsh_order_operate.html HTTP/1.1" 200 8245
180.157.253.48 - - [08/Jan/2021:11:23:26 +0800] "GET /xingrg/javascript/easyui/themes/default/validatebox.css HTTP/1.1" 404 1104
222.69.138.28 - - [08/Jan/2021:11:23:27 +0800] "POST /xingrg/kc/buy/cgsh_order_operate.html HTTP/1.1" 200 12
180.175.150.119 - - [08/Jan/2021:11:23:28 +0800] "POST /xingrg/kc/base/wldb_order_operate.html HTTP/1.1" 200 37
120.204.169.30 - - [08/Jan/2021:11:23:29 +0800] "GET /xingrg/all/function/internal_message.html?_=1610076205669&CODE_STATE=getMsg HTTP/1.1" 200 27
180.175.150.119 - - [08/Jan/2021:11:23:29 +0800] "POST /xingrg/kc/base/wldb_order_operate.html HTTP/1.1" 200 12
180.175.150.119 - - [08/Jan/2021:11:23:29 +0800] "POST /xingrg/kc/base/wldb_order_operate.html HTTP/1.1" 200 10699
117.131.5.26 - - [08/Jan/2021:11:23:30 +0800] "GET /xingrg/kc/buy/cgsh_order_operate.html?command=get_materiel&rest_code=00104&code=00101001125&supplier_code=00100090&order_time=2021-01-08 HTTP/1.1" 200 415
180.175.150.119 - - [08/Jan/2021:11:23:31 +0800] "GET /xingrg/kc/base/wldb_order_info.html?code=422021010800927 HTTP/1.1" 200 26375
180.157.253.48 - - [08/Jan/2021:11:23:32 +0800] "GET /xingrg/kc/buy/cgsh_order_operate.html?command=get_materiel&rest_code=00148&code=00101004011&supplier_code=00100086&order_time=2021-01-08 HTTP/1.1" 200 433
180.175.150.119 - - [08/Jan/2021:11:23:33 +0800] "GET /xingrg/javascript/easyui/themes/default/validatebox.css HTTP/1.1" 404 1104
180.175.150.119 - - [08/Jan/2021:11:23:33 +0800] "POST /xingrg/kc/base/wldb_order_operate.html HTTP/1.1" 200 8805
116.228.172.94 - - [08/Jan/2021:11:23:33 +0800] "GET /xingrg/kc/buy/cgsh_order_operate.html?command=get_materiel&rest_code=00107&code=00101004065&supplier_code=00100088&order_time=2021-01-08 HTTP/1.1" 200 433
117.185.32.26 - - [08/Jan/2021:11:23:33 +0800] "GET /xingrg/all/function/internal_message.html?_=1610076679260&CODE_STATE=getMsg HTTP/1.1" 200 27
180.157.253.48 - - [08/Jan/2021:11:23:33 +0800] "GET /xingrg/all/function/internal_message.html?_=1610076214012&CODE_STATE=getMsg HTTP/1.1" 200 27
180.175.150.119 - - [08/Jan/2021:11:23:34 +0800] "GET /xingrg/all/function/internal_message.html?_=1610076448223&CODE_STATE=getMsg HTTP/1.1" 200 27
117.131.5.26 - - [08/Jan/2021:11:23:35 +0800] "GET /xingrg/all/function/internal_message.html?_=1610076261310&CODE_STATE=getMsg HTTP/1.1" 200 27
117.131.5.26 - - [08/Jan/2021:11:23:36 +0800] "GET /xingrg/javascript/easyui/themes/default/images/button_plain_hover.png HTTP/1.1" 304 -
117.131.5.26 - - [08/Jan/2021:11:23:36 +0800] "GET /xingrg/javascript/easyui/themes/default/images/button_plain_hover.png HTTP/1.1" 304 -
117.131.5.26 - - [08/Jan/2021:11:23:36 +0800] "GET /xingrg/javascript/easyui/themes/default/images/button_plain_hover.png HTTP/1.1" 304 -
222.69.138.28 - - [08/Jan/2021:11:23:37 +0800] "GET /xingrg/kc/buy/cgsh_order_info.html?code=212021010803082 HTTP/1.1" 200 56326
222.69.138.28 - - [08/Jan/2021:11:23:38 +0800] "GET /xingrg/javascript/easyui/themes/default/validatebox.css HTTP/1.1" 404 1104
222.69.138.28 - - [08/Jan/2021:11:23:38 +0800] "POST /xingrg/kc/buy/cgsh_order_operate.html HTTP/1.1" 200 621
117.131.5.26 - - [08/Jan/2021:11:23:40 +0800] "POST /xingrg/kc/buy/cgsh_order_operate.html HTTP/1.1" 200 37
222.69.138.28 - - [08/Jan/2021:11:23:40 +0800] "GET /xingrg/kc/print/load_data.html?order_code=212021010803082&kc_code=cgsh&condition= HTTP/1.1" 200 701
114.88.169.67 - - [08/Jan/2021:11:23:40 +0800] "GET /xingrg/kc/buy/cgsh_order_operate.html?command=get_materiel&rest_code=00111&code=00101010092&supplier_code=00100037&order_time=2021-01-08 HTTP/1.1" 200 449
222.70.174.6 - - [08/Jan/2021:11:23:41 +0800] "GET /xingrg/all/function/internal_message.html?_=1610076222354&CODE_STATE=getMsg HTTP/1.1" 200 27
116.228.172.94 - - [08/Jan/2021:11:23:41 +0800] "POST /xingrg/kc/buy/cgsh_order_operate.html HTTP/1.1" 200 37
117.131.5.26 - - [08/Jan/2021:11:23:41 +0800] "POST /xingrg/kc/buy/cgsh_order_operate.html HTTP/1.1" 200 3259
180.157.253.48 - - [08/Jan/2021:11:23:42 +0800] "GET /xingrg/kc/buy/cgsh_order_operate.html?command=get_materiel&rest_code=00148&code=00101004065&supplier_code=00100086&order_time=2021-01-08 HTTP/1.1" 200 433
61.165.42.208 - - [08/Jan/2021:11:23:43 +0800] "GET /xingrg/kc/buy/cgsh_order_add.html HTTP/1.1" 200 61425
222.69.138.28 - - [08/Jan/2021:11:23:43 +0800] "GET /xingrg/kc/buy/cgsh_order_add.html HTTP/1.1" 200 61431
117.131.5.26 - - [08/Jan/2021:11:23:43 +0800] "GET /xingrg/javascript/easyui/themes/default/images/button_plain_hover.png HTTP/1.1" 304 -
116.228.172.94 - - [08/Jan/2021:11:23:43 +0800] "POST /xingrg/kc/buy/cgsh_order_operate.html HTTP/1.1" 200 2661
61.165.42.208 - - [08/Jan/2021:11:23:43 +0800] "POST /xingrg/kc/buy/cgsh_order_operate.html HTTP/1.1" 200 8245
222.69.138.28 - - [08/Jan/2021:11:23:43 +0800] "POST /xingrg/kc/buy/cgsh_order_operate.html HTTP/1.1" 200 8245
117.131.5.26 - - [08/Jan/2021:11:23:43 +0800] "GET /xingrg/javascript/easyui/themes/default/images/button_plain_hover.png HTTP/1.1" 304 -
222.69.138.28 - - [08/Jan/2021:11:23:43 +0800] "GET /xingrg/javascript/easyui/themes/default/validatebox.css HTTP/1.1" 404 1104
117.131.5.26 - - [08/Jan/2021:11:23:43 +0800] "GET /xingrg/javascript/easyui/themes/default/images/button_plain_hover.png HTTP/1.1" 304 -
117.131.5.26 - - [08/Jan/2021:11:23:44 +0800] "GET /xingrg/javascript/easyui/themes/default/images/button_plain_hover.png HTTP/1.1" 304 -
61.165.42.208 - - [08/Jan/2021:11:23:44 +0800] "GET /xingrg/javascript/easyui/themes/default/validatebox.css HTTP/1.1" 404 1104
117.131.5.26 - - [08/Jan/2021:11:23:44 +0800] "GET /xingrg/kc/print/load_config.html?kc_code=cgsh HTTP/1.1" 200 1845
116.228.172.94 - - [08/Jan/2021:11:23:44 +0800] "GET /xingrg/kc/print/load_data.html?order_code=212021010803087&kc_code=cgsh&condition= HTTP/1.1" 200 742
117.131.5.26 - - [08/Jan/2021:11:23:44 +0800] "GET /xingrg/kc/print/load_data.html?order_code=212021010803086&kc_code=cgsh&condition= HTTP/1.1" 200 967
61.165.42.208 - - [08/Jan/2021:11:23:46 +0800] "GET /xingrg/all/function/internal_message.html?_=1610076206330&CODE_STATE=getMsg HTTP/1.1" 200 27
114.86.230.32 - - [08/Jan/2021:11:23:47 +0800] "GET /xingrg/all/function/internal_message.html?_=1610076224792&CODE_STATE=getMsg HTTP/1.1" 200 27
116.228.172.94 - - [08/Jan/2021:11:23:48 +0800] "GET /xingrg/kc/buy/cgsh_order_add.html HTTP/1.1" 200 61466
117.131.5.26 - - [08/Jan/2021:11:23:49 +0800] "GET /xingrg/javascript/easyui/themes/default/images/button_plain_hover.png HTTP/1.1" 304 -
117.131.5.26 - - [08/Jan/2021:11:23:49 +0800] "GET /xingrg/javascript/easyui/themes/default/images/button_plain_hover.png HTTP/1.1" 304 -
117.131.5.26 - - [08/Jan/2021:11:23:49 +0800] "GET /xingrg/javascript/easyui/themes/default/images/button_plain_hover.png HTTP/1.1" 304 -
116.228.172.94 - - [08/Jan/2021:11:23:49 +0800] "GET /xingrg/javascript/easyui/themes/default/validatebox.css HTTP/1.1" 404 1104
116.228.172.94 - - [08/Jan/2021:11:23:49 +0800] "POST /xingrg/kc/buy/cgsh_order_operate.html HTTP/1.1" 200 8245
117.131.5.26 - - [08/Jan/2021:11:23:49 +0800] "GET /xingrg/css/base.css HTTP/1.1" 304 -
117.131.5.26 - - [08/Jan/2021:11:23:49 +0800] "GET /xingrg/css/site.css HTTP/1.1" 304 -
117.131.5.26 - - [08/Jan/2021:11:23:49 +0800] "GET /xingrg/javascript/jquery_tools/datebox.css HTTP/1.1" 304 -
117.131.5.26 - - [08/Jan/2021:11:23:49 +0800] "GET /xingrg/javascript/easyui/themes/default/easyui.css HTTP/1.1" 304 -
117.131.5.26 - - [08/Jan/2021:11:23:49 +0800] "GET /xingrg/javascript/easyui/themes/icon.css HTTP/1.1" 304 -
117.131.5.26 - - [08/Jan/2021:11:23:49 +0800] "GET /xingrg/javascript/auto/jquery.autocomplete.css HTTP/1.1" 304 -
117.131.5.26 - - [08/Jan/2021:11:23:49 +0800] "GET /xingrg/javascript/jquery_tools/table.css HTTP/1.1" 304 -
117.131.5.26 - - [08/Jan/2021:11:23:49 +0800] "GET /xingrg/javascript/jquery_tools/fix.css HTTP/1.1" 304 -
117.131.5.26 - - [08/Jan/2021:11:23:49 +0800] "GET /xingrg/javascript/pic_change.js HTTP/1.1" 304 -
117.131.5.26 - - [08/Jan/2021:11:23:49 +0800] "GET /xingrg/javascript/jquery_tools/jquery.tools.extend.js HTTP/1.1" 304 -
117.131.5.26 - - [08/Jan/2021:11:23:49 +0800] "GET /xingrg/javascript/jquery_tools/jquery.tools.hotkey.js HTTP/1.1" 304 -
117.131.5.26 - - [08/Jan/2021:11:23:49 +0800] "GET /xingrg/javascript/jquery_tools/jquery.tools.min.js HTTP/1.1" 304 -
117.131.5.26 - - [08/Jan/2021:11:23:50 +0800] "GET /xingrg/kc/buy/cgsh_order_add.html HTTP/1.1" 200 61378
117.131.5.26 - - [08/Jan/2021:11:23:50 +0800] "GET /xingrg/javascript/auto/jquery.autocomplete.js HTTP/1.1" 304 -
117.131.5.26 - - [08/Jan/2021:11:23:50 +0800] "GET /xingrg/javascript/jquery_tools/jquery.tools.table.js HTTP/1.1" 304 -
117.131.5.26 - - [08/Jan/2021:11:23:50 +0800] "GET /xingrg/javascript/jquery_tools/order_manager.js HTTP/1.1" 304 -
117.131.5.26 - - [08/Jan/2021:11:23:50 +0800] "GET /xingrg/javascript/jquery.utils.js HTTP/1.1" 304 -
117.131.5.26 - - [08/Jan/2021:11:23:50 +0800] "GET /xingrg/javascript/json2.js HTTP/1.1" 304 -
117.131.5.26 - - [08/Jan/2021:11:23:50 +0800] "GET /xingrg/javascript/jquery.cookie.js HTTP/1.1" 304 -
117.131.5.26 - - [08/Jan/2021:11:23:50 +0800] "GET /xingrg/javascript/convert.js HTTP/1.1" 304 -
117.131.5.26 - - [08/Jan/2021:11:23:50 +0800] "GET /xingrg/javascript/print/LodopFuncs.js HTTP/1.1" 304 -
117.131.5.26 - - [08/Jan/2021:11:23:50 +0800] "GET /xingrg/javascript/print/kc_print.js HTTP/1.1" 304 -
117.131.5.26 - - [08/Jan/2021:11:23:50 +0800] "GET /xingrg/javascript/easyui/easyloader.js HTTP/1.1" 304 -
117.131.5.26 - - [08/Jan/2021:11:23:50 +0800] "GET /xingrg/words/20210107131902_words.js HTTP/1.1" 304 -
116.228.172.94 - - [08/Jan/2021:11:23:50 +0800] "GET /xingrg/javascript/easyui/themes/default/tree.css HTTP/1.1" 404 1090
116.228.172.94 - - [08/Jan/2021:11:23:50 +0800] "POST /xingrg/all/common/load_tree.html?tree=supplier_tree_json&isDelete=1 HTTP/1.1" 200 53432
117.131.5.26 - - [08/Jan/2021:11:23:50 +0800] "GET /xingrg/javascript/easyui/themes/icons/copy_new.png HTTP/1.1" 304 -
117.131.5.26 - - [08/Jan/2021:11:23:50 +0800] "GET /xingrg/javascript/easyui/themes/icons/template_new.png HTTP/1.1" 304 -
117.131.5.26 - - [08/Jan/2021:11:23:50 +0800] "GET /xingrg/javascript/easyui/themes/icons/ok.png HTTP/1.1" 304 -
117.131.5.26 - - [08/Jan/2021:11:23:50 +0800] "GET /xingrg/javascript/easyui/themes/icons/print.png HTTP/1.1" 304 -
117.131.5.26 - - [08/Jan/2021:11:23:50 +0800] "GET /xingrg/javascript/easyui/themes/default/images/menu_downarrow.png HTTP/1.1" 304 -
117.131.5.26 - - [08/Jan/2021:11:23:50 +0800] "GET /xingrg/javascript/easyui/themes/icons/cancel.png HTTP/1.1" 304 -
117.131.5.26 - - [08/Jan/2021:11:23:50 +0800] "GET /xingrg/javascript/easyui/plugins/jquery.parser.js HTTP/1.1" 304 -
117.131.5.26 - - [08/Jan/2021:11:23:50 +0800] "GET /xingrg/all/function/internal_message.html?_=1610076570629&CODE_STATE=getMsg HTTP/1.1" 200 27
117.131.5.26 - - [08/Jan/2021:11:23:50 +0800] "GET /xingrg/all/common/auto_word.html?type=employee&rest_code=00104 HTTP/1.1" 200 193
117.131.5.26 - - [08/Jan/2021:11:23:50 +0800] "GET /xingrg/all/common/auto_word.html?type=employee&rest_code=00104 HTTP/1.1" 200 193
117.185.32.26 - - [08/Jan/2021:11:23:50 +0800] "GET /xingrg/check_reg.html?_=1610076222469 HTTP/1.1" 200 22
117.131.5.26 - - [08/Jan/2021:11:23:50 +0800] "GET /xingrg/javascript/easyui/themes/default/validatebox.css HTTP/1.1" 404 1104
117.131.5.26 - - [08/Jan/2021:11:23:50 +0800] "GET /xingrg/javascript/easyui/plugins/jquery.validatebox.js HTTP/1.1" 304 -
117.131.5.26 - - [08/Jan/2021:11:23:51 +0800] "GET /xingrg/javascript/easyui/plugins/jquery.numberbox.js HTTP/1.1" 304 -
117.131.5.26 - - [08/Jan/2021:11:23:51 +0800] "POST /xingrg/kc/buy/cgsh_order_operate.html HTTP/1.1" 200 8245
180.156.237.57 - - [08/Jan/2021:11:23:51 +0800] "GET /xingrg/all/function/internal_message.html?_=1610076229996&CODE_STATE=getMsg HTTP/1.1" 200 27
180.156.237.57 - - [08/Jan/2021:11:23:51 +0800] "GET /xingrg/check_reg.html?_=1610076229995 HTTP/1.1" 200 22
172.17.0.103 - - [08/Jan/2021:11:23:51 +0800] "GET /xingrg/all/function/internal_message.html?_=1610076231054&CODE_STATE=getMsg HTTP/1.1" 200 27
222.69.138.28 - - [08/Jan/2021:11:23:52 +0800] "GET /xingrg/kc/buy/cgsh_order_operate.html?command=get_materiel&rest_code=00149&code=00101008328&supplier_code=00100338&order_time=2021-01-08 HTTP/1.1" 200 410
180.156.237.57 - - [08/Jan/2021:11:23:53 +0800] "GET /xingrg/all/function/internal_message.html?_=1610076207754&CODE_STATE=getMsg HTTP/1.1" 200 27
117.185.32.26 - - [08/Jan/2021:11:23:53 +0800] "GET /xingrg/all/function/internal_message.html?_=1610076224778&CODE_STATE=getMsg HTTP/1.1" 200 27
117.131.5.26 - - [08/Jan/2021:11:23:53 +0800] "GET /xingrg/javascript/pic_change.js HTTP/1.1" 304 -
117.131.5.26 - - [08/Jan/2021:11:23:53 +0800] "GET /xingrg/javascript/jquery_tools/jquery.tools.min.js HTTP/1.1" 304 -
117.131.5.26 - - [08/Jan/2021:11:23:53 +0800] "GET /xingrg/javascript/jquery_tools/jquery.tools.extend.js HTTP/1.1" 304 -
117.131.5.26 - - [08/Jan/2021:11:23:53 +0800] "GET /xingrg/javascript/jquery_tools/jquery.tools.hotkey.js HTTP/1.1" 304 -
117.131.5.26 - - [08/Jan/2021:11:23:53 +0800] "GET /xingrg/javascript/auto/jquery.autocomplete.js HTTP/1.1" 304 -
117.131.5.26 - - [08/Jan/2021:11:23:53 +0800] "GET /xingrg/javascript/jquery_tools/jquery.tools.table.js HTTP/1.1" 304 -
117.131.5.26 - - [08/Jan/2021:11:23:53 +0800] "GET /xingrg/javascript/jquery.utils.js HTTP/1.1" 304 -
117.131.5.26 - - [08/Jan/2021:11:23:53 +0800] "GET /xingrg/javascript/easyui/easyloader.js HTTP/1.1" 304 -
117.131.5.26 - - [08/Jan/2021:11:23:53 +0800] "GET /xingrg/javascript/jquery.cookie.js HTTP/1.1" 304 -
117.131.5.26 - - [08/Jan/2021:11:23:53 +0800] "GET /xingrg/javascript/json2.js HTTP/1.1" 304 -
117.131.5.26 - - [08/Jan/2021:11:23:53 +0800] "GET /xingrg/javascript/print/kc_print.js HTTP/1.1" 304 -
117.131.5.26 - - [08/Jan/2021:11:23:53 +0800] "GET /xingrg/javascript/print/LodopFuncs.js HTTP/1.1" 304 -
117.131.5.26 - - [08/Jan/2021:11:23:53 +0800] "GET /xingrg/javascript/easyui/plugins/jquery.numberbox.js HTTP/1.1" 304 -
117.131.5.26 - - [08/Jan/2021:11:23:53 +0800] "GET /xingrg/javascript/easyui/plugins/jquery.parser.js HTTP/1.1" 304 -
117.131.5.26 - - [08/Jan/2021:11:23:53 +0800] "GET /xingrg/javascript/easyui/plugins/jquery.validatebox.js HTTP/1.1" 304 -
117.131.5.26 - - [08/Jan/2021:11:23:53 +0800] "GET /xingrg/javascript/convert.js HTTP/1.1" 304 -
117.131.5.26 - - [08/Jan/2021:11:23:53 +0800] "GET /xingrg/javascript/jquery_tools/order_manager.js HTTP/1.1" 304 -
117.131.5.26 - - [08/Jan/2021:11:23:53 +0800] "GET /xingrg/words/20210107131902_words.js HTTP/1.1" 304 -
172.17.200.101 - - [08/Jan/2021:11:23:54 +0800] "GET /xingrg/all/function/internal_message.html?_=1610076235710&CODE_STATE=getMsg HTTP/1.1" 200 27
180.157.253.48 - - [08/Jan/2021:11:23:55 +0800] "POST /xingrg/kc/buy/cgsh_order_operate.html HTTP/1.1" 200 37
58.37.230.33 - - [08/Jan/2021:11:23:57 +0800] "GET /xingrg/all/function/internal_message.html?_=1610076255699&CODE_STATE=getMsg HTTP/1.1" 200 27
180.157.253.48 - - [08/Jan/2021:11:23:57 +0800] "POST /xingrg/kc/buy/cgsh_order_operate.html HTTP/1.1" 200 12
117.131.5.26 - - [08/Jan/2021:11:23:58 +0800] "GET /xingrg/kc/buy/cgsh_order_operate.html?command=get_materiel&rest_code=00104&code=00101002006&supplier_code=00100091&order_time=2021-01-08 HTTP/1.1" 200 414
180.157.253.48 - - [08/Jan/2021:11:23:58 +0800] "GET /xingrg/kc/buy/cgsh_order_info.html?code=212021010803088 HTTP/1.1" 200 56291
180.157.253.48 - - [08/Jan/2021:11:23:59 +0800] "GET /xingrg/javascript/easyui/themes/default/validatebox.css HTTP/1.1" 404 1104
180.157.253.48 - - [08/Jan/2021:11:23:59 +0800] "POST /xingrg/kc/buy/cgsh_order_operate.html HTTP/1.1" 200 1202
114.88.169.67 - - [08/Jan/2021:11:24:01 +0800] "GET /xingrg/all/function/internal_message.html?_=1610076236645&CODE_STATE=getMsg HTTP/1.1" 200 27
61.165.42.208 - - [08/Jan/2021:11:24:02 +0800] "GET /xingrg/all/function/internal_message.html?_=1610076243190&CODE_STATE=getMsg HTTP/1.1" 200 27
222.69.133.109 - - [08/Jan/2021:11:24:05 +0800] "GET /xingrg/all/function/internal_message.html?_=1610076245072&CODE_STATE=getMsg HTTP/1.1" 200 27
114.88.169.67 - - [08/Jan/2021:11:24:07 +0800] "POST /xingrg/kc/buy/cgsh_order_operate.html HTTP/1.1" 200 37
117.131.5.26 - - [08/Jan/2021:11:24:07 +0800] "GET /xingrg/kc/buy/cgsh_order_operate.html?command=get_materiel&rest_code=00104&code=00101002034&supplier_code=00100091&order_time=2021-01-08 HTTP/1.1" 200 409
180.157.253.48 - - [08/Jan/2021:11:24:07 +0800] "GET /xingrg/kc/print/load_data.html?order_code=212021010803088&kc_code=cgsh&condition= HTTP/1.1" 200 1002
58.40.7.146 - - [08/Jan/2021:11:24:07 +0800] "GET /xingrg/all/function/internal_message.html?_=1610076244886&CODE_STATE=getMsg HTTP/1.1" 200 27
114.88.169.67 - - [08/Jan/2021:11:24:08 +0800] "POST /xingrg/kc/buy/cgsh_order_operate.html HTTP/1.1" 200 18089
180.157.253.48 - - [08/Jan/2021:11:24:11 +0800] "GET /xingrg/kc/buy/cgsh_order_add.html HTTP/1.1" 200 61384
180.157.253.48 - - [08/Jan/2021:11:24:12 +0800] "POST /xingrg/kc/buy/cgsh_order_operate.html HTTP/1.1" 200 8245
180.157.253.48 - - [08/Jan/2021:11:24:12 +0800] "GET /xingrg/javascript/easyui/themes/default/validatebox.css HTTP/1.1" 404 1104
