180.156.237.57 - - [08/Jan/2021:08:53:15 +0800] "POST /xingrg/dwr/call/plaincall/AjaxYddbService.saveMaterielItem.dwr HTTP/1.1" 200 78
180.156.237.57 - - [08/Jan/2021:08:53:17 +0800] "POST /xingrg/dwr/call/plaincall/AjaxComOrderService.getMaterielSearchList.dwr HTTP/1.1" 200 21605
180.156.237.57 - - [08/Jan/2021:08:53:18 +0800] "POST /xingrg/dwr/call/plaincall/AjaxComOrderService.getMaterielSearchList.dwr HTTP/1.1" 200 838
222.69.138.28 - - [08/Jan/2021:08:53:19 +0800] "POST /xingrg/kc/buy/cgsh_order_operate.html HTTP/1.1" 200 37
61.165.42.208 - - [08/Jan/2021:08:53:19 +0800] "GET /xingrg/kc/buy/cgsh_order_operate.html?command=get_materiel&rest_code=00105&code=00101008236&supplier_code=00100203&order_time=2021-01-08 HTTP/1.1" 200 417
180.156.237.57 - - [08/Jan/2021:08:53:20 +0800] "POST /xingrg/dwr/call/plaincall/AjaxYddbService.getMaterielByMap.dwr HTTP/1.1" 200 3749
222.69.138.28 - - [08/Jan/2021:08:53:20 +0800] "POST /xingrg/kc/buy/cgsh_order_operate.html HTTP/1.1" 200 16254
180.156.237.57 - - [08/Jan/2021:08:53:22 +0800] "POST /xingrg/dwr/call/plaincall/AjaxYddbService.getUnitPrice.dwr HTTP/1.1" 200 87
180.156.237.57 - - [08/Jan/2021:08:53:24 +0800] "POST /xingrg/dwr/call/plaincall/AjaxYddbService.saveMaterielItem.dwr HTTP/1.1" 200 79
180.156.237.57 - - [08/Jan/2021:08:53:27 +0800] "POST /xingrg/dwr/call/plaincall/AjaxComOrderService.getMaterielSearchList.dwr HTTP/1.1" 200 18745
180.156.237.57 - - [08/Jan/2021:08:53:28 +0800] "POST /xingrg/dwr/call/plaincall/AjaxComOrderService.getMaterielSearchList.dwr HTTP/1.1" 200 1546
180.156.237.57 - - [08/Jan/2021:08:53:29 +0800] "POST /xingrg/dwr/call/plaincall/AjaxYddbService.getMaterielByMap.dwr HTTP/1.1" 200 3719
180.156.237.57 - - [08/Jan/2021:08:53:30 +0800] "POST /xingrg/dwr/call/plaincall/AjaxYddbService.saveMaterielItem.dwr HTTP/1.1" 200 79
120.253.135.82 - - [08/Jan/2021:08:53:31 +0800] "GET /xingrg/all/function/internal_message.html?_=1610066967521&CODE_STATE=getMsg HTTP/1.1" 200 27
180.156.237.57 - - [08/Jan/2021:08:53:33 +0800] "POST /xingrg/dwr/call/plaincall/AjaxComOrderService.getMaterielSearchList.dwr HTTP/1.1" 200 16110
61.165.42.208 - - [08/Jan/2021:08:53:36 +0800] "GET /xingrg/kc/buy/cgsh_order_operate.html?command=get_materiel&rest_code=00105&code=00101015032&supplier_code=00100203&order_time=2021-01-08 HTTP/1.1" 200 418
114.88.169.67 - - [08/Jan/2021:08:53:37 +0800] "GET /xingrg/all/function/internal_message.html?_=1610067212251&CODE_STATE=getMsg HTTP/1.1" 200 27
180.156.237.57 - - [08/Jan/2021:08:53:42 +0800] "POST /xingrg/dwr/call/plaincall/AjaxYddbService.getMaterielByMap.dwr HTTP/1.1" 200 3706
180.156.237.57 - - [08/Jan/2021:08:53:43 +0800] "GET /xingrg/all/function/internal_message.html?_=1610067198212&CODE_STATE=getMsg HTTP/1.1" 200 27
222.69.138.28 - - [08/Jan/2021:08:53:44 +0800] "GET /xingrg/kc/buy/cgsh_order_operate.html?command=get_materiel&rest_code=00149&code=00101008025&supplier_code=00100005&order_time=2021-01-08 HTTP/1.1" 200 409
180.156.237.57 - - [08/Jan/2021:08:53:44 +0800] "POST /xingrg/dwr/call/plaincall/AjaxYddbService.getUnitPrice.dwr HTTP/1.1" 200 87
222.69.138.28 - - [08/Jan/2021:08:53:48 +0800] "POST /xingrg/all/common/load_select.html HTTP/1.1" 200 12
120.253.135.82 - - [08/Jan/2021:08:53:48 +0800] "POST /xingrg/kc/base/stock_operate.html HTTP/1.1" 200 1465
180.156.237.57 - - [08/Jan/2021:08:53:49 +0800] "POST /xingrg/dwr/call/plaincall/AjaxYddbService.saveMaterielItem.dwr HTTP/1.1" 200 79
61.165.42.208 - - [08/Jan/2021:08:53:50 +0800] "GET /xingrg/kc/buy/cgsh_order_operate.html?command=get_materiel&rest_code=00105&code=00101015059&supplier_code=00100203&order_time=2021-01-08 HTTP/1.1" 200 412
222.69.138.28 - - [08/Jan/2021:08:53:52 +0800] "GET /xingrg/kc/buy/cgsh_order_operate.html?command=get_materiel_price&rest_code=00149&code=00101008025&unit_code=00100020&supplier_code=00100005&order_time=2021-01-08 HTTP/1.1" 200 28
222.69.138.28 - - [08/Jan/2021:08:53:53 +0800] "GET /xingrg/all/function/internal_message.html?_=1610067228351&CODE_STATE=getMsg HTTP/1.1" 200 27
180.156.237.57 - - [08/Jan/2021:08:53:54 +0800] "POST /xingrg/dwr/call/plaincall/AjaxComOrderService.getMaterielSearchList.dwr HTTP/1.1" 200 5275
180.156.237.57 - - [08/Jan/2021:08:53:55 +0800] "POST /xingrg/dwr/call/plaincall/AjaxComOrderService.getMaterielSearchList.dwr HTTP/1.1" 200 1080
180.156.237.57 - - [08/Jan/2021:08:53:55 +0800] "GET /xingrg/all/function/internal_message.html?_=1610067233697&CODE_STATE=getMsg HTTP/1.1" 200 27
180.156.237.57 - - [08/Jan/2021:08:53:56 +0800] "POST /xingrg/dwr/call/plaincall/AjaxYddbService.getMaterielByMap.dwr HTTP/1.1" 200 3727
222.70.170.138 - - [08/Jan/2021:08:53:58 +0800] "GET /xingrg/check_reg.html?_=1610067239447 HTTP/1.1" 200 22
61.165.42.208 - - [08/Jan/2021:08:53:58 +0800] "GET /xingrg/kc/buy/cgsh_order_operate.html?command=get_materiel&rest_code=00105&code=00101015074&supplier_code=00100203&order_time=2021-01-08 HTTP/1.1" 200 408
180.156.237.57 - - [08/Jan/2021:08:53:58 +0800] "POST /xingrg/dwr/call/plaincall/AjaxYddbService.saveMaterielItem.dwr HTTP/1.1" 200 79
222.70.170.138 - - [08/Jan/2021:08:53:59 +0800] "GET /xingrg/all/function/internal_message.html?_=1610067240715&CODE_STATE=getMsg HTTP/1.1" 200 27
58.37.230.33 - - [08/Jan/2021:08:54:01 +0800] "GET /xingrg/all/function/internal_message.html?_=1610067259147&CODE_STATE=getMsg HTTP/1.1" 200 27
180.156.237.57 - - [08/Jan/2021:08:54:01 +0800] "POST /xingrg/dwr/call/plaincall/AjaxComOrderService.getMaterielSearchList.dwr HTTP/1.1" 200 23582
180.156.237.57 - - [08/Jan/2021:08:54:02 +0800] "POST /xingrg/dwr/call/plaincall/AjaxComOrderService.getMaterielSearchList.dwr HTTP/1.1" 200 1282
61.165.42.208 - - [08/Jan/2021:08:54:02 +0800] "GET /xingrg/all/function/internal_message.html?_=1610067243882&CODE_STATE=getMsg HTTP/1.1" 200 27
180.156.237.57 - - [08/Jan/2021:08:54:04 +0800] "POST /xingrg/dwr/call/plaincall/AjaxYddbService.getMaterielByMap.dwr HTTP/1.1" 200 3754
180.156.237.57 - - [08/Jan/2021:08:54:07 +0800] "POST /xingrg/dwr/call/plaincall/AjaxYddbService.saveMaterielItem.dwr HTTP/1.1" 200 79
180.156.237.57 - - [08/Jan/2021:08:54:09 +0800] "POST /xingrg/dwr/call/plaincall/AjaxComOrderService.getMaterielSearchList.dwr HTTP/1.1" 200 416502
180.156.237.57 - - [08/Jan/2021:08:54:10 +0800] "POST /xingrg/dwr/call/plaincall/AjaxComOrderService.getMaterielSearchList.dwr HTTP/1.1" 200 15292
180.156.237.57 - - [08/Jan/2021:08:54:10 +0800] "POST /xingrg/dwr/call/plaincall/AjaxComOrderService.getMaterielSearchList.dwr HTTP/1.1" 200 714
180.156.237.57 - - [08/Jan/2021:08:54:11 +0800] "POST /xingrg/dwr/call/plaincall/AjaxYddbService.getMaterielByMap.dwr HTTP/1.1" 200 3766
180.156.237.57 - - [08/Jan/2021:08:54:13 +0800] "POST /xingrg/dwr/call/plaincall/AjaxYddbService.getUnitPrice.dwr HTTP/1.1" 200 88
180.156.237.57 - - [08/Jan/2021:08:54:15 +0800] "POST /xingrg/dwr/call/plaincall/AjaxYddbService.saveMaterielItem.dwr HTTP/1.1" 200 79
58.221.95.50 - - [08/Jan/2021:08:54:17 +0800] "GET /xingrg/check_reg.html?_=1610067254510 HTTP/1.1" 302 -
58.221.95.50 - - [08/Jan/2021:08:54:17 +0800] "GET /xingrg/login.html HTTP/1.1" 200 7641
180.156.237.57 - - [08/Jan/2021:08:54:18 +0800] "POST /xingrg/dwr/call/plaincall/AjaxComOrderService.getMaterielSearchList.dwr HTTP/1.1" 200 1576
222.69.138.28 - - [08/Jan/2021:08:54:19 +0800] "GET /xingrg/kc/buy/cgsh_order_operate.html?command=get_materiel&rest_code=00149&code=00101008447&supplier_code=00100005&order_time=2021-01-08 HTTP/1.1" 200 399
180.156.237.57 - - [08/Jan/2021:08:54:19 +0800] "POST /xingrg/dwr/call/plaincall/AjaxComOrderService.getMaterielSearchList.dwr HTTP/1.1" 200 901
180.156.237.57 - - [08/Jan/2021:08:54:21 +0800] "POST /xingrg/dwr/call/plaincall/AjaxYddbService.getMaterielByMap.dwr HTTP/1.1" 200 3759
180.156.237.57 - - [08/Jan/2021:08:54:23 +0800] "POST /xingrg/dwr/call/plaincall/AjaxYddbService.saveMaterielItem.dwr HTTP/1.1" 200 79
180.156.237.57 - - [08/Jan/2021:08:54:28 +0800] "POST /xingrg/dwr/call/plaincall/AjaxComOrderService.getMaterielSearchList.dwr HTTP/1.1" 200 744
180.156.237.57 - - [08/Jan/2021:08:54:29 +0800] "POST /xingrg/dwr/call/plaincall/AjaxYddbService.getMaterielByMap.dwr HTTP/1.1" 200 3734
58.37.230.33 - - [08/Jan/2021:08:54:30 +0800] "GET /xingrg/check_reg.html?_=1610067287992 HTTP/1.1" 200 22
120.253.135.82 - - [08/Jan/2021:08:54:31 +0800] "GET /xingrg/all/function/internal_message.html?_=1610067027535&CODE_STATE=getMsg HTTP/1.1" 200 27
61.165.42.208 - - [08/Jan/2021:08:54:32 +0800] "GET /xingrg/kc/buy/cgsh_order_operate.html?command=get_materiel&rest_code=00105&code=00101008176&supplier_code=00100203&order_time=2021-01-08 HTTP/1.1" 200 413
180.156.237.57 - - [08/Jan/2021:08:54:32 +0800] "POST /xingrg/dwr/call/plaincall/AjaxYddbService.saveMaterielItem.dwr HTTP/1.1" 200 79
180.156.237.57 - - [08/Jan/2021:08:54:34 +0800] "POST /xingrg/dwr/call/plaincall/AjaxComOrderService.getMaterielSearchList.dwr HTTP/1.1" 200 12971
180.156.237.57 - - [08/Jan/2021:08:54:36 +0800] "POST /xingrg/dwr/call/plaincall/AjaxComOrderService.getMaterielSearchList.dwr HTTP/1.1" 200 298
180.156.237.57 - - [08/Jan/2021:08:54:37 +0800] "POST /xingrg/dwr/call/plaincall/AjaxYddbService.getMaterielByMap.dwr HTTP/1.1" 200 3727
114.88.169.67 - - [08/Jan/2021:08:54:37 +0800] "GET /xingrg/all/function/internal_message.html?_=1610067272293&CODE_STATE=getMsg HTTP/1.1" 200 27
180.156.237.57 - - [08/Jan/2021:08:54:38 +0800] "POST /xingrg/dwr/call/plaincall/AjaxYddbService.getUnitPrice.dwr HTTP/1.1" 200 88
180.156.237.57 - - [08/Jan/2021:08:54:42 +0800] "POST /xingrg/dwr/call/plaincall/AjaxYddbService.saveMaterielItem.dwr HTTP/1.1" 200 79
61.165.42.208 - - [08/Jan/2021:08:54:43 +0800] "GET /xingrg/kc/buy/cgsh_order_operate.html?command=get_materiel&rest_code=00105&code=00101008207&supplier_code=00100203&order_time=2021-01-08 HTTP/1.1" 200 408
180.156.237.57 - - [08/Jan/2021:08:54:43 +0800] "GET /xingrg/all/function/internal_message.html?_=1610067258227&CODE_STATE=getMsg HTTP/1.1" 200 27
180.156.237.57 - - [08/Jan/2021:08:54:44 +0800] "POST /xingrg/dwr/call/plaincall/AjaxComOrderService.getMaterielSearchList.dwr HTTP/1.1" 200 11201
180.156.237.57 - - [08/Jan/2021:08:54:45 +0800] "POST /xingrg/dwr/call/plaincall/AjaxComOrderService.getMaterielSearchList.dwr HTTP/1.1" 200 1150
180.156.237.57 - - [08/Jan/2021:08:54:46 +0800] "POST /xingrg/dwr/call/plaincall/AjaxYddbService.getMaterielByMap.dwr HTTP/1.1" 200 3741
222.69.138.28 - - [08/Jan/2021:08:54:48 +0800] "GET /xingrg/kc/buy/cgsh_order_operate.html?command=get_materiel&rest_code=00149&code=00101008114&supplier_code=00100005&order_time=2021-01-08 HTTP/1.1" 200 413
180.156.237.57 - - [08/Jan/2021:08:54:50 +0800] "POST /xingrg/dwr/call/plaincall/AjaxYddbService.saveMaterielItem.dwr HTTP/1.1" 200 79
222.69.138.28 - - [08/Jan/2021:08:54:53 +0800] "GET /xingrg/all/function/internal_message.html?_=1610067288392&CODE_STATE=getMsg HTTP/1.1" 200 27
180.156.237.57 - - [08/Jan/2021:08:54:55 +0800] "GET /xingrg/all/function/internal_message.html?_=1610067293670&CODE_STATE=getMsg HTTP/1.1" 200 27
222.70.170.138 - - [08/Jan/2021:08:54:59 +0800] "GET /xingrg/all/function/internal_message.html?_=1610067300729&CODE_STATE=getMsg HTTP/1.1" 200 27
58.37.230.33 - - [08/Jan/2021:08:55:01 +0800] "GET /xingrg/all/function/internal_message.html?_=1610067319152&CODE_STATE=getMsg HTTP/1.1" 200 27
61.165.42.208 - - [08/Jan/2021:08:55:02 +0800] "GET /xingrg/all/function/internal_message.html?_=1610067303881&CODE_STATE=getMsg HTTP/1.1" 200 27
222.69.138.28 - - [08/Jan/2021:08:55:13 +0800] "GET /xingrg/kc/buy/cgsh_order_operate.html?command=get_materiel&rest_code=00149&code=00101013165&supplier_code=00100005&order_time=2021-01-08 HTTP/1.1" 200 409
61.165.42.208 - - [08/Jan/2021:08:55:13 +0800] "GET /xingrg/kc/buy/cgsh_order_operate.html?command=get_materiel&rest_code=00105&code=00101008087&supplier_code=00100203&order_time=2021-01-08 HTTP/1.1" 200 412
117.185.32.26 - - [08/Jan/2021:08:55:16 +0800] "GET /xingrg/check_reg.html?_=1610067307828 HTTP/1.1" 200 22
180.156.237.57 - - [08/Jan/2021:08:55:21 +0800] "POST /xingrg/dwr/call/plaincall/AjaxYddbService.checkOrder.dwr HTTP/1.1" 200 79
61.165.42.208 - - [08/Jan/2021:08:55:21 +0800] "GET /xingrg/kc/buy/cgsh_order_operate.html?command=get_materiel&rest_code=00105&code=00101008212&supplier_code=00100203&order_time=2021-01-08 HTTP/1.1" 200 412
180.156.237.57 - - [08/Jan/2021:08:55:22 +0800] "GET /xingrg/kc/base/yddb_order_info.html?code=482021010800056 HTTP/1.1" 200 29375
180.156.237.57 - - [08/Jan/2021:08:55:22 +0800] "GET /xingrg/dwr/interface/AjaxYddbService.js HTTP/1.1" 200 13201
180.156.237.57 - - [08/Jan/2021:08:55:22 +0800] "GET /xingrg/dwr/interface/AjaxComOrderService.js HTTP/1.1" 200 18264
180.156.237.57 - - [08/Jan/2021:08:55:22 +0800] "GET /xingrg/dwr/engine.js HTTP/1.1" 200 43631
180.156.237.57 - - [08/Jan/2021:08:55:22 +0800] "POST /xingrg/dwr/call/plaincall/AjaxYddbService.loadMaterielItems.dwr HTTP/1.1" 200 4161
114.88.169.67 - - [08/Jan/2021:08:55:23 +0800] "GET /xingrg/check_reg.html?_=1610067318034 HTTP/1.1" 200 22
120.253.135.82 - - [08/Jan/2021:08:55:24 +0800] "POST /xingrg/kc/base/stock_operate.html HTTP/1.1" 200 2201
222.69.138.28 - - [08/Jan/2021:08:55:25 +0800] "GET /xingrg/kc/buy/cgsh_order_operate.html?command=get_materiel&rest_code=00149&code=00101008236&supplier_code=00100005&order_time=2021-01-08 HTTP/1.1" 200 417
61.165.42.208 - - [08/Jan/2021:08:55:28 +0800] "GET /xingrg/kc/buy/cgsh_order_operate.html?command=get_materiel&rest_code=00105&code=00101008118&supplier_code=00100203&order_time=2021-01-08 HTTP/1.1" 200 418
222.69.138.28 - - [08/Jan/2021:08:55:28 +0800] "POST /xingrg/kc/buy/cgsh_order_operate.html HTTP/1.1" 200 2065
120.253.135.82 - - [08/Jan/2021:08:55:31 +0800] "GET /xingrg/all/function/internal_message.html?_=1610067087549&CODE_STATE=getMsg HTTP/1.1" 200 27
61.165.42.208 - - [08/Jan/2021:08:55:34 +0800] "GET /xingrg/kc/buy/cgsh_order_operate.html?command=get_materiel&rest_code=00105&code=00101008059&supplier_code=00100203&order_time=2021-01-08 HTTP/1.1" 200 408
61.165.42.208 - - [08/Jan/2021:08:55:37 +0800] "POST /xingrg/kc/buy/cgsh_order_operate.html HTTP/1.1" 200 2065
114.88.169.67 - - [08/Jan/2021:08:55:37 +0800] "GET /xingrg/all/function/internal_message.html?_=1610067332309&CODE_STATE=getMsg HTTP/1.1" 200 27
222.69.138.28 - - [08/Jan/2021:08:55:39 +0800] "GET /xingrg/kc/buy/cgsh_order_operate.html?command=get_materiel&rest_code=00149&code=00101015024&supplier_code=00100005&order_time=2021-01-08 HTTP/1.1" 200 413
180.156.237.57 - - [08/Jan/2021:08:55:43 +0800] "GET /xingrg/all/function/internal_message.html?_=1610067318272&CODE_STATE=getMsg HTTP/1.1" 200 27
180.156.237.57 - - [08/Jan/2021:08:55:44 +0800] "GET /xingrg/kc/base/wldb_order_list.html HTTP/1.1" 200 19345
180.156.237.57 - - [08/Jan/2021:08:55:44 +0800] "POST /xingrg/kc/base/wldb_list_operate.html HTTP/1.1" 200 928
180.156.237.57 - - [08/Jan/2021:08:55:45 +0800] "GET /xingrg/kc/base/wldb_order_add.html HTTP/1.1" 200 30508
180.156.237.57 - - [08/Jan/2021:08:55:46 +0800] "POST /xingrg/kc/base/wldb_order_operate.html HTTP/1.1" 200 6806
180.156.237.57 - - [08/Jan/2021:08:55:46 +0800] "GET /xingrg/javascript/easyui/themes/default/validatebox.css HTTP/1.1" 404 1104
61.165.42.208 - - [08/Jan/2021:08:55:47 +0800] "GET /xingrg/kc/buy/cgsh_order_operate.html?command=get_materiel&rest_code=00105&code=00101008098&supplier_code=00100203&order_time=2021-01-08 HTTP/1.1" 200 412
222.69.138.28 - - [08/Jan/2021:08:55:50 +0800] "GET /xingrg/kc/buy/cgsh_order_operate.html?command=get_materiel&rest_code=00149&code=00101008370&supplier_code=00100005&order_time=2021-01-08 HTTP/1.1" 200 412
222.69.138.28 - - [08/Jan/2021:08:55:53 +0800] "GET /xingrg/all/function/internal_message.html?_=1610067348365&CODE_STATE=getMsg HTTP/1.1" 200 27
180.156.237.57 - - [08/Jan/2021:08:55:55 +0800] "GET /xingrg/all/function/internal_message.html?_=1610067353674&CODE_STATE=getMsg HTTP/1.1" 200 27
180.156.237.57 - - [08/Jan/2021:08:55:56 +0800] "GET /xingrg/kc/base/wldb_order_operate.html?command=get_materiel&rest_code=00150&base_code=0010446&code=00102001051 HTTP/1.1" 200 436
222.70.170.138 - - [08/Jan/2021:08:55:59 +0800] "GET /xingrg/all/function/internal_message.html?_=1610067360742&CODE_STATE=getMsg HTTP/1.1" 200 27
58.37.230.33 - - [08/Jan/2021:08:56:01 +0800] "GET /xingrg/all/function/internal_message.html?_=1610067379124&CODE_STATE=getMsg HTTP/1.1" 200 27
61.165.42.208 - - [08/Jan/2021:08:56:02 +0800] "GET /xingrg/all/function/internal_message.html?_=1610067364014&CODE_STATE=getMsg HTTP/1.1" 200 27
180.156.237.57 - - [08/Jan/2021:08:56:06 +0800] "GET /xingrg/kc/base/wldb_order_operate.html?command=get_materiel&rest_code=00150&base_code=0010446&code=00102002507 HTTP/1.1" 200 427
61.165.42.208 - - [08/Jan/2021:08:56:11 +0800] "GET /xingrg/kc/buy/cgsh_order_operate.html?command=get_materiel&rest_code=00105&code=00101008239&supplier_code=00100203&order_time=2021-01-08 HTTP/1.1" 200 416
222.69.138.28 - - [08/Jan/2021:08:56:12 +0800] "GET /xingrg/kc/buy/cgsh_order_operate.html?command=get_materiel&rest_code=00149&code=00101008126&supplier_code=00100005&order_time=2021-01-08 HTTP/1.1" 200 412
180.156.237.57 - - [08/Jan/2021:08:56:13 +0800] "GET /xingrg/kc/base/wldb_order_operate.html?command=get_materiel&rest_code=00150&base_code=0010446&code=00101010475 HTTP/1.1" 200 412
180.156.237.57 - - [08/Jan/2021:08:56:25 +0800] "GET /xingrg/kc/base/wldb_order_operate.html?command=get_materiel&rest_code=00150&base_code=0010446&code=00102016572 HTTP/1.1" 200 432
222.69.138.28 - - [08/Jan/2021:08:56:27 +0800] "GET /xingrg/kc/buy/cgsh_order_operate.html?command=get_materiel&rest_code=00149&code=00101008087&supplier_code=00100005&order_time=2021-01-08 HTTP/1.1" 200 412
61.165.42.208 - - [08/Jan/2021:08:56:27 +0800] "GET /xingrg/kc/buy/cgsh_order_operate.html?command=get_materiel&rest_code=00105&code=00101010136&supplier_code=00100203&order_time=2021-01-08 HTTP/1.1" 200 408
120.253.135.82 - - [08/Jan/2021:08:56:31 +0800] "GET /xingrg/all/function/internal_message.html?_=1610067147562&CODE_STATE=getMsg HTTP/1.1" 200 27
114.88.169.67 - - [08/Jan/2021:08:56:37 +0800] "GET /xingrg/all/function/internal_message.html?_=1610067392323&CODE_STATE=getMsg HTTP/1.1" 200 27
61.165.42.208 - - [08/Jan/2021:08:56:39 +0800] "POST /xingrg/kc/buy/cgsh_order_operate.html HTTP/1.1" 200 37
222.69.138.28 - - [08/Jan/2021:08:56:40 +0800] "GET /xingrg/kc/buy/cgsh_order_operate.html?command=get_materiel&rest_code=00149&code=00101008361&supplier_code=00100005&order_time=2021-01-08 HTTP/1.1" 200 408
61.165.42.208 - - [08/Jan/2021:08:56:40 +0800] "POST /xingrg/kc/buy/cgsh_order_operate.html HTTP/1.1" 200 42856
180.156.237.57 - - [08/Jan/2021:08:56:43 +0800] "GET /xingrg/all/function/internal_message.html?_=1610067378284&CODE_STATE=getMsg HTTP/1.1" 200 27
61.165.42.208 - - [08/Jan/2021:08:56:43 +0800] "GET /xingrg/kc/buy/cgsh_order_add.html HTTP/1.1" 200 61425
61.165.42.208 - - [08/Jan/2021:08:56:44 +0800] "POST /xingrg/kc/buy/cgsh_order_operate.html HTTP/1.1" 200 8245
61.165.42.208 - - [08/Jan/2021:08:56:44 +0800] "GET /xingrg/javascript/easyui/themes/default/validatebox.css HTTP/1.1" 404 1104
222.69.138.28 - - [08/Jan/2021:08:56:52 +0800] "GET /xingrg/check_reg.html?_=1610067407985 HTTP/1.1" 200 22
222.69.138.28 - - [08/Jan/2021:08:56:53 +0800] "GET /xingrg/all/function/internal_message.html?_=1610067408402&CODE_STATE=getMsg HTTP/1.1" 200 27
222.69.138.28 - - [08/Jan/2021:08:56:55 +0800] "POST /xingrg/kc/buy/cgsh_order_operate.html HTTP/1.1" 200 2065
180.156.237.57 - - [08/Jan/2021:08:56:56 +0800] "POST /xingrg/kc/base/wldb_order_operate.html HTTP/1.1" 200 37
61.165.42.208 - - [08/Jan/2021:08:56:57 +0800] "GET /xingrg/kc/buy/cgsh_order_operate.html?command=get_materiel&rest_code=00105&code=00101007081&supplier_code=00100002&order_time=2021-01-08 HTTP/1.1" 200 413
180.156.237.57 - - [08/Jan/2021:08:56:58 +0800] "POST /xingrg/kc/base/wldb_order_operate.html HTTP/1.1" 200 12
180.156.237.57 - - [08/Jan/2021:08:56:58 +0800] "POST /xingrg/kc/base/wldb_order_operate.html HTTP/1.1" 200 2654
222.70.170.138 - - [08/Jan/2021:08:57:00 +0800] "GET /xingrg/all/function/internal_message.html?_=1610067421410&CODE_STATE=getMsg HTTP/1.1" 200 27
58.37.230.33 - - [08/Jan/2021:08:57:01 +0800] "GET /xingrg/all/function/internal_message.html?_=1610067439094&CODE_STATE=getMsg HTTP/1.1" 200 27
180.156.237.57 - - [08/Jan/2021:08:57:01 +0800] "GET /xingrg/kc/base/wldb_order_info.html?code=422021010800919 HTTP/1.1" 200 26388
180.156.237.57 - - [08/Jan/2021:08:57:02 +0800] "GET /xingrg/javascript/easyui/themes/default/validatebox.css HTTP/1.1" 404 1104
180.156.237.57 - - [08/Jan/2021:08:57:02 +0800] "POST /xingrg/kc/base/wldb_order_operate.html HTTP/1.1" 200 938
61.165.42.208 - - [08/Jan/2021:08:57:02 +0800] "GET /xingrg/all/function/internal_message.html?_=1610067423901&CODE_STATE=getMsg HTTP/1.1" 200 27
61.165.42.208 - - [08/Jan/2021:08:57:02 +0800] "GET /xingrg/check_reg.html?_=1610067423906 HTTP/1.1" 200 22
222.69.138.28 - - [08/Jan/2021:08:57:29 +0800] "GET /xingrg/kc/buy/cgsh_order_operate.html?command=get_materiel&rest_code=00149&code=00101008355&supplier_code=00100005&order_time=2021-01-08 HTTP/1.1" 200 408
120.253.135.82 - - [08/Jan/2021:08:57:31 +0800] "GET /xingrg/all/function/internal_message.html?_=1610067207576&CODE_STATE=getMsg HTTP/1.1" 200 27
120.253.135.82 - - [08/Jan/2021:08:57:31 +0800] "GET /xingrg/check_reg.html?_=1610067207890 HTTP/1.1" 200 22
114.88.169.67 - - [08/Jan/2021:08:57:37 +0800] "GET /xingrg/all/function/internal_message.html?_=1610067452367&CODE_STATE=getMsg HTTP/1.1" 200 27
222.69.138.28 - - [08/Jan/2021:08:57:41 +0800] "GET /xingrg/kc/buy/cgsh_order_operate.html?command=get_materiel&rest_code=00149&code=00101008264&supplier_code=00100005&order_time=2021-01-08 HTTP/1.1" 200 412
180.156.237.57 - - [08/Jan/2021:08:57:43 +0800] "GET /xingrg/check_reg.html?_=1610067438041 HTTP/1.1" 200 22
180.156.237.57 - - [08/Jan/2021:08:57:43 +0800] "GET /xingrg/all/function/internal_message.html?_=1610067438298&CODE_STATE=getMsg HTTP/1.1" 200 27
61.165.42.208 - - [08/Jan/2021:08:57:45 +0800] "GET /xingrg/kc/buy/cgsh_order_operate.html?command=get_materiel&rest_code=00105&code=00101007082&supplier_code=00100002&order_time=2021-01-08 HTTP/1.1" 200 427
180.156.237.57 - - [08/Jan/2021:08:57:46 +0800] "GET /xingrg/kc/base/yddb_order_add.html HTTP/1.1" 200 29745
180.156.237.57 - - [08/Jan/2021:08:57:46 +0800] "GET /xingrg/dwr/interface/AjaxYddbService.js HTTP/1.1" 200 13201
180.156.237.57 - - [08/Jan/2021:08:57:46 +0800] "GET /xingrg/dwr/interface/AjaxComOrderService.js HTTP/1.1" 200 18264
180.156.237.57 - - [08/Jan/2021:08:57:46 +0800] "GET /xingrg/dwr/engine.js HTTP/1.1" 200 43631
180.156.237.57 - - [08/Jan/2021:08:57:49 +0800] "POST /xingrg/dwr/call/plaincall/AjaxYddbService.getRestBases.dwr HTTP/1.1" 200 1514
222.69.138.28 - - [08/Jan/2021:08:57:51 +0800] "GET /xingrg/kc/buy/cgsh_order_operate.html?command=get_materiel&rest_code=00149&code=00101008356&supplier_code=00100005&order_time=2021-01-08 HTTP/1.1" 200 408
222.69.138.28 - - [08/Jan/2021:08:57:53 +0800] "GET /xingrg/all/function/internal_message.html?_=1610067468428&CODE_STATE=getMsg HTTP/1.1" 200 27
180.156.237.57 - - [08/Jan/2021:08:57:55 +0800] "GET /xingrg/all/function/internal_message.html?_=1610067473680&CODE_STATE=getMsg HTTP/1.1" 200 27
180.156.237.57 - - [08/Jan/2021:08:57:55 +0800] "POST /xingrg/dwr/call/plaincall/AjaxYddbService.saveOrder.dwr HTTP/1.1" 200 78
180.156.237.57 - - [08/Jan/2021:08:57:58 +0800] "POST /xingrg/dwr/call/plaincall/AjaxComOrderService.getMaterielSearchList.dwr HTTP/1.1" 200 967
180.156.237.57 - - [08/Jan/2021:08:57:59 +0800] "POST /xingrg/dwr/call/plaincall/AjaxYddbService.getMaterielByMap.dwr HTTP/1.1" 200 3671
172.17.0.185 - - [08/Jan/2021:08:57:59 +0800] "GET /xingrg/check_reg.html?_=1610067476311 HTTP/1.1" 200 22
222.70.170.138 - - [08/Jan/2021:08:58:00 +0800] "GET /xingrg/all/function/internal_message.html?_=1610067481425&CODE_STATE=getMsg HTTP/1.1" 200 27
58.37.230.33 - - [08/Jan/2021:08:58:01 +0800] "GET /xingrg/all/function/internal_message.html?_=1610067499076&CODE_STATE=getMsg HTTP/1.1" 200 27
180.156.237.57 - - [08/Jan/2021:08:58:02 +0800] "POST /xingrg/dwr/call/plaincall/AjaxYddbService.saveMaterielItem.dwr HTTP/1.1" 200 78
61.165.42.208 - - [08/Jan/2021:08:58:02 +0800] "GET /xingrg/all/function/internal_message.html?_=1610067483899&CODE_STATE=getMsg HTTP/1.1" 200 27
222.69.138.28 - - [08/Jan/2021:08:58:09 +0800] "GET /xingrg/kc/buy/cgsh_order_operate.html?command=get_materiel&rest_code=00149&code=00101008251&supplier_code=00100005&order_time=2021-01-08 HTTP/1.1" 200 408
180.156.237.57 - - [08/Jan/2021:08:58:09 +0800] "POST /xingrg/dwr/call/plaincall/AjaxYddbService.checkOrder.dwr HTTP/1.1" 200 78
180.156.237.57 - - [08/Jan/2021:08:58:10 +0800] "GET /xingrg/kc/base/yddb_order_info.html?code=482021010800057 HTTP/1.1" 200 29373
180.156.237.57 - - [08/Jan/2021:08:58:10 +0800] "GET /xingrg/dwr/interface/AjaxYddbService.js HTTP/1.1" 200 13201
180.156.237.57 - - [08/Jan/2021:08:58:10 +0800] "GET /xingrg/dwr/interface/AjaxComOrderService.js HTTP/1.1" 200 18264
180.156.237.57 - - [08/Jan/2021:08:58:10 +0800] "GET /xingrg/dwr/engine.js HTTP/1.1" 200 43631
180.156.237.57 - - [08/Jan/2021:08:58:10 +0800] "POST /xingrg/dwr/call/plaincall/AjaxYddbService.loadMaterielItems.dwr HTTP/1.1" 200 396
61.165.42.208 - - [08/Jan/2021:08:58:14 +0800] "GET /xingrg/kc/buy/cgsh_order_operate.html?command=get_materiel&rest_code=00105&code=00101007061&supplier_code=00100002&order_time=2021-01-08 HTTP/1.1" 200 409
222.69.138.28 - - [08/Jan/2021:08:58:17 +0800] "POST /xingrg/kc/buy/cgsh_order_operate.html HTTP/1.1" 200 2065
222.69.138.28 - - [08/Jan/2021:08:58:22 +0800] "GET /xingrg/kc/buy/cgsh_order_operate.html?command=get_materiel&rest_code=00149&code=00101008223&supplier_code=00100005&order_time=2021-01-08 HTTP/1.1" 200 412
120.253.135.82 - - [08/Jan/2021:08:58:31 +0800] "GET /xingrg/all/function/internal_message.html?_=1610067267589&CODE_STATE=getMsg HTTP/1.1" 200 27
222.69.138.28 - - [08/Jan/2021:08:58:37 +0800] "GET /xingrg/kc/buy/cgsh_order_operate.html?command=get_materiel&rest_code=00149&code=00101008079&supplier_code=00100005&order_time=2021-01-08 HTTP/1.1" 200 416
114.88.169.67 - - [08/Jan/2021:08:58:37 +0800] "GET /xingrg/all/function/internal_message.html?_=1610067512381&CODE_STATE=getMsg HTTP/1.1" 200 27
61.165.42.208 - - [08/Jan/2021:08:58:42 +0800] "GET /xingrg/kc/buy/cgsh_order_operate.html?command=get_materiel&rest_code=00105&code=00101006166&supplier_code=00100002&order_time=2021-01-08 HTTP/1.1" 200 421
180.156.237.57 - - [08/Jan/2021:08:58:43 +0800] "GET /xingrg/all/function/internal_message.html?_=1610067498311&CODE_STATE=getMsg HTTP/1.1" 200 27
101.91.60.108 - - [08/Jan/2021:08:58:44 +0800] "GET /xingrg/all/function/internal_message.html?_=1610067019256&CODE_STATE=getMsg HTTP/1.1" 302 -
180.156.237.57 - - [08/Jan/2021:08:58:46 +0800] "GET /xingrg/kc/buy/cgsh_order_list.html HTTP/1.1" 200 45647
101.91.60.108 - - [08/Jan/2021:08:58:46 +0800] "GET /xingrg/login.html HTTP/1.1" 200 7641
180.156.237.57 - - [08/Jan/2021:08:58:47 +0800] "POST /xingrg/kc/buy/cgsh_list_operate.html HTTP/1.1" 200 1690
180.156.237.57 - - [08/Jan/2021:08:58:48 +0800] "GET /xingrg/kc/buy/cgsh_order_add.html HTTP/1.1" 200 61302
180.156.237.57 - - [08/Jan/2021:08:58:48 +0800] "POST /xingrg/kc/buy/cgsh_order_operate.html HTTP/1.1" 200 8245
180.156.237.57 - - [08/Jan/2021:08:58:48 +0800] "GET /xingrg/javascript/easyui/themes/default/validatebox.css HTTP/1.1" 404 1104
222.69.138.28 - - [08/Jan/2021:08:58:53 +0800] "GET /xingrg/all/function/internal_message.html?_=1610067528414&CODE_STATE=getMsg HTTP/1.1" 200 27
222.69.138.28 - - [08/Jan/2021:08:58:54 +0800] "POST /xingrg/kc/buy/cgsh_order_operate.html HTTP/1.1" 200 37
180.156.237.57 - - [08/Jan/2021:08:58:55 +0800] "GET /xingrg/all/function/internal_message.html?_=1610067533662&CODE_STATE=getMsg HTTP/1.1" 200 27
222.69.138.28 - - [08/Jan/2021:08:58:55 +0800] "POST /xingrg/kc/buy/cgsh_order_operate.html HTTP/1.1" 200 25730
183.192.164.85 - - [08/Jan/2021:08:58:56 +0800] "GET /xingrg/check_reg.html?_=1610067007850 HTTP/1.1" 302 -
222.70.170.138 - - [08/Jan/2021:08:58:59 +0800] "GET /xingrg/check_reg.html?_=1610067540101 HTTP/1.1" 200 22
222.70.170.138 - - [08/Jan/2021:08:59:00 +0800] "GET /xingrg/all/function/internal_message.html?_=1610067541439&CODE_STATE=getMsg HTTP/1.1" 200 27
58.37.230.33 - - [08/Jan/2021:08:59:01 +0800] "GET /xingrg/all/function/internal_message.html?_=1610067559049&CODE_STATE=getMsg HTTP/1.1" 200 27
61.165.42.208 - - [08/Jan/2021:08:59:02 +0800] "GET /xingrg/kc/buy/cgsh_order_operate.html?command=get_materiel&rest_code=00105&code=00101007125&supplier_code=00100002&order_time=2021-01-08 HTTP/1.1" 200 406
61.165.42.208 - - [08/Jan/2021:08:59:02 +0800] "GET /xingrg/all/function/internal_message.html?_=1610067544025&CODE_STATE=getMsg HTTP/1.1" 200 27
183.192.164.85 - - [08/Jan/2021:08:59:03 +0800] "GET /xingrg/login.html HTTP/1.1" 200 7641
180.156.237.57 - - [08/Jan/2021:08:59:04 +0800] "GET /xingrg/kc/buy/cgsh_order_operate.html?command=get_materiel&rest_code=00150&code=00101031001&supplier_code=00100064&order_time=2021-01-08 HTTP/1.1" 200 419
61.165.42.208 - - [08/Jan/2021:08:59:08 +0800] "POST /xingrg/kc/buy/cgsh_order_operate.html HTTP/1.1" 200 37
180.156.237.57 - - [08/Jan/2021:08:59:12 +0800] "POST /xingrg/kc/buy/cgsh_order_operate.html HTTP/1.1" 200 37
61.165.42.208 - - [08/Jan/2021:08:59:12 +0800] "POST /xingrg/kc/buy/cgsh_order_operate.html HTTP/1.1" 200 4450
61.165.42.208 - - [08/Jan/2021:08:59:13 +0800] "GET /xingrg/kc/print/load_config.html?kc_code=cgsh HTTP/1.1" 200 1845
61.165.42.208 - - [08/Jan/2021:08:59:13 +0800] "GET /xingrg/kc/print/load_data.html?order_code=212021010802987&kc_code=cgsh&condition= HTTP/1.1" 200 1433
180.156.237.57 - - [08/Jan/2021:08:59:14 +0800] "POST /xingrg/kc/buy/cgsh_order_operate.html HTTP/1.1" 200 12
180.156.237.57 - - [08/Jan/2021:08:59:14 +0800] "GET /xingrg/kc/buy/cgsh_order_info.html?code=212021010802988 HTTP/1.1" 200 56205
180.156.237.57 - - [08/Jan/2021:08:59:15 +0800] "GET /xingrg/javascript/easyui/themes/default/validatebox.css HTTP/1.1" 404 1104
180.156.237.57 - - [08/Jan/2021:08:59:15 +0800] "POST /xingrg/kc/buy/cgsh_order_operate.html HTTP/1.1" 200 615
180.156.237.57 - - [08/Jan/2021:08:59:16 +0800] "GET /xingrg/kc/print/load_config.html?kc_code=cgsh HTTP/1.1" 200 1845
180.156.237.57 - - [08/Jan/2021:08:59:16 +0800] "GET /xingrg/kc/print/load_data.html?order_code=212021010802988&kc_code=cgsh&condition= HTTP/1.1" 200 751
58.221.95.50 - - [08/Jan/2021:08:59:17 +0800] "GET /xingrg/check_reg.html?_=1610067554517 HTTP/1.1" 302 -
61.165.42.208 - - [08/Jan/2021:08:59:27 +0800] "GET /xingrg/kc/buy/cgsh_order_add.html HTTP/1.1" 200 61425
61.165.42.208 - - [08/Jan/2021:08:59:27 +0800] "POST /xingrg/kc/buy/cgsh_order_operate.html HTTP/1.1" 200 8245
61.165.42.208 - - [08/Jan/2021:08:59:27 +0800] "GET /xingrg/javascript/easyui/themes/default/validatebox.css HTTP/1.1" 404 1104
180.156.237.57 - - [08/Jan/2021:08:59:28 +0800] "POST /xingrg/all/user/operate.html HTTP/1.1" 200 36
180.156.237.57 - - [08/Jan/2021:08:59:28 +0800] "GET /xingrg/index.html?sysBaseUrl=http%3A%2F%2F180.169.147.146%3A18081%2Fxingrg%2F&costTime=72×tamp=1610011089297 HTTP/1.1" 200 17177
180.156.237.57 - - [08/Jan/2021:08:59:28 +0800] "GET /xingrg/javascript/jquery_easy_ui/themes/default/easyui.css HTTP/1.1" 304 -
180.156.237.57 - - [08/Jan/2021:08:59:28 +0800] "GET /xingrg/javascript/jquery_easy_ui/themes/icon.css HTTP/1.1" 304 -
180.156.237.57 - - [08/Jan/2021:08:59:28 +0800] "GET /xingrg/css/form.css HTTP/1.1" 304 -
180.156.237.57 - - [08/Jan/2021:08:59:28 +0800] "GET /xingrg/javascript/jquery-1.4.2.min.js HTTP/1.1" 304 -
180.156.237.57 - - [08/Jan/2021:08:59:28 +0800] "GET /xingrg/javascript/jquery_easy_ui/jquery.easyui.min.js HTTP/1.1" 304 -
180.156.237.57 - - [08/Jan/2021:08:59:28 +0800] "GET /xingrg/javascript/jquery_easy_ui/easyui-lang-zh_CN.js HTTP/1.1" 304 -
180.156.237.57 - - [08/Jan/2021:08:59:28 +0800] "GET /xingrg/javascript/jquery.form.js HTTP/1.1" 304 -
180.156.237.57 - - [08/Jan/2021:08:59:28 +0800] "GET /xingrg/javascript/jquery.utils.js HTTP/1.1" 304 -
180.156.237.57 - - [08/Jan/2021:08:59:28 +0800] "GET /xingrg/javascript/jquery.timers.js HTTP/1.1" 304 -
180.156.237.57 - - [08/Jan/2021:08:59:28 +0800] "GET /xingrg/images/blue/jxLogo.png HTTP/1.1" 304 -
180.156.237.57 - - [08/Jan/2021:08:59:28 +0800] "GET /xingrg/images/blue/navBackgound.jpg HTTP/1.1" 304 -
180.156.237.57 - - [08/Jan/2021:08:59:28 +0800] "GET /xingrg/javascript/jquery_easy_ui/themes/icons/settle_new.png HTTP/1.1" 304 -
180.156.237.57 - - [08/Jan/2021:08:59:28 +0800] "POST /xingrg/all/common/load_tree.html?tree=area_rest_tree_json&manage=1 HTTP/1.1" 200 476
180.156.237.57 - - [08/Jan/2021:08:59:28 +0800] "GET /xingrg/all/function/internal_message.html?_=1610067566876&CODE_STATE=count HTTP/1.1" 200 11
180.156.237.57 - - [08/Jan/2021:08:59:28 +0800] "GET /xingrg/check_reg.html?_=1610067566878 HTTP/1.1" 200 22
180.156.237.57 - - [08/Jan/2021:08:59:28 +0800] "GET /xingrg/images/blue/pingpu.png HTTP/1.1" 304 -
180.156.237.57 - - [08/Jan/2021:08:59:28 +0800] "GET /xingrg/javascript/jquery_easy_ui/themes/default/images/panel_tool_collapse.gif HTTP/1.1" 304 -
180.156.237.57 - - [08/Jan/2021:08:59:28 +0800] "GET /xingrg/javascript/jquery_easy_ui/themes/default/images/tabs_rightarrow.png HTTP/1.1" 304 -
180.156.237.57 - - [08/Jan/2021:08:59:28 +0800] "GET /xingrg/javascript/jquery_easy_ui/themes/default/images/tabs_leftarrow.png HTTP/1.1" 304 -
180.156.237.57 - - [08/Jan/2021:08:59:28 +0800] "POST /xingrg/load_menu.html HTTP/1.1" 200 5138
58.37.230.33 - - [08/Jan/2021:08:59:30 +0800] "GET /xingrg/check_reg.html?_=1610067588019 HTTP/1.1" 200 22
120.253.135.82 - - [08/Jan/2021:08:59:31 +0800] "GET /xingrg/all/function/internal_message.html?_=1610067327604&CODE_STATE=getMsg HTTP/1.1" 200 27
180.156.237.57 - - [08/Jan/2021:08:59:31 +0800] "GET /xingrg/kc/base/yddb_order_list.html HTTP/1.1" 200 16949
180.156.237.57 - - [08/Jan/2021:08:59:31 +0800] "POST /xingrg/kc/base/yddb_list_operate.html HTTP/1.1" 200 636
180.156.237.57 - - [08/Jan/2021:08:59:33 +0800] "POST /xingrg/kc/base/yddb_list_operate.html HTTP/1.1" 200 1863
222.69.138.28 - - [08/Jan/2021:08:59:34 +0800] "GET /xingrg/kc/buy/cgsh_order_operate.html?command=get_materiel&rest_code=00149&code=00101008293&supplier_code=00100005&order_time=2021-01-08 HTTP/1.1" 200 421
180.156.237.57 - - [08/Jan/2021:08:59:35 +0800] "POST /xingrg/kc/base/yddb_list_operate.html HTTP/1.1" 200 204
180.156.237.57 - - [08/Jan/2021:08:59:35 +0800] "GET /xingrg/kc/base/yddb_order_info.html?code=482021010800057 HTTP/1.1" 200 30938
180.156.237.57 - - [08/Jan/2021:08:59:35 +0800] "GET /xingrg/dwr/interface/AjaxYddbService.js HTTP/1.1" 200 13201
180.156.237.57 - - [08/Jan/2021:08:59:35 +0800] "GET /xingrg/dwr/interface/AjaxComOrderService.js HTTP/1.1" 200 18264
180.156.237.57 - - [08/Jan/2021:08:59:36 +0800] "GET /xingrg/dwr/engine.js HTTP/1.1" 200 43631
180.156.237.57 - - [08/Jan/2021:08:59:36 +0800] "POST /xingrg/dwr/call/plaincall/AjaxYddbService.loadMaterielItems.dwr HTTP/1.1" 200 396
61.165.42.208 - - [08/Jan/2021:08:59:36 +0800] "GET /xingrg/kc/buy/cgsh_order_operate.html?command=get_materiel&rest_code=00105&code=00101002027&supplier_code=00100397&order_time=2021-01-08 HTTP/1.1" 200 432
114.88.169.67 - - [08/Jan/2021:08:59:37 +0800] "GET /xingrg/all/function/internal_message.html?_=1610067572424&CODE_STATE=getMsg HTTP/1.1" 200 27
180.156.237.57 - - [08/Jan/2021:08:59:40 +0800] "POST /xingrg/dwr/call/plaincall/AjaxYddbService.saveOrder.dwr HTTP/1.1" 200 78
180.156.237.57 - - [08/Jan/2021:08:59:43 +0800] "POST /xingrg/dwr/call/plaincall/AjaxYddbService.objCheckOrder.dwr HTTP/1.1" 200 78
180.156.237.57 - - [08/Jan/2021:08:59:43 +0800] "GET /xingrg/all/function/internal_message.html?_=1610067558325&CODE_STATE=getMsg HTTP/1.1" 200 27
180.156.237.57 - - [08/Jan/2021:08:59:43 +0800] "GET /xingrg/kc/base/yddb_order_info.html?code=482021010800057 HTTP/1.1" 200 31059
180.156.237.57 - - [08/Jan/2021:08:59:43 +0800] "GET /xingrg/dwr/interface/AjaxComOrderService.js HTTP/1.1" 200 18264
180.156.237.57 - - [08/Jan/2021:08:59:43 +0800] "GET /xingrg/dwr/interface/AjaxYddbService.js HTTP/1.1" 200 13201
180.156.237.57 - - [08/Jan/2021:08:59:43 +0800] "GET /xingrg/dwr/engine.js HTTP/1.1" 200 43631
180.156.237.57 - - [08/Jan/2021:08:59:43 +0800] "POST /xingrg/dwr/call/plaincall/AjaxYddbService.loadMaterielItems.dwr HTTP/1.1" 200 396
180.156.237.57 - - [08/Jan/2021:08:59:44 +0800] "GET /xingrg/kc/base/yddb_order_list.html?isBack=1 HTTP/1.1" 200 16949
180.156.237.57 - - [08/Jan/2021:08:59:44 +0800] "POST /xingrg/kc/base/yddb_list_operate.html HTTP/1.1" 200 636
180.156.237.57 - - [08/Jan/2021:08:59:47 +0800] "POST /xingrg/kc/base/yddb_list_operate.html HTTP/1.1" 200 1606
180.156.237.57 - - [08/Jan/2021:08:59:48 +0800] "POST /xingrg/kc/base/yddb_list_operate.html HTTP/1.1" 200 623
180.156.237.57 - - [08/Jan/2021:08:59:48 +0800] "GET /xingrg/kc/base/yddb_order_info.html?code=482021010800056 HTTP/1.1" 200 30940
180.156.237.57 - - [08/Jan/2021:08:59:48 +0800] "GET /xingrg/dwr/interface/AjaxComOrderService.js HTTP/1.1" 200 18264
180.156.237.57 - - [08/Jan/2021:08:59:48 +0800] "GET /xingrg/dwr/interface/AjaxYddbService.js HTTP/1.1" 200 13201
180.156.237.57 - - [08/Jan/2021:08:59:49 +0800] "GET /xingrg/dwr/engine.js HTTP/1.1" 200 43631
180.156.237.57 - - [08/Jan/2021:08:59:49 +0800] "POST /xingrg/dwr/call/plaincall/AjaxYddbService.loadMaterielItems.dwr HTTP/1.1" 200 4161
61.165.42.208 - - [08/Jan/2021:08:59:51 +0800] "GET /xingrg/kc/buy/cgsh_order_operate.html?command=get_materiel&rest_code=00105&code=00101001010&supplier_code=00100397&order_time=2021-01-08 HTTP/1.1" 200 408
222.69.138.28 - - [08/Jan/2021:08:59:53 +0800] "GET /xingrg/all/function/internal_message.html?_=1610067588387&CODE_STATE=getMsg HTTP/1.1" 200 27
180.156.237.57 - - [08/Jan/2021:08:59:55 +0800] "POST /xingrg/dwr/call/plaincall/AjaxYddbService.saveOrder.dwr HTTP/1.1" 200 78
61.165.42.208 - - [08/Jan/2021:08:59:57 +0800] "GET /xingrg/kc/buy/cgsh_order_operate.html?command=get_materiel&rest_code=00105&code=00101001061&supplier_code=00100397&order_time=2021-01-08 HTTP/1.1" 200 417
180.156.237.57 - - [08/Jan/2021:08:59:58 +0800] "POST /xingrg/dwr/call/plaincall/AjaxYddbService.objCheckOrder.dwr HTTP/1.1" 200 78
180.156.237.57 - - [08/Jan/2021:08:59:59 +0800] "GET /xingrg/kc/base/yddb_order_info.html?code=482021010800056 HTTP/1.1" 200 31061
180.156.237.57 - - [08/Jan/2021:09:00:00 +0800] "GET /xingrg/dwr/interface/AjaxComOrderService.js HTTP/1.1" 200 18264
180.156.237.57 - - [08/Jan/2021:09:00:00 +0800] "GET /xingrg/dwr/interface/AjaxYddbService.js HTTP/1.1" 200 13201
180.156.237.57 - - [08/Jan/2021:09:00:00 +0800] "GET /xingrg/dwr/engine.js HTTP/1.1" 200 43631
180.156.237.57 - - [08/Jan/2021:09:00:00 +0800] "POST /xingrg/dwr/call/plaincall/AjaxYddbService.loadMaterielItems.dwr HTTP/1.1" 200 4161
222.70.170.138 - - [08/Jan/2021:09:00:00 +0800] "GET /xingrg/all/function/internal_message.html?_=1610067601453&CODE_STATE=getMsg HTTP/1.1" 200 27
58.37.230.33 - - [08/Jan/2021:09:00:01 +0800] "GET /xingrg/all/function/internal_message.html?_=1610067619031&CODE_STATE=getMsg HTTP/1.1" 200 27
61.165.42.208 - - [08/Jan/2021:09:00:02 +0800] "GET /xingrg/all/function/internal_message.html?_=1610067603996&CODE_STATE=getMsg HTTP/1.1" 200 27
180.156.237.57 - - [08/Jan/2021:09:00:04 +0800] "GET /xingrg/kc/base/yddb_order_list.html?isBack=1 HTTP/1.1" 200 16949
180.156.237.57 - - [08/Jan/2021:09:00:04 +0800] "POST /xingrg/kc/base/yddb_list_operate.html HTTP/1.1" 200 636
180.156.237.57 - - [08/Jan/2021:09:00:07 +0800] "POST /xingrg/kc/base/yddb_list_operate.html HTTP/1.1" 200 1347
180.156.237.57 - - [08/Jan/2021:09:00:07 +0800] "POST /xingrg/kc/base/yddb_list_operate.html HTTP/1.1" 200 360
180.156.237.57 - - [08/Jan/2021:09:00:08 +0800] "GET /xingrg/kc/base/yddb_order_info.html?code=482021010800055 HTTP/1.1" 200 30940
180.156.237.57 - - [08/Jan/2021:09:00:08 +0800] "GET /xingrg/dwr/interface/AjaxComOrderService.js HTTP/1.1" 200 18264
180.156.237.57 - - [08/Jan/2021:09:00:08 +0800] "GET /xingrg/dwr/interface/AjaxYddbService.js HTTP/1.1" 200 13201
180.156.237.57 - - [08/Jan/2021:09:00:08 +0800] "GET /xingrg/dwr/engine.js HTTP/1.1" 200 43631
180.156.237.57 - - [08/Jan/2021:09:00:08 +0800] "POST /xingrg/dwr/call/plaincall/AjaxYddbService.loadMaterielItems.dwr HTTP/1.1" 200 1055
180.156.237.57 - - [08/Jan/2021:09:00:11 +0800] "POST /xingrg/dwr/call/plaincall/AjaxYddbService.saveOrder.dwr HTTP/1.1" 200 78
222.69.138.28 - - [08/Jan/2021:09:00:12 +0800] "GET /xingrg/kc/buy/cgsh_order_operate.html?command=get_materiel&rest_code=00149&code=00101008357&supplier_code=00100005&order_time=2021-01-08 HTTP/1.1" 200 408
180.156.237.57 - - [08/Jan/2021:09:00:13 +0800] "POST /xingrg/dwr/call/plaincall/AjaxYddbService.objCheckOrder.dwr HTTP/1.1" 200 78
180.156.237.57 - - [08/Jan/2021:09:00:15 +0800] "GET /xingrg/kc/base/yddb_order_info.html?code=482021010800055 HTTP/1.1" 200 31061
180.156.237.57 - - [08/Jan/2021:09:00:15 +0800] "GET /xingrg/dwr/interface/AjaxYddbService.js HTTP/1.1" 200 13201
180.156.237.57 - - [08/Jan/2021:09:00:15 +0800] "GET /xingrg/dwr/interface/AjaxComOrderService.js HTTP/1.1" 200 18264
180.156.237.57 - - [08/Jan/2021:09:00:15 +0800] "GET /xingrg/dwr/engine.js HTTP/1.1" 200 43631
180.156.237.57 - - [08/Jan/2021:09:00:15 +0800] "POST /xingrg/dwr/call/plaincall/AjaxYddbService.loadMaterielItems.dwr HTTP/1.1" 200 1055
117.185.32.26 - - [08/Jan/2021:09:00:16 +0800] "GET /xingrg/check_reg.html?_=1610067607799 HTTP/1.1" 200 22
180.156.237.57 - - [08/Jan/2021:09:00:18 +0800] "GET /xingrg/kc/base/yddb_order_list.html?isBack=1 HTTP/1.1" 200 16949
180.156.237.57 - - [08/Jan/2021:09:00:18 +0800] "POST /xingrg/kc/base/yddb_list_operate.html HTTP/1.1" 200 636
61.165.42.208 - - [08/Jan/2021:09:00:19 +0800] "GET /xingrg/kc/buy/cgsh_order_operate.html?command=get_materiel&rest_code=00105&code=00101005037&supplier_code=00100397&order_time=2021-01-08 HTTP/1.1" 200 409
180.156.237.57 - - [08/Jan/2021:09:00:20 +0800] "POST /xingrg/kc/base/yddb_list_operate.html HTTP/1.1" 200 636
114.88.169.67 - - [08/Jan/2021:09:00:23 +0800] "GET /xingrg/check_reg.html?_=1610067618046 HTTP/1.1" 200 22
222.69.138.28 - - [08/Jan/2021:09:00:25 +0800] "GET /xingrg/kc/buy/cgsh_order_operate.html?command=get_materiel&rest_code=00149&code=00101008069&supplier_code=00100005&order_time=2021-01-08 HTTP/1.1" 200 412
180.156.237.57 - - [08/Jan/2021:09:00:28 +0800] "GET /xingrg/all/function/internal_message.html?_=1610067626901&CODE_STATE=getMsg HTTP/1.1" 200 27
61.165.42.208 - - [08/Jan/2021:09:00:29 +0800] "POST /xingrg/kc/buy/cgsh_order_operate.html HTTP/1.1" 200 37
61.165.42.208 - - [08/Jan/2021:09:00:30 +0800] "POST /xingrg/kc/buy/cgsh_order_operate.html HTTP/1.1" 200 3846
120.253.135.82 - - [08/Jan/2021:09:00:31 +0800] "GET /xingrg/all/function/internal_message.html?_=1610067387861&CODE_STATE=getMsg HTTP/1.1" 200 27
114.88.169.67 - - [08/Jan/2021:09:00:37 +0800] "GET /xingrg/all/function/internal_message.html?_=1610067632438&CODE_STATE=getMsg HTTP/1.1" 200 27
222.69.138.28 - - [08/Jan/2021:09:00:41 +0800] "GET /xingrg/kc/buy/cgsh_order_operate.html?command=get_materiel&rest_code=00149&code=00101008286&supplier_code=00100005&order_time=2021-01-08 HTTP/1.1" 200 408
180.156.237.57 - - [08/Jan/2021:09:00:43 +0800] "GET /xingrg/all/function/internal_message.html?_=1610067618375&CODE_STATE=getMsg HTTP/1.1" 200 27
222.69.138.28 - - [08/Jan/2021:09:00:46 +0800] "POST /xingrg/kc/buy/cgsh_order_operate.html HTTP/1.1" 200 2065
222.69.138.28 - - [08/Jan/2021:09:00:51 +0800] "GET /xingrg/kc/buy/cgsh_order_operate.html?command=get_materiel&rest_code=00149&code=00101008036&supplier_code=00100005&order_time=2021-01-08 HTTP/1.1" 200 408
222.69.138.28 - - [08/Jan/2021:09:00:53 +0800] "GET /xingrg/all/function/internal_message.html?_=1610067648368&CODE_STATE=getMsg HTTP/1.1" 200 27
222.70.170.138 - - [08/Jan/2021:09:01:00 +0800] "GET /xingrg/all/function/internal_message.html?_=1610067661466&CODE_STATE=getMsg HTTP/1.1" 200 27
58.37.230.33 - - [08/Jan/2021:09:01:01 +0800] "GET /xingrg/all/function/internal_message.html?_=1610067679014&CODE_STATE=getMsg HTTP/1.1" 200 27
61.165.42.208 - - [08/Jan/2021:09:01:02 +0800] "GET /xingrg/all/function/internal_message.html?_=1610067664135&CODE_STATE=getMsg HTTP/1.1" 200 27
222.69.138.28 - - [08/Jan/2021:09:01:27 +0800] "GET /xingrg/kc/buy/cgsh_order_operate.html?command=get_materiel&rest_code=00149&code=00101008131&supplier_code=00100005&order_time=2021-01-08 HTTP/1.1" 200 408
180.156.237.57 - - [08/Jan/2021:09:01:28 +0800] "GET /xingrg/all/function/internal_message.html?_=1610067686903&CODE_STATE=getMsg HTTP/1.1" 200 27
120.253.135.82 - - [08/Jan/2021:09:01:31 +0800] "GET /xingrg/all/function/internal_message.html?_=1610067447863&CODE_STATE=getMsg HTTP/1.1" 200 27
114.88.169.67 - - [08/Jan/2021:09:01:34 +0800] "GET /xingrg/javascript/jquery_easy_ui/themes/icons/rest.png HTTP/1.1" 304 -
114.88.169.67 - - [08/Jan/2021:09:01:34 +0800] "GET /xingrg/javascript/jquery_easy_ui/themes/icons/area.png HTTP/1.1" 304 -
114.88.169.67 - - [08/Jan/2021:09:01:36 +0800] "GET /xingrg/kc/buy/cgyd_order_list.html HTTP/1.1" 200 45107
114.88.169.67 - - [08/Jan/2021:09:01:36 +0800] "GET /xingrg/css/base.css HTTP/1.1" 304 -
114.88.169.67 - - [08/Jan/2021:09:01:36 +0800] "GET /xingrg/javascript/easyui/themes/default/easyui.css HTTP/1.1" 304 -
114.88.169.67 - - [08/Jan/2021:09:01:36 +0800] "GET /xingrg/javascript/easyui/themes/icon.css HTTP/1.1" 304 -
114.88.169.67 - - [08/Jan/2021:09:01:36 +0800] "GET /xingrg/javascript/auto/jquery.autocomplete.css HTTP/1.1" 304 -
114.88.169.67 - - [08/Jan/2021:09:01:36 +0800] "GET /xingrg/javascript/jquery_tools/jquery.tools.extend.js HTTP/1.1" 304 -
114.88.169.67 - - [08/Jan/2021:09:01:36 +0800] "GET /xingrg/javascript/jquery_tools/datebox.css HTTP/1.1" 304 -
114.88.169.67 - - [08/Jan/2021:09:01:36 +0800] "GET /xingrg/javascript/jquery_tools/fix.css HTTP/1.1" 304 -
114.88.169.67 - - [08/Jan/2021:09:01:36 +0800] "GET /xingrg/javascript/jquery_tools/jquery.tools.min.js HTTP/1.1" 304 -
114.88.169.67 - - [08/Jan/2021:09:01:36 +0800] "GET /xingrg/javascript/jquery_tools/table.css HTTP/1.1" 304 -
114.88.169.67 - - [08/Jan/2021:09:01:36 +0800] "GET /xingrg/css/site.css HTTP/1.1" 304 -
114.88.169.67 - - [08/Jan/2021:09:01:36 +0800] "GET /xingrg/javascript/jquery_tools/jquery.tools.hotkey.js HTTP/1.1" 304 -
114.88.169.67 - - [08/Jan/2021:09:01:36 +0800] "GET /xingrg/javascript/jquery_tools/list_manager.js HTTP/1.1" 304 -
114.88.169.67 - - [08/Jan/2021:09:01:36 +0800] "GET /xingrg/javascript/auto/jquery.autocomplete.js HTTP/1.1" 304 -
114.88.169.67 - - [08/Jan/2021:09:01:36 +0800] "GET /xingrg/javascript/jquery.cookie.js HTTP/1.1" 304 -
114.88.169.67 - - [08/Jan/2021:09:01:36 +0800] "GET /xingrg/javascript/easyui/easyloader.js HTTP/1.1" 304 -
114.88.169.67 - - [08/Jan/2021:09:01:36 +0800] "GET /xingrg/javascript/print/LodopFuncs.js HTTP/1.1" 304 -
114.88.169.67 - - [08/Jan/2021:09:01:36 +0800] "GET /xingrg/javascript/jquery_tools/jquery.tools.table.js HTTP/1.1" 304 -
114.88.169.67 - - [08/Jan/2021:09:01:36 +0800] "GET /xingrg/javascript/jquery.utils.js HTTP/1.1" 304 -
114.88.169.67 - - [08/Jan/2021:09:01:37 +0800] "GET /xingrg/javascript/easyui/plugins/jquery.parser.js HTTP/1.1" 304 -
114.88.169.67 - - [08/Jan/2021:09:01:37 +0800] "POST /xingrg/kc/buy/cgyd_list_operate.html HTTP/1.1" 200 976
114.88.169.67 - - [08/Jan/2021:09:01:37 +0800] "GET /xingrg/kc/buy/cgsh_order_list.html HTTP/1.1" 200 45641
114.88.169.67 - - [08/Jan/2021:09:01:37 +0800] "GET /xingrg/all/function/internal_message.html?_=1610067692604&CODE_STATE=getMsg HTTP/1.1" 200 27
114.88.169.67 - - [08/Jan/2021:09:01:38 +0800] "POST /xingrg/kc/buy/cgsh_list_operate.html HTTP/1.1" 200 876
222.69.138.28 - - [08/Jan/2021:09:01:39 +0800] "GET /xingrg/kc/buy/cgsh_order_operate.html?command=get_materiel&rest_code=00149&code=00101008233&supplier_code=00100005&order_time=2021-01-08 HTTP/1.1" 200 408
180.156.237.57 - - [08/Jan/2021:09:01:43 +0800] "GET /xingrg/all/function/internal_message.html?_=1610067678384&CODE_STATE=getMsg HTTP/1.1" 200 27
114.88.169.67 - - [08/Jan/2021:09:01:49 +0800] "POST /xingrg/kc/buy/cgsh_list_operate.html HTTP/1.1" 200 5875
222.69.138.28 - - [08/Jan/2021:09:01:52 +0800] "GET /xingrg/check_reg.html?_=1610067707988 HTTP/1.1" 200 22
222.69.138.28 - - [08/Jan/2021:09:01:53 +0800] "GET /xingrg/all/function/internal_message.html?_=1610067708344&CODE_STATE=getMsg HTTP/1.1" 200 27
222.69.138.28 - - [08/Jan/2021:09:01:54 +0800] "GET /xingrg/kc/buy/cgsh_order_operate.html?command=get_materiel&rest_code=00149&code=00101008296&supplier_code=00100005&order_time=2021-01-08 HTTP/1.1" 200 416
222.70.170.138 - - [08/Jan/2021:09:02:01 +0800] "GET /xingrg/all/function/internal_message.html?_=1610067722183&CODE_STATE=getMsg HTTP/1.1" 200 27
58.37.230.33 - - [08/Jan/2021:09:02:01 +0800] "GET /xingrg/all/function/internal_message.html?_=1610067738995&CODE_STATE=getMsg HTTP/1.1" 200 27
222.69.138.28 - - [08/Jan/2021:09:02:01 +0800] "POST /xingrg/kc/buy/cgsh_order_operate.html HTTP/1.1" 200 2065
61.165.42.208 - - [08/Jan/2021:09:02:02 +0800] "GET /xingrg/check_reg.html?_=1610067723895 HTTP/1.1" 200 22
61.165.42.208 - - [08/Jan/2021:09:02:02 +0800] "GET /xingrg/all/function/internal_message.html?_=1610067723956&CODE_STATE=getMsg HTTP/1.1" 200 27
114.88.169.67 - - [08/Jan/2021:09:02:09 +0800] "POST /xingrg/kc/buy/cgsh_list_operate.html HTTP/1.1" 200 6002
222.69.138.28 - - [08/Jan/2021:09:02:11 +0800] "GET /xingrg/kc/buy/cgsh_order_operate.html?command=get_materiel&rest_code=00149&code=00101008352&supplier_code=00100005&order_time=2021-01-08 HTTP/1.1" 200 412
114.88.169.67 - - [08/Jan/2021:09:02:15 +0800] "POST /xingrg/kc/buy/cgsh_list_operate.html HTTP/1.1" 200 5993
114.88.169.67 - - [08/Jan/2021:09:02:27 +0800] "POST /xingrg/kc/buy/cgsh_list_operate.html HTTP/1.1" 200 6019
