61.165.42.208 - - [08/Jan/2021:11:11:02 +0800] "GET /xingrg/all/function/internal_message.html?_=1610075463498&CODE_STATE=getMsg HTTP/1.1" 200 27
114.86.230.32 - - [08/Jan/2021:11:11:04 +0800] "GET /xingrg/kc/buy/cgsh_order_operate.html?command=get_materiel&rest_code=00109&code=00101007049&supplier_code=00100004&order_time=2021-01-08 HTTP/1.1" 200 409
180.156.237.57 - - [08/Jan/2021:11:11:04 +0800] "GET /xingrg/kc/mdqp/qqps_order_list.html HTTP/1.1" 200 9222
180.156.237.57 - - [08/Jan/2021:11:11:04 +0800] "GET /xingrg/css/blue.css HTTP/1.1" 304 -
180.156.237.57 - - [08/Jan/2021:11:11:04 +0800] "GET /xingrg/dwr/util.js HTTP/1.1" 304 -
180.156.237.57 - - [08/Jan/2021:11:11:04 +0800] "GET /xingrg/javascript/Calendar.js HTTP/1.1" 304 -
180.156.237.57 - - [08/Jan/2021:11:11:04 +0800] "GET /xingrg/javascript/myfunction.js HTTP/1.1" 304 -
180.156.237.57 - - [08/Jan/2021:11:11:04 +0800] "GET /xingrg/javascript/ToolTips.js HTTP/1.1" 304 -
180.156.237.57 - - [08/Jan/2021:11:11:04 +0800] "GET /xingrg/dwr/interface/AjaxReportQueryService.js HTTP/1.1" 200 13203
180.156.237.57 - - [08/Jan/2021:11:11:04 +0800] "GET /xingrg/dwr/interface/AjaxQqpsService.js HTTP/1.1" 200 16326
180.156.237.57 - - [08/Jan/2021:11:11:04 +0800] "GET /xingrg/dwr/engine.js HTTP/1.1" 200 43631
222.69.133.109 - - [08/Jan/2021:11:11:05 +0800] "GET /xingrg/all/function/internal_message.html?_=1610075465047&CODE_STATE=getMsg HTTP/1.1" 200 27
180.156.237.57 - - [08/Jan/2021:11:11:06 +0800] "GET /xingrg/kc/mdqp/qqps_order_add.html HTTP/1.1" 200 28002
180.156.237.57 - - [08/Jan/2021:11:11:06 +0800] "GET /xingrg/javascript/tools/jquery.qtip-1.0.0-rc3.min.js HTTP/1.1" 304 -
180.156.237.57 - - [08/Jan/2021:11:11:06 +0800] "GET /xingrg/javascript/AjaxInfoList.js HTTP/1.1" 304 -
180.156.237.57 - - [08/Jan/2021:11:11:06 +0800] "GET /xingrg/javascript/Grid.js HTTP/1.1" 304 -
180.156.237.57 - - [08/Jan/2021:11:11:06 +0800] "GET /xingrg/dwr/interface/AjaxQqpsService.js HTTP/1.1" 200 16326
180.156.237.57 - - [08/Jan/2021:11:11:06 +0800] "GET /xingrg/dwr/interface/AjaxComOrderService.js HTTP/1.1" 200 18264
180.156.237.57 - - [08/Jan/2021:11:11:07 +0800] "GET /xingrg/dwr/engine.js HTTP/1.1" 200 43631
58.40.7.146 - - [08/Jan/2021:11:11:07 +0800] "GET /xingrg/check_reg.html?_=1610075464891 HTTP/1.1" 200 22
58.40.7.146 - - [08/Jan/2021:11:11:07 +0800] "GET /xingrg/all/function/internal_message.html?_=1610075464893&CODE_STATE=getMsg HTTP/1.1" 200 27
120.204.17.73 - - [08/Jan/2021:11:11:07 +0800] "GET /xingrg/login.html HTTP/1.1" 200 7641
180.175.150.119 - - [08/Jan/2021:11:11:09 +0800] "GET /xingrg/check_reg.html?_=1610075467426 HTTP/1.1" 200 22
180.175.150.119 - - [08/Jan/2021:11:11:10 +0800] "GET /xingrg/all/function/internal_message.html?_=1610075468547&CODE_STATE=getMsg HTTP/1.1" 200 27
114.86.230.32 - - [08/Jan/2021:11:11:11 +0800] "GET /xingrg/kc/buy/cgsh_order_operate.html?command=get_materiel&rest_code=00109&code=00101007075&supplier_code=00100004&order_time=2021-01-08 HTTP/1.1" 200 408
172.17.0.120 - - [08/Jan/2021:11:11:14 +0800] "GET /xingrg/all/function/internal_message.html?_=1610075470978&CODE_STATE=getMsg HTTP/1.1" 200 27
120.253.135.82 - - [08/Jan/2021:11:11:14 +0800] "GET /xingrg/check_reg.html?_=1610075510663 HTTP/1.1" 200 22
120.253.135.82 - - [08/Jan/2021:11:11:14 +0800] "GET /xingrg/all/function/internal_message.html?_=1610075510903&CODE_STATE=getMsg HTTP/1.1" 200 27
120.204.169.30 - - [08/Jan/2021:11:11:16 +0800] "GET /xingrg/all/function/internal_message.html?_=1610075472582&CODE_STATE=getMsg HTTP/1.1" 200 27
180.156.237.57 - - [08/Jan/2021:11:11:20 +0800] "POST /xingrg/dwr/call/plaincall/AjaxQqpsService.saveOrder.dwr HTTP/1.1" 200 78
116.228.172.94 - - [08/Jan/2021:11:11:22 +0800] "GET /xingrg/all/function/internal_message.html?_=1610075472740&CODE_STATE=getMsg HTTP/1.1" 200 27
180.162.108.15 - - [08/Jan/2021:11:11:22 +0800] "GET /xingrg/all/function/internal_message.html?_=1610075354109&CODE_STATE=getMsg HTTP/1.1" 200 27
114.86.230.32 - - [08/Jan/2021:11:11:22 +0800] "POST /xingrg/kc/buy/cgsh_order_operate.html HTTP/1.1" 200 37
172.17.0.108 - - [08/Jan/2021:11:11:23 +0800] "GET /xingrg/all/function/internal_message.html?_=1610075481053&CODE_STATE=getMsg HTTP/1.1" 200 27
114.86.230.32 - - [08/Jan/2021:11:11:23 +0800] "POST /xingrg/kc/buy/cgsh_order_operate.html HTTP/1.1" 200 5010
117.131.5.26 - - [08/Jan/2021:11:11:23 +0800] "GET /xingrg/kc/buy/cgsh_order_operate.html?command=get_materiel&rest_code=00104&code=00101006065&supplier_code=00100012&order_time=2021-01-08 HTTP/1.1" 200 409
114.86.230.32 - - [08/Jan/2021:11:11:24 +0800] "GET /xingrg/kc/print/load_config.html?kc_code=cgsh HTTP/1.1" 200 1845
114.86.230.32 - - [08/Jan/2021:11:11:24 +0800] "GET /xingrg/kc/print/load_data.html?order_code=212021010803045&kc_code=cgsh&condition= HTTP/1.1" 200 1612
180.156.237.57 - - [08/Jan/2021:11:11:25 +0800] "POST /xingrg/dwr/call/plaincall/AjaxQqpsService.getMaterielByCode.dwr HTTP/1.1" 200 3672
180.156.237.57 - - [08/Jan/2021:11:11:28 +0800] "POST /xingrg/dwr/call/plaincall/AjaxQqpsService.saveMaterielItem.dwr HTTP/1.1" 200 78
180.175.150.119 - - [08/Jan/2021:11:11:31 +0800] "GET /xingrg/check_reg.html?_=1610075725291 HTTP/1.1" 200 22
180.156.237.57 - - [08/Jan/2021:11:11:31 +0800] "POST /xingrg/dwr/call/plaincall/AjaxQqpsService.checkOrder.dwr HTTP/1.1" 200 78
180.156.237.57 - - [08/Jan/2021:11:11:32 +0800] "GET /xingrg/kc/mdqp/qqps_order_info.html?code=302021010800201 HTTP/1.1" 200 26409
180.156.237.57 - - [08/Jan/2021:11:11:32 +0800] "GET /xingrg/dwr/interface/AjaxComOrderService.js HTTP/1.1" 200 18264
180.156.237.57 - - [08/Jan/2021:11:11:32 +0800] "GET /xingrg/dwr/interface/AjaxQqpsService.js HTTP/1.1" 200 16326
180.156.237.57 - - [08/Jan/2021:11:11:32 +0800] "GET /xingrg/dwr/engine.js HTTP/1.1" 200 43631
180.175.150.119 - - [08/Jan/2021:11:11:32 +0800] "GET /xingrg/all/function/internal_message.html?_=1610075726929&CODE_STATE=getMsg HTTP/1.1" 200 27
117.185.32.26 - - [08/Jan/2021:11:11:33 +0800] "GET /xingrg/all/function/internal_message.html?_=1610075959425&CODE_STATE=getMsg HTTP/1.1" 200 27
180.156.237.57 - - [08/Jan/2021:11:11:33 +0800] "POST /xingrg/dwr/call/plaincall/AjaxQqpsService.loadMaterielItems.dwr HTTP/1.1" 200 400
117.131.5.26 - - [08/Jan/2021:11:11:35 +0800] "GET /xingrg/all/function/internal_message.html?_=1610075541309&CODE_STATE=getMsg HTTP/1.1" 200 27
222.70.174.6 - - [08/Jan/2021:11:11:40 +0800] "GET /xingrg/all/function/internal_message.html?_=1610075502045&CODE_STATE=getMsg HTTP/1.1" 200 27
114.86.230.32 - - [08/Jan/2021:11:11:40 +0800] "GET /xingrg/kc/buy/cgsh_order_add.html HTTP/1.1" 200 61425
114.86.230.32 - - [08/Jan/2021:11:11:40 +0800] "POST /xingrg/kc/buy/cgsh_order_operate.html HTTP/1.1" 200 8245
114.86.230.32 - - [08/Jan/2021:11:11:40 +0800] "GET /xingrg/all/common/auto_word.html?type=employee&rest_code=00109 HTTP/1.1" 200 205
114.86.230.32 - - [08/Jan/2021:11:11:40 +0800] "GET /xingrg/javascript/easyui/themes/default/validatebox.css HTTP/1.1" 404 1104
114.86.230.32 - - [08/Jan/2021:11:11:40 +0800] "GET /xingrg/all/common/auto_word.html?type=employee&rest_code=00109 HTTP/1.1" 200 205
61.165.42.208 - - [08/Jan/2021:11:11:46 +0800] "GET /xingrg/all/function/internal_message.html?_=1610075486305&CODE_STATE=getMsg HTTP/1.1" 200 27
117.131.5.26 - - [08/Jan/2021:11:11:47 +0800] "GET /xingrg/kc/buy/cgsh_order_operate.html?command=get_materiel&rest_code=00104&code=00101006129&supplier_code=00100012&order_time=2021-01-08 HTTP/1.1" 200 451
114.86.230.32 - - [08/Jan/2021:11:11:47 +0800] "GET /xingrg/all/function/internal_message.html?_=1610075504763&CODE_STATE=getMsg HTTP/1.1" 200 27
114.86.230.32 - - [08/Jan/2021:11:11:50 +0800] "GET /xingrg/kc/buy/cgsh_order_operate.html?command=get_materiel&rest_code=00109&code=00101008323&supplier_code=00100005&order_time=2021-01-08 HTTP/1.1" 200 408
180.156.237.57 - - [08/Jan/2021:11:11:51 +0800] "GET /xingrg/all/function/internal_message.html?_=1610075509937&CODE_STATE=getMsg HTTP/1.1" 200 27
172.17.0.103 - - [08/Jan/2021:11:11:52 +0800] "GET /xingrg/all/function/internal_message.html?_=1610075511293&CODE_STATE=getMsg HTTP/1.1" 200 27
114.88.169.67 - - [08/Jan/2021:11:11:52 +0800] "GET /xingrg/all/function/internal_message.html?_=1610075507755&CODE_STATE=getMsg HTTP/1.1" 200 27
101.93.222.235 - - [08/Jan/2021:11:11:53 +0800] "POST /xingrg/services/DataTransmitService HTTP/1.1" 200 524
101.93.222.235 - - [08/Jan/2021:11:11:53 +0800] "POST /xingrg/services/DataTransmitService HTTP/1.1" 200 501
117.185.32.26 - - [08/Jan/2021:11:11:53 +0800] "GET /xingrg/all/function/internal_message.html?_=1610075505086&CODE_STATE=getMsg HTTP/1.1" 200 27
172.17.200.101 - - [08/Jan/2021:11:11:54 +0800] "GET /xingrg/all/function/internal_message.html?_=1610075515678&CODE_STATE=getMsg HTTP/1.1" 200 27
180.156.237.57 - - [08/Jan/2021:11:11:56 +0800] "GET /xingrg/all/function/internal_message.html?_=1610075491226&CODE_STATE=getMsg HTTP/1.1" 200 27
114.86.230.32 - - [08/Jan/2021:11:11:57 +0800] "GET /xingrg/kc/buy/cgsh_order_operate.html?command=get_materiel&rest_code=00109&code=00101008331&supplier_code=00100005&order_time=2021-01-08 HTTP/1.1" 200 416
58.37.230.33 - - [08/Jan/2021:11:11:58 +0800] "GET /xingrg/all/function/internal_message.html?_=1610075535964&CODE_STATE=getMsg HTTP/1.1" 200 27
117.131.5.26 - - [08/Jan/2021:11:12:02 +0800] "POST /xingrg/kc/buy/cgsh_order_operate.html HTTP/1.1" 200 37
61.165.42.208 - - [08/Jan/2021:11:12:02 +0800] "GET /xingrg/all/function/internal_message.html?_=1610075523242&CODE_STATE=getMsg HTTP/1.1" 200 27
61.165.42.208 - - [08/Jan/2021:11:12:02 +0800] "GET /xingrg/check_reg.html?_=1610075523990 HTTP/1.1" 200 22
114.86.230.32 - - [08/Jan/2021:11:12:03 +0800] "GET /xingrg/kc/buy/cgsh_order_operate.html?command=get_materiel&rest_code=00109&code=00101008199&supplier_code=00100005&order_time=2021-01-08 HTTP/1.1" 200 408
222.69.133.109 - - [08/Jan/2021:11:12:05 +0800] "GET /xingrg/all/function/internal_message.html?_=1610075525049&CODE_STATE=getMsg HTTP/1.1" 200 27
58.40.7.146 - - [08/Jan/2021:11:12:07 +0800] "GET /xingrg/all/function/internal_message.html?_=1610075524879&CODE_STATE=getMsg HTTP/1.1" 200 27
117.131.5.26 - - [08/Jan/2021:11:12:08 +0800] "POST /xingrg/kc/buy/cgsh_order_operate.html HTTP/1.1" 200 4443
114.86.230.32 - - [08/Jan/2021:11:12:09 +0800] "GET /xingrg/kc/buy/cgsh_order_operate.html?command=get_materiel&rest_code=00109&code=00101008003&supplier_code=00100005&order_time=2021-01-08 HTTP/1.1" 200 408
117.131.5.26 - - [08/Jan/2021:11:12:09 +0800] "GET /xingrg/kc/print/load_data.html?order_code=212021010803046&kc_code=cgsh&condition= HTTP/1.1" 200 1458
180.175.150.119 - - [08/Jan/2021:11:12:10 +0800] "GET /xingrg/all/function/internal_message.html?_=1610075528557&CODE_STATE=getMsg HTTP/1.1" 200 27
172.17.0.120 - - [08/Jan/2021:11:12:14 +0800] "GET /xingrg/all/function/internal_message.html?_=1610075530984&CODE_STATE=getMsg HTTP/1.1" 200 27
120.253.135.82 - - [08/Jan/2021:11:12:14 +0800] "GET /xingrg/all/function/internal_message.html?_=1610075570915&CODE_STATE=getMsg HTTP/1.1" 200 27
114.86.230.32 - - [08/Jan/2021:11:12:14 +0800] "GET /xingrg/kc/buy/cgsh_order_operate.html?command=get_materiel&rest_code=00109&code=00101008087&supplier_code=00100005&order_time=2021-01-08 HTTP/1.1" 200 412
120.204.169.30 - - [08/Jan/2021:11:12:16 +0800] "GET /xingrg/all/function/internal_message.html?_=1610075532601&CODE_STATE=getMsg HTTP/1.1" 200 27
114.86.230.32 - - [08/Jan/2021:11:12:20 +0800] "GET /xingrg/kc/buy/cgsh_order_operate.html?command=get_materiel&rest_code=00109&code=00101008270&supplier_code=00100005&order_time=2021-01-08 HTTP/1.1" 200 412
116.228.172.94 - - [08/Jan/2021:11:12:22 +0800] "GET /xingrg/all/function/internal_message.html?_=1610075532710&CODE_STATE=getMsg HTTP/1.1" 200 27
180.162.108.15 - - [08/Jan/2021:11:12:22 +0800] "GET /xingrg/all/function/internal_message.html?_=1610075414110&CODE_STATE=getMsg HTTP/1.1" 200 27
180.162.108.15 - - [08/Jan/2021:11:12:22 +0800] "GET /xingrg/check_reg.html?_=1610075414113 HTTP/1.1" 200 22
172.17.0.108 - - [08/Jan/2021:11:12:23 +0800] "GET /xingrg/all/function/internal_message.html?_=1610075541042&CODE_STATE=getMsg HTTP/1.1" 200 27
114.86.230.32 - - [08/Jan/2021:11:12:26 +0800] "GET /xingrg/kc/buy/cgsh_order_operate.html?command=get_materiel&rest_code=00109&code=00101008155&supplier_code=00100005&order_time=2021-01-08 HTTP/1.1" 200 408
222.70.174.6 - - [08/Jan/2021:11:12:31 +0800] "POST /xingrg/kc/buy/cgsh_list_operate.html HTTP/1.1" 200 5504
114.86.230.32 - - [08/Jan/2021:11:12:31 +0800] "GET /xingrg/kc/buy/cgsh_order_operate.html?command=get_materiel&rest_code=00109&code=00101008257&supplier_code=00100005&order_time=2021-01-08 HTTP/1.1" 200 416
222.70.174.6 - - [08/Jan/2021:11:12:32 +0800] "GET /xingrg/kc/buy/cgsh_order_list.html HTTP/1.1" 200 45647
180.175.150.119 - - [08/Jan/2021:11:12:32 +0800] "GET /xingrg/all/function/internal_message.html?_=1610075786943&CODE_STATE=getMsg HTTP/1.1" 200 27
117.185.32.26 - - [08/Jan/2021:11:12:33 +0800] "GET /xingrg/all/function/internal_message.html?_=1610076019409&CODE_STATE=getMsg HTTP/1.1" 200 27
222.70.174.6 - - [08/Jan/2021:11:12:33 +0800] "POST /xingrg/kc/buy/cgsh_list_operate.html HTTP/1.1" 200 2048
222.70.174.6 - - [08/Jan/2021:11:12:35 +0800] "GET /xingrg/kc/buy/cgsh_order_add.html HTTP/1.1" 200 61384
117.131.5.26 - - [08/Jan/2021:11:12:35 +0800] "GET /xingrg/all/function/internal_message.html?_=1610075601312&CODE_STATE=getMsg HTTP/1.1" 200 27
222.70.174.6 - - [08/Jan/2021:11:12:35 +0800] "POST /xingrg/kc/buy/cgsh_order_operate.html HTTP/1.1" 200 8245
222.70.174.6 - - [08/Jan/2021:11:12:35 +0800] "GET /xingrg/javascript/easyui/themes/default/validatebox.css HTTP/1.1" 404 1104
222.70.174.6 - - [08/Jan/2021:11:12:40 +0800] "GET /xingrg/all/function/internal_message.html?_=1610075562058&CODE_STATE=getMsg HTTP/1.1" 200 27
114.86.230.32 - - [08/Jan/2021:11:12:43 +0800] "GET /xingrg/kc/buy/cgsh_order_operate.html?command=get_materiel&rest_code=00109&code=00101008155&supplier_code=00100005&order_time=2021-01-08 HTTP/1.1" 200 408
61.165.42.208 - - [08/Jan/2021:11:12:46 +0800] "GET /xingrg/all/function/internal_message.html?_=1610075546306&CODE_STATE=getMsg HTTP/1.1" 200 27
61.165.42.208 - - [08/Jan/2021:11:12:46 +0800] "GET /xingrg/check_reg.html?_=1610075546309 HTTP/1.1" 200 22
114.86.230.32 - - [08/Jan/2021:11:12:47 +0800] "GET /xingrg/all/function/internal_message.html?_=1610075564765&CODE_STATE=getMsg HTTP/1.1" 200 27
180.156.237.57 - - [08/Jan/2021:11:12:51 +0800] "GET /xingrg/all/function/internal_message.html?_=1610075569951&CODE_STATE=getMsg HTTP/1.1" 200 27
172.17.0.103 - - [08/Jan/2021:11:12:52 +0800] "GET /xingrg/all/function/internal_message.html?_=1610075571263&CODE_STATE=getMsg HTTP/1.1" 200 27
114.88.169.67 - - [08/Jan/2021:11:12:52 +0800] "GET /xingrg/all/function/internal_message.html?_=1610075567770&CODE_STATE=getMsg HTTP/1.1" 200 27
117.185.32.26 - - [08/Jan/2021:11:12:53 +0800] "GET /xingrg/all/function/internal_message.html?_=1610075565058&CODE_STATE=getMsg HTTP/1.1" 200 27
172.17.200.101 - - [08/Jan/2021:11:12:54 +0800] "GET /xingrg/all/function/internal_message.html?_=1610075575686&CODE_STATE=getMsg HTTP/1.1" 200 27
114.86.230.32 - - [08/Jan/2021:11:12:55 +0800] "GET /xingrg/kc/buy/cgsh_order_operate.html?command=get_materiel&rest_code=00109&code=00101008349&supplier_code=00100005&order_time=2021-01-08 HTTP/1.1" 200 412
222.70.174.6 - - [08/Jan/2021:11:12:56 +0800] "GET /xingrg/kc/buy/cgsh_order_operate.html?command=get_materiel&rest_code=00146&code=00101006055&supplier_code=00100012&order_time=2021-01-08 HTTP/1.1" 200 409
180.156.237.57 - - [08/Jan/2021:11:12:56 +0800] "GET /xingrg/all/function/internal_message.html?_=1610075551240&CODE_STATE=getMsg HTTP/1.1" 200 27
222.69.138.28 - - [08/Jan/2021:11:12:56 +0800] "GET /xingrg/all/function/internal_message.html?_=1610075372030&CODE_STATE=getMsg HTTP/1.1" 200 27
58.37.230.33 - - [08/Jan/2021:11:12:58 +0800] "GET /xingrg/all/function/internal_message.html?_=1610075595936&CODE_STATE=getMsg HTTP/1.1" 200 27
172.17.0.185 - - [08/Jan/2021:11:12:59 +0800] "GET /xingrg/check_reg.html?_=1610075575714 HTTP/1.1" 200 22
61.165.42.208 - - [08/Jan/2021:11:13:02 +0800] "GET /xingrg/all/function/internal_message.html?_=1610075583215&CODE_STATE=getMsg HTTP/1.1" 200 27
222.69.133.109 - - [08/Jan/2021:11:13:05 +0800] "GET /xingrg/all/function/internal_message.html?_=1610075585049&CODE_STATE=getMsg HTTP/1.1" 200 27
222.69.133.109 - - [08/Jan/2021:11:13:05 +0800] "GET /xingrg/check_reg.html?_=1610075585053 HTTP/1.1" 200 22
124.77.238.8 - - [08/Jan/2021:11:13:06 +0800] "POST /xingrg/services/DataTransmitService HTTP/1.1" 200 524
58.40.7.146 - - [08/Jan/2021:11:13:07 +0800] "GET /xingrg/all/function/internal_message.html?_=1610075584881&CODE_STATE=getMsg HTTP/1.1" 200 27
114.86.230.32 - - [08/Jan/2021:11:13:08 +0800] "GET /xingrg/kc/buy/cgsh_order_operate.html?command=get_materiel&rest_code=00109&code=00101008350&supplier_code=00100005&order_time=2021-01-08 HTTP/1.1" 200 408
124.77.238.8 - - [08/Jan/2021:11:13:10 +0800] "POST /xingrg/services/DataTransmitService HTTP/1.1" 200 412
180.175.150.119 - - [08/Jan/2021:11:13:10 +0800] "GET /xingrg/all/function/internal_message.html?_=1610075588570&CODE_STATE=getMsg HTTP/1.1" 200 27
172.17.0.120 - - [08/Jan/2021:11:13:14 +0800] "GET /xingrg/all/function/internal_message.html?_=1610075590989&CODE_STATE=getMsg HTTP/1.1" 200 27
222.70.174.6 - - [08/Jan/2021:11:13:14 +0800] "GET /xingrg/kc/buy/cgsh_order_operate.html?command=get_materiel&rest_code=00146&code=00101006065&supplier_code=00100012&order_time=2021-01-08 HTTP/1.1" 200 411
120.253.135.82 - - [08/Jan/2021:11:13:14 +0800] "GET /xingrg/all/function/internal_message.html?_=1610075630929&CODE_STATE=getMsg HTTP/1.1" 200 27
117.131.5.26 - - [08/Jan/2021:11:13:15 +0800] "GET /xingrg/kc/buy/cgsh_order_add.html HTTP/1.1" 200 61384
117.131.5.26 - - [08/Jan/2021:11:13:16 +0800] "POST /xingrg/kc/buy/cgsh_order_operate.html HTTP/1.1" 200 8245
117.131.5.26 - - [08/Jan/2021:11:13:16 +0800] "GET /xingrg/javascript/easyui/themes/default/validatebox.css HTTP/1.1" 404 1104
120.204.169.30 - - [08/Jan/2021:11:13:16 +0800] "GET /xingrg/check_reg.html?_=1610075592585 HTTP/1.1" 200 22
120.204.169.30 - - [08/Jan/2021:11:13:16 +0800] "GET /xingrg/all/function/internal_message.html?_=1610075592589&CODE_STATE=getMsg HTTP/1.1" 200 27
117.131.5.26 - - [08/Jan/2021:11:13:17 +0800] "GET /xingrg/javascript/easyui/themes/default/tree.css HTTP/1.1" 404 1090
117.131.5.26 - - [08/Jan/2021:11:13:17 +0800] "POST /xingrg/all/common/load_tree.html?tree=supplier_tree_json&isDelete=1 HTTP/1.1" 200 53432
116.228.172.94 - - [08/Jan/2021:11:13:22 +0800] "GET /xingrg/all/function/internal_message.html?_=1610075592694&CODE_STATE=getMsg HTTP/1.1" 200 27
180.162.108.15 - - [08/Jan/2021:11:13:22 +0800] "GET /xingrg/all/function/internal_message.html?_=1610075474113&CODE_STATE=getMsg HTTP/1.1" 200 27
172.17.0.108 - - [08/Jan/2021:11:13:23 +0800] "GET /xingrg/all/function/internal_message.html?_=1610075601047&CODE_STATE=getMsg HTTP/1.1" 200 27
222.70.174.6 - - [08/Jan/2021:11:13:26 +0800] "GET /xingrg/kc/buy/cgsh_order_operate.html?command=get_materiel&rest_code=00146&code=00101006111&supplier_code=00100012&order_time=2021-01-08 HTTP/1.1" 200 409
180.175.150.119 - - [08/Jan/2021:11:13:32 +0800] "GET /xingrg/all/function/internal_message.html?_=1610075846956&CODE_STATE=getMsg HTTP/1.1" 200 27
117.185.32.26 - - [08/Jan/2021:11:13:33 +0800] "GET /xingrg/all/function/internal_message.html?_=1610076079392&CODE_STATE=getMsg HTTP/1.1" 200 27
117.131.5.26 - - [08/Jan/2021:11:13:35 +0800] "GET /xingrg/all/function/internal_message.html?_=1610075661309&CODE_STATE=getMsg HTTP/1.1" 200 27
222.69.138.28 - - [08/Jan/2021:11:13:36 +0800] "GET /xingrg/all/function/internal_message.html?_=1610075611949&CODE_STATE=getMsg HTTP/1.1" 200 27
117.131.5.26 - - [08/Jan/2021:11:13:38 +0800] "GET /xingrg/kc/buy/cgsh_order_operate.html?command=get_materiel&rest_code=00104&code=00101001010&supplier_code=00100040&order_time=2021-01-08 HTTP/1.1" 200 410
114.86.230.32 - - [08/Jan/2021:11:13:38 +0800] "GET /xingrg/kc/buy/cgsh_order_operate.html?command=get_materiel&rest_code=00109&code=00101008354&supplier_code=00100005&order_time=2021-01-08 HTTP/1.1" 200 412
222.70.174.6 - - [08/Jan/2021:11:13:40 +0800] "GET /xingrg/all/function/internal_message.html?_=1610075622071&CODE_STATE=getMsg HTTP/1.1" 200 27
222.70.174.6 - - [08/Jan/2021:11:13:41 +0800] "GET /xingrg/kc/buy/cgsh_order_operate.html?command=get_materiel&rest_code=00146&code=00101006109&supplier_code=00100012&order_time=2021-01-08 HTTP/1.1" 200 409
114.86.230.32 - - [08/Jan/2021:11:13:45 +0800] "GET /xingrg/kc/buy/cgsh_order_operate.html?command=get_materiel&rest_code=00109&code=00101008110&supplier_code=00100005&order_time=2021-01-08 HTTP/1.1" 200 408
180.157.253.48 - - [08/Jan/2021:11:13:46 +0800] "POST /xingrg/kc/buy/cgsh_order_operate.html HTTP/1.1" 200 12
61.165.42.208 - - [08/Jan/2021:11:13:46 +0800] "GET /xingrg/all/function/internal_message.html?_=1610075606309&CODE_STATE=getMsg HTTP/1.1" 200 27
222.69.138.28 - - [08/Jan/2021:11:13:46 +0800] "GET /xingrg/kc/buy/cgsh_order_list.html HTTP/1.1" 200 45647
180.157.253.48 - - [08/Jan/2021:11:13:47 +0800] "GET /xingrg/kc/buy/cgsh_order_info.html?code=212021010803044 HTTP/1.1" 200 56291
114.86.230.32 - - [08/Jan/2021:11:13:47 +0800] "GET /xingrg/all/function/internal_message.html?_=1610075624758&CODE_STATE=getMsg HTTP/1.1" 200 27
222.69.138.28 - - [08/Jan/2021:11:13:47 +0800] "POST /xingrg/kc/buy/cgsh_list_operate.html HTTP/1.1" 200 876
180.157.253.48 - - [08/Jan/2021:11:13:47 +0800] "GET /xingrg/javascript/easyui/themes/default/validatebox.css HTTP/1.1" 404 1104
180.157.253.48 - - [08/Jan/2021:11:13:48 +0800] "POST /xingrg/kc/buy/cgsh_order_operate.html HTTP/1.1" 200 604
222.69.138.28 - - [08/Jan/2021:11:13:49 +0800] "GET /xingrg/kc/buy/cgsh_order_add.html HTTP/1.1" 200 61431
222.69.138.28 - - [08/Jan/2021:11:13:49 +0800] "POST /xingrg/kc/buy/cgsh_order_operate.html HTTP/1.1" 200 8245
222.69.138.28 - - [08/Jan/2021:11:13:49 +0800] "GET /xingrg/javascript/easyui/themes/default/validatebox.css HTTP/1.1" 404 1104
180.157.253.48 - - [08/Jan/2021:11:13:50 +0800] "GET /xingrg/kc/print/load_data.html?order_code=212021010803044&kc_code=cgsh&condition= HTTP/1.1" 200 714
222.70.174.6 - - [08/Jan/2021:11:13:50 +0800] "GET /xingrg/kc/buy/cgsh_order_operate.html?command=get_materiel&rest_code=00146&code=00101006144&supplier_code=00100012&order_time=2021-01-08 HTTP/1.1" 200 409
117.185.32.26 - - [08/Jan/2021:11:13:50 +0800] "GET /xingrg/check_reg.html?_=1610075622470 HTTP/1.1" 200 22
222.69.138.28 - - [08/Jan/2021:11:13:50 +0800] "GET /xingrg/javascript/auto/indicator.gif HTTP/1.1" 404 1066
222.69.138.28 - - [08/Jan/2021:11:13:51 +0800] "GET /xingrg/javascript/jquery_tools/images/prev.gif HTTP/1.1" 404 1086
222.69.138.28 - - [08/Jan/2021:11:13:51 +0800] "GET /xingrg/javascript/jquery_tools/images/next.gif HTTP/1.1" 404 1086
180.156.237.57 - - [08/Jan/2021:11:13:51 +0800] "GET /xingrg/check_reg.html?_=1610075629950 HTTP/1.1" 200 22
180.156.237.57 - - [08/Jan/2021:11:13:51 +0800] "GET /xingrg/all/function/internal_message.html?_=1610075629951&CODE_STATE=getMsg HTTP/1.1" 200 27
172.17.0.103 - - [08/Jan/2021:11:13:52 +0800] "GET /xingrg/all/function/internal_message.html?_=1610075631242&CODE_STATE=getMsg HTTP/1.1" 200 27
114.86.230.32 - - [08/Jan/2021:11:13:52 +0800] "POST /xingrg/kc/buy/cgsh_order_operate.html HTTP/1.1" 200 37
114.88.169.67 - - [08/Jan/2021:11:13:52 +0800] "GET /xingrg/all/function/internal_message.html?_=1610075627893&CODE_STATE=getMsg HTTP/1.1" 200 27
114.86.230.32 - - [08/Jan/2021:11:13:53 +0800] "POST /xingrg/kc/buy/cgsh_order_operate.html HTTP/1.1" 200 9771
117.185.32.26 - - [08/Jan/2021:11:13:53 +0800] "GET /xingrg/all/function/internal_message.html?_=1610075625026&CODE_STATE=getMsg HTTP/1.1" 200 27
172.17.200.101 - - [08/Jan/2021:11:13:54 +0800] "GET /xingrg/all/function/internal_message.html?_=1610075635689&CODE_STATE=getMsg HTTP/1.1" 200 27
116.228.172.94 - - [08/Jan/2021:11:13:55 +0800] "POST /xingrg/all/common/load_select.html HTTP/1.1" 200 12
180.157.253.48 - - [08/Jan/2021:11:13:56 +0800] "GET /xingrg/kc/buy/cgsh_order_add.html HTTP/1.1" 200 61384
180.156.237.57 - - [08/Jan/2021:11:13:56 +0800] "GET /xingrg/all/function/internal_message.html?_=1610075611276&CODE_STATE=getMsg HTTP/1.1" 200 27
180.157.253.48 - - [08/Jan/2021:11:13:57 +0800] "POST /xingrg/kc/buy/cgsh_order_operate.html HTTP/1.1" 200 8245
180.157.253.48 - - [08/Jan/2021:11:13:57 +0800] "GET /xingrg/javascript/easyui/themes/default/validatebox.css HTTP/1.1" 404 1104
58.37.230.33 - - [08/Jan/2021:11:13:57 +0800] "GET /xingrg/all/function/internal_message.html?_=1610075655915&CODE_STATE=getMsg HTTP/1.1" 200 27
222.69.138.28 - - [08/Jan/2021:11:13:58 +0800] "GET /xingrg/kc/buy/cgsh_order_operate.html?command=get_materiel&rest_code=00149&code=00102002167&supplier_code=00100347&order_time=2021-01-08 HTTP/1.1" 200 428
180.157.253.48 - - [08/Jan/2021:11:14:00 +0800] "GET /xingrg/javascript/jquery_tools/images/prev.gif HTTP/1.1" 404 1086
180.157.253.48 - - [08/Jan/2021:11:14:00 +0800] "GET /xingrg/javascript/jquery_tools/images/next.gif HTTP/1.1" 404 1086
61.165.42.208 - - [08/Jan/2021:11:14:02 +0800] "GET /xingrg/all/function/internal_message.html?_=1610075643196&CODE_STATE=getMsg HTTP/1.1" 200 27
116.228.172.94 - - [08/Jan/2021:11:14:04 +0800] "GET /xingrg/kc/base/wldb_order_operate.html?command=get_materiel_price&rest_code=00107&base_code=0010152&code=00102004030&unit_code=00100003 HTTP/1.1" 200 35
222.69.133.109 - - [08/Jan/2021:11:14:05 +0800] "GET /xingrg/all/function/internal_message.html?_=1610075645040&CODE_STATE=getMsg HTTP/1.1" 200 27
117.131.5.26 - - [08/Jan/2021:11:14:05 +0800] "GET /xingrg/kc/buy/cgsh_order_operate.html?command=get_materiel&rest_code=00104&code=00101006161&supplier_code=00100040&order_time=2021-01-08 HTTP/1.1" 200 409
180.157.253.48 - - [08/Jan/2021:11:14:05 +0800] "GET /xingrg/kc/buy/cgsh_order_operate.html?command=get_materiel&rest_code=00148&code=00101001037&supplier_code=00100090&order_time=2021-01-08 HTTP/1.1" 200 414
222.69.138.28 - - [08/Jan/2021:11:14:05 +0800] "GET /xingrg/kc/buy/cgsh_order_operate.html?command=get_materiel&rest_code=00149&code=00101005022&supplier_code=00100347&order_time=2021-01-08 HTTP/1.1" 200 417
58.40.7.146 - - [08/Jan/2021:11:14:07 +0800] "GET /xingrg/all/function/internal_message.html?_=1610075644882&CODE_STATE=getMsg HTTP/1.1" 200 27
183.192.164.85 - - [08/Jan/2021:11:14:08 +0800] "GET /xingrg/all/function/internal_message.html?_=1610074965283&CODE_STATE=getMsg HTTP/1.1" 302 -
180.175.150.119 - - [08/Jan/2021:11:14:11 +0800] "GET /xingrg/all/function/internal_message.html?_=1610075649050&CODE_STATE=getMsg HTTP/1.1" 200 27
180.157.253.48 - - [08/Jan/2021:11:14:11 +0800] "POST /xingrg/kc/buy/cgsh_order_operate.html HTTP/1.1" 200 37
183.192.164.85 - - [08/Jan/2021:11:14:13 +0800] "GET /xingrg/login.html HTTP/1.1" 200 7641
172.17.0.120 - - [08/Jan/2021:11:14:14 +0800] "GET /xingrg/check_reg.html?_=1610075650980 HTTP/1.1" 200 22
172.17.0.120 - - [08/Jan/2021:11:14:14 +0800] "GET /xingrg/all/function/internal_message.html?_=1610075650993&CODE_STATE=getMsg HTTP/1.1" 200 27
222.70.174.6 - - [08/Jan/2021:11:14:14 +0800] "GET /xingrg/kc/buy/cgsh_order_operate.html?command=get_materiel&rest_code=00146&code=00101006006&supplier_code=00100012&order_time=2021-01-08 HTTP/1.1" 200 409
120.253.135.82 - - [08/Jan/2021:11:14:14 +0800] "GET /xingrg/all/function/internal_message.html?_=1610075690944&CODE_STATE=getMsg HTTP/1.1" 200 27
116.228.172.94 - - [08/Jan/2021:11:14:15 +0800] "GET /xingrg/kc/base/wldb_order_add.html HTTP/1.1" 200 30504
116.228.172.94 - - [08/Jan/2021:11:14:16 +0800] "GET /xingrg/javascript/easyui/themes/default/validatebox.css HTTP/1.1" 404 1104
116.228.172.94 - - [08/Jan/2021:11:14:16 +0800] "POST /xingrg/kc/base/wldb_order_operate.html HTTP/1.1" 200 6806
120.204.169.30 - - [08/Jan/2021:11:14:16 +0800] "GET /xingrg/all/function/internal_message.html?_=1610075652585&CODE_STATE=getMsg HTTP/1.1" 200 27
58.221.95.50 - - [08/Jan/2021:11:14:17 +0800] "GET /xingrg/check_reg.html?_=1610075654332 HTTP/1.1" 302 -
222.69.138.28 - - [08/Jan/2021:11:14:18 +0800] "GET /xingrg/kc/buy/cgsh_order_operate.html?command=get_materiel&rest_code=00149&code=00101008077&supplier_code=00100347&order_time=2021-01-08 HTTP/1.1" 200 416
116.228.172.94 - - [08/Jan/2021:11:14:19 +0800] "GET /xingrg/check_reg.html?_=1610075650009 HTTP/1.1" 200 22
180.157.253.48 - - [08/Jan/2021:11:14:20 +0800] "POST /xingrg/kc/buy/cgsh_order_operate.html HTTP/1.1" 200 12
117.131.5.26 - - [08/Jan/2021:11:14:21 +0800] "POST /xingrg/kc/buy/cgsh_order_operate.html HTTP/1.1" 200 37
180.157.253.48 - - [08/Jan/2021:11:14:22 +0800] "GET /xingrg/kc/buy/cgsh_order_info.html?code=212021010803048 HTTP/1.1" 200 56291
116.228.172.94 - - [08/Jan/2021:11:14:22 +0800] "GET /xingrg/all/function/internal_message.html?_=1610075652786&CODE_STATE=getMsg HTTP/1.1" 200 27
180.162.108.15 - - [08/Jan/2021:11:14:22 +0800] "GET /xingrg/all/function/internal_message.html?_=1610075534113&CODE_STATE=getMsg HTTP/1.1" 200 27
180.157.253.48 - - [08/Jan/2021:11:14:22 +0800] "GET /xingrg/javascript/easyui/themes/default/validatebox.css HTTP/1.1" 404 1104
117.131.5.26 - - [08/Jan/2021:11:14:22 +0800] "POST /xingrg/kc/buy/cgsh_order_operate.html HTTP/1.1" 200 3243
172.17.0.108 - - [08/Jan/2021:11:14:23 +0800] "GET /xingrg/check_reg.html?_=1610075661037 HTTP/1.1" 200 22
172.17.0.108 - - [08/Jan/2021:11:14:23 +0800] "GET /xingrg/all/function/internal_message.html?_=1610075661039&CODE_STATE=getMsg HTTP/1.1" 200 27
116.228.172.94 - - [08/Jan/2021:11:14:23 +0800] "GET /xingrg/kc/buy/cgsh_order_add.html HTTP/1.1" 200 61466
180.157.253.48 - - [08/Jan/2021:11:14:23 +0800] "POST /xingrg/kc/buy/cgsh_order_operate.html HTTP/1.1" 200 611
116.228.172.94 - - [08/Jan/2021:11:14:24 +0800] "GET /xingrg/javascript/easyui/themes/default/validatebox.css HTTP/1.1" 404 1104
116.228.172.94 - - [08/Jan/2021:11:14:24 +0800] "POST /xingrg/kc/buy/cgsh_order_operate.html HTTP/1.1" 200 8245
117.131.5.26 - - [08/Jan/2021:11:14:24 +0800] "GET /xingrg/kc/print/load_data.html?order_code=212021010803049&kc_code=cgsh&condition= HTTP/1.1" 200 972
116.228.172.94 - - [08/Jan/2021:11:14:28 +0800] "GET /xingrg/javascript/easyui/themes/default/tree.css HTTP/1.1" 404 1090
116.228.172.94 - - [08/Jan/2021:11:14:29 +0800] "POST /xingrg/all/common/load_tree.html?tree=supplier_tree_json&isDelete=1 HTTP/1.1" 200 53432
222.69.138.28 - - [08/Jan/2021:11:14:29 +0800] "GET /xingrg/kc/buy/cgsh_order_operate.html?command=get_materiel&rest_code=00149&code=00101001045&supplier_code=00100347&order_time=2021-01-08 HTTP/1.1" 200 423
180.157.253.48 - - [08/Jan/2021:11:14:29 +0800] "GET /xingrg/kc/print/load_data.html?order_code=212021010803048&kc_code=cgsh&condition= HTTP/1.1" 200 778
58.37.230.33 - - [08/Jan/2021:11:14:30 +0800] "GET /xingrg/check_reg.html?_=1610075688223 HTTP/1.1" 200 22
180.175.150.119 - - [08/Jan/2021:11:14:33 +0800] "GET /xingrg/all/function/internal_message.html?_=1610075907144&CODE_STATE=getMsg HTTP/1.1" 200 27
117.185.32.26 - - [08/Jan/2021:11:14:33 +0800] "GET /xingrg/all/function/internal_message.html?_=1610076139377&CODE_STATE=getMsg HTTP/1.1" 200 27
180.157.253.48 - - [08/Jan/2021:11:14:33 +0800] "GET /xingrg/check_reg.html?_=1610075673980 HTTP/1.1" 200 22
180.157.253.48 - - [08/Jan/2021:11:14:33 +0800] "GET /xingrg/all/function/internal_message.html?_=1610075673984&CODE_STATE=getMsg HTTP/1.1" 200 27
117.131.5.26 - - [08/Jan/2021:11:14:35 +0800] "GET /xingrg/all/function/internal_message.html?_=1610075721317&CODE_STATE=getMsg HTTP/1.1" 200 27
222.69.138.28 - - [08/Jan/2021:11:14:36 +0800] "GET /xingrg/all/function/internal_message.html?_=1610075671928&CODE_STATE=getMsg HTTP/1.1" 200 27
180.157.253.48 - - [08/Jan/2021:11:14:37 +0800] "GET /xingrg/kc/buy/cgsh_order_add.html HTTP/1.1" 200 61384
222.69.138.28 - - [08/Jan/2021:11:14:37 +0800] "GET /xingrg/check_reg.html?_=1610075672830 HTTP/1.1" 200 22
180.157.253.48 - - [08/Jan/2021:11:14:37 +0800] "POST /xingrg/kc/buy/cgsh_order_operate.html HTTP/1.1" 200 8245
180.157.253.48 - - [08/Jan/2021:11:14:37 +0800] "GET /xingrg/javascript/easyui/themes/default/validatebox.css HTTP/1.1" 404 1104
222.70.174.6 - - [08/Jan/2021:11:14:40 +0800] "GET /xingrg/kc/buy/cgsh_order_operate.html?command=get_materiel&rest_code=00146&code=00101006174&supplier_code=00100012&order_time=2021-01-08 HTTP/1.1" 200 414
222.70.174.6 - - [08/Jan/2021:11:14:40 +0800] "GET /xingrg/check_reg.html?_=1610075681904 HTTP/1.1" 200 22
222.70.174.6 - - [08/Jan/2021:11:14:40 +0800] "GET /xingrg/all/function/internal_message.html?_=1610075682086&CODE_STATE=getMsg HTTP/1.1" 200 27
61.165.42.208 - - [08/Jan/2021:11:14:46 +0800] "GET /xingrg/all/function/internal_message.html?_=1610075666310&CODE_STATE=getMsg HTTP/1.1" 200 27
114.86.230.32 - - [08/Jan/2021:11:14:47 +0800] "GET /xingrg/all/function/internal_message.html?_=1610075684770&CODE_STATE=getMsg HTTP/1.1" 200 27
114.86.230.32 - - [08/Jan/2021:11:14:47 +0800] "GET /xingrg/check_reg.html?_=1610075684772 HTTP/1.1" 200 22
180.157.253.48 - - [08/Jan/2021:11:14:49 +0800] "GET /xingrg/kc/buy/cgsh_order_operate.html?command=get_materiel&rest_code=00148&code=00101005020&supplier_code=00100340&order_time=2021-01-08 HTTP/1.1" 200 413
180.156.237.57 - - [08/Jan/2021:11:14:51 +0800] "GET /xingrg/all/function/internal_message.html?_=1610075689965&CODE_STATE=getMsg HTTP/1.1" 200 27
172.17.0.103 - - [08/Jan/2021:11:14:52 +0800] "GET /xingrg/all/function/internal_message.html?_=1610075691221&CODE_STATE=getMsg HTTP/1.1" 200 27
114.88.169.67 - - [08/Jan/2021:11:14:52 +0800] "GET /xingrg/all/function/internal_message.html?_=1610075687904&CODE_STATE=getMsg HTTP/1.1" 200 27
117.185.32.26 - - [08/Jan/2021:11:14:53 +0800] "GET /xingrg/all/function/internal_message.html?_=1610075684996&CODE_STATE=getMsg HTTP/1.1" 200 27
172.17.200.101 - - [08/Jan/2021:11:14:54 +0800] "GET /xingrg/all/function/internal_message.html?_=1610075695680&CODE_STATE=getMsg HTTP/1.1" 200 27
172.17.200.101 - - [08/Jan/2021:11:14:54 +0800] "GET /xingrg/check_reg.html?_=1610075695678 HTTP/1.1" 200 22
180.156.237.57 - - [08/Jan/2021:11:14:55 +0800] "GET /xingrg/check_reg.html?_=1610075670502 HTTP/1.1" 200 22
222.70.174.6 - - [08/Jan/2021:11:14:56 +0800] "GET /xingrg/kc/buy/cgsh_order_operate.html?command=get_materiel&rest_code=00146&code=00101006038&supplier_code=00100012&order_time=2021-01-08 HTTP/1.1" 200 421
180.156.237.57 - - [08/Jan/2021:11:14:56 +0800] "GET /xingrg/all/function/internal_message.html?_=1610075671298&CODE_STATE=getMsg HTTP/1.1" 200 27
58.37.230.33 - - [08/Jan/2021:11:14:57 +0800] "GET /xingrg/all/function/internal_message.html?_=1610075715894&CODE_STATE=getMsg HTTP/1.1" 200 27
116.228.172.94 - - [08/Jan/2021:11:14:58 +0800] "GET /xingrg/kc/buy/cgsh_order_operate.html?command=get_materiel&rest_code=00107&code=00101001010&supplier_code=00100041&order_time=2021-01-08 HTTP/1.1" 200 408
61.165.42.208 - - [08/Jan/2021:11:15:01 +0800] "GET /xingrg/all/function/internal_message.html?_=1610075703169&CODE_STATE=getMsg HTTP/1.1" 200 27
120.204.17.71 - - [08/Jan/2021:11:15:02 +0800] "GET /xingrg/all/function/internal_message.html?_=1610075025264&CODE_STATE=getMsg HTTP/1.1" 302 -
180.157.253.48 - - [08/Jan/2021:11:15:03 +0800] "POST /xingrg/kc/buy/cgsh_order_operate.html HTTP/1.1" 200 37
222.69.138.28 - - [08/Jan/2021:11:15:04 +0800] "POST /xingrg/kc/buy/cgsh_order_operate.html HTTP/1.1" 200 37
222.69.133.109 - - [08/Jan/2021:11:15:05 +0800] "GET /xingrg/all/function/internal_message.html?_=1610075705042&CODE_STATE=getMsg HTTP/1.1" 200 27
180.157.253.48 - - [08/Jan/2021:11:15:06 +0800] "POST /xingrg/kc/buy/cgsh_order_operate.html HTTP/1.1" 200 12
180.157.253.48 - - [08/Jan/2021:11:15:07 +0800] "GET /xingrg/kc/buy/cgsh_order_info.html?code=212021010803050 HTTP/1.1" 200 56287
58.40.7.146 - - [08/Jan/2021:11:15:07 +0800] "GET /xingrg/all/function/internal_message.html?_=1610075704885&CODE_STATE=getMsg HTTP/1.1" 200 27
180.157.253.48 - - [08/Jan/2021:11:15:08 +0800] "GET /xingrg/javascript/easyui/themes/default/validatebox.css HTTP/1.1" 404 1104
180.157.253.48 - - [08/Jan/2021:11:15:08 +0800] "POST /xingrg/kc/buy/cgsh_order_operate.html HTTP/1.1" 200 609
180.157.253.48 - - [08/Jan/2021:11:15:10 +0800] "GET /xingrg/kc/print/load_data.html?order_code=212021010803050&kc_code=cgsh&condition= HTTP/1.1" 200 711
222.70.174.6 - - [08/Jan/2021:11:15:10 +0800] "GET /xingrg/kc/buy/cgsh_order_operate.html?command=get_materiel&rest_code=00146&code=00101006058&supplier_code=00100012&order_time=2021-01-08 HTTP/1.1" 200 413
180.175.150.119 - - [08/Jan/2021:11:15:11 +0800] "GET /xingrg/all/function/internal_message.html?_=1610075709065&CODE_STATE=getMsg HTTP/1.1" 200 27
120.204.17.71 - - [08/Jan/2021:11:15:11 +0800] "GET /xingrg/login.html HTTP/1.1" 200 7641
180.157.253.48 - - [08/Jan/2021:11:15:13 +0800] "GET /xingrg/kc/buy/cgsh_order_add.html HTTP/1.1" 200 61384
172.17.0.120 - - [08/Jan/2021:11:15:14 +0800] "GET /xingrg/all/function/internal_message.html?_=1610075710981&CODE_STATE=getMsg HTTP/1.1" 200 27
116.228.172.94 - - [08/Jan/2021:11:15:14 +0800] "GET /xingrg/kc/buy/cgsh_order_operate.html?command=get_materiel&rest_code=00107&code=00101010161&supplier_code=00100041&order_time=2021-01-08 HTTP/1.1" 200 409
180.157.253.48 - - [08/Jan/2021:11:15:14 +0800] "POST /xingrg/kc/buy/cgsh_order_operate.html HTTP/1.1" 200 8245
180.157.253.48 - - [08/Jan/2021:11:15:14 +0800] "GET /xingrg/javascript/easyui/themes/default/validatebox.css HTTP/1.1" 404 1104
120.253.135.82 - - [08/Jan/2021:11:15:14 +0800] "GET /xingrg/all/function/internal_message.html?_=1610075750956&CODE_STATE=getMsg HTTP/1.1" 200 27
222.69.138.28 - - [08/Jan/2021:11:15:15 +0800] "POST /xingrg/kc/buy/cgsh_order_operate.html HTTP/1.1" 200 12
120.204.169.30 - - [08/Jan/2021:11:15:16 +0800] "GET /xingrg/all/function/internal_message.html?_=1610075712576&CODE_STATE=getMsg HTTP/1.1" 200 27
61.165.42.208 - - [08/Jan/2021:11:15:16 +0800] "GET /xingrg/kc/buy/cgsh_order_operate.html?command=get_materiel&rest_code=00105&code=00101009001&supplier_code=00100024&order_time=2021-01-08 HTTP/1.1" 200 418
222.69.138.28 - - [08/Jan/2021:11:15:20 +0800] "GET /xingrg/kc/buy/cgsh_order_info.html?code=212021010803051 HTTP/1.1" 200 56326
222.69.138.28 - - [08/Jan/2021:11:15:20 +0800] "GET /xingrg/javascript/easyui/themes/default/validatebox.css HTTP/1.1" 404 1104
222.69.138.28 - - [08/Jan/2021:11:15:20 +0800] "POST /xingrg/kc/buy/cgsh_order_operate.html HTTP/1.1" 200 2402
222.69.138.28 - - [08/Jan/2021:11:15:22 +0800] "GET /xingrg/kc/print/load_data.html?order_code=212021010803051&kc_code=cgsh&condition= HTTP/1.1" 200 1388
116.228.172.94 - - [08/Jan/2021:11:15:22 +0800] "GET /xingrg/all/function/internal_message.html?_=1610075712756&CODE_STATE=getMsg HTTP/1.1" 200 27
180.162.108.15 - - [08/Jan/2021:11:15:22 +0800] "GET /xingrg/all/function/internal_message.html?_=1610075594114&CODE_STATE=getMsg HTTP/1.1" 200 27
172.17.0.108 - - [08/Jan/2021:11:15:23 +0800] "GET /xingrg/all/function/internal_message.html?_=1610075721041&CODE_STATE=getMsg HTTP/1.1" 200 27
222.70.174.6 - - [08/Jan/2021:11:15:23 +0800] "POST /xingrg/kc/buy/cgsh_order_operate.html HTTP/1.1" 200 37
180.157.253.48 - - [08/Jan/2021:11:15:24 +0800] "GET /xingrg/kc/buy/cgsh_order_operate.html?command=get_materiel&rest_code=00148&code=00101010079&supplier_code=00100336&order_time=2021-01-08 HTTP/1.1" 200 413
222.69.138.28 - - [08/Jan/2021:11:15:28 +0800] "GET /xingrg/kc/buy/cgsh_order_add.html HTTP/1.1" 200 61431
222.69.138.28 - - [08/Jan/2021:11:15:28 +0800] "POST /xingrg/kc/buy/cgsh_order_operate.html HTTP/1.1" 200 8245
222.69.138.28 - - [08/Jan/2021:11:15:28 +0800] "GET /xingrg/javascript/easyui/themes/default/validatebox.css HTTP/1.1" 404 1104
180.157.253.48 - - [08/Jan/2021:11:15:30 +0800] "POST /xingrg/kc/buy/cgsh_order_operate.html HTTP/1.1" 200 37
222.70.174.6 - - [08/Jan/2021:11:15:32 +0800] "POST /xingrg/kc/buy/cgsh_order_operate.html HTTP/1.1" 200 7980
180.175.150.119 - - [08/Jan/2021:11:15:33 +0800] "GET /xingrg/all/function/internal_message.html?_=1610075967156&CODE_STATE=getMsg HTTP/1.1" 200 27
117.185.32.26 - - [08/Jan/2021:11:15:33 +0800] "GET /xingrg/all/function/internal_message.html?_=1610076199361&CODE_STATE=getMsg HTTP/1.1" 200 27
117.185.32.26 - - [08/Jan/2021:11:15:33 +0800] "GET /xingrg/check_reg.html?_=1610076200033 HTTP/1.1" 200 22
116.228.172.94 - - [08/Jan/2021:11:15:34 +0800] "GET /xingrg/kc/buy/cgsh_order_operate.html?command=get_materiel&rest_code=00107&code=00101005037&supplier_code=00100041&order_time=2021-01-08 HTTP/1.1" 200 409
117.131.5.26 - - [08/Jan/2021:11:15:35 +0800] "GET /xingrg/check_reg.html?_=1610075781313 HTTP/1.1" 200 22
117.131.5.26 - - [08/Jan/2021:11:15:35 +0800] "GET /xingrg/all/function/internal_message.html?_=1610075781314&CODE_STATE=getMsg HTTP/1.1" 200 27
222.69.138.28 - - [08/Jan/2021:11:15:36 +0800] "GET /xingrg/all/function/internal_message.html?_=1610075731912&CODE_STATE=getMsg HTTP/1.1" 200 27
222.70.174.6 - - [08/Jan/2021:11:15:36 +0800] "GET /xingrg/kc/print/load_config.html?kc_code=cgsh HTTP/1.1" 200 1845
222.70.174.6 - - [08/Jan/2021:11:15:37 +0800] "GET /xingrg/javascript/jquery_easy_ui/themes/default/images/tabs_active.png HTTP/1.1" 304 -
180.157.253.48 - - [08/Jan/2021:11:15:38 +0800] "POST /xingrg/kc/buy/cgsh_order_operate.html HTTP/1.1" 200 12
61.165.42.208 - - [08/Jan/2021:11:15:40 +0800] "GET /xingrg/kc/buy/cgsh_order_operate.html?command=get_materiel&rest_code=00105&code=00101009045&supplier_code=00100024&order_time=2021-01-08 HTTP/1.1" 200 412
116.228.172.94 - - [08/Jan/2021:11:15:42 +0800] "POST /xingrg/kc/buy/cgsh_order_operate.html HTTP/1.1" 200 37
180.157.253.48 - - [08/Jan/2021:11:15:42 +0800] "GET /xingrg/kc/buy/cgsh_order_info.html?code=212021010803053 HTTP/1.1" 200 56287
180.157.253.48 - - [08/Jan/2021:11:15:43 +0800] "GET /xingrg/javascript/easyui/themes/default/validatebox.css HTTP/1.1" 404 1104
180.157.253.48 - - [08/Jan/2021:11:15:43 +0800] "POST /xingrg/kc/buy/cgsh_order_operate.html HTTP/1.1" 200 608
116.228.172.94 - - [08/Jan/2021:11:15:43 +0800] "POST /xingrg/kc/buy/cgsh_order_operate.html HTTP/1.1" 200 3832
180.157.253.48 - - [08/Jan/2021:11:15:44 +0800] "GET /xingrg/kc/print/load_data.html?order_code=212021010803053&kc_code=cgsh&condition= HTTP/1.1" 200 703
114.88.169.67 - - [08/Jan/2021:11:15:44 +0800] "POST /xingrg/kc/buy/cgsh_list_operate.html HTTP/1.1" 200 2415
116.228.172.94 - - [08/Jan/2021:11:15:46 +0800] "GET /xingrg/kc/print/load_data.html?order_code=212021010803054&kc_code=cgsh&condition= HTTP/1.1" 200 1123
61.165.42.208 - - [08/Jan/2021:11:15:46 +0800] "GET /xingrg/all/function/internal_message.html?_=1610075726310&CODE_STATE=getMsg HTTP/1.1" 200 27
114.86.230.32 - - [08/Jan/2021:11:15:47 +0800] "GET /xingrg/all/function/internal_message.html?_=1610075744773&CODE_STATE=getMsg HTTP/1.1" 200 27
180.157.253.48 - - [08/Jan/2021:11:15:47 +0800] "GET /xingrg/kc/buy/cgsh_order_add.html HTTP/1.1" 200 61384
180.157.253.48 - - [08/Jan/2021:11:15:48 +0800] "POST /xingrg/kc/buy/cgsh_order_operate.html HTTP/1.1" 200 8245
180.157.253.48 - - [08/Jan/2021:11:15:48 +0800] "GET /xingrg/javascript/easyui/themes/default/validatebox.css HTTP/1.1" 404 1104
172.17.0.103 - - [08/Jan/2021:11:15:49 +0800] "GET /xingrg/check_reg.html?_=1610075748193 HTTP/1.1" 200 22
61.165.42.208 - - [08/Jan/2021:11:15:49 +0800] "GET /xingrg/kc/buy/cgsh_order_operate.html?command=get_materiel&rest_code=00105&code=00101009062&supplier_code=00100024&order_time=2021-01-08 HTTP/1.1" 200 412
222.70.174.6 - - [08/Jan/2021:11:15:49 +0800] "GET /xingrg/all/function/internal_message.html?_=1610075742098&CODE_STATE=getMsg HTTP/1.1" 200 27
114.88.169.67 - - [08/Jan/2021:11:15:50 +0800] "GET /xingrg/check_reg.html?_=1610075745999 HTTP/1.1" 200 22
114.88.169.67 - - [08/Jan/2021:11:15:51 +0800] "POST /xingrg/kc/buy/cgsh_order_operate.html HTTP/1.1" 200 37
180.156.237.57 - - [08/Jan/2021:11:15:51 +0800] "GET /xingrg/all/function/internal_message.html?_=1610075749968&CODE_STATE=getMsg HTTP/1.1" 200 27
172.17.0.103 - - [08/Jan/2021:11:15:52 +0800] "GET /xingrg/all/function/internal_message.html?_=1610075751191&CODE_STATE=getMsg HTTP/1.1" 200 27
114.88.169.67 - - [08/Jan/2021:11:15:53 +0800] "POST /xingrg/kc/buy/cgsh_order_operate.html HTTP/1.1" 200 3244
117.185.32.26 - - [08/Jan/2021:11:15:53 +0800] "GET /xingrg/all/function/internal_message.html?_=1610075744978&CODE_STATE=getMsg HTTP/1.1" 200 27
172.17.200.101 - - [08/Jan/2021:11:15:54 +0800] "GET /xingrg/all/function/internal_message.html?_=1610075755681&CODE_STATE=getMsg HTTP/1.1" 200 27
180.157.253.48 - - [08/Jan/2021:11:15:56 +0800] "GET /xingrg/kc/buy/cgsh_order_operate.html?command=get_materiel&rest_code=00148&code=00101006152&supplier_code=00100344&order_time=2021-01-08 HTTP/1.1" 200 411
180.156.237.57 - - [08/Jan/2021:11:15:56 +0800] "GET /xingrg/all/function/internal_message.html?_=1610075731312&CODE_STATE=getMsg HTTP/1.1" 200 27
58.37.230.33 - - [08/Jan/2021:11:15:57 +0800] "GET /xingrg/all/function/internal_message.html?_=1610075775896&CODE_STATE=getMsg HTTP/1.1" 200 27
61.165.42.208 - - [08/Jan/2021:11:15:58 +0800] "GET /xingrg/kc/buy/cgsh_order_operate.html?command=get_materiel&rest_code=00105&code=00101009019&supplier_code=00100024&order_time=2021-01-08 HTTP/1.1" 200 412
222.70.174.6 - - [08/Jan/2021:11:15:59 +0800] "GET /xingrg/javascript/jquery_easy_ui/themes/default/images/tabs_active.png HTTP/1.1" 304 -
114.88.169.67 - - [08/Jan/2021:11:16:00 +0800] "GET /xingrg/all/function/internal_message.html?_=1610075756340&CODE_STATE=getMsg HTTP/1.1" 200 27
114.88.169.67 - - [08/Jan/2021:11:16:02 +0800] "POST /xingrg/kc/buy/cgsh_list_operate.html HTTP/1.1" 200 2776
61.165.42.208 - - [08/Jan/2021:11:16:02 +0800] "GET /xingrg/all/function/internal_message.html?_=1610075763375&CODE_STATE=getMsg HTTP/1.1" 200 27
222.70.174.6 - - [08/Jan/2021:11:16:02 +0800] "GET /xingrg/kc/print/load_data.html?order_code=212021010803052&kc_code=cgsh&condition= HTTP/1.1" 200 2795
114.88.169.67 - - [08/Jan/2021:11:16:04 +0800] "POST /xingrg/kc/buy/cgsh_list_operate.html HTTP/1.1" 200 579
114.88.169.67 - - [08/Jan/2021:11:16:04 +0800] "GET /xingrg/kc/buy/cgsh_order_info.html?code=212021010803000 HTTP/1.1" 200 61389
222.69.133.109 - - [08/Jan/2021:11:16:05 +0800] "GET /xingrg/all/function/internal_message.html?_=1610075765043&CODE_STATE=getMsg HTTP/1.1" 200 27
114.88.169.67 - - [08/Jan/2021:11:16:05 +0800] "GET /xingrg/javascript/easyui/themes/default/validatebox.css HTTP/1.1" 404 1104
180.157.253.48 - - [08/Jan/2021:11:16:05 +0800] "POST /xingrg/kc/buy/cgsh_order_operate.html HTTP/1.1" 200 37
114.88.169.67 - - [08/Jan/2021:11:16:05 +0800] "POST /xingrg/kc/buy/cgsh_order_operate.html HTTP/1.1" 200 10359
58.40.7.146 - - [08/Jan/2021:11:16:07 +0800] "GET /xingrg/all/function/internal_message.html?_=1610075764887&CODE_STATE=getMsg HTTP/1.1" 200 27
58.40.7.146 - - [08/Jan/2021:11:16:07 +0800] "GET /xingrg/check_reg.html?_=1610075764889 HTTP/1.1" 200 22
116.228.172.94 - - [08/Jan/2021:11:16:07 +0800] "GET /xingrg/kc/buy/buy_main.html HTTP/1.1" 200 12412
116.228.172.94 - - [08/Jan/2021:11:16:08 +0800] "GET /xingrg/css/new_ie.css HTTP/1.1" 404 1036
116.228.172.94 - - [08/Jan/2021:11:16:08 +0800] "GET /xingrg/images/yd/bt.gif HTTP/1.1" 404 1040
114.88.169.67 - - [08/Jan/2021:11:16:08 +0800] "GET /xingrg/kc/print/load_data.html?order_code=212021010803000&kc_code=cgsh&condition= HTTP/1.1" 200 3631
116.228.172.94 - - [08/Jan/2021:11:16:09 +0800] "GET /xingrg/kc/buy/cgsh_order_list.html HTTP/1.1" 200 45647
180.175.150.119 - - [08/Jan/2021:11:16:09 +0800] "GET /xingrg/check_reg.html?_=1610075767892 HTTP/1.1" 200 22
180.175.150.119 - - [08/Jan/2021:11:16:11 +0800] "GET /xingrg/all/function/internal_message.html?_=1610075769078&CODE_STATE=getMsg HTTP/1.1" 200 27
116.228.172.94 - - [08/Jan/2021:11:16:11 +0800] "POST /xingrg/kc/buy/cgsh_list_operate.html HTTP/1.1" 200 3446
172.17.0.120 - - [08/Jan/2021:11:16:14 +0800] "GET /xingrg/all/function/internal_message.html?_=1610075770986&CODE_STATE=getMsg HTTP/1.1" 200 27
222.70.174.6 - - [08/Jan/2021:11:16:14 +0800] "GET /xingrg/kc/buy/cgsh_order_add.html HTTP/1.1" 200 61384
120.253.135.82 - - [08/Jan/2021:11:16:14 +0800] "GET /xingrg/check_reg.html?_=1610075810662 HTTP/1.1" 200 22
222.70.174.6 - - [08/Jan/2021:11:16:14 +0800] "GET /xingrg/javascript/easyui/themes/default/validatebox.css HTTP/1.1" 404 1104
116.228.172.94 - - [08/Jan/2021:11:16:14 +0800] "GET /xingrg/javascript/jquery_tools/images/prev.gif HTTP/1.1" 404 1086
116.228.172.94 - - [08/Jan/2021:11:16:14 +0800] "GET /xingrg/javascript/jquery_tools/images/next.gif HTTP/1.1" 404 1086
222.70.174.6 - - [08/Jan/2021:11:16:14 +0800] "POST /xingrg/kc/buy/cgsh_order_operate.html HTTP/1.1" 200 8245
120.253.135.82 - - [08/Jan/2021:11:16:14 +0800] "GET /xingrg/all/function/internal_message.html?_=1610075810971&CODE_STATE=getMsg HTTP/1.1" 200 27
180.157.253.48 - - [08/Jan/2021:11:16:15 +0800] "POST /xingrg/kc/buy/cgsh_order_operate.html HTTP/1.1" 200 12
180.157.253.48 - - [08/Jan/2021:11:16:16 +0800] "GET /xingrg/kc/buy/cgsh_order_info.html?code=212021010803056 HTTP/1.1" 200 56291
120.204.169.30 - - [08/Jan/2021:11:16:16 +0800] "GET /xingrg/all/function/internal_message.html?_=1610075772583&CODE_STATE=getMsg HTTP/1.1" 200 27
180.157.253.48 - - [08/Jan/2021:11:16:16 +0800] "GET /xingrg/javascript/easyui/themes/default/validatebox.css HTTP/1.1" 404 1104
180.157.253.48 - - [08/Jan/2021:11:16:17 +0800] "POST /xingrg/kc/buy/cgsh_order_operate.html HTTP/1.1" 200 606
180.157.253.48 - - [08/Jan/2021:11:16:18 +0800] "GET /xingrg/kc/print/load_data.html?order_code=212021010803056&kc_code=cgsh&condition= HTTP/1.1" 200 714
116.228.172.94 - - [08/Jan/2021:11:16:19 +0800] "GET /xingrg/javascript/easyui/themes/default/tree.css HTTP/1.1" 404 1090
116.228.172.94 - - [08/Jan/2021:11:16:19 +0800] "POST /xingrg/all/common/load_tree.html?tree=supplier_tree_json&manage=1 HTTP/1.1" 200 54164
