180.175.150.119 - - [08/Jan/2021:11:24:12 +0800] "GET /xingrg/all/function/internal_message.html?_=1610076250178&CODE_STATE=getMsg HTTP/1.1" 200 27
117.131.5.26 - - [08/Jan/2021:11:24:13 +0800] "GET /xingrg/kc/buy/cgsh_order_add.html HTTP/1.1" 200 61384
117.131.5.26 - - [08/Jan/2021:11:24:13 +0800] "GET /xingrg/javascript/easyui/themes/default/validatebox.css HTTP/1.1" 404 1104
117.131.5.26 - - [08/Jan/2021:11:24:13 +0800] "POST /xingrg/kc/buy/cgsh_order_operate.html HTTP/1.1" 200 8245
172.17.0.120 - - [08/Jan/2021:11:24:14 +0800] "GET /xingrg/check_reg.html?_=1610076250981 HTTP/1.1" 200 22
172.17.0.120 - - [08/Jan/2021:11:24:14 +0800] "GET /xingrg/all/function/internal_message.html?_=1610076250985&CODE_STATE=getMsg HTTP/1.1" 200 27
117.131.5.26 - - [08/Jan/2021:11:24:14 +0800] "GET /xingrg/javascript/easyui/themes/default/tree.css HTTP/1.1" 404 1090
120.253.135.82 - - [08/Jan/2021:11:24:14 +0800] "GET /xingrg/all/function/internal_message.html?_=1610076291083&CODE_STATE=getMsg HTTP/1.1" 200 27
117.131.5.26 - - [08/Jan/2021:11:24:14 +0800] "POST /xingrg/all/common/load_tree.html?tree=supplier_tree_json&isDelete=1 HTTP/1.1" 200 53432
222.69.138.28 - - [08/Jan/2021:11:24:15 +0800] "POST /xingrg/kc/buy/cgsh_order_operate.html HTTP/1.1" 200 37
222.69.138.28 - - [08/Jan/2021:11:24:17 +0800] "POST /xingrg/kc/buy/cgsh_order_operate.html HTTP/1.1" 200 12
116.228.172.94 - - [08/Jan/2021:11:24:18 +0800] "GET /xingrg/kc/buy/cgsh_order_operate.html?command=get_materiel&rest_code=00107&code=00101007046&supplier_code=00100323&order_time=2021-01-08 HTTP/1.1" 200 413
180.157.253.48 - - [08/Jan/2021:11:24:19 +0800] "GET /xingrg/kc/buy/cgsh_order_operate.html?command=get_materiel&rest_code=00148&code=00101010161&supplier_code=00100334&order_time=2021-01-08 HTTP/1.1" 200 410
116.228.172.94 - - [08/Jan/2021:11:24:19 +0800] "GET /xingrg/check_reg.html?_=1610076249922 HTTP/1.1" 200 22
180.162.108.15 - - [08/Jan/2021:11:24:22 +0800] "GET /xingrg/all/function/internal_message.html?_=1610076134132&CODE_STATE=getMsg HTTP/1.1" 200 27
172.17.0.108 - - [08/Jan/2021:11:24:23 +0800] "GET /xingrg/all/function/internal_message.html?_=1610076261040&CODE_STATE=getMsg HTTP/1.1" 200 27
172.17.0.108 - - [08/Jan/2021:11:24:23 +0800] "GET /xingrg/check_reg.html?_=1610076261044 HTTP/1.1" 200 22
116.228.172.94 - - [08/Jan/2021:11:24:23 +0800] "GET /xingrg/all/function/internal_message.html?_=1610076253718&CODE_STATE=getMsg HTTP/1.1" 200 27
120.204.169.30 - - [08/Jan/2021:11:24:29 +0800] "GET /xingrg/all/function/internal_message.html?_=1610076265672&CODE_STATE=getMsg HTTP/1.1" 200 27
222.69.138.28 - - [08/Jan/2021:11:24:29 +0800] "GET /xingrg/kc/print/load_data.html?order_code=212021010803089&kc_code=cgsh&condition= HTTP/1.1" 200 713
58.37.230.33 - - [08/Jan/2021:11:24:30 +0800] "GET /xingrg/check_reg.html?_=1610076288256 HTTP/1.1" 200 22
222.69.138.28 - - [08/Jan/2021:11:24:32 +0800] "GET /xingrg/kc/buy/cgsh_order_info.html?code=212021010803089 HTTP/1.1" 200 56338
117.185.32.26 - - [08/Jan/2021:11:24:33 +0800] "GET /xingrg/all/function/internal_message.html?_=1610076739243&CODE_STATE=getMsg HTTP/1.1" 200 27
222.69.138.28 - - [08/Jan/2021:11:24:33 +0800] "GET /xingrg/javascript/easyui/themes/default/validatebox.css HTTP/1.1" 404 1104
222.69.138.28 - - [08/Jan/2021:11:24:33 +0800] "POST /xingrg/kc/buy/cgsh_order_operate.html HTTP/1.1" 200 603
180.175.150.119 - - [08/Jan/2021:11:24:34 +0800] "GET /xingrg/all/function/internal_message.html?_=1610076508229&CODE_STATE=getMsg HTTP/1.1" 200 27
117.131.5.26 - - [08/Jan/2021:11:24:35 +0800] "GET /xingrg/all/function/internal_message.html?_=1610076321320&CODE_STATE=getMsg HTTP/1.1" 200 27
222.69.138.28 - - [08/Jan/2021:11:24:36 +0800] "GET /xingrg/all/function/internal_message.html?_=1610076271858&CODE_STATE=getMsg HTTP/1.1" 200 27
117.131.5.26 - - [08/Jan/2021:11:24:37 +0800] "GET /xingrg/kc/buy/cgsh_order_operate.html?command=get_materiel&rest_code=00104&code=00101010136&supplier_code=00100036&order_time=2021-01-08 HTTP/1.1" 200 408
222.69.138.28 - - [08/Jan/2021:11:24:37 +0800] "GET /xingrg/check_reg.html?_=1610076272851 HTTP/1.1" 200 22
120.253.135.82 - - [08/Jan/2021:11:24:38 +0800] "GET /favicon.ico HTTP/1.1" 404 -
222.69.138.28 - - [08/Jan/2021:11:24:38 +0800] "GET /xingrg/kc/buy/cgsh_order_add.html HTTP/1.1" 200 61431
222.69.138.28 - - [08/Jan/2021:11:24:38 +0800] "POST /xingrg/kc/buy/cgsh_order_operate.html HTTP/1.1" 200 8245
222.69.138.28 - - [08/Jan/2021:11:24:38 +0800] "GET /xingrg/javascript/easyui/themes/default/validatebox.css HTTP/1.1" 404 1104
222.70.174.6 - - [08/Jan/2021:11:24:40 +0800] "GET /xingrg/check_reg.html?_=1610076281914 HTTP/1.1" 200 22
222.70.174.6 - - [08/Jan/2021:11:24:41 +0800] "GET /xingrg/all/function/internal_message.html?_=1610076282455&CODE_STATE=getMsg HTTP/1.1" 200 27
116.228.172.94 - - [08/Jan/2021:11:24:43 +0800] "GET /xingrg/kc/buy/cgsh_order_operate.html?command=get_materiel&rest_code=00107&code=00101010269&supplier_code=00100323&order_time=2021-01-08 HTTP/1.1" 200 409
120.253.135.82 - - [08/Jan/2021:11:24:45 +0800] "GET /xingrg/login.html HTTP/1.1" 200 7641
120.253.135.82 - - [08/Jan/2021:11:24:45 +0800] "GET /xingrg/images/blue/jxLogo.png HTTP/1.1" 304 -
120.253.135.82 - - [08/Jan/2021:11:24:45 +0800] "GET /xingrg/images/blue/hj.png HTTP/1.1" 304 -
120.253.135.82 - - [08/Jan/2021:11:24:45 +0800] "GET /xingrg/images/blue/srbg.png HTTP/1.1" 304 -
120.253.135.82 - - [08/Jan/2021:11:24:45 +0800] "GET /xingrg/images/blue/login_bg.png HTTP/1.1" 304 -
120.253.135.82 - - [08/Jan/2021:11:24:46 +0800] "GET /favicon.ico HTTP/1.1" 404 -
61.165.42.208 - - [08/Jan/2021:11:24:46 +0800] "GET /xingrg/all/function/internal_message.html?_=1610076266329&CODE_STATE=getMsg HTTP/1.1" 200 27
114.86.230.32 - - [08/Jan/2021:11:24:47 +0800] "GET /xingrg/all/function/internal_message.html?_=1610076284785&CODE_STATE=getMsg HTTP/1.1" 200 27
114.86.230.32 - - [08/Jan/2021:11:24:47 +0800] "GET /xingrg/check_reg.html?_=1610076284786 HTTP/1.1" 200 22
120.253.135.82 - - [08/Jan/2021:11:24:47 +0800] "POST /xingrg/login.do HTTP/1.1" 302 -
120.253.135.82 - - [08/Jan/2021:11:24:47 +0800] "GET /xingrg/javascript/jquery_easy_ui/themes/default/easyui.css HTTP/1.1" 304 -
120.253.135.82 - - [08/Jan/2021:11:24:47 +0800] "GET /xingrg/javascript/jquery_easy_ui/themes/icon.css HTTP/1.1" 304 -
120.253.135.82 - - [08/Jan/2021:11:24:47 +0800] "GET /xingrg/css/form.css HTTP/1.1" 304 -
120.253.135.82 - - [08/Jan/2021:11:24:47 +0800] "GET /xingrg/index.html?sysBaseUrl=http%3A%2F%2F180.169.147.146%3A18081%2Fxingrg%2F&costTime=53×tamp=1610076287421 HTTP/1.1" 200 17173
120.253.135.82 - - [08/Jan/2021:11:24:47 +0800] "GET /xingrg/javascript/jquery-1.4.2.min.js HTTP/1.1" 304 -
120.253.135.82 - - [08/Jan/2021:11:24:47 +0800] "GET /xingrg/javascript/jquery_easy_ui/jquery.easyui.min.js HTTP/1.1" 304 -
120.253.135.82 - - [08/Jan/2021:11:24:47 +0800] "GET /xingrg/javascript/jquery.form.js HTTP/1.1" 304 -
120.253.135.82 - - [08/Jan/2021:11:24:47 +0800] "GET /xingrg/javascript/jquery_easy_ui/easyui-lang-zh_CN.js HTTP/1.1" 304 -
120.253.135.82 - - [08/Jan/2021:11:24:47 +0800] "GET /xingrg/javascript/jquery.timers.js HTTP/1.1" 304 -
120.253.135.82 - - [08/Jan/2021:11:24:47 +0800] "GET /xingrg/javascript/jquery.utils.js HTTP/1.1" 304 -
120.253.135.82 - - [08/Jan/2021:11:24:47 +0800] "GET /xingrg/images/blue/navBackgound.jpg HTTP/1.1" 304 -
120.253.135.82 - - [08/Jan/2021:11:24:47 +0800] "GET /favicon.ico HTTP/1.1" 404 -
120.253.135.82 - - [08/Jan/2021:11:24:47 +0800] "GET /xingrg/images/blue/pingpu.png HTTP/1.1" 304 -
120.253.135.82 - - [08/Jan/2021:11:24:47 +0800] "POST /xingrg/all/common/load_tree.html?tree=area_rest_tree_json&manage=1 HTTP/1.1" 200 344
120.253.135.82 - - [08/Jan/2021:11:24:47 +0800] "GET /xingrg/javascript/jquery_easy_ui/themes/default/images/tabs_rightarrow.png HTTP/1.1" 304 -
120.253.135.82 - - [08/Jan/2021:11:24:47 +0800] "GET /xingrg/javascript/jquery_easy_ui/themes/default/images/tabs_leftarrow.png HTTP/1.1" 304 -
120.253.135.82 - - [08/Jan/2021:11:24:47 +0800] "GET /xingrg/javascript/jquery_easy_ui/themes/default/images/panel_tool_collapse.gif HTTP/1.1" 304 -
120.253.135.82 - - [08/Jan/2021:11:24:47 +0800] "GET /xingrg/all/function/internal_message.html?_=1610076393608&CODE_STATE=count HTTP/1.1" 200 11
120.253.135.82 - - [08/Jan/2021:11:24:47 +0800] "GET /xingrg/check_reg.html?_=1610076393609 HTTP/1.1" 200 22
120.253.135.82 - - [08/Jan/2021:11:24:47 +0800] "POST /xingrg/load_menu.html HTTP/1.1" 200 6743
120.253.135.82 - - [08/Jan/2021:11:24:47 +0800] "GET /xingrg/javascript/jquery_easy_ui/themes/default/images/tree_arrows.gif HTTP/1.1" 304 -
222.69.138.28 - - [08/Jan/2021:11:24:47 +0800] "GET /xingrg/kc/buy/cgsh_order_operate.html?command=get_materiel&rest_code=00149&code=00101001029&supplier_code=00100312&order_time=2021-01-08 HTTP/1.1" 200 415
120.253.135.82 - - [08/Jan/2021:11:24:48 +0800] "GET /xingrg/javascript/jquery_easy_ui/themes/default/images/tree_folder_open.gif HTTP/1.1" 304 -
120.253.135.82 - - [08/Jan/2021:11:24:48 +0800] "GET /xingrg/javascript/jquery_easy_ui/themes/icons/delivery_new.png HTTP/1.1" 304 -
120.253.135.82 - - [08/Jan/2021:11:24:48 +0800] "GET /xingrg/javascript/jquery_easy_ui/themes/icons/search_new.png HTTP/1.1" 304 -
120.253.135.82 - - [08/Jan/2021:11:24:48 +0800] "GET /xingrg/javascript/jquery_easy_ui/themes/icons/storage_new.png HTTP/1.1" 304 -
120.253.135.82 - - [08/Jan/2021:11:24:48 +0800] "GET /xingrg/javascript/jquery_easy_ui/themes/icons/forms_new.png HTTP/1.1" 304 -
120.253.135.82 - - [08/Jan/2021:11:24:48 +0800] "GET /xingrg/javascript/jquery_easy_ui/themes/default/images/tree_file.gif HTTP/1.1" 304 -
120.253.135.82 - - [08/Jan/2021:11:24:50 +0800] "GET /xingrg/javascript/jquery_easy_ui/themes/icons/area.png HTTP/1.1" 304 -
120.253.135.82 - - [08/Jan/2021:11:24:50 +0800] "GET /xingrg/javascript/jquery_easy_ui/themes/default/images/tabs_active.png HTTP/1.1" 304 -
117.131.5.26 - - [08/Jan/2021:11:24:51 +0800] "GET /xingrg/all/function/internal_message.html?_=1610076630784&CODE_STATE=getMsg HTTP/1.1" 200 27
180.156.237.57 - - [08/Jan/2021:11:24:51 +0800] "GET /xingrg/all/function/internal_message.html?_=1610076289996&CODE_STATE=getMsg HTTP/1.1" 200 27
172.17.0.103 - - [08/Jan/2021:11:24:51 +0800] "GET /xingrg/all/function/internal_message.html?_=1610076291022&CODE_STATE=getMsg HTTP/1.1" 200 27
180.156.237.57 - - [08/Jan/2021:11:24:53 +0800] "GET /xingrg/all/function/internal_message.html?_=1610076267771&CODE_STATE=getMsg HTTP/1.1" 200 27
117.185.32.26 - - [08/Jan/2021:11:24:53 +0800] "GET /xingrg/all/function/internal_message.html?_=1610076284751&CODE_STATE=getMsg HTTP/1.1" 200 27
172.17.200.101 - - [08/Jan/2021:11:24:54 +0800] "GET /xingrg/check_reg.html?_=1610076295713 HTTP/1.1" 200 22
172.17.200.101 - - [08/Jan/2021:11:24:54 +0800] "GET /xingrg/all/function/internal_message.html?_=1610076295718&CODE_STATE=getMsg HTTP/1.1" 200 27
117.131.5.26 - - [08/Jan/2021:11:24:57 +0800] "GET /xingrg/kc/buy/cgsh_order_operate.html?command=get_materiel&rest_code=00104&code=00101016025&supplier_code=00100036&order_time=2021-01-08 HTTP/1.1" 200 408
58.37.230.33 - - [08/Jan/2021:11:24:57 +0800] "GET /xingrg/all/function/internal_message.html?_=1610076315679&CODE_STATE=getMsg HTTP/1.1" 200 27
120.253.135.82 - - [08/Jan/2021:11:24:59 +0800] "GET /xingrg/javascript/jquery_easy_ui/themes/default/images/tabs_close.gif HTTP/1.1" 304 -
120.253.135.82 - - [08/Jan/2021:11:24:59 +0800] "GET /xingrg/css/base.css HTTP/1.1" 304 -
120.253.135.82 - - [08/Jan/2021:11:24:59 +0800] "GET /xingrg/javascript/jquery_tools/datebox.css HTTP/1.1" 304 -
120.253.135.82 - - [08/Jan/2021:11:24:59 +0800] "GET /xingrg/css/site.css HTTP/1.1" 304 -
120.253.135.82 - - [08/Jan/2021:11:24:59 +0800] "GET /xingrg/javascript/jquery_tools/jquery.tools.extend.js HTTP/1.1" 304 -
120.253.135.82 - - [08/Jan/2021:11:24:59 +0800] "GET /xingrg/javascript/easyui/themes/icon.css HTTP/1.1" 304 -
120.253.135.82 - - [08/Jan/2021:11:24:59 +0800] "GET /xingrg/javascript/easyui/themes/default/easyui.css HTTP/1.1" 304 -
120.253.135.82 - - [08/Jan/2021:11:24:59 +0800] "GET /xingrg/javascript/jquery_tools/jquery.tools.min.js HTTP/1.1" 304 -
120.253.135.82 - - [08/Jan/2021:11:24:59 +0800] "GET /xingrg/javascript/jquery_tools/fix.css HTTP/1.1" 304 -
120.253.135.82 - - [08/Jan/2021:11:24:59 +0800] "GET /xingrg/javascript/auto/jquery.autocomplete.css HTTP/1.1" 304 -
120.253.135.82 - - [08/Jan/2021:11:24:59 +0800] "GET /xingrg/kc/pszx/mdps_order_list.html?orderType=0 HTTP/1.1" 200 21153
120.253.135.82 - - [08/Jan/2021:11:24:59 +0800] "GET /xingrg/javascript/jquery_tools/jquery.tools.table.js HTTP/1.1" 304 -
120.253.135.82 - - [08/Jan/2021:11:24:59 +0800] "GET /xingrg/javascript/jquery_tools/list_manager.js HTTP/1.1" 304 -
120.253.135.82 - - [08/Jan/2021:11:24:59 +0800] "GET /xingrg/javascript/jquery_tools/jquery.tools.hotkey.js HTTP/1.1" 304 -
120.253.135.82 - - [08/Jan/2021:11:24:59 +0800] "GET /xingrg/javascript/jquery_tools/table.css HTTP/1.1" 304 -
120.253.135.82 - - [08/Jan/2021:11:24:59 +0800] "GET /xingrg/javascript/easyui/easyloader.js HTTP/1.1" 304 -
120.253.135.82 - - [08/Jan/2021:11:24:59 +0800] "GET /xingrg/javascript/auto/jquery.autocomplete.js HTTP/1.1" 304 -
120.253.135.82 - - [08/Jan/2021:11:24:59 +0800] "GET /xingrg/javascript/jquery.cookie.js HTTP/1.1" 304 -
120.253.135.82 - - [08/Jan/2021:11:24:59 +0800] "GET /xingrg/javascript/print/LodopFuncs.js HTTP/1.1" 304 -
120.253.135.82 - - [08/Jan/2021:11:24:59 +0800] "GET /xingrg/javascript/easyui/themes/icons/uncheck_new.png HTTP/1.1" 304 -
120.253.135.82 - - [08/Jan/2021:11:24:59 +0800] "GET /xingrg/javascript/easyui/themes/icons/check_new.png HTTP/1.1" 304 -
120.253.135.82 - - [08/Jan/2021:11:24:59 +0800] "GET /xingrg/javascript/easyui/themes/icons/edit_add_new.png HTTP/1.1" 304 -
120.253.135.82 - - [08/Jan/2021:11:24:59 +0800] "GET /xingrg/javascript/easyui/themes/icons/cance_new.png HTTP/1.1" 304 -
120.253.135.82 - - [08/Jan/2021:11:24:59 +0800] "GET /xingrg/javascript/easyui/themes/icons/field_new.png HTTP/1.1" 304 -
120.253.135.82 - - [08/Jan/2021:11:24:59 +0800] "GET /xingrg/javascript/easyui/plugins/jquery.parser.js HTTP/1.1" 304 -
120.253.135.82 - - [08/Jan/2021:11:24:59 +0800] "GET /xingrg/images/control/ajaxLoader.gif HTTP/1.1" 304 -
120.204.17.70 - - [08/Jan/2021:11:24:59 +0800] "GET /xingrg/all/function/internal_message.html?_=1610075625026&CODE_STATE=getMsg HTTP/1.1" 302 -
120.253.135.82 - - [08/Jan/2021:11:24:59 +0800] "POST /xingrg/kc/pszx/mdps_list_operate.html HTTP/1.1" 200 5520
120.253.135.82 - - [08/Jan/2021:11:25:00 +0800] "GET /xingrg/kc/pszx/mdps_order_list.html?orderType=0 HTTP/1.1" 200 21153
120.253.135.82 - - [08/Jan/2021:11:25:00 +0800] "POST /xingrg/kc/pszx/mdps_list_operate.html HTTP/1.1" 200 5520
222.70.174.6 - - [08/Jan/2021:11:25:01 +0800] "GET /xingrg/kc/buy/cgsh_order_add.html HTTP/1.1" 200 61384
114.88.169.67 - - [08/Jan/2021:11:25:01 +0800] "GET /xingrg/all/function/internal_message.html?_=1610076296786&CODE_STATE=getMsg HTTP/1.1" 200 27
222.70.174.6 - - [08/Jan/2021:11:25:01 +0800] "POST /xingrg/kc/buy/cgsh_order_operate.html HTTP/1.1" 200 8245
222.70.174.6 - - [08/Jan/2021:11:25:01 +0800] "GET /xingrg/javascript/easyui/themes/default/validatebox.css HTTP/1.1" 404 1104
61.165.42.208 - - [08/Jan/2021:11:25:01 +0800] "GET /xingrg/all/function/internal_message.html?_=1610076302975&CODE_STATE=getMsg HTTP/1.1" 200 27
180.157.253.48 - - [08/Jan/2021:11:25:01 +0800] "POST /xingrg/kc/buy/cgsh_order_operate.html HTTP/1.1" 200 37
222.69.133.109 - - [08/Jan/2021:11:25:05 +0800] "GET /xingrg/all/function/internal_message.html?_=1610076305072&CODE_STATE=getMsg HTTP/1.1" 200 27
120.204.17.70 - - [08/Jan/2021:11:25:05 +0800] "GET /xingrg/login.html HTTP/1.1" 200 7641
58.40.7.146 - - [08/Jan/2021:11:25:07 +0800] "GET /xingrg/all/function/internal_message.html?_=1610076304887&CODE_STATE=getMsg HTTP/1.1" 200 27
180.157.253.48 - - [08/Jan/2021:11:25:09 +0800] "POST /xingrg/kc/buy/cgsh_order_operate.html HTTP/1.1" 200 12
222.69.138.28 - - [08/Jan/2021:11:25:11 +0800] "GET /xingrg/kc/buy/cgsh_order_operate.html?command=get_materiel&rest_code=00149&code=00101001047&supplier_code=00100312&order_time=2021-01-08 HTTP/1.1" 200 421
180.157.253.48 - - [08/Jan/2021:11:25:12 +0800] "GET /xingrg/kc/buy/cgsh_order_info.html?code=212021010803090 HTTP/1.1" 200 56291
180.175.150.119 - - [08/Jan/2021:11:25:12 +0800] "GET /xingrg/all/function/internal_message.html?_=1610076310183&CODE_STATE=getMsg HTTP/1.1" 200 27
180.157.253.48 - - [08/Jan/2021:11:25:12 +0800] "GET /xingrg/javascript/easyui/themes/default/validatebox.css HTTP/1.1" 404 1104
180.157.253.48 - - [08/Jan/2021:11:25:13 +0800] "POST /xingrg/kc/buy/cgsh_order_operate.html HTTP/1.1" 200 605
172.17.0.120 - - [08/Jan/2021:11:25:14 +0800] "GET /xingrg/all/function/internal_message.html?_=1610076310990&CODE_STATE=getMsg HTTP/1.1" 200 27
180.157.253.48 - - [08/Jan/2021:11:25:14 +0800] "GET /xingrg/kc/print/load_data.html?order_code=212021010803090&kc_code=cgsh&condition= HTTP/1.1" 200 713
120.253.135.82 - - [08/Jan/2021:11:25:14 +0800] "GET /xingrg/all/function/internal_message.html?_=1610076351092&CODE_STATE=getMsg HTTP/1.1" 200 27
120.253.135.82 - - [08/Jan/2021:11:25:17 +0800] "POST /xingrg/kc/pszx/mdps_list_operate.html HTTP/1.1" 200 5650
117.131.5.26 - - [08/Jan/2021:11:25:17 +0800] "GET /xingrg/kc/buy/cgsh_order_operate.html?command=get_materiel&rest_code=00104&code=00101012024&supplier_code=00100036&order_time=2021-01-08 HTTP/1.1" 200 408
180.157.253.48 - - [08/Jan/2021:11:25:18 +0800] "GET /xingrg/kc/buy/cgsh_order_add.html HTTP/1.1" 200 61384
222.70.174.6 - - [08/Jan/2021:11:25:18 +0800] "GET /xingrg/kc/buy/cgsh_order_operate.html?command=get_materiel&rest_code=00146&code=00101018011&supplier_code=00100330&order_time=2021-01-08 HTTP/1.1" 200 413
180.156.237.57 - - [08/Jan/2021:11:25:18 +0800] "GET /xingrg/javascript/auto/indicator.gif HTTP/1.1" 404 1066
180.157.253.48 - - [08/Jan/2021:11:25:19 +0800] "POST /xingrg/kc/buy/cgsh_order_operate.html HTTP/1.1" 200 8245
180.157.253.48 - - [08/Jan/2021:11:25:19 +0800] "GET /xingrg/javascript/easyui/themes/default/validatebox.css HTTP/1.1" 404 1104
180.162.108.15 - - [08/Jan/2021:11:25:22 +0800] "GET /xingrg/all/function/internal_message.html?_=1610076194132&CODE_STATE=getMsg HTTP/1.1" 200 27
222.69.138.28 - - [08/Jan/2021:11:25:22 +0800] "GET /xingrg/kc/buy/cgsh_order_operate.html?command=get_materiel&rest_code=00149&code=00101001139&supplier_code=00100312&order_time=2021-01-08 HTTP/1.1" 200 419
120.253.135.82 - - [08/Jan/2021:11:25:22 +0800] "POST /xingrg/kc/pszx/mdps_list_operate.html HTTP/1.1" 200 581
120.253.135.82 - - [08/Jan/2021:11:25:22 +0800] "GET /xingrg/kc/pszx/mdps_order_info.html?code=312021010700208 HTTP/1.1" 200 23887
120.253.135.82 - - [08/Jan/2021:11:25:22 +0800] "GET /xingrg/javascript/pic_change.js HTTP/1.1" 304 -
120.253.135.82 - - [08/Jan/2021:11:25:22 +0800] "GET /xingrg/javascript/print/kc_print.js HTTP/1.1" 304 -
120.253.135.82 - - [08/Jan/2021:11:25:22 +0800] "GET /xingrg/javascript/convert.js HTTP/1.1" 304 -
120.253.135.82 - - [08/Jan/2021:11:25:22 +0800] "GET /xingrg/javascript/jquery_tools/order_manager.js HTTP/1.1" 304 -
120.253.135.82 - - [08/Jan/2021:11:25:22 +0800] "GET /xingrg/javascript/myfunction.js HTTP/1.1" 304 -
120.253.135.82 - - [08/Jan/2021:11:25:22 +0800] "GET /xingrg/javascript/json2.js HTTP/1.1" 304 -
120.253.135.82 - - [08/Jan/2021:11:25:22 +0800] "GET /xingrg/words/20210107131902_words.js HTTP/1.1" 304 -
120.253.135.82 - - [08/Jan/2021:11:25:22 +0800] "GET /xingrg/javascript/easyui/themes/icons/copy_new.png HTTP/1.1" 304 -
120.253.135.82 - - [08/Jan/2021:11:25:22 +0800] "GET /xingrg/javascript/easyui/themes/icons/print.png HTTP/1.1" 304 -
120.253.135.82 - - [08/Jan/2021:11:25:22 +0800] "GET /xingrg/javascript/easyui/themes/default/images/menu_downarrow.png HTTP/1.1" 304 -
120.253.135.82 - - [08/Jan/2021:11:25:22 +0800] "GET /xingrg/javascript/easyui/themes/icons/cancel.png HTTP/1.1" 304 -
120.253.135.82 - - [08/Jan/2021:11:25:22 +0800] "GET /xingrg/all/common/auto_word.html?type=base&rest_code=00101 HTTP/1.1" 200 559
120.253.135.82 - - [08/Jan/2021:11:25:23 +0800] "GET /xingrg/javascript/easyui/themes/default/validatebox.css HTTP/1.1" 404 1104
120.253.135.82 - - [08/Jan/2021:11:25:23 +0800] "GET /xingrg/javascript/easyui/plugins/jquery.validatebox.js HTTP/1.1" 304 -
120.253.135.82 - - [08/Jan/2021:11:25:23 +0800] "GET /xingrg/javascript/easyui/plugins/jquery.numberbox.js HTTP/1.1" 304 -
172.17.0.108 - - [08/Jan/2021:11:25:23 +0800] "GET /xingrg/all/function/internal_message.html?_=1610076321048&CODE_STATE=getMsg HTTP/1.1" 200 27
116.228.172.94 - - [08/Jan/2021:11:25:23 +0800] "GET /xingrg/all/function/internal_message.html?_=1610076313695&CODE_STATE=getMsg HTTP/1.1" 200 27
120.253.135.82 - - [08/Jan/2021:11:25:23 +0800] "POST /xingrg/kc/pszx/mdps_order_operate.html HTTP/1.1" 200 8185
120.253.135.82 - - [08/Jan/2021:11:25:23 +0800] "GET /xingrg/javascript/easyui/themes/icons/edit_remove.png HTTP/1.1" 304 -
120.253.135.82 - - [08/Jan/2021:11:25:25 +0800] "GET /xingrg/javascript/easyui/themes/default/images/button_plain_hover.png HTTP/1.1" 304 -
180.157.253.48 - - [08/Jan/2021:11:25:25 +0800] "GET /xingrg/kc/buy/cgsh_order_operate.html?command=get_materiel&rest_code=00148&code=00101010021&supplier_code=00100337&order_time=2021-01-08 HTTP/1.1" 200 413
120.253.135.82 - - [08/Jan/2021:11:25:27 +0800] "POST /xingrg/kc/pszx/mdps_order_operate.html HTTP/1.1" 200 37
222.70.174.6 - - [08/Jan/2021:11:25:28 +0800] "POST /xingrg/kc/buy/cgsh_order_operate.html HTTP/1.1" 200 37
120.253.135.82 - - [08/Jan/2021:11:25:29 +0800] "POST /xingrg/kc/pszx/mdps_order_operate.html HTTP/1.1" 200 12
120.204.169.30 - - [08/Jan/2021:11:25:29 +0800] "GET /xingrg/all/function/internal_message.html?_=1610076325675&CODE_STATE=getMsg HTTP/1.1" 200 27
120.253.135.82 - - [08/Jan/2021:11:25:30 +0800] "GET /xingrg/kc/pszx/mdps_order_info.html?code=312021010700208 HTTP/1.1" 200 19545
120.253.135.82 - - [08/Jan/2021:11:25:30 +0800] "POST /xingrg/kc/pszx/mdps_order_operate.html HTTP/1.1" 200 6360
120.253.135.82 - - [08/Jan/2021:11:25:30 +0800] "GET /xingrg/javascript/easyui/themes/default/validatebox.css HTTP/1.1" 404 1104
180.157.253.48 - - [08/Jan/2021:11:25:30 +0800] "POST /xingrg/kc/buy/cgsh_order_operate.html HTTP/1.1" 200 37
222.70.174.6 - - [08/Jan/2021:11:25:30 +0800] "POST /xingrg/kc/buy/cgsh_order_operate.html HTTP/1.1" 200 2657
180.156.237.57 - - [08/Jan/2021:11:25:32 +0800] "GET /xingrg/kc/buy/cgsh_order_operate.html?command=get_materiel&rest_code=00151&code=00101012046&supplier_code=00100347&order_time=2021-01-08 HTTP/1.1" 200 417
222.70.174.6 - - [08/Jan/2021:11:25:33 +0800] "GET /xingrg/kc/print/load_data.html?order_code=212021010803091&kc_code=cgsh&condition= HTTP/1.1" 200 691
117.185.32.26 - - [08/Jan/2021:11:25:33 +0800] "GET /xingrg/all/function/internal_message.html?_=1610076799228&CODE_STATE=getMsg HTTP/1.1" 200 27
117.185.32.26 - - [08/Jan/2021:11:25:33 +0800] "GET /xingrg/check_reg.html?_=1610076800056 HTTP/1.1" 200 22
180.175.150.119 - - [08/Jan/2021:11:25:35 +0800] "GET /xingrg/all/function/internal_message.html?_=1610076569244&CODE_STATE=getMsg HTTP/1.1" 200 27
117.131.5.26 - - [08/Jan/2021:11:25:35 +0800] "GET /xingrg/check_reg.html?_=1610076381320 HTTP/1.1" 200 22
117.131.5.26 - - [08/Jan/2021:11:25:35 +0800] "GET /xingrg/all/function/internal_message.html?_=1610076381321&CODE_STATE=getMsg HTTP/1.1" 200 27
222.69.138.28 - - [08/Jan/2021:11:25:36 +0800] "GET /xingrg/all/function/internal_message.html?_=1610076331835&CODE_STATE=getMsg HTTP/1.1" 200 27
117.131.5.26 - - [08/Jan/2021:11:25:37 +0800] "GET /xingrg/javascript/easyui/themes/default/images/button_plain_hover.png HTTP/1.1" 304 -
117.131.5.26 - - [08/Jan/2021:11:25:37 +0800] "GET /xingrg/javascript/easyui/themes/default/images/button_plain_hover.png HTTP/1.1" 304 -
117.131.5.26 - - [08/Jan/2021:11:25:38 +0800] "GET /xingrg/kc/buy/cgsh_order_operate.html?command=get_materiel&rest_code=00104&code=00101012070&supplier_code=00100036&order_time=2021-01-08 HTTP/1.1" 200 398
117.131.5.26 - - [08/Jan/2021:11:25:38 +0800] "GET /xingrg/javascript/easyui/themes/default/images/button_plain_hover.png HTTP/1.1" 304 -
222.70.174.6 - - [08/Jan/2021:11:25:41 +0800] "GET /xingrg/all/function/internal_message.html?_=1610076342468&CODE_STATE=getMsg HTTP/1.1" 200 27
117.131.5.26 - - [08/Jan/2021:11:25:41 +0800] "POST /xingrg/kc/buy/cgsh_order_operate.html HTTP/1.1" 200 37
180.156.237.57 - - [08/Jan/2021:11:25:42 +0800] "GET /xingrg/kc/buy/cgsh_order_list.html HTTP/1.1" 200 45647
117.131.5.26 - - [08/Jan/2021:11:25:42 +0800] "POST /xingrg/kc/buy/cgsh_order_operate.html HTTP/1.1" 200 3252
180.157.253.48 - - [08/Jan/2021:11:25:43 +0800] "POST /xingrg/kc/buy/cgsh_order_operate.html HTTP/1.1" 200 12
180.156.237.57 - - [08/Jan/2021:11:25:44 +0800] "POST /xingrg/kc/buy/cgsh_list_operate.html HTTP/1.1" 200 1686
117.131.5.26 - - [08/Jan/2021:11:25:45 +0800] "GET /xingrg/javascript/easyui/themes/default/images/button_plain_hover.png HTTP/1.1" 304 -
117.131.5.26 - - [08/Jan/2021:11:25:45 +0800] "GET /xingrg/javascript/easyui/themes/default/images/button_plain_hover.png HTTP/1.1" 304 -
117.131.5.26 - - [08/Jan/2021:11:25:45 +0800] "GET /xingrg/javascript/easyui/themes/default/images/button_plain_hover.png HTTP/1.1" 304 -
117.131.5.26 - - [08/Jan/2021:11:25:45 +0800] "GET /xingrg/javascript/easyui/themes/default/images/button_plain_hover.png HTTP/1.1" 304 -
120.253.135.82 - - [08/Jan/2021:11:25:45 +0800] "POST /xingrg/kc/pszx/mdps_list_operate.html HTTP/1.1" 200 202
120.253.135.82 - - [08/Jan/2021:11:25:45 +0800] "GET /xingrg/kc/pszx/mdps_order_info.html?code=312021010700209 HTTP/1.1" 200 23887
180.157.253.48 - - [08/Jan/2021:11:25:46 +0800] "GET /xingrg/kc/buy/cgsh_order_info.html?code=212021010803092 HTTP/1.1" 200 56289
120.253.135.82 - - [08/Jan/2021:11:25:46 +0800] "GET /xingrg/javascript/easyui/themes/default/validatebox.css HTTP/1.1" 404 1104
120.253.135.82 - - [08/Jan/2021:11:25:46 +0800] "POST /xingrg/kc/pszx/mdps_order_operate.html HTTP/1.1" 200 2276
222.70.174.6 - - [08/Jan/2021:11:25:46 +0800] "GET /xingrg/kc/buy/cgsh_order_add.html HTTP/1.1" 200 61384
180.156.237.57 - - [08/Jan/2021:11:25:46 +0800] "GET /xingrg/kc/buy/cgsh_order_add.html HTTP/1.1" 200 61302
222.70.174.6 - - [08/Jan/2021:11:25:46 +0800] "POST /xingrg/kc/buy/cgsh_order_operate.html HTTP/1.1" 200 8245
61.165.42.208 - - [08/Jan/2021:11:25:46 +0800] "GET /xingrg/all/function/internal_message.html?_=1610076326328&CODE_STATE=getMsg HTTP/1.1" 200 27
222.70.174.6 - - [08/Jan/2021:11:25:46 +0800] "GET /xingrg/javascript/easyui/themes/default/validatebox.css HTTP/1.1" 404 1104
180.157.253.48 - - [08/Jan/2021:11:25:46 +0800] "GET /xingrg/javascript/easyui/themes/default/validatebox.css HTTP/1.1" 404 1104
180.156.237.57 - - [08/Jan/2021:11:25:46 +0800] "POST /xingrg/kc/buy/cgsh_order_operate.html HTTP/1.1" 200 8245
180.156.237.57 - - [08/Jan/2021:11:25:46 +0800] "GET /xingrg/javascript/easyui/themes/default/validatebox.css HTTP/1.1" 404 1104
180.157.253.48 - - [08/Jan/2021:11:25:47 +0800] "POST /xingrg/kc/buy/cgsh_order_operate.html HTTP/1.1" 200 607
114.86.230.32 - - [08/Jan/2021:11:25:47 +0800] "GET /xingrg/all/function/internal_message.html?_=1610076344805&CODE_STATE=getMsg HTTP/1.1" 200 27
180.156.237.57 - - [08/Jan/2021:11:25:47 +0800] "GET /xingrg/kc/buy/cgsh_order_operate.html?command=get_materiel&rest_code=00151&code=00101008146&supplier_code=00100347&order_time=2021-01-08 HTTP/1.1" 200 416
120.253.135.82 - - [08/Jan/2021:11:25:47 +0800] "GET /xingrg/all/function/internal_message.html?_=1610076453621&CODE_STATE=getMsg HTTP/1.1" 200 27
172.17.0.103 - - [08/Jan/2021:11:25:49 +0800] "GET /xingrg/check_reg.html?_=1610076348204 HTTP/1.1" 200 22
180.156.237.57 - - [08/Jan/2021:11:25:49 +0800] "GET /xingrg/javascript/auto/indicator.gif HTTP/1.1" 404 1066
114.88.169.67 - - [08/Jan/2021:11:25:50 +0800] "GET /xingrg/check_reg.html?_=1610076346073 HTTP/1.1" 200 22
117.131.5.26 - - [08/Jan/2021:11:25:51 +0800] "GET /xingrg/all/function/internal_message.html?_=1610076690805&CODE_STATE=getMsg HTTP/1.1" 200 27
180.157.253.48 - - [08/Jan/2021:11:25:51 +0800] "GET /xingrg/kc/print/load_data.html?order_code=212021010803092&kc_code=cgsh&condition= HTTP/1.1" 200 711
180.156.237.57 - - [08/Jan/2021:11:25:51 +0800] "GET /xingrg/all/function/internal_message.html?_=1610076350003&CODE_STATE=getMsg HTTP/1.1" 200 27
172.17.0.103 - - [08/Jan/2021:11:25:51 +0800] "GET /xingrg/all/function/internal_message.html?_=1610076350999&CODE_STATE=getMsg HTTP/1.1" 200 27
117.131.5.26 - - [08/Jan/2021:11:25:53 +0800] "GET /xingrg/kc/buy/cgsh_order_operate.html?command=get_materiel&rest_code=00104&code=00101010035&supplier_code=00100036&order_time=2021-01-08 HTTP/1.1" 200 413
180.156.237.57 - - [08/Jan/2021:11:25:53 +0800] "GET /xingrg/all/function/internal_message.html?_=1610076327781&CODE_STATE=getMsg HTTP/1.1" 200 27
117.131.5.26 - - [08/Jan/2021:11:25:53 +0800] "GET /xingrg/javascript/easyui/themes/default/images/button_plain_hover.png HTTP/1.1" 304 -
117.131.5.26 - - [08/Jan/2021:11:25:53 +0800] "GET /xingrg/javascript/easyui/themes/default/images/button_plain_hover.png HTTP/1.1" 304 -
117.185.32.26 - - [08/Jan/2021:11:25:53 +0800] "GET /xingrg/all/function/internal_message.html?_=1610076344723&CODE_STATE=getMsg HTTP/1.1" 200 27
117.131.5.26 - - [08/Jan/2021:11:25:53 +0800] "GET /xingrg/javascript/easyui/themes/default/images/button_plain_hover.png HTTP/1.1" 304 -
117.131.5.26 - - [08/Jan/2021:11:25:53 +0800] "GET /xingrg/kc/print/load_config.html?kc_code=cgsh HTTP/1.1" 200 1845
117.131.5.26 - - [08/Jan/2021:11:25:54 +0800] "GET /xingrg/kc/print/load_data.html?order_code=212021010803093&kc_code=cgsh&condition= HTTP/1.1" 200 964
172.17.200.101 - - [08/Jan/2021:11:25:54 +0800] "GET /xingrg/all/function/internal_message.html?_=1610076355706&CODE_STATE=getMsg HTTP/1.1" 200 27
180.156.237.57 - - [08/Jan/2021:11:25:54 +0800] "GET /xingrg/kc/buy/cgsh_order_operate.html?command=get_materiel&rest_code=00150&code=00101002027&supplier_code=00100151&order_time=2021-01-08 HTTP/1.1" 200 432
120.253.135.82 - - [08/Jan/2021:11:25:54 +0800] "POST /xingrg/kc/pszx/mdps_order_operate.html HTTP/1.1" 200 37
120.253.135.82 - - [08/Jan/2021:11:25:56 +0800] "POST /xingrg/kc/pszx/mdps_order_operate.html HTTP/1.1" 200 12
180.157.253.48 - - [08/Jan/2021:11:25:56 +0800] "GET /xingrg/kc/buy/cgsh_order_add.html HTTP/1.1" 200 61384
180.156.237.57 - - [08/Jan/2021:11:25:56 +0800] "GET /xingrg/kc/buy/cgsh_order_operate.html?command=get_materiel&rest_code=00151&code=00101019489&supplier_code=00100347&order_time=2021-01-08 HTTP/1.1" 200 410
101.91.60.105 - - [08/Jan/2021:11:25:56 +0800] "GET /xingrg/all/function/internal_message.html?_=1610075715894&CODE_STATE=getMsg HTTP/1.1" 302 -
180.157.253.48 - - [08/Jan/2021:11:25:57 +0800] "POST /xingrg/kc/buy/cgsh_order_operate.html HTTP/1.1" 200 8245
180.157.253.48 - - [08/Jan/2021:11:25:57 +0800] "GET /xingrg/javascript/easyui/themes/default/validatebox.css HTTP/1.1" 404 1104
120.253.135.82 - - [08/Jan/2021:11:25:57 +0800] "GET /xingrg/kc/pszx/mdps_order_info.html?code=312021010700209 HTTP/1.1" 200 19545
120.253.135.82 - - [08/Jan/2021:11:25:57 +0800] "POST /xingrg/kc/pszx/mdps_order_operate.html HTTP/1.1" 200 497
120.253.135.82 - - [08/Jan/2021:11:25:57 +0800] "GET /xingrg/javascript/easyui/themes/default/validatebox.css HTTP/1.1" 404 1104
58.37.230.33 - - [08/Jan/2021:11:25:57 +0800] "GET /xingrg/all/function/internal_message.html?_=1610076375651&CODE_STATE=getMsg HTTP/1.1" 200 27
120.253.135.82 - - [08/Jan/2021:11:25:59 +0800] "POST /xingrg/kc/pszx/mdps_list_operate.html HTTP/1.1" 200 5648
222.70.174.6 - - [08/Jan/2021:11:25:59 +0800] "GET /xingrg/kc/buy/cgsh_order_operate.html?command=get_materiel&rest_code=00146&code=00101008171&supplier_code=00100327&order_time=2021-01-08 HTTP/1.1" 200 421
114.88.169.67 - - [08/Jan/2021:11:26:01 +0800] "GET /xingrg/all/function/internal_message.html?_=1610076356814&CODE_STATE=getMsg HTTP/1.1" 200 27
61.165.42.208 - - [08/Jan/2021:11:26:01 +0800] "GET /xingrg/all/function/internal_message.html?_=1610076362953&CODE_STATE=getMsg HTTP/1.1" 200 27
180.156.237.57 - - [08/Jan/2021:11:26:02 +0800] "POST /xingrg/kc/buy/cgsh_order_operate.html HTTP/1.1" 200 37
117.131.5.26 - - [08/Jan/2021:11:26:02 +0800] "GET /xingrg/javascript/easyui/themes/default/images/button_plain_hover.png HTTP/1.1" 304 -
117.131.5.26 - - [08/Jan/2021:11:26:02 +0800] "GET /xingrg/javascript/easyui/themes/default/images/button_plain_hover.png HTTP/1.1" 304 -
222.69.138.28 - - [08/Jan/2021:11:26:02 +0800] "GET /xingrg/kc/buy/cgsh_order_operate.html?command=get_materiel&rest_code=00149&code=00101004023&supplier_code=00100312&order_time=2021-01-08 HTTP/1.1" 200 409
117.131.5.26 - - [08/Jan/2021:11:26:03 +0800] "GET /xingrg/kc/buy/cgsh_order_add.html HTTP/1.1" 200 61378
117.131.5.26 - - [08/Jan/2021:11:26:03 +0800] "GET /xingrg/css/base.css HTTP/1.1" 304 -
117.131.5.26 - - [08/Jan/2021:11:26:03 +0800] "GET /xingrg/css/site.css HTTP/1.1" 304 -
117.131.5.26 - - [08/Jan/2021:11:26:03 +0800] "GET /xingrg/javascript/easyui/themes/icon.css HTTP/1.1" 304 -
117.131.5.26 - - [08/Jan/2021:11:26:03 +0800] "GET /xingrg/javascript/jquery_tools/datebox.css HTTP/1.1" 304 -
117.131.5.26 - - [08/Jan/2021:11:26:03 +0800] "GET /xingrg/javascript/easyui/themes/default/easyui.css HTTP/1.1" 304 -
117.131.5.26 - - [08/Jan/2021:11:26:03 +0800] "GET /xingrg/javascript/jquery_tools/fix.css HTTP/1.1" 304 -
117.131.5.26 - - [08/Jan/2021:11:26:03 +0800] "GET /xingrg/javascript/jquery_tools/table.css HTTP/1.1" 304 -
117.131.5.26 - - [08/Jan/2021:11:26:03 +0800] "GET /xingrg/javascript/pic_change.js HTTP/1.1" 304 -
117.131.5.26 - - [08/Jan/2021:11:26:03 +0800] "GET /xingrg/javascript/auto/jquery.autocomplete.css HTTP/1.1" 304 -
117.131.5.26 - - [08/Jan/2021:11:26:03 +0800] "GET /xingrg/javascript/jquery_tools/jquery.tools.min.js HTTP/1.1" 304 -
117.131.5.26 - - [08/Jan/2021:11:26:03 +0800] "GET /xingrg/javascript/jquery_tools/jquery.tools.extend.js HTTP/1.1" 304 -
117.131.5.26 - - [08/Jan/2021:11:26:03 +0800] "GET /xingrg/javascript/auto/jquery.autocomplete.js HTTP/1.1" 304 -
117.131.5.26 - - [08/Jan/2021:11:26:03 +0800] "GET /xingrg/javascript/jquery_tools/jquery.tools.hotkey.js HTTP/1.1" 304 -
117.131.5.26 - - [08/Jan/2021:11:26:03 +0800] "GET /xingrg/javascript/jquery.utils.js HTTP/1.1" 304 -
117.131.5.26 - - [08/Jan/2021:11:26:03 +0800] "GET /xingrg/javascript/jquery_tools/jquery.tools.table.js HTTP/1.1" 304 -
117.131.5.26 - - [08/Jan/2021:11:26:03 +0800] "GET /xingrg/javascript/jquery_tools/order_manager.js HTTP/1.1" 304 -
117.131.5.26 - - [08/Jan/2021:11:26:03 +0800] "GET /xingrg/javascript/convert.js HTTP/1.1" 304 -
117.131.5.26 - - [08/Jan/2021:11:26:03 +0800] "GET /xingrg/javascript/easyui/easyloader.js HTTP/1.1" 304 -
117.131.5.26 - - [08/Jan/2021:11:26:03 +0800] "GET /xingrg/javascript/json2.js HTTP/1.1" 304 -
117.131.5.26 - - [08/Jan/2021:11:26:03 +0800] "GET /xingrg/javascript/jquery.cookie.js HTTP/1.1" 304 -
117.131.5.26 - - [08/Jan/2021:11:26:03 +0800] "GET /xingrg/javascript/print/kc_print.js HTTP/1.1" 304 -
117.131.5.26 - - [08/Jan/2021:11:26:03 +0800] "GET /xingrg/javascript/print/LodopFuncs.js HTTP/1.1" 304 -
114.88.169.67 - - [08/Jan/2021:11:26:03 +0800] "POST /xingrg/kc/buy/cgsh_order_operate.html HTTP/1.1" 200 37
117.131.5.26 - - [08/Jan/2021:11:26:03 +0800] "GET /xingrg/words/20210107131902_words.js HTTP/1.1" 304 -
117.131.5.26 - - [08/Jan/2021:11:26:03 +0800] "GET /xingrg/javascript/easyui/themes/icons/copy_new.png HTTP/1.1" 304 -
117.131.5.26 - - [08/Jan/2021:11:26:03 +0800] "GET /xingrg/javascript/easyui/themes/icons/template_new.png HTTP/1.1" 304 -
117.131.5.26 - - [08/Jan/2021:11:26:03 +0800] "GET /xingrg/javascript/easyui/themes/icons/ok.png HTTP/1.1" 304 -
117.131.5.26 - - [08/Jan/2021:11:26:03 +0800] "GET /xingrg/javascript/easyui/themes/icons/print.png HTTP/1.1" 304 -
117.131.5.26 - - [08/Jan/2021:11:26:03 +0800] "GET /xingrg/javascript/easyui/themes/default/images/menu_downarrow.png HTTP/1.1" 304 -
117.131.5.26 - - [08/Jan/2021:11:26:03 +0800] "GET /xingrg/javascript/easyui/themes/icons/cancel.png HTTP/1.1" 304 -
117.131.5.26 - - [08/Jan/2021:11:26:03 +0800] "GET /xingrg/javascript/easyui/plugins/jquery.parser.js HTTP/1.1" 304 -
117.131.5.26 - - [08/Jan/2021:11:26:04 +0800] "POST /xingrg/kc/buy/cgsh_order_operate.html HTTP/1.1" 200 8245
117.131.5.26 - - [08/Jan/2021:11:26:04 +0800] "GET /xingrg/all/common/auto_word.html?type=employee&rest_code=00104 HTTP/1.1" 200 193
117.131.5.26 - - [08/Jan/2021:11:26:04 +0800] "GET /xingrg/all/common/auto_word.html?type=employee&rest_code=00104 HTTP/1.1" 200 193
117.131.5.26 - - [08/Jan/2021:11:26:04 +0800] "GET /xingrg/javascript/easyui/themes/default/validatebox.css HTTP/1.1" 404 1104
117.131.5.26 - - [08/Jan/2021:11:26:04 +0800] "GET /xingrg/javascript/easyui/plugins/jquery.validatebox.js HTTP/1.1" 304 -
117.131.5.26 - - [08/Jan/2021:11:26:04 +0800] "GET /xingrg/javascript/easyui/plugins/jquery.numberbox.js HTTP/1.1" 304 -
114.88.169.67 - - [08/Jan/2021:11:26:04 +0800] "POST /xingrg/kc/buy/cgsh_order_operate.html HTTP/1.1" 200 18089
222.69.133.109 - - [08/Jan/2021:11:26:05 +0800] "GET /xingrg/all/function/internal_message.html?_=1610076365072&CODE_STATE=getMsg HTTP/1.1" 200 27
180.156.237.57 - - [08/Jan/2021:11:26:05 +0800] "GET /xingrg/kc/buy/cgsh_order_operate.html?command=get_materiel&rest_code=00151&code=00101010164&supplier_code=00100347&order_time=2021-01-08 HTTP/1.1" 200 409
101.91.60.105 - - [08/Jan/2021:11:26:06 +0800] "GET /xingrg/login.html HTTP/1.1" 200 7641
58.40.7.146 - - [08/Jan/2021:11:26:07 +0800] "GET /xingrg/all/function/internal_message.html?_=1610076364890&CODE_STATE=getMsg HTTP/1.1" 200 27
58.40.7.146 - - [08/Jan/2021:11:26:07 +0800] "GET /xingrg/check_reg.html?_=1610076364891 HTTP/1.1" 200 22
222.69.138.28 - - [08/Jan/2021:11:26:10 +0800] "POST /xingrg/kc/buy/cgsh_order_operate.html HTTP/1.1" 200 37
180.175.150.119 - - [08/Jan/2021:11:26:10 +0800] "GET /xingrg/check_reg.html?_=1610076368878 HTTP/1.1" 200 22
120.253.135.82 - - [08/Jan/2021:11:26:11 +0800] "POST /xingrg/kc/pszx/mdps_list_operate.html HTTP/1.1" 200 205
120.253.135.82 - - [08/Jan/2021:11:26:12 +0800] "GET /xingrg/kc/pszx/mdps_order_info.html?code=312021010700210 HTTP/1.1" 200 23885
180.175.150.119 - - [08/Jan/2021:11:26:12 +0800] "GET /xingrg/all/function/internal_message.html?_=1610076370198&CODE_STATE=getMsg HTTP/1.1" 200 27
180.156.237.57 - - [08/Jan/2021:11:26:12 +0800] "POST /xingrg/kc/buy/cgsh_order_operate.html HTTP/1.1" 200 12
120.253.135.82 - - [08/Jan/2021:11:26:12 +0800] "POST /xingrg/kc/pszx/mdps_order_operate.html HTTP/1.1" 200 2291
120.253.135.82 - - [08/Jan/2021:11:26:12 +0800] "GET /xingrg/javascript/easyui/themes/default/validatebox.css HTTP/1.1" 404 1104
117.131.5.26 - - [08/Jan/2021:11:26:12 +0800] "GET /xingrg/javascript/jquery_easy_ui/themes/default/images/tabs_active.png HTTP/1.1" 304 -
117.131.5.26 - - [08/Jan/2021:11:26:12 +0800] "GET /xingrg/javascript/jquery_easy_ui/themes/default/images/tabs_active.png HTTP/1.1" 304 -
117.131.5.26 - - [08/Jan/2021:11:26:12 +0800] "GET /xingrg/javascript/jquery_easy_ui/themes/default/images/tabs_active.png HTTP/1.1" 304 -
180.156.237.57 - - [08/Jan/2021:11:26:13 +0800] "GET /xingrg/kc/buy/cgsh_order_operate.html?command=get_materiel&rest_code=00151&code=00101001249&supplier_code=00100347&order_time=2021-01-08 HTTP/1.1" 200 424
222.69.138.28 - - [08/Jan/2021:11:26:13 +0800] "POST /xingrg/kc/buy/cgsh_order_operate.html HTTP/1.1" 200 12
180.156.237.57 - - [08/Jan/2021:11:26:13 +0800] "GET /xingrg/kc/buy/cgsh_order_info.html?code=212021010803094 HTTP/1.1" 200 56195
180.156.237.57 - - [08/Jan/2021:11:26:14 +0800] "GET /xingrg/javascript/easyui/themes/default/validatebox.css HTTP/1.1" 404 1104
172.17.0.120 - - [08/Jan/2021:11:26:14 +0800] "GET /xingrg/all/function/internal_message.html?_=1610076370993&CODE_STATE=getMsg HTTP/1.1" 200 27
120.253.135.82 - - [08/Jan/2021:11:26:14 +0800] "GET /xingrg/check_reg.html?_=1610076410681 HTTP/1.1" 200 22
180.156.237.57 - - [08/Jan/2021:11:26:14 +0800] "POST /xingrg/kc/buy/cgsh_order_operate.html HTTP/1.1" 200 610
114.88.169.67 - - [08/Jan/2021:11:26:14 +0800] "POST /xingrg/kc/buy/cgsh_list_operate.html HTTP/1.1" 200 2776
120.253.135.82 - - [08/Jan/2021:11:26:14 +0800] "GET /xingrg/all/function/internal_message.html?_=1610076411107&CODE_STATE=getMsg HTTP/1.1" 200 27
222.70.174.6 - - [08/Jan/2021:11:26:16 +0800] "GET /xingrg/kc/buy/cgsh_order_operate.html?command=get_materiel&rest_code=00146&code=00101008486&supplier_code=00100327&order_time=2021-01-08 HTTP/1.1" 200 400
120.253.135.82 - - [08/Jan/2021:11:26:16 +0800] "POST /xingrg/kc/pszx/mdps_order_operate.html HTTP/1.1" 200 37
117.131.5.26 - - [08/Jan/2021:11:26:16 +0800] "GET /xingrg/javascript/pic_change.js HTTP/1.1" 304 -
117.131.5.26 - - [08/Jan/2021:11:26:16 +0800] "GET /xingrg/javascript/jquery_tools/jquery.tools.min.js HTTP/1.1" 304 -
117.131.5.26 - - [08/Jan/2021:11:26:16 +0800] "GET /xingrg/javascript/jquery_tools/jquery.tools.extend.js HTTP/1.1" 304 -
117.131.5.26 - - [08/Jan/2021:11:26:16 +0800] "GET /xingrg/javascript/jquery_tools/jquery.tools.hotkey.js HTTP/1.1" 304 -
117.131.5.26 - - [08/Jan/2021:11:26:16 +0800] "GET /xingrg/javascript/auto/jquery.autocomplete.js HTTP/1.1" 304 -
117.131.5.26 - - [08/Jan/2021:11:26:16 +0800] "GET /xingrg/javascript/jquery_tools/jquery.tools.table.js HTTP/1.1" 304 -
117.131.5.26 - - [08/Jan/2021:11:26:16 +0800] "GET /xingrg/javascript/json2.js HTTP/1.1" 304 -
117.131.5.26 - - [08/Jan/2021:11:26:16 +0800] "GET /xingrg/javascript/convert.js HTTP/1.1" 304 -
117.131.5.26 - - [08/Jan/2021:11:26:16 +0800] "GET /xingrg/javascript/jquery.cookie.js HTTP/1.1" 304 -
117.131.5.26 - - [08/Jan/2021:11:26:16 +0800] "GET /xingrg/javascript/print/kc_print.js HTTP/1.1" 304 -
117.131.5.26 - - [08/Jan/2021:11:26:16 +0800] "GET /xingrg/javascript/jquery.utils.js HTTP/1.1" 304 -
117.131.5.26 - - [08/Jan/2021:11:26:16 +0800] "GET /xingrg/javascript/print/LodopFuncs.js HTTP/1.1" 304 -
117.131.5.26 - - [08/Jan/2021:11:26:16 +0800] "GET /xingrg/javascript/easyui/easyloader.js HTTP/1.1" 304 -
117.131.5.26 - - [08/Jan/2021:11:26:16 +0800] "GET /xingrg/javascript/jquery_tools/order_manager.js HTTP/1.1" 304 -
117.131.5.26 - - [08/Jan/2021:11:26:16 +0800] "GET /xingrg/javascript/easyui/plugins/jquery.parser.js HTTP/1.1" 304 -
117.131.5.26 - - [08/Jan/2021:11:26:16 +0800] "GET /xingrg/javascript/easyui/plugins/jquery.numberbox.js HTTP/1.1" 304 -
117.131.5.26 - - [08/Jan/2021:11:26:16 +0800] "GET /xingrg/words/20210107131902_words.js HTTP/1.1" 304 -
117.131.5.26 - - [08/Jan/2021:11:26:16 +0800] "GET /xingrg/javascript/easyui/plugins/jquery.validatebox.js HTTP/1.1" 304 -
222.69.138.28 - - [08/Jan/2021:11:26:17 +0800] "GET /xingrg/kc/buy/cgsh_order_info.html?code=212021010803095 HTTP/1.1" 200 56338
114.88.169.67 - - [08/Jan/2021:11:26:17 +0800] "POST /xingrg/kc/buy/cgsh_list_operate.html HTTP/1.1" 200 579
222.69.138.28 - - [08/Jan/2021:11:26:17 +0800] "GET /xingrg/javascript/easyui/themes/default/validatebox.css HTTP/1.1" 404 1104
120.253.135.82 - - [08/Jan/2021:11:26:17 +0800] "POST /xingrg/kc/pszx/mdps_order_operate.html HTTP/1.1" 200 12
222.69.138.28 - - [08/Jan/2021:11:26:17 +0800] "POST /xingrg/kc/buy/cgsh_order_operate.html HTTP/1.1" 200 1806
114.88.169.67 - - [08/Jan/2021:11:26:18 +0800] "GET /xingrg/kc/buy/cgsh_order_info.html?code=212021010803000 HTTP/1.1" 200 61389
180.156.237.57 - - [08/Jan/2021:11:26:18 +0800] "GET /xingrg/kc/print/load_data.html?order_code=212021010803094&kc_code=cgsh&condition= HTTP/1.1" 200 690
114.88.169.67 - - [08/Jan/2021:11:26:18 +0800] "GET /xingrg/javascript/easyui/themes/default/validatebox.css HTTP/1.1" 404 1104
120.253.135.82 - - [08/Jan/2021:11:26:18 +0800] "GET /xingrg/kc/pszx/mdps_order_info.html?code=312021010700210 HTTP/1.1" 200 19543
120.253.135.82 - - [08/Jan/2021:11:26:18 +0800] "POST /xingrg/kc/pszx/mdps_order_operate.html HTTP/1.1" 200 512
120.253.135.82 - - [08/Jan/2021:11:26:18 +0800] "GET /xingrg/javascript/easyui/themes/default/validatebox.css HTTP/1.1" 404 1104
114.88.169.67 - - [08/Jan/2021:11:26:18 +0800] "POST /xingrg/kc/buy/cgsh_order_operate.html HTTP/1.1" 200 18089
120.253.135.82 - - [08/Jan/2021:11:26:20 +0800] "POST /xingrg/kc/pszx/mdps_list_operate.html HTTP/1.1" 200 5652
222.69.138.28 - - [08/Jan/2021:11:26:20 +0800] "GET /xingrg/kc/print/load_data.html?order_code=212021010803095&kc_code=cgsh&condition= HTTP/1.1" 200 1182
180.162.108.15 - - [08/Jan/2021:11:26:22 +0800] "GET /xingrg/all/function/internal_message.html?_=1610076254131&CODE_STATE=getMsg HTTP/1.1" 200 27
117.131.5.26 - - [08/Jan/2021:11:26:23 +0800] "GET /xingrg/kc/buy/cgsh_order_operate.html?command=get_materiel&rest_code=00104&code=00101004011&supplier_code=00100086&order_time=2021-01-08 HTTP/1.1" 200 433
172.17.0.108 - - [08/Jan/2021:11:26:23 +0800] "GET /xingrg/all/function/internal_message.html?_=1610076381036&CODE_STATE=getMsg HTTP/1.1" 200 27
116.228.172.94 - - [08/Jan/2021:11:26:23 +0800] "GET /xingrg/all/function/internal_message.html?_=1610076373678&CODE_STATE=getMsg HTTP/1.1" 200 27
180.156.237.57 - - [08/Jan/2021:11:26:23 +0800] "GET /xingrg/kc/buy/cgsh_order_add.html HTTP/1.1" 200 61302
180.156.237.57 - - [08/Jan/2021:11:26:23 +0800] "GET /xingrg/kc/buy/cgsh_order_operate.html?command=get_materiel&rest_code=00151&code=00101001213&supplier_code=00100347&order_time=2021-01-08 HTTP/1.1" 200 424
180.156.237.57 - - [08/Jan/2021:11:26:23 +0800] "POST /xingrg/kc/buy/cgsh_order_operate.html HTTP/1.1" 200 8245
180.156.237.57 - - [08/Jan/2021:11:26:23 +0800] "GET /xingrg/javascript/easyui/themes/default/validatebox.css HTTP/1.1" 404 1104
222.70.174.6 - - [08/Jan/2021:11:26:26 +0800] "POST /xingrg/kc/buy/cgsh_order_operate.html HTTP/1.1" 200 37
117.131.5.26 - - [08/Jan/2021:11:26:26 +0800] "POST /xingrg/kc/buy/cgsh_order_operate.html HTTP/1.1" 200 88
222.69.138.28 - - [08/Jan/2021:11:26:27 +0800] "GET /xingrg/kc/buy/cgsh_order_add.html HTTP/1.1" 200 16412
222.70.174.6 - - [08/Jan/2021:11:26:28 +0800] "POST /xingrg/kc/buy/cgsh_order_operate.html HTTP/1.1" 200 3262
114.88.169.67 - - [08/Jan/2021:11:26:28 +0800] "POST /xingrg/kc/buy/cgsh_list_operate.html HTTP/1.1" 200 2776
120.204.169.30 - - [08/Jan/2021:11:26:29 +0800] "GET /xingrg/all/function/internal_message.html?_=1610076385675&CODE_STATE=getMsg HTTP/1.1" 200 27
222.69.138.28 - - [08/Jan/2021:11:26:30 +0800] "GET /xingrg/kc/buy/cgsh_order_add.html HTTP/1.1" 200 61431
222.69.138.28 - - [08/Jan/2021:11:26:30 +0800] "POST /xingrg/kc/buy/cgsh_order_operate.html HTTP/1.1" 200 8245
222.69.138.28 - - [08/Jan/2021:11:26:30 +0800] "GET /xingrg/javascript/easyui/themes/default/validatebox.css HTTP/1.1" 404 1104
180.175.150.119 - - [08/Jan/2021:11:26:31 +0800] "GET /xingrg/check_reg.html?_=1610076625544 HTTP/1.1" 200 22
117.131.5.26 - - [08/Jan/2021:11:26:32 +0800] "POST /xingrg/kc/buy/cgsh_order_operate.html HTTP/1.1" 200 37
222.70.174.6 - - [08/Jan/2021:11:26:32 +0800] "GET /xingrg/kc/print/load_data.html?order_code=212021010803096&kc_code=cgsh&condition= HTTP/1.1" 200 915
120.253.135.82 - - [08/Jan/2021:11:26:32 +0800] "POST /xingrg/kc/pszx/mdps_list_operate.html HTTP/1.1" 200 5644
117.185.32.26 - - [08/Jan/2021:11:26:33 +0800] "GET /xingrg/all/function/internal_message.html?_=1610076859198&CODE_STATE=getMsg HTTP/1.1" 200 27
117.131.5.26 - - [08/Jan/2021:11:26:33 +0800] "POST /xingrg/kc/buy/cgsh_order_operate.html HTTP/1.1" 200 5009
117.131.5.26 - - [08/Jan/2021:11:26:33 +0800] "GET /xingrg/kc/buy/cgsh_order_operate.html?command=get_materiel&rest_code=00104&code=00101004065&supplier_code=00100086&order_time=2021-01-08 HTTP/1.1" 200 433
180.156.237.57 - - [08/Jan/2021:11:26:33 +0800] "GET /xingrg/kc/buy/cgsh_order_operate.html?command=get_materiel&rest_code=00150&code=00101006067&supplier_code=00100330&order_time=2021-01-08 HTTP/1.1" 200 409
180.157.253.48 - - [08/Jan/2021:11:26:33 +0800] "GET /xingrg/all/function/internal_message.html?_=1610076394044&CODE_STATE=getMsg HTTP/1.1" 200 27
114.88.169.67 - - [08/Jan/2021:11:26:34 +0800] "GET /xingrg/index.html?sysBaseUrl=http%3A%2F%2F180.169.147.146%3A18081%2Fxingrg%2F&costTime=78×tamp=1610068440325 HTTP/1.1" 200 17503
114.88.169.67 - - [08/Jan/2021:11:26:34 +0800] "GET /xingrg/javascript/jquery_easy_ui/themes/default/easyui.css HTTP/1.1" 304 -
114.88.169.67 - - [08/Jan/2021:11:26:34 +0800] "GET /xingrg/javascript/jquery_easy_ui/themes/icon.css HTTP/1.1" 304 -
114.88.169.67 - - [08/Jan/2021:11:26:34 +0800] "GET /xingrg/css/form.css HTTP/1.1" 304 -
114.88.169.67 - - [08/Jan/2021:11:26:34 +0800] "GET /xingrg/javascript/jquery-1.4.2.min.js HTTP/1.1" 304 -
114.88.169.67 - - [08/Jan/2021:11:26:34 +0800] "GET /xingrg/javascript/jquery_easy_ui/jquery.easyui.min.js HTTP/1.1" 304 -
114.88.169.67 - - [08/Jan/2021:11:26:34 +0800] "GET /xingrg/javascript/jquery_easy_ui/easyui-lang-zh_CN.js HTTP/1.1" 304 -
114.88.169.67 - - [08/Jan/2021:11:26:34 +0800] "GET /xingrg/javascript/jquery.form.js HTTP/1.1" 304 -
114.88.169.67 - - [08/Jan/2021:11:26:34 +0800] "GET /xingrg/javascript/jquery.utils.js HTTP/1.1" 304 -
114.88.169.67 - - [08/Jan/2021:11:26:34 +0800] "GET /xingrg/javascript/jquery.timers.js HTTP/1.1" 304 -
114.88.169.67 - - [08/Jan/2021:11:26:34 +0800] "GET /xingrg/images/blue/jxLogo.png HTTP/1.1" 304 -
114.88.169.67 - - [08/Jan/2021:11:26:34 +0800] "GET /xingrg/images/blue/navBackgound.jpg HTTP/1.1" 304 -
114.88.169.67 - - [08/Jan/2021:11:26:34 +0800] "GET /xingrg/javascript/jquery_easy_ui/themes/icons/settle_new.png HTTP/1.1" 304 -
114.88.169.67 - - [08/Jan/2021:11:26:34 +0800] "GET /xingrg/images/blue/pingpu.png HTTP/1.1" 304 -
114.88.169.67 - - [08/Jan/2021:11:26:34 +0800] "POST /xingrg/all/common/load_tree.html?tree=area_rest_tree_json&manage=1 HTTP/1.1" 200 3344
114.88.169.67 - - [08/Jan/2021:11:26:34 +0800] "GET /xingrg/javascript/jquery_easy_ui/themes/default/images/tabs_leftarrow.png HTTP/1.1" 304 -
