180.156.237.57 - - [08/Jan/2021:10:01:29 +0800] "POST /xingrg/load_menu.html HTTP/1.1" 200 5138
180.175.150.119 - - [08/Jan/2021:10:01:29 +0800] "GET /xingrg/all/function/internal_message.html?_=1610071523778&CODE_STATE=getMsg HTTP/1.1" 200 27
222.70.170.138 - - [08/Jan/2021:10:01:30 +0800] "GET /xingrg/check_reg.html?_=1610071291518 HTTP/1.1" 200 22
222.70.170.138 - - [08/Jan/2021:10:01:31 +0800] "GET /xingrg/all/function/internal_message.html?_=1610071292312&CODE_STATE=getMsg HTTP/1.1" 200 27
180.156.237.57 - - [08/Jan/2021:10:01:31 +0800] "GET /xingrg/kc/base/yddb_order_list.html HTTP/1.1" 200 16949
180.156.237.57 - - [08/Jan/2021:10:01:31 +0800] "POST /xingrg/kc/base/yddb_list_operate.html HTTP/1.1" 200 636
180.156.237.57 - - [08/Jan/2021:10:01:34 +0800] "POST /xingrg/kc/base/yddb_list_operate.html HTTP/1.1" 200 1346
222.69.133.109 - - [08/Jan/2021:10:01:35 +0800] "GET /xingrg/all/function/internal_message.html?_=1610071295383&CODE_STATE=getMsg HTTP/1.1" 200 27
180.156.237.57 - - [08/Jan/2021:10:01:35 +0800] "POST /xingrg/kc/base/yddb_list_operate.html HTTP/1.1" 200 297
180.156.237.57 - - [08/Jan/2021:10:01:36 +0800] "GET /xingrg/kc/base/yddb_order_info.html?code=482021010800058 HTTP/1.1" 200 30940
180.156.237.57 - - [08/Jan/2021:10:01:36 +0800] "GET /xingrg/dwr/interface/AjaxYddbService.js HTTP/1.1" 200 13201
180.156.237.57 - - [08/Jan/2021:10:01:36 +0800] "GET /xingrg/dwr/interface/AjaxComOrderService.js HTTP/1.1" 200 18264
180.156.237.57 - - [08/Jan/2021:10:01:36 +0800] "GET /xingrg/dwr/engine.js HTTP/1.1" 200 43631
180.156.237.57 - - [08/Jan/2021:10:01:36 +0800] "POST /xingrg/dwr/call/plaincall/AjaxYddbService.loadMaterielItems.dwr HTTP/1.1" 200 812
180.156.237.57 - - [08/Jan/2021:10:01:39 +0800] "POST /xingrg/dwr/call/plaincall/AjaxYddbService.saveOrder.dwr HTTP/1.1" 200 78
180.156.237.57 - - [08/Jan/2021:10:01:42 +0800] "POST /xingrg/dwr/call/plaincall/AjaxYddbService.objCheckOrder.dwr HTTP/1.1" 200 78
180.156.237.57 - - [08/Jan/2021:10:01:43 +0800] "GET /xingrg/kc/base/yddb_order_info.html?code=482021010800058 HTTP/1.1" 200 31061
180.156.237.57 - - [08/Jan/2021:10:01:43 +0800] "GET /xingrg/dwr/interface/AjaxYddbService.js HTTP/1.1" 200 13201
180.156.237.57 - - [08/Jan/2021:10:01:43 +0800] "GET /xingrg/dwr/interface/AjaxComOrderService.js HTTP/1.1" 200 18264
180.156.237.57 - - [08/Jan/2021:10:01:43 +0800] "GET /xingrg/dwr/engine.js HTTP/1.1" 200 43631
180.156.237.57 - - [08/Jan/2021:10:01:43 +0800] "POST /xingrg/dwr/call/plaincall/AjaxYddbService.loadMaterielItems.dwr HTTP/1.1" 200 812
180.156.237.57 - - [08/Jan/2021:10:01:44 +0800] "GET /xingrg/all/function/internal_message.html?_=1610071279698&CODE_STATE=getMsg HTTP/1.1" 200 27
114.88.169.67 - - [08/Jan/2021:10:01:50 +0800] "GET /xingrg/all/function/internal_message.html?_=1610071305511&CODE_STATE=getMsg HTTP/1.1" 200 27
172.17.200.101 - - [08/Jan/2021:10:01:51 +0800] "GET /xingrg/all/function/internal_message.html?_=1610071312428&CODE_STATE=getMsg HTTP/1.1" 200 27
58.37.230.33 - - [08/Jan/2021:10:01:59 +0800] "GET /xingrg/all/function/internal_message.html?_=1610071337562&CODE_STATE=getMsg HTTP/1.1" 200 27
61.165.42.208 - - [08/Jan/2021:10:02:02 +0800] "GET /xingrg/check_reg.html?_=1610071323963 HTTP/1.1" 200 22
61.165.42.208 - - [08/Jan/2021:10:02:02 +0800] "GET /xingrg/all/function/internal_message.html?_=1610071323965&CODE_STATE=getMsg HTTP/1.1" 200 27
58.40.7.146 - - [08/Jan/2021:10:02:07 +0800] "GET /xingrg/all/function/internal_message.html?_=1610071324828&CODE_STATE=getMsg HTTP/1.1" 200 27
222.69.138.28 - - [08/Jan/2021:10:02:17 +0800] "GET /xingrg/all/function/internal_message.html?_=1610071332727&CODE_STATE=getMsg HTTP/1.1" 200 27
116.228.172.94 - - [08/Jan/2021:10:02:23 +0800] "GET /xingrg/all/function/internal_message.html?_=1610071334210&CODE_STATE=getMsg HTTP/1.1" 200 27
180.156.237.57 - - [08/Jan/2021:10:02:29 +0800] "GET /xingrg/all/function/internal_message.html?_=1610071347819&CODE_STATE=getMsg HTTP/1.1" 200 27
180.175.150.119 - - [08/Jan/2021:10:02:29 +0800] "GET /xingrg/all/function/internal_message.html?_=1610071583793&CODE_STATE=getMsg HTTP/1.1" 200 27
222.70.170.138 - - [08/Jan/2021:10:02:31 +0800] "GET /xingrg/all/function/internal_message.html?_=1610071352325&CODE_STATE=getMsg HTTP/1.1" 200 27
101.89.19.197 - - [08/Jan/2021:10:02:33 +0800] "GET /xingrg/all/function/internal_message.html?_=1610070737782&CODE_STATE=getMsg HTTP/1.1" 302 -
222.69.133.109 - - [08/Jan/2021:10:02:35 +0800] "GET /xingrg/all/function/internal_message.html?_=1610071355364&CODE_STATE=getMsg HTTP/1.1" 200 27
180.156.237.57 - - [08/Jan/2021:10:02:43 +0800] "GET /xingrg/check_reg.html?_=1610071338487 HTTP/1.1" 200 22
101.89.19.197 - - [08/Jan/2021:10:02:43 +0800] "GET /xingrg/login.html HTTP/1.1" 200 7641
180.156.237.57 - - [08/Jan/2021:10:02:45 +0800] "GET /xingrg/all/function/internal_message.html?_=1610071339721&CODE_STATE=getMsg HTTP/1.1" 200 27
114.88.169.67 - - [08/Jan/2021:10:02:50 +0800] "GET /xingrg/all/function/internal_message.html?_=1610071365523&CODE_STATE=getMsg HTTP/1.1" 200 27
172.17.200.101 - - [08/Jan/2021:10:02:51 +0800] "GET /xingrg/all/function/internal_message.html?_=1610071372430&CODE_STATE=getMsg HTTP/1.1" 200 27
172.17.0.185 - - [08/Jan/2021:10:02:59 +0800] "GET /xingrg/check_reg.html?_=1610071376042 HTTP/1.1" 200 22
58.37.230.33 - - [08/Jan/2021:10:02:59 +0800] "GET /xingrg/all/function/internal_message.html?_=1610071397543&CODE_STATE=getMsg HTTP/1.1" 200 27
61.165.42.208 - - [08/Jan/2021:10:03:02 +0800] "GET /xingrg/all/function/internal_message.html?_=1610071383963&CODE_STATE=getMsg HTTP/1.1" 200 27
58.40.7.146 - - [08/Jan/2021:10:03:07 +0800] "GET /xingrg/all/function/internal_message.html?_=1610071384830&CODE_STATE=getMsg HTTP/1.1" 200 27
222.70.170.138 - - [08/Jan/2021:10:03:09 +0800] "GET /xingrg/kc/buy/cgsh_order_operate.html?command=get_materiel&rest_code=00146&code=00101008019&supplier_code=00100005&order_time=2021-01-08 HTTP/1.1" 200 416
222.69.138.28 - - [08/Jan/2021:10:03:17 +0800] "GET /xingrg/all/function/internal_message.html?_=1610071392697&CODE_STATE=getMsg HTTP/1.1" 200 27
116.228.172.94 - - [08/Jan/2021:10:03:23 +0800] "GET /xingrg/all/function/internal_message.html?_=1610071394200&CODE_STATE=getMsg HTTP/1.1" 200 27
180.156.237.57 - - [08/Jan/2021:10:03:29 +0800] "GET /xingrg/all/function/internal_message.html?_=1610071407811&CODE_STATE=getMsg HTTP/1.1" 200 27
180.175.150.119 - - [08/Jan/2021:10:03:29 +0800] "GET /xingrg/all/function/internal_message.html?_=1610071643806&CODE_STATE=getMsg HTTP/1.1" 200 27
222.70.170.138 - - [08/Jan/2021:10:03:31 +0800] "GET /xingrg/all/function/internal_message.html?_=1610071412339&CODE_STATE=getMsg HTTP/1.1" 200 27
222.70.170.138 - - [08/Jan/2021:10:03:31 +0800] "GET /xingrg/kc/buy/cgsh_order_operate.html?command=get_materiel&rest_code=00146&code=00101008010&supplier_code=00100005&order_time=2021-01-08 HTTP/1.1" 200 412
222.69.133.109 - - [08/Jan/2021:10:03:35 +0800] "GET /xingrg/all/function/internal_message.html?_=1610071415339&CODE_STATE=getMsg HTTP/1.1" 200 27
222.70.170.138 - - [08/Jan/2021:10:03:41 +0800] "GET /xingrg/kc/buy/cgsh_order_operate.html?command=get_materiel&rest_code=00146&code=00101008110&supplier_code=00100005&order_time=2021-01-08 HTTP/1.1" 200 408
222.70.170.138 - - [08/Jan/2021:10:03:44 +0800] "POST /xingrg/kc/buy/cgsh_order_operate.html HTTP/1.1" 200 2065
180.156.237.57 - - [08/Jan/2021:10:03:45 +0800] "GET /xingrg/all/function/internal_message.html?_=1610071399725&CODE_STATE=getMsg HTTP/1.1" 200 27
114.88.169.67 - - [08/Jan/2021:10:03:50 +0800] "GET /xingrg/all/function/internal_message.html?_=1610071425630&CODE_STATE=getMsg HTTP/1.1" 200 27
172.17.200.101 - - [08/Jan/2021:10:03:51 +0800] "GET /xingrg/all/function/internal_message.html?_=1610071432432&CODE_STATE=getMsg HTTP/1.1" 200 27
222.70.170.138 - - [08/Jan/2021:10:03:53 +0800] "GET /xingrg/kc/buy/cgsh_order_operate.html?command=get_materiel&rest_code=00146&code=00101008038&supplier_code=00100005&order_time=2021-01-08 HTTP/1.1" 200 431
222.69.133.109 - - [08/Jan/2021:10:03:59 +0800] "GET /xingrg/kc/buy/cgsh_order_operate.html?command=get_materiel&rest_code=00154&code=00101008497&supplier_code=00100151&order_time=2021-01-08 HTTP/1.1" 200 395
58.37.230.33 - - [08/Jan/2021:10:03:59 +0800] "GET /xingrg/all/function/internal_message.html?_=1610071457519&CODE_STATE=getMsg HTTP/1.1" 200 27
61.165.42.208 - - [08/Jan/2021:10:04:02 +0800] "GET /xingrg/all/function/internal_message.html?_=1610071443961&CODE_STATE=getMsg HTTP/1.1" 200 27
58.40.7.146 - - [08/Jan/2021:10:04:07 +0800] "GET /xingrg/all/function/internal_message.html?_=1610071444833&CODE_STATE=getMsg HTTP/1.1" 200 27
222.70.170.138 - - [08/Jan/2021:10:04:08 +0800] "GET /xingrg/kc/buy/cgsh_order_operate.html?command=get_materiel&rest_code=00146&code=00101008358&supplier_code=00100005&order_time=2021-01-08 HTTP/1.1" 200 412
58.221.95.50 - - [08/Jan/2021:10:04:17 +0800] "GET /xingrg/check_reg.html?_=1610071454442 HTTP/1.1" 302 -
222.69.138.28 - - [08/Jan/2021:10:04:17 +0800] "GET /xingrg/all/function/internal_message.html?_=1610071452671&CODE_STATE=getMsg HTTP/1.1" 200 27
116.228.172.94 - - [08/Jan/2021:10:04:19 +0800] "GET /xingrg/check_reg.html?_=1610071450230 HTTP/1.1" 200 22
116.228.172.94 - - [08/Jan/2021:10:04:23 +0800] "GET /xingrg/all/function/internal_message.html?_=1610071454176&CODE_STATE=getMsg HTTP/1.1" 200 27
180.156.237.57 - - [08/Jan/2021:10:04:29 +0800] "GET /xingrg/all/function/internal_message.html?_=1610071467812&CODE_STATE=getMsg HTTP/1.1" 200 27
180.175.150.119 - - [08/Jan/2021:10:04:29 +0800] "GET /xingrg/all/function/internal_message.html?_=1610071703920&CODE_STATE=getMsg HTTP/1.1" 200 27
58.37.230.33 - - [08/Jan/2021:10:04:30 +0800] "GET /xingrg/check_reg.html?_=1610071488128 HTTP/1.1" 200 22
222.70.170.138 - - [08/Jan/2021:10:04:31 +0800] "GET /xingrg/all/function/internal_message.html?_=1610071472352&CODE_STATE=getMsg HTTP/1.1" 200 27
61.129.6.251 - - [08/Jan/2021:10:04:33 +0800] "GET /xingrg/all/function/internal_message.html?_=1610070857723&CODE_STATE=getMsg HTTP/1.1" 302 -
222.69.133.109 - - [08/Jan/2021:10:04:35 +0800] "GET /xingrg/all/function/internal_message.html?_=1610071475312&CODE_STATE=getMsg HTTP/1.1" 200 27
222.70.170.138 - - [08/Jan/2021:10:04:39 +0800] "GET /xingrg/kc/buy/cgsh_order_operate.html?command=get_materiel&rest_code=00146&code=00101008163&supplier_code=00100005&order_time=2021-01-08 HTTP/1.1" 200 409
61.129.6.251 - - [08/Jan/2021:10:04:41 +0800] "GET /xingrg/login.html HTTP/1.1" 200 7641
180.156.237.57 - - [08/Jan/2021:10:04:45 +0800] "GET /xingrg/all/function/internal_message.html?_=1610071459739&CODE_STATE=getMsg HTTP/1.1" 200 27
114.88.169.67 - - [08/Jan/2021:10:04:50 +0800] "GET /xingrg/all/function/internal_message.html?_=1610071485644&CODE_STATE=getMsg HTTP/1.1" 200 27
172.17.200.101 - - [08/Jan/2021:10:04:51 +0800] "GET /xingrg/all/function/internal_message.html?_=1610071492433&CODE_STATE=getMsg HTTP/1.1" 200 27
172.17.200.101 - - [08/Jan/2021:10:04:51 +0800] "GET /xingrg/check_reg.html?_=1610071492441 HTTP/1.1" 200 22
58.37.230.33 - - [08/Jan/2021:10:04:59 +0800] "GET /xingrg/all/function/internal_message.html?_=1610071517502&CODE_STATE=getMsg HTTP/1.1" 200 27
222.69.133.109 - - [08/Jan/2021:10:05:00 +0800] "POST /xingrg/kc/buy/cgsh_order_operate.html HTTP/1.1" 200 37
222.70.170.138 - - [08/Jan/2021:10:05:02 +0800] "GET /xingrg/kc/buy/cgsh_order_operate.html?command=get_materiel&rest_code=00146&code=00101008355&supplier_code=00100005&order_time=2021-01-08 HTTP/1.1" 200 408
61.165.42.208 - - [08/Jan/2021:10:05:02 +0800] "GET /xingrg/all/function/internal_message.html?_=1610071503976&CODE_STATE=getMsg HTTP/1.1" 200 27
222.69.133.109 - - [08/Jan/2021:10:05:03 +0800] "POST /xingrg/kc/buy/cgsh_order_operate.html HTTP/1.1" 200 12
222.69.133.109 - - [08/Jan/2021:10:05:06 +0800] "GET /xingrg/kc/buy/cgsh_order_info.html?code=212021010803005 HTTP/1.1" 200 55393
222.69.133.109 - - [08/Jan/2021:10:05:07 +0800] "GET /xingrg/javascript/easyui/themes/default/validatebox.css HTTP/1.1" 404 1104
222.69.133.109 - - [08/Jan/2021:10:05:07 +0800] "POST /xingrg/kc/buy/cgsh_order_operate.html HTTP/1.1" 200 1205
58.40.7.146 - - [08/Jan/2021:10:05:07 +0800] "GET /xingrg/all/function/internal_message.html?_=1610071504819&CODE_STATE=getMsg HTTP/1.1" 200 27
222.69.133.109 - - [08/Jan/2021:10:05:11 +0800] "GET /xingrg/kc/print/load_config.html?kc_code=cgsh HTTP/1.1" 200 1845
222.69.133.109 - - [08/Jan/2021:10:05:11 +0800] "GET /xingrg/kc/print/load_data.html?order_code=212021010803005&kc_code=cgsh&condition= HTTP/1.1" 200 916
117.185.32.26 - - [08/Jan/2021:10:05:15 +0800] "GET /xingrg/check_reg.html?_=1610071507534 HTTP/1.1" 200 22
222.70.170.138 - - [08/Jan/2021:10:05:16 +0800] "POST /xingrg/kc/buy/cgsh_order_operate.html HTTP/1.1" 200 2065
222.69.138.28 - - [08/Jan/2021:10:05:17 +0800] "GET /xingrg/all/function/internal_message.html?_=1610071512644&CODE_STATE=getMsg HTTP/1.1" 200 27
222.69.138.28 - - [08/Jan/2021:10:05:18 +0800] "GET /xingrg/check_reg.html?_=1610071513430 HTTP/1.1" 200 22
116.228.172.94 - - [08/Jan/2021:10:05:23 +0800] "GET /xingrg/all/function/internal_message.html?_=1610071514154&CODE_STATE=getMsg HTTP/1.1" 200 27
222.70.170.138 - - [08/Jan/2021:10:05:24 +0800] "GET /xingrg/kc/buy/cgsh_order_operate.html?command=get_materiel&rest_code=00146&code=00101008115&supplier_code=00100005&order_time=2021-01-08 HTTP/1.1" 200 412
180.156.237.57 - - [08/Jan/2021:10:05:29 +0800] "GET /xingrg/all/function/internal_message.html?_=1610071527813&CODE_STATE=getMsg HTTP/1.1" 200 27
180.175.150.119 - - [08/Jan/2021:10:05:29 +0800] "GET /xingrg/all/function/internal_message.html?_=1610071763927&CODE_STATE=getMsg HTTP/1.1" 200 27
222.70.170.138 - - [08/Jan/2021:10:05:31 +0800] "GET /xingrg/all/function/internal_message.html?_=1610071532365&CODE_STATE=getMsg HTTP/1.1" 200 27
222.70.170.138 - - [08/Jan/2021:10:05:34 +0800] "GET /xingrg/kc/buy/cgsh_order_operate.html?command=get_materiel&rest_code=00146&code=00101008137&supplier_code=00100005&order_time=2021-01-08 HTTP/1.1" 200 408
222.69.133.109 - - [08/Jan/2021:10:05:35 +0800] "GET /xingrg/all/function/internal_message.html?_=1610071535299&CODE_STATE=getMsg HTTP/1.1" 200 27
222.69.133.109 - - [08/Jan/2021:10:05:35 +0800] "GET /xingrg/check_reg.html?_=1610071535772 HTTP/1.1" 200 22
180.156.237.57 - - [08/Jan/2021:10:05:45 +0800] "GET /xingrg/all/function/internal_message.html?_=1610071519798&CODE_STATE=getMsg HTTP/1.1" 200 27
222.70.170.138 - - [08/Jan/2021:10:05:45 +0800] "GET /xingrg/kc/buy/cgsh_order_operate.html?command=get_materiel&rest_code=00146&code=00101008270&supplier_code=00100005&order_time=2021-01-08 HTTP/1.1" 200 412
114.88.169.67 - - [08/Jan/2021:10:05:49 +0800] "GET /xingrg/check_reg.html?_=1610071544840 HTTP/1.1" 200 22
114.88.169.67 - - [08/Jan/2021:10:05:50 +0800] "GET /xingrg/all/function/internal_message.html?_=1610071545656&CODE_STATE=getMsg HTTP/1.1" 200 27
172.17.200.101 - - [08/Jan/2021:10:05:51 +0800] "GET /xingrg/all/function/internal_message.html?_=1610071552426&CODE_STATE=getMsg HTTP/1.1" 200 27
58.37.230.33 - - [08/Jan/2021:10:05:59 +0800] "GET /xingrg/all/function/internal_message.html?_=1610071577480&CODE_STATE=getMsg HTTP/1.1" 200 27
61.165.42.208 - - [08/Jan/2021:10:06:02 +0800] "GET /xingrg/all/function/internal_message.html?_=1610071563975&CODE_STATE=getMsg HTTP/1.1" 200 27
58.40.7.146 - - [08/Jan/2021:10:06:07 +0800] "GET /xingrg/all/function/internal_message.html?_=1610071564824&CODE_STATE=getMsg HTTP/1.1" 200 27
58.40.7.146 - - [08/Jan/2021:10:06:07 +0800] "GET /xingrg/check_reg.html?_=1610071564826 HTTP/1.1" 200 22
222.70.170.138 - - [08/Jan/2021:10:06:08 +0800] "GET /xingrg/kc/buy/cgsh_order_operate.html?command=get_materiel&rest_code=00146&code=00101008197&supplier_code=00100005&order_time=2021-01-08 HTTP/1.1" 200 416
222.70.170.138 - - [08/Jan/2021:10:06:11 +0800] "POST /xingrg/kc/buy/cgsh_order_operate.html HTTP/1.1" 200 2065
222.69.138.28 - - [08/Jan/2021:10:06:17 +0800] "GET /xingrg/all/function/internal_message.html?_=1610071572618&CODE_STATE=getMsg HTTP/1.1" 200 27
222.70.170.138 - - [08/Jan/2021:10:06:17 +0800] "GET /xingrg/kc/buy/cgsh_order_operate.html?command=get_materiel&rest_code=00146&code=00101008069&supplier_code=00100005&order_time=2021-01-08 HTTP/1.1" 200 412
61.165.42.208 - - [08/Jan/2021:10:06:22 +0800] "GET /xingrg/kc/buy/cgsh_order_list.html HTTP/1.1" 200 45641
116.228.172.94 - - [08/Jan/2021:10:06:23 +0800] "GET /xingrg/all/function/internal_message.html?_=1610071574142&CODE_STATE=getMsg HTTP/1.1" 200 27
61.165.42.208 - - [08/Jan/2021:10:06:24 +0800] "POST /xingrg/kc/buy/cgsh_list_operate.html HTTP/1.1" 200 2771
180.175.150.119 - - [08/Jan/2021:10:06:29 +0800] "GET /xingrg/check_reg.html?_=1610071823731 HTTP/1.1" 200 22
180.156.237.57 - - [08/Jan/2021:10:06:29 +0800] "GET /xingrg/check_reg.html?_=1610071587826 HTTP/1.1" 200 22
180.156.237.57 - - [08/Jan/2021:10:06:29 +0800] "GET /xingrg/all/function/internal_message.html?_=1610071587829&CODE_STATE=getMsg HTTP/1.1" 200 27
180.175.150.119 - - [08/Jan/2021:10:06:29 +0800] "GET /xingrg/all/function/internal_message.html?_=1610071823940&CODE_STATE=getMsg HTTP/1.1" 200 27
222.70.170.138 - - [08/Jan/2021:10:06:30 +0800] "GET /xingrg/check_reg.html?_=1610071591523 HTTP/1.1" 200 22
222.70.170.138 - - [08/Jan/2021:10:06:31 +0800] "GET /xingrg/all/function/internal_message.html?_=1610071592380&CODE_STATE=getMsg HTTP/1.1" 200 27
61.165.42.208 - - [08/Jan/2021:10:06:31 +0800] "POST /xingrg/kc/buy/cgsh_list_operate.html HTTP/1.1" 200 353
61.165.42.208 - - [08/Jan/2021:10:06:34 +0800] "GET /xingrg/kc/buy/cgsh_order_info.html?code=212021010802989 HTTP/1.1" 200 61436
222.69.138.28 - - [08/Jan/2021:10:06:35 +0800] "GET /xingrg/kc/buy/cgsh_order_add.html HTTP/1.1" 200 61431
222.69.133.109 - - [08/Jan/2021:10:06:35 +0800] "GET /xingrg/all/function/internal_message.html?_=1610071595281&CODE_STATE=getMsg HTTP/1.1" 200 27
222.69.138.28 - - [08/Jan/2021:10:06:35 +0800] "POST /xingrg/kc/buy/cgsh_order_operate.html HTTP/1.1" 200 8245
222.69.138.28 - - [08/Jan/2021:10:06:35 +0800] "GET /xingrg/javascript/easyui/themes/default/validatebox.css HTTP/1.1" 404 1104
61.165.42.208 - - [08/Jan/2021:10:06:35 +0800] "GET /xingrg/javascript/easyui/themes/default/validatebox.css HTTP/1.1" 404 1104
61.165.42.208 - - [08/Jan/2021:10:06:36 +0800] "POST /xingrg/kc/buy/cgsh_order_operate.html HTTP/1.1" 200 3846
222.69.138.28 - - [08/Jan/2021:10:06:36 +0800] "POST /xingrg/kc/buy/cgsh_list_operate.html HTTP/1.1" 200 1673
61.165.42.208 - - [08/Jan/2021:10:06:38 +0800] "GET /xingrg/kc/print/load_data.html?order_code=212021010802989&kc_code=cgsh&condition= HTTP/1.1" 200 1135
222.69.138.28 - - [08/Jan/2021:10:06:41 +0800] "GET /xingrg/javascript/auto/indicator.gif HTTP/1.1" 404 1066
222.69.138.28 - - [08/Jan/2021:10:06:42 +0800] "GET /xingrg/javascript/jquery_tools/images/prev.gif HTTP/1.1" 404 1086
222.69.138.28 - - [08/Jan/2021:10:06:42 +0800] "GET /xingrg/javascript/jquery_tools/images/next.gif HTTP/1.1" 404 1086
101.85.52.2 - - [08/Jan/2021:10:06:42 +0800] "GET /xingrg/login.html HTTP/1.1" 200 7641
61.165.42.208 - - [08/Jan/2021:10:06:44 +0800] "GET /xingrg/kc/buy/cgsh_order_add.html HTTP/1.1" 200 61425
180.156.237.57 - - [08/Jan/2021:10:06:45 +0800] "GET /xingrg/all/function/internal_message.html?_=1610071579813&CODE_STATE=getMsg HTTP/1.1" 200 27
61.165.42.208 - - [08/Jan/2021:10:06:45 +0800] "POST /xingrg/kc/buy/cgsh_order_operate.html HTTP/1.1" 200 8245
61.165.42.208 - - [08/Jan/2021:10:06:45 +0800] "GET /xingrg/javascript/easyui/themes/default/validatebox.css HTTP/1.1" 404 1104
61.165.42.208 - - [08/Jan/2021:10:06:46 +0800] "GET /xingrg/kc/buy/cgsh_order_list.html HTTP/1.1" 200 45641
61.165.42.208 - - [08/Jan/2021:10:06:47 +0800] "POST /xingrg/kc/buy/cgsh_list_operate.html HTTP/1.1" 200 2771
114.88.169.67 - - [08/Jan/2021:10:06:50 +0800] "GET /xingrg/all/function/internal_message.html?_=1610071605672&CODE_STATE=getMsg HTTP/1.1" 200 27
172.17.200.101 - - [08/Jan/2021:10:06:51 +0800] "GET /xingrg/all/function/internal_message.html?_=1610071612439&CODE_STATE=getMsg HTTP/1.1" 200 27
61.165.42.208 - - [08/Jan/2021:10:06:52 +0800] "POST /xingrg/kc/buy/cgsh_list_operate.html HTTP/1.1" 200 576
61.165.42.208 - - [08/Jan/2021:10:06:52 +0800] "GET /xingrg/kc/buy/cgsh_order_info.html?code=212021010802986 HTTP/1.1" 200 61428
61.165.42.208 - - [08/Jan/2021:10:06:53 +0800] "GET /xingrg/javascript/easyui/themes/default/validatebox.css HTTP/1.1" 404 1104
61.165.42.208 - - [08/Jan/2021:10:06:53 +0800] "POST /xingrg/kc/buy/cgsh_order_operate.html HTTP/1.1" 200 42856
58.37.230.33 - - [08/Jan/2021:10:06:59 +0800] "GET /xingrg/all/function/internal_message.html?_=1610071637448&CODE_STATE=getMsg HTTP/1.1" 200 27
61.165.42.208 - - [08/Jan/2021:10:07:02 +0800] "GET /xingrg/all/function/internal_message.html?_=1610071623997&CODE_STATE=getMsg HTTP/1.1" 200 27
61.165.42.208 - - [08/Jan/2021:10:07:02 +0800] "GET /xingrg/check_reg.html?_=1610071623994 HTTP/1.1" 200 22
101.85.52.2 - - [08/Jan/2021:10:07:03 +0800] "GET /favicon.ico HTTP/1.1" 404 -
222.69.138.28 - - [08/Jan/2021:10:07:06 +0800] "GET /xingrg/kc/buy/cgsh_order_operate.html?command=get_materiel&rest_code=00149&code=00101009049&supplier_code=00100201&order_time=2021-01-08 HTTP/1.1" 200 416
58.40.7.146 - - [08/Jan/2021:10:07:07 +0800] "GET /xingrg/all/function/internal_message.html?_=1610071624827&CODE_STATE=getMsg HTTP/1.1" 200 27
222.69.138.28 - - [08/Jan/2021:10:07:15 +0800] "GET /xingrg/kc/buy/cgsh_order_operate.html?command=get_materiel&rest_code=00149&code=00101009062&supplier_code=00100201&order_time=2021-01-08 HTTP/1.1" 200 412
222.69.138.28 - - [08/Jan/2021:10:07:17 +0800] "GET /xingrg/all/function/internal_message.html?_=1610071632617&CODE_STATE=getMsg HTTP/1.1" 200 27
222.70.170.138 - - [08/Jan/2021:10:07:19 +0800] "GET /xingrg/kc/buy/cgsh_order_operate.html?command=get_materiel&rest_code=00146&code=00101008318&supplier_code=00100005&order_time=2021-01-08 HTTP/1.1" 200 408
222.70.170.138 - - [08/Jan/2021:10:07:23 +0800] "POST /xingrg/kc/buy/cgsh_order_operate.html HTTP/1.1" 200 2065
222.69.138.28 - - [08/Jan/2021:10:07:23 +0800] "GET /xingrg/kc/buy/cgsh_order_operate.html?command=get_materiel&rest_code=00149&code=00101009011&supplier_code=00100201&order_time=2021-01-08 HTTP/1.1" 200 416
116.228.172.94 - - [08/Jan/2021:10:07:23 +0800] "GET /xingrg/all/function/internal_message.html?_=1610071634119&CODE_STATE=getMsg HTTP/1.1" 200 27
180.156.237.57 - - [08/Jan/2021:10:07:29 +0800] "GET /xingrg/all/function/internal_message.html?_=1610071647827&CODE_STATE=getMsg HTTP/1.1" 200 27
180.175.150.119 - - [08/Jan/2021:10:07:29 +0800] "GET /xingrg/all/function/internal_message.html?_=1610071883954&CODE_STATE=getMsg HTTP/1.1" 200 27
222.70.170.138 - - [08/Jan/2021:10:07:31 +0800] "GET /xingrg/all/function/internal_message.html?_=1610071652392&CODE_STATE=getMsg HTTP/1.1" 200 27
222.70.170.138 - - [08/Jan/2021:10:07:32 +0800] "GET /xingrg/kc/buy/cgsh_order_operate.html?command=get_materiel&rest_code=00146&code=00101008352&supplier_code=00100005&order_time=2021-01-08 HTTP/1.1" 200 412
222.69.133.109 - - [08/Jan/2021:10:07:35 +0800] "GET /xingrg/all/function/internal_message.html?_=1610071655261&CODE_STATE=getMsg HTTP/1.1" 200 27
222.69.138.28 - - [08/Jan/2021:10:07:35 +0800] "GET /xingrg/kc/buy/cgsh_order_operate.html?command=get_materiel&rest_code=00149&code=00101009016&supplier_code=00100201&order_time=2021-01-08 HTTP/1.1" 200 412
180.156.237.57 - - [08/Jan/2021:10:07:43 +0800] "GET /xingrg/check_reg.html?_=1610071638516 HTTP/1.1" 200 22
180.156.237.57 - - [08/Jan/2021:10:07:45 +0800] "GET /xingrg/all/function/internal_message.html?_=1610071639826&CODE_STATE=getMsg HTTP/1.1" 200 27
114.88.169.67 - - [08/Jan/2021:10:07:50 +0800] "GET /xingrg/all/function/internal_message.html?_=1610071665684&CODE_STATE=getMsg HTTP/1.1" 200 27
172.17.200.101 - - [08/Jan/2021:10:07:51 +0800] "GET /xingrg/all/function/internal_message.html?_=1610071672442&CODE_STATE=getMsg HTTP/1.1" 200 27
58.37.230.33 - - [08/Jan/2021:10:07:59 +0800] "GET /xingrg/all/function/internal_message.html?_=1610071697418&CODE_STATE=getMsg HTTP/1.1" 200 27
172.17.0.185 - - [08/Jan/2021:10:07:59 +0800] "GET /xingrg/check_reg.html?_=1610071676020 HTTP/1.1" 200 22
61.165.42.208 - - [08/Jan/2021:10:08:02 +0800] "GET /xingrg/all/function/internal_message.html?_=1610071683977&CODE_STATE=getMsg HTTP/1.1" 200 27
58.40.7.146 - - [08/Jan/2021:10:08:07 +0800] "GET /xingrg/all/function/internal_message.html?_=1610071684830&CODE_STATE=getMsg HTTP/1.1" 200 27
222.69.138.28 - - [08/Jan/2021:10:08:17 +0800] "GET /xingrg/all/function/internal_message.html?_=1610071692601&CODE_STATE=getMsg HTTP/1.1" 200 27
222.70.170.138 - - [08/Jan/2021:10:08:17 +0800] "GET /xingrg/kc/buy/cgsh_order_operate.html?command=get_materiel&rest_code=00146&code=00101008005&supplier_code=00100005&order_time=2021-01-08 HTTP/1.1" 200 412
116.228.172.94 - - [08/Jan/2021:10:08:23 +0800] "GET /xingrg/all/function/internal_message.html?_=1610071694093&CODE_STATE=getMsg HTTP/1.1" 200 27
222.69.138.28 - - [08/Jan/2021:10:08:27 +0800] "POST /xingrg/kc/buy/cgsh_order_operate.html HTTP/1.1" 200 37
180.156.237.57 - - [08/Jan/2021:10:08:29 +0800] "GET /xingrg/all/function/internal_message.html?_=1610071707829&CODE_STATE=getMsg HTTP/1.1" 200 27
180.175.150.119 - - [08/Jan/2021:10:08:29 +0800] "GET /xingrg/all/function/internal_message.html?_=1610071943967&CODE_STATE=getMsg HTTP/1.1" 200 27
222.70.170.138 - - [08/Jan/2021:10:08:31 +0800] "GET /xingrg/all/function/internal_message.html?_=1610071712406&CODE_STATE=getMsg HTTP/1.1" 200 27
222.69.133.109 - - [08/Jan/2021:10:08:35 +0800] "GET /xingrg/all/function/internal_message.html?_=1610071715230&CODE_STATE=getMsg HTTP/1.1" 200 27
222.69.138.28 - - [08/Jan/2021:10:08:36 +0800] "POST /xingrg/kc/buy/cgsh_order_operate.html HTTP/1.1" 200 12
222.70.170.138 - - [08/Jan/2021:10:08:38 +0800] "GET /xingrg/kc/buy/cgsh_order_operate.html?command=get_materiel&rest_code=00146&code=00101008312&supplier_code=00100005&order_time=2021-01-08 HTTP/1.1" 200 412
222.70.170.138 - - [08/Jan/2021:10:08:40 +0800] "POST /xingrg/kc/buy/cgsh_order_operate.html HTTP/1.1" 200 2065
222.69.138.28 - - [08/Jan/2021:10:08:42 +0800] "GET /xingrg/kc/buy/cgsh_order_info.html?code=212021010803006 HTTP/1.1" 200 56334
222.69.138.28 - - [08/Jan/2021:10:08:42 +0800] "GET /xingrg/javascript/easyui/themes/default/validatebox.css HTTP/1.1" 404 1104
222.69.138.28 - - [08/Jan/2021:10:08:42 +0800] "POST /xingrg/kc/buy/cgsh_order_operate.html HTTP/1.1" 200 2386
180.156.237.57 - - [08/Jan/2021:10:08:45 +0800] "GET /xingrg/all/function/internal_message.html?_=1610071699840&CODE_STATE=getMsg HTTP/1.1" 200 27
222.69.138.28 - - [08/Jan/2021:10:08:45 +0800] "GET /xingrg/kc/print/load_data.html?order_code=212021010803006&kc_code=cgsh&condition= HTTP/1.1" 200 1395
222.70.170.138 - - [08/Jan/2021:10:08:46 +0800] "GET /xingrg/kc/buy/cgsh_order_operate.html?command=get_materiel&rest_code=00146&code=00101015070&supplier_code=00100005&order_time=2021-01-08 HTTP/1.1" 200 412
172.17.0.108 - - [08/Jan/2021:10:08:47 +0800] "GET /xingrg/login.html HTTP/1.1" 200 7636
172.17.0.108 - - [08/Jan/2021:10:08:47 +0800] "GET /xingrg/images/blue/jxLogo.png HTTP/1.1" 200 6156
172.17.0.108 - - [08/Jan/2021:10:08:47 +0800] "GET /xingrg/images/blue/hj.png HTTP/1.1" 200 1014
172.17.0.108 - - [08/Jan/2021:10:08:47 +0800] "GET /xingrg/images/blue/login_bg.png HTTP/1.1" 200 22101
172.17.0.108 - - [08/Jan/2021:10:08:47 +0800] "GET /xingrg/images/blue/srbg.png HTTP/1.1" 200 138
172.17.0.108 - - [08/Jan/2021:10:08:47 +0800] "GET /favicon.ico HTTP/1.1" 404 -
172.17.0.108 - - [08/Jan/2021:10:08:48 +0800] "GET /favicon.ico HTTP/1.1" 404 -
114.88.169.67 - - [08/Jan/2021:10:08:50 +0800] "GET /xingrg/all/function/internal_message.html?_=1610071725790&CODE_STATE=getMsg HTTP/1.1" 200 27
172.17.200.101 - - [08/Jan/2021:10:08:51 +0800] "GET /xingrg/all/function/internal_message.html?_=1610071732444&CODE_STATE=getMsg HTTP/1.1" 200 27
222.70.170.138 - - [08/Jan/2021:10:08:56 +0800] "GET /xingrg/kc/buy/cgsh_order_operate.html?command=get_materiel&rest_code=00146&code=00101008283&supplier_code=00100005&order_time=2021-01-08 HTTP/1.1" 200 408
58.37.230.33 - - [08/Jan/2021:10:08:59 +0800] "GET /xingrg/all/function/internal_message.html?_=1610071757394&CODE_STATE=getMsg HTTP/1.1" 200 27
61.165.42.208 - - [08/Jan/2021:10:09:02 +0800] "GET /xingrg/all/function/internal_message.html?_=1610071744118&CODE_STATE=getMsg HTTP/1.1" 200 27
222.70.170.138 - - [08/Jan/2021:10:09:05 +0800] "GET /xingrg/kc/buy/cgsh_order_operate.html?command=get_materiel&rest_code=00146&code=00101008114&supplier_code=00100005&order_time=2021-01-08 HTTP/1.1" 200 413
58.40.7.146 - - [08/Jan/2021:10:09:07 +0800] "GET /xingrg/all/function/internal_message.html?_=1610071744834&CODE_STATE=getMsg HTTP/1.1" 200 27
172.17.0.108 - - [08/Jan/2021:10:09:10 +0800] "POST /xingrg/login.do HTTP/1.1" 302 -
172.17.0.108 - - [08/Jan/2021:10:09:10 +0800] "GET /xingrg/javascript/jquery_easy_ui/themes/icon.css HTTP/1.1" 200 3949
172.17.0.108 - - [08/Jan/2021:10:09:10 +0800] "GET /xingrg/index.html?sysBaseUrl=http%3A%2F%2F172.17.0.8%3A18081%2Fxingrg%2F&costTime=44×tamp=1610071750676 HTTP/1.1" 200 17448
172.17.0.108 - - [08/Jan/2021:10:09:10 +0800] "GET /xingrg/javascript/jquery_easy_ui/themes/default/easyui.css HTTP/1.1" 200 26500
172.17.0.108 - - [08/Jan/2021:10:09:10 +0800] "GET /xingrg/css/form.css HTTP/1.1" 200 893
172.17.0.108 - - [08/Jan/2021:10:09:10 +0800] "GET /xingrg/javascript/jquery-1.4.2.min.js HTTP/1.1" 200 72205
172.17.0.108 - - [08/Jan/2021:10:09:10 +0800] "GET /xingrg/javascript/jquery_easy_ui/jquery.easyui.min.js HTTP/1.1" 200 213662
172.17.0.108 - - [08/Jan/2021:10:09:10 +0800] "GET /xingrg/javascript/jquery_easy_ui/easyui-lang-zh_CN.js HTTP/1.1" 200 1900
172.17.0.108 - - [08/Jan/2021:10:09:10 +0800] "GET /xingrg/javascript/jquery.form.js HTTP/1.1" 200 23110
172.17.0.108 - - [08/Jan/2021:10:09:10 +0800] "GET /xingrg/javascript/jquery.utils.js HTTP/1.1" 200 11805
172.17.0.108 - - [08/Jan/2021:10:09:10 +0800] "GET /xingrg/javascript/jquery.timers.js HTTP/1.1" 200 3532
172.17.0.108 - - [08/Jan/2021:10:09:10 +0800] "GET /favicon.ico HTTP/1.1" 404 -
172.17.0.108 - - [08/Jan/2021:10:09:10 +0800] "GET /xingrg/javascript/jquery_easy_ui/themes/icons/settle_new.png HTTP/1.1" 200 826
172.17.0.108 - - [08/Jan/2021:10:09:10 +0800] "GET /xingrg/images/blue/navBackgound.jpg HTTP/1.1" 200 12378
172.17.0.108 - - [08/Jan/2021:10:09:10 +0800] "POST /xingrg/all/common/load_tree.html?tree=area_rest_tree_json&manage=1 HTTP/1.1" 200 3344
172.17.0.108 - - [08/Jan/2021:10:09:10 +0800] "GET /xingrg/all/function/internal_message.html?_=1610071748882&CODE_STATE=count HTTP/1.1" 200 11
172.17.0.108 - - [08/Jan/2021:10:09:10 +0800] "GET /xingrg/check_reg.html?_=1610071748882 HTTP/1.1" 200 22
172.17.0.108 - - [08/Jan/2021:10:09:10 +0800] "GET /xingrg/images/blue/pingpu.png HTTP/1.1" 200 231
172.17.0.108 - - [08/Jan/2021:10:09:10 +0800] "GET /xingrg/javascript/jquery_easy_ui/themes/default/images/tabs_rightarrow.png HTTP/1.1" 200 395
172.17.0.108 - - [08/Jan/2021:10:09:10 +0800] "GET /xingrg/javascript/jquery_easy_ui/themes/default/images/tabs_leftarrow.png HTTP/1.1" 200 389
172.17.0.108 - - [08/Jan/2021:10:09:10 +0800] "GET /xingrg/javascript/jquery_easy_ui/themes/default/images/panel_tool_expand.gif HTTP/1.1" 200 247
172.17.0.108 - - [08/Jan/2021:10:09:10 +0800] "GET /xingrg/javascript/jquery_easy_ui/themes/default/images/panel_tool_collapse.gif HTTP/1.1" 200 246
172.17.0.108 - - [08/Jan/2021:10:09:10 +0800] "POST /xingrg/load_menu.html HTTP/1.1" 200 11408
172.17.0.108 - - [08/Jan/2021:10:09:11 +0800] "GET /xingrg/javascript/jquery_easy_ui/themes/default/images/tree_arrows.gif HTTP/1.1" 200 1043
172.17.0.108 - - [08/Jan/2021:10:09:11 +0800] "GET /xingrg/javascript/jquery_easy_ui/themes/default/images/tree_folder_open.gif HTTP/1.1" 200 956
172.17.0.108 - - [08/Jan/2021:10:09:11 +0800] "GET /xingrg/javascript/jquery_easy_ui/themes/icons/search_new.png HTTP/1.1" 200 586
172.17.0.108 - - [08/Jan/2021:10:09:11 +0800] "GET /xingrg/javascript/jquery_easy_ui/themes/icons/delivery_new.png HTTP/1.1" 200 700
172.17.0.108 - - [08/Jan/2021:10:09:11 +0800] "GET /xingrg/javascript/jquery_easy_ui/themes/icons/storage_new.png HTTP/1.1" 200 853
172.17.0.108 - - [08/Jan/2021:10:09:11 +0800] "GET /xingrg/javascript/jquery_easy_ui/themes/icons/checkout_new.png HTTP/1.1" 200 744
172.17.0.108 - - [08/Jan/2021:10:09:11 +0800] "GET /xingrg/javascript/jquery_easy_ui/themes/icons/forms_new.png HTTP/1.1" 200 350
172.17.0.108 - - [08/Jan/2021:10:09:11 +0800] "GET /xingrg/javascript/jquery_easy_ui/themes/icons/setting_new.png HTTP/1.1" 200 450
172.17.0.108 - - [08/Jan/2021:10:09:11 +0800] "GET /xingrg/javascript/jquery_easy_ui/themes/icons/systemset_new.png HTTP/1.1" 200 606
172.17.0.108 - - [08/Jan/2021:10:09:11 +0800] "GET /xingrg/javascript/jquery_easy_ui/themes/default/images/tree_file.gif HTTP/1.1" 200 118
172.17.0.108 - - [08/Jan/2021:10:09:11 +0800] "GET /xingrg/javascript/jquery_easy_ui/themes/default/images/tree_folder.gif HTTP/1.1" 200 952
172.17.0.108 - - [08/Jan/2021:10:09:14 +0800] "GET /xingrg/javascript/jquery_easy_ui/themes/default/images/button_a_bg.gif HTTP/1.1" 200 1194
172.17.0.108 - - [08/Jan/2021:10:09:14 +0800] "GET /xingrg/javascript/jquery_easy_ui/themes/default/images/button_span_bg.gif HTTP/1.1" 200 2061
172.17.0.108 - - [08/Jan/2021:10:09:14 +0800] "GET /xingrg/javascript/jquery_easy_ui/themes/icons/ok.png HTTP/1.1" 200 883
172.17.0.108 - - [08/Jan/2021:10:09:14 +0800] "GET /xingrg/javascript/jquery_easy_ui/themes/default/images/panel_title.png HTTP/1.1" 200 266
172.17.0.108 - - [08/Jan/2021:10:09:14 +0800] "GET /xingrg/javascript/jquery_easy_ui/themes/default/images/panel_tools.gif HTTP/1.1" 200 737
222.70.170.138 - - [08/Jan/2021:10:09:15 +0800] "GET /xingrg/kc/buy/cgsh_order_operate.html?command=get_materiel&rest_code=00146&code=00101008271&supplier_code=00100005&order_time=2021-01-08 HTTP/1.1" 200 408
58.221.95.50 - - [08/Jan/2021:10:09:17 +0800] "GET /xingrg/check_reg.html?_=1610071754425 HTTP/1.1" 302 -
222.69.138.28 - - [08/Jan/2021:10:09:17 +0800] "GET /xingrg/all/function/internal_message.html?_=1610071752584&CODE_STATE=getMsg HTTP/1.1" 200 27
116.228.172.94 - - [08/Jan/2021:10:09:19 +0800] "GET /xingrg/check_reg.html?_=1610071750210 HTTP/1.1" 200 22
172.17.0.108 - - [08/Jan/2021:10:09:22 +0800] "GET /xingrg/images/control/ajaxLoader.gif HTTP/1.1" 200 4659
172.17.0.108 - - [08/Jan/2021:10:09:22 +0800] "POST /xingrg/all/user/operate.html HTTP/1.1" 200 36
172.17.0.108 - - [08/Jan/2021:10:09:22 +0800] "GET /xingrg/javascript/jquery_easy_ui/themes/default/easyui.css HTTP/1.1" 304 -
172.17.0.108 - - [08/Jan/2021:10:09:22 +0800] "GET /xingrg/index.html?sysBaseUrl=http%3A%2F%2F172.17.0.8%3A18081%2Fxingrg%2F&costTime=44×tamp=1610071750676 HTTP/1.1" 200 17454
172.17.0.108 - - [08/Jan/2021:10:09:22 +0800] "GET /xingrg/javascript/jquery_easy_ui/themes/icon.css HTTP/1.1" 304 -
172.17.0.108 - - [08/Jan/2021:10:09:22 +0800] "GET /xingrg/css/form.css HTTP/1.1" 304 -
172.17.0.108 - - [08/Jan/2021:10:09:22 +0800] "GET /xingrg/javascript/jquery-1.4.2.min.js HTTP/1.1" 304 -
172.17.0.108 - - [08/Jan/2021:10:09:22 +0800] "GET /xingrg/javascript/jquery_easy_ui/jquery.easyui.min.js HTTP/1.1" 304 -
172.17.0.108 - - [08/Jan/2021:10:09:22 +0800] "GET /xingrg/javascript/jquery_easy_ui/easyui-lang-zh_CN.js HTTP/1.1" 304 -
172.17.0.108 - - [08/Jan/2021:10:09:22 +0800] "GET /xingrg/javascript/jquery.form.js HTTP/1.1" 304 -
172.17.0.108 - - [08/Jan/2021:10:09:22 +0800] "GET /xingrg/javascript/jquery.utils.js HTTP/1.1" 304 -
172.17.0.108 - - [08/Jan/2021:10:09:22 +0800] "GET /xingrg/javascript/jquery.timers.js HTTP/1.1" 304 -
172.17.0.108 - - [08/Jan/2021:10:09:22 +0800] "GET /xingrg/images/blue/jxLogo.png HTTP/1.1" 304 -
172.17.0.108 - - [08/Jan/2021:10:09:22 +0800] "GET /xingrg/images/blue/navBackgound.jpg HTTP/1.1" 304 -
172.17.0.108 - - [08/Jan/2021:10:09:22 +0800] "GET /xingrg/javascript/jquery_easy_ui/themes/icons/settle_new.png HTTP/1.1" 304 -
172.17.0.108 - - [08/Jan/2021:10:09:22 +0800] "POST /xingrg/all/common/load_tree.html?tree=area_rest_tree_json&manage=1 HTTP/1.1" 200 3344
172.17.0.108 - - [08/Jan/2021:10:09:23 +0800] "GET /xingrg/all/function/internal_message.html?_=1610071761034&CODE_STATE=count HTTP/1.1" 200 11
172.17.0.108 - - [08/Jan/2021:10:09:23 +0800] "GET /xingrg/check_reg.html?_=1610071761034 HTTP/1.1" 200 22
172.17.0.108 - - [08/Jan/2021:10:09:23 +0800] "GET /xingrg/javascript/jquery_easy_ui/themes/default/images/tabs_leftarrow.png HTTP/1.1" 304 -
172.17.0.108 - - [08/Jan/2021:10:09:23 +0800] "GET /xingrg/javascript/jquery_easy_ui/themes/default/images/tabs_rightarrow.png HTTP/1.1" 304 -
172.17.0.108 - - [08/Jan/2021:10:09:23 +0800] "GET /xingrg/images/blue/pingpu.png HTTP/1.1" 304 -
172.17.0.108 - - [08/Jan/2021:10:09:23 +0800] "GET /xingrg/javascript/jquery_easy_ui/themes/default/images/panel_tool_expand.gif HTTP/1.1" 304 -
172.17.0.108 - - [08/Jan/2021:10:09:23 +0800] "GET /xingrg/javascript/jquery_easy_ui/themes/default/images/panel_tool_collapse.gif HTTP/1.1" 304 -
172.17.0.108 - - [08/Jan/2021:10:09:23 +0800] "POST /xingrg/load_menu.html HTTP/1.1" 200 9924
116.228.172.94 - - [08/Jan/2021:10:09:23 +0800] "GET /xingrg/all/function/internal_message.html?_=1610071754077&CODE_STATE=getMsg HTTP/1.1" 200 27
172.17.0.108 - - [08/Jan/2021:10:09:26 +0800] "GET /xingrg/javascript/jquery_easy_ui/themes/default/images/tabs_close.gif HTTP/1.1" 200 829
172.17.0.108 - - [08/Jan/2021:10:09:26 +0800] "GET /xingrg/kc/buy/cgsh_order_list.html HTTP/1.1" 200 45882
172.17.0.108 - - [08/Jan/2021:10:09:26 +0800] "GET /xingrg/css/base.css HTTP/1.1" 200 2811
172.17.0.108 - - [08/Jan/2021:10:09:26 +0800] "GET /xingrg/css/site.css HTTP/1.1" 200 7541
172.17.0.108 - - [08/Jan/2021:10:09:26 +0800] "GET /xingrg/javascript/jquery_tools/datebox.css HTTP/1.1" 200 2597
172.17.0.108 - - [08/Jan/2021:10:09:26 +0800] "GET /xingrg/javascript/easyui/themes/icon.css HTTP/1.1" 200 4483
172.17.0.108 - - [08/Jan/2021:10:09:26 +0800] "GET /xingrg/javascript/easyui/themes/default/easyui.css HTTP/1.1" 200 30432
172.17.0.108 - - [08/Jan/2021:10:09:26 +0800] "GET /xingrg/javascript/auto/jquery.autocomplete.css HTTP/1.1" 200 587
172.17.0.108 - - [08/Jan/2021:10:09:26 +0800] "GET /xingrg/javascript/jquery_tools/fix.css HTTP/1.1" 200 1702
172.17.0.108 - - [08/Jan/2021:10:09:26 +0800] "GET /xingrg/javascript/jquery_tools/table.css HTTP/1.1" 200 1032
172.17.0.108 - - [08/Jan/2021:10:09:26 +0800] "GET /xingrg/javascript/jquery_tools/jquery.tools.min.js HTTP/1.1" 200 138801
172.17.0.108 - - [08/Jan/2021:10:09:26 +0800] "GET /xingrg/javascript/jquery_tools/jquery.tools.hotkey.js HTTP/1.1" 200 3242
172.17.0.108 - - [08/Jan/2021:10:09:26 +0800] "GET /xingrg/javascript/jquery_tools/jquery.tools.extend.js HTTP/1.1" 200 15385
172.17.0.108 - - [08/Jan/2021:10:09:26 +0800] "GET /xingrg/javascript/jquery_tools/jquery.tools.table.js HTTP/1.1" 200 6994
172.17.0.108 - - [08/Jan/2021:10:09:26 +0800] "GET /xingrg/javascript/jquery_tools/list_manager.js HTTP/1.1" 200 3652
172.17.0.108 - - [08/Jan/2021:10:09:26 +0800] "GET /xingrg/javascript/auto/jquery.autocomplete.js HTTP/1.1" 200 21624
172.17.0.108 - - [08/Jan/2021:10:09:26 +0800] "GET /xingrg/javascript/easyui/easyloader.js HTTP/1.1" 200 5975
172.17.0.108 - - [08/Jan/2021:10:09:26 +0800] "GET /xingrg/javascript/jquery.cookie.js HTTP/1.1" 200 5513
172.17.0.108 - - [08/Jan/2021:10:09:26 +0800] "GET /xingrg/javascript/print/LodopFuncs.js HTTP/1.1" 200 5121
172.17.0.108 - - [08/Jan/2021:10:09:26 +0800] "GET /xingrg/javascript/easyui/themes/icons/import_new.png HTTP/1.1" 200 1247
172.17.0.108 - - [08/Jan/2021:10:09:26 +0800] "GET /xingrg/javascript/easyui/themes/icons/field_new.png HTTP/1.1" 200 1097
172.17.0.108 - - [08/Jan/2021:10:09:26 +0800] "GET /xingrg/javascript/easyui/themes/icons/edit_add_new.png HTTP/1.1" 200 2997
172.17.0.108 - - [08/Jan/2021:10:09:26 +0800] "GET /xingrg/javascript/easyui/themes/icons/check_new.png HTTP/1.1" 200 3224
172.17.0.108 - - [08/Jan/2021:10:09:26 +0800] "GET /xingrg/javascript/easyui/themes/icons/cance_new.png HTTP/1.1" 200 3986
172.17.0.108 - - [08/Jan/2021:10:09:26 +0800] "GET /xingrg/javascript/easyui/themes/icons/uncheck_new.png HTTP/1.1" 200 3197
172.17.0.108 - - [08/Jan/2021:10:09:26 +0800] "GET /xingrg/javascript/easyui/plugins/jquery.parser.js HTTP/1.1" 200 1142
172.17.0.108 - - [08/Jan/2021:10:09:28 +0800] "POST /xingrg/kc/buy/cgsh_list_operate.html HTTP/1.1" 200 1674
180.156.237.57 - - [08/Jan/2021:10:09:29 +0800] "GET /xingrg/all/function/internal_message.html?_=1610071767840&CODE_STATE=getMsg HTTP/1.1" 200 27
180.175.150.119 - - [08/Jan/2021:10:09:30 +0800] "GET /xingrg/all/function/internal_message.html?_=1610072004089&CODE_STATE=getMsg HTTP/1.1" 200 27
58.37.230.33 - - [08/Jan/2021:10:09:30 +0800] "GET /xingrg/check_reg.html?_=1610071788128 HTTP/1.1" 200 22
222.70.170.138 - - [08/Jan/2021:10:09:31 +0800] "GET /xingrg/all/function/internal_message.html?_=1610071772421&CODE_STATE=getMsg HTTP/1.1" 200 27
222.69.133.109 - - [08/Jan/2021:10:09:35 +0800] "GET /xingrg/all/function/internal_message.html?_=1610071775203&CODE_STATE=getMsg HTTP/1.1" 200 27
222.70.170.138 - - [08/Jan/2021:10:09:35 +0800] "POST /xingrg/kc/buy/cgsh_order_operate.html HTTP/1.1" 200 2065
180.156.237.57 - - [08/Jan/2021:10:09:45 +0800] "GET /xingrg/all/function/internal_message.html?_=1610071759854&CODE_STATE=getMsg HTTP/1.1" 200 27
172.17.0.108 - - [08/Jan/2021:10:09:45 +0800] "GET /xingrg/javascript/jquery_easy_ui/themes/default/images/tabs_active.png HTTP/1.1" 200 2894
222.69.133.109 - - [08/Jan/2021:10:09:46 +0800] "POST /xingrg/kc/buy/cgsh_list_operate.html HTTP/1.1" 200 1674
222.69.133.109 - - [08/Jan/2021:10:09:46 +0800] "POST /xingrg/kc/buy/cgsh_list_operate.html HTTP/1.1" 200 1674
172.17.0.108 - - [08/Jan/2021:10:09:47 +0800] "GET /xingrg/kc/buy/cgyd_order_list.html HTTP/1.1" 200 45349
172.17.0.108 - - [08/Jan/2021:10:09:47 +0800] "POST /xingrg/kc/buy/cgyd_list_operate.html HTTP/1.1" 200 976
172.17.0.108 - - [08/Jan/2021:10:09:48 +0800] "GET /xingrg/kc/buy/cgsh_order_list.html HTTP/1.1" 200 45882
172.17.0.108 - - [08/Jan/2021:10:09:49 +0800] "POST /xingrg/kc/buy/cgsh_list_operate.html HTTP/1.1" 200 1674
114.88.169.67 - - [08/Jan/2021:10:09:50 +0800] "GET /xingrg/all/function/internal_message.html?_=1610071785805&CODE_STATE=getMsg HTTP/1.1" 200 27
172.17.200.101 - - [08/Jan/2021:10:09:51 +0800] "GET /xingrg/all/function/internal_message.html?_=1610071792445&CODE_STATE=getMsg HTTP/1.1" 200 27
172.17.200.101 - - [08/Jan/2021:10:09:51 +0800] "GET /xingrg/check_reg.html?_=1610071792448 HTTP/1.1" 200 22
172.17.0.108 - - [08/Jan/2021:10:09:55 +0800] "GET /xingrg/javascript/jquery_tools/images/prev.gif HTTP/1.1" 404 1086
172.17.0.108 - - [08/Jan/2021:10:09:55 +0800] "GET /xingrg/javascript/jquery_tools/images/next.gif HTTP/1.1" 404 1086
222.70.170.138 - - [08/Jan/2021:10:09:57 +0800] "GET /xingrg/kc/buy/cgsh_order_operate.html?command=get_materiel&rest_code=00146&code=00101008072&supplier_code=00100005&order_time=2021-01-08 HTTP/1.1" 200 408
58.37.230.33 - - [08/Jan/2021:10:09:59 +0800] "GET /xingrg/all/function/internal_message.html?_=1610071817363&CODE_STATE=getMsg HTTP/1.1" 200 27
61.165.42.208 - - [08/Jan/2021:10:10:02 +0800] "GET /xingrg/all/function/internal_message.html?_=1610071803986&CODE_STATE=getMsg HTTP/1.1" 200 27
172.17.0.108 - - [08/Jan/2021:10:10:02 +0800] "POST /xingrg/kc/buy/cgsh_list_operate.html HTTP/1.1" 200 5317
58.40.7.146 - - [08/Jan/2021:10:10:07 +0800] "GET /xingrg/all/function/internal_message.html?_=1610071804838&CODE_STATE=getMsg HTTP/1.1" 200 27
172.17.0.108 - - [08/Jan/2021:10:10:11 +0800] "POST /xingrg/kc/buy/cgsh_list_operate.html HTTP/1.1" 200 277
172.17.0.108 - - [08/Jan/2021:10:10:13 +0800] "GET /xingrg/javascript/easyui/themes/default/images/button_plain_hover.png HTTP/1.1" 200 144
222.69.133.109 - - [08/Jan/2021:10:10:14 +0800] "GET /xingrg/kc/buy/cgsh_order_list.html HTTP/1.1" 200 45647
172.17.0.108 - - [08/Jan/2021:10:10:15 +0800] "POST /xingrg/kc/buy/cgsh_list_operate.html HTTP/1.1" 200 4
117.185.32.26 - - [08/Jan/2021:10:10:16 +0800] "GET /xingrg/check_reg.html?_=1610071807554 HTTP/1.1" 200 22
222.69.133.109 - - [08/Jan/2021:10:10:16 +0800] "POST /xingrg/kc/buy/cgsh_list_operate.html HTTP/1.1" 200 2020
222.69.138.28 - - [08/Jan/2021:10:10:17 +0800] "GET /xingrg/all/function/internal_message.html?_=1610071812565&CODE_STATE=getMsg HTTP/1.1" 200 27
222.69.138.28 - - [08/Jan/2021:10:10:18 +0800] "GET /xingrg/check_reg.html?_=1610071813431 HTTP/1.1" 200 22
172.17.0.108 - - [08/Jan/2021:10:10:18 +0800] "POST /xingrg/kc/buy/cgsh_list_operate.html HTTP/1.1" 200 5329
222.69.133.109 - - [08/Jan/2021:10:10:21 +0800] "POST /xingrg/kc/buy/cgsh_list_operate.html HTTP/1.1" 200 575
172.17.0.108 - - [08/Jan/2021:10:10:23 +0800] "GET /xingrg/all/function/internal_message.html?_=1610071821040&CODE_STATE=getMsg HTTP/1.1" 200 27
222.69.133.109 - - [08/Jan/2021:10:10:23 +0800] "GET /xingrg/kc/buy/cgsh_order_info.html?code=212021010602552 HTTP/1.1" 200 60499
222.69.133.109 - - [08/Jan/2021:10:10:23 +0800] "GET /xingrg/javascript/easyui/themes/default/validatebox.css HTTP/1.1" 404 1104
116.228.172.94 - - [08/Jan/2021:10:10:23 +0800] "GET /xingrg/all/function/internal_message.html?_=1610071814048&CODE_STATE=getMsg HTTP/1.1" 200 27
222.69.133.109 - - [08/Jan/2021:10:10:23 +0800] "POST /xingrg/kc/buy/cgsh_order_operate.html HTTP/1.1" 200 6803
180.156.237.57 - - [08/Jan/2021:10:10:29 +0800] "GET /xingrg/all/function/internal_message.html?_=1610071827841&CODE_STATE=getMsg HTTP/1.1" 200 27
180.175.150.119 - - [08/Jan/2021:10:10:30 +0800] "GET /xingrg/all/function/internal_message.html?_=1610072064104&CODE_STATE=getMsg HTTP/1.1" 200 27
61.165.42.208 - - [08/Jan/2021:10:10:31 +0800] "POST /xingrg/services/DataTransmitService HTTP/1.1" 200 524
222.70.170.138 - - [08/Jan/2021:10:10:31 +0800] "GET /xingrg/all/function/internal_message.html?_=1610071832433&CODE_STATE=getMsg HTTP/1.1" 200 27
222.69.133.109 - - [08/Jan/2021:10:10:35 +0800] "GET /xingrg/all/function/internal_message.html?_=1610071835185&CODE_STATE=getMsg HTTP/1.1" 200 27
222.69.133.109 - - [08/Jan/2021:10:10:35 +0800] "GET /xingrg/check_reg.html?_=1610071835753 HTTP/1.1" 200 22
180.156.237.57 - - [08/Jan/2021:10:10:45 +0800] "GET /xingrg/all/function/internal_message.html?_=1610071819908&CODE_STATE=getMsg HTTP/1.1" 200 27
180.156.237.57 - - [08/Jan/2021:10:10:45 +0800] "GET /xingrg/kc/buy/cgsh_order_list.html HTTP/1.1" 200 45645
180.156.237.57 - - [08/Jan/2021:10:10:47 +0800] "POST /xingrg/kc/buy/cgsh_list_operate.html HTTP/1.1" 200 2050
116.228.172.94 - - [08/Jan/2021:10:10:47 +0800] "GET /xingrg/kc/buy/cgsh_order_add.html HTTP/1.1" 200 61466
116.228.172.94 - - [08/Jan/2021:10:10:48 +0800] "GET /xingrg/javascript/easyui/themes/default/validatebox.css HTTP/1.1" 404 1104
116.228.172.94 - - [08/Jan/2021:10:10:48 +0800] "POST /xingrg/kc/buy/cgsh_order_operate.html HTTP/1.1" 200 8245
114.88.169.67 - - [08/Jan/2021:10:10:49 +0800] "GET /xingrg/check_reg.html?_=1610071844924 HTTP/1.1" 200 22
116.228.172.94 - - [08/Jan/2021:10:10:50 +0800] "GET /xingrg/javascript/easyui/themes/default/tree.css HTTP/1.1" 404 1090
116.228.172.94 - - [08/Jan/2021:10:10:50 +0800] "POST /xingrg/all/common/load_tree.html?tree=supplier_tree_json&isDelete=1 HTTP/1.1" 200 53432
114.88.169.67 - - [08/Jan/2021:10:10:50 +0800] "GET /xingrg/all/function/internal_message.html?_=1610071845819&CODE_STATE=getMsg HTTP/1.1" 200 27
180.156.237.57 - - [08/Jan/2021:10:10:51 +0800] "POST /xingrg/all/user/operate.html HTTP/1.1" 200 36
172.17.200.101 - - [08/Jan/2021:10:10:51 +0800] "GET /xingrg/all/function/internal_message.html?_=1610071852447&CODE_STATE=getMsg HTTP/1.1" 200 27
180.156.237.57 - - [08/Jan/2021:10:10:51 +0800] "GET /xingrg/javascript/jquery_easy_ui/themes/default/easyui.css HTTP/1.1" 304 -
180.156.237.57 - - [08/Jan/2021:10:10:51 +0800] "GET /xingrg/javascript/jquery_easy_ui/themes/icon.css HTTP/1.1" 304 -
180.156.237.57 - - [08/Jan/2021:10:10:51 +0800] "GET /xingrg/index.html?sysBaseUrl=http%3A%2F%2F180.169.147.146%3A18081%2Fxingrg%2F&costTime=72×tamp=1610011089297 HTTP/1.1" 200 17179
180.156.237.57 - - [08/Jan/2021:10:10:51 +0800] "GET /xingrg/css/form.css HTTP/1.1" 304 -
180.156.237.57 - - [08/Jan/2021:10:10:51 +0800] "GET /xingrg/javascript/jquery-1.4.2.min.js HTTP/1.1" 304 -
180.156.237.57 - - [08/Jan/2021:10:10:51 +0800] "GET /xingrg/javascript/jquery_easy_ui/jquery.easyui.min.js HTTP/1.1" 304 -
180.156.237.57 - - [08/Jan/2021:10:10:51 +0800] "GET /xingrg/javascript/jquery_easy_ui/easyui-lang-zh_CN.js HTTP/1.1" 304 -
180.156.237.57 - - [08/Jan/2021:10:10:51 +0800] "GET /xingrg/javascript/jquery.form.js HTTP/1.1" 304 -
180.156.237.57 - - [08/Jan/2021:10:10:51 +0800] "GET /xingrg/javascript/jquery.utils.js HTTP/1.1" 304 -
180.156.237.57 - - [08/Jan/2021:10:10:51 +0800] "GET /xingrg/javascript/jquery.timers.js HTTP/1.1" 304 -
180.156.237.57 - - [08/Jan/2021:10:10:51 +0800] "GET /xingrg/images/blue/jxLogo.png HTTP/1.1" 304 -
180.156.237.57 - - [08/Jan/2021:10:10:51 +0800] "GET /xingrg/javascript/jquery_easy_ui/themes/icons/settle_new.png HTTP/1.1" 304 -
180.156.237.57 - - [08/Jan/2021:10:10:51 +0800] "GET /xingrg/images/blue/navBackgound.jpg HTTP/1.1" 304 -
180.156.237.57 - - [08/Jan/2021:10:10:51 +0800] "POST /xingrg/all/common/load_tree.html?tree=area_rest_tree_json&manage=1 HTTP/1.1" 200 476
180.156.237.57 - - [08/Jan/2021:10:10:51 +0800] "GET /xingrg/check_reg.html?_=1610071849628 HTTP/1.1" 200 22
180.156.237.57 - - [08/Jan/2021:10:10:51 +0800] "GET /xingrg/all/function/internal_message.html?_=1610071849627&CODE_STATE=count HTTP/1.1" 200 11
180.156.237.57 - - [08/Jan/2021:10:10:51 +0800] "GET /xingrg/javascript/jquery_easy_ui/themes/default/images/tabs_leftarrow.png HTTP/1.1" 304 -
180.156.237.57 - - [08/Jan/2021:10:10:51 +0800] "GET /xingrg/javascript/jquery_easy_ui/themes/default/images/tabs_rightarrow.png HTTP/1.1" 304 -
