116.228.172.94 - - [07/Jan/2021:09:36:52 +0800] "GET /xingrg/kc/buy/cgsh_order_operate.html?command=get_materiel&rest_code=00107&code=00101007081&supplier_code=00100002&order_time=2021-01-07 HTTP/1.1" 200 413
180.156.237.57 - - [07/Jan/2021:09:36:52 +0800] "GET /xingrg/kc/buy/cgsh_order_info.html?code=212021010702568 HTTP/1.1" 200 56205
180.156.237.57 - - [07/Jan/2021:09:36:53 +0800] "GET /xingrg/words/20210107093242_words.js HTTP/1.1" 200 785101
117.131.5.26 - - [07/Jan/2021:09:36:53 +0800] "GET /xingrg/all/function/internal_message.html?_=1609983754303&CODE_STATE=getMsg HTTP/1.1" 200 27
180.156.237.57 - - [07/Jan/2021:09:36:53 +0800] "GET /xingrg/javascript/easyui/themes/default/validatebox.css HTTP/1.1" 404 1104
180.156.237.57 - - [07/Jan/2021:09:36:54 +0800] "POST /xingrg/kc/buy/cgsh_order_operate.html HTTP/1.1" 200 21906
58.37.230.33 - - [07/Jan/2021:09:36:54 +0800] "GET /xingrg/all/function/internal_message.html?_=1609982975889&CODE_STATE=getMsg HTTP/1.1" 200 27
222.69.133.86 - - [07/Jan/2021:09:36:54 +0800] "GET /xingrg/all/function/internal_message.html?_=1609983412778&CODE_STATE=getMsg HTTP/1.1" 200 27
180.156.237.57 - - [07/Jan/2021:09:36:56 +0800] "GET /xingrg/kc/print/load_data.html?order_code=212021010702568&kc_code=cgsh&condition= HTTP/1.1" 200 8828
116.228.172.94 - - [07/Jan/2021:09:37:00 +0800] "GET /xingrg/all/function/internal_message.html?_=1609983412820&CODE_STATE=getMsg HTTP/1.1" 200 27
114.88.169.67 - - [07/Jan/2021:09:37:03 +0800] "GET /xingrg/all/function/internal_message.html?_=1609983583130&CODE_STATE=getMsg HTTP/1.1" 200 27
180.156.237.57 - - [07/Jan/2021:09:37:03 +0800] "POST /xingrg/all/user/operate.html HTTP/1.1" 200 36
180.156.237.57 - - [07/Jan/2021:09:37:04 +0800] "GET /xingrg/index.html?sysBaseUrl=http%3A%2F%2F180.169.147.146%3A18081%2Fxingrg%2F&costTime=62×tamp=1609646841403 HTTP/1.1" 200 17177
180.156.237.57 - - [07/Jan/2021:09:37:04 +0800] "GET /xingrg/javascript/jquery_easy_ui/themes/default/easyui.css HTTP/1.1" 304 -
180.156.237.57 - - [07/Jan/2021:09:37:04 +0800] "GET /xingrg/javascript/jquery_easy_ui/themes/icon.css HTTP/1.1" 304 -
180.156.237.57 - - [07/Jan/2021:09:37:04 +0800] "GET /xingrg/css/form.css HTTP/1.1" 304 -
180.156.237.57 - - [07/Jan/2021:09:37:04 +0800] "GET /xingrg/javascript/jquery-1.4.2.min.js HTTP/1.1" 304 -
180.156.237.57 - - [07/Jan/2021:09:37:04 +0800] "GET /xingrg/javascript/jquery_easy_ui/jquery.easyui.min.js HTTP/1.1" 304 -
180.156.237.57 - - [07/Jan/2021:09:37:04 +0800] "GET /xingrg/javascript/jquery_easy_ui/easyui-lang-zh_CN.js HTTP/1.1" 304 -
180.156.237.57 - - [07/Jan/2021:09:37:04 +0800] "GET /xingrg/javascript/jquery.form.js HTTP/1.1" 304 -
180.156.237.57 - - [07/Jan/2021:09:37:04 +0800] "GET /xingrg/javascript/jquery.utils.js HTTP/1.1" 304 -
180.156.237.57 - - [07/Jan/2021:09:37:04 +0800] "GET /xingrg/javascript/jquery.timers.js HTTP/1.1" 304 -
180.156.237.57 - - [07/Jan/2021:09:37:04 +0800] "GET /xingrg/images/blue/jxLogo.png HTTP/1.1" 304 -
180.156.237.57 - - [07/Jan/2021:09:37:04 +0800] "GET /xingrg/images/blue/navBackgound.jpg HTTP/1.1" 304 -
180.156.237.57 - - [07/Jan/2021:09:37:04 +0800] "GET /xingrg/javascript/jquery_easy_ui/themes/icons/settle_new.png HTTP/1.1" 304 -
180.156.237.57 - - [07/Jan/2021:09:37:04 +0800] "POST /xingrg/all/common/load_tree.html?tree=area_rest_tree_json&manage=1 HTTP/1.1" 200 476
180.156.237.57 - - [07/Jan/2021:09:37:04 +0800] "GET /xingrg/all/function/internal_message.html?_=1609983423019&CODE_STATE=count HTTP/1.1" 200 11
180.156.237.57 - - [07/Jan/2021:09:37:04 +0800] "GET /xingrg/check_reg.html?_=1609983423020 HTTP/1.1" 200 22
180.156.237.57 - - [07/Jan/2021:09:37:04 +0800] "GET /xingrg/images/blue/pingpu.png HTTP/1.1" 304 -
180.156.237.57 - - [07/Jan/2021:09:37:04 +0800] "GET /xingrg/javascript/jquery_easy_ui/themes/default/images/panel_tool_collapse.gif HTTP/1.1" 304 -
180.156.237.57 - - [07/Jan/2021:09:37:04 +0800] "GET /xingrg/javascript/jquery_easy_ui/themes/default/images/tabs_leftarrow.png HTTP/1.1" 304 -
180.156.237.57 - - [07/Jan/2021:09:37:04 +0800] "GET /xingrg/javascript/jquery_easy_ui/themes/default/images/tabs_rightarrow.png HTTP/1.1" 304 -
180.156.237.57 - - [07/Jan/2021:09:37:04 +0800] "POST /xingrg/load_menu.html HTTP/1.1" 200 5138
116.228.172.94 - - [07/Jan/2021:09:37:06 +0800] "GET /xingrg/kc/buy/cgsh_order_operate.html?command=get_materiel&rest_code=00107&code=00101007048&supplier_code=00100002&order_time=2021-01-07 HTTP/1.1" 200 408
180.156.237.57 - - [07/Jan/2021:09:37:06 +0800] "GET /xingrg/kc/buy/cgsh_order_list.html HTTP/1.1" 200 45645
180.156.237.57 - - [07/Jan/2021:09:37:09 +0800] "POST /xingrg/kc/buy/cgsh_list_operate.html HTTP/1.1" 200 1688
222.70.170.138 - - [07/Jan/2021:09:37:09 +0800] "GET /xingrg/check_reg.html?_=1609983427387 HTTP/1.1" 200 22
180.156.237.57 - - [07/Jan/2021:09:37:11 +0800] "POST /xingrg/kc/buy/cgsh_list_operate.html HTTP/1.1" 200 552
180.156.237.57 - - [07/Jan/2021:09:37:11 +0800] "GET /xingrg/kc/buy/cgsh_order_info.html?code=212021010702569 HTTP/1.1" 200 61029
180.156.237.57 - - [07/Jan/2021:09:37:12 +0800] "GET /xingrg/javascript/easyui/themes/default/validatebox.css HTTP/1.1" 404 1104
222.70.170.138 - - [07/Jan/2021:09:37:12 +0800] "GET /xingrg/all/function/internal_message.html?_=1609983429889&CODE_STATE=getMsg HTTP/1.1" 200 27
180.156.237.57 - - [07/Jan/2021:09:37:12 +0800] "POST /xingrg/kc/buy/cgsh_order_operate.html HTTP/1.1" 200 19988
117.185.32.26 - - [07/Jan/2021:09:37:14 +0800] "GET /xingrg/check_reg.html?_=1609983901810 HTTP/1.1" 200 22
117.185.32.26 - - [07/Jan/2021:09:37:14 +0800] "GET /xingrg/all/function/internal_message.html?_=1609983901808&CODE_STATE=getMsg HTTP/1.1" 200 27
120.253.135.82 - - [07/Jan/2021:09:37:14 +0800] "GET /xingrg/all/function/internal_message.html?_=1609983190507&CODE_STATE=getMsg HTTP/1.1" 200 27
114.88.169.67 - - [07/Jan/2021:09:37:14 +0800] "GET /xingrg/check_reg.html?_=1609983430662 HTTP/1.1" 302 -
114.88.169.67 - - [07/Jan/2021:09:37:15 +0800] "GET /xingrg/all/function/internal_message.html?_=1609983431489&CODE_STATE=getMsg HTTP/1.1" 302 -
116.228.172.94 - - [07/Jan/2021:09:37:15 +0800] "POST /xingrg/kc/buy/cgsh_order_operate.html HTTP/1.1" 200 37
172.17.0.120 - - [07/Jan/2021:09:37:15 +0800] "GET /xingrg/check_reg.html?_=1609983437678 HTTP/1.1" 200 22
172.17.0.120 - - [07/Jan/2021:09:37:15 +0800] "GET /xingrg/all/function/internal_message.html?_=1609983437682&CODE_STATE=getMsg HTTP/1.1" 200 27
222.69.133.86 - - [07/Jan/2021:09:37:17 +0800] "GET /xingrg/kc/buy/cgsh_order_add.html HTTP/1.1" 200 61431
222.69.133.86 - - [07/Jan/2021:09:37:17 +0800] "GET /xingrg/words/20210107093242_words.js HTTP/1.1" 200 785101
222.69.133.86 - - [07/Jan/2021:09:37:17 +0800] "POST /xingrg/kc/buy/cgsh_order_operate.html HTTP/1.1" 200 8245
222.69.133.86 - - [07/Jan/2021:09:37:17 +0800] "GET /xingrg/javascript/easyui/themes/default/validatebox.css HTTP/1.1" 404 1104
116.228.172.94 - - [07/Jan/2021:09:37:18 +0800] "POST /xingrg/kc/buy/cgsh_order_operate.html HTTP/1.1" 200 3839
116.228.172.94 - - [07/Jan/2021:09:37:19 +0800] "GET /xingrg/kc/print/load_data.html?order_code=212021010702591&kc_code=cgsh&condition= HTTP/1.1" 200 1201
117.131.5.26 - - [07/Jan/2021:09:37:21 +0800] "GET /xingrg/all/function/internal_message.html?_=1609983487875&CODE_STATE=getMsg HTTP/1.1" 200 27
116.228.172.94 - - [07/Jan/2021:09:37:23 +0800] "GET /xingrg/kc/buy/cgsh_order_add.html HTTP/1.1" 200 61466
116.228.172.94 - - [07/Jan/2021:09:37:24 +0800] "GET /xingrg/words/20210107093242_words.js HTTP/1.1" 304 -
116.228.172.94 - - [07/Jan/2021:09:37:24 +0800] "GET /xingrg/javascript/easyui/themes/default/validatebox.css HTTP/1.1" 404 1104
116.228.172.94 - - [07/Jan/2021:09:37:24 +0800] "POST /xingrg/kc/buy/cgsh_order_operate.html HTTP/1.1" 200 8245
116.228.172.94 - - [07/Jan/2021:09:37:25 +0800] "GET /xingrg/javascript/easyui/themes/default/tree.css HTTP/1.1" 404 1090
116.228.172.94 - - [07/Jan/2021:09:37:25 +0800] "POST /xingrg/all/common/load_tree.html?tree=supplier_tree_json&isDelete=1 HTTP/1.1" 200 53432
222.69.133.86 - - [07/Jan/2021:09:37:26 +0800] "GET /xingrg/kc/buy/cgsh_order_operate.html?command=get_materiel&rest_code=00149&code=00101002022&supplier_code=00100039&order_time=2021-01-07 HTTP/1.1" 200 409
180.157.253.48 - - [07/Jan/2021:09:37:34 +0800] "POST /xingrg/services/DataTransmitService HTTP/1.1" 200 524
180.157.253.48 - - [07/Jan/2021:09:37:34 +0800] "POST /xingrg/services/DataTransmitService HTTP/1.1" 200 1955
180.175.150.119 - - [07/Jan/2021:09:37:35 +0800] "GET /xingrg/all/function/internal_message.html?_=1609983690154&CODE_STATE=getMsg HTTP/1.1" 200 27
180.157.253.48 - - [07/Jan/2021:09:37:35 +0800] "POST /xingrg/services/DataTransmitService HTTP/1.1" 200 149591
61.165.42.208 - - [07/Jan/2021:09:37:37 +0800] "GET /xingrg/all/function/internal_message.html?_=1609983458909&CODE_STATE=getMsg HTTP/1.1" 200 27
222.69.133.86 - - [07/Jan/2021:09:37:39 +0800] "GET /xingrg/kc/buy/cgsh_order_operate.html?command=get_materiel&rest_code=00149&code=00101001044&supplier_code=00100039&order_time=2021-01-07 HTTP/1.1" 200 411
58.40.7.146 - - [07/Jan/2021:09:37:42 +0800] "GET /xingrg/all/function/internal_message.html?_=1609983460705&CODE_STATE=getMsg HTTP/1.1" 200 27
101.85.93.83 - - [07/Jan/2021:09:37:43 +0800] "GET /xingrg/all/function/internal_message.html?_=1609983135180&CODE_STATE=getMsg HTTP/1.1" 200 27
172.17.200.101 - - [07/Jan/2021:09:37:44 +0800] "GET /xingrg/check_reg.html?_=1609983465807 HTTP/1.1" 200 22
172.17.200.101 - - [07/Jan/2021:09:37:44 +0800] "GET /xingrg/all/function/internal_message.html?_=1609983465816&CODE_STATE=getMsg HTTP/1.1" 200 27
172.17.0.108 - - [07/Jan/2021:09:37:50 +0800] "GET /xingrg/all/function/internal_message.html?_=1609983469387&CODE_STATE=getMsg HTTP/1.1" 200 27
180.156.237.57 - - [07/Jan/2021:09:37:51 +0800] "GET /xingrg/all/function/internal_message.html?_=1609983447810&CODE_STATE=getMsg HTTP/1.1" 200 27
114.88.169.67 - - [07/Jan/2021:09:37:53 +0800] "GET /xingrg/kc/buy/cgsh_order_operate.html?command=get_materiel&rest_code=00111&code=00101007109&supplier_code=00100037&order_time=2021-01-07 HTTP/1.1" 200 408
117.131.5.26 - - [07/Jan/2021:09:37:53 +0800] "GET /xingrg/all/function/internal_message.html?_=1609983814314&CODE_STATE=getMsg HTTP/1.1" 200 27
58.37.230.33 - - [07/Jan/2021:09:37:54 +0800] "GET /xingrg/all/function/internal_message.html?_=1609983035872&CODE_STATE=getMsg HTTP/1.1" 200 27
222.69.133.86 - - [07/Jan/2021:09:37:54 +0800] "GET /xingrg/check_reg.html?_=1609983472771 HTTP/1.1" 200 22
222.69.133.86 - - [07/Jan/2021:09:37:54 +0800] "GET /xingrg/all/function/internal_message.html?_=1609983472774&CODE_STATE=getMsg HTTP/1.1" 200 27
222.69.133.86 - - [07/Jan/2021:09:37:56 +0800] "GET /xingrg/kc/buy/cgsh_order_operate.html?command=get_materiel&rest_code=00149&code=00101005045&supplier_code=00100039&order_time=2021-01-07 HTTP/1.1" 200 409
116.228.172.94 - - [07/Jan/2021:09:38:00 +0800] "GET /xingrg/all/function/internal_message.html?_=1609983472803&CODE_STATE=getMsg HTTP/1.1" 200 27
114.88.169.67 - - [07/Jan/2021:09:38:03 +0800] "GET /xingrg/all/function/internal_message.html?_=1609983643109&CODE_STATE=getMsg HTTP/1.1" 200 27
180.156.237.57 - - [07/Jan/2021:09:38:04 +0800] "GET /xingrg/all/function/internal_message.html?_=1609983483033&CODE_STATE=getMsg HTTP/1.1" 200 27
172.17.0.185 - - [07/Jan/2021:09:38:05 +0800] "GET /xingrg/check_reg.html?_=1609983483000 HTTP/1.1" 200 22
222.69.133.86 - - [07/Jan/2021:09:38:05 +0800] "GET /xingrg/kc/buy/cgsh_order_operate.html?command=get_materiel&rest_code=00149&code=00101010161&supplier_code=00100039&order_time=2021-01-07 HTTP/1.1" 200 409
114.88.169.67 - - [07/Jan/2021:09:38:10 +0800] "GET /xingrg/kc/buy/cgsh_order_operate.html?command=get_materiel&rest_code=00111&code=00101016030&supplier_code=00100037&order_time=2021-01-07 HTTP/1.1" 200 412
61.165.42.208 - - [07/Jan/2021:09:38:10 +0800] "POST /xingrg/kc/buy/cgsh_list_operate.html HTTP/1.1" 200 574
61.165.42.208 - - [07/Jan/2021:09:38:11 +0800] "GET /xingrg/kc/buy/cgsh_order_info.html?code=212021010702574 HTTP/1.1" 200 61428
61.165.42.208 - - [07/Jan/2021:09:38:11 +0800] "GET /xingrg/words/20210107093242_words.js HTTP/1.1" 200 785101
222.70.170.138 - - [07/Jan/2021:09:38:12 +0800] "GET /xingrg/all/function/internal_message.html?_=1609983489893&CODE_STATE=getMsg HTTP/1.1" 200 27
61.165.42.208 - - [07/Jan/2021:09:38:12 +0800] "GET /xingrg/javascript/easyui/themes/default/validatebox.css HTTP/1.1" 404 1104
61.165.42.208 - - [07/Jan/2021:09:38:13 +0800] "POST /xingrg/kc/buy/cgsh_order_operate.html HTTP/1.1" 200 47006
117.185.32.26 - - [07/Jan/2021:09:38:14 +0800] "GET /xingrg/all/function/internal_message.html?_=1609983961809&CODE_STATE=getMsg HTTP/1.1" 200 27
120.253.135.82 - - [07/Jan/2021:09:38:14 +0800] "GET /xingrg/all/function/internal_message.html?_=1609983250584&CODE_STATE=getMsg HTTP/1.1" 200 27
114.88.169.67 - - [07/Jan/2021:09:38:15 +0800] "GET /xingrg/all/function/internal_message.html?_=1609983491529&CODE_STATE=getMsg HTTP/1.1" 302 -
172.17.0.120 - - [07/Jan/2021:09:38:15 +0800] "GET /xingrg/all/function/internal_message.html?_=1609983497686&CODE_STATE=getMsg HTTP/1.1" 200 27
114.88.169.67 - - [07/Jan/2021:09:38:20 +0800] "GET /xingrg/kc/buy/cgsh_order_operate.html?command=get_materiel&rest_code=00111&code=00101009007&supplier_code=00100037&order_time=2021-01-07 HTTP/1.1" 200 408
117.131.5.26 - - [07/Jan/2021:09:38:21 +0800] "GET /xingrg/all/function/internal_message.html?_=1609983547890&CODE_STATE=getMsg HTTP/1.1" 200 27
117.131.5.26 - - [07/Jan/2021:09:38:21 +0800] "GET /xingrg/check_reg.html?_=1609983547891 HTTP/1.1" 200 22
116.232.50.212 - - [07/Jan/2021:09:38:25 +0800] "POST /xingrg/services/DataTransmitService HTTP/1.1" 200 524
58.37.230.33 - - [07/Jan/2021:09:38:27 +0800] "GET /xingrg/check_reg.html?_=1609983068698 HTTP/1.1" 200 22
101.85.93.83 - - [07/Jan/2021:09:38:27 +0800] "POST /xingrg/kc/buy/cgsh_order_operate.html HTTP/1.1" 200 37
101.85.93.83 - - [07/Jan/2021:09:38:31 +0800] "POST /xingrg/kc/buy/cgsh_order_operate.html HTTP/1.1" 200 12
101.85.93.83 - - [07/Jan/2021:09:38:31 +0800] "GET /xingrg/kc/buy/cgsh_order_info.html?code=212021010200770 HTTP/1.1" 200 55398
101.85.93.83 - - [07/Jan/2021:09:38:32 +0800] "GET /xingrg/javascript/easyui/themes/default/validatebox.css HTTP/1.1" 404 1104
101.85.93.83 - - [07/Jan/2021:09:38:32 +0800] "POST /xingrg/kc/buy/cgsh_order_operate.html HTTP/1.1" 200 19495
101.85.93.83 - - [07/Jan/2021:09:38:35 +0800] "GET /xingrg/kc/print/load_data.html?order_code=212021010200770&kc_code=cgsh&condition= HTTP/1.1" 200 7862
180.175.150.119 - - [07/Jan/2021:09:38:35 +0800] "GET /xingrg/all/function/internal_message.html?_=1609983750624&CODE_STATE=getMsg HTTP/1.1" 200 27
61.165.42.208 - - [07/Jan/2021:09:38:37 +0800] "GET /xingrg/all/function/internal_message.html?_=1609983518903&CODE_STATE=getMsg HTTP/1.1" 200 27
116.228.172.94 - - [07/Jan/2021:09:38:41 +0800] "GET /xingrg/kc/buy/cgsh_order_operate.html?command=get_materiel&rest_code=00107&code=00101031006&supplier_code=00100066&order_time=2021-01-07 HTTP/1.1" 200 417
58.40.7.146 - - [07/Jan/2021:09:38:42 +0800] "GET /xingrg/all/function/internal_message.html?_=1609983520707&CODE_STATE=getMsg HTTP/1.1" 200 27
101.85.93.83 - - [07/Jan/2021:09:38:43 +0800] "POST /xingrg/kc/buy/cgsh_list_operate.html HTTP/1.1" 200 2778
101.85.93.83 - - [07/Jan/2021:09:38:43 +0800] "GET /xingrg/all/function/internal_message.html?_=1609983195253&CODE_STATE=getMsg HTTP/1.1" 200 27
172.17.200.101 - - [07/Jan/2021:09:38:44 +0800] "GET /xingrg/all/function/internal_message.html?_=1609983525801&CODE_STATE=getMsg HTTP/1.1" 200 27
114.88.169.67 - - [07/Jan/2021:09:38:45 +0800] "GET /xingrg/kc/buy/cgsh_order_operate.html?command=get_materiel&rest_code=00111&code=00101012026&supplier_code=00100037&order_time=2021-01-07 HTTP/1.1" 200 408
101.85.93.83 - - [07/Jan/2021:09:38:46 +0800] "POST /xingrg/kc/buy/cgsh_list_operate.html HTTP/1.1" 200 564
101.85.93.83 - - [07/Jan/2021:09:38:47 +0800] "GET /xingrg/kc/buy/cgsh_order_info.html?code=212021010301201 HTTP/1.1" 200 60502
101.85.93.83 - - [07/Jan/2021:09:38:47 +0800] "GET /xingrg/javascript/easyui/themes/default/validatebox.css HTTP/1.1" 404 1104
101.85.93.83 - - [07/Jan/2021:09:38:48 +0800] "POST /xingrg/kc/buy/cgsh_order_operate.html HTTP/1.1" 200 22108
172.17.0.108 - - [07/Jan/2021:09:38:50 +0800] "GET /xingrg/all/function/internal_message.html?_=1609983529377&CODE_STATE=getMsg HTTP/1.1" 200 27
222.69.133.86 - - [07/Jan/2021:09:38:51 +0800] "GET /xingrg/kc/buy/cgsh_order_operate.html?command=get_materiel&rest_code=00149&code=00101001060&supplier_code=00100039&order_time=2021-01-07 HTTP/1.1" 200 421
180.156.237.57 - - [07/Jan/2021:09:38:51 +0800] "GET /xingrg/all/function/internal_message.html?_=1609983507811&CODE_STATE=getMsg HTTP/1.1" 200 27
117.131.5.26 - - [07/Jan/2021:09:38:53 +0800] "GET /xingrg/all/function/internal_message.html?_=1609983874323&CODE_STATE=getMsg HTTP/1.1" 200 27
58.37.230.33 - - [07/Jan/2021:09:38:54 +0800] "GET /xingrg/all/function/internal_message.html?_=1609983095846&CODE_STATE=getMsg HTTP/1.1" 200 27
222.69.133.86 - - [07/Jan/2021:09:38:54 +0800] "GET /xingrg/all/function/internal_message.html?_=1609983532784&CODE_STATE=getMsg HTTP/1.1" 200 27
116.228.172.94 - - [07/Jan/2021:09:38:54 +0800] "POST /xingrg/kc/buy/cgsh_order_operate.html HTTP/1.1" 200 37
116.228.172.94 - - [07/Jan/2021:09:38:56 +0800] "POST /xingrg/kc/buy/cgsh_order_operate.html HTTP/1.1" 200 2663
116.228.172.94 - - [07/Jan/2021:09:38:57 +0800] "GET /xingrg/kc/print/load_data.html?order_code=212021010702592&kc_code=cgsh&condition= HTTP/1.1" 200 684
114.88.169.67 - - [07/Jan/2021:09:38:57 +0800] "GET /xingrg/kc/buy/cgsh_order_operate.html?command=get_materiel&rest_code=00111&code=00101009016&supplier_code=00100037&order_time=2021-01-07 HTTP/1.1" 200 412
116.228.172.94 - - [07/Jan/2021:09:39:00 +0800] "GET /xingrg/all/function/internal_message.html?_=1609983532797&CODE_STATE=getMsg HTTP/1.1" 200 27
114.88.169.67 - - [07/Jan/2021:09:39:03 +0800] "GET /xingrg/all/function/internal_message.html?_=1609983703082&CODE_STATE=getMsg HTTP/1.1" 200 27
180.156.237.57 - - [07/Jan/2021:09:39:04 +0800] "GET /xingrg/all/function/internal_message.html?_=1609983543030&CODE_STATE=getMsg HTTP/1.1" 200 27
116.228.172.94 - - [07/Jan/2021:09:39:07 +0800] "GET /xingrg/kc/buy/cgsh_order_add.html HTTP/1.1" 200 61466
116.228.172.94 - - [07/Jan/2021:09:39:08 +0800] "GET /xingrg/words/20210107093242_words.js HTTP/1.1" 304 -
116.228.172.94 - - [07/Jan/2021:09:39:08 +0800] "POST /xingrg/kc/buy/cgsh_order_operate.html HTTP/1.1" 200 8245
116.228.172.94 - - [07/Jan/2021:09:39:08 +0800] "GET /xingrg/javascript/easyui/themes/default/validatebox.css HTTP/1.1" 404 1104
180.156.237.57 - - [07/Jan/2021:09:39:10 +0800] "POST /xingrg/kc/buy/cgsh_order_operate.html HTTP/1.1" 200 223
222.69.133.86 - - [07/Jan/2021:09:39:10 +0800] "POST /xingrg/kc/buy/cgsh_order_operate.html HTTP/1.1" 200 37
116.228.172.94 - - [07/Jan/2021:09:39:10 +0800] "GET /xingrg/javascript/easyui/themes/default/tree.css HTTP/1.1" 404 1090
116.228.172.94 - - [07/Jan/2021:09:39:11 +0800] "POST /xingrg/all/common/load_tree.html?tree=supplier_tree_json&isDelete=1 HTTP/1.1" 200 53432
222.70.170.138 - - [07/Jan/2021:09:39:12 +0800] "GET /xingrg/all/function/internal_message.html?_=1609983549907&CODE_STATE=getMsg HTTP/1.1" 200 27
117.185.32.26 - - [07/Jan/2021:09:39:14 +0800] "GET /xingrg/all/function/internal_message.html?_=1609984021809&CODE_STATE=getMsg HTTP/1.1" 200 27
120.253.135.82 - - [07/Jan/2021:09:39:14 +0800] "GET /xingrg/all/function/internal_message.html?_=1609983310597&CODE_STATE=getMsg HTTP/1.1" 200 27
114.88.169.67 - - [07/Jan/2021:09:39:15 +0800] "GET /xingrg/all/function/internal_message.html?_=1609983551533&CODE_STATE=getMsg HTTP/1.1" 302 -
172.17.0.120 - - [07/Jan/2021:09:39:15 +0800] "GET /xingrg/all/function/internal_message.html?_=1609983557677&CODE_STATE=getMsg HTTP/1.1" 200 27
172.17.0.240 - - [07/Jan/2021:09:39:18 +0800] "GET /xingrg/check_reg.html?_=1609983553916 HTTP/1.1" 200 22
180.156.237.57 - - [07/Jan/2021:09:39:18 +0800] "POST /xingrg/kc/buy/cgsh_order_operate.html HTTP/1.1" 200 37
222.69.133.86 - - [07/Jan/2021:09:39:19 +0800] "POST /xingrg/kc/buy/cgsh_order_operate.html HTTP/1.1" 200 12
180.175.150.119 - - [07/Jan/2021:09:39:19 +0800] "GET /xingrg/check_reg.html?_=1609983794482 HTTP/1.1" 200 22
180.156.237.57 - - [07/Jan/2021:09:39:19 +0800] "POST /xingrg/kc/buy/cgsh_order_operate.html HTTP/1.1" 200 19988
222.69.133.86 - - [07/Jan/2021:09:39:20 +0800] "GET /xingrg/kc/buy/cgsh_order_info.html?code=212021010702593 HTTP/1.1" 200 56334
222.69.133.86 - - [07/Jan/2021:09:39:20 +0800] "GET /xingrg/words/20210107093242_words.js HTTP/1.1" 304 -
222.69.133.86 - - [07/Jan/2021:09:39:21 +0800] "GET /xingrg/javascript/easyui/themes/default/validatebox.css HTTP/1.1" 404 1104
117.131.5.26 - - [07/Jan/2021:09:39:21 +0800] "GET /xingrg/all/function/internal_message.html?_=1609983607874&CODE_STATE=getMsg HTTP/1.1" 200 27
222.69.133.86 - - [07/Jan/2021:09:39:21 +0800] "POST /xingrg/kc/buy/cgsh_order_operate.html HTTP/1.1" 200 3567
222.69.133.86 - - [07/Jan/2021:09:39:24 +0800] "GET /xingrg/kc/print/load_data.html?order_code=212021010702593&kc_code=cgsh&condition= HTTP/1.1" 200 1853
180.156.237.57 - - [07/Jan/2021:09:39:27 +0800] "POST /xingrg/kc/buy/cgsh_order_operate.html HTTP/1.1" 200 37
114.88.169.67 - - [07/Jan/2021:09:39:27 +0800] "GET /xingrg/kc/buy/cgsh_order_operate.html?command=get_materiel&rest_code=00111&code=00101015044&supplier_code=00100037&order_time=2021-01-07 HTTP/1.1" 200 408
180.156.237.57 - - [07/Jan/2021:09:39:30 +0800] "POST /xingrg/kc/buy/cgsh_order_operate.html HTTP/1.1" 200 12
116.228.172.94 - - [07/Jan/2021:09:39:30 +0800] "GET /xingrg/kc/buy/cgsh_order_operate.html?command=get_materiel&rest_code=00107&code=00101028020&supplier_code=00100017&order_time=2021-01-07 HTTP/1.1" 200 451
180.156.237.57 - - [07/Jan/2021:09:39:32 +0800] "GET /xingrg/kc/buy/cgsh_order_info.html?code=212021010702569 HTTP/1.1" 200 55923
180.156.237.57 - - [07/Jan/2021:09:39:32 +0800] "GET /xingrg/words/20210107093242_words.js HTTP/1.1" 304 -
180.156.237.57 - - [07/Jan/2021:09:39:32 +0800] "GET /xingrg/javascript/easyui/themes/default/validatebox.css HTTP/1.1" 404 1104
180.156.237.57 - - [07/Jan/2021:09:39:33 +0800] "POST /xingrg/kc/buy/cgsh_order_operate.html HTTP/1.1" 200 17933
180.156.237.57 - - [07/Jan/2021:09:39:34 +0800] "GET /xingrg/kc/print/load_data.html?order_code=212021010702569&kc_code=cgsh&condition= HTTP/1.1" 200 7404
180.175.150.119 - - [07/Jan/2021:09:39:35 +0800] "GET /xingrg/all/function/internal_message.html?_=1609983810629&CODE_STATE=getMsg HTTP/1.1" 200 27
61.165.42.208 - - [07/Jan/2021:09:39:37 +0800] "GET /xingrg/check_reg.html?_=1609983578901 HTTP/1.1" 200 22
61.165.42.208 - - [07/Jan/2021:09:39:37 +0800] "GET /xingrg/all/function/internal_message.html?_=1609983578903&CODE_STATE=getMsg HTTP/1.1" 200 27
116.228.172.94 - - [07/Jan/2021:09:39:39 +0800] "POST /xingrg/kc/buy/cgsh_order_operate.html HTTP/1.1" 200 37
116.228.172.94 - - [07/Jan/2021:09:39:41 +0800] "POST /xingrg/kc/buy/cgsh_order_operate.html HTTP/1.1" 200 2691
180.156.237.57 - - [07/Jan/2021:09:39:42 +0800] "GET /xingrg/check_reg.html?_=1609983558024 HTTP/1.1" 200 22
116.228.172.94 - - [07/Jan/2021:09:39:42 +0800] "GET /xingrg/kc/print/load_data.html?order_code=212021010702594&kc_code=cgsh&condition= HTTP/1.1" 200 760
58.40.7.146 - - [07/Jan/2021:09:39:42 +0800] "GET /xingrg/all/function/internal_message.html?_=1609983580710&CODE_STATE=getMsg HTTP/1.1" 200 27
101.85.93.83 - - [07/Jan/2021:09:39:43 +0800] "GET /xingrg/all/function/internal_message.html?_=1609983255178&CODE_STATE=getMsg HTTP/1.1" 200 27
101.85.93.83 - - [07/Jan/2021:09:39:43 +0800] "GET /xingrg/check_reg.html?_=1609983255181 HTTP/1.1" 200 22
172.17.200.101 - - [07/Jan/2021:09:39:44 +0800] "GET /xingrg/all/function/internal_message.html?_=1609983585805&CODE_STATE=getMsg HTTP/1.1" 200 27
58.221.95.50 - - [07/Jan/2021:09:39:46 +0800] "GET /xingrg/check_reg.html?_=1609983584400 HTTP/1.1" 302 -
222.69.133.86 - - [07/Jan/2021:09:39:49 +0800] "POST /xingrg/kc/buy/cgsh_list_operate.html HTTP/1.1" 200 571
222.69.133.86 - - [07/Jan/2021:09:39:49 +0800] "GET /xingrg/kc/buy/cgsh_order_info.html?code=212021010702580 HTTP/1.1" 200 61438
222.69.133.86 - - [07/Jan/2021:09:39:50 +0800] "GET /xingrg/javascript/easyui/themes/default/validatebox.css HTTP/1.1" 404 1104
222.69.133.86 - - [07/Jan/2021:09:39:50 +0800] "POST /xingrg/kc/buy/cgsh_order_operate.html HTTP/1.1" 200 5615
172.17.0.108 - - [07/Jan/2021:09:39:50 +0800] "GET /xingrg/all/function/internal_message.html?_=1609983589384&CODE_STATE=getMsg HTTP/1.1" 200 27
222.69.133.86 - - [07/Jan/2021:09:39:51 +0800] "POST /xingrg/kc/buy/cgsh_list_operate.html HTTP/1.1" 200 1687
180.156.237.57 - - [07/Jan/2021:09:39:51 +0800] "GET /xingrg/all/function/internal_message.html?_=1609983567824&CODE_STATE=getMsg HTTP/1.1" 200 27
117.131.5.26 - - [07/Jan/2021:09:39:53 +0800] "GET /xingrg/all/function/internal_message.html?_=1609983934518&CODE_STATE=getMsg HTTP/1.1" 200 27
58.37.230.33 - - [07/Jan/2021:09:39:54 +0800] "GET /xingrg/all/function/internal_message.html?_=1609983155816&CODE_STATE=getMsg HTTP/1.1" 200 27
222.69.133.86 - - [07/Jan/2021:09:39:54 +0800] "GET /xingrg/all/function/internal_message.html?_=1609983592788&CODE_STATE=getMsg HTTP/1.1" 200 27
116.228.172.94 - - [07/Jan/2021:09:39:56 +0800] "GET /xingrg/check_reg.html?_=1609983589456 HTTP/1.1" 200 22
222.69.133.86 - - [07/Jan/2021:09:39:57 +0800] "GET /xingrg/kc/buy/cgsh_order_operate.html?command=get_materiel&rest_code=00149&code=00101007174&supplier_code=00100205&order_time=2021-01-07 HTTP/1.1" 200 394
116.228.172.94 - - [07/Jan/2021:09:40:00 +0800] "GET /xingrg/all/function/internal_message.html?_=1609983592782&CODE_STATE=getMsg HTTP/1.1" 200 27
114.88.169.67 - - [07/Jan/2021:09:40:03 +0800] "GET /xingrg/all/function/internal_message.html?_=1609983763088&CODE_STATE=getMsg HTTP/1.1" 200 27
180.156.237.57 - - [07/Jan/2021:09:40:04 +0800] "GET /xingrg/all/function/internal_message.html?_=1609983603035&CODE_STATE=getMsg HTTP/1.1" 200 27
222.70.170.138 - - [07/Jan/2021:09:40:12 +0800] "GET /xingrg/all/function/internal_message.html?_=1609983610264&CODE_STATE=getMsg HTTP/1.1" 200 27
120.253.135.82 - - [07/Jan/2021:09:40:14 +0800] "GET /xingrg/check_reg.html?_=1609983370311 HTTP/1.1" 200 22
117.185.32.26 - - [07/Jan/2021:09:40:14 +0800] "GET /xingrg/all/function/internal_message.html?_=1609984081808&CODE_STATE=getMsg HTTP/1.1" 200 27
120.253.135.82 - - [07/Jan/2021:09:40:14 +0800] "GET /xingrg/all/function/internal_message.html?_=1609983370610&CODE_STATE=getMsg HTTP/1.1" 200 27
114.88.169.67 - - [07/Jan/2021:09:40:15 +0800] "GET /xingrg/all/function/internal_message.html?_=1609983611575&CODE_STATE=getMsg HTTP/1.1" 302 -
172.17.0.120 - - [07/Jan/2021:09:40:15 +0800] "GET /xingrg/all/function/internal_message.html?_=1609983617685&CODE_STATE=getMsg HTTP/1.1" 200 27
117.131.5.26 - - [07/Jan/2021:09:40:21 +0800] "GET /xingrg/all/function/internal_message.html?_=1609983667888&CODE_STATE=getMsg HTTP/1.1" 200 27
114.88.169.67 - - [07/Jan/2021:09:40:32 +0800] "GET /xingrg/kc/buy/cgsh_order_operate.html?command=get_materiel&rest_code=00111&code=00101016025&supplier_code=00100037&order_time=2021-01-07 HTTP/1.1" 200 408
180.175.150.119 - - [07/Jan/2021:09:40:35 +0800] "GET /xingrg/all/function/internal_message.html?_=1609983870639&CODE_STATE=getMsg HTTP/1.1" 200 27
61.165.42.208 - - [07/Jan/2021:09:40:37 +0800] "GET /xingrg/all/function/internal_message.html?_=1609983638906&CODE_STATE=getMsg HTTP/1.1" 200 27
58.40.7.146 - - [07/Jan/2021:09:40:42 +0800] "GET /xingrg/check_reg.html?_=1609983640713 HTTP/1.1" 200 22
58.40.7.146 - - [07/Jan/2021:09:40:42 +0800] "GET /xingrg/all/function/internal_message.html?_=1609983640715&CODE_STATE=getMsg HTTP/1.1" 200 27
101.85.93.83 - - [07/Jan/2021:09:40:43 +0800] "GET /xingrg/all/function/internal_message.html?_=1609983315176&CODE_STATE=getMsg HTTP/1.1" 200 27
172.17.200.101 - - [07/Jan/2021:09:40:44 +0800] "GET /xingrg/all/function/internal_message.html?_=1609983645814&CODE_STATE=getMsg HTTP/1.1" 200 27
172.17.0.108 - - [07/Jan/2021:09:40:50 +0800] "GET /xingrg/all/function/internal_message.html?_=1609983649387&CODE_STATE=getMsg HTTP/1.1" 200 27
172.17.0.108 - - [07/Jan/2021:09:40:50 +0800] "GET /xingrg/check_reg.html?_=1609983649391 HTTP/1.1" 200 22
180.156.237.57 - - [07/Jan/2021:09:40:51 +0800] "GET /xingrg/all/function/internal_message.html?_=1609983627837&CODE_STATE=getMsg HTTP/1.1" 200 27
117.131.5.26 - - [07/Jan/2021:09:40:53 +0800] "GET /xingrg/all/function/internal_message.html?_=1609983994522&CODE_STATE=getMsg HTTP/1.1" 200 27
58.37.230.33 - - [07/Jan/2021:09:40:54 +0800] "GET /xingrg/all/function/internal_message.html?_=1609983215795&CODE_STATE=getMsg HTTP/1.1" 200 27
222.69.133.86 - - [07/Jan/2021:09:40:54 +0800] "GET /xingrg/all/function/internal_message.html?_=1609983652799&CODE_STATE=getMsg HTTP/1.1" 200 27
114.88.169.67 - - [07/Jan/2021:09:40:59 +0800] "GET /xingrg/kc/buy/cgsh_order_operate.html?command=get_materiel&rest_code=00111&code=00101011005&supplier_code=00100037&order_time=2021-01-07 HTTP/1.1" 200 428
116.228.172.94 - - [07/Jan/2021:09:41:00 +0800] "GET /xingrg/all/function/internal_message.html?_=1609983652760&CODE_STATE=getMsg HTTP/1.1" 200 27
114.88.169.67 - - [07/Jan/2021:09:41:03 +0800] "GET /xingrg/check_reg.html?_=1609983823094 HTTP/1.1" 200 22
114.88.169.67 - - [07/Jan/2021:09:41:03 +0800] "GET /xingrg/all/function/internal_message.html?_=1609983823095&CODE_STATE=getMsg HTTP/1.1" 200 27
180.156.237.57 - - [07/Jan/2021:09:41:04 +0800] "GET /xingrg/all/function/internal_message.html?_=1609983663037&CODE_STATE=getMsg HTTP/1.1" 200 27
101.85.93.83 - - [07/Jan/2021:09:41:11 +0800] "POST /xingrg/kc/buy/cgsh_order_operate.html HTTP/1.1" 200 37
222.69.133.86 - - [07/Jan/2021:09:41:12 +0800] "GET /xingrg/kc/buy/cgsh_order_operate.html?command=get_materiel&rest_code=00149&code=00101007059&supplier_code=00100205&order_time=2021-01-07 HTTP/1.1" 200 409
222.70.170.138 - - [07/Jan/2021:09:41:12 +0800] "GET /xingrg/all/function/internal_message.html?_=1609983670278&CODE_STATE=getMsg HTTP/1.1" 200 27
117.185.32.26 - - [07/Jan/2021:09:41:14 +0800] "GET /xingrg/all/function/internal_message.html?_=1609984141808&CODE_STATE=getMsg HTTP/1.1" 200 27
120.253.135.82 - - [07/Jan/2021:09:41:14 +0800] "GET /xingrg/all/function/internal_message.html?_=1609983430624&CODE_STATE=getMsg HTTP/1.1" 200 27
101.85.93.83 - - [07/Jan/2021:09:41:14 +0800] "POST /xingrg/kc/buy/cgsh_order_operate.html HTTP/1.1" 200 12
114.88.169.67 - - [07/Jan/2021:09:41:15 +0800] "GET /xingrg/all/function/internal_message.html?_=1609983671591&CODE_STATE=getMsg HTTP/1.1" 302 -
101.85.93.83 - - [07/Jan/2021:09:41:15 +0800] "GET /xingrg/kc/buy/cgsh_order_info.html?code=212021010301201 HTTP/1.1" 200 55398
172.17.0.120 - - [07/Jan/2021:09:41:15 +0800] "GET /xingrg/all/function/internal_message.html?_=1609983677675&CODE_STATE=getMsg HTTP/1.1" 200 27
101.85.93.83 - - [07/Jan/2021:09:41:16 +0800] "GET /xingrg/javascript/easyui/themes/default/validatebox.css HTTP/1.1" 404 1104
101.85.93.83 - - [07/Jan/2021:09:41:16 +0800] "POST /xingrg/kc/buy/cgsh_order_operate.html HTTP/1.1" 200 20075
114.88.169.67 - - [07/Jan/2021:09:41:18 +0800] "GET /xingrg/kc/buy/cgsh_order_operate.html?command=get_materiel&rest_code=00111&code=00101012029&supplier_code=00100037&order_time=2021-01-07 HTTP/1.1" 200 412
101.85.93.83 - - [07/Jan/2021:09:41:18 +0800] "GET /xingrg/kc/print/load_data.html?order_code=212021010301201&kc_code=cgsh&condition= HTTP/1.1" 200 8077
117.131.5.26 - - [07/Jan/2021:09:41:21 +0800] "GET /xingrg/all/function/internal_message.html?_=1609983727893&CODE_STATE=getMsg HTTP/1.1" 200 27
222.69.133.86 - - [07/Jan/2021:09:41:28 +0800] "POST /xingrg/kc/buy/cgsh_order_operate.html HTTP/1.1" 200 37
101.85.93.83 - - [07/Jan/2021:09:41:28 +0800] "POST /xingrg/kc/buy/cgsh_list_operate.html HTTP/1.1" 200 2415
222.69.133.86 - - [07/Jan/2021:09:41:31 +0800] "POST /xingrg/kc/buy/cgsh_order_operate.html HTTP/1.1" 200 12
101.85.93.83 - - [07/Jan/2021:09:41:33 +0800] "POST /xingrg/kc/buy/cgsh_list_operate.html HTTP/1.1" 200 565
101.85.93.83 - - [07/Jan/2021:09:41:34 +0800] "GET /xingrg/kc/buy/cgsh_order_info.html?code=212021010401700 HTTP/1.1" 200 60502
101.85.93.83 - - [07/Jan/2021:09:41:34 +0800] "GET /xingrg/javascript/easyui/themes/default/validatebox.css HTTP/1.1" 404 1104
101.85.93.83 - - [07/Jan/2021:09:41:34 +0800] "POST /xingrg/kc/buy/cgsh_order_operate.html HTTP/1.1" 200 16192
180.175.150.119 - - [07/Jan/2021:09:41:36 +0800] "GET /xingrg/all/function/internal_message.html?_=1609983931158&CODE_STATE=getMsg HTTP/1.1" 200 27
222.69.133.86 - - [07/Jan/2021:09:41:37 +0800] "GET /xingrg/kc/buy/cgsh_order_info.html?code=212021010702580 HTTP/1.1" 200 56332
222.69.133.86 - - [07/Jan/2021:09:41:37 +0800] "GET /xingrg/words/20210107093242_words.js HTTP/1.1" 304 -
61.165.42.208 - - [07/Jan/2021:09:41:37 +0800] "GET /xingrg/all/function/internal_message.html?_=1609983698902&CODE_STATE=getMsg HTTP/1.1" 200 27
222.69.133.86 - - [07/Jan/2021:09:41:37 +0800] "GET /xingrg/javascript/easyui/themes/default/validatebox.css HTTP/1.1" 404 1104
222.69.133.86 - - [07/Jan/2021:09:41:38 +0800] "POST /xingrg/kc/buy/cgsh_order_operate.html HTTP/1.1" 200 5331
58.40.7.146 - - [07/Jan/2021:09:41:42 +0800] "GET /xingrg/all/function/internal_message.html?_=1609983700701&CODE_STATE=getMsg HTTP/1.1" 200 27
222.69.133.86 - - [07/Jan/2021:09:41:43 +0800] "GET /xingrg/kc/print/load_data.html?order_code=212021010702580&kc_code=cgsh&condition= HTTP/1.1" 200 2488
101.85.93.83 - - [07/Jan/2021:09:41:43 +0800] "GET /xingrg/all/function/internal_message.html?_=1609983375189&CODE_STATE=getMsg HTTP/1.1" 200 27
172.17.200.101 - - [07/Jan/2021:09:41:44 +0800] "GET /xingrg/all/function/internal_message.html?_=1609983705800&CODE_STATE=getMsg HTTP/1.1" 200 27
117.131.5.26 - - [07/Jan/2021:09:41:50 +0800] "GET /xingrg/check_reg.html?_=1609984051620 HTTP/1.1" 200 22
172.17.0.108 - - [07/Jan/2021:09:41:50 +0800] "GET /xingrg/all/function/internal_message.html?_=1609983709378&CODE_STATE=getMsg HTTP/1.1" 200 27
180.156.237.57 - - [07/Jan/2021:09:41:51 +0800] "GET /xingrg/all/function/internal_message.html?_=1609983687860&CODE_STATE=getMsg HTTP/1.1" 200 27
117.131.5.26 - - [07/Jan/2021:09:41:53 +0800] "GET /xingrg/all/function/internal_message.html?_=1609984054540&CODE_STATE=getMsg HTTP/1.1" 200 27
58.37.230.33 - - [07/Jan/2021:09:41:54 +0800] "GET /xingrg/all/function/internal_message.html?_=1609983275770&CODE_STATE=getMsg HTTP/1.1" 200 27
222.69.133.86 - - [07/Jan/2021:09:41:54 +0800] "GET /xingrg/all/function/internal_message.html?_=1609983712784&CODE_STATE=getMsg HTTP/1.1" 200 27
114.88.169.67 - - [07/Jan/2021:09:41:56 +0800] "GET /xingrg/kc/buy/cgsh_order_operate.html?command=get_materiel&rest_code=00111&code=00101015038&supplier_code=00100037&order_time=2021-01-07 HTTP/1.1" 200 418
116.228.172.94 - - [07/Jan/2021:09:42:00 +0800] "GET /xingrg/all/function/internal_message.html?_=1609983712744&CODE_STATE=getMsg HTTP/1.1" 200 27
114.88.169.67 - - [07/Jan/2021:09:42:03 +0800] "GET /xingrg/all/function/internal_message.html?_=1609983883096&CODE_STATE=getMsg HTTP/1.1" 200 27
180.156.237.57 - - [07/Jan/2021:09:42:04 +0800] "GET /xingrg/check_reg.html?_=1609983723043 HTTP/1.1" 200 22
180.156.237.57 - - [07/Jan/2021:09:42:04 +0800] "GET /xingrg/all/function/internal_message.html?_=1609983723044&CODE_STATE=getMsg HTTP/1.1" 200 27
222.70.170.138 - - [07/Jan/2021:09:42:10 +0800] "GET /xingrg/check_reg.html?_=1609983727693 HTTP/1.1" 200 22
222.70.170.138 - - [07/Jan/2021:09:42:12 +0800] "GET /xingrg/all/function/internal_message.html?_=1609983730291&CODE_STATE=getMsg HTTP/1.1" 200 27
117.185.32.26 - - [07/Jan/2021:09:42:14 +0800] "GET /xingrg/check_reg.html?_=1609984201824 HTTP/1.1" 200 22
117.185.32.26 - - [07/Jan/2021:09:42:14 +0800] "GET /xingrg/all/function/internal_message.html?_=1609984201823&CODE_STATE=getMsg HTTP/1.1" 200 27
120.253.135.82 - - [07/Jan/2021:09:42:14 +0800] "GET /xingrg/all/function/internal_message.html?_=1609983490638&CODE_STATE=getMsg HTTP/1.1" 200 27
114.88.169.67 - - [07/Jan/2021:09:42:14 +0800] "GET /xingrg/check_reg.html?_=1609983730692 HTTP/1.1" 302 -
114.88.169.67 - - [07/Jan/2021:09:42:15 +0800] "GET /xingrg/all/function/internal_message.html?_=1609983731604&CODE_STATE=getMsg HTTP/1.1" 302 -
172.17.0.120 - - [07/Jan/2021:09:42:15 +0800] "GET /xingrg/all/function/internal_message.html?_=1609983737683&CODE_STATE=getMsg HTTP/1.1" 200 27
172.17.0.120 - - [07/Jan/2021:09:42:15 +0800] "GET /xingrg/check_reg.html?_=1609983737695 HTTP/1.1" 200 22
180.157.253.48 - - [07/Jan/2021:09:42:19 +0800] "POST /xingrg/services/DataTransmitService HTTP/1.1" 200 524
117.131.5.26 - - [07/Jan/2021:09:42:21 +0800] "GET /xingrg/all/function/internal_message.html?_=1609983787876&CODE_STATE=getMsg HTTP/1.1" 200 27
180.157.253.48 - - [07/Jan/2021:09:42:25 +0800] "POST /xingrg/services/DataTransmitService HTTP/1.1" 200 501
180.175.150.119 - - [07/Jan/2021:09:42:36 +0800] "GET /xingrg/all/function/internal_message.html?_=1609983991215&CODE_STATE=getMsg HTTP/1.1" 200 27
61.165.42.208 - - [07/Jan/2021:09:42:37 +0800] "GET /xingrg/all/function/internal_message.html?_=1609983758913&CODE_STATE=getMsg HTTP/1.1" 200 27
58.40.7.146 - - [07/Jan/2021:09:42:42 +0800] "GET /xingrg/all/function/internal_message.html?_=1609983760703&CODE_STATE=getMsg HTTP/1.1" 200 27
101.85.93.83 - - [07/Jan/2021:09:42:43 +0800] "GET /xingrg/all/function/internal_message.html?_=1609983435178&CODE_STATE=getMsg HTTP/1.1" 200 27
172.17.200.101 - - [07/Jan/2021:09:42:44 +0800] "GET /xingrg/all/function/internal_message.html?_=1609983765807&CODE_STATE=getMsg HTTP/1.1" 200 27
172.17.200.101 - - [07/Jan/2021:09:42:44 +0800] "GET /xingrg/check_reg.html?_=1609983765810 HTTP/1.1" 200 22
172.17.0.108 - - [07/Jan/2021:09:42:50 +0800] "GET /xingrg/all/function/internal_message.html?_=1609983769381&CODE_STATE=getMsg HTTP/1.1" 200 27
180.156.237.57 - - [07/Jan/2021:09:42:51 +0800] "GET /xingrg/all/function/internal_message.html?_=1609983747864&CODE_STATE=getMsg HTTP/1.1" 200 27
117.131.5.26 - - [07/Jan/2021:09:42:53 +0800] "GET /xingrg/all/function/internal_message.html?_=1609984114557&CODE_STATE=getMsg HTTP/1.1" 200 27
58.37.230.33 - - [07/Jan/2021:09:42:54 +0800] "GET /xingrg/all/function/internal_message.html?_=1609983335748&CODE_STATE=getMsg HTTP/1.1" 200 27
222.69.133.86 - - [07/Jan/2021:09:42:54 +0800] "GET /xingrg/check_reg.html?_=1609983772784 HTTP/1.1" 200 22
222.69.133.86 - - [07/Jan/2021:09:42:54 +0800] "GET /xingrg/all/function/internal_message.html?_=1609983772789&CODE_STATE=getMsg HTTP/1.1" 200 27
116.228.172.94 - - [07/Jan/2021:09:43:00 +0800] "GET /xingrg/all/function/internal_message.html?_=1609983772714&CODE_STATE=getMsg HTTP/1.1" 200 27
114.88.169.67 - - [07/Jan/2021:09:43:03 +0800] "GET /xingrg/all/function/internal_message.html?_=1609983943105&CODE_STATE=getMsg HTTP/1.1" 200 27
180.156.237.57 - - [07/Jan/2021:09:43:04 +0800] "GET /xingrg/all/function/internal_message.html?_=1609983783043&CODE_STATE=getMsg HTTP/1.1" 200 27
172.17.0.185 - - [07/Jan/2021:09:43:05 +0800] "GET /xingrg/check_reg.html?_=1609983782978 HTTP/1.1" 200 22
222.70.170.138 - - [07/Jan/2021:09:43:12 +0800] "GET /xingrg/all/function/internal_message.html?_=1609983790305&CODE_STATE=getMsg HTTP/1.1" 200 27
117.185.32.26 - - [07/Jan/2021:09:43:14 +0800] "GET /xingrg/all/function/internal_message.html?_=1609984261809&CODE_STATE=getMsg HTTP/1.1" 200 27
120.253.135.82 - - [07/Jan/2021:09:43:14 +0800] "GET /xingrg/all/function/internal_message.html?_=1609983550704&CODE_STATE=getMsg HTTP/1.1" 200 27
114.88.169.67 - - [07/Jan/2021:09:43:15 +0800] "GET /xingrg/all/function/internal_message.html?_=1609983791647&CODE_STATE=getMsg HTTP/1.1" 302 -
172.17.0.120 - - [07/Jan/2021:09:43:15 +0800] "GET /xingrg/all/function/internal_message.html?_=1609983797686&CODE_STATE=getMsg HTTP/1.1" 200 27
117.131.5.26 - - [07/Jan/2021:09:43:21 +0800] "GET /xingrg/all/function/internal_message.html?_=1609983847879&CODE_STATE=getMsg HTTP/1.1" 200 27
117.131.5.26 - - [07/Jan/2021:09:43:21 +0800] "GET /xingrg/check_reg.html?_=1609983847880 HTTP/1.1" 200 22
61.165.42.208 - - [07/Jan/2021:09:43:24 +0800] "GET /xingrg/kc/buy/cgsh_order_operate.html?command=get_materiel&rest_code=00105&code=00101008257&supplier_code=00100203&order_time=2021-01-07 HTTP/1.1" 200 416
58.37.230.33 - - [07/Jan/2021:09:43:27 +0800] "GET /xingrg/check_reg.html?_=1609983368728 HTTP/1.1" 200 22
180.175.150.119 - - [07/Jan/2021:09:43:36 +0800] "GET /xingrg/all/function/internal_message.html?_=1609984051226&CODE_STATE=getMsg HTTP/1.1" 200 27
61.165.42.208 - - [07/Jan/2021:09:43:37 +0800] "GET /xingrg/all/function/internal_message.html?_=1609983818915&CODE_STATE=getMsg HTTP/1.1" 200 27
101.85.93.83 - - [07/Jan/2021:09:43:40 +0800] "POST /xingrg/kc/buy/cgsh_order_operate.html HTTP/1.1" 200 37
58.40.7.146 - - [07/Jan/2021:09:43:42 +0800] "GET /xingrg/all/function/internal_message.html?_=1609983820706&CODE_STATE=getMsg HTTP/1.1" 200 27
101.85.93.83 - - [07/Jan/2021:09:43:43 +0800] "POST /xingrg/kc/buy/cgsh_order_operate.html HTTP/1.1" 200 12
101.85.93.83 - - [07/Jan/2021:09:43:44 +0800] "GET /xingrg/kc/buy/cgsh_order_info.html?code=212021010401700 HTTP/1.1" 200 55398
101.85.93.83 - - [07/Jan/2021:09:43:44 +0800] "GET /xingrg/javascript/easyui/themes/default/validatebox.css HTTP/1.1" 404 1104
172.17.200.101 - - [07/Jan/2021:09:43:44 +0800] "GET /xingrg/all/function/internal_message.html?_=1609983825812&CODE_STATE=getMsg HTTP/1.1" 200 27
101.85.93.83 - - [07/Jan/2021:09:43:45 +0800] "POST /xingrg/kc/buy/cgsh_order_operate.html HTTP/1.1" 200 14158
101.85.93.83 - - [07/Jan/2021:09:43:46 +0800] "GET /xingrg/kc/print/load_data.html?order_code=212021010401700&kc_code=cgsh&condition= HTTP/1.1" 200 5840
61.165.42.208 - - [07/Jan/2021:09:43:50 +0800] "GET /xingrg/kc/buy/cgsh_order_operate.html?command=get_materiel&rest_code=00105&code=00101008197&supplier_code=00100203&order_time=2021-01-07 HTTP/1.1" 200 416
172.17.0.108 - - [07/Jan/2021:09:43:50 +0800] "GET /xingrg/all/function/internal_message.html?_=1609983829386&CODE_STATE=getMsg HTTP/1.1" 200 27
180.156.237.57 - - [07/Jan/2021:09:43:51 +0800] "GET /xingrg/all/function/internal_message.html?_=1609983807889&CODE_STATE=getMsg HTTP/1.1" 200 27
117.131.5.26 - - [07/Jan/2021:09:43:53 +0800] "GET /xingrg/all/function/internal_message.html?_=1609984174571&CODE_STATE=getMsg HTTP/1.1" 200 27
58.37.230.33 - - [07/Jan/2021:09:43:54 +0800] "GET /xingrg/all/function/internal_message.html?_=1609983395754&CODE_STATE=getMsg HTTP/1.1" 200 27
222.69.133.86 - - [07/Jan/2021:09:43:54 +0800] "GET /xingrg/all/function/internal_message.html?_=1609983832779&CODE_STATE=getMsg HTTP/1.1" 200 27
116.228.172.94 - - [07/Jan/2021:09:44:00 +0800] "GET /xingrg/all/function/internal_message.html?_=1609983832699&CODE_STATE=getMsg HTTP/1.1" 200 27
114.88.169.67 - - [07/Jan/2021:09:44:03 +0800] "GET /xingrg/all/function/internal_message.html?_=1609984003116&CODE_STATE=getMsg HTTP/1.1" 200 27
180.156.237.57 - - [07/Jan/2021:09:44:04 +0800] "GET /xingrg/all/function/internal_message.html?_=1609983843055&CODE_STATE=getMsg HTTP/1.1" 200 27
101.85.93.83 - - [07/Jan/2021:09:44:07 +0800] "POST /xingrg/kc/buy/cgsh_list_operate.html HTTP/1.1" 200 2053
101.85.93.83 - - [07/Jan/2021:09:44:10 +0800] "POST /xingrg/kc/buy/cgsh_list_operate.html HTTP/1.1" 200 562
101.85.93.83 - - [07/Jan/2021:09:44:11 +0800] "GET /xingrg/kc/buy/cgsh_order_info.html?code=212021010502099 HTTP/1.1" 200 60502
101.85.93.83 - - [07/Jan/2021:09:44:11 +0800] "GET /xingrg/javascript/easyui/themes/default/validatebox.css HTTP/1.1" 404 1104
101.85.93.83 - - [07/Jan/2021:09:44:12 +0800] "POST /xingrg/kc/buy/cgsh_order_operate.html HTTP/1.1" 200 19138
222.70.170.138 - - [07/Jan/2021:09:44:12 +0800] "GET /xingrg/all/function/internal_message.html?_=1609983850318&CODE_STATE=getMsg HTTP/1.1" 200 27
117.185.32.26 - - [07/Jan/2021:09:44:14 +0800] "GET /xingrg/all/function/internal_message.html?_=1609984321815&CODE_STATE=getMsg HTTP/1.1" 200 27
120.253.135.82 - - [07/Jan/2021:09:44:14 +0800] "GET /xingrg/all/function/internal_message.html?_=1609983610712&CODE_STATE=getMsg HTTP/1.1" 200 27
61.165.42.208 - - [07/Jan/2021:09:44:15 +0800] "GET /xingrg/kc/buy/cgsh_order_operate.html?command=get_materiel&rest_code=00105&code=00101008027&supplier_code=00100203&order_time=2021-01-07 HTTP/1.1" 200 409
114.88.169.67 - - [07/Jan/2021:09:44:15 +0800] "GET /xingrg/all/function/internal_message.html?_=1609983851662&CODE_STATE=getMsg HTTP/1.1" 302 -
172.17.0.120 - - [07/Jan/2021:09:44:15 +0800] "GET /xingrg/all/function/internal_message.html?_=1609983857675&CODE_STATE=getMsg HTTP/1.1" 200 27
172.17.0.240 - - [07/Jan/2021:09:44:18 +0800] "GET /xingrg/check_reg.html?_=1609983853897 HTTP/1.1" 200 22
180.175.150.119 - - [07/Jan/2021:09:44:19 +0800] "GET /xingrg/check_reg.html?_=1609984094486 HTTP/1.1" 200 22
117.131.5.26 - - [07/Jan/2021:09:44:21 +0800] "GET /xingrg/all/function/internal_message.html?_=1609983907887&CODE_STATE=getMsg HTTP/1.1" 200 27
61.165.42.208 - - [07/Jan/2021:09:44:32 +0800] "GET /xingrg/kc/buy/cgsh_order_operate.html?command=get_materiel&rest_code=00105&code=00101008229&supplier_code=00100203&order_time=2021-01-07 HTTP/1.1" 200 420
180.175.150.119 - - [07/Jan/2021:09:44:36 +0800] "GET /xingrg/all/function/internal_message.html?_=1609984111364&CODE_STATE=getMsg HTTP/1.1" 200 27
61.165.42.208 - - [07/Jan/2021:09:44:37 +0800] "GET /xingrg/check_reg.html?_=1609983878903 HTTP/1.1" 200 22
61.165.42.208 - - [07/Jan/2021:09:44:37 +0800] "GET /xingrg/all/function/internal_message.html?_=1609983878904&CODE_STATE=getMsg HTTP/1.1" 200 27
180.156.237.57 - - [07/Jan/2021:09:44:42 +0800] "GET /xingrg/check_reg.html?_=1609983858016 HTTP/1.1" 200 22
58.40.7.146 - - [07/Jan/2021:09:44:42 +0800] "GET /xingrg/all/function/internal_message.html?_=1609983880710&CODE_STATE=getMsg HTTP/1.1" 200 27
101.85.93.83 - - [07/Jan/2021:09:44:43 +0800] "GET /xingrg/all/function/internal_message.html?_=1609983555185&CODE_STATE=getMsg HTTP/1.1" 200 27
101.85.93.83 - - [07/Jan/2021:09:44:43 +0800] "GET /xingrg/check_reg.html?_=1609983555189 HTTP/1.1" 200 22
172.17.200.101 - - [07/Jan/2021:09:44:44 +0800] "GET /xingrg/all/function/internal_message.html?_=1609983885812&CODE_STATE=getMsg HTTP/1.1" 200 27
58.221.95.50 - - [07/Jan/2021:09:44:46 +0800] "GET /xingrg/check_reg.html?_=1609983884382 HTTP/1.1" 302 -
172.17.0.108 - - [07/Jan/2021:09:44:50 +0800] "GET /xingrg/all/function/internal_message.html?_=1609983889391&CODE_STATE=getMsg HTTP/1.1" 200 27
180.156.237.57 - - [07/Jan/2021:09:44:51 +0800] "GET /xingrg/all/function/internal_message.html?_=1609983867892&CODE_STATE=getMsg HTTP/1.1" 200 27
117.131.5.26 - - [07/Jan/2021:09:44:53 +0800] "GET /xingrg/all/function/internal_message.html?_=1609984234759&CODE_STATE=getMsg HTTP/1.1" 200 27
58.37.230.33 - - [07/Jan/2021:09:44:54 +0800] "GET /xingrg/all/function/internal_message.html?_=1609983455722&CODE_STATE=getMsg HTTP/1.1" 200 27
222.69.133.86 - - [07/Jan/2021:09:44:54 +0800] "GET /xingrg/all/function/internal_message.html?_=1609983892780&CODE_STATE=getMsg HTTP/1.1" 200 27
116.228.172.94 - - [07/Jan/2021:09:44:56 +0800] "GET /xingrg/check_reg.html?_=1609983889438 HTTP/1.1" 200 22
116.228.172.94 - - [07/Jan/2021:09:45:00 +0800] "GET /xingrg/all/function/internal_message.html?_=1609983892669&CODE_STATE=getMsg HTTP/1.1" 200 27
114.88.169.67 - - [07/Jan/2021:09:45:01 +0800] "GET /xingrg/kc/buy/cgsh_order_operate.html?command=get_materiel&rest_code=00111&code=00101016105&supplier_code=00100037&order_time=2021-01-07 HTTP/1.1" 200 409
114.88.169.67 - - [07/Jan/2021:09:45:03 +0800] "GET /xingrg/all/function/internal_message.html?_=1609984063055&CODE_STATE=getMsg HTTP/1.1" 200 27
180.156.237.57 - - [07/Jan/2021:09:45:04 +0800] "GET /xingrg/all/function/internal_message.html?_=1609983903057&CODE_STATE=getMsg HTTP/1.1" 200 27
222.70.170.138 - - [07/Jan/2021:09:45:13 +0800] "GET /xingrg/all/function/internal_message.html?_=1609983910660&CODE_STATE=getMsg HTTP/1.1" 200 27
120.253.135.82 - - [07/Jan/2021:09:45:14 +0800] "GET /xingrg/check_reg.html?_=1609983670363 HTTP/1.1" 200 22
117.185.32.26 - - [07/Jan/2021:09:45:14 +0800] "GET /xingrg/all/function/internal_message.html?_=1609984381813&CODE_STATE=getMsg HTTP/1.1" 200 27
120.253.135.82 - - [07/Jan/2021:09:45:14 +0800] "GET /xingrg/all/function/internal_message.html?_=1609983670725&CODE_STATE=getMsg HTTP/1.1" 200 27
114.88.169.67 - - [07/Jan/2021:09:45:15 +0800] "GET /xingrg/all/function/internal_message.html?_=1609983911706&CODE_STATE=getMsg HTTP/1.1" 302 -
172.17.0.120 - - [07/Jan/2021:09:45:15 +0800] "GET /xingrg/all/function/internal_message.html?_=1609983917679&CODE_STATE=getMsg HTTP/1.1" 200 27
117.131.5.26 - - [07/Jan/2021:09:45:21 +0800] "GET /xingrg/all/function/internal_message.html?_=1609983967885&CODE_STATE=getMsg HTTP/1.1" 200 27
120.253.135.82 - - [07/Jan/2021:09:45:34 +0800] "GET /xingrg/index.html?sysBaseUrl=http%3A%2F%2F180.169.147.146%3A18081%2Fxingrg%2F&costTime=34×tamp=1585631483848 HTTP/1.1" 200 17173
120.253.135.82 - - [07/Jan/2021:09:45:34 +0800] "GET /xingrg/javascript/jquery_easy_ui/themes/default/easyui.css HTTP/1.1" 304 -
120.253.135.82 - - [07/Jan/2021:09:45:34 +0800] "GET /xingrg/javascript/jquery_easy_ui/themes/icon.css HTTP/1.1" 304 -
120.253.135.82 - - [07/Jan/2021:09:45:34 +0800] "GET /xingrg/javascript/jquery_easy_ui/easyui-lang-zh_CN.js HTTP/1.1" 304 -
120.253.135.82 - - [07/Jan/2021:09:45:34 +0800] "GET /xingrg/css/form.css HTTP/1.1" 304 -
120.253.135.82 - - [07/Jan/2021:09:45:34 +0800] "GET /xingrg/javascript/jquery_easy_ui/jquery.easyui.min.js HTTP/1.1" 304 -
120.253.135.82 - - [07/Jan/2021:09:45:34 +0800] "GET /xingrg/javascript/jquery-1.4.2.min.js HTTP/1.1" 304 -
120.253.135.82 - - [07/Jan/2021:09:45:34 +0800] "GET /xingrg/javascript/jquery.utils.js HTTP/1.1" 304 -
