58.37.230.33 - - [07/Jan/2021:08:35:56 +0800] "GET /xingrg/all/function/internal_message.html?_=1609979317201&CODE_STATE=getMsg HTTP/1.1" 200 27
180.156.237.57 - - [07/Jan/2021:08:35:59 +0800] "GET /xingrg/all/function/internal_message.html?_=1609979757947&CODE_STATE=getMsg HTTP/1.1" 200 27
222.69.133.86 - - [07/Jan/2021:08:36:02 +0800] "GET /xingrg/kc/buy/cgsh_order_operate.html?command=get_materiel&rest_code=00149&code=00101008354&supplier_code=00100005&order_time=2021-01-07 HTTP/1.1" 200 412
180.175.150.119 - - [07/Jan/2021:08:36:04 +0800] "GET /xingrg/kc/print/load_config.html?kc_code=cgsh HTTP/1.1" 200 1845
180.175.150.119 - - [07/Jan/2021:08:36:05 +0800] "GET /xingrg/kc/print/load_data.html?order_code=212021010702570&kc_code=cgsh&condition= HTTP/1.1" 200 4892
222.70.170.138 - - [07/Jan/2021:08:36:09 +0800] "GET /xingrg/all/function/internal_message.html?_=1609979767054&CODE_STATE=getMsg HTTP/1.1" 200 27
180.175.150.119 - - [07/Jan/2021:08:36:19 +0800] "GET /xingrg/all/function/internal_message.html?_=1609980014689&CODE_STATE=getMsg HTTP/1.1" 200 27
172.17.0.123 - - [07/Jan/2021:08:36:36 +0800] "GET /xingrg/all/function/internal_message.html?_=1609979696228&CODE_STATE=getMsg HTTP/1.1" 200 27
58.40.7.146 - - [07/Jan/2021:08:36:48 +0800] "GET /xingrg/all/function/internal_message.html?_=1609979805889&CODE_STATE=getMsg HTTP/1.1" 200 27
180.156.237.57 - - [07/Jan/2021:08:36:48 +0800] "GET /xingrg/all/function/internal_message.html?_=1609979784207&CODE_STATE=getMsg HTTP/1.1" 200 27
58.40.7.146 - - [07/Jan/2021:08:36:48 +0800] "GET /xingrg/check_reg.html?_=1609979805890 HTTP/1.1" 200 22
117.131.5.26 - - [07/Jan/2021:08:36:48 +0800] "GET /xingrg/check_reg.html?_=1609980149357 HTTP/1.1" 200 22
117.131.5.26 - - [07/Jan/2021:08:36:50 +0800] "GET /xingrg/all/function/internal_message.html?_=1609980151500&CODE_STATE=getMsg HTTP/1.1" 200 27
172.17.0.108 - - [07/Jan/2021:08:36:50 +0800] "GET /xingrg/all/function/internal_message.html?_=1609979809384&CODE_STATE=getMsg HTTP/1.1" 200 27
222.69.133.86 - - [07/Jan/2021:08:36:54 +0800] "GET /xingrg/all/function/internal_message.html?_=1609979812721&CODE_STATE=getMsg HTTP/1.1" 200 27
58.37.230.33 - - [07/Jan/2021:08:36:56 +0800] "GET /xingrg/all/function/internal_message.html?_=1609979377175&CODE_STATE=getMsg HTTP/1.1" 200 27
180.156.237.57 - - [07/Jan/2021:08:36:59 +0800] "GET /xingrg/all/function/internal_message.html?_=1609979817926&CODE_STATE=getMsg HTTP/1.1" 200 27
222.70.170.138 - - [07/Jan/2021:08:37:08 +0800] "GET /xingrg/check_reg.html?_=1609979826369 HTTP/1.1" 200 22
222.70.170.138 - - [07/Jan/2021:08:37:09 +0800] "GET /xingrg/all/function/internal_message.html?_=1609979827069&CODE_STATE=getMsg HTTP/1.1" 200 27
180.175.150.119 - - [07/Jan/2021:08:37:19 +0800] "GET /xingrg/all/function/internal_message.html?_=1609980074697&CODE_STATE=getMsg HTTP/1.1" 200 27
172.17.0.123 - - [07/Jan/2021:08:37:36 +0800] "GET /xingrg/all/function/internal_message.html?_=1609979756230&CODE_STATE=getMsg HTTP/1.1" 200 27
172.17.0.123 - - [07/Jan/2021:08:37:36 +0800] "GET /xingrg/check_reg.html?_=1609979756232 HTTP/1.1" 200 22
58.40.7.146 - - [07/Jan/2021:08:37:48 +0800] "GET /xingrg/all/function/internal_message.html?_=1609979865893&CODE_STATE=getMsg HTTP/1.1" 200 27
180.156.237.57 - - [07/Jan/2021:08:37:48 +0800] "GET /xingrg/all/function/internal_message.html?_=1609979844254&CODE_STATE=getMsg HTTP/1.1" 200 27
114.84.4.90 - - [07/Jan/2021:08:37:49 +0800] "POST /xingrg/services/DataTransmitService HTTP/1.1" 200 524
117.131.5.26 - - [07/Jan/2021:08:37:50 +0800] "GET /xingrg/all/function/internal_message.html?_=1609980211515&CODE_STATE=getMsg HTTP/1.1" 200 27
172.17.0.108 - - [07/Jan/2021:08:37:50 +0800] "GET /xingrg/all/function/internal_message.html?_=1609979869391&CODE_STATE=getMsg HTTP/1.1" 200 27
222.69.133.86 - - [07/Jan/2021:08:37:54 +0800] "GET /xingrg/check_reg.html?_=1609979872691 HTTP/1.1" 200 22
222.69.133.86 - - [07/Jan/2021:08:37:54 +0800] "GET /xingrg/all/function/internal_message.html?_=1609979872695&CODE_STATE=getMsg HTTP/1.1" 200 27
58.37.230.33 - - [07/Jan/2021:08:37:56 +0800] "GET /xingrg/all/function/internal_message.html?_=1609979437155&CODE_STATE=getMsg HTTP/1.1" 200 27
180.156.237.57 - - [07/Jan/2021:08:37:59 +0800] "GET /xingrg/all/function/internal_message.html?_=1609979877903&CODE_STATE=getMsg HTTP/1.1" 200 27
180.156.237.57 - - [07/Jan/2021:08:38:04 +0800] "POST /xingrg/kc/buy/cgsh_order_operate.html HTTP/1.1" 200 37
172.17.0.185 - - [07/Jan/2021:08:38:05 +0800] "GET /xingrg/check_reg.html?_=1609979881966 HTTP/1.1" 200 22
180.156.237.57 - - [07/Jan/2021:08:38:05 +0800] "POST /xingrg/kc/buy/cgsh_order_operate.html HTTP/1.1" 200 20585
222.70.170.138 - - [07/Jan/2021:08:38:09 +0800] "GET /xingrg/all/function/internal_message.html?_=1609979887082&CODE_STATE=getMsg HTTP/1.1" 200 27
222.69.133.86 - - [07/Jan/2021:08:38:17 +0800] "GET /xingrg/kc/buy/cgsh_order_operate.html?command=get_materiel&rest_code=00149&code=00101008028&supplier_code=00100005&order_time=2021-01-07 HTTP/1.1" 200 412
180.175.150.119 - - [07/Jan/2021:08:38:19 +0800] "GET /xingrg/all/function/internal_message.html?_=1609980134900&CODE_STATE=getMsg HTTP/1.1" 200 27
222.69.133.86 - - [07/Jan/2021:08:38:25 +0800] "GET /xingrg/kc/buy/cgsh_order_operate.html?command=get_materiel&rest_code=00149&code=00101008110&supplier_code=00100005&order_time=2021-01-07 HTTP/1.1" 200 408
58.37.230.33 - - [07/Jan/2021:08:38:27 +0800] "GET /xingrg/check_reg.html?_=1609979468521 HTTP/1.1" 200 22
172.17.0.123 - - [07/Jan/2021:08:38:36 +0800] "GET /xingrg/all/function/internal_message.html?_=1609979816232&CODE_STATE=getMsg HTTP/1.1" 200 27
222.69.133.86 - - [07/Jan/2021:08:38:45 +0800] "GET /xingrg/kc/buy/cgsh_order_operate.html?command=get_materiel&rest_code=00149&code=00101008038&supplier_code=00100005&order_time=2021-01-07 HTTP/1.1" 200 412
58.40.7.146 - - [07/Jan/2021:08:38:48 +0800] "GET /xingrg/all/function/internal_message.html?_=1609979925895&CODE_STATE=getMsg HTTP/1.1" 200 27
180.156.237.57 - - [07/Jan/2021:08:38:48 +0800] "GET /xingrg/all/function/internal_message.html?_=1609979904264&CODE_STATE=getMsg HTTP/1.1" 200 27
117.131.5.26 - - [07/Jan/2021:08:38:50 +0800] "GET /xingrg/all/function/internal_message.html?_=1609980271531&CODE_STATE=getMsg HTTP/1.1" 200 27
172.17.0.108 - - [07/Jan/2021:08:38:50 +0800] "GET /xingrg/all/function/internal_message.html?_=1609979929385&CODE_STATE=getMsg HTTP/1.1" 200 27
222.69.133.86 - - [07/Jan/2021:08:38:54 +0800] "GET /xingrg/all/function/internal_message.html?_=1609979932687&CODE_STATE=getMsg HTTP/1.1" 200 27
58.37.230.33 - - [07/Jan/2021:08:38:56 +0800] "GET /xingrg/all/function/internal_message.html?_=1609979497130&CODE_STATE=getMsg HTTP/1.1" 200 27
180.156.237.57 - - [07/Jan/2021:08:38:59 +0800] "GET /xingrg/all/function/internal_message.html?_=1609979937894&CODE_STATE=getMsg HTTP/1.1" 200 27
222.69.133.86 - - [07/Jan/2021:08:39:00 +0800] "GET /xingrg/kc/buy/cgsh_order_operate.html?command=get_materiel&rest_code=00149&code=00101008051&supplier_code=00100005&order_time=2021-01-07 HTTP/1.1" 200 409
222.69.133.86 - - [07/Jan/2021:08:39:09 +0800] "GET /xingrg/kc/buy/cgsh_order_operate.html?command=get_materiel&rest_code=00149&code=00101008224&supplier_code=00100005&order_time=2021-01-07 HTTP/1.1" 200 416
222.70.170.138 - - [07/Jan/2021:08:39:09 +0800] "GET /xingrg/all/function/internal_message.html?_=1609979947096&CODE_STATE=getMsg HTTP/1.1" 200 27
222.69.133.86 - - [07/Jan/2021:08:39:14 +0800] "POST /xingrg/kc/buy/cgsh_order_operate.html HTTP/1.1" 200 2065
222.69.133.86 - - [07/Jan/2021:08:39:19 +0800] "GET /xingrg/kc/buy/cgsh_order_operate.html?command=get_materiel&rest_code=00149&code=00101008064&supplier_code=00100005&order_time=2021-01-07 HTTP/1.1" 200 412
180.175.150.119 - - [07/Jan/2021:08:39:19 +0800] "GET /xingrg/check_reg.html?_=1609980194396 HTTP/1.1" 200 22
180.175.150.119 - - [07/Jan/2021:08:39:19 +0800] "GET /xingrg/all/function/internal_message.html?_=1609980194911&CODE_STATE=getMsg HTTP/1.1" 200 27
222.69.133.86 - - [07/Jan/2021:08:39:33 +0800] "GET /xingrg/kc/buy/cgsh_order_operate.html?command=get_materiel&rest_code=00149&code=00101008370&supplier_code=00100005&order_time=2021-01-07 HTTP/1.1" 200 412
172.17.0.123 - - [07/Jan/2021:08:39:36 +0800] "GET /xingrg/all/function/internal_message.html?_=1609979876234&CODE_STATE=getMsg HTTP/1.1" 200 27
58.221.95.50 - - [07/Jan/2021:08:39:46 +0800] "GET /xingrg/check_reg.html?_=1609979984464 HTTP/1.1" 302 -
180.156.237.57 - - [07/Jan/2021:08:39:48 +0800] "GET /xingrg/check_reg.html?_=1609979964089 HTTP/1.1" 200 22
58.40.7.146 - - [07/Jan/2021:08:39:48 +0800] "GET /xingrg/all/function/internal_message.html?_=1609979985898&CODE_STATE=getMsg HTTP/1.1" 200 27
180.156.237.57 - - [07/Jan/2021:08:39:48 +0800] "GET /xingrg/all/function/internal_message.html?_=1609979964278&CODE_STATE=getMsg HTTP/1.1" 200 27
172.17.0.108 - - [07/Jan/2021:08:39:50 +0800] "GET /xingrg/all/function/internal_message.html?_=1609979989389&CODE_STATE=getMsg HTTP/1.1" 200 27
117.131.5.26 - - [07/Jan/2021:08:39:50 +0800] "GET /xingrg/all/function/internal_message.html?_=1609980331711&CODE_STATE=getMsg HTTP/1.1" 200 27
222.69.133.86 - - [07/Jan/2021:08:39:54 +0800] "GET /xingrg/all/function/internal_message.html?_=1609979992699&CODE_STATE=getMsg HTTP/1.1" 200 27
58.37.230.33 - - [07/Jan/2021:08:39:56 +0800] "GET /xingrg/all/function/internal_message.html?_=1609979557108&CODE_STATE=getMsg HTTP/1.1" 200 27
180.156.237.57 - - [07/Jan/2021:08:39:59 +0800] "GET /xingrg/all/function/internal_message.html?_=1609979997910&CODE_STATE=getMsg HTTP/1.1" 200 27
180.156.237.57 - - [07/Jan/2021:08:39:59 +0800] "GET /xingrg/check_reg.html?_=1609979997914 HTTP/1.1" 200 22
222.70.170.138 - - [07/Jan/2021:08:40:09 +0800] "GET /xingrg/all/function/internal_message.html?_=1609980007254&CODE_STATE=getMsg HTTP/1.1" 200 27
180.175.150.119 - - [07/Jan/2021:08:40:19 +0800] "GET /xingrg/all/function/internal_message.html?_=1609980254925&CODE_STATE=getMsg HTTP/1.1" 200 27
172.17.0.123 - - [07/Jan/2021:08:40:36 +0800] "GET /xingrg/all/function/internal_message.html?_=1609979936236&CODE_STATE=getMsg HTTP/1.1" 200 27
58.40.7.146 - - [07/Jan/2021:08:40:48 +0800] "GET /xingrg/all/function/internal_message.html?_=1609980045901&CODE_STATE=getMsg HTTP/1.1" 200 27
180.156.237.57 - - [07/Jan/2021:08:40:48 +0800] "GET /xingrg/all/function/internal_message.html?_=1609980024293&CODE_STATE=getMsg HTTP/1.1" 200 27
61.165.42.208 - - [07/Jan/2021:08:40:50 +0800] "GET /xingrg/index.html?sysBaseUrl=http%3A%2F%2F180.169.147.146%3A18081%2Fxingrg%2F&costTime=36×tamp=1585223203754 HTTP/1.1" 302 -
61.165.42.208 - - [07/Jan/2021:08:40:50 +0800] "GET /xingrg/login.html HTTP/1.1" 200 7641
172.17.0.108 - - [07/Jan/2021:08:40:50 +0800] "GET /xingrg/all/function/internal_message.html?_=1609980049380&CODE_STATE=getMsg HTTP/1.1" 200 27
172.17.0.108 - - [07/Jan/2021:08:40:50 +0800] "GET /xingrg/check_reg.html?_=1609980049383 HTTP/1.1" 200 22
117.131.5.26 - - [07/Jan/2021:08:40:50 +0800] "GET /xingrg/all/function/internal_message.html?_=1609980391711&CODE_STATE=getMsg HTTP/1.1" 200 27
180.175.150.119 - - [07/Jan/2021:08:40:51 +0800] "POST /xingrg/kc/buy/cgsh_order_operate.html HTTP/1.1" 200 37
180.175.150.119 - - [07/Jan/2021:08:40:52 +0800] "POST /xingrg/kc/buy/cgsh_order_operate.html HTTP/1.1" 200 13923
61.165.42.208 - - [07/Jan/2021:08:40:52 +0800] "GET /favicon.ico HTTP/1.1" 404 -
222.69.133.86 - - [07/Jan/2021:08:40:54 +0800] "GET /xingrg/all/function/internal_message.html?_=1609980052687&CODE_STATE=getMsg HTTP/1.1" 200 27
61.165.42.208 - - [07/Jan/2021:08:40:55 +0800] "POST /xingrg/login.do HTTP/1.1" 200 2421
61.165.42.208 - - [07/Jan/2021:08:40:55 +0800] "GET /favicon.ico HTTP/1.1" 404 -
58.37.230.33 - - [07/Jan/2021:08:40:56 +0800] "GET /xingrg/all/function/internal_message.html?_=1609979617118&CODE_STATE=getMsg HTTP/1.1" 200 27
61.165.42.208 - - [07/Jan/2021:08:40:57 +0800] "GET /xingrg/login.html HTTP/1.1" 200 7641
61.165.42.208 - - [07/Jan/2021:08:40:57 +0800] "GET /favicon.ico HTTP/1.1" 404 -
61.165.42.208 - - [07/Jan/2021:08:40:58 +0800] "POST /xingrg/login.do HTTP/1.1" 302 -
61.165.42.208 - - [07/Jan/2021:08:40:58 +0800] "GET /xingrg/index.html?sysBaseUrl=http%3A%2F%2F180.169.147.146%3A18081%2Fxingrg%2F&costTime=42×tamp=1609980058528 HTTP/1.1" 200 17173
61.165.42.208 - - [07/Jan/2021:08:40:59 +0800] "GET /favicon.ico HTTP/1.1" 404 -
61.165.42.208 - - [07/Jan/2021:08:40:59 +0800] "POST /xingrg/all/common/load_tree.html?tree=area_rest_tree_json&manage=1 HTTP/1.1" 200 3344
180.156.237.57 - - [07/Jan/2021:08:40:59 +0800] "GET /xingrg/all/function/internal_message.html?_=1609980057904&CODE_STATE=getMsg HTTP/1.1" 200 27
61.165.42.208 - - [07/Jan/2021:08:40:59 +0800] "GET /xingrg/all/function/internal_message.html?_=1609980060633&CODE_STATE=count HTTP/1.1" 200 11
61.165.42.208 - - [07/Jan/2021:08:40:59 +0800] "GET /xingrg/check_reg.html?_=1609980060634 HTTP/1.1" 200 22
61.165.42.208 - - [07/Jan/2021:08:40:59 +0800] "POST /xingrg/load_menu.html HTTP/1.1" 200 5138
61.165.42.208 - - [07/Jan/2021:08:41:02 +0800] "GET /xingrg/kc/buy/cgsh_order_list.html HTTP/1.1" 200 45641
61.165.42.208 - - [07/Jan/2021:08:41:04 +0800] "POST /xingrg/kc/buy/cgsh_list_operate.html HTTP/1.1" 200 876
61.165.42.208 - - [07/Jan/2021:08:41:05 +0800] "GET /xingrg/kc/buy/cgsh_order_add.html HTTP/1.1" 200 61425
61.165.42.208 - - [07/Jan/2021:08:41:05 +0800] "GET /xingrg/words/20210106174557_words.js HTTP/1.1" 304 -
61.165.42.208 - - [07/Jan/2021:08:41:06 +0800] "GET /xingrg/all/common/auto_word.html?type=employee&rest_code=00105 HTTP/1.1" 200 193
61.165.42.208 - - [07/Jan/2021:08:41:06 +0800] "GET /xingrg/javascript/easyui/themes/default/validatebox.css HTTP/1.1" 404 1104
61.165.42.208 - - [07/Jan/2021:08:41:06 +0800] "GET /xingrg/all/common/auto_word.html?type=employee&rest_code=00105 HTTP/1.1" 200 193
61.165.42.208 - - [07/Jan/2021:08:41:06 +0800] "POST /xingrg/kc/buy/cgsh_order_operate.html HTTP/1.1" 200 8245
61.165.42.208 - - [07/Jan/2021:08:41:07 +0800] "GET /xingrg/javascript/auto/indicator.gif HTTP/1.1" 404 1066
222.70.170.138 - - [07/Jan/2021:08:41:09 +0800] "GET /xingrg/all/function/internal_message.html?_=1609980067263&CODE_STATE=getMsg HTTP/1.1" 200 27
180.175.150.119 - - [07/Jan/2021:08:41:19 +0800] "GET /xingrg/all/function/internal_message.html?_=1609980314938&CODE_STATE=getMsg HTTP/1.1" 200 27
172.17.0.123 - - [07/Jan/2021:08:41:36 +0800] "GET /xingrg/all/function/internal_message.html?_=1609979996238&CODE_STATE=getMsg HTTP/1.1" 200 27
58.40.7.146 - - [07/Jan/2021:08:41:48 +0800] "GET /xingrg/check_reg.html?_=1609980105890 HTTP/1.1" 200 22
58.40.7.146 - - [07/Jan/2021:08:41:48 +0800] "GET /xingrg/all/function/internal_message.html?_=1609980105891&CODE_STATE=getMsg HTTP/1.1" 200 27
180.156.237.57 - - [07/Jan/2021:08:41:48 +0800] "GET /xingrg/all/function/internal_message.html?_=1609980084306&CODE_STATE=getMsg HTTP/1.1" 200 27
117.131.5.26 - - [07/Jan/2021:08:41:48 +0800] "GET /xingrg/check_reg.html?_=1609980449532 HTTP/1.1" 200 22
180.175.150.119 - - [07/Jan/2021:08:41:50 +0800] "POST /xingrg/kc/buy/cgsh_order_operate.html HTTP/1.1" 200 12
172.17.0.108 - - [07/Jan/2021:08:41:50 +0800] "GET /xingrg/all/function/internal_message.html?_=1609980109386&CODE_STATE=getMsg HTTP/1.1" 200 27
117.131.5.26 - - [07/Jan/2021:08:41:50 +0800] "GET /xingrg/all/function/internal_message.html?_=1609980451726&CODE_STATE=getMsg HTTP/1.1" 200 27
222.69.133.86 - - [07/Jan/2021:08:41:54 +0800] "GET /xingrg/all/function/internal_message.html?_=1609980112687&CODE_STATE=getMsg HTTP/1.1" 200 27
180.175.150.119 - - [07/Jan/2021:08:41:55 +0800] "POST /xingrg/kc/buy/cgsh_list_operate.html HTTP/1.1" 200 876
58.37.230.33 - - [07/Jan/2021:08:41:56 +0800] "GET /xingrg/all/function/internal_message.html?_=1609979677098&CODE_STATE=getMsg HTTP/1.1" 200 27
61.165.42.208 - - [07/Jan/2021:08:41:57 +0800] "GET /xingrg/kc/buy/cgsh_order_list.html HTTP/1.1" 200 45641
61.165.42.208 - - [07/Jan/2021:08:41:58 +0800] "POST /xingrg/kc/buy/cgsh_list_operate.html HTTP/1.1" 200 876
180.175.150.119 - - [07/Jan/2021:08:41:58 +0800] "GET /xingrg/kc/buy/cgsh_order_add.html HTTP/1.1" 200 61337
180.175.150.119 - - [07/Jan/2021:08:41:59 +0800] "POST /xingrg/kc/buy/cgsh_order_operate.html HTTP/1.1" 200 8245
180.156.237.57 - - [07/Jan/2021:08:41:59 +0800] "GET /xingrg/all/function/internal_message.html?_=1609980117917&CODE_STATE=getMsg HTTP/1.1" 200 27
61.165.42.208 - - [07/Jan/2021:08:41:59 +0800] "GET /xingrg/all/function/internal_message.html?_=1609980120655&CODE_STATE=getMsg HTTP/1.1" 200 27
180.175.150.119 - - [07/Jan/2021:08:41:59 +0800] "GET /xingrg/javascript/easyui/themes/default/validatebox.css HTTP/1.1" 404 1104
61.165.42.208 - - [07/Jan/2021:08:42:00 +0800] "GET /xingrg/kc/buy/cgsh_order_add.html HTTP/1.1" 200 61425
180.175.150.119 - - [07/Jan/2021:08:42:00 +0800] "GET /xingrg/javascript/jquery_easy_ui/themes/default/images/tabs_active.png HTTP/1.1" 304 -
61.165.42.208 - - [07/Jan/2021:08:42:00 +0800] "POST /xingrg/kc/buy/cgsh_order_operate.html HTTP/1.1" 200 8245
61.165.42.208 - - [07/Jan/2021:08:42:00 +0800] "GET /xingrg/javascript/easyui/themes/default/validatebox.css HTTP/1.1" 404 1104
180.175.150.119 - - [07/Jan/2021:08:42:02 +0800] "POST /xingrg/kc/buy/cgsh_list_operate.html HTTP/1.1" 200 876
222.70.170.138 - - [07/Jan/2021:08:42:09 +0800] "GET /xingrg/check_reg.html?_=1609980126527 HTTP/1.1" 200 22
222.70.170.138 - - [07/Jan/2021:08:42:09 +0800] "GET /xingrg/all/function/internal_message.html?_=1609980127277&CODE_STATE=getMsg HTTP/1.1" 200 27
61.165.42.208 - - [07/Jan/2021:08:42:09 +0800] "GET /xingrg/kc/buy/cgsh_order_operate.html?command=get_materiel&rest_code=00105&code=00101008229&supplier_code=00100203&order_time=2021-01-07 HTTP/1.1" 200 420
180.175.150.119 - - [07/Jan/2021:08:42:13 +0800] "POST /xingrg/kc/buy/cgsh_list_operate.html HTTP/1.1" 200 876
180.175.150.119 - - [07/Jan/2021:08:42:19 +0800] "GET /xingrg/all/function/internal_message.html?_=1609980374952&CODE_STATE=getMsg HTTP/1.1" 200 27
180.175.150.119 - - [07/Jan/2021:08:42:21 +0800] "POST /xingrg/kc/buy/cgsh_list_operate.html HTTP/1.1" 200 5829
61.165.42.208 - - [07/Jan/2021:08:42:21 +0800] "GET /xingrg/kc/buy/cgsh_order_operate.html?command=get_materiel&rest_code=00105&code=00101008354&supplier_code=00100203&order_time=2021-01-07 HTTP/1.1" 200 412
180.175.150.119 - - [07/Jan/2021:08:42:26 +0800] "GET /xingrg/kc/buy/cgsh_order_add.html HTTP/1.1" 200 61337
180.175.150.119 - - [07/Jan/2021:08:42:26 +0800] "POST /xingrg/kc/buy/cgsh_order_operate.html HTTP/1.1" 200 8245
180.175.150.119 - - [07/Jan/2021:08:42:27 +0800] "GET /xingrg/javascript/easyui/themes/default/validatebox.css HTTP/1.1" 404 1104
61.165.42.208 - - [07/Jan/2021:08:42:32 +0800] "GET /xingrg/kc/buy/cgsh_order_operate.html?command=get_materiel&rest_code=00105&code=00101008026&supplier_code=00100203&order_time=2021-01-07 HTTP/1.1" 200 409
172.17.0.123 - - [07/Jan/2021:08:42:36 +0800] "GET /xingrg/check_reg.html?_=1609980056240 HTTP/1.1" 200 22
172.17.0.123 - - [07/Jan/2021:08:42:36 +0800] "GET /xingrg/all/function/internal_message.html?_=1609980056242&CODE_STATE=getMsg HTTP/1.1" 200 27
61.165.42.208 - - [07/Jan/2021:08:42:38 +0800] "GET /xingrg/kc/buy/cgsh_order_operate.html?command=get_materiel&rest_code=00105&code=00101008312&supplier_code=00100203&order_time=2021-01-07 HTTP/1.1" 200 412
61.165.42.208 - - [07/Jan/2021:08:42:46 +0800] "GET /xingrg/kc/buy/cgsh_order_operate.html?command=get_materiel&rest_code=00105&code=00101008096&supplier_code=00100203&order_time=2021-01-07 HTTP/1.1" 200 413
58.40.7.146 - - [07/Jan/2021:08:42:48 +0800] "GET /xingrg/all/function/internal_message.html?_=1609980165893&CODE_STATE=getMsg HTTP/1.1" 200 27
180.156.237.57 - - [07/Jan/2021:08:42:48 +0800] "GET /xingrg/all/function/internal_message.html?_=1609980144353&CODE_STATE=getMsg HTTP/1.1" 200 27
172.17.0.108 - - [07/Jan/2021:08:42:50 +0800] "GET /xingrg/all/function/internal_message.html?_=1609980169392&CODE_STATE=getMsg HTTP/1.1" 200 27
117.131.5.26 - - [07/Jan/2021:08:42:50 +0800] "GET /xingrg/all/function/internal_message.html?_=1609980511743&CODE_STATE=getMsg HTTP/1.1" 200 27
61.165.42.208 - - [07/Jan/2021:08:42:52 +0800] "GET /xingrg/kc/buy/cgsh_order_operate.html?command=get_materiel&rest_code=00105&code=00101008088&supplier_code=00100203&order_time=2021-01-07 HTTP/1.1" 200 409
222.69.133.86 - - [07/Jan/2021:08:42:54 +0800] "GET /xingrg/all/function/internal_message.html?_=1609980172691&CODE_STATE=getMsg HTTP/1.1" 200 27
222.69.133.86 - - [07/Jan/2021:08:42:54 +0800] "GET /xingrg/check_reg.html?_=1609980172695 HTTP/1.1" 200 22
58.37.230.33 - - [07/Jan/2021:08:42:56 +0800] "GET /xingrg/all/function/internal_message.html?_=1609979737066&CODE_STATE=getMsg HTTP/1.1" 200 27
180.156.237.57 - - [07/Jan/2021:08:42:59 +0800] "GET /xingrg/all/function/internal_message.html?_=1609980177918&CODE_STATE=getMsg HTTP/1.1" 200 27
61.165.42.208 - - [07/Jan/2021:08:42:59 +0800] "GET /xingrg/all/function/internal_message.html?_=1609980180674&CODE_STATE=getMsg HTTP/1.1" 200 27
61.165.42.208 - - [07/Jan/2021:08:43:03 +0800] "GET /xingrg/kc/buy/cgsh_order_operate.html?command=get_materiel&rest_code=00105&code=00101008211&supplier_code=00100203&order_time=2021-01-07 HTTP/1.1" 200 412
172.17.0.185 - - [07/Jan/2021:08:43:05 +0800] "GET /xingrg/check_reg.html?_=1609980181939 HTTP/1.1" 200 22
61.165.42.208 - - [07/Jan/2021:08:43:09 +0800] "GET /xingrg/kc/buy/cgsh_order_operate.html?command=get_materiel&rest_code=00105&code=00101008355&supplier_code=00100203&order_time=2021-01-07 HTTP/1.1" 200 408
222.70.170.138 - - [07/Jan/2021:08:43:09 +0800] "GET /xingrg/all/function/internal_message.html?_=1609980187290&CODE_STATE=getMsg HTTP/1.1" 200 27
61.165.42.208 - - [07/Jan/2021:08:43:14 +0800] "GET /xingrg/kc/buy/cgsh_order_operate.html?command=get_materiel&rest_code=00105&code=00101008264&supplier_code=00100203&order_time=2021-01-07 HTTP/1.1" 200 412
180.175.150.119 - - [07/Jan/2021:08:43:19 +0800] "GET /xingrg/all/function/internal_message.html?_=1609980434965&CODE_STATE=getMsg HTTP/1.1" 200 27
61.165.42.208 - - [07/Jan/2021:08:43:23 +0800] "GET /xingrg/kc/buy/cgsh_order_operate.html?command=get_materiel&rest_code=00105&code=00101008196&supplier_code=00100203&order_time=2021-01-07 HTTP/1.1" 200 416
58.37.230.33 - - [07/Jan/2021:08:43:27 +0800] "GET /xingrg/check_reg.html?_=1609979768536 HTTP/1.1" 200 22
61.165.42.208 - - [07/Jan/2021:08:43:34 +0800] "GET /xingrg/kc/buy/cgsh_order_operate.html?command=get_materiel&rest_code=00105&code=00101008357&supplier_code=00100203&order_time=2021-01-07 HTTP/1.1" 200 408
222.69.133.86 - - [07/Jan/2021:08:43:34 +0800] "GET /xingrg/kc/buy/cgsh_order_operate.html?command=get_materiel&rest_code=00149&code=00101008201&supplier_code=00100005&order_time=2021-01-07 HTTP/1.1" 200 412
172.17.0.123 - - [07/Jan/2021:08:43:36 +0800] "GET /xingrg/all/function/internal_message.html?_=1609980116226&CODE_STATE=getMsg HTTP/1.1" 200 27
61.165.42.208 - - [07/Jan/2021:08:43:40 +0800] "GET /xingrg/kc/buy/cgsh_order_operate.html?command=get_materiel&rest_code=00105&code=00101008036&supplier_code=00100203&order_time=2021-01-07 HTTP/1.1" 200 408
61.165.42.208 - - [07/Jan/2021:08:43:46 +0800] "GET /xingrg/kc/buy/cgsh_order_operate.html?command=get_materiel&rest_code=00105&code=00101008286&supplier_code=00100203&order_time=2021-01-07 HTTP/1.1" 200 408
58.40.7.146 - - [07/Jan/2021:08:43:48 +0800] "GET /xingrg/all/function/internal_message.html?_=1609980225896&CODE_STATE=getMsg HTTP/1.1" 200 27
180.156.237.57 - - [07/Jan/2021:08:43:48 +0800] "GET /xingrg/all/function/internal_message.html?_=1609980204365&CODE_STATE=getMsg HTTP/1.1" 200 27
222.69.133.86 - - [07/Jan/2021:08:43:48 +0800] "GET /xingrg/kc/buy/cgsh_order_operate.html?command=get_materiel&rest_code=00149&code=00101008126&supplier_code=00100005&order_time=2021-01-07 HTTP/1.1" 200 412
172.17.0.108 - - [07/Jan/2021:08:43:50 +0800] "GET /xingrg/all/function/internal_message.html?_=1609980229386&CODE_STATE=getMsg HTTP/1.1" 200 27
117.131.5.26 - - [07/Jan/2021:08:43:50 +0800] "GET /xingrg/all/function/internal_message.html?_=1609980571755&CODE_STATE=getMsg HTTP/1.1" 200 27
180.175.150.119 - - [07/Jan/2021:08:43:52 +0800] "GET /xingrg/kc/buy/cgsh_order_operate.html?command=get_materiel&rest_code=00102&code=00101015054&supplier_code=00100096&order_time=2021-01-07 HTTP/1.1" 200 423
61.165.42.208 - - [07/Jan/2021:08:43:52 +0800] "POST /xingrg/kc/buy/cgsh_order_operate.html HTTP/1.1" 200 2065
61.165.42.208 - - [07/Jan/2021:08:43:54 +0800] "POST /xingrg/kc/buy/cgsh_order_operate.html HTTP/1.1" 200 2065
222.69.133.86 - - [07/Jan/2021:08:43:54 +0800] "GET /xingrg/all/function/internal_message.html?_=1609980232697&CODE_STATE=getMsg HTTP/1.1" 200 27
58.37.230.33 - - [07/Jan/2021:08:43:56 +0800] "GET /xingrg/all/function/internal_message.html?_=1609979797038&CODE_STATE=getMsg HTTP/1.1" 200 27
180.156.237.57 - - [07/Jan/2021:08:43:59 +0800] "GET /xingrg/all/function/internal_message.html?_=1609980237913&CODE_STATE=getMsg HTTP/1.1" 200 27
61.165.42.208 - - [07/Jan/2021:08:43:59 +0800] "GET /xingrg/all/function/internal_message.html?_=1609980240640&CODE_STATE=getMsg HTTP/1.1" 200 27
222.69.133.86 - - [07/Jan/2021:08:43:59 +0800] "GET /xingrg/kc/buy/cgsh_order_operate.html?command=get_materiel&rest_code=00149&code=00101008361&supplier_code=00100005&order_time=2021-01-07 HTTP/1.1" 200 408
61.165.42.208 - - [07/Jan/2021:08:44:00 +0800] "GET /xingrg/kc/buy/cgsh_order_operate.html?command=get_materiel&rest_code=00105&code=00101008131&supplier_code=00100203&order_time=2021-01-07 HTTP/1.1" 200 408
61.165.42.208 - - [07/Jan/2021:08:44:07 +0800] "GET /xingrg/kc/buy/cgsh_order_operate.html?command=get_materiel&rest_code=00105&code=00101008108&supplier_code=00100203&order_time=2021-01-07 HTTP/1.1" 200 412
222.70.170.138 - - [07/Jan/2021:08:44:09 +0800] "GET /xingrg/all/function/internal_message.html?_=1609980247304&CODE_STATE=getMsg HTTP/1.1" 200 27
61.165.42.208 - - [07/Jan/2021:08:44:13 +0800] "GET /xingrg/kc/buy/cgsh_order_operate.html?command=get_materiel&rest_code=00105&code=00101008318&supplier_code=00100203&order_time=2021-01-07 HTTP/1.1" 200 408
180.175.150.119 - - [07/Jan/2021:08:44:19 +0800] "GET /xingrg/check_reg.html?_=1609980494403 HTTP/1.1" 200 22
61.165.42.208 - - [07/Jan/2021:08:44:19 +0800] "GET /xingrg/kc/buy/cgsh_order_operate.html?command=get_materiel&rest_code=00105&code=00101008352&supplier_code=00100203&order_time=2021-01-07 HTTP/1.1" 200 412
180.175.150.119 - - [07/Jan/2021:08:44:19 +0800] "GET /xingrg/all/function/internal_message.html?_=1609980494980&CODE_STATE=getMsg HTTP/1.1" 200 27
61.165.42.208 - - [07/Jan/2021:08:44:28 +0800] "GET /xingrg/kc/buy/cgsh_order_operate.html?command=get_materiel&rest_code=00105&code=00101008005&supplier_code=00100203&order_time=2021-01-07 HTTP/1.1" 200 412
172.17.0.123 - - [07/Jan/2021:08:44:36 +0800] "GET /xingrg/all/function/internal_message.html?_=1609980176230&CODE_STATE=getMsg HTTP/1.1" 200 27
61.165.42.208 - - [07/Jan/2021:08:44:36 +0800] "GET /xingrg/kc/buy/cgsh_order_operate.html?command=get_materiel&rest_code=00105&code=00101008353&supplier_code=00100203&order_time=2021-01-07 HTTP/1.1" 200 408
61.165.42.208 - - [07/Jan/2021:08:44:44 +0800] "GET /xingrg/kc/buy/cgsh_order_operate.html?command=get_materiel&rest_code=00105&code=00101008213&supplier_code=00100203&order_time=2021-01-07 HTTP/1.1" 200 412
58.221.95.50 - - [07/Jan/2021:08:44:46 +0800] "GET /xingrg/check_reg.html?_=1609980284446 HTTP/1.1" 302 -
180.156.237.57 - - [07/Jan/2021:08:44:48 +0800] "GET /xingrg/check_reg.html?_=1609980264117 HTTP/1.1" 200 22
58.40.7.146 - - [07/Jan/2021:08:44:48 +0800] "GET /xingrg/all/function/internal_message.html?_=1609980285898&CODE_STATE=getMsg HTTP/1.1" 200 27
180.156.237.57 - - [07/Jan/2021:08:44:48 +0800] "GET /xingrg/all/function/internal_message.html?_=1609980264378&CODE_STATE=getMsg HTTP/1.1" 200 27
172.17.0.108 - - [07/Jan/2021:08:44:50 +0800] "GET /xingrg/all/function/internal_message.html?_=1609980289396&CODE_STATE=getMsg HTTP/1.1" 200 27
117.131.5.26 - - [07/Jan/2021:08:44:51 +0800] "GET /xingrg/all/function/internal_message.html?_=1609980631946&CODE_STATE=getMsg HTTP/1.1" 200 27
61.165.42.208 - - [07/Jan/2021:08:44:52 +0800] "GET /xingrg/kc/buy/cgsh_order_operate.html?command=get_materiel&rest_code=00105&code=00101008298&supplier_code=00100203&order_time=2021-01-07 HTTP/1.1" 200 413
222.69.133.86 - - [07/Jan/2021:08:44:54 +0800] "GET /xingrg/all/function/internal_message.html?_=1609980292708&CODE_STATE=getMsg HTTP/1.1" 200 27
58.37.230.33 - - [07/Jan/2021:08:44:56 +0800] "GET /xingrg/all/function/internal_message.html?_=1609979857007&CODE_STATE=getMsg HTTP/1.1" 200 27
61.165.42.208 - - [07/Jan/2021:08:44:58 +0800] "GET /xingrg/kc/buy/cgsh_order_operate.html?command=get_materiel&rest_code=00105&code=00101008105&supplier_code=00100203&order_time=2021-01-07 HTTP/1.1" 200 412
180.156.237.57 - - [07/Jan/2021:08:44:59 +0800] "GET /xingrg/all/function/internal_message.html?_=1609980297915&CODE_STATE=getMsg HTTP/1.1" 200 27
180.156.237.57 - - [07/Jan/2021:08:44:59 +0800] "GET /xingrg/check_reg.html?_=1609980297920 HTTP/1.1" 200 22
61.165.42.208 - - [07/Jan/2021:08:44:59 +0800] "GET /xingrg/all/function/internal_message.html?_=1609980300643&CODE_STATE=getMsg HTTP/1.1" 200 27
180.175.150.119 - - [07/Jan/2021:08:45:03 +0800] "POST /xingrg/kc/buy/cgsh_order_operate.html HTTP/1.1" 200 37
180.175.150.119 - - [07/Jan/2021:08:45:05 +0800] "POST /xingrg/kc/buy/cgsh_order_operate.html HTTP/1.1" 200 7988
180.156.237.57 - - [07/Jan/2021:08:45:09 +0800] "GET /xingrg/kc/buy/cgsh_order_list.html HTTP/1.1" 200 45645
222.70.170.138 - - [07/Jan/2021:08:45:10 +0800] "GET /xingrg/all/function/internal_message.html?_=1609980307445&CODE_STATE=getMsg HTTP/1.1" 200 27
180.175.150.119 - - [07/Jan/2021:08:45:10 +0800] "GET /xingrg/kc/buy/cgsh_order_add.html HTTP/1.1" 200 61337
180.156.237.57 - - [07/Jan/2021:08:45:11 +0800] "POST /xingrg/kc/buy/cgsh_list_operate.html HTTP/1.1" 200 1688
180.175.150.119 - - [07/Jan/2021:08:45:12 +0800] "POST /xingrg/kc/buy/cgsh_order_operate.html HTTP/1.1" 200 8245
180.175.150.119 - - [07/Jan/2021:08:45:12 +0800] "GET /xingrg/javascript/easyui/themes/default/validatebox.css HTTP/1.1" 404 1104
61.165.42.208 - - [07/Jan/2021:08:45:12 +0800] "GET /xingrg/kc/buy/cgsh_order_operate.html?command=get_materiel&rest_code=00105&code=00101008119&supplier_code=00100203&order_time=2021-01-07 HTTP/1.1" 200 412
180.156.237.57 - - [07/Jan/2021:08:45:14 +0800] "GET /xingrg/kc/buy/cgsh_order_add.html HTTP/1.1" 200 61020
180.156.237.57 - - [07/Jan/2021:08:45:14 +0800] "POST /xingrg/kc/buy/cgsh_order_operate.html HTTP/1.1" 200 8245
180.156.237.57 - - [07/Jan/2021:08:45:14 +0800] "GET /xingrg/javascript/easyui/themes/default/validatebox.css HTTP/1.1" 404 1104
180.175.150.119 - - [07/Jan/2021:08:45:20 +0800] "GET /xingrg/all/function/internal_message.html?_=1609980554993&CODE_STATE=getMsg HTTP/1.1" 200 27
61.165.42.208 - - [07/Jan/2021:08:45:23 +0800] "GET /xingrg/kc/buy/cgsh_order_operate.html?command=get_materiel&rest_code=00105&code=00101008197&supplier_code=00100203&order_time=2021-01-07 HTTP/1.1" 200 416
61.165.42.208 - - [07/Jan/2021:08:45:31 +0800] "GET /xingrg/kc/buy/cgsh_order_operate.html?command=get_materiel&rest_code=00105&code=00101016122&supplier_code=00100203&order_time=2021-01-07 HTTP/1.1" 200 395
172.17.0.123 - - [07/Jan/2021:08:45:36 +0800] "GET /xingrg/all/function/internal_message.html?_=1609980236230&CODE_STATE=getMsg HTTP/1.1" 200 27
61.165.42.208 - - [07/Jan/2021:08:45:46 +0800] "GET /xingrg/kc/buy/cgsh_order_operate.html?command=get_materiel&rest_code=00105&code=00101008330&supplier_code=00100203&order_time=2021-01-07 HTTP/1.1" 200 408
58.40.7.146 - - [07/Jan/2021:08:45:48 +0800] "GET /xingrg/all/function/internal_message.html?_=1609980345901&CODE_STATE=getMsg HTTP/1.1" 200 27
180.156.237.57 - - [07/Jan/2021:08:45:48 +0800] "GET /xingrg/all/function/internal_message.html?_=1609980324391&CODE_STATE=getMsg HTTP/1.1" 200 27
61.165.42.208 - - [07/Jan/2021:08:45:48 +0800] "POST /xingrg/kc/buy/cgsh_order_operate.html HTTP/1.1" 200 2065
61.165.42.208 - - [07/Jan/2021:08:45:50 +0800] "POST /xingrg/kc/buy/cgsh_order_operate.html HTTP/1.1" 200 2065
172.17.0.108 - - [07/Jan/2021:08:45:50 +0800] "GET /xingrg/check_reg.html?_=1609980349384 HTTP/1.1" 200 22
172.17.0.108 - - [07/Jan/2021:08:45:50 +0800] "GET /xingrg/all/function/internal_message.html?_=1609980349389&CODE_STATE=getMsg HTTP/1.1" 200 27
117.131.5.26 - - [07/Jan/2021:08:45:51 +0800] "GET /xingrg/all/function/internal_message.html?_=1609980691950&CODE_STATE=getMsg HTTP/1.1" 200 27
222.69.133.86 - - [07/Jan/2021:08:45:51 +0800] "POST /xingrg/kc/buy/cgsh_order_operate.html HTTP/1.1" 200 2065
222.69.133.86 - - [07/Jan/2021:08:45:54 +0800] "GET /xingrg/all/function/internal_message.html?_=1609980352695&CODE_STATE=getMsg HTTP/1.1" 200 27
58.37.230.33 - - [07/Jan/2021:08:45:55 +0800] "GET /xingrg/all/function/internal_message.html?_=1609979916976&CODE_STATE=getMsg HTTP/1.1" 200 27
61.165.42.208 - - [07/Jan/2021:08:45:59 +0800] "GET /xingrg/check_reg.html?_=1609980360642 HTTP/1.1" 200 22
61.165.42.208 - - [07/Jan/2021:08:45:59 +0800] "GET /xingrg/all/function/internal_message.html?_=1609980360643&CODE_STATE=getMsg HTTP/1.1" 200 27
180.156.237.57 - - [07/Jan/2021:08:45:59 +0800] "GET /xingrg/all/function/internal_message.html?_=1609980357968&CODE_STATE=getMsg HTTP/1.1" 200 27
61.165.42.208 - - [07/Jan/2021:08:45:59 +0800] "GET /xingrg/kc/buy/cgsh_order_operate.html?command=get_materiel&rest_code=00105&code=00101008234&supplier_code=00100203&order_time=2021-01-07 HTTP/1.1" 200 408
222.69.133.86 - - [07/Jan/2021:08:46:00 +0800] "GET /xingrg/kc/buy/cgsh_order_operate.html?command=get_materiel&rest_code=00149&code=00101008355&supplier_code=00100005&order_time=2021-01-07 HTTP/1.1" 200 408
61.165.42.208 - - [07/Jan/2021:08:46:07 +0800] "GET /xingrg/kc/buy/cgsh_order_operate.html?command=get_materiel&rest_code=00105&code=00101008112&supplier_code=00100203&order_time=2021-01-07 HTTP/1.1" 200 412
222.70.170.138 - - [07/Jan/2021:08:46:10 +0800] "GET /xingrg/all/function/internal_message.html?_=1609980367456&CODE_STATE=getMsg HTTP/1.1" 200 27
222.69.133.86 - - [07/Jan/2021:08:46:12 +0800] "GET /xingrg/kc/buy/cgsh_order_operate.html?command=get_materiel&rest_code=00149&code=00101008372&supplier_code=00100005&order_time=2021-01-07 HTTP/1.1" 200 408
61.165.42.208 - - [07/Jan/2021:08:46:19 +0800] "GET /xingrg/kc/buy/cgsh_order_operate.html?command=get_materiel&rest_code=00105&code=00101008010&supplier_code=00100203&order_time=2021-01-07 HTTP/1.1" 200 412
180.175.150.119 - - [07/Jan/2021:08:46:20 +0800] "GET /xingrg/all/function/internal_message.html?_=1609980615007&CODE_STATE=getMsg HTTP/1.1" 200 27
61.165.42.208 - - [07/Jan/2021:08:46:24 +0800] "GET /xingrg/kc/buy/cgsh_order_operate.html?command=get_materiel&rest_code=00105&code=00101008306&supplier_code=00100203&order_time=2021-01-07 HTTP/1.1" 200 412
222.69.133.86 - - [07/Jan/2021:08:46:28 +0800] "GET /xingrg/kc/buy/cgsh_order_operate.html?command=get_materiel&rest_code=00149&code=00101008264&supplier_code=00100005&order_time=2021-01-07 HTTP/1.1" 200 412
61.165.42.208 - - [07/Jan/2021:08:46:31 +0800] "GET /xingrg/kc/buy/cgsh_order_operate.html?command=get_materiel&rest_code=00105&code=00101008186&supplier_code=00100203&order_time=2021-01-07 HTTP/1.1" 200 408
172.17.0.123 - - [07/Jan/2021:08:46:36 +0800] "GET /xingrg/all/function/internal_message.html?_=1609980296232&CODE_STATE=getMsg HTTP/1.1" 200 27
222.69.133.86 - - [07/Jan/2021:08:46:38 +0800] "GET /xingrg/kc/buy/cgsh_order_operate.html?command=get_materiel&rest_code=00149&code=00101008321&supplier_code=00100005&order_time=2021-01-07 HTTP/1.1" 200 412
61.165.42.208 - - [07/Jan/2021:08:46:42 +0800] "GET /xingrg/kc/buy/cgsh_order_operate.html?command=get_materiel&rest_code=00105&code=00101008038&supplier_code=00100203&order_time=2021-01-07 HTTP/1.1" 200 412
58.40.7.146 - - [07/Jan/2021:08:46:48 +0800] "GET /xingrg/check_reg.html?_=1609980405905 HTTP/1.1" 200 22
58.40.7.146 - - [07/Jan/2021:08:46:48 +0800] "GET /xingrg/all/function/internal_message.html?_=1609980405906&CODE_STATE=getMsg HTTP/1.1" 200 27
180.156.237.57 - - [07/Jan/2021:08:46:48 +0800] "GET /xingrg/all/function/internal_message.html?_=1609980384404&CODE_STATE=getMsg HTTP/1.1" 200 27
117.131.5.26 - - [07/Jan/2021:08:46:48 +0800] "GET /xingrg/check_reg.html?_=1609980749692 HTTP/1.1" 200 22
172.17.0.108 - - [07/Jan/2021:08:46:50 +0800] "GET /xingrg/all/function/internal_message.html?_=1609980409391&CODE_STATE=getMsg HTTP/1.1" 200 27
61.165.42.208 - - [07/Jan/2021:08:46:50 +0800] "GET /xingrg/kc/buy/cgsh_order_operate.html?command=get_materiel&rest_code=00105&code=00101008358&supplier_code=00100203&order_time=2021-01-07 HTTP/1.1" 200 412
117.131.5.26 - - [07/Jan/2021:08:46:51 +0800] "GET /xingrg/all/function/internal_message.html?_=1609980751964&CODE_STATE=getMsg HTTP/1.1" 200 27
222.69.133.86 - - [07/Jan/2021:08:46:54 +0800] "GET /xingrg/all/function/internal_message.html?_=1609980412696&CODE_STATE=getMsg HTTP/1.1" 200 27
58.37.230.33 - - [07/Jan/2021:08:46:55 +0800] "GET /xingrg/all/function/internal_message.html?_=1609979976944&CODE_STATE=getMsg HTTP/1.1" 200 27
222.69.133.86 - - [07/Jan/2021:08:46:56 +0800] "GET /xingrg/kc/buy/cgsh_order_operate.html?command=get_materiel&rest_code=00149&code=00101008356&supplier_code=00100005&order_time=2021-01-07 HTTP/1.1" 200 408
114.88.169.67 - - [07/Jan/2021:08:46:58 +0800] "GET /xingrg/index.html?sysBaseUrl=http%3A%2F%2F180.169.147.146%3A18081%2Fxingrg%2F&costTime=74×tamp=1596510965499 HTTP/1.1" 302 -
114.88.169.67 - - [07/Jan/2021:08:46:58 +0800] "GET /xingrg/login.html HTTP/1.1" 200 7641
117.185.32.26 - - [07/Jan/2021:08:46:58 +0800] "GET /xingrg/login.html HTTP/1.1" 200 7641
114.88.169.67 - - [07/Jan/2021:08:46:59 +0800] "GET /favicon.ico HTTP/1.1" 404 -
180.156.237.57 - - [07/Jan/2021:08:46:59 +0800] "GET /xingrg/all/function/internal_message.html?_=1609980417924&CODE_STATE=getMsg HTTP/1.1" 200 27
61.165.42.208 - - [07/Jan/2021:08:46:59 +0800] "GET /xingrg/all/function/internal_message.html?_=1609980420644&CODE_STATE=getMsg HTTP/1.1" 200 27
114.88.169.67 - - [07/Jan/2021:08:47:00 +0800] "GET /favicon.ico HTTP/1.1" 404 -
222.69.133.86 - - [07/Jan/2021:08:47:00 +0800] "POST /xingrg/kc/buy/cgsh_order_operate.html HTTP/1.1" 200 2065
117.185.32.26 - - [07/Jan/2021:08:47:03 +0800] "GET /favicon.ico HTTP/1.1" 404 -
61.165.42.208 - - [07/Jan/2021:08:47:04 +0800] "GET /xingrg/kc/buy/cgsh_order_operate.html?command=get_materiel&rest_code=00105&code=00101008051&supplier_code=00100203&order_time=2021-01-07 HTTP/1.1" 200 409
117.185.32.26 - - [07/Jan/2021:08:47:07 +0800] "POST /xingrg/login.do HTTP/1.1" 302 -
117.185.32.26 - - [07/Jan/2021:08:47:07 +0800] "GET /xingrg/index.html?sysBaseUrl=http%3A%2F%2F180.169.147.146%3A18081%2Fxingrg%2F&costTime=39×tamp=1609980427766 HTTP/1.1" 200 17173
222.70.170.138 - - [07/Jan/2021:08:47:09 +0800] "GET /xingrg/check_reg.html?_=1609980426662 HTTP/1.1" 200 22
222.70.170.138 - - [07/Jan/2021:08:47:10 +0800] "GET /xingrg/all/function/internal_message.html?_=1609980427469&CODE_STATE=getMsg HTTP/1.1" 200 27
117.185.32.26 - - [07/Jan/2021:08:47:10 +0800] "GET /favicon.ico HTTP/1.1" 404 -
61.165.42.208 - - [07/Jan/2021:08:47:10 +0800] "GET /xingrg/kc/buy/cgsh_order_operate.html?command=get_materiel&rest_code=00105&code=00101008003&supplier_code=00100203&order_time=2021-01-07 HTTP/1.1" 200 408
114.88.169.67 - - [07/Jan/2021:08:47:12 +0800] "POST /xingrg/login.do HTTP/1.1" 302 -
114.88.169.67 - - [07/Jan/2021:08:47:13 +0800] "GET /xingrg/index.html?sysBaseUrl=http%3A%2F%2F180.169.147.146%3A18081%2Fxingrg%2F&costTime=39×tamp=1609980432985 HTTP/1.1" 200 17173
114.88.169.67 - - [07/Jan/2021:08:47:13 +0800] "GET /xingrg/javascript/jquery_easy_ui/themes/default/easyui.css HTTP/1.1" 304 -
114.88.169.67 - - [07/Jan/2021:08:47:13 +0800] "GET /xingrg/javascript/jquery_easy_ui/themes/icon.css HTTP/1.1" 304 -
114.88.169.67 - - [07/Jan/2021:08:47:13 +0800] "GET /xingrg/css/form.css HTTP/1.1" 304 -
114.88.169.67 - - [07/Jan/2021:08:47:13 +0800] "GET /xingrg/javascript/jquery-1.4.2.min.js HTTP/1.1" 304 -
114.88.169.67 - - [07/Jan/2021:08:47:13 +0800] "GET /xingrg/javascript/jquery_easy_ui/jquery.easyui.min.js HTTP/1.1" 304 -
114.88.169.67 - - [07/Jan/2021:08:47:13 +0800] "GET /xingrg/javascript/jquery_easy_ui/easyui-lang-zh_CN.js HTTP/1.1" 304 -
114.88.169.67 - - [07/Jan/2021:08:47:13 +0800] "GET /xingrg/javascript/jquery.form.js HTTP/1.1" 304 -
117.185.32.26 - - [07/Jan/2021:08:47:13 +0800] "POST /xingrg/all/common/load_tree.html?tree=area_rest_tree_json&manage=1 HTTP/1.1" 200 342
114.88.169.67 - - [07/Jan/2021:08:47:13 +0800] "GET /xingrg/javascript/jquery.utils.js HTTP/1.1" 304 -
114.88.169.67 - - [07/Jan/2021:08:47:13 +0800] "GET /xingrg/javascript/jquery.timers.js HTTP/1.1" 304 -
117.185.32.26 - - [07/Jan/2021:08:47:14 +0800] "GET /xingrg/all/function/internal_message.html?_=1609980901770&CODE_STATE=count HTTP/1.1" 200 11
117.185.32.26 - - [07/Jan/2021:08:47:14 +0800] "GET /xingrg/check_reg.html?_=1609980901784 HTTP/1.1" 200 22
114.88.169.67 - - [07/Jan/2021:08:47:14 +0800] "POST /xingrg/all/common/load_tree.html?tree=area_rest_tree_json&manage=1 HTTP/1.1" 200 342
61.165.42.208 - - [07/Jan/2021:08:47:14 +0800] "POST /xingrg/kc/buy/cgsh_order_operate.html HTTP/1.1" 200 2065
117.185.32.26 - - [07/Jan/2021:08:47:14 +0800] "POST /xingrg/load_menu.html HTTP/1.1" 200 5138
114.88.169.67 - - [07/Jan/2021:08:47:14 +0800] "GET /xingrg/all/function/internal_message.html?_=1609980430466&CODE_STATE=count HTTP/1.1" 200 11
114.88.169.67 - - [07/Jan/2021:08:47:14 +0800] "GET /favicon.ico HTTP/1.1" 404 -
114.88.169.67 - - [07/Jan/2021:08:47:14 +0800] "POST /xingrg/load_menu.html HTTP/1.1" 200 5138
114.88.169.67 - - [07/Jan/2021:08:47:14 +0800] "GET /xingrg/check_reg.html?_=1609980430466 HTTP/1.1" 200 22
222.69.133.86 - - [07/Jan/2021:08:47:14 +0800] "GET /xingrg/kc/buy/cgsh_order_operate.html?command=get_materiel&rest_code=00149&code=00101008300&supplier_code=00100005&order_time=2021-01-07 HTTP/1.1" 200 412
61.165.42.208 - - [07/Jan/2021:08:47:15 +0800] "POST /xingrg/kc/buy/cgsh_order_operate.html HTTP/1.1" 200 2065
61.165.42.208 - - [07/Jan/2021:08:47:16 +0800] "POST /xingrg/kc/buy/cgsh_order_operate.html HTTP/1.1" 200 2065
114.88.169.67 - - [07/Jan/2021:08:47:17 +0800] "GET /xingrg/kc/report/report_main.html HTTP/1.1" 200 7345
114.88.169.67 - - [07/Jan/2021:08:47:17 +0800] "GET /xingrg/css/blue.css HTTP/1.1" 304 -
114.88.169.67 - - [07/Jan/2021:08:47:17 +0800] "GET /xingrg/javascript/jquery_ui/themes/humanity/humanity.css HTTP/1.1" 304 -
114.88.169.67 - - [07/Jan/2021:08:47:17 +0800] "GET /xingrg/javascript/pic_change.js HTTP/1.1" 304 -
114.88.169.67 - - [07/Jan/2021:08:47:17 +0800] "GET /xingrg/javascript/json2.js HTTP/1.1" 304 -
114.88.169.67 - - [07/Jan/2021:08:47:17 +0800] "GET /xingrg/javascript/myfunction.js HTTP/1.1" 304 -
114.88.169.67 - - [07/Jan/2021:08:47:19 +0800] "GET /xingrg/javascript/multi_select/jqueryMultiSelect.css HTTP/1.1" 304 -
114.88.169.67 - - [07/Jan/2021:08:47:19 +0800] "GET /xingrg/javascript/calendar/timePicker.css HTTP/1.1" 304 -
114.88.169.67 - - [07/Jan/2021:08:47:19 +0800] "GET /xingrg/all/report/report_query.html?fileName=kc/buy/gys_amount.xml&rh=99999 HTTP/1.1" 200 52006
114.88.169.67 - - [07/Jan/2021:08:47:19 +0800] "GET /xingrg/dwr/interface/AjaxReportQueryService.js HTTP/1.1" 200 13203
114.88.169.67 - - [07/Jan/2021:08:47:19 +0800] "GET /xingrg/javascript/bigrid/fix.css HTTP/1.1" 304 -
114.88.169.67 - - [07/Jan/2021:08:47:20 +0800] "GET /xingrg/dwr/util.js HTTP/1.1" 304 -
114.88.169.67 - - [07/Jan/2021:08:47:20 +0800] "GET /xingrg/dwr/engine.js HTTP/1.1" 200 43631
114.88.169.67 - - [07/Jan/2021:08:47:20 +0800] "GET /xingrg/javascript/jqueryMultiSelect.js HTTP/1.1" 304 -
114.88.169.67 - - [07/Jan/2021:08:47:20 +0800] "GET /xingrg/javascript/Calendar.js HTTP/1.1" 304 -
180.175.150.119 - - [07/Jan/2021:08:47:20 +0800] "GET /xingrg/all/function/internal_message.html?_=1609980675021&CODE_STATE=getMsg HTTP/1.1" 200 27
114.88.169.67 - - [07/Jan/2021:08:47:20 +0800] "GET /xingrg/javascript/calendar/jquery.timePicker.min.js HTTP/1.1" 304 -
114.88.169.67 - - [07/Jan/2021:08:47:20 +0800] "GET /xingrg/javascript/bigrid/fix.js HTTP/1.1" 304 -
114.88.169.67 - - [07/Jan/2021:08:47:20 +0800] "GET /xingrg/images/control/loading.gif HTTP/1.1" 304 -
114.88.169.67 - - [07/Jan/2021:08:47:20 +0800] "GET /xingrg/images/blue/button/advance2over.gif HTTP/1.1" 304 -
114.88.169.67 - - [07/Jan/2021:08:47:20 +0800] "GET /xingrg/images/blue/button/advanceover.gif HTTP/1.1" 304 -
114.88.169.67 - - [07/Jan/2021:08:47:20 +0800] "GET /xingrg/images/blue/button/backover.gif HTTP/1.1" 304 -
114.88.169.67 - - [07/Jan/2021:08:47:20 +0800] "GET /xingrg/images/blue/button/back2over.gif HTTP/1.1" 304 -
114.88.169.67 - - [07/Jan/2021:08:47:20 +0800] "GET /xingrg/javascript/jquery_easy_ui/themes/icons/help.png HTTP/1.1" 304 -
114.88.169.67 - - [07/Jan/2021:08:47:20 +0800] "GET /xingrg/javascript/jquery_easy_ui/themes/default/images/menu.gif HTTP/1.1" 304 -
114.88.169.67 - - [07/Jan/2021:08:47:20 +0800] "GET /xingrg/javascript/jquery_easy_ui/themes/icons/pencil.png HTTP/1.1" 304 -
114.88.169.67 - - [07/Jan/2021:08:47:20 +0800] "GET /xingrg/javascript/jquery_easy_ui/themes/default/images/menu_rightarrow.png HTTP/1.1" 200 3617
114.88.169.67 - - [07/Jan/2021:08:47:20 +0800] "POST /xingrg/dwr/call/plaincall/AjaxReportQueryService.getFixDate.dwr HTTP/1.1" 200 111
114.88.169.67 - - [07/Jan/2021:08:47:20 +0800] "POST /xingrg/all/common/load_tree.html?tree=supplier_tree_json&manage=1 HTTP/1.1" 200 54164
114.88.169.67 - - [07/Jan/2021:08:47:22 +0800] "GET /xingrg/javascript/jquery_easy_ui/themes/default/images/tree_checkbox_0.gif HTTP/1.1" 304 -
114.88.169.67 - - [07/Jan/2021:08:47:22 +0800] "POST /xingrg/all/common/load_tree.html?tree=materiel_sort_tree_json HTTP/1.1" 200 8666
114.88.169.67 - - [07/Jan/2021:08:47:22 +0800] "POST /xingrg/dwr/call/plaincall/AjaxReportQueryService.getInitString.dwr HTTP/1.1" 200 975
114.88.169.67 - - [07/Jan/2021:08:47:23 +0800] "GET /xingrg/javascript/multi_select/dropdown.gif HTTP/1.1" 304 -
61.165.42.208 - - [07/Jan/2021:08:47:25 +0800] "GET /xingrg/kc/buy/cgsh_order_operate.html?command=get_materiel&rest_code=00105&code=00101008251&supplier_code=00100203&order_time=2021-01-07 HTTP/1.1" 200 408
114.88.169.67 - - [07/Jan/2021:08:47:26 +0800] "POST /xingrg/dwr/call/plaincall/AjaxReportQueryService.getFixDate.dwr HTTP/1.1" 200 111
222.69.133.86 - - [07/Jan/2021:08:47:26 +0800] "GET /xingrg/kc/buy/cgsh_order_operate.html?command=get_materiel&rest_code=00149&code=00101008205&supplier_code=00100005&order_time=2021-01-07 HTTP/1.1" 200 412
180.175.150.119 - - [07/Jan/2021:08:47:30 +0800] "POST /xingrg/kc/buy/cgsh_order_operate.html HTTP/1.1" 200 37
180.175.150.119 - - [07/Jan/2021:08:47:32 +0800] "POST /xingrg/kc/buy/cgsh_order_operate.html HTTP/1.1" 200 7975
172.17.0.123 - - [07/Jan/2021:08:47:36 +0800] "GET /xingrg/all/function/internal_message.html?_=1609980356234&CODE_STATE=getMsg HTTP/1.1" 200 27
172.17.0.123 - - [07/Jan/2021:08:47:36 +0800] "GET /xingrg/check_reg.html?_=1609980356236 HTTP/1.1" 200 22
114.88.169.67 - - [07/Jan/2021:08:47:38 +0800] "GET /xingrg/javascript/jquery_easy_ui/themes/default/images/tree_checkbox_1.gif HTTP/1.1" 304 -
114.88.169.67 - - [07/Jan/2021:08:47:38 +0800] "GET /xingrg/javascript/jquery_easy_ui/themes/default/images/tree_checkbox_2.gif HTTP/1.1" 304 -
222.69.133.86 - - [07/Jan/2021:08:47:38 +0800] "GET /xingrg/kc/buy/cgsh_order_operate.html?command=get_materiel&rest_code=00149&code=00101008137&supplier_code=00100005&order_time=2021-01-07 HTTP/1.1" 200 408
114.88.169.67 - - [07/Jan/2021:08:47:40 +0800] "POST /xingrg/dwr/call/plaincall/AjaxReportQueryService.refreshCache.dwr HTTP/1.1" 200 78
114.88.169.67 - - [07/Jan/2021:08:47:41 +0800] "POST /xingrg/all/report/load_report_page.html HTTP/1.1" 200 8912
114.88.169.67 - - [07/Jan/2021:08:47:41 +0800] "GET /xingrg/servlets/image?cache=0.7658694081494976&image=px HTTP/1.1" 200 807
180.175.150.119 - - [07/Jan/2021:08:47:43 +0800] "POST /xingrg/kc/buy/cgsh_list_operate.html HTTP/1.1" 200 5723
114.88.169.67 - - [07/Jan/2021:08:47:43 +0800] "GET /xingrg/all/report/report_query.html?isQuery=1&fileName=kc/buy/wlcg_cate_hz.xml&queryString=(CONVERT(char(10)%252Ca.order_time%252C%2520120)%253E%253D'2020-12-01')%2520and%2520(CONVERT(char(10)%252Ca.order_time%252C%2520120)%253C%253D'2020-12-31')%2520and%2520(a.supplier_code%2520in%2520('00100199'))%2520and%2520(a.number%253E0%2520and%2520a.supplier_code%253D'00100199')&queryText=%25E3%2580%2590%25E9%2587%2587%25E8%25B4%25AD%25E6%2597%25A5%25E6%259C%259F%253A2020-12-01%2520%25E8%2587%25B3%25202020-12-31%25E3%2580%2591%2520%25E5%25B9%25B6%25E4%25B8%2594%2520%2520%25E3%2580%2590%25E4%25BE%259B%25E5%25BA%2594%25E5%2595%2586%2520%253D%2520%25E6%25B2%25B3%25E8%2599%25BE%25EF%25BC%2588%25E6%259D%258E%25E4%25B9%2590%25EF%25BC%2589%25E3%2580%2591%2520%25E5%25B9%25B6%25E4%25B8%2594%2520%25E3%2580%2590%25E4%25BE%259B%25E5%25BA%2594%25E5%2595%2586%253D%25E6%25B2%25B3%25E8%2599%25BE%25EF%25BC%2588%25E6%259D%258E%25E4%25B9%2590%25EF%25BC%2589%25E3%2580%2591 HTTP/1.1" 200 54472
114.88.169.67 - - [07/Jan/2021:08:47:44 +0800] "GET /xingrg/dwr/interface/AjaxReportQueryService.js HTTP/1.1" 200 13203
114.88.169.67 - - [07/Jan/2021:08:47:44 +0800] "GET /xingrg/dwr/engine.js HTTP/1.1" 200 43631
114.88.169.67 - - [07/Jan/2021:08:47:45 +0800] "POST /xingrg/all/report/load_report_page.html HTTP/1.1" 200 8715
114.88.169.67 - - [07/Jan/2021:08:47:45 +0800] "GET /xingrg/servlets/image?cache=0.8054959879188529&image=px HTTP/1.1" 200 807
58.40.7.146 - - [07/Jan/2021:08:47:48 +0800] "GET /xingrg/all/function/internal_message.html?_=1609980465891&CODE_STATE=getMsg HTTP/1.1" 200 27
180.156.237.57 - - [07/Jan/2021:08:47:48 +0800] "GET /xingrg/all/function/internal_message.html?_=1609980444455&CODE_STATE=getMsg HTTP/1.1" 200 27
