180.156.237.57 - - [07/Jan/2021:09:55:55 +0800] "GET /xingrg/dwr/util.js HTTP/1.1" 304 -
180.156.237.57 - - [07/Jan/2021:09:55:55 +0800] "GET /xingrg/dwr/interface/AjaxYddbService.js HTTP/1.1" 200 13201
180.156.237.57 - - [07/Jan/2021:09:55:55 +0800] "GET /xingrg/dwr/engine.js HTTP/1.1" 200 43631
180.156.237.57 - - [07/Jan/2021:09:55:58 +0800] "POST /xingrg/dwr/call/plaincall/AjaxYddbService.getRestBases.dwr HTTP/1.1" 200 1514
116.228.172.94 - - [07/Jan/2021:09:55:59 +0800] "GET /xingrg/all/function/internal_message.html?_=1609984552448&CODE_STATE=getMsg HTTP/1.1" 200 27
172.17.0.128 - - [07/Jan/2021:09:56:01 +0800] "GET /xingrg/all/function/internal_message.html?_=1609984502953&CODE_STATE=getMsg HTTP/1.1" 200 27
114.88.169.67 - - [07/Jan/2021:09:56:03 +0800] "GET /xingrg/check_reg.html?_=1609984723079 HTTP/1.1" 200 22
114.88.169.67 - - [07/Jan/2021:09:56:03 +0800] "GET /xingrg/all/function/internal_message.html?_=1609984723076&CODE_STATE=getMsg HTTP/1.1" 200 27
180.156.237.57 - - [07/Jan/2021:09:56:05 +0800] "POST /xingrg/dwr/call/plaincall/AjaxYddbService.saveOrder.dwr HTTP/1.1" 200 78
180.156.237.57 - - [07/Jan/2021:09:56:06 +0800] "GET /xingrg/images/yd/bt.gif HTTP/1.1" 404 1040
222.70.170.138 - - [07/Jan/2021:09:56:07 +0800] "GET /xingrg/kc/buy/cgsh_order_operate.html?command=get_materiel&rest_code=00146&code=00101012026&supplier_code=00100033&order_time=2021-01-07 HTTP/1.1" 200 408
180.156.237.57 - - [07/Jan/2021:09:56:09 +0800] "POST /xingrg/dwr/call/plaincall/AjaxComOrderService.getMaterielSearchList.dwr HTTP/1.1" 200 1983
180.156.237.57 - - [07/Jan/2021:09:56:09 +0800] "POST /xingrg/dwr/call/plaincall/AjaxComOrderService.getMaterielSearchList.dwr HTTP/1.1" 200 1983
180.156.237.57 - - [07/Jan/2021:09:56:13 +0800] "POST /xingrg/dwr/call/plaincall/AjaxYddbService.getMaterielByMap.dwr HTTP/1.1" 200 3660
117.185.32.26 - - [07/Jan/2021:09:56:14 +0800] "GET /xingrg/all/function/internal_message.html?_=1609985041823&CODE_STATE=getMsg HTTP/1.1" 200 27
222.70.170.138 - - [07/Jan/2021:09:56:14 +0800] "GET /xingrg/all/function/internal_message.html?_=1609984571838&CODE_STATE=getMsg HTTP/1.1" 200 27
120.253.135.82 - - [07/Jan/2021:09:56:14 +0800] "GET /xingrg/all/function/internal_message.html?_=1609984330968&CODE_STATE=getMsg HTTP/1.1" 200 27
172.17.0.120 - - [07/Jan/2021:09:56:15 +0800] "GET /xingrg/all/function/internal_message.html?_=1609984577679&CODE_STATE=getMsg HTTP/1.1" 200 27
114.88.169.67 - - [07/Jan/2021:09:56:15 +0800] "GET /xingrg/all/function/internal_message.html?_=1609984571950&CODE_STATE=getMsg HTTP/1.1" 302 -
180.156.237.57 - - [07/Jan/2021:09:56:18 +0800] "POST /xingrg/dwr/call/plaincall/AjaxYddbService.saveMaterielItem.dwr HTTP/1.1" 200 78
180.156.237.57 - - [07/Jan/2021:09:56:21 +0800] "POST /xingrg/dwr/call/plaincall/AjaxComOrderService.getMaterielSearchList.dwr HTTP/1.1" 200 34563
117.131.5.26 - - [07/Jan/2021:09:56:21 +0800] "GET /xingrg/all/function/internal_message.html?_=1609984627915&CODE_STATE=getMsg HTTP/1.1" 200 27
180.156.237.57 - - [07/Jan/2021:09:56:21 +0800] "POST /xingrg/dwr/call/plaincall/AjaxComOrderService.getMaterielSearchList.dwr HTTP/1.1" 200 795
180.156.237.57 - - [07/Jan/2021:09:56:23 +0800] "POST /xingrg/dwr/call/plaincall/AjaxYddbService.getMaterielByMap.dwr HTTP/1.1" 200 3709
180.156.237.57 - - [07/Jan/2021:09:56:25 +0800] "POST /xingrg/dwr/call/plaincall/AjaxYddbService.getUnitPrice.dwr HTTP/1.1" 200 86
222.70.170.138 - - [07/Jan/2021:09:56:26 +0800] "GET /xingrg/kc/buy/cgsh_order_operate.html?command=get_materiel&rest_code=00146&code=00101016105&supplier_code=00100033&order_time=2021-01-07 HTTP/1.1" 200 409
180.156.237.57 - - [07/Jan/2021:09:56:27 +0800] "GET /xingrg/images/yd/bt2.gif HTTP/1.1" 404 1042
180.156.237.57 - - [07/Jan/2021:09:56:28 +0800] "POST /xingrg/dwr/call/plaincall/AjaxYddbService.saveMaterielItem.dwr HTTP/1.1" 200 79
120.253.135.82 - - [07/Jan/2021:09:56:36 +0800] "GET /xingrg/all/function/internal_message.html?_=1609984633893&CODE_STATE=getMsg HTTP/1.1" 200 27
61.165.42.208 - - [07/Jan/2021:09:56:37 +0800] "GET /xingrg/all/function/internal_message.html?_=1609984598912&CODE_STATE=getMsg HTTP/1.1" 200 27
222.70.170.138 - - [07/Jan/2021:09:56:38 +0800] "GET /xingrg/kc/buy/cgsh_order_operate.html?command=get_materiel&rest_code=00146&code=00101012010&supplier_code=00100033&order_time=2021-01-07 HTTP/1.1" 200 409
180.175.150.119 - - [07/Jan/2021:09:56:39 +0800] "GET /xingrg/all/function/internal_message.html?_=1609984834428&CODE_STATE=getMsg HTTP/1.1" 200 27
180.156.237.57 - - [07/Jan/2021:09:56:41 +0800] "POST /xingrg/dwr/call/plaincall/AjaxYddbService.checkOrder.dwr HTTP/1.1" 200 79
180.156.237.57 - - [07/Jan/2021:09:56:42 +0800] "GET /xingrg/kc/base/yddb_order_info.html?code=482021010700050 HTTP/1.1" 200 29374
180.156.237.57 - - [07/Jan/2021:09:56:42 +0800] "GET /xingrg/dwr/interface/AjaxComOrderService.js HTTP/1.1" 200 18264
180.156.237.57 - - [07/Jan/2021:09:56:42 +0800] "GET /xingrg/dwr/interface/AjaxYddbService.js HTTP/1.1" 200 13201
180.156.237.57 - - [07/Jan/2021:09:56:42 +0800] "GET /xingrg/dwr/engine.js HTTP/1.1" 200 43631
58.40.7.146 - - [07/Jan/2021:09:56:42 +0800] "GET /xingrg/all/function/internal_message.html?_=1609984600729&CODE_STATE=getMsg HTTP/1.1" 200 27
180.156.237.57 - - [07/Jan/2021:09:56:43 +0800] "POST /xingrg/dwr/call/plaincall/AjaxYddbService.loadMaterielItems.dwr HTTP/1.1" 200 730
180.156.237.57 - - [07/Jan/2021:09:56:43 +0800] "GET /xingrg/all/function/internal_message.html?_=1609984601877&CODE_STATE=getMsg HTTP/1.1" 200 27
101.85.93.83 - - [07/Jan/2021:09:56:43 +0800] "GET /xingrg/all/function/internal_message.html?_=1609984274907&CODE_STATE=getMsg HTTP/1.1" 200 27
172.17.200.101 - - [07/Jan/2021:09:56:44 +0800] "GET /xingrg/all/function/internal_message.html?_=1609984605824&CODE_STATE=getMsg HTTP/1.1" 200 27
180.156.237.57 - - [07/Jan/2021:09:56:46 +0800] "POST /xingrg/all/user/operate.html HTTP/1.1" 200 36
180.156.237.57 - - [07/Jan/2021:09:56:46 +0800] "GET /xingrg/index.html?sysBaseUrl=http%3A%2F%2F180.169.147.146%3A18081%2Fxingrg%2F&costTime=105×tamp=1609984290533 HTTP/1.1" 200 17177
180.156.237.57 - - [07/Jan/2021:09:56:46 +0800] "GET /xingrg/javascript/jquery_easy_ui/themes/default/easyui.css HTTP/1.1" 304 -
180.156.237.57 - - [07/Jan/2021:09:56:46 +0800] "GET /xingrg/javascript/jquery_easy_ui/themes/icon.css HTTP/1.1" 304 -
180.156.237.57 - - [07/Jan/2021:09:56:46 +0800] "GET /xingrg/css/form.css HTTP/1.1" 304 -
180.156.237.57 - - [07/Jan/2021:09:56:46 +0800] "GET /xingrg/javascript/jquery-1.4.2.min.js HTTP/1.1" 304 -
180.156.237.57 - - [07/Jan/2021:09:56:46 +0800] "GET /xingrg/javascript/jquery_easy_ui/jquery.easyui.min.js HTTP/1.1" 304 -
180.156.237.57 - - [07/Jan/2021:09:56:46 +0800] "GET /xingrg/javascript/jquery_easy_ui/easyui-lang-zh_CN.js HTTP/1.1" 304 -
180.156.237.57 - - [07/Jan/2021:09:56:46 +0800] "GET /xingrg/javascript/jquery.form.js HTTP/1.1" 304 -
180.156.237.57 - - [07/Jan/2021:09:56:46 +0800] "GET /xingrg/javascript/jquery.utils.js HTTP/1.1" 304 -
180.156.237.57 - - [07/Jan/2021:09:56:46 +0800] "GET /xingrg/javascript/jquery.timers.js HTTP/1.1" 304 -
180.156.237.57 - - [07/Jan/2021:09:56:46 +0800] "GET /xingrg/images/blue/jxLogo.png HTTP/1.1" 304 -
180.156.237.57 - - [07/Jan/2021:09:56:46 +0800] "GET /xingrg/javascript/jquery_easy_ui/themes/icons/settle_new.png HTTP/1.1" 304 -
180.156.237.57 - - [07/Jan/2021:09:56:46 +0800] "GET /xingrg/images/blue/navBackgound.jpg HTTP/1.1" 304 -
180.156.237.57 - - [07/Jan/2021:09:56:46 +0800] "POST /xingrg/all/common/load_tree.html?tree=area_rest_tree_json&manage=1 HTTP/1.1" 200 476
180.156.237.57 - - [07/Jan/2021:09:56:46 +0800] "GET /xingrg/all/function/internal_message.html?_=1609984605249&CODE_STATE=count HTTP/1.1" 200 11
180.156.237.57 - - [07/Jan/2021:09:56:46 +0800] "GET /xingrg/javascript/jquery_easy_ui/themes/default/images/tabs_rightarrow.png HTTP/1.1" 304 -
180.156.237.57 - - [07/Jan/2021:09:56:46 +0800] "GET /xingrg/check_reg.html?_=1609984605250 HTTP/1.1" 200 22
180.156.237.57 - - [07/Jan/2021:09:56:46 +0800] "GET /xingrg/images/blue/pingpu.png HTTP/1.1" 304 -
180.156.237.57 - - [07/Jan/2021:09:56:46 +0800] "GET /xingrg/javascript/jquery_easy_ui/themes/default/images/panel_tool_collapse.gif HTTP/1.1" 304 -
180.156.237.57 - - [07/Jan/2021:09:56:46 +0800] "GET /xingrg/javascript/jquery_easy_ui/themes/default/images/tabs_leftarrow.png HTTP/1.1" 304 -
180.156.237.57 - - [07/Jan/2021:09:56:46 +0800] "POST /xingrg/load_menu.html HTTP/1.1" 200 5138
180.156.237.57 - - [07/Jan/2021:09:56:48 +0800] "GET /xingrg/kc/base/yddb_order_list.html HTTP/1.1" 200 16949
180.156.237.57 - - [07/Jan/2021:09:56:49 +0800] "POST /xingrg/kc/base/yddb_list_operate.html HTTP/1.1" 200 636
172.17.0.108 - - [07/Jan/2021:09:56:50 +0800] "GET /xingrg/all/function/internal_message.html?_=1609984609393&CODE_STATE=getMsg HTTP/1.1" 200 27
117.131.5.26 - - [07/Jan/2021:09:56:51 +0800] "GET /xingrg/check_reg.html?_=1609984951981 HTTP/1.1" 200 22
180.156.237.57 - - [07/Jan/2021:09:56:51 +0800] "POST /xingrg/kc/base/yddb_list_operate.html HTTP/1.1" 200 1345
180.156.237.57 - - [07/Jan/2021:09:56:52 +0800] "GET /xingrg/all/function/internal_message.html?_=1609984588064&CODE_STATE=getMsg HTTP/1.1" 200 27
222.70.170.138 - - [07/Jan/2021:09:56:52 +0800] "GET /xingrg/kc/buy/cgsh_order_operate.html?command=get_materiel&rest_code=00146&code=00101016080&supplier_code=00100033&order_time=2021-01-07 HTTP/1.1" 200 408
180.156.237.57 - - [07/Jan/2021:09:56:52 +0800] "POST /xingrg/kc/base/yddb_list_operate.html HTTP/1.1" 200 277
180.156.237.57 - - [07/Jan/2021:09:56:52 +0800] "GET /xingrg/kc/base/yddb_order_info.html?code=482021010700050 HTTP/1.1" 200 30939
180.156.237.57 - - [07/Jan/2021:09:56:52 +0800] "GET /xingrg/dwr/interface/AjaxComOrderService.js HTTP/1.1" 200 18264
180.156.237.57 - - [07/Jan/2021:09:56:52 +0800] "GET /xingrg/dwr/interface/AjaxYddbService.js HTTP/1.1" 200 13201
180.156.237.57 - - [07/Jan/2021:09:56:52 +0800] "GET /xingrg/dwr/engine.js HTTP/1.1" 200 43631
180.156.237.57 - - [07/Jan/2021:09:56:53 +0800] "POST /xingrg/dwr/call/plaincall/AjaxYddbService.loadMaterielItems.dwr HTTP/1.1" 200 730
117.131.5.26 - - [07/Jan/2021:09:56:54 +0800] "GET /xingrg/all/function/internal_message.html?_=1609984955258&CODE_STATE=getMsg HTTP/1.1" 200 27
58.37.230.33 - - [07/Jan/2021:09:56:54 +0800] "GET /xingrg/all/function/internal_message.html?_=1609984175462&CODE_STATE=getMsg HTTP/1.1" 200 27
222.69.133.86 - - [07/Jan/2021:09:56:54 +0800] "GET /xingrg/all/function/internal_message.html?_=1609984612799&CODE_STATE=getMsg HTTP/1.1" 200 27
180.156.237.57 - - [07/Jan/2021:09:56:57 +0800] "POST /xingrg/dwr/call/plaincall/AjaxYddbService.saveOrder.dwr HTTP/1.1" 200 78
116.228.172.94 - - [07/Jan/2021:09:56:59 +0800] "GET /xingrg/all/function/internal_message.html?_=1609984612432&CODE_STATE=getMsg HTTP/1.1" 200 27
180.156.237.57 - - [07/Jan/2021:09:57:00 +0800] "POST /xingrg/dwr/call/plaincall/AjaxYddbService.objCheckOrder.dwr HTTP/1.1" 200 78
180.156.237.57 - - [07/Jan/2021:09:57:01 +0800] "GET /xingrg/kc/base/yddb_order_info.html?code=482021010700050 HTTP/1.1" 200 31060
180.156.237.57 - - [07/Jan/2021:09:57:01 +0800] "GET /xingrg/dwr/interface/AjaxYddbService.js HTTP/1.1" 200 13201
180.156.237.57 - - [07/Jan/2021:09:57:01 +0800] "GET /xingrg/dwr/interface/AjaxComOrderService.js HTTP/1.1" 200 18264
180.156.237.57 - - [07/Jan/2021:09:57:01 +0800] "GET /xingrg/dwr/engine.js HTTP/1.1" 200 43631
180.156.237.57 - - [07/Jan/2021:09:57:01 +0800] "POST /xingrg/dwr/call/plaincall/AjaxYddbService.loadMaterielItems.dwr HTTP/1.1" 200 730
172.17.0.128 - - [07/Jan/2021:09:57:01 +0800] "GET /xingrg/all/function/internal_message.html?_=1609984562953&CODE_STATE=getMsg HTTP/1.1" 200 27
222.70.170.138 - - [07/Jan/2021:09:57:02 +0800] "GET /xingrg/kc/buy/cgsh_order_operate.html?command=get_materiel&rest_code=00146&code=00101007109&supplier_code=00100033&order_time=2021-01-07 HTTP/1.1" 200 408
114.88.169.67 - - [07/Jan/2021:09:57:03 +0800] "GET /xingrg/all/function/internal_message.html?_=1609984783081&CODE_STATE=getMsg HTTP/1.1" 200 27
222.70.170.138 - - [07/Jan/2021:09:57:10 +0800] "GET /xingrg/check_reg.html?_=1609984627707 HTTP/1.1" 200 22
117.185.32.26 - - [07/Jan/2021:09:57:14 +0800] "GET /xingrg/check_reg.html?_=1609985101809 HTTP/1.1" 200 22
117.185.32.26 - - [07/Jan/2021:09:57:14 +0800] "GET /xingrg/all/function/internal_message.html?_=1609985101810&CODE_STATE=getMsg HTTP/1.1" 200 27
222.70.170.138 - - [07/Jan/2021:09:57:14 +0800] "GET /xingrg/all/function/internal_message.html?_=1609984631852&CODE_STATE=getMsg HTTP/1.1" 200 27
120.253.135.82 - - [07/Jan/2021:09:57:14 +0800] "GET /xingrg/all/function/internal_message.html?_=1609984390982&CODE_STATE=getMsg HTTP/1.1" 200 27
114.88.169.67 - - [07/Jan/2021:09:57:14 +0800] "GET /xingrg/check_reg.html?_=1609984630798 HTTP/1.1" 302 -
172.17.0.120 - - [07/Jan/2021:09:57:15 +0800] "GET /xingrg/check_reg.html?_=1609984637683 HTTP/1.1" 200 22
172.17.0.120 - - [07/Jan/2021:09:57:15 +0800] "GET /xingrg/all/function/internal_message.html?_=1609984637687&CODE_STATE=getMsg HTTP/1.1" 200 27
114.88.169.67 - - [07/Jan/2021:09:57:15 +0800] "GET /xingrg/all/function/internal_message.html?_=1609984631965&CODE_STATE=getMsg HTTP/1.1" 302 -
222.70.170.138 - - [07/Jan/2021:09:57:18 +0800] "GET /xingrg/kc/buy/cgsh_order_operate.html?command=get_materiel&rest_code=00146&code=00101016057&supplier_code=00100033&order_time=2021-01-07 HTTP/1.1" 200 408
117.131.5.26 - - [07/Jan/2021:09:57:21 +0800] "GET /xingrg/all/function/internal_message.html?_=1609984687922&CODE_STATE=getMsg HTTP/1.1" 200 27
222.70.170.138 - - [07/Jan/2021:09:57:28 +0800] "GET /xingrg/kc/buy/cgsh_order_operate.html?command=get_materiel&rest_code=00146&code=00101012051&supplier_code=00100033&order_time=2021-01-07 HTTP/1.1" 200 408
120.253.135.82 - - [07/Jan/2021:09:57:36 +0800] "GET /xingrg/all/function/internal_message.html?_=1609984693905&CODE_STATE=getMsg HTTP/1.1" 200 27
61.165.42.208 - - [07/Jan/2021:09:57:37 +0800] "GET /xingrg/all/function/internal_message.html?_=1609984658910&CODE_STATE=getMsg HTTP/1.1" 200 27
180.175.150.119 - - [07/Jan/2021:09:57:39 +0800] "GET /xingrg/all/function/internal_message.html?_=1609984894447&CODE_STATE=getMsg HTTP/1.1" 200 27
58.40.7.146 - - [07/Jan/2021:09:57:42 +0800] "GET /xingrg/all/function/internal_message.html?_=1609984660732&CODE_STATE=getMsg HTTP/1.1" 200 27
101.85.93.83 - - [07/Jan/2021:09:57:43 +0800] "GET /xingrg/all/function/internal_message.html?_=1609984334880&CODE_STATE=getMsg HTTP/1.1" 200 27
172.17.200.101 - - [07/Jan/2021:09:57:44 +0800] "GET /xingrg/all/function/internal_message.html?_=1609984665830&CODE_STATE=getMsg HTTP/1.1" 200 27
172.17.200.101 - - [07/Jan/2021:09:57:44 +0800] "GET /xingrg/check_reg.html?_=1609984665836 HTTP/1.1" 200 22
180.156.237.57 - - [07/Jan/2021:09:57:46 +0800] "GET /xingrg/all/function/internal_message.html?_=1609984665266&CODE_STATE=getMsg HTTP/1.1" 200 27
172.17.0.108 - - [07/Jan/2021:09:57:50 +0800] "GET /xingrg/all/function/internal_message.html?_=1609984669381&CODE_STATE=getMsg HTTP/1.1" 200 27
180.156.237.57 - - [07/Jan/2021:09:57:52 +0800] "GET /xingrg/all/function/internal_message.html?_=1609984648068&CODE_STATE=getMsg HTTP/1.1" 200 27
58.37.230.33 - - [07/Jan/2021:09:57:54 +0800] "GET /xingrg/all/function/internal_message.html?_=1609984235430&CODE_STATE=getMsg HTTP/1.1" 200 27
117.131.5.26 - - [07/Jan/2021:09:57:54 +0800] "GET /xingrg/all/function/internal_message.html?_=1609985015277&CODE_STATE=getMsg HTTP/1.1" 200 27
222.69.133.86 - - [07/Jan/2021:09:57:54 +0800] "GET /xingrg/all/function/internal_message.html?_=1609984672801&CODE_STATE=getMsg HTTP/1.1" 200 27
222.69.133.86 - - [07/Jan/2021:09:57:54 +0800] "GET /xingrg/check_reg.html?_=1609984672805 HTTP/1.1" 200 22
222.70.170.138 - - [07/Jan/2021:09:57:55 +0800] "POST /xingrg/kc/buy/cgsh_order_operate.html HTTP/1.1" 200 37
222.70.170.138 - - [07/Jan/2021:09:57:57 +0800] "POST /xingrg/kc/buy/cgsh_order_operate.html HTTP/1.1" 200 7355
222.70.170.138 - - [07/Jan/2021:09:57:59 +0800] "GET /xingrg/kc/print/load_data.html?order_code=212021010702597&kc_code=cgsh&condition= HTTP/1.1" 200 2478
116.228.172.94 - - [07/Jan/2021:09:57:59 +0800] "GET /xingrg/all/function/internal_message.html?_=1609984672417&CODE_STATE=getMsg HTTP/1.1" 200 27
172.17.0.128 - - [07/Jan/2021:09:58:01 +0800] "GET /xingrg/check_reg.html?_=1609984622951 HTTP/1.1" 200 22
172.17.0.128 - - [07/Jan/2021:09:58:01 +0800] "GET /xingrg/all/function/internal_message.html?_=1609984622953&CODE_STATE=getMsg HTTP/1.1" 200 27
114.88.169.67 - - [07/Jan/2021:09:58:03 +0800] "GET /xingrg/all/function/internal_message.html?_=1609984843073&CODE_STATE=getMsg HTTP/1.1" 200 27
172.17.0.185 - - [07/Jan/2021:09:58:05 +0800] "GET /xingrg/check_reg.html?_=1609984682898 HTTP/1.1" 200 22
117.185.32.26 - - [07/Jan/2021:09:58:14 +0800] "GET /xingrg/all/function/internal_message.html?_=1609985161808&CODE_STATE=getMsg HTTP/1.1" 200 27
222.70.170.138 - - [07/Jan/2021:09:58:14 +0800] "GET /xingrg/all/function/internal_message.html?_=1609984692166&CODE_STATE=getMsg HTTP/1.1" 200 27
120.253.135.82 - - [07/Jan/2021:09:58:14 +0800] "GET /xingrg/all/function/internal_message.html?_=1609984451057&CODE_STATE=getMsg HTTP/1.1" 200 27
172.17.0.120 - - [07/Jan/2021:09:58:15 +0800] "GET /xingrg/all/function/internal_message.html?_=1609984697690&CODE_STATE=getMsg HTTP/1.1" 200 27
114.88.169.67 - - [07/Jan/2021:09:58:15 +0800] "GET /xingrg/all/function/internal_message.html?_=1609984692006&CODE_STATE=getMsg HTTP/1.1" 302 -
117.131.5.26 - - [07/Jan/2021:09:58:21 +0800] "GET /xingrg/check_reg.html?_=1609984747905 HTTP/1.1" 200 22
117.131.5.26 - - [07/Jan/2021:09:58:21 +0800] "GET /xingrg/all/function/internal_message.html?_=1609984747906&CODE_STATE=getMsg HTTP/1.1" 200 27
58.37.230.33 - - [07/Jan/2021:09:58:27 +0800] "GET /xingrg/check_reg.html?_=1609984268756 HTTP/1.1" 200 22
172.17.0.119 - - [07/Jan/2021:09:58:35 +0800] "GET /xingrg/check_reg.html?_=1609984713187 HTTP/1.1" 302 -
172.17.0.119 - - [07/Jan/2021:09:58:35 +0800] "GET /xingrg/login.html HTTP/1.1" 200 7636
120.253.135.82 - - [07/Jan/2021:09:58:36 +0800] "GET /xingrg/all/function/internal_message.html?_=1609984753942&CODE_STATE=getMsg HTTP/1.1" 200 27
61.165.42.208 - - [07/Jan/2021:09:58:37 +0800] "GET /xingrg/all/function/internal_message.html?_=1609984718905&CODE_STATE=getMsg HTTP/1.1" 200 27
180.175.150.119 - - [07/Jan/2021:09:58:40 +0800] "GET /xingrg/all/function/internal_message.html?_=1609984955646&CODE_STATE=getMsg HTTP/1.1" 200 27
58.40.7.146 - - [07/Jan/2021:09:58:42 +0800] "GET /xingrg/all/function/internal_message.html?_=1609984720736&CODE_STATE=getMsg HTTP/1.1" 200 27
101.85.93.83 - - [07/Jan/2021:09:58:43 +0800] "GET /xingrg/all/function/internal_message.html?_=1609984394855&CODE_STATE=getMsg HTTP/1.1" 200 27
172.17.200.101 - - [07/Jan/2021:09:58:44 +0800] "GET /xingrg/all/function/internal_message.html?_=1609984725836&CODE_STATE=getMsg HTTP/1.1" 200 27
180.156.237.57 - - [07/Jan/2021:09:58:46 +0800] "GET /xingrg/all/function/internal_message.html?_=1609984725270&CODE_STATE=getMsg HTTP/1.1" 200 27
172.17.0.108 - - [07/Jan/2021:09:58:50 +0800] "GET /xingrg/all/function/internal_message.html?_=1609984729385&CODE_STATE=getMsg HTTP/1.1" 200 27
180.156.237.57 - - [07/Jan/2021:09:58:52 +0800] "GET /xingrg/all/function/internal_message.html?_=1609984708092&CODE_STATE=getMsg HTTP/1.1" 200 27
58.37.230.33 - - [07/Jan/2021:09:58:54 +0800] "GET /xingrg/all/function/internal_message.html?_=1609984295401&CODE_STATE=getMsg HTTP/1.1" 200 27
117.131.5.26 - - [07/Jan/2021:09:58:54 +0800] "GET /xingrg/all/function/internal_message.html?_=1609985075451&CODE_STATE=getMsg HTTP/1.1" 200 27
222.69.133.86 - - [07/Jan/2021:09:58:54 +0800] "GET /xingrg/all/function/internal_message.html?_=1609984732810&CODE_STATE=getMsg HTTP/1.1" 200 27
116.228.172.94 - - [07/Jan/2021:09:58:59 +0800] "GET /xingrg/all/function/internal_message.html?_=1609984732401&CODE_STATE=getMsg HTTP/1.1" 200 27
172.17.0.128 - - [07/Jan/2021:09:59:01 +0800] "GET /xingrg/all/function/internal_message.html?_=1609984682983&CODE_STATE=getMsg HTTP/1.1" 200 27
114.88.169.67 - - [07/Jan/2021:09:59:03 +0800] "GET /xingrg/all/function/internal_message.html?_=1609984903077&CODE_STATE=getMsg HTTP/1.1" 200 27
117.185.32.26 - - [07/Jan/2021:09:59:14 +0800] "GET /xingrg/all/function/internal_message.html?_=1609985221823&CODE_STATE=getMsg HTTP/1.1" 200 27
120.253.135.82 - - [07/Jan/2021:09:59:14 +0800] "GET /xingrg/all/function/internal_message.html?_=1609984511071&CODE_STATE=getMsg HTTP/1.1" 200 27
222.70.170.138 - - [07/Jan/2021:09:59:14 +0800] "GET /xingrg/all/function/internal_message.html?_=1609984752506&CODE_STATE=getMsg HTTP/1.1" 200 27
172.17.0.120 - - [07/Jan/2021:09:59:15 +0800] "GET /xingrg/all/function/internal_message.html?_=1609984757678&CODE_STATE=getMsg HTTP/1.1" 200 27
114.88.169.67 - - [07/Jan/2021:09:59:16 +0800] "GET /xingrg/all/function/internal_message.html?_=1609984752022&CODE_STATE=getMsg HTTP/1.1" 302 -
172.17.0.240 - - [07/Jan/2021:09:59:18 +0800] "GET /xingrg/check_reg.html?_=1609984753820 HTTP/1.1" 200 22
180.175.150.119 - - [07/Jan/2021:09:59:19 +0800] "GET /xingrg/check_reg.html?_=1609984994505 HTTP/1.1" 200 22
117.131.5.26 - - [07/Jan/2021:09:59:21 +0800] "GET /xingrg/all/function/internal_message.html?_=1609984807904&CODE_STATE=getMsg HTTP/1.1" 200 27
120.253.135.82 - - [07/Jan/2021:09:59:36 +0800] "GET /xingrg/all/function/internal_message.html?_=1609984813948&CODE_STATE=getMsg HTTP/1.1" 200 27
61.165.42.208 - - [07/Jan/2021:09:59:37 +0800] "GET /xingrg/check_reg.html?_=1609984778905 HTTP/1.1" 200 22
61.165.42.208 - - [07/Jan/2021:09:59:37 +0800] "GET /xingrg/all/function/internal_message.html?_=1609984778921&CODE_STATE=getMsg HTTP/1.1" 200 27
180.175.150.119 - - [07/Jan/2021:09:59:40 +0800] "GET /xingrg/all/function/internal_message.html?_=1609985015654&CODE_STATE=getMsg HTTP/1.1" 200 27
180.156.237.57 - - [07/Jan/2021:09:59:42 +0800] "GET /xingrg/check_reg.html?_=1609984758034 HTTP/1.1" 200 22
58.40.7.146 - - [07/Jan/2021:09:59:43 +0800] "GET /xingrg/all/function/internal_message.html?_=1609984780739&CODE_STATE=getMsg HTTP/1.1" 200 27
101.85.93.83 - - [07/Jan/2021:09:59:43 +0800] "GET /xingrg/all/function/internal_message.html?_=1609984454829&CODE_STATE=getMsg HTTP/1.1" 200 27
101.85.93.83 - - [07/Jan/2021:09:59:43 +0800] "GET /xingrg/check_reg.html?_=1609984455205 HTTP/1.1" 200 22
172.17.200.101 - - [07/Jan/2021:09:59:44 +0800] "GET /xingrg/all/function/internal_message.html?_=1609984785838&CODE_STATE=getMsg HTTP/1.1" 200 27
58.221.95.50 - - [07/Jan/2021:09:59:46 +0800] "GET /xingrg/check_reg.html?_=1609984784367 HTTP/1.1" 302 -
180.156.237.57 - - [07/Jan/2021:09:59:46 +0800] "GET /xingrg/all/function/internal_message.html?_=1609984785269&CODE_STATE=getMsg HTTP/1.1" 200 27
172.17.0.108 - - [07/Jan/2021:09:59:50 +0800] "GET /xingrg/all/function/internal_message.html?_=1609984789390&CODE_STATE=getMsg HTTP/1.1" 200 27
180.156.237.57 - - [07/Jan/2021:09:59:52 +0800] "GET /xingrg/all/function/internal_message.html?_=1609984768095&CODE_STATE=getMsg HTTP/1.1" 200 27
58.37.230.33 - - [07/Jan/2021:09:59:54 +0800] "GET /xingrg/all/function/internal_message.html?_=1609984355373&CODE_STATE=getMsg HTTP/1.1" 200 27
117.131.5.26 - - [07/Jan/2021:09:59:54 +0800] "GET /xingrg/all/function/internal_message.html?_=1609985135454&CODE_STATE=getMsg HTTP/1.1" 200 27
222.69.133.86 - - [07/Jan/2021:09:59:54 +0800] "GET /xingrg/all/function/internal_message.html?_=1609984792802&CODE_STATE=getMsg HTTP/1.1" 200 27
116.228.172.94 - - [07/Jan/2021:09:59:56 +0800] "GET /xingrg/check_reg.html?_=1609984789385 HTTP/1.1" 200 22
116.228.172.94 - - [07/Jan/2021:09:59:59 +0800] "GET /xingrg/all/function/internal_message.html?_=1609984792387&CODE_STATE=getMsg HTTP/1.1" 200 27
172.17.0.128 - - [07/Jan/2021:10:00:01 +0800] "GET /xingrg/all/function/internal_message.html?_=1609984742983&CODE_STATE=getMsg HTTP/1.1" 200 27
114.88.169.67 - - [07/Jan/2021:10:00:03 +0800] "GET /xingrg/all/function/internal_message.html?_=1609984963085&CODE_STATE=getMsg HTTP/1.1" 200 27
117.185.32.26 - - [07/Jan/2021:10:00:14 +0800] "GET /xingrg/all/function/internal_message.html?_=1609985281814&CODE_STATE=getMsg HTTP/1.1" 200 27
120.253.135.82 - - [07/Jan/2021:10:00:14 +0800] "GET /xingrg/check_reg.html?_=1609984570491 HTTP/1.1" 200 22
120.253.135.82 - - [07/Jan/2021:10:00:14 +0800] "GET /xingrg/all/function/internal_message.html?_=1609984571086&CODE_STATE=getMsg HTTP/1.1" 200 27
222.70.170.138 - - [07/Jan/2021:10:00:14 +0800] "GET /xingrg/all/function/internal_message.html?_=1609984812517&CODE_STATE=getMsg HTTP/1.1" 200 27
172.17.0.120 - - [07/Jan/2021:10:00:15 +0800] "GET /xingrg/all/function/internal_message.html?_=1609984817683&CODE_STATE=getMsg HTTP/1.1" 200 27
114.88.169.67 - - [07/Jan/2021:10:00:16 +0800] "GET /xingrg/all/function/internal_message.html?_=1609984812066&CODE_STATE=getMsg HTTP/1.1" 302 -
117.131.5.26 - - [07/Jan/2021:10:00:21 +0800] "GET /xingrg/all/function/internal_message.html?_=1609984867902&CODE_STATE=getMsg HTTP/1.1" 200 27
120.253.135.82 - - [07/Jan/2021:10:00:35 +0800] "GET /xingrg/check_reg.html?_=1609984873768 HTTP/1.1" 200 22
120.253.135.82 - - [07/Jan/2021:10:00:36 +0800] "GET /xingrg/all/function/internal_message.html?_=1609984873962&CODE_STATE=getMsg HTTP/1.1" 200 27
222.70.170.138 - - [07/Jan/2021:10:00:37 +0800] "POST /xingrg/kc/buy/cgsh_list_operate.html HTTP/1.1" 200 2415
61.165.42.208 - - [07/Jan/2021:10:00:37 +0800] "GET /xingrg/all/function/internal_message.html?_=1609984838904&CODE_STATE=getMsg HTTP/1.1" 200 27
114.88.169.67 - - [07/Jan/2021:10:00:40 +0800] "POST /xingrg/kc/buy/cgsh_order_operate.html HTTP/1.1" 200 37
180.175.150.119 - - [07/Jan/2021:10:00:40 +0800] "GET /xingrg/all/function/internal_message.html?_=1609985075669&CODE_STATE=getMsg HTTP/1.1" 200 27
114.88.169.67 - - [07/Jan/2021:10:00:41 +0800] "POST /xingrg/kc/buy/cgsh_order_operate.html HTTP/1.1" 200 9763
58.40.7.146 - - [07/Jan/2021:10:00:43 +0800] "GET /xingrg/all/function/internal_message.html?_=1609984840742&CODE_STATE=getMsg HTTP/1.1" 200 27
58.40.7.146 - - [07/Jan/2021:10:00:43 +0800] "GET /xingrg/check_reg.html?_=1609984840744 HTTP/1.1" 200 22
101.85.93.83 - - [07/Jan/2021:10:00:43 +0800] "GET /xingrg/all/function/internal_message.html?_=1609984514807&CODE_STATE=getMsg HTTP/1.1" 200 27
172.17.200.101 - - [07/Jan/2021:10:00:44 +0800] "GET /xingrg/all/function/internal_message.html?_=1609984845839&CODE_STATE=getMsg HTTP/1.1" 200 27
180.156.237.57 - - [07/Jan/2021:10:00:46 +0800] "GET /xingrg/all/function/internal_message.html?_=1609984845275&CODE_STATE=getMsg HTTP/1.1" 200 27
172.17.0.108 - - [07/Jan/2021:10:00:50 +0800] "GET /xingrg/check_reg.html?_=1609984849378 HTTP/1.1" 200 22
172.17.0.108 - - [07/Jan/2021:10:00:50 +0800] "GET /xingrg/all/function/internal_message.html?_=1609984849382&CODE_STATE=getMsg HTTP/1.1" 200 27
180.156.237.57 - - [07/Jan/2021:10:00:52 +0800] "GET /xingrg/all/function/internal_message.html?_=1609984828109&CODE_STATE=getMsg HTTP/1.1" 200 27
222.70.170.138 - - [07/Jan/2021:10:00:54 +0800] "POST /xingrg/services/DataTransmitService HTTP/1.1" 401 565
222.70.170.138 - - [07/Jan/2021:10:00:54 +0800] "POST /xingrg/services/DataTransmitService HTTP/1.1" 200 478
222.70.170.138 - - [07/Jan/2021:10:00:54 +0800] "POST /xingrg/services/DataTransmitService HTTP/1.1" 200 1320
222.70.170.138 - - [07/Jan/2021:10:00:54 +0800] "POST /xingrg/services/DataTransmitService HTTP/1.1" 200 478
222.70.170.138 - - [07/Jan/2021:10:00:54 +0800] "POST /xingrg/services/DataTransmitService HTTP/1.1" 200 1320
222.70.170.138 - - [07/Jan/2021:10:00:54 +0800] "POST /xingrg/services/DataTransmitService HTTP/1.1" 200 524
58.37.230.33 - - [07/Jan/2021:10:00:54 +0800] "GET /xingrg/all/function/internal_message.html?_=1609984415345&CODE_STATE=getMsg HTTP/1.1" 200 27
222.70.170.138 - - [07/Jan/2021:10:00:54 +0800] "POST /xingrg/services/DataTransmitService HTTP/1.1" 200 1955
117.131.5.26 - - [07/Jan/2021:10:00:54 +0800] "GET /xingrg/all/function/internal_message.html?_=1609985195637&CODE_STATE=getMsg HTTP/1.1" 200 27
222.70.170.138 - - [07/Jan/2021:10:00:54 +0800] "POST /xingrg/services/DataTransmitService HTTP/1.1" 200 163912
222.69.133.86 - - [07/Jan/2021:10:00:54 +0800] "GET /xingrg/all/function/internal_message.html?_=1609984852802&CODE_STATE=getMsg HTTP/1.1" 200 27
116.228.172.94 - - [07/Jan/2021:10:00:59 +0800] "GET /xingrg/all/function/internal_message.html?_=1609984852363&CODE_STATE=getMsg HTTP/1.1" 200 27
172.17.0.128 - - [07/Jan/2021:10:01:01 +0800] "GET /xingrg/all/function/internal_message.html?_=1609984802983&CODE_STATE=getMsg HTTP/1.1" 200 27
114.88.169.67 - - [07/Jan/2021:10:01:03 +0800] "GET /xingrg/check_reg.html?_=1609985023082 HTTP/1.1" 200 22
114.88.169.67 - - [07/Jan/2021:10:01:03 +0800] "GET /xingrg/all/function/internal_message.html?_=1609985023085&CODE_STATE=getMsg HTTP/1.1" 200 27
117.185.32.26 - - [07/Jan/2021:10:01:14 +0800] "GET /xingrg/all/function/internal_message.html?_=1609985341813&CODE_STATE=getMsg HTTP/1.1" 200 27
120.253.135.82 - - [07/Jan/2021:10:01:14 +0800] "GET /xingrg/all/function/internal_message.html?_=1609984631161&CODE_STATE=getMsg HTTP/1.1" 200 27
222.70.170.138 - - [07/Jan/2021:10:01:14 +0800] "GET /xingrg/all/function/internal_message.html?_=1609984872530&CODE_STATE=getMsg HTTP/1.1" 200 27
172.17.0.120 - - [07/Jan/2021:10:01:15 +0800] "GET /xingrg/all/function/internal_message.html?_=1609984877679&CODE_STATE=getMsg HTTP/1.1" 200 27
114.88.169.67 - - [07/Jan/2021:10:01:16 +0800] "GET /xingrg/all/function/internal_message.html?_=1609984872080&CODE_STATE=getMsg HTTP/1.1" 302 -
117.131.5.26 - - [07/Jan/2021:10:01:21 +0800] "GET /xingrg/all/function/internal_message.html?_=1609984927902&CODE_STATE=getMsg HTTP/1.1" 200 27
222.70.170.138 - - [07/Jan/2021:10:01:23 +0800] "POST /xingrg/services/DataTransmitService HTTP/1.1" 200 45454
222.70.170.138 - - [07/Jan/2021:10:01:23 +0800] "POST /xingrg/services/DataTransmitService HTTP/1.1" 200 19237
222.70.170.138 - - [07/Jan/2021:10:01:29 +0800] "POST /xingrg/kc/buy/cgsh_list_operate.html HTTP/1.1" 200 2497
120.253.135.82 - - [07/Jan/2021:10:01:36 +0800] "GET /xingrg/all/function/internal_message.html?_=1609984933975&CODE_STATE=getMsg HTTP/1.1" 200 27
61.165.42.208 - - [07/Jan/2021:10:01:37 +0800] "GET /xingrg/all/function/internal_message.html?_=1609984898904&CODE_STATE=getMsg HTTP/1.1" 200 27
180.175.150.119 - - [07/Jan/2021:10:01:41 +0800] "GET /xingrg/all/function/internal_message.html?_=1609985136371&CODE_STATE=getMsg HTTP/1.1" 200 27
58.40.7.146 - - [07/Jan/2021:10:01:43 +0800] "GET /xingrg/all/function/internal_message.html?_=1609984900746&CODE_STATE=getMsg HTTP/1.1" 200 27
101.85.93.83 - - [07/Jan/2021:10:01:43 +0800] "GET /xingrg/all/function/internal_message.html?_=1609984574777&CODE_STATE=getMsg HTTP/1.1" 200 27
172.17.200.101 - - [07/Jan/2021:10:01:44 +0800] "GET /xingrg/all/function/internal_message.html?_=1609984905847&CODE_STATE=getMsg HTTP/1.1" 200 27
180.156.237.57 - - [07/Jan/2021:10:01:46 +0800] "GET /xingrg/check_reg.html?_=1609984905275 HTTP/1.1" 200 22
180.156.237.57 - - [07/Jan/2021:10:01:46 +0800] "GET /xingrg/all/function/internal_message.html?_=1609984905279&CODE_STATE=getMsg HTTP/1.1" 200 27
172.17.0.108 - - [07/Jan/2021:10:01:50 +0800] "GET /xingrg/all/function/internal_message.html?_=1609984909384&CODE_STATE=getMsg HTTP/1.1" 200 27
117.131.5.26 - - [07/Jan/2021:10:01:51 +0800] "GET /xingrg/check_reg.html?_=1609985251989 HTTP/1.1" 200 22
180.156.237.57 - - [07/Jan/2021:10:01:52 +0800] "GET /xingrg/all/function/internal_message.html?_=1609984888133&CODE_STATE=getMsg HTTP/1.1" 200 27
58.37.230.33 - - [07/Jan/2021:10:01:54 +0800] "GET /xingrg/all/function/internal_message.html?_=1609984475342&CODE_STATE=getMsg HTTP/1.1" 200 27
117.131.5.26 - - [07/Jan/2021:10:01:54 +0800] "GET /xingrg/all/function/internal_message.html?_=1609985255655&CODE_STATE=getMsg HTTP/1.1" 200 27
222.69.133.86 - - [07/Jan/2021:10:01:55 +0800] "GET /xingrg/all/function/internal_message.html?_=1609984912819&CODE_STATE=getMsg HTTP/1.1" 200 27
116.228.172.94 - - [07/Jan/2021:10:01:59 +0800] "GET /xingrg/all/function/internal_message.html?_=1609984912347&CODE_STATE=getMsg HTTP/1.1" 200 27
172.17.0.128 - - [07/Jan/2021:10:02:01 +0800] "GET /xingrg/all/function/internal_message.html?_=1609984862983&CODE_STATE=getMsg HTTP/1.1" 200 27
114.88.169.67 - - [07/Jan/2021:10:02:03 +0800] "GET /xingrg/all/function/internal_message.html?_=1609985083085&CODE_STATE=getMsg HTTP/1.1" 200 27
222.70.170.138 - - [07/Jan/2021:10:02:10 +0800] "GET /xingrg/check_reg.html?_=1609984927714 HTTP/1.1" 200 22
117.185.32.26 - - [07/Jan/2021:10:02:14 +0800] "GET /xingrg/all/function/internal_message.html?_=1609985401814&CODE_STATE=getMsg HTTP/1.1" 200 27
117.185.32.26 - - [07/Jan/2021:10:02:14 +0800] "GET /xingrg/check_reg.html?_=1609985401813 HTTP/1.1" 200 22
222.70.170.138 - - [07/Jan/2021:10:02:14 +0800] "POST /xingrg/kc/buy/cgsh_list_operate.html HTTP/1.1" 200 199
114.88.169.67 - - [07/Jan/2021:10:02:14 +0800] "GET /xingrg/check_reg.html?_=1609984930830 HTTP/1.1" 302 -
120.253.135.82 - - [07/Jan/2021:10:02:14 +0800] "GET /xingrg/all/function/internal_message.html?_=1609984691174&CODE_STATE=getMsg HTTP/1.1" 200 27
222.70.170.138 - - [07/Jan/2021:10:02:14 +0800] "GET /xingrg/all/function/internal_message.html?_=1609984932544&CODE_STATE=getMsg HTTP/1.1" 200 27
172.17.0.120 - - [07/Jan/2021:10:02:15 +0800] "GET /xingrg/all/function/internal_message.html?_=1609984937684&CODE_STATE=getMsg HTTP/1.1" 200 27
172.17.0.120 - - [07/Jan/2021:10:02:15 +0800] "GET /xingrg/check_reg.html?_=1609984937685 HTTP/1.1" 200 22
114.88.169.67 - - [07/Jan/2021:10:02:16 +0800] "GET /xingrg/all/function/internal_message.html?_=1609984932095&CODE_STATE=getMsg HTTP/1.1" 302 -
222.70.170.138 - - [07/Jan/2021:10:02:17 +0800] "POST /xingrg/kc/buy/cgsh_list_operate.html HTTP/1.1" 200 449
117.131.5.26 - - [07/Jan/2021:10:02:21 +0800] "GET /xingrg/all/function/internal_message.html?_=1609984987928&CODE_STATE=getMsg HTTP/1.1" 200 27
222.70.170.138 - - [07/Jan/2021:10:02:22 +0800] "POST /xingrg/kc/buy/cgsh_list_operate.html HTTP/1.1" 200 606
222.70.170.138 - - [07/Jan/2021:10:02:23 +0800] "GET /xingrg/kc/buy/cgsh_order_info.html?code=212020122710859 HTTP/1.1" 200 56289
222.70.170.138 - - [07/Jan/2021:10:02:23 +0800] "GET /xingrg/javascript/easyui/themes/default/validatebox.css HTTP/1.1" 404 1104
222.70.170.138 - - [07/Jan/2021:10:02:24 +0800] "POST /xingrg/kc/buy/cgsh_order_operate.html HTTP/1.1" 200 4239
120.253.135.82 - - [07/Jan/2021:10:02:36 +0800] "GET /xingrg/all/function/internal_message.html?_=1609984993989&CODE_STATE=getMsg HTTP/1.1" 200 27
61.165.42.208 - - [07/Jan/2021:10:02:37 +0800] "GET /xingrg/all/function/internal_message.html?_=1609984958902&CODE_STATE=getMsg HTTP/1.1" 200 27
180.175.150.119 - - [07/Jan/2021:10:02:41 +0800] "GET /xingrg/all/function/internal_message.html?_=1609985196383&CODE_STATE=getMsg HTTP/1.1" 200 27
58.40.7.146 - - [07/Jan/2021:10:02:43 +0800] "GET /xingrg/all/function/internal_message.html?_=1609984960739&CODE_STATE=getMsg HTTP/1.1" 200 27
101.85.93.83 - - [07/Jan/2021:10:02:43 +0800] "GET /xingrg/all/function/internal_message.html?_=1609984634745&CODE_STATE=getMsg HTTP/1.1" 200 27
172.17.200.101 - - [07/Jan/2021:10:02:44 +0800] "GET /xingrg/check_reg.html?_=1609984965849 HTTP/1.1" 200 22
172.17.200.101 - - [07/Jan/2021:10:02:44 +0800] "GET /xingrg/all/function/internal_message.html?_=1609984965852&CODE_STATE=getMsg HTTP/1.1" 200 27
180.156.237.57 - - [07/Jan/2021:10:02:46 +0800] "GET /xingrg/all/function/internal_message.html?_=1609984965279&CODE_STATE=getMsg HTTP/1.1" 200 27
172.17.0.108 - - [07/Jan/2021:10:02:50 +0800] "GET /xingrg/all/function/internal_message.html?_=1609984969390&CODE_STATE=getMsg HTTP/1.1" 200 27
180.156.237.57 - - [07/Jan/2021:10:02:52 +0800] "GET /xingrg/all/function/internal_message.html?_=1609984948137&CODE_STATE=getMsg HTTP/1.1" 200 27
58.37.230.33 - - [07/Jan/2021:10:02:54 +0800] "GET /xingrg/all/function/internal_message.html?_=1609984535310&CODE_STATE=getMsg HTTP/1.1" 200 27
117.131.5.26 - - [07/Jan/2021:10:02:54 +0800] "GET /xingrg/all/function/internal_message.html?_=1609985315667&CODE_STATE=getMsg HTTP/1.1" 200 27
222.69.133.86 - - [07/Jan/2021:10:02:54 +0800] "GET /xingrg/check_reg.html?_=1609984972805 HTTP/1.1" 200 22
222.69.133.86 - - [07/Jan/2021:10:02:54 +0800] "GET /xingrg/all/function/internal_message.html?_=1609984972806&CODE_STATE=getMsg HTTP/1.1" 200 27
116.228.172.94 - - [07/Jan/2021:10:02:59 +0800] "GET /xingrg/all/function/internal_message.html?_=1609984972324&CODE_STATE=getMsg HTTP/1.1" 200 27
172.17.0.128 - - [07/Jan/2021:10:03:01 +0800] "GET /xingrg/check_reg.html?_=1609984922983 HTTP/1.1" 200 22
172.17.0.128 - - [07/Jan/2021:10:03:01 +0800] "GET /xingrg/all/function/internal_message.html?_=1609984922985&CODE_STATE=getMsg HTTP/1.1" 200 27
114.88.169.67 - - [07/Jan/2021:10:03:03 +0800] "GET /xingrg/all/function/internal_message.html?_=1609985143084&CODE_STATE=getMsg HTTP/1.1" 200 27
172.17.0.185 - - [07/Jan/2021:10:03:05 +0800] "GET /xingrg/check_reg.html?_=1609984982877 HTTP/1.1" 200 22
117.185.32.26 - - [07/Jan/2021:10:03:14 +0800] "GET /xingrg/all/function/internal_message.html?_=1609985461811&CODE_STATE=getMsg HTTP/1.1" 200 27
222.70.170.138 - - [07/Jan/2021:10:03:14 +0800] "GET /xingrg/all/function/internal_message.html?_=1609984992557&CODE_STATE=getMsg HTTP/1.1" 200 27
120.253.135.82 - - [07/Jan/2021:10:03:15 +0800] "GET /xingrg/all/function/internal_message.html?_=1609984751262&CODE_STATE=getMsg HTTP/1.1" 200 27
172.17.0.120 - - [07/Jan/2021:10:03:15 +0800] "GET /xingrg/all/function/internal_message.html?_=1609984997688&CODE_STATE=getMsg HTTP/1.1" 200 27
114.88.169.67 - - [07/Jan/2021:10:03:16 +0800] "GET /xingrg/all/function/internal_message.html?_=1609984992131&CODE_STATE=getMsg HTTP/1.1" 302 -
222.70.170.138 - - [07/Jan/2021:10:03:20 +0800] "POST /xingrg/kc/buy/cgsh_list_operate.html HTTP/1.1" 200 2497
117.131.5.26 - - [07/Jan/2021:10:03:21 +0800] "GET /xingrg/all/function/internal_message.html?_=1609985047927&CODE_STATE=getMsg HTTP/1.1" 200 27
117.131.5.26 - - [07/Jan/2021:10:03:21 +0800] "GET /xingrg/check_reg.html?_=1609985047930 HTTP/1.1" 200 22
58.37.230.33 - - [07/Jan/2021:10:03:27 +0800] "GET /xingrg/check_reg.html?_=1609984568784 HTTP/1.1" 200 22
172.17.0.119 - - [07/Jan/2021:10:03:35 +0800] "GET /xingrg/check_reg.html?_=1609985013160 HTTP/1.1" 302 -
120.253.135.82 - - [07/Jan/2021:10:03:36 +0800] "GET /xingrg/all/function/internal_message.html?_=1609985054032&CODE_STATE=getMsg HTTP/1.1" 200 27
61.165.42.208 - - [07/Jan/2021:10:03:37 +0800] "GET /xingrg/all/function/internal_message.html?_=1609985018901&CODE_STATE=getMsg HTTP/1.1" 200 27
180.175.150.119 - - [07/Jan/2021:10:03:42 +0800] "GET /xingrg/all/function/internal_message.html?_=1609985257228&CODE_STATE=getMsg HTTP/1.1" 200 27
58.40.7.146 - - [07/Jan/2021:10:03:43 +0800] "GET /xingrg/all/function/internal_message.html?_=1609985020743&CODE_STATE=getMsg HTTP/1.1" 200 27
101.85.93.83 - - [07/Jan/2021:10:03:43 +0800] "GET /xingrg/all/function/internal_message.html?_=1609984694713&CODE_STATE=getMsg HTTP/1.1" 200 27
172.17.200.101 - - [07/Jan/2021:10:03:44 +0800] "GET /xingrg/all/function/internal_message.html?_=1609985025838&CODE_STATE=getMsg HTTP/1.1" 200 27
180.156.237.57 - - [07/Jan/2021:10:03:46 +0800] "GET /xingrg/all/function/internal_message.html?_=1609985025276&CODE_STATE=getMsg HTTP/1.1" 200 27
172.17.0.108 - - [07/Jan/2021:10:03:50 +0800] "GET /xingrg/all/function/internal_message.html?_=1609985029379&CODE_STATE=getMsg HTTP/1.1" 200 27
180.156.237.57 - - [07/Jan/2021:10:03:52 +0800] "GET /xingrg/all/function/internal_message.html?_=1609985008160&CODE_STATE=getMsg HTTP/1.1" 200 27
58.37.230.33 - - [07/Jan/2021:10:03:54 +0800] "GET /xingrg/all/function/internal_message.html?_=1609984595290&CODE_STATE=getMsg HTTP/1.1" 200 27
222.69.133.86 - - [07/Jan/2021:10:03:54 +0800] "GET /xingrg/all/function/internal_message.html?_=1609985032806&CODE_STATE=getMsg HTTP/1.1" 200 27
117.131.5.26 - - [07/Jan/2021:10:03:55 +0800] "GET /xingrg/all/function/internal_message.html?_=1609985375850&CODE_STATE=getMsg HTTP/1.1" 200 27
116.228.172.94 - - [07/Jan/2021:10:03:59 +0800] "GET /xingrg/all/function/internal_message.html?_=1609985032296&CODE_STATE=getMsg HTTP/1.1" 200 27
172.17.0.128 - - [07/Jan/2021:10:04:01 +0800] "GET /xingrg/all/function/internal_message.html?_=1609984982985&CODE_STATE=getMsg HTTP/1.1" 200 27
114.88.169.67 - - [07/Jan/2021:10:04:03 +0800] "GET /xingrg/all/function/internal_message.html?_=1609985203083&CODE_STATE=getMsg HTTP/1.1" 200 27
117.185.32.26 - - [07/Jan/2021:10:04:14 +0800] "GET /xingrg/all/function/internal_message.html?_=1609985521810&CODE_STATE=getMsg HTTP/1.1" 200 27
222.70.170.138 - - [07/Jan/2021:10:04:14 +0800] "GET /xingrg/all/function/internal_message.html?_=1609985052572&CODE_STATE=getMsg HTTP/1.1" 200 27
120.253.135.82 - - [07/Jan/2021:10:04:14 +0800] "GET /xingrg/all/function/internal_message.html?_=1609984811264&CODE_STATE=getMsg HTTP/1.1" 200 27
172.17.0.120 - - [07/Jan/2021:10:04:15 +0800] "GET /xingrg/all/function/internal_message.html?_=1609985057676&CODE_STATE=getMsg HTTP/1.1" 200 27
114.88.169.67 - - [07/Jan/2021:10:04:16 +0800] "GET /xingrg/all/function/internal_message.html?_=1609985052138&CODE_STATE=getMsg HTTP/1.1" 302 -
172.17.0.240 - - [07/Jan/2021:10:04:18 +0800] "GET /xingrg/check_reg.html?_=1609985053792 HTTP/1.1" 200 22
180.175.150.119 - - [07/Jan/2021:10:04:19 +0800] "GET /xingrg/check_reg.html?_=1609985294509 HTTP/1.1" 200 22
222.70.170.138 - - [07/Jan/2021:10:04:19 +0800] "POST /xingrg/kc/buy/cgsh_list_operate.html HTTP/1.1" 200 606
117.131.5.26 - - [07/Jan/2021:10:04:21 +0800] "GET /xingrg/all/function/internal_message.html?_=1609985107928&CODE_STATE=getMsg HTTP/1.1" 200 27
222.70.170.138 - - [07/Jan/2021:10:04:22 +0800] "GET /xingrg/kc/buy/cgsh_order_info.html?code=212020122710859 HTTP/1.1" 200 56289
222.70.170.138 - - [07/Jan/2021:10:04:22 +0800] "GET /xingrg/javascript/easyui/themes/default/validatebox.css HTTP/1.1" 404 1104
222.70.170.138 - - [07/Jan/2021:10:04:23 +0800] "POST /xingrg/kc/buy/cgsh_order_operate.html HTTP/1.1" 200 4239
120.253.135.82 - - [07/Jan/2021:10:04:36 +0800] "GET /xingrg/all/function/internal_message.html?_=1609985114048&CODE_STATE=getMsg HTTP/1.1" 200 27
61.165.42.208 - - [07/Jan/2021:10:04:37 +0800] "GET /xingrg/all/function/internal_message.html?_=1609985078900&CODE_STATE=getMsg HTTP/1.1" 200 27
61.165.42.208 - - [07/Jan/2021:10:04:37 +0800] "GET /xingrg/check_reg.html?_=1609985078901 HTTP/1.1" 200 22
180.156.237.57 - - [07/Jan/2021:10:04:42 +0800] "GET /xingrg/check_reg.html?_=1609985058039 HTTP/1.1" 200 22
180.175.150.119 - - [07/Jan/2021:10:04:42 +0800] "GET /xingrg/all/function/internal_message.html?_=1609985317266&CODE_STATE=getMsg HTTP/1.1" 200 27
58.40.7.146 - - [07/Jan/2021:10:04:43 +0800] "GET /xingrg/all/function/internal_message.html?_=1609985080741&CODE_STATE=getMsg HTTP/1.1" 200 27
101.85.93.83 - - [07/Jan/2021:10:04:43 +0800] "GET /xingrg/all/function/internal_message.html?_=1609984754689&CODE_STATE=getMsg HTTP/1.1" 200 27
101.85.93.83 - - [07/Jan/2021:10:04:43 +0800] "GET /xingrg/check_reg.html?_=1609984755207 HTTP/1.1" 200 22
172.17.200.101 - - [07/Jan/2021:10:04:44 +0800] "GET /xingrg/all/function/internal_message.html?_=1609985085840&CODE_STATE=getMsg HTTP/1.1" 200 27
58.221.95.50 - - [07/Jan/2021:10:04:46 +0800] "GET /xingrg/check_reg.html?_=1609985084348 HTTP/1.1" 302 -
180.156.237.57 - - [07/Jan/2021:10:04:46 +0800] "GET /xingrg/all/function/internal_message.html?_=1609985085280&CODE_STATE=getMsg HTTP/1.1" 200 27
172.17.0.108 - - [07/Jan/2021:10:04:50 +0800] "GET /xingrg/all/function/internal_message.html?_=1609985089385&CODE_STATE=getMsg HTTP/1.1" 200 27
180.156.237.57 - - [07/Jan/2021:10:04:52 +0800] "GET /xingrg/all/function/internal_message.html?_=1609985068163&CODE_STATE=getMsg HTTP/1.1" 200 27
58.37.230.33 - - [07/Jan/2021:10:04:54 +0800] "GET /xingrg/all/function/internal_message.html?_=1609984655271&CODE_STATE=getMsg HTTP/1.1" 200 27
222.69.133.86 - - [07/Jan/2021:10:04:54 +0800] "GET /xingrg/all/function/internal_message.html?_=1609985092805&CODE_STATE=getMsg HTTP/1.1" 200 27
117.131.5.26 - - [07/Jan/2021:10:04:55 +0800] "GET /xingrg/all/function/internal_message.html?_=1609985435863&CODE_STATE=getMsg HTTP/1.1" 200 27
116.228.172.94 - - [07/Jan/2021:10:04:56 +0800] "GET /xingrg/check_reg.html?_=1609985089365 HTTP/1.1" 200 22
116.228.172.94 - - [07/Jan/2021:10:04:59 +0800] "GET /xingrg/all/function/internal_message.html?_=1609985092267&CODE_STATE=getMsg HTTP/1.1" 200 27
172.17.0.128 - - [07/Jan/2021:10:05:01 +0800] "GET /xingrg/all/function/internal_message.html?_=1609985043010&CODE_STATE=getMsg HTTP/1.1" 200 27
114.88.169.67 - - [07/Jan/2021:10:05:03 +0800] "GET /xingrg/all/function/internal_message.html?_=1609985263083&CODE_STATE=getMsg HTTP/1.1" 200 27
117.185.32.26 - - [07/Jan/2021:10:05:14 +0800] "GET /xingrg/all/function/internal_message.html?_=1609985581808&CODE_STATE=getMsg HTTP/1.1" 200 27
120.253.135.82 - - [07/Jan/2021:10:05:14 +0800] "GET /xingrg/check_reg.html?_=1609984870574 HTTP/1.1" 200 22
120.253.135.82 - - [07/Jan/2021:10:05:15 +0800] "GET /xingrg/all/function/internal_message.html?_=1609984871279&CODE_STATE=getMsg HTTP/1.1" 200 27
222.70.170.138 - - [07/Jan/2021:10:05:15 +0800] "GET /xingrg/all/function/internal_message.html?_=1609985112915&CODE_STATE=getMsg HTTP/1.1" 200 27
172.17.0.120 - - [07/Jan/2021:10:05:15 +0800] "GET /xingrg/all/function/internal_message.html?_=1609985117681&CODE_STATE=getMsg HTTP/1.1" 200 27
114.88.169.67 - - [07/Jan/2021:10:05:16 +0800] "GET /xingrg/all/function/internal_message.html?_=1609985112181&CODE_STATE=getMsg HTTP/1.1" 302 -
117.131.5.26 - - [07/Jan/2021:10:05:21 +0800] "GET /xingrg/all/function/internal_message.html?_=1609985167943&CODE_STATE=getMsg HTTP/1.1" 200 27
120.253.135.82 - - [07/Jan/2021:10:05:30 +0800] "POST /xingrg/kc/pszx/mdps_order_operate.html HTTP/1.1" 200 37
120.253.135.82 - - [07/Jan/2021:10:05:31 +0800] "GET /xingrg/kc/pszx/mdps_order_info.html?code=312021010700233 HTTP/1.1" 200 23887
120.253.135.82 - - [07/Jan/2021:10:05:31 +0800] "GET /xingrg/javascript/easyui/themes/default/validatebox.css HTTP/1.1" 404 1104
120.253.135.82 - - [07/Jan/2021:10:05:31 +0800] "POST /xingrg/kc/pszx/mdps_order_operate.html HTTP/1.1" 200 2785
120.253.135.82 - - [07/Jan/2021:10:05:35 +0800] "GET /xingrg/check_reg.html?_=1609985173766 HTTP/1.1" 200 22
120.253.135.82 - - [07/Jan/2021:10:05:36 +0800] "GET /xingrg/all/function/internal_message.html?_=1609985174062&CODE_STATE=getMsg HTTP/1.1" 200 27
61.165.42.208 - - [07/Jan/2021:10:05:37 +0800] "GET /xingrg/all/function/internal_message.html?_=1609985138909&CODE_STATE=getMsg HTTP/1.1" 200 27
180.175.150.119 - - [07/Jan/2021:10:05:42 +0800] "GET /xingrg/all/function/internal_message.html?_=1609985377286&CODE_STATE=getMsg HTTP/1.1" 200 27
58.40.7.146 - - [07/Jan/2021:10:05:43 +0800] "GET /xingrg/all/function/internal_message.html?_=1609985140745&CODE_STATE=getMsg HTTP/1.1" 200 27
58.40.7.146 - - [07/Jan/2021:10:05:43 +0800] "GET /xingrg/check_reg.html?_=1609985140747 HTTP/1.1" 200 22
101.85.93.83 - - [07/Jan/2021:10:05:43 +0800] "GET /xingrg/all/function/internal_message.html?_=1609984814669&CODE_STATE=getMsg HTTP/1.1" 200 27
172.17.200.101 - - [07/Jan/2021:10:05:44 +0800] "GET /xingrg/all/function/internal_message.html?_=1609985145841&CODE_STATE=getMsg HTTP/1.1" 200 27
180.156.237.57 - - [07/Jan/2021:10:05:46 +0800] "GET /xingrg/all/function/internal_message.html?_=1609985145287&CODE_STATE=getMsg HTTP/1.1" 200 27
172.17.0.108 - - [07/Jan/2021:10:05:50 +0800] "GET /xingrg/check_reg.html?_=1609985149391 HTTP/1.1" 200 22
172.17.0.108 - - [07/Jan/2021:10:05:50 +0800] "GET /xingrg/all/function/internal_message.html?_=1609985149394&CODE_STATE=getMsg HTTP/1.1" 200 27
180.156.237.57 - - [07/Jan/2021:10:05:52 +0800] "GET /xingrg/all/function/internal_message.html?_=1609985128177&CODE_STATE=getMsg HTTP/1.1" 200 27
58.37.230.33 - - [07/Jan/2021:10:05:54 +0800] "GET /xingrg/all/function/internal_message.html?_=1609984715240&CODE_STATE=getMsg HTTP/1.1" 200 27
222.69.133.86 - - [07/Jan/2021:10:05:54 +0800] "GET /xingrg/all/function/internal_message.html?_=1609985152806&CODE_STATE=getMsg HTTP/1.1" 200 27
117.131.5.26 - - [07/Jan/2021:10:05:55 +0800] "GET /xingrg/all/function/internal_message.html?_=1609985496041&CODE_STATE=getMsg HTTP/1.1" 200 27
120.253.135.82 - - [07/Jan/2021:10:05:59 +0800] "GET /xingrg/login.html HTTP/1.1" 200 7641
120.253.135.82 - - [07/Jan/2021:10:05:59 +0800] "GET /xingrg/images/blue/jxLogo.png HTTP/1.1" 304 -
120.253.135.82 - - [07/Jan/2021:10:05:59 +0800] "GET /xingrg/images/blue/hj.png HTTP/1.1" 304 -
120.253.135.82 - - [07/Jan/2021:10:05:59 +0800] "GET /xingrg/images/blue/login_bg.png HTTP/1.1" 304 -
116.228.172.94 - - [07/Jan/2021:10:05:59 +0800] "GET /xingrg/all/function/internal_message.html?_=1609985152243&CODE_STATE=getMsg HTTP/1.1" 200 27
120.253.135.82 - - [07/Jan/2021:10:05:59 +0800] "GET /xingrg/images/blue/srbg.png HTTP/1.1" 304 -
120.253.135.82 - - [07/Jan/2021:10:05:59 +0800] "GET /favicon.ico HTTP/1.1" 404 -
172.17.0.128 - - [07/Jan/2021:10:06:01 +0800] "GET /xingrg/all/function/internal_message.html?_=1609985103010&CODE_STATE=getMsg HTTP/1.1" 200 27
114.88.169.67 - - [07/Jan/2021:10:06:03 +0800] "GET /xingrg/check_reg.html?_=1609985323083 HTTP/1.1" 200 22
114.88.169.67 - - [07/Jan/2021:10:06:03 +0800] "GET /xingrg/all/function/internal_message.html?_=1609985323089&CODE_STATE=getMsg HTTP/1.1" 200 27
120.253.135.82 - - [07/Jan/2021:10:06:03 +0800] "POST /xingrg/login.do HTTP/1.1" 302 -
120.253.135.82 - - [07/Jan/2021:10:06:03 +0800] "GET /xingrg/index.html?sysBaseUrl=http%3A%2F%2F180.169.147.146%3A18081%2Fxingrg%2F&costTime=39×tamp=1609985163788 HTTP/1.1" 200 17173
120.253.135.82 - - [07/Jan/2021:10:06:03 +0800] "GET /xingrg/javascript/jquery_easy_ui/themes/default/easyui.css HTTP/1.1" 304 -
