180.162.108.15 - - [07/Jan/2021:10:45:37 +0800] "GET /xingrg/kc/buy/cgsh_order_list.html HTTP/1.1" 200 45647
180.162.108.15 - - [07/Jan/2021:10:45:37 +0800] "GET /xingrg/javascript/easyui/themes/default/easyui.css HTTP/1.1" 200 30432
180.162.108.15 - - [07/Jan/2021:10:45:37 +0800] "GET /xingrg/javascript/jquery_tools/jquery.tools.table.js HTTP/1.1" 200 6994
180.162.108.15 - - [07/Jan/2021:10:45:37 +0800] "GET /xingrg/javascript/jquery_tools/jquery.tools.hotkey.js HTTP/1.1" 200 3242
180.162.108.15 - - [07/Jan/2021:10:45:37 +0800] "GET /xingrg/javascript/jquery_tools/jquery.tools.extend.js HTTP/1.1" 200 15385
180.162.108.15 - - [07/Jan/2021:10:45:37 +0800] "GET /xingrg/javascript/jquery_tools/list_manager.js HTTP/1.1" 200 3652
180.162.108.15 - - [07/Jan/2021:10:45:37 +0800] "GET /xingrg/javascript/easyui/easyloader.js HTTP/1.1" 200 5975
180.162.108.15 - - [07/Jan/2021:10:45:37 +0800] "GET /xingrg/javascript/auto/jquery.autocomplete.js HTTP/1.1" 200 21624
180.162.108.15 - - [07/Jan/2021:10:45:37 +0800] "GET /xingrg/javascript/jquery.cookie.js HTTP/1.1" 200 5513
180.162.108.15 - - [07/Jan/2021:10:45:37 +0800] "GET /xingrg/javascript/print/LodopFuncs.js HTTP/1.1" 200 5121
61.165.42.208 - - [07/Jan/2021:10:45:37 +0800] "GET /xingrg/all/function/internal_message.html?_=1609987538769&CODE_STATE=getMsg HTTP/1.1" 200 27
117.185.32.26 - - [07/Jan/2021:10:45:37 +0800] "GET /xingrg/kc/buy/cgsh_order_operate.html?command=get_materiel&rest_code=00106&code=00101016053&supplier_code=00100032&order_time=2021-01-07 HTTP/1.1" 200 408
61.165.42.208 - - [07/Jan/2021:10:45:38 +0800] "POST /xingrg/kc/buy/cgsh_order_operate.html HTTP/1.1" 200 8010
180.162.108.15 - - [07/Jan/2021:10:45:39 +0800] "GET /xingrg/javascript/easyui/themes/icons/import_new.png HTTP/1.1" 200 1247
180.162.108.15 - - [07/Jan/2021:10:45:39 +0800] "GET /xingrg/javascript/easyui/themes/icons/field_new.png HTTP/1.1" 200 1097
180.162.108.15 - - [07/Jan/2021:10:45:39 +0800] "GET /xingrg/javascript/easyui/themes/icons/check_new.png HTTP/1.1" 200 3224
180.162.108.15 - - [07/Jan/2021:10:45:39 +0800] "GET /xingrg/javascript/easyui/themes/icons/cance_new.png HTTP/1.1" 200 3986
180.162.108.15 - - [07/Jan/2021:10:45:39 +0800] "GET /xingrg/javascript/easyui/themes/icons/edit_add_new.png HTTP/1.1" 200 2997
180.162.108.15 - - [07/Jan/2021:10:45:39 +0800] "GET /xingrg/javascript/easyui/plugins/jquery.parser.js HTTP/1.1" 200 1142
180.162.108.15 - - [07/Jan/2021:10:45:39 +0800] "GET /xingrg/images/control/ajaxLoader.gif HTTP/1.1" 200 4659
61.165.42.208 - - [07/Jan/2021:10:45:40 +0800] "GET /xingrg/kc/print/load_data.html?order_code=212021010702643&kc_code=cgsh&condition= HTTP/1.1" 200 2722
180.162.108.15 - - [07/Jan/2021:10:45:41 +0800] "POST /xingrg/kc/buy/cgsh_list_operate.html HTTP/1.1" 200 2060
101.227.139.173 - - [07/Jan/2021:10:45:42 +0800] "GET /xingrg/all/function/internal_message.html?_=1609986945764&CODE_STATE=getMsg HTTP/1.1" 302 -
180.157.253.48 - - [07/Jan/2021:10:45:42 +0800] "GET /xingrg/kc/buy/cgsh_order_operate.html?command=get_materiel&rest_code=00148&code=00101001010&supplier_code=00100036&order_time=2021-01-07 HTTP/1.1" 200 410
180.157.253.48 - - [07/Jan/2021:10:45:42 +0800] "GET /xingrg/javascript/easyui/themes/default/images/button_plain_hover.png HTTP/1.1" 304 -
58.40.7.146 - - [07/Jan/2021:10:45:43 +0800] "GET /xingrg/all/function/internal_message.html?_=1609987540757&CODE_STATE=getMsg HTTP/1.1" 200 27
58.40.7.146 - - [07/Jan/2021:10:45:43 +0800] "GET /xingrg/check_reg.html?_=1609987540758 HTTP/1.1" 200 22
172.17.0.111 - - [07/Jan/2021:10:45:43 +0800] "GET /xingrg/all/function/internal_message.html?_=1609987540502&CODE_STATE=getMsg HTTP/1.1" 200 27
61.165.42.208 - - [07/Jan/2021:10:45:44 +0800] "GET /xingrg/kc/buy/cgsh_order_add.html HTTP/1.1" 200 61425
101.227.139.173 - - [07/Jan/2021:10:45:44 +0800] "GET /xingrg/login.html HTTP/1.1" 200 7641
61.165.42.208 - - [07/Jan/2021:10:45:44 +0800] "GET /xingrg/javascript/easyui/themes/default/validatebox.css HTTP/1.1" 404 1104
61.165.42.208 - - [07/Jan/2021:10:45:44 +0800] "POST /xingrg/kc/buy/cgsh_order_operate.html HTTP/1.1" 200 8245
180.162.108.15 - - [07/Jan/2021:10:45:44 +0800] "POST /xingrg/kc/buy/cgsh_list_operate.html HTTP/1.1" 200 574
172.17.200.101 - - [07/Jan/2021:10:45:44 +0800] "GET /xingrg/all/function/internal_message.html?_=1609987545907&CODE_STATE=getMsg HTTP/1.1" 200 27
180.162.108.15 - - [07/Jan/2021:10:45:45 +0800] "GET /xingrg/kc/buy/cgsh_order_info.html?code=212021010602243 HTTP/1.1" 200 60466
180.162.108.15 - - [07/Jan/2021:10:45:45 +0800] "GET /xingrg/javascript/convert.js HTTP/1.1" 200 1239
180.162.108.15 - - [07/Jan/2021:10:45:45 +0800] "GET /xingrg/javascript/jquery_tools/order_manager.js HTTP/1.1" 200 11183
180.162.108.15 - - [07/Jan/2021:10:45:45 +0800] "GET /xingrg/javascript/json2.js HTTP/1.1" 200 11259
180.162.108.15 - - [07/Jan/2021:10:45:45 +0800] "GET /xingrg/javascript/print/kc_print.js HTTP/1.1" 200 11415
180.162.108.15 - - [07/Jan/2021:10:45:45 +0800] "GET /xingrg/words/20210107093242_words.js HTTP/1.1" 200 785101
180.162.108.15 - - [07/Jan/2021:10:45:45 +0800] "GET /xingrg/javascript/easyui/themes/icons/print.png HTTP/1.1" 200 1057
180.162.108.15 - - [07/Jan/2021:10:45:45 +0800] "GET /xingrg/javascript/easyui/themes/icons/template_new.png HTTP/1.1" 200 3956
180.162.108.15 - - [07/Jan/2021:10:45:45 +0800] "GET /xingrg/javascript/easyui/themes/icons/ok.png HTTP/1.1" 200 883
180.162.108.15 - - [07/Jan/2021:10:45:45 +0800] "GET /xingrg/javascript/easyui/themes/icons/copy_new.png HTTP/1.1" 200 815
180.162.108.15 - - [07/Jan/2021:10:45:45 +0800] "GET /xingrg/javascript/easyui/themes/default/images/menu_downarrow.png HTTP/1.1" 200 173
180.162.108.15 - - [07/Jan/2021:10:45:45 +0800] "GET /xingrg/javascript/easyui/themes/icons/cancel.png HTTP/1.1" 200 1133
117.185.32.26 - - [07/Jan/2021:10:45:45 +0800] "GET /xingrg/kc/buy/cgsh_order_operate.html?command=get_materiel&rest_code=00106&code=00101010248&supplier_code=00100032&order_time=2021-01-07 HTTP/1.1" 200 430
180.162.108.15 - - [07/Jan/2021:10:45:45 +0800] "GET /xingrg/javascript/easyui/themes/default/validatebox.css HTTP/1.1" 404 1104
180.162.108.15 - - [07/Jan/2021:10:45:45 +0800] "GET /xingrg/all/common/auto_word.html?type=employee&rest_code=00143 HTTP/1.1" 200 55
180.162.108.15 - - [07/Jan/2021:10:45:45 +0800] "GET /xingrg/javascript/easyui/plugins/jquery.validatebox.js HTTP/1.1" 200 6103
180.162.108.15 - - [07/Jan/2021:10:45:45 +0800] "GET /xingrg/all/common/auto_word.html?type=employee&rest_code=00143 HTTP/1.1" 200 55
180.162.108.15 - - [07/Jan/2021:10:45:46 +0800] "GET /xingrg/javascript/easyui/plugins/jquery.numberbox.js HTTP/1.1" 200 5213
180.162.108.15 - - [07/Jan/2021:10:45:46 +0800] "POST /xingrg/kc/buy/cgsh_order_operate.html HTTP/1.1" 200 9808
180.162.108.15 - - [07/Jan/2021:10:45:46 +0800] "GET /xingrg/javascript/easyui/themes/icons/edit_remove.png HTTP/1.1" 200 625
117.185.32.26 - - [07/Jan/2021:10:45:47 +0800] "POST /xingrg/all/common/load_select.html HTTP/1.1" 200 25
180.157.253.48 - - [07/Jan/2021:10:45:48 +0800] "GET /xingrg/javascript/easyui/themes/default/images/button_plain_hover.png HTTP/1.1" 304 -
117.185.32.26 - - [07/Jan/2021:10:45:49 +0800] "GET /xingrg/kc/buy/cgsh_order_operate.html?command=get_materiel_price&rest_code=00106&code=00101010248&unit_code=00100043&supplier_code=00100032&order_time=2021-01-07 HTTP/1.1" 200 29
180.162.108.15 - - [07/Jan/2021:10:45:50 +0800] "GET /xingrg/system/info/materiel_import.html?isSelect=1&singleSelect=false HTTP/1.1" 200 5600
180.162.108.15 - - [07/Jan/2021:10:45:50 +0800] "GET /xingrg/css/xtree.css HTTP/1.1" 200 880
180.162.108.15 - - [07/Jan/2021:10:45:50 +0800] "GET /xingrg/javascript/jquery_ui/themes/base/base.css HTTP/1.1" 200 28568
180.162.108.15 - - [07/Jan/2021:10:45:51 +0800] "GET /xingrg/javascript/jquery_easy_ui/themes/default/images/button_a_bg.gif HTTP/1.1" 200 1194
180.162.108.15 - - [07/Jan/2021:10:45:51 +0800] "GET /xingrg/javascript/jquery_easy_ui/themes/default/images/button_span_bg.gif HTTP/1.1" 200 2061
180.162.108.15 - - [07/Jan/2021:10:45:51 +0800] "GET /xingrg/javascript/jquery_easy_ui/themes/icons/check_new.png HTTP/1.1" 200 3224
180.162.108.15 - - [07/Jan/2021:10:45:51 +0800] "GET /xingrg/javascript/jquery_easy_ui/themes/icons/search.png HTTP/1.1" 200 813
180.162.108.15 - - [07/Jan/2021:10:45:51 +0800] "POST /xingrg/all/common/load_tree.html?tree=materiel_sort_tree_json HTTP/1.1" 200 8666
180.162.108.15 - - [07/Jan/2021:10:45:51 +0800] "GET /xingrg/javascript/jquery_easy_ui/themes/default/images/datagrid_header_bg.gif HTTP/1.1" 200 97
180.162.108.15 - - [07/Jan/2021:10:45:51 +0800] "GET /xingrg/javascript/jquery_easy_ui/themes/default/images/pagination_first.gif HTTP/1.1" 200 925
180.162.108.15 - - [07/Jan/2021:10:45:51 +0800] "GET /xingrg/javascript/jquery_easy_ui/themes/icons/edit_add.png HTTP/1.1" 200 1088
180.162.108.15 - - [07/Jan/2021:10:45:51 +0800] "GET /xingrg/javascript/jquery_easy_ui/themes/default/images/pagination_prev.gif HTTP/1.1" 200 879
180.162.108.15 - - [07/Jan/2021:10:45:51 +0800] "GET /xingrg/javascript/jquery_easy_ui/themes/default/images/pagination_last.gif HTTP/1.1" 200 923
180.162.108.15 - - [07/Jan/2021:10:45:51 +0800] "GET /xingrg/javascript/jquery_easy_ui/themes/default/images/pagination_next.gif HTTP/1.1" 200 875
180.162.108.15 - - [07/Jan/2021:10:45:51 +0800] "GET /favicon.ico HTTP/1.1" 404 -
180.162.108.15 - - [07/Jan/2021:10:45:51 +0800] "GET /xingrg/javascript/jquery_easy_ui/themes/default/images/pagination_load.png HTTP/1.1" 200 827
180.175.150.119 - - [07/Jan/2021:10:45:51 +0800] "GET /xingrg/all/function/internal_message.html?_=1609987786952&CODE_STATE=getMsg HTTP/1.1" 200 27
180.156.237.57 - - [07/Jan/2021:10:45:52 +0800] "GET /xingrg/all/function/internal_message.html?_=1609987528735&CODE_STATE=getMsg HTTP/1.1" 200 27
58.37.230.33 - - [07/Jan/2021:10:45:53 +0800] "GET /xingrg/all/function/internal_message.html?_=1609987114292&CODE_STATE=getMsg HTTP/1.1" 200 27
61.165.42.208 - - [07/Jan/2021:10:45:53 +0800] "GET /xingrg/kc/buy/cgsh_order_operate.html?command=get_materiel&rest_code=00105&code=00101002006&supplier_code=00100091&order_time=2021-01-07 HTTP/1.1" 200 414
222.69.133.86 - - [07/Jan/2021:10:45:55 +0800] "GET /xingrg/all/function/internal_message.html?_=1609987552852&CODE_STATE=getMsg HTTP/1.1" 200 27
222.69.133.86 - - [07/Jan/2021:10:45:55 +0800] "GET /xingrg/kc/buy/cgsh_order_add.html HTTP/1.1" 200 61431
222.69.133.86 - - [07/Jan/2021:10:45:55 +0800] "POST /xingrg/kc/buy/cgsh_order_operate.html HTTP/1.1" 200 8245
222.69.133.86 - - [07/Jan/2021:10:45:55 +0800] "GET /xingrg/javascript/easyui/themes/default/validatebox.css HTTP/1.1" 404 1104
117.185.32.26 - - [07/Jan/2021:10:45:58 +0800] "GET /xingrg/kc/buy/cgsh_order_operate.html?command=get_materiel&rest_code=00106&code=00101016105&supplier_code=00100032&order_time=2021-01-07 HTTP/1.1" 200 409
172.17.0.108 - - [07/Jan/2021:10:45:59 +0800] "GET /xingrg/all/function/internal_message.html?_=1609987558104&CODE_STATE=getMsg HTTP/1.1" 200 27
180.162.108.15 - - [07/Jan/2021:10:46:01 +0800] "GET /xingrg/javascript/auto/indicator.gif HTTP/1.1" 404 1066
172.17.0.128 - - [07/Jan/2021:10:46:01 +0800] "GET /xingrg/all/function/internal_message.html?_=1609987503206&CODE_STATE=getMsg HTTP/1.1" 200 27
116.228.172.94 - - [07/Jan/2021:10:46:02 +0800] "GET /xingrg/all/function/internal_message.html?_=1609987554618&CODE_STATE=getMsg HTTP/1.1" 200 27
61.165.42.208 - - [07/Jan/2021:10:46:03 +0800] "GET /xingrg/kc/buy/cgsh_order_operate.html?command=get_materiel&rest_code=00105&code=00101002034&supplier_code=00100091&order_time=2021-01-07 HTTP/1.1" 200 409
222.69.133.86 - - [07/Jan/2021:10:46:08 +0800] "GET /xingrg/kc/buy/cgsh_order_operate.html?command=get_materiel&rest_code=00149&code=00101029084&supplier_code=00100019&order_time=2021-01-07 HTTP/1.1" 200 23
61.165.42.208 - - [07/Jan/2021:10:46:13 +0800] "POST /xingrg/kc/buy/cgsh_order_operate.html HTTP/1.1" 200 37
117.185.32.26 - - [07/Jan/2021:10:46:13 +0800] "POST /xingrg/kc/buy/cgsh_order_operate.html HTTP/1.1" 200 88
117.185.32.26 - - [07/Jan/2021:10:46:14 +0800] "GET /xingrg/all/function/internal_message.html?_=1609988041835&CODE_STATE=getMsg HTTP/1.1" 200 27
180.162.108.15 - - [07/Jan/2021:10:46:14 +0800] "GET /xingrg/kc/buy/cgsh_order_operate.html?command=get_materiel&rest_code=00143&code=00101010247&supplier_code=00100207&order_time=2021-01-06 HTTP/1.1" 200 410
172.17.0.120 - - [07/Jan/2021:10:46:15 +0800] "GET /xingrg/all/function/internal_message.html?_=1609987577687&CODE_STATE=getMsg HTTP/1.1" 200 27
114.88.169.67 - - [07/Jan/2021:10:46:17 +0800] "GET /xingrg/all/function/internal_message.html?_=1609987573160&CODE_STATE=getMsg HTTP/1.1" 302 -
222.69.133.86 - - [07/Jan/2021:10:46:17 +0800] "GET /xingrg/index.html?sysBaseUrl=http%3A%2F%2F180.169.147.146%3A18081%2Fxingrg%2F&costTime=52×tamp=1591679117969 HTTP/1.1" 200 17179
222.69.133.86 - - [07/Jan/2021:10:46:17 +0800] "POST /xingrg/all/common/load_tree.html?tree=area_rest_tree_json&manage=1 HTTP/1.1" 200 351
222.69.133.86 - - [07/Jan/2021:10:46:18 +0800] "GET /xingrg/all/function/internal_message.html?_=1609987575874&CODE_STATE=count HTTP/1.1" 200 11
222.69.133.86 - - [07/Jan/2021:10:46:18 +0800] "GET /xingrg/check_reg.html?_=1609987575874 HTTP/1.1" 200 22
222.69.133.86 - - [07/Jan/2021:10:46:18 +0800] "POST /xingrg/load_menu.html HTTP/1.1" 200 5138
222.69.133.86 - - [07/Jan/2021:10:46:18 +0800] "GET /favicon.ico HTTP/1.1" 404 -
117.185.32.26 - - [07/Jan/2021:10:46:18 +0800] "POST /xingrg/kc/buy/cgsh_order_operate.html HTTP/1.1" 200 37
117.185.32.26 - - [07/Jan/2021:10:46:19 +0800] "POST /xingrg/kc/buy/cgsh_order_operate.html HTTP/1.1" 200 6813
222.70.170.138 - - [07/Jan/2021:10:46:20 +0800] "GET /xingrg/all/function/internal_message.html?_=1609987578665&CODE_STATE=getMsg HTTP/1.1" 200 27
117.131.5.26 - - [07/Jan/2021:10:46:21 +0800] "GET /xingrg/all/function/internal_message.html?_=1609987627989&CODE_STATE=getMsg HTTP/1.1" 200 27
61.165.42.208 - - [07/Jan/2021:10:46:21 +0800] "POST /xingrg/kc/buy/cgsh_order_operate.html HTTP/1.1" 200 3252
61.165.42.208 - - [07/Jan/2021:10:46:23 +0800] "GET /xingrg/kc/print/load_data.html?order_code=212021010702644&kc_code=cgsh&condition= HTTP/1.1" 200 964
117.185.32.26 - - [07/Jan/2021:10:46:24 +0800] "GET /xingrg/all/function/internal_message.html?_=1609987576809&CODE_STATE=getMsg HTTP/1.1" 200 27
117.185.32.26 - - [07/Jan/2021:10:46:25 +0800] "POST /xingrg/kc/buy/cgsh_order_operate.html HTTP/1.1" 200 37
117.185.32.26 - - [07/Jan/2021:10:46:27 +0800] "POST /xingrg/kc/buy/cgsh_order_operate.html HTTP/1.1" 200 12
61.165.42.208 - - [07/Jan/2021:10:46:27 +0800] "GET /xingrg/kc/buy/cgsh_order_add.html HTTP/1.1" 200 61425
117.185.32.26 - - [07/Jan/2021:10:46:28 +0800] "GET /xingrg/kc/buy/cgsh_order_info.html?code=212021010702646 HTTP/1.1" 200 56291
61.165.42.208 - - [07/Jan/2021:10:46:28 +0800] "GET /xingrg/javascript/easyui/themes/default/validatebox.css HTTP/1.1" 404 1104
61.165.42.208 - - [07/Jan/2021:10:46:28 +0800] "POST /xingrg/kc/buy/cgsh_order_operate.html HTTP/1.1" 200 8245
117.185.32.26 - - [07/Jan/2021:10:46:28 +0800] "GET /xingrg/javascript/easyui/themes/default/validatebox.css HTTP/1.1" 404 1104
117.185.32.26 - - [07/Jan/2021:10:46:29 +0800] "POST /xingrg/kc/buy/cgsh_order_operate.html HTTP/1.1" 200 4759
117.185.32.26 - - [07/Jan/2021:10:46:30 +0800] "GET /xingrg/kc/print/load_data.html?order_code=212021010702646&kc_code=cgsh&condition= HTTP/1.1" 200 2310
58.37.230.33 - - [07/Jan/2021:10:46:30 +0800] "GET /xingrg/all/function/internal_message.html?_=1609987605780&CODE_STATE=getMsg HTTP/1.1" 200 27
180.157.253.48 - - [07/Jan/2021:10:46:31 +0800] "GET /xingrg/all/function/internal_message.html?_=1609987594321&CODE_STATE=getMsg HTTP/1.1" 200 27
180.162.108.15 - - [07/Jan/2021:10:46:32 +0800] "GET /xingrg/all/function/internal_message.html?_=1609987466694&CODE_STATE=getMsg HTTP/1.1" 200 27
180.156.237.57 - - [07/Jan/2021:10:46:34 +0800] "GET /xingrg/all/function/internal_message.html?_=1609987593391&CODE_STATE=getMsg HTTP/1.1" 200 27
222.69.133.86 - - [07/Jan/2021:10:46:35 +0800] "GET /xingrg/kc/buy/cgsh_order_list.html HTTP/1.1" 200 45647
180.157.253.48 - - [07/Jan/2021:10:46:35 +0800] "GET /xingrg/all/function/internal_message.html?_=1609987595806&CODE_STATE=getMsg HTTP/1.1" 200 27
222.69.133.86 - - [07/Jan/2021:10:46:35 +0800] "POST /xingrg/kc/buy/cgsh_list_operate.html HTTP/1.1" 200 876
61.165.42.208 - - [07/Jan/2021:10:46:36 +0800] "GET /xingrg/kc/buy/cgsh_order_operate.html?command=get_materiel&rest_code=00105&code=00101007032&supplier_code=00100328&order_time=2021-01-07 HTTP/1.1" 200 432
120.253.135.82 - - [07/Jan/2021:10:46:37 +0800] "GET /xingrg/all/function/internal_message.html?_=1609987634867&CODE_STATE=getMsg HTTP/1.1" 200 27
61.165.42.208 - - [07/Jan/2021:10:46:37 +0800] "GET /xingrg/all/function/internal_message.html?_=1609987598748&CODE_STATE=getMsg HTTP/1.1" 200 27
180.157.253.48 - - [07/Jan/2021:10:46:37 +0800] "GET /xingrg/javascript/easyui/themes/default/images/button_plain_hover.png HTTP/1.1" 304 -
180.157.253.48 - - [07/Jan/2021:10:46:37 +0800] "GET /xingrg/javascript/easyui/themes/default/images/button_plain_hover.png HTTP/1.1" 304 -
180.157.253.48 - - [07/Jan/2021:10:46:37 +0800] "GET /xingrg/javascript/easyui/themes/default/images/button_plain_hover.png HTTP/1.1" 304 -
180.157.253.48 - - [07/Jan/2021:10:46:37 +0800] "GET /xingrg/javascript/easyui/themes/default/images/button_plain_hover.png HTTP/1.1" 304 -
180.157.253.48 - - [07/Jan/2021:10:46:37 +0800] "GET /xingrg/javascript/easyui/themes/default/images/button_plain_hover.png HTTP/1.1" 304 -
222.69.133.86 - - [07/Jan/2021:10:46:38 +0800] "GET /xingrg/kc/buy/cgsh_order_add.html HTTP/1.1" 200 61431
117.185.32.26 - - [07/Jan/2021:10:46:38 +0800] "GET /xingrg/kc/print/load_data.html?order_code=212021010702646&kc_code=cgsh HTTP/1.1" 200 2310
222.69.133.86 - - [07/Jan/2021:10:46:38 +0800] "POST /xingrg/kc/buy/cgsh_order_operate.html HTTP/1.1" 200 8245
222.69.133.86 - - [07/Jan/2021:10:46:38 +0800] "GET /xingrg/all/common/auto_word.html?type=employee&rest_code=00149 HTTP/1.1" 200 197
222.69.133.86 - - [07/Jan/2021:10:46:38 +0800] "GET /xingrg/all/common/auto_word.html?type=employee&rest_code=00149 HTTP/1.1" 200 197
222.69.133.86 - - [07/Jan/2021:10:46:38 +0800] "GET /xingrg/javascript/easyui/themes/default/validatebox.css HTTP/1.1" 404 1104
180.157.253.48 - - [07/Jan/2021:10:46:39 +0800] "POST /xingrg/kc/buy/cgsh_order_operate.html HTTP/1.1" 200 37
180.157.253.48 - - [07/Jan/2021:10:46:40 +0800] "POST /xingrg/kc/buy/cgsh_order_operate.html HTTP/1.1" 200 5613
180.157.253.48 - - [07/Jan/2021:10:46:41 +0800] "GET /xingrg/javascript/easyui/themes/default/images/button_plain_hover.png HTTP/1.1" 304 -
180.157.253.48 - - [07/Jan/2021:10:46:41 +0800] "GET /xingrg/javascript/easyui/themes/default/images/button_plain_hover.png HTTP/1.1" 304 -
180.157.253.48 - - [07/Jan/2021:10:46:41 +0800] "GET /xingrg/javascript/easyui/themes/default/images/button_plain_hover.png HTTP/1.1" 304 -
180.157.253.48 - - [07/Jan/2021:10:46:41 +0800] "GET /xingrg/kc/buy/cgsh_order_add.html HTTP/1.1" 200 61378
180.157.253.48 - - [07/Jan/2021:10:46:41 +0800] "GET /xingrg/css/base.css HTTP/1.1" 304 -
180.157.253.48 - - [07/Jan/2021:10:46:41 +0800] "GET /xingrg/javascript/jquery_tools/datebox.css HTTP/1.1" 304 -
180.157.253.48 - - [07/Jan/2021:10:46:41 +0800] "GET /xingrg/css/site.css HTTP/1.1" 304 -
180.157.253.48 - - [07/Jan/2021:10:46:41 +0800] "GET /xingrg/javascript/easyui/themes/default/easyui.css HTTP/1.1" 304 -
180.157.253.48 - - [07/Jan/2021:10:46:41 +0800] "GET /xingrg/javascript/easyui/themes/icon.css HTTP/1.1" 304 -
180.157.253.48 - - [07/Jan/2021:10:46:41 +0800] "GET /xingrg/javascript/jquery_tools/fix.css HTTP/1.1" 304 -
180.157.253.48 - - [07/Jan/2021:10:46:41 +0800] "GET /xingrg/javascript/jquery_tools/table.css HTTP/1.1" 304 -
180.157.253.48 - - [07/Jan/2021:10:46:41 +0800] "GET /xingrg/javascript/pic_change.js HTTP/1.1" 304 -
180.157.253.48 - - [07/Jan/2021:10:46:41 +0800] "GET /xingrg/javascript/jquery_tools/jquery.tools.extend.js HTTP/1.1" 304 -
180.157.253.48 - - [07/Jan/2021:10:46:41 +0800] "GET /xingrg/javascript/jquery_tools/jquery.tools.hotkey.js HTTP/1.1" 304 -
180.157.253.48 - - [07/Jan/2021:10:46:41 +0800] "GET /xingrg/javascript/jquery_tools/jquery.tools.table.js HTTP/1.1" 304 -
180.157.253.48 - - [07/Jan/2021:10:46:41 +0800] "GET /xingrg/javascript/auto/jquery.autocomplete.js HTTP/1.1" 304 -
180.157.253.48 - - [07/Jan/2021:10:46:41 +0800] "GET /xingrg/javascript/jquery.utils.js HTTP/1.1" 304 -
180.157.253.48 - - [07/Jan/2021:10:46:41 +0800] "GET /xingrg/javascript/easyui/easyloader.js HTTP/1.1" 304 -
180.157.253.48 - - [07/Jan/2021:10:46:41 +0800] "GET /xingrg/javascript/jquery_tools/order_manager.js HTTP/1.1" 304 -
180.157.253.48 - - [07/Jan/2021:10:46:41 +0800] "GET /xingrg/javascript/convert.js HTTP/1.1" 304 -
180.157.253.48 - - [07/Jan/2021:10:46:41 +0800] "GET /xingrg/javascript/json2.js HTTP/1.1" 304 -
180.157.253.48 - - [07/Jan/2021:10:46:41 +0800] "GET /xingrg/javascript/jquery.cookie.js HTTP/1.1" 304 -
180.157.253.48 - - [07/Jan/2021:10:46:41 +0800] "GET /xingrg/javascript/print/kc_print.js HTTP/1.1" 304 -
180.157.253.48 - - [07/Jan/2021:10:46:41 +0800] "GET /xingrg/javascript/print/LodopFuncs.js HTTP/1.1" 304 -
180.157.253.48 - - [07/Jan/2021:10:46:41 +0800] "GET /xingrg/javascript/jquery_tools/jquery.tools.min.js HTTP/1.1" 304 -
180.157.253.48 - - [07/Jan/2021:10:46:41 +0800] "GET /xingrg/javascript/auto/jquery.autocomplete.css HTTP/1.1" 304 -
180.157.253.48 - - [07/Jan/2021:10:46:41 +0800] "GET /xingrg/words/20210107093242_words.js HTTP/1.1" 304 -
180.157.253.48 - - [07/Jan/2021:10:46:41 +0800] "GET /xingrg/javascript/easyui/themes/icons/copy_new.png HTTP/1.1" 304 -
180.157.253.48 - - [07/Jan/2021:10:46:41 +0800] "GET /xingrg/javascript/easyui/themes/icons/template_new.png HTTP/1.1" 304 -
180.157.253.48 - - [07/Jan/2021:10:46:41 +0800] "GET /xingrg/javascript/easyui/themes/icons/ok.png HTTP/1.1" 304 -
180.157.253.48 - - [07/Jan/2021:10:46:41 +0800] "GET /xingrg/javascript/easyui/themes/icons/print.png HTTP/1.1" 304 -
180.157.253.48 - - [07/Jan/2021:10:46:41 +0800] "GET /xingrg/javascript/easyui/themes/default/images/menu_downarrow.png HTTP/1.1" 304 -
180.157.253.48 - - [07/Jan/2021:10:46:41 +0800] "GET /xingrg/javascript/easyui/themes/icons/cancel.png HTTP/1.1" 304 -
180.157.253.48 - - [07/Jan/2021:10:46:41 +0800] "GET /xingrg/javascript/easyui/plugins/jquery.parser.js HTTP/1.1" 304 -
180.157.253.48 - - [07/Jan/2021:10:46:41 +0800] "POST /xingrg/kc/buy/cgsh_order_operate.html HTTP/1.1" 200 8245
180.157.253.48 - - [07/Jan/2021:10:46:41 +0800] "GET /xingrg/all/common/auto_word.html?type=employee&rest_code=00148 HTTP/1.1" 200 197
180.157.253.48 - - [07/Jan/2021:10:46:41 +0800] "GET /xingrg/all/common/auto_word.html?type=employee&rest_code=00148 HTTP/1.1" 200 197
180.157.253.48 - - [07/Jan/2021:10:46:41 +0800] "GET /xingrg/javascript/easyui/themes/default/validatebox.css HTTP/1.1" 404 1104
180.157.253.48 - - [07/Jan/2021:10:46:41 +0800] "GET /xingrg/javascript/easyui/plugins/jquery.validatebox.js HTTP/1.1" 304 -
180.157.253.48 - - [07/Jan/2021:10:46:41 +0800] "GET /xingrg/javascript/easyui/plugins/jquery.numberbox.js HTTP/1.1" 304 -
222.69.133.86 - - [07/Jan/2021:10:46:42 +0800] "GET /xingrg/javascript/auto/indicator.gif HTTP/1.1" 404 1066
222.69.133.86 - - [07/Jan/2021:10:46:42 +0800] "GET /xingrg/javascript/jquery_tools/images/prev.gif HTTP/1.1" 404 1086
222.69.133.86 - - [07/Jan/2021:10:46:42 +0800] "GET /xingrg/javascript/jquery_tools/images/next.gif HTTP/1.1" 404 1086
58.40.7.146 - - [07/Jan/2021:10:46:43 +0800] "GET /xingrg/all/function/internal_message.html?_=1609987600759&CODE_STATE=getMsg HTTP/1.1" 200 27
172.17.0.111 - - [07/Jan/2021:10:46:43 +0800] "GET /xingrg/all/function/internal_message.html?_=1609987600505&CODE_STATE=getMsg HTTP/1.1" 200 27
172.17.200.101 - - [07/Jan/2021:10:46:44 +0800] "GET /xingrg/all/function/internal_message.html?_=1609987605908&CODE_STATE=getMsg HTTP/1.1" 200 27
120.204.17.70 - - [07/Jan/2021:10:46:46 +0800] "GET /xingrg/kc/print/load_data.html?order_code=212021010702629&kc_code=cgsh&condition= HTTP/1.1" 302 -
61.165.42.208 - - [07/Jan/2021:10:46:48 +0800] "POST /xingrg/kc/buy/cgsh_order_operate.html HTTP/1.1" 200 37
222.69.133.86 - - [07/Jan/2021:10:46:49 +0800] "GET /xingrg/kc/buy/cgsh_order_operate.html?command=get_materiel&rest_code=00149&code=00101029084&supplier_code=00100019&order_time=2021-01-07 HTTP/1.1" 200 434
120.204.17.70 - - [07/Jan/2021:10:46:51 +0800] "GET /xingrg/login.html HTTP/1.1" 200 7641
180.156.237.57 - - [07/Jan/2021:10:46:52 +0800] "GET /xingrg/all/function/internal_message.html?_=1609987588758&CODE_STATE=getMsg HTTP/1.1" 200 27
58.37.230.33 - - [07/Jan/2021:10:46:53 +0800] "GET /xingrg/all/function/internal_message.html?_=1609987174298&CODE_STATE=getMsg HTTP/1.1" 200 27
180.162.108.15 - - [07/Jan/2021:10:46:53 +0800] "GET /xingrg/javascript/easyui/themes/default/images/button_plain_hover.png HTTP/1.1" 200 144
180.175.150.119 - - [07/Jan/2021:10:46:53 +0800] "GET /xingrg/all/function/internal_message.html?_=1609987848472&CODE_STATE=getMsg HTTP/1.1" 200 27
180.157.253.48 - - [07/Jan/2021:10:46:54 +0800] "GET /xingrg/javascript/pic_change.js HTTP/1.1" 304 -
180.157.253.48 - - [07/Jan/2021:10:46:54 +0800] "GET /xingrg/javascript/jquery_tools/jquery.tools.table.js HTTP/1.1" 304 -
180.157.253.48 - - [07/Jan/2021:10:46:54 +0800] "GET /xingrg/javascript/auto/jquery.autocomplete.js HTTP/1.1" 304 -
180.157.253.48 - - [07/Jan/2021:10:46:54 +0800] "GET /xingrg/javascript/jquery_tools/jquery.tools.min.js HTTP/1.1" 304 -
180.157.253.48 - - [07/Jan/2021:10:46:54 +0800] "GET /xingrg/javascript/jquery_tools/jquery.tools.extend.js HTTP/1.1" 304 -
180.157.253.48 - - [07/Jan/2021:10:46:54 +0800] "GET /xingrg/javascript/jquery_tools/jquery.tools.hotkey.js HTTP/1.1" 304 -
180.157.253.48 - - [07/Jan/2021:10:46:54 +0800] "GET /xingrg/javascript/easyui/easyloader.js HTTP/1.1" 304 -
180.157.253.48 - - [07/Jan/2021:10:46:54 +0800] "GET /xingrg/javascript/jquery.utils.js HTTP/1.1" 304 -
180.157.253.48 - - [07/Jan/2021:10:46:54 +0800] "GET /xingrg/javascript/jquery_tools/order_manager.js HTTP/1.1" 304 -
180.157.253.48 - - [07/Jan/2021:10:46:54 +0800] "GET /xingrg/javascript/json2.js HTTP/1.1" 304 -
180.157.253.48 - - [07/Jan/2021:10:46:54 +0800] "GET /xingrg/javascript/print/LodopFuncs.js HTTP/1.1" 304 -
180.157.253.48 - - [07/Jan/2021:10:46:54 +0800] "GET /xingrg/javascript/jquery.cookie.js HTTP/1.1" 304 -
180.157.253.48 - - [07/Jan/2021:10:46:54 +0800] "GET /xingrg/javascript/print/kc_print.js HTTP/1.1" 304 -
180.157.253.48 - - [07/Jan/2021:10:46:54 +0800] "GET /xingrg/javascript/easyui/plugins/jquery.validatebox.js HTTP/1.1" 304 -
180.157.253.48 - - [07/Jan/2021:10:46:54 +0800] "GET /xingrg/words/20210107093242_words.js HTTP/1.1" 304 -
180.157.253.48 - - [07/Jan/2021:10:46:54 +0800] "GET /xingrg/javascript/easyui/plugins/jquery.numberbox.js HTTP/1.1" 304 -
180.157.253.48 - - [07/Jan/2021:10:46:54 +0800] "GET /xingrg/javascript/easyui/plugins/jquery.parser.js HTTP/1.1" 304 -
180.157.253.48 - - [07/Jan/2021:10:46:54 +0800] "GET /xingrg/javascript/convert.js HTTP/1.1" 304 -
172.17.0.108 - - [07/Jan/2021:10:46:59 +0800] "GET /xingrg/all/function/internal_message.html?_=1609987618106&CODE_STATE=getMsg HTTP/1.1" 200 27
180.157.253.48 - - [07/Jan/2021:10:47:01 +0800] "GET /xingrg/kc/buy/cgsh_order_operate.html?command=get_materiel&rest_code=00148&code=00101006130&supplier_code=00100010&order_time=2021-01-07 HTTP/1.1" 200 427
172.17.0.128 - - [07/Jan/2021:10:47:01 +0800] "GET /xingrg/all/function/internal_message.html?_=1609987563192&CODE_STATE=getMsg HTTP/1.1" 200 27
116.228.172.94 - - [07/Jan/2021:10:47:01 +0800] "GET /xingrg/all/function/internal_message.html?_=1609987614602&CODE_STATE=getMsg HTTP/1.1" 200 27
117.185.32.26 - - [07/Jan/2021:10:47:05 +0800] "GET /xingrg/kc/buy/cgsh_order_add.html HTTP/1.1" 200 61384
117.185.32.26 - - [07/Jan/2021:10:47:05 +0800] "POST /xingrg/kc/buy/cgsh_order_operate.html HTTP/1.1" 200 8245
117.185.32.26 - - [07/Jan/2021:10:47:06 +0800] "GET /xingrg/javascript/easyui/themes/default/validatebox.css HTTP/1.1" 404 1104
117.185.32.26 - - [07/Jan/2021:10:47:06 +0800] "GET /xingrg/javascript/easyui/themes/default/tree.css HTTP/1.1" 404 1090
117.185.32.26 - - [07/Jan/2021:10:47:06 +0800] "POST /xingrg/all/common/load_tree.html?tree=supplier_tree_json&isDelete=1 HTTP/1.1" 200 53432
222.70.170.138 - - [07/Jan/2021:10:47:10 +0800] "GET /xingrg/check_reg.html?_=1609987628454 HTTP/1.1" 200 22
180.157.253.48 - - [07/Jan/2021:10:47:13 +0800] "GET /xingrg/kc/buy/cgsh_order_operate.html?command=get_materiel&rest_code=00148&code=00101006115&supplier_code=00100010&order_time=2021-01-07 HTTP/1.1" 200 409
117.185.32.26 - - [07/Jan/2021:10:47:14 +0800] "GET /xingrg/all/function/internal_message.html?_=1609988101833&CODE_STATE=getMsg HTTP/1.1" 200 27
117.185.32.26 - - [07/Jan/2021:10:47:14 +0800] "GET /xingrg/check_reg.html?_=1609988101838 HTTP/1.1" 200 22
114.88.169.67 - - [07/Jan/2021:10:47:15 +0800] "GET /xingrg/check_reg.html?_=1609987631165 HTTP/1.1" 302 -
172.17.0.120 - - [07/Jan/2021:10:47:15 +0800] "GET /xingrg/check_reg.html?_=1609987637672 HTTP/1.1" 200 22
172.17.0.120 - - [07/Jan/2021:10:47:15 +0800] "GET /xingrg/all/function/internal_message.html?_=1609987637677&CODE_STATE=getMsg HTTP/1.1" 200 27
117.185.32.26 - - [07/Jan/2021:10:47:16 +0800] "GET /xingrg/kc/buy/cgsh_order_operate.html?command=get_materiel&rest_code=00106&code=00101009045&supplier_code=00100022&order_time=2021-01-07 HTTP/1.1" 200 414
114.88.169.67 - - [07/Jan/2021:10:47:17 +0800] "GET /xingrg/all/function/internal_message.html?_=1609987633173&CODE_STATE=getMsg HTTP/1.1" 302 -
222.69.133.86 - - [07/Jan/2021:10:47:18 +0800] "GET /xingrg/all/function/internal_message.html?_=1609987635891&CODE_STATE=getMsg HTTP/1.1" 200 27
222.69.133.86 - - [07/Jan/2021:10:47:19 +0800] "GET /xingrg/kc/buy/cgsh_order_operate.html?command=get_materiel&rest_code=00149&code=00101028011&supplier_code=00100019&order_time=2021-01-07 HTTP/1.1" 200 473
61.165.42.208 - - [07/Jan/2021:10:47:20 +0800] "POST /xingrg/kc/buy/cgsh_order_operate.html HTTP/1.1" 200 2659
222.70.170.138 - - [07/Jan/2021:10:47:20 +0800] "GET /xingrg/all/function/internal_message.html?_=1609987638678&CODE_STATE=getMsg HTTP/1.1" 200 27
117.131.5.26 - - [07/Jan/2021:10:47:21 +0800] "GET /xingrg/all/function/internal_message.html?_=1609987688014&CODE_STATE=getMsg HTTP/1.1" 200 27
61.165.42.208 - - [07/Jan/2021:10:47:22 +0800] "GET /xingrg/kc/print/load_data.html?order_code=212021010702648&kc_code=cgsh&condition= HTTP/1.1" 200 679
117.185.32.26 - - [07/Jan/2021:10:47:24 +0800] "GET /xingrg/all/function/internal_message.html?_=1609987636800&CODE_STATE=getMsg HTTP/1.1" 200 27
61.165.42.208 - - [07/Jan/2021:10:47:25 +0800] "GET /xingrg/kc/buy/cgsh_order_add.html HTTP/1.1" 200 61425
61.165.42.208 - - [07/Jan/2021:10:47:26 +0800] "POST /xingrg/kc/buy/cgsh_order_operate.html HTTP/1.1" 200 8245
61.165.42.208 - - [07/Jan/2021:10:47:26 +0800] "GET /xingrg/javascript/easyui/themes/default/validatebox.css HTTP/1.1" 404 1104
58.37.230.33 - - [07/Jan/2021:10:47:30 +0800] "GET /xingrg/all/function/internal_message.html?_=1609987665778&CODE_STATE=getMsg HTTP/1.1" 200 27
180.157.253.48 - - [07/Jan/2021:10:47:31 +0800] "GET /xingrg/all/function/internal_message.html?_=1609987654335&CODE_STATE=getMsg HTTP/1.1" 200 27
180.162.108.15 - - [07/Jan/2021:10:47:32 +0800] "GET /xingrg/all/function/internal_message.html?_=1609987526684&CODE_STATE=getMsg HTTP/1.1" 200 27
222.69.133.86 - - [07/Jan/2021:10:47:33 +0800] "GET /xingrg/kc/buy/cgsh_order_operate.html?command=get_materiel&rest_code=00149&code=00101020079&supplier_code=00100019&order_time=2021-01-07 HTTP/1.1" 200 421
117.185.32.26 - - [07/Jan/2021:10:47:34 +0800] "GET /xingrg/kc/buy/cgsh_order_operate.html?command=get_materiel&rest_code=00106&code=00101009007&supplier_code=00100022&order_time=2021-01-07 HTTP/1.1" 200 408
180.156.237.57 - - [07/Jan/2021:10:47:34 +0800] "GET /xingrg/all/function/internal_message.html?_=1609987653402&CODE_STATE=getMsg HTTP/1.1" 200 27
180.157.253.48 - - [07/Jan/2021:10:47:35 +0800] "GET /xingrg/all/function/internal_message.html?_=1609987655780&CODE_STATE=getMsg HTTP/1.1" 200 27
61.165.42.208 - - [07/Jan/2021:10:47:35 +0800] "GET /xingrg/kc/buy/cgsh_order_operate.html?command=get_materiel&rest_code=00105&code=00101010209&supplier_code=00100322&order_time=2021-01-07 HTTP/1.1" 200 439
61.165.42.208 - - [07/Jan/2021:10:47:36 +0800] "POST /xingrg/all/common/load_select.html HTTP/1.1" 200 25
120.253.135.82 - - [07/Jan/2021:10:47:37 +0800] "GET /xingrg/all/function/internal_message.html?_=1609987694882&CODE_STATE=getMsg HTTP/1.1" 200 27
61.165.42.208 - - [07/Jan/2021:10:47:37 +0800] "GET /xingrg/all/function/internal_message.html?_=1609987658733&CODE_STATE=getMsg HTTP/1.1" 200 27
61.165.42.208 - - [07/Jan/2021:10:47:40 +0800] "GET /xingrg/kc/buy/cgsh_order_operate.html?command=get_materiel_price&rest_code=00105&code=00101010209&unit_code=00100076&supplier_code=00100322&order_time=2021-01-07 HTTP/1.1" 200 30
222.70.170.138 - - [07/Jan/2021:10:47:41 +0800] "GET /xingrg/kc/buy/cgsh_order_add.html HTTP/1.1" 200 61384
222.70.170.138 - - [07/Jan/2021:10:47:41 +0800] "POST /xingrg/kc/buy/cgsh_order_operate.html HTTP/1.1" 200 8245
222.70.170.138 - - [07/Jan/2021:10:47:42 +0800] "GET /xingrg/javascript/easyui/themes/default/validatebox.css HTTP/1.1" 404 1104
58.40.7.146 - - [07/Jan/2021:10:47:43 +0800] "GET /xingrg/all/function/internal_message.html?_=1609987660763&CODE_STATE=getMsg HTTP/1.1" 200 27
172.17.0.111 - - [07/Jan/2021:10:47:43 +0800] "GET /xingrg/check_reg.html?_=1609987660507 HTTP/1.1" 200 22
172.17.0.111 - - [07/Jan/2021:10:47:43 +0800] "GET /xingrg/all/function/internal_message.html?_=1609987660509&CODE_STATE=getMsg HTTP/1.1" 200 27
172.17.200.101 - - [07/Jan/2021:10:47:44 +0800] "GET /xingrg/all/function/internal_message.html?_=1609987665909&CODE_STATE=getMsg HTTP/1.1" 200 27
172.17.200.101 - - [07/Jan/2021:10:47:44 +0800] "GET /xingrg/check_reg.html?_=1609987665913 HTTP/1.1" 200 22
222.69.133.86 - - [07/Jan/2021:10:47:45 +0800] "GET /xingrg/kc/buy/cgsh_order_operate.html?command=get_materiel&rest_code=00149&code=00101027022&supplier_code=00100019&order_time=2021-01-07 HTTP/1.1" 200 445
180.157.253.48 - - [07/Jan/2021:10:47:47 +0800] "GET /xingrg/kc/buy/cgsh_order_operate.html?command=get_materiel&rest_code=00148&code=00101006115&supplier_code=00100010&order_time=2021-01-07 HTTP/1.1" 200 409
117.185.32.26 - - [07/Jan/2021:10:47:48 +0800] "POST /xingrg/kc/buy/cgsh_order_operate.html HTTP/1.1" 200 37
58.40.7.146 - - [07/Jan/2021:10:47:48 +0800] "POST /xingrg/services/DataTransmitService HTTP/1.1" 200 524
61.165.42.208 - - [07/Jan/2021:10:47:50 +0800] "POST /xingrg/kc/buy/cgsh_order_operate.html HTTP/1.1" 200 37
117.185.32.26 - - [07/Jan/2021:10:47:51 +0800] "POST /xingrg/kc/buy/cgsh_order_operate.html HTTP/1.1" 200 12
117.185.32.26 - - [07/Jan/2021:10:47:52 +0800] "GET /xingrg/kc/buy/cgsh_order_info.html?code=212021010702649 HTTP/1.1" 200 56287
117.185.32.26 - - [07/Jan/2021:10:47:52 +0800] "GET /xingrg/javascript/easyui/themes/default/validatebox.css HTTP/1.1" 404 1104
180.156.237.57 - - [07/Jan/2021:10:47:52 +0800] "GET /xingrg/all/function/internal_message.html?_=1609987648763&CODE_STATE=getMsg HTTP/1.1" 200 27
58.37.230.33 - - [07/Jan/2021:10:47:53 +0800] "GET /xingrg/all/function/internal_message.html?_=1609987234271&CODE_STATE=getMsg HTTP/1.1" 200 27
117.185.32.26 - - [07/Jan/2021:10:47:53 +0800] "POST /xingrg/kc/buy/cgsh_order_operate.html HTTP/1.1" 200 1195
180.175.150.119 - - [07/Jan/2021:10:47:53 +0800] "GET /xingrg/all/function/internal_message.html?_=1609987908476&CODE_STATE=getMsg HTTP/1.1" 200 27
117.185.32.26 - - [07/Jan/2021:10:47:54 +0800] "GET /xingrg/kc/print/load_data.html?order_code=212021010702649&kc_code=cgsh&condition= HTTP/1.1" 200 962
180.157.253.48 - - [07/Jan/2021:10:47:56 +0800] "GET /xingrg/kc/buy/cgsh_order_operate.html?command=get_materiel&rest_code=00148&code=00101006065&supplier_code=00100010&order_time=2021-01-07 HTTP/1.1" 200 409
172.17.0.108 - - [07/Jan/2021:10:47:59 +0800] "GET /xingrg/check_reg.html?_=1609987678112 HTTP/1.1" 200 22
172.17.0.108 - - [07/Jan/2021:10:47:59 +0800] "GET /xingrg/all/function/internal_message.html?_=1609987678116&CODE_STATE=getMsg HTTP/1.1" 200 27
172.17.0.128 - - [07/Jan/2021:10:48:01 +0800] "GET /xingrg/all/function/internal_message.html?_=1609987623217&CODE_STATE=getMsg HTTP/1.1" 200 27
172.17.0.128 - - [07/Jan/2021:10:48:01 +0800] "GET /xingrg/check_reg.html?_=1609987623219 HTTP/1.1" 200 22
116.228.172.94 - - [07/Jan/2021:10:48:01 +0800] "GET /xingrg/all/function/internal_message.html?_=1609987674593&CODE_STATE=getMsg HTTP/1.1" 200 27
222.69.133.86 - - [07/Jan/2021:10:48:02 +0800] "POST /xingrg/kc/buy/cgsh_order_operate.html HTTP/1.1" 200 37
172.17.0.185 - - [07/Jan/2021:10:48:05 +0800] "GET /xingrg/check_reg.html?_=1609987682657 HTTP/1.1" 200 22
222.69.133.86 - - [07/Jan/2021:10:48:05 +0800] "POST /xingrg/kc/buy/cgsh_order_operate.html HTTP/1.1" 200 12
222.69.133.86 - - [07/Jan/2021:10:48:07 +0800] "GET /xingrg/kc/buy/cgsh_order_info.html?code=212021010702651 HTTP/1.1" 200 56332
222.69.133.86 - - [07/Jan/2021:10:48:07 +0800] "GET /xingrg/javascript/easyui/themes/default/validatebox.css HTTP/1.1" 404 1104
222.69.133.86 - - [07/Jan/2021:10:48:07 +0800] "POST /xingrg/kc/buy/cgsh_order_operate.html HTTP/1.1" 200 2487
222.69.133.86 - - [07/Jan/2021:10:48:09 +0800] "GET /xingrg/kc/print/load_config.html?kc_code=cgsh HTTP/1.1" 200 1845
180.157.253.48 - - [07/Jan/2021:10:48:09 +0800] "GET /xingrg/kc/buy/cgsh_order_operate.html?command=get_materiel&rest_code=00148&code=00101006133&supplier_code=00100010&order_time=2021-01-07 HTTP/1.1" 200 413
222.69.133.86 - - [07/Jan/2021:10:48:09 +0800] "GET /xingrg/kc/print/load_data.html?order_code=212021010702651&kc_code=cgsh&condition= HTTP/1.1" 200 1549
117.185.32.26 - - [07/Jan/2021:10:48:10 +0800] "GET /xingrg/kc/print/load_data.html?order_code=212021010702649&kc_code=cgsh HTTP/1.1" 200 962
117.185.32.26 - - [07/Jan/2021:10:48:14 +0800] "GET /xingrg/all/function/internal_message.html?_=1609988161840&CODE_STATE=getMsg HTTP/1.1" 200 27
120.204.17.71 - - [07/Jan/2021:10:48:15 +0800] "GET /xingrg/all/function/internal_message.html?_=1609987097009&CODE_STATE=getMsg HTTP/1.1" 302 -
180.157.253.48 - - [07/Jan/2021:10:48:15 +0800] "GET /xingrg/javascript/easyui/themes/default/images/button_plain_hover.png HTTP/1.1" 304 -
180.157.253.48 - - [07/Jan/2021:10:48:15 +0800] "GET /xingrg/javascript/easyui/themes/default/images/button_plain_hover.png HTTP/1.1" 304 -
180.157.253.48 - - [07/Jan/2021:10:48:15 +0800] "GET /xingrg/javascript/easyui/themes/default/images/button_plain_hover.png HTTP/1.1" 304 -
172.17.0.120 - - [07/Jan/2021:10:48:15 +0800] "GET /xingrg/all/function/internal_message.html?_=1609987697681&CODE_STATE=getMsg HTTP/1.1" 200 27
114.88.169.67 - - [07/Jan/2021:10:48:17 +0800] "GET /xingrg/all/function/internal_message.html?_=1609987693212&CODE_STATE=getMsg HTTP/1.1" 302 -
222.69.133.86 - - [07/Jan/2021:10:48:18 +0800] "GET /xingrg/all/function/internal_message.html?_=1609987695883&CODE_STATE=getMsg HTTP/1.1" 200 27
180.157.253.48 - - [07/Jan/2021:10:48:20 +0800] "POST /xingrg/kc/buy/cgsh_order_operate.html HTTP/1.1" 200 37
222.70.170.138 - - [07/Jan/2021:10:48:20 +0800] "GET /xingrg/all/function/internal_message.html?_=1609987698691&CODE_STATE=getMsg HTTP/1.1" 200 27
117.131.5.26 - - [07/Jan/2021:10:48:21 +0800] "GET /xingrg/all/function/internal_message.html?_=1609987748012&CODE_STATE=getMsg HTTP/1.1" 200 27
117.131.5.26 - - [07/Jan/2021:10:48:21 +0800] "GET /xingrg/check_reg.html?_=1609987748013 HTTP/1.1" 200 22
180.157.253.48 - - [07/Jan/2021:10:48:22 +0800] "POST /xingrg/kc/buy/cgsh_order_operate.html HTTP/1.1" 200 5034
120.204.17.71 - - [07/Jan/2021:10:48:23 +0800] "GET /xingrg/login.html HTTP/1.1" 200 7641
117.185.32.26 - - [07/Jan/2021:10:48:24 +0800] "GET /xingrg/all/function/internal_message.html?_=1609987696776&CODE_STATE=getMsg HTTP/1.1" 200 27
180.157.253.48 - - [07/Jan/2021:10:48:26 +0800] "GET /xingrg/javascript/easyui/themes/default/images/button_plain_hover.png HTTP/1.1" 304 -
180.157.253.48 - - [07/Jan/2021:10:48:26 +0800] "GET /xingrg/javascript/easyui/themes/default/images/button_plain_hover.png HTTP/1.1" 304 -
180.157.253.48 - - [07/Jan/2021:10:48:26 +0800] "GET /xingrg/javascript/easyui/themes/default/images/button_plain_hover.png HTTP/1.1" 304 -
172.17.0.108 - - [07/Jan/2021:10:48:26 +0800] "GET /favicon.ico HTTP/1.1" 404 -
180.157.253.48 - - [07/Jan/2021:10:48:26 +0800] "GET /xingrg/css/site.css HTTP/1.1" 304 -
180.157.253.48 - - [07/Jan/2021:10:48:26 +0800] "GET /xingrg/css/base.css HTTP/1.1" 304 -
180.157.253.48 - - [07/Jan/2021:10:48:26 +0800] "GET /xingrg/javascript/jquery_tools/datebox.css HTTP/1.1" 304 -
180.157.253.48 - - [07/Jan/2021:10:48:26 +0800] "GET /xingrg/javascript/jquery_tools/jquery.tools.min.js HTTP/1.1" 304 -
180.157.253.48 - - [07/Jan/2021:10:48:26 +0800] "GET /xingrg/javascript/jquery_tools/jquery.tools.extend.js HTTP/1.1" 304 -
180.157.253.48 - - [07/Jan/2021:10:48:26 +0800] "GET /xingrg/javascript/jquery_tools/jquery.tools.table.js HTTP/1.1" 304 -
180.157.253.48 - - [07/Jan/2021:10:48:26 +0800] "GET /xingrg/javascript/jquery_tools/jquery.tools.hotkey.js HTTP/1.1" 304 -
180.157.253.48 - - [07/Jan/2021:10:48:26 +0800] "GET /xingrg/javascript/auto/jquery.autocomplete.js HTTP/1.1" 304 -
180.157.253.48 - - [07/Jan/2021:10:48:26 +0800] "GET /xingrg/javascript/easyui/themes/default/easyui.css HTTP/1.1" 304 -
180.157.253.48 - - [07/Jan/2021:10:48:26 +0800] "GET /xingrg/javascript/easyui/easyloader.js HTTP/1.1" 304 -
180.157.253.48 - - [07/Jan/2021:10:48:26 +0800] "GET /xingrg/javascript/easyui/themes/icon.css HTTP/1.1" 304 -
180.157.253.48 - - [07/Jan/2021:10:48:26 +0800] "GET /xingrg/kc/buy/cgsh_order_add.html HTTP/1.1" 200 61378
180.157.253.48 - - [07/Jan/2021:10:48:26 +0800] "GET /xingrg/javascript/auto/jquery.autocomplete.css HTTP/1.1" 304 -
180.157.253.48 - - [07/Jan/2021:10:48:26 +0800] "GET /xingrg/javascript/jquery_tools/fix.css HTTP/1.1" 304 -
180.157.253.48 - - [07/Jan/2021:10:48:26 +0800] "GET /xingrg/javascript/convert.js HTTP/1.1" 304 -
180.157.253.48 - - [07/Jan/2021:10:48:26 +0800] "GET /xingrg/javascript/jquery_tools/order_manager.js HTTP/1.1" 304 -
180.157.253.48 - - [07/Jan/2021:10:48:26 +0800] "GET /xingrg/javascript/jquery.utils.js HTTP/1.1" 304 -
180.157.253.48 - - [07/Jan/2021:10:48:26 +0800] "GET /xingrg/javascript/pic_change.js HTTP/1.1" 304 -
180.157.253.48 - - [07/Jan/2021:10:48:26 +0800] "GET /xingrg/javascript/jquery_tools/table.css HTTP/1.1" 304 -
180.157.253.48 - - [07/Jan/2021:10:48:26 +0800] "GET /xingrg/javascript/print/LodopFuncs.js HTTP/1.1" 304 -
180.157.253.48 - - [07/Jan/2021:10:48:26 +0800] "GET /xingrg/javascript/print/kc_print.js HTTP/1.1" 304 -
180.157.253.48 - - [07/Jan/2021:10:48:26 +0800] "GET /xingrg/javascript/json2.js HTTP/1.1" 304 -
180.157.253.48 - - [07/Jan/2021:10:48:26 +0800] "GET /xingrg/javascript/jquery.cookie.js HTTP/1.1" 304 -
180.157.253.48 - - [07/Jan/2021:10:48:26 +0800] "GET /xingrg/words/20210107093242_words.js HTTP/1.1" 304 -
180.157.253.48 - - [07/Jan/2021:10:48:26 +0800] "GET /xingrg/javascript/easyui/themes/icons/copy_new.png HTTP/1.1" 304 -
180.157.253.48 - - [07/Jan/2021:10:48:26 +0800] "GET /xingrg/javascript/easyui/themes/icons/template_new.png HTTP/1.1" 304 -
180.157.253.48 - - [07/Jan/2021:10:48:26 +0800] "GET /xingrg/javascript/easyui/themes/icons/ok.png HTTP/1.1" 304 -
180.157.253.48 - - [07/Jan/2021:10:48:26 +0800] "GET /xingrg/javascript/easyui/themes/default/images/menu_downarrow.png HTTP/1.1" 304 -
180.157.253.48 - - [07/Jan/2021:10:48:26 +0800] "GET /xingrg/javascript/easyui/themes/icons/print.png HTTP/1.1" 304 -
180.157.253.48 - - [07/Jan/2021:10:48:26 +0800] "GET /xingrg/javascript/easyui/themes/icons/cancel.png HTTP/1.1" 304 -
180.157.253.48 - - [07/Jan/2021:10:48:26 +0800] "GET /xingrg/javascript/easyui/plugins/jquery.parser.js HTTP/1.1" 304 -
180.157.253.48 - - [07/Jan/2021:10:48:26 +0800] "POST /xingrg/kc/buy/cgsh_order_operate.html HTTP/1.1" 200 8245
180.157.253.48 - - [07/Jan/2021:10:48:27 +0800] "GET /xingrg/all/common/auto_word.html?type=employee&rest_code=00148 HTTP/1.1" 200 197
180.157.253.48 - - [07/Jan/2021:10:48:27 +0800] "GET /xingrg/all/common/auto_word.html?type=employee&rest_code=00148 HTTP/1.1" 200 197
180.157.253.48 - - [07/Jan/2021:10:48:27 +0800] "GET /xingrg/javascript/easyui/themes/default/validatebox.css HTTP/1.1" 404 1104
180.157.253.48 - - [07/Jan/2021:10:48:27 +0800] "GET /xingrg/javascript/easyui/plugins/jquery.validatebox.js HTTP/1.1" 304 -
180.157.253.48 - - [07/Jan/2021:10:48:27 +0800] "GET /xingrg/javascript/easyui/plugins/jquery.numberbox.js HTTP/1.1" 304 -
58.37.230.33 - - [07/Jan/2021:10:48:27 +0800] "GET /xingrg/check_reg.html?_=1609987268902 HTTP/1.1" 200 22
180.157.253.48 - - [07/Jan/2021:10:48:30 +0800] "GET /xingrg/javascript/pic_change.js HTTP/1.1" 304 -
180.157.253.48 - - [07/Jan/2021:10:48:30 +0800] "GET /xingrg/javascript/jquery_tools/jquery.tools.min.js HTTP/1.1" 304 -
180.157.253.48 - - [07/Jan/2021:10:48:30 +0800] "GET /xingrg/javascript/jquery_tools/jquery.tools.extend.js HTTP/1.1" 304 -
180.157.253.48 - - [07/Jan/2021:10:48:30 +0800] "GET /xingrg/javascript/jquery_tools/jquery.tools.hotkey.js HTTP/1.1" 304 -
180.157.253.48 - - [07/Jan/2021:10:48:30 +0800] "GET /xingrg/javascript/jquery_tools/jquery.tools.table.js HTTP/1.1" 304 -
180.157.253.48 - - [07/Jan/2021:10:48:30 +0800] "GET /xingrg/javascript/auto/jquery.autocomplete.js HTTP/1.1" 304 -
180.157.253.48 - - [07/Jan/2021:10:48:30 +0800] "GET /xingrg/javascript/easyui/easyloader.js HTTP/1.1" 304 -
180.157.253.48 - - [07/Jan/2021:10:48:30 +0800] "GET /xingrg/javascript/jquery.utils.js HTTP/1.1" 304 -
180.157.253.48 - - [07/Jan/2021:10:48:30 +0800] "GET /xingrg/javascript/jquery_tools/order_manager.js HTTP/1.1" 304 -
180.157.253.48 - - [07/Jan/2021:10:48:30 +0800] "GET /xingrg/javascript/convert.js HTTP/1.1" 304 -
180.157.253.48 - - [07/Jan/2021:10:48:30 +0800] "GET /xingrg/javascript/json2.js HTTP/1.1" 304 -
180.157.253.48 - - [07/Jan/2021:10:48:30 +0800] "GET /xingrg/javascript/jquery.cookie.js HTTP/1.1" 304 -
180.157.253.48 - - [07/Jan/2021:10:48:30 +0800] "GET /xingrg/javascript/print/LodopFuncs.js HTTP/1.1" 304 -
180.157.253.48 - - [07/Jan/2021:10:48:30 +0800] "GET /xingrg/javascript/print/kc_print.js HTTP/1.1" 304 -
180.157.253.48 - - [07/Jan/2021:10:48:30 +0800] "GET /xingrg/javascript/easyui/plugins/jquery.parser.js HTTP/1.1" 304 -
180.157.253.48 - - [07/Jan/2021:10:48:30 +0800] "GET /xingrg/javascript/easyui/plugins/jquery.validatebox.js HTTP/1.1" 304 -
180.157.253.48 - - [07/Jan/2021:10:48:30 +0800] "GET /xingrg/javascript/easyui/plugins/jquery.numberbox.js HTTP/1.1" 304 -
180.157.253.48 - - [07/Jan/2021:10:48:30 +0800] "GET /xingrg/words/20210107093242_words.js HTTP/1.1" 304 -
58.37.230.33 - - [07/Jan/2021:10:48:30 +0800] "GET /xingrg/all/function/internal_message.html?_=1609987725793&CODE_STATE=getMsg HTTP/1.1" 200 27
180.157.253.48 - - [07/Jan/2021:10:48:31 +0800] "GET /xingrg/all/function/internal_message.html?_=1609987714361&CODE_STATE=getMsg HTTP/1.1" 200 27
180.162.108.15 - - [07/Jan/2021:10:48:32 +0800] "GET /xingrg/all/function/internal_message.html?_=1609987586682&CODE_STATE=getMsg HTTP/1.1" 200 27
222.70.170.138 - - [07/Jan/2021:10:48:34 +0800] "GET /xingrg/kc/buy/cgsh_order_operate.html?command=get_materiel&rest_code=00146&code=00101006161&supplier_code=00100041&order_time=2021-01-07 HTTP/1.1" 200 409
180.156.237.57 - - [07/Jan/2021:10:48:34 +0800] "GET /xingrg/check_reg.html?_=1609987713404 HTTP/1.1" 200 22
180.156.237.57 - - [07/Jan/2021:10:48:34 +0800] "GET /xingrg/all/function/internal_message.html?_=1609987713410&CODE_STATE=getMsg HTTP/1.1" 200 27
180.157.253.48 - - [07/Jan/2021:10:48:35 +0800] "GET /xingrg/all/function/internal_message.html?_=1609987715756&CODE_STATE=getMsg HTTP/1.1" 200 27
180.157.253.48 - - [07/Jan/2021:10:48:35 +0800] "GET /xingrg/check_reg.html?_=1609987715981 HTTP/1.1" 200 22
120.253.135.82 - - [07/Jan/2021:10:48:37 +0800] "GET /xingrg/all/function/internal_message.html?_=1609987754927&CODE_STATE=getMsg HTTP/1.1" 200 27
58.40.7.146 - - [07/Jan/2021:10:48:43 +0800] "GET /xingrg/all/function/internal_message.html?_=1609987720766&CODE_STATE=getMsg HTTP/1.1" 200 27
172.17.0.111 - - [07/Jan/2021:10:48:43 +0800] "GET /xingrg/all/function/internal_message.html?_=1609987720513&CODE_STATE=getMsg HTTP/1.1" 200 27
172.17.200.101 - - [07/Jan/2021:10:48:44 +0800] "GET /xingrg/all/function/internal_message.html?_=1609987725914&CODE_STATE=getMsg HTTP/1.1" 200 27
222.70.170.138 - - [07/Jan/2021:10:48:48 +0800] "GET /xingrg/kc/buy/cgsh_order_operate.html?command=get_materiel&rest_code=00146&code=00101003025&supplier_code=00100041&order_time=2021-01-07 HTTP/1.1" 200 409
180.157.253.48 - - [07/Jan/2021:10:48:51 +0800] "GET /xingrg/kc/buy/cgsh_order_operate.html?command=get_materiel&rest_code=00148&code=00101007061&supplier_code=00100004&order_time=2021-01-07 HTTP/1.1" 200 409
180.162.108.15 - - [07/Jan/2021:10:48:51 +0800] "GET /xingrg/kc/buy/cgsh_order_operate.html?command=get_materiel&rest_code=00143&code=00101007061&supplier_code=00100207&order_time=2021-01-06 HTTP/1.1" 200 409
61.165.42.208 - - [07/Jan/2021:10:48:52 +0800] "POST /xingrg/kc/buy/cgsh_order_operate.html HTTP/1.1" 200 2678
180.156.237.57 - - [07/Jan/2021:10:48:52 +0800] "GET /xingrg/all/function/internal_message.html?_=1609987708789&CODE_STATE=getMsg HTTP/1.1" 200 27
58.37.230.33 - - [07/Jan/2021:10:48:53 +0800] "GET /xingrg/all/function/internal_message.html?_=1609987294250&CODE_STATE=getMsg HTTP/1.1" 200 27
61.165.42.208 - - [07/Jan/2021:10:48:53 +0800] "GET /xingrg/kc/print/load_data.html?order_code=212021010702650&kc_code=cgsh&condition= HTTP/1.1" 200 682
