172.17.0.111 - - [07/Jan/2021:10:33:55 +0800] "GET /xingrg/images/blue/jxLogo.png HTTP/1.1" 304 -
172.17.0.111 - - [07/Jan/2021:10:33:55 +0800] "GET /xingrg/images/blue/navBackgound.jpg HTTP/1.1" 304 -
172.17.0.111 - - [07/Jan/2021:10:33:55 +0800] "GET /xingrg/javascript/jquery_easy_ui/themes/icons/settle_new.png HTTP/1.1" 304 -
172.17.0.111 - - [07/Jan/2021:10:33:56 +0800] "POST /xingrg/all/common/load_tree.html?tree=area_rest_tree_json&manage=1 HTTP/1.1" 200 3344
172.17.0.111 - - [07/Jan/2021:10:33:56 +0800] "GET /xingrg/all/function/internal_message.html?_=1609986833394&CODE_STATE=count HTTP/1.1" 200 11
172.17.0.111 - - [07/Jan/2021:10:33:56 +0800] "GET /xingrg/check_reg.html?_=1609986833394 HTTP/1.1" 200 22
172.17.0.111 - - [07/Jan/2021:10:33:56 +0800] "GET /xingrg/javascript/jquery_easy_ui/themes/default/images/panel_tool_expand.gif HTTP/1.1" 304 -
172.17.0.111 - - [07/Jan/2021:10:33:56 +0800] "GET /xingrg/images/blue/pingpu.png HTTP/1.1" 304 -
172.17.0.111 - - [07/Jan/2021:10:33:56 +0800] "GET /xingrg/javascript/jquery_easy_ui/themes/default/images/tabs_rightarrow.png HTTP/1.1" 304 -
172.17.0.111 - - [07/Jan/2021:10:33:56 +0800] "GET /xingrg/javascript/jquery_easy_ui/themes/default/images/tabs_leftarrow.png HTTP/1.1" 304 -
172.17.0.111 - - [07/Jan/2021:10:33:56 +0800] "GET /xingrg/javascript/jquery_easy_ui/themes/default/images/panel_tool_collapse.gif HTTP/1.1" 304 -
172.17.0.111 - - [07/Jan/2021:10:33:56 +0800] "POST /xingrg/load_menu.html HTTP/1.1" 200 9924
180.157.253.48 - - [07/Jan/2021:10:33:57 +0800] "GET /xingrg/kc/buy/cgsh_order_operate.html?command=get_materiel&rest_code=00148&code=00101004065&supplier_code=00100086&order_time=2021-01-07 HTTP/1.1" 200 433
172.17.0.111 - - [07/Jan/2021:10:33:58 +0800] "GET /xingrg/kc/report/report_main.html HTTP/1.1" 200 7325
172.17.0.111 - - [07/Jan/2021:10:33:59 +0800] "GET /xingrg/all/report/report_query.html?fileName=kc/buy/gys_amount_category.xml&rh=99999 HTTP/1.1" 200 51803
172.17.0.108 - - [07/Jan/2021:10:33:59 +0800] "GET /xingrg/all/function/internal_message.html?_=1609986838107&CODE_STATE=getMsg HTTP/1.1" 200 27
172.17.0.111 - - [07/Jan/2021:10:33:59 +0800] "GET /xingrg/dwr/interface/AjaxReportQueryService.js HTTP/1.1" 200 13203
172.17.0.111 - - [07/Jan/2021:10:33:59 +0800] "GET /xingrg/dwr/engine.js HTTP/1.1" 200 43631
172.17.0.111 - - [07/Jan/2021:10:33:59 +0800] "POST /xingrg/dwr/call/plaincall/AjaxReportQueryService.getFixDate.dwr HTTP/1.1" 200 111
172.17.0.111 - - [07/Jan/2021:10:33:59 +0800] "POST /xingrg/dwr/call/plaincall/AjaxReportQueryService.getInitString.dwr HTTP/1.1" 200 1401
172.17.0.111 - - [07/Jan/2021:10:34:00 +0800] "POST /xingrg/all/common/load_tree.html?tree=supplier_tree_json&manage=1 HTTP/1.1" 200 54164
172.17.0.111 - - [07/Jan/2021:10:34:01 +0800] "POST /xingrg/all/common/load_tree.html?tree=materiel_sort_tree_json HTTP/1.1" 200 8666
172.17.0.128 - - [07/Jan/2021:10:34:01 +0800] "GET /xingrg/all/function/internal_message.html?_=1609986783143&CODE_STATE=getMsg HTTP/1.1" 200 27
116.228.172.94 - - [07/Jan/2021:10:34:02 +0800] "GET /xingrg/all/function/internal_message.html?_=1609986834873&CODE_STATE=getMsg HTTP/1.1" 200 27
172.17.0.111 - - [07/Jan/2021:10:34:02 +0800] "POST /xingrg/dwr/call/plaincall/AjaxReportQueryService.getFixDate.dwr HTTP/1.1" 200 111
180.157.253.48 - - [07/Jan/2021:10:34:02 +0800] "POST /xingrg/kc/buy/cgsh_order_operate.html HTTP/1.1" 200 37
172.17.0.111 - - [07/Jan/2021:10:34:03 +0800] "POST /xingrg/dwr/call/plaincall/AjaxReportQueryService.refreshCache.dwr HTTP/1.1" 200 78
61.165.42.208 - - [07/Jan/2021:10:34:03 +0800] "GET /xingrg/kc/buy/cgsh_order_operate.html?command=get_materiel&rest_code=00105&code=00101018018&supplier_code=00100330&order_time=2021-01-07 HTTP/1.1" 200 417
120.253.135.82 - - [07/Jan/2021:10:34:04 +0800] "GET /xingrg/all/function/internal_message.html?_=1609986600966&CODE_STATE=getMsg HTTP/1.1" 200 27
172.17.0.111 - - [07/Jan/2021:10:34:07 +0800] "POST /xingrg/all/report/load_report_page.html HTTP/1.1" 200 144609
172.17.0.111 - - [07/Jan/2021:10:34:07 +0800] "GET /xingrg/servlets/image?cache=0.4855852233403598&image=px HTTP/1.1" 200 807
180.157.253.48 - - [07/Jan/2021:10:34:09 +0800] "POST /xingrg/kc/buy/cgsh_order_operate.html HTTP/1.1" 200 12
180.157.253.48 - - [07/Jan/2021:10:34:10 +0800] "GET /xingrg/kc/buy/cgsh_order_info.html?code=212021010702621 HTTP/1.1" 200 56291
180.157.253.48 - - [07/Jan/2021:10:34:11 +0800] "GET /xingrg/javascript/easyui/themes/default/validatebox.css HTTP/1.1" 404 1104
180.157.253.48 - - [07/Jan/2021:10:34:11 +0800] "POST /xingrg/kc/buy/cgsh_order_operate.html HTTP/1.1" 200 610
172.17.0.111 - - [07/Jan/2021:10:34:12 +0800] "POST /xingrg/all/report/report_print.html HTTP/1.1" 200 13845
180.157.253.48 - - [07/Jan/2021:10:34:12 +0800] "GET /xingrg/kc/print/load_data.html?order_code=212021010702621&kc_code=cgsh&condition= HTTP/1.1" 200 777
117.185.32.26 - - [07/Jan/2021:10:34:14 +0800] "GET /xingrg/all/function/internal_message.html?_=1609987321841&CODE_STATE=getMsg HTTP/1.1" 200 27
222.69.133.109 - - [07/Jan/2021:10:34:14 +0800] "GET /xingrg/check_reg.html?_=1609986853871 HTTP/1.1" 200 22
222.69.133.109 - - [07/Jan/2021:10:34:14 +0800] "GET /xingrg/all/function/internal_message.html?_=1609986853875&CODE_STATE=getMsg HTTP/1.1" 200 27
172.17.0.120 - - [07/Jan/2021:10:34:15 +0800] "GET /xingrg/all/function/internal_message.html?_=1609986857679&CODE_STATE=getMsg HTTP/1.1" 200 27
114.88.169.67 - - [07/Jan/2021:10:34:16 +0800] "GET /xingrg/all/function/internal_message.html?_=1609986852856&CODE_STATE=getMsg HTTP/1.1" 302 -
180.157.253.48 - - [07/Jan/2021:10:34:17 +0800] "GET /xingrg/kc/buy/cgsh_order_add.html HTTP/1.1" 200 61384
180.157.253.48 - - [07/Jan/2021:10:34:17 +0800] "POST /xingrg/kc/buy/cgsh_order_operate.html HTTP/1.1" 200 8245
180.157.253.48 - - [07/Jan/2021:10:34:17 +0800] "GET /xingrg/javascript/easyui/themes/default/validatebox.css HTTP/1.1" 404 1104
222.70.170.138 - - [07/Jan/2021:10:34:19 +0800] "GET /xingrg/all/function/internal_message.html?_=1609986856861&CODE_STATE=getMsg HTTP/1.1" 200 27
180.175.150.119 - - [07/Jan/2021:10:34:19 +0800] "GET /xingrg/check_reg.html?_=1609987094539 HTTP/1.1" 200 22
116.228.172.94 - - [07/Jan/2021:10:34:20 +0800] "GET /xingrg/kc/buy/cgsh_order_operate.html?command=get_materiel&rest_code=00107&code=00101014064&supplier_code=00100337&order_time=2021-01-07 HTTP/1.1" 200 412
117.131.5.26 - - [07/Jan/2021:10:34:21 +0800] "GET /xingrg/all/function/internal_message.html?_=1609986907982&CODE_STATE=getMsg HTTP/1.1" 200 27
222.69.133.86 - - [07/Jan/2021:10:34:22 +0800] "GET /xingrg/kc/buy/cgsh_order_operate.html?command=get_materiel&rest_code=00149&code=00101009062&supplier_code=00100201&order_time=2021-01-07 HTTP/1.1" 200 412
180.157.253.48 - - [07/Jan/2021:10:34:23 +0800] "GET /xingrg/kc/buy/cgsh_order_operate.html?command=get_materiel&rest_code=00148&code=00101001037&supplier_code=00100094&order_time=2021-01-07 HTTP/1.1" 200 414
180.157.253.48 - - [07/Jan/2021:10:34:29 +0800] "POST /xingrg/kc/buy/cgsh_order_operate.html HTTP/1.1" 200 37
58.37.230.33 - - [07/Jan/2021:10:34:30 +0800] "GET /xingrg/all/function/internal_message.html?_=1609986885757&CODE_STATE=getMsg HTTP/1.1" 200 27
58.37.230.33 - - [07/Jan/2021:10:34:30 +0800] "GET /xingrg/check_reg.html?_=1609986885758 HTTP/1.1" 200 22
222.69.133.86 - - [07/Jan/2021:10:34:31 +0800] "GET /xingrg/kc/buy/cgsh_order_operate.html?command=get_materiel&rest_code=00149&code=00101009011&supplier_code=00100201&order_time=2021-01-07 HTTP/1.1" 200 416
180.157.253.48 - - [07/Jan/2021:10:34:35 +0800] "GET /xingrg/all/function/internal_message.html?_=1609986876099&CODE_STATE=getMsg HTTP/1.1" 200 27
180.157.253.48 - - [07/Jan/2021:10:34:36 +0800] "POST /xingrg/kc/buy/cgsh_order_operate.html HTTP/1.1" 200 12
180.157.253.48 - - [07/Jan/2021:10:34:36 +0800] "GET /xingrg/kc/buy/cgsh_order_info.html?code=212021010702622 HTTP/1.1" 200 56287
120.253.135.82 - - [07/Jan/2021:10:34:36 +0800] "GET /xingrg/all/function/internal_message.html?_=1609986914642&CODE_STATE=getMsg HTTP/1.1" 200 27
180.157.253.48 - - [07/Jan/2021:10:34:37 +0800] "GET /xingrg/javascript/easyui/themes/default/validatebox.css HTTP/1.1" 404 1104
61.165.42.208 - - [07/Jan/2021:10:34:37 +0800] "GET /xingrg/all/function/internal_message.html?_=1609986878942&CODE_STATE=getMsg HTTP/1.1" 200 27
61.165.42.208 - - [07/Jan/2021:10:34:37 +0800] "GET /xingrg/check_reg.html?_=1609986878939 HTTP/1.1" 200 22
117.185.32.26 - - [07/Jan/2021:10:34:37 +0800] "POST /xingrg/login.do HTTP/1.1" 200 2421
180.157.253.48 - - [07/Jan/2021:10:34:37 +0800] "POST /xingrg/kc/buy/cgsh_order_operate.html HTTP/1.1" 200 612
114.88.169.67 - - [07/Jan/2021:10:34:39 +0800] "GET /xingrg/all/function/internal_message.html?_=1609987039048&CODE_STATE=getMsg HTTP/1.1" 200 27
114.88.169.67 - - [07/Jan/2021:10:34:39 +0800] "GET /xingrg/check_reg.html?_=1609987039050 HTTP/1.1" 200 22
117.185.32.26 - - [07/Jan/2021:10:34:40 +0800] "GET /favicon.ico HTTP/1.1" 404 -
116.228.172.94 - - [07/Jan/2021:10:34:40 +0800] "POST /xingrg/kc/buy/cgsh_order_operate.html HTTP/1.1" 200 37
180.157.253.48 - - [07/Jan/2021:10:34:40 +0800] "GET /xingrg/kc/print/load_data.html?order_code=212021010702622&kc_code=cgsh&condition= HTTP/1.1" 200 791
61.165.42.208 - - [07/Jan/2021:10:34:41 +0800] "GET /xingrg/kc/buy/cgsh_order_operate.html?command=get_materiel&rest_code=00105&code=00101018019&supplier_code=00100330&order_time=2021-01-07 HTTP/1.1" 200 421
180.156.237.57 - - [07/Jan/2021:10:34:42 +0800] "GET /xingrg/check_reg.html?_=1609986858092 HTTP/1.1" 200 22
116.228.172.94 - - [07/Jan/2021:10:34:42 +0800] "POST /xingrg/kc/buy/cgsh_order_operate.html HTTP/1.1" 200 2657
58.40.7.146 - - [07/Jan/2021:10:34:43 +0800] "GET /xingrg/all/function/internal_message.html?_=1609986880749&CODE_STATE=getMsg HTTP/1.1" 200 27
222.69.133.86 - - [07/Jan/2021:10:34:43 +0800] "GET /xingrg/kc/buy/cgsh_order_operate.html?command=get_materiel&rest_code=00149&code=00101009019&supplier_code=00100201&order_time=2021-01-07 HTTP/1.1" 200 412
180.157.253.48 - - [07/Jan/2021:10:34:44 +0800] "GET /xingrg/kc/buy/cgsh_order_add.html HTTP/1.1" 200 61384
180.157.253.48 - - [07/Jan/2021:10:34:44 +0800] "GET /xingrg/words/20210107093242_words.js HTTP/1.1" 304 -
180.157.253.48 - - [07/Jan/2021:10:34:44 +0800] "POST /xingrg/kc/buy/cgsh_order_operate.html HTTP/1.1" 200 8245
180.157.253.48 - - [07/Jan/2021:10:34:44 +0800] "GET /xingrg/javascript/easyui/themes/default/validatebox.css HTTP/1.1" 404 1104
172.17.200.101 - - [07/Jan/2021:10:34:44 +0800] "GET /xingrg/all/function/internal_message.html?_=1609986885896&CODE_STATE=getMsg HTTP/1.1" 200 27
116.228.172.94 - - [07/Jan/2021:10:34:45 +0800] "GET /xingrg/kc/print/load_data.html?order_code=212021010702623&kc_code=cgsh&condition= HTTP/1.1" 200 673
180.156.237.57 - - [07/Jan/2021:10:34:46 +0800] "GET /xingrg/all/function/internal_message.html?_=1609986885404&CODE_STATE=getMsg HTTP/1.1" 200 27
117.185.32.26 - - [07/Jan/2021:10:34:47 +0800] "GET /xingrg/login.html HTTP/1.1" 200 7641
117.185.32.26 - - [07/Jan/2021:10:34:48 +0800] "GET /favicon.ico HTTP/1.1" 404 -
180.175.150.119 - - [07/Jan/2021:10:34:49 +0800] "GET /xingrg/all/function/internal_message.html?_=1609987124429&CODE_STATE=getMsg HTTP/1.1" 200 27
117.185.32.26 - - [07/Jan/2021:10:34:50 +0800] "POST /xingrg/login.do HTTP/1.1" 200 2421
117.185.32.26 - - [07/Jan/2021:10:34:51 +0800] "POST /xingrg/login.do HTTP/1.1" 200 2421
116.228.172.94 - - [07/Jan/2021:10:34:51 +0800] "GET /xingrg/kc/buy/cgsh_order_add.html HTTP/1.1" 200 61466
117.185.32.26 - - [07/Jan/2021:10:34:51 +0800] "GET /favicon.ico HTTP/1.1" 404 -
116.228.172.94 - - [07/Jan/2021:10:34:52 +0800] "GET /xingrg/javascript/easyui/themes/default/validatebox.css HTTP/1.1" 404 1104
116.228.172.94 - - [07/Jan/2021:10:34:52 +0800] "POST /xingrg/kc/buy/cgsh_order_operate.html HTTP/1.1" 200 8245
180.157.253.48 - - [07/Jan/2021:10:34:52 +0800] "GET /xingrg/kc/buy/cgsh_order_operate.html?command=get_materiel&rest_code=00148&code=00101001142&supplier_code=00100313&order_time=2021-01-07 HTTP/1.1" 200 413
180.156.237.57 - - [07/Jan/2021:10:34:52 +0800] "GET /xingrg/all/function/internal_message.html?_=1609986868587&CODE_STATE=getMsg HTTP/1.1" 200 27
117.185.32.26 - - [07/Jan/2021:10:34:52 +0800] "GET /xingrg/login.html HTTP/1.1" 200 7641
116.228.172.94 - - [07/Jan/2021:10:34:53 +0800] "GET /xingrg/javascript/easyui/themes/default/tree.css HTTP/1.1" 404 1090
58.37.230.33 - - [07/Jan/2021:10:34:53 +0800] "GET /xingrg/all/function/internal_message.html?_=1609986454553&CODE_STATE=getMsg HTTP/1.1" 200 27
117.185.32.26 - - [07/Jan/2021:10:34:53 +0800] "GET /favicon.ico HTTP/1.1" 404 -
116.228.172.94 - - [07/Jan/2021:10:34:53 +0800] "POST /xingrg/all/common/load_tree.html?tree=supplier_tree_json&isDelete=1 HTTP/1.1" 200 53432
222.69.133.86 - - [07/Jan/2021:10:34:55 +0800] "GET /xingrg/all/function/internal_message.html?_=1609986892870&CODE_STATE=getMsg HTTP/1.1" 200 27
117.185.32.26 - - [07/Jan/2021:10:34:56 +0800] "GET /xingrg/login.html HTTP/1.1" 200 7641
172.17.0.111 - - [07/Jan/2021:10:34:56 +0800] "GET /xingrg/all/function/internal_message.html?_=1609986893400&CODE_STATE=getMsg HTTP/1.1" 200 27
116.228.172.94 - - [07/Jan/2021:10:34:56 +0800] "GET /xingrg/check_reg.html?_=1609986889332 HTTP/1.1" 200 22
117.185.32.26 - - [07/Jan/2021:10:34:56 +0800] "GET /favicon.ico HTTP/1.1" 404 -
222.69.133.86 - - [07/Jan/2021:10:34:57 +0800] "GET /xingrg/kc/buy/cgsh_order_operate.html?command=get_materiel&rest_code=00149&code=00101009016&supplier_code=00100201&order_time=2021-01-07 HTTP/1.1" 200 412
172.17.0.108 - - [07/Jan/2021:10:34:59 +0800] "GET /xingrg/all/function/internal_message.html?_=1609986898134&CODE_STATE=getMsg HTTP/1.1" 200 27
61.165.42.208 - - [07/Jan/2021:10:34:59 +0800] "POST /xingrg/kc/buy/cgsh_order_operate.html HTTP/1.1" 200 37
61.165.42.208 - - [07/Jan/2021:10:35:00 +0800] "POST /xingrg/kc/buy/cgsh_order_operate.html HTTP/1.1" 200 3259
61.165.42.208 - - [07/Jan/2021:10:35:01 +0800] "GET /xingrg/kc/print/load_data.html?order_code=212021010702624&kc_code=cgsh&condition= HTTP/1.1" 200 914
172.17.0.128 - - [07/Jan/2021:10:35:01 +0800] "GET /xingrg/all/function/internal_message.html?_=1609986843143&CODE_STATE=getMsg HTTP/1.1" 200 27
116.228.172.94 - - [07/Jan/2021:10:35:02 +0800] "GET /xingrg/all/function/internal_message.html?_=1609986894871&CODE_STATE=getMsg HTTP/1.1" 200 27
180.157.253.48 - - [07/Jan/2021:10:35:04 +0800] "GET /xingrg/kc/buy/cgsh_order_operate.html?command=get_materiel&rest_code=00148&code=00101008108&supplier_code=00100313&order_time=2021-01-07 HTTP/1.1" 200 412
117.185.32.26 - - [07/Jan/2021:10:35:04 +0800] "POST /xingrg/login.do HTTP/1.1" 200 2421
120.253.135.82 - - [07/Jan/2021:10:35:04 +0800] "GET /xingrg/all/function/internal_message.html?_=1609986660977&CODE_STATE=getMsg HTTP/1.1" 200 27
117.185.32.26 - - [07/Jan/2021:10:35:05 +0800] "GET /favicon.ico HTTP/1.1" 404 -
61.165.42.208 - - [07/Jan/2021:10:35:06 +0800] "GET /xingrg/kc/buy/cgsh_order_add.html HTTP/1.1" 200 61425
117.185.32.26 - - [07/Jan/2021:10:35:06 +0800] "GET /xingrg/login.html HTTP/1.1" 200 7641
61.165.42.208 - - [07/Jan/2021:10:35:06 +0800] "GET /xingrg/javascript/easyui/themes/default/validatebox.css HTTP/1.1" 404 1104
61.165.42.208 - - [07/Jan/2021:10:35:06 +0800] "POST /xingrg/kc/buy/cgsh_order_operate.html HTTP/1.1" 200 8245
117.185.32.26 - - [07/Jan/2021:10:35:07 +0800] "GET /favicon.ico HTTP/1.1" 404 -
180.157.253.48 - - [07/Jan/2021:10:35:08 +0800] "GET /xingrg/kc/buy/cgsh_order_operate.html?command=get_materiel&rest_code=00148&code=00101008491&supplier_code=00100313&order_time=2021-01-07 HTTP/1.1" 200 402
117.185.32.26 - - [07/Jan/2021:10:35:14 +0800] "GET /xingrg/all/function/internal_message.html?_=1609987381840&CODE_STATE=getMsg HTTP/1.1" 200 27
61.165.42.208 - - [07/Jan/2021:10:35:14 +0800] "GET /xingrg/kc/buy/cgsh_order_operate.html?command=get_materiel&rest_code=00105&code=00101001141&supplier_code=00100327&order_time=2021-01-07 HTTP/1.1" 200 413
222.69.133.109 - - [07/Jan/2021:10:35:14 +0800] "GET /xingrg/all/function/internal_message.html?_=1609986913875&CODE_STATE=getMsg HTTP/1.1" 200 27
172.17.0.120 - - [07/Jan/2021:10:35:15 +0800] "GET /xingrg/all/function/internal_message.html?_=1609986917683&CODE_STATE=getMsg HTTP/1.1" 200 27
114.88.169.67 - - [07/Jan/2021:10:35:16 +0800] "GET /xingrg/all/function/internal_message.html?_=1609986912901&CODE_STATE=getMsg HTTP/1.1" 302 -
117.185.32.26 - - [07/Jan/2021:10:35:18 +0800] "POST /xingrg/login.do HTTP/1.1" 302 -
117.185.32.26 - - [07/Jan/2021:10:35:18 +0800] "GET /xingrg/index.html?sysBaseUrl=http%3A%2F%2F180.169.147.146%3A18081%2Fxingrg%2F&costTime=39×tamp=1609986918272 HTTP/1.1" 200 17173
117.185.32.26 - - [07/Jan/2021:10:35:18 +0800] "GET /favicon.ico HTTP/1.1" 404 -
117.185.32.26 - - [07/Jan/2021:10:35:19 +0800] "POST /xingrg/all/common/load_tree.html?tree=area_rest_tree_json&manage=1 HTTP/1.1" 200 342
222.70.170.138 - - [07/Jan/2021:10:35:19 +0800] "GET /xingrg/all/function/internal_message.html?_=1609986916862&CODE_STATE=getMsg HTTP/1.1" 200 27
117.185.32.26 - - [07/Jan/2021:10:35:19 +0800] "GET /xingrg/all/function/internal_message.html?_=1609986911951&CODE_STATE=count HTTP/1.1" 200 11
117.185.32.26 - - [07/Jan/2021:10:35:19 +0800] "GET /xingrg/check_reg.html?_=1609986911952 HTTP/1.1" 200 22
117.185.32.26 - - [07/Jan/2021:10:35:19 +0800] "POST /xingrg/load_menu.html HTTP/1.1" 200 5138
117.131.5.26 - - [07/Jan/2021:10:35:21 +0800] "GET /xingrg/all/function/internal_message.html?_=1609986967980&CODE_STATE=getMsg HTTP/1.1" 200 27
180.157.253.48 - - [07/Jan/2021:10:35:21 +0800] "POST /xingrg/kc/buy/cgsh_order_operate.html HTTP/1.1" 200 37
117.185.32.26 - - [07/Jan/2021:10:35:22 +0800] "GET /xingrg/kc/buy/buy_main.html HTTP/1.1" 200 12412
117.185.32.26 - - [07/Jan/2021:10:35:22 +0800] "GET /xingrg/css/new_ie.css HTTP/1.1" 404 1036
61.165.42.208 - - [07/Jan/2021:10:35:25 +0800] "GET /xingrg/kc/buy/cgsh_order_operate.html?command=get_materiel&rest_code=00105&code=00101008171&supplier_code=00100327&order_time=2021-01-07 HTTP/1.1" 200 423
117.185.32.26 - - [07/Jan/2021:10:35:26 +0800] "GET /xingrg/images/yd/bt.gif HTTP/1.1" 404 1040
117.185.32.26 - - [07/Jan/2021:10:35:27 +0800] "GET /xingrg/kc/buy/cgsh_order_list.html HTTP/1.1" 200 45641
180.157.253.48 - - [07/Jan/2021:10:35:29 +0800] "POST /xingrg/kc/buy/cgsh_order_operate.html HTTP/1.1" 200 12
180.157.253.48 - - [07/Jan/2021:10:35:29 +0800] "GET /xingrg/kc/buy/cgsh_order_info.html?code=212021010702625 HTTP/1.1" 200 56291
180.157.253.48 - - [07/Jan/2021:10:35:30 +0800] "GET /xingrg/javascript/easyui/themes/default/validatebox.css HTTP/1.1" 404 1104
58.37.230.33 - - [07/Jan/2021:10:35:30 +0800] "GET /xingrg/all/function/internal_message.html?_=1609986945764&CODE_STATE=getMsg HTTP/1.1" 200 27
180.157.253.48 - - [07/Jan/2021:10:35:30 +0800] "POST /xingrg/kc/buy/cgsh_order_operate.html HTTP/1.1" 200 1202
117.185.32.26 - - [07/Jan/2021:10:35:31 +0800] "POST /xingrg/kc/buy/cgsh_list_operate.html HTTP/1.1" 200 876
180.157.253.48 - - [07/Jan/2021:10:35:35 +0800] "GET /xingrg/all/function/internal_message.html?_=1609986936076&CODE_STATE=getMsg HTTP/1.1" 200 27
120.253.135.82 - - [07/Jan/2021:10:35:36 +0800] "GET /xingrg/check_reg.html?_=1609986973990 HTTP/1.1" 200 22
120.253.135.82 - - [07/Jan/2021:10:35:36 +0800] "GET /xingrg/all/function/internal_message.html?_=1609986974656&CODE_STATE=getMsg HTTP/1.1" 200 27
61.165.42.208 - - [07/Jan/2021:10:35:36 +0800] "POST /xingrg/kc/buy/cgsh_order_operate.html HTTP/1.1" 200 37
180.157.253.48 - - [07/Jan/2021:10:35:36 +0800] "GET /xingrg/kc/print/load_data.html?order_code=212021010702625&kc_code=cgsh&condition= HTTP/1.1" 200 942
114.88.169.67 - - [07/Jan/2021:10:35:39 +0800] "GET /xingrg/all/function/internal_message.html?_=1609987099050&CODE_STATE=getMsg HTTP/1.1" 200 27
61.165.42.208 - - [07/Jan/2021:10:35:41 +0800] "POST /xingrg/kc/buy/cgsh_order_operate.html HTTP/1.1" 200 3259
58.40.7.146 - - [07/Jan/2021:10:35:43 +0800] "GET /xingrg/all/function/internal_message.html?_=1609986940753&CODE_STATE=getMsg HTTP/1.1" 200 27
58.40.7.146 - - [07/Jan/2021:10:35:43 +0800] "GET /xingrg/check_reg.html?_=1609986940755 HTTP/1.1" 200 22
61.165.42.208 - - [07/Jan/2021:10:35:43 +0800] "GET /xingrg/kc/print/load_data.html?order_code=212021010702626&kc_code=cgsh&condition= HTTP/1.1" 200 900
172.17.200.101 - - [07/Jan/2021:10:35:44 +0800] "GET /xingrg/all/function/internal_message.html?_=1609986945883&CODE_STATE=getMsg HTTP/1.1" 200 27
180.157.253.48 - - [07/Jan/2021:10:35:45 +0800] "GET /xingrg/kc/base/wldb_order_list.html HTTP/1.1" 200 19345
180.157.253.48 - - [07/Jan/2021:10:35:45 +0800] "POST /xingrg/kc/base/wldb_list_operate.html HTTP/1.1" 200 928
180.156.237.57 - - [07/Jan/2021:10:35:46 +0800] "GET /xingrg/all/function/internal_message.html?_=1609986945404&CODE_STATE=getMsg HTTP/1.1" 200 27
180.157.253.48 - - [07/Jan/2021:10:35:47 +0800] "GET /xingrg/kc/base/wldb_order_add.html HTTP/1.1" 200 30508
180.157.253.48 - - [07/Jan/2021:10:35:47 +0800] "POST /xingrg/kc/base/wldb_order_operate.html HTTP/1.1" 200 6806
117.185.32.26 - - [07/Jan/2021:10:35:48 +0800] "GET /xingrg/kc/buy/cgsh_order_add.html HTTP/1.1" 200 61384
180.157.253.48 - - [07/Jan/2021:10:35:48 +0800] "GET /xingrg/all/common/auto_word.html?type=base&rest_code=00148 HTTP/1.1" 200 1753
180.157.253.48 - - [07/Jan/2021:10:35:48 +0800] "GET /xingrg/all/common/auto_word.html?type=base&rest_code=00148 HTTP/1.1" 200 1753
117.185.32.26 - - [07/Jan/2021:10:35:48 +0800] "GET /xingrg/words/20210107093242_words.js HTTP/1.1" 200 785101
180.157.253.48 - - [07/Jan/2021:10:35:48 +0800] "GET /xingrg/javascript/easyui/themes/default/validatebox.css HTTP/1.1" 404 1104
117.185.32.26 - - [07/Jan/2021:10:35:48 +0800] "POST /xingrg/kc/buy/cgsh_order_operate.html HTTP/1.1" 200 8245
117.185.32.26 - - [07/Jan/2021:10:35:48 +0800] "GET /xingrg/javascript/easyui/themes/default/validatebox.css HTTP/1.1" 404 1104
117.185.32.26 - - [07/Jan/2021:10:35:48 +0800] "GET /xingrg/all/common/auto_word.html?type=employee&rest_code=00106 HTTP/1.1" 200 205
117.185.32.26 - - [07/Jan/2021:10:35:49 +0800] "GET /xingrg/all/common/auto_word.html?type=employee&rest_code=00106 HTTP/1.1" 200 205
61.165.42.208 - - [07/Jan/2021:10:35:49 +0800] "GET /xingrg/kc/buy/cgsh_order_add.html HTTP/1.1" 200 61425
116.228.172.94 - - [07/Jan/2021:10:35:49 +0800] "GET /xingrg/kc/buy/cgsh_order_operate.html?command=get_materiel&rest_code=00107&code=00101003006&supplier_code=00100092&order_time=2021-01-07 HTTP/1.1" 200 412
180.175.150.119 - - [07/Jan/2021:10:35:49 +0800] "GET /xingrg/all/function/internal_message.html?_=1609987184443&CODE_STATE=getMsg HTTP/1.1" 200 27
61.165.42.208 - - [07/Jan/2021:10:35:49 +0800] "POST /xingrg/kc/buy/cgsh_order_operate.html HTTP/1.1" 200 8245
61.165.42.208 - - [07/Jan/2021:10:35:49 +0800] "GET /xingrg/javascript/easyui/themes/default/validatebox.css HTTP/1.1" 404 1104
180.156.237.57 - - [07/Jan/2021:10:35:52 +0800] "GET /xingrg/all/function/internal_message.html?_=1609986928599&CODE_STATE=getMsg HTTP/1.1" 200 27
58.37.230.33 - - [07/Jan/2021:10:35:53 +0800] "GET /xingrg/all/function/internal_message.html?_=1609986514527&CODE_STATE=getMsg HTTP/1.1" 200 27
180.157.253.48 - - [07/Jan/2021:10:35:53 +0800] "GET /xingrg/kc/base/wldb_order_operate.html?command=get_materiel&rest_code=00148&base_code=0010001&code=00101019476 HTTP/1.1" 200 478
222.69.133.86 - - [07/Jan/2021:10:35:54 +0800] "GET /xingrg/kc/buy/cgsh_order_operate.html?command=get_materiel&rest_code=00149&code=00101009007&supplier_code=00100201&order_time=2021-01-07 HTTP/1.1" 200 408
222.69.133.86 - - [07/Jan/2021:10:35:55 +0800] "GET /xingrg/all/function/internal_message.html?_=1609986952865&CODE_STATE=getMsg HTTP/1.1" 200 27
117.185.32.26 - - [07/Jan/2021:10:35:55 +0800] "GET /xingrg/javascript/easyui/themes/default/tree.css HTTP/1.1" 404 1090
117.185.32.26 - - [07/Jan/2021:10:35:55 +0800] "POST /xingrg/all/common/load_tree.html?tree=supplier_tree_json&isDelete=1 HTTP/1.1" 200 53432
172.17.0.111 - - [07/Jan/2021:10:35:56 +0800] "GET /xingrg/all/function/internal_message.html?_=1609986953407&CODE_STATE=getMsg HTTP/1.1" 200 27
180.157.253.48 - - [07/Jan/2021:10:35:57 +0800] "GET /xingrg/kc/base/wldb_order_operate.html?command=get_materiel&rest_code=00148&base_code=0010001&code=00101019391 HTTP/1.1" 200 471
61.165.42.208 - - [07/Jan/2021:10:35:58 +0800] "GET /xingrg/kc/buy/cgsh_order_operate.html?command=get_materiel&rest_code=00105&code=00101006164&supplier_code=00100326&order_time=2021-01-07 HTTP/1.1" 200 415
172.17.0.108 - - [07/Jan/2021:10:35:59 +0800] "GET /xingrg/all/function/internal_message.html?_=1609986958112&CODE_STATE=getMsg HTTP/1.1" 200 27
180.157.253.48 - - [07/Jan/2021:10:36:00 +0800] "POST /xingrg/kc/base/wldb_order_operate.html HTTP/1.1" 200 37
172.17.0.128 - - [07/Jan/2021:10:36:01 +0800] "GET /xingrg/all/function/internal_message.html?_=1609986903143&CODE_STATE=getMsg HTTP/1.1" 200 27
116.228.172.94 - - [07/Jan/2021:10:36:02 +0800] "GET /xingrg/all/function/internal_message.html?_=1609986954851&CODE_STATE=getMsg HTTP/1.1" 200 27
180.157.253.48 - - [07/Jan/2021:10:36:02 +0800] "POST /xingrg/kc/base/wldb_order_operate.html HTTP/1.1" 200 12
180.157.253.48 - - [07/Jan/2021:10:36:02 +0800] "POST /xingrg/kc/base/wldb_order_operate.html HTTP/1.1" 200 2734
120.253.135.82 - - [07/Jan/2021:10:36:04 +0800] "GET /xingrg/check_reg.html?_=1609986720549 HTTP/1.1" 200 22
120.253.135.82 - - [07/Jan/2021:10:36:04 +0800] "GET /xingrg/all/function/internal_message.html?_=1609986720981&CODE_STATE=getMsg HTTP/1.1" 200 27
172.17.0.111 - - [07/Jan/2021:10:36:05 +0800] "POST /xingrg/all/user/operate.html HTTP/1.1" 200 36
172.17.0.111 - - [07/Jan/2021:10:36:05 +0800] "GET /xingrg/index.html?sysBaseUrl=http%3A%2F%2F172.17.0.8%3A18081%2Fxingrg%2F&costTime=42×tamp=1609986235268 HTTP/1.1" 200 17448
172.17.0.111 - - [07/Jan/2021:10:36:05 +0800] "GET /xingrg/javascript/jquery_easy_ui/themes/default/easyui.css HTTP/1.1" 304 -
172.17.0.111 - - [07/Jan/2021:10:36:05 +0800] "GET /xingrg/javascript/jquery_easy_ui/themes/icon.css HTTP/1.1" 304 -
172.17.0.111 - - [07/Jan/2021:10:36:05 +0800] "GET /xingrg/css/form.css HTTP/1.1" 304 -
172.17.0.111 - - [07/Jan/2021:10:36:05 +0800] "GET /xingrg/javascript/jquery-1.4.2.min.js HTTP/1.1" 304 -
172.17.0.111 - - [07/Jan/2021:10:36:05 +0800] "GET /xingrg/javascript/jquery_easy_ui/jquery.easyui.min.js HTTP/1.1" 304 -
172.17.0.111 - - [07/Jan/2021:10:36:05 +0800] "GET /xingrg/javascript/jquery_easy_ui/easyui-lang-zh_CN.js HTTP/1.1" 304 -
172.17.0.111 - - [07/Jan/2021:10:36:05 +0800] "GET /xingrg/javascript/jquery.form.js HTTP/1.1" 304 -
172.17.0.111 - - [07/Jan/2021:10:36:05 +0800] "GET /xingrg/javascript/jquery.utils.js HTTP/1.1" 304 -
172.17.0.111 - - [07/Jan/2021:10:36:05 +0800] "GET /xingrg/javascript/jquery.timers.js HTTP/1.1" 304 -
172.17.0.111 - - [07/Jan/2021:10:36:05 +0800] "GET /xingrg/images/blue/jxLogo.png HTTP/1.1" 304 -
172.17.0.111 - - [07/Jan/2021:10:36:05 +0800] "GET /xingrg/images/blue/navBackgound.jpg HTTP/1.1" 304 -
172.17.0.111 - - [07/Jan/2021:10:36:05 +0800] "GET /xingrg/javascript/jquery_easy_ui/themes/icons/settle_new.png HTTP/1.1" 304 -
172.17.0.111 - - [07/Jan/2021:10:36:05 +0800] "POST /xingrg/all/common/load_tree.html?tree=area_rest_tree_json&manage=1 HTTP/1.1" 200 3344
172.17.0.111 - - [07/Jan/2021:10:36:05 +0800] "GET /xingrg/all/function/internal_message.html?_=1609986962976&CODE_STATE=count HTTP/1.1" 200 11
172.17.0.111 - - [07/Jan/2021:10:36:05 +0800] "GET /xingrg/check_reg.html?_=1609986962978 HTTP/1.1" 200 22
172.17.0.111 - - [07/Jan/2021:10:36:05 +0800] "GET /xingrg/javascript/jquery_easy_ui/themes/default/images/tabs_leftarrow.png HTTP/1.1" 304 -
172.17.0.111 - - [07/Jan/2021:10:36:05 +0800] "GET /xingrg/images/blue/pingpu.png HTTP/1.1" 304 -
172.17.0.111 - - [07/Jan/2021:10:36:05 +0800] "GET /xingrg/javascript/jquery_easy_ui/themes/default/images/panel_tool_expand.gif HTTP/1.1" 304 -
172.17.0.111 - - [07/Jan/2021:10:36:05 +0800] "GET /xingrg/javascript/jquery_easy_ui/themes/default/images/panel_tool_collapse.gif HTTP/1.1" 304 -
172.17.0.111 - - [07/Jan/2021:10:36:05 +0800] "GET /xingrg/javascript/jquery_easy_ui/themes/default/images/tabs_rightarrow.png HTTP/1.1" 304 -
172.17.0.111 - - [07/Jan/2021:10:36:05 +0800] "POST /xingrg/load_menu.html HTTP/1.1" 200 9924
180.157.253.48 - - [07/Jan/2021:10:36:07 +0800] "GET /xingrg/kc/base/wldb_order_info.html?code=422021010700782 HTTP/1.1" 200 26386
172.17.0.111 - - [07/Jan/2021:10:36:07 +0800] "GET /xingrg/kc/report/report_main.html HTTP/1.1" 200 7325
222.69.133.86 - - [07/Jan/2021:10:36:07 +0800] "POST /xingrg/kc/buy/cgsh_order_operate.html HTTP/1.1" 200 37
180.157.253.48 - - [07/Jan/2021:10:36:07 +0800] "POST /xingrg/kc/base/wldb_order_operate.html HTTP/1.1" 200 1017
180.157.253.48 - - [07/Jan/2021:10:36:07 +0800] "GET /xingrg/javascript/easyui/themes/default/validatebox.css HTTP/1.1" 404 1104
172.17.0.111 - - [07/Jan/2021:10:36:09 +0800] "GET /xingrg/all/report/report_query.html?fileName=kc/buy/gys_amount_base.xml&rh=99999 HTTP/1.1" 200 51796
172.17.0.111 - - [07/Jan/2021:10:36:09 +0800] "GET /xingrg/dwr/interface/AjaxReportQueryService.js HTTP/1.1" 200 13203
172.17.0.111 - - [07/Jan/2021:10:36:09 +0800] "GET /xingrg/dwr/engine.js HTTP/1.1" 200 43631
172.17.0.111 - - [07/Jan/2021:10:36:09 +0800] "POST /xingrg/dwr/call/plaincall/AjaxReportQueryService.getFixDate.dwr HTTP/1.1" 200 111
172.17.0.111 - - [07/Jan/2021:10:36:09 +0800] "POST /xingrg/dwr/call/plaincall/AjaxReportQueryService.getInitString.dwr HTTP/1.1" 200 1014
172.17.0.111 - - [07/Jan/2021:10:36:09 +0800] "POST /xingrg/all/common/load_tree.html?tree=supplier_tree_json&manage=1 HTTP/1.1" 200 54164
61.165.42.208 - - [07/Jan/2021:10:36:09 +0800] "GET /xingrg/kc/buy/cgsh_order_operate.html?command=get_materiel&rest_code=00105&code=00101010567&supplier_code=00100326&order_time=2021-01-07 HTTP/1.1" 200 399
172.17.0.111 - - [07/Jan/2021:10:36:10 +0800] "POST /xingrg/all/common/load_tree.html?tree=materiel_sort_tree_json HTTP/1.1" 200 8666
222.69.133.86 - - [07/Jan/2021:10:36:11 +0800] "POST /xingrg/kc/buy/cgsh_order_operate.html HTTP/1.1" 200 12
172.17.0.111 - - [07/Jan/2021:10:36:12 +0800] "GET /xingrg/all/report/report_query.html?fileName=kc/buy/gys_amount_category.xml&rh=99999 HTTP/1.1" 200 51803
172.17.0.111 - - [07/Jan/2021:10:36:12 +0800] "GET /xingrg/dwr/interface/AjaxReportQueryService.js HTTP/1.1" 200 13203
172.17.0.111 - - [07/Jan/2021:10:36:12 +0800] "GET /xingrg/dwr/engine.js HTTP/1.1" 200 43631
172.17.0.111 - - [07/Jan/2021:10:36:12 +0800] "POST /xingrg/dwr/call/plaincall/AjaxReportQueryService.getFixDate.dwr HTTP/1.1" 200 111
172.17.0.111 - - [07/Jan/2021:10:36:12 +0800] "POST /xingrg/dwr/call/plaincall/AjaxReportQueryService.getInitString.dwr HTTP/1.1" 200 1014
172.17.0.111 - - [07/Jan/2021:10:36:12 +0800] "POST /xingrg/all/common/load_tree.html?tree=supplier_tree_json&manage=1 HTTP/1.1" 200 54164
222.69.133.86 - - [07/Jan/2021:10:36:13 +0800] "GET /xingrg/kc/buy/cgsh_order_info.html?code=212021010702627 HTTP/1.1" 200 56334
222.69.133.86 - - [07/Jan/2021:10:36:13 +0800] "GET /xingrg/javascript/easyui/themes/default/validatebox.css HTTP/1.1" 404 1104
172.17.0.111 - - [07/Jan/2021:10:36:13 +0800] "POST /xingrg/all/common/load_tree.html?tree=materiel_sort_tree_json HTTP/1.1" 200 8666
117.185.32.26 - - [07/Jan/2021:10:36:14 +0800] "GET /xingrg/all/function/internal_message.html?_=1609987441839&CODE_STATE=getMsg HTTP/1.1" 200 27
222.69.133.109 - - [07/Jan/2021:10:36:14 +0800] "GET /xingrg/all/function/internal_message.html?_=1609986973882&CODE_STATE=getMsg HTTP/1.1" 200 27
116.228.172.94 - - [07/Jan/2021:10:36:15 +0800] "POST /xingrg/kc/buy/cgsh_order_operate.html HTTP/1.1" 200 37
222.69.133.86 - - [07/Jan/2021:10:36:15 +0800] "POST /xingrg/kc/buy/cgsh_order_operate.html HTTP/1.1" 200 5337
172.17.0.111 - - [07/Jan/2021:10:36:15 +0800] "POST /xingrg/dwr/call/plaincall/AjaxReportQueryService.getFixDate.dwr HTTP/1.1" 200 111
172.17.0.120 - - [07/Jan/2021:10:36:15 +0800] "GET /xingrg/all/function/internal_message.html?_=1609986977688&CODE_STATE=getMsg HTTP/1.1" 200 27
172.17.0.111 - - [07/Jan/2021:10:36:16 +0800] "POST /xingrg/dwr/call/plaincall/AjaxReportQueryService.refreshCache.dwr HTTP/1.1" 200 78
222.69.133.86 - - [07/Jan/2021:10:36:16 +0800] "GET /xingrg/kc/print/load_data.html?order_code=212021010702627&kc_code=cgsh&condition= HTTP/1.1" 200 2511
116.228.172.94 - - [07/Jan/2021:10:36:16 +0800] "POST /xingrg/kc/buy/cgsh_order_operate.html HTTP/1.1" 200 2659
114.88.169.67 - - [07/Jan/2021:10:36:16 +0800] "GET /xingrg/all/function/internal_message.html?_=1609986972916&CODE_STATE=getMsg HTTP/1.1" 302 -
116.228.172.94 - - [07/Jan/2021:10:36:19 +0800] "GET /xingrg/kc/print/load_data.html?order_code=212021010702628&kc_code=cgsh&condition= HTTP/1.1" 200 723
117.185.32.26 - - [07/Jan/2021:10:36:19 +0800] "GET /xingrg/all/function/internal_message.html?_=1609986971966&CODE_STATE=getMsg HTTP/1.1" 200 27
222.70.170.138 - - [07/Jan/2021:10:36:19 +0800] "GET /xingrg/all/function/internal_message.html?_=1609986977219&CODE_STATE=getMsg HTTP/1.1" 200 27
172.17.0.111 - - [07/Jan/2021:10:36:19 +0800] "POST /xingrg/all/report/load_report_page.html HTTP/1.1" 200 139979
172.17.0.111 - - [07/Jan/2021:10:36:19 +0800] "GET /xingrg/servlets/image?cache=0.9015526115660658&image=px HTTP/1.1" 200 807
117.131.5.26 - - [07/Jan/2021:10:36:21 +0800] "GET /xingrg/all/function/internal_message.html?_=1609987027979&CODE_STATE=getMsg HTTP/1.1" 200 27
222.69.133.86 - - [07/Jan/2021:10:36:23 +0800] "GET /xingrg/kc/mdqp/qqps_order_list.html HTTP/1.1" 200 9668
222.69.133.86 - - [07/Jan/2021:10:36:23 +0800] "GET /xingrg/dwr/interface/AjaxQqpsService.js HTTP/1.1" 200 16326
222.69.133.86 - - [07/Jan/2021:10:36:23 +0800] "GET /xingrg/dwr/interface/AjaxReportQueryService.js HTTP/1.1" 200 13203
222.69.133.86 - - [07/Jan/2021:10:36:23 +0800] "GET /xingrg/dwr/engine.js HTTP/1.1" 200 43631
172.17.0.111 - - [07/Jan/2021:10:36:24 +0800] "POST /xingrg/all/report/report_print.html HTTP/1.1" 200 13333
116.228.172.94 - - [07/Jan/2021:10:36:24 +0800] "GET /xingrg/kc/buy/cgsh_order_add.html HTTP/1.1" 200 61466
222.69.133.86 - - [07/Jan/2021:10:36:24 +0800] "GET /xingrg/kc/mdqp/qqps_order_info.html?code=302021010700178 HTTP/1.1" 200 26644
222.69.133.86 - - [07/Jan/2021:10:36:25 +0800] "GET /xingrg/dwr/interface/AjaxComOrderService.js HTTP/1.1" 200 18264
222.69.133.86 - - [07/Jan/2021:10:36:25 +0800] "GET /xingrg/dwr/interface/AjaxQqpsService.js HTTP/1.1" 200 16326
222.69.133.86 - - [07/Jan/2021:10:36:25 +0800] "GET /xingrg/dwr/engine.js HTTP/1.1" 200 43631
116.228.172.94 - - [07/Jan/2021:10:36:25 +0800] "GET /xingrg/javascript/easyui/themes/default/validatebox.css HTTP/1.1" 404 1104
116.228.172.94 - - [07/Jan/2021:10:36:25 +0800] "POST /xingrg/kc/buy/cgsh_order_operate.html HTTP/1.1" 200 8245
222.69.133.86 - - [07/Jan/2021:10:36:25 +0800] "POST /xingrg/dwr/call/plaincall/AjaxQqpsService.loadMaterielItems.dwr HTTP/1.1" 200 391
117.185.32.26 - - [07/Jan/2021:10:36:25 +0800] "GET /xingrg/javascript/auto/indicator.gif HTTP/1.1" 404 1066
116.228.172.94 - - [07/Jan/2021:10:36:26 +0800] "GET /xingrg/javascript/easyui/themes/default/tree.css HTTP/1.1" 404 1090
116.228.172.94 - - [07/Jan/2021:10:36:26 +0800] "POST /xingrg/all/common/load_tree.html?tree=supplier_tree_json&isDelete=1 HTTP/1.1" 200 53432
61.165.42.208 - - [07/Jan/2021:10:36:27 +0800] "GET /xingrg/kc/buy/cgsh_order_operate.html?command=get_materiel&rest_code=00105&code=00101012045&supplier_code=00100326&order_time=2021-01-07 HTTP/1.1" 200 409
117.185.32.26 - - [07/Jan/2021:10:36:28 +0800] "GET /xingrg/kc/buy/cgsh_order_operate.html?command=get_materiel&rest_code=00106&code=00101008146&supplier_code=00100009&order_time=2021-01-07 HTTP/1.1" 200 416
222.69.133.86 - - [07/Jan/2021:10:36:28 +0800] "POST /xingrg/dwr/call/plaincall/AjaxQqpsService.uncheckOrder.dwr HTTP/1.1" 200 78
222.69.133.86 - - [07/Jan/2021:10:36:29 +0800] "GET /xingrg/css/blue.css HTTP/1.1" 304 -
222.69.133.86 - - [07/Jan/2021:10:36:29 +0800] "GET /xingrg/javascript/jquery_easy_ui/themes/icon.css HTTP/1.1" 304 -
222.69.133.86 - - [07/Jan/2021:10:36:29 +0800] "GET /xingrg/kc/mdqp/qqps_order_info.html?code=302021010700178 HTTP/1.1" 200 28403
222.69.133.86 - - [07/Jan/2021:10:36:29 +0800] "GET /xingrg/javascript/auto/jquery.autocomplete.css HTTP/1.1" 304 -
222.69.133.86 - - [07/Jan/2021:10:36:29 +0800] "GET /xingrg/javascript/jquery_easy_ui/jquery.easyui.min.js HTTP/1.1" 304 -
222.69.133.86 - - [07/Jan/2021:10:36:29 +0800] "GET /xingrg/javascript/jquery-1.4.2.min.js HTTP/1.1" 304 -
222.69.133.86 - - [07/Jan/2021:10:36:29 +0800] "GET /xingrg/javascript/jquery_easy_ui/easyui-lang-zh_CN.js HTTP/1.1" 304 -
222.69.133.86 - - [07/Jan/2021:10:36:29 +0800] "GET /xingrg/javascript/auto/jquery.autocomplete.js HTTP/1.1" 304 -
222.69.133.86 - - [07/Jan/2021:10:36:29 +0800] "GET /xingrg/javascript/jquery.utils.js HTTP/1.1" 304 -
222.69.133.86 - - [07/Jan/2021:10:36:29 +0800] "GET /xingrg/javascript/tools/jquery.qtip-1.0.0-rc3.min.js HTTP/1.1" 304 -
222.69.133.86 - - [07/Jan/2021:10:36:29 +0800] "GET /xingrg/javascript/pic_change.js HTTP/1.1" 304 -
222.69.133.86 - - [07/Jan/2021:10:36:29 +0800] "GET /xingrg/dwr/util.js HTTP/1.1" 304 -
222.69.133.86 - - [07/Jan/2021:10:36:29 +0800] "GET /xingrg/dwr/interface/AjaxComOrderService.js HTTP/1.1" 200 18264
222.69.133.86 - - [07/Jan/2021:10:36:29 +0800] "GET /xingrg/dwr/interface/AjaxQqpsService.js HTTP/1.1" 200 16326
222.69.133.86 - - [07/Jan/2021:10:36:29 +0800] "GET /xingrg/dwr/engine.js HTTP/1.1" 200 43631
222.69.133.86 - - [07/Jan/2021:10:36:29 +0800] "GET /xingrg/javascript/Calendar.js HTTP/1.1" 304 -
222.69.133.86 - - [07/Jan/2021:10:36:29 +0800] "GET /xingrg/javascript/myfunction.js HTTP/1.1" 304 -
222.69.133.86 - - [07/Jan/2021:10:36:29 +0800] "GET /xingrg/javascript/AjaxInfoList.js HTTP/1.1" 304 -
222.69.133.86 - - [07/Jan/2021:10:36:29 +0800] "GET /xingrg/javascript/Grid.js HTTP/1.1" 304 -
222.69.133.86 - - [07/Jan/2021:10:36:29 +0800] "GET /xingrg/javascript/ToolTips.js HTTP/1.1" 304 -
222.69.133.86 - - [07/Jan/2021:10:36:29 +0800] "GET /xingrg/javascript/print/kc_print.js HTTP/1.1" 304 -
222.69.133.86 - - [07/Jan/2021:10:36:29 +0800] "GET /xingrg/javascript/print/LodopFuncs.js HTTP/1.1" 304 -
222.69.133.86 - - [07/Jan/2021:10:36:29 +0800] "GET /xingrg/javascript/jquery_easy_ui/themes/default/easyui.css HTTP/1.1" 304 -
222.69.133.86 - - [07/Jan/2021:10:36:29 +0800] "GET /xingrg/javascript/jquery_easy_ui/themes/icon.css HTTP/1.1" 304 -
222.69.133.86 - - [07/Jan/2021:10:36:29 +0800] "GET /xingrg/words/20210107093242_words.js HTTP/1.1" 304 -
222.69.133.86 - - [07/Jan/2021:10:36:30 +0800] "GET /xingrg/images/blue/button/kc_tab_save.gif HTTP/1.1" 304 -
222.69.133.86 - - [07/Jan/2021:10:36:30 +0800] "GET /xingrg/images/blue/button/kc_tab_edit.gif HTTP/1.1" 304 -
222.69.133.86 - - [07/Jan/2021:10:36:30 +0800] "GET /xingrg/images/blue/button/kc_tab_add.gif HTTP/1.1" 304 -
222.69.133.86 - - [07/Jan/2021:10:36:30 +0800] "GET /xingrg/images/blue/button/kc_tab_del.gif HTTP/1.1" 304 -
222.69.133.86 - - [07/Jan/2021:10:36:30 +0800] "GET /xingrg/images/blue/wait.gif HTTP/1.1" 304 -
222.69.133.86 - - [07/Jan/2021:10:36:30 +0800] "POST /xingrg/dwr/call/plaincall/AjaxQqpsService.loadMaterielItems.dwr HTTP/1.1" 200 391
58.37.230.33 - - [07/Jan/2021:10:36:30 +0800] "GET /xingrg/all/function/internal_message.html?_=1609987005762&CODE_STATE=getMsg HTTP/1.1" 200 27
180.157.253.48 - - [07/Jan/2021:10:36:35 +0800] "GET /xingrg/all/function/internal_message.html?_=1609986996059&CODE_STATE=getMsg HTTP/1.1" 200 27
120.253.135.82 - - [07/Jan/2021:10:36:36 +0800] "GET /xingrg/all/function/internal_message.html?_=1609987034669&CODE_STATE=getMsg HTTP/1.1" 200 27
222.69.133.86 - - [07/Jan/2021:10:36:37 +0800] "POST /xingrg/dwr/call/plaincall/AjaxQqpsService.getMaterielByCode.dwr HTTP/1.1" 200 2634
61.165.42.208 - - [07/Jan/2021:10:36:37 +0800] "GET /xingrg/all/function/internal_message.html?_=1609986998944&CODE_STATE=getMsg HTTP/1.1" 200 27
114.88.169.67 - - [07/Jan/2021:10:36:39 +0800] "GET /xingrg/all/function/internal_message.html?_=1609987159051&CODE_STATE=getMsg HTTP/1.1" 200 27
222.69.133.86 - - [07/Jan/2021:10:36:42 +0800] "GET /xingrg/javascript/jquery_easy_ui/themes/default/images/button_a_bg.gif HTTP/1.1" 200 1194
222.69.133.86 - - [07/Jan/2021:10:36:42 +0800] "GET /xingrg/javascript/jquery_easy_ui/themes/default/images/button_span_bg.gif HTTP/1.1" 200 2061
222.69.133.86 - - [07/Jan/2021:10:36:42 +0800] "GET /xingrg/javascript/jquery_easy_ui/themes/default/images/panel_title.png HTTP/1.1" 200 266
222.69.133.86 - - [07/Jan/2021:10:36:42 +0800] "GET /xingrg/javascript/jquery_easy_ui/themes/default/images/panel_tools.gif HTTP/1.1" 200 737
117.185.32.26 - - [07/Jan/2021:10:36:43 +0800] "POST /xingrg/kc/buy/cgsh_order_operate.html HTTP/1.1" 200 37
58.40.7.146 - - [07/Jan/2021:10:36:43 +0800] "GET /xingrg/all/function/internal_message.html?_=1609987000758&CODE_STATE=getMsg HTTP/1.1" 200 27
101.91.62.65 - - [07/Jan/2021:10:36:43 +0800] "GET /xingrg/all/function/internal_message.html?_=1609986465761&CODE_STATE=getMsg HTTP/1.1" 302 -
116.228.172.94 - - [07/Jan/2021:10:36:44 +0800] "GET /xingrg/kc/buy/cgsh_order_operate.html?command=get_materiel&rest_code=00107&code=00101006101&supplier_code=00100324&order_time=2021-01-07 HTTP/1.1" 200 421
172.17.200.101 - - [07/Jan/2021:10:36:44 +0800] "GET /xingrg/all/function/internal_message.html?_=1609987005891&CODE_STATE=getMsg HTTP/1.1" 200 27
222.69.133.86 - - [07/Jan/2021:10:36:45 +0800] "GET /xingrg/images/yd/bt.gif HTTP/1.1" 404 1040
117.185.32.26 - - [07/Jan/2021:10:36:45 +0800] "POST /xingrg/kc/buy/cgsh_order_operate.html HTTP/1.1" 200 12
180.156.237.57 - - [07/Jan/2021:10:36:46 +0800] "GET /xingrg/all/function/internal_message.html?_=1609987005411&CODE_STATE=getMsg HTTP/1.1" 200 27
180.156.237.57 - - [07/Jan/2021:10:36:46 +0800] "GET /xingrg/check_reg.html?_=1609987005413 HTTP/1.1" 200 22
117.185.32.26 - - [07/Jan/2021:10:36:47 +0800] "GET /xingrg/kc/buy/cgsh_order_info.html?code=212021010702629 HTTP/1.1" 200 56293
117.185.32.26 - - [07/Jan/2021:10:36:47 +0800] "GET /xingrg/javascript/easyui/themes/default/validatebox.css HTTP/1.1" 404 1104
61.165.42.208 - - [07/Jan/2021:10:36:48 +0800] "POST /xingrg/kc/buy/cgsh_order_operate.html HTTP/1.1" 200 37
117.185.32.26 - - [07/Jan/2021:10:36:48 +0800] "POST /xingrg/kc/buy/cgsh_order_operate.html HTTP/1.1" 200 610
61.165.42.208 - - [07/Jan/2021:10:36:49 +0800] "POST /xingrg/kc/buy/cgsh_order_operate.html HTTP/1.1" 200 3844
117.185.32.26 - - [07/Jan/2021:10:36:49 +0800] "GET /xingrg/kc/print/load_config.html?kc_code=cgsh HTTP/1.1" 200 1845
117.185.32.26 - - [07/Jan/2021:10:36:49 +0800] "GET /xingrg/kc/print/load_data.html?order_code=212021010702629&kc_code=cgsh&condition= HTTP/1.1" 200 775
180.175.150.119 - - [07/Jan/2021:10:36:49 +0800] "GET /xingrg/all/function/internal_message.html?_=1609987244842&CODE_STATE=getMsg HTTP/1.1" 200 27
61.165.42.208 - - [07/Jan/2021:10:36:50 +0800] "GET /xingrg/kc/print/load_data.html?order_code=212021010702630&kc_code=cgsh&condition= HTTP/1.1" 200 1134
222.69.133.86 - - [07/Jan/2021:10:36:51 +0800] "POST /xingrg/dwr/call/plaincall/AjaxQqpsService.saveMaterielItem.dwr HTTP/1.1" 200 78
101.91.62.65 - - [07/Jan/2021:10:36:52 +0800] "GET /xingrg/login.html HTTP/1.1" 200 7641
180.156.237.57 - - [07/Jan/2021:10:36:52 +0800] "GET /xingrg/all/function/internal_message.html?_=1609986988623&CODE_STATE=getMsg HTTP/1.1" 200 27
58.37.230.33 - - [07/Jan/2021:10:36:53 +0800] "GET /xingrg/all/function/internal_message.html?_=1609986574504&CODE_STATE=getMsg HTTP/1.1" 200 27
61.165.42.208 - - [07/Jan/2021:10:36:53 +0800] "GET /xingrg/kc/buy/cgsh_order_add.html HTTP/1.1" 200 61425
61.165.42.208 - - [07/Jan/2021:10:36:54 +0800] "GET /xingrg/javascript/easyui/themes/default/validatebox.css HTTP/1.1" 404 1104
61.165.42.208 - - [07/Jan/2021:10:36:54 +0800] "POST /xingrg/kc/buy/cgsh_order_operate.html HTTP/1.1" 200 8245
222.69.133.86 - - [07/Jan/2021:10:36:55 +0800] "POST /xingrg/dwr/call/plaincall/AjaxQqpsService.checkOrder.dwr HTTP/1.1" 200 78
222.69.133.86 - - [07/Jan/2021:10:36:56 +0800] "GET /xingrg/kc/mdqp/qqps_order_info.html?code=302021010700178 HTTP/1.1" 200 26644
222.69.133.86 - - [07/Jan/2021:10:36:56 +0800] "GET /xingrg/dwr/interface/AjaxQqpsService.js HTTP/1.1" 200 16326
222.69.133.86 - - [07/Jan/2021:10:36:56 +0800] "GET /xingrg/dwr/interface/AjaxComOrderService.js HTTP/1.1" 200 18264
222.69.133.86 - - [07/Jan/2021:10:36:56 +0800] "GET /xingrg/dwr/engine.js HTTP/1.1" 200 43631
222.69.133.86 - - [07/Jan/2021:10:36:56 +0800] "POST /xingrg/dwr/call/plaincall/AjaxQqpsService.loadMaterielItems.dwr HTTP/1.1" 200 668
172.17.0.108 - - [07/Jan/2021:10:36:59 +0800] "GET /xingrg/all/function/internal_message.html?_=1609987018114&CODE_STATE=getMsg HTTP/1.1" 200 27
222.69.133.86 - - [07/Jan/2021:10:37:00 +0800] "GET /xingrg/kc/mdqp/qqps_order_list.html?isBack=1 HTTP/1.1" 200 9677
222.69.133.86 - - [07/Jan/2021:10:37:00 +0800] "GET /xingrg/dwr/interface/AjaxQqpsService.js HTTP/1.1" 200 16326
222.69.133.86 - - [07/Jan/2021:10:37:00 +0800] "GET /xingrg/dwr/interface/AjaxReportQueryService.js HTTP/1.1" 200 13203
222.69.133.86 - - [07/Jan/2021:10:37:00 +0800] "GET /xingrg/dwr/engine.js HTTP/1.1" 200 43631
172.17.0.128 - - [07/Jan/2021:10:37:01 +0800] "GET /xingrg/all/function/internal_message.html?_=1609986963168&CODE_STATE=getMsg HTTP/1.1" 200 27
116.228.172.94 - - [07/Jan/2021:10:37:02 +0800] "GET /xingrg/all/function/internal_message.html?_=1609987014830&CODE_STATE=getMsg HTTP/1.1" 200 27
116.228.172.94 - - [07/Jan/2021:10:37:03 +0800] "POST /xingrg/kc/buy/cgsh_order_operate.html HTTP/1.1" 200 37
117.185.32.26 - - [07/Jan/2021:10:37:03 +0800] "GET /xingrg/kc/print/load_data.html?order_code=212021010702629&kc_code=cgsh HTTP/1.1" 200 775
116.228.172.94 - - [07/Jan/2021:10:37:04 +0800] "POST /xingrg/kc/buy/cgsh_order_operate.html HTTP/1.1" 200 2667
116.228.172.94 - - [07/Jan/2021:10:37:05 +0800] "GET /xingrg/kc/print/load_data.html?order_code=212021010702631&kc_code=cgsh&condition= HTTP/1.1" 200 691
172.17.0.111 - - [07/Jan/2021:10:37:05 +0800] "GET /xingrg/all/function/internal_message.html?_=1609987022995&CODE_STATE=getMsg HTTP/1.1" 200 27
222.70.170.138 - - [07/Jan/2021:10:37:10 +0800] "GET /xingrg/check_reg.html?_=1609987028077 HTTP/1.1" 200 22
116.228.172.94 - - [07/Jan/2021:10:37:10 +0800] "GET /xingrg/kc/buy/cgsh_order_add.html HTTP/1.1" 200 61466
116.228.172.94 - - [07/Jan/2021:10:37:11 +0800] "GET /xingrg/javascript/easyui/themes/default/validatebox.css HTTP/1.1" 404 1104
116.228.172.94 - - [07/Jan/2021:10:37:11 +0800] "POST /xingrg/kc/buy/cgsh_order_operate.html HTTP/1.1" 200 8245
116.228.172.94 - - [07/Jan/2021:10:37:13 +0800] "GET /xingrg/javascript/easyui/themes/default/tree.css HTTP/1.1" 404 1090
116.228.172.94 - - [07/Jan/2021:10:37:13 +0800] "POST /xingrg/all/common/load_tree.html?tree=supplier_tree_json&isDelete=1 HTTP/1.1" 200 53432
117.185.32.26 - - [07/Jan/2021:10:37:14 +0800] "GET /xingrg/check_reg.html?_=1609987501838 HTTP/1.1" 200 22
117.185.32.26 - - [07/Jan/2021:10:37:14 +0800] "GET /xingrg/all/function/internal_message.html?_=1609987501840&CODE_STATE=getMsg HTTP/1.1" 200 27
114.88.169.67 - - [07/Jan/2021:10:37:15 +0800] "GET /xingrg/check_reg.html?_=1609987031087 HTTP/1.1" 302 -
172.17.0.120 - - [07/Jan/2021:10:37:15 +0800] "GET /xingrg/check_reg.html?_=1609987037676 HTTP/1.1" 200 22
172.17.0.120 - - [07/Jan/2021:10:37:15 +0800] "GET /xingrg/all/function/internal_message.html?_=1609987037679&CODE_STATE=getMsg HTTP/1.1" 200 27
114.88.169.67 - - [07/Jan/2021:10:37:16 +0800] "GET /xingrg/all/function/internal_message.html?_=1609987032928&CODE_STATE=getMsg HTTP/1.1" 302 -
222.70.170.138 - - [07/Jan/2021:10:37:19 +0800] "GET /xingrg/all/function/internal_message.html?_=1609987037232&CODE_STATE=getMsg HTTP/1.1" 200 27
61.151.178.164 - - [07/Jan/2021:10:37:20 +0800] "GET /xingrg/all/function/internal_message.html?_=1609986525762&CODE_STATE=getMsg HTTP/1.1" 302 -
117.131.5.26 - - [07/Jan/2021:10:37:21 +0800] "GET /xingrg/all/function/internal_message.html?_=1609987087978&CODE_STATE=getMsg HTTP/1.1" 200 27
117.185.32.26 - - [07/Jan/2021:10:37:24 +0800] "GET /xingrg/all/function/internal_message.html?_=1609987037024&CODE_STATE=getMsg HTTP/1.1" 200 27
61.151.178.164 - - [07/Jan/2021:10:37:27 +0800] "GET /xingrg/login.html HTTP/1.1" 200 7641
58.37.230.33 - - [07/Jan/2021:10:37:30 +0800] "GET /xingrg/all/function/internal_message.html?_=1609987065763&CODE_STATE=getMsg HTTP/1.1" 200 27
180.157.253.48 - - [07/Jan/2021:10:37:35 +0800] "GET /xingrg/all/function/internal_message.html?_=1609987056145&CODE_STATE=getMsg HTTP/1.1" 200 27
120.253.135.82 - - [07/Jan/2021:10:37:36 +0800] "GET /xingrg/all/function/internal_message.html?_=1609987094684&CODE_STATE=getMsg HTTP/1.1" 200 27
61.165.42.208 - - [07/Jan/2021:10:37:37 +0800] "GET /xingrg/all/function/internal_message.html?_=1609987058920&CODE_STATE=getMsg HTTP/1.1" 200 27
114.88.169.67 - - [07/Jan/2021:10:37:39 +0800] "GET /xingrg/all/function/internal_message.html?_=1609987219052&CODE_STATE=getMsg HTTP/1.1" 200 27
116.228.172.94 - - [07/Jan/2021:10:37:40 +0800] "GET /xingrg/kc/buy/cgsh_order_operate.html?command=get_materiel&rest_code=00107&code=00101034085&supplier_code=00100411&order_time=2021-01-07 HTTP/1.1" 200 425
172.17.0.111 - - [07/Jan/2021:10:37:42 +0800] "POST /xingrg/all/user/operate.html HTTP/1.1" 200 36
172.17.0.111 - - [07/Jan/2021:10:37:42 +0800] "GET /xingrg/javascript/jquery_easy_ui/themes/default/easyui.css HTTP/1.1" 304 -
172.17.0.111 - - [07/Jan/2021:10:37:42 +0800] "GET /xingrg/javascript/jquery_easy_ui/themes/icon.css HTTP/1.1" 304 -
172.17.0.111 - - [07/Jan/2021:10:37:42 +0800] "GET /xingrg/css/form.css HTTP/1.1" 304 -
172.17.0.111 - - [07/Jan/2021:10:37:42 +0800] "GET /xingrg/javascript/jquery-1.4.2.min.js HTTP/1.1" 304 -
172.17.0.111 - - [07/Jan/2021:10:37:42 +0800] "GET /xingrg/javascript/jquery_easy_ui/jquery.easyui.min.js HTTP/1.1" 304 -
