172.17.0.128 - - [07/Jan/2021:10:14:01 +0800] "GET /xingrg/all/function/internal_message.html?_=1609985583032&CODE_STATE=getMsg HTTP/1.1" 200 27
120.253.135.82 - - [07/Jan/2021:10:14:04 +0800] "GET /xingrg/all/function/internal_message.html?_=1609985400612&CODE_STATE=getMsg HTTP/1.1" 200 27
172.17.0.108 - - [07/Jan/2021:10:14:07 +0800] "POST /xingrg/kc/buy/cgsh_list_operate.html HTTP/1.1" 200 5818
117.185.32.26 - - [07/Jan/2021:10:14:14 +0800] "GET /xingrg/all/function/internal_message.html?_=1609986121834&CODE_STATE=getMsg HTTP/1.1" 200 27
172.17.0.120 - - [07/Jan/2021:10:14:15 +0800] "GET /xingrg/all/function/internal_message.html?_=1609985657679&CODE_STATE=getMsg HTTP/1.1" 200 27
114.88.169.67 - - [07/Jan/2021:10:14:16 +0800] "GET /xingrg/all/function/internal_message.html?_=1609985652382&CODE_STATE=getMsg HTTP/1.1" 302 -
222.70.170.138 - - [07/Jan/2021:10:14:16 +0800] "GET /xingrg/all/function/internal_message.html?_=1609985654064&CODE_STATE=getMsg HTTP/1.1" 200 27
172.17.0.240 - - [07/Jan/2021:10:14:18 +0800] "GET /xingrg/check_reg.html?_=1609985653739 HTTP/1.1" 200 22
180.175.150.119 - - [07/Jan/2021:10:14:19 +0800] "GET /xingrg/check_reg.html?_=1609985894518 HTTP/1.1" 200 22
117.131.5.26 - - [07/Jan/2021:10:14:21 +0800] "GET /xingrg/all/function/internal_message.html?_=1609985707933&CODE_STATE=getMsg HTTP/1.1" 200 27
120.253.135.82 - - [07/Jan/2021:10:14:36 +0800] "GET /xingrg/all/function/internal_message.html?_=1609985714247&CODE_STATE=getMsg HTTP/1.1" 200 27
61.165.42.208 - - [07/Jan/2021:10:14:37 +0800] "GET /xingrg/all/function/internal_message.html?_=1609985678908&CODE_STATE=getMsg HTTP/1.1" 200 27
61.165.42.208 - - [07/Jan/2021:10:14:37 +0800] "GET /xingrg/check_reg.html?_=1609985678906 HTTP/1.1" 200 22
114.88.169.67 - - [07/Jan/2021:10:14:39 +0800] "GET /xingrg/all/function/internal_message.html?_=1609985839027&CODE_STATE=getMsg HTTP/1.1" 200 27
114.88.169.67 - - [07/Jan/2021:10:14:39 +0800] "GET /xingrg/check_reg.html?_=1609985839023 HTTP/1.1" 200 22
180.156.237.57 - - [07/Jan/2021:10:14:42 +0800] "GET /xingrg/check_reg.html?_=1609985658054 HTTP/1.1" 200 22
58.40.7.146 - - [07/Jan/2021:10:14:43 +0800] "GET /xingrg/all/function/internal_message.html?_=1609985680760&CODE_STATE=getMsg HTTP/1.1" 200 27
101.85.93.83 - - [07/Jan/2021:10:14:43 +0800] "GET /xingrg/all/function/internal_message.html?_=1609985354480&CODE_STATE=getMsg HTTP/1.1" 200 27
101.85.93.83 - - [07/Jan/2021:10:14:43 +0800] "GET /xingrg/check_reg.html?_=1609985355229 HTTP/1.1" 200 22
180.175.150.119 - - [07/Jan/2021:10:14:44 +0800] "GET /xingrg/all/function/internal_message.html?_=1609985919541&CODE_STATE=getMsg HTTP/1.1" 200 27
172.17.200.101 - - [07/Jan/2021:10:14:44 +0800] "GET /xingrg/all/function/internal_message.html?_=1609985685866&CODE_STATE=getMsg HTTP/1.1" 200 27
180.156.237.57 - - [07/Jan/2021:10:14:46 +0800] "GET /xingrg/all/function/internal_message.html?_=1609985685321&CODE_STATE=getMsg HTTP/1.1" 200 27
180.156.237.57 - - [07/Jan/2021:10:14:52 +0800] "GET /xingrg/all/function/internal_message.html?_=1609985668315&CODE_STATE=getMsg HTTP/1.1" 200 27
58.37.230.33 - - [07/Jan/2021:10:14:53 +0800] "GET /xingrg/all/function/internal_message.html?_=1609985255036&CODE_STATE=getMsg HTTP/1.1" 200 27
222.69.133.86 - - [07/Jan/2021:10:14:55 +0800] "GET /xingrg/all/function/internal_message.html?_=1609985692831&CODE_STATE=getMsg HTTP/1.1" 200 27
117.131.5.26 - - [07/Jan/2021:10:14:55 +0800] "GET /xingrg/all/function/internal_message.html?_=1609986036825&CODE_STATE=getMsg HTTP/1.1" 200 27
116.228.172.94 - - [07/Jan/2021:10:14:56 +0800] "GET /xingrg/check_reg.html?_=1609985689328 HTTP/1.1" 200 22
116.228.172.94 - - [07/Jan/2021:10:14:59 +0800] "GET /xingrg/all/function/internal_message.html?_=1609985692062&CODE_STATE=getMsg HTTP/1.1" 200 27
172.17.0.108 - - [07/Jan/2021:10:14:59 +0800] "GET /xingrg/all/function/internal_message.html?_=1609985698397&CODE_STATE=getMsg HTTP/1.1" 200 27
172.17.0.128 - - [07/Jan/2021:10:15:01 +0800] "GET /xingrg/all/function/internal_message.html?_=1609985643058&CODE_STATE=getMsg HTTP/1.1" 200 27
120.253.135.82 - - [07/Jan/2021:10:15:04 +0800] "GET /xingrg/all/function/internal_message.html?_=1609985460618&CODE_STATE=getMsg HTTP/1.1" 200 27
116.228.172.94 - - [07/Jan/2021:10:15:09 +0800] "GET /xingrg/kc/buy/cgsh_order_add.html HTTP/1.1" 200 61466
116.228.172.94 - - [07/Jan/2021:10:15:10 +0800] "GET /xingrg/words/20210107093242_words.js HTTP/1.1" 304 -
116.228.172.94 - - [07/Jan/2021:10:15:10 +0800] "POST /xingrg/kc/buy/cgsh_order_operate.html HTTP/1.1" 200 8245
116.228.172.94 - - [07/Jan/2021:10:15:10 +0800] "GET /xingrg/javascript/easyui/themes/default/validatebox.css HTTP/1.1" 404 1104
117.185.32.26 - - [07/Jan/2021:10:15:14 +0800] "GET /xingrg/all/function/internal_message.html?_=1609986181833&CODE_STATE=getMsg HTTP/1.1" 200 27
172.17.0.120 - - [07/Jan/2021:10:15:15 +0800] "GET /xingrg/all/function/internal_message.html?_=1609985717683&CODE_STATE=getMsg HTTP/1.1" 200 27
222.70.170.138 - - [07/Jan/2021:10:15:16 +0800] "GET /xingrg/all/function/internal_message.html?_=1609985714079&CODE_STATE=getMsg HTTP/1.1" 200 27
114.88.169.67 - - [07/Jan/2021:10:15:16 +0800] "GET /xingrg/all/function/internal_message.html?_=1609985712426&CODE_STATE=getMsg HTTP/1.1" 302 -
117.131.5.26 - - [07/Jan/2021:10:15:21 +0800] "GET /xingrg/all/function/internal_message.html?_=1609985767931&CODE_STATE=getMsg HTTP/1.1" 200 27
120.253.135.82 - - [07/Jan/2021:10:15:36 +0800] "GET /xingrg/check_reg.html?_=1609985773843 HTTP/1.1" 200 22
120.253.135.82 - - [07/Jan/2021:10:15:36 +0800] "GET /xingrg/all/function/internal_message.html?_=1609985774260&CODE_STATE=getMsg HTTP/1.1" 200 27
61.165.42.208 - - [07/Jan/2021:10:15:37 +0800] "GET /xingrg/all/function/internal_message.html?_=1609985738899&CODE_STATE=getMsg HTTP/1.1" 200 27
114.88.169.67 - - [07/Jan/2021:10:15:39 +0800] "GET /xingrg/all/function/internal_message.html?_=1609985899024&CODE_STATE=getMsg HTTP/1.1" 200 27
58.40.7.146 - - [07/Jan/2021:10:15:43 +0800] "GET /xingrg/check_reg.html?_=1609985740747 HTTP/1.1" 200 22
58.40.7.146 - - [07/Jan/2021:10:15:43 +0800] "GET /xingrg/all/function/internal_message.html?_=1609985740749&CODE_STATE=getMsg HTTP/1.1" 200 27
101.85.93.83 - - [07/Jan/2021:10:15:43 +0800] "GET /xingrg/all/function/internal_message.html?_=1609985414461&CODE_STATE=getMsg HTTP/1.1" 200 27
180.175.150.119 - - [07/Jan/2021:10:15:44 +0800] "GET /xingrg/all/function/internal_message.html?_=1609985979554&CODE_STATE=getMsg HTTP/1.1" 200 27
172.17.200.101 - - [07/Jan/2021:10:15:44 +0800] "GET /xingrg/all/function/internal_message.html?_=1609985745869&CODE_STATE=getMsg HTTP/1.1" 200 27
180.156.237.57 - - [07/Jan/2021:10:15:46 +0800] "GET /xingrg/all/function/internal_message.html?_=1609985745325&CODE_STATE=getMsg HTTP/1.1" 200 27
172.17.0.103 - - [07/Jan/2021:10:15:51 +0800] "GET /xingrg/index.html?sysBaseUrl=http%3A%2F%2F172.17.0.8%3A18081%2Fxingrg%2F&costTime=32×tamp=1585227824564 HTTP/1.1" 302 -
172.17.0.103 - - [07/Jan/2021:10:15:51 +0800] "GET /xingrg/login.html HTTP/1.1" 200 7636
180.156.237.57 - - [07/Jan/2021:10:15:52 +0800] "GET /xingrg/all/function/internal_message.html?_=1609985728329&CODE_STATE=getMsg HTTP/1.1" 200 27
172.17.0.103 - - [07/Jan/2021:10:15:53 +0800] "GET /favicon.ico HTTP/1.1" 404 -
58.37.230.33 - - [07/Jan/2021:10:15:53 +0800] "GET /xingrg/all/function/internal_message.html?_=1609985315014&CODE_STATE=getMsg HTTP/1.1" 200 27
222.69.133.86 - - [07/Jan/2021:10:15:55 +0800] "GET /xingrg/all/function/internal_message.html?_=1609985752832&CODE_STATE=getMsg HTTP/1.1" 200 27
117.131.5.26 - - [07/Jan/2021:10:15:56 +0800] "GET /xingrg/all/function/internal_message.html?_=1609986097114&CODE_STATE=getMsg HTTP/1.1" 200 27
116.228.172.94 - - [07/Jan/2021:10:15:59 +0800] "GET /xingrg/all/function/internal_message.html?_=1609985752043&CODE_STATE=getMsg HTTP/1.1" 200 27
172.17.0.108 - - [07/Jan/2021:10:15:59 +0800] "GET /xingrg/all/function/internal_message.html?_=1609985758369&CODE_STATE=getMsg HTTP/1.1" 200 27
172.17.0.103 - - [07/Jan/2021:10:16:01 +0800] "POST /xingrg/login.do HTTP/1.1" 200 2416
172.17.0.103 - - [07/Jan/2021:10:16:01 +0800] "GET /favicon.ico HTTP/1.1" 404 -
172.17.0.128 - - [07/Jan/2021:10:16:01 +0800] "GET /xingrg/all/function/internal_message.html?_=1609985703057&CODE_STATE=getMsg HTTP/1.1" 200 27
120.253.135.82 - - [07/Jan/2021:10:16:04 +0800] "GET /xingrg/check_reg.html?_=1609985520514 HTTP/1.1" 200 22
120.253.135.82 - - [07/Jan/2021:10:16:04 +0800] "GET /xingrg/all/function/internal_message.html?_=1609985520632&CODE_STATE=getMsg HTTP/1.1" 200 27
116.228.172.94 - - [07/Jan/2021:10:16:08 +0800] "GET /xingrg/javascript/easyui/themes/default/tree.css HTTP/1.1" 404 1090
116.228.172.94 - - [07/Jan/2021:10:16:08 +0800] "POST /xingrg/all/common/load_tree.html?tree=supplier_tree_json&isDelete=1 HTTP/1.1" 200 53432
117.185.32.26 - - [07/Jan/2021:10:16:14 +0800] "GET /xingrg/all/function/internal_message.html?_=1609986241835&CODE_STATE=getMsg HTTP/1.1" 200 27
172.17.0.120 - - [07/Jan/2021:10:16:15 +0800] "GET /xingrg/all/function/internal_message.html?_=1609985777688&CODE_STATE=getMsg HTTP/1.1" 200 27
222.70.170.138 - - [07/Jan/2021:10:16:16 +0800] "GET /xingrg/all/function/internal_message.html?_=1609985774091&CODE_STATE=getMsg HTTP/1.1" 200 27
114.88.169.67 - - [07/Jan/2021:10:16:16 +0800] "GET /xingrg/all/function/internal_message.html?_=1609985772440&CODE_STATE=getMsg HTTP/1.1" 302 -
117.131.5.26 - - [07/Jan/2021:10:16:21 +0800] "GET /xingrg/all/function/internal_message.html?_=1609985827929&CODE_STATE=getMsg HTTP/1.1" 200 27
116.228.172.94 - - [07/Jan/2021:10:16:31 +0800] "GET /xingrg/kc/buy/cgsh_order_operate.html?command=get_materiel&rest_code=00107&code=00101018011&supplier_code=00100330&order_time=2021-01-07 HTTP/1.1" 200 413
120.253.135.82 - - [07/Jan/2021:10:16:36 +0800] "GET /xingrg/all/function/internal_message.html?_=1609985834274&CODE_STATE=getMsg HTTP/1.1" 200 27
61.165.42.208 - - [07/Jan/2021:10:16:37 +0800] "GET /xingrg/all/function/internal_message.html?_=1609985798899&CODE_STATE=getMsg HTTP/1.1" 200 27
114.88.169.67 - - [07/Jan/2021:10:16:39 +0800] "GET /xingrg/all/function/internal_message.html?_=1609985959024&CODE_STATE=getMsg HTTP/1.1" 200 27
58.40.7.146 - - [07/Jan/2021:10:16:43 +0800] "GET /xingrg/all/function/internal_message.html?_=1609985800753&CODE_STATE=getMsg HTTP/1.1" 200 27
101.85.93.83 - - [07/Jan/2021:10:16:43 +0800] "GET /xingrg/all/function/internal_message.html?_=1609985474434&CODE_STATE=getMsg HTTP/1.1" 200 27
180.175.150.119 - - [07/Jan/2021:10:16:44 +0800] "GET /xingrg/all/function/internal_message.html?_=1609986039946&CODE_STATE=getMsg HTTP/1.1" 200 27
172.17.200.101 - - [07/Jan/2021:10:16:44 +0800] "GET /xingrg/all/function/internal_message.html?_=1609985805873&CODE_STATE=getMsg HTTP/1.1" 200 27
180.156.237.57 - - [07/Jan/2021:10:16:46 +0800] "GET /xingrg/all/function/internal_message.html?_=1609985805324&CODE_STATE=getMsg HTTP/1.1" 200 27
180.156.237.57 - - [07/Jan/2021:10:16:46 +0800] "GET /xingrg/check_reg.html?_=1609985805330 HTTP/1.1" 200 22
116.228.172.94 - - [07/Jan/2021:10:16:50 +0800] "GET /xingrg/kc/buy/cgsh_order_operate.html?command=get_materiel&rest_code=00107&code=00101006067&supplier_code=00100330&order_time=2021-01-07 HTTP/1.1" 200 409
117.131.5.26 - - [07/Jan/2021:10:16:51 +0800] "GET /xingrg/check_reg.html?_=1609986152004 HTTP/1.1" 200 22
180.156.237.57 - - [07/Jan/2021:10:16:52 +0800] "GET /xingrg/all/function/internal_message.html?_=1609985788352&CODE_STATE=getMsg HTTP/1.1" 200 27
58.37.230.33 - - [07/Jan/2021:10:16:53 +0800] "GET /xingrg/all/function/internal_message.html?_=1609985374989&CODE_STATE=getMsg HTTP/1.1" 200 27
222.69.133.86 - - [07/Jan/2021:10:16:55 +0800] "GET /xingrg/all/function/internal_message.html?_=1609985812831&CODE_STATE=getMsg HTTP/1.1" 200 27
117.131.5.26 - - [07/Jan/2021:10:16:56 +0800] "GET /xingrg/all/function/internal_message.html?_=1609986157141&CODE_STATE=getMsg HTTP/1.1" 200 27
116.228.172.94 - - [07/Jan/2021:10:16:59 +0800] "GET /xingrg/kc/buy/cgsh_order_operate.html?command=get_materiel&rest_code=00107&code=00101018007&supplier_code=00100330&order_time=2021-01-07 HTTP/1.1" 200 409
116.228.172.94 - - [07/Jan/2021:10:16:59 +0800] "GET /xingrg/all/function/internal_message.html?_=1609985812120&CODE_STATE=getMsg HTTP/1.1" 200 27
172.17.0.108 - - [07/Jan/2021:10:16:59 +0800] "GET /xingrg/all/function/internal_message.html?_=1609985818341&CODE_STATE=getMsg HTTP/1.1" 200 27
172.17.0.128 - - [07/Jan/2021:10:17:01 +0800] "GET /xingrg/all/function/internal_message.html?_=1609985763056&CODE_STATE=getMsg HTTP/1.1" 200 27
120.253.135.82 - - [07/Jan/2021:10:17:04 +0800] "GET /xingrg/all/function/internal_message.html?_=1609985580645&CODE_STATE=getMsg HTTP/1.1" 200 27
222.70.170.138 - - [07/Jan/2021:10:17:10 +0800] "GET /xingrg/check_reg.html?_=1609985828054 HTTP/1.1" 200 22
116.228.172.94 - - [07/Jan/2021:10:17:13 +0800] "POST /xingrg/kc/buy/cgsh_order_operate.html HTTP/1.1" 200 37
117.185.32.26 - - [07/Jan/2021:10:17:14 +0800] "GET /xingrg/all/function/internal_message.html?_=1609986301833&CODE_STATE=getMsg HTTP/1.1" 200 27
117.185.32.26 - - [07/Jan/2021:10:17:14 +0800] "GET /xingrg/check_reg.html?_=1609986301835 HTTP/1.1" 200 22
116.228.172.94 - - [07/Jan/2021:10:17:14 +0800] "POST /xingrg/kc/buy/cgsh_order_operate.html HTTP/1.1" 200 3833
114.88.169.67 - - [07/Jan/2021:10:17:14 +0800] "GET /xingrg/check_reg.html?_=1609985830944 HTTP/1.1" 302 -
116.228.172.94 - - [07/Jan/2021:10:17:15 +0800] "GET /xingrg/kc/print/load_data.html?order_code=212021010702598&kc_code=cgsh&condition= HTTP/1.1" 200 1121
172.17.0.120 - - [07/Jan/2021:10:17:15 +0800] "GET /xingrg/check_reg.html?_=1609985837675 HTTP/1.1" 200 22
172.17.0.120 - - [07/Jan/2021:10:17:15 +0800] "GET /xingrg/all/function/internal_message.html?_=1609985837679&CODE_STATE=getMsg HTTP/1.1" 200 27
222.70.170.138 - - [07/Jan/2021:10:17:16 +0800] "GET /xingrg/all/function/internal_message.html?_=1609985834105&CODE_STATE=getMsg HTTP/1.1" 200 27
114.88.169.67 - - [07/Jan/2021:10:17:16 +0800] "GET /xingrg/all/function/internal_message.html?_=1609985832453&CODE_STATE=getMsg HTTP/1.1" 302 -
116.228.172.94 - - [07/Jan/2021:10:17:21 +0800] "GET /xingrg/kc/buy/cgsh_order_add.html HTTP/1.1" 200 61466
117.131.5.26 - - [07/Jan/2021:10:17:21 +0800] "GET /xingrg/all/function/internal_message.html?_=1609985887928&CODE_STATE=getMsg HTTP/1.1" 200 27
116.228.172.94 - - [07/Jan/2021:10:17:21 +0800] "GET /xingrg/javascript/easyui/themes/default/validatebox.css HTTP/1.1" 404 1104
116.228.172.94 - - [07/Jan/2021:10:17:22 +0800] "POST /xingrg/kc/buy/cgsh_order_operate.html HTTP/1.1" 200 8245
116.228.172.94 - - [07/Jan/2021:10:17:23 +0800] "GET /xingrg/javascript/easyui/themes/default/tree.css HTTP/1.1" 404 1090
116.228.172.94 - - [07/Jan/2021:10:17:23 +0800] "POST /xingrg/all/common/load_tree.html?tree=supplier_tree_json&isDelete=1 HTTP/1.1" 200 53432
120.253.135.82 - - [07/Jan/2021:10:17:36 +0800] "GET /xingrg/all/function/internal_message.html?_=1609985894287&CODE_STATE=getMsg HTTP/1.1" 200 27
61.165.42.208 - - [07/Jan/2021:10:17:37 +0800] "GET /xingrg/all/function/internal_message.html?_=1609985858902&CODE_STATE=getMsg HTTP/1.1" 200 27
114.88.169.67 - - [07/Jan/2021:10:17:39 +0800] "GET /xingrg/all/function/internal_message.html?_=1609986019024&CODE_STATE=getMsg HTTP/1.1" 200 27
61.165.42.208 - - [07/Jan/2021:10:17:42 +0800] "GET /xingrg/kc/buy/cgsh_order_operate.html?command=get_materiel&rest_code=00105&code=00101008323&supplier_code=00100203&order_time=2021-01-07 HTTP/1.1" 200 408
101.85.93.83 - - [07/Jan/2021:10:17:43 +0800] "GET /xingrg/all/function/internal_message.html?_=1609985534413&CODE_STATE=getMsg HTTP/1.1" 200 27
58.40.7.146 - - [07/Jan/2021:10:17:43 +0800] "GET /xingrg/all/function/internal_message.html?_=1609985860756&CODE_STATE=getMsg HTTP/1.1" 200 27
172.17.200.101 - - [07/Jan/2021:10:17:44 +0800] "GET /xingrg/check_reg.html?_=1609985865860 HTTP/1.1" 200 22
172.17.200.101 - - [07/Jan/2021:10:17:44 +0800] "GET /xingrg/all/function/internal_message.html?_=1609985865864&CODE_STATE=getMsg HTTP/1.1" 200 27
180.175.150.119 - - [07/Jan/2021:10:17:44 +0800] "GET /xingrg/all/function/internal_message.html?_=1609986099955&CODE_STATE=getMsg HTTP/1.1" 200 27
180.156.237.57 - - [07/Jan/2021:10:17:46 +0800] "GET /xingrg/all/function/internal_message.html?_=1609985865328&CODE_STATE=getMsg HTTP/1.1" 200 27
116.228.172.94 - - [07/Jan/2021:10:17:47 +0800] "GET /xingrg/kc/buy/cgsh_order_operate.html?command=get_materiel&rest_code=00107&code=00101006038&supplier_code=00100342&order_time=2021-01-07 HTTP/1.1" 200 421
180.156.237.57 - - [07/Jan/2021:10:17:52 +0800] "GET /xingrg/all/function/internal_message.html?_=1609985848355&CODE_STATE=getMsg HTTP/1.1" 200 27
58.37.230.33 - - [07/Jan/2021:10:17:53 +0800] "GET /xingrg/all/function/internal_message.html?_=1609985434959&CODE_STATE=getMsg HTTP/1.1" 200 27
116.228.172.94 - - [07/Jan/2021:10:17:54 +0800] "POST /xingrg/kc/buy/cgsh_order_operate.html HTTP/1.1" 200 37
222.69.133.86 - - [07/Jan/2021:10:17:55 +0800] "GET /xingrg/check_reg.html?_=1609985872832 HTTP/1.1" 200 22
222.69.133.86 - - [07/Jan/2021:10:17:55 +0800] "GET /xingrg/all/function/internal_message.html?_=1609985872836&CODE_STATE=getMsg HTTP/1.1" 200 27
116.228.172.94 - - [07/Jan/2021:10:17:55 +0800] "POST /xingrg/kc/buy/cgsh_order_operate.html HTTP/1.1" 200 2666
117.131.5.26 - - [07/Jan/2021:10:17:56 +0800] "GET /xingrg/all/function/internal_message.html?_=1609986217147&CODE_STATE=getMsg HTTP/1.1" 200 27
116.228.172.94 - - [07/Jan/2021:10:17:57 +0800] "GET /xingrg/kc/print/load_data.html?order_code=212021010702599&kc_code=cgsh&condition= HTTP/1.1" 200 688
116.228.172.94 - - [07/Jan/2021:10:17:59 +0800] "GET /xingrg/all/function/internal_message.html?_=1609985872126&CODE_STATE=getMsg HTTP/1.1" 200 27
172.17.0.108 - - [07/Jan/2021:10:17:59 +0800] "GET /xingrg/check_reg.html?_=1609985878113 HTTP/1.1" 200 22
172.17.0.108 - - [07/Jan/2021:10:17:59 +0800] "GET /xingrg/all/function/internal_message.html?_=1609985878319&CODE_STATE=getMsg HTTP/1.1" 200 27
172.17.0.128 - - [07/Jan/2021:10:18:01 +0800] "GET /xingrg/check_reg.html?_=1609985823058 HTTP/1.1" 200 22
172.17.0.128 - - [07/Jan/2021:10:18:01 +0800] "GET /xingrg/all/function/internal_message.html?_=1609985823056&CODE_STATE=getMsg HTTP/1.1" 200 27
116.228.172.94 - - [07/Jan/2021:10:18:02 +0800] "GET /xingrg/kc/buy/cgsh_order_add.html HTTP/1.1" 200 61466
116.228.172.94 - - [07/Jan/2021:10:18:03 +0800] "GET /xingrg/javascript/easyui/themes/default/validatebox.css HTTP/1.1" 404 1104
116.228.172.94 - - [07/Jan/2021:10:18:04 +0800] "POST /xingrg/kc/buy/cgsh_order_operate.html HTTP/1.1" 200 8245
120.253.135.82 - - [07/Jan/2021:10:18:04 +0800] "GET /xingrg/all/function/internal_message.html?_=1609985640660&CODE_STATE=getMsg HTTP/1.1" 200 27
172.17.0.185 - - [07/Jan/2021:10:18:05 +0800] "GET /xingrg/check_reg.html?_=1609985882805 HTTP/1.1" 200 22
116.228.172.94 - - [07/Jan/2021:10:18:06 +0800] "GET /xingrg/javascript/easyui/themes/default/tree.css HTTP/1.1" 404 1090
116.228.172.94 - - [07/Jan/2021:10:18:06 +0800] "POST /xingrg/all/common/load_tree.html?tree=supplier_tree_json&isDelete=1 HTTP/1.1" 200 53432
61.165.42.208 - - [07/Jan/2021:10:18:13 +0800] "POST /xingrg/kc/buy/cgsh_order_operate.html HTTP/1.1" 200 37
117.185.32.26 - - [07/Jan/2021:10:18:14 +0800] "GET /xingrg/all/function/internal_message.html?_=1609986361833&CODE_STATE=getMsg HTTP/1.1" 200 27
61.165.42.208 - - [07/Jan/2021:10:18:14 +0800] "POST /xingrg/kc/buy/cgsh_order_operate.html HTTP/1.1" 200 48189
172.17.0.120 - - [07/Jan/2021:10:18:15 +0800] "GET /xingrg/all/function/internal_message.html?_=1609985897683&CODE_STATE=getMsg HTTP/1.1" 200 27
61.165.42.208 - - [07/Jan/2021:10:18:16 +0800] "GET /xingrg/kc/print/load_data.html?order_code=212021010702574&kc_code=cgsh&condition= HTTP/1.1" 200 17840
222.70.170.138 - - [07/Jan/2021:10:18:16 +0800] "GET /xingrg/all/function/internal_message.html?_=1609985894119&CODE_STATE=getMsg HTTP/1.1" 200 27
114.88.169.67 - - [07/Jan/2021:10:18:16 +0800] "GET /xingrg/all/function/internal_message.html?_=1609985892491&CODE_STATE=getMsg HTTP/1.1" 302 -
117.131.5.26 - - [07/Jan/2021:10:18:21 +0800] "GET /xingrg/all/function/internal_message.html?_=1609985947967&CODE_STATE=getMsg HTTP/1.1" 200 27
117.131.5.26 - - [07/Jan/2021:10:18:21 +0800] "GET /xingrg/check_reg.html?_=1609985947970 HTTP/1.1" 200 22
116.228.172.94 - - [07/Jan/2021:10:18:27 +0800] "GET /xingrg/kc/buy/cgsh_order_operate.html?command=get_materiel&rest_code=00107&code=00101008394&supplier_code=00100327&order_time=2021-01-07 HTTP/1.1" 200 413
58.37.230.33 - - [07/Jan/2021:10:18:27 +0800] "GET /xingrg/check_reg.html?_=1609985468797 HTTP/1.1" 200 22
61.165.42.208 - - [07/Jan/2021:10:18:28 +0800] "GET /xingrg/kc/buy/cgsh_order_list.html HTTP/1.1" 200 45641
61.165.42.208 - - [07/Jan/2021:10:18:30 +0800] "POST /xingrg/kc/buy/cgsh_list_operate.html HTTP/1.1" 200 2772
61.165.42.208 - - [07/Jan/2021:10:18:32 +0800] "POST /xingrg/kc/buy/cgsh_list_operate.html HTTP/1.1" 200 418
172.17.0.119 - - [07/Jan/2021:10:18:35 +0800] "GET /xingrg/check_reg.html?_=1609985913078 HTTP/1.1" 302 -
120.253.135.82 - - [07/Jan/2021:10:18:36 +0800] "GET /xingrg/all/function/internal_message.html?_=1609985954329&CODE_STATE=getMsg HTTP/1.1" 200 27
61.165.42.208 - - [07/Jan/2021:10:18:37 +0800] "GET /xingrg/kc/buy/cgsh_order_info.html?code=212021010702579 HTTP/1.1" 200 61436
61.165.42.208 - - [07/Jan/2021:10:18:38 +0800] "GET /xingrg/javascript/easyui/themes/default/validatebox.css HTTP/1.1" 404 1104
61.165.42.208 - - [07/Jan/2021:10:18:38 +0800] "GET /xingrg/all/function/internal_message.html?_=1609985919251&CODE_STATE=getMsg HTTP/1.1" 200 27
61.165.42.208 - - [07/Jan/2021:10:18:38 +0800] "POST /xingrg/kc/buy/cgsh_order_operate.html HTTP/1.1" 200 4425
114.88.169.67 - - [07/Jan/2021:10:18:39 +0800] "GET /xingrg/all/function/internal_message.html?_=1609986079024&CODE_STATE=getMsg HTTP/1.1" 200 27
61.165.42.208 - - [07/Jan/2021:10:18:39 +0800] "GET /xingrg/kc/print/load_data.html?order_code=212021010702579&kc_code=cgsh&condition= HTTP/1.1" 200 1341
101.85.93.83 - - [07/Jan/2021:10:18:42 +0800] "GET /xingrg/all/function/internal_message.html?_=1609985594384&CODE_STATE=getMsg HTTP/1.1" 200 27
58.40.7.146 - - [07/Jan/2021:10:18:43 +0800] "GET /xingrg/all/function/internal_message.html?_=1609985920760&CODE_STATE=getMsg HTTP/1.1" 200 27
116.228.172.94 - - [07/Jan/2021:10:18:43 +0800] "GET /xingrg/kc/buy/cgsh_order_operate.html?command=get_materiel&rest_code=00107&code=00101012086&supplier_code=00100327&order_time=2021-01-07 HTTP/1.1" 200 406
172.17.200.101 - - [07/Jan/2021:10:18:44 +0800] "GET /xingrg/all/function/internal_message.html?_=1609985925866&CODE_STATE=getMsg HTTP/1.1" 200 27
180.175.150.119 - - [07/Jan/2021:10:18:45 +0800] "GET /xingrg/all/function/internal_message.html?_=1609986160744&CODE_STATE=getMsg HTTP/1.1" 200 27
61.165.42.208 - - [07/Jan/2021:10:18:46 +0800] "GET /xingrg/kc/buy/cgsh_order_add.html HTTP/1.1" 200 61425
180.156.237.57 - - [07/Jan/2021:10:18:46 +0800] "GET /xingrg/all/function/internal_message.html?_=1609985925344&CODE_STATE=getMsg HTTP/1.1" 200 27
61.165.42.208 - - [07/Jan/2021:10:18:46 +0800] "POST /xingrg/kc/buy/cgsh_order_operate.html HTTP/1.1" 200 8245
61.165.42.208 - - [07/Jan/2021:10:18:46 +0800] "GET /xingrg/javascript/easyui/themes/default/validatebox.css HTTP/1.1" 404 1104
180.156.237.57 - - [07/Jan/2021:10:18:52 +0800] "GET /xingrg/all/function/internal_message.html?_=1609985908382&CODE_STATE=getMsg HTTP/1.1" 200 27
116.228.172.94 - - [07/Jan/2021:10:18:52 +0800] "POST /xingrg/kc/buy/cgsh_order_operate.html HTTP/1.1" 200 37
116.228.172.94 - - [07/Jan/2021:10:18:53 +0800] "POST /xingrg/kc/buy/cgsh_order_operate.html HTTP/1.1" 200 3247
58.37.230.33 - - [07/Jan/2021:10:18:53 +0800] "GET /xingrg/all/function/internal_message.html?_=1609985494935&CODE_STATE=getMsg HTTP/1.1" 200 27
116.228.172.94 - - [07/Jan/2021:10:18:54 +0800] "GET /xingrg/kc/print/load_data.html?order_code=212021010702600&kc_code=cgsh&condition= HTTP/1.1" 200 897
222.69.133.86 - - [07/Jan/2021:10:18:55 +0800] "GET /xingrg/all/function/internal_message.html?_=1609985932831&CODE_STATE=getMsg HTTP/1.1" 200 27
117.131.5.26 - - [07/Jan/2021:10:18:56 +0800] "GET /xingrg/all/function/internal_message.html?_=1609986277427&CODE_STATE=getMsg HTTP/1.1" 200 27
116.228.172.94 - - [07/Jan/2021:10:18:58 +0800] "GET /xingrg/kc/buy/cgsh_order_add.html HTTP/1.1" 200 61466
116.228.172.94 - - [07/Jan/2021:10:18:59 +0800] "POST /xingrg/kc/buy/cgsh_order_operate.html HTTP/1.1" 200 8245
172.17.0.108 - - [07/Jan/2021:10:18:59 +0800] "GET /xingrg/all/function/internal_message.html?_=1609985938290&CODE_STATE=getMsg HTTP/1.1" 200 27
116.228.172.94 - - [07/Jan/2021:10:18:59 +0800] "GET /xingrg/all/function/internal_message.html?_=1609985932255&CODE_STATE=getMsg HTTP/1.1" 200 27
116.228.172.94 - - [07/Jan/2021:10:18:59 +0800] "GET /xingrg/javascript/easyui/themes/default/validatebox.css HTTP/1.1" 404 1104
116.228.172.94 - - [07/Jan/2021:10:19:00 +0800] "GET /xingrg/javascript/easyui/themes/default/tree.css HTTP/1.1" 404 1090
116.228.172.94 - - [07/Jan/2021:10:19:00 +0800] "POST /xingrg/all/common/load_tree.html?tree=supplier_tree_json&isDelete=1 HTTP/1.1" 200 53432
172.17.0.128 - - [07/Jan/2021:10:19:01 +0800] "GET /xingrg/all/function/internal_message.html?_=1609985883060&CODE_STATE=getMsg HTTP/1.1" 200 27
120.253.135.82 - - [07/Jan/2021:10:19:04 +0800] "GET /xingrg/all/function/internal_message.html?_=1609985700677&CODE_STATE=getMsg HTTP/1.1" 200 27
117.185.32.26 - - [07/Jan/2021:10:19:14 +0800] "GET /xingrg/all/function/internal_message.html?_=1609986421839&CODE_STATE=getMsg HTTP/1.1" 200 27
172.17.0.120 - - [07/Jan/2021:10:19:15 +0800] "GET /xingrg/all/function/internal_message.html?_=1609985957687&CODE_STATE=getMsg HTTP/1.1" 200 27
114.88.169.67 - - [07/Jan/2021:10:19:16 +0800] "GET /xingrg/all/function/internal_message.html?_=1609985952497&CODE_STATE=getMsg HTTP/1.1" 302 -
222.70.170.138 - - [07/Jan/2021:10:19:16 +0800] "GET /xingrg/all/function/internal_message.html?_=1609985954477&CODE_STATE=getMsg HTTP/1.1" 200 27
180.175.150.119 - - [07/Jan/2021:10:19:19 +0800] "GET /xingrg/check_reg.html?_=1609986194529 HTTP/1.1" 200 22
61.165.42.208 - - [07/Jan/2021:10:19:19 +0800] "GET /xingrg/kc/buy/cgsh_order_operate.html?command=get_materiel&rest_code=00105&code=00101006109&supplier_code=00100012&order_time=2021-01-07 HTTP/1.1" 200 409
117.131.5.26 - - [07/Jan/2021:10:19:21 +0800] "GET /xingrg/all/function/internal_message.html?_=1609986007955&CODE_STATE=getMsg HTTP/1.1" 200 27
116.228.172.94 - - [07/Jan/2021:10:19:31 +0800] "GET /xingrg/kc/buy/cgsh_order_operate.html?command=get_materiel&rest_code=00107&code=00101010567&supplier_code=00100326&order_time=2021-01-07 HTTP/1.1" 200 399
61.165.42.208 - - [07/Jan/2021:10:19:31 +0800] "GET /xingrg/kc/buy/cgsh_order_operate.html?command=get_materiel&rest_code=00105&code=00101006106&supplier_code=00100012&order_time=2021-01-07 HTTP/1.1" 200 421
120.253.135.82 - - [07/Jan/2021:10:19:36 +0800] "GET /xingrg/all/function/internal_message.html?_=1609986014345&CODE_STATE=getMsg HTTP/1.1" 200 27
61.165.42.208 - - [07/Jan/2021:10:19:37 +0800] "GET /xingrg/check_reg.html?_=1609985978941 HTTP/1.1" 200 22
61.165.42.208 - - [07/Jan/2021:10:19:37 +0800] "GET /xingrg/all/function/internal_message.html?_=1609985979223&CODE_STATE=getMsg HTTP/1.1" 200 27
61.165.42.208 - - [07/Jan/2021:10:19:38 +0800] "GET /xingrg/kc/buy/cgsh_order_operate.html?command=get_materiel&rest_code=00105&code=00101006112&supplier_code=00100012&order_time=2021-01-07 HTTP/1.1" 200 409
114.88.169.67 - - [07/Jan/2021:10:19:39 +0800] "GET /xingrg/check_reg.html?_=1609986139023 HTTP/1.1" 200 22
114.88.169.67 - - [07/Jan/2021:10:19:39 +0800] "GET /xingrg/all/function/internal_message.html?_=1609986139024&CODE_STATE=getMsg HTTP/1.1" 200 27
116.228.172.94 - - [07/Jan/2021:10:19:40 +0800] "POST /xingrg/kc/buy/cgsh_order_operate.html HTTP/1.1" 200 37
116.228.172.94 - - [07/Jan/2021:10:19:41 +0800] "POST /xingrg/kc/buy/cgsh_order_operate.html HTTP/1.1" 200 2658
180.156.237.57 - - [07/Jan/2021:10:19:42 +0800] "GET /xingrg/check_reg.html?_=1609985958060 HTTP/1.1" 200 22
101.85.93.83 - - [07/Jan/2021:10:19:42 +0800] "GET /xingrg/all/function/internal_message.html?_=1609985654363&CODE_STATE=getMsg HTTP/1.1" 200 27
58.40.7.146 - - [07/Jan/2021:10:19:43 +0800] "GET /xingrg/all/function/internal_message.html?_=1609985980764&CODE_STATE=getMsg HTTP/1.1" 200 27
116.228.172.94 - - [07/Jan/2021:10:19:43 +0800] "GET /xingrg/kc/print/load_data.html?order_code=212021010702601&kc_code=cgsh&condition= HTTP/1.1" 200 677
101.85.93.83 - - [07/Jan/2021:10:19:43 +0800] "GET /xingrg/check_reg.html?_=1609985655224 HTTP/1.1" 200 22
172.17.200.101 - - [07/Jan/2021:10:19:44 +0800] "GET /xingrg/all/function/internal_message.html?_=1609985985867&CODE_STATE=getMsg HTTP/1.1" 200 27
180.175.150.119 - - [07/Jan/2021:10:19:45 +0800] "GET /xingrg/all/function/internal_message.html?_=1609986220781&CODE_STATE=getMsg HTTP/1.1" 200 27
180.156.237.57 - - [07/Jan/2021:10:19:46 +0800] "GET /xingrg/all/function/internal_message.html?_=1609985985347&CODE_STATE=getMsg HTTP/1.1" 200 27
116.228.172.94 - - [07/Jan/2021:10:19:47 +0800] "GET /xingrg/kc/buy/cgsh_order_add.html HTTP/1.1" 200 61466
61.165.42.208 - - [07/Jan/2021:10:19:47 +0800] "GET /xingrg/kc/buy/cgsh_order_operate.html?command=get_materiel&rest_code=00105&code=00101006184&supplier_code=00100012&order_time=2021-01-07 HTTP/1.1" 200 408
116.228.172.94 - - [07/Jan/2021:10:19:48 +0800] "GET /xingrg/words/20210107093242_words.js HTTP/1.1" 304 -
116.228.172.94 - - [07/Jan/2021:10:19:48 +0800] "GET /xingrg/javascript/easyui/themes/default/validatebox.css HTTP/1.1" 404 1104
116.228.172.94 - - [07/Jan/2021:10:19:48 +0800] "POST /xingrg/kc/buy/cgsh_order_operate.html HTTP/1.1" 200 8245
116.228.172.94 - - [07/Jan/2021:10:19:49 +0800] "GET /xingrg/javascript/easyui/themes/default/tree.css HTTP/1.1" 404 1090
116.228.172.94 - - [07/Jan/2021:10:19:49 +0800] "POST /xingrg/all/common/load_tree.html?tree=supplier_tree_json&isDelete=1 HTTP/1.1" 200 53432
180.156.237.57 - - [07/Jan/2021:10:19:52 +0800] "GET /xingrg/all/function/internal_message.html?_=1609985968383&CODE_STATE=getMsg HTTP/1.1" 200 27
180.156.237.57 - - [07/Jan/2021:10:19:52 +0800] "POST /xingrg/services/DataTransmitService HTTP/1.1" 200 524
58.37.230.33 - - [07/Jan/2021:10:19:53 +0800] "GET /xingrg/all/function/internal_message.html?_=1609985554936&CODE_STATE=getMsg HTTP/1.1" 200 27
222.69.133.86 - - [07/Jan/2021:10:19:55 +0800] "GET /xingrg/all/function/internal_message.html?_=1609985992832&CODE_STATE=getMsg HTTP/1.1" 200 27
117.131.5.26 - - [07/Jan/2021:10:19:56 +0800] "GET /xingrg/all/function/internal_message.html?_=1609986337440&CODE_STATE=getMsg HTTP/1.1" 200 27
116.228.172.94 - - [07/Jan/2021:10:19:56 +0800] "GET /xingrg/check_reg.html?_=1609985989309 HTTP/1.1" 200 22
61.165.42.208 - - [07/Jan/2021:10:19:59 +0800] "GET /xingrg/kc/buy/cgsh_order_operate.html?command=get_materiel&rest_code=00105&code=00101006195&supplier_code=00100012&order_time=2021-01-07 HTTP/1.1" 200 409
116.228.172.94 - - [07/Jan/2021:10:19:59 +0800] "GET /xingrg/all/function/internal_message.html?_=1609985992241&CODE_STATE=getMsg HTTP/1.1" 200 27
172.17.0.108 - - [07/Jan/2021:10:19:59 +0800] "GET /xingrg/all/function/internal_message.html?_=1609985998262&CODE_STATE=getMsg HTTP/1.1" 200 27
172.17.0.128 - - [07/Jan/2021:10:20:01 +0800] "GET /xingrg/all/function/internal_message.html?_=1609985943084&CODE_STATE=getMsg HTTP/1.1" 200 27
120.253.135.82 - - [07/Jan/2021:10:20:04 +0800] "GET /xingrg/all/function/internal_message.html?_=1609985760685&CODE_STATE=getMsg HTTP/1.1" 200 27
116.228.172.94 - - [07/Jan/2021:10:20:06 +0800] "GET /xingrg/kc/buy/cgsh_order_operate.html?command=get_materiel&rest_code=00107&code=00101001140&supplier_code=00100090&order_time=2021-01-07 HTTP/1.1" 200 415
61.165.42.208 - - [07/Jan/2021:10:20:10 +0800] "POST /xingrg/kc/buy/cgsh_order_operate.html HTTP/1.1" 200 37
61.165.42.208 - - [07/Jan/2021:10:20:11 +0800] "POST /xingrg/kc/buy/cgsh_order_operate.html HTTP/1.1" 200 5022
61.165.42.208 - - [07/Jan/2021:10:20:12 +0800] "GET /xingrg/kc/print/load_data.html?order_code=212021010702602&kc_code=cgsh&condition= HTTP/1.1" 200 1660
117.185.32.26 - - [07/Jan/2021:10:20:14 +0800] "GET /xingrg/all/function/internal_message.html?_=1609986481838&CODE_STATE=getMsg HTTP/1.1" 200 27
172.17.0.120 - - [07/Jan/2021:10:20:15 +0800] "GET /xingrg/all/function/internal_message.html?_=1609986017676&CODE_STATE=getMsg HTTP/1.1" 200 27
114.88.169.67 - - [07/Jan/2021:10:20:16 +0800] "GET /xingrg/all/function/internal_message.html?_=1609986012542&CODE_STATE=getMsg HTTP/1.1" 302 -
222.70.170.138 - - [07/Jan/2021:10:20:16 +0800] "GET /xingrg/all/function/internal_message.html?_=1609986014489&CODE_STATE=getMsg HTTP/1.1" 200 27
116.228.172.94 - - [07/Jan/2021:10:20:20 +0800] "POST /xingrg/kc/buy/cgsh_order_operate.html HTTP/1.1" 200 37
117.131.5.26 - - [07/Jan/2021:10:20:21 +0800] "GET /xingrg/all/function/internal_message.html?_=1609986067953&CODE_STATE=getMsg HTTP/1.1" 200 27
116.228.172.94 - - [07/Jan/2021:10:20:21 +0800] "POST /xingrg/kc/buy/cgsh_order_operate.html HTTP/1.1" 200 2662
116.228.172.94 - - [07/Jan/2021:10:20:23 +0800] "GET /xingrg/kc/print/load_data.html?order_code=212021010702603&kc_code=cgsh&condition= HTTP/1.1" 200 742
116.228.172.94 - - [07/Jan/2021:10:20:26 +0800] "GET /xingrg/kc/buy/cgsh_order_add.html HTTP/1.1" 200 61466
116.228.172.94 - - [07/Jan/2021:10:20:27 +0800] "POST /xingrg/kc/buy/cgsh_order_operate.html HTTP/1.1" 200 8245
116.228.172.94 - - [07/Jan/2021:10:20:27 +0800] "GET /xingrg/javascript/easyui/themes/default/validatebox.css HTTP/1.1" 404 1104
116.228.172.94 - - [07/Jan/2021:10:20:28 +0800] "GET /xingrg/javascript/easyui/themes/default/tree.css HTTP/1.1" 404 1090
116.228.172.94 - - [07/Jan/2021:10:20:28 +0800] "POST /xingrg/all/common/load_tree.html?tree=supplier_tree_json&isDelete=1 HTTP/1.1" 200 53432
120.253.135.82 - - [07/Jan/2021:10:20:35 +0800] "GET /xingrg/check_reg.html?_=1609986073877 HTTP/1.1" 200 22
120.253.135.82 - - [07/Jan/2021:10:20:36 +0800] "GET /xingrg/all/function/internal_message.html?_=1609986074358&CODE_STATE=getMsg HTTP/1.1" 200 27
61.165.42.208 - - [07/Jan/2021:10:20:37 +0800] "GET /xingrg/all/function/internal_message.html?_=1609986039207&CODE_STATE=getMsg HTTP/1.1" 200 27
114.88.169.67 - - [07/Jan/2021:10:20:39 +0800] "GET /xingrg/all/function/internal_message.html?_=1609986199023&CODE_STATE=getMsg HTTP/1.1" 200 27
101.85.93.83 - - [07/Jan/2021:10:20:42 +0800] "GET /xingrg/all/function/internal_message.html?_=1609985714343&CODE_STATE=getMsg HTTP/1.1" 200 27
58.40.7.146 - - [07/Jan/2021:10:20:43 +0800] "GET /xingrg/check_reg.html?_=1609986040768 HTTP/1.1" 200 22
58.40.7.146 - - [07/Jan/2021:10:20:43 +0800] "GET /xingrg/all/function/internal_message.html?_=1609986040769&CODE_STATE=getMsg HTTP/1.1" 200 27
172.17.200.101 - - [07/Jan/2021:10:20:44 +0800] "GET /xingrg/all/function/internal_message.html?_=1609986045869&CODE_STATE=getMsg HTTP/1.1" 200 27
180.175.150.119 - - [07/Jan/2021:10:20:45 +0800] "GET /xingrg/all/function/internal_message.html?_=1609986280795&CODE_STATE=getMsg HTTP/1.1" 200 27
180.156.237.57 - - [07/Jan/2021:10:20:46 +0800] "GET /xingrg/all/function/internal_message.html?_=1609986045337&CODE_STATE=getMsg HTTP/1.1" 200 27
180.156.237.57 - - [07/Jan/2021:10:20:52 +0800] "GET /xingrg/all/function/internal_message.html?_=1609986028397&CODE_STATE=getMsg HTTP/1.1" 200 27
58.37.230.33 - - [07/Jan/2021:10:20:53 +0800] "GET /xingrg/all/function/internal_message.html?_=1609985614904&CODE_STATE=getMsg HTTP/1.1" 200 27
116.228.172.94 - - [07/Jan/2021:10:20:54 +0800] "GET /xingrg/kc/buy/cgsh_order_operate.html?command=get_materiel&rest_code=00107&code=00101010108&supplier_code=00100336&order_time=2021-01-07 HTTP/1.1" 200 421
222.69.133.86 - - [07/Jan/2021:10:20:55 +0800] "GET /xingrg/all/function/internal_message.html?_=1609986052831&CODE_STATE=getMsg HTTP/1.1" 200 27
117.131.5.26 - - [07/Jan/2021:10:20:56 +0800] "GET /xingrg/all/function/internal_message.html?_=1609986397726&CODE_STATE=getMsg HTTP/1.1" 200 27
116.228.172.94 - - [07/Jan/2021:10:20:59 +0800] "GET /xingrg/all/function/internal_message.html?_=1609986052214&CODE_STATE=getMsg HTTP/1.1" 200 27
172.17.0.108 - - [07/Jan/2021:10:20:59 +0800] "GET /xingrg/all/function/internal_message.html?_=1609986058236&CODE_STATE=getMsg HTTP/1.1" 200 27
172.17.0.128 - - [07/Jan/2021:10:21:01 +0800] "GET /xingrg/all/function/internal_message.html?_=1609986003090&CODE_STATE=getMsg HTTP/1.1" 200 27
120.253.135.82 - - [07/Jan/2021:10:21:04 +0800] "GET /xingrg/check_reg.html?_=1609985820523 HTTP/1.1" 200 22
120.253.135.82 - - [07/Jan/2021:10:21:04 +0800] "GET /xingrg/all/function/internal_message.html?_=1609985820778&CODE_STATE=getMsg HTTP/1.1" 200 27
117.185.32.26 - - [07/Jan/2021:10:21:14 +0800] "GET /xingrg/all/function/internal_message.html?_=1609986541837&CODE_STATE=getMsg HTTP/1.1" 200 27
172.17.0.120 - - [07/Jan/2021:10:21:15 +0800] "GET /xingrg/all/function/internal_message.html?_=1609986077681&CODE_STATE=getMsg HTTP/1.1" 200 27
114.88.169.67 - - [07/Jan/2021:10:21:16 +0800] "GET /xingrg/all/function/internal_message.html?_=1609986072556&CODE_STATE=getMsg HTTP/1.1" 302 -
222.70.170.138 - - [07/Jan/2021:10:21:17 +0800] "GET /xingrg/all/function/internal_message.html?_=1609986074842&CODE_STATE=getMsg HTTP/1.1" 200 27
117.131.5.26 - - [07/Jan/2021:10:21:21 +0800] "GET /xingrg/all/function/internal_message.html?_=1609986127973&CODE_STATE=getMsg HTTP/1.1" 200 27
116.228.172.94 - - [07/Jan/2021:10:21:27 +0800] "POST /xingrg/kc/buy/cgsh_order_operate.html HTTP/1.1" 200 37
116.228.172.94 - - [07/Jan/2021:10:21:28 +0800] "POST /xingrg/kc/buy/cgsh_order_operate.html HTTP/1.1" 200 2665
116.228.172.94 - - [07/Jan/2021:10:21:31 +0800] "GET /xingrg/kc/print/load_data.html?order_code=212021010702604&kc_code=cgsh&condition= HTTP/1.1" 200 678
120.253.135.82 - - [07/Jan/2021:10:21:36 +0800] "GET /xingrg/all/function/internal_message.html?_=1609986134373&CODE_STATE=getMsg HTTP/1.1" 200 27
61.165.42.208 - - [07/Jan/2021:10:21:37 +0800] "GET /xingrg/all/function/internal_message.html?_=1609986099176&CODE_STATE=getMsg HTTP/1.1" 200 27
114.88.169.67 - - [07/Jan/2021:10:21:39 +0800] "GET /xingrg/all/function/internal_message.html?_=1609986259028&CODE_STATE=getMsg HTTP/1.1" 200 27
116.228.172.94 - - [07/Jan/2021:10:21:41 +0800] "GET /xingrg/javascript/jquery_tools/images/prev.gif HTTP/1.1" 404 1086
116.228.172.94 - - [07/Jan/2021:10:21:41 +0800] "GET /xingrg/javascript/jquery_tools/images/next.gif HTTP/1.1" 404 1086
101.85.93.83 - - [07/Jan/2021:10:21:42 +0800] "GET /xingrg/all/function/internal_message.html?_=1609985774321&CODE_STATE=getMsg HTTP/1.1" 200 27
58.40.7.146 - - [07/Jan/2021:10:21:43 +0800] "GET /xingrg/all/function/internal_message.html?_=1609986100755&CODE_STATE=getMsg HTTP/1.1" 200 27
172.17.200.101 - - [07/Jan/2021:10:21:44 +0800] "GET /xingrg/all/function/internal_message.html?_=1609986105871&CODE_STATE=getMsg HTTP/1.1" 200 27
180.175.150.119 - - [07/Jan/2021:10:21:46 +0800] "GET /xingrg/all/function/internal_message.html?_=1609986341177&CODE_STATE=getMsg HTTP/1.1" 200 27
116.228.172.94 - - [07/Jan/2021:10:21:46 +0800] "GET /xingrg/javascript/easyui/themes/default/tree.css HTTP/1.1" 404 1090
116.228.172.94 - - [07/Jan/2021:10:21:46 +0800] "POST /xingrg/all/common/load_tree.html?tree=supplier_tree_json&manage=1 HTTP/1.1" 200 54164
180.156.237.57 - - [07/Jan/2021:10:21:46 +0800] "GET /xingrg/all/function/internal_message.html?_=1609986105337&CODE_STATE=getMsg HTTP/1.1" 200 27
180.156.237.57 - - [07/Jan/2021:10:21:49 +0800] "GET /xingrg/check_reg.html?_=1609986105338 HTTP/1.1" 200 22
117.131.5.26 - - [07/Jan/2021:10:21:51 +0800] "GET /xingrg/check_reg.html?_=1609986452012 HTTP/1.1" 200 22
180.156.237.57 - - [07/Jan/2021:10:21:52 +0800] "GET /xingrg/all/function/internal_message.html?_=1609986088420&CODE_STATE=getMsg HTTP/1.1" 200 27
58.37.230.33 - - [07/Jan/2021:10:21:53 +0800] "GET /xingrg/all/function/internal_message.html?_=1609985674879&CODE_STATE=getMsg HTTP/1.1" 200 27
222.69.133.86 - - [07/Jan/2021:10:21:55 +0800] "GET /xingrg/all/function/internal_message.html?_=1609986112850&CODE_STATE=getMsg HTTP/1.1" 200 27
116.228.172.94 - - [07/Jan/2021:10:21:55 +0800] "POST /xingrg/kc/buy/cgsh_list_operate.html HTTP/1.1" 200 1700
117.131.5.26 - - [07/Jan/2021:10:21:56 +0800] "GET /xingrg/all/function/internal_message.html?_=1609986457753&CODE_STATE=getMsg HTTP/1.1" 200 27
116.228.172.94 - - [07/Jan/2021:10:21:57 +0800] "POST /xingrg/kc/buy/cgsh_list_operate.html HTTP/1.1" 200 203
172.17.0.108 - - [07/Jan/2021:10:21:59 +0800] "GET /xingrg/all/function/internal_message.html?_=1609986118210&CODE_STATE=getMsg HTTP/1.1" 200 27
116.228.172.94 - - [07/Jan/2021:10:21:59 +0800] "GET /xingrg/all/function/internal_message.html?_=1609986112218&CODE_STATE=getMsg HTTP/1.1" 200 27
172.17.0.128 - - [07/Jan/2021:10:22:01 +0800] "GET /xingrg/all/function/internal_message.html?_=1609986063092&CODE_STATE=getMsg HTTP/1.1" 200 27
120.253.135.82 - - [07/Jan/2021:10:22:04 +0800] "GET /xingrg/all/function/internal_message.html?_=1609985880791&CODE_STATE=getMsg HTTP/1.1" 200 27
116.228.172.94 - - [07/Jan/2021:10:22:08 +0800] "POST /xingrg/kc/buy/cgsh_list_operate.html HTTP/1.1" 200 3559
222.70.170.138 - - [07/Jan/2021:10:22:10 +0800] "GET /xingrg/check_reg.html?_=1609986128064 HTTP/1.1" 200 22
116.228.172.94 - - [07/Jan/2021:10:22:10 +0800] "POST /xingrg/kc/buy/cgsh_list_operate.html HTTP/1.1" 200 206
116.228.172.94 - - [07/Jan/2021:10:22:12 +0800] "POST /xingrg/kc/buy/cgsh_list_operate.html HTTP/1.1" 200 203
116.228.172.94 - - [07/Jan/2021:10:22:13 +0800] "POST /xingrg/kc/buy/cgsh_list_operate.html HTTP/1.1" 200 206
117.185.32.26 - - [07/Jan/2021:10:22:14 +0800] "GET /xingrg/check_reg.html?_=1609986601835 HTTP/1.1" 200 22
117.185.32.26 - - [07/Jan/2021:10:22:14 +0800] "GET /xingrg/all/function/internal_message.html?_=1609986601838&CODE_STATE=getMsg HTTP/1.1" 200 27
114.88.169.67 - - [07/Jan/2021:10:22:15 +0800] "GET /xingrg/check_reg.html?_=1609986130979 HTTP/1.1" 302 -
116.228.172.94 - - [07/Jan/2021:10:22:15 +0800] "POST /xingrg/kc/buy/cgsh_list_operate.html HTTP/1.1" 200 203
172.17.0.120 - - [07/Jan/2021:10:22:15 +0800] "GET /xingrg/check_reg.html?_=1609986137683 HTTP/1.1" 200 22
172.17.0.120 - - [07/Jan/2021:10:22:15 +0800] "GET /xingrg/all/function/internal_message.html?_=1609986137688&CODE_STATE=getMsg HTTP/1.1" 200 27
114.88.169.67 - - [07/Jan/2021:10:22:16 +0800] "GET /xingrg/all/function/internal_message.html?_=1609986132568&CODE_STATE=getMsg HTTP/1.1" 302 -
116.228.172.94 - - [07/Jan/2021:10:22:17 +0800] "POST /xingrg/kc/buy/cgsh_list_operate.html HTTP/1.1" 200 203
222.70.170.138 - - [07/Jan/2021:10:22:17 +0800] "GET /xingrg/all/function/internal_message.html?_=1609986134844&CODE_STATE=getMsg HTTP/1.1" 200 27
117.131.5.26 - - [07/Jan/2021:10:22:21 +0800] "GET /xingrg/all/function/internal_message.html?_=1609986187969&CODE_STATE=getMsg HTTP/1.1" 200 27
120.253.135.82 - - [07/Jan/2021:10:22:36 +0800] "GET /xingrg/all/function/internal_message.html?_=1609986194386&CODE_STATE=getMsg HTTP/1.1" 200 27
116.228.172.94 - - [07/Jan/2021:10:22:37 +0800] "POST /xingrg/kc/buy/cgsh_list_operate.html HTTP/1.1" 200 5291
61.165.42.208 - - [07/Jan/2021:10:22:37 +0800] "GET /xingrg/all/function/internal_message.html?_=1609986159151&CODE_STATE=getMsg HTTP/1.1" 200 27
114.88.169.67 - - [07/Jan/2021:10:22:39 +0800] "GET /xingrg/all/function/internal_message.html?_=1609986319029&CODE_STATE=getMsg HTTP/1.1" 200 27
101.85.93.83 - - [07/Jan/2021:10:22:42 +0800] "GET /xingrg/all/function/internal_message.html?_=1609985834325&CODE_STATE=getMsg HTTP/1.1" 200 27
58.40.7.146 - - [07/Jan/2021:10:22:43 +0800] "GET /xingrg/all/function/internal_message.html?_=1609986160758&CODE_STATE=getMsg HTTP/1.1" 200 27
172.17.200.101 - - [07/Jan/2021:10:22:44 +0800] "GET /xingrg/check_reg.html?_=1609986165878 HTTP/1.1" 200 22
172.17.200.101 - - [07/Jan/2021:10:22:44 +0800] "GET /xingrg/all/function/internal_message.html?_=1609986165882&CODE_STATE=getMsg HTTP/1.1" 200 27
180.175.150.119 - - [07/Jan/2021:10:22:46 +0800] "GET /xingrg/all/function/internal_message.html?_=1609986401195&CODE_STATE=getMsg HTTP/1.1" 200 27
180.156.237.57 - - [07/Jan/2021:10:22:46 +0800] "GET /xingrg/all/function/internal_message.html?_=1609986165339&CODE_STATE=getMsg HTTP/1.1" 200 27
180.156.237.57 - - [07/Jan/2021:10:22:52 +0800] "GET /xingrg/all/function/internal_message.html?_=1609986148423&CODE_STATE=getMsg HTTP/1.1" 200 27
58.37.230.33 - - [07/Jan/2021:10:22:53 +0800] "GET /xingrg/all/function/internal_message.html?_=1609985734853&CODE_STATE=getMsg HTTP/1.1" 200 27
222.69.133.86 - - [07/Jan/2021:10:22:55 +0800] "GET /xingrg/check_reg.html?_=1609986172836 HTTP/1.1" 200 22
222.69.133.86 - - [07/Jan/2021:10:22:55 +0800] "GET /xingrg/all/function/internal_message.html?_=1609986172840&CODE_STATE=getMsg HTTP/1.1" 200 27
117.131.5.26 - - [07/Jan/2021:10:22:57 +0800] "GET /xingrg/all/function/internal_message.html?_=1609986517809&CODE_STATE=getMsg HTTP/1.1" 200 27
116.228.172.94 - - [07/Jan/2021:10:22:58 +0800] "POST /xingrg/kc/buy/cgsh_list_operate.html HTTP/1.1" 200 219
172.17.0.108 - - [07/Jan/2021:10:22:59 +0800] "GET /xingrg/check_reg.html?_=1609986178103 HTTP/1.1" 200 22
116.228.172.94 - - [07/Jan/2021:10:22:59 +0800] "GET /xingrg/all/function/internal_message.html?_=1609986172193&CODE_STATE=getMsg HTTP/1.1" 200 27
172.17.0.108 - - [07/Jan/2021:10:22:59 +0800] "GET /xingrg/all/function/internal_message.html?_=1609986178198&CODE_STATE=getMsg HTTP/1.1" 200 27
116.228.172.94 - - [07/Jan/2021:10:23:01 +0800] "POST /xingrg/kc/buy/cgsh_list_operate.html HTTP/1.1" 200 219
172.17.0.128 - - [07/Jan/2021:10:23:01 +0800] "GET /xingrg/check_reg.html?_=1609986123092 HTTP/1.1" 200 22
172.17.0.128 - - [07/Jan/2021:10:23:01 +0800] "GET /xingrg/all/function/internal_message.html?_=1609986123094&CODE_STATE=getMsg HTTP/1.1" 200 27
116.228.172.94 - - [07/Jan/2021:10:23:03 +0800] "POST /xingrg/kc/buy/cgsh_list_operate.html HTTP/1.1" 200 283
120.253.135.82 - - [07/Jan/2021:10:23:04 +0800] "GET /xingrg/all/function/internal_message.html?_=1609985940805&CODE_STATE=getMsg HTTP/1.1" 200 27
172.17.0.185 - - [07/Jan/2021:10:23:05 +0800] "GET /xingrg/check_reg.html?_=1609986182782 HTTP/1.1" 200 22
116.228.172.94 - - [07/Jan/2021:10:23:05 +0800] "POST /xingrg/kc/buy/cgsh_list_operate.html HTTP/1.1" 200 204
116.228.172.94 - - [07/Jan/2021:10:23:06 +0800] "POST /xingrg/kc/buy/cgsh_list_operate.html HTTP/1.1" 200 205
116.228.172.94 - - [07/Jan/2021:10:23:08 +0800] "POST /xingrg/kc/buy/cgsh_list_operate.html HTTP/1.1" 200 205
116.228.172.94 - - [07/Jan/2021:10:23:10 +0800] "POST /xingrg/kc/buy/cgsh_list_operate.html HTTP/1.1" 200 302
117.185.32.26 - - [07/Jan/2021:10:23:14 +0800] "GET /xingrg/all/function/internal_message.html?_=1609986661836&CODE_STATE=getMsg HTTP/1.1" 200 27
116.228.172.94 - - [07/Jan/2021:10:23:15 +0800] "POST /xingrg/kc/buy/cgsh_list_operate.html HTTP/1.1" 200 205
172.17.0.120 - - [07/Jan/2021:10:23:15 +0800] "GET /xingrg/all/function/internal_message.html?_=1609986197676&CODE_STATE=getMsg HTTP/1.1" 200 27
114.88.169.67 - - [07/Jan/2021:10:23:16 +0800] "GET /xingrg/all/function/internal_message.html?_=1609986192609&CODE_STATE=getMsg HTTP/1.1" 302 -
116.228.172.94 - - [07/Jan/2021:10:23:16 +0800] "POST /xingrg/kc/buy/cgsh_list_operate.html HTTP/1.1" 200 205
222.70.170.138 - - [07/Jan/2021:10:23:17 +0800] "GET /xingrg/all/function/internal_message.html?_=1609986194857&CODE_STATE=getMsg HTTP/1.1" 200 27
116.228.172.94 - - [07/Jan/2021:10:23:18 +0800] "POST /xingrg/kc/buy/cgsh_list_operate.html HTTP/1.1" 200 202
117.131.5.26 - - [07/Jan/2021:10:23:21 +0800] "GET /xingrg/all/function/internal_message.html?_=1609986247953&CODE_STATE=getMsg HTTP/1.1" 200 27
117.131.5.26 - - [07/Jan/2021:10:23:21 +0800] "GET /xingrg/check_reg.html?_=1609986247954 HTTP/1.1" 200 22
58.37.230.33 - - [07/Jan/2021:10:23:27 +0800] "GET /xingrg/check_reg.html?_=1609985768824 HTTP/1.1" 200 22
180.157.253.48 - - [07/Jan/2021:10:23:28 +0800] "GET /xingrg/login.html HTTP/1.1" 200 7641
180.157.253.48 - - [07/Jan/2021:10:23:30 +0800] "GET /favicon.ico HTTP/1.1" 404 -
180.157.253.48 - - [07/Jan/2021:10:23:34 +0800] "POST /xingrg/login.do HTTP/1.1" 302 -
180.157.253.48 - - [07/Jan/2021:10:23:34 +0800] "GET /xingrg/index.html?sysBaseUrl=http%3A%2F%2F180.169.147.146%3A18081%2Fxingrg%2F&costTime=39×tamp=1609986214282 HTTP/1.1" 200 17179
180.157.253.48 - - [07/Jan/2021:10:23:34 +0800] "GET /favicon.ico HTTP/1.1" 404 -
180.157.253.48 - - [07/Jan/2021:10:23:35 +0800] "POST /xingrg/all/common/load_tree.html?tree=area_rest_tree_json&manage=1 HTTP/1.1" 200 351
180.157.253.48 - - [07/Jan/2021:10:23:35 +0800] "GET /xingrg/all/function/internal_message.html?_=1609986215984&CODE_STATE=count HTTP/1.1" 200 11
180.157.253.48 - - [07/Jan/2021:10:23:35 +0800] "GET /xingrg/check_reg.html?_=1609986215989 HTTP/1.1" 200 22
180.157.253.48 - - [07/Jan/2021:10:23:35 +0800] "POST /xingrg/load_menu.html HTTP/1.1" 200 5138
120.253.135.82 - - [07/Jan/2021:10:23:36 +0800] "GET /xingrg/all/function/internal_message.html?_=1609986254434&CODE_STATE=getMsg HTTP/1.1" 200 27
180.157.253.48 - - [07/Jan/2021:10:23:37 +0800] "GET /xingrg/kc/buy/cgsh_order_list.html HTTP/1.1" 200 45647
61.165.42.208 - - [07/Jan/2021:10:23:37 +0800] "GET /xingrg/all/function/internal_message.html?_=1609986219127&CODE_STATE=getMsg HTTP/1.1" 200 27
114.88.169.67 - - [07/Jan/2021:10:23:39 +0800] "GET /xingrg/all/function/internal_message.html?_=1609986379018&CODE_STATE=getMsg HTTP/1.1" 200 27
180.157.253.48 - - [07/Jan/2021:10:23:40 +0800] "POST /xingrg/kc/buy/cgsh_list_operate.html HTTP/1.1" 200 876
180.157.253.48 - - [07/Jan/2021:10:23:40 +0800] "GET /xingrg/kc/buy/cgsh_order_add.html HTTP/1.1" 200 61384
