172.17.0.120 - - [03/Jan/2021:10:39:41 +0800] "GET /xingrg/javascript/easyui/themes/default/images/menu_downarrow.png HTTP/1.1" 200 173
172.17.0.120 - - [03/Jan/2021:10:39:41 +0800] "GET /xingrg/javascript/easyui/themes/icons/back_new.png HTTP/1.1" 200 3414
172.17.0.120 - - [03/Jan/2021:10:39:42 +0800] "GET /xingrg/javascript/easyui/themes/default/validatebox.css HTTP/1.1" 404 1104
172.17.0.120 - - [03/Jan/2021:10:39:42 +0800] "GET /xingrg/javascript/easyui/plugins/jquery.validatebox.js HTTP/1.1" 200 6103
172.17.0.120 - - [03/Jan/2021:10:39:42 +0800] "GET /xingrg/javascript/easyui/plugins/jquery.numberbox.js HTTP/1.1" 200 5213
172.17.0.120 - - [03/Jan/2021:10:39:42 +0800] "POST /xingrg/kc/mdqp/pssh_order_operate.html HTTP/1.1" 200 533
117.131.5.26 - - [03/Jan/2021:10:39:43 +0800] "GET /xingrg/all/function/internal_message.html?_=1609641631731&CODE_STATE=getMsg HTTP/1.1" 200 27
58.35.244.144 - - [03/Jan/2021:10:39:45 +0800] "GET /xingrg/all/function/internal_message.html?_=1609641582034&CODE_STATE=getMsg HTTP/1.1" 302 -
180.162.223.42 - - [03/Jan/2021:10:39:47 +0800] "POST /xingrg/kc/buy/cgsh_order_operate.html HTTP/1.1" 200 37
180.162.223.42 - - [03/Jan/2021:10:39:49 +0800] "POST /xingrg/kc/buy/cgsh_order_operate.html HTTP/1.1" 200 3257
58.35.244.144 - - [03/Jan/2021:10:39:50 +0800] "GET /xingrg/kc/buy/cgsh_order_operate.html?command=get_materiel&rest_code=00111&code=00101009034&supplier_code=00100335&order_time=2021-01-03 HTTP/1.1" 200 428
180.162.223.42 - - [03/Jan/2021:10:39:50 +0800] "GET /xingrg/check_reg.html?_=1609641591142 HTTP/1.1" 200 22
180.162.223.42 - - [03/Jan/2021:10:39:50 +0800] "GET /xingrg/kc/print/load_data.html?order_code=212021010301076&kc_code=cgsh&condition= HTTP/1.1" 200 911
180.162.223.42 - - [03/Jan/2021:10:39:55 +0800] "GET /xingrg/kc/buy/cgsh_order_add.html HTTP/1.1" 200 61425
180.162.223.42 - - [03/Jan/2021:10:39:55 +0800] "GET /xingrg/javascript/easyui/themes/default/validatebox.css HTTP/1.1" 404 1104
180.162.223.42 - - [03/Jan/2021:10:39:55 +0800] "POST /xingrg/kc/buy/cgsh_order_operate.html HTTP/1.1" 200 8245
172.17.0.120 - - [03/Jan/2021:10:39:56 +0800] "POST /xingrg/kc/mdqp/pssh_list_operate.html HTTP/1.1" 200 273
58.37.230.33 - - [03/Jan/2021:10:39:58 +0800] "GET /xingrg/all/function/internal_message.html?_=1609641602824&CODE_STATE=getMsg HTTP/1.1" 200 27
180.156.237.57 - - [03/Jan/2021:10:40:02 +0800] "GET /xingrg/all/function/internal_message.html?_=1609641602623&CODE_STATE=getMsg HTTP/1.1" 200 27
180.175.150.119 - - [03/Jan/2021:10:40:04 +0800] "GET /xingrg/all/function/internal_message.html?_=1609641841505&CODE_STATE=getMsg HTTP/1.1" 200 27
114.86.227.213 - - [03/Jan/2021:10:40:04 +0800] "GET /xingrg/all/function/internal_message.html?_=1609641674671&CODE_STATE=getMsg HTTP/1.1" 200 27
58.35.244.144 - - [03/Jan/2021:10:40:04 +0800] "GET /xingrg/all/function/internal_message.html?_=1609641762835&CODE_STATE=getMsg HTTP/1.1" 200 27
222.69.134.95 - - [03/Jan/2021:10:40:07 +0800] "GET /xingrg/kc/buy/cgsh_order_add.html HTTP/1.1" 200 61431
172.17.0.108 - - [03/Jan/2021:10:40:07 +0800] "GET /xingrg/all/function/internal_message.html?_=1609641608113&CODE_STATE=getMsg HTTP/1.1" 200 27
222.69.134.95 - - [03/Jan/2021:10:40:07 +0800] "POST /xingrg/kc/buy/cgsh_order_operate.html HTTP/1.1" 200 8245
222.69.134.95 - - [03/Jan/2021:10:40:07 +0800] "GET /xingrg/javascript/easyui/themes/default/validatebox.css HTTP/1.1" 404 1104
180.162.223.42 - - [03/Jan/2021:10:40:08 +0800] "GET /xingrg/kc/buy/cgsh_order_operate.html?command=get_materiel&rest_code=00105&code=00101004065&supplier_code=00100086&order_time=2021-01-03 HTTP/1.1" 200 433
180.162.108.15 - - [03/Jan/2021:10:40:09 +0800] "GET /xingrg/all/function/internal_message.html?_=1609641490961&CODE_STATE=getMsg HTTP/1.1" 200 27
180.162.108.15 - - [03/Jan/2021:10:40:09 +0800] "GET /xingrg/check_reg.html?_=1609641490962 HTTP/1.1" 200 22
172.17.0.120 - - [03/Jan/2021:10:40:10 +0800] "GET /xingrg/kc/base/base_main.html HTTP/1.1" 200 12132
101.228.166.101 - - [03/Jan/2021:10:40:10 +0800] "GET /xingrg/check_reg.html?_=1609641612741 HTTP/1.1" 200 22
172.17.0.120 - - [03/Jan/2021:10:40:11 +0800] "GET /xingrg/kc/base/wldb_order_list.html HTTP/1.1" 200 19574
172.17.0.120 - - [03/Jan/2021:10:40:12 +0800] "POST /xingrg/kc/base/wldb_list_operate.html HTTP/1.1" 200 928
117.184.7.26 - - [03/Jan/2021:10:40:12 +0800] "GET /xingrg/all/function/internal_message.html?_=1609641612697&CODE_STATE=getMsg HTTP/1.1" 200 27
101.228.166.101 - - [03/Jan/2021:10:40:12 +0800] "GET /xingrg/all/function/internal_message.html?_=1609641614741&CODE_STATE=getMsg HTTP/1.1" 200 27
172.17.0.120 - - [03/Jan/2021:10:40:14 +0800] "GET /xingrg/all/function/internal_message.html?_=1609641613957&CODE_STATE=getMsg HTTP/1.1" 200 27
172.17.0.120 - - [03/Jan/2021:10:40:14 +0800] "POST /xingrg/kc/base/wldb_list_operate.html HTTP/1.1" 200 10178
222.69.134.95 - - [03/Jan/2021:10:40:17 +0800] "GET /xingrg/all/function/internal_message.html?_=1609641618277&CODE_STATE=getMsg HTTP/1.1" 200 27
180.162.223.42 - - [03/Jan/2021:10:40:19 +0800] "POST /xingrg/kc/buy/cgsh_order_operate.html HTTP/1.1" 200 37
116.228.172.94 - - [03/Jan/2021:10:40:20 +0800] "GET /xingrg/all/function/internal_message.html?_=1609641621409&CODE_STATE=getMsg HTTP/1.1" 200 27
172.17.0.120 - - [03/Jan/2021:10:40:23 +0800] "POST /xingrg/kc/base/wldb_list_operate.html HTTP/1.1" 200 10344
172.17.0.115 - - [03/Jan/2021:10:40:24 +0800] "GET /xingrg/all/function/internal_message.html?_=1609641626260&CODE_STATE=getMsg HTTP/1.1" 200 27
101.85.52.2 - - [03/Jan/2021:10:40:26 +0800] "GET /xingrg/all/function/internal_message.html?_=1609641625967&CODE_STATE=getMsg HTTP/1.1" 200 27
58.35.244.144 - - [03/Jan/2021:10:40:27 +0800] "POST /xingrg/kc/buy/cgsh_order_operate.html HTTP/1.1" 200 37
180.162.223.42 - - [03/Jan/2021:10:40:27 +0800] "POST /xingrg/kc/buy/cgsh_order_operate.html HTTP/1.1" 200 2660
58.35.244.144 - - [03/Jan/2021:10:40:28 +0800] "POST /xingrg/kc/buy/cgsh_order_operate.html HTTP/1.1" 200 2668
180.162.223.42 - - [03/Jan/2021:10:40:28 +0800] "GET /xingrg/kc/print/load_data.html?order_code=212021010301077&kc_code=cgsh&condition= HTTP/1.1" 200 736
58.35.244.144 - - [03/Jan/2021:10:40:30 +0800] "GET /xingrg/kc/print/load_data.html?order_code=212021010301078&kc_code=cgsh&condition= HTTP/1.1" 200 679
172.17.0.120 - - [03/Jan/2021:10:40:31 +0800] "POST /xingrg/kc/base/wldb_list_operate.html HTTP/1.1" 200 9516
180.162.223.42 - - [03/Jan/2021:10:40:32 +0800] "GET /xingrg/all/function/internal_message.html?_=1609641633590&CODE_STATE=getMsg HTTP/1.1" 200 27
172.17.0.120 - - [03/Jan/2021:10:40:34 +0800] "POST /xingrg/kc/base/wldb_list_operate.html HTTP/1.1" 200 9512
172.17.0.120 - - [03/Jan/2021:10:40:35 +0800] "POST /xingrg/kc/base/wldb_list_operate.html HTTP/1.1" 200 9516
180.156.237.57 - - [03/Jan/2021:10:40:36 +0800] "GET /xingrg/all/function/internal_message.html?_=1609641617796&CODE_STATE=getMsg HTTP/1.1" 200 27
58.35.244.144 - - [03/Jan/2021:10:40:36 +0800] "GET /xingrg/kc/buy/cgsh_order_add.html HTTP/1.1" 200 61378
172.17.0.120 - - [03/Jan/2021:10:40:37 +0800] "GET /xingrg/javascript/jquery_tools/images/prev.gif HTTP/1.1" 404 1086
172.17.0.120 - - [03/Jan/2021:10:40:37 +0800] "GET /xingrg/javascript/jquery_tools/images/next.gif HTTP/1.1" 404 1086
58.35.244.144 - - [03/Jan/2021:10:40:37 +0800] "GET /xingrg/javascript/easyui/themes/default/validatebox.css HTTP/1.1" 404 1104
58.35.244.144 - - [03/Jan/2021:10:40:37 +0800] "POST /xingrg/kc/buy/cgsh_order_operate.html HTTP/1.1" 200 8245
101.228.166.101 - - [03/Jan/2021:10:40:38 +0800] "GET /xingrg/all/function/internal_message.html?_=1609641631173&CODE_STATE=getMsg HTTP/1.1" 200 27
180.162.223.42 - - [03/Jan/2021:10:40:38 +0800] "GET /xingrg/kc/buy/cgsh_order_add.html HTTP/1.1" 200 61425
180.162.223.42 - - [03/Jan/2021:10:40:38 +0800] "GET /xingrg/javascript/easyui/themes/default/validatebox.css HTTP/1.1" 404 1104
180.162.223.42 - - [03/Jan/2021:10:40:38 +0800] "POST /xingrg/kc/buy/cgsh_order_operate.html HTTP/1.1" 200 8245
172.17.0.120 - - [03/Jan/2021:10:40:41 +0800] "POST /xingrg/kc/base/wldb_list_operate.html HTTP/1.1" 200 8889
172.17.200.101 - - [03/Jan/2021:10:40:41 +0800] "GET /xingrg/all/function/internal_message.html?_=1609641642581&CODE_STATE=getMsg HTTP/1.1" 200 27
58.35.244.144 - - [03/Jan/2021:10:40:45 +0800] "GET /xingrg/all/function/internal_message.html?_=1609641642047&CODE_STATE=getMsg HTTP/1.1" 302 -
172.17.0.120 - - [03/Jan/2021:10:40:47 +0800] "POST /xingrg/kc/base/wldb_list_operate.html HTTP/1.1" 200 2375
172.17.0.120 - - [03/Jan/2021:10:40:51 +0800] "GET /xingrg/kc/mdqp/qp_main.html HTTP/1.1" 200 10613
172.17.0.120 - - [03/Jan/2021:10:40:51 +0800] "GET /xingrg/images/yd/bt.gif HTTP/1.1" 404 1040
172.17.0.120 - - [03/Jan/2021:10:40:52 +0800] "GET /xingrg/kc/mdqp/pssh_order_list.html HTTP/1.1" 200 17876
172.17.0.120 - - [03/Jan/2021:10:40:52 +0800] "POST /xingrg/kc/mdqp/pssh_list_operate.html HTTP/1.1" 200 8143
117.131.5.26 - - [03/Jan/2021:10:40:52 +0800] "GET /xingrg/all/function/internal_message.html?_=1609641700517&CODE_STATE=getMsg HTTP/1.1" 200 27
180.162.223.42 - - [03/Jan/2021:10:40:52 +0800] "GET /xingrg/kc/buy/cgsh_order_operate.html?command=get_materiel&rest_code=00105&code=00101034086&supplier_code=00100411&order_time=2021-01-03 HTTP/1.1" 200 431
58.35.244.144 - - [03/Jan/2021:10:40:56 +0800] "GET /xingrg/kc/buy/cgsh_order_operate.html?command=get_materiel&rest_code=00111&code=00101006101&supplier_code=00100324&order_time=2021-01-03 HTTP/1.1" 200 421
58.37.230.33 - - [03/Jan/2021:10:40:58 +0800] "GET /xingrg/all/function/internal_message.html?_=1609641662797&CODE_STATE=getMsg HTTP/1.1" 200 27
172.17.0.120 - - [03/Jan/2021:10:41:01 +0800] "POST /xingrg/kc/mdqp/pssh_list_operate.html HTTP/1.1" 200 264
180.156.237.57 - - [03/Jan/2021:10:41:02 +0800] "GET /xingrg/all/function/internal_message.html?_=1609641662626&CODE_STATE=getMsg HTTP/1.1" 200 27
180.175.150.119 - - [03/Jan/2021:10:41:04 +0800] "GET /xingrg/all/function/internal_message.html?_=1609641901572&CODE_STATE=getMsg HTTP/1.1" 200 27
114.86.227.213 - - [03/Jan/2021:10:41:04 +0800] "GET /xingrg/all/function/internal_message.html?_=1609641734670&CODE_STATE=getMsg HTTP/1.1" 200 27
58.35.244.144 - - [03/Jan/2021:10:41:04 +0800] "GET /xingrg/check_reg.html?_=1609641822819 HTTP/1.1" 200 22
58.35.244.144 - - [03/Jan/2021:10:41:04 +0800] "GET /xingrg/all/function/internal_message.html?_=1609641822822&CODE_STATE=getMsg HTTP/1.1" 200 27
172.17.0.108 - - [03/Jan/2021:10:41:07 +0800] "GET /xingrg/all/function/internal_message.html?_=1609641668104&CODE_STATE=getMsg HTTP/1.1" 200 27
180.162.108.15 - - [03/Jan/2021:10:41:09 +0800] "GET /xingrg/all/function/internal_message.html?_=1609641550960&CODE_STATE=getMsg HTTP/1.1" 200 27
117.184.7.26 - - [03/Jan/2021:10:41:12 +0800] "GET /xingrg/all/function/internal_message.html?_=1609641672688&CODE_STATE=getMsg HTTP/1.1" 200 27
101.228.166.101 - - [03/Jan/2021:10:41:12 +0800] "GET /xingrg/all/function/internal_message.html?_=1609641674755&CODE_STATE=getMsg HTTP/1.1" 200 27
172.17.0.120 - - [03/Jan/2021:10:41:14 +0800] "GET /xingrg/check_reg.html?_=1609641673933 HTTP/1.1" 200 22
172.17.0.120 - - [03/Jan/2021:10:41:14 +0800] "GET /xingrg/all/function/internal_message.html?_=1609641673937&CODE_STATE=getMsg HTTP/1.1" 200 27
180.162.223.42 - - [03/Jan/2021:10:41:16 +0800] "GET /xingrg/kc/buy/cgsh_order_operate.html?command=get_materiel&rest_code=00105&code=00101023017&supplier_code=00100411&order_time=2021-01-03 HTTP/1.1" 200 419
222.69.134.95 - - [03/Jan/2021:10:41:17 +0800] "GET /xingrg/all/function/internal_message.html?_=1609641678282&CODE_STATE=getMsg HTTP/1.1" 200 27
58.35.244.144 - - [03/Jan/2021:10:41:20 +0800] "POST /xingrg/kc/buy/cgsh_order_operate.html HTTP/1.1" 200 37
116.228.172.94 - - [03/Jan/2021:10:41:20 +0800] "GET /xingrg/all/function/internal_message.html?_=1609641681386&CODE_STATE=getMsg HTTP/1.1" 200 27
58.35.244.144 - - [03/Jan/2021:10:41:22 +0800] "POST /xingrg/kc/buy/cgsh_order_operate.html HTTP/1.1" 200 2667
58.35.244.144 - - [03/Jan/2021:10:41:23 +0800] "GET /xingrg/kc/print/load_data.html?order_code=212021010301079&kc_code=cgsh&condition= HTTP/1.1" 200 686
172.17.0.115 - - [03/Jan/2021:10:41:24 +0800] "GET /xingrg/all/function/internal_message.html?_=1609641686265&CODE_STATE=getMsg HTTP/1.1" 200 27
101.85.52.2 - - [03/Jan/2021:10:41:26 +0800] "GET /xingrg/all/function/internal_message.html?_=1609641685967&CODE_STATE=getMsg HTTP/1.1" 200 27
180.162.223.42 - - [03/Jan/2021:10:41:28 +0800] "POST /xingrg/kc/buy/cgsh_order_operate.html HTTP/1.1" 200 37
180.162.223.42 - - [03/Jan/2021:10:41:29 +0800] "POST /xingrg/kc/buy/cgsh_order_operate.html HTTP/1.1" 200 3303
180.162.223.42 - - [03/Jan/2021:10:41:30 +0800] "GET /xingrg/kc/print/load_data.html?order_code=212021010301080&kc_code=cgsh&condition= HTTP/1.1" 200 950
172.17.0.120 - - [03/Jan/2021:10:41:31 +0800] "GET /xingrg/kc/mdqp/pssh_order_info.html?code=312020122900790 HTTP/1.1" 200 14370
172.17.0.120 - - [03/Jan/2021:10:41:31 +0800] "GET /xingrg/javascript/jquery_tools/jquery-1.4.2.min.js HTTP/1.1" 404 1094
172.17.0.120 - - [03/Jan/2021:10:41:31 +0800] "POST /xingrg/kc/mdqp/pssh_order_operate.html HTTP/1.1" 200 533
172.17.0.120 - - [03/Jan/2021:10:41:31 +0800] "GET /xingrg/javascript/easyui/themes/default/validatebox.css HTTP/1.1" 404 1104
58.35.244.144 - - [03/Jan/2021:10:41:32 +0800] "GET /xingrg/kc/buy/cgsh_order_add.html HTTP/1.1" 200 61378
180.162.223.42 - - [03/Jan/2021:10:41:32 +0800] "GET /xingrg/all/function/internal_message.html?_=1609641693649&CODE_STATE=getMsg HTTP/1.1" 200 27
58.35.244.144 - - [03/Jan/2021:10:41:32 +0800] "GET /xingrg/javascript/easyui/themes/default/validatebox.css HTTP/1.1" 404 1104
58.35.244.144 - - [03/Jan/2021:10:41:32 +0800] "POST /xingrg/kc/buy/cgsh_order_operate.html HTTP/1.1" 200 8245
172.17.0.120 - - [03/Jan/2021:10:41:33 +0800] "POST /xingrg/kc/mdqp/pssh_order_operate.html HTTP/1.1" 200 12
172.17.0.120 - - [03/Jan/2021:10:41:34 +0800] "GET /xingrg/kc/mdqp/pssh_order_info.html?code=312020122900790 HTTP/1.1" 200 17294
172.17.0.120 - - [03/Jan/2021:10:41:34 +0800] "GET /xingrg/javascript/jquery_tools/jquery-1.4.2.min.js HTTP/1.1" 404 1094
172.17.0.120 - - [03/Jan/2021:10:41:35 +0800] "GET /xingrg/javascript/easyui/themes/icons/ok.png HTTP/1.1" 200 883
172.17.0.120 - - [03/Jan/2021:10:41:35 +0800] "POST /xingrg/kc/mdqp/pssh_order_operate.html HTTP/1.1" 200 533
172.17.0.120 - - [03/Jan/2021:10:41:35 +0800] "GET /xingrg/all/common/auto_word.html?type=base&rest_code=00102&rest_code=00102 HTTP/1.1" 200 1711
172.17.0.120 - - [03/Jan/2021:10:41:35 +0800] "GET /xingrg/all/common/auto_word.html?type=employee&rest_code=00102 HTTP/1.1" 200 189
172.17.0.120 - - [03/Jan/2021:10:41:35 +0800] "GET /xingrg/javascript/easyui/themes/default/validatebox.css HTTP/1.1" 404 1104
180.162.223.42 - - [03/Jan/2021:10:41:35 +0800] "GET /xingrg/kc/buy/cgsh_order_add.html HTTP/1.1" 200 61425
180.162.223.42 - - [03/Jan/2021:10:41:35 +0800] "GET /xingrg/javascript/easyui/themes/default/validatebox.css HTTP/1.1" 404 1104
180.162.223.42 - - [03/Jan/2021:10:41:35 +0800] "POST /xingrg/kc/buy/cgsh_order_operate.html HTTP/1.1" 200 8245
180.156.237.57 - - [03/Jan/2021:10:41:36 +0800] "GET /xingrg/all/function/internal_message.html?_=1609641677819&CODE_STATE=getMsg HTTP/1.1" 200 27
172.17.0.120 - - [03/Jan/2021:10:41:37 +0800] "GET /xingrg/javascript/auto/indicator.gif HTTP/1.1" 404 1066
101.228.166.101 - - [03/Jan/2021:10:41:38 +0800] "GET /xingrg/all/function/internal_message.html?_=1609641691175&CODE_STATE=getMsg HTTP/1.1" 200 27
172.17.200.101 - - [03/Jan/2021:10:41:41 +0800] "GET /xingrg/all/function/internal_message.html?_=1609641702583&CODE_STATE=getMsg HTTP/1.1" 200 27
172.17.0.120 - - [03/Jan/2021:10:41:42 +0800] "POST /xingrg/kc/mdqp/pssh_order_operate.html HTTP/1.1" 200 37
172.17.0.120 - - [03/Jan/2021:10:41:43 +0800] "POST /xingrg/kc/mdqp/pssh_order_operate.html HTTP/1.1" 200 533
58.35.244.144 - - [03/Jan/2021:10:41:43 +0800] "GET /xingrg/kc/buy/cgsh_order_operate.html?command=get_materiel&rest_code=00111&code=00101008214&supplier_code=00100325&order_time=2021-01-03 HTTP/1.1" 200 409
58.35.244.144 - - [03/Jan/2021:10:41:45 +0800] "GET /xingrg/all/function/internal_message.html?_=1609641702079&CODE_STATE=getMsg HTTP/1.1" 302 -
172.17.0.120 - - [03/Jan/2021:10:41:48 +0800] "POST /xingrg/kc/mdqp/pssh_order_operate.html HTTP/1.1" 200 37
172.17.0.120 - - [03/Jan/2021:10:41:48 +0800] "POST /xingrg/kc/mdqp/pssh_order_operate.html HTTP/1.1" 200 12
172.17.0.120 - - [03/Jan/2021:10:41:49 +0800] "GET /xingrg/kc/mdqp/pssh_order_info.html?code=312020122900790 HTTP/1.1" 200 14368
172.17.0.120 - - [03/Jan/2021:10:41:49 +0800] "GET /xingrg/javascript/jquery_tools/jquery-1.4.2.min.js HTTP/1.1" 404 1094
172.17.0.120 - - [03/Jan/2021:10:41:49 +0800] "POST /xingrg/kc/mdqp/pssh_order_operate.html HTTP/1.1" 200 533
172.17.0.120 - - [03/Jan/2021:10:41:49 +0800] "GET /xingrg/javascript/easyui/themes/default/validatebox.css HTTP/1.1" 404 1104
172.17.0.120 - - [03/Jan/2021:10:41:52 +0800] "POST /xingrg/kc/mdqp/pssh_list_operate.html HTTP/1.1" 200 1574
172.17.0.120 - - [03/Jan/2021:10:41:56 +0800] "POST /xingrg/kc/mdqp/pssh_list_operate.html HTTP/1.1" 200 8140
180.162.223.42 - - [03/Jan/2021:10:41:58 +0800] "GET /xingrg/kc/buy/cgsh_order_operate.html?command=get_materiel&rest_code=00105&code=00101005057&supplier_code=00100347&order_time=2021-01-03 HTTP/1.1" 200 398
58.37.230.33 - - [03/Jan/2021:10:41:58 +0800] "GET /xingrg/all/function/internal_message.html?_=1609641722764&CODE_STATE=getMsg HTTP/1.1" 200 27
58.35.244.144 - - [03/Jan/2021:10:41:58 +0800] "GET /xingrg/kc/buy/cgsh_order_operate.html?command=get_materiel&rest_code=00111&code=00101006150&supplier_code=00100325&order_time=2021-01-03 HTTP/1.1" 200 413
117.131.5.26 - - [03/Jan/2021:10:42:01 +0800] "GET /xingrg/all/function/internal_message.html?_=1609641769304&CODE_STATE=getMsg HTTP/1.1" 200 27
180.156.237.57 - - [03/Jan/2021:10:42:02 +0800] "GET /xingrg/all/function/internal_message.html?_=1609641722626&CODE_STATE=getMsg HTTP/1.1" 200 27
180.175.150.119 - - [03/Jan/2021:10:42:04 +0800] "GET /xingrg/all/function/internal_message.html?_=1609641961578&CODE_STATE=getMsg HTTP/1.1" 200 27
114.86.227.213 - - [03/Jan/2021:10:42:04 +0800] "GET /xingrg/check_reg.html?_=1609641794671 HTTP/1.1" 200 22
114.86.227.213 - - [03/Jan/2021:10:42:04 +0800] "GET /xingrg/all/function/internal_message.html?_=1609641794672&CODE_STATE=getMsg HTTP/1.1" 200 27
58.35.244.144 - - [03/Jan/2021:10:42:04 +0800] "GET /xingrg/all/function/internal_message.html?_=1609641882814&CODE_STATE=getMsg HTTP/1.1" 200 27
172.17.0.108 - - [03/Jan/2021:10:42:07 +0800] "GET /xingrg/all/function/internal_message.html?_=1609641728106&CODE_STATE=getMsg HTTP/1.1" 200 27
180.162.108.15 - - [03/Jan/2021:10:42:09 +0800] "GET /xingrg/all/function/internal_message.html?_=1609641610960&CODE_STATE=getMsg HTTP/1.1" 200 27
58.35.244.144 - - [03/Jan/2021:10:42:11 +0800] "GET /xingrg/kc/buy/cgsh_order_operate.html?command=get_materiel&rest_code=00111&code=00101006026&supplier_code=00100325&order_time=2021-01-03 HTTP/1.1" 200 409
180.162.223.42 - - [03/Jan/2021:10:42:12 +0800] "GET /xingrg/index.html?sysBaseUrl=http%3A%2F%2F180.169.147.146%3A18081%2Fxingrg%2F&costTime=32×tamp=1585224308505 HTTP/1.1" 302 -
117.184.7.26 - - [03/Jan/2021:10:42:12 +0800] "GET /xingrg/all/function/internal_message.html?_=1609641732690&CODE_STATE=getMsg HTTP/1.1" 200 27
117.184.7.26 - - [03/Jan/2021:10:42:12 +0800] "GET /xingrg/check_reg.html?_=1609641732692 HTTP/1.1" 200 22
180.162.223.42 - - [03/Jan/2021:10:42:12 +0800] "GET /xingrg/login.html HTTP/1.1" 200 7641
101.228.166.101 - - [03/Jan/2021:10:42:12 +0800] "GET /xingrg/all/function/internal_message.html?_=1609641734769&CODE_STATE=getMsg HTTP/1.1" 200 27
172.17.0.120 - - [03/Jan/2021:10:42:14 +0800] "GET /xingrg/all/function/internal_message.html?_=1609641733930&CODE_STATE=getMsg HTTP/1.1" 200 27
180.162.223.42 - - [03/Jan/2021:10:42:14 +0800] "GET /favicon.ico HTTP/1.1" 404 -
116.228.172.94 - - [03/Jan/2021:10:42:17 +0800] "GET /xingrg/check_reg.html?_=1609641738031 HTTP/1.1" 200 22
222.69.134.95 - - [03/Jan/2021:10:42:17 +0800] "GET /xingrg/all/function/internal_message.html?_=1609641738279&CODE_STATE=getMsg HTTP/1.1" 200 27
116.228.172.94 - - [03/Jan/2021:10:42:20 +0800] "GET /xingrg/all/function/internal_message.html?_=1609641741367&CODE_STATE=getMsg HTTP/1.1" 200 27
172.17.0.115 - - [03/Jan/2021:10:42:24 +0800] "GET /xingrg/all/function/internal_message.html?_=1609641746288&CODE_STATE=getMsg HTTP/1.1" 200 27
58.35.244.144 - - [03/Jan/2021:10:42:25 +0800] "GET /xingrg/kc/buy/cgsh_order_operate.html?command=get_materiel&rest_code=00111&code=00101007038&supplier_code=00100325&order_time=2021-01-03 HTTP/1.1" 200 441
180.156.237.57 - - [03/Jan/2021:10:42:25 +0800] "GET /xingrg/check_reg.html?_=1609641727044 HTTP/1.1" 200 22
101.85.52.2 - - [03/Jan/2021:10:42:26 +0800] "GET /xingrg/all/function/internal_message.html?_=1609641745969&CODE_STATE=getMsg HTTP/1.1" 200 27
101.85.52.2 - - [03/Jan/2021:10:42:26 +0800] "GET /xingrg/check_reg.html?_=1609641745972 HTTP/1.1" 200 22
58.37.230.33 - - [03/Jan/2021:10:42:28 +0800] "GET /xingrg/check_reg.html?_=1609641752251 HTTP/1.1" 200 22
180.162.223.42 - - [03/Jan/2021:10:42:32 +0800] "GET /xingrg/all/function/internal_message.html?_=1609641753629&CODE_STATE=getMsg HTTP/1.1" 200 27
58.35.244.144 - - [03/Jan/2021:10:42:36 +0800] "GET /xingrg/kc/buy/cgsh_order_operate.html?command=get_materiel&rest_code=00111&code=00101008113&supplier_code=00100325&order_time=2021-01-03 HTTP/1.1" 200 413
180.156.237.57 - - [03/Jan/2021:10:42:36 +0800] "GET /xingrg/all/function/internal_message.html?_=1609641737824&CODE_STATE=getMsg HTTP/1.1" 200 27
180.162.223.42 - - [03/Jan/2021:10:42:37 +0800] "POST /xingrg/login.do HTTP/1.1" 302 -
180.162.223.42 - - [03/Jan/2021:10:42:37 +0800] "GET /xingrg/index.html?sysBaseUrl=http%3A%2F%2F180.169.147.146%3A18081%2Fxingrg%2F&costTime=80×tamp=1609641757642 HTTP/1.1" 200 17173
101.228.166.101 - - [03/Jan/2021:10:42:38 +0800] "GET /xingrg/all/function/internal_message.html?_=1609641751164&CODE_STATE=getMsg HTTP/1.1" 200 27
180.162.223.42 - - [03/Jan/2021:10:42:38 +0800] "GET /favicon.ico HTTP/1.1" 404 -
180.162.223.42 - - [03/Jan/2021:10:42:39 +0800] "POST /xingrg/all/common/load_tree.html?tree=area_rest_tree_json&manage=1 HTTP/1.1" 200 342
180.162.223.42 - - [03/Jan/2021:10:42:40 +0800] "GET /xingrg/all/function/internal_message.html?_=1609641742701&CODE_STATE=count HTTP/1.1" 200 11
180.162.223.42 - - [03/Jan/2021:10:42:40 +0800] "GET /xingrg/check_reg.html?_=1609641742702 HTTP/1.1" 200 22
180.162.223.42 - - [03/Jan/2021:10:42:40 +0800] "POST /xingrg/load_menu.html HTTP/1.1" 200 5138
172.17.200.101 - - [03/Jan/2021:10:42:41 +0800] "GET /xingrg/all/function/internal_message.html?_=1609641762597&CODE_STATE=getMsg HTTP/1.1" 200 27
180.162.223.42 - - [03/Jan/2021:10:42:42 +0800] "GET /xingrg/kc/buy/buy_main.html HTTP/1.1" 200 12412
180.162.223.42 - - [03/Jan/2021:10:42:42 +0800] "GET /xingrg/css/new_ie.css HTTP/1.1" 404 1036
180.162.223.42 - - [03/Jan/2021:10:42:43 +0800] "GET /xingrg/images/yd/bt.gif HTTP/1.1" 404 1040
58.35.244.144 - - [03/Jan/2021:10:42:45 +0800] "GET /xingrg/all/function/internal_message.html?_=1609641762092&CODE_STATE=getMsg HTTP/1.1" 302 -
58.35.244.144 - - [03/Jan/2021:10:42:50 +0800] "POST /xingrg/kc/buy/cgsh_order_operate.html HTTP/1.1" 200 37
58.35.244.144 - - [03/Jan/2021:10:42:52 +0800] "POST /xingrg/kc/buy/cgsh_order_operate.html HTTP/1.1" 200 5016
58.35.244.144 - - [03/Jan/2021:10:42:54 +0800] "GET /xingrg/kc/print/load_data.html?order_code=212021010301081&kc_code=cgsh&condition= HTTP/1.1" 200 1569
58.37.230.33 - - [03/Jan/2021:10:42:58 +0800] "GET /xingrg/all/function/internal_message.html?_=1609641782732&CODE_STATE=getMsg HTTP/1.1" 200 27
180.162.223.42 - - [03/Jan/2021:10:42:58 +0800] "GET /xingrg/kc/buy/cgsh_order_list.html HTTP/1.1" 200 45641
180.162.223.42 - - [03/Jan/2021:10:43:02 +0800] "POST /xingrg/kc/buy/cgsh_list_operate.html HTTP/1.1" 200 5285
180.156.237.57 - - [03/Jan/2021:10:43:02 +0800] "GET /xingrg/all/function/internal_message.html?_=1609641782628&CODE_STATE=getMsg HTTP/1.1" 200 27
114.86.227.213 - - [03/Jan/2021:10:43:04 +0800] "GET /xingrg/all/function/internal_message.html?_=1609641854671&CODE_STATE=getMsg HTTP/1.1" 200 27
180.175.150.119 - - [03/Jan/2021:10:43:04 +0800] "GET /xingrg/all/function/internal_message.html?_=1609642021648&CODE_STATE=getMsg HTTP/1.1" 200 27
180.162.223.42 - - [03/Jan/2021:10:43:04 +0800] "GET /xingrg/kc/buy/cgsh_order_operate.html?command=get_materiel&rest_code=00105&code=00101001060&supplier_code=00100347&order_time=2021-01-03 HTTP/1.1" 200 421
58.35.244.144 - - [03/Jan/2021:10:43:04 +0800] "GET /xingrg/all/function/internal_message.html?_=1609641942826&CODE_STATE=getMsg HTTP/1.1" 200 27
172.17.0.115 - - [03/Jan/2021:10:43:05 +0800] "GET /xingrg/check_reg.html?_=1609641787682 HTTP/1.1" 200 22
172.17.0.108 - - [03/Jan/2021:10:43:07 +0800] "GET /xingrg/all/function/internal_message.html?_=1609641788106&CODE_STATE=getMsg HTTP/1.1" 200 27
172.17.0.108 - - [03/Jan/2021:10:43:07 +0800] "GET /xingrg/check_reg.html?_=1609641788110 HTTP/1.1" 200 22
180.162.223.42 - - [03/Jan/2021:10:43:09 +0800] "GET /xingrg/javascript/jquery_tools/images/next.gif HTTP/1.1" 404 1086
180.162.223.42 - - [03/Jan/2021:10:43:09 +0800] "GET /xingrg/javascript/jquery_tools/images/prev.gif HTTP/1.1" 404 1086
180.162.108.15 - - [03/Jan/2021:10:43:09 +0800] "GET /xingrg/all/function/internal_message.html?_=1609641670958&CODE_STATE=getMsg HTTP/1.1" 200 27
117.131.5.26 - - [03/Jan/2021:10:43:10 +0800] "GET /xingrg/all/function/internal_message.html?_=1609641838090&CODE_STATE=getMsg HTTP/1.1" 200 27
117.184.7.26 - - [03/Jan/2021:10:43:12 +0800] "GET /xingrg/all/function/internal_message.html?_=1609641792693&CODE_STATE=getMsg HTTP/1.1" 200 27
101.228.166.101 - - [03/Jan/2021:10:43:13 +0800] "GET /xingrg/all/function/internal_message.html?_=1609641795073&CODE_STATE=getMsg HTTP/1.1" 200 27
172.17.0.120 - - [03/Jan/2021:10:43:14 +0800] "GET /xingrg/all/function/internal_message.html?_=1609641793936&CODE_STATE=getMsg HTTP/1.1" 200 27
58.35.244.144 - - [03/Jan/2021:10:43:15 +0800] "GET /xingrg/kc/buy/cgsh_order_add.html HTTP/1.1" 200 61378
58.35.244.144 - - [03/Jan/2021:10:43:16 +0800] "POST /xingrg/kc/buy/cgsh_order_operate.html HTTP/1.1" 200 8245
58.35.244.144 - - [03/Jan/2021:10:43:16 +0800] "GET /xingrg/javascript/easyui/themes/default/validatebox.css HTTP/1.1" 404 1104
180.162.223.42 - - [03/Jan/2021:10:43:16 +0800] "GET /xingrg/kc/buy/cgsh_order_operate.html?command=get_materiel&rest_code=00105&code=00101012046&supplier_code=00100347&order_time=2021-01-03 HTTP/1.1" 200 417
222.69.134.95 - - [03/Jan/2021:10:43:17 +0800] "GET /xingrg/all/function/internal_message.html?_=1609641798283&CODE_STATE=getMsg HTTP/1.1" 200 27
222.69.134.95 - - [03/Jan/2021:10:43:17 +0800] "GET /xingrg/check_reg.html?_=1609641798287 HTTP/1.1" 200 22
116.228.172.94 - - [03/Jan/2021:10:43:20 +0800] "GET /xingrg/all/function/internal_message.html?_=1609641801349&CODE_STATE=getMsg HTTP/1.1" 200 27
172.17.0.115 - - [03/Jan/2021:10:43:24 +0800] "GET /xingrg/all/function/internal_message.html?_=1609641806293&CODE_STATE=getMsg HTTP/1.1" 200 27
101.85.52.2 - - [03/Jan/2021:10:43:26 +0800] "GET /xingrg/all/function/internal_message.html?_=1609641805971&CODE_STATE=getMsg HTTP/1.1" 200 27
58.35.244.144 - - [03/Jan/2021:10:43:26 +0800] "GET /xingrg/kc/buy/cgsh_order_operate.html?command=get_materiel&rest_code=00111&code=00101012046&supplier_code=00100347&order_time=2021-01-03 HTTP/1.1" 200 417
58.35.244.144 - - [03/Jan/2021:10:43:30 +0800] "GET /xingrg/check_reg.html?_=1609641806951 HTTP/1.1" 302 -
180.162.223.42 - - [03/Jan/2021:10:43:32 +0800] "GET /xingrg/all/function/internal_message.html?_=1609641813627&CODE_STATE=getMsg HTTP/1.1" 200 27
180.156.237.57 - - [03/Jan/2021:10:43:36 +0800] "GET /xingrg/all/function/internal_message.html?_=1609641797838&CODE_STATE=getMsg HTTP/1.1" 200 27
180.162.223.42 - - [03/Jan/2021:10:43:37 +0800] "GET /xingrg/kc/buy/cgsh_order_operate.html?command=get_materiel&rest_code=00105&code=00101019618&supplier_code=00100347&order_time=2021-01-03 HTTP/1.1" 200 395
58.35.244.144 - - [03/Jan/2021:10:43:37 +0800] "GET /xingrg/kc/buy/cgsh_order_operate.html?command=get_materiel&rest_code=00111&code=00102002167&supplier_code=00100347&order_time=2021-01-03 HTTP/1.1" 200 409
101.228.166.101 - - [03/Jan/2021:10:43:38 +0800] "GET /xingrg/all/function/internal_message.html?_=1609641811179&CODE_STATE=getMsg HTTP/1.1" 200 27
101.228.166.101 - - [03/Jan/2021:10:43:38 +0800] "GET /xingrg/check_reg.html?_=1609641811184 HTTP/1.1" 200 22
180.162.223.42 - - [03/Jan/2021:10:43:40 +0800] "GET /xingrg/all/function/internal_message.html?_=1609641802715&CODE_STATE=getMsg HTTP/1.1" 200 27
172.17.200.101 - - [03/Jan/2021:10:43:41 +0800] "GET /xingrg/all/function/internal_message.html?_=1609641822604&CODE_STATE=getMsg HTTP/1.1" 200 27
180.162.223.42 - - [03/Jan/2021:10:43:41 +0800] "GET /xingrg/javascript/easyui/themes/default/tree.css HTTP/1.1" 404 1090
180.162.223.42 - - [03/Jan/2021:10:43:42 +0800] "POST /xingrg/all/common/load_tree.html?tree=supplier_tree_json&manage=1 HTTP/1.1" 200 54164
222.69.134.95 - - [03/Jan/2021:10:43:43 +0800] "GET /xingrg/kc/buy/cgsh_order_operate.html?command=get_materiel&rest_code=00149&code=00102002167&supplier_code=00100347&order_time=2021-01-03 HTTP/1.1" 200 409
180.162.223.42 - - [03/Jan/2021:10:43:43 +0800] "GET /xingrg/javascript/easyui/themes/default/images/tree_checkbox_0.gif HTTP/1.1" 200 168
172.17.0.120 - - [03/Jan/2021:10:43:45 +0800] "POST /xingrg/all/user/operate.html HTTP/1.1" 200 36
172.17.0.120 - - [03/Jan/2021:10:43:45 +0800] "GET /xingrg/javascript/jquery_easy_ui/themes/default/easyui.css HTTP/1.1" 304 -
172.17.0.120 - - [03/Jan/2021:10:43:45 +0800] "GET /xingrg/javascript/jquery_easy_ui/themes/icon.css HTTP/1.1" 304 -
172.17.0.120 - - [03/Jan/2021:10:43:45 +0800] "GET /xingrg/css/form.css HTTP/1.1" 304 -
172.17.0.120 - - [03/Jan/2021:10:43:45 +0800] "GET /xingrg/javascript/jquery-1.4.2.min.js HTTP/1.1" 304 -
172.17.0.120 - - [03/Jan/2021:10:43:45 +0800] "GET /xingrg/index.html?sysBaseUrl=http%3A%2F%2F172.17.0.8%3A18081%2Fxingrg%2F&costTime=42×tamp=1609637751227 HTTP/1.1" 200 17454
172.17.0.120 - - [03/Jan/2021:10:43:45 +0800] "GET /xingrg/javascript/jquery_easy_ui/jquery.easyui.min.js HTTP/1.1" 304 -
172.17.0.120 - - [03/Jan/2021:10:43:45 +0800] "GET /xingrg/javascript/jquery_easy_ui/easyui-lang-zh_CN.js HTTP/1.1" 304 -
172.17.0.120 - - [03/Jan/2021:10:43:45 +0800] "GET /xingrg/javascript/jquery.form.js HTTP/1.1" 304 -
172.17.0.120 - - [03/Jan/2021:10:43:45 +0800] "GET /xingrg/javascript/jquery.utils.js HTTP/1.1" 304 -
172.17.0.120 - - [03/Jan/2021:10:43:45 +0800] "GET /xingrg/javascript/jquery.timers.js HTTP/1.1" 304 -
172.17.0.120 - - [03/Jan/2021:10:43:45 +0800] "GET /xingrg/images/blue/jxLogo.png HTTP/1.1" 304 -
172.17.0.120 - - [03/Jan/2021:10:43:45 +0800] "GET /xingrg/javascript/jquery_easy_ui/themes/icons/settle_new.png HTTP/1.1" 304 -
172.17.0.120 - - [03/Jan/2021:10:43:45 +0800] "GET /xingrg/images/blue/navBackgound.jpg HTTP/1.1" 304 -
61.129.6.225 - - [03/Jan/2021:10:43:45 +0800] "GET /xingrg/all/function/internal_message.html?_=1609641482847&CODE_STATE=getMsg HTTP/1.1" 302 -
172.17.0.120 - - [03/Jan/2021:10:43:45 +0800] "POST /xingrg/all/common/load_tree.html?tree=area_rest_tree_json&manage=1 HTTP/1.1" 200 3344
172.17.0.120 - - [03/Jan/2021:10:43:45 +0800] "GET /xingrg/all/function/internal_message.html?_=1609641825224&CODE_STATE=count HTTP/1.1" 200 11
172.17.0.120 - - [03/Jan/2021:10:43:45 +0800] "GET /xingrg/check_reg.html?_=1609641825225 HTTP/1.1" 200 22
172.17.0.120 - - [03/Jan/2021:10:43:45 +0800] "GET /xingrg/images/blue/pingpu.png HTTP/1.1" 304 -
172.17.0.120 - - [03/Jan/2021:10:43:45 +0800] "GET /xingrg/javascript/jquery_easy_ui/themes/default/images/panel_tool_collapse.gif HTTP/1.1" 304 -
172.17.0.120 - - [03/Jan/2021:10:43:45 +0800] "GET /xingrg/javascript/jquery_easy_ui/themes/default/images/tabs_rightarrow.png HTTP/1.1" 304 -
172.17.0.120 - - [03/Jan/2021:10:43:45 +0800] "GET /xingrg/javascript/jquery_easy_ui/themes/default/images/panel_tool_expand.gif HTTP/1.1" 304 -
172.17.0.120 - - [03/Jan/2021:10:43:45 +0800] "GET /xingrg/javascript/jquery_easy_ui/themes/default/images/tabs_leftarrow.png HTTP/1.1" 304 -
172.17.0.120 - - [03/Jan/2021:10:43:45 +0800] "POST /xingrg/load_menu.html HTTP/1.1" 200 9924
58.35.244.144 - - [03/Jan/2021:10:43:45 +0800] "GET /xingrg/all/function/internal_message.html?_=1609641822118&CODE_STATE=getMsg HTTP/1.1" 302 -
172.17.0.120 - - [03/Jan/2021:10:43:46 +0800] "GET /xingrg/kc/base/base_main.html HTTP/1.1" 200 12132
172.17.0.120 - - [03/Jan/2021:10:43:47 +0800] "GET /xingrg/kc/base/wldb_order_list.html HTTP/1.1" 200 19580
172.17.0.120 - - [03/Jan/2021:10:43:47 +0800] "POST /xingrg/kc/base/wldb_list_operate.html HTTP/1.1" 200 928
61.129.6.225 - - [03/Jan/2021:10:43:47 +0800] "GET /xingrg/login.html HTTP/1.1" 200 7641
172.17.0.120 - - [03/Jan/2021:10:43:50 +0800] "GET /xingrg/kc/base/base_main.html HTTP/1.1" 200 12132
58.35.244.144 - - [03/Jan/2021:10:43:50 +0800] "GET /xingrg/kc/buy/cgsh_order_operate.html?command=get_materiel&rest_code=00111&code=00101010549&supplier_code=00100347&order_time=2021-01-03 HTTP/1.1" 200 403
172.17.0.120 - - [03/Jan/2021:10:43:51 +0800] "GET /xingrg/kc/base/yddb_order_list.html HTTP/1.1" 200 16931
180.162.223.42 - - [03/Jan/2021:10:43:51 +0800] "GET /xingrg/kc/buy/cgsh_order_operate.html?command=get_materiel&rest_code=00105&code=00101005022&supplier_code=00100347&order_time=2021-01-03 HTTP/1.1" 200 417
172.17.0.120 - - [03/Jan/2021:10:43:51 +0800] "POST /xingrg/kc/base/yddb_list_operate.html HTTP/1.1" 200 636
180.162.223.42 - - [03/Jan/2021:10:43:52 +0800] "GET /xingrg/javascript/easyui/themes/default/images/tree_checkbox_1.gif HTTP/1.1" 200 174
180.162.223.42 - - [03/Jan/2021:10:43:52 +0800] "GET /xingrg/javascript/easyui/themes/default/images/tree_checkbox_2.gif HTTP/1.1" 200 181
222.69.134.95 - - [03/Jan/2021:10:43:53 +0800] "GET /xingrg/kc/buy/cgsh_order_operate.html?command=get_materiel&rest_code=00149&code=00101008079&supplier_code=00100347&order_time=2021-01-03 HTTP/1.1" 200 416
172.17.0.120 - - [03/Jan/2021:10:43:53 +0800] "POST /xingrg/kc/base/yddb_list_operate.html HTTP/1.1" 200 6083
180.162.223.42 - - [03/Jan/2021:10:43:57 +0800] "POST /xingrg/kc/buy/cgsh_list_operate.html HTTP/1.1" 200 5677
58.37.230.33 - - [03/Jan/2021:10:43:58 +0800] "GET /xingrg/all/function/internal_message.html?_=1609641842711&CODE_STATE=getMsg HTTP/1.1" 200 27
172.17.0.120 - - [03/Jan/2021:10:43:58 +0800] "GET /xingrg/kc/mdqp/qp_main.html HTTP/1.1" 200 10613
172.17.0.120 - - [03/Jan/2021:10:43:59 +0800] "GET /xingrg/images/yd/bt.gif HTTP/1.1" 404 1040
180.175.150.119 - - [03/Jan/2021:10:43:59 +0800] "GET /xingrg/check_reg.html?_=1609642077347 HTTP/1.1" 200 22
180.162.223.42 - - [03/Jan/2021:10:44:00 +0800] "POST /xingrg/kc/buy/cgsh_order_operate.html HTTP/1.1" 200 37
172.17.0.120 - - [03/Jan/2021:10:44:00 +0800] "GET /xingrg/kc/mdqp/pssh_order_list.html HTTP/1.1" 200 17912
172.17.0.120 - - [03/Jan/2021:10:44:01 +0800] "POST /xingrg/kc/mdqp/pssh_list_operate.html HTTP/1.1" 200 7922
180.162.223.42 - - [03/Jan/2021:10:44:01 +0800] "POST /xingrg/kc/buy/cgsh_order_operate.html HTTP/1.1" 200 5042
180.162.223.42 - - [03/Jan/2021:10:44:02 +0800] "GET /xingrg/kc/print/load_data.html?order_code=212021010301082&kc_code=cgsh&condition= HTTP/1.1" 200 1580
180.156.237.57 - - [03/Jan/2021:10:44:02 +0800] "GET /xingrg/check_reg.html?_=1609641842643 HTTP/1.1" 200 22
180.156.237.57 - - [03/Jan/2021:10:44:02 +0800] "GET /xingrg/all/function/internal_message.html?_=1609641842649&CODE_STATE=getMsg HTTP/1.1" 200 27
58.35.244.144 - - [03/Jan/2021:10:44:04 +0800] "GET /xingrg/kc/buy/cgsh_order_operate.html?command=get_materiel&rest_code=00111&code=00101008471&supplier_code=00100347&order_time=2021-01-03 HTTP/1.1" 200 396
180.175.150.119 - - [03/Jan/2021:10:44:04 +0800] "GET /xingrg/all/function/internal_message.html?_=1609642081653&CODE_STATE=getMsg HTTP/1.1" 200 27
114.86.227.213 - - [03/Jan/2021:10:44:04 +0800] "GET /xingrg/all/function/internal_message.html?_=1609641914671&CODE_STATE=getMsg HTTP/1.1" 200 27
58.35.244.144 - - [03/Jan/2021:10:44:04 +0800] "GET /xingrg/all/function/internal_message.html?_=1609642002824&CODE_STATE=getMsg HTTP/1.1" 200 27
172.17.0.120 - - [03/Jan/2021:10:44:06 +0800] "POST /xingrg/all/user/operate.html HTTP/1.1" 200 36
172.17.0.120 - - [03/Jan/2021:10:44:06 +0800] "GET /xingrg/javascript/jquery_easy_ui/themes/default/easyui.css HTTP/1.1" 304 -
172.17.0.120 - - [03/Jan/2021:10:44:06 +0800] "GET /xingrg/index.html?sysBaseUrl=http%3A%2F%2F172.17.0.8%3A18081%2Fxingrg%2F&costTime=42×tamp=1609637751227 HTTP/1.1" 200 17448
172.17.0.120 - - [03/Jan/2021:10:44:07 +0800] "GET /xingrg/javascript/jquery_easy_ui/themes/icon.css HTTP/1.1" 304 -
172.17.0.120 - - [03/Jan/2021:10:44:07 +0800] "GET /xingrg/css/form.css HTTP/1.1" 304 -
172.17.0.120 - - [03/Jan/2021:10:44:07 +0800] "GET /xingrg/javascript/jquery-1.4.2.min.js HTTP/1.1" 304 -
172.17.0.120 - - [03/Jan/2021:10:44:07 +0800] "GET /xingrg/javascript/jquery_easy_ui/jquery.easyui.min.js HTTP/1.1" 304 -
172.17.0.120 - - [03/Jan/2021:10:44:07 +0800] "GET /xingrg/javascript/jquery_easy_ui/easyui-lang-zh_CN.js HTTP/1.1" 304 -
172.17.0.120 - - [03/Jan/2021:10:44:07 +0800] "GET /xingrg/javascript/jquery.form.js HTTP/1.1" 304 -
172.17.0.120 - - [03/Jan/2021:10:44:07 +0800] "GET /xingrg/javascript/jquery.utils.js HTTP/1.1" 304 -
172.17.0.120 - - [03/Jan/2021:10:44:07 +0800] "GET /xingrg/javascript/jquery.timers.js HTTP/1.1" 304 -
172.17.0.120 - - [03/Jan/2021:10:44:07 +0800] "GET /xingrg/images/blue/jxLogo.png HTTP/1.1" 304 -
172.17.0.120 - - [03/Jan/2021:10:44:07 +0800] "GET /xingrg/javascript/jquery_easy_ui/themes/icons/settle_new.png HTTP/1.1" 304 -
172.17.0.120 - - [03/Jan/2021:10:44:07 +0800] "GET /xingrg/images/blue/navBackgound.jpg HTTP/1.1" 304 -
172.17.0.120 - - [03/Jan/2021:10:44:07 +0800] "POST /xingrg/all/common/load_tree.html?tree=area_rest_tree_json&manage=1 HTTP/1.1" 200 3344
172.17.0.120 - - [03/Jan/2021:10:44:07 +0800] "GET /xingrg/all/function/internal_message.html?_=1609641847042&CODE_STATE=count HTTP/1.1" 200 11
172.17.0.120 - - [03/Jan/2021:10:44:07 +0800] "GET /xingrg/check_reg.html?_=1609641847042 HTTP/1.1" 200 22
172.17.0.120 - - [03/Jan/2021:10:44:07 +0800] "GET /xingrg/javascript/jquery_easy_ui/themes/default/images/panel_tool_expand.gif HTTP/1.1" 304 -
172.17.0.120 - - [03/Jan/2021:10:44:07 +0800] "GET /xingrg/javascript/jquery_easy_ui/themes/default/images/tabs_rightarrow.png HTTP/1.1" 304 -
172.17.0.120 - - [03/Jan/2021:10:44:07 +0800] "GET /xingrg/javascript/jquery_easy_ui/themes/default/images/panel_tool_collapse.gif HTTP/1.1" 304 -
172.17.0.120 - - [03/Jan/2021:10:44:07 +0800] "GET /xingrg/images/blue/pingpu.png HTTP/1.1" 304 -
172.17.0.120 - - [03/Jan/2021:10:44:07 +0800] "GET /xingrg/javascript/jquery_easy_ui/themes/default/images/tabs_leftarrow.png HTTP/1.1" 304 -
172.17.0.120 - - [03/Jan/2021:10:44:07 +0800] "POST /xingrg/load_menu.html HTTP/1.1" 200 9924
172.17.0.108 - - [03/Jan/2021:10:44:07 +0800] "GET /xingrg/all/function/internal_message.html?_=1609641848104&CODE_STATE=getMsg HTTP/1.1" 200 27
172.17.0.120 - - [03/Jan/2021:10:44:08 +0800] "GET /xingrg/kc/base/base_main.html HTTP/1.1" 200 12132
180.162.108.15 - - [03/Jan/2021:10:44:09 +0800] "GET /xingrg/all/function/internal_message.html?_=1609641730958&CODE_STATE=getMsg HTTP/1.1" 200 27
172.17.0.120 - - [03/Jan/2021:10:44:09 +0800] "GET /xingrg/kc/base/wldb_order_list.html HTTP/1.1" 200 19574
172.17.0.120 - - [03/Jan/2021:10:44:10 +0800] "POST /xingrg/kc/base/wldb_list_operate.html HTTP/1.1" 200 928
172.17.0.120 - - [03/Jan/2021:10:44:12 +0800] "GET /xingrg/kc/base/base_main.html HTTP/1.1" 200 12132
117.184.7.26 - - [03/Jan/2021:10:44:12 +0800] "GET /xingrg/all/function/internal_message.html?_=1609641852692&CODE_STATE=getMsg HTTP/1.1" 200 27
101.228.166.101 - - [03/Jan/2021:10:44:13 +0800] "GET /xingrg/all/function/internal_message.html?_=1609641855077&CODE_STATE=getMsg HTTP/1.1" 200 27
172.17.0.120 - - [03/Jan/2021:10:44:13 +0800] "GET /xingrg/kc/base/yddb_order_list.html HTTP/1.1" 200 16925
172.17.0.120 - - [03/Jan/2021:10:44:13 +0800] "POST /xingrg/kc/base/yddb_list_operate.html HTTP/1.1" 200 636
222.69.134.95 - - [03/Jan/2021:10:44:14 +0800] "GET /xingrg/kc/buy/cgsh_order_operate.html?command=get_materiel&rest_code=00149&code=00101006249&supplier_code=00100347&order_time=2021-01-03 HTTP/1.1" 200 405
172.17.0.120 - - [03/Jan/2021:10:44:15 +0800] "POST /xingrg/kc/base/yddb_list_operate.html HTTP/1.1" 200 4921
222.69.134.95 - - [03/Jan/2021:10:44:17 +0800] "GET /xingrg/all/function/internal_message.html?_=1609641858283&CODE_STATE=getMsg HTTP/1.1" 200 27
180.175.150.119 - - [03/Jan/2021:10:44:18 +0800] "GET /xingrg/check_reg.html?_=1609642095772 HTTP/1.1" 200 22
117.131.5.26 - - [03/Jan/2021:10:44:18 +0800] "GET /xingrg/check_reg.html?_=1609641906878 HTTP/1.1" 200 22
117.131.5.26 - - [03/Jan/2021:10:44:18 +0800] "GET /xingrg/all/function/internal_message.html?_=1609641906877&CODE_STATE=getMsg HTTP/1.1" 200 27
172.17.0.120 - - [03/Jan/2021:10:44:20 +0800] "GET /xingrg/kc/mdqp/qp_main.html HTTP/1.1" 200 10613
116.228.172.94 - - [03/Jan/2021:10:44:20 +0800] "GET /xingrg/all/function/internal_message.html?_=1609641861336&CODE_STATE=getMsg HTTP/1.1" 200 27
172.17.0.120 - - [03/Jan/2021:10:44:21 +0800] "GET /xingrg/images/yd/bt.gif HTTP/1.1" 404 1040
172.17.0.120 - - [03/Jan/2021:10:44:21 +0800] "GET /xingrg/kc/mdqp/pssh_order_list.html HTTP/1.1" 200 17956
172.17.0.120 - - [03/Jan/2021:10:44:21 +0800] "POST /xingrg/kc/mdqp/pssh_list_operate.html HTTP/1.1" 200 8279
172.17.0.115 - - [03/Jan/2021:10:44:24 +0800] "GET /xingrg/all/function/internal_message.html?_=1609641866307&CODE_STATE=getMsg HTTP/1.1" 200 27
58.35.244.144 - - [03/Jan/2021:10:44:25 +0800] "GET /xingrg/kc/buy/cgsh_order_operate.html?command=get_materiel&rest_code=00111&code=00101005022&supplier_code=00100347&order_time=2021-01-03 HTTP/1.1" 200 417
101.85.52.2 - - [03/Jan/2021:10:44:26 +0800] "GET /xingrg/all/function/internal_message.html?_=1609641865971&CODE_STATE=getMsg HTTP/1.1" 200 27
172.17.0.120 - - [03/Jan/2021:10:44:28 +0800] "POST /xingrg/all/user/operate.html HTTP/1.1" 200 36
172.17.0.120 - - [03/Jan/2021:10:44:28 +0800] "GET /xingrg/index.html?sysBaseUrl=http%3A%2F%2F172.17.0.8%3A18081%2Fxingrg%2F&costTime=42×tamp=1609637751227 HTTP/1.1" 200 17448
172.17.0.120 - - [03/Jan/2021:10:44:28 +0800] "GET /xingrg/javascript/jquery_easy_ui/themes/default/easyui.css HTTP/1.1" 304 -
172.17.0.120 - - [03/Jan/2021:10:44:28 +0800] "GET /xingrg/javascript/jquery_easy_ui/themes/icon.css HTTP/1.1" 304 -
172.17.0.120 - - [03/Jan/2021:10:44:28 +0800] "GET /xingrg/css/form.css HTTP/1.1" 304 -
172.17.0.120 - - [03/Jan/2021:10:44:28 +0800] "GET /xingrg/javascript/jquery-1.4.2.min.js HTTP/1.1" 304 -
172.17.0.120 - - [03/Jan/2021:10:44:28 +0800] "GET /xingrg/javascript/jquery_easy_ui/jquery.easyui.min.js HTTP/1.1" 304 -
172.17.0.120 - - [03/Jan/2021:10:44:28 +0800] "GET /xingrg/javascript/jquery_easy_ui/easyui-lang-zh_CN.js HTTP/1.1" 304 -
172.17.0.120 - - [03/Jan/2021:10:44:28 +0800] "GET /xingrg/javascript/jquery.form.js HTTP/1.1" 304 -
172.17.0.120 - - [03/Jan/2021:10:44:28 +0800] "GET /xingrg/javascript/jquery.utils.js HTTP/1.1" 304 -
172.17.0.120 - - [03/Jan/2021:10:44:28 +0800] "GET /xingrg/javascript/jquery.timers.js HTTP/1.1" 304 -
172.17.0.120 - - [03/Jan/2021:10:44:28 +0800] "GET /xingrg/images/blue/jxLogo.png HTTP/1.1" 304 -
172.17.0.120 - - [03/Jan/2021:10:44:28 +0800] "GET /xingrg/javascript/jquery_easy_ui/themes/icons/settle_new.png HTTP/1.1" 304 -
172.17.0.120 - - [03/Jan/2021:10:44:28 +0800] "GET /xingrg/images/blue/navBackgound.jpg HTTP/1.1" 304 -
172.17.0.120 - - [03/Jan/2021:10:44:28 +0800] "POST /xingrg/all/common/load_tree.html?tree=area_rest_tree_json&manage=1 HTTP/1.1" 200 3344
172.17.0.120 - - [03/Jan/2021:10:44:28 +0800] "GET /xingrg/all/function/internal_message.html?_=1609641868145&CODE_STATE=count HTTP/1.1" 200 11
172.17.0.120 - - [03/Jan/2021:10:44:28 +0800] "GET /xingrg/check_reg.html?_=1609641868146 HTTP/1.1" 200 22
172.17.0.120 - - [03/Jan/2021:10:44:28 +0800] "GET /xingrg/javascript/jquery_easy_ui/themes/default/images/tabs_rightarrow.png HTTP/1.1" 304 -
172.17.0.120 - - [03/Jan/2021:10:44:28 +0800] "GET /xingrg/javascript/jquery_easy_ui/themes/default/images/panel_tool_expand.gif HTTP/1.1" 304 -
172.17.0.120 - - [03/Jan/2021:10:44:28 +0800] "GET /xingrg/javascript/jquery_easy_ui/themes/default/images/panel_tool_collapse.gif HTTP/1.1" 304 -
172.17.0.120 - - [03/Jan/2021:10:44:28 +0800] "GET /xingrg/images/blue/pingpu.png HTTP/1.1" 304 -
172.17.0.120 - - [03/Jan/2021:10:44:28 +0800] "GET /xingrg/javascript/jquery_easy_ui/themes/default/images/tabs_leftarrow.png HTTP/1.1" 304 -
180.162.223.42 - - [03/Jan/2021:10:44:28 +0800] "POST /xingrg/kc/buy/cgsh_list_operate.html HTTP/1.1" 200 2970
172.17.0.120 - - [03/Jan/2021:10:44:28 +0800] "POST /xingrg/load_menu.html HTTP/1.1" 200 9924
172.17.0.120 - - [03/Jan/2021:10:44:29 +0800] "GET /xingrg/kc/base/base_main.html HTTP/1.1" 200 12132
172.17.0.120 - - [03/Jan/2021:10:44:31 +0800] "GET /xingrg/kc/base/wldb_order_list.html HTTP/1.1" 200 19574
172.17.0.120 - - [03/Jan/2021:10:44:31 +0800] "POST /xingrg/kc/base/wldb_list_operate.html HTTP/1.1" 200 928
180.162.223.42 - - [03/Jan/2021:10:44:32 +0800] "GET /xingrg/all/function/internal_message.html?_=1609641873581&CODE_STATE=getMsg HTTP/1.1" 200 27
172.17.0.120 - - [03/Jan/2021:10:44:33 +0800] "GET /xingrg/kc/base/base_main.html HTTP/1.1" 200 12132
172.17.0.120 - - [03/Jan/2021:10:44:33 +0800] "GET /xingrg/kc/base/yddb_order_list.html HTTP/1.1" 200 16925
172.17.0.120 - - [03/Jan/2021:10:44:34 +0800] "POST /xingrg/kc/base/yddb_list_operate.html HTTP/1.1" 200 636
101.228.166.101 - - [03/Jan/2021:10:44:34 +0800] "POST /xingrg/kc/buy/cgsh_list_operate.html HTTP/1.1" 200 5409
180.162.223.42 - - [03/Jan/2021:10:44:35 +0800] "POST /xingrg/kc/buy/cgsh_list_operate.html HTTP/1.1" 200 5801
172.17.0.120 - - [03/Jan/2021:10:44:36 +0800] "POST /xingrg/kc/base/yddb_list_operate.html HTTP/1.1" 200 6117
180.156.237.57 - - [03/Jan/2021:10:44:36 +0800] "GET /xingrg/all/function/internal_message.html?_=1609641857855&CODE_STATE=getMsg HTTP/1.1" 200 27
101.228.166.101 - - [03/Jan/2021:10:44:38 +0800] "GET /xingrg/all/function/internal_message.html?_=1609641871168&CODE_STATE=getMsg HTTP/1.1" 200 27
180.162.223.42 - - [03/Jan/2021:10:44:40 +0800] "GET /xingrg/all/function/internal_message.html?_=1609641862716&CODE_STATE=getMsg HTTP/1.1" 200 27
222.69.134.95 - - [03/Jan/2021:10:44:40 +0800] "GET /xingrg/kc/buy/cgsh_order_operate.html?command=get_materiel&rest_code=00149&code=00101010646&supplier_code=00100347&order_time=2021-01-03 HTTP/1.1" 200 410
58.35.244.144 - - [03/Jan/2021:10:44:41 +0800] "GET /xingrg/kc/buy/cgsh_order_operate.html?command=get_materiel&rest_code=00111&code=00101001036&supplier_code=00100347&order_time=2021-01-03 HTTP/1.1" 200 423
172.17.200.101 - - [03/Jan/2021:10:44:41 +0800] "GET /xingrg/check_reg.html?_=1609641882594 HTTP/1.1" 200 22
172.17.200.101 - - [03/Jan/2021:10:44:41 +0800] "GET /xingrg/all/function/internal_message.html?_=1609641882605&CODE_STATE=getMsg HTTP/1.1" 200 27
180.162.223.42 - - [03/Jan/2021:10:44:43 +0800] "POST /xingrg/kc/buy/cgsh_list_operate.html HTTP/1.1" 200 5800
58.35.244.144 - - [03/Jan/2021:10:44:45 +0800] "GET /xingrg/all/function/internal_message.html?_=1609641882134&CODE_STATE=getMsg HTTP/1.1" 302 -
172.17.0.120 - - [03/Jan/2021:10:44:45 +0800] "GET /xingrg/kc/mdqp/qp_main.html HTTP/1.1" 200 10613
172.17.0.120 - - [03/Jan/2021:10:44:46 +0800] "GET /xingrg/images/yd/bt.gif HTTP/1.1" 404 1040
172.17.0.120 - - [03/Jan/2021:10:44:46 +0800] "GET /xingrg/kc/mdqp/pssh_order_list.html HTTP/1.1" 200 17912
172.17.0.120 - - [03/Jan/2021:10:44:46 +0800] "POST /xingrg/kc/mdqp/pssh_list_operate.html HTTP/1.1" 200 8325
180.162.223.42 - - [03/Jan/2021:10:44:49 +0800] "GET /xingrg/kc/base/wldb_order_list.html HTTP/1.1" 200 19339
180.162.223.42 - - [03/Jan/2021:10:44:49 +0800] "POST /xingrg/kc/base/wldb_list_operate.html HTTP/1.1" 200 928
180.162.223.42 - - [03/Jan/2021:10:44:50 +0800] "GET /xingrg/check_reg.html?_=1609641891146 HTTP/1.1" 200 22
222.69.134.95 - - [03/Jan/2021:10:44:51 +0800] "POST /xingrg/kc/buy/cgsh_order_operate.html HTTP/1.1" 200 37
172.17.0.120 - - [03/Jan/2021:10:44:52 +0800] "POST /xingrg/all/user/operate.html HTTP/1.1" 200 36
172.17.0.120 - - [03/Jan/2021:10:44:52 +0800] "GET /xingrg/javascript/jquery_easy_ui/themes/default/easyui.css HTTP/1.1" 304 -
172.17.0.120 - - [03/Jan/2021:10:44:52 +0800] "GET /xingrg/javascript/jquery_easy_ui/themes/icon.css HTTP/1.1" 304 -
172.17.0.120 - - [03/Jan/2021:10:44:52 +0800] "GET /xingrg/css/form.css HTTP/1.1" 304 -
172.17.0.120 - - [03/Jan/2021:10:44:52 +0800] "GET /xingrg/javascript/jquery-1.4.2.min.js HTTP/1.1" 304 -
172.17.0.120 - - [03/Jan/2021:10:44:52 +0800] "GET /xingrg/javascript/jquery_easy_ui/jquery.easyui.min.js HTTP/1.1" 304 -
172.17.0.120 - - [03/Jan/2021:10:44:52 +0800] "GET /xingrg/javascript/jquery_easy_ui/easyui-lang-zh_CN.js HTTP/1.1" 304 -
172.17.0.120 - - [03/Jan/2021:10:44:52 +0800] "GET /xingrg/index.html?sysBaseUrl=http%3A%2F%2F172.17.0.8%3A18081%2Fxingrg%2F&costTime=42×tamp=1609637751227 HTTP/1.1" 200 17454
172.17.0.120 - - [03/Jan/2021:10:44:52 +0800] "GET /xingrg/javascript/jquery.form.js HTTP/1.1" 304 -
172.17.0.120 - - [03/Jan/2021:10:44:52 +0800] "GET /xingrg/javascript/jquery.utils.js HTTP/1.1" 304 -
172.17.0.120 - - [03/Jan/2021:10:44:52 +0800] "GET /xingrg/javascript/jquery.timers.js HTTP/1.1" 304 -
172.17.0.120 - - [03/Jan/2021:10:44:52 +0800] "GET /xingrg/images/blue/jxLogo.png HTTP/1.1" 304 -
172.17.0.120 - - [03/Jan/2021:10:44:52 +0800] "GET /xingrg/javascript/jquery_easy_ui/themes/icons/settle_new.png HTTP/1.1" 304 -
