180.175.150.119 - - [03/Jan/2021:09:34:17 +0800] "GET /xingrg/javascript/easyui/themes/default/validatebox.css HTTP/1.1" 404 1104
180.175.150.119 - - [03/Jan/2021:09:34:17 +0800] "POST /xingrg/kc/mdqp/pssh_order_operate.html HTTP/1.1" 200 1053
180.175.150.119 - - [03/Jan/2021:09:34:18 +0800] "GET /xingrg/check_reg.html?_=1609637895696 HTTP/1.1" 200 22
180.175.150.119 - - [03/Jan/2021:09:34:18 +0800] "GET /xingrg/all/function/internal_message.html?_=1609637895897&CODE_STATE=getMsg HTTP/1.1" 200 27
172.17.0.115 - - [03/Jan/2021:09:34:23 +0800] "GET /xingrg/all/function/internal_message.html?_=1609637665262&CODE_STATE=getMsg HTTP/1.1" 200 27
222.69.134.95 - - [03/Jan/2021:09:34:26 +0800] "POST /xingrg/kc/buy/cgsh_order_operate.html HTTP/1.1" 200 37
180.175.150.119 - - [03/Jan/2021:09:34:28 +0800] "GET /xingrg/javascript/jquery_easy_ui/themes/default/images/tabs_active.png HTTP/1.1" 304 -
222.69.134.95 - - [03/Jan/2021:09:34:30 +0800] "POST /xingrg/kc/buy/cgsh_order_operate.html HTTP/1.1" 200 100
180.175.150.119 - - [03/Jan/2021:09:34:32 +0800] "POST /xingrg/kc/mdqp/pssh_list_operate.html HTTP/1.1" 200 5340
172.17.0.108 - - [03/Jan/2021:09:34:32 +0800] "POST /xingrg/kc/cost/cost_operate.html HTTP/1.1" 200 4
180.162.223.42 - - [03/Jan/2021:09:34:33 +0800] "GET /xingrg/all/function/internal_message.html?_=1609637674916&CODE_STATE=getMsg HTTP/1.1" 200 27
180.156.237.57 - - [03/Jan/2021:09:34:35 +0800] "GET /xingrg/all/function/internal_message.html?_=1609637656907&CODE_STATE=getMsg HTTP/1.1" 200 27
180.175.150.119 - - [03/Jan/2021:09:34:36 +0800] "POST /xingrg/kc/mdqp/pssh_list_operate.html HTTP/1.1" 200 769
101.228.166.101 - - [03/Jan/2021:09:34:37 +0800] "GET /xingrg/all/function/internal_message.html?_=1609637671133&CODE_STATE=getMsg HTTP/1.1" 200 27
180.175.150.119 - - [03/Jan/2021:09:34:38 +0800] "GET /xingrg/kc/mdqp/pssh_order_info.html?code=312020123100827 HTTP/1.1" 200 14386
180.175.150.119 - - [03/Jan/2021:09:34:38 +0800] "GET /xingrg/javascript/jquery_tools/jquery-1.4.2.min.js HTTP/1.1" 404 1094
180.175.150.119 - - [03/Jan/2021:09:34:38 +0800] "POST /xingrg/kc/mdqp/pssh_order_operate.html HTTP/1.1" 200 8965
222.69.134.95 - - [03/Jan/2021:09:34:39 +0800] "POST /xingrg/kc/buy/cgsh_order_operate.html HTTP/1.1" 200 37
172.17.0.108 - - [03/Jan/2021:09:34:39 +0800] "GET /xingrg/kc/cost/cost_page.html HTTP/1.1" 200 4078
172.17.0.108 - - [03/Jan/2021:09:34:39 +0800] "GET /xingrg/css/blue.css HTTP/1.1" 304 -
172.17.0.108 - - [03/Jan/2021:09:34:39 +0800] "GET /xingrg/javascript/jquery_easy_ui/themes/default/easyui.css HTTP/1.1" 304 -
172.17.0.108 - - [03/Jan/2021:09:34:39 +0800] "GET /xingrg/javascript/jquery_easy_ui/themes/icon.css HTTP/1.1" 304 -
172.17.0.108 - - [03/Jan/2021:09:34:39 +0800] "GET /xingrg/javascript/step/step.css HTTP/1.1" 304 -
172.17.0.108 - - [03/Jan/2021:09:34:39 +0800] "GET /xingrg/css/table.css HTTP/1.1" 304 -
172.17.0.108 - - [03/Jan/2021:09:34:39 +0800] "GET /xingrg/dwr/interface/AjaxReportQueryService.js HTTP/1.1" 200 13203
172.17.0.108 - - [03/Jan/2021:09:34:39 +0800] "GET /xingrg/dwr/engine.js HTTP/1.1" 200 43631
172.17.0.108 - - [03/Jan/2021:09:34:39 +0800] "GET /xingrg/dwr/util.js HTTP/1.1" 304 -
172.17.0.108 - - [03/Jan/2021:09:34:39 +0800] "GET /xingrg/javascript/jquery-1.4.2.min.js HTTP/1.1" 304 -
172.17.0.108 - - [03/Jan/2021:09:34:40 +0800] "GET /xingrg/javascript/jquery_easy_ui/jquery.easyui.min.js HTTP/1.1" 304 -
172.17.0.108 - - [03/Jan/2021:09:34:40 +0800] "GET /xingrg/javascript/jquery_easy_ui/easyui-lang-zh_CN.js HTTP/1.1" 304 -
172.17.0.108 - - [03/Jan/2021:09:34:40 +0800] "GET /xingrg/javascript/jquery.utils.js HTTP/1.1" 304 -
180.175.150.119 - - [03/Jan/2021:09:34:40 +0800] "GET /xingrg/javascript/easyui/themes/default/validatebox.css HTTP/1.1" 404 1104
172.17.0.108 - - [03/Jan/2021:09:34:40 +0800] "GET /xingrg/images/control/ajaxLoader.gif HTTP/1.1" 304 -
222.69.134.95 - - [03/Jan/2021:09:34:43 +0800] "POST /xingrg/kc/buy/cgsh_order_operate.html HTTP/1.1" 200 12
58.35.244.144 - - [03/Jan/2021:09:34:44 +0800] "GET /xingrg/all/function/internal_message.html?_=1609637680653&CODE_STATE=getMsg HTTP/1.1" 302 -
172.17.0.123 - - [03/Jan/2021:09:34:44 +0800] "GET /xingrg/all/function/internal_message.html?_=1609637589908&CODE_STATE=getMsg HTTP/1.1" 200 27
116.228.172.94 - - [03/Jan/2021:09:34:44 +0800] "GET /xingrg/kc/buy/cgsh_order_operate.html?command=get_materiel&rest_code=00107&code=00101008361&supplier_code=00100006&order_time=2021-01-03 HTTP/1.1" 200 408
222.69.134.95 - - [03/Jan/2021:09:34:45 +0800] "GET /xingrg/kc/buy/cgsh_order_info.html?code=212021010301008 HTTP/1.1" 200 56332
222.69.134.95 - - [03/Jan/2021:09:34:45 +0800] "GET /xingrg/javascript/easyui/themes/default/validatebox.css HTTP/1.1" 404 1104
222.69.134.95 - - [03/Jan/2021:09:34:45 +0800] "POST /xingrg/kc/buy/cgsh_order_operate.html HTTP/1.1" 200 4777
172.17.200.101 - - [03/Jan/2021:09:34:46 +0800] "GET /xingrg/check_reg.html?_=1609637687882 HTTP/1.1" 200 22
172.17.200.101 - - [03/Jan/2021:09:34:46 +0800] "GET /xingrg/all/function/internal_message.html?_=1609637687888&CODE_STATE=getMsg HTTP/1.1" 200 27
180.162.223.42 - - [03/Jan/2021:09:34:50 +0800] "GET /xingrg/check_reg.html?_=1609637691091 HTTP/1.1" 200 22
116.228.172.94 - - [03/Jan/2021:09:34:57 +0800] "GET /xingrg/kc/buy/cgsh_order_operate.html?command=get_materiel&rest_code=00107&code=00101008251&supplier_code=00100006&order_time=2021-01-03 HTTP/1.1" 200 408
58.37.230.33 - - [03/Jan/2021:09:35:00 +0800] "GET /xingrg/all/function/internal_message.html?_=1609637704351&CODE_STATE=getMsg HTTP/1.1" 200 27
180.175.150.119 - - [03/Jan/2021:09:35:00 +0800] "POST /xingrg/kc/mdqp/pssh_list_operate.html HTTP/1.1" 200 5340
180.162.223.42 - - [03/Jan/2021:09:35:01 +0800] "POST /xingrg/kc/buy/cgsh_order_operate.html HTTP/1.1" 200 37
180.162.223.42 - - [03/Jan/2021:09:35:02 +0800] "POST /xingrg/kc/buy/cgsh_order_operate.html HTTP/1.1" 200 43462
180.175.150.119 - - [03/Jan/2021:09:35:02 +0800] "POST /xingrg/kc/mdqp/pssh_list_operate.html HTTP/1.1" 200 5563
101.228.166.101 - - [03/Jan/2021:09:35:05 +0800] "GET /xingrg/all/function/internal_message.html?_=1609637707306&CODE_STATE=getMsg HTTP/1.1" 200 27
180.162.223.42 - - [03/Jan/2021:09:35:05 +0800] "GET /xingrg/kc/buy/cgsh_order_list.html HTTP/1.1" 200 45641
180.156.237.57 - - [03/Jan/2021:09:35:06 +0800] "GET /xingrg/all/function/internal_message.html?_=1609637706706&CODE_STATE=getMsg HTTP/1.1" 200 27
180.162.223.42 - - [03/Jan/2021:09:35:07 +0800] "POST /xingrg/kc/buy/cgsh_list_operate.html HTTP/1.1" 200 2769
120.253.135.82 - - [03/Jan/2021:09:35:07 +0800] "GET /xingrg/all/function/internal_message.html?_=1609637465956&CODE_STATE=getMsg HTTP/1.1" 200 27
172.17.0.108 - - [03/Jan/2021:09:35:07 +0800] "GET /xingrg/all/function/internal_message.html?_=1609637708101&CODE_STATE=getMsg HTTP/1.1" 200 27
58.35.244.144 - - [03/Jan/2021:09:35:09 +0800] "GET /xingrg/all/function/internal_message.html?_=1609637867087&CODE_STATE=getMsg HTTP/1.1" 200 27
101.228.166.101 - - [03/Jan/2021:09:35:09 +0800] "GET /xingrg/check_reg.html?_=1609637711567 HTTP/1.1" 200 22
116.228.172.94 - - [03/Jan/2021:09:35:11 +0800] "GET /xingrg/kc/buy/cgsh_order_operate.html?command=get_materiel&rest_code=00107&code=00101008225&supplier_code=00100006&order_time=2021-01-03 HTTP/1.1" 200 416
116.228.172.94 - - [03/Jan/2021:09:35:15 +0800] "POST /xingrg/kc/buy/cgsh_order_operate.html HTTP/1.1" 200 2065
116.228.172.94 - - [03/Jan/2021:09:35:17 +0800] "GET /xingrg/all/function/internal_message.html?_=1609637717949&CODE_STATE=getMsg HTTP/1.1" 200 27
222.69.134.95 - - [03/Jan/2021:09:35:17 +0800] "GET /xingrg/all/function/internal_message.html?_=1609637718177&CODE_STATE=getMsg HTTP/1.1" 200 27
180.175.150.119 - - [03/Jan/2021:09:35:18 +0800] "GET /xingrg/all/function/internal_message.html?_=1609637955910&CODE_STATE=getMsg HTTP/1.1" 200 27
180.162.223.42 - - [03/Jan/2021:09:35:21 +0800] "POST /xingrg/kc/buy/cgsh_list_operate.html HTTP/1.1" 200 5415
222.69.134.95 - - [03/Jan/2021:09:35:21 +0800] "GET /xingrg/kc/buy/cgsh_order_add.html HTTP/1.1" 200 61431
222.69.134.95 - - [03/Jan/2021:09:35:22 +0800] "POST /xingrg/kc/buy/cgsh_order_operate.html HTTP/1.1" 200 8245
222.69.134.95 - - [03/Jan/2021:09:35:22 +0800] "GET /xingrg/javascript/easyui/themes/default/validatebox.css HTTP/1.1" 404 1104
116.228.172.94 - - [03/Jan/2021:09:35:23 +0800] "GET /xingrg/kc/buy/cgsh_order_operate.html?command=get_materiel&rest_code=00107&code=00101008357&supplier_code=00100006&order_time=2021-01-03 HTTP/1.1" 200 408
172.17.0.115 - - [03/Jan/2021:09:35:23 +0800] "GET /xingrg/all/function/internal_message.html?_=1609637725289&CODE_STATE=getMsg HTTP/1.1" 200 27
180.175.150.119 - - [03/Jan/2021:09:35:25 +0800] "GET /xingrg/kc/buy/cgsh_order_list.html HTTP/1.1" 200 45641
180.175.150.119 - - [03/Jan/2021:09:35:26 +0800] "POST /xingrg/kc/buy/cgsh_list_operate.html HTTP/1.1" 200 1666
180.175.150.119 - - [03/Jan/2021:09:35:32 +0800] "POST /xingrg/kc/buy/cgsh_list_operate.html HTTP/1.1" 200 5876
180.162.223.42 - - [03/Jan/2021:09:35:33 +0800] "GET /xingrg/all/function/internal_message.html?_=1609637734893&CODE_STATE=getMsg HTTP/1.1" 200 27
180.156.237.57 - - [03/Jan/2021:09:35:35 +0800] "GET /xingrg/all/function/internal_message.html?_=1609637716913&CODE_STATE=getMsg HTTP/1.1" 200 27
101.228.166.101 - - [03/Jan/2021:09:35:37 +0800] "GET /xingrg/all/function/internal_message.html?_=1609637731118&CODE_STATE=getMsg HTTP/1.1" 200 27
180.175.150.119 - - [03/Jan/2021:09:35:38 +0800] "POST /xingrg/kc/buy/cgsh_list_operate.html HTTP/1.1" 200 5995
180.175.150.119 - - [03/Jan/2021:09:35:43 +0800] "POST /xingrg/kc/buy/cgsh_list_operate.html HTTP/1.1" 200 281
58.35.244.144 - - [03/Jan/2021:09:35:44 +0800] "GET /xingrg/all/function/internal_message.html?_=1609637740681&CODE_STATE=getMsg HTTP/1.1" 302 -
172.17.0.123 - - [03/Jan/2021:09:35:44 +0800] "GET /xingrg/check_reg.html?_=1609637649911 HTTP/1.1" 200 22
172.17.0.123 - - [03/Jan/2021:09:35:44 +0800] "GET /xingrg/all/function/internal_message.html?_=1609637649912&CODE_STATE=getMsg HTTP/1.1" 200 27
172.17.0.120 - - [03/Jan/2021:09:35:46 +0800] "GET /xingrg/index.html HTTP/1.1" 302 -
172.17.0.120 - - [03/Jan/2021:09:35:46 +0800] "GET /xingrg/login.html HTTP/1.1" 200 7636
172.17.0.120 - - [03/Jan/2021:09:35:46 +0800] "GET /xingrg/images/blue/jxLogo.png HTTP/1.1" 200 6156
172.17.0.120 - - [03/Jan/2021:09:35:46 +0800] "GET /xingrg/images/blue/login_bg.png HTTP/1.1" 200 22101
172.17.0.120 - - [03/Jan/2021:09:35:46 +0800] "GET /xingrg/images/blue/hj.png HTTP/1.1" 200 1014
172.17.0.120 - - [03/Jan/2021:09:35:46 +0800] "GET /xingrg/images/blue/srbg.png HTTP/1.1" 200 138
172.17.200.101 - - [03/Jan/2021:09:35:46 +0800] "GET /xingrg/all/function/internal_message.html?_=1609637747872&CODE_STATE=getMsg HTTP/1.1" 200 27
172.17.0.120 - - [03/Jan/2021:09:35:46 +0800] "GET /favicon.ico HTTP/1.1" 404 -
180.175.150.119 - - [03/Jan/2021:09:35:49 +0800] "POST /xingrg/kc/buy/cgsh_list_operate.html HTTP/1.1" 200 5959
172.17.0.120 - - [03/Jan/2021:09:35:51 +0800] "POST /xingrg/login.do HTTP/1.1" 302 -
172.17.0.120 - - [03/Jan/2021:09:35:51 +0800] "GET /xingrg/index.html?sysBaseUrl=http%3A%2F%2F172.17.0.8%3A18081%2Fxingrg%2F&costTime=42×tamp=1609637751227 HTTP/1.1" 200 17448
172.17.0.120 - - [03/Jan/2021:09:35:51 +0800] "GET /xingrg/javascript/jquery_easy_ui/themes/default/easyui.css HTTP/1.1" 200 26500
172.17.0.120 - - [03/Jan/2021:09:35:51 +0800] "GET /xingrg/javascript/jquery_easy_ui/themes/icon.css HTTP/1.1" 200 3949
172.17.0.120 - - [03/Jan/2021:09:35:51 +0800] "GET /xingrg/css/form.css HTTP/1.1" 200 893
172.17.0.120 - - [03/Jan/2021:09:35:51 +0800] "GET /xingrg/javascript/jquery-1.4.2.min.js HTTP/1.1" 200 72205
172.17.0.120 - - [03/Jan/2021:09:35:51 +0800] "GET /xingrg/javascript/jquery_easy_ui/jquery.easyui.min.js HTTP/1.1" 200 213662
172.17.0.120 - - [03/Jan/2021:09:35:51 +0800] "GET /xingrg/javascript/jquery_easy_ui/easyui-lang-zh_CN.js HTTP/1.1" 200 1900
172.17.0.120 - - [03/Jan/2021:09:35:51 +0800] "GET /xingrg/javascript/jquery.form.js HTTP/1.1" 200 23110
172.17.0.120 - - [03/Jan/2021:09:35:51 +0800] "GET /xingrg/javascript/jquery.utils.js HTTP/1.1" 200 11805
172.17.0.120 - - [03/Jan/2021:09:35:51 +0800] "GET /xingrg/javascript/jquery.timers.js HTTP/1.1" 200 3532
172.17.0.120 - - [03/Jan/2021:09:35:51 +0800] "GET /favicon.ico HTTP/1.1" 404 -
172.17.0.120 - - [03/Jan/2021:09:35:51 +0800] "GET /xingrg/javascript/jquery_easy_ui/themes/icons/settle_new.png HTTP/1.1" 200 826
172.17.0.120 - - [03/Jan/2021:09:35:51 +0800] "GET /xingrg/images/blue/navBackgound.jpg HTTP/1.1" 200 12378
172.17.0.120 - - [03/Jan/2021:09:35:51 +0800] "POST /xingrg/all/common/load_tree.html?tree=area_rest_tree_json&manage=1 HTTP/1.1" 200 3344
172.17.0.120 - - [03/Jan/2021:09:35:51 +0800] "GET /xingrg/all/function/internal_message.html?_=1609637751422&CODE_STATE=count HTTP/1.1" 200 11
172.17.0.120 - - [03/Jan/2021:09:35:51 +0800] "GET /xingrg/check_reg.html?_=1609637751423 HTTP/1.1" 200 22
172.17.0.120 - - [03/Jan/2021:09:35:51 +0800] "GET /xingrg/images/blue/pingpu.png HTTP/1.1" 200 231
172.17.0.120 - - [03/Jan/2021:09:35:51 +0800] "GET /xingrg/javascript/jquery_easy_ui/themes/default/images/tabs_leftarrow.png HTTP/1.1" 200 389
172.17.0.120 - - [03/Jan/2021:09:35:51 +0800] "GET /xingrg/javascript/jquery_easy_ui/themes/default/images/tabs_rightarrow.png HTTP/1.1" 200 395
172.17.0.120 - - [03/Jan/2021:09:35:51 +0800] "GET /xingrg/javascript/jquery_easy_ui/themes/default/images/panel_tool_expand.gif HTTP/1.1" 200 247
172.17.0.120 - - [03/Jan/2021:09:35:51 +0800] "GET /xingrg/javascript/jquery_easy_ui/themes/default/images/panel_tool_collapse.gif HTTP/1.1" 200 246
172.17.0.120 - - [03/Jan/2021:09:35:51 +0800] "POST /xingrg/load_menu.html HTTP/1.1" 200 11408
172.17.0.120 - - [03/Jan/2021:09:35:51 +0800] "GET /xingrg/javascript/jquery_easy_ui/themes/default/images/tree_arrows.gif HTTP/1.1" 200 1043
172.17.0.120 - - [03/Jan/2021:09:35:51 +0800] "GET /xingrg/javascript/jquery_easy_ui/themes/default/images/tree_folder_open.gif HTTP/1.1" 200 956
172.17.0.120 - - [03/Jan/2021:09:35:51 +0800] "GET /xingrg/javascript/jquery_easy_ui/themes/icons/search_new.png HTTP/1.1" 200 586
172.17.0.120 - - [03/Jan/2021:09:35:51 +0800] "GET /xingrg/javascript/jquery_easy_ui/themes/icons/delivery_new.png HTTP/1.1" 200 700
172.17.0.120 - - [03/Jan/2021:09:35:51 +0800] "GET /xingrg/javascript/jquery_easy_ui/themes/icons/storage_new.png HTTP/1.1" 200 853
172.17.0.120 - - [03/Jan/2021:09:35:51 +0800] "GET /xingrg/javascript/jquery_easy_ui/themes/icons/checkout_new.png HTTP/1.1" 200 744
172.17.0.120 - - [03/Jan/2021:09:35:51 +0800] "GET /xingrg/javascript/jquery_easy_ui/themes/icons/forms_new.png HTTP/1.1" 200 350
172.17.0.120 - - [03/Jan/2021:09:35:51 +0800] "GET /xingrg/javascript/jquery_easy_ui/themes/icons/setting_new.png HTTP/1.1" 200 450
172.17.0.120 - - [03/Jan/2021:09:35:51 +0800] "GET /xingrg/javascript/jquery_easy_ui/themes/icons/systemset_new.png HTTP/1.1" 200 606
172.17.0.120 - - [03/Jan/2021:09:35:51 +0800] "GET /xingrg/javascript/jquery_easy_ui/themes/default/images/tree_file.gif HTTP/1.1" 200 118
172.17.0.120 - - [03/Jan/2021:09:35:51 +0800] "GET /xingrg/javascript/jquery_easy_ui/themes/default/images/tree_folder.gif HTTP/1.1" 200 952
172.17.0.120 - - [03/Jan/2021:09:35:52 +0800] "GET /xingrg/javascript/jquery_easy_ui/themes/icons/area.png HTTP/1.1" 200 262
172.17.0.120 - - [03/Jan/2021:09:35:52 +0800] "GET /xingrg/javascript/jquery_easy_ui/themes/icons/manage.png HTTP/1.1" 200 696
172.17.0.120 - - [03/Jan/2021:09:35:52 +0800] "GET /xingrg/javascript/jquery_easy_ui/themes/icons/rest.png HTTP/1.1" 200 695
172.17.0.120 - - [03/Jan/2021:09:35:52 +0800] "GET /xingrg/javascript/jquery_easy_ui/themes/default/images/button_a_bg.gif HTTP/1.1" 200 1194
172.17.0.120 - - [03/Jan/2021:09:35:52 +0800] "GET /xingrg/javascript/jquery_easy_ui/themes/default/images/button_span_bg.gif HTTP/1.1" 200 2061
172.17.0.120 - - [03/Jan/2021:09:35:52 +0800] "GET /xingrg/javascript/jquery_easy_ui/themes/icons/ok.png HTTP/1.1" 200 883
172.17.0.120 - - [03/Jan/2021:09:35:52 +0800] "GET /xingrg/javascript/jquery_easy_ui/themes/default/images/panel_title.png HTTP/1.1" 200 266
172.17.0.120 - - [03/Jan/2021:09:35:52 +0800] "GET /xingrg/javascript/jquery_easy_ui/themes/default/images/panel_tools.gif HTTP/1.1" 200 737
172.17.0.120 - - [03/Jan/2021:09:35:56 +0800] "GET /xingrg/images/control/ajaxLoader.gif HTTP/1.1" 200 4659
172.17.0.120 - - [03/Jan/2021:09:35:56 +0800] "POST /xingrg/all/user/operate.html HTTP/1.1" 200 36
172.17.0.120 - - [03/Jan/2021:09:35:56 +0800] "GET /xingrg/index.html?sysBaseUrl=http%3A%2F%2F172.17.0.8%3A18081%2Fxingrg%2F&costTime=42×tamp=1609637751227 HTTP/1.1" 200 17454
172.17.0.120 - - [03/Jan/2021:09:35:56 +0800] "GET /xingrg/javascript/jquery_easy_ui/themes/default/easyui.css HTTP/1.1" 304 -
172.17.0.120 - - [03/Jan/2021:09:35:56 +0800] "GET /xingrg/javascript/jquery_easy_ui/themes/icon.css HTTP/1.1" 304 -
172.17.0.120 - - [03/Jan/2021:09:35:56 +0800] "GET /xingrg/css/form.css HTTP/1.1" 304 -
172.17.0.120 - - [03/Jan/2021:09:35:56 +0800] "GET /xingrg/javascript/jquery-1.4.2.min.js HTTP/1.1" 304 -
172.17.0.120 - - [03/Jan/2021:09:35:56 +0800] "GET /xingrg/javascript/jquery_easy_ui/jquery.easyui.min.js HTTP/1.1" 304 -
172.17.0.120 - - [03/Jan/2021:09:35:56 +0800] "GET /xingrg/javascript/jquery_easy_ui/easyui-lang-zh_CN.js HTTP/1.1" 304 -
172.17.0.120 - - [03/Jan/2021:09:35:56 +0800] "GET /xingrg/javascript/jquery.form.js HTTP/1.1" 304 -
172.17.0.120 - - [03/Jan/2021:09:35:56 +0800] "GET /xingrg/javascript/jquery.utils.js HTTP/1.1" 304 -
172.17.0.120 - - [03/Jan/2021:09:35:56 +0800] "GET /xingrg/javascript/jquery.timers.js HTTP/1.1" 304 -
172.17.0.120 - - [03/Jan/2021:09:35:56 +0800] "GET /xingrg/images/blue/jxLogo.png HTTP/1.1" 304 -
172.17.0.120 - - [03/Jan/2021:09:35:56 +0800] "GET /xingrg/images/blue/navBackgound.jpg HTTP/1.1" 304 -
172.17.0.120 - - [03/Jan/2021:09:35:56 +0800] "GET /xingrg/javascript/jquery_easy_ui/themes/icons/settle_new.png HTTP/1.1" 304 -
172.17.0.120 - - [03/Jan/2021:09:35:56 +0800] "POST /xingrg/all/common/load_tree.html?tree=area_rest_tree_json&manage=1 HTTP/1.1" 200 3344
172.17.0.120 - - [03/Jan/2021:09:35:56 +0800] "GET /xingrg/all/function/internal_message.html?_=1609637756627&CODE_STATE=count HTTP/1.1" 200 11
172.17.0.120 - - [03/Jan/2021:09:35:56 +0800] "GET /xingrg/check_reg.html?_=1609637756628 HTTP/1.1" 200 22
172.17.0.120 - - [03/Jan/2021:09:35:56 +0800] "GET /xingrg/javascript/jquery_easy_ui/themes/default/images/tabs_leftarrow.png HTTP/1.1" 304 -
172.17.0.120 - - [03/Jan/2021:09:35:56 +0800] "GET /xingrg/javascript/jquery_easy_ui/themes/default/images/panel_tool_expand.gif HTTP/1.1" 304 -
172.17.0.120 - - [03/Jan/2021:09:35:56 +0800] "GET /xingrg/javascript/jquery_easy_ui/themes/default/images/panel_tool_collapse.gif HTTP/1.1" 304 -
172.17.0.120 - - [03/Jan/2021:09:35:56 +0800] "GET /xingrg/javascript/jquery_easy_ui/themes/default/images/tabs_rightarrow.png HTTP/1.1" 304 -
172.17.0.120 - - [03/Jan/2021:09:35:56 +0800] "GET /xingrg/images/blue/pingpu.png HTTP/1.1" 304 -
172.17.0.120 - - [03/Jan/2021:09:35:56 +0800] "POST /xingrg/load_menu.html HTTP/1.1" 200 9924
172.17.0.120 - - [03/Jan/2021:09:35:57 +0800] "GET /xingrg/kc/buy/buy_main.html HTTP/1.1" 200 12377
172.17.0.120 - - [03/Jan/2021:09:35:57 +0800] "GET /xingrg/javascript/jquery_easy_ui/themes/default/images/tabs_close.gif HTTP/1.1" 200 829
172.17.0.120 - - [03/Jan/2021:09:35:57 +0800] "GET /xingrg/css/blue.css HTTP/1.1" 200 15949
172.17.0.120 - - [03/Jan/2021:09:35:57 +0800] "GET /xingrg/css/new_ie.css HTTP/1.1" 404 1036
172.17.0.120 - - [03/Jan/2021:09:35:57 +0800] "GET /xingrg/javascript/jquery_ui/themes/humanity/humanity.css HTTP/1.1" 200 27801
172.17.0.120 - - [03/Jan/2021:09:35:57 +0800] "GET /xingrg/javascript/pic_change.js HTTP/1.1" 200 4739
172.17.0.120 - - [03/Jan/2021:09:35:57 +0800] "GET /xingrg/javascript/ToolTips.js HTTP/1.1" 200 5615
172.17.0.120 - - [03/Jan/2021:09:35:57 +0800] "GET /xingrg/javascript/myfunction.js HTTP/1.1" 200 24559
172.17.0.120 - - [03/Jan/2021:09:35:57 +0800] "GET /xingrg/javascript/jquery_ui/jquery-ui.min.js HTTP/1.1" 200 186181
172.17.0.120 - - [03/Jan/2021:09:35:57 +0800] "GET /xingrg/images/blue/button/cgxqd.gif HTTP/1.1" 200 2619
172.17.0.120 - - [03/Jan/2021:09:35:57 +0800] "GET /xingrg/images/blue/button/cgydd.gif HTTP/1.1" 200 2712
172.17.0.120 - - [03/Jan/2021:09:35:57 +0800] "GET /xingrg/images/blue/button/cgshd.gif HTTP/1.1" 200 2618
172.17.0.120 - - [03/Jan/2021:09:35:57 +0800] "GET /xingrg/images/blue/button/cgfkd.gif HTTP/1.1" 200 2075
172.17.0.120 - - [03/Jan/2021:09:35:57 +0800] "GET /xingrg/images/blue/button/kc.gif HTTP/1.1" 200 2160
172.17.0.120 - - [03/Jan/2021:09:35:57 +0800] "GET /xingrg/images/blue/button/ckthd.gif HTTP/1.1" 200 2045
172.17.0.120 - - [03/Jan/2021:09:35:57 +0800] "GET /xingrg/images/blue/pic_form2.gif HTTP/1.1" 200 1853
172.17.0.120 - - [03/Jan/2021:09:35:57 +0800] "GET /xingrg/images/blue/button/down_ah.jpg HTTP/1.1" 200 1732
172.17.0.120 - - [03/Jan/2021:09:35:57 +0800] "GET /xingrg/images/blue/button/right_ah.jpg HTTP/1.1" 200 1744
172.17.0.120 - - [03/Jan/2021:09:35:57 +0800] "GET /xingrg/javascript/jquery_ui/themes/humanity/images/ui-bg_inset-soft_100_f4f0ec_1x100.png HTTP/1.1" 200 141
172.17.0.120 - - [03/Jan/2021:09:35:57 +0800] "GET /xingrg/images/blue/bg_dotted.jpg HTTP/1.1" 200 319
172.17.0.120 - - [03/Jan/2021:09:35:57 +0800] "GET /xingrg/javascript/jquery_ui/themes/humanity/images/ui-bg_glass_70_ede4d4_1x400.png HTTP/1.1" 200 161
172.17.0.120 - - [03/Jan/2021:09:35:57 +0800] "GET /xingrg/javascript/jquery_ui/themes/humanity/images/ui-iconsnew.jpg HTTP/1.1" 200 337
172.17.0.120 - - [03/Jan/2021:09:35:57 +0800] "GET /xingrg/javascript/jquery_ui/themes/humanity/images/ui-icons_ffffff_256x240.png HTTP/1.1" 200 4369
172.17.0.120 - - [03/Jan/2021:09:35:57 +0800] "GET /xingrg/javascript/jquery_ui/themes/humanity/images/ui-icons_c47a23_256x240.png HTTP/1.1" 200 5355
172.17.0.120 - - [03/Jan/2021:09:35:58 +0800] "GET /xingrg/images/yd/bt.gif HTTP/1.1" 404 1040
172.17.0.120 - - [03/Jan/2021:09:35:58 +0800] "GET /xingrg/kc/buy/cgsh_order_list.html HTTP/1.1" 200 45882
172.17.0.120 - - [03/Jan/2021:09:35:58 +0800] "GET /xingrg/css/base.css HTTP/1.1" 200 2811
172.17.0.120 - - [03/Jan/2021:09:35:58 +0800] "GET /xingrg/css/site.css HTTP/1.1" 200 7541
172.17.0.120 - - [03/Jan/2021:09:35:58 +0800] "GET /xingrg/javascript/jquery_tools/datebox.css HTTP/1.1" 200 2597
172.17.0.120 - - [03/Jan/2021:09:35:58 +0800] "GET /xingrg/javascript/easyui/themes/default/easyui.css HTTP/1.1" 200 30432
172.17.0.120 - - [03/Jan/2021:09:35:58 +0800] "GET /xingrg/javascript/easyui/themes/icon.css HTTP/1.1" 200 4483
172.17.0.120 - - [03/Jan/2021:09:35:58 +0800] "GET /xingrg/javascript/auto/jquery.autocomplete.css HTTP/1.1" 200 587
172.17.0.120 - - [03/Jan/2021:09:35:58 +0800] "GET /xingrg/javascript/jquery_tools/fix.css HTTP/1.1" 200 1702
172.17.0.120 - - [03/Jan/2021:09:35:58 +0800] "GET /xingrg/javascript/jquery_tools/table.css HTTP/1.1" 200 1032
172.17.0.120 - - [03/Jan/2021:09:35:58 +0800] "GET /xingrg/javascript/jquery_tools/jquery.tools.min.js HTTP/1.1" 200 138801
172.17.0.120 - - [03/Jan/2021:09:35:58 +0800] "GET /xingrg/javascript/jquery_tools/jquery.tools.extend.js HTTP/1.1" 200 15385
172.17.0.120 - - [03/Jan/2021:09:35:58 +0800] "GET /xingrg/javascript/jquery_tools/jquery.tools.hotkey.js HTTP/1.1" 200 3242
172.17.0.120 - - [03/Jan/2021:09:35:58 +0800] "GET /xingrg/javascript/jquery_tools/jquery.tools.table.js HTTP/1.1" 200 6994
172.17.0.120 - - [03/Jan/2021:09:35:58 +0800] "GET /xingrg/javascript/jquery_tools/list_manager.js HTTP/1.1" 200 3652
172.17.0.120 - - [03/Jan/2021:09:35:58 +0800] "GET /xingrg/javascript/auto/jquery.autocomplete.js HTTP/1.1" 200 21624
172.17.0.120 - - [03/Jan/2021:09:35:58 +0800] "GET /xingrg/javascript/easyui/easyloader.js HTTP/1.1" 200 5975
172.17.0.120 - - [03/Jan/2021:09:35:58 +0800] "GET /xingrg/javascript/jquery.cookie.js HTTP/1.1" 200 5513
172.17.0.120 - - [03/Jan/2021:09:35:58 +0800] "GET /xingrg/javascript/print/LodopFuncs.js HTTP/1.1" 200 5121
172.17.0.120 - - [03/Jan/2021:09:35:58 +0800] "GET /xingrg/javascript/easyui/themes/icons/edit_add_new.png HTTP/1.1" 200 2997
172.17.0.120 - - [03/Jan/2021:09:35:58 +0800] "GET /xingrg/javascript/easyui/themes/icons/cance_new.png HTTP/1.1" 200 3986
172.17.0.120 - - [03/Jan/2021:09:35:58 +0800] "GET /xingrg/javascript/easyui/themes/icons/check_new.png HTTP/1.1" 200 3224
172.17.0.120 - - [03/Jan/2021:09:35:58 +0800] "GET /xingrg/javascript/easyui/themes/icons/uncheck_new.png HTTP/1.1" 200 3197
172.17.0.120 - - [03/Jan/2021:09:35:58 +0800] "GET /xingrg/javascript/easyui/themes/icons/field_new.png HTTP/1.1" 200 1097
172.17.0.120 - - [03/Jan/2021:09:35:58 +0800] "GET /xingrg/javascript/easyui/themes/icons/import_new.png HTTP/1.1" 200 1247
172.17.0.120 - - [03/Jan/2021:09:35:59 +0800] "GET /xingrg/javascript/easyui/plugins/jquery.parser.js HTTP/1.1" 200 1142
172.17.0.120 - - [03/Jan/2021:09:35:59 +0800] "POST /xingrg/kc/buy/cgsh_list_operate.html HTTP/1.1" 200 876
58.37.230.33 - - [03/Jan/2021:09:36:00 +0800] "GET /xingrg/all/function/internal_message.html?_=1609637764324&CODE_STATE=getMsg HTTP/1.1" 200 27
172.17.0.120 - - [03/Jan/2021:09:36:01 +0800] "GET /xingrg/javascript/jquery_tools/images/next.gif HTTP/1.1" 404 1086
172.17.0.120 - - [03/Jan/2021:09:36:01 +0800] "GET /xingrg/javascript/jquery_tools/images/prev.gif HTTP/1.1" 404 1086
116.228.172.94 - - [03/Jan/2021:09:36:02 +0800] "GET /xingrg/kc/buy/cgsh_order_operate.html?command=get_materiel&rest_code=00107&code=00101008296&supplier_code=00100006&order_time=2021-01-03 HTTP/1.1" 200 416
101.228.166.101 - - [03/Jan/2021:09:36:05 +0800] "GET /xingrg/all/function/internal_message.html?_=1609637767321&CODE_STATE=getMsg HTTP/1.1" 200 27
172.17.0.120 - - [03/Jan/2021:09:36:05 +0800] "POST /xingrg/kc/buy/cgsh_list_operate.html HTTP/1.1" 200 2854
116.228.172.94 - - [03/Jan/2021:09:36:05 +0800] "POST /xingrg/kc/buy/cgsh_order_operate.html HTTP/1.1" 200 2065
180.156.237.57 - - [03/Jan/2021:09:36:06 +0800] "GET /xingrg/all/function/internal_message.html?_=1609637766717&CODE_STATE=getMsg HTTP/1.1" 200 27
180.156.237.57 - - [03/Jan/2021:09:36:06 +0800] "GET /xingrg/check_reg.html?_=1609637766720 HTTP/1.1" 200 22
180.175.150.119 - - [03/Jan/2021:09:36:06 +0800] "POST /xingrg/kc/buy/cgsh_list_operate.html HTTP/1.1" 200 5937
120.253.135.82 - - [03/Jan/2021:09:36:07 +0800] "GET /xingrg/all/function/internal_message.html?_=1609637525968&CODE_STATE=getMsg HTTP/1.1" 200 27
172.17.0.108 - - [03/Jan/2021:09:36:07 +0800] "GET /xingrg/all/function/internal_message.html?_=1609637768109&CODE_STATE=getMsg HTTP/1.1" 200 27
172.17.0.120 - - [03/Jan/2021:09:36:07 +0800] "POST /xingrg/kc/buy/cgsh_list_operate.html HTTP/1.1" 200 577
172.17.0.120 - - [03/Jan/2021:09:36:07 +0800] "GET /xingrg/javascript/easyui/themes/default/images/button_plain_hover.png HTTP/1.1" 200 144
58.35.244.144 - - [03/Jan/2021:09:36:09 +0800] "GET /xingrg/all/function/internal_message.html?_=1609637927102&CODE_STATE=getMsg HTTP/1.1" 200 27
172.17.0.120 - - [03/Jan/2021:09:36:09 +0800] "POST /xingrg/kc/buy/cgsh_list_operate.html HTTP/1.1" 200 4
172.17.0.120 - - [03/Jan/2021:09:36:11 +0800] "POST /xingrg/kc/buy/cgsh_list_operate.html HTTP/1.1" 200 2829
116.228.172.94 - - [03/Jan/2021:09:36:13 +0800] "GET /xingrg/kc/buy/cgsh_order_operate.html?command=get_materiel&rest_code=00107&code=00101008353&supplier_code=00100006&order_time=2021-01-03 HTTP/1.1" 200 408
180.175.150.119 - - [03/Jan/2021:09:36:15 +0800] "POST /xingrg/kc/buy/cgsh_list_operate.html HTTP/1.1" 200 6037
116.228.172.94 - - [03/Jan/2021:09:36:17 +0800] "GET /xingrg/all/function/internal_message.html?_=1609637777996&CODE_STATE=getMsg HTTP/1.1" 200 27
222.69.134.95 - - [03/Jan/2021:09:36:17 +0800] "GET /xingrg/all/function/internal_message.html?_=1609637778185&CODE_STATE=getMsg HTTP/1.1" 200 27
180.175.150.119 - - [03/Jan/2021:09:36:18 +0800] "GET /xingrg/all/function/internal_message.html?_=1609638015924&CODE_STATE=getMsg HTTP/1.1" 200 27
180.175.150.119 - - [03/Jan/2021:09:36:21 +0800] "POST /xingrg/kc/buy/cgsh_list_operate.html HTTP/1.1" 200 5999
172.17.0.120 - - [03/Jan/2021:09:36:21 +0800] "POST /xingrg/all/user/operate.html HTTP/1.1" 200 36
172.17.0.120 - - [03/Jan/2021:09:36:21 +0800] "GET /xingrg/index.html?sysBaseUrl=http%3A%2F%2F172.17.0.8%3A18081%2Fxingrg%2F&costTime=42×tamp=1609637751227 HTTP/1.1" 200 17454
172.17.0.120 - - [03/Jan/2021:09:36:21 +0800] "GET /xingrg/javascript/jquery_easy_ui/themes/default/easyui.css HTTP/1.1" 304 -
172.17.0.120 - - [03/Jan/2021:09:36:21 +0800] "GET /xingrg/javascript/jquery_easy_ui/themes/icon.css HTTP/1.1" 304 -
172.17.0.120 - - [03/Jan/2021:09:36:21 +0800] "GET /xingrg/css/form.css HTTP/1.1" 304 -
172.17.0.120 - - [03/Jan/2021:09:36:21 +0800] "GET /xingrg/javascript/jquery-1.4.2.min.js HTTP/1.1" 304 -
172.17.0.120 - - [03/Jan/2021:09:36:21 +0800] "GET /xingrg/javascript/jquery_easy_ui/jquery.easyui.min.js HTTP/1.1" 304 -
172.17.0.120 - - [03/Jan/2021:09:36:21 +0800] "GET /xingrg/javascript/jquery_easy_ui/easyui-lang-zh_CN.js HTTP/1.1" 304 -
172.17.0.120 - - [03/Jan/2021:09:36:21 +0800] "GET /xingrg/javascript/jquery.form.js HTTP/1.1" 304 -
172.17.0.120 - - [03/Jan/2021:09:36:21 +0800] "GET /xingrg/javascript/jquery.utils.js HTTP/1.1" 304 -
172.17.0.120 - - [03/Jan/2021:09:36:21 +0800] "GET /xingrg/javascript/jquery.timers.js HTTP/1.1" 304 -
172.17.0.120 - - [03/Jan/2021:09:36:21 +0800] "GET /xingrg/images/blue/jxLogo.png HTTP/1.1" 304 -
172.17.0.120 - - [03/Jan/2021:09:36:21 +0800] "GET /xingrg/images/blue/navBackgound.jpg HTTP/1.1" 304 -
172.17.0.120 - - [03/Jan/2021:09:36:21 +0800] "GET /xingrg/javascript/jquery_easy_ui/themes/icons/settle_new.png HTTP/1.1" 304 -
172.17.0.120 - - [03/Jan/2021:09:36:21 +0800] "POST /xingrg/all/common/load_tree.html?tree=area_rest_tree_json&manage=1 HTTP/1.1" 200 3344
172.17.0.120 - - [03/Jan/2021:09:36:21 +0800] "GET /xingrg/all/function/internal_message.html?_=1609637781493&CODE_STATE=count HTTP/1.1" 200 11
172.17.0.120 - - [03/Jan/2021:09:36:21 +0800] "GET /xingrg/check_reg.html?_=1609637781494 HTTP/1.1" 200 22
172.17.0.120 - - [03/Jan/2021:09:36:21 +0800] "GET /xingrg/javascript/jquery_easy_ui/themes/default/images/tabs_rightarrow.png HTTP/1.1" 304 -
172.17.0.120 - - [03/Jan/2021:09:36:21 +0800] "GET /xingrg/javascript/jquery_easy_ui/themes/default/images/panel_tool_expand.gif HTTP/1.1" 304 -
172.17.0.120 - - [03/Jan/2021:09:36:21 +0800] "GET /xingrg/javascript/jquery_easy_ui/themes/default/images/panel_tool_collapse.gif HTTP/1.1" 304 -
172.17.0.120 - - [03/Jan/2021:09:36:21 +0800] "GET /xingrg/images/blue/pingpu.png HTTP/1.1" 304 -
172.17.0.120 - - [03/Jan/2021:09:36:21 +0800] "GET /xingrg/javascript/jquery_easy_ui/themes/default/images/tabs_leftarrow.png HTTP/1.1" 304 -
172.17.0.120 - - [03/Jan/2021:09:36:21 +0800] "POST /xingrg/load_menu.html HTTP/1.1" 200 9924
172.17.0.120 - - [03/Jan/2021:09:36:21 +0800] "GET /xingrg/javascript/jquery_easy_ui/themes/default/images/tabs_active.png HTTP/1.1" 200 2894
172.17.0.115 - - [03/Jan/2021:09:36:23 +0800] "GET /xingrg/all/function/internal_message.html?_=1609637785305&CODE_STATE=getMsg HTTP/1.1" 200 27
222.69.134.95 - - [03/Jan/2021:09:36:24 +0800] "POST /xingrg/kc/buy/cgsh_order_operate.html HTTP/1.1" 200 37
172.17.0.120 - - [03/Jan/2021:09:36:25 +0800] "POST /xingrg/all/user/operate.html HTTP/1.1" 200 36
172.17.0.120 - - [03/Jan/2021:09:36:25 +0800] "GET /xingrg/index.html?sysBaseUrl=http%3A%2F%2F172.17.0.8%3A18081%2Fxingrg%2F&costTime=42×tamp=1609637751227 HTTP/1.1" 200 17448
172.17.0.120 - - [03/Jan/2021:09:36:25 +0800] "GET /xingrg/javascript/jquery_easy_ui/themes/default/easyui.css HTTP/1.1" 304 -
172.17.0.120 - - [03/Jan/2021:09:36:25 +0800] "GET /xingrg/javascript/jquery_easy_ui/themes/icon.css HTTP/1.1" 304 -
172.17.0.120 - - [03/Jan/2021:09:36:25 +0800] "GET /xingrg/css/form.css HTTP/1.1" 304 -
172.17.0.120 - - [03/Jan/2021:09:36:25 +0800] "GET /xingrg/javascript/jquery-1.4.2.min.js HTTP/1.1" 304 -
172.17.0.120 - - [03/Jan/2021:09:36:25 +0800] "GET /xingrg/javascript/jquery_easy_ui/jquery.easyui.min.js HTTP/1.1" 304 -
172.17.0.120 - - [03/Jan/2021:09:36:25 +0800] "GET /xingrg/javascript/jquery_easy_ui/easyui-lang-zh_CN.js HTTP/1.1" 304 -
172.17.0.120 - - [03/Jan/2021:09:36:25 +0800] "GET /xingrg/javascript/jquery.form.js HTTP/1.1" 304 -
172.17.0.120 - - [03/Jan/2021:09:36:25 +0800] "GET /xingrg/javascript/jquery.utils.js HTTP/1.1" 304 -
172.17.0.120 - - [03/Jan/2021:09:36:25 +0800] "GET /xingrg/javascript/jquery.timers.js HTTP/1.1" 304 -
172.17.0.120 - - [03/Jan/2021:09:36:25 +0800] "GET /xingrg/images/blue/jxLogo.png HTTP/1.1" 304 -
172.17.0.120 - - [03/Jan/2021:09:36:25 +0800] "GET /xingrg/javascript/jquery_easy_ui/themes/icons/settle_new.png HTTP/1.1" 304 -
172.17.0.120 - - [03/Jan/2021:09:36:25 +0800] "GET /xingrg/images/blue/navBackgound.jpg HTTP/1.1" 304 -
172.17.0.120 - - [03/Jan/2021:09:36:25 +0800] "POST /xingrg/all/common/load_tree.html?tree=area_rest_tree_json&manage=1 HTTP/1.1" 200 3344
172.17.0.120 - - [03/Jan/2021:09:36:25 +0800] "GET /xingrg/all/function/internal_message.html?_=1609637785406&CODE_STATE=count HTTP/1.1" 200 11
172.17.0.120 - - [03/Jan/2021:09:36:25 +0800] "GET /xingrg/check_reg.html?_=1609637785407 HTTP/1.1" 200 22
172.17.0.120 - - [03/Jan/2021:09:36:25 +0800] "GET /xingrg/javascript/jquery_easy_ui/themes/default/images/panel_tool_expand.gif HTTP/1.1" 304 -
172.17.0.120 - - [03/Jan/2021:09:36:25 +0800] "GET /xingrg/javascript/jquery_easy_ui/themes/default/images/panel_tool_collapse.gif HTTP/1.1" 304 -
172.17.0.120 - - [03/Jan/2021:09:36:25 +0800] "GET /xingrg/images/blue/pingpu.png HTTP/1.1" 304 -
172.17.0.120 - - [03/Jan/2021:09:36:25 +0800] "GET /xingrg/javascript/jquery_easy_ui/themes/default/images/tabs_leftarrow.png HTTP/1.1" 304 -
172.17.0.120 - - [03/Jan/2021:09:36:25 +0800] "GET /xingrg/javascript/jquery_easy_ui/themes/default/images/tabs_rightarrow.png HTTP/1.1" 304 -
172.17.0.120 - - [03/Jan/2021:09:36:25 +0800] "POST /xingrg/load_menu.html HTTP/1.1" 200 9924
116.228.172.94 - - [03/Jan/2021:09:36:25 +0800] "GET /xingrg/kc/buy/cgsh_order_operate.html?command=get_materiel&rest_code=00107&code=00101008213&supplier_code=00100006&order_time=2021-01-03 HTTP/1.1" 200 412
172.17.0.120 - - [03/Jan/2021:09:36:27 +0800] "GET /xingrg/kc/base/base_main.html HTTP/1.1" 200 12132
172.17.0.120 - - [03/Jan/2021:09:36:27 +0800] "GET /xingrg/images/blue/button/wlsy.gif HTTP/1.1" 200 2536
172.17.0.120 - - [03/Jan/2021:09:36:27 +0800] "GET /xingrg/images/blue/button/ckpd.gif HTTP/1.1" 200 2051
172.17.0.120 - - [03/Jan/2021:09:36:27 +0800] "GET /xingrg/images/blue/button/ckdb.gif HTTP/1.1" 200 1950
172.17.0.120 - - [03/Jan/2021:09:36:27 +0800] "GET /xingrg/images/blue/button/yddb.gif HTTP/1.1" 200 2040
172.17.0.120 - - [03/Jan/2021:09:36:27 +0800] "GET /xingrg/images/blue/button/down.jpg HTTP/1.1" 200 1560
172.17.0.120 - - [03/Jan/2021:09:36:27 +0800] "GET /xingrg/images/blue/button/top_left.jpg HTTP/1.1" 200 1632
172.17.0.120 - - [03/Jan/2021:09:36:27 +0800] "GET /xingrg/images/blue/button/left_ah.jpg HTTP/1.1" 200 1643
172.17.0.120 - - [03/Jan/2021:09:36:27 +0800] "GET /xingrg/images/blue/button/top_right.jpg HTTP/1.1" 200 1708
172.17.0.120 - - [03/Jan/2021:09:36:27 +0800] "GET /xingrg/images/blue/button/bottom_left.jpg HTTP/1.1" 200 1524
172.17.0.120 - - [03/Jan/2021:09:36:27 +0800] "GET /xingrg/images/blue/button/bottom_right.jpg HTTP/1.1" 200 1436
222.69.134.95 - - [03/Jan/2021:09:36:28 +0800] "POST /xingrg/kc/buy/cgsh_order_operate.html HTTP/1.1" 200 12
180.175.150.119 - - [03/Jan/2021:09:36:28 +0800] "POST /xingrg/kc/buy/cgsh_list_operate.html HTTP/1.1" 200 6053
172.17.0.120 - - [03/Jan/2021:09:36:28 +0800] "GET /xingrg/kc/base/check_order_list.html HTTP/1.1" 200 16700
172.17.0.120 - - [03/Jan/2021:09:36:28 +0800] "POST /xingrg/kc/base/check_list_operate.html HTTP/1.1" 200 4688
222.69.134.95 - - [03/Jan/2021:09:36:30 +0800] "GET /xingrg/kc/buy/cgsh_order_info.html?code=212021010301009 HTTP/1.1" 200 56332
172.17.0.120 - - [03/Jan/2021:09:36:30 +0800] "GET /xingrg/kc/base/check_order_info.html?code=452020123100260 HTTP/1.1" 200 26368
172.17.0.120 - - [03/Jan/2021:09:36:30 +0800] "GET /xingrg/css/table.css HTTP/1.1" 200 3684
172.17.0.120 - - [03/Jan/2021:09:36:30 +0800] "GET /xingrg/dwr/interface/AjaxComOrderService.js HTTP/1.1" 200 18264
172.17.0.120 - - [03/Jan/2021:09:36:30 +0800] "GET /xingrg/dwr/interface/AjaxCheckService.js HTTP/1.1" 200 14003
172.17.0.120 - - [03/Jan/2021:09:36:30 +0800] "GET /xingrg/dwr/engine.js HTTP/1.1" 200 43631
172.17.0.120 - - [03/Jan/2021:09:36:30 +0800] "GET /xingrg/dwr/util.js HTTP/1.1" 200 35990
172.17.0.120 - - [03/Jan/2021:09:36:30 +0800] "GET /xingrg/javascript/AjaxInfoList.js HTTP/1.1" 200 3774
172.17.0.120 - - [03/Jan/2021:09:36:30 +0800] "GET /xingrg/javascript/Calendar.js HTTP/1.1" 200 31561
172.17.0.120 - - [03/Jan/2021:09:36:30 +0800] "GET /xingrg/javascript/convert.js HTTP/1.1" 200 1239
172.17.0.120 - - [03/Jan/2021:09:36:30 +0800] "GET /xingrg/javascript/print/kc_print.js HTTP/1.1" 200 11415
172.17.0.120 - - [03/Jan/2021:09:36:31 +0800] "GET /xingrg/javascript/jquery_easy_ui/themes/icons/print.png HTTP/1.1" 200 1057
172.17.0.120 - - [03/Jan/2021:09:36:31 +0800] "GET /xingrg/javascript/jquery_easy_ui/themes/default/images/menu_downarrow.png HTTP/1.1" 200 173
172.17.0.120 - - [03/Jan/2021:09:36:31 +0800] "GET /xingrg/javascript/jquery_easy_ui/themes/icons/cance_new.png HTTP/1.1" 200 3986
172.17.0.120 - - [03/Jan/2021:09:36:31 +0800] "GET /xingrg/javascript/jquery_easy_ui/themes/icons/back_new.png HTTP/1.1" 200 3414
172.17.0.120 - - [03/Jan/2021:09:36:31 +0800] "GET /xingrg/javascript/jquery_easy_ui/themes/icons/check_new.png HTTP/1.1" 200 3224
222.69.134.95 - - [03/Jan/2021:09:36:31 +0800] "GET /xingrg/javascript/easyui/themes/default/validatebox.css HTTP/1.1" 404 1104
222.69.134.95 - - [03/Jan/2021:09:36:31 +0800] "POST /xingrg/kc/buy/cgsh_order_operate.html HTTP/1.1" 200 2396
172.17.0.120 - - [03/Jan/2021:09:36:31 +0800] "POST /xingrg/dwr/call/plaincall/AjaxCheckService.loadOrderItems.dwr HTTP/1.1" 200 1653
172.17.0.120 - - [03/Jan/2021:09:36:31 +0800] "GET /xingrg/javascript/jquery_easy_ui/themes/icons/no.png HTTP/1.1" 200 922
172.17.0.120 - - [03/Jan/2021:09:36:32 +0800] "GET /xingrg/javascript/jquery_easy_ui/themes/default/images/button_plain_hover.png HTTP/1.1" 200 252
222.69.134.95 - - [03/Jan/2021:09:36:32 +0800] "GET /xingrg/kc/print/load_data.html?order_code=212021010301009&kc_code=cgsh&condition= HTTP/1.1" 200 1412
180.175.150.119 - - [03/Jan/2021:09:36:33 +0800] "POST /xingrg/kc/buy/cgsh_list_operate.html HTTP/1.1" 200 6001
180.162.223.42 - - [03/Jan/2021:09:36:33 +0800] "GET /xingrg/all/function/internal_message.html?_=1609637794862&CODE_STATE=getMsg HTTP/1.1" 200 27
172.17.0.120 - - [03/Jan/2021:09:36:34 +0800] "POST /xingrg/dwr/call/plaincall/AjaxCheckService.checkOrder.dwr HTTP/1.1" 200 78
172.17.0.120 - - [03/Jan/2021:09:36:35 +0800] "GET /xingrg/kc/base/check_order_info.html?code=452020123100260 HTTP/1.1" 200 23090
172.17.0.120 - - [03/Jan/2021:09:36:35 +0800] "GET /xingrg/dwr/interface/AjaxComOrderService.js HTTP/1.1" 200 18264
172.17.0.120 - - [03/Jan/2021:09:36:35 +0800] "GET /xingrg/dwr/interface/AjaxCheckService.js HTTP/1.1" 200 14003
172.17.0.120 - - [03/Jan/2021:09:36:35 +0800] "GET /xingrg/dwr/engine.js HTTP/1.1" 200 43631
180.156.237.57 - - [03/Jan/2021:09:36:35 +0800] "GET /xingrg/all/function/internal_message.html?_=1609637776935&CODE_STATE=getMsg HTTP/1.1" 200 27
172.17.0.120 - - [03/Jan/2021:09:36:35 +0800] "GET /xingrg/javascript/jquery_easy_ui/themes/icons/exam_new.png HTTP/1.1" 200 756
172.17.0.120 - - [03/Jan/2021:09:36:35 +0800] "GET /xingrg/javascript/jquery_easy_ui/themes/icons/uncheck_new.png HTTP/1.1" 200 3197
172.17.0.120 - - [03/Jan/2021:09:36:35 +0800] "POST /xingrg/dwr/call/plaincall/AjaxCheckService.loadOrderItems.dwr HTTP/1.1" 200 941
172.17.0.120 - - [03/Jan/2021:09:36:37 +0800] "GET /xingrg/kc/base/check_order_info.html?code=452020123100261 HTTP/1.1" 200 26368
172.17.0.120 - - [03/Jan/2021:09:36:37 +0800] "GET /xingrg/dwr/interface/AjaxComOrderService.js HTTP/1.1" 200 18264
172.17.0.120 - - [03/Jan/2021:09:36:37 +0800] "GET /xingrg/dwr/interface/AjaxCheckService.js HTTP/1.1" 200 14003
172.17.0.120 - - [03/Jan/2021:09:36:37 +0800] "GET /xingrg/dwr/engine.js HTTP/1.1" 200 43631
101.228.166.101 - - [03/Jan/2021:09:36:37 +0800] "GET /xingrg/all/function/internal_message.html?_=1609637791119&CODE_STATE=getMsg HTTP/1.1" 200 27
172.17.0.120 - - [03/Jan/2021:09:36:37 +0800] "POST /xingrg/dwr/call/plaincall/AjaxCheckService.loadOrderItems.dwr HTTP/1.1" 200 13745
180.175.150.119 - - [03/Jan/2021:09:36:38 +0800] "POST /xingrg/kc/buy/cgsh_list_operate.html HTTP/1.1" 200 5947
172.17.0.120 - - [03/Jan/2021:09:36:40 +0800] "POST /xingrg/dwr/call/plaincall/AjaxCheckService.checkOrder.dwr HTTP/1.1" 200 78
172.17.0.120 - - [03/Jan/2021:09:36:41 +0800] "GET /xingrg/kc/base/check_order_info.html?code=452020123100261 HTTP/1.1" 200 23090
172.17.0.120 - - [03/Jan/2021:09:36:41 +0800] "GET /xingrg/dwr/interface/AjaxCheckService.js HTTP/1.1" 200 14003
172.17.0.120 - - [03/Jan/2021:09:36:41 +0800] "GET /xingrg/dwr/interface/AjaxComOrderService.js HTTP/1.1" 200 18264
172.17.0.120 - - [03/Jan/2021:09:36:41 +0800] "GET /xingrg/dwr/engine.js HTTP/1.1" 200 43631
172.17.0.120 - - [03/Jan/2021:09:36:41 +0800] "POST /xingrg/dwr/call/plaincall/AjaxCheckService.loadOrderItems.dwr HTTP/1.1" 200 6604
116.228.172.94 - - [03/Jan/2021:09:36:43 +0800] "GET /xingrg/kc/buy/cgsh_order_operate.html?command=get_materiel&rest_code=00107&code=00101008344&supplier_code=00100006&order_time=2021-01-03 HTTP/1.1" 200 412
172.17.0.120 - - [03/Jan/2021:09:36:43 +0800] "POST /xingrg/kc/base/check_list_operate.html HTTP/1.1" 200 4179
58.35.244.144 - - [03/Jan/2021:09:36:44 +0800] "GET /xingrg/all/function/internal_message.html?_=1609637800696&CODE_STATE=getMsg HTTP/1.1" 302 -
172.17.0.123 - - [03/Jan/2021:09:36:44 +0800] "GET /xingrg/all/function/internal_message.html?_=1609637709898&CODE_STATE=getMsg HTTP/1.1" 200 27
172.17.0.120 - - [03/Jan/2021:09:36:45 +0800] "GET /xingrg/kc/base/check_order_info.html?code=452020123100280 HTTP/1.1" 200 26368
172.17.0.120 - - [03/Jan/2021:09:36:45 +0800] "GET /xingrg/dwr/interface/AjaxComOrderService.js HTTP/1.1" 200 18264
172.17.0.120 - - [03/Jan/2021:09:36:45 +0800] "GET /xingrg/dwr/interface/AjaxCheckService.js HTTP/1.1" 200 14003
172.17.0.120 - - [03/Jan/2021:09:36:45 +0800] "GET /xingrg/dwr/engine.js HTTP/1.1" 200 43631
180.175.150.119 - - [03/Jan/2021:09:36:45 +0800] "POST /xingrg/kc/buy/cgsh_list_operate.html HTTP/1.1" 200 5989
172.17.0.120 - - [03/Jan/2021:09:36:45 +0800] "POST /xingrg/dwr/call/plaincall/AjaxCheckService.loadOrderItems.dwr HTTP/1.1" 200 83899
172.17.200.101 - - [03/Jan/2021:09:36:46 +0800] "GET /xingrg/all/function/internal_message.html?_=1609637807888&CODE_STATE=getMsg HTTP/1.1" 200 27
172.17.0.120 - - [03/Jan/2021:09:36:48 +0800] "POST /xingrg/dwr/call/plaincall/AjaxCheckService.checkOrder.dwr HTTP/1.1" 200 78
180.175.150.119 - - [03/Jan/2021:09:36:49 +0800] "POST /xingrg/kc/buy/cgsh_list_operate.html HTTP/1.1" 200 203
172.17.0.120 - - [03/Jan/2021:09:36:49 +0800] "GET /xingrg/kc/base/check_order_info.html?code=452020123100280 HTTP/1.1" 200 23094
172.17.0.120 - - [03/Jan/2021:09:36:49 +0800] "GET /xingrg/dwr/interface/AjaxComOrderService.js HTTP/1.1" 200 18264
172.17.0.120 - - [03/Jan/2021:09:36:49 +0800] "GET /xingrg/dwr/interface/AjaxCheckService.js HTTP/1.1" 200 14003
172.17.0.120 - - [03/Jan/2021:09:36:49 +0800] "GET /xingrg/dwr/engine.js HTTP/1.1" 200 43631
172.17.0.120 - - [03/Jan/2021:09:36:50 +0800] "POST /xingrg/dwr/call/plaincall/AjaxCheckService.loadOrderItems.dwr HTTP/1.1" 200 38996
172.17.0.120 - - [03/Jan/2021:09:36:52 +0800] "GET /xingrg/kc/base/check_order_info.html?code=452020123100259 HTTP/1.1" 200 26368
172.17.0.120 - - [03/Jan/2021:09:36:52 +0800] "GET /xingrg/dwr/interface/AjaxComOrderService.js HTTP/1.1" 200 18264
172.17.0.120 - - [03/Jan/2021:09:36:52 +0800] "GET /xingrg/dwr/interface/AjaxCheckService.js HTTP/1.1" 200 14003
172.17.0.120 - - [03/Jan/2021:09:36:52 +0800] "GET /xingrg/dwr/engine.js HTTP/1.1" 200 43631
172.17.0.120 - - [03/Jan/2021:09:36:52 +0800] "POST /xingrg/dwr/call/plaincall/AjaxCheckService.loadOrderItems.dwr HTTP/1.1" 200 1639
172.17.0.120 - - [03/Jan/2021:09:36:55 +0800] "POST /xingrg/dwr/call/plaincall/AjaxCheckService.checkOrder.dwr HTTP/1.1" 200 78
172.17.0.120 - - [03/Jan/2021:09:36:56 +0800] "GET /xingrg/kc/base/check_order_info.html?code=452020123100259 HTTP/1.1" 200 23094
172.17.0.120 - - [03/Jan/2021:09:36:56 +0800] "GET /xingrg/dwr/interface/AjaxComOrderService.js HTTP/1.1" 200 18264
172.17.0.120 - - [03/Jan/2021:09:36:56 +0800] "GET /xingrg/dwr/interface/AjaxCheckService.js HTTP/1.1" 200 14003
172.17.0.120 - - [03/Jan/2021:09:36:56 +0800] "GET /xingrg/dwr/engine.js HTTP/1.1" 200 43631
172.17.0.120 - - [03/Jan/2021:09:36:56 +0800] "POST /xingrg/dwr/call/plaincall/AjaxCheckService.loadOrderItems.dwr HTTP/1.1" 200 927
180.175.150.119 - - [03/Jan/2021:09:36:57 +0800] "GET /xingrg/kc/buy/cgsh_order_list.html HTTP/1.1" 200 45641
180.175.150.119 - - [03/Jan/2021:09:36:58 +0800] "POST /xingrg/kc/buy/cgsh_list_operate.html HTTP/1.1" 200 1666
172.17.0.120 - - [03/Jan/2021:09:36:58 +0800] "POST /xingrg/kc/base/check_list_operate.html HTTP/1.1" 200 3525
116.228.172.94 - - [03/Jan/2021:09:36:58 +0800] "GET /xingrg/kc/buy/cgsh_order_operate.html?command=get_materiel&rest_code=00107&code=00101008543&supplier_code=00100006&order_time=2021-01-03 HTTP/1.1" 200 396
180.175.150.119 - - [03/Jan/2021:09:37:00 +0800] "POST /xingrg/kc/buy/cgsh_list_operate.html HTTP/1.1" 200 573
58.37.230.33 - - [03/Jan/2021:09:37:00 +0800] "GET /xingrg/all/function/internal_message.html?_=1609637824306&CODE_STATE=getMsg HTTP/1.1" 200 27
172.17.0.108 - - [03/Jan/2021:09:37:01 +0800] "GET /xingrg/kc/report/report_main.html HTTP/1.1" 200 7325
172.17.0.108 - - [03/Jan/2021:09:37:01 +0800] "GET /xingrg/javascript/pic_change.js HTTP/1.1" 200 4739
172.17.0.108 - - [03/Jan/2021:09:37:01 +0800] "GET /xingrg/javascript/jquery_ui/themes/humanity/humanity.css HTTP/1.1" 200 27801
172.17.0.108 - - [03/Jan/2021:09:37:01 +0800] "GET /xingrg/javascript/json2.js HTTP/1.1" 200 11259
180.175.150.119 - - [03/Jan/2021:09:37:02 +0800] "GET /xingrg/kc/buy/cgsh_order_info.html?code=212021010301007 HTTP/1.1" 200 61336
172.17.0.120 - - [03/Jan/2021:09:37:02 +0800] "POST /xingrg/kc/base/check_list_operate.html HTTP/1.1" 200 5412
172.17.0.108 - - [03/Jan/2021:09:37:02 +0800] "GET /xingrg/kc/base/crk_hz.html HTTP/1.1" 200 11227
180.175.150.119 - - [03/Jan/2021:09:37:02 +0800] "GET /xingrg/javascript/easyui/themes/default/validatebox.css HTTP/1.1" 404 1104
172.17.0.108 - - [03/Jan/2021:09:37:03 +0800] "POST /xingrg/kc/cost/cost_operate.html?command=get_base_tree HTTP/1.1" 200 898
172.17.0.108 - - [03/Jan/2021:09:37:03 +0800] "POST /xingrg/all/common/load_tree.html?tree=materiel_sort_tree_json HTTP/1.1" 200 8666
180.175.150.119 - - [03/Jan/2021:09:37:03 +0800] "POST /xingrg/kc/buy/cgsh_order_operate.html HTTP/1.1" 200 9814
172.17.0.108 - - [03/Jan/2021:09:37:03 +0800] "GET /xingrg/javascript/jquery_easy_ui/themes/icons/print.png HTTP/1.1" 200 1057
172.17.0.108 - - [03/Jan/2021:09:37:03 +0800] "GET /xingrg/javascript/jquery_easy_ui/themes/default/images/menu_downarrow.png HTTP/1.1" 200 173
172.17.0.108 - - [03/Jan/2021:09:37:03 +0800] "GET /xingrg/javascript/jquery_easy_ui/themes/default/images/menu.gif HTTP/1.1" 200 834
172.17.0.108 - - [03/Jan/2021:09:37:03 +0800] "GET /xingrg/javascript/jquery_easy_ui/themes/default/images/combo_arrow_dot.gif HTTP/1.1" 200 79
172.17.0.108 - - [03/Jan/2021:09:37:03 +0800] "GET /xingrg/javascript/jquery_easy_ui/themes/default/images/tree_checkbox_0.gif HTTP/1.1" 200 168
101.228.166.101 - - [03/Jan/2021:09:37:05 +0800] "GET /xingrg/all/function/internal_message.html?_=1609637827334&CODE_STATE=getMsg HTTP/1.1" 200 27
172.17.0.108 - - [03/Jan/2021:09:37:05 +0800] "GET /xingrg/all/common/get_data_part.html?part=previousMonth&_=1609637826337 HTTP/1.1" 200 41
180.156.237.57 - - [03/Jan/2021:09:37:06 +0800] "GET /xingrg/all/function/internal_message.html?_=1609637826712&CODE_STATE=getMsg HTTP/1.1" 200 27
172.17.0.120 - - [03/Jan/2021:09:37:07 +0800] "POST /xingrg/kc/base/check_list_operate.html HTTP/1.1" 200 3525
172.17.0.108 - - [03/Jan/2021:09:37:07 +0800] "GET /xingrg/all/function/internal_message.html?_=1609637828090&CODE_STATE=getMsg HTTP/1.1" 200 27
120.253.135.82 - - [03/Jan/2021:09:37:07 +0800] "GET /xingrg/all/function/internal_message.html?_=1609637585989&CODE_STATE=getMsg HTTP/1.1" 200 27
172.17.0.108 - - [03/Jan/2021:09:37:07 +0800] "GET /xingrg/kc/base/crk_hz.html?_=1609637828463&command=get_cost_id&end_date=2020-12-31&start_date=2020-12-01 HTTP/1.1" 200 51
172.17.0.108 - - [03/Jan/2021:09:37:07 +0800] "GET /xingrg/all/report/report_query.html?isQuery=1&onlyBody=1&rh=99999&rw=1800&varString=start:20201201,cost_id:2933,mid:20201201&fileName=kc/base/crk_hz_type_by_base.xml&queryString=&queryText=ÈÕÆÚ£º2020-12-01ÖÁ2020-12-31&tableQueryString=materiel_table$sp1$$sp$before_table$sp1$$sp$crk_table$sp1$order_day%20between%2020201201%20and%2020201231 HTTP/1.1" 200 49288
172.17.0.108 - - [03/Jan/2021:09:37:07 +0800] "GET /xingrg/javascript/multi_select/jqueryMultiSelect.css HTTP/1.1" 200 951
172.17.0.108 - - [03/Jan/2021:09:37:07 +0800] "GET /xingrg/javascript/calendar/timePicker.css HTTP/1.1" 200 523
172.17.0.108 - - [03/Jan/2021:09:37:07 +0800] "GET /xingrg/javascript/bigrid/fix.css HTTP/1.1" 200 1702
172.17.0.108 - - [03/Jan/2021:09:37:07 +0800] "GET /xingrg/dwr/interface/AjaxReportQueryService.js HTTP/1.1" 200 13203
172.17.0.108 - - [03/Jan/2021:09:37:07 +0800] "GET /xingrg/dwr/engine.js HTTP/1.1" 200 43631
172.17.0.108 - - [03/Jan/2021:09:37:07 +0800] "GET /xingrg/javascript/jqueryMultiSelect.js HTTP/1.1" 200 11866
