172.17.0.108 - - [03/Jan/2021:09:40:07 +0800] "GET /xingrg/all/function/internal_message.html?_=1609638008088&CODE_STATE=getMsg HTTP/1.1" 200 27
120.253.135.82 - - [03/Jan/2021:09:40:07 +0800] "GET /xingrg/all/function/internal_message.html?_=1609637766023&CODE_STATE=getMsg HTTP/1.1" 200 27
180.175.150.119 - - [03/Jan/2021:09:40:07 +0800] "GET /xingrg/kc/buy/cgsh_order_info.html?code=212021010301007 HTTP/1.1" 200 56228
116.228.172.94 - - [03/Jan/2021:09:40:08 +0800] "GET /xingrg/kc/buy/cgsh_order_operate.html?command=get_materiel&rest_code=00107&code=00102003298&supplier_code=00100006&order_time=2021-01-03 HTTP/1.1" 200 409
172.17.0.120 - - [03/Jan/2021:09:40:08 +0800] "POST /xingrg/dwr/call/plaincall/AjaxCheckService.setItemNumber.dwr HTTP/1.1" 200 77
180.175.150.119 - - [03/Jan/2021:09:40:08 +0800] "GET /xingrg/javascript/easyui/themes/default/validatebox.css HTTP/1.1" 404 1104
180.175.150.119 - - [03/Jan/2021:09:40:09 +0800] "POST /xingrg/kc/buy/cgsh_order_operate.html HTTP/1.1" 200 9563
172.17.0.120 - - [03/Jan/2021:09:40:09 +0800] "POST /xingrg/dwr/call/plaincall/AjaxCheckService.setItemNumber.dwr HTTP/1.1" 200 77
58.35.244.144 - - [03/Jan/2021:09:40:09 +0800] "GET /xingrg/all/function/internal_message.html?_=1609638167103&CODE_STATE=getMsg HTTP/1.1" 200 27
101.228.166.101 - - [03/Jan/2021:09:40:09 +0800] "GET /xingrg/check_reg.html?_=1609638011574 HTTP/1.1" 200 22
61.129.7.235 - - [03/Jan/2021:09:40:09 +0800] "GET /xingrg/all/function/internal_message.html?_=1609637944277&CODE_STATE=getMsg HTTP/1.1" 302 -
172.17.0.120 - - [03/Jan/2021:09:40:10 +0800] "POST /xingrg/dwr/call/plaincall/AjaxCheckService.setItemNumber.dwr HTTP/1.1" 200 77
172.17.0.123 - - [03/Jan/2021:09:40:11 +0800] "POST /xingrg/dwr/call/plaincall/AjaxCheckService.setItemNumber.dwr HTTP/1.1" 200 76
172.17.0.120 - - [03/Jan/2021:09:40:11 +0800] "POST /xingrg/dwr/call/plaincall/AjaxCheckService.setItemNumber.dwr HTTP/1.1" 200 77
172.17.0.120 - - [03/Jan/2021:09:40:12 +0800] "POST /xingrg/dwr/call/plaincall/AjaxCheckService.setItemNumber.dwr HTTP/1.1" 200 77
180.175.150.119 - - [03/Jan/2021:09:40:12 +0800] "GET /xingrg/kc/print/load_config.html?kc_code=cgsh HTTP/1.1" 200 1845
180.175.150.119 - - [03/Jan/2021:09:40:12 +0800] "GET /xingrg/kc/print/load_data.html?order_code=212021010301007&kc_code=cgsh&condition= HTTP/1.1" 200 4087
172.17.0.120 - - [03/Jan/2021:09:40:13 +0800] "POST /xingrg/dwr/call/plaincall/AjaxCheckService.setItemNumber.dwr HTTP/1.1" 200 77
172.17.0.123 - - [03/Jan/2021:09:40:13 +0800] "POST /xingrg/dwr/call/plaincall/AjaxCheckService.setItemNumber.dwr HTTP/1.1" 200 76
61.129.7.235 - - [03/Jan/2021:09:40:14 +0800] "GET /xingrg/login.html HTTP/1.1" 200 7641
172.17.0.120 - - [03/Jan/2021:09:40:14 +0800] "POST /xingrg/dwr/call/plaincall/AjaxCheckService.setItemNumber.dwr HTTP/1.1" 200 77
172.17.0.123 - - [03/Jan/2021:09:40:14 +0800] "POST /xingrg/dwr/call/plaincall/AjaxCheckService.setItemNumber.dwr HTTP/1.1" 200 76
180.156.237.57 - - [03/Jan/2021:09:40:15 +0800] "GET /xingrg/kc/buy/cgsh_order_operate.html?command=get_materiel&rest_code=00151&code=00101009031&supplier_code=00100424&order_time=2021-01-03 HTTP/1.1" 200 409
172.17.0.120 - - [03/Jan/2021:09:40:15 +0800] "POST /xingrg/dwr/call/plaincall/AjaxCheckService.setItemNumber.dwr HTTP/1.1" 200 77
172.17.0.120 - - [03/Jan/2021:09:40:16 +0800] "POST /xingrg/dwr/call/plaincall/AjaxCheckService.setItemNumber.dwr HTTP/1.1" 200 77
222.69.134.95 - - [03/Jan/2021:09:40:17 +0800] "GET /xingrg/all/function/internal_message.html?_=1609638018192&CODE_STATE=getMsg HTTP/1.1" 200 27
116.228.172.94 - - [03/Jan/2021:09:40:18 +0800] "GET /xingrg/kc/buy/cgsh_order_operate.html?command=get_materiel&rest_code=00107&code=00101009007&supplier_code=00100006&order_time=2021-01-03 HTTP/1.1" 200 408
116.228.172.94 - - [03/Jan/2021:09:40:18 +0800] "GET /xingrg/all/function/internal_message.html?_=1609638019445&CODE_STATE=getMsg HTTP/1.1" 200 27
180.175.150.119 - - [03/Jan/2021:09:40:20 +0800] "GET /xingrg/all/function/internal_message.html?_=1609638257458&CODE_STATE=getMsg HTTP/1.1" 200 27
172.17.0.120 - - [03/Jan/2021:09:40:20 +0800] "POST /xingrg/dwr/call/plaincall/AjaxCheckService.setItemNumber.dwr HTTP/1.1" 200 77
172.17.0.120 - - [03/Jan/2021:09:40:21 +0800] "POST /xingrg/dwr/call/plaincall/AjaxCheckService.setItemNumber.dwr HTTP/1.1" 200 77
116.228.172.94 - - [03/Jan/2021:09:40:21 +0800] "POST /xingrg/kc/buy/cgsh_order_operate.html HTTP/1.1" 200 2065
172.17.0.123 - - [03/Jan/2021:09:40:23 +0800] "POST /xingrg/dwr/call/plaincall/AjaxCheckService.checkOrder.dwr HTTP/1.1" 200 78
172.17.0.120 - - [03/Jan/2021:09:40:23 +0800] "POST /xingrg/dwr/call/plaincall/AjaxCheckService.setItemNumber.dwr HTTP/1.1" 200 77
172.17.0.115 - - [03/Jan/2021:09:40:23 +0800] "GET /xingrg/all/function/internal_message.html?_=1609638025367&CODE_STATE=getMsg HTTP/1.1" 200 27
172.17.0.120 - - [03/Jan/2021:09:40:23 +0800] "POST /xingrg/dwr/call/plaincall/AjaxCheckService.setItemNumber.dwr HTTP/1.1" 200 77
172.17.0.123 - - [03/Jan/2021:09:40:24 +0800] "GET /xingrg/kc/base/check_order_info.html?code=452021010300037 HTTP/1.1" 200 23094
172.17.0.123 - - [03/Jan/2021:09:40:24 +0800] "GET /xingrg/dwr/interface/AjaxComOrderService.js HTTP/1.1" 200 18264
172.17.0.123 - - [03/Jan/2021:09:40:24 +0800] "GET /xingrg/dwr/interface/AjaxCheckService.js HTTP/1.1" 200 14003
172.17.0.123 - - [03/Jan/2021:09:40:24 +0800] "GET /xingrg/dwr/engine.js HTTP/1.1" 200 43631
172.17.0.123 - - [03/Jan/2021:09:40:24 +0800] "POST /xingrg/dwr/call/plaincall/AjaxCheckService.loadOrderItems.dwr HTTP/1.1" 200 1530
172.17.0.120 - - [03/Jan/2021:09:40:25 +0800] "POST /xingrg/dwr/call/plaincall/AjaxCheckService.setItemNumber.dwr HTTP/1.1" 200 77
172.17.0.120 - - [03/Jan/2021:09:40:25 +0800] "GET /xingrg/all/function/internal_message.html?_=1609638025468&CODE_STATE=getMsg HTTP/1.1" 200 27
172.17.0.120 - - [03/Jan/2021:09:40:27 +0800] "POST /xingrg/dwr/call/plaincall/AjaxCheckService.setItemNumber.dwr HTTP/1.1" 200 77
172.17.0.120 - - [03/Jan/2021:09:40:28 +0800] "POST /xingrg/dwr/call/plaincall/AjaxCheckService.setItemNumber.dwr HTTP/1.1" 200 77
172.17.0.120 - - [03/Jan/2021:09:40:29 +0800] "POST /xingrg/dwr/call/plaincall/AjaxCheckService.setItemNumber.dwr HTTP/1.1" 200 77
172.17.0.120 - - [03/Jan/2021:09:40:31 +0800] "POST /xingrg/dwr/call/plaincall/AjaxCheckService.setItemNumber.dwr HTTP/1.1" 200 77
172.17.0.120 - - [03/Jan/2021:09:40:32 +0800] "POST /xingrg/dwr/call/plaincall/AjaxCheckService.setItemNumber.dwr HTTP/1.1" 200 77
116.228.172.94 - - [03/Jan/2021:09:40:32 +0800] "GET /xingrg/kc/buy/cgsh_order_operate.html?command=get_materiel&rest_code=00107&code=00101009013&supplier_code=00100006&order_time=2021-01-03 HTTP/1.1" 200 420
180.162.223.42 - - [03/Jan/2021:09:40:33 +0800] "GET /xingrg/all/function/internal_message.html?_=1609638034761&CODE_STATE=getMsg HTTP/1.1" 200 27
172.17.0.120 - - [03/Jan/2021:09:40:34 +0800] "POST /xingrg/dwr/call/plaincall/AjaxCheckService.setItemNumber.dwr HTTP/1.1" 200 77
172.17.0.120 - - [03/Jan/2021:09:40:35 +0800] "POST /xingrg/dwr/call/plaincall/AjaxCheckService.setItemNumber.dwr HTTP/1.1" 200 77
180.156.237.57 - - [03/Jan/2021:09:40:35 +0800] "GET /xingrg/all/function/internal_message.html?_=1609638016981&CODE_STATE=getMsg HTTP/1.1" 200 27
172.17.0.120 - - [03/Jan/2021:09:40:36 +0800] "POST /xingrg/dwr/call/plaincall/AjaxCheckService.setItemNumber.dwr HTTP/1.1" 200 77
172.17.0.120 - - [03/Jan/2021:09:40:37 +0800] "POST /xingrg/dwr/call/plaincall/AjaxCheckService.setItemNumber.dwr HTTP/1.1" 200 77
101.228.166.101 - - [03/Jan/2021:09:40:37 +0800] "GET /xingrg/all/function/internal_message.html?_=1609638031122&CODE_STATE=getMsg HTTP/1.1" 200 27
172.17.200.101 - - [03/Jan/2021:09:40:38 +0800] "GET /xingrg/all/function/internal_message.html?_=1609638039038&CODE_STATE=getMsg HTTP/1.1" 200 27
172.17.0.120 - - [03/Jan/2021:09:40:38 +0800] "POST /xingrg/dwr/call/plaincall/AjaxCheckService.setItemNumber.dwr HTTP/1.1" 200 77
180.156.237.57 - - [03/Jan/2021:09:40:39 +0800] "GET /xingrg/kc/buy/cgsh_order_operate.html?command=get_materiel&rest_code=00151&code=00101009057&supplier_code=00100424&order_time=2021-01-03 HTTP/1.1" 200 408
172.17.0.120 - - [03/Jan/2021:09:40:39 +0800] "POST /xingrg/dwr/call/plaincall/AjaxCheckService.setItemNumber.dwr HTTP/1.1" 200 77
172.17.0.120 - - [03/Jan/2021:09:40:41 +0800] "POST /xingrg/dwr/call/plaincall/AjaxCheckService.setItemNumber.dwr HTTP/1.1" 200 78
58.35.244.144 - - [03/Jan/2021:09:40:44 +0800] "GET /xingrg/all/function/internal_message.html?_=1609638040780&CODE_STATE=getMsg HTTP/1.1" 302 -
172.17.0.123 - - [03/Jan/2021:09:40:44 +0800] "GET /xingrg/all/function/internal_message.html?_=1609637949739&CODE_STATE=getMsg HTTP/1.1" 200 27
114.86.227.213 - - [03/Jan/2021:09:40:46 +0800] "GET /xingrg/all/function/internal_message.html?_=1609638074667&CODE_STATE=getMsg HTTP/1.1" 200 27
222.69.134.95 - - [03/Jan/2021:09:40:46 +0800] "GET /xingrg/kc/buy/cgsh_order_operate.html?command=get_materiel&rest_code=00149&code=00101009049&supplier_code=00100201&order_time=2021-01-03 HTTP/1.1" 200 416
180.156.237.57 - - [03/Jan/2021:09:40:48 +0800] "GET /xingrg/all/function/internal_message.html?_=1609638049010&CODE_STATE=getMsg HTTP/1.1" 200 27
116.228.172.94 - - [03/Jan/2021:09:40:50 +0800] "GET /xingrg/kc/buy/cgsh_order_operate.html?command=get_materiel&rest_code=00107&code=00101015066&supplier_code=00100006&order_time=2021-01-03 HTTP/1.1" 200 413
172.17.0.120 - - [03/Jan/2021:09:40:50 +0800] "POST /xingrg/dwr/call/plaincall/AjaxCheckService.checkOrder.dwr HTTP/1.1" 200 80
180.175.150.119 - - [03/Jan/2021:09:40:51 +0800] "GET /xingrg/kc/buy/cgsh_order_add.html HTTP/1.1" 200 61337
172.17.0.120 - - [03/Jan/2021:09:40:51 +0800] "GET /xingrg/kc/base/check_order_info.html?code=452020123100449 HTTP/1.1" 200 23098
172.17.0.120 - - [03/Jan/2021:09:40:51 +0800] "GET /xingrg/dwr/interface/AjaxComOrderService.js HTTP/1.1" 200 18264
172.17.0.120 - - [03/Jan/2021:09:40:51 +0800] "GET /xingrg/dwr/interface/AjaxCheckService.js HTTP/1.1" 200 14003
172.17.0.120 - - [03/Jan/2021:09:40:51 +0800] "GET /xingrg/dwr/engine.js HTTP/1.1" 200 43631
172.17.0.120 - - [03/Jan/2021:09:40:52 +0800] "POST /xingrg/dwr/call/plaincall/AjaxCheckService.loadOrderItems.dwr HTTP/1.1" 200 39419
180.175.150.119 - - [03/Jan/2021:09:40:53 +0800] "POST /xingrg/kc/buy/cgsh_order_operate.html HTTP/1.1" 200 8245
180.175.150.119 - - [03/Jan/2021:09:40:53 +0800] "GET /xingrg/javascript/easyui/themes/default/validatebox.css HTTP/1.1" 404 1104
58.37.230.33 - - [03/Jan/2021:09:41:00 +0800] "GET /xingrg/all/function/internal_message.html?_=1609638064225&CODE_STATE=getMsg HTTP/1.1" 200 27
101.228.166.101 - - [03/Jan/2021:09:41:06 +0800] "GET /xingrg/all/function/internal_message.html?_=1609638067949&CODE_STATE=getMsg HTTP/1.1" 200 27
172.17.0.108 - - [03/Jan/2021:09:41:07 +0800] "GET /xingrg/all/function/internal_message.html?_=1609638068097&CODE_STATE=getMsg HTTP/1.1" 200 27
120.253.135.82 - - [03/Jan/2021:09:41:07 +0800] "GET /xingrg/all/function/internal_message.html?_=1609637826048&CODE_STATE=getMsg HTTP/1.1" 200 27
222.69.134.95 - - [03/Jan/2021:09:41:08 +0800] "GET /xingrg/kc/buy/cgsh_order_operate.html?command=get_materiel&rest_code=00149&code=00101009062&supplier_code=00100201&order_time=2021-01-03 HTTP/1.1" 200 412
58.35.244.144 - - [03/Jan/2021:09:41:09 +0800] "GET /xingrg/all/function/internal_message.html?_=1609638227101&CODE_STATE=getMsg HTTP/1.1" 200 27
222.69.134.95 - - [03/Jan/2021:09:41:17 +0800] "GET /xingrg/all/function/internal_message.html?_=1609638078193&CODE_STATE=getMsg HTTP/1.1" 200 27
180.162.223.42 - - [03/Jan/2021:09:41:18 +0800] "POST /xingrg/kc/buy/cgsh_order_operate.html HTTP/1.1" 200 37
116.228.172.94 - - [03/Jan/2021:09:41:19 +0800] "GET /xingrg/all/function/internal_message.html?_=1609638079423&CODE_STATE=getMsg HTTP/1.1" 200 27
222.69.134.95 - - [03/Jan/2021:09:41:19 +0800] "GET /xingrg/kc/buy/cgsh_order_operate.html?command=get_materiel&rest_code=00149&code=00101009021&supplier_code=00100201&order_time=2021-01-03 HTTP/1.1" 200 416
180.175.150.119 - - [03/Jan/2021:09:41:20 +0800] "GET /xingrg/all/function/internal_message.html?_=1609638317474&CODE_STATE=getMsg HTTP/1.1" 200 27
180.175.150.119 - - [03/Jan/2021:09:41:20 +0800] "GET /xingrg/css/images/panel_loading.gif HTTP/1.1" 304 -
180.175.150.119 - - [03/Jan/2021:09:41:20 +0800] "GET /xingrg/javascript/easyui/plugins/jquery.draggable.js HTTP/1.1" 304 -
180.175.150.119 - - [03/Jan/2021:09:41:20 +0800] "GET /xingrg/javascript/easyui/plugins/jquery.droppable.js HTTP/1.1" 304 -
180.175.150.119 - - [03/Jan/2021:09:41:21 +0800] "GET /xingrg/javascript/easyui/themes/default/tree.css HTTP/1.1" 404 1090
180.175.150.119 - - [03/Jan/2021:09:41:21 +0800] "GET /xingrg/javascript/easyui/plugins/jquery.tree.js HTTP/1.1" 304 -
180.175.150.119 - - [03/Jan/2021:09:41:21 +0800] "POST /xingrg/all/common/load_tree.html?tree=supplier_tree_json&isDelete=1 HTTP/1.1" 200 53432
180.162.223.42 - - [03/Jan/2021:09:41:22 +0800] "POST /xingrg/kc/buy/cgsh_order_operate.html HTTP/1.1" 200 43462
180.162.223.42 - - [03/Jan/2021:09:41:23 +0800] "GET /xingrg/kc/print/load_data.html?order_code=212021010300988&kc_code=cgsh&condition= HTTP/1.1" 200 16054
172.17.0.115 - - [03/Jan/2021:09:41:23 +0800] "GET /xingrg/all/function/internal_message.html?_=1609638085372&CODE_STATE=getMsg HTTP/1.1" 200 27
180.175.150.119 - - [03/Jan/2021:09:41:23 +0800] "GET /xingrg/javascript/easyui/themes/default/images/tree_arrows.gif HTTP/1.1" 304 -
180.175.150.119 - - [03/Jan/2021:09:41:23 +0800] "GET /xingrg/javascript/easyui/themes/default/images/tree_folder_open.gif HTTP/1.1" 304 -
180.175.150.119 - - [03/Jan/2021:09:41:23 +0800] "GET /xingrg/javascript/easyui/themes/default/images/tree_file.gif HTTP/1.1" 304 -
180.175.150.119 - - [03/Jan/2021:09:41:23 +0800] "GET /xingrg/javascript/easyui/themes/default/images/tree_folder.gif HTTP/1.1" 304 -
172.17.0.120 - - [03/Jan/2021:09:41:24 +0800] "POST /xingrg/kc/base/check_list_operate.html HTTP/1.1" 200 5318
172.17.0.120 - - [03/Jan/2021:09:41:25 +0800] "GET /xingrg/check_reg.html?_=1609638085414 HTTP/1.1" 200 22
172.17.0.120 - - [03/Jan/2021:09:41:25 +0800] "GET /xingrg/all/function/internal_message.html?_=1609638085445&CODE_STATE=getMsg HTTP/1.1" 200 27
222.69.134.95 - - [03/Jan/2021:09:41:32 +0800] "GET /xingrg/kc/buy/cgsh_order_operate.html?command=get_materiel&rest_code=00149&code=00101009011&supplier_code=00100201&order_time=2021-01-03 HTTP/1.1" 200 416
180.162.223.42 - - [03/Jan/2021:09:41:33 +0800] "GET /xingrg/all/function/internal_message.html?_=1609638094733&CODE_STATE=getMsg HTTP/1.1" 200 27
180.156.237.57 - - [03/Jan/2021:09:41:35 +0800] "GET /xingrg/all/function/internal_message.html?_=1609638077004&CODE_STATE=getMsg HTTP/1.1" 200 27
172.17.0.120 - - [03/Jan/2021:09:41:37 +0800] "POST /xingrg/kc/base/check_list_operate.html HTTP/1.1" 200 3192
101.228.166.101 - - [03/Jan/2021:09:41:37 +0800] "GET /xingrg/all/function/internal_message.html?_=1609638091124&CODE_STATE=getMsg HTTP/1.1" 200 27
172.17.200.101 - - [03/Jan/2021:09:41:38 +0800] "GET /xingrg/all/function/internal_message.html?_=1609638099039&CODE_STATE=getMsg HTTP/1.1" 200 27
116.228.172.94 - - [03/Jan/2021:09:41:41 +0800] "GET /xingrg/kc/buy/cgsh_order_operate.html?command=get_materiel&rest_code=00107&code=00101008084&supplier_code=00100006&order_time=2021-01-03 HTTP/1.1" 200 412
58.35.244.144 - - [03/Jan/2021:09:41:44 +0800] "GET /xingrg/all/function/internal_message.html?_=1609638100811&CODE_STATE=getMsg HTTP/1.1" 302 -
172.17.0.123 - - [03/Jan/2021:09:41:44 +0800] "GET /xingrg/all/function/internal_message.html?_=1609638009744&CODE_STATE=getMsg HTTP/1.1" 200 27
114.86.227.213 - - [03/Jan/2021:09:41:44 +0800] "GET /xingrg/all/function/internal_message.html?_=1609638134683&CODE_STATE=getMsg HTTP/1.1" 200 27
222.69.134.95 - - [03/Jan/2021:09:41:44 +0800] "POST /xingrg/kc/buy/cgsh_order_operate.html HTTP/1.1" 200 37
116.228.172.94 - - [03/Jan/2021:09:41:45 +0800] "POST /xingrg/kc/buy/cgsh_order_operate.html HTTP/1.1" 200 2065
180.156.237.57 - - [03/Jan/2021:09:41:48 +0800] "GET /xingrg/all/function/internal_message.html?_=1609638108990&CODE_STATE=getMsg HTTP/1.1" 200 27
222.69.134.95 - - [03/Jan/2021:09:41:50 +0800] "POST /xingrg/kc/buy/cgsh_order_operate.html HTTP/1.1" 200 12
222.69.134.95 - - [03/Jan/2021:09:41:51 +0800] "GET /xingrg/kc/buy/cgsh_order_info.html?code=212021010301011 HTTP/1.1" 200 56334
222.69.134.95 - - [03/Jan/2021:09:41:51 +0800] "GET /xingrg/javascript/easyui/themes/default/validatebox.css HTTP/1.1" 404 1104
222.69.134.95 - - [03/Jan/2021:09:41:52 +0800] "POST /xingrg/kc/buy/cgsh_order_operate.html HTTP/1.1" 200 2393
180.175.150.119 - - [03/Jan/2021:09:41:52 +0800] "GET /xingrg/kc/buy/cgsh_order_operate.html?command=get_materiel&rest_code=00102&code=00101015057&supplier_code=00100054&order_time=2021-01-03 HTTP/1.1" 200 408
222.69.134.95 - - [03/Jan/2021:09:41:54 +0800] "GET /xingrg/kc/print/load_data.html?order_code=212021010301011&kc_code=cgsh&condition= HTTP/1.1" 200 1403
116.228.172.94 - - [03/Jan/2021:09:41:55 +0800] "GET /xingrg/kc/buy/cgsh_order_operate.html?command=get_materiel&rest_code=00107&code=00101008270&supplier_code=00100006&order_time=2021-01-03 HTTP/1.1" 200 412
58.37.230.33 - - [03/Jan/2021:09:42:00 +0800] "GET /xingrg/all/function/internal_message.html?_=1609638124197&CODE_STATE=getMsg HTTP/1.1" 200 27
180.175.150.119 - - [03/Jan/2021:09:42:01 +0800] "GET /xingrg/kc/buy/cgsh_order_operate.html?command=get_materiel&rest_code=00102&code=00101015037&supplier_code=00100054&order_time=2021-01-03 HTTP/1.1" 200 412
101.228.166.101 - - [03/Jan/2021:09:42:06 +0800] "GET /xingrg/all/function/internal_message.html?_=1609638127964&CODE_STATE=getMsg HTTP/1.1" 200 27
172.17.0.108 - - [03/Jan/2021:09:42:07 +0800] "GET /xingrg/all/function/internal_message.html?_=1609638128104&CODE_STATE=getMsg HTTP/1.1" 200 27
120.253.135.82 - - [03/Jan/2021:09:42:07 +0800] "GET /xingrg/all/function/internal_message.html?_=1609637886050&CODE_STATE=getMsg HTTP/1.1" 200 27
58.35.244.144 - - [03/Jan/2021:09:42:09 +0800] "GET /xingrg/check_reg.html?_=1609638287119 HTTP/1.1" 200 22
58.35.244.144 - - [03/Jan/2021:09:42:09 +0800] "GET /xingrg/all/function/internal_message.html?_=1609638287117&CODE_STATE=getMsg HTTP/1.1" 200 27
180.175.150.119 - - [03/Jan/2021:09:42:12 +0800] "GET /xingrg/kc/buy/cgsh_order_operate.html?command=get_materiel&rest_code=00102&code=00101015042&supplier_code=00100054&order_time=2021-01-03 HTTP/1.1" 200 408
58.35.244.144 - - [03/Jan/2021:09:42:15 +0800] "GET /xingrg/kc/buy/cgsh_order_add.html HTTP/1.1" 200 61378
58.35.244.144 - - [03/Jan/2021:09:42:16 +0800] "POST /xingrg/kc/buy/cgsh_order_operate.html HTTP/1.1" 200 8245
58.35.244.144 - - [03/Jan/2021:09:42:16 +0800] "GET /xingrg/javascript/easyui/themes/default/validatebox.css HTTP/1.1" 404 1104
116.228.172.94 - - [03/Jan/2021:09:42:17 +0800] "GET /xingrg/check_reg.html?_=1609638138019 HTTP/1.1" 200 22
222.69.134.95 - - [03/Jan/2021:09:42:17 +0800] "GET /xingrg/all/function/internal_message.html?_=1609638138200&CODE_STATE=getMsg HTTP/1.1" 200 27
116.228.172.94 - - [03/Jan/2021:09:42:19 +0800] "GET /xingrg/all/function/internal_message.html?_=1609638139495&CODE_STATE=getMsg HTTP/1.1" 200 27
180.175.150.119 - - [03/Jan/2021:09:42:20 +0800] "GET /xingrg/all/function/internal_message.html?_=1609638377487&CODE_STATE=getMsg HTTP/1.1" 200 27
172.17.0.115 - - [03/Jan/2021:09:42:23 +0800] "GET /xingrg/all/function/internal_message.html?_=1609638145396&CODE_STATE=getMsg HTTP/1.1" 200 27
172.17.0.120 - - [03/Jan/2021:09:42:25 +0800] "GET /xingrg/all/function/internal_message.html?_=1609638145420&CODE_STATE=getMsg HTTP/1.1" 200 27
180.156.237.57 - - [03/Jan/2021:09:42:25 +0800] "GET /xingrg/check_reg.html?_=1609638126981 HTTP/1.1" 200 22
116.228.172.94 - - [03/Jan/2021:09:42:26 +0800] "POST /xingrg/kc/buy/cgsh_order_operate.html HTTP/1.1" 200 37
116.228.172.94 - - [03/Jan/2021:09:42:28 +0800] "POST /xingrg/kc/buy/cgsh_order_operate.html HTTP/1.1" 200 41677
58.37.230.33 - - [03/Jan/2021:09:42:28 +0800] "GET /xingrg/check_reg.html?_=1609638152415 HTTP/1.1" 200 22
180.162.223.42 - - [03/Jan/2021:09:42:33 +0800] "GET /xingrg/all/function/internal_message.html?_=1609638154711&CODE_STATE=getMsg HTTP/1.1" 200 27
180.156.237.57 - - [03/Jan/2021:09:42:35 +0800] "GET /xingrg/all/function/internal_message.html?_=1609638137009&CODE_STATE=getMsg HTTP/1.1" 200 27
101.228.166.101 - - [03/Jan/2021:09:42:37 +0800] "GET /xingrg/all/function/internal_message.html?_=1609638151122&CODE_STATE=getMsg HTTP/1.1" 200 27
172.17.200.101 - - [03/Jan/2021:09:42:38 +0800] "GET /xingrg/all/function/internal_message.html?_=1609638159044&CODE_STATE=getMsg HTTP/1.1" 200 27
114.86.227.213 - - [03/Jan/2021:09:42:43 +0800] "GET /xingrg/check_reg.html?_=1609638194671 HTTP/1.1" 200 22
114.86.227.213 - - [03/Jan/2021:09:42:43 +0800] "GET /xingrg/all/function/internal_message.html?_=1609638194672&CODE_STATE=getMsg HTTP/1.1" 200 27
58.35.244.144 - - [03/Jan/2021:09:42:44 +0800] "GET /xingrg/all/function/internal_message.html?_=1609638160823&CODE_STATE=getMsg HTTP/1.1" 302 -
172.17.0.123 - - [03/Jan/2021:09:42:44 +0800] "GET /xingrg/all/function/internal_message.html?_=1609638069746&CODE_STATE=getMsg HTTP/1.1" 200 27
180.175.150.119 - - [03/Jan/2021:09:42:47 +0800] "POST /xingrg/kc/buy/cgsh_order_operate.html HTTP/1.1" 200 37
180.156.237.57 - - [03/Jan/2021:09:42:48 +0800] "GET /xingrg/check_reg.html?_=1609638168963 HTTP/1.1" 200 22
180.156.237.57 - - [03/Jan/2021:09:42:48 +0800] "GET /xingrg/all/function/internal_message.html?_=1609638168966&CODE_STATE=getMsg HTTP/1.1" 200 27
180.175.150.119 - - [03/Jan/2021:09:42:50 +0800] "POST /xingrg/kc/buy/cgsh_order_operate.html HTTP/1.1" 200 12
180.175.150.119 - - [03/Jan/2021:09:42:51 +0800] "GET /xingrg/kc/buy/cgsh_order_info.html?code=212021010301012 HTTP/1.1" 200 56236
180.175.150.119 - - [03/Jan/2021:09:42:53 +0800] "GET /xingrg/javascript/easyui/themes/default/validatebox.css HTTP/1.1" 404 1104
180.175.150.119 - - [03/Jan/2021:09:42:53 +0800] "POST /xingrg/kc/buy/cgsh_order_operate.html HTTP/1.1" 200 3540
180.175.150.119 - - [03/Jan/2021:09:42:56 +0800] "GET /xingrg/kc/print/load_data.html?order_code=212021010301012&kc_code=cgsh&condition= HTTP/1.1" 200 1784
58.37.230.33 - - [03/Jan/2021:09:43:00 +0800] "GET /xingrg/all/function/internal_message.html?_=1609638184168&CODE_STATE=getMsg HTTP/1.1" 200 27
180.175.150.119 - - [03/Jan/2021:09:43:03 +0800] "GET /xingrg/kc/buy/cgsh_order_add.html HTTP/1.1" 200 61337
180.175.150.119 - - [03/Jan/2021:09:43:04 +0800] "POST /xingrg/kc/buy/cgsh_order_operate.html HTTP/1.1" 200 8245
180.175.150.119 - - [03/Jan/2021:09:43:05 +0800] "GET /xingrg/javascript/easyui/themes/default/validatebox.css HTTP/1.1" 404 1104
172.17.0.115 - - [03/Jan/2021:09:43:05 +0800] "GET /xingrg/check_reg.html?_=1609638187618 HTTP/1.1" 200 22
101.228.166.101 - - [03/Jan/2021:09:43:06 +0800] "GET /xingrg/all/function/internal_message.html?_=1609638188258&CODE_STATE=getMsg HTTP/1.1" 200 27
120.253.135.82 - - [03/Jan/2021:09:43:07 +0800] "GET /xingrg/check_reg.html?_=1609637945805 HTTP/1.1" 200 22
172.17.0.108 - - [03/Jan/2021:09:43:07 +0800] "GET /xingrg/check_reg.html?_=1609638188117 HTTP/1.1" 200 22
172.17.0.108 - - [03/Jan/2021:09:43:07 +0800] "GET /xingrg/all/function/internal_message.html?_=1609638188124&CODE_STATE=getMsg HTTP/1.1" 200 27
120.253.135.82 - - [03/Jan/2021:09:43:07 +0800] "GET /xingrg/all/function/internal_message.html?_=1609637946064&CODE_STATE=getMsg HTTP/1.1" 200 27
58.35.244.144 - - [03/Jan/2021:09:43:09 +0800] "GET /xingrg/all/function/internal_message.html?_=1609638347134&CODE_STATE=getMsg HTTP/1.1" 200 27
222.69.134.95 - - [03/Jan/2021:09:43:17 +0800] "GET /xingrg/all/function/internal_message.html?_=1609638198188&CODE_STATE=getMsg HTTP/1.1" 200 27
222.69.134.95 - - [03/Jan/2021:09:43:17 +0800] "GET /xingrg/check_reg.html?_=1609638198192 HTTP/1.1" 200 22
116.228.172.94 - - [03/Jan/2021:09:43:19 +0800] "GET /xingrg/all/function/internal_message.html?_=1609638199478&CODE_STATE=getMsg HTTP/1.1" 200 27
180.175.150.119 - - [03/Jan/2021:09:43:20 +0800] "GET /xingrg/all/function/internal_message.html?_=1609638437501&CODE_STATE=getMsg HTTP/1.1" 200 27
172.17.0.115 - - [03/Jan/2021:09:43:23 +0800] "GET /xingrg/all/function/internal_message.html?_=1609638205400&CODE_STATE=getMsg HTTP/1.1" 200 27
172.17.0.120 - - [03/Jan/2021:09:43:25 +0800] "GET /xingrg/all/function/internal_message.html?_=1609638205415&CODE_STATE=getMsg HTTP/1.1" 200 27
172.17.200.101 - - [03/Jan/2021:09:43:30 +0800] "POST /xingrg/all/user/operate.html HTTP/1.1" 200 36
58.35.244.144 - - [03/Jan/2021:09:43:30 +0800] "GET /xingrg/check_reg.html?_=1609638206800 HTTP/1.1" 302 -
172.17.200.101 - - [03/Jan/2021:09:43:30 +0800] "GET /xingrg/index.html?sysBaseUrl=http%3A%2F%2F172.17.0.8%3A18081%2Fxingrg%2F&costTime=48×tamp=1609637086560 HTTP/1.1" 200 17448
172.17.200.101 - - [03/Jan/2021:09:43:30 +0800] "GET /xingrg/javascript/jquery_easy_ui/themes/default/easyui.css HTTP/1.1" 304 -
172.17.200.101 - - [03/Jan/2021:09:43:30 +0800] "GET /xingrg/javascript/jquery_easy_ui/themes/icon.css HTTP/1.1" 304 -
172.17.200.101 - - [03/Jan/2021:09:43:30 +0800] "GET /xingrg/css/form.css HTTP/1.1" 304 -
172.17.200.101 - - [03/Jan/2021:09:43:30 +0800] "GET /xingrg/javascript/jquery-1.4.2.min.js HTTP/1.1" 304 -
172.17.200.101 - - [03/Jan/2021:09:43:30 +0800] "GET /xingrg/javascript/jquery_easy_ui/jquery.easyui.min.js HTTP/1.1" 304 -
172.17.200.101 - - [03/Jan/2021:09:43:30 +0800] "GET /xingrg/javascript/jquery_easy_ui/easyui-lang-zh_CN.js HTTP/1.1" 304 -
172.17.200.101 - - [03/Jan/2021:09:43:30 +0800] "GET /xingrg/javascript/jquery.form.js HTTP/1.1" 304 -
172.17.200.101 - - [03/Jan/2021:09:43:30 +0800] "GET /xingrg/javascript/jquery.utils.js HTTP/1.1" 304 -
172.17.200.101 - - [03/Jan/2021:09:43:30 +0800] "GET /xingrg/javascript/jquery.timers.js HTTP/1.1" 304 -
172.17.200.101 - - [03/Jan/2021:09:43:30 +0800] "GET /xingrg/images/blue/jxLogo.png HTTP/1.1" 304 -
172.17.200.101 - - [03/Jan/2021:09:43:30 +0800] "GET /xingrg/images/blue/navBackgound.jpg HTTP/1.1" 304 -
172.17.200.101 - - [03/Jan/2021:09:43:30 +0800] "GET /xingrg/javascript/jquery_easy_ui/themes/icons/settle_new.png HTTP/1.1" 304 -
172.17.200.101 - - [03/Jan/2021:09:43:30 +0800] "POST /xingrg/all/common/load_tree.html?tree=area_rest_tree_json&manage=1 HTTP/1.1" 200 3216
172.17.200.101 - - [03/Jan/2021:09:43:30 +0800] "GET /xingrg/all/function/internal_message.html?_=1609638211554&CODE_STATE=count HTTP/1.1" 200 11
172.17.200.101 - - [03/Jan/2021:09:43:30 +0800] "GET /xingrg/check_reg.html?_=1609638211555 HTTP/1.1" 200 22
172.17.200.101 - - [03/Jan/2021:09:43:30 +0800] "GET /xingrg/images/blue/pingpu.png HTTP/1.1" 304 -
172.17.200.101 - - [03/Jan/2021:09:43:30 +0800] "GET /xingrg/javascript/jquery_easy_ui/themes/default/images/panel_tool_expand.gif HTTP/1.1" 304 -
172.17.200.101 - - [03/Jan/2021:09:43:30 +0800] "GET /xingrg/javascript/jquery_easy_ui/themes/default/images/panel_tool_collapse.gif HTTP/1.1" 304 -
172.17.200.101 - - [03/Jan/2021:09:43:30 +0800] "GET /xingrg/javascript/jquery_easy_ui/themes/default/images/tabs_leftarrow.png HTTP/1.1" 304 -
172.17.200.101 - - [03/Jan/2021:09:43:30 +0800] "GET /xingrg/javascript/jquery_easy_ui/themes/default/images/tabs_rightarrow.png HTTP/1.1" 304 -
172.17.200.101 - - [03/Jan/2021:09:43:30 +0800] "POST /xingrg/load_menu.html HTTP/1.1" 200 11529
172.17.200.101 - - [03/Jan/2021:09:43:31 +0800] "GET /xingrg/kc/report/report_main.html HTTP/1.1" 200 9350
172.17.200.101 - - [03/Jan/2021:09:43:32 +0800] "GET /xingrg/all/report/report_query.html?fileName=kc/buy/gys_amount_base_rest.xml HTTP/1.1" 200 51589
172.17.200.101 - - [03/Jan/2021:09:43:32 +0800] "GET /xingrg/dwr/interface/AjaxReportQueryService.js HTTP/1.1" 200 13203
172.17.200.101 - - [03/Jan/2021:09:43:32 +0800] "GET /xingrg/dwr/engine.js HTTP/1.1" 200 43631
172.17.200.101 - - [03/Jan/2021:09:43:32 +0800] "POST /xingrg/dwr/call/plaincall/AjaxReportQueryService.getFixDate.dwr HTTP/1.1" 200 111
172.17.200.101 - - [03/Jan/2021:09:43:32 +0800] "POST /xingrg/all/common/load_tree.html?tree=area_rest_tree_json&manage=1 HTTP/1.1" 200 3216
172.17.200.101 - - [03/Jan/2021:09:43:33 +0800] "POST /xingrg/all/common/load_tree.html?tree=supplier_tree_json&manage=1 HTTP/1.1" 200 54164
180.162.223.42 - - [03/Jan/2021:09:43:33 +0800] "GET /xingrg/all/function/internal_message.html?_=1609638214685&CODE_STATE=getMsg HTTP/1.1" 200 27
180.156.237.57 - - [03/Jan/2021:09:43:35 +0800] "GET /xingrg/all/function/internal_message.html?_=1609638197022&CODE_STATE=getMsg HTTP/1.1" 200 27
180.156.237.57 - - [03/Jan/2021:09:43:37 +0800] "POST /xingrg/kc/buy/cgsh_order_operate.html HTTP/1.1" 200 37
101.228.166.101 - - [03/Jan/2021:09:43:37 +0800] "GET /xingrg/all/function/internal_message.html?_=1609638211122&CODE_STATE=getMsg HTTP/1.1" 200 27
101.228.166.101 - - [03/Jan/2021:09:43:37 +0800] "GET /xingrg/check_reg.html?_=1609638211124 HTTP/1.1" 200 22
180.156.237.57 - - [03/Jan/2021:09:43:40 +0800] "POST /xingrg/kc/buy/cgsh_order_operate.html HTTP/1.1" 200 12
180.156.237.57 - - [03/Jan/2021:09:43:41 +0800] "GET /xingrg/kc/buy/cgsh_order_info.html?code=212021010301013 HTTP/1.1" 200 55923
180.156.237.57 - - [03/Jan/2021:09:43:42 +0800] "GET /xingrg/javascript/easyui/themes/default/validatebox.css HTTP/1.1" 404 1104
180.156.237.57 - - [03/Jan/2021:09:43:42 +0800] "POST /xingrg/kc/buy/cgsh_order_operate.html HTTP/1.1" 200 5999
114.86.227.213 - - [03/Jan/2021:09:43:42 +0800] "GET /xingrg/all/function/internal_message.html?_=1609638254670&CODE_STATE=getMsg HTTP/1.1" 200 27
180.156.237.57 - - [03/Jan/2021:09:43:43 +0800] "GET /xingrg/kc/print/load_data.html?order_code=212021010301013&kc_code=cgsh&condition= HTTP/1.1" 200 2800
58.35.244.144 - - [03/Jan/2021:09:43:44 +0800] "GET /xingrg/all/function/internal_message.html?_=1609638220849&CODE_STATE=getMsg HTTP/1.1" 302 -
172.17.0.123 - - [03/Jan/2021:09:43:44 +0800] "GET /xingrg/all/function/internal_message.html?_=1609638129747&CODE_STATE=getMsg HTTP/1.1" 200 27
180.156.237.57 - - [03/Jan/2021:09:43:48 +0800] "GET /xingrg/kc/buy/cgsh_order_add.html HTTP/1.1" 200 61020
180.156.237.57 - - [03/Jan/2021:09:43:48 +0800] "GET /xingrg/all/function/internal_message.html?_=1609638228978&CODE_STATE=getMsg HTTP/1.1" 200 27
180.156.237.57 - - [03/Jan/2021:09:43:48 +0800] "POST /xingrg/kc/buy/cgsh_order_operate.html HTTP/1.1" 200 8245
180.156.237.57 - - [03/Jan/2021:09:43:49 +0800] "GET /xingrg/javascript/easyui/themes/default/validatebox.css HTTP/1.1" 404 1104
58.37.230.33 - - [03/Jan/2021:09:44:00 +0800] "GET /xingrg/all/function/internal_message.html?_=1609638244146&CODE_STATE=getMsg HTTP/1.1" 200 27
180.156.237.57 - - [03/Jan/2021:09:44:00 +0800] "GET /xingrg/kc/buy/cgsh_order_operate.html?command=get_materiel&rest_code=00151&code=00101007125&supplier_code=00100096&order_time=2021-01-03 HTTP/1.1" 200 406
172.17.200.101 - - [03/Jan/2021:09:44:02 +0800] "POST /xingrg/dwr/call/plaincall/AjaxReportQueryService.refreshCache.dwr HTTP/1.1" 200 78
172.17.200.101 - - [03/Jan/2021:09:44:06 +0800] "POST /xingrg/all/report/load_report_page.html HTTP/1.1" 200 252145
172.17.200.101 - - [03/Jan/2021:09:44:06 +0800] "GET /xingrg/servlets/image?cache=0.4948495273866014&image=px HTTP/1.1" 200 807
101.228.166.101 - - [03/Jan/2021:09:44:06 +0800] "GET /xingrg/all/function/internal_message.html?_=1609638248272&CODE_STATE=getMsg HTTP/1.1" 200 27
172.17.0.108 - - [03/Jan/2021:09:44:07 +0800] "GET /xingrg/all/function/internal_message.html?_=1609638248094&CODE_STATE=getMsg HTTP/1.1" 200 27
120.253.135.82 - - [03/Jan/2021:09:44:07 +0800] "GET /xingrg/all/function/internal_message.html?_=1609638006077&CODE_STATE=getMsg HTTP/1.1" 200 27
58.35.244.144 - - [03/Jan/2021:09:44:09 +0800] "GET /xingrg/all/function/internal_message.html?_=1609638407128&CODE_STATE=getMsg HTTP/1.1" 200 27
172.17.200.101 - - [03/Jan/2021:09:44:10 +0800] "POST /xingrg/all/report/report_print.html HTTP/1.1" 200 30757
180.156.237.57 - - [03/Jan/2021:09:44:11 +0800] "GET /xingrg/kc/buy/cgsh_order_operate.html?command=get_materiel&rest_code=00151&code=00101007083&supplier_code=00100096&order_time=2021-01-03 HTTP/1.1" 200 421
222.69.134.95 - - [03/Jan/2021:09:44:17 +0800] "GET /xingrg/all/function/internal_message.html?_=1609638258192&CODE_STATE=getMsg HTTP/1.1" 200 27
180.175.150.119 - - [03/Jan/2021:09:44:18 +0800] "GET /xingrg/check_reg.html?_=1609638495709 HTTP/1.1" 200 22
116.228.172.94 - - [03/Jan/2021:09:44:18 +0800] "GET /xingrg/all/function/internal_message.html?_=1609638259453&CODE_STATE=getMsg HTTP/1.1" 200 27
180.175.150.119 - - [03/Jan/2021:09:44:20 +0800] "GET /xingrg/all/function/internal_message.html?_=1609638497515&CODE_STATE=getMsg HTTP/1.1" 200 27
172.17.0.115 - - [03/Jan/2021:09:44:23 +0800] "GET /xingrg/all/function/internal_message.html?_=1609638265414&CODE_STATE=getMsg HTTP/1.1" 200 27
172.17.0.120 - - [03/Jan/2021:09:44:25 +0800] "GET /xingrg/all/function/internal_message.html?_=1609638265412&CODE_STATE=getMsg HTTP/1.1" 200 27
180.156.237.57 - - [03/Jan/2021:09:44:29 +0800] "GET /xingrg/kc/buy/cgsh_order_operate.html?command=get_materiel&rest_code=00151&code=00101006065&supplier_code=00100096&order_time=2021-01-03 HTTP/1.1" 200 411
172.17.200.101 - - [03/Jan/2021:09:44:30 +0800] "GET /xingrg/all/function/internal_message.html?_=1609638271573&CODE_STATE=getMsg HTTP/1.1" 200 27
180.162.223.42 - - [03/Jan/2021:09:44:33 +0800] "GET /xingrg/all/function/internal_message.html?_=1609638274666&CODE_STATE=getMsg HTTP/1.1" 200 27
180.156.237.57 - - [03/Jan/2021:09:44:35 +0800] "GET /xingrg/all/function/internal_message.html?_=1609638257040&CODE_STATE=getMsg HTTP/1.1" 200 27
101.228.166.101 - - [03/Jan/2021:09:44:37 +0800] "GET /xingrg/all/function/internal_message.html?_=1609638271126&CODE_STATE=getMsg HTTP/1.1" 200 27
114.86.227.213 - - [03/Jan/2021:09:44:42 +0800] "GET /xingrg/all/function/internal_message.html?_=1609638314669&CODE_STATE=getMsg HTTP/1.1" 200 27
172.17.0.123 - - [03/Jan/2021:09:44:44 +0800] "GET /xingrg/check_reg.html?_=1609638189733 HTTP/1.1" 200 22
172.17.0.123 - - [03/Jan/2021:09:44:44 +0800] "GET /xingrg/all/function/internal_message.html?_=1609638189735&CODE_STATE=getMsg HTTP/1.1" 200 27
58.35.244.144 - - [03/Jan/2021:09:44:44 +0800] "GET /xingrg/all/function/internal_message.html?_=1609638280865&CODE_STATE=getMsg HTTP/1.1" 302 -
180.156.237.57 - - [03/Jan/2021:09:44:48 +0800] "GET /xingrg/all/function/internal_message.html?_=1609638288983&CODE_STATE=getMsg HTTP/1.1" 200 27
180.162.223.42 - - [03/Jan/2021:09:44:50 +0800] "GET /xingrg/check_reg.html?_=1609638291105 HTTP/1.1" 200 22
180.156.237.57 - - [03/Jan/2021:09:44:51 +0800] "GET /xingrg/kc/buy/cgsh_order_operate.html?command=get_materiel&rest_code=00151&code=00101006129&supplier_code=00100096&order_time=2021-01-03 HTTP/1.1" 200 431
58.37.230.33 - - [03/Jan/2021:09:45:00 +0800] "GET /xingrg/all/function/internal_message.html?_=1609638304128&CODE_STATE=getMsg HTTP/1.1" 200 27
101.228.166.101 - - [03/Jan/2021:09:45:06 +0800] "GET /xingrg/all/function/internal_message.html?_=1609638308566&CODE_STATE=getMsg HTTP/1.1" 200 27
172.17.0.108 - - [03/Jan/2021:09:45:07 +0800] "GET /xingrg/all/function/internal_message.html?_=1609638308106&CODE_STATE=getMsg HTTP/1.1" 200 27
120.253.135.82 - - [03/Jan/2021:09:45:07 +0800] "GET /xingrg/all/function/internal_message.html?_=1609638066137&CODE_STATE=getMsg HTTP/1.1" 200 27
58.35.244.144 - - [03/Jan/2021:09:45:09 +0800] "GET /xingrg/all/function/internal_message.html?_=1609638467128&CODE_STATE=getMsg HTTP/1.1" 200 27
101.228.166.101 - - [03/Jan/2021:09:45:09 +0800] "GET /xingrg/check_reg.html?_=1609638311577 HTTP/1.1" 200 22
222.69.134.95 - - [03/Jan/2021:09:45:17 +0800] "GET /xingrg/all/function/internal_message.html?_=1609638318197&CODE_STATE=getMsg HTTP/1.1" 200 27
116.228.172.94 - - [03/Jan/2021:09:45:18 +0800] "GET /xingrg/all/function/internal_message.html?_=1609638319424&CODE_STATE=getMsg HTTP/1.1" 200 27
180.175.150.119 - - [03/Jan/2021:09:45:20 +0800] "GET /xingrg/all/function/internal_message.html?_=1609638557529&CODE_STATE=getMsg HTTP/1.1" 200 27
172.17.0.115 - - [03/Jan/2021:09:45:23 +0800] "GET /xingrg/all/function/internal_message.html?_=1609638325439&CODE_STATE=getMsg HTTP/1.1" 200 27
180.156.237.57 - - [03/Jan/2021:09:45:24 +0800] "GET /xingrg/kc/buy/cgsh_order_operate.html?command=get_materiel&rest_code=00151&code=00101006184&supplier_code=00100096&order_time=2021-01-03 HTTP/1.1" 200 408
172.17.0.120 - - [03/Jan/2021:09:45:25 +0800] "GET /xingrg/all/function/internal_message.html?_=1609638325411&CODE_STATE=getMsg HTTP/1.1" 200 27
172.17.200.101 - - [03/Jan/2021:09:45:30 +0800] "GET /xingrg/all/function/internal_message.html?_=1609638331566&CODE_STATE=getMsg HTTP/1.1" 200 27
180.162.223.42 - - [03/Jan/2021:09:45:33 +0800] "GET /xingrg/all/function/internal_message.html?_=1609638334641&CODE_STATE=getMsg HTTP/1.1" 200 27
180.156.237.57 - - [03/Jan/2021:09:45:35 +0800] "GET /xingrg/all/function/internal_message.html?_=1609638317050&CODE_STATE=getMsg HTTP/1.1" 200 27
101.228.166.101 - - [03/Jan/2021:09:45:37 +0800] "GET /xingrg/all/function/internal_message.html?_=1609638331128&CODE_STATE=getMsg HTTP/1.1" 200 27
114.86.227.213 - - [03/Jan/2021:09:45:41 +0800] "GET /xingrg/all/function/internal_message.html?_=1609638374668&CODE_STATE=getMsg HTTP/1.1" 200 27
172.17.0.123 - - [03/Jan/2021:09:45:44 +0800] "GET /xingrg/all/function/internal_message.html?_=1609638249736&CODE_STATE=getMsg HTTP/1.1" 200 27
58.35.244.144 - - [03/Jan/2021:09:45:44 +0800] "GET /xingrg/all/function/internal_message.html?_=1609638340895&CODE_STATE=getMsg HTTP/1.1" 302 -
180.156.237.57 - - [03/Jan/2021:09:45:48 +0800] "GET /xingrg/all/function/internal_message.html?_=1609638348988&CODE_STATE=getMsg HTTP/1.1" 200 27
58.37.230.33 - - [03/Jan/2021:09:46:00 +0800] "GET /xingrg/all/function/internal_message.html?_=1609638364096&CODE_STATE=getMsg HTTP/1.1" 200 27
180.156.237.57 - - [03/Jan/2021:09:46:00 +0800] "GET /xingrg/kc/buy/cgsh_order_operate.html?command=get_materiel&rest_code=00151&code=00101006131&supplier_code=00100096&order_time=2021-01-03 HTTP/1.1" 200 417
101.228.166.101 - - [03/Jan/2021:09:46:06 +0800] "GET /xingrg/all/function/internal_message.html?_=1609638368580&CODE_STATE=getMsg HTTP/1.1" 200 27
172.17.0.108 - - [03/Jan/2021:09:46:07 +0800] "GET /xingrg/all/function/internal_message.html?_=1609638368096&CODE_STATE=getMsg HTTP/1.1" 200 27
58.35.244.144 - - [03/Jan/2021:09:46:07 +0800] "GET /xingrg/kc/buy/cgsh_order_operate.html?command=get_materiel&rest_code=00111&code=00101006007&supplier_code=00100004&order_time=2021-01-03 HTTP/1.1" 200 417
120.253.135.82 - - [03/Jan/2021:09:46:07 +0800] "GET /xingrg/all/function/internal_message.html?_=1609638126157&CODE_STATE=getMsg HTTP/1.1" 200 27
117.131.5.26 - - [03/Jan/2021:09:46:08 +0800] "POST /xingrg/services/DataTransmitService HTTP/1.1" 200 524
58.35.244.144 - - [03/Jan/2021:09:46:09 +0800] "GET /xingrg/all/function/internal_message.html?_=1609638527118&CODE_STATE=getMsg HTTP/1.1" 200 27
172.17.0.120 - - [03/Jan/2021:09:46:12 +0800] "GET /xingrg/kc/base/check_order_info.html?code=452020123100446 HTTP/1.1" 200 26370
172.17.0.120 - - [03/Jan/2021:09:46:12 +0800] "GET /xingrg/dwr/interface/AjaxComOrderService.js HTTP/1.1" 200 18264
172.17.0.120 - - [03/Jan/2021:09:46:12 +0800] "GET /xingrg/dwr/interface/AjaxCheckService.js HTTP/1.1" 200 14003
172.17.0.120 - - [03/Jan/2021:09:46:12 +0800] "GET /xingrg/dwr/engine.js HTTP/1.1" 200 43631
117.131.5.26 - - [03/Jan/2021:09:46:12 +0800] "POST /xingrg/services/DataTransmitService HTTP/1.1" 200 501
172.17.0.120 - - [03/Jan/2021:09:46:13 +0800] "POST /xingrg/dwr/call/plaincall/AjaxCheckService.loadOrderItems.dwr HTTP/1.1" 200 48212
116.228.172.94 - - [03/Jan/2021:09:46:13 +0800] "POST /xingrg/kc/buy/cgsh_order_operate.html HTTP/1.1" 200 37
172.17.0.120 - - [03/Jan/2021:09:46:15 +0800] "GET /xingrg/kc/base/check_order_info.html?code=452020123100447 HTTP/1.1" 200 26370
172.17.0.120 - - [03/Jan/2021:09:46:15 +0800] "GET /xingrg/dwr/interface/AjaxComOrderService.js HTTP/1.1" 200 18264
172.17.0.120 - - [03/Jan/2021:09:46:15 +0800] "GET /xingrg/dwr/interface/AjaxCheckService.js HTTP/1.1" 200 14003
172.17.0.120 - - [03/Jan/2021:09:46:15 +0800] "GET /xingrg/dwr/engine.js HTTP/1.1" 200 43631
172.17.0.120 - - [03/Jan/2021:09:46:16 +0800] "POST /xingrg/dwr/call/plaincall/AjaxCheckService.loadOrderItems.dwr HTTP/1.1" 200 37907
222.69.134.95 - - [03/Jan/2021:09:46:17 +0800] "GET /xingrg/all/function/internal_message.html?_=1609638378201&CODE_STATE=getMsg HTTP/1.1" 200 27
172.17.0.120 - - [03/Jan/2021:09:46:19 +0800] "GET /xingrg/kc/base/check_order_info.html?code=452020123100448 HTTP/1.1" 200 26370
172.17.0.120 - - [03/Jan/2021:09:46:19 +0800] "GET /xingrg/dwr/interface/AjaxComOrderService.js HTTP/1.1" 200 18264
172.17.0.120 - - [03/Jan/2021:09:46:19 +0800] "GET /xingrg/dwr/interface/AjaxCheckService.js HTTP/1.1" 200 14003
172.17.0.120 - - [03/Jan/2021:09:46:19 +0800] "GET /xingrg/dwr/engine.js HTTP/1.1" 200 43631
172.17.0.120 - - [03/Jan/2021:09:46:19 +0800] "POST /xingrg/dwr/call/plaincall/AjaxCheckService.loadOrderItems.dwr HTTP/1.1" 200 7345
180.175.150.119 - - [03/Jan/2021:09:46:20 +0800] "GET /xingrg/all/function/internal_message.html?_=1609638617541&CODE_STATE=getMsg HTTP/1.1" 200 27
58.35.244.144 - - [03/Jan/2021:09:46:20 +0800] "GET /xingrg/kc/buy/cgsh_order_operate.html?command=get_materiel&rest_code=00111&code=00101007059&supplier_code=00100004&order_time=2021-01-03 HTTP/1.1" 200 410
180.156.237.57 - - [03/Jan/2021:09:46:22 +0800] "GET /xingrg/kc/buy/cgsh_order_operate.html?command=get_materiel&rest_code=00151&code=00101006056&supplier_code=00100096&order_time=2021-01-03 HTTP/1.1" 200 413
172.17.0.120 - - [03/Jan/2021:09:46:22 +0800] "GET /xingrg/kc/base/check_order_info.html?code=452020123100439 HTTP/1.1" 200 26370
172.17.0.120 - - [03/Jan/2021:09:46:22 +0800] "GET /xingrg/dwr/interface/AjaxComOrderService.js HTTP/1.1" 200 18264
172.17.0.120 - - [03/Jan/2021:09:46:22 +0800] "GET /xingrg/dwr/interface/AjaxCheckService.js HTTP/1.1" 200 14003
172.17.0.120 - - [03/Jan/2021:09:46:22 +0800] "GET /xingrg/dwr/engine.js HTTP/1.1" 200 43631
172.17.0.120 - - [03/Jan/2021:09:46:22 +0800] "POST /xingrg/dwr/call/plaincall/AjaxCheckService.loadOrderItems.dwr HTTP/1.1" 200 121189
172.17.0.115 - - [03/Jan/2021:09:46:23 +0800] "GET /xingrg/all/function/internal_message.html?_=1609638385441&CODE_STATE=getMsg HTTP/1.1" 200 27
172.17.0.120 - - [03/Jan/2021:09:46:25 +0800] "GET /xingrg/all/function/internal_message.html?_=1609638385412&CODE_STATE=getMsg HTTP/1.1" 200 27
172.17.0.120 - - [03/Jan/2021:09:46:25 +0800] "GET /xingrg/check_reg.html?_=1609638385417 HTTP/1.1" 200 22
172.17.0.120 - - [03/Jan/2021:09:46:26 +0800] "GET /xingrg/kc/base/check_order_info.html?code=452020123100433 HTTP/1.1" 200 26370
172.17.0.120 - - [03/Jan/2021:09:46:26 +0800] "GET /xingrg/dwr/interface/AjaxComOrderService.js HTTP/1.1" 200 18264
172.17.0.120 - - [03/Jan/2021:09:46:26 +0800] "GET /xingrg/dwr/interface/AjaxCheckService.js HTTP/1.1" 200 14003
172.17.0.120 - - [03/Jan/2021:09:46:26 +0800] "GET /xingrg/dwr/engine.js HTTP/1.1" 200 43631
172.17.0.120 - - [03/Jan/2021:09:46:26 +0800] "POST /xingrg/dwr/call/plaincall/AjaxCheckService.loadOrderItems.dwr HTTP/1.1" 200 181725
172.17.200.101 - - [03/Jan/2021:09:46:30 +0800] "GET /xingrg/all/function/internal_message.html?_=1609638391567&CODE_STATE=getMsg HTTP/1.1" 200 27
172.17.0.120 - - [03/Jan/2021:09:46:31 +0800] "GET /xingrg/kc/base/check_order_info.html?code=452020123100420 HTTP/1.1" 200 26370
172.17.0.120 - - [03/Jan/2021:09:46:31 +0800] "GET /xingrg/dwr/interface/AjaxComOrderService.js HTTP/1.1" 200 18264
172.17.0.120 - - [03/Jan/2021:09:46:31 +0800] "GET /xingrg/dwr/interface/AjaxCheckService.js HTTP/1.1" 200 14003
172.17.0.120 - - [03/Jan/2021:09:46:31 +0800] "GET /xingrg/dwr/engine.js HTTP/1.1" 200 43631
172.17.0.120 - - [03/Jan/2021:09:46:32 +0800] "POST /xingrg/dwr/call/plaincall/AjaxCheckService.loadOrderItems.dwr HTTP/1.1" 200 202265
180.162.223.42 - - [03/Jan/2021:09:46:33 +0800] "GET /xingrg/all/function/internal_message.html?_=1609638394612&CODE_STATE=getMsg HTTP/1.1" 200 27
58.35.244.144 - - [03/Jan/2021:09:46:33 +0800] "GET /xingrg/kc/buy/cgsh_order_operate.html?command=get_materiel&rest_code=00111&code=00101007049&supplier_code=00100004&order_time=2021-01-03 HTTP/1.1" 200 409
180.156.237.57 - - [03/Jan/2021:09:46:34 +0800] "GET /xingrg/kc/buy/cgsh_order_operate.html?command=get_materiel&rest_code=00151&code=00101006168&supplier_code=00100096&order_time=2021-01-03 HTTP/1.1" 200 421
180.156.237.57 - - [03/Jan/2021:09:46:35 +0800] "GET /xingrg/all/function/internal_message.html?_=1609638377071&CODE_STATE=getMsg HTTP/1.1" 200 27
101.228.166.101 - - [03/Jan/2021:09:46:37 +0800] "GET /xingrg/all/function/internal_message.html?_=1609638391127&CODE_STATE=getMsg HTTP/1.1" 200 27
114.86.227.213 - - [03/Jan/2021:09:46:40 +0800] "GET /xingrg/all/function/internal_message.html?_=1609638434671&CODE_STATE=getMsg HTTP/1.1" 200 27
172.17.0.123 - - [03/Jan/2021:09:46:44 +0800] "GET /xingrg/all/function/internal_message.html?_=1609638309738&CODE_STATE=getMsg HTTP/1.1" 200 27
58.35.244.144 - - [03/Jan/2021:09:46:44 +0800] "GET /xingrg/all/function/internal_message.html?_=1609638400909&CODE_STATE=getMsg HTTP/1.1" 302 -
180.156.237.57 - - [03/Jan/2021:09:46:48 +0800] "GET /xingrg/all/function/internal_message.html?_=1609638408983&CODE_STATE=getMsg HTTP/1.1" 200 27
180.156.237.57 - - [03/Jan/2021:09:46:50 +0800] "GET /xingrg/kc/buy/cgsh_order_operate.html?command=get_materiel&rest_code=00151&code=00101006178&supplier_code=00100096&order_time=2021-01-03 HTTP/1.1" 200 411
58.35.244.144 - - [03/Jan/2021:09:46:50 +0800] "GET /xingrg/kc/buy/cgsh_order_operate.html?command=get_materiel&rest_code=00111&code=00101007061&supplier_code=00100004&order_time=2021-01-03 HTTP/1.1" 200 409
58.37.230.33 - - [03/Jan/2021:09:47:00 +0800] "GET /xingrg/all/function/internal_message.html?_=1609638424068&CODE_STATE=getMsg HTTP/1.1" 200 27
180.156.237.57 - - [03/Jan/2021:09:47:01 +0800] "GET /xingrg/kc/buy/cgsh_order_operate.html?command=get_materiel&rest_code=00151&code=00101006112&supplier_code=00100096&order_time=2021-01-03 HTTP/1.1" 200 409
58.35.244.144 - - [03/Jan/2021:09:47:06 +0800] "GET /xingrg/kc/buy/cgsh_order_operate.html?command=get_materiel&rest_code=00111&code=00101007063&supplier_code=00100004&order_time=2021-01-03 HTTP/1.1" 200 409
101.228.166.101 - - [03/Jan/2021:09:47:06 +0800] "GET /xingrg/all/function/internal_message.html?_=1609638428593&CODE_STATE=getMsg HTTP/1.1" 200 27
172.17.0.108 - - [03/Jan/2021:09:47:07 +0800] "GET /xingrg/all/function/internal_message.html?_=1609638428117&CODE_STATE=getMsg HTTP/1.1" 200 27
120.253.135.82 - - [03/Jan/2021:09:47:07 +0800] "GET /xingrg/all/function/internal_message.html?_=1609638186164&CODE_STATE=getMsg HTTP/1.1" 200 27
58.35.244.144 - - [03/Jan/2021:09:47:09 +0800] "GET /xingrg/check_reg.html?_=1609638587124 HTTP/1.1" 200 22
58.35.244.144 - - [03/Jan/2021:09:47:09 +0800] "GET /xingrg/all/function/internal_message.html?_=1609638587126&CODE_STATE=getMsg HTTP/1.1" 200 27
222.69.134.95 - - [03/Jan/2021:09:47:17 +0800] "GET /xingrg/all/function/internal_message.html?_=1609638438192&CODE_STATE=getMsg HTTP/1.1" 200 27
58.35.244.144 - - [03/Jan/2021:09:47:18 +0800] "GET /xingrg/kc/buy/cgsh_order_operate.html?command=get_materiel&rest_code=00111&code=00101007076&supplier_code=00100004&order_time=2021-01-03 HTTP/1.1" 200 408
180.175.150.119 - - [03/Jan/2021:09:47:20 +0800] "GET /xingrg/all/function/internal_message.html?_=1609638677790&CODE_STATE=getMsg HTTP/1.1" 200 27
180.156.237.57 - - [03/Jan/2021:09:47:21 +0800] "GET /xingrg/kc/buy/cgsh_order_operate.html?command=get_materiel&rest_code=00151&code=00101006084&supplier_code=00100096&order_time=2021-01-03 HTTP/1.1" 200 413
172.17.0.115 - - [03/Jan/2021:09:47:23 +0800] "GET /xingrg/all/function/internal_message.html?_=1609638445461&CODE_STATE=getMsg HTTP/1.1" 200 27
172.17.0.120 - - [03/Jan/2021:09:47:25 +0800] "GET /xingrg/all/function/internal_message.html?_=1609638445420&CODE_STATE=getMsg HTTP/1.1" 200 27
180.156.237.57 - - [03/Jan/2021:09:47:25 +0800] "GET /xingrg/check_reg.html?_=1609638426983 HTTP/1.1" 200 22
58.37.230.33 - - [03/Jan/2021:09:47:28 +0800] "GET /xingrg/check_reg.html?_=1609638452396 HTTP/1.1" 200 22
172.17.200.101 - - [03/Jan/2021:09:47:30 +0800] "GET /xingrg/all/function/internal_message.html?_=1609638451569&CODE_STATE=getMsg HTTP/1.1" 200 27
180.162.223.42 - - [03/Jan/2021:09:47:33 +0800] "GET /xingrg/all/function/internal_message.html?_=1609638454582&CODE_STATE=getMsg HTTP/1.1" 200 27
180.156.237.57 - - [03/Jan/2021:09:47:35 +0800] "GET /xingrg/all/function/internal_message.html?_=1609638437076&CODE_STATE=getMsg HTTP/1.1" 200 27
180.156.237.57 - - [03/Jan/2021:09:47:37 +0800] "GET /xingrg/kc/buy/cgsh_order_operate.html?command=get_materiel&rest_code=00151&code=00101016105&supplier_code=00100096&order_time=2021-01-03 HTTP/1.1" 200 409
101.228.166.101 - - [03/Jan/2021:09:47:37 +0800] "GET /xingrg/all/function/internal_message.html?_=1609638451129&CODE_STATE=getMsg HTTP/1.1" 200 27
114.86.227.213 - - [03/Jan/2021:09:47:39 +0800] "GET /xingrg/check_reg.html?_=1609638494671 HTTP/1.1" 200 22
114.86.227.213 - - [03/Jan/2021:09:47:39 +0800] "GET /xingrg/all/function/internal_message.html?_=1609638494672&CODE_STATE=getMsg HTTP/1.1" 200 27
172.17.0.123 - - [03/Jan/2021:09:47:44 +0800] "GET /xingrg/all/function/internal_message.html?_=1609638369739&CODE_STATE=getMsg HTTP/1.1" 200 27
58.35.244.144 - - [03/Jan/2021:09:47:44 +0800] "GET /xingrg/all/function/internal_message.html?_=1609638460939&CODE_STATE=getMsg HTTP/1.1" 302 -
180.156.237.57 - - [03/Jan/2021:09:47:45 +0800] "GET /xingrg/kc/buy/cgsh_order_operate.html?command=get_materiel&rest_code=00151&code=00101016080&supplier_code=00100096&order_time=2021-01-03 HTTP/1.1" 200 408
