58.35.244.144 - - [03/Jan/2021:10:34:25 +0800] "GET /xingrg/kc/buy/cgsh_order_operate.html?command=get_materiel&rest_code=00111&code=00101006001&supplier_code=00100404&order_time=2021-01-03 HTTP/1.1" 200 428
180.162.223.42 - - [03/Jan/2021:10:34:25 +0800] "GET /xingrg/kc/buy/cgsh_order_add.html HTTP/1.1" 200 61425
101.85.52.2 - - [03/Jan/2021:10:34:26 +0800] "GET /xingrg/all/function/internal_message.html?_=1609641265955&CODE_STATE=getMsg HTTP/1.1" 200 27
180.162.223.42 - - [03/Jan/2021:10:34:26 +0800] "POST /xingrg/kc/buy/cgsh_order_operate.html HTTP/1.1" 200 8245
180.162.223.42 - - [03/Jan/2021:10:34:26 +0800] "GET /xingrg/javascript/easyui/themes/default/validatebox.css HTTP/1.1" 404 1104
172.17.200.101 - - [03/Jan/2021:10:34:30 +0800] "GET /xingrg/all/function/internal_message.html?_=1609641271777&CODE_STATE=getMsg HTTP/1.1" 200 27
101.85.52.2 - - [03/Jan/2021:10:34:31 +0800] "POST /xingrg/dwr/call/plaincall/AjaxComOrderService.getMaterielSearchList.dwr HTTP/1.1" 200 689
101.85.52.2 - - [03/Jan/2021:10:34:31 +0800] "POST /xingrg/dwr/call/plaincall/AjaxComOrderService.getMaterielSearchList.dwr HTTP/1.1" 200 689
180.162.223.42 - - [03/Jan/2021:10:34:32 +0800] "GET /xingrg/all/function/internal_message.html?_=1609641273703&CODE_STATE=getMsg HTTP/1.1" 200 27
101.85.52.2 - - [03/Jan/2021:10:34:33 +0800] "POST /xingrg/dwr/call/plaincall/AjaxComOrderService.getMaterielByCode.dwr HTTP/1.1" 200 1430
222.69.134.95 - - [03/Jan/2021:10:34:33 +0800] "POST /xingrg/kc/buy/cgsh_order_operate.html HTTP/1.1" 200 37
180.162.223.42 - - [03/Jan/2021:10:34:36 +0800] "GET /xingrg/kc/buy/cgsh_order_operate.html?command=get_materiel&rest_code=00105&code=00101005036&supplier_code=00100334&order_time=2021-01-03 HTTP/1.1" 200 409
180.156.237.57 - - [03/Jan/2021:10:34:36 +0800] "GET /xingrg/all/function/internal_message.html?_=1609641257720&CODE_STATE=getMsg HTTP/1.1" 200 27
222.69.134.95 - - [03/Jan/2021:10:34:36 +0800] "POST /xingrg/kc/buy/cgsh_order_operate.html HTTP/1.1" 200 12
222.69.134.95 - - [03/Jan/2021:10:34:37 +0800] "GET /xingrg/kc/buy/cgsh_order_info.html?code=212021010301064 HTTP/1.1" 200 56334
101.85.52.2 - - [03/Jan/2021:10:34:37 +0800] "POST /xingrg/dwr/call/plaincall/AjaxCheckService.setItemNumber.dwr HTTP/1.1" 200 77
222.69.134.95 - - [03/Jan/2021:10:34:37 +0800] "GET /xingrg/javascript/easyui/themes/default/validatebox.css HTTP/1.1" 404 1104
101.228.166.101 - - [03/Jan/2021:10:34:38 +0800] "GET /xingrg/all/function/internal_message.html?_=1609641271171&CODE_STATE=getMsg HTTP/1.1" 200 27
222.69.134.95 - - [03/Jan/2021:10:34:38 +0800] "POST /xingrg/kc/buy/cgsh_order_operate.html HTTP/1.1" 200 2380
222.69.134.95 - - [03/Jan/2021:10:34:39 +0800] "GET /xingrg/kc/print/load_data.html?order_code=212021010301064&kc_code=cgsh&condition= HTTP/1.1" 200 1481
172.17.200.101 - - [03/Jan/2021:10:34:41 +0800] "POST /xingrg/all/user/operate.html HTTP/1.1" 200 36
172.17.200.101 - - [03/Jan/2021:10:34:41 +0800] "GET /xingrg/index.html?sysBaseUrl=http%3A%2F%2F172.17.0.8%3A18081%2Fxingrg%2F&costTime=48×tamp=1609637086560 HTTP/1.1" 200 17454
172.17.200.101 - - [03/Jan/2021:10:34:41 +0800] "GET /xingrg/javascript/jquery_easy_ui/themes/default/easyui.css HTTP/1.1" 304 -
172.17.200.101 - - [03/Jan/2021:10:34:41 +0800] "GET /xingrg/javascript/jquery_easy_ui/themes/icon.css HTTP/1.1" 304 -
172.17.200.101 - - [03/Jan/2021:10:34:41 +0800] "GET /xingrg/css/form.css HTTP/1.1" 304 -
172.17.200.101 - - [03/Jan/2021:10:34:41 +0800] "GET /xingrg/javascript/jquery-1.4.2.min.js HTTP/1.1" 304 -
172.17.200.101 - - [03/Jan/2021:10:34:41 +0800] "GET /xingrg/javascript/jquery_easy_ui/jquery.easyui.min.js HTTP/1.1" 304 -
172.17.200.101 - - [03/Jan/2021:10:34:41 +0800] "GET /xingrg/javascript/jquery_easy_ui/easyui-lang-zh_CN.js HTTP/1.1" 304 -
172.17.200.101 - - [03/Jan/2021:10:34:41 +0800] "GET /xingrg/javascript/jquery.form.js HTTP/1.1" 304 -
172.17.200.101 - - [03/Jan/2021:10:34:41 +0800] "GET /xingrg/javascript/jquery.utils.js HTTP/1.1" 304 -
172.17.200.101 - - [03/Jan/2021:10:34:41 +0800] "GET /xingrg/javascript/jquery.timers.js HTTP/1.1" 304 -
172.17.200.101 - - [03/Jan/2021:10:34:41 +0800] "GET /xingrg/images/blue/jxLogo.png HTTP/1.1" 304 -
172.17.200.101 - - [03/Jan/2021:10:34:41 +0800] "GET /xingrg/images/blue/navBackgound.jpg HTTP/1.1" 304 -
172.17.200.101 - - [03/Jan/2021:10:34:41 +0800] "GET /xingrg/javascript/jquery_easy_ui/themes/icons/settle_new.png HTTP/1.1" 304 -
172.17.200.101 - - [03/Jan/2021:10:34:41 +0800] "POST /xingrg/all/common/load_tree.html?tree=area_rest_tree_json&manage=1 HTTP/1.1" 200 3216
172.17.200.101 - - [03/Jan/2021:10:34:41 +0800] "GET /xingrg/all/function/internal_message.html?_=1609641282552&CODE_STATE=count HTTP/1.1" 200 11
172.17.200.101 - - [03/Jan/2021:10:34:41 +0800] "GET /xingrg/check_reg.html?_=1609641282554 HTTP/1.1" 200 22
172.17.200.101 - - [03/Jan/2021:10:34:41 +0800] "GET /xingrg/javascript/jquery_easy_ui/themes/default/images/panel_tool_expand.gif HTTP/1.1" 304 -
172.17.200.101 - - [03/Jan/2021:10:34:41 +0800] "GET /xingrg/javascript/jquery_easy_ui/themes/default/images/tabs_rightarrow.png HTTP/1.1" 304 -
172.17.200.101 - - [03/Jan/2021:10:34:41 +0800] "GET /xingrg/javascript/jquery_easy_ui/themes/default/images/tabs_leftarrow.png HTTP/1.1" 304 -
172.17.200.101 - - [03/Jan/2021:10:34:41 +0800] "GET /xingrg/javascript/jquery_easy_ui/themes/default/images/panel_tool_collapse.gif HTTP/1.1" 304 -
172.17.200.101 - - [03/Jan/2021:10:34:41 +0800] "GET /xingrg/images/blue/pingpu.png HTTP/1.1" 304 -
172.17.200.101 - - [03/Jan/2021:10:34:41 +0800] "POST /xingrg/load_menu.html HTTP/1.1" 200 9924
172.17.200.101 - - [03/Jan/2021:10:34:43 +0800] "GET /xingrg/kc/buy/cgsh_order_list.html HTTP/1.1" 200 45882
58.35.244.144 - - [03/Jan/2021:10:34:43 +0800] "POST /xingrg/kc/buy/cgsh_order_operate.html HTTP/1.1" 200 37
58.35.244.144 - - [03/Jan/2021:10:34:44 +0800] "POST /xingrg/kc/buy/cgsh_order_operate.html HTTP/1.1" 200 2674
58.35.244.144 - - [03/Jan/2021:10:34:45 +0800] "GET /xingrg/all/function/internal_message.html?_=1609641281919&CODE_STATE=getMsg HTTP/1.1" 302 -
180.162.223.42 - - [03/Jan/2021:10:34:45 +0800] "POST /xingrg/kc/buy/cgsh_order_operate.html HTTP/1.1" 200 37
58.35.244.144 - - [03/Jan/2021:10:34:45 +0800] "GET /xingrg/kc/print/load_data.html?order_code=212021010301065&kc_code=cgsh&condition= HTTP/1.1" 200 699
172.17.200.101 - - [03/Jan/2021:10:34:46 +0800] "POST /xingrg/kc/buy/cgsh_list_operate.html HTTP/1.1" 200 2027
180.162.223.42 - - [03/Jan/2021:10:34:46 +0800] "POST /xingrg/kc/buy/cgsh_order_operate.html HTTP/1.1" 200 2655
172.17.200.101 - - [03/Jan/2021:10:34:47 +0800] "GET /xingrg/kc/base/wldb_order_list.html HTTP/1.1" 200 19580
172.17.200.101 - - [03/Jan/2021:10:34:47 +0800] "POST /xingrg/kc/base/wldb_list_operate.html HTTP/1.1" 200 928
180.162.223.42 - - [03/Jan/2021:10:34:48 +0800] "GET /xingrg/kc/print/load_data.html?order_code=212021010301066&kc_code=cgsh&condition= HTTP/1.1" 200 666
180.162.223.42 - - [03/Jan/2021:10:34:50 +0800] "GET /xingrg/check_reg.html?_=1609641291143 HTTP/1.1" 200 22
58.35.244.144 - - [03/Jan/2021:10:34:53 +0800] "GET /xingrg/kc/buy/cgsh_order_add.html HTTP/1.1" 200 61378
58.35.244.144 - - [03/Jan/2021:10:34:54 +0800] "GET /xingrg/javascript/easyui/themes/default/validatebox.css HTTP/1.1" 404 1104
58.35.244.144 - - [03/Jan/2021:10:34:54 +0800] "POST /xingrg/kc/buy/cgsh_order_operate.html HTTP/1.1" 200 8245
172.17.200.101 - - [03/Jan/2021:10:34:55 +0800] "GET /xingrg/javascript/easyui/themes/default/tree.css HTTP/1.1" 404 1090
172.17.200.101 - - [03/Jan/2021:10:34:55 +0800] "POST /xingrg/all/common/load_tree.html?tree=rest_base_tree_json HTTP/1.1" 200 71360
58.37.230.33 - - [03/Jan/2021:10:34:58 +0800] "GET /xingrg/all/function/internal_message.html?_=1609641302914&CODE_STATE=getMsg HTTP/1.1" 200 27
180.162.223.42 - - [03/Jan/2021:10:35:00 +0800] "GET /xingrg/kc/buy/cgsh_order_add.html HTTP/1.1" 200 61425
180.162.223.42 - - [03/Jan/2021:10:35:00 +0800] "GET /xingrg/javascript/easyui/themes/default/validatebox.css HTTP/1.1" 404 1104
180.162.223.42 - - [03/Jan/2021:10:35:00 +0800] "POST /xingrg/kc/buy/cgsh_order_operate.html HTTP/1.1" 200 8245
180.156.237.57 - - [03/Jan/2021:10:35:02 +0800] "GET /xingrg/all/function/internal_message.html?_=1609641302610&CODE_STATE=getMsg HTTP/1.1" 200 27
180.175.150.119 - - [03/Jan/2021:10:35:03 +0800] "GET /xingrg/all/function/internal_message.html?_=1609641541344&CODE_STATE=getMsg HTTP/1.1" 200 27
114.86.227.213 - - [03/Jan/2021:10:35:04 +0800] "GET /xingrg/all/function/internal_message.html?_=1609641374682&CODE_STATE=getMsg HTTP/1.1" 200 27
222.69.134.95 - - [03/Jan/2021:10:35:04 +0800] "GET /xingrg/kc/buy/cgsh_order_add.html HTTP/1.1" 200 61431
58.35.244.144 - - [03/Jan/2021:10:35:04 +0800] "GET /xingrg/all/function/internal_message.html?_=1609641462817&CODE_STATE=getMsg HTTP/1.1" 200 27
222.69.134.95 - - [03/Jan/2021:10:35:05 +0800] "POST /xingrg/kc/buy/cgsh_order_operate.html HTTP/1.1" 200 8245
222.69.134.95 - - [03/Jan/2021:10:35:05 +0800] "GET /xingrg/javascript/easyui/themes/default/validatebox.css HTTP/1.1" 404 1104
172.17.0.108 - - [03/Jan/2021:10:35:07 +0800] "GET /xingrg/all/function/internal_message.html?_=1609641308106&CODE_STATE=getMsg HTTP/1.1" 200 27
117.131.5.26 - - [03/Jan/2021:10:35:08 +0800] "GET /xingrg/all/function/internal_message.html?_=1609641356569&CODE_STATE=getMsg HTTP/1.1" 200 27
180.162.108.15 - - [03/Jan/2021:10:35:09 +0800] "GET /xingrg/all/function/internal_message.html?_=1609641190964&CODE_STATE=getMsg HTTP/1.1" 200 27
180.162.108.15 - - [03/Jan/2021:10:35:09 +0800] "GET /xingrg/check_reg.html?_=1609641190967 HTTP/1.1" 200 22
58.35.244.144 - - [03/Jan/2021:10:35:10 +0800] "GET /xingrg/kc/buy/cgsh_order_operate.html?command=get_materiel&rest_code=00111&code=00101001051&supplier_code=00100094&order_time=2021-01-03 HTTP/1.1" 200 422
101.228.166.101 - - [03/Jan/2021:10:35:10 +0800] "GET /xingrg/check_reg.html?_=1609641312451 HTTP/1.1" 200 22
172.17.200.101 - - [03/Jan/2021:10:35:11 +0800] "POST /xingrg/kc/base/wldb_list_operate.html HTTP/1.1" 200 928
101.228.166.101 - - [03/Jan/2021:10:35:12 +0800] "GET /xingrg/all/function/internal_message.html?_=1609641314128&CODE_STATE=getMsg HTTP/1.1" 200 27
117.184.7.26 - - [03/Jan/2021:10:35:12 +0800] "GET /xingrg/all/function/internal_message.html?_=1609641312695&CODE_STATE=getMsg HTTP/1.1" 200 27
172.17.0.120 - - [03/Jan/2021:10:35:14 +0800] "GET /xingrg/all/function/internal_message.html?_=1609641314371&CODE_STATE=getMsg HTTP/1.1" 200 27
172.17.200.101 - - [03/Jan/2021:10:35:16 +0800] "POST /xingrg/all/common/load_tree.html?tree=rest_base_tree_json HTTP/1.1" 200 71360
222.69.134.95 - - [03/Jan/2021:10:35:17 +0800] "GET /xingrg/all/function/internal_message.html?_=1609641318268&CODE_STATE=getMsg HTTP/1.1" 200 27
172.17.200.101 - - [03/Jan/2021:10:35:20 +0800] "POST /xingrg/kc/base/wldb_list_operate.html HTTP/1.1" 200 928
116.228.172.94 - - [03/Jan/2021:10:35:21 +0800] "GET /xingrg/all/function/internal_message.html?_=1609641321524&CODE_STATE=getMsg HTTP/1.1" 200 27
180.162.223.42 - - [03/Jan/2021:10:35:21 +0800] "GET /xingrg/kc/buy/cgsh_order_operate.html?command=get_materiel&rest_code=00105&code=00101001044&supplier_code=00100319&order_time=2021-01-03 HTTP/1.1" 200 411
58.35.244.144 - - [03/Jan/2021:10:35:23 +0800] "GET /xingrg/kc/buy/cgsh_order_operate.html?command=get_materiel&rest_code=00111&code=00101002018&supplier_code=00100094&order_time=2021-01-03 HTTP/1.1" 200 414
172.17.0.115 - - [03/Jan/2021:10:35:24 +0800] "GET /xingrg/all/function/internal_message.html?_=1609641326175&CODE_STATE=getMsg HTTP/1.1" 200 27
172.17.200.101 - - [03/Jan/2021:10:35:24 +0800] "POST /xingrg/kc/base/wldb_list_operate.html HTTP/1.1" 200 6196
101.85.52.2 - - [03/Jan/2021:10:35:25 +0800] "POST /xingrg/dwr/call/plaincall/AjaxCheckService.setItemNumber.dwr HTTP/1.1" 200 77
101.85.52.2 - - [03/Jan/2021:10:35:26 +0800] "GET /xingrg/all/function/internal_message.html?_=1609641325955&CODE_STATE=getMsg HTTP/1.1" 200 27
172.17.200.101 - - [03/Jan/2021:10:35:27 +0800] "POST /xingrg/kc/base/wldb_list_operate.html HTTP/1.1" 200 6321
172.17.200.101 - - [03/Jan/2021:10:35:30 +0800] "POST /xingrg/kc/base/wldb_list_operate.html HTTP/1.1" 200 6314
101.85.52.2 - - [03/Jan/2021:10:35:30 +0800] "POST /xingrg/dwr/call/plaincall/AjaxCheckService.setItemNumber.dwr HTTP/1.1" 200 77
180.162.223.42 - - [03/Jan/2021:10:35:32 +0800] "GET /xingrg/all/function/internal_message.html?_=1609641333670&CODE_STATE=getMsg HTTP/1.1" 200 27
172.17.200.101 - - [03/Jan/2021:10:35:33 +0800] "POST /xingrg/kc/base/wldb_list_operate.html HTTP/1.1" 200 6318
180.162.223.42 - - [03/Jan/2021:10:35:34 +0800] "GET /xingrg/kc/buy/cgsh_order_operate.html?command=get_materiel&rest_code=00105&code=00101001125&supplier_code=00100319&order_time=2021-01-03 HTTP/1.1" 200 415
172.17.200.101 - - [03/Jan/2021:10:35:35 +0800] "POST /xingrg/kc/base/wldb_list_operate.html HTTP/1.1" 200 207
180.156.237.57 - - [03/Jan/2021:10:35:36 +0800] "GET /xingrg/all/function/internal_message.html?_=1609641317728&CODE_STATE=getMsg HTTP/1.1" 200 27
101.228.166.101 - - [03/Jan/2021:10:35:38 +0800] "GET /xingrg/all/function/internal_message.html?_=1609641331170&CODE_STATE=getMsg HTTP/1.1" 200 27
172.17.200.101 - - [03/Jan/2021:10:35:41 +0800] "GET /xingrg/all/function/internal_message.html?_=1609641342577&CODE_STATE=getMsg HTTP/1.1" 200 27
58.35.244.144 - - [03/Jan/2021:10:35:41 +0800] "POST /xingrg/kc/buy/cgsh_order_operate.html HTTP/1.1" 200 37
58.35.244.144 - - [03/Jan/2021:10:35:42 +0800] "POST /xingrg/kc/buy/cgsh_order_operate.html HTTP/1.1" 200 3266
101.85.52.2 - - [03/Jan/2021:10:35:42 +0800] "POST /xingrg/dwr/call/plaincall/AjaxCheckService.checkOrder.dwr HTTP/1.1" 200 79
180.162.223.42 - - [03/Jan/2021:10:35:43 +0800] "GET /xingrg/kc/buy/cgsh_order_operate.html?command=get_materiel&rest_code=00105&code=00101001025&supplier_code=00100319&order_time=2021-01-03 HTTP/1.1" 200 419
101.85.52.2 - - [03/Jan/2021:10:35:43 +0800] "GET /xingrg/kc/base/check_order_info.html?code=452021010100003 HTTP/1.1" 200 22860
101.85.52.2 - - [03/Jan/2021:10:35:43 +0800] "GET /xingrg/dwr/interface/AjaxCheckService.js HTTP/1.1" 200 14003
101.85.52.2 - - [03/Jan/2021:10:35:43 +0800] "GET /xingrg/dwr/interface/AjaxComOrderService.js HTTP/1.1" 200 18264
101.85.52.2 - - [03/Jan/2021:10:35:43 +0800] "GET /xingrg/dwr/engine.js HTTP/1.1" 200 43631
101.85.52.2 - - [03/Jan/2021:10:35:44 +0800] "GET /xingrg/javascript/jquery_easy_ui/themes/icons/exam_new.png HTTP/1.1" 200 756
58.35.244.144 - - [03/Jan/2021:10:35:44 +0800] "GET /xingrg/kc/print/load_data.html?order_code=212021010301067&kc_code=cgsh&condition= HTTP/1.1" 200 990
172.17.200.101 - - [03/Jan/2021:10:35:44 +0800] "POST /xingrg/kc/base/wldb_list_operate.html HTTP/1.1" 200 4
101.85.52.2 - - [03/Jan/2021:10:35:45 +0800] "POST /xingrg/dwr/call/plaincall/AjaxCheckService.loadOrderItems.dwr HTTP/1.1" 200 68031
58.35.244.144 - - [03/Jan/2021:10:35:45 +0800] "GET /xingrg/all/function/internal_message.html?_=1609641341949&CODE_STATE=getMsg HTTP/1.1" 302 -
172.17.200.101 - - [03/Jan/2021:10:35:47 +0800] "POST /xingrg/kc/base/wldb_list_operate.html HTTP/1.1" 200 6196
172.17.200.101 - - [03/Jan/2021:10:35:51 +0800] "POST /xingrg/kc/base/wldb_list_operate.html HTTP/1.1" 200 1775
172.17.200.101 - - [03/Jan/2021:10:35:52 +0800] "POST /xingrg/kc/base/wldb_list_operate.html HTTP/1.1" 200 207
172.17.200.101 - - [03/Jan/2021:10:35:52 +0800] "GET /xingrg/kc/base/wldb_order_info.html?code=422020122903471 HTTP/1.1" 200 30484
172.17.200.101 - - [03/Jan/2021:10:35:52 +0800] "GET /xingrg/words/20210102114445_words.js HTTP/1.1" 200 784354
172.17.200.101 - - [03/Jan/2021:10:35:52 +0800] "GET /xingrg/all/common/auto_word.html?type=base&rest_code=00104 HTTP/1.1" 200 1753
172.17.200.101 - - [03/Jan/2021:10:35:52 +0800] "GET /xingrg/all/common/auto_word.html?type=base&rest_code=00104 HTTP/1.1" 200 1753
172.17.200.101 - - [03/Jan/2021:10:35:53 +0800] "GET /xingrg/javascript/easyui/themes/default/validatebox.css HTTP/1.1" 404 1104
172.17.200.101 - - [03/Jan/2021:10:35:53 +0800] "POST /xingrg/kc/base/wldb_order_operate.html HTTP/1.1" 200 2209
58.35.244.144 - - [03/Jan/2021:10:35:53 +0800] "GET /xingrg/kc/buy/cgsh_order_add.html HTTP/1.1" 200 61378
58.35.244.144 - - [03/Jan/2021:10:35:53 +0800] "POST /xingrg/kc/buy/cgsh_order_operate.html HTTP/1.1" 200 8245
58.35.244.144 - - [03/Jan/2021:10:35:53 +0800] "GET /xingrg/javascript/easyui/themes/default/validatebox.css HTTP/1.1" 404 1104
180.162.223.42 - - [03/Jan/2021:10:35:54 +0800] "POST /xingrg/kc/buy/cgsh_order_operate.html HTTP/1.1" 200 37
172.17.200.101 - - [03/Jan/2021:10:35:55 +0800] "GET /xingrg/javascript/auto/indicator.gif HTTP/1.1" 404 1066
180.162.223.42 - - [03/Jan/2021:10:35:56 +0800] "POST /xingrg/kc/buy/cgsh_order_operate.html HTTP/1.1" 200 3856
172.17.200.101 - - [03/Jan/2021:10:35:56 +0800] "GET /xingrg/javascript/jquery_tools/images/prev.gif HTTP/1.1" 404 1086
172.17.200.101 - - [03/Jan/2021:10:35:56 +0800] "GET /xingrg/javascript/jquery_tools/images/next.gif HTTP/1.1" 404 1086
116.228.172.94 - - [03/Jan/2021:10:35:58 +0800] "POST /xingrg/kc/buy/cgsh_order_operate.html HTTP/1.1" 200 37
58.37.230.33 - - [03/Jan/2021:10:35:58 +0800] "GET /xingrg/all/function/internal_message.html?_=1609641362894&CODE_STATE=getMsg HTTP/1.1" 200 27
180.156.237.57 - - [03/Jan/2021:10:36:02 +0800] "GET /xingrg/all/function/internal_message.html?_=1609641362611&CODE_STATE=getMsg HTTP/1.1" 200 27
172.17.200.101 - - [03/Jan/2021:10:36:02 +0800] "POST /xingrg/kc/base/wldb_order_operate.html HTTP/1.1" 200 37
172.17.200.101 - - [03/Jan/2021:10:36:03 +0800] "POST /xingrg/kc/base/wldb_order_operate.html HTTP/1.1" 200 12
172.17.200.101 - - [03/Jan/2021:10:36:03 +0800] "POST /xingrg/kc/base/wldb_order_operate.html HTTP/1.1" 200 2209
180.175.150.119 - - [03/Jan/2021:10:36:04 +0800] "GET /xingrg/all/function/internal_message.html?_=1609641601410&CODE_STATE=getMsg HTTP/1.1" 200 27
114.86.227.213 - - [03/Jan/2021:10:36:04 +0800] "GET /xingrg/all/function/internal_message.html?_=1609641434671&CODE_STATE=getMsg HTTP/1.1" 200 27
172.17.200.101 - - [03/Jan/2021:10:36:04 +0800] "GET /xingrg/kc/base/wldb_order_info.html?code=422020122903471 HTTP/1.1" 200 26610
172.17.200.101 - - [03/Jan/2021:10:36:04 +0800] "GET /xingrg/javascript/easyui/themes/default/validatebox.css HTTP/1.1" 404 1104
172.17.200.101 - - [03/Jan/2021:10:36:04 +0800] "POST /xingrg/kc/base/wldb_order_operate.html HTTP/1.1" 200 504
58.35.244.144 - - [03/Jan/2021:10:36:04 +0800] "GET /xingrg/all/function/internal_message.html?_=1609641522816&CODE_STATE=getMsg HTTP/1.1" 200 27
58.35.244.144 - - [03/Jan/2021:10:36:04 +0800] "GET /xingrg/check_reg.html?_=1609641522819 HTTP/1.1" 200 22
116.228.172.94 - - [03/Jan/2021:10:36:06 +0800] "POST /xingrg/kc/buy/cgsh_order_operate.html HTTP/1.1" 200 7449
58.35.244.144 - - [03/Jan/2021:10:36:06 +0800] "GET /xingrg/kc/buy/cgsh_order_operate.html?command=get_materiel&rest_code=00111&code=00101008314&supplier_code=00100339&order_time=2021-01-03 HTTP/1.1" 200 413
172.17.0.108 - - [03/Jan/2021:10:36:07 +0800] "GET /xingrg/all/function/internal_message.html?_=1609641368104&CODE_STATE=getMsg HTTP/1.1" 200 27
180.162.223.42 - - [03/Jan/2021:10:36:08 +0800] "POST /xingrg/kc/buy/cgsh_order_operate.html HTTP/1.1" 200 37
180.162.223.42 - - [03/Jan/2021:10:36:09 +0800] "POST /xingrg/kc/buy/cgsh_order_operate.html HTTP/1.1" 200 3856
180.162.108.15 - - [03/Jan/2021:10:36:09 +0800] "GET /xingrg/all/function/internal_message.html?_=1609641250967&CODE_STATE=getMsg HTTP/1.1" 200 27
180.162.223.42 - - [03/Jan/2021:10:36:10 +0800] "GET /xingrg/kc/print/load_data.html?order_code=212021010301068&kc_code=cgsh&condition= HTTP/1.1" 200 1136
101.228.166.101 - - [03/Jan/2021:10:36:12 +0800] "GET /xingrg/all/function/internal_message.html?_=1609641374414&CODE_STATE=getMsg HTTP/1.1" 200 27
117.184.7.26 - - [03/Jan/2021:10:36:12 +0800] "GET /xingrg/all/function/internal_message.html?_=1609641372690&CODE_STATE=getMsg HTTP/1.1" 200 27
180.162.223.42 - - [03/Jan/2021:10:36:13 +0800] "GET /xingrg/kc/buy/cgsh_order_add.html HTTP/1.1" 200 61425
172.17.0.120 - - [03/Jan/2021:10:36:13 +0800] "POST /xingrg/all/user/operate.html HTTP/1.1" 200 36
172.17.0.120 - - [03/Jan/2021:10:36:13 +0800] "GET /xingrg/index.html?sysBaseUrl=http%3A%2F%2F172.17.0.8%3A18081%2Fxingrg%2F&costTime=42×tamp=1609637751227 HTTP/1.1" 200 17448
172.17.0.120 - - [03/Jan/2021:10:36:13 +0800] "GET /xingrg/javascript/jquery_easy_ui/themes/default/easyui.css HTTP/1.1" 304 -
172.17.0.120 - - [03/Jan/2021:10:36:13 +0800] "GET /xingrg/javascript/jquery_easy_ui/themes/icon.css HTTP/1.1" 304 -
172.17.0.120 - - [03/Jan/2021:10:36:13 +0800] "GET /xingrg/css/form.css HTTP/1.1" 304 -
172.17.0.120 - - [03/Jan/2021:10:36:13 +0800] "GET /xingrg/javascript/jquery-1.4.2.min.js HTTP/1.1" 304 -
172.17.0.120 - - [03/Jan/2021:10:36:13 +0800] "GET /xingrg/javascript/jquery_easy_ui/jquery.easyui.min.js HTTP/1.1" 304 -
172.17.0.120 - - [03/Jan/2021:10:36:13 +0800] "GET /xingrg/javascript/jquery_easy_ui/easyui-lang-zh_CN.js HTTP/1.1" 304 -
172.17.0.120 - - [03/Jan/2021:10:36:13 +0800] "GET /xingrg/javascript/jquery.form.js HTTP/1.1" 304 -
172.17.0.120 - - [03/Jan/2021:10:36:13 +0800] "GET /xingrg/javascript/jquery.utils.js HTTP/1.1" 304 -
172.17.0.120 - - [03/Jan/2021:10:36:13 +0800] "GET /xingrg/javascript/jquery.timers.js HTTP/1.1" 304 -
172.17.0.120 - - [03/Jan/2021:10:36:13 +0800] "GET /xingrg/images/blue/jxLogo.png HTTP/1.1" 304 -
172.17.0.120 - - [03/Jan/2021:10:36:13 +0800] "GET /xingrg/javascript/jquery_easy_ui/themes/icons/settle_new.png HTTP/1.1" 304 -
172.17.0.120 - - [03/Jan/2021:10:36:13 +0800] "GET /xingrg/images/blue/navBackgound.jpg HTTP/1.1" 304 -
172.17.0.120 - - [03/Jan/2021:10:36:13 +0800] "POST /xingrg/all/common/load_tree.html?tree=area_rest_tree_json&manage=1 HTTP/1.1" 200 3344
180.162.223.42 - - [03/Jan/2021:10:36:14 +0800] "GET /xingrg/javascript/easyui/themes/default/validatebox.css HTTP/1.1" 404 1104
180.162.223.42 - - [03/Jan/2021:10:36:14 +0800] "POST /xingrg/kc/buy/cgsh_order_operate.html HTTP/1.1" 200 8245
172.17.0.120 - - [03/Jan/2021:10:36:14 +0800] "GET /xingrg/all/function/internal_message.html?_=1609641373921&CODE_STATE=count HTTP/1.1" 200 11
172.17.0.120 - - [03/Jan/2021:10:36:14 +0800] "GET /xingrg/check_reg.html?_=1609641373923 HTTP/1.1" 200 22
172.17.0.120 - - [03/Jan/2021:10:36:14 +0800] "GET /xingrg/images/blue/pingpu.png HTTP/1.1" 304 -
172.17.0.120 - - [03/Jan/2021:10:36:14 +0800] "GET /xingrg/javascript/jquery_easy_ui/themes/default/images/panel_tool_collapse.gif HTTP/1.1" 304 -
172.17.0.120 - - [03/Jan/2021:10:36:14 +0800] "GET /xingrg/javascript/jquery_easy_ui/themes/default/images/panel_tool_expand.gif HTTP/1.1" 304 -
172.17.0.120 - - [03/Jan/2021:10:36:14 +0800] "GET /xingrg/javascript/jquery_easy_ui/themes/default/images/tabs_leftarrow.png HTTP/1.1" 304 -
172.17.0.120 - - [03/Jan/2021:10:36:14 +0800] "GET /xingrg/javascript/jquery_easy_ui/themes/default/images/tabs_rightarrow.png HTTP/1.1" 304 -
172.17.0.120 - - [03/Jan/2021:10:36:14 +0800] "POST /xingrg/load_menu.html HTTP/1.1" 200 9924
116.228.172.94 - - [03/Jan/2021:10:36:14 +0800] "GET /xingrg/kc/buy/buy_main.html HTTP/1.1" 200 12412
116.228.172.94 - - [03/Jan/2021:10:36:14 +0800] "GET /xingrg/css/new_ie.css HTTP/1.1" 404 1036
116.228.172.94 - - [03/Jan/2021:10:36:15 +0800] "GET /xingrg/images/yd/bt.gif HTTP/1.1" 404 1040
116.228.172.94 - - [03/Jan/2021:10:36:16 +0800] "GET /xingrg/kc/buy/cgsh_order_list.html HTTP/1.1" 200 45647
172.17.0.120 - - [03/Jan/2021:10:36:16 +0800] "GET /xingrg/kc/base/base_main.html HTTP/1.1" 200 12132
117.131.5.26 - - [03/Jan/2021:10:36:17 +0800] "GET /xingrg/all/function/internal_message.html?_=1609641425363&CODE_STATE=getMsg HTTP/1.1" 200 27
222.69.134.95 - - [03/Jan/2021:10:36:17 +0800] "GET /xingrg/all/function/internal_message.html?_=1609641378267&CODE_STATE=getMsg HTTP/1.1" 200 27
116.228.172.94 - - [03/Jan/2021:10:36:18 +0800] "POST /xingrg/kc/buy/cgsh_list_operate.html HTTP/1.1" 200 5061
172.17.0.120 - - [03/Jan/2021:10:36:20 +0800] "GET /xingrg/kc/base/check_order_list.html HTTP/1.1" 200 16700
172.17.0.120 - - [03/Jan/2021:10:36:20 +0800] "POST /xingrg/kc/base/check_list_operate.html HTTP/1.1" 200 3192
116.228.172.94 - - [03/Jan/2021:10:36:20 +0800] "GET /xingrg/all/function/internal_message.html?_=1609641381500&CODE_STATE=getMsg HTTP/1.1" 200 27
116.228.172.94 - - [03/Jan/2021:10:36:21 +0800] "POST /xingrg/kc/buy/cgsh_list_operate.html HTTP/1.1" 200 564
222.69.134.95 - - [03/Jan/2021:10:36:21 +0800] "GET /xingrg/kc/buy/cgsh_order_operate.html?command=get_materiel&rest_code=00149&code=00101020153&supplier_code=00100036&order_time=2021-01-03 HTTP/1.1" 200 408
116.228.172.94 - - [03/Jan/2021:10:36:22 +0800] "GET /xingrg/kc/buy/cgsh_order_info.html?code=212021010301006 HTTP/1.1" 200 61475
116.228.172.94 - - [03/Jan/2021:10:36:23 +0800] "GET /xingrg/javascript/easyui/themes/default/validatebox.css HTTP/1.1" 404 1104
172.17.0.120 - - [03/Jan/2021:10:36:23 +0800] "GET /xingrg/kc/base/base_main.html HTTP/1.1" 200 12132
116.228.172.94 - - [03/Jan/2021:10:36:23 +0800] "POST /xingrg/kc/buy/cgsh_order_operate.html HTTP/1.1" 200 41677
172.17.0.115 - - [03/Jan/2021:10:36:24 +0800] "GET /xingrg/all/function/internal_message.html?_=1609641386185&CODE_STATE=getMsg HTTP/1.1" 200 27
172.17.0.120 - - [03/Jan/2021:10:36:24 +0800] "GET /xingrg/kc/base/wldb_order_list.html HTTP/1.1" 200 19574
172.17.0.120 - - [03/Jan/2021:10:36:25 +0800] "POST /xingrg/kc/base/wldb_list_operate.html HTTP/1.1" 200 928
180.162.223.42 - - [03/Jan/2021:10:36:25 +0800] "GET /xingrg/kc/buy/cgsh_order_operate.html?command=get_materiel&rest_code=00105&code=00101002035&supplier_code=00100088&order_time=2021-01-03 HTTP/1.1" 200 414
101.85.52.2 - - [03/Jan/2021:10:36:26 +0800] "GET /xingrg/all/function/internal_message.html?_=1609641385952&CODE_STATE=getMsg HTTP/1.1" 200 27
172.17.0.120 - - [03/Jan/2021:10:36:26 +0800] "GET /xingrg/kc/base/base_main.html HTTP/1.1" 200 12132
172.17.0.120 - - [03/Jan/2021:10:36:27 +0800] "GET /xingrg/kc/base/yddb_order_list.html HTTP/1.1" 200 16925
172.17.0.120 - - [03/Jan/2021:10:36:28 +0800] "POST /xingrg/kc/base/yddb_list_operate.html HTTP/1.1" 200 636
172.17.0.120 - - [03/Jan/2021:10:36:30 +0800] "POST /xingrg/kc/base/yddb_list_operate.html HTTP/1.1" 200 4274
180.162.223.42 - - [03/Jan/2021:10:36:32 +0800] "GET /xingrg/all/function/internal_message.html?_=1609641393639&CODE_STATE=getMsg HTTP/1.1" 200 27
222.69.134.95 - - [03/Jan/2021:10:36:34 +0800] "GET /xingrg/kc/buy/cgsh_order_operate.html?command=get_materiel&rest_code=00149&code=00101012025&supplier_code=00100036&order_time=2021-01-03 HTTP/1.1" 200 412
180.156.237.57 - - [03/Jan/2021:10:36:36 +0800] "GET /xingrg/all/function/internal_message.html?_=1609641377751&CODE_STATE=getMsg HTTP/1.1" 200 27
172.17.0.120 - - [03/Jan/2021:10:36:36 +0800] "POST /xingrg/kc/base/yddb_list_operate.html HTTP/1.1" 200 222
101.228.166.101 - - [03/Jan/2021:10:36:38 +0800] "GET /xingrg/all/function/internal_message.html?_=1609641391172&CODE_STATE=getMsg HTTP/1.1" 200 27
172.17.0.120 - - [03/Jan/2021:10:36:38 +0800] "GET /xingrg/kc/base/yddb_order_info.html?code=482021010300025 HTTP/1.1" 200 31382
172.17.0.120 - - [03/Jan/2021:10:36:38 +0800] "GET /xingrg/dwr/interface/AjaxComOrderService.js HTTP/1.1" 200 18264
172.17.0.120 - - [03/Jan/2021:10:36:38 +0800] "GET /xingrg/dwr/interface/AjaxYddbService.js HTTP/1.1" 200 13201
172.17.0.120 - - [03/Jan/2021:10:36:38 +0800] "GET /xingrg/dwr/engine.js HTTP/1.1" 200 43631
172.17.0.120 - - [03/Jan/2021:10:36:38 +0800] "GET /xingrg/javascript/checkform.js HTTP/1.1" 200 18351
172.17.0.120 - - [03/Jan/2021:10:36:38 +0800] "GET /xingrg/javascript/Grid.js HTTP/1.1" 200 58908
172.17.0.120 - - [03/Jan/2021:10:36:38 +0800] "GET /xingrg/javascript/jquery_easy_ui/themes/icons/edit_add_new.png HTTP/1.1" 200 2997
172.17.0.120 - - [03/Jan/2021:10:36:38 +0800] "GET /xingrg/images/blue/wait.gif HTTP/1.1" 200 1100
172.17.0.120 - - [03/Jan/2021:10:36:38 +0800] "GET /xingrg/images/blue/kc_tab_left.gif HTTP/1.1" 200 188
172.17.0.120 - - [03/Jan/2021:10:36:38 +0800] "GET /xingrg/images/blue/kc_tab_mid.gif HTTP/1.1" 200 44
172.17.0.120 - - [03/Jan/2021:10:36:38 +0800] "GET /xingrg/images/blue/kc_tab_right.gif HTTP/1.1" 200 643
172.17.0.120 - - [03/Jan/2021:10:36:38 +0800] "POST /xingrg/dwr/call/plaincall/AjaxYddbService.loadMaterielItems.dwr HTTP/1.1" 200 467
172.17.200.101 - - [03/Jan/2021:10:36:41 +0800] "GET /xingrg/all/function/internal_message.html?_=1609641402574&CODE_STATE=getMsg HTTP/1.1" 200 27
58.35.244.144 - - [03/Jan/2021:10:36:42 +0800] "GET /xingrg/kc/buy/cgsh_order_operate.html?command=get_materiel&rest_code=00111&code=00101019150&supplier_code=00100339&order_time=2021-01-03 HTTP/1.1" 200 434
58.35.244.144 - - [03/Jan/2021:10:36:45 +0800] "GET /xingrg/all/function/internal_message.html?_=1609641401961&CODE_STATE=getMsg HTTP/1.1" 302 -
222.69.134.95 - - [03/Jan/2021:10:36:45 +0800] "GET /xingrg/kc/buy/cgsh_order_operate.html?command=get_materiel&rest_code=00149&code=00101010092&supplier_code=00100036&order_time=2021-01-03 HTTP/1.1" 200 450
180.162.223.42 - - [03/Jan/2021:10:36:47 +0800] "GET /xingrg/kc/buy/cgsh_order_operate.html?command=get_materiel&rest_code=00105&code=00101004011&supplier_code=00100088&order_time=2021-01-03 HTTP/1.1" 200 413
222.69.134.95 - - [03/Jan/2021:10:36:54 +0800] "GET /xingrg/kc/buy/cgsh_order_operate.html?command=get_materiel&rest_code=00149&code=00101016030&supplier_code=00100036&order_time=2021-01-03 HTTP/1.1" 200 412
58.37.230.33 - - [03/Jan/2021:10:36:58 +0800] "GET /xingrg/all/function/internal_message.html?_=1609641422868&CODE_STATE=getMsg HTTP/1.1" 200 27
180.156.237.57 - - [03/Jan/2021:10:37:02 +0800] "GET /xingrg/all/function/internal_message.html?_=1609641422611&CODE_STATE=getMsg HTTP/1.1" 200 27
180.175.150.119 - - [03/Jan/2021:10:37:04 +0800] "GET /xingrg/all/function/internal_message.html?_=1609641661417&CODE_STATE=getMsg HTTP/1.1" 200 27
114.86.227.213 - - [03/Jan/2021:10:37:04 +0800] "GET /xingrg/check_reg.html?_=1609641494671 HTTP/1.1" 200 22
114.86.227.213 - - [03/Jan/2021:10:37:04 +0800] "GET /xingrg/all/function/internal_message.html?_=1609641494672&CODE_STATE=getMsg HTTP/1.1" 200 27
180.162.223.42 - - [03/Jan/2021:10:37:04 +0800] "POST /xingrg/kc/buy/cgsh_order_operate.html HTTP/1.1" 200 37
58.35.244.144 - - [03/Jan/2021:10:37:04 +0800] "GET /xingrg/all/function/internal_message.html?_=1609641582818&CODE_STATE=getMsg HTTP/1.1" 200 27
180.162.223.42 - - [03/Jan/2021:10:37:05 +0800] "POST /xingrg/kc/buy/cgsh_order_operate.html HTTP/1.1" 200 3259
180.162.223.42 - - [03/Jan/2021:10:37:06 +0800] "GET /xingrg/kc/print/load_data.html?order_code=212021010301069&kc_code=cgsh&condition= HTTP/1.1" 200 978
172.17.0.108 - - [03/Jan/2021:10:37:07 +0800] "GET /xingrg/all/function/internal_message.html?_=1609641428106&CODE_STATE=getMsg HTTP/1.1" 200 27
222.69.134.95 - - [03/Jan/2021:10:37:07 +0800] "GET /xingrg/kc/buy/cgsh_order_operate.html?command=get_materiel&rest_code=00149&code=00101012026&supplier_code=00100036&order_time=2021-01-03 HTTP/1.1" 200 408
180.162.108.15 - - [03/Jan/2021:10:37:09 +0800] "GET /xingrg/all/function/internal_message.html?_=1609641310967&CODE_STATE=getMsg HTTP/1.1" 200 27
180.162.223.42 - - [03/Jan/2021:10:37:10 +0800] "GET /xingrg/kc/buy/cgsh_order_add.html HTTP/1.1" 200 61425
180.162.223.42 - - [03/Jan/2021:10:37:11 +0800] "GET /xingrg/javascript/easyui/themes/default/validatebox.css HTTP/1.1" 404 1104
180.162.223.42 - - [03/Jan/2021:10:37:11 +0800] "POST /xingrg/kc/buy/cgsh_order_operate.html HTTP/1.1" 200 8245
101.228.166.101 - - [03/Jan/2021:10:37:12 +0800] "GET /xingrg/all/function/internal_message.html?_=1609641434421&CODE_STATE=getMsg HTTP/1.1" 200 27
117.184.7.26 - - [03/Jan/2021:10:37:12 +0800] "GET /xingrg/all/function/internal_message.html?_=1609641432693&CODE_STATE=getMsg HTTP/1.1" 200 27
117.184.7.26 - - [03/Jan/2021:10:37:12 +0800] "GET /xingrg/check_reg.html?_=1609641432697 HTTP/1.1" 200 22
172.17.0.120 - - [03/Jan/2021:10:37:14 +0800] "GET /xingrg/all/function/internal_message.html?_=1609641433930&CODE_STATE=getMsg HTTP/1.1" 200 27
116.228.172.94 - - [03/Jan/2021:10:37:17 +0800] "GET /xingrg/check_reg.html?_=1609641438031 HTTP/1.1" 200 22
222.69.134.95 - - [03/Jan/2021:10:37:17 +0800] "GET /xingrg/all/function/internal_message.html?_=1609641438266&CODE_STATE=getMsg HTTP/1.1" 200 27
222.69.134.95 - - [03/Jan/2021:10:37:18 +0800] "POST /xingrg/kc/buy/cgsh_order_operate.html HTTP/1.1" 200 37
180.162.223.42 - - [03/Jan/2021:10:37:19 +0800] "GET /xingrg/kc/buy/cgsh_order_operate.html?command=get_materiel&rest_code=00105&code=00101019547&supplier_code=00100338&order_time=2021-01-03 HTTP/1.1" 200 437
116.228.172.94 - - [03/Jan/2021:10:37:20 +0800] "GET /xingrg/all/function/internal_message.html?_=1609641441475&CODE_STATE=getMsg HTTP/1.1" 200 27
180.162.223.42 - - [03/Jan/2021:10:37:21 +0800] "POST /xingrg/all/common/load_select.html HTTP/1.1" 200 12
222.69.134.95 - - [03/Jan/2021:10:37:22 +0800] "POST /xingrg/kc/buy/cgsh_order_operate.html HTTP/1.1" 200 12
222.69.134.95 - - [03/Jan/2021:10:37:23 +0800] "GET /xingrg/kc/buy/cgsh_order_info.html?code=212021010301070 HTTP/1.1" 200 56336
222.69.134.95 - - [03/Jan/2021:10:37:24 +0800] "GET /xingrg/javascript/easyui/themes/default/validatebox.css HTTP/1.1" 404 1104
172.17.0.115 - - [03/Jan/2021:10:37:24 +0800] "GET /xingrg/all/function/internal_message.html?_=1609641446203&CODE_STATE=getMsg HTTP/1.1" 200 27
222.69.134.95 - - [03/Jan/2021:10:37:24 +0800] "POST /xingrg/kc/buy/cgsh_order_operate.html HTTP/1.1" 200 2971
180.162.223.42 - - [03/Jan/2021:10:37:24 +0800] "GET /xingrg/kc/buy/cgsh_order_operate.html?command=get_materiel_price&rest_code=00105&code=00101019547&unit_code=00100016&supplier_code=00100338&order_time=2021-01-03 HTTP/1.1" 200 28
180.156.237.57 - - [03/Jan/2021:10:37:25 +0800] "GET /xingrg/check_reg.html?_=1609641427042 HTTP/1.1" 200 22
117.131.5.26 - - [03/Jan/2021:10:37:26 +0800] "GET /xingrg/all/function/internal_message.html?_=1609641494189&CODE_STATE=getMsg HTTP/1.1" 200 27
58.35.244.144 - - [03/Jan/2021:10:37:26 +0800] "GET /xingrg/kc/buy/cgsh_order_operate.html?command=get_materiel&rest_code=00111&code=00101013089&supplier_code=00100339&order_time=2021-01-03 HTTP/1.1" 200 420
101.85.52.2 - - [03/Jan/2021:10:37:26 +0800] "GET /xingrg/all/function/internal_message.html?_=1609641445955&CODE_STATE=getMsg HTTP/1.1" 200 27
101.85.52.2 - - [03/Jan/2021:10:37:26 +0800] "GET /xingrg/check_reg.html?_=1609641445958 HTTP/1.1" 200 22
58.37.230.33 - - [03/Jan/2021:10:37:28 +0800] "GET /xingrg/check_reg.html?_=1609641452255 HTTP/1.1" 200 22
222.69.134.95 - - [03/Jan/2021:10:37:28 +0800] "GET /xingrg/kc/print/load_data.html?order_code=212021010301070&kc_code=cgsh&condition= HTTP/1.1" 200 1686
180.162.223.42 - - [03/Jan/2021:10:37:32 +0800] "GET /xingrg/all/function/internal_message.html?_=1609641453647&CODE_STATE=getMsg HTTP/1.1" 200 27
180.156.237.57 - - [03/Jan/2021:10:37:36 +0800] "GET /xingrg/all/function/internal_message.html?_=1609641437757&CODE_STATE=getMsg HTTP/1.1" 200 27
180.162.223.42 - - [03/Jan/2021:10:37:36 +0800] "POST /xingrg/kc/buy/cgsh_order_operate.html HTTP/1.1" 200 37
101.228.166.101 - - [03/Jan/2021:10:37:38 +0800] "GET /xingrg/all/function/internal_message.html?_=1609641451172&CODE_STATE=getMsg HTTP/1.1" 200 27
172.17.200.101 - - [03/Jan/2021:10:37:41 +0800] "GET /xingrg/all/function/internal_message.html?_=1609641462561&CODE_STATE=getMsg HTTP/1.1" 200 27
58.35.244.144 - - [03/Jan/2021:10:37:43 +0800] "POST /xingrg/kc/buy/cgsh_order_operate.html HTTP/1.1" 200 37
180.162.223.42 - - [03/Jan/2021:10:37:44 +0800] "POST /xingrg/kc/buy/cgsh_order_operate.html HTTP/1.1" 200 2682
58.35.244.144 - - [03/Jan/2021:10:37:45 +0800] "POST /xingrg/kc/buy/cgsh_order_operate.html HTTP/1.1" 200 3255
58.35.244.144 - - [03/Jan/2021:10:37:45 +0800] "GET /xingrg/all/function/internal_message.html?_=1609641461992&CODE_STATE=getMsg HTTP/1.1" 302 -
180.162.223.42 - - [03/Jan/2021:10:37:45 +0800] "GET /xingrg/kc/print/load_data.html?order_code=212021010301071&kc_code=cgsh&condition= HTTP/1.1" 200 701
58.35.244.144 - - [03/Jan/2021:10:37:46 +0800] "GET /xingrg/kc/print/load_data.html?order_code=212021010301072&kc_code=cgsh&condition= HTTP/1.1" 200 905
180.162.223.42 - - [03/Jan/2021:10:37:48 +0800] "GET /xingrg/kc/buy/cgsh_order_add.html HTTP/1.1" 200 61425
180.162.223.42 - - [03/Jan/2021:10:37:48 +0800] "POST /xingrg/kc/buy/cgsh_order_operate.html HTTP/1.1" 200 8245
180.162.223.42 - - [03/Jan/2021:10:37:48 +0800] "GET /xingrg/javascript/easyui/themes/default/validatebox.css HTTP/1.1" 404 1104
58.35.244.144 - - [03/Jan/2021:10:37:54 +0800] "GET /xingrg/kc/buy/cgsh_order_add.html HTTP/1.1" 200 61378
58.35.244.144 - - [03/Jan/2021:10:37:55 +0800] "POST /xingrg/kc/buy/cgsh_order_operate.html HTTP/1.1" 200 8245
58.35.244.144 - - [03/Jan/2021:10:37:55 +0800] "GET /xingrg/javascript/easyui/themes/default/validatebox.css HTTP/1.1" 404 1104
58.37.230.33 - - [03/Jan/2021:10:37:58 +0800] "GET /xingrg/all/function/internal_message.html?_=1609641482847&CODE_STATE=getMsg HTTP/1.1" 200 27
180.162.223.42 - - [03/Jan/2021:10:37:58 +0800] "GET /xingrg/kc/buy/cgsh_order_operate.html?command=get_materiel&rest_code=00105&code=00101003035&supplier_code=00100092&order_time=2021-01-03 HTTP/1.1" 200 411
180.156.237.57 - - [03/Jan/2021:10:38:02 +0800] "GET /xingrg/all/function/internal_message.html?_=1609641482596&CODE_STATE=getMsg HTTP/1.1" 200 27
180.175.150.119 - - [03/Jan/2021:10:38:04 +0800] "GET /xingrg/all/function/internal_message.html?_=1609641721486&CODE_STATE=getMsg HTTP/1.1" 200 27
114.86.227.213 - - [03/Jan/2021:10:38:04 +0800] "GET /xingrg/all/function/internal_message.html?_=1609641554670&CODE_STATE=getMsg HTTP/1.1" 200 27
58.35.244.144 - - [03/Jan/2021:10:38:04 +0800] "GET /xingrg/all/function/internal_message.html?_=1609641642825&CODE_STATE=getMsg HTTP/1.1" 200 27
172.17.0.115 - - [03/Jan/2021:10:38:05 +0800] "GET /xingrg/check_reg.html?_=1609641487677 HTTP/1.1" 200 22
172.17.0.108 - - [03/Jan/2021:10:38:07 +0800] "GET /xingrg/check_reg.html?_=1609641488114 HTTP/1.1" 200 22
172.17.0.108 - - [03/Jan/2021:10:38:07 +0800] "GET /xingrg/all/function/internal_message.html?_=1609641488119&CODE_STATE=getMsg HTTP/1.1" 200 27
180.162.108.15 - - [03/Jan/2021:10:38:09 +0800] "GET /xingrg/all/function/internal_message.html?_=1609641370966&CODE_STATE=getMsg HTTP/1.1" 200 27
58.35.244.144 - - [03/Jan/2021:10:38:09 +0800] "GET /xingrg/kc/buy/cgsh_order_operate.html?command=get_materiel&rest_code=00111&code=00101001140&supplier_code=00100319&order_time=2021-01-03 HTTP/1.1" 200 435
117.184.7.26 - - [03/Jan/2021:10:38:12 +0800] "GET /xingrg/all/function/internal_message.html?_=1609641492683&CODE_STATE=getMsg HTTP/1.1" 200 27
101.228.166.101 - - [03/Jan/2021:10:38:12 +0800] "GET /xingrg/all/function/internal_message.html?_=1609641494717&CODE_STATE=getMsg HTTP/1.1" 200 27
172.17.0.120 - - [03/Jan/2021:10:38:14 +0800] "GET /xingrg/all/function/internal_message.html?_=1609641493926&CODE_STATE=getMsg HTTP/1.1" 200 27
222.69.134.95 - - [03/Jan/2021:10:38:17 +0800] "GET /xingrg/all/function/internal_message.html?_=1609641498272&CODE_STATE=getMsg HTTP/1.1" 200 27
222.69.134.95 - - [03/Jan/2021:10:38:17 +0800] "GET /xingrg/check_reg.html?_=1609641498278 HTTP/1.1" 200 22
116.228.172.94 - - [03/Jan/2021:10:38:20 +0800] "GET /xingrg/all/function/internal_message.html?_=1609641501458&CODE_STATE=getMsg HTTP/1.1" 200 27
116.228.172.94 - - [03/Jan/2021:10:38:22 +0800] "GET /xingrg/kc/buy/cgsh_order_operate.html?command=get_materiel&rest_code=00107&code=00101008019&supplier_code=00100006&order_time=2021-01-03 HTTP/1.1" 200 416
172.17.0.115 - - [03/Jan/2021:10:38:24 +0800] "GET /xingrg/all/function/internal_message.html?_=1609641506209&CODE_STATE=getMsg HTTP/1.1" 200 27
58.35.244.144 - - [03/Jan/2021:10:38:26 +0800] "GET /xingrg/kc/buy/cgsh_order_operate.html?command=get_materiel&rest_code=00111&code=00101001093&supplier_code=00100319&order_time=2021-01-03 HTTP/1.1" 200 428
101.85.52.2 - - [03/Jan/2021:10:38:26 +0800] "GET /xingrg/all/function/internal_message.html?_=1609641505961&CODE_STATE=getMsg HTTP/1.1" 200 27
180.162.223.42 - - [03/Jan/2021:10:38:26 +0800] "GET /xingrg/kc/buy/cgsh_order_operate.html?command=get_materiel&rest_code=00105&code=00101003006&supplier_code=00100092&order_time=2021-01-03 HTTP/1.1" 200 412
58.35.244.144 - - [03/Jan/2021:10:38:30 +0800] "GET /xingrg/check_reg.html?_=1609641506923 HTTP/1.1" 302 -
180.162.223.42 - - [03/Jan/2021:10:38:32 +0800] "GET /xingrg/all/function/internal_message.html?_=1609641513629&CODE_STATE=getMsg HTTP/1.1" 200 27
117.131.5.26 - - [03/Jan/2021:10:38:34 +0800] "GET /xingrg/check_reg.html?_=1609641562944 HTTP/1.1" 200 22
117.131.5.26 - - [03/Jan/2021:10:38:34 +0800] "GET /xingrg/all/function/internal_message.html?_=1609641562940&CODE_STATE=getMsg HTTP/1.1" 200 27
180.156.237.57 - - [03/Jan/2021:10:38:36 +0800] "GET /xingrg/all/function/internal_message.html?_=1609641497770&CODE_STATE=getMsg HTTP/1.1" 200 27
180.162.223.42 - - [03/Jan/2021:10:38:36 +0800] "POST /xingrg/kc/buy/cgsh_order_operate.html HTTP/1.1" 200 37
180.162.223.42 - - [03/Jan/2021:10:38:37 +0800] "POST /xingrg/kc/buy/cgsh_order_operate.html HTTP/1.1" 200 3250
101.228.166.101 - - [03/Jan/2021:10:38:38 +0800] "GET /xingrg/check_reg.html?_=1609641511172 HTTP/1.1" 200 22
101.228.166.101 - - [03/Jan/2021:10:38:38 +0800] "GET /xingrg/all/function/internal_message.html?_=1609641511175&CODE_STATE=getMsg HTTP/1.1" 200 27
180.162.223.42 - - [03/Jan/2021:10:38:38 +0800] "GET /xingrg/kc/print/load_data.html?order_code=212021010301073&kc_code=cgsh&condition= HTTP/1.1" 200 944
172.17.200.101 - - [03/Jan/2021:10:38:41 +0800] "GET /xingrg/all/function/internal_message.html?_=1609641522569&CODE_STATE=getMsg HTTP/1.1" 200 27
58.35.244.144 - - [03/Jan/2021:10:38:42 +0800] "POST /xingrg/kc/buy/cgsh_order_operate.html HTTP/1.1" 200 37
180.162.223.42 - - [03/Jan/2021:10:38:42 +0800] "GET /xingrg/kc/buy/cgsh_order_add.html HTTP/1.1" 200 61425
180.162.223.42 - - [03/Jan/2021:10:38:43 +0800] "POST /xingrg/kc/buy/cgsh_order_operate.html HTTP/1.1" 200 8245
180.162.223.42 - - [03/Jan/2021:10:38:43 +0800] "GET /xingrg/javascript/easyui/themes/default/validatebox.css HTTP/1.1" 404 1104
58.35.244.144 - - [03/Jan/2021:10:38:43 +0800] "POST /xingrg/kc/buy/cgsh_order_operate.html HTTP/1.1" 200 3256
58.35.244.144 - - [03/Jan/2021:10:38:45 +0800] "GET /xingrg/all/function/internal_message.html?_=1609641522005&CODE_STATE=getMsg HTTP/1.1" 302 -
58.35.244.144 - - [03/Jan/2021:10:38:45 +0800] "GET /xingrg/kc/print/load_data.html?order_code=212021010301074&kc_code=cgsh&condition= HTTP/1.1" 200 908
114.84.4.90 - - [03/Jan/2021:10:38:45 +0800] "POST /xingrg/services/DataTransmitService HTTP/1.1" 200 524
114.84.4.90 - - [03/Jan/2021:10:38:46 +0800] "POST /xingrg/services/DataTransmitService HTTP/1.1" 200 2287
114.84.4.90 - - [03/Jan/2021:10:38:47 +0800] "POST /xingrg/services/DataTransmitService HTTP/1.1" 200 178660
58.35.244.144 - - [03/Jan/2021:10:38:51 +0800] "GET /xingrg/kc/buy/cgsh_order_add.html HTTP/1.1" 200 61378
58.35.244.144 - - [03/Jan/2021:10:38:52 +0800] "GET /xingrg/javascript/easyui/themes/default/validatebox.css HTTP/1.1" 404 1104
58.35.244.144 - - [03/Jan/2021:10:38:52 +0800] "POST /xingrg/kc/buy/cgsh_order_operate.html HTTP/1.1" 200 8245
180.162.223.42 - - [03/Jan/2021:10:38:54 +0800] "GET /xingrg/kc/buy/cgsh_order_operate.html?command=get_materiel&rest_code=00105&code=00101006083&supplier_code=00100324&order_time=2021-01-03 HTTP/1.1" 200 415
58.37.230.33 - - [03/Jan/2021:10:38:58 +0800] "GET /xingrg/all/function/internal_message.html?_=1609641542844&CODE_STATE=getMsg HTTP/1.1" 200 27
180.175.150.119 - - [03/Jan/2021:10:38:59 +0800] "GET /xingrg/check_reg.html?_=1609641777350 HTTP/1.1" 200 22
180.156.237.57 - - [03/Jan/2021:10:39:02 +0800] "GET /xingrg/all/function/internal_message.html?_=1609641542598&CODE_STATE=getMsg HTTP/1.1" 200 27
180.156.237.57 - - [03/Jan/2021:10:39:02 +0800] "GET /xingrg/check_reg.html?_=1609641542601 HTTP/1.1" 200 22
58.35.244.144 - - [03/Jan/2021:10:39:02 +0800] "GET /xingrg/kc/buy/cgsh_order_operate.html?command=get_materiel&rest_code=00111&code=00101001019&supplier_code=00100318&order_time=2021-01-03 HTTP/1.1" 200 414
180.175.150.119 - - [03/Jan/2021:10:39:04 +0800] "GET /xingrg/all/function/internal_message.html?_=1609641781491&CODE_STATE=getMsg HTTP/1.1" 200 27
114.86.227.213 - - [03/Jan/2021:10:39:04 +0800] "GET /xingrg/all/function/internal_message.html?_=1609641614679&CODE_STATE=getMsg HTTP/1.1" 200 27
58.35.244.144 - - [03/Jan/2021:10:39:04 +0800] "GET /xingrg/all/function/internal_message.html?_=1609641702812&CODE_STATE=getMsg HTTP/1.1" 200 27
172.17.0.108 - - [03/Jan/2021:10:39:07 +0800] "GET /xingrg/all/function/internal_message.html?_=1609641548105&CODE_STATE=getMsg HTTP/1.1" 200 27
172.17.0.120 - - [03/Jan/2021:10:39:08 +0800] "POST /xingrg/kc/base/yddb_list_operate.html HTTP/1.1" 200 4274
180.162.108.15 - - [03/Jan/2021:10:39:09 +0800] "GET /xingrg/all/function/internal_message.html?_=1609641430960&CODE_STATE=getMsg HTTP/1.1" 200 27
172.17.0.120 - - [03/Jan/2021:10:39:10 +0800] "POST /xingrg/kc/base/yddb_list_operate.html HTTP/1.1" 200 210
116.228.172.94 - - [03/Jan/2021:10:39:11 +0800] "POST /xingrg/kc/buy/cgsh_order_operate.html HTTP/1.1" 200 37
117.184.7.26 - - [03/Jan/2021:10:39:12 +0800] "GET /xingrg/all/function/internal_message.html?_=1609641552680&CODE_STATE=getMsg HTTP/1.1" 200 27
101.228.166.101 - - [03/Jan/2021:10:39:12 +0800] "GET /xingrg/all/function/internal_message.html?_=1609641554728&CODE_STATE=getMsg HTTP/1.1" 200 27
172.17.0.120 - - [03/Jan/2021:10:39:14 +0800] "GET /xingrg/all/function/internal_message.html?_=1609641553939&CODE_STATE=getMsg HTTP/1.1" 200 27
58.35.244.144 - - [03/Jan/2021:10:39:15 +0800] "POST /xingrg/kc/buy/cgsh_order_operate.html HTTP/1.1" 200 37
116.228.172.94 - - [03/Jan/2021:10:39:15 +0800] "POST /xingrg/kc/buy/cgsh_order_operate.html HTTP/1.1" 200 41681
58.35.244.144 - - [03/Jan/2021:10:39:16 +0800] "POST /xingrg/kc/buy/cgsh_order_operate.html HTTP/1.1" 200 2661
222.69.134.95 - - [03/Jan/2021:10:39:17 +0800] "GET /xingrg/all/function/internal_message.html?_=1609641558284&CODE_STATE=getMsg HTTP/1.1" 200 27
58.35.244.144 - - [03/Jan/2021:10:39:18 +0800] "GET /xingrg/kc/print/load_data.html?order_code=212021010301075&kc_code=cgsh&condition= HTTP/1.1" 200 680
180.175.150.119 - - [03/Jan/2021:10:39:18 +0800] "GET /xingrg/check_reg.html?_=1609641795765 HTTP/1.1" 200 22
116.228.172.94 - - [03/Jan/2021:10:39:20 +0800] "GET /xingrg/all/function/internal_message.html?_=1609641561441&CODE_STATE=getMsg HTTP/1.1" 200 27
172.17.0.120 - - [03/Jan/2021:10:39:22 +0800] "GET /xingrg/kc/mdqp/qp_main.html HTTP/1.1" 200 10613
172.17.0.120 - - [03/Jan/2021:10:39:22 +0800] "GET /xingrg/images/blue/button/qqpsd.gif HTTP/1.1" 200 2548
172.17.0.120 - - [03/Jan/2021:10:39:22 +0800] "GET /xingrg/images/blue/button/pszx.gif HTTP/1.1" 200 2648
172.17.0.120 - - [03/Jan/2021:10:39:22 +0800] "GET /xingrg/images/blue/button/psshd.gif HTTP/1.1" 200 2692
172.17.0.120 - - [03/Jan/2021:10:39:22 +0800] "GET /xingrg/images/yd/bt.gif HTTP/1.1" 404 1040
180.162.223.42 - - [03/Jan/2021:10:39:22 +0800] "GET /xingrg/kc/buy/cgsh_order_operate.html?command=get_materiel&rest_code=00105&code=00101010282&supplier_code=00100324&order_time=2021-01-03 HTTP/1.1" 200 415
172.17.0.120 - - [03/Jan/2021:10:39:23 +0800] "GET /xingrg/kc/mdqp/pssh_order_list.html HTTP/1.1" 200 17876
172.17.0.120 - - [03/Jan/2021:10:39:23 +0800] "POST /xingrg/kc/mdqp/pssh_list_operate.html HTTP/1.1" 200 5340
172.17.0.115 - - [03/Jan/2021:10:39:24 +0800] "GET /xingrg/all/function/internal_message.html?_=1609641566223&CODE_STATE=getMsg HTTP/1.1" 200 27
58.35.244.144 - - [03/Jan/2021:10:39:24 +0800] "GET /xingrg/kc/buy/cgsh_order_add.html HTTP/1.1" 200 61378
58.35.244.144 - - [03/Jan/2021:10:39:24 +0800] "POST /xingrg/kc/buy/cgsh_order_operate.html HTTP/1.1" 200 8245
58.35.244.144 - - [03/Jan/2021:10:39:24 +0800] "GET /xingrg/javascript/easyui/themes/default/validatebox.css HTTP/1.1" 404 1104
101.85.52.2 - - [03/Jan/2021:10:39:26 +0800] "GET /xingrg/all/function/internal_message.html?_=1609641565962&CODE_STATE=getMsg HTTP/1.1" 200 27
172.17.0.120 - - [03/Jan/2021:10:39:28 +0800] "POST /xingrg/kc/mdqp/pssh_list_operate.html HTTP/1.1" 200 5340
172.17.0.120 - - [03/Jan/2021:10:39:30 +0800] "POST /xingrg/kc/mdqp/pssh_list_operate.html HTTP/1.1" 200 5340
180.162.223.42 - - [03/Jan/2021:10:39:32 +0800] "GET /xingrg/all/function/internal_message.html?_=1609641573614&CODE_STATE=getMsg HTTP/1.1" 200 27
172.17.0.120 - - [03/Jan/2021:10:39:33 +0800] "POST /xingrg/kc/mdqp/pssh_list_operate.html HTTP/1.1" 200 8860
180.156.237.57 - - [03/Jan/2021:10:39:36 +0800] "GET /xingrg/all/function/internal_message.html?_=1609641557790&CODE_STATE=getMsg HTTP/1.1" 200 27
101.228.166.101 - - [03/Jan/2021:10:39:38 +0800] "GET /xingrg/all/function/internal_message.html?_=1609641571173&CODE_STATE=getMsg HTTP/1.1" 200 27
172.17.0.120 - - [03/Jan/2021:10:39:41 +0800] "POST /xingrg/kc/mdqp/pssh_list_operate.html HTTP/1.1" 200 264
172.17.200.101 - - [03/Jan/2021:10:39:41 +0800] "GET /xingrg/check_reg.html?_=1609641582576 HTTP/1.1" 200 22
172.17.200.101 - - [03/Jan/2021:10:39:41 +0800] "GET /xingrg/all/function/internal_message.html?_=1609641582581&CODE_STATE=getMsg HTTP/1.1" 200 27
172.17.0.120 - - [03/Jan/2021:10:39:41 +0800] "GET /xingrg/kc/mdqp/pssh_order_info.html?code=312020122900790 HTTP/1.1" 200 14370
172.17.0.120 - - [03/Jan/2021:10:39:41 +0800] "GET /xingrg/javascript/jquery_tools/jquery-1.4.2.min.js HTTP/1.1" 404 1094
172.17.0.120 - - [03/Jan/2021:10:39:41 +0800] "GET /xingrg/javascript/jquery_tools/order_manager.js HTTP/1.1" 200 11183
172.17.0.120 - - [03/Jan/2021:10:39:41 +0800] "GET /xingrg/words/20210102114445_words.js HTTP/1.1" 200 784354
172.17.0.120 - - [03/Jan/2021:10:39:41 +0800] "GET /xingrg/javascript/easyui/themes/icons/print.png HTTP/1.1" 200 1057
