222.69.133.109 - - [02/Jan/2021:09:50:56 +0800] "POST /xingrg/dwr/call/plaincall/AjaxCheckService.setItemNumber.dwr HTTP/1.1" 200 76
117.185.32.26 - - [02/Jan/2021:09:50:58 +0800] "GET /xingrg/all/function/internal_message.html?_=1609552730436&CODE_STATE=getMsg HTTP/1.1" 302 -
172.17.0.119 - - [02/Jan/2021:09:51:00 +0800] "GET /xingrg/kc/print/load_config.html?_=1609552262301&kc_code=check HTTP/1.1" 200 2411
172.17.0.119 - - [02/Jan/2021:09:51:00 +0800] "GET /xingrg/kc/print/load_data.html?_=1609552262329&order_code=452020123100316&kc_code=check HTTP/1.1" 200 862
222.69.133.109 - - [02/Jan/2021:09:51:00 +0800] "POST /xingrg/dwr/call/plaincall/AjaxCheckService.setItemNumber.dwr HTTP/1.1" 200 76
222.69.133.109 - - [02/Jan/2021:09:51:04 +0800] "POST /xingrg/dwr/call/plaincall/AjaxCheckService.setItemNumber.dwr HTTP/1.1" 200 76
180.156.237.57 - - [02/Jan/2021:09:51:05 +0800] "GET /xingrg/all/function/internal_message.html?_=1609552247945&CODE_STATE=getMsg HTTP/1.1" 200 27
222.69.134.163 - - [02/Jan/2021:09:51:08 +0800] "GET /xingrg/all/function/internal_message.html?_=1609552264011&CODE_STATE=getMsg HTTP/1.1" 200 27
172.17.200.101 - - [02/Jan/2021:09:51:09 +0800] "GET /xingrg/all/function/internal_message.html?_=1609552274711&CODE_STATE=getMsg HTTP/1.1" 200 27
222.69.133.109 - - [02/Jan/2021:09:51:11 +0800] "POST /xingrg/dwr/call/plaincall/AjaxCheckService.setItemNumber.dwr HTTP/1.1" 200 76
180.162.223.42 - - [02/Jan/2021:09:51:15 +0800] "GET /xingrg/all/function/internal_message.html?_=1609552276692&CODE_STATE=getMsg HTTP/1.1" 200 27
180.162.223.42 - - [02/Jan/2021:09:51:15 +0800] "GET /xingrg/check_reg.html?_=1609552276700 HTTP/1.1" 200 22
222.69.133.109 - - [02/Jan/2021:09:51:16 +0800] "POST /xingrg/dwr/call/plaincall/AjaxCheckService.setItemNumber.dwr HTTP/1.1" 200 77
101.228.166.101 - - [02/Jan/2021:09:51:18 +0800] "GET /xingrg/all/function/internal_message.html?_=1609552301625&CODE_STATE=getMsg HTTP/1.1" 200 27
222.69.133.109 - - [02/Jan/2021:09:51:25 +0800] "GET /xingrg/all/function/internal_message.html?_=1609552287896&CODE_STATE=getMsg HTTP/1.1" 200 27
58.40.7.146 - - [02/Jan/2021:09:51:34 +0800] "GET /xingrg/all/function/internal_message.html?_=1609552294990&CODE_STATE=getMsg HTTP/1.1" 200 27
58.40.7.146 - - [02/Jan/2021:09:51:34 +0800] "GET /xingrg/check_reg.html?_=1609552294992 HTTP/1.1" 200 22
58.37.230.33 - - [02/Jan/2021:09:51:34 +0800] "GET /xingrg/all/function/internal_message.html?_=1609551856840&CODE_STATE=getMsg HTTP/1.1" 200 27
116.228.172.94 - - [02/Jan/2021:09:51:35 +0800] "GET /xingrg/all/function/internal_message.html?_=1609552294846&CODE_STATE=getMsg HTTP/1.1" 200 27
117.131.5.26 - - [02/Jan/2021:09:51:47 +0800] "GET /xingrg/all/function/internal_message.html?_=1609552355640&CODE_STATE=getMsg HTTP/1.1" 200 27
172.17.0.119 - - [02/Jan/2021:09:51:54 +0800] "GET /xingrg/all/function/internal_message.html?_=1609552316425&CODE_STATE=getMsg HTTP/1.1" 200 27
101.85.93.83 - - [02/Jan/2021:09:51:54 +0800] "GET /xingrg/all/function/internal_message.html?_=1609551995024&CODE_STATE=getMsg HTTP/1.1" 200 27
222.69.133.109 - - [02/Jan/2021:09:51:57 +0800] "POST /xingrg/dwr/call/plaincall/AjaxCheckService.setItemNumber.dwr HTTP/1.1" 200 77
117.185.32.26 - - [02/Jan/2021:09:51:58 +0800] "GET /xingrg/check_reg.html?_=1609552790436 HTTP/1.1" 302 -
117.185.32.26 - - [02/Jan/2021:09:51:58 +0800] "GET /xingrg/all/function/internal_message.html?_=1609552790434&CODE_STATE=getMsg HTTP/1.1" 302 -
222.69.133.109 - - [02/Jan/2021:09:52:02 +0800] "POST /xingrg/dwr/call/plaincall/AjaxCheckService.setItemNumber.dwr HTTP/1.1" 200 77
180.156.237.57 - - [02/Jan/2021:09:52:05 +0800] "GET /xingrg/all/function/internal_message.html?_=1609552308120&CODE_STATE=getMsg HTTP/1.1" 200 27
222.69.134.163 - - [02/Jan/2021:09:52:08 +0800] "GET /xingrg/all/function/internal_message.html?_=1609552324012&CODE_STATE=getMsg HTTP/1.1" 200 27
222.69.133.109 - - [02/Jan/2021:09:52:08 +0800] "POST /xingrg/dwr/call/plaincall/AjaxCheckService.setItemNumber.dwr HTTP/1.1" 200 77
172.17.200.101 - - [02/Jan/2021:09:52:09 +0800] "GET /xingrg/all/function/internal_message.html?_=1609552334712&CODE_STATE=getMsg HTTP/1.1" 200 27
180.162.223.42 - - [02/Jan/2021:09:52:15 +0800] "GET /xingrg/all/function/internal_message.html?_=1609552336716&CODE_STATE=getMsg HTTP/1.1" 200 27
101.228.166.101 - - [02/Jan/2021:09:52:18 +0800] "GET /xingrg/all/function/internal_message.html?_=1609552362138&CODE_STATE=getMsg HTTP/1.1" 200 27
172.17.0.119 - - [02/Jan/2021:09:52:19 +0800] "GET /xingrg/javascript/jquery_easy_ui/themes/default/images/tabs_active.png HTTP/1.1" 200 2894
172.17.0.119 - - [02/Jan/2021:09:52:21 +0800] "GET /xingrg/kc/base/check_order_info.html?code=452020123100308 HTTP/1.1" 200 23090
222.69.133.109 - - [02/Jan/2021:09:52:21 +0800] "POST /xingrg/dwr/call/plaincall/AjaxCheckService.setItemNumber.dwr HTTP/1.1" 200 77
172.17.0.119 - - [02/Jan/2021:09:52:21 +0800] "GET /xingrg/dwr/interface/AjaxComOrderService.js HTTP/1.1" 200 18264
172.17.0.119 - - [02/Jan/2021:09:52:21 +0800] "GET /xingrg/dwr/interface/AjaxCheckService.js HTTP/1.1" 200 14003
172.17.0.119 - - [02/Jan/2021:09:52:21 +0800] "GET /xingrg/dwr/engine.js HTTP/1.1" 200 43631
172.17.0.119 - - [02/Jan/2021:09:52:22 +0800] "POST /xingrg/dwr/call/plaincall/AjaxCheckService.loadOrderItems.dwr HTTP/1.1" 200 86098
222.69.133.109 - - [02/Jan/2021:09:52:25 +0800] "GET /xingrg/all/function/internal_message.html?_=1609552347891&CODE_STATE=getMsg HTTP/1.1" 200 27
172.17.0.119 - - [02/Jan/2021:09:52:26 +0800] "GET /xingrg/javascript/jquery_tools/images/prev.gif HTTP/1.1" 404 1086
172.17.0.119 - - [02/Jan/2021:09:52:26 +0800] "GET /xingrg/javascript/jquery_tools/images/next.gif HTTP/1.1" 404 1086
222.69.133.109 - - [02/Jan/2021:09:52:30 +0800] "POST /xingrg/dwr/call/plaincall/AjaxCheckService.setItemNumber.dwr HTTP/1.1" 200 77
101.228.166.101 - - [02/Jan/2021:09:52:31 +0800] "GET /xingrg/check_reg.html?_=1609552374980 HTTP/1.1" 200 22
58.40.7.146 - - [02/Jan/2021:09:52:34 +0800] "GET /xingrg/all/function/internal_message.html?_=1609552354995&CODE_STATE=getMsg HTTP/1.1" 200 27
58.37.230.33 - - [02/Jan/2021:09:52:34 +0800] "GET /xingrg/all/function/internal_message.html?_=1609551916841&CODE_STATE=getMsg HTTP/1.1" 200 27
58.37.230.33 - - [02/Jan/2021:09:52:34 +0800] "GET /xingrg/check_reg.html?_=1609551916843 HTTP/1.1" 200 22
116.228.172.94 - - [02/Jan/2021:09:52:35 +0800] "GET /xingrg/all/function/internal_message.html?_=1609552354827&CODE_STATE=getMsg HTTP/1.1" 200 27
222.69.133.109 - - [02/Jan/2021:09:52:37 +0800] "POST /xingrg/dwr/call/plaincall/AjaxCheckService.setItemNumber.dwr HTTP/1.1" 200 77
117.131.5.26 - - [02/Jan/2021:09:52:47 +0800] "GET /xingrg/all/function/internal_message.html?_=1609552415630&CODE_STATE=getMsg HTTP/1.1" 200 27
172.17.0.119 - - [02/Jan/2021:09:52:54 +0800] "GET /xingrg/all/function/internal_message.html?_=1609552376430&CODE_STATE=getMsg HTTP/1.1" 200 27
101.85.93.83 - - [02/Jan/2021:09:52:54 +0800] "GET /xingrg/all/function/internal_message.html?_=1609552055023&CODE_STATE=getMsg HTTP/1.1" 200 27
117.185.32.26 - - [02/Jan/2021:09:52:58 +0800] "GET /xingrg/all/function/internal_message.html?_=1609552850439&CODE_STATE=getMsg HTTP/1.1" 302 -
180.156.237.57 - - [02/Jan/2021:09:53:05 +0800] "GET /xingrg/all/function/internal_message.html?_=1609552368128&CODE_STATE=getMsg HTTP/1.1" 200 27
120.253.135.82 - - [02/Jan/2021:09:53:06 +0800] "GET /xingrg/check_reg.html?_=1609552135521 HTTP/1.1" 200 22
120.253.135.82 - - [02/Jan/2021:09:53:06 +0800] "GET /xingrg/all/function/internal_message.html?_=1609552135522&CODE_STATE=getMsg HTTP/1.1" 200 27
222.69.134.163 - - [02/Jan/2021:09:53:08 +0800] "GET /xingrg/all/function/internal_message.html?_=1609552384017&CODE_STATE=getMsg HTTP/1.1" 200 27
172.17.200.101 - - [02/Jan/2021:09:53:09 +0800] "GET /xingrg/check_reg.html?_=1609552394714 HTTP/1.1" 200 22
172.17.200.101 - - [02/Jan/2021:09:53:09 +0800] "GET /xingrg/all/function/internal_message.html?_=1609552394718&CODE_STATE=getMsg HTTP/1.1" 200 27
58.221.95.50 - - [02/Jan/2021:09:53:09 +0800] "GET /xingrg/check_reg.html?_=1609552390536 HTTP/1.1" 302 -
180.162.223.42 - - [02/Jan/2021:09:53:15 +0800] "GET /xingrg/all/function/internal_message.html?_=1609552396704&CODE_STATE=getMsg HTTP/1.1" 200 27
120.253.135.82 - - [02/Jan/2021:09:53:16 +0800] "GET /xingrg/kc/pszx/mdps_order_list.html?orderType=0 HTTP/1.1" 200 21153
120.253.135.82 - - [02/Jan/2021:09:53:16 +0800] "POST /xingrg/kc/pszx/mdps_list_operate.html HTTP/1.1" 200 5712
101.228.166.101 - - [02/Jan/2021:09:53:18 +0800] "GET /xingrg/all/function/internal_message.html?_=1609552422150&CODE_STATE=getMsg HTTP/1.1" 200 27
222.69.133.109 - - [02/Jan/2021:09:53:25 +0800] "GET /xingrg/all/function/internal_message.html?_=1609552407895&CODE_STATE=getMsg HTTP/1.1" 200 27
120.253.135.82 - - [02/Jan/2021:09:53:32 +0800] "POST /xingrg/kc/pszx/mdps_list_operate.html HTTP/1.1" 200 1680
120.253.135.82 - - [02/Jan/2021:09:53:33 +0800] "POST /xingrg/kc/pszx/mdps_list_operate.html HTTP/1.1" 200 279
120.253.135.82 - - [02/Jan/2021:09:53:33 +0800] "GET /xingrg/kc/pszx/mdps_order_info.html?code=312021010100037 HTTP/1.1" 200 23879
58.40.7.146 - - [02/Jan/2021:09:53:34 +0800] "GET /xingrg/all/function/internal_message.html?_=1609552414999&CODE_STATE=getMsg HTTP/1.1" 200 27
58.37.230.33 - - [02/Jan/2021:09:53:34 +0800] "GET /xingrg/all/function/internal_message.html?_=1609551976841&CODE_STATE=getMsg HTTP/1.1" 200 27
120.253.135.82 - - [02/Jan/2021:09:53:34 +0800] "POST /xingrg/kc/pszx/mdps_order_operate.html HTTP/1.1" 200 2774
120.253.135.82 - - [02/Jan/2021:09:53:34 +0800] "GET /xingrg/javascript/easyui/themes/default/validatebox.css HTTP/1.1" 404 1104
116.228.172.94 - - [02/Jan/2021:09:53:35 +0800] "GET /xingrg/all/function/internal_message.html?_=1609552414831&CODE_STATE=getMsg HTTP/1.1" 200 27
222.69.133.109 - - [02/Jan/2021:09:53:37 +0800] "POST /xingrg/dwr/call/plaincall/AjaxCheckService.setItemNumber.dwr HTTP/1.1" 200 77
120.253.135.82 - - [02/Jan/2021:09:53:38 +0800] "GET /xingrg/kc/print/load_config.html?kc_code=mdps HTTP/1.1" 200 2396
120.253.135.82 - - [02/Jan/2021:09:53:38 +0800] "GET /xingrg/kc/print/load_data.html?order_code=312021010100037&kc_code=mdps&condition= HTTP/1.1" 200 909
222.69.133.109 - - [02/Jan/2021:09:53:45 +0800] "POST /xingrg/dwr/call/plaincall/AjaxCheckService.setItemNumber.dwr HTTP/1.1" 200 77
117.131.5.26 - - [02/Jan/2021:09:53:47 +0800] "GET /xingrg/all/function/internal_message.html?_=1609552475635&CODE_STATE=getMsg HTTP/1.1" 200 27
101.85.93.83 - - [02/Jan/2021:09:53:54 +0800] "GET /xingrg/all/function/internal_message.html?_=1609552115019&CODE_STATE=getMsg HTTP/1.1" 200 27
172.17.0.119 - - [02/Jan/2021:09:53:54 +0800] "GET /xingrg/all/function/internal_message.html?_=1609552436621&CODE_STATE=getMsg HTTP/1.1" 200 27
172.17.0.119 - - [02/Jan/2021:09:53:56 +0800] "GET /xingrg/kc/report/report_main.html HTTP/1.1" 200 7325
120.253.135.82 - - [02/Jan/2021:09:53:56 +0800] "GET /xingrg/all/function/internal_message.html?_=1609552195527&CODE_STATE=getMsg HTTP/1.1" 200 27
172.17.0.119 - - [02/Jan/2021:09:53:56 +0800] "GET /xingrg/javascript/jquery_ui/themes/humanity/humanity.css HTTP/1.1" 200 27801
172.17.0.119 - - [02/Jan/2021:09:53:56 +0800] "GET /xingrg/javascript/json2.js HTTP/1.1" 200 11259
172.17.0.119 - - [02/Jan/2021:09:53:58 +0800] "GET /xingrg/kc/base/crk_hz.html HTTP/1.1" 200 11227
117.185.32.26 - - [02/Jan/2021:09:53:58 +0800] "GET /xingrg/all/function/internal_message.html?_=1609552910425&CODE_STATE=getMsg HTTP/1.1" 302 -
172.17.0.119 - - [02/Jan/2021:09:53:58 +0800] "GET /xingrg/javascript/step/step.css HTTP/1.1" 200 999
172.17.0.119 - - [02/Jan/2021:09:53:58 +0800] "POST /xingrg/kc/cost/cost_operate.html?command=get_base_tree HTTP/1.1" 200 2524
172.17.0.119 - - [02/Jan/2021:09:53:59 +0800] "POST /xingrg/all/common/load_tree.html?tree=materiel_sort_tree_json HTTP/1.1" 200 8666
172.17.0.119 - - [02/Jan/2021:09:53:59 +0800] "GET /xingrg/javascript/jquery_easy_ui/themes/icons/search.png HTTP/1.1" 200 813
172.17.0.119 - - [02/Jan/2021:09:53:59 +0800] "GET /xingrg/javascript/jquery_easy_ui/themes/default/images/calendar_prevyear.gif HTTP/1.1" 200 76
172.17.0.119 - - [02/Jan/2021:09:53:59 +0800] "GET /xingrg/javascript/jquery_easy_ui/themes/default/images/calendar_nextmonth.gif HTTP/1.1" 200 64
172.17.0.119 - - [02/Jan/2021:09:53:59 +0800] "GET /xingrg/javascript/jquery_easy_ui/themes/default/images/calendar_nextyear.gif HTTP/1.1" 200 75
172.17.0.119 - - [02/Jan/2021:09:53:59 +0800] "GET /xingrg/javascript/jquery_easy_ui/themes/default/images/calendar_prevmonth.gif HTTP/1.1" 200 66
172.17.0.119 - - [02/Jan/2021:09:54:02 +0800] "GET /xingrg/all/common/get_data_part.html?part=previousMonth&_=1609552444599 HTTP/1.1" 200 41
180.156.237.57 - - [02/Jan/2021:09:54:05 +0800] "GET /xingrg/all/function/internal_message.html?_=1609552428289&CODE_STATE=getMsg HTTP/1.1" 200 27
222.69.134.163 - - [02/Jan/2021:09:54:08 +0800] "GET /xingrg/all/function/internal_message.html?_=1609552444017&CODE_STATE=getMsg HTTP/1.1" 200 27
222.69.134.163 - - [02/Jan/2021:09:54:08 +0800] "GET /xingrg/check_reg.html?_=1609552444024 HTTP/1.1" 200 22
172.17.200.101 - - [02/Jan/2021:09:54:09 +0800] "GET /xingrg/all/function/internal_message.html?_=1609552454703&CODE_STATE=getMsg HTTP/1.1" 200 27
180.162.223.42 - - [02/Jan/2021:09:54:15 +0800] "GET /xingrg/all/function/internal_message.html?_=1609552456689&CODE_STATE=getMsg HTTP/1.1" 200 27
172.17.0.119 - - [02/Jan/2021:09:54:18 +0800] "GET /xingrg/kc/base/crk_hz.html?_=1609552460333&command=get_cost_id&end_date=2020-12-31&start_date=2020-12-01 HTTP/1.1" 200 51
172.17.0.119 - - [02/Jan/2021:09:54:18 +0800] "GET /xingrg/all/report/report_query.html?isQuery=1&onlyBody=1&rh=99999&rw=1800&varString=start:20201201,cost_id:2924,mid:20201201&fileName=kc/base/crk_hz_type_by_base.xml&queryString=%20a.base_code%20in%20('0010401')%20%20and%20m.sort_code%20in%20('00101034')%20&queryText=ÈÕÆÚ£º2020-12-01ÖÁ2020-12-31%20²Ö¿â£ºÔÁ²Ë&tableQueryString=materiel_table$sp1$$sp$before_table$sp1$$sp$crk_table$sp1$order_day%20between%2020201201%20and%2020201231 HTTP/1.1" 200 49357
172.17.0.119 - - [02/Jan/2021:09:54:18 +0800] "GET /xingrg/dwr/interface/AjaxReportQueryService.js HTTP/1.1" 200 13203
172.17.0.119 - - [02/Jan/2021:09:54:18 +0800] "GET /xingrg/dwr/engine.js HTTP/1.1" 200 43631
101.228.166.101 - - [02/Jan/2021:09:54:18 +0800] "GET /xingrg/all/function/internal_message.html?_=1609552482164&CODE_STATE=getMsg HTTP/1.1" 200 27
172.17.0.119 - - [02/Jan/2021:09:54:19 +0800] "POST /xingrg/all/report/load_report_page.html HTTP/1.1" 200 89
222.69.133.109 - - [02/Jan/2021:09:54:21 +0800] "POST /xingrg/dwr/call/plaincall/AjaxCheckService.setItemNumber.dwr HTTP/1.1" 200 77
222.69.133.109 - - [02/Jan/2021:09:54:25 +0800] "GET /xingrg/all/function/internal_message.html?_=1609552467900&CODE_STATE=getMsg HTTP/1.1" 200 27
172.17.0.119 - - [02/Jan/2021:09:54:27 +0800] "GET /xingrg/kc/base/crk_hz.html?_=1609552469856&command=get_cost_id&end_date=2020-12-31&start_date=2020-12-01 HTTP/1.1" 200 51
172.17.0.119 - - [02/Jan/2021:09:54:27 +0800] "GET /xingrg/all/report/report_query.html?isQuery=1&onlyBody=1&rh=99999&rw=1800&varString=start:20201201,cost_id:2924,mid:20201201&fileName=kc/base/crk_hz_type_by_base.xml&queryString=%20a.base_code%20in%20('0010401')%20%20and%20m.sort_code%20in%20('00101001','00101002','00101003','00101004','00101005','00101006','00101007','00101008','00101009','00101010','00101011','00101012','00101013','00101014','00101015','00101016','00101017','00101018','00101019','00101020','00101021','00101022','00101023','00101024','00101025','00101026','00101027','00101028','00101029','00101030','00101031','00101032','00101033','00101034','00101036','00101037','00101038','00101039')%20&queryText=ÈÕÆÚ£º2020-12-01ÖÁ2020-12-31%20²Ö¿â£ºÔÁ²Ë&tableQueryString=materiel_table$sp1$$sp$before_table$sp1$$sp$crk_table$sp1$order_day%20between%2020201201%20and%2020201231 HTTP/1.1" 200 49765
172.17.0.119 - - [02/Jan/2021:09:54:27 +0800] "GET /xingrg/dwr/interface/AjaxReportQueryService.js HTTP/1.1" 200 13203
172.17.0.119 - - [02/Jan/2021:09:54:27 +0800] "GET /xingrg/dwr/engine.js HTTP/1.1" 200 43631
172.17.0.119 - - [02/Jan/2021:09:54:28 +0800] "POST /xingrg/all/report/load_report_page.html HTTP/1.1" 200 94826
172.17.0.119 - - [02/Jan/2021:09:54:28 +0800] "GET /xingrg/servlets/image?cache=0.30267859143726483&image=px HTTP/1.1" 200 807
222.69.133.109 - - [02/Jan/2021:09:54:30 +0800] "POST /xingrg/dwr/call/plaincall/AjaxCheckService.setItemNumber.dwr HTTP/1.1" 200 77
172.17.0.119 - - [02/Jan/2021:09:54:30 +0800] "GET /xingrg/all/report/report_query.html?isQuery=1&fileName=kc/base/crk_detail_by_small.xml&rh=99999&queryString=&queryText=%25E3%2580%2590%25E4%25BB%2593%25E5%25BA%2593%25E5%2590%258D%25E7%25A7%25B0%253A%25E7%25B2%25A4%25E8%258F%259C%25E3%2580%2591%25E3%2580%2590%25E4%25B8%259A%25E5%258A%25A1%25E7%25B1%25BB%25E5%259E%258B%25EF%25BC%259A%25E9%2587%2587%25E8%25B4%25AD%25E5%2585%25A5%25E5%25BA%2593%25E3%2580%2591%2520%253F%253F%253F%253F%253F2020-12-01%253F%253F2020-12-31%2520%253F%253F%253F%253F%253F%253F%253F&tableQueryString=crk_table%2524sp1%2524order_day%2520between%252020201201%2520and%252020201231%2520and%2520(base_code%253D'0010401')%2520and%2520(src_order_type%2520in%2520(21))%2520and%2520(is_rk%2520in%2520(1)) HTTP/1.1" 200 53703
172.17.0.119 - - [02/Jan/2021:09:54:31 +0800] "GET /xingrg/dwr/interface/AjaxReportQueryService.js HTTP/1.1" 200 13203
172.17.0.119 - - [02/Jan/2021:09:54:31 +0800] "GET /xingrg/dwr/engine.js HTTP/1.1" 200 43631
172.17.0.119 - - [02/Jan/2021:09:54:32 +0800] "POST /xingrg/all/report/load_report_page.html HTTP/1.1" 200 65211
172.17.0.119 - - [02/Jan/2021:09:54:32 +0800] "GET /xingrg/servlets/image?cache=0.9075107469563211&image=px HTTP/1.1" 200 807
58.40.7.146 - - [02/Jan/2021:09:54:32 +0800] "POST /xingrg/services/DataTransmitService HTTP/1.1" 200 524
172.17.0.119 - - [02/Jan/2021:09:54:33 +0800] "POST /xingrg/all/report/load_report_page.html HTTP/1.1" 200 567078
172.17.0.119 - - [02/Jan/2021:09:54:33 +0800] "GET /xingrg/servlets/image?cache=0.44359886703346885&image=px HTTP/1.1" 200 807
58.40.7.146 - - [02/Jan/2021:09:54:34 +0800] "GET /xingrg/all/function/internal_message.html?_=1609552474986&CODE_STATE=getMsg HTTP/1.1" 200 27
116.228.172.94 - - [02/Jan/2021:09:54:34 +0800] "GET /xingrg/check_reg.html?_=1609552473795 HTTP/1.1" 200 22
116.228.172.94 - - [02/Jan/2021:09:54:35 +0800] "GET /xingrg/all/function/internal_message.html?_=1609552474820&CODE_STATE=getMsg HTTP/1.1" 200 27
222.69.133.109 - - [02/Jan/2021:09:54:38 +0800] "POST /xingrg/dwr/call/plaincall/AjaxCheckService.setItemNumber.dwr HTTP/1.1" 200 77
101.85.93.83 - - [02/Jan/2021:09:54:42 +0800] "GET /xingrg/javascript/jquery_easy_ui/themes/default/images/tabs_close.gif HTTP/1.1" 200 829
101.85.93.83 - - [02/Jan/2021:09:54:42 +0800] "GET /xingrg/css/base.css HTTP/1.1" 200 2811
101.85.93.83 - - [02/Jan/2021:09:54:42 +0800] "GET /xingrg/javascript/auto/jquery.autocomplete.css HTTP/1.1" 200 587
101.85.93.83 - - [02/Jan/2021:09:54:42 +0800] "GET /xingrg/css/site.css HTTP/1.1" 200 7541
101.85.93.83 - - [02/Jan/2021:09:54:42 +0800] "GET /xingrg/javascript/easyui/themes/icon.css HTTP/1.1" 200 4483
101.85.93.83 - - [02/Jan/2021:09:54:42 +0800] "GET /xingrg/javascript/jquery_tools/fix.css HTTP/1.1" 200 1702
101.85.93.83 - - [02/Jan/2021:09:54:42 +0800] "GET /xingrg/javascript/jquery_tools/jquery.tools.min.js HTTP/1.1" 200 138801
101.85.93.83 - - [02/Jan/2021:09:54:42 +0800] "GET /xingrg/javascript/jquery_tools/table.css HTTP/1.1" 200 1032
101.85.93.83 - - [02/Jan/2021:09:54:42 +0800] "GET /xingrg/javascript/jquery_tools/datebox.css HTTP/1.1" 200 2597
101.85.93.83 - - [02/Jan/2021:09:54:42 +0800] "GET /xingrg/javascript/jquery_tools/jquery.tools.hotkey.js HTTP/1.1" 200 3242
101.85.93.83 - - [02/Jan/2021:09:54:42 +0800] "GET /xingrg/javascript/jquery_tools/jquery.tools.table.js HTTP/1.1" 200 6994
101.85.93.83 - - [02/Jan/2021:09:54:42 +0800] "GET /xingrg/javascript/jquery_tools/list_manager.js HTTP/1.1" 200 3652
101.85.93.83 - - [02/Jan/2021:09:54:42 +0800] "GET /xingrg/javascript/easyui/easyloader.js HTTP/1.1" 200 5975
101.85.93.83 - - [02/Jan/2021:09:54:42 +0800] "GET /xingrg/javascript/jquery_tools/jquery.tools.extend.js HTTP/1.1" 200 15385
101.85.93.83 - - [02/Jan/2021:09:54:42 +0800] "GET /xingrg/javascript/print/LodopFuncs.js HTTP/1.1" 200 5121
101.85.93.83 - - [02/Jan/2021:09:54:42 +0800] "GET /xingrg/javascript/jquery.cookie.js HTTP/1.1" 200 5513
101.85.93.83 - - [02/Jan/2021:09:54:42 +0800] "GET /xingrg/javascript/easyui/themes/default/easyui.css HTTP/1.1" 200 30432
101.85.93.83 - - [02/Jan/2021:09:54:42 +0800] "GET /xingrg/javascript/auto/jquery.autocomplete.js HTTP/1.1" 200 21624
172.17.0.119 - - [02/Jan/2021:09:54:42 +0800] "GET /xingrg/kc/base/base_main.html HTTP/1.1" 200 12132
101.85.93.83 - - [02/Jan/2021:09:54:43 +0800] "GET /xingrg/kc/buy/cgsh_order_list.html HTTP/1.1" 200 45647
101.85.93.83 - - [02/Jan/2021:09:54:43 +0800] "GET /xingrg/javascript/easyui/themes/icons/edit_add_new.png HTTP/1.1" 200 2997
101.85.93.83 - - [02/Jan/2021:09:54:43 +0800] "GET /xingrg/javascript/easyui/themes/icons/cance_new.png HTTP/1.1" 200 3986
101.85.93.83 - - [02/Jan/2021:09:54:43 +0800] "GET /xingrg/javascript/easyui/themes/icons/check_new.png HTTP/1.1" 200 3224
101.85.93.83 - - [02/Jan/2021:09:54:43 +0800] "GET /xingrg/javascript/easyui/themes/icons/field_new.png HTTP/1.1" 200 1097
101.85.93.83 - - [02/Jan/2021:09:54:43 +0800] "GET /xingrg/javascript/easyui/themes/icons/import_new.png HTTP/1.1" 200 1247
101.85.93.83 - - [02/Jan/2021:09:54:43 +0800] "GET /xingrg/javascript/easyui/plugins/jquery.parser.js HTTP/1.1" 200 1142
101.85.93.83 - - [02/Jan/2021:09:54:43 +0800] "GET /xingrg/images/control/ajaxLoader.gif HTTP/1.1" 200 4659
101.85.93.83 - - [02/Jan/2021:09:54:44 +0800] "POST /xingrg/kc/buy/cgsh_list_operate.html HTTP/1.1" 200 1690
101.85.93.83 - - [02/Jan/2021:09:54:44 +0800] "GET /xingrg/javascript/easyui/themes/default/images/button_plain_hover.png HTTP/1.1" 200 144
172.17.0.119 - - [02/Jan/2021:09:54:45 +0800] "GET /xingrg/kc/base/kc_stocks.html HTTP/1.1" 200 16361
172.17.0.119 - - [02/Jan/2021:09:54:46 +0800] "GET /xingrg/javascript/easyui/themes/sunny/easyui.css HTTP/1.1" 200 34304
172.17.0.119 - - [02/Jan/2021:09:54:46 +0800] "GET /xingrg/javascript/easyui/themes/icons/refresh_new.png HTTP/1.1" 200 685
172.17.0.119 - - [02/Jan/2021:09:54:46 +0800] "GET /xingrg/javascript/easyui/themes/icons/import_new.png HTTP/1.1" 200 1247
172.17.0.119 - - [02/Jan/2021:09:54:46 +0800] "GET /xingrg/javascript/easyui/themes/icons/filter_new.png HTTP/1.1" 200 795
172.17.0.119 - - [02/Jan/2021:09:54:46 +0800] "GET /xingrg/javascript/easyui/themes/icons/print_new.png HTTP/1.1" 200 3580
172.17.0.119 - - [02/Jan/2021:09:54:46 +0800] "GET /xingrg/javascript/easyui/plugins/jquery.draggable.js HTTP/1.1" 200 6121
172.17.0.119 - - [02/Jan/2021:09:54:46 +0800] "GET /xingrg/all/common/auto_word.html?type=base&rest_code=00149 HTTP/1.1" 200 1811
172.17.0.119 - - [02/Jan/2021:09:54:46 +0800] "GET /xingrg/javascript/easyui/plugins/jquery.droppable.js HTTP/1.1" 200 1167
172.17.0.119 - - [02/Jan/2021:09:54:46 +0800] "GET /xingrg/javascript/easyui/themes/default/tree.css HTTP/1.1" 404 1090
172.17.0.119 - - [02/Jan/2021:09:54:46 +0800] "GET /xingrg/javascript/easyui/plugins/jquery.tree.js HTTP/1.1" 200 20874
172.17.0.119 - - [02/Jan/2021:09:54:46 +0800] "POST /xingrg/all/common/load_tree.html?tree=materiel_sort_tree_json HTTP/1.1" 200 8666
172.17.0.119 - - [02/Jan/2021:09:54:46 +0800] "GET /xingrg/javascript/easyui/themes/sunny/images/tree_folder.gif HTTP/1.1" 200 952
172.17.0.119 - - [02/Jan/2021:09:54:46 +0800] "GET /xingrg/javascript/easyui/themes/sunny/images/tree_folder_open.gif HTTP/1.1" 200 956
172.17.0.119 - - [02/Jan/2021:09:54:46 +0800] "GET /xingrg/javascript/easyui/themes/sunny/images/tree_arrows.gif HTTP/1.1" 200 617
172.17.0.119 - - [02/Jan/2021:09:54:46 +0800] "GET /xingrg/javascript/easyui/themes/sunny/images/tree_file.gif HTTP/1.1" 200 118
101.85.93.83 - - [02/Jan/2021:09:54:46 +0800] "GET /xingrg/javascript/pic_change.js HTTP/1.1" 200 4739
101.85.93.83 - - [02/Jan/2021:09:54:46 +0800] "GET /xingrg/javascript/convert.js HTTP/1.1" 200 1239
101.85.93.83 - - [02/Jan/2021:09:54:46 +0800] "GET /xingrg/javascript/jquery_tools/order_manager.js HTTP/1.1" 200 11183
101.85.93.83 - - [02/Jan/2021:09:54:46 +0800] "GET /xingrg/javascript/print/kc_print.js HTTP/1.1" 200 11415
101.85.93.83 - - [02/Jan/2021:09:54:46 +0800] "GET /xingrg/javascript/json2.js HTTP/1.1" 200 11259
101.85.93.83 - - [02/Jan/2021:09:54:46 +0800] "GET /xingrg/kc/buy/cgsh_order_add.html HTTP/1.1" 200 60497
101.85.93.83 - - [02/Jan/2021:09:54:46 +0800] "GET /xingrg/words/20210101173748_words.js HTTP/1.1" 200 784300
101.85.93.83 - - [02/Jan/2021:09:54:46 +0800] "GET /xingrg/javascript/easyui/themes/icons/copy_new.png HTTP/1.1" 200 815
101.85.93.83 - - [02/Jan/2021:09:54:46 +0800] "GET /xingrg/javascript/easyui/themes/icons/template_new.png HTTP/1.1" 200 3956
101.85.93.83 - - [02/Jan/2021:09:54:46 +0800] "GET /xingrg/javascript/easyui/themes/icons/print.png HTTP/1.1" 200 1057
101.85.93.83 - - [02/Jan/2021:09:54:46 +0800] "GET /xingrg/javascript/easyui/themes/default/images/menu_downarrow.png HTTP/1.1" 200 173
101.85.93.83 - - [02/Jan/2021:09:54:46 +0800] "GET /xingrg/javascript/easyui/themes/icons/ok.png HTTP/1.1" 200 883
101.85.93.83 - - [02/Jan/2021:09:54:46 +0800] "GET /xingrg/javascript/easyui/themes/icons/cancel.png HTTP/1.1" 200 1133
222.69.133.109 - - [02/Jan/2021:09:54:46 +0800] "POST /xingrg/dwr/call/plaincall/AjaxCheckService.setItemNumber.dwr HTTP/1.1" 200 77
117.131.5.26 - - [02/Jan/2021:09:54:47 +0800] "GET /xingrg/all/function/internal_message.html?_=1609552535640&CODE_STATE=getMsg HTTP/1.1" 200 27
101.85.93.83 - - [02/Jan/2021:09:54:47 +0800] "GET /xingrg/all/common/auto_word.html?type=employee&rest_code=00142 HTTP/1.1" 200 105
101.85.93.83 - - [02/Jan/2021:09:54:47 +0800] "GET /xingrg/all/common/auto_word.html?type=employee&rest_code=00142 HTTP/1.1" 200 105
101.85.93.83 - - [02/Jan/2021:09:54:47 +0800] "GET /xingrg/javascript/easyui/themes/default/validatebox.css HTTP/1.1" 404 1104
101.85.93.83 - - [02/Jan/2021:09:54:47 +0800] "GET /xingrg/javascript/easyui/plugins/jquery.validatebox.js HTTP/1.1" 200 6103
101.85.93.83 - - [02/Jan/2021:09:54:47 +0800] "POST /xingrg/kc/buy/cgsh_order_operate.html HTTP/1.1" 200 8245
101.85.93.83 - - [02/Jan/2021:09:54:47 +0800] "GET /xingrg/javascript/easyui/plugins/jquery.numberbox.js HTTP/1.1" 200 5213
101.85.93.83 - - [02/Jan/2021:09:54:47 +0800] "GET /xingrg/javascript/easyui/themes/icons/edit_remove.png HTTP/1.1" 200 625
101.85.93.83 - - [02/Jan/2021:09:54:49 +0800] "GET /xingrg/javascript/auto/indicator.gif HTTP/1.1" 404 1066
172.17.0.119 - - [02/Jan/2021:09:54:52 +0800] "POST /xingrg/kc/base/stock_operate.html HTTP/1.1" 200 2237
172.17.0.119 - - [02/Jan/2021:09:54:52 +0800] "GET /xingrg/javascript/jquery_tools/fix_table.js HTTP/1.1" 200 6528
222.69.133.109 - - [02/Jan/2021:09:54:53 +0800] "POST /xingrg/dwr/call/plaincall/AjaxCheckService.setItemNumber.dwr HTTP/1.1" 200 77
172.17.0.119 - - [02/Jan/2021:09:54:54 +0800] "GET /xingrg/check_reg.html?_=1609552496438 HTTP/1.1" 200 22
101.85.93.83 - - [02/Jan/2021:09:54:54 +0800] "GET /xingrg/all/function/internal_message.html?_=1609552175055&CODE_STATE=getMsg HTTP/1.1" 200 27
101.85.93.83 - - [02/Jan/2021:09:54:54 +0800] "GET /xingrg/check_reg.html?_=1609552175061 HTTP/1.1" 200 22
172.17.0.119 - - [02/Jan/2021:09:54:54 +0800] "GET /xingrg/all/function/internal_message.html?_=1609552496588&CODE_STATE=getMsg HTTP/1.1" 200 27
180.156.237.57 - - [02/Jan/2021:09:54:56 +0800] "GET /xingrg/check_reg.html?_=1609552479283 HTTP/1.1" 200 22
120.253.135.82 - - [02/Jan/2021:09:54:56 +0800] "GET /xingrg/all/function/internal_message.html?_=1609552255540&CODE_STATE=getMsg HTTP/1.1" 200 27
172.17.0.119 - - [02/Jan/2021:09:54:56 +0800] "GET /xingrg/kc/base/stock_detail.html?m=00101023016 HTTP/1.1" 200 7310
101.85.93.83 - - [02/Jan/2021:09:54:57 +0800] "GET /xingrg/kc/buy/cgsh_order_operate.html?command=get_materiel&rest_code=00142&code=00101011001&supplier_code=00100311&order_time=2021-01-02 HTTP/1.1" 200 423
117.185.32.26 - - [02/Jan/2021:09:54:58 +0800] "GET /xingrg/all/function/internal_message.html?_=1609552970454&CODE_STATE=getMsg HTTP/1.1" 302 -
222.69.133.109 - - [02/Jan/2021:09:54:59 +0800] "POST /xingrg/dwr/call/plaincall/AjaxCheckService.setItemNumber.dwr HTTP/1.1" 200 77
172.17.0.119 - - [02/Jan/2021:09:55:04 +0800] "GET /xingrg/kc/base/stock_operate.html?_=1609552506885&command=get_report_file&start_day=20201201 HTTP/1.1" 200 53
172.17.0.119 - - [02/Jan/2021:09:55:04 +0800] "GET /xingrg/all/report/report_query.html?isQuery=1&onlyBody=1&rh=2000&fileName=kc/base/kc_stock_detail_new.xml&queryString=(1=1)&queryText=&tableQueryString=init_table$sp1$$sp$crk_table$sp1$order_day%20between%2020201201%20and%2020210131&varString=start_day:20201201,materiel_code:00101023016,cost_id:2924,end_date:20201130 HTTP/1.1" 200 48626
172.17.0.119 - - [02/Jan/2021:09:55:04 +0800] "GET /xingrg/dwr/interface/AjaxReportQueryService.js HTTP/1.1" 200 13203
172.17.0.119 - - [02/Jan/2021:09:55:04 +0800] "GET /xingrg/dwr/engine.js HTTP/1.1" 200 43631
172.17.0.119 - - [02/Jan/2021:09:55:05 +0800] "POST /xingrg/all/report/load_report_page.html HTTP/1.1" 200 25057
172.17.0.119 - - [02/Jan/2021:09:55:05 +0800] "GET /xingrg/servlets/image?cache=0.7816698057525117&image=px HTTP/1.1" 200 807
180.156.237.57 - - [02/Jan/2021:09:55:05 +0800] "GET /xingrg/all/function/internal_message.html?_=1609552488294&CODE_STATE=getMsg HTTP/1.1" 200 27
101.228.166.101 - - [02/Jan/2021:09:55:07 +0800] "POST /xingrg/kc/buy/cgsh_order_operate.html HTTP/1.1" 200 37
222.69.134.163 - - [02/Jan/2021:09:55:08 +0800] "GET /xingrg/all/function/internal_message.html?_=1609552504017&CODE_STATE=getMsg HTTP/1.1" 200 27
101.228.166.101 - - [02/Jan/2021:09:55:08 +0800] "POST /xingrg/kc/buy/cgsh_order_operate.html HTTP/1.1" 200 3250
172.17.200.101 - - [02/Jan/2021:09:55:09 +0800] "GET /xingrg/all/function/internal_message.html?_=1609552514731&CODE_STATE=getMsg HTTP/1.1" 200 27
101.85.93.83 - - [02/Jan/2021:09:55:10 +0800] "GET /xingrg/kc/buy/cgsh_order_operate.html?command=get_materiel&rest_code=00142&code=00101011005&supplier_code=00100311&order_time=2021-01-02 HTTP/1.1" 200 408
101.228.166.101 - - [02/Jan/2021:09:55:10 +0800] "GET /xingrg/kc/buy/cgsh_order_add.html HTTP/1.1" 200 61384
101.228.166.101 - - [02/Jan/2021:09:55:12 +0800] "POST /xingrg/kc/buy/cgsh_order_operate.html HTTP/1.1" 200 8245
101.228.166.101 - - [02/Jan/2021:09:55:13 +0800] "GET /xingrg/javascript/easyui/themes/default/validatebox.css HTTP/1.1" 404 1104
172.17.0.119 - - [02/Jan/2021:09:55:15 +0800] "GET /xingrg/javascript/easyui/themes/sunny/images/ui-bg_gloss-wave_60_fece2f_500x100.png HTTP/1.1" 200 3512
180.162.223.42 - - [02/Jan/2021:09:55:15 +0800] "GET /xingrg/all/function/internal_message.html?_=1609552516704&CODE_STATE=getMsg HTTP/1.1" 200 27
172.17.0.119 - - [02/Jan/2021:09:55:17 +0800] "POST /xingrg/kc/base/stock_operate.html HTTP/1.1" 200 1993
172.17.0.119 - - [02/Jan/2021:09:55:18 +0800] "GET /xingrg/kc/base/stock_detail.html?m=00101023017 HTTP/1.1" 200 7309
101.228.166.101 - - [02/Jan/2021:09:55:18 +0800] "GET /xingrg/all/function/internal_message.html?_=1609552542178&CODE_STATE=getMsg HTTP/1.1" 200 27
172.17.0.119 - - [02/Jan/2021:09:55:20 +0800] "GET /xingrg/kc/base/stock_operate.html?_=1609552522699&command=get_report_file&start_day=20210101 HTTP/1.1" 200 53
172.17.0.119 - - [02/Jan/2021:09:55:20 +0800] "GET /xingrg/all/report/report_query.html?isQuery=1&onlyBody=1&rh=2000&fileName=kc/base/kc_stock_detail_new.xml&queryString=(1=1)&queryText=&tableQueryString=init_table$sp1$$sp$crk_table$sp1$order_day%20between%2020210101%20and%2020210131&varString=start_day:20210101,materiel_code:00101023017,cost_id:2924,end_date:20201130 HTTP/1.1" 200 48626
172.17.0.119 - - [02/Jan/2021:09:55:20 +0800] "GET /xingrg/dwr/interface/AjaxReportQueryService.js HTTP/1.1" 200 13203
172.17.0.119 - - [02/Jan/2021:09:55:20 +0800] "GET /xingrg/dwr/engine.js HTTP/1.1" 200 43631
172.17.0.119 - - [02/Jan/2021:09:55:21 +0800] "POST /xingrg/all/report/load_report_page.html HTTP/1.1" 200 20262
172.17.0.119 - - [02/Jan/2021:09:55:21 +0800] "GET /xingrg/servlets/image?cache=0.08740353439515447&image=px HTTP/1.1" 200 807
172.17.0.119 - - [02/Jan/2021:09:55:24 +0800] "GET /xingrg/kc/base/stock_operate.html?_=1609552526656&command=get_report_file&start_day=20201201 HTTP/1.1" 200 53
172.17.0.119 - - [02/Jan/2021:09:55:24 +0800] "GET /xingrg/all/report/report_query.html?isQuery=1&onlyBody=1&rh=2000&fileName=kc/base/kc_stock_detail_new.xml&queryString=(1=1)&queryText=&tableQueryString=init_table$sp1$$sp$crk_table$sp1$order_day%20between%2020201201%20and%2020210131&varString=start_day:20201201,materiel_code:00101023017,cost_id:2924,end_date:20201130 HTTP/1.1" 200 48626
172.17.0.119 - - [02/Jan/2021:09:55:24 +0800] "GET /xingrg/dwr/interface/AjaxReportQueryService.js HTTP/1.1" 200 13203
172.17.0.119 - - [02/Jan/2021:09:55:24 +0800] "GET /xingrg/dwr/engine.js HTTP/1.1" 200 43631
172.17.0.119 - - [02/Jan/2021:09:55:25 +0800] "POST /xingrg/all/report/load_report_page.html HTTP/1.1" 200 25057
172.17.0.119 - - [02/Jan/2021:09:55:25 +0800] "GET /xingrg/servlets/image?cache=0.4723852490727345&image=px HTTP/1.1" 200 807
222.69.133.109 - - [02/Jan/2021:09:55:25 +0800] "GET /xingrg/all/function/internal_message.html?_=1609552527900&CODE_STATE=getMsg HTTP/1.1" 200 27
222.69.133.109 - - [02/Jan/2021:09:55:25 +0800] "GET /xingrg/check_reg.html?_=1609552527905 HTTP/1.1" 200 22
222.69.133.109 - - [02/Jan/2021:09:55:26 +0800] "POST /xingrg/dwr/call/plaincall/AjaxCheckService.setItemNumber.dwr HTTP/1.1" 200 77
222.69.133.109 - - [02/Jan/2021:09:55:30 +0800] "POST /xingrg/dwr/call/plaincall/AjaxCheckService.setItemNumber.dwr HTTP/1.1" 200 77
101.228.166.101 - - [02/Jan/2021:09:55:32 +0800] "GET /xingrg/kc/buy/cgsh_order_operate.html?command=get_materiel&rest_code=00146&code=00101016105&supplier_code=00100033&order_time=2021-01-02 HTTP/1.1" 200 409
58.40.7.146 - - [02/Jan/2021:09:55:34 +0800] "GET /xingrg/all/function/internal_message.html?_=1609552534990&CODE_STATE=getMsg HTTP/1.1" 200 27
116.228.172.94 - - [02/Jan/2021:09:55:35 +0800] "GET /xingrg/all/function/internal_message.html?_=1609552534798&CODE_STATE=getMsg HTTP/1.1" 200 27
222.69.133.109 - - [02/Jan/2021:09:55:39 +0800] "POST /xingrg/dwr/call/plaincall/AjaxCheckService.setItemNumber.dwr HTTP/1.1" 200 77
117.131.5.26 - - [02/Jan/2021:09:55:47 +0800] "GET /xingrg/check_reg.html?_=1609552595632 HTTP/1.1" 200 22
117.131.5.26 - - [02/Jan/2021:09:55:47 +0800] "GET /xingrg/all/function/internal_message.html?_=1609552595634&CODE_STATE=getMsg HTTP/1.1" 200 27
101.85.93.83 - - [02/Jan/2021:09:55:49 +0800] "POST /xingrg/kc/buy/cgsh_order_operate.html HTTP/1.1" 200 37
101.85.93.83 - - [02/Jan/2021:09:55:51 +0800] "POST /xingrg/kc/buy/cgsh_order_operate.html HTTP/1.1" 200 12
101.85.93.83 - - [02/Jan/2021:09:55:52 +0800] "GET /xingrg/kc/buy/cgsh_order_info.html?code=212021010200507 HTTP/1.1" 200 55404
101.85.93.83 - - [02/Jan/2021:09:55:53 +0800] "GET /xingrg/javascript/easyui/themes/default/validatebox.css HTTP/1.1" 404 1104
101.85.93.83 - - [02/Jan/2021:09:55:53 +0800] "POST /xingrg/kc/buy/cgsh_order_operate.html HTTP/1.1" 200 2390
101.85.93.83 - - [02/Jan/2021:09:55:54 +0800] "GET /xingrg/all/function/internal_message.html?_=1609552235035&CODE_STATE=getMsg HTTP/1.1" 200 27
172.17.0.119 - - [02/Jan/2021:09:55:54 +0800] "GET /xingrg/all/function/internal_message.html?_=1609552556562&CODE_STATE=getMsg HTTP/1.1" 200 27
101.85.93.83 - - [02/Jan/2021:09:55:56 +0800] "GET /xingrg/kc/print/load_config.html?kc_code=cgsh HTTP/1.1" 200 1845
101.85.93.83 - - [02/Jan/2021:09:55:56 +0800] "GET /xingrg/kc/print/load_data.html?order_code=212021010200507&kc_code=cgsh&condition= HTTP/1.1" 200 1399
120.253.135.82 - - [02/Jan/2021:09:55:56 +0800] "GET /xingrg/all/function/internal_message.html?_=1609552315554&CODE_STATE=getMsg HTTP/1.1" 200 27
117.185.32.26 - - [02/Jan/2021:09:55:58 +0800] "GET /xingrg/all/function/internal_message.html?_=1609553030453&CODE_STATE=getMsg HTTP/1.1" 302 -
101.228.166.101 - - [02/Jan/2021:09:56:01 +0800] "GET /xingrg/kc/buy/cgsh_order_operate.html?command=get_materiel&rest_code=00146&code=00101012051&supplier_code=00100033&order_time=2021-01-02 HTTP/1.1" 200 408
101.85.93.83 - - [02/Jan/2021:09:56:02 +0800] "GET /xingrg/javascript/jquery_easy_ui/themes/default/images/tabs_active.png HTTP/1.1" 200 2894
222.69.133.109 - - [02/Jan/2021:09:56:05 +0800] "POST /xingrg/dwr/call/plaincall/AjaxCheckService.setItemNumber.dwr HTTP/1.1" 200 77
101.85.93.83 - - [02/Jan/2021:09:56:05 +0800] "GET /xingrg/kc/base/wldb_order_list.html HTTP/1.1" 200 19345
180.156.237.57 - - [02/Jan/2021:09:56:05 +0800] "GET /xingrg/all/function/internal_message.html?_=1609552548308&CODE_STATE=getMsg HTTP/1.1" 200 27
101.85.93.83 - - [02/Jan/2021:09:56:06 +0800] "POST /xingrg/kc/base/wldb_list_operate.html HTTP/1.1" 200 928
180.162.223.42 - - [02/Jan/2021:09:56:07 +0800] "POST /xingrg/kc/buy/cgsh_order_operate.html HTTP/1.1" 200 37
222.69.134.163 - - [02/Jan/2021:09:56:08 +0800] "GET /xingrg/all/function/internal_message.html?_=1609552564022&CODE_STATE=getMsg HTTP/1.1" 200 27
180.162.223.42 - - [02/Jan/2021:09:56:08 +0800] "POST /xingrg/kc/buy/cgsh_order_operate.html HTTP/1.1" 200 57038
172.17.200.101 - - [02/Jan/2021:09:56:09 +0800] "GET /xingrg/all/function/internal_message.html?_=1609552574736&CODE_STATE=getMsg HTTP/1.1" 200 27
180.156.237.57 - - [02/Jan/2021:09:56:15 +0800] "GET /xingrg/kc/buy/cgsh_order_operate.html?command=get_materiel&rest_code=00150&code=00101008323&supplier_code=00100007&order_time=2021-01-02 HTTP/1.1" 200 408
180.162.223.42 - - [02/Jan/2021:09:56:15 +0800] "GET /xingrg/all/function/internal_message.html?_=1609552576731&CODE_STATE=getMsg HTTP/1.1" 200 27
180.162.223.42 - - [02/Jan/2021:09:56:15 +0800] "GET /xingrg/check_reg.html?_=1609552576735 HTTP/1.1" 200 22
101.228.166.101 - - [02/Jan/2021:09:56:17 +0800] "GET /xingrg/kc/buy/cgsh_order_operate.html?command=get_materiel&rest_code=00146&code=00101016080&supplier_code=00100033&order_time=2021-01-02 HTTP/1.1" 200 408
101.228.166.101 - - [02/Jan/2021:09:56:18 +0800] "GET /xingrg/all/function/internal_message.html?_=1609552602191&CODE_STATE=getMsg HTTP/1.1" 200 27
222.69.133.109 - - [02/Jan/2021:09:56:25 +0800] "GET /xingrg/all/function/internal_message.html?_=1609552587900&CODE_STATE=getMsg HTTP/1.1" 200 27
116.231.118.183 - - [02/Jan/2021:09:56:25 +0800] "GET /favicon.ico HTTP/1.1" 404 -
116.231.118.183 - - [02/Jan/2021:09:56:26 +0800] "GET /favicon.ico HTTP/1.1" 404 -
116.231.118.183 - - [02/Jan/2021:09:56:27 +0800] "GET /favicon.ico HTTP/1.1" 404 -
180.156.237.57 - - [02/Jan/2021:09:56:27 +0800] "GET /xingrg/kc/buy/cgsh_order_operate.html?command=get_materiel&rest_code=00150&code=00101008156&supplier_code=00100007&order_time=2021-01-02 HTTP/1.1" 200 414
101.228.166.101 - - [02/Jan/2021:09:56:30 +0800] "GET /xingrg/kc/buy/cgsh_order_operate.html?command=get_materiel&rest_code=00146&code=00101007109&supplier_code=00100033&order_time=2021-01-02 HTTP/1.1" 200 408
222.69.133.109 - - [02/Jan/2021:09:56:30 +0800] "POST /xingrg/dwr/call/plaincall/AjaxCheckService.setItemNumber.dwr HTTP/1.1" 200 77
58.40.7.146 - - [02/Jan/2021:09:56:34 +0800] "GET /xingrg/all/function/internal_message.html?_=1609552594993&CODE_STATE=getMsg HTTP/1.1" 200 27
58.40.7.146 - - [02/Jan/2021:09:56:34 +0800] "GET /xingrg/check_reg.html?_=1609552594995 HTTP/1.1" 200 22
222.69.133.109 - - [02/Jan/2021:09:56:34 +0800] "POST /xingrg/dwr/call/plaincall/AjaxCheckService.setItemNumber.dwr HTTP/1.1" 200 77
116.228.172.94 - - [02/Jan/2021:09:56:35 +0800] "GET /xingrg/all/function/internal_message.html?_=1609552594774&CODE_STATE=getMsg HTTP/1.1" 200 27
101.85.93.83 - - [02/Jan/2021:09:56:37 +0800] "GET /xingrg/kc/base/wldb_order_add.html HTTP/1.1" 200 30512
101.85.93.83 - - [02/Jan/2021:09:56:37 +0800] "POST /xingrg/kc/base/wldb_order_operate.html HTTP/1.1" 200 6806
101.85.93.83 - - [02/Jan/2021:09:56:37 +0800] "GET /xingrg/all/common/auto_word.html?type=base&rest_code=00142 HTTP/1.1" 200 665
101.85.93.83 - - [02/Jan/2021:09:56:37 +0800] "GET /xingrg/all/common/auto_word.html?type=base&rest_code=00142 HTTP/1.1" 200 665
101.85.93.83 - - [02/Jan/2021:09:56:37 +0800] "GET /xingrg/javascript/easyui/themes/default/validatebox.css HTTP/1.1" 404 1104
222.69.133.109 - - [02/Jan/2021:09:56:41 +0800] "POST /xingrg/dwr/call/plaincall/AjaxCheckService.setItemNumber.dwr HTTP/1.1" 200 77
180.156.237.57 - - [02/Jan/2021:09:56:44 +0800] "POST /xingrg/kc/buy/cgsh_order_operate.html HTTP/1.1" 200 37
180.156.237.57 - - [02/Jan/2021:09:56:46 +0800] "POST /xingrg/kc/buy/cgsh_order_operate.html HTTP/1.1" 200 22767
222.69.133.109 - - [02/Jan/2021:09:56:46 +0800] "POST /xingrg/dwr/call/plaincall/AjaxCheckService.setItemNumber.dwr HTTP/1.1" 200 77
117.131.5.26 - - [02/Jan/2021:09:56:47 +0800] "GET /xingrg/all/function/internal_message.html?_=1609552655637&CODE_STATE=getMsg HTTP/1.1" 200 27
222.69.133.109 - - [02/Jan/2021:09:56:51 +0800] "POST /xingrg/dwr/call/plaincall/AjaxCheckService.setItemNumber.dwr HTTP/1.1" 200 77
101.85.93.83 - - [02/Jan/2021:09:56:54 +0800] "GET /xingrg/all/function/internal_message.html?_=1609552295033&CODE_STATE=getMsg HTTP/1.1" 200 27
172.17.0.119 - - [02/Jan/2021:09:56:54 +0800] "GET /xingrg/all/function/internal_message.html?_=1609552616547&CODE_STATE=getMsg HTTP/1.1" 200 27
180.156.237.57 - - [02/Jan/2021:09:56:56 +0800] "GET /xingrg/kc/buy/cgsh_order_operate.html?command=get_materiel&rest_code=00150&code=00101008331&supplier_code=00100007&order_time=2021-01-02 HTTP/1.1" 200 416
120.253.135.82 - - [02/Jan/2021:09:56:56 +0800] "GET /xingrg/all/function/internal_message.html?_=1609552375594&CODE_STATE=getMsg HTTP/1.1" 200 27
117.185.32.26 - - [02/Jan/2021:09:56:58 +0800] "GET /xingrg/all/function/internal_message.html?_=1609553090462&CODE_STATE=getMsg HTTP/1.1" 302 -
117.185.32.26 - - [02/Jan/2021:09:56:58 +0800] "GET /xingrg/check_reg.html?_=1609553090463 HTTP/1.1" 302 -
101.228.166.101 - - [02/Jan/2021:09:57:01 +0800] "GET /xingrg/kc/buy/cgsh_order_operate.html?command=get_materiel&rest_code=00146&code=00101012010&supplier_code=00100033&order_time=2021-01-02 HTTP/1.1" 200 409
180.156.237.57 - - [02/Jan/2021:09:57:05 +0800] "GET /xingrg/all/function/internal_message.html?_=1609552608478&CODE_STATE=getMsg HTTP/1.1" 200 27
222.69.134.163 - - [02/Jan/2021:09:57:08 +0800] "GET /xingrg/all/function/internal_message.html?_=1609552624023&CODE_STATE=getMsg HTTP/1.1" 200 27
172.17.200.101 - - [02/Jan/2021:09:57:09 +0800] "GET /xingrg/all/function/internal_message.html?_=1609552634721&CODE_STATE=getMsg HTTP/1.1" 200 27
180.156.237.57 - - [02/Jan/2021:09:57:14 +0800] "GET /xingrg/kc/buy/cgsh_order_operate.html?command=get_materiel&rest_code=00150&code=00101008096&supplier_code=00100007&order_time=2021-01-02 HTTP/1.1" 200 413
222.69.133.109 - - [02/Jan/2021:09:57:14 +0800] "POST /xingrg/dwr/call/plaincall/AjaxCheckService.setItemNumber.dwr HTTP/1.1" 200 77
101.228.166.101 - - [02/Jan/2021:09:57:14 +0800] "GET /xingrg/kc/buy/cgsh_order_operate.html?command=get_materiel&rest_code=00146&code=00101016057&supplier_code=00100033&order_time=2021-01-02 HTTP/1.1" 200 408
180.162.223.42 - - [02/Jan/2021:09:57:15 +0800] "GET /xingrg/all/function/internal_message.html?_=1609552636697&CODE_STATE=getMsg HTTP/1.1" 200 27
101.228.166.101 - - [02/Jan/2021:09:57:19 +0800] "GET /xingrg/all/function/internal_message.html?_=1609552662220&CODE_STATE=getMsg HTTP/1.1" 200 27
222.69.133.109 - - [02/Jan/2021:09:57:19 +0800] "POST /xingrg/dwr/call/plaincall/AjaxCheckService.setItemNumber.dwr HTTP/1.1" 200 77
180.156.237.57 - - [02/Jan/2021:09:57:19 +0800] "GET /xingrg/kc/buy/cgsh_order_operate.html?command=get_materiel&rest_code=00150&code=00101008088&supplier_code=00100007&order_time=2021-01-02 HTTP/1.1" 200 409
222.69.133.109 - - [02/Jan/2021:09:57:25 +0800] "POST /xingrg/dwr/call/plaincall/AjaxCheckService.setItemNumber.dwr HTTP/1.1" 200 77
222.69.133.109 - - [02/Jan/2021:09:57:25 +0800] "GET /xingrg/all/function/internal_message.html?_=1609552647897&CODE_STATE=getMsg HTTP/1.1" 200 27
101.228.166.101 - - [02/Jan/2021:09:57:27 +0800] "GET /xingrg/kc/buy/cgsh_order_operate.html?command=get_materiel&rest_code=00146&code=00101016025&supplier_code=00100033&order_time=2021-01-02 HTTP/1.1" 200 408
222.69.133.109 - - [02/Jan/2021:09:57:30 +0800] "POST /xingrg/dwr/call/plaincall/AjaxCheckService.setItemNumber.dwr HTTP/1.1" 200 77
101.85.93.83 - - [02/Jan/2021:09:57:31 +0800] "GET /xingrg/kc/base/wldb_order_operate.html?command=get_materiel&rest_code=00142&base_code=0010185&code=00101021009 HTTP/1.1" 200 451
101.228.166.101 - - [02/Jan/2021:09:57:31 +0800] "GET /xingrg/check_reg.html?_=1609552674982 HTTP/1.1" 200 22
180.156.237.57 - - [02/Jan/2021:09:57:31 +0800] "POST /xingrg/kc/buy/cgsh_order_operate.html HTTP/1.1" 200 37
180.156.237.57 - - [02/Jan/2021:09:57:32 +0800] "POST /xingrg/kc/buy/cgsh_order_operate.html HTTP/1.1" 200 25730
58.40.7.146 - - [02/Jan/2021:09:57:34 +0800] "GET /xingrg/all/function/internal_message.html?_=1609552654996&CODE_STATE=getMsg HTTP/1.1" 200 27
222.69.133.109 - - [02/Jan/2021:09:57:35 +0800] "POST /xingrg/dwr/call/plaincall/AjaxCheckService.setItemNumber.dwr HTTP/1.1" 200 77
101.85.93.83 - - [02/Jan/2021:09:57:35 +0800] "POST /xingrg/all/common/load_select.html HTTP/1.1" 200 25
116.228.172.94 - - [02/Jan/2021:09:57:35 +0800] "GET /xingrg/all/function/internal_message.html?_=1609552654762&CODE_STATE=getMsg HTTP/1.1" 200 27
101.85.93.83 - - [02/Jan/2021:09:57:36 +0800] "GET /xingrg/kc/base/wldb_order_operate.html?command=get_materiel_price&rest_code=00142&base_code=0010185&code=00101021009&unit_code=00100053 HTTP/1.1" 200 36
180.156.237.57 - - [02/Jan/2021:09:57:39 +0800] "GET /xingrg/kc/buy/cgsh_order_operate.html?command=get_materiel&rest_code=00150&code=00101008223&supplier_code=00100007&order_time=2021-01-02 HTTP/1.1" 200 412
222.69.133.109 - - [02/Jan/2021:09:57:40 +0800] "POST /xingrg/dwr/call/plaincall/AjaxCheckService.setItemNumber.dwr HTTP/1.1" 200 77
101.228.166.101 - - [02/Jan/2021:09:57:45 +0800] "POST /xingrg/kc/buy/cgsh_order_operate.html HTTP/1.1" 200 37
101.228.166.101 - - [02/Jan/2021:09:57:46 +0800] "POST /xingrg/kc/buy/cgsh_order_operate.html HTTP/1.1" 200 6179
117.131.5.26 - - [02/Jan/2021:09:57:47 +0800] "GET /xingrg/all/function/internal_message.html?_=1609552715642&CODE_STATE=getMsg HTTP/1.1" 200 27
101.228.166.101 - - [02/Jan/2021:09:57:50 +0800] "GET /xingrg/kc/print/load_data.html?order_code=212021010200508&kc_code=cgsh&condition= HTTP/1.1" 200 2044
101.85.93.83 - - [02/Jan/2021:09:57:53 +0800] "GET /xingrg/kc/base/wldb_order_operate.html?command=get_materiel&rest_code=00142&base_code=0010185&code=00101010295 HTTP/1.1" 200 450
180.156.237.57 - - [02/Jan/2021:09:57:53 +0800] "GET /xingrg/kc/buy/cgsh_order_operate.html?command=get_materiel&rest_code=00150&code=00101008041&supplier_code=00100007&order_time=2021-01-02 HTTP/1.1" 200 408
101.85.93.83 - - [02/Jan/2021:09:57:54 +0800] "GET /xingrg/all/function/internal_message.html?_=1609552355033&CODE_STATE=getMsg HTTP/1.1" 200 27
172.17.0.119 - - [02/Jan/2021:09:57:54 +0800] "GET /xingrg/all/function/internal_message.html?_=1609552676518&CODE_STATE=getMsg HTTP/1.1" 200 27
120.253.135.82 - - [02/Jan/2021:09:57:56 +0800] "GET /xingrg/check_reg.html?_=1609552435519 HTTP/1.1" 200 22
120.253.135.82 - - [02/Jan/2021:09:57:56 +0800] "GET /xingrg/all/function/internal_message.html?_=1609552435617&CODE_STATE=getMsg HTTP/1.1" 200 27
117.185.32.26 - - [02/Jan/2021:09:57:58 +0800] "GET /xingrg/all/function/internal_message.html?_=1609553150458&CODE_STATE=getMsg HTTP/1.1" 302 -
222.69.133.109 - - [02/Jan/2021:09:58:01 +0800] "POST /xingrg/dwr/call/plaincall/AjaxCheckService.setItemNumber.dwr HTTP/1.1" 200 77
180.156.237.57 - - [02/Jan/2021:09:58:05 +0800] "GET /xingrg/all/function/internal_message.html?_=1609552668623&CODE_STATE=getMsg HTTP/1.1" 200 27
101.85.93.83 - - [02/Jan/2021:09:58:07 +0800] "GET /xingrg/kc/base/wldb_order_operate.html?command=get_materiel&rest_code=00142&base_code=0010185&code=00101007038 HTTP/1.1" 200 443
222.69.134.163 - - [02/Jan/2021:09:58:08 +0800] "GET /xingrg/all/function/internal_message.html?_=1609552684025&CODE_STATE=getMsg HTTP/1.1" 200 27
222.69.133.109 - - [02/Jan/2021:09:58:09 +0800] "POST /xingrg/dwr/call/plaincall/AjaxCheckService.checkOrder.dwr HTTP/1.1" 200 79
172.17.200.101 - - [02/Jan/2021:09:58:09 +0800] "GET /xingrg/all/function/internal_message.html?_=1609552694725&CODE_STATE=getMsg HTTP/1.1" 200 27
172.17.200.101 - - [02/Jan/2021:09:58:09 +0800] "GET /xingrg/check_reg.html?_=1609552694728 HTTP/1.1" 200 22
58.221.95.50 - - [02/Jan/2021:09:58:09 +0800] "GET /xingrg/check_reg.html?_=1609552690569 HTTP/1.1" 302 -
101.85.93.83 - - [02/Jan/2021:09:58:10 +0800] "POST /xingrg/all/common/load_select.html HTTP/1.1" 200 25
222.69.133.109 - - [02/Jan/2021:09:58:11 +0800] "GET /xingrg/kc/base/check_order_info.html?code=452021010200031 HTTP/1.1" 200 22860
222.69.133.109 - - [02/Jan/2021:09:58:11 +0800] "GET /xingrg/dwr/interface/AjaxComOrderService.js HTTP/1.1" 200 18264
222.69.133.109 - - [02/Jan/2021:09:58:11 +0800] "GET /xingrg/dwr/interface/AjaxCheckService.js HTTP/1.1" 200 14003
222.69.133.109 - - [02/Jan/2021:09:58:11 +0800] "GET /xingrg/dwr/engine.js HTTP/1.1" 200 43631
101.85.93.83 - - [02/Jan/2021:09:58:12 +0800] "GET /xingrg/kc/base/wldb_order_operate.html?command=get_materiel_price&rest_code=00142&base_code=0010185&code=00101007038&unit_code=00100025 HTTP/1.1" 200 36
222.69.133.109 - - [02/Jan/2021:09:58:12 +0800] "POST /xingrg/dwr/call/plaincall/AjaxCheckService.loadOrderItems.dwr HTTP/1.1" 200 10886
180.162.223.42 - - [02/Jan/2021:09:58:15 +0800] "GET /xingrg/all/function/internal_message.html?_=1609552696698&CODE_STATE=getMsg HTTP/1.1" 200 27
