101.228.166.101 - - [02/Jan/2021:11:21:34 +0800] "GET /xingrg/all/function/internal_message.html?_=1609557717530&CODE_STATE=getMsg HTTP/1.1" 200 27
58.40.7.146 - - [02/Jan/2021:11:21:34 +0800] "GET /xingrg/check_reg.html?_=1609557695063 HTTP/1.1" 200 22
58.40.7.146 - - [02/Jan/2021:11:21:34 +0800] "GET /xingrg/all/function/internal_message.html?_=1609557695065&CODE_STATE=getMsg HTTP/1.1" 200 27
180.162.223.42 - - [02/Jan/2021:11:21:34 +0800] "GET /xingrg/kc/buy/cgsh_order_add.html HTTP/1.1" 200 61425
180.162.223.42 - - [02/Jan/2021:11:21:34 +0800] "GET /xingrg/javascript/easyui/themes/default/validatebox.css HTTP/1.1" 404 1104
180.162.223.42 - - [02/Jan/2021:11:21:34 +0800] "POST /xingrg/kc/buy/cgsh_order_operate.html HTTP/1.1" 200 8245
116.228.172.94 - - [02/Jan/2021:11:21:35 +0800] "GET /xingrg/all/function/internal_message.html?_=1609557694443&CODE_STATE=getMsg HTTP/1.1" 200 27
183.192.164.71 - - [02/Jan/2021:11:21:35 +0800] "GET /xingrg/kc/buy/cgsh_order_info.html?code=212021010200570 HTTP/1.1" 302 -
180.156.237.57 - - [02/Jan/2021:11:21:35 +0800] "GET /xingrg/all/function/internal_message.html?_=1609557678274&CODE_STATE=getMsg HTTP/1.1" 200 27
172.17.0.108 - - [02/Jan/2021:11:21:35 +0800] "GET /xingrg/all/report/report_query.html?isQuery=1&fileName=dma/new_5.0/menu/menu_day_hz.xml&queryString=(a.sale_day%2520between%252020201201%2520and%252020201231)%2520and%2520(a.sid%2520in%2520(11))%2520and%2520(a.tj_code%253D14)%2520and%2520(a.menu_name%253D'%25E8%2581%259A%25E5%25AE%259D%25E7%259B%2586B%25EF%25BC%2588%25E7%25A4%25BC%25E7%259B%2592%25EF%25BC%2589'%2520and%2520a.menu_unit%253D'%25E7%25A4%25BC%25E5%2588%25B8')&queryText=%25E3%2580%2590%25E8%2590%25A5%25E4%25B8%259A%25E6%2597%25A5%25E6%259C%259F%253A2020-12-01%2520%25E8%2587%25B3%25202020-12-31%25E3%2580%2591%2520%25E5%25B9%25B6%25E4%25B8%2594%2520%2520%25E3%2580%2590%25E9%2597%25A8%25E5%25BA%2597%25E5%2590%258D%25E7%25A7%25B0%2520%253D%2520%25E6%25B7%25B1%25E6%25B5%25B7%25E6%25B8%2594%25E6%25B8%25AF%25E9%2595%25BF%25E5%25AF%25BF%25E8%25B7%25AF%25E3%2580%2591%2520%25E5%25B9%25B6%25E4%25B8%2594%2520%25E3%2580%2590%25E7%25BB%259F%25E8%25AE%25A1%25E7%25B1%25BB%25E5%2588%25AB%2520%253D%2520%25E7%25A4%25BC%25E7%259B%2592%25E3%2580%2591%2520%25E5%25B9%25B6%25E4%25B8%2594%2520%25E3%2580%2590%25E8%258F%259C%25E5%2593%2581%25E5%2590%258D%25E7%25A7%25B0%2520%253D%2520%25E8%2581%259A%25E5%25AE%259D%25E7%259B%2586B%25EF%25BC%2588%25E7%25A4%25BC%25E7%259B%2592%25EF%25BC%2589%25E3%2580%2591%2520%25E3%2580%2590%25E5%258D%2595%25E4%25BD%258D%2520%253D%2520%25E7%25A4%25BC%25E5%2588%25B8%25E3%2580%2591 HTTP/1.1" 200 52345
172.17.0.108 - - [02/Jan/2021:11:21:35 +0800] "GET /xingrg/dwr/engine.js HTTP/1.1" 200 43631
172.17.0.108 - - [02/Jan/2021:11:21:36 +0800] "GET /favicon.ico HTTP/1.1" 404 -
58.35.244.144 - - [02/Jan/2021:11:21:36 +0800] "GET /xingrg/kc/print/load_data.html?order_code=212021010200580&kc_code=cgsh&condition= HTTP/1.1" 200 908
172.17.0.108 - - [02/Jan/2021:11:21:36 +0800] "POST /xingrg/all/report/load_report_page.html HTTP/1.1" 200 14668
172.17.0.108 - - [02/Jan/2021:11:21:36 +0800] "GET /xingrg/servlets/image?cache=0.5868736751234696&image=px HTTP/1.1" 200 807
61.129.6.225 - - [02/Jan/2021:11:21:39 +0800] "GET /xingrg/all/function/internal_message.html?_=1609557635398&CODE_STATE=getMsg HTTP/1.1" 302 -
183.192.164.71 - - [02/Jan/2021:11:21:40 +0800] "GET /xingrg/login.html HTTP/1.1" 200 7641
61.129.6.225 - - [02/Jan/2021:11:21:41 +0800] "GET /xingrg/login.html HTTP/1.1" 200 7641
117.185.32.26 - - [02/Jan/2021:11:21:42 +0800] "POST /xingrg/kc/buy/cgsh_order_operate.html HTTP/1.1" 200 37
58.35.244.144 - - [02/Jan/2021:11:21:42 +0800] "GET /xingrg/all/function/internal_message.html?_=1609557860583&CODE_STATE=getMsg HTTP/1.1" 200 27
117.185.32.26 - - [02/Jan/2021:11:21:44 +0800] "POST /xingrg/kc/buy/cgsh_order_operate.html HTTP/1.1" 200 12
117.185.32.26 - - [02/Jan/2021:11:21:45 +0800] "GET /xingrg/kc/buy/cgsh_order_info.html?code=212021010200582 HTTP/1.1" 200 56287
117.185.32.26 - - [02/Jan/2021:11:21:45 +0800] "GET /xingrg/javascript/easyui/themes/default/validatebox.css HTTP/1.1" 404 1104
117.185.32.26 - - [02/Jan/2021:11:21:46 +0800] "POST /xingrg/kc/buy/cgsh_order_operate.html HTTP/1.1" 200 604
117.131.5.26 - - [02/Jan/2021:11:21:47 +0800] "GET /xingrg/all/function/internal_message.html?_=1609557755699&CODE_STATE=getMsg HTTP/1.1" 200 27
58.35.244.144 - - [02/Jan/2021:11:21:47 +0800] "GET /xingrg/kc/buy/cgsh_order_add.html HTTP/1.1" 200 61378
58.35.244.144 - - [02/Jan/2021:11:21:47 +0800] "POST /xingrg/kc/buy/cgsh_order_operate.html HTTP/1.1" 200 8245
58.35.244.144 - - [02/Jan/2021:11:21:48 +0800] "GET /xingrg/javascript/easyui/themes/default/validatebox.css HTTP/1.1" 404 1104
117.185.32.26 - - [02/Jan/2021:11:21:48 +0800] "GET /xingrg/kc/print/load_data.html?order_code=212021010200582&kc_code=cgsh&condition= HTTP/1.1" 200 705
180.162.223.42 - - [02/Jan/2021:11:21:49 +0800] "GET /xingrg/kc/buy/cgsh_order_operate.html?command=get_materiel&rest_code=00105&code=00101012010&supplier_code=00100323&order_time=2021-01-02 HTTP/1.1" 200 409
172.17.200.101 - - [02/Jan/2021:11:21:53 +0800] "GET /xingrg/all/function/internal_message.html?_=1609557719025&CODE_STATE=getMsg HTTP/1.1" 200 27
117.185.32.26 - - [02/Jan/2021:11:21:54 +0800] "GET /xingrg/kc/buy/cgsh_order_add.html HTTP/1.1" 200 61378
117.185.32.26 - - [02/Jan/2021:11:21:54 +0800] "POST /xingrg/kc/buy/cgsh_order_operate.html HTTP/1.1" 200 8245
117.185.32.26 - - [02/Jan/2021:11:21:54 +0800] "GET /xingrg/javascript/easyui/themes/default/validatebox.css HTTP/1.1" 404 1104
58.40.7.146 - - [02/Jan/2021:11:21:55 +0800] "POST /xingrg/kc/buy/cgsh_list_operate.html HTTP/1.1" 200 1917
180.175.150.119 - - [02/Jan/2021:11:21:56 +0800] "GET /xingrg/kc/buy/cgsh_order_operate.html?command=get_materiel&rest_code=00102&code=00101006177&supplier_code=00100096&order_time=2021-01-02 HTTP/1.1" 200 409
117.185.32.26 - - [02/Jan/2021:11:21:56 +0800] "GET /xingrg/javascript/easyui/themes/default/tree.css HTTP/1.1" 404 1090
117.185.32.26 - - [02/Jan/2021:11:21:56 +0800] "POST /xingrg/all/common/load_tree.html?tree=supplier_tree_json&isDelete=1 HTTP/1.1" 200 53432
58.35.244.144 - - [02/Jan/2021:11:21:57 +0800] "GET /xingrg/kc/buy/cgsh_order_operate.html?command=get_materiel&rest_code=00111&code=00101001019&supplier_code=00100318&order_time=2021-01-02 HTTP/1.1" 200 414
172.17.200.101 - - [02/Jan/2021:11:22:01 +0800] "POST /xingrg/dwr/call/plaincall/AjaxReportQueryService.refreshCache.dwr HTTP/1.1" 200 78
172.17.200.101 - - [02/Jan/2021:11:22:01 +0800] "POST /xingrg/all/report/load_report_page.html HTTP/1.1" 200 50317
172.17.200.101 - - [02/Jan/2021:11:22:01 +0800] "GET /xingrg/servlets/image?cache=0.16872424200805503&image=px HTTP/1.1" 200 807
172.17.0.108 - - [02/Jan/2021:11:22:04 +0800] "GET /xingrg/all/function/internal_message.html?_=1609557725466&CODE_STATE=getMsg HTTP/1.1" 200 27
172.17.200.101 - - [02/Jan/2021:11:22:05 +0800] "GET /xingrg/all/report/report_query.html?isQuery=1&fileName=dma/new_5.0/menu/menu_mx.xml&queryString=(a.sale_day%2520between%252020201101%2520and%252020210131)%2520and%2520(a.sid%2520%253D%25207)%2520and%2520((1%253D1))%2520and%2520(a.menu_name%2520like%2520'%2524bf%2524%25E5%25AF%258C%25E8%25B4%25B5%2524bf%2524')%2520and%2520(a.menu_name%253D'%25E8%258A%25B1%25E5%25BC%2580%25E5%25AF%258C%25E8%25B4%25B5%25E7%259B%2586B%25EF%25BC%2588%25E5%25A0%2582%25E9%25A3%259F%25EF%25BC%2589'%2520and%2520a.menu_unit%253D'%25E4%25BB%25BD')&queryText=%25E3%2580%2590%25E8%2590%25A5%25E4%25B8%259A%25E6%2597%25A5%25E6%259C%259F%253A2020-11-01%2520%25E8%2587%25B3%25202021-01-31%25E3%2580%2591%2520%25E5%25B9%25B6%25E4%25B8%2594%2520%2520%25E3%2580%2590%25E9%2597%25A8%25E5%25BA%2597%25E5%2590%258D%25E7%25A7%25B0%2520%253D%2520%25E5%25BE%2590%25E6%25B1%2587%25E6%25A6%2595%25E6%25B8%25AF1_7%25E3%2580%2591%2520%25E5%25B9%25B6%25E4%25B8%2594%2520%2520%25E3%2580%2590%25E7%25B1%25BB%25E5%259E%258B%25E8%25BF%2587%25E6%25BB%25A4%2520%253D%2520%25E5%258D%2595%25E5%2593%2581%252C%25E5%25A5%2597%25E9%25A4%2590%25E5%2592%258C%25E7%25BB%2584%25E4%25BB%25BD%25E3%2580%2591%2520%25E5%25B9%25B6%25E4%25B8%2594%2520%2520%25E3%2580%2590%25E8%258F%259C%25E5%2593%2581%25E5%2590%258D%25E7%25A7%25B0%2520%25E5%258C%2585%25E5%2590%25AB%2520%25E5%25AF%258C%25E8%25B4%25B5%25E3%2580%2591%2520%25E5%25B9%25B6%25E4%25B8%2594%2520%25E3%2580%2590%25E8%258F%259C%25E5%2593%2581%25E5%2590%258D%25E7%25A7%25B0%2520%253D%2520%25E8%258A%25B1%25E5%25BC%2580%25E5%25AF%258C%25E8%25B4%25B5%25E7%259B%2586B%25EF%25BC%2588%25E5%25A0%2582%25E9%25A3%259F%25EF%25BC%2589%25E3%2580%2591%2520%25E3%2580%2590%25E5%258D%2595%25E4%25BD%258D%2520%253D%2520%25E4%25BB%25BD%25E3%2580%2591 HTTP/1.1" 200 51873
172.17.200.101 - - [02/Jan/2021:11:22:05 +0800] "GET /xingrg/dwr/engine.js HTTP/1.1" 200 43631
58.40.7.146 - - [02/Jan/2021:11:22:05 +0800] "POST /xingrg/kc/buy/cgsh_list_operate.html HTTP/1.1" 200 5432
172.17.200.101 - - [02/Jan/2021:11:22:05 +0800] "GET /favicon.ico HTTP/1.1" 404 -
180.162.223.42 - - [02/Jan/2021:11:22:05 +0800] "GET /xingrg/all/function/internal_message.html?_=1609557726622&CODE_STATE=getMsg HTTP/1.1" 200 27
114.84.4.90 - - [02/Jan/2021:11:22:05 +0800] "GET /xingrg/all/function/internal_message.html?_=1609557723065&CODE_STATE=getMsg HTTP/1.1" 200 27
172.17.200.101 - - [02/Jan/2021:11:22:05 +0800] "POST /xingrg/all/report/load_report_page.html HTTP/1.1" 200 45342
116.228.172.94 - - [02/Jan/2021:11:22:05 +0800] "GET /xingrg/kc/buy/cgsh_order_operate.html?command=get_materiel&rest_code=00107&code=00101008295&supplier_code=00100313&order_time=2021-01-02 HTTP/1.1" 200 412
172.17.200.101 - - [02/Jan/2021:11:22:05 +0800] "GET /xingrg/servlets/image?cache=0.3281817239520102&image=px HTTP/1.1" 200 807
180.162.223.42 - - [02/Jan/2021:11:22:06 +0800] "GET /xingrg/check_reg.html?_=1609557727416 HTTP/1.1" 200 22
222.69.134.163 - - [02/Jan/2021:11:22:07 +0800] "GET /xingrg/all/function/internal_message.html?_=1609557722728&CODE_STATE=getMsg HTTP/1.1" 200 27
58.35.244.144 - - [02/Jan/2021:11:22:07 +0800] "POST /xingrg/kc/buy/cgsh_order_operate.html HTTP/1.1" 200 37
172.17.0.115 - - [02/Jan/2021:11:22:07 +0800] "GET /xingrg/all/function/internal_message.html?_=1609557747421&CODE_STATE=getMsg HTTP/1.1" 200 27
58.35.244.144 - - [02/Jan/2021:11:22:08 +0800] "POST /xingrg/kc/buy/cgsh_order_operate.html HTTP/1.1" 200 2661
58.35.244.144 - - [02/Jan/2021:11:22:10 +0800] "GET /xingrg/kc/print/load_data.html?order_code=212021010200583&kc_code=cgsh&condition= HTTP/1.1" 200 680
180.162.223.42 - - [02/Jan/2021:11:22:11 +0800] "GET /xingrg/kc/buy/cgsh_order_operate.html?command=get_materiel&rest_code=00105&code=00101007122&supplier_code=00100323&order_time=2021-01-02 HTTP/1.1" 200 437
117.185.32.26 - - [02/Jan/2021:11:22:11 +0800] "GET /xingrg/all/function/internal_message.html?_=1609557729184&CODE_STATE=getMsg HTTP/1.1" 200 27
58.37.230.33 - - [02/Jan/2021:11:22:12 +0800] "GET /xingrg/kc/buy/cgsh_order_operate.html?command=get_materiel&rest_code=00141&code=00101008257&supplier_code=00100007&order_time=2021-01-02 HTTP/1.1" 200 416
120.253.135.82 - - [02/Jan/2021:11:22:15 +0800] "GET /xingrg/all/function/internal_message.html?_=1609557781492&CODE_STATE=getMsg HTTP/1.1" 200 27
222.69.134.163 - - [02/Jan/2021:11:22:16 +0800] "GET /xingrg/kc/buy/cgsh_order_operate.html?command=get_materiel&rest_code=00149&code=00101008300&supplier_code=00100005&order_time=2021-01-02 HTTP/1.1" 200 412
101.228.166.101 - - [02/Jan/2021:11:22:16 +0800] "GET /xingrg/check_reg.html?_=1609557738192 HTTP/1.1" 302 -
58.35.244.144 - - [02/Jan/2021:11:22:17 +0800] "GET /xingrg/kc/buy/cgsh_order_add.html HTTP/1.1" 200 61378
58.35.244.144 - - [02/Jan/2021:11:22:17 +0800] "GET /xingrg/javascript/easyui/themes/default/validatebox.css HTTP/1.1" 404 1104
58.35.244.144 - - [02/Jan/2021:11:22:17 +0800] "POST /xingrg/kc/buy/cgsh_order_operate.html HTTP/1.1" 200 8245
172.17.200.101 - - [02/Jan/2021:11:22:18 +0800] "GET /xingrg/all/report/report_query.html?isQuery=1&fileName=dma/new_5.0/menu/menu_mx.xml&queryString=(a.sale_day%2520between%252020201101%2520and%252020210131)%2520and%2520(a.sid%2520%253D%25207)%2520and%2520((1%253D1))%2520and%2520(a.menu_name%2520like%2520'%2524bf%2524%25E5%25AF%258C%25E8%25B4%25B5%2524bf%2524')%2520and%2520(a.menu_name%253D'%25E8%258A%25B1%25E5%25BC%2580%25E5%25AF%258C%25E8%25B4%25B5%25E7%259B%2586B%25EF%25BC%2588%25E7%25A4%25BC%25E7%259B%2592%25EF%25BC%2589'%2520and%2520a.menu_unit%253D'%25E7%25A4%25BC%25E5%2588%25B8')&queryText=%25E3%2580%2590%25E8%2590%25A5%25E4%25B8%259A%25E6%2597%25A5%25E6%259C%259F%253A2020-11-01%2520%25E8%2587%25B3%25202021-01-31%25E3%2580%2591%2520%25E5%25B9%25B6%25E4%25B8%2594%2520%2520%25E3%2580%2590%25E9%2597%25A8%25E5%25BA%2597%25E5%2590%258D%25E7%25A7%25B0%2520%253D%2520%25E5%25BE%2590%25E6%25B1%2587%25E6%25A6%2595%25E6%25B8%25AF1_7%25E3%2580%2591%2520%25E5%25B9%25B6%25E4%25B8%2594%2520%2520%25E3%2580%2590%25E7%25B1%25BB%25E5%259E%258B%25E8%25BF%2587%25E6%25BB%25A4%2520%253D%2520%25E5%258D%2595%25E5%2593%2581%252C%25E5%25A5%2597%25E9%25A4%2590%25E5%2592%258C%25E7%25BB%2584%25E4%25BB%25BD%25E3%2580%2591%2520%25E5%25B9%25B6%25E4%25B8%2594%2520%2520%25E3%2580%2590%25E8%258F%259C%25E5%2593%2581%25E5%2590%258D%25E7%25A7%25B0%2520%25E5%258C%2585%25E5%2590%25AB%2520%25E5%25AF%258C%25E8%25B4%25B5%25E3%2580%2591%2520%25E5%25B9%25B6%25E4%25B8%2594%2520%25E3%2580%2590%25E8%258F%259C%25E5%2593%2581%25E5%2590%258D%25E7%25A7%25B0%2520%253D%2520%25E8%258A%25B1%25E5%25BC%2580%25E5%25AF%258C%25E8%25B4%25B5%25E7%259B%2586B%25EF%25BC%2588%25E7%25A4%25BC%25E7%259B%2592%25EF%25BC%2589%25E3%2580%2591%2520%25E3%2580%2590%25E5%258D%2595%25E4%25BD%258D%2520%253D%2520%25E7%25A4%25BC%25E5%2588%25B8%25E3%2580%2591 HTTP/1.1" 200 51879
172.17.200.101 - - [02/Jan/2021:11:22:18 +0800] "GET /xingrg/dwr/engine.js HTTP/1.1" 200 43631
172.17.200.101 - - [02/Jan/2021:11:22:18 +0800] "GET /favicon.ico HTTP/1.1" 404 -
172.17.200.101 - - [02/Jan/2021:11:22:19 +0800] "POST /xingrg/all/report/load_report_page.html HTTP/1.1" 200 15973
172.17.200.101 - - [02/Jan/2021:11:22:19 +0800] "GET /xingrg/servlets/image?cache=0.2915611787433695&image=px HTTP/1.1" 200 807
116.228.172.94 - - [02/Jan/2021:11:22:19 +0800] "POST /xingrg/kc/buy/cgsh_order_operate.html HTTP/1.1" 200 37
58.37.230.33 - - [02/Jan/2021:11:22:20 +0800] "GET /xingrg/kc/buy/cgsh_order_operate.html?command=get_materiel&rest_code=00141&code=00101008337&supplier_code=00100007&order_time=2021-01-02 HTTP/1.1" 200 408
172.17.0.120 - - [02/Jan/2021:11:22:20 +0800] "GET /xingrg/all/function/internal_message.html?_=1609557740537&CODE_STATE=getMsg HTTP/1.1" 200 27
116.228.172.94 - - [02/Jan/2021:11:22:21 +0800] "POST /xingrg/kc/buy/cgsh_order_operate.html HTTP/1.1" 200 2656
116.228.172.94 - - [02/Jan/2021:11:22:23 +0800] "GET /xingrg/kc/print/load_data.html?order_code=212021010200584&kc_code=cgsh&condition= HTTP/1.1" 200 668
180.175.150.119 - - [02/Jan/2021:11:22:24 +0800] "GET /xingrg/all/function/internal_message.html?_=1609557981702&CODE_STATE=getMsg HTTP/1.1" 200 27
222.69.133.109 - - [02/Jan/2021:11:22:25 +0800] "GET /xingrg/all/function/internal_message.html?_=1609557748007&CODE_STATE=getMsg HTTP/1.1" 200 27
180.175.150.119 - - [02/Jan/2021:11:22:25 +0800] "GET /xingrg/kc/buy/cgsh_order_operate.html?command=get_materiel&rest_code=00102&code=00101006084&supplier_code=00100096&order_time=2021-01-02 HTTP/1.1" 200 413
116.228.172.94 - - [02/Jan/2021:11:22:27 +0800] "GET /xingrg/kc/buy/cgsh_order_add.html HTTP/1.1" 200 61466
117.185.32.26 - - [02/Jan/2021:11:22:28 +0800] "GET /xingrg/kc/buy/cgsh_order_operate.html?command=get_materiel&rest_code=00106&code=00101006038&supplier_code=00100342&order_time=2021-01-02 HTTP/1.1" 200 423
116.228.172.94 - - [02/Jan/2021:11:22:28 +0800] "POST /xingrg/kc/buy/cgsh_order_operate.html HTTP/1.1" 200 8245
116.228.172.94 - - [02/Jan/2021:11:22:28 +0800] "GET /xingrg/javascript/easyui/themes/default/validatebox.css HTTP/1.1" 404 1104
172.17.0.185 - - [02/Jan/2021:11:22:28 +0800] "POST /xingrg/load_menu.html HTTP/1.1" 200 10208
172.17.0.185 - - [02/Jan/2021:11:22:28 +0800] "GET /xingrg/all/function/internal_message.html?_=1609557749594&CODE_STATE=getMsg HTTP/1.1" 200 27
58.37.230.33 - - [02/Jan/2021:11:22:29 +0800] "GET /xingrg/kc/buy/cgsh_order_operate.html?command=get_materiel&rest_code=00141&code=00101008354&supplier_code=00100007&order_time=2021-01-02 HTTP/1.1" 200 412
116.228.172.94 - - [02/Jan/2021:11:22:29 +0800] "GET /xingrg/javascript/easyui/themes/default/tree.css HTTP/1.1" 404 1090
116.228.172.94 - - [02/Jan/2021:11:22:29 +0800] "POST /xingrg/all/common/load_tree.html?tree=supplier_tree_json&isDelete=1 HTTP/1.1" 200 53432
172.17.200.101 - - [02/Jan/2021:11:22:29 +0800] "POST /xingrg/dwr/call/plaincall/AjaxReportQueryService.refreshCache.dwr HTTP/1.1" 200 78
172.17.200.101 - - [02/Jan/2021:11:22:30 +0800] "POST /xingrg/all/report/load_report_page.html HTTP/1.1" 200 22200
172.17.200.101 - - [02/Jan/2021:11:22:30 +0800] "GET /xingrg/servlets/image?cache=0.6684909839570292&image=px HTTP/1.1" 200 807
58.35.244.144 - - [02/Jan/2021:11:22:31 +0800] "GET /xingrg/kc/buy/cgsh_order_operate.html?command=get_materiel&rest_code=00111&code=00101004011&supplier_code=00100086&order_time=2021-01-02 HTTP/1.1" 200 413
172.17.0.185 - - [02/Jan/2021:11:22:33 +0800] "GET /xingrg/all/report/report_query.html?fileName=dma/new_5.0/menu/menu_category_hz.xml HTTP/1.1" 200 52989
172.17.0.185 - - [02/Jan/2021:11:22:33 +0800] "GET /xingrg/javascript/multi_select/jqueryMultiSelect.css HTTP/1.1" 200 951
172.17.0.185 - - [02/Jan/2021:11:22:33 +0800] "GET /xingrg/javascript/calendar/timePicker.css HTTP/1.1" 200 523
172.17.0.185 - - [02/Jan/2021:11:22:33 +0800] "GET /xingrg/javascript/bigrid/fix.css HTTP/1.1" 200 1702
172.17.0.185 - - [02/Jan/2021:11:22:33 +0800] "GET /xingrg/dwr/interface/AjaxReportQueryService.js HTTP/1.1" 200 13203
172.17.0.185 - - [02/Jan/2021:11:22:33 +0800] "GET /xingrg/dwr/engine.js HTTP/1.1" 200 43631
172.17.0.185 - - [02/Jan/2021:11:22:33 +0800] "GET /xingrg/javascript/jqueryMultiSelect.js HTTP/1.1" 200 11866
172.17.0.185 - - [02/Jan/2021:11:22:33 +0800] "GET /xingrg/javascript/calendar/jquery.timePicker.min.js HTTP/1.1" 200 2997
172.17.0.185 - - [02/Jan/2021:11:22:33 +0800] "GET /xingrg/javascript/bigrid/fix.js HTTP/1.1" 200 6439
172.17.0.185 - - [02/Jan/2021:11:22:33 +0800] "GET /xingrg/images/control/loading.gif HTTP/1.1" 200 13463
172.17.0.185 - - [02/Jan/2021:11:22:33 +0800] "GET /xingrg/images/blue/button/advanceover.gif HTTP/1.1" 200 1347
172.17.0.185 - - [02/Jan/2021:11:22:33 +0800] "GET /xingrg/images/blue/button/advance2over.gif HTTP/1.1" 200 1336
172.17.0.185 - - [02/Jan/2021:11:22:33 +0800] "GET /xingrg/images/blue/button/back2over.gif HTTP/1.1" 200 1335
172.17.0.185 - - [02/Jan/2021:11:22:33 +0800] "GET /xingrg/images/blue/button/backover.gif HTTP/1.1" 200 1348
172.17.0.185 - - [02/Jan/2021:11:22:33 +0800] "GET /xingrg/javascript/jquery_easy_ui/themes/default/images/menu.gif HTTP/1.1" 200 834
172.17.0.185 - - [02/Jan/2021:11:22:33 +0800] "GET /xingrg/javascript/jquery_easy_ui/themes/icons/pencil.png HTTP/1.1" 200 713
172.17.0.185 - - [02/Jan/2021:11:22:33 +0800] "GET /xingrg/javascript/jquery_easy_ui/themes/icons/help.png HTTP/1.1" 200 1187
172.17.0.185 - - [02/Jan/2021:11:22:33 +0800] "GET /xingrg/javascript/jquery_easy_ui/themes/default/images/menu_rightarrow.png HTTP/1.1" 200 3617
172.17.0.185 - - [02/Jan/2021:11:22:33 +0800] "POST /xingrg/dwr/call/plaincall/AjaxReportQueryService.getFixDate.dwr HTTP/1.1" 200 111
172.17.0.185 - - [02/Jan/2021:11:22:33 +0800] "GET /xingrg/javascript/jquery_easy_ui/themes/default/images/combo_arrow_dot.gif HTTP/1.1" 200 79
172.17.0.185 - - [02/Jan/2021:11:22:33 +0800] "POST /xingrg/all/common/load_tree.html?tree=area_station_tree_json&manage=1 HTTP/1.1" 200 3240
172.17.0.185 - - [02/Jan/2021:11:22:33 +0800] "GET /xingrg/javascript/multi_select/dropdown.gif HTTP/1.1" 200 61
58.37.230.33 - - [02/Jan/2021:11:22:33 +0800] "GET /xingrg/check_reg.html?_=1609557755121 HTTP/1.1" 200 22
101.228.166.101 - - [02/Jan/2021:11:22:33 +0800] "GET /xingrg/check_reg.html?_=1609557777245 HTTP/1.1" 200 22
58.37.230.33 - - [02/Jan/2021:11:22:34 +0800] "GET /xingrg/all/function/internal_message.html?_=1609557755344&CODE_STATE=getMsg HTTP/1.1" 200 27
101.228.166.101 - - [02/Jan/2021:11:22:34 +0800] "GET /xingrg/all/function/internal_message.html?_=1609557777540&CODE_STATE=getMsg HTTP/1.1" 200 27
58.40.7.146 - - [02/Jan/2021:11:22:34 +0800] "GET /xingrg/all/function/internal_message.html?_=1609557755074&CODE_STATE=getMsg HTTP/1.1" 200 27
116.228.172.94 - - [02/Jan/2021:11:22:35 +0800] "GET /xingrg/all/function/internal_message.html?_=1609557754428&CODE_STATE=getMsg HTTP/1.1" 200 27
180.156.237.57 - - [02/Jan/2021:11:22:35 +0800] "GET /xingrg/all/function/internal_message.html?_=1609557738289&CODE_STATE=getMsg HTTP/1.1" 200 27
183.192.164.85 - - [02/Jan/2021:11:22:38 +0800] "GET /xingrg/all/function/internal_message.html?_=1609557429385&CODE_STATE=getMsg HTTP/1.1" 302 -
180.175.150.119 - - [02/Jan/2021:11:22:39 +0800] "GET /xingrg/kc/buy/cgsh_order_operate.html?command=get_materiel&rest_code=00102&code=00101016038&supplier_code=00100096&order_time=2021-01-02 HTTP/1.1" 200 408
116.233.72.147 - - [02/Jan/2021:11:22:40 +0800] "POST /xingrg/services/DataTransmitService HTTP/1.1" 200 524
116.233.72.147 - - [02/Jan/2021:11:22:40 +0800] "POST /xingrg/services/DataTransmitService HTTP/1.1" 200 501
116.233.72.147 - - [02/Jan/2021:11:22:40 +0800] "POST /xingrg/services/DataTransmitService HTTP/1.1" 200 501
116.233.72.147 - - [02/Jan/2021:11:22:40 +0800] "POST /xingrg/services/DataTransmitService HTTP/1.1" 200 501
116.233.72.147 - - [02/Jan/2021:11:22:40 +0800] "POST /xingrg/services/DataTransmitService HTTP/1.1" 200 501
172.17.0.185 - - [02/Jan/2021:11:22:40 +0800] "GET /xingrg/all/report/report_query.html?fileName=dma/new_5.0/menu/menu_hz_all.xml HTTP/1.1" 200 51720
116.233.72.147 - - [02/Jan/2021:11:22:40 +0800] "POST /xingrg/services/DataTransmitService HTTP/1.1" 200 501
172.17.0.185 - - [02/Jan/2021:11:22:40 +0800] "GET /xingrg/dwr/interface/AjaxReportQueryService.js HTTP/1.1" 200 13203
172.17.0.185 - - [02/Jan/2021:11:22:40 +0800] "GET /xingrg/dwr/engine.js HTTP/1.1" 200 43631
172.17.0.185 - - [02/Jan/2021:11:22:40 +0800] "POST /xingrg/dwr/call/plaincall/AjaxReportQueryService.getFixDate.dwr HTTP/1.1" 200 111
172.17.0.185 - - [02/Jan/2021:11:22:41 +0800] "POST /xingrg/all/common/load_tree.html?tree=area_station_tree_json&manage=1 HTTP/1.1" 200 3240
172.17.0.185 - - [02/Jan/2021:11:22:41 +0800] "GET /xingrg/javascript/jquery_easy_ui/themes/default/images/tree_checkbox_0.gif HTTP/1.1" 200 168
172.17.0.185 - - [02/Jan/2021:11:22:42 +0800] "POST /xingrg/dwr/call/plaincall/AjaxReportQueryService.getFixDate.dwr HTTP/1.1" 200 111
58.35.244.144 - - [02/Jan/2021:11:22:42 +0800] "GET /xingrg/all/function/internal_message.html?_=1609557920583&CODE_STATE=getMsg HTTP/1.1" 200 27
117.185.32.26 - - [02/Jan/2021:11:22:42 +0800] "GET /xingrg/all/function/internal_message.html?_=1609558234764&CODE_STATE=getMsg HTTP/1.1" 200 27
172.17.0.185 - - [02/Jan/2021:11:22:45 +0800] "GET /xingrg/javascript/jquery_easy_ui/themes/default/images/tree_checkbox_1.gif HTTP/1.1" 200 174
172.17.0.185 - - [02/Jan/2021:11:22:45 +0800] "GET /xingrg/javascript/jquery_easy_ui/themes/default/images/tree_checkbox_2.gif HTTP/1.1" 200 181
116.233.72.147 - - [02/Jan/2021:11:22:45 +0800] "POST /xingrg/services/DataTransmitService HTTP/1.1" 200 412
116.228.172.94 - - [02/Jan/2021:11:22:46 +0800] "GET /xingrg/kc/buy/cgsh_order_operate.html?command=get_materiel&rest_code=00107&code=00101003025&supplier_code=00100093&order_time=2021-01-02 HTTP/1.1" 200 409
117.131.5.26 - - [02/Jan/2021:11:22:47 +0800] "GET /xingrg/all/function/internal_message.html?_=1609557815690&CODE_STATE=getMsg HTTP/1.1" 200 27
58.35.244.144 - - [02/Jan/2021:11:22:47 +0800] "GET /xingrg/kc/buy/cgsh_order_operate.html?command=get_materiel&rest_code=00111&code=00101004065&supplier_code=00100086&order_time=2021-01-02 HTTP/1.1" 200 413
183.192.164.85 - - [02/Jan/2021:11:22:48 +0800] "GET /xingrg/login.html HTTP/1.1" 200 7641
180.175.150.119 - - [02/Jan/2021:11:22:49 +0800] "GET /xingrg/kc/buy/cgsh_order_operate.html?command=get_materiel&rest_code=00102&code=00101007048&supplier_code=00100096&order_time=2021-01-02 HTTP/1.1" 200 408
180.162.223.42 - - [02/Jan/2021:11:22:49 +0800] "GET /xingrg/kc/buy/cgsh_order_operate.html?command=get_materiel&rest_code=00105&code=00101010468&supplier_code=00100323&order_time=2021-01-02 HTTP/1.1" 200 400
222.69.134.163 - - [02/Jan/2021:11:22:51 +0800] "GET /xingrg/kc/buy/cgsh_order_operate.html?command=get_materiel&rest_code=00149&code=00101008205&supplier_code=00100005&order_time=2021-01-02 HTTP/1.1" 200 412
172.17.0.185 - - [02/Jan/2021:11:22:52 +0800] "POST /xingrg/dwr/call/plaincall/AjaxReportQueryService.refreshCache.dwr HTTP/1.1" 200 78
172.17.0.185 - - [02/Jan/2021:11:22:52 +0800] "POST /xingrg/all/report/load_report_page.html HTTP/1.1" 200 33468
172.17.0.185 - - [02/Jan/2021:11:22:52 +0800] "GET /xingrg/servlets/image?cache=0.4502100937597222&image=px HTTP/1.1" 200 807
172.17.200.101 - - [02/Jan/2021:11:22:53 +0800] "GET /xingrg/all/function/internal_message.html?_=1609557779031&CODE_STATE=getMsg HTTP/1.1" 200 27
101.89.239.245 - - [02/Jan/2021:11:22:55 +0800] "GET /xingrg/all/function/internal_message.html?_=1609557515441&CODE_STATE=getMsg HTTP/1.1" 302 -
117.185.32.26 - - [02/Jan/2021:11:22:58 +0800] "POST /xingrg/kc/buy/cgsh_order_operate.html HTTP/1.1" 200 64
172.17.200.101 - - [02/Jan/2021:11:22:59 +0800] "POST /xingrg/dwr/call/plaincall/AjaxReportQueryService.refreshCache.dwr HTTP/1.1" 200 78
172.17.200.101 - - [02/Jan/2021:11:23:00 +0800] "POST /xingrg/all/report/load_report_page.html HTTP/1.1" 200 50298
172.17.200.101 - - [02/Jan/2021:11:23:00 +0800] "GET /xingrg/servlets/image?cache=0.6888540136695918&image=px HTTP/1.1" 200 807
101.89.239.245 - - [02/Jan/2021:11:23:01 +0800] "GET /xingrg/login.html HTTP/1.1" 200 7641
58.35.244.144 - - [02/Jan/2021:11:23:03 +0800] "POST /xingrg/kc/buy/cgsh_order_operate.html HTTP/1.1" 200 37
116.228.172.94 - - [02/Jan/2021:11:23:03 +0800] "POST /xingrg/kc/buy/cgsh_order_operate.html HTTP/1.1" 200 88
172.17.0.108 - - [02/Jan/2021:11:23:04 +0800] "GET /xingrg/all/function/internal_message.html?_=1609557785468&CODE_STATE=getMsg HTTP/1.1" 200 27
117.185.32.26 - - [02/Jan/2021:11:23:04 +0800] "POST /xingrg/kc/buy/cgsh_order_operate.html HTTP/1.1" 200 37
114.84.4.90 - - [02/Jan/2021:11:23:05 +0800] "GET /xingrg/check_reg.html?_=1609557782331 HTTP/1.1" 200 22
180.162.223.42 - - [02/Jan/2021:11:23:05 +0800] "GET /xingrg/kc/buy/cgsh_order_operate.html?command=get_materiel&rest_code=00105&code=00101010220&supplier_code=00100323&order_time=2021-01-02 HTTP/1.1" 200 433
222.69.134.163 - - [02/Jan/2021:11:23:05 +0800] "GET /xingrg/kc/buy/cgsh_order_operate.html?command=get_materiel&rest_code=00149&code=00101008251&supplier_code=00100005&order_time=2021-01-02 HTTP/1.1" 200 408
180.162.223.42 - - [02/Jan/2021:11:23:05 +0800] "GET /xingrg/all/function/internal_message.html?_=1609557786581&CODE_STATE=getMsg HTTP/1.1" 200 27
114.84.4.90 - - [02/Jan/2021:11:23:05 +0800] "GET /xingrg/all/function/internal_message.html?_=1609557783077&CODE_STATE=getMsg HTTP/1.1" 200 27
180.175.150.119 - - [02/Jan/2021:11:23:05 +0800] "GET /xingrg/kc/buy/cgsh_order_operate.html?command=get_materiel&rest_code=00102&code=00101016104&supplier_code=00100096&order_time=2021-01-02 HTTP/1.1" 200 409
58.35.244.144 - - [02/Jan/2021:11:23:06 +0800] "POST /xingrg/kc/buy/cgsh_order_operate.html HTTP/1.1" 200 3258
222.69.134.163 - - [02/Jan/2021:11:23:07 +0800] "GET /xingrg/all/function/internal_message.html?_=1609557782694&CODE_STATE=getMsg HTTP/1.1" 200 27
172.17.0.115 - - [02/Jan/2021:11:23:07 +0800] "GET /xingrg/check_reg.html?_=1609557807001 HTTP/1.1" 200 22
116.228.172.94 - - [02/Jan/2021:11:23:07 +0800] "POST /xingrg/kc/buy/cgsh_order_operate.html HTTP/1.1" 200 37
172.17.0.115 - - [02/Jan/2021:11:23:07 +0800] "GET /xingrg/all/function/internal_message.html?_=1609557807433&CODE_STATE=getMsg HTTP/1.1" 200 27
117.185.32.26 - - [02/Jan/2021:11:23:08 +0800] "POST /xingrg/kc/buy/cgsh_order_operate.html HTTP/1.1" 200 12
58.35.244.144 - - [02/Jan/2021:11:23:08 +0800] "GET /xingrg/kc/print/load_data.html?order_code=212021010200586&kc_code=cgsh&condition= HTTP/1.1" 200 977
117.185.32.26 - - [02/Jan/2021:11:23:08 +0800] "GET /xingrg/kc/buy/cgsh_order_info.html?code=212021010200588 HTTP/1.1" 200 56285
116.228.172.94 - - [02/Jan/2021:11:23:09 +0800] "POST /xingrg/kc/buy/cgsh_order_operate.html HTTP/1.1" 200 2655
117.185.32.26 - - [02/Jan/2021:11:23:09 +0800] "GET /xingrg/javascript/easyui/themes/default/validatebox.css HTTP/1.1" 404 1104
117.185.32.26 - - [02/Jan/2021:11:23:09 +0800] "POST /xingrg/kc/buy/cgsh_order_operate.html HTTP/1.1" 200 619
58.221.95.50 - - [02/Jan/2021:11:23:09 +0800] "GET /xingrg/check_reg.html?_=1609557790597 HTTP/1.1" 302 -
172.17.0.108 - - [02/Jan/2021:11:23:10 +0800] "GET /xingrg/all/report/report_query.html?fileName=dma/new_5.0/menu/menu_category_hz.xml HTTP/1.1" 200 52989
172.17.0.108 - - [02/Jan/2021:11:23:10 +0800] "GET /xingrg/dwr/interface/AjaxReportQueryService.js HTTP/1.1" 200 13203
172.17.0.108 - - [02/Jan/2021:11:23:10 +0800] "GET /xingrg/dwr/engine.js HTTP/1.1" 200 43631
172.17.0.108 - - [02/Jan/2021:11:23:10 +0800] "POST /xingrg/dwr/call/plaincall/AjaxReportQueryService.getFixDate.dwr HTTP/1.1" 200 111
117.185.32.26 - - [02/Jan/2021:11:23:11 +0800] "GET /xingrg/all/function/internal_message.html?_=1609557789159&CODE_STATE=getMsg HTTP/1.1" 200 27
172.17.0.108 - - [02/Jan/2021:11:23:11 +0800] "POST /xingrg/all/common/load_tree.html?tree=area_station_tree_json&manage=1 HTTP/1.1" 200 3240
58.40.7.146 - - [02/Jan/2021:11:23:11 +0800] "POST /xingrg/kc/buy/cgsh_list_operate.html HTTP/1.1" 200 5460
117.185.32.26 - - [02/Jan/2021:11:23:12 +0800] "GET /xingrg/kc/print/load_data.html?order_code=212021010200588&kc_code=cgsh&condition= HTTP/1.1" 200 725
172.17.0.108 - - [02/Jan/2021:11:23:13 +0800] "GET /xingrg/all/report/report_query.html?fileName=dma/new_5.0/menu/menu_stca_hz.xml HTTP/1.1" 200 51343
172.17.0.108 - - [02/Jan/2021:11:23:13 +0800] "GET /xingrg/dwr/interface/AjaxReportQueryService.js HTTP/1.1" 200 13203
172.17.0.108 - - [02/Jan/2021:11:23:13 +0800] "GET /xingrg/dwr/engine.js HTTP/1.1" 200 43631
172.17.0.108 - - [02/Jan/2021:11:23:13 +0800] "POST /xingrg/dwr/call/plaincall/AjaxReportQueryService.getFixDate.dwr HTTP/1.1" 200 111
172.17.0.108 - - [02/Jan/2021:11:23:13 +0800] "POST /xingrg/all/common/load_tree.html?tree=area_station_tree_json&manage=1 HTTP/1.1" 200 3240
222.69.134.163 - - [02/Jan/2021:11:23:14 +0800] "POST /xingrg/kc/buy/cgsh_order_operate.html HTTP/1.1" 200 2065
116.228.172.94 - - [02/Jan/2021:11:23:15 +0800] "GET /xingrg/kc/print/load_data.html?order_code=212021010200589&kc_code=cgsh&condition= HTTP/1.1" 200 707
120.253.135.82 - - [02/Jan/2021:11:23:15 +0800] "GET /xingrg/all/function/internal_message.html?_=1609557841514&CODE_STATE=getMsg HTTP/1.1" 200 27
172.17.0.108 - - [02/Jan/2021:11:23:16 +0800] "POST /xingrg/dwr/call/plaincall/AjaxReportQueryService.getFixDate.dwr HTTP/1.1" 200 111
180.175.150.119 - - [02/Jan/2021:11:23:17 +0800] "POST /xingrg/kc/buy/cgsh_order_operate.html HTTP/1.1" 200 37
180.175.150.119 - - [02/Jan/2021:11:23:18 +0800] "POST /xingrg/kc/buy/cgsh_order_operate.html HTTP/1.1" 200 9174
120.204.17.73 - - [02/Jan/2021:11:23:18 +0800] "GET /xingrg/all/function/internal_message.html?_=1609557489215&CODE_STATE=getMsg HTTP/1.1" 302 -
58.35.244.144 - - [02/Jan/2021:11:23:20 +0800] "GET /xingrg/kc/buy/cgsh_order_add.html HTTP/1.1" 200 61378
58.35.244.144 - - [02/Jan/2021:11:23:20 +0800] "GET /xingrg/javascript/easyui/themes/default/validatebox.css HTTP/1.1" 404 1104
58.35.244.144 - - [02/Jan/2021:11:23:20 +0800] "POST /xingrg/kc/buy/cgsh_order_operate.html HTTP/1.1" 200 8245
172.17.0.108 - - [02/Jan/2021:11:23:20 +0800] "POST /xingrg/dwr/call/plaincall/AjaxReportQueryService.refreshCache.dwr HTTP/1.1" 200 78
172.17.0.120 - - [02/Jan/2021:11:23:20 +0800] "GET /xingrg/all/function/internal_message.html?_=1609557800538&CODE_STATE=getMsg HTTP/1.1" 200 27
172.17.0.120 - - [02/Jan/2021:11:23:20 +0800] "GET /xingrg/check_reg.html?_=1609557800543 HTTP/1.1" 200 22
58.40.7.146 - - [02/Jan/2021:11:23:20 +0800] "POST /xingrg/kc/buy/cgsh_list_operate.html HTTP/1.1" 200 2321
172.17.0.108 - - [02/Jan/2021:11:23:21 +0800] "POST /xingrg/all/report/load_report_page.html HTTP/1.1" 200 42889
172.17.0.108 - - [02/Jan/2021:11:23:21 +0800] "GET /xingrg/servlets/image?cache=0.8079815718003239&image=px HTTP/1.1" 200 807
172.17.200.101 - - [02/Jan/2021:11:23:21 +0800] "POST /xingrg/dwr/call/plaincall/AjaxReportQueryService.refreshCache.dwr HTTP/1.1" 200 78
172.17.200.101 - - [02/Jan/2021:11:23:22 +0800] "POST /xingrg/all/report/load_report_page.html HTTP/1.1" 200 50298
172.17.200.101 - - [02/Jan/2021:11:23:22 +0800] "GET /xingrg/servlets/image?cache=0.6358916090974782&image=px HTTP/1.1" 200 807
222.69.134.163 - - [02/Jan/2021:11:23:22 +0800] "GET /xingrg/kc/buy/cgsh_order_operate.html?command=get_materiel&rest_code=00149&code=00101015004&supplier_code=00100005&order_time=2021-01-02 HTTP/1.1" 200 408
180.175.150.119 - - [02/Jan/2021:11:23:23 +0800] "POST /xingrg/kc/buy/cgsh_list_operate.html HTTP/1.1" 200 5642
117.185.32.26 - - [02/Jan/2021:11:23:23 +0800] "GET /xingrg/kc/buy/cgsh_order_add.html HTTP/1.1" 200 61378
120.204.17.70 - - [02/Jan/2021:11:23:23 +0800] "GET /xingrg/kc/buy/cgsh_order_operate.html?command=get_materiel&rest_code=00106&code=00101009011&supplier_code=00100022&order_time=2021-01-02 HTTP/1.1" 302 -
117.185.32.26 - - [02/Jan/2021:11:23:23 +0800] "POST /xingrg/kc/buy/cgsh_order_operate.html HTTP/1.1" 200 8245
120.204.17.73 - - [02/Jan/2021:11:23:23 +0800] "GET /xingrg/login.html HTTP/1.1" 200 7641
117.185.32.26 - - [02/Jan/2021:11:23:23 +0800] "GET /xingrg/javascript/easyui/themes/default/validatebox.css HTTP/1.1" 404 1104
61.151.178.197 - - [02/Jan/2021:11:23:24 +0800] "GET /xingrg/kc/buy/cgsh_order_operate.html?command=get_materiel&rest_code=00141&code=00101008337&supplier_code=00100007&order_time=2021-01-02 HTTP/1.1" 302 -
172.17.0.108 - - [02/Jan/2021:11:23:24 +0800] "GET /xingrg/all/report/report_query.html?isQuery=1&fileName=dma/new_5.0/menu/menu_hz.xml&queryString=(a.sale_day%2520between%252020201201%2520and%252020201231)%2520and%2520(a.sid%2520in%2520(11))%2520and%2520(a.tj_code%253D14)&queryText=%25E3%2580%2590%25E8%2590%25A5%25E4%25B8%259A%25E6%2597%25A5%25E6%259C%259F%253A2020-12-01%2520%25E8%2587%25B3%25202020-12-31%25E3%2580%2591%2520%25E5%25B9%25B6%25E4%25B8%2594%2520%2520%25E3%2580%2590%25E9%2597%25A8%25E5%25BA%2597%25E5%2590%258D%25E7%25A7%25B0%2520%253D%2520%25E6%25B7%25B1%25E6%25B5%25B7%25E6%25B8%2594%25E6%25B8%25AF%25E9%2595%25BF%25E5%25AF%25BF%25E8%25B7%25AF%25E3%2580%2591%2520%25E5%25B9%25B6%25E4%25B8%2594%2520%25E3%2580%2590%25E7%25BB%259F%25E8%25AE%25A1%25E7%25B1%25BB%25E5%2588%25AB%2520%253D%2520%25E7%25A4%25BC%25E7%259B%2592%25E3%2580%2591 HTTP/1.1" 200 54041
172.17.0.108 - - [02/Jan/2021:11:23:24 +0800] "GET /xingrg/dwr/engine.js HTTP/1.1" 200 43631
172.17.0.108 - - [02/Jan/2021:11:23:24 +0800] "GET /favicon.ico HTTP/1.1" 404 -
180.175.150.119 - - [02/Jan/2021:11:23:24 +0800] "GET /xingrg/all/function/internal_message.html?_=1609558042343&CODE_STATE=getMsg HTTP/1.1" 200 27
172.17.0.108 - - [02/Jan/2021:11:23:24 +0800] "POST /xingrg/all/report/load_report_page.html HTTP/1.1" 200 36079
172.17.0.108 - - [02/Jan/2021:11:23:24 +0800] "GET /xingrg/servlets/image?cache=0.20976827832357037&image=px HTTP/1.1" 200 807
222.69.133.109 - - [02/Jan/2021:11:23:25 +0800] "GET /xingrg/all/function/internal_message.html?_=1609557808035&CODE_STATE=getMsg HTTP/1.1" 200 27
117.185.32.26 - - [02/Jan/2021:11:23:25 +0800] "GET /xingrg/javascript/easyui/themes/default/tree.css HTTP/1.1" 404 1090
117.185.32.26 - - [02/Jan/2021:11:23:26 +0800] "POST /xingrg/all/common/load_tree.html?tree=supplier_tree_json&isDelete=1 HTTP/1.1" 200 53432
61.151.178.197 - - [02/Jan/2021:11:23:26 +0800] "GET /xingrg/login.html HTTP/1.1" 200 7641
180.175.150.119 - - [02/Jan/2021:11:23:27 +0800] "POST /xingrg/kc/buy/cgsh_list_operate.html HTTP/1.1" 200 2004
116.228.172.94 - - [02/Jan/2021:11:23:27 +0800] "GET /xingrg/kc/buy/cgsh_order_add.html HTTP/1.1" 200 61466
172.17.0.185 - - [02/Jan/2021:11:23:28 +0800] "GET /xingrg/all/function/internal_message.html?_=1609557809579&CODE_STATE=getMsg HTTP/1.1" 200 27
116.228.172.94 - - [02/Jan/2021:11:23:29 +0800] "GET /xingrg/javascript/easyui/themes/default/validatebox.css HTTP/1.1" 404 1104
116.228.172.94 - - [02/Jan/2021:11:23:29 +0800] "POST /xingrg/kc/buy/cgsh_order_operate.html HTTP/1.1" 200 8245
116.228.172.94 - - [02/Jan/2021:11:23:30 +0800] "GET /xingrg/javascript/easyui/themes/default/tree.css HTTP/1.1" 404 1090
116.228.172.94 - - [02/Jan/2021:11:23:30 +0800] "POST /xingrg/all/common/load_tree.html?tree=supplier_tree_json&isDelete=1 HTTP/1.1" 200 53432
58.40.7.146 - - [02/Jan/2021:11:23:31 +0800] "POST /xingrg/kc/buy/cgsh_list_operate.html HTTP/1.1" 200 5460
120.204.17.70 - - [02/Jan/2021:11:23:33 +0800] "GET /xingrg/login.html HTTP/1.1" 200 7641
120.204.17.72 - - [02/Jan/2021:11:23:33 +0800] "GET /xingrg/kc/buy/cgsh_order_operate.html?command=get_materiel&rest_code=00106&code=00101009016&supplier_code=00100022&order_time=2021-01-02 HTTP/1.1" 302 -
58.37.230.33 - - [02/Jan/2021:11:23:33 +0800] "GET /xingrg/all/function/internal_message.html?_=1609557815325&CODE_STATE=getMsg HTTP/1.1" 200 27
58.40.7.146 - - [02/Jan/2021:11:23:34 +0800] "GET /xingrg/all/function/internal_message.html?_=1609557815065&CODE_STATE=getMsg HTTP/1.1" 200 27
101.228.166.101 - - [02/Jan/2021:11:23:34 +0800] "GET /xingrg/all/function/internal_message.html?_=1609557837553&CODE_STATE=getMsg HTTP/1.1" 200 27
180.156.237.57 - - [02/Jan/2021:11:23:35 +0800] "GET /xingrg/check_reg.html?_=1609557797792 HTTP/1.1" 200 22
116.228.172.94 - - [02/Jan/2021:11:23:35 +0800] "GET /xingrg/all/function/internal_message.html?_=1609557814450&CODE_STATE=getMsg HTTP/1.1" 200 27
180.156.237.57 - - [02/Jan/2021:11:23:35 +0800] "GET /xingrg/all/function/internal_message.html?_=1609557798304&CODE_STATE=getMsg HTTP/1.1" 200 27
101.89.239.232 - - [02/Jan/2021:11:23:36 +0800] "GET /xingrg/check_reg.html?_=1609557755121 HTTP/1.1" 302 -
101.89.239.245 - - [02/Jan/2021:11:23:39 +0800] "GET /xingrg/kc/buy/cgsh_order_operate.html?command=get_materiel&rest_code=00141&code=00101008354&supplier_code=00100007&order_time=2021-01-02 HTTP/1.1" 302 -
222.69.134.163 - - [02/Jan/2021:11:23:39 +0800] "GET /xingrg/kc/buy/cgsh_order_operate.html?command=get_materiel&rest_code=00149&code=00101008137&supplier_code=00100005&order_time=2021-01-02 HTTP/1.1" 200 408
101.89.239.232 - - [02/Jan/2021:11:23:40 +0800] "GET /xingrg/login.html HTTP/1.1" 200 7641
58.35.244.144 - - [02/Jan/2021:11:23:42 +0800] "GET /xingrg/all/function/internal_message.html?_=1609557980559&CODE_STATE=getMsg HTTP/1.1" 200 27
58.35.244.144 - - [02/Jan/2021:11:23:42 +0800] "GET /xingrg/check_reg.html?_=1609557980659 HTTP/1.1" 200 22
117.185.32.26 - - [02/Jan/2021:11:23:42 +0800] "GET /xingrg/all/function/internal_message.html?_=1609558294742&CODE_STATE=getMsg HTTP/1.1" 200 27
120.204.17.72 - - [02/Jan/2021:11:23:43 +0800] "GET /xingrg/login.html HTTP/1.1" 200 7641
58.35.244.144 - - [02/Jan/2021:11:23:44 +0800] "GET /xingrg/kc/buy/cgsh_order_operate.html?command=get_materiel&rest_code=00111&code=00101019086&supplier_code=00100337&order_time=2021-01-02 HTTP/1.1" 200 408
101.89.239.245 - - [02/Jan/2021:11:23:45 +0800] "GET /xingrg/login.html HTTP/1.1" 200 7641
117.185.32.26 - - [02/Jan/2021:11:23:46 +0800] "GET /xingrg/kc/buy/cgsh_order_operate.html?command=get_materiel&rest_code=00106&code=00101010567&supplier_code=00100326&order_time=2021-01-02 HTTP/1.1" 200 399
117.131.5.26 - - [02/Jan/2021:11:23:47 +0800] "GET /xingrg/all/function/internal_message.html?_=1609557875692&CODE_STATE=getMsg HTTP/1.1" 200 27
116.228.172.94 - - [02/Jan/2021:11:23:49 +0800] "GET /xingrg/kc/buy/cgsh_order_operate.html?command=get_materiel&rest_code=00107&code=00101009034&supplier_code=00100335&order_time=2021-01-02 HTTP/1.1" 200 428
172.17.200.101 - - [02/Jan/2021:11:23:49 +0800] "POST /xingrg/dwr/call/plaincall/AjaxReportQueryService.refreshCache.dwr HTTP/1.1" 200 78
172.17.200.101 - - [02/Jan/2021:11:23:49 +0800] "POST /xingrg/all/report/load_report_page.html HTTP/1.1" 200 22219
172.17.200.101 - - [02/Jan/2021:11:23:49 +0800] "GET /xingrg/servlets/image?cache=0.08841601077034655&image=px HTTP/1.1" 200 807
222.69.134.163 - - [02/Jan/2021:11:23:51 +0800] "GET /xingrg/kc/buy/cgsh_order_operate.html?command=get_materiel&rest_code=00149&code=00101008360&supplier_code=00100005&order_time=2021-01-02 HTTP/1.1" 200 413
172.17.200.101 - - [02/Jan/2021:11:23:53 +0800] "GET /xingrg/check_reg.html?_=1609557839023 HTTP/1.1" 200 22
172.17.200.101 - - [02/Jan/2021:11:23:53 +0800] "GET /xingrg/all/function/internal_message.html?_=1609557839027&CODE_STATE=getMsg HTTP/1.1" 200 27
58.35.244.144 - - [02/Jan/2021:11:23:56 +0800] "GET /xingrg/kc/buy/cgsh_order_operate.html?command=get_materiel&rest_code=00111&code=00101019770&supplier_code=00100337&order_time=2021-01-02 HTTP/1.1" 200 412
116.228.172.94 - - [02/Jan/2021:11:23:58 +0800] "POST /xingrg/kc/buy/cgsh_order_operate.html HTTP/1.1" 200 37
116.228.172.94 - - [02/Jan/2021:11:24:00 +0800] "POST /xingrg/kc/buy/cgsh_order_operate.html HTTP/1.1" 200 2666
116.228.172.94 - - [02/Jan/2021:11:24:02 +0800] "GET /xingrg/kc/print/load_data.html?order_code=212021010200591&kc_code=cgsh&condition= HTTP/1.1" 200 670
172.17.0.108 - - [02/Jan/2021:11:24:04 +0800] "GET /xingrg/all/function/internal_message.html?_=1609557845470&CODE_STATE=getMsg HTTP/1.1" 200 27
172.17.200.101 - - [02/Jan/2021:11:24:05 +0800] "POST /xingrg/dwr/call/plaincall/AjaxReportQueryService.refreshCache.dwr HTTP/1.1" 200 78
180.162.223.42 - - [02/Jan/2021:11:24:05 +0800] "GET /xingrg/all/function/internal_message.html?_=1609557846553&CODE_STATE=getMsg HTTP/1.1" 200 27
114.84.4.90 - - [02/Jan/2021:11:24:05 +0800] "GET /xingrg/all/function/internal_message.html?_=1609557843092&CODE_STATE=getMsg HTTP/1.1" 200 27
172.17.200.101 - - [02/Jan/2021:11:24:05 +0800] "POST /xingrg/all/report/load_report_page.html HTTP/1.1" 200 26930
172.17.200.101 - - [02/Jan/2021:11:24:05 +0800] "GET /xingrg/servlets/image?cache=0.7245482125239567&image=px HTTP/1.1" 200 807
222.69.134.163 - - [02/Jan/2021:11:24:05 +0800] "GET /xingrg/kc/buy/cgsh_order_operate.html?command=get_materiel&rest_code=00149&code=00101008059&supplier_code=00100005&order_time=2021-01-02 HTTP/1.1" 200 408
58.37.230.33 - - [02/Jan/2021:11:24:06 +0800] "GET /xingrg/kc/buy/cgsh_order_operate.html?command=get_materiel&rest_code=00141&code=00101008351&supplier_code=00100007&order_time=2021-01-02 HTTP/1.1" 200 408
116.228.172.94 - - [02/Jan/2021:11:24:06 +0800] "GET /xingrg/kc/buy/cgsh_order_add.html HTTP/1.1" 200 61466
180.162.223.42 - - [02/Jan/2021:11:24:06 +0800] "GET /xingrg/kc/buy/cgsh_order_operate.html?command=get_materiel&rest_code=00105&code=00101010335&supplier_code=00100323&order_time=2021-01-02 HTTP/1.1" 200 419
117.185.32.26 - - [02/Jan/2021:11:24:06 +0800] "GET /xingrg/check_reg.html?_=1609557844695 HTTP/1.1" 200 22
222.69.134.163 - - [02/Jan/2021:11:24:07 +0800] "GET /xingrg/all/function/internal_message.html?_=1609557842677&CODE_STATE=getMsg HTTP/1.1" 200 27
116.228.172.94 - - [02/Jan/2021:11:24:07 +0800] "GET /xingrg/javascript/easyui/themes/default/validatebox.css HTTP/1.1" 404 1104
116.228.172.94 - - [02/Jan/2021:11:24:07 +0800] "POST /xingrg/kc/buy/cgsh_order_operate.html HTTP/1.1" 200 8245
172.17.0.115 - - [02/Jan/2021:11:24:07 +0800] "GET /xingrg/all/function/internal_message.html?_=1609557867448&CODE_STATE=getMsg HTTP/1.1" 200 27
116.228.172.94 - - [02/Jan/2021:11:24:08 +0800] "GET /xingrg/javascript/easyui/themes/default/tree.css HTTP/1.1" 404 1090
222.69.134.163 - - [02/Jan/2021:11:24:08 +0800] "GET /xingrg/check_reg.html?_=1609557844173 HTTP/1.1" 200 22
116.228.172.94 - - [02/Jan/2021:11:24:08 +0800] "POST /xingrg/all/common/load_tree.html?tree=supplier_tree_json&isDelete=1 HTTP/1.1" 200 53432
180.175.150.119 - - [02/Jan/2021:11:24:09 +0800] "POST /xingrg/kc/buy/cgsh_list_operate.html HTTP/1.1" 200 569
117.185.32.26 - - [02/Jan/2021:11:24:09 +0800] "GET /xingrg/kc/buy/cgsh_order_operate.html?command=get_materiel&rest_code=00106&code=00101010501&supplier_code=00100326&order_time=2021-01-02 HTTP/1.1" 200 396
120.204.17.71 - - [02/Jan/2021:11:24:09 +0800] "GET /xingrg/kc/print/load_data.html?order_code=212021010200570&kc_code=cgsh HTTP/1.1" 302 -
180.175.150.119 - - [02/Jan/2021:11:24:10 +0800] "GET /xingrg/kc/buy/cgsh_order_info.html?code=212021010200590 HTTP/1.1" 200 61336
180.175.150.119 - - [02/Jan/2021:11:24:10 +0800] "GET /xingrg/javascript/easyui/themes/default/validatebox.css HTTP/1.1" 404 1104
180.175.150.119 - - [02/Jan/2021:11:24:11 +0800] "POST /xingrg/kc/buy/cgsh_order_operate.html HTTP/1.1" 200 9174
117.185.32.26 - - [02/Jan/2021:11:24:11 +0800] "GET /xingrg/all/function/internal_message.html?_=1609557849132&CODE_STATE=getMsg HTTP/1.1" 200 27
58.40.7.146 - - [02/Jan/2021:11:24:13 +0800] "POST /xingrg/kc/buy/cgsh_list_operate.html HTTP/1.1" 200 575
180.162.223.42 - - [02/Jan/2021:11:24:15 +0800] "GET /xingrg/kc/buy/cgsh_order_operate.html?command=get_materiel&rest_code=00105&code=00101010079&supplier_code=00100323&order_time=2021-01-02 HTTP/1.1" 200 413
120.253.135.82 - - [02/Jan/2021:11:24:15 +0800] "GET /xingrg/all/function/internal_message.html?_=1609557901518&CODE_STATE=getMsg HTTP/1.1" 200 27
120.204.17.71 - - [02/Jan/2021:11:24:17 +0800] "GET /xingrg/login.html HTTP/1.1" 200 7641
172.17.0.120 - - [02/Jan/2021:11:24:20 +0800] "GET /xingrg/all/function/internal_message.html?_=1609557860532&CODE_STATE=getMsg HTTP/1.1" 200 27
222.69.134.163 - - [02/Jan/2021:11:24:22 +0800] "GET /xingrg/kc/buy/cgsh_order_operate.html?command=get_materiel&rest_code=00149&code=00101008223&supplier_code=00100005&order_time=2021-01-02 HTTP/1.1" 200 412
180.175.150.119 - - [02/Jan/2021:11:24:25 +0800] "GET /xingrg/all/function/internal_message.html?_=1609558102933&CODE_STATE=getMsg HTTP/1.1" 200 27
222.69.133.109 - - [02/Jan/2021:11:24:25 +0800] "GET /xingrg/all/function/internal_message.html?_=1609557868036&CODE_STATE=getMsg HTTP/1.1" 200 27
116.228.172.94 - - [02/Jan/2021:11:24:26 +0800] "GET /xingrg/kc/buy/cgsh_order_operate.html?command=get_materiel&rest_code=00107&code=00101004063&supplier_code=00100085&order_time=2021-01-02 HTTP/1.1" 200 414
172.17.0.185 - - [02/Jan/2021:11:24:28 +0800] "POST /xingrg/dwr/call/plaincall/AjaxReportQueryService.refreshCache.dwr HTTP/1.1" 200 78
117.185.32.26 - - [02/Jan/2021:11:24:28 +0800] "GET /xingrg/kc/buy/cgsh_order_operate.html?command=get_materiel&rest_code=00106&code=00101006164&supplier_code=00100326&order_time=2021-01-02 HTTP/1.1" 200 415
172.17.0.185 - - [02/Jan/2021:11:24:28 +0800] "POST /xingrg/all/report/load_report_page.html HTTP/1.1" 200 50531
172.17.0.185 - - [02/Jan/2021:11:24:28 +0800] "GET /xingrg/servlets/image?cache=0.6444738817912948&image=px HTTP/1.1" 200 807
172.17.0.185 - - [02/Jan/2021:11:24:28 +0800] "GET /xingrg/check_reg.html?_=1609557869569 HTTP/1.1" 200 22
172.17.0.185 - - [02/Jan/2021:11:24:28 +0800] "GET /xingrg/all/function/internal_message.html?_=1609557869572&CODE_STATE=getMsg HTTP/1.1" 200 27
222.69.134.163 - - [02/Jan/2021:11:24:33 +0800] "POST /xingrg/kc/buy/cgsh_order_operate.html HTTP/1.1" 200 2065
58.37.230.33 - - [02/Jan/2021:11:24:34 +0800] "GET /xingrg/all/function/internal_message.html?_=1609557875327&CODE_STATE=getMsg HTTP/1.1" 200 27
58.40.7.146 - - [02/Jan/2021:11:24:34 +0800] "GET /xingrg/all/function/internal_message.html?_=1609557875076&CODE_STATE=getMsg HTTP/1.1" 200 27
101.228.166.101 - - [02/Jan/2021:11:24:35 +0800] "GET /xingrg/all/function/internal_message.html?_=1609557898107&CODE_STATE=getMsg HTTP/1.1" 200 27
116.228.172.94 - - [02/Jan/2021:11:24:35 +0800] "GET /xingrg/all/function/internal_message.html?_=1609557874440&CODE_STATE=getMsg HTTP/1.1" 200 27
116.228.172.94 - - [02/Jan/2021:11:24:35 +0800] "GET /xingrg/check_reg.html?_=1609557874454 HTTP/1.1" 200 22
180.156.237.57 - - [02/Jan/2021:11:24:35 +0800] "GET /xingrg/all/function/internal_message.html?_=1609557858327&CODE_STATE=getMsg HTTP/1.1" 200 27
101.89.29.92 - - [02/Jan/2021:11:24:35 +0800] "GET /xingrg/all/function/internal_message.html?_=1609557575423&CODE_STATE=getMsg HTTP/1.1" 302 -
58.35.244.144 - - [02/Jan/2021:11:24:37 +0800] "GET /xingrg/kc/buy/cgsh_order_operate.html?command=get_materiel&rest_code=00111&code=00101019759&supplier_code=00100337&order_time=2021-01-02 HTTP/1.1" 200 399
116.228.172.94 - - [02/Jan/2021:11:24:40 +0800] "POST /xingrg/kc/buy/cgsh_order_operate.html HTTP/1.1" 200 37
222.69.134.163 - - [02/Jan/2021:11:24:41 +0800] "GET /xingrg/kc/buy/cgsh_order_operate.html?command=get_materiel&rest_code=00149&code=00101008079&supplier_code=00100005&order_time=2021-01-02 HTTP/1.1" 200 416
120.204.17.70 - - [02/Jan/2021:11:24:41 +0800] "GET /xingrg/kc/print/load_data.html?order_code=212021010200523&kc_code=cgsh&condition= HTTP/1.1" 302 -
58.35.244.144 - - [02/Jan/2021:11:24:42 +0800] "GET /xingrg/all/function/internal_message.html?_=1609558040513&CODE_STATE=getMsg HTTP/1.1" 200 27
117.185.32.26 - - [02/Jan/2021:11:24:42 +0800] "GET /xingrg/all/function/internal_message.html?_=1609558354726&CODE_STATE=getMsg HTTP/1.1" 200 27
117.185.32.26 - - [02/Jan/2021:11:24:42 +0800] "POST /xingrg/kc/buy/cgsh_order_operate.html HTTP/1.1" 200 37
116.228.172.94 - - [02/Jan/2021:11:24:42 +0800] "POST /xingrg/kc/buy/cgsh_order_operate.html HTTP/1.1" 200 2663
101.89.29.92 - - [02/Jan/2021:11:24:43 +0800] "GET /xingrg/login.html HTTP/1.1" 200 7641
116.228.172.94 - - [02/Jan/2021:11:24:44 +0800] "GET /xingrg/kc/print/load_data.html?order_code=212021010200592&kc_code=cgsh&condition= HTTP/1.1" 200 736
