180.162.223.42 - - [02/Jan/2021:10:24:31 +0800] "GET /xingrg/kc/print/load_config.html?kc_code=cgsh HTTP/1.1" 200 1845
180.162.223.42 - - [02/Jan/2021:10:24:31 +0800] "GET /xingrg/kc/print/load_data.html?order_code=212021010200486&kc_code=cgsh&condition= HTTP/1.1" 200 21160
58.37.230.33 - - [02/Jan/2021:10:24:33 +0800] "GET /xingrg/all/function/internal_message.html?_=1609554275029&CODE_STATE=getMsg HTTP/1.1" 200 27
58.40.7.146 - - [02/Jan/2021:10:24:34 +0800] "GET /xingrg/all/function/internal_message.html?_=1609554275021&CODE_STATE=getMsg HTTP/1.1" 200 27
116.228.172.94 - - [02/Jan/2021:10:24:34 +0800] "GET /xingrg/check_reg.html?_=1609554273973 HTTP/1.1" 200 22
116.228.172.94 - - [02/Jan/2021:10:24:35 +0800] "GET /xingrg/all/function/internal_message.html?_=1609554274290&CODE_STATE=getMsg HTTP/1.1" 200 27
180.156.237.57 - - [02/Jan/2021:10:24:44 +0800] "GET /xingrg/check_reg.html?_=1609554266956 HTTP/1.1" 200 22
180.156.237.57 - - [02/Jan/2021:10:24:44 +0800] "GET /xingrg/all/function/internal_message.html?_=1609554267018&CODE_STATE=getMsg HTTP/1.1" 200 27
180.156.237.57 - - [02/Jan/2021:10:24:45 +0800] "POST /xingrg/kc/buy/cgsh_order_operate.html HTTP/1.1" 200 37
117.131.5.26 - - [02/Jan/2021:10:24:47 +0800] "GET /xingrg/all/function/internal_message.html?_=1609554335658&CODE_STATE=getMsg HTTP/1.1" 200 27
180.156.237.57 - - [02/Jan/2021:10:24:47 +0800] "POST /xingrg/kc/buy/cgsh_order_operate.html HTTP/1.1" 200 12
180.156.237.57 - - [02/Jan/2021:10:24:52 +0800] "GET /xingrg/kc/buy/cgsh_order_info.html?code=212021010200512 HTTP/1.1" 200 55929
180.156.237.57 - - [02/Jan/2021:10:24:52 +0800] "GET /xingrg/javascript/easyui/themes/default/validatebox.css HTTP/1.1" 404 1104
180.156.237.57 - - [02/Jan/2021:10:24:53 +0800] "POST /xingrg/kc/buy/cgsh_order_operate.html HTTP/1.1" 200 5976
101.85.93.83 - - [02/Jan/2021:10:24:53 +0800] "GET /xingrg/all/function/internal_message.html?_=1609553974664&CODE_STATE=getMsg HTTP/1.1" 200 27
172.17.0.119 - - [02/Jan/2021:10:24:54 +0800] "GET /xingrg/check_reg.html?_=1609554295114 HTTP/1.1" 200 22
172.17.0.119 - - [02/Jan/2021:10:24:54 +0800] "GET /xingrg/all/function/internal_message.html?_=1609554295117&CODE_STATE=getMsg HTTP/1.1" 200 27
101.85.93.83 - - [02/Jan/2021:10:24:54 +0800] "GET /xingrg/check_reg.html?_=1609553975064 HTTP/1.1" 200 22
120.253.135.82 - - [02/Jan/2021:10:24:57 +0800] "GET /xingrg/all/function/internal_message.html?_=1609554056384&CODE_STATE=getMsg HTTP/1.1" 200 27
117.185.32.26 - - [02/Jan/2021:10:24:58 +0800] "GET /xingrg/all/function/internal_message.html?_=1609554770597&CODE_STATE=getMsg HTTP/1.1" 302 -
180.156.237.57 - - [02/Jan/2021:10:24:58 +0800] "GET /xingrg/kc/print/load_data.html?order_code=212021010200512&kc_code=cgsh&condition= HTTP/1.1" 200 2779
180.162.223.42 - - [02/Jan/2021:10:25:06 +0800] "GET /xingrg/all/function/internal_message.html?_=1609554307112&CODE_STATE=getMsg HTTP/1.1" 200 27
222.69.134.163 - - [02/Jan/2021:10:25:08 +0800] "GET /xingrg/all/function/internal_message.html?_=1609554303768&CODE_STATE=getMsg HTTP/1.1" 200 27
172.17.200.101 - - [02/Jan/2021:10:25:09 +0800] "GET /xingrg/all/function/internal_message.html?_=1609554314791&CODE_STATE=getMsg HTTP/1.1" 200 27
180.175.150.119 - - [02/Jan/2021:10:25:12 +0800] "GET /xingrg/all/function/internal_message.html?_=1609554550069&CODE_STATE=getMsg HTTP/1.1" 200 27
120.253.135.82 - - [02/Jan/2021:10:25:14 +0800] "GET /xingrg/check_reg.html?_=1609554360579 HTTP/1.1" 200 22
120.253.135.82 - - [02/Jan/2021:10:25:14 +0800] "GET /xingrg/all/function/internal_message.html?_=1609554360686&CODE_STATE=getMsg HTTP/1.1" 200 27
180.156.237.57 - - [02/Jan/2021:10:25:23 +0800] "GET /xingrg/kc/buy/cgsh_order_info.html?code=212021010200485 HTTP/1.1" 200 61041
180.156.237.57 - - [02/Jan/2021:10:25:23 +0800] "GET /xingrg/javascript/easyui/themes/default/validatebox.css HTTP/1.1" 404 1104
180.156.237.57 - - [02/Jan/2021:10:25:23 +0800] "POST /xingrg/kc/buy/cgsh_order_operate.html HTTP/1.1" 200 27763
101.228.166.101 - - [02/Jan/2021:10:25:24 +0800] "GET /xingrg/all/function/internal_message.html?_=1609554348136&CODE_STATE=getMsg HTTP/1.1" 200 27
222.69.133.109 - - [02/Jan/2021:10:25:25 +0800] "GET /xingrg/all/function/internal_message.html?_=1609554327941&CODE_STATE=getMsg HTTP/1.1" 200 27
222.69.133.109 - - [02/Jan/2021:10:25:25 +0800] "GET /xingrg/check_reg.html?_=1609554327945 HTTP/1.1" 200 22
58.37.230.33 - - [02/Jan/2021:10:25:33 +0800] "GET /xingrg/all/function/internal_message.html?_=1609554335032&CODE_STATE=getMsg HTTP/1.1" 200 27
58.40.7.146 - - [02/Jan/2021:10:25:34 +0800] "GET /xingrg/all/function/internal_message.html?_=1609554335022&CODE_STATE=getMsg HTTP/1.1" 200 27
116.228.172.94 - - [02/Jan/2021:10:25:35 +0800] "GET /xingrg/all/function/internal_message.html?_=1609554334269&CODE_STATE=getMsg HTTP/1.1" 200 27
180.156.237.57 - - [02/Jan/2021:10:25:44 +0800] "GET /xingrg/all/function/internal_message.html?_=1609554327085&CODE_STATE=getMsg HTTP/1.1" 200 27
117.131.5.26 - - [02/Jan/2021:10:25:47 +0800] "GET /xingrg/all/function/internal_message.html?_=1609554395665&CODE_STATE=getMsg HTTP/1.1" 200 27
117.131.5.26 - - [02/Jan/2021:10:25:47 +0800] "GET /xingrg/check_reg.html?_=1609554395667 HTTP/1.1" 200 22
101.85.93.83 - - [02/Jan/2021:10:25:53 +0800] "GET /xingrg/all/function/internal_message.html?_=1609554034642&CODE_STATE=getMsg HTTP/1.1" 200 27
172.17.0.119 - - [02/Jan/2021:10:25:54 +0800] "GET /xingrg/all/function/internal_message.html?_=1609554355119&CODE_STATE=getMsg HTTP/1.1" 200 27
120.253.135.82 - - [02/Jan/2021:10:25:57 +0800] "GET /xingrg/all/function/internal_message.html?_=1609554116424&CODE_STATE=getMsg HTTP/1.1" 200 27
117.185.32.26 - - [02/Jan/2021:10:25:58 +0800] "GET /xingrg/all/function/internal_message.html?_=1609554830600&CODE_STATE=getMsg HTTP/1.1" 302 -
180.162.223.42 - - [02/Jan/2021:10:26:06 +0800] "GET /xingrg/all/function/internal_message.html?_=1609554367113&CODE_STATE=getMsg HTTP/1.1" 200 27
222.69.134.163 - - [02/Jan/2021:10:26:08 +0800] "GET /xingrg/all/function/internal_message.html?_=1609554363758&CODE_STATE=getMsg HTTP/1.1" 200 27
172.17.200.101 - - [02/Jan/2021:10:26:09 +0800] "GET /xingrg/all/function/internal_message.html?_=1609554374792&CODE_STATE=getMsg HTTP/1.1" 200 27
180.175.150.119 - - [02/Jan/2021:10:26:12 +0800] "GET /xingrg/check_reg.html?_=1609554609936 HTTP/1.1" 200 22
180.175.150.119 - - [02/Jan/2021:10:26:12 +0800] "GET /xingrg/all/function/internal_message.html?_=1609554610082&CODE_STATE=getMsg HTTP/1.1" 200 27
120.253.135.82 - - [02/Jan/2021:10:26:14 +0800] "GET /xingrg/all/function/internal_message.html?_=1609554420700&CODE_STATE=getMsg HTTP/1.1" 200 27
117.185.32.26 - - [02/Jan/2021:10:26:21 +0800] "POST /xingrg/services/DataTransmitService HTTP/1.1" 200 524
117.185.32.26 - - [02/Jan/2021:10:26:22 +0800] "POST /xingrg/services/DataTransmitService HTTP/1.1" 200 412
101.228.166.101 - - [02/Jan/2021:10:26:24 +0800] "GET /xingrg/all/function/internal_message.html?_=1609554408137&CODE_STATE=getMsg HTTP/1.1" 200 27
222.69.133.109 - - [02/Jan/2021:10:26:25 +0800] "GET /xingrg/all/function/internal_message.html?_=1609554387932&CODE_STATE=getMsg HTTP/1.1" 200 27
58.37.230.33 - - [02/Jan/2021:10:26:33 +0800] "GET /xingrg/all/function/internal_message.html?_=1609554395026&CODE_STATE=getMsg HTTP/1.1" 200 27
58.40.7.146 - - [02/Jan/2021:10:26:34 +0800] "GET /xingrg/all/function/internal_message.html?_=1609554395010&CODE_STATE=getMsg HTTP/1.1" 200 27
58.40.7.146 - - [02/Jan/2021:10:26:34 +0800] "GET /xingrg/check_reg.html?_=1609554395011 HTTP/1.1" 200 22
116.228.172.94 - - [02/Jan/2021:10:26:35 +0800] "GET /xingrg/all/function/internal_message.html?_=1609554394247&CODE_STATE=getMsg HTTP/1.1" 200 27
180.156.237.57 - - [02/Jan/2021:10:26:44 +0800] "GET /xingrg/all/function/internal_message.html?_=1609554387093&CODE_STATE=getMsg HTTP/1.1" 200 27
117.131.5.26 - - [02/Jan/2021:10:26:47 +0800] "GET /xingrg/all/function/internal_message.html?_=1609554455654&CODE_STATE=getMsg HTTP/1.1" 200 27
101.85.93.83 - - [02/Jan/2021:10:26:53 +0800] "GET /xingrg/all/function/internal_message.html?_=1609554094614&CODE_STATE=getMsg HTTP/1.1" 200 27
172.17.0.119 - - [02/Jan/2021:10:26:54 +0800] "GET /xingrg/all/function/internal_message.html?_=1609554415120&CODE_STATE=getMsg HTTP/1.1" 200 27
120.253.135.82 - - [02/Jan/2021:10:26:57 +0800] "GET /xingrg/all/function/internal_message.html?_=1609554176428&CODE_STATE=getMsg HTTP/1.1" 200 27
117.185.32.26 - - [02/Jan/2021:10:26:58 +0800] "GET /xingrg/check_reg.html?_=1609554890601 HTTP/1.1" 302 -
117.185.32.26 - - [02/Jan/2021:10:26:58 +0800] "GET /xingrg/all/function/internal_message.html?_=1609554890609&CODE_STATE=getMsg HTTP/1.1" 302 -
180.162.223.42 - - [02/Jan/2021:10:27:06 +0800] "GET /xingrg/all/function/internal_message.html?_=1609554427103&CODE_STATE=getMsg HTTP/1.1" 200 27
180.162.223.42 - - [02/Jan/2021:10:27:06 +0800] "GET /xingrg/check_reg.html?_=1609554427136 HTTP/1.1" 200 22
222.69.134.163 - - [02/Jan/2021:10:27:08 +0800] "GET /xingrg/all/function/internal_message.html?_=1609554423744&CODE_STATE=getMsg HTTP/1.1" 200 27
172.17.200.101 - - [02/Jan/2021:10:27:09 +0800] "GET /xingrg/all/function/internal_message.html?_=1609554434791&CODE_STATE=getMsg HTTP/1.1" 200 27
180.175.150.119 - - [02/Jan/2021:10:27:12 +0800] "GET /xingrg/all/function/internal_message.html?_=1609554670320&CODE_STATE=getMsg HTTP/1.1" 200 27
120.253.135.82 - - [02/Jan/2021:10:27:14 +0800] "GET /xingrg/all/function/internal_message.html?_=1609554480713&CODE_STATE=getMsg HTTP/1.1" 200 27
101.228.166.101 - - [02/Jan/2021:10:27:16 +0800] "GET /xingrg/check_reg.html?_=1609554438402 HTTP/1.1" 302 -
101.228.166.101 - - [02/Jan/2021:10:27:25 +0800] "GET /xingrg/all/function/internal_message.html?_=1609554468657&CODE_STATE=getMsg HTTP/1.1" 200 27
222.69.133.109 - - [02/Jan/2021:10:27:25 +0800] "GET /xingrg/all/function/internal_message.html?_=1609554447934&CODE_STATE=getMsg HTTP/1.1" 200 27
101.228.166.101 - - [02/Jan/2021:10:27:31 +0800] "GET /xingrg/check_reg.html?_=1609554475014 HTTP/1.1" 200 22
58.37.230.33 - - [02/Jan/2021:10:27:33 +0800] "GET /xingrg/check_reg.html?_=1609554455039 HTTP/1.1" 200 22
58.37.230.33 - - [02/Jan/2021:10:27:33 +0800] "GET /xingrg/all/function/internal_message.html?_=1609554455041&CODE_STATE=getMsg HTTP/1.1" 200 27
58.40.7.146 - - [02/Jan/2021:10:27:34 +0800] "GET /xingrg/all/function/internal_message.html?_=1609554455014&CODE_STATE=getMsg HTTP/1.1" 200 27
116.228.172.94 - - [02/Jan/2021:10:27:35 +0800] "GET /xingrg/all/function/internal_message.html?_=1609554454221&CODE_STATE=getMsg HTTP/1.1" 200 27
180.156.237.57 - - [02/Jan/2021:10:27:44 +0800] "GET /xingrg/all/function/internal_message.html?_=1609554447106&CODE_STATE=getMsg HTTP/1.1" 200 27
117.131.5.26 - - [02/Jan/2021:10:27:47 +0800] "GET /xingrg/all/function/internal_message.html?_=1609554515660&CODE_STATE=getMsg HTTP/1.1" 200 27
101.85.93.83 - - [02/Jan/2021:10:27:53 +0800] "GET /xingrg/all/function/internal_message.html?_=1609554154595&CODE_STATE=getMsg HTTP/1.1" 200 27
172.17.0.119 - - [02/Jan/2021:10:27:54 +0800] "GET /xingrg/all/function/internal_message.html?_=1609554475121&CODE_STATE=getMsg HTTP/1.1" 200 27
120.253.135.82 - - [02/Jan/2021:10:27:57 +0800] "GET /xingrg/check_reg.html?_=1609554236186 HTTP/1.1" 200 22
120.253.135.82 - - [02/Jan/2021:10:27:57 +0800] "GET /xingrg/all/function/internal_message.html?_=1609554236442&CODE_STATE=getMsg HTTP/1.1" 200 27
117.185.32.26 - - [02/Jan/2021:10:27:58 +0800] "GET /xingrg/all/function/internal_message.html?_=1609554950593&CODE_STATE=getMsg HTTP/1.1" 302 -
180.162.223.42 - - [02/Jan/2021:10:28:06 +0800] "GET /xingrg/all/function/internal_message.html?_=1609554487111&CODE_STATE=getMsg HTTP/1.1" 200 27
222.69.134.163 - - [02/Jan/2021:10:28:08 +0800] "GET /xingrg/all/function/internal_message.html?_=1609554483728&CODE_STATE=getMsg HTTP/1.1" 200 27
172.17.200.101 - - [02/Jan/2021:10:28:09 +0800] "GET /xingrg/check_reg.html?_=1609554494793 HTTP/1.1" 200 22
172.17.200.101 - - [02/Jan/2021:10:28:09 +0800] "GET /xingrg/all/function/internal_message.html?_=1609554494796&CODE_STATE=getMsg HTTP/1.1" 200 27
58.221.95.50 - - [02/Jan/2021:10:28:09 +0800] "GET /xingrg/check_reg.html?_=1609554490591 HTTP/1.1" 302 -
180.175.150.119 - - [02/Jan/2021:10:28:12 +0800] "GET /xingrg/all/function/internal_message.html?_=1609554730332&CODE_STATE=getMsg HTTP/1.1" 200 27
120.253.135.82 - - [02/Jan/2021:10:28:14 +0800] "GET /xingrg/all/function/internal_message.html?_=1609554540741&CODE_STATE=getMsg HTTP/1.1" 200 27
116.231.118.183 - - [02/Jan/2021:10:28:15 +0800] "GET /favicon.ico HTTP/1.1" 404 -
116.231.118.183 - - [02/Jan/2021:10:28:15 +0800] "GET /favicon.ico HTTP/1.1" 404 -
116.231.118.183 - - [02/Jan/2021:10:28:16 +0800] "GET /favicon.ico HTTP/1.1" 404 -
116.231.118.183 - - [02/Jan/2021:10:28:16 +0800] "GET /favicon.ico HTTP/1.1" 404 -
116.231.118.183 - - [02/Jan/2021:10:28:17 +0800] "GET /favicon.ico HTTP/1.1" 404 -
116.231.118.183 - - [02/Jan/2021:10:28:18 +0800] "GET /favicon.ico HTTP/1.1" 404 -
116.231.118.183 - - [02/Jan/2021:10:28:18 +0800] "GET /favicon.ico HTTP/1.1" 404 -
116.231.118.183 - - [02/Jan/2021:10:28:19 +0800] "GET /favicon.ico HTTP/1.1" 404 -
116.231.118.183 - - [02/Jan/2021:10:28:19 +0800] "GET /favicon.ico HTTP/1.1" 404 -
180.175.150.119 - - [02/Jan/2021:10:28:20 +0800] "POST /xingrg/services/DataTransmitService HTTP/1.1" 200 524
180.175.150.119 - - [02/Jan/2021:10:28:21 +0800] "POST /xingrg/services/DataTransmitService HTTP/1.1" 200 412
101.228.166.101 - - [02/Jan/2021:10:28:25 +0800] "GET /xingrg/all/function/internal_message.html?_=1609554528677&CODE_STATE=getMsg HTTP/1.1" 200 27
222.69.133.109 - - [02/Jan/2021:10:28:25 +0800] "GET /xingrg/all/function/internal_message.html?_=1609554507936&CODE_STATE=getMsg HTTP/1.1" 200 27
180.156.237.57 - - [02/Jan/2021:10:28:27 +0800] "POST /xingrg/kc/buy/cgsh_order_operate.html HTTP/1.1" 200 37
180.156.237.57 - - [02/Jan/2021:10:28:28 +0800] "POST /xingrg/kc/buy/cgsh_order_operate.html HTTP/1.1" 200 27763
58.37.230.33 - - [02/Jan/2021:10:28:33 +0800] "GET /xingrg/all/function/internal_message.html?_=1609554515024&CODE_STATE=getMsg HTTP/1.1" 200 27
58.40.7.146 - - [02/Jan/2021:10:28:34 +0800] "GET /xingrg/all/function/internal_message.html?_=1609554515018&CODE_STATE=getMsg HTTP/1.1" 200 27
116.228.172.94 - - [02/Jan/2021:10:28:35 +0800] "GET /xingrg/all/function/internal_message.html?_=1609554514214&CODE_STATE=getMsg HTTP/1.1" 200 27
180.156.237.57 - - [02/Jan/2021:10:28:44 +0800] "GET /xingrg/all/function/internal_message.html?_=1609554507119&CODE_STATE=getMsg HTTP/1.1" 200 27
117.131.5.26 - - [02/Jan/2021:10:28:47 +0800] "GET /xingrg/all/function/internal_message.html?_=1609554575665&CODE_STATE=getMsg HTTP/1.1" 200 27
124.77.238.8 - - [02/Jan/2021:10:28:50 +0800] "GET /favicon.ico HTTP/1.1" 404 -
101.89.239.230 - - [02/Jan/2021:10:28:50 +0800] "GET /xingrg/all/function/internal_message.html?_=1609554335032&CODE_STATE=getMsg HTTP/1.1" 302 -
180.156.237.57 - - [02/Jan/2021:10:28:50 +0800] "POST /xingrg/kc/buy/cgsh_order_operate.html HTTP/1.1" 200 37
117.185.32.26 - - [02/Jan/2021:10:28:51 +0800] "GET /xingrg/login.html HTTP/1.1" 200 7641
117.185.32.26 - - [02/Jan/2021:10:28:51 +0800] "GET /xingrg/login.html HTTP/1.1" 200 7641
101.89.239.230 - - [02/Jan/2021:10:28:52 +0800] "GET /xingrg/login.html HTTP/1.1" 200 7641
101.85.93.83 - - [02/Jan/2021:10:28:53 +0800] "GET /xingrg/all/function/internal_message.html?_=1609554214573&CODE_STATE=getMsg HTTP/1.1" 200 27
61.151.207.205 - - [02/Jan/2021:10:28:57 +0800] "GET /xingrg/all/function/internal_message.html?_=1609554395026&CODE_STATE=getMsg HTTP/1.1" 302 -
120.253.135.82 - - [02/Jan/2021:10:28:57 +0800] "GET /xingrg/all/function/internal_message.html?_=1609554296455&CODE_STATE=getMsg HTTP/1.1" 200 27
117.185.32.26 - - [02/Jan/2021:10:28:57 +0800] "GET /favicon.ico HTTP/1.1" 404 -
172.16.0.194 - - [02/Jan/2021:10:28:58 +0800] "GET /favicon.ico HTTP/1.1" 404 -
117.185.32.26 - - [02/Jan/2021:10:28:58 +0800] "GET /xingrg/all/function/internal_message.html?_=1609555010608&CODE_STATE=getMsg HTTP/1.1" 302 -
180.156.237.57 - - [02/Jan/2021:10:29:00 +0800] "POST /xingrg/kc/buy/cgsh_order_operate.html HTTP/1.1" 200 12
117.185.32.26 - - [02/Jan/2021:10:29:02 +0800] "POST /xingrg/login.do HTTP/1.1" 302 -
117.185.32.26 - - [02/Jan/2021:10:29:02 +0800] "GET /xingrg/index.html?sysBaseUrl=http%3A%2F%2F180.169.147.146%3A18081%2Fxingrg%2F&costTime=38×tamp=1609554542039 HTTP/1.1" 200 17173
180.156.237.57 - - [02/Jan/2021:10:29:02 +0800] "GET /xingrg/kc/buy/cgsh_order_info.html?code=212021010200485 HTTP/1.1" 200 55939
180.156.237.57 - - [02/Jan/2021:10:29:03 +0800] "GET /xingrg/javascript/easyui/themes/default/validatebox.css HTTP/1.1" 404 1104
180.156.237.57 - - [02/Jan/2021:10:29:03 +0800] "POST /xingrg/kc/buy/cgsh_order_operate.html HTTP/1.1" 200 25708
61.151.207.205 - - [02/Jan/2021:10:29:04 +0800] "GET /xingrg/login.html HTTP/1.1" 200 7641
117.185.32.26 - - [02/Jan/2021:10:29:05 +0800] "POST /xingrg/all/common/load_tree.html?tree=area_rest_tree_json&manage=1 HTTP/1.1" 200 342
180.162.223.42 - - [02/Jan/2021:10:29:06 +0800] "GET /xingrg/all/function/internal_message.html?_=1609554547112&CODE_STATE=getMsg HTTP/1.1" 200 27
117.185.32.26 - - [02/Jan/2021:10:29:06 +0800] "GET /xingrg/check_reg.html?_=1609554544609 HTTP/1.1" 200 22
117.185.32.26 - - [02/Jan/2021:10:29:06 +0800] "GET /xingrg/all/function/internal_message.html?_=1609554544608&CODE_STATE=count HTTP/1.1" 200 11
117.185.32.26 - - [02/Jan/2021:10:29:07 +0800] "GET /favicon.ico HTTP/1.1" 404 -
117.185.32.26 - - [02/Jan/2021:10:29:07 +0800] "POST /xingrg/load_menu.html HTTP/1.1" 200 5138
180.156.237.57 - - [02/Jan/2021:10:29:07 +0800] "GET /xingrg/kc/print/load_data.html?order_code=212021010200485&kc_code=cgsh&condition= HTTP/1.1" 200 10441
222.69.134.163 - - [02/Jan/2021:10:29:08 +0800] "GET /xingrg/all/function/internal_message.html?_=1609554543713&CODE_STATE=getMsg HTTP/1.1" 200 27
222.69.134.163 - - [02/Jan/2021:10:29:08 +0800] "GET /xingrg/check_reg.html?_=1609554544078 HTTP/1.1" 200 22
172.17.200.101 - - [02/Jan/2021:10:29:09 +0800] "GET /xingrg/all/function/internal_message.html?_=1609554554796&CODE_STATE=getMsg HTTP/1.1" 200 27
117.185.32.26 - - [02/Jan/2021:10:29:10 +0800] "GET /xingrg/kc/buy/buy_main.html HTTP/1.1" 200 12412
117.185.32.26 - - [02/Jan/2021:10:29:11 +0800] "GET /xingrg/css/new_ie.css HTTP/1.1" 404 1036
117.185.32.26 - - [02/Jan/2021:10:29:12 +0800] "GET /xingrg/images/yd/bt.gif HTTP/1.1" 404 1040
180.175.150.119 - - [02/Jan/2021:10:29:12 +0800] "GET /xingrg/all/function/internal_message.html?_=1609554790500&CODE_STATE=getMsg HTTP/1.1" 200 27
117.185.32.26 - - [02/Jan/2021:10:29:13 +0800] "GET /xingrg/kc/buy/cgsh_order_list.html HTTP/1.1" 200 45641
120.253.135.82 - - [02/Jan/2021:10:29:14 +0800] "GET /xingrg/all/function/internal_message.html?_=1609554600755&CODE_STATE=getMsg HTTP/1.1" 200 27
117.185.32.26 - - [02/Jan/2021:10:29:16 +0800] "POST /xingrg/kc/buy/cgsh_list_operate.html HTTP/1.1" 200 876
101.228.166.101 - - [02/Jan/2021:10:29:25 +0800] "GET /xingrg/all/function/internal_message.html?_=1609554588693&CODE_STATE=getMsg HTTP/1.1" 200 27
222.69.133.109 - - [02/Jan/2021:10:29:25 +0800] "GET /xingrg/all/function/internal_message.html?_=1609554567939&CODE_STATE=getMsg HTTP/1.1" 200 27
117.185.32.26 - - [02/Jan/2021:10:29:27 +0800] "GET /xingrg/kc/buy/cgsh_order_add.html HTTP/1.1" 200 61384
117.185.32.26 - - [02/Jan/2021:10:29:27 +0800] "GET /xingrg/words/20210101173748_words.js HTTP/1.1" 304 -
117.185.32.26 - - [02/Jan/2021:10:29:28 +0800] "GET /xingrg/all/common/auto_word.html?type=employee&rest_code=00106 HTTP/1.1" 200 205
117.185.32.26 - - [02/Jan/2021:10:29:28 +0800] "GET /xingrg/javascript/easyui/themes/default/validatebox.css HTTP/1.1" 404 1104
117.185.32.26 - - [02/Jan/2021:10:29:28 +0800] "GET /xingrg/all/common/auto_word.html?type=employee&rest_code=00106 HTTP/1.1" 200 205
117.185.32.26 - - [02/Jan/2021:10:29:28 +0800] "POST /xingrg/kc/buy/cgsh_order_operate.html HTTP/1.1" 200 8245
117.185.32.26 - - [02/Jan/2021:10:29:29 +0800] "GET /xingrg/javascript/easyui/themes/default/tree.css HTTP/1.1" 404 1090
117.185.32.26 - - [02/Jan/2021:10:29:29 +0800] "POST /xingrg/all/common/load_tree.html?tree=supplier_tree_json&isDelete=1 HTTP/1.1" 200 53432
58.37.230.33 - - [02/Jan/2021:10:29:33 +0800] "GET /xingrg/all/function/internal_message.html?_=1609554575037&CODE_STATE=getMsg HTTP/1.1" 200 27
58.40.7.146 - - [02/Jan/2021:10:29:34 +0800] "GET /xingrg/all/function/internal_message.html?_=1609554575022&CODE_STATE=getMsg HTTP/1.1" 200 27
116.228.172.94 - - [02/Jan/2021:10:29:34 +0800] "GET /xingrg/check_reg.html?_=1609554573989 HTTP/1.1" 200 22
116.228.172.94 - - [02/Jan/2021:10:29:35 +0800] "GET /xingrg/all/function/internal_message.html?_=1609554574199&CODE_STATE=getMsg HTTP/1.1" 200 27
117.185.32.26 - - [02/Jan/2021:10:29:39 +0800] "GET /xingrg/javascript/auto/indicator.gif HTTP/1.1" 404 1066
117.185.32.26 - - [02/Jan/2021:10:29:42 +0800] "GET /xingrg/kc/buy/cgsh_order_operate.html?command=get_materiel&rest_code=00106&code=00101008146&supplier_code=00100009&order_time=2021-01-02 HTTP/1.1" 200 416
180.156.237.57 - - [02/Jan/2021:10:29:44 +0800] "GET /xingrg/check_reg.html?_=1609554567007 HTTP/1.1" 200 22
180.156.237.57 - - [02/Jan/2021:10:29:44 +0800] "GET /xingrg/all/function/internal_message.html?_=1609554567132&CODE_STATE=getMsg HTTP/1.1" 200 27
117.131.5.26 - - [02/Jan/2021:10:29:47 +0800] "GET /xingrg/all/function/internal_message.html?_=1609554635652&CODE_STATE=getMsg HTTP/1.1" 200 27
117.185.32.26 - - [02/Jan/2021:10:29:51 +0800] "GET /xingrg/kc/buy/cgsh_order_operate.html?command=get_materiel&rest_code=00106&code=00101008147&supplier_code=00100009&order_time=2021-01-02 HTTP/1.1" 200 418
101.85.93.83 - - [02/Jan/2021:10:29:53 +0800] "GET /xingrg/all/function/internal_message.html?_=1609554274546&CODE_STATE=getMsg HTTP/1.1" 200 27
101.85.93.83 - - [02/Jan/2021:10:29:54 +0800] "GET /xingrg/check_reg.html?_=1609554275068 HTTP/1.1" 200 22
120.253.135.82 - - [02/Jan/2021:10:29:57 +0800] "GET /xingrg/all/function/internal_message.html?_=1609554356469&CODE_STATE=getMsg HTTP/1.1" 200 27
117.185.32.26 - - [02/Jan/2021:10:29:58 +0800] "GET /xingrg/all/function/internal_message.html?_=1609555070623&CODE_STATE=getMsg HTTP/1.1" 302 -
117.185.32.26 - - [02/Jan/2021:10:30:02 +0800] "POST /xingrg/kc/buy/cgsh_order_operate.html HTTP/1.1" 200 37
180.162.223.42 - - [02/Jan/2021:10:30:06 +0800] "GET /xingrg/all/function/internal_message.html?_=1609554607112&CODE_STATE=getMsg HTTP/1.1" 200 27
222.69.134.163 - - [02/Jan/2021:10:30:08 +0800] "GET /xingrg/all/function/internal_message.html?_=1609554603690&CODE_STATE=getMsg HTTP/1.1" 200 27
172.17.200.101 - - [02/Jan/2021:10:30:09 +0800] "GET /xingrg/all/function/internal_message.html?_=1609554614814&CODE_STATE=getMsg HTTP/1.1" 200 27
101.89.239.120 - - [02/Jan/2021:10:30:10 +0800] "GET /xingrg/check_reg.html?_=1609554455039 HTTP/1.1" 302 -
117.185.32.26 - - [02/Jan/2021:10:30:12 +0800] "GET /xingrg/all/function/internal_message.html?_=1609554610178&CODE_STATE=getMsg HTTP/1.1" 200 27
180.175.150.119 - - [02/Jan/2021:10:30:12 +0800] "GET /xingrg/all/function/internal_message.html?_=1609554850512&CODE_STATE=getMsg HTTP/1.1" 200 27
117.185.32.26 - - [02/Jan/2021:10:30:13 +0800] "POST /xingrg/kc/buy/cgsh_order_operate.html HTTP/1.1" 200 12
120.253.135.82 - - [02/Jan/2021:10:30:14 +0800] "GET /xingrg/check_reg.html?_=1609554660592 HTTP/1.1" 200 22
120.253.135.82 - - [02/Jan/2021:10:30:14 +0800] "GET /xingrg/all/function/internal_message.html?_=1609554660770&CODE_STATE=getMsg HTTP/1.1" 200 27
101.89.239.120 - - [02/Jan/2021:10:30:16 +0800] "GET /xingrg/login.html HTTP/1.1" 200 7641
101.91.60.108 - - [02/Jan/2021:10:30:17 +0800] "GET /xingrg/all/function/internal_message.html?_=1609554455041&CODE_STATE=getMsg HTTP/1.1" 302 -
183.192.164.85 - - [02/Jan/2021:10:30:19 +0800] "GET /xingrg/index.html?sysBaseUrl=http://180.169.147.146:18081/xingrg/&costTime=38×tamp=1609554542039 HTTP/1.1" 302 -
117.185.32.26 - - [02/Jan/2021:10:30:19 +0800] "GET /xingrg/kc/buy/cgsh_order_info.html?code=212021010200513 HTTP/1.1" 200 56293
117.185.32.26 - - [02/Jan/2021:10:30:20 +0800] "GET /xingrg/javascript/easyui/themes/default/validatebox.css HTTP/1.1" 404 1104
117.185.32.26 - - [02/Jan/2021:10:30:20 +0800] "POST /xingrg/kc/buy/cgsh_order_operate.html HTTP/1.1" 200 1206
117.185.32.26 - - [02/Jan/2021:10:30:22 +0800] "GET /xingrg/kc/print/load_config.html?kc_code=cgsh HTTP/1.1" 200 1845
117.185.32.26 - - [02/Jan/2021:10:30:22 +0800] "GET /xingrg/kc/print/load_data.html?order_code=212021010200513&kc_code=cgsh&condition= HTTP/1.1" 200 1011
183.192.164.85 - - [02/Jan/2021:10:30:23 +0800] "GET /xingrg/login.html HTTP/1.1" 200 7641
222.69.133.109 - - [02/Jan/2021:10:30:25 +0800] "GET /xingrg/all/function/internal_message.html?_=1609554627941&CODE_STATE=getMsg HTTP/1.1" 200 27
222.69.133.109 - - [02/Jan/2021:10:30:25 +0800] "GET /xingrg/check_reg.html?_=1609554627944 HTTP/1.1" 200 22
101.228.166.101 - - [02/Jan/2021:10:30:25 +0800] "GET /xingrg/all/function/internal_message.html?_=1609554649226&CODE_STATE=getMsg HTTP/1.1" 200 27
101.91.60.108 - - [02/Jan/2021:10:30:27 +0800] "GET /xingrg/login.html HTTP/1.1" 200 7641
58.37.230.33 - - [02/Jan/2021:10:30:33 +0800] "GET /xingrg/all/function/internal_message.html?_=1609554635024&CODE_STATE=getMsg HTTP/1.1" 200 27
58.40.7.146 - - [02/Jan/2021:10:30:34 +0800] "GET /xingrg/all/function/internal_message.html?_=1609554635024&CODE_STATE=getMsg HTTP/1.1" 200 27
116.228.172.94 - - [02/Jan/2021:10:30:34 +0800] "GET /xingrg/all/function/internal_message.html?_=1609554634180&CODE_STATE=getMsg HTTP/1.1" 200 27
117.185.32.26 - - [02/Jan/2021:10:30:36 +0800] "GET /xingrg/kc/print/load_data.html?order_code=212021010200513&kc_code=cgsh HTTP/1.1" 200 1011
180.156.237.57 - - [02/Jan/2021:10:30:44 +0800] "GET /xingrg/all/function/internal_message.html?_=1609554627146&CODE_STATE=getMsg HTTP/1.1" 200 27
58.37.230.33 - - [02/Jan/2021:10:30:45 +0800] "GET /xingrg/javascript/auto/indicator.gif HTTP/1.1" 404 1066
117.131.5.26 - - [02/Jan/2021:10:30:47 +0800] "GET /xingrg/all/function/internal_message.html?_=1609554695659&CODE_STATE=getMsg HTTP/1.1" 200 27
117.131.5.26 - - [02/Jan/2021:10:30:47 +0800] "GET /xingrg/check_reg.html?_=1609554695660 HTTP/1.1" 200 22
58.37.230.33 - - [02/Jan/2021:10:30:49 +0800] "GET /xingrg/kc/buy/cgsh_order_operate.html?command=get_materiel&rest_code=00141&code=00101008459&supplier_code=00100007&order_time=2021-01-01 HTTP/1.1" 200 395
101.85.93.83 - - [02/Jan/2021:10:30:53 +0800] "GET /xingrg/all/function/internal_message.html?_=1609554334516&CODE_STATE=getMsg HTTP/1.1" 200 27
120.253.135.82 - - [02/Jan/2021:10:30:57 +0800] "GET /xingrg/all/function/internal_message.html?_=1609554416509&CODE_STATE=getMsg HTTP/1.1" 200 27
117.185.32.26 - - [02/Jan/2021:10:30:58 +0800] "GET /xingrg/all/function/internal_message.html?_=1609555130638&CODE_STATE=getMsg HTTP/1.1" 302 -
58.37.230.33 - - [02/Jan/2021:10:31:00 +0800] "GET /xingrg/javascript/easyui/themes/default/images/button_plain_hover.png HTTP/1.1" 200 144
58.37.230.33 - - [02/Jan/2021:10:31:04 +0800] "POST /xingrg/kc/buy/cgsh_order_operate.html HTTP/1.1" 200 37
180.162.223.42 - - [02/Jan/2021:10:31:06 +0800] "GET /xingrg/all/function/internal_message.html?_=1609554667111&CODE_STATE=getMsg HTTP/1.1" 200 27
222.69.134.163 - - [02/Jan/2021:10:31:08 +0800] "GET /xingrg/all/function/internal_message.html?_=1609554663673&CODE_STATE=getMsg HTTP/1.1" 200 27
172.17.200.101 - - [02/Jan/2021:10:31:09 +0800] "GET /xingrg/all/function/internal_message.html?_=1609554674815&CODE_STATE=getMsg HTTP/1.1" 200 27
117.185.32.26 - - [02/Jan/2021:10:31:12 +0800] "GET /xingrg/all/function/internal_message.html?_=1609554670150&CODE_STATE=getMsg HTTP/1.1" 200 27
180.175.150.119 - - [02/Jan/2021:10:31:12 +0800] "GET /xingrg/check_reg.html?_=1609554910034 HTTP/1.1" 200 22
180.175.150.119 - - [02/Jan/2021:10:31:12 +0800] "GET /xingrg/all/function/internal_message.html?_=1609554910525&CODE_STATE=getMsg HTTP/1.1" 200 27
120.253.135.82 - - [02/Jan/2021:10:31:14 +0800] "GET /xingrg/all/function/internal_message.html?_=1609554720783&CODE_STATE=getMsg HTTP/1.1" 200 27
183.192.164.71 - - [02/Jan/2021:10:31:23 +0800] "GET /xingrg/kc/buy/cgsh_order_info.html?code=212021010200513 HTTP/1.1" 302 -
101.89.29.78 - - [02/Jan/2021:10:31:23 +0800] "GET /xingrg/all/function/internal_message.html?_=1609554515024&CODE_STATE=getMsg HTTP/1.1" 302 -
117.185.32.26 - - [02/Jan/2021:10:31:24 +0800] "GET /xingrg/kc/buy/cgsh_order_add.html HTTP/1.1" 200 61384
117.185.32.26 - - [02/Jan/2021:10:31:25 +0800] "GET /xingrg/javascript/easyui/themes/default/validatebox.css HTTP/1.1" 404 1104
117.185.32.26 - - [02/Jan/2021:10:31:25 +0800] "POST /xingrg/kc/buy/cgsh_order_operate.html HTTP/1.1" 200 8245
222.69.133.109 - - [02/Jan/2021:10:31:25 +0800] "GET /xingrg/all/function/internal_message.html?_=1609554687943&CODE_STATE=getMsg HTTP/1.1" 200 27
101.89.29.78 - - [02/Jan/2021:10:31:25 +0800] "GET /xingrg/login.html HTTP/1.1" 200 7641
101.228.166.101 - - [02/Jan/2021:10:31:25 +0800] "GET /xingrg/all/function/internal_message.html?_=1609554709235&CODE_STATE=getMsg HTTP/1.1" 200 27
117.185.32.26 - - [02/Jan/2021:10:31:27 +0800] "GET /xingrg/javascript/easyui/themes/default/tree.css HTTP/1.1" 404 1090
117.185.32.26 - - [02/Jan/2021:10:31:27 +0800] "POST /xingrg/all/common/load_tree.html?tree=supplier_tree_json&isDelete=1 HTTP/1.1" 200 53432
183.192.164.71 - - [02/Jan/2021:10:31:30 +0800] "GET /xingrg/login.html HTTP/1.1" 200 7641
58.40.7.146 - - [02/Jan/2021:10:31:34 +0800] "GET /xingrg/check_reg.html?_=1609554695027 HTTP/1.1" 200 22
58.40.7.146 - - [02/Jan/2021:10:31:34 +0800] "GET /xingrg/all/function/internal_message.html?_=1609554695029&CODE_STATE=getMsg HTTP/1.1" 200 27
116.228.172.94 - - [02/Jan/2021:10:31:34 +0800] "GET /xingrg/all/function/internal_message.html?_=1609554694163&CODE_STATE=getMsg HTTP/1.1" 200 27
58.37.230.33 - - [02/Jan/2021:10:31:35 +0800] "GET /xingrg/all/function/internal_message.html?_=1609554696441&CODE_STATE=getMsg HTTP/1.1" 200 27
58.37.230.33 - - [02/Jan/2021:10:31:35 +0800] "POST /xingrg/kc/buy/cgsh_order_operate.html HTTP/1.1" 200 42214
61.151.179.84 - - [02/Jan/2021:10:31:38 +0800] "GET /xingrg/all/function/internal_message.html?_=1609554635024&CODE_STATE=getMsg HTTP/1.1" 302 -
117.185.32.26 - - [02/Jan/2021:10:31:39 +0800] "GET /xingrg/kc/buy/cgsh_order_operate.html?command=get_materiel&rest_code=00106&code=00101006130&supplier_code=00100015&order_time=2021-01-02 HTTP/1.1" 200 429
61.151.179.84 - - [02/Jan/2021:10:31:42 +0800] "GET /xingrg/login.html HTTP/1.1" 200 7641
183.192.164.97 - - [02/Jan/2021:10:31:42 +0800] "GET /xingrg/kc/buy/cgsh_order_list.html HTTP/1.1" 302 -
58.37.230.33 - - [02/Jan/2021:10:31:44 +0800] "GET /xingrg/kc/buy/cgsh_order_operate.html?command=get_materiel&rest_code=00141&code=00101008205&supplier_code=00100007&order_time=2021-01-01 HTTP/1.1" 200 412
180.156.237.57 - - [02/Jan/2021:10:31:44 +0800] "GET /xingrg/all/function/internal_message.html?_=1609554687251&CODE_STATE=getMsg HTTP/1.1" 200 27
117.131.5.26 - - [02/Jan/2021:10:31:47 +0800] "GET /xingrg/all/function/internal_message.html?_=1609554755663&CODE_STATE=getMsg HTTP/1.1" 200 27
183.192.164.97 - - [02/Jan/2021:10:31:52 +0800] "GET /xingrg/login.html HTTP/1.1" 200 7641
101.85.93.83 - - [02/Jan/2021:10:31:53 +0800] "GET /xingrg/all/function/internal_message.html?_=1609554394490&CODE_STATE=getMsg HTTP/1.1" 200 27
120.204.17.72 - - [02/Jan/2021:10:31:56 +0800] "GET /xingrg/all/common/auto_word.html?type=employee&rest_code=00106 HTTP/1.1" 302 -
120.253.135.82 - - [02/Jan/2021:10:31:57 +0800] "GET /xingrg/all/function/internal_message.html?_=1609554476511&CODE_STATE=getMsg HTTP/1.1" 200 27
117.185.32.26 - - [02/Jan/2021:10:31:58 +0800] "GET /xingrg/check_reg.html?_=1609555190625 HTTP/1.1" 302 -
117.185.32.26 - - [02/Jan/2021:10:31:58 +0800] "GET /xingrg/all/function/internal_message.html?_=1609555190627&CODE_STATE=getMsg HTTP/1.1" 302 -
120.204.17.72 - - [02/Jan/2021:10:32:01 +0800] "GET /xingrg/login.html HTTP/1.1" 200 7641
58.37.230.33 - - [02/Jan/2021:10:32:05 +0800] "GET /xingrg/kc/buy/cgsh_order_operate.html?command=get_materiel&rest_code=00141&code=00101013177&supplier_code=00100007&order_time=2021-01-01 HTTP/1.1" 200 412
180.162.223.42 - - [02/Jan/2021:10:32:06 +0800] "GET /xingrg/all/function/internal_message.html?_=1609554727112&CODE_STATE=getMsg HTTP/1.1" 200 27
180.162.223.42 - - [02/Jan/2021:10:32:06 +0800] "GET /xingrg/check_reg.html?_=1609554727116 HTTP/1.1" 200 22
222.69.134.163 - - [02/Jan/2021:10:32:08 +0800] "GET /xingrg/all/function/internal_message.html?_=1609554723658&CODE_STATE=getMsg HTTP/1.1" 200 27
172.17.200.101 - - [02/Jan/2021:10:32:09 +0800] "GET /xingrg/all/function/internal_message.html?_=1609554734815&CODE_STATE=getMsg HTTP/1.1" 200 27
117.185.32.26 - - [02/Jan/2021:10:32:12 +0800] "GET /xingrg/all/function/internal_message.html?_=1609554730123&CODE_STATE=getMsg HTTP/1.1" 200 27
117.185.32.26 - - [02/Jan/2021:10:32:12 +0800] "GET /xingrg/kc/buy/cgsh_order_operate.html?command=get_materiel&rest_code=00106&code=00101006109&supplier_code=00100015&order_time=2021-01-02 HTTP/1.1" 200 409
180.175.150.119 - - [02/Jan/2021:10:32:12 +0800] "GET /xingrg/all/function/internal_message.html?_=1609554970544&CODE_STATE=getMsg HTTP/1.1" 200 27
120.253.135.82 - - [02/Jan/2021:10:32:14 +0800] "GET /xingrg/all/function/internal_message.html?_=1609554780797&CODE_STATE=getMsg HTTP/1.1" 200 27
120.204.17.71 - - [02/Jan/2021:10:32:15 +0800] "GET /xingrg/kc/buy/cgsh_order_operate.html?command=get_materiel&rest_code=00106&code=00101008146&supplier_code=00100009&order_time=2021-01-02 HTTP/1.1" 302 -
101.228.166.101 - - [02/Jan/2021:10:32:16 +0800] "GET /xingrg/check_reg.html?_=1609554738375 HTTP/1.1" 302 -
117.185.32.26 - - [02/Jan/2021:10:32:18 +0800] "GET /xingrg/kc/buy/cgsh_order_operate.html?command=get_materiel&rest_code=00106&code=00101006133&supplier_code=00100015&order_time=2021-01-02 HTTP/1.1" 200 414
58.37.230.33 - - [02/Jan/2021:10:32:21 +0800] "GET /xingrg/kc/buy/cgsh_order_operate.html?command=get_materiel&rest_code=00141&code=00101008223&supplier_code=00100007&order_time=2021-01-01 HTTP/1.1" 200 412
120.204.17.71 - - [02/Jan/2021:10:32:22 +0800] "GET /xingrg/login.html HTTP/1.1" 200 7641
120.204.17.70 - - [02/Jan/2021:10:32:22 +0800] "GET /xingrg/check_reg.html?_=1609554544609 HTTP/1.1" 302 -
222.69.133.109 - - [02/Jan/2021:10:32:25 +0800] "GET /xingrg/all/function/internal_message.html?_=1609554747956&CODE_STATE=getMsg HTTP/1.1" 200 27
101.228.166.101 - - [02/Jan/2021:10:32:26 +0800] "GET /xingrg/all/function/internal_message.html?_=1609554769756&CODE_STATE=getMsg HTTP/1.1" 200 27
120.204.17.70 - - [02/Jan/2021:10:32:30 +0800] "GET /xingrg/login.html HTTP/1.1" 200 7641
101.228.166.101 - - [02/Jan/2021:10:32:31 +0800] "GET /xingrg/check_reg.html?_=1609554775019 HTTP/1.1" 200 22
58.37.230.33 - - [02/Jan/2021:10:32:33 +0800] "GET /xingrg/check_reg.html?_=1609554755037 HTTP/1.1" 200 22
58.40.7.146 - - [02/Jan/2021:10:32:34 +0800] "GET /xingrg/all/function/internal_message.html?_=1609554755016&CODE_STATE=getMsg HTTP/1.1" 200 27
116.228.172.94 - - [02/Jan/2021:10:32:34 +0800] "GET /xingrg/all/function/internal_message.html?_=1609554754143&CODE_STATE=getMsg HTTP/1.1" 200 27
58.37.230.33 - - [02/Jan/2021:10:32:35 +0800] "GET /xingrg/all/function/internal_message.html?_=1609554756420&CODE_STATE=getMsg HTTP/1.1" 200 27
180.156.237.57 - - [02/Jan/2021:10:32:44 +0800] "GET /xingrg/all/function/internal_message.html?_=1609554747252&CODE_STATE=getMsg HTTP/1.1" 200 27
120.204.17.70 - - [02/Jan/2021:10:32:45 +0800] "GET /xingrg/kc/print/load_config.html?kc_code=cgsh HTTP/1.1" 302 -
117.131.5.26 - - [02/Jan/2021:10:32:47 +0800] "GET /xingrg/all/function/internal_message.html?_=1609554815651&CODE_STATE=getMsg HTTP/1.1" 200 27
120.204.17.70 - - [02/Jan/2021:10:32:51 +0800] "GET /xingrg/login.html HTTP/1.1" 200 7641
117.185.32.26 - - [02/Jan/2021:10:32:51 +0800] "GET /xingrg/kc/buy/cgsh_order_operate.html?command=get_materiel&rest_code=00106&code=00101006144&supplier_code=00100015&order_time=2021-01-02 HTTP/1.1" 200 409
101.85.93.83 - - [02/Jan/2021:10:32:53 +0800] "GET /xingrg/all/function/internal_message.html?_=1609554454468&CODE_STATE=getMsg HTTP/1.1" 200 27
58.37.230.33 - - [02/Jan/2021:10:32:56 +0800] "GET /xingrg/kc/buy/cgsh_order_operate.html?command=get_materiel&rest_code=00141&code=00101008079&supplier_code=00100007&order_time=2021-01-01 HTTP/1.1" 200 416
120.253.135.82 - - [02/Jan/2021:10:32:57 +0800] "GET /xingrg/check_reg.html?_=1609554536214 HTTP/1.1" 200 22
120.253.135.82 - - [02/Jan/2021:10:32:57 +0800] "GET /xingrg/all/function/internal_message.html?_=1609554536525&CODE_STATE=getMsg HTTP/1.1" 200 27
117.185.32.26 - - [02/Jan/2021:10:32:58 +0800] "GET /xingrg/all/function/internal_message.html?_=1609555250625&CODE_STATE=getMsg HTTP/1.1" 302 -
117.185.32.26 - - [02/Jan/2021:10:33:00 +0800] "GET /xingrg/kc/buy/cgsh_order_operate.html?command=get_materiel&rest_code=00106&code=00101006111&supplier_code=00100015&order_time=2021-01-02 HTTP/1.1" 200 409
58.37.230.33 - - [02/Jan/2021:10:33:03 +0800] "POST /xingrg/kc/buy/cgsh_order_operate.html HTTP/1.1" 200 2065
180.162.223.42 - - [02/Jan/2021:10:33:06 +0800] "GET /xingrg/all/function/internal_message.html?_=1609554787116&CODE_STATE=getMsg HTTP/1.1" 200 27
222.69.134.163 - - [02/Jan/2021:10:33:08 +0800] "GET /xingrg/all/function/internal_message.html?_=1609554783630&CODE_STATE=getMsg HTTP/1.1" 200 27
172.17.200.101 - - [02/Jan/2021:10:33:09 +0800] "GET /xingrg/check_reg.html?_=1609554794821 HTTP/1.1" 200 22
172.17.200.101 - - [02/Jan/2021:10:33:09 +0800] "GET /xingrg/all/function/internal_message.html?_=1609554794824&CODE_STATE=getMsg HTTP/1.1" 200 27
58.221.95.50 - - [02/Jan/2021:10:33:09 +0800] "GET /xingrg/check_reg.html?_=1609554790577 HTTP/1.1" 302 -
61.151.178.236 - - [02/Jan/2021:10:33:10 +0800] "GET /xingrg/kc/buy/cgsh_order_operate.html?command=get_materiel&rest_code=00141&code=00101013177&supplier_code=00100007&order_time=2021-01-01 HTTP/1.1" 302 -
117.185.32.26 - - [02/Jan/2021:10:33:11 +0800] "POST /xingrg/kc/buy/cgsh_order_operate.html HTTP/1.1" 200 37
180.175.150.119 - - [02/Jan/2021:10:33:12 +0800] "GET /xingrg/all/function/internal_message.html?_=1609555030552&CODE_STATE=getMsg HTTP/1.1" 200 27
117.185.32.26 - - [02/Jan/2021:10:33:13 +0800] "POST /xingrg/kc/buy/cgsh_order_operate.html HTTP/1.1" 200 12
58.37.230.33 - - [02/Jan/2021:10:33:14 +0800] "GET /xingrg/kc/buy/cgsh_order_operate.html?command=get_materiel&rest_code=00141&code=00101015006&supplier_code=00100007&order_time=2021-01-01 HTTP/1.1" 200 413
61.151.178.236 - - [02/Jan/2021:10:33:14 +0800] "GET /xingrg/login.html HTTP/1.1" 200 7641
117.185.32.26 - - [02/Jan/2021:10:33:14 +0800] "GET /xingrg/kc/buy/cgsh_order_info.html?code=212021010200514 HTTP/1.1" 200 56289
120.253.135.82 - - [02/Jan/2021:10:33:14 +0800] "GET /xingrg/all/function/internal_message.html?_=1609554840818&CODE_STATE=getMsg HTTP/1.1" 200 27
117.185.32.26 - - [02/Jan/2021:10:33:15 +0800] "GET /xingrg/javascript/easyui/themes/default/validatebox.css HTTP/1.1" 404 1104
117.185.32.26 - - [02/Jan/2021:10:33:15 +0800] "POST /xingrg/kc/buy/cgsh_order_operate.html HTTP/1.1" 200 2982
117.185.32.26 - - [02/Jan/2021:10:33:17 +0800] "GET /xingrg/kc/print/load_data.html?order_code=212021010200514&kc_code=cgsh&condition= HTTP/1.1" 200 1706
58.37.230.33 - - [02/Jan/2021:10:33:20 +0800] "GET /xingrg/kc/buy/cgsh_order_operate.html?command=get_materiel&rest_code=00141&code=00101008356&supplier_code=00100007&order_time=2021-01-01 HTTP/1.1" 200 408
117.185.32.26 - - [02/Jan/2021:10:33:22 +0800] "GET /xingrg/kc/print/load_data.html?order_code=212021010200514&kc_code=cgsh HTTP/1.1" 200 1706
222.69.133.109 - - [02/Jan/2021:10:33:25 +0800] "GET /xingrg/all/function/internal_message.html?_=1609554807955&CODE_STATE=getMsg HTTP/1.1" 200 27
101.228.166.101 - - [02/Jan/2021:10:33:26 +0800] "GET /xingrg/all/function/internal_message.html?_=1609554829761&CODE_STATE=getMsg HTTP/1.1" 200 27
58.37.230.33 - - [02/Jan/2021:10:33:29 +0800] "GET /xingrg/kc/buy/cgsh_order_operate.html?command=get_materiel&rest_code=00141&code=00101008286&supplier_code=00100007&order_time=2021-01-01 HTTP/1.1" 200 408
101.93.222.235 - - [02/Jan/2021:10:33:30 +0800] "GET /favicon.ico HTTP/1.1" 404 -
58.40.7.146 - - [02/Jan/2021:10:33:34 +0800] "GET /xingrg/all/function/internal_message.html?_=1609554815022&CODE_STATE=getMsg HTTP/1.1" 200 27
116.228.172.94 - - [02/Jan/2021:10:33:34 +0800] "GET /xingrg/all/function/internal_message.html?_=1609554814122&CODE_STATE=getMsg HTTP/1.1" 200 27
58.37.230.33 - - [02/Jan/2021:10:33:35 +0800] "GET /xingrg/all/function/internal_message.html?_=1609554816424&CODE_STATE=getMsg HTTP/1.1" 200 27
58.37.230.33 - - [02/Jan/2021:10:33:38 +0800] "GET /xingrg/kc/buy/cgsh_order_operate.html?command=get_materiel&rest_code=00141&code=00101008353&supplier_code=00100007&order_time=2021-01-01 HTTP/1.1" 200 408
180.156.237.57 - - [02/Jan/2021:10:33:44 +0800] "GET /xingrg/all/function/internal_message.html?_=1609554807303&CODE_STATE=getMsg HTTP/1.1" 200 27
117.131.5.26 - - [02/Jan/2021:10:33:47 +0800] "GET /xingrg/all/function/internal_message.html?_=1609554875654&CODE_STATE=getMsg HTTP/1.1" 200 27
58.37.230.33 - - [02/Jan/2021:10:33:50 +0800] "GET /xingrg/kc/buy/cgsh_order_operate.html?command=get_materiel&rest_code=00141&code=00101008095&supplier_code=00100007&order_time=2021-01-01 HTTP/1.1" 200 412
101.85.93.83 - - [02/Jan/2021:10:33:53 +0800] "GET /xingrg/all/function/internal_message.html?_=1609554514436&CODE_STATE=getMsg HTTP/1.1" 200 27
120.204.17.72 - - [02/Jan/2021:10:33:57 +0800] "GET /xingrg/kc/buy/cgsh_order_operate.html?command=get_materiel&rest_code=00106&code=00101006144&supplier_code=00100015&order_time=2021-01-02 HTTP/1.1" 302 -
120.253.135.82 - - [02/Jan/2021:10:33:57 +0800] "GET /xingrg/all/function/internal_message.html?_=1609554596538&CODE_STATE=getMsg HTTP/1.1" 200 27
117.185.32.26 - - [02/Jan/2021:10:33:58 +0800] "GET /xingrg/all/function/internal_message.html?_=1609555310623&CODE_STATE=getMsg HTTP/1.1" 302 -
120.204.17.72 - - [02/Jan/2021:10:34:01 +0800] "GET /xingrg/login.html HTTP/1.1" 200 7641
101.91.62.65 - - [02/Jan/2021:10:34:02 +0800] "GET /xingrg/kc/buy/cgsh_order_operate.html?command=get_materiel&rest_code=00141&code=00101008079&supplier_code=00100007&order_time=2021-01-01 HTTP/1.1" 302 -
58.37.230.33 - - [02/Jan/2021:10:34:04 +0800] "GET /xingrg/kc/buy/cgsh_order_operate.html?command=get_materiel&rest_code=00141&code=00101008499&supplier_code=00100007&order_time=2021-01-01 HTTP/1.1" 200 403
180.162.223.42 - - [02/Jan/2021:10:34:06 +0800] "GET /xingrg/all/function/internal_message.html?_=1609554847104&CODE_STATE=getMsg HTTP/1.1" 200 27
117.185.32.26 - - [02/Jan/2021:10:34:06 +0800] "GET /xingrg/check_reg.html?_=1609554844632 HTTP/1.1" 200 22
58.37.230.33 - - [02/Jan/2021:10:34:07 +0800] "POST /xingrg/kc/buy/cgsh_order_operate.html HTTP/1.1" 200 2065
222.69.134.163 - - [02/Jan/2021:10:34:08 +0800] "GET /xingrg/all/function/internal_message.html?_=1609554843617&CODE_STATE=getMsg HTTP/1.1" 200 27
222.69.134.163 - - [02/Jan/2021:10:34:08 +0800] "GET /xingrg/check_reg.html?_=1609554844092 HTTP/1.1" 200 22
172.17.200.101 - - [02/Jan/2021:10:34:09 +0800] "GET /xingrg/all/function/internal_message.html?_=1609554854824&CODE_STATE=getMsg HTTP/1.1" 200 27
101.91.62.65 - - [02/Jan/2021:10:34:09 +0800] "GET /xingrg/login.html HTTP/1.1" 200 7641
58.37.230.33 - - [02/Jan/2021:10:34:10 +0800] "GET /xingrg/kc/buy/cgsh_order_operate.html?command=get_materiel&rest_code=00141&code=00101013144&supplier_code=00100007&order_time=2021-01-01 HTTP/1.1" 200 413
117.185.32.26 - - [02/Jan/2021:10:34:12 +0800] "GET /xingrg/all/function/internal_message.html?_=1609554850128&CODE_STATE=getMsg HTTP/1.1" 200 27
180.175.150.119 - - [02/Jan/2021:10:34:13 +0800] "GET /xingrg/all/function/internal_message.html?_=1609555090768&CODE_STATE=getMsg HTTP/1.1" 200 27
120.253.135.82 - - [02/Jan/2021:10:34:14 +0800] "GET /xingrg/all/function/internal_message.html?_=1609554900824&CODE_STATE=getMsg HTTP/1.1" 200 27
117.185.32.26 - - [02/Jan/2021:10:34:21 +0800] "GET /xingrg/kc/buy/cgsh_order_add.html HTTP/1.1" 200 61384
117.185.32.26 - - [02/Jan/2021:10:34:22 +0800] "GET /xingrg/javascript/easyui/themes/default/validatebox.css HTTP/1.1" 404 1104
117.185.32.26 - - [02/Jan/2021:10:34:22 +0800] "POST /xingrg/kc/buy/cgsh_order_operate.html HTTP/1.1" 200 8245
117.185.32.26 - - [02/Jan/2021:10:34:23 +0800] "GET /xingrg/javascript/easyui/themes/default/tree.css HTTP/1.1" 404 1090
117.185.32.26 - - [02/Jan/2021:10:34:23 +0800] "POST /xingrg/all/common/load_tree.html?tree=supplier_tree_json&isDelete=1 HTTP/1.1" 200 53432
222.69.133.109 - - [02/Jan/2021:10:34:25 +0800] "GET /xingrg/all/function/internal_message.html?_=1609554867955&CODE_STATE=getMsg HTTP/1.1" 200 27
58.37.230.33 - - [02/Jan/2021:10:34:25 +0800] "GET /xingrg/kc/buy/cgsh_order_operate.html?command=get_materiel&rest_code=00141&code=00101015052&supplier_code=00100007&order_time=2021-01-01 HTTP/1.1" 200 413
101.228.166.101 - - [02/Jan/2021:10:34:26 +0800] "GET /xingrg/all/function/internal_message.html?_=1609554889779&CODE_STATE=getMsg HTTP/1.1" 200 27
58.40.7.146 - - [02/Jan/2021:10:34:34 +0800] "GET /xingrg/all/function/internal_message.html?_=1609554875024&CODE_STATE=getMsg HTTP/1.1" 200 27
58.37.230.33 - - [02/Jan/2021:10:34:34 +0800] "GET /xingrg/kc/buy/cgsh_order_operate.html?command=get_materiel&rest_code=00141&code=00101015044&supplier_code=00100007&order_time=2021-01-01 HTTP/1.1" 200 409
116.228.172.94 - - [02/Jan/2021:10:34:34 +0800] "GET /xingrg/check_reg.html?_=1609554874047 HTTP/1.1" 200 22
116.228.172.94 - - [02/Jan/2021:10:34:34 +0800] "GET /xingrg/all/function/internal_message.html?_=1609554874112&CODE_STATE=getMsg HTTP/1.1" 200 27
58.37.230.33 - - [02/Jan/2021:10:34:35 +0800] "GET /xingrg/all/function/internal_message.html?_=1609554876363&CODE_STATE=getMsg HTTP/1.1" 200 27
117.185.32.26 - - [02/Jan/2021:10:34:35 +0800] "GET /xingrg/kc/buy/cgsh_order_operate.html?command=get_materiel&rest_code=00106&code=00101007077&supplier_code=00100002&order_time=2021-01-02 HTTP/1.1" 200 415
101.89.239.245 - - [02/Jan/2021:10:34:37 +0800] "GET /xingrg/all/function/internal_message.html?_=1609554816424&CODE_STATE=getMsg HTTP/1.1" 302 -
101.89.239.245 - - [02/Jan/2021:10:34:40 +0800] "GET /xingrg/login.html HTTP/1.1" 200 7641
58.37.230.33 - - [02/Jan/2021:10:34:41 +0800] "GET /xingrg/kc/buy/cgsh_order_operate.html?command=get_materiel&rest_code=00141&code=00101009016&supplier_code=00100007&order_time=2021-01-01 HTTP/1.1" 200 412
180.156.237.57 - - [02/Jan/2021:10:34:44 +0800] "GET /xingrg/check_reg.html?_=1609554867017 HTTP/1.1" 200 22
180.156.237.57 - - [02/Jan/2021:10:34:44 +0800] "GET /xingrg/all/function/internal_message.html?_=1609554867346&CODE_STATE=getMsg HTTP/1.1" 200 27
58.37.230.33 - - [02/Jan/2021:10:34:47 +0800] "GET /xingrg/kc/buy/cgsh_order_operate.html?command=get_materiel&rest_code=00141&code=00101008114&supplier_code=00100007&order_time=2021-01-01 HTTP/1.1" 200 413
117.131.5.26 - - [02/Jan/2021:10:34:47 +0800] "GET /xingrg/all/function/internal_message.html?_=1609554935659&CODE_STATE=getMsg HTTP/1.1" 200 27
61.151.179.84 - - [02/Jan/2021:10:34:51 +0800] "GET /xingrg/check_reg.html?_=1609554755037 HTTP/1.1" 302 -
61.151.178.197 - - [02/Jan/2021:10:34:53 +0800] "GET /xingrg/kc/buy/cgsh_order_operate.html?command=get_materiel&rest_code=00141&code=00101008095&supplier_code=00100007&order_time=2021-01-01 HTTP/1.1" 302 -
101.85.93.83 - - [02/Jan/2021:10:34:53 +0800] "GET /xingrg/all/function/internal_message.html?_=1609554574411&CODE_STATE=getMsg HTTP/1.1" 200 27
58.37.230.33 - - [02/Jan/2021:10:34:53 +0800] "POST /xingrg/kc/buy/cgsh_order_operate.html HTTP/1.1" 200 2065
61.151.179.84 - - [02/Jan/2021:10:34:53 +0800] "GET /xingrg/kc/buy/cgsh_order_operate.html?command=get_materiel&rest_code=00141&code=00101008353&supplier_code=00100007&order_time=2021-01-01 HTTP/1.1" 302 -
101.85.93.83 - - [02/Jan/2021:10:34:54 +0800] "GET /xingrg/check_reg.html?_=1609554575059 HTTP/1.1" 200 22
61.151.178.197 - - [02/Jan/2021:10:34:57 +0800] "GET /xingrg/login.html HTTP/1.1" 200 7641
61.151.179.84 - - [02/Jan/2021:10:34:57 +0800] "GET /xingrg/login.html HTTP/1.1" 200 7641
120.253.135.82 - - [02/Jan/2021:10:34:57 +0800] "GET /xingrg/all/function/internal_message.html?_=1609554656552&CODE_STATE=getMsg HTTP/1.1" 200 27
61.151.179.84 - - [02/Jan/2021:10:34:57 +0800] "GET /xingrg/login.html HTTP/1.1" 200 7641
117.185.32.26 - - [02/Jan/2021:10:34:58 +0800] "GET /xingrg/all/function/internal_message.html?_=1609555370622&CODE_STATE=getMsg HTTP/1.1" 302 -
58.37.230.33 - - [02/Jan/2021:10:34:59 +0800] "GET /xingrg/kc/buy/cgsh_order_operate.html?command=get_materiel&rest_code=00141&code=00101016059&supplier_code=00100007&order_time=2021-01-01 HTTP/1.1" 200 408
101.89.29.78 - - [02/Jan/2021:10:35:02 +0800] "GET /xingrg/all/function/internal_message.html?_=1609554756420&CODE_STATE=getMsg HTTP/1.1" 302 -
101.89.29.78 - - [02/Jan/2021:10:35:04 +0800] "GET /xingrg/login.html HTTP/1.1" 200 7641
58.37.230.33 - - [02/Jan/2021:10:35:05 +0800] "GET /xingrg/kc/buy/cgsh_order_operate.html?command=get_materiel&rest_code=00141&code=00101008168&supplier_code=00100007&order_time=2021-01-01 HTTP/1.1" 200 413
180.162.223.42 - - [02/Jan/2021:10:35:06 +0800] "GET /xingrg/all/function/internal_message.html?_=1609554907105&CODE_STATE=getMsg HTTP/1.1" 200 27
222.69.134.163 - - [02/Jan/2021:10:35:08 +0800] "GET /xingrg/all/function/internal_message.html?_=1609554903592&CODE_STATE=getMsg HTTP/1.1" 200 27
172.17.200.101 - - [02/Jan/2021:10:35:09 +0800] "GET /xingrg/all/function/internal_message.html?_=1609554914826&CODE_STATE=getMsg HTTP/1.1" 200 27
117.185.32.26 - - [02/Jan/2021:10:35:11 +0800] "GET /xingrg/all/function/internal_message.html?_=1609554910097&CODE_STATE=getMsg HTTP/1.1" 200 27
