116.228.172.94 - - [02/Jan/2021:09:33:42 +0800] "POST /xingrg/kc/buy/cgsh_order_operate.html HTTP/1.1" 200 3248
117.131.5.26 - - [02/Jan/2021:09:33:47 +0800] "GET /xingrg/all/function/internal_message.html?_=1609551275618&CODE_STATE=getMsg HTTP/1.1" 200 27
116.228.172.94 - - [02/Jan/2021:09:33:47 +0800] "GET /xingrg/kc/print/load_data.html?order_code=212021010200500&kc_code=cgsh&condition= HTTP/1.1" 200 977
116.228.172.94 - - [02/Jan/2021:09:33:52 +0800] "GET /xingrg/kc/buy/cgsh_order_add.html HTTP/1.1" 200 61466
116.228.172.94 - - [02/Jan/2021:09:33:53 +0800] "GET /xingrg/javascript/easyui/themes/default/validatebox.css HTTP/1.1" 404 1104
116.228.172.94 - - [02/Jan/2021:09:33:53 +0800] "POST /xingrg/kc/buy/cgsh_order_operate.html HTTP/1.1" 200 8245
116.228.172.94 - - [02/Jan/2021:09:33:54 +0800] "GET /xingrg/javascript/easyui/themes/default/tree.css HTTP/1.1" 404 1090
116.228.172.94 - - [02/Jan/2021:09:33:54 +0800] "POST /xingrg/all/common/load_tree.html?tree=supplier_tree_json&isDelete=1 HTTP/1.1" 200 53432
180.156.237.57 - - [02/Jan/2021:09:33:56 +0800] "GET /xingrg/all/function/internal_message.html?_=1609551219420&CODE_STATE=getMsg HTTP/1.1" 200 27
117.185.32.26 - - [02/Jan/2021:09:33:58 +0800] "GET /xingrg/all/function/internal_message.html?_=1609551710349&CODE_STATE=getMsg HTTP/1.1" 302 -
180.156.237.57 - - [02/Jan/2021:09:34:01 +0800] "GET /xingrg/kc/buy/cgsh_order_operate.html?command=get_materiel&rest_code=00150&code=00101031012&supplier_code=00100054&order_time=2021-01-02 HTTP/1.1" 200 417
222.69.134.163 - - [02/Jan/2021:09:34:08 +0800] "GET /xingrg/check_reg.html?_=1609551243978 HTTP/1.1" 200 22
222.69.134.163 - - [02/Jan/2021:09:34:08 +0800] "GET /xingrg/all/function/internal_message.html?_=1609551243982&CODE_STATE=getMsg HTTP/1.1" 200 27
116.228.172.94 - - [02/Jan/2021:09:34:11 +0800] "GET /xingrg/kc/buy/cgsh_order_operate.html?command=get_materiel&rest_code=00107&code=00101007069&supplier_code=00100010&order_time=2021-01-02 HTTP/1.1" 200 413
180.162.223.42 - - [02/Jan/2021:09:34:15 +0800] "GET /xingrg/all/function/internal_message.html?_=1609551256679&CODE_STATE=getMsg HTTP/1.1" 200 27
101.228.166.101 - - [02/Jan/2021:09:34:15 +0800] "GET /xingrg/all/function/internal_message.html?_=1609551278991&CODE_STATE=getMsg HTTP/1.1" 200 27
116.228.172.94 - - [02/Jan/2021:09:34:24 +0800] "GET /xingrg/kc/buy/cgsh_order_operate.html?command=get_materiel&rest_code=00107&code=00101006130&supplier_code=00100010&order_time=2021-01-02 HTTP/1.1" 200 427
172.17.200.101 - - [02/Jan/2021:09:34:24 +0800] "GET /xingrg/check_reg.html?_=1609551270117 HTTP/1.1" 200 22
172.17.200.101 - - [02/Jan/2021:09:34:24 +0800] "GET /xingrg/all/function/internal_message.html?_=1609551270123&CODE_STATE=getMsg HTTP/1.1" 200 27
58.40.7.146 - - [02/Jan/2021:09:34:33 +0800] "GET /xingrg/all/function/internal_message.html?_=1609551274984&CODE_STATE=getMsg HTTP/1.1" 200 27
58.37.230.33 - - [02/Jan/2021:09:34:34 +0800] "GET /xingrg/all/function/internal_message.html?_=1609550836822&CODE_STATE=getMsg HTTP/1.1" 200 27
116.228.172.94 - - [02/Jan/2021:09:34:34 +0800] "GET /xingrg/check_reg.html?_=1609551273697 HTTP/1.1" 200 22
116.228.172.94 - - [02/Jan/2021:09:34:34 +0800] "GET /xingrg/all/function/internal_message.html?_=1609551273927&CODE_STATE=getMsg HTTP/1.1" 200 27
117.131.5.26 - - [02/Jan/2021:09:34:40 +0800] "GET /xingrg/kc/buy/cgsh_order_operate.html?command=get_materiel&rest_code=00104&code=00101008117&supplier_code=00100005&order_time=2021-01-02 HTTP/1.1" 200 412
180.156.237.57 - - [02/Jan/2021:09:34:42 +0800] "POST /xingrg/kc/buy/cgsh_order_operate.html HTTP/1.1" 200 37
116.228.172.94 - - [02/Jan/2021:09:34:44 +0800] "GET /xingrg/kc/buy/cgsh_order_operate.html?command=get_materiel&rest_code=00107&code=00101006133&supplier_code=00100010&order_time=2021-01-02 HTTP/1.1" 200 413
180.156.237.57 - - [02/Jan/2021:09:34:44 +0800] "POST /xingrg/kc/buy/cgsh_order_operate.html HTTP/1.1" 200 12
180.156.237.57 - - [02/Jan/2021:09:34:46 +0800] "GET /xingrg/kc/buy/cgsh_order_info.html?code=212021010200501 HTTP/1.1" 200 56219
180.156.237.57 - - [02/Jan/2021:09:34:46 +0800] "GET /xingrg/javascript/easyui/themes/default/validatebox.css HTTP/1.1" 404 1104
180.156.237.57 - - [02/Jan/2021:09:34:46 +0800] "POST /xingrg/kc/buy/cgsh_order_operate.html HTTP/1.1" 200 614
117.131.5.26 - - [02/Jan/2021:09:34:47 +0800] "GET /xingrg/all/function/internal_message.html?_=1609551335620&CODE_STATE=getMsg HTTP/1.1" 200 27
180.156.237.57 - - [02/Jan/2021:09:34:48 +0800] "GET /xingrg/kc/print/load_data.html?order_code=212021010200501&kc_code=cgsh&condition= HTTP/1.1" 200 736
180.156.237.57 - - [02/Jan/2021:09:34:56 +0800] "GET /xingrg/check_reg.html?_=1609551279116 HTTP/1.1" 200 22
180.156.237.57 - - [02/Jan/2021:09:34:56 +0800] "GET /xingrg/all/function/internal_message.html?_=1609551279428&CODE_STATE=getMsg HTTP/1.1" 200 27
117.131.5.26 - - [02/Jan/2021:09:34:58 +0800] "GET /xingrg/kc/buy/cgsh_order_operate.html?command=get_materiel&rest_code=00104&code=00101008118&supplier_code=00100005&order_time=2021-01-02 HTTP/1.1" 200 418
117.185.32.26 - - [02/Jan/2021:09:34:58 +0800] "GET /xingrg/all/function/internal_message.html?_=1609551770349&CODE_STATE=getMsg HTTP/1.1" 302 -
180.156.237.57 - - [02/Jan/2021:09:35:03 +0800] "GET /xingrg/kc/buy/cgsh_order_add.html HTTP/1.1" 200 61314
180.156.237.57 - - [02/Jan/2021:09:35:03 +0800] "POST /xingrg/kc/buy/cgsh_order_operate.html HTTP/1.1" 200 8245
180.156.237.57 - - [02/Jan/2021:09:35:03 +0800] "GET /xingrg/javascript/easyui/themes/default/validatebox.css HTTP/1.1" 404 1104
222.69.134.163 - - [02/Jan/2021:09:35:08 +0800] "GET /xingrg/all/function/internal_message.html?_=1609551303990&CODE_STATE=getMsg HTTP/1.1" 200 27
116.228.172.94 - - [02/Jan/2021:09:35:11 +0800] "GET /xingrg/kc/buy/cgsh_order_operate.html?command=get_materiel&rest_code=00107&code=00101006175&supplier_code=00100010&order_time=2021-01-02 HTTP/1.1" 200 414
180.156.237.57 - - [02/Jan/2021:09:35:12 +0800] "GET /xingrg/kc/buy/cgsh_order_operate.html?command=get_materiel&rest_code=00150&code=00101031001&supplier_code=00100064&order_time=2021-01-02 HTTP/1.1" 200 419
180.157.253.48 - - [02/Jan/2021:09:35:14 +0800] "POST /xingrg/services/DataTransmitService HTTP/1.1" 200 524
180.157.253.48 - - [02/Jan/2021:09:35:15 +0800] "POST /xingrg/services/DataTransmitService HTTP/1.1" 200 1955
180.157.253.48 - - [02/Jan/2021:09:35:15 +0800] "POST /xingrg/services/DataTransmitService HTTP/1.1" 200 149335
180.162.223.42 - - [02/Jan/2021:09:35:15 +0800] "GET /xingrg/all/function/internal_message.html?_=1609551316666&CODE_STATE=getMsg HTTP/1.1" 200 27
101.228.166.101 - - [02/Jan/2021:09:35:15 +0800] "GET /xingrg/all/function/internal_message.html?_=1609551339004&CODE_STATE=getMsg HTTP/1.1" 200 27
116.228.172.94 - - [02/Jan/2021:09:35:22 +0800] "GET /xingrg/kc/buy/cgsh_order_operate.html?command=get_materiel&rest_code=00107&code=00101006111&supplier_code=00100010&order_time=2021-01-02 HTTP/1.1" 200 409
172.17.200.101 - - [02/Jan/2021:09:35:24 +0800] "GET /xingrg/all/function/internal_message.html?_=1609551330108&CODE_STATE=getMsg HTTP/1.1" 200 27
58.40.7.146 - - [02/Jan/2021:09:35:33 +0800] "GET /xingrg/all/function/internal_message.html?_=1609551334971&CODE_STATE=getMsg HTTP/1.1" 200 27
58.37.230.33 - - [02/Jan/2021:09:35:34 +0800] "GET /xingrg/all/function/internal_message.html?_=1609550896811&CODE_STATE=getMsg HTTP/1.1" 200 27
116.228.172.94 - - [02/Jan/2021:09:35:34 +0800] "GET /xingrg/all/function/internal_message.html?_=1609551333899&CODE_STATE=getMsg HTTP/1.1" 200 27
116.228.172.94 - - [02/Jan/2021:09:35:41 +0800] "GET /xingrg/kc/buy/cgsh_order_operate.html?command=get_materiel&rest_code=00107&code=00101006115&supplier_code=00100010&order_time=2021-01-02 HTTP/1.1" 200 409
180.157.253.48 - - [02/Jan/2021:09:35:44 +0800] "POST /xingrg/services/DataTransmitService HTTP/1.1" 200 524
180.157.253.48 - - [02/Jan/2021:09:35:45 +0800] "POST /xingrg/services/DataTransmitService HTTP/1.1" 200 1955
117.131.5.26 - - [02/Jan/2021:09:35:47 +0800] "GET /xingrg/check_reg.html?_=1609551395625 HTTP/1.1" 200 22
117.131.5.26 - - [02/Jan/2021:09:35:47 +0800] "GET /xingrg/all/function/internal_message.html?_=1609551395626&CODE_STATE=getMsg HTTP/1.1" 200 27
180.157.253.48 - - [02/Jan/2021:09:35:52 +0800] "POST /xingrg/services/DataTransmitService HTTP/1.1" 200 524
116.228.172.94 - - [02/Jan/2021:09:35:52 +0800] "GET /xingrg/kc/buy/cgsh_order_operate.html?command=get_materiel&rest_code=00107&code=00101006109&supplier_code=00100010&order_time=2021-01-02 HTTP/1.1" 200 409
180.157.253.48 - - [02/Jan/2021:09:35:52 +0800] "POST /xingrg/services/DataTransmitService HTTP/1.1" 200 1955
180.157.253.48 - - [02/Jan/2021:09:35:52 +0800] "POST /xingrg/services/DataTransmitService HTTP/1.1" 200 524
180.157.253.48 - - [02/Jan/2021:09:35:53 +0800] "POST /xingrg/services/DataTransmitService HTTP/1.1" 200 1955
117.185.32.26 - - [02/Jan/2021:09:35:58 +0800] "GET /xingrg/all/function/internal_message.html?_=1609551830336&CODE_STATE=getMsg HTTP/1.1" 302 -
180.156.237.57 - - [02/Jan/2021:09:36:00 +0800] "POST /xingrg/kc/buy/cgsh_order_operate.html HTTP/1.1" 200 37
180.156.237.57 - - [02/Jan/2021:09:36:02 +0800] "POST /xingrg/kc/buy/cgsh_order_operate.html HTTP/1.1" 200 12
180.156.237.57 - - [02/Jan/2021:09:36:03 +0800] "GET /xingrg/kc/buy/cgsh_order_info.html?code=212021010200502 HTTP/1.1" 200 56221
180.156.237.57 - - [02/Jan/2021:09:36:04 +0800] "GET /xingrg/javascript/easyui/themes/default/validatebox.css HTTP/1.1" 404 1104
180.156.237.57 - - [02/Jan/2021:09:36:04 +0800] "POST /xingrg/kc/buy/cgsh_order_operate.html HTTP/1.1" 200 615
180.156.237.57 - - [02/Jan/2021:09:36:04 +0800] "GET /xingrg/all/function/internal_message.html?_=1609551347385&CODE_STATE=getMsg HTTP/1.1" 200 27
222.69.134.163 - - [02/Jan/2021:09:36:08 +0800] "GET /xingrg/all/function/internal_message.html?_=1609551363985&CODE_STATE=getMsg HTTP/1.1" 200 27
180.156.237.57 - - [02/Jan/2021:09:36:11 +0800] "GET /xingrg/kc/print/load_data.html?order_code=212021010200502&kc_code=cgsh&condition= HTTP/1.1" 200 775
116.228.172.94 - - [02/Jan/2021:09:36:13 +0800] "GET /xingrg/kc/buy/cgsh_order_operate.html?command=get_materiel&rest_code=00107&code=00101006058&supplier_code=00100010&order_time=2021-01-02 HTTP/1.1" 200 413
180.162.223.42 - - [02/Jan/2021:09:36:15 +0800] "GET /xingrg/all/function/internal_message.html?_=1609551376666&CODE_STATE=getMsg HTTP/1.1" 200 27
180.162.223.42 - - [02/Jan/2021:09:36:15 +0800] "GET /xingrg/check_reg.html?_=1609551376748 HTTP/1.1" 200 22
101.228.166.101 - - [02/Jan/2021:09:36:16 +0800] "GET /xingrg/all/function/internal_message.html?_=1609551399487&CODE_STATE=getMsg HTTP/1.1" 200 27
117.131.5.26 - - [02/Jan/2021:09:36:20 +0800] "POST /xingrg/services/DataTransmitService HTTP/1.1" 200 524
117.131.5.26 - - [02/Jan/2021:09:36:21 +0800] "POST /xingrg/services/DataTransmitService HTTP/1.1" 200 2099
117.131.5.26 - - [02/Jan/2021:09:36:21 +0800] "POST /xingrg/services/DataTransmitService HTTP/1.1" 200 148871
172.17.200.101 - - [02/Jan/2021:09:36:24 +0800] "GET /xingrg/all/function/internal_message.html?_=1609551390111&CODE_STATE=getMsg HTTP/1.1" 200 27
116.228.172.94 - - [02/Jan/2021:09:36:31 +0800] "GET /xingrg/kc/buy/cgsh_order_operate.html?command=get_materiel&rest_code=00107&code=00101007067&supplier_code=00100010&order_time=2021-01-02 HTTP/1.1" 200 409
58.40.7.146 - - [02/Jan/2021:09:36:33 +0800] "GET /xingrg/all/function/internal_message.html?_=1609551394975&CODE_STATE=getMsg HTTP/1.1" 200 27
58.40.7.146 - - [02/Jan/2021:09:36:33 +0800] "GET /xingrg/check_reg.html?_=1609551394977 HTTP/1.1" 200 22
58.37.230.33 - - [02/Jan/2021:09:36:34 +0800] "GET /xingrg/all/function/internal_message.html?_=1609550956821&CODE_STATE=getMsg HTTP/1.1" 200 27
116.228.172.94 - - [02/Jan/2021:09:36:34 +0800] "GET /xingrg/all/function/internal_message.html?_=1609551393874&CODE_STATE=getMsg HTTP/1.1" 200 27
180.156.237.57 - - [02/Jan/2021:09:36:36 +0800] "GET /xingrg/kc/buy/cgsh_order_add.html HTTP/1.1" 200 61314
180.156.237.57 - - [02/Jan/2021:09:36:36 +0800] "POST /xingrg/kc/buy/cgsh_order_operate.html HTTP/1.1" 200 8245
180.156.237.57 - - [02/Jan/2021:09:36:36 +0800] "GET /xingrg/javascript/easyui/themes/default/validatebox.css HTTP/1.1" 404 1104
180.156.237.57 - - [02/Jan/2021:09:36:46 +0800] "GET /xingrg/kc/buy/cgsh_order_operate.html?command=get_materiel&rest_code=00150&code=00101008125&supplier_code=00100007&order_time=2021-01-02 HTTP/1.1" 200 413
117.131.5.26 - - [02/Jan/2021:09:36:47 +0800] "GET /xingrg/all/function/internal_message.html?_=1609551455612&CODE_STATE=getMsg HTTP/1.1" 200 27
180.156.237.57 - - [02/Jan/2021:09:36:56 +0800] "GET /xingrg/kc/buy/cgsh_order_operate.html?command=get_materiel&rest_code=00150&code=00101008256&supplier_code=00100007&order_time=2021-01-02 HTTP/1.1" 200 412
117.185.32.26 - - [02/Jan/2021:09:36:58 +0800] "GET /xingrg/check_reg.html?_=1609551890364 HTTP/1.1" 302 -
117.185.32.26 - - [02/Jan/2021:09:36:58 +0800] "GET /xingrg/all/function/internal_message.html?_=1609551890366&CODE_STATE=getMsg HTTP/1.1" 302 -
180.156.237.57 - - [02/Jan/2021:09:37:02 +0800] "GET /xingrg/kc/buy/cgsh_order_operate.html?command=get_materiel&rest_code=00150&code=00101008072&supplier_code=00100007&order_time=2021-01-02 HTTP/1.1" 200 408
116.228.172.94 - - [02/Jan/2021:09:37:04 +0800] "GET /xingrg/kc/buy/cgsh_order_operate.html?command=get_materiel&rest_code=00107&code=00101006094&supplier_code=00100010&order_time=2021-01-02 HTTP/1.1" 200 410
180.156.237.57 - - [02/Jan/2021:09:37:04 +0800] "GET /xingrg/all/function/internal_message.html?_=1609551407395&CODE_STATE=getMsg HTTP/1.1" 200 27
222.69.134.163 - - [02/Jan/2021:09:37:08 +0800] "GET /xingrg/all/function/internal_message.html?_=1609551423984&CODE_STATE=getMsg HTTP/1.1" 200 27
116.228.172.94 - - [02/Jan/2021:09:37:15 +0800] "POST /xingrg/kc/buy/cgsh_order_operate.html HTTP/1.1" 200 37
180.162.223.42 - - [02/Jan/2021:09:37:15 +0800] "GET /xingrg/all/function/internal_message.html?_=1609551436680&CODE_STATE=getMsg HTTP/1.1" 200 27
180.156.237.57 - - [02/Jan/2021:09:37:16 +0800] "GET /xingrg/kc/buy/cgsh_order_operate.html?command=get_materiel&rest_code=00150&code=00101008349&supplier_code=00100007&order_time=2021-01-02 HTTP/1.1" 200 412
101.228.166.101 - - [02/Jan/2021:09:37:16 +0800] "GET /xingrg/all/function/internal_message.html?_=1609551459499&CODE_STATE=getMsg HTTP/1.1" 200 27
116.228.172.94 - - [02/Jan/2021:09:37:19 +0800] "POST /xingrg/kc/buy/cgsh_order_operate.html HTTP/1.1" 200 7993
116.228.172.94 - - [02/Jan/2021:09:37:22 +0800] "GET /xingrg/kc/print/load_data.html?order_code=212021010200503&kc_code=cgsh&condition= HTTP/1.1" 200 2763
172.17.200.101 - - [02/Jan/2021:09:37:24 +0800] "GET /xingrg/all/function/internal_message.html?_=1609551450113&CODE_STATE=getMsg HTTP/1.1" 200 27
180.156.237.57 - - [02/Jan/2021:09:37:27 +0800] "GET /xingrg/kc/buy/cgsh_order_operate.html?command=get_materiel&rest_code=00150&code=00101008350&supplier_code=00100007&order_time=2021-01-02 HTTP/1.1" 200 408
116.228.172.94 - - [02/Jan/2021:09:37:29 +0800] "GET /xingrg/kc/buy/cgsh_order_add.html HTTP/1.1" 200 61466
116.228.172.94 - - [02/Jan/2021:09:37:30 +0800] "GET /xingrg/javascript/easyui/themes/default/validatebox.css HTTP/1.1" 404 1104
116.228.172.94 - - [02/Jan/2021:09:37:30 +0800] "POST /xingrg/kc/buy/cgsh_order_operate.html HTTP/1.1" 200 8245
101.228.166.101 - - [02/Jan/2021:09:37:31 +0800] "GET /xingrg/check_reg.html?_=1609551474519 HTTP/1.1" 200 22
116.228.172.94 - - [02/Jan/2021:09:37:32 +0800] "GET /xingrg/javascript/easyui/themes/default/tree.css HTTP/1.1" 404 1090
116.228.172.94 - - [02/Jan/2021:09:37:32 +0800] "POST /xingrg/all/common/load_tree.html?tree=supplier_tree_json&isDelete=1 HTTP/1.1" 200 53432
58.40.7.146 - - [02/Jan/2021:09:37:33 +0800] "GET /xingrg/all/function/internal_message.html?_=1609551454979&CODE_STATE=getMsg HTTP/1.1" 200 27
58.37.230.33 - - [02/Jan/2021:09:37:34 +0800] "GET /xingrg/all/function/internal_message.html?_=1609551016821&CODE_STATE=getMsg HTTP/1.1" 200 27
58.37.230.33 - - [02/Jan/2021:09:37:34 +0800] "GET /xingrg/check_reg.html?_=1609551016820 HTTP/1.1" 200 22
116.228.172.94 - - [02/Jan/2021:09:37:35 +0800] "GET /xingrg/all/function/internal_message.html?_=1609551455030&CODE_STATE=getMsg HTTP/1.1" 200 27
180.156.237.57 - - [02/Jan/2021:09:37:37 +0800] "GET /xingrg/kc/buy/cgsh_order_operate.html?command=get_materiel&rest_code=00150&code=00101008163&supplier_code=00100007&order_time=2021-01-02 HTTP/1.1" 200 409
180.156.237.57 - - [02/Jan/2021:09:37:43 +0800] "GET /xingrg/kc/buy/cgsh_order_operate.html?command=get_materiel&rest_code=00150&code=00101008084&supplier_code=00100007&order_time=2021-01-02 HTTP/1.1" 200 412
117.131.5.26 - - [02/Jan/2021:09:37:47 +0800] "GET /xingrg/all/function/internal_message.html?_=1609551515630&CODE_STATE=getMsg HTTP/1.1" 200 27
116.228.172.94 - - [02/Jan/2021:09:37:48 +0800] "GET /xingrg/kc/buy/cgsh_order_operate.html?command=get_materiel&rest_code=00107&code=00101016100&supplier_code=00100033&order_time=2021-01-02 HTTP/1.1" 200 412
117.185.32.26 - - [02/Jan/2021:09:37:58 +0800] "GET /xingrg/all/function/internal_message.html?_=1609551950365&CODE_STATE=getMsg HTTP/1.1" 302 -
116.228.172.94 - - [02/Jan/2021:09:37:59 +0800] "GET /xingrg/kc/buy/cgsh_order_operate.html?command=get_materiel&rest_code=00107&code=00101010248&supplier_code=00100033&order_time=2021-01-02 HTTP/1.1" 200 432
180.156.237.57 - - [02/Jan/2021:09:38:04 +0800] "GET /xingrg/all/function/internal_message.html?_=1609551467409&CODE_STATE=getMsg HTTP/1.1" 200 27
222.69.134.163 - - [02/Jan/2021:09:38:08 +0800] "GET /xingrg/all/function/internal_message.html?_=1609551483986&CODE_STATE=getMsg HTTP/1.1" 200 27
58.221.95.50 - - [02/Jan/2021:09:38:09 +0800] "GET /xingrg/check_reg.html?_=1609551490561 HTTP/1.1" 302 -
180.162.223.42 - - [02/Jan/2021:09:38:15 +0800] "GET /xingrg/all/function/internal_message.html?_=1609551496678&CODE_STATE=getMsg HTTP/1.1" 200 27
101.228.166.101 - - [02/Jan/2021:09:38:16 +0800] "GET /xingrg/all/function/internal_message.html?_=1609551519513&CODE_STATE=getMsg HTTP/1.1" 200 27
116.228.172.94 - - [02/Jan/2021:09:38:17 +0800] "GET /xingrg/kc/buy/cgsh_order_operate.html?command=get_materiel&rest_code=00107&code=00101010136&supplier_code=00100033&order_time=2021-01-02 HTTP/1.1" 200 408
172.17.200.101 - - [02/Jan/2021:09:38:24 +0800] "GET /xingrg/all/function/internal_message.html?_=1609551510113&CODE_STATE=getMsg HTTP/1.1" 200 27
180.156.237.57 - - [02/Jan/2021:09:38:29 +0800] "GET /xingrg/kc/buy/cgsh_order_operate.html?command=get_materiel&rest_code=00150&code=00101008370&supplier_code=00100007&order_time=2021-01-02 HTTP/1.1" 200 412
116.228.172.94 - - [02/Jan/2021:09:38:31 +0800] "GET /xingrg/kc/buy/cgsh_order_operate.html?command=get_materiel&rest_code=00107&code=00101012070&supplier_code=00100033&order_time=2021-01-02 HTTP/1.1" 200 398
58.40.7.146 - - [02/Jan/2021:09:38:33 +0800] "GET /xingrg/all/function/internal_message.html?_=1609551514981&CODE_STATE=getMsg HTTP/1.1" 200 27
58.37.230.33 - - [02/Jan/2021:09:38:34 +0800] "GET /xingrg/all/function/internal_message.html?_=1609551076819&CODE_STATE=getMsg HTTP/1.1" 200 27
116.228.172.94 - - [02/Jan/2021:09:38:35 +0800] "GET /xingrg/all/function/internal_message.html?_=1609551515014&CODE_STATE=getMsg HTTP/1.1" 200 27
180.156.237.57 - - [02/Jan/2021:09:38:37 +0800] "GET /xingrg/kc/buy/cgsh_order_operate.html?command=get_materiel&rest_code=00150&code=00101008087&supplier_code=00100007&order_time=2021-01-02 HTTP/1.1" 200 412
116.228.172.94 - - [02/Jan/2021:09:38:39 +0800] "GET /xingrg/kc/buy/cgsh_order_operate.html?command=get_materiel&rest_code=00107&code=00101016080&supplier_code=00100033&order_time=2021-01-02 HTTP/1.1" 200 408
117.131.5.26 - - [02/Jan/2021:09:38:47 +0800] "GET /xingrg/all/function/internal_message.html?_=1609551575621&CODE_STATE=getMsg HTTP/1.1" 200 27
116.228.172.94 - - [02/Jan/2021:09:38:50 +0800] "GET /xingrg/kc/buy/cgsh_order_operate.html?command=get_materiel&rest_code=00107&code=00101012025&supplier_code=00100033&order_time=2021-01-02 HTTP/1.1" 200 412
117.185.32.26 - - [02/Jan/2021:09:38:58 +0800] "GET /xingrg/all/function/internal_message.html?_=1609552010379&CODE_STATE=getMsg HTTP/1.1" 302 -
116.228.172.94 - - [02/Jan/2021:09:39:01 +0800] "GET /xingrg/kc/buy/cgsh_order_operate.html?command=get_materiel&rest_code=00107&code=00101019502&supplier_code=00100033&order_time=2021-01-02 HTTP/1.1" 200 408
180.156.237.57 - - [02/Jan/2021:09:39:04 +0800] "GET /xingrg/all/function/internal_message.html?_=1609551527521&CODE_STATE=getMsg HTTP/1.1" 200 27
222.69.134.163 - - [02/Jan/2021:09:39:08 +0800] "GET /xingrg/check_reg.html?_=1609551544015 HTTP/1.1" 200 22
222.69.134.163 - - [02/Jan/2021:09:39:08 +0800] "GET /xingrg/all/function/internal_message.html?_=1609551544016&CODE_STATE=getMsg HTTP/1.1" 200 27
180.162.223.42 - - [02/Jan/2021:09:39:15 +0800] "GET /xingrg/all/function/internal_message.html?_=1609551556670&CODE_STATE=getMsg HTTP/1.1" 200 27
101.228.166.101 - - [02/Jan/2021:09:39:16 +0800] "GET /xingrg/all/function/internal_message.html?_=1609551579528&CODE_STATE=getMsg HTTP/1.1" 200 27
172.17.200.101 - - [02/Jan/2021:09:39:24 +0800] "GET /xingrg/all/function/internal_message.html?_=1609551570115&CODE_STATE=getMsg HTTP/1.1" 200 27
172.17.200.101 - - [02/Jan/2021:09:39:24 +0800] "GET /xingrg/check_reg.html?_=1609551570118 HTTP/1.1" 200 22
117.131.5.26 - - [02/Jan/2021:09:39:25 +0800] "GET /xingrg/kc/buy/cgsh_order_list.html HTTP/1.1" 200 45647
117.131.5.26 - - [02/Jan/2021:09:39:26 +0800] "POST /xingrg/kc/buy/cgsh_list_operate.html HTTP/1.1" 200 876
117.131.5.26 - - [02/Jan/2021:09:39:29 +0800] "POST /xingrg/kc/buy/cgsh_list_operate.html HTTP/1.1" 200 876
101.85.93.83 - - [02/Jan/2021:09:39:33 +0800] "GET /xingrg HTTP/1.1" 302 -
101.85.93.83 - - [02/Jan/2021:09:39:33 +0800] "GET /xingrg/ HTTP/1.1" 200 292
58.40.7.146 - - [02/Jan/2021:09:39:34 +0800] "GET /xingrg/all/function/internal_message.html?_=1609551574985&CODE_STATE=getMsg HTTP/1.1" 200 27
58.37.230.33 - - [02/Jan/2021:09:39:34 +0800] "GET /xingrg/all/function/internal_message.html?_=1609551136817&CODE_STATE=getMsg HTTP/1.1" 200 27
180.156.237.57 - - [02/Jan/2021:09:39:34 +0800] "GET /xingrg/kc/buy/cgsh_order_operate.html?command=get_materiel&rest_code=00150&code=00101008355&supplier_code=00100007&order_time=2021-01-02 HTTP/1.1" 200 408
116.228.172.94 - - [02/Jan/2021:09:39:34 +0800] "GET /xingrg/check_reg.html?_=1609551573721 HTTP/1.1" 200 22
116.228.172.94 - - [02/Jan/2021:09:39:35 +0800] "GET /xingrg/all/function/internal_message.html?_=1609551574998&CODE_STATE=getMsg HTTP/1.1" 200 27
117.131.5.26 - - [02/Jan/2021:09:39:36 +0800] "GET /xingrg/login.html HTTP/1.1" 200 7641
117.131.5.26 - - [02/Jan/2021:09:39:36 +0800] "GET /favicon.ico HTTP/1.1" 404 -
101.85.93.83 - - [02/Jan/2021:09:39:37 +0800] "GET /xingrg/index.html HTTP/1.1" 302 -
101.85.93.83 - - [02/Jan/2021:09:39:37 +0800] "GET /xingrg/login.html HTTP/1.1" 200 7641
101.85.93.83 - - [02/Jan/2021:09:39:37 +0800] "GET /favicon.ico HTTP/1.1" 404 -
101.85.93.83 - - [02/Jan/2021:09:39:37 +0800] "GET /xingrg/images/blue/jxLogo.png HTTP/1.1" 200 6156
101.85.93.83 - - [02/Jan/2021:09:39:40 +0800] "GET /xingrg/images/blue/hj.png HTTP/1.1" 200 1014
101.85.93.83 - - [02/Jan/2021:09:39:40 +0800] "GET /xingrg/images/blue/login_bg.png HTTP/1.1" 200 22101
101.85.93.83 - - [02/Jan/2021:09:39:41 +0800] "GET /xingrg/images/blue/srbg.png HTTP/1.1" 200 138
101.85.93.83 - - [02/Jan/2021:09:39:41 +0800] "GET /favicon.ico HTTP/1.1" 404 -
117.131.5.26 - - [02/Jan/2021:09:39:47 +0800] "GET /xingrg/all/function/internal_message.html?_=1609551635631&CODE_STATE=getMsg HTTP/1.1" 200 27
117.131.5.26 - - [02/Jan/2021:09:39:47 +0800] "GET /xingrg/kc/buy/cgsh_order_list.html HTTP/1.1" 200 45647
117.131.5.26 - - [02/Jan/2021:09:39:48 +0800] "POST /xingrg/kc/buy/cgsh_list_operate.html HTTP/1.1" 200 876
180.156.237.57 - - [02/Jan/2021:09:39:51 +0800] "GET /xingrg/kc/buy/cgsh_order_operate.html?command=get_materiel&rest_code=00150&code=00101008024&supplier_code=00100007&order_time=2021-01-02 HTTP/1.1" 200 408
101.85.93.83 - - [02/Jan/2021:09:39:53 +0800] "POST /xingrg/login.do HTTP/1.1" 302 -
101.85.93.83 - - [02/Jan/2021:09:39:53 +0800] "GET /xingrg/javascript/jquery_easy_ui/themes/icon.css HTTP/1.1" 200 3949
101.85.93.83 - - [02/Jan/2021:09:39:53 +0800] "GET /xingrg/css/form.css HTTP/1.1" 200 893
101.85.93.83 - - [02/Jan/2021:09:39:53 +0800] "GET /xingrg/index.html?sysBaseUrl=http%3A%2F%2F180.169.147.146%3A18081%2Fxingrg%2F&costTime=38×tamp=1609551593350 HTTP/1.1" 200 17179
101.85.93.83 - - [02/Jan/2021:09:39:53 +0800] "GET /xingrg/javascript/jquery_easy_ui/easyui-lang-zh_CN.js HTTP/1.1" 200 1900
101.85.93.83 - - [02/Jan/2021:09:39:53 +0800] "GET /xingrg/javascript/jquery_easy_ui/jquery.easyui.min.js HTTP/1.1" 200 213662
101.85.93.83 - - [02/Jan/2021:09:39:53 +0800] "GET /xingrg/javascript/jquery.timers.js HTTP/1.1" 200 3532
101.85.93.83 - - [02/Jan/2021:09:39:53 +0800] "GET /xingrg/javascript/jquery-1.4.2.min.js HTTP/1.1" 200 72205
101.85.93.83 - - [02/Jan/2021:09:39:53 +0800] "GET /xingrg/javascript/jquery_easy_ui/themes/default/easyui.css HTTP/1.1" 200 26500
101.85.93.83 - - [02/Jan/2021:09:39:53 +0800] "GET /xingrg/javascript/jquery.utils.js HTTP/1.1" 200 11805
101.85.93.83 - - [02/Jan/2021:09:39:53 +0800] "GET /xingrg/javascript/jquery.form.js HTTP/1.1" 200 23110
101.85.93.83 - - [02/Jan/2021:09:39:53 +0800] "GET /favicon.ico HTTP/1.1" 404 -
101.85.93.83 - - [02/Jan/2021:09:39:53 +0800] "GET /xingrg/javascript/jquery_easy_ui/themes/icons/settle_new.png HTTP/1.1" 200 826
101.85.93.83 - - [02/Jan/2021:09:39:53 +0800] "GET /xingrg/images/blue/navBackgound.jpg HTTP/1.1" 200 12378
101.85.93.83 - - [02/Jan/2021:09:39:53 +0800] "POST /xingrg/all/common/load_tree.html?tree=area_rest_tree_json&manage=1 HTTP/1.1" 200 351
101.85.93.83 - - [02/Jan/2021:09:39:54 +0800] "GET /xingrg/all/function/internal_message.html?_=1609551275009&CODE_STATE=count HTTP/1.1" 200 11
101.85.93.83 - - [02/Jan/2021:09:39:54 +0800] "GET /xingrg/javascript/jquery_easy_ui/themes/default/images/tabs_leftarrow.png HTTP/1.1" 200 389
101.85.93.83 - - [02/Jan/2021:09:39:54 +0800] "GET /xingrg/check_reg.html?_=1609551275010 HTTP/1.1" 200 22
101.85.93.83 - - [02/Jan/2021:09:39:54 +0800] "GET /xingrg/javascript/jquery_easy_ui/themes/default/images/tabs_rightarrow.png HTTP/1.1" 200 395
101.85.93.83 - - [02/Jan/2021:09:39:54 +0800] "GET /xingrg/images/blue/pingpu.png HTTP/1.1" 200 231
101.85.93.83 - - [02/Jan/2021:09:39:54 +0800] "GET /xingrg/javascript/jquery_easy_ui/themes/default/images/panel_tool_collapse.gif HTTP/1.1" 200 246
101.85.93.83 - - [02/Jan/2021:09:39:54 +0800] "GET /xingrg/javascript/jquery_easy_ui/themes/default/images/tree_arrows.gif HTTP/1.1" 200 1043
101.85.93.83 - - [02/Jan/2021:09:39:54 +0800] "POST /xingrg/load_menu.html HTTP/1.1" 200 5138
101.85.93.83 - - [02/Jan/2021:09:39:54 +0800] "GET /xingrg/javascript/jquery_easy_ui/themes/default/images/tree_folder_open.gif HTTP/1.1" 200 956
101.85.93.83 - - [02/Jan/2021:09:39:54 +0800] "GET /xingrg/javascript/jquery_easy_ui/themes/icons/search_new.png HTTP/1.1" 200 586
101.85.93.83 - - [02/Jan/2021:09:39:54 +0800] "GET /xingrg/javascript/jquery_easy_ui/themes/default/images/tree_folder.gif HTTP/1.1" 200 952
101.85.93.83 - - [02/Jan/2021:09:39:54 +0800] "GET /xingrg/javascript/jquery_easy_ui/themes/icons/storage_new.png HTTP/1.1" 200 853
101.85.93.83 - - [02/Jan/2021:09:39:54 +0800] "GET /xingrg/javascript/jquery_easy_ui/themes/icons/forms_new.png HTTP/1.1" 200 350
101.85.93.83 - - [02/Jan/2021:09:39:54 +0800] "GET /xingrg/javascript/jquery_easy_ui/themes/default/images/tree_file.gif HTTP/1.1" 200 118
180.156.237.57 - - [02/Jan/2021:09:39:56 +0800] "GET /xingrg/check_reg.html?_=1609551579120 HTTP/1.1" 200 22
117.185.32.26 - - [02/Jan/2021:09:39:58 +0800] "GET /xingrg/all/function/internal_message.html?_=1609552070378&CODE_STATE=getMsg HTTP/1.1" 302 -
180.156.237.57 - - [02/Jan/2021:09:40:04 +0800] "GET /xingrg/all/function/internal_message.html?_=1609551587530&CODE_STATE=getMsg HTTP/1.1" 200 27
222.69.133.109 - - [02/Jan/2021:09:40:07 +0800] "GET /xingrg/login.html HTTP/1.1" 200 7641
222.69.133.109 - - [02/Jan/2021:09:40:07 +0800] "GET /favicon.ico HTTP/1.1" 404 -
222.69.134.163 - - [02/Jan/2021:09:40:08 +0800] "GET /xingrg/all/function/internal_message.html?_=1609551604003&CODE_STATE=getMsg HTTP/1.1" 200 27
180.156.237.57 - - [02/Jan/2021:09:40:09 +0800] "GET /xingrg/kc/buy/cgsh_order_operate.html?command=get_materiel&rest_code=00150&code=00101008356&supplier_code=00100007&order_time=2021-01-02 HTTP/1.1" 200 408
180.162.223.42 - - [02/Jan/2021:09:40:15 +0800] "GET /xingrg/all/function/internal_message.html?_=1609551616679&CODE_STATE=getMsg HTTP/1.1" 200 27
101.228.166.101 - - [02/Jan/2021:09:40:16 +0800] "GET /xingrg/all/function/internal_message.html?_=1609551640022&CODE_STATE=getMsg HTTP/1.1" 200 27
180.156.237.57 - - [02/Jan/2021:09:40:24 +0800] "GET /xingrg/kc/buy/cgsh_order_operate.html?command=get_materiel&rest_code=00150&code=00101008300&supplier_code=00100007&order_time=2021-01-02 HTTP/1.1" 200 412
172.17.200.101 - - [02/Jan/2021:09:40:24 +0800] "GET /xingrg/all/function/internal_message.html?_=1609551630129&CODE_STATE=getMsg HTTP/1.1" 200 27
222.69.133.109 - - [02/Jan/2021:09:40:25 +0800] "POST /xingrg/login.do HTTP/1.1" 302 -
222.69.133.109 - - [02/Jan/2021:09:40:25 +0800] "GET /xingrg/index.html?sysBaseUrl=http%3A%2F%2F180.169.147.146%3A18081%2Fxingrg%2F&costTime=39×tamp=1609551625027 HTTP/1.1" 200 17179
222.69.133.109 - - [02/Jan/2021:09:40:25 +0800] "GET /favicon.ico HTTP/1.1" 404 -
222.69.133.109 - - [02/Jan/2021:09:40:25 +0800] "POST /xingrg/all/common/load_tree.html?tree=area_rest_tree_json&manage=1 HTTP/1.1" 200 351
222.69.133.109 - - [02/Jan/2021:09:40:25 +0800] "GET /xingrg/all/function/internal_message.html?_=1609551627871&CODE_STATE=count HTTP/1.1" 200 11
222.69.133.109 - - [02/Jan/2021:09:40:25 +0800] "GET /xingrg/check_reg.html?_=1609551627874 HTTP/1.1" 200 22
222.69.133.109 - - [02/Jan/2021:09:40:25 +0800] "POST /xingrg/load_menu.html HTTP/1.1" 200 5138
180.156.237.57 - - [02/Jan/2021:09:40:32 +0800] "GET /xingrg/kc/buy/cgsh_order_operate.html?command=get_materiel&rest_code=00150&code=00101008251&supplier_code=00100007&order_time=2021-01-02 HTTP/1.1" 200 408
58.40.7.146 - - [02/Jan/2021:09:40:34 +0800] "GET /xingrg/all/function/internal_message.html?_=1609551634989&CODE_STATE=getMsg HTTP/1.1" 200 27
58.37.230.33 - - [02/Jan/2021:09:40:34 +0800] "GET /xingrg/all/function/internal_message.html?_=1609551196854&CODE_STATE=getMsg HTTP/1.1" 200 27
116.228.172.94 - - [02/Jan/2021:09:40:35 +0800] "GET /xingrg/all/function/internal_message.html?_=1609551634980&CODE_STATE=getMsg HTTP/1.1" 200 27
222.69.133.109 - - [02/Jan/2021:09:40:40 +0800] "GET /xingrg/kc/base/check_order_list.html HTTP/1.1" 200 16470
222.69.133.109 - - [02/Jan/2021:09:40:40 +0800] "POST /xingrg/kc/base/check_list_operate.html HTTP/1.1" 200 3588
180.156.237.57 - - [02/Jan/2021:09:40:41 +0800] "GET /xingrg/kc/buy/cgsh_order_operate.html?command=get_materiel&rest_code=00150&code=00101008360&supplier_code=00100007&order_time=2021-01-02 HTTP/1.1" 200 413
117.131.5.26 - - [02/Jan/2021:09:40:47 +0800] "GET /xingrg/all/function/internal_message.html?_=1609551695644&CODE_STATE=getMsg HTTP/1.1" 200 27
117.131.5.26 - - [02/Jan/2021:09:40:47 +0800] "GET /xingrg/check_reg.html?_=1609551695645 HTTP/1.1" 200 22
180.156.237.57 - - [02/Jan/2021:09:40:50 +0800] "GET /xingrg/kc/buy/cgsh_order_operate.html?command=get_materiel&rest_code=00150&code=00101008270&supplier_code=00100007&order_time=2021-01-02 HTTP/1.1" 200 412
101.85.93.83 - - [02/Jan/2021:09:40:54 +0800] "GET /xingrg/all/function/internal_message.html?_=1609551335024&CODE_STATE=getMsg HTTP/1.1" 200 27
117.185.32.26 - - [02/Jan/2021:09:40:58 +0800] "GET /xingrg/all/function/internal_message.html?_=1609552130379&CODE_STATE=getMsg HTTP/1.1" 302 -
180.156.237.57 - - [02/Jan/2021:09:41:04 +0800] "GET /xingrg/all/function/internal_message.html?_=1609551647543&CODE_STATE=getMsg HTTP/1.1" 200 27
222.69.134.163 - - [02/Jan/2021:09:41:08 +0800] "GET /xingrg/all/function/internal_message.html?_=1609551664006&CODE_STATE=getMsg HTTP/1.1" 200 27
116.228.172.94 - - [02/Jan/2021:09:41:12 +0800] "POST /xingrg/kc/buy/cgsh_order_operate.html HTTP/1.1" 200 37
180.162.223.42 - - [02/Jan/2021:09:41:15 +0800] "GET /xingrg/all/function/internal_message.html?_=1609551676678&CODE_STATE=getMsg HTTP/1.1" 200 27
180.162.223.42 - - [02/Jan/2021:09:41:15 +0800] "GET /xingrg/check_reg.html?_=1609551676726 HTTP/1.1" 200 22
222.69.133.109 - - [02/Jan/2021:09:41:16 +0800] "POST /xingrg/kc/base/check_list_operate.html HTTP/1.1" 200 1949
101.228.166.101 - - [02/Jan/2021:09:41:16 +0800] "GET /xingrg/all/function/internal_message.html?_=1609551700038&CODE_STATE=getMsg HTTP/1.1" 200 27
116.228.172.94 - - [02/Jan/2021:09:41:17 +0800] "POST /xingrg/kc/buy/cgsh_order_operate.html HTTP/1.1" 200 7410
180.156.237.57 - - [02/Jan/2021:09:41:20 +0800] "GET /xingrg/kc/buy/cgsh_order_operate.html?command=get_materiel&rest_code=00150&code=00101008357&supplier_code=00100007&order_time=2021-01-02 HTTP/1.1" 200 408
116.228.172.94 - - [02/Jan/2021:09:41:22 +0800] "POST /xingrg/kc/buy/cgsh_order_operate.html HTTP/1.1" 200 37
172.17.200.101 - - [02/Jan/2021:09:41:24 +0800] "GET /xingrg/all/function/internal_message.html?_=1609551690114&CODE_STATE=getMsg HTTP/1.1" 200 27
116.228.172.94 - - [02/Jan/2021:09:41:25 +0800] "POST /xingrg/kc/buy/cgsh_order_operate.html HTTP/1.1" 200 7410
222.69.133.109 - - [02/Jan/2021:09:41:25 +0800] "GET /xingrg/all/function/internal_message.html?_=1609551687888&CODE_STATE=getMsg HTTP/1.1" 200 27
180.156.237.57 - - [02/Jan/2021:09:41:32 +0800] "GET /xingrg/kc/buy/cgsh_order_operate.html?command=get_materiel&rest_code=00150&code=00101008069&supplier_code=00100007&order_time=2021-01-02 HTTP/1.1" 200 412
58.40.7.146 - - [02/Jan/2021:09:41:33 +0800] "GET /xingrg/check_reg.html?_=1609551694976 HTTP/1.1" 200 22
58.40.7.146 - - [02/Jan/2021:09:41:33 +0800] "GET /xingrg/all/function/internal_message.html?_=1609551694977&CODE_STATE=getMsg HTTP/1.1" 200 27
58.37.230.33 - - [02/Jan/2021:09:41:34 +0800] "GET /xingrg/all/function/internal_message.html?_=1609551256848&CODE_STATE=getMsg HTTP/1.1" 200 27
116.228.172.94 - - [02/Jan/2021:09:41:35 +0800] "GET /xingrg/all/function/internal_message.html?_=1609551694966&CODE_STATE=getMsg HTTP/1.1" 200 27
222.69.133.109 - - [02/Jan/2021:09:41:42 +0800] "GET /xingrg/javascript/jquery_tools/images/prev.gif HTTP/1.1" 404 1086
222.69.133.109 - - [02/Jan/2021:09:41:42 +0800] "GET /xingrg/javascript/jquery_tools/images/next.gif HTTP/1.1" 404 1086
180.156.237.57 - - [02/Jan/2021:09:41:42 +0800] "GET /xingrg/kc/buy/cgsh_order_operate.html?command=get_materiel&rest_code=00150&code=00101008286&supplier_code=00100007&order_time=2021-01-02 HTTP/1.1" 200 408
117.131.5.26 - - [02/Jan/2021:09:41:47 +0800] "GET /xingrg/all/function/internal_message.html?_=1609551755633&CODE_STATE=getMsg HTTP/1.1" 200 27
222.69.133.109 - - [02/Jan/2021:09:41:48 +0800] "POST /xingrg/kc/base/check_list_operate.html HTTP/1.1" 200 1949
222.69.133.109 - - [02/Jan/2021:09:41:49 +0800] "POST /xingrg/kc/base/check_list_operate.html HTTP/1.1" 200 1949
222.69.133.109 - - [02/Jan/2021:09:41:51 +0800] "POST /xingrg/kc/base/check_list_operate.html HTTP/1.1" 200 1949
180.156.237.57 - - [02/Jan/2021:09:41:53 +0800] "GET /xingrg/kc/buy/cgsh_order_operate.html?command=get_materiel&rest_code=00150&code=00101008036&supplier_code=00100007&order_time=2021-01-02 HTTP/1.1" 200 408
101.85.93.83 - - [02/Jan/2021:09:41:54 +0800] "GET /xingrg/all/function/internal_message.html?_=1609551395011&CODE_STATE=getMsg HTTP/1.1" 200 27
117.185.32.26 - - [02/Jan/2021:09:41:58 +0800] "GET /xingrg/check_reg.html?_=1609552190364 HTTP/1.1" 302 -
117.185.32.26 - - [02/Jan/2021:09:41:58 +0800] "GET /xingrg/all/function/internal_message.html?_=1609552190365&CODE_STATE=getMsg HTTP/1.1" 302 -
180.156.237.57 - - [02/Jan/2021:09:42:02 +0800] "POST /xingrg/kc/buy/cgsh_order_operate.html HTTP/1.1" 200 37
180.156.237.57 - - [02/Jan/2021:09:42:04 +0800] "POST /xingrg/kc/buy/cgsh_order_operate.html HTTP/1.1" 200 13898
180.156.237.57 - - [02/Jan/2021:09:42:04 +0800] "GET /xingrg/all/function/internal_message.html?_=1609551707556&CODE_STATE=getMsg HTTP/1.1" 200 27
222.69.133.109 - - [02/Jan/2021:09:42:07 +0800] "GET /xingrg/kc/base/check_order_add.html HTTP/1.1" 200 25452
222.69.133.109 - - [02/Jan/2021:09:42:07 +0800] "GET /xingrg/dwr/interface/AjaxCheckService.js HTTP/1.1" 200 14003
222.69.133.109 - - [02/Jan/2021:09:42:07 +0800] "GET /xingrg/dwr/interface/AjaxComOrderService.js HTTP/1.1" 200 18264
222.69.133.109 - - [02/Jan/2021:09:42:07 +0800] "GET /xingrg/dwr/util.js HTTP/1.1" 304 -
222.69.133.109 - - [02/Jan/2021:09:42:07 +0800] "GET /xingrg/dwr/engine.js HTTP/1.1" 200 43631
222.69.134.163 - - [02/Jan/2021:09:42:08 +0800] "GET /xingrg/all/function/internal_message.html?_=1609551724004&CODE_STATE=getMsg HTTP/1.1" 200 27
172.17.200.101 - - [02/Jan/2021:09:42:15 +0800] "POST /xingrg/kc/buy/cgsh_list_operate.html HTTP/1.1" 200 199
180.162.223.42 - - [02/Jan/2021:09:42:15 +0800] "GET /xingrg/all/function/internal_message.html?_=1609551736682&CODE_STATE=getMsg HTTP/1.1" 200 27
172.17.200.101 - - [02/Jan/2021:09:42:16 +0800] "GET /xingrg/kc/buy/cgsh_order_info.html?code=212020123012465 HTTP/1.1" 200 61320
172.17.200.101 - - [02/Jan/2021:09:42:16 +0800] "GET /xingrg/javascript/easyui/themes/default/validatebox.css HTTP/1.1" 404 1104
172.17.200.101 - - [02/Jan/2021:09:42:17 +0800] "POST /xingrg/kc/buy/cgsh_order_operate.html HTTP/1.1" 200 2657
101.228.166.101 - - [02/Jan/2021:09:42:17 +0800] "GET /xingrg/all/function/internal_message.html?_=1609551760529&CODE_STATE=getMsg HTTP/1.1" 200 27
116.228.172.94 - - [02/Jan/2021:09:42:23 +0800] "POST /xingrg/kc/buy/cgsh_order_operate.html HTTP/1.1" 200 37
116.228.172.94 - - [02/Jan/2021:09:42:24 +0800] "POST /xingrg/kc/buy/cgsh_order_operate.html HTTP/1.1" 200 7410
222.69.133.109 - - [02/Jan/2021:09:42:25 +0800] "GET /xingrg/all/function/internal_message.html?_=1609551747891&CODE_STATE=getMsg HTTP/1.1" 200 27
172.17.200.101 - - [02/Jan/2021:09:42:26 +0800] "POST /xingrg/kc/buy/cgsh_order_operate.html HTTP/1.1" 200 37
116.228.172.94 - - [02/Jan/2021:09:42:28 +0800] "GET /xingrg/kc/print/load_data.html?order_code=212021010200504&kc_code=cgsh&condition= HTTP/1.1" 200 2520
172.17.200.101 - - [02/Jan/2021:09:42:29 +0800] "POST /xingrg/kc/buy/cgsh_order_operate.html HTTP/1.1" 200 12
172.17.200.101 - - [02/Jan/2021:09:42:30 +0800] "GET /xingrg/kc/buy/cgsh_order_info.html?code=212020123012465 HTTP/1.1" 200 56476
172.17.200.101 - - [02/Jan/2021:09:42:30 +0800] "GET /xingrg/javascript/easyui/themes/default/validatebox.css HTTP/1.1" 404 1104
101.228.166.101 - - [02/Jan/2021:09:42:31 +0800] "GET /xingrg/check_reg.html?_=1609551774515 HTTP/1.1" 200 22
172.17.200.101 - - [02/Jan/2021:09:42:31 +0800] "POST /xingrg/kc/buy/cgsh_order_operate.html HTTP/1.1" 200 607
180.162.223.42 - - [02/Jan/2021:09:42:33 +0800] "GET /xingrg/kc/buy/cgsh_order_operate.html?command=get_materiel&rest_code=00105&code=00101008358&supplier_code=00100203&order_time=2021-01-02 HTTP/1.1" 200 412
58.40.7.146 - - [02/Jan/2021:09:42:33 +0800] "GET /xingrg/all/function/internal_message.html?_=1609551754980&CODE_STATE=getMsg HTTP/1.1" 200 27
58.37.230.33 - - [02/Jan/2021:09:42:34 +0800] "GET /xingrg/check_reg.html?_=1609551316838 HTTP/1.1" 200 22
58.37.230.33 - - [02/Jan/2021:09:42:34 +0800] "GET /xingrg/all/function/internal_message.html?_=1609551316841&CODE_STATE=getMsg HTTP/1.1" 200 27
172.17.200.101 - - [02/Jan/2021:09:42:34 +0800] "POST /xingrg/kc/buy/cgsh_list_operate.html HTTP/1.1" 200 2052
116.228.172.94 - - [02/Jan/2021:09:42:35 +0800] "GET /xingrg/all/function/internal_message.html?_=1609551755014&CODE_STATE=getMsg HTTP/1.1" 200 27
172.17.200.101 - - [02/Jan/2021:09:42:36 +0800] "POST /xingrg/kc/buy/cgsh_list_operate.html HTTP/1.1" 200 205
172.17.200.101 - - [02/Jan/2021:09:42:37 +0800] "GET /xingrg/kc/buy/cgsh_order_info.html?code=212020123113037 HTTP/1.1" 200 61320
172.17.200.101 - - [02/Jan/2021:09:42:37 +0800] "GET /xingrg/javascript/easyui/themes/default/validatebox.css HTTP/1.1" 404 1104
172.17.200.101 - - [02/Jan/2021:09:42:37 +0800] "POST /xingrg/kc/buy/cgsh_order_operate.html HTTP/1.1" 200 2666
116.228.172.94 - - [02/Jan/2021:09:42:38 +0800] "GET /xingrg/kc/buy/cgsh_order_add.html HTTP/1.1" 200 61466
222.69.133.109 - - [02/Jan/2021:09:42:39 +0800] "POST /xingrg/dwr/call/plaincall/AjaxCheckService.saveOrder.dwr HTTP/1.1" 200 78
116.228.172.94 - - [02/Jan/2021:09:42:39 +0800] "GET /xingrg/javascript/easyui/themes/default/validatebox.css HTTP/1.1" 404 1104
116.228.172.94 - - [02/Jan/2021:09:42:39 +0800] "POST /xingrg/kc/buy/cgsh_order_operate.html HTTP/1.1" 200 8245
116.228.172.94 - - [02/Jan/2021:09:42:40 +0800] "GET /xingrg/javascript/easyui/themes/default/tree.css HTTP/1.1" 404 1090
116.228.172.94 - - [02/Jan/2021:09:42:40 +0800] "POST /xingrg/all/common/load_tree.html?tree=supplier_tree_json&isDelete=1 HTTP/1.1" 200 53432
222.69.133.109 - - [02/Jan/2021:09:42:41 +0800] "POST /xingrg/dwr/call/plaincall/AjaxCheckService.loadOrderItems.dwr HTTP/1.1" 200 367
222.69.133.109 - - [02/Jan/2021:09:42:44 +0800] "GET /xingrg/javascript/jquery_easy_ui/themes/default/images/button_a_bg.gif HTTP/1.1" 200 1194
222.69.133.109 - - [02/Jan/2021:09:42:44 +0800] "GET /xingrg/javascript/jquery_easy_ui/themes/default/images/button_span_bg.gif HTTP/1.1" 200 2061
222.69.133.109 - - [02/Jan/2021:09:42:44 +0800] "GET /xingrg/javascript/jquery_easy_ui/themes/icons/ok.png HTTP/1.1" 200 883
222.69.133.109 - - [02/Jan/2021:09:42:44 +0800] "GET /xingrg/javascript/jquery_easy_ui/themes/default/images/panel_title.png HTTP/1.1" 200 266
222.69.133.109 - - [02/Jan/2021:09:42:44 +0800] "GET /xingrg/javascript/jquery_easy_ui/themes/default/images/panel_tools.gif HTTP/1.1" 200 737
222.69.133.109 - - [02/Jan/2021:09:42:44 +0800] "GET /xingrg/javascript/jquery_easy_ui/themes/icons/pencil.png HTTP/1.1" 200 713
172.17.200.101 - - [02/Jan/2021:09:42:44 +0800] "POST /xingrg/kc/buy/cgsh_order_operate.html HTTP/1.1" 200 37
172.17.200.101 - - [02/Jan/2021:09:42:47 +0800] "POST /xingrg/kc/buy/cgsh_order_operate.html HTTP/1.1" 200 12
222.69.133.109 - - [02/Jan/2021:09:42:47 +0800] "POST /xingrg/kc/report/common_data.html?type=materiel_category_tree HTTP/1.1" 200 3570
117.131.5.26 - - [02/Jan/2021:09:42:47 +0800] "GET /xingrg/all/function/internal_message.html?_=1609551815638&CODE_STATE=getMsg HTTP/1.1" 200 27
222.69.133.109 - - [02/Jan/2021:09:42:47 +0800] "GET /xingrg/javascript/jquery_easy_ui/themes/default/images/tree_checkbox_0.gif HTTP/1.1" 200 168
172.17.200.101 - - [02/Jan/2021:09:42:48 +0800] "GET /xingrg/kc/buy/cgsh_order_info.html?code=212020123113037 HTTP/1.1" 200 56476
172.17.200.101 - - [02/Jan/2021:09:42:48 +0800] "GET /xingrg/javascript/easyui/themes/default/validatebox.css HTTP/1.1" 404 1104
172.17.200.101 - - [02/Jan/2021:09:42:49 +0800] "POST /xingrg/kc/buy/cgsh_order_operate.html HTTP/1.1" 200 616
180.157.253.48 - - [02/Jan/2021:09:42:49 +0800] "POST /xingrg/services/DataTransmitService HTTP/1.1" 200 524
172.17.200.101 - - [02/Jan/2021:09:42:51 +0800] "POST /xingrg/kc/buy/cgsh_list_operate.html HTTP/1.1" 200 1690
172.17.200.101 - - [02/Jan/2021:09:42:52 +0800] "POST /xingrg/kc/buy/cgsh_list_operate.html HTTP/1.1" 200 202
172.17.200.101 - - [02/Jan/2021:09:42:53 +0800] "GET /xingrg/kc/buy/cgsh_order_info.html?code=212021010100407 HTTP/1.1" 200 61320
172.17.200.101 - - [02/Jan/2021:09:42:53 +0800] "GET /xingrg/javascript/easyui/themes/default/validatebox.css HTTP/1.1" 404 1104
180.157.253.48 - - [02/Jan/2021:09:42:53 +0800] "POST /xingrg/services/DataTransmitService HTTP/1.1" 200 501
222.69.133.109 - - [02/Jan/2021:09:42:53 +0800] "GET /xingrg/javascript/jquery_easy_ui/themes/default/images/tree_checkbox_1.gif HTTP/1.1" 200 174
222.69.133.109 - - [02/Jan/2021:09:42:53 +0800] "GET /xingrg/javascript/jquery_easy_ui/themes/default/images/tree_checkbox_2.gif HTTP/1.1" 200 181
172.17.200.101 - - [02/Jan/2021:09:42:53 +0800] "POST /xingrg/kc/buy/cgsh_order_operate.html HTTP/1.1" 200 2662
101.85.93.83 - - [02/Jan/2021:09:42:54 +0800] "GET /xingrg/all/function/internal_message.html?_=1609551455014&CODE_STATE=getMsg HTTP/1.1" 200 27
117.185.32.26 - - [02/Jan/2021:09:42:58 +0800] "GET /xingrg/all/function/internal_message.html?_=1609552250394&CODE_STATE=getMsg HTTP/1.1" 302 -
172.17.200.101 - - [02/Jan/2021:09:43:01 +0800] "POST /xingrg/kc/buy/cgsh_order_operate.html HTTP/1.1" 200 37
172.17.200.101 - - [02/Jan/2021:09:43:02 +0800] "POST /xingrg/kc/buy/cgsh_order_operate.html HTTP/1.1" 200 2662
180.156.237.57 - - [02/Jan/2021:09:43:04 +0800] "GET /xingrg/all/function/internal_message.html?_=1609551767571&CODE_STATE=getMsg HTTP/1.1" 200 27
172.17.200.101 - - [02/Jan/2021:09:43:05 +0800] "POST /xingrg/kc/buy/cgsh_list_operate.html HTTP/1.1" 200 876
222.69.133.109 - - [02/Jan/2021:09:43:06 +0800] "POST /xingrg/dwr/call/plaincall/AjaxCheckService.importOrderItems.dwr HTTP/1.1" 200 78
222.69.134.163 - - [02/Jan/2021:09:43:08 +0800] "GET /xingrg/all/function/internal_message.html?_=1609551784004&CODE_STATE=getMsg HTTP/1.1" 200 27
116.228.172.94 - - [02/Jan/2021:09:43:08 +0800] "GET /xingrg/kc/buy/cgsh_order_operate.html?command=get_materiel&rest_code=00107&code=00101031008&supplier_code=00100066&order_time=2021-01-02 HTTP/1.1" 200 420
222.69.133.109 - - [02/Jan/2021:09:43:08 +0800] "POST /xingrg/dwr/call/plaincall/AjaxCheckService.loadOrderItems.dwr HTTP/1.1" 200 112731
172.17.200.101 - - [02/Jan/2021:09:43:09 +0800] "POST /xingrg/all/user/operate.html HTTP/1.1" 200 36
172.17.200.101 - - [02/Jan/2021:09:43:09 +0800] "GET /xingrg/index.html?sysBaseUrl=http%3A%2F%2F172.17.0.8%3A18081%2Fxingrg%2F&costTime=97×tamp=1609550514039 HTTP/1.1" 200 17448
172.17.200.101 - - [02/Jan/2021:09:43:09 +0800] "GET /xingrg/javascript/jquery_easy_ui/themes/default/easyui.css HTTP/1.1" 304 -
172.17.200.101 - - [02/Jan/2021:09:43:09 +0800] "GET /xingrg/javascript/jquery_easy_ui/themes/icon.css HTTP/1.1" 304 -
172.17.200.101 - - [02/Jan/2021:09:43:09 +0800] "GET /xingrg/css/form.css HTTP/1.1" 304 -
172.17.200.101 - - [02/Jan/2021:09:43:09 +0800] "GET /xingrg/javascript/jquery-1.4.2.min.js HTTP/1.1" 304 -
172.17.200.101 - - [02/Jan/2021:09:43:09 +0800] "GET /xingrg/javascript/jquery_easy_ui/jquery.easyui.min.js HTTP/1.1" 304 -
172.17.200.101 - - [02/Jan/2021:09:43:09 +0800] "GET /xingrg/javascript/jquery_easy_ui/easyui-lang-zh_CN.js HTTP/1.1" 304 -
172.17.200.101 - - [02/Jan/2021:09:43:09 +0800] "GET /xingrg/javascript/jquery.form.js HTTP/1.1" 304 -
172.17.200.101 - - [02/Jan/2021:09:43:09 +0800] "GET /xingrg/javascript/jquery.utils.js HTTP/1.1" 304 -
172.17.200.101 - - [02/Jan/2021:09:43:09 +0800] "GET /xingrg/javascript/jquery.timers.js HTTP/1.1" 304 -
172.17.200.101 - - [02/Jan/2021:09:43:09 +0800] "GET /xingrg/images/blue/jxLogo.png HTTP/1.1" 304 -
172.17.200.101 - - [02/Jan/2021:09:43:09 +0800] "GET /xingrg/javascript/jquery_easy_ui/themes/icons/settle_new.png HTTP/1.1" 304 -
172.17.200.101 - - [02/Jan/2021:09:43:09 +0800] "GET /xingrg/images/blue/navBackgound.jpg HTTP/1.1" 304 -
172.17.200.101 - - [02/Jan/2021:09:43:09 +0800] "POST /xingrg/all/common/load_tree.html?tree=area_rest_tree_json&manage=1 HTTP/1.1" 200 3216
172.17.200.101 - - [02/Jan/2021:09:43:09 +0800] "GET /xingrg/all/function/internal_message.html?_=1609551794688&CODE_STATE=count HTTP/1.1" 200 11
172.17.200.101 - - [02/Jan/2021:09:43:09 +0800] "GET /xingrg/check_reg.html?_=1609551794690 HTTP/1.1" 200 22
172.17.200.101 - - [02/Jan/2021:09:43:09 +0800] "GET /xingrg/javascript/jquery_easy_ui/themes/default/images/panel_tool_expand.gif HTTP/1.1" 304 -
172.17.200.101 - - [02/Jan/2021:09:43:09 +0800] "GET /xingrg/javascript/jquery_easy_ui/themes/default/images/tabs_rightarrow.png HTTP/1.1" 304 -
172.17.200.101 - - [02/Jan/2021:09:43:09 +0800] "GET /xingrg/images/blue/pingpu.png HTTP/1.1" 304 -
172.17.200.101 - - [02/Jan/2021:09:43:09 +0800] "GET /xingrg/javascript/jquery_easy_ui/themes/default/images/panel_tool_collapse.gif HTTP/1.1" 304 -
172.17.200.101 - - [02/Jan/2021:09:43:09 +0800] "GET /xingrg/javascript/jquery_easy_ui/themes/default/images/tabs_leftarrow.png HTTP/1.1" 304 -
172.17.200.101 - - [02/Jan/2021:09:43:09 +0800] "POST /xingrg/load_menu.html HTTP/1.1" 200 11529
58.221.95.50 - - [02/Jan/2021:09:43:09 +0800] "GET /xingrg/check_reg.html?_=1609551790533 HTTP/1.1" 302 -
172.17.200.101 - - [02/Jan/2021:09:43:10 +0800] "GET /xingrg/kc/report/report_main.html HTTP/1.1" 200 9350
172.17.200.101 - - [02/Jan/2021:09:43:12 +0800] "GET /xingrg/all/report/report_query.html?fileName=kc/buy/gys_amount_base_rest.xml HTTP/1.1" 200 51589
172.17.200.101 - - [02/Jan/2021:09:43:12 +0800] "GET /xingrg/dwr/interface/AjaxReportQueryService.js HTTP/1.1" 200 13203
172.17.200.101 - - [02/Jan/2021:09:43:12 +0800] "GET /xingrg/dwr/engine.js HTTP/1.1" 200 43631
172.17.200.101 - - [02/Jan/2021:09:43:12 +0800] "POST /xingrg/dwr/call/plaincall/AjaxReportQueryService.getFixDate.dwr HTTP/1.1" 200 111
172.17.200.101 - - [02/Jan/2021:09:43:12 +0800] "POST /xingrg/all/common/load_tree.html?tree=area_rest_tree_json&manage=1 HTTP/1.1" 200 3216
172.17.200.101 - - [02/Jan/2021:09:43:12 +0800] "POST /xingrg/all/common/load_tree.html?tree=supplier_tree_json&manage=1 HTTP/1.1" 200 54164
180.156.237.57 - - [02/Jan/2021:09:43:13 +0800] "GET /xingrg/kc/buy/cgsh_order_operate.html?command=get_materiel&rest_code=00150&code=00101008296&supplier_code=00100007&order_time=2021-01-02 HTTP/1.1" 200 416
172.17.0.119 - - [02/Jan/2021:09:43:15 +0800] "GET /xingrg/login.html HTTP/1.1" 200 7636
172.17.0.119 - - [02/Jan/2021:09:43:15 +0800] "GET /xingrg/images/blue/jxLogo.png HTTP/1.1" 200 6156
172.17.0.119 - - [02/Jan/2021:09:43:15 +0800] "GET /xingrg/images/blue/login_bg.png HTTP/1.1" 200 22101
172.17.0.119 - - [02/Jan/2021:09:43:15 +0800] "GET /xingrg/images/blue/hj.png HTTP/1.1" 200 1014
