172.17.0.108 - - [02/Jan/2021:10:56:57 +0800] "GET /xingrg/kc/base/base_main.html HTTP/1.1" 200 12132
172.17.0.108 - - [02/Jan/2021:10:56:57 +0800] "GET /xingrg/javascript/jquery_easy_ui/themes/default/images/tabs_close.gif HTTP/1.1" 200 829
172.17.0.108 - - [02/Jan/2021:10:56:57 +0800] "GET /xingrg/css/blue.css HTTP/1.1" 200 15949
172.17.0.108 - - [02/Jan/2021:10:56:57 +0800] "GET /xingrg/javascript/pic_change.js HTTP/1.1" 200 4739
172.17.0.108 - - [02/Jan/2021:10:56:57 +0800] "GET /xingrg/images/blue/button/wlsy.gif HTTP/1.1" 200 2536
172.17.0.108 - - [02/Jan/2021:10:56:57 +0800] "GET /xingrg/javascript/myfunction.js HTTP/1.1" 200 24559
172.17.0.108 - - [02/Jan/2021:10:56:57 +0800] "GET /xingrg/images/blue/button/ckpd.gif HTTP/1.1" 200 2051
172.17.0.108 - - [02/Jan/2021:10:56:57 +0800] "GET /xingrg/images/blue/button/kc.gif HTTP/1.1" 200 2160
172.17.0.108 - - [02/Jan/2021:10:56:57 +0800] "GET /xingrg/images/blue/button/ckdb.gif HTTP/1.1" 200 1950
172.17.0.108 - - [02/Jan/2021:10:56:57 +0800] "GET /xingrg/images/blue/button/yddb.gif HTTP/1.1" 200 2040
172.17.0.108 - - [02/Jan/2021:10:56:57 +0800] "GET /xingrg/images/blue/pic_form2.gif HTTP/1.1" 200 1853
172.17.0.108 - - [02/Jan/2021:10:56:57 +0800] "GET /xingrg/images/blue/button/bottom_right.jpg HTTP/1.1" 200 1436
172.17.0.108 - - [02/Jan/2021:10:56:57 +0800] "GET /xingrg/images/blue/button/down.jpg HTTP/1.1" 200 1560
172.17.0.108 - - [02/Jan/2021:10:56:57 +0800] "GET /xingrg/images/blue/button/top_right.jpg HTTP/1.1" 200 1708
172.17.0.108 - - [02/Jan/2021:10:56:57 +0800] "GET /xingrg/images/blue/button/right_ah.jpg HTTP/1.1" 200 1744
172.17.0.108 - - [02/Jan/2021:10:56:57 +0800] "GET /xingrg/images/blue/button/left_ah.jpg HTTP/1.1" 200 1643
172.17.0.108 - - [02/Jan/2021:10:56:57 +0800] "GET /xingrg/images/blue/bg_dotted.jpg HTTP/1.1" 200 319
172.17.0.108 - - [02/Jan/2021:10:56:57 +0800] "GET /xingrg/images/blue/button/top_left.jpg HTTP/1.1" 200 1632
172.17.0.108 - - [02/Jan/2021:10:56:57 +0800] "GET /xingrg/images/blue/button/bottom_left.jpg HTTP/1.1" 200 1524
117.185.32.26 - - [02/Jan/2021:10:56:57 +0800] "GET /xingrg/kc/base/base_main.html HTTP/1.1" 200 12142
117.185.32.26 - - [02/Jan/2021:10:56:59 +0800] "GET /xingrg/kc/buy/buy_main.html HTTP/1.1" 200 12412
117.185.32.26 - - [02/Jan/2021:10:56:59 +0800] "GET /xingrg/css/new_ie.css HTTP/1.1" 404 1036
117.185.32.26 - - [02/Jan/2021:10:56:59 +0800] "GET /xingrg/images/yd/bt.gif HTTP/1.1" 404 1040
116.228.172.94 - - [02/Jan/2021:10:57:00 +0800] "POST /xingrg/kc/buy/cgsh_order_operate.html HTTP/1.1" 200 37
58.37.230.33 - - [02/Jan/2021:10:57:00 +0800] "GET /xingrg/kc/buy/cgsh_order_operate.html?command=get_materiel&rest_code=00141&code=00101018007&supplier_code=00100012&order_time=2021-01-02 HTTP/1.1" 200 409
172.17.0.120 - - [02/Jan/2021:10:57:00 +0800] "GET /xingrg/all/function/internal_message.html?_=1609556220457&CODE_STATE=getMsg HTTP/1.1" 200 27
117.185.32.26 - - [02/Jan/2021:10:57:00 +0800] "GET /xingrg/kc/buy/cgsh_order_list.html HTTP/1.1" 200 45641
116.228.172.94 - - [02/Jan/2021:10:57:02 +0800] "POST /xingrg/kc/buy/cgsh_order_operate.html HTTP/1.1" 200 4449
172.17.0.108 - - [02/Jan/2021:10:57:02 +0800] "GET /xingrg/kc/base/check_order_list.html HTTP/1.1" 200 16706
172.17.0.108 - - [02/Jan/2021:10:57:02 +0800] "GET /xingrg/css/base.css HTTP/1.1" 200 2811
172.17.0.108 - - [02/Jan/2021:10:57:02 +0800] "GET /xingrg/css/site.css HTTP/1.1" 200 7541
172.17.0.108 - - [02/Jan/2021:10:57:02 +0800] "GET /xingrg/javascript/jquery_tools/datebox.css HTTP/1.1" 200 2597
172.17.0.108 - - [02/Jan/2021:10:57:02 +0800] "GET /xingrg/javascript/easyui/themes/icon.css HTTP/1.1" 200 4483
172.17.0.108 - - [02/Jan/2021:10:57:02 +0800] "GET /xingrg/javascript/auto/jquery.autocomplete.css HTTP/1.1" 200 587
172.17.0.108 - - [02/Jan/2021:10:57:02 +0800] "GET /xingrg/javascript/jquery_tools/fix.css HTTP/1.1" 200 1702
172.17.0.108 - - [02/Jan/2021:10:57:02 +0800] "GET /xingrg/javascript/jquery_tools/table.css HTTP/1.1" 200 1032
172.17.0.108 - - [02/Jan/2021:10:57:02 +0800] "GET /xingrg/javascript/jquery_tools/jquery.tools.min.js HTTP/1.1" 200 138801
172.17.0.108 - - [02/Jan/2021:10:57:02 +0800] "GET /xingrg/javascript/easyui/themes/default/easyui.css HTTP/1.1" 200 30432
172.17.0.108 - - [02/Jan/2021:10:57:02 +0800] "GET /xingrg/javascript/jquery_tools/jquery.tools.hotkey.js HTTP/1.1" 200 3242
172.17.0.108 - - [02/Jan/2021:10:57:02 +0800] "GET /xingrg/javascript/jquery_tools/jquery.tools.table.js HTTP/1.1" 200 6994
172.17.0.108 - - [02/Jan/2021:10:57:02 +0800] "GET /xingrg/javascript/jquery_tools/list_manager.js HTTP/1.1" 200 3652
172.17.0.108 - - [02/Jan/2021:10:57:02 +0800] "GET /xingrg/javascript/jquery_tools/jquery.tools.extend.js HTTP/1.1" 200 15385
172.17.0.108 - - [02/Jan/2021:10:57:02 +0800] "GET /xingrg/javascript/easyui/easyloader.js HTTP/1.1" 200 5975
172.17.0.108 - - [02/Jan/2021:10:57:02 +0800] "GET /xingrg/javascript/jquery.cookie.js HTTP/1.1" 200 5513
172.17.0.108 - - [02/Jan/2021:10:57:02 +0800] "GET /xingrg/javascript/auto/jquery.autocomplete.js HTTP/1.1" 200 21624
172.17.0.108 - - [02/Jan/2021:10:57:02 +0800] "GET /xingrg/javascript/easyui/themes/icons/cance_new.png HTTP/1.1" 200 3986
172.17.0.108 - - [02/Jan/2021:10:57:02 +0800] "GET /xingrg/javascript/easyui/themes/icons/check_new.png HTTP/1.1" 200 3224
172.17.0.108 - - [02/Jan/2021:10:57:02 +0800] "GET /xingrg/javascript/easyui/themes/icons/edit_add_new.png HTTP/1.1" 200 2997
172.17.0.108 - - [02/Jan/2021:10:57:02 +0800] "GET /xingrg/javascript/easyui/themes/icons/uncheck_new.png HTTP/1.1" 200 3197
172.17.0.108 - - [02/Jan/2021:10:57:02 +0800] "GET /xingrg/javascript/easyui/themes/icons/field_new.png HTTP/1.1" 200 1097
172.17.0.108 - - [02/Jan/2021:10:57:02 +0800] "GET /xingrg/javascript/easyui/plugins/jquery.parser.js HTTP/1.1" 200 1142
172.17.0.108 - - [02/Jan/2021:10:57:02 +0800] "POST /xingrg/kc/base/check_list_operate.html HTTP/1.1" 200 781
117.185.32.26 - - [02/Jan/2021:10:57:03 +0800] "POST /xingrg/kc/buy/cgsh_list_operate.html HTTP/1.1" 200 1699
183.192.164.71 - - [02/Jan/2021:10:57:04 +0800] "GET /xingrg/login.html HTTP/1.1" 200 7641
117.185.32.26 - - [02/Jan/2021:10:57:04 +0800] "GET /xingrg/kc/buy/cgsh_order_operate.html?command=get_materiel&rest_code=00106&code=00101008112&supplier_code=00100007&order_time=2021-01-02 HTTP/1.1" 200 414
114.84.4.90 - - [02/Jan/2021:10:57:05 +0800] "GET /xingrg/all/function/internal_message.html?_=1609556222585&CODE_STATE=getMsg HTTP/1.1" 200 27
117.185.32.26 - - [02/Jan/2021:10:57:05 +0800] "GET /xingrg/kc/buy/cgsh_order_add.html HTTP/1.1" 200 61378
117.185.32.26 - - [02/Jan/2021:10:57:05 +0800] "GET /xingrg/words/20210101173748_words.js HTTP/1.1" 200 784300
116.228.172.94 - - [02/Jan/2021:10:57:05 +0800] "GET /xingrg/kc/print/report_design.html?orderType=cgsh HTTP/1.1" 200 8625
116.228.172.94 - - [02/Jan/2021:10:57:05 +0800] "GET /xingrg/css/design.css HTTP/1.1" 200 2477
116.228.172.94 - - [02/Jan/2021:10:57:05 +0800] "GET /xingrg/javascript/easyui/themes/sunny/easyui.css HTTP/1.1" 200 34304
117.185.32.26 - - [02/Jan/2021:10:57:06 +0800] "POST /xingrg/kc/buy/cgsh_order_operate.html HTTP/1.1" 200 8245
117.185.32.26 - - [02/Jan/2021:10:57:06 +0800] "GET /xingrg/all/common/auto_word.html?type=employee&rest_code=00106 HTTP/1.1" 200 205
117.185.32.26 - - [02/Jan/2021:10:57:06 +0800] "GET /xingrg/all/common/auto_word.html?type=employee&rest_code=00106 HTTP/1.1" 200 205
117.185.32.26 - - [02/Jan/2021:10:57:06 +0800] "GET /xingrg/javascript/easyui/themes/default/validatebox.css HTTP/1.1" 404 1104
180.162.223.42 - - [02/Jan/2021:10:57:06 +0800] "GET /xingrg/all/function/internal_message.html?_=1609556227162&CODE_STATE=getMsg HTTP/1.1" 200 27
180.162.223.42 - - [02/Jan/2021:10:57:06 +0800] "GET /xingrg/check_reg.html?_=1609556227167 HTTP/1.1" 200 22
116.228.172.94 - - [02/Jan/2021:10:57:06 +0800] "GET /xingrg/javascript/easyui/jquery.easyui.min.js HTTP/1.1" 200 272531
116.228.172.94 - - [02/Jan/2021:10:57:06 +0800] "GET /xingrg/javascript/print/report.js HTTP/1.1" 200 10993
116.228.172.94 - - [02/Jan/2021:10:57:06 +0800] "GET /xingrg/javascript/print/report.helper.js HTTP/1.1" 200 7208
116.228.172.94 - - [02/Jan/2021:10:57:06 +0800] "GET /xingrg/javascript/easyui/themes/sunny/images/ui-bg_highlight-soft_100_feeebd_1x100.png HTTP/1.1" 200 108
116.228.172.94 - - [02/Jan/2021:10:57:06 +0800] "GET /xingrg/javascript/easyui/themes/sunny/images/ui-bg_gloss-wave_45_817865_500x100.png HTTP/1.1" 200 3971
116.228.172.94 - - [02/Jan/2021:10:57:06 +0800] "GET /xingrg/javascript/easyui/themes/sunny/images/ui-bg_gloss-wave_70_ffdd57_500x100.png HTTP/1.1" 200 3830
116.228.172.94 - - [02/Jan/2021:10:57:06 +0800] "GET /xingrg/javascript/easyui/themes/sunny/images/blank.gif HTTP/1.1" 200 43
116.228.172.94 - - [02/Jan/2021:10:57:06 +0800] "GET /xingrg/kc/print/design_operate.html?_=1609556226139&command=load_config&code=cgsh HTTP/1.1" 200 2747
116.228.172.94 - - [02/Jan/2021:10:57:06 +0800] "GET /xingrg/javascript/easyui/themes/sunny/images/ui-icons_fadc7a_256x240.png HTTP/1.1" 200 4369
116.228.172.94 - - [02/Jan/2021:10:57:06 +0800] "GET /xingrg/javascript/easyui/themes/sunny/images/ui-icons_bd7b00_256x240.png HTTP/1.1" 200 4369
172.17.0.115 - - [02/Jan/2021:10:57:07 +0800] "GET /xingrg/all/function/internal_message.html?_=1609556247081&CODE_STATE=getMsg HTTP/1.1" 200 27
222.69.134.163 - - [02/Jan/2021:10:57:07 +0800] "GET /xingrg/all/function/internal_message.html?_=1609556223203&CODE_STATE=getMsg HTTP/1.1" 200 27
172.17.0.108 - - [02/Jan/2021:10:57:07 +0800] "POST /xingrg/kc/base/check_list_operate.html HTTP/1.1" 200 5520
116.228.172.94 - - [02/Jan/2021:10:57:08 +0800] "GET /xingrg/kc/print/load_data.html?order_code=212021010200525&kc_code=cgsh&condition= HTTP/1.1" 200 1429
172.17.200.101 - - [02/Jan/2021:10:57:09 +0800] "GET /xingrg/all/function/internal_message.html?_=1609556234873&CODE_STATE=getMsg HTTP/1.1" 200 27
172.17.0.108 - - [02/Jan/2021:10:57:10 +0800] "GET /xingrg/kc/base/check_order_info.html?code=452020123100405 HTTP/1.1" 200 23090
172.17.0.108 - - [02/Jan/2021:10:57:10 +0800] "GET /xingrg/css/table.css HTTP/1.1" 200 3684
172.17.0.108 - - [02/Jan/2021:10:57:10 +0800] "GET /xingrg/javascript/AjaxInfoList.js HTTP/1.1" 200 3774
172.17.0.108 - - [02/Jan/2021:10:57:10 +0800] "GET /xingrg/dwr/interface/AjaxCheckService.js HTTP/1.1" 200 14003
172.17.0.108 - - [02/Jan/2021:10:57:10 +0800] "GET /xingrg/dwr/interface/AjaxComOrderService.js HTTP/1.1" 200 18264
172.17.0.108 - - [02/Jan/2021:10:57:10 +0800] "GET /xingrg/javascript/print/LodopFuncs.js HTTP/1.1" 200 5121
172.17.0.108 - - [02/Jan/2021:10:57:10 +0800] "GET /xingrg/javascript/convert.js HTTP/1.1" 200 1239
172.17.0.108 - - [02/Jan/2021:10:57:10 +0800] "GET /xingrg/dwr/util.js HTTP/1.1" 200 35990
172.17.0.108 - - [02/Jan/2021:10:57:10 +0800] "GET /xingrg/javascript/print/kc_print.js HTTP/1.1" 200 11415
172.17.0.108 - - [02/Jan/2021:10:57:10 +0800] "GET /xingrg/javascript/Calendar.js HTTP/1.1" 200 31561
172.17.0.108 - - [02/Jan/2021:10:57:10 +0800] "GET /xingrg/dwr/engine.js HTTP/1.1" 200 43631
172.17.0.108 - - [02/Jan/2021:10:57:11 +0800] "GET /xingrg/javascript/jquery_easy_ui/themes/icons/exam_new.png HTTP/1.1" 200 756
172.17.0.108 - - [02/Jan/2021:10:57:11 +0800] "GET /xingrg/javascript/jquery_easy_ui/themes/default/images/menu_downarrow.png HTTP/1.1" 200 173
172.17.0.108 - - [02/Jan/2021:10:57:11 +0800] "GET /xingrg/javascript/jquery_easy_ui/themes/icons/back_new.png HTTP/1.1" 200 3414
172.17.0.108 - - [02/Jan/2021:10:57:11 +0800] "GET /xingrg/javascript/jquery_easy_ui/themes/icons/uncheck_new.png HTTP/1.1" 200 3197
172.17.0.108 - - [02/Jan/2021:10:57:11 +0800] "GET /xingrg/javascript/jquery_easy_ui/themes/icons/print.png HTTP/1.1" 200 1057
172.17.0.108 - - [02/Jan/2021:10:57:11 +0800] "POST /xingrg/dwr/call/plaincall/AjaxCheckService.loadOrderItems.dwr HTTP/1.1" 200 84815
117.185.32.26 - - [02/Jan/2021:10:57:11 +0800] "GET /xingrg/all/function/internal_message.html?_=1609556229757&CODE_STATE=getMsg HTTP/1.1" 200 27
180.175.150.119 - - [02/Jan/2021:10:57:14 +0800] "GET /xingrg/all/function/internal_message.html?_=1609556471591&CODE_STATE=getMsg HTTP/1.1" 200 27
120.253.135.82 - - [02/Jan/2021:10:57:15 +0800] "GET /xingrg/all/function/internal_message.html?_=1609556281136&CODE_STATE=getMsg HTTP/1.1" 200 27
117.185.32.26 - - [02/Jan/2021:10:57:15 +0800] "GET /xingrg/kc/buy/cgsh_order_operate.html?command=get_materiel&rest_code=00106&code=00101008298&supplier_code=00100007&order_time=2021-01-02 HTTP/1.1" 200 413
101.91.60.11 - - [02/Jan/2021:10:57:15 +0800] "GET /xingrg/kc/buy/cgsh_order_operate.html?command=get_materiel&rest_code=00141&code=00101006111&supplier_code=00100036&order_time=2021-01-02 HTTP/1.1" 302 -
101.228.166.101 - - [02/Jan/2021:10:57:16 +0800] "GET /xingrg/check_reg.html?_=1609556238279 HTTP/1.1" 302 -
61.129.6.251 - - [02/Jan/2021:10:57:17 +0800] "GET /xingrg/all/function/internal_message.html?_=1609556016038&CODE_STATE=getMsg HTTP/1.1" 302 -
101.91.60.11 - - [02/Jan/2021:10:57:17 +0800] "GET /xingrg/login.html HTTP/1.1" 200 7641
61.129.6.251 - - [02/Jan/2021:10:57:22 +0800] "GET /xingrg/login.html HTTP/1.1" 200 7641
116.228.172.94 - - [02/Jan/2021:10:57:22 +0800] "GET /xingrg/kc/buy/cgsh_order_add.html HTTP/1.1" 200 61466
117.185.32.26 - - [02/Jan/2021:10:57:23 +0800] "POST /xingrg/kc/buy/cgsh_order_operate.html HTTP/1.1" 200 2065
116.228.172.94 - - [02/Jan/2021:10:57:23 +0800] "POST /xingrg/kc/buy/cgsh_order_operate.html HTTP/1.1" 200 8245
116.228.172.94 - - [02/Jan/2021:10:57:23 +0800] "GET /xingrg/javascript/easyui/themes/default/validatebox.css HTTP/1.1" 404 1104
61.129.6.151 - - [02/Jan/2021:10:57:23 +0800] "GET /xingrg/kc/buy/cgsh_order_operate.html?command=get_materiel&rest_code=00141&code=00101006055&supplier_code=00100036&order_time=2021-01-02 HTTP/1.1" 302 -
116.228.172.94 - - [02/Jan/2021:10:57:25 +0800] "GET /xingrg/javascript/easyui/themes/default/tree.css HTTP/1.1" 404 1090
116.228.172.94 - - [02/Jan/2021:10:57:25 +0800] "POST /xingrg/all/common/load_tree.html?tree=supplier_tree_json&isDelete=1 HTTP/1.1" 200 53432
222.69.133.109 - - [02/Jan/2021:10:57:25 +0800] "GET /xingrg/all/function/internal_message.html?_=1609556247986&CODE_STATE=getMsg HTTP/1.1" 200 27
61.129.6.151 - - [02/Jan/2021:10:57:26 +0800] "GET /xingrg/login.html HTTP/1.1" 200 7641
172.17.0.185 - - [02/Jan/2021:10:57:28 +0800] "GET /xingrg/all/function/internal_message.html?_=1609556249575&CODE_STATE=getMsg HTTP/1.1" 200 27
172.17.0.119 - - [02/Jan/2021:10:57:30 +0800] "GET /xingrg/all/function/internal_message.html?_=1609556251016&CODE_STATE=getMsg HTTP/1.1" 200 27
101.228.166.101 - - [02/Jan/2021:10:57:32 +0800] "GET /xingrg/all/function/internal_message.html?_=1609556275546&CODE_STATE=getMsg HTTP/1.1" 200 27
101.228.166.101 - - [02/Jan/2021:10:57:32 +0800] "GET /xingrg/check_reg.html?_=1609556275544 HTTP/1.1" 200 22
58.37.230.33 - - [02/Jan/2021:10:57:33 +0800] "GET /xingrg/check_reg.html?_=1609556255097 HTTP/1.1" 200 22
58.40.7.146 - - [02/Jan/2021:10:57:34 +0800] "GET /xingrg/all/function/internal_message.html?_=1609556255042&CODE_STATE=getMsg HTTP/1.1" 200 27
58.37.230.33 - - [02/Jan/2021:10:57:34 +0800] "GET /xingrg/all/function/internal_message.html?_=1609556255928&CODE_STATE=getMsg HTTP/1.1" 200 27
116.228.172.94 - - [02/Jan/2021:10:57:34 +0800] "GET /xingrg/all/function/internal_message.html?_=1609556254234&CODE_STATE=getMsg HTTP/1.1" 200 27
180.156.237.57 - - [02/Jan/2021:10:57:35 +0800] "GET /xingrg/all/function/internal_message.html?_=1609556237903&CODE_STATE=getMsg HTTP/1.1" 200 27
117.185.32.26 - - [02/Jan/2021:10:57:41 +0800] "GET /xingrg/kc/buy/cgsh_order_operate.html?command=get_materiel&rest_code=00106&code=00101008223&supplier_code=00100007&order_time=2021-01-02 HTTP/1.1" 200 412
117.185.32.26 - - [02/Jan/2021:10:57:43 +0800] "GET /xingrg/all/function/internal_message.html?_=1609556734910&CODE_STATE=getMsg HTTP/1.1" 200 27
183.192.164.71 - - [02/Jan/2021:10:57:44 +0800] "GET /xingrg/kc/buy/cgsh_order_operate.html?command=get_materiel&rest_code=00106&code=00101008224&supplier_code=00100007&order_time=2021-01-02 HTTP/1.1" 302 -
183.192.164.71 - - [02/Jan/2021:10:57:46 +0800] "GET /xingrg/login.html HTTP/1.1" 200 7641
117.131.5.26 - - [02/Jan/2021:10:57:47 +0800] "GET /xingrg/all/function/internal_message.html?_=1609556315691&CODE_STATE=getMsg HTTP/1.1" 200 27
116.228.172.94 - - [02/Jan/2021:10:57:47 +0800] "GET /xingrg/kc/buy/cgsh_order_operate.html?command=get_materiel&rest_code=00107&code=00101003006&supplier_code=00100092&order_time=2021-01-02 HTTP/1.1" 200 412
172.17.0.108 - - [02/Jan/2021:10:57:55 +0800] "GET /xingrg/all/function/internal_message.html?_=1609556276791&CODE_STATE=getMsg HTTP/1.1" 200 27
183.192.164.85 - - [02/Jan/2021:10:57:59 +0800] "GET /xingrg/kc/buy/cgsh_order_operate.html?command=get_materiel&rest_code=00106&code=00101008251&supplier_code=00100007&order_time=2021-01-02 HTTP/1.1" 302 -
116.228.172.94 - - [02/Jan/2021:10:57:59 +0800] "POST /xingrg/kc/buy/cgsh_order_operate.html HTTP/1.1" 200 37
117.185.32.26 - - [02/Jan/2021:10:58:00 +0800] "GET /xingrg/kc/buy/cgsh_order_operate.html?command=get_materiel&rest_code=00106&code=00101015006&supplier_code=00100007&order_time=2021-01-02 HTTP/1.1" 200 413
172.17.0.120 - - [02/Jan/2021:10:58:00 +0800] "GET /xingrg/all/function/internal_message.html?_=1609556280438&CODE_STATE=getMsg HTTP/1.1" 200 27
116.228.172.94 - - [02/Jan/2021:10:58:01 +0800] "POST /xingrg/kc/buy/cgsh_order_operate.html HTTP/1.1" 200 2660
116.228.172.94 - - [02/Jan/2021:10:58:02 +0800] "GET /xingrg/kc/print/load_data.html?order_code=212021010200526&kc_code=cgsh&condition= HTTP/1.1" 200 728
117.185.32.26 - - [02/Jan/2021:10:58:03 +0800] "POST /xingrg/kc/buy/cgsh_order_operate.html HTTP/1.1" 200 2065
183.192.164.85 - - [02/Jan/2021:10:58:04 +0800] "GET /xingrg/login.html HTTP/1.1" 200 7641
61.151.178.164 - - [02/Jan/2021:10:58:04 +0800] "GET /xingrg/kc/buy/cgsh_order_operate.html?command=get_materiel&rest_code=00141&code=00101006006&supplier_code=00100012&order_time=2021-01-02 HTTP/1.1" 302 -
114.84.4.90 - - [02/Jan/2021:10:58:04 +0800] "GET /xingrg/check_reg.html?_=1609556282242 HTTP/1.1" 200 22
114.84.4.90 - - [02/Jan/2021:10:58:05 +0800] "GET /xingrg/all/function/internal_message.html?_=1609556282598&CODE_STATE=getMsg HTTP/1.1" 200 27
180.162.223.42 - - [02/Jan/2021:10:58:06 +0800] "GET /xingrg/all/function/internal_message.html?_=1609556287117&CODE_STATE=getMsg HTTP/1.1" 200 27
116.228.172.94 - - [02/Jan/2021:10:58:07 +0800] "GET /xingrg/kc/buy/cgsh_order_add.html HTTP/1.1" 200 61466
172.17.0.115 - - [02/Jan/2021:10:58:07 +0800] "GET /xingrg/check_reg.html?_=1609556306971 HTTP/1.1" 200 22
172.17.0.115 - - [02/Jan/2021:10:58:07 +0800] "GET /xingrg/all/function/internal_message.html?_=1609556307095&CODE_STATE=getMsg HTTP/1.1" 200 27
117.185.32.26 - - [02/Jan/2021:10:58:07 +0800] "GET /xingrg/kc/buy/cgsh_order_operate.html?command=get_materiel&rest_code=00106&code=00101015044&supplier_code=00100007&order_time=2021-01-02 HTTP/1.1" 200 409
222.69.134.163 - - [02/Jan/2021:10:58:07 +0800] "GET /xingrg/all/function/internal_message.html?_=1609556283173&CODE_STATE=getMsg HTTP/1.1" 200 27
116.228.172.94 - - [02/Jan/2021:10:58:08 +0800] "GET /xingrg/javascript/easyui/themes/default/validatebox.css HTTP/1.1" 404 1104
116.228.172.94 - - [02/Jan/2021:10:58:08 +0800] "POST /xingrg/kc/buy/cgsh_order_operate.html HTTP/1.1" 200 8245
61.151.178.164 - - [02/Jan/2021:10:58:08 +0800] "GET /xingrg/login.html HTTP/1.1" 200 7641
116.228.172.94 - - [02/Jan/2021:10:58:09 +0800] "GET /xingrg/javascript/easyui/themes/default/tree.css HTTP/1.1" 404 1090
172.17.200.101 - - [02/Jan/2021:10:58:09 +0800] "GET /xingrg/all/function/internal_message.html?_=1609556294877&CODE_STATE=getMsg HTTP/1.1" 200 27
172.17.200.101 - - [02/Jan/2021:10:58:09 +0800] "GET /xingrg/check_reg.html?_=1609556294880 HTTP/1.1" 200 22
116.228.172.94 - - [02/Jan/2021:10:58:09 +0800] "POST /xingrg/all/common/load_tree.html?tree=supplier_tree_json&isDelete=1 HTTP/1.1" 200 53432
58.221.95.50 - - [02/Jan/2021:10:58:09 +0800] "GET /xingrg/check_reg.html?_=1609556290624 HTTP/1.1" 302 -
117.185.32.26 - - [02/Jan/2021:10:58:11 +0800] "GET /xingrg/all/function/internal_message.html?_=1609556289720&CODE_STATE=getMsg HTTP/1.1" 200 27
180.175.150.119 - - [02/Jan/2021:10:58:13 +0800] "GET /xingrg/all/function/internal_message.html?_=1609556531593&CODE_STATE=getMsg HTTP/1.1" 200 27
117.185.32.26 - - [02/Jan/2021:10:58:14 +0800] "POST /xingrg/kc/buy/cgsh_order_operate.html HTTP/1.1" 200 37
120.253.135.82 - - [02/Jan/2021:10:58:15 +0800] "GET /xingrg/all/function/internal_message.html?_=1609556341158&CODE_STATE=getMsg HTTP/1.1" 200 27
117.185.32.26 - - [02/Jan/2021:10:58:15 +0800] "POST /xingrg/kc/buy/cgsh_order_operate.html HTTP/1.1" 200 32180
183.192.164.97 - - [02/Jan/2021:10:58:20 +0800] "GET /xingrg/check_reg.html?_=1609556044733 HTTP/1.1" 302 -
183.192.164.97 - - [02/Jan/2021:10:58:23 +0800] "GET /xingrg/login.html HTTP/1.1" 200 7641
222.69.133.109 - - [02/Jan/2021:10:58:25 +0800] "GET /xingrg/all/function/internal_message.html?_=1609556307989&CODE_STATE=getMsg HTTP/1.1" 200 27
116.228.172.94 - - [02/Jan/2021:10:58:27 +0800] "GET /xingrg/kc/buy/cgsh_order_operate.html?command=get_materiel&rest_code=00107&code=00101006038&supplier_code=00100342&order_time=2021-01-02 HTTP/1.1" 200 421
172.17.0.185 - - [02/Jan/2021:10:58:28 +0800] "GET /xingrg/all/function/internal_message.html?_=1609556309581&CODE_STATE=getMsg HTTP/1.1" 200 27
172.17.0.119 - - [02/Jan/2021:10:58:30 +0800] "GET /xingrg/all/function/internal_message.html?_=1609556311002&CODE_STATE=getMsg HTTP/1.1" 200 27
101.228.166.101 - - [02/Jan/2021:10:58:32 +0800] "GET /xingrg/all/function/internal_message.html?_=1609556335561&CODE_STATE=getMsg HTTP/1.1" 200 27
58.40.7.146 - - [02/Jan/2021:10:58:34 +0800] "GET /xingrg/all/function/internal_message.html?_=1609556315045&CODE_STATE=getMsg HTTP/1.1" 200 27
58.37.230.33 - - [02/Jan/2021:10:58:34 +0800] "GET /xingrg/all/function/internal_message.html?_=1609556315898&CODE_STATE=getMsg HTTP/1.1" 200 27
180.156.237.57 - - [02/Jan/2021:10:58:34 +0800] "GET /xingrg/check_reg.html?_=1609556297715 HTTP/1.1" 200 22
180.156.237.57 - - [02/Jan/2021:10:58:35 +0800] "GET /xingrg/all/function/internal_message.html?_=1609556297917&CODE_STATE=getMsg HTTP/1.1" 200 27
61.151.178.177 - - [02/Jan/2021:10:58:35 +0800] "GET /xingrg/kc/buy/cgsh_order_operate.html?command=get_materiel&rest_code=00141&code=00101006062&supplier_code=00100012&order_time=2021-01-02 HTTP/1.1" 302 -
116.228.172.94 - - [02/Jan/2021:10:58:35 +0800] "GET /xingrg/all/function/internal_message.html?_=1609556314248&CODE_STATE=getMsg HTTP/1.1" 200 27
116.228.172.94 - - [02/Jan/2021:10:58:37 +0800] "POST /xingrg/kc/buy/cgsh_order_operate.html HTTP/1.1" 200 37
116.228.172.94 - - [02/Jan/2021:10:58:38 +0800] "POST /xingrg/kc/buy/cgsh_order_operate.html HTTP/1.1" 200 2667
61.151.178.177 - - [02/Jan/2021:10:58:39 +0800] "GET /xingrg/login.html HTTP/1.1" 200 7641
116.228.172.94 - - [02/Jan/2021:10:58:40 +0800] "GET /xingrg/kc/print/load_data.html?order_code=212021010200527&kc_code=cgsh&condition= HTTP/1.1" 200 696
117.185.32.26 - - [02/Jan/2021:10:58:43 +0800] "GET /xingrg/all/function/internal_message.html?_=1609556794920&CODE_STATE=getMsg HTTP/1.1" 200 27
116.228.172.94 - - [02/Jan/2021:10:58:44 +0800] "GET /xingrg/kc/buy/cgsh_order_add.html HTTP/1.1" 200 61466
120.204.17.72 - - [02/Jan/2021:10:58:44 +0800] "GET /xingrg/all/function/internal_message.html?_=1609556109717&CODE_STATE=getMsg HTTP/1.1" 302 -
116.228.172.94 - - [02/Jan/2021:10:58:45 +0800] "GET /xingrg/javascript/easyui/themes/default/validatebox.css HTTP/1.1" 404 1104
116.228.172.94 - - [02/Jan/2021:10:58:45 +0800] "POST /xingrg/kc/buy/cgsh_order_operate.html HTTP/1.1" 200 8245
116.228.172.94 - - [02/Jan/2021:10:58:46 +0800] "GET /xingrg/javascript/easyui/themes/default/tree.css HTTP/1.1" 404 1090
116.228.172.94 - - [02/Jan/2021:10:58:46 +0800] "POST /xingrg/all/common/load_tree.html?tree=supplier_tree_json&isDelete=1 HTTP/1.1" 200 53432
101.228.166.101 - - [02/Jan/2021:10:58:47 +0800] "GET /xingrg/kc/buy/cgsh_order_list.html HTTP/1.1" 200 45647
117.131.5.26 - - [02/Jan/2021:10:58:47 +0800] "GET /xingrg/all/function/internal_message.html?_=1609556375681&CODE_STATE=getMsg HTTP/1.1" 200 27
101.228.166.101 - - [02/Jan/2021:10:58:48 +0800] "POST /xingrg/kc/buy/cgsh_list_operate.html HTTP/1.1" 200 3135
120.204.17.72 - - [02/Jan/2021:10:58:48 +0800] "GET /xingrg/login.html HTTP/1.1" 200 7641
120.204.17.72 - - [02/Jan/2021:10:58:54 +0800] "GET /xingrg/kc/buy/cgsh_order_operate.html?command=get_materiel&rest_code=00106&code=00101008488&supplier_code=00100007&order_time=2021-01-02 HTTP/1.1" 302 -
172.17.0.108 - - [02/Jan/2021:10:58:55 +0800] "GET /xingrg/all/function/internal_message.html?_=1609556336824&CODE_STATE=getMsg HTTP/1.1" 200 27
120.204.17.72 - - [02/Jan/2021:10:59:00 +0800] "GET /xingrg/login.html HTTP/1.1" 200 7641
172.17.0.120 - - [02/Jan/2021:10:59:00 +0800] "GET /xingrg/all/function/internal_message.html?_=1609556340411&CODE_STATE=getMsg HTTP/1.1" 200 27
116.228.172.94 - - [02/Jan/2021:10:59:02 +0800] "GET /xingrg/kc/buy/cgsh_order_operate.html?command=get_materiel&rest_code=00107&code=00101002006&supplier_code=00100091&order_time=2021-01-02 HTTP/1.1" 200 414
114.84.4.90 - - [02/Jan/2021:10:59:05 +0800] "GET /xingrg/all/function/internal_message.html?_=1609556342614&CODE_STATE=getMsg HTTP/1.1" 200 27
180.162.223.42 - - [02/Jan/2021:10:59:06 +0800] "GET /xingrg/all/function/internal_message.html?_=1609556347088&CODE_STATE=getMsg HTTP/1.1" 200 27
117.185.32.26 - - [02/Jan/2021:10:59:06 +0800] "GET /xingrg/check_reg.html?_=1609556344751 HTTP/1.1" 200 22
183.192.164.85 - - [02/Jan/2021:10:59:07 +0800] "GET /xingrg/kc/buy/cgsh_order_operate.html?command=get_materiel&rest_code=00106&code=00101015006&supplier_code=00100007&order_time=2021-01-02 HTTP/1.1" 302 -
172.17.0.115 - - [02/Jan/2021:10:59:07 +0800] "GET /xingrg/all/function/internal_message.html?_=1609556367107&CODE_STATE=getMsg HTTP/1.1" 200 27
222.69.134.163 - - [02/Jan/2021:10:59:07 +0800] "GET /xingrg/all/function/internal_message.html?_=1609556343156&CODE_STATE=getMsg HTTP/1.1" 200 27
117.185.32.26 - - [02/Jan/2021:10:59:08 +0800] "GET /xingrg/javascript/easyui/themes/default/tree.css HTTP/1.1" 404 1090
117.185.32.26 - - [02/Jan/2021:10:59:08 +0800] "POST /xingrg/all/common/load_tree.html?tree=supplier_tree_json&isDelete=1 HTTP/1.1" 200 53432
222.69.134.163 - - [02/Jan/2021:10:59:08 +0800] "GET /xingrg/check_reg.html?_=1609556344133 HTTP/1.1" 200 22
172.17.200.101 - - [02/Jan/2021:10:59:09 +0800] "GET /xingrg/all/function/internal_message.html?_=1609556354884&CODE_STATE=getMsg HTTP/1.1" 200 27
117.185.32.26 - - [02/Jan/2021:10:59:11 +0800] "GET /xingrg/all/function/internal_message.html?_=1609556349624&CODE_STATE=getMsg HTTP/1.1" 200 27
183.192.164.85 - - [02/Jan/2021:10:59:13 +0800] "GET /xingrg/login.html HTTP/1.1" 200 7641
180.175.150.119 - - [02/Jan/2021:10:59:14 +0800] "GET /xingrg/all/function/internal_message.html?_=1609556591832&CODE_STATE=getMsg HTTP/1.1" 200 27
120.253.135.82 - - [02/Jan/2021:10:59:15 +0800] "GET /xingrg/all/function/internal_message.html?_=1609556401163&CODE_STATE=getMsg HTTP/1.1" 200 27
101.228.166.101 - - [02/Jan/2021:10:59:19 +0800] "GET /xingrg/kc/buy/cgsh_order_add.html HTTP/1.1" 200 61384
101.228.166.101 - - [02/Jan/2021:10:59:19 +0800] "POST /xingrg/kc/buy/cgsh_order_operate.html HTTP/1.1" 200 8245
101.228.166.101 - - [02/Jan/2021:10:59:19 +0800] "GET /xingrg/javascript/easyui/themes/default/validatebox.css HTTP/1.1" 404 1104
222.69.133.109 - - [02/Jan/2021:10:59:25 +0800] "GET /xingrg/all/function/internal_message.html?_=1609556367991&CODE_STATE=getMsg HTTP/1.1" 200 27
183.192.164.97 - - [02/Jan/2021:10:59:25 +0800] "GET /xingrg/kc/buy/cgsh_order_operate.html?command=get_materiel&rest_code=00106&code=00101008213&supplier_code=00100007&order_time=2021-01-02 HTTP/1.1" 302 -
183.192.164.85 - - [02/Jan/2021:10:59:27 +0800] "GET /xingrg/kc/buy/cgsh_order_operate.html?command=get_materiel&rest_code=00106&code=00101008242&supplier_code=00100007&order_time=2021-01-02 HTTP/1.1" 302 -
172.17.0.185 - - [02/Jan/2021:10:59:28 +0800] "GET /xingrg/all/function/internal_message.html?_=1609556369569&CODE_STATE=getMsg HTTP/1.1" 200 27
172.17.0.185 - - [02/Jan/2021:10:59:28 +0800] "GET /xingrg/check_reg.html?_=1609556369570 HTTP/1.1" 200 22
183.192.164.97 - - [02/Jan/2021:10:59:29 +0800] "GET /xingrg/kc/buy/cgsh_order_operate.html?command=get_materiel&rest_code=00106&code=00101008283&supplier_code=00100007&order_time=2021-01-02 HTTP/1.1" 302 -
172.17.0.119 - - [02/Jan/2021:10:59:30 +0800] "GET /xingrg/all/function/internal_message.html?_=1609556371012&CODE_STATE=getMsg HTTP/1.1" 200 27
183.192.164.97 - - [02/Jan/2021:10:59:30 +0800] "GET /xingrg/login.html HTTP/1.1" 200 7641
101.228.166.101 - - [02/Jan/2021:10:59:32 +0800] "GET /xingrg/all/function/internal_message.html?_=1609556395575&CODE_STATE=getMsg HTTP/1.1" 200 27
58.40.7.146 - - [02/Jan/2021:10:59:34 +0800] "GET /xingrg/all/function/internal_message.html?_=1609556375048&CODE_STATE=getMsg HTTP/1.1" 200 27
58.37.230.33 - - [02/Jan/2021:10:59:34 +0800] "GET /xingrg/all/function/internal_message.html?_=1609556375875&CODE_STATE=getMsg HTTP/1.1" 200 27
116.228.172.94 - - [02/Jan/2021:10:59:34 +0800] "GET /xingrg/check_reg.html?_=1609556374171 HTTP/1.1" 200 22
116.228.172.94 - - [02/Jan/2021:10:59:34 +0800] "GET /xingrg/all/function/internal_message.html?_=1609556374225&CODE_STATE=getMsg HTTP/1.1" 200 27
180.156.237.57 - - [02/Jan/2021:10:59:35 +0800] "GET /xingrg/all/function/internal_message.html?_=1609556357930&CODE_STATE=getMsg HTTP/1.1" 200 27
183.192.164.85 - - [02/Jan/2021:10:59:35 +0800] "GET /xingrg/login.html HTTP/1.1" 200 7641
183.192.164.97 - - [02/Jan/2021:10:59:38 +0800] "GET /xingrg/login.html HTTP/1.1" 200 7641
101.228.166.101 - - [02/Jan/2021:10:59:41 +0800] "GET /xingrg/kc/buy/cgsh_order_operate.html?command=get_materiel&rest_code=00146&code=00101009062&supplier_code=00100023&order_time=2021-01-02 HTTP/1.1" 200 412
117.185.32.26 - - [02/Jan/2021:10:59:43 +0800] "GET /xingrg/all/function/internal_message.html?_=1609556854920&CODE_STATE=getMsg HTTP/1.1" 200 27
117.131.5.26 - - [02/Jan/2021:10:59:47 +0800] "GET /xingrg/all/function/internal_message.html?_=1609556435686&CODE_STATE=getMsg HTTP/1.1" 200 27
172.17.0.108 - - [02/Jan/2021:10:59:55 +0800] "GET /xingrg/all/function/internal_message.html?_=1609556396807&CODE_STATE=getMsg HTTP/1.1" 200 27
101.228.166.101 - - [02/Jan/2021:10:59:56 +0800] "GET /xingrg/kc/buy/cgsh_order_operate.html?command=get_materiel&rest_code=00146&code=00101008323&supplier_code=00100023&order_time=2021-01-02 HTTP/1.1" 200 408
172.17.0.120 - - [02/Jan/2021:11:00:00 +0800] "GET /xingrg/check_reg.html?_=1609556400319 HTTP/1.1" 200 22
172.17.0.120 - - [02/Jan/2021:11:00:00 +0800] "GET /xingrg/all/function/internal_message.html?_=1609556400387&CODE_STATE=getMsg HTTP/1.1" 200 27
114.84.4.90 - - [02/Jan/2021:11:00:05 +0800] "GET /xingrg/all/function/internal_message.html?_=1609556402641&CODE_STATE=getMsg HTTP/1.1" 200 27
180.162.223.42 - - [02/Jan/2021:11:00:06 +0800] "GET /xingrg/all/function/internal_message.html?_=1609556407068&CODE_STATE=getMsg HTTP/1.1" 200 27
172.17.0.115 - - [02/Jan/2021:11:00:07 +0800] "GET /xingrg/all/function/internal_message.html?_=1609556427121&CODE_STATE=getMsg HTTP/1.1" 200 27
222.69.134.163 - - [02/Jan/2021:11:00:07 +0800] "GET /xingrg/all/function/internal_message.html?_=1609556403148&CODE_STATE=getMsg HTTP/1.1" 200 27
117.185.32.26 - - [02/Jan/2021:11:00:08 +0800] "GET /xingrg/javascript/auto/indicator.gif HTTP/1.1" 404 1066
172.17.200.101 - - [02/Jan/2021:11:00:09 +0800] "GET /xingrg/all/function/internal_message.html?_=1609556414887&CODE_STATE=getMsg HTTP/1.1" 200 27
117.185.32.26 - - [02/Jan/2021:11:00:11 +0800] "GET /xingrg/all/function/internal_message.html?_=1609556409595&CODE_STATE=getMsg HTTP/1.1" 200 27
117.185.32.26 - - [02/Jan/2021:11:00:13 +0800] "GET /xingrg/kc/buy/cgsh_order_operate.html?command=get_materiel&rest_code=00106&code=00101002006&supplier_code=00100091&order_time=2021-01-02 HTTP/1.1" 200 414
180.175.150.119 - - [02/Jan/2021:11:00:14 +0800] "GET /xingrg/all/function/internal_message.html?_=1609556651884&CODE_STATE=getMsg HTTP/1.1" 200 27
120.253.135.82 - - [02/Jan/2021:11:00:14 +0800] "GET /xingrg/check_reg.html?_=1609556460653 HTTP/1.1" 200 22
120.253.135.82 - - [02/Jan/2021:11:00:15 +0800] "GET /xingrg/all/function/internal_message.html?_=1609556461177&CODE_STATE=getMsg HTTP/1.1" 200 27
222.69.133.109 - - [02/Jan/2021:11:00:25 +0800] "GET /xingrg/all/function/internal_message.html?_=1609556427993&CODE_STATE=getMsg HTTP/1.1" 200 27
222.69.133.109 - - [02/Jan/2021:11:00:25 +0800] "GET /xingrg/check_reg.html?_=1609556427997 HTTP/1.1" 200 22
172.17.200.101 - - [02/Jan/2021:11:00:27 +0800] "POST /xingrg/all/report/load_report_page.html HTTP/1.1" 200 6662
172.17.200.101 - - [02/Jan/2021:11:00:27 +0800] "GET /xingrg/servlets/image?cache=0.8203966369122047&image=px HTTP/1.1" 200 807
180.162.223.42 - - [02/Jan/2021:11:00:28 +0800] "GET /xingrg/kc/buy/cgsh_order_operate.html?command=get_materiel&rest_code=00105&code=00101001060&supplier_code=00100347&order_time=2021-01-02 HTTP/1.1" 200 421
172.17.0.185 - - [02/Jan/2021:11:00:28 +0800] "GET /xingrg/all/function/internal_message.html?_=1609556429571&CODE_STATE=getMsg HTTP/1.1" 200 27
172.17.0.119 - - [02/Jan/2021:11:00:30 +0800] "GET /xingrg/check_reg.html?_=1609556431016 HTTP/1.1" 200 22
172.17.0.119 - - [02/Jan/2021:11:00:30 +0800] "GET /xingrg/all/function/internal_message.html?_=1609556431018&CODE_STATE=getMsg HTTP/1.1" 200 27
120.204.17.73 - - [02/Jan/2021:11:00:32 +0800] "GET /xingrg/kc/buy/cgsh_order_operate.html?command=get_materiel&rest_code=00106&code=00101008350&supplier_code=00100007&order_time=2021-01-02 HTTP/1.1" 302 -
101.228.166.101 - - [02/Jan/2021:11:00:32 +0800] "GET /xingrg/all/function/internal_message.html?_=1609556455587&CODE_STATE=getMsg HTTP/1.1" 200 27
58.40.7.146 - - [02/Jan/2021:11:00:34 +0800] "GET /xingrg/all/function/internal_message.html?_=1609556435051&CODE_STATE=getMsg HTTP/1.1" 200 27
58.37.230.33 - - [02/Jan/2021:11:00:34 +0800] "GET /xingrg/all/function/internal_message.html?_=1609556435845&CODE_STATE=getMsg HTTP/1.1" 200 27
116.228.172.94 - - [02/Jan/2021:11:00:34 +0800] "GET /xingrg/all/function/internal_message.html?_=1609556434197&CODE_STATE=getMsg HTTP/1.1" 200 27
180.156.237.57 - - [02/Jan/2021:11:00:35 +0800] "GET /xingrg/all/function/internal_message.html?_=1609556417944&CODE_STATE=getMsg HTTP/1.1" 200 27
120.204.17.73 - - [02/Jan/2021:11:00:37 +0800] "GET /xingrg/login.html HTTP/1.1" 200 7641
117.185.32.26 - - [02/Jan/2021:11:00:43 +0800] "GET /xingrg/check_reg.html?_=1609556915006 HTTP/1.1" 200 22
117.185.32.26 - - [02/Jan/2021:11:00:43 +0800] "GET /xingrg/all/function/internal_message.html?_=1609556915007&CODE_STATE=getMsg HTTP/1.1" 200 27
117.185.32.26 - - [02/Jan/2021:11:00:44 +0800] "GET /xingrg/kc/buy/cgsh_order_operate.html?command=get_materiel&rest_code=00106&code=00101002034&supplier_code=00100091&order_time=2021-01-02 HTTP/1.1" 200 409
117.131.5.26 - - [02/Jan/2021:11:00:47 +0800] "GET /xingrg/all/function/internal_message.html?_=1609556495691&CODE_STATE=getMsg HTTP/1.1" 200 27
117.131.5.26 - - [02/Jan/2021:11:00:47 +0800] "GET /xingrg/check_reg.html?_=1609556495692 HTTP/1.1" 200 22
180.162.223.42 - - [02/Jan/2021:11:00:55 +0800] "GET /xingrg/kc/buy/cgsh_order_operate.html?command=get_materiel&rest_code=00105&code=00101008055&supplier_code=00100347&order_time=2021-01-02 HTTP/1.1" 200 409
172.17.0.108 - - [02/Jan/2021:11:00:55 +0800] "GET /xingrg/all/function/internal_message.html?_=1609556456812&CODE_STATE=getMsg HTTP/1.1" 200 27
172.17.0.120 - - [02/Jan/2021:11:01:00 +0800] "GET /xingrg/all/function/internal_message.html?_=1609556460366&CODE_STATE=getMsg HTTP/1.1" 200 27
114.84.4.90 - - [02/Jan/2021:11:01:05 +0800] "GET /xingrg/all/function/internal_message.html?_=1609556462673&CODE_STATE=getMsg HTTP/1.1" 200 27
180.162.223.42 - - [02/Jan/2021:11:01:06 +0800] "GET /xingrg/all/function/internal_message.html?_=1609556467046&CODE_STATE=getMsg HTTP/1.1" 200 27
101.228.166.101 - - [02/Jan/2021:11:01:06 +0800] "GET /xingrg/kc/buy/cgsh_order_operate.html?command=get_materiel&rest_code=00146&code=00101009016&supplier_code=00100023&order_time=2021-01-02 HTTP/1.1" 200 412
172.17.0.115 - - [02/Jan/2021:11:01:07 +0800] "GET /xingrg/all/function/internal_message.html?_=1609556487140&CODE_STATE=getMsg HTTP/1.1" 200 27
222.69.134.163 - - [02/Jan/2021:11:01:07 +0800] "GET /xingrg/all/function/internal_message.html?_=1609556463121&CODE_STATE=getMsg HTTP/1.1" 200 27
180.162.223.42 - - [02/Jan/2021:11:01:07 +0800] "GET /xingrg/kc/buy/cgsh_order_operate.html?command=get_materiel&rest_code=00105&code=00101006249&supplier_code=00100347&order_time=2021-01-02 HTTP/1.1" 200 405
120.253.135.82 - - [02/Jan/2021:11:01:08 +0800] "GET /xingrg/check_reg.html?_=1609556226546 HTTP/1.1" 200 22
172.17.200.101 - - [02/Jan/2021:11:01:09 +0800] "GET /xingrg/all/function/internal_message.html?_=1609556474874&CODE_STATE=getMsg HTTP/1.1" 200 27
117.185.32.26 - - [02/Jan/2021:11:01:11 +0800] "GET /xingrg/all/function/internal_message.html?_=1609556469569&CODE_STATE=getMsg HTTP/1.1" 200 27
120.204.17.70 - - [02/Jan/2021:11:01:12 +0800] "GET /xingrg/all/function/internal_message.html?_=1609556229757&CODE_STATE=getMsg HTTP/1.1" 302 -
180.175.150.119 - - [02/Jan/2021:11:01:13 +0800] "GET /xingrg/check_reg.html?_=1609556710883 HTTP/1.1" 200 22
180.175.150.119 - - [02/Jan/2021:11:01:14 +0800] "GET /xingrg/all/function/internal_message.html?_=1609556711943&CODE_STATE=getMsg HTTP/1.1" 200 27
120.253.135.82 - - [02/Jan/2021:11:01:15 +0800] "GET /xingrg/all/function/internal_message.html?_=1609556521190&CODE_STATE=getMsg HTTP/1.1" 200 27
120.204.17.70 - - [02/Jan/2021:11:01:16 +0800] "GET /xingrg/login.html HTTP/1.1" 200 7641
183.192.164.85 - - [02/Jan/2021:11:01:16 +0800] "GET /xingrg/all/function/internal_message.html?_=1609556409595&CODE_STATE=getMsg HTTP/1.1" 302 -
180.162.223.42 - - [02/Jan/2021:11:01:25 +0800] "GET /xingrg/kc/buy/cgsh_order_operate.html?command=get_materiel&rest_code=00105&code=00102002167&supplier_code=00100347&order_time=2021-01-02 HTTP/1.1" 200 409
183.192.164.85 - - [02/Jan/2021:11:01:25 +0800] "GET /xingrg/login.html HTTP/1.1" 200 7641
222.69.133.109 - - [02/Jan/2021:11:01:25 +0800] "GET /xingrg/all/function/internal_message.html?_=1609556487983&CODE_STATE=getMsg HTTP/1.1" 200 27
172.17.0.185 - - [02/Jan/2021:11:01:28 +0800] "GET /xingrg/all/function/internal_message.html?_=1609556489573&CODE_STATE=getMsg HTTP/1.1" 200 27
172.17.0.119 - - [02/Jan/2021:11:01:30 +0800] "GET /xingrg/all/function/internal_message.html?_=1609556491006&CODE_STATE=getMsg HTTP/1.1" 200 27
180.162.223.42 - - [02/Jan/2021:11:01:31 +0800] "GET /xingrg/kc/buy/cgsh_order_operate.html?command=get_materiel&rest_code=00105&code=00101005022&supplier_code=00100347&order_time=2021-01-02 HTTP/1.1" 200 417
61.129.8.179 - - [02/Jan/2021:11:01:31 +0800] "GET /xingrg/check_reg.html?_=1609556255097 HTTP/1.1" 302 -
101.228.166.101 - - [02/Jan/2021:11:01:32 +0800] "GET /xingrg/all/function/internal_message.html?_=1609556515601&CODE_STATE=getMsg HTTP/1.1" 200 27
117.185.32.26 - - [02/Jan/2021:11:01:33 +0800] "POST /xingrg/kc/buy/cgsh_order_operate.html HTTP/1.1" 200 37
58.40.7.146 - - [02/Jan/2021:11:01:34 +0800] "GET /xingrg/check_reg.html?_=1609556495037 HTTP/1.1" 200 22
58.40.7.146 - - [02/Jan/2021:11:01:34 +0800] "GET /xingrg/all/function/internal_message.html?_=1609556495039&CODE_STATE=getMsg HTTP/1.1" 200 27
58.37.230.33 - - [02/Jan/2021:11:01:34 +0800] "GET /xingrg/all/function/internal_message.html?_=1609556495822&CODE_STATE=getMsg HTTP/1.1" 200 27
116.228.172.94 - - [02/Jan/2021:11:01:34 +0800] "GET /xingrg/all/function/internal_message.html?_=1609556494174&CODE_STATE=getMsg HTTP/1.1" 200 27
61.129.8.179 - - [02/Jan/2021:11:01:35 +0800] "GET /xingrg/all/function/internal_message.html?_=1609556255928&CODE_STATE=getMsg HTTP/1.1" 302 -
180.156.237.57 - - [02/Jan/2021:11:01:35 +0800] "GET /xingrg/all/function/internal_message.html?_=1609556477971&CODE_STATE=getMsg HTTP/1.1" 200 27
61.129.8.179 - - [02/Jan/2021:11:01:36 +0800] "GET /xingrg/login.html HTTP/1.1" 200 7641
117.185.32.26 - - [02/Jan/2021:11:01:36 +0800] "POST /xingrg/kc/buy/cgsh_order_operate.html HTTP/1.1" 200 12
117.185.32.26 - - [02/Jan/2021:11:01:37 +0800] "GET /xingrg/kc/buy/cgsh_order_info.html?code=212021010200528 HTTP/1.1" 200 56285
61.129.8.179 - - [02/Jan/2021:11:01:37 +0800] "GET /xingrg/login.html HTTP/1.1" 200 7641
117.185.32.26 - - [02/Jan/2021:11:01:37 +0800] "GET /xingrg/javascript/easyui/themes/default/validatebox.css HTTP/1.1" 404 1104
117.185.32.26 - - [02/Jan/2021:11:01:38 +0800] "POST /xingrg/kc/buy/cgsh_order_operate.html HTTP/1.1" 200 1202
117.185.32.26 - - [02/Jan/2021:11:01:41 +0800] "GET /xingrg/kc/print/load_config.html?kc_code=cgsh HTTP/1.1" 200 1845
117.185.32.26 - - [02/Jan/2021:11:01:41 +0800] "GET /xingrg/kc/print/load_data.html?order_code=212021010200528&kc_code=cgsh&condition= HTTP/1.1" 200 994
117.185.32.26 - - [02/Jan/2021:11:01:43 +0800] "GET /xingrg/all/function/internal_message.html?_=1609556974999&CODE_STATE=getMsg HTTP/1.1" 200 27
58.37.230.33 - - [02/Jan/2021:11:01:45 +0800] "POST /xingrg/kc/buy/cgsh_order_operate.html HTTP/1.1" 200 37
117.131.5.26 - - [02/Jan/2021:11:01:47 +0800] "GET /xingrg/all/function/internal_message.html?_=1609556555681&CODE_STATE=getMsg HTTP/1.1" 200 27
58.37.230.33 - - [02/Jan/2021:11:01:48 +0800] "POST /xingrg/kc/buy/cgsh_order_operate.html HTTP/1.1" 200 12
172.17.0.120 - - [02/Jan/2021:11:01:48 +0800] "POST /xingrg/all/user/operate.html HTTP/1.1" 200 36
172.17.0.120 - - [02/Jan/2021:11:01:48 +0800] "GET /xingrg/index.html?sysBaseUrl=http%3A%2F%2F172.17.0.8%3A18081%2Fxingrg%2F&costTime=40×tamp=1609555703684 HTTP/1.1" 200 17454
172.17.0.120 - - [02/Jan/2021:11:01:48 +0800] "GET /xingrg/javascript/jquery_easy_ui/themes/default/easyui.css HTTP/1.1" 304 -
172.17.0.120 - - [02/Jan/2021:11:01:48 +0800] "GET /xingrg/javascript/jquery_easy_ui/themes/icon.css HTTP/1.1" 304 -
172.17.0.120 - - [02/Jan/2021:11:01:48 +0800] "GET /xingrg/css/form.css HTTP/1.1" 304 -
172.17.0.120 - - [02/Jan/2021:11:01:48 +0800] "GET /xingrg/javascript/jquery-1.4.2.min.js HTTP/1.1" 304 -
172.17.0.120 - - [02/Jan/2021:11:01:48 +0800] "GET /xingrg/javascript/jquery_easy_ui/jquery.easyui.min.js HTTP/1.1" 304 -
172.17.0.120 - - [02/Jan/2021:11:01:48 +0800] "GET /xingrg/javascript/jquery_easy_ui/easyui-lang-zh_CN.js HTTP/1.1" 304 -
172.17.0.120 - - [02/Jan/2021:11:01:48 +0800] "GET /xingrg/javascript/jquery.form.js HTTP/1.1" 304 -
172.17.0.120 - - [02/Jan/2021:11:01:48 +0800] "GET /xingrg/javascript/jquery.utils.js HTTP/1.1" 304 -
172.17.0.120 - - [02/Jan/2021:11:01:48 +0800] "GET /xingrg/javascript/jquery.timers.js HTTP/1.1" 304 -
172.17.0.120 - - [02/Jan/2021:11:01:48 +0800] "GET /xingrg/images/blue/jxLogo.png HTTP/1.1" 304 -
172.17.0.120 - - [02/Jan/2021:11:01:48 +0800] "GET /xingrg/images/blue/navBackgound.jpg HTTP/1.1" 304 -
172.17.0.120 - - [02/Jan/2021:11:01:48 +0800] "GET /xingrg/javascript/jquery_easy_ui/themes/icons/settle_new.png HTTP/1.1" 304 -
172.17.0.120 - - [02/Jan/2021:11:01:48 +0800] "POST /xingrg/all/common/load_tree.html?tree=area_rest_tree_json&manage=1 HTTP/1.1" 200 3344
172.17.0.120 - - [02/Jan/2021:11:01:48 +0800] "GET /xingrg/all/function/internal_message.html?_=1609556508141&CODE_STATE=count HTTP/1.1" 200 11
172.17.0.120 - - [02/Jan/2021:11:01:48 +0800] "GET /xingrg/check_reg.html?_=1609556508142 HTTP/1.1" 200 22
172.17.0.120 - - [02/Jan/2021:11:01:48 +0800] "GET /xingrg/images/blue/pingpu.png HTTP/1.1" 304 -
172.17.0.120 - - [02/Jan/2021:11:01:48 +0800] "GET /xingrg/javascript/jquery_easy_ui/themes/default/images/tabs_leftarrow.png HTTP/1.1" 304 -
172.17.0.120 - - [02/Jan/2021:11:01:48 +0800] "GET /xingrg/javascript/jquery_easy_ui/themes/default/images/panel_tool_collapse.gif HTTP/1.1" 304 -
172.17.0.120 - - [02/Jan/2021:11:01:48 +0800] "GET /xingrg/javascript/jquery_easy_ui/themes/default/images/panel_tool_expand.gif HTTP/1.1" 304 -
172.17.0.120 - - [02/Jan/2021:11:01:48 +0800] "GET /xingrg/javascript/jquery_easy_ui/themes/default/images/tabs_rightarrow.png HTTP/1.1" 304 -
172.17.0.120 - - [02/Jan/2021:11:01:48 +0800] "POST /xingrg/load_menu.html HTTP/1.1" 200 9924
58.37.230.33 - - [02/Jan/2021:11:01:48 +0800] "GET /xingrg/kc/buy/cgsh_order_info.html?code=212021010200529 HTTP/1.1" 200 56287
58.37.230.33 - - [02/Jan/2021:11:01:48 +0800] "GET /xingrg/javascript/easyui/themes/default/validatebox.css HTTP/1.1" 404 1104
172.17.0.120 - - [02/Jan/2021:11:01:49 +0800] "GET /xingrg/kc/buy/buy_main.html HTTP/1.1" 200 12377
58.37.230.33 - - [02/Jan/2021:11:01:49 +0800] "POST /xingrg/kc/buy/cgsh_order_operate.html HTTP/1.1" 200 5388
172.17.0.120 - - [02/Jan/2021:11:01:49 +0800] "GET /xingrg/css/new_ie.css HTTP/1.1" 404 1036
172.17.0.120 - - [02/Jan/2021:11:01:49 +0800] "GET /xingrg/javascript/jquery_ui/themes/humanity/humanity.css HTTP/1.1" 200 27801
172.17.0.120 - - [02/Jan/2021:11:01:49 +0800] "GET /xingrg/javascript/ToolTips.js HTTP/1.1" 200 5615
172.17.0.120 - - [02/Jan/2021:11:01:49 +0800] "GET /xingrg/javascript/jquery_ui/jquery-ui.min.js HTTP/1.1" 200 186181
172.17.0.120 - - [02/Jan/2021:11:01:49 +0800] "GET /xingrg/images/blue/button/cgxqd.gif HTTP/1.1" 200 2619
172.17.0.120 - - [02/Jan/2021:11:01:49 +0800] "GET /xingrg/images/blue/button/cgydd.gif HTTP/1.1" 200 2712
172.17.0.120 - - [02/Jan/2021:11:01:49 +0800] "GET /xingrg/images/blue/button/cgshd.gif HTTP/1.1" 200 2618
172.17.0.120 - - [02/Jan/2021:11:01:49 +0800] "GET /xingrg/images/blue/button/cgfkd.gif HTTP/1.1" 200 2075
172.17.0.120 - - [02/Jan/2021:11:01:49 +0800] "GET /xingrg/images/blue/button/ckthd.gif HTTP/1.1" 200 2045
172.17.0.120 - - [02/Jan/2021:11:01:49 +0800] "GET /xingrg/images/blue/button/down_ah.jpg HTTP/1.1" 200 1732
172.17.0.120 - - [02/Jan/2021:11:01:49 +0800] "GET /xingrg/javascript/jquery_ui/themes/humanity/images/ui-bg_inset-soft_100_f4f0ec_1x100.png HTTP/1.1" 200 141
172.17.0.120 - - [02/Jan/2021:11:01:49 +0800] "GET /xingrg/javascript/jquery_ui/themes/humanity/images/ui-icons_c47a23_256x240.png HTTP/1.1" 200 5355
172.17.0.120 - - [02/Jan/2021:11:01:49 +0800] "GET /xingrg/javascript/jquery_ui/themes/humanity/images/ui-iconsnew.jpg HTTP/1.1" 200 337
172.17.0.120 - - [02/Jan/2021:11:01:49 +0800] "GET /xingrg/javascript/jquery_ui/themes/humanity/images/ui-icons_ffffff_256x240.png HTTP/1.1" 200 4369
172.17.0.120 - - [02/Jan/2021:11:01:49 +0800] "GET /xingrg/javascript/jquery_ui/themes/humanity/images/ui-bg_glass_70_ede4d4_1x400.png HTTP/1.1" 200 161
172.17.0.120 - - [02/Jan/2021:11:01:49 +0800] "GET /xingrg/images/yd/bt.gif HTTP/1.1" 404 1040
172.17.0.120 - - [02/Jan/2021:11:01:50 +0800] "GET /xingrg/kc/buy/cgsh_order_list.html HTTP/1.1" 200 45882
172.17.0.120 - - [02/Jan/2021:11:01:50 +0800] "GET /xingrg/javascript/easyui/themes/icons/import_new.png HTTP/1.1" 200 1247
58.37.230.33 - - [02/Jan/2021:11:01:50 +0800] "GET /xingrg/kc/print/load_data.html?order_code=212021010200529&kc_code=cgsh&condition= HTTP/1.1" 200 2652
180.162.223.42 - - [02/Jan/2021:11:01:51 +0800] "GET /xingrg/kc/buy/cgsh_order_operate.html?command=get_materiel&rest_code=00105&code=00101001045&supplier_code=00100347&order_time=2021-01-02 HTTP/1.1" 200 423
172.17.0.120 - - [02/Jan/2021:11:01:51 +0800] "POST /xingrg/kc/buy/cgsh_list_operate.html HTTP/1.1" 200 4518
172.17.0.120 - - [02/Jan/2021:11:01:53 +0800] "GET /xingrg/javascript/jquery_tools/images/prev.gif HTTP/1.1" 404 1086
172.17.0.120 - - [02/Jan/2021:11:01:53 +0800] "GET /xingrg/javascript/jquery_tools/images/next.gif HTTP/1.1" 404 1086
172.17.0.108 - - [02/Jan/2021:11:01:55 +0800] "GET /xingrg/check_reg.html?_=1609556516800 HTTP/1.1" 200 22
172.17.0.108 - - [02/Jan/2021:11:01:55 +0800] "GET /xingrg/all/function/internal_message.html?_=1609556516801&CODE_STATE=getMsg HTTP/1.1" 200 27
172.17.0.120 - - [02/Jan/2021:11:01:57 +0800] "POST /xingrg/kc/buy/cgsh_list_operate.html HTTP/1.1" 200 5412
172.17.0.120 - - [02/Jan/2021:11:02:00 +0800] "POST /xingrg/kc/buy/cgsh_list_operate.html HTTP/1.1" 200 583
58.37.230.33 - - [02/Jan/2021:11:02:01 +0800] "GET /xingrg/kc/buy/cgsh_order_add.html HTTP/1.1" 200 61384
58.37.230.33 - - [02/Jan/2021:11:02:01 +0800] "GET /xingrg/javascript/easyui/themes/default/validatebox.css HTTP/1.1" 404 1104
58.37.230.33 - - [02/Jan/2021:11:02:01 +0800] "POST /xingrg/kc/buy/cgsh_order_operate.html HTTP/1.1" 200 8245
58.37.230.33 - - [02/Jan/2021:11:02:04 +0800] "GET /xingrg/kc/mdqp/qp_main.html HTTP/1.1" 200 10633
58.37.230.33 - - [02/Jan/2021:11:02:04 +0800] "GET /xingrg/images/blue/button/psshd.gif HTTP/1.1" 200 2692
58.37.230.33 - - [02/Jan/2021:11:02:04 +0800] "GET /xingrg/images/blue/button/qqpsd.gif HTTP/1.1" 200 2548
58.37.230.33 - - [02/Jan/2021:11:02:04 +0800] "GET /xingrg/images/blue/button/pszx.gif HTTP/1.1" 200 2648
58.37.230.33 - - [02/Jan/2021:11:02:04 +0800] "GET /xingrg/images/yd/bt.gif HTTP/1.1" 404 1040
58.37.230.33 - - [02/Jan/2021:11:02:05 +0800] "GET /xingrg/kc/mdqp/qqps_order_list.html HTTP/1.1" 200 9222
58.37.230.33 - - [02/Jan/2021:11:02:05 +0800] "GET /xingrg/dwr/interface/AjaxQqpsService.js HTTP/1.1" 200 16326
58.37.230.33 - - [02/Jan/2021:11:02:05 +0800] "GET /xingrg/dwr/interface/AjaxReportQueryService.js HTTP/1.1" 200 13203
58.37.230.33 - - [02/Jan/2021:11:02:05 +0800] "GET /xingrg/dwr/engine.js HTTP/1.1" 200 43631
58.37.230.33 - - [02/Jan/2021:11:02:05 +0800] "GET /xingrg/javascript/Calendar.js HTTP/1.1" 200 31561
58.37.230.33 - - [02/Jan/2021:11:02:05 +0800] "GET /xingrg/dwr/util.js HTTP/1.1" 200 35990
58.37.230.33 - - [02/Jan/2021:11:02:05 +0800] "GET /xingrg/javascript/jquery_easy_ui/themes/icons/cance_new.png HTTP/1.1" 200 3986
58.37.230.33 - - [02/Jan/2021:11:02:05 +0800] "GET /xingrg/javascript/jquery_easy_ui/themes/icons/uncheck_new.png HTTP/1.1" 200 3197
