117.185.32.26 - - [02/Jan/2021:11:06:00 +0800] "POST /xingrg/kc/buy/cgsh_order_operate.html HTTP/1.1" 200 611
117.185.32.26 - - [02/Jan/2021:11:06:02 +0800] "GET /xingrg/kc/print/load_data.html?order_code=212021010200538&kc_code=cgsh&condition= HTTP/1.1" 200 774
222.69.134.163 - - [02/Jan/2021:11:06:03 +0800] "POST /xingrg/dwr/call/plaincall/AjaxQqpsService.getMaterielByCode.dwr HTTP/1.1" 200 2728
222.69.134.163 - - [02/Jan/2021:11:06:04 +0800] "POST /xingrg/dwr/call/plaincall/AjaxQqpsService.saveMaterielItem.dwr HTTP/1.1" 200 79
114.84.4.90 - - [02/Jan/2021:11:06:05 +0800] "GET /xingrg/all/function/internal_message.html?_=1609556762788&CODE_STATE=getMsg HTTP/1.1" 200 27
180.162.223.42 - - [02/Jan/2021:11:06:05 +0800] "GET /xingrg/all/function/internal_message.html?_=1609556766996&CODE_STATE=getMsg HTTP/1.1" 200 27
180.175.150.119 - - [02/Jan/2021:11:06:06 +0800] "GET /xingrg/kc/buy/cgsh_order_operate.html?command=get_materiel&rest_code=00102&code=00101009063&supplier_code=00100424&order_time=2021-01-02 HTTP/1.1" 200 409
101.89.239.232 - - [02/Jan/2021:11:06:07 +0800] "GET /xingrg/login.html HTTP/1.1" 200 7641
172.17.0.115 - - [02/Jan/2021:11:06:07 +0800] "GET /xingrg/all/function/internal_message.html?_=1609556787209&CODE_STATE=getMsg HTTP/1.1" 200 27
222.69.134.163 - - [02/Jan/2021:11:06:07 +0800] "GET /xingrg/all/function/internal_message.html?_=1609556763035&CODE_STATE=getMsg HTTP/1.1" 200 27
120.253.135.82 - - [02/Jan/2021:11:06:08 +0800] "GET /xingrg/check_reg.html?_=1609556526551 HTTP/1.1" 200 22
101.228.166.101 - - [02/Jan/2021:11:06:09 +0800] "GET /xingrg/kc/buy/cgsh_order_operate.html?command=get_materiel&rest_code=00146&code=00101006161&supplier_code=00100041&order_time=2021-01-02 HTTP/1.1" 200 409
172.17.200.101 - - [02/Jan/2021:11:06:09 +0800] "GET /xingrg/all/function/internal_message.html?_=1609556774901&CODE_STATE=getMsg HTTP/1.1" 200 27
61.129.6.225 - - [02/Jan/2021:11:06:11 +0800] "GET /xingrg/check_reg.html?_=1609556555089 HTTP/1.1" 302 -
117.185.32.26 - - [02/Jan/2021:11:06:11 +0800] "GET /xingrg/all/function/internal_message.html?_=1609556769454&CODE_STATE=getMsg HTTP/1.1" 200 27
180.162.223.42 - - [02/Jan/2021:11:06:11 +0800] "GET /xingrg/kc/buy/cgsh_order_operate.html?command=get_materiel&rest_code=00105&code=00101007111&supplier_code=00100326&order_time=2021-01-02 HTTP/1.1" 200 417
180.175.150.119 - - [02/Jan/2021:11:06:13 +0800] "GET /xingrg/check_reg.html?_=1609557010895 HTTP/1.1" 200 22
172.17.0.108 - - [02/Jan/2021:11:06:13 +0800] "GET /xingrg/all/function/internal_message.html?_=1609556774409&CODE_STATE=getMsg HTTP/1.1" 200 27
222.69.134.163 - - [02/Jan/2021:11:06:13 +0800] "POST /xingrg/dwr/call/plaincall/AjaxQqpsService.getMaterielByCode.dwr HTTP/1.1" 200 2737
180.175.150.119 - - [02/Jan/2021:11:06:14 +0800] "GET /xingrg/all/function/internal_message.html?_=1609557011998&CODE_STATE=getMsg HTTP/1.1" 200 27
222.69.134.163 - - [02/Jan/2021:11:06:15 +0800] "POST /xingrg/dwr/call/plaincall/AjaxQqpsService.saveMaterielItem.dwr HTTP/1.1" 200 79
120.253.135.82 - - [02/Jan/2021:11:06:15 +0800] "GET /xingrg/all/function/internal_message.html?_=1609556821258&CODE_STATE=getMsg HTTP/1.1" 200 27
117.185.32.26 - - [02/Jan/2021:11:06:15 +0800] "GET /xingrg/kc/buy/cgsh_order_add.html HTTP/1.1" 200 61378
117.185.32.26 - - [02/Jan/2021:11:06:15 +0800] "POST /xingrg/kc/buy/cgsh_order_operate.html HTTP/1.1" 200 8245
117.185.32.26 - - [02/Jan/2021:11:06:15 +0800] "GET /xingrg/javascript/easyui/themes/default/validatebox.css HTTP/1.1" 404 1104
180.162.223.42 - - [02/Jan/2021:11:06:17 +0800] "GET /xingrg/kc/buy/cgsh_order_operate.html?command=get_materiel&rest_code=00105&code=00101010567&supplier_code=00100326&order_time=2021-01-02 HTTP/1.1" 200 399
117.185.32.26 - - [02/Jan/2021:11:06:17 +0800] "GET /xingrg/javascript/easyui/themes/default/tree.css HTTP/1.1" 404 1090
222.69.134.163 - - [02/Jan/2021:11:06:17 +0800] "POST /xingrg/dwr/call/plaincall/AjaxQqpsService.checkOrder.dwr HTTP/1.1" 200 79
117.185.32.26 - - [02/Jan/2021:11:06:17 +0800] "POST /xingrg/all/common/load_tree.html?tree=supplier_tree_json&isDelete=1 HTTP/1.1" 200 53432
222.69.134.163 - - [02/Jan/2021:11:06:18 +0800] "GET /xingrg/kc/mdqp/qqps_order_info.html?code=302021010200054 HTTP/1.1" 200 26644
222.69.134.163 - - [02/Jan/2021:11:06:18 +0800] "GET /xingrg/dwr/interface/AjaxComOrderService.js HTTP/1.1" 200 18264
222.69.134.163 - - [02/Jan/2021:11:06:18 +0800] "GET /xingrg/dwr/interface/AjaxQqpsService.js HTTP/1.1" 200 16326
222.69.134.163 - - [02/Jan/2021:11:06:18 +0800] "GET /xingrg/dwr/engine.js HTTP/1.1" 200 43631
222.69.134.163 - - [02/Jan/2021:11:06:19 +0800] "POST /xingrg/dwr/call/plaincall/AjaxQqpsService.loadMaterielItems.dwr HTTP/1.1" 200 2224
61.129.6.225 - - [02/Jan/2021:11:06:21 +0800] "GET /xingrg/login.html HTTP/1.1" 200 7641
101.228.166.101 - - [02/Jan/2021:11:06:22 +0800] "POST /xingrg/kc/buy/cgsh_order_operate.html HTTP/1.1" 200 37
101.228.166.101 - - [02/Jan/2021:11:06:23 +0800] "POST /xingrg/kc/buy/cgsh_order_operate.html HTTP/1.1" 200 6202
180.162.223.42 - - [02/Jan/2021:11:06:23 +0800] "GET /xingrg/kc/buy/cgsh_order_operate.html?command=get_materiel&rest_code=00105&code=00101020248&supplier_code=00100326&order_time=2021-01-02 HTTP/1.1" 200 403
222.69.133.109 - - [02/Jan/2021:11:06:25 +0800] "GET /xingrg/all/function/internal_message.html?_=1609556788012&CODE_STATE=getMsg HTTP/1.1" 200 27
101.91.60.108 - - [02/Jan/2021:11:06:25 +0800] "GET /xingrg/kc/mdqp/qqps_order_list.html?isQuery=1&timeSelect=1&orderTime=day&startTime=2021-01-02&endTime=2021-01-02&state=20&query=¨¨¡¤++?¡§ HTTP/1.1" 302 -
101.228.166.101 - - [02/Jan/2021:11:06:26 +0800] "GET /xingrg/kc/print/load_data.html?order_code=212021010200539&kc_code=cgsh&condition= HTTP/1.1" 200 2043
101.91.60.108 - - [02/Jan/2021:11:06:27 +0800] "GET /xingrg/login.html HTTP/1.1" 200 7641
172.17.0.185 - - [02/Jan/2021:11:06:28 +0800] "GET /xingrg/all/function/internal_message.html?_=1609556789577&CODE_STATE=getMsg HTTP/1.1" 200 27
180.162.223.42 - - [02/Jan/2021:11:06:29 +0800] "POST /xingrg/kc/buy/cgsh_order_operate.html HTTP/1.1" 200 37
180.162.223.42 - - [02/Jan/2021:11:06:30 +0800] "POST /xingrg/kc/buy/cgsh_order_operate.html HTTP/1.1" 200 5041
101.228.166.101 - - [02/Jan/2021:11:06:32 +0800] "GET /xingrg/all/function/internal_message.html?_=1609556815674&CODE_STATE=getMsg HTTP/1.1" 200 27
180.175.150.119 - - [02/Jan/2021:11:06:32 +0800] "POST /xingrg/kc/buy/cgsh_order_operate.html HTTP/1.1" 200 37
180.162.223.42 - - [02/Jan/2021:11:06:32 +0800] "GET /xingrg/kc/print/load_data.html?order_code=212021010200540&kc_code=cgsh&condition= HTTP/1.1" 200 1598
58.40.7.146 - - [02/Jan/2021:11:06:34 +0800] "GET /xingrg/check_reg.html?_=1609556795040 HTTP/1.1" 200 22
58.40.7.146 - - [02/Jan/2021:11:06:34 +0800] "GET /xingrg/all/function/internal_message.html?_=1609556795042&CODE_STATE=getMsg HTTP/1.1" 200 27
58.37.230.33 - - [02/Jan/2021:11:06:34 +0800] "GET /xingrg/all/function/internal_message.html?_=1609556795727&CODE_STATE=getMsg HTTP/1.1" 200 27
116.228.172.94 - - [02/Jan/2021:11:06:34 +0800] "GET /xingrg/all/function/internal_message.html?_=1609556794201&CODE_STATE=getMsg HTTP/1.1" 200 27
180.156.237.57 - - [02/Jan/2021:11:06:35 +0800] "GET /xingrg/all/function/internal_message.html?_=1609556778056&CODE_STATE=getMsg HTTP/1.1" 200 27
180.162.223.42 - - [02/Jan/2021:11:06:36 +0800] "GET /xingrg/kc/buy/cgsh_order_add.html HTTP/1.1" 200 61425
180.162.223.42 - - [02/Jan/2021:11:06:36 +0800] "POST /xingrg/kc/buy/cgsh_order_operate.html HTTP/1.1" 200 8245
180.162.223.42 - - [02/Jan/2021:11:06:36 +0800] "GET /xingrg/javascript/easyui/themes/default/validatebox.css HTTP/1.1" 404 1104
101.228.166.101 - - [02/Jan/2021:11:06:39 +0800] "GET /xingrg/kc/buy/cgsh_order_add.html HTTP/1.1" 200 61384
172.17.0.120 - - [02/Jan/2021:11:06:40 +0800] "GET /xingrg/all/function/internal_message.html?_=1609556799872&CODE_STATE=getMsg HTTP/1.1" 200 27
180.175.150.119 - - [02/Jan/2021:11:06:40 +0800] "POST /xingrg/kc/buy/cgsh_order_operate.html HTTP/1.1" 200 12
180.175.150.119 - - [02/Jan/2021:11:06:41 +0800] "GET /xingrg/kc/buy/cgsh_order_info.html?code=212021010200541 HTTP/1.1" 200 56238
101.228.166.101 - - [02/Jan/2021:11:06:42 +0800] "POST /xingrg/kc/buy/cgsh_order_operate.html HTTP/1.1" 200 8245
101.228.166.101 - - [02/Jan/2021:11:06:42 +0800] "GET /xingrg/javascript/easyui/themes/default/validatebox.css HTTP/1.1" 404 1104
180.175.150.119 - - [02/Jan/2021:11:06:42 +0800] "GET /xingrg/javascript/easyui/themes/default/validatebox.css HTTP/1.1" 404 1104
117.185.32.26 - - [02/Jan/2021:11:06:43 +0800] "GET /xingrg/all/function/internal_message.html?_=1609557274957&CODE_STATE=getMsg HTTP/1.1" 200 27
180.175.150.119 - - [02/Jan/2021:11:06:43 +0800] "POST /xingrg/kc/buy/cgsh_order_operate.html HTTP/1.1" 200 7705
180.175.150.119 - - [02/Jan/2021:11:06:45 +0800] "GET /xingrg/kc/print/load_data.html?order_code=212021010200541&kc_code=cgsh&condition= HTTP/1.1" 200 3378
117.131.5.26 - - [02/Jan/2021:11:06:47 +0800] "GET /xingrg/all/function/internal_message.html?_=1609556855690&CODE_STATE=getMsg HTTP/1.1" 200 27
180.162.223.42 - - [02/Jan/2021:11:06:48 +0800] "GET /xingrg/kc/buy/cgsh_order_operate.html?command=get_materiel&rest_code=00105&code=00101001167&supplier_code=00100314&order_time=2021-01-02 HTTP/1.1" 200 411
117.185.32.26 - - [02/Jan/2021:11:06:49 +0800] "GET /xingrg/kc/buy/cgsh_order_operate.html?command=get_materiel&rest_code=00106&code=00101010607&supplier_code=00100404&order_time=2021-01-02 HTTP/1.1" 200 407
101.228.166.101 - - [02/Jan/2021:11:06:55 +0800] "GET /xingrg/kc/buy/cgsh_order_operate.html?command=get_materiel&rest_code=00146&code=00101006056&supplier_code=00100012&order_time=2021-01-02 HTTP/1.1" 200 413
180.162.223.42 - - [02/Jan/2021:11:06:57 +0800] "POST /xingrg/kc/buy/cgsh_order_operate.html HTTP/1.1" 200 37
180.162.223.42 - - [02/Jan/2021:11:06:58 +0800] "POST /xingrg/kc/buy/cgsh_order_operate.html HTTP/1.1" 200 2656
180.162.223.42 - - [02/Jan/2021:11:06:59 +0800] "GET /xingrg/kc/print/load_data.html?order_code=212021010200542&kc_code=cgsh&condition= HTTP/1.1" 200 669
180.162.223.42 - - [02/Jan/2021:11:07:03 +0800] "GET /xingrg/kc/buy/cgsh_order_add.html HTTP/1.1" 200 61425
180.162.223.42 - - [02/Jan/2021:11:07:03 +0800] "GET /xingrg/javascript/easyui/themes/default/validatebox.css HTTP/1.1" 404 1104
180.162.223.42 - - [02/Jan/2021:11:07:03 +0800] "POST /xingrg/kc/buy/cgsh_order_operate.html HTTP/1.1" 200 8245
114.84.4.90 - - [02/Jan/2021:11:07:05 +0800] "GET /xingrg/all/function/internal_message.html?_=1609556822814&CODE_STATE=getMsg HTTP/1.1" 200 27
180.162.223.42 - - [02/Jan/2021:11:07:05 +0800] "GET /xingrg/all/function/internal_message.html?_=1609556826979&CODE_STATE=getMsg HTTP/1.1" 200 27
180.162.223.42 - - [02/Jan/2021:11:07:06 +0800] "GET /xingrg/check_reg.html?_=1609556827178 HTTP/1.1" 200 22
222.69.134.163 - - [02/Jan/2021:11:07:07 +0800] "GET /xingrg/all/function/internal_message.html?_=1609556823002&CODE_STATE=getMsg HTTP/1.1" 200 27
172.17.0.115 - - [02/Jan/2021:11:07:07 +0800] "GET /xingrg/all/function/internal_message.html?_=1609556847216&CODE_STATE=getMsg HTTP/1.1" 200 27
180.175.150.119 - - [02/Jan/2021:11:07:09 +0800] "GET /xingrg/kc/buy/cgsh_order_add.html HTTP/1.1" 200 61337
172.17.200.101 - - [02/Jan/2021:11:07:09 +0800] "GET /xingrg/all/function/internal_message.html?_=1609556834902&CODE_STATE=getMsg HTTP/1.1" 200 27
180.175.150.119 - - [02/Jan/2021:11:07:10 +0800] "POST /xingrg/kc/buy/cgsh_order_operate.html HTTP/1.1" 200 8245
180.175.150.119 - - [02/Jan/2021:11:07:11 +0800] "GET /xingrg/javascript/easyui/themes/default/validatebox.css HTTP/1.1" 404 1104
117.185.32.26 - - [02/Jan/2021:11:07:11 +0800] "GET /xingrg/all/function/internal_message.html?_=1609556829426&CODE_STATE=getMsg HTTP/1.1" 200 27
101.228.166.101 - - [02/Jan/2021:11:07:11 +0800] "GET /xingrg/kc/buy/cgsh_order_operate.html?command=get_materiel&rest_code=00146&code=00101006109&supplier_code=00100012&order_time=2021-01-02 HTTP/1.1" 200 409
180.175.150.119 - - [02/Jan/2021:11:07:11 +0800] "GET /xingrg/javascript/easyui/themes/default/tree.css HTTP/1.1" 404 1090
180.175.150.119 - - [02/Jan/2021:11:07:11 +0800] "POST /xingrg/all/common/load_tree.html?tree=supplier_tree_json&isDelete=1 HTTP/1.1" 200 53432
172.17.0.108 - - [02/Jan/2021:11:07:13 +0800] "GET /xingrg/all/function/internal_message.html?_=1609556834397&CODE_STATE=getMsg HTTP/1.1" 200 27
180.175.150.119 - - [02/Jan/2021:11:07:15 +0800] "GET /xingrg/all/function/internal_message.html?_=1609557072743&CODE_STATE=getMsg HTTP/1.1" 200 27
120.253.135.82 - - [02/Jan/2021:11:07:15 +0800] "GET /xingrg/all/function/internal_message.html?_=1609556881271&CODE_STATE=getMsg HTTP/1.1" 200 27
101.228.166.101 - - [02/Jan/2021:11:07:16 +0800] "GET /xingrg/check_reg.html?_=1609556838232 HTTP/1.1" 302 -
180.162.223.42 - - [02/Jan/2021:11:07:21 +0800] "GET /xingrg/kc/buy/cgsh_order_operate.html?command=get_materiel&rest_code=00105&code=00101001115&supplier_code=00100089&order_time=2021-01-02 HTTP/1.1" 200 415
180.175.150.119 - - [02/Jan/2021:11:07:24 +0800] "GET /xingrg/kc/buy/cgsh_order_operate.html?command=get_materiel&rest_code=00102&code=00101015037&supplier_code=00100054&order_time=2021-01-02 HTTP/1.1" 200 412
101.228.166.101 - - [02/Jan/2021:11:07:24 +0800] "GET /xingrg/kc/buy/cgsh_order_operate.html?command=get_materiel&rest_code=00146&code=00101006130&supplier_code=00100012&order_time=2021-01-02 HTTP/1.1" 200 427
222.69.133.109 - - [02/Jan/2021:11:07:25 +0800] "GET /xingrg/all/function/internal_message.html?_=1609556848012&CODE_STATE=getMsg HTTP/1.1" 200 27
172.17.0.185 - - [02/Jan/2021:11:07:28 +0800] "GET /xingrg/all/function/internal_message.html?_=1609556849581&CODE_STATE=getMsg HTTP/1.1" 200 27
101.228.166.101 - - [02/Jan/2021:11:07:32 +0800] "GET /xingrg/check_reg.html?_=1609556875560 HTTP/1.1" 200 22
101.228.166.101 - - [02/Jan/2021:11:07:32 +0800] "GET /xingrg/all/function/internal_message.html?_=1609556875683&CODE_STATE=getMsg HTTP/1.1" 200 27
58.37.230.33 - - [02/Jan/2021:11:07:33 +0800] "GET /xingrg/check_reg.html?_=1609556855096 HTTP/1.1" 200 22
58.40.7.146 - - [02/Jan/2021:11:07:34 +0800] "GET /xingrg/all/function/internal_message.html?_=1609556855046&CODE_STATE=getMsg HTTP/1.1" 200 27
58.37.230.33 - - [02/Jan/2021:11:07:34 +0800] "GET /xingrg/all/function/internal_message.html?_=1609556855695&CODE_STATE=getMsg HTTP/1.1" 200 27
116.228.172.94 - - [02/Jan/2021:11:07:35 +0800] "GET /xingrg/all/function/internal_message.html?_=1609556854229&CODE_STATE=getMsg HTTP/1.1" 200 27
116.228.172.94 - - [02/Jan/2021:11:07:35 +0800] "GET /xingrg/kc/buy/cgsh_order_operate.html?command=get_materiel&rest_code=00107&code=00101010162&supplier_code=00100323&order_time=2021-01-02 HTTP/1.1" 200 418
180.156.237.57 - - [02/Jan/2021:11:07:35 +0800] "GET /xingrg/all/function/internal_message.html?_=1609556838071&CODE_STATE=getMsg HTTP/1.1" 200 27
180.162.223.42 - - [02/Jan/2021:11:07:36 +0800] "POST /xingrg/kc/buy/cgsh_order_operate.html HTTP/1.1" 200 37
180.175.150.119 - - [02/Jan/2021:11:07:37 +0800] "GET /xingrg/kc/buy/cgsh_order_operate.html?command=get_materiel&rest_code=00102&code=00101015042&supplier_code=00100054&order_time=2021-01-02 HTTP/1.1" 200 408
180.162.223.42 - - [02/Jan/2021:11:07:38 +0800] "POST /xingrg/kc/buy/cgsh_order_operate.html HTTP/1.1" 200 2659
180.162.223.42 - - [02/Jan/2021:11:07:39 +0800] "GET /xingrg/kc/print/load_data.html?order_code=212021010200543&kc_code=cgsh&condition= HTTP/1.1" 200 736
172.17.0.120 - - [02/Jan/2021:11:07:40 +0800] "GET /xingrg/check_reg.html?_=1609556859859 HTTP/1.1" 200 22
172.17.0.120 - - [02/Jan/2021:11:07:40 +0800] "GET /xingrg/all/function/internal_message.html?_=1609556859862&CODE_STATE=getMsg HTTP/1.1" 200 27
180.162.223.42 - - [02/Jan/2021:11:07:42 +0800] "GET /xingrg/kc/buy/cgsh_order_add.html HTTP/1.1" 200 61425
180.162.223.42 - - [02/Jan/2021:11:07:42 +0800] "GET /xingrg/javascript/easyui/themes/default/validatebox.css HTTP/1.1" 404 1104
180.162.223.42 - - [02/Jan/2021:11:07:42 +0800] "POST /xingrg/kc/buy/cgsh_order_operate.html HTTP/1.1" 200 8245
117.185.32.26 - - [02/Jan/2021:11:07:43 +0800] "GET /xingrg/all/function/internal_message.html?_=1609557334931&CODE_STATE=getMsg HTTP/1.1" 200 27
101.228.166.101 - - [02/Jan/2021:11:07:43 +0800] "GET /xingrg/kc/buy/cgsh_order_operate.html?command=get_materiel&rest_code=00146&code=00101006025&supplier_code=00100012&order_time=2021-01-02 HTTP/1.1" 200 417
61.129.6.145 - - [02/Jan/2021:11:07:45 +0800] "GET /xingrg/kc/mdqp/qqps_order_add.html HTTP/1.1" 302 -
117.131.5.26 - - [02/Jan/2021:11:07:47 +0800] "GET /xingrg/all/function/internal_message.html?_=1609556915678&CODE_STATE=getMsg HTTP/1.1" 200 27
180.162.223.42 - - [02/Jan/2021:11:07:55 +0800] "GET /xingrg/kc/buy/cgsh_order_operate.html?command=get_materiel&rest_code=00105&code=00101006050&supplier_code=00100324&order_time=2021-01-02 HTTP/1.1" 200 449
61.129.6.145 - - [02/Jan/2021:11:07:55 +0800] "GET /xingrg/login.html HTTP/1.1" 200 7641
116.228.172.94 - - [02/Jan/2021:11:07:56 +0800] "GET /xingrg/kc/buy/cgsh_order_operate.html?command=get_materiel&rest_code=00107&code=00101010082&supplier_code=00100323&order_time=2021-01-02 HTTP/1.1" 200 425
180.175.150.119 - - [02/Jan/2021:11:08:02 +0800] "GET /xingrg/kc/buy/cgsh_order_operate.html?command=get_materiel&rest_code=00102&code=00101015057&supplier_code=00100054&order_time=2021-01-02 HTTP/1.1" 200 408
101.228.166.101 - - [02/Jan/2021:11:08:04 +0800] "GET /xingrg/kc/buy/cgsh_order_operate.html?command=get_materiel&rest_code=00146&code=00101006174&supplier_code=00100012&order_time=2021-01-02 HTTP/1.1" 200 414
114.84.4.90 - - [02/Jan/2021:11:08:05 +0800] "GET /xingrg/check_reg.html?_=1609556882291 HTTP/1.1" 200 22
114.84.4.90 - - [02/Jan/2021:11:08:05 +0800] "GET /xingrg/all/function/internal_message.html?_=1609556882828&CODE_STATE=getMsg HTTP/1.1" 200 27
180.162.223.42 - - [02/Jan/2021:11:08:05 +0800] "GET /xingrg/all/function/internal_message.html?_=1609556886949&CODE_STATE=getMsg HTTP/1.1" 200 27
172.17.0.115 - - [02/Jan/2021:11:08:07 +0800] "GET /xingrg/check_reg.html?_=1609556906984 HTTP/1.1" 200 22
222.69.134.163 - - [02/Jan/2021:11:08:07 +0800] "GET /xingrg/all/function/internal_message.html?_=1609556882974&CODE_STATE=getMsg HTTP/1.1" 200 27
172.17.0.115 - - [02/Jan/2021:11:08:07 +0800] "GET /xingrg/all/function/internal_message.html?_=1609556907230&CODE_STATE=getMsg HTTP/1.1" 200 27
172.17.200.101 - - [02/Jan/2021:11:08:09 +0800] "GET /xingrg/check_reg.html?_=1609556894909 HTTP/1.1" 200 22
172.17.200.101 - - [02/Jan/2021:11:08:09 +0800] "GET /xingrg/all/function/internal_message.html?_=1609556894913&CODE_STATE=getMsg HTTP/1.1" 200 27
58.221.95.50 - - [02/Jan/2021:11:08:09 +0800] "GET /xingrg/check_reg.html?_=1609556890622 HTTP/1.1" 302 -
101.93.222.235 - - [02/Jan/2021:11:08:10 +0800] "POST /xingrg/services/DataTransmitService HTTP/1.1" 200 524
101.93.222.235 - - [02/Jan/2021:11:08:10 +0800] "POST /xingrg/services/DataTransmitService HTTP/1.1" 200 501
117.185.32.26 - - [02/Jan/2021:11:08:11 +0800] "GET /xingrg/all/function/internal_message.html?_=1609556889404&CODE_STATE=getMsg HTTP/1.1" 200 27
172.17.0.108 - - [02/Jan/2021:11:08:13 +0800] "GET /xingrg/all/function/internal_message.html?_=1609556894387&CODE_STATE=getMsg HTTP/1.1" 200 27
101.228.166.101 - - [02/Jan/2021:11:08:14 +0800] "GET /xingrg/kc/buy/cgsh_order_operate.html?command=get_materiel&rest_code=00146&code=00101006038&supplier_code=00100012&order_time=2021-01-02 HTTP/1.1" 200 421
180.175.150.119 - - [02/Jan/2021:11:08:15 +0800] "GET /xingrg/all/function/internal_message.html?_=1609557132759&CODE_STATE=getMsg HTTP/1.1" 200 27
120.253.135.82 - - [02/Jan/2021:11:08:15 +0800] "GET /xingrg/all/function/internal_message.html?_=1609556941292&CODE_STATE=getMsg HTTP/1.1" 200 27
172.17.0.120 - - [02/Jan/2021:11:08:20 +0800] "POST /xingrg/all/user/operate.html HTTP/1.1" 200 36
172.17.0.120 - - [02/Jan/2021:11:08:20 +0800] "GET /xingrg/javascript/jquery_easy_ui/themes/default/easyui.css HTTP/1.1" 304 -
172.17.0.120 - - [02/Jan/2021:11:08:20 +0800] "GET /xingrg/javascript/jquery_easy_ui/themes/icon.css HTTP/1.1" 304 -
172.17.0.120 - - [02/Jan/2021:11:08:20 +0800] "GET /xingrg/css/form.css HTTP/1.1" 304 -
172.17.0.120 - - [02/Jan/2021:11:08:20 +0800] "GET /xingrg/javascript/jquery-1.4.2.min.js HTTP/1.1" 304 -
172.17.0.120 - - [02/Jan/2021:11:08:20 +0800] "GET /xingrg/index.html?sysBaseUrl=http%3A%2F%2F172.17.0.8%3A18081%2Fxingrg%2F&costTime=40×tamp=1609555703684 HTTP/1.1" 200 17454
172.17.0.120 - - [02/Jan/2021:11:08:20 +0800] "GET /xingrg/javascript/jquery_easy_ui/jquery.easyui.min.js HTTP/1.1" 304 -
172.17.0.120 - - [02/Jan/2021:11:08:20 +0800] "GET /xingrg/javascript/jquery_easy_ui/easyui-lang-zh_CN.js HTTP/1.1" 304 -
172.17.0.120 - - [02/Jan/2021:11:08:20 +0800] "GET /xingrg/javascript/jquery.form.js HTTP/1.1" 304 -
172.17.0.120 - - [02/Jan/2021:11:08:20 +0800] "GET /xingrg/javascript/jquery.utils.js HTTP/1.1" 304 -
172.17.0.120 - - [02/Jan/2021:11:08:20 +0800] "GET /xingrg/javascript/jquery.timers.js HTTP/1.1" 304 -
172.17.0.120 - - [02/Jan/2021:11:08:20 +0800] "GET /xingrg/images/blue/jxLogo.png HTTP/1.1" 304 -
172.17.0.120 - - [02/Jan/2021:11:08:20 +0800] "GET /xingrg/images/blue/navBackgound.jpg HTTP/1.1" 304 -
172.17.0.120 - - [02/Jan/2021:11:08:20 +0800] "GET /xingrg/javascript/jquery_easy_ui/themes/icons/settle_new.png HTTP/1.1" 304 -
172.17.0.120 - - [02/Jan/2021:11:08:20 +0800] "POST /xingrg/all/common/load_tree.html?tree=area_rest_tree_json&manage=1 HTTP/1.1" 200 3344
172.17.0.120 - - [02/Jan/2021:11:08:20 +0800] "GET /xingrg/all/function/internal_message.html?_=1609556900526&CODE_STATE=count HTTP/1.1" 200 11
172.17.0.120 - - [02/Jan/2021:11:08:20 +0800] "GET /xingrg/check_reg.html?_=1609556900527 HTTP/1.1" 200 22
172.17.0.120 - - [02/Jan/2021:11:08:20 +0800] "GET /xingrg/javascript/jquery_easy_ui/themes/default/images/tabs_leftarrow.png HTTP/1.1" 304 -
172.17.0.120 - - [02/Jan/2021:11:08:20 +0800] "GET /xingrg/images/blue/pingpu.png HTTP/1.1" 304 -
172.17.0.120 - - [02/Jan/2021:11:08:20 +0800] "GET /xingrg/javascript/jquery_easy_ui/themes/default/images/panel_tool_collapse.gif HTTP/1.1" 304 -
172.17.0.120 - - [02/Jan/2021:11:08:20 +0800] "GET /xingrg/javascript/jquery_easy_ui/themes/default/images/tabs_rightarrow.png HTTP/1.1" 304 -
172.17.0.120 - - [02/Jan/2021:11:08:20 +0800] "GET /xingrg/javascript/jquery_easy_ui/themes/default/images/panel_tool_expand.gif HTTP/1.1" 304 -
172.17.0.120 - - [02/Jan/2021:11:08:20 +0800] "POST /xingrg/load_menu.html HTTP/1.1" 200 9924
172.17.0.120 - - [02/Jan/2021:11:08:22 +0800] "GET /xingrg/kc/buy/buy_main.html HTTP/1.1" 200 12377
172.17.0.120 - - [02/Jan/2021:11:08:22 +0800] "GET /xingrg/css/new_ie.css HTTP/1.1" 404 1036
172.17.0.120 - - [02/Jan/2021:11:08:22 +0800] "GET /xingrg/images/yd/bt.gif HTTP/1.1" 404 1040
172.17.0.120 - - [02/Jan/2021:11:08:23 +0800] "GET /xingrg/kc/buy/cgsh_order_list.html HTTP/1.1" 200 45882
117.185.32.26 - - [02/Jan/2021:11:08:24 +0800] "POST /xingrg/kc/buy/cgsh_order_operate.html HTTP/1.1" 200 37
172.17.0.120 - - [02/Jan/2021:11:08:24 +0800] "POST /xingrg/kc/buy/cgsh_list_operate.html HTTP/1.1" 200 876
222.69.133.109 - - [02/Jan/2021:11:08:25 +0800] "GET /xingrg/all/function/internal_message.html?_=1609556908014&CODE_STATE=getMsg HTTP/1.1" 200 27
61.129.8.179 - - [02/Jan/2021:11:08:26 +0800] "GET /xingrg/kc/base/base_main.html HTTP/1.1" 302 -
180.162.223.42 - - [02/Jan/2021:11:08:27 +0800] "POST /xingrg/kc/buy/cgsh_order_operate.html HTTP/1.1" 200 37
101.228.166.101 - - [02/Jan/2021:11:08:28 +0800] "GET /xingrg/kc/buy/cgsh_order_operate.html?command=get_materiel&rest_code=00146&code=00101006006&supplier_code=00100012&order_time=2021-01-02 HTTP/1.1" 200 409
117.185.32.26 - - [02/Jan/2021:11:08:28 +0800] "POST /xingrg/kc/buy/cgsh_order_operate.html HTTP/1.1" 200 12
172.17.0.185 - - [02/Jan/2021:11:08:28 +0800] "GET /xingrg/all/function/internal_message.html?_=1609556909572&CODE_STATE=getMsg HTTP/1.1" 200 27
180.162.223.42 - - [02/Jan/2021:11:08:29 +0800] "POST /xingrg/kc/buy/cgsh_order_operate.html HTTP/1.1" 200 2696
222.69.134.163 - - [02/Jan/2021:11:08:30 +0800] "GET /favicon.ico HTTP/1.1" 404 -
117.185.32.26 - - [02/Jan/2021:11:08:30 +0800] "GET /xingrg/kc/buy/cgsh_order_info.html?code=212021010200544 HTTP/1.1" 200 56287
180.162.223.42 - - [02/Jan/2021:11:08:30 +0800] "GET /xingrg/kc/print/load_data.html?order_code=212021010200545&kc_code=cgsh&condition= HTTP/1.1" 200 719
117.185.32.26 - - [02/Jan/2021:11:08:30 +0800] "GET /xingrg/javascript/easyui/themes/default/validatebox.css HTTP/1.1" 404 1104
117.185.32.26 - - [02/Jan/2021:11:08:31 +0800] "POST /xingrg/kc/buy/cgsh_order_operate.html HTTP/1.1" 200 618
101.228.166.101 - - [02/Jan/2021:11:08:32 +0800] "GET /xingrg/all/function/internal_message.html?_=1609556935697&CODE_STATE=getMsg HTTP/1.1" 200 27
180.162.223.42 - - [02/Jan/2021:11:08:33 +0800] "GET /xingrg/kc/buy/cgsh_order_add.html HTTP/1.1" 200 61425
117.185.32.26 - - [02/Jan/2021:11:08:33 +0800] "GET /xingrg/kc/print/load_data.html?order_code=212021010200544&kc_code=cgsh&condition= HTTP/1.1" 200 725
180.162.223.42 - - [02/Jan/2021:11:08:34 +0800] "GET /xingrg/javascript/easyui/themes/default/validatebox.css HTTP/1.1" 404 1104
180.162.223.42 - - [02/Jan/2021:11:08:34 +0800] "POST /xingrg/kc/buy/cgsh_order_operate.html HTTP/1.1" 200 8245
58.40.7.146 - - [02/Jan/2021:11:08:34 +0800] "GET /xingrg/all/function/internal_message.html?_=1609556915049&CODE_STATE=getMsg HTTP/1.1" 200 27
58.37.230.33 - - [02/Jan/2021:11:08:34 +0800] "GET /xingrg/all/function/internal_message.html?_=1609556915669&CODE_STATE=getMsg HTTP/1.1" 200 27
61.129.8.179 - - [02/Jan/2021:11:08:34 +0800] "GET /xingrg/login.html HTTP/1.1" 200 7641
116.228.172.94 - - [02/Jan/2021:11:08:34 +0800] "GET /xingrg/all/function/internal_message.html?_=1609556914219&CODE_STATE=getMsg HTTP/1.1" 200 27
180.156.237.57 - - [02/Jan/2021:11:08:34 +0800] "GET /xingrg/check_reg.html?_=1609556897738 HTTP/1.1" 200 22
180.156.237.57 - - [02/Jan/2021:11:08:35 +0800] "GET /xingrg/all/function/internal_message.html?_=1609556898085&CODE_STATE=getMsg HTTP/1.1" 200 27
180.175.150.119 - - [02/Jan/2021:11:08:37 +0800] "GET /xingrg/kc/buy/cgsh_order_operate.html?command=get_materiel&rest_code=00102&code=00101015017&supplier_code=00100054&order_time=2021-01-02 HTTP/1.1" 200 412
101.228.166.101 - - [02/Jan/2021:11:08:40 +0800] "GET /xingrg/kc/buy/cgsh_order_operate.html?command=get_materiel&rest_code=00146&code=00101006111&supplier_code=00100012&order_time=2021-01-02 HTTP/1.1" 200 409
58.37.230.33 - - [02/Jan/2021:11:08:42 +0800] "GET /xingrg/kc/buy/buy_main.html HTTP/1.1" 200 12412
58.37.230.33 - - [02/Jan/2021:11:08:42 +0800] "GET /xingrg/css/new_ie.css HTTP/1.1" 404 1036
180.162.223.42 - - [02/Jan/2021:11:08:43 +0800] "GET /xingrg/kc/buy/cgsh_order_operate.html?command=get_materiel&rest_code=00105&code=00101012060&supplier_code=00100338&order_time=2021-01-02 HTTP/1.1" 200 408
117.185.32.26 - - [02/Jan/2021:11:08:43 +0800] "GET /xingrg/all/function/internal_message.html?_=1609557394920&CODE_STATE=getMsg HTTP/1.1" 200 27
58.37.230.33 - - [02/Jan/2021:11:08:44 +0800] "GET /xingrg/kc/buy/cgsh_order_list.html HTTP/1.1" 200 45647
58.37.230.33 - - [02/Jan/2021:11:08:44 +0800] "POST /xingrg/kc/buy/cgsh_list_operate.html HTTP/1.1" 200 876
180.175.150.119 - - [02/Jan/2021:11:08:46 +0800] "GET /xingrg/kc/buy/cgsh_order_operate.html?command=get_materiel&rest_code=00102&code=00101015029&supplier_code=00100054&order_time=2021-01-02 HTTP/1.1" 200 412
117.131.5.26 - - [02/Jan/2021:11:08:47 +0800] "GET /xingrg/all/function/internal_message.html?_=1609556975684&CODE_STATE=getMsg HTTP/1.1" 200 27
117.185.32.26 - - [02/Jan/2021:11:08:49 +0800] "GET /xingrg/kc/buy/cgsh_order_add.html HTTP/1.1" 200 61378
117.185.32.26 - - [02/Jan/2021:11:08:49 +0800] "POST /xingrg/kc/buy/cgsh_order_operate.html HTTP/1.1" 200 8245
117.185.32.26 - - [02/Jan/2021:11:08:49 +0800] "GET /xingrg/javascript/easyui/themes/default/validatebox.css HTTP/1.1" 404 1104
183.192.164.85 - - [02/Jan/2021:11:08:50 +0800] "GET /xingrg/check_reg.html?_=1609556644630 HTTP/1.1" 302 -
117.185.32.26 - - [02/Jan/2021:11:08:51 +0800] "GET /xingrg/javascript/easyui/themes/default/tree.css HTTP/1.1" 404 1090
117.185.32.26 - - [02/Jan/2021:11:08:51 +0800] "POST /xingrg/all/common/load_tree.html?tree=supplier_tree_json&isDelete=1 HTTP/1.1" 200 53432
101.228.166.101 - - [02/Jan/2021:11:08:53 +0800] "GET /xingrg/kc/buy/cgsh_order_operate.html?command=get_materiel&rest_code=00146&code=00101006144&supplier_code=00100012&order_time=2021-01-02 HTTP/1.1" 200 409
101.89.239.245 - - [02/Jan/2021:11:08:53 +0800] "GET /xingrg/all/function/internal_message.html?_=1609556675776&CODE_STATE=getMsg HTTP/1.1" 302 -
180.175.150.119 - - [02/Jan/2021:11:08:54 +0800] "GET /xingrg/kc/buy/cgsh_order_operate.html?command=get_materiel&rest_code=00102&code=00101015059&supplier_code=00100054&order_time=2021-01-02 HTTP/1.1" 200 412
180.162.223.42 - - [02/Jan/2021:11:08:56 +0800] "POST /xingrg/kc/buy/cgsh_order_operate.html HTTP/1.1" 200 37
183.192.164.85 - - [02/Jan/2021:11:08:58 +0800] "GET /xingrg/login.html HTTP/1.1" 200 7641
101.89.239.245 - - [02/Jan/2021:11:09:01 +0800] "GET /xingrg/login.html HTTP/1.1" 200 7641
180.162.223.42 - - [02/Jan/2021:11:09:03 +0800] "POST /xingrg/kc/buy/cgsh_order_operate.html HTTP/1.1" 200 2651
180.162.223.42 - - [02/Jan/2021:11:09:04 +0800] "GET /xingrg/kc/print/load_data.html?order_code=212021010200546&kc_code=cgsh&condition= HTTP/1.1" 200 663
114.84.4.90 - - [02/Jan/2021:11:09:05 +0800] "GET /xingrg/all/function/internal_message.html?_=1609556942840&CODE_STATE=getMsg HTTP/1.1" 200 27
180.162.223.42 - - [02/Jan/2021:11:09:05 +0800] "GET /xingrg/all/function/internal_message.html?_=1609556946920&CODE_STATE=getMsg HTTP/1.1" 200 27
117.185.32.26 - - [02/Jan/2021:11:09:06 +0800] "GET /xingrg/check_reg.html?_=1609556944640 HTTP/1.1" 200 22
222.69.134.163 - - [02/Jan/2021:11:09:07 +0800] "GET /xingrg/all/function/internal_message.html?_=1609556942962&CODE_STATE=getMsg HTTP/1.1" 200 27
172.17.0.115 - - [02/Jan/2021:11:09:07 +0800] "GET /xingrg/all/function/internal_message.html?_=1609556967244&CODE_STATE=getMsg HTTP/1.1" 200 27
180.162.223.42 - - [02/Jan/2021:11:09:08 +0800] "GET /xingrg/kc/buy/cgsh_order_add.html HTTP/1.1" 200 61425
180.162.223.42 - - [02/Jan/2021:11:09:08 +0800] "GET /xingrg/javascript/easyui/themes/default/validatebox.css HTTP/1.1" 404 1104
180.162.223.42 - - [02/Jan/2021:11:09:08 +0800] "POST /xingrg/kc/buy/cgsh_order_operate.html HTTP/1.1" 200 8245
222.69.134.163 - - [02/Jan/2021:11:09:08 +0800] "GET /xingrg/check_reg.html?_=1609556944200 HTTP/1.1" 200 22
172.17.200.101 - - [02/Jan/2021:11:09:09 +0800] "GET /xingrg/all/function/internal_message.html?_=1609556954902&CODE_STATE=getMsg HTTP/1.1" 200 27
117.185.32.26 - - [02/Jan/2021:11:09:11 +0800] "GET /xingrg/all/function/internal_message.html?_=1609556949375&CODE_STATE=getMsg HTTP/1.1" 200 27
172.17.0.108 - - [02/Jan/2021:11:09:13 +0800] "GET /xingrg/all/function/internal_message.html?_=1609556954397&CODE_STATE=getMsg HTTP/1.1" 200 27
117.185.32.26 - - [02/Jan/2021:11:09:13 +0800] "GET /xingrg/kc/buy/cgsh_order_operate.html?command=get_materiel&rest_code=00106&code=00101010648&supplier_code=00100329&order_time=2021-01-02 HTTP/1.1" 200 423
180.175.150.119 - - [02/Jan/2021:11:09:15 +0800] "GET /xingrg/all/function/internal_message.html?_=1609557192773&CODE_STATE=getMsg HTTP/1.1" 200 27
120.253.135.82 - - [02/Jan/2021:11:09:15 +0800] "GET /xingrg/all/function/internal_message.html?_=1609557001299&CODE_STATE=getMsg HTTP/1.1" 200 27
101.228.166.101 - - [02/Jan/2021:11:09:15 +0800] "GET /xingrg/kc/buy/cgsh_order_operate.html?command=get_materiel&rest_code=00146&code=00101006129&supplier_code=00100012&order_time=2021-01-02 HTTP/1.1" 200 431
180.162.223.42 - - [02/Jan/2021:11:09:19 +0800] "GET /xingrg/kc/buy/cgsh_order_operate.html?command=get_materiel&rest_code=00105&code=00101003041&supplier_code=00100088&order_time=2021-01-02 HTTP/1.1" 200 414
172.17.0.120 - - [02/Jan/2021:11:09:20 +0800] "GET /xingrg/all/function/internal_message.html?_=1609556960532&CODE_STATE=getMsg HTTP/1.1" 200 27
222.69.133.109 - - [02/Jan/2021:11:09:25 +0800] "GET /xingrg/all/function/internal_message.html?_=1609556968015&CODE_STATE=getMsg HTTP/1.1" 200 27
172.17.0.185 - - [02/Jan/2021:11:09:28 +0800] "GET /xingrg/all/function/internal_message.html?_=1609556969578&CODE_STATE=getMsg HTTP/1.1" 200 27
172.17.0.185 - - [02/Jan/2021:11:09:28 +0800] "GET /xingrg/check_reg.html?_=1609556969583 HTTP/1.1" 200 22
180.162.223.42 - - [02/Jan/2021:11:09:32 +0800] "GET /xingrg/kc/buy/cgsh_order_operate.html?command=get_materiel&rest_code=00105&code=00101002035&supplier_code=00100088&order_time=2021-01-02 HTTP/1.1" 200 414
101.228.166.101 - - [02/Jan/2021:11:09:32 +0800] "GET /xingrg/all/function/internal_message.html?_=1609556995710&CODE_STATE=getMsg HTTP/1.1" 200 27
117.185.32.26 - - [02/Jan/2021:11:09:33 +0800] "POST /xingrg/kc/buy/cgsh_order_operate.html HTTP/1.1" 200 37
58.40.7.146 - - [02/Jan/2021:11:09:34 +0800] "GET /xingrg/all/function/internal_message.html?_=1609556975053&CODE_STATE=getMsg HTTP/1.1" 200 27
58.37.230.33 - - [02/Jan/2021:11:09:34 +0800] "GET /xingrg/all/function/internal_message.html?_=1609556975651&CODE_STATE=getMsg HTTP/1.1" 200 27
116.228.172.94 - - [02/Jan/2021:11:09:35 +0800] "GET /xingrg/all/function/internal_message.html?_=1609556974239&CODE_STATE=getMsg HTTP/1.1" 200 27
116.228.172.94 - - [02/Jan/2021:11:09:35 +0800] "GET /xingrg/check_reg.html?_=1609556974264 HTTP/1.1" 200 22
180.156.237.57 - - [02/Jan/2021:11:09:35 +0800] "GET /xingrg/all/function/internal_message.html?_=1609556958098&CODE_STATE=getMsg HTTP/1.1" 200 27
117.185.32.26 - - [02/Jan/2021:11:09:35 +0800] "POST /xingrg/kc/buy/cgsh_order_operate.html HTTP/1.1" 200 12
117.185.32.26 - - [02/Jan/2021:11:09:37 +0800] "GET /xingrg/kc/buy/cgsh_order_info.html?code=212021010200547 HTTP/1.1" 200 56285
117.185.32.26 - - [02/Jan/2021:11:09:37 +0800] "GET /xingrg/javascript/easyui/themes/default/validatebox.css HTTP/1.1" 404 1104
117.185.32.26 - - [02/Jan/2021:11:09:37 +0800] "POST /xingrg/kc/buy/cgsh_order_operate.html HTTP/1.1" 200 631
117.185.32.26 - - [02/Jan/2021:11:09:40 +0800] "GET /xingrg/kc/print/load_data.html?order_code=212021010200547&kc_code=cgsh&condition= HTTP/1.1" 200 730
117.185.32.26 - - [02/Jan/2021:11:09:43 +0800] "GET /xingrg/all/function/internal_message.html?_=1609557454935&CODE_STATE=getMsg HTTP/1.1" 200 27
117.131.5.26 - - [02/Jan/2021:11:09:47 +0800] "GET /xingrg/all/function/internal_message.html?_=1609557035684&CODE_STATE=getMsg HTTP/1.1" 200 27
180.162.223.42 - - [02/Jan/2021:11:09:50 +0800] "POST /xingrg/kc/buy/cgsh_order_operate.html HTTP/1.1" 200 37
180.162.223.42 - - [02/Jan/2021:11:09:51 +0800] "POST /xingrg/kc/buy/cgsh_order_operate.html HTTP/1.1" 200 3261
180.162.223.42 - - [02/Jan/2021:11:09:52 +0800] "GET /xingrg/kc/print/load_data.html?order_code=212021010200548&kc_code=cgsh&condition= HTTP/1.1" 200 982
58.37.230.33 - - [02/Jan/2021:11:09:54 +0800] "GET /xingrg/kc/buy/cgsh_order_add.html HTTP/1.1" 200 61384
58.37.230.33 - - [02/Jan/2021:11:09:55 +0800] "GET /xingrg/javascript/easyui/themes/default/validatebox.css HTTP/1.1" 404 1104
58.37.230.33 - - [02/Jan/2021:11:09:55 +0800] "POST /xingrg/kc/buy/cgsh_order_operate.html HTTP/1.1" 200 8245
180.162.223.42 - - [02/Jan/2021:11:09:55 +0800] "GET /xingrg/kc/buy/cgsh_order_add.html HTTP/1.1" 200 61425
180.162.223.42 - - [02/Jan/2021:11:09:56 +0800] "GET /xingrg/javascript/easyui/themes/default/validatebox.css HTTP/1.1" 404 1104
180.162.223.42 - - [02/Jan/2021:11:09:56 +0800] "POST /xingrg/kc/buy/cgsh_order_operate.html HTTP/1.1" 200 8245
172.17.0.119 - - [02/Jan/2021:11:09:58 +0800] "GET /xingrg/login.html HTTP/1.1" 200 7636
172.17.0.119 - - [02/Jan/2021:11:09:58 +0800] "GET /favicon.ico HTTP/1.1" 404 -
117.185.32.26 - - [02/Jan/2021:11:09:59 +0800] "GET /xingrg/kc/buy/cgsh_order_add.html HTTP/1.1" 200 61378
172.17.0.119 - - [02/Jan/2021:11:10:00 +0800] "POST /xingrg/login.do HTTP/1.1" 302 -
172.17.0.119 - - [02/Jan/2021:11:10:00 +0800] "GET /xingrg/index.html?sysBaseUrl=http%3A%2F%2F172.17.0.8%3A18081%2Fxingrg%2F&costTime=38×tamp=1609557000066 HTTP/1.1" 200 17448
117.185.32.26 - - [02/Jan/2021:11:10:00 +0800] "POST /xingrg/kc/buy/cgsh_order_operate.html HTTP/1.1" 200 8245
117.185.32.26 - - [02/Jan/2021:11:10:00 +0800] "GET /xingrg/javascript/easyui/themes/default/validatebox.css HTTP/1.1" 404 1104
172.17.0.119 - - [02/Jan/2021:11:10:00 +0800] "GET /favicon.ico HTTP/1.1" 404 -
172.17.0.119 - - [02/Jan/2021:11:10:00 +0800] "POST /xingrg/all/common/load_tree.html?tree=area_rest_tree_json&manage=1 HTTP/1.1" 200 3344
172.17.0.119 - - [02/Jan/2021:11:10:00 +0800] "GET /xingrg/all/function/internal_message.html?_=1609557001446&CODE_STATE=count HTTP/1.1" 200 11
172.17.0.119 - - [02/Jan/2021:11:10:00 +0800] "GET /xingrg/check_reg.html?_=1609557001448 HTTP/1.1" 200 22
172.17.0.119 - - [02/Jan/2021:11:10:00 +0800] "POST /xingrg/load_menu.html HTTP/1.1" 200 11529
117.185.32.26 - - [02/Jan/2021:11:10:01 +0800] "GET /xingrg/javascript/easyui/themes/default/tree.css HTTP/1.1" 404 1090
117.185.32.26 - - [02/Jan/2021:11:10:01 +0800] "POST /xingrg/all/common/load_tree.html?tree=supplier_tree_json&isDelete=1 HTTP/1.1" 200 53432
101.228.166.101 - - [02/Jan/2021:11:10:02 +0800] "POST /xingrg/kc/buy/cgsh_order_operate.html HTTP/1.1" 200 37
180.175.150.119 - - [02/Jan/2021:11:10:03 +0800] "GET /xingrg/kc/buy/cgsh_order_operate.html?command=get_materiel&rest_code=00102&code=00101015034&supplier_code=00100054&order_time=2021-01-02 HTTP/1.1" 200 412
58.37.230.33 - - [02/Jan/2021:11:10:03 +0800] "GET /xingrg/kc/buy/cgsh_order_operate.html?command=get_materiel&rest_code=00141&code=00101007076&supplier_code=00100004&order_time=2021-01-02 HTTP/1.1" 200 408
101.228.166.101 - - [02/Jan/2021:11:10:04 +0800] "POST /xingrg/kc/buy/cgsh_order_operate.html HTTP/1.1" 200 8032
114.84.4.90 - - [02/Jan/2021:11:10:05 +0800] "GET /xingrg/all/function/internal_message.html?_=1609557002854&CODE_STATE=getMsg HTTP/1.1" 200 27
180.162.223.42 - - [02/Jan/2021:11:10:05 +0800] "GET /xingrg/kc/buy/cgsh_order_operate.html?command=get_materiel&rest_code=00105&code=00101003025&supplier_code=00100093&order_time=2021-01-02 HTTP/1.1" 200 409
180.162.223.42 - - [02/Jan/2021:11:10:05 +0800] "GET /xingrg/all/function/internal_message.html?_=1609557006889&CODE_STATE=getMsg HTTP/1.1" 200 27
222.69.134.163 - - [02/Jan/2021:11:10:07 +0800] "GET /xingrg/all/function/internal_message.html?_=1609557002938&CODE_STATE=getMsg HTTP/1.1" 200 27
172.17.0.115 - - [02/Jan/2021:11:10:07 +0800] "GET /xingrg/all/function/internal_message.html?_=1609557027257&CODE_STATE=getMsg HTTP/1.1" 200 27
101.228.166.101 - - [02/Jan/2021:11:10:08 +0800] "GET /xingrg/kc/print/load_data.html?order_code=212021010200549&kc_code=cgsh&condition= HTTP/1.1" 200 2838
172.17.200.101 - - [02/Jan/2021:11:10:09 +0800] "GET /xingrg/all/function/internal_message.html?_=1609557014903&CODE_STATE=getMsg HTTP/1.1" 200 27
117.185.32.26 - - [02/Jan/2021:11:10:11 +0800] "GET /xingrg/all/function/internal_message.html?_=1609557009357&CODE_STATE=getMsg HTTP/1.1" 200 27
172.17.0.108 - - [02/Jan/2021:11:10:13 +0800] "GET /xingrg/check_reg.html?_=1609557014387 HTTP/1.1" 200 22
172.17.0.108 - - [02/Jan/2021:11:10:13 +0800] "GET /xingrg/all/function/internal_message.html?_=1609557014391&CODE_STATE=getMsg HTTP/1.1" 200 27
120.253.135.82 - - [02/Jan/2021:11:10:14 +0800] "GET /xingrg/check_reg.html?_=1609557060666 HTTP/1.1" 200 22
120.253.135.82 - - [02/Jan/2021:11:10:15 +0800] "GET /xingrg/all/function/internal_message.html?_=1609557061312&CODE_STATE=getMsg HTTP/1.1" 200 27
180.175.150.119 - - [02/Jan/2021:11:10:15 +0800] "GET /xingrg/all/function/internal_message.html?_=1609557252933&CODE_STATE=getMsg HTTP/1.1" 200 27
183.192.164.71 - - [02/Jan/2021:11:10:17 +0800] "GET /xingrg/check_reg.html?_=1609556944640 HTTP/1.1" 302 -
180.175.150.119 - - [02/Jan/2021:11:10:19 +0800] "GET /xingrg/kc/buy/cgsh_order_operate.html?command=get_materiel&rest_code=00102&code=00101015099&supplier_code=00100054&order_time=2021-01-02 HTTP/1.1" 200 395
172.17.0.120 - - [02/Jan/2021:11:10:20 +0800] "GET /xingrg/all/function/internal_message.html?_=1609557020534&CODE_STATE=getMsg HTTP/1.1" 200 27
183.192.164.71 - - [02/Jan/2021:11:10:25 +0800] "GET /xingrg/login.html HTTP/1.1" 200 7641
180.162.223.42 - - [02/Jan/2021:11:10:25 +0800] "POST /xingrg/kc/buy/cgsh_order_operate.html HTTP/1.1" 200 37
222.69.133.109 - - [02/Jan/2021:11:10:25 +0800] "GET /xingrg/all/function/internal_message.html?_=1609557028015&CODE_STATE=getMsg HTTP/1.1" 200 27
222.69.133.109 - - [02/Jan/2021:11:10:25 +0800] "GET /xingrg/check_reg.html?_=1609557028018 HTTP/1.1" 200 22
172.17.0.185 - - [02/Jan/2021:11:10:28 +0800] "GET /xingrg/all/function/internal_message.html?_=1609557029585&CODE_STATE=getMsg HTTP/1.1" 200 27
180.175.150.119 - - [02/Jan/2021:11:10:29 +0800] "GET /xingrg/kc/buy/cgsh_order_operate.html?command=get_materiel&rest_code=00102&code=00101015040&supplier_code=00100054&order_time=2021-01-02 HTTP/1.1" 200 408
180.162.223.42 - - [02/Jan/2021:11:10:31 +0800] "POST /xingrg/kc/buy/cgsh_order_operate.html HTTP/1.1" 200 2654
101.228.166.101 - - [02/Jan/2021:11:10:32 +0800] "GET /xingrg/all/function/internal_message.html?_=1609557056237&CODE_STATE=getMsg HTTP/1.1" 200 27
180.162.223.42 - - [02/Jan/2021:11:10:33 +0800] "GET /xingrg/kc/print/load_data.html?order_code=212021010200550&kc_code=cgsh&condition= HTTP/1.1" 200 705
58.40.7.146 - - [02/Jan/2021:11:10:34 +0800] "GET /xingrg/all/function/internal_message.html?_=1609557035057&CODE_STATE=getMsg HTTP/1.1" 200 27
58.37.230.33 - - [02/Jan/2021:11:10:34 +0800] "GET /xingrg/all/function/internal_message.html?_=1609557035625&CODE_STATE=getMsg HTTP/1.1" 200 27
116.228.172.94 - - [02/Jan/2021:11:10:34 +0800] "GET /xingrg/all/function/internal_message.html?_=1609557034229&CODE_STATE=getMsg HTTP/1.1" 200 27
180.156.237.57 - - [02/Jan/2021:11:10:35 +0800] "GET /xingrg/all/function/internal_message.html?_=1609557018111&CODE_STATE=getMsg HTTP/1.1" 200 27
180.162.223.42 - - [02/Jan/2021:11:10:36 +0800] "GET /xingrg/kc/buy/cgsh_order_add.html HTTP/1.1" 200 61425
180.162.223.42 - - [02/Jan/2021:11:10:36 +0800] "GET /xingrg/javascript/easyui/themes/default/validatebox.css HTTP/1.1" 404 1104
180.162.223.42 - - [02/Jan/2021:11:10:36 +0800] "POST /xingrg/kc/buy/cgsh_order_operate.html HTTP/1.1" 200 8245
183.192.164.85 - - [02/Jan/2021:11:10:40 +0800] "GET /xingrg/all/function/internal_message.html?_=1609556769454&CODE_STATE=getMsg HTTP/1.1" 302 -
58.37.230.33 - - [02/Jan/2021:11:10:41 +0800] "GET /xingrg/kc/buy/cgsh_order_operate.html?command=get_materiel&rest_code=00141&code=00101007071&supplier_code=00100004&order_time=2021-01-02 HTTP/1.1" 200 417
117.185.32.26 - - [02/Jan/2021:11:10:43 +0800] "GET /xingrg/all/function/internal_message.html?_=1609557514919&CODE_STATE=getMsg HTTP/1.1" 200 27
117.185.32.26 - - [02/Jan/2021:11:10:43 +0800] "GET /xingrg/check_reg.html?_=1609557515024 HTTP/1.1" 200 22
180.162.223.42 - - [02/Jan/2021:11:10:45 +0800] "GET /xingrg/kc/buy/cgsh_order_operate.html?command=get_materiel&rest_code=00105&code=00101009034&supplier_code=00100335&order_time=2021-01-02 HTTP/1.1" 200 428
180.162.223.42 - - [02/Jan/2021:11:10:45 +0800] "POST /xingrg/all/common/load_select.html HTTP/1.1" 200 25
117.131.5.26 - - [02/Jan/2021:11:10:47 +0800] "GET /xingrg/check_reg.html?_=1609557095693 HTTP/1.1" 200 22
117.131.5.26 - - [02/Jan/2021:11:10:47 +0800] "GET /xingrg/all/function/internal_message.html?_=1609557095691&CODE_STATE=getMsg HTTP/1.1" 200 27
172.17.200.101 - - [02/Jan/2021:11:10:47 +0800] "POST /xingrg/dwr/call/plaincall/AjaxReportQueryService.refreshCache.dwr HTTP/1.1" 200 78
172.17.200.101 - - [02/Jan/2021:11:10:48 +0800] "POST /xingrg/all/report/load_report_page.html HTTP/1.1" 200 48121
172.17.200.101 - - [02/Jan/2021:11:10:48 +0800] "GET /xingrg/servlets/image?cache=0.4345020997251773&image=px HTTP/1.1" 200 807
180.162.223.42 - - [02/Jan/2021:11:10:48 +0800] "GET /xingrg/kc/buy/cgsh_order_operate.html?command=get_materiel_price&rest_code=00105&code=00101009034&unit_code=00100047&supplier_code=00100335&order_time=2021-01-02 HTTP/1.1" 200 28
183.192.164.85 - - [02/Jan/2021:11:10:49 +0800] "GET /xingrg/login.html HTTP/1.1" 200 7641
58.37.230.33 - - [02/Jan/2021:11:10:50 +0800] "POST /xingrg/kc/buy/cgsh_order_operate.html HTTP/1.1" 200 37
58.37.230.33 - - [02/Jan/2021:11:10:54 +0800] "POST /xingrg/kc/buy/cgsh_order_operate.html HTTP/1.1" 200 12
58.37.230.33 - - [02/Jan/2021:11:10:55 +0800] "GET /xingrg/kc/buy/cgsh_order_info.html?code=212021010200551 HTTP/1.1" 200 56287
58.37.230.33 - - [02/Jan/2021:11:10:55 +0800] "GET /xingrg/javascript/easyui/themes/default/validatebox.css HTTP/1.1" 404 1104
180.162.223.42 - - [02/Jan/2021:11:10:57 +0800] "POST /xingrg/kc/buy/cgsh_order_operate.html HTTP/1.1" 200 37
58.37.230.33 - - [02/Jan/2021:11:10:57 +0800] "POST /xingrg/kc/buy/cgsh_order_operate.html HTTP/1.1" 200 1790
58.37.230.33 - - [02/Jan/2021:11:10:59 +0800] "GET /xingrg/kc/print/load_data.html?order_code=212021010200551&kc_code=cgsh&condition= HTTP/1.1" 200 1212
172.17.0.108 - - [02/Jan/2021:11:11:00 +0800] "GET /xingrg/javascript/easyui/themes/default/images/button_plain_hover.png HTTP/1.1" 200 144
172.17.0.119 - - [02/Jan/2021:11:11:00 +0800] "GET /xingrg/all/function/internal_message.html?_=1609557061452&CODE_STATE=getMsg HTTP/1.1" 200 27
117.185.32.26 - - [02/Jan/2021:11:11:00 +0800] "GET /xingrg/kc/buy/cgsh_order_operate.html?command=get_materiel&rest_code=00106&code=00101002016&supplier_code=00100347&order_time=2021-01-02 HTTP/1.1" 200 413
172.17.0.108 - - [02/Jan/2021:11:11:04 +0800] "POST /xingrg/all/user/operate.html HTTP/1.1" 200 36
172.17.0.119 - - [02/Jan/2021:11:11:04 +0800] "POST /xingrg/all/user/operate.html HTTP/1.1" 200 36
172.17.0.108 - - [02/Jan/2021:11:11:04 +0800] "GET /xingrg/javascript/jquery_easy_ui/themes/default/easyui.css HTTP/1.1" 304 -
172.17.0.108 - - [02/Jan/2021:11:11:04 +0800] "GET /xingrg/index.html?sysBaseUrl=http%3A%2F%2F172.17.0.8%3A18081%2Fxingrg%2F&costTime=47×tamp=1609556210877 HTTP/1.1" 200 17454
172.17.0.108 - - [02/Jan/2021:11:11:04 +0800] "GET /xingrg/javascript/jquery_easy_ui/themes/icon.css HTTP/1.1" 304 -
172.17.0.108 - - [02/Jan/2021:11:11:04 +0800] "GET /xingrg/css/form.css HTTP/1.1" 304 -
172.17.0.108 - - [02/Jan/2021:11:11:04 +0800] "GET /xingrg/javascript/jquery-1.4.2.min.js HTTP/1.1" 304 -
172.17.0.119 - - [02/Jan/2021:11:11:04 +0800] "GET /xingrg/index.html?sysBaseUrl=http%3A%2F%2F172.17.0.8%3A18081%2Fxingrg%2F&costTime=38×tamp=1609557000066 HTTP/1.1" 200 17448
172.17.0.119 - - [02/Jan/2021:11:11:04 +0800] "GET /xingrg/javascript/jquery_easy_ui/themes/default/easyui.css HTTP/1.1" 304 -
172.17.0.108 - - [02/Jan/2021:11:11:04 +0800] "GET /xingrg/javascript/jquery_easy_ui/jquery.easyui.min.js HTTP/1.1" 304 -
172.17.0.119 - - [02/Jan/2021:11:11:04 +0800] "GET /xingrg/javascript/jquery_easy_ui/themes/icon.css HTTP/1.1" 304 -
172.17.0.119 - - [02/Jan/2021:11:11:04 +0800] "GET /xingrg/css/form.css HTTP/1.1" 304 -
172.17.0.119 - - [02/Jan/2021:11:11:04 +0800] "GET /xingrg/javascript/jquery-1.4.2.min.js HTTP/1.1" 304 -
172.17.0.108 - - [02/Jan/2021:11:11:04 +0800] "GET /xingrg/javascript/jquery_easy_ui/easyui-lang-zh_CN.js HTTP/1.1" 304 -
172.17.0.108 - - [02/Jan/2021:11:11:04 +0800] "GET /xingrg/javascript/jquery.form.js HTTP/1.1" 304 -
172.17.0.108 - - [02/Jan/2021:11:11:04 +0800] "GET /xingrg/javascript/jquery.utils.js HTTP/1.1" 304 -
172.17.0.108 - - [02/Jan/2021:11:11:04 +0800] "GET /xingrg/javascript/jquery.timers.js HTTP/1.1" 304 -
172.17.0.119 - - [02/Jan/2021:11:11:04 +0800] "GET /xingrg/javascript/jquery_easy_ui/jquery.easyui.min.js HTTP/1.1" 304 -
172.17.0.108 - - [02/Jan/2021:11:11:04 +0800] "GET /xingrg/images/blue/jxLogo.png HTTP/1.1" 304 -
172.17.0.108 - - [02/Jan/2021:11:11:04 +0800] "GET /xingrg/javascript/jquery_easy_ui/themes/icons/settle_new.png HTTP/1.1" 304 -
172.17.0.108 - - [02/Jan/2021:11:11:04 +0800] "GET /xingrg/images/blue/navBackgound.jpg HTTP/1.1" 304 -
172.17.0.119 - - [02/Jan/2021:11:11:04 +0800] "GET /xingrg/javascript/jquery_easy_ui/easyui-lang-zh_CN.js HTTP/1.1" 304 -
172.17.0.119 - - [02/Jan/2021:11:11:04 +0800] "GET /xingrg/javascript/jquery.form.js HTTP/1.1" 304 -
172.17.0.119 - - [02/Jan/2021:11:11:04 +0800] "GET /xingrg/javascript/jquery.utils.js HTTP/1.1" 304 -
172.17.0.119 - - [02/Jan/2021:11:11:04 +0800] "GET /xingrg/javascript/jquery.timers.js HTTP/1.1" 304 -
172.17.0.108 - - [02/Jan/2021:11:11:04 +0800] "POST /xingrg/all/common/load_tree.html?tree=area_rest_tree_json&manage=1 HTTP/1.1" 200 3344
172.17.0.119 - - [02/Jan/2021:11:11:04 +0800] "GET /xingrg/images/blue/jxLogo.png HTTP/1.1" 304 -
172.17.0.119 - - [02/Jan/2021:11:11:04 +0800] "GET /xingrg/javascript/jquery_easy_ui/themes/icons/settle_new.png HTTP/1.1" 304 -
172.17.0.119 - - [02/Jan/2021:11:11:04 +0800] "GET /xingrg/images/blue/navBackgound.jpg HTTP/1.1" 304 -
172.17.0.108 - - [02/Jan/2021:11:11:04 +0800] "GET /xingrg/all/function/internal_message.html?_=1609557065443&CODE_STATE=count HTTP/1.1" 200 11
172.17.0.108 - - [02/Jan/2021:11:11:04 +0800] "GET /xingrg/check_reg.html?_=1609557065443 HTTP/1.1" 200 22
172.17.0.108 - - [02/Jan/2021:11:11:04 +0800] "GET /xingrg/javascript/jquery_easy_ui/themes/default/images/panel_tool_collapse.gif HTTP/1.1" 304 -
172.17.0.108 - - [02/Jan/2021:11:11:04 +0800] "GET /xingrg/javascript/jquery_easy_ui/themes/default/images/panel_tool_expand.gif HTTP/1.1" 304 -
172.17.0.108 - - [02/Jan/2021:11:11:04 +0800] "GET /xingrg/javascript/jquery_easy_ui/themes/default/images/tabs_leftarrow.png HTTP/1.1" 304 -
172.17.0.108 - - [02/Jan/2021:11:11:04 +0800] "GET /xingrg/images/blue/pingpu.png HTTP/1.1" 304 -
172.17.0.108 - - [02/Jan/2021:11:11:04 +0800] "GET /xingrg/javascript/jquery_easy_ui/themes/default/images/tabs_rightarrow.png HTTP/1.1" 304 -
