61.151.179.84 - - [28/Dec/2020:11:26:10 +0800] "GET /xingrg/login.html HTTP/1.1" 200 7641
101.85.93.83 - - [28/Dec/2020:11:26:10 +0800] "GET /xingrg/kc/buy/cgsh_order_info.html?code=212020122811447 HTTP/1.1" 200 55293
101.85.93.83 - - [28/Dec/2020:11:26:11 +0800] "GET /xingrg/javascript/easyui/themes/default/validatebox.css HTTP/1.1" 404 1104
101.85.93.83 - - [28/Dec/2020:11:26:11 +0800] "POST /xingrg/kc/buy/cgsh_order_operate.html HTTP/1.1" 200 4180
101.228.166.101 - - [28/Dec/2020:11:26:11 +0800] "GET /xingrg/all/function/internal_message.html?_=1609125973386&CODE_STATE=getMsg HTTP/1.1" 200 27
222.69.132.69 - - [28/Dec/2020:11:26:12 +0800] "GET /xingrg/kc/buy/cgsh_order_add.html HTTP/1.1" 200 61320
101.85.93.83 - - [28/Dec/2020:11:26:12 +0800] "GET /xingrg/kc/print/load_config.html?kc_code=cgsh HTTP/1.1" 200 1845
101.85.93.83 - - [28/Dec/2020:11:26:13 +0800] "GET /xingrg/kc/print/load_data.html?order_code=212020122811447&kc_code=cgsh&condition= HTTP/1.1" 200 2088
222.69.132.69 - - [28/Dec/2020:11:26:13 +0800] "POST /xingrg/kc/buy/cgsh_order_operate.html HTTP/1.1" 200 8245
222.69.132.69 - - [28/Dec/2020:11:26:13 +0800] "GET /xingrg/javascript/easyui/themes/default/validatebox.css HTTP/1.1" 404 1104
180.152.116.185 - - [28/Dec/2020:11:26:13 +0800] "GET /xingrg/all/function/internal_message.html?_=1609126209284&CODE_STATE=getMsg HTTP/1.1" 200 27
58.37.230.33 - - [28/Dec/2020:11:26:13 +0800] "GET /xingrg/kc/buy/cgsh_order_operate.html?command=get_materiel&rest_code=00141&code=00101012026&supplier_code=00100036&order_time=2020-12-28 HTTP/1.1" 200 408
172.17.200.101 - - [28/Dec/2020:11:26:14 +0800] "GET /xingrg/all/function/internal_message.html?_=1609125975887&CODE_STATE=getMsg HTTP/1.1" 200 27
101.89.19.197 - - [28/Dec/2020:11:26:14 +0800] "GET /xingrg/login.html HTTP/1.1" 200 7641
180.156.237.57 - - [28/Dec/2020:11:26:14 +0800] "GET /xingrg/all/function/internal_message.html?_=1609125982479&CODE_STATE=getMsg HTTP/1.1" 200 27
101.85.93.83 - - [28/Dec/2020:11:26:15 +0800] "GET /xingrg/all/function/internal_message.html?_=1609125660992&CODE_STATE=getMsg HTTP/1.1" 200 27
101.85.93.83 - - [28/Dec/2020:11:26:15 +0800] "GET /xingrg/check_reg.html?_=1609125660992 HTTP/1.1" 200 22
61.129.7.235 - - [28/Dec/2020:11:26:17 +0800] "GET /xingrg/login.html HTTP/1.1" 200 7641
180.157.253.48 - - [28/Dec/2020:11:26:17 +0800] "GET /xingrg/all/function/internal_message.html?_=1609125977309&CODE_STATE=getMsg HTTP/1.1" 200 27
101.228.166.101 - - [28/Dec/2020:11:26:19 +0800] "GET /xingrg/kc/buy/cgsh_order_add.html HTTP/1.1" 200 61273
116.232.55.77 - - [28/Dec/2020:11:26:19 +0800] "GET /xingrg/all/function/internal_message.html?_=1609125980557&CODE_STATE=getMsg HTTP/1.1" 200 27
101.85.93.83 - - [28/Dec/2020:11:26:20 +0800] "GET /xingrg/javascript/jquery_easy_ui/themes/default/images/tabs_active.png HTTP/1.1" 200 2894
120.253.135.82 - - [28/Dec/2020:11:26:20 +0800] "GET /xingrg/all/function/internal_message.html?_=1609126092416&CODE_STATE=getMsg HTTP/1.1" 200 27
222.69.132.69 - - [28/Dec/2020:11:26:20 +0800] "GET /xingrg/kc/buy/cgsh_order_operate.html?command=get_materiel&rest_code=00149&code=00101001140&supplier_code=00100090&order_time=2020-12-28 HTTP/1.1" 200 436
101.228.166.101 - - [28/Dec/2020:11:26:21 +0800] "POST /xingrg/kc/buy/cgsh_order_operate.html HTTP/1.1" 200 8245
101.228.166.101 - - [28/Dec/2020:11:26:21 +0800] "GET /xingrg/javascript/easyui/themes/default/validatebox.css HTTP/1.1" 404 1104
58.37.230.33 - - [28/Dec/2020:11:26:22 +0800] "GET /xingrg/kc/buy/cgsh_order_add.html HTTP/1.1" 200 61273
58.37.230.33 - - [28/Dec/2020:11:26:22 +0800] "POST /xingrg/kc/buy/cgsh_order_operate.html HTTP/1.1" 200 8245
101.85.93.83 - - [28/Dec/2020:11:26:22 +0800] "GET /xingrg/kc/buy/cgsh_order_add.html HTTP/1.1" 200 60386
58.37.230.33 - - [28/Dec/2020:11:26:22 +0800] "GET /xingrg/javascript/easyui/themes/default/validatebox.css HTTP/1.1" 404 1104
101.85.93.83 - - [28/Dec/2020:11:26:22 +0800] "GET /xingrg/javascript/easyui/themes/default/validatebox.css HTTP/1.1" 404 1104
101.85.93.83 - - [28/Dec/2020:11:26:22 +0800] "POST /xingrg/kc/buy/cgsh_order_operate.html HTTP/1.1" 200 8245
180.156.237.57 - - [28/Dec/2020:11:26:24 +0800] "GET /xingrg/kc/buy/cgsh_order_operate.html?command=get_materiel&rest_code=00150&code=00101001047&supplier_code=00100312&order_time=2020-12-28 HTTP/1.1" 200 423
58.37.230.33 - - [28/Dec/2020:11:26:25 +0800] "GET /xingrg/all/function/internal_message.html?_=1609125986537&CODE_STATE=getMsg HTTP/1.1" 200 27
180.162.223.42 - - [28/Dec/2020:11:26:28 +0800] "GET /xingrg/kc/buy/cgsh_order_operate.html?command=get_materiel&rest_code=00105&code=00101008027&supplier_code=00100203&order_time=2020-12-28 HTTP/1.1" 200 408
58.37.230.33 - - [28/Dec/2020:11:26:28 +0800] "GET /xingrg/kc/buy/cgsh_order_operate.html?command=get_materiel&rest_code=00141&code=00101020144&supplier_code=00100036&order_time=2020-12-28 HTTP/1.1" 200 448
222.69.132.69 - - [28/Dec/2020:11:26:31 +0800] "GET /xingrg/all/function/internal_message.html?_=1609125990037&CODE_STATE=getMsg HTTP/1.1" 200 27
222.69.132.69 - - [28/Dec/2020:11:26:31 +0800] "GET /xingrg/kc/buy/cgsh_order_operate.html?command=get_materiel&rest_code=00149&code=00101001040&supplier_code=00100090&order_time=2020-12-28 HTTP/1.1" 200 415
58.37.230.33 - - [28/Dec/2020:11:26:31 +0800] "POST /xingrg/services/DataTransmitService HTTP/1.1" 200 524
58.37.230.33 - - [28/Dec/2020:11:26:32 +0800] "POST /xingrg/services/DataTransmitService HTTP/1.1" 200 2031
58.37.230.33 - - [28/Dec/2020:11:26:32 +0800] "POST /xingrg/services/DataTransmitService HTTP/1.1" 200 190739
101.228.166.101 - - [28/Dec/2020:11:26:35 +0800] "GET /xingrg/kc/buy/cgsh_order_operate.html?command=get_materiel&rest_code=00146&code=00101010079&supplier_code=00100336&order_time=2020-12-28 HTTP/1.1" 200 413
58.37.230.33 - - [28/Dec/2020:11:26:35 +0800] "GET /xingrg/kc/buy/cgsh_order_operate.html?command=get_materiel&rest_code=00141&code=00101020089&supplier_code=00100036&order_time=2020-12-28 HTTP/1.1" 200 412
180.156.237.57 - - [28/Dec/2020:11:26:36 +0800] "GET /xingrg/kc/buy/cgsh_order_operate.html?command=get_materiel&rest_code=00150&code=00101001138&supplier_code=00100312&order_time=2020-12-28 HTTP/1.1" 200 434
101.85.52.2 - - [28/Dec/2020:11:26:36 +0800] "GET /xingrg/all/function/internal_message.html?_=1609125994571&CODE_STATE=getMsg HTTP/1.1" 200 27
101.85.93.83 - - [28/Dec/2020:11:26:37 +0800] "GET /xingrg/kc/buy/cgsh_order_operate.html?command=get_materiel&rest_code=00142&code=00101008126&supplier_code=00100161&order_time=2020-12-28 HTTP/1.1" 200 412
180.156.237.57 - - [28/Dec/2020:11:26:41 +0800] "GET /xingrg/check_reg.html?_=1609125985404 HTTP/1.1" 200 22
180.156.237.57 - - [28/Dec/2020:11:26:43 +0800] "GET /xingrg/all/function/internal_message.html?_=1609125986918&CODE_STATE=getMsg HTTP/1.1" 200 27
58.35.244.144 - - [28/Dec/2020:11:26:43 +0800] "GET /xingrg/all/function/internal_message.html?_=1609126153820&CODE_STATE=getMsg HTTP/1.1" 200 27
58.37.230.33 - - [28/Dec/2020:11:26:45 +0800] "POST /xingrg/kc/buy/cgsh_order_operate.html HTTP/1.1" 200 37
114.84.4.90 - - [28/Dec/2020:11:26:46 +0800] "GET /xingrg/all/function/internal_message.html?_=1609126006164&CODE_STATE=getMsg HTTP/1.1" 200 27
101.85.93.83 - - [28/Dec/2020:11:26:47 +0800] "GET /xingrg/kc/buy/cgsh_order_operate.html?command=get_materiel&rest_code=00142&code=00101008108&supplier_code=00100161&order_time=2020-12-28 HTTP/1.1" 200 412
101.228.166.101 - - [28/Dec/2020:11:26:49 +0800] "POST /xingrg/kc/buy/cgsh_order_operate.html HTTP/1.1" 200 37
58.37.230.33 - - [28/Dec/2020:11:26:49 +0800] "POST /xingrg/kc/buy/cgsh_order_operate.html HTTP/1.1" 200 12
116.228.172.94 - - [28/Dec/2020:11:26:50 +0800] "GET /xingrg/all/function/internal_message.html?_=1609126008652&CODE_STATE=getMsg HTTP/1.1" 200 27
58.37.230.33 - - [28/Dec/2020:11:26:50 +0800] "GET /xingrg/kc/buy/cgsh_order_info.html?code=212020122811454 HTTP/1.1" 200 56178
58.37.230.33 - - [28/Dec/2020:11:26:50 +0800] "GET /xingrg/javascript/easyui/themes/default/validatebox.css HTTP/1.1" 404 1104
101.228.166.101 - - [28/Dec/2020:11:26:51 +0800] "POST /xingrg/kc/buy/cgsh_order_operate.html HTTP/1.1" 200 2658
58.37.230.33 - - [28/Dec/2020:11:26:51 +0800] "POST /xingrg/kc/buy/cgsh_order_operate.html HTTP/1.1" 200 5931
117.131.5.26 - - [28/Dec/2020:11:26:51 +0800] "GET /xingrg/all/function/internal_message.html?_=1609126057368&CODE_STATE=getMsg HTTP/1.1" 200 27
222.69.132.69 - - [28/Dec/2020:11:26:51 +0800] "GET /xingrg/kc/buy/cgsh_order_operate.html?command=get_materiel&rest_code=00149&code=00101001125&supplier_code=00100090&order_time=2020-12-28 HTTP/1.1" 200 415
58.37.230.33 - - [28/Dec/2020:11:26:52 +0800] "GET /xingrg/kc/print/load_data.html?order_code=212020122811454&kc_code=cgsh&condition= HTTP/1.1" 200 2812
101.228.166.101 - - [28/Dec/2020:11:26:53 +0800] "GET /xingrg/kc/print/load_data.html?order_code=212020122811455&kc_code=cgsh&condition= HTTP/1.1" 200 680
101.85.93.83 - - [28/Dec/2020:11:26:54 +0800] "GET /xingrg/kc/buy/cgsh_order_operate.html?command=get_materiel&rest_code=00142&code=00101008368&supplier_code=00100161&order_time=2020-12-28 HTTP/1.1" 200 408
172.17.0.185 - - [28/Dec/2020:11:26:54 +0800] "GET /xingrg/all/function/internal_message.html?_=1609126013297&CODE_STATE=getMsg HTTP/1.1" 200 27
58.37.230.33 - - [28/Dec/2020:11:26:58 +0800] "GET /xingrg/kc/buy/cgsh_order_add.html HTTP/1.1" 200 61273
58.37.230.33 - - [28/Dec/2020:11:26:58 +0800] "GET /xingrg/all/function/internal_message.html?_=1609125582659&CODE_STATE=getMsg HTTP/1.1" 200 27
58.37.230.33 - - [28/Dec/2020:11:26:58 +0800] "POST /xingrg/kc/buy/cgsh_order_operate.html HTTP/1.1" 200 8245
58.37.230.33 - - [28/Dec/2020:11:26:58 +0800] "GET /xingrg/javascript/easyui/themes/default/validatebox.css HTTP/1.1" 404 1104
172.17.0.100 - - [28/Dec/2020:11:26:59 +0800] "GET /xingrg/all/function/internal_message.html?_=1609126096024&CODE_STATE=getMsg HTTP/1.1" 200 27
180.162.223.42 - - [28/Dec/2020:11:27:00 +0800] "GET /xingrg/all/function/internal_message.html?_=1609126002175&CODE_STATE=getMsg HTTP/1.1" 200 27
101.85.93.83 - - [28/Dec/2020:11:27:01 +0800] "GET /xingrg/kc/buy/cgsh_order_operate.html?command=get_materiel&rest_code=00142&code=00101008005&supplier_code=00100161&order_time=2020-12-28 HTTP/1.1" 200 431
180.156.237.57 - - [28/Dec/2020:11:27:01 +0800] "GET /xingrg/kc/buy/cgsh_order_operate.html?command=get_materiel&rest_code=00150&code=00101005017&supplier_code=00100312&order_time=2020-12-28 HTTP/1.1" 200 431
180.162.223.42 - - [28/Dec/2020:11:27:02 +0800] "GET /xingrg/kc/buy/cgsh_order_operate.html?command=get_materiel&rest_code=00105&code=00101008354&supplier_code=00100203&order_time=2020-12-28 HTTP/1.1" 200 412
117.185.32.26 - - [28/Dec/2020:11:27:04 +0800] "GET /xingrg/all/function/internal_message.html?_=1609126491420&CODE_STATE=getMsg HTTP/1.1" 200 27
117.185.32.26 - - [28/Dec/2020:11:27:04 +0800] "GET /xingrg/check_reg.html?_=1609126491427 HTTP/1.1" 200 22
58.37.230.33 - - [28/Dec/2020:11:27:06 +0800] "GET /xingrg/kc/buy/cgsh_order_operate.html?command=get_materiel&rest_code=00141&code=00101015043&supplier_code=00100055&order_time=2020-12-28 HTTP/1.1" 200 413
101.85.93.83 - - [28/Dec/2020:11:27:09 +0800] "GET /xingrg/kc/buy/cgsh_order_operate.html?command=get_materiel&rest_code=00142&code=00101008141&supplier_code=00100161&order_time=2020-12-28 HTTP/1.1" 200 412
222.69.132.69 - - [28/Dec/2020:11:27:09 +0800] "GET /xingrg/kc/buy/cgsh_order_operate.html?command=get_materiel&rest_code=00149&code=00101001093&supplier_code=00100090&order_time=2020-12-28 HTTP/1.1" 200 430
101.228.166.101 - - [28/Dec/2020:11:27:10 +0800] "GET /xingrg/kc/buy/cgsh_order_add.html HTTP/1.1" 200 61273
101.228.166.101 - - [28/Dec/2020:11:27:12 +0800] "POST /xingrg/kc/buy/cgsh_order_operate.html HTTP/1.1" 200 8245
101.228.166.101 - - [28/Dec/2020:11:27:12 +0800] "GET /xingrg/all/function/internal_message.html?_=1609126033918&CODE_STATE=getMsg HTTP/1.1" 200 27
101.228.166.101 - - [28/Dec/2020:11:27:12 +0800] "GET /xingrg/javascript/easyui/themes/default/validatebox.css HTTP/1.1" 404 1104
180.152.116.185 - - [28/Dec/2020:11:27:13 +0800] "GET /xingrg/all/function/internal_message.html?_=1609126269284&CODE_STATE=getMsg HTTP/1.1" 200 27
172.17.200.101 - - [28/Dec/2020:11:27:14 +0800] "GET /xingrg/all/function/internal_message.html?_=1609126035889&CODE_STATE=getMsg HTTP/1.1" 200 27
180.156.237.57 - - [28/Dec/2020:11:27:14 +0800] "GET /xingrg/all/function/internal_message.html?_=1609126042576&CODE_STATE=getMsg HTTP/1.1" 200 27
101.85.93.83 - - [28/Dec/2020:11:27:15 +0800] "GET /xingrg/all/function/internal_message.html?_=1609125720960&CODE_STATE=getMsg HTTP/1.1" 200 27
180.157.253.48 - - [28/Dec/2020:11:27:17 +0800] "GET /xingrg/all/function/internal_message.html?_=1609126037278&CODE_STATE=getMsg HTTP/1.1" 200 27
101.85.93.83 - - [28/Dec/2020:11:27:18 +0800] "GET /xingrg/kc/buy/cgsh_order_operate.html?command=get_materiel&rest_code=00142&code=00101008049&supplier_code=00100161&order_time=2020-12-28 HTTP/1.1" 200 408
116.232.55.77 - - [28/Dec/2020:11:27:19 +0800] "GET /xingrg/all/function/internal_message.html?_=1609126040555&CODE_STATE=getMsg HTTP/1.1" 200 27
120.253.135.82 - - [28/Dec/2020:11:27:20 +0800] "GET /xingrg/all/function/internal_message.html?_=1609126152430&CODE_STATE=getMsg HTTP/1.1" 200 27
222.69.132.69 - - [28/Dec/2020:11:27:23 +0800] "POST /xingrg/kc/buy/cgsh_order_operate.html HTTP/1.1" 200 37
58.37.230.33 - - [28/Dec/2020:11:27:27 +0800] "POST /xingrg/kc/buy/cgsh_order_operate.html HTTP/1.1" 200 37
180.162.223.42 - - [28/Dec/2020:11:27:27 +0800] "GET /xingrg/kc/buy/cgsh_order_operate.html?command=get_materiel&rest_code=00105&code=00101008351&supplier_code=00100203&order_time=2020-12-28 HTTP/1.1" 200 427
180.156.237.57 - - [28/Dec/2020:11:27:27 +0800] "GET /xingrg/kc/buy/cgsh_order_operate.html?command=get_materiel&rest_code=00150&code=00101004027&supplier_code=00100312&order_time=2020-12-28 HTTP/1.1" 200 409
101.228.166.101 - - [28/Dec/2020:11:27:27 +0800] "GET /xingrg/kc/buy/cgsh_order_operate.html?command=get_materiel&rest_code=00146&code=00101007085&supplier_code=00100328&order_time=2020-12-28 HTTP/1.1" 200 413
101.85.93.83 - - [28/Dec/2020:11:27:27 +0800] "GET /xingrg/kc/buy/cgsh_order_operate.html?command=get_materiel&rest_code=00142&code=00101008268&supplier_code=00100161&order_time=2020-12-28 HTTP/1.1" 200 408
58.37.230.33 - - [28/Dec/2020:11:27:29 +0800] "POST /xingrg/kc/buy/cgsh_order_operate.html HTTP/1.1" 200 12
58.37.230.33 - - [28/Dec/2020:11:27:31 +0800] "GET /xingrg/kc/buy/cgsh_order_operate.html?command=get_materiel&rest_code=00141&code=00101002006&supplier_code=00100091&order_time=2020-12-28 HTTP/1.1" 200 435
222.69.132.69 - - [28/Dec/2020:11:27:31 +0800] "POST /xingrg/kc/buy/cgsh_order_operate.html HTTP/1.1" 200 12
58.37.230.33 - - [28/Dec/2020:11:27:31 +0800] "GET /xingrg/kc/buy/cgsh_order_info.html?code=212020122811457 HTTP/1.1" 200 56176
58.37.230.33 - - [28/Dec/2020:11:27:31 +0800] "GET /xingrg/javascript/easyui/themes/default/validatebox.css HTTP/1.1" 404 1104
58.37.230.33 - - [28/Dec/2020:11:27:31 +0800] "POST /xingrg/kc/buy/cgsh_order_operate.html HTTP/1.1" 200 607
58.37.230.33 - - [28/Dec/2020:11:27:32 +0800] "GET /xingrg/kc/print/load_data.html?order_code=212020122811457&kc_code=cgsh&condition= HTTP/1.1" 200 745
116.232.55.77 - - [28/Dec/2020:11:27:34 +0800] "POST /xingrg/kc/buy/cgsh_order_operate.html HTTP/1.1" 200 37
180.156.237.57 - - [28/Dec/2020:11:27:35 +0800] "GET /xingrg/kc/buy/cgsh_order_operate.html?command=get_materiel&rest_code=00150&code=00101004023&supplier_code=00100312&order_time=2020-12-28 HTTP/1.1" 200 409
101.85.93.83 - - [28/Dec/2020:11:27:35 +0800] "GET /xingrg/kc/buy/cgsh_order_operate.html?command=get_materiel&rest_code=00142&code=00101008199&supplier_code=00100161&order_time=2020-12-28 HTTP/1.1" 200 408
116.232.55.77 - - [28/Dec/2020:11:27:35 +0800] "POST /xingrg/kc/buy/cgsh_order_operate.html HTTP/1.1" 200 3857
58.221.95.50 - - [28/Dec/2020:11:27:35 +0800] "GET /xingrg/check_reg.html?_=1609126055551 HTTP/1.1" 302 -
101.85.52.2 - - [28/Dec/2020:11:27:36 +0800] "GET /xingrg/check_reg.html?_=1609126054522 HTTP/1.1" 200 22
101.85.52.2 - - [28/Dec/2020:11:27:36 +0800] "GET /xingrg/all/function/internal_message.html?_=1609126054553&CODE_STATE=getMsg HTTP/1.1" 200 27
222.69.132.69 - - [28/Dec/2020:11:27:37 +0800] "GET /xingrg/kc/buy/cgsh_order_info.html?code=212020122811456 HTTP/1.1" 200 56227
222.69.132.69 - - [28/Dec/2020:11:27:37 +0800] "GET /xingrg/javascript/easyui/themes/default/validatebox.css HTTP/1.1" 404 1104
222.69.132.69 - - [28/Dec/2020:11:27:38 +0800] "POST /xingrg/kc/buy/cgsh_order_operate.html HTTP/1.1" 200 2400
58.37.230.33 - - [28/Dec/2020:11:27:38 +0800] "GET /xingrg/kc/buy/cgsh_order_operate.html?command=get_materiel&rest_code=00141&code=00101003037&supplier_code=00100091&order_time=2020-12-28 HTTP/1.1" 200 434
116.232.55.77 - - [28/Dec/2020:11:27:39 +0800] "GET /xingrg/kc/print/load_config.html?kc_code=cgsh HTTP/1.1" 200 1845
116.232.55.77 - - [28/Dec/2020:11:27:39 +0800] "GET /xingrg/kc/print/load_data.html?order_code=212020122811458&kc_code=cgsh&condition= HTTP/1.1" 200 1165
222.69.132.69 - - [28/Dec/2020:11:27:40 +0800] "GET /xingrg/kc/print/load_data.html?order_code=212020122811456&kc_code=cgsh&condition= HTTP/1.1" 200 1465
180.156.237.57 - - [28/Dec/2020:11:27:42 +0800] "GET /xingrg/kc/buy/cgsh_order_operate.html?command=get_materiel&rest_code=00150&code=00101004010&supplier_code=00100312&order_time=2020-12-28 HTTP/1.1" 200 409
101.85.93.83 - - [28/Dec/2020:11:27:42 +0800] "GET /xingrg/kc/buy/cgsh_order_operate.html?command=get_materiel&rest_code=00142&code=00101008361&supplier_code=00100161&order_time=2020-12-28 HTTP/1.1" 200 408
180.156.237.57 - - [28/Dec/2020:11:27:43 +0800] "GET /xingrg/all/function/internal_message.html?_=1609126046931&CODE_STATE=getMsg HTTP/1.1" 200 27
101.228.166.101 - - [28/Dec/2020:11:27:43 +0800] "GET /xingrg/kc/buy/cgsh_order_operate.html?command=get_materiel&rest_code=00146&code=00101007077&supplier_code=00100328&order_time=2020-12-28 HTTP/1.1" 200 415
58.35.244.144 - - [28/Dec/2020:11:27:43 +0800] "GET /xingrg/all/function/internal_message.html?_=1609126213798&CODE_STATE=getMsg HTTP/1.1" 200 27
58.37.230.33 - - [28/Dec/2020:11:27:44 +0800] "GET /xingrg/kc/buy/cgsh_order_add.html HTTP/1.1" 200 61273
58.37.230.33 - - [28/Dec/2020:11:27:44 +0800] "GET /xingrg/javascript/easyui/themes/default/validatebox.css HTTP/1.1" 404 1104
58.37.230.33 - - [28/Dec/2020:11:27:44 +0800] "POST /xingrg/kc/buy/cgsh_order_operate.html HTTP/1.1" 200 8245
222.69.132.69 - - [28/Dec/2020:11:27:45 +0800] "GET /xingrg/kc/buy/cgsh_order_add.html HTTP/1.1" 200 61320
222.69.132.69 - - [28/Dec/2020:11:27:46 +0800] "POST /xingrg/kc/buy/cgsh_order_operate.html HTTP/1.1" 200 8245
222.69.132.69 - - [28/Dec/2020:11:27:46 +0800] "GET /xingrg/javascript/easyui/themes/default/validatebox.css HTTP/1.1" 404 1104
114.84.4.90 - - [28/Dec/2020:11:27:46 +0800] "GET /xingrg/all/function/internal_message.html?_=1609126066154&CODE_STATE=getMsg HTTP/1.1" 200 27
58.37.230.33 - - [28/Dec/2020:11:27:47 +0800] "POST /xingrg/kc/buy/cgsh_order_operate.html HTTP/1.1" 200 37
180.162.223.42 - - [28/Dec/2020:11:27:48 +0800] "GET /xingrg/kc/buy/cgsh_order_operate.html?command=get_materiel&rest_code=00105&code=00101008186&supplier_code=00100203&order_time=2020-12-28 HTTP/1.1" 200 408
116.228.172.94 - - [28/Dec/2020:11:27:50 +0800] "GET /xingrg/all/function/internal_message.html?_=1609126068638&CODE_STATE=getMsg HTTP/1.1" 200 27
101.85.93.83 - - [28/Dec/2020:11:27:51 +0800] "GET /xingrg/kc/buy/cgsh_order_operate.html?command=get_materiel&rest_code=00142&code=00101008155&supplier_code=00100161&order_time=2020-12-28 HTTP/1.1" 200 408
116.228.172.94 - - [28/Dec/2020:11:27:51 +0800] "GET /xingrg/check_reg.html?_=1609126069434 HTTP/1.1" 200 22
117.131.5.26 - - [28/Dec/2020:11:27:51 +0800] "GET /xingrg/all/function/internal_message.html?_=1609126117347&CODE_STATE=getMsg HTTP/1.1" 200 27
58.37.230.33 - - [28/Dec/2020:11:27:52 +0800] "POST /xingrg/kc/buy/cgsh_order_operate.html HTTP/1.1" 200 12
58.37.230.33 - - [28/Dec/2020:11:27:53 +0800] "GET /xingrg/kc/buy/cgsh_order_info.html?code=212020122811459 HTTP/1.1" 200 56180
58.37.230.33 - - [28/Dec/2020:11:27:54 +0800] "GET /xingrg/javascript/easyui/themes/default/validatebox.css HTTP/1.1" 404 1104
180.162.223.42 - - [28/Dec/2020:11:27:54 +0800] "POST /xingrg/kc/buy/cgsh_order_operate.html HTTP/1.1" 200 2065
172.17.0.185 - - [28/Dec/2020:11:27:54 +0800] "GET /xingrg/all/function/internal_message.html?_=1609126073303&CODE_STATE=getMsg HTTP/1.1" 200 27
180.156.237.57 - - [28/Dec/2020:11:27:54 +0800] "POST /xingrg/kc/buy/cgsh_order_operate.html HTTP/1.1" 200 37
58.37.230.33 - - [28/Dec/2020:11:27:54 +0800] "POST /xingrg/kc/buy/cgsh_order_operate.html HTTP/1.1" 200 1204
222.69.132.69 - - [28/Dec/2020:11:27:55 +0800] "GET /xingrg/kc/buy/cgsh_order_operate.html?command=get_materiel&rest_code=00149&code=00101006001&supplier_code=00100404&order_time=2020-12-28 HTTP/1.1" 200 426
58.37.230.33 - - [28/Dec/2020:11:27:55 +0800] "GET /xingrg/kc/print/load_data.html?order_code=212020122811459&kc_code=cgsh&condition= HTTP/1.1" 200 1009
180.156.237.57 - - [28/Dec/2020:11:27:57 +0800] "POST /xingrg/kc/buy/cgsh_order_operate.html HTTP/1.1" 200 12
58.37.230.33 - - [28/Dec/2020:11:27:58 +0800] "GET /xingrg/all/function/internal_message.html?_=1609125642627&CODE_STATE=getMsg HTTP/1.1" 200 27
180.156.237.57 - - [28/Dec/2020:11:27:58 +0800] "GET /xingrg/kc/buy/cgsh_order_info.html?code=212020122811460 HTTP/1.1" 200 56098
101.85.93.83 - - [28/Dec/2020:11:27:59 +0800] "GET /xingrg/kc/buy/cgsh_order_operate.html?command=get_materiel&rest_code=00142&code=00101008355&supplier_code=00100161&order_time=2020-12-28 HTTP/1.1" 200 408
180.156.237.57 - - [28/Dec/2020:11:27:59 +0800] "GET /xingrg/javascript/easyui/themes/default/validatebox.css HTTP/1.1" 404 1104
172.17.0.100 - - [28/Dec/2020:11:27:59 +0800] "GET /xingrg/all/function/internal_message.html?_=1609126156028&CODE_STATE=getMsg HTTP/1.1" 200 27
180.156.237.57 - - [28/Dec/2020:11:27:59 +0800] "POST /xingrg/kc/buy/cgsh_order_operate.html HTTP/1.1" 200 4759
180.162.223.42 - - [28/Dec/2020:11:27:59 +0800] "GET /xingrg/all/function/internal_message.html?_=1609126062149&CODE_STATE=getMsg HTTP/1.1" 200 27
180.162.223.42 - - [28/Dec/2020:11:28:00 +0800] "GET /xingrg/check_reg.html?_=1609126062845 HTTP/1.1" 200 22
101.228.166.101 - - [28/Dec/2020:11:28:01 +0800] "POST /xingrg/kc/buy/cgsh_order_operate.html HTTP/1.1" 200 37
58.37.230.33 - - [28/Dec/2020:11:28:02 +0800] "GET /xingrg/kc/buy/cgsh_order_add.html HTTP/1.1" 200 61273
58.37.230.33 - - [28/Dec/2020:11:28:02 +0800] "POST /xingrg/kc/buy/cgsh_order_operate.html HTTP/1.1" 200 8245
58.37.230.33 - - [28/Dec/2020:11:28:02 +0800] "GET /xingrg/javascript/easyui/themes/default/validatebox.css HTTP/1.1" 404 1104
101.228.166.101 - - [28/Dec/2020:11:28:02 +0800] "POST /xingrg/kc/buy/cgsh_order_operate.html HTTP/1.1" 200 3254
180.156.237.57 - - [28/Dec/2020:11:28:02 +0800] "GET /xingrg/kc/print/load_data.html?order_code=212020122811460&kc_code=cgsh&condition= HTTP/1.1" 200 2300
101.85.52.2 - - [28/Dec/2020:11:28:03 +0800] "POST /xingrg/kc/buy/cgsh_list_operate.html HTTP/1.1" 200 2774
117.185.32.26 - - [28/Dec/2020:11:28:04 +0800] "GET /xingrg/all/function/internal_message.html?_=1609126551416&CODE_STATE=getMsg HTTP/1.1" 200 27
101.85.93.83 - - [28/Dec/2020:11:28:05 +0800] "GET /xingrg/kc/buy/cgsh_order_operate.html?command=get_materiel&rest_code=00142&code=00101008024&supplier_code=00100161&order_time=2020-12-28 HTTP/1.1" 200 408
101.228.166.101 - - [28/Dec/2020:11:28:06 +0800] "GET /xingrg/kc/print/load_data.html?order_code=212020122811461&kc_code=cgsh&condition= HTTP/1.1" 200 922
180.156.237.57 - - [28/Dec/2020:11:28:08 +0800] "GET /xingrg/kc/buy/cgsh_order_add.html HTTP/1.1" 200 61191
180.156.237.57 - - [28/Dec/2020:11:28:08 +0800] "POST /xingrg/kc/buy/cgsh_order_operate.html HTTP/1.1" 200 8245
180.156.237.57 - - [28/Dec/2020:11:28:08 +0800] "GET /xingrg/javascript/easyui/themes/default/validatebox.css HTTP/1.1" 404 1104
222.69.132.69 - - [28/Dec/2020:11:28:10 +0800] "POST /xingrg/kc/buy/cgsh_order_operate.html HTTP/1.1" 200 37
180.162.223.42 - - [28/Dec/2020:11:28:10 +0800] "GET /xingrg/kc/buy/cgsh_order_operate.html?command=get_materiel&rest_code=00105&code=00101008096&supplier_code=00100203&order_time=2020-12-28 HTTP/1.1" 200 413
101.228.166.101 - - [28/Dec/2020:11:28:12 +0800] "GET /xingrg/all/function/internal_message.html?_=1609126093928&CODE_STATE=getMsg HTTP/1.1" 200 27
58.37.230.33 - - [28/Dec/2020:11:28:12 +0800] "GET /xingrg/kc/buy/cgsh_order_operate.html?command=get_materiel&rest_code=00141&code=00101001138&supplier_code=00100430&order_time=2020-12-28 HTTP/1.1" 200 433
101.85.93.83 - - [28/Dec/2020:11:28:13 +0800] "GET /xingrg/kc/buy/cgsh_order_operate.html?command=get_materiel&rest_code=00142&code=00101008356&supplier_code=00100161&order_time=2020-12-28 HTTP/1.1" 200 408
180.152.116.185 - - [28/Dec/2020:11:28:13 +0800] "GET /xingrg/all/function/internal_message.html?_=1609126329305&CODE_STATE=getMsg HTTP/1.1" 200 27
101.85.52.2 - - [28/Dec/2020:11:28:13 +0800] "POST /xingrg/kc/buy/cgsh_list_operate.html HTTP/1.1" 200 4
172.17.200.101 - - [28/Dec/2020:11:28:14 +0800] "GET /xingrg/check_reg.html?_=1609126095894 HTTP/1.1" 200 22
172.17.200.101 - - [28/Dec/2020:11:28:14 +0800] "GET /xingrg/all/function/internal_message.html?_=1609126095898&CODE_STATE=getMsg HTTP/1.1" 200 27
180.156.237.57 - - [28/Dec/2020:11:28:14 +0800] "GET /xingrg/all/function/internal_message.html?_=1609126102562&CODE_STATE=getMsg HTTP/1.1" 200 27
101.85.93.83 - - [28/Dec/2020:11:28:15 +0800] "GET /xingrg/all/function/internal_message.html?_=1609125780948&CODE_STATE=getMsg HTTP/1.1" 200 27
222.69.132.69 - - [28/Dec/2020:11:28:15 +0800] "POST /xingrg/kc/buy/cgsh_order_operate.html HTTP/1.1" 200 12
222.69.132.69 - - [28/Dec/2020:11:28:16 +0800] "GET /xingrg/kc/buy/cgsh_order_info.html?code=212020122811462 HTTP/1.1" 200 56229
172.17.0.104 - - [28/Dec/2020:11:28:16 +0800] "GET /xingrg/check_reg.html?_=1609126096868 HTTP/1.1" 200 22
222.69.132.69 - - [28/Dec/2020:11:28:16 +0800] "GET /xingrg/javascript/easyui/themes/default/validatebox.css HTTP/1.1" 404 1104
222.69.132.69 - - [28/Dec/2020:11:28:16 +0800] "POST /xingrg/kc/buy/cgsh_order_operate.html HTTP/1.1" 200 625
180.157.253.48 - - [28/Dec/2020:11:28:17 +0800] "GET /xingrg/all/function/internal_message.html?_=1609126097249&CODE_STATE=getMsg HTTP/1.1" 200 27
180.156.237.57 - - [28/Dec/2020:11:28:17 +0800] "GET /xingrg/kc/buy/cgsh_order_operate.html?command=get_materiel&rest_code=00150&code=00101019150&supplier_code=00100337&order_time=2020-12-28 HTTP/1.1" 200 453
222.69.132.69 - - [28/Dec/2020:11:28:18 +0800] "GET /xingrg/kc/print/load_data.html?order_code=212020122811462&kc_code=cgsh&condition= HTTP/1.1" 200 744
101.228.166.101 - - [28/Dec/2020:11:28:19 +0800] "GET /xingrg/kc/buy/cgsh_order_add.html HTTP/1.1" 200 61273
116.232.55.77 - - [28/Dec/2020:11:28:19 +0800] "GET /xingrg/all/function/internal_message.html?_=1609126100558&CODE_STATE=getMsg HTTP/1.1" 200 27
101.85.93.83 - - [28/Dec/2020:11:28:20 +0800] "GET /xingrg/kc/buy/cgsh_order_operate.html?command=get_materiel&rest_code=00142&code=00101008286&supplier_code=00100161&order_time=2020-12-28 HTTP/1.1" 200 408
101.228.166.101 - - [28/Dec/2020:11:28:21 +0800] "POST /xingrg/kc/buy/cgsh_order_operate.html HTTP/1.1" 200 8245
101.228.166.101 - - [28/Dec/2020:11:28:21 +0800] "GET /xingrg/javascript/easyui/themes/default/validatebox.css HTTP/1.1" 404 1104
120.253.135.82 - - [28/Dec/2020:11:28:21 +0800] "GET /xingrg/all/function/internal_message.html?_=1609126212878&CODE_STATE=getMsg HTTP/1.1" 200 27
222.69.132.69 - - [28/Dec/2020:11:28:23 +0800] "GET /xingrg/kc/buy/cgsh_order_add.html HTTP/1.1" 200 61320
222.69.132.69 - - [28/Dec/2020:11:28:23 +0800] "POST /xingrg/kc/buy/cgsh_order_operate.html HTTP/1.1" 200 8245
222.69.132.69 - - [28/Dec/2020:11:28:23 +0800] "GET /xingrg/javascript/easyui/themes/default/validatebox.css HTTP/1.1" 404 1104
180.156.237.57 - - [28/Dec/2020:11:28:24 +0800] "GET /xingrg/kc/buy/cgsh_order_operate.html?command=get_materiel&rest_code=00150&code=00101005041&supplier_code=00100337&order_time=2020-12-28 HTTP/1.1" 200 429
58.37.230.33 - - [28/Dec/2020:11:28:25 +0800] "GET /xingrg/all/function/internal_message.html?_=1609126106515&CODE_STATE=getMsg HTTP/1.1" 200 27
101.85.52.2 - - [28/Dec/2020:11:28:26 +0800] "POST /xingrg/kc/buy/cgsh_list_operate.html HTTP/1.1" 200 876
180.156.237.57 - - [28/Dec/2020:11:28:29 +0800] "POST /xingrg/kc/buy/cgsh_order_operate.html HTTP/1.1" 200 37
101.85.93.83 - - [28/Dec/2020:11:28:29 +0800] "GET /xingrg/kc/buy/cgsh_order_operate.html?command=get_materiel&rest_code=00142&code=00101008366&supplier_code=00100161&order_time=2020-12-28 HTTP/1.1" 200 408
222.69.132.69 - - [28/Dec/2020:11:28:30 +0800] "GET /xingrg/kc/buy/cgsh_order_operate.html?command=get_materiel&rest_code=00149&code=00101002006&supplier_code=00100091&order_time=2020-12-28 HTTP/1.1" 200 435
222.69.132.69 - - [28/Dec/2020:11:28:31 +0800] "GET /xingrg/check_reg.html?_=1609126109890 HTTP/1.1" 200 22
222.69.132.69 - - [28/Dec/2020:11:28:31 +0800] "GET /xingrg/all/function/internal_message.html?_=1609126110044&CODE_STATE=getMsg HTTP/1.1" 200 27
180.156.237.57 - - [28/Dec/2020:11:28:32 +0800] "POST /xingrg/kc/buy/cgsh_order_operate.html HTTP/1.1" 200 12
180.156.237.57 - - [28/Dec/2020:11:28:33 +0800] "GET /xingrg/kc/buy/cgsh_order_info.html?code=212020122811463 HTTP/1.1" 200 56096
172.17.0.120 - - [28/Dec/2020:11:28:33 +0800] "GET /xingrg/index.html HTTP/1.1" 302 -
172.17.0.120 - - [28/Dec/2020:11:28:33 +0800] "GET /xingrg/login.html HTTP/1.1" 200 7636
172.17.0.120 - - [28/Dec/2020:11:28:33 +0800] "GET /xingrg/images/blue/jxLogo.png HTTP/1.1" 200 6156
172.17.0.120 - - [28/Dec/2020:11:28:33 +0800] "GET /xingrg/images/blue/login_bg.png HTTP/1.1" 200 22101
172.17.0.120 - - [28/Dec/2020:11:28:33 +0800] "GET /xingrg/images/blue/hj.png HTTP/1.1" 200 1014
172.17.0.120 - - [28/Dec/2020:11:28:33 +0800] "GET /xingrg/images/blue/srbg.png HTTP/1.1" 200 138
180.156.237.57 - - [28/Dec/2020:11:28:33 +0800] "GET /xingrg/javascript/easyui/themes/default/validatebox.css HTTP/1.1" 404 1104
172.17.0.120 - - [28/Dec/2020:11:28:33 +0800] "GET /favicon.ico HTTP/1.1" 404 -
180.156.237.57 - - [28/Dec/2020:11:28:34 +0800] "POST /xingrg/kc/buy/cgsh_order_operate.html HTTP/1.1" 200 1212
101.228.166.101 - - [28/Dec/2020:11:28:35 +0800] "GET /xingrg/kc/buy/cgsh_order_operate.html?command=get_materiel&rest_code=00146&code=00101004067&supplier_code=00100312&order_time=2020-12-28 HTTP/1.1" 200 413
180.156.237.57 - - [28/Dec/2020:11:28:36 +0800] "GET /xingrg/kc/print/load_data.html?order_code=212020122811463&kc_code=cgsh&condition= HTTP/1.1" 200 952
172.17.0.104 - - [28/Dec/2020:11:28:38 +0800] "GET /xingrg/check_reg.html?_=1609126119577 HTTP/1.1" 200 22
222.69.132.69 - - [28/Dec/2020:11:28:39 +0800] "POST /xingrg/kc/buy/cgsh_order_operate.html HTTP/1.1" 200 37
101.85.93.83 - - [28/Dec/2020:11:28:40 +0800] "GET /xingrg/kc/buy/cgsh_order_operate.html?command=get_materiel&rest_code=00142&code=00101008350&supplier_code=00100161&order_time=2020-12-28 HTTP/1.1" 200 408
180.156.237.57 - - [28/Dec/2020:11:28:40 +0800] "GET /xingrg/kc/buy/cgsh_order_add.html HTTP/1.1" 200 61191
180.156.237.57 - - [28/Dec/2020:11:28:41 +0800] "POST /xingrg/kc/buy/cgsh_order_operate.html HTTP/1.1" 200 8245
180.156.237.57 - - [28/Dec/2020:11:28:41 +0800] "GET /xingrg/javascript/easyui/themes/default/validatebox.css HTTP/1.1" 404 1104
222.69.132.69 - - [28/Dec/2020:11:28:41 +0800] "POST /xingrg/kc/buy/cgsh_order_operate.html HTTP/1.1" 200 12
172.17.0.120 - - [28/Dec/2020:11:28:42 +0800] "POST /xingrg/login.do HTTP/1.1" 302 -
172.17.0.120 - - [28/Dec/2020:11:28:42 +0800] "GET /xingrg/index.html?sysBaseUrl=http%3A%2F%2F172.17.0.8%3A18081%2Fxingrg%2F&costTime=40×tamp=1609126122607 HTTP/1.1" 200 17448
172.17.0.120 - - [28/Dec/2020:11:28:42 +0800] "GET /xingrg/javascript/jquery_easy_ui/themes/default/easyui.css HTTP/1.1" 200 26500
172.17.0.120 - - [28/Dec/2020:11:28:42 +0800] "GET /xingrg/javascript/jquery_easy_ui/themes/icon.css HTTP/1.1" 200 3949
172.17.0.120 - - [28/Dec/2020:11:28:42 +0800] "GET /xingrg/css/form.css HTTP/1.1" 200 893
172.17.0.120 - - [28/Dec/2020:11:28:42 +0800] "GET /xingrg/javascript/jquery-1.4.2.min.js HTTP/1.1" 200 72205
172.17.0.120 - - [28/Dec/2020:11:28:42 +0800] "GET /xingrg/javascript/jquery_easy_ui/jquery.easyui.min.js HTTP/1.1" 200 213662
172.17.0.120 - - [28/Dec/2020:11:28:42 +0800] "GET /xingrg/javascript/jquery_easy_ui/easyui-lang-zh_CN.js HTTP/1.1" 200 1900
172.17.0.120 - - [28/Dec/2020:11:28:42 +0800] "GET /xingrg/javascript/jquery.form.js HTTP/1.1" 200 23110
172.17.0.120 - - [28/Dec/2020:11:28:42 +0800] "GET /xingrg/javascript/jquery.utils.js HTTP/1.1" 200 11805
172.17.0.120 - - [28/Dec/2020:11:28:42 +0800] "GET /xingrg/javascript/jquery.timers.js HTTP/1.1" 200 3532
172.17.0.120 - - [28/Dec/2020:11:28:42 +0800] "GET /xingrg/javascript/jquery_easy_ui/themes/icons/settle_new.png HTTP/1.1" 200 826
172.17.0.120 - - [28/Dec/2020:11:28:42 +0800] "GET /xingrg/images/blue/navBackgound.jpg HTTP/1.1" 200 12378
172.17.0.120 - - [28/Dec/2020:11:28:42 +0800] "POST /xingrg/all/common/load_tree.html?tree=area_rest_tree_json&manage=1 HTTP/1.1" 200 3350
172.17.0.120 - - [28/Dec/2020:11:28:42 +0800] "GET /xingrg/all/function/internal_message.html?_=1609126121753&CODE_STATE=count HTTP/1.1" 200 11
172.17.0.120 - - [28/Dec/2020:11:28:42 +0800] "GET /xingrg/check_reg.html?_=1609126121754 HTTP/1.1" 200 22
172.17.0.120 - - [28/Dec/2020:11:28:42 +0800] "GET /xingrg/images/blue/pingpu.png HTTP/1.1" 200 231
172.17.0.120 - - [28/Dec/2020:11:28:42 +0800] "GET /xingrg/javascript/jquery_easy_ui/themes/default/images/tabs_leftarrow.png HTTP/1.1" 200 389
172.17.0.120 - - [28/Dec/2020:11:28:42 +0800] "GET /xingrg/javascript/jquery_easy_ui/themes/default/images/tabs_rightarrow.png HTTP/1.1" 200 395
172.17.0.120 - - [28/Dec/2020:11:28:42 +0800] "GET /xingrg/javascript/jquery_easy_ui/themes/default/images/panel_tool_expand.gif HTTP/1.1" 200 247
172.17.0.120 - - [28/Dec/2020:11:28:42 +0800] "GET /xingrg/javascript/jquery_easy_ui/themes/default/images/panel_tool_collapse.gif HTTP/1.1" 200 246
172.17.0.120 - - [28/Dec/2020:11:28:42 +0800] "GET /favicon.ico HTTP/1.1" 404 -
172.17.0.120 - - [28/Dec/2020:11:28:42 +0800] "POST /xingrg/load_menu.html HTTP/1.1" 200 11408
222.69.132.69 - - [28/Dec/2020:11:28:42 +0800] "GET /xingrg/kc/buy/cgsh_order_info.html?code=212020122811464 HTTP/1.1" 200 56227
172.17.0.120 - - [28/Dec/2020:11:28:43 +0800] "GET /xingrg/javascript/jquery_easy_ui/themes/default/images/tree_arrows.gif HTTP/1.1" 200 1043
172.17.0.120 - - [28/Dec/2020:11:28:43 +0800] "GET /xingrg/javascript/jquery_easy_ui/themes/default/images/tree_folder_open.gif HTTP/1.1" 200 956
172.17.0.120 - - [28/Dec/2020:11:28:43 +0800] "GET /xingrg/javascript/jquery_easy_ui/themes/icons/search_new.png HTTP/1.1" 200 586
172.17.0.120 - - [28/Dec/2020:11:28:43 +0800] "GET /xingrg/javascript/jquery_easy_ui/themes/icons/delivery_new.png HTTP/1.1" 200 700
172.17.0.120 - - [28/Dec/2020:11:28:43 +0800] "GET /xingrg/javascript/jquery_easy_ui/themes/icons/storage_new.png HTTP/1.1" 200 853
172.17.0.120 - - [28/Dec/2020:11:28:43 +0800] "GET /xingrg/javascript/jquery_easy_ui/themes/icons/checkout_new.png HTTP/1.1" 200 744
172.17.0.120 - - [28/Dec/2020:11:28:43 +0800] "GET /xingrg/javascript/jquery_easy_ui/themes/icons/forms_new.png HTTP/1.1" 200 350
172.17.0.120 - - [28/Dec/2020:11:28:43 +0800] "GET /xingrg/javascript/jquery_easy_ui/themes/icons/setting_new.png HTTP/1.1" 200 450
172.17.0.120 - - [28/Dec/2020:11:28:43 +0800] "GET /xingrg/javascript/jquery_easy_ui/themes/icons/systemset_new.png HTTP/1.1" 200 606
172.17.0.120 - - [28/Dec/2020:11:28:43 +0800] "GET /xingrg/javascript/jquery_easy_ui/themes/default/images/tree_file.gif HTTP/1.1" 200 118
172.17.0.120 - - [28/Dec/2020:11:28:43 +0800] "GET /xingrg/javascript/jquery_easy_ui/themes/default/images/tree_folder.gif HTTP/1.1" 200 952
222.69.132.69 - - [28/Dec/2020:11:28:43 +0800] "GET /xingrg/javascript/easyui/themes/default/validatebox.css HTTP/1.1" 404 1104
180.156.237.57 - - [28/Dec/2020:11:28:43 +0800] "GET /xingrg/all/function/internal_message.html?_=1609126106945&CODE_STATE=getMsg HTTP/1.1" 200 27
222.69.132.69 - - [28/Dec/2020:11:28:43 +0800] "POST /xingrg/kc/buy/cgsh_order_operate.html HTTP/1.1" 200 613
172.17.0.120 - - [28/Dec/2020:11:28:43 +0800] "GET /xingrg/javascript/jquery_easy_ui/themes/icons/area.png HTTP/1.1" 200 262
172.17.0.120 - - [28/Dec/2020:11:28:43 +0800] "GET /xingrg/javascript/jquery_easy_ui/themes/icons/manage.png HTTP/1.1" 200 696
172.17.0.120 - - [28/Dec/2020:11:28:43 +0800] "GET /xingrg/javascript/jquery_easy_ui/themes/icons/rest.png HTTP/1.1" 200 695
172.17.0.120 - - [28/Dec/2020:11:28:43 +0800] "GET /xingrg/javascript/jquery_easy_ui/themes/default/images/button_a_bg.gif HTTP/1.1" 200 1194
172.17.0.120 - - [28/Dec/2020:11:28:43 +0800] "GET /xingrg/javascript/jquery_easy_ui/themes/default/images/button_span_bg.gif HTTP/1.1" 200 2061
172.17.0.120 - - [28/Dec/2020:11:28:43 +0800] "GET /xingrg/javascript/jquery_easy_ui/themes/icons/ok.png HTTP/1.1" 200 883
172.17.0.120 - - [28/Dec/2020:11:28:43 +0800] "GET /xingrg/javascript/jquery_easy_ui/themes/default/images/panel_title.png HTTP/1.1" 200 266
172.17.0.120 - - [28/Dec/2020:11:28:43 +0800] "GET /xingrg/javascript/jquery_easy_ui/themes/default/images/panel_tools.gif HTTP/1.1" 200 737
58.35.244.144 - - [28/Dec/2020:11:28:43 +0800] "GET /xingrg/all/function/internal_message.html?_=1609126273777&CODE_STATE=getMsg HTTP/1.1" 200 27
172.17.0.120 - - [28/Dec/2020:11:28:45 +0800] "GET /xingrg/images/control/ajaxLoader.gif HTTP/1.1" 200 4659
172.17.0.120 - - [28/Dec/2020:11:28:45 +0800] "POST /xingrg/all/user/operate.html HTTP/1.1" 200 36
172.17.0.120 - - [28/Dec/2020:11:28:45 +0800] "GET /xingrg/index.html?sysBaseUrl=http%3A%2F%2F172.17.0.8%3A18081%2Fxingrg%2F&costTime=40×tamp=1609126122607 HTTP/1.1" 200 17448
172.17.0.120 - - [28/Dec/2020:11:28:45 +0800] "GET /xingrg/javascript/jquery_easy_ui/themes/default/easyui.css HTTP/1.1" 304 -
172.17.0.120 - - [28/Dec/2020:11:28:45 +0800] "GET /xingrg/javascript/jquery_easy_ui/themes/icon.css HTTP/1.1" 304 -
172.17.0.120 - - [28/Dec/2020:11:28:45 +0800] "GET /xingrg/css/form.css HTTP/1.1" 304 -
172.17.0.120 - - [28/Dec/2020:11:28:45 +0800] "GET /xingrg/javascript/jquery-1.4.2.min.js HTTP/1.1" 304 -
172.17.0.120 - - [28/Dec/2020:11:28:45 +0800] "GET /xingrg/javascript/jquery_easy_ui/jquery.easyui.min.js HTTP/1.1" 304 -
172.17.0.120 - - [28/Dec/2020:11:28:45 +0800] "GET /xingrg/javascript/jquery_easy_ui/easyui-lang-zh_CN.js HTTP/1.1" 304 -
172.17.0.120 - - [28/Dec/2020:11:28:45 +0800] "GET /xingrg/javascript/jquery.form.js HTTP/1.1" 304 -
172.17.0.120 - - [28/Dec/2020:11:28:45 +0800] "GET /xingrg/javascript/jquery.utils.js HTTP/1.1" 304 -
172.17.0.120 - - [28/Dec/2020:11:28:45 +0800] "GET /xingrg/javascript/jquery.timers.js HTTP/1.1" 304 -
172.17.0.120 - - [28/Dec/2020:11:28:45 +0800] "GET /xingrg/images/blue/jxLogo.png HTTP/1.1" 304 -
172.17.0.120 - - [28/Dec/2020:11:28:45 +0800] "GET /xingrg/images/blue/navBackgound.jpg HTTP/1.1" 304 -
172.17.0.120 - - [28/Dec/2020:11:28:45 +0800] "GET /xingrg/javascript/jquery_easy_ui/themes/icons/settle_new.png HTTP/1.1" 304 -
172.17.0.120 - - [28/Dec/2020:11:28:45 +0800] "POST /xingrg/all/common/load_tree.html?tree=area_rest_tree_json&manage=1 HTTP/1.1" 200 3350
172.17.0.120 - - [28/Dec/2020:11:28:45 +0800] "GET /xingrg/all/function/internal_message.html?_=1609126124254&CODE_STATE=count HTTP/1.1" 200 11
172.17.0.120 - - [28/Dec/2020:11:28:45 +0800] "GET /xingrg/check_reg.html?_=1609126124256 HTTP/1.1" 200 22
172.17.0.120 - - [28/Dec/2020:11:28:45 +0800] "GET /xingrg/javascript/jquery_easy_ui/themes/default/images/tabs_rightarrow.png HTTP/1.1" 304 -
172.17.0.120 - - [28/Dec/2020:11:28:45 +0800] "GET /xingrg/javascript/jquery_easy_ui/themes/default/images/tabs_leftarrow.png HTTP/1.1" 304 -
172.17.0.120 - - [28/Dec/2020:11:28:45 +0800] "GET /xingrg/javascript/jquery_easy_ui/themes/default/images/panel_tool_expand.gif HTTP/1.1" 304 -
172.17.0.120 - - [28/Dec/2020:11:28:45 +0800] "GET /xingrg/javascript/jquery_easy_ui/themes/default/images/panel_tool_collapse.gif HTTP/1.1" 304 -
172.17.0.120 - - [28/Dec/2020:11:28:45 +0800] "GET /xingrg/images/blue/pingpu.png HTTP/1.1" 304 -
172.17.0.120 - - [28/Dec/2020:11:28:45 +0800] "POST /xingrg/load_menu.html HTTP/1.1" 200 9924
114.84.4.90 - - [28/Dec/2020:11:28:46 +0800] "GET /xingrg/all/function/internal_message.html?_=1609126126154&CODE_STATE=getMsg HTTP/1.1" 200 27
172.17.0.120 - - [28/Dec/2020:11:28:47 +0800] "GET /xingrg/kc/info/info_main.html HTTP/1.1" 200 5880
172.17.0.120 - - [28/Dec/2020:11:28:47 +0800] "GET /xingrg/javascript/jquery_easy_ui/themes/default/images/tabs_close.gif HTTP/1.1" 200 829
172.17.0.120 - - [28/Dec/2020:11:28:47 +0800] "GET /xingrg/css/blue.css HTTP/1.1" 200 15949
172.17.0.120 - - [28/Dec/2020:11:28:47 +0800] "GET /xingrg/javascript/pic_change.js HTTP/1.1" 200 4739
222.69.132.69 - - [28/Dec/2020:11:28:47 +0800] "GET /xingrg/kc/print/load_data.html?order_code=212020122811464&kc_code=cgsh&condition= HTTP/1.1" 200 784
172.17.0.120 - - [28/Dec/2020:11:28:47 +0800] "GET /xingrg/javascript/ToolTips.js HTTP/1.1" 200 5615
172.17.0.120 - - [28/Dec/2020:11:28:47 +0800] "GET /xingrg/javascript/myfunction.js HTTP/1.1" 200 24559
172.17.0.120 - - [28/Dec/2020:11:28:47 +0800] "GET /xingrg/images/blue/cldwgl.gif HTTP/1.1" 200 2487
172.17.0.120 - - [28/Dec/2020:11:28:47 +0800] "GET /xingrg/images/blue/clxx.gif HTTP/1.1" 200 1916
172.17.0.120 - - [28/Dec/2020:11:28:47 +0800] "GET /xingrg/images/blue/ckxx.gif HTTP/1.1" 200 2041
172.17.0.120 - - [28/Dec/2020:11:28:47 +0800] "GET /xingrg/images/blue/gysxxgl.gif HTTP/1.1" 200 1945
172.17.0.120 - - [28/Dec/2020:11:28:47 +0800] "GET /xingrg/images/blue/gyslbgl.gif HTTP/1.1" 200 1480
172.17.0.120 - - [28/Dec/2020:11:28:47 +0800] "GET /xingrg/images/blue/gyscljg.gif HTTP/1.1" 200 2081
172.17.0.120 - - [28/Dec/2020:11:28:47 +0800] "GET /xingrg/images/blue/button/cgxqd.gif HTTP/1.1" 200 2619
180.156.237.57 - - [28/Dec/2020:11:28:49 +0800] "GET /xingrg/kc/buy/cgsh_order_operate.html?command=get_materiel&rest_code=00150&code=00101003035&supplier_code=00100092&order_time=2020-12-28 HTTP/1.1" 200 431
172.17.0.120 - - [28/Dec/2020:11:28:49 +0800] "GET /xingrg/system/info/materiel_manager.html HTTP/1.1" 200 19442
172.17.0.120 - - [28/Dec/2020:11:28:49 +0800] "GET /xingrg/css/xtree.css HTTP/1.1" 200 880
172.17.0.120 - - [28/Dec/2020:11:28:49 +0800] "GET /xingrg/javascript/jquery_ui/themes/base/base.css HTTP/1.1" 200 28568
172.17.0.120 - - [28/Dec/2020:11:28:49 +0800] "GET /xingrg/dwr/interface/AjaxBaseInfoService.js HTTP/1.1" 200 21363
172.17.0.120 - - [28/Dec/2020:11:28:49 +0800] "GET /xingrg/dwr/interface/AjaxComOrderService.js HTTP/1.1" 200 18264
172.17.0.120 - - [28/Dec/2020:11:28:49 +0800] "GET /xingrg/dwr/engine.js HTTP/1.1" 200 43631
172.17.0.120 - - [28/Dec/2020:11:28:49 +0800] "GET /xingrg/dwr/util.js HTTP/1.1" 200 35990
172.17.0.120 - - [28/Dec/2020:11:28:49 +0800] "GET /xingrg/javascript/Calendar.js HTTP/1.1" 200 31561
172.17.0.120 - - [28/Dec/2020:11:28:49 +0800] "GET /xingrg/javascript/Grid.js HTTP/1.1" 200 58908
172.17.0.120 - - [28/Dec/2020:11:28:49 +0800] "GET /xingrg/javascript/xtree.js HTTP/1.1" 200 26582
172.17.0.120 - - [28/Dec/2020:11:28:49 +0800] "GET /xingrg/javascript/print/LodopFuncs.js HTTP/1.1" 200 5121
172.17.0.120 - - [28/Dec/2020:11:28:49 +0800] "GET /xingrg/images/xtree/openfoldericon.png HTTP/1.1" 200 232
172.17.0.120 - - [28/Dec/2020:11:28:49 +0800] "GET /xingrg/javascript/jquery_easy_ui/themes/icons/back_new.png HTTP/1.1" 200 3414
172.17.0.120 - - [28/Dec/2020:11:28:49 +0800] "GET /xingrg/javascript/jquery_easy_ui/themes/icons/import_new.png HTTP/1.1" 200 1247
172.17.0.120 - - [28/Dec/2020:11:28:49 +0800] "GET /xingrg/javascript/jquery_easy_ui/themes/icons/print_new.png HTTP/1.1" 200 3580
172.17.0.120 - - [28/Dec/2020:11:28:49 +0800] "GET /xingrg/images/blue/wait.gif HTTP/1.1" 200 1100
172.17.0.120 - - [28/Dec/2020:11:28:49 +0800] "POST /xingrg/dwr/call/plaincall/AjaxBaseInfoService.getSubMaterielSorts.dwr HTTP/1.1" 200 219
172.17.0.120 - - [28/Dec/2020:11:28:49 +0800] "GET /xingrg/images/xtree/Lplus.png HTTP/1.1" 200 224
172.17.0.120 - - [28/Dec/2020:11:28:49 +0800] "GET /xingrg/images/xtree/foldericon.png HTTP/1.1" 200 229
172.17.0.120 - - [28/Dec/2020:11:28:49 +0800] "GET /xingrg/images/xtree/Tplus.png HTTP/1.1" 200 222
172.17.0.120 - - [28/Dec/2020:11:28:49 +0800] "POST /xingrg/dwr/call/plaincall/AjaxBaseInfoService.getMateriels.dwr HTTP/1.1" 200 2929
101.85.93.83 - - [28/Dec/2020:11:28:50 +0800] "GET /xingrg/kc/buy/cgsh_order_operate.html?command=get_materiel&rest_code=00142&code=00101008357&supplier_code=00100161&order_time=2020-12-28 HTTP/1.1" 200 408
116.228.172.94 - - [28/Dec/2020:11:28:50 +0800] "GET /xingrg/all/function/internal_message.html?_=1609126128640&CODE_STATE=getMsg HTTP/1.1" 200 27
172.17.0.120 - - [28/Dec/2020:11:28:50 +0800] "POST /xingrg/dwr/call/plaincall/AjaxBaseInfoService.getSubMaterielSorts.dwr HTTP/1.1" 200 3635
172.17.0.120 - - [28/Dec/2020:11:28:50 +0800] "GET /xingrg/images/xtree/I.png HTTP/1.1" 200 148
172.17.0.120 - - [28/Dec/2020:11:28:50 +0800] "GET /xingrg/images/xtree/L.png HTTP/1.1" 200 153
172.17.0.120 - - [28/Dec/2020:11:28:50 +0800] "GET /xingrg/images/xtree/file.png HTTP/1.1" 200 251
172.17.0.120 - - [28/Dec/2020:11:28:50 +0800] "GET /xingrg/images/xtree/T.png HTTP/1.1" 200 152
172.17.0.120 - - [28/Dec/2020:11:28:50 +0800] "GET /xingrg/images/xtree/Tminus.png HTTP/1.1" 200 207
172.17.0.120 - - [28/Dec/2020:11:28:50 +0800] "POST /xingrg/dwr/call/plaincall/AjaxBaseInfoService.getMateriels.dwr HTTP/1.1" 200 2928
180.162.223.42 - - [28/Dec/2020:11:28:50 +0800] "GET /xingrg/kc/buy/cgsh_order_operate.html?command=get_materiel&rest_code=00105&code=00101008038&supplier_code=00100203&order_time=2020-12-28 HTTP/1.1" 200 412
117.131.5.26 - - [28/Dec/2020:11:28:51 +0800] "GET /xingrg/all/function/internal_message.html?_=1609126177327&CODE_STATE=getMsg HTTP/1.1" 200 27
101.228.166.101 - - [28/Dec/2020:11:28:51 +0800] "POST /xingrg/services/DataTransmitService HTTP/1.1" 200 524
101.228.166.101 - - [28/Dec/2020:11:28:52 +0800] "POST /xingrg/services/DataTransmitService HTTP/1.1" 200 412
61.151.179.84 - - [28/Dec/2020:11:28:54 +0800] "GET /xingrg/all/function/internal_message.html?_=1609125506564&CODE_STATE=getMsg HTTP/1.1" 302 -
117.131.5.26 - - [28/Dec/2020:11:28:54 +0800] "GET /xingrg/check_reg.html?_=1609126180321 HTTP/1.1" 200 22
172.17.0.185 - - [28/Dec/2020:11:28:54 +0800] "GET /xingrg/all/function/internal_message.html?_=1609126133308&CODE_STATE=getMsg HTTP/1.1" 200 27
172.17.0.185 - - [28/Dec/2020:11:28:54 +0800] "GET /xingrg/check_reg.html?_=1609126133312 HTTP/1.1" 200 22
172.17.0.120 - - [28/Dec/2020:11:28:56 +0800] "POST /xingrg/dwr/call/plaincall/AjaxBaseInfoService.getSubMaterielSorts.dwr HTTP/1.1" 200 3482
172.17.0.120 - - [28/Dec/2020:11:28:56 +0800] "GET /xingrg/images/xtree/blank.png HTTP/1.1" 200 144
172.17.0.120 - - [28/Dec/2020:11:28:56 +0800] "GET /xingrg/images/xtree/Lminus.png HTTP/1.1" 200 219
172.17.0.120 - - [28/Dec/2020:11:28:56 +0800] "POST /xingrg/dwr/call/plaincall/AjaxBaseInfoService.getMateriels.dwr HTTP/1.1" 200 3020
172.17.0.120 - - [28/Dec/2020:11:28:56 +0800] "POST /xingrg/dwr/call/plaincall/AjaxBaseInfoService.getMateriels.dwr HTTP/1.1" 200 3020
101.228.166.101 - - [28/Dec/2020:11:28:56 +0800] "GET /xingrg/kc/buy/cgsh_order_operate.html?command=get_materiel&rest_code=00146&code=00101004004&supplier_code=00100312&order_time=2020-12-28 HTTP/1.1" 200 435
172.17.0.120 - - [28/Dec/2020:11:28:57 +0800] "POST /xingrg/dwr/call/plaincall/AjaxBaseInfoService.getMateriels.dwr HTTP/1.1" 200 2925
101.85.93.83 - - [28/Dec/2020:11:28:58 +0800] "GET /xingrg/kc/buy/cgsh_order_operate.html?command=get_materiel&rest_code=00142&code=00101008264&supplier_code=00100161&order_time=2020-12-28 HTTP/1.1" 200 412
58.37.230.33 - - [28/Dec/2020:11:28:58 +0800] "GET /xingrg/all/function/internal_message.html?_=1609125702599&CODE_STATE=getMsg HTTP/1.1" 200 27
172.17.0.120 - - [28/Dec/2020:11:28:58 +0800] "GET /xingrg/system/info/materiel_info.html?code=00102003&isAdd=1 HTTP/1.1" 200 34213
172.17.0.120 - - [28/Dec/2020:11:28:58 +0800] "GET /xingrg/dwr/interface/AjaxGetFirstChart.js HTTP/1.1" 200 631
172.17.0.120 - - [28/Dec/2020:11:28:58 +0800] "GET /xingrg/dwr/engine.js HTTP/1.1" 200 43631
172.17.0.120 - - [28/Dec/2020:11:28:58 +0800] "GET /xingrg/javascript/checkform.js HTTP/1.1" 200 18351
172.17.0.120 - - [28/Dec/2020:11:28:59 +0800] "GET /favicon.ico HTTP/1.1" 404 -
172.17.0.120 - - [28/Dec/2020:11:28:59 +0800] "POST /xingrg/all/common/load_tree.html?tree=area_rest_tree_json HTTP/1.1" 200 3350
172.17.0.120 - - [28/Dec/2020:11:28:59 +0800] "POST /xingrg/dwr/call/plaincall/AjaxBaseInfoService.getMaterielInfo.dwr HTTP/1.1" 200 216
172.17.0.120 - - [28/Dec/2020:11:28:59 +0800] "GET /xingrg/javascript/jquery_easy_ui/themes/default/images/tree_checkbox_0.gif HTTP/1.1" 200 168
172.17.0.120 - - [28/Dec/2020:11:28:59 +0800] "POST /xingrg/all/common/load_tree.html?tree=area_rest_tree_json&defaultRests=undefined HTTP/1.1" 200 3350
172.17.0.100 - - [28/Dec/2020:11:28:59 +0800] "GET /xingrg/all/function/internal_message.html?_=1609126216021&CODE_STATE=getMsg HTTP/1.1" 200 27
222.69.132.69 - - [28/Dec/2020:11:28:59 +0800] "GET /xingrg/kc/buy/cgsh_order_add.html HTTP/1.1" 200 61320
180.156.237.57 - - [28/Dec/2020:11:28:59 +0800] "POST /xingrg/kc/buy/cgsh_order_operate.html HTTP/1.1" 200 37
180.162.223.42 - - [28/Dec/2020:11:28:59 +0800] "GET /xingrg/all/function/internal_message.html?_=1609126122134&CODE_STATE=getMsg HTTP/1.1" 200 27
222.69.132.69 - - [28/Dec/2020:11:29:00 +0800] "POST /xingrg/kc/buy/cgsh_order_operate.html HTTP/1.1" 200 8245
