120.253.135.82 - - [28/Dec/2020:10:31:16 +0800] "GET /xingrg/all/function/internal_message.html?_=1609122788299&CODE_STATE=getMsg HTTP/1.1" 200 27
117.184.7.30 - - [28/Dec/2020:10:31:25 +0800] "POST /xingrg/kc/buy/cgsh_order_operate.html HTTP/1.1" 200 2065
117.184.7.30 - - [28/Dec/2020:10:31:29 +0800] "GET /xingrg/kc/buy/cgsh_order_operate.html?command=get_materiel&rest_code=00108&code=00101008353&supplier_code=00100008&order_time=2020-12-28 HTTP/1.1" 200 408
222.69.132.69 - - [28/Dec/2020:10:31:31 +0800] "GET /xingrg/all/function/internal_message.html?_=1609122689800&CODE_STATE=getMsg HTTP/1.1" 200 27
172.17.0.104 - - [28/Dec/2020:10:31:31 +0800] "GET /xingrg/index.html?sysBaseUrl=http%3A%2F%2F172.17.0.8%3A18081%2Fxingrg%2F&costTime=32×tamp=1585227824564 HTTP/1.1" 200 17124
172.17.0.104 - - [28/Dec/2020:10:31:31 +0800] "POST /xingrg/all/common/load_tree.html?tree=area_rest_tree_json&manage=1 HTTP/1.1" 200 351
172.17.0.104 - - [28/Dec/2020:10:31:31 +0800] "GET /xingrg/all/function/internal_message.html?_=1609122692557&CODE_STATE=count HTTP/1.1" 200 11
172.17.0.104 - - [28/Dec/2020:10:31:31 +0800] "GET /xingrg/check_reg.html?_=1609122692558 HTTP/1.1" 200 22
172.17.0.104 - - [28/Dec/2020:10:31:31 +0800] "POST /xingrg/load_menu.html HTTP/1.1" 200 5103
172.17.0.104 - - [28/Dec/2020:10:31:32 +0800] "GET /favicon.ico HTTP/1.1" 404 -
180.152.116.185 - - [28/Dec/2020:10:31:33 +0800] "GET /xingrg/kc/buy/cgsh_order_operate.html?command=get_materiel&rest_code=00102&code=00101015059&supplier_code=00100054&order_time=2020-12-28 HTTP/1.1" 200 412
58.35.244.144 - - [28/Dec/2020:10:31:33 +0800] "GET /xingrg/kc/buy/cgsh_order_operate.html?command=get_materiel&rest_code=00111&code=00101001156&supplier_code=00100312&order_time=2020-12-28 HTTP/1.1" 200 409
117.184.7.30 - - [28/Dec/2020:10:31:34 +0800] "GET /xingrg/kc/buy/cgsh_order_operate.html?command=get_materiel&rest_code=00108&code=00101008213&supplier_code=00100008&order_time=2020-12-28 HTTP/1.1" 200 412
116.232.55.77 - - [28/Dec/2020:10:31:34 +0800] "GET /xingrg/all/function/internal_message.html?_=1609122695273&CODE_STATE=getMsg HTTP/1.1" 200 27
172.17.0.104 - - [28/Dec/2020:10:31:36 +0800] "GET /xingrg/kc/buy/buy_main.html HTTP/1.1" 200 12377
172.17.0.104 - - [28/Dec/2020:10:31:36 +0800] "GET /xingrg/css/new_ie.css HTTP/1.1" 404 1036
172.17.0.104 - - [28/Dec/2020:10:31:36 +0800] "GET /xingrg/images/yd/bt.gif HTTP/1.1" 404 1040
172.17.0.104 - - [28/Dec/2020:10:31:37 +0800] "GET /xingrg/kc/buy/cgsh_order_list.html HTTP/1.1" 200 45516
117.184.7.30 - - [28/Dec/2020:10:31:39 +0800] "POST /xingrg/kc/buy/cgsh_order_operate.html HTTP/1.1" 200 37
172.17.0.104 - - [28/Dec/2020:10:31:39 +0800] "POST /xingrg/kc/buy/cgsh_list_operate.html HTTP/1.1" 200 1673
180.156.237.57 - - [28/Dec/2020:10:31:41 +0800] "GET /xingrg/check_reg.html?_=1609122685068 HTTP/1.1" 200 22
180.156.237.57 - - [28/Dec/2020:10:31:42 +0800] "GET /xingrg/all/function/internal_message.html?_=1609122685890&CODE_STATE=getMsg HTTP/1.1" 200 27
116.232.55.77 - - [28/Dec/2020:10:31:42 +0800] "GET /xingrg/kc/base/base_main.html HTTP/1.1" 200 12142
116.232.55.77 - - [28/Dec/2020:10:31:44 +0800] "GET /xingrg/kc/base/yddb_order_list.html HTTP/1.1" 200 16945
116.232.55.77 - - [28/Dec/2020:10:31:44 +0800] "POST /xingrg/kc/base/yddb_list_operate.html HTTP/1.1" 200 636
58.35.244.144 - - [28/Dec/2020:10:31:45 +0800] "GET /xingrg/all/function/internal_message.html?_=1609122855012&CODE_STATE=getMsg HTTP/1.1" 200 27
180.152.116.185 - - [28/Dec/2020:10:31:45 +0800] "POST /xingrg/kc/buy/cgsh_order_operate.html HTTP/1.1" 200 37
117.184.7.30 - - [28/Dec/2020:10:31:46 +0800] "POST /xingrg/kc/buy/cgsh_order_operate.html HTTP/1.1" 200 14455
172.17.0.104 - - [28/Dec/2020:10:31:46 +0800] "POST /xingrg/kc/buy/cgsh_list_operate.html HTTP/1.1" 200 202
58.35.244.144 - - [28/Dec/2020:10:31:46 +0800] "GET /xingrg/kc/buy/cgsh_order_operate.html?command=get_materiel&rest_code=00111&code=00101001096&supplier_code=00100312&order_time=2020-12-28 HTTP/1.1" 200 428
116.232.55.77 - - [28/Dec/2020:10:31:48 +0800] "POST /xingrg/kc/base/yddb_list_operate.html HTTP/1.1" 200 1337
172.17.0.104 - - [28/Dec/2020:10:31:48 +0800] "GET /xingrg/kc/buy/cgsh_order_info.html?code=212020122610763 HTTP/1.1" 200 61199
172.17.0.104 - - [28/Dec/2020:10:31:48 +0800] "GET /xingrg/words/20201227153045_words.js HTTP/1.1" 304 -
172.17.0.104 - - [28/Dec/2020:10:31:49 +0800] "GET /xingrg/all/common/auto_word.html?type=employee&rest_code=00147 HTTP/1.1" 200 151
172.17.0.104 - - [28/Dec/2020:10:31:49 +0800] "GET /xingrg/all/common/auto_word.html?type=employee&rest_code=00147 HTTP/1.1" 200 151
172.17.0.104 - - [28/Dec/2020:10:31:49 +0800] "GET /xingrg/javascript/easyui/themes/default/validatebox.css HTTP/1.1" 404 1104
172.17.0.104 - - [28/Dec/2020:10:31:49 +0800] "POST /xingrg/kc/buy/cgsh_order_operate.html HTTP/1.1" 200 2659
116.232.55.77 - - [28/Dec/2020:10:31:49 +0800] "POST /xingrg/kc/base/yddb_list_operate.html HTTP/1.1" 200 290
180.152.116.185 - - [28/Dec/2020:10:31:50 +0800] "POST /xingrg/kc/buy/cgsh_order_operate.html HTTP/1.1" 200 12
116.232.55.77 - - [28/Dec/2020:10:31:50 +0800] "GET /xingrg/kc/base/yddb_order_info.html?code=482020122400190 HTTP/1.1" 200 31403
116.232.55.77 - - [28/Dec/2020:10:31:50 +0800] "GET /xingrg/dwr/interface/AjaxYddbService.js HTTP/1.1" 200 13201
116.232.55.77 - - [28/Dec/2020:10:31:50 +0800] "GET /xingrg/dwr/interface/AjaxComOrderService.js HTTP/1.1" 200 18264
116.232.55.77 - - [28/Dec/2020:10:31:50 +0800] "GET /xingrg/dwr/engine.js HTTP/1.1" 200 43631
116.232.55.77 - - [28/Dec/2020:10:31:50 +0800] "POST /xingrg/dwr/call/plaincall/AjaxYddbService.loadMaterielItems.dwr HTTP/1.1" 200 725
116.228.172.94 - - [28/Dec/2020:10:31:51 +0800] "GET /xingrg/all/function/internal_message.html?_=1609122709372&CODE_STATE=getMsg HTTP/1.1" 200 27
117.131.5.26 - - [28/Dec/2020:10:31:52 +0800] "GET /xingrg/all/function/internal_message.html?_=1609122758689&CODE_STATE=getMsg HTTP/1.1" 200 27
172.17.0.185 - - [28/Dec/2020:10:31:54 +0800] "GET /xingrg/all/function/internal_message.html?_=1609122713311&CODE_STATE=getMsg HTTP/1.1" 200 27
58.35.244.144 - - [28/Dec/2020:10:31:55 +0800] "POST /xingrg/kc/buy/cgsh_order_operate.html HTTP/1.1" 200 37
180.156.237.57 - - [28/Dec/2020:10:31:55 +0800] "GET /xingrg/all/function/internal_message.html?_=1609122723371&CODE_STATE=getMsg HTTP/1.1" 200 27
58.35.244.144 - - [28/Dec/2020:10:31:56 +0800] "POST /xingrg/kc/buy/cgsh_order_operate.html HTTP/1.1" 200 7400
172.17.200.101 - - [28/Dec/2020:10:31:56 +0800] "GET /xingrg/all/function/internal_message.html?_=1609122718295&CODE_STATE=getMsg HTTP/1.1" 200 27
58.35.244.144 - - [28/Dec/2020:10:31:57 +0800] "GET /xingrg/kc/print/load_data.html?order_code=212020122811322&kc_code=cgsh&condition= HTTP/1.1" 200 2483
180.162.223.42 - - [28/Dec/2020:10:32:00 +0800] "GET /xingrg/all/function/internal_message.html?_=1609122702828&CODE_STATE=getMsg HTTP/1.1" 200 27
180.152.116.185 - - [28/Dec/2020:10:32:00 +0800] "GET /xingrg/kc/buy/cgsh_order_info.html?code=212020122811321 HTTP/1.1" 200 56125
116.232.55.77 - - [28/Dec/2020:10:32:01 +0800] "GET /xingrg/kc/buy/buy_main.html HTTP/1.1" 200 12412
116.232.55.77 - - [28/Dec/2020:10:32:01 +0800] "GET /xingrg/css/new_ie.css HTTP/1.1" 404 1036
116.232.55.77 - - [28/Dec/2020:10:32:01 +0800] "GET /xingrg/images/yd/bt.gif HTTP/1.1" 404 1040
117.184.7.30 - - [28/Dec/2020:10:32:02 +0800] "GET /xingrg/kc/buy/cgsh_order_operate.html?command=get_materiel&rest_code=00108&code=00101008132&supplier_code=00100008&order_time=2020-12-28 HTTP/1.1" 200 408
180.152.116.185 - - [28/Dec/2020:10:32:02 +0800] "GET /xingrg/javascript/easyui/themes/default/validatebox.css HTTP/1.1" 404 1104
180.152.116.185 - - [28/Dec/2020:10:32:02 +0800] "POST /xingrg/kc/buy/cgsh_order_operate.html HTTP/1.1" 200 1778
116.232.55.77 - - [28/Dec/2020:10:32:02 +0800] "GET /xingrg/kc/buy/cgsh_order_list.html HTTP/1.1" 200 45530
172.17.0.104 - - [28/Dec/2020:10:32:03 +0800] "GET /xingrg/all/function/internal_message.html?_=1609122724021&CODE_STATE=getMsg HTTP/1.1" 200 27
116.232.55.77 - - [28/Dec/2020:10:32:03 +0800] "POST /xingrg/kc/buy/cgsh_list_operate.html HTTP/1.1" 200 876
117.185.32.26 - - [28/Dec/2020:10:32:04 +0800] "GET /xingrg/all/function/internal_message.html?_=1609123191194&CODE_STATE=getMsg HTTP/1.1" 200 27
117.185.32.26 - - [28/Dec/2020:10:32:04 +0800] "GET /xingrg/check_reg.html?_=1609123191195 HTTP/1.1" 200 22
101.228.166.101 - - [28/Dec/2020:10:32:06 +0800] "GET /xingrg/all/function/internal_message.html?_=1609122727786&CODE_STATE=getMsg HTTP/1.1" 200 27
58.35.244.144 - - [28/Dec/2020:10:32:07 +0800] "GET /xingrg/kc/buy/cgsh_order_add.html HTTP/1.1" 200 61267
58.35.244.144 - - [28/Dec/2020:10:32:07 +0800] "POST /xingrg/kc/buy/cgsh_order_operate.html HTTP/1.1" 200 8245
58.35.244.144 - - [28/Dec/2020:10:32:07 +0800] "GET /xingrg/javascript/easyui/themes/default/validatebox.css HTTP/1.1" 404 1104
180.152.116.185 - - [28/Dec/2020:10:32:08 +0800] "GET /xingrg/kc/print/load_data.html?order_code=212020122811321&kc_code=cgsh&condition= HTTP/1.1" 200 1117
180.152.116.185 - - [28/Dec/2020:10:32:09 +0800] "GET /xingrg/all/function/internal_message.html?_=1609122964930&CODE_STATE=getMsg HTTP/1.1" 200 27
117.184.7.30 - - [28/Dec/2020:10:32:09 +0800] "GET /xingrg/kc/buy/cgsh_order_operate.html?command=get_materiel&rest_code=00108&code=00101008358&supplier_code=00100008&order_time=2020-12-28 HTTP/1.1" 200 412
101.228.166.101 - - [28/Dec/2020:10:32:09 +0800] "POST /xingrg/services/DataTransmitService HTTP/1.1" 200 524
101.228.166.101 - - [28/Dec/2020:10:32:09 +0800] "POST /xingrg/services/DataTransmitService HTTP/1.1" 200 1955
101.228.166.101 - - [28/Dec/2020:10:32:10 +0800] "POST /xingrg/services/DataTransmitService HTTP/1.1" 200 162844
117.184.7.30 - - [28/Dec/2020:10:32:14 +0800] "GET /xingrg/check_reg.html?_=1609122731982 HTTP/1.1" 200 22
117.184.7.30 - - [28/Dec/2020:10:32:14 +0800] "GET /xingrg/all/function/internal_message.html?_=1609122732002&CODE_STATE=getMsg HTTP/1.1" 200 27
117.184.7.30 - - [28/Dec/2020:10:32:16 +0800] "GET /xingrg/kc/buy/cgsh_order_operate.html?command=get_materiel&rest_code=00108&code=00101008201&supplier_code=00100008&order_time=2020-12-28 HTTP/1.1" 200 412
180.152.116.185 - - [28/Dec/2020:10:32:16 +0800] "GET /xingrg/kc/buy/cgsh_order_add.html HTTP/1.1" 200 61226
120.253.135.82 - - [28/Dec/2020:10:32:16 +0800] "GET /xingrg/all/function/internal_message.html?_=1609122848314&CODE_STATE=getMsg HTTP/1.1" 200 27
180.152.116.185 - - [28/Dec/2020:10:32:17 +0800] "POST /xingrg/kc/buy/cgsh_order_operate.html HTTP/1.1" 200 8245
180.152.116.185 - - [28/Dec/2020:10:32:18 +0800] "GET /xingrg/javascript/easyui/themes/default/validatebox.css HTTP/1.1" 404 1104
180.152.116.185 - - [28/Dec/2020:10:32:19 +0800] "GET /xingrg/javascript/easyui/themes/default/tree.css HTTP/1.1" 404 1090
180.152.116.185 - - [28/Dec/2020:10:32:19 +0800] "POST /xingrg/all/common/load_tree.html?tree=supplier_tree_json&isDelete=1 HTTP/1.1" 200 53194
117.184.7.30 - - [28/Dec/2020:10:32:24 +0800] "GET /xingrg/kc/buy/cgsh_order_operate.html?command=get_materiel&rest_code=00108&code=00101008087&supplier_code=00100008&order_time=2020-12-28 HTTP/1.1" 200 412
58.35.244.144 - - [28/Dec/2020:10:32:27 +0800] "GET /xingrg/kc/buy/cgsh_order_operate.html?command=get_materiel&rest_code=00111&code=00101009034&supplier_code=00100335&order_time=2020-12-28 HTTP/1.1" 200 428
117.184.7.30 - - [28/Dec/2020:10:32:28 +0800] "POST /xingrg/kc/buy/cgsh_order_operate.html HTTP/1.1" 200 2065
222.69.132.69 - - [28/Dec/2020:10:32:31 +0800] "GET /xingrg/all/function/internal_message.html?_=1609122749800&CODE_STATE=getMsg HTTP/1.1" 200 27
172.17.0.104 - - [28/Dec/2020:10:32:31 +0800] "GET /xingrg/all/function/internal_message.html?_=1609122752572&CODE_STATE=getMsg HTTP/1.1" 200 27
117.184.7.30 - - [28/Dec/2020:10:32:32 +0800] "GET /xingrg/kc/buy/cgsh_order_operate.html?command=get_materiel&rest_code=00108&code=00101008361&supplier_code=00100008&order_time=2020-12-28 HTTP/1.1" 200 408
116.232.55.77 - - [28/Dec/2020:10:32:34 +0800] "GET /xingrg/all/function/internal_message.html?_=1609122755285&CODE_STATE=getMsg HTTP/1.1" 200 27
116.232.55.77 - - [28/Dec/2020:10:32:34 +0800] "GET /xingrg/check_reg.html?_=1609122755290 HTTP/1.1" 200 22
58.35.244.144 - - [28/Dec/2020:10:32:35 +0800] "POST /xingrg/kc/buy/cgsh_order_operate.html HTTP/1.1" 200 37
58.221.95.50 - - [28/Dec/2020:10:32:35 +0800] "GET /xingrg/check_reg.html?_=1609122755544 HTTP/1.1" 302 -
180.152.116.185 - - [28/Dec/2020:10:32:37 +0800] "GET /xingrg/kc/buy/cgsh_order_operate.html?command=get_materiel&rest_code=00102&code=00101020153&supplier_code=00100031&order_time=2020-12-28 HTTP/1.1" 200 408
58.35.244.144 - - [28/Dec/2020:10:32:37 +0800] "POST /xingrg/kc/buy/cgsh_order_operate.html HTTP/1.1" 200 2666
117.184.7.30 - - [28/Dec/2020:10:32:38 +0800] "GET /xingrg/kc/buy/cgsh_order_operate.html?command=get_materiel&rest_code=00108&code=00101008356&supplier_code=00100008&order_time=2020-12-28 HTTP/1.1" 200 408
180.156.237.57 - - [28/Dec/2020:10:32:42 +0800] "GET /xingrg/all/function/internal_message.html?_=1609122745904&CODE_STATE=getMsg HTTP/1.1" 200 27
58.35.244.144 - - [28/Dec/2020:10:32:44 +0800] "GET /xingrg/all/function/internal_message.html?_=1609122914955&CODE_STATE=getMsg HTTP/1.1" 200 27
180.152.116.185 - - [28/Dec/2020:10:32:46 +0800] "GET /xingrg/kc/buy/cgsh_order_operate.html?command=get_materiel&rest_code=00102&code=00101016080&supplier_code=00100031&order_time=2020-12-28 HTTP/1.1" 200 408
117.184.7.30 - - [28/Dec/2020:10:32:50 +0800] "GET /xingrg/kc/buy/cgsh_order_operate.html?command=get_materiel&rest_code=00108&code=00101008212&supplier_code=00100008&order_time=2020-12-28 HTTP/1.1" 200 412
116.228.172.94 - - [28/Dec/2020:10:32:51 +0800] "GET /xingrg/all/function/internal_message.html?_=1609122769348&CODE_STATE=getMsg HTTP/1.1" 200 27
116.228.172.94 - - [28/Dec/2020:10:32:51 +0800] "GET /xingrg/check_reg.html?_=1609122769460 HTTP/1.1" 200 22
117.131.5.26 - - [28/Dec/2020:10:32:52 +0800] "GET /xingrg/all/function/internal_message.html?_=1609122818664&CODE_STATE=getMsg HTTP/1.1" 200 27
172.17.0.185 - - [28/Dec/2020:10:32:54 +0800] "GET /xingrg/all/function/internal_message.html?_=1609122773300&CODE_STATE=getMsg HTTP/1.1" 200 27
180.156.237.57 - - [28/Dec/2020:10:32:55 +0800] "GET /xingrg/all/function/internal_message.html?_=1609122783367&CODE_STATE=getMsg HTTP/1.1" 200 27
172.17.200.101 - - [28/Dec/2020:10:32:56 +0800] "GET /xingrg/all/function/internal_message.html?_=1609122778303&CODE_STATE=getMsg HTTP/1.1" 200 27
180.152.116.185 - - [28/Dec/2020:10:32:59 +0800] "GET /xingrg/kc/buy/cgsh_order_operate.html?command=get_materiel&rest_code=00102&code=00101012025&supplier_code=00100031&order_time=2020-12-28 HTTP/1.1" 200 412
180.162.223.42 - - [28/Dec/2020:10:33:00 +0800] "GET /xingrg/check_reg.html?_=1609122762799 HTTP/1.1" 200 22
180.162.223.42 - - [28/Dec/2020:10:33:00 +0800] "GET /xingrg/all/function/internal_message.html?_=1609122762802&CODE_STATE=getMsg HTTP/1.1" 200 27
117.184.7.30 - - [28/Dec/2020:10:33:01 +0800] "GET /xingrg/kc/buy/cgsh_order_operate.html?command=get_materiel&rest_code=00108&code=00101008296&supplier_code=00100008&order_time=2020-12-28 HTTP/1.1" 200 416
172.17.0.104 - - [28/Dec/2020:10:33:03 +0800] "GET /xingrg/all/function/internal_message.html?_=1609122783986&CODE_STATE=getMsg HTTP/1.1" 200 27
117.184.7.30 - - [28/Dec/2020:10:33:04 +0800] "POST /xingrg/kc/buy/cgsh_order_operate.html HTTP/1.1" 200 2065
117.185.32.26 - - [28/Dec/2020:10:33:04 +0800] "GET /xingrg/all/function/internal_message.html?_=1609123251187&CODE_STATE=getMsg HTTP/1.1" 200 27
101.228.166.101 - - [28/Dec/2020:10:33:06 +0800] "GET /xingrg/all/function/internal_message.html?_=1609122787799&CODE_STATE=getMsg HTTP/1.1" 200 27
180.152.116.185 - - [28/Dec/2020:10:33:07 +0800] "GET /xingrg/kc/buy/cgsh_order_operate.html?command=get_materiel&rest_code=00102&code=00101012052&supplier_code=00100031&order_time=2020-12-28 HTTP/1.1" 200 412
117.184.7.30 - - [28/Dec/2020:10:33:08 +0800] "GET /xingrg/kc/buy/cgsh_order_operate.html?command=get_materiel&rest_code=00108&code=00101008098&supplier_code=00100008&order_time=2020-12-28 HTTP/1.1" 200 412
180.152.116.185 - - [28/Dec/2020:10:33:08 +0800] "GET /xingrg/check_reg.html?_=1609123024293 HTTP/1.1" 200 22
180.152.116.185 - - [28/Dec/2020:10:33:09 +0800] "GET /xingrg/all/function/internal_message.html?_=1609123024933&CODE_STATE=getMsg HTTP/1.1" 200 27
180.152.116.185 - - [28/Dec/2020:10:33:13 +0800] "GET /xingrg/kc/buy/cgsh_order_operate.html?command=get_materiel&rest_code=00102&code=00101016038&supplier_code=00100031&order_time=2020-12-28 HTTP/1.1" 200 408
117.184.7.30 - - [28/Dec/2020:10:33:14 +0800] "GET /xingrg/all/function/internal_message.html?_=1609122791999&CODE_STATE=getMsg HTTP/1.1" 200 27
172.17.0.104 - - [28/Dec/2020:10:33:16 +0800] "GET /xingrg/check_reg.html?_=1609122796776 HTTP/1.1" 200 22
120.253.135.82 - - [28/Dec/2020:10:33:16 +0800] "GET /xingrg/all/function/internal_message.html?_=1609122908602&CODE_STATE=getMsg HTTP/1.1" 200 27
180.152.116.185 - - [28/Dec/2020:10:33:22 +0800] "POST /xingrg/kc/buy/cgsh_order_operate.html HTTP/1.1" 200 37
180.152.116.185 - - [28/Dec/2020:10:33:25 +0800] "POST /xingrg/kc/buy/cgsh_order_operate.html HTTP/1.1" 200 12
180.152.116.185 - - [28/Dec/2020:10:33:26 +0800] "GET /xingrg/kc/buy/cgsh_order_info.html?code=212020122811324 HTTP/1.1" 200 56129
180.152.116.185 - - [28/Dec/2020:10:33:27 +0800] "GET /xingrg/javascript/easyui/themes/default/validatebox.css HTTP/1.1" 404 1104
180.152.116.185 - - [28/Dec/2020:10:33:28 +0800] "POST /xingrg/kc/buy/cgsh_order_operate.html HTTP/1.1" 200 2956
180.152.116.185 - - [28/Dec/2020:10:33:30 +0800] "GET /xingrg/kc/print/load_data.html?order_code=212020122811324&kc_code=cgsh&condition= HTTP/1.1" 200 1588
222.69.132.69 - - [28/Dec/2020:10:33:31 +0800] "GET /xingrg/all/function/internal_message.html?_=1609122809804&CODE_STATE=getMsg HTTP/1.1" 200 27
222.69.132.69 - - [28/Dec/2020:10:33:31 +0800] "GET /xingrg/check_reg.html?_=1609122809849 HTTP/1.1" 200 22
172.17.0.104 - - [28/Dec/2020:10:33:31 +0800] "GET /xingrg/all/function/internal_message.html?_=1609122812573&CODE_STATE=getMsg HTTP/1.1" 200 27
116.232.55.77 - - [28/Dec/2020:10:33:34 +0800] "GET /xingrg/all/function/internal_message.html?_=1609122815280&CODE_STATE=getMsg HTTP/1.1" 200 27
117.184.7.30 - - [28/Dec/2020:10:33:35 +0800] "POST /xingrg/kc/buy/cgsh_order_operate.html HTTP/1.1" 200 37
180.152.116.185 - - [28/Dec/2020:10:33:38 +0800] "GET /xingrg/kc/buy/cgsh_order_add.html HTTP/1.1" 200 61226
180.152.116.185 - - [28/Dec/2020:10:33:40 +0800] "POST /xingrg/kc/buy/cgsh_order_operate.html HTTP/1.1" 200 8245
180.152.116.185 - - [28/Dec/2020:10:33:40 +0800] "GET /xingrg/javascript/easyui/themes/default/validatebox.css HTTP/1.1" 404 1104
180.152.116.185 - - [28/Dec/2020:10:33:41 +0800] "GET /xingrg/javascript/easyui/themes/default/tree.css HTTP/1.1" 404 1090
180.152.116.185 - - [28/Dec/2020:10:33:42 +0800] "POST /xingrg/all/common/load_tree.html?tree=supplier_tree_json&isDelete=1 HTTP/1.1" 200 53194
180.156.237.57 - - [28/Dec/2020:10:33:42 +0800] "GET /xingrg/all/function/internal_message.html?_=1609122805917&CODE_STATE=getMsg HTTP/1.1" 200 27
117.184.7.30 - - [28/Dec/2020:10:33:43 +0800] "POST /xingrg/kc/buy/cgsh_order_operate.html HTTP/1.1" 200 21557
58.35.244.144 - - [28/Dec/2020:10:33:43 +0800] "GET /xingrg/kc/print/load_data.html?order_code=212020122811323&kc_code=cgsh&condition= HTTP/1.1" 200 670
58.35.244.144 - - [28/Dec/2020:10:33:44 +0800] "GET /xingrg/all/function/internal_message.html?_=1609122974938&CODE_STATE=getMsg HTTP/1.1" 200 27
58.35.244.144 - - [28/Dec/2020:10:33:50 +0800] "POST /xingrg/kc/buy/cgsh_list_operate.html HTTP/1.1" 200 5147
116.228.172.94 - - [28/Dec/2020:10:33:51 +0800] "GET /xingrg/all/function/internal_message.html?_=1609122829337&CODE_STATE=getMsg HTTP/1.1" 200 27
117.131.5.26 - - [28/Dec/2020:10:33:52 +0800] "GET /xingrg/all/function/internal_message.html?_=1609122878640&CODE_STATE=getMsg HTTP/1.1" 200 27
58.35.244.144 - - [28/Dec/2020:10:33:54 +0800] "POST /xingrg/kc/buy/cgsh_list_operate.html HTTP/1.1" 200 565
58.35.244.144 - - [28/Dec/2020:10:33:54 +0800] "GET /xingrg/kc/buy/cgsh_order_info.html?code=212020122811322 HTTP/1.1" 200 61280
172.17.0.185 - - [28/Dec/2020:10:33:54 +0800] "GET /xingrg/all/function/internal_message.html?_=1609122833303&CODE_STATE=getMsg HTTP/1.1" 200 27
172.17.0.185 - - [28/Dec/2020:10:33:54 +0800] "GET /xingrg/check_reg.html?_=1609122833307 HTTP/1.1" 200 22
58.35.244.144 - - [28/Dec/2020:10:33:54 +0800] "GET /xingrg/javascript/easyui/themes/default/validatebox.css HTTP/1.1" 404 1104
117.131.5.26 - - [28/Dec/2020:10:33:54 +0800] "GET /xingrg/check_reg.html?_=1609122880523 HTTP/1.1" 200 22
58.35.244.144 - - [28/Dec/2020:10:33:55 +0800] "POST /xingrg/kc/buy/cgsh_order_operate.html HTTP/1.1" 200 7400
180.152.116.185 - - [28/Dec/2020:10:33:55 +0800] "GET /xingrg/kc/buy/cgsh_order_operate.html?command=get_materiel&rest_code=00102&code=00101011005&supplier_code=00100047&order_time=2020-12-28 HTTP/1.1" 200 428
180.156.237.57 - - [28/Dec/2020:10:33:55 +0800] "GET /xingrg/all/function/internal_message.html?_=1609122843372&CODE_STATE=getMsg HTTP/1.1" 200 27
172.17.200.101 - - [28/Dec/2020:10:33:56 +0800] "GET /xingrg/all/function/internal_message.html?_=1609122838304&CODE_STATE=getMsg HTTP/1.1" 200 27
101.228.166.101 - - [28/Dec/2020:10:33:59 +0800] "POST /xingrg/services/DataTransmitService HTTP/1.1" 200 524
180.162.223.42 - - [28/Dec/2020:10:34:00 +0800] "GET /xingrg/all/function/internal_message.html?_=1609122822800&CODE_STATE=getMsg HTTP/1.1" 200 27
101.228.166.101 - - [28/Dec/2020:10:34:00 +0800] "POST /xingrg/services/DataTransmitService HTTP/1.1" 200 1955
172.17.0.104 - - [28/Dec/2020:10:34:03 +0800] "GET /xingrg/all/function/internal_message.html?_=1609122843960&CODE_STATE=getMsg HTTP/1.1" 200 27
117.185.32.26 - - [28/Dec/2020:10:34:04 +0800] "GET /xingrg/all/function/internal_message.html?_=1609123311181&CODE_STATE=getMsg HTTP/1.1" 200 27
117.184.7.30 - - [28/Dec/2020:10:34:05 +0800] "GET /xingrg/kc/buy/cgsh_order_operate.html?command=get_materiel&rest_code=00108&code=00101008350&supplier_code=00100008&order_time=2020-12-28 HTTP/1.1" 200 408
101.228.166.101 - - [28/Dec/2020:10:34:06 +0800] "GET /xingrg/all/function/internal_message.html?_=1609122848116&CODE_STATE=getMsg HTTP/1.1" 200 27
58.35.244.144 - - [28/Dec/2020:10:34:07 +0800] "GET /xingrg/kc/buy/cgsh_order_add.html HTTP/1.1" 200 61267
58.35.244.144 - - [28/Dec/2020:10:34:07 +0800] "GET /xingrg/javascript/easyui/themes/default/validatebox.css HTTP/1.1" 404 1104
58.35.244.144 - - [28/Dec/2020:10:34:09 +0800] "POST /xingrg/kc/buy/cgsh_order_operate.html HTTP/1.1" 200 8245
180.152.116.185 - - [28/Dec/2020:10:34:09 +0800] "GET /xingrg/all/function/internal_message.html?_=1609123084945&CODE_STATE=getMsg HTTP/1.1" 200 27
180.156.237.57 - - [28/Dec/2020:10:34:10 +0800] "POST /xingrg/all/user/operate.html HTTP/1.1" 200 36
180.156.237.57 - - [28/Dec/2020:10:34:12 +0800] "GET /xingrg/javascript/jquery_easy_ui/themes/default/easyui.css HTTP/1.1" 304 -
180.156.237.57 - - [28/Dec/2020:10:34:12 +0800] "GET /xingrg/javascript/jquery_easy_ui/themes/icon.css HTTP/1.1" 304 -
180.156.237.57 - - [28/Dec/2020:10:34:12 +0800] "GET /xingrg/css/form.css HTTP/1.1" 304 -
180.156.237.57 - - [28/Dec/2020:10:34:12 +0800] "GET /xingrg/javascript/jquery-1.4.2.min.js HTTP/1.1" 304 -
180.156.237.57 - - [28/Dec/2020:10:34:12 +0800] "GET /xingrg/javascript/jquery_easy_ui/jquery.easyui.min.js HTTP/1.1" 304 -
180.156.237.57 - - [28/Dec/2020:10:34:12 +0800] "GET /xingrg/javascript/jquery_easy_ui/easyui-lang-zh_CN.js HTTP/1.1" 304 -
180.156.237.57 - - [28/Dec/2020:10:34:12 +0800] "GET /xingrg/javascript/jquery.form.js HTTP/1.1" 304 -
180.156.237.57 - - [28/Dec/2020:10:34:12 +0800] "GET /xingrg/javascript/jquery.utils.js HTTP/1.1" 304 -
180.156.237.57 - - [28/Dec/2020:10:34:12 +0800] "GET /xingrg/javascript/jquery.timers.js HTTP/1.1" 304 -
180.156.237.57 - - [28/Dec/2020:10:34:12 +0800] "GET /xingrg/index.html?sysBaseUrl=http%3A%2F%2F180.169.147.146%3A18081%2Fxingrg%2F&costTime=42×tamp=1609043192342 HTTP/1.1" 200 17179
180.156.237.57 - - [28/Dec/2020:10:34:12 +0800] "GET /xingrg/images/blue/jxLogo.png HTTP/1.1" 304 -
180.156.237.57 - - [28/Dec/2020:10:34:12 +0800] "GET /xingrg/images/blue/navBackgound.jpg HTTP/1.1" 304 -
180.156.237.57 - - [28/Dec/2020:10:34:12 +0800] "GET /xingrg/javascript/jquery_easy_ui/themes/icons/settle_new.png HTTP/1.1" 304 -
180.156.237.57 - - [28/Dec/2020:10:34:12 +0800] "GET /xingrg/all/function/internal_message.html?_=1609122860168&CODE_STATE=count HTTP/1.1" 200 11
180.156.237.57 - - [28/Dec/2020:10:34:12 +0800] "GET /xingrg/check_reg.html?_=1609122860169 HTTP/1.1" 200 22
180.156.237.57 - - [28/Dec/2020:10:34:12 +0800] "GET /xingrg/images/blue/pingpu.png HTTP/1.1" 304 -
180.156.237.57 - - [28/Dec/2020:10:34:12 +0800] "GET /xingrg/javascript/jquery_easy_ui/themes/default/images/panel_tool_collapse.gif HTTP/1.1" 304 -
180.156.237.57 - - [28/Dec/2020:10:34:12 +0800] "GET /xingrg/javascript/jquery_easy_ui/themes/default/images/tabs_rightarrow.png HTTP/1.1" 304 -
180.156.237.57 - - [28/Dec/2020:10:34:12 +0800] "GET /xingrg/javascript/jquery_easy_ui/themes/default/images/tabs_leftarrow.png HTTP/1.1" 304 -
180.156.237.57 - - [28/Dec/2020:10:34:12 +0800] "POST /xingrg/all/common/load_tree.html?tree=area_rest_tree_json&manage=1 HTTP/1.1" 200 476
117.184.7.30 - - [28/Dec/2020:10:34:14 +0800] "GET /xingrg/all/function/internal_message.html?_=1609122851984&CODE_STATE=getMsg HTTP/1.1" 200 27
180.156.237.57 - - [28/Dec/2020:10:34:14 +0800] "POST /xingrg/load_menu.html HTTP/1.1" 200 5138
180.152.116.185 - - [28/Dec/2020:10:34:16 +0800] "GET /xingrg/kc/buy/cgsh_order_operate.html?command=get_materiel&rest_code=00102&code=00101011003&supplier_code=00100047&order_time=2020-12-28 HTTP/1.1" 200 413
120.253.135.82 - - [28/Dec/2020:10:34:16 +0800] "GET /xingrg/all/function/internal_message.html?_=1609122968608&CODE_STATE=getMsg HTTP/1.1" 200 27
180.152.116.185 - - [28/Dec/2020:10:34:31 +0800] "POST /xingrg/kc/buy/cgsh_order_operate.html HTTP/1.1" 200 37
222.69.132.69 - - [28/Dec/2020:10:34:31 +0800] "GET /xingrg/all/function/internal_message.html?_=1609122869816&CODE_STATE=getMsg HTTP/1.1" 200 27
58.35.244.144 - - [28/Dec/2020:10:34:31 +0800] "GET /xingrg/kc/buy/cgsh_order_operate.html?command=get_materiel&rest_code=00111&code=00101003033&supplier_code=00100092&order_time=2020-12-28 HTTP/1.1" 200 424
172.17.0.104 - - [28/Dec/2020:10:34:31 +0800] "GET /xingrg/all/function/internal_message.html?_=1609122872574&CODE_STATE=getMsg HTTP/1.1" 200 27
116.232.55.77 - - [28/Dec/2020:10:34:34 +0800] "GET /xingrg/all/function/internal_message.html?_=1609122875280&CODE_STATE=getMsg HTTP/1.1" 200 27
180.152.116.185 - - [28/Dec/2020:10:34:38 +0800] "POST /xingrg/kc/buy/cgsh_order_operate.html HTTP/1.1" 200 12
180.152.116.185 - - [28/Dec/2020:10:34:40 +0800] "GET /xingrg/kc/buy/cgsh_order_info.html?code=212020122811325 HTTP/1.1" 200 56127
180.152.116.185 - - [28/Dec/2020:10:34:41 +0800] "GET /xingrg/javascript/easyui/themes/default/validatebox.css HTTP/1.1" 404 1104
180.152.116.185 - - [28/Dec/2020:10:34:41 +0800] "POST /xingrg/kc/buy/cgsh_order_operate.html HTTP/1.1" 200 1200
180.156.237.57 - - [28/Dec/2020:10:34:42 +0800] "GET /xingrg/all/function/internal_message.html?_=1609122865953&CODE_STATE=getMsg HTTP/1.1" 200 27
180.152.116.185 - - [28/Dec/2020:10:34:44 +0800] "GET /xingrg/kc/print/load_data.html?order_code=212020122811325&kc_code=cgsh&condition= HTTP/1.1" 200 965
58.35.244.144 - - [28/Dec/2020:10:34:44 +0800] "GET /xingrg/all/function/internal_message.html?_=1609123034913&CODE_STATE=getMsg HTTP/1.1" 200 27
116.228.172.94 - - [28/Dec/2020:10:34:51 +0800] "GET /xingrg/all/function/internal_message.html?_=1609122889316&CODE_STATE=getMsg HTTP/1.1" 200 27
180.156.237.57 - - [28/Dec/2020:10:34:52 +0800] "GET /xingrg/kc/base/wldb_order_list.html HTTP/1.1" 200 19345
180.156.237.57 - - [28/Dec/2020:10:34:52 +0800] "POST /xingrg/kc/base/wldb_list_operate.html HTTP/1.1" 200 928
117.131.5.26 - - [28/Dec/2020:10:34:52 +0800] "GET /xingrg/all/function/internal_message.html?_=1609122938611&CODE_STATE=getMsg HTTP/1.1" 200 27
172.17.0.185 - - [28/Dec/2020:10:34:54 +0800] "GET /xingrg/all/function/internal_message.html?_=1609122893310&CODE_STATE=getMsg HTTP/1.1" 200 27
58.35.244.144 - - [28/Dec/2020:10:34:55 +0800] "POST /xingrg/kc/buy/cgsh_order_operate.html HTTP/1.1" 200 37
58.35.244.144 - - [28/Dec/2020:10:34:56 +0800] "POST /xingrg/kc/buy/cgsh_order_operate.html HTTP/1.1" 200 2672
180.156.237.57 - - [28/Dec/2020:10:34:56 +0800] "GET /xingrg/kc/base/wldb_order_add.html HTTP/1.1" 200 30514
172.17.200.101 - - [28/Dec/2020:10:34:56 +0800] "GET /xingrg/check_reg.html?_=1609122898311 HTTP/1.1" 200 22
172.17.200.101 - - [28/Dec/2020:10:34:56 +0800] "GET /xingrg/all/function/internal_message.html?_=1609122898317&CODE_STATE=getMsg HTTP/1.1" 200 27
180.156.237.57 - - [28/Dec/2020:10:34:57 +0800] "POST /xingrg/kc/base/wldb_order_operate.html HTTP/1.1" 200 6806
180.156.237.57 - - [28/Dec/2020:10:34:57 +0800] "GET /xingrg/javascript/easyui/themes/default/validatebox.css HTTP/1.1" 404 1104
58.35.244.144 - - [28/Dec/2020:10:34:59 +0800] "GET /xingrg/kc/print/load_data.html?order_code=212020122811326&kc_code=cgsh&condition= HTTP/1.1" 200 740
180.162.223.42 - - [28/Dec/2020:10:35:00 +0800] "GET /xingrg/all/function/internal_message.html?_=1609122882935&CODE_STATE=getMsg HTTP/1.1" 200 27
180.152.116.185 - - [28/Dec/2020:10:35:01 +0800] "POST /xingrg/kc/buy/cgsh_list_operate.html HTTP/1.1" 200 5745
117.185.32.26 - - [28/Dec/2020:10:35:04 +0800] "GET /xingrg/all/function/internal_message.html?_=1609123371190&CODE_STATE=getMsg HTTP/1.1" 200 27
180.156.237.57 - - [28/Dec/2020:10:35:04 +0800] "GET /xingrg/javascript/auto/indicator.gif HTTP/1.1" 404 1066
58.35.244.144 - - [28/Dec/2020:10:35:06 +0800] "GET /xingrg/kc/buy/cgsh_order_add.html HTTP/1.1" 200 61267
58.35.244.144 - - [28/Dec/2020:10:35:06 +0800] "POST /xingrg/kc/buy/cgsh_order_operate.html HTTP/1.1" 200 8245
58.35.244.144 - - [28/Dec/2020:10:35:06 +0800] "GET /xingrg/javascript/easyui/themes/default/validatebox.css HTTP/1.1" 404 1104
101.228.166.101 - - [28/Dec/2020:10:35:06 +0800] "GET /xingrg/all/function/internal_message.html?_=1609122908122&CODE_STATE=getMsg HTTP/1.1" 200 27
180.152.116.185 - - [28/Dec/2020:10:35:09 +0800] "GET /xingrg/all/function/internal_message.html?_=1609123144960&CODE_STATE=getMsg HTTP/1.1" 200 27
180.156.237.57 - - [28/Dec/2020:10:35:12 +0800] "GET /xingrg/all/function/internal_message.html?_=1609122920179&CODE_STATE=getMsg HTTP/1.1" 200 27
117.184.7.30 - - [28/Dec/2020:10:35:14 +0800] "GET /xingrg/all/function/internal_message.html?_=1609122911999&CODE_STATE=getMsg HTTP/1.1" 200 27
120.253.135.82 - - [28/Dec/2020:10:35:15 +0800] "GET /xingrg/check_reg.html?_=1609123027329 HTTP/1.1" 200 22
180.156.237.57 - - [28/Dec/2020:10:35:15 +0800] "GET /xingrg/kc/base/wldb_order_operate.html?command=get_materiel&rest_code=00150&base_code=0010445&code=00101019430 HTTP/1.1" 200 461
58.35.244.144 - - [28/Dec/2020:10:35:16 +0800] "GET /xingrg/kc/buy/cgsh_order_operate.html?command=get_materiel&rest_code=00111&code=00101001125&supplier_code=00100319&order_time=2020-12-28 HTTP/1.1" 200 415
120.253.135.82 - - [28/Dec/2020:10:35:16 +0800] "GET /xingrg/all/function/internal_message.html?_=1609123028619&CODE_STATE=getMsg HTTP/1.1" 200 27
180.156.237.57 - - [28/Dec/2020:10:35:20 +0800] "POST /xingrg/kc/base/wldb_order_operate.html HTTP/1.1" 200 37
180.156.237.57 - - [28/Dec/2020:10:35:24 +0800] "POST /xingrg/kc/base/wldb_order_operate.html HTTP/1.1" 200 12
180.156.237.57 - - [28/Dec/2020:10:35:24 +0800] "POST /xingrg/kc/base/wldb_order_operate.html HTTP/1.1" 200 2215
180.156.237.57 - - [28/Dec/2020:10:35:27 +0800] "GET /xingrg/kc/base/wldb_order_info.html?code=422020122803237 HTTP/1.1" 200 26390
180.156.237.57 - - [28/Dec/2020:10:35:28 +0800] "GET /xingrg/javascript/easyui/themes/default/validatebox.css HTTP/1.1" 404 1104
180.156.237.57 - - [28/Dec/2020:10:35:28 +0800] "POST /xingrg/kc/base/wldb_order_operate.html HTTP/1.1" 200 509
180.156.237.57 - - [28/Dec/2020:10:35:30 +0800] "GET /xingrg/kc/base/wldb_order_add.html HTTP/1.1" 200 30514
222.69.132.69 - - [28/Dec/2020:10:35:31 +0800] "GET /xingrg/all/function/internal_message.html?_=1609122929816&CODE_STATE=getMsg HTTP/1.1" 200 27
180.156.237.57 - - [28/Dec/2020:10:35:31 +0800] "POST /xingrg/kc/base/wldb_order_operate.html HTTP/1.1" 200 6806
180.156.237.57 - - [28/Dec/2020:10:35:31 +0800] "GET /xingrg/javascript/easyui/themes/default/validatebox.css HTTP/1.1" 404 1104
58.35.244.144 - - [28/Dec/2020:10:35:31 +0800] "POST /xingrg/kc/buy/cgsh_order_operate.html HTTP/1.1" 200 37
58.35.244.144 - - [28/Dec/2020:10:35:33 +0800] "POST /xingrg/kc/buy/cgsh_order_operate.html HTTP/1.1" 200 2662
58.35.244.144 - - [28/Dec/2020:10:35:34 +0800] "GET /xingrg/kc/print/load_data.html?order_code=212020122811327&kc_code=cgsh&condition= HTTP/1.1" 200 682
116.232.55.77 - - [28/Dec/2020:10:35:34 +0800] "GET /xingrg/all/function/internal_message.html?_=1609122935276&CODE_STATE=getMsg HTTP/1.1" 200 27
58.35.244.144 - - [28/Dec/2020:10:35:41 +0800] "GET /xingrg/kc/buy/cgsh_order_add.html HTTP/1.1" 200 61267
180.156.237.57 - - [28/Dec/2020:10:35:41 +0800] "GET /xingrg/kc/base/wldb_order_operate.html?command=get_materiel&rest_code=00150&base_code=0010446&code=00102002610 HTTP/1.1" 200 432
58.35.244.144 - - [28/Dec/2020:10:35:42 +0800] "POST /xingrg/kc/buy/cgsh_order_operate.html HTTP/1.1" 200 8245
58.35.244.144 - - [28/Dec/2020:10:35:42 +0800] "GET /xingrg/javascript/easyui/themes/default/validatebox.css HTTP/1.1" 404 1104
180.156.237.57 - - [28/Dec/2020:10:35:42 +0800] "GET /xingrg/all/function/internal_message.html?_=1609122925960&CODE_STATE=getMsg HTTP/1.1" 200 27
58.35.244.144 - - [28/Dec/2020:10:35:44 +0800] "GET /xingrg/all/function/internal_message.html?_=1609123094908&CODE_STATE=getMsg HTTP/1.1" 200 27
58.35.244.144 - - [28/Dec/2020:10:35:45 +0800] "GET /xingrg/check_reg.html?_=1609123094989 HTTP/1.1" 200 22
180.156.237.57 - - [28/Dec/2020:10:35:46 +0800] "POST /xingrg/kc/base/wldb_order_operate.html HTTP/1.1" 200 37
180.156.237.57 - - [28/Dec/2020:10:35:49 +0800] "POST /xingrg/kc/base/wldb_order_operate.html HTTP/1.1" 200 12
180.156.237.57 - - [28/Dec/2020:10:35:49 +0800] "POST /xingrg/kc/base/wldb_order_operate.html HTTP/1.1" 200 2194
116.228.172.94 - - [28/Dec/2020:10:35:51 +0800] "GET /xingrg/all/function/internal_message.html?_=1609122949302&CODE_STATE=getMsg HTTP/1.1" 200 27
180.156.237.57 - - [28/Dec/2020:10:35:51 +0800] "GET /xingrg/kc/base/wldb_order_info.html?code=422020122803238 HTTP/1.1" 200 26394
180.156.237.57 - - [28/Dec/2020:10:35:52 +0800] "GET /xingrg/javascript/easyui/themes/default/validatebox.css HTTP/1.1" 404 1104
180.156.237.57 - - [28/Dec/2020:10:35:52 +0800] "POST /xingrg/kc/base/wldb_order_operate.html HTTP/1.1" 200 487
117.131.5.26 - - [28/Dec/2020:10:35:52 +0800] "GET /xingrg/all/function/internal_message.html?_=1609122998581&CODE_STATE=getMsg HTTP/1.1" 200 27
117.131.5.26 - - [28/Dec/2020:10:35:53 +0800] "GET /xingrg/check_reg.html?_=1609123288632 HTTP/1.1" 302 -
117.131.5.26 - - [28/Dec/2020:10:35:53 +0800] "GET /xingrg/login.html HTTP/1.1" 200 7641
172.17.0.185 - - [28/Dec/2020:10:35:54 +0800] "GET /xingrg/all/function/internal_message.html?_=1609122953304&CODE_STATE=getMsg HTTP/1.1" 200 27
172.17.200.101 - - [28/Dec/2020:10:35:56 +0800] "GET /xingrg/all/function/internal_message.html?_=1609122958303&CODE_STATE=getMsg HTTP/1.1" 200 27
180.162.223.42 - - [28/Dec/2020:10:36:00 +0800] "GET /xingrg/all/function/internal_message.html?_=1609122942907&CODE_STATE=getMsg HTTP/1.1" 200 27
101.228.166.101 - - [28/Dec/2020:10:36:04 +0800] "GET /xingrg/check_reg.html?_=1609122965702 HTTP/1.1" 200 22
117.184.7.30 - - [28/Dec/2020:10:36:04 +0800] "GET /xingrg/kc/buy/cgsh_order_operate.html?command=get_materiel&rest_code=00108&code=00101008114&supplier_code=00100008&order_time=2020-12-28 HTTP/1.1" 200 413
117.185.32.26 - - [28/Dec/2020:10:36:04 +0800] "GET /xingrg/all/function/internal_message.html?_=1609123431185&CODE_STATE=getMsg HTTP/1.1" 200 27
101.228.166.101 - - [28/Dec/2020:10:36:06 +0800] "GET /xingrg/all/function/internal_message.html?_=1609122968136&CODE_STATE=getMsg HTTP/1.1" 200 27
180.152.116.185 - - [28/Dec/2020:10:36:09 +0800] "GET /xingrg/all/function/internal_message.html?_=1609123204974&CODE_STATE=getMsg HTTP/1.1" 200 27
58.35.244.144 - - [28/Dec/2020:10:36:12 +0800] "GET /xingrg/kc/buy/cgsh_order_operate.html?command=get_materiel&rest_code=00111&code=00101010616&supplier_code=00100430&order_time=2020-12-28 HTTP/1.1" 200 415
180.156.237.57 - - [28/Dec/2020:10:36:12 +0800] "GET /xingrg/all/function/internal_message.html?_=1609122980192&CODE_STATE=getMsg HTTP/1.1" 200 27
117.184.7.30 - - [28/Dec/2020:10:36:14 +0800] "GET /xingrg/all/function/internal_message.html?_=1609122971992&CODE_STATE=getMsg HTTP/1.1" 200 27
120.253.135.82 - - [28/Dec/2020:10:36:16 +0800] "GET /xingrg/all/function/internal_message.html?_=1609123088633&CODE_STATE=getMsg HTTP/1.1" 200 27
222.69.132.69 - - [28/Dec/2020:10:36:31 +0800] "GET /xingrg/all/function/internal_message.html?_=1609122989819&CODE_STATE=getMsg HTTP/1.1" 200 27
116.232.55.77 - - [28/Dec/2020:10:36:34 +0800] "GET /xingrg/all/function/internal_message.html?_=1609122995286&CODE_STATE=getMsg HTTP/1.1" 200 27
180.156.237.57 - - [28/Dec/2020:10:36:41 +0800] "GET /xingrg/check_reg.html?_=1609122985099 HTTP/1.1" 200 22
180.156.237.57 - - [28/Dec/2020:10:36:42 +0800] "GET /xingrg/all/function/internal_message.html?_=1609122985973&CODE_STATE=getMsg HTTP/1.1" 200 27
58.35.244.144 - - [28/Dec/2020:10:36:44 +0800] "GET /xingrg/all/function/internal_message.html?_=1609123154890&CODE_STATE=getMsg HTTP/1.1" 200 27
116.228.172.94 - - [28/Dec/2020:10:36:51 +0800] "GET /xingrg/all/function/internal_message.html?_=1609123009280&CODE_STATE=getMsg HTTP/1.1" 200 27
180.162.223.42 - - [28/Dec/2020:10:36:52 +0800] "GET /xingrg/kc/buy/cgsh_order_operate.html?command=get_materiel&rest_code=00105&code=00102002191&supplier_code=00100347&order_time=2020-12-28 HTTP/1.1" 200 408
117.131.5.26 - - [28/Dec/2020:10:36:52 +0800] "GET /xingrg/all/function/internal_message.html?_=1609123058554&CODE_STATE=getMsg HTTP/1.1" 200 27
172.17.0.185 - - [28/Dec/2020:10:36:54 +0800] "GET /xingrg/all/function/internal_message.html?_=1609123013307&CODE_STATE=getMsg HTTP/1.1" 200 27
172.17.200.101 - - [28/Dec/2020:10:36:56 +0800] "GET /xingrg/all/function/internal_message.html?_=1609123018303&CODE_STATE=getMsg HTTP/1.1" 200 27
180.162.223.42 - - [28/Dec/2020:10:37:00 +0800] "GET /xingrg/all/function/internal_message.html?_=1609123002886&CODE_STATE=getMsg HTTP/1.1" 200 27
117.185.32.26 - - [28/Dec/2020:10:37:04 +0800] "GET /xingrg/all/function/internal_message.html?_=1609123491193&CODE_STATE=getMsg HTTP/1.1" 200 27
117.185.32.26 - - [28/Dec/2020:10:37:04 +0800] "GET /xingrg/check_reg.html?_=1609123491195 HTTP/1.1" 200 22
101.228.166.101 - - [28/Dec/2020:10:37:06 +0800] "GET /xingrg/all/function/internal_message.html?_=1609123028149&CODE_STATE=getMsg HTTP/1.1" 200 27
180.152.116.185 - - [28/Dec/2020:10:37:09 +0800] "GET /xingrg/all/function/internal_message.html?_=1609123265314&CODE_STATE=getMsg HTTP/1.1" 200 27
180.156.237.57 - - [28/Dec/2020:10:37:12 +0800] "GET /xingrg/all/function/internal_message.html?_=1609123040193&CODE_STATE=getMsg HTTP/1.1" 200 27
117.184.7.30 - - [28/Dec/2020:10:37:14 +0800] "GET /xingrg/check_reg.html?_=1609123031988 HTTP/1.1" 200 22
117.184.7.26 - - [28/Dec/2020:10:37:14 +0800] "GET /xingrg/all/function/internal_message.html?_=1609123032012&CODE_STATE=getMsg HTTP/1.1" 200 27
120.253.135.82 - - [28/Dec/2020:10:37:16 +0800] "GET /xingrg/all/function/internal_message.html?_=1609123148647&CODE_STATE=getMsg HTTP/1.1" 200 27
180.162.223.42 - - [28/Dec/2020:10:37:28 +0800] "GET /xingrg/kc/buy/cgsh_order_operate.html?command=get_materiel&rest_code=00105&code=00101008055&supplier_code=00100347&order_time=2020-12-28 HTTP/1.1" 200 409
222.69.132.69 - - [28/Dec/2020:10:37:31 +0800] "GET /xingrg/all/function/internal_message.html?_=1609123049804&CODE_STATE=getMsg HTTP/1.1" 200 27
116.232.55.77 - - [28/Dec/2020:10:37:34 +0800] "GET /xingrg/all/function/internal_message.html?_=1609123055283&CODE_STATE=getMsg HTTP/1.1" 200 27
116.232.55.77 - - [28/Dec/2020:10:37:34 +0800] "GET /xingrg/check_reg.html?_=1609123055285 HTTP/1.1" 200 22
58.221.95.50 - - [28/Dec/2020:10:37:35 +0800] "GET /xingrg/check_reg.html?_=1609123055565 HTTP/1.1" 302 -
180.156.237.57 - - [28/Dec/2020:10:37:42 +0800] "GET /xingrg/all/function/internal_message.html?_=1609123045988&CODE_STATE=getMsg HTTP/1.1" 200 27
58.35.244.144 - - [28/Dec/2020:10:37:44 +0800] "GET /xingrg/all/function/internal_message.html?_=1609123214853&CODE_STATE=getMsg HTTP/1.1" 200 27
117.184.7.26 - - [28/Dec/2020:10:37:49 +0800] "GET /favicon.ico HTTP/1.1" 404 -
116.228.172.94 - - [28/Dec/2020:10:37:51 +0800] "GET /xingrg/all/function/internal_message.html?_=1609123069267&CODE_STATE=getMsg HTTP/1.1" 200 27
116.228.172.94 - - [28/Dec/2020:10:37:51 +0800] "GET /xingrg/check_reg.html?_=1609123069462 HTTP/1.1" 200 22
117.131.5.26 - - [28/Dec/2020:10:37:52 +0800] "GET /xingrg/all/function/internal_message.html?_=1609123118522&CODE_STATE=getMsg HTTP/1.1" 200 27
172.17.0.185 - - [28/Dec/2020:10:37:54 +0800] "GET /xingrg/all/function/internal_message.html?_=1609123073298&CODE_STATE=getMsg HTTP/1.1" 200 27
172.17.200.101 - - [28/Dec/2020:10:37:56 +0800] "GET /xingrg/all/function/internal_message.html?_=1609123078308&CODE_STATE=getMsg HTTP/1.1" 200 27
180.162.223.42 - - [28/Dec/2020:10:38:00 +0800] "GET /xingrg/check_reg.html?_=1609123062795 HTTP/1.1" 200 22
180.162.223.42 - - [28/Dec/2020:10:38:00 +0800] "GET /xingrg/all/function/internal_message.html?_=1609123062861&CODE_STATE=getMsg HTTP/1.1" 200 27
180.162.223.42 - - [28/Dec/2020:10:38:01 +0800] "GET /xingrg/kc/buy/cgsh_order_operate.html?command=get_materiel&rest_code=00105&code=00101001060&supplier_code=00100347&order_time=2020-12-28 HTTP/1.1" 200 421
117.185.32.26 - - [28/Dec/2020:10:38:04 +0800] "GET /xingrg/all/function/internal_message.html?_=1609123551211&CODE_STATE=getMsg HTTP/1.1" 200 27
101.228.166.101 - - [28/Dec/2020:10:38:06 +0800] "GET /xingrg/all/function/internal_message.html?_=1609123088163&CODE_STATE=getMsg HTTP/1.1" 200 27
180.152.116.185 - - [28/Dec/2020:10:38:08 +0800] "GET /xingrg/check_reg.html?_=1609123324297 HTTP/1.1" 200 22
180.152.116.185 - - [28/Dec/2020:10:38:09 +0800] "GET /xingrg/all/function/internal_message.html?_=1609123325327&CODE_STATE=getMsg HTTP/1.1" 200 27
180.156.237.57 - - [28/Dec/2020:10:38:12 +0800] "GET /xingrg/all/function/internal_message.html?_=1609123100178&CODE_STATE=getMsg HTTP/1.1" 200 27
117.184.7.26 - - [28/Dec/2020:10:38:14 +0800] "GET /xingrg/all/function/internal_message.html?_=1609123091990&CODE_STATE=getMsg HTTP/1.1" 200 27
120.253.135.82 - - [28/Dec/2020:10:38:17 +0800] "GET /xingrg/all/function/internal_message.html?_=1609123208949&CODE_STATE=getMsg HTTP/1.1" 200 27
222.69.132.69 - - [28/Dec/2020:10:38:31 +0800] "GET /xingrg/all/function/internal_message.html?_=1609123109805&CODE_STATE=getMsg HTTP/1.1" 200 27
222.69.132.69 - - [28/Dec/2020:10:38:31 +0800] "GET /xingrg/check_reg.html?_=1609123109845 HTTP/1.1" 200 22
116.232.55.77 - - [28/Dec/2020:10:38:34 +0800] "GET /xingrg/all/function/internal_message.html?_=1609123115283&CODE_STATE=getMsg HTTP/1.1" 200 27
172.17.0.104 - - [28/Dec/2020:10:38:38 +0800] "GET /xingrg/check_reg.html?_=1609123119554 HTTP/1.1" 200 22
180.156.237.57 - - [28/Dec/2020:10:38:42 +0800] "GET /xingrg/all/function/internal_message.html?_=1609123106001&CODE_STATE=getMsg HTTP/1.1" 200 27
58.35.244.144 - - [28/Dec/2020:10:38:44 +0800] "GET /xingrg/all/function/internal_message.html?_=1609123274833&CODE_STATE=getMsg HTTP/1.1" 200 27
180.156.237.57 - - [28/Dec/2020:10:38:47 +0800] "GET /xingrg/kc/buy/cgsh_order_list.html HTTP/1.1" 200 45536
101.228.166.101 - - [28/Dec/2020:10:38:48 +0800] "POST /xingrg/services/DataTransmitService HTTP/1.1" 200 524
101.228.166.101 - - [28/Dec/2020:10:38:48 +0800] "POST /xingrg/services/DataTransmitService HTTP/1.1" 200 412
180.156.237.57 - - [28/Dec/2020:10:38:49 +0800] "POST /xingrg/kc/buy/cgsh_list_operate.html HTTP/1.1" 200 2059
116.228.172.94 - - [28/Dec/2020:10:38:51 +0800] "GET /xingrg/all/function/internal_message.html?_=1609123129242&CODE_STATE=getMsg HTTP/1.1" 200 27
117.131.5.26 - - [28/Dec/2020:10:38:52 +0800] "GET /xingrg/all/function/internal_message.html?_=1609123178498&CODE_STATE=getMsg HTTP/1.1" 200 27
180.162.223.42 - - [28/Dec/2020:10:38:54 +0800] "GET /xingrg/kc/buy/cgsh_order_operate.html?command=get_materiel&rest_code=00105&code=00101010646&supplier_code=00100347&order_time=2020-12-28 HTTP/1.1" 200 408
172.17.0.185 - - [28/Dec/2020:10:38:54 +0800] "GET /xingrg/all/function/internal_message.html?_=1609123133300&CODE_STATE=getMsg HTTP/1.1" 200 27
172.17.0.185 - - [28/Dec/2020:10:38:54 +0800] "GET /xingrg/check_reg.html?_=1609123133308 HTTP/1.1" 200 22
117.131.5.26 - - [28/Dec/2020:10:38:54 +0800] "GET /xingrg/check_reg.html?_=1609123180494 HTTP/1.1" 200 22
172.17.200.101 - - [28/Dec/2020:10:38:56 +0800] "GET /xingrg/all/function/internal_message.html?_=1609123138307&CODE_STATE=getMsg HTTP/1.1" 200 27
180.162.223.42 - - [28/Dec/2020:10:39:00 +0800] "GET /xingrg/all/function/internal_message.html?_=1609123122843&CODE_STATE=getMsg HTTP/1.1" 200 27
117.185.32.26 - - [28/Dec/2020:10:39:04 +0800] "GET /xingrg/all/function/internal_message.html?_=1609123611207&CODE_STATE=getMsg HTTP/1.1" 200 27
116.228.172.94 - - [28/Dec/2020:10:39:06 +0800] "GET /xingrg/kc/buy/cgsh_order_operate.html?command=get_materiel&rest_code=00107&code=00101020215&supplier_code=00100327&order_time=2020-12-28 HTTP/1.1" 200 391
101.228.166.101 - - [28/Dec/2020:10:39:07 +0800] "GET /xingrg/all/function/internal_message.html?_=1609123148459&CODE_STATE=getMsg HTTP/1.1" 200 27
180.152.116.185 - - [28/Dec/2020:10:39:09 +0800] "GET /xingrg/all/function/internal_message.html?_=1609123385680&CODE_STATE=getMsg HTTP/1.1" 200 27
180.156.237.57 - - [28/Dec/2020:10:39:12 +0800] "GET /xingrg/check_reg.html?_=1609123160196 HTTP/1.1" 200 22
180.156.237.57 - - [28/Dec/2020:10:39:12 +0800] "GET /xingrg/all/function/internal_message.html?_=1609123160197&CODE_STATE=getMsg HTTP/1.1" 200 27
117.184.7.26 - - [28/Dec/2020:10:39:14 +0800] "GET /xingrg/all/function/internal_message.html?_=1609123152001&CODE_STATE=getMsg HTTP/1.1" 200 27
120.253.135.82 - - [28/Dec/2020:10:39:17 +0800] "GET /xingrg/all/function/internal_message.html?_=1609123268954&CODE_STATE=getMsg HTTP/1.1" 200 27
180.162.223.42 - - [28/Dec/2020:10:39:18 +0800] "POST /xingrg/kc/buy/cgsh_order_operate.html HTTP/1.1" 200 37
116.228.172.94 - - [28/Dec/2020:10:39:19 +0800] "GET /xingrg/kc/buy/cgsh_order_operate.html?command=get_materiel&rest_code=00107&code=00101010569&supplier_code=00100327&order_time=2020-12-28 HTTP/1.1" 200 397
180.162.223.42 - - [28/Dec/2020:10:39:19 +0800] "POST /xingrg/kc/buy/cgsh_order_operate.html HTTP/1.1" 200 5628
180.152.116.185 - - [28/Dec/2020:10:39:21 +0800] "GET /xingrg/kc/base/wldb_order_list.html HTTP/1.1" 200 19339
180.152.116.185 - - [28/Dec/2020:10:39:21 +0800] "GET /xingrg/css/base.css HTTP/1.1" 304 -
180.152.116.185 - - [28/Dec/2020:10:39:21 +0800] "GET /xingrg/javascript/jquery_tools/datebox.css HTTP/1.1" 304 -
180.152.116.185 - - [28/Dec/2020:10:39:21 +0800] "GET /xingrg/css/site.css HTTP/1.1" 304 -
180.152.116.185 - - [28/Dec/2020:10:39:21 +0800] "GET /xingrg/javascript/auto/jquery.autocomplete.css HTTP/1.1" 304 -
180.152.116.185 - - [28/Dec/2020:10:39:21 +0800] "GET /xingrg/javascript/easyui/themes/icon.css HTTP/1.1" 304 -
180.152.116.185 - - [28/Dec/2020:10:39:21 +0800] "GET /xingrg/javascript/jquery_tools/fix.css HTTP/1.1" 304 -
180.152.116.185 - - [28/Dec/2020:10:39:21 +0800] "GET /xingrg/javascript/jquery_tools/table.css HTTP/1.1" 304 -
180.152.116.185 - - [28/Dec/2020:10:39:21 +0800] "GET /xingrg/javascript/jquery_tools/jquery.tools.min.js HTTP/1.1" 304 -
180.152.116.185 - - [28/Dec/2020:10:39:21 +0800] "GET /xingrg/javascript/jquery_tools/jquery.tools.extend.js HTTP/1.1" 304 -
180.152.116.185 - - [28/Dec/2020:10:39:21 +0800] "GET /xingrg/javascript/easyui/themes/default/easyui.css HTTP/1.1" 304 -
180.152.116.185 - - [28/Dec/2020:10:39:21 +0800] "GET /xingrg/javascript/jquery_tools/jquery.tools.hotkey.js HTTP/1.1" 304 -
180.152.116.185 - - [28/Dec/2020:10:39:21 +0800] "GET /xingrg/javascript/jquery_tools/jquery.tools.table.js HTTP/1.1" 304 -
180.152.116.185 - - [28/Dec/2020:10:39:21 +0800] "GET /xingrg/javascript/jquery_tools/list_manager.js HTTP/1.1" 304 -
180.152.116.185 - - [28/Dec/2020:10:39:21 +0800] "GET /xingrg/javascript/jquery.utils.js HTTP/1.1" 304 -
180.152.116.185 - - [28/Dec/2020:10:39:21 +0800] "GET /xingrg/javascript/jquery.cookie.js HTTP/1.1" 304 -
180.152.116.185 - - [28/Dec/2020:10:39:21 +0800] "GET /xingrg/javascript/easyui/easyloader.js HTTP/1.1" 304 -
180.152.116.185 - - [28/Dec/2020:10:39:21 +0800] "GET /xingrg/javascript/print/LodopFuncs.js HTTP/1.1" 304 -
180.152.116.185 - - [28/Dec/2020:10:39:21 +0800] "GET /xingrg/javascript/auto/jquery.autocomplete.js HTTP/1.1" 304 -
180.152.116.185 - - [28/Dec/2020:10:39:21 +0800] "GET /favicon.ico HTTP/1.1" 404 -
180.152.116.185 - - [28/Dec/2020:10:39:22 +0800] "GET /xingrg/javascript/easyui/plugins/jquery.parser.js HTTP/1.1" 304 -
180.152.116.185 - - [28/Dec/2020:10:39:23 +0800] "POST /xingrg/kc/base/wldb_list_operate.html HTTP/1.1" 200 928
180.162.223.42 - - [28/Dec/2020:10:39:25 +0800] "GET /xingrg/kc/print/load_data.html?order_code=212020122811328&kc_code=cgsh&condition= HTTP/1.1" 200 1793
117.184.7.26 - - [28/Dec/2020:10:39:28 +0800] "POST /xingrg/kc/buy/cgsh_order_operate.html HTTP/1.1" 200 37
117.184.7.26 - - [28/Dec/2020:10:39:29 +0800] "POST /xingrg/kc/buy/cgsh_order_operate.html HTTP/1.1" 200 23920
