58.37.230.33 - - [28/Dec/2020:11:18:55 +0800] "GET /xingrg/kc/buy/cgsh_order_operate.html?command=get_materiel&rest_code=00141&code=00101008214&supplier_code=00100323&order_time=2020-12-28 HTTP/1.1" 200 409
222.69.132.69 - - [28/Dec/2020:11:18:56 +0800] "GET /xingrg/kc/buy/cgsh_order_operate.html?command=get_materiel&rest_code=00149&code=00101019150&supplier_code=00100337&order_time=2020-12-28 HTTP/1.1" 200 453
172.17.200.101 - - [28/Dec/2020:11:18:56 +0800] "GET /xingrg/all/function/internal_message.html?_=1609125538393&CODE_STATE=getMsg HTTP/1.1" 200 27
180.156.237.57 - - [28/Dec/2020:11:18:58 +0800] "GET /xingrg/kc/buy/cgsh_order_operate.html?command=get_materiel_price&rest_code=00150&code=00101002014&unit_code=00100011&supplier_code=00100323&order_time=2020-12-28 HTTP/1.1" 200 29
58.37.230.33 - - [28/Dec/2020:11:18:58 +0800] "GET /xingrg/all/function/internal_message.html?_=1609125102792&CODE_STATE=getMsg HTTP/1.1" 200 27
172.17.0.100 - - [28/Dec/2020:11:18:59 +0800] "GET /xingrg/all/function/internal_message.html?_=1609125616033&CODE_STATE=getMsg HTTP/1.1" 200 27
180.162.223.42 - - [28/Dec/2020:11:19:00 +0800] "GET /xingrg/all/function/internal_message.html?_=1609125522281&CODE_STATE=getMsg HTTP/1.1" 200 27
117.185.32.26 - - [28/Dec/2020:11:19:04 +0800] "GET /xingrg/all/function/internal_message.html?_=1609126011372&CODE_STATE=getMsg HTTP/1.1" 200 27
180.157.253.48 - - [28/Dec/2020:11:19:06 +0800] "GET /xingrg/kc/base/wldb_order_operate.html?command=get_materiel&rest_code=00148&base_code=0010001&code=00101019133 HTTP/1.1" 200 464
222.69.132.69 - - [28/Dec/2020:11:19:09 +0800] "POST /xingrg/kc/buy/cgsh_order_operate.html HTTP/1.1" 200 37
180.157.253.48 - - [28/Dec/2020:11:19:09 +0800] "GET /xingrg/kc/base/wldb_order_operate.html?command=get_materiel&rest_code=00148&base_code=0010001&code=00101019391 HTTP/1.1" 200 471
180.156.237.57 - - [28/Dec/2020:11:19:10 +0800] "GET /xingrg/kc/buy/cgsh_order_operate.html?command=get_materiel&rest_code=00150&code=00101002013&supplier_code=00100323&order_time=2020-12-28 HTTP/1.1" 200 414
101.228.166.101 - - [28/Dec/2020:11:19:11 +0800] "GET /xingrg/all/function/internal_message.html?_=1609125552731&CODE_STATE=getMsg HTTP/1.1" 200 27
222.69.132.69 - - [28/Dec/2020:11:19:11 +0800] "POST /xingrg/kc/buy/cgsh_order_operate.html HTTP/1.1" 200 12
58.37.230.33 - - [28/Dec/2020:11:19:11 +0800] "GET /xingrg/kc/buy/cgsh_order_operate.html?command=get_materiel&rest_code=00141&code=00101010241&supplier_code=00100323&order_time=2020-12-28 HTTP/1.1" 200 409
222.69.132.69 - - [28/Dec/2020:11:19:13 +0800] "GET /xingrg/kc/buy/cgsh_order_info.html?code=212020122811431 HTTP/1.1" 200 56225
222.69.132.69 - - [28/Dec/2020:11:19:13 +0800] "GET /xingrg/javascript/easyui/themes/default/validatebox.css HTTP/1.1" 404 1104
222.69.132.69 - - [28/Dec/2020:11:19:14 +0800] "POST /xingrg/kc/buy/cgsh_order_operate.html HTTP/1.1" 200 623
114.84.4.90 - - [28/Dec/2020:11:19:14 +0800] "POST /xingrg/services/DataTransmitService HTTP/1.1" 401 565
114.84.4.90 - - [28/Dec/2020:11:19:14 +0800] "POST /xingrg/services/DataTransmitService HTTP/1.1" 200 478
114.84.4.90 - - [28/Dec/2020:11:19:14 +0800] "POST /xingrg/services/DataTransmitService HTTP/1.1" 200 1320
114.84.4.90 - - [28/Dec/2020:11:19:14 +0800] "POST /xingrg/services/DataTransmitService HTTP/1.1" 200 478
114.84.4.90 - - [28/Dec/2020:11:19:14 +0800] "POST /xingrg/services/DataTransmitService HTTP/1.1" 200 1320
114.84.4.90 - - [28/Dec/2020:11:19:14 +0800] "POST /xingrg/services/DataTransmitService HTTP/1.1" 200 524
180.156.237.57 - - [28/Dec/2020:11:19:14 +0800] "GET /xingrg/check_reg.html?_=1609125562458 HTTP/1.1" 200 22
180.156.237.57 - - [28/Dec/2020:11:19:14 +0800] "GET /xingrg/all/function/internal_message.html?_=1609125562460&CODE_STATE=getMsg HTTP/1.1" 200 27
101.85.93.83 - - [28/Dec/2020:11:19:14 +0800] "GET /xingrg/all/function/internal_message.html?_=1609125240861&CODE_STATE=getMsg HTTP/1.1" 200 27
114.84.4.90 - - [28/Dec/2020:11:19:15 +0800] "POST /xingrg/services/DataTransmitService HTTP/1.1" 200 2287
114.84.4.90 - - [28/Dec/2020:11:19:15 +0800] "POST /xingrg/services/DataTransmitService HTTP/1.1" 200 178744
222.69.132.69 - - [28/Dec/2020:11:19:16 +0800] "GET /xingrg/kc/print/load_data.html?order_code=212020122811431&kc_code=cgsh&condition= HTTP/1.1" 200 727
180.157.253.48 - - [28/Dec/2020:11:19:17 +0800] "GET /xingrg/all/function/internal_message.html?_=1609125557193&CODE_STATE=getMsg HTTP/1.1" 200 27
116.232.55.77 - - [28/Dec/2020:11:19:19 +0800] "GET /xingrg/all/function/internal_message.html?_=1609125560534&CODE_STATE=getMsg HTTP/1.1" 200 27
120.253.135.82 - - [28/Dec/2020:11:19:20 +0800] "GET /xingrg/all/function/internal_message.html?_=1609125671886&CODE_STATE=getMsg HTTP/1.1" 200 27
61.129.6.174 - - [28/Dec/2020:11:19:22 +0800] "GET /xingrg/check_reg.html?_=1609124966548 HTTP/1.1" 302 -
58.37.230.33 - - [28/Dec/2020:11:19:25 +0800] "GET /xingrg/check_reg.html?_=1609125566563 HTTP/1.1" 200 22
58.37.230.33 - - [28/Dec/2020:11:19:25 +0800] "GET /xingrg/all/function/internal_message.html?_=1609125566564&CODE_STATE=getMsg HTTP/1.1" 200 27
222.69.132.69 - - [28/Dec/2020:11:19:26 +0800] "GET /xingrg/kc/buy/cgsh_order_add.html HTTP/1.1" 200 61320
222.69.132.69 - - [28/Dec/2020:11:19:26 +0800] "POST /xingrg/kc/buy/cgsh_order_operate.html HTTP/1.1" 200 8245
222.69.132.69 - - [28/Dec/2020:11:19:26 +0800] "GET /xingrg/javascript/easyui/themes/default/validatebox.css HTTP/1.1" 404 1104
58.37.230.33 - - [28/Dec/2020:11:19:26 +0800] "GET /xingrg/kc/buy/cgsh_order_operate.html?command=get_materiel&rest_code=00141&code=00101007037&supplier_code=00100323&order_time=2020-12-28 HTTP/1.1" 200 413
61.129.6.174 - - [28/Dec/2020:11:19:26 +0800] "GET /xingrg/login.html HTTP/1.1" 200 7641
222.69.132.69 - - [28/Dec/2020:11:19:31 +0800] "GET /xingrg/all/function/internal_message.html?_=1609125570182&CODE_STATE=getMsg HTTP/1.1" 200 27
101.85.52.2 - - [28/Dec/2020:11:19:31 +0800] "GET /xingrg/kc/buy/cgsh_order_add.html HTTP/1.1" 200 60386
101.85.52.2 - - [28/Dec/2020:11:19:31 +0800] "POST /xingrg/kc/buy/cgsh_order_operate.html HTTP/1.1" 200 8245
101.85.52.2 - - [28/Dec/2020:11:19:32 +0800] "GET /xingrg/javascript/easyui/themes/default/validatebox.css HTTP/1.1" 404 1104
222.69.132.69 - - [28/Dec/2020:11:19:34 +0800] "GET /xingrg/kc/buy/cgsh_order_operate.html?command=get_materiel&rest_code=00149&code=00101001096&supplier_code=00100312&order_time=2020-12-28 HTTP/1.1" 200 428
117.185.32.26 - - [28/Dec/2020:11:19:35 +0800] "POST /xingrg/kc/buy/cgsh_order_operate.html HTTP/1.1" 200 37
58.37.230.33 - - [28/Dec/2020:11:19:35 +0800] "GET /xingrg/kc/buy/cgsh_order_operate.html?command=get_materiel&rest_code=00141&code=00101010214&supplier_code=00100323&order_time=2020-12-28 HTTP/1.1" 200 414
117.185.32.26 - - [28/Dec/2020:11:19:36 +0800] "POST /xingrg/kc/buy/cgsh_order_operate.html HTTP/1.1" 200 5628
101.85.52.2 - - [28/Dec/2020:11:19:36 +0800] "GET /xingrg/all/function/internal_message.html?_=1609125574659&CODE_STATE=getMsg HTTP/1.1" 200 27
101.228.166.101 - - [28/Dec/2020:11:19:37 +0800] "GET /xingrg/kc/buy/cgsh_order_list.html HTTP/1.1" 200 45536
101.228.166.101 - - [28/Dec/2020:11:19:38 +0800] "POST /xingrg/kc/buy/cgsh_list_operate.html HTTP/1.1" 200 4217
101.228.166.101 - - [28/Dec/2020:11:19:40 +0800] "GET /xingrg/kc/buy/cgsh_order_add.html HTTP/1.1" 200 61273
101.228.166.101 - - [28/Dec/2020:11:19:40 +0800] "POST /xingrg/kc/buy/cgsh_order_operate.html HTTP/1.1" 200 8245
101.228.166.101 - - [28/Dec/2020:11:19:40 +0800] "GET /xingrg/javascript/easyui/themes/default/validatebox.css HTTP/1.1" 404 1104
101.85.52.2 - - [28/Dec/2020:11:19:41 +0800] "GET /xingrg/kc/buy/cgsh_order_operate.html?command=get_materiel&rest_code=00145&code=00101001111&supplier_code=00100185&order_time=2020-12-28 HTTP/1.1" 200 408
101.89.239.232 - - [28/Dec/2020:11:19:41 +0800] "GET /xingrg/all/function/internal_message.html?_=1609124966550&CODE_STATE=getMsg HTTP/1.1" 302 -
180.162.223.42 - - [28/Dec/2020:11:19:43 +0800] "GET /xingrg/kc/buy/cgsh_order_operate.html?command=get_materiel&rest_code=00105&code=00101008256&supplier_code=00100203&order_time=2020-12-28 HTTP/1.1" 200 412
180.156.237.57 - - [28/Dec/2020:11:19:43 +0800] "GET /xingrg/all/function/internal_message.html?_=1609125566791&CODE_STATE=getMsg HTTP/1.1" 200 27
117.185.32.26 - - [28/Dec/2020:11:19:43 +0800] "GET /xingrg/kc/buy/buy_main.html HTTP/1.1" 200 12412
117.185.32.26 - - [28/Dec/2020:11:19:43 +0800] "GET /xingrg/css/new_ie.css HTTP/1.1" 404 1036
58.35.244.144 - - [28/Dec/2020:11:19:44 +0800] "GET /xingrg/all/function/internal_message.html?_=1609125733915&CODE_STATE=getMsg HTTP/1.1" 200 27
114.84.4.90 - - [28/Dec/2020:11:19:46 +0800] "GET /xingrg/all/function/internal_message.html?_=1609125586159&CODE_STATE=getMsg HTTP/1.1" 200 27
114.84.4.90 - - [28/Dec/2020:11:19:46 +0800] "GET /xingrg/check_reg.html?_=1609125586165 HTTP/1.1" 200 22
101.89.239.232 - - [28/Dec/2020:11:19:46 +0800] "GET /xingrg/login.html HTTP/1.1" 200 7641
114.84.4.90 - - [28/Dec/2020:11:19:46 +0800] "POST /xingrg/dwr/call/plaincall/AjaxReportQueryService.refreshCache.dwr HTTP/1.1" 200 79
114.84.4.90 - - [28/Dec/2020:11:19:47 +0800] "POST /xingrg/all/report/load_report_page.html HTTP/1.1" 200 29412
114.84.4.90 - - [28/Dec/2020:11:19:47 +0800] "GET /xingrg/servlets/image?cache=0.7241524942558026&image=px HTTP/1.1" 200 807
180.157.253.48 - - [28/Dec/2020:11:19:48 +0800] "GET /xingrg/kc/base/wldb_order_operate.html?command=get_materiel&rest_code=00148&base_code=0010001&code=00101019185 HTTP/1.1" 200 454
101.85.52.2 - - [28/Dec/2020:11:19:48 +0800] "GET /xingrg/kc/buy/cgsh_order_operate.html?command=get_materiel&rest_code=00145&code=00101010161&supplier_code=00100185&order_time=2020-12-28 HTTP/1.1" 200 427
116.228.172.94 - - [28/Dec/2020:11:19:50 +0800] "GET /xingrg/all/function/internal_message.html?_=1609125588767&CODE_STATE=getMsg HTTP/1.1" 200 27
117.131.5.26 - - [28/Dec/2020:11:19:51 +0800] "GET /xingrg/all/function/internal_message.html?_=1609125637548&CODE_STATE=getMsg HTTP/1.1" 200 27
222.69.132.69 - - [28/Dec/2020:11:19:52 +0800] "GET /xingrg/kc/buy/cgsh_order_operate.html?command=get_materiel&rest_code=00149&code=00101005028&supplier_code=00100312&order_time=2020-12-28 HTTP/1.1" 200 411
101.85.52.2 - - [28/Dec/2020:11:19:53 +0800] "POST /xingrg/kc/buy/cgsh_order_operate.html HTTP/1.1" 200 37
58.37.230.33 - - [28/Dec/2020:11:19:53 +0800] "GET /xingrg/kc/buy/cgsh_order_add.html HTTP/1.1" 200 61273
58.37.230.33 - - [28/Dec/2020:11:19:54 +0800] "GET /xingrg/javascript/easyui/themes/default/validatebox.css HTTP/1.1" 404 1104
58.37.230.33 - - [28/Dec/2020:11:19:54 +0800] "POST /xingrg/kc/buy/cgsh_order_operate.html HTTP/1.1" 200 8245
101.85.52.2 - - [28/Dec/2020:11:19:54 +0800] "POST /xingrg/kc/buy/cgsh_order_operate.html HTTP/1.1" 200 3239
172.17.0.185 - - [28/Dec/2020:11:19:54 +0800] "GET /xingrg/all/function/internal_message.html?_=1609125593306&CODE_STATE=getMsg HTTP/1.1" 200 27
101.85.52.2 - - [28/Dec/2020:11:19:55 +0800] "GET /xingrg/kc/print/load_data.html?order_code=212020122811432&kc_code=cgsh&condition= HTTP/1.1" 200 907
172.17.200.101 - - [28/Dec/2020:11:19:56 +0800] "GET /xingrg/all/function/internal_message.html?_=1609125598391&CODE_STATE=getMsg HTTP/1.1" 200 27
172.17.200.101 - - [28/Dec/2020:11:19:56 +0800] "GET /xingrg/check_reg.html?_=1609125598395 HTTP/1.1" 200 22
180.157.253.48 - - [28/Dec/2020:11:19:56 +0800] "GET /xingrg/kc/base/wldb_order_operate.html?command=get_materiel&rest_code=00148&base_code=0010001&code=00101019222 HTTP/1.1" 200 454
101.89.239.216 - - [28/Dec/2020:11:19:57 +0800] "GET /xingrg/all/function/internal_message.html?_=1609125026546&CODE_STATE=getMsg HTTP/1.1" 302 -
58.37.230.33 - - [28/Dec/2020:11:19:58 +0800] "GET /xingrg/all/function/internal_message.html?_=1609125162763&CODE_STATE=getMsg HTTP/1.1" 200 27
172.17.0.100 - - [28/Dec/2020:11:19:59 +0800] "GET /xingrg/all/function/internal_message.html?_=1609125676026&CODE_STATE=getMsg HTTP/1.1" 200 27
180.162.223.42 - - [28/Dec/2020:11:20:00 +0800] "GET /xingrg/all/function/internal_message.html?_=1609125582257&CODE_STATE=getMsg HTTP/1.1" 200 27
101.89.239.216 - - [28/Dec/2020:11:20:00 +0800] "GET /xingrg/login.html HTTP/1.1" 200 7641
58.37.230.33 - - [28/Dec/2020:11:20:01 +0800] "GET /xingrg/kc/buy/cgsh_order_operate.html?command=get_materiel&rest_code=00141&code=00101007061&supplier_code=00100004&order_time=2020-12-28 HTTP/1.1" 200 409
180.157.253.48 - - [28/Dec/2020:11:20:03 +0800] "GET /xingrg/kc/base/wldb_order_operate.html?command=get_materiel&rest_code=00148&base_code=0010001&code=00101019496 HTTP/1.1" 200 471
222.69.132.69 - - [28/Dec/2020:11:20:03 +0800] "GET /xingrg/kc/buy/cgsh_order_operate.html?command=get_materiel&rest_code=00149&code=00101004023&supplier_code=00100312&order_time=2020-12-28 HTTP/1.1" 200 409
180.162.223.42 - - [28/Dec/2020:11:20:03 +0800] "GET /xingrg/kc/buy/cgsh_order_operate.html?command=get_materiel&rest_code=00105&code=00101008044&supplier_code=00100203&order_time=2020-12-28 HTTP/1.1" 200 408
101.85.52.2 - - [28/Dec/2020:11:20:04 +0800] "GET /xingrg/kc/buy/cgsh_order_add.html HTTP/1.1" 200 60386
101.85.52.2 - - [28/Dec/2020:11:20:04 +0800] "POST /xingrg/kc/buy/cgsh_order_operate.html HTTP/1.1" 200 8245
101.85.52.2 - - [28/Dec/2020:11:20:04 +0800] "GET /xingrg/javascript/easyui/themes/default/validatebox.css HTTP/1.1" 404 1104
117.185.32.26 - - [28/Dec/2020:11:20:04 +0800] "GET /xingrg/all/function/internal_message.html?_=1609126071388&CODE_STATE=getMsg HTTP/1.1" 200 27
101.228.166.101 - - [28/Dec/2020:11:20:06 +0800] "GET /xingrg/kc/buy/cgsh_order_operate.html?command=get_materiel&rest_code=00146&code=00101018011&supplier_code=00100330&order_time=2020-12-28 HTTP/1.1" 200 413
58.37.230.33 - - [28/Dec/2020:11:20:09 +0800] "GET /xingrg/kc/buy/cgsh_order_operate.html?command=get_materiel&rest_code=00141&code=00101007122&supplier_code=00100323&order_time=2020-12-28 HTTP/1.1" 200 437
180.157.253.48 - - [28/Dec/2020:11:20:10 +0800] "GET /xingrg/kc/base/wldb_order_operate.html?command=get_materiel&rest_code=00148&base_code=0010001&code=00101019400 HTTP/1.1" 200 451
101.228.166.101 - - [28/Dec/2020:11:20:11 +0800] "GET /xingrg/all/function/internal_message.html?_=1609125612744&CODE_STATE=getMsg HTTP/1.1" 200 27
222.69.132.69 - - [28/Dec/2020:11:20:11 +0800] "POST /xingrg/kc/buy/cgsh_order_operate.html HTTP/1.1" 200 37
180.156.237.57 - - [28/Dec/2020:11:20:14 +0800] "GET /xingrg/all/function/internal_message.html?_=1609125622460&CODE_STATE=getMsg HTTP/1.1" 200 27
101.85.93.83 - - [28/Dec/2020:11:20:14 +0800] "GET /xingrg/all/function/internal_message.html?_=1609125300858&CODE_STATE=getMsg HTTP/1.1" 200 27
180.157.253.48 - - [28/Dec/2020:11:20:16 +0800] "GET /xingrg/check_reg.html?_=1609125616120 HTTP/1.1" 200 22
222.69.132.69 - - [28/Dec/2020:11:20:16 +0800] "POST /xingrg/kc/buy/cgsh_order_operate.html HTTP/1.1" 200 12
180.157.253.48 - - [28/Dec/2020:11:20:16 +0800] "GET /xingrg/kc/base/wldb_order_operate.html?command=get_materiel&rest_code=00148&base_code=0010001&code=00101019183 HTTP/1.1" 200 432
58.37.230.33 - - [28/Dec/2020:11:20:17 +0800] "GET /xingrg/kc/buy/cgsh_order_operate.html?command=get_materiel&rest_code=00141&code=00101007083&supplier_code=00100004&order_time=2020-12-28 HTTP/1.1" 200 421
222.69.132.69 - - [28/Dec/2020:11:20:17 +0800] "GET /xingrg/kc/buy/cgsh_order_info.html?code=212020122811433 HTTP/1.1" 200 56227
180.157.253.48 - - [28/Dec/2020:11:20:17 +0800] "GET /xingrg/all/function/internal_message.html?_=1609125617192&CODE_STATE=getMsg HTTP/1.1" 200 27
222.69.132.69 - - [28/Dec/2020:11:20:17 +0800] "GET /xingrg/javascript/easyui/themes/default/validatebox.css HTTP/1.1" 404 1104
222.69.132.69 - - [28/Dec/2020:11:20:18 +0800] "POST /xingrg/kc/buy/cgsh_order_operate.html HTTP/1.1" 200 1787
120.253.135.82 - - [28/Dec/2020:11:20:18 +0800] "GET /xingrg/check_reg.html?_=1609125730234 HTTP/1.1" 200 22
116.232.55.77 - - [28/Dec/2020:11:20:19 +0800] "GET /xingrg/all/function/internal_message.html?_=1609125620537&CODE_STATE=getMsg HTTP/1.1" 200 27
116.232.55.77 - - [28/Dec/2020:11:20:19 +0800] "GET /xingrg/check_reg.html?_=1609125620537 HTTP/1.1" 200 22
120.253.135.82 - - [28/Dec/2020:11:20:20 +0800] "GET /xingrg/all/function/internal_message.html?_=1609125731899&CODE_STATE=getMsg HTTP/1.1" 200 27
101.228.166.101 - - [28/Dec/2020:11:20:21 +0800] "POST /xingrg/kc/buy/cgsh_order_operate.html HTTP/1.1" 200 37
222.69.132.69 - - [28/Dec/2020:11:20:21 +0800] "GET /xingrg/kc/print/load_data.html?order_code=212020122811433&kc_code=cgsh&condition= HTTP/1.1" 200 1158
101.228.166.101 - - [28/Dec/2020:11:20:22 +0800] "POST /xingrg/kc/buy/cgsh_order_operate.html HTTP/1.1" 200 2658
58.37.230.33 - - [28/Dec/2020:11:20:25 +0800] "GET /xingrg/all/function/internal_message.html?_=1609125626583&CODE_STATE=getMsg HTTP/1.1" 200 27
101.228.166.101 - - [28/Dec/2020:11:20:25 +0800] "GET /xingrg/kc/print/load_data.html?order_code=212020122811434&kc_code=cgsh&condition= HTTP/1.1" 200 680
222.69.132.69 - - [28/Dec/2020:11:20:28 +0800] "GET /xingrg/kc/buy/cgsh_order_add.html HTTP/1.1" 200 61320
222.69.132.69 - - [28/Dec/2020:11:20:28 +0800] "POST /xingrg/kc/buy/cgsh_order_operate.html HTTP/1.1" 200 8245
222.69.132.69 - - [28/Dec/2020:11:20:28 +0800] "GET /xingrg/javascript/easyui/themes/default/validatebox.css HTTP/1.1" 404 1104
58.37.230.33 - - [28/Dec/2020:11:20:30 +0800] "GET /xingrg/kc/buy/cgsh_order_operate.html?command=get_materiel&rest_code=00141&code=00101007049&supplier_code=00100004&order_time=2020-12-28 HTTP/1.1" 200 409
222.69.132.69 - - [28/Dec/2020:11:20:31 +0800] "GET /xingrg/all/function/internal_message.html?_=1609125630163&CODE_STATE=getMsg HTTP/1.1" 200 27
101.85.52.2 - - [28/Dec/2020:11:20:36 +0800] "GET /xingrg/all/function/internal_message.html?_=1609125634640&CODE_STATE=getMsg HTTP/1.1" 200 27
58.37.230.33 - - [28/Dec/2020:11:20:40 +0800] "GET /xingrg/kc/buy/cgsh_order_operate.html?command=get_materiel&rest_code=00141&code=00101007038&supplier_code=00100004&order_time=2020-12-28 HTTP/1.1" 200 442
180.156.237.57 - - [28/Dec/2020:11:20:43 +0800] "GET /xingrg/all/function/internal_message.html?_=1609125626805&CODE_STATE=getMsg HTTP/1.1" 200 27
222.69.132.69 - - [28/Dec/2020:11:20:43 +0800] "GET /xingrg/kc/buy/cgsh_order_operate.html?command=get_materiel&rest_code=00149&code=00101007105&supplier_code=00100323&order_time=2020-12-28 HTTP/1.1" 200 412
101.228.166.101 - - [28/Dec/2020:11:20:43 +0800] "GET /xingrg/kc/buy/cgsh_order_add.html HTTP/1.1" 200 61273
58.35.244.144 - - [28/Dec/2020:11:20:43 +0800] "GET /xingrg/all/function/internal_message.html?_=1609125793888&CODE_STATE=getMsg HTTP/1.1" 200 27
58.35.244.144 - - [28/Dec/2020:11:20:44 +0800] "GET /xingrg/check_reg.html?_=1609125794847 HTTP/1.1" 200 22
101.228.166.101 - - [28/Dec/2020:11:20:45 +0800] "POST /xingrg/kc/buy/cgsh_order_operate.html HTTP/1.1" 200 8245
101.228.166.101 - - [28/Dec/2020:11:20:45 +0800] "GET /xingrg/javascript/easyui/themes/default/validatebox.css HTTP/1.1" 404 1104
114.84.4.90 - - [28/Dec/2020:11:20:46 +0800] "GET /xingrg/all/function/internal_message.html?_=1609125646155&CODE_STATE=getMsg HTTP/1.1" 200 27
180.157.253.48 - - [28/Dec/2020:11:20:49 +0800] "GET /xingrg/kc/base/wldb_order_operate.html?command=get_materiel&rest_code=00148&base_code=0010001&code=00101016044 HTTP/1.1" 200 464
58.37.230.33 - - [28/Dec/2020:11:20:49 +0800] "GET /xingrg/kc/buy/cgsh_order_operate.html?command=get_materiel&rest_code=00141&code=00101007063&supplier_code=00100004&order_time=2020-12-28 HTTP/1.1" 200 409
116.228.172.94 - - [28/Dec/2020:11:20:50 +0800] "GET /xingrg/all/function/internal_message.html?_=1609125648737&CODE_STATE=getMsg HTTP/1.1" 200 27
58.37.230.33 - - [28/Dec/2020:11:20:50 +0800] "GET /xingrg/kc/buy/cgsh_order_operate.html?command=get_materiel&rest_code=00141&code=00101013176&supplier_code=00100323&order_time=2020-12-28 HTTP/1.1" 200 420
101.85.52.2 - - [28/Dec/2020:11:20:50 +0800] "GET /xingrg/kc/buy/cgsh_order_operate.html?command=get_materiel&rest_code=00145&code=00101008024&supplier_code=00100007&order_time=2020-12-28 HTTP/1.1" 200 408
117.131.5.26 - - [28/Dec/2020:11:20:51 +0800] "GET /xingrg/all/function/internal_message.html?_=1609125697521&CODE_STATE=getMsg HTTP/1.1" 200 27
117.131.5.26 - - [28/Dec/2020:11:20:53 +0800] "GET /xingrg/check_reg.html?_=1609125988961 HTTP/1.1" 302 -
117.131.5.26 - - [28/Dec/2020:11:20:53 +0800] "GET /xingrg/login.html HTTP/1.1" 200 7641
172.17.0.185 - - [28/Dec/2020:11:20:54 +0800] "GET /xingrg/all/function/internal_message.html?_=1609125653308&CODE_STATE=getMsg HTTP/1.1" 200 27
172.17.200.101 - - [28/Dec/2020:11:20:56 +0800] "GET /xingrg/all/function/internal_message.html?_=1609125658399&CODE_STATE=getMsg HTTP/1.1" 200 27
180.162.223.42 - - [28/Dec/2020:11:20:57 +0800] "GET /xingrg/kc/buy/cgsh_order_operate.html?command=get_materiel&rest_code=00105&code=00101008257&supplier_code=00100203&order_time=2020-12-28 HTTP/1.1" 200 416
58.37.230.33 - - [28/Dec/2020:11:20:57 +0800] "GET /xingrg/kc/buy/cgsh_order_operate.html?command=get_materiel&rest_code=00141&code=00101001109&supplier_code=00100323&order_time=2020-12-28 HTTP/1.1" 200 413
101.85.93.83 - - [28/Dec/2020:11:20:58 +0800] "GET /xingrg/javascript/jquery_easy_ui/themes/default/images/tabs_close.gif HTTP/1.1" 200 829
101.85.93.83 - - [28/Dec/2020:11:20:58 +0800] "GET /xingrg/css/base.css HTTP/1.1" 200 2811
101.85.93.83 - - [28/Dec/2020:11:20:58 +0800] "GET /xingrg/javascript/easyui/themes/icon.css HTTP/1.1" 200 4483
101.85.93.83 - - [28/Dec/2020:11:20:58 +0800] "GET /xingrg/javascript/jquery_tools/datebox.css HTTP/1.1" 200 2597
101.85.93.83 - - [28/Dec/2020:11:20:58 +0800] "GET /xingrg/javascript/jquery_tools/table.css HTTP/1.1" 200 1032
101.85.93.83 - - [28/Dec/2020:11:20:58 +0800] "GET /xingrg/javascript/auto/jquery.autocomplete.css HTTP/1.1" 200 587
101.85.93.83 - - [28/Dec/2020:11:20:58 +0800] "GET /xingrg/javascript/jquery_tools/fix.css HTTP/1.1" 200 1702
101.85.93.83 - - [28/Dec/2020:11:20:58 +0800] "GET /xingrg/css/site.css HTTP/1.1" 200 7541
101.85.93.83 - - [28/Dec/2020:11:20:58 +0800] "GET /xingrg/javascript/jquery_tools/jquery.tools.min.js HTTP/1.1" 200 138801
101.85.93.83 - - [28/Dec/2020:11:20:58 +0800] "GET /xingrg/javascript/jquery_tools/jquery.tools.table.js HTTP/1.1" 200 6994
101.85.93.83 - - [28/Dec/2020:11:20:58 +0800] "GET /xingrg/javascript/jquery_tools/jquery.tools.hotkey.js HTTP/1.1" 200 3242
101.85.93.83 - - [28/Dec/2020:11:20:58 +0800] "GET /xingrg/javascript/jquery_tools/jquery.tools.extend.js HTTP/1.1" 200 15385
101.85.93.83 - - [28/Dec/2020:11:20:58 +0800] "GET /xingrg/javascript/print/LodopFuncs.js HTTP/1.1" 200 5121
101.85.93.83 - - [28/Dec/2020:11:20:58 +0800] "GET /xingrg/javascript/jquery.cookie.js HTTP/1.1" 200 5513
101.85.93.83 - - [28/Dec/2020:11:20:58 +0800] "GET /xingrg/javascript/jquery_tools/list_manager.js HTTP/1.1" 200 3652
101.85.93.83 - - [28/Dec/2020:11:20:58 +0800] "GET /xingrg/javascript/easyui/easyloader.js HTTP/1.1" 200 5975
101.85.93.83 - - [28/Dec/2020:11:20:58 +0800] "GET /xingrg/kc/buy/cgsh_order_list.html HTTP/1.1" 200 45536
101.85.93.83 - - [28/Dec/2020:11:20:58 +0800] "GET /xingrg/javascript/easyui/themes/default/easyui.css HTTP/1.1" 200 30432
101.85.93.83 - - [28/Dec/2020:11:20:58 +0800] "GET /xingrg/javascript/auto/jquery.autocomplete.js HTTP/1.1" 200 21624
101.85.52.2 - - [28/Dec/2020:11:20:58 +0800] "GET /xingrg/kc/buy/cgsh_order_operate.html?command=get_materiel&rest_code=00145&code=00101008355&supplier_code=00100007&order_time=2020-12-28 HTTP/1.1" 200 408
58.37.230.33 - - [28/Dec/2020:11:20:58 +0800] "GET /xingrg/all/function/internal_message.html?_=1609125222733&CODE_STATE=getMsg HTTP/1.1" 200 27
101.85.93.83 - - [28/Dec/2020:11:20:58 +0800] "GET /xingrg/javascript/easyui/plugins/jquery.parser.js HTTP/1.1" 200 1142
101.85.93.83 - - [28/Dec/2020:11:20:58 +0800] "GET /xingrg/images/control/ajaxLoader.gif HTTP/1.1" 200 4659
101.85.93.83 - - [28/Dec/2020:11:20:58 +0800] "GET /xingrg/javascript/easyui/themes/icons/edit_add_new.png HTTP/1.1" 200 2997
101.85.93.83 - - [28/Dec/2020:11:20:58 +0800] "GET /xingrg/javascript/easyui/themes/icons/cance_new.png HTTP/1.1" 200 3986
101.85.93.83 - - [28/Dec/2020:11:20:58 +0800] "GET /xingrg/javascript/easyui/themes/icons/check_new.png HTTP/1.1" 200 3224
101.85.93.83 - - [28/Dec/2020:11:20:58 +0800] "GET /xingrg/javascript/easyui/themes/icons/import_new.png HTTP/1.1" 200 1247
101.85.93.83 - - [28/Dec/2020:11:20:58 +0800] "GET /xingrg/javascript/easyui/themes/icons/field_new.png HTTP/1.1" 200 1097
58.37.230.33 - - [28/Dec/2020:11:20:58 +0800] "GET /xingrg/check_reg.html?_=1609125222979 HTTP/1.1" 200 22
101.85.93.83 - - [28/Dec/2020:11:20:59 +0800] "POST /xingrg/kc/buy/cgsh_list_operate.html HTTP/1.1" 200 876
172.17.0.100 - - [28/Dec/2020:11:20:59 +0800] "GET /xingrg/all/function/internal_message.html?_=1609125736027&CODE_STATE=getMsg HTTP/1.1" 200 27
172.17.0.100 - - [28/Dec/2020:11:20:59 +0800] "GET /xingrg/check_reg.html?_=1609125736017 HTTP/1.1" 200 22
101.85.93.83 - - [28/Dec/2020:11:20:59 +0800] "GET /xingrg/javascript/easyui/themes/default/images/button_plain_hover.png HTTP/1.1" 200 144
180.162.223.42 - - [28/Dec/2020:11:21:00 +0800] "GET /xingrg/all/function/internal_message.html?_=1609125642225&CODE_STATE=getMsg HTTP/1.1" 200 27
58.37.230.33 - - [28/Dec/2020:11:21:00 +0800] "GET /xingrg/kc/buy/cgsh_order_operate.html?command=get_materiel&rest_code=00141&code=00101007071&supplier_code=00100004&order_time=2020-12-28 HTTP/1.1" 200 417
101.85.93.83 - - [28/Dec/2020:11:21:00 +0800] "GET /xingrg/javascript/pic_change.js HTTP/1.1" 200 4739
101.85.93.83 - - [28/Dec/2020:11:21:00 +0800] "GET /xingrg/javascript/convert.js HTTP/1.1" 200 1239
101.85.93.83 - - [28/Dec/2020:11:21:00 +0800] "GET /xingrg/javascript/json2.js HTTP/1.1" 200 11259
101.85.93.83 - - [28/Dec/2020:11:21:00 +0800] "GET /xingrg/javascript/jquery_tools/order_manager.js HTTP/1.1" 200 11183
101.85.93.83 - - [28/Dec/2020:11:21:00 +0800] "GET /xingrg/javascript/print/kc_print.js HTTP/1.1" 200 11415
101.85.93.83 - - [28/Dec/2020:11:21:00 +0800] "GET /xingrg/kc/buy/cgsh_order_add.html HTTP/1.1" 200 60386
101.85.93.83 - - [28/Dec/2020:11:21:00 +0800] "GET /xingrg/words/20201227153045_words.js HTTP/1.1" 200 782455
101.85.93.83 - - [28/Dec/2020:11:21:00 +0800] "GET /xingrg/javascript/easyui/themes/icons/copy_new.png HTTP/1.1" 200 815
101.85.93.83 - - [28/Dec/2020:11:21:00 +0800] "GET /xingrg/javascript/easyui/themes/icons/template_new.png HTTP/1.1" 200 3956
101.85.93.83 - - [28/Dec/2020:11:21:00 +0800] "GET /xingrg/javascript/easyui/themes/icons/print.png HTTP/1.1" 200 1057
101.85.93.83 - - [28/Dec/2020:11:21:00 +0800] "GET /xingrg/javascript/easyui/themes/icons/ok.png HTTP/1.1" 200 883
101.85.93.83 - - [28/Dec/2020:11:21:00 +0800] "GET /xingrg/javascript/easyui/themes/icons/cancel.png HTTP/1.1" 200 1133
101.85.93.83 - - [28/Dec/2020:11:21:00 +0800] "GET /xingrg/javascript/easyui/themes/default/images/menu_downarrow.png HTTP/1.1" 200 173
101.85.93.83 - - [28/Dec/2020:11:21:01 +0800] "GET /xingrg/all/common/auto_word.html?type=employee&rest_code=00142 HTTP/1.1" 200 105
101.85.93.83 - - [28/Dec/2020:11:21:01 +0800] "GET /xingrg/javascript/easyui/themes/default/validatebox.css HTTP/1.1" 404 1104
101.85.93.83 - - [28/Dec/2020:11:21:01 +0800] "GET /xingrg/all/common/auto_word.html?type=employee&rest_code=00142 HTTP/1.1" 200 105
101.85.93.83 - - [28/Dec/2020:11:21:01 +0800] "GET /xingrg/javascript/easyui/plugins/jquery.validatebox.js HTTP/1.1" 200 6103
101.85.93.83 - - [28/Dec/2020:11:21:01 +0800] "GET /xingrg/javascript/easyui/plugins/jquery.numberbox.js HTTP/1.1" 200 5213
101.85.93.83 - - [28/Dec/2020:11:21:01 +0800] "POST /xingrg/kc/buy/cgsh_order_operate.html HTTP/1.1" 200 8245
101.85.93.83 - - [28/Dec/2020:11:21:01 +0800] "GET /xingrg/javascript/easyui/themes/icons/edit_remove.png HTTP/1.1" 200 625
101.85.52.2 - - [28/Dec/2020:11:21:04 +0800] "GET /xingrg/kc/buy/cgsh_order_operate.html?command=get_materiel&rest_code=00145&code=00101008356&supplier_code=00100007&order_time=2020-12-28 HTTP/1.1" 200 408
117.185.32.26 - - [28/Dec/2020:11:21:04 +0800] "GET /xingrg/all/function/internal_message.html?_=1609126131399&CODE_STATE=getMsg HTTP/1.1" 200 27
101.228.166.101 - - [28/Dec/2020:11:21:05 +0800] "GET /xingrg/check_reg.html?_=1609125666523 HTTP/1.1" 200 22
172.17.0.108 - - [28/Dec/2020:11:21:05 +0800] "GET /favicon.ico HTTP/1.1" 404 -
101.85.52.2 - - [28/Dec/2020:11:21:08 +0800] "GET /xingrg/kc/buy/cgsh_order_operate.html?command=get_materiel&rest_code=00145&code=00101008361&supplier_code=00100007&order_time=2020-12-28 HTTP/1.1" 200 408
222.69.132.69 - - [28/Dec/2020:11:21:10 +0800] "GET /xingrg/kc/buy/cgsh_order_operate.html?command=get_materiel&rest_code=00149&code=00101010046&supplier_code=00100323&order_time=2020-12-28 HTTP/1.1" 200 426
101.228.166.101 - - [28/Dec/2020:11:21:11 +0800] "GET /xingrg/all/function/internal_message.html?_=1609125672757&CODE_STATE=getMsg HTTP/1.1" 200 27
114.84.4.90 - - [28/Dec/2020:11:21:12 +0800] "POST /xingrg/services/DataTransmitService HTTP/1.1" 200 45454
114.84.4.90 - - [28/Dec/2020:11:21:12 +0800] "POST /xingrg/services/DataTransmitService HTTP/1.1" 200 19237
180.156.237.57 - - [28/Dec/2020:11:21:14 +0800] "GET /xingrg/all/function/internal_message.html?_=1609125682454&CODE_STATE=getMsg HTTP/1.1" 200 27
101.85.93.83 - - [28/Dec/2020:11:21:14 +0800] "GET /xingrg/check_reg.html?_=1609125360871 HTTP/1.1" 200 22
101.85.93.83 - - [28/Dec/2020:11:21:14 +0800] "GET /xingrg/all/function/internal_message.html?_=1609125360874&CODE_STATE=getMsg HTTP/1.1" 200 27
58.37.230.33 - - [28/Dec/2020:11:21:17 +0800] "POST /xingrg/kc/buy/cgsh_order_operate.html HTTP/1.1" 200 64
180.157.253.48 - - [28/Dec/2020:11:21:17 +0800] "GET /xingrg/all/function/internal_message.html?_=1609125677377&CODE_STATE=getMsg HTTP/1.1" 200 27
58.37.230.33 - - [28/Dec/2020:11:21:18 +0800] "POST /xingrg/kc/buy/cgsh_order_operate.html HTTP/1.1" 200 37
101.228.166.101 - - [28/Dec/2020:11:21:18 +0800] "GET /xingrg/kc/buy/cgsh_order_operate.html?command=get_materiel&rest_code=00146&code=00101010628&supplier_code=00100327&order_time=2020-12-28 HTTP/1.1" 200 412
101.85.52.2 - - [28/Dec/2020:11:21:18 +0800] "GET /xingrg/kc/buy/cgsh_order_operate.html?command=get_materiel&rest_code=00145&code=00101016057&supplier_code=00100007&order_time=2020-12-28 HTTP/1.1" 200 408
180.162.223.42 - - [28/Dec/2020:11:21:18 +0800] "GET /xingrg/kc/buy/cgsh_order_operate.html?command=get_materiel&rest_code=00105&code=00101008155&supplier_code=00100203&order_time=2020-12-28 HTTP/1.1" 200 408
116.232.55.77 - - [28/Dec/2020:11:21:19 +0800] "GET /xingrg/all/function/internal_message.html?_=1609125680538&CODE_STATE=getMsg HTTP/1.1" 200 27
58.37.230.33 - - [28/Dec/2020:11:21:20 +0800] "POST /xingrg/kc/buy/cgsh_order_operate.html HTTP/1.1" 200 12
120.253.135.82 - - [28/Dec/2020:11:21:20 +0800] "GET /xingrg/all/function/internal_message.html?_=1609125791916&CODE_STATE=getMsg HTTP/1.1" 200 27
180.157.253.48 - - [28/Dec/2020:11:21:20 +0800] "GET /xingrg/kc/base/wldb_order_operate.html?command=get_materiel&rest_code=00148&base_code=0010001&code=00101019019 HTTP/1.1" 200 462
114.84.4.90 - - [28/Dec/2020:11:21:21 +0800] "POST /xingrg/services/DataTransmitService HTTP/1.1" 401 565
114.84.4.90 - - [28/Dec/2020:11:21:21 +0800] "POST /xingrg/services/DataTransmitService HTTP/1.1" 200 478
114.84.4.90 - - [28/Dec/2020:11:21:21 +0800] "POST /xingrg/services/DataTransmitService HTTP/1.1" 200 1320
114.84.4.90 - - [28/Dec/2020:11:21:21 +0800] "POST /xingrg/services/DataTransmitService HTTP/1.1" 200 478
114.84.4.90 - - [28/Dec/2020:11:21:21 +0800] "POST /xingrg/services/DataTransmitService HTTP/1.1" 200 1320
114.84.4.90 - - [28/Dec/2020:11:21:21 +0800] "POST /xingrg/services/DataTransmitService HTTP/1.1" 200 524
58.37.230.33 - - [28/Dec/2020:11:21:22 +0800] "POST /xingrg/kc/buy/cgsh_order_operate.html HTTP/1.1" 200 37
114.84.4.90 - - [28/Dec/2020:11:21:22 +0800] "POST /xingrg/services/DataTransmitService HTTP/1.1" 200 2287
114.84.4.90 - - [28/Dec/2020:11:21:22 +0800] "POST /xingrg/services/DataTransmitService HTTP/1.1" 200 45454
114.84.4.90 - - [28/Dec/2020:11:21:22 +0800] "POST /xingrg/services/DataTransmitService HTTP/1.1" 200 19237
58.37.230.33 - - [28/Dec/2020:11:21:24 +0800] "POST /xingrg/kc/buy/cgsh_order_operate.html HTTP/1.1" 200 12
180.157.253.48 - - [28/Dec/2020:11:21:24 +0800] "GET /xingrg/kc/base/wldb_order_operate.html?command=get_materiel&rest_code=00148&base_code=0010001&code=00101019503 HTTP/1.1" 200 467
58.37.230.33 - - [28/Dec/2020:11:21:24 +0800] "GET /xingrg/kc/buy/cgsh_order_info.html?code=212020122811435 HTTP/1.1" 200 56179
58.37.230.33 - - [28/Dec/2020:11:21:25 +0800] "GET /xingrg/javascript/easyui/themes/default/validatebox.css HTTP/1.1" 404 1104
58.37.230.33 - - [28/Dec/2020:11:21:25 +0800] "POST /xingrg/kc/buy/cgsh_order_operate.html HTTP/1.1" 200 5975
58.37.230.33 - - [28/Dec/2020:11:21:25 +0800] "GET /xingrg/kc/buy/cgsh_order_info.html?code=212020122811437 HTTP/1.1" 200 56176
58.37.230.33 - - [28/Dec/2020:11:21:26 +0800] "GET /xingrg/javascript/easyui/themes/default/validatebox.css HTTP/1.1" 404 1104
58.37.230.33 - - [28/Dec/2020:11:21:26 +0800] "POST /xingrg/kc/buy/cgsh_order_operate.html HTTP/1.1" 200 3569
58.37.230.33 - - [28/Dec/2020:11:21:26 +0800] "GET /xingrg/kc/print/load_data.html?order_code=212020122811435&kc_code=cgsh&condition= HTTP/1.1" 200 2790
58.37.230.33 - - [28/Dec/2020:11:21:28 +0800] "GET /xingrg/kc/print/load_data.html?order_code=212020122811437&kc_code=cgsh&condition= HTTP/1.1" 200 1898
101.85.52.2 - - [28/Dec/2020:11:21:31 +0800] "GET /xingrg/kc/buy/cgsh_order_operate.html?command=get_materiel&rest_code=00145&code=00101008005&supplier_code=00100007&order_time=2020-12-28 HTTP/1.1" 200 431
222.69.132.69 - - [28/Dec/2020:11:21:31 +0800] "GET /xingrg/all/function/internal_message.html?_=1609125690135&CODE_STATE=getMsg HTTP/1.1" 200 27
172.17.0.123 - - [28/Dec/2020:11:21:32 +0800] "GET /favicon.ico HTTP/1.1" 404 -
58.37.230.33 - - [28/Dec/2020:11:21:33 +0800] "GET /xingrg/kc/buy/cgsh_order_add.html HTTP/1.1" 200 61273
58.37.230.33 - - [28/Dec/2020:11:21:33 +0800] "POST /xingrg/kc/buy/cgsh_order_operate.html HTTP/1.1" 200 8245
58.37.230.33 - - [28/Dec/2020:11:21:33 +0800] "GET /xingrg/javascript/easyui/themes/default/validatebox.css HTTP/1.1" 404 1104
58.37.230.33 - - [28/Dec/2020:11:21:34 +0800] "GET /xingrg/kc/buy/cgsh_order_add.html HTTP/1.1" 200 61273
222.69.132.69 - - [28/Dec/2020:11:21:34 +0800] "GET /xingrg/kc/buy/cgsh_order_operate.html?command=get_materiel&rest_code=00149&code=00101007121&supplier_code=00100323&order_time=2020-12-28 HTTP/1.1" 200 413
58.37.230.33 - - [28/Dec/2020:11:21:34 +0800] "POST /xingrg/kc/buy/cgsh_order_operate.html HTTP/1.1" 200 8245
58.37.230.33 - - [28/Dec/2020:11:21:34 +0800] "GET /xingrg/javascript/easyui/themes/default/validatebox.css HTTP/1.1" 404 1104
101.85.52.2 - - [28/Dec/2020:11:21:36 +0800] "GET /xingrg/kc/buy/cgsh_order_operate.html?command=get_materiel&rest_code=00145&code=00101008268&supplier_code=00100007&order_time=2020-12-28 HTTP/1.1" 200 408
101.85.52.2 - - [28/Dec/2020:11:21:36 +0800] "GET /xingrg/all/function/internal_message.html?_=1609125694633&CODE_STATE=getMsg HTTP/1.1" 200 27
180.156.237.57 - - [28/Dec/2020:11:21:41 +0800] "GET /xingrg/check_reg.html?_=1609125685381 HTTP/1.1" 200 22
58.37.230.33 - - [28/Dec/2020:11:21:42 +0800] "GET /xingrg/kc/buy/cgsh_order_operate.html?command=get_materiel&rest_code=00141&code=00101001037&supplier_code=00100094&order_time=2020-12-28 HTTP/1.1" 200 414
180.156.237.57 - - [28/Dec/2020:11:21:43 +0800] "GET /xingrg/all/function/internal_message.html?_=1609125686819&CODE_STATE=getMsg HTTP/1.1" 200 27
58.35.244.144 - - [28/Dec/2020:11:21:43 +0800] "GET /xingrg/all/function/internal_message.html?_=1609125853868&CODE_STATE=getMsg HTTP/1.1" 200 27
58.37.230.33 - - [28/Dec/2020:11:21:46 +0800] "GET /xingrg/kc/buy/cgsh_order_operate.html?command=get_materiel&rest_code=00141&code=00101006130&supplier_code=00100012&order_time=2020-12-28 HTTP/1.1" 200 447
114.84.4.90 - - [28/Dec/2020:11:21:46 +0800] "GET /xingrg/all/function/internal_message.html?_=1609125706161&CODE_STATE=getMsg HTTP/1.1" 200 27
180.162.223.42 - - [28/Dec/2020:11:21:50 +0800] "GET /xingrg/kc/buy/cgsh_order_operate.html?command=get_materiel&rest_code=00105&code=00101008010&supplier_code=00100203&order_time=2020-12-28 HTTP/1.1" 200 412
116.228.172.94 - - [28/Dec/2020:11:21:50 +0800] "GET /xingrg/all/function/internal_message.html?_=1609125708734&CODE_STATE=getMsg HTTP/1.1" 200 27
117.131.5.26 - - [28/Dec/2020:11:21:51 +0800] "GET /xingrg/all/function/internal_message.html?_=1609125757491&CODE_STATE=getMsg HTTP/1.1" 200 27
222.69.132.69 - - [28/Dec/2020:11:21:52 +0800] "GET /xingrg/kc/buy/cgsh_order_operate.html?command=get_materiel&rest_code=00149&code=00101006047&supplier_code=00100323&order_time=2020-12-28 HTTP/1.1" 200 432
172.17.0.185 - - [28/Dec/2020:11:21:54 +0800] "GET /xingrg/all/function/internal_message.html?_=1609125713297&CODE_STATE=getMsg HTTP/1.1" 200 27
58.37.230.33 - - [28/Dec/2020:11:21:56 +0800] "GET /xingrg/kc/buy/cgsh_order_operate.html?command=get_materiel&rest_code=00141&code=00101006111&supplier_code=00100012&order_time=2020-12-28 HTTP/1.1" 200 409
172.17.200.101 - - [28/Dec/2020:11:21:56 +0800] "GET /xingrg/all/function/internal_message.html?_=1609125718397&CODE_STATE=getMsg HTTP/1.1" 200 27
101.85.52.2 - - [28/Dec/2020:11:21:58 +0800] "GET /xingrg/kc/buy/cgsh_order_operate.html?command=get_materiel&rest_code=00145&code=00101008286&supplier_code=00100007&order_time=2020-12-28 HTTP/1.1" 200 408
58.37.230.33 - - [28/Dec/2020:11:21:58 +0800] "GET /xingrg/all/function/internal_message.html?_=1609125282712&CODE_STATE=getMsg HTTP/1.1" 200 27
58.37.230.33 - - [28/Dec/2020:11:21:59 +0800] "GET /xingrg/kc/buy/cgsh_order_operate.html?command=get_materiel&rest_code=00141&code=00101003016&supplier_code=00100094&order_time=2020-12-28 HTTP/1.1" 200 418
172.17.0.100 - - [28/Dec/2020:11:21:59 +0800] "GET /xingrg/all/function/internal_message.html?_=1609125796028&CODE_STATE=getMsg HTTP/1.1" 200 27
180.162.223.42 - - [28/Dec/2020:11:22:00 +0800] "GET /xingrg/all/function/internal_message.html?_=1609125702248&CODE_STATE=getMsg HTTP/1.1" 200 27
222.69.132.69 - - [28/Dec/2020:11:22:02 +0800] "GET /xingrg/kc/buy/cgsh_order_operate.html?command=get_materiel&rest_code=00149&code=00101012033&supplier_code=00100323&order_time=2020-12-28 HTTP/1.1" 200 427
58.37.230.33 - - [28/Dec/2020:11:22:03 +0800] "GET /xingrg/kc/buy/cgsh_order_operate.html?command=get_materiel&rest_code=00141&code=00101006055&supplier_code=00100012&order_time=2020-12-28 HTTP/1.1" 200 409
101.85.52.2 - - [28/Dec/2020:11:22:03 +0800] "GET /xingrg/kc/buy/cgsh_order_operate.html?command=get_materiel&rest_code=00145&code=00101008036&supplier_code=00100007&order_time=2020-12-28 HTTP/1.1" 200 408
101.85.93.83 - - [28/Dec/2020:11:22:03 +0800] "GET /xingrg/javascript/auto/indicator.gif HTTP/1.1" 404 1066
180.162.223.42 - - [28/Dec/2020:11:22:04 +0800] "GET /xingrg/kc/buy/cgsh_order_operate.html?command=get_materiel&rest_code=00105&code=00101008026&supplier_code=00100203&order_time=2020-12-28 HTTP/1.1" 200 409
101.228.166.101 - - [28/Dec/2020:11:22:04 +0800] "GET /xingrg/kc/buy/cgsh_order_operate.html?command=get_materiel&rest_code=00146&code=00101020215&supplier_code=00100327&order_time=2020-12-28 HTTP/1.1" 200 391
117.185.32.26 - - [28/Dec/2020:11:22:04 +0800] "GET /xingrg/all/function/internal_message.html?_=1609126191395&CODE_STATE=getMsg HTTP/1.1" 200 27
117.185.32.26 - - [28/Dec/2020:11:22:04 +0800] "GET /xingrg/check_reg.html?_=1609126191396 HTTP/1.1" 200 22
58.37.230.33 - - [28/Dec/2020:11:22:10 +0800] "POST /xingrg/kc/buy/cgsh_order_operate.html HTTP/1.1" 200 37
101.85.52.2 - - [28/Dec/2020:11:22:10 +0800] "GET /xingrg/kc/buy/cgsh_order_operate.html?command=get_materiel&rest_code=00145&code=00101008213&supplier_code=00100007&order_time=2020-12-28 HTTP/1.1" 200 412
101.228.166.101 - - [28/Dec/2020:11:22:11 +0800] "GET /xingrg/all/function/internal_message.html?_=1609125732962&CODE_STATE=getMsg HTTP/1.1" 200 27
58.37.230.33 - - [28/Dec/2020:11:22:12 +0800] "GET /xingrg/kc/buy/cgsh_order_operate.html?command=get_materiel&rest_code=00141&code=00101006065&supplier_code=00100012&order_time=2020-12-28 HTTP/1.1" 200 409
58.37.230.33 - - [28/Dec/2020:11:22:14 +0800] "POST /xingrg/kc/buy/cgsh_order_operate.html HTTP/1.1" 200 12
180.156.237.57 - - [28/Dec/2020:11:22:14 +0800] "GET /xingrg/all/function/internal_message.html?_=1609125742457&CODE_STATE=getMsg HTTP/1.1" 200 27
101.85.93.83 - - [28/Dec/2020:11:22:14 +0800] "GET /xingrg/all/function/internal_message.html?_=1609125420859&CODE_STATE=getMsg HTTP/1.1" 200 27
58.37.230.33 - - [28/Dec/2020:11:22:15 +0800] "GET /xingrg/kc/buy/cgsh_order_info.html?code=212020122811438 HTTP/1.1" 200 56176
58.37.230.33 - - [28/Dec/2020:11:22:16 +0800] "GET /xingrg/javascript/easyui/themes/default/validatebox.css HTTP/1.1" 404 1104
58.37.230.33 - - [28/Dec/2020:11:22:16 +0800] "POST /xingrg/kc/buy/cgsh_order_operate.html HTTP/1.1" 200 1218
58.37.230.33 - - [28/Dec/2020:11:22:17 +0800] "GET /xingrg/kc/print/load_data.html?order_code=212020122811438&kc_code=cgsh&condition= HTTP/1.1" 200 1032
101.85.52.2 - - [28/Dec/2020:11:22:17 +0800] "GET /xingrg/kc/buy/cgsh_order_operate.html?command=get_materiel&rest_code=00145&code=00101008199&supplier_code=00100007&order_time=2020-12-28 HTTP/1.1" 200 408
180.157.253.48 - - [28/Dec/2020:11:22:17 +0800] "GET /xingrg/all/function/internal_message.html?_=1609125737359&CODE_STATE=getMsg HTTP/1.1" 200 27
116.232.55.77 - - [28/Dec/2020:11:22:19 +0800] "GET /xingrg/all/function/internal_message.html?_=1609125740545&CODE_STATE=getMsg HTTP/1.1" 200 27
120.253.135.82 - - [28/Dec/2020:11:22:20 +0800] "GET /xingrg/all/function/internal_message.html?_=1609125851926&CODE_STATE=getMsg HTTP/1.1" 200 27
58.37.230.33 - - [28/Dec/2020:11:22:20 +0800] "GET /xingrg/kc/buy/cgsh_order_add.html HTTP/1.1" 200 61273
101.228.166.101 - - [28/Dec/2020:11:22:20 +0800] "GET /xingrg/kc/buy/cgsh_order_operate.html?command=get_materiel&rest_code=00146&code=00101008171&supplier_code=00100327&order_time=2020-12-28 HTTP/1.1" 200 423
222.69.132.69 - - [28/Dec/2020:11:22:21 +0800] "GET /xingrg/kc/buy/cgsh_order_operate.html?command=get_materiel&rest_code=00149&code=00101008180&supplier_code=00100323&order_time=2020-12-28 HTTP/1.1" 200 412
58.37.230.33 - - [28/Dec/2020:11:22:21 +0800] "POST /xingrg/kc/buy/cgsh_order_operate.html HTTP/1.1" 200 8245
58.37.230.33 - - [28/Dec/2020:11:22:21 +0800] "GET /xingrg/javascript/easyui/themes/default/validatebox.css HTTP/1.1" 404 1104
101.85.52.2 - - [28/Dec/2020:11:22:23 +0800] "GET /xingrg/kc/buy/cgsh_order_operate.html?command=get_materiel&rest_code=00145&code=00101008234&supplier_code=00100007&order_time=2020-12-28 HTTP/1.1" 200 408
180.162.223.42 - - [28/Dec/2020:11:22:23 +0800] "GET /xingrg/kc/buy/cgsh_order_operate.html?command=get_materiel&rest_code=00105&code=00101008361&supplier_code=00100203&order_time=2020-12-28 HTTP/1.1" 200 408
58.37.230.33 - - [28/Dec/2020:11:22:25 +0800] "GET /xingrg/all/function/internal_message.html?_=1609125746590&CODE_STATE=getMsg HTTP/1.1" 200 27
114.84.4.90 - - [28/Dec/2020:11:22:26 +0800] "POST /xingrg/dwr/call/plaincall/AjaxReportQueryService.refreshCache.dwr HTTP/1.1" 200 79
114.84.4.90 - - [28/Dec/2020:11:22:26 +0800] "POST /xingrg/all/report/load_report_page.html HTTP/1.1" 200 29412
114.84.4.90 - - [28/Dec/2020:11:22:26 +0800] "GET /xingrg/servlets/image?cache=0.4671438947127682&image=px HTTP/1.1" 200 807
58.37.230.33 - - [28/Dec/2020:11:22:28 +0800] "GET /xingrg/kc/buy/cgsh_order_operate.html?command=get_materiel&rest_code=00141&code=00101003025&supplier_code=00100093&order_time=2020-12-28 HTTP/1.1" 200 409
101.85.52.2 - - [28/Dec/2020:11:22:31 +0800] "GET /xingrg/kc/buy/cgsh_order_operate.html?command=get_materiel&rest_code=00145&code=00101008323&supplier_code=00100007&order_time=2020-12-28 HTTP/1.1" 200 408
61.129.6.203 - - [28/Dec/2020:11:22:31 +0800] "GET /xingrg/kc/buy/cgsh_order_operate.html?command=get_materiel&rest_code=00141&code=00101008356&supplier_code=00100007&order_time=2020-12-28 HTTP/1.1" 302 -
222.69.132.69 - - [28/Dec/2020:11:22:31 +0800] "GET /xingrg/all/function/internal_message.html?_=1609125750116&CODE_STATE=getMsg HTTP/1.1" 200 27
58.221.95.50 - - [28/Dec/2020:11:22:35 +0800] "GET /xingrg/check_reg.html?_=1609125755538 HTTP/1.1" 302 -
114.84.4.90 - - [28/Dec/2020:11:22:36 +0800] "POST /xingrg/services/DataTransmitService HTTP/1.1" 200 524
58.37.230.33 - - [28/Dec/2020:11:22:36 +0800] "POST /xingrg/kc/buy/cgsh_order_operate.html HTTP/1.1" 200 37
114.84.4.90 - - [28/Dec/2020:11:22:36 +0800] "POST /xingrg/services/DataTransmitService HTTP/1.1" 200 412
101.85.52.2 - - [28/Dec/2020:11:22:36 +0800] "GET /xingrg/check_reg.html?_=1609125754535 HTTP/1.1" 200 22
180.157.253.48 - - [28/Dec/2020:11:22:36 +0800] "POST /xingrg/kc/base/wldb_order_operate.html HTTP/1.1" 200 37
101.85.52.2 - - [28/Dec/2020:11:22:36 +0800] "GET /xingrg/all/function/internal_message.html?_=1609125754623&CODE_STATE=getMsg HTTP/1.1" 200 27
61.129.6.203 - - [28/Dec/2020:11:22:37 +0800] "GET /xingrg/login.html HTTP/1.1" 200 7641
180.157.253.48 - - [28/Dec/2020:11:22:38 +0800] "POST /xingrg/kc/base/wldb_order_operate.html HTTP/1.1" 200 12
180.157.253.48 - - [28/Dec/2020:11:22:38 +0800] "POST /xingrg/kc/base/wldb_order_operate.html HTTP/1.1" 200 6683
58.35.244.144 - - [28/Dec/2020:11:22:38 +0800] "GET /xingrg/kc/buy/cgsh_order_add.html HTTP/1.1" 200 61267
114.84.4.90 - - [28/Dec/2020:11:22:38 +0800] "POST /xingrg/dwr/call/plaincall/AjaxReportQueryService.refreshCache.dwr HTTP/1.1" 200 79
58.35.244.144 - - [28/Dec/2020:11:22:38 +0800] "GET /xingrg/javascript/easyui/themes/default/validatebox.css HTTP/1.1" 404 1104
58.35.244.144 - - [28/Dec/2020:11:22:38 +0800] "POST /xingrg/kc/buy/cgsh_order_operate.html HTTP/1.1" 200 8245
114.84.4.90 - - [28/Dec/2020:11:22:39 +0800] "POST /xingrg/all/report/load_report_page.html HTTP/1.1" 200 29412
114.84.4.90 - - [28/Dec/2020:11:22:39 +0800] "GET /xingrg/servlets/image?cache=0.7115253051062566&image=px HTTP/1.1" 200 807
180.157.253.48 - - [28/Dec/2020:11:22:40 +0800] "GET /xingrg/kc/base/wldb_order_info.html?code=422020122803245 HTTP/1.1" 200 26393
101.228.166.101 - - [28/Dec/2020:11:22:40 +0800] "POST /xingrg/kc/buy/cgsh_order_operate.html HTTP/1.1" 200 37
180.162.223.42 - - [28/Dec/2020:11:22:40 +0800] "GET /xingrg/kc/buy/cgsh_order_operate.html?command=get_materiel&rest_code=00105&code=00101008355&supplier_code=00100203&order_time=2020-12-28 HTTP/1.1" 200 408
180.157.253.48 - - [28/Dec/2020:11:22:41 +0800] "POST /xingrg/kc/base/wldb_order_operate.html HTTP/1.1" 200 4876
180.157.253.48 - - [28/Dec/2020:11:22:41 +0800] "GET /xingrg/javascript/easyui/themes/default/validatebox.css HTTP/1.1" 404 1104
101.85.93.83 - - [28/Dec/2020:11:22:41 +0800] "GET /xingrg/kc/buy/cgsh_order_operate.html?command=get_materiel&rest_code=00142&code=00101011001&supplier_code=00100311&order_time=2020-12-28 HTTP/1.1" 200 423
101.85.52.2 - - [28/Dec/2020:11:22:41 +0800] "GET /xingrg/kc/buy/cgsh_order_operate.html?command=get_materiel&rest_code=00145&code=00101008298&supplier_code=00100007&order_time=2020-12-28 HTTP/1.1" 200 432
58.37.230.33 - - [28/Dec/2020:11:22:42 +0800] "POST /xingrg/kc/buy/cgsh_order_operate.html HTTP/1.1" 200 12
101.228.166.101 - - [28/Dec/2020:11:22:42 +0800] "POST /xingrg/kc/buy/cgsh_order_operate.html HTTP/1.1" 200 3857
58.37.230.33 - - [28/Dec/2020:11:22:43 +0800] "GET /xingrg/kc/buy/cgsh_order_info.html?code=212020122811439 HTTP/1.1" 200 56178
180.156.237.57 - - [28/Dec/2020:11:22:43 +0800] "GET /xingrg/all/function/internal_message.html?_=1609125746832&CODE_STATE=getMsg HTTP/1.1" 200 27
58.37.230.33 - - [28/Dec/2020:11:22:43 +0800] "GET /xingrg/javascript/easyui/themes/default/validatebox.css HTTP/1.1" 404 1104
58.35.244.144 - - [28/Dec/2020:11:22:43 +0800] "GET /xingrg/all/function/internal_message.html?_=1609125913925&CODE_STATE=getMsg HTTP/1.1" 200 27
222.69.132.69 - - [28/Dec/2020:11:22:44 +0800] "POST /xingrg/kc/buy/cgsh_order_operate.html HTTP/1.1" 200 37
58.37.230.33 - - [28/Dec/2020:11:22:44 +0800] "POST /xingrg/kc/buy/cgsh_order_operate.html HTTP/1.1" 200 602
180.156.237.57 - - [28/Dec/2020:11:22:45 +0800] "GET /xingrg/kc/buy/cgsh_order_operate.html?command=get_materiel&rest_code=00150&code=00101007046&supplier_code=00100323&order_time=2020-12-28 HTTP/1.1" 200 413
58.37.230.33 - - [28/Dec/2020:11:22:45 +0800] "GET /xingrg/kc/print/load_data.html?order_code=212020122811439&kc_code=cgsh&condition= HTTP/1.1" 200 743
101.228.166.101 - - [28/Dec/2020:11:22:46 +0800] "GET /xingrg/kc/print/load_data.html?order_code=212020122811440&kc_code=cgsh&condition= HTTP/1.1" 200 1144
101.85.52.2 - - [28/Dec/2020:11:22:46 +0800] "GET /xingrg/kc/buy/cgsh_order_operate.html?command=get_materiel&rest_code=00145&code=00101008264&supplier_code=00100007&order_time=2020-12-28 HTTP/1.1" 200 412
114.84.4.90 - - [28/Dec/2020:11:22:46 +0800] "GET /xingrg/all/function/internal_message.html?_=1609125766150&CODE_STATE=getMsg HTTP/1.1" 200 27
114.84.4.90 - - [28/Dec/2020:11:22:49 +0800] "POST /xingrg/services/DataTransmitService HTTP/1.1" 200 524
58.37.230.33 - - [28/Dec/2020:11:22:50 +0800] "GET /xingrg/kc/buy/cgsh_order_add.html HTTP/1.1" 200 61273
222.69.132.69 - - [28/Dec/2020:11:22:50 +0800] "POST /xingrg/kc/buy/cgsh_order_operate.html HTTP/1.1" 200 12
114.84.4.90 - - [28/Dec/2020:11:22:50 +0800] "POST /xingrg/services/DataTransmitService HTTP/1.1" 200 412
116.228.172.94 - - [28/Dec/2020:11:22:50 +0800] "GET /xingrg/all/function/internal_message.html?_=1609125768723&CODE_STATE=getMsg HTTP/1.1" 200 27
58.37.230.33 - - [28/Dec/2020:11:22:50 +0800] "POST /xingrg/kc/buy/cgsh_order_operate.html HTTP/1.1" 200 8245
58.37.230.33 - - [28/Dec/2020:11:22:50 +0800] "GET /xingrg/javascript/easyui/themes/default/validatebox.css HTTP/1.1" 404 1104
116.228.172.94 - - [28/Dec/2020:11:22:51 +0800] "GET /xingrg/check_reg.html?_=1609125769449 HTTP/1.1" 200 22
