117.131.5.26 - - [28/Dec/2020:11:22:51 +0800] "GET /xingrg/all/function/internal_message.html?_=1609125817465&CODE_STATE=getMsg HTTP/1.1" 200 27
101.85.52.2 - - [28/Dec/2020:11:22:53 +0800] "GET /xingrg/kc/buy/cgsh_order_operate.html?command=get_materiel&rest_code=00145&code=00101008352&supplier_code=00100007&order_time=2020-12-28 HTTP/1.1" 200 412
180.162.223.42 - - [28/Dec/2020:11:22:53 +0800] "GET /xingrg/kc/buy/cgsh_order_operate.html?command=get_materiel&rest_code=00105&code=00101008264&supplier_code=00100203&order_time=2020-12-28 HTTP/1.1" 200 412
222.69.132.69 - - [28/Dec/2020:11:22:54 +0800] "GET /xingrg/kc/buy/cgsh_order_info.html?code=212020122811441 HTTP/1.1" 200 56226
222.69.132.69 - - [28/Dec/2020:11:22:54 +0800] "GET /xingrg/javascript/easyui/themes/default/validatebox.css HTTP/1.1" 404 1104
172.17.0.185 - - [28/Dec/2020:11:22:54 +0800] "GET /xingrg/all/function/internal_message.html?_=1609125773304&CODE_STATE=getMsg HTTP/1.1" 200 27
222.69.132.69 - - [28/Dec/2020:11:22:55 +0800] "POST /xingrg/kc/buy/cgsh_order_operate.html HTTP/1.1" 200 3587
114.84.4.90 - - [28/Dec/2020:11:22:55 +0800] "POST /xingrg/services/DataTransmitService HTTP/1.1" 200 524
114.84.4.90 - - [28/Dec/2020:11:22:55 +0800] "POST /xingrg/services/DataTransmitService HTTP/1.1" 200 412
180.156.237.57 - - [28/Dec/2020:11:22:56 +0800] "GET /xingrg/kc/buy/cgsh_order_operate.html?command=get_materiel&rest_code=00150&code=00101016081&supplier_code=00100323&order_time=2020-12-28 HTTP/1.1" 200 447
172.17.200.101 - - [28/Dec/2020:11:22:56 +0800] "GET /xingrg/all/function/internal_message.html?_=1609125778415&CODE_STATE=getMsg HTTP/1.1" 200 27
58.35.244.144 - - [28/Dec/2020:11:22:57 +0800] "GET /xingrg/kc/buy/cgsh_order_operate.html?command=get_materiel&rest_code=00111&code=00101018019&supplier_code=00100041&order_time=2020-12-28 HTTP/1.1" 200 421
114.84.4.90 - - [28/Dec/2020:11:22:57 +0800] "POST /xingrg/services/DataTransmitService HTTP/1.1" 200 524
222.69.132.69 - - [28/Dec/2020:11:22:58 +0800] "GET /xingrg/kc/print/load_data.html?order_code=212020122811441&kc_code=cgsh&condition= HTTP/1.1" 200 1861
114.84.4.90 - - [28/Dec/2020:11:22:58 +0800] "POST /xingrg/services/DataTransmitService HTTP/1.1" 200 412
101.85.52.2 - - [28/Dec/2020:11:22:58 +0800] "GET /xingrg/kc/buy/cgsh_order_operate.html?command=get_materiel&rest_code=00145&code=00101008321&supplier_code=00100007&order_time=2020-12-28 HTTP/1.1" 200 412
114.84.4.90 - - [28/Dec/2020:11:22:58 +0800] "POST /xingrg/services/DataTransmitService HTTP/1.1" 200 524
58.37.230.33 - - [28/Dec/2020:11:22:58 +0800] "GET /xingrg/all/function/internal_message.html?_=1609125342688&CODE_STATE=getMsg HTTP/1.1" 200 27
101.85.93.83 - - [28/Dec/2020:11:22:58 +0800] "GET /xingrg/kc/buy/cgsh_order_operate.html?command=get_materiel&rest_code=00142&code=00101011005&supplier_code=00100311&order_time=2020-12-28 HTTP/1.1" 200 428
114.84.4.90 - - [28/Dec/2020:11:22:59 +0800] "POST /xingrg/services/DataTransmitService HTTP/1.1" 200 412
114.84.4.90 - - [28/Dec/2020:11:22:59 +0800] "POST /xingrg/services/DataTransmitService HTTP/1.1" 200 524
114.84.4.90 - - [28/Dec/2020:11:22:59 +0800] "POST /xingrg/services/DataTransmitService HTTP/1.1" 200 412
172.17.0.100 - - [28/Dec/2020:11:22:59 +0800] "GET /xingrg/all/function/internal_message.html?_=1609125856027&CODE_STATE=getMsg HTTP/1.1" 200 27
180.162.223.42 - - [28/Dec/2020:11:23:00 +0800] "GET /xingrg/all/function/internal_message.html?_=1609125762225&CODE_STATE=getMsg HTTP/1.1" 200 27
180.162.223.42 - - [28/Dec/2020:11:23:00 +0800] "GET /xingrg/check_reg.html?_=1609125762847 HTTP/1.1" 200 22
101.228.166.101 - - [28/Dec/2020:11:23:01 +0800] "GET /xingrg/kc/buy/cgsh_order_add.html HTTP/1.1" 200 61273
180.156.237.57 - - [28/Dec/2020:11:23:02 +0800] "GET /xingrg/kc/buy/cgsh_order_operate.html?command=get_materiel&rest_code=00150&code=00101007051&supplier_code=00100323&order_time=2020-12-28 HTTP/1.1" 200 432
101.228.166.101 - - [28/Dec/2020:11:23:03 +0800] "POST /xingrg/kc/buy/cgsh_order_operate.html HTTP/1.1" 200 8245
101.85.52.2 - - [28/Dec/2020:11:23:03 +0800] "GET /xingrg/kc/buy/cgsh_order_operate.html?command=get_materiel&rest_code=00145&code=00101008354&supplier_code=00100007&order_time=2020-12-28 HTTP/1.1" 200 412
101.228.166.101 - - [28/Dec/2020:11:23:03 +0800] "GET /xingrg/javascript/easyui/themes/default/validatebox.css HTTP/1.1" 404 1104
222.69.132.69 - - [28/Dec/2020:11:23:03 +0800] "GET /xingrg/kc/buy/cgsh_order_add.html HTTP/1.1" 200 61320
222.69.132.69 - - [28/Dec/2020:11:23:03 +0800] "POST /xingrg/kc/buy/cgsh_order_operate.html HTTP/1.1" 200 8245
222.69.132.69 - - [28/Dec/2020:11:23:03 +0800] "GET /xingrg/javascript/easyui/themes/default/validatebox.css HTTP/1.1" 404 1104
61.151.207.205 - - [28/Dec/2020:11:23:03 +0800] "GET /xingrg/all/function/internal_message.html?_=1609125146547&CODE_STATE=getMsg HTTP/1.1" 302 -
117.185.32.26 - - [28/Dec/2020:11:23:04 +0800] "GET /xingrg/all/function/internal_message.html?_=1609126251388&CODE_STATE=getMsg HTTP/1.1" 200 27
61.151.207.205 - - [28/Dec/2020:11:23:05 +0800] "GET /xingrg/login.html HTTP/1.1" 200 7641
58.35.244.144 - - [28/Dec/2020:11:23:08 +0800] "GET /xingrg/kc/buy/cgsh_order_operate.html?command=get_materiel&rest_code=00111&code=00101005037&supplier_code=00100041&order_time=2020-12-28 HTTP/1.1" 200 409
114.84.4.90 - - [28/Dec/2020:11:23:09 +0800] "POST /xingrg/services/DataTransmitService HTTP/1.1" 200 524
172.17.200.101 - - [28/Dec/2020:11:23:09 +0800] "POST /xingrg/kc/buy/cgsh_list_operate.html HTTP/1.1" 200 1673
101.85.52.2 - - [28/Dec/2020:11:23:09 +0800] "GET /xingrg/kc/buy/cgsh_order_operate.html?command=get_materiel&rest_code=00145&code=00101008351&supplier_code=00100007&order_time=2020-12-28 HTTP/1.1" 200 427
180.162.223.42 - - [28/Dec/2020:11:23:10 +0800] "GET /xingrg/kc/buy/cgsh_order_operate.html?command=get_materiel&rest_code=00105&code=00101008196&supplier_code=00100203&order_time=2020-12-28 HTTP/1.1" 200 416
114.84.4.90 - - [28/Dec/2020:11:23:10 +0800] "POST /xingrg/services/DataTransmitService HTTP/1.1" 200 412
114.84.4.90 - - [28/Dec/2020:11:23:11 +0800] "POST /xingrg/services/DataTransmitService HTTP/1.1" 200 524
101.228.166.101 - - [28/Dec/2020:11:23:11 +0800] "GET /xingrg/all/function/internal_message.html?_=1609125792971&CODE_STATE=getMsg HTTP/1.1" 200 27
114.84.4.90 - - [28/Dec/2020:11:23:11 +0800] "POST /xingrg/services/DataTransmitService HTTP/1.1" 200 412
101.85.52.2 - - [28/Dec/2020:11:23:11 +0800] "POST /xingrg/kc/buy/cgsh_order_operate.html HTTP/1.1" 200 2065
58.37.230.33 - - [28/Dec/2020:11:23:13 +0800] "GET /xingrg/kc/buy/cgsh_order_operate.html?command=get_materiel&rest_code=00141&code=00101006129&supplier_code=00100012&order_time=2020-12-28 HTTP/1.1" 200 450
172.17.200.101 - - [28/Dec/2020:11:23:14 +0800] "POST /xingrg/all/user/operate.html HTTP/1.1" 200 36
172.17.200.101 - - [28/Dec/2020:11:23:14 +0800] "GET /xingrg/javascript/jquery_easy_ui/themes/default/easyui.css HTTP/1.1" 304 -
172.17.200.101 - - [28/Dec/2020:11:23:14 +0800] "GET /xingrg/index.html?sysBaseUrl=http%3A%2F%2F172.17.0.8%3A18081%2Fxingrg%2F&costTime=114×tamp=1609118093787 HTTP/1.1" 200 17448
172.17.200.101 - - [28/Dec/2020:11:23:14 +0800] "GET /xingrg/javascript/jquery_easy_ui/themes/icon.css HTTP/1.1" 304 -
172.17.200.101 - - [28/Dec/2020:11:23:14 +0800] "GET /xingrg/css/form.css HTTP/1.1" 304 -
172.17.200.101 - - [28/Dec/2020:11:23:14 +0800] "GET /xingrg/javascript/jquery-1.4.2.min.js HTTP/1.1" 304 -
172.17.200.101 - - [28/Dec/2020:11:23:14 +0800] "GET /xingrg/javascript/jquery_easy_ui/jquery.easyui.min.js HTTP/1.1" 304 -
172.17.200.101 - - [28/Dec/2020:11:23:14 +0800] "GET /xingrg/javascript/jquery_easy_ui/easyui-lang-zh_CN.js HTTP/1.1" 304 -
172.17.200.101 - - [28/Dec/2020:11:23:14 +0800] "GET /xingrg/javascript/jquery.form.js HTTP/1.1" 304 -
172.17.200.101 - - [28/Dec/2020:11:23:14 +0800] "GET /xingrg/javascript/jquery.utils.js HTTP/1.1" 304 -
172.17.200.101 - - [28/Dec/2020:11:23:14 +0800] "GET /xingrg/javascript/jquery.timers.js HTTP/1.1" 304 -
172.17.200.101 - - [28/Dec/2020:11:23:14 +0800] "GET /xingrg/images/blue/jxLogo.png HTTP/1.1" 304 -
172.17.200.101 - - [28/Dec/2020:11:23:14 +0800] "GET /xingrg/javascript/jquery_easy_ui/themes/icons/settle_new.png HTTP/1.1" 304 -
172.17.200.101 - - [28/Dec/2020:11:23:14 +0800] "GET /xingrg/images/blue/navBackgound.jpg HTTP/1.1" 304 -
172.17.200.101 - - [28/Dec/2020:11:23:14 +0800] "POST /xingrg/all/common/load_tree.html?tree=area_rest_tree_json&manage=1 HTTP/1.1" 200 3222
172.17.200.101 - - [28/Dec/2020:11:23:14 +0800] "GET /xingrg/all/function/internal_message.html?_=1609125795875&CODE_STATE=count HTTP/1.1" 200 11
172.17.200.101 - - [28/Dec/2020:11:23:14 +0800] "GET /xingrg/check_reg.html?_=1609125795877 HTTP/1.1" 200 22
172.17.200.101 - - [28/Dec/2020:11:23:14 +0800] "GET /xingrg/images/blue/pingpu.png HTTP/1.1" 304 -
172.17.200.101 - - [28/Dec/2020:11:23:14 +0800] "GET /xingrg/javascript/jquery_easy_ui/themes/default/images/tabs_leftarrow.png HTTP/1.1" 304 -
172.17.200.101 - - [28/Dec/2020:11:23:14 +0800] "GET /xingrg/javascript/jquery_easy_ui/themes/default/images/panel_tool_collapse.gif HTTP/1.1" 304 -
172.17.200.101 - - [28/Dec/2020:11:23:14 +0800] "GET /xingrg/javascript/jquery_easy_ui/themes/default/images/panel_tool_expand.gif HTTP/1.1" 304 -
172.17.200.101 - - [28/Dec/2020:11:23:14 +0800] "GET /xingrg/javascript/jquery_easy_ui/themes/default/images/tabs_rightarrow.png HTTP/1.1" 304 -
172.17.200.101 - - [28/Dec/2020:11:23:14 +0800] "POST /xingrg/load_menu.html HTTP/1.1" 200 11529
222.69.132.69 - - [28/Dec/2020:11:23:14 +0800] "GET /xingrg/kc/buy/cgsh_order_operate.html?command=get_materiel&rest_code=00149&code=00101007144&supplier_code=00100322&order_time=2020-12-28 HTTP/1.1" 200 428
180.156.237.57 - - [28/Dec/2020:11:23:14 +0800] "GET /xingrg/all/function/internal_message.html?_=1609125802463&CODE_STATE=getMsg HTTP/1.1" 200 27
101.228.166.101 - - [28/Dec/2020:11:23:14 +0800] "GET /xingrg/kc/buy/cgsh_order_operate.html?command=get_materiel&rest_code=00146&code=00101001140&supplier_code=00100090&order_time=2020-12-28 HTTP/1.1" 200 436
101.85.93.83 - - [28/Dec/2020:11:23:14 +0800] "GET /xingrg/all/function/internal_message.html?_=1609125480887&CODE_STATE=getMsg HTTP/1.1" 200 27
101.85.52.2 - - [28/Dec/2020:11:23:15 +0800] "GET /xingrg/kc/buy/cgsh_order_operate.html?command=get_materiel&rest_code=00145&code=00101012059&supplier_code=00100007&order_time=2020-12-28 HTTP/1.1" 200 412
172.17.200.101 - - [28/Dec/2020:11:23:15 +0800] "GET /xingrg/kc/report/report_main.html HTTP/1.1" 200 9350
172.17.0.104 - - [28/Dec/2020:11:23:16 +0800] "GET /xingrg/check_reg.html?_=1609125796862 HTTP/1.1" 200 22
172.17.200.101 - - [28/Dec/2020:11:23:16 +0800] "GET /xingrg/all/report/report_query.html?fileName=kc/buy/gys_amount_base_rest.xml HTTP/1.1" 200 51589
172.17.200.101 - - [28/Dec/2020:11:23:16 +0800] "GET /xingrg/dwr/interface/AjaxReportQueryService.js HTTP/1.1" 200 13203
172.17.200.101 - - [28/Dec/2020:11:23:16 +0800] "GET /xingrg/dwr/engine.js HTTP/1.1" 200 43631
172.17.200.101 - - [28/Dec/2020:11:23:16 +0800] "POST /xingrg/dwr/call/plaincall/AjaxReportQueryService.getFixDate.dwr HTTP/1.1" 200 111
172.17.200.101 - - [28/Dec/2020:11:23:17 +0800] "POST /xingrg/all/common/load_tree.html?tree=area_rest_tree_json&manage=1 HTTP/1.1" 200 3222
172.17.200.101 - - [28/Dec/2020:11:23:17 +0800] "POST /xingrg/all/common/load_tree.html?tree=supplier_tree_json&manage=1 HTTP/1.1" 200 53927
180.157.253.48 - - [28/Dec/2020:11:23:17 +0800] "GET /xingrg/all/function/internal_message.html?_=1609125797359&CODE_STATE=getMsg HTTP/1.1" 200 27
180.156.237.57 - - [28/Dec/2020:11:23:17 +0800] "POST /xingrg/kc/buy/cgsh_order_operate.html HTTP/1.1" 200 37
58.35.244.144 - - [28/Dec/2020:11:23:18 +0800] "GET /xingrg/kc/buy/cgsh_order_operate.html?command=get_materiel&rest_code=00111&code=00101001084&supplier_code=00100041&order_time=2020-12-28 HTTP/1.1" 200 413
180.156.237.57 - - [28/Dec/2020:11:23:18 +0800] "POST /xingrg/kc/buy/cgsh_order_operate.html HTTP/1.1" 200 6259
172.17.200.101 - - [28/Dec/2020:11:23:19 +0800] "POST /xingrg/dwr/call/plaincall/AjaxReportQueryService.getFixDate.dwr HTTP/1.1" 200 111
116.232.55.77 - - [28/Dec/2020:11:23:19 +0800] "GET /xingrg/all/function/internal_message.html?_=1609125800548&CODE_STATE=getMsg HTTP/1.1" 200 27
101.85.52.2 - - [28/Dec/2020:11:23:19 +0800] "GET /xingrg/kc/buy/cgsh_order_operate.html?command=get_materiel&rest_code=00145&code=00101012029&supplier_code=00100007&order_time=2020-12-28 HTTP/1.1" 200 412
120.253.135.82 - - [28/Dec/2020:11:23:20 +0800] "GET /xingrg/all/function/internal_message.html?_=1609125912378&CODE_STATE=getMsg HTTP/1.1" 200 27
58.37.230.33 - - [28/Dec/2020:11:23:22 +0800] "GET /xingrg/kc/buy/cgsh_order_operate.html?command=get_materiel&rest_code=00141&code=00101006006&supplier_code=00100012&order_time=2020-12-28 HTTP/1.1" 200 409
114.84.4.90 - - [28/Dec/2020:11:23:23 +0800] "POST /xingrg/services/DataTransmitService HTTP/1.1" 200 524
114.84.4.90 - - [28/Dec/2020:11:23:23 +0800] "POST /xingrg/services/DataTransmitService HTTP/1.1" 200 412
58.37.230.33 - - [28/Dec/2020:11:23:25 +0800] "GET /xingrg/all/function/internal_message.html?_=1609125806566&CODE_STATE=getMsg HTTP/1.1" 200 27
101.85.52.2 - - [28/Dec/2020:11:23:25 +0800] "GET /xingrg/kc/buy/cgsh_order_operate.html?command=get_materiel&rest_code=00145&code=00101012070&supplier_code=00100007&order_time=2020-12-28 HTTP/1.1" 200 398
58.37.230.33 - - [28/Dec/2020:11:23:28 +0800] "GET /xingrg/kc/buy/cgsh_order_operate.html?command=get_materiel&rest_code=00141&code=00101006113&supplier_code=00100012&order_time=2020-12-28 HTTP/1.1" 200 413
172.17.200.101 - - [28/Dec/2020:11:23:30 +0800] "POST /xingrg/dwr/call/plaincall/AjaxReportQueryService.refreshCache.dwr HTTP/1.1" 200 78
222.69.132.69 - - [28/Dec/2020:11:23:31 +0800] "GET /xingrg/check_reg.html?_=1609125809899 HTTP/1.1" 200 22
222.69.132.69 - - [28/Dec/2020:11:23:31 +0800] "GET /xingrg/all/function/internal_message.html?_=1609125810093&CODE_STATE=getMsg HTTP/1.1" 200 27
114.84.4.90 - - [28/Dec/2020:11:23:32 +0800] "POST /xingrg/services/DataTransmitService HTTP/1.1" 200 524
58.35.244.144 - - [28/Dec/2020:11:23:32 +0800] "POST /xingrg/kc/buy/cgsh_order_operate.html HTTP/1.1" 200 37
101.228.166.101 - - [28/Dec/2020:11:23:32 +0800] "GET /xingrg/kc/buy/cgsh_order_operate.html?command=get_materiel&rest_code=00146&code=00101001169&supplier_code=00100090&order_time=2020-12-28 HTTP/1.1" 200 434
114.84.4.90 - - [28/Dec/2020:11:23:32 +0800] "POST /xingrg/services/DataTransmitService HTTP/1.1" 200 412
101.85.52.2 - - [28/Dec/2020:11:23:32 +0800] "GET /xingrg/kc/buy/cgsh_order_operate.html?command=get_materiel&rest_code=00145&code=00101006177&supplier_code=00100007&order_time=2020-12-28 HTTP/1.1" 200 411
172.17.200.101 - - [28/Dec/2020:11:23:34 +0800] "POST /xingrg/all/report/load_report_page.html HTTP/1.1" 200 251915
172.17.200.101 - - [28/Dec/2020:11:23:34 +0800] "GET /xingrg/servlets/image?cache=0.20516162477834388&image=px HTTP/1.1" 200 807
222.69.132.69 - - [28/Dec/2020:11:23:35 +0800] "GET /xingrg/kc/buy/cgsh_order_operate.html?command=get_materiel&rest_code=00149&code=00101020281&supplier_code=00100322&order_time=2020-12-28 HTTP/1.1" 200 429
180.162.223.42 - - [28/Dec/2020:11:23:35 +0800] "GET /xingrg/kc/buy/cgsh_order_operate.html?command=get_materiel&rest_code=00105&code=00101008439&supplier_code=00100203&order_time=2020-12-28 HTTP/1.1" 200 399
58.37.230.33 - - [28/Dec/2020:11:23:36 +0800] "GET /xingrg/kc/buy/cgsh_order_operate.html?command=get_materiel&rest_code=00141&code=00101018007&supplier_code=00100012&order_time=2020-12-28 HTTP/1.1" 200 409
58.35.244.144 - - [28/Dec/2020:11:23:36 +0800] "POST /xingrg/kc/buy/cgsh_order_operate.html HTTP/1.1" 200 3845
101.85.52.2 - - [28/Dec/2020:11:23:36 +0800] "GET /xingrg/all/function/internal_message.html?_=1609125814597&CODE_STATE=getMsg HTTP/1.1" 200 27
172.17.0.104 - - [28/Dec/2020:11:23:38 +0800] "GET /xingrg/check_reg.html?_=1609125819581 HTTP/1.1" 200 22
172.17.200.101 - - [28/Dec/2020:11:23:39 +0800] "POST /xingrg/all/report/report_print.html HTTP/1.1" 200 29733
58.35.244.144 - - [28/Dec/2020:11:23:39 +0800] "GET /xingrg/kc/print/load_data.html?order_code=212020122811443&kc_code=cgsh&condition= HTTP/1.1" 200 1138
101.85.52.2 - - [28/Dec/2020:11:23:39 +0800] "GET /xingrg/kc/buy/cgsh_order_operate.html?command=get_materiel&rest_code=00145&code=00101006106&supplier_code=00100007&order_time=2020-12-28 HTTP/1.1" 200 421
101.85.52.2 - - [28/Dec/2020:11:23:42 +0800] "POST /xingrg/kc/buy/cgsh_order_operate.html HTTP/1.1" 200 2065
180.156.237.57 - - [28/Dec/2020:11:23:43 +0800] "GET /xingrg/all/function/internal_message.html?_=1609125806847&CODE_STATE=getMsg HTTP/1.1" 200 27
58.35.244.144 - - [28/Dec/2020:11:23:43 +0800] "GET /xingrg/all/function/internal_message.html?_=1609125973892&CODE_STATE=getMsg HTTP/1.1" 200 27
114.84.4.90 - - [28/Dec/2020:11:23:46 +0800] "GET /xingrg/all/function/internal_message.html?_=1609125826153&CODE_STATE=getMsg HTTP/1.1" 200 27
101.85.52.2 - - [28/Dec/2020:11:23:46 +0800] "GET /xingrg/kc/buy/cgsh_order_operate.html?command=get_materiel&rest_code=00145&code=00101008155&supplier_code=00100007&order_time=2020-12-28 HTTP/1.1" 200 408
116.228.172.94 - - [28/Dec/2020:11:23:50 +0800] "GET /xingrg/all/function/internal_message.html?_=1609125828697&CODE_STATE=getMsg HTTP/1.1" 200 27
58.37.230.33 - - [28/Dec/2020:11:23:50 +0800] "GET /xingrg/kc/buy/cgsh_order_operate.html?command=get_materiel&rest_code=00141&code=00101006062&supplier_code=00100012&order_time=2020-12-28 HTTP/1.1" 200 409
101.228.166.101 - - [28/Dec/2020:11:23:50 +0800] "GET /xingrg/kc/buy/cgsh_order_operate.html?command=get_materiel&rest_code=00146&code=00101001125&supplier_code=00100090&order_time=2020-12-28 HTTP/1.1" 200 415
117.131.5.26 - - [28/Dec/2020:11:23:51 +0800] "GET /xingrg/all/function/internal_message.html?_=1609125877434&CODE_STATE=getMsg HTTP/1.1" 200 27
222.69.132.69 - - [28/Dec/2020:11:23:53 +0800] "POST /xingrg/kc/buy/cgsh_order_operate.html HTTP/1.1" 200 37
117.131.5.26 - - [28/Dec/2020:11:23:54 +0800] "GET /xingrg/check_reg.html?_=1609125880341 HTTP/1.1" 200 22
101.89.19.197 - - [28/Dec/2020:11:23:54 +0800] "GET /xingrg/all/function/internal_message.html?_=1609125206642&CODE_STATE=getMsg HTTP/1.1" 302 -
172.17.0.185 - - [28/Dec/2020:11:23:54 +0800] "GET /xingrg/all/function/internal_message.html?_=1609125833310&CODE_STATE=getMsg HTTP/1.1" 200 27
172.17.0.185 - - [28/Dec/2020:11:23:54 +0800] "GET /xingrg/check_reg.html?_=1609125833315 HTTP/1.1" 200 22
101.85.52.2 - - [28/Dec/2020:11:23:55 +0800] "POST /xingrg/kc/buy/cgsh_order_operate.html HTTP/1.1" 200 37
180.162.223.42 - - [28/Dec/2020:11:23:55 +0800] "GET /xingrg/kc/buy/cgsh_order_operate.html?command=get_materiel&rest_code=00105&code=00101013202&supplier_code=00100203&order_time=2020-12-28 HTTP/1.1" 200 408
101.85.52.2 - - [28/Dec/2020:11:23:55 +0800] "POST /xingrg/kc/buy/cgsh_order_operate.html HTTP/1.1" 200 16828
222.69.132.69 - - [28/Dec/2020:11:23:56 +0800] "POST /xingrg/kc/buy/cgsh_order_operate.html HTTP/1.1" 200 12
101.85.52.2 - - [28/Dec/2020:11:23:57 +0800] "GET /xingrg/kc/print/load_data.html?order_code=212020122811445&kc_code=cgsh&condition= HTTP/1.1" 200 6065
222.69.132.69 - - [28/Dec/2020:11:23:57 +0800] "GET /xingrg/kc/buy/cgsh_order_info.html?code=212020122811444 HTTP/1.1" 200 56217
222.69.132.69 - - [28/Dec/2020:11:23:57 +0800] "GET /xingrg/javascript/easyui/themes/default/validatebox.css HTTP/1.1" 404 1104
222.69.132.69 - - [28/Dec/2020:11:23:58 +0800] "POST /xingrg/kc/buy/cgsh_order_operate.html HTTP/1.1" 200 1246
58.37.230.33 - - [28/Dec/2020:11:23:58 +0800] "GET /xingrg/all/function/internal_message.html?_=1609125402656&CODE_STATE=getMsg HTTP/1.1" 200 27
172.17.0.100 - - [28/Dec/2020:11:23:59 +0800] "GET /xingrg/all/function/internal_message.html?_=1609125916018&CODE_STATE=getMsg HTTP/1.1" 200 27
222.69.132.69 - - [28/Dec/2020:11:23:59 +0800] "GET /xingrg/kc/print/load_data.html?order_code=212020122811444&kc_code=cgsh&condition= HTTP/1.1" 200 977
180.162.223.42 - - [28/Dec/2020:11:24:00 +0800] "GET /xingrg/all/function/internal_message.html?_=1609125822205&CODE_STATE=getMsg HTTP/1.1" 200 27
58.37.230.33 - - [28/Dec/2020:11:24:03 +0800] "POST /xingrg/kc/buy/cgsh_order_operate.html HTTP/1.1" 200 37
180.162.223.42 - - [28/Dec/2020:11:24:03 +0800] "GET /xingrg/kc/buy/cgsh_order_operate.html?command=get_materiel&rest_code=00105&code=00101008357&supplier_code=00100203&order_time=2020-12-28 HTTP/1.1" 200 408
101.89.19.197 - - [28/Dec/2020:11:24:04 +0800] "GET /xingrg/login.html HTTP/1.1" 200 7641
117.185.32.26 - - [28/Dec/2020:11:24:04 +0800] "GET /xingrg/all/function/internal_message.html?_=1609126311397&CODE_STATE=getMsg HTTP/1.1" 200 27
101.228.166.101 - - [28/Dec/2020:11:24:06 +0800] "GET /xingrg/kc/buy/cgsh_order_operate.html?command=get_materiel&rest_code=00146&code=00101001093&supplier_code=00100090&order_time=2020-12-28 HTTP/1.1" 200 428
58.37.230.33 - - [28/Dec/2020:11:24:07 +0800] "POST /xingrg/kc/buy/cgsh_order_operate.html HTTP/1.1" 200 12
58.37.230.33 - - [28/Dec/2020:11:24:07 +0800] "GET /xingrg/kc/buy/cgsh_order_info.html?code=212020122811446 HTTP/1.1" 200 56176
58.37.230.33 - - [28/Dec/2020:11:24:08 +0800] "GET /xingrg/javascript/easyui/themes/default/validatebox.css HTTP/1.1" 404 1104
58.37.230.33 - - [28/Dec/2020:11:24:08 +0800] "POST /xingrg/kc/buy/cgsh_order_operate.html HTTP/1.1" 200 5963
58.37.230.33 - - [28/Dec/2020:11:24:09 +0800] "GET /xingrg/kc/print/load_data.html?order_code=212020122811446&kc_code=cgsh&condition= HTTP/1.1" 200 2862
101.228.166.101 - - [28/Dec/2020:11:24:11 +0800] "GET /xingrg/all/function/internal_message.html?_=1609125852985&CODE_STATE=getMsg HTTP/1.1" 200 27
58.37.230.33 - - [28/Dec/2020:11:24:13 +0800] "GET /xingrg/kc/buy/cgsh_order_add.html HTTP/1.1" 200 61273
58.37.230.33 - - [28/Dec/2020:11:24:13 +0800] "POST /xingrg/kc/buy/cgsh_order_operate.html HTTP/1.1" 200 8245
58.37.230.33 - - [28/Dec/2020:11:24:13 +0800] "GET /xingrg/javascript/easyui/themes/default/validatebox.css HTTP/1.1" 404 1104
172.17.200.101 - - [28/Dec/2020:11:24:14 +0800] "GET /xingrg/all/function/internal_message.html?_=1609125855881&CODE_STATE=getMsg HTTP/1.1" 200 27
180.156.237.57 - - [28/Dec/2020:11:24:14 +0800] "GET /xingrg/all/function/internal_message.html?_=1609125862475&CODE_STATE=getMsg HTTP/1.1" 200 27
180.156.237.57 - - [28/Dec/2020:11:24:14 +0800] "GET /xingrg/check_reg.html?_=1609125862477 HTTP/1.1" 200 22
101.85.93.83 - - [28/Dec/2020:11:24:14 +0800] "GET /xingrg/all/function/internal_message.html?_=1609125540864&CODE_STATE=getMsg HTTP/1.1" 200 27
180.157.253.48 - - [28/Dec/2020:11:24:17 +0800] "GET /xingrg/all/function/internal_message.html?_=1609125857349&CODE_STATE=getMsg HTTP/1.1" 200 27
101.89.239.232 - - [28/Dec/2020:11:24:19 +0800] "GET /xingrg/check_reg.html?_=1609125266546 HTTP/1.1" 302 -
101.228.166.101 - - [28/Dec/2020:11:24:19 +0800] "GET /xingrg/kc/buy/cgsh_order_operate.html?command=get_materiel&rest_code=00146&code=00101001049&supplier_code=00100090&order_time=2020-12-28 HTTP/1.1" 200 413
116.232.55.77 - - [28/Dec/2020:11:24:19 +0800] "GET /xingrg/all/function/internal_message.html?_=1609125860551&CODE_STATE=getMsg HTTP/1.1" 200 27
120.253.135.82 - - [28/Dec/2020:11:24:20 +0800] "GET /xingrg/all/function/internal_message.html?_=1609125972389&CODE_STATE=getMsg HTTP/1.1" 200 27
58.37.230.33 - - [28/Dec/2020:11:24:22 +0800] "GET /xingrg/kc/buy/cgsh_order_operate.html?command=get_materiel&rest_code=00141&code=00101001010&supplier_code=00100040&order_time=2020-12-28 HTTP/1.1" 200 429
180.162.223.42 - - [28/Dec/2020:11:24:22 +0800] "GET /xingrg/kc/buy/cgsh_order_operate.html?command=get_materiel&rest_code=00105&code=00101008036&supplier_code=00100203&order_time=2020-12-28 HTTP/1.1" 200 408
101.89.239.232 - - [28/Dec/2020:11:24:23 +0800] "GET /xingrg/login.html HTTP/1.1" 200 7641
58.37.230.33 - - [28/Dec/2020:11:24:25 +0800] "GET /xingrg/all/function/internal_message.html?_=1609125866551&CODE_STATE=getMsg HTTP/1.1" 200 27
58.37.230.33 - - [28/Dec/2020:11:24:25 +0800] "GET /xingrg/check_reg.html?_=1609125866581 HTTP/1.1" 200 22
172.17.0.110 - - [28/Dec/2020:11:24:26 +0800] "GET /favicon.ico HTTP/1.1" 404 -
114.84.4.90 - - [28/Dec/2020:11:24:26 +0800] "POST /xingrg/services/DataTransmitService HTTP/1.1" 200 524
114.84.4.90 - - [28/Dec/2020:11:24:27 +0800] "POST /xingrg/services/DataTransmitService HTTP/1.1" 200 412
180.156.237.57 - - [28/Dec/2020:11:24:27 +0800] "GET /xingrg/kc/buy/cgsh_order_add.html HTTP/1.1" 200 61191
180.156.237.57 - - [28/Dec/2020:11:24:28 +0800] "POST /xingrg/kc/buy/cgsh_order_operate.html HTTP/1.1" 200 8245
180.156.237.57 - - [28/Dec/2020:11:24:28 +0800] "GET /xingrg/javascript/easyui/themes/default/validatebox.css HTTP/1.1" 404 1104
114.84.4.90 - - [28/Dec/2020:11:24:29 +0800] "POST /xingrg/services/DataTransmitService HTTP/1.1" 200 524
114.84.4.90 - - [28/Dec/2020:11:24:29 +0800] "POST /xingrg/services/DataTransmitService HTTP/1.1" 200 412
58.37.230.33 - - [28/Dec/2020:11:24:31 +0800] "GET /xingrg/kc/buy/cgsh_order_operate.html?command=get_materiel&rest_code=00141&code=00101005037&supplier_code=00100040&order_time=2020-12-28 HTTP/1.1" 200 409
222.69.132.69 - - [28/Dec/2020:11:24:31 +0800] "GET /xingrg/all/function/internal_message.html?_=1609125870071&CODE_STATE=getMsg HTTP/1.1" 200 27
101.85.93.83 - - [28/Dec/2020:11:24:34 +0800] "POST /xingrg/kc/buy/cgsh_order_operate.html HTTP/1.1" 200 37
101.85.93.83 - - [28/Dec/2020:11:24:35 +0800] "POST /xingrg/kc/buy/cgsh_order_operate.html HTTP/1.1" 200 6233
101.85.52.2 - - [28/Dec/2020:11:24:36 +0800] "GET /xingrg/all/function/internal_message.html?_=1609125874575&CODE_STATE=getMsg HTTP/1.1" 200 27
101.228.166.101 - - [28/Dec/2020:11:24:37 +0800] "GET /xingrg/kc/buy/cgsh_order_operate.html?command=get_materiel&rest_code=00146&code=00101001044&supplier_code=00100090&order_time=2020-12-28 HTTP/1.1" 200 430
180.156.237.57 - - [28/Dec/2020:11:24:37 +0800] "GET /xingrg/kc/buy/cgsh_order_operate.html?command=get_materiel&rest_code=00150&code=00101005027&supplier_code=00100322&order_time=2020-12-28 HTTP/1.1" 200 440
180.162.223.42 - - [28/Dec/2020:11:24:41 +0800] "GET /xingrg/kc/buy/cgsh_order_operate.html?command=get_materiel&rest_code=00105&code=00101008286&supplier_code=00100203&order_time=2020-12-28 HTTP/1.1" 200 408
180.156.237.57 - - [28/Dec/2020:11:24:43 +0800] "GET /xingrg/all/function/internal_message.html?_=1609125866891&CODE_STATE=getMsg HTTP/1.1" 200 27
58.35.244.144 - - [28/Dec/2020:11:24:43 +0800] "GET /xingrg/all/function/internal_message.html?_=1609126033873&CODE_STATE=getMsg HTTP/1.1" 200 27
114.84.4.90 - - [28/Dec/2020:11:24:46 +0800] "GET /xingrg/all/function/internal_message.html?_=1609125886156&CODE_STATE=getMsg HTTP/1.1" 200 27
114.84.4.90 - - [28/Dec/2020:11:24:46 +0800] "GET /xingrg/check_reg.html?_=1609125886160 HTTP/1.1" 200 22
58.37.230.33 - - [28/Dec/2020:11:24:48 +0800] "POST /xingrg/kc/buy/cgsh_order_operate.html HTTP/1.1" 200 37
114.84.4.90 - - [28/Dec/2020:11:24:50 +0800] "POST /xingrg/services/DataTransmitService HTTP/1.1" 200 524
101.228.166.101 - - [28/Dec/2020:11:24:50 +0800] "POST /xingrg/kc/buy/cgsh_order_operate.html HTTP/1.1" 200 37
116.228.172.94 - - [28/Dec/2020:11:24:50 +0800] "GET /xingrg/all/function/internal_message.html?_=1609125888686&CODE_STATE=getMsg HTTP/1.1" 200 27
114.84.4.90 - - [28/Dec/2020:11:24:50 +0800] "POST /xingrg/services/DataTransmitService HTTP/1.1" 200 412
101.228.166.101 - - [28/Dec/2020:11:24:51 +0800] "POST /xingrg/kc/buy/cgsh_order_operate.html HTTP/1.1" 200 5633
117.131.5.26 - - [28/Dec/2020:11:24:51 +0800] "GET /xingrg/all/function/internal_message.html?_=1609125937416&CODE_STATE=getMsg HTTP/1.1" 200 27
58.37.230.33 - - [28/Dec/2020:11:24:51 +0800] "POST /xingrg/kc/buy/cgsh_order_operate.html HTTP/1.1" 200 12
114.84.4.90 - - [28/Dec/2020:11:24:51 +0800] "POST /xingrg/services/DataTransmitService HTTP/1.1" 200 524
58.37.230.33 - - [28/Dec/2020:11:24:52 +0800] "GET /xingrg/kc/buy/cgsh_order_info.html?code=212020122811448 HTTP/1.1" 200 56176
114.84.4.90 - - [28/Dec/2020:11:24:52 +0800] "POST /xingrg/services/DataTransmitService HTTP/1.1" 200 412
58.37.230.33 - - [28/Dec/2020:11:24:52 +0800] "GET /xingrg/javascript/easyui/themes/default/validatebox.css HTTP/1.1" 404 1104
58.37.230.33 - - [28/Dec/2020:11:24:53 +0800] "POST /xingrg/kc/buy/cgsh_order_operate.html HTTP/1.1" 200 1782
114.84.4.90 - - [28/Dec/2020:11:24:53 +0800] "POST /xingrg/services/DataTransmitService HTTP/1.1" 200 524
114.84.4.90 - - [28/Dec/2020:11:24:54 +0800] "POST /xingrg/services/DataTransmitService HTTP/1.1" 200 412
58.37.230.33 - - [28/Dec/2020:11:24:54 +0800] "GET /xingrg/kc/print/load_data.html?order_code=212020122811448&kc_code=cgsh&condition= HTTP/1.1" 200 1229
101.228.166.101 - - [28/Dec/2020:11:24:54 +0800] "GET /xingrg/kc/print/load_data.html?order_code=212020122811449&kc_code=cgsh&condition= HTTP/1.1" 200 1886
172.17.0.185 - - [28/Dec/2020:11:24:54 +0800] "GET /xingrg/all/function/internal_message.html?_=1609125893303&CODE_STATE=getMsg HTTP/1.1" 200 27
101.91.60.105 - - [28/Dec/2020:11:24:55 +0800] "GET /xingrg/all/function/internal_message.html?_=1609125266547&CODE_STATE=getMsg HTTP/1.1" 302 -
180.156.237.57 - - [28/Dec/2020:11:24:57 +0800] "POST /xingrg/kc/buy/cgsh_order_operate.html HTTP/1.1" 200 37
58.37.230.33 - - [28/Dec/2020:11:24:58 +0800] "GET /xingrg/all/function/internal_message.html?_=1609125462625&CODE_STATE=getMsg HTTP/1.1" 200 27
180.156.237.57 - - [28/Dec/2020:11:24:59 +0800] "POST /xingrg/kc/buy/cgsh_order_operate.html HTTP/1.1" 200 12
58.37.230.33 - - [28/Dec/2020:11:24:59 +0800] "GET /xingrg/kc/buy/cgsh_order_add.html HTTP/1.1" 200 61273
172.17.0.100 - - [28/Dec/2020:11:24:59 +0800] "GET /xingrg/all/function/internal_message.html?_=1609125976027&CODE_STATE=getMsg HTTP/1.1" 200 27
58.37.230.33 - - [28/Dec/2020:11:25:00 +0800] "POST /xingrg/kc/buy/cgsh_order_operate.html HTTP/1.1" 200 8245
58.37.230.33 - - [28/Dec/2020:11:25:00 +0800] "GET /xingrg/javascript/easyui/themes/default/validatebox.css HTTP/1.1" 404 1104
180.162.223.42 - - [28/Dec/2020:11:25:00 +0800] "GET /xingrg/all/function/internal_message.html?_=1609125882221&CODE_STATE=getMsg HTTP/1.1" 200 27
180.156.237.57 - - [28/Dec/2020:11:25:00 +0800] "GET /xingrg/kc/buy/cgsh_order_info.html?code=212020122811450 HTTP/1.1" 200 56088
180.156.237.57 - - [28/Dec/2020:11:25:00 +0800] "GET /xingrg/javascript/easyui/themes/default/validatebox.css HTTP/1.1" 404 1104
180.156.237.57 - - [28/Dec/2020:11:25:00 +0800] "POST /xingrg/kc/buy/cgsh_order_operate.html HTTP/1.1" 200 616
180.156.237.57 - - [28/Dec/2020:11:25:02 +0800] "GET /xingrg/kc/print/load_data.html?order_code=212020122811450&kc_code=cgsh&condition= HTTP/1.1" 200 709
114.84.4.90 - - [28/Dec/2020:11:25:03 +0800] "POST /xingrg/services/DataTransmitService HTTP/1.1" 200 524
101.91.60.105 - - [28/Dec/2020:11:25:03 +0800] "GET /xingrg/login.html HTTP/1.1" 200 7641
114.84.4.90 - - [28/Dec/2020:11:25:04 +0800] "POST /xingrg/services/DataTransmitService HTTP/1.1" 200 412
117.185.32.26 - - [28/Dec/2020:11:25:04 +0800] "GET /xingrg/all/function/internal_message.html?_=1609126371391&CODE_STATE=getMsg HTTP/1.1" 200 27
180.152.116.185 - - [28/Dec/2020:11:25:05 +0800] "GET /xingrg/login.html HTTP/1.1" 200 7641
180.152.116.185 - - [28/Dec/2020:11:25:06 +0800] "GET /xingrg/images/blue/jxLogo.png HTTP/1.1" 304 -
180.152.116.185 - - [28/Dec/2020:11:25:06 +0800] "GET /xingrg/images/blue/login_bg.png HTTP/1.1" 304 -
180.152.116.185 - - [28/Dec/2020:11:25:06 +0800] "GET /xingrg/images/blue/srbg.png HTTP/1.1" 304 -
180.152.116.185 - - [28/Dec/2020:11:25:06 +0800] "GET /xingrg/images/blue/hj.png HTTP/1.1" 304 -
180.156.237.57 - - [28/Dec/2020:11:25:06 +0800] "GET /xingrg/kc/buy/cgsh_order_add.html HTTP/1.1" 200 61191
180.162.223.42 - - [28/Dec/2020:11:25:06 +0800] "GET /xingrg/kc/buy/cgsh_order_operate.html?command=get_materiel&rest_code=00105&code=00101008108&supplier_code=00100203&order_time=2020-12-28 HTTP/1.1" 200 412
180.156.237.57 - - [28/Dec/2020:11:25:06 +0800] "POST /xingrg/kc/buy/cgsh_order_operate.html HTTP/1.1" 200 8245
180.156.237.57 - - [28/Dec/2020:11:25:06 +0800] "GET /xingrg/javascript/easyui/themes/default/validatebox.css HTTP/1.1" 404 1104
180.152.116.185 - - [28/Dec/2020:11:25:06 +0800] "GET /favicon.ico HTTP/1.1" 404 -
114.84.4.90 - - [28/Dec/2020:11:25:08 +0800] "POST /xingrg/services/DataTransmitService HTTP/1.1" 200 524
114.84.4.90 - - [28/Dec/2020:11:25:08 +0800] "POST /xingrg/services/DataTransmitService HTTP/1.1" 200 412
58.37.230.33 - - [28/Dec/2020:11:25:08 +0800] "GET /xingrg/kc/buy/cgsh_order_operate.html?command=get_materiel&rest_code=00141&code=00101016010&supplier_code=00100036&order_time=2020-12-28 HTTP/1.1" 200 408
114.84.4.90 - - [28/Dec/2020:11:25:10 +0800] "POST /xingrg/services/DataTransmitService HTTP/1.1" 200 524
114.84.4.90 - - [28/Dec/2020:11:25:11 +0800] "POST /xingrg/services/DataTransmitService HTTP/1.1" 200 412
180.152.116.185 - - [28/Dec/2020:11:25:11 +0800] "POST /xingrg/login.do HTTP/1.1" 302 -
180.152.116.185 - - [28/Dec/2020:11:25:11 +0800] "GET /xingrg/index.html?sysBaseUrl=http%3A%2F%2F180.169.147.146%3A18081%2Fxingrg%2F&costTime=39×tamp=1609125911592 HTTP/1.1" 200 17173
180.152.116.185 - - [28/Dec/2020:11:25:11 +0800] "GET /xingrg/css/form.css HTTP/1.1" 304 -
101.228.166.101 - - [28/Dec/2020:11:25:11 +0800] "GET /xingrg/all/function/internal_message.html?_=1609125913384&CODE_STATE=getMsg HTTP/1.1" 200 27
180.152.116.185 - - [28/Dec/2020:11:25:11 +0800] "GET /xingrg/javascript/jquery_easy_ui/themes/default/easyui.css HTTP/1.1" 304 -
180.152.116.185 - - [28/Dec/2020:11:25:11 +0800] "GET /xingrg/javascript/jquery_easy_ui/themes/icon.css HTTP/1.1" 304 -
180.152.116.185 - - [28/Dec/2020:11:25:11 +0800] "GET /xingrg/javascript/jquery-1.4.2.min.js HTTP/1.1" 304 -
180.152.116.185 - - [28/Dec/2020:11:25:12 +0800] "GET /xingrg/javascript/jquery_easy_ui/jquery.easyui.min.js HTTP/1.1" 304 -
180.152.116.185 - - [28/Dec/2020:11:25:12 +0800] "GET /xingrg/javascript/jquery_easy_ui/easyui-lang-zh_CN.js HTTP/1.1" 304 -
180.152.116.185 - - [28/Dec/2020:11:25:12 +0800] "GET /xingrg/javascript/jquery.form.js HTTP/1.1" 304 -
180.152.116.185 - - [28/Dec/2020:11:25:12 +0800] "GET /xingrg/javascript/jquery.utils.js HTTP/1.1" 304 -
180.152.116.185 - - [28/Dec/2020:11:25:12 +0800] "GET /xingrg/javascript/jquery.timers.js HTTP/1.1" 304 -
180.152.116.185 - - [28/Dec/2020:11:25:12 +0800] "POST /xingrg/all/common/load_tree.html?tree=area_rest_tree_json&manage=1 HTTP/1.1" 200 342
180.152.116.185 - - [28/Dec/2020:11:25:13 +0800] "GET /xingrg/check_reg.html?_=1609126149226 HTTP/1.1" 200 22
180.152.116.185 - - [28/Dec/2020:11:25:13 +0800] "GET /xingrg/all/function/internal_message.html?_=1609126149224&CODE_STATE=count HTTP/1.1" 200 11
180.152.116.185 - - [28/Dec/2020:11:25:13 +0800] "GET /favicon.ico HTTP/1.1" 404 -
180.152.116.185 - - [28/Dec/2020:11:25:14 +0800] "POST /xingrg/load_menu.html HTTP/1.1" 200 5138
180.156.237.57 - - [28/Dec/2020:11:25:14 +0800] "GET /xingrg/kc/buy/cgsh_order_operate.html?command=get_materiel&rest_code=00150&code=00101004067&supplier_code=00100312&order_time=2020-12-28 HTTP/1.1" 200 413
172.17.200.101 - - [28/Dec/2020:11:25:14 +0800] "GET /xingrg/all/function/internal_message.html?_=1609125915885&CODE_STATE=getMsg HTTP/1.1" 200 27
180.156.237.57 - - [28/Dec/2020:11:25:14 +0800] "GET /xingrg/all/function/internal_message.html?_=1609125922485&CODE_STATE=getMsg HTTP/1.1" 200 27
101.85.93.83 - - [28/Dec/2020:11:25:14 +0800] "GET /xingrg/all/function/internal_message.html?_=1609125600853&CODE_STATE=getMsg HTTP/1.1" 200 27
180.157.253.48 - - [28/Dec/2020:11:25:16 +0800] "GET /xingrg/check_reg.html?_=1609125916104 HTTP/1.1" 200 22
58.37.230.33 - - [28/Dec/2020:11:25:16 +0800] "GET /xingrg/kc/buy/cgsh_order_operate.html?command=get_materiel&rest_code=00141&code=00101016025&supplier_code=00100036&order_time=2020-12-28 HTTP/1.1" 200 408
101.228.166.101 - - [28/Dec/2020:11:25:17 +0800] "GET /xingrg/kc/buy/cgsh_order_add.html HTTP/1.1" 200 61273
180.157.253.48 - - [28/Dec/2020:11:25:17 +0800] "GET /xingrg/all/function/internal_message.html?_=1609125917323&CODE_STATE=getMsg HTTP/1.1" 200 27
114.84.4.90 - - [28/Dec/2020:11:25:17 +0800] "POST /xingrg/services/DataTransmitService HTTP/1.1" 200 524
180.152.116.185 - - [28/Dec/2020:11:25:17 +0800] "GET /xingrg/css/base.css HTTP/1.1" 304 -
180.152.116.185 - - [28/Dec/2020:11:25:17 +0800] "GET /xingrg/css/site.css HTTP/1.1" 304 -
180.152.116.185 - - [28/Dec/2020:11:25:17 +0800] "GET /xingrg/javascript/jquery_tools/datebox.css HTTP/1.1" 304 -
180.152.116.185 - - [28/Dec/2020:11:25:17 +0800] "GET /xingrg/kc/buy/cgsh_order_list.html HTTP/1.1" 200 45530
180.152.116.185 - - [28/Dec/2020:11:25:17 +0800] "GET /xingrg/css/base.css HTTP/1.1" 304 -
180.152.116.185 - - [28/Dec/2020:11:25:17 +0800] "GET /xingrg/css/site.css HTTP/1.1" 304 -
180.152.116.185 - - [28/Dec/2020:11:25:17 +0800] "GET /xingrg/javascript/jquery_tools/datebox.css HTTP/1.1" 304 -
180.152.116.185 - - [28/Dec/2020:11:25:17 +0800] "GET /xingrg/javascript/easyui/themes/default/easyui.css HTTP/1.1" 304 -
180.152.116.185 - - [28/Dec/2020:11:25:17 +0800] "GET /xingrg/javascript/easyui/themes/icon.css HTTP/1.1" 304 -
180.152.116.185 - - [28/Dec/2020:11:25:17 +0800] "GET /xingrg/kc/buy/cgsh_order_list.html HTTP/1.1" 200 45530
180.152.116.185 - - [28/Dec/2020:11:25:17 +0800] "GET /xingrg/javascript/auto/jquery.autocomplete.css HTTP/1.1" 304 -
180.152.116.185 - - [28/Dec/2020:11:25:17 +0800] "GET /xingrg/javascript/jquery_tools/table.css HTTP/1.1" 304 -
180.152.116.185 - - [28/Dec/2020:11:25:17 +0800] "GET /xingrg/javascript/jquery_tools/fix.css HTTP/1.1" 304 -
180.152.116.185 - - [28/Dec/2020:11:25:17 +0800] "GET /xingrg/javascript/jquery_tools/jquery.tools.min.js HTTP/1.1" 304 -
180.152.116.185 - - [28/Dec/2020:11:25:17 +0800] "GET /xingrg/javascript/jquery_tools/jquery.tools.extend.js HTTP/1.1" 304 -
180.152.116.185 - - [28/Dec/2020:11:25:17 +0800] "GET /xingrg/javascript/jquery_tools/jquery.tools.hotkey.js HTTP/1.1" 304 -
180.152.116.185 - - [28/Dec/2020:11:25:17 +0800] "GET /xingrg/javascript/auto/jquery.autocomplete.js HTTP/1.1" 304 -
180.152.116.185 - - [28/Dec/2020:11:25:17 +0800] "GET /xingrg/javascript/jquery_tools/jquery.tools.table.js HTTP/1.1" 304 -
180.152.116.185 - - [28/Dec/2020:11:25:17 +0800] "GET /xingrg/javascript/jquery_tools/list_manager.js HTTP/1.1" 304 -
180.152.116.185 - - [28/Dec/2020:11:25:17 +0800] "GET /xingrg/javascript/easyui/easyloader.js HTTP/1.1" 304 -
180.152.116.185 - - [28/Dec/2020:11:25:17 +0800] "GET /xingrg/javascript/jquery.cookie.js HTTP/1.1" 304 -
180.152.116.185 - - [28/Dec/2020:11:25:17 +0800] "GET /xingrg/javascript/print/LodopFuncs.js HTTP/1.1" 304 -
114.84.4.90 - - [28/Dec/2020:11:25:18 +0800] "POST /xingrg/services/DataTransmitService HTTP/1.1" 200 412
116.232.55.77 - - [28/Dec/2020:11:25:18 +0800] "GET /xingrg/kc/buy/buy_main.html HTTP/1.1" 200 12412
116.232.55.77 - - [28/Dec/2020:11:25:18 +0800] "GET /xingrg/css/new_ie.css HTTP/1.1" 404 1036
180.162.223.42 - - [28/Dec/2020:11:25:18 +0800] "GET /xingrg/kc/buy/cgsh_order_operate.html?command=get_materiel&rest_code=00105&code=00101008318&supplier_code=00100203&order_time=2020-12-28 HTTP/1.1" 200 408
120.253.135.82 - - [28/Dec/2020:11:25:18 +0800] "GET /xingrg/check_reg.html?_=1609126030471 HTTP/1.1" 200 22
101.228.166.101 - - [28/Dec/2020:11:25:19 +0800] "POST /xingrg/kc/buy/cgsh_order_operate.html HTTP/1.1" 200 8245
180.152.116.185 - - [28/Dec/2020:11:25:19 +0800] "GET /xingrg/javascript/easyui/plugins/jquery.parser.js HTTP/1.1" 304 -
101.228.166.101 - - [28/Dec/2020:11:25:19 +0800] "GET /xingrg/javascript/easyui/themes/default/validatebox.css HTTP/1.1" 404 1104
116.232.55.77 - - [28/Dec/2020:11:25:19 +0800] "GET /xingrg/kc/buy/cgsh_order_list.html HTTP/1.1" 200 45530
180.152.116.185 - - [28/Dec/2020:11:25:19 +0800] "POST /xingrg/kc/buy/cgsh_list_operate.html HTTP/1.1" 200 876
116.232.55.77 - - [28/Dec/2020:11:25:19 +0800] "GET /xingrg/all/function/internal_message.html?_=1609125920550&CODE_STATE=getMsg HTTP/1.1" 200 27
116.232.55.77 - - [28/Dec/2020:11:25:19 +0800] "GET /xingrg/check_reg.html?_=1609125920554 HTTP/1.1" 200 22
120.253.135.82 - - [28/Dec/2020:11:25:20 +0800] "GET /xingrg/all/function/internal_message.html?_=1609126032402&CODE_STATE=getMsg HTTP/1.1" 200 27
116.232.55.77 - - [28/Dec/2020:11:25:20 +0800] "POST /xingrg/kc/buy/cgsh_list_operate.html HTTP/1.1" 200 3853
180.152.116.185 - - [28/Dec/2020:11:25:22 +0800] "GET /xingrg/javascript/pic_change.js HTTP/1.1" 304 -
180.152.116.185 - - [28/Dec/2020:11:25:22 +0800] "GET /xingrg/javascript/jquery_tools/order_manager.js HTTP/1.1" 304 -
180.152.116.185 - - [28/Dec/2020:11:25:22 +0800] "GET /xingrg/javascript/convert.js HTTP/1.1" 304 -
180.152.116.185 - - [28/Dec/2020:11:25:22 +0800] "GET /xingrg/javascript/json2.js HTTP/1.1" 304 -
180.152.116.185 - - [28/Dec/2020:11:25:22 +0800] "GET /xingrg/javascript/print/kc_print.js HTTP/1.1" 304 -
180.152.116.185 - - [28/Dec/2020:11:25:22 +0800] "GET /xingrg/kc/buy/cgsh_order_add.html HTTP/1.1" 200 61226
180.152.116.185 - - [28/Dec/2020:11:25:23 +0800] "GET /xingrg/words/20201227153045_words.js HTTP/1.1" 304 -
180.152.116.185 - - [28/Dec/2020:11:25:24 +0800] "POST /xingrg/kc/buy/cgsh_order_operate.html HTTP/1.1" 200 8245
180.152.116.185 - - [28/Dec/2020:11:25:24 +0800] "GET /xingrg/all/common/auto_word.html?type=employee&rest_code=00102 HTTP/1.1" 200 189
180.152.116.185 - - [28/Dec/2020:11:25:24 +0800] "GET /xingrg/all/common/auto_word.html?type=employee&rest_code=00102 HTTP/1.1" 200 189
180.152.116.185 - - [28/Dec/2020:11:25:24 +0800] "GET /xingrg/javascript/easyui/themes/default/validatebox.css HTTP/1.1" 404 1104
180.152.116.185 - - [28/Dec/2020:11:25:24 +0800] "GET /xingrg/javascript/easyui/plugins/jquery.validatebox.js HTTP/1.1" 304 -
180.152.116.185 - - [28/Dec/2020:11:25:24 +0800] "GET /xingrg/javascript/easyui/plugins/jquery.numberbox.js HTTP/1.1" 304 -
58.37.230.33 - - [28/Dec/2020:11:25:25 +0800] "GET /xingrg/all/function/internal_message.html?_=1609125926530&CODE_STATE=getMsg HTTP/1.1" 200 27
180.156.237.57 - - [28/Dec/2020:11:25:27 +0800] "GET /xingrg/kc/buy/cgsh_order_operate.html?command=get_materiel&rest_code=00150&code=00101001029&supplier_code=00100312&order_time=2020-12-28 HTTP/1.1" 200 415
58.37.230.33 - - [28/Dec/2020:11:25:27 +0800] "GET /xingrg/kc/buy/cgsh_order_operate.html?command=get_materiel&rest_code=00141&code=00101012019&supplier_code=00100036&order_time=2020-12-28 HTTP/1.1" 200 412
116.232.55.77 - - [28/Dec/2020:11:25:27 +0800] "GET /xingrg/kc/buy/cgsh_order_add.html HTTP/1.1" 200 61314
116.232.55.77 - - [28/Dec/2020:11:25:27 +0800] "POST /xingrg/kc/buy/cgsh_order_operate.html HTTP/1.1" 200 8245
116.232.55.77 - - [28/Dec/2020:11:25:27 +0800] "GET /xingrg/all/common/auto_word.html?type=employee&rest_code=00109 HTTP/1.1" 200 205
116.232.55.77 - - [28/Dec/2020:11:25:27 +0800] "GET /xingrg/all/common/auto_word.html?type=employee&rest_code=00109 HTTP/1.1" 200 205
116.232.55.77 - - [28/Dec/2020:11:25:27 +0800] "GET /xingrg/javascript/easyui/themes/default/validatebox.css HTTP/1.1" 404 1104
222.69.132.69 - - [28/Dec/2020:11:25:31 +0800] "GET /xingrg/all/function/internal_message.html?_=1609125930051&CODE_STATE=getMsg HTTP/1.1" 200 27
180.162.223.42 - - [28/Dec/2020:11:25:34 +0800] "GET /xingrg/kc/buy/cgsh_order_operate.html?command=get_materiel&rest_code=00105&code=00101008213&supplier_code=00100203&order_time=2020-12-28 HTTP/1.1" 200 412
101.91.60.11 - - [28/Dec/2020:11:25:34 +0800] "GET /xingrg/all/function/internal_message.html?_=1609125326658&CODE_STATE=getMsg HTTP/1.1" 302 -
101.228.166.101 - - [28/Dec/2020:11:25:36 +0800] "GET /xingrg/kc/buy/cgsh_order_operate.html?command=get_materiel&rest_code=00146&code=00101006166&supplier_code=00100344&order_time=2020-12-28 HTTP/1.1" 200 423
58.37.230.33 - - [28/Dec/2020:11:25:36 +0800] "GET /xingrg/kc/buy/cgsh_order_operate.html?command=get_materiel&rest_code=00141&code=00101007109&supplier_code=00100036&order_time=2020-12-28 HTTP/1.1" 200 408
101.85.52.2 - - [28/Dec/2020:11:25:36 +0800] "GET /xingrg/all/function/internal_message.html?_=1609125934563&CODE_STATE=getMsg HTTP/1.1" 200 27
116.232.55.77 - - [28/Dec/2020:11:25:39 +0800] "GET /xingrg/kc/buy/cgsh_order_operate.html?command=get_materiel&rest_code=00109&code=00101009045&supplier_code=00100022&order_time=2020-12-28 HTTP/1.1" 200 412
101.91.60.11 - - [28/Dec/2020:11:25:41 +0800] "GET /xingrg/login.html HTTP/1.1" 200 7641
180.156.237.57 - - [28/Dec/2020:11:25:43 +0800] "GET /xingrg/all/function/internal_message.html?_=1609125926904&CODE_STATE=getMsg HTTP/1.1" 200 27
58.35.244.144 - - [28/Dec/2020:11:25:43 +0800] "GET /xingrg/all/function/internal_message.html?_=1609126093842&CODE_STATE=getMsg HTTP/1.1" 200 27
58.35.244.144 - - [28/Dec/2020:11:25:44 +0800] "GET /xingrg/check_reg.html?_=1609126094833 HTTP/1.1" 200 22
101.89.239.120 - - [28/Dec/2020:11:25:46 +0800] "GET /xingrg/kc/print/load_config.html?kc_code=cgsh HTTP/1.1" 302 -
114.84.4.90 - - [28/Dec/2020:11:25:46 +0800] "GET /xingrg/all/function/internal_message.html?_=1609125946160&CODE_STATE=getMsg HTTP/1.1" 200 27
58.37.230.33 - - [28/Dec/2020:11:25:46 +0800] "GET /xingrg/kc/buy/cgsh_order_operate.html?command=get_materiel&rest_code=00141&code=00101016053&supplier_code=00100036&order_time=2020-12-28 HTTP/1.1" 200 408
101.89.239.120 - - [28/Dec/2020:11:25:50 +0800] "GET /xingrg/login.html HTTP/1.1" 200 7641
116.232.55.77 - - [28/Dec/2020:11:25:50 +0800] "GET /xingrg/kc/buy/cgsh_order_operate.html?command=get_materiel&rest_code=00109&code=00101009049&supplier_code=00100022&order_time=2020-12-28 HTTP/1.1" 200 416
116.228.172.94 - - [28/Dec/2020:11:25:50 +0800] "GET /xingrg/all/function/internal_message.html?_=1609125948669&CODE_STATE=getMsg HTTP/1.1" 200 27
58.37.230.33 - - [28/Dec/2020:11:25:51 +0800] "GET /xingrg/kc/buy/cgsh_order_operate.html?command=get_materiel&rest_code=00141&code=00101003035&supplier_code=00100092&order_time=2020-12-28 HTTP/1.1" 200 429
117.131.5.26 - - [28/Dec/2020:11:25:51 +0800] "GET /xingrg/all/function/internal_message.html?_=1609125997389&CODE_STATE=getMsg HTTP/1.1" 200 27
101.228.166.101 - - [28/Dec/2020:11:25:53 +0800] "POST /xingrg/kc/buy/cgsh_order_operate.html HTTP/1.1" 200 37
117.131.5.26 - - [28/Dec/2020:11:25:53 +0800] "GET /xingrg/check_reg.html?_=1609126289005 HTTP/1.1" 302 -
117.131.5.26 - - [28/Dec/2020:11:25:53 +0800] "GET /xingrg/login.html HTTP/1.1" 200 7641
172.17.0.185 - - [28/Dec/2020:11:25:54 +0800] "GET /xingrg/all/function/internal_message.html?_=1609125953295&CODE_STATE=getMsg HTTP/1.1" 200 27
180.162.223.42 - - [28/Dec/2020:11:25:55 +0800] "GET /xingrg/kc/buy/cgsh_order_operate.html?command=get_materiel&rest_code=00105&code=00101008197&supplier_code=00100203&order_time=2020-12-28 HTTP/1.1" 200 416
101.228.166.101 - - [28/Dec/2020:11:25:55 +0800] "POST /xingrg/kc/buy/cgsh_order_operate.html HTTP/1.1" 200 2669
58.37.230.33 - - [28/Dec/2020:11:25:57 +0800] "GET /xingrg/kc/buy/cgsh_order_operate.html?command=get_materiel&rest_code=00141&code=00101020078&supplier_code=00100036&order_time=2020-12-28 HTTP/1.1" 200 450
101.228.166.101 - - [28/Dec/2020:11:25:58 +0800] "GET /xingrg/kc/print/load_data.html?order_code=212020122811451&kc_code=cgsh&condition= HTTP/1.1" 200 702
172.17.0.100 - - [28/Dec/2020:11:25:59 +0800] "GET /xingrg/all/function/internal_message.html?_=1609126036025&CODE_STATE=getMsg HTTP/1.1" 200 27
172.17.0.100 - - [28/Dec/2020:11:25:59 +0800] "GET /xingrg/check_reg.html?_=1609126036019 HTTP/1.1" 200 22
180.162.223.42 - - [28/Dec/2020:11:26:00 +0800] "GET /xingrg/all/function/internal_message.html?_=1609125942198&CODE_STATE=getMsg HTTP/1.1" 200 27
58.37.230.33 - - [28/Dec/2020:11:26:00 +0800] "POST /xingrg/kc/buy/cgsh_order_operate.html HTTP/1.1" 200 37
180.156.237.57 - - [28/Dec/2020:11:26:00 +0800] "GET /xingrg/kc/buy/cgsh_order_operate.html?command=get_materiel&rest_code=00150&code=00101001016&supplier_code=00100312&order_time=2020-12-28 HTTP/1.1" 200 415
116.232.55.77 - - [28/Dec/2020:11:26:01 +0800] "GET /xingrg/kc/buy/cgsh_order_operate.html?command=get_materiel&rest_code=00109&code=00101009112&supplier_code=00100022&order_time=2020-12-28 HTTP/1.1" 200 411
58.37.230.33 - - [28/Dec/2020:11:26:03 +0800] "POST /xingrg/kc/buy/cgsh_order_operate.html HTTP/1.1" 200 12
61.151.179.84 - - [28/Dec/2020:11:26:03 +0800] "GET /xingrg/kc/buy/cgsh_order_info.html?code=212020122811384 HTTP/1.1" 302 -
117.185.32.26 - - [28/Dec/2020:11:26:04 +0800] "GET /xingrg/all/function/internal_message.html?_=1609126431415&CODE_STATE=getMsg HTTP/1.1" 200 27
101.228.166.101 - - [28/Dec/2020:11:26:05 +0800] "GET /xingrg/check_reg.html?_=1609125966524 HTTP/1.1" 200 22
180.162.223.42 - - [28/Dec/2020:11:26:05 +0800] "POST /xingrg/kc/buy/cgsh_order_operate.html HTTP/1.1" 200 37
58.37.230.33 - - [28/Dec/2020:11:26:05 +0800] "GET /xingrg/kc/buy/cgsh_order_info.html?code=212020122811452 HTTP/1.1" 200 56178
58.37.230.33 - - [28/Dec/2020:11:26:06 +0800] "GET /xingrg/javascript/easyui/themes/default/validatebox.css HTTP/1.1" 404 1104
180.162.223.42 - - [28/Dec/2020:11:26:06 +0800] "POST /xingrg/kc/buy/cgsh_order_operate.html HTTP/1.1" 200 12693
58.37.230.33 - - [28/Dec/2020:11:26:06 +0800] "POST /xingrg/kc/buy/cgsh_order_operate.html HTTP/1.1" 200 608
101.89.19.197 - - [28/Dec/2020:11:26:07 +0800] "GET /xingrg/all/function/internal_message.html?_=1609125386566&CODE_STATE=getMsg HTTP/1.1" 302 -
101.85.93.83 - - [28/Dec/2020:11:26:07 +0800] "POST /xingrg/kc/buy/cgsh_order_operate.html HTTP/1.1" 200 37
58.37.230.33 - - [28/Dec/2020:11:26:08 +0800] "GET /xingrg/kc/print/load_data.html?order_code=212020122811452&kc_code=cgsh&condition= HTTP/1.1" 200 757
61.129.7.235 - - [28/Dec/2020:11:26:09 +0800] "GET /xingrg/kc/buy/cgsh_order_operate.html?command=get_materiel&rest_code=00141&code=00101008141&supplier_code=00100007&order_time=2020-12-28 HTTP/1.1" 302 -
101.85.93.83 - - [28/Dec/2020:11:26:10 +0800] "POST /xingrg/kc/buy/cgsh_order_operate.html HTTP/1.1" 200 12
