180.157.253.48 - - [28/Dec/2020:10:54:30 +0800] "GET /xingrg/check_reg.html?_=1609124070562 HTTP/1.1" 200 22
180.157.253.48 - - [28/Dec/2020:10:54:30 +0800] "POST /xingrg/load_menu.html HTTP/1.1" 200 11443
58.37.230.33 - - [28/Dec/2020:10:54:31 +0800] "POST /xingrg/kc/buy/cgyd_order_operate.html HTTP/1.1" 200 7066
58.37.230.33 - - [28/Dec/2020:10:54:31 +0800] "GET /xingrg/javascript/easyui/themes/default/validatebox.css HTTP/1.1" 404 1104
58.37.230.33 - - [28/Dec/2020:10:54:31 +0800] "GET /xingrg/javascript/easyui/plugins/jquery.validatebox.js HTTP/1.1" 200 6103
58.37.230.33 - - [28/Dec/2020:10:54:31 +0800] "GET /xingrg/all/common/auto_word.html?type=base&rest_code=00141 HTTP/1.1" 200 1753
222.69.132.69 - - [28/Dec/2020:10:54:31 +0800] "GET /xingrg/all/function/internal_message.html?_=1609124069833&CODE_STATE=getMsg HTTP/1.1" 200 27
58.37.230.33 - - [28/Dec/2020:10:54:31 +0800] "GET /xingrg/javascript/easyui/themes/icons/edit_remove.png HTTP/1.1" 200 625
58.37.230.33 - - [28/Dec/2020:10:54:31 +0800] "GET /xingrg/javascript/easyui/plugins/jquery.numberbox.js HTTP/1.1" 200 5213
101.85.52.2 - - [28/Dec/2020:10:54:32 +0800] "GET /xingrg/all/report/report_query.html?isQuery=1&fileName=kc/buy/wlcg_cate_hz.xml&queryString=(CONVERT(char(10)%252Ca.order_time%252C%2520120)%253E%253D'2020-10-01')%2520and%2520(CONVERT(char(10)%252Ca.order_time%252C%2520120)%253C%253D'2020-10-31')%2520and%2520(a.supplier_code%2520in%2520('00100007'))%2520and%2520(a.number%253E0%2520and%2520a.supplier_code%253D'00100007')&queryText=%25E3%2580%2590%25E9%2587%2587%25E8%25B4%25AD%25E6%2597%25A5%25E6%259C%259F%253A2020-10-01%2520%25E8%2587%25B3%25202020-10-31%25E3%2580%2591%2520%25E5%25B9%25B6%25E4%25B8%2594%2520%2520%25E3%2580%2590%25E4%25BE%259B%25E5%25BA%2594%25E5%2595%2586%2520%253D%2520%25E8%2594%25AC%25E8%258F%259C%25EF%25BC%2588%25E6%25AD%25A6%25E9%2587%2591%25E7%25BA%25A2%25EF%25BC%2589%25E3%2580%2591%2520%25E5%25B9%25B6%25E4%25B8%2594%2520%25E3%2580%2590%25E4%25BE%259B%25E5%25BA%2594%25E5%2595%2586%253D%25E8%2594%25AC%25E8%258F%259C%25EF%25BC%2588%25E6%25AD%25A6%25E9%2587%2591%25E7%25BA%25A2%25EF%25BC%2589%25E3%2580%2591 HTTP/1.1" 200 54480
101.85.52.2 - - [28/Dec/2020:10:54:32 +0800] "GET /xingrg/dwr/interface/AjaxReportQueryService.js HTTP/1.1" 200 13203
101.85.52.2 - - [28/Dec/2020:10:54:32 +0800] "GET /xingrg/dwr/engine.js HTTP/1.1" 200 43631
101.85.52.2 - - [28/Dec/2020:10:54:34 +0800] "POST /xingrg/all/report/load_report_page.html HTTP/1.1" 200 8716
101.85.52.2 - - [28/Dec/2020:10:54:34 +0800] "GET /xingrg/servlets/image?cache=0.4961532664067776&image=px HTTP/1.1" 200 807
116.228.172.94 - - [28/Dec/2020:10:54:35 +0800] "GET /xingrg/kc/buy/cgsh_order_operate.html?command=get_materiel&rest_code=00107&code=00101010088&supplier_code=00100323&order_time=2020-12-28 HTTP/1.1" 200 418
101.85.52.2 - - [28/Dec/2020:10:54:36 +0800] "GET /xingrg/all/function/internal_message.html?_=1609124074454&CODE_STATE=getMsg HTTP/1.1" 200 27
101.85.52.2 - - [28/Dec/2020:10:54:39 +0800] "POST /xingrg/all/report/load_report_page.html HTTP/1.1" 200 83246
101.85.52.2 - - [28/Dec/2020:10:54:39 +0800] "GET /xingrg/servlets/image?cache=0.8199565368842403&image=px HTTP/1.1" 200 807
180.157.253.48 - - [28/Dec/2020:10:54:42 +0800] "POST /xingrg/all/user/operate.html HTTP/1.1" 200 36
180.157.253.48 - - [28/Dec/2020:10:54:42 +0800] "GET /xingrg/javascript/jquery_easy_ui/themes/default/easyui.css HTTP/1.1" 304 -
180.157.253.48 - - [28/Dec/2020:10:54:42 +0800] "GET /xingrg/index.html?sysBaseUrl=http%3A%2F%2F180.169.147.146%3A18081%2Fxingrg%2F&costTime=39×tamp=1609124070214 HTTP/1.1" 200 17509
180.157.253.48 - - [28/Dec/2020:10:54:42 +0800] "GET /xingrg/javascript/jquery_easy_ui/themes/icon.css HTTP/1.1" 304 -
180.157.253.48 - - [28/Dec/2020:10:54:42 +0800] "GET /xingrg/css/form.css HTTP/1.1" 304 -
180.157.253.48 - - [28/Dec/2020:10:54:42 +0800] "GET /xingrg/javascript/jquery-1.4.2.min.js HTTP/1.1" 304 -
180.156.237.57 - - [28/Dec/2020:10:54:42 +0800] "GET /xingrg/all/function/internal_message.html?_=1609124066330&CODE_STATE=getMsg HTTP/1.1" 200 27
180.157.253.48 - - [28/Dec/2020:10:54:42 +0800] "GET /xingrg/javascript/jquery_easy_ui/jquery.easyui.min.js HTTP/1.1" 304 -
180.157.253.48 - - [28/Dec/2020:10:54:42 +0800] "GET /xingrg/javascript/jquery_easy_ui/easyui-lang-zh_CN.js HTTP/1.1" 304 -
180.157.253.48 - - [28/Dec/2020:10:54:42 +0800] "GET /xingrg/javascript/jquery.form.js HTTP/1.1" 304 -
180.157.253.48 - - [28/Dec/2020:10:54:42 +0800] "GET /xingrg/javascript/jquery.utils.js HTTP/1.1" 304 -
180.157.253.48 - - [28/Dec/2020:10:54:42 +0800] "GET /xingrg/javascript/jquery.timers.js HTTP/1.1" 304 -
101.85.52.2 - - [28/Dec/2020:10:54:42 +0800] "POST /xingrg/all/report/report_print.html HTTP/1.1" 302 -
180.157.253.48 - - [28/Dec/2020:10:54:42 +0800] "GET /xingrg/images/blue/jxLogo.png HTTP/1.1" 304 -
180.157.253.48 - - [28/Dec/2020:10:54:42 +0800] "GET /xingrg/images/blue/navBackgound.jpg HTTP/1.1" 304 -
180.157.253.48 - - [28/Dec/2020:10:54:42 +0800] "GET /xingrg/javascript/jquery_easy_ui/themes/icons/settle_new.png HTTP/1.1" 304 -
101.85.52.2 - - [28/Dec/2020:10:54:42 +0800] "GET /xingrg/servlets/image?image=px HTTP/1.1" 200 807
101.85.52.2 - - [28/Dec/2020:10:54:43 +0800] "GET /xingrg/servlets/html?sysBaseUrl=http%3A%2F%2F180.169.147.146%3A18081%2Fxingrg%2F&costTime=378×tamp=1609124082874 HTTP/1.1" 200 231115
180.157.253.48 - - [28/Dec/2020:10:54:43 +0800] "POST /xingrg/all/common/load_tree.html?tree=area_rest_tree_json&manage=1 HTTP/1.1" 200 3350
180.157.253.48 - - [28/Dec/2020:10:54:43 +0800] "GET /xingrg/all/function/internal_message.html?_=1609124082941&CODE_STATE=count HTTP/1.1" 200 11
180.157.253.48 - - [28/Dec/2020:10:54:43 +0800] "GET /xingrg/check_reg.html?_=1609124082945 HTTP/1.1" 200 22
180.157.253.48 - - [28/Dec/2020:10:54:43 +0800] "GET /xingrg/javascript/jquery_easy_ui/themes/default/images/tabs_rightarrow.png HTTP/1.1" 304 -
180.157.253.48 - - [28/Dec/2020:10:54:43 +0800] "GET /xingrg/javascript/jquery_easy_ui/themes/default/images/tabs_leftarrow.png HTTP/1.1" 304 -
180.157.253.48 - - [28/Dec/2020:10:54:43 +0800] "GET /xingrg/images/blue/pingpu.png HTTP/1.1" 304 -
180.157.253.48 - - [28/Dec/2020:10:54:43 +0800] "GET /xingrg/javascript/jquery_easy_ui/themes/default/images/panel_tool_collapse.gif HTTP/1.1" 304 -
180.157.253.48 - - [28/Dec/2020:10:54:43 +0800] "GET /xingrg/javascript/jquery_easy_ui/themes/default/images/panel_tool_expand.gif HTTP/1.1" 304 -
180.157.253.48 - - [28/Dec/2020:10:54:43 +0800] "POST /xingrg/load_menu.html HTTP/1.1" 200 9959
101.85.52.2 - - [28/Dec/2020:10:54:43 +0800] "GET /favicon.ico HTTP/1.1" 404 -
58.35.244.144 - - [28/Dec/2020:10:54:44 +0800] "GET /xingrg/all/function/internal_message.html?_=1609124234502&CODE_STATE=getMsg HTTP/1.1" 200 27
180.157.253.48 - - [28/Dec/2020:10:54:45 +0800] "GET /xingrg/kc/buy/cgsh_order_list.html HTTP/1.1" 200 45791
180.157.253.48 - - [28/Dec/2020:10:54:46 +0800] "POST /xingrg/kc/buy/cgsh_list_operate.html HTTP/1.1" 200 876
180.157.253.48 - - [28/Dec/2020:10:54:50 +0800] "GET /xingrg/javascript/auto/indicator.gif HTTP/1.1" 404 1066
116.228.172.94 - - [28/Dec/2020:10:54:51 +0800] "GET /xingrg/all/function/internal_message.html?_=1609124089160&CODE_STATE=getMsg HTTP/1.1" 200 27
101.228.166.101 - - [28/Dec/2020:10:54:52 +0800] "GET /xingrg/kc/buy/cgsh_order_operate.html?command=get_materiel&rest_code=00146&code=00101009037&supplier_code=00100023&order_time=2020-12-28 HTTP/1.1" 200 416
117.131.5.26 - - [28/Dec/2020:10:54:52 +0800] "GET /xingrg/all/function/internal_message.html?_=1609124138125&CODE_STATE=getMsg HTTP/1.1" 200 27
172.17.0.185 - - [28/Dec/2020:10:54:54 +0800] "GET /xingrg/all/function/internal_message.html?_=1609124093309&CODE_STATE=getMsg HTTP/1.1" 200 27
180.157.253.48 - - [28/Dec/2020:10:54:55 +0800] "POST /xingrg/kc/buy/cgsh_list_operate.html HTTP/1.1" 200 5909
172.17.200.101 - - [28/Dec/2020:10:54:56 +0800] "GET /xingrg/all/function/internal_message.html?_=1609124098353&CODE_STATE=getMsg HTTP/1.1" 200 27
172.17.200.101 - - [28/Dec/2020:10:54:56 +0800] "GET /xingrg/check_reg.html?_=1609124098360 HTTP/1.1" 200 22
180.157.253.48 - - [28/Dec/2020:10:54:58 +0800] "POST /xingrg/kc/buy/cgsh_list_operate.html HTTP/1.1" 200 560
116.228.172.94 - - [28/Dec/2020:10:54:59 +0800] "GET /xingrg/kc/buy/cgsh_order_operate.html?command=get_materiel&rest_code=00107&code=00101010082&supplier_code=00100323&order_time=2020-12-28 HTTP/1.1" 200 425
180.157.253.48 - - [28/Dec/2020:10:54:59 +0800] "GET /xingrg/kc/buy/cgsh_order_info.html?code=212020122811368 HTTP/1.1" 200 56437
180.157.253.48 - - [28/Dec/2020:10:55:00 +0800] "GET /xingrg/javascript/easyui/themes/default/validatebox.css HTTP/1.1" 404 1104
180.162.223.42 - - [28/Dec/2020:10:55:00 +0800] "GET /xingrg/all/function/internal_message.html?_=1609124082800&CODE_STATE=getMsg HTTP/1.1" 200 27
180.157.253.48 - - [28/Dec/2020:10:55:00 +0800] "POST /xingrg/kc/buy/cgsh_order_operate.html HTTP/1.1" 200 5346
180.157.253.48 - - [28/Dec/2020:10:55:04 +0800] "POST /xingrg/kc/buy/cgsh_order_operate.html HTTP/1.1" 200 12
117.185.32.26 - - [28/Dec/2020:10:55:04 +0800] "GET /xingrg/all/function/internal_message.html?_=1609124571264&CODE_STATE=getMsg HTTP/1.1" 200 27
180.157.253.48 - - [28/Dec/2020:10:55:06 +0800] "GET /xingrg/kc/buy/cgsh_order_info.html?code=212020122811368 HTTP/1.1" 200 61286
180.157.253.48 - - [28/Dec/2020:10:55:07 +0800] "GET /xingrg/javascript/easyui/themes/default/validatebox.css HTTP/1.1" 404 1104
116.228.172.94 - - [28/Dec/2020:10:55:08 +0800] "POST /xingrg/kc/buy/cgsh_order_operate.html HTTP/1.1" 200 37
180.157.253.48 - - [28/Dec/2020:10:55:08 +0800] "POST /xingrg/kc/buy/cgsh_order_operate.html HTTP/1.1" 200 7401
180.157.253.48 - - [28/Dec/2020:10:55:09 +0800] "GET /xingrg/logout.do HTTP/1.1" 302 -
180.157.253.48 - - [28/Dec/2020:10:55:09 +0800] "GET /xingrg/login.html?sysBaseUrl=http%3A%2F%2F180.169.147.146%3A18081%2Fxingrg%2F&costTime=2×tamp=1609124109235 HTTP/1.1" 200 7641
101.228.166.101 - - [28/Dec/2020:10:55:09 +0800] "GET /xingrg/all/function/internal_message.html?_=1609124110844&CODE_STATE=getMsg HTTP/1.1" 200 27
116.228.172.94 - - [28/Dec/2020:10:55:09 +0800] "POST /xingrg/kc/buy/cgsh_order_operate.html HTTP/1.1" 200 3854
180.157.253.48 - - [28/Dec/2020:10:55:09 +0800] "GET /favicon.ico HTTP/1.1" 404 -
58.37.230.33 - - [28/Dec/2020:10:55:11 +0800] "GET /xingrg/javascript/auto/indicator.gif HTTP/1.1" 404 1066
116.228.172.94 - - [28/Dec/2020:10:55:11 +0800] "GET /xingrg/kc/print/load_data.html?order_code=212020122811372&kc_code=cgsh&condition= HTTP/1.1" 200 1138
58.37.230.33 - - [28/Dec/2020:10:55:12 +0800] "GET /xingrg/javascript/jquery_tools/images/prev.gif HTTP/1.1" 404 1086
58.37.230.33 - - [28/Dec/2020:10:55:12 +0800] "GET /xingrg/javascript/jquery_tools/images/next.gif HTTP/1.1" 404 1086
180.152.116.185 - - [28/Dec/2020:10:55:12 +0800] "GET /xingrg/all/function/internal_message.html?_=1609124348710&CODE_STATE=getMsg HTTP/1.1" 200 27
117.184.7.26 - - [28/Dec/2020:10:55:14 +0800] "GET /xingrg/all/function/internal_message.html?_=1609124112023&CODE_STATE=getMsg HTTP/1.1" 200 27
180.156.237.57 - - [28/Dec/2020:10:55:14 +0800] "GET /xingrg/all/function/internal_message.html?_=1609124122371&CODE_STATE=getMsg HTTP/1.1" 200 27
180.157.253.48 - - [28/Dec/2020:10:55:15 +0800] "POST /xingrg/login.do HTTP/1.1" 302 -
180.157.253.48 - - [28/Dec/2020:10:55:15 +0800] "GET /xingrg/index.html?sysBaseUrl=http%3A%2F%2F180.169.147.146%3A18081%2Fxingrg%2F&costTime=42×tamp=1609124115774 HTTP/1.1" 200 17179
180.157.253.48 - - [28/Dec/2020:10:55:16 +0800] "GET /favicon.ico HTTP/1.1" 404 -
58.37.230.33 - - [28/Dec/2020:10:55:16 +0800] "GET /xingrg/kc/buy/cgyd_order_operate.html?command=get_materiel&rest_code=00141&code=00101008337&supplier_code=00100007 HTTP/1.1" 200 408
116.228.172.94 - - [28/Dec/2020:10:55:16 +0800] "GET /xingrg/kc/buy/cgsh_order_add.html HTTP/1.1" 200 61355
180.157.253.48 - - [28/Dec/2020:10:55:16 +0800] "POST /xingrg/all/common/load_tree.html?tree=area_rest_tree_json&manage=1 HTTP/1.1" 200 351
180.157.253.48 - - [28/Dec/2020:10:55:16 +0800] "GET /xingrg/all/function/internal_message.html?_=1609124116067&CODE_STATE=count HTTP/1.1" 200 11
180.157.253.48 - - [28/Dec/2020:10:55:16 +0800] "GET /xingrg/check_reg.html?_=1609124116071 HTTP/1.1" 200 22
180.157.253.48 - - [28/Dec/2020:10:55:16 +0800] "POST /xingrg/load_menu.html HTTP/1.1" 200 5138
120.253.135.82 - - [28/Dec/2020:10:55:17 +0800] "GET /xingrg/check_reg.html?_=1609124228657 HTTP/1.1" 200 22
116.228.172.94 - - [28/Dec/2020:10:55:17 +0800] "GET /xingrg/javascript/easyui/themes/default/validatebox.css HTTP/1.1" 404 1104
116.228.172.94 - - [28/Dec/2020:10:55:17 +0800] "POST /xingrg/kc/buy/cgsh_order_operate.html HTTP/1.1" 200 8245
180.157.253.48 - - [28/Dec/2020:10:55:18 +0800] "GET /xingrg/kc/buy/cgsh_order_list.html HTTP/1.1" 200 45536
116.228.172.94 - - [28/Dec/2020:10:55:18 +0800] "GET /xingrg/javascript/easyui/themes/default/tree.css HTTP/1.1" 404 1090
120.253.135.82 - - [28/Dec/2020:10:55:18 +0800] "GET /xingrg/all/function/internal_message.html?_=1609124229936&CODE_STATE=getMsg HTTP/1.1" 200 27
116.228.172.94 - - [28/Dec/2020:10:55:18 +0800] "POST /xingrg/all/common/load_tree.html?tree=supplier_tree_json&isDelete=1 HTTP/1.1" 200 53194
116.232.55.77 - - [28/Dec/2020:10:55:19 +0800] "GET /xingrg/all/function/internal_message.html?_=1609124120473&CODE_STATE=getMsg HTTP/1.1" 200 27
116.232.55.77 - - [28/Dec/2020:10:55:19 +0800] "GET /xingrg/check_reg.html?_=1609124120474 HTTP/1.1" 200 22
180.157.253.48 - - [28/Dec/2020:10:55:20 +0800] "POST /xingrg/kc/buy/cgsh_list_operate.html HTTP/1.1" 200 1696
58.37.230.33 - - [28/Dec/2020:10:55:25 +0800] "GET /xingrg/all/function/internal_message.html?_=1609124126527&CODE_STATE=getMsg HTTP/1.1" 200 27
124.77.238.8 - - [28/Dec/2020:10:55:26 +0800] "POST /xingrg/services/DataTransmitService HTTP/1.1" 200 524
180.157.253.48 - - [28/Dec/2020:10:55:26 +0800] "POST /xingrg/kc/buy/cgsh_list_operate.html HTTP/1.1" 200 560
124.77.238.8 - - [28/Dec/2020:10:55:26 +0800] "POST /xingrg/services/DataTransmitService HTTP/1.1" 200 501
124.77.238.8 - - [28/Dec/2020:10:55:26 +0800] "POST /xingrg/services/DataTransmitService HTTP/1.1" 200 501
124.77.238.8 - - [28/Dec/2020:10:55:26 +0800] "POST /xingrg/services/DataTransmitService HTTP/1.1" 200 501
124.77.238.8 - - [28/Dec/2020:10:55:26 +0800] "POST /xingrg/services/DataTransmitService HTTP/1.1" 200 501
124.77.238.8 - - [28/Dec/2020:10:55:26 +0800] "POST /xingrg/services/DataTransmitService HTTP/1.1" 200 501
180.157.253.48 - - [28/Dec/2020:10:55:26 +0800] "GET /xingrg/kc/buy/cgsh_order_info.html?code=212020122811368 HTTP/1.1" 200 61286
180.157.253.48 - - [28/Dec/2020:10:55:27 +0800] "GET /xingrg/javascript/easyui/themes/default/validatebox.css HTTP/1.1" 404 1104
180.157.253.48 - - [28/Dec/2020:10:55:27 +0800] "POST /xingrg/kc/buy/cgsh_order_operate.html HTTP/1.1" 200 7401
58.37.230.33 - - [28/Dec/2020:10:55:27 +0800] "GET /xingrg/kc/mdqp/qp_main.html HTTP/1.1" 200 10633
58.37.230.33 - - [28/Dec/2020:10:55:28 +0800] "GET /xingrg/images/blue/button/pszx.gif HTTP/1.1" 200 2648
58.37.230.33 - - [28/Dec/2020:10:55:28 +0800] "GET /xingrg/images/blue/button/qqpsd.gif HTTP/1.1" 200 2548
58.37.230.33 - - [28/Dec/2020:10:55:28 +0800] "GET /xingrg/images/blue/button/psshd.gif HTTP/1.1" 200 2692
58.37.230.33 - - [28/Dec/2020:10:55:28 +0800] "GET /xingrg/kc/buy/buy_main.html HTTP/1.1" 200 12412
58.37.230.33 - - [28/Dec/2020:10:55:28 +0800] "GET /xingrg/css/new_ie.css HTTP/1.1" 404 1036
58.37.230.33 - - [28/Dec/2020:10:55:28 +0800] "GET /xingrg/images/yd/bt.gif HTTP/1.1" 404 1040
180.157.253.48 - - [28/Dec/2020:10:55:29 +0800] "GET /xingrg/javascript/auto/indicator.gif HTTP/1.1" 404 1066
124.77.238.8 - - [28/Dec/2020:10:55:29 +0800] "POST /xingrg/services/DataTransmitService HTTP/1.1" 200 412
58.37.230.33 - - [28/Dec/2020:10:55:30 +0800] "GET /xingrg/kc/buy/cgsh_order_list.html HTTP/1.1" 200 45536
58.37.230.33 - - [28/Dec/2020:10:55:31 +0800] "POST /xingrg/kc/buy/cgsh_list_operate.html HTTP/1.1" 200 876
222.69.132.69 - - [28/Dec/2020:10:55:31 +0800] "GET /xingrg/all/function/internal_message.html?_=1609124129837&CODE_STATE=getMsg HTTP/1.1" 200 27
58.37.230.33 - - [28/Dec/2020:10:55:32 +0800] "GET /xingrg/kc/buy/cgsh_order_add.html HTTP/1.1" 200 61273
58.37.230.33 - - [28/Dec/2020:10:55:32 +0800] "GET /xingrg/javascript/easyui/themes/icons/copy_new.png HTTP/1.1" 200 815
58.37.230.33 - - [28/Dec/2020:10:55:32 +0800] "GET /xingrg/all/common/auto_word.html?type=employee&rest_code=00141 HTTP/1.1" 200 201
58.37.230.33 - - [28/Dec/2020:10:55:32 +0800] "GET /xingrg/all/common/auto_word.html?type=employee&rest_code=00141 HTTP/1.1" 200 201
58.37.230.33 - - [28/Dec/2020:10:55:32 +0800] "GET /xingrg/javascript/easyui/themes/default/validatebox.css HTTP/1.1" 404 1104
58.37.230.33 - - [28/Dec/2020:10:55:32 +0800] "POST /xingrg/kc/buy/cgsh_order_operate.html HTTP/1.1" 200 8245
180.157.253.48 - - [28/Dec/2020:10:55:33 +0800] "POST /xingrg/kc/buy/cgsh_order_operate.html HTTP/1.1" 200 37
58.37.230.33 - - [28/Dec/2020:10:55:33 +0800] "GET /xingrg/javascript/auto/indicator.gif HTTP/1.1" 404 1066
101.228.166.101 - - [28/Dec/2020:10:55:35 +0800] "POST /xingrg/kc/buy/cgsh_order_operate.html HTTP/1.1" 200 37
58.37.230.33 - - [28/Dec/2020:10:55:36 +0800] "GET /xingrg/javascript/jquery_tools/images/prev.gif HTTP/1.1" 404 1086
58.37.230.33 - - [28/Dec/2020:10:55:36 +0800] "GET /xingrg/javascript/jquery_tools/images/next.gif HTTP/1.1" 404 1086
101.85.52.2 - - [28/Dec/2020:10:55:36 +0800] "GET /xingrg/all/function/internal_message.html?_=1609124134465&CODE_STATE=getMsg HTTP/1.1" 200 27
116.228.172.94 - - [28/Dec/2020:10:55:36 +0800] "GET /xingrg/kc/buy/cgsh_order_operate.html?command=get_materiel&rest_code=00107&code=00101012046&supplier_code=00100347&order_time=2020-12-28 HTTP/1.1" 200 417
101.228.166.101 - - [28/Dec/2020:10:55:37 +0800] "POST /xingrg/kc/buy/cgsh_order_operate.html HTTP/1.1" 200 6199
180.157.253.48 - - [28/Dec/2020:10:55:40 +0800] "POST /xingrg/kc/buy/cgsh_order_operate.html HTTP/1.1" 200 12
180.157.253.48 - - [28/Dec/2020:10:55:41 +0800] "GET /xingrg/kc/buy/cgsh_order_info.html?code=212020122811368 HTTP/1.1" 200 56180
58.37.230.33 - - [28/Dec/2020:10:55:42 +0800] "GET /xingrg/kc/buy/cgsh_order_operate.html?command=get_materiel&rest_code=00141&code=00101008337&supplier_code=00100007&order_time=2020-12-28 HTTP/1.1" 200 408
180.157.253.48 - - [28/Dec/2020:10:55:42 +0800] "GET /xingrg/javascript/easyui/themes/default/validatebox.css HTTP/1.1" 404 1104
180.156.237.57 - - [28/Dec/2020:10:55:42 +0800] "GET /xingrg/all/function/internal_message.html?_=1609124126342&CODE_STATE=getMsg HTTP/1.1" 200 27
101.228.166.101 - - [28/Dec/2020:10:55:42 +0800] "GET /xingrg/kc/print/load_data.html?order_code=212020122811373&kc_code=cgsh&condition= HTTP/1.1" 200 2035
180.157.253.48 - - [28/Dec/2020:10:55:42 +0800] "POST /xingrg/kc/buy/cgsh_order_operate.html HTTP/1.1" 200 5346
58.37.230.33 - - [28/Dec/2020:10:55:43 +0800] "GET /xingrg/check_reg.html?_=1609123699651 HTTP/1.1" 302 -
58.37.230.33 - - [28/Dec/2020:10:55:43 +0800] "GET /xingrg/login.html HTTP/1.1" 200 7641
58.37.230.33 - - [28/Dec/2020:10:55:43 +0800] "GET /xingrg/all/function/internal_message.html?_=1609123699521&CODE_STATE=getMsg HTTP/1.1" 302 -
58.35.244.144 - - [28/Dec/2020:10:55:44 +0800] "GET /xingrg/all/function/internal_message.html?_=1609124294479&CODE_STATE=getMsg HTTP/1.1" 200 27
58.35.244.144 - - [28/Dec/2020:10:55:45 +0800] "GET /xingrg/check_reg.html?_=1609124294957 HTTP/1.1" 200 22
116.228.172.94 - - [28/Dec/2020:10:55:50 +0800] "GET /xingrg/all/function/internal_message.html?_=1609124149138&CODE_STATE=getMsg HTTP/1.1" 200 27
180.157.253.48 - - [28/Dec/2020:10:55:52 +0800] "GET /xingrg/kc/buy/cgsh_order_add.html HTTP/1.1" 200 61273
58.37.230.33 - - [28/Dec/2020:10:55:52 +0800] "GET /xingrg/kc/buy/cgsh_order_operate.html?command=get_materiel&rest_code=00141&code=00101008354&supplier_code=00100007&order_time=2020-12-28 HTTP/1.1" 200 412
117.131.5.26 - - [28/Dec/2020:10:55:52 +0800] "GET /xingrg/all/function/internal_message.html?_=1609124198105&CODE_STATE=getMsg HTTP/1.1" 200 27
180.157.253.48 - - [28/Dec/2020:10:55:52 +0800] "POST /xingrg/kc/buy/cgsh_order_operate.html HTTP/1.1" 200 8245
180.157.253.48 - - [28/Dec/2020:10:55:52 +0800] "GET /xingrg/javascript/easyui/themes/default/validatebox.css HTTP/1.1" 404 1104
116.228.172.94 - - [28/Dec/2020:10:55:52 +0800] "GET /xingrg/kc/buy/cgsh_order_operate.html?command=get_materiel&rest_code=00107&code=00102002167&supplier_code=00100347&order_time=2020-12-28 HTTP/1.1" 200 409
117.131.5.26 - - [28/Dec/2020:10:55:53 +0800] "GET /xingrg/check_reg.html?_=1609124488787 HTTP/1.1" 302 -
117.131.5.26 - - [28/Dec/2020:10:55:53 +0800] "GET /xingrg/login.html HTTP/1.1" 200 7641
172.17.0.185 - - [28/Dec/2020:10:55:54 +0800] "GET /xingrg/all/function/internal_message.html?_=1609124153300&CODE_STATE=getMsg HTTP/1.1" 200 27
172.17.200.101 - - [28/Dec/2020:10:55:56 +0800] "GET /xingrg/all/function/internal_message.html?_=1609124158346&CODE_STATE=getMsg HTTP/1.1" 200 27
58.37.230.33 - - [28/Dec/2020:10:55:57 +0800] "GET /xingrg/kc/buy/buy_main.html HTTP/1.1" 302 -
58.37.230.33 - - [28/Dec/2020:10:55:57 +0800] "GET /xingrg/login.html HTTP/1.1" 200 7641
58.37.230.33 - - [28/Dec/2020:10:55:57 +0800] "GET /xingrg/login.html HTTP/1.1" 200 7641
58.37.230.33 - - [28/Dec/2020:10:55:57 +0800] "GET /favicon.ico HTTP/1.1" 404 -
58.37.230.33 - - [28/Dec/2020:10:55:58 +0800] "POST /xingrg/login.do HTTP/1.1" 302 -
58.40.7.146 - - [28/Dec/2020:10:55:58 +0800] "GET /favicon.ico HTTP/1.1" 404 -
58.37.230.33 - - [28/Dec/2020:10:55:58 +0800] "GET /xingrg/index.html?sysBaseUrl=http%3A%2F%2F180.169.147.146%3A18081%2Fxingrg%2F&costTime=39×tamp=1609124158681 HTTP/1.1" 200 17179
58.37.230.33 - - [28/Dec/2020:10:55:58 +0800] "POST /xingrg/all/common/load_tree.html?tree=area_rest_tree_json&manage=1 HTTP/1.1" 200 351
58.37.230.33 - - [28/Dec/2020:10:55:58 +0800] "GET /xingrg/check_reg.html?_=1609123722921 HTTP/1.1" 200 22
58.37.230.33 - - [28/Dec/2020:10:55:58 +0800] "GET /xingrg/all/function/internal_message.html?_=1609123722920&CODE_STATE=count HTTP/1.1" 200 11
58.37.230.33 - - [28/Dec/2020:10:55:58 +0800] "GET /favicon.ico HTTP/1.1" 404 -
58.37.230.33 - - [28/Dec/2020:10:55:58 +0800] "POST /xingrg/load_menu.html HTTP/1.1" 200 5138
58.37.230.33 - - [28/Dec/2020:10:55:59 +0800] "GET /xingrg/kc/buy/cgsh_order_operate.html?command=get_materiel&rest_code=00141&code=00101008010&supplier_code=00100007&order_time=2020-12-28 HTTP/1.1" 200 412
180.162.223.42 - - [28/Dec/2020:10:56:00 +0800] "GET /xingrg/all/function/internal_message.html?_=1609124142786&CODE_STATE=getMsg HTTP/1.1" 200 27
101.228.166.101 - - [28/Dec/2020:10:56:01 +0800] "GET /xingrg/kc/buy/cgsh_order_add.html HTTP/1.1" 200 61273
180.157.253.48 - - [28/Dec/2020:10:56:02 +0800] "GET /xingrg/kc/buy/cgsh_order_operate.html?command=get_materiel&rest_code=00148&code=00101001138&supplier_code=00100430&order_time=2020-12-28 HTTP/1.1" 200 433
101.228.166.101 - - [28/Dec/2020:10:56:03 +0800] "POST /xingrg/kc/buy/cgsh_order_operate.html HTTP/1.1" 200 8245
101.228.166.101 - - [28/Dec/2020:10:56:03 +0800] "GET /xingrg/javascript/easyui/themes/default/validatebox.css HTTP/1.1" 404 1104
117.185.32.26 - - [28/Dec/2020:10:56:04 +0800] "GET /xingrg/all/function/internal_message.html?_=1609124631285&CODE_STATE=getMsg HTTP/1.1" 200 27
58.37.230.33 - - [28/Dec/2020:10:56:04 +0800] "GET /xingrg/kc/buy/cgsh_order_operate.html?command=get_materiel&rest_code=00141&code=00101008026&supplier_code=00100007&order_time=2020-12-28 HTTP/1.1" 200 409
101.228.166.101 - - [28/Dec/2020:10:56:04 +0800] "GET /xingrg/check_reg.html?_=1609124166336 HTTP/1.1" 200 22
101.228.166.101 - - [28/Dec/2020:10:56:09 +0800] "GET /xingrg/all/function/internal_message.html?_=1609124171237&CODE_STATE=getMsg HTTP/1.1" 200 27
116.228.172.94 - - [28/Dec/2020:10:56:10 +0800] "GET /xingrg/kc/buy/cgsh_order_operate.html?command=get_materiel&rest_code=00107&code=00101002013&supplier_code=00100347&order_time=2020-12-28 HTTP/1.1" 200 414
58.37.230.33 - - [28/Dec/2020:10:56:10 +0800] "GET /xingrg/kc/buy/cgsh_order_operate.html?command=get_materiel&rest_code=00141&code=00101008017&supplier_code=00100007&order_time=2020-12-28 HTTP/1.1" 200 416
180.152.116.185 - - [28/Dec/2020:10:56:12 +0800] "GET /xingrg/all/function/internal_message.html?_=1609124408723&CODE_STATE=getMsg HTTP/1.1" 200 27
58.37.230.33 - - [28/Dec/2020:10:56:13 +0800] "GET /xingrg/kc/buy/buy_main.html HTTP/1.1" 200 12412
58.37.230.33 - - [28/Dec/2020:10:56:13 +0800] "GET /xingrg/css/new_ie.css HTTP/1.1" 404 1036
58.37.230.33 - - [28/Dec/2020:10:56:13 +0800] "GET /xingrg/images/yd/bt.gif HTTP/1.1" 404 1040
180.162.223.42 - - [28/Dec/2020:10:56:14 +0800] "GET /xingrg/kc/buy/cgsh_order_operate.html?command=get_materiel&rest_code=00105&code=00101007038&supplier_code=00100323&order_time=2020-12-28 HTTP/1.1" 200 441
58.37.230.33 - - [28/Dec/2020:10:56:14 +0800] "GET /xingrg/kc/buy/cgsh_order_list.html HTTP/1.1" 200 45536
117.184.7.26 - - [28/Dec/2020:10:56:14 +0800] "GET /xingrg/all/function/internal_message.html?_=1609124172009&CODE_STATE=getMsg HTTP/1.1" 200 27
180.156.237.57 - - [28/Dec/2020:10:56:14 +0800] "GET /xingrg/all/function/internal_message.html?_=1609124182364&CODE_STATE=getMsg HTTP/1.1" 200 27
58.37.230.33 - - [28/Dec/2020:10:56:14 +0800] "POST /xingrg/kc/buy/cgsh_list_operate.html HTTP/1.1" 200 876
180.162.223.42 - - [28/Dec/2020:10:56:16 +0800] "POST /xingrg/all/common/load_select.html HTTP/1.1" 200 25
58.37.230.33 - - [28/Dec/2020:10:56:17 +0800] "GET /xingrg/kc/buy/cgsh_order_operate.html?command=get_materiel&rest_code=00141&code=00101008163&supplier_code=00100007&order_time=2020-12-28 HTTP/1.1" 200 409
180.157.253.48 - - [28/Dec/2020:10:56:17 +0800] "GET /xingrg/all/function/internal_message.html?_=1609124177436&CODE_STATE=getMsg HTTP/1.1" 200 27
120.253.135.82 - - [28/Dec/2020:10:56:18 +0800] "GET /xingrg/all/function/internal_message.html?_=1609124289949&CODE_STATE=getMsg HTTP/1.1" 200 27
101.228.166.101 - - [28/Dec/2020:10:56:18 +0800] "GET /xingrg/kc/buy/cgsh_order_operate.html?command=get_materiel&rest_code=00146&code=00101016080&supplier_code=00100033&order_time=2020-12-28 HTTP/1.1" 200 408
58.37.230.33 - - [28/Dec/2020:10:56:19 +0800] "GET /xingrg/kc/buy/cgsh_order_add.html HTTP/1.1" 200 61273
58.37.230.33 - - [28/Dec/2020:10:56:19 +0800] "GET /xingrg/words/20201227153045_words.js HTTP/1.1" 304 -
58.37.230.33 - - [28/Dec/2020:10:56:19 +0800] "POST /xingrg/kc/buy/cgsh_order_operate.html HTTP/1.1" 200 8245
58.37.230.33 - - [28/Dec/2020:10:56:19 +0800] "GET /xingrg/all/common/auto_word.html?type=employee&rest_code=00141 HTTP/1.1" 200 201
58.37.230.33 - - [28/Dec/2020:10:56:19 +0800] "GET /xingrg/all/common/auto_word.html?type=employee&rest_code=00141 HTTP/1.1" 200 201
58.37.230.33 - - [28/Dec/2020:10:56:19 +0800] "GET /xingrg/javascript/easyui/themes/default/validatebox.css HTTP/1.1" 404 1104
116.232.55.77 - - [28/Dec/2020:10:56:19 +0800] "GET /xingrg/all/function/internal_message.html?_=1609124180476&CODE_STATE=getMsg HTTP/1.1" 200 27
180.162.223.42 - - [28/Dec/2020:10:56:20 +0800] "GET /xingrg/kc/buy/cgsh_order_operate.html?command=get_materiel_price&rest_code=00105&code=00101007038&unit_code=00100025&supplier_code=00100323&order_time=2020-12-28 HTTP/1.1" 200 29
101.85.52.2 - - [28/Dec/2020:10:56:21 +0800] "POST /xingrg/dwr/call/plaincall/AjaxReportQueryService.refreshCache.dwr HTTP/1.1" 200 78
180.157.253.48 - - [28/Dec/2020:10:56:22 +0800] "GET /xingrg/kc/buy/cgsh_order_operate.html?command=get_materiel&rest_code=00148&code=00101001184&supplier_code=00100430&order_time=2020-12-28 HTTP/1.1" 200 394
101.85.52.2 - - [28/Dec/2020:10:56:22 +0800] "POST /xingrg/all/report/load_report_page.html HTTP/1.1" 200 8924
101.85.52.2 - - [28/Dec/2020:10:56:22 +0800] "GET /xingrg/servlets/image?cache=0.6028317769906703&image=px HTTP/1.1" 200 807
58.37.230.33 - - [28/Dec/2020:10:56:22 +0800] "GET /xingrg/javascript/auto/indicator.gif HTTP/1.1" 404 1066
58.35.244.144 - - [28/Dec/2020:10:56:23 +0800] "GET /xingrg/kc/buy/cgsh_order_add.html HTTP/1.1" 200 61267
58.35.244.144 - - [28/Dec/2020:10:56:24 +0800] "GET /xingrg/javascript/easyui/themes/default/validatebox.css HTTP/1.1" 404 1104
58.35.244.144 - - [28/Dec/2020:10:56:24 +0800] "POST /xingrg/kc/buy/cgsh_order_operate.html HTTP/1.1" 200 8245
58.37.230.33 - - [28/Dec/2020:10:56:24 +0800] "GET /xingrg/javascript/jquery_tools/images/prev.gif HTTP/1.1" 404 1086
58.37.230.33 - - [28/Dec/2020:10:56:24 +0800] "GET /xingrg/javascript/jquery_tools/images/next.gif HTTP/1.1" 404 1086
58.37.230.33 - - [28/Dec/2020:10:56:25 +0800] "GET /xingrg/all/function/internal_message.html?_=1609124186533&CODE_STATE=getMsg HTTP/1.1" 200 27
58.37.230.33 - - [28/Dec/2020:10:56:27 +0800] "GET /xingrg/kc/buy/cgsh_order_operate.html?command=get_materiel&rest_code=00141&code=00101008355&supplier_code=00100007&order_time=2020-12-28 HTTP/1.1" 200 408
222.69.132.69 - - [28/Dec/2020:10:56:31 +0800] "GET /xingrg/all/function/internal_message.html?_=1609124189844&CODE_STATE=getMsg HTTP/1.1" 200 27
180.157.253.48 - - [28/Dec/2020:10:56:33 +0800] "POST /xingrg/kc/buy/cgsh_order_operate.html HTTP/1.1" 200 37
58.37.230.33 - - [28/Dec/2020:10:56:33 +0800] "GET /xingrg/kc/buy/cgsh_order_operate.html?command=get_materiel&rest_code=00141&code=00101028012&supplier_code=00100017&order_time=2020-12-28 HTTP/1.1" 200 477
58.37.230.33 - - [28/Dec/2020:10:56:33 +0800] "GET /xingrg/kc/buy/cgsh_order_operate.html?command=get_materiel&rest_code=00141&code=00101008264&supplier_code=00100007&order_time=2020-12-28 HTTP/1.1" 200 412
101.228.166.101 - - [28/Dec/2020:10:56:34 +0800] "GET /xingrg/kc/buy/cgsh_order_operate.html?command=get_materiel&rest_code=00146&code=00101012051&supplier_code=00100033&order_time=2020-12-28 HTTP/1.1" 200 408
101.85.52.2 - - [28/Dec/2020:10:56:36 +0800] "GET /xingrg/all/function/internal_message.html?_=1609124194490&CODE_STATE=getMsg HTTP/1.1" 200 27
58.37.230.33 - - [28/Dec/2020:10:56:39 +0800] "GET /xingrg/kc/buy/cgsh_order_operate.html?command=get_materiel&rest_code=00141&code=00101008360&supplier_code=00100007&order_time=2020-12-28 HTTP/1.1" 200 413
180.156.237.57 - - [28/Dec/2020:10:56:41 +0800] "GET /xingrg/check_reg.html?_=1609124185236 HTTP/1.1" 200 22
180.156.237.57 - - [28/Dec/2020:10:56:42 +0800] "GET /xingrg/all/function/internal_message.html?_=1609124186355&CODE_STATE=getMsg HTTP/1.1" 200 27
58.37.230.33 - - [28/Dec/2020:10:56:44 +0800] "GET /xingrg/kc/buy/cgsh_order_operate.html?command=get_materiel&rest_code=00141&code=00101029005&supplier_code=00100017&order_time=2020-12-28 HTTP/1.1" 200 435
58.35.244.144 - - [28/Dec/2020:10:56:44 +0800] "GET /xingrg/all/function/internal_message.html?_=1609124354467&CODE_STATE=getMsg HTTP/1.1" 200 27
180.157.253.48 - - [28/Dec/2020:10:56:44 +0800] "POST /xingrg/kc/buy/cgsh_order_operate.html HTTP/1.1" 200 12
180.157.253.48 - - [28/Dec/2020:10:56:45 +0800] "GET /xingrg/kc/buy/cgsh_order_info.html?code=212020122811374 HTTP/1.1" 200 56168
101.228.166.101 - - [28/Dec/2020:10:56:45 +0800] "GET /xingrg/kc/buy/cgsh_order_operate.html?command=get_materiel&rest_code=00146&code=00101016057&supplier_code=00100033&order_time=2020-12-28 HTTP/1.1" 200 408
58.37.230.33 - - [28/Dec/2020:10:56:46 +0800] "GET /xingrg/kc/buy/cgsh_order_operate.html?command=get_materiel&rest_code=00141&code=00101008357&supplier_code=00100007&order_time=2020-12-28 HTTP/1.1" 200 410
180.157.253.48 - - [28/Dec/2020:10:56:46 +0800] "GET /xingrg/javascript/easyui/themes/default/validatebox.css HTTP/1.1" 404 1104
180.157.253.48 - - [28/Dec/2020:10:56:46 +0800] "POST /xingrg/kc/buy/cgsh_order_operate.html HTTP/1.1" 200 1204
180.157.253.48 - - [28/Dec/2020:10:56:47 +0800] "GET /xingrg/kc/print/load_data.html?order_code=212020122811374&kc_code=cgsh&condition= HTTP/1.1" 200 915
116.228.172.94 - - [28/Dec/2020:10:56:50 +0800] "GET /xingrg/all/function/internal_message.html?_=1609124209116&CODE_STATE=getMsg HTTP/1.1" 200 27
58.35.244.144 - - [28/Dec/2020:10:56:51 +0800] "GET /xingrg/kc/buy/cgsh_order_operate.html?command=get_materiel&rest_code=00111&code=00101008055&supplier_code=00100037&order_time=2020-12-28 HTTP/1.1" 200 409
58.37.230.33 - - [28/Dec/2020:10:56:52 +0800] "GET /xingrg/kc/buy/cgsh_order_operate.html?command=get_materiel&rest_code=00141&code=00101008069&supplier_code=00100007&order_time=2020-12-28 HTTP/1.1" 200 412
117.131.5.26 - - [28/Dec/2020:10:56:52 +0800] "GET /xingrg/all/function/internal_message.html?_=1609124258085&CODE_STATE=getMsg HTTP/1.1" 200 27
116.228.172.94 - - [28/Dec/2020:10:56:52 +0800] "GET /xingrg/kc/buy/cgsh_order_operate.html?command=get_materiel&rest_code=00107&code=00101002010&supplier_code=00100347&order_time=2020-12-28 HTTP/1.1" 200 413
180.157.253.48 - - [28/Dec/2020:10:56:53 +0800] "GET /xingrg/kc/buy/cgsh_order_add.html HTTP/1.1" 200 61273
180.162.223.42 - - [28/Dec/2020:10:56:54 +0800] "GET /xingrg/kc/buy/cgsh_order_operate.html?command=get_materiel&rest_code=00105&code=00101008326&supplier_code=00100323&order_time=2020-12-28 HTTP/1.1" 200 421
172.17.0.185 - - [28/Dec/2020:10:56:54 +0800] "GET /xingrg/all/function/internal_message.html?_=1609124213304&CODE_STATE=getMsg HTTP/1.1" 200 27
180.157.253.48 - - [28/Dec/2020:10:56:54 +0800] "POST /xingrg/kc/buy/cgsh_order_operate.html HTTP/1.1" 200 8245
180.157.253.48 - - [28/Dec/2020:10:56:55 +0800] "GET /xingrg/javascript/easyui/themes/default/validatebox.css HTTP/1.1" 404 1104
172.17.200.101 - - [28/Dec/2020:10:56:56 +0800] "GET /xingrg/all/function/internal_message.html?_=1609124218348&CODE_STATE=getMsg HTTP/1.1" 200 27
58.37.230.33 - - [28/Dec/2020:10:56:58 +0800] "GET /xingrg/kc/buy/cgsh_order_operate.html?command=get_materiel&rest_code=00141&code=00101029003&supplier_code=00100017&order_time=2020-12-28 HTTP/1.1" 200 475
58.37.230.33 - - [28/Dec/2020:10:56:58 +0800] "GET /xingrg/kc/buy/cgsh_order_operate.html?command=get_materiel&rest_code=00141&code=00101008286&supplier_code=00100007&order_time=2020-12-28 HTTP/1.1" 200 408
58.37.230.33 - - [28/Dec/2020:10:56:58 +0800] "GET /xingrg/all/function/internal_message.html?_=1609123782924&CODE_STATE=getMsg HTTP/1.1" 200 27
180.162.223.42 - - [28/Dec/2020:10:57:00 +0800] "GET /xingrg/all/function/internal_message.html?_=1609124202750&CODE_STATE=getMsg HTTP/1.1" 200 27
58.35.244.144 - - [28/Dec/2020:10:57:03 +0800] "GET /xingrg/kc/buy/cgsh_order_operate.html?command=get_materiel&rest_code=00111&code=00101011005&supplier_code=00100037&order_time=2020-12-28 HTTP/1.1" 200 428
117.185.32.26 - - [28/Dec/2020:10:57:04 +0800] "GET /xingrg/all/function/internal_message.html?_=1609124691293&CODE_STATE=getMsg HTTP/1.1" 200 27
117.185.32.26 - - [28/Dec/2020:10:57:04 +0800] "GET /xingrg/check_reg.html?_=1609124691294 HTTP/1.1" 200 22
180.162.223.42 - - [28/Dec/2020:10:57:06 +0800] "POST /xingrg/all/common/load_select.html HTTP/1.1" 200 25
180.157.253.48 - - [28/Dec/2020:10:57:07 +0800] "GET /xingrg/kc/buy/cgsh_order_operate.html?command=get_materiel&rest_code=00148&code=00101004011&supplier_code=00100086&order_time=2020-12-28 HTTP/1.1" 200 432
101.228.166.101 - - [28/Dec/2020:10:57:09 +0800] "GET /xingrg/all/function/internal_message.html?_=1609124231245&CODE_STATE=getMsg HTTP/1.1" 200 27
58.37.230.33 - - [28/Dec/2020:10:57:10 +0800] "GET /xingrg/kc/buy/cgsh_order_operate.html?command=get_materiel&rest_code=00141&code=00101008036&supplier_code=00100007&order_time=2020-12-28 HTTP/1.1" 200 408
180.162.223.42 - - [28/Dec/2020:10:57:10 +0800] "GET /xingrg/kc/buy/cgsh_order_operate.html?command=get_materiel_price&rest_code=00105&code=00101008326&unit_code=00100043&supplier_code=00100323&order_time=2020-12-28 HTTP/1.1" 200 29
180.152.116.185 - - [28/Dec/2020:10:57:12 +0800] "GET /xingrg/all/function/internal_message.html?_=1609124468737&CODE_STATE=getMsg HTTP/1.1" 200 27
101.228.166.101 - - [28/Dec/2020:10:57:13 +0800] "GET /xingrg/kc/buy/cgsh_order_operate.html?command=get_materiel&rest_code=00146&code=00101007109&supplier_code=00100033&order_time=2020-12-28 HTTP/1.1" 200 408
58.37.230.33 - - [28/Dec/2020:10:57:14 +0800] "GET /xingrg/kc/buy/cgsh_order_operate.html?command=get_materiel&rest_code=00141&code=00101029011&supplier_code=00100017&order_time=2020-12-28 HTTP/1.1" 200 480
117.184.7.26 - - [28/Dec/2020:10:57:14 +0800] "GET /xingrg/all/function/internal_message.html?_=1609124232017&CODE_STATE=getMsg HTTP/1.1" 200 27
117.184.7.26 - - [28/Dec/2020:10:57:14 +0800] "GET /xingrg/check_reg.html?_=1609124232020 HTTP/1.1" 200 22
58.37.230.33 - - [28/Dec/2020:10:57:14 +0800] "GET /xingrg/javascript/jquery_easy_ui/themes/default/images/tabs_active.png HTTP/1.1" 200 2894
180.156.237.57 - - [28/Dec/2020:10:57:14 +0800] "GET /xingrg/all/function/internal_message.html?_=1609124242380&CODE_STATE=getMsg HTTP/1.1" 200 27
180.157.253.48 - - [28/Dec/2020:10:57:14 +0800] "POST /xingrg/services/DataTransmitService HTTP/1.1" 200 524
58.35.244.144 - - [28/Dec/2020:10:57:16 +0800] "GET /xingrg/kc/buy/cgsh_order_operate.html?command=get_materiel&rest_code=00111&code=00101016025&supplier_code=00100037&order_time=2020-12-28 HTTP/1.1" 200 408
120.253.135.82 - - [28/Dec/2020:10:57:18 +0800] "GET /xingrg/all/function/internal_message.html?_=1609124349964&CODE_STATE=getMsg HTTP/1.1" 200 27
180.157.253.48 - - [28/Dec/2020:10:57:19 +0800] "POST /xingrg/kc/buy/cgsh_order_operate.html HTTP/1.1" 200 37
116.232.55.77 - - [28/Dec/2020:10:57:19 +0800] "GET /xingrg/all/function/internal_message.html?_=1609124240475&CODE_STATE=getMsg HTTP/1.1" 200 27
58.37.230.33 - - [28/Dec/2020:10:57:23 +0800] "GET /xingrg/kc/buy/cgsh_order_operate.html?command=get_materiel&rest_code=00141&code=00101008131&supplier_code=00100007&order_time=2020-12-28 HTTP/1.1" 200 408
180.157.253.48 - - [28/Dec/2020:10:57:24 +0800] "POST /xingrg/kc/buy/cgsh_order_operate.html HTTP/1.1" 200 12
58.37.230.33 - - [28/Dec/2020:10:57:25 +0800] "GET /xingrg/kc/buy/cgsh_order_operate.html?command=get_materiel&rest_code=00141&code=00101029017&supplier_code=00100017&order_time=2020-12-28 HTTP/1.1" 200 467
58.37.230.33 - - [28/Dec/2020:10:57:25 +0800] "GET /xingrg/all/function/internal_message.html?_=1609124246523&CODE_STATE=getMsg HTTP/1.1" 200 27
116.228.172.94 - - [28/Dec/2020:10:57:26 +0800] "GET /xingrg/kc/buy/cgsh_order_operate.html?command=get_materiel&rest_code=00107&code=00101001052&supplier_code=00100347&order_time=2020-12-28 HTTP/1.1" 200 411
101.228.166.101 - - [28/Dec/2020:10:57:29 +0800] "GET /xingrg/kc/buy/cgsh_order_operate.html?command=get_materiel&rest_code=00146&code=00101012025&supplier_code=00100033&order_time=2020-12-28 HTTP/1.1" 200 412
180.157.253.48 - - [28/Dec/2020:10:57:29 +0800] "GET /xingrg/kc/buy/cgsh_order_info.html?code=212020122811375 HTTP/1.1" 200 56180
180.157.253.48 - - [28/Dec/2020:10:57:30 +0800] "GET /xingrg/javascript/easyui/themes/default/validatebox.css HTTP/1.1" 404 1104
180.157.253.48 - - [28/Dec/2020:10:57:30 +0800] "POST /xingrg/kc/buy/cgsh_order_operate.html HTTP/1.1" 200 610
58.37.230.33 - - [28/Dec/2020:10:57:31 +0800] "GET /xingrg/kc/buy/cgsh_order_operate.html?command=get_materiel&rest_code=00141&code=00101008318&supplier_code=00100007&order_time=2020-12-28 HTTP/1.1" 200 408
222.69.132.69 - - [28/Dec/2020:10:57:31 +0800] "GET /xingrg/all/function/internal_message.html?_=1609124249851&CODE_STATE=getMsg HTTP/1.1" 200 27
180.157.253.48 - - [28/Dec/2020:10:57:31 +0800] "GET /xingrg/kc/print/load_data.html?order_code=212020122811375&kc_code=cgsh&condition= HTTP/1.1" 200 777
180.157.253.48 - - [28/Dec/2020:10:57:35 +0800] "GET /xingrg/kc/buy/cgsh_order_add.html HTTP/1.1" 200 61273
58.221.95.50 - - [28/Dec/2020:10:57:35 +0800] "GET /xingrg/check_reg.html?_=1609124255566 HTTP/1.1" 302 -
180.157.253.48 - - [28/Dec/2020:10:57:36 +0800] "POST /xingrg/kc/buy/cgsh_order_operate.html HTTP/1.1" 200 8245
180.157.253.48 - - [28/Dec/2020:10:57:36 +0800] "GET /xingrg/javascript/easyui/themes/default/validatebox.css HTTP/1.1" 404 1104
101.85.52.2 - - [28/Dec/2020:10:57:36 +0800] "GET /xingrg/all/function/internal_message.html?_=1609124254473&CODE_STATE=getMsg HTTP/1.1" 200 27
101.85.52.2 - - [28/Dec/2020:10:57:36 +0800] "GET /xingrg/check_reg.html?_=1609124254476 HTTP/1.1" 200 22
180.157.253.48 - - [28/Dec/2020:10:57:39 +0800] "GET /xingrg/javascript/jquery_tools/images/prev.gif HTTP/1.1" 404 1086
180.157.253.48 - - [28/Dec/2020:10:57:39 +0800] "GET /xingrg/javascript/jquery_tools/images/next.gif HTTP/1.1" 404 1086
180.162.223.42 - - [28/Dec/2020:10:57:40 +0800] "GET /xingrg/kc/buy/cgsh_order_operate.html?command=get_materiel&rest_code=00105&code=00101007044&supplier_code=00100323&order_time=2020-12-28 HTTP/1.1" 200 424
58.37.230.33 - - [28/Dec/2020:10:57:41 +0800] "GET /xingrg/kc/buy/cgsh_order_operate.html?command=get_materiel&rest_code=00141&code=00101008352&supplier_code=00100007&order_time=2020-12-28 HTTP/1.1" 200 412
180.156.237.57 - - [28/Dec/2020:10:57:42 +0800] "GET /xingrg/all/function/internal_message.html?_=1609124246369&CODE_STATE=getMsg HTTP/1.1" 200 27
58.37.230.33 - - [28/Dec/2020:10:57:44 +0800] "GET /xingrg/kc/buy/cgsh_order_operate.html?command=get_materiel&rest_code=00141&code=00101029084&supplier_code=00100017&order_time=2020-12-28 HTTP/1.1" 200 433
58.35.244.144 - - [28/Dec/2020:10:57:44 +0800] "GET /xingrg/all/function/internal_message.html?_=1609124414438&CODE_STATE=getMsg HTTP/1.1" 200 27
180.157.253.48 - - [28/Dec/2020:10:57:44 +0800] "GET /xingrg/kc/buy/cgsh_order_operate.html?command=get_materiel&rest_code=00148&code=00101010148&supplier_code=00100323&order_time=2020-12-28 HTTP/1.1" 200 413
58.35.244.144 - - [28/Dec/2020:10:57:44 +0800] "GET /xingrg/kc/buy/cgsh_order_operate.html?command=get_materiel&rest_code=00111&code=00101011001&supplier_code=00100037&order_time=2020-12-28 HTTP/1.1" 200 423
58.37.230.33 - - [28/Dec/2020:10:57:49 +0800] "GET /xingrg/kc/buy/cgsh_order_operate.html?command=get_materiel&rest_code=00141&code=00101008005&supplier_code=00100007&order_time=2020-12-28 HTTP/1.1" 200 431
101.85.52.2 - - [28/Dec/2020:10:57:49 +0800] "GET /xingrg/all/report/report_query.html?isQuery=1&fileName=kc/buy/wlcg_cate_hz.xml&queryString=(CONVERT(char(10)%252Ca.order_time%252C%2520120)%253E%253D'2020-11-01')%2520and%2520(CONVERT(char(10)%252Ca.order_time%252C%2520120)%253C%253D'2020-11-30')%2520and%2520(a.supplier_code%2520in%2520('00100007'))%2520and%2520(a.number%253E0%2520and%2520a.supplier_code%253D'00100007')&queryText=%25E3%2580%2590%25E9%2587%2587%25E8%25B4%25AD%25E6%2597%25A5%25E6%259C%259F%253A2020-11-01%2520%25E8%2587%25B3%25202020-11-30%25E3%2580%2591%2520%25E5%25B9%25B6%25E4%25B8%2594%2520%2520%25E3%2580%2590%25E4%25BE%259B%25E5%25BA%2594%25E5%2595%2586%2520%253D%2520%25E8%2594%25AC%25E8%258F%259C%25EF%25BC%2588%25E6%25AD%25A6%25E9%2587%2591%25E7%25BA%25A2%25EF%25BC%2589%25E3%2580%2591%2520%25E5%25B9%25B6%25E4%25B8%2594%2520%25E3%2580%2590%25E4%25BE%259B%25E5%25BA%2594%25E5%2595%2586%253D%25E8%2594%25AC%25E8%258F%259C%25EF%25BC%2588%25E6%25AD%25A6%25E9%2587%2591%25E7%25BA%25A2%25EF%25BC%2589%25E3%2580%2591 HTTP/1.1" 200 54480
101.85.52.2 - - [28/Dec/2020:10:57:50 +0800] "GET /xingrg/dwr/interface/AjaxReportQueryService.js HTTP/1.1" 200 13203
101.85.52.2 - - [28/Dec/2020:10:57:50 +0800] "GET /xingrg/dwr/engine.js HTTP/1.1" 200 43631
116.228.172.94 - - [28/Dec/2020:10:57:50 +0800] "GET /xingrg/kc/buy/cgsh_order_operate.html?command=get_materiel&rest_code=00107&code=00101010629&supplier_code=00100347&order_time=2020-12-28 HTTP/1.1" 200 407
116.228.172.94 - - [28/Dec/2020:10:57:50 +0800] "GET /xingrg/all/function/internal_message.html?_=1609124269177&CODE_STATE=getMsg HTTP/1.1" 200 27
116.228.172.94 - - [28/Dec/2020:10:57:51 +0800] "GET /xingrg/check_reg.html?_=1609124269459 HTTP/1.1" 200 22
101.85.52.2 - - [28/Dec/2020:10:57:52 +0800] "POST /xingrg/all/report/load_report_page.html HTTP/1.1" 200 8716
117.131.5.26 - - [28/Dec/2020:10:57:52 +0800] "GET /xingrg/all/function/internal_message.html?_=1609124318053&CODE_STATE=getMsg HTTP/1.1" 200 27
101.85.52.2 - - [28/Dec/2020:10:57:52 +0800] "GET /xingrg/servlets/image?cache=0.7968032631352163&image=px HTTP/1.1" 200 807
101.85.52.2 - - [28/Dec/2020:10:57:52 +0800] "POST /xingrg/all/report/load_report_page.html HTTP/1.1" 200 83256
101.85.52.2 - - [28/Dec/2020:10:57:52 +0800] "GET /xingrg/servlets/image?cache=0.9482600726873521&image=px HTTP/1.1" 200 807
172.17.0.185 - - [28/Dec/2020:10:57:54 +0800] "GET /xingrg/all/function/internal_message.html?_=1609124273306&CODE_STATE=getMsg HTTP/1.1" 200 27
101.228.166.101 - - [28/Dec/2020:10:57:55 +0800] "GET /xingrg/kc/buy/cgsh_order_operate.html?command=get_materiel&rest_code=00146&code=00101016025&supplier_code=00100033&order_time=2020-12-28 HTTP/1.1" 200 408
172.17.200.101 - - [28/Dec/2020:10:57:56 +0800] "GET /xingrg/all/function/internal_message.html?_=1609124278350&CODE_STATE=getMsg HTTP/1.1" 200 27
180.157.253.48 - - [28/Dec/2020:10:57:57 +0800] "GET /xingrg/kc/buy/cgsh_order_operate.html?command=get_materiel&rest_code=00148&code=00101010214&supplier_code=00100323&order_time=2020-12-28 HTTP/1.1" 200 414
101.85.52.2 - - [28/Dec/2020:10:57:58 +0800] "GET /xingrg/all/report/report_query.html?isQuery=1&fileName=kc/buy/wlcg_cate_hz.xml&queryString=(CONVERT(char(10)%252Ca.order_time%252C%2520120)%253E%253D'2020-11-01')%2520and%2520(CONVERT(char(10)%252Ca.order_time%252C%2520120)%253C%253D'2020-11-30')%2520and%2520(a.supplier_code%2520in%2520('00100007'))%2520and%2520(a.number%253E0%2520and%2520a.supplier_code%253D'00100007')&queryText=%25E3%2580%2590%25E9%2587%2587%25E8%25B4%25AD%25E6%2597%25A5%25E6%259C%259F%253A2020-11-01%2520%25E8%2587%25B3%25202020-11-30%25E3%2580%2591%2520%25E5%25B9%25B6%25E4%25B8%2594%2520%2520%25E3%2580%2590%25E4%25BE%259B%25E5%25BA%2594%25E5%2595%2586%2520%253D%2520%25E8%2594%25AC%25E8%258F%259C%25EF%25BC%2588%25E6%25AD%25A6%25E9%2587%2591%25E7%25BA%25A2%25EF%25BC%2589%25E3%2580%2591%2520%25E5%25B9%25B6%25E4%25B8%2594%2520%25E3%2580%2590%25E4%25BE%259B%25E5%25BA%2594%25E5%2595%2586%253D%25E8%2594%25AC%25E8%258F%259C%25EF%25BC%2588%25E6%25AD%25A6%25E9%2587%2591%25E7%25BA%25A2%25EF%25BC%2589%25E3%2580%2591 HTTP/1.1" 200 54480
101.85.52.2 - - [28/Dec/2020:10:57:58 +0800] "GET /xingrg/dwr/interface/AjaxReportQueryService.js HTTP/1.1" 200 13203
101.85.52.2 - - [28/Dec/2020:10:57:58 +0800] "GET /xingrg/dwr/engine.js HTTP/1.1" 200 43631
58.37.230.33 - - [28/Dec/2020:10:57:58 +0800] "GET /xingrg/all/function/internal_message.html?_=1609123842923&CODE_STATE=getMsg HTTP/1.1" 200 27
58.37.230.33 - - [28/Dec/2020:10:57:58 +0800] "POST /xingrg/kc/buy/cgsh_order_operate.html HTTP/1.1" 200 37
58.37.230.33 - - [28/Dec/2020:10:57:59 +0800] "GET /xingrg/kc/buy/cgsh_order_operate.html?command=get_materiel&rest_code=00141&code=00101008213&supplier_code=00100007&order_time=2020-12-28 HTTP/1.1" 200 412
101.85.52.2 - - [28/Dec/2020:10:57:59 +0800] "POST /xingrg/all/report/load_report_page.html HTTP/1.1" 200 8716
101.85.52.2 - - [28/Dec/2020:10:58:00 +0800] "GET /xingrg/servlets/image?cache=0.9593380982102597&image=px HTTP/1.1" 200 807
180.162.223.42 - - [28/Dec/2020:10:58:00 +0800] "GET /xingrg/all/function/internal_message.html?_=1609124262723&CODE_STATE=getMsg HTTP/1.1" 200 27
180.162.223.42 - - [28/Dec/2020:10:58:00 +0800] "GET /xingrg/check_reg.html?_=1609124262818 HTTP/1.1" 200 22
58.35.244.144 - - [28/Dec/2020:10:58:00 +0800] "GET /xingrg/kc/buy/cgsh_order_operate.html?command=get_materiel&rest_code=00111&code=00101008257&supplier_code=00100037&order_time=2020-12-28 HTTP/1.1" 200 416
58.37.230.33 - - [28/Dec/2020:10:58:00 +0800] "POST /xingrg/kc/buy/cgsh_order_operate.html HTTP/1.1" 200 12
101.85.52.2 - - [28/Dec/2020:10:58:01 +0800] "POST /xingrg/all/report/load_report_page.html HTTP/1.1" 200 83264
101.85.52.2 - - [28/Dec/2020:10:58:01 +0800] "GET /xingrg/servlets/image?cache=0.41137177269444203&image=px HTTP/1.1" 200 807
58.37.230.33 - - [28/Dec/2020:10:58:01 +0800] "GET /xingrg/kc/buy/cgsh_order_info.html?code=212020122811376 HTTP/1.1" 200 56174
58.37.230.33 - - [28/Dec/2020:10:58:01 +0800] "GET /xingrg/javascript/easyui/themes/default/validatebox.css HTTP/1.1" 404 1104
58.37.230.33 - - [28/Dec/2020:10:58:02 +0800] "POST /xingrg/kc/buy/cgsh_order_operate.html HTTP/1.1" 200 3760
58.37.230.33 - - [28/Dec/2020:10:58:03 +0800] "GET /xingrg/kc/print/load_config.html?kc_code=cgsh HTTP/1.1" 200 1845
58.37.230.33 - - [28/Dec/2020:10:58:03 +0800] "GET /xingrg/kc/print/load_data.html?order_code=212020122811376&kc_code=cgsh&condition= HTTP/1.1" 200 2094
117.185.32.26 - - [28/Dec/2020:10:58:04 +0800] "GET /xingrg/all/function/internal_message.html?_=1609124751287&CODE_STATE=getMsg HTTP/1.1" 200 27
101.85.52.2 - - [28/Dec/2020:10:58:05 +0800] "POST /xingrg/all/report/report_print.html HTTP/1.1" 302 -
101.85.52.2 - - [28/Dec/2020:10:58:05 +0800] "GET /xingrg/servlets/image?image=px HTTP/1.1" 200 807
101.85.52.2 - - [28/Dec/2020:10:58:05 +0800] "GET /xingrg/servlets/html?sysBaseUrl=http%3A%2F%2F180.169.147.146%3A18081%2Fxingrg%2F&costTime=328×tamp=1609124285226 HTTP/1.1" 200 215450
101.85.52.2 - - [28/Dec/2020:10:58:05 +0800] "GET /favicon.ico HTTP/1.1" 404 -
58.37.230.33 - - [28/Dec/2020:10:58:06 +0800] "GET /xingrg/kc/buy/cgsh_order_operate.html?command=get_materiel&rest_code=00141&code=00101008312&supplier_code=00100007&order_time=2020-12-28 HTTP/1.1" 200 412
58.37.230.33 - - [28/Dec/2020:10:58:08 +0800] "GET /xingrg/kc/buy/cgsh_order_add.html HTTP/1.1" 200 61273
58.37.230.33 - - [28/Dec/2020:10:58:08 +0800] "POST /xingrg/kc/buy/cgsh_order_operate.html HTTP/1.1" 200 8245
58.37.230.33 - - [28/Dec/2020:10:58:08 +0800] "GET /xingrg/javascript/easyui/themes/default/validatebox.css HTTP/1.1" 404 1104
58.37.230.33 - - [28/Dec/2020:10:58:08 +0800] "POST /xingrg/kc/buy/cgsh_order_operate.html HTTP/1.1" 200 2065
180.152.116.185 - - [28/Dec/2020:10:58:09 +0800] "GET /xingrg/check_reg.html?_=1609124525205 HTTP/1.1" 200 22
101.228.166.101 - - [28/Dec/2020:10:58:09 +0800] "GET /xingrg/all/function/internal_message.html?_=1609124291259&CODE_STATE=getMsg HTTP/1.1" 200 27
