180.162.223.42 - - [27/Dec/2020:11:08:44 +0800] "POST /xingrg/kc/buy/cgsh_order_operate.html HTTP/1.1" 200 2664
180.162.223.42 - - [27/Dec/2020:11:08:46 +0800] "GET /xingrg/kc/print/load_data.html?order_code=212020122710918&kc_code=cgsh&condition= HTTP/1.1" 200 690
180.156.237.57 - - [27/Dec/2020:11:08:47 +0800] "GET /xingrg/check_reg.html?_=1609038508327 HTTP/1.1" 200 22
117.185.32.26 - - [27/Dec/2020:11:08:48 +0800] "GET /xingrg/all/function/internal_message.html?_=1609038523672&CODE_STATE=getMsg HTTP/1.1" 200 27
101.228.166.101 - - [27/Dec/2020:11:08:50 +0800] "GET /xingrg/kc/buy/cgsh_order_operate.html?command=get_materiel&rest_code=00146&code=00101001093&supplier_code=00100090&order_time=2020-12-27 HTTP/1.1" 200 430
101.85.93.83 - - [27/Dec/2020:11:08:51 +0800] "GET /xingrg/kc/base/wldb_order_operate.html?command=get_materiel&rest_code=00142&base_code=0010169&code=00101019447 HTTP/1.1" 200 459
180.157.253.48 - - [27/Dec/2020:11:08:51 +0800] "GET /xingrg/kc/base/wldb_order_operate.html?command=get_materiel&rest_code=00148&base_code=0010001&code=00101019492 HTTP/1.1" 200 456
120.253.135.82 - - [27/Dec/2020:11:08:51 +0800] "GET /xingrg/all/function/internal_message.html?_=1609038282737&CODE_STATE=getMsg HTTP/1.1" 200 27
116.232.51.115 - - [27/Dec/2020:11:08:51 +0800] "GET /xingrg/all/function/internal_message.html?_=1609038544027&CODE_STATE=getMsg HTTP/1.1" 200 27
172.17.0.123 - - [27/Dec/2020:11:08:52 +0800] "GET /xingrg/all/function/internal_message.html?_=1609038438682&CODE_STATE=getMsg HTTP/1.1" 200 27
180.156.237.57 - - [27/Dec/2020:11:08:52 +0800] "GET /xingrg/all/function/internal_message.html?_=1609038513507&CODE_STATE=getMsg HTTP/1.1" 200 27
222.69.134.220 - - [27/Dec/2020:11:08:56 +0800] "GET /xingrg/all/function/internal_message.html?_=1609038532802&CODE_STATE=getMsg HTTP/1.1" 200 27
116.228.172.94 - - [27/Dec/2020:11:08:56 +0800] "GET /xingrg/all/function/internal_message.html?_=1609038533084&CODE_STATE=getMsg HTTP/1.1" 200 27
180.162.223.42 - - [27/Dec/2020:11:08:57 +0800] "GET /xingrg/kc/base/wldb_order_list.html HTTP/1.1" 200 19339
180.162.223.42 - - [27/Dec/2020:11:08:57 +0800] "POST /xingrg/kc/base/wldb_list_operate.html HTTP/1.1" 200 928
180.156.237.57 - - [27/Dec/2020:11:08:58 +0800] "GET /xingrg/all/function/internal_message.html?_=1609038519310&CODE_STATE=getMsg HTTP/1.1" 200 27
101.85.93.83 - - [27/Dec/2020:11:08:59 +0800] "GET /xingrg/kc/base/wldb_order_operate.html?command=get_materiel&rest_code=00142&base_code=0010169&code=00101019400 HTTP/1.1" 200 451
180.156.237.57 - - [27/Dec/2020:11:09:01 +0800] "GET /xingrg/all/function/internal_message.html?_=1609038544939&CODE_STATE=getMsg HTTP/1.1" 200 27
172.17.0.185 - - [27/Dec/2020:11:09:02 +0800] "GET /xingrg/all/function/internal_message.html?_=1609038537246&CODE_STATE=getMsg HTTP/1.1" 200 27
180.152.104.37 - - [27/Dec/2020:11:09:02 +0800] "POST /xingrg/kc/buy/cgsh_order_operate.html HTTP/1.1" 200 2065
101.228.166.101 - - [27/Dec/2020:11:09:03 +0800] "GET /xingrg/kc/buy/cgsh_order_operate.html?command=get_materiel&rest_code=00146&code=00101001044&supplier_code=00100090&order_time=2020-12-27 HTTP/1.1" 200 428
180.152.104.37 - - [27/Dec/2020:11:09:04 +0800] "GET /xingrg/kc/buy/cgsh_order_operate.html?command=get_materiel&rest_code=00102&code=00101008296&supplier_code=00100008&order_time=2020-12-27 HTTP/1.1" 200 416
180.157.253.48 - - [27/Dec/2020:11:09:05 +0800] "GET /xingrg/kc/base/wldb_order_operate.html?command=get_materiel&rest_code=00148&base_code=0010001&code=00101019133 HTTP/1.1" 200 464
117.185.32.26 - - [27/Dec/2020:11:09:07 +0800] "GET /xingrg/kc/base/wldb_order_operate.html?command=get_materiel&rest_code=00106&base_code=0010397&code=00102002537 HTTP/1.1" 200 439
172.17.0.240 - - [27/Dec/2020:11:09:08 +0800] "GET /xingrg/all/function/internal_message.html?_=1609038542942&CODE_STATE=getMsg HTTP/1.1" 200 27
172.17.0.240 - - [27/Dec/2020:11:09:08 +0800] "GET /xingrg/check_reg.html?_=1609038542943 HTTP/1.1" 200 22
101.85.93.83 - - [27/Dec/2020:11:09:10 +0800] "GET /xingrg/kc/base/wldb_order_operate.html?command=get_materiel&rest_code=00142&base_code=0010169&code=00101022082 HTTP/1.1" 200 429
117.185.32.26 - - [27/Dec/2020:11:09:13 +0800] "GET /xingrg/kc/base/wldb_order_operate.html?command=get_materiel&rest_code=00106&base_code=0010397&code=00102002685 HTTP/1.1" 200 442
101.228.166.101 - - [27/Dec/2020:11:09:15 +0800] "POST /xingrg/kc/buy/cgsh_order_operate.html HTTP/1.1" 200 37
117.185.32.26 - - [27/Dec/2020:11:09:15 +0800] "POST /xingrg/all/common/load_select.html HTTP/1.1" 200 25
101.228.166.101 - - [27/Dec/2020:11:09:16 +0800] "POST /xingrg/kc/buy/cgsh_order_operate.html HTTP/1.1" 200 4443
117.185.32.26 - - [27/Dec/2020:11:09:16 +0800] "GET /xingrg/kc/base/wldb_order_operate.html?command=get_materiel_price&rest_code=00106&base_code=0010397&code=00102002685&unit_code=00100347 HTTP/1.1" 200 35
117.185.32.26 - - [27/Dec/2020:11:09:16 +0800] "GET /xingrg/javascript/jquery_tools/images/next.gif HTTP/1.1" 404 1086
117.185.32.26 - - [27/Dec/2020:11:09:16 +0800] "GET /xingrg/javascript/jquery_tools/images/prev.gif HTTP/1.1" 404 1086
180.162.223.42 - - [27/Dec/2020:11:09:18 +0800] "GET /xingrg/kc/base/wldb_order_add.html HTTP/1.1" 200 30508
180.162.223.42 - - [27/Dec/2020:11:09:19 +0800] "GET /xingrg/all/common/auto_word.html?type=base&rest_code=00105 HTTP/1.1" 200 1811
180.162.223.42 - - [27/Dec/2020:11:09:19 +0800] "GET /xingrg/all/common/auto_word.html?type=base&rest_code=00105 HTTP/1.1" 200 1811
180.162.223.42 - - [27/Dec/2020:11:09:19 +0800] "GET /xingrg/javascript/easyui/themes/default/validatebox.css HTTP/1.1" 404 1104
180.162.223.42 - - [27/Dec/2020:11:09:19 +0800] "POST /xingrg/kc/base/wldb_order_operate.html HTTP/1.1" 200 6806
180.162.223.42 - - [27/Dec/2020:11:09:19 +0800] "GET /xingrg/all/function/internal_message.html?_=1609038555103&CODE_STATE=getMsg HTTP/1.1" 200 27
101.228.166.101 - - [27/Dec/2020:11:09:19 +0800] "GET /xingrg/kc/print/load_data.html?order_code=212020122710919&kc_code=cgsh&condition= HTTP/1.1" 200 1427
58.35.244.144 - - [27/Dec/2020:11:09:20 +0800] "GET /xingrg/all/function/internal_message.html?_=1609038555276&CODE_STATE=getMsg HTTP/1.1" 302 -
180.162.223.42 - - [27/Dec/2020:11:09:20 +0800] "POST /xingrg/all/common/load_combo.html?type=base HTTP/1.1" 200 3236
117.184.7.30 - - [27/Dec/2020:11:09:21 +0800] "GET /xingrg/check_reg.html?_=1609038547418 HTTP/1.1" 200 22
117.184.7.26 - - [27/Dec/2020:11:09:21 +0800] "GET /xingrg/all/function/internal_message.html?_=1609038547421&CODE_STATE=getMsg HTTP/1.1" 200 27
101.228.166.101 - - [27/Dec/2020:11:09:21 +0800] "GET /xingrg/check_reg.html?_=1609038581133 HTTP/1.1" 200 22
222.69.133.109 - - [27/Dec/2020:11:09:26 +0800] "GET /xingrg/all/function/internal_message.html?_=1609038562444&CODE_STATE=getMsg HTTP/1.1" 200 27
101.228.166.101 - - [27/Dec/2020:11:09:26 +0800] "GET /xingrg/all/function/internal_message.html?_=1609038586105&CODE_STATE=getMsg HTTP/1.1" 200 27
172.17.0.120 - - [27/Dec/2020:11:09:28 +0800] "GET /xingrg/check_reg.html?_=1609038564030 HTTP/1.1" 200 22
172.17.0.120 - - [27/Dec/2020:11:09:28 +0800] "GET /xingrg/all/function/internal_message.html?_=1609038564034&CODE_STATE=getMsg HTTP/1.1" 200 27
117.185.32.26 - - [27/Dec/2020:11:09:28 +0800] "GET /xingrg/kc/base/wldb_order_operate.html?command=get_materiel&rest_code=00106&base_code=0010397&code=00102021018 HTTP/1.1" 200 446
180.162.223.42 - - [27/Dec/2020:11:09:31 +0800] "GET /xingrg/kc/base/wldb_order_operate.html?command=get_materiel&rest_code=00105&base_code=0010508&code=00102002082 HTTP/1.1" 200 440
180.152.104.37 - - [27/Dec/2020:11:09:32 +0800] "GET /xingrg/kc/buy/cgsh_order_operate.html?command=get_materiel&rest_code=00102&code=00101008007&supplier_code=00100008&order_time=2020-12-27 HTTP/1.1" 200 413
58.35.244.144 - - [27/Dec/2020:11:09:32 +0800] "GET /xingrg/all/function/internal_message.html?_=1609038717960&CODE_STATE=getMsg HTTP/1.1" 200 27
180.152.104.37 - - [27/Dec/2020:11:09:32 +0800] "GET /xingrg/all/function/internal_message.html?_=1609038569798&CODE_STATE=getMsg HTTP/1.1" 200 27
180.157.253.48 - - [27/Dec/2020:11:09:33 +0800] "GET /xingrg/check_reg.html?_=1609038570648 HTTP/1.1" 200 22
180.157.253.48 - - [27/Dec/2020:11:09:33 +0800] "GET /xingrg/all/function/internal_message.html?_=1609038571256&CODE_STATE=getMsg HTTP/1.1" 200 27
180.152.104.37 - - [27/Dec/2020:11:09:34 +0800] "GET /xingrg/all/function/internal_message.html?_=1609038805394&CODE_STATE=getMsg HTTP/1.1" 200 27
180.152.104.37 - - [27/Dec/2020:11:09:34 +0800] "POST /xingrg/kc/buy/cgsh_order_operate.html HTTP/1.1" 200 2065
101.85.93.83 - - [27/Dec/2020:11:09:34 +0800] "GET /xingrg/kc/base/wldb_order_operate.html?command=get_materiel&rest_code=00142&base_code=0010169&code=00101022099 HTTP/1.1" 200 427
180.157.253.48 - - [27/Dec/2020:11:09:36 +0800] "GET /xingrg/kc/base/wldb_order_operate.html?command=get_materiel&rest_code=00148&base_code=0010001&code=00101019637 HTTP/1.1" 200 433
120.253.135.82 - - [27/Dec/2020:11:09:36 +0800] "GET /xingrg/kc/pszx/mdps_order_list.html?orderType=0 HTTP/1.1" 200 21159
120.253.135.82 - - [27/Dec/2020:11:09:37 +0800] "POST /xingrg/kc/pszx/mdps_list_operate.html HTTP/1.1" 200 5521
117.185.32.26 - - [27/Dec/2020:11:09:37 +0800] "GET /xingrg/kc/base/wldb_order_operate.html?command=get_materiel&rest_code=00106&base_code=0010397&code=00102002257 HTTP/1.1" 200 451
180.152.104.37 - - [27/Dec/2020:11:09:37 +0800] "GET /xingrg/kc/buy/cgsh_order_operate.html?command=get_materiel&rest_code=00102&code=00101008010&supplier_code=00100008&order_time=2020-12-27 HTTP/1.1" 200 412
101.228.166.101 - - [27/Dec/2020:11:09:37 +0800] "GET /xingrg/kc/buy/cgsh_order_add.html HTTP/1.1" 200 61217
101.85.93.83 - - [27/Dec/2020:11:09:37 +0800] "GET /xingrg/all/function/internal_message.html?_=1609038261666&CODE_STATE=getMsg HTTP/1.1" 200 27
180.162.223.42 - - [27/Dec/2020:11:09:38 +0800] "GET /xingrg/kc/base/wldb_order_operate.html?command=get_materiel&rest_code=00105&base_code=0010508&code=00102002439 HTTP/1.1" 200 458
101.228.166.101 - - [27/Dec/2020:11:09:39 +0800] "POST /xingrg/kc/buy/cgsh_order_operate.html HTTP/1.1" 200 8245
101.228.166.101 - - [27/Dec/2020:11:09:39 +0800] "GET /xingrg/javascript/easyui/themes/default/validatebox.css HTTP/1.1" 404 1104
117.185.32.26 - - [27/Dec/2020:11:09:42 +0800] "GET /xingrg/all/function/internal_message.html?_=1609039046041&CODE_STATE=getMsg HTTP/1.1" 200 27
180.152.104.37 - - [27/Dec/2020:11:09:42 +0800] "GET /xingrg/kc/buy/cgsh_order_operate.html?command=get_materiel&rest_code=00102&code=00101008225&supplier_code=00100008&order_time=2020-12-27 HTTP/1.1" 200 416
120.253.135.82 - - [27/Dec/2020:11:09:44 +0800] "POST /xingrg/kc/pszx/mdps_list_operate.html HTTP/1.1" 200 1679
117.185.32.26 - - [27/Dec/2020:11:09:45 +0800] "GET /xingrg/kc/base/wldb_order_operate.html?command=get_materiel&rest_code=00106&base_code=0010397&code=00102002547 HTTP/1.1" 200 451
180.162.223.42 - - [27/Dec/2020:11:09:46 +0800] "GET /xingrg/kc/base/wldb_order_operate.html?command=get_materiel&rest_code=00105&base_code=0010508&code=00102002258 HTTP/1.1" 200 433
120.253.135.82 - - [27/Dec/2020:11:09:47 +0800] "POST /xingrg/kc/pszx/mdps_list_operate.html HTTP/1.1" 200 284
180.152.104.37 - - [27/Dec/2020:11:09:47 +0800] "GET /xingrg/kc/buy/cgsh_order_operate.html?command=get_materiel&rest_code=00102&code=00101008364&supplier_code=00100008&order_time=2020-12-27 HTTP/1.1" 200 413
117.185.32.26 - - [27/Dec/2020:11:09:48 +0800] "GET /xingrg/all/function/internal_message.html?_=1609038583681&CODE_STATE=getMsg HTTP/1.1" 200 27
180.157.253.48 - - [27/Dec/2020:11:09:49 +0800] "GET /xingrg/kc/base/wldb_order_operate.html?command=get_materiel&rest_code=00148&base_code=0010001&code=00101019306 HTTP/1.1" 200 464
116.228.172.94 - - [27/Dec/2020:11:09:50 +0800] "GET /xingrg/kc/buy/cgsh_order_add.html HTTP/1.1" 200 61299
117.185.32.26 - - [27/Dec/2020:11:09:50 +0800] "GET /xingrg/kc/base/wldb_order_operate.html?command=get_materiel&rest_code=00106&base_code=0010397&code=00102002231 HTTP/1.1" 200 451
116.228.172.94 - - [27/Dec/2020:11:09:50 +0800] "GET /xingrg/all/common/auto_word.html?type=employee&rest_code=00107 HTTP/1.1" 200 151
116.228.172.94 - - [27/Dec/2020:11:09:50 +0800] "GET /xingrg/all/common/auto_word.html?type=employee&rest_code=00107 HTTP/1.1" 200 151
116.228.172.94 - - [27/Dec/2020:11:09:50 +0800] "GET /xingrg/javascript/easyui/themes/default/validatebox.css HTTP/1.1" 404 1104
116.228.172.94 - - [27/Dec/2020:11:09:50 +0800] "POST /xingrg/kc/buy/cgsh_order_operate.html HTTP/1.1" 200 8245
120.253.135.82 - - [27/Dec/2020:11:09:51 +0800] "GET /xingrg/all/function/internal_message.html?_=1609038342750&CODE_STATE=getMsg HTTP/1.1" 200 27
116.232.51.115 - - [27/Dec/2020:11:09:51 +0800] "GET /xingrg/all/function/internal_message.html?_=1609038604015&CODE_STATE=getMsg HTTP/1.1" 200 27
172.17.0.123 - - [27/Dec/2020:11:09:52 +0800] "GET /xingrg/all/function/internal_message.html?_=1609038498683&CODE_STATE=getMsg HTTP/1.1" 200 27
172.17.0.123 - - [27/Dec/2020:11:09:52 +0800] "GET /xingrg/check_reg.html?_=1609038498685 HTTP/1.1" 200 22
116.228.172.94 - - [27/Dec/2020:11:09:52 +0800] "GET /xingrg/javascript/easyui/themes/default/tree.css HTTP/1.1" 404 1090
116.228.172.94 - - [27/Dec/2020:11:09:52 +0800] "POST /xingrg/all/common/load_tree.html?tree=supplier_tree_json&isDelete=1 HTTP/1.1" 200 53078
180.162.223.42 - - [27/Dec/2020:11:09:52 +0800] "GET /xingrg/kc/base/wldb_order_operate.html?command=get_materiel&rest_code=00105&base_code=0010508&code=00102002118 HTTP/1.1" 200 452
180.156.237.57 - - [27/Dec/2020:11:09:52 +0800] "GET /xingrg/all/function/internal_message.html?_=1609038573520&CODE_STATE=getMsg HTTP/1.1" 200 27
180.162.223.42 - - [27/Dec/2020:11:09:53 +0800] "POST /xingrg/all/common/load_select.html HTTP/1.1" 200 38
180.152.104.37 - - [27/Dec/2020:11:09:53 +0800] "POST /xingrg/kc/buy/cgsh_order_operate.html HTTP/1.1" 200 37
180.157.253.48 - - [27/Dec/2020:11:09:53 +0800] "GET /xingrg/kc/base/wldb_order_operate.html?command=get_materiel&rest_code=00148&base_code=0010001&code=00102002673 HTTP/1.1" 200 447
180.152.104.37 - - [27/Dec/2020:11:09:54 +0800] "POST /xingrg/kc/buy/cgsh_order_operate.html HTTP/1.1" 200 18017
180.162.223.42 - - [27/Dec/2020:11:09:54 +0800] "GET /xingrg/kc/base/wldb_order_operate.html?command=get_materiel_price&rest_code=00105&base_code=0010508&code=00102002118&unit_code=00100339 HTTP/1.1" 200 36
120.253.135.82 - - [27/Dec/2020:11:09:55 +0800] "POST /xingrg/kc/pszx/mdps_list_operate.html HTTP/1.1" 200 4013
180.152.104.37 - - [27/Dec/2020:11:09:55 +0800] "GET /xingrg/kc/buy/cgsh_order_add.html HTTP/1.1" 200 61176
180.157.253.48 - - [27/Dec/2020:11:09:56 +0800] "GET /xingrg/kc/base/wldb_order_operate.html?command=get_materiel&rest_code=00148&base_code=0010001&code=00101016029 HTTP/1.1" 200 460
101.228.166.101 - - [27/Dec/2020:11:09:56 +0800] "GET /xingrg/kc/buy/cgsh_order_operate.html?command=get_materiel&rest_code=00146&code=00101010658&supplier_code=00100344&order_time=2020-12-27 HTTP/1.1" 200 395
222.69.134.220 - - [27/Dec/2020:11:09:56 +0800] "GET /xingrg/all/function/internal_message.html?_=1609038592804&CODE_STATE=getMsg HTTP/1.1" 200 27
180.152.104.37 - - [27/Dec/2020:11:09:57 +0800] "POST /xingrg/kc/buy/cgsh_order_operate.html HTTP/1.1" 200 8245
116.228.172.94 - - [27/Dec/2020:11:09:57 +0800] "GET /xingrg/all/function/internal_message.html?_=1609038593199&CODE_STATE=getMsg HTTP/1.1" 200 27
180.152.104.37 - - [27/Dec/2020:11:09:57 +0800] "GET /xingrg/javascript/easyui/themes/default/validatebox.css HTTP/1.1" 404 1104
120.253.135.82 - - [27/Dec/2020:11:09:57 +0800] "POST /xingrg/kc/pszx/mdps_list_operate.html HTTP/1.1" 200 610
120.253.135.82 - - [27/Dec/2020:11:09:58 +0800] "GET /xingrg/kc/pszx/mdps_order_info.html?code=312020122600704 HTTP/1.1" 200 19541
180.156.237.57 - - [27/Dec/2020:11:09:58 +0800] "GET /xingrg/all/function/internal_message.html?_=1609038579324&CODE_STATE=getMsg HTTP/1.1" 200 27
120.253.135.82 - - [27/Dec/2020:11:09:59 +0800] "GET /xingrg/javascript/easyui/themes/default/validatebox.css HTTP/1.1" 404 1104
120.253.135.82 - - [27/Dec/2020:11:09:59 +0800] "POST /xingrg/kc/pszx/mdps_order_operate.html HTTP/1.1" 200 30722
180.157.253.48 - - [27/Dec/2020:11:10:00 +0800] "GET /xingrg/kc/base/wldb_order_operate.html?command=get_materiel&rest_code=00148&base_code=0010001&code=00101016040 HTTP/1.1" 200 459
180.156.237.57 - - [27/Dec/2020:11:10:01 +0800] "GET /xingrg/all/function/internal_message.html?_=1609038604937&CODE_STATE=getMsg HTTP/1.1" 200 27
172.17.0.185 - - [27/Dec/2020:11:10:01 +0800] "GET /xingrg/check_reg.html?_=1609038597235 HTTP/1.1" 200 22
172.17.0.185 - - [27/Dec/2020:11:10:01 +0800] "GET /xingrg/all/function/internal_message.html?_=1609038597239&CODE_STATE=getMsg HTTP/1.1" 200 27
180.152.104.37 - - [27/Dec/2020:11:10:02 +0800] "POST /xingrg/services/DataTransmitService HTTP/1.1" 200 524
180.162.223.42 - - [27/Dec/2020:11:10:02 +0800] "GET /xingrg/kc/base/wldb_order_operate.html?command=get_materiel&rest_code=00105&base_code=0010508&code=00102002204 HTTP/1.1" 200 433
180.152.104.37 - - [27/Dec/2020:11:10:03 +0800] "GET /xingrg/kc/buy/cgsh_order_operate.html?command=get_materiel&rest_code=00102&code=00101008323&supplier_code=00100008&order_time=2020-12-27 HTTP/1.1" 200 408
117.185.32.26 - - [27/Dec/2020:11:10:03 +0800] "GET /xingrg/kc/base/wldb_order_operate.html?command=get_materiel&rest_code=00106&base_code=0010397&code=00102002523 HTTP/1.1" 200 442
180.157.253.48 - - [27/Dec/2020:11:10:03 +0800] "GET /xingrg/kc/base/wldb_order_operate.html?command=get_materiel&rest_code=00148&base_code=0010001&code=00101019183 HTTP/1.1" 200 433
180.152.104.37 - - [27/Dec/2020:11:10:05 +0800] "POST /xingrg/services/DataTransmitService HTTP/1.1" 200 412
180.162.223.42 - - [27/Dec/2020:11:10:06 +0800] "POST /xingrg/kc/base/wldb_order_operate.html HTTP/1.1" 200 37
180.157.253.48 - - [27/Dec/2020:11:10:07 +0800] "GET /xingrg/kc/base/wldb_order_operate.html?command=get_materiel&rest_code=00148&base_code=0010001&code=00101016020 HTTP/1.1" 200 448
180.162.223.42 - - [27/Dec/2020:11:10:07 +0800] "POST /xingrg/kc/base/wldb_order_operate.html HTTP/1.1" 200 4167
180.162.223.42 - - [27/Dec/2020:11:10:07 +0800] "GET /xingrg/kc/base/wldb_order_info.html?code=422020122703091 HTTP/1.1" 200 30522
180.162.223.42 - - [27/Dec/2020:11:10:08 +0800] "GET /xingrg/javascript/easyui/themes/default/validatebox.css HTTP/1.1" 404 1104
180.162.223.42 - - [27/Dec/2020:11:10:08 +0800] "POST /xingrg/kc/base/wldb_order_operate.html HTTP/1.1" 200 4167
172.17.0.240 - - [27/Dec/2020:11:10:08 +0800] "GET /xingrg/all/function/internal_message.html?_=1609038602945&CODE_STATE=getMsg HTTP/1.1" 200 27
101.228.166.101 - - [27/Dec/2020:11:10:09 +0800] "POST /xingrg/kc/buy/cgsh_order_operate.html HTTP/1.1" 200 37
101.228.166.101 - - [27/Dec/2020:11:10:10 +0800] "POST /xingrg/kc/buy/cgsh_order_operate.html HTTP/1.1" 200 2652
180.156.237.57 - - [27/Dec/2020:11:10:11 +0800] "GET /xingrg/kc/buy/cgsh_order_list.html HTTP/1.1" 200 45480
180.156.237.57 - - [27/Dec/2020:11:10:12 +0800] "POST /xingrg/kc/buy/cgsh_list_operate.html HTTP/1.1" 200 876
180.156.237.57 - - [27/Dec/2020:11:10:12 +0800] "GET /xingrg/kc/buy/cgsh_order_add.html HTTP/1.1" 200 61135
180.156.237.57 - - [27/Dec/2020:11:10:13 +0800] "GET /xingrg/words/20201226173115_words.js HTTP/1.1" 304 -
180.156.237.57 - - [27/Dec/2020:11:10:13 +0800] "POST /xingrg/kc/buy/cgsh_order_operate.html HTTP/1.1" 200 8245
180.156.237.57 - - [27/Dec/2020:11:10:13 +0800] "GET /xingrg/javascript/easyui/themes/default/validatebox.css HTTP/1.1" 404 1104
101.228.166.101 - - [27/Dec/2020:11:10:13 +0800] "GET /xingrg/kc/print/load_data.html?order_code=212020122710921&kc_code=cgsh&condition= HTTP/1.1" 200 676
101.85.93.83 - - [27/Dec/2020:11:10:14 +0800] "GET /xingrg/kc/base/wldb_order_operate.html?command=get_materiel&rest_code=00142&base_code=0010169&code=00101016011 HTTP/1.1" 200 429
180.162.223.42 - - [27/Dec/2020:11:10:15 +0800] "GET /xingrg/kc/base/wldb_order_add.html HTTP/1.1" 200 30508
180.162.223.42 - - [27/Dec/2020:11:10:16 +0800] "POST /xingrg/kc/base/wldb_order_operate.html HTTP/1.1" 200 6806
180.162.223.42 - - [27/Dec/2020:11:10:16 +0800] "GET /xingrg/javascript/easyui/themes/default/validatebox.css HTTP/1.1" 404 1104
180.157.253.48 - - [27/Dec/2020:11:10:16 +0800] "GET /xingrg/kc/base/wldb_order_operate.html?command=get_materiel&rest_code=00148&base_code=0010001&code=00101019131 HTTP/1.1" 200 454
180.162.223.42 - - [27/Dec/2020:11:10:17 +0800] "POST /xingrg/all/common/load_combo.html?type=base HTTP/1.1" 200 3236
117.185.32.26 - - [27/Dec/2020:11:10:17 +0800] "POST /xingrg/all/common/load_select.html HTTP/1.1" 200 25
120.253.135.82 - - [27/Dec/2020:11:10:19 +0800] "POST /xingrg/kc/pszx/mdps_list_operate.html HTTP/1.1" 200 596
180.162.223.42 - - [27/Dec/2020:11:10:19 +0800] "GET /xingrg/all/function/internal_message.html?_=1609038615079&CODE_STATE=getMsg HTTP/1.1" 200 27
180.157.253.48 - - [27/Dec/2020:11:10:20 +0800] "GET /xingrg/kc/base/wldb_order_operate.html?command=get_materiel&rest_code=00148&base_code=0010001&code=00101019063 HTTP/1.1" 200 448
58.35.244.144 - - [27/Dec/2020:11:10:20 +0800] "GET /xingrg/all/function/internal_message.html?_=1609038615304&CODE_STATE=getMsg HTTP/1.1" 302 -
117.185.32.26 - - [27/Dec/2020:11:10:20 +0800] "GET /xingrg/kc/base/wldb_order_operate.html?command=get_materiel_price&rest_code=00106&base_code=0010397&code=00102002198&unit_code=00100333 HTTP/1.1" 200 35
120.253.135.82 - - [27/Dec/2020:11:10:21 +0800] "POST /xingrg/kc/pszx/mdps_list_operate.html HTTP/1.1" 200 233
117.184.7.26 - - [27/Dec/2020:11:10:21 +0800] "GET /xingrg/all/function/internal_message.html?_=1609038607420&CODE_STATE=getMsg HTTP/1.1" 200 27
180.156.237.57 - - [27/Dec/2020:11:10:22 +0800] "GET /xingrg/kc/buy/cgsh_order_operate.html?command=get_materiel&rest_code=00150&code=00101006067&supplier_code=00100330&order_time=2020-12-27 HTTP/1.1" 200 409
120.253.135.82 - - [27/Dec/2020:11:10:23 +0800] "POST /xingrg/kc/pszx/mdps_list_operate.html HTTP/1.1" 200 205
180.157.253.48 - - [27/Dec/2020:11:10:24 +0800] "GET /xingrg/kc/base/wldb_order_operate.html?command=get_materiel&rest_code=00148&base_code=0010001&code=00101019503 HTTP/1.1" 200 467
180.152.104.37 - - [27/Dec/2020:11:10:25 +0800] "GET /xingrg/kc/buy/cgsh_order_operate.html?command=get_materiel&rest_code=00102&code=00101008361&supplier_code=00100008&order_time=2020-12-27 HTTP/1.1" 200 408
120.253.135.82 - - [27/Dec/2020:11:10:25 +0800] "POST /xingrg/kc/pszx/mdps_list_operate.html HTTP/1.1" 200 533
101.228.166.101 - - [27/Dec/2020:11:10:26 +0800] "GET /xingrg/kc/buy/cgsh_order_add.html HTTP/1.1" 200 61217
222.69.133.109 - - [27/Dec/2020:11:10:26 +0800] "GET /xingrg/check_reg.html?_=1609038622432 HTTP/1.1" 200 22
222.69.133.109 - - [27/Dec/2020:11:10:26 +0800] "GET /xingrg/all/function/internal_message.html?_=1609038622436&CODE_STATE=getMsg HTTP/1.1" 200 27
180.162.223.42 - - [27/Dec/2020:11:10:27 +0800] "GET /xingrg/kc/base/wldb_order_operate.html?command=get_materiel&rest_code=00105&base_code=0010508&code=00102002685 HTTP/1.1" 200 442
101.228.166.101 - - [27/Dec/2020:11:10:28 +0800] "POST /xingrg/kc/buy/cgsh_order_operate.html HTTP/1.1" 200 8245
101.228.166.101 - - [27/Dec/2020:11:10:28 +0800] "GET /xingrg/all/function/internal_message.html?_=1609038647702&CODE_STATE=getMsg HTTP/1.1" 200 27
101.228.166.101 - - [27/Dec/2020:11:10:28 +0800] "GET /xingrg/javascript/easyui/themes/default/validatebox.css HTTP/1.1" 404 1104
172.17.0.120 - - [27/Dec/2020:11:10:28 +0800] "GET /xingrg/all/function/internal_message.html?_=1609038624021&CODE_STATE=getMsg HTTP/1.1" 200 27
180.162.223.42 - - [27/Dec/2020:11:10:28 +0800] "POST /xingrg/all/common/load_select.html HTTP/1.1" 200 25
120.253.135.82 - - [27/Dec/2020:11:10:29 +0800] "POST /xingrg/kc/pszx/mdps_list_operate.html HTTP/1.1" 200 611
180.156.237.57 - - [27/Dec/2020:11:10:29 +0800] "GET /xingrg/kc/buy/cgsh_order_operate.html?command=get_materiel&rest_code=00150&code=00101018011&supplier_code=00100330&order_time=2020-12-27 HTTP/1.1" 200 413
180.162.223.42 - - [27/Dec/2020:11:10:29 +0800] "GET /xingrg/kc/base/wldb_order_operate.html?command=get_materiel_price&rest_code=00105&base_code=0010508&code=00102002685&unit_code=00100347 HTTP/1.1" 200 35
180.152.104.37 - - [27/Dec/2020:11:10:30 +0800] "GET /xingrg/kc/buy/cgsh_order_operate.html?command=get_materiel&rest_code=00102&code=00101015060&supplier_code=00100008&order_time=2020-12-27 HTTP/1.1" 200 412
58.35.244.144 - - [27/Dec/2020:11:10:32 +0800] "GET /xingrg/all/function/internal_message.html?_=1609038777929&CODE_STATE=getMsg HTTP/1.1" 200 27
117.185.32.26 - - [27/Dec/2020:11:10:32 +0800] "GET /xingrg/kc/base/wldb_order_operate.html?command=get_materiel&rest_code=00106&base_code=0010397&code=00102001013 HTTP/1.1" 200 441
180.152.104.37 - - [27/Dec/2020:11:10:32 +0800] "GET /xingrg/all/function/internal_message.html?_=1609038629840&CODE_STATE=getMsg HTTP/1.1" 200 27
180.157.253.48 - - [27/Dec/2020:11:10:33 +0800] "GET /xingrg/all/function/internal_message.html?_=1609038631258&CODE_STATE=getMsg HTTP/1.1" 200 27
180.152.104.37 - - [27/Dec/2020:11:10:34 +0800] "GET /xingrg/all/function/internal_message.html?_=1609038865407&CODE_STATE=getMsg HTTP/1.1" 200 27
183.192.164.85 - - [27/Dec/2020:11:10:34 +0800] "GET /xingrg/all/function/internal_message.html?_=1609038163798&CODE_STATE=getMsg HTTP/1.1" 302 -
180.162.223.42 - - [27/Dec/2020:11:10:37 +0800] "GET /xingrg/kc/base/wldb_order_operate.html?command=get_materiel&rest_code=00105&base_code=0010508&code=00102002197 HTTP/1.1" 200 445
101.85.93.83 - - [27/Dec/2020:11:10:37 +0800] "GET /xingrg/all/function/internal_message.html?_=1609038321622&CODE_STATE=getMsg HTTP/1.1" 200 27
180.156.237.57 - - [27/Dec/2020:11:10:39 +0800] "GET /xingrg/kc/buy/cgsh_order_operate.html?command=get_materiel&rest_code=00150&code=00101018007&supplier_code=00100330&order_time=2020-12-27 HTTP/1.1" 200 409
180.162.223.42 - - [27/Dec/2020:11:10:41 +0800] "POST /xingrg/kc/base/wldb_order_operate.html HTTP/1.1" 200 37
180.162.223.42 - - [27/Dec/2020:11:10:42 +0800] "POST /xingrg/kc/base/wldb_order_operate.html HTTP/1.1" 200 2691
117.185.32.26 - - [27/Dec/2020:11:10:42 +0800] "GET /xingrg/all/function/internal_message.html?_=1609039106021&CODE_STATE=getMsg HTTP/1.1" 200 27
180.162.223.42 - - [27/Dec/2020:11:10:42 +0800] "GET /xingrg/kc/base/wldb_order_info.html?code=422020122703092 HTTP/1.1" 200 30523
180.162.223.42 - - [27/Dec/2020:11:10:42 +0800] "GET /xingrg/javascript/easyui/themes/default/validatebox.css HTTP/1.1" 404 1104
117.185.32.26 - - [27/Dec/2020:11:10:43 +0800] "POST /xingrg/kc/base/wldb_order_operate.html HTTP/1.1" 200 37
180.162.223.42 - - [27/Dec/2020:11:10:43 +0800] "POST /xingrg/kc/base/wldb_order_operate.html HTTP/1.1" 200 2691
117.185.32.26 - - [27/Dec/2020:11:10:43 +0800] "POST /xingrg/kc/base/wldb_order_operate.html HTTP/1.1" 200 7071
101.85.93.83 - - [27/Dec/2020:11:10:43 +0800] "GET /xingrg/kc/base/wldb_order_operate.html?command=get_materiel&rest_code=00142&base_code=0010169&code=00101019509 HTTP/1.1" 200 463
180.152.104.37 - - [27/Dec/2020:11:10:43 +0800] "GET /xingrg/kc/buy/cgsh_order_operate.html?command=get_materiel&rest_code=00102&code=00101008095&supplier_code=00100008&order_time=2020-12-27 HTTP/1.1" 200 412
117.185.32.26 - - [27/Dec/2020:11:10:44 +0800] "GET /xingrg/kc/base/wldb_order_info.html?code=422020122703093 HTTP/1.1" 200 30529
183.192.164.85 - - [27/Dec/2020:11:10:44 +0800] "GET /xingrg/login.html HTTP/1.1" 200 7641
117.185.32.26 - - [27/Dec/2020:11:10:44 +0800] "GET /xingrg/javascript/easyui/themes/default/validatebox.css HTTP/1.1" 404 1104
180.157.253.48 - - [27/Dec/2020:11:10:45 +0800] "POST /xingrg/kc/base/wldb_order_operate.html HTTP/1.1" 200 37
117.185.32.26 - - [27/Dec/2020:11:10:45 +0800] "POST /xingrg/kc/base/wldb_order_operate.html HTTP/1.1" 200 7071
180.157.253.48 - - [27/Dec/2020:11:10:47 +0800] "POST /xingrg/kc/base/wldb_order_operate.html HTTP/1.1" 200 12
180.157.253.48 - - [27/Dec/2020:11:10:47 +0800] "POST /xingrg/kc/base/wldb_order_operate.html HTTP/1.1" 200 9155
117.185.32.26 - - [27/Dec/2020:11:10:48 +0800] "GET /xingrg/all/function/internal_message.html?_=1609038643635&CODE_STATE=getMsg HTTP/1.1" 200 27
180.162.223.42 - - [27/Dec/2020:11:10:49 +0800] "GET /xingrg/kc/base/wldb_order_add.html HTTP/1.1" 200 30508
180.162.223.42 - - [27/Dec/2020:11:10:49 +0800] "POST /xingrg/kc/base/wldb_order_operate.html HTTP/1.1" 200 6806
180.162.223.42 - - [27/Dec/2020:11:10:49 +0800] "GET /xingrg/javascript/easyui/themes/default/validatebox.css HTTP/1.1" 404 1104
180.156.237.57 - - [27/Dec/2020:11:10:49 +0800] "POST /xingrg/kc/buy/cgsh_order_operate.html HTTP/1.1" 200 37
101.228.166.101 - - [27/Dec/2020:11:10:50 +0800] "GET /xingrg/kc/buy/cgsh_order_operate.html?command=get_materiel&rest_code=00146&code=00101010079&supplier_code=00100336&order_time=2020-12-27 HTTP/1.1" 200 413
180.162.223.42 - - [27/Dec/2020:11:10:50 +0800] "POST /xingrg/all/common/load_combo.html?type=base HTTP/1.1" 200 3236
116.232.51.115 - - [27/Dec/2020:11:10:51 +0800] "GET /xingrg/all/function/internal_message.html?_=1609038664015&CODE_STATE=getMsg HTTP/1.1" 200 27
120.253.135.82 - - [27/Dec/2020:11:10:51 +0800] "GET /xingrg/all/function/internal_message.html?_=1609038402798&CODE_STATE=getMsg HTTP/1.1" 200 27
172.17.0.123 - - [27/Dec/2020:11:10:52 +0800] "GET /xingrg/all/function/internal_message.html?_=1609038558686&CODE_STATE=getMsg HTTP/1.1" 200 27
180.156.237.57 - - [27/Dec/2020:11:10:53 +0800] "GET /xingrg/all/function/internal_message.html?_=1609038633542&CODE_STATE=getMsg HTTP/1.1" 200 27
180.156.237.57 - - [27/Dec/2020:11:10:53 +0800] "POST /xingrg/kc/buy/cgsh_order_operate.html HTTP/1.1" 200 12
101.85.93.83 - - [27/Dec/2020:11:10:56 +0800] "GET /xingrg/kc/base/wldb_order_operate.html?command=get_materiel&rest_code=00142&base_code=0010169&code=00101019179 HTTP/1.1" 200 450
180.152.104.37 - - [27/Dec/2020:11:10:56 +0800] "GET /xingrg/kc/buy/cgsh_order_operate.html?command=get_materiel&rest_code=00102&code=00101008064&supplier_code=00100008&order_time=2020-12-27 HTTP/1.1" 200 412
222.69.134.220 - - [27/Dec/2020:11:10:56 +0800] "GET /xingrg/check_reg.html?_=1609038652814 HTTP/1.1" 200 22
222.69.134.220 - - [27/Dec/2020:11:10:56 +0800] "GET /xingrg/all/function/internal_message.html?_=1609038652817&CODE_STATE=getMsg HTTP/1.1" 200 27
180.156.237.57 - - [27/Dec/2020:11:10:56 +0800] "GET /xingrg/kc/buy/cgsh_order_info.html?code=212020122710922 HTTP/1.1" 200 56044
116.228.172.94 - - [27/Dec/2020:11:10:56 +0800] "GET /xingrg/check_reg.html?_=1609038653098 HTTP/1.1" 200 22
116.228.172.94 - - [27/Dec/2020:11:10:57 +0800] "GET /xingrg/all/function/internal_message.html?_=1609038653168&CODE_STATE=getMsg HTTP/1.1" 200 27
180.156.237.57 - - [27/Dec/2020:11:10:57 +0800] "GET /xingrg/javascript/easyui/themes/default/validatebox.css HTTP/1.1" 404 1104
180.156.237.57 - - [27/Dec/2020:11:10:57 +0800] "POST /xingrg/kc/buy/cgsh_order_operate.html HTTP/1.1" 200 1784
117.185.32.26 - - [27/Dec/2020:11:10:58 +0800] "GET /xingrg/kc/base/wldb_order_add.html HTTP/1.1" 200 30512
180.156.237.57 - - [27/Dec/2020:11:10:58 +0800] "GET /xingrg/all/function/internal_message.html?_=1609038639344&CODE_STATE=getMsg HTTP/1.1" 200 27
180.156.237.57 - - [27/Dec/2020:11:10:58 +0800] "GET /xingrg/kc/print/load_data.html?order_code=212020122710922&kc_code=cgsh&condition= HTTP/1.1" 200 1159
180.162.223.42 - - [27/Dec/2020:11:10:59 +0800] "GET /xingrg/kc/base/wldb_order_operate.html?command=get_materiel&rest_code=00105&base_code=0010508&code=00102002029 HTTP/1.1" 200 454
117.185.32.26 - - [27/Dec/2020:11:10:59 +0800] "GET /xingrg/javascript/easyui/themes/default/validatebox.css HTTP/1.1" 404 1104
117.185.32.26 - - [27/Dec/2020:11:10:59 +0800] "POST /xingrg/kc/base/wldb_order_operate.html HTTP/1.1" 200 6806
101.85.93.83 - - [27/Dec/2020:11:10:59 +0800] "POST /xingrg/all/common/load_select.html HTTP/1.1" 200 25
117.185.32.26 - - [27/Dec/2020:11:10:59 +0800] "POST /xingrg/all/common/load_combo.html?type=base HTTP/1.1" 200 3142
180.156.237.57 - - [27/Dec/2020:11:11:01 +0800] "GET /xingrg/all/function/internal_message.html?_=1609038665137&CODE_STATE=getMsg HTTP/1.1" 200 27
101.85.93.83 - - [27/Dec/2020:11:11:01 +0800] "GET /xingrg/kc/base/wldb_order_operate.html?command=get_materiel_price&rest_code=00142&base_code=0010169&code=00101019179&unit_code=00100160 HTTP/1.1" 200 33
117.185.32.26 - - [27/Dec/2020:11:11:01 +0800] "GET /xingrg/check_reg.html?_=1609038657375 HTTP/1.1" 200 22
172.17.0.185 - - [27/Dec/2020:11:11:01 +0800] "GET /xingrg/all/function/internal_message.html?_=1609038657242&CODE_STATE=getMsg HTTP/1.1" 200 27
117.185.32.26 - - [27/Dec/2020:11:11:02 +0800] "POST /xingrg/all/common/load_combo.html?type=base HTTP/1.1" 200 3142
101.228.166.101 - - [27/Dec/2020:11:11:02 +0800] "POST /xingrg/kc/buy/cgsh_order_operate.html HTTP/1.1" 200 37
180.156.237.57 - - [27/Dec/2020:11:11:02 +0800] "GET /xingrg/kc/buy/cgsh_order_add.html HTTP/1.1" 200 61135
180.156.237.57 - - [27/Dec/2020:11:11:02 +0800] "POST /xingrg/kc/buy/cgsh_order_operate.html HTTP/1.1" 200 8245
180.156.237.57 - - [27/Dec/2020:11:11:02 +0800] "GET /xingrg/javascript/easyui/themes/default/validatebox.css HTTP/1.1" 404 1104
180.152.104.37 - - [27/Dec/2020:11:11:03 +0800] "GET /xingrg/kc/buy/cgsh_order_operate.html?command=get_materiel&rest_code=00102&code=00101008168&supplier_code=00100008&order_time=2020-12-27 HTTP/1.1" 200 413
101.228.166.101 - - [27/Dec/2020:11:11:03 +0800] "POST /xingrg/kc/buy/cgsh_order_operate.html HTTP/1.1" 200 2658
180.162.223.42 - - [27/Dec/2020:11:11:03 +0800] "POST /xingrg/kc/base/wldb_order_operate.html HTTP/1.1" 200 37
180.162.223.42 - - [27/Dec/2020:11:11:04 +0800] "POST /xingrg/kc/base/wldb_order_operate.html HTTP/1.1" 200 2219
180.162.223.42 - - [27/Dec/2020:11:11:04 +0800] "GET /xingrg/kc/base/wldb_order_info.html?code=422020122703095 HTTP/1.1" 200 30520
180.162.223.42 - - [27/Dec/2020:11:11:04 +0800] "GET /xingrg/javascript/easyui/themes/default/validatebox.css HTTP/1.1" 404 1104
180.162.223.42 - - [27/Dec/2020:11:11:05 +0800] "POST /xingrg/kc/base/wldb_order_operate.html HTTP/1.1" 200 2219
120.253.135.82 - - [27/Dec/2020:11:11:06 +0800] "POST /xingrg/kc/pszx/mdps_list_operate.html HTTP/1.1" 200 1706
101.228.166.101 - - [27/Dec/2020:11:11:06 +0800] "GET /xingrg/kc/print/load_data.html?order_code=212020122710923&kc_code=cgsh&condition= HTTP/1.1" 200 674
180.157.253.48 - - [27/Dec/2020:11:11:07 +0800] "GET /xingrg/kc/base/wldb_order_info.html?code=422020122703094 HTTP/1.1" 200 26393
180.157.253.48 - - [27/Dec/2020:11:11:08 +0800] "POST /xingrg/kc/base/wldb_order_operate.html HTTP/1.1" 200 7275
180.157.253.48 - - [27/Dec/2020:11:11:08 +0800] "GET /xingrg/javascript/easyui/themes/default/validatebox.css HTTP/1.1" 404 1104
120.253.135.82 - - [27/Dec/2020:11:11:08 +0800] "POST /xingrg/kc/pszx/mdps_list_operate.html HTTP/1.1" 200 509
172.17.0.240 - - [27/Dec/2020:11:11:08 +0800] "GET /xingrg/all/function/internal_message.html?_=1609038662947&CODE_STATE=getMsg HTTP/1.1" 200 27
117.185.32.26 - - [27/Dec/2020:11:11:10 +0800] "GET /xingrg/kc/base/wldb_order_operate.html?command=get_materiel&rest_code=00106&base_code=0010397&code=00102001074 HTTP/1.1" 200 432
180.156.237.57 - - [27/Dec/2020:11:11:11 +0800] "GET /xingrg/kc/buy/cgsh_order_operate.html?command=get_materiel&rest_code=00150&code=00101008009&supplier_code=00100327&order_time=2020-12-27 HTTP/1.1" 200 413
180.152.104.37 - - [27/Dec/2020:11:11:11 +0800] "GET /xingrg/kc/buy/cgsh_order_operate.html?command=get_materiel&rest_code=00102&code=00101008236&supplier_code=00100008&order_time=2020-12-27 HTTP/1.1" 200 436
101.85.93.83 - - [27/Dec/2020:11:11:12 +0800] "GET /xingrg/kc/base/wldb_order_operate.html?command=get_materiel&rest_code=00142&base_code=0010169&code=00101012017 HTTP/1.1" 200 446
117.185.32.26 - - [27/Dec/2020:11:11:16 +0800] "GET /xingrg/kc/base/wldb_order_operate.html?command=get_materiel&rest_code=00106&base_code=0010397&code=00102001151 HTTP/1.1" 200 434
120.253.135.82 - - [27/Dec/2020:11:11:17 +0800] "POST /xingrg/kc/pszx/mdps_list_operate.html HTTP/1.1" 200 4220
180.152.104.37 - - [27/Dec/2020:11:11:17 +0800] "GET /xingrg/kc/buy/cgsh_order_operate.html?command=get_materiel&rest_code=00102&code=00101015038&supplier_code=00100008&order_time=2020-12-27 HTTP/1.1" 200 418
180.157.253.48 - - [27/Dec/2020:11:11:18 +0800] "POST /xingrg/kc/base/wldb_list_operate.html HTTP/1.1" 200 928
180.156.237.57 - - [27/Dec/2020:11:11:18 +0800] "GET /xingrg/kc/buy/cgsh_order_operate.html?command=get_materiel&rest_code=00150&code=00101010111&supplier_code=00100327&order_time=2020-12-27 HTTP/1.1" 200 417
180.162.223.42 - - [27/Dec/2020:11:11:19 +0800] "GET /xingrg/all/function/internal_message.html?_=1609038675072&CODE_STATE=getMsg HTTP/1.1" 200 27
120.253.135.82 - - [27/Dec/2020:11:11:19 +0800] "POST /xingrg/kc/pszx/mdps_list_operate.html HTTP/1.1" 200 603
58.35.244.144 - - [27/Dec/2020:11:11:20 +0800] "GET /xingrg/all/function/internal_message.html?_=1609038675319&CODE_STATE=getMsg HTTP/1.1" 302 -
120.253.135.82 - - [27/Dec/2020:11:11:20 +0800] "GET /xingrg/kc/pszx/mdps_order_info.html?code=312020122600688 HTTP/1.1" 200 23881
120.253.135.82 - - [27/Dec/2020:11:11:20 +0800] "GET /xingrg/javascript/easyui/themes/default/validatebox.css HTTP/1.1" 404 1104
120.253.135.82 - - [27/Dec/2020:11:11:21 +0800] "POST /xingrg/kc/pszx/mdps_order_operate.html HTTP/1.1" 200 8813
101.228.166.101 - - [27/Dec/2020:11:11:21 +0800] "GET /xingrg/kc/buy/cgsh_order_add.html HTTP/1.1" 200 61217
117.184.7.26 - - [27/Dec/2020:11:11:21 +0800] "GET /xingrg/all/function/internal_message.html?_=1609038667421&CODE_STATE=getMsg HTTP/1.1" 200 27
101.85.93.83 - - [27/Dec/2020:11:11:21 +0800] "GET /xingrg/kc/base/wldb_order_operate.html?command=get_materiel&rest_code=00142&base_code=0010169&code=00101019184 HTTP/1.1" 200 442
101.228.166.101 - - [27/Dec/2020:11:11:22 +0800] "POST /xingrg/kc/buy/cgsh_order_operate.html HTTP/1.1" 200 8245
101.228.166.101 - - [27/Dec/2020:11:11:23 +0800] "GET /xingrg/javascript/easyui/themes/default/validatebox.css HTTP/1.1" 404 1104
180.156.237.57 - - [27/Dec/2020:11:11:24 +0800] "GET /xingrg/kc/buy/cgsh_order_operate.html?command=get_materiel&rest_code=00150&code=00101005026&supplier_code=00100327&order_time=2020-12-27 HTTP/1.1" 200 413
120.253.135.82 - - [27/Dec/2020:11:11:26 +0800] "POST /xingrg/kc/pszx/mdps_list_operate.html HTTP/1.1" 200 4220
222.69.133.109 - - [27/Dec/2020:11:11:26 +0800] "GET /xingrg/all/function/internal_message.html?_=1609038682438&CODE_STATE=getMsg HTTP/1.1" 200 27
120.204.17.72 - - [27/Dec/2020:11:11:26 +0800] "GET /xingrg/all/function/internal_message.html?_=1609038283755&CODE_STATE=getMsg HTTP/1.1" 302 -
120.253.135.82 - - [27/Dec/2020:11:11:27 +0800] "GET /xingrg/check_reg.html?_=1609038734918 HTTP/1.1" 200 22
101.228.166.101 - - [27/Dec/2020:11:11:28 +0800] "GET /xingrg/all/function/internal_message.html?_=1609038707707&CODE_STATE=getMsg HTTP/1.1" 200 27
172.17.0.120 - - [27/Dec/2020:11:11:28 +0800] "GET /xingrg/all/function/internal_message.html?_=1609038684024&CODE_STATE=getMsg HTTP/1.1" 200 27
120.253.135.82 - - [27/Dec/2020:11:11:28 +0800] "POST /xingrg/kc/pszx/mdps_list_operate.html HTTP/1.1" 200 664
117.185.32.26 - - [27/Dec/2020:11:11:28 +0800] "GET /xingrg/kc/base/wldb_order_operate.html?command=get_materiel&rest_code=00106&base_code=0010397&code=00102002150 HTTP/1.1" 200 433
120.253.135.82 - - [27/Dec/2020:11:11:29 +0800] "GET /xingrg/kc/pszx/mdps_order_info.html?code=312020122600689 HTTP/1.1" 200 23881
120.253.135.82 - - [27/Dec/2020:11:11:29 +0800] "GET /xingrg/javascript/easyui/themes/default/validatebox.css HTTP/1.1" 404 1104
120.253.135.82 - - [27/Dec/2020:11:11:29 +0800] "POST /xingrg/kc/pszx/mdps_order_operate.html HTTP/1.1" 200 14569
117.185.32.26 - - [27/Dec/2020:11:11:30 +0800] "POST /xingrg/kc/buy/cgsh_order_operate.html HTTP/1.1" 200 37
120.204.17.72 - - [27/Dec/2020:11:11:31 +0800] "GET /xingrg/login.html HTTP/1.1" 200 7641
180.156.237.57 - - [27/Dec/2020:11:11:32 +0800] "GET /xingrg/kc/buy/cgsh_order_operate.html?command=get_materiel&rest_code=00150&code=00101010569&supplier_code=00100327&order_time=2020-12-27 HTTP/1.1" 200 397
116.228.172.94 - - [27/Dec/2020:11:11:32 +0800] "GET /xingrg/kc/mdqp/qp_main.html HTTP/1.1" 200 10633
58.35.244.144 - - [27/Dec/2020:11:11:32 +0800] "GET /xingrg/all/function/internal_message.html?_=1609038837911&CODE_STATE=getMsg HTTP/1.1" 200 27
180.152.104.37 - - [27/Dec/2020:11:11:33 +0800] "GET /xingrg/all/function/internal_message.html?_=1609038689847&CODE_STATE=getMsg HTTP/1.1" 200 27
101.85.93.83 - - [27/Dec/2020:11:11:33 +0800] "GET /xingrg/kc/base/wldb_order_operate.html?command=get_materiel&rest_code=00142&base_code=0010169&code=00101016121 HTTP/1.1" 200 420
117.185.32.26 - - [27/Dec/2020:11:11:33 +0800] "POST /xingrg/kc/buy/cgsh_order_operate.html HTTP/1.1" 200 12
58.35.244.144 - - [27/Dec/2020:11:11:33 +0800] "GET /xingrg/check_reg.html?_=1609038838616 HTTP/1.1" 200 22
180.157.253.48 - - [27/Dec/2020:11:11:33 +0800] "GET /xingrg/all/function/internal_message.html?_=1609038691257&CODE_STATE=getMsg HTTP/1.1" 200 27
116.228.172.94 - - [27/Dec/2020:11:11:33 +0800] "GET /xingrg/images/yd/bt.gif HTTP/1.1" 404 1040
116.228.172.94 - - [27/Dec/2020:11:11:34 +0800] "GET /xingrg/kc/mdqp/qqps_order_list.html HTTP/1.1" 200 9222
180.152.104.37 - - [27/Dec/2020:11:11:34 +0800] "GET /xingrg/all/function/internal_message.html?_=1609038925773&CODE_STATE=getMsg HTTP/1.1" 200 27
117.185.32.26 - - [27/Dec/2020:11:11:34 +0800] "GET /xingrg/kc/buy/cgsh_order_info.html?code=212020122710924 HTTP/1.1" 200 56106
116.228.172.94 - - [27/Dec/2020:11:11:34 +0800] "GET /xingrg/dwr/interface/AjaxQqpsService.js HTTP/1.1" 200 16326
116.228.172.94 - - [27/Dec/2020:11:11:34 +0800] "GET /xingrg/dwr/interface/AjaxReportQueryService.js HTTP/1.1" 200 13203
116.228.172.94 - - [27/Dec/2020:11:11:34 +0800] "GET /xingrg/dwr/engine.js HTTP/1.1" 200 43631
117.185.32.26 - - [27/Dec/2020:11:11:35 +0800] "GET /xingrg/javascript/easyui/themes/default/validatebox.css HTTP/1.1" 404 1104
117.185.32.26 - - [27/Dec/2020:11:11:35 +0800] "POST /xingrg/kc/buy/cgsh_order_operate.html HTTP/1.1" 200 5981
116.228.172.94 - - [27/Dec/2020:11:11:37 +0800] "GET /xingrg/kc/mdqp/qqps_order_add.html HTTP/1.1" 200 28244
116.228.172.94 - - [27/Dec/2020:11:11:37 +0800] "GET /xingrg/dwr/interface/AjaxComOrderService.js HTTP/1.1" 200 18264
116.228.172.94 - - [27/Dec/2020:11:11:37 +0800] "GET /xingrg/dwr/interface/AjaxQqpsService.js HTTP/1.1" 200 16326
116.228.172.94 - - [27/Dec/2020:11:11:37 +0800] "GET /xingrg/dwr/engine.js HTTP/1.1" 200 43631
101.85.93.83 - - [27/Dec/2020:11:11:37 +0800] "GET /xingrg/all/function/internal_message.html?_=1609038381687&CODE_STATE=getMsg HTTP/1.1" 200 27
180.156.237.57 - - [27/Dec/2020:11:11:38 +0800] "POST /xingrg/kc/buy/cgsh_order_operate.html HTTP/1.1" 200 37
117.185.32.26 - - [27/Dec/2020:11:11:38 +0800] "GET /xingrg/kc/print/load_data.html?order_code=212020122710924&kc_code=cgsh&condition= HTTP/1.1" 200 2766
58.35.244.144 - - [27/Dec/2020:11:11:40 +0800] "GET /xingrg/check_reg.html?_=1609038695881 HTTP/1.1" 302 -
180.156.237.57 - - [27/Dec/2020:11:11:41 +0800] "POST /xingrg/kc/buy/cgsh_order_operate.html HTTP/1.1" 200 12
180.156.237.57 - - [27/Dec/2020:11:11:41 +0800] "GET /xingrg/kc/buy/cgsh_order_info.html?code=212020122710925 HTTP/1.1" 200 56038
180.156.237.57 - - [27/Dec/2020:11:11:42 +0800] "GET /xingrg/javascript/easyui/themes/default/validatebox.css HTTP/1.1" 404 1104
117.185.32.26 - - [27/Dec/2020:11:11:42 +0800] "GET /xingrg/all/function/internal_message.html?_=1609039166023&CODE_STATE=getMsg HTTP/1.1" 200 27
101.85.93.83 - - [27/Dec/2020:11:11:42 +0800] "GET /xingrg/kc/base/wldb_order_operate.html?command=get_materiel&rest_code=00142&base_code=0010169&code=00101022024 HTTP/1.1" 200 432
180.156.237.57 - - [27/Dec/2020:11:11:42 +0800] "POST /xingrg/kc/buy/cgsh_order_operate.html HTTP/1.1" 200 2386
180.156.237.57 - - [27/Dec/2020:11:11:43 +0800] "GET /xingrg/kc/print/load_data.html?order_code=212020122710925&kc_code=cgsh&condition= HTTP/1.1" 200 1383
117.185.32.26 - - [27/Dec/2020:11:11:43 +0800] "POST /xingrg/kc/base/wldb_order_operate.html HTTP/1.1" 200 37
117.185.32.26 - - [27/Dec/2020:11:11:44 +0800] "POST /xingrg/kc/base/wldb_order_operate.html HTTP/1.1" 200 3143
117.185.32.26 - - [27/Dec/2020:11:11:44 +0800] "GET /xingrg/kc/base/wldb_order_info.html?code=422020122703096 HTTP/1.1" 200 30526
101.85.93.83 - - [27/Dec/2020:11:11:44 +0800] "POST /xingrg/kc/base/wldb_order_operate.html HTTP/1.1" 200 1710
117.185.32.26 - - [27/Dec/2020:11:11:44 +0800] "GET /xingrg/javascript/easyui/themes/default/validatebox.css HTTP/1.1" 404 1104
117.185.32.26 - - [27/Dec/2020:11:11:45 +0800] "POST /xingrg/kc/base/wldb_order_operate.html HTTP/1.1" 200 3143
180.156.237.57 - - [27/Dec/2020:11:11:47 +0800] "GET /xingrg/kc/buy/cgsh_order_add.html HTTP/1.1" 200 61135
117.185.32.26 - - [27/Dec/2020:11:11:47 +0800] "GET /xingrg/kc/base/wldb_order_add.html HTTP/1.1" 200 30512
180.156.237.57 - - [27/Dec/2020:11:11:47 +0800] "POST /xingrg/kc/buy/cgsh_order_operate.html HTTP/1.1" 200 8245
180.156.237.57 - - [27/Dec/2020:11:11:47 +0800] "GET /xingrg/javascript/easyui/themes/default/validatebox.css HTTP/1.1" 404 1104
117.185.32.26 - - [27/Dec/2020:11:11:48 +0800] "GET /xingrg/javascript/easyui/themes/default/validatebox.css HTTP/1.1" 404 1104
117.185.32.26 - - [27/Dec/2020:11:11:48 +0800] "GET /xingrg/all/function/internal_message.html?_=1609038703762&CODE_STATE=getMsg HTTP/1.1" 200 27
117.185.32.26 - - [27/Dec/2020:11:11:48 +0800] "POST /xingrg/kc/base/wldb_order_operate.html HTTP/1.1" 200 6806
117.185.32.26 - - [27/Dec/2020:11:11:49 +0800] "POST /xingrg/all/common/load_combo.html?type=base HTTP/1.1" 200 3142
120.253.135.82 - - [27/Dec/2020:11:11:49 +0800] "POST /xingrg/kc/pszx/mdps_list_operate.html HTTP/1.1" 200 4220
101.85.93.83 - - [27/Dec/2020:11:11:49 +0800] "GET /xingrg/kc/base/wldb_order_operate.html?command=get_materiel&rest_code=00142&base_code=0010169&code=00101013011 HTTP/1.1" 200 451
117.185.32.26 - - [27/Dec/2020:11:11:51 +0800] "POST /xingrg/all/common/load_combo.html?type=base HTTP/1.1" 200 3142
116.232.51.115 - - [27/Dec/2020:11:11:51 +0800] "GET /xingrg/all/function/internal_message.html?_=1609038724014&CODE_STATE=getMsg HTTP/1.1" 200 27
120.253.135.82 - - [27/Dec/2020:11:11:51 +0800] "GET /xingrg/all/function/internal_message.html?_=1609038462833&CODE_STATE=getMsg HTTP/1.1" 200 27
120.253.135.82 - - [27/Dec/2020:11:11:52 +0800] "POST /xingrg/kc/pszx/mdps_list_operate.html HTTP/1.1" 200 610
172.17.0.123 - - [27/Dec/2020:11:11:52 +0800] "GET /xingrg/all/function/internal_message.html?_=1609038618688&CODE_STATE=getMsg HTTP/1.1" 200 27
180.156.237.57 - - [27/Dec/2020:11:11:53 +0800] "GET /xingrg/all/function/internal_message.html?_=1609038693547&CODE_STATE=getMsg HTTP/1.1" 200 27
120.253.135.82 - - [27/Dec/2020:11:11:54 +0800] "POST /xingrg/kc/pszx/mdps_list_operate.html HTTP/1.1" 200 232
117.185.32.26 - - [27/Dec/2020:11:11:56 +0800] "GET /xingrg/kc/base/wldb_order_operate.html?command=get_materiel&rest_code=00106&base_code=0010397&code=00102002189 HTTP/1.1" 200 433
180.156.237.57 - - [27/Dec/2020:11:11:56 +0800] "GET /xingrg/kc/buy/cgsh_order_operate.html?command=get_materiel&rest_code=00150&code=00101001051&supplier_code=00100090&order_time=2020-12-27 HTTP/1.1" 200 424
58.35.244.144 - - [27/Dec/2020:11:11:56 +0800] "GET /xingrg/kc/buy/cgsh_order_add.html HTTP/1.1" 200 61211
120.253.135.82 - - [27/Dec/2020:11:11:56 +0800] "POST /xingrg/kc/pszx/mdps_list_operate.html HTTP/1.1" 200 454
58.35.244.144 - - [27/Dec/2020:11:11:56 +0800] "GET /xingrg/words/20201226173115_words.js HTTP/1.1" 304 -
222.69.134.220 - - [27/Dec/2020:11:11:56 +0800] "GET /xingrg/all/function/internal_message.html?_=1609038712816&CODE_STATE=getMsg HTTP/1.1" 200 27
58.35.244.144 - - [27/Dec/2020:11:11:56 +0800] "POST /xingrg/kc/buy/cgsh_order_operate.html HTTP/1.1" 200 8245
58.35.244.144 - - [27/Dec/2020:11:11:56 +0800] "GET /xingrg/javascript/easyui/themes/default/validatebox.css HTTP/1.1" 404 1104
116.228.172.94 - - [27/Dec/2020:11:11:57 +0800] "GET /xingrg/all/function/internal_message.html?_=1609038713150&CODE_STATE=getMsg HTTP/1.1" 200 27
58.35.244.144 - - [27/Dec/2020:11:11:58 +0800] "GET /xingrg/javascript/auto/indicator.gif HTTP/1.1" 404 1066
120.253.135.82 - - [27/Dec/2020:11:11:58 +0800] "POST /xingrg/kc/pszx/mdps_list_operate.html HTTP/1.1" 200 202
180.156.237.57 - - [27/Dec/2020:11:11:58 +0800] "GET /xingrg/all/function/internal_message.html?_=1609038699351&CODE_STATE=getMsg HTTP/1.1" 200 27
116.228.172.94 - - [27/Dec/2020:11:11:58 +0800] "POST /xingrg/dwr/call/plaincall/AjaxQqpsService.saveOrder.dwr HTTP/1.1" 200 78
101.85.93.83 - - [27/Dec/2020:11:11:59 +0800] "GET /xingrg/kc/base/wldb_order_operate.html?command=get_materiel&rest_code=00142&base_code=0010169&code=00101022058 HTTP/1.1" 200 435
180.156.237.57 - - [27/Dec/2020:11:12:01 +0800] "GET /xingrg/check_reg.html?_=1609038724978 HTTP/1.1" 200 22
180.156.237.57 - - [27/Dec/2020:11:12:01 +0800] "GET /xingrg/all/function/internal_message.html?_=1609038725121&CODE_STATE=getMsg HTTP/1.1" 200 27
117.185.32.26 - - [27/Dec/2020:11:12:01 +0800] "GET /xingrg/kc/base/wldb_order_operate.html?command=get_materiel&rest_code=00106&base_code=0010397&code=00102002238 HTTP/1.1" 200 434
120.253.135.82 - - [27/Dec/2020:11:12:01 +0800] "POST /xingrg/kc/pszx/mdps_list_operate.html HTTP/1.1" 200 205
172.17.0.185 - - [27/Dec/2020:11:12:02 +0800] "GET /xingrg/all/function/internal_message.html?_=1609038717246&CODE_STATE=getMsg HTTP/1.1" 200 27
58.35.244.144 - - [27/Dec/2020:11:12:02 +0800] "GET /xingrg/javascript/jquery_tools/images/next.gif HTTP/1.1" 404 1086
58.35.244.144 - - [27/Dec/2020:11:12:02 +0800] "GET /xingrg/javascript/jquery_tools/images/prev.gif HTTP/1.1" 404 1086
120.253.135.82 - - [27/Dec/2020:11:12:03 +0800] "POST /xingrg/kc/pszx/mdps_list_operate.html HTTP/1.1" 200 289
