180.157.253.48 - - [27/Dec/2020:10:47:48 +0800] "GET /favicon.ico HTTP/1.1" 404 -
101.228.166.101 - - [27/Dec/2020:10:47:48 +0800] "POST /xingrg/services/DataTransmitService HTTP/1.1" 200 524
101.228.166.101 - - [27/Dec/2020:10:47:48 +0800] "POST /xingrg/services/DataTransmitService HTTP/1.1" 200 412
117.185.32.26 - - [27/Dec/2020:10:47:50 +0800] "GET /xingrg/kc/buy/cgsh_order_operate.html?command=get_materiel&rest_code=00106&code=00101010309&supplier_code=00100091&order_time=2020-12-27 HTTP/1.1" 200 423
116.232.51.115 - - [27/Dec/2020:10:47:52 +0800] "GET /xingrg/check_reg.html?_=1609037284022 HTTP/1.1" 200 22
116.232.51.115 - - [27/Dec/2020:10:47:52 +0800] "GET /xingrg/all/function/internal_message.html?_=1609037284023&CODE_STATE=getMsg HTTP/1.1" 200 27
172.17.0.123 - - [27/Dec/2020:10:47:52 +0800] "GET /xingrg/all/function/internal_message.html?_=1609037178683&CODE_STATE=getMsg HTTP/1.1" 200 27
180.157.253.48 - - [27/Dec/2020:10:47:52 +0800] "GET /xingrg/kc/buy/cgsh_order_operate.html?command=get_materiel&rest_code=00148&code=00101006053&supplier_code=00100326&order_time=2020-12-27 HTTP/1.1" 200 423
180.156.237.57 - - [27/Dec/2020:10:47:52 +0800] "GET /xingrg/all/function/internal_message.html?_=1609037253228&CODE_STATE=getMsg HTTP/1.1" 200 27
222.69.134.220 - - [27/Dec/2020:10:47:56 +0800] "GET /xingrg/all/function/internal_message.html?_=1609037272772&CODE_STATE=getMsg HTTP/1.1" 200 27
180.156.237.57 - - [27/Dec/2020:10:47:58 +0800] "GET /xingrg/all/function/internal_message.html?_=1609037259033&CODE_STATE=getMsg HTTP/1.1" 200 27
116.228.172.94 - - [27/Dec/2020:10:48:00 +0800] "POST /xingrg/kc/buy/cgsh_order_operate.html HTTP/1.1" 200 37
180.156.237.57 - - [27/Dec/2020:10:48:01 +0800] "GET /xingrg/all/function/internal_message.html?_=1609037284853&CODE_STATE=getMsg HTTP/1.1" 200 27
180.157.253.48 - - [27/Dec/2020:10:48:01 +0800] "GET /xingrg/kc/buy/cgsh_order_operate.html?command=get_materiel&rest_code=00148&code=00101010567&supplier_code=00100326&order_time=2020-12-27 HTTP/1.1" 200 399
172.17.0.185 - - [27/Dec/2020:10:48:01 +0800] "GET /xingrg/all/function/internal_message.html?_=1609037277235&CODE_STATE=getMsg HTTP/1.1" 200 27
180.157.253.48 - - [27/Dec/2020:10:48:06 +0800] "GET /xingrg/kc/buy/cgsh_order_operate.html?command=get_materiel&rest_code=00148&code=00101012045&supplier_code=00100326&order_time=2020-12-27 HTTP/1.1" 200 409
116.228.172.94 - - [27/Dec/2020:10:48:08 +0800] "POST /xingrg/kc/buy/cgsh_order_operate.html HTTP/1.1" 200 10405
172.17.0.240 - - [27/Dec/2020:10:48:08 +0800] "GET /xingrg/all/function/internal_message.html?_=1609037282941&CODE_STATE=getMsg HTTP/1.1" 200 27
180.162.223.42 - - [27/Dec/2020:10:48:10 +0800] "GET /xingrg/kc/buy/cgsh_order_operate.html?command=get_materiel&rest_code=00105&code=00101010567&supplier_code=00100326&order_time=2020-12-27 HTTP/1.1" 200 399
180.157.253.48 - - [27/Dec/2020:10:48:11 +0800] "POST /xingrg/kc/buy/cgsh_order_operate.html HTTP/1.1" 200 37
180.162.223.42 - - [27/Dec/2020:10:48:16 +0800] "GET /xingrg/kc/buy/cgsh_order_operate.html?command=get_materiel&rest_code=00105&code=00101020248&supplier_code=00100326&order_time=2020-12-27 HTTP/1.1" 200 403
180.162.223.42 - - [27/Dec/2020:10:48:19 +0800] "GET /xingrg/all/function/internal_message.html?_=1609037295352&CODE_STATE=getMsg HTTP/1.1" 200 27
58.35.244.144 - - [27/Dec/2020:10:48:19 +0800] "GET /xingrg/all/function/internal_message.html?_=1609037294814&CODE_STATE=getMsg HTTP/1.1" 302 -
117.185.32.26 - - [27/Dec/2020:10:48:20 +0800] "POST /xingrg/kc/buy/cgsh_order_operate.html HTTP/1.1" 200 37
117.184.7.26 - - [27/Dec/2020:10:48:21 +0800] "GET /xingrg/all/function/internal_message.html?_=1609037287395&CODE_STATE=getMsg HTTP/1.1" 200 27
117.185.32.26 - - [27/Dec/2020:10:48:22 +0800] "POST /xingrg/kc/buy/cgsh_order_operate.html HTTP/1.1" 200 12
180.162.223.42 - - [27/Dec/2020:10:48:22 +0800] "GET /xingrg/kc/buy/cgsh_order_operate.html?command=get_materiel&rest_code=00105&code=00101007111&supplier_code=00100326&order_time=2020-12-27 HTTP/1.1" 200 417
180.157.253.48 - - [27/Dec/2020:10:48:24 +0800] "POST /xingrg/kc/buy/cgsh_order_operate.html HTTP/1.1" 200 12
101.228.166.101 - - [27/Dec/2020:10:48:24 +0800] "GET /xingrg/all/function/internal_message.html?_=1609037323729&CODE_STATE=getMsg HTTP/1.1" 200 27
117.185.32.26 - - [27/Dec/2020:10:48:24 +0800] "GET /xingrg/kc/buy/cgsh_order_info.html?code=212020122710876 HTTP/1.1" 200 56118
117.185.32.26 - - [27/Dec/2020:10:48:24 +0800] "GET /xingrg/javascript/easyui/themes/default/validatebox.css HTTP/1.1" 404 1104
180.157.253.48 - - [27/Dec/2020:10:48:24 +0800] "GET /xingrg/kc/buy/cgsh_order_info.html?code=212020122710875 HTTP/1.1" 200 56124
117.185.32.26 - - [27/Dec/2020:10:48:25 +0800] "POST /xingrg/kc/buy/cgsh_order_operate.html HTTP/1.1" 200 2397
180.157.253.48 - - [27/Dec/2020:10:48:25 +0800] "GET /xingrg/javascript/easyui/themes/default/validatebox.css HTTP/1.1" 404 1104
180.157.253.48 - - [27/Dec/2020:10:48:26 +0800] "POST /xingrg/kc/buy/cgsh_order_operate.html HTTP/1.1" 200 1800
222.69.133.109 - - [27/Dec/2020:10:48:26 +0800] "GET /xingrg/all/function/internal_message.html?_=1609037302438&CODE_STATE=getMsg HTTP/1.1" 200 27
180.157.253.48 - - [27/Dec/2020:10:48:27 +0800] "GET /xingrg/kc/print/load_data.html?order_code=212020122710875&kc_code=cgsh&condition= HTTP/1.1" 200 1176
117.185.32.26 - - [27/Dec/2020:10:48:28 +0800] "GET /xingrg/kc/print/load_data.html?order_code=212020122710876&kc_code=cgsh&condition= HTTP/1.1" 200 1461
172.17.0.120 - - [27/Dec/2020:10:48:28 +0800] "GET /xingrg/all/function/internal_message.html?_=1609037304030&CODE_STATE=getMsg HTTP/1.1" 200 27
180.152.104.37 - - [27/Dec/2020:10:48:32 +0800] "GET /xingrg/check_reg.html?_=1609037543938 HTTP/1.1" 200 22
180.152.104.37 - - [27/Dec/2020:10:48:32 +0800] "GET /xingrg/all/function/internal_message.html?_=1609037544063&CODE_STATE=getMsg HTTP/1.1" 200 27
180.157.253.48 - - [27/Dec/2020:10:48:33 +0800] "GET /xingrg/kc/buy/cgsh_order_add.html HTTP/1.1" 200 61217
58.35.244.144 - - [27/Dec/2020:10:48:33 +0800] "GET /xingrg/all/function/internal_message.html?_=1609037458473&CODE_STATE=getMsg HTTP/1.1" 200 27
180.157.253.48 - - [27/Dec/2020:10:48:33 +0800] "GET /xingrg/all/function/internal_message.html?_=1609037311098&CODE_STATE=getMsg HTTP/1.1" 200 27
180.157.253.48 - - [27/Dec/2020:10:48:34 +0800] "POST /xingrg/kc/buy/cgsh_order_operate.html HTTP/1.1" 200 8245
180.157.253.48 - - [27/Dec/2020:10:48:34 +0800] "GET /xingrg/javascript/easyui/themes/default/validatebox.css HTTP/1.1" 404 1104
180.156.237.57 - - [27/Dec/2020:10:48:34 +0800] "GET /xingrg/check_reg.html?_=1609037294796 HTTP/1.1" 200 22
117.185.32.26 - - [27/Dec/2020:10:48:37 +0800] "GET /xingrg/kc/buy/cgsh_order_add.html HTTP/1.1" 200 61211
180.162.223.42 - - [27/Dec/2020:10:48:37 +0800] "GET /xingrg/kc/buy/cgsh_order_operate.html?command=get_materiel&rest_code=00105&code=00101010576&supplier_code=00100326&order_time=2020-12-27 HTTP/1.1" 200 405
101.85.93.83 - - [27/Dec/2020:10:48:37 +0800] "GET /xingrg/all/function/internal_message.html?_=1609037001595&CODE_STATE=getMsg HTTP/1.1" 200 27
101.85.93.83 - - [27/Dec/2020:10:48:37 +0800] "GET /xingrg/check_reg.html?_=1609037001593 HTTP/1.1" 200 22
117.185.32.26 - - [27/Dec/2020:10:48:37 +0800] "POST /xingrg/kc/buy/cgsh_order_operate.html HTTP/1.1" 200 8245
117.185.32.26 - - [27/Dec/2020:10:48:37 +0800] "GET /xingrg/javascript/easyui/themes/default/validatebox.css HTTP/1.1" 404 1104
117.185.32.26 - - [27/Dec/2020:10:48:39 +0800] "GET /xingrg/javascript/easyui/themes/default/tree.css HTTP/1.1" 404 1090
117.185.32.26 - - [27/Dec/2020:10:48:39 +0800] "POST /xingrg/all/common/load_tree.html?tree=supplier_tree_json&isDelete=1 HTTP/1.1" 200 53078
117.185.32.26 - - [27/Dec/2020:10:48:41 +0800] "GET /xingrg/all/function/internal_message.html?_=1609037316671&CODE_STATE=getMsg HTTP/1.1" 200 27
117.185.32.26 - - [27/Dec/2020:10:48:41 +0800] "GET /xingrg/all/function/internal_message.html?_=1609037785105&CODE_STATE=getMsg HTTP/1.1" 200 27
117.185.32.26 - - [27/Dec/2020:10:48:41 +0800] "POST /xingrg/kc/buy/cgsh_order_operate.html HTTP/1.1" 200 42824
180.157.253.48 - - [27/Dec/2020:10:48:41 +0800] "GET /xingrg/kc/buy/cgsh_order_operate.html?command=get_materiel&rest_code=00148&code=00101001125&supplier_code=00100090&order_time=2020-12-27 HTTP/1.1" 200 415
120.253.135.82 - - [27/Dec/2020:10:48:45 +0800] "GET /xingrg/check_reg.html?_=1609037067549 HTTP/1.1" 200 22
120.253.135.82 - - [27/Dec/2020:10:48:45 +0800] "GET /xingrg/all/function/internal_message.html?_=1609037067552&CODE_STATE=getMsg HTTP/1.1" 200 27
180.156.237.57 - - [27/Dec/2020:10:48:47 +0800] "GET /xingrg/check_reg.html?_=1609037308310 HTTP/1.1" 200 22
116.228.172.94 - - [27/Dec/2020:10:48:49 +0800] "POST /xingrg/kc/buy/cgsh_order_operate.html HTTP/1.1" 200 37
180.162.223.42 - - [27/Dec/2020:10:48:50 +0800] "GET /xingrg/kc/buy/cgsh_order_operate.html?command=get_materiel&rest_code=00105&code=00101010501&supplier_code=00100326&order_time=2020-12-27 HTTP/1.1" 200 396
116.228.172.94 - - [27/Dec/2020:10:48:50 +0800] "POST /xingrg/kc/buy/cgsh_order_operate.html HTTP/1.1" 200 10405
116.232.51.115 - - [27/Dec/2020:10:48:52 +0800] "GET /xingrg/all/function/internal_message.html?_=1609037344015&CODE_STATE=getMsg HTTP/1.1" 200 27
172.17.0.123 - - [27/Dec/2020:10:48:52 +0800] "GET /xingrg/all/function/internal_message.html?_=1609037238686&CODE_STATE=getMsg HTTP/1.1" 200 27
180.156.237.57 - - [27/Dec/2020:10:48:52 +0800] "GET /xingrg/all/function/internal_message.html?_=1609037313235&CODE_STATE=getMsg HTTP/1.1" 200 27
117.185.32.26 - - [27/Dec/2020:10:48:55 +0800] "GET /xingrg/kc/buy/cgsh_order_operate.html?command=get_materiel&rest_code=00106&code=00101010607&supplier_code=00100404&order_time=2020-12-27 HTTP/1.1" 200 407
180.157.253.48 - - [27/Dec/2020:10:48:56 +0800] "GET /xingrg/kc/buy/cgsh_order_operate.html?command=get_materiel&rest_code=00148&code=00101001093&supplier_code=00100090&order_time=2020-12-27 HTTP/1.1" 200 430
222.69.134.220 - - [27/Dec/2020:10:48:56 +0800] "GET /xingrg/all/function/internal_message.html?_=1609037332777&CODE_STATE=getMsg HTTP/1.1" 200 27
180.156.237.57 - - [27/Dec/2020:10:48:58 +0800] "GET /xingrg/all/function/internal_message.html?_=1609037319039&CODE_STATE=getMsg HTTP/1.1" 200 27
180.162.223.42 - - [27/Dec/2020:10:48:59 +0800] "GET /xingrg/kc/buy/cgsh_order_operate.html?command=get_materiel&rest_code=00105&code=00101012045&supplier_code=00100326&order_time=2020-12-27 HTTP/1.1" 200 409
180.156.237.57 - - [27/Dec/2020:10:49:01 +0800] "GET /xingrg/all/function/internal_message.html?_=1609037344865&CODE_STATE=getMsg HTTP/1.1" 200 27
172.17.0.185 - - [27/Dec/2020:10:49:01 +0800] "GET /xingrg/all/function/internal_message.html?_=1609037337237&CODE_STATE=getMsg HTTP/1.1" 200 27
180.162.223.42 - - [27/Dec/2020:10:49:04 +0800] "POST /xingrg/kc/buy/cgsh_order_operate.html HTTP/1.1" 200 37
116.228.172.94 - - [27/Dec/2020:10:49:05 +0800] "POST /xingrg/kc/buy/cgsh_order_operate.html HTTP/1.1" 200 37
180.157.253.48 - - [27/Dec/2020:10:49:05 +0800] "GET /xingrg/kc/buy/cgsh_order_operate.html?command=get_materiel&rest_code=00148&code=00101001025&supplier_code=00100090&order_time=2020-12-27 HTTP/1.1" 200 437
180.162.223.42 - - [27/Dec/2020:10:49:06 +0800] "POST /xingrg/kc/buy/cgsh_order_operate.html HTTP/1.1" 200 6226
180.162.223.42 - - [27/Dec/2020:10:49:07 +0800] "GET /xingrg/kc/print/load_data.html?order_code=212020122710877&kc_code=cgsh&condition= HTTP/1.1" 200 2042
120.253.135.82 - - [27/Dec/2020:10:49:07 +0800] "GET /xingrg/kc/pszx/mdqp_order_list.html?state=10 HTTP/1.1" 200 11018
120.253.135.82 - - [27/Dec/2020:10:49:07 +0800] "POST /xingrg/kc/pszx/mdps_list_operate.html HTTP/1.1" 200 2431
120.253.135.82 - - [27/Dec/2020:10:49:08 +0800] "GET /xingrg/dwr/interface/AjaxQqpsService.js HTTP/1.1" 200 16326
120.253.135.82 - - [27/Dec/2020:10:49:08 +0800] "GET /xingrg/dwr/engine.js HTTP/1.1" 200 43631
120.253.135.82 - - [27/Dec/2020:10:49:08 +0800] "GET /xingrg/dwr/interface/AjaxReportQueryService.js HTTP/1.1" 200 13203
120.253.135.82 - - [27/Dec/2020:10:49:08 +0800] "GET /xingrg/javascript/jquery_easy_ui/themes/icons/uncheck_new.png HTTP/1.1" 304 -
172.17.0.240 - - [27/Dec/2020:10:49:08 +0800] "GET /xingrg/all/function/internal_message.html?_=1609037342944&CODE_STATE=getMsg HTTP/1.1" 200 27
172.17.0.240 - - [27/Dec/2020:10:49:08 +0800] "GET /xingrg/check_reg.html?_=1609037342945 HTTP/1.1" 200 22
116.228.172.94 - - [27/Dec/2020:10:49:09 +0800] "POST /xingrg/kc/buy/cgsh_order_operate.html HTTP/1.1" 200 10405
120.204.17.71 - - [27/Dec/2020:10:49:09 +0800] "GET /xingrg/kc/buy/cgsh_order_operate.html?command=get_materiel&rest_code=00106&code=00101015038&supplier_code=00100007&order_time=2020-12-27 HTTP/1.1" 302 -
183.192.164.85 - - [27/Dec/2020:10:49:09 +0800] "GET /xingrg/kc/buy/cgsh_order_operate.html?command=get_materiel&rest_code=00106&code=00101008236&supplier_code=00100007&order_time=2020-12-27 HTTP/1.1" 302 -
116.228.172.94 - - [27/Dec/2020:10:49:10 +0800] "GET /xingrg/kc/print/load_data.html?order_code=212020122710874&kc_code=cgsh&condition= HTTP/1.1" 200 3628
180.162.223.42 - - [27/Dec/2020:10:49:11 +0800] "GET /xingrg/kc/buy/cgsh_order_add.html HTTP/1.1" 200 61258
183.192.164.85 - - [27/Dec/2020:10:49:11 +0800] "GET /xingrg/login.html HTTP/1.1" 200 7641
180.162.223.42 - - [27/Dec/2020:10:49:11 +0800] "GET /xingrg/javascript/easyui/themes/default/validatebox.css HTTP/1.1" 404 1104
180.162.223.42 - - [27/Dec/2020:10:49:12 +0800] "POST /xingrg/kc/buy/cgsh_order_operate.html HTTP/1.1" 200 8245
180.157.253.48 - - [27/Dec/2020:10:49:12 +0800] "POST /xingrg/kc/buy/cgsh_order_operate.html HTTP/1.1" 200 37
120.204.17.71 - - [27/Dec/2020:10:49:15 +0800] "GET /xingrg/login.html HTTP/1.1" 200 7641
117.185.32.26 - - [27/Dec/2020:10:49:15 +0800] "POST /xingrg/kc/buy/cgsh_order_operate.html HTTP/1.1" 200 37
120.253.135.82 - - [27/Dec/2020:10:49:16 +0800] "GET /xingrg/kc/pszx/mdqp_order_info.html?code=302020122400540 HTTP/1.1" 200 13350
120.253.135.82 - - [27/Dec/2020:10:49:16 +0800] "GET /xingrg/dwr/interface/AjaxComOrderService.js HTTP/1.1" 200 18264
120.253.135.82 - - [27/Dec/2020:10:49:16 +0800] "GET /xingrg/dwr/interface/AjaxQqpsService.js HTTP/1.1" 200 16326
120.253.135.82 - - [27/Dec/2020:10:49:16 +0800] "GET /xingrg/javascript/checkform.js HTTP/1.1" 304 -
120.253.135.82 - - [27/Dec/2020:10:49:16 +0800] "GET /xingrg/dwr/engine.js HTTP/1.1" 200 43631
120.253.135.82 - - [27/Dec/2020:10:49:16 +0800] "POST /xingrg/dwr/call/plaincall/AjaxQqpsService.loadMaterielItems.dwr HTTP/1.1" 200 1145
117.185.32.26 - - [27/Dec/2020:10:49:17 +0800] "POST /xingrg/kc/buy/cgsh_order_operate.html HTTP/1.1" 200 12
120.204.17.73 - - [27/Dec/2020:10:49:17 +0800] "GET /xingrg/all/function/internal_message.html?_=1609037037349&CODE_STATE=getMsg HTTP/1.1" 302 -
117.185.32.26 - - [27/Dec/2020:10:49:18 +0800] "GET /xingrg/kc/buy/cgsh_order_info.html?code=212020122710879 HTTP/1.1" 200 56120
180.162.223.42 - - [27/Dec/2020:10:49:18 +0800] "GET /xingrg/kc/buy/cgsh_order_operate.html?command=get_materiel&rest_code=00105&code=00101001037&supplier_code=00100090&order_time=2020-12-27 HTTP/1.1" 200 415
117.185.32.26 - - [27/Dec/2020:10:49:19 +0800] "GET /xingrg/javascript/easyui/themes/default/validatebox.css HTTP/1.1" 404 1104
180.162.223.42 - - [27/Dec/2020:10:49:19 +0800] "GET /xingrg/all/function/internal_message.html?_=1609037355326&CODE_STATE=getMsg HTTP/1.1" 200 27
117.185.32.26 - - [27/Dec/2020:10:49:19 +0800] "POST /xingrg/kc/buy/cgsh_order_operate.html HTTP/1.1" 200 615
58.35.244.144 - - [27/Dec/2020:10:49:19 +0800] "GET /xingrg/all/function/internal_message.html?_=1609037354846&CODE_STATE=getMsg HTTP/1.1" 302 -
101.228.166.101 - - [27/Dec/2020:10:49:21 +0800] "GET /xingrg/check_reg.html?_=1609037380829 HTTP/1.1" 200 22
117.184.7.26 - - [27/Dec/2020:10:49:21 +0800] "GET /xingrg/check_reg.html?_=1609037347399 HTTP/1.1" 200 22
117.184.7.30 - - [27/Dec/2020:10:49:21 +0800] "GET /xingrg/all/function/internal_message.html?_=1609037347403&CODE_STATE=getMsg HTTP/1.1" 200 27
180.157.253.48 - - [27/Dec/2020:10:49:21 +0800] "POST /xingrg/kc/buy/cgsh_order_operate.html HTTP/1.1" 200 12
117.185.32.26 - - [27/Dec/2020:10:49:22 +0800] "GET /xingrg/kc/print/load_data.html?order_code=212020122710879&kc_code=cgsh&condition= HTTP/1.1" 200 728
180.157.253.48 - - [27/Dec/2020:10:49:22 +0800] "GET /xingrg/kc/buy/cgsh_order_info.html?code=212020122710878 HTTP/1.1" 200 56124
180.157.253.48 - - [27/Dec/2020:10:49:23 +0800] "GET /xingrg/javascript/easyui/themes/default/validatebox.css HTTP/1.1" 404 1104
116.228.172.94 - - [27/Dec/2020:10:49:23 +0800] "GET /xingrg/kc/buy/cgsh_order_add.html HTTP/1.1" 200 61299
180.157.253.48 - - [27/Dec/2020:10:49:24 +0800] "POST /xingrg/kc/buy/cgsh_order_operate.html HTTP/1.1" 200 1806
101.228.166.101 - - [27/Dec/2020:10:49:24 +0800] "GET /xingrg/all/function/internal_message.html?_=1609037383741&CODE_STATE=getMsg HTTP/1.1" 200 27
116.228.172.94 - - [27/Dec/2020:10:49:24 +0800] "POST /xingrg/kc/buy/cgsh_order_operate.html HTTP/1.1" 200 8245
120.253.135.82 - - [27/Dec/2020:10:49:24 +0800] "GET /xingrg/kc/report/report_main.html HTTP/1.1" 200 9370
120.253.135.82 - - [27/Dec/2020:10:49:25 +0800] "GET /xingrg/javascript/jquery_ui/themes/humanity/humanity.css HTTP/1.1" 304 -
116.228.172.94 - - [27/Dec/2020:10:49:25 +0800] "GET /xingrg/javascript/easyui/themes/default/validatebox.css HTTP/1.1" 404 1104
180.157.253.48 - - [27/Dec/2020:10:49:25 +0800] "GET /xingrg/kc/print/load_data.html?order_code=212020122710878&kc_code=cgsh&condition= HTTP/1.1" 200 1242
222.69.133.109 - - [27/Dec/2020:10:49:26 +0800] "GET /xingrg/all/function/internal_message.html?_=1609037362420&CODE_STATE=getMsg HTTP/1.1" 200 27
120.204.17.73 - - [27/Dec/2020:10:49:27 +0800] "GET /xingrg/login.html HTTP/1.1" 200 7641
120.253.135.82 - - [27/Dec/2020:10:49:27 +0800] "GET /xingrg/kc/base/kc_stocks.html HTTP/1.1" 200 16386
120.253.135.82 - - [27/Dec/2020:10:49:27 +0800] "GET /xingrg/javascript/easyui/themes/sunny/easyui.css HTTP/1.1" 304 -
120.253.135.82 - - [27/Dec/2020:10:49:27 +0800] "GET /xingrg/javascript/easyui/themes/icons/print_new.png HTTP/1.1" 304 -
120.253.135.82 - - [27/Dec/2020:10:49:27 +0800] "GET /xingrg/javascript/easyui/themes/icons/filter_new.png HTTP/1.1" 200 795
120.253.135.82 - - [27/Dec/2020:10:49:27 +0800] "GET /xingrg/javascript/easyui/themes/icons/refresh_new.png HTTP/1.1" 304 -
120.253.135.82 - - [27/Dec/2020:10:49:27 +0800] "GET /xingrg/javascript/easyui/plugins/jquery.draggable.js HTTP/1.1" 304 -
120.253.135.82 - - [27/Dec/2020:10:49:27 +0800] "GET /xingrg/javascript/easyui/plugins/jquery.droppable.js HTTP/1.1" 304 -
120.253.135.82 - - [27/Dec/2020:10:49:27 +0800] "GET /xingrg/javascript/easyui/themes/default/tree.css HTTP/1.1" 404 1090
120.253.135.82 - - [27/Dec/2020:10:49:27 +0800] "GET /xingrg/javascript/easyui/plugins/jquery.tree.js HTTP/1.1" 304 -
120.253.135.82 - - [27/Dec/2020:10:49:27 +0800] "POST /xingrg/all/common/load_tree.html?tree=materiel_sort_tree_json HTTP/1.1" 200 8666
120.253.135.82 - - [27/Dec/2020:10:49:28 +0800] "GET /xingrg/javascript/easyui/themes/sunny/images/tree_arrows.gif HTTP/1.1" 200 617
172.17.0.120 - - [27/Dec/2020:10:49:28 +0800] "GET /xingrg/check_reg.html?_=1609037364031 HTTP/1.1" 200 22
172.17.0.120 - - [27/Dec/2020:10:49:28 +0800] "GET /xingrg/all/function/internal_message.html?_=1609037364035&CODE_STATE=getMsg HTTP/1.1" 200 27
120.253.135.82 - - [27/Dec/2020:10:49:28 +0800] "GET /xingrg/javascript/easyui/themes/sunny/images/tree_folder_open.gif HTTP/1.1" 200 956
120.253.135.82 - - [27/Dec/2020:10:49:28 +0800] "GET /xingrg/javascript/easyui/themes/sunny/images/tree_folder.gif HTTP/1.1" 304 -
120.253.135.82 - - [27/Dec/2020:10:49:28 +0800] "GET /xingrg/javascript/easyui/themes/sunny/images/tree_file.gif HTTP/1.1" 200 118
180.157.253.48 - - [27/Dec/2020:10:49:28 +0800] "GET /xingrg/kc/buy/cgsh_order_add.html HTTP/1.1" 200 61217
120.253.135.82 - - [27/Dec/2020:10:49:29 +0800] "GET /xingrg/css/images/panel_loading.gif HTTP/1.1" 304 -
120.253.135.82 - - [27/Dec/2020:10:49:29 +0800] "POST /xingrg/all/common/load_combo.html?type=base HTTP/1.1" 200 984
180.157.253.48 - - [27/Dec/2020:10:49:29 +0800] "POST /xingrg/kc/buy/cgsh_order_operate.html HTTP/1.1" 200 8245
180.157.253.48 - - [27/Dec/2020:10:49:29 +0800] "GET /xingrg/javascript/easyui/themes/default/validatebox.css HTTP/1.1" 404 1104
116.228.172.94 - - [27/Dec/2020:10:49:29 +0800] "GET /xingrg/javascript/easyui/themes/default/tree.css HTTP/1.1" 404 1090
116.228.172.94 - - [27/Dec/2020:10:49:29 +0800] "POST /xingrg/all/common/load_tree.html?tree=supplier_tree_json&isDelete=1 HTTP/1.1" 200 53078
180.162.223.42 - - [27/Dec/2020:10:49:29 +0800] "POST /xingrg/kc/buy/cgsh_order_operate.html HTTP/1.1" 200 37
180.162.223.42 - - [27/Dec/2020:10:49:31 +0800] "POST /xingrg/kc/buy/cgsh_order_operate.html HTTP/1.1" 200 2663
180.162.223.42 - - [27/Dec/2020:10:49:32 +0800] "GET /xingrg/kc/print/load_data.html?order_code=212020122710880&kc_code=cgsh&condition= HTTP/1.1" 200 740
180.152.104.37 - - [27/Dec/2020:10:49:32 +0800] "GET /xingrg/all/function/internal_message.html?_=1609037604077&CODE_STATE=getMsg HTTP/1.1" 200 27
180.157.253.48 - - [27/Dec/2020:10:49:33 +0800] "GET /xingrg/check_reg.html?_=1609037370651 HTTP/1.1" 200 22
58.35.244.144 - - [27/Dec/2020:10:49:33 +0800] "GET /xingrg/all/function/internal_message.html?_=1609037518442&CODE_STATE=getMsg HTTP/1.1" 200 27
180.157.253.48 - - [27/Dec/2020:10:49:33 +0800] "GET /xingrg/all/function/internal_message.html?_=1609037371176&CODE_STATE=getMsg HTTP/1.1" 200 27
180.157.253.48 - - [27/Dec/2020:10:49:35 +0800] "GET /xingrg/kc/buy/cgsh_order_operate.html?command=get_materiel&rest_code=00148&code=00101004046&supplier_code=00100312&order_time=2020-12-27 HTTP/1.1" 200 417
120.253.135.82 - - [27/Dec/2020:10:49:36 +0800] "GET /xingrg/all/function/internal_message.html?_=1609037127565&CODE_STATE=getMsg HTTP/1.1" 200 27
101.85.93.83 - - [27/Dec/2020:10:49:37 +0800] "GET /xingrg/all/function/internal_message.html?_=1609037061597&CODE_STATE=getMsg HTTP/1.1" 200 27
117.185.32.26 - - [27/Dec/2020:10:49:38 +0800] "GET /xingrg/kc/buy/cgsh_order_add.html HTTP/1.1" 200 61211
117.185.32.26 - - [27/Dec/2020:10:49:39 +0800] "GET /xingrg/javascript/easyui/themes/default/validatebox.css HTTP/1.1" 404 1104
117.185.32.26 - - [27/Dec/2020:10:49:39 +0800] "POST /xingrg/kc/buy/cgsh_order_operate.html HTTP/1.1" 200 8245
120.253.135.82 - - [27/Dec/2020:10:49:40 +0800] "POST /xingrg/kc/base/stock_operate.html HTTP/1.1" 200 765
120.253.135.82 - - [27/Dec/2020:10:49:40 +0800] "GET /xingrg/javascript/jquery_tools/fix_table.js HTTP/1.1" 304 -
117.185.32.26 - - [27/Dec/2020:10:49:40 +0800] "GET /xingrg/javascript/easyui/themes/default/tree.css HTTP/1.1" 404 1090
117.185.32.26 - - [27/Dec/2020:10:49:40 +0800] "POST /xingrg/all/common/load_tree.html?tree=supplier_tree_json&isDelete=1 HTTP/1.1" 200 53078
117.185.32.26 - - [27/Dec/2020:10:49:41 +0800] "GET /xingrg/all/function/internal_message.html?_=1609037376651&CODE_STATE=getMsg HTTP/1.1" 200 27
120.253.135.82 - - [27/Dec/2020:10:49:41 +0800] "POST /xingrg/kc/base/stock_operate.html HTTP/1.1" 200 765
117.185.32.26 - - [27/Dec/2020:10:49:42 +0800] "GET /xingrg/all/function/internal_message.html?_=1609037846250&CODE_STATE=getMsg HTTP/1.1" 200 27
180.162.223.42 - - [27/Dec/2020:10:49:43 +0800] "GET /xingrg/kc/buy/cgsh_order_add.html HTTP/1.1" 200 61258
180.162.223.42 - - [27/Dec/2020:10:49:43 +0800] "POST /xingrg/kc/buy/cgsh_order_operate.html HTTP/1.1" 200 8245
180.162.223.42 - - [27/Dec/2020:10:49:43 +0800] "GET /xingrg/javascript/easyui/themes/default/validatebox.css HTTP/1.1" 404 1104
180.157.253.48 - - [27/Dec/2020:10:49:43 +0800] "GET /xingrg/kc/buy/cgsh_order_operate.html?command=get_materiel&rest_code=00148&code=00101004067&supplier_code=00100312&order_time=2020-12-27 HTTP/1.1" 200 413
180.157.253.48 - - [27/Dec/2020:10:49:51 +0800] "GET /xingrg/kc/buy/cgsh_order_operate.html?command=get_materiel&rest_code=00148&code=00101004030&supplier_code=00100312&order_time=2020-12-27 HTTP/1.1" 200 408
116.232.51.115 - - [27/Dec/2020:10:49:52 +0800] "GET /xingrg/all/function/internal_message.html?_=1609037404015&CODE_STATE=getMsg HTTP/1.1" 200 27
172.17.0.123 - - [27/Dec/2020:10:49:52 +0800] "GET /xingrg/all/function/internal_message.html?_=1609037298687&CODE_STATE=getMsg HTTP/1.1" 200 27
172.17.0.123 - - [27/Dec/2020:10:49:52 +0800] "GET /xingrg/check_reg.html?_=1609037298689 HTTP/1.1" 200 22
180.156.237.57 - - [27/Dec/2020:10:49:52 +0800] "GET /xingrg/all/function/internal_message.html?_=1609037373250&CODE_STATE=getMsg HTTP/1.1" 200 27
180.162.223.42 - - [27/Dec/2020:10:49:54 +0800] "GET /xingrg/kc/buy/cgsh_order_operate.html?command=get_materiel&rest_code=00105&code=00101006159&supplier_code=00100344&order_time=2020-12-27 HTTP/1.1" 200 417
117.185.32.26 - - [27/Dec/2020:10:49:56 +0800] "GET /xingrg/kc/buy/cgsh_order_operate.html?command=get_materiel&rest_code=00106&code=00101014078&supplier_code=00100211&order_time=2020-12-27 HTTP/1.1" 200 415
116.228.172.94 - - [27/Dec/2020:10:49:56 +0800] "GET /xingrg/kc/buy/cgsh_order_operate.html?command=get_materiel&rest_code=00107&code=00101001051&supplier_code=00100094&order_time=2020-12-27 HTTP/1.1" 200 422
222.69.134.220 - - [27/Dec/2020:10:49:56 +0800] "GET /xingrg/all/function/internal_message.html?_=1609037392776&CODE_STATE=getMsg HTTP/1.1" 200 27
180.157.253.48 - - [27/Dec/2020:10:49:58 +0800] "GET /xingrg/kc/buy/cgsh_order_operate.html?command=get_materiel&rest_code=00148&code=00101005015&supplier_code=00100312&order_time=2020-12-27 HTTP/1.1" 200 409
180.156.237.57 - - [27/Dec/2020:10:49:58 +0800] "GET /xingrg/all/function/internal_message.html?_=1609037379052&CODE_STATE=getMsg HTTP/1.1" 200 27
180.156.237.57 - - [27/Dec/2020:10:50:01 +0800] "GET /xingrg/all/function/internal_message.html?_=1609037404855&CODE_STATE=getMsg HTTP/1.1" 200 27
172.17.0.185 - - [27/Dec/2020:10:50:01 +0800] "GET /xingrg/check_reg.html?_=1609037397235 HTTP/1.1" 200 22
172.17.0.185 - - [27/Dec/2020:10:50:01 +0800] "GET /xingrg/all/function/internal_message.html?_=1609037397239&CODE_STATE=getMsg HTTP/1.1" 200 27
180.157.253.48 - - [27/Dec/2020:10:50:05 +0800] "GET /xingrg/kc/buy/cgsh_order_operate.html?command=get_materiel&rest_code=00148&code=00101004013&supplier_code=00100312&order_time=2020-12-27 HTTP/1.1" 200 415
116.228.172.94 - - [27/Dec/2020:10:50:06 +0800] "GET /xingrg/all/function/internal_message.html?_=1609037402275&CODE_STATE=getMsg HTTP/1.1" 200 27
172.17.0.240 - - [27/Dec/2020:10:50:08 +0800] "GET /xingrg/all/function/internal_message.html?_=1609037402946&CODE_STATE=getMsg HTTP/1.1" 200 27
180.157.253.48 - - [27/Dec/2020:10:50:10 +0800] "GET /xingrg/kc/buy/cgsh_order_operate.html?command=get_materiel&rest_code=00148&code=00101004020&supplier_code=00100312&order_time=2020-12-27 HTTP/1.1" 200 409
180.162.223.42 - - [27/Dec/2020:10:50:15 +0800] "GET /xingrg/kc/buy/cgsh_order_operate.html?command=get_materiel&rest_code=00105&code=00101006153&supplier_code=00100344&order_time=2020-12-27 HTTP/1.1" 200 415
120.204.17.72 - - [27/Dec/2020:10:50:17 +0800] "GET /xingrg/all/function/internal_message.html?_=1609037097352&CODE_STATE=getMsg HTTP/1.1" 302 -
180.157.253.48 - - [27/Dec/2020:10:50:17 +0800] "GET /xingrg/kc/buy/cgsh_order_operate.html?command=get_materiel&rest_code=00148&code=00101001029&supplier_code=00100312&order_time=2020-12-27 HTTP/1.1" 200 415
120.204.17.73 - - [27/Dec/2020:10:50:17 +0800] "GET /xingrg/kc/buy/cgsh_order_operate.html?command=get_materiel&rest_code=00106&code=00101008005&supplier_code=00100007&order_time=2020-12-27 HTTP/1.1" 302 -
180.162.223.42 - - [27/Dec/2020:10:50:19 +0800] "GET /xingrg/all/function/internal_message.html?_=1609037415319&CODE_STATE=getMsg HTTP/1.1" 200 27
58.35.244.144 - - [27/Dec/2020:10:50:19 +0800] "GET /xingrg/all/function/internal_message.html?_=1609037414874&CODE_STATE=getMsg HTTP/1.1" 302 -
117.184.7.30 - - [27/Dec/2020:10:50:21 +0800] "GET /xingrg/all/function/internal_message.html?_=1609037407403&CODE_STATE=getMsg HTTP/1.1" 200 27
180.162.223.42 - - [27/Dec/2020:10:50:23 +0800] "POST /xingrg/kc/buy/cgsh_order_operate.html HTTP/1.1" 200 37
120.204.17.73 - - [27/Dec/2020:10:50:23 +0800] "GET /xingrg/login.html HTTP/1.1" 200 7641
101.228.166.101 - - [27/Dec/2020:10:50:24 +0800] "GET /xingrg/all/function/internal_message.html?_=1609037443756&CODE_STATE=getMsg HTTP/1.1" 200 27
116.228.172.94 - - [27/Dec/2020:10:50:25 +0800] "POST /xingrg/kc/buy/cgsh_order_operate.html HTTP/1.1" 200 37
180.157.253.48 - - [27/Dec/2020:10:50:25 +0800] "GET /xingrg/kc/buy/cgsh_order_operate.html?command=get_materiel&rest_code=00148&code=00101001134&supplier_code=00100312&order_time=2020-12-27 HTTP/1.1" 200 413
180.162.223.42 - - [27/Dec/2020:10:50:25 +0800] "POST /xingrg/kc/buy/cgsh_order_operate.html HTTP/1.1" 200 3257
120.204.17.73 - - [27/Dec/2020:10:50:26 +0800] "GET /xingrg/kc/buy/cgsh_order_operate.html?command=get_materiel&rest_code=00106&code=00101008437&supplier_code=00100007&order_time=2020-12-27 HTTP/1.1" 302 -
222.69.133.109 - - [27/Dec/2020:10:50:26 +0800] "GET /xingrg/check_reg.html?_=1609037422417 HTTP/1.1" 200 22
222.69.133.109 - - [27/Dec/2020:10:50:26 +0800] "GET /xingrg/all/function/internal_message.html?_=1609037422422&CODE_STATE=getMsg HTTP/1.1" 200 27
116.228.172.94 - - [27/Dec/2020:10:50:26 +0800] "POST /xingrg/kc/buy/cgsh_order_operate.html HTTP/1.1" 200 2672
120.204.17.72 - - [27/Dec/2020:10:50:26 +0800] "GET /xingrg/login.html HTTP/1.1" 200 7641
180.162.223.42 - - [27/Dec/2020:10:50:26 +0800] "GET /xingrg/kc/print/load_data.html?order_code=212020122710881&kc_code=cgsh&condition= HTTP/1.1" 200 909
172.17.0.120 - - [27/Dec/2020:10:50:28 +0800] "GET /xingrg/all/function/internal_message.html?_=1609037424022&CODE_STATE=getMsg HTTP/1.1" 200 27
116.228.172.94 - - [27/Dec/2020:10:50:28 +0800] "GET /xingrg/kc/print/load_data.html?order_code=212020122710882&kc_code=cgsh&condition= HTTP/1.1" 200 761
180.162.223.42 - - [27/Dec/2020:10:50:31 +0800] "GET /xingrg/kc/buy/cgsh_order_add.html HTTP/1.1" 200 61258
180.162.223.42 - - [27/Dec/2020:10:50:31 +0800] "GET /xingrg/javascript/easyui/themes/default/validatebox.css HTTP/1.1" 404 1104
180.162.223.42 - - [27/Dec/2020:10:50:31 +0800] "POST /xingrg/kc/buy/cgsh_order_operate.html HTTP/1.1" 200 8245
120.204.17.73 - - [27/Dec/2020:10:50:31 +0800] "GET /xingrg/login.html HTTP/1.1" 200 7641
180.152.104.37 - - [27/Dec/2020:10:50:32 +0800] "GET /xingrg/all/function/internal_message.html?_=1609037664091&CODE_STATE=getMsg HTTP/1.1" 200 27
117.185.32.26 - - [27/Dec/2020:10:50:32 +0800] "POST /xingrg/kc/buy/cgsh_order_operate.html HTTP/1.1" 200 37
58.35.244.144 - - [27/Dec/2020:10:50:33 +0800] "GET /xingrg/all/function/internal_message.html?_=1609037578426&CODE_STATE=getMsg HTTP/1.1" 200 27
180.157.253.48 - - [27/Dec/2020:10:50:33 +0800] "GET /xingrg/all/function/internal_message.html?_=1609037431278&CODE_STATE=getMsg HTTP/1.1" 200 27
117.185.32.26 - - [27/Dec/2020:10:50:35 +0800] "POST /xingrg/kc/buy/cgsh_order_operate.html HTTP/1.1" 200 12
116.228.172.94 - - [27/Dec/2020:10:50:35 +0800] "GET /xingrg/kc/buy/cgsh_order_add.html HTTP/1.1" 200 61299
180.157.253.48 - - [27/Dec/2020:10:50:36 +0800] "POST /xingrg/kc/buy/cgsh_order_operate.html HTTP/1.1" 200 37
117.185.32.26 - - [27/Dec/2020:10:50:36 +0800] "GET /xingrg/kc/buy/cgsh_order_info.html?code=212020122710883 HTTP/1.1" 200 56112
120.253.135.82 - - [27/Dec/2020:10:50:36 +0800] "GET /xingrg/all/function/internal_message.html?_=1609037187578&CODE_STATE=getMsg HTTP/1.1" 200 27
116.228.172.94 - - [27/Dec/2020:10:50:36 +0800] "GET /xingrg/javascript/easyui/themes/default/validatebox.css HTTP/1.1" 404 1104
116.228.172.94 - - [27/Dec/2020:10:50:36 +0800] "POST /xingrg/kc/buy/cgsh_order_operate.html HTTP/1.1" 200 8245
117.185.32.26 - - [27/Dec/2020:10:50:37 +0800] "GET /xingrg/javascript/easyui/themes/default/validatebox.css HTTP/1.1" 404 1104
117.185.32.26 - - [27/Dec/2020:10:50:37 +0800] "POST /xingrg/kc/buy/cgsh_order_operate.html HTTP/1.1" 200 612
101.85.93.83 - - [27/Dec/2020:10:50:37 +0800] "GET /xingrg/all/function/internal_message.html?_=1609037121583&CODE_STATE=getMsg HTTP/1.1" 200 27
116.228.172.94 - - [27/Dec/2020:10:50:38 +0800] "GET /xingrg/javascript/easyui/themes/default/tree.css HTTP/1.1" 404 1090
116.228.172.94 - - [27/Dec/2020:10:50:38 +0800] "POST /xingrg/all/common/load_tree.html?tree=supplier_tree_json&isDelete=1 HTTP/1.1" 200 53078
180.162.223.42 - - [27/Dec/2020:10:50:39 +0800] "GET /xingrg/kc/buy/cgsh_order_operate.html?command=get_materiel&rest_code=00105&code=00101003041&supplier_code=00100088&order_time=2020-12-27 HTTP/1.1" 200 435
117.185.32.26 - - [27/Dec/2020:10:50:40 +0800] "GET /xingrg/kc/print/load_data.html?order_code=212020122710883&kc_code=cgsh&condition= HTTP/1.1" 200 693
117.185.32.26 - - [27/Dec/2020:10:50:41 +0800] "GET /xingrg/all/function/internal_message.html?_=1609037436616&CODE_STATE=getMsg HTTP/1.1" 200 27
117.185.32.26 - - [27/Dec/2020:10:50:42 +0800] "GET /xingrg/all/function/internal_message.html?_=1609037906238&CODE_STATE=getMsg HTTP/1.1" 200 27
180.157.253.48 - - [27/Dec/2020:10:50:44 +0800] "POST /xingrg/kc/buy/cgsh_order_operate.html HTTP/1.1" 200 12
120.253.135.82 - - [27/Dec/2020:10:50:44 +0800] "GET /xingrg/javascript/easyui/themes/sunny/images/ui-bg_gloss-wave_60_fece2f_500x100.png HTTP/1.1" 200 3512
120.253.135.82 - - [27/Dec/2020:10:50:45 +0800] "GET /xingrg/kc/pszx/mdqp_order_list.html?state=10 HTTP/1.1" 200 11018
120.253.135.82 - - [27/Dec/2020:10:50:45 +0800] "GET /xingrg/dwr/interface/AjaxQqpsService.js HTTP/1.1" 200 16326
120.253.135.82 - - [27/Dec/2020:10:50:45 +0800] "GET /xingrg/dwr/interface/AjaxReportQueryService.js HTTP/1.1" 200 13203
120.253.135.82 - - [27/Dec/2020:10:50:45 +0800] "GET /xingrg/dwr/engine.js HTTP/1.1" 200 43631
180.157.253.48 - - [27/Dec/2020:10:50:46 +0800] "GET /xingrg/kc/buy/cgsh_order_info.html?code=212020122710884 HTTP/1.1" 200 56124
180.157.253.48 - - [27/Dec/2020:10:50:47 +0800] "GET /xingrg/javascript/easyui/themes/default/validatebox.css HTTP/1.1" 404 1104
180.157.253.48 - - [27/Dec/2020:10:50:48 +0800] "POST /xingrg/kc/buy/cgsh_order_operate.html HTTP/1.1" 200 4771
183.192.164.214 - - [27/Dec/2020:10:50:48 +0800] "GET /xingrg/kc/buy/cgsh_order_operate.html?command=get_materiel&rest_code=00106&code=00101008123&supplier_code=00100007&order_time=2020-12-27 HTTP/1.1" 302 -
180.157.253.48 - - [27/Dec/2020:10:50:49 +0800] "GET /xingrg/kc/print/load_data.html?order_code=212020122710884&kc_code=cgsh&condition= HTTP/1.1" 200 2305
183.192.164.97 - - [27/Dec/2020:10:50:51 +0800] "GET /xingrg/kc/buy/cgsh_order_operate.html?command=get_materiel&rest_code=00106&code=00101015052&supplier_code=00100007&order_time=2020-12-27 HTTP/1.1" 302 -
120.253.135.82 - - [27/Dec/2020:10:50:51 +0800] "GET /xingrg/kc/pszx/jzcl_ps.html HTTP/1.1" 200 7683
120.253.135.82 - - [27/Dec/2020:10:50:51 +0800] "GET /xingrg/javascript/step/step.css HTTP/1.1" 304 -
120.253.135.82 - - [27/Dec/2020:10:50:51 +0800] "GET /xingrg/css/table.css HTTP/1.1" 304 -
120.253.135.82 - - [27/Dec/2020:10:50:51 +0800] "GET /xingrg/javascript/step/images/navCurrentBtn.gif HTTP/1.1" 200 557
120.253.135.82 - - [27/Dec/2020:10:50:51 +0800] "GET /xingrg/javascript/jquery_easy_ui/themes/default/images/button_a_bg.gif HTTP/1.1" 304 -
120.253.135.82 - - [27/Dec/2020:10:50:51 +0800] "GET /xingrg/javascript/jquery_easy_ui/themes/default/images/button_span_bg.gif HTTP/1.1" 304 -
120.253.135.82 - - [27/Dec/2020:10:50:51 +0800] "GET /xingrg/javascript/jquery_easy_ui/themes/icons/search.png HTTP/1.1" 304 -
120.253.135.82 - - [27/Dec/2020:10:50:51 +0800] "POST /xingrg/all/common/load_tree.html?tree=area_rest_tree_json HTTP/1.1" 200 3350
120.253.135.82 - - [27/Dec/2020:10:50:51 +0800] "GET /xingrg/javascript/jquery_easy_ui/themes/default/images/datagrid_header_bg.gif HTTP/1.1" 200 97
120.253.135.82 - - [27/Dec/2020:10:50:51 +0800] "GET /xingrg/javascript/jquery_easy_ui/themes/default/images/pagination_loading.gif HTTP/1.1" 200 1737
120.253.135.82 - - [27/Dec/2020:10:50:51 +0800] "GET /xingrg/javascript/jquery_easy_ui/themes/default/images/tree_checkbox_0.gif HTTP/1.1" 200 168
120.253.135.82 - - [27/Dec/2020:10:50:51 +0800] "GET /xingrg/javascript/jquery_easy_ui/themes/icons/rest.png HTTP/1.1" 200 695
120.253.135.82 - - [27/Dec/2020:10:50:51 +0800] "POST /xingrg/kc/pszx/jzcl_ps_operate.html HTTP/1.1" 200 824
120.253.135.82 - - [27/Dec/2020:10:50:51 +0800] "POST /xingrg/kc/pszx/jzcl_ps_operate.html HTTP/1.1" 200 824
116.232.51.115 - - [27/Dec/2020:10:50:52 +0800] "GET /xingrg/all/function/internal_message.html?_=1609037464014&CODE_STATE=getMsg HTTP/1.1" 200 27
172.17.0.123 - - [27/Dec/2020:10:50:52 +0800] "GET /xingrg/all/function/internal_message.html?_=1609037358689&CODE_STATE=getMsg HTTP/1.1" 200 27
180.156.237.57 - - [27/Dec/2020:10:50:52 +0800] "GET /xingrg/all/function/internal_message.html?_=1609037433270&CODE_STATE=getMsg HTTP/1.1" 200 27
180.157.253.48 - - [27/Dec/2020:10:50:53 +0800] "GET /xingrg/kc/buy/cgsh_order_add.html HTTP/1.1" 200 61217
180.157.253.48 - - [27/Dec/2020:10:50:54 +0800] "POST /xingrg/kc/buy/cgsh_order_operate.html HTTP/1.1" 200 8245
180.157.253.48 - - [27/Dec/2020:10:50:54 +0800] "GET /xingrg/javascript/easyui/themes/default/validatebox.css HTTP/1.1" 404 1104
120.253.135.82 - - [27/Dec/2020:10:50:56 +0800] "POST /xingrg/kc/pszx/jzcl_ps_operate.html HTTP/1.1" 200 4
120.253.135.82 - - [27/Dec/2020:10:50:56 +0800] "GET /xingrg/javascript/step/images/navLastDoneBtn.gif HTTP/1.1" 200 552
120.253.135.82 - - [27/Dec/2020:10:50:56 +0800] "GET /xingrg/javascript/step/images/navDoneBtn.gif HTTP/1.1" 304 -
222.69.134.220 - - [27/Dec/2020:10:50:56 +0800] "GET /xingrg/all/function/internal_message.html?_=1609037452776&CODE_STATE=getMsg HTTP/1.1" 200 27
222.69.134.220 - - [27/Dec/2020:10:50:56 +0800] "GET /xingrg/check_reg.html?_=1609037452781 HTTP/1.1" 200 22
183.192.164.214 - - [27/Dec/2020:10:50:57 +0800] "GET /xingrg/login.html HTTP/1.1" 200 7641
180.162.223.42 - - [27/Dec/2020:10:50:58 +0800] "GET /xingrg/kc/buy/cgsh_order_operate.html?command=get_materiel&rest_code=00105&code=00101002035&supplier_code=00100088&order_time=2020-12-27 HTTP/1.1" 200 413
180.156.237.57 - - [27/Dec/2020:10:50:58 +0800] "GET /xingrg/all/function/internal_message.html?_=1609037439073&CODE_STATE=getMsg HTTP/1.1" 200 27
183.192.164.97 - - [27/Dec/2020:10:50:59 +0800] "GET /xingrg/login.html HTTP/1.1" 200 7641
120.253.135.82 - - [27/Dec/2020:10:50:59 +0800] "GET /xingrg/kc/pszx/mdps_order_list.html HTTP/1.1" 200 21159
222.69.133.109 - - [27/Dec/2020:10:50:59 +0800] "POST /xingrg/kc/base/wldb_order_operate.html HTTP/1.1" 200 37
120.253.135.82 - - [27/Dec/2020:10:50:59 +0800] "POST /xingrg/kc/pszx/mdps_list_operate.html HTTP/1.1" 200 5521
180.156.237.57 - - [27/Dec/2020:10:51:01 +0800] "GET /xingrg/all/function/internal_message.html?_=1609037464871&CODE_STATE=getMsg HTTP/1.1" 200 27
117.185.32.26 - - [27/Dec/2020:10:51:01 +0800] "GET /xingrg/check_reg.html?_=1609037457339 HTTP/1.1" 200 22
172.17.0.185 - - [27/Dec/2020:10:51:01 +0800] "GET /xingrg/all/function/internal_message.html?_=1609037457242&CODE_STATE=getMsg HTTP/1.1" 200 27
180.157.253.48 - - [27/Dec/2020:10:51:03 +0800] "GET /xingrg/kc/buy/cgsh_order_operate.html?command=get_materiel&rest_code=00148&code=00101010161&supplier_code=00100334&order_time=2020-12-27 HTTP/1.1" 200 429
222.69.133.109 - - [27/Dec/2020:10:51:05 +0800] "POST /xingrg/kc/base/wldb_order_operate.html HTTP/1.1" 200 12
116.228.172.94 - - [27/Dec/2020:10:51:05 +0800] "GET /xingrg/check_reg.html?_=1609037461819 HTTP/1.1" 200 22
222.69.133.109 - - [27/Dec/2020:10:51:05 +0800] "POST /xingrg/kc/base/wldb_order_operate.html HTTP/1.1" 200 6595
116.228.172.94 - - [27/Dec/2020:10:51:06 +0800] "GET /xingrg/all/function/internal_message.html?_=1609037462259&CODE_STATE=getMsg HTTP/1.1" 200 27
222.69.133.109 - - [27/Dec/2020:10:51:07 +0800] "GET /xingrg/kc/base/wldb_order_info.html?code=422020122703084 HTTP/1.1" 200 26391
222.69.133.109 - - [27/Dec/2020:10:51:08 +0800] "GET /xingrg/javascript/easyui/themes/default/validatebox.css HTTP/1.1" 404 1104
222.69.133.109 - - [27/Dec/2020:10:51:08 +0800] "POST /xingrg/kc/base/wldb_order_operate.html HTTP/1.1" 200 4782
172.17.0.240 - - [27/Dec/2020:10:51:08 +0800] "GET /xingrg/all/function/internal_message.html?_=1609037462947&CODE_STATE=getMsg HTTP/1.1" 200 27
117.185.32.26 - - [27/Dec/2020:10:51:09 +0800] "GET /xingrg/kc/buy/cgsh_order_add.html HTTP/1.1" 200 61211
117.185.32.26 - - [27/Dec/2020:10:51:09 +0800] "GET /xingrg/javascript/easyui/themes/default/validatebox.css HTTP/1.1" 404 1104
117.185.32.26 - - [27/Dec/2020:10:51:09 +0800] "POST /xingrg/kc/buy/cgsh_order_operate.html HTTP/1.1" 200 8245
180.162.223.42 - - [27/Dec/2020:10:51:10 +0800] "POST /xingrg/kc/buy/cgsh_order_operate.html HTTP/1.1" 200 37
117.185.32.26 - - [27/Dec/2020:10:51:11 +0800] "GET /xingrg/javascript/easyui/themes/default/tree.css HTTP/1.1" 404 1090
117.185.32.26 - - [27/Dec/2020:10:51:11 +0800] "POST /xingrg/all/common/load_tree.html?tree=supplier_tree_json&isDelete=1 HTTP/1.1" 200 53078
120.253.135.82 - - [27/Dec/2020:10:51:12 +0800] "POST /xingrg/kc/pszx/mdps_list_operate.html HTTP/1.1" 200 2433
120.253.135.82 - - [27/Dec/2020:10:51:14 +0800] "POST /xingrg/kc/pszx/mdps_list_operate.html HTTP/1.1" 200 205
120.253.135.82 - - [27/Dec/2020:10:51:16 +0800] "POST /xingrg/kc/pszx/mdps_list_operate.html HTTP/1.1" 200 205
180.157.253.48 - - [27/Dec/2020:10:51:16 +0800] "POST /xingrg/kc/buy/cgsh_order_operate.html HTTP/1.1" 200 37
180.162.223.42 - - [27/Dec/2020:10:51:16 +0800] "POST /xingrg/kc/buy/cgsh_order_operate.html HTTP/1.1" 200 3262
120.253.135.82 - - [27/Dec/2020:10:51:18 +0800] "GET /xingrg/kc/pszx/mdps_order_info.html?code=312020122600724 HTTP/1.1" 200 23887
120.253.135.82 - - [27/Dec/2020:10:51:18 +0800] "GET /xingrg/javascript/easyui/themes/default/validatebox.css HTTP/1.1" 404 1104
120.253.135.82 - - [27/Dec/2020:10:51:19 +0800] "POST /xingrg/kc/pszx/mdps_order_operate.html HTTP/1.1" 200 2289
180.162.223.42 - - [27/Dec/2020:10:51:19 +0800] "GET /xingrg/all/function/internal_message.html?_=1609037475327&CODE_STATE=getMsg HTTP/1.1" 200 27
180.162.223.42 - - [27/Dec/2020:10:51:19 +0800] "GET /xingrg/kc/print/load_data.html?order_code=212020122710885&kc_code=cgsh&condition= HTTP/1.1" 200 975
58.35.244.144 - - [27/Dec/2020:10:51:19 +0800] "GET /xingrg/all/function/internal_message.html?_=1609037474893&CODE_STATE=getMsg HTTP/1.1" 302 -
117.184.7.30 - - [27/Dec/2020:10:51:21 +0800] "GET /xingrg/all/function/internal_message.html?_=1609037467415&CODE_STATE=getMsg HTTP/1.1" 200 27
120.204.17.70 - - [27/Dec/2020:10:51:22 +0800] "GET /xingrg/kc/buy/cgsh_order_operate.html?command=get_materiel&rest_code=00106&code=00101008041&supplier_code=00100007&order_time=2020-12-27 HTTP/1.1" 302 -
120.253.135.82 - - [27/Dec/2020:10:51:22 +0800] "POST /xingrg/kc/pszx/mdps_list_operate.html HTTP/1.1" 200 439
180.162.223.42 - - [27/Dec/2020:10:51:23 +0800] "GET /xingrg/kc/buy/cgsh_order_add.html HTTP/1.1" 200 61258
180.162.223.42 - - [27/Dec/2020:10:51:23 +0800] "GET /xingrg/javascript/easyui/themes/default/validatebox.css HTTP/1.1" 404 1104
180.162.223.42 - - [27/Dec/2020:10:51:23 +0800] "POST /xingrg/kc/buy/cgsh_order_operate.html HTTP/1.1" 200 8245
120.253.135.82 - - [27/Dec/2020:10:51:24 +0800] "GET /xingrg/kc/pszx/mdps_order_info.html?code=312020122700750 HTTP/1.1" 200 23887
101.228.166.101 - - [27/Dec/2020:10:51:24 +0800] "GET /xingrg/all/function/internal_message.html?_=1609037503769&CODE_STATE=getMsg HTTP/1.1" 200 27
120.253.135.82 - - [27/Dec/2020:10:51:24 +0800] "GET /xingrg/javascript/easyui/themes/default/validatebox.css HTTP/1.1" 404 1104
222.69.133.109 - - [27/Dec/2020:10:51:26 +0800] "GET /xingrg/all/function/internal_message.html?_=1609037482427&CODE_STATE=getMsg HTTP/1.1" 200 27
120.253.135.82 - - [27/Dec/2020:10:51:27 +0800] "GET /xingrg/check_reg.html?_=1609037534899 HTTP/1.1" 200 22
180.157.253.48 - - [27/Dec/2020:10:51:27 +0800] "POST /xingrg/kc/buy/cgsh_order_operate.html HTTP/1.1" 200 12
120.253.135.82 - - [27/Dec/2020:10:51:28 +0800] "POST /xingrg/kc/pszx/mdps_order_operate.html HTTP/1.1" 200 3727
172.17.0.120 - - [27/Dec/2020:10:51:28 +0800] "GET /xingrg/all/function/internal_message.html?_=1609037484027&CODE_STATE=getMsg HTTP/1.1" 200 27
180.157.253.48 - - [27/Dec/2020:10:51:29 +0800] "GET /xingrg/kc/buy/cgsh_order_info.html?code=212020122710886 HTTP/1.1" 200 56124
120.204.17.70 - - [27/Dec/2020:10:51:29 +0800] "GET /xingrg/login.html HTTP/1.1" 200 7641
180.157.253.48 - - [27/Dec/2020:10:51:30 +0800] "GET /xingrg/javascript/easyui/themes/default/validatebox.css HTTP/1.1" 404 1104
180.157.253.48 - - [27/Dec/2020:10:51:31 +0800] "POST /xingrg/kc/buy/cgsh_order_operate.html HTTP/1.1" 200 603
180.152.104.37 - - [27/Dec/2020:10:51:32 +0800] "GET /xingrg/all/function/internal_message.html?_=1609037724134&CODE_STATE=getMsg HTTP/1.1" 200 27
120.253.135.82 - - [27/Dec/2020:10:51:33 +0800] "POST /xingrg/kc/pszx/mdps_order_operate.html HTTP/1.1" 200 37
58.35.244.144 - - [27/Dec/2020:10:51:33 +0800] "GET /xingrg/all/function/internal_message.html?_=1609037638406&CODE_STATE=getMsg HTTP/1.1" 200 27
58.35.244.144 - - [27/Dec/2020:10:51:33 +0800] "GET /xingrg/check_reg.html?_=1609037638708 HTTP/1.1" 200 22
180.157.253.48 - - [27/Dec/2020:10:51:33 +0800] "GET /xingrg/all/function/internal_message.html?_=1609037491271&CODE_STATE=getMsg HTTP/1.1" 200 27
180.157.253.48 - - [27/Dec/2020:10:51:35 +0800] "GET /xingrg/kc/print/load_data.html?order_code=212020122710886&kc_code=cgsh&condition= HTTP/1.1" 200 710
120.253.135.82 - - [27/Dec/2020:10:51:35 +0800] "GET /xingrg/kc/pszx/mdps_order_info.html?code=312020122700750 HTTP/1.1" 200 23887
120.253.135.82 - - [27/Dec/2020:10:51:36 +0800] "GET /xingrg/javascript/easyui/themes/default/validatebox.css HTTP/1.1" 404 1104
120.253.135.82 - - [27/Dec/2020:10:51:36 +0800] "POST /xingrg/kc/pszx/mdps_order_operate.html HTTP/1.1" 200 3756
120.253.135.82 - - [27/Dec/2020:10:51:36 +0800] "GET /xingrg/all/function/internal_message.html?_=1609037247592&CODE_STATE=getMsg HTTP/1.1" 200 27
180.162.223.42 - - [27/Dec/2020:10:51:37 +0800] "GET /xingrg/kc/buy/cgsh_order_operate.html?command=get_materiel&rest_code=00105&code=00101007032&supplier_code=00100328&order_time=2020-12-27 HTTP/1.1" 200 432
101.85.93.83 - - [27/Dec/2020:10:51:37 +0800] "GET /xingrg/all/function/internal_message.html?_=1609037181583&CODE_STATE=getMsg HTTP/1.1" 200 27
117.185.32.26 - - [27/Dec/2020:10:51:37 +0800] "GET /xingrg/kc/buy/cgsh_order_operate.html?command=get_materiel&rest_code=00106&code=00101005022&supplier_code=00100347&order_time=2020-12-27 HTTP/1.1" 200 417
120.253.135.82 - - [27/Dec/2020:10:51:38 +0800] "POST /xingrg/all/common/load_select.html HTTP/1.1" 200 25
180.157.253.48 - - [27/Dec/2020:10:51:39 +0800] "GET /xingrg/kc/buy/cgsh_order_add.html HTTP/1.1" 200 61217
116.228.172.94 - - [27/Dec/2020:10:51:39 +0800] "GET /xingrg/kc/buy/cgsh_order_operate.html?command=get_materiel&rest_code=00107&code=00101010657&supplier_code=00100411&order_time=2020-12-27 HTTP/1.1" 200 394
180.157.253.48 - - [27/Dec/2020:10:51:39 +0800] "POST /xingrg/kc/buy/cgsh_order_operate.html HTTP/1.1" 200 8245
180.157.253.48 - - [27/Dec/2020:10:51:40 +0800] "GET /xingrg/javascript/easyui/themes/default/validatebox.css HTTP/1.1" 404 1104
58.35.244.144 - - [27/Dec/2020:10:51:40 +0800] "GET /xingrg/check_reg.html?_=1609037495849 HTTP/1.1" 302 -
117.185.32.26 - - [27/Dec/2020:10:51:40 +0800] "GET /xingrg/all/function/internal_message.html?_=1609037496597&CODE_STATE=getMsg HTTP/1.1" 200 27
120.253.135.82 - - [27/Dec/2020:10:51:41 +0800] "GET /xingrg/kc/pszx/mdps_order_operate.html?command=get_materiel_price&pszx_code=00101&rest_code=00148&base_code=0010246&code=00101019770&unit_code=00100318&order_time=2020-12-29 HTTP/1.1" 200 34
117.185.32.26 - - [27/Dec/2020:10:51:42 +0800] "GET /xingrg/all/function/internal_message.html?_=1609037966272&CODE_STATE=getMsg HTTP/1.1" 200 27
183.192.164.85 - - [27/Dec/2020:10:51:44 +0800] "GET /xingrg/kc/buy/cgsh_order_operate.html?command=get_materiel&rest_code=00106&code=00101008300&supplier_code=00100007&order_time=2020-12-27 HTTP/1.1" 302 -
180.157.253.48 - - [27/Dec/2020:10:51:46 +0800] "GET /xingrg/kc/buy/cgsh_order_operate.html?command=get_materiel&rest_code=00148&code=00101002006&supplier_code=00100091&order_time=2020-12-27 HTTP/1.1" 200 434
120.253.135.82 - - [27/Dec/2020:10:51:49 +0800] "POST /xingrg/kc/pszx/mdps_order_operate.html HTTP/1.1" 200 37
120.253.135.82 - - [27/Dec/2020:10:51:49 +0800] "GET /xingrg/kc/pszx/mdps_order_info.html?code=312020122700750 HTTP/1.1" 200 23887
120.253.135.82 - - [27/Dec/2020:10:51:50 +0800] "POST /xingrg/kc/pszx/mdps_order_operate.html HTTP/1.1" 200 3754
120.253.135.82 - - [27/Dec/2020:10:51:50 +0800] "GET /xingrg/javascript/easyui/themes/default/validatebox.css HTTP/1.1" 404 1104
116.232.51.115 - - [27/Dec/2020:10:51:52 +0800] "GET /xingrg/all/function/internal_message.html?_=1609037524024&CODE_STATE=getMsg HTTP/1.1" 200 27
172.17.0.123 - - [27/Dec/2020:10:51:52 +0800] "GET /xingrg/all/function/internal_message.html?_=1609037418675&CODE_STATE=getMsg HTTP/1.1" 200 27
180.156.237.57 - - [27/Dec/2020:10:51:52 +0800] "GET /xingrg/all/function/internal_message.html?_=1609037493276&CODE_STATE=getMsg HTTP/1.1" 200 27
183.192.164.85 - - [27/Dec/2020:10:51:54 +0800] "GET /xingrg/login.html HTTP/1.1" 200 7641
116.228.172.94 - - [27/Dec/2020:10:51:54 +0800] "GET /xingrg/kc/buy/cgsh_order_operate.html?command=get_materiel&rest_code=00107&code=00101010634&supplier_code=00100411&order_time=2020-12-27 HTTP/1.1" 200 400
180.157.253.48 - - [27/Dec/2020:10:51:56 +0800] "GET /xingrg/kc/buy/cgsh_order_operate.html?command=get_materiel&rest_code=00148&code=00101002034&supplier_code=00100091&order_time=2020-12-27 HTTP/1.1" 200 409
222.69.134.220 - - [27/Dec/2020:10:51:56 +0800] "GET /xingrg/all/function/internal_message.html?_=1609037512778&CODE_STATE=getMsg HTTP/1.1" 200 27
