101.228.166.101 - - [27/Dec/2020:07:20:10 +0800] "GET /xingrg/all/function/internal_message.html?_=1609024829951&CODE_STATE=getMsg HTTP/1.1" 200 27
58.35.244.144 - - [27/Dec/2020:07:20:15 +0800] "GET /xingrg/all/function/internal_message.html?_=1609024810801&CODE_STATE=getMsg HTTP/1.1" 200 27
120.253.135.82 - - [27/Dec/2020:07:20:31 +0800] "GET /xingrg/images/yd/bt.gif HTTP/1.1" 404 1040
120.253.135.82 - - [27/Dec/2020:07:20:31 +0800] "GET /xingrg/images/yd/bt2.gif HTTP/1.1" 404 1042
101.228.166.101 - - [27/Dec/2020:07:20:33 +0800] "GET /xingrg/all/function/internal_message.html?_=1609024849529&CODE_STATE=getMsg HTTP/1.1" 302 -
120.253.135.82 - - [27/Dec/2020:07:20:45 +0800] "GET /xingrg/all/function/internal_message.html?_=1609024597206&CODE_STATE=getMsg HTTP/1.1" 200 27
172.17.0.123 - - [27/Dec/2020:07:20:48 +0800] "GET /xingrg/all/function/internal_message.html?_=1609024754783&CODE_STATE=getMsg HTTP/1.1" 200 27
120.253.135.82 - - [27/Dec/2020:07:20:48 +0800] "GET /xingrg/kc/pszx/mdqp_order_list.html?isBack=1 HTTP/1.1" 302 -
120.253.135.82 - - [27/Dec/2020:07:20:48 +0800] "GET /xingrg/kc/pszx/mdqp_order_list.html?state=10 HTTP/1.1" 200 13846
120.253.135.82 - - [27/Dec/2020:07:20:48 +0800] "GET /xingrg/dwr/interface/AjaxQqpsService.js HTTP/1.1" 200 16326
120.253.135.82 - - [27/Dec/2020:07:20:48 +0800] "GET /xingrg/dwr/interface/AjaxReportQueryService.js HTTP/1.1" 200 13203
120.253.135.82 - - [27/Dec/2020:07:20:48 +0800] "GET /xingrg/dwr/engine.js HTTP/1.1" 200 43631
180.156.237.57 - - [27/Dec/2020:07:20:49 +0800] "GET /xingrg/all/function/internal_message.html?_=1609024830416&CODE_STATE=getMsg HTTP/1.1" 200 27
120.253.135.82 - - [27/Dec/2020:07:20:51 +0800] "GET /xingrg/kc/pszx/mdqp_order_info.html?code=302020122600597 HTTP/1.1" 200 13350
120.253.135.82 - - [27/Dec/2020:07:20:51 +0800] "GET /xingrg/dwr/interface/AjaxQqpsService.js HTTP/1.1" 200 16326
120.253.135.82 - - [27/Dec/2020:07:20:51 +0800] "GET /xingrg/dwr/interface/AjaxComOrderService.js HTTP/1.1" 200 18264
120.253.135.82 - - [27/Dec/2020:07:20:51 +0800] "GET /xingrg/dwr/engine.js HTTP/1.1" 200 43631
120.253.135.82 - - [27/Dec/2020:07:20:51 +0800] "POST /xingrg/dwr/call/plaincall/AjaxQqpsService.loadMaterielItems.dwr HTTP/1.1" 200 1448
180.156.237.57 - - [27/Dec/2020:07:20:55 +0800] "GET /xingrg/all/function/internal_message.html?_=1609024836218&CODE_STATE=getMsg HTTP/1.1" 200 27
120.253.135.82 - - [27/Dec/2020:07:21:00 +0800] "GET /xingrg/kc/pszx/mdqp_order_list.html?isBack=1 HTTP/1.1" 302 -
120.253.135.82 - - [27/Dec/2020:07:21:00 +0800] "GET /xingrg/kc/pszx/mdqp_order_list.html?state=10 HTTP/1.1" 200 13846
120.253.135.82 - - [27/Dec/2020:07:21:00 +0800] "GET /xingrg/dwr/interface/AjaxQqpsService.js HTTP/1.1" 200 16326
120.253.135.82 - - [27/Dec/2020:07:21:00 +0800] "GET /xingrg/dwr/interface/AjaxReportQueryService.js HTTP/1.1" 200 13203
120.253.135.82 - - [27/Dec/2020:07:21:00 +0800] "GET /xingrg/dwr/engine.js HTTP/1.1" 200 43631
172.17.0.185 - - [27/Dec/2020:07:21:01 +0800] "GET /xingrg/all/function/internal_message.html?_=1609024857235&CODE_STATE=getMsg HTTP/1.1" 200 27
120.253.135.82 - - [27/Dec/2020:07:21:03 +0800] "GET /xingrg/kc/pszx/mdqp_order_info.html?code=302020122600598 HTTP/1.1" 200 13350
120.253.135.82 - - [27/Dec/2020:07:21:03 +0800] "GET /xingrg/dwr/interface/AjaxComOrderService.js HTTP/1.1" 200 18264
120.253.135.82 - - [27/Dec/2020:07:21:03 +0800] "GET /xingrg/dwr/interface/AjaxQqpsService.js HTTP/1.1" 200 16326
120.253.135.82 - - [27/Dec/2020:07:21:03 +0800] "GET /xingrg/dwr/engine.js HTTP/1.1" 200 43631
120.253.135.82 - - [27/Dec/2020:07:21:04 +0800] "POST /xingrg/dwr/call/plaincall/AjaxQqpsService.loadMaterielItems.dwr HTTP/1.1" 200 2301
101.228.166.101 - - [27/Dec/2020:07:21:10 +0800] "GET /xingrg/all/function/internal_message.html?_=1609024889966&CODE_STATE=getMsg HTTP/1.1" 200 27
58.35.244.144 - - [27/Dec/2020:07:21:15 +0800] "GET /xingrg/all/function/internal_message.html?_=1609024870829&CODE_STATE=getMsg HTTP/1.1" 200 27
101.228.166.101 - - [27/Dec/2020:07:21:33 +0800] "GET /xingrg/all/function/internal_message.html?_=1609024909775&CODE_STATE=getMsg HTTP/1.1" 302 -
58.35.244.144 - - [27/Dec/2020:07:21:40 +0800] "GET /xingrg/check_reg.html?_=1609024895448 HTTP/1.1" 200 22
101.228.166.101 - - [27/Dec/2020:07:21:43 +0800] "GET /xingrg/check_reg.html?_=1609024919981 HTTP/1.1" 302 -
120.253.135.82 - - [27/Dec/2020:07:21:45 +0800] "GET /xingrg/all/function/internal_message.html?_=1609024657220&CODE_STATE=getMsg HTTP/1.1" 200 27
120.253.135.82 - - [27/Dec/2020:07:21:47 +0800] "GET /xingrg/kc/pszx/mdqp_order_list.html?isBack=1 HTTP/1.1" 302 -
120.253.135.82 - - [27/Dec/2020:07:21:47 +0800] "GET /xingrg/kc/pszx/mdqp_order_list.html?state=10 HTTP/1.1" 200 13846
120.253.135.82 - - [27/Dec/2020:07:21:47 +0800] "GET /xingrg/dwr/interface/AjaxReportQueryService.js HTTP/1.1" 200 13203
120.253.135.82 - - [27/Dec/2020:07:21:47 +0800] "GET /xingrg/dwr/interface/AjaxQqpsService.js HTTP/1.1" 200 16326
120.253.135.82 - - [27/Dec/2020:07:21:47 +0800] "GET /xingrg/dwr/engine.js HTTP/1.1" 200 43631
172.17.0.123 - - [27/Dec/2020:07:21:48 +0800] "GET /xingrg/all/function/internal_message.html?_=1609024814784&CODE_STATE=getMsg HTTP/1.1" 200 27
180.156.237.57 - - [27/Dec/2020:07:21:49 +0800] "GET /xingrg/all/function/internal_message.html?_=1609024890423&CODE_STATE=getMsg HTTP/1.1" 200 27
120.253.135.82 - - [27/Dec/2020:07:21:52 +0800] "GET /xingrg/kc/pszx/mdqp_order_info.html?code=302020122600598 HTTP/1.1" 200 13350
120.253.135.82 - - [27/Dec/2020:07:21:52 +0800] "GET /xingrg/dwr/interface/AjaxComOrderService.js HTTP/1.1" 200 18264
120.253.135.82 - - [27/Dec/2020:07:21:52 +0800] "GET /xingrg/dwr/interface/AjaxQqpsService.js HTTP/1.1" 200 16326
120.253.135.82 - - [27/Dec/2020:07:21:52 +0800] "GET /xingrg/dwr/engine.js HTTP/1.1" 200 43631
120.253.135.82 - - [27/Dec/2020:07:21:52 +0800] "POST /xingrg/dwr/call/plaincall/AjaxQqpsService.loadMaterielItems.dwr HTTP/1.1" 200 2301
120.253.135.82 - - [27/Dec/2020:07:21:54 +0800] "GET /xingrg/kc/pszx/mdqp_order_list.html?isBack=1 HTTP/1.1" 302 -
120.253.135.82 - - [27/Dec/2020:07:21:55 +0800] "GET /xingrg/kc/pszx/mdqp_order_list.html?state=10 HTTP/1.1" 200 13846
120.253.135.82 - - [27/Dec/2020:07:21:55 +0800] "GET /xingrg/dwr/interface/AjaxQqpsService.js HTTP/1.1" 200 16326
120.253.135.82 - - [27/Dec/2020:07:21:55 +0800] "GET /xingrg/dwr/interface/AjaxReportQueryService.js HTTP/1.1" 200 13203
120.253.135.82 - - [27/Dec/2020:07:21:55 +0800] "GET /xingrg/dwr/engine.js HTTP/1.1" 200 43631
180.156.237.57 - - [27/Dec/2020:07:21:55 +0800] "GET /xingrg/all/function/internal_message.html?_=1609024896226&CODE_STATE=getMsg HTTP/1.1" 200 27
222.69.134.220 - - [27/Dec/2020:07:21:58 +0800] "POST /xingrg/services/DataTransmitService HTTP/1.1" 200 524
120.253.135.82 - - [27/Dec/2020:07:21:59 +0800] "GET /xingrg/kc/pszx/mdqp_order_info.html?code=302020122600599 HTTP/1.1" 200 13350
120.253.135.82 - - [27/Dec/2020:07:21:59 +0800] "GET /xingrg/dwr/interface/AjaxComOrderService.js HTTP/1.1" 200 18264
120.253.135.82 - - [27/Dec/2020:07:21:59 +0800] "GET /xingrg/dwr/interface/AjaxQqpsService.js HTTP/1.1" 200 16326
120.253.135.82 - - [27/Dec/2020:07:21:59 +0800] "GET /xingrg/dwr/engine.js HTTP/1.1" 200 43631
120.253.135.82 - - [27/Dec/2020:07:22:00 +0800] "POST /xingrg/dwr/call/plaincall/AjaxQqpsService.loadMaterielItems.dwr HTTP/1.1" 200 331
172.17.0.185 - - [27/Dec/2020:07:22:01 +0800] "GET /xingrg/all/function/internal_message.html?_=1609024917240&CODE_STATE=getMsg HTTP/1.1" 200 27
120.253.135.82 - - [27/Dec/2020:07:22:02 +0800] "GET /xingrg/kc/pszx/mdqp_order_list.html?isBack=1 HTTP/1.1" 302 -
120.253.135.82 - - [27/Dec/2020:07:22:02 +0800] "GET /xingrg/kc/pszx/mdqp_order_list.html?state=10 HTTP/1.1" 200 13846
120.253.135.82 - - [27/Dec/2020:07:22:02 +0800] "GET /xingrg/dwr/interface/AjaxReportQueryService.js HTTP/1.1" 200 13203
120.253.135.82 - - [27/Dec/2020:07:22:02 +0800] "GET /xingrg/dwr/interface/AjaxQqpsService.js HTTP/1.1" 200 16326
120.253.135.82 - - [27/Dec/2020:07:22:02 +0800] "GET /xingrg/dwr/engine.js HTTP/1.1" 200 43631
120.253.135.82 - - [27/Dec/2020:07:22:08 +0800] "GET /xingrg/kc/pszx/mdqp_order_info.html?code=302020122600600 HTTP/1.1" 200 13350
120.253.135.82 - - [27/Dec/2020:07:22:08 +0800] "GET /xingrg/dwr/interface/AjaxComOrderService.js HTTP/1.1" 200 18264
120.253.135.82 - - [27/Dec/2020:07:22:08 +0800] "GET /xingrg/dwr/interface/AjaxQqpsService.js HTTP/1.1" 200 16326
120.253.135.82 - - [27/Dec/2020:07:22:08 +0800] "GET /xingrg/dwr/engine.js HTTP/1.1" 200 43631
120.253.135.82 - - [27/Dec/2020:07:22:09 +0800] "POST /xingrg/dwr/call/plaincall/AjaxQqpsService.loadMaterielItems.dwr HTTP/1.1" 200 356
101.228.166.101 - - [27/Dec/2020:07:22:11 +0800] "GET /xingrg/all/function/internal_message.html?_=1609024950150&CODE_STATE=getMsg HTTP/1.1" 200 27
120.253.135.82 - - [27/Dec/2020:07:22:11 +0800] "GET /xingrg/kc/pszx/mdqp_order_list.html?isBack=1 HTTP/1.1" 302 -
120.253.135.82 - - [27/Dec/2020:07:22:11 +0800] "GET /xingrg/kc/pszx/mdqp_order_list.html?state=10 HTTP/1.1" 200 13846
120.253.135.82 - - [27/Dec/2020:07:22:11 +0800] "GET /xingrg/dwr/interface/AjaxReportQueryService.js HTTP/1.1" 200 13203
120.253.135.82 - - [27/Dec/2020:07:22:11 +0800] "GET /xingrg/dwr/interface/AjaxQqpsService.js HTTP/1.1" 200 16326
120.253.135.82 - - [27/Dec/2020:07:22:11 +0800] "GET /xingrg/dwr/engine.js HTTP/1.1" 200 43631
120.253.135.82 - - [27/Dec/2020:07:22:14 +0800] "GET /xingrg/kc/pszx/mdqp_order_info.html?code=302020122600601 HTTP/1.1" 200 13350
120.253.135.82 - - [27/Dec/2020:07:22:14 +0800] "GET /xingrg/dwr/interface/AjaxComOrderService.js HTTP/1.1" 200 18264
120.253.135.82 - - [27/Dec/2020:07:22:14 +0800] "GET /xingrg/dwr/interface/AjaxQqpsService.js HTTP/1.1" 200 16326
120.253.135.82 - - [27/Dec/2020:07:22:14 +0800] "GET /xingrg/dwr/engine.js HTTP/1.1" 200 43631
120.253.135.82 - - [27/Dec/2020:07:22:15 +0800] "POST /xingrg/dwr/call/plaincall/AjaxQqpsService.loadMaterielItems.dwr HTTP/1.1" 200 1756
58.35.244.144 - - [27/Dec/2020:07:22:15 +0800] "GET /xingrg/all/function/internal_message.html?_=1609024930844&CODE_STATE=getMsg HTTP/1.1" 200 27
101.228.166.101 - - [27/Dec/2020:07:22:33 +0800] "GET /xingrg/all/function/internal_message.html?_=1609024969790&CODE_STATE=getMsg HTTP/1.1" 302 -
120.253.135.82 - - [27/Dec/2020:07:22:45 +0800] "GET /xingrg/all/function/internal_message.html?_=1609024717233&CODE_STATE=getMsg HTTP/1.1" 200 27
172.17.0.123 - - [27/Dec/2020:07:22:48 +0800] "GET /xingrg/all/function/internal_message.html?_=1609024874787&CODE_STATE=getMsg HTTP/1.1" 200 27
180.156.237.57 - - [27/Dec/2020:07:22:49 +0800] "GET /xingrg/all/function/internal_message.html?_=1609024950442&CODE_STATE=getMsg HTTP/1.1" 200 27
180.156.237.57 - - [27/Dec/2020:07:22:55 +0800] "GET /xingrg/all/function/internal_message.html?_=1609024956246&CODE_STATE=getMsg HTTP/1.1" 200 27
172.17.0.185 - - [27/Dec/2020:07:23:01 +0800] "GET /xingrg/all/function/internal_message.html?_=1609024977242&CODE_STATE=getMsg HTTP/1.1" 200 27
120.253.135.82 - - [27/Dec/2020:07:23:09 +0800] "GET /xingrg/kc/pszx/mdqp_order_list.html?isBack=1 HTTP/1.1" 302 -
120.253.135.82 - - [27/Dec/2020:07:23:09 +0800] "GET /xingrg/kc/pszx/mdqp_order_list.html?state=10 HTTP/1.1" 200 13846
120.253.135.82 - - [27/Dec/2020:07:23:09 +0800] "GET /xingrg/dwr/interface/AjaxQqpsService.js HTTP/1.1" 200 16326
120.253.135.82 - - [27/Dec/2020:07:23:09 +0800] "GET /xingrg/dwr/interface/AjaxReportQueryService.js HTTP/1.1" 200 13203
120.253.135.82 - - [27/Dec/2020:07:23:09 +0800] "GET /xingrg/dwr/engine.js HTTP/1.1" 200 43631
101.228.166.101 - - [27/Dec/2020:07:23:11 +0800] "GET /xingrg/all/function/internal_message.html?_=1609025010163&CODE_STATE=getMsg HTTP/1.1" 200 27
120.253.135.82 - - [27/Dec/2020:07:23:14 +0800] "GET /xingrg/kc/pszx/mdqp_order_info.html?code=302020122600602 HTTP/1.1" 200 13350
120.253.135.82 - - [27/Dec/2020:07:23:14 +0800] "GET /xingrg/dwr/interface/AjaxComOrderService.js HTTP/1.1" 200 18264
120.253.135.82 - - [27/Dec/2020:07:23:14 +0800] "GET /xingrg/dwr/interface/AjaxQqpsService.js HTTP/1.1" 200 16326
120.253.135.82 - - [27/Dec/2020:07:23:14 +0800] "GET /xingrg/dwr/engine.js HTTP/1.1" 200 43631
120.253.135.82 - - [27/Dec/2020:07:23:14 +0800] "POST /xingrg/dwr/call/plaincall/AjaxQqpsService.loadMaterielItems.dwr HTTP/1.1" 200 11608
58.35.244.144 - - [27/Dec/2020:07:23:15 +0800] "GET /xingrg/all/function/internal_message.html?_=1609024990858&CODE_STATE=getMsg HTTP/1.1" 200 27
120.253.135.82 - - [27/Dec/2020:07:23:30 +0800] "GET /xingrg/images/yd/bt.gif HTTP/1.1" 404 1040
120.253.135.82 - - [27/Dec/2020:07:23:31 +0800] "GET /xingrg/kc/pszx/mdqp_order_list.html?isBack=1 HTTP/1.1" 302 -
120.253.135.82 - - [27/Dec/2020:07:23:31 +0800] "GET /xingrg/kc/pszx/mdqp_order_list.html?state=10 HTTP/1.1" 200 13846
120.253.135.82 - - [27/Dec/2020:07:23:31 +0800] "GET /xingrg/dwr/engine.js HTTP/1.1" 200 43631
120.253.135.82 - - [27/Dec/2020:07:23:32 +0800] "GET /xingrg/dwr/interface/AjaxQqpsService.js HTTP/1.1" 200 16326
120.253.135.82 - - [27/Dec/2020:07:23:32 +0800] "GET /xingrg/dwr/interface/AjaxReportQueryService.js HTTP/1.1" 200 13203
180.156.237.57 - - [27/Dec/2020:07:23:33 +0800] "GET /xingrg/check_reg.html?_=1609024994569 HTTP/1.1" 200 22
101.228.166.101 - - [27/Dec/2020:07:23:33 +0800] "GET /xingrg/all/function/internal_message.html?_=1609025030036&CODE_STATE=getMsg HTTP/1.1" 302 -
120.253.135.82 - - [27/Dec/2020:07:23:38 +0800] "GET /xingrg/kc/pszx/jzcl_ps.html HTTP/1.1" 200 7683
120.253.135.82 - - [27/Dec/2020:07:23:39 +0800] "POST /xingrg/all/common/load_tree.html?tree=area_rest_tree_json HTTP/1.1" 200 3350
120.253.135.82 - - [27/Dec/2020:07:23:39 +0800] "POST /xingrg/kc/pszx/jzcl_ps_operate.html HTTP/1.1" 200 3776
120.253.135.82 - - [27/Dec/2020:07:23:39 +0800] "POST /xingrg/kc/pszx/jzcl_ps_operate.html HTTP/1.1" 200 3776
120.253.135.82 - - [27/Dec/2020:07:23:45 +0800] "GET /xingrg/all/function/internal_message.html?_=1609024777246&CODE_STATE=getMsg HTTP/1.1" 200 27
180.156.237.57 - - [27/Dec/2020:07:23:47 +0800] "GET /xingrg/check_reg.html?_=1609025008079 HTTP/1.1" 200 22
172.17.0.123 - - [27/Dec/2020:07:23:48 +0800] "GET /xingrg/check_reg.html?_=1609024934773 HTTP/1.1" 200 22
172.17.0.123 - - [27/Dec/2020:07:23:48 +0800] "GET /xingrg/all/function/internal_message.html?_=1609024934774&CODE_STATE=getMsg HTTP/1.1" 200 27
180.156.237.57 - - [27/Dec/2020:07:23:49 +0800] "GET /xingrg/all/function/internal_message.html?_=1609025010450&CODE_STATE=getMsg HTTP/1.1" 200 27
120.253.135.82 - - [27/Dec/2020:07:23:52 +0800] "POST /xingrg/kc/pszx/jzcl_ps_operate.html HTTP/1.1" 200 4
120.253.135.82 - - [27/Dec/2020:07:23:53 +0800] "POST /xingrg/kc/pszx/jzcl_ps_operate.html HTTP/1.1" 200 824
120.253.135.82 - - [27/Dec/2020:07:23:53 +0800] "GET /xingrg/kc/pszx/mdps_order_list.html HTTP/1.1" 200 21159
120.253.135.82 - - [27/Dec/2020:07:23:54 +0800] "POST /xingrg/kc/pszx/mdps_list_operate.html HTTP/1.1" 200 5519
180.156.237.57 - - [27/Dec/2020:07:23:55 +0800] "GET /xingrg/all/function/internal_message.html?_=1609025016254&CODE_STATE=getMsg HTTP/1.1" 200 27
172.17.0.185 - - [27/Dec/2020:07:24:01 +0800] "GET /xingrg/all/function/internal_message.html?_=1609025037247&CODE_STATE=getMsg HTTP/1.1" 200 27
120.253.135.82 - - [27/Dec/2020:07:24:06 +0800] "POST /xingrg/kc/pszx/mdps_list_operate.html HTTP/1.1" 200 4296
101.228.166.101 - - [27/Dec/2020:07:24:11 +0800] "GET /xingrg/all/function/internal_message.html?_=1609025070345&CODE_STATE=getMsg HTTP/1.1" 200 27
120.253.135.82 - - [27/Dec/2020:07:24:15 +0800] "POST /xingrg/kc/pszx/mdps_list_operate.html HTTP/1.1" 200 205
58.35.244.144 - - [27/Dec/2020:07:24:15 +0800] "GET /xingrg/all/function/internal_message.html?_=1609025050886&CODE_STATE=getMsg HTTP/1.1" 200 27
101.228.166.101 - - [27/Dec/2020:07:24:15 +0800] "GET /xingrg/check_reg.html?_=1609025074956 HTTP/1.1" 200 22
120.253.135.82 - - [27/Dec/2020:07:24:16 +0800] "GET /xingrg/kc/pszx/mdps_order_info.html?code=312020122600722 HTTP/1.1" 200 23887
120.253.135.82 - - [27/Dec/2020:07:24:16 +0800] "GET /xingrg/javascript/easyui/themes/default/validatebox.css HTTP/1.1" 404 1104
120.253.135.82 - - [27/Dec/2020:07:24:16 +0800] "POST /xingrg/kc/pszx/mdps_order_operate.html HTTP/1.1" 200 2289
120.253.135.82 - - [27/Dec/2020:07:24:20 +0800] "POST /xingrg/kc/pszx/mdps_list_operate.html HTTP/1.1" 200 579
120.253.135.82 - - [27/Dec/2020:07:24:20 +0800] "GET /xingrg/kc/pszx/mdps_order_info.html?code=312020122700743 HTTP/1.1" 200 23887
120.253.135.82 - - [27/Dec/2020:07:24:21 +0800] "GET /xingrg/javascript/easyui/themes/default/validatebox.css HTTP/1.1" 404 1104
120.253.135.82 - - [27/Dec/2020:07:24:21 +0800] "POST /xingrg/kc/pszx/mdps_order_operate.html HTTP/1.1" 200 5687
120.253.135.82 - - [27/Dec/2020:07:24:27 +0800] "POST /xingrg/all/common/load_combo.html?type=base HTTP/1.1" 200 984
120.253.135.82 - - [27/Dec/2020:07:24:31 +0800] "POST /xingrg/kc/pszx/mdps_order_operate.html HTTP/1.1" 200 37
120.253.135.82 - - [27/Dec/2020:07:24:32 +0800] "GET /xingrg/kc/pszx/mdps_order_info.html?code=312020122700743 HTTP/1.1" 200 23887
120.253.135.82 - - [27/Dec/2020:07:24:33 +0800] "POST /xingrg/kc/pszx/mdps_order_operate.html HTTP/1.1" 200 5752
120.253.135.82 - - [27/Dec/2020:07:24:33 +0800] "GET /xingrg/javascript/easyui/themes/default/validatebox.css HTTP/1.1" 404 1104
101.228.166.101 - - [27/Dec/2020:07:24:33 +0800] "GET /xingrg/all/function/internal_message.html?_=1609025090051&CODE_STATE=getMsg HTTP/1.1" 302 -
120.253.135.82 - - [27/Dec/2020:07:24:35 +0800] "GET /xingrg/check_reg.html?_=1609024827135 HTTP/1.1" 200 22
120.253.135.82 - - [27/Dec/2020:07:24:45 +0800] "GET /xingrg/all/function/internal_message.html?_=1609024837261&CODE_STATE=getMsg HTTP/1.1" 200 27
120.253.135.82 - - [27/Dec/2020:07:24:46 +0800] "GET /xingrg/kc/pszx/mdps_order_operate.html?command=get_materiel&pszx_code=00101&rest_code=00149&base_code=0010250&code=00102002390 HTTP/1.1" 200 436
172.17.0.123 - - [27/Dec/2020:07:24:48 +0800] "GET /xingrg/all/function/internal_message.html?_=1609024994775&CODE_STATE=getMsg HTTP/1.1" 200 27
180.156.237.57 - - [27/Dec/2020:07:24:49 +0800] "GET /xingrg/all/function/internal_message.html?_=1609025070464&CODE_STATE=getMsg HTTP/1.1" 200 27
180.156.237.57 - - [27/Dec/2020:07:24:55 +0800] "GET /xingrg/all/function/internal_message.html?_=1609025076268&CODE_STATE=getMsg HTTP/1.1" 200 27
172.17.0.185 - - [27/Dec/2020:07:25:01 +0800] "GET /xingrg/check_reg.html?_=1609025097236 HTTP/1.1" 200 22
172.17.0.185 - - [27/Dec/2020:07:25:01 +0800] "GET /xingrg/all/function/internal_message.html?_=1609025097239&CODE_STATE=getMsg HTTP/1.1" 200 27
101.228.166.101 - - [27/Dec/2020:07:25:11 +0800] "GET /xingrg/all/function/internal_message.html?_=1609025130347&CODE_STATE=getMsg HTTP/1.1" 200 27
58.35.244.144 - - [27/Dec/2020:07:25:15 +0800] "GET /xingrg/all/function/internal_message.html?_=1609025110900&CODE_STATE=getMsg HTTP/1.1" 200 27
101.228.166.101 - - [27/Dec/2020:07:25:34 +0800] "GET /xingrg/all/function/internal_message.html?_=1609025150302&CODE_STATE=getMsg HTTP/1.1" 302 -
120.253.135.82 - - [27/Dec/2020:07:25:41 +0800] "GET /xingrg/kc/pszx/mdps_order_operate.html?command=get_materiel&pszx_code=00101&rest_code=00149&base_code=0010250&code=00102002189 HTTP/1.1" 200 434
120.253.135.82 - - [27/Dec/2020:07:25:45 +0800] "GET /xingrg/all/function/internal_message.html?_=1609024897273&CODE_STATE=getMsg HTTP/1.1" 200 27
172.17.0.123 - - [27/Dec/2020:07:25:48 +0800] "GET /xingrg/all/function/internal_message.html?_=1609025054776&CODE_STATE=getMsg HTTP/1.1" 200 27
180.156.237.57 - - [27/Dec/2020:07:25:49 +0800] "GET /xingrg/all/function/internal_message.html?_=1609025130484&CODE_STATE=getMsg HTTP/1.1" 200 27
180.156.237.57 - - [27/Dec/2020:07:25:55 +0800] "GET /xingrg/all/function/internal_message.html?_=1609025136287&CODE_STATE=getMsg HTTP/1.1" 200 27
172.17.0.185 - - [27/Dec/2020:07:26:01 +0800] "GET /xingrg/all/function/internal_message.html?_=1609025157241&CODE_STATE=getMsg HTTP/1.1" 200 27
101.228.166.101 - - [27/Dec/2020:07:26:11 +0800] "GET /xingrg/all/function/internal_message.html?_=1609025190360&CODE_STATE=getMsg HTTP/1.1" 200 27
120.253.135.82 - - [27/Dec/2020:07:26:14 +0800] "GET /xingrg/kc/pszx/mdps_order_operate.html?command=get_materiel&pszx_code=00101&rest_code=00149&base_code=0010250&code=00102002726 HTTP/1.1" 200 430
58.35.244.144 - - [27/Dec/2020:07:26:15 +0800] "GET /xingrg/all/function/internal_message.html?_=1609025170929&CODE_STATE=getMsg HTTP/1.1" 200 27
101.228.166.101 - - [27/Dec/2020:07:26:34 +0800] "GET /xingrg/all/function/internal_message.html?_=1609025210312&CODE_STATE=getMsg HTTP/1.1" 302 -
120.253.135.82 - - [27/Dec/2020:07:26:36 +0800] "POST /xingrg/kc/pszx/mdps_order_operate.html HTTP/1.1" 200 37
120.253.135.82 - - [27/Dec/2020:07:26:37 +0800] "GET /xingrg/kc/pszx/mdps_order_info.html?code=312020122700743 HTTP/1.1" 200 23887
120.253.135.82 - - [27/Dec/2020:07:26:38 +0800] "POST /xingrg/kc/pszx/mdps_order_operate.html HTTP/1.1" 200 5744
120.253.135.82 - - [27/Dec/2020:07:26:39 +0800] "GET /xingrg/javascript/easyui/themes/default/validatebox.css HTTP/1.1" 404 1104
58.35.244.144 - - [27/Dec/2020:07:26:40 +0800] "GET /xingrg/check_reg.html?_=1609025195453 HTTP/1.1" 200 22
120.253.135.82 - - [27/Dec/2020:07:26:42 +0800] "POST /xingrg/kc/pszx/mdps_list_operate.html HTTP/1.1" 200 4296
101.228.166.101 - - [27/Dec/2020:07:26:44 +0800] "GET /xingrg/check_reg.html?_=1609025220221 HTTP/1.1" 302 -
120.253.135.82 - - [27/Dec/2020:07:26:44 +0800] "POST /xingrg/kc/pszx/mdps_list_operate.html HTTP/1.1" 200 625
120.253.135.82 - - [27/Dec/2020:07:26:45 +0800] "GET /xingrg/all/function/internal_message.html?_=1609024957288&CODE_STATE=getMsg HTTP/1.1" 200 27
120.253.135.82 - - [27/Dec/2020:07:26:45 +0800] "GET /xingrg/kc/pszx/mdps_order_info.html?code=312020122700744 HTTP/1.1" 200 23887
120.253.135.82 - - [27/Dec/2020:07:26:46 +0800] "GET /xingrg/javascript/easyui/themes/default/validatebox.css HTTP/1.1" 404 1104
120.253.135.82 - - [27/Dec/2020:07:26:46 +0800] "POST /xingrg/kc/pszx/mdps_order_operate.html HTTP/1.1" 200 20019
172.17.0.123 - - [27/Dec/2020:07:26:48 +0800] "GET /xingrg/all/function/internal_message.html?_=1609025114778&CODE_STATE=getMsg HTTP/1.1" 200 27
120.253.135.82 - - [27/Dec/2020:07:26:49 +0800] "POST /xingrg/kc/pszx/mdps_order_operate.html HTTP/1.1" 200 37
180.156.237.57 - - [27/Dec/2020:07:26:49 +0800] "GET /xingrg/all/function/internal_message.html?_=1609025190491&CODE_STATE=getMsg HTTP/1.1" 200 27
120.253.135.82 - - [27/Dec/2020:07:26:49 +0800] "GET /xingrg/kc/pszx/mdps_order_info.html?code=312020122700744 HTTP/1.1" 200 23887
120.253.135.82 - - [27/Dec/2020:07:26:50 +0800] "GET /xingrg/javascript/easyui/themes/default/validatebox.css HTTP/1.1" 404 1104
120.253.135.82 - - [27/Dec/2020:07:26:50 +0800] "POST /xingrg/kc/pszx/mdps_order_operate.html HTTP/1.1" 200 20309
180.156.237.57 - - [27/Dec/2020:07:26:55 +0800] "GET /xingrg/all/function/internal_message.html?_=1609025196295&CODE_STATE=getMsg HTTP/1.1" 200 27
172.17.0.185 - - [27/Dec/2020:07:27:01 +0800] "GET /xingrg/all/function/internal_message.html?_=1609025217245&CODE_STATE=getMsg HTTP/1.1" 200 27
101.228.166.101 - - [27/Dec/2020:07:27:11 +0800] "GET /xingrg/all/function/internal_message.html?_=1609025250556&CODE_STATE=getMsg HTTP/1.1" 200 27
58.35.244.144 - - [27/Dec/2020:07:27:15 +0800] "GET /xingrg/all/function/internal_message.html?_=1609025230944&CODE_STATE=getMsg HTTP/1.1" 200 27
101.228.166.101 - - [27/Dec/2020:07:27:34 +0800] "GET /xingrg/all/function/internal_message.html?_=1609025270536&CODE_STATE=getMsg HTTP/1.1" 302 -
101.228.166.101 - - [27/Dec/2020:07:27:43 +0800] "POST /xingrg/services/DataTransmitService HTTP/1.1" 200 524
120.253.135.82 - - [27/Dec/2020:07:27:45 +0800] "GET /xingrg/all/function/internal_message.html?_=1609025017301&CODE_STATE=getMsg HTTP/1.1" 200 27
120.253.135.82 - - [27/Dec/2020:07:27:47 +0800] "POST /xingrg/all/common/load_select.html HTTP/1.1" 200 25
172.17.0.123 - - [27/Dec/2020:07:27:48 +0800] "GET /xingrg/all/function/internal_message.html?_=1609025174779&CODE_STATE=getMsg HTTP/1.1" 200 27
180.156.237.57 - - [27/Dec/2020:07:27:49 +0800] "GET /xingrg/all/function/internal_message.html?_=1609025250511&CODE_STATE=getMsg HTTP/1.1" 200 27
120.253.135.82 - - [27/Dec/2020:07:27:50 +0800] "GET /xingrg/kc/pszx/mdps_order_operate.html?command=get_materiel_price&pszx_code=00101&rest_code=00149&base_code=0010246&code=00101019198&unit_code=00100156&order_time=2020-12-28 HTTP/1.1" 200 35
180.156.237.57 - - [27/Dec/2020:07:27:55 +0800] "GET /xingrg/all/function/internal_message.html?_=1609025256315&CODE_STATE=getMsg HTTP/1.1" 200 27
172.17.0.185 - - [27/Dec/2020:07:28:01 +0800] "GET /xingrg/all/function/internal_message.html?_=1609025277233&CODE_STATE=getMsg HTTP/1.1" 200 27
120.253.135.82 - - [27/Dec/2020:07:28:10 +0800] "POST /xingrg/kc/pszx/mdps_order_operate.html HTTP/1.1" 200 37
120.253.135.82 - - [27/Dec/2020:07:28:10 +0800] "GET /xingrg/kc/pszx/mdps_order_info.html?code=312020122700744 HTTP/1.1" 200 23887
101.228.166.101 - - [27/Dec/2020:07:28:11 +0800] "GET /xingrg/all/function/internal_message.html?_=1609025310564&CODE_STATE=getMsg HTTP/1.1" 200 27
120.253.135.82 - - [27/Dec/2020:07:28:11 +0800] "POST /xingrg/kc/pszx/mdps_order_operate.html HTTP/1.1" 200 20311
120.253.135.82 - - [27/Dec/2020:07:28:12 +0800] "GET /xingrg/javascript/easyui/themes/default/validatebox.css HTTP/1.1" 404 1104
58.35.244.144 - - [27/Dec/2020:07:28:15 +0800] "GET /xingrg/all/function/internal_message.html?_=1609025290957&CODE_STATE=getMsg HTTP/1.1" 200 27
120.253.135.82 - - [27/Dec/2020:07:28:20 +0800] "POST /xingrg/all/common/load_select.html HTTP/1.1" 200 25
120.253.135.82 - - [27/Dec/2020:07:28:22 +0800] "GET /xingrg/kc/pszx/mdps_order_operate.html?command=get_materiel_price&pszx_code=00101&rest_code=00149&base_code=0010246&code=00101027001&unit_code=00100157&order_time=2020-12-28 HTTP/1.1" 200 35
101.228.166.101 - - [27/Dec/2020:07:28:30 +0800] "GET /xingrg/css/site.css HTTP/1.1" 304 -
101.228.166.101 - - [27/Dec/2020:07:28:30 +0800] "GET /xingrg/css/base.css HTTP/1.1" 304 -
101.228.166.101 - - [27/Dec/2020:07:28:30 +0800] "GET /xingrg/javascript/easyui/themes/default/easyui.css HTTP/1.1" 304 -
101.228.166.101 - - [27/Dec/2020:07:28:30 +0800] "GET /xingrg/javascript/jquery_tools/datebox.css HTTP/1.1" 304 -
101.228.166.101 - - [27/Dec/2020:07:28:30 +0800] "GET /xingrg/javascript/easyui/themes/icon.css HTTP/1.1" 304 -
101.228.166.101 - - [27/Dec/2020:07:28:30 +0800] "GET /xingrg/javascript/auto/jquery.autocomplete.css HTTP/1.1" 304 -
101.228.166.101 - - [27/Dec/2020:07:28:30 +0800] "GET /xingrg/javascript/jquery_tools/fix.css HTTP/1.1" 304 -
101.228.166.101 - - [27/Dec/2020:07:28:30 +0800] "GET /xingrg/javascript/jquery_tools/table.css HTTP/1.1" 304 -
101.228.166.101 - - [27/Dec/2020:07:28:30 +0800] "GET /xingrg/javascript/jquery_tools/jquery.tools.min.js HTTP/1.1" 304 -
101.228.166.101 - - [27/Dec/2020:07:28:30 +0800] "GET /xingrg/javascript/jquery_tools/jquery.tools.extend.js HTTP/1.1" 304 -
101.228.166.101 - - [27/Dec/2020:07:28:30 +0800] "GET /xingrg/javascript/jquery_tools/jquery.tools.hotkey.js HTTP/1.1" 304 -
101.228.166.101 - - [27/Dec/2020:07:28:30 +0800] "GET /xingrg/javascript/jquery_tools/jquery.tools.table.js HTTP/1.1" 304 -
101.228.166.101 - - [27/Dec/2020:07:28:30 +0800] "GET /xingrg/javascript/jquery.utils.js HTTP/1.1" 304 -
101.228.166.101 - - [27/Dec/2020:07:28:30 +0800] "GET /xingrg/javascript/jquery.cookie.js HTTP/1.1" 304 -
101.228.166.101 - - [27/Dec/2020:07:28:30 +0800] "GET /xingrg/javascript/print/LodopFuncs.js HTTP/1.1" 304 -
101.228.166.101 - - [27/Dec/2020:07:28:30 +0800] "GET /xingrg/javascript/jquery_tools/list_manager.js HTTP/1.1" 304 -
101.228.166.101 - - [27/Dec/2020:07:28:30 +0800] "GET /xingrg/javascript/auto/jquery.autocomplete.js HTTP/1.1" 304 -
101.228.166.101 - - [27/Dec/2020:07:28:30 +0800] "GET /xingrg/kc/buy/cgsh_order_list.html HTTP/1.1" 200 45480
101.228.166.101 - - [27/Dec/2020:07:28:30 +0800] "GET /xingrg/javascript/easyui/easyloader.js HTTP/1.1" 304 -
101.228.166.101 - - [27/Dec/2020:07:28:31 +0800] "GET /xingrg/javascript/easyui/plugins/jquery.parser.js HTTP/1.1" 304 -
101.228.166.101 - - [27/Dec/2020:07:28:32 +0800] "POST /xingrg/kc/buy/cgsh_list_operate.html HTTP/1.1" 200 5191
180.156.237.57 - - [27/Dec/2020:07:28:33 +0800] "GET /xingrg/check_reg.html?_=1609025294577 HTTP/1.1" 200 22
101.228.166.101 - - [27/Dec/2020:07:28:34 +0800] "GET /xingrg/all/function/internal_message.html?_=1609025330542&CODE_STATE=getMsg HTTP/1.1" 302 -
120.253.135.82 - - [27/Dec/2020:07:28:45 +0800] "GET /xingrg/all/function/internal_message.html?_=1609025077315&CODE_STATE=getMsg HTTP/1.1" 200 27
180.156.237.57 - - [27/Dec/2020:07:28:47 +0800] "GET /xingrg/check_reg.html?_=1609025308084 HTTP/1.1" 200 22
172.17.0.123 - - [27/Dec/2020:07:28:48 +0800] "GET /xingrg/check_reg.html?_=1609025234781 HTTP/1.1" 200 22
172.17.0.123 - - [27/Dec/2020:07:28:48 +0800] "GET /xingrg/all/function/internal_message.html?_=1609025234781&CODE_STATE=getMsg HTTP/1.1" 200 27
180.156.237.57 - - [27/Dec/2020:07:28:49 +0800] "GET /xingrg/all/function/internal_message.html?_=1609025310520&CODE_STATE=getMsg HTTP/1.1" 200 27
120.253.135.82 - - [27/Dec/2020:07:28:51 +0800] "POST /xingrg/kc/pszx/mdps_order_operate.html HTTP/1.1" 200 37
120.253.135.82 - - [27/Dec/2020:07:28:52 +0800] "GET /xingrg/kc/pszx/mdps_order_info.html?code=312020122700744 HTTP/1.1" 200 23887
120.253.135.82 - - [27/Dec/2020:07:28:53 +0800] "POST /xingrg/kc/pszx/mdps_order_operate.html HTTP/1.1" 200 20308
120.253.135.82 - - [27/Dec/2020:07:28:53 +0800] "GET /xingrg/javascript/easyui/themes/default/validatebox.css HTTP/1.1" 404 1104
180.156.237.57 - - [27/Dec/2020:07:28:55 +0800] "GET /xingrg/all/function/internal_message.html?_=1609025316322&CODE_STATE=getMsg HTTP/1.1" 200 27
101.228.166.101 - - [27/Dec/2020:07:29:00 +0800] "POST /xingrg/kc/buy/cgsh_list_operate.html HTTP/1.1" 200 4
172.17.0.185 - - [27/Dec/2020:07:29:01 +0800] "GET /xingrg/all/function/internal_message.html?_=1609025337236&CODE_STATE=getMsg HTTP/1.1" 200 27
101.228.166.101 - - [27/Dec/2020:07:29:03 +0800] "POST /xingrg/kc/buy/cgsh_list_operate.html HTTP/1.1" 200 5146
101.228.166.101 - - [27/Dec/2020:07:29:11 +0800] "GET /xingrg/all/function/internal_message.html?_=1609025370572&CODE_STATE=getMsg HTTP/1.1" 200 27
58.35.244.144 - - [27/Dec/2020:07:29:15 +0800] "GET /xingrg/all/function/internal_message.html?_=1609025350986&CODE_STATE=getMsg HTTP/1.1" 200 27
101.228.166.101 - - [27/Dec/2020:07:29:15 +0800] "GET /xingrg/check_reg.html?_=1609025374957 HTTP/1.1" 200 22
101.228.166.101 - - [27/Dec/2020:07:29:24 +0800] "POST /xingrg/kc/buy/cgsh_list_operate.html HTTP/1.1" 200 4
101.228.166.101 - - [27/Dec/2020:07:29:26 +0800] "POST /xingrg/kc/buy/cgsh_list_operate.html HTTP/1.1" 200 3509
101.228.166.101 - - [27/Dec/2020:07:29:34 +0800] "GET /xingrg/all/function/internal_message.html?_=1609025390795&CODE_STATE=getMsg HTTP/1.1" 302 -
120.253.135.82 - - [27/Dec/2020:07:29:35 +0800] "GET /xingrg/check_reg.html?_=1609025127143 HTTP/1.1" 200 22
101.228.166.101 - - [27/Dec/2020:07:29:40 +0800] "POST /xingrg/kc/buy/cgsh_list_operate.html HTTP/1.1" 200 4
101.228.166.101 - - [27/Dec/2020:07:29:44 +0800] "POST /xingrg/kc/buy/cgsh_list_operate.html HTTP/1.1" 200 876
120.253.135.82 - - [27/Dec/2020:07:29:45 +0800] "GET /xingrg/all/function/internal_message.html?_=1609025137328&CODE_STATE=getMsg HTTP/1.1" 200 27
172.17.0.123 - - [27/Dec/2020:07:29:48 +0800] "GET /xingrg/all/function/internal_message.html?_=1609025294783&CODE_STATE=getMsg HTTP/1.1" 200 27
180.156.237.57 - - [27/Dec/2020:07:29:49 +0800] "GET /xingrg/all/function/internal_message.html?_=1609025370531&CODE_STATE=getMsg HTTP/1.1" 200 27
120.253.135.82 - - [27/Dec/2020:07:29:54 +0800] "POST /xingrg/kc/pszx/mdps_list_operate.html HTTP/1.1" 200 4295
180.156.237.57 - - [27/Dec/2020:07:29:55 +0800] "GET /xingrg/all/function/internal_message.html?_=1609025376335&CODE_STATE=getMsg HTTP/1.1" 200 27
120.253.135.82 - - [27/Dec/2020:07:29:56 +0800] "POST /xingrg/kc/pszx/mdps_list_operate.html HTTP/1.1" 200 625
120.253.135.82 - - [27/Dec/2020:07:29:58 +0800] "POST /xingrg/kc/pszx/mdps_list_operate.html HTTP/1.1" 200 605
120.253.135.82 - - [27/Dec/2020:07:29:59 +0800] "GET /xingrg/kc/pszx/mdps_order_info.html?code=312020122700745 HTTP/1.1" 200 23887
120.253.135.82 - - [27/Dec/2020:07:30:00 +0800] "POST /xingrg/kc/pszx/mdps_order_operate.html HTTP/1.1" 200 4722
120.253.135.82 - - [27/Dec/2020:07:30:00 +0800] "GET /xingrg/javascript/easyui/themes/default/validatebox.css HTTP/1.1" 404 1104
172.17.0.185 - - [27/Dec/2020:07:30:01 +0800] "GET /xingrg/check_reg.html?_=1609025397238 HTTP/1.1" 200 22
172.17.0.185 - - [27/Dec/2020:07:30:01 +0800] "GET /xingrg/all/function/internal_message.html?_=1609025397241&CODE_STATE=getMsg HTTP/1.1" 200 27
120.253.135.82 - - [27/Dec/2020:07:30:03 +0800] "POST /xingrg/kc/pszx/mdps_order_operate.html HTTP/1.1" 200 37
120.253.135.82 - - [27/Dec/2020:07:30:04 +0800] "GET /xingrg/kc/pszx/mdps_order_info.html?code=312020122700745 HTTP/1.1" 200 23887
120.253.135.82 - - [27/Dec/2020:07:30:05 +0800] "POST /xingrg/kc/pszx/mdps_order_operate.html HTTP/1.1" 200 4765
120.253.135.82 - - [27/Dec/2020:07:30:05 +0800] "GET /xingrg/javascript/easyui/themes/default/validatebox.css HTTP/1.1" 404 1104
101.228.166.101 - - [27/Dec/2020:07:30:11 +0800] "GET /xingrg/all/function/internal_message.html?_=1609025430587&CODE_STATE=getMsg HTTP/1.1" 200 27
58.35.244.144 - - [27/Dec/2020:07:30:15 +0800] "GET /xingrg/all/function/internal_message.html?_=1609025410999&CODE_STATE=getMsg HTTP/1.1" 200 27
120.253.135.82 - - [27/Dec/2020:07:30:17 +0800] "GET /xingrg/kc/pszx/mdps_order_operate.html?command=get_materiel&pszx_code=00101&rest_code=00149&base_code=0010246&code=00101019169 HTTP/1.1" 200 476
120.253.135.82 - - [27/Dec/2020:07:30:22 +0800] "POST /xingrg/all/common/load_select.html HTTP/1.1" 200 25
120.253.135.82 - - [27/Dec/2020:07:30:24 +0800] "GET /xingrg/kc/pszx/mdps_order_operate.html?command=get_materiel_price&pszx_code=00101&rest_code=00149&base_code=0010246&code=00101019169&unit_code=00100187&order_time=2020-12-28 HTTP/1.1" 200 34
101.228.166.101 - - [27/Dec/2020:07:30:34 +0800] "GET /xingrg/all/function/internal_message.html?_=1609025450803&CODE_STATE=getMsg HTTP/1.1" 302 -
120.253.135.82 - - [27/Dec/2020:07:30:45 +0800] "GET /xingrg/all/function/internal_message.html?_=1609025197342&CODE_STATE=getMsg HTTP/1.1" 200 27
172.17.0.123 - - [27/Dec/2020:07:30:48 +0800] "GET /xingrg/all/function/internal_message.html?_=1609025354785&CODE_STATE=getMsg HTTP/1.1" 200 27
180.156.237.57 - - [27/Dec/2020:07:30:49 +0800] "GET /xingrg/all/function/internal_message.html?_=1609025430552&CODE_STATE=getMsg HTTP/1.1" 200 27
180.156.237.57 - - [27/Dec/2020:07:30:55 +0800] "GET /xingrg/all/function/internal_message.html?_=1609025436355&CODE_STATE=getMsg HTTP/1.1" 200 27
172.17.0.185 - - [27/Dec/2020:07:31:01 +0800] "GET /xingrg/all/function/internal_message.html?_=1609025457243&CODE_STATE=getMsg HTTP/1.1" 200 27
101.228.166.101 - - [27/Dec/2020:07:31:11 +0800] "GET /xingrg/all/function/internal_message.html?_=1609025490600&CODE_STATE=getMsg HTTP/1.1" 200 27
58.35.244.144 - - [27/Dec/2020:07:31:15 +0800] "GET /xingrg/all/function/internal_message.html?_=1609025471029&CODE_STATE=getMsg HTTP/1.1" 200 27
101.228.166.101 - - [27/Dec/2020:07:31:34 +0800] "GET /xingrg/all/function/internal_message.html?_=1609025511054&CODE_STATE=getMsg HTTP/1.1" 302 -
58.35.244.144 - - [27/Dec/2020:07:31:40 +0800] "GET /xingrg/check_reg.html?_=1609025495468 HTTP/1.1" 200 22
101.228.166.101 - - [27/Dec/2020:07:31:44 +0800] "GET /xingrg/check_reg.html?_=1609025520228 HTTP/1.1" 302 -
120.253.135.82 - - [27/Dec/2020:07:31:45 +0800] "GET /xingrg/all/function/internal_message.html?_=1609025257356&CODE_STATE=getMsg HTTP/1.1" 200 27
172.17.0.123 - - [27/Dec/2020:07:31:48 +0800] "GET /xingrg/all/function/internal_message.html?_=1609025414786&CODE_STATE=getMsg HTTP/1.1" 200 27
180.156.237.57 - - [27/Dec/2020:07:31:49 +0800] "GET /xingrg/all/function/internal_message.html?_=1609025490560&CODE_STATE=getMsg HTTP/1.1" 200 27
120.253.135.82 - - [27/Dec/2020:07:31:53 +0800] "POST /xingrg/kc/pszx/mdps_order_operate.html HTTP/1.1" 200 37
120.253.135.82 - - [27/Dec/2020:07:31:54 +0800] "GET /xingrg/kc/pszx/mdps_order_info.html?code=312020122700745 HTTP/1.1" 200 23887
120.253.135.82 - - [27/Dec/2020:07:31:54 +0800] "POST /xingrg/kc/pszx/mdps_order_operate.html HTTP/1.1" 200 4788
120.253.135.82 - - [27/Dec/2020:07:31:54 +0800] "GET /xingrg/javascript/easyui/themes/default/validatebox.css HTTP/1.1" 404 1104
180.156.237.57 - - [27/Dec/2020:07:31:55 +0800] "GET /xingrg/all/function/internal_message.html?_=1609025496363&CODE_STATE=getMsg HTTP/1.1" 200 27
172.17.0.185 - - [27/Dec/2020:07:32:01 +0800] "GET /xingrg/all/function/internal_message.html?_=1609025517248&CODE_STATE=getMsg HTTP/1.1" 200 27
101.228.166.101 - - [27/Dec/2020:07:32:11 +0800] "GET /xingrg/all/function/internal_message.html?_=1609025550794&CODE_STATE=getMsg HTTP/1.1" 200 27
58.35.244.144 - - [27/Dec/2020:07:32:15 +0800] "GET /xingrg/all/function/internal_message.html?_=1609025531042&CODE_STATE=getMsg HTTP/1.1" 200 27
101.228.166.101 - - [27/Dec/2020:07:32:35 +0800] "GET /xingrg/all/function/internal_message.html?_=1609025571289&CODE_STATE=getMsg HTTP/1.1" 302 -
120.253.135.82 - - [27/Dec/2020:07:32:41 +0800] "POST /xingrg/kc/pszx/mdps_order_operate.html HTTP/1.1" 200 37
120.253.135.82 - - [27/Dec/2020:07:32:42 +0800] "GET /xingrg/kc/pszx/mdps_order_info.html?code=312020122700745 HTTP/1.1" 200 23887
120.253.135.82 - - [27/Dec/2020:07:32:43 +0800] "POST /xingrg/kc/pszx/mdps_order_operate.html HTTP/1.1" 200 4788
120.253.135.82 - - [27/Dec/2020:07:32:43 +0800] "GET /xingrg/javascript/easyui/themes/default/validatebox.css HTTP/1.1" 404 1104
120.253.135.82 - - [27/Dec/2020:07:32:45 +0800] "GET /xingrg/all/function/internal_message.html?_=1609025317369&CODE_STATE=getMsg HTTP/1.1" 200 27
120.253.135.82 - - [27/Dec/2020:07:32:45 +0800] "POST /xingrg/kc/pszx/mdps_list_operate.html HTTP/1.1" 200 4296
172.17.0.123 - - [27/Dec/2020:07:32:48 +0800] "GET /xingrg/all/function/internal_message.html?_=1609025474772&CODE_STATE=getMsg HTTP/1.1" 200 27
120.253.135.82 - - [27/Dec/2020:07:32:49 +0800] "POST /xingrg/kc/pszx/mdps_list_operate.html HTTP/1.1" 200 616
180.156.237.57 - - [27/Dec/2020:07:32:49 +0800] "GET /xingrg/all/function/internal_message.html?_=1609025550579&CODE_STATE=getMsg HTTP/1.1" 200 27
120.253.135.82 - - [27/Dec/2020:07:32:50 +0800] "POST /xingrg/kc/pszx/mdps_list_operate.html HTTP/1.1" 200 202
120.253.135.82 - - [27/Dec/2020:07:32:52 +0800] "GET /xingrg/kc/pszx/mdps_order_info.html?code=312020122700746 HTTP/1.1" 200 23887
120.253.135.82 - - [27/Dec/2020:07:32:52 +0800] "POST /xingrg/kc/pszx/mdps_order_operate.html HTTP/1.1" 200 2278
120.253.135.82 - - [27/Dec/2020:07:32:52 +0800] "GET /xingrg/javascript/easyui/themes/default/validatebox.css HTTP/1.1" 404 1104
120.253.135.82 - - [27/Dec/2020:07:32:54 +0800] "POST /xingrg/all/common/load_combo.html?type=base HTTP/1.1" 200 984
180.156.237.57 - - [27/Dec/2020:07:32:55 +0800] "GET /xingrg/all/function/internal_message.html?_=1609025556382&CODE_STATE=getMsg HTTP/1.1" 200 27
120.253.135.82 - - [27/Dec/2020:07:33:01 +0800] "POST /xingrg/kc/pszx/mdps_order_operate.html HTTP/1.1" 200 37
172.17.0.185 - - [27/Dec/2020:07:33:01 +0800] "GET /xingrg/all/function/internal_message.html?_=1609025577236&CODE_STATE=getMsg HTTP/1.1" 200 27
120.253.135.82 - - [27/Dec/2020:07:33:02 +0800] "GET /xingrg/kc/pszx/mdps_order_info.html?code=312020122700746 HTTP/1.1" 200 23885
120.253.135.82 - - [27/Dec/2020:07:33:03 +0800] "GET /xingrg/javascript/easyui/themes/default/validatebox.css HTTP/1.1" 404 1104
120.253.135.82 - - [27/Dec/2020:07:33:03 +0800] "POST /xingrg/kc/pszx/mdps_order_operate.html HTTP/1.1" 200 2287
101.228.166.101 - - [27/Dec/2020:07:33:11 +0800] "GET /xingrg/all/function/internal_message.html?_=1609025610798&CODE_STATE=getMsg HTTP/1.1" 200 27
58.35.244.144 - - [27/Dec/2020:07:33:15 +0800] "GET /xingrg/all/function/internal_message.html?_=1609025591056&CODE_STATE=getMsg HTTP/1.1" 200 27
120.253.135.82 - - [27/Dec/2020:07:33:29 +0800] "POST /xingrg/kc/pszx/mdps_order_operate.html HTTP/1.1" 200 37
120.253.135.82 - - [27/Dec/2020:07:33:30 +0800] "GET /xingrg/kc/pszx/mdps_order_info.html?code=312020122700746 HTTP/1.1" 200 23885
120.253.135.82 - - [27/Dec/2020:07:33:30 +0800] "POST /xingrg/kc/pszx/mdps_order_operate.html HTTP/1.1" 200 2287
120.253.135.82 - - [27/Dec/2020:07:33:30 +0800] "GET /xingrg/javascript/easyui/themes/default/validatebox.css HTTP/1.1" 404 1104
120.253.135.82 - - [27/Dec/2020:07:33:32 +0800] "POST /xingrg/kc/pszx/mdps_list_operate.html HTTP/1.1" 200 4293
180.156.237.57 - - [27/Dec/2020:07:33:33 +0800] "GET /xingrg/check_reg.html?_=1609025594580 HTTP/1.1" 200 22
120.253.135.82 - - [27/Dec/2020:07:33:34 +0800] "POST /xingrg/kc/pszx/mdps_list_operate.html HTTP/1.1" 200 203
120.253.135.82 - - [27/Dec/2020:07:33:35 +0800] "GET /xingrg/kc/pszx/mdps_order_info.html?code=312020122700747 HTTP/1.1" 200 23887
120.253.135.82 - - [27/Dec/2020:07:33:36 +0800] "POST /xingrg/kc/pszx/mdps_order_operate.html HTTP/1.1" 200 2274
120.253.135.82 - - [27/Dec/2020:07:33:36 +0800] "GET /xingrg/javascript/easyui/themes/default/validatebox.css HTTP/1.1" 404 1104
120.253.135.82 - - [27/Dec/2020:07:33:39 +0800] "POST /xingrg/all/common/load_combo.html?type=base HTTP/1.1" 200 984
120.253.135.82 - - [27/Dec/2020:07:33:44 +0800] "POST /xingrg/kc/pszx/mdps_order_operate.html HTTP/1.1" 200 37
120.253.135.82 - - [27/Dec/2020:07:33:44 +0800] "GET /xingrg/kc/pszx/mdps_order_info.html?code=312020122700747 HTTP/1.1" 200 23887
120.253.135.82 - - [27/Dec/2020:07:33:45 +0800] "GET /xingrg/javascript/easyui/themes/default/validatebox.css HTTP/1.1" 404 1104
120.253.135.82 - - [27/Dec/2020:07:33:45 +0800] "POST /xingrg/kc/pszx/mdps_order_operate.html HTTP/1.1" 200 2282
120.253.135.82 - - [27/Dec/2020:07:33:45 +0800] "GET /xingrg/all/function/internal_message.html?_=1609025377383&CODE_STATE=getMsg HTTP/1.1" 200 27
180.156.237.57 - - [27/Dec/2020:07:33:47 +0800] "GET /xingrg/check_reg.html?_=1609025608091 HTTP/1.1" 200 22
172.17.0.123 - - [27/Dec/2020:07:33:48 +0800] "GET /xingrg/all/function/internal_message.html?_=1609025534774&CODE_STATE=getMsg HTTP/1.1" 200 27
172.17.0.123 - - [27/Dec/2020:07:33:48 +0800] "GET /xingrg/check_reg.html?_=1609025534775 HTTP/1.1" 200 22
180.156.237.57 - - [27/Dec/2020:07:33:49 +0800] "GET /xingrg/all/function/internal_message.html?_=1609025610587&CODE_STATE=getMsg HTTP/1.1" 200 27
180.156.237.57 - - [27/Dec/2020:07:33:55 +0800] "GET /xingrg/all/function/internal_message.html?_=1609025616390&CODE_STATE=getMsg HTTP/1.1" 200 27
120.253.135.82 - - [27/Dec/2020:07:34:00 +0800] "POST /xingrg/kc/pszx/mdps_list_operate.html HTTP/1.1" 200 4293
172.17.0.185 - - [27/Dec/2020:07:34:01 +0800] "GET /xingrg/all/function/internal_message.html?_=1609025637237&CODE_STATE=getMsg HTTP/1.1" 200 27
120.253.135.82 - - [27/Dec/2020:07:34:02 +0800] "POST /xingrg/kc/pszx/mdps_list_operate.html HTTP/1.1" 200 516
120.253.135.82 - - [27/Dec/2020:07:34:04 +0800] "GET /xingrg/kc/pszx/mdps_order_info.html?code=312020122700748 HTTP/1.1" 200 23887
120.253.135.82 - - [27/Dec/2020:07:34:04 +0800] "POST /xingrg/kc/pszx/mdps_order_operate.html HTTP/1.1" 200 4222
120.253.135.82 - - [27/Dec/2020:07:34:04 +0800] "GET /xingrg/javascript/easyui/themes/default/validatebox.css HTTP/1.1" 404 1104
120.253.135.82 - - [27/Dec/2020:07:34:08 +0800] "POST /xingrg/kc/pszx/mdps_order_operate.html HTTP/1.1" 200 37
120.253.135.82 - - [27/Dec/2020:07:34:09 +0800] "GET /xingrg/kc/pszx/mdps_order_info.html?code=312020122700748 HTTP/1.1" 200 23887
120.253.135.82 - - [27/Dec/2020:07:34:10 +0800] "GET /xingrg/javascript/easyui/themes/default/validatebox.css HTTP/1.1" 404 1104
120.253.135.82 - - [27/Dec/2020:07:34:10 +0800] "POST /xingrg/kc/pszx/mdps_order_operate.html HTTP/1.1" 200 4263
101.228.166.101 - - [27/Dec/2020:07:34:11 +0800] "GET /xingrg/all/function/internal_message.html?_=1609025670973&CODE_STATE=getMsg HTTP/1.1" 200 27
101.228.166.101 - - [27/Dec/2020:07:34:15 +0800] "GET /xingrg/check_reg.html?_=1609025674962 HTTP/1.1" 200 22
58.35.244.144 - - [27/Dec/2020:07:34:15 +0800] "GET /xingrg/all/function/internal_message.html?_=1609025651084&CODE_STATE=getMsg HTTP/1.1" 200 27
120.253.135.82 - - [27/Dec/2020:07:34:30 +0800] "POST /xingrg/kc/pszx/mdps_order_operate.html HTTP/1.1" 200 37
120.253.135.82 - - [27/Dec/2020:07:34:31 +0800] "GET /xingrg/kc/pszx/mdps_order_info.html?code=312020122700748 HTTP/1.1" 200 23887
120.253.135.82 - - [27/Dec/2020:07:34:32 +0800] "POST /xingrg/kc/pszx/mdps_order_operate.html HTTP/1.1" 200 4263
120.253.135.82 - - [27/Dec/2020:07:34:32 +0800] "GET /xingrg/javascript/easyui/themes/default/validatebox.css HTTP/1.1" 404 1104
120.253.135.82 - - [27/Dec/2020:07:34:34 +0800] "POST /xingrg/kc/pszx/mdps_list_operate.html HTTP/1.1" 200 4293
120.253.135.82 - - [27/Dec/2020:07:34:35 +0800] "GET /xingrg/check_reg.html?_=1609025427253 HTTP/1.1" 200 22
120.253.135.82 - - [27/Dec/2020:07:34:36 +0800] "POST /xingrg/kc/pszx/mdps_list_operate.html HTTP/1.1" 200 593
120.253.135.82 - - [27/Dec/2020:07:34:37 +0800] "GET /xingrg/kc/pszx/mdps_order_info.html?code=312020122700749 HTTP/1.1" 200 23887
120.253.135.82 - - [27/Dec/2020:07:34:37 +0800] "GET /xingrg/javascript/easyui/themes/default/validatebox.css HTTP/1.1" 404 1104
120.253.135.82 - - [27/Dec/2020:07:34:37 +0800] "POST /xingrg/kc/pszx/mdps_order_operate.html HTTP/1.1" 200 9552
120.253.135.82 - - [27/Dec/2020:07:34:40 +0800] "POST /xingrg/kc/pszx/mdps_order_operate.html HTTP/1.1" 200 37
120.253.135.82 - - [27/Dec/2020:07:34:41 +0800] "GET /xingrg/kc/pszx/mdps_order_info.html?code=312020122700749 HTTP/1.1" 200 23887
120.253.135.82 - - [27/Dec/2020:07:34:42 +0800] "GET /xingrg/javascript/easyui/themes/default/validatebox.css HTTP/1.1" 404 1104
120.253.135.82 - - [27/Dec/2020:07:34:42 +0800] "POST /xingrg/kc/pszx/mdps_order_operate.html HTTP/1.1" 200 9673
120.253.135.82 - - [27/Dec/2020:07:34:45 +0800] "GET /xingrg/all/function/internal_message.html?_=1609025437397&CODE_STATE=getMsg HTTP/1.1" 200 27
172.17.0.123 - - [27/Dec/2020:07:34:48 +0800] "GET /xingrg/all/function/internal_message.html?_=1609025594776&CODE_STATE=getMsg HTTP/1.1" 200 27
180.156.237.57 - - [27/Dec/2020:07:34:49 +0800] "GET /xingrg/all/function/internal_message.html?_=1609025670600&CODE_STATE=getMsg HTTP/1.1" 200 27
180.156.237.57 - - [27/Dec/2020:07:34:55 +0800] "GET /xingrg/all/function/internal_message.html?_=1609025676404&CODE_STATE=getMsg HTTP/1.1" 200 27
172.17.0.185 - - [27/Dec/2020:07:35:01 +0800] "GET /xingrg/all/function/internal_message.html?_=1609025697242&CODE_STATE=getMsg HTTP/1.1" 200 27
172.17.0.185 - - [27/Dec/2020:07:35:01 +0800] "GET /xingrg/check_reg.html?_=1609025697244 HTTP/1.1" 200 22
101.228.166.101 - - [27/Dec/2020:07:35:11 +0800] "GET /xingrg/all/function/internal_message.html?_=1609025730983&CODE_STATE=getMsg HTTP/1.1" 200 27
58.35.244.144 - - [27/Dec/2020:07:35:15 +0800] "GET /xingrg/all/function/internal_message.html?_=1609025711100&CODE_STATE=getMsg HTTP/1.1" 200 27
120.253.135.82 - - [27/Dec/2020:07:35:45 +0800] "GET /xingrg/all/function/internal_message.html?_=1609025497410&CODE_STATE=getMsg HTTP/1.1" 200 27
172.17.0.123 - - [27/Dec/2020:07:35:48 +0800] "GET /xingrg/all/function/internal_message.html?_=1609025654777&CODE_STATE=getMsg HTTP/1.1" 200 27
180.156.237.57 - - [27/Dec/2020:07:35:49 +0800] "GET /xingrg/all/function/internal_message.html?_=1609025730619&CODE_STATE=getMsg HTTP/1.1" 200 27
180.156.237.57 - - [27/Dec/2020:07:35:55 +0800] "GET /xingrg/all/function/internal_message.html?_=1609025736423&CODE_STATE=getMsg HTTP/1.1" 200 27
172.17.0.185 - - [27/Dec/2020:07:36:01 +0800] "GET /xingrg/all/function/internal_message.html?_=1609025757246&CODE_STATE=getMsg HTTP/1.1" 200 27
101.228.166.101 - - [27/Dec/2020:07:36:11 +0800] "GET /xingrg/all/function/internal_message.html?_=1609025790996&CODE_STATE=getMsg HTTP/1.1" 200 27
58.35.244.144 - - [27/Dec/2020:07:36:16 +0800] "GET /xingrg/all/function/internal_message.html?_=1609025771127&CODE_STATE=getMsg HTTP/1.1" 200 27
58.35.244.144 - - [27/Dec/2020:07:36:40 +0800] "GET /xingrg/check_reg.html?_=1609025795473 HTTP/1.1" 200 22
120.253.135.82 - - [27/Dec/2020:07:36:45 +0800] "GET /xingrg/all/function/internal_message.html?_=1609025557423&CODE_STATE=getMsg HTTP/1.1" 200 27
172.17.0.123 - - [27/Dec/2020:07:36:48 +0800] "GET /xingrg/all/function/internal_message.html?_=1609025714779&CODE_STATE=getMsg HTTP/1.1" 200 27
120.253.135.82 - - [27/Dec/2020:07:36:49 +0800] "GET /xingrg/kc/pszx/mdps_order_operate.html?command=get_materiel&pszx_code=00101&rest_code=00149&base_code=0010246&code=00101013117 HTTP/1.1" 200 432
180.156.237.57 - - [27/Dec/2020:07:36:49 +0800] "GET /xingrg/all/function/internal_message.html?_=1609025790627&CODE_STATE=getMsg HTTP/1.1" 200 27
180.156.237.57 - - [27/Dec/2020:07:36:55 +0800] "GET /xingrg/all/function/internal_message.html?_=1609025796430&CODE_STATE=getMsg HTTP/1.1" 200 27
172.17.0.185 - - [27/Dec/2020:07:37:01 +0800] "GET /xingrg/all/function/internal_message.html?_=1609025817235&CODE_STATE=getMsg HTTP/1.1" 200 27
101.228.166.101 - - [27/Dec/2020:07:37:12 +0800] "GET /xingrg/all/function/internal_message.html?_=1609025851170&CODE_STATE=getMsg HTTP/1.1" 200 27
120.253.135.82 - - [27/Dec/2020:07:37:13 +0800] "POST /xingrg/kc/pszx/mdps_order_operate.html HTTP/1.1" 200 37
120.253.135.82 - - [27/Dec/2020:07:37:14 +0800] "GET /xingrg/kc/pszx/mdps_order_info.html?code=312020122700749 HTTP/1.1" 200 23887
120.253.135.82 - - [27/Dec/2020:07:37:15 +0800] "GET /xingrg/javascript/easyui/themes/default/validatebox.css HTTP/1.1" 404 1104
120.253.135.82 - - [27/Dec/2020:07:37:15 +0800] "POST /xingrg/kc/pszx/mdps_order_operate.html HTTP/1.1" 200 9672
