180.152.104.37 - - [27/Dec/2020:09:25:54 +0800] "GET /xingrg/javascript/jquery.utils.js HTTP/1.1" 304 -
180.152.104.37 - - [27/Dec/2020:09:25:55 +0800] "POST /xingrg/all/common/load_tree.html?tree=area_rest_tree_json&manage=1 HTTP/1.1" 200 342
180.152.104.37 - - [27/Dec/2020:09:25:55 +0800] "GET /xingrg/all/function/internal_message.html?_=1609032586738&CODE_STATE=count HTTP/1.1" 200 11
180.152.104.37 - - [27/Dec/2020:09:25:55 +0800] "GET /xingrg/check_reg.html?_=1609032586739 HTTP/1.1" 200 22
180.152.104.37 - - [27/Dec/2020:09:25:55 +0800] "GET /favicon.ico HTTP/1.1" 404 -
180.152.104.37 - - [27/Dec/2020:09:25:55 +0800] "POST /xingrg/load_menu.html HTTP/1.1" 200 5138
222.69.134.220 - - [27/Dec/2020:09:25:56 +0800] "GET /xingrg/check_reg.html?_=1609032352669 HTTP/1.1" 200 22
222.69.134.220 - - [27/Dec/2020:09:25:56 +0800] "GET /xingrg/all/function/internal_message.html?_=1609032352674&CODE_STATE=getMsg HTTP/1.1" 200 27
180.156.237.57 - - [27/Dec/2020:09:25:57 +0800] "GET /xingrg/all/function/internal_message.html?_=1609032337918&CODE_STATE=getMsg HTTP/1.1" 200 27
180.162.223.42 - - [27/Dec/2020:09:25:57 +0800] "GET /xingrg/all/function/internal_message.html?_=1609032353678&CODE_STATE=getMsg HTTP/1.1" 200 27
222.69.134.220 - - [27/Dec/2020:09:26:00 +0800] "POST /xingrg/services/DataTransmitService HTTP/1.1" 200 501
180.152.104.37 - - [27/Dec/2020:09:26:01 +0800] "GET /xingrg/kc/buy/cgsh_order_list.html HTTP/1.1" 200 45474
180.152.104.37 - - [27/Dec/2020:09:26:01 +0800] "GET /xingrg/css/base.css HTTP/1.1" 304 -
180.152.104.37 - - [27/Dec/2020:09:26:01 +0800] "GET /xingrg/css/site.css HTTP/1.1" 304 -
180.152.104.37 - - [27/Dec/2020:09:26:01 +0800] "GET /xingrg/javascript/jquery_tools/datebox.css HTTP/1.1" 304 -
180.152.104.37 - - [27/Dec/2020:09:26:01 +0800] "GET /xingrg/javascript/easyui/themes/default/easyui.css HTTP/1.1" 304 -
180.152.104.37 - - [27/Dec/2020:09:26:01 +0800] "GET /xingrg/javascript/easyui/themes/icon.css HTTP/1.1" 304 -
180.152.104.37 - - [27/Dec/2020:09:26:01 +0800] "GET /xingrg/javascript/auto/jquery.autocomplete.css HTTP/1.1" 304 -
180.152.104.37 - - [27/Dec/2020:09:26:01 +0800] "GET /xingrg/javascript/jquery_tools/table.css HTTP/1.1" 304 -
180.152.104.37 - - [27/Dec/2020:09:26:01 +0800] "GET /xingrg/javascript/jquery_tools/jquery.tools.extend.js HTTP/1.1" 304 -
180.152.104.37 - - [27/Dec/2020:09:26:01 +0800] "GET /xingrg/javascript/jquery_tools/fix.css HTTP/1.1" 304 -
180.152.104.37 - - [27/Dec/2020:09:26:01 +0800] "GET /xingrg/javascript/jquery_tools/jquery.tools.min.js HTTP/1.1" 304 -
180.152.104.37 - - [27/Dec/2020:09:26:01 +0800] "GET /xingrg/javascript/jquery_tools/jquery.tools.hotkey.js HTTP/1.1" 304 -
180.152.104.37 - - [27/Dec/2020:09:26:01 +0800] "GET /xingrg/javascript/jquery_tools/jquery.tools.table.js HTTP/1.1" 304 -
180.152.104.37 - - [27/Dec/2020:09:26:01 +0800] "GET /xingrg/javascript/jquery_tools/list_manager.js HTTP/1.1" 304 -
180.152.104.37 - - [27/Dec/2020:09:26:01 +0800] "GET /xingrg/javascript/auto/jquery.autocomplete.js HTTP/1.1" 304 -
180.152.104.37 - - [27/Dec/2020:09:26:01 +0800] "GET /xingrg/javascript/easyui/easyloader.js HTTP/1.1" 304 -
180.152.104.37 - - [27/Dec/2020:09:26:01 +0800] "GET /xingrg/javascript/jquery.cookie.js HTTP/1.1" 304 -
180.152.104.37 - - [27/Dec/2020:09:26:01 +0800] "GET /xingrg/javascript/print/LodopFuncs.js HTTP/1.1" 304 -
172.17.0.185 - - [27/Dec/2020:09:26:01 +0800] "GET /xingrg/all/function/internal_message.html?_=1609032357243&CODE_STATE=getMsg HTTP/1.1" 200 27
222.69.134.220 - - [27/Dec/2020:09:26:02 +0800] "POST /xingrg/services/DataTransmitService HTTP/1.1" 200 501
180.152.104.37 - - [27/Dec/2020:09:26:03 +0800] "GET /xingrg/javascript/easyui/themes/icons/edit_add_new.png HTTP/1.1" 304 -
180.152.104.37 - - [27/Dec/2020:09:26:03 +0800] "GET /xingrg/javascript/easyui/themes/icons/cance_new.png HTTP/1.1" 304 -
180.152.104.37 - - [27/Dec/2020:09:26:03 +0800] "GET /xingrg/javascript/easyui/themes/icons/check_new.png HTTP/1.1" 304 -
180.152.104.37 - - [27/Dec/2020:09:26:03 +0800] "GET /xingrg/javascript/easyui/themes/icons/field_new.png HTTP/1.1" 304 -
180.152.104.37 - - [27/Dec/2020:09:26:03 +0800] "GET /xingrg/javascript/easyui/themes/icons/import_new.png HTTP/1.1" 304 -
180.152.104.37 - - [27/Dec/2020:09:26:03 +0800] "GET /xingrg/javascript/easyui/plugins/jquery.parser.js HTTP/1.1" 304 -
180.152.104.37 - - [27/Dec/2020:09:26:03 +0800] "GET /xingrg/images/control/ajaxLoader.gif HTTP/1.1" 304 -
222.69.134.220 - - [27/Dec/2020:09:26:03 +0800] "POST /xingrg/services/DataTransmitService HTTP/1.1" 200 501
180.152.104.37 - - [27/Dec/2020:09:26:04 +0800] "POST /xingrg/kc/buy/cgsh_list_operate.html HTTP/1.1" 200 876
116.228.172.94 - - [27/Dec/2020:09:26:05 +0800] "GET /xingrg/check_reg.html?_=1609032361624 HTTP/1.1" 200 22
116.228.172.94 - - [27/Dec/2020:09:26:05 +0800] "GET /xingrg/all/function/internal_message.html?_=1609032361723&CODE_STATE=getMsg HTTP/1.1" 200 27
116.228.172.94 - - [27/Dec/2020:09:26:08 +0800] "GET /xingrg/kc/buy/cgsh_order_add.html HTTP/1.1" 200 61299
222.69.134.220 - - [27/Dec/2020:09:26:08 +0800] "POST /xingrg/services/DataTransmitService HTTP/1.1" 200 412
116.228.172.94 - - [27/Dec/2020:09:26:09 +0800] "POST /xingrg/kc/buy/cgsh_order_operate.html HTTP/1.1" 200 8245
116.228.172.94 - - [27/Dec/2020:09:26:09 +0800] "GET /xingrg/javascript/easyui/themes/default/validatebox.css HTTP/1.1" 404 1104
180.152.104.37 - - [27/Dec/2020:09:26:10 +0800] "GET /xingrg/javascript/easyui/themes/default/images/button_plain_hover.png HTTP/1.1" 304 -
116.228.172.94 - - [27/Dec/2020:09:26:10 +0800] "GET /xingrg/javascript/easyui/themes/default/tree.css HTTP/1.1" 404 1090
116.228.172.94 - - [27/Dec/2020:09:26:10 +0800] "POST /xingrg/all/common/load_tree.html?tree=supplier_tree_json&isDelete=1 HTTP/1.1" 200 53078
180.152.104.37 - - [27/Dec/2020:09:26:10 +0800] "GET /xingrg/javascript/pic_change.js HTTP/1.1" 304 -
180.152.104.37 - - [27/Dec/2020:09:26:10 +0800] "GET /xingrg/javascript/json2.js HTTP/1.1" 304 -
180.152.104.37 - - [27/Dec/2020:09:26:10 +0800] "GET /xingrg/javascript/convert.js HTTP/1.1" 304 -
180.152.104.37 - - [27/Dec/2020:09:26:10 +0800] "GET /xingrg/javascript/jquery_tools/order_manager.js HTTP/1.1" 304 -
180.152.104.37 - - [27/Dec/2020:09:26:10 +0800] "GET /xingrg/kc/buy/cgsh_order_add.html HTTP/1.1" 200 61170
180.152.104.37 - - [27/Dec/2020:09:26:10 +0800] "GET /xingrg/javascript/print/kc_print.js HTTP/1.1" 304 -
180.152.104.37 - - [27/Dec/2020:09:26:11 +0800] "GET /xingrg/words/20201226173115_words.js HTTP/1.1" 200 782383
180.152.104.37 - - [27/Dec/2020:09:26:11 +0800] "GET /xingrg/javascript/easyui/themes/icons/copy_new.png HTTP/1.1" 304 -
180.152.104.37 - - [27/Dec/2020:09:26:11 +0800] "GET /xingrg/javascript/easyui/themes/icons/template_new.png HTTP/1.1" 304 -
180.152.104.37 - - [27/Dec/2020:09:26:11 +0800] "GET /xingrg/javascript/easyui/themes/icons/ok.png HTTP/1.1" 304 -
180.152.104.37 - - [27/Dec/2020:09:26:11 +0800] "GET /xingrg/javascript/easyui/themes/icons/print.png HTTP/1.1" 304 -
180.152.104.37 - - [27/Dec/2020:09:26:11 +0800] "GET /xingrg/javascript/easyui/themes/default/images/menu_downarrow.png HTTP/1.1" 304 -
180.152.104.37 - - [27/Dec/2020:09:26:11 +0800] "GET /xingrg/javascript/easyui/themes/icons/cancel.png HTTP/1.1" 304 -
180.152.104.37 - - [27/Dec/2020:09:26:12 +0800] "POST /xingrg/kc/buy/cgsh_order_operate.html HTTP/1.1" 200 8245
180.152.104.37 - - [27/Dec/2020:09:26:12 +0800] "GET /xingrg/javascript/easyui/themes/icons/edit_remove.png HTTP/1.1" 304 -
180.152.104.37 - - [27/Dec/2020:09:26:13 +0800] "GET /xingrg/all/common/auto_word.html?type=employee&rest_code=00102 HTTP/1.1" 200 189
180.152.104.37 - - [27/Dec/2020:09:26:13 +0800] "GET /xingrg/all/common/auto_word.html?type=employee&rest_code=00102 HTTP/1.1" 200 189
180.152.104.37 - - [27/Dec/2020:09:26:13 +0800] "GET /xingrg/javascript/easyui/themes/default/validatebox.css HTTP/1.1" 404 1104
180.152.104.37 - - [27/Dec/2020:09:26:13 +0800] "GET /xingrg/javascript/easyui/plugins/jquery.validatebox.js HTTP/1.1" 304 -
180.152.104.37 - - [27/Dec/2020:09:26:13 +0800] "GET /xingrg/javascript/easyui/plugins/jquery.numberbox.js HTTP/1.1" 304 -
101.228.166.101 - - [27/Dec/2020:09:26:18 +0800] "GET /xingrg/all/function/internal_message.html?_=1609032397436&CODE_STATE=getMsg HTTP/1.1" 200 27
58.35.244.144 - - [27/Dec/2020:09:26:18 +0800] "GET /xingrg/all/function/internal_message.html?_=1609032373281&CODE_STATE=getMsg HTTP/1.1" 302 -
120.253.135.82 - - [27/Dec/2020:09:26:27 +0800] "GET /xingrg/check_reg.html?_=1609032434803 HTTP/1.1" 200 22
58.35.244.144 - - [27/Dec/2020:09:26:40 +0800] "GET /xingrg/check_reg.html?_=1609032395640 HTTP/1.1" 302 -
58.35.244.144 - - [27/Dec/2020:09:26:48 +0800] "GET /xingrg/all/function/internal_message.html?_=1609032552956&CODE_STATE=getMsg HTTP/1.1" 200 27
172.17.0.123 - - [27/Dec/2020:09:26:48 +0800] "GET /xingrg/all/function/internal_message.html?_=1609032314775&CODE_STATE=getMsg HTTP/1.1" 200 27
180.156.237.57 - - [27/Dec/2020:09:26:51 +0800] "GET /xingrg/all/function/internal_message.html?_=1609032392121&CODE_STATE=getMsg HTTP/1.1" 200 27
180.152.104.37 - - [27/Dec/2020:09:26:55 +0800] "GET /xingrg/all/function/internal_message.html?_=1609032646741&CODE_STATE=getMsg HTTP/1.1" 200 27
222.69.134.220 - - [27/Dec/2020:09:26:56 +0800] "GET /xingrg/all/function/internal_message.html?_=1609032412674&CODE_STATE=getMsg HTTP/1.1" 200 27
180.156.237.57 - - [27/Dec/2020:09:26:57 +0800] "GET /xingrg/all/function/internal_message.html?_=1609032397924&CODE_STATE=getMsg HTTP/1.1" 200 27
180.162.223.42 - - [27/Dec/2020:09:26:57 +0800] "GET /xingrg/all/function/internal_message.html?_=1609032413674&CODE_STATE=getMsg HTTP/1.1" 200 27
172.17.0.185 - - [27/Dec/2020:09:27:01 +0800] "GET /xingrg/all/function/internal_message.html?_=1609032417234&CODE_STATE=getMsg HTTP/1.1" 200 27
116.228.172.94 - - [27/Dec/2020:09:27:05 +0800] "GET /xingrg/all/function/internal_message.html?_=1609032421710&CODE_STATE=getMsg HTTP/1.1" 200 27
101.228.166.101 - - [27/Dec/2020:09:27:18 +0800] "GET /xingrg/all/function/internal_message.html?_=1609032457449&CODE_STATE=getMsg HTTP/1.1" 200 27
58.35.244.144 - - [27/Dec/2020:09:27:18 +0800] "GET /xingrg/all/function/internal_message.html?_=1609032433302&CODE_STATE=getMsg HTTP/1.1" 302 -
180.156.237.57 - - [27/Dec/2020:09:27:35 +0800] "GET /xingrg/login.html HTTP/1.1" 200 7641
180.156.237.57 - - [27/Dec/2020:09:27:35 +0800] "GET /favicon.ico HTTP/1.1" 404 -
101.228.166.101 - - [27/Dec/2020:09:27:43 +0800] "POST /xingrg/services/DataTransmitService HTTP/1.1" 200 524
58.35.244.144 - - [27/Dec/2020:09:27:47 +0800] "GET /xingrg/all/function/internal_message.html?_=1609032612944&CODE_STATE=getMsg HTTP/1.1" 200 27
172.17.0.123 - - [27/Dec/2020:09:27:48 +0800] "GET /xingrg/all/function/internal_message.html?_=1609032374777&CODE_STATE=getMsg HTTP/1.1" 200 27
180.156.237.57 - - [27/Dec/2020:09:27:51 +0800] "GET /xingrg/all/function/internal_message.html?_=1609032452142&CODE_STATE=getMsg HTTP/1.1" 200 27
180.152.104.37 - - [27/Dec/2020:09:27:55 +0800] "GET /xingrg/all/function/internal_message.html?_=1609032706755&CODE_STATE=getMsg HTTP/1.1" 200 27
222.69.134.220 - - [27/Dec/2020:09:27:56 +0800] "GET /xingrg/all/function/internal_message.html?_=1609032472675&CODE_STATE=getMsg HTTP/1.1" 200 27
180.156.237.57 - - [27/Dec/2020:09:27:57 +0800] "GET /xingrg/all/function/internal_message.html?_=1609032457945&CODE_STATE=getMsg HTTP/1.1" 200 27
180.162.223.42 - - [27/Dec/2020:09:27:57 +0800] "GET /xingrg/check_reg.html?_=1609032473667 HTTP/1.1" 200 22
180.162.223.42 - - [27/Dec/2020:09:27:57 +0800] "GET /xingrg/all/function/internal_message.html?_=1609032473670&CODE_STATE=getMsg HTTP/1.1" 200 27
172.17.0.185 - - [27/Dec/2020:09:28:01 +0800] "GET /xingrg/all/function/internal_message.html?_=1609032477243&CODE_STATE=getMsg HTTP/1.1" 200 27
116.228.172.94 - - [27/Dec/2020:09:28:05 +0800] "GET /xingrg/all/function/internal_message.html?_=1609032481676&CODE_STATE=getMsg HTTP/1.1" 200 27
180.156.237.57 - - [27/Dec/2020:09:28:06 +0800] "POST /xingrg/login.do HTTP/1.1" 302 -
180.156.237.57 - - [27/Dec/2020:09:28:06 +0800] "GET /xingrg/index.html?sysBaseUrl=http%3A%2F%2F180.169.147.146%3A18081%2Fxingrg%2F&costTime=41×tamp=1609032486678 HTTP/1.1" 200 17177
180.156.237.57 - - [27/Dec/2020:09:28:06 +0800] "GET /favicon.ico HTTP/1.1" 404 -
180.156.237.57 - - [27/Dec/2020:09:28:06 +0800] "POST /xingrg/all/common/load_tree.html?tree=area_rest_tree_json&manage=1 HTTP/1.1" 200 476
180.156.237.57 - - [27/Dec/2020:09:28:07 +0800] "GET /xingrg/all/function/internal_message.html?_=1609032490734&CODE_STATE=count HTTP/1.1" 200 11
180.156.237.57 - - [27/Dec/2020:09:28:07 +0800] "GET /xingrg/check_reg.html?_=1609032490736 HTTP/1.1" 200 22
180.156.237.57 - - [27/Dec/2020:09:28:07 +0800] "POST /xingrg/load_menu.html HTTP/1.1" 200 5138
180.152.104.37 - - [27/Dec/2020:09:28:11 +0800] "GET /xingrg/css/images/panel_loading.gif HTTP/1.1" 304 -
180.152.104.37 - - [27/Dec/2020:09:28:11 +0800] "GET /xingrg/javascript/easyui/plugins/jquery.draggable.js HTTP/1.1" 304 -
180.152.104.37 - - [27/Dec/2020:09:28:11 +0800] "GET /xingrg/javascript/easyui/plugins/jquery.droppable.js HTTP/1.1" 304 -
180.152.104.37 - - [27/Dec/2020:09:28:11 +0800] "GET /xingrg/javascript/easyui/themes/default/tree.css HTTP/1.1" 404 1090
180.152.104.37 - - [27/Dec/2020:09:28:11 +0800] "GET /xingrg/javascript/easyui/plugins/jquery.tree.js HTTP/1.1" 304 -
180.152.104.37 - - [27/Dec/2020:09:28:12 +0800] "POST /xingrg/all/common/load_tree.html?tree=supplier_tree_json&isDelete=1 HTTP/1.1" 200 53078
180.152.104.37 - - [27/Dec/2020:09:28:14 +0800] "GET /xingrg/javascript/easyui/themes/default/images/tree_arrows.gif HTTP/1.1" 304 -
180.152.104.37 - - [27/Dec/2020:09:28:14 +0800] "GET /xingrg/javascript/easyui/themes/default/images/tree_folder_open.gif HTTP/1.1" 304 -
180.152.104.37 - - [27/Dec/2020:09:28:14 +0800] "GET /xingrg/javascript/easyui/themes/default/images/tree_folder.gif HTTP/1.1" 304 -
180.152.104.37 - - [27/Dec/2020:09:28:14 +0800] "GET /xingrg/javascript/easyui/themes/default/images/tree_file.gif HTTP/1.1" 304 -
58.35.244.144 - - [27/Dec/2020:09:28:18 +0800] "GET /xingrg/all/function/internal_message.html?_=1609032493306&CODE_STATE=getMsg HTTP/1.1" 302 -
101.228.166.101 - - [27/Dec/2020:09:28:18 +0800] "GET /xingrg/all/function/internal_message.html?_=1609032517769&CODE_STATE=getMsg HTTP/1.1" 200 27
180.152.104.37 - - [27/Dec/2020:09:28:24 +0800] "GET /xingrg/javascript/auto/indicator.gif HTTP/1.1" 404 1066
180.152.104.37 - - [27/Dec/2020:09:28:27 +0800] "GET /xingrg/kc/buy/cgsh_order_operate.html?command=get_materiel&rest_code=00102&code=00101007049&supplier_code=00100002&order_time=2020-12-27 HTTP/1.1" 200 409
180.156.237.57 - - [27/Dec/2020:09:28:34 +0800] "GET /xingrg/check_reg.html?_=1609032494708 HTTP/1.1" 200 22
180.152.104.37 - - [27/Dec/2020:09:28:36 +0800] "GET /xingrg/kc/buy/cgsh_order_operate.html?command=get_materiel&rest_code=00102&code=00101007076&supplier_code=00100002&order_time=2020-12-27 HTTP/1.1" 200 408
180.156.237.57 - - [27/Dec/2020:09:28:36 +0800] "GET /xingrg/images/control/ajaxLoader.gif HTTP/1.1" 304 -
180.156.237.57 - - [27/Dec/2020:09:28:36 +0800] "POST /xingrg/all/user/operate.html HTTP/1.1" 200 36
180.156.237.57 - - [27/Dec/2020:09:28:36 +0800] "GET /xingrg/javascript/jquery_easy_ui/themes/default/easyui.css HTTP/1.1" 304 -
180.156.237.57 - - [27/Dec/2020:09:28:36 +0800] "GET /xingrg/index.html?sysBaseUrl=http%3A%2F%2F180.169.147.146%3A18081%2Fxingrg%2F&costTime=41×tamp=1609032486678 HTTP/1.1" 200 17179
180.156.237.57 - - [27/Dec/2020:09:28:36 +0800] "GET /xingrg/javascript/jquery_easy_ui/themes/icon.css HTTP/1.1" 304 -
180.156.237.57 - - [27/Dec/2020:09:28:36 +0800] "GET /xingrg/css/form.css HTTP/1.1" 304 -
180.156.237.57 - - [27/Dec/2020:09:28:36 +0800] "GET /xingrg/javascript/jquery-1.4.2.min.js HTTP/1.1" 304 -
180.156.237.57 - - [27/Dec/2020:09:28:36 +0800] "GET /xingrg/javascript/jquery_easy_ui/jquery.easyui.min.js HTTP/1.1" 304 -
180.156.237.57 - - [27/Dec/2020:09:28:37 +0800] "GET /xingrg/javascript/jquery_easy_ui/easyui-lang-zh_CN.js HTTP/1.1" 304 -
180.156.237.57 - - [27/Dec/2020:09:28:37 +0800] "GET /xingrg/javascript/jquery.form.js HTTP/1.1" 304 -
180.156.237.57 - - [27/Dec/2020:09:28:37 +0800] "GET /xingrg/javascript/jquery.utils.js HTTP/1.1" 304 -
180.156.237.57 - - [27/Dec/2020:09:28:37 +0800] "GET /xingrg/javascript/jquery.timers.js HTTP/1.1" 304 -
180.156.237.57 - - [27/Dec/2020:09:28:37 +0800] "GET /xingrg/images/blue/jxLogo.png HTTP/1.1" 304 -
180.156.237.57 - - [27/Dec/2020:09:28:37 +0800] "GET /xingrg/images/blue/navBackgound.jpg HTTP/1.1" 304 -
180.156.237.57 - - [27/Dec/2020:09:28:37 +0800] "GET /xingrg/javascript/jquery_easy_ui/themes/icons/settle_new.png HTTP/1.1" 304 -
180.156.237.57 - - [27/Dec/2020:09:28:37 +0800] "POST /xingrg/all/common/load_tree.html?tree=area_rest_tree_json&manage=1 HTTP/1.1" 200 476
180.156.237.57 - - [27/Dec/2020:09:28:37 +0800] "GET /xingrg/images/blue/pingpu.png HTTP/1.1" 304 -
180.156.237.57 - - [27/Dec/2020:09:28:37 +0800] "GET /xingrg/all/function/internal_message.html?_=1609032520852&CODE_STATE=count HTTP/1.1" 200 11
180.156.237.57 - - [27/Dec/2020:09:28:37 +0800] "GET /xingrg/check_reg.html?_=1609032520853 HTTP/1.1" 200 22
180.156.237.57 - - [27/Dec/2020:09:28:37 +0800] "GET /xingrg/javascript/jquery_easy_ui/themes/default/images/tabs_rightarrow.png HTTP/1.1" 304 -
180.156.237.57 - - [27/Dec/2020:09:28:37 +0800] "GET /xingrg/javascript/jquery_easy_ui/themes/default/images/panel_tool_collapse.gif HTTP/1.1" 304 -
180.156.237.57 - - [27/Dec/2020:09:28:37 +0800] "GET /xingrg/javascript/jquery_easy_ui/themes/default/images/tabs_leftarrow.png HTTP/1.1" 304 -
180.156.237.57 - - [27/Dec/2020:09:28:37 +0800] "POST /xingrg/load_menu.html HTTP/1.1" 200 5138
180.152.104.37 - - [27/Dec/2020:09:28:44 +0800] "GET /xingrg/kc/buy/cgsh_order_operate.html?command=get_materiel&rest_code=00102&code=00101007085&supplier_code=00100002&order_time=2020-12-27 HTTP/1.1" 200 413
180.156.237.57 - - [27/Dec/2020:09:28:47 +0800] "GET /xingrg/check_reg.html?_=1609032508219 HTTP/1.1" 200 22
58.35.244.144 - - [27/Dec/2020:09:28:47 +0800] "GET /xingrg/all/function/internal_message.html?_=1609032672945&CODE_STATE=getMsg HTTP/1.1" 200 27
58.35.244.144 - - [27/Dec/2020:09:28:48 +0800] "GET /xingrg/check_reg.html?_=1609032672980 HTTP/1.1" 200 22
172.17.0.123 - - [27/Dec/2020:09:28:48 +0800] "GET /xingrg/check_reg.html?_=1609032434779 HTTP/1.1" 200 22
172.17.0.123 - - [27/Dec/2020:09:28:48 +0800] "GET /xingrg/all/function/internal_message.html?_=1609032434779&CODE_STATE=getMsg HTTP/1.1" 200 27
180.156.237.57 - - [27/Dec/2020:09:28:51 +0800] "GET /xingrg/all/function/internal_message.html?_=1609032512149&CODE_STATE=getMsg HTTP/1.1" 200 27
180.152.104.37 - - [27/Dec/2020:09:28:55 +0800] "GET /xingrg/all/function/internal_message.html?_=1609032766767&CODE_STATE=getMsg HTTP/1.1" 200 27
222.69.134.220 - - [27/Dec/2020:09:28:56 +0800] "GET /xingrg/all/function/internal_message.html?_=1609032532675&CODE_STATE=getMsg HTTP/1.1" 200 27
180.152.104.37 - - [27/Dec/2020:09:28:56 +0800] "GET /xingrg/kc/buy/cgsh_order_operate.html?command=get_materiel&rest_code=00102&code=00101007061&supplier_code=00100002&order_time=2020-12-27 HTTP/1.1" 200 409
180.156.237.57 - - [27/Dec/2020:09:28:57 +0800] "GET /xingrg/all/function/internal_message.html?_=1609032517951&CODE_STATE=getMsg HTTP/1.1" 200 27
180.162.223.42 - - [27/Dec/2020:09:28:57 +0800] "GET /xingrg/all/function/internal_message.html?_=1609032533677&CODE_STATE=getMsg HTTP/1.1" 200 27
172.17.0.185 - - [27/Dec/2020:09:29:01 +0800] "GET /xingrg/all/function/internal_message.html?_=1609032537237&CODE_STATE=getMsg HTTP/1.1" 200 27
116.228.172.94 - - [27/Dec/2020:09:29:05 +0800] "GET /xingrg/all/function/internal_message.html?_=1609032541647&CODE_STATE=getMsg HTTP/1.1" 200 27
180.162.223.42 - - [27/Dec/2020:09:29:15 +0800] "GET /xingrg/kc/buy/cgsh_order_list.html HTTP/1.1" 200 45474
180.152.104.37 - - [27/Dec/2020:09:29:15 +0800] "GET /xingrg/kc/buy/cgsh_order_operate.html?command=get_materiel&rest_code=00102&code=00101007048&supplier_code=00100002&order_time=2020-12-27 HTTP/1.1" 200 408
180.162.223.42 - - [27/Dec/2020:09:29:16 +0800] "POST /xingrg/kc/buy/cgsh_list_operate.html HTTP/1.1" 200 2771
101.228.166.101 - - [27/Dec/2020:09:29:17 +0800] "GET /xingrg/check_reg.html?_=1609032576451 HTTP/1.1" 200 22
58.35.244.144 - - [27/Dec/2020:09:29:18 +0800] "GET /xingrg/all/function/internal_message.html?_=1609032553331&CODE_STATE=getMsg HTTP/1.1" 302 -
101.228.166.101 - - [27/Dec/2020:09:29:18 +0800] "GET /xingrg/all/function/internal_message.html?_=1609032577772&CODE_STATE=getMsg HTTP/1.1" 200 27
180.152.104.37 - - [27/Dec/2020:09:29:34 +0800] "POST /xingrg/kc/buy/cgsh_order_operate.html HTTP/1.1" 200 37
222.69.134.220 - - [27/Dec/2020:09:29:36 +0800] "POST /xingrg/services/DataTransmitService HTTP/1.1" 401 565
222.69.134.220 - - [27/Dec/2020:09:29:36 +0800] "POST /xingrg/services/DataTransmitService HTTP/1.1" 200 478
222.69.134.220 - - [27/Dec/2020:09:29:36 +0800] "POST /xingrg/services/DataTransmitService HTTP/1.1" 200 1320
222.69.134.220 - - [27/Dec/2020:09:29:36 +0800] "POST /xingrg/services/DataTransmitService HTTP/1.1" 200 478
222.69.134.220 - - [27/Dec/2020:09:29:36 +0800] "POST /xingrg/services/DataTransmitService HTTP/1.1" 200 1320
222.69.134.220 - - [27/Dec/2020:09:29:37 +0800] "POST /xingrg/services/DataTransmitService HTTP/1.1" 200 524
180.152.104.37 - - [27/Dec/2020:09:29:37 +0800] "POST /xingrg/kc/buy/cgsh_order_operate.html HTTP/1.1" 200 12
180.156.237.57 - - [27/Dec/2020:09:29:37 +0800] "GET /xingrg/all/function/internal_message.html?_=1609032580863&CODE_STATE=getMsg HTTP/1.1" 200 27
222.69.134.220 - - [27/Dec/2020:09:29:37 +0800] "POST /xingrg/services/DataTransmitService HTTP/1.1" 200 1851
222.69.134.220 - - [27/Dec/2020:09:29:37 +0800] "POST /xingrg/services/DataTransmitService HTTP/1.1" 200 45454
222.69.134.220 - - [27/Dec/2020:09:29:37 +0800] "POST /xingrg/services/DataTransmitService HTTP/1.1" 200 19237
101.228.166.101 - - [27/Dec/2020:09:29:38 +0800] "POST /xingrg/kc/buy/cgsh_order_operate.html HTTP/1.1" 200 37
180.152.104.37 - - [27/Dec/2020:09:29:38 +0800] "GET /xingrg/kc/buy/cgsh_order_info.html?code=212020122710814 HTTP/1.1" 200 56071
180.152.104.37 - - [27/Dec/2020:09:29:39 +0800] "GET /xingrg/javascript/easyui/themes/default/validatebox.css HTTP/1.1" 404 1104
180.152.104.37 - - [27/Dec/2020:09:29:39 +0800] "POST /xingrg/kc/buy/cgsh_order_operate.html HTTP/1.1" 200 2967
101.228.166.101 - - [27/Dec/2020:09:29:42 +0800] "POST /xingrg/kc/buy/cgsh_order_operate.html HTTP/1.1" 200 49978
180.152.104.37 - - [27/Dec/2020:09:29:43 +0800] "GET /xingrg/kc/print/load_config.html?kc_code=cgsh HTTP/1.1" 200 1845
180.152.104.37 - - [27/Dec/2020:09:29:43 +0800] "GET /xingrg/kc/print/load_data.html?order_code=212020122710814&kc_code=cgsh&condition= HTTP/1.1" 200 1646
172.17.0.123 - - [27/Dec/2020:09:29:46 +0800] "GET /xingrg/login.html HTTP/1.1" 200 7636
172.17.0.123 - - [27/Dec/2020:09:29:47 +0800] "GET /favicon.ico HTTP/1.1" 404 -
222.69.134.220 - - [27/Dec/2020:09:29:47 +0800] "POST /xingrg/services/DataTransmitService HTTP/1.1" 200 524
222.69.134.220 - - [27/Dec/2020:09:29:47 +0800] "POST /xingrg/services/DataTransmitService HTTP/1.1" 200 1851
58.35.244.144 - - [27/Dec/2020:09:29:47 +0800] "GET /xingrg/all/function/internal_message.html?_=1609032732943&CODE_STATE=getMsg HTTP/1.1" 200 27
180.162.223.42 - - [27/Dec/2020:09:29:51 +0800] "POST /xingrg/kc/buy/cgsh_list_operate.html HTTP/1.1" 200 584
180.156.237.57 - - [27/Dec/2020:09:29:51 +0800] "GET /xingrg/all/function/internal_message.html?_=1609032572163&CODE_STATE=getMsg HTTP/1.1" 200 27
180.162.223.42 - - [27/Dec/2020:09:29:51 +0800] "GET /xingrg/kc/buy/cgsh_order_info.html?code=212020122710806 HTTP/1.1" 200 61267
172.17.0.123 - - [27/Dec/2020:09:29:51 +0800] "POST /xingrg/login.do HTTP/1.1" 302 -
172.17.0.123 - - [27/Dec/2020:09:29:51 +0800] "GET /xingrg/index.html?sysBaseUrl=http%3A%2F%2F172.17.0.8%3A18081%2Fxingrg%2F&costTime=40×tamp=1609032591836 HTTP/1.1" 200 17448
172.17.0.123 - - [27/Dec/2020:09:29:51 +0800] "GET /favicon.ico HTTP/1.1" 404 -
180.162.223.42 - - [27/Dec/2020:09:29:51 +0800] "GET /xingrg/javascript/easyui/themes/default/validatebox.css HTTP/1.1" 404 1104
172.17.0.123 - - [27/Dec/2020:09:29:52 +0800] "POST /xingrg/all/common/load_tree.html?tree=area_rest_tree_json&manage=1 HTTP/1.1" 200 3350
172.17.0.123 - - [27/Dec/2020:09:29:52 +0800] "GET /xingrg/check_reg.html?_=1609032498673 HTTP/1.1" 200 22
172.17.0.123 - - [27/Dec/2020:09:29:52 +0800] "GET /xingrg/all/function/internal_message.html?_=1609032498673&CODE_STATE=count HTTP/1.1" 200 11
172.17.0.123 - - [27/Dec/2020:09:29:52 +0800] "POST /xingrg/load_menu.html HTTP/1.1" 200 11529
180.162.223.42 - - [27/Dec/2020:09:29:52 +0800] "POST /xingrg/kc/buy/cgsh_order_operate.html HTTP/1.1" 200 8018
172.17.0.123 - - [27/Dec/2020:09:29:53 +0800] "GET /xingrg/kc/report/report_main.html HTTP/1.1" 200 9350
172.17.0.123 - - [27/Dec/2020:09:29:53 +0800] "GET /xingrg/javascript/jquery_ui/themes/humanity/humanity.css HTTP/1.1" 200 27801
172.17.0.123 - - [27/Dec/2020:09:29:53 +0800] "GET /xingrg/javascript/json2.js HTTP/1.1" 200 11259
180.162.223.42 - - [27/Dec/2020:09:29:53 +0800] "GET /xingrg/kc/print/load_config.html?kc_code=cgsh HTTP/1.1" 200 1845
180.162.223.42 - - [27/Dec/2020:09:29:54 +0800] "GET /xingrg/kc/print/load_data.html?order_code=212020122710806&kc_code=cgsh&condition= HTTP/1.1" 200 2824
172.17.0.123 - - [27/Dec/2020:09:29:54 +0800] "GET /xingrg/kc/base/crk_hz.html HTTP/1.1" 200 11227
172.17.0.123 - - [27/Dec/2020:09:29:54 +0800] "GET /xingrg/javascript/step/step.css HTTP/1.1" 200 999
172.17.0.123 - - [27/Dec/2020:09:29:54 +0800] "GET /xingrg/css/table.css HTTP/1.1" 200 3684
172.17.0.123 - - [27/Dec/2020:09:29:54 +0800] "POST /xingrg/kc/cost/cost_operate.html?command=get_base_tree HTTP/1.1" 200 792
172.17.0.123 - - [27/Dec/2020:09:29:54 +0800] "POST /xingrg/all/common/load_tree.html?tree=materiel_sort_tree_json HTTP/1.1" 200 8666
172.17.0.123 - - [27/Dec/2020:09:29:54 +0800] "GET /xingrg/images/control/ajaxLoader.gif HTTP/1.1" 200 4659
172.17.0.123 - - [27/Dec/2020:09:29:54 +0800] "GET /xingrg/javascript/jquery_easy_ui/themes/default/images/button_a_bg.gif HTTP/1.1" 200 1194
172.17.0.123 - - [27/Dec/2020:09:29:54 +0800] "GET /xingrg/javascript/jquery_easy_ui/themes/default/images/button_span_bg.gif HTTP/1.1" 200 2061
172.17.0.123 - - [27/Dec/2020:09:29:54 +0800] "GET /xingrg/javascript/jquery_easy_ui/themes/icons/search.png HTTP/1.1" 200 813
172.17.0.123 - - [27/Dec/2020:09:29:54 +0800] "GET /xingrg/javascript/jquery_easy_ui/themes/default/images/menu_downarrow.png HTTP/1.1" 200 173
172.17.0.123 - - [27/Dec/2020:09:29:54 +0800] "GET /xingrg/javascript/jquery_easy_ui/themes/icons/print.png HTTP/1.1" 200 1057
172.17.0.123 - - [27/Dec/2020:09:29:54 +0800] "GET /xingrg/javascript/jquery_easy_ui/themes/default/images/menu.gif HTTP/1.1" 200 834
172.17.0.123 - - [27/Dec/2020:09:29:54 +0800] "GET /xingrg/javascript/jquery_easy_ui/themes/default/images/calendar_nextmonth.gif HTTP/1.1" 200 64
172.17.0.123 - - [27/Dec/2020:09:29:54 +0800] "GET /xingrg/javascript/jquery_easy_ui/themes/default/images/calendar_prevmonth.gif HTTP/1.1" 200 66
172.17.0.123 - - [27/Dec/2020:09:29:54 +0800] "GET /xingrg/javascript/jquery_easy_ui/themes/default/images/combo_arrow_dot.gif HTTP/1.1" 200 79
172.17.0.123 - - [27/Dec/2020:09:29:54 +0800] "GET /xingrg/javascript/jquery_easy_ui/themes/default/images/calendar_prevyear.gif HTTP/1.1" 200 76
172.17.0.123 - - [27/Dec/2020:09:29:54 +0800] "GET /xingrg/javascript/jquery_easy_ui/themes/default/images/calendar_nextyear.gif HTTP/1.1" 200 75
222.69.134.220 - - [27/Dec/2020:09:29:54 +0800] "POST /xingrg/services/DataTransmitService HTTP/1.1" 200 524
101.228.166.101 - - [27/Dec/2020:09:29:55 +0800] "GET /xingrg/kc/print/load_config.html?kc_code=cgsh HTTP/1.1" 200 1845
101.228.166.101 - - [27/Dec/2020:09:29:55 +0800] "GET /xingrg/kc/print/load_data.html?order_code=212020122710815&kc_code=cgsh&condition= HTTP/1.1" 200 18603
172.17.0.123 - - [27/Dec/2020:09:29:55 +0800] "GET /xingrg/all/common/get_data_part.html?part=previousMonth&_=1609032502056 HTTP/1.1" 200 41
180.152.104.37 - - [27/Dec/2020:09:29:55 +0800] "GET /xingrg/all/function/internal_message.html?_=1609032826781&CODE_STATE=getMsg HTTP/1.1" 200 27
222.69.134.220 - - [27/Dec/2020:09:29:56 +0800] "GET /xingrg/all/function/internal_message.html?_=1609032592675&CODE_STATE=getMsg HTTP/1.1" 200 27
180.156.237.57 - - [27/Dec/2020:09:29:57 +0800] "GET /xingrg/all/function/internal_message.html?_=1609032577965&CODE_STATE=getMsg HTTP/1.1" 200 27
172.17.0.123 - - [27/Dec/2020:09:29:57 +0800] "GET /xingrg/all/common/get_data_part.html?part=yesterday&_=1609032503926 HTTP/1.1" 200 41
180.162.223.42 - - [27/Dec/2020:09:29:57 +0800] "GET /xingrg/all/function/internal_message.html?_=1609032593673&CODE_STATE=getMsg HTTP/1.1" 200 27
172.17.0.123 - - [27/Dec/2020:09:29:58 +0800] "GET /xingrg/kc/report/report_main.html HTTP/1.1" 200 9350
180.162.223.42 - - [27/Dec/2020:09:29:58 +0800] "GET /xingrg/kc/buy/cgsh_order_list.html HTTP/1.1" 200 45474
172.17.0.123 - - [27/Dec/2020:09:29:59 +0800] "GET /xingrg/all/report/report_query.html?fileName=kc/buy/gys_amount_base_rest.xml HTTP/1.1" 200 51589
222.69.134.220 - - [27/Dec/2020:09:29:59 +0800] "POST /xingrg/services/DataTransmitService HTTP/1.1" 200 501
172.17.0.123 - - [27/Dec/2020:09:29:59 +0800] "GET /xingrg/javascript/multi_select/jqueryMultiSelect.css HTTP/1.1" 200 951
172.17.0.123 - - [27/Dec/2020:09:29:59 +0800] "GET /xingrg/javascript/calendar/timePicker.css HTTP/1.1" 200 523
172.17.0.123 - - [27/Dec/2020:09:29:59 +0800] "GET /xingrg/javascript/bigrid/fix.css HTTP/1.1" 200 1702
172.17.0.123 - - [27/Dec/2020:09:29:59 +0800] "GET /xingrg/dwr/interface/AjaxReportQueryService.js HTTP/1.1" 200 13203
172.17.0.123 - - [27/Dec/2020:09:29:59 +0800] "GET /xingrg/dwr/engine.js HTTP/1.1" 200 43631
180.152.104.37 - - [27/Dec/2020:09:29:59 +0800] "GET /xingrg/kc/buy/cgsh_order_add.html HTTP/1.1" 200 61170
172.17.0.123 - - [27/Dec/2020:09:29:59 +0800] "GET /xingrg/javascript/jqueryMultiSelect.js HTTP/1.1" 200 11866
172.17.0.123 - - [27/Dec/2020:09:29:59 +0800] "GET /xingrg/javascript/calendar/jquery.timePicker.min.js HTTP/1.1" 200 2997
172.17.0.123 - - [27/Dec/2020:09:29:59 +0800] "GET /xingrg/javascript/bigrid/fix.js HTTP/1.1" 200 6439
172.17.0.123 - - [27/Dec/2020:09:29:59 +0800] "GET /xingrg/images/control/loading.gif HTTP/1.1" 200 13463
172.17.0.123 - - [27/Dec/2020:09:29:59 +0800] "GET /xingrg/images/blue/button/advanceover.gif HTTP/1.1" 200 1347
172.17.0.123 - - [27/Dec/2020:09:29:59 +0800] "GET /xingrg/images/blue/button/advance2over.gif HTTP/1.1" 200 1336
172.17.0.123 - - [27/Dec/2020:09:29:59 +0800] "GET /xingrg/images/blue/button/back2over.gif HTTP/1.1" 200 1335
172.17.0.123 - - [27/Dec/2020:09:29:59 +0800] "GET /xingrg/images/blue/button/backover.gif HTTP/1.1" 200 1348
172.17.0.123 - - [27/Dec/2020:09:29:59 +0800] "GET /xingrg/javascript/jquery_easy_ui/themes/icons/help.png HTTP/1.1" 200 1187
172.17.0.123 - - [27/Dec/2020:09:29:59 +0800] "POST /xingrg/dwr/call/plaincall/AjaxReportQueryService.getFixDate.dwr HTTP/1.1" 200 111
172.17.0.123 - - [27/Dec/2020:09:29:59 +0800] "GET /xingrg/javascript/jquery_easy_ui/themes/icons/pencil.png HTTP/1.1" 200 713
172.17.0.123 - - [27/Dec/2020:09:29:59 +0800] "GET /xingrg/javascript/jquery_easy_ui/themes/default/images/menu_rightarrow.png HTTP/1.1" 200 3617
172.17.0.123 - - [27/Dec/2020:09:29:59 +0800] "POST /xingrg/all/common/load_tree.html?tree=area_rest_tree_json&manage=1 HTTP/1.1" 200 3350
172.17.0.123 - - [27/Dec/2020:09:29:59 +0800] "POST /xingrg/all/common/load_tree.html?tree=supplier_tree_json&manage=1 HTTP/1.1" 200 53811
180.162.223.42 - - [27/Dec/2020:09:29:59 +0800] "POST /xingrg/kc/buy/cgsh_list_operate.html HTTP/1.1" 200 2771
180.152.104.37 - - [27/Dec/2020:09:30:00 +0800] "POST /xingrg/kc/buy/cgsh_order_operate.html HTTP/1.1" 200 8245
180.152.104.37 - - [27/Dec/2020:09:30:00 +0800] "GET /xingrg/javascript/easyui/themes/default/validatebox.css HTTP/1.1" 404 1104
172.17.0.123 - - [27/Dec/2020:09:30:01 +0800] "POST /xingrg/dwr/call/plaincall/AjaxReportQueryService.getFixDate.dwr HTTP/1.1" 200 111
172.17.0.185 - - [27/Dec/2020:09:30:01 +0800] "GET /xingrg/all/function/internal_message.html?_=1609032597242&CODE_STATE=getMsg HTTP/1.1" 200 27
172.17.0.185 - - [27/Dec/2020:09:30:01 +0800] "GET /xingrg/check_reg.html?_=1609032597247 HTTP/1.1" 200 22
180.162.223.42 - - [27/Dec/2020:09:30:05 +0800] "POST /xingrg/kc/buy/cgsh_list_operate.html HTTP/1.1" 200 568
116.228.172.94 - - [27/Dec/2020:09:30:05 +0800] "GET /xingrg/all/function/internal_message.html?_=1609032601631&CODE_STATE=getMsg HTTP/1.1" 200 27
180.162.223.42 - - [27/Dec/2020:09:30:07 +0800] "GET /xingrg/kc/buy/cgsh_order_info.html?code=212020122710804 HTTP/1.1" 200 61267
180.162.223.42 - - [27/Dec/2020:09:30:07 +0800] "GET /xingrg/javascript/easyui/themes/default/validatebox.css HTTP/1.1" 404 1104
180.162.223.42 - - [27/Dec/2020:09:30:07 +0800] "POST /xingrg/kc/buy/cgsh_order_operate.html HTTP/1.1" 200 5603
180.152.104.37 - - [27/Dec/2020:09:30:09 +0800] "GET /xingrg/javascript/easyui/themes/default/tree.css HTTP/1.1" 404 1090
180.152.104.37 - - [27/Dec/2020:09:30:09 +0800] "POST /xingrg/all/common/load_tree.html?tree=supplier_tree_json&isDelete=1 HTTP/1.1" 200 53078
172.17.0.123 - - [27/Dec/2020:09:30:09 +0800] "GET /xingrg/javascript/jquery_easy_ui/themes/default/images/tree_checkbox_1.gif HTTP/1.1" 200 174
172.17.0.123 - - [27/Dec/2020:09:30:09 +0800] "GET /xingrg/javascript/jquery_easy_ui/themes/default/images/tree_checkbox_2.gif HTTP/1.1" 200 181
172.17.0.123 - - [27/Dec/2020:09:30:10 +0800] "POST /xingrg/dwr/call/plaincall/AjaxReportQueryService.refreshCache.dwr HTTP/1.1" 200 78
172.17.0.123 - - [27/Dec/2020:09:30:11 +0800] "POST /xingrg/all/report/load_report_page.html HTTP/1.1" 200 48270
172.17.0.123 - - [27/Dec/2020:09:30:11 +0800] "GET /xingrg/servlets/image?cache=0.18704780747613148&image=px HTTP/1.1" 200 807
180.156.237.57 - - [27/Dec/2020:09:30:15 +0800] "GET /xingrg/javascript/jquery_easy_ui/themes/default/images/tabs_close.gif HTTP/1.1" 304 -
180.156.237.57 - - [27/Dec/2020:09:30:15 +0800] "GET /xingrg/css/base.css HTTP/1.1" 304 -
180.156.237.57 - - [27/Dec/2020:09:30:15 +0800] "GET /xingrg/css/site.css HTTP/1.1" 304 -
180.156.237.57 - - [27/Dec/2020:09:30:15 +0800] "GET /xingrg/kc/buy/cgsh_order_list.html HTTP/1.1" 200 45480
180.156.237.57 - - [27/Dec/2020:09:30:15 +0800] "GET /xingrg/javascript/easyui/themes/icon.css HTTP/1.1" 304 -
180.156.237.57 - - [27/Dec/2020:09:30:15 +0800] "GET /xingrg/javascript/jquery_tools/datebox.css HTTP/1.1" 304 -
180.156.237.57 - - [27/Dec/2020:09:30:15 +0800] "GET /xingrg/javascript/easyui/themes/default/easyui.css HTTP/1.1" 304 -
180.156.237.57 - - [27/Dec/2020:09:30:15 +0800] "GET /xingrg/javascript/jquery_tools/table.css HTTP/1.1" 304 -
180.156.237.57 - - [27/Dec/2020:09:30:15 +0800] "GET /xingrg/javascript/jquery_tools/jquery.tools.min.js HTTP/1.1" 304 -
180.156.237.57 - - [27/Dec/2020:09:30:15 +0800] "GET /xingrg/javascript/jquery_tools/fix.css HTTP/1.1" 304 -
180.156.237.57 - - [27/Dec/2020:09:30:15 +0800] "GET /xingrg/javascript/jquery_tools/jquery.tools.extend.js HTTP/1.1" 304 -
180.156.237.57 - - [27/Dec/2020:09:30:15 +0800] "GET /xingrg/javascript/jquery_tools/jquery.tools.hotkey.js HTTP/1.1" 304 -
180.156.237.57 - - [27/Dec/2020:09:30:15 +0800] "GET /xingrg/javascript/jquery_tools/jquery.tools.table.js HTTP/1.1" 304 -
180.156.237.57 - - [27/Dec/2020:09:30:15 +0800] "GET /xingrg/javascript/jquery_tools/list_manager.js HTTP/1.1" 304 -
180.156.237.57 - - [27/Dec/2020:09:30:15 +0800] "GET /xingrg/javascript/easyui/easyloader.js HTTP/1.1" 304 -
180.156.237.57 - - [27/Dec/2020:09:30:15 +0800] "GET /xingrg/javascript/jquery.cookie.js HTTP/1.1" 304 -
180.156.237.57 - - [27/Dec/2020:09:30:16 +0800] "GET /xingrg/javascript/easyui/themes/icons/check_new.png HTTP/1.1" 304 -
180.156.237.57 - - [27/Dec/2020:09:30:16 +0800] "GET /xingrg/javascript/easyui/themes/icons/field_new.png HTTP/1.1" 304 -
180.156.237.57 - - [27/Dec/2020:09:30:16 +0800] "GET /xingrg/javascript/easyui/themes/icons/cance_new.png HTTP/1.1" 304 -
180.156.237.57 - - [27/Dec/2020:09:30:16 +0800] "GET /xingrg/javascript/easyui/themes/icons/edit_add_new.png HTTP/1.1" 304 -
180.156.237.57 - - [27/Dec/2020:09:30:16 +0800] "GET /xingrg/javascript/easyui/themes/icons/import_new.png HTTP/1.1" 304 -
180.156.237.57 - - [27/Dec/2020:09:30:16 +0800] "GET /xingrg/javascript/easyui/plugins/jquery.parser.js HTTP/1.1" 304 -
180.156.237.57 - - [27/Dec/2020:09:30:16 +0800] "POST /xingrg/kc/buy/cgsh_list_operate.html HTTP/1.1" 200 876
180.156.237.57 - - [27/Dec/2020:09:30:17 +0800] "GET /xingrg/kc/buy/cgsh_order_add.html HTTP/1.1" 200 61135
180.156.237.57 - - [27/Dec/2020:09:30:17 +0800] "GET /xingrg/words/20201226173115_words.js HTTP/1.1" 200 782383
180.156.237.57 - - [27/Dec/2020:09:30:18 +0800] "POST /xingrg/kc/buy/cgsh_order_operate.html HTTP/1.1" 200 8245
180.156.237.57 - - [27/Dec/2020:09:30:18 +0800] "GET /xingrg/all/common/auto_word.html?type=employee&rest_code=00150 HTTP/1.1" 200 205
180.156.237.57 - - [27/Dec/2020:09:30:18 +0800] "GET /xingrg/all/common/auto_word.html?type=employee&rest_code=00150 HTTP/1.1" 200 205
180.156.237.57 - - [27/Dec/2020:09:30:18 +0800] "GET /xingrg/javascript/easyui/themes/default/validatebox.css HTTP/1.1" 404 1104
58.35.244.144 - - [27/Dec/2020:09:30:18 +0800] "GET /xingrg/all/function/internal_message.html?_=1609032613352&CODE_STATE=getMsg HTTP/1.1" 302 -
101.228.166.101 - - [27/Dec/2020:09:30:18 +0800] "GET /xingrg/all/function/internal_message.html?_=1609032638106&CODE_STATE=getMsg HTTP/1.1" 200 27
180.156.237.57 - - [27/Dec/2020:09:30:19 +0800] "GET /xingrg/javascript/auto/indicator.gif HTTP/1.1" 404 1066
180.162.223.42 - - [27/Dec/2020:09:30:23 +0800] "POST /xingrg/kc/buy/cgsh_order_operate.html HTTP/1.1" 200 37
180.156.237.57 - - [27/Dec/2020:09:30:24 +0800] "GET /xingrg/kc/buy/cgsh_order_operate.html?command=get_materiel&rest_code=00150&code=00101011005&supplier_code=00100047&order_time=2020-12-27 HTTP/1.1" 200 428
180.162.223.42 - - [27/Dec/2020:09:30:24 +0800] "POST /xingrg/kc/buy/cgsh_order_operate.html HTTP/1.1" 200 5603
180.162.223.42 - - [27/Dec/2020:09:30:26 +0800] "GET /xingrg/kc/print/load_data.html?order_code=212020122710804&kc_code=cgsh&condition= HTTP/1.1" 200 1859
180.156.237.57 - - [27/Dec/2020:09:30:37 +0800] "POST /xingrg/kc/buy/cgsh_order_operate.html HTTP/1.1" 200 37
180.156.237.57 - - [27/Dec/2020:09:30:37 +0800] "GET /xingrg/all/function/internal_message.html?_=1609032641520&CODE_STATE=getMsg HTTP/1.1" 200 27
222.69.133.109 - - [27/Dec/2020:09:30:39 +0800] "GET /favicon.ico HTTP/1.1" 404 -
180.156.237.57 - - [27/Dec/2020:09:30:39 +0800] "POST /xingrg/kc/buy/cgsh_order_operate.html HTTP/1.1" 200 12
180.156.237.57 - - [27/Dec/2020:09:30:39 +0800] "GET /xingrg/kc/buy/cgsh_order_info.html?code=212020122710816 HTTP/1.1" 200 56038
180.156.237.57 - - [27/Dec/2020:09:30:40 +0800] "GET /xingrg/javascript/easyui/themes/default/validatebox.css HTTP/1.1" 404 1104
180.156.237.57 - - [27/Dec/2020:09:30:40 +0800] "POST /xingrg/kc/buy/cgsh_order_operate.html HTTP/1.1" 200 606
180.152.104.37 - - [27/Dec/2020:09:30:41 +0800] "GET /xingrg/kc/buy/cgsh_order_operate.html?command=get_materiel&rest_code=00102&code=00101006106&supplier_code=00100011&order_time=2020-12-27 HTTP/1.1" 200 421
180.156.237.57 - - [27/Dec/2020:09:30:41 +0800] "GET /xingrg/kc/print/load_config.html?kc_code=cgsh HTTP/1.1" 200 1845
180.156.237.57 - - [27/Dec/2020:09:30:41 +0800] "GET /xingrg/kc/print/load_data.html?order_code=212020122710816&kc_code=cgsh&condition= HTTP/1.1" 200 759
180.156.237.57 - - [27/Dec/2020:09:30:45 +0800] "GET /xingrg/kc/buy/cgsh_order_add.html HTTP/1.1" 200 61135
180.156.237.57 - - [27/Dec/2020:09:30:45 +0800] "POST /xingrg/kc/buy/cgsh_order_operate.html HTTP/1.1" 200 8245
180.156.237.57 - - [27/Dec/2020:09:30:45 +0800] "GET /xingrg/javascript/easyui/themes/default/validatebox.css HTTP/1.1" 404 1104
58.35.244.144 - - [27/Dec/2020:09:30:48 +0800] "GET /xingrg/all/function/internal_message.html?_=1609032792951&CODE_STATE=getMsg HTTP/1.1" 200 27
180.152.104.37 - - [27/Dec/2020:09:30:48 +0800] "GET /xingrg/kc/buy/cgsh_order_operate.html?command=get_materiel&rest_code=00102&code=00101006110&supplier_code=00100011&order_time=2020-12-27 HTTP/1.1" 200 408
180.156.237.57 - - [27/Dec/2020:09:30:51 +0800] "GET /xingrg/all/function/internal_message.html?_=1609032632185&CODE_STATE=getMsg HTTP/1.1" 200 27
172.17.0.123 - - [27/Dec/2020:09:30:52 +0800] "GET /xingrg/all/function/internal_message.html?_=1609032558676&CODE_STATE=getMsg HTTP/1.1" 200 27
180.152.104.37 - - [27/Dec/2020:09:30:55 +0800] "GET /xingrg/check_reg.html?_=1609032886738 HTTP/1.1" 200 22
180.152.104.37 - - [27/Dec/2020:09:30:55 +0800] "GET /xingrg/all/function/internal_message.html?_=1609032886794&CODE_STATE=getMsg HTTP/1.1" 200 27
222.69.134.220 - - [27/Dec/2020:09:30:56 +0800] "GET /xingrg/check_reg.html?_=1609032652678 HTTP/1.1" 200 22
222.69.134.220 - - [27/Dec/2020:09:30:56 +0800] "GET /xingrg/all/function/internal_message.html?_=1609032652678&CODE_STATE=getMsg HTTP/1.1" 200 27
180.156.237.57 - - [27/Dec/2020:09:30:57 +0800] "GET /xingrg/all/function/internal_message.html?_=1609032637985&CODE_STATE=getMsg HTTP/1.1" 200 27
180.162.223.42 - - [27/Dec/2020:09:30:57 +0800] "GET /xingrg/all/function/internal_message.html?_=1609032653679&CODE_STATE=getMsg HTTP/1.1" 200 27
180.156.237.57 - - [27/Dec/2020:09:31:01 +0800] "GET /xingrg/kc/buy/cgsh_order_operate.html?command=get_materiel&rest_code=00150&code=00101012039&supplier_code=00100096&order_time=2020-12-27 HTTP/1.1" 200 408
172.17.0.185 - - [27/Dec/2020:09:31:01 +0800] "GET /xingrg/all/function/internal_message.html?_=1609032657237&CODE_STATE=getMsg HTTP/1.1" 200 27
172.17.0.123 - - [27/Dec/2020:09:31:02 +0800] "POST /xingrg/all/report/report_print.html HTTP/1.1" 200 7168
116.228.172.94 - - [27/Dec/2020:09:31:05 +0800] "GET /xingrg/check_reg.html?_=1609032661610 HTTP/1.1" 200 22
116.228.172.94 - - [27/Dec/2020:09:31:05 +0800] "GET /xingrg/all/function/internal_message.html?_=1609032661611&CODE_STATE=getMsg HTTP/1.1" 200 27
180.152.104.37 - - [27/Dec/2020:09:31:07 +0800] "GET /xingrg/kc/buy/cgsh_order_operate.html?command=get_materiel&rest_code=00102&code=00101006129&supplier_code=00100011&order_time=2020-12-27 HTTP/1.1" 200 431
180.156.237.57 - - [27/Dec/2020:09:31:09 +0800] "GET /xingrg/kc/buy/cgsh_order_operate.html?command=get_materiel&rest_code=00150&code=00101012025&supplier_code=00100096&order_time=2020-12-27 HTTP/1.1" 200 412
172.17.0.123 - - [27/Dec/2020:09:31:13 +0800] "POST /xingrg/dwr/call/plaincall/AjaxReportQueryService.refreshCache.dwr HTTP/1.1" 200 78
180.156.237.57 - - [27/Dec/2020:09:31:14 +0800] "GET /xingrg/kc/buy/cgsh_order_operate.html?command=get_materiel&rest_code=00150&code=00101001010&supplier_code=00100096&order_time=2020-12-27 HTTP/1.1" 200 408
172.17.0.123 - - [27/Dec/2020:09:31:16 +0800] "POST /xingrg/all/report/load_report_page.html HTTP/1.1" 200 62399
172.17.0.123 - - [27/Dec/2020:09:31:16 +0800] "GET /xingrg/servlets/image?cache=0.02736350961156142&image=px HTTP/1.1" 200 807
180.152.104.37 - - [27/Dec/2020:09:31:16 +0800] "GET /xingrg/kc/buy/cgsh_order_operate.html?command=get_materiel&rest_code=00102&code=00101006133&supplier_code=00100011&order_time=2020-12-27 HTTP/1.1" 200 413
58.35.244.144 - - [27/Dec/2020:09:31:18 +0800] "GET /xingrg/kc/buy/cgsh_order_add.html HTTP/1.1" 200 61211
58.35.244.144 - - [27/Dec/2020:09:31:18 +0800] "GET /xingrg/all/function/internal_message.html?_=1609032673367&CODE_STATE=getMsg HTTP/1.1" 302 -
58.35.244.144 - - [27/Dec/2020:09:31:18 +0800] "POST /xingrg/kc/buy/cgsh_order_operate.html HTTP/1.1" 200 8245
101.228.166.101 - - [27/Dec/2020:09:31:18 +0800] "GET /xingrg/all/function/internal_message.html?_=1609032698111&CODE_STATE=getMsg HTTP/1.1" 200 27
58.35.244.144 - - [27/Dec/2020:09:31:18 +0800] "GET /xingrg/javascript/easyui/themes/default/validatebox.css HTTP/1.1" 404 1104
172.17.0.123 - - [27/Dec/2020:09:31:18 +0800] "POST /xingrg/all/report/report_print.html HTTP/1.1" 200 8192
180.156.237.57 - - [27/Dec/2020:09:31:26 +0800] "GET /xingrg/kc/buy/cgsh_order_operate.html?command=get_materiel&rest_code=00150&code=00101001084&supplier_code=00100096&order_time=2020-12-27 HTTP/1.1" 200 413
180.152.104.37 - - [27/Dec/2020:09:31:27 +0800] "GET /xingrg/kc/buy/cgsh_order_operate.html?command=get_materiel&rest_code=00102&code=00101006019&supplier_code=00100011&order_time=2020-12-27 HTTP/1.1" 200 417
120.253.135.82 - - [27/Dec/2020:09:31:27 +0800] "GET /xingrg/check_reg.html?_=1609032734810 HTTP/1.1" 200 22
58.35.244.144 - - [27/Dec/2020:09:31:32 +0800] "GET /xingrg/kc/buy/cgsh_order_operate.html?command=get_materiel&rest_code=00111&code=00101008261&supplier_code=00100005&order_time=2020-12-27 HTTP/1.1" 200 408
180.152.104.37 - - [27/Dec/2020:09:31:33 +0800] "GET /xingrg/kc/buy/cgsh_order_operate.html?command=get_materiel&rest_code=00102&code=00101006109&supplier_code=00100011&order_time=2020-12-27 HTTP/1.1" 200 409
180.156.237.57 - - [27/Dec/2020:09:31:37 +0800] "GET /xingrg/all/function/internal_message.html?_=1609032701506&CODE_STATE=getMsg HTTP/1.1" 200 27
58.35.244.144 - - [27/Dec/2020:09:31:40 +0800] "GET /xingrg/check_reg.html?_=1609032695651 HTTP/1.1" 302 -
180.152.104.37 - - [27/Dec/2020:09:31:40 +0800] "GET /xingrg/kc/buy/cgsh_order_operate.html?command=get_materiel&rest_code=00102&code=00101006177&supplier_code=00100011&order_time=2020-12-27 HTTP/1.1" 200 409
58.35.244.144 - - [27/Dec/2020:09:31:48 +0800] "GET /xingrg/all/function/internal_message.html?_=1609032852966&CODE_STATE=getMsg HTTP/1.1" 200 27
180.156.237.57 - - [27/Dec/2020:09:31:51 +0800] "GET /xingrg/all/function/internal_message.html?_=1609032692190&CODE_STATE=getMsg HTTP/1.1" 200 27
172.17.0.123 - - [27/Dec/2020:09:31:52 +0800] "GET /xingrg/all/function/internal_message.html?_=1609032618676&CODE_STATE=getMsg HTTP/1.1" 200 27
180.152.104.37 - - [27/Dec/2020:09:31:53 +0800] "GET /xingrg/kc/buy/cgsh_order_operate.html?command=get_materiel&rest_code=00102&code=00101006063&supplier_code=00100011&order_time=2020-12-27 HTTP/1.1" 200 413
180.152.104.37 - - [27/Dec/2020:09:31:55 +0800] "GET /xingrg/all/function/internal_message.html?_=1609032946885&CODE_STATE=getMsg HTTP/1.1" 200 27
222.69.134.220 - - [27/Dec/2020:09:31:56 +0800] "GET /xingrg/all/function/internal_message.html?_=1609032712678&CODE_STATE=getMsg HTTP/1.1" 200 27
180.156.237.57 - - [27/Dec/2020:09:31:57 +0800] "GET /xingrg/all/function/internal_message.html?_=1609032697992&CODE_STATE=getMsg HTTP/1.1" 200 27
180.162.223.42 - - [27/Dec/2020:09:31:57 +0800] "GET /xingrg/all/function/internal_message.html?_=1609032713679&CODE_STATE=getMsg HTTP/1.1" 200 27
180.162.223.42 - - [27/Dec/2020:09:32:00 +0800] "POST /xingrg/kc/buy/cgsh_list_operate.html HTTP/1.1" 200 2771
180.162.223.42 - - [27/Dec/2020:09:32:01 +0800] "GET /xingrg/kc/buy/cgsh_order_list.html HTTP/1.1" 200 45474
172.17.0.185 - - [27/Dec/2020:09:32:01 +0800] "GET /xingrg/all/function/internal_message.html?_=1609032717243&CODE_STATE=getMsg HTTP/1.1" 200 27
180.152.104.37 - - [27/Dec/2020:09:32:02 +0800] "GET /xingrg/kc/buy/cgsh_order_operate.html?command=get_materiel&rest_code=00102&code=00101006025&supplier_code=00100011&order_time=2020-12-27 HTTP/1.1" 200 417
180.162.223.42 - - [27/Dec/2020:09:32:03 +0800] "POST /xingrg/kc/buy/cgsh_list_operate.html HTTP/1.1" 200 2771
116.228.172.94 - - [27/Dec/2020:09:32:05 +0800] "GET /xingrg/all/function/internal_message.html?_=1609032721612&CODE_STATE=getMsg HTTP/1.1" 200 27
180.152.104.37 - - [27/Dec/2020:09:32:11 +0800] "GET /xingrg/kc/buy/cgsh_order_operate.html?command=get_materiel&rest_code=00102&code=00101006065&supplier_code=00100011&order_time=2020-12-27 HTTP/1.1" 200 409
58.35.244.144 - - [27/Dec/2020:09:32:18 +0800] "GET /xingrg/all/function/internal_message.html?_=1609032733390&CODE_STATE=getMsg HTTP/1.1" 302 -
180.156.237.57 - - [27/Dec/2020:09:32:18 +0800] "GET /xingrg/kc/buy/cgsh_order_operate.html?command=get_materiel&rest_code=00150&code=00101006129&supplier_code=00100096&order_time=2020-12-27 HTTP/1.1" 200 431
101.228.166.101 - - [27/Dec/2020:09:32:19 +0800] "GET /xingrg/all/function/internal_message.html?_=1609032758450&CODE_STATE=getMsg HTTP/1.1" 200 27
172.17.0.120 - - [27/Dec/2020:09:32:30 +0800] "GET /favicon.ico HTTP/1.1" 404 -
180.152.104.37 - - [27/Dec/2020:09:32:31 +0800] "GET /xingrg/kc/buy/cgsh_order_operate.html?command=get_materiel&rest_code=00102&code=00101006112&supplier_code=00100011&order_time=2020-12-27 HTTP/1.1" 200 409
180.156.237.57 - - [27/Dec/2020:09:32:37 +0800] "GET /xingrg/all/function/internal_message.html?_=1609032761480&CODE_STATE=getMsg HTTP/1.1" 200 27
180.152.104.37 - - [27/Dec/2020:09:32:40 +0800] "GET /xingrg/kc/buy/cgsh_order_operate.html?command=get_materiel&rest_code=00102&code=00101006115&supplier_code=00100011&order_time=2020-12-27 HTTP/1.1" 200 409
172.17.0.120 - - [27/Dec/2020:09:32:43 +0800] "GET /xingrg/index.html HTTP/1.1" 302 -
172.17.0.120 - - [27/Dec/2020:09:32:43 +0800] "GET /xingrg/login.html HTTP/1.1" 200 7636
172.17.0.120 - - [27/Dec/2020:09:32:43 +0800] "GET /favicon.ico HTTP/1.1" 404 -
58.35.244.144 - - [27/Dec/2020:09:32:46 +0800] "GET /xingrg/kc/buy/cgsh_order_operate.html?command=get_materiel&rest_code=00111&code=00101008044&supplier_code=00100005&order_time=2020-12-27 HTTP/1.1" 200 408
58.35.244.144 - - [27/Dec/2020:09:32:47 +0800] "GET /xingrg/all/function/internal_message.html?_=1609032912957&CODE_STATE=getMsg HTTP/1.1" 200 27
172.17.0.120 - - [27/Dec/2020:09:32:48 +0800] "POST /xingrg/login.do HTTP/1.1" 302 -
172.17.0.120 - - [27/Dec/2020:09:32:48 +0800] "GET /xingrg/index.html?sysBaseUrl=http%3A%2F%2F172.17.0.8%3A18081%2Fxingrg%2F&costTime=45×tamp=1609032768161 HTTP/1.1" 200 17448
