180.162.223.42 - - [27/Dec/2020:10:56:23 +0800] "POST /xingrg/kc/buy/cgsh_order_operate.html HTTP/1.1" 200 37
117.185.32.26 - - [27/Dec/2020:10:56:24 +0800] "POST /xingrg/kc/buy/cgsh_order_operate.html HTTP/1.1" 200 37
101.228.166.101 - - [27/Dec/2020:10:56:24 +0800] "GET /xingrg/all/function/internal_message.html?_=1609037803837&CODE_STATE=getMsg HTTP/1.1" 200 27
116.228.172.94 - - [27/Dec/2020:10:56:25 +0800] "GET /xingrg/kc/buy/cgsh_order_operate.html?command=get_materiel&rest_code=00107&code=00101001127&supplier_code=00100347&order_time=2020-12-27 HTTP/1.1" 200 431
180.162.223.42 - - [27/Dec/2020:10:56:26 +0800] "POST /xingrg/kc/buy/cgsh_order_operate.html HTTP/1.1" 200 3240
222.69.133.109 - - [27/Dec/2020:10:56:26 +0800] "GET /xingrg/all/function/internal_message.html?_=1609037782435&CODE_STATE=getMsg HTTP/1.1" 200 27
120.253.135.82 - - [27/Dec/2020:10:56:26 +0800] "POST /xingrg/kc/pszx/mdps_order_operate.html HTTP/1.1" 200 37
120.253.135.82 - - [27/Dec/2020:10:56:27 +0800] "GET /xingrg/check_reg.html?_=1609037834901 HTTP/1.1" 200 22
180.157.253.48 - - [27/Dec/2020:10:56:27 +0800] "POST /xingrg/kc/buy/cgsh_order_operate.html HTTP/1.1" 200 12
172.17.0.120 - - [27/Dec/2020:10:56:28 +0800] "GET /xingrg/all/function/internal_message.html?_=1609037784020&CODE_STATE=getMsg HTTP/1.1" 200 27
117.185.32.26 - - [27/Dec/2020:10:56:30 +0800] "POST /xingrg/kc/buy/cgsh_order_operate.html HTTP/1.1" 200 12
180.157.253.48 - - [27/Dec/2020:10:56:30 +0800] "GET /xingrg/kc/buy/cgsh_order_info.html?code=212020122710896 HTTP/1.1" 200 56122
180.157.253.48 - - [27/Dec/2020:10:56:31 +0800] "GET /xingrg/javascript/easyui/themes/default/validatebox.css HTTP/1.1" 404 1104
117.185.32.26 - - [27/Dec/2020:10:56:31 +0800] "GET /xingrg/kc/buy/cgsh_order_info.html?code=212020122710846 HTTP/1.1" 200 56122
120.253.135.82 - - [27/Dec/2020:10:56:31 +0800] "POST /xingrg/kc/pszx/mdps_order_operate.html HTTP/1.1" 200 12
180.157.253.48 - - [27/Dec/2020:10:56:31 +0800] "POST /xingrg/kc/buy/cgsh_order_operate.html HTTP/1.1" 200 610
117.185.32.26 - - [27/Dec/2020:10:56:32 +0800] "GET /xingrg/javascript/easyui/themes/default/validatebox.css HTTP/1.1" 404 1104
117.185.32.26 - - [27/Dec/2020:10:56:32 +0800] "POST /xingrg/kc/buy/cgsh_order_operate.html HTTP/1.1" 200 40762
180.152.104.37 - - [27/Dec/2020:10:56:32 +0800] "GET /xingrg/all/function/internal_message.html?_=1609038024204&CODE_STATE=getMsg HTTP/1.1" 200 27
180.157.253.48 - - [27/Dec/2020:10:56:32 +0800] "GET /xingrg/kc/print/load_data.html?order_code=212020122710896&kc_code=cgsh&condition= HTTP/1.1" 200 769
58.35.244.144 - - [27/Dec/2020:10:56:33 +0800] "GET /xingrg/all/function/internal_message.html?_=1609037938280&CODE_STATE=getMsg HTTP/1.1" 200 27
58.35.244.144 - - [27/Dec/2020:10:56:33 +0800] "GET /xingrg/check_reg.html?_=1609037938684 HTTP/1.1" 200 22
180.157.253.48 - - [27/Dec/2020:10:56:33 +0800] "GET /xingrg/all/function/internal_message.html?_=1609037791455&CODE_STATE=getMsg HTTP/1.1" 200 27
117.185.32.26 - - [27/Dec/2020:10:56:34 +0800] "GET /xingrg/kc/print/load_config.html?kc_code=cgsh HTTP/1.1" 200 1845
117.185.32.26 - - [27/Dec/2020:10:56:34 +0800] "GET /xingrg/kc/print/load_data.html?order_code=212020122710846&kc_code=cgsh&condition= HTTP/1.1" 200 15899
180.162.223.42 - - [27/Dec/2020:10:56:34 +0800] "GET /xingrg/kc/print/load_data.html?order_code=212020122710897&kc_code=cgsh&condition= HTTP/1.1" 200 886
180.157.253.48 - - [27/Dec/2020:10:56:37 +0800] "GET /xingrg/kc/buy/cgsh_order_add.html HTTP/1.1" 200 61217
180.162.223.42 - - [27/Dec/2020:10:56:37 +0800] "GET /xingrg/kc/buy/cgsh_order_add.html HTTP/1.1" 200 61258
101.85.93.83 - - [27/Dec/2020:10:56:37 +0800] "GET /xingrg/all/function/internal_message.html?_=1609037481592&CODE_STATE=getMsg HTTP/1.1" 200 27
180.162.223.42 - - [27/Dec/2020:10:56:38 +0800] "POST /xingrg/kc/buy/cgsh_order_operate.html HTTP/1.1" 200 8245
180.162.223.42 - - [27/Dec/2020:10:56:38 +0800] "GET /xingrg/javascript/easyui/themes/default/validatebox.css HTTP/1.1" 404 1104
180.157.253.48 - - [27/Dec/2020:10:56:38 +0800] "POST /xingrg/kc/buy/cgsh_order_operate.html HTTP/1.1" 200 8245
180.157.253.48 - - [27/Dec/2020:10:56:38 +0800] "GET /xingrg/javascript/easyui/themes/default/validatebox.css HTTP/1.1" 404 1104
120.253.135.82 - - [27/Dec/2020:10:56:40 +0800] "GET /xingrg/kc/pszx/mdps_order_info.html?code=312020122600704 HTTP/1.1" 200 19541
120.253.135.82 - - [27/Dec/2020:10:56:40 +0800] "GET /xingrg/javascript/easyui/themes/default/validatebox.css HTTP/1.1" 404 1104
120.253.135.82 - - [27/Dec/2020:10:56:40 +0800] "POST /xingrg/kc/pszx/mdps_order_operate.html HTTP/1.1" 200 30722
117.185.32.26 - - [27/Dec/2020:10:56:40 +0800] "GET /xingrg/all/function/internal_message.html?_=1609037796479&CODE_STATE=getMsg HTTP/1.1" 200 27
58.35.244.144 - - [27/Dec/2020:10:56:40 +0800] "GET /xingrg/check_reg.html?_=1609037795867 HTTP/1.1" 302 -
117.185.32.26 - - [27/Dec/2020:10:56:42 +0800] "GET /xingrg/all/function/internal_message.html?_=1609038266171&CODE_STATE=getMsg HTTP/1.1" 200 27
120.253.135.82 - - [27/Dec/2020:10:56:43 +0800] "POST /xingrg/kc/pszx/mdps_list_operate.html HTTP/1.1" 200 2406
180.157.253.48 - - [27/Dec/2020:10:56:44 +0800] "POST /xingrg/services/DataTransmitService HTTP/1.1" 200 524
180.157.253.48 - - [27/Dec/2020:10:56:44 +0800] "GET /xingrg/kc/buy/cgsh_order_operate.html?command=get_materiel&rest_code=00148&code=00101020095&supplier_code=00100337&order_time=2020-12-27 HTTP/1.1" 200 455
180.157.253.48 - - [27/Dec/2020:10:56:44 +0800] "POST /xingrg/services/DataTransmitService HTTP/1.1" 200 412
116.228.172.94 - - [27/Dec/2020:10:56:48 +0800] "GET /xingrg/kc/buy/cgsh_order_operate.html?command=get_materiel&rest_code=00107&code=00101010646&supplier_code=00100347&order_time=2020-12-27 HTTP/1.1" 200 410
180.162.223.42 - - [27/Dec/2020:10:56:50 +0800] "GET /xingrg/kc/buy/cgsh_order_operate.html?command=get_materiel&rest_code=00105&code=00101002002&supplier_code=00100087&order_time=2020-12-27 HTTP/1.1" 200 420
120.253.135.82 - - [27/Dec/2020:10:56:51 +0800] "GET /xingrg/all/function/internal_message.html?_=1609037562465&CODE_STATE=getMsg HTTP/1.1" 200 27
116.232.51.115 - - [27/Dec/2020:10:56:51 +0800] "GET /xingrg/all/function/internal_message.html?_=1609037824022&CODE_STATE=getMsg HTTP/1.1" 200 27
172.17.0.123 - - [27/Dec/2020:10:56:52 +0800] "GET /xingrg/all/function/internal_message.html?_=1609037718685&CODE_STATE=getMsg HTTP/1.1" 200 27
180.156.237.57 - - [27/Dec/2020:10:56:52 +0800] "GET /xingrg/all/function/internal_message.html?_=1609037793344&CODE_STATE=getMsg HTTP/1.1" 200 27
180.157.253.48 - - [27/Dec/2020:10:56:54 +0800] "GET /xingrg/kc/buy/cgsh_order_operate.html?command=get_materiel&rest_code=00148&code=00101010021&supplier_code=00100337&order_time=2020-12-27 HTTP/1.1" 200 413
222.69.134.220 - - [27/Dec/2020:10:56:56 +0800] "GET /xingrg/all/function/internal_message.html?_=1609037812787&CODE_STATE=getMsg HTTP/1.1" 200 27
180.156.237.57 - - [27/Dec/2020:10:56:58 +0800] "GET /xingrg/all/function/internal_message.html?_=1609037799147&CODE_STATE=getMsg HTTP/1.1" 200 27
180.156.237.57 - - [27/Dec/2020:10:57:01 +0800] "GET /xingrg/check_reg.html?_=1609037824885 HTTP/1.1" 200 22
180.156.237.57 - - [27/Dec/2020:10:57:01 +0800] "GET /xingrg/all/function/internal_message.html?_=1609037824889&CODE_STATE=getMsg HTTP/1.1" 200 27
172.17.0.185 - - [27/Dec/2020:10:57:01 +0800] "GET /xingrg/all/function/internal_message.html?_=1609037817239&CODE_STATE=getMsg HTTP/1.1" 200 27
180.162.223.42 - - [27/Dec/2020:10:57:02 +0800] "POST /xingrg/kc/buy/cgsh_order_operate.html HTTP/1.1" 200 37
116.228.172.94 - - [27/Dec/2020:10:57:06 +0800] "GET /xingrg/all/function/internal_message.html?_=1609037822126&CODE_STATE=getMsg HTTP/1.1" 200 27
116.228.172.94 - - [27/Dec/2020:10:57:07 +0800] "GET /xingrg/kc/buy/cgsh_order_operate.html?command=get_materiel&rest_code=00107&code=00101001045&supplier_code=00100347&order_time=2020-12-27 HTTP/1.1" 200 423
120.253.135.82 - - [27/Dec/2020:10:57:08 +0800] "POST /xingrg/kc/pszx/mdps_list_operate.html HTTP/1.1" 200 611
180.162.223.42 - - [27/Dec/2020:10:57:08 +0800] "POST /xingrg/kc/buy/cgsh_order_operate.html HTTP/1.1" 200 2668
172.17.0.240 - - [27/Dec/2020:10:57:08 +0800] "GET /xingrg/all/function/internal_message.html?_=1609037822951&CODE_STATE=getMsg HTTP/1.1" 200 27
120.253.135.82 - - [27/Dec/2020:10:57:08 +0800] "GET /xingrg/kc/pszx/mdps_order_info.html?code=312020122700728 HTTP/1.1" 200 23881
120.253.135.82 - - [27/Dec/2020:10:57:09 +0800] "GET /xingrg/javascript/easyui/themes/default/validatebox.css HTTP/1.1" 404 1104
120.253.135.82 - - [27/Dec/2020:10:57:09 +0800] "POST /xingrg/kc/pszx/mdps_order_operate.html HTTP/1.1" 200 5286
180.162.223.42 - - [27/Dec/2020:10:57:09 +0800] "GET /xingrg/kc/print/load_data.html?order_code=212020122710898&kc_code=cgsh&condition= HTTP/1.1" 200 731
180.162.223.42 - - [27/Dec/2020:10:57:12 +0800] "GET /xingrg/kc/buy/cgsh_order_add.html HTTP/1.1" 200 61258
180.162.223.42 - - [27/Dec/2020:10:57:12 +0800] "POST /xingrg/kc/buy/cgsh_order_operate.html HTTP/1.1" 200 8245
180.162.223.42 - - [27/Dec/2020:10:57:13 +0800] "GET /xingrg/javascript/easyui/themes/default/validatebox.css HTTP/1.1" 404 1104
120.253.135.82 - - [27/Dec/2020:10:57:13 +0800] "POST /xingrg/kc/pszx/mdps_order_operate.html HTTP/1.1" 200 37
120.253.135.82 - - [27/Dec/2020:10:57:15 +0800] "POST /xingrg/kc/pszx/mdps_order_operate.html HTTP/1.1" 200 12
180.152.104.37 - - [27/Dec/2020:10:57:16 +0800] "GET /xingrg/kc/base/wldb_order_operate.html?command=get_materiel&rest_code=00102&base_code=0010476&code=00101019289 HTTP/1.1" 200 455
183.192.164.71 - - [27/Dec/2020:10:57:19 +0800] "GET /xingrg/all/function/internal_message.html?_=1609037496597&CODE_STATE=getMsg HTTP/1.1" 302 -
180.162.223.42 - - [27/Dec/2020:10:57:19 +0800] "GET /xingrg/check_reg.html?_=1609037835333 HTTP/1.1" 200 22
180.162.223.42 - - [27/Dec/2020:10:57:19 +0800] "GET /xingrg/all/function/internal_message.html?_=1609037835348&CODE_STATE=getMsg HTTP/1.1" 200 27
58.35.244.144 - - [27/Dec/2020:10:57:20 +0800] "GET /xingrg/all/function/internal_message.html?_=1609037835017&CODE_STATE=getMsg HTTP/1.1" 302 -
180.152.104.37 - - [27/Dec/2020:10:57:20 +0800] "GET /xingrg/kc/base/wldb_order_operate.html?command=get_materiel&rest_code=00102&base_code=0010476&code=00101016076 HTTP/1.1" 200 477
117.184.7.30 - - [27/Dec/2020:10:57:21 +0800] "GET /xingrg/all/function/internal_message.html?_=1609037827417&CODE_STATE=getMsg HTTP/1.1" 200 27
120.253.135.82 - - [27/Dec/2020:10:57:21 +0800] "GET /xingrg/kc/pszx/mdps_order_info.html?code=312020122700728 HTTP/1.1" 200 19541
183.192.164.71 - - [27/Dec/2020:10:57:21 +0800] "GET /xingrg/login.html HTTP/1.1" 200 7641
120.253.135.82 - - [27/Dec/2020:10:57:21 +0800] "GET /xingrg/javascript/easyui/themes/default/validatebox.css HTTP/1.1" 404 1104
120.253.135.82 - - [27/Dec/2020:10:57:21 +0800] "POST /xingrg/kc/pszx/mdps_order_operate.html HTTP/1.1" 200 3477
120.253.135.82 - - [27/Dec/2020:10:57:24 +0800] "POST /xingrg/kc/pszx/mdps_list_operate.html HTTP/1.1" 200 2044
101.228.166.101 - - [27/Dec/2020:10:57:24 +0800] "GET /xingrg/all/function/internal_message.html?_=1609037864235&CODE_STATE=getMsg HTTP/1.1" 200 27
180.152.104.37 - - [27/Dec/2020:10:57:26 +0800] "GET /xingrg/kc/base/wldb_order_operate.html?command=get_materiel&rest_code=00102&base_code=0010476&code=00101019438 HTTP/1.1" 200 447
116.228.172.94 - - [27/Dec/2020:10:57:26 +0800] "POST /xingrg/kc/buy/cgsh_order_operate.html HTTP/1.1" 200 37
222.69.133.109 - - [27/Dec/2020:10:57:26 +0800] "GET /xingrg/all/function/internal_message.html?_=1609037842437&CODE_STATE=getMsg HTTP/1.1" 200 27
116.228.172.94 - - [27/Dec/2020:10:57:27 +0800] "POST /xingrg/kc/buy/cgsh_order_operate.html HTTP/1.1" 200 7461
172.17.0.120 - - [27/Dec/2020:10:57:28 +0800] "GET /xingrg/all/function/internal_message.html?_=1609037844021&CODE_STATE=getMsg HTTP/1.1" 200 27
116.228.172.94 - - [27/Dec/2020:10:57:28 +0800] "GET /xingrg/kc/print/load_data.html?order_code=212020122710899&kc_code=cgsh&condition= HTTP/1.1" 200 2527
180.162.223.42 - - [27/Dec/2020:10:57:28 +0800] "GET /xingrg/kc/buy/cgsh_order_operate.html?command=get_materiel&rest_code=00105&code=00101010110&supplier_code=00100323&order_time=2020-12-27 HTTP/1.1" 200 418
180.152.104.37 - - [27/Dec/2020:10:57:32 +0800] "GET /xingrg/all/function/internal_message.html?_=1609038084217&CODE_STATE=getMsg HTTP/1.1" 200 27
58.35.244.144 - - [27/Dec/2020:10:57:33 +0800] "GET /xingrg/all/function/internal_message.html?_=1609037998262&CODE_STATE=getMsg HTTP/1.1" 200 27
180.157.253.48 - - [27/Dec/2020:10:57:33 +0800] "GET /xingrg/all/function/internal_message.html?_=1609037851452&CODE_STATE=getMsg HTTP/1.1" 200 27
120.253.135.82 - - [27/Dec/2020:10:57:35 +0800] "POST /xingrg/kc/pszx/mdps_list_operate.html HTTP/1.1" 200 284
120.253.135.82 - - [27/Dec/2020:10:57:36 +0800] "POST /xingrg/kc/pszx/mdps_list_operate.html HTTP/1.1" 200 596
120.253.135.82 - - [27/Dec/2020:10:57:36 +0800] "GET /xingrg/kc/pszx/mdps_order_info.html?code=312020122600705 HTTP/1.1" 200 23881
120.253.135.82 - - [27/Dec/2020:10:57:37 +0800] "POST /xingrg/kc/pszx/mdps_order_operate.html HTTP/1.1" 200 6770
120.253.135.82 - - [27/Dec/2020:10:57:37 +0800] "GET /xingrg/javascript/easyui/themes/default/validatebox.css HTTP/1.1" 404 1104
101.85.93.83 - - [27/Dec/2020:10:57:37 +0800] "GET /xingrg/all/function/internal_message.html?_=1609037541591&CODE_STATE=getMsg HTTP/1.1" 200 27
117.185.32.26 - - [27/Dec/2020:10:57:40 +0800] "GET /xingrg/all/function/internal_message.html?_=1609037856452&CODE_STATE=getMsg HTTP/1.1" 200 27
117.185.32.26 - - [27/Dec/2020:10:57:41 +0800] "GET /xingrg/check_reg.html?_=1609038324777 HTTP/1.1" 200 22
117.185.32.26 - - [27/Dec/2020:10:57:42 +0800] "GET /xingrg/all/function/internal_message.html?_=1609038326180&CODE_STATE=getMsg HTTP/1.1" 200 27
180.157.253.48 - - [27/Dec/2020:10:57:45 +0800] "POST /xingrg/kc/buy/cgsh_order_operate.html HTTP/1.1" 200 37
120.253.135.82 - - [27/Dec/2020:10:57:47 +0800] "POST /xingrg/kc/pszx/mdps_order_operate.html HTTP/1.1" 200 37
180.162.223.42 - - [27/Dec/2020:10:57:47 +0800] "GET /xingrg/kc/buy/cgsh_order_operate.html?command=get_materiel&rest_code=00105&code=00101007016&supplier_code=00100323&order_time=2020-12-27 HTTP/1.1" 200 411
120.253.135.82 - - [27/Dec/2020:10:57:48 +0800] "POST /xingrg/kc/pszx/mdps_order_operate.html HTTP/1.1" 200 12
101.228.166.101 - - [27/Dec/2020:10:57:49 +0800] "POST /xingrg/services/DataTransmitService HTTP/1.1" 200 524
101.228.166.101 - - [27/Dec/2020:10:57:49 +0800] "POST /xingrg/services/DataTransmitService HTTP/1.1" 200 412
180.157.253.48 - - [27/Dec/2020:10:57:49 +0800] "POST /xingrg/kc/buy/cgsh_order_operate.html HTTP/1.1" 200 12
180.157.253.48 - - [27/Dec/2020:10:57:50 +0800] "GET /xingrg/kc/buy/cgsh_order_info.html?code=212020122710900 HTTP/1.1" 200 56122
180.157.253.48 - - [27/Dec/2020:10:57:50 +0800] "GET /xingrg/javascript/easyui/themes/default/validatebox.css HTTP/1.1" 404 1104
120.253.135.82 - - [27/Dec/2020:10:57:51 +0800] "GET /xingrg/kc/pszx/mdps_order_info.html?code=312020122600705 HTTP/1.1" 200 19541
180.157.253.48 - - [27/Dec/2020:10:57:51 +0800] "POST /xingrg/kc/buy/cgsh_order_operate.html HTTP/1.1" 200 1214
180.152.104.37 - - [27/Dec/2020:10:57:51 +0800] "GET /xingrg/kc/base/wldb_order_operate.html?command=get_materiel&rest_code=00102&base_code=0010476&code=00101019184 HTTP/1.1" 200 442
120.253.135.82 - - [27/Dec/2020:10:57:51 +0800] "POST /xingrg/kc/pszx/mdps_order_operate.html HTTP/1.1" 200 4947
120.253.135.82 - - [27/Dec/2020:10:57:51 +0800] "GET /xingrg/all/function/internal_message.html?_=1609037622580&CODE_STATE=getMsg HTTP/1.1" 200 27
120.253.135.82 - - [27/Dec/2020:10:57:51 +0800] "GET /xingrg/javascript/easyui/themes/default/validatebox.css HTTP/1.1" 404 1104
116.232.51.115 - - [27/Dec/2020:10:57:52 +0800] "GET /xingrg/check_reg.html?_=1609037884015 HTTP/1.1" 200 22
116.232.51.115 - - [27/Dec/2020:10:57:52 +0800] "GET /xingrg/all/function/internal_message.html?_=1609037884016&CODE_STATE=getMsg HTTP/1.1" 200 27
172.17.0.123 - - [27/Dec/2020:10:57:52 +0800] "GET /xingrg/all/function/internal_message.html?_=1609037778688&CODE_STATE=getMsg HTTP/1.1" 200 27
180.156.237.57 - - [27/Dec/2020:10:57:52 +0800] "GET /xingrg/all/function/internal_message.html?_=1609037853364&CODE_STATE=getMsg HTTP/1.1" 200 27
180.157.253.48 - - [27/Dec/2020:10:57:52 +0800] "GET /xingrg/kc/print/load_data.html?order_code=212020122710900&kc_code=cgsh&condition= HTTP/1.1" 200 954
120.253.135.82 - - [27/Dec/2020:10:57:54 +0800] "POST /xingrg/kc/pszx/mdps_list_operate.html HTTP/1.1" 200 1679
180.152.104.37 - - [27/Dec/2020:10:57:56 +0800] "GET /xingrg/kc/base/wldb_order_operate.html?command=get_materiel&rest_code=00102&base_code=0010476&code=00101019400 HTTP/1.1" 200 451
222.69.134.220 - - [27/Dec/2020:10:57:56 +0800] "GET /xingrg/all/function/internal_message.html?_=1609037872784&CODE_STATE=getMsg HTTP/1.1" 200 27
180.157.253.48 - - [27/Dec/2020:10:57:58 +0800] "GET /xingrg/kc/buy/cgsh_order_add.html HTTP/1.1" 200 61217
180.156.237.57 - - [27/Dec/2020:10:57:58 +0800] "GET /xingrg/all/function/internal_message.html?_=1609037859169&CODE_STATE=getMsg HTTP/1.1" 200 27
180.157.253.48 - - [27/Dec/2020:10:57:58 +0800] "POST /xingrg/kc/buy/cgsh_order_operate.html HTTP/1.1" 200 8245
180.157.253.48 - - [27/Dec/2020:10:57:59 +0800] "GET /xingrg/javascript/easyui/themes/default/validatebox.css HTTP/1.1" 404 1104
180.156.237.57 - - [27/Dec/2020:10:58:01 +0800] "GET /xingrg/all/function/internal_message.html?_=1609037884889&CODE_STATE=getMsg HTTP/1.1" 200 27
172.17.0.185 - - [27/Dec/2020:10:58:02 +0800] "GET /xingrg/all/function/internal_message.html?_=1609037877247&CODE_STATE=getMsg HTTP/1.1" 200 27
180.157.253.48 - - [27/Dec/2020:10:58:04 +0800] "GET /xingrg/kc/buy/cgsh_order_operate.html?command=get_materiel&rest_code=00148&code=00101001115&supplier_code=00100089&order_time=2020-12-27 HTTP/1.1" 200 415
116.228.172.94 - - [27/Dec/2020:10:58:06 +0800] "GET /xingrg/all/function/internal_message.html?_=1609037882106&CODE_STATE=getMsg HTTP/1.1" 200 27
172.17.0.240 - - [27/Dec/2020:10:58:08 +0800] "GET /xingrg/all/function/internal_message.html?_=1609037882944&CODE_STATE=getMsg HTTP/1.1" 200 27
180.162.223.42 - - [27/Dec/2020:10:58:12 +0800] "GET /xingrg/kc/buy/cgsh_order_operate.html?command=get_materiel&rest_code=00105&code=00101007054&supplier_code=00100323&order_time=2020-12-27 HTTP/1.1" 200 418
180.157.253.48 - - [27/Dec/2020:10:58:14 +0800] "POST /xingrg/kc/buy/cgsh_order_operate.html HTTP/1.1" 200 37
180.152.104.37 - - [27/Dec/2020:10:58:15 +0800] "GET /xingrg/login.html HTTP/1.1" 200 7641
180.152.104.37 - - [27/Dec/2020:10:58:16 +0800] "GET /favicon.ico HTTP/1.1" 404 -
180.162.223.42 - - [27/Dec/2020:10:58:19 +0800] "GET /xingrg/all/function/internal_message.html?_=1609037895327&CODE_STATE=getMsg HTTP/1.1" 200 27
58.35.244.144 - - [27/Dec/2020:10:58:20 +0800] "GET /xingrg/all/function/internal_message.html?_=1609037895056&CODE_STATE=getMsg HTTP/1.1" 302 -
180.152.104.37 - - [27/Dec/2020:10:58:20 +0800] "POST /xingrg/kc/base/wldb_order_operate.html HTTP/1.1" 200 37
180.152.104.37 - - [27/Dec/2020:10:58:20 +0800] "GET /xingrg/login.html HTTP/1.1" 200 7641
180.152.104.37 - - [27/Dec/2020:10:58:21 +0800] "GET /favicon.ico HTTP/1.1" 404 -
117.184.7.30 - - [27/Dec/2020:10:58:21 +0800] "GET /xingrg/all/function/internal_message.html?_=1609037887418&CODE_STATE=getMsg HTTP/1.1" 200 27
180.162.223.42 - - [27/Dec/2020:10:58:21 +0800] "GET /xingrg/kc/buy/cgsh_order_operate.html?command=get_materiel&rest_code=00105&code=00101010214&supplier_code=00100323&order_time=2020-12-27 HTTP/1.1" 200 414
180.152.104.37 - - [27/Dec/2020:10:58:21 +0800] "POST /xingrg/kc/base/wldb_order_operate.html HTTP/1.1" 200 12
180.152.104.37 - - [27/Dec/2020:10:58:21 +0800] "POST /xingrg/kc/base/wldb_order_operate.html HTTP/1.1" 200 8239
180.157.253.48 - - [27/Dec/2020:10:58:23 +0800] "POST /xingrg/kc/buy/cgsh_order_operate.html HTTP/1.1" 200 12
180.157.253.48 - - [27/Dec/2020:10:58:24 +0800] "GET /xingrg/kc/buy/cgsh_order_info.html?code=212020122710901 HTTP/1.1" 200 56122
180.152.104.37 - - [27/Dec/2020:10:58:24 +0800] "GET /xingrg/kc/base/wldb_order_info.html?code=422020122703087 HTTP/1.1" 200 26381
180.157.253.48 - - [27/Dec/2020:10:58:24 +0800] "GET /xingrg/javascript/easyui/themes/default/validatebox.css HTTP/1.1" 404 1104
101.228.166.101 - - [27/Dec/2020:10:58:25 +0800] "GET /xingrg/all/function/internal_message.html?_=1609037924238&CODE_STATE=getMsg HTTP/1.1" 200 27
180.157.253.48 - - [27/Dec/2020:10:58:25 +0800] "POST /xingrg/kc/buy/cgsh_order_operate.html HTTP/1.1" 200 609
180.152.104.37 - - [27/Dec/2020:10:58:25 +0800] "POST /xingrg/kc/base/wldb_order_operate.html HTTP/1.1" 200 6376
222.69.133.109 - - [27/Dec/2020:10:58:26 +0800] "GET /xingrg/all/function/internal_message.html?_=1609037902424&CODE_STATE=getMsg HTTP/1.1" 200 27
180.152.104.37 - - [27/Dec/2020:10:58:26 +0800] "GET /xingrg/javascript/easyui/themes/default/validatebox.css HTTP/1.1" 404 1104
180.157.253.48 - - [27/Dec/2020:10:58:27 +0800] "GET /xingrg/kc/print/load_data.html?order_code=212020122710901&kc_code=cgsh&condition= HTTP/1.1" 200 783
172.17.0.120 - - [27/Dec/2020:10:58:28 +0800] "GET /xingrg/all/function/internal_message.html?_=1609037904023&CODE_STATE=getMsg HTTP/1.1" 200 27
180.152.104.37 - - [27/Dec/2020:10:58:32 +0800] "POST /xingrg/login.do HTTP/1.1" 302 -
180.157.253.48 - - [27/Dec/2020:10:58:32 +0800] "GET /xingrg/kc/buy/cgsh_order_add.html HTTP/1.1" 200 61217
180.152.104.37 - - [27/Dec/2020:10:58:32 +0800] "GET /xingrg/index.html?sysBaseUrl=http%3A%2F%2F180.169.147.146%3A18081%2Fxingrg%2F&costTime=50×tamp=1609037912027 HTTP/1.1" 200 17173
180.152.104.37 - - [27/Dec/2020:10:58:32 +0800] "GET /xingrg/javascript/jquery_easy_ui/themes/default/easyui.css HTTP/1.1" 304 -
180.152.104.37 - - [27/Dec/2020:10:58:32 +0800] "GET /xingrg/javascript/jquery_easy_ui/themes/icon.css HTTP/1.1" 304 -
180.152.104.37 - - [27/Dec/2020:10:58:32 +0800] "GET /xingrg/javascript/jquery-1.4.2.min.js HTTP/1.1" 304 -
180.152.104.37 - - [27/Dec/2020:10:58:32 +0800] "GET /xingrg/css/form.css HTTP/1.1" 304 -
180.152.104.37 - - [27/Dec/2020:10:58:32 +0800] "GET /xingrg/javascript/jquery_easy_ui/jquery.easyui.min.js HTTP/1.1" 304 -
180.152.104.37 - - [27/Dec/2020:10:58:32 +0800] "GET /xingrg/javascript/jquery_easy_ui/easyui-lang-zh_CN.js HTTP/1.1" 304 -
180.152.104.37 - - [27/Dec/2020:10:58:32 +0800] "GET /xingrg/javascript/jquery.form.js HTTP/1.1" 304 -
180.152.104.37 - - [27/Dec/2020:10:58:32 +0800] "GET /xingrg/javascript/jquery.utils.js HTTP/1.1" 304 -
180.152.104.37 - - [27/Dec/2020:10:58:32 +0800] "GET /xingrg/javascript/jquery.timers.js HTTP/1.1" 304 -
180.152.104.37 - - [27/Dec/2020:10:58:32 +0800] "GET /favicon.ico HTTP/1.1" 404 -
180.152.104.37 - - [27/Dec/2020:10:58:32 +0800] "POST /xingrg/all/common/load_tree.html?tree=area_rest_tree_json&manage=1 HTTP/1.1" 200 342
180.152.104.37 - - [27/Dec/2020:10:58:32 +0800] "GET /xingrg/all/function/internal_message.html?_=1609037909361&CODE_STATE=count HTTP/1.1" 200 11
180.152.104.37 - - [27/Dec/2020:10:58:32 +0800] "GET /xingrg/check_reg.html?_=1609037909364 HTTP/1.1" 200 22
180.152.104.37 - - [27/Dec/2020:10:58:32 +0800] "GET /xingrg/check_reg.html?_=1609038143951 HTTP/1.1" 200 22
180.152.104.37 - - [27/Dec/2020:10:58:32 +0800] "POST /xingrg/load_menu.html HTTP/1.1" 200 5138
180.157.253.48 - - [27/Dec/2020:10:58:32 +0800] "POST /xingrg/kc/buy/cgsh_order_operate.html HTTP/1.1" 200 8245
180.157.253.48 - - [27/Dec/2020:10:58:32 +0800] "GET /xingrg/javascript/easyui/themes/default/validatebox.css HTTP/1.1" 404 1104
180.152.104.37 - - [27/Dec/2020:10:58:32 +0800] "GET /xingrg/all/function/internal_message.html?_=1609038144231&CODE_STATE=getMsg HTTP/1.1" 200 27
58.35.244.144 - - [27/Dec/2020:10:58:33 +0800] "GET /xingrg/all/function/internal_message.html?_=1609038058236&CODE_STATE=getMsg HTTP/1.1" 200 27
180.157.253.48 - - [27/Dec/2020:10:58:33 +0800] "GET /xingrg/all/function/internal_message.html?_=1609037911419&CODE_STATE=getMsg HTTP/1.1" 200 27
180.156.237.57 - - [27/Dec/2020:10:58:34 +0800] "GET /xingrg/check_reg.html?_=1609037894807 HTTP/1.1" 200 22
180.162.223.42 - - [27/Dec/2020:10:58:34 +0800] "GET /xingrg/kc/buy/cgsh_order_operate.html?command=get_materiel&rest_code=00105&code=00101010088&supplier_code=00100323&order_time=2020-12-27 HTTP/1.1" 200 418
180.152.104.37 - - [27/Dec/2020:10:58:34 +0800] "GET /xingrg/css/base.css HTTP/1.1" 304 -
180.152.104.37 - - [27/Dec/2020:10:58:34 +0800] "GET /xingrg/css/site.css HTTP/1.1" 304 -
180.152.104.37 - - [27/Dec/2020:10:58:34 +0800] "GET /xingrg/kc/buy/cgsh_order_list.html HTTP/1.1" 200 45474
180.152.104.37 - - [27/Dec/2020:10:58:34 +0800] "GET /xingrg/javascript/auto/jquery.autocomplete.css HTTP/1.1" 304 -
180.152.104.37 - - [27/Dec/2020:10:58:34 +0800] "GET /xingrg/javascript/jquery_tools/datebox.css HTTP/1.1" 304 -
180.152.104.37 - - [27/Dec/2020:10:58:34 +0800] "GET /xingrg/javascript/easyui/themes/default/easyui.css HTTP/1.1" 304 -
180.152.104.37 - - [27/Dec/2020:10:58:34 +0800] "GET /xingrg/javascript/jquery_tools/fix.css HTTP/1.1" 304 -
180.152.104.37 - - [27/Dec/2020:10:58:34 +0800] "GET /xingrg/javascript/easyui/themes/icon.css HTTP/1.1" 304 -
180.152.104.37 - - [27/Dec/2020:10:58:34 +0800] "GET /xingrg/javascript/jquery_tools/table.css HTTP/1.1" 304 -
180.152.104.37 - - [27/Dec/2020:10:58:34 +0800] "GET /xingrg/javascript/jquery_tools/jquery.tools.min.js HTTP/1.1" 304 -
180.152.104.37 - - [27/Dec/2020:10:58:34 +0800] "GET /xingrg/javascript/jquery_tools/jquery.tools.hotkey.js HTTP/1.1" 304 -
180.152.104.37 - - [27/Dec/2020:10:58:34 +0800] "GET /xingrg/javascript/jquery_tools/jquery.tools.extend.js HTTP/1.1" 304 -
180.152.104.37 - - [27/Dec/2020:10:58:34 +0800] "GET /xingrg/javascript/jquery_tools/list_manager.js HTTP/1.1" 304 -
180.152.104.37 - - [27/Dec/2020:10:58:34 +0800] "GET /xingrg/javascript/jquery_tools/jquery.tools.table.js HTTP/1.1" 304 -
180.152.104.37 - - [27/Dec/2020:10:58:34 +0800] "GET /xingrg/javascript/auto/jquery.autocomplete.js HTTP/1.1" 304 -
180.152.104.37 - - [27/Dec/2020:10:58:34 +0800] "GET /xingrg/javascript/easyui/easyloader.js HTTP/1.1" 304 -
180.152.104.37 - - [27/Dec/2020:10:58:34 +0800] "GET /xingrg/javascript/jquery.cookie.js HTTP/1.1" 304 -
180.152.104.37 - - [27/Dec/2020:10:58:34 +0800] "GET /xingrg/javascript/print/LodopFuncs.js HTTP/1.1" 304 -
180.152.104.37 - - [27/Dec/2020:10:58:35 +0800] "GET /xingrg/javascript/easyui/plugins/jquery.parser.js HTTP/1.1" 304 -
180.152.104.37 - - [27/Dec/2020:10:58:35 +0800] "POST /xingrg/kc/buy/cgsh_list_operate.html HTTP/1.1" 200 876
120.253.135.82 - - [27/Dec/2020:10:58:36 +0800] "GET /xingrg/check_reg.html?_=1609037667562 HTTP/1.1" 200 22
101.85.93.83 - - [27/Dec/2020:10:58:37 +0800] "GET /xingrg/check_reg.html?_=1609037601590 HTTP/1.1" 200 22
101.85.93.83 - - [27/Dec/2020:10:58:37 +0800] "GET /xingrg/all/function/internal_message.html?_=1609037601592&CODE_STATE=getMsg HTTP/1.1" 200 27
117.185.32.26 - - [27/Dec/2020:10:58:40 +0800] "GET /xingrg/all/function/internal_message.html?_=1609037916432&CODE_STATE=getMsg HTTP/1.1" 200 27
117.185.32.26 - - [27/Dec/2020:10:58:42 +0800] "GET /xingrg/all/function/internal_message.html?_=1609038386153&CODE_STATE=getMsg HTTP/1.1" 200 27
180.157.253.48 - - [27/Dec/2020:10:58:43 +0800] "GET /xingrg/kc/buy/cgsh_order_operate.html?command=get_materiel&rest_code=00148&code=00101019596&supplier_code=00100329&order_time=2020-12-27 HTTP/1.1" 200 462
180.162.223.42 - - [27/Dec/2020:10:58:44 +0800] "GET /xingrg/kc/buy/cgsh_order_operate.html?command=get_materiel&rest_code=00105&code=00101010063&supplier_code=00100323&order_time=2020-12-27 HTTP/1.1" 200 409
180.156.237.57 - - [27/Dec/2020:10:58:47 +0800] "GET /xingrg/check_reg.html?_=1609037908317 HTTP/1.1" 200 22
120.253.135.82 - - [27/Dec/2020:10:58:48 +0800] "GET /xingrg/kc/report/report_main.html HTTP/1.1" 200 9370
120.253.135.82 - - [27/Dec/2020:10:58:48 +0800] "POST /xingrg/kc/pszx/mdps_list_operate.html HTTP/1.1" 200 1679
120.253.135.82 - - [27/Dec/2020:10:58:50 +0800] "GET /xingrg/kc/base/kc_stocks.html HTTP/1.1" 200 16386
120.253.135.82 - - [27/Dec/2020:10:58:50 +0800] "GET /xingrg/javascript/easyui/themes/default/tree.css HTTP/1.1" 404 1090
120.253.135.82 - - [27/Dec/2020:10:58:50 +0800] "POST /xingrg/all/common/load_tree.html?tree=materiel_sort_tree_json HTTP/1.1" 200 8666
180.157.253.48 - - [27/Dec/2020:10:58:50 +0800] "POST /xingrg/kc/buy/cgsh_order_operate.html HTTP/1.1" 200 37
120.253.135.82 - - [27/Dec/2020:10:58:51 +0800] "POST /xingrg/all/common/load_combo.html?type=base HTTP/1.1" 200 984
120.253.135.82 - - [27/Dec/2020:10:58:51 +0800] "GET /xingrg/all/function/internal_message.html?_=1609037682613&CODE_STATE=getMsg HTTP/1.1" 200 27
116.232.51.115 - - [27/Dec/2020:10:58:51 +0800] "GET /xingrg/all/function/internal_message.html?_=1609037944014&CODE_STATE=getMsg HTTP/1.1" 200 27
172.17.0.123 - - [27/Dec/2020:10:58:52 +0800] "GET /xingrg/all/function/internal_message.html?_=1609037838689&CODE_STATE=getMsg HTTP/1.1" 200 27
180.156.237.57 - - [27/Dec/2020:10:58:52 +0800] "GET /xingrg/all/function/internal_message.html?_=1609037913371&CODE_STATE=getMsg HTTP/1.1" 200 27
183.192.164.214 - - [27/Dec/2020:10:58:54 +0800] "GET /xingrg/all/function/internal_message.html?_=1609037556566&CODE_STATE=getMsg HTTP/1.1" 302 -
222.69.134.220 - - [27/Dec/2020:10:58:56 +0800] "GET /xingrg/all/function/internal_message.html?_=1609037932791&CODE_STATE=getMsg HTTP/1.1" 200 27
180.156.237.57 - - [27/Dec/2020:10:58:58 +0800] "GET /xingrg/all/function/internal_message.html?_=1609037919176&CODE_STATE=getMsg HTTP/1.1" 200 27
180.157.253.48 - - [27/Dec/2020:10:58:59 +0800] "POST /xingrg/kc/buy/cgsh_order_operate.html HTTP/1.1" 200 12
183.192.164.214 - - [27/Dec/2020:10:59:00 +0800] "GET /xingrg/login.html HTTP/1.1" 200 7641
120.253.135.82 - - [27/Dec/2020:10:59:00 +0800] "POST /xingrg/kc/base/stock_operate.html HTTP/1.1" 200 1466
180.156.237.57 - - [27/Dec/2020:10:59:01 +0800] "GET /xingrg/all/function/internal_message.html?_=1609037944891&CODE_STATE=getMsg HTTP/1.1" 200 27
180.162.223.42 - - [27/Dec/2020:10:59:01 +0800] "GET /xingrg/kc/buy/cgsh_order_operate.html?command=get_materiel&rest_code=00105&code=00101010247&supplier_code=00100323&order_time=2020-12-27 HTTP/1.1" 200 410
172.17.0.185 - - [27/Dec/2020:10:59:01 +0800] "GET /xingrg/all/function/internal_message.html?_=1609037937246&CODE_STATE=getMsg HTTP/1.1" 200 27
180.157.253.48 - - [27/Dec/2020:10:59:02 +0800] "GET /xingrg/kc/buy/cgsh_order_info.html?code=212020122710902 HTTP/1.1" 200 56124
180.157.253.48 - - [27/Dec/2020:10:59:03 +0800] "GET /xingrg/javascript/easyui/themes/default/validatebox.css HTTP/1.1" 404 1104
180.157.253.48 - - [27/Dec/2020:10:59:03 +0800] "POST /xingrg/kc/buy/cgsh_order_operate.html HTTP/1.1" 200 637
117.185.32.26 - - [27/Dec/2020:10:59:03 +0800] "GET /xingrg/kc/print/load_data.html?order_code=212020122710846&kc_code=cgsh HTTP/1.1" 200 15899
180.157.253.48 - - [27/Dec/2020:10:59:04 +0800] "GET /xingrg/kc/print/load_data.html?order_code=212020122710902&kc_code=cgsh&condition= HTTP/1.1" 200 744
116.228.172.94 - - [27/Dec/2020:10:59:05 +0800] "GET /xingrg/all/function/internal_message.html?_=1609037942075&CODE_STATE=getMsg HTTP/1.1" 200 27
120.253.135.82 - - [27/Dec/2020:10:59:07 +0800] "POST /xingrg/kc/base/stock_operate.html HTTP/1.1" 200 1485
172.17.0.240 - - [27/Dec/2020:10:59:08 +0800] "GET /xingrg/all/function/internal_message.html?_=1609037942946&CODE_STATE=getMsg HTTP/1.1" 200 27
172.17.0.240 - - [27/Dec/2020:10:59:08 +0800] "GET /xingrg/check_reg.html?_=1609037942950 HTTP/1.1" 200 22
180.162.223.42 - - [27/Dec/2020:10:59:10 +0800] "GET /xingrg/kc/buy/cgsh_order_operate.html?command=get_materiel&rest_code=00105&code=00101006026&supplier_code=00100323&order_time=2020-12-27 HTTP/1.1" 200 409
180.162.223.42 - - [27/Dec/2020:10:59:16 +0800] "GET /xingrg/kc/buy/cgsh_order_operate.html?command=get_materiel&rest_code=00105&code=00101012010&supplier_code=00100323&order_time=2020-12-27 HTTP/1.1" 200 409
180.162.223.42 - - [27/Dec/2020:10:59:19 +0800] "GET /xingrg/all/function/internal_message.html?_=1609037955297&CODE_STATE=getMsg HTTP/1.1" 200 27
58.35.244.144 - - [27/Dec/2020:10:59:20 +0800] "GET /xingrg/all/function/internal_message.html?_=1609037955065&CODE_STATE=getMsg HTTP/1.1" 302 -
101.228.166.101 - - [27/Dec/2020:10:59:21 +0800] "GET /xingrg/check_reg.html?_=1609037980838 HTTP/1.1" 200 22
117.184.7.30 - - [27/Dec/2020:10:59:21 +0800] "GET /xingrg/all/function/internal_message.html?_=1609037947420&CODE_STATE=getMsg HTTP/1.1" 200 27
117.184.7.30 - - [27/Dec/2020:10:59:21 +0800] "GET /xingrg/check_reg.html?_=1609037947447 HTTP/1.1" 200 22
101.228.166.101 - - [27/Dec/2020:10:59:25 +0800] "GET /xingrg/all/function/internal_message.html?_=1609037984595&CODE_STATE=getMsg HTTP/1.1" 200 27
222.69.133.109 - - [27/Dec/2020:10:59:26 +0800] "GET /xingrg/all/function/internal_message.html?_=1609037962424&CODE_STATE=getMsg HTTP/1.1" 200 27
172.17.0.120 - - [27/Dec/2020:10:59:28 +0800] "GET /xingrg/all/function/internal_message.html?_=1609037964027&CODE_STATE=getMsg HTTP/1.1" 200 27
172.17.0.120 - - [27/Dec/2020:10:59:28 +0800] "GET /xingrg/check_reg.html?_=1609037964028 HTTP/1.1" 200 22
120.253.135.82 - - [27/Dec/2020:10:59:29 +0800] "GET /xingrg/kc/buy/cgsh_order_list.html HTTP/1.1" 200 45474
120.253.135.82 - - [27/Dec/2020:10:59:30 +0800] "POST /xingrg/kc/buy/cgsh_list_operate.html HTTP/1.1" 200 876
120.253.135.82 - - [27/Dec/2020:10:59:32 +0800] "GET /xingrg/kc/buy/cgsh_order_add.html HTTP/1.1" 200 60228
180.152.104.37 - - [27/Dec/2020:10:59:32 +0800] "GET /xingrg/all/function/internal_message.html?_=1609037969373&CODE_STATE=getMsg HTTP/1.1" 200 27
120.253.135.82 - - [27/Dec/2020:10:59:32 +0800] "GET /xingrg/javascript/easyui/themes/icons/template_new.png HTTP/1.1" 304 -
120.253.135.82 - - [27/Dec/2020:10:59:32 +0800] "POST /xingrg/kc/buy/cgsh_order_operate.html HTTP/1.1" 200 8245
120.253.135.82 - - [27/Dec/2020:10:59:32 +0800] "GET /xingrg/all/common/auto_word.html?type=employee&rest_code=00101 HTTP/1.1" 200 1173
120.253.135.82 - - [27/Dec/2020:10:59:32 +0800] "GET /xingrg/all/common/auto_word.html?type=employee&rest_code=00101 HTTP/1.1" 200 1173
120.253.135.82 - - [27/Dec/2020:10:59:32 +0800] "GET /xingrg/javascript/easyui/themes/default/validatebox.css HTTP/1.1" 404 1104
58.35.244.144 - - [27/Dec/2020:10:59:33 +0800] "GET /xingrg/all/function/internal_message.html?_=1609038118206&CODE_STATE=getMsg HTTP/1.1" 200 27
180.157.253.48 - - [27/Dec/2020:10:59:33 +0800] "GET /xingrg/check_reg.html?_=1609037970656 HTTP/1.1" 200 22
180.152.104.37 - - [27/Dec/2020:10:59:33 +0800] "GET /xingrg/all/function/internal_message.html?_=1609038204569&CODE_STATE=getMsg HTTP/1.1" 200 27
180.157.253.48 - - [27/Dec/2020:10:59:33 +0800] "GET /xingrg/all/function/internal_message.html?_=1609037971415&CODE_STATE=getMsg HTTP/1.1" 200 27
101.85.93.83 - - [27/Dec/2020:10:59:37 +0800] "GET /xingrg/all/function/internal_message.html?_=1609037661590&CODE_STATE=getMsg HTTP/1.1" 200 27
180.162.223.42 - - [27/Dec/2020:10:59:38 +0800] "GET /xingrg/kc/buy/cgsh_order_operate.html?command=get_materiel&rest_code=00105&code=00101006150&supplier_code=00100323&order_time=2020-12-27 HTTP/1.1" 200 413
117.185.32.26 - - [27/Dec/2020:10:59:42 +0800] "GET /xingrg/all/function/internal_message.html?_=1609038446181&CODE_STATE=getMsg HTTP/1.1" 200 27
120.253.135.82 - - [27/Dec/2020:10:59:45 +0800] "POST /xingrg/all/common/load_combo.html?type=employee HTTP/1.1" 200 2101
180.162.223.42 - - [27/Dec/2020:10:59:47 +0800] "GET /xingrg/kc/buy/cgsh_order_operate.html?command=get_materiel&rest_code=00105&code=00101010468&supplier_code=00100323&order_time=2020-12-27 HTTP/1.1" 200 400
117.185.32.26 - - [27/Dec/2020:10:59:48 +0800] "GET /xingrg/all/function/internal_message.html?_=1609037983878&CODE_STATE=getMsg HTTP/1.1" 200 27
120.253.135.82 - - [27/Dec/2020:10:59:51 +0800] "GET /xingrg/all/function/internal_message.html?_=1609037742614&CODE_STATE=getMsg HTTP/1.1" 200 27
116.232.51.115 - - [27/Dec/2020:10:59:51 +0800] "GET /xingrg/all/function/internal_message.html?_=1609038004025&CODE_STATE=getMsg HTTP/1.1" 200 27
172.17.0.123 - - [27/Dec/2020:10:59:52 +0800] "GET /xingrg/check_reg.html?_=1609037898690 HTTP/1.1" 200 22
172.17.0.123 - - [27/Dec/2020:10:59:52 +0800] "GET /xingrg/all/function/internal_message.html?_=1609037898692&CODE_STATE=getMsg HTTP/1.1" 200 27
180.156.237.57 - - [27/Dec/2020:10:59:52 +0800] "GET /xingrg/all/function/internal_message.html?_=1609037973384&CODE_STATE=getMsg HTTP/1.1" 200 27
222.69.134.220 - - [27/Dec/2020:10:59:56 +0800] "GET /xingrg/all/function/internal_message.html?_=1609037992790&CODE_STATE=getMsg HTTP/1.1" 200 27
180.162.223.42 - - [27/Dec/2020:10:59:58 +0800] "GET /xingrg/kc/buy/cgsh_order_operate.html?command=get_materiel&rest_code=00105&code=00101007106&supplier_code=00100323&order_time=2020-12-27 HTTP/1.1" 200 409
120.253.135.82 - - [27/Dec/2020:10:59:58 +0800] "GET /xingrg/kc/buy/cgsh_order_operate.html?command=get_materiel&rest_code=00101&code=00101018006&supplier_code=00100141&order_time=2020-12-27 HTTP/1.1" 200 443
180.156.237.57 - - [27/Dec/2020:10:59:58 +0800] "GET /xingrg/all/function/internal_message.html?_=1609037979188&CODE_STATE=getMsg HTTP/1.1" 200 27
120.253.135.82 - - [27/Dec/2020:11:00:00 +0800] "POST /xingrg/all/common/load_select.html HTTP/1.1" 200 25
180.156.237.57 - - [27/Dec/2020:11:00:01 +0800] "GET /xingrg/all/function/internal_message.html?_=1609038004906&CODE_STATE=getMsg HTTP/1.1" 200 27
180.152.104.37 - - [27/Dec/2020:11:00:01 +0800] "GET /xingrg/kc/buy/cgyd_order_list.html HTTP/1.1" 200 44940
180.152.104.37 - - [27/Dec/2020:11:00:01 +0800] "GET /xingrg/kc/buy/cgsh_order_list.html HTTP/1.1" 200 45474
172.17.0.185 - - [27/Dec/2020:11:00:01 +0800] "GET /xingrg/check_reg.html?_=1609037997234 HTTP/1.1" 200 22
172.17.0.185 - - [27/Dec/2020:11:00:01 +0800] "GET /xingrg/all/function/internal_message.html?_=1609037997236&CODE_STATE=getMsg HTTP/1.1" 200 27
180.152.104.37 - - [27/Dec/2020:11:00:02 +0800] "POST /xingrg/kc/buy/cgyd_list_operate.html HTTP/1.1" 200 976
180.152.104.37 - - [27/Dec/2020:11:00:02 +0800] "POST /xingrg/kc/buy/cgsh_list_operate.html HTTP/1.1" 200 876
120.253.135.82 - - [27/Dec/2020:11:00:04 +0800] "GET /xingrg/kc/buy/cgsh_order_operate.html?command=get_materiel_price&rest_code=00101&code=00101018006&unit_code=00100169&supplier_code=00100141&order_time=2020-12-27 HTTP/1.1" 200 29
116.228.172.94 - - [27/Dec/2020:11:00:05 +0800] "GET /xingrg/all/function/internal_message.html?_=1609038002045&CODE_STATE=getMsg HTTP/1.1" 200 27
117.185.32.26 - - [27/Dec/2020:11:00:07 +0800] "GET /xingrg/kc/buy/cgsh_order_operate.html?command=get_materiel&rest_code=00106&code=00101002016&supplier_code=00100347&order_time=2020-12-27 HTTP/1.1" 200 413
172.17.0.240 - - [27/Dec/2020:11:00:08 +0800] "GET /xingrg/all/function/internal_message.html?_=1609038002951&CODE_STATE=getMsg HTTP/1.1" 200 27
180.162.223.42 - - [27/Dec/2020:11:00:14 +0800] "GET /xingrg/kc/buy/cgsh_order_operate.html?command=get_materiel&rest_code=00105&code=00101004017&supplier_code=00100323&order_time=2020-12-27 HTTP/1.1" 200 413
222.69.133.109 - - [27/Dec/2020:11:00:18 +0800] "GET /xingrg/kc/base/wldb_order_add.html HTTP/1.1" 200 30514
222.69.133.109 - - [27/Dec/2020:11:00:19 +0800] "POST /xingrg/kc/base/wldb_order_operate.html HTTP/1.1" 200 6806
222.69.133.109 - - [27/Dec/2020:11:00:19 +0800] "GET /xingrg/javascript/easyui/themes/default/validatebox.css HTTP/1.1" 404 1104
180.162.223.42 - - [27/Dec/2020:11:00:19 +0800] "GET /xingrg/all/function/internal_message.html?_=1609038015266&CODE_STATE=getMsg HTTP/1.1" 200 27
58.35.244.144 - - [27/Dec/2020:11:00:20 +0800] "GET /xingrg/all/function/internal_message.html?_=1609038015095&CODE_STATE=getMsg HTTP/1.1" 302 -
120.253.135.82 - - [27/Dec/2020:11:00:21 +0800] "POST /xingrg/kc/buy/cgsh_order_operate.html HTTP/1.1" 200 37
117.184.7.30 - - [27/Dec/2020:11:00:21 +0800] "GET /xingrg/all/function/internal_message.html?_=1609038007417&CODE_STATE=getMsg HTTP/1.1" 200 27
120.253.135.82 - - [27/Dec/2020:11:00:22 +0800] "POST /xingrg/kc/buy/cgsh_order_operate.html HTTP/1.1" 200 2673
180.152.104.37 - - [27/Dec/2020:11:00:22 +0800] "GET /xingrg/kc/buy/cgth_order_list.html HTTP/1.1" 200 44876
180.152.104.37 - - [27/Dec/2020:11:00:22 +0800] "GET /xingrg/kc/buy/cgsh_order_list.html HTTP/1.1" 200 45474
180.152.104.37 - - [27/Dec/2020:11:00:23 +0800] "POST /xingrg/kc/buy/cgth_list_operate.html HTTP/1.1" 200 1035
180.152.104.37 - - [27/Dec/2020:11:00:23 +0800] "POST /xingrg/kc/buy/cgsh_list_operate.html HTTP/1.1" 200 876
222.69.133.109 - - [27/Dec/2020:11:00:23 +0800] "POST /xingrg/all/common/load_combo.html?type=base HTTP/1.1" 200 1224
120.253.135.82 - - [27/Dec/2020:11:00:24 +0800] "GET /xingrg/kc/print/load_config.html?kc_code=cgsh HTTP/1.1" 200 1845
120.253.135.82 - - [27/Dec/2020:11:00:25 +0800] "GET /xingrg/kc/print/load_data.html?order_code=212020122710903&kc_code=cgsh&condition= HTTP/1.1" 200 677
101.228.166.101 - - [27/Dec/2020:11:00:25 +0800] "GET /xingrg/all/function/internal_message.html?_=1609038044609&CODE_STATE=getMsg HTTP/1.1" 200 27
222.69.133.109 - - [27/Dec/2020:11:00:26 +0800] "GET /xingrg/all/function/internal_message.html?_=1609038022441&CODE_STATE=getMsg HTTP/1.1" 200 27
222.69.133.109 - - [27/Dec/2020:11:00:26 +0800] "GET /xingrg/check_reg.html?_=1609038022446 HTTP/1.1" 200 22
222.69.133.109 - - [27/Dec/2020:11:00:26 +0800] "POST /xingrg/all/common/load_combo.html?type=base HTTP/1.1" 200 1224
172.17.0.120 - - [27/Dec/2020:11:00:28 +0800] "GET /xingrg/all/function/internal_message.html?_=1609038024029&CODE_STATE=getMsg HTTP/1.1" 200 27
180.152.104.37 - - [27/Dec/2020:11:00:32 +0800] "GET /xingrg/all/function/internal_message.html?_=1609038029415&CODE_STATE=getMsg HTTP/1.1" 200 27
58.35.244.144 - - [27/Dec/2020:11:00:33 +0800] "GET /xingrg/all/function/internal_message.html?_=1609038178187&CODE_STATE=getMsg HTTP/1.1" 200 27
180.152.104.37 - - [27/Dec/2020:11:00:33 +0800] "GET /xingrg/all/function/internal_message.html?_=1609038264584&CODE_STATE=getMsg HTTP/1.1" 200 27
180.157.253.48 - - [27/Dec/2020:11:00:33 +0800] "GET /xingrg/all/function/internal_message.html?_=1609038031394&CODE_STATE=getMsg HTTP/1.1" 200 27
101.228.166.101 - - [27/Dec/2020:11:00:35 +0800] "GET /xingrg/kc/buy/cgsh_order_operate.html?command=get_materiel&rest_code=00146&code=00101010161&supplier_code=00100041&order_time=2020-12-27 HTTP/1.1" 200 428
222.69.133.109 - - [27/Dec/2020:11:00:36 +0800] "GET /xingrg/kc/base/wldb_order_operate.html?command=get_materiel&rest_code=00154&base_code=0010724&code=00101019071 HTTP/1.1" 200 455
101.85.93.83 - - [27/Dec/2020:11:00:37 +0800] "GET /xingrg/all/function/internal_message.html?_=1609037721614&CODE_STATE=getMsg HTTP/1.1" 200 27
117.185.32.26 - - [27/Dec/2020:11:00:42 +0800] "GET /xingrg/all/function/internal_message.html?_=1609038506155&CODE_STATE=getMsg HTTP/1.1" 200 27
120.204.17.73 - - [27/Dec/2020:11:00:46 +0800] "GET /xingrg/all/function/internal_message.html?_=1609037676513&CODE_STATE=getMsg HTTP/1.1" 302 -
117.185.32.26 - - [27/Dec/2020:11:00:48 +0800] "GET /xingrg/all/function/internal_message.html?_=1609038043845&CODE_STATE=getMsg HTTP/1.1" 200 27
101.228.166.101 - - [27/Dec/2020:11:00:51 +0800] "GET /xingrg/kc/buy/cgsh_order_operate.html?command=get_materiel&rest_code=00146&code=00101006067&supplier_code=00100041&order_time=2020-12-27 HTTP/1.1" 200 409
222.69.133.109 - - [27/Dec/2020:11:00:51 +0800] "GET /xingrg/kc/base/wldb_order_operate.html?command=get_materiel&rest_code=00154&base_code=0010724&code=00101019015 HTTP/1.1" 200 436
120.253.135.82 - - [27/Dec/2020:11:00:51 +0800] "GET /xingrg/all/function/internal_message.html?_=1609037802628&CODE_STATE=getMsg HTTP/1.1" 200 27
116.232.51.115 - - [27/Dec/2020:11:00:51 +0800] "GET /xingrg/all/function/internal_message.html?_=1609038064015&CODE_STATE=getMsg HTTP/1.1" 200 27
172.17.0.123 - - [27/Dec/2020:11:00:52 +0800] "GET /xingrg/all/function/internal_message.html?_=1609037958678&CODE_STATE=getMsg HTTP/1.1" 200 27
180.156.237.57 - - [27/Dec/2020:11:00:52 +0800] "GET /xingrg/all/function/internal_message.html?_=1609038033405&CODE_STATE=getMsg HTTP/1.1" 200 27
120.204.17.73 - - [27/Dec/2020:11:00:55 +0800] "GET /xingrg/login.html HTTP/1.1" 200 7641
222.69.134.220 - - [27/Dec/2020:11:00:56 +0800] "GET /xingrg/all/function/internal_message.html?_=1609038052788&CODE_STATE=getMsg HTTP/1.1" 200 27
222.69.134.220 - - [27/Dec/2020:11:00:56 +0800] "GET /xingrg/check_reg.html?_=1609038052791 HTTP/1.1" 200 22
180.156.237.57 - - [27/Dec/2020:11:00:58 +0800] "GET /xingrg/all/function/internal_message.html?_=1609038039208&CODE_STATE=getMsg HTTP/1.1" 200 27
222.69.133.109 - - [27/Dec/2020:11:01:00 +0800] "GET /xingrg/kc/base/wldb_order_operate.html?command=get_materiel&rest_code=00154&base_code=0010724&code=00101019391 HTTP/1.1" 200 471
180.156.237.57 - - [27/Dec/2020:11:01:01 +0800] "GET /xingrg/all/function/internal_message.html?_=1609038064909&CODE_STATE=getMsg HTTP/1.1" 200 27
101.228.166.101 - - [27/Dec/2020:11:01:01 +0800] "GET /xingrg/kc/buy/cgsh_order_operate.html?command=get_materiel&rest_code=00146&code=00101018007&supplier_code=00100041&order_time=2020-12-27 HTTP/1.1" 200 409
117.185.32.26 - - [27/Dec/2020:11:01:01 +0800] "GET /xingrg/check_reg.html?_=1609038057363 HTTP/1.1" 200 22
172.17.0.185 - - [27/Dec/2020:11:01:01 +0800] "GET /xingrg/all/function/internal_message.html?_=1609038057237&CODE_STATE=getMsg HTTP/1.1" 200 27
116.228.172.94 - - [27/Dec/2020:11:01:05 +0800] "GET /xingrg/check_reg.html?_=1609038061810 HTTP/1.1" 200 22
116.228.172.94 - - [27/Dec/2020:11:01:05 +0800] "GET /xingrg/all/function/internal_message.html?_=1609038062030&CODE_STATE=getMsg HTTP/1.1" 200 27
172.17.0.240 - - [27/Dec/2020:11:01:08 +0800] "GET /xingrg/all/function/internal_message.html?_=1609038062953&CODE_STATE=getMsg HTTP/1.1" 200 27
101.228.166.101 - - [27/Dec/2020:11:01:11 +0800] "GET /xingrg/kc/buy/cgsh_order_operate.html?command=get_materiel&rest_code=00146&code=00101001075&supplier_code=00100041&order_time=2020-12-27 HTTP/1.1" 200 409
180.162.223.42 - - [27/Dec/2020:11:01:19 +0800] "GET /xingrg/all/function/internal_message.html?_=1609038075280&CODE_STATE=getMsg HTTP/1.1" 200 27
58.35.244.144 - - [27/Dec/2020:11:01:20 +0800] "GET /xingrg/all/function/internal_message.html?_=1609038075112&CODE_STATE=getMsg HTTP/1.1" 302 -
117.184.7.30 - - [27/Dec/2020:11:01:21 +0800] "GET /xingrg/all/function/internal_message.html?_=1609038067418&CODE_STATE=getMsg HTTP/1.1" 200 27
101.228.166.101 - - [27/Dec/2020:11:01:22 +0800] "POST /xingrg/kc/buy/cgsh_order_operate.html HTTP/1.1" 200 37
101.228.166.101 - - [27/Dec/2020:11:01:24 +0800] "POST /xingrg/kc/buy/cgsh_order_operate.html HTTP/1.1" 200 4416
101.228.166.101 - - [27/Dec/2020:11:01:25 +0800] "GET /xingrg/all/function/internal_message.html?_=1609038104624&CODE_STATE=getMsg HTTP/1.1" 200 27
222.69.133.109 - - [27/Dec/2020:11:01:26 +0800] "GET /xingrg/all/function/internal_message.html?_=1609038082430&CODE_STATE=getMsg HTTP/1.1" 200 27
120.253.135.82 - - [27/Dec/2020:11:01:27 +0800] "GET /xingrg/check_reg.html?_=1609038134906 HTTP/1.1" 200 22
101.228.166.101 - - [27/Dec/2020:11:01:27 +0800] "GET /xingrg/kc/print/load_data.html?order_code=212020122710904&kc_code=cgsh&condition= HTTP/1.1" 200 1351
172.17.0.120 - - [27/Dec/2020:11:01:28 +0800] "GET /xingrg/all/function/internal_message.html?_=1609038084030&CODE_STATE=getMsg HTTP/1.1" 200 27
180.152.104.37 - - [27/Dec/2020:11:01:32 +0800] "GET /xingrg/all/function/internal_message.html?_=1609038089431&CODE_STATE=getMsg HTTP/1.1" 200 27
58.35.244.144 - - [27/Dec/2020:11:01:33 +0800] "GET /xingrg/all/function/internal_message.html?_=1609038238158&CODE_STATE=getMsg HTTP/1.1" 200 27
58.35.244.144 - - [27/Dec/2020:11:01:33 +0800] "GET /xingrg/check_reg.html?_=1609038238664 HTTP/1.1" 200 22
180.152.104.37 - - [27/Dec/2020:11:01:33 +0800] "GET /xingrg/all/function/internal_message.html?_=1609038324973&CODE_STATE=getMsg HTTP/1.1" 200 27
180.157.253.48 - - [27/Dec/2020:11:01:33 +0800] "GET /xingrg/all/function/internal_message.html?_=1609038091376&CODE_STATE=getMsg HTTP/1.1" 200 27
101.85.93.83 - - [27/Dec/2020:11:01:37 +0800] "GET /xingrg/all/function/internal_message.html?_=1609037781613&CODE_STATE=getMsg HTTP/1.1" 200 27
58.35.244.144 - - [27/Dec/2020:11:01:40 +0800] "GET /xingrg/check_reg.html?_=1609038095877 HTTP/1.1" 302 -
117.185.32.26 - - [27/Dec/2020:11:01:42 +0800] "GET /xingrg/all/function/internal_message.html?_=1609038566136&CODE_STATE=getMsg HTTP/1.1" 200 27
222.69.133.109 - - [27/Dec/2020:11:01:47 +0800] "GET /xingrg/kc/base/wldb_order_operate.html?command=get_materiel&rest_code=00154&base_code=0010724&code=00101008542 HTTP/1.1" 200 425
117.185.32.26 - - [27/Dec/2020:11:01:48 +0800] "GET /xingrg/all/function/internal_message.html?_=1609038103821&CODE_STATE=getMsg HTTP/1.1" 200 27
101.228.166.101 - - [27/Dec/2020:11:01:49 +0800] "GET /xingrg/kc/buy/cgsh_order_add.html HTTP/1.1" 200 61217
101.228.166.101 - - [27/Dec/2020:11:01:50 +0800] "GET /xingrg/javascript/easyui/themes/default/validatebox.css HTTP/1.1" 404 1104
101.228.166.101 - - [27/Dec/2020:11:01:50 +0800] "POST /xingrg/kc/buy/cgsh_order_operate.html HTTP/1.1" 200 8245
120.253.135.82 - - [27/Dec/2020:11:01:51 +0800] "GET /xingrg/all/function/internal_message.html?_=1609037862642&CODE_STATE=getMsg HTTP/1.1" 200 27
116.232.51.115 - - [27/Dec/2020:11:01:51 +0800] "GET /xingrg/all/function/internal_message.html?_=1609038124015&CODE_STATE=getMsg HTTP/1.1" 200 27
172.17.0.123 - - [27/Dec/2020:11:01:52 +0800] "GET /xingrg/all/function/internal_message.html?_=1609038018681&CODE_STATE=getMsg HTTP/1.1" 200 27
180.156.237.57 - - [27/Dec/2020:11:01:52 +0800] "GET /xingrg/all/function/internal_message.html?_=1609038093412&CODE_STATE=getMsg HTTP/1.1" 200 27
222.69.134.220 - - [27/Dec/2020:11:01:56 +0800] "GET /xingrg/all/function/internal_message.html?_=1609038112794&CODE_STATE=getMsg HTTP/1.1" 200 27
