222.69.133.109 - - [27/Dec/2020:11:01:56 +0800] "GET /xingrg/kc/base/wldb_order_operate.html?command=get_materiel&rest_code=00154&base_code=0010724&code=00101019127 HTTP/1.1" 200 466
180.156.237.57 - - [27/Dec/2020:11:01:58 +0800] "GET /xingrg/all/function/internal_message.html?_=1609038099215&CODE_STATE=getMsg HTTP/1.1" 200 27
101.93.222.235 - - [27/Dec/2020:11:02:00 +0800] "POST /xingrg/services/DataTransmitService HTTP/1.1" 200 524
101.93.222.235 - - [27/Dec/2020:11:02:00 +0800] "POST /xingrg/services/DataTransmitService HTTP/1.1" 200 501
180.156.237.57 - - [27/Dec/2020:11:02:01 +0800] "GET /xingrg/check_reg.html?_=1609038124908 HTTP/1.1" 200 22
180.156.237.57 - - [27/Dec/2020:11:02:01 +0800] "GET /xingrg/all/function/internal_message.html?_=1609038124911&CODE_STATE=getMsg HTTP/1.1" 200 27
172.17.0.185 - - [27/Dec/2020:11:02:01 +0800] "GET /xingrg/all/function/internal_message.html?_=1609038117241&CODE_STATE=getMsg HTTP/1.1" 200 27
180.162.223.42 - - [27/Dec/2020:11:02:04 +0800] "GET /xingrg/kc/buy/cgsh_order_operate.html?command=get_materiel&rest_code=00105&code=00101007167&supplier_code=00100323&order_time=2020-12-27 HTTP/1.1" 200 401
116.228.172.94 - - [27/Dec/2020:11:02:05 +0800] "GET /xingrg/all/function/internal_message.html?_=1609038122027&CODE_STATE=getMsg HTTP/1.1" 200 27
101.228.166.101 - - [27/Dec/2020:11:02:08 +0800] "GET /xingrg/kc/buy/cgsh_order_operate.html?command=get_materiel&rest_code=00146&code=00101006109&supplier_code=00100012&order_time=2020-12-27 HTTP/1.1" 200 409
172.17.0.240 - - [27/Dec/2020:11:02:08 +0800] "GET /xingrg/all/function/internal_message.html?_=1609038122955&CODE_STATE=getMsg HTTP/1.1" 200 27
180.162.223.42 - - [27/Dec/2020:11:02:13 +0800] "POST /xingrg/kc/buy/cgsh_order_operate.html HTTP/1.1" 200 37
180.162.223.42 - - [27/Dec/2020:11:02:14 +0800] "POST /xingrg/kc/buy/cgsh_order_operate.html HTTP/1.1" 200 10395
180.162.223.42 - - [27/Dec/2020:11:02:15 +0800] "GET /xingrg/kc/print/load_data.html?order_code=212020122710905&kc_code=cgsh&condition= HTTP/1.1" 200 3618
183.192.164.214 - - [27/Dec/2020:11:02:17 +0800] "GET /xingrg/kc/print/load_config.html?kc_code=cgsh HTTP/1.1" 302 -
180.162.223.42 - - [27/Dec/2020:11:02:19 +0800] "GET /xingrg/all/function/internal_message.html?_=1609038135220&CODE_STATE=getMsg HTTP/1.1" 200 27
180.162.223.42 - - [27/Dec/2020:11:02:19 +0800] "GET /xingrg/check_reg.html?_=1609038135360 HTTP/1.1" 200 22
180.162.223.42 - - [27/Dec/2020:11:02:19 +0800] "GET /xingrg/kc/buy/cgsh_order_add.html HTTP/1.1" 200 61258
180.162.223.42 - - [27/Dec/2020:11:02:20 +0800] "GET /xingrg/javascript/easyui/themes/default/validatebox.css HTTP/1.1" 404 1104
180.162.223.42 - - [27/Dec/2020:11:02:20 +0800] "POST /xingrg/kc/buy/cgsh_order_operate.html HTTP/1.1" 200 8245
58.35.244.144 - - [27/Dec/2020:11:02:20 +0800] "GET /xingrg/all/function/internal_message.html?_=1609038135121&CODE_STATE=getMsg HTTP/1.1" 302 -
117.184.7.30 - - [27/Dec/2020:11:02:21 +0800] "GET /xingrg/all/function/internal_message.html?_=1609038127420&CODE_STATE=getMsg HTTP/1.1" 200 27
101.228.166.101 - - [27/Dec/2020:11:02:21 +0800] "GET /xingrg/kc/buy/cgsh_order_operate.html?command=get_materiel&rest_code=00146&code=00101006058&supplier_code=00100012&order_time=2020-12-27 HTTP/1.1" 200 413
222.69.133.109 - - [27/Dec/2020:11:02:23 +0800] "GET /xingrg/kc/base/wldb_order_operate.html?command=get_materiel&rest_code=00154&base_code=0010724&code=00101019505 HTTP/1.1" 200 478
101.228.166.101 - - [27/Dec/2020:11:02:25 +0800] "GET /xingrg/all/function/internal_message.html?_=1609038164636&CODE_STATE=getMsg HTTP/1.1" 200 27
222.69.133.109 - - [27/Dec/2020:11:02:26 +0800] "GET /xingrg/all/function/internal_message.html?_=1609038142443&CODE_STATE=getMsg HTTP/1.1" 200 27
183.192.164.214 - - [27/Dec/2020:11:02:27 +0800] "GET /xingrg/login.html HTTP/1.1" 200 7641
172.17.0.120 - - [27/Dec/2020:11:02:28 +0800] "GET /xingrg/all/function/internal_message.html?_=1609038144031&CODE_STATE=getMsg HTTP/1.1" 200 27
180.162.223.42 - - [27/Dec/2020:11:02:29 +0800] "GET /xingrg/kc/buy/cgsh_order_operate.html?command=get_materiel&rest_code=00105&code=00101010209&supplier_code=00100322&order_time=2020-12-27 HTTP/1.1" 200 441
180.162.223.42 - - [27/Dec/2020:11:02:30 +0800] "POST /xingrg/all/common/load_select.html HTTP/1.1" 200 25
180.152.104.37 - - [27/Dec/2020:11:02:32 +0800] "GET /xingrg/all/function/internal_message.html?_=1609038149444&CODE_STATE=getMsg HTTP/1.1" 200 27
58.35.244.144 - - [27/Dec/2020:11:02:33 +0800] "GET /xingrg/all/function/internal_message.html?_=1609038298125&CODE_STATE=getMsg HTTP/1.1" 200 27
180.162.223.42 - - [27/Dec/2020:11:02:33 +0800] "GET /xingrg/kc/buy/cgsh_order_operate.html?command=get_materiel_price&rest_code=00105&code=00101010209&unit_code=00100076&supplier_code=00100322&order_time=2020-12-27 HTTP/1.1" 200 30
180.157.253.48 - - [27/Dec/2020:11:02:34 +0800] "GET /xingrg/all/function/internal_message.html?_=1609038151359&CODE_STATE=getMsg HTTP/1.1" 200 27
180.152.104.37 - - [27/Dec/2020:11:02:34 +0800] "GET /xingrg/all/function/internal_message.html?_=1609038384987&CODE_STATE=getMsg HTTP/1.1" 200 27
101.228.166.101 - - [27/Dec/2020:11:02:36 +0800] "GET /xingrg/kc/buy/cgsh_order_operate.html?command=get_materiel&rest_code=00146&code=00101006130&supplier_code=00100012&order_time=2020-12-27 HTTP/1.1" 200 427
101.85.93.83 - - [27/Dec/2020:11:02:37 +0800] "GET /xingrg/all/function/internal_message.html?_=1609037841611&CODE_STATE=getMsg HTTP/1.1" 200 27
117.185.32.26 - - [27/Dec/2020:11:02:41 +0800] "GET /xingrg/check_reg.html?_=1609038624798 HTTP/1.1" 200 22
117.185.32.26 - - [27/Dec/2020:11:02:42 +0800] "GET /xingrg/all/function/internal_message.html?_=1609038626140&CODE_STATE=getMsg HTTP/1.1" 200 27
117.185.32.26 - - [27/Dec/2020:11:02:48 +0800] "GET /xingrg/all/function/internal_message.html?_=1609038163798&CODE_STATE=getMsg HTTP/1.1" 200 27
180.162.223.42 - - [27/Dec/2020:11:02:49 +0800] "GET /xingrg/kc/buy/cgsh_order_operate.html?command=get_materiel&rest_code=00105&code=00101007144&supplier_code=00100322&order_time=2020-12-27 HTTP/1.1" 200 428
183.192.164.71 - - [27/Dec/2020:11:02:51 +0800] "GET /xingrg/all/function/internal_message.html?_=1609037736485&CODE_STATE=getMsg HTTP/1.1" 302 -
120.253.135.82 - - [27/Dec/2020:11:02:51 +0800] "GET /xingrg/all/function/internal_message.html?_=1609037922655&CODE_STATE=getMsg HTTP/1.1" 200 27
116.232.51.115 - - [27/Dec/2020:11:02:51 +0800] "GET /xingrg/check_reg.html?_=1609038184023 HTTP/1.1" 200 22
116.232.51.115 - - [27/Dec/2020:11:02:51 +0800] "GET /xingrg/all/function/internal_message.html?_=1609038184024&CODE_STATE=getMsg HTTP/1.1" 200 27
172.17.0.123 - - [27/Dec/2020:11:02:52 +0800] "GET /xingrg/all/function/internal_message.html?_=1609038078683&CODE_STATE=getMsg HTTP/1.1" 200 27
180.156.237.57 - - [27/Dec/2020:11:02:52 +0800] "GET /xingrg/all/function/internal_message.html?_=1609038153433&CODE_STATE=getMsg HTTP/1.1" 200 27
222.69.134.220 - - [27/Dec/2020:11:02:56 +0800] "GET /xingrg/all/function/internal_message.html?_=1609038172793&CODE_STATE=getMsg HTTP/1.1" 200 27
101.228.166.101 - - [27/Dec/2020:11:02:57 +0800] "GET /xingrg/kc/buy/cgsh_order_operate.html?command=get_materiel&rest_code=00146&code=00101006129&supplier_code=00100012&order_time=2020-12-27 HTTP/1.1" 200 431
180.156.237.57 - - [27/Dec/2020:11:02:58 +0800] "GET /xingrg/all/function/internal_message.html?_=1609038159236&CODE_STATE=getMsg HTTP/1.1" 200 27
183.192.164.71 - - [27/Dec/2020:11:03:01 +0800] "GET /xingrg/login.html HTTP/1.1" 200 7641
180.156.237.57 - - [27/Dec/2020:11:03:01 +0800] "GET /xingrg/all/function/internal_message.html?_=1609038184916&CODE_STATE=getMsg HTTP/1.1" 200 27
172.17.0.185 - - [27/Dec/2020:11:03:01 +0800] "GET /xingrg/all/function/internal_message.html?_=1609038177246&CODE_STATE=getMsg HTTP/1.1" 200 27
116.228.172.94 - - [27/Dec/2020:11:03:05 +0800] "GET /xingrg/all/function/internal_message.html?_=1609038182017&CODE_STATE=getMsg HTTP/1.1" 200 27
172.17.0.240 - - [27/Dec/2020:11:03:08 +0800] "GET /xingrg/all/function/internal_message.html?_=1609038182941&CODE_STATE=getMsg HTTP/1.1" 200 27
222.69.133.109 - - [27/Dec/2020:11:03:09 +0800] "GET /xingrg/kc/base/wldb_order_operate.html?command=get_materiel&rest_code=00154&base_code=0010724&code=00101019308 HTTP/1.1" 200 478
101.228.166.101 - - [27/Dec/2020:11:03:09 +0800] "GET /xingrg/kc/buy/cgsh_order_operate.html?command=get_materiel&rest_code=00146&code=00101006055&supplier_code=00100012&order_time=2020-12-27 HTTP/1.1" 200 409
180.152.104.37 - - [27/Dec/2020:11:03:14 +0800] "GET /xingrg/kc/buy/cgsh_order_list.html HTTP/1.1" 200 45474
180.152.104.37 - - [27/Dec/2020:11:03:15 +0800] "POST /xingrg/kc/buy/cgsh_list_operate.html HTTP/1.1" 200 876
180.152.104.37 - - [27/Dec/2020:11:03:17 +0800] "GET /xingrg/kc/buy/cgsh_order_add.html HTTP/1.1" 200 61176
180.152.104.37 - - [27/Dec/2020:11:03:17 +0800] "GET /xingrg/javascript/pic_change.js HTTP/1.1" 304 -
180.152.104.37 - - [27/Dec/2020:11:03:17 +0800] "GET /xingrg/javascript/jquery_tools/order_manager.js HTTP/1.1" 304 -
180.152.104.37 - - [27/Dec/2020:11:03:17 +0800] "GET /xingrg/javascript/convert.js HTTP/1.1" 304 -
180.152.104.37 - - [27/Dec/2020:11:03:17 +0800] "GET /xingrg/javascript/json2.js HTTP/1.1" 304 -
180.152.104.37 - - [27/Dec/2020:11:03:17 +0800] "GET /xingrg/javascript/print/kc_print.js HTTP/1.1" 304 -
180.152.104.37 - - [27/Dec/2020:11:03:17 +0800] "GET /xingrg/words/20201226173115_words.js HTTP/1.1" 200 782383
180.152.104.37 - - [27/Dec/2020:11:03:17 +0800] "POST /xingrg/kc/buy/cgsh_order_operate.html HTTP/1.1" 200 8245
180.152.104.37 - - [27/Dec/2020:11:03:18 +0800] "GET /xingrg/all/common/auto_word.html?type=employee&rest_code=00102 HTTP/1.1" 200 189
180.152.104.37 - - [27/Dec/2020:11:03:18 +0800] "GET /xingrg/all/common/auto_word.html?type=employee&rest_code=00102 HTTP/1.1" 200 189
180.152.104.37 - - [27/Dec/2020:11:03:18 +0800] "GET /xingrg/javascript/easyui/themes/default/validatebox.css HTTP/1.1" 404 1104
180.152.104.37 - - [27/Dec/2020:11:03:18 +0800] "GET /xingrg/javascript/easyui/plugins/jquery.validatebox.js HTTP/1.1" 304 -
180.152.104.37 - - [27/Dec/2020:11:03:18 +0800] "GET /xingrg/javascript/easyui/plugins/jquery.numberbox.js HTTP/1.1" 304 -
180.162.223.42 - - [27/Dec/2020:11:03:19 +0800] "GET /xingrg/kc/buy/cgsh_order_operate.html?command=get_materiel&rest_code=00105&code=00101006158&supplier_code=00100322&order_time=2020-12-27 HTTP/1.1" 200 436
180.162.223.42 - - [27/Dec/2020:11:03:19 +0800] "GET /xingrg/all/function/internal_message.html?_=1609038195196&CODE_STATE=getMsg HTTP/1.1" 200 27
58.35.244.144 - - [27/Dec/2020:11:03:20 +0800] "GET /xingrg/all/function/internal_message.html?_=1609038195142&CODE_STATE=getMsg HTTP/1.1" 302 -
117.184.7.30 - - [27/Dec/2020:11:03:21 +0800] "GET /xingrg/all/function/internal_message.html?_=1609038187421&CODE_STATE=getMsg HTTP/1.1" 200 27
180.156.237.57 - - [27/Dec/2020:11:03:21 +0800] "GET /xingrg/kc/base/yddb_order_list.html HTTP/1.1" 200 16951
180.156.237.57 - - [27/Dec/2020:11:03:21 +0800] "POST /xingrg/kc/base/yddb_list_operate.html HTTP/1.1" 200 636
180.152.104.37 - - [27/Dec/2020:11:03:23 +0800] "GET /xingrg/javascript/auto/indicator.gif HTTP/1.1" 404 1066
180.156.237.57 - - [27/Dec/2020:11:03:23 +0800] "GET /xingrg/kc/base/yddb_order_add.html HTTP/1.1" 200 29753
180.156.237.57 - - [27/Dec/2020:11:03:23 +0800] "GET /xingrg/dwr/interface/AjaxComOrderService.js HTTP/1.1" 200 18264
180.156.237.57 - - [27/Dec/2020:11:03:23 +0800] "GET /xingrg/dwr/interface/AjaxYddbService.js HTTP/1.1" 200 13201
180.156.237.57 - - [27/Dec/2020:11:03:23 +0800] "GET /xingrg/dwr/engine.js HTTP/1.1" 200 43631
222.69.133.109 - - [27/Dec/2020:11:03:23 +0800] "GET /xingrg/kc/base/wldb_order_operate.html?command=get_materiel&rest_code=00154&base_code=0010724&code=00101019253 HTTP/1.1" 200 467
180.152.104.37 - - [27/Dec/2020:11:03:24 +0800] "GET /xingrg/javascript/jquery_tools/images/prev.gif HTTP/1.1" 404 1086
180.152.104.37 - - [27/Dec/2020:11:03:24 +0800] "GET /xingrg/javascript/jquery_tools/images/next.gif HTTP/1.1" 404 1086
180.162.223.42 - - [27/Dec/2020:11:03:24 +0800] "POST /xingrg/kc/buy/cgsh_order_operate.html HTTP/1.1" 200 37
183.192.164.214 - - [27/Dec/2020:11:03:24 +0800] "GET /xingrg/check_reg.html?_=1609037757345 HTTP/1.1" 302 -
101.228.166.101 - - [27/Dec/2020:11:03:25 +0800] "GET /xingrg/all/function/internal_message.html?_=1609038224649&CODE_STATE=getMsg HTTP/1.1" 200 27
180.162.223.42 - - [27/Dec/2020:11:03:25 +0800] "POST /xingrg/kc/buy/cgsh_order_operate.html HTTP/1.1" 200 3909
222.69.133.109 - - [27/Dec/2020:11:03:26 +0800] "GET /xingrg/all/function/internal_message.html?_=1609038202440&CODE_STATE=getMsg HTTP/1.1" 200 27
180.162.223.42 - - [27/Dec/2020:11:03:26 +0800] "GET /xingrg/kc/print/load_data.html?order_code=212020122710906&kc_code=cgsh&condition= HTTP/1.1" 200 1182
172.17.0.120 - - [27/Dec/2020:11:03:28 +0800] "GET /xingrg/all/function/internal_message.html?_=1609038204033&CODE_STATE=getMsg HTTP/1.1" 200 27
180.162.223.42 - - [27/Dec/2020:11:03:30 +0800] "GET /xingrg/kc/buy/cgsh_order_add.html HTTP/1.1" 200 61258
180.162.223.42 - - [27/Dec/2020:11:03:30 +0800] "GET /xingrg/javascript/easyui/themes/default/validatebox.css HTTP/1.1" 404 1104
180.162.223.42 - - [27/Dec/2020:11:03:30 +0800] "POST /xingrg/kc/buy/cgsh_order_operate.html HTTP/1.1" 200 8245
180.152.104.37 - - [27/Dec/2020:11:03:30 +0800] "GET /xingrg/kc/buy/cgsh_order_operate.html?command=get_materiel&rest_code=00102&code=00101008176&supplier_code=00100008&order_time=2020-12-27 HTTP/1.1" 200 413
172.17.0.123 - - [27/Dec/2020:11:03:31 +0800] "GET /xingrg/javascript/jquery_easy_ui/themes/default/images/tabs_active.png HTTP/1.1" 200 2894
180.152.104.37 - - [27/Dec/2020:11:03:32 +0800] "GET /xingrg/check_reg.html?_=1609038209364 HTTP/1.1" 200 22
180.152.104.37 - - [27/Dec/2020:11:03:32 +0800] "GET /xingrg/all/function/internal_message.html?_=1609038209504&CODE_STATE=getMsg HTTP/1.1" 200 27
180.152.104.37 - - [27/Dec/2020:11:03:32 +0800] "GET /xingrg/check_reg.html?_=1609038444270 HTTP/1.1" 200 22
58.35.244.144 - - [27/Dec/2020:11:03:33 +0800] "GET /xingrg/all/function/internal_message.html?_=1609038358099&CODE_STATE=getMsg HTTP/1.1" 200 27
172.17.0.123 - - [27/Dec/2020:11:03:33 +0800] "POST /xingrg/load_menu.html HTTP/1.1" 200 10512
183.192.164.214 - - [27/Dec/2020:11:03:33 +0800] "GET /xingrg/login.html HTTP/1.1" 200 7641
180.152.104.37 - - [27/Dec/2020:11:03:33 +0800] "GET /xingrg/all/function/internal_message.html?_=1609038445000&CODE_STATE=getMsg HTTP/1.1" 200 27
180.157.253.48 - - [27/Dec/2020:11:03:33 +0800] "GET /xingrg/all/function/internal_message.html?_=1609038211343&CODE_STATE=getMsg HTTP/1.1" 200 27
180.156.237.57 - - [27/Dec/2020:11:03:34 +0800] "GET /xingrg/check_reg.html?_=1609038194817 HTTP/1.1" 200 22
180.156.237.57 - - [27/Dec/2020:11:03:34 +0800] "POST /xingrg/kc/base/yddb_list_operate.html HTTP/1.1" 200 3258
172.17.0.123 - - [27/Dec/2020:11:03:34 +0800] "GET /xingrg/all/report/report_query.html?fileName=dma/new_5.0/yingye/order_list.xml HTTP/1.1" 200 55206
222.69.134.220 - - [27/Dec/2020:11:03:34 +0800] "GET /xingrg/kc/buy/cgsh_order_add.html HTTP/1.1" 200 61264
172.17.0.123 - - [27/Dec/2020:11:03:34 +0800] "GET /xingrg/dwr/interface/AjaxReportQueryService.js HTTP/1.1" 200 13203
172.17.0.123 - - [27/Dec/2020:11:03:34 +0800] "GET /xingrg/dwr/engine.js HTTP/1.1" 200 43631
172.17.0.123 - - [27/Dec/2020:11:03:34 +0800] "POST /xingrg/dwr/call/plaincall/AjaxReportQueryService.getFixDate.dwr HTTP/1.1" 200 111
222.69.134.220 - - [27/Dec/2020:11:03:34 +0800] "POST /xingrg/kc/buy/cgsh_order_operate.html HTTP/1.1" 200 8245
222.69.134.220 - - [27/Dec/2020:11:03:35 +0800] "GET /xingrg/javascript/easyui/themes/default/validatebox.css HTTP/1.1" 404 1104
172.17.0.123 - - [27/Dec/2020:11:03:35 +0800] "POST /xingrg/all/common/load_tree.html?tree=area_station_tree_json&manage=1 HTTP/1.1" 200 3246
172.17.0.123 - - [27/Dec/2020:11:03:35 +0800] "POST /xingrg/dwr/call/plaincall/AjaxReportQueryService.getInitString.dwr HTTP/1.1" 200 76
172.17.0.123 - - [27/Dec/2020:11:03:35 +0800] "GET /xingrg/javascript/multi_select/dropdown.gif HTTP/1.1" 200 61
180.152.104.37 - - [27/Dec/2020:11:03:36 +0800] "GET /xingrg/kc/buy/cgsh_order_operate.html?command=get_materiel&rest_code=00102&code=00101008299&supplier_code=00100008&order_time=2020-12-27 HTTP/1.1" 200 412
120.253.135.82 - - [27/Dec/2020:11:03:36 +0800] "GET /xingrg/check_reg.html?_=1609037967570 HTTP/1.1" 200 22
101.85.93.83 - - [27/Dec/2020:11:03:37 +0800] "GET /xingrg/all/function/internal_message.html?_=1609037901610&CODE_STATE=getMsg HTTP/1.1" 200 27
101.85.93.83 - - [27/Dec/2020:11:03:37 +0800] "GET /xingrg/check_reg.html?_=1609037901611 HTTP/1.1" 200 22
180.152.104.37 - - [27/Dec/2020:11:03:41 +0800] "GET /xingrg/kc/buy/cgsh_order_operate.html?command=get_materiel&rest_code=00102&code=00101008257&supplier_code=00100008&order_time=2020-12-27 HTTP/1.1" 200 416
117.185.32.26 - - [27/Dec/2020:11:03:42 +0800] "GET /xingrg/all/function/internal_message.html?_=1609038686124&CODE_STATE=getMsg HTTP/1.1" 200 27
180.152.104.37 - - [27/Dec/2020:11:03:45 +0800] "GET /xingrg/kc/buy/cgsh_order_operate.html?command=get_materiel&rest_code=00102&code=00101008155&supplier_code=00100008&order_time=2020-12-27 HTTP/1.1" 200 408
180.156.237.57 - - [27/Dec/2020:11:03:46 +0800] "POST /xingrg/kc/base/yddb_list_operate.html HTTP/1.1" 200 584
180.156.237.57 - - [27/Dec/2020:11:03:47 +0800] "GET /xingrg/check_reg.html?_=1609038208322 HTTP/1.1" 200 22
183.192.164.97 - - [27/Dec/2020:11:03:48 +0800] "GET /xingrg/kc/print/load_data.html?order_code=212020122710846&kc_code=cgsh&condition= HTTP/1.1" 302 -
117.185.32.26 - - [27/Dec/2020:11:03:48 +0800] "GET /xingrg/all/function/internal_message.html?_=1609038223770&CODE_STATE=getMsg HTTP/1.1" 200 27
222.69.133.109 - - [27/Dec/2020:11:03:48 +0800] "POST /xingrg/kc/base/wldb_order_operate.html HTTP/1.1" 200 37
172.17.0.123 - - [27/Dec/2020:11:03:49 +0800] "POST /xingrg/dwr/call/plaincall/AjaxReportQueryService.queryInitializeString.dwr HTTP/1.1" 200 76
180.152.104.37 - - [27/Dec/2020:11:03:50 +0800] "GET /xingrg/kc/buy/cgsh_order_operate.html?command=get_materiel&rest_code=00102&code=00101008349&supplier_code=00100008&order_time=2020-12-27 HTTP/1.1" 200 414
172.17.0.123 - - [27/Dec/2020:11:03:50 +0800] "POST /xingrg/dwr/call/plaincall/AjaxReportQueryService.refreshCache.dwr HTTP/1.1" 200 78
222.69.133.109 - - [27/Dec/2020:11:03:50 +0800] "POST /xingrg/kc/base/wldb_order_operate.html HTTP/1.1" 200 12
222.69.133.109 - - [27/Dec/2020:11:03:50 +0800] "POST /xingrg/kc/base/wldb_order_operate.html HTTP/1.1" 200 7763
117.185.32.26 - - [27/Dec/2020:11:03:50 +0800] "POST /xingrg/kc/base/wldb_list_operate.html HTTP/1.1" 200 928
172.17.0.123 - - [27/Dec/2020:11:03:50 +0800] "POST /xingrg/all/report/load_report_page.html HTTP/1.1" 200 89
117.185.32.26 - - [27/Dec/2020:11:03:51 +0800] "GET /xingrg/kc/base/wldb_order_add.html HTTP/1.1" 200 30512
120.253.135.82 - - [27/Dec/2020:11:03:51 +0800] "GET /xingrg/all/function/internal_message.html?_=1609037982669&CODE_STATE=getMsg HTTP/1.1" 200 27
116.232.51.115 - - [27/Dec/2020:11:03:51 +0800] "GET /xingrg/all/function/internal_message.html?_=1609038244022&CODE_STATE=getMsg HTTP/1.1" 200 27
117.185.32.26 - - [27/Dec/2020:11:03:51 +0800] "GET /xingrg/javascript/easyui/themes/default/validatebox.css HTTP/1.1" 404 1104
117.185.32.26 - - [27/Dec/2020:11:03:51 +0800] "POST /xingrg/kc/base/wldb_order_operate.html HTTP/1.1" 200 6806
172.17.0.123 - - [27/Dec/2020:11:03:52 +0800] "GET /xingrg/all/function/internal_message.html?_=1609038138698&CODE_STATE=getMsg HTTP/1.1" 200 27
180.156.237.57 - - [27/Dec/2020:11:03:52 +0800] "GET /xingrg/all/function/internal_message.html?_=1609038213439&CODE_STATE=getMsg HTTP/1.1" 200 27
222.69.133.109 - - [27/Dec/2020:11:03:53 +0800] "GET /xingrg/kc/base/wldb_order_info.html?code=422020122703088 HTTP/1.1" 200 26391
117.185.32.26 - - [27/Dec/2020:11:03:53 +0800] "POST /xingrg/all/common/load_combo.html?type=base HTTP/1.1" 200 3142
222.69.133.109 - - [27/Dec/2020:11:03:53 +0800] "GET /xingrg/javascript/easyui/themes/default/validatebox.css HTTP/1.1" 404 1104
222.69.133.109 - - [27/Dec/2020:11:03:53 +0800] "POST /xingrg/kc/base/wldb_order_operate.html HTTP/1.1" 200 5932
183.192.164.97 - - [27/Dec/2020:11:03:55 +0800] "GET /xingrg/login.html HTTP/1.1" 200 7641
172.17.0.123 - - [27/Dec/2020:11:03:55 +0800] "POST /xingrg/dwr/call/plaincall/AjaxReportQueryService.refreshCache.dwr HTTP/1.1" 200 78
172.17.0.123 - - [27/Dec/2020:11:03:56 +0800] "POST /xingrg/all/report/load_report_page.html HTTP/1.1" 200 89
180.152.104.37 - - [27/Dec/2020:11:03:56 +0800] "GET /xingrg/kc/buy/cgsh_order_operate.html?command=get_materiel&rest_code=00102&code=00101008185&supplier_code=00100008&order_time=2020-12-27 HTTP/1.1" 200 408
222.69.134.220 - - [27/Dec/2020:11:03:56 +0800] "GET /xingrg/all/function/internal_message.html?_=1609038232794&CODE_STATE=getMsg HTTP/1.1" 200 27
172.17.0.123 - - [27/Dec/2020:11:03:57 +0800] "POST /xingrg/dwr/call/plaincall/AjaxReportQueryService.refreshCache.dwr HTTP/1.1" 200 78
172.17.0.123 - - [27/Dec/2020:11:03:57 +0800] "POST /xingrg/all/report/load_report_page.html HTTP/1.1" 200 89
172.17.0.123 - - [27/Dec/2020:11:03:58 +0800] "POST /xingrg/dwr/call/plaincall/AjaxReportQueryService.refreshCache.dwr HTTP/1.1" 200 78
172.17.0.123 - - [27/Dec/2020:11:03:58 +0800] "POST /xingrg/all/report/load_report_page.html HTTP/1.1" 200 89
101.228.166.101 - - [27/Dec/2020:11:03:58 +0800] "GET /xingrg/kc/buy/cgsh_order_operate.html?command=get_materiel&rest_code=00146&code=00101006065&supplier_code=00100012&order_time=2020-12-27 HTTP/1.1" 200 409
180.156.237.57 - - [27/Dec/2020:11:03:58 +0800] "GET /xingrg/all/function/internal_message.html?_=1609038219243&CODE_STATE=getMsg HTTP/1.1" 200 27
172.17.0.123 - - [27/Dec/2020:11:03:59 +0800] "POST /xingrg/dwr/call/plaincall/AjaxReportQueryService.refreshCache.dwr HTTP/1.1" 200 78
172.17.0.123 - - [27/Dec/2020:11:03:59 +0800] "POST /xingrg/all/report/load_report_page.html HTTP/1.1" 200 89
180.152.104.37 - - [27/Dec/2020:11:04:00 +0800] "GET /xingrg/kc/buy/cgsh_order_operate.html?command=get_materiel&rest_code=00102&code=00101008354&supplier_code=00100008&order_time=2020-12-27 HTTP/1.1" 200 412
180.156.237.57 - - [27/Dec/2020:11:04:01 +0800] "GET /xingrg/all/function/internal_message.html?_=1609038244920&CODE_STATE=getMsg HTTP/1.1" 200 27
172.17.0.185 - - [27/Dec/2020:11:04:01 +0800] "GET /xingrg/all/function/internal_message.html?_=1609038237236&CODE_STATE=getMsg HTTP/1.1" 200 27
172.17.0.123 - - [27/Dec/2020:11:04:04 +0800] "GET /xingrg/all/report/report_query.html?fileName=dma/new_5.0/yingye/order_list.xml HTTP/1.1" 200 55206
172.17.0.123 - - [27/Dec/2020:11:04:04 +0800] "GET /xingrg/dwr/interface/AjaxReportQueryService.js HTTP/1.1" 200 13203
172.17.0.123 - - [27/Dec/2020:11:04:04 +0800] "GET /xingrg/dwr/engine.js HTTP/1.1" 200 43631
172.17.0.123 - - [27/Dec/2020:11:04:04 +0800] "POST /xingrg/dwr/call/plaincall/AjaxReportQueryService.getFixDate.dwr HTTP/1.1" 200 111
180.156.237.57 - - [27/Dec/2020:11:04:04 +0800] "POST /xingrg/kc/base/yddb_list_operate.html HTTP/1.1" 200 2957
172.17.0.123 - - [27/Dec/2020:11:04:04 +0800] "POST /xingrg/all/common/load_tree.html?tree=area_station_tree_json&manage=1 HTTP/1.1" 200 3246
172.17.0.123 - - [27/Dec/2020:11:04:05 +0800] "POST /xingrg/dwr/call/plaincall/AjaxReportQueryService.getInitString.dwr HTTP/1.1" 200 76
180.152.104.37 - - [27/Dec/2020:11:04:05 +0800] "GET /xingrg/kc/buy/cgsh_order_operate.html?command=get_materiel&rest_code=00102&code=00101008028&supplier_code=00100008&order_time=2020-12-27 HTTP/1.1" 200 412
116.228.172.94 - - [27/Dec/2020:11:04:05 +0800] "GET /xingrg/all/function/internal_message.html?_=1609038242000&CODE_STATE=getMsg HTTP/1.1" 200 27
172.17.0.240 - - [27/Dec/2020:11:04:08 +0800] "GET /xingrg/all/function/internal_message.html?_=1609038242944&CODE_STATE=getMsg HTTP/1.1" 200 27
172.17.0.240 - - [27/Dec/2020:11:04:08 +0800] "GET /xingrg/check_reg.html?_=1609038242946 HTTP/1.1" 200 22
172.17.0.123 - - [27/Dec/2020:11:04:09 +0800] "POST /xingrg/dwr/call/plaincall/AjaxReportQueryService.refreshCache.dwr HTTP/1.1" 200 78
180.152.104.37 - - [27/Dec/2020:11:04:10 +0800] "GET /xingrg/kc/buy/cgsh_order_operate.html?command=get_materiel&rest_code=00102&code=00101008283&supplier_code=00100008&order_time=2020-12-27 HTTP/1.1" 200 408
180.162.223.42 - - [27/Dec/2020:11:04:12 +0800] "GET /xingrg/kc/buy/cgsh_order_operate.html?command=get_materiel&rest_code=00105&code=00101004063&supplier_code=00100085&order_time=2020-12-27 HTTP/1.1" 200 416
172.17.0.123 - - [27/Dec/2020:11:04:13 +0800] "POST /xingrg/all/report/load_report_page.html HTTP/1.1" 200 127
180.156.237.57 - - [27/Dec/2020:11:04:13 +0800] "GET /xingrg/kc/base/yddb_order_add.html HTTP/1.1" 200 29753
180.156.237.57 - - [27/Dec/2020:11:04:13 +0800] "GET /xingrg/dwr/interface/AjaxYddbService.js HTTP/1.1" 200 13201
180.156.237.57 - - [27/Dec/2020:11:04:13 +0800] "GET /xingrg/dwr/interface/AjaxComOrderService.js HTTP/1.1" 200 18264
180.156.237.57 - - [27/Dec/2020:11:04:13 +0800] "GET /xingrg/dwr/engine.js HTTP/1.1" 200 43631
180.156.237.57 - - [27/Dec/2020:11:04:16 +0800] "POST /xingrg/dwr/call/plaincall/AjaxYddbService.getRestBases.dwr HTTP/1.1" 200 1514
180.152.104.37 - - [27/Dec/2020:11:04:16 +0800] "GET /xingrg/kc/buy/cgsh_order_operate.html?command=get_materiel&rest_code=00102&code=00101008351&supplier_code=00100008&order_time=2020-12-27 HTTP/1.1" 200 427
101.228.166.101 - - [27/Dec/2020:11:04:16 +0800] "GET /xingrg/kc/buy/cgsh_order_operate.html?command=get_materiel&rest_code=00146&code=00101006180&supplier_code=00100012&order_time=2020-12-27 HTTP/1.1" 200 423
172.17.0.123 - - [27/Dec/2020:11:04:17 +0800] "POST /xingrg/dwr/call/plaincall/AjaxReportQueryService.queryInitializeString.dwr HTTP/1.1" 200 403
172.17.0.123 - - [27/Dec/2020:11:04:18 +0800] "POST /xingrg/dwr/call/plaincall/AjaxReportQueryService.refreshCache.dwr HTTP/1.1" 200 78
180.162.223.42 - - [27/Dec/2020:11:04:19 +0800] "GET /xingrg/all/function/internal_message.html?_=1609038255168&CODE_STATE=getMsg HTTP/1.1" 200 27
183.192.164.85 - - [27/Dec/2020:11:04:19 +0800] "GET /xingrg/kc/print/load_data.html?order_code=212020122710846&kc_code=cgsh HTTP/1.1" 302 -
58.35.244.144 - - [27/Dec/2020:11:04:20 +0800] "GET /xingrg/all/function/internal_message.html?_=1609038255185&CODE_STATE=getMsg HTTP/1.1" 302 -
101.228.166.101 - - [27/Dec/2020:11:04:21 +0800] "GET /xingrg/check_reg.html?_=1609038280846 HTTP/1.1" 200 22
117.184.7.30 - - [27/Dec/2020:11:04:21 +0800] "GET /xingrg/all/function/internal_message.html?_=1609038247421&CODE_STATE=getMsg HTTP/1.1" 200 27
117.184.7.30 - - [27/Dec/2020:11:04:21 +0800] "GET /xingrg/check_reg.html?_=1609038247424 HTTP/1.1" 200 22
180.152.104.37 - - [27/Dec/2020:11:04:21 +0800] "GET /xingrg/kc/buy/cgsh_order_operate.html?command=get_materiel&rest_code=00102&code=00101008026&supplier_code=00100008&order_time=2020-12-27 HTTP/1.1" 200 409
172.17.0.123 - - [27/Dec/2020:11:04:23 +0800] "POST /xingrg/all/report/load_report_page.html HTTP/1.1" 200 184097
172.17.0.123 - - [27/Dec/2020:11:04:23 +0800] "GET /xingrg/images/blue/button/back2.gif HTTP/1.1" 200 1339
172.17.0.123 - - [27/Dec/2020:11:04:23 +0800] "GET /xingrg/images/blue/button/back.gif HTTP/1.1" 200 1352
172.17.0.123 - - [27/Dec/2020:11:04:23 +0800] "GET /xingrg/servlets/image?cache=0.32661736522418117&image=px HTTP/1.1" 200 807
180.156.237.57 - - [27/Dec/2020:11:04:24 +0800] "POST /xingrg/dwr/call/plaincall/AjaxYddbService.saveOrder.dwr HTTP/1.1" 200 78
180.162.223.42 - - [27/Dec/2020:11:04:24 +0800] "POST /xingrg/kc/buy/cgsh_order_operate.html HTTP/1.1" 200 37
101.228.166.101 - - [27/Dec/2020:11:04:25 +0800] "GET /xingrg/all/function/internal_message.html?_=1609038284663&CODE_STATE=getMsg HTTP/1.1" 200 27
183.192.164.85 - - [27/Dec/2020:11:04:25 +0800] "GET /xingrg/login.html HTTP/1.1" 200 7641
180.162.223.42 - - [27/Dec/2020:11:04:26 +0800] "POST /xingrg/kc/buy/cgsh_order_operate.html HTTP/1.1" 200 2662
222.69.133.109 - - [27/Dec/2020:11:04:26 +0800] "GET /xingrg/all/function/internal_message.html?_=1609038262445&CODE_STATE=getMsg HTTP/1.1" 200 27
180.162.223.42 - - [27/Dec/2020:11:04:27 +0800] "GET /xingrg/kc/print/load_data.html?order_code=212020122710907&kc_code=cgsh&condition= HTTP/1.1" 200 724
180.152.104.37 - - [27/Dec/2020:11:04:28 +0800] "GET /xingrg/kc/buy/cgsh_order_operate.html?command=get_materiel&rest_code=00102&code=00101008110&supplier_code=00100008&order_time=2020-12-27 HTTP/1.1" 200 408
172.17.0.120 - - [27/Dec/2020:11:04:28 +0800] "GET /xingrg/check_reg.html?_=1609038264018 HTTP/1.1" 200 22
172.17.0.120 - - [27/Dec/2020:11:04:28 +0800] "GET /xingrg/all/function/internal_message.html?_=1609038264019&CODE_STATE=getMsg HTTP/1.1" 200 27
180.162.223.42 - - [27/Dec/2020:11:04:32 +0800] "GET /xingrg/kc/buy/cgsh_order_add.html HTTP/1.1" 200 61258
180.152.104.37 - - [27/Dec/2020:11:04:32 +0800] "GET /xingrg/all/function/internal_message.html?_=1609038269518&CODE_STATE=getMsg HTTP/1.1" 200 27
101.228.166.101 - - [27/Dec/2020:11:04:32 +0800] "GET /xingrg/kc/buy/cgsh_order_operate.html?command=get_materiel&rest_code=00146&code=00101006056&supplier_code=00100012&order_time=2020-12-27 HTTP/1.1" 200 413
180.162.223.42 - - [27/Dec/2020:11:04:32 +0800] "POST /xingrg/kc/buy/cgsh_order_operate.html HTTP/1.1" 200 8245
180.162.223.42 - - [27/Dec/2020:11:04:32 +0800] "GET /xingrg/javascript/easyui/themes/default/validatebox.css HTTP/1.1" 404 1104
58.35.244.144 - - [27/Dec/2020:11:04:33 +0800] "GET /xingrg/all/function/internal_message.html?_=1609038418078&CODE_STATE=getMsg HTTP/1.1" 200 27
180.152.104.37 - - [27/Dec/2020:11:04:33 +0800] "GET /xingrg/kc/buy/cgsh_order_operate.html?command=get_materiel&rest_code=00102&code=00101008038&supplier_code=00100008&order_time=2020-12-27 HTTP/1.1" 200 412
180.157.253.48 - - [27/Dec/2020:11:04:33 +0800] "GET /xingrg/check_reg.html?_=1609038270644 HTTP/1.1" 200 22
180.152.104.37 - - [27/Dec/2020:11:04:33 +0800] "GET /xingrg/all/function/internal_message.html?_=1609038505013&CODE_STATE=getMsg HTTP/1.1" 200 27
180.157.253.48 - - [27/Dec/2020:11:04:33 +0800] "GET /xingrg/all/function/internal_message.html?_=1609038271347&CODE_STATE=getMsg HTTP/1.1" 200 27
101.85.93.83 - - [27/Dec/2020:11:04:37 +0800] "GET /xingrg/all/function/internal_message.html?_=1609037961609&CODE_STATE=getMsg HTTP/1.1" 200 27
172.17.0.123 - - [27/Dec/2020:11:04:39 +0800] "POST /xingrg/dwr/call/plaincall/AjaxReportQueryService.refreshCache.dwr HTTP/1.1" 200 78
180.152.104.37 - - [27/Dec/2020:11:04:39 +0800] "GET /xingrg/kc/buy/cgsh_order_operate.html?command=get_materiel&rest_code=00102&code=00101008358&supplier_code=00100008&order_time=2020-12-27 HTTP/1.1" 200 412
172.17.0.123 - - [27/Dec/2020:11:04:40 +0800] "POST /xingrg/all/report/load_report_page.html HTTP/1.1" 200 89
172.17.0.123 - - [27/Dec/2020:11:04:42 +0800] "POST /xingrg/dwr/call/plaincall/AjaxReportQueryService.refreshCache.dwr HTTP/1.1" 200 78
117.185.32.26 - - [27/Dec/2020:11:04:42 +0800] "GET /xingrg/all/function/internal_message.html?_=1609038746109&CODE_STATE=getMsg HTTP/1.1" 200 27
172.17.0.123 - - [27/Dec/2020:11:04:42 +0800] "POST /xingrg/all/report/load_report_page.html HTTP/1.1" 200 89
180.157.253.48 - - [27/Dec/2020:11:04:42 +0800] "POST /xingrg/kc/buy/cgsh_list_operate.html HTTP/1.1" 200 876
180.157.253.48 - - [27/Dec/2020:11:04:43 +0800] "GET /xingrg/kc/base/wldb_order_list.html HTTP/1.1" 200 19345
180.157.253.48 - - [27/Dec/2020:11:04:43 +0800] "POST /xingrg/kc/base/wldb_list_operate.html HTTP/1.1" 200 928
180.162.223.42 - - [27/Dec/2020:11:04:44 +0800] "GET /xingrg/kc/buy/cgsh_order_operate.html?command=get_materiel&rest_code=00105&code=00101009034&supplier_code=00100335&order_time=2020-12-27 HTTP/1.1" 200 428
180.162.223.42 - - [27/Dec/2020:11:04:44 +0800] "POST /xingrg/all/common/load_select.html HTTP/1.1" 200 25
116.228.172.94 - - [27/Dec/2020:11:04:44 +0800] "GET /xingrg/kc/buy/buy_main.html HTTP/1.1" 200 12412
116.228.172.94 - - [27/Dec/2020:11:04:44 +0800] "GET /xingrg/css/new_ie.css HTTP/1.1" 404 1036
116.228.172.94 - - [27/Dec/2020:11:04:46 +0800] "GET /xingrg/images/yd/bt.gif HTTP/1.1" 404 1040
180.152.104.37 - - [27/Dec/2020:11:04:46 +0800] "GET /xingrg/kc/buy/cgsh_order_operate.html?command=get_materiel&rest_code=00102&code=00101008051&supplier_code=00100008&order_time=2020-12-27 HTTP/1.1" 200 427
172.17.0.123 - - [27/Dec/2020:11:04:46 +0800] "POST /xingrg/dwr/call/plaincall/AjaxReportQueryService.refreshCache.dwr HTTP/1.1" 200 78
116.228.172.94 - - [27/Dec/2020:11:04:47 +0800] "GET /xingrg/kc/buy/cgsh_order_list.html HTTP/1.1" 200 45480
117.185.32.26 - - [27/Dec/2020:11:04:48 +0800] "GET /xingrg/all/function/internal_message.html?_=1609038283755&CODE_STATE=getMsg HTTP/1.1" 200 27
172.17.0.123 - - [27/Dec/2020:11:04:48 +0800] "POST /xingrg/all/report/load_report_page.html HTTP/1.1" 200 184261
180.162.223.42 - - [27/Dec/2020:11:04:48 +0800] "GET /xingrg/kc/buy/cgsh_order_operate.html?command=get_materiel_price&rest_code=00105&code=00101009034&unit_code=00100046&supplier_code=00100335&order_time=2020-12-27 HTTP/1.1" 200 29
172.17.0.123 - - [27/Dec/2020:11:04:48 +0800] "GET /xingrg/servlets/image?cache=0.12948680058840045&image=px HTTP/1.1" 200 807
116.228.172.94 - - [27/Dec/2020:11:04:49 +0800] "POST /xingrg/kc/buy/cgsh_list_operate.html HTTP/1.1" 200 5112
101.228.166.101 - - [27/Dec/2020:11:04:51 +0800] "GET /xingrg/kc/buy/cgsh_order_operate.html?command=get_materiel&rest_code=00146&code=00101006111&supplier_code=00100012&order_time=2020-12-27 HTTP/1.1" 200 409
120.253.135.82 - - [27/Dec/2020:11:04:51 +0800] "GET /xingrg/all/function/internal_message.html?_=1609038042682&CODE_STATE=getMsg HTTP/1.1" 200 27
116.232.51.115 - - [27/Dec/2020:11:04:51 +0800] "GET /xingrg/all/function/internal_message.html?_=1609038304015&CODE_STATE=getMsg HTTP/1.1" 200 27
116.228.172.94 - - [27/Dec/2020:11:04:52 +0800] "POST /xingrg/kc/buy/cgsh_list_operate.html HTTP/1.1" 200 212
172.17.0.123 - - [27/Dec/2020:11:04:52 +0800] "GET /xingrg/check_reg.html?_=1609038198689 HTTP/1.1" 200 22
172.17.0.123 - - [27/Dec/2020:11:04:52 +0800] "GET /xingrg/all/function/internal_message.html?_=1609038198690&CODE_STATE=getMsg HTTP/1.1" 200 27
180.156.237.57 - - [27/Dec/2020:11:04:52 +0800] "GET /xingrg/all/function/internal_message.html?_=1609038273453&CODE_STATE=getMsg HTTP/1.1" 200 27
116.228.172.94 - - [27/Dec/2020:11:04:52 +0800] "GET /xingrg/kc/buy/cgsh_order_info.html?code=212020122710848 HTTP/1.1" 200 61314
116.228.172.94 - - [27/Dec/2020:11:04:53 +0800] "GET /xingrg/javascript/easyui/themes/default/validatebox.css HTTP/1.1" 404 1104
180.152.104.37 - - [27/Dec/2020:11:04:53 +0800] "GET /xingrg/kc/buy/cgsh_order_operate.html?command=get_materiel&rest_code=00102&code=00101008163&supplier_code=00100008&order_time=2020-12-27 HTTP/1.1" 200 409
180.162.223.42 - - [27/Dec/2020:11:04:54 +0800] "GET /xingrg/kc/buy/cgsh_order_operate.html?command=get_materiel_price&rest_code=00105&code=00101009034&unit_code=00100047&supplier_code=00100335&order_time=2020-12-27 HTTP/1.1" 200 28
116.228.172.94 - - [27/Dec/2020:11:04:54 +0800] "POST /xingrg/kc/buy/cgsh_order_operate.html HTTP/1.1" 200 2675
172.17.0.123 - - [27/Dec/2020:11:04:56 +0800] "POST /xingrg/all/report/load_report_page.html HTTP/1.1" 200 181757
172.17.0.123 - - [27/Dec/2020:11:04:56 +0800] "GET /xingrg/servlets/image?cache=0.8626094468485085&image=px HTTP/1.1" 200 807
222.69.134.220 - - [27/Dec/2020:11:04:56 +0800] "GET /xingrg/all/function/internal_message.html?_=1609038292802&CODE_STATE=getMsg HTTP/1.1" 200 27
180.156.237.57 - - [27/Dec/2020:11:04:58 +0800] "GET /xingrg/all/function/internal_message.html?_=1609038279256&CODE_STATE=getMsg HTTP/1.1" 200 27
183.192.164.97 - - [27/Dec/2020:11:04:59 +0800] "GET /xingrg/all/function/internal_message.html?_=1609037796479&CODE_STATE=getMsg HTTP/1.1" 302 -
172.17.0.123 - - [27/Dec/2020:11:04:59 +0800] "POST /xingrg/all/report/load_report_page.html HTTP/1.1" 200 184544
172.17.0.123 - - [27/Dec/2020:11:04:59 +0800] "GET /xingrg/servlets/image?cache=0.7345495274746734&image=px HTTP/1.1" 200 807
180.156.237.57 - - [27/Dec/2020:11:05:01 +0800] "GET /xingrg/all/function/internal_message.html?_=1609038304919&CODE_STATE=getMsg HTTP/1.1" 200 27
180.152.104.37 - - [27/Dec/2020:11:05:01 +0800] "GET /xingrg/kc/buy/cgsh_order_operate.html?command=get_materiel&rest_code=00102&code=00101008355&supplier_code=00100008&order_time=2020-12-27 HTTP/1.1" 200 408
172.17.0.185 - - [27/Dec/2020:11:05:01 +0800] "GET /xingrg/check_reg.html?_=1609038297240 HTTP/1.1" 200 22
172.17.0.185 - - [27/Dec/2020:11:05:01 +0800] "GET /xingrg/all/function/internal_message.html?_=1609038297244&CODE_STATE=getMsg HTTP/1.1" 200 27
172.17.0.123 - - [27/Dec/2020:11:05:03 +0800] "POST /xingrg/all/report/load_report_page.html HTTP/1.1" 200 184511
172.17.0.123 - - [27/Dec/2020:11:05:03 +0800] "GET /xingrg/images/blue/button/advance.gif HTTP/1.1" 200 1354
172.17.0.123 - - [27/Dec/2020:11:05:03 +0800] "GET /xingrg/images/blue/button/advance2.gif HTTP/1.1" 200 1338
172.17.0.123 - - [27/Dec/2020:11:05:03 +0800] "GET /xingrg/servlets/image?cache=0.9556569664578537&image=px HTTP/1.1" 200 807
172.17.0.123 - - [27/Dec/2020:11:05:04 +0800] "POST /xingrg/all/report/load_report_page.html HTTP/1.1" 200 184528
172.17.0.123 - - [27/Dec/2020:11:05:05 +0800] "GET /xingrg/servlets/image?cache=0.4521787806913735&image=px HTTP/1.1" 200 807
116.228.172.94 - - [27/Dec/2020:11:05:05 +0800] "GET /xingrg/all/function/internal_message.html?_=1609038301983&CODE_STATE=getMsg HTTP/1.1" 200 27
180.152.104.37 - - [27/Dec/2020:11:05:06 +0800] "GET /xingrg/kc/buy/cgsh_order_operate.html?command=get_materiel&rest_code=00102&code=00101008264&supplier_code=00100008&order_time=2020-12-27 HTTP/1.1" 200 412
172.17.0.123 - - [27/Dec/2020:11:05:06 +0800] "POST /xingrg/all/report/load_report_page.html HTTP/1.1" 200 184520
172.17.0.123 - - [27/Dec/2020:11:05:06 +0800] "GET /xingrg/servlets/image?cache=0.8302844576245877&image=px HTTP/1.1" 200 807
172.17.0.123 - - [27/Dec/2020:11:05:08 +0800] "POST /xingrg/all/report/load_report_page.html HTTP/1.1" 200 184651
172.17.0.123 - - [27/Dec/2020:11:05:08 +0800] "GET /xingrg/servlets/image?cache=0.16588357371712437&image=px HTTP/1.1" 200 807
172.17.0.240 - - [27/Dec/2020:11:05:08 +0800] "GET /xingrg/all/function/internal_message.html?_=1609038302948&CODE_STATE=getMsg HTTP/1.1" 200 27
183.192.164.97 - - [27/Dec/2020:11:05:09 +0800] "GET /xingrg/login.html HTTP/1.1" 200 7641
172.17.0.123 - - [27/Dec/2020:11:05:09 +0800] "POST /xingrg/all/report/load_report_page.html HTTP/1.1" 200 184497
172.17.0.123 - - [27/Dec/2020:11:05:09 +0800] "GET /xingrg/servlets/image?cache=0.7238083392939123&image=px HTTP/1.1" 200 807
116.228.172.94 - - [27/Dec/2020:11:05:11 +0800] "POST /xingrg/kc/buy/cgsh_order_operate.html HTTP/1.1" 200 64
172.17.0.123 - - [27/Dec/2020:11:05:11 +0800] "POST /xingrg/all/report/load_report_page.html HTTP/1.1" 200 184506
172.17.0.123 - - [27/Dec/2020:11:05:11 +0800] "GET /xingrg/servlets/image?cache=0.9999944597689098&image=px HTTP/1.1" 200 807
180.162.223.42 - - [27/Dec/2020:11:05:11 +0800] "POST /xingrg/kc/buy/cgsh_order_operate.html HTTP/1.1" 200 37
222.69.134.220 - - [27/Dec/2020:11:05:12 +0800] "GET /xingrg/kc/buy/cgsh_order_operate.html?command=get_materiel&rest_code=00149&code=00101006055&supplier_code=00100012&order_time=2020-12-27 HTTP/1.1" 200 409
180.152.104.37 - - [27/Dec/2020:11:05:12 +0800] "GET /xingrg/kc/buy/cgsh_order_operate.html?command=get_materiel&rest_code=00102&code=00101008356&supplier_code=00100008&order_time=2020-12-27 HTTP/1.1" 200 408
180.162.223.42 - - [27/Dec/2020:11:05:13 +0800] "POST /xingrg/kc/buy/cgsh_order_operate.html HTTP/1.1" 200 2666
172.17.0.123 - - [27/Dec/2020:11:05:13 +0800] "POST /xingrg/all/report/load_report_page.html HTTP/1.1" 200 184555
172.17.0.123 - - [27/Dec/2020:11:05:13 +0800] "GET /xingrg/servlets/image?cache=0.23360978817632283&image=px HTTP/1.1" 200 807
180.152.104.37 - - [27/Dec/2020:11:05:14 +0800] "POST /xingrg/kc/buy/cgsh_order_operate.html HTTP/1.1" 200 2065
180.162.223.42 - - [27/Dec/2020:11:05:14 +0800] "GET /xingrg/kc/print/load_data.html?order_code=212020122710908&kc_code=cgsh&condition= HTTP/1.1" 200 679
116.228.172.94 - - [27/Dec/2020:11:05:17 +0800] "POST /xingrg/kc/buy/cgsh_order_operate.html HTTP/1.1" 200 37
180.152.104.37 - - [27/Dec/2020:11:05:17 +0800] "GET /xingrg/kc/buy/cgsh_order_operate.html?command=get_materiel&rest_code=00102&code=00101008300&supplier_code=00100008&order_time=2020-12-27 HTTP/1.1" 200 412
180.162.223.42 - - [27/Dec/2020:11:05:18 +0800] "GET /xingrg/kc/buy/cgsh_order_add.html HTTP/1.1" 200 61258
180.162.223.42 - - [27/Dec/2020:11:05:18 +0800] "POST /xingrg/kc/buy/cgsh_order_operate.html HTTP/1.1" 200 8245
180.162.223.42 - - [27/Dec/2020:11:05:18 +0800] "GET /xingrg/javascript/easyui/themes/default/validatebox.css HTTP/1.1" 404 1104
180.162.223.42 - - [27/Dec/2020:11:05:19 +0800] "GET /xingrg/all/function/internal_message.html?_=1609038315151&CODE_STATE=getMsg HTTP/1.1" 200 27
101.228.166.101 - - [27/Dec/2020:11:05:19 +0800] "POST /xingrg/kc/buy/cgsh_order_operate.html HTTP/1.1" 200 37
116.228.172.94 - - [27/Dec/2020:11:05:19 +0800] "POST /xingrg/kc/buy/cgsh_order_operate.html HTTP/1.1" 200 2672
58.35.244.144 - - [27/Dec/2020:11:05:20 +0800] "GET /xingrg/all/function/internal_message.html?_=1609038315185&CODE_STATE=getMsg HTTP/1.1" 302 -
101.228.166.101 - - [27/Dec/2020:11:05:21 +0800] "POST /xingrg/kc/buy/cgsh_order_operate.html HTTP/1.1" 200 8020
117.184.7.30 - - [27/Dec/2020:11:05:21 +0800] "GET /xingrg/all/function/internal_message.html?_=1609038307430&CODE_STATE=getMsg HTTP/1.1" 200 27
222.69.134.220 - - [27/Dec/2020:11:05:22 +0800] "GET /xingrg/kc/buy/cgsh_order_operate.html?command=get_materiel&rest_code=00149&code=00101006130&supplier_code=00100012&order_time=2020-12-27 HTTP/1.1" 200 427
180.152.104.37 - - [27/Dec/2020:11:05:23 +0800] "GET /xingrg/kc/buy/cgsh_order_operate.html?command=get_materiel&rest_code=00102&code=00101008077&supplier_code=00100008&order_time=2020-12-27 HTTP/1.1" 200 416
172.17.0.123 - - [27/Dec/2020:11:05:23 +0800] "POST /xingrg/all/report/load_report_page.html HTTP/1.1" 200 184185
172.17.0.123 - - [27/Dec/2020:11:05:23 +0800] "GET /xingrg/servlets/image?cache=0.7772816431413511&image=px HTTP/1.1" 200 807
101.228.166.101 - - [27/Dec/2020:11:05:24 +0800] "GET /xingrg/kc/print/load_data.html?order_code=212020122710909&kc_code=cgsh&condition= HTTP/1.1" 200 2829
222.69.133.109 - - [27/Dec/2020:11:05:26 +0800] "GET /xingrg/all/function/internal_message.html?_=1609038322433&CODE_STATE=getMsg HTTP/1.1" 200 27
101.228.166.101 - - [27/Dec/2020:11:05:26 +0800] "GET /xingrg/all/function/internal_message.html?_=1609038346061&CODE_STATE=getMsg HTTP/1.1" 200 27
222.69.133.109 - - [27/Dec/2020:11:05:26 +0800] "GET /xingrg/check_reg.html?_=1609038322437 HTTP/1.1" 200 22
172.17.0.123 - - [27/Dec/2020:11:05:27 +0800] "POST /xingrg/all/report/load_report_page.html HTTP/1.1" 200 184408
172.17.0.123 - - [27/Dec/2020:11:05:27 +0800] "POST /xingrg/all/report/load_report_page.html HTTP/1.1" 200 184408
172.17.0.123 - - [27/Dec/2020:11:05:27 +0800] "GET /xingrg/servlets/image?cache=0.6776323588659295&image=px HTTP/1.1" 200 807
172.17.0.123 - - [27/Dec/2020:11:05:27 +0800] "GET /xingrg/servlets/image?cache=0.9865937224498946&image=px HTTP/1.1" 200 807
172.17.0.120 - - [27/Dec/2020:11:05:28 +0800] "GET /xingrg/all/function/internal_message.html?_=1609038324022&CODE_STATE=getMsg HTTP/1.1" 200 27
180.162.223.42 - - [27/Dec/2020:11:05:31 +0800] "GET /xingrg/kc/buy/cgsh_order_operate.html?command=get_materiel&rest_code=00105&code=00101016054&supplier_code=00100338&order_time=2020-12-27 HTTP/1.1" 200 409
180.152.104.37 - - [27/Dec/2020:11:05:32 +0800] "GET /xingrg/all/function/internal_message.html?_=1609038329531&CODE_STATE=getMsg HTTP/1.1" 200 27
58.35.244.144 - - [27/Dec/2020:11:05:32 +0800] "GET /xingrg/all/function/internal_message.html?_=1609038478057&CODE_STATE=getMsg HTTP/1.1" 200 27
180.152.104.37 - - [27/Dec/2020:11:05:33 +0800] "GET /xingrg/all/function/internal_message.html?_=1609038565028&CODE_STATE=getMsg HTTP/1.1" 200 27
180.157.253.48 - - [27/Dec/2020:11:05:34 +0800] "GET /xingrg/all/function/internal_message.html?_=1609038331508&CODE_STATE=getMsg HTTP/1.1" 200 27
180.152.104.37 - - [27/Dec/2020:11:05:35 +0800] "GET /xingrg/kc/buy/cgsh_order_operate.html?command=get_materiel&rest_code=00102&code=00101008357&supplier_code=00100008&order_time=2020-12-27 HTTP/1.1" 200 408
120.253.135.82 - - [27/Dec/2020:11:05:36 +0800] "POST /xingrg/kc/buy/cgsh_order_operate.html HTTP/1.1" 200 37
172.17.0.123 - - [27/Dec/2020:11:05:36 +0800] "POST /xingrg/dwr/call/plaincall/AjaxReportQueryService.refreshCache.dwr HTTP/1.1" 200 78
172.17.0.123 - - [27/Dec/2020:11:05:37 +0800] "POST /xingrg/dwr/call/plaincall/AjaxReportQueryService.refreshCache.dwr HTTP/1.1" 200 78
101.85.93.83 - - [27/Dec/2020:11:05:37 +0800] "GET /xingrg/all/function/internal_message.html?_=1609038021612&CODE_STATE=getMsg HTTP/1.1" 200 27
180.162.223.42 - - [27/Dec/2020:11:05:38 +0800] "POST /xingrg/kc/buy/cgsh_order_operate.html HTTP/1.1" 200 37
116.228.172.94 - - [27/Dec/2020:11:05:39 +0800] "POST /xingrg/kc/buy/cgsh_order_operate.html HTTP/1.1" 200 37
180.152.104.37 - - [27/Dec/2020:11:05:39 +0800] "GET /xingrg/kc/buy/cgsh_order_operate.html?command=get_materiel&rest_code=00102&code=00101008069&supplier_code=00100008&order_time=2020-12-27 HTTP/1.1" 200 412
172.17.0.123 - - [27/Dec/2020:11:05:40 +0800] "GET /xingrg/all/report/report_query.html?fileName=dma/new_5.0/yingye/order_list.xml HTTP/1.1" 200 55206
172.17.0.123 - - [27/Dec/2020:11:05:40 +0800] "GET /xingrg/dwr/interface/AjaxReportQueryService.js HTTP/1.1" 200 13203
172.17.0.123 - - [27/Dec/2020:11:05:40 +0800] "GET /xingrg/dwr/engine.js HTTP/1.1" 200 43631
222.69.134.220 - - [27/Dec/2020:11:05:40 +0800] "GET /xingrg/kc/buy/cgsh_order_operate.html?command=get_materiel&rest_code=00149&code=00101006057&supplier_code=00100012&order_time=2020-12-27 HTTP/1.1" 200 413
172.17.0.123 - - [27/Dec/2020:11:05:40 +0800] "POST /xingrg/dwr/call/plaincall/AjaxReportQueryService.getFixDate.dwr HTTP/1.1" 200 111
120.253.135.82 - - [27/Dec/2020:11:05:40 +0800] "POST /xingrg/kc/buy/cgsh_order_operate.html HTTP/1.1" 200 12
172.17.0.123 - - [27/Dec/2020:11:05:40 +0800] "POST /xingrg/all/common/load_tree.html?tree=area_station_tree_json&manage=1 HTTP/1.1" 200 3246
172.17.0.123 - - [27/Dec/2020:11:05:40 +0800] "POST /xingrg/dwr/call/plaincall/AjaxReportQueryService.getInitString.dwr HTTP/1.1" 200 76
116.228.172.94 - - [27/Dec/2020:11:05:41 +0800] "POST /xingrg/kc/buy/cgsh_order_operate.html HTTP/1.1" 200 12
116.228.172.94 - - [27/Dec/2020:11:05:42 +0800] "GET /xingrg/kc/buy/cgsh_order_info.html?code=212020122710848 HTTP/1.1" 200 56206
101.85.93.83 - - [27/Dec/2020:11:05:42 +0800] "GET /xingrg/javascript/jquery_easy_ui/themes/default/images/tabs_active.png HTTP/1.1" 200 2894
117.185.32.26 - - [27/Dec/2020:11:05:42 +0800] "GET /xingrg/all/function/internal_message.html?_=1609038806093&CODE_STATE=getMsg HTTP/1.1" 200 27
120.253.135.82 - - [27/Dec/2020:11:05:42 +0800] "GET /xingrg/kc/buy/cgsh_order_info.html?code=212020122710903 HTTP/1.1" 200 55127
116.228.172.94 - - [27/Dec/2020:11:05:42 +0800] "GET /xingrg/javascript/easyui/themes/default/validatebox.css HTTP/1.1" 404 1104
120.253.135.82 - - [27/Dec/2020:11:05:43 +0800] "GET /xingrg/javascript/easyui/themes/default/validatebox.css HTTP/1.1" 404 1104
116.228.172.94 - - [27/Dec/2020:11:05:43 +0800] "POST /xingrg/kc/buy/cgsh_order_operate.html HTTP/1.1" 200 622
180.156.237.57 - - [27/Dec/2020:11:05:43 +0800] "POST /xingrg/dwr/call/plaincall/AjaxComOrderService.getMaterielSearchList.dwr HTTP/1.1" 200 1744
120.253.135.82 - - [27/Dec/2020:11:05:43 +0800] "POST /xingrg/kc/buy/cgsh_order_operate.html HTTP/1.1" 200 623
180.152.104.37 - - [27/Dec/2020:11:05:44 +0800] "GET /xingrg/kc/buy/cgsh_order_operate.html?command=get_materiel&rest_code=00102&code=00101008286&supplier_code=00100008&order_time=2020-12-27 HTTP/1.1" 200 408
180.162.223.42 - - [27/Dec/2020:11:05:45 +0800] "POST /xingrg/kc/buy/cgsh_order_operate.html HTTP/1.1" 200 2652
180.152.104.37 - - [27/Dec/2020:11:05:46 +0800] "POST /xingrg/kc/buy/cgsh_order_operate.html HTTP/1.1" 200 2065
180.162.223.42 - - [27/Dec/2020:11:05:47 +0800] "GET /xingrg/kc/print/load_data.html?order_code=212020122710910&kc_code=cgsh&condition= HTTP/1.1" 200 667
101.85.93.83 - - [27/Dec/2020:11:05:47 +0800] "GET /xingrg/javascript/jquery_easy_ui/themes/default/images/button_plain_hover.png HTTP/1.1" 200 252
117.185.32.26 - - [27/Dec/2020:11:05:48 +0800] "GET /xingrg/all/function/internal_message.html?_=1609038343736&CODE_STATE=getMsg HTTP/1.1" 200 27
180.156.237.57 - - [27/Dec/2020:11:05:48 +0800] "POST /xingrg/dwr/call/plaincall/AjaxYddbService.getMaterielByMap.dwr HTTP/1.1" 200 3666
183.192.164.85 - - [27/Dec/2020:11:05:48 +0800] "GET /xingrg/all/function/internal_message.html?_=1609037916432&CODE_STATE=getMsg HTTP/1.1" 302 -
222.69.134.220 - - [27/Dec/2020:11:05:49 +0800] "GET /xingrg/kc/buy/cgsh_order_operate.html?command=get_materiel&rest_code=00149&code=00101006136&supplier_code=00100012&order_time=2020-12-27 HTTP/1.1" 200 417
180.152.104.37 - - [27/Dec/2020:11:05:50 +0800] "GET /xingrg/kc/buy/cgsh_order_operate.html?command=get_materiel&rest_code=00102&code=00101008036&supplier_code=00100008&order_time=2020-12-27 HTTP/1.1" 200 408
120.253.135.82 - - [27/Dec/2020:11:05:51 +0800] "GET /xingrg/all/function/internal_message.html?_=1609038102697&CODE_STATE=getMsg HTTP/1.1" 200 27
116.232.51.115 - - [27/Dec/2020:11:05:51 +0800] "GET /xingrg/all/function/internal_message.html?_=1609038364015&CODE_STATE=getMsg HTTP/1.1" 200 27
116.228.172.94 - - [27/Dec/2020:11:05:52 +0800] "GET /xingrg/login.html HTTP/1.1" 200 7641
172.17.0.123 - - [27/Dec/2020:11:05:52 +0800] "GET /xingrg/all/function/internal_message.html?_=1609038258677&CODE_STATE=getMsg HTTP/1.1" 200 27
