172.17.0.123 - - [25/Dec/2020:08:44:41 +0800] "GET /xingrg/check_reg.html?_=1608856991815 HTTP/1.1" 200 22
180.162.223.42 - - [25/Dec/2020:08:44:46 +0800] "POST /xingrg/dwr/call/plaincall/AjaxQqpsService.getMaterielByCode.dwr HTTP/1.1" 200 2646
180.162.223.42 - - [25/Dec/2020:08:44:46 +0800] "GET /xingrg/all/function/internal_message.html?_=1608857086840&CODE_STATE=getMsg HTTP/1.1" 200 27
58.35.244.144 - - [25/Dec/2020:08:44:47 +0800] "GET /xingrg/all/function/internal_message.html?_=1608857231426&CODE_STATE=getMsg HTTP/1.1" 200 27
58.35.244.144 - - [25/Dec/2020:08:44:47 +0800] "GET /xingrg/check_reg.html?_=1608857231423 HTTP/1.1" 200 22
180.162.223.42 - - [25/Dec/2020:08:44:56 +0800] "POST /xingrg/dwr/call/plaincall/AjaxQqpsService.saveMaterielItem.dwr HTTP/1.1" 200 78
180.156.237.57 - - [25/Dec/2020:08:44:57 +0800] "GET /xingrg/all/function/internal_message.html?_=1608857081247&CODE_STATE=getMsg HTTP/1.1" 200 27
180.152.104.37 - - [25/Dec/2020:08:44:59 +0800] "GET /xingrg/all/function/internal_message.html?_=1608857329953&CODE_STATE=getMsg HTTP/1.1" 200 27
222.69.135.254 - - [25/Dec/2020:08:45:00 +0800] "GET /xingrg/kc/buy/cgsh_order_operate.html?command=get_materiel&rest_code=00149&code=00101008350&supplier_code=00100005&order_time=2020-12-25 HTTP/1.1" 200 408
180.156.237.57 - - [25/Dec/2020:08:45:00 +0800] "GET /xingrg/all/function/internal_message.html?_=1608857105040&CODE_STATE=getMsg HTTP/1.1" 200 27
180.162.223.42 - - [25/Dec/2020:08:45:02 +0800] "POST /xingrg/dwr/call/plaincall/AjaxQqpsService.getMaterielByCode.dwr HTTP/1.1" 200 2681
180.162.223.42 - - [25/Dec/2020:08:45:04 +0800] "POST /xingrg/dwr/call/plaincall/AjaxQqpsService.saveMaterielItem.dwr HTTP/1.1" 200 78
120.253.135.82 - - [25/Dec/2020:08:45:05 +0800] "GET /xingrg/check_reg.html?_=1608857217412 HTTP/1.1" 200 22
180.162.223.42 - - [25/Dec/2020:08:45:11 +0800] "POST /xingrg/dwr/call/plaincall/AjaxQqpsService.getMaterielByCode.dwr HTTP/1.1" 200 2711
180.162.223.42 - - [25/Dec/2020:08:45:12 +0800] "POST /xingrg/dwr/call/plaincall/AjaxQqpsService.saveMaterielItem.dwr HTTP/1.1" 200 78
58.37.230.33 - - [25/Dec/2020:08:45:15 +0800] "GET /xingrg/all/function/internal_message.html?_=1608857150373&CODE_STATE=getMsg HTTP/1.1" 200 27
222.69.135.254 - - [25/Dec/2020:08:45:17 +0800] "GET /xingrg/all/function/internal_message.html?_=1608857111039&CODE_STATE=getMsg HTTP/1.1" 200 27
120.253.135.82 - - [25/Dec/2020:08:45:20 +0800] "GET /xingrg/all/function/internal_message.html?_=1608857232556&CODE_STATE=getMsg HTTP/1.1" 200 27
180.162.223.42 - - [25/Dec/2020:08:45:23 +0800] "POST /xingrg/dwr/call/plaincall/AjaxQqpsService.getMaterielByCode.dwr HTTP/1.1" 200 2705
172.17.0.109 - - [25/Dec/2020:08:45:25 +0800] "GET /xingrg/all/function/internal_message.html?_=1608857122025&CODE_STATE=getMsg HTTP/1.1" 200 27
180.162.223.42 - - [25/Dec/2020:08:45:25 +0800] "POST /xingrg/dwr/call/plaincall/AjaxQqpsService.saveMaterielItem.dwr HTTP/1.1" 200 78
101.228.166.101 - - [25/Dec/2020:08:45:25 +0800] "GET /xingrg/all/function/internal_message.html?_=1608857137721&CODE_STATE=getMsg HTTP/1.1" 200 27
222.69.135.254 - - [25/Dec/2020:08:45:28 +0800] "GET /xingrg/kc/buy/cgsh_order_operate.html?command=get_materiel&rest_code=00149&code=00101008354&supplier_code=00100005&order_time=2020-12-25 HTTP/1.1" 200 412
58.37.230.33 - - [25/Dec/2020:08:45:38 +0800] "GET /xingrg/check_reg.html?_=1608857173651 HTTP/1.1" 200 22
172.17.0.123 - - [25/Dec/2020:08:45:41 +0800] "GET /xingrg/all/function/internal_message.html?_=1608857051816&CODE_STATE=getMsg HTTP/1.1" 200 27
58.35.244.144 - - [25/Dec/2020:08:45:46 +0800] "GET /xingrg/kc/buy/cgsh_order_operate.html?command=get_materiel&rest_code=00111&code=00101008270&supplier_code=00100005&order_time=2020-12-25 HTTP/1.1" 200 412
180.162.223.42 - - [25/Dec/2020:08:45:46 +0800] "GET /xingrg/all/function/internal_message.html?_=1608857146841&CODE_STATE=getMsg HTTP/1.1" 200 27
58.35.244.144 - - [25/Dec/2020:08:45:47 +0800] "GET /xingrg/all/function/internal_message.html?_=1608857291419&CODE_STATE=getMsg HTTP/1.1" 200 27
58.35.244.144 - - [25/Dec/2020:08:45:55 +0800] "GET /xingrg/kc/buy/cgsh_order_operate.html?command=get_materiel&rest_code=00111&code=00101008045&supplier_code=00100005&order_time=2020-12-25 HTTP/1.1" 200 412
180.156.237.57 - - [25/Dec/2020:08:45:57 +0800] "GET /xingrg/all/function/internal_message.html?_=1608857141253&CODE_STATE=getMsg HTTP/1.1" 200 27
180.152.104.37 - - [25/Dec/2020:08:45:59 +0800] "GET /xingrg/all/function/internal_message.html?_=1608857389962&CODE_STATE=getMsg HTTP/1.1" 200 27
180.156.237.57 - - [25/Dec/2020:08:46:00 +0800] "GET /xingrg/all/function/internal_message.html?_=1608857165055&CODE_STATE=getMsg HTTP/1.1" 200 27
222.69.135.254 - - [25/Dec/2020:08:46:03 +0800] "GET /xingrg/kc/buy/cgsh_order_operate.html?command=get_materiel&rest_code=00149&code=00101008351&supplier_code=00100005&order_time=2020-12-25 HTTP/1.1" 200 427
58.35.244.144 - - [25/Dec/2020:08:46:11 +0800] "GET /xingrg/kc/buy/cgsh_order_operate.html?command=get_materiel&rest_code=00111&code=00101008155&supplier_code=00100005&order_time=2020-12-25 HTTP/1.1" 200 408
58.37.230.33 - - [25/Dec/2020:08:46:15 +0800] "GET /xingrg/all/function/internal_message.html?_=1608857210353&CODE_STATE=getMsg HTTP/1.1" 200 27
101.228.166.101 - - [25/Dec/2020:08:46:15 +0800] "GET /xingrg/kc/mdqp/qqps_order_list.html HTTP/1.1" 200 9642
101.228.166.101 - - [25/Dec/2020:08:46:15 +0800] "GET /xingrg/css/blue.css HTTP/1.1" 304 -
101.228.166.101 - - [25/Dec/2020:08:46:15 +0800] "GET /xingrg/javascript/pic_change.js HTTP/1.1" 304 -
101.228.166.101 - - [25/Dec/2020:08:46:15 +0800] "GET /xingrg/dwr/interface/AjaxQqpsService.js HTTP/1.1" 200 16326
101.228.166.101 - - [25/Dec/2020:08:46:15 +0800] "GET /xingrg/dwr/interface/AjaxReportQueryService.js HTTP/1.1" 200 13203
101.228.166.101 - - [25/Dec/2020:08:46:15 +0800] "GET /xingrg/dwr/engine.js HTTP/1.1" 200 43631
101.228.166.101 - - [25/Dec/2020:08:46:15 +0800] "GET /xingrg/dwr/util.js HTTP/1.1" 304 -
101.228.166.101 - - [25/Dec/2020:08:46:15 +0800] "GET /xingrg/javascript/Calendar.js HTTP/1.1" 304 -
101.228.166.101 - - [25/Dec/2020:08:46:15 +0800] "GET /xingrg/javascript/myfunction.js HTTP/1.1" 304 -
101.228.166.101 - - [25/Dec/2020:08:46:15 +0800] "GET /xingrg/javascript/ToolTips.js HTTP/1.1" 304 -
101.228.166.101 - - [25/Dec/2020:08:46:15 +0800] "GET /xingrg/javascript/jquery_easy_ui/themes/default/easyui.css HTTP/1.1" 304 -
101.228.166.101 - - [25/Dec/2020:08:46:15 +0800] "GET /xingrg/javascript/jquery_easy_ui/themes/icon.css HTTP/1.1" 304 -
222.69.135.254 - - [25/Dec/2020:08:46:16 +0800] "GET /xingrg/kc/buy/cgsh_order_operate.html?command=get_materiel&rest_code=00149&code=00101008096&supplier_code=00100005&order_time=2020-12-25 HTTP/1.1" 200 413
222.69.135.254 - - [25/Dec/2020:08:46:17 +0800] "GET /xingrg/check_reg.html?_=1608857171030 HTTP/1.1" 200 22
222.69.135.254 - - [25/Dec/2020:08:46:17 +0800] "GET /xingrg/all/function/internal_message.html?_=1608857171034&CODE_STATE=getMsg HTTP/1.1" 200 27
58.35.244.144 - - [25/Dec/2020:08:46:18 +0800] "GET /xingrg/kc/buy/cgsh_order_operate.html?command=get_materiel&rest_code=00111&code=00101008080&supplier_code=00100005&order_time=2020-12-25 HTTP/1.1" 200 435
101.228.166.101 - - [25/Dec/2020:08:46:18 +0800] "GET /xingrg/kc/mdqp/qqps_order_add.html HTTP/1.1" 200 28069
101.228.166.101 - - [25/Dec/2020:08:46:18 +0800] "GET /xingrg/javascript/jquery-1.4.2.min.js HTTP/1.1" 304 -
101.228.166.101 - - [25/Dec/2020:08:46:18 +0800] "GET /xingrg/javascript/jquery_easy_ui/easyui-lang-zh_CN.js HTTP/1.1" 304 -
101.228.166.101 - - [25/Dec/2020:08:46:18 +0800] "GET /xingrg/javascript/jquery_easy_ui/jquery.easyui.min.js HTTP/1.1" 304 -
101.228.166.101 - - [25/Dec/2020:08:46:18 +0800] "GET /xingrg/javascript/tools/jquery.qtip-1.0.0-rc3.min.js HTTP/1.1" 304 -
101.228.166.101 - - [25/Dec/2020:08:46:18 +0800] "GET /xingrg/dwr/interface/AjaxComOrderService.js HTTP/1.1" 200 18264
101.228.166.101 - - [25/Dec/2020:08:46:18 +0800] "GET /xingrg/dwr/interface/AjaxQqpsService.js HTTP/1.1" 200 16326
101.228.166.101 - - [25/Dec/2020:08:46:18 +0800] "GET /xingrg/javascript/AjaxInfoList.js HTTP/1.1" 304 -
101.228.166.101 - - [25/Dec/2020:08:46:18 +0800] "GET /xingrg/javascript/print/kc_print.js HTTP/1.1" 304 -
101.228.166.101 - - [25/Dec/2020:08:46:18 +0800] "GET /xingrg/javascript/Grid.js HTTP/1.1" 304 -
101.228.166.101 - - [25/Dec/2020:08:46:18 +0800] "GET /xingrg/dwr/engine.js HTTP/1.1" 200 43631
120.253.135.82 - - [25/Dec/2020:08:46:20 +0800] "GET /xingrg/all/function/internal_message.html?_=1608857292569&CODE_STATE=getMsg HTTP/1.1" 200 27
101.228.166.101 - - [25/Dec/2020:08:46:21 +0800] "GET /xingrg/words/20201224164401_words.js HTTP/1.1" 304 -
222.69.135.254 - - [25/Dec/2020:08:46:24 +0800] "GET /xingrg/kc/buy/cgsh_order_operate.html?command=get_materiel&rest_code=00149&code=00101008038&supplier_code=00100005&order_time=2020-12-25 HTTP/1.1" 200 412
172.17.0.109 - - [25/Dec/2020:08:46:25 +0800] "GET /xingrg/all/function/internal_message.html?_=1608857182022&CODE_STATE=getMsg HTTP/1.1" 200 27
101.228.166.101 - - [25/Dec/2020:08:46:25 +0800] "GET /xingrg/all/function/internal_message.html?_=1608857197767&CODE_STATE=getMsg HTTP/1.1" 200 27
58.35.244.144 - - [25/Dec/2020:08:46:28 +0800] "GET /xingrg/kc/buy/cgsh_order_operate.html?command=get_materiel&rest_code=00111&code=00101008351&supplier_code=00100005&order_time=2020-12-25 HTTP/1.1" 200 427
222.69.135.254 - - [25/Dec/2020:08:46:32 +0800] "GET /xingrg/kc/buy/cgsh_order_operate.html?command=get_materiel&rest_code=00149&code=00101008358&supplier_code=00100005&order_time=2020-12-25 HTTP/1.1" 200 412
58.35.244.144 - - [25/Dec/2020:08:46:37 +0800] "GET /xingrg/kc/buy/cgsh_order_operate.html?command=get_materiel&rest_code=00111&code=00101008110&supplier_code=00100005&order_time=2020-12-25 HTTP/1.1" 200 408
101.228.166.101 - - [25/Dec/2020:08:46:39 +0800] "POST /xingrg/dwr/call/plaincall/AjaxQqpsService.saveOrder.dwr HTTP/1.1" 200 78
172.17.0.123 - - [25/Dec/2020:08:46:41 +0800] "GET /xingrg/all/function/internal_message.html?_=1608857111818&CODE_STATE=getMsg HTTP/1.1" 200 27
180.162.223.42 - - [25/Dec/2020:08:46:46 +0800] "GET /xingrg/all/function/internal_message.html?_=1608857206803&CODE_STATE=getMsg HTTP/1.1" 200 27
58.35.244.144 - - [25/Dec/2020:08:46:47 +0800] "GET /xingrg/all/function/internal_message.html?_=1608857351474&CODE_STATE=getMsg HTTP/1.1" 200 27
116.228.172.94 - - [25/Dec/2020:08:46:50 +0800] "GET /xingrg/login.html HTTP/1.1" 200 7641
222.69.135.254 - - [25/Dec/2020:08:46:54 +0800] "GET /xingrg/kc/buy/cgsh_order_operate.html?command=get_materiel&rest_code=00149&code=00101008163&supplier_code=00100005&order_time=2020-12-25 HTTP/1.1" 200 409
58.35.244.144 - - [25/Dec/2020:08:46:54 +0800] "GET /xingrg/kc/buy/cgsh_order_operate.html?command=get_materiel&rest_code=00111&code=00101008038&supplier_code=00100005&order_time=2020-12-25 HTTP/1.1" 200 412
116.228.172.94 - - [25/Dec/2020:08:46:54 +0800] "GET /favicon.ico HTTP/1.1" 404 -
180.156.237.57 - - [25/Dec/2020:08:46:57 +0800] "GET /xingrg/all/function/internal_message.html?_=1608857201274&CODE_STATE=getMsg HTTP/1.1" 200 27
180.152.104.37 - - [25/Dec/2020:08:46:58 +0800] "GET /xingrg/check_reg.html?_=1608857449790 HTTP/1.1" 200 22
180.152.104.37 - - [25/Dec/2020:08:46:59 +0800] "GET /xingrg/all/function/internal_message.html?_=1608857449976&CODE_STATE=getMsg HTTP/1.1" 200 27
180.156.237.57 - - [25/Dec/2020:08:47:00 +0800] "GET /xingrg/check_reg.html?_=1608857225055 HTTP/1.1" 200 22
180.156.237.57 - - [25/Dec/2020:08:47:00 +0800] "GET /xingrg/all/function/internal_message.html?_=1608857225058&CODE_STATE=getMsg HTTP/1.1" 200 27
222.69.135.254 - - [25/Dec/2020:08:47:01 +0800] "POST /xingrg/kc/buy/cgsh_order_operate.html HTTP/1.1" 200 2065
101.228.166.101 - - [25/Dec/2020:08:47:03 +0800] "POST /xingrg/dwr/call/plaincall/AjaxQqpsService.getMaterielByCode.dwr HTTP/1.1" 200 2637
101.228.166.101 - - [25/Dec/2020:08:47:04 +0800] "POST /xingrg/dwr/call/plaincall/AjaxQqpsService.saveMaterielItem.dwr HTTP/1.1" 200 78
222.69.135.254 - - [25/Dec/2020:08:47:05 +0800] "GET /xingrg/kc/buy/cgsh_order_operate.html?command=get_materiel&rest_code=00149&code=00101008224&supplier_code=00100005&order_time=2020-12-25 HTTP/1.1" 200 416
58.35.244.144 - - [25/Dec/2020:08:47:07 +0800] "GET /xingrg/kc/buy/cgsh_order_operate.html?command=get_materiel&rest_code=00111&code=00101008358&supplier_code=00100005&order_time=2020-12-25 HTTP/1.1" 200 412
101.228.166.101 - - [25/Dec/2020:08:47:12 +0800] "POST /xingrg/dwr/call/plaincall/AjaxQqpsService.getMaterielByCode.dwr HTTP/1.1" 200 2618
58.37.230.33 - - [25/Dec/2020:08:47:15 +0800] "GET /xingrg/all/function/internal_message.html?_=1608857270322&CODE_STATE=getMsg HTTP/1.1" 200 27
58.35.244.144 - - [25/Dec/2020:08:47:15 +0800] "GET /xingrg/kc/buy/cgsh_order_operate.html?command=get_materiel&rest_code=00111&code=00101008163&supplier_code=00100005&order_time=2020-12-25 HTTP/1.1" 200 409
222.69.135.254 - - [25/Dec/2020:08:47:17 +0800] "GET /xingrg/all/function/internal_message.html?_=1608857231063&CODE_STATE=getMsg HTTP/1.1" 200 27
120.253.135.82 - - [25/Dec/2020:08:47:21 +0800] "GET /xingrg/all/function/internal_message.html?_=1608857352589&CODE_STATE=getMsg HTTP/1.1" 200 27
101.228.166.101 - - [25/Dec/2020:08:47:21 +0800] "POST /xingrg/dwr/call/plaincall/AjaxQqpsService.saveMaterielItem.dwr HTTP/1.1" 200 78
172.17.0.109 - - [25/Dec/2020:08:47:25 +0800] "GET /xingrg/all/function/internal_message.html?_=1608857242024&CODE_STATE=getMsg HTTP/1.1" 200 27
101.228.166.101 - - [25/Dec/2020:08:47:25 +0800] "GET /xingrg/all/function/internal_message.html?_=1608857257781&CODE_STATE=getMsg HTTP/1.1" 200 27
222.69.135.254 - - [25/Dec/2020:08:47:28 +0800] "GET /xingrg/kc/buy/cgsh_order_operate.html?command=get_materiel&rest_code=00149&code=00101008064&supplier_code=00100005&order_time=2020-12-25 HTTP/1.1" 200 412
58.35.244.144 - - [25/Dec/2020:08:47:29 +0800] "GET /xingrg/kc/buy/cgsh_order_operate.html?command=get_materiel&rest_code=00111&code=00101008355&supplier_code=00100005&order_time=2020-12-25 HTTP/1.1" 200 408
180.162.223.42 - - [25/Dec/2020:08:47:31 +0800] "POST /xingrg/dwr/call/plaincall/AjaxQqpsService.getMaterielByCode.dwr HTTP/1.1" 200 2691
180.162.223.42 - - [25/Dec/2020:08:47:32 +0800] "POST /xingrg/dwr/call/plaincall/AjaxQqpsService.saveMaterielItem.dwr HTTP/1.1" 200 79
101.228.166.101 - - [25/Dec/2020:08:47:32 +0800] "POST /xingrg/dwr/call/plaincall/AjaxQqpsService.getMaterielByCode.dwr HTTP/1.1" 200 2584
58.35.244.144 - - [25/Dec/2020:08:47:36 +0800] "GET /xingrg/kc/buy/cgsh_order_operate.html?command=get_materiel&rest_code=00111&code=00101008067&supplier_code=00100005&order_time=2020-12-25 HTTP/1.1" 200 416
172.17.0.123 - - [25/Dec/2020:08:47:41 +0800] "GET /xingrg/all/function/internal_message.html?_=1608857171804&CODE_STATE=getMsg HTTP/1.1" 200 27
222.69.135.254 - - [25/Dec/2020:08:47:44 +0800] "GET /xingrg/kc/buy/cgsh_order_operate.html?command=get_materiel&rest_code=00149&code=00101008370&supplier_code=00100005&order_time=2020-12-25 HTTP/1.1" 200 412
101.228.166.101 - - [25/Dec/2020:08:47:46 +0800] "POST /xingrg/dwr/call/plaincall/AjaxQqpsService.saveMaterielItem.dwr HTTP/1.1" 200 78
180.162.223.42 - - [25/Dec/2020:08:47:46 +0800] "GET /xingrg/all/function/internal_message.html?_=1608857266842&CODE_STATE=getMsg HTTP/1.1" 200 27
180.162.223.42 - - [25/Dec/2020:08:47:46 +0800] "GET /xingrg/check_reg.html?_=1608857266845 HTTP/1.1" 200 22
58.35.244.144 - - [25/Dec/2020:08:47:47 +0800] "GET /xingrg/all/function/internal_message.html?_=1608857411427&CODE_STATE=getMsg HTTP/1.1" 200 27
180.156.237.57 - - [25/Dec/2020:08:47:48 +0800] "GET /xingrg/check_reg.html?_=1608857252123 HTTP/1.1" 200 22
58.35.244.144 - - [25/Dec/2020:08:47:51 +0800] "GET /xingrg/kc/buy/cgsh_order_operate.html?command=get_materiel&rest_code=00111&code=00101008264&supplier_code=00100005&order_time=2020-12-25 HTTP/1.1" 200 412
222.69.135.254 - - [25/Dec/2020:08:47:53 +0800] "GET /xingrg/kc/buy/cgsh_order_operate.html?command=get_materiel&rest_code=00149&code=00101008087&supplier_code=00100005&order_time=2020-12-25 HTTP/1.1" 200 412
180.156.237.57 - - [25/Dec/2020:08:47:57 +0800] "GET /xingrg/all/function/internal_message.html?_=1608857261281&CODE_STATE=getMsg HTTP/1.1" 200 27
58.35.244.144 - - [25/Dec/2020:08:47:57 +0800] "GET /xingrg/kc/buy/cgsh_order_operate.html?command=get_materiel&rest_code=00111&code=00101009030&supplier_code=00100005&order_time=2020-12-25 HTTP/1.1" 200 412
222.69.135.254 - - [25/Dec/2020:08:47:58 +0800] "POST /xingrg/kc/buy/cgsh_order_operate.html HTTP/1.1" 200 2065
180.152.104.37 - - [25/Dec/2020:08:47:59 +0800] "GET /xingrg/all/function/internal_message.html?_=1608857509989&CODE_STATE=getMsg HTTP/1.1" 200 27
180.156.237.57 - - [25/Dec/2020:08:48:00 +0800] "GET /xingrg/all/function/internal_message.html?_=1608857285042&CODE_STATE=getMsg HTTP/1.1" 200 27
101.228.166.101 - - [25/Dec/2020:08:48:01 +0800] "POST /xingrg/dwr/call/plaincall/AjaxQqpsService.getMaterielByCode.dwr HTTP/1.1" 200 2573
222.69.135.254 - - [25/Dec/2020:08:48:03 +0800] "GET /xingrg/kc/buy/cgsh_order_operate.html?command=get_materiel&rest_code=00149&code=00101008361&supplier_code=00100005&order_time=2020-12-25 HTTP/1.1" 200 408
58.35.244.144 - - [25/Dec/2020:08:48:05 +0800] "GET /xingrg/kc/buy/cgsh_order_operate.html?command=get_materiel&rest_code=00111&code=00101008362&supplier_code=00100005&order_time=2020-12-25 HTTP/1.1" 200 408
101.228.166.101 - - [25/Dec/2020:08:48:06 +0800] "POST /xingrg/dwr/call/plaincall/AjaxQqpsService.saveMaterielItem.dwr HTTP/1.1" 200 78
222.69.135.254 - - [25/Dec/2020:08:48:12 +0800] "GET /xingrg/kc/buy/cgsh_order_operate.html?command=get_materiel&rest_code=00149&code=00101008355&supplier_code=00100005&order_time=2020-12-25 HTTP/1.1" 200 408
58.37.230.33 - - [25/Dec/2020:08:48:15 +0800] "GET /xingrg/all/function/internal_message.html?_=1608857330294&CODE_STATE=getMsg HTTP/1.1" 200 27
222.69.135.254 - - [25/Dec/2020:08:48:17 +0800] "GET /xingrg/all/function/internal_message.html?_=1608857291046&CODE_STATE=getMsg HTTP/1.1" 200 27
222.69.135.254 - - [25/Dec/2020:08:48:20 +0800] "GET /xingrg/kc/buy/cgsh_order_operate.html?command=get_materiel&rest_code=00149&code=00101008264&supplier_code=00100005&order_time=2020-12-25 HTTP/1.1" 200 412
120.253.135.82 - - [25/Dec/2020:08:48:20 +0800] "GET /xingrg/all/function/internal_message.html?_=1608857412596&CODE_STATE=getMsg HTTP/1.1" 200 27
58.35.244.144 - - [25/Dec/2020:08:48:21 +0800] "GET /xingrg/kc/buy/cgsh_order_operate.html?command=get_materiel&rest_code=00111&code=00101008196&supplier_code=00100005&order_time=2020-12-25 HTTP/1.1" 200 416
58.35.244.144 - - [25/Dec/2020:08:48:23 +0800] "POST /xingrg/kc/buy/cgsh_order_operate.html HTTP/1.1" 200 2065
172.17.0.109 - - [25/Dec/2020:08:48:25 +0800] "GET /xingrg/all/function/internal_message.html?_=1608857302022&CODE_STATE=getMsg HTTP/1.1" 200 27
172.17.0.109 - - [25/Dec/2020:08:48:25 +0800] "GET /xingrg/check_reg.html?_=1608857302024 HTTP/1.1" 200 22
101.228.166.101 - - [25/Dec/2020:08:48:25 +0800] "GET /xingrg/all/function/internal_message.html?_=1608857317793&CODE_STATE=getMsg HTTP/1.1" 200 27
101.228.166.101 - - [25/Dec/2020:08:48:27 +0800] "POST /xingrg/dwr/call/plaincall/AjaxQqpsService.getMaterielByCode.dwr HTTP/1.1" 200 2572
222.69.135.254 - - [25/Dec/2020:08:48:28 +0800] "GET /xingrg/kc/buy/cgsh_order_operate.html?command=get_materiel&rest_code=00149&code=00101008356&supplier_code=00100005&order_time=2020-12-25 HTTP/1.1" 200 408
58.35.244.144 - - [25/Dec/2020:08:48:29 +0800] "GET /xingrg/kc/buy/cgsh_order_operate.html?command=get_materiel&rest_code=00111&code=00101008197&supplier_code=00100005&order_time=2020-12-25 HTTP/1.1" 200 416
101.228.166.101 - - [25/Dec/2020:08:48:31 +0800] "POST /xingrg/dwr/call/plaincall/AjaxQqpsService.saveMaterielItem.dwr HTTP/1.1" 200 79
222.69.135.254 - - [25/Dec/2020:08:48:37 +0800] "POST /xingrg/kc/buy/cgsh_order_operate.html HTTP/1.1" 200 2065
58.35.244.144 - - [25/Dec/2020:08:48:40 +0800] "GET /xingrg/kc/buy/cgsh_order_operate.html?command=get_materiel&rest_code=00111&code=00101008357&supplier_code=00100005&order_time=2020-12-25 HTTP/1.1" 200 408
172.17.0.123 - - [25/Dec/2020:08:48:41 +0800] "GET /xingrg/all/function/internal_message.html?_=1608857231806&CODE_STATE=getMsg HTTP/1.1" 200 27
101.228.166.101 - - [25/Dec/2020:08:48:45 +0800] "POST /xingrg/dwr/call/plaincall/AjaxQqpsService.getMaterielByCode.dwr HTTP/1.1" 200 2634
180.162.223.42 - - [25/Dec/2020:08:48:46 +0800] "GET /xingrg/all/function/internal_message.html?_=1608857326809&CODE_STATE=getMsg HTTP/1.1" 200 27
58.35.244.144 - - [25/Dec/2020:08:48:47 +0800] "GET /xingrg/all/function/internal_message.html?_=1608857471428&CODE_STATE=getMsg HTTP/1.1" 200 27
58.35.244.144 - - [25/Dec/2020:08:48:47 +0800] "GET /xingrg/kc/buy/cgsh_order_operate.html?command=get_materiel&rest_code=00111&code=00101008069&supplier_code=00100005&order_time=2020-12-25 HTTP/1.1" 200 412
222.69.135.254 - - [25/Dec/2020:08:48:51 +0800] "GET /xingrg/kc/buy/cgsh_order_operate.html?command=get_materiel&rest_code=00149&code=00101008300&supplier_code=00100005&order_time=2020-12-25 HTTP/1.1" 200 412
101.228.166.101 - - [25/Dec/2020:08:48:54 +0800] "POST /xingrg/dwr/call/plaincall/AjaxQqpsService.saveMaterielItem.dwr HTTP/1.1" 200 79
58.35.244.144 - - [25/Dec/2020:08:48:54 +0800] "GET /xingrg/kc/buy/cgsh_order_operate.html?command=get_materiel&rest_code=00111&code=00101008006&supplier_code=00100005&order_time=2020-12-25 HTTP/1.1" 200 416
180.156.237.57 - - [25/Dec/2020:08:48:57 +0800] "GET /xingrg/all/function/internal_message.html?_=1608857321294&CODE_STATE=getMsg HTTP/1.1" 200 27
180.152.104.37 - - [25/Dec/2020:08:48:59 +0800] "GET /xingrg/all/function/internal_message.html?_=1608857570003&CODE_STATE=getMsg HTTP/1.1" 200 27
180.156.237.57 - - [25/Dec/2020:08:49:00 +0800] "GET /xingrg/all/function/internal_message.html?_=1608857345053&CODE_STATE=getMsg HTTP/1.1" 200 27
222.69.135.254 - - [25/Dec/2020:08:49:08 +0800] "GET /xingrg/kc/buy/cgsh_order_operate.html?command=get_materiel&rest_code=00149&code=00101008205&supplier_code=00100005&order_time=2020-12-25 HTTP/1.1" 200 412
58.35.244.144 - - [25/Dec/2020:08:49:08 +0800] "GET /xingrg/kc/buy/cgsh_order_operate.html?command=get_materiel&rest_code=00111&code=00101008036&supplier_code=00100005&order_time=2020-12-25 HTTP/1.1" 200 408
58.35.244.144 - - [25/Dec/2020:08:49:10 +0800] "POST /xingrg/kc/buy/cgsh_order_operate.html HTTP/1.1" 200 2065
101.228.166.101 - - [25/Dec/2020:08:49:12 +0800] "POST /xingrg/dwr/call/plaincall/AjaxQqpsService.getMaterielByCode.dwr HTTP/1.1" 200 2563
58.37.230.33 - - [25/Dec/2020:08:49:15 +0800] "GET /xingrg/all/function/internal_message.html?_=1608857390275&CODE_STATE=getMsg HTTP/1.1" 200 27
222.69.135.254 - - [25/Dec/2020:08:49:16 +0800] "GET /xingrg/kc/buy/cgsh_order_operate.html?command=get_materiel&rest_code=00149&code=00101008251&supplier_code=00100005&order_time=2020-12-25 HTTP/1.1" 200 408
101.228.166.101 - - [25/Dec/2020:08:49:16 +0800] "POST /xingrg/dwr/call/plaincall/AjaxQqpsService.saveMaterielItem.dwr HTTP/1.1" 200 79
58.35.244.144 - - [25/Dec/2020:08:49:17 +0800] "GET /xingrg/kc/buy/cgsh_order_operate.html?command=get_materiel&rest_code=00111&code=00101008131&supplier_code=00100005&order_time=2020-12-25 HTTP/1.1" 200 408
222.69.135.254 - - [25/Dec/2020:08:49:17 +0800] "GET /xingrg/all/function/internal_message.html?_=1608857351039&CODE_STATE=getMsg HTTP/1.1" 200 27
180.162.223.42 - - [25/Dec/2020:08:49:17 +0800] "GET /xingrg/kc/base/wldb_order_list.html HTTP/1.1" 200 19339
180.162.223.42 - - [25/Dec/2020:08:49:18 +0800] "POST /xingrg/kc/base/wldb_list_operate.html HTTP/1.1" 200 928
180.162.223.42 - - [25/Dec/2020:08:49:19 +0800] "GET /xingrg/kc/base/wldb_order_add.html HTTP/1.1" 200 30508
180.162.223.42 - - [25/Dec/2020:08:49:20 +0800] "GET /xingrg/javascript/easyui/themes/default/validatebox.css HTTP/1.1" 404 1104
180.162.223.42 - - [25/Dec/2020:08:49:20 +0800] "POST /xingrg/kc/base/wldb_order_operate.html HTTP/1.1" 200 6806
120.253.135.82 - - [25/Dec/2020:08:49:20 +0800] "GET /xingrg/all/function/internal_message.html?_=1608857472619&CODE_STATE=getMsg HTTP/1.1" 200 27
180.162.223.42 - - [25/Dec/2020:08:49:21 +0800] "POST /xingrg/all/common/load_combo.html?type=base HTTP/1.1" 200 3236
101.228.166.101 - - [25/Dec/2020:08:49:24 +0800] "GET /xingrg/check_reg.html?_=1608857376407 HTTP/1.1" 200 22
172.17.0.109 - - [25/Dec/2020:08:49:25 +0800] "GET /xingrg/all/function/internal_message.html?_=1608857362022&CODE_STATE=getMsg HTTP/1.1" 200 27
101.228.166.101 - - [25/Dec/2020:08:49:25 +0800] "GET /xingrg/all/function/internal_message.html?_=1608857377807&CODE_STATE=getMsg HTTP/1.1" 200 27
58.35.244.144 - - [25/Dec/2020:08:49:25 +0800] "GET /xingrg/kc/buy/cgsh_order_operate.html?command=get_materiel&rest_code=00111&code=00101008318&supplier_code=00100005&order_time=2020-12-25 HTTP/1.1" 200 408
222.69.135.254 - - [25/Dec/2020:08:49:26 +0800] "GET /xingrg/kc/buy/cgsh_order_operate.html?command=get_materiel&rest_code=00149&code=00101015004&supplier_code=00100005&order_time=2020-12-25 HTTP/1.1" 200 408
180.162.223.42 - - [25/Dec/2020:08:49:30 +0800] "GET /xingrg/kc/base/wldb_order_operate.html?command=get_materiel&rest_code=00105&base_code=0010508&code=00102002022 HTTP/1.1" 200 459
101.228.166.101 - - [25/Dec/2020:08:49:35 +0800] "POST /xingrg/dwr/call/plaincall/AjaxQqpsService.getMaterielByCode.dwr HTTP/1.1" 200 2601
222.69.135.254 - - [25/Dec/2020:08:49:35 +0800] "GET /xingrg/kc/buy/cgsh_order_operate.html?command=get_materiel&rest_code=00149&code=00101008223&supplier_code=00100005&order_time=2020-12-25 HTTP/1.1" 200 412
58.35.244.144 - - [25/Dec/2020:08:49:35 +0800] "GET /xingrg/kc/buy/cgsh_order_operate.html?command=get_materiel&rest_code=00111&code=00101008352&supplier_code=00100005&order_time=2020-12-25 HTTP/1.1" 200 412
172.17.0.123 - - [25/Dec/2020:08:49:41 +0800] "GET /xingrg/check_reg.html?_=1608857291808 HTTP/1.1" 200 22
172.17.0.123 - - [25/Dec/2020:08:49:41 +0800] "GET /xingrg/all/function/internal_message.html?_=1608857291807&CODE_STATE=getMsg HTTP/1.1" 200 27
58.35.244.144 - - [25/Dec/2020:08:49:42 +0800] "GET /xingrg/kc/buy/cgsh_order_operate.html?command=get_materiel&rest_code=00111&code=00101008005&supplier_code=00100005&order_time=2020-12-25 HTTP/1.1" 200 431
222.69.135.254 - - [25/Dec/2020:08:49:42 +0800] "POST /xingrg/kc/buy/cgsh_order_operate.html HTTP/1.1" 200 2065
101.228.166.101 - - [25/Dec/2020:08:49:45 +0800] "POST /xingrg/dwr/call/plaincall/AjaxQqpsService.saveMaterielItem.dwr HTTP/1.1" 200 79
180.162.223.42 - - [25/Dec/2020:08:49:46 +0800] "GET /xingrg/all/function/internal_message.html?_=1608857386858&CODE_STATE=getMsg HTTP/1.1" 200 27
58.35.244.144 - - [25/Dec/2020:08:49:47 +0800] "GET /xingrg/check_reg.html?_=1608857531421 HTTP/1.1" 200 22
58.35.244.144 - - [25/Dec/2020:08:49:47 +0800] "GET /xingrg/all/function/internal_message.html?_=1608857531425&CODE_STATE=getMsg HTTP/1.1" 200 27
58.35.244.144 - - [25/Dec/2020:08:49:53 +0800] "GET /xingrg/kc/buy/cgsh_order_operate.html?command=get_materiel&rest_code=00111&code=00101008353&supplier_code=00100005&order_time=2020-12-25 HTTP/1.1" 200 408
58.35.244.144 - - [25/Dec/2020:08:49:55 +0800] "POST /xingrg/kc/buy/cgsh_order_operate.html HTTP/1.1" 200 2065
180.156.237.57 - - [25/Dec/2020:08:49:57 +0800] "GET /xingrg/all/function/internal_message.html?_=1608857381317&CODE_STATE=getMsg HTTP/1.1" 200 27
222.69.135.254 - - [25/Dec/2020:08:49:57 +0800] "GET /xingrg/kc/buy/cgsh_order_operate.html?command=get_materiel&rest_code=00149&code=00101008238&supplier_code=00100005&order_time=2020-12-25 HTTP/1.1" 200 416
180.152.104.37 - - [25/Dec/2020:08:49:59 +0800] "GET /xingrg/all/function/internal_message.html?_=1608857630020&CODE_STATE=getMsg HTTP/1.1" 200 27
58.35.244.144 - - [25/Dec/2020:08:49:59 +0800] "GET /xingrg/kc/buy/cgsh_order_operate.html?command=get_materiel&rest_code=00111&code=00101008213&supplier_code=00100005&order_time=2020-12-25 HTTP/1.1" 200 412
180.156.237.57 - - [25/Dec/2020:08:50:00 +0800] "GET /xingrg/all/function/internal_message.html?_=1608857405055&CODE_STATE=getMsg HTTP/1.1" 200 27
120.253.135.82 - - [25/Dec/2020:08:50:05 +0800] "GET /xingrg/check_reg.html?_=1608857517416 HTTP/1.1" 200 22
58.35.244.144 - - [25/Dec/2020:08:50:08 +0800] "GET /xingrg/kc/buy/cgsh_order_operate.html?command=get_materiel&rest_code=00111&code=00101008089&supplier_code=00100005&order_time=2020-12-25 HTTP/1.1" 200 408
101.228.166.101 - - [25/Dec/2020:08:50:09 +0800] "POST /xingrg/dwr/call/plaincall/AjaxQqpsService.getMaterielByCode.dwr HTTP/1.1" 200 2599
58.37.230.33 - - [25/Dec/2020:08:50:15 +0800] "GET /xingrg/all/function/internal_message.html?_=1608857450256&CODE_STATE=getMsg HTTP/1.1" 200 27
101.228.166.101 - - [25/Dec/2020:08:50:15 +0800] "POST /xingrg/dwr/call/plaincall/AjaxQqpsService.saveMaterielItem.dwr HTTP/1.1" 200 79
222.69.135.254 - - [25/Dec/2020:08:50:17 +0800] "GET /xingrg/all/function/internal_message.html?_=1608857411044&CODE_STATE=getMsg HTTP/1.1" 200 27
120.253.135.82 - - [25/Dec/2020:08:50:20 +0800] "GET /xingrg/all/function/internal_message.html?_=1608857532623&CODE_STATE=getMsg HTTP/1.1" 200 27
116.228.172.94 - - [25/Dec/2020:08:50:20 +0800] "POST /xingrg/login.do HTTP/1.1" 302 -
58.35.244.144 - - [25/Dec/2020:08:50:20 +0800] "GET /xingrg/kc/buy/cgsh_order_operate.html?command=get_materiel&rest_code=00111&code=00101008085&supplier_code=00100005&order_time=2020-12-25 HTTP/1.1" 200 412
116.228.172.94 - - [25/Dec/2020:08:50:20 +0800] "GET /xingrg/index.html?sysBaseUrl=http%3A%2F%2F180.169.147.146%3A18081%2Fxingrg%2F&costTime=40×tamp=1608857420736 HTTP/1.1" 200 17179
116.228.172.94 - - [25/Dec/2020:08:50:22 +0800] "GET /favicon.ico HTTP/1.1" 404 -
116.228.172.94 - - [25/Dec/2020:08:50:23 +0800] "POST /xingrg/all/common/load_tree.html?tree=area_rest_tree_json&manage=1 HTTP/1.1" 200 476
116.228.172.94 - - [25/Dec/2020:08:50:23 +0800] "GET /xingrg/all/function/internal_message.html?_=1608857419105&CODE_STATE=count HTTP/1.1" 200 11
116.228.172.94 - - [25/Dec/2020:08:50:23 +0800] "GET /xingrg/check_reg.html?_=1608857419130 HTTP/1.1" 200 22
116.228.172.94 - - [25/Dec/2020:08:50:24 +0800] "POST /xingrg/load_menu.html HTTP/1.1" 200 5138
172.17.0.109 - - [25/Dec/2020:08:50:25 +0800] "GET /xingrg/all/function/internal_message.html?_=1608857422025&CODE_STATE=getMsg HTTP/1.1" 200 27
101.228.166.101 - - [25/Dec/2020:08:50:25 +0800] "GET /xingrg/all/function/internal_message.html?_=1608857437837&CODE_STATE=getMsg HTTP/1.1" 200 27
58.35.244.144 - - [25/Dec/2020:08:50:28 +0800] "GET /xingrg/kc/buy/cgsh_order_operate.html?command=get_materiel&rest_code=00111&code=00101008312&supplier_code=00100005&order_time=2020-12-25 HTTP/1.1" 200 412
101.228.166.101 - - [25/Dec/2020:08:50:29 +0800] "POST /xingrg/dwr/call/plaincall/AjaxQqpsService.getMaterielByCode.dwr HTTP/1.1" 200 2635
116.228.172.94 - - [25/Dec/2020:08:50:29 +0800] "GET /xingrg/kc/buy/buy_main.html HTTP/1.1" 200 12412
116.228.172.94 - - [25/Dec/2020:08:50:29 +0800] "GET /xingrg/css/new_ie.css HTTP/1.1" 404 1036
222.69.135.254 - - [25/Dec/2020:08:50:30 +0800] "GET /xingrg/kc/buy/cgsh_order_operate.html?command=get_materiel&rest_code=00149&code=00101008357&supplier_code=00100005&order_time=2020-12-25 HTTP/1.1" 200 408
116.228.172.94 - - [25/Dec/2020:08:50:32 +0800] "GET /xingrg/images/yd/bt.gif HTTP/1.1" 404 1040
116.228.172.94 - - [25/Dec/2020:08:50:32 +0800] "GET /xingrg/kc/buy/cgsh_order_list.html HTTP/1.1" 200 45480
101.228.166.101 - - [25/Dec/2020:08:50:32 +0800] "POST /xingrg/dwr/call/plaincall/AjaxQqpsService.saveMaterielItem.dwr HTTP/1.1" 200 79
116.228.172.94 - - [25/Dec/2020:08:50:35 +0800] "POST /xingrg/kc/buy/cgsh_list_operate.html HTTP/1.1" 200 876
58.35.244.144 - - [25/Dec/2020:08:50:37 +0800] "GET /xingrg/kc/buy/cgsh_order_operate.html?command=get_materiel&rest_code=00111&code=00101008125&supplier_code=00100005&order_time=2020-12-25 HTTP/1.1" 200 432
116.228.172.94 - - [25/Dec/2020:08:50:37 +0800] "GET /xingrg/kc/buy/cgsh_order_add.html HTTP/1.1" 200 61299
116.228.172.94 - - [25/Dec/2020:08:50:38 +0800] "GET /xingrg/words/20201224164401_words.js HTTP/1.1" 200 782252
58.37.230.33 - - [25/Dec/2020:08:50:38 +0800] "GET /xingrg/check_reg.html?_=1608857473643 HTTP/1.1" 200 22
116.228.172.94 - - [25/Dec/2020:08:50:39 +0800] "GET /xingrg/all/common/auto_word.html?type=employee&rest_code=00107 HTTP/1.1" 200 151
116.228.172.94 - - [25/Dec/2020:08:50:39 +0800] "GET /xingrg/javascript/easyui/themes/default/validatebox.css HTTP/1.1" 404 1104
116.228.172.94 - - [25/Dec/2020:08:50:39 +0800] "GET /xingrg/all/common/auto_word.html?type=employee&rest_code=00107 HTTP/1.1" 200 151
116.228.172.94 - - [25/Dec/2020:08:50:39 +0800] "POST /xingrg/kc/buy/cgsh_order_operate.html HTTP/1.1" 200 8245
101.228.166.101 - - [25/Dec/2020:08:50:40 +0800] "POST /xingrg/dwr/call/plaincall/AjaxQqpsService.getMaterielByCode.dwr HTTP/1.1" 200 2628
58.35.244.144 - - [25/Dec/2020:08:50:40 +0800] "POST /xingrg/kc/buy/cgsh_order_operate.html HTTP/1.1" 200 2065
116.228.172.94 - - [25/Dec/2020:08:50:40 +0800] "GET /xingrg/javascript/easyui/themes/default/tree.css HTTP/1.1" 404 1090
116.228.172.94 - - [25/Dec/2020:08:50:41 +0800] "POST /xingrg/all/common/load_tree.html?tree=supplier_tree_json&isDelete=1 HTTP/1.1" 200 53078
172.17.0.123 - - [25/Dec/2020:08:50:41 +0800] "GET /xingrg/all/function/internal_message.html?_=1608857351809&CODE_STATE=getMsg HTTP/1.1" 200 27
101.228.166.101 - - [25/Dec/2020:08:50:43 +0800] "POST /xingrg/dwr/call/plaincall/AjaxQqpsService.saveMaterielItem.dwr HTTP/1.1" 200 79
58.35.244.144 - - [25/Dec/2020:08:50:46 +0800] "GET /xingrg/kc/buy/cgsh_order_operate.html?command=get_materiel&rest_code=00111&code=00101008298&supplier_code=00100005&order_time=2020-12-25 HTTP/1.1" 200 432
180.162.223.42 - - [25/Dec/2020:08:50:46 +0800] "GET /xingrg/all/function/internal_message.html?_=1608857446816&CODE_STATE=getMsg HTTP/1.1" 200 27
58.35.244.144 - - [25/Dec/2020:08:50:47 +0800] "GET /xingrg/all/function/internal_message.html?_=1608857591421&CODE_STATE=getMsg HTTP/1.1" 200 27
116.228.172.94 - - [25/Dec/2020:08:50:54 +0800] "GET /xingrg/javascript/auto/indicator.gif HTTP/1.1" 404 1066
101.228.166.101 - - [25/Dec/2020:08:50:54 +0800] "POST /xingrg/dwr/call/plaincall/AjaxQqpsService.getMaterielByCode.dwr HTTP/1.1" 200 2635
222.69.135.254 - - [25/Dec/2020:08:50:56 +0800] "GET /xingrg/kc/buy/cgsh_order_operate.html?command=get_materiel&rest_code=00149&code=00101008069&supplier_code=00100005&order_time=2020-12-25 HTTP/1.1" 200 412
101.228.166.101 - - [25/Dec/2020:08:50:57 +0800] "POST /xingrg/dwr/call/plaincall/AjaxQqpsService.saveMaterielItem.dwr HTTP/1.1" 200 79
180.156.237.57 - - [25/Dec/2020:08:50:57 +0800] "GET /xingrg/all/function/internal_message.html?_=1608857441321&CODE_STATE=getMsg HTTP/1.1" 200 27
58.35.244.144 - - [25/Dec/2020:08:50:58 +0800] "GET /xingrg/kc/buy/cgsh_order_operate.html?command=get_materiel&rest_code=00111&code=00101008027&supplier_code=00100005&order_time=2020-12-25 HTTP/1.1" 200 408
180.152.104.37 - - [25/Dec/2020:08:50:59 +0800] "GET /xingrg/all/function/internal_message.html?_=1608857690036&CODE_STATE=getMsg HTTP/1.1" 200 27
180.156.237.57 - - [25/Dec/2020:08:51:00 +0800] "GET /xingrg/all/function/internal_message.html?_=1608857465055&CODE_STATE=getMsg HTTP/1.1" 200 27
116.228.172.94 - - [25/Dec/2020:08:51:05 +0800] "GET /xingrg/kc/buy/cgsh_order_operate.html?command=get_materiel&rest_code=00107&code=00101008323&supplier_code=00100006&order_time=2020-12-25 HTTP/1.1" 200 408
101.228.166.101 - - [25/Dec/2020:08:51:08 +0800] "POST /xingrg/dwr/call/plaincall/AjaxQqpsService.getMaterielByCode.dwr HTTP/1.1" 200 2641
222.69.135.254 - - [25/Dec/2020:08:51:09 +0800] "GET /xingrg/kc/buy/cgsh_order_operate.html?command=get_materiel&rest_code=00149&code=00101008286&supplier_code=00100005&order_time=2020-12-25 HTTP/1.1" 200 408
101.228.166.101 - - [25/Dec/2020:08:51:10 +0800] "POST /xingrg/dwr/call/plaincall/AjaxQqpsService.saveMaterielItem.dwr HTTP/1.1" 200 79
58.35.244.144 - - [25/Dec/2020:08:51:11 +0800] "GET /xingrg/kc/buy/cgsh_order_operate.html?command=get_materiel&rest_code=00111&code=00101008257&supplier_code=00100005&order_time=2020-12-25 HTTP/1.1" 200 416
58.37.230.33 - - [25/Dec/2020:08:51:15 +0800] "GET /xingrg/all/function/internal_message.html?_=1608857510236&CODE_STATE=getMsg HTTP/1.1" 200 27
116.228.172.94 - - [25/Dec/2020:08:51:15 +0800] "GET /xingrg/kc/buy/cgsh_order_operate.html?command=get_materiel&rest_code=00107&code=00101008044&supplier_code=00100006&order_time=2020-12-25 HTTP/1.1" 200 408
222.69.135.254 - - [25/Dec/2020:08:51:17 +0800] "GET /xingrg/check_reg.html?_=1608857471048 HTTP/1.1" 200 22
222.69.135.254 - - [25/Dec/2020:08:51:17 +0800] "GET /xingrg/all/function/internal_message.html?_=1608857471049&CODE_STATE=getMsg HTTP/1.1" 200 27
222.69.135.254 - - [25/Dec/2020:08:51:18 +0800] "GET /xingrg/kc/buy/cgsh_order_operate.html?command=get_materiel&rest_code=00149&code=00101008036&supplier_code=00100005&order_time=2020-12-25 HTTP/1.1" 200 408
101.228.166.101 - - [25/Dec/2020:08:51:18 +0800] "POST /xingrg/dwr/call/plaincall/AjaxQqpsService.getMaterielByCode.dwr HTTP/1.1" 200 2628
120.253.135.82 - - [25/Dec/2020:08:51:20 +0800] "GET /xingrg/all/function/internal_message.html?_=1608857592637&CODE_STATE=getMsg HTTP/1.1" 200 27
222.69.135.254 - - [25/Dec/2020:08:51:23 +0800] "POST /xingrg/kc/buy/cgsh_order_operate.html HTTP/1.1" 200 2065
116.228.172.94 - - [25/Dec/2020:08:51:23 +0800] "GET /xingrg/all/function/internal_message.html?_=1608857479145&CODE_STATE=getMsg HTTP/1.1" 200 27
172.17.0.109 - - [25/Dec/2020:08:51:25 +0800] "GET /xingrg/all/function/internal_message.html?_=1608857482024&CODE_STATE=getMsg HTTP/1.1" 200 27
101.228.166.101 - - [25/Dec/2020:08:51:25 +0800] "GET /xingrg/all/function/internal_message.html?_=1608857497897&CODE_STATE=getMsg HTTP/1.1" 200 27
116.228.172.94 - - [25/Dec/2020:08:51:26 +0800] "GET /xingrg/kc/buy/cgsh_order_operate.html?command=get_materiel&rest_code=00107&code=00101008298&supplier_code=00100006&order_time=2020-12-25 HTTP/1.1" 200 432
222.69.135.254 - - [25/Dec/2020:08:51:29 +0800] "GET /xingrg/kc/buy/cgsh_order_operate.html?command=get_materiel&rest_code=00149&code=00101008131&supplier_code=00100005&order_time=2020-12-25 HTTP/1.1" 200 408
101.228.166.101 - - [25/Dec/2020:08:51:34 +0800] "POST /xingrg/dwr/call/plaincall/AjaxQqpsService.saveMaterielItem.dwr HTTP/1.1" 200 79
124.77.238.8 - - [25/Dec/2020:08:51:35 +0800] "POST /xingrg/services/DataTransmitService HTTP/1.1" 200 524
116.228.172.94 - - [25/Dec/2020:08:51:39 +0800] "GET /xingrg/kc/buy/cgsh_order_operate.html?command=get_materiel&rest_code=00107&code=00101008096&supplier_code=00100006&order_time=2020-12-25 HTTP/1.1" 200 413
172.17.0.123 - - [25/Dec/2020:08:51:41 +0800] "GET /xingrg/all/function/internal_message.html?_=1608857411811&CODE_STATE=getMsg HTTP/1.1" 200 27
180.162.223.42 - - [25/Dec/2020:08:51:46 +0800] "GET /xingrg/all/function/internal_message.html?_=1608857506820&CODE_STATE=getMsg HTTP/1.1" 200 27
58.35.244.144 - - [25/Dec/2020:08:51:47 +0800] "GET /xingrg/all/function/internal_message.html?_=1608857651521&CODE_STATE=getMsg HTTP/1.1" 200 27
222.69.135.254 - - [25/Dec/2020:08:51:52 +0800] "GET /xingrg/kc/buy/cgsh_order_operate.html?command=get_materiel&rest_code=00149&code=00101008296&supplier_code=00100005&order_time=2020-12-25 HTTP/1.1" 200 416
101.228.166.101 - - [25/Dec/2020:08:51:52 +0800] "POST /xingrg/dwr/call/plaincall/AjaxQqpsService.getMaterielByCode.dwr HTTP/1.1" 200 2659
101.228.166.101 - - [25/Dec/2020:08:51:55 +0800] "POST /xingrg/dwr/call/plaincall/AjaxQqpsService.saveMaterielItem.dwr HTTP/1.1" 200 79
180.156.237.57 - - [25/Dec/2020:08:51:57 +0800] "GET /xingrg/all/function/internal_message.html?_=1608857501345&CODE_STATE=getMsg HTTP/1.1" 200 27
180.152.104.37 - - [25/Dec/2020:08:51:58 +0800] "GET /xingrg/check_reg.html?_=1608857749807 HTTP/1.1" 200 22
180.152.104.37 - - [25/Dec/2020:08:51:59 +0800] "GET /xingrg/all/function/internal_message.html?_=1608857750057&CODE_STATE=getMsg HTTP/1.1" 200 27
180.156.237.57 - - [25/Dec/2020:08:52:00 +0800] "GET /xingrg/all/function/internal_message.html?_=1608857525065&CODE_STATE=getMsg HTTP/1.1" 200 27
180.156.237.57 - - [25/Dec/2020:08:52:00 +0800] "GET /xingrg/check_reg.html?_=1608857525067 HTTP/1.1" 200 22
116.228.172.94 - - [25/Dec/2020:08:52:02 +0800] "GET /xingrg/kc/buy/cgsh_order_operate.html?command=get_materiel&rest_code=00107&code=00101008163&supplier_code=00100006&order_time=2020-12-25 HTTP/1.1" 200 409
222.69.135.254 - - [25/Dec/2020:08:52:09 +0800] "GET /xingrg/kc/buy/cgsh_order_operate.html?command=get_materiel&rest_code=00149&code=00101008098&supplier_code=00100005&order_time=2020-12-25 HTTP/1.1" 200 412
58.37.230.33 - - [25/Dec/2020:08:52:15 +0800] "GET /xingrg/all/function/internal_message.html?_=1608857570243&CODE_STATE=getMsg HTTP/1.1" 200 27
222.69.135.254 - - [25/Dec/2020:08:52:17 +0800] "GET /xingrg/all/function/internal_message.html?_=1608857531045&CODE_STATE=getMsg HTTP/1.1" 200 27
116.228.172.94 - - [25/Dec/2020:08:52:17 +0800] "GET /xingrg/kc/buy/cgsh_order_operate.html?command=get_materiel&rest_code=00107&code=00101008147&supplier_code=00100006&order_time=2020-12-25 HTTP/1.1" 200 416
58.35.244.144 - - [25/Dec/2020:08:52:18 +0800] "GET /xingrg/kc/buy/cgsh_order_operate.html?command=get_materiel&rest_code=00111&code=00101008186&supplier_code=00100005&order_time=2020-12-25 HTTP/1.1" 200 408
120.253.135.82 - - [25/Dec/2020:08:52:20 +0800] "GET /xingrg/all/function/internal_message.html?_=1608857652658&CODE_STATE=getMsg HTTP/1.1" 200 27
222.69.135.254 - - [25/Dec/2020:08:52:23 +0800] "GET /xingrg/kc/buy/cgsh_order_operate.html?command=get_materiel&rest_code=00149&code=00101008005&supplier_code=00100005&order_time=2020-12-25 HTTP/1.1" 200 431
116.228.172.94 - - [25/Dec/2020:08:52:24 +0800] "GET /xingrg/all/function/internal_message.html?_=1608857539134&CODE_STATE=getMsg HTTP/1.1" 200 27
172.17.0.109 - - [25/Dec/2020:08:52:25 +0800] "GET /xingrg/all/function/internal_message.html?_=1608857542042&CODE_STATE=getMsg HTTP/1.1" 200 27
101.228.166.101 - - [25/Dec/2020:08:52:26 +0800] "GET /xingrg/all/function/internal_message.html?_=1608857558413&CODE_STATE=getMsg HTTP/1.1" 200 27
58.35.244.144 - - [25/Dec/2020:08:52:27 +0800] "GET /xingrg/kc/buy/cgsh_order_operate.html?command=get_materiel&rest_code=00111&code=00101008096&supplier_code=00100005&order_time=2020-12-25 HTTP/1.1" 200 413
116.228.172.94 - - [25/Dec/2020:08:52:30 +0800] "GET /xingrg/kc/buy/cgsh_order_operate.html?command=get_materiel&rest_code=00107&code=00101008098&supplier_code=00100006&order_time=2020-12-25 HTTP/1.1" 200 412
58.35.244.144 - - [25/Dec/2020:08:52:36 +0800] "POST /xingrg/kc/buy/cgsh_order_operate.html HTTP/1.1" 200 2065
222.69.135.254 - - [25/Dec/2020:08:52:36 +0800] "GET /xingrg/kc/buy/cgsh_order_operate.html?command=get_materiel&rest_code=00149&code=00101008353&supplier_code=00100005&order_time=2020-12-25 HTTP/1.1" 200 408
116.228.172.94 - - [25/Dec/2020:08:52:40 +0800] "GET /xingrg/kc/buy/cgsh_order_operate.html?command=get_materiel&rest_code=00107&code=00101008155&supplier_code=00100006&order_time=2020-12-25 HTTP/1.1" 200 408
101.228.166.101 - - [25/Dec/2020:08:52:41 +0800] "POST /xingrg/dwr/call/plaincall/AjaxQqpsService.getMaterielByCode.dwr HTTP/1.1" 200 2620
172.17.0.123 - - [25/Dec/2020:08:52:41 +0800] "GET /xingrg/all/function/internal_message.html?_=1608857471815&CODE_STATE=getMsg HTTP/1.1" 200 27
58.35.244.144 - - [25/Dec/2020:08:52:43 +0800] "GET /xingrg/kc/buy/cgsh_order_operate.html?command=get_materiel&rest_code=00111&code=00101008051&supplier_code=00100005&order_time=2020-12-25 HTTP/1.1" 200 428
180.162.223.42 - - [25/Dec/2020:08:52:46 +0800] "GET /xingrg/all/function/internal_message.html?_=1608857566817&CODE_STATE=getMsg HTTP/1.1" 200 27
180.162.223.42 - - [25/Dec/2020:08:52:46 +0800] "GET /xingrg/check_reg.html?_=1608857566824 HTTP/1.1" 200 22
58.35.244.144 - - [25/Dec/2020:08:52:47 +0800] "GET /xingrg/all/function/internal_message.html?_=1608857711527&CODE_STATE=getMsg HTTP/1.1" 200 27
101.228.166.101 - - [25/Dec/2020:08:52:48 +0800] "POST /xingrg/dwr/call/plaincall/AjaxQqpsService.saveMaterielItem.dwr HTTP/1.1" 200 79
180.156.237.57 - - [25/Dec/2020:08:52:48 +0800] "GET /xingrg/check_reg.html?_=1608857552129 HTTP/1.1" 200 22
58.35.244.144 - - [25/Dec/2020:08:52:56 +0800] "GET /xingrg/kc/buy/cgsh_order_operate.html?command=get_materiel&rest_code=00111&code=00101008003&supplier_code=00100005&order_time=2020-12-25 HTTP/1.1" 200 408
180.156.237.57 - - [25/Dec/2020:08:52:57 +0800] "GET /xingrg/all/function/internal_message.html?_=1608857561349&CODE_STATE=getMsg HTTP/1.1" 200 27
116.228.172.94 - - [25/Dec/2020:08:52:59 +0800] "GET /xingrg/kc/buy/cgsh_order_operate.html?command=get_materiel&rest_code=00107&code=00101008085&supplier_code=00100006&order_time=2020-12-25 HTTP/1.1" 200 412
180.156.237.57 - - [25/Dec/2020:08:53:00 +0800] "GET /xingrg/all/function/internal_message.html?_=1608857585065&CODE_STATE=getMsg HTTP/1.1" 200 27
101.228.166.101 - - [25/Dec/2020:08:53:03 +0800] "POST /xingrg/dwr/call/plaincall/AjaxQqpsService.checkOrder.dwr HTTP/1.1" 200 79
101.228.166.101 - - [25/Dec/2020:08:53:04 +0800] "GET /xingrg/kc/mdqp/qqps_order_info.html?code=302020122500558 HTTP/1.1" 200 26472
101.228.166.101 - - [25/Dec/2020:08:53:04 +0800] "GET /xingrg/dwr/interface/AjaxComOrderService.js HTTP/1.1" 200 18264
101.228.166.101 - - [25/Dec/2020:08:53:04 +0800] "GET /xingrg/dwr/interface/AjaxQqpsService.js HTTP/1.1" 200 16326
101.228.166.101 - - [25/Dec/2020:08:53:04 +0800] "GET /xingrg/dwr/engine.js HTTP/1.1" 200 43631
58.35.244.144 - - [25/Dec/2020:08:53:06 +0800] "GET /xingrg/kc/buy/cgsh_order_operate.html?command=get_materiel&rest_code=00111&code=00101008209&supplier_code=00100005&order_time=2020-12-25 HTTP/1.1" 200 408
101.228.166.101 - - [25/Dec/2020:08:53:07 +0800] "POST /xingrg/dwr/call/plaincall/AjaxQqpsService.loadMaterielItems.dwr HTTP/1.1" 200 4767
101.228.166.101 - - [25/Dec/2020:08:53:12 +0800] "GET /xingrg/kc/mdqp/qqps_order_list.html HTTP/1.1" 200 10053
101.228.166.101 - - [25/Dec/2020:08:53:12 +0800] "GET /xingrg/dwr/interface/AjaxQqpsService.js HTTP/1.1" 200 16326
101.228.166.101 - - [25/Dec/2020:08:53:12 +0800] "GET /xingrg/dwr/interface/AjaxReportQueryService.js HTTP/1.1" 200 13203
101.228.166.101 - - [25/Dec/2020:08:53:12 +0800] "GET /xingrg/dwr/engine.js HTTP/1.1" 200 43631
58.37.230.33 - - [25/Dec/2020:08:53:15 +0800] "GET /xingrg/all/function/internal_message.html?_=1608857630212&CODE_STATE=getMsg HTTP/1.1" 200 27
101.228.166.101 - - [25/Dec/2020:08:53:15 +0800] "GET /xingrg/kc/mdqp/qqps_order_info.html?code=302020122400531 HTTP/1.1" 200 28231
101.228.166.101 - - [25/Dec/2020:08:53:15 +0800] "GET /xingrg/dwr/interface/AjaxQqpsService.js HTTP/1.1" 200 16326
101.228.166.101 - - [25/Dec/2020:08:53:15 +0800] "GET /xingrg/dwr/interface/AjaxComOrderService.js HTTP/1.1" 200 18264
101.228.166.101 - - [25/Dec/2020:08:53:15 +0800] "GET /xingrg/dwr/engine.js HTTP/1.1" 200 43631
222.69.135.254 - - [25/Dec/2020:08:53:17 +0800] "POST /xingrg/kc/buy/cgsh_order_operate.html HTTP/1.1" 200 2065
222.69.135.254 - - [25/Dec/2020:08:53:17 +0800] "GET /xingrg/all/function/internal_message.html?_=1608857591109&CODE_STATE=getMsg HTTP/1.1" 200 27
116.228.172.94 - - [25/Dec/2020:08:53:18 +0800] "GET /xingrg/kc/buy/cgsh_order_operate.html?command=get_materiel&rest_code=00107&code=00101008019&supplier_code=00100006&order_time=2020-12-25 HTTP/1.1" 200 418
101.228.166.101 - - [25/Dec/2020:08:53:18 +0800] "POST /xingrg/dwr/call/plaincall/AjaxQqpsService.loadMaterielItems.dwr HTTP/1.1" 200 923
120.253.135.82 - - [25/Dec/2020:08:53:20 +0800] "GET /xingrg/all/function/internal_message.html?_=1608857712665&CODE_STATE=getMsg HTTP/1.1" 200 27
101.228.166.101 - - [25/Dec/2020:08:53:23 +0800] "POST /xingrg/dwr/call/plaincall/AjaxQqpsService.checkOrder.dwr HTTP/1.1" 200 78
116.228.172.94 - - [25/Dec/2020:08:53:24 +0800] "GET /xingrg/all/function/internal_message.html?_=1608857599147&CODE_STATE=getMsg HTTP/1.1" 200 27
101.228.166.101 - - [25/Dec/2020:08:53:24 +0800] "GET /xingrg/kc/mdqp/qqps_order_info.html?code=302020122400531 HTTP/1.1" 200 26472
101.228.166.101 - - [25/Dec/2020:08:53:24 +0800] "GET /xingrg/dwr/interface/AjaxComOrderService.js HTTP/1.1" 200 18264
101.228.166.101 - - [25/Dec/2020:08:53:24 +0800] "GET /xingrg/dwr/interface/AjaxQqpsService.js HTTP/1.1" 200 16326
101.228.166.101 - - [25/Dec/2020:08:53:24 +0800] "GET /xingrg/dwr/engine.js HTTP/1.1" 200 43631
172.17.0.109 - - [25/Dec/2020:08:53:25 +0800] "GET /xingrg/all/function/internal_message.html?_=1608857602042&CODE_STATE=getMsg HTTP/1.1" 200 27
172.17.0.109 - - [25/Dec/2020:08:53:25 +0800] "GET /xingrg/check_reg.html?_=1608857602040 HTTP/1.1" 200 22
58.35.244.144 - - [25/Dec/2020:08:53:27 +0800] "GET /xingrg/kc/buy/cgsh_order_operate.html?command=get_materiel&rest_code=00111&code=00101008356&supplier_code=00100005&order_time=2020-12-25 HTTP/1.1" 200 408
101.228.166.101 - - [25/Dec/2020:08:53:27 +0800] "POST /xingrg/dwr/call/plaincall/AjaxQqpsService.loadMaterielItems.dwr HTTP/1.1" 200 923
101.228.166.101 - - [25/Dec/2020:08:53:27 +0800] "GET /xingrg/all/function/internal_message.html?_=1608857620075&CODE_STATE=getMsg HTTP/1.1" 200 27
222.69.135.254 - - [25/Dec/2020:08:53:29 +0800] "GET /xingrg/kc/buy/cgsh_order_operate.html?command=get_materiel&rest_code=00149&code=00101008213&supplier_code=00100005&order_time=2020-12-25 HTTP/1.1" 200 412
116.228.172.94 - - [25/Dec/2020:08:53:31 +0800] "GET /xingrg/kc/buy/cgsh_order_operate.html?command=get_materiel&rest_code=00107&code=00101008364&supplier_code=00100006&order_time=2020-12-25 HTTP/1.1" 200 413
58.35.244.144 - - [25/Dec/2020:08:53:36 +0800] "GET /xingrg/kc/buy/cgsh_order_operate.html?command=get_materiel&rest_code=00111&code=00101008251&supplier_code=00100005&order_time=2020-12-25 HTTP/1.1" 200 408
58.35.244.144 - - [25/Dec/2020:08:53:38 +0800] "POST /xingrg/kc/buy/cgsh_order_operate.html HTTP/1.1" 200 2065
