222.69.133.109 - - [25/Dec/2020:10:16:37 +0800] "GET /xingrg/all/function/internal_message.html?_=1608862595885&CODE_STATE=getMsg HTTP/1.1" 200 27
180.152.104.37 - - [25/Dec/2020:10:16:41 +0800] "GET /xingrg/all/function/internal_message.html?_=1608862832869&CODE_STATE=getMsg HTTP/1.1" 200 27
172.17.200.101 - - [25/Dec/2020:10:16:44 +0800] "GET /xingrg/all/function/internal_message.html?_=1608862605086&CODE_STATE=getMsg HTTP/1.1" 302 -
117.184.7.26 - - [25/Dec/2020:10:16:45 +0800] "GET /xingrg/all/function/internal_message.html?_=1608862596787&CODE_STATE=getMsg HTTP/1.1" 200 27
180.157.253.48 - - [25/Dec/2020:10:16:46 +0800] "POST /xingrg/kc/buy/cgsh_order_operate.html HTTP/1.1" 200 2065
180.162.223.42 - - [25/Dec/2020:10:16:47 +0800] "GET /xingrg/all/function/internal_message.html?_=1608862606946&CODE_STATE=getMsg HTTP/1.1" 200 27
58.35.244.144 - - [25/Dec/2020:10:16:47 +0800] "GET /xingrg/all/function/internal_message.html?_=1608862751469&CODE_STATE=getMsg HTTP/1.1" 200 27
117.185.32.26 - - [25/Dec/2020:10:16:55 +0800] "GET /xingrg/all/function/internal_message.html?_=1608862611197&CODE_STATE=getMsg HTTP/1.1" 200 27
180.156.237.57 - - [25/Dec/2020:10:16:57 +0800] "GET /xingrg/check_reg.html?_=1608862600483 HTTP/1.1" 200 22
180.156.237.57 - - [25/Dec/2020:10:16:57 +0800] "GET /xingrg/all/function/internal_message.html?_=1608862601116&CODE_STATE=getMsg HTTP/1.1" 200 27
58.35.244.144 - - [25/Dec/2020:10:16:58 +0800] "GET /xingrg/all/function/internal_message.html?_=1608862612888&CODE_STATE=getMsg HTTP/1.1" 200 27
180.157.253.48 - - [25/Dec/2020:10:17:00 +0800] "GET /xingrg/check_reg.html?_=1608862618424 HTTP/1.1" 200 22
180.157.253.48 - - [25/Dec/2020:10:17:00 +0800] "GET /xingrg/all/function/internal_message.html?_=1608862618721&CODE_STATE=getMsg HTTP/1.1" 200 27
116.233.74.117 - - [25/Dec/2020:10:17:02 +0800] "GET /xingrg/all/function/internal_message.html?_=1608862621972&CODE_STATE=getMsg HTTP/1.1" 200 27
172.17.0.120 - - [25/Dec/2020:10:17:06 +0800] "GET /xingrg/all/function/internal_message.html?_=1608862622910&CODE_STATE=getMsg HTTP/1.1" 200 27
117.185.32.26 - - [25/Dec/2020:10:17:06 +0800] "GET /xingrg/javascript/auto/indicator.gif HTTP/1.1" 404 1066
180.157.253.48 - - [25/Dec/2020:10:17:08 +0800] "GET /xingrg/kc/buy/cgsh_order_operate.html?command=get_materiel&rest_code=00148&code=00101008105&supplier_code=00100007&order_time=2020-12-25 HTTP/1.1" 200 412
116.233.74.117 - - [25/Dec/2020:10:17:08 +0800] "GET /xingrg/all/function/internal_message.html?_=1608862661984&CODE_STATE=getMsg HTTP/1.1" 200 27
117.185.32.26 - - [25/Dec/2020:10:17:08 +0800] "GET /xingrg/kc/buy/cgsh_order_operate.html?command=get_materiel&rest_code=00106&code=00101006109&supplier_code=00100015&order_time=2020-12-25 HTTP/1.1" 200 409
58.37.230.33 - - [25/Dec/2020:10:17:13 +0800] "GET /xingrg/all/function/internal_message.html?_=1608862668287&CODE_STATE=getMsg HTTP/1.1" 200 27
180.157.253.48 - - [25/Dec/2020:10:17:16 +0800] "GET /xingrg/kc/buy/cgsh_order_operate.html?command=get_materiel&rest_code=00148&code=00101008119&supplier_code=00100007&order_time=2020-12-25 HTTP/1.1" 200 412
117.185.32.26 - - [25/Dec/2020:10:17:16 +0800] "GET /xingrg/kc/buy/cgsh_order_operate.html?command=get_materiel&rest_code=00106&code=00101006133&supplier_code=00100015&order_time=2020-12-25 HTTP/1.1" 200 415
222.69.135.254 - - [25/Dec/2020:10:17:17 +0800] "GET /xingrg/all/function/internal_message.html?_=1608862631164&CODE_STATE=getMsg HTTP/1.1" 200 27
120.253.135.82 - - [25/Dec/2020:10:17:22 +0800] "GET /xingrg/all/function/internal_message.html?_=1608862753953&CODE_STATE=getMsg HTTP/1.1" 200 27
116.228.172.94 - - [25/Dec/2020:10:17:23 +0800] "GET /xingrg/all/function/internal_message.html?_=1608862639232&CODE_STATE=getMsg HTTP/1.1" 200 27
180.156.237.57 - - [25/Dec/2020:10:17:24 +0800] "GET /xingrg/all/function/internal_message.html?_=1608862648762&CODE_STATE=getMsg HTTP/1.1" 200 27
180.157.253.48 - - [25/Dec/2020:10:17:24 +0800] "GET /xingrg/kc/buy/cgsh_order_operate.html?command=get_materiel&rest_code=00148&code=00101008168&supplier_code=00100007&order_time=2020-12-25 HTTP/1.1" 200 413
172.17.0.109 - - [25/Dec/2020:10:17:25 +0800] "GET /xingrg/all/function/internal_message.html?_=1608862642145&CODE_STATE=getMsg HTTP/1.1" 200 27
180.157.253.48 - - [25/Dec/2020:10:17:28 +0800] "POST /xingrg/kc/buy/cgsh_order_operate.html HTTP/1.1" 200 2065
180.156.237.57 - - [25/Dec/2020:10:17:34 +0800] "POST /xingrg/kc/buy/cgsh_order_operate.html HTTP/1.1" 200 37
117.185.32.26 - - [25/Dec/2020:10:17:36 +0800] "GET /xingrg/kc/buy/cgsh_order_operate.html?command=get_materiel&rest_code=00106&code=00101006112&supplier_code=00100015&order_time=2020-12-25 HTTP/1.1" 200 409
180.156.237.57 - - [25/Dec/2020:10:17:36 +0800] "POST /xingrg/kc/buy/cgsh_order_operate.html HTTP/1.1" 200 12
222.69.133.109 - - [25/Dec/2020:10:17:37 +0800] "GET /xingrg/all/function/internal_message.html?_=1608862655855&CODE_STATE=getMsg HTTP/1.1" 200 27
180.156.237.57 - - [25/Dec/2020:10:17:37 +0800] "GET /xingrg/kc/buy/cgsh_order_info.html?code=212020122509872 HTTP/1.1" 200 55756
180.156.237.57 - - [25/Dec/2020:10:17:38 +0800] "GET /xingrg/javascript/easyui/themes/default/validatebox.css HTTP/1.1" 404 1104
222.69.133.109 - - [25/Dec/2020:10:17:38 +0800] "GET /xingrg/check_reg.html?_=1608862656452 HTTP/1.1" 200 22
180.156.237.57 - - [25/Dec/2020:10:17:38 +0800] "POST /xingrg/kc/buy/cgsh_order_operate.html HTTP/1.1" 200 4192
180.157.253.48 - - [25/Dec/2020:10:17:38 +0800] "GET /xingrg/kc/buy/cgsh_order_operate.html?command=get_materiel&rest_code=00148&code=00101008236&supplier_code=00100007&order_time=2020-12-25 HTTP/1.1" 200 436
180.152.104.37 - - [25/Dec/2020:10:17:41 +0800] "GET /xingrg/all/function/internal_message.html?_=1608862892922&CODE_STATE=getMsg HTTP/1.1" 200 27
172.17.200.101 - - [25/Dec/2020:10:17:44 +0800] "GET /xingrg/check_reg.html?_=1608862665088 HTTP/1.1" 302 -
172.17.200.101 - - [25/Dec/2020:10:17:44 +0800] "GET /xingrg/all/function/internal_message.html?_=1608862665092&CODE_STATE=getMsg HTTP/1.1" 302 -
117.184.7.26 - - [25/Dec/2020:10:17:45 +0800] "GET /xingrg/all/function/internal_message.html?_=1608862656788&CODE_STATE=getMsg HTTP/1.1" 200 27
180.162.223.42 - - [25/Dec/2020:10:17:47 +0800] "GET /xingrg/all/function/internal_message.html?_=1608862666971&CODE_STATE=getMsg HTTP/1.1" 200 27
180.162.223.42 - - [25/Dec/2020:10:17:47 +0800] "GET /xingrg/check_reg.html?_=1608862666977 HTTP/1.1" 200 22
58.35.244.144 - - [25/Dec/2020:10:17:47 +0800] "GET /xingrg/all/function/internal_message.html?_=1608862811496&CODE_STATE=getMsg HTTP/1.1" 200 27
180.157.253.48 - - [25/Dec/2020:10:17:48 +0800] "GET /xingrg/kc/buy/cgsh_order_operate.html?command=get_materiel&rest_code=00148&code=00101009016&supplier_code=00100007&order_time=2020-12-25 HTTP/1.1" 200 431
180.156.237.57 - - [25/Dec/2020:10:17:48 +0800] "GET /xingrg/login.html HTTP/1.1" 200 7641
180.156.237.57 - - [25/Dec/2020:10:17:49 +0800] "GET /favicon.ico HTTP/1.1" 404 -
172.17.0.120 - - [25/Dec/2020:10:17:54 +0800] "GET /xingrg/javascript/jquery_easy_ui/themes/icons/area.png HTTP/1.1" 200 262
172.17.0.120 - - [25/Dec/2020:10:17:54 +0800] "GET /xingrg/javascript/jquery_easy_ui/themes/icons/manage.png HTTP/1.1" 200 696
172.17.0.120 - - [25/Dec/2020:10:17:54 +0800] "GET /xingrg/javascript/jquery_easy_ui/themes/icons/rest.png HTTP/1.1" 200 695
172.17.0.120 - - [25/Dec/2020:10:17:54 +0800] "GET /xingrg/javascript/jquery_easy_ui/themes/default/images/button_a_bg.gif HTTP/1.1" 200 1194
172.17.0.120 - - [25/Dec/2020:10:17:54 +0800] "GET /xingrg/javascript/jquery_easy_ui/themes/default/images/button_span_bg.gif HTTP/1.1" 200 2061
172.17.0.120 - - [25/Dec/2020:10:17:54 +0800] "GET /xingrg/javascript/jquery_easy_ui/themes/icons/ok.png HTTP/1.1" 200 883
172.17.0.120 - - [25/Dec/2020:10:17:54 +0800] "GET /xingrg/javascript/jquery_easy_ui/themes/default/images/panel_title.png HTTP/1.1" 200 266
172.17.0.120 - - [25/Dec/2020:10:17:54 +0800] "GET /xingrg/javascript/jquery_easy_ui/themes/default/images/panel_tools.gif HTTP/1.1" 200 737
117.185.32.26 - - [25/Dec/2020:10:17:55 +0800] "GET /xingrg/all/function/internal_message.html?_=1608862671200&CODE_STATE=getMsg HTTP/1.1" 200 27
172.17.0.120 - - [25/Dec/2020:10:17:55 +0800] "GET /xingrg/images/control/ajaxLoader.gif HTTP/1.1" 200 4659
172.17.0.120 - - [25/Dec/2020:10:17:55 +0800] "POST /xingrg/all/user/operate.html HTTP/1.1" 200 36
172.17.0.120 - - [25/Dec/2020:10:17:55 +0800] "GET /xingrg/javascript/jquery_easy_ui/themes/default/easyui.css HTTP/1.1" 304 -
172.17.0.120 - - [25/Dec/2020:10:17:55 +0800] "GET /xingrg/javascript/jquery_easy_ui/themes/icon.css HTTP/1.1" 304 -
172.17.0.120 - - [25/Dec/2020:10:17:55 +0800] "GET /xingrg/css/form.css HTTP/1.1" 304 -
172.17.0.120 - - [25/Dec/2020:10:17:55 +0800] "GET /xingrg/javascript/jquery-1.4.2.min.js HTTP/1.1" 304 -
172.17.0.120 - - [25/Dec/2020:10:17:55 +0800] "GET /xingrg/index.html?sysBaseUrl=http%3A%2F%2F172.17.0.8%3A18081%2Fxingrg%2F&costTime=39×tamp=1608859686007 HTTP/1.1" 200 17448
172.17.0.120 - - [25/Dec/2020:10:17:55 +0800] "GET /xingrg/javascript/jquery_easy_ui/jquery.easyui.min.js HTTP/1.1" 304 -
172.17.0.120 - - [25/Dec/2020:10:17:55 +0800] "GET /xingrg/javascript/jquery_easy_ui/easyui-lang-zh_CN.js HTTP/1.1" 304 -
172.17.0.120 - - [25/Dec/2020:10:17:55 +0800] "GET /xingrg/javascript/jquery.form.js HTTP/1.1" 304 -
172.17.0.120 - - [25/Dec/2020:10:17:55 +0800] "GET /xingrg/javascript/jquery.utils.js HTTP/1.1" 304 -
172.17.0.120 - - [25/Dec/2020:10:17:55 +0800] "GET /xingrg/javascript/jquery.timers.js HTTP/1.1" 304 -
172.17.0.120 - - [25/Dec/2020:10:17:55 +0800] "GET /xingrg/images/blue/jxLogo.png HTTP/1.1" 304 -
172.17.0.120 - - [25/Dec/2020:10:17:55 +0800] "GET /xingrg/images/blue/navBackgound.jpg HTTP/1.1" 304 -
172.17.0.120 - - [25/Dec/2020:10:17:55 +0800] "GET /xingrg/javascript/jquery_easy_ui/themes/icons/settle_new.png HTTP/1.1" 304 -
172.17.0.120 - - [25/Dec/2020:10:17:56 +0800] "POST /xingrg/all/common/load_tree.html?tree=area_rest_tree_json&manage=1 HTTP/1.1" 200 3350
172.17.0.120 - - [25/Dec/2020:10:17:56 +0800] "GET /xingrg/all/function/internal_message.html?_=1608862672688&CODE_STATE=count HTTP/1.1" 200 11
172.17.0.120 - - [25/Dec/2020:10:17:56 +0800] "GET /xingrg/check_reg.html?_=1608862672689 HTTP/1.1" 200 22
172.17.0.120 - - [25/Dec/2020:10:17:56 +0800] "GET /xingrg/javascript/jquery_easy_ui/themes/default/images/tabs_rightarrow.png HTTP/1.1" 304 -
172.17.0.120 - - [25/Dec/2020:10:17:56 +0800] "GET /xingrg/javascript/jquery_easy_ui/themes/default/images/panel_tool_expand.gif HTTP/1.1" 304 -
172.17.0.120 - - [25/Dec/2020:10:17:56 +0800] "GET /xingrg/javascript/jquery_easy_ui/themes/default/images/panel_tool_collapse.gif HTTP/1.1" 304 -
172.17.0.120 - - [25/Dec/2020:10:17:56 +0800] "GET /xingrg/javascript/jquery_easy_ui/themes/default/images/tabs_leftarrow.png HTTP/1.1" 304 -
172.17.0.120 - - [25/Dec/2020:10:17:56 +0800] "GET /xingrg/images/blue/pingpu.png HTTP/1.1" 304 -
172.17.0.120 - - [25/Dec/2020:10:17:56 +0800] "POST /xingrg/load_menu.html HTTP/1.1" 200 9924
180.156.237.57 - - [25/Dec/2020:10:17:56 +0800] "POST /xingrg/login.do HTTP/1.1" 302 -
180.156.237.57 - - [25/Dec/2020:10:17:56 +0800] "GET /xingrg/index.html?sysBaseUrl=http%3A%2F%2F180.169.147.146%3A18081%2Fxingrg%2F&costTime=43×tamp=1608862676761 HTTP/1.1" 200 17177
180.156.237.57 - - [25/Dec/2020:10:17:56 +0800] "GET /favicon.ico HTTP/1.1" 404 -
180.156.237.57 - - [25/Dec/2020:10:17:57 +0800] "POST /xingrg/all/common/load_tree.html?tree=area_rest_tree_json&manage=1 HTTP/1.1" 200 476
180.157.253.48 - - [25/Dec/2020:10:17:57 +0800] "POST /xingrg/kc/buy/cgsh_order_operate.html HTTP/1.1" 200 37
180.156.237.57 - - [25/Dec/2020:10:17:57 +0800] "GET /xingrg/all/function/internal_message.html?_=1608862681763&CODE_STATE=count HTTP/1.1" 200 11
180.156.237.57 - - [25/Dec/2020:10:17:57 +0800] "GET /xingrg/check_reg.html?_=1608862681764 HTTP/1.1" 200 22
172.17.0.120 - - [25/Dec/2020:10:17:57 +0800] "GET /xingrg/kc/main_page.html HTTP/1.1" 200 2705
172.17.0.120 - - [25/Dec/2020:10:17:57 +0800] "GET /xingrg/javascript/jquery_easy_ui/themes/default/images/tabs_close.gif HTTP/1.1" 200 829
172.17.0.120 - - [25/Dec/2020:10:17:57 +0800] "GET /xingrg/css/blue.css HTTP/1.1" 200 15949
172.17.0.120 - - [25/Dec/2020:10:17:57 +0800] "GET /xingrg/css/table.css HTTP/1.1" 200 3684
180.156.237.57 - - [25/Dec/2020:10:17:57 +0800] "POST /xingrg/load_menu.html HTTP/1.1" 200 5138
172.17.0.120 - - [25/Dec/2020:10:17:57 +0800] "POST /xingrg/kc/main/get_notify_info.html HTTP/1.1" 200 112
172.17.0.120 - - [25/Dec/2020:10:17:57 +0800] "POST /xingrg/kc/main/get_notify_info.html HTTP/1.1" 200 1361
180.156.237.57 - - [25/Dec/2020:10:17:57 +0800] "GET /xingrg/all/function/internal_message.html?_=1608862661131&CODE_STATE=getMsg HTTP/1.1" 200 27
172.17.0.120 - - [25/Dec/2020:10:17:57 +0800] "GET /xingrg/kc/buy/buy_main.html HTTP/1.1" 200 12377
172.17.0.120 - - [25/Dec/2020:10:17:57 +0800] "GET /xingrg/css/new_ie.css HTTP/1.1" 404 1036
172.17.0.120 - - [25/Dec/2020:10:17:57 +0800] "GET /xingrg/javascript/jquery_ui/themes/humanity/humanity.css HTTP/1.1" 200 27801
172.17.0.120 - - [25/Dec/2020:10:17:57 +0800] "GET /xingrg/javascript/pic_change.js HTTP/1.1" 200 4739
172.17.0.120 - - [25/Dec/2020:10:17:57 +0800] "GET /xingrg/javascript/ToolTips.js HTTP/1.1" 200 5615
172.17.0.120 - - [25/Dec/2020:10:17:57 +0800] "GET /xingrg/javascript/myfunction.js HTTP/1.1" 200 24559
172.17.0.120 - - [25/Dec/2020:10:17:57 +0800] "GET /xingrg/javascript/jquery_ui/jquery-ui.min.js HTTP/1.1" 200 186181
172.17.0.120 - - [25/Dec/2020:10:17:57 +0800] "GET /xingrg/images/blue/button/cgxqd.gif HTTP/1.1" 200 2619
172.17.0.120 - - [25/Dec/2020:10:17:57 +0800] "GET /xingrg/images/blue/button/cgydd.gif HTTP/1.1" 200 2712
172.17.0.120 - - [25/Dec/2020:10:17:57 +0800] "GET /xingrg/images/blue/button/cgshd.gif HTTP/1.1" 200 2618
172.17.0.120 - - [25/Dec/2020:10:17:57 +0800] "GET /xingrg/images/blue/button/cgfkd.gif HTTP/1.1" 200 2075
172.17.0.120 - - [25/Dec/2020:10:17:57 +0800] "GET /xingrg/images/blue/button/kc.gif HTTP/1.1" 200 2160
172.17.0.120 - - [25/Dec/2020:10:17:57 +0800] "GET /xingrg/images/blue/button/ckthd.gif HTTP/1.1" 200 2045
172.17.0.120 - - [25/Dec/2020:10:17:57 +0800] "GET /xingrg/images/blue/pic_form2.gif HTTP/1.1" 200 1853
172.17.0.120 - - [25/Dec/2020:10:17:57 +0800] "GET /xingrg/images/blue/button/down_ah.jpg HTTP/1.1" 200 1732
172.17.0.120 - - [25/Dec/2020:10:17:57 +0800] "GET /xingrg/images/blue/button/right_ah.jpg HTTP/1.1" 200 1744
172.17.0.120 - - [25/Dec/2020:10:17:57 +0800] "GET /xingrg/javascript/jquery_ui/themes/humanity/images/ui-bg_inset-soft_100_f4f0ec_1x100.png HTTP/1.1" 200 141
172.17.0.120 - - [25/Dec/2020:10:17:57 +0800] "GET /xingrg/images/blue/bg_dotted.jpg HTTP/1.1" 200 319
172.17.0.120 - - [25/Dec/2020:10:17:57 +0800] "GET /xingrg/javascript/jquery_ui/themes/humanity/images/ui-bg_glass_70_ede4d4_1x400.png HTTP/1.1" 200 161
172.17.0.120 - - [25/Dec/2020:10:17:57 +0800] "GET /xingrg/javascript/jquery_ui/themes/humanity/images/ui-iconsnew.jpg HTTP/1.1" 200 337
172.17.0.120 - - [25/Dec/2020:10:17:57 +0800] "GET /xingrg/javascript/jquery_ui/themes/humanity/images/ui-icons_ffffff_256x240.png HTTP/1.1" 200 4369
172.17.0.120 - - [25/Dec/2020:10:17:57 +0800] "GET /xingrg/javascript/jquery_ui/themes/humanity/images/ui-icons_c47a23_256x240.png HTTP/1.1" 200 5355
172.17.0.120 - - [25/Dec/2020:10:17:58 +0800] "GET /xingrg/images/yd/bt.gif HTTP/1.1" 404 1040
58.35.244.144 - - [25/Dec/2020:10:17:58 +0800] "GET /xingrg/all/function/internal_message.html?_=1608862672894&CODE_STATE=getMsg HTTP/1.1" 200 27
172.17.0.120 - - [25/Dec/2020:10:17:58 +0800] "GET /xingrg/kc/buy/cgsh_order_list.html HTTP/1.1" 200 45709
172.17.0.120 - - [25/Dec/2020:10:17:58 +0800] "GET /xingrg/css/base.css HTTP/1.1" 200 2811
172.17.0.120 - - [25/Dec/2020:10:17:58 +0800] "GET /xingrg/css/site.css HTTP/1.1" 200 7541
172.17.0.120 - - [25/Dec/2020:10:17:58 +0800] "GET /xingrg/javascript/jquery_tools/datebox.css HTTP/1.1" 200 2597
172.17.0.120 - - [25/Dec/2020:10:17:58 +0800] "GET /xingrg/javascript/easyui/themes/default/easyui.css HTTP/1.1" 200 30432
172.17.0.120 - - [25/Dec/2020:10:17:58 +0800] "GET /xingrg/javascript/easyui/themes/icon.css HTTP/1.1" 200 4483
172.17.0.120 - - [25/Dec/2020:10:17:58 +0800] "GET /xingrg/javascript/auto/jquery.autocomplete.css HTTP/1.1" 200 587
172.17.0.120 - - [25/Dec/2020:10:17:58 +0800] "GET /xingrg/javascript/jquery_tools/fix.css HTTP/1.1" 200 1702
172.17.0.120 - - [25/Dec/2020:10:17:58 +0800] "GET /xingrg/javascript/jquery_tools/table.css HTTP/1.1" 200 1032
172.17.0.120 - - [25/Dec/2020:10:17:58 +0800] "GET /xingrg/javascript/jquery_tools/jquery.tools.min.js HTTP/1.1" 200 138801
172.17.0.120 - - [25/Dec/2020:10:17:58 +0800] "GET /xingrg/javascript/jquery_tools/jquery.tools.extend.js HTTP/1.1" 200 15385
172.17.0.120 - - [25/Dec/2020:10:17:58 +0800] "GET /xingrg/javascript/jquery_tools/jquery.tools.hotkey.js HTTP/1.1" 200 3242
172.17.0.120 - - [25/Dec/2020:10:17:58 +0800] "GET /xingrg/javascript/jquery_tools/jquery.tools.table.js HTTP/1.1" 200 6994
172.17.0.120 - - [25/Dec/2020:10:17:58 +0800] "GET /xingrg/javascript/jquery_tools/list_manager.js HTTP/1.1" 200 3652
172.17.0.120 - - [25/Dec/2020:10:17:58 +0800] "GET /xingrg/javascript/auto/jquery.autocomplete.js HTTP/1.1" 200 21624
172.17.0.120 - - [25/Dec/2020:10:17:58 +0800] "GET /xingrg/javascript/easyui/easyloader.js HTTP/1.1" 200 5975
172.17.0.120 - - [25/Dec/2020:10:17:58 +0800] "GET /xingrg/javascript/jquery.cookie.js HTTP/1.1" 200 5513
172.17.0.120 - - [25/Dec/2020:10:17:58 +0800] "GET /xingrg/javascript/print/LodopFuncs.js HTTP/1.1" 200 5121
172.17.0.120 - - [25/Dec/2020:10:17:59 +0800] "GET /xingrg/javascript/easyui/themes/icons/check_new.png HTTP/1.1" 200 3224
172.17.0.120 - - [25/Dec/2020:10:17:59 +0800] "GET /xingrg/javascript/easyui/themes/icons/cance_new.png HTTP/1.1" 200 3986
172.17.0.120 - - [25/Dec/2020:10:17:59 +0800] "GET /xingrg/javascript/easyui/themes/icons/uncheck_new.png HTTP/1.1" 200 3197
172.17.0.120 - - [25/Dec/2020:10:17:59 +0800] "GET /xingrg/javascript/easyui/themes/icons/edit_add_new.png HTTP/1.1" 200 2997
172.17.0.120 - - [25/Dec/2020:10:17:59 +0800] "GET /xingrg/javascript/easyui/themes/icons/field_new.png HTTP/1.1" 200 1097
172.17.0.120 - - [25/Dec/2020:10:17:59 +0800] "GET /xingrg/javascript/easyui/themes/icons/import_new.png HTTP/1.1" 200 1247
172.17.0.120 - - [25/Dec/2020:10:17:59 +0800] "GET /xingrg/javascript/easyui/plugins/jquery.parser.js HTTP/1.1" 200 1142
58.221.95.50 - - [25/Dec/2020:10:17:59 +0800] "GET /xingrg/check_reg.html?_=1608862678457 HTTP/1.1" 302 -
172.17.0.120 - - [25/Dec/2020:10:17:59 +0800] "POST /xingrg/kc/buy/cgsh_list_operate.html HTTP/1.1" 200 876
172.17.0.120 - - [25/Dec/2020:10:18:01 +0800] "GET /xingrg/javascript/jquery_tools/images/prev.gif HTTP/1.1" 404 1086
172.17.0.120 - - [25/Dec/2020:10:18:01 +0800] "GET /xingrg/javascript/jquery_tools/images/next.gif HTTP/1.1" 404 1086
116.233.74.117 - - [25/Dec/2020:10:18:02 +0800] "GET /xingrg/all/function/internal_message.html?_=1608862681974&CODE_STATE=getMsg HTTP/1.1" 200 27
114.84.4.90 - - [25/Dec/2020:10:18:02 +0800] "POST /xingrg/services/DataTransmitService HTTP/1.1" 200 524
180.156.237.57 - - [25/Dec/2020:10:18:03 +0800] "GET /xingrg/kc/buy/cgsh_order_list.html HTTP/1.1" 200 45478
180.156.237.57 - - [25/Dec/2020:10:18:04 +0800] "POST /xingrg/kc/buy/cgsh_list_operate.html HTTP/1.1" 200 876
117.185.32.26 - - [25/Dec/2020:10:18:04 +0800] "GET /xingrg/kc/buy/cgsh_order_operate.html?command=get_materiel&rest_code=00106&code=00101006130&supplier_code=00100015&order_time=2020-12-25 HTTP/1.1" 200 429
172.17.0.120 - - [25/Dec/2020:10:18:07 +0800] "POST /xingrg/kc/buy/cgsh_list_operate.html HTTP/1.1" 200 1701
180.156.237.57 - - [25/Dec/2020:10:18:07 +0800] "GET /xingrg/javascript/jquery_tools/images/prev.gif HTTP/1.1" 404 1086
180.156.237.57 - - [25/Dec/2020:10:18:07 +0800] "GET /xingrg/javascript/jquery_tools/images/next.gif HTTP/1.1" 404 1086
116.233.74.117 - - [25/Dec/2020:10:18:08 +0800] "GET /xingrg/all/function/internal_message.html?_=1608862722000&CODE_STATE=getMsg HTTP/1.1" 200 27
180.156.237.57 - - [25/Dec/2020:10:18:12 +0800] "POST /xingrg/kc/buy/cgsh_list_operate.html HTTP/1.1" 200 2883
58.37.230.33 - - [25/Dec/2020:10:18:12 +0800] "GET /xingrg/all/function/internal_message.html?_=1608862728266&CODE_STATE=getMsg HTTP/1.1" 200 27
117.185.32.26 - - [25/Dec/2020:10:18:14 +0800] "GET /xingrg/kc/buy/cgsh_order_operate.html?command=get_materiel&rest_code=00106&code=00101006129&supplier_code=00100015&order_time=2020-12-25 HTTP/1.1" 200 431
180.156.237.57 - - [25/Dec/2020:10:18:16 +0800] "POST /xingrg/kc/buy/cgsh_list_operate.html HTTP/1.1" 200 572
180.156.237.57 - - [25/Dec/2020:10:18:16 +0800] "GET /xingrg/kc/buy/cgsh_order_info.html?code=212020122509872 HTTP/1.1" 200 55756
180.156.237.57 - - [25/Dec/2020:10:18:16 +0800] "GET /xingrg/javascript/easyui/themes/default/validatebox.css HTTP/1.1" 404 1104
180.156.237.57 - - [25/Dec/2020:10:18:17 +0800] "POST /xingrg/kc/buy/cgsh_order_operate.html HTTP/1.1" 200 4192
222.69.135.254 - - [25/Dec/2020:10:18:17 +0800] "GET /xingrg/all/function/internal_message.html?_=1608862691165&CODE_STATE=getMsg HTTP/1.1" 200 27
180.156.237.57 - - [25/Dec/2020:10:18:18 +0800] "GET /xingrg/kc/print/load_config.html?kc_code=cgsh HTTP/1.1" 200 1845
180.156.237.57 - - [25/Dec/2020:10:18:18 +0800] "GET /xingrg/kc/print/load_data.html?order_code=212020122509872&kc_code=cgsh&condition= HTTP/1.1" 200 2095
120.253.135.82 - - [25/Dec/2020:10:18:22 +0800] "GET /xingrg/all/function/internal_message.html?_=1608862813960&CODE_STATE=getMsg HTTP/1.1" 200 27
116.228.172.94 - - [25/Dec/2020:10:18:23 +0800] "GET /xingrg/all/function/internal_message.html?_=1608862699231&CODE_STATE=getMsg HTTP/1.1" 200 27
172.17.0.109 - - [25/Dec/2020:10:18:25 +0800] "GET /xingrg/all/function/internal_message.html?_=1608862702145&CODE_STATE=getMsg HTTP/1.1" 200 27
172.17.0.109 - - [25/Dec/2020:10:18:25 +0800] "GET /xingrg/check_reg.html?_=1608862702148 HTTP/1.1" 200 22
222.69.133.109 - - [25/Dec/2020:10:18:37 +0800] "GET /xingrg/all/function/internal_message.html?_=1608862715827&CODE_STATE=getMsg HTTP/1.1" 200 27
180.152.104.37 - - [25/Dec/2020:10:18:41 +0800] "GET /xingrg/all/function/internal_message.html?_=1608862952928&CODE_STATE=getMsg HTTP/1.1" 200 27
172.17.200.101 - - [25/Dec/2020:10:18:44 +0800] "GET /xingrg/all/function/internal_message.html?_=1608862725092&CODE_STATE=getMsg HTTP/1.1" 302 -
117.184.7.30 - - [25/Dec/2020:10:18:46 +0800] "GET /xingrg/all/function/internal_message.html?_=1608862716791&CODE_STATE=getMsg HTTP/1.1" 200 27
117.184.7.30 - - [25/Dec/2020:10:18:46 +0800] "GET /xingrg/check_reg.html?_=1608862717011 HTTP/1.1" 200 22
180.162.223.42 - - [25/Dec/2020:10:18:47 +0800] "GET /xingrg/all/function/internal_message.html?_=1608862726966&CODE_STATE=getMsg HTTP/1.1" 200 27
58.35.244.144 - - [25/Dec/2020:10:18:47 +0800] "GET /xingrg/all/function/internal_message.html?_=1608862871484&CODE_STATE=getMsg HTTP/1.1" 200 27
117.185.32.26 - - [25/Dec/2020:10:18:52 +0800] "POST /xingrg/kc/buy/cgsh_order_operate.html HTTP/1.1" 200 37
117.185.32.26 - - [25/Dec/2020:10:18:54 +0800] "POST /xingrg/kc/buy/cgsh_order_operate.html HTTP/1.1" 200 12
172.17.0.120 - - [25/Dec/2020:10:18:56 +0800] "GET /xingrg/all/function/internal_message.html?_=1608862732711&CODE_STATE=getMsg HTTP/1.1" 200 27
117.185.32.26 - - [25/Dec/2020:10:18:57 +0800] "GET /xingrg/check_reg.html?_=1608862732997 HTTP/1.1" 200 22
117.185.32.26 - - [25/Dec/2020:10:18:57 +0800] "GET /xingrg/all/function/internal_message.html?_=1608862732998&CODE_STATE=getMsg HTTP/1.1" 200 27
180.156.237.57 - - [25/Dec/2020:10:18:57 +0800] "GET /xingrg/all/function/internal_message.html?_=1608862741780&CODE_STATE=getMsg HTTP/1.1" 200 27
117.185.32.26 - - [25/Dec/2020:10:18:57 +0800] "GET /xingrg/kc/buy/cgsh_order_info.html?code=212020122509896 HTTP/1.1" 200 56122
117.185.32.26 - - [25/Dec/2020:10:18:57 +0800] "GET /xingrg/javascript/easyui/themes/default/validatebox.css HTTP/1.1" 404 1104
180.156.237.57 - - [25/Dec/2020:10:18:57 +0800] "GET /xingrg/all/function/internal_message.html?_=1608862721144&CODE_STATE=getMsg HTTP/1.1" 200 27
117.185.32.26 - - [25/Dec/2020:10:18:57 +0800] "POST /xingrg/kc/buy/cgsh_order_operate.html HTTP/1.1" 200 3017
58.35.244.144 - - [25/Dec/2020:10:18:58 +0800] "GET /xingrg/check_reg.html?_=1608862732897 HTTP/1.1" 200 22
58.35.244.144 - - [25/Dec/2020:10:18:58 +0800] "GET /xingrg/all/function/internal_message.html?_=1608862732898&CODE_STATE=getMsg HTTP/1.1" 200 27
116.228.172.94 - - [25/Dec/2020:10:19:02 +0800] "GET /xingrg/kc/buy/cgsh_order_add.html HTTP/1.1" 200 61299
120.253.135.82 - - [25/Dec/2020:10:19:02 +0800] "GET /xingrg/kc/pszx/mdqp_order_list.html?state=10 HTTP/1.1" 200 12221
120.253.135.82 - - [25/Dec/2020:10:19:02 +0800] "GET /xingrg/dwr/interface/AjaxReportQueryService.js HTTP/1.1" 200 13203
120.253.135.82 - - [25/Dec/2020:10:19:02 +0800] "GET /xingrg/dwr/interface/AjaxQqpsService.js HTTP/1.1" 200 16326
120.253.135.82 - - [25/Dec/2020:10:19:02 +0800] "GET /xingrg/dwr/engine.js HTTP/1.1" 200 43631
116.233.74.117 - - [25/Dec/2020:10:19:02 +0800] "GET /xingrg/all/function/internal_message.html?_=1608862741976&CODE_STATE=getMsg HTTP/1.1" 200 27
116.233.74.117 - - [25/Dec/2020:10:19:02 +0800] "GET /xingrg/check_reg.html?_=1608862741978 HTTP/1.1" 200 22
116.228.172.94 - - [25/Dec/2020:10:19:03 +0800] "POST /xingrg/kc/buy/cgsh_order_operate.html HTTP/1.1" 200 8245
116.228.172.94 - - [25/Dec/2020:10:19:04 +0800] "GET /xingrg/javascript/easyui/themes/default/validatebox.css HTTP/1.1" 404 1104
116.228.172.94 - - [25/Dec/2020:10:19:05 +0800] "GET /xingrg/javascript/easyui/themes/default/tree.css HTTP/1.1" 404 1090
116.228.172.94 - - [25/Dec/2020:10:19:05 +0800] "POST /xingrg/all/common/load_tree.html?tree=supplier_tree_json&isDelete=1 HTTP/1.1" 200 53078
116.233.74.117 - - [25/Dec/2020:10:19:08 +0800] "GET /xingrg/all/function/internal_message.html?_=1608862782000&CODE_STATE=getMsg HTTP/1.1" 200 27
120.253.135.82 - - [25/Dec/2020:10:19:09 +0800] "GET /xingrg/kc/pszx/mdqp_order_info.html?code=302020122400540 HTTP/1.1" 200 13350
120.253.135.82 - - [25/Dec/2020:10:19:09 +0800] "GET /xingrg/dwr/interface/AjaxQqpsService.js HTTP/1.1" 200 16326
120.253.135.82 - - [25/Dec/2020:10:19:09 +0800] "GET /xingrg/dwr/interface/AjaxComOrderService.js HTTP/1.1" 200 18264
120.253.135.82 - - [25/Dec/2020:10:19:09 +0800] "GET /xingrg/dwr/engine.js HTTP/1.1" 200 43631
120.253.135.82 - - [25/Dec/2020:10:19:10 +0800] "POST /xingrg/dwr/call/plaincall/AjaxQqpsService.loadMaterielItems.dwr HTTP/1.1" 200 1145
58.37.230.33 - - [25/Dec/2020:10:19:12 +0800] "GET /xingrg/all/function/internal_message.html?_=1608862788236&CODE_STATE=getMsg HTTP/1.1" 200 27
222.69.135.254 - - [25/Dec/2020:10:19:17 +0800] "GET /xingrg/all/function/internal_message.html?_=1608862751164&CODE_STATE=getMsg HTTP/1.1" 200 27
120.253.135.82 - - [25/Dec/2020:10:19:22 +0800] "GET /xingrg/all/function/internal_message.html?_=1608862873984&CODE_STATE=getMsg HTTP/1.1" 200 27
116.228.172.94 - - [25/Dec/2020:10:19:23 +0800] "GET /xingrg/all/function/internal_message.html?_=1608862759222&CODE_STATE=getMsg HTTP/1.1" 200 27
180.157.253.48 - - [25/Dec/2020:10:19:24 +0800] "GET /xingrg/all/function/internal_message.html?_=1608862762605&CODE_STATE=getMsg HTTP/1.1" 200 27
180.157.253.48 - - [25/Dec/2020:10:19:25 +0800] "POST /xingrg/kc/buy/cgsh_order_operate.html HTTP/1.1" 200 45761
172.17.0.109 - - [25/Dec/2020:10:19:25 +0800] "GET /xingrg/all/function/internal_message.html?_=1608862762147&CODE_STATE=getMsg HTTP/1.1" 200 27
222.69.133.109 - - [25/Dec/2020:10:19:37 +0800] "GET /xingrg/all/function/internal_message.html?_=1608862775797&CODE_STATE=getMsg HTTP/1.1" 200 27
180.152.104.37 - - [25/Dec/2020:10:19:40 +0800] "GET /xingrg/check_reg.html?_=1608863011746 HTTP/1.1" 200 22
180.152.104.37 - - [25/Dec/2020:10:19:41 +0800] "GET /xingrg/all/function/internal_message.html?_=1608863012940&CODE_STATE=getMsg HTTP/1.1" 200 27
58.35.244.144 - - [25/Dec/2020:10:19:42 +0800] "GET /xingrg/css/new_ie.css HTTP/1.1" 404 1036
58.35.244.144 - - [25/Dec/2020:10:19:42 +0800] "GET /xingrg/kc/buy/buy_main.html HTTP/1.1" 200 12412
58.35.244.144 - - [25/Dec/2020:10:19:44 +0800] "GET /xingrg/kc/buy/cgsh_order_list.html HTTP/1.1" 200 45474
172.17.200.101 - - [25/Dec/2020:10:19:44 +0800] "GET /xingrg/all/function/internal_message.html?_=1608862785093&CODE_STATE=getMsg HTTP/1.1" 302 -
58.35.244.144 - - [25/Dec/2020:10:19:45 +0800] "POST /xingrg/kc/buy/cgsh_list_operate.html HTTP/1.1" 200 2772
117.184.7.30 - - [25/Dec/2020:10:19:46 +0800] "GET /xingrg/all/function/internal_message.html?_=1608862776793&CODE_STATE=getMsg HTTP/1.1" 200 27
180.162.223.42 - - [25/Dec/2020:10:19:47 +0800] "GET /xingrg/all/function/internal_message.html?_=1608862786979&CODE_STATE=getMsg HTTP/1.1" 200 27
58.35.244.144 - - [25/Dec/2020:10:19:47 +0800] "GET /xingrg/all/function/internal_message.html?_=1608862931489&CODE_STATE=getMsg HTTP/1.1" 200 27
58.35.244.144 - - [25/Dec/2020:10:19:47 +0800] "GET /xingrg/check_reg.html?_=1608862931491 HTTP/1.1" 200 22
58.35.244.144 - - [25/Dec/2020:10:19:50 +0800] "GET /xingrg/kc/buy/cgsh_order_add.html HTTP/1.1" 200 61211
58.35.244.144 - - [25/Dec/2020:10:19:51 +0800] "POST /xingrg/kc/buy/cgsh_order_operate.html HTTP/1.1" 200 8245
58.35.244.144 - - [25/Dec/2020:10:19:51 +0800] "GET /xingrg/javascript/easyui/themes/default/validatebox.css HTTP/1.1" 404 1104
120.253.135.82 - - [25/Dec/2020:10:19:53 +0800] "GET /xingrg/kc/pszx/mdqp_order_list.html?isBack=1 HTTP/1.1" 302 -
120.253.135.82 - - [25/Dec/2020:10:19:53 +0800] "GET /xingrg/kc/pszx/mdqp_order_list.html?state=10 HTTP/1.1" 200 12221
120.253.135.82 - - [25/Dec/2020:10:19:53 +0800] "GET /xingrg/dwr/interface/AjaxReportQueryService.js HTTP/1.1" 200 13203
120.253.135.82 - - [25/Dec/2020:10:19:53 +0800] "GET /xingrg/dwr/interface/AjaxQqpsService.js HTTP/1.1" 200 16326
120.253.135.82 - - [25/Dec/2020:10:19:53 +0800] "GET /xingrg/dwr/engine.js HTTP/1.1" 200 43631
172.17.0.120 - - [25/Dec/2020:10:19:56 +0800] "GET /xingrg/all/function/internal_message.html?_=1608862792701&CODE_STATE=getMsg HTTP/1.1" 200 27
117.185.32.26 - - [25/Dec/2020:10:19:56 +0800] "GET /xingrg/all/function/internal_message.html?_=1608862792974&CODE_STATE=getMsg HTTP/1.1" 200 27
180.156.237.57 - - [25/Dec/2020:10:19:57 +0800] "GET /xingrg/all/function/internal_message.html?_=1608862801776&CODE_STATE=getMsg HTTP/1.1" 200 27
120.253.135.82 - - [25/Dec/2020:10:19:57 +0800] "GET /xingrg/kc/pszx/mdqp_order_info.html?code=302020122400531 HTTP/1.1" 200 13350
120.253.135.82 - - [25/Dec/2020:10:19:57 +0800] "GET /xingrg/dwr/interface/AjaxComOrderService.js HTTP/1.1" 200 18264
120.253.135.82 - - [25/Dec/2020:10:19:57 +0800] "GET /xingrg/dwr/interface/AjaxQqpsService.js HTTP/1.1" 200 16326
120.253.135.82 - - [25/Dec/2020:10:19:57 +0800] "GET /xingrg/dwr/engine.js HTTP/1.1" 200 43631
180.156.237.57 - - [25/Dec/2020:10:19:57 +0800] "GET /xingrg/all/function/internal_message.html?_=1608862781176&CODE_STATE=getMsg HTTP/1.1" 200 27
120.253.135.82 - - [25/Dec/2020:10:19:58 +0800] "POST /xingrg/dwr/call/plaincall/AjaxQqpsService.loadMaterielItems.dwr HTTP/1.1" 200 923
58.35.244.144 - - [25/Dec/2020:10:19:58 +0800] "GET /xingrg/all/function/internal_message.html?_=1608862792888&CODE_STATE=getMsg HTTP/1.1" 200 27
116.228.172.94 - - [25/Dec/2020:10:19:58 +0800] "GET /xingrg/kc/buy/cgsh_order_operate.html?command=get_materiel&rest_code=00107&code=00101001010&supplier_code=00100041&order_time=2020-12-25 HTTP/1.1" 200 408
116.233.74.117 - - [25/Dec/2020:10:20:02 +0800] "GET /xingrg/all/function/internal_message.html?_=1608862801979&CODE_STATE=getMsg HTTP/1.1" 200 27
120.253.135.82 - - [25/Dec/2020:10:20:05 +0800] "GET /xingrg/check_reg.html?_=1608862917519 HTTP/1.1" 200 22
120.253.135.82 - - [25/Dec/2020:10:20:07 +0800] "GET /xingrg/kc/pszx/mdqp_order_list.html?isBack=1 HTTP/1.1" 302 -
120.253.135.82 - - [25/Dec/2020:10:20:07 +0800] "GET /xingrg/kc/pszx/mdqp_order_list.html?state=10 HTTP/1.1" 200 12221
120.253.135.82 - - [25/Dec/2020:10:20:07 +0800] "GET /xingrg/dwr/interface/AjaxReportQueryService.js HTTP/1.1" 200 13203
120.253.135.82 - - [25/Dec/2020:10:20:07 +0800] "GET /xingrg/dwr/interface/AjaxQqpsService.js HTTP/1.1" 200 16326
116.233.74.117 - - [25/Dec/2020:10:20:07 +0800] "GET /xingrg/check_reg.html?_=1608862841703 HTTP/1.1" 200 22
120.253.135.82 - - [25/Dec/2020:10:20:07 +0800] "GET /xingrg/dwr/engine.js HTTP/1.1" 200 43631
116.233.74.117 - - [25/Dec/2020:10:20:08 +0800] "GET /xingrg/all/function/internal_message.html?_=1608862842000&CODE_STATE=getMsg HTTP/1.1" 200 27
120.253.135.82 - - [25/Dec/2020:10:20:10 +0800] "GET /xingrg/kc/pszx/mdqp_order_info.html?code=302020122500561 HTTP/1.1" 200 13338
120.253.135.82 - - [25/Dec/2020:10:20:10 +0800] "GET /xingrg/dwr/interface/AjaxComOrderService.js HTTP/1.1" 200 18264
120.253.135.82 - - [25/Dec/2020:10:20:10 +0800] "GET /xingrg/dwr/interface/AjaxQqpsService.js HTTP/1.1" 200 16326
120.253.135.82 - - [25/Dec/2020:10:20:10 +0800] "GET /xingrg/dwr/engine.js HTTP/1.1" 200 43631
120.253.135.82 - - [25/Dec/2020:10:20:11 +0800] "POST /xingrg/dwr/call/plaincall/AjaxQqpsService.loadMaterielItems.dwr HTTP/1.1" 200 393
58.37.230.33 - - [25/Dec/2020:10:20:12 +0800] "GET /xingrg/all/function/internal_message.html?_=1608862848208&CODE_STATE=getMsg HTTP/1.1" 200 27
120.253.135.82 - - [25/Dec/2020:10:20:14 +0800] "GET /xingrg/kc/pszx/mdqp_order_list.html?isBack=1 HTTP/1.1" 302 -
120.253.135.82 - - [25/Dec/2020:10:20:14 +0800] "GET /xingrg/kc/pszx/mdqp_order_list.html?state=10 HTTP/1.1" 200 12221
120.253.135.82 - - [25/Dec/2020:10:20:14 +0800] "GET /xingrg/dwr/interface/AjaxReportQueryService.js HTTP/1.1" 200 13203
120.253.135.82 - - [25/Dec/2020:10:20:14 +0800] "GET /xingrg/dwr/interface/AjaxQqpsService.js HTTP/1.1" 200 16326
120.253.135.82 - - [25/Dec/2020:10:20:14 +0800] "GET /xingrg/dwr/engine.js HTTP/1.1" 200 43631
120.253.135.82 - - [25/Dec/2020:10:20:16 +0800] "GET /xingrg/kc/pszx/mdqp_order_info.html?code=302020122500559 HTTP/1.1" 200 13338
120.253.135.82 - - [25/Dec/2020:10:20:17 +0800] "GET /xingrg/dwr/interface/AjaxQqpsService.js HTTP/1.1" 200 16326
120.253.135.82 - - [25/Dec/2020:10:20:17 +0800] "GET /xingrg/dwr/interface/AjaxComOrderService.js HTTP/1.1" 200 18264
120.253.135.82 - - [25/Dec/2020:10:20:17 +0800] "GET /xingrg/dwr/engine.js HTTP/1.1" 200 43631
222.69.135.254 - - [25/Dec/2020:10:20:17 +0800] "GET /xingrg/all/function/internal_message.html?_=1608862811164&CODE_STATE=getMsg HTTP/1.1" 200 27
120.253.135.82 - - [25/Dec/2020:10:20:17 +0800] "POST /xingrg/dwr/call/plaincall/AjaxQqpsService.loadMaterielItems.dwr HTTP/1.1" 200 1315
120.253.135.82 - - [25/Dec/2020:10:20:22 +0800] "GET /xingrg/all/function/internal_message.html?_=1608862933987&CODE_STATE=getMsg HTTP/1.1" 200 27
116.228.172.94 - - [25/Dec/2020:10:20:23 +0800] "GET /xingrg/all/function/internal_message.html?_=1608862819217&CODE_STATE=getMsg HTTP/1.1" 200 27
116.228.172.94 - - [25/Dec/2020:10:20:24 +0800] "GET /xingrg/check_reg.html?_=1608862819347 HTTP/1.1" 200 22
180.157.253.48 - - [25/Dec/2020:10:20:24 +0800] "GET /xingrg/all/function/internal_message.html?_=1608862822571&CODE_STATE=getMsg HTTP/1.1" 200 27
172.17.0.109 - - [25/Dec/2020:10:20:25 +0800] "GET /xingrg/all/function/internal_message.html?_=1608862822147&CODE_STATE=getMsg HTTP/1.1" 200 27
120.253.135.82 - - [25/Dec/2020:10:20:30 +0800] "GET /xingrg/kc/pszx/mdqp_order_list.html?isBack=1 HTTP/1.1" 302 -
120.253.135.82 - - [25/Dec/2020:10:20:30 +0800] "GET /xingrg/kc/pszx/mdqp_order_list.html?state=10 HTTP/1.1" 200 12221
120.253.135.82 - - [25/Dec/2020:10:20:30 +0800] "GET /xingrg/dwr/interface/AjaxQqpsService.js HTTP/1.1" 200 16326
120.253.135.82 - - [25/Dec/2020:10:20:30 +0800] "GET /xingrg/dwr/interface/AjaxReportQueryService.js HTTP/1.1" 200 13203
120.253.135.82 - - [25/Dec/2020:10:20:30 +0800] "GET /xingrg/dwr/engine.js HTTP/1.1" 200 43631
116.228.172.94 - - [25/Dec/2020:10:20:31 +0800] "GET /xingrg/kc/buy/cgsh_order_operate.html?command=get_materiel&rest_code=00107&code=00101005037&supplier_code=00100041&order_time=2020-12-25 HTTP/1.1" 200 409
58.35.244.144 - - [25/Dec/2020:10:20:33 +0800] "GET /xingrg/kc/buy/cgsh_order_operate.html?command=get_materiel&rest_code=00111&code=00101001052&supplier_code=&order_time=2020-12-25 HTTP/1.1" 200 411
120.253.135.82 - - [25/Dec/2020:10:20:33 +0800] "GET /xingrg/kc/pszx/mdqp_order_info.html?code=302020122500560 HTTP/1.1" 200 13350
120.253.135.82 - - [25/Dec/2020:10:20:33 +0800] "GET /xingrg/dwr/interface/AjaxComOrderService.js HTTP/1.1" 200 18264
120.253.135.82 - - [25/Dec/2020:10:20:33 +0800] "GET /xingrg/dwr/interface/AjaxQqpsService.js HTTP/1.1" 200 16326
120.253.135.82 - - [25/Dec/2020:10:20:33 +0800] "GET /xingrg/dwr/engine.js HTTP/1.1" 200 43631
120.253.135.82 - - [25/Dec/2020:10:20:34 +0800] "POST /xingrg/dwr/call/plaincall/AjaxQqpsService.loadMaterielItems.dwr HTTP/1.1" 200 648
222.69.133.109 - - [25/Dec/2020:10:20:37 +0800] "GET /xingrg/all/function/internal_message.html?_=1608862835773&CODE_STATE=getMsg HTTP/1.1" 200 27
58.37.230.33 - - [25/Dec/2020:10:20:38 +0800] "GET /xingrg/check_reg.html?_=1608862873872 HTTP/1.1" 200 22
180.152.104.37 - - [25/Dec/2020:10:20:41 +0800] "GET /xingrg/all/function/internal_message.html?_=1608863072955&CODE_STATE=getMsg HTTP/1.1" 200 27
116.228.172.94 - - [25/Dec/2020:10:20:42 +0800] "POST /xingrg/kc/buy/cgsh_order_operate.html HTTP/1.1" 200 37
172.17.200.101 - - [25/Dec/2020:10:20:44 +0800] "GET /xingrg/all/function/internal_message.html?_=1608862845094&CODE_STATE=getMsg HTTP/1.1" 302 -
117.184.7.30 - - [25/Dec/2020:10:20:46 +0800] "GET /xingrg/all/function/internal_message.html?_=1608862836799&CODE_STATE=getMsg HTTP/1.1" 200 27
116.228.172.94 - - [25/Dec/2020:10:20:46 +0800] "POST /xingrg/kc/buy/cgsh_order_operate.html HTTP/1.1" 200 3241
180.162.223.42 - - [25/Dec/2020:10:20:47 +0800] "GET /xingrg/all/function/internal_message.html?_=1608862846974&CODE_STATE=getMsg HTTP/1.1" 200 27
58.35.244.144 - - [25/Dec/2020:10:20:47 +0800] "GET /xingrg/all/function/internal_message.html?_=1608862991495&CODE_STATE=getMsg HTTP/1.1" 200 27
116.228.172.94 - - [25/Dec/2020:10:20:47 +0800] "GET /xingrg/kc/print/load_data.html?order_code=212020122509897&kc_code=cgsh&condition= HTTP/1.1" 200 904
172.17.0.120 - - [25/Dec/2020:10:20:56 +0800] "GET /xingrg/all/function/internal_message.html?_=1608862852704&CODE_STATE=getMsg HTTP/1.1" 200 27
117.185.32.26 - - [25/Dec/2020:10:20:56 +0800] "GET /xingrg/all/function/internal_message.html?_=1608862852949&CODE_STATE=getMsg HTTP/1.1" 200 27
180.156.237.57 - - [25/Dec/2020:10:20:57 +0800] "GET /xingrg/all/function/internal_message.html?_=1608862861782&CODE_STATE=getMsg HTTP/1.1" 200 27
180.156.237.57 - - [25/Dec/2020:10:20:57 +0800] "GET /xingrg/all/function/internal_message.html?_=1608862841187&CODE_STATE=getMsg HTTP/1.1" 200 27
58.35.244.144 - - [25/Dec/2020:10:20:58 +0800] "GET /xingrg/all/function/internal_message.html?_=1608862852892&CODE_STATE=getMsg HTTP/1.1" 200 27
116.233.74.117 - - [25/Dec/2020:10:21:02 +0800] "GET /xingrg/all/function/internal_message.html?_=1608862861980&CODE_STATE=getMsg HTTP/1.1" 200 27
222.69.133.109 - - [25/Dec/2020:10:21:03 +0800] "GET /xingrg/kc/buy/cgsh_order_operate.html?command=get_materiel&rest_code=00154&code=00101008424&supplier_code=00100417&order_time=2020-12-25 HTTP/1.1" 200 399
120.253.135.82 - - [25/Dec/2020:10:21:05 +0800] "GET /xingrg/kc/pszx/mdqp_order_list.html?isBack=1 HTTP/1.1" 302 -
120.253.135.82 - - [25/Dec/2020:10:21:05 +0800] "GET /xingrg/dwr/interface/AjaxReportQueryService.js HTTP/1.1" 200 13203
120.253.135.82 - - [25/Dec/2020:10:21:05 +0800] "GET /xingrg/dwr/interface/AjaxQqpsService.js HTTP/1.1" 200 16326
120.253.135.82 - - [25/Dec/2020:10:21:05 +0800] "GET /xingrg/dwr/engine.js HTTP/1.1" 200 43631
120.253.135.82 - - [25/Dec/2020:10:21:05 +0800] "GET /xingrg/kc/pszx/mdqp_order_list.html?state=10 HTTP/1.1" 200 12221
116.233.74.117 - - [25/Dec/2020:10:21:08 +0800] "GET /xingrg/all/function/internal_message.html?_=1608862902000&CODE_STATE=getMsg HTTP/1.1" 200 27
58.37.230.33 - - [25/Dec/2020:10:21:12 +0800] "GET /xingrg/all/function/internal_message.html?_=1608862908178&CODE_STATE=getMsg HTTP/1.1" 200 27
222.69.133.109 - - [25/Dec/2020:10:21:16 +0800] "GET /xingrg/kc/buy/cgsh_order_operate.html?command=get_materiel&rest_code=00154&code=00101008059&supplier_code=00100417&order_time=2020-12-25 HTTP/1.1" 200 408
222.69.135.254 - - [25/Dec/2020:10:21:17 +0800] "GET /xingrg/all/function/internal_message.html?_=1608862871163&CODE_STATE=getMsg HTTP/1.1" 200 27
222.69.135.254 - - [25/Dec/2020:10:21:17 +0800] "GET /xingrg/check_reg.html?_=1608862871165 HTTP/1.1" 200 22
120.253.135.82 - - [25/Dec/2020:10:21:22 +0800] "GET /xingrg/all/function/internal_message.html?_=1608862994001&CODE_STATE=getMsg HTTP/1.1" 200 27
116.228.172.94 - - [25/Dec/2020:10:21:23 +0800] "GET /xingrg/all/function/internal_message.html?_=1608862879220&CODE_STATE=getMsg HTTP/1.1" 200 27
180.157.253.48 - - [25/Dec/2020:10:21:24 +0800] "GET /xingrg/all/function/internal_message.html?_=1608862882555&CODE_STATE=getMsg HTTP/1.1" 200 27
172.17.0.109 - - [25/Dec/2020:10:21:25 +0800] "GET /xingrg/all/function/internal_message.html?_=1608862882150&CODE_STATE=getMsg HTTP/1.1" 200 27
180.162.223.42 - - [25/Dec/2020:10:21:28 +0800] "GET /xingrg/kc/buy/cgsh_order_add.html HTTP/1.1" 200 61258
120.253.135.82 - - [25/Dec/2020:10:21:28 +0800] "GET /xingrg/kc/pszx/mdqp_order_info.html?code=302020122500560 HTTP/1.1" 200 13350
120.253.135.82 - - [25/Dec/2020:10:21:28 +0800] "GET /xingrg/dwr/interface/AjaxQqpsService.js HTTP/1.1" 200 16326
120.253.135.82 - - [25/Dec/2020:10:21:28 +0800] "GET /xingrg/dwr/interface/AjaxComOrderService.js HTTP/1.1" 200 18264
120.253.135.82 - - [25/Dec/2020:10:21:28 +0800] "GET /xingrg/dwr/engine.js HTTP/1.1" 200 43631
180.162.223.42 - - [25/Dec/2020:10:21:28 +0800] "POST /xingrg/kc/buy/cgsh_order_operate.html HTTP/1.1" 200 8245
180.162.223.42 - - [25/Dec/2020:10:21:28 +0800] "GET /xingrg/javascript/easyui/themes/default/validatebox.css HTTP/1.1" 404 1104
120.253.135.82 - - [25/Dec/2020:10:21:29 +0800] "POST /xingrg/dwr/call/plaincall/AjaxQqpsService.loadMaterielItems.dwr HTTP/1.1" 200 648
222.69.133.109 - - [25/Dec/2020:10:21:37 +0800] "GET /xingrg/all/function/internal_message.html?_=1608862895754&CODE_STATE=getMsg HTTP/1.1" 200 27
180.157.253.48 - - [25/Dec/2020:10:21:38 +0800] "GET /xingrg/kc/buy/cgsh_order_operate.html?command=get_materiel&rest_code=00148&code=00101009013&supplier_code=00100007&order_time=2020-12-25 HTTP/1.1" 200 420
180.152.104.37 - - [25/Dec/2020:10:21:41 +0800] "GET /xingrg/javascript/easyui/themes/default/tree.css HTTP/1.1" 404 1090
180.152.104.37 - - [25/Dec/2020:10:21:41 +0800] "POST /xingrg/all/common/load_tree.html?tree=supplier_tree_json&isDelete=1 HTTP/1.1" 200 53078
61.129.6.225 - - [25/Dec/2020:10:21:43 +0800] "GET /xingrg/all/function/internal_message.html?_=1608862308430&CODE_STATE=getMsg HTTP/1.1" 302 -
180.152.104.37 - - [25/Dec/2020:10:21:43 +0800] "GET /xingrg/all/function/internal_message.html?_=1608863135076&CODE_STATE=getMsg HTTP/1.1" 200 27
172.17.200.101 - - [25/Dec/2020:10:21:44 +0800] "GET /xingrg/all/function/internal_message.html?_=1608862905096&CODE_STATE=getMsg HTTP/1.1" 302 -
117.184.7.30 - - [25/Dec/2020:10:21:46 +0800] "GET /xingrg/all/function/internal_message.html?_=1608862896800&CODE_STATE=getMsg HTTP/1.1" 200 27
180.162.223.42 - - [25/Dec/2020:10:21:47 +0800] "GET /xingrg/all/function/internal_message.html?_=1608862907012&CODE_STATE=getMsg HTTP/1.1" 200 27
58.35.244.144 - - [25/Dec/2020:10:21:47 +0800] "GET /xingrg/all/function/internal_message.html?_=1608863051497&CODE_STATE=getMsg HTTP/1.1" 200 27
61.129.6.225 - - [25/Dec/2020:10:21:48 +0800] "GET /xingrg/login.html HTTP/1.1" 200 7641
172.17.0.120 - - [25/Dec/2020:10:21:56 +0800] "GET /xingrg/all/function/internal_message.html?_=1608862912706&CODE_STATE=getMsg HTTP/1.1" 200 27
117.185.32.26 - - [25/Dec/2020:10:21:56 +0800] "GET /xingrg/all/function/internal_message.html?_=1608862912924&CODE_STATE=getMsg HTTP/1.1" 200 27
180.156.237.57 - - [25/Dec/2020:10:21:57 +0800] "GET /xingrg/check_reg.html?_=1608862900496 HTTP/1.1" 200 22
180.156.237.57 - - [25/Dec/2020:10:21:57 +0800] "GET /xingrg/all/function/internal_message.html?_=1608862921780&CODE_STATE=getMsg HTTP/1.1" 200 27
180.156.237.57 - - [25/Dec/2020:10:21:57 +0800] "GET /xingrg/all/function/internal_message.html?_=1608862901200&CODE_STATE=getMsg HTTP/1.1" 200 27
58.35.244.144 - - [25/Dec/2020:10:21:58 +0800] "GET /xingrg/all/function/internal_message.html?_=1608862912898&CODE_STATE=getMsg HTTP/1.1" 200 27
180.157.253.48 - - [25/Dec/2020:10:22:00 +0800] "GET /xingrg/check_reg.html?_=1608862918453 HTTP/1.1" 200 22
116.233.74.117 - - [25/Dec/2020:10:22:02 +0800] "GET /xingrg/all/function/internal_message.html?_=1608862921984&CODE_STATE=getMsg HTTP/1.1" 200 27
116.233.74.117 - - [25/Dec/2020:10:22:08 +0800] "GET /xingrg/all/function/internal_message.html?_=1608862962000&CODE_STATE=getMsg HTTP/1.1" 200 27
58.37.230.33 - - [25/Dec/2020:10:22:12 +0800] "GET /xingrg/all/function/internal_message.html?_=1608862968182&CODE_STATE=getMsg HTTP/1.1" 200 27
222.69.135.254 - - [25/Dec/2020:10:22:17 +0800] "GET /xingrg/all/function/internal_message.html?_=1608862931168&CODE_STATE=getMsg HTTP/1.1" 200 27
180.162.223.42 - - [25/Dec/2020:10:22:19 +0800] "GET /xingrg/kc/buy/cgsh_order_operate.html?command=get_materiel&rest_code=00105&code=00101001060&supplier_code=00100397&order_time=2020-12-25 HTTP/1.1" 200 421
120.253.135.82 - - [25/Dec/2020:10:22:22 +0800] "GET /xingrg/all/function/internal_message.html?_=1608863054022&CODE_STATE=getMsg HTTP/1.1" 200 27
116.228.172.94 - - [25/Dec/2020:10:22:23 +0800] "GET /xingrg/all/function/internal_message.html?_=1608862939213&CODE_STATE=getMsg HTTP/1.1" 200 27
180.162.223.42 - - [25/Dec/2020:10:22:24 +0800] "GET /xingrg/kc/buy/cgsh_order_operate.html?command=get_materiel&rest_code=00105&code=00101001061&supplier_code=00100397&order_time=2020-12-25 HTTP/1.1" 200 417
180.157.253.48 - - [25/Dec/2020:10:22:24 +0800] "GET /xingrg/all/function/internal_message.html?_=1608862942563&CODE_STATE=getMsg HTTP/1.1" 200 27
172.17.0.109 - - [25/Dec/2020:10:22:25 +0800] "GET /xingrg/all/function/internal_message.html?_=1608862942151&CODE_STATE=getMsg HTTP/1.1" 200 27
180.156.237.57 - - [25/Dec/2020:10:22:25 +0800] "GET /xingrg/kc/mdqp/qqps_order_list.html?isBack=1 HTTP/1.1" 200 9681
180.156.237.57 - - [25/Dec/2020:10:22:25 +0800] "GET /xingrg/dwr/interface/AjaxReportQueryService.js HTTP/1.1" 200 13203
180.156.237.57 - - [25/Dec/2020:10:22:25 +0800] "GET /xingrg/dwr/interface/AjaxQqpsService.js HTTP/1.1" 200 16326
180.156.237.57 - - [25/Dec/2020:10:22:25 +0800] "GET /xingrg/dwr/engine.js HTTP/1.1" 200 43631
180.156.237.57 - - [25/Dec/2020:10:22:30 +0800] "GET /xingrg/kc/mdqp/qqps_order_list.html?isQuery=1&timeSelect=1&orderTime=day&startTime=2020-12-24&endTime=2020-12-25&state=all&query=%C8%B7++%B6%A8 HTTP/1.1" 200 11018
180.156.237.57 - - [25/Dec/2020:10:22:30 +0800] "GET /xingrg/dwr/interface/AjaxReportQueryService.js HTTP/1.1" 200 13203
180.156.237.57 - - [25/Dec/2020:10:22:30 +0800] "GET /xingrg/dwr/interface/AjaxQqpsService.js HTTP/1.1" 200 16326
180.156.237.57 - - [25/Dec/2020:10:22:30 +0800] "GET /xingrg/dwr/engine.js HTTP/1.1" 200 43631
180.156.237.57 - - [25/Dec/2020:10:22:34 +0800] "GET /xingrg/kc/mdqp/qqps_order_info.html?code=302020122400528 HTTP/1.1" 200 26409
180.156.237.57 - - [25/Dec/2020:10:22:34 +0800] "GET /xingrg/dwr/interface/AjaxQqpsService.js HTTP/1.1" 200 16326
180.156.237.57 - - [25/Dec/2020:10:22:34 +0800] "GET /xingrg/dwr/interface/AjaxComOrderService.js HTTP/1.1" 200 18264
180.156.237.57 - - [25/Dec/2020:10:22:34 +0800] "GET /xingrg/dwr/engine.js HTTP/1.1" 200 43631
180.156.237.57 - - [25/Dec/2020:10:22:35 +0800] "POST /xingrg/dwr/call/plaincall/AjaxQqpsService.loadMaterielItems.dwr HTTP/1.1" 200 2062
180.162.223.42 - - [25/Dec/2020:10:22:36 +0800] "GET /xingrg/kc/buy/cgsh_order_operate.html?command=get_materiel&rest_code=00105&code=00101005037&supplier_code=00100397&order_time=2020-12-25 HTTP/1.1" 200 409
222.69.133.109 - - [25/Dec/2020:10:22:37 +0800] "GET /xingrg/all/function/internal_message.html?_=1608862955737&CODE_STATE=getMsg HTTP/1.1" 200 27
222.69.133.109 - - [25/Dec/2020:10:22:38 +0800] "GET /xingrg/check_reg.html?_=1608862956452 HTTP/1.1" 200 22
180.156.237.57 - - [25/Dec/2020:10:22:40 +0800] "GET /xingrg/kc/mdqp/qqps_order_list.html?isBack=1 HTTP/1.1" 302 -
180.156.237.57 - - [25/Dec/2020:10:22:40 +0800] "GET /xingrg/kc/mdqp/qqps_order_list.html?isQuery=1&timeSelect=1&orderTime=day&startTime=2020-12-24&endTime=2020-12-25&state=all&query=%C8%B7++%B6%A8 HTTP/1.1" 200 11018
180.156.237.57 - - [25/Dec/2020:10:22:40 +0800] "GET /xingrg/dwr/interface/AjaxReportQueryService.js HTTP/1.1" 200 13203
180.156.237.57 - - [25/Dec/2020:10:22:40 +0800] "GET /xingrg/dwr/interface/AjaxQqpsService.js HTTP/1.1" 200 16326
180.156.237.57 - - [25/Dec/2020:10:22:41 +0800] "GET /xingrg/dwr/engine.js HTTP/1.1" 200 43631
180.156.237.57 - - [25/Dec/2020:10:22:43 +0800] "GET /xingrg/kc/mdqp/qqps_order_info.html?code=302020122400527 HTTP/1.1" 200 26409
180.156.237.57 - - [25/Dec/2020:10:22:43 +0800] "GET /xingrg/dwr/interface/AjaxComOrderService.js HTTP/1.1" 200 18264
180.156.237.57 - - [25/Dec/2020:10:22:43 +0800] "GET /xingrg/dwr/interface/AjaxQqpsService.js HTTP/1.1" 200 16326
180.156.237.57 - - [25/Dec/2020:10:22:43 +0800] "GET /xingrg/dwr/engine.js HTTP/1.1" 200 43631
180.156.237.57 - - [25/Dec/2020:10:22:43 +0800] "POST /xingrg/dwr/call/plaincall/AjaxQqpsService.loadMaterielItems.dwr HTTP/1.1" 200 9218
180.152.104.37 - - [25/Dec/2020:10:22:43 +0800] "GET /xingrg/all/function/internal_message.html?_=1608863195087&CODE_STATE=getMsg HTTP/1.1" 200 27
172.17.200.101 - - [25/Dec/2020:10:22:44 +0800] "GET /xingrg/all/function/internal_message.html?_=1608862965096&CODE_STATE=getMsg HTTP/1.1" 302 -
