180.162.223.42 - - [25/Dec/2020:10:39:23 +0800] "GET /xingrg/kc/print/load_data.html?order_code=212020122509923&kc_code=cgsh&condition= HTTP/1.1" 200 669
116.228.172.94 - - [25/Dec/2020:10:39:23 +0800] "GET /xingrg/all/function/internal_message.html?_=1608863959230&CODE_STATE=getMsg HTTP/1.1" 200 27
101.228.166.101 - - [25/Dec/2020:10:39:24 +0800] "GET /xingrg/all/function/internal_message.html?_=1608863974729&CODE_STATE=getMsg HTTP/1.1" 200 27
58.35.244.144 - - [25/Dec/2020:10:39:24 +0800] "GET /xingrg/kc/buy/cgsh_order_operate.html?command=get_materiel&rest_code=00111&code=00101012086&supplier_code=00100327&order_time=2020-12-25 HTTP/1.1" 200 406
172.17.0.109 - - [25/Dec/2020:10:39:25 +0800] "GET /xingrg/all/function/internal_message.html?_=1608863962180&CODE_STATE=getMsg HTTP/1.1" 200 27
101.228.166.101 - - [25/Dec/2020:10:39:28 +0800] "GET /xingrg/kc/buy/cgsh_order_operate.html?command=get_materiel&rest_code=00146&code=00101008123&supplier_code=00100005&order_time=2020-12-25 HTTP/1.1" 200 412
180.156.237.57 - - [25/Dec/2020:10:39:31 +0800] "GET /xingrg/all/function/internal_message.html?_=1608863976388&CODE_STATE=getMsg HTTP/1.1" 200 27
180.156.237.57 - - [25/Dec/2020:10:39:31 +0800] "GET /xingrg/check_reg.html?_=1608863976390 HTTP/1.1" 200 22
58.37.230.33 - - [25/Dec/2020:10:39:32 +0800] "GET /xingrg/kc/buy/buy_main.html HTTP/1.1" 200 12412
58.37.230.33 - - [25/Dec/2020:10:39:32 +0800] "GET /xingrg/css/new_ie.css HTTP/1.1" 404 1036
58.37.230.33 - - [25/Dec/2020:10:39:33 +0800] "GET /xingrg/images/yd/bt.gif HTTP/1.1" 404 1040
116.228.172.94 - - [25/Dec/2020:10:39:33 +0800] "POST /xingrg/kc/buy/cgsh_order_operate.html HTTP/1.1" 200 37
58.37.230.33 - - [25/Dec/2020:10:39:33 +0800] "GET /xingrg/kc/buy/cgsh_order_list.html HTTP/1.1" 200 45480
58.37.230.33 - - [25/Dec/2020:10:39:34 +0800] "POST /xingrg/kc/buy/cgsh_list_operate.html HTTP/1.1" 200 876
180.162.223.42 - - [25/Dec/2020:10:39:34 +0800] "GET /xingrg/kc/buy/cgsh_order_add.html HTTP/1.1" 200 61258
180.162.223.42 - - [25/Dec/2020:10:39:35 +0800] "GET /xingrg/javascript/easyui/themes/default/validatebox.css HTTP/1.1" 404 1104
180.162.223.42 - - [25/Dec/2020:10:39:35 +0800] "POST /xingrg/kc/buy/cgsh_order_operate.html HTTP/1.1" 200 8245
58.35.244.144 - - [25/Dec/2020:10:39:35 +0800] "GET /xingrg/kc/buy/cgsh_order_operate.html?command=get_materiel&rest_code=00111&code=00101020247&supplier_code=00100327&order_time=2020-12-25 HTTP/1.1" 200 406
116.228.172.94 - - [25/Dec/2020:10:39:35 +0800] "POST /xingrg/kc/buy/cgsh_order_operate.html HTTP/1.1" 200 7404
58.37.230.33 - - [25/Dec/2020:10:39:36 +0800] "GET /xingrg/kc/buy/cgsh_order_add.html HTTP/1.1" 200 61217
58.37.230.33 - - [25/Dec/2020:10:39:36 +0800] "POST /xingrg/kc/buy/cgsh_order_operate.html HTTP/1.1" 200 8245
58.37.230.33 - - [25/Dec/2020:10:39:36 +0800] "GET /xingrg/javascript/easyui/themes/default/validatebox.css HTTP/1.1" 404 1104
222.69.133.109 - - [25/Dec/2020:10:39:37 +0800] "GET /xingrg/all/function/internal_message.html?_=1608863975345&CODE_STATE=getMsg HTTP/1.1" 200 27
58.37.230.33 - - [25/Dec/2020:10:39:37 +0800] "GET /xingrg/javascript/auto/indicator.gif HTTP/1.1" 404 1066
116.228.172.94 - - [25/Dec/2020:10:39:37 +0800] "GET /xingrg/kc/print/load_data.html?order_code=212020122509924&kc_code=cgsh&condition= HTTP/1.1" 200 2494
101.228.166.101 - - [25/Dec/2020:10:39:38 +0800] "GET /xingrg/kc/buy/cgsh_order_operate.html?command=get_materiel&rest_code=00146&code=00101015006&supplier_code=00100005&order_time=2020-12-25 HTTP/1.1" 200 413
58.37.230.33 - - [25/Dec/2020:10:39:38 +0800] "GET /xingrg/javascript/jquery_tools/images/prev.gif HTTP/1.1" 404 1086
58.37.230.33 - - [25/Dec/2020:10:39:38 +0800] "GET /xingrg/javascript/jquery_tools/images/next.gif HTTP/1.1" 404 1086
180.152.104.37 - - [25/Dec/2020:10:39:40 +0800] "GET /xingrg/check_reg.html?_=1608864211761 HTTP/1.1" 200 22
116.228.172.94 - - [25/Dec/2020:10:39:42 +0800] "GET /xingrg/kc/buy/cgsh_order_add.html HTTP/1.1" 200 61299
116.228.172.94 - - [25/Dec/2020:10:39:43 +0800] "GET /xingrg/javascript/easyui/themes/default/validatebox.css HTTP/1.1" 404 1104
116.228.172.94 - - [25/Dec/2020:10:39:43 +0800] "POST /xingrg/kc/buy/cgsh_order_operate.html HTTP/1.1" 200 8245
180.162.223.42 - - [25/Dec/2020:10:39:44 +0800] "GET /xingrg/kc/buy/cgsh_order_operate.html?command=get_materiel&rest_code=00105&code=00101018018&supplier_code=00100330&order_time=2020-12-25 HTTP/1.1" 200 417
116.228.172.94 - - [25/Dec/2020:10:39:44 +0800] "GET /xingrg/javascript/easyui/themes/default/tree.css HTTP/1.1" 404 1090
172.17.200.101 - - [25/Dec/2020:10:39:44 +0800] "GET /xingrg/all/function/internal_message.html?_=1608863985102&CODE_STATE=getMsg HTTP/1.1" 302 -
116.228.172.94 - - [25/Dec/2020:10:39:44 +0800] "POST /xingrg/all/common/load_tree.html?tree=supplier_tree_json&isDelete=1 HTTP/1.1" 200 53078
117.184.7.30 - - [25/Dec/2020:10:39:46 +0800] "GET /xingrg/all/function/internal_message.html?_=1608863976896&CODE_STATE=getMsg HTTP/1.1" 200 27
58.35.244.144 - - [25/Dec/2020:10:39:46 +0800] "GET /xingrg/kc/buy/cgsh_order_operate.html?command=get_materiel&rest_code=00111&code=00101010111&supplier_code=00100327&order_time=2020-12-25 HTTP/1.1" 200 417
180.162.223.42 - - [25/Dec/2020:10:39:47 +0800] "GET /xingrg/all/function/internal_message.html?_=1608863987006&CODE_STATE=getMsg HTTP/1.1" 200 27
58.35.244.144 - - [25/Dec/2020:10:39:48 +0800] "GET /xingrg/check_reg.html?_=1608864132340 HTTP/1.1" 200 22
58.35.244.144 - - [25/Dec/2020:10:39:48 +0800] "GET /xingrg/all/function/internal_message.html?_=1608864132343&CODE_STATE=getMsg HTTP/1.1" 200 27
58.37.230.33 - - [25/Dec/2020:10:39:50 +0800] "GET /xingrg/kc/buy/cgsh_order_operate.html?command=get_materiel&rest_code=00141&code=00101007081&supplier_code=00100004&order_time=2020-12-25 HTTP/1.1" 200 413
180.152.104.37 - - [25/Dec/2020:10:39:50 +0800] "GET /xingrg/all/function/internal_message.html?_=1608864221620&CODE_STATE=getMsg HTTP/1.1" 200 27
172.17.0.120 - - [25/Dec/2020:10:39:56 +0800] "GET /xingrg/all/function/internal_message.html?_=1608863992698&CODE_STATE=getMsg HTTP/1.1" 200 27
117.185.32.26 - - [25/Dec/2020:10:39:56 +0800] "GET /xingrg/all/function/internal_message.html?_=1608863992535&CODE_STATE=getMsg HTTP/1.1" 200 27
120.253.135.82 - - [25/Dec/2020:10:39:57 +0800] "GET /xingrg/all/function/internal_message.html?_=1608863571097&CODE_STATE=getMsg HTTP/1.1" 200 27
180.156.237.57 - - [25/Dec/2020:10:39:58 +0800] "GET /xingrg/all/function/internal_message.html?_=1608863981532&CODE_STATE=getMsg HTTP/1.1" 200 27
58.35.244.144 - - [25/Dec/2020:10:39:58 +0800] "GET /xingrg/all/function/internal_message.html?_=1608863992916&CODE_STATE=getMsg HTTP/1.1" 200 27
58.37.230.33 - - [25/Dec/2020:10:39:59 +0800] "GET /xingrg/kc/buy/cgsh_order_operate.html?command=get_materiel&rest_code=00141&code=00101007071&supplier_code=00100004&order_time=2020-12-25 HTTP/1.1" 200 417
116.228.172.94 - - [25/Dec/2020:10:40:02 +0800] "GET /xingrg/kc/buy/cgsh_order_operate.html?command=get_materiel&rest_code=00107&code=00101004011&supplier_code=00100086&order_time=2020-12-25 HTTP/1.1" 200 433
58.35.244.144 - - [25/Dec/2020:10:40:04 +0800] "GET /xingrg/kc/buy/cgsh_order_operate.html?command=get_materiel&rest_code=00111&code=00101010628&supplier_code=00100327&order_time=2020-12-25 HTTP/1.1" 200 412
180.162.223.42 - - [25/Dec/2020:10:40:05 +0800] "GET /xingrg/all/function/internal_message.html?_=1608863984164&CODE_STATE=getMsg HTTP/1.1" 200 27
120.253.135.82 - - [25/Dec/2020:10:40:05 +0800] "GET /xingrg/javascript/easyui/themes/default/images/button_plain_hover.png HTTP/1.1" 304 -
120.253.135.82 - - [25/Dec/2020:10:40:05 +0800] "GET /xingrg/check_reg.html?_=1608864117543 HTTP/1.1" 200 22
116.233.74.117 - - [25/Dec/2020:10:40:07 +0800] "GET /xingrg/check_reg.html?_=1608864041765 HTTP/1.1" 200 22
116.233.74.117 - - [25/Dec/2020:10:40:08 +0800] "GET /xingrg/all/function/internal_message.html?_=1608864042078&CODE_STATE=getMsg HTTP/1.1" 200 27
58.37.230.33 - - [25/Dec/2020:10:40:08 +0800] "POST /xingrg/kc/buy/cgsh_order_operate.html HTTP/1.1" 200 37
116.228.172.94 - - [25/Dec/2020:10:40:11 +0800] "POST /xingrg/kc/buy/cgsh_order_operate.html HTTP/1.1" 200 37
58.37.230.33 - - [25/Dec/2020:10:40:11 +0800] "GET /xingrg/all/function/internal_message.html?_=1608864046946&CODE_STATE=getMsg HTTP/1.1" 200 27
58.37.230.33 - - [25/Dec/2020:10:40:11 +0800] "POST /xingrg/kc/buy/cgsh_order_operate.html HTTP/1.1" 200 12
180.162.223.42 - - [25/Dec/2020:10:40:12 +0800] "GET /xingrg/kc/buy/cgsh_order_operate.html?command=get_materiel&rest_code=00105&code=00101018019&supplier_code=00100330&order_time=2020-12-25 HTTP/1.1" 200 421
58.37.230.33 - - [25/Dec/2020:10:40:12 +0800] "GET /xingrg/kc/buy/cgsh_order_info.html?code=212020122509925 HTTP/1.1" 200 56120
58.37.230.33 - - [25/Dec/2020:10:40:12 +0800] "GET /xingrg/javascript/easyui/themes/default/validatebox.css HTTP/1.1" 404 1104
58.37.230.33 - - [25/Dec/2020:10:40:13 +0800] "POST /xingrg/kc/buy/cgsh_order_operate.html HTTP/1.1" 200 1202
116.228.172.94 - - [25/Dec/2020:10:40:13 +0800] "POST /xingrg/kc/buy/cgsh_order_operate.html HTTP/1.1" 200 2660
58.37.230.33 - - [25/Dec/2020:10:40:14 +0800] "GET /xingrg/kc/print/load_config.html?kc_code=cgsh HTTP/1.1" 200 1845
58.37.230.33 - - [25/Dec/2020:10:40:14 +0800] "GET /xingrg/kc/print/load_data.html?order_code=212020122509925&kc_code=cgsh&condition= HTTP/1.1" 200 993
116.228.172.94 - - [25/Dec/2020:10:40:14 +0800] "GET /xingrg/kc/print/load_data.html?order_code=212020122509926&kc_code=cgsh&condition= HTTP/1.1" 200 739
222.69.135.254 - - [25/Dec/2020:10:40:17 +0800] "GET /xingrg/all/function/internal_message.html?_=1608864011005&CODE_STATE=getMsg HTTP/1.1" 200 27
180.156.237.57 - - [25/Dec/2020:10:40:18 +0800] "GET /xingrg/kc/base/wldb_order_list.html HTTP/1.1" 200 19345
180.156.237.57 - - [25/Dec/2020:10:40:18 +0800] "POST /xingrg/kc/base/wldb_list_operate.html HTTP/1.1" 200 928
116.228.172.94 - - [25/Dec/2020:10:40:19 +0800] "GET /xingrg/kc/buy/cgsh_order_add.html HTTP/1.1" 200 61299
180.156.237.57 - - [25/Dec/2020:10:40:19 +0800] "GET /xingrg/kc/base/wldb_order_add.html HTTP/1.1" 200 30514
180.156.237.57 - - [25/Dec/2020:10:40:19 +0800] "GET /xingrg/all/common/auto_word.html?type=base&rest_code=00150 HTTP/1.1" 200 1653
180.156.237.57 - - [25/Dec/2020:10:40:19 +0800] "GET /xingrg/all/common/auto_word.html?type=base&rest_code=00150 HTTP/1.1" 200 1653
180.156.237.57 - - [25/Dec/2020:10:40:20 +0800] "GET /xingrg/javascript/easyui/themes/default/validatebox.css HTTP/1.1" 404 1104
180.156.237.57 - - [25/Dec/2020:10:40:20 +0800] "POST /xingrg/kc/base/wldb_order_operate.html HTTP/1.1" 200 6806
116.228.172.94 - - [25/Dec/2020:10:40:20 +0800] "GET /xingrg/javascript/easyui/themes/default/validatebox.css HTTP/1.1" 404 1104
116.228.172.94 - - [25/Dec/2020:10:40:20 +0800] "POST /xingrg/kc/buy/cgsh_order_operate.html HTTP/1.1" 200 8245
116.228.172.94 - - [25/Dec/2020:10:40:21 +0800] "GET /xingrg/javascript/easyui/themes/default/tree.css HTTP/1.1" 404 1090
180.156.237.57 - - [25/Dec/2020:10:40:21 +0800] "GET /xingrg/javascript/auto/indicator.gif HTTP/1.1" 404 1066
58.35.244.144 - - [25/Dec/2020:10:40:21 +0800] "POST /xingrg/kc/buy/cgsh_order_operate.html HTTP/1.1" 200 37
116.228.172.94 - - [25/Dec/2020:10:40:21 +0800] "POST /xingrg/all/common/load_tree.html?tree=supplier_tree_json&isDelete=1 HTTP/1.1" 200 53078
58.35.244.144 - - [25/Dec/2020:10:40:22 +0800] "POST /xingrg/kc/buy/cgsh_order_operate.html HTTP/1.1" 200 4460
120.253.135.82 - - [25/Dec/2020:10:40:22 +0800] "GET /xingrg/all/function/internal_message.html?_=1608864134274&CODE_STATE=getMsg HTTP/1.1" 200 27
180.162.223.42 - - [25/Dec/2020:10:40:22 +0800] "GET /xingrg/kc/buy/cgsh_order_operate.html?command=get_materiel&rest_code=00105&code=00101018011&supplier_code=00100330&order_time=2020-12-25 HTTP/1.1" 200 415
101.228.166.101 - - [25/Dec/2020:10:40:23 +0800] "GET /xingrg/check_reg.html?_=1608864034621 HTTP/1.1" 200 22
101.228.166.101 - - [25/Dec/2020:10:40:24 +0800] "GET /xingrg/all/function/internal_message.html?_=1608864034743&CODE_STATE=getMsg HTTP/1.1" 200 27
116.228.172.94 - - [25/Dec/2020:10:40:24 +0800] "GET /xingrg/all/function/internal_message.html?_=1608864019620&CODE_STATE=getMsg HTTP/1.1" 200 27
116.228.172.94 - - [25/Dec/2020:10:40:24 +0800] "GET /xingrg/check_reg.html?_=1608864019646 HTTP/1.1" 200 22
172.17.0.109 - - [25/Dec/2020:10:40:25 +0800] "GET /xingrg/all/function/internal_message.html?_=1608864022182&CODE_STATE=getMsg HTTP/1.1" 200 27
180.156.237.57 - - [25/Dec/2020:10:40:30 +0800] "GET /xingrg/kc/base/wldb_order_operate.html?command=get_materiel&rest_code=00150&base_code=0010445&code=00101019249 HTTP/1.1" 200 470
58.35.244.144 - - [25/Dec/2020:10:40:31 +0800] "GET /xingrg/kc/print/load_config.html?kc_code=cgsh HTTP/1.1" 200 1845
58.35.244.144 - - [25/Dec/2020:10:40:31 +0800] "GET /xingrg/kc/print/load_data.html?order_code=212020122509927&kc_code=cgsh&condition= HTTP/1.1" 200 1374
180.156.237.57 - - [25/Dec/2020:10:40:31 +0800] "GET /xingrg/all/function/internal_message.html?_=1608864036406&CODE_STATE=getMsg HTTP/1.1" 200 27
180.156.237.57 - - [25/Dec/2020:10:40:34 +0800] "POST /xingrg/kc/base/wldb_order_operate.html HTTP/1.1" 200 37
180.156.237.57 - - [25/Dec/2020:10:40:35 +0800] "POST /xingrg/kc/base/wldb_order_operate.html HTTP/1.1" 200 12
180.156.237.57 - - [25/Dec/2020:10:40:35 +0800] "POST /xingrg/kc/base/wldb_order_operate.html HTTP/1.1" 200 2212
180.156.237.57 - - [25/Dec/2020:10:40:36 +0800] "GET /xingrg/kc/base/wldb_order_info.html?code=422020122502825 HTTP/1.1" 200 26392
180.156.237.57 - - [25/Dec/2020:10:40:36 +0800] "GET /xingrg/javascript/easyui/themes/default/validatebox.css HTTP/1.1" 404 1104
180.156.237.57 - - [25/Dec/2020:10:40:36 +0800] "POST /xingrg/kc/base/wldb_order_operate.html HTTP/1.1" 200 506
222.69.133.109 - - [25/Dec/2020:10:40:37 +0800] "GET /xingrg/all/function/internal_message.html?_=1608864035329&CODE_STATE=getMsg HTTP/1.1" 200 27
180.162.223.42 - - [25/Dec/2020:10:40:38 +0800] "GET /xingrg/kc/buy/cgsh_order_operate.html?command=get_materiel&rest_code=00105&code=00101006199&supplier_code=00100330&order_time=2020-12-25 HTTP/1.1" 200 414
58.35.244.144 - - [25/Dec/2020:10:40:38 +0800] "GET /xingrg/kc/buy/cgsh_order_add.html HTTP/1.1" 200 61211
58.35.244.144 - - [25/Dec/2020:10:40:38 +0800] "POST /xingrg/kc/buy/cgsh_order_operate.html HTTP/1.1" 200 8245
58.35.244.144 - - [25/Dec/2020:10:40:38 +0800] "GET /xingrg/javascript/easyui/themes/default/validatebox.css HTTP/1.1" 404 1104
101.228.166.101 - - [25/Dec/2020:10:40:40 +0800] "GET /xingrg/kc/buy/cgsh_order_operate.html?command=get_materiel&rest_code=00146&code=00101008110&supplier_code=00100005&order_time=2020-12-25 HTTP/1.1" 200 408
172.17.200.101 - - [25/Dec/2020:10:40:44 +0800] "GET /xingrg/all/function/internal_message.html?_=1608864045104&CODE_STATE=getMsg HTTP/1.1" 302 -
180.162.223.42 - - [25/Dec/2020:10:40:44 +0800] "GET /xingrg/kc/buy/cgsh_order_operate.html?command=get_materiel&rest_code=00105&code=00101018007&supplier_code=00100330&order_time=2020-12-25 HTTP/1.1" 200 409
180.156.237.57 - - [25/Dec/2020:10:40:44 +0800] "GET /xingrg/kc/base/wldb_order_add.html HTTP/1.1" 200 30514
180.156.237.57 - - [25/Dec/2020:10:40:45 +0800] "POST /xingrg/kc/base/wldb_order_operate.html HTTP/1.1" 200 6806
180.156.237.57 - - [25/Dec/2020:10:40:45 +0800] "GET /xingrg/javascript/easyui/themes/default/validatebox.css HTTP/1.1" 404 1104
117.184.7.30 - - [25/Dec/2020:10:40:46 +0800] "GET /xingrg/all/function/internal_message.html?_=1608864036871&CODE_STATE=getMsg HTTP/1.1" 200 27
180.162.223.42 - - [25/Dec/2020:10:40:47 +0800] "GET /xingrg/all/function/internal_message.html?_=1608864047014&CODE_STATE=getMsg HTTP/1.1" 200 27
58.37.230.33 - - [25/Dec/2020:10:40:47 +0800] "GET /xingrg/kc/buy/cgsh_order_add.html HTTP/1.1" 200 61217
58.37.230.33 - - [25/Dec/2020:10:40:47 +0800] "POST /xingrg/kc/buy/cgsh_order_operate.html HTTP/1.1" 200 8245
58.37.230.33 - - [25/Dec/2020:10:40:47 +0800] "GET /xingrg/javascript/easyui/themes/default/validatebox.css HTTP/1.1" 404 1104
58.35.244.144 - - [25/Dec/2020:10:40:48 +0800] "GET /xingrg/all/function/internal_message.html?_=1608864192347&CODE_STATE=getMsg HTTP/1.1" 200 27
180.152.104.37 - - [25/Dec/2020:10:40:50 +0800] "GET /xingrg/all/function/internal_message.html?_=1608864281634&CODE_STATE=getMsg HTTP/1.1" 200 27
180.162.223.42 - - [25/Dec/2020:10:40:56 +0800] "POST /xingrg/kc/buy/cgsh_order_operate.html HTTP/1.1" 200 37
172.17.0.120 - - [25/Dec/2020:10:40:56 +0800] "GET /xingrg/all/function/internal_message.html?_=1608864052702&CODE_STATE=getMsg HTTP/1.1" 200 27
180.156.237.57 - - [25/Dec/2020:10:40:56 +0800] "GET /xingrg/kc/base/wldb_order_operate.html?command=get_materiel&rest_code=00150&base_code=0010446&code=00102001130 HTTP/1.1" 200 443
58.35.244.144 - - [25/Dec/2020:10:40:56 +0800] "GET /xingrg/kc/buy/cgsh_order_operate.html?command=get_materiel&rest_code=00111&code=00101006160&supplier_code=00100344&order_time=2020-12-25 HTTP/1.1" 200 415
117.185.32.26 - - [25/Dec/2020:10:40:56 +0800] "GET /xingrg/all/function/internal_message.html?_=1608864052504&CODE_STATE=getMsg HTTP/1.1" 200 27
180.162.223.42 - - [25/Dec/2020:10:40:57 +0800] "POST /xingrg/kc/buy/cgsh_order_operate.html HTTP/1.1" 200 5032
180.156.237.57 - - [25/Dec/2020:10:40:58 +0800] "GET /xingrg/all/function/internal_message.html?_=1608864041536&CODE_STATE=getMsg HTTP/1.1" 200 27
58.35.244.144 - - [25/Dec/2020:10:40:58 +0800] "GET /xingrg/all/function/internal_message.html?_=1608864052925&CODE_STATE=getMsg HTTP/1.1" 200 27
180.162.223.42 - - [25/Dec/2020:10:40:58 +0800] "GET /xingrg/kc/print/load_data.html?order_code=212020122509928&kc_code=cgsh&condition= HTTP/1.1" 200 1583
58.37.230.33 - - [25/Dec/2020:10:40:58 +0800] "GET /xingrg/kc/buy/cgsh_order_operate.html?command=get_materiel&rest_code=00141&code=00101001010&supplier_code=00100040&order_time=2020-12-25 HTTP/1.1" 200 408
116.228.172.94 - - [25/Dec/2020:10:41:01 +0800] "GET /xingrg/kc/buy/cgsh_order_operate.html?command=get_materiel&rest_code=00107&code=00101010342&supplier_code=00100329&order_time=2020-12-25 HTTP/1.1" 200 422
180.162.223.42 - - [25/Dec/2020:10:41:02 +0800] "GET /xingrg/kc/buy/cgsh_order_add.html HTTP/1.1" 200 61258
180.162.223.42 - - [25/Dec/2020:10:41:02 +0800] "POST /xingrg/kc/buy/cgsh_order_operate.html HTTP/1.1" 200 8245
180.162.223.42 - - [25/Dec/2020:10:41:02 +0800] "GET /xingrg/javascript/easyui/themes/default/validatebox.css HTTP/1.1" 404 1104
180.156.237.57 - - [25/Dec/2020:10:41:04 +0800] "POST /xingrg/kc/base/wldb_order_operate.html HTTP/1.1" 200 37
180.162.223.42 - - [25/Dec/2020:10:41:05 +0800] "GET /xingrg/all/function/internal_message.html?_=1608864044133&CODE_STATE=getMsg HTTP/1.1" 200 27
180.156.237.57 - - [25/Dec/2020:10:41:05 +0800] "POST /xingrg/kc/base/wldb_order_operate.html HTTP/1.1" 200 12
180.156.237.57 - - [25/Dec/2020:10:41:05 +0800] "POST /xingrg/kc/base/wldb_order_operate.html HTTP/1.1" 200 2194
116.233.74.117 - - [25/Dec/2020:10:41:08 +0800] "GET /xingrg/all/function/internal_message.html?_=1608864102078&CODE_STATE=getMsg HTTP/1.1" 200 27
58.35.244.144 - - [25/Dec/2020:10:41:11 +0800] "GET /xingrg/kc/buy/cgsh_order_operate.html?command=get_materiel&rest_code=00111&code=00101006153&supplier_code=00100344&order_time=2020-12-25 HTTP/1.1" 200 415
58.37.230.33 - - [25/Dec/2020:10:41:11 +0800] "GET /xingrg/all/function/internal_message.html?_=1608864106940&CODE_STATE=getMsg HTTP/1.1" 200 27
180.156.237.57 - - [25/Dec/2020:10:41:11 +0800] "GET /xingrg/kc/base/wldb_order_info.html?code=422020122502826 HTTP/1.1" 200 26395
180.162.223.42 - - [25/Dec/2020:10:41:12 +0800] "GET /xingrg/kc/buy/cgsh_order_operate.html?command=get_materiel&rest_code=00105&code=00101008171&supplier_code=00100327&order_time=2020-12-25 HTTP/1.1" 200 423
58.37.230.33 - - [25/Dec/2020:10:41:12 +0800] "GET /xingrg/kc/buy/cgsh_order_operate.html?command=get_materiel&rest_code=00141&code=00101006161&supplier_code=00100040&order_time=2020-12-25 HTTP/1.1" 200 409
180.156.237.57 - - [25/Dec/2020:10:41:12 +0800] "GET /xingrg/javascript/easyui/themes/default/validatebox.css HTTP/1.1" 404 1104
180.156.237.57 - - [25/Dec/2020:10:41:12 +0800] "POST /xingrg/kc/base/wldb_order_operate.html HTTP/1.1" 200 488
222.69.135.254 - - [25/Dec/2020:10:41:17 +0800] "GET /xingrg/all/function/internal_message.html?_=1608864070982&CODE_STATE=getMsg HTTP/1.1" 200 27
222.69.135.254 - - [25/Dec/2020:10:41:17 +0800] "GET /xingrg/check_reg.html?_=1608864071187 HTTP/1.1" 200 22
58.35.244.144 - - [25/Dec/2020:10:41:20 +0800] "POST /xingrg/kc/buy/cgsh_order_operate.html HTTP/1.1" 200 37
58.37.230.33 - - [25/Dec/2020:10:41:21 +0800] "GET /xingrg/kc/buy/cgsh_order_operate.html?command=get_materiel&rest_code=00141&code=00101005037&supplier_code=00100040&order_time=2020-12-25 HTTP/1.1" 200 409
58.35.244.144 - - [25/Dec/2020:10:41:21 +0800] "POST /xingrg/kc/buy/cgsh_order_operate.html HTTP/1.1" 200 3251
120.253.135.82 - - [25/Dec/2020:10:41:22 +0800] "GET /xingrg/all/function/internal_message.html?_=1608864194288&CODE_STATE=getMsg HTTP/1.1" 200 27
101.228.166.101 - - [25/Dec/2020:10:41:24 +0800] "GET /xingrg/all/function/internal_message.html?_=1608864094757&CODE_STATE=getMsg HTTP/1.1" 200 27
116.228.172.94 - - [25/Dec/2020:10:41:24 +0800] "GET /xingrg/all/function/internal_message.html?_=1608864079597&CODE_STATE=getMsg HTTP/1.1" 200 27
180.162.223.42 - - [25/Dec/2020:10:41:24 +0800] "POST /xingrg/kc/buy/cgsh_order_operate.html HTTP/1.1" 200 37
172.17.0.109 - - [25/Dec/2020:10:41:25 +0800] "GET /xingrg/all/function/internal_message.html?_=1608864082182&CODE_STATE=getMsg HTTP/1.1" 200 27
116.228.172.94 - - [25/Dec/2020:10:41:25 +0800] "GET /xingrg/kc/buy/cgsh_order_operate.html?command=get_materiel&rest_code=00107&code=00101020148&supplier_code=00100329&order_time=2020-12-25 HTTP/1.1" 200 421
180.162.223.42 - - [25/Dec/2020:10:41:25 +0800] "POST /xingrg/kc/buy/cgsh_order_operate.html HTTP/1.1" 200 2666
180.162.223.42 - - [25/Dec/2020:10:41:26 +0800] "GET /xingrg/kc/print/load_data.html?order_code=212020122509930&kc_code=cgsh&condition= HTTP/1.1" 200 667
58.35.244.144 - - [25/Dec/2020:10:41:27 +0800] "GET /xingrg/kc/print/load_data.html?order_code=212020122509929&kc_code=cgsh&condition= HTTP/1.1" 200 906
58.37.230.33 - - [25/Dec/2020:10:41:30 +0800] "GET /xingrg/kc/buy/cgsh_order_operate.html?command=get_materiel&rest_code=00141&code=00101005036&supplier_code=00100040&order_time=2020-12-25 HTTP/1.1" 200 409
180.156.237.57 - - [25/Dec/2020:10:41:32 +0800] "GET /xingrg/all/function/internal_message.html?_=1608864096527&CODE_STATE=getMsg HTTP/1.1" 200 27
116.228.172.94 - - [25/Dec/2020:10:41:36 +0800] "GET /xingrg/kc/buy/cgsh_order_operate.html?command=get_materiel&rest_code=00107&code=00101010080&supplier_code=00100329&order_time=2020-12-25 HTTP/1.1" 200 422
222.69.133.109 - - [25/Dec/2020:10:41:37 +0800] "GET /xingrg/all/function/internal_message.html?_=1608864095315&CODE_STATE=getMsg HTTP/1.1" 200 27
180.162.223.42 - - [25/Dec/2020:10:41:40 +0800] "GET /xingrg/kc/buy/cgsh_order_add.html HTTP/1.1" 200 61258
180.162.223.42 - - [25/Dec/2020:10:41:40 +0800] "POST /xingrg/kc/buy/cgsh_order_operate.html HTTP/1.1" 200 8245
180.162.223.42 - - [25/Dec/2020:10:41:40 +0800] "GET /xingrg/javascript/easyui/themes/default/validatebox.css HTTP/1.1" 404 1104
116.228.172.94 - - [25/Dec/2020:10:41:43 +0800] "POST /xingrg/kc/buy/cgsh_order_operate.html HTTP/1.1" 200 37
172.17.200.101 - - [25/Dec/2020:10:41:44 +0800] "GET /xingrg/all/function/internal_message.html?_=1608864105130&CODE_STATE=getMsg HTTP/1.1" 302 -
101.228.166.101 - - [25/Dec/2020:10:41:45 +0800] "POST /xingrg/kc/buy/cgsh_order_operate.html HTTP/1.1" 200 37
116.228.172.94 - - [25/Dec/2020:10:41:45 +0800] "POST /xingrg/kc/buy/cgsh_order_operate.html HTTP/1.1" 200 3878
117.184.7.30 - - [25/Dec/2020:10:41:46 +0800] "GET /xingrg/all/function/internal_message.html?_=1608864096855&CODE_STATE=getMsg HTTP/1.1" 200 27
101.228.166.101 - - [25/Dec/2020:10:41:46 +0800] "POST /xingrg/kc/buy/cgsh_order_operate.html HTTP/1.1" 200 53523
180.162.223.42 - - [25/Dec/2020:10:41:47 +0800] "GET /xingrg/all/function/internal_message.html?_=1608864107025&CODE_STATE=getMsg HTTP/1.1" 200 27
117.185.32.26 - - [25/Dec/2020:10:41:48 +0800] "GET /xingrg/kc/report/report_main.html HTTP/1.1" 200 7345
58.35.244.144 - - [25/Dec/2020:10:41:48 +0800] "GET /xingrg/all/function/internal_message.html?_=1608864252347&CODE_STATE=getMsg HTTP/1.1" 200 27
101.228.166.101 - - [25/Dec/2020:10:41:48 +0800] "GET /xingrg/kc/buy/cgsh_order_add.html HTTP/1.1" 200 61217
58.37.230.33 - - [25/Dec/2020:10:41:48 +0800] "POST /xingrg/kc/buy/cgsh_order_operate.html HTTP/1.1" 200 37
116.228.172.94 - - [25/Dec/2020:10:41:48 +0800] "GET /xingrg/kc/print/load_data.html?order_code=212020122509931&kc_code=cgsh&condition= HTTP/1.1" 200 1164
101.228.166.101 - - [25/Dec/2020:10:41:48 +0800] "POST /xingrg/kc/buy/cgsh_order_operate.html HTTP/1.1" 200 8245
101.228.166.101 - - [25/Dec/2020:10:41:49 +0800] "GET /xingrg/javascript/easyui/themes/default/validatebox.css HTTP/1.1" 404 1104
58.37.230.33 - - [25/Dec/2020:10:41:50 +0800] "POST /xingrg/kc/buy/cgsh_order_operate.html HTTP/1.1" 200 12
180.152.104.37 - - [25/Dec/2020:10:41:50 +0800] "GET /xingrg/all/function/internal_message.html?_=1608864341786&CODE_STATE=getMsg HTTP/1.1" 200 27
117.185.32.26 - - [25/Dec/2020:10:41:51 +0800] "GET /xingrg/all/report/report_query.html?fileName=kc/buy/gys_amount.xml&rh=99999 HTTP/1.1" 200 52006
117.185.32.26 - - [25/Dec/2020:10:41:51 +0800] "GET /xingrg/dwr/interface/AjaxReportQueryService.js HTTP/1.1" 200 13203
117.185.32.26 - - [25/Dec/2020:10:41:51 +0800] "GET /xingrg/dwr/engine.js HTTP/1.1" 200 43631
58.37.230.33 - - [25/Dec/2020:10:41:51 +0800] "GET /xingrg/kc/buy/cgsh_order_info.html?code=212020122509932 HTTP/1.1" 200 56120
58.37.230.33 - - [25/Dec/2020:10:41:52 +0800] "GET /xingrg/javascript/easyui/themes/default/validatebox.css HTTP/1.1" 404 1104
117.185.32.26 - - [25/Dec/2020:10:41:52 +0800] "POST /xingrg/dwr/call/plaincall/AjaxReportQueryService.getFixDate.dwr HTTP/1.1" 200 111
117.185.32.26 - - [25/Dec/2020:10:41:52 +0800] "POST /xingrg/all/common/load_tree.html?tree=supplier_tree_json&manage=1 HTTP/1.1" 200 53811
58.37.230.33 - - [25/Dec/2020:10:41:52 +0800] "POST /xingrg/kc/buy/cgsh_order_operate.html HTTP/1.1" 200 2957
58.37.230.33 - - [25/Dec/2020:10:41:53 +0800] "GET /xingrg/kc/print/load_data.html?order_code=212020122509932&kc_code=cgsh&condition= HTTP/1.1" 200 1670
117.185.32.26 - - [25/Dec/2020:10:41:53 +0800] "POST /xingrg/all/common/load_tree.html?tree=materiel_sort_tree_json HTTP/1.1" 200 8666
117.185.32.26 - - [25/Dec/2020:10:41:53 +0800] "POST /xingrg/dwr/call/plaincall/AjaxReportQueryService.getInitString.dwr HTTP/1.1" 200 975
117.185.32.26 - - [25/Dec/2020:10:41:53 +0800] "GET /xingrg/javascript/multi_select/dropdown.gif HTTP/1.1" 200 61
120.253.135.82 - - [25/Dec/2020:10:41:55 +0800] "GET /xingrg/login.html HTTP/1.1" 200 7641
58.35.244.144 - - [25/Dec/2020:10:41:55 +0800] "GET /xingrg/kc/buy/cgsh_order_add.html HTTP/1.1" 200 61211
58.35.244.144 - - [25/Dec/2020:10:41:55 +0800] "POST /xingrg/kc/buy/cgsh_order_operate.html HTTP/1.1" 200 8245
58.35.244.144 - - [25/Dec/2020:10:41:55 +0800] "GET /xingrg/javascript/easyui/themes/default/validatebox.css HTTP/1.1" 404 1104
120.253.135.82 - - [25/Dec/2020:10:41:55 +0800] "GET /favicon.ico HTTP/1.1" 404 -
172.17.0.120 - - [25/Dec/2020:10:41:56 +0800] "GET /xingrg/all/function/internal_message.html?_=1608864112694&CODE_STATE=getMsg HTTP/1.1" 200 27
117.185.32.26 - - [25/Dec/2020:10:41:56 +0800] "POST /xingrg/dwr/call/plaincall/AjaxReportQueryService.getFixDate.dwr HTTP/1.1" 200 111
117.185.32.26 - - [25/Dec/2020:10:41:56 +0800] "GET /xingrg/all/function/internal_message.html?_=1608864112479&CODE_STATE=getMsg HTTP/1.1" 200 27
180.156.237.57 - - [25/Dec/2020:10:41:57 +0800] "GET /xingrg/check_reg.html?_=1608864100563 HTTP/1.1" 200 22
180.156.237.57 - - [25/Dec/2020:10:41:58 +0800] "GET /xingrg/all/function/internal_message.html?_=1608864101550&CODE_STATE=getMsg HTTP/1.1" 200 27
58.35.244.144 - - [25/Dec/2020:10:41:58 +0800] "GET /xingrg/all/function/internal_message.html?_=1608864112914&CODE_STATE=getMsg HTTP/1.1" 200 27
101.228.166.101 - - [25/Dec/2020:10:42:00 +0800] "GET /xingrg/kc/buy/cgsh_order_add.html HTTP/1.1" 200 61217
101.228.166.101 - - [25/Dec/2020:10:42:00 +0800] "POST /xingrg/kc/buy/cgsh_order_operate.html HTTP/1.1" 200 8245
101.228.166.101 - - [25/Dec/2020:10:42:00 +0800] "GET /xingrg/javascript/easyui/themes/default/validatebox.css HTTP/1.1" 404 1104
116.228.172.94 - - [25/Dec/2020:10:42:01 +0800] "GET /xingrg/kc/buy/cgsh_order_add.html HTTP/1.1" 200 61299
116.228.172.94 - - [25/Dec/2020:10:42:01 +0800] "POST /xingrg/kc/buy/cgsh_order_operate.html HTTP/1.1" 200 8245
116.228.172.94 - - [25/Dec/2020:10:42:02 +0800] "GET /xingrg/javascript/easyui/themes/default/validatebox.css HTTP/1.1" 404 1104
180.162.223.42 - - [25/Dec/2020:10:42:03 +0800] "GET /xingrg/kc/buy/cgsh_order_operate.html?command=get_materiel&rest_code=00105&code=00101001037&supplier_code=00100090&order_time=2020-12-25 HTTP/1.1" 200 416
116.228.172.94 - - [25/Dec/2020:10:42:03 +0800] "GET /xingrg/javascript/easyui/themes/default/tree.css HTTP/1.1" 404 1090
116.228.172.94 - - [25/Dec/2020:10:42:03 +0800] "POST /xingrg/all/common/load_tree.html?tree=supplier_tree_json&isDelete=1 HTTP/1.1" 200 53078
58.37.230.33 - - [25/Dec/2020:10:42:03 +0800] "GET /xingrg/kc/buy/cgsh_order_add.html HTTP/1.1" 200 61217
58.37.230.33 - - [25/Dec/2020:10:42:03 +0800] "POST /xingrg/kc/buy/cgsh_order_operate.html HTTP/1.1" 200 8245
58.37.230.33 - - [25/Dec/2020:10:42:04 +0800] "GET /xingrg/javascript/easyui/themes/default/validatebox.css HTTP/1.1" 404 1104
180.162.223.42 - - [25/Dec/2020:10:42:05 +0800] "GET /xingrg/all/function/internal_message.html?_=1608864104116&CODE_STATE=getMsg HTTP/1.1" 200 27
58.35.244.144 - - [25/Dec/2020:10:42:07 +0800] "GET /xingrg/kc/buy/cgsh_order_operate.html?command=get_materiel&rest_code=00111&code=00101001125&supplier_code=00100319&order_time=2020-12-25 HTTP/1.1" 200 415
116.233.74.117 - - [25/Dec/2020:10:42:08 +0800] "GET /xingrg/all/function/internal_message.html?_=1608864162078&CODE_STATE=getMsg HTTP/1.1" 200 27
120.253.135.82 - - [25/Dec/2020:10:42:09 +0800] "POST /xingrg/login.do HTTP/1.1" 302 -
120.253.135.82 - - [25/Dec/2020:10:42:09 +0800] "GET /xingrg/index.html?sysBaseUrl=http%3A%2F%2F180.169.147.146%3A18081%2Fxingrg%2F&costTime=43×tamp=1608864129365 HTTP/1.1" 200 17173
120.253.135.82 - - [25/Dec/2020:10:42:09 +0800] "GET /favicon.ico HTTP/1.1" 404 -
120.253.135.82 - - [25/Dec/2020:10:42:09 +0800] "POST /xingrg/all/common/load_tree.html?tree=area_rest_tree_json&manage=1 HTTP/1.1" 200 3350
120.253.135.82 - - [25/Dec/2020:10:42:09 +0800] "GET /xingrg/check_reg.html?_=1608863703404 HTTP/1.1" 200 22
120.253.135.82 - - [25/Dec/2020:10:42:09 +0800] "GET /xingrg/all/function/internal_message.html?_=1608863703403&CODE_STATE=count HTTP/1.1" 200 11
120.253.135.82 - - [25/Dec/2020:10:42:09 +0800] "GET /favicon.ico HTTP/1.1" 404 -
120.253.135.82 - - [25/Dec/2020:10:42:10 +0800] "POST /xingrg/load_menu.html HTTP/1.1" 200 6743
58.37.230.33 - - [25/Dec/2020:10:42:11 +0800] "GET /xingrg/all/function/internal_message.html?_=1608864166959&CODE_STATE=getMsg HTTP/1.1" 200 27
58.37.230.33 - - [25/Dec/2020:10:42:13 +0800] "GET /xingrg/kc/buy/cgsh_order_operate.html?command=get_materiel&rest_code=00141&code=00101006109&supplier_code=00100012&order_time=2020-12-25 HTTP/1.1" 200 409
120.253.135.82 - - [25/Dec/2020:10:42:14 +0800] "GET /xingrg/kc/buy/cgsh_order_list.html HTTP/1.1" 200 45474
180.162.223.42 - - [25/Dec/2020:10:42:15 +0800] "POST /xingrg/kc/buy/cgsh_order_operate.html HTTP/1.1" 200 37
120.253.135.82 - - [25/Dec/2020:10:42:15 +0800] "POST /xingrg/kc/buy/cgsh_list_operate.html HTTP/1.1" 200 876
180.162.223.42 - - [25/Dec/2020:10:42:16 +0800] "POST /xingrg/kc/buy/cgsh_order_operate.html HTTP/1.1" 200 2662
120.253.135.82 - - [25/Dec/2020:10:42:16 +0800] "GET /xingrg/javascript/convert.js HTTP/1.1" 304 -
120.253.135.82 - - [25/Dec/2020:10:42:16 +0800] "GET /xingrg/javascript/jquery_tools/order_manager.js HTTP/1.1" 304 -
120.253.135.82 - - [25/Dec/2020:10:42:16 +0800] "GET /xingrg/javascript/print/kc_print.js HTTP/1.1" 304 -
120.253.135.82 - - [25/Dec/2020:10:42:16 +0800] "GET /xingrg/kc/buy/cgsh_order_add.html HTTP/1.1" 200 60228
120.253.135.82 - - [25/Dec/2020:10:42:16 +0800] "GET /xingrg/words/20201224164401_words.js HTTP/1.1" 200 782252
120.253.135.82 - - [25/Dec/2020:10:42:16 +0800] "GET /xingrg/javascript/easyui/themes/icons/copy_new.png HTTP/1.1" 304 -
120.253.135.82 - - [25/Dec/2020:10:42:16 +0800] "GET /xingrg/javascript/easyui/themes/icons/template_new.png HTTP/1.1" 304 -
120.253.135.82 - - [25/Dec/2020:10:42:16 +0800] "GET /xingrg/javascript/easyui/themes/icons/ok.png HTTP/1.1" 304 -
120.253.135.82 - - [25/Dec/2020:10:42:16 +0800] "GET /xingrg/javascript/easyui/themes/default/images/menu_downarrow.png HTTP/1.1" 304 -
120.253.135.82 - - [25/Dec/2020:10:42:16 +0800] "GET /xingrg/javascript/easyui/themes/icons/print.png HTTP/1.1" 304 -
120.253.135.82 - - [25/Dec/2020:10:42:16 +0800] "GET /xingrg/javascript/easyui/themes/icons/cancel.png HTTP/1.1" 304 -
120.253.135.82 - - [25/Dec/2020:10:42:17 +0800] "POST /xingrg/kc/buy/cgsh_order_operate.html HTTP/1.1" 200 8245
120.253.135.82 - - [25/Dec/2020:10:42:17 +0800] "GET /xingrg/all/common/auto_word.html?type=employee&rest_code=00101 HTTP/1.1" 200 1173
120.253.135.82 - - [25/Dec/2020:10:42:17 +0800] "GET /xingrg/all/common/auto_word.html?type=employee&rest_code=00101 HTTP/1.1" 200 1173
120.253.135.82 - - [25/Dec/2020:10:42:17 +0800] "GET /xingrg/javascript/easyui/plugins/jquery.validatebox.js HTTP/1.1" 304 -
120.253.135.82 - - [25/Dec/2020:10:42:17 +0800] "GET /xingrg/javascript/easyui/themes/default/validatebox.css HTTP/1.1" 404 1104
120.253.135.82 - - [25/Dec/2020:10:42:17 +0800] "GET /xingrg/javascript/easyui/plugins/jquery.numberbox.js HTTP/1.1" 304 -
120.253.135.82 - - [25/Dec/2020:10:42:17 +0800] "GET /xingrg/javascript/easyui/themes/icons/edit_remove.png HTTP/1.1" 304 -
180.162.223.42 - - [25/Dec/2020:10:42:17 +0800] "GET /xingrg/kc/print/load_data.html?order_code=212020122509933&kc_code=cgsh&condition= HTTP/1.1" 200 740
222.69.135.254 - - [25/Dec/2020:10:42:17 +0800] "GET /xingrg/all/function/internal_message.html?_=1608864130954&CODE_STATE=getMsg HTTP/1.1" 200 27
58.35.244.144 - - [25/Dec/2020:10:42:17 +0800] "GET /xingrg/kc/buy/cgsh_order_operate.html?command=get_materiel&rest_code=00111&code=00101001140&supplier_code=00100319&order_time=2020-12-25 HTTP/1.1" 200 414
180.162.223.42 - - [25/Dec/2020:10:42:20 +0800] "GET /xingrg/kc/buy/cgsh_order_add.html HTTP/1.1" 200 61258
180.162.223.42 - - [25/Dec/2020:10:42:21 +0800] "POST /xingrg/kc/buy/cgsh_order_operate.html HTTP/1.1" 200 8245
180.162.223.42 - - [25/Dec/2020:10:42:21 +0800] "GET /xingrg/javascript/easyui/themes/default/validatebox.css HTTP/1.1" 404 1104
120.253.135.82 - - [25/Dec/2020:10:42:22 +0800] "GET /xingrg/all/function/internal_message.html?_=1608864254307&CODE_STATE=getMsg HTTP/1.1" 200 27
101.228.166.101 - - [25/Dec/2020:10:42:24 +0800] "GET /xingrg/all/function/internal_message.html?_=1608864154771&CODE_STATE=getMsg HTTP/1.1" 200 27
116.228.172.94 - - [25/Dec/2020:10:42:24 +0800] "GET /xingrg/all/function/internal_message.html?_=1608864139585&CODE_STATE=getMsg HTTP/1.1" 200 27
180.152.104.37 - - [25/Dec/2020:10:42:24 +0800] "GET /xingrg/kc/base/wldb_order_list.html HTTP/1.1" 200 19339
172.17.0.109 - - [25/Dec/2020:10:42:25 +0800] "GET /xingrg/all/function/internal_message.html?_=1608864142181&CODE_STATE=getMsg HTTP/1.1" 200 27
58.37.230.33 - - [25/Dec/2020:10:42:25 +0800] "GET /xingrg/kc/buy/cgsh_order_operate.html?command=get_materiel&rest_code=00141&code=00101006144&supplier_code=00100012&order_time=2020-12-25 HTTP/1.1" 200 409
180.152.104.37 - - [25/Dec/2020:10:42:25 +0800] "POST /xingrg/kc/base/wldb_list_operate.html HTTP/1.1" 200 928
180.152.104.37 - - [25/Dec/2020:10:42:26 +0800] "GET /xingrg/kc/base/wldb_order_add.html HTTP/1.1" 200 30504
180.152.104.37 - - [25/Dec/2020:10:42:27 +0800] "POST /xingrg/kc/base/wldb_order_operate.html HTTP/1.1" 200 6806
117.185.32.26 - - [25/Dec/2020:10:42:28 +0800] "GET /xingrg/javascript/multi_select/dropdown_hover.gif HTTP/1.1" 200 61
180.152.104.37 - - [25/Dec/2020:10:42:28 +0800] "GET /xingrg/all/common/auto_word.html?type=base&rest_code=00102 HTTP/1.1" 200 1711
180.152.104.37 - - [25/Dec/2020:10:42:28 +0800] "GET /xingrg/all/common/auto_word.html?type=base&rest_code=00102 HTTP/1.1" 200 1711
180.152.104.37 - - [25/Dec/2020:10:42:29 +0800] "GET /xingrg/javascript/easyui/themes/default/validatebox.css HTTP/1.1" 404 1104
180.152.104.37 - - [25/Dec/2020:10:42:30 +0800] "POST /xingrg/all/common/load_combo.html?type=base HTTP/1.1" 200 3060
180.162.223.42 - - [25/Dec/2020:10:42:30 +0800] "GET /xingrg/kc/buy/cgsh_order_operate.html?command=get_materiel&rest_code=00105&code=00101003016&supplier_code=00100093&order_time=2020-12-25 HTTP/1.1" 200 420
180.156.237.57 - - [25/Dec/2020:10:42:31 +0800] "GET /xingrg/all/function/internal_message.html?_=1608864156403&CODE_STATE=getMsg HTTP/1.1" 200 27
222.69.135.254 - - [25/Dec/2020:10:42:32 +0800] "POST /xingrg/services/DataTransmitService HTTP/1.1" 200 524
58.35.244.144 - - [25/Dec/2020:10:42:32 +0800] "GET /xingrg/kc/buy/cgsh_order_operate.html?command=get_materiel&rest_code=00111&code=00101001093&supplier_code=00100319&order_time=2020-12-25 HTTP/1.1" 200 428
222.69.135.254 - - [25/Dec/2020:10:42:32 +0800] "POST /xingrg/services/DataTransmitService HTTP/1.1" 200 1847
117.185.32.26 - - [25/Dec/2020:10:42:33 +0800] "POST /xingrg/dwr/call/plaincall/AjaxReportQueryService.refreshCache.dwr HTTP/1.1" 200 78
222.69.135.254 - - [25/Dec/2020:10:42:33 +0800] "POST /xingrg/services/DataTransmitService HTTP/1.1" 200 155512
117.185.32.26 - - [25/Dec/2020:10:42:34 +0800] "POST /xingrg/all/report/load_report_page.html HTTP/1.1" 200 8924
117.185.32.26 - - [25/Dec/2020:10:42:34 +0800] "GET /xingrg/servlets/image?cache=0.2404041810731372&image=px HTTP/1.1" 200 807
116.228.172.94 - - [25/Dec/2020:10:42:36 +0800] "GET /xingrg/kc/buy/cgsh_order_operate.html?command=get_materiel&rest_code=00107&code=00102002167&supplier_code=00100347&order_time=2020-12-25 HTTP/1.1" 200 409
180.152.104.37 - - [25/Dec/2020:10:42:36 +0800] "GET /xingrg/kc/base/wldb_order_operate.html?command=get_materiel&rest_code=00102&base_code=0010476&code=00101019183 HTTP/1.1" 200 433
222.69.133.109 - - [25/Dec/2020:10:42:37 +0800] "GET /xingrg/all/function/internal_message.html?_=1608864155286&CODE_STATE=getMsg HTTP/1.1" 200 27
117.185.32.26 - - [25/Dec/2020:10:42:37 +0800] "GET /xingrg/all/report/report_query.html?isQuery=1&fileName=kc/buy/wlcg_cate_hz.xml&queryString=(CONVERT(char(10)%252Ca.order_time%252C%2520120)%253E%253D'2020-11-01')%2520and%2520(CONVERT(char(10)%252Ca.order_time%252C%2520120)%253C%253D'2020-11-30')%2520and%2520(a.supplier_code%2520in%2520('00100007'))%2520and%2520(a.supplier_code%253D'00100007')&queryText=%25E3%2580%2590%25E9%2587%2587%25E8%25B4%25AD%25E6%2597%25A5%25E6%259C%259F%253A2020-11-01%2520%25E8%2587%25B3%25202020-11-30%25E3%2580%2591%2520%25E5%25B9%25B6%25E4%25B8%2594%2520%2520%25E3%2580%2590%25E4%25BE%259B%25E5%25BA%2594%25E5%2595%2586%2520%253D%2520%25E8%2594%25AC%25E8%258F%259C%25EF%25BC%2588%25E6%25AD%25A6%25E9%2587%2591%25E7%25BA%25A2%25EF%25BC%2589%25E3%2580%2591%2520%25E5%25B9%25B6%25E4%25B8%2594%2520%25E3%2580%2590%25E4%25BE%259B%25E5%25BA%2594%25E5%2595%2586%253D%25E8%2594%25AC%25E8%258F%259C%25EF%25BC%2588%25E6%25AD%25A6%25E9%2587%2591%25E7%25BA%25A2%25EF%25BC%2589%25E3%2580%2591 HTTP/1.1" 200 54465
117.185.32.26 - - [25/Dec/2020:10:42:37 +0800] "GET /xingrg/dwr/interface/AjaxReportQueryService.js HTTP/1.1" 200 13203
117.185.32.26 - - [25/Dec/2020:10:42:37 +0800] "GET /xingrg/dwr/engine.js HTTP/1.1" 200 43631
222.69.133.109 - - [25/Dec/2020:10:42:38 +0800] "GET /xingrg/check_reg.html?_=1608864156460 HTTP/1.1" 200 22
180.152.104.37 - - [25/Dec/2020:10:42:39 +0800] "GET /xingrg/javascript/jquery_easy_ui/themes/default/images/tabs_active.png HTTP/1.1" 304 -
58.37.230.33 - - [25/Dec/2020:10:42:39 +0800] "GET /xingrg/kc/buy/cgsh_order_operate.html?command=get_materiel&rest_code=00141&code=00101006073&supplier_code=00100012&order_time=2020-12-25 HTTP/1.1" 200 410
117.185.32.26 - - [25/Dec/2020:10:42:40 +0800] "POST /xingrg/all/report/load_report_page.html HTTP/1.1" 200 8726
117.185.32.26 - - [25/Dec/2020:10:42:40 +0800] "GET /xingrg/servlets/image?cache=0.26922174378213337&image=px HTTP/1.1" 200 807
172.17.200.101 - - [25/Dec/2020:10:42:44 +0800] "GET /xingrg/check_reg.html?_=1608864165133 HTTP/1.1" 302 -
172.17.200.101 - - [25/Dec/2020:10:42:44 +0800] "GET /xingrg/all/function/internal_message.html?_=1608864165136&CODE_STATE=getMsg HTTP/1.1" 302 -
117.184.7.30 - - [25/Dec/2020:10:42:46 +0800] "GET /xingrg/all/function/internal_message.html?_=1608864156835&CODE_STATE=getMsg HTTP/1.1" 200 27
180.162.223.42 - - [25/Dec/2020:10:42:47 +0800] "GET /xingrg/all/function/internal_message.html?_=1608864167029&CODE_STATE=getMsg HTTP/1.1" 200 27
180.162.223.42 - - [25/Dec/2020:10:42:47 +0800] "GET /xingrg/check_reg.html?_=1608864167032 HTTP/1.1" 200 22
180.162.223.42 - - [25/Dec/2020:10:42:47 +0800] "POST /xingrg/kc/buy/cgsh_order_operate.html HTTP/1.1" 200 37
58.35.244.144 - - [25/Dec/2020:10:42:48 +0800] "GET /xingrg/all/function/internal_message.html?_=1608864312338&CODE_STATE=getMsg HTTP/1.1" 200 27
117.185.32.26 - - [25/Dec/2020:10:42:49 +0800] "POST /xingrg/all/report/load_report_page.html HTTP/1.1" 200 106889
117.185.32.26 - - [25/Dec/2020:10:42:49 +0800] "GET /xingrg/servlets/image?cache=0.9784820983520559&image=px HTTP/1.1" 200 807
180.152.104.37 - - [25/Dec/2020:10:42:51 +0800] "GET /xingrg/all/function/internal_message.html?_=1608864402281&CODE_STATE=getMsg HTTP/1.1" 200 27
58.35.244.144 - - [25/Dec/2020:10:42:52 +0800] "POST /xingrg/kc/buy/cgsh_order_operate.html HTTP/1.1" 200 37
116.228.172.94 - - [25/Dec/2020:10:42:53 +0800] "GET /xingrg/kc/buy/cgsh_order_operate.html?command=get_materiel&rest_code=00107&code=00101012046&supplier_code=00100347&order_time=2020-12-25 HTTP/1.1" 200 417
58.35.244.144 - - [25/Dec/2020:10:42:53 +0800] "POST /xingrg/kc/buy/cgsh_order_operate.html HTTP/1.1" 200 3848
180.162.223.42 - - [25/Dec/2020:10:42:54 +0800] "POST /xingrg/kc/buy/cgsh_order_operate.html HTTP/1.1" 200 2669
58.35.244.144 - - [25/Dec/2020:10:42:55 +0800] "GET /xingrg/kc/print/load_data.html?order_code=212020122509935&kc_code=cgsh&condition= HTTP/1.1" 200 1134
58.37.230.33 - - [25/Dec/2020:10:42:55 +0800] "GET /xingrg/kc/buy/cgsh_order_operate.html?command=get_materiel&rest_code=00141&code=00101006229&supplier_code=00100012&order_time=2020-12-25 HTTP/1.1" 200 412
101.228.166.101 - - [25/Dec/2020:10:42:56 +0800] "GET /xingrg/javascript/jquery_tools/images/prev.gif HTTP/1.1" 404 1086
101.228.166.101 - - [25/Dec/2020:10:42:56 +0800] "GET /xingrg/javascript/jquery_tools/images/next.gif HTTP/1.1" 404 1086
180.162.223.42 - - [25/Dec/2020:10:42:56 +0800] "GET /xingrg/kc/print/load_data.html?order_code=212020122509934&kc_code=cgsh&condition= HTTP/1.1" 200 734
172.17.0.120 - - [25/Dec/2020:10:42:56 +0800] "GET /xingrg/all/function/internal_message.html?_=1608864172698&CODE_STATE=getMsg HTTP/1.1" 200 27
172.17.0.120 - - [25/Dec/2020:10:42:56 +0800] "GET /xingrg/check_reg.html?_=1608864172702 HTTP/1.1" 200 22
117.185.32.26 - - [25/Dec/2020:10:42:56 +0800] "GET /xingrg/all/function/internal_message.html?_=1608864172476&CODE_STATE=getMsg HTTP/1.1" 200 27
180.156.237.57 - - [25/Dec/2020:10:42:58 +0800] "GET /xingrg/all/function/internal_message.html?_=1608864161564&CODE_STATE=getMsg HTTP/1.1" 200 27
58.35.244.144 - - [25/Dec/2020:10:42:58 +0800] "GET /xingrg/all/function/internal_message.html?_=1608864172941&CODE_STATE=getMsg HTTP/1.1" 200 27
180.162.223.42 - - [25/Dec/2020:10:42:59 +0800] "GET /xingrg/kc/buy/cgsh_order_add.html HTTP/1.1" 200 61258
180.162.223.42 - - [25/Dec/2020:10:42:59 +0800] "POST /xingrg/kc/buy/cgsh_order_operate.html HTTP/1.1" 200 8245
58.221.95.50 - - [25/Dec/2020:10:42:59 +0800] "GET /xingrg/check_reg.html?_=1608864178503 HTTP/1.1" 302 -
180.162.223.42 - - [25/Dec/2020:10:42:59 +0800] "GET /xingrg/javascript/easyui/themes/default/validatebox.css HTTP/1.1" 404 1104
101.228.166.101 - - [25/Dec/2020:10:43:02 +0800] "GET /xingrg/kc/buy/cgsh_order_operate.html?command=get_materiel&rest_code=00146&code=00101009062&supplier_code=00100023&order_time=2020-12-25 HTTP/1.1" 200 433
58.35.244.144 - - [25/Dec/2020:10:43:04 +0800] "GET /xingrg/kc/buy/cgsh_order_add.html HTTP/1.1" 200 61211
58.35.244.144 - - [25/Dec/2020:10:43:04 +0800] "POST /xingrg/kc/buy/cgsh_order_operate.html HTTP/1.1" 200 8245
58.35.244.144 - - [25/Dec/2020:10:43:04 +0800] "GET /xingrg/javascript/easyui/themes/default/validatebox.css HTTP/1.1" 404 1104
117.185.32.26 - - [25/Dec/2020:10:43:04 +0800] "POST /xingrg/all/report/report_print.html HTTP/1.1" 200 39981
180.162.223.42 - - [25/Dec/2020:10:43:05 +0800] "GET /xingrg/all/function/internal_message.html?_=1608864164101&CODE_STATE=getMsg HTTP/1.1" 200 27
58.37.230.33 - - [25/Dec/2020:10:43:07 +0800] "GET /xingrg/kc/buy/cgsh_order_operate.html?command=get_materiel&rest_code=00141&code=00101006055&supplier_code=00100012&order_time=2020-12-25 HTTP/1.1" 200 409
116.233.74.117 - - [25/Dec/2020:10:43:08 +0800] "GET /xingrg/all/function/internal_message.html?_=1608864222093&CODE_STATE=getMsg HTTP/1.1" 200 27
120.253.135.82 - - [25/Dec/2020:10:43:09 +0800] "GET /xingrg/all/function/internal_message.html?_=1608863763441&CODE_STATE=getMsg HTTP/1.1" 200 27
58.37.230.33 - - [25/Dec/2020:10:43:11 +0800] "GET /xingrg/check_reg.html?_=1608864226956 HTTP/1.1" 200 22
58.37.230.33 - - [25/Dec/2020:10:43:11 +0800] "GET /xingrg/all/function/internal_message.html?_=1608864226958&CODE_STATE=getMsg HTTP/1.1" 200 27
116.228.172.94 - - [25/Dec/2020:10:43:13 +0800] "GET /xingrg/kc/buy/cgsh_order_operate.html?command=get_materiel&rest_code=00107&code=00101020225&supplier_code=00100347&order_time=2020-12-25 HTTP/1.1" 200 403
180.162.223.42 - - [25/Dec/2020:10:43:14 +0800] "GET /xingrg/kc/buy/cgsh_order_operate.html?command=get_materiel&rest_code=00105&code=00101006159&supplier_code=00100344&order_time=2020-12-25 HTTP/1.1" 200 415
58.35.244.144 - - [25/Dec/2020:10:43:16 +0800] "GET /xingrg/kc/buy/cgsh_order_operate.html?command=get_materiel&rest_code=00111&code=00101007032&supplier_code=00100328&order_time=2020-12-25 HTTP/1.1" 200 432
58.37.230.33 - - [25/Dec/2020:10:43:17 +0800] "GET /xingrg/kc/buy/cgsh_order_operate.html?command=get_materiel&rest_code=00141&code=00101006129&supplier_code=00100012&order_time=2020-12-25 HTTP/1.1" 200 431
222.69.135.254 - - [25/Dec/2020:10:43:17 +0800] "GET /xingrg/all/function/internal_message.html?_=1608864190924&CODE_STATE=getMsg HTTP/1.1" 200 27
120.253.135.82 - - [25/Dec/2020:10:43:22 +0800] "GET /xingrg/all/function/internal_message.html?_=1608864314315&CODE_STATE=getMsg HTTP/1.1" 200 27
58.35.244.144 - - [25/Dec/2020:10:43:23 +0800] "POST /xingrg/kc/buy/cgsh_order_operate.html HTTP/1.1" 200 37
58.37.230.33 - - [25/Dec/2020:10:43:23 +0800] "GET /xingrg/kc/buy/cgsh_order_operate.html?command=get_materiel&rest_code=00141&code=00101006130&supplier_code=00100012&order_time=2020-12-25 HTTP/1.1" 200 427
101.228.166.101 - - [25/Dec/2020:10:43:23 +0800] "GET /xingrg/kc/buy/cgsh_order_operate.html?command=get_materiel&rest_code=00146&code=00101009018&supplier_code=00100023&order_time=2020-12-25 HTTP/1.1" 200 408
101.228.166.101 - - [25/Dec/2020:10:43:24 +0800] "GET /xingrg/all/function/internal_message.html?_=1608864214785&CODE_STATE=getMsg HTTP/1.1" 200 27
116.228.172.94 - - [25/Dec/2020:10:43:24 +0800] "GET /xingrg/all/function/internal_message.html?_=1608864199566&CODE_STATE=getMsg HTTP/1.1" 200 27
58.35.244.144 - - [25/Dec/2020:10:43:24 +0800] "POST /xingrg/kc/buy/cgsh_order_operate.html HTTP/1.1" 200 2657
172.17.0.109 - - [25/Dec/2020:10:43:25 +0800] "GET /xingrg/all/function/internal_message.html?_=1608864202181&CODE_STATE=getMsg HTTP/1.1" 200 27
172.17.0.109 - - [25/Dec/2020:10:43:25 +0800] "GET /xingrg/check_reg.html?_=1608864202184 HTTP/1.1" 200 22
58.35.244.144 - - [25/Dec/2020:10:43:26 +0800] "GET /xingrg/kc/print/load_data.html?order_code=212020122509936&kc_code=cgsh&condition= HTTP/1.1" 200 670
180.156.237.57 - - [25/Dec/2020:10:43:31 +0800] "GET /xingrg/all/function/internal_message.html?_=1608864216410&CODE_STATE=getMsg HTTP/1.1" 200 27
58.37.230.33 - - [25/Dec/2020:10:43:32 +0800] "POST /xingrg/kc/buy/cgsh_order_operate.html HTTP/1.1" 200 37
58.37.230.33 - - [25/Dec/2020:10:43:34 +0800] "POST /xingrg/kc/buy/cgsh_order_operate.html HTTP/1.1" 200 12
58.37.230.33 - - [25/Dec/2020:10:43:35 +0800] "GET /xingrg/kc/buy/cgsh_order_info.html?code=212020122509937 HTTP/1.1" 200 56120
58.37.230.33 - - [25/Dec/2020:10:43:35 +0800] "GET /xingrg/javascript/easyui/themes/default/validatebox.css HTTP/1.1" 404 1104
58.35.244.144 - - [25/Dec/2020:10:43:35 +0800] "GET /xingrg/kc/buy/cgsh_order_add.html HTTP/1.1" 200 61211
58.35.244.144 - - [25/Dec/2020:10:43:36 +0800] "POST /xingrg/kc/buy/cgsh_order_operate.html HTTP/1.1" 200 8245
58.35.244.144 - - [25/Dec/2020:10:43:36 +0800] "GET /xingrg/javascript/easyui/themes/default/validatebox.css HTTP/1.1" 404 1104
58.37.230.33 - - [25/Dec/2020:10:43:36 +0800] "POST /xingrg/kc/buy/cgsh_order_operate.html HTTP/1.1" 200 3586
222.69.133.109 - - [25/Dec/2020:10:43:37 +0800] "GET /xingrg/all/function/internal_message.html?_=1608864215258&CODE_STATE=getMsg HTTP/1.1" 200 27
58.37.230.33 - - [25/Dec/2020:10:43:37 +0800] "GET /xingrg/kc/print/load_data.html?order_code=212020122509937&kc_code=cgsh&condition= HTTP/1.1" 200 1950
101.228.166.101 - - [25/Dec/2020:10:43:37 +0800] "GET /xingrg/kc/buy/cgsh_order_operate.html?command=get_materiel&rest_code=00146&code=00101008323&supplier_code=00100023&order_time=2020-12-25 HTTP/1.1" 200 408
