180.157.253.48 - - [25/Dec/2020:10:02:57 +0800] "GET /xingrg/kc/buy/cgsh_order_operate.html?command=get_materiel&rest_code=00148&code=00101008312&supplier_code=00100007&order_time=2020-12-25 HTTP/1.1" 200 412
180.156.237.57 - - [25/Dec/2020:10:02:57 +0800] "GET /xingrg/all/function/internal_message.html?_=1608861760896&CODE_STATE=getMsg HTTP/1.1" 200 27
61.151.207.205 - - [25/Dec/2020:10:02:58 +0800] "GET /xingrg/all/function/internal_message.html?_=1608861168902&CODE_STATE=getMsg HTTP/1.1" 302 -
58.221.95.50 - - [25/Dec/2020:10:02:59 +0800] "GET /xingrg/check_reg.html?_=1608861778491 HTTP/1.1" 302 -
101.228.166.101 - - [25/Dec/2020:10:03:00 +0800] "POST /xingrg/login.do HTTP/1.1" 200 2421
101.228.166.101 - - [25/Dec/2020:10:03:00 +0800] "GET /favicon.ico HTTP/1.1" 404 -
180.157.253.48 - - [25/Dec/2020:10:03:00 +0800] "GET /xingrg/all/function/internal_message.html?_=1608861778438&CODE_STATE=getMsg HTTP/1.1" 200 27
101.228.166.101 - - [25/Dec/2020:10:03:01 +0800] "GET /xingrg/login.html HTTP/1.1" 200 7641
101.228.166.101 - - [25/Dec/2020:10:03:01 +0800] "GET /favicon.ico HTTP/1.1" 404 -
180.152.104.37 - - [25/Dec/2020:10:03:01 +0800] "GET /xingrg/all/function/internal_message.html?_=1608861782151&CODE_STATE=getMsg HTTP/1.1" 200 27
180.157.253.48 - - [25/Dec/2020:10:03:02 +0800] "GET /xingrg/kc/buy/cgsh_order_operate.html?command=get_materiel&rest_code=00148&code=00101008038&supplier_code=00100007&order_time=2020-12-25 HTTP/1.1" 200 412
116.233.74.117 - - [25/Dec/2020:10:03:02 +0800] "GET /xingrg/all/function/internal_message.html?_=1608861781945&CODE_STATE=getMsg HTTP/1.1" 200 27
61.151.207.205 - - [25/Dec/2020:10:03:03 +0800] "GET /xingrg/login.html HTTP/1.1" 200 7641
172.17.0.120 - - [25/Dec/2020:10:03:06 +0800] "GET /xingrg/all/function/internal_message.html?_=1608861782905&CODE_STATE=getMsg HTTP/1.1" 200 27
172.17.0.120 - - [25/Dec/2020:10:03:06 +0800] "GET /xingrg/check_reg.html?_=1608861782907 HTTP/1.1" 200 22
180.157.253.48 - - [25/Dec/2020:10:03:07 +0800] "GET /xingrg/kc/buy/cgsh_order_operate.html?command=get_materiel&rest_code=00148&code=00101008358&supplier_code=00100007&order_time=2020-12-25 HTTP/1.1" 200 412
101.228.166.101 - - [25/Dec/2020:10:03:08 +0800] "POST /xingrg/login.do HTTP/1.1" 200 2421
101.228.166.101 - - [25/Dec/2020:10:03:08 +0800] "GET /favicon.ico HTTP/1.1" 404 -
101.228.166.101 - - [25/Dec/2020:10:03:10 +0800] "GET /xingrg/login.html HTTP/1.1" 200 7641
101.228.166.101 - - [25/Dec/2020:10:03:10 +0800] "GET /favicon.ico HTTP/1.1" 404 -
116.233.74.117 - - [25/Dec/2020:10:03:10 +0800] "GET /xingrg/all/function/internal_message.html?_=1608861821968&CODE_STATE=getMsg HTTP/1.1" 200 27
58.37.230.33 - - [25/Dec/2020:10:03:13 +0800] "GET /xingrg/all/function/internal_message.html?_=1608861828645&CODE_STATE=getMsg HTTP/1.1" 200 27
180.157.253.48 - - [25/Dec/2020:10:03:14 +0800] "GET /xingrg/kc/buy/cgsh_order_operate.html?command=get_materiel&rest_code=00148&code=00101008163&supplier_code=00100007&order_time=2020-12-25 HTTP/1.1" 200 409
222.69.135.254 - - [25/Dec/2020:10:03:17 +0800] "GET /xingrg/all/function/internal_message.html?_=1608861791137&CODE_STATE=getMsg HTTP/1.1" 200 27
180.157.253.48 - - [25/Dec/2020:10:03:19 +0800] "GET /xingrg/kc/buy/cgsh_order_operate.html?command=get_materiel&rest_code=00148&code=00101008224&supplier_code=00100007&order_time=2020-12-25 HTTP/1.1" 200 416
120.253.135.82 - - [25/Dec/2020:10:03:21 +0800] "GET /xingrg/all/function/internal_message.html?_=1608861913725&CODE_STATE=getMsg HTTP/1.1" 200 27
116.228.172.94 - - [25/Dec/2020:10:03:23 +0800] "GET /xingrg/all/function/internal_message.html?_=1608861799196&CODE_STATE=getMsg HTTP/1.1" 200 27
172.17.0.109 - - [25/Dec/2020:10:03:25 +0800] "GET /xingrg/all/function/internal_message.html?_=1608861802129&CODE_STATE=getMsg HTTP/1.1" 200 27
172.17.0.109 - - [25/Dec/2020:10:03:25 +0800] "GET /xingrg/check_reg.html?_=1608861802129 HTTP/1.1" 200 22
180.156.237.57 - - [25/Dec/2020:10:03:31 +0800] "GET /xingrg/all/function/internal_message.html?_=1608861815694&CODE_STATE=getMsg HTTP/1.1" 200 27
180.156.237.57 - - [25/Dec/2020:10:03:31 +0800] "GET /xingrg/check_reg.html?_=1608861816447 HTTP/1.1" 200 22
58.35.244.144 - - [25/Dec/2020:10:03:33 +0800] "GET /xingrg/login.html HTTP/1.1" 200 7641
58.35.244.144 - - [25/Dec/2020:10:03:35 +0800] "GET /favicon.ico HTTP/1.1" 404 -
222.69.133.109 - - [25/Dec/2020:10:03:37 +0800] "GET /xingrg/all/function/internal_message.html?_=1608861816123&CODE_STATE=getMsg HTTP/1.1" 200 27
180.152.104.37 - - [25/Dec/2020:10:03:41 +0800] "GET /xingrg/all/function/internal_message.html?_=1608862052629&CODE_STATE=getMsg HTTP/1.1" 200 27
58.35.244.144 - - [25/Dec/2020:10:03:42 +0800] "POST /xingrg/login.do HTTP/1.1" 302 -
58.35.244.144 - - [25/Dec/2020:10:03:42 +0800] "GET /xingrg/index.html?sysBaseUrl=http%3A%2F%2F180.169.147.146%3A18081%2Fxingrg%2F&costTime=40×tamp=1608861822510 HTTP/1.1" 200 17503
58.35.244.144 - - [25/Dec/2020:10:03:43 +0800] "GET /favicon.ico HTTP/1.1" 404 -
58.35.244.144 - - [25/Dec/2020:10:03:44 +0800] "POST /xingrg/all/common/load_tree.html?tree=area_rest_tree_json&manage=1 HTTP/1.1" 200 3350
58.35.244.144 - - [25/Dec/2020:10:03:44 +0800] "GET /xingrg/check_reg.html?_=1608861818623 HTTP/1.1" 200 22
58.35.244.144 - - [25/Dec/2020:10:03:44 +0800] "GET /xingrg/all/function/internal_message.html?_=1608861818622&CODE_STATE=count HTTP/1.1" 200 11
172.17.200.101 - - [25/Dec/2020:10:03:44 +0800] "GET /xingrg/all/function/internal_message.html?_=1608861825076&CODE_STATE=getMsg HTTP/1.1" 302 -
58.35.244.144 - - [25/Dec/2020:10:03:44 +0800] "POST /xingrg/load_menu.html HTTP/1.1" 200 11564
180.162.223.42 - - [25/Dec/2020:10:03:45 +0800] "POST /xingrg/services/DataTransmitService HTTP/1.1" 200 524
180.162.223.42 - - [25/Dec/2020:10:03:47 +0800] "GET /xingrg/all/function/internal_message.html?_=1608861826948&CODE_STATE=getMsg HTTP/1.1" 200 27
58.35.244.144 - - [25/Dec/2020:10:03:47 +0800] "GET /xingrg/all/function/internal_message.html?_=1608861971459&CODE_STATE=getMsg HTTP/1.1" 200 27
180.162.223.42 - - [25/Dec/2020:10:03:49 +0800] "POST /xingrg/services/DataTransmitService HTTP/1.1" 200 501
180.157.253.48 - - [25/Dec/2020:10:03:51 +0800] "GET /xingrg/kc/buy/cgsh_order_operate.html?command=get_materiel&rest_code=00148&code=00101008355&supplier_code=00100007&order_time=2020-12-25 HTTP/1.1" 200 408
222.69.133.109 - - [25/Dec/2020:10:03:51 +0800] "GET /xingrg/kc/buy/cgsh_order_add.html HTTP/1.1" 200 60333
58.35.244.144 - - [25/Dec/2020:10:03:52 +0800] "GET /xingrg/index.html?sysBaseUrl=http%3A%2F%2F180.169.147.146%3A18081%2Fxingrg%2F&costTime=40×tamp=1608861822510 HTTP/1.1" 200 17503
222.69.133.109 - - [25/Dec/2020:10:03:52 +0800] "POST /xingrg/kc/buy/cgsh_order_operate.html HTTP/1.1" 200 8245
222.69.133.109 - - [25/Dec/2020:10:03:52 +0800] "GET /xingrg/javascript/easyui/themes/default/validatebox.css HTTP/1.1" 404 1104
58.35.244.144 - - [25/Dec/2020:10:03:52 +0800] "POST /xingrg/all/common/load_tree.html?tree=area_rest_tree_json&manage=1 HTTP/1.1" 200 3350
58.35.244.144 - - [25/Dec/2020:10:03:52 +0800] "GET /xingrg/all/function/internal_message.html?_=1608861826640&CODE_STATE=count HTTP/1.1" 200 11
58.35.244.144 - - [25/Dec/2020:10:03:52 +0800] "GET /xingrg/check_reg.html?_=1608861826641 HTTP/1.1" 200 22
58.35.244.144 - - [25/Dec/2020:10:03:52 +0800] "POST /xingrg/load_menu.html HTTP/1.1" 200 11564
58.35.244.144 - - [25/Dec/2020:10:03:55 +0800] "POST /xingrg/load_menu.html HTTP/1.1" 200 10483
180.156.237.57 - - [25/Dec/2020:10:03:57 +0800] "GET /xingrg/all/function/internal_message.html?_=1608861820908&CODE_STATE=getMsg HTTP/1.1" 200 27
180.157.253.48 - - [25/Dec/2020:10:03:58 +0800] "GET /xingrg/kc/buy/cgsh_order_operate.html?command=get_materiel&rest_code=00148&code=00101008264&supplier_code=00100007&order_time=2020-12-25 HTTP/1.1" 200 412
58.35.244.144 - - [25/Dec/2020:10:03:58 +0800] "POST /xingrg/all/user/operate.html HTTP/1.1" 200 36
58.35.244.144 - - [25/Dec/2020:10:03:58 +0800] "GET /xingrg/index.html?sysBaseUrl=http%3A%2F%2F180.169.147.146%3A18081%2Fxingrg%2F&costTime=40×tamp=1608861822510 HTTP/1.1" 200 17503
58.35.244.144 - - [25/Dec/2020:10:03:58 +0800] "GET /xingrg/javascript/jquery_easy_ui/themes/default/easyui.css HTTP/1.1" 304 -
58.35.244.144 - - [25/Dec/2020:10:03:58 +0800] "GET /xingrg/javascript/jquery_easy_ui/themes/icon.css HTTP/1.1" 304 -
58.35.244.144 - - [25/Dec/2020:10:03:58 +0800] "GET /xingrg/css/form.css HTTP/1.1" 304 -
58.35.244.144 - - [25/Dec/2020:10:03:58 +0800] "GET /xingrg/javascript/jquery-1.4.2.min.js HTTP/1.1" 304 -
58.35.244.144 - - [25/Dec/2020:10:03:58 +0800] "GET /xingrg/javascript/jquery_easy_ui/jquery.easyui.min.js HTTP/1.1" 304 -
58.35.244.144 - - [25/Dec/2020:10:03:58 +0800] "GET /xingrg/javascript/jquery_easy_ui/easyui-lang-zh_CN.js HTTP/1.1" 304 -
58.35.244.144 - - [25/Dec/2020:10:03:58 +0800] "GET /xingrg/javascript/jquery.form.js HTTP/1.1" 304 -
58.35.244.144 - - [25/Dec/2020:10:03:58 +0800] "GET /xingrg/javascript/jquery.utils.js HTTP/1.1" 304 -
58.35.244.144 - - [25/Dec/2020:10:03:58 +0800] "GET /xingrg/javascript/jquery.timers.js HTTP/1.1" 304 -
58.35.244.144 - - [25/Dec/2020:10:03:58 +0800] "GET /xingrg/images/blue/jxLogo.png HTTP/1.1" 304 -
58.35.244.144 - - [25/Dec/2020:10:03:58 +0800] "GET /xingrg/javascript/jquery_easy_ui/themes/icons/settle_new.png HTTP/1.1" 304 -
58.35.244.144 - - [25/Dec/2020:10:03:58 +0800] "GET /xingrg/images/blue/navBackgound.jpg HTTP/1.1" 304 -
58.35.244.144 - - [25/Dec/2020:10:03:58 +0800] "POST /xingrg/all/common/load_tree.html?tree=area_rest_tree_json&manage=1 HTTP/1.1" 200 3350
58.35.244.144 - - [25/Dec/2020:10:03:58 +0800] "GET /xingrg/check_reg.html?_=1608861832874 HTTP/1.1" 200 22
58.35.244.144 - - [25/Dec/2020:10:03:58 +0800] "GET /xingrg/all/function/internal_message.html?_=1608861832874&CODE_STATE=count HTTP/1.1" 200 11
58.35.244.144 - - [25/Dec/2020:10:03:58 +0800] "GET /xingrg/javascript/jquery_easy_ui/themes/default/images/panel_tool_collapse.gif HTTP/1.1" 304 -
58.35.244.144 - - [25/Dec/2020:10:03:58 +0800] "GET /xingrg/javascript/jquery_easy_ui/themes/default/images/panel_tool_expand.gif HTTP/1.1" 304 -
58.35.244.144 - - [25/Dec/2020:10:03:58 +0800] "GET /xingrg/javascript/jquery_easy_ui/themes/default/images/tabs_rightarrow.png HTTP/1.1" 304 -
58.35.244.144 - - [25/Dec/2020:10:03:58 +0800] "GET /xingrg/javascript/jquery_easy_ui/themes/default/images/tabs_leftarrow.png HTTP/1.1" 304 -
58.35.244.144 - - [25/Dec/2020:10:03:58 +0800] "GET /xingrg/images/blue/pingpu.png HTTP/1.1" 304 -
58.35.244.144 - - [25/Dec/2020:10:03:58 +0800] "POST /xingrg/load_menu.html HTTP/1.1" 200 9959
101.228.166.101 - - [25/Dec/2020:10:04:00 +0800] "POST /xingrg/login.do HTTP/1.1" 200 2421
101.228.166.101 - - [25/Dec/2020:10:04:00 +0800] "GET /favicon.ico HTTP/1.1" 404 -
180.157.253.48 - - [25/Dec/2020:10:04:00 +0800] "GET /xingrg/all/function/internal_message.html?_=1608861838510&CODE_STATE=getMsg HTTP/1.1" 200 27
58.35.244.144 - - [25/Dec/2020:10:04:00 +0800] "GET /xingrg/kc/buy/cgsh_order_list.html HTTP/1.1" 200 45729
180.152.104.37 - - [25/Dec/2020:10:04:01 +0800] "GET /xingrg/check_reg.html?_=1608861841916 HTTP/1.1" 200 22
180.152.104.37 - - [25/Dec/2020:10:04:01 +0800] "GET /xingrg/all/function/internal_message.html?_=1608861842166&CODE_STATE=getMsg HTTP/1.1" 200 27
116.233.74.117 - - [25/Dec/2020:10:04:02 +0800] "GET /xingrg/all/function/internal_message.html?_=1608861841947&CODE_STATE=getMsg HTTP/1.1" 200 27
116.233.74.117 - - [25/Dec/2020:10:04:02 +0800] "GET /xingrg/check_reg.html?_=1608861841948 HTTP/1.1" 200 22
58.35.244.144 - - [25/Dec/2020:10:04:03 +0800] "POST /xingrg/kc/buy/cgsh_list_operate.html HTTP/1.1" 200 3143
101.228.166.101 - - [25/Dec/2020:10:04:03 +0800] "GET /xingrg/login.html HTTP/1.1" 200 7641
101.228.166.101 - - [25/Dec/2020:10:04:03 +0800] "GET /favicon.ico HTTP/1.1" 404 -
58.35.244.144 - - [25/Dec/2020:10:04:05 +0800] "POST /xingrg/kc/buy/cgsh_list_operate.html HTTP/1.1" 200 437
180.157.253.48 - - [25/Dec/2020:10:04:05 +0800] "GET /xingrg/kc/buy/cgsh_order_operate.html?command=get_materiel&rest_code=00148&code=00101008137&supplier_code=00100007&order_time=2020-12-25 HTTP/1.1" 200 408
172.17.0.120 - - [25/Dec/2020:10:04:06 +0800] "GET /xingrg/all/function/internal_message.html?_=1608861842908&CODE_STATE=getMsg HTTP/1.1" 200 27
58.35.244.144 - - [25/Dec/2020:10:04:06 +0800] "GET /xingrg/kc/buy/cgsh_order_info.html?code=212020122309121 HTTP/1.1" 200 61226
58.35.244.144 - - [25/Dec/2020:10:04:06 +0800] "GET /xingrg/words/20201224164401_words.js HTTP/1.1" 200 782252
180.152.104.37 - - [25/Dec/2020:10:04:07 +0800] "GET /favicon.ico HTTP/1.1" 404 -
58.35.244.144 - - [25/Dec/2020:10:04:07 +0800] "GET /xingrg/javascript/easyui/themes/default/validatebox.css HTTP/1.1" 404 1104
58.35.244.144 - - [25/Dec/2020:10:04:07 +0800] "GET /xingrg/all/common/auto_word.html?type=employee&rest_code=00111 HTTP/1.1" 200 205
58.35.244.144 - - [25/Dec/2020:10:04:07 +0800] "GET /xingrg/all/common/auto_word.html?type=employee&rest_code=00111 HTTP/1.1" 200 205
58.35.244.144 - - [25/Dec/2020:10:04:07 +0800] "POST /xingrg/kc/buy/cgsh_order_operate.html HTTP/1.1" 200 4449
58.35.244.144 - - [25/Dec/2020:10:04:08 +0800] "GET /xingrg/javascript/auto/indicator.gif HTTP/1.1" 404 1066
116.233.74.117 - - [25/Dec/2020:10:04:10 +0800] "GET /xingrg/all/function/internal_message.html?_=1608861881968&CODE_STATE=getMsg HTTP/1.1" 200 27
58.35.244.144 - - [25/Dec/2020:10:04:10 +0800] "GET /xingrg/javascript/jquery_tools/images/prev.gif HTTP/1.1" 404 1086
58.35.244.144 - - [25/Dec/2020:10:04:10 +0800] "GET /xingrg/javascript/jquery_tools/images/next.gif HTTP/1.1" 404 1086
58.37.230.33 - - [25/Dec/2020:10:04:13 +0800] "GET /xingrg/all/function/internal_message.html?_=1608861888617&CODE_STATE=getMsg HTTP/1.1" 200 27
58.35.244.144 - - [25/Dec/2020:10:04:14 +0800] "POST /xingrg/kc/buy/cgsh_order_operate.html HTTP/1.1" 200 37
58.35.244.144 - - [25/Dec/2020:10:04:15 +0800] "POST /xingrg/kc/buy/cgsh_order_operate.html HTTP/1.1" 200 4449
180.157.253.48 - - [25/Dec/2020:10:04:16 +0800] "GET /xingrg/kc/buy/cgsh_order_operate.html?command=get_materiel&rest_code=00148&code=00101008357&supplier_code=00100007&order_time=2020-12-25 HTTP/1.1" 200 408
222.69.135.254 - - [25/Dec/2020:10:04:17 +0800] "GET /xingrg/all/function/internal_message.html?_=1608861851134&CODE_STATE=getMsg HTTP/1.1" 200 27
58.35.244.144 - - [25/Dec/2020:10:04:21 +0800] "POST /xingrg/kc/buy/cgsh_list_operate.html HTTP/1.1" 200 3140
120.253.135.82 - - [25/Dec/2020:10:04:21 +0800] "GET /xingrg/all/function/internal_message.html?_=1608861973744&CODE_STATE=getMsg HTTP/1.1" 200 27
58.35.244.144 - - [25/Dec/2020:10:04:23 +0800] "POST /xingrg/kc/buy/cgsh_list_operate.html HTTP/1.1" 200 437
116.228.172.94 - - [25/Dec/2020:10:04:23 +0800] "GET /xingrg/all/function/internal_message.html?_=1608861859195&CODE_STATE=getMsg HTTP/1.1" 200 27
172.17.0.109 - - [25/Dec/2020:10:04:25 +0800] "GET /xingrg/all/function/internal_message.html?_=1608861862128&CODE_STATE=getMsg HTTP/1.1" 200 27
58.35.244.144 - - [25/Dec/2020:10:04:25 +0800] "POST /xingrg/kc/buy/cgsh_list_operate.html HTTP/1.1" 200 4
180.157.253.48 - - [25/Dec/2020:10:04:26 +0800] "GET /xingrg/kc/buy/cgsh_order_operate.html?command=get_materiel&rest_code=00148&code=00101008069&supplier_code=00100007&order_time=2020-12-25 HTTP/1.1" 200 412
58.35.244.144 - - [25/Dec/2020:10:04:27 +0800] "POST /xingrg/kc/buy/cgsh_list_operate.html HTTP/1.1" 200 2772
180.156.237.57 - - [25/Dec/2020:10:04:31 +0800] "GET /xingrg/all/function/internal_message.html?_=1608861875665&CODE_STATE=getMsg HTTP/1.1" 200 27
222.69.133.109 - - [25/Dec/2020:10:04:37 +0800] "GET /xingrg/all/function/internal_message.html?_=1608861876115&CODE_STATE=getMsg HTTP/1.1" 200 27
180.152.104.37 - - [25/Dec/2020:10:04:40 +0800] "GET /xingrg/check_reg.html?_=1608862111634 HTTP/1.1" 200 22
180.152.104.37 - - [25/Dec/2020:10:04:41 +0800] "GET /xingrg/all/function/internal_message.html?_=1608862112643&CODE_STATE=getMsg HTTP/1.1" 200 27
172.17.200.101 - - [25/Dec/2020:10:04:44 +0800] "GET /xingrg/all/function/internal_message.html?_=1608861885062&CODE_STATE=getMsg HTTP/1.1" 302 -
101.228.166.101 - - [25/Dec/2020:10:04:46 +0800] "POST /xingrg/services/DataTransmitService HTTP/1.1" 200 524
180.162.223.42 - - [25/Dec/2020:10:04:47 +0800] "GET /xingrg/all/function/internal_message.html?_=1608861886944&CODE_STATE=getMsg HTTP/1.1" 200 27
58.35.244.144 - - [25/Dec/2020:10:04:47 +0800] "GET /xingrg/check_reg.html?_=1608862031464 HTTP/1.1" 200 22
58.35.244.144 - - [25/Dec/2020:10:04:47 +0800] "GET /xingrg/all/function/internal_message.html?_=1608862031467&CODE_STATE=getMsg HTTP/1.1" 200 27
180.157.253.48 - - [25/Dec/2020:10:04:53 +0800] "GET /xingrg/kc/buy/cgsh_order_operate.html?command=get_materiel&rest_code=00148&code=00101008286&supplier_code=00100007&order_time=2020-12-25 HTTP/1.1" 200 408
180.156.237.57 - - [25/Dec/2020:10:04:57 +0800] "GET /xingrg/all/function/internal_message.html?_=1608861880935&CODE_STATE=getMsg HTTP/1.1" 200 27
180.156.237.57 - - [25/Dec/2020:10:04:57 +0800] "GET /xingrg/kc/buy/cgsh_order_operate.html?command=get_materiel&rest_code=00150&code=00101008331&supplier_code=00100007&order_time=2020-12-25 HTTP/1.1" 200 416
58.35.244.144 - - [25/Dec/2020:10:04:58 +0800] "GET /xingrg/all/function/internal_message.html?_=1608861892894&CODE_STATE=getMsg HTTP/1.1" 200 27
180.157.253.48 - - [25/Dec/2020:10:05:00 +0800] "GET /xingrg/all/function/internal_message.html?_=1608861898540&CODE_STATE=getMsg HTTP/1.1" 200 27
180.157.253.48 - - [25/Dec/2020:10:05:01 +0800] "GET /xingrg/kc/buy/cgsh_order_operate.html?command=get_materiel&rest_code=00148&code=00101008131&supplier_code=00100007&order_time=2020-12-25 HTTP/1.1" 200 408
180.152.104.37 - - [25/Dec/2020:10:05:01 +0800] "GET /xingrg/all/function/internal_message.html?_=1608861902180&CODE_STATE=getMsg HTTP/1.1" 200 27
116.233.74.117 - - [25/Dec/2020:10:05:02 +0800] "GET /xingrg/all/function/internal_message.html?_=1608861901947&CODE_STATE=getMsg HTTP/1.1" 200 27
120.253.135.82 - - [25/Dec/2020:10:05:05 +0800] "GET /xingrg/check_reg.html?_=1608862017500 HTTP/1.1" 200 22
172.17.0.120 - - [25/Dec/2020:10:05:06 +0800] "GET /xingrg/all/function/internal_message.html?_=1608861902912&CODE_STATE=getMsg HTTP/1.1" 200 27
116.233.74.117 - - [25/Dec/2020:10:05:09 +0800] "GET /xingrg/check_reg.html?_=1608861941687 HTTP/1.1" 200 22
116.233.74.117 - - [25/Dec/2020:10:05:10 +0800] "GET /xingrg/all/function/internal_message.html?_=1608861941968&CODE_STATE=getMsg HTTP/1.1" 200 27
58.37.230.33 - - [25/Dec/2020:10:05:13 +0800] "GET /xingrg/all/function/internal_message.html?_=1608861948584&CODE_STATE=getMsg HTTP/1.1" 200 27
116.233.72.147 - - [25/Dec/2020:10:05:15 +0800] "POST /xingrg/services/DataTransmitService HTTP/1.1" 200 524
180.157.253.48 - - [25/Dec/2020:10:05:16 +0800] "GET /xingrg/kc/buy/cgsh_order_operate.html?command=get_materiel&rest_code=00148&code=00101008036&supplier_code=00100007&order_time=2020-12-25 HTTP/1.1" 200 408
222.69.135.254 - - [25/Dec/2020:10:05:17 +0800] "GET /xingrg/all/function/internal_message.html?_=1608861911134&CODE_STATE=getMsg HTTP/1.1" 200 27
222.69.133.109 - - [25/Dec/2020:10:05:19 +0800] "GET /xingrg/kc/buy/cgsh_order_operate.html?command=get_materiel&rest_code=00154&code=00101008355&supplier_code=00100417&order_time=2020-12-25 HTTP/1.1" 200 408
120.253.135.82 - - [25/Dec/2020:10:05:21 +0800] "GET /xingrg/all/function/internal_message.html?_=1608862033751&CODE_STATE=getMsg HTTP/1.1" 200 27
180.157.253.48 - - [25/Dec/2020:10:05:23 +0800] "GET /xingrg/kc/buy/cgsh_order_operate.html?command=get_materiel&rest_code=00148&code=00101008352&supplier_code=00100007&order_time=2020-12-25 HTTP/1.1" 200 412
116.228.172.94 - - [25/Dec/2020:10:05:23 +0800] "GET /xingrg/all/function/internal_message.html?_=1608861919216&CODE_STATE=getMsg HTTP/1.1" 200 27
116.228.172.94 - - [25/Dec/2020:10:05:24 +0800] "GET /xingrg/check_reg.html?_=1608861919382 HTTP/1.1" 200 22
172.17.0.109 - - [25/Dec/2020:10:05:25 +0800] "GET /xingrg/all/function/internal_message.html?_=1608861922126&CODE_STATE=getMsg HTTP/1.1" 200 27
180.157.253.48 - - [25/Dec/2020:10:05:30 +0800] "GET /xingrg/kc/buy/cgsh_order_operate.html?command=get_materiel&rest_code=00148&code=00101008005&supplier_code=00100007&order_time=2020-12-25 HTTP/1.1" 200 431
180.156.237.57 - - [25/Dec/2020:10:05:30 +0800] "GET /xingrg/all/function/internal_message.html?_=1608861935654&CODE_STATE=getMsg HTTP/1.1" 200 27
180.157.253.48 - - [25/Dec/2020:10:05:36 +0800] "GET /xingrg/kc/buy/cgsh_order_operate.html?command=get_materiel&rest_code=00148&code=00101008353&supplier_code=00100007&order_time=2020-12-25 HTTP/1.1" 200 408
222.69.133.109 - - [25/Dec/2020:10:05:37 +0800] "GET /xingrg/all/function/internal_message.html?_=1608861936083&CODE_STATE=getMsg HTTP/1.1" 200 27
58.37.230.33 - - [25/Dec/2020:10:05:38 +0800] "GET /xingrg/check_reg.html?_=1608861973841 HTTP/1.1" 200 22
222.69.133.109 - - [25/Dec/2020:10:05:39 +0800] "GET /xingrg/kc/buy/cgsh_order_operate.html?command=get_materiel&rest_code=00154&code=00101008264&supplier_code=00100417&order_time=2020-12-25 HTTP/1.1" 200 412
180.157.253.48 - - [25/Dec/2020:10:05:39 +0800] "POST /xingrg/kc/buy/cgsh_order_operate.html HTTP/1.1" 200 2065
180.156.237.57 - - [25/Dec/2020:10:05:39 +0800] "GET /xingrg/kc/buy/cgsh_order_operate.html?command=get_materiel&rest_code=00150&code=00101008353&supplier_code=00100007&order_time=2020-12-25 HTTP/1.1" 200 408
180.152.104.37 - - [25/Dec/2020:10:05:41 +0800] "GET /xingrg/all/function/internal_message.html?_=1608862172656&CODE_STATE=getMsg HTTP/1.1" 200 27
172.17.200.101 - - [25/Dec/2020:10:05:44 +0800] "GET /xingrg/all/function/internal_message.html?_=1608861945063&CODE_STATE=getMsg HTTP/1.1" 302 -
180.162.223.42 - - [25/Dec/2020:10:05:47 +0800] "GET /xingrg/all/function/internal_message.html?_=1608861946941&CODE_STATE=getMsg HTTP/1.1" 200 27
58.35.244.144 - - [25/Dec/2020:10:05:47 +0800] "GET /xingrg/all/function/internal_message.html?_=1608862091467&CODE_STATE=getMsg HTTP/1.1" 200 27
222.69.133.109 - - [25/Dec/2020:10:05:51 +0800] "GET /xingrg/kc/buy/cgsh_order_operate.html?command=get_materiel&rest_code=00154&code=00101008199&supplier_code=00100417&order_time=2020-12-25 HTTP/1.1" 200 408
180.157.253.48 - - [25/Dec/2020:10:05:52 +0800] "GET /xingrg/kc/buy/cgsh_order_operate.html?command=get_materiel&rest_code=00148&code=00101008291&supplier_code=00100007&order_time=2020-12-25 HTTP/1.1" 200 408
180.156.237.57 - - [25/Dec/2020:10:05:57 +0800] "GET /xingrg/all/function/internal_message.html?_=1608861940936&CODE_STATE=getMsg HTTP/1.1" 200 27
58.35.244.144 - - [25/Dec/2020:10:05:58 +0800] "GET /xingrg/all/function/internal_message.html?_=1608861952903&CODE_STATE=getMsg HTTP/1.1" 200 27
180.157.253.48 - - [25/Dec/2020:10:06:00 +0800] "GET /xingrg/all/function/internal_message.html?_=1608861958479&CODE_STATE=getMsg HTTP/1.1" 200 27
180.152.104.37 - - [25/Dec/2020:10:06:01 +0800] "GET /xingrg/all/function/internal_message.html?_=1608861962194&CODE_STATE=getMsg HTTP/1.1" 200 27
116.233.74.117 - - [25/Dec/2020:10:06:02 +0800] "GET /xingrg/all/function/internal_message.html?_=1608861961949&CODE_STATE=getMsg HTTP/1.1" 200 27
180.157.253.48 - - [25/Dec/2020:10:06:03 +0800] "GET /xingrg/kc/buy/cgsh_order_operate.html?command=get_materiel&rest_code=00148&code=00101008304&supplier_code=00100007&order_time=2020-12-25 HTTP/1.1" 200 412
172.17.0.120 - - [25/Dec/2020:10:06:06 +0800] "GET /xingrg/all/function/internal_message.html?_=1608861962918&CODE_STATE=getMsg HTTP/1.1" 200 27
180.157.253.48 - - [25/Dec/2020:10:06:09 +0800] "GET /xingrg/kc/buy/cgsh_order_operate.html?command=get_materiel&rest_code=00148&code=00101008125&supplier_code=00100007&order_time=2020-12-25 HTTP/1.1" 200 432
116.233.74.117 - - [25/Dec/2020:10:06:10 +0800] "GET /xingrg/all/function/internal_message.html?_=1608862001968&CODE_STATE=getMsg HTTP/1.1" 200 27
58.37.230.33 - - [25/Dec/2020:10:06:13 +0800] "GET /xingrg/all/function/internal_message.html?_=1608862008557&CODE_STATE=getMsg HTTP/1.1" 200 27
180.157.253.48 - - [25/Dec/2020:10:06:15 +0800] "GET /xingrg/kc/buy/cgsh_order_operate.html?command=get_materiel&rest_code=00148&code=00101010198&supplier_code=00100007&order_time=2020-12-25 HTTP/1.1" 200 409
222.69.135.254 - - [25/Dec/2020:10:06:17 +0800] "GET /xingrg/all/function/internal_message.html?_=1608861971139&CODE_STATE=getMsg HTTP/1.1" 200 27
222.69.135.254 - - [25/Dec/2020:10:06:17 +0800] "GET /xingrg/check_reg.html?_=1608861971143 HTTP/1.1" 200 22
120.253.135.82 - - [25/Dec/2020:10:06:21 +0800] "GET /xingrg/all/function/internal_message.html?_=1608862093765&CODE_STATE=getMsg HTTP/1.1" 200 27
116.228.172.94 - - [25/Dec/2020:10:06:23 +0800] "GET /xingrg/all/function/internal_message.html?_=1608861979199&CODE_STATE=getMsg HTTP/1.1" 200 27
172.17.0.109 - - [25/Dec/2020:10:06:25 +0800] "GET /xingrg/all/function/internal_message.html?_=1608861982130&CODE_STATE=getMsg HTTP/1.1" 200 27
180.156.237.57 - - [25/Dec/2020:10:06:30 +0800] "GET /xingrg/all/function/internal_message.html?_=1608861995651&CODE_STATE=getMsg HTTP/1.1" 200 27
222.69.133.109 - - [25/Dec/2020:10:06:37 +0800] "GET /xingrg/all/function/internal_message.html?_=1608861996068&CODE_STATE=getMsg HTTP/1.1" 200 27
180.152.104.37 - - [25/Dec/2020:10:06:41 +0800] "GET /xingrg/all/function/internal_message.html?_=1608862232669&CODE_STATE=getMsg HTTP/1.1" 200 27
172.17.200.101 - - [25/Dec/2020:10:06:44 +0800] "GET /xingrg/all/function/internal_message.html?_=1608862005064&CODE_STATE=getMsg HTTP/1.1" 302 -
180.162.223.42 - - [25/Dec/2020:10:06:47 +0800] "GET /xingrg/all/function/internal_message.html?_=1608862006937&CODE_STATE=getMsg HTTP/1.1" 200 27
58.35.244.144 - - [25/Dec/2020:10:06:47 +0800] "GET /xingrg/all/function/internal_message.html?_=1608862151457&CODE_STATE=getMsg HTTP/1.1" 200 27
180.156.237.57 - - [25/Dec/2020:10:06:57 +0800] "GET /xingrg/check_reg.html?_=1608862000437 HTTP/1.1" 200 22
180.156.237.57 - - [25/Dec/2020:10:06:57 +0800] "GET /xingrg/all/function/internal_message.html?_=1608862000949&CODE_STATE=getMsg HTTP/1.1" 200 27
58.35.244.144 - - [25/Dec/2020:10:06:58 +0800] "GET /xingrg/all/function/internal_message.html?_=1608862012898&CODE_STATE=getMsg HTTP/1.1" 200 27
222.69.133.109 - - [25/Dec/2020:10:06:59 +0800] "GET /xingrg/kc/buy/cgsh_order_operate.html?command=get_materiel&rest_code=00154&code=00101008097&supplier_code=00100417&order_time=2020-12-25 HTTP/1.1" 200 408
180.157.253.48 - - [25/Dec/2020:10:07:00 +0800] "GET /xingrg/check_reg.html?_=1608862018439 HTTP/1.1" 200 22
180.157.253.48 - - [25/Dec/2020:10:07:00 +0800] "GET /xingrg/all/function/internal_message.html?_=1608862018470&CODE_STATE=getMsg HTTP/1.1" 200 27
180.152.104.37 - - [25/Dec/2020:10:07:01 +0800] "GET /xingrg/all/function/internal_message.html?_=1608862022208&CODE_STATE=getMsg HTTP/1.1" 200 27
116.233.74.117 - - [25/Dec/2020:10:07:02 +0800] "GET /xingrg/all/function/internal_message.html?_=1608862021951&CODE_STATE=getMsg HTTP/1.1" 200 27
172.17.0.120 - - [25/Dec/2020:10:07:06 +0800] "GET /xingrg/all/function/internal_message.html?_=1608862022906&CODE_STATE=getMsg HTTP/1.1" 200 27
180.156.237.57 - - [25/Dec/2020:10:07:08 +0800] "POST /xingrg/kc/buy/cgsh_order_operate.html HTTP/1.1" 200 37
180.156.237.57 - - [25/Dec/2020:10:07:09 +0800] "POST /xingrg/kc/buy/cgsh_order_operate.html HTTP/1.1" 200 22169
116.233.74.117 - - [25/Dec/2020:10:07:10 +0800] "GET /xingrg/all/function/internal_message.html?_=1608862061968&CODE_STATE=getMsg HTTP/1.1" 200 27
58.37.230.33 - - [25/Dec/2020:10:07:13 +0800] "GET /xingrg/all/function/internal_message.html?_=1608862068526&CODE_STATE=getMsg HTTP/1.1" 200 27
180.156.237.57 - - [25/Dec/2020:10:07:14 +0800] "POST /xingrg/kc/buy/cgsh_order_operate.html HTTP/1.1" 200 37
222.69.135.254 - - [25/Dec/2020:10:07:17 +0800] "GET /xingrg/all/function/internal_message.html?_=1608862031141&CODE_STATE=getMsg HTTP/1.1" 200 27
180.156.237.57 - - [25/Dec/2020:10:07:17 +0800] "POST /xingrg/kc/buy/cgsh_order_operate.html HTTP/1.1" 200 12
180.156.237.57 - - [25/Dec/2020:10:07:18 +0800] "GET /xingrg/kc/buy/cgsh_order_info.html?code=212020122509862 HTTP/1.1" 200 56038
180.156.237.57 - - [25/Dec/2020:10:07:18 +0800] "GET /xingrg/javascript/easyui/themes/default/validatebox.css HTTP/1.1" 404 1104
180.156.237.57 - - [25/Dec/2020:10:07:19 +0800] "POST /xingrg/kc/buy/cgsh_order_operate.html HTTP/1.1" 200 20113
222.69.133.109 - - [25/Dec/2020:10:07:21 +0800] "GET /xingrg/kc/buy/cgsh_order_operate.html?command=get_materiel&rest_code=00154&code=00101015070&supplier_code=00100417&order_time=2020-12-25 HTTP/1.1" 200 413
120.253.135.82 - - [25/Dec/2020:10:07:21 +0800] "GET /xingrg/all/function/internal_message.html?_=1608862153785&CODE_STATE=getMsg HTTP/1.1" 200 27
180.156.237.57 - - [25/Dec/2020:10:07:23 +0800] "GET /xingrg/kc/print/load_data.html?order_code=212020122509862&kc_code=cgsh&condition= HTTP/1.1" 200 8123
116.228.172.94 - - [25/Dec/2020:10:07:23 +0800] "GET /xingrg/all/function/internal_message.html?_=1608862039210&CODE_STATE=getMsg HTTP/1.1" 200 27
172.17.0.109 - - [25/Dec/2020:10:07:25 +0800] "GET /xingrg/all/function/internal_message.html?_=1608862042129&CODE_STATE=getMsg HTTP/1.1" 200 27
180.156.237.57 - - [25/Dec/2020:10:07:30 +0800] "GET /xingrg/all/function/internal_message.html?_=1608862055630&CODE_STATE=getMsg HTTP/1.1" 200 27
180.156.237.57 - - [25/Dec/2020:10:07:35 +0800] "GET /xingrg/kc/buy/cgsh_order_info.html?code=212020122509862 HTTP/1.1" 200 56038
180.156.237.57 - - [25/Dec/2020:10:07:36 +0800] "GET /xingrg/javascript/easyui/themes/default/validatebox.css HTTP/1.1" 404 1104
180.156.237.57 - - [25/Dec/2020:10:07:36 +0800] "POST /xingrg/kc/buy/cgsh_order_operate.html HTTP/1.1" 200 20113
222.69.133.109 - - [25/Dec/2020:10:07:37 +0800] "GET /xingrg/kc/buy/cgsh_order_operate.html?command=get_materiel&rest_code=00154&code=00101008283&supplier_code=00100417&order_time=2020-12-25 HTTP/1.1" 200 408
222.69.133.109 - - [25/Dec/2020:10:07:37 +0800] "GET /xingrg/all/function/internal_message.html?_=1608862056100&CODE_STATE=getMsg HTTP/1.1" 200 27
222.69.133.109 - - [25/Dec/2020:10:07:38 +0800] "GET /xingrg/check_reg.html?_=1608862056429 HTTP/1.1" 200 22
180.152.104.37 - - [25/Dec/2020:10:07:41 +0800] "GET /xingrg/all/function/internal_message.html?_=1608862292726&CODE_STATE=getMsg HTTP/1.1" 200 27
172.17.200.101 - - [25/Dec/2020:10:07:44 +0800] "GET /xingrg/all/function/internal_message.html?_=1608862065068&CODE_STATE=getMsg HTTP/1.1" 302 -
172.17.200.101 - - [25/Dec/2020:10:07:44 +0800] "GET /xingrg/check_reg.html?_=1608862065072 HTTP/1.1" 302 -
180.162.223.42 - - [25/Dec/2020:10:07:47 +0800] "GET /xingrg/all/function/internal_message.html?_=1608862066949&CODE_STATE=getMsg HTTP/1.1" 200 27
180.162.223.42 - - [25/Dec/2020:10:07:47 +0800] "GET /xingrg/check_reg.html?_=1608862066953 HTTP/1.1" 200 22
58.35.244.144 - - [25/Dec/2020:10:07:47 +0800] "GET /xingrg/all/function/internal_message.html?_=1608862211457&CODE_STATE=getMsg HTTP/1.1" 200 27
222.69.133.109 - - [25/Dec/2020:10:07:50 +0800] "GET /xingrg/kc/buy/cgsh_order_operate.html?command=get_materiel&rest_code=00154&code=00101008300&supplier_code=00100417&order_time=2020-12-25 HTTP/1.1" 200 412
180.156.237.57 - - [25/Dec/2020:10:07:57 +0800] "GET /xingrg/all/function/internal_message.html?_=1608862060963&CODE_STATE=getMsg HTTP/1.1" 200 27
58.35.244.144 - - [25/Dec/2020:10:07:58 +0800] "GET /xingrg/all/function/internal_message.html?_=1608862072889&CODE_STATE=getMsg HTTP/1.1" 200 27
58.221.95.50 - - [25/Dec/2020:10:07:59 +0800] "GET /xingrg/check_reg.html?_=1608862078462 HTTP/1.1" 302 -
222.69.133.109 - - [25/Dec/2020:10:08:00 +0800] "GET /xingrg/kc/buy/cgsh_order_operate.html?command=get_materiel&rest_code=00154&code=00101008323&supplier_code=00100417&order_time=2020-12-25 HTTP/1.1" 200 408
180.157.253.48 - - [25/Dec/2020:10:08:00 +0800] "GET /xingrg/all/function/internal_message.html?_=1608862078434&CODE_STATE=getMsg HTTP/1.1" 200 27
180.152.104.37 - - [25/Dec/2020:10:08:01 +0800] "GET /xingrg/all/function/internal_message.html?_=1608862082223&CODE_STATE=getMsg HTTP/1.1" 200 27
116.233.74.117 - - [25/Dec/2020:10:08:02 +0800] "GET /xingrg/all/function/internal_message.html?_=1608862081953&CODE_STATE=getMsg HTTP/1.1" 200 27
180.156.237.57 - - [25/Dec/2020:10:08:05 +0800] "POST /xingrg/kc/buy/cgsh_order_operate.html HTTP/1.1" 200 37
172.17.0.120 - - [25/Dec/2020:10:08:06 +0800] "GET /xingrg/all/function/internal_message.html?_=1608862082910&CODE_STATE=getMsg HTTP/1.1" 200 27
172.17.0.120 - - [25/Dec/2020:10:08:06 +0800] "GET /xingrg/check_reg.html?_=1608862082911 HTTP/1.1" 200 22
180.156.237.57 - - [25/Dec/2020:10:08:07 +0800] "POST /xingrg/kc/buy/cgsh_order_operate.html HTTP/1.1" 200 5029
180.156.237.57 - - [25/Dec/2020:10:08:10 +0800] "POST /xingrg/kc/buy/cgsh_list_operate.html HTTP/1.1" 200 1706
180.156.237.57 - - [25/Dec/2020:10:08:10 +0800] "POST /xingrg/kc/buy/cgsh_list_operate.html HTTP/1.1" 200 1706
116.233.74.117 - - [25/Dec/2020:10:08:10 +0800] "GET /xingrg/all/function/internal_message.html?_=1608862121968&CODE_STATE=getMsg HTTP/1.1" 200 27
180.156.237.57 - - [25/Dec/2020:10:08:11 +0800] "POST /xingrg/kc/buy/cgsh_list_operate.html HTTP/1.1" 200 504
180.156.237.57 - - [25/Dec/2020:10:08:12 +0800] "GET /xingrg/kc/buy/cgsh_order_info.html?code=212020122509893 HTTP/1.1" 200 61156
180.156.237.57 - - [25/Dec/2020:10:08:13 +0800] "GET /xingrg/javascript/easyui/themes/default/validatebox.css HTTP/1.1" 404 1104
58.37.230.33 - - [25/Dec/2020:10:08:13 +0800] "GET /xingrg/all/function/internal_message.html?_=1608862128498&CODE_STATE=getMsg HTTP/1.1" 200 27
222.69.133.109 - - [25/Dec/2020:10:08:13 +0800] "GET /xingrg/kc/buy/cgsh_order_operate.html?command=get_materiel&rest_code=00154&code=00101008295&supplier_code=00100417&order_time=2020-12-25 HTTP/1.1" 200 412
180.156.237.57 - - [25/Dec/2020:10:08:13 +0800] "POST /xingrg/kc/buy/cgsh_order_operate.html HTTP/1.1" 200 5029
180.157.253.48 - - [25/Dec/2020:10:08:14 +0800] "GET /xingrg/kc/buy/cgsh_order_operate.html?command=get_materiel&rest_code=00148&code=00101008323&supplier_code=00100007&order_time=2020-12-25 HTTP/1.1" 200 408
180.156.237.57 - - [25/Dec/2020:10:08:15 +0800] "GET /xingrg/kc/mdqp/qqps_order_list.html HTTP/1.1" 200 9668
180.156.237.57 - - [25/Dec/2020:10:08:15 +0800] "GET /xingrg/css/blue.css HTTP/1.1" 304 -
180.156.237.57 - - [25/Dec/2020:10:08:15 +0800] "GET /xingrg/javascript/ToolTips.js HTTP/1.1" 304 -
180.156.237.57 - - [25/Dec/2020:10:08:15 +0800] "GET /xingrg/dwr/util.js HTTP/1.1" 304 -
180.156.237.57 - - [25/Dec/2020:10:08:15 +0800] "GET /xingrg/javascript/Calendar.js HTTP/1.1" 304 -
180.156.237.57 - - [25/Dec/2020:10:08:15 +0800] "GET /xingrg/javascript/myfunction.js HTTP/1.1" 304 -
180.156.237.57 - - [25/Dec/2020:10:08:15 +0800] "GET /xingrg/dwr/interface/AjaxQqpsService.js HTTP/1.1" 200 16326
180.156.237.57 - - [25/Dec/2020:10:08:15 +0800] "GET /xingrg/dwr/interface/AjaxReportQueryService.js HTTP/1.1" 200 13203
180.156.237.57 - - [25/Dec/2020:10:08:15 +0800] "GET /xingrg/dwr/engine.js HTTP/1.1" 200 43631
222.69.135.254 - - [25/Dec/2020:10:08:17 +0800] "GET /xingrg/all/function/internal_message.html?_=1608862091141&CODE_STATE=getMsg HTTP/1.1" 200 27
180.156.237.57 - - [25/Dec/2020:10:08:19 +0800] "GET /xingrg/kc/mdqp/qqps_order_info.html?code=302020122500560 HTTP/1.1" 200 26401
180.156.237.57 - - [25/Dec/2020:10:08:19 +0800] "GET /xingrg/javascript/tools/jquery.qtip-1.0.0-rc3.min.js HTTP/1.1" 304 -
180.156.237.57 - - [25/Dec/2020:10:08:19 +0800] "GET /xingrg/javascript/Grid.js HTTP/1.1" 304 -
180.156.237.57 - - [25/Dec/2020:10:08:19 +0800] "GET /xingrg/javascript/AjaxInfoList.js HTTP/1.1" 304 -
180.156.237.57 - - [25/Dec/2020:10:08:19 +0800] "GET /xingrg/dwr/interface/AjaxComOrderService.js HTTP/1.1" 200 18264
180.156.237.57 - - [25/Dec/2020:10:08:19 +0800] "GET /xingrg/dwr/interface/AjaxQqpsService.js HTTP/1.1" 200 16326
180.156.237.57 - - [25/Dec/2020:10:08:19 +0800] "GET /xingrg/dwr/engine.js HTTP/1.1" 200 43631
180.157.253.48 - - [25/Dec/2020:10:08:19 +0800] "POST /xingrg/kc/buy/cgsh_order_operate.html HTTP/1.1" 200 2065
180.156.237.57 - - [25/Dec/2020:10:08:20 +0800] "POST /xingrg/dwr/call/plaincall/AjaxQqpsService.loadMaterielItems.dwr HTTP/1.1" 200 394
180.152.104.37 - - [25/Dec/2020:10:08:20 +0800] "POST /xingrg/services/DataTransmitService HTTP/1.1" 200 524
180.156.237.57 - - [25/Dec/2020:10:08:21 +0800] "POST /xingrg/kc/buy/cgsh_order_operate.html HTTP/1.1" 200 37
120.253.135.82 - - [25/Dec/2020:10:08:21 +0800] "GET /xingrg/all/function/internal_message.html?_=1608862213793&CODE_STATE=getMsg HTTP/1.1" 200 27
180.156.237.57 - - [25/Dec/2020:10:08:22 +0800] "POST /xingrg/dwr/call/plaincall/AjaxQqpsService.uncheckOrder.dwr HTTP/1.1" 200 78
180.156.237.57 - - [25/Dec/2020:10:08:23 +0800] "POST /xingrg/kc/buy/cgsh_order_operate.html HTTP/1.1" 200 12
180.156.237.57 - - [25/Dec/2020:10:08:23 +0800] "GET /xingrg/css/blue.css HTTP/1.1" 304 -
180.156.237.57 - - [25/Dec/2020:10:08:23 +0800] "GET /xingrg/javascript/jquery_easy_ui/themes/icon.css HTTP/1.1" 304 -
180.156.237.57 - - [25/Dec/2020:10:08:23 +0800] "GET /xingrg/javascript/jquery-1.4.2.min.js HTTP/1.1" 304 -
180.156.237.57 - - [25/Dec/2020:10:08:23 +0800] "GET /xingrg/javascript/auto/jquery.autocomplete.css HTTP/1.1" 304 -
180.156.237.57 - - [25/Dec/2020:10:08:23 +0800] "GET /xingrg/javascript/jquery_easy_ui/jquery.easyui.min.js HTTP/1.1" 304 -
180.156.237.57 - - [25/Dec/2020:10:08:23 +0800] "GET /xingrg/kc/buy/cgsh_order_info.html?code=212020122509893 HTTP/1.1" 200 56050
180.156.237.57 - - [25/Dec/2020:10:08:23 +0800] "GET /xingrg/javascript/tools/jquery.qtip-1.0.0-rc3.min.js HTTP/1.1" 304 -
180.156.237.57 - - [25/Dec/2020:10:08:23 +0800] "GET /xingrg/javascript/jquery_easy_ui/easyui-lang-zh_CN.js HTTP/1.1" 304 -
180.156.237.57 - - [25/Dec/2020:10:08:23 +0800] "GET /xingrg/javascript/auto/jquery.autocomplete.js HTTP/1.1" 304 -
180.156.237.57 - - [25/Dec/2020:10:08:23 +0800] "GET /xingrg/javascript/pic_change.js HTTP/1.1" 304 -
180.156.237.57 - - [25/Dec/2020:10:08:23 +0800] "GET /xingrg/javascript/jquery.utils.js HTTP/1.1" 304 -
180.156.237.57 - - [25/Dec/2020:10:08:23 +0800] "GET /xingrg/dwr/util.js HTTP/1.1" 304 -
180.156.237.57 - - [25/Dec/2020:10:08:23 +0800] "GET /xingrg/javascript/AjaxInfoList.js HTTP/1.1" 304 -
180.156.237.57 - - [25/Dec/2020:10:08:23 +0800] "GET /xingrg/javascript/Calendar.js HTTP/1.1" 304 -
180.156.237.57 - - [25/Dec/2020:10:08:23 +0800] "GET /xingrg/javascript/myfunction.js HTTP/1.1" 304 -
180.156.237.57 - - [25/Dec/2020:10:08:23 +0800] "GET /xingrg/javascript/ToolTips.js HTTP/1.1" 304 -
180.156.237.57 - - [25/Dec/2020:10:08:23 +0800] "GET /xingrg/kc/mdqp/qqps_order_info.html?code=302020122500560 HTTP/1.1" 200 28160
180.156.237.57 - - [25/Dec/2020:10:08:23 +0800] "GET /xingrg/dwr/interface/AjaxComOrderService.js HTTP/1.1" 200 18264
180.156.237.57 - - [25/Dec/2020:10:08:23 +0800] "GET /xingrg/javascript/Grid.js HTTP/1.1" 304 -
180.156.237.57 - - [25/Dec/2020:10:08:23 +0800] "GET /xingrg/javascript/print/kc_print.js HTTP/1.1" 304 -
180.156.237.57 - - [25/Dec/2020:10:08:23 +0800] "GET /xingrg/javascript/print/LodopFuncs.js HTTP/1.1" 304 -
180.156.237.57 - - [25/Dec/2020:10:08:23 +0800] "GET /xingrg/javascript/jquery_easy_ui/themes/default/easyui.css HTTP/1.1" 304 -
180.156.237.57 - - [25/Dec/2020:10:08:23 +0800] "GET /xingrg/javascript/jquery_easy_ui/themes/icon.css HTTP/1.1" 304 -
180.156.237.57 - - [25/Dec/2020:10:08:23 +0800] "GET /xingrg/dwr/interface/AjaxQqpsService.js HTTP/1.1" 200 16326
180.156.237.57 - - [25/Dec/2020:10:08:23 +0800] "GET /xingrg/dwr/engine.js HTTP/1.1" 200 43631
180.156.237.57 - - [25/Dec/2020:10:08:23 +0800] "GET /xingrg/words/20201224164401_words.js HTTP/1.1" 304 -
116.228.172.94 - - [25/Dec/2020:10:08:23 +0800] "GET /xingrg/all/function/internal_message.html?_=1608862099232&CODE_STATE=getMsg HTTP/1.1" 200 27
180.156.237.57 - - [25/Dec/2020:10:08:23 +0800] "GET /xingrg/javascript/jquery_easy_ui/themes/icons/template_new.png HTTP/1.1" 304 -
180.156.237.57 - - [25/Dec/2020:10:08:23 +0800] "GET /xingrg/javascript/jquery_easy_ui/themes/icons/edit_add_new.png HTTP/1.1" 304 -
180.156.237.57 - - [25/Dec/2020:10:08:23 +0800] "GET /xingrg/javascript/jquery_easy_ui/themes/icons/copy_new.png HTTP/1.1" 304 -
180.156.237.57 - - [25/Dec/2020:10:08:23 +0800] "GET /xingrg/javascript/jquery_easy_ui/themes/icons/cance_new.png HTTP/1.1" 304 -
180.156.237.57 - - [25/Dec/2020:10:08:23 +0800] "GET /xingrg/javascript/jquery_easy_ui/themes/icons/ok.png HTTP/1.1" 304 -
180.156.237.57 - - [25/Dec/2020:10:08:23 +0800] "GET /xingrg/javascript/jquery_easy_ui/themes/icons/check_new.png HTTP/1.1" 304 -
180.156.237.57 - - [25/Dec/2020:10:08:23 +0800] "GET /xingrg/javascript/jquery_easy_ui/themes/icons/print.png HTTP/1.1" 304 -
180.156.237.57 - - [25/Dec/2020:10:08:23 +0800] "GET /xingrg/javascript/jquery_easy_ui/themes/icons/back_new.png HTTP/1.1" 304 -
180.156.237.57 - - [25/Dec/2020:10:08:23 +0800] "GET /xingrg/javascript/jquery_easy_ui/themes/default/images/menu_downarrow.png HTTP/1.1" 304 -
180.156.237.57 - - [25/Dec/2020:10:08:23 +0800] "GET /xingrg/javascript/jquery_easy_ui/themes/default/images/combo_arrow_dot.gif HTTP/1.1" 304 -
180.156.237.57 - - [25/Dec/2020:10:08:24 +0800] "GET /xingrg/javascript/easyui/themes/default/validatebox.css HTTP/1.1" 404 1104
180.156.237.57 - - [25/Dec/2020:10:08:24 +0800] "GET /xingrg/images/blue/button/kc_tab_add.gif HTTP/1.1" 304 -
180.156.237.57 - - [25/Dec/2020:10:08:24 +0800] "GET /xingrg/images/blue/button/kc_tab_edit.gif HTTP/1.1" 304 -
180.156.237.57 - - [25/Dec/2020:10:08:24 +0800] "GET /xingrg/images/blue/button/kc_tab_save.gif HTTP/1.1" 304 -
180.156.237.57 - - [25/Dec/2020:10:08:24 +0800] "GET /xingrg/images/blue/button/kc_tab_del.gif HTTP/1.1" 304 -
180.156.237.57 - - [25/Dec/2020:10:08:24 +0800] "GET /xingrg/images/blue/kc_tab_left.gif HTTP/1.1" 304 -
180.156.237.57 - - [25/Dec/2020:10:08:24 +0800] "GET /xingrg/images/blue/kc_tab_right.gif HTTP/1.1" 304 -
180.156.237.57 - - [25/Dec/2020:10:08:24 +0800] "GET /xingrg/images/blue/kc_tab2_right.gif HTTP/1.1" 304 -
180.156.237.57 - - [25/Dec/2020:10:08:24 +0800] "GET /xingrg/images/blue/kc_tab_mid.gif HTTP/1.1" 304 -
180.156.237.57 - - [25/Dec/2020:10:08:24 +0800] "GET /xingrg/images/blue/kc_tab2_left.gif HTTP/1.1" 304 -
180.156.237.57 - - [25/Dec/2020:10:08:24 +0800] "GET /xingrg/images/blue/wait.gif HTTP/1.1" 304 -
180.156.237.57 - - [25/Dec/2020:10:08:24 +0800] "POST /xingrg/dwr/call/plaincall/AjaxQqpsService.loadMaterielItems.dwr HTTP/1.1" 200 394
180.156.237.57 - - [25/Dec/2020:10:08:24 +0800] "POST /xingrg/kc/buy/cgsh_order_operate.html HTTP/1.1" 200 2978
172.17.0.109 - - [25/Dec/2020:10:08:25 +0800] "GET /xingrg/all/function/internal_message.html?_=1608862102132&CODE_STATE=getMsg HTTP/1.1" 200 27
172.17.0.109 - - [25/Dec/2020:10:08:25 +0800] "GET /xingrg/check_reg.html?_=1608862102134 HTTP/1.1" 200 22
180.157.253.48 - - [25/Dec/2020:10:08:25 +0800] "GET /xingrg/kc/buy/cgsh_order_operate.html?command=get_materiel&rest_code=00148&code=00101008302&supplier_code=00100007&order_time=2020-12-25 HTTP/1.1" 200 412
180.156.237.57 - - [25/Dec/2020:10:08:25 +0800] "GET /xingrg/kc/print/load_data.html?order_code=212020122509893&kc_code=cgsh&condition= HTTP/1.1" 200 1629
172.17.0.119 - - [25/Dec/2020:10:08:27 +0800] "GET /favicon.ico HTTP/1.1" 404 -
180.156.237.57 - - [25/Dec/2020:10:08:30 +0800] "POST /xingrg/kc/buy/cgsh_list_operate.html HTTP/1.1" 200 876
180.156.237.57 - - [25/Dec/2020:10:08:30 +0800] "GET /xingrg/all/function/internal_message.html?_=1608862115616&CODE_STATE=getMsg HTTP/1.1" 200 27
222.69.133.109 - - [25/Dec/2020:10:08:31 +0800] "GET /xingrg/kc/buy/cgsh_order_operate.html?command=get_materiel&rest_code=00154&code=00101008268&supplier_code=00100417&order_time=2020-12-25 HTTP/1.1" 200 408
180.156.237.57 - - [25/Dec/2020:10:08:31 +0800] "GET /xingrg/check_reg.html?_=1608862116445 HTTP/1.1" 200 22
180.157.253.48 - - [25/Dec/2020:10:08:35 +0800] "GET /xingrg/kc/buy/cgsh_order_operate.html?command=get_materiel&rest_code=00148&code=00101008027&supplier_code=00100007&order_time=2020-12-25 HTTP/1.1" 200 408
222.69.133.109 - - [25/Dec/2020:10:08:37 +0800] "GET /xingrg/all/function/internal_message.html?_=1608862116068&CODE_STATE=getMsg HTTP/1.1" 200 27
117.184.7.26 - - [25/Dec/2020:10:08:40 +0800] "POST /xingrg/login.do HTTP/1.1" 302 -
117.184.7.26 - - [25/Dec/2020:10:08:40 +0800] "GET /xingrg/index.html?sysBaseUrl=http%3A%2F%2F180.169.147.146%3A18081%2Fxingrg%2F&costTime=43×tamp=1608862120051 HTTP/1.1" 200 17179
117.184.7.26 - - [25/Dec/2020:10:08:40 +0800] "GET /favicon.ico HTTP/1.1" 404 -
117.184.7.26 - - [25/Dec/2020:10:08:41 +0800] "POST /xingrg/all/common/load_tree.html?tree=area_rest_tree_json&manage=1 HTTP/1.1" 200 470
180.152.104.37 - - [25/Dec/2020:10:08:41 +0800] "GET /xingrg/all/function/internal_message.html?_=1608862352729&CODE_STATE=getMsg HTTP/1.1" 200 27
117.184.7.26 - - [25/Dec/2020:10:08:41 +0800] "GET /xingrg/all/function/internal_message.html?_=1608862112530&CODE_STATE=count HTTP/1.1" 200 11
117.184.7.26 - - [25/Dec/2020:10:08:41 +0800] "GET /xingrg/check_reg.html?_=1608862112532 HTTP/1.1" 200 22
117.184.7.26 - - [25/Dec/2020:10:08:41 +0800] "POST /xingrg/load_menu.html HTTP/1.1" 200 5138
117.184.7.26 - - [25/Dec/2020:10:08:43 +0800] "GET /xingrg/javascript/jquery_easy_ui/themes/icons/ok.png HTTP/1.1" 304 -
180.157.253.48 - - [25/Dec/2020:10:08:43 +0800] "GET /xingrg/kc/buy/cgsh_order_operate.html?command=get_materiel&rest_code=00148&code=00101008257&supplier_code=00100007&order_time=2020-12-25 HTTP/1.1" 200 416
172.17.200.101 - - [25/Dec/2020:10:08:44 +0800] "GET /xingrg/all/function/internal_message.html?_=1608862125090&CODE_STATE=getMsg HTTP/1.1" 302 -
117.184.7.26 - - [25/Dec/2020:10:08:45 +0800] "POST /xingrg/all/user/operate.html HTTP/1.1" 200 36
117.184.7.26 - - [25/Dec/2020:10:08:45 +0800] "GET /xingrg/index.html?sysBaseUrl=http%3A%2F%2F180.169.147.146%3A18081%2Fxingrg%2F&costTime=43×tamp=1608862120051 HTTP/1.1" 200 17173
117.184.7.26 - - [25/Dec/2020:10:08:45 +0800] "GET /xingrg/javascript/jquery_easy_ui/themes/default/easyui.css HTTP/1.1" 304 -
117.184.7.26 - - [25/Dec/2020:10:08:45 +0800] "GET /xingrg/javascript/jquery_easy_ui/themes/icon.css HTTP/1.1" 304 -
117.184.7.26 - - [25/Dec/2020:10:08:45 +0800] "GET /xingrg/css/form.css HTTP/1.1" 304 -
117.184.7.26 - - [25/Dec/2020:10:08:45 +0800] "GET /xingrg/javascript/jquery-1.4.2.min.js HTTP/1.1" 304 -
117.184.7.26 - - [25/Dec/2020:10:08:45 +0800] "GET /xingrg/javascript/jquery_easy_ui/jquery.easyui.min.js HTTP/1.1" 304 -
117.184.7.26 - - [25/Dec/2020:10:08:45 +0800] "GET /xingrg/javascript/jquery_easy_ui/easyui-lang-zh_CN.js HTTP/1.1" 304 -
117.184.7.26 - - [25/Dec/2020:10:08:45 +0800] "GET /xingrg/javascript/jquery.form.js HTTP/1.1" 304 -
117.184.7.26 - - [25/Dec/2020:10:08:45 +0800] "GET /xingrg/javascript/jquery.utils.js HTTP/1.1" 304 -
117.184.7.26 - - [25/Dec/2020:10:08:45 +0800] "GET /xingrg/javascript/jquery.timers.js HTTP/1.1" 304 -
117.184.7.26 - - [25/Dec/2020:10:08:45 +0800] "GET /xingrg/images/blue/jxLogo.png HTTP/1.1" 304 -
117.184.7.26 - - [25/Dec/2020:10:08:45 +0800] "GET /xingrg/javascript/jquery_easy_ui/themes/icons/settle_new.png HTTP/1.1" 304 -
117.184.7.26 - - [25/Dec/2020:10:08:45 +0800] "GET /xingrg/images/blue/navBackgound.jpg HTTP/1.1" 304 -
117.184.7.26 - - [25/Dec/2020:10:08:45 +0800] "POST /xingrg/all/common/load_tree.html?tree=area_rest_tree_json&manage=1 HTTP/1.1" 200 470
117.184.7.26 - - [25/Dec/2020:10:08:45 +0800] "GET /xingrg/all/function/internal_message.html?_=1608862116750&CODE_STATE=count HTTP/1.1" 200 11
117.184.7.26 - - [25/Dec/2020:10:08:45 +0800] "POST /xingrg/load_menu.html HTTP/1.1" 200 5138
117.184.7.26 - - [25/Dec/2020:10:08:45 +0800] "GET /xingrg/javascript/jquery_easy_ui/themes/default/images/panel_tool_collapse.gif HTTP/1.1" 304 -
117.184.7.26 - - [25/Dec/2020:10:08:46 +0800] "GET /xingrg/images/blue/pingpu.png HTTP/1.1" 304 -
117.184.7.26 - - [25/Dec/2020:10:08:46 +0800] "GET /xingrg/javascript/jquery_easy_ui/themes/default/images/tabs_leftarrow.png HTTP/1.1" 304 -
117.184.7.26 - - [25/Dec/2020:10:08:46 +0800] "GET /xingrg/javascript/jquery_easy_ui/themes/default/images/tabs_rightarrow.png HTTP/1.1" 304 -
117.184.7.26 - - [25/Dec/2020:10:08:46 +0800] "GET /xingrg/check_reg.html?_=1608862116762 HTTP/1.1" 200 22
180.162.223.42 - - [25/Dec/2020:10:08:47 +0800] "GET /xingrg/all/function/internal_message.html?_=1608862126945&CODE_STATE=getMsg HTTP/1.1" 200 27
58.35.244.144 - - [25/Dec/2020:10:08:47 +0800] "GET /xingrg/all/function/internal_message.html?_=1608862271457&CODE_STATE=getMsg HTTP/1.1" 200 27
117.184.7.26 - - [25/Dec/2020:10:08:47 +0800] "GET /xingrg/kc/base/base_main.html HTTP/1.1" 200 12142
117.184.7.26 - - [25/Dec/2020:10:08:49 +0800] "GET /xingrg/kc/base/yddb_order_list.html HTTP/1.1" 200 16945
222.69.133.109 - - [25/Dec/2020:10:08:50 +0800] "GET /xingrg/kc/buy/cgsh_order_operate.html?command=get_materiel&rest_code=00154&code=00101008356&supplier_code=00100417&order_time=2020-12-25 HTTP/1.1" 200 408
117.184.7.26 - - [25/Dec/2020:10:08:51 +0800] "POST /xingrg/kc/base/yddb_list_operate.html HTTP/1.1" 200 636
117.184.7.26 - - [25/Dec/2020:10:08:54 +0800] "POST /xingrg/kc/base/yddb_list_operate.html HTTP/1.1" 200 4333
117.184.7.26 - - [25/Dec/2020:10:08:55 +0800] "POST /xingrg/kc/base/yddb_list_operate.html HTTP/1.1" 200 590
180.157.253.48 - - [25/Dec/2020:10:08:56 +0800] "GET /xingrg/kc/buy/cgsh_order_operate.html?command=get_materiel&rest_code=00148&code=00101008349&supplier_code=00100007&order_time=2020-12-25 HTTP/1.1" 200 412
180.156.237.57 - - [25/Dec/2020:10:08:57 +0800] "GET /xingrg/all/function/internal_message.html?_=1608862120977&CODE_STATE=getMsg HTTP/1.1" 200 27
58.35.244.144 - - [25/Dec/2020:10:08:58 +0800] "GET /xingrg/check_reg.html?_=1608862132890 HTTP/1.1" 200 22
117.184.7.26 - - [25/Dec/2020:10:08:58 +0800] "GET /xingrg/kc/base/yddb_order_info.html?code=482020122500191 HTTP/1.1" 200 31282
