180.152.104.37 - - [25/Dec/2020:08:34:35 +0800] "GET /xingrg/dwr/engine.js HTTP/1.1" 200 43631
180.152.104.37 - - [25/Dec/2020:08:34:35 +0800] "GET /xingrg/words/20201224164401_words.js HTTP/1.1" 304 -
180.152.104.37 - - [25/Dec/2020:08:34:36 +0800] "GET /xingrg/javascript/jquery_easy_ui/themes/icons/template_new.png HTTP/1.1" 304 -
180.152.104.37 - - [25/Dec/2020:08:34:36 +0800] "GET /xingrg/javascript/jquery_easy_ui/themes/icons/copy_new.png HTTP/1.1" 304 -
180.152.104.37 - - [25/Dec/2020:08:34:36 +0800] "GET /xingrg/javascript/jquery_easy_ui/themes/icons/ok.png HTTP/1.1" 304 -
180.152.104.37 - - [25/Dec/2020:08:34:36 +0800] "GET /xingrg/javascript/jquery_easy_ui/themes/icons/print.png HTTP/1.1" 304 -
180.152.104.37 - - [25/Dec/2020:08:34:36 +0800] "GET /xingrg/javascript/jquery_easy_ui/themes/default/images/menu_downarrow.png HTTP/1.1" 304 -
180.152.104.37 - - [25/Dec/2020:08:34:36 +0800] "GET /xingrg/javascript/jquery_easy_ui/themes/icons/back_new.png HTTP/1.1" 304 -
180.152.104.37 - - [25/Dec/2020:08:34:36 +0800] "GET /xingrg/javascript/jquery_easy_ui/themes/default/images/combo_arrow_dot.gif HTTP/1.1" 304 -
180.152.104.37 - - [25/Dec/2020:08:34:36 +0800] "GET /xingrg/images/blue/button/kc_tab_add.gif HTTP/1.1" 304 -
180.152.104.37 - - [25/Dec/2020:08:34:36 +0800] "GET /xingrg/images/blue/button/kc_tab_edit.gif HTTP/1.1" 304 -
180.152.104.37 - - [25/Dec/2020:08:34:36 +0800] "GET /xingrg/images/blue/button/kc_tab_save.gif HTTP/1.1" 304 -
180.152.104.37 - - [25/Dec/2020:08:34:36 +0800] "GET /xingrg/images/blue/button/kc_tab_del.gif HTTP/1.1" 304 -
180.152.104.37 - - [25/Dec/2020:08:34:36 +0800] "GET /xingrg/images/blue/kc_tab_left.gif HTTP/1.1" 304 -
180.152.104.37 - - [25/Dec/2020:08:34:36 +0800] "GET /xingrg/images/blue/kc_tab_mid.gif HTTP/1.1" 304 -
180.152.104.37 - - [25/Dec/2020:08:34:36 +0800] "GET /xingrg/images/blue/kc_tab_right.gif HTTP/1.1" 304 -
180.152.104.37 - - [25/Dec/2020:08:34:36 +0800] "GET /xingrg/images/blue/kc_tab2_left.gif HTTP/1.1" 304 -
180.152.104.37 - - [25/Dec/2020:08:34:36 +0800] "GET /xingrg/images/blue/kc_tab2_right.gif HTTP/1.1" 304 -
180.152.104.37 - - [25/Dec/2020:08:34:36 +0800] "GET /xingrg/images/blue/wait.gif HTTP/1.1" 304 -
180.152.104.37 - - [25/Dec/2020:08:34:36 +0800] "POST /xingrg/dwr/call/plaincall/AjaxQqpsService.loadMaterielItems.dwr HTTP/1.1" 200 76
180.152.104.37 - - [25/Dec/2020:08:34:39 +0800] "GET /xingrg/javascript/jquery_easy_ui/themes/default/images/button_plain_hover.png HTTP/1.1" 304 -
180.152.104.37 - - [25/Dec/2020:08:34:39 +0800] "GET /xingrg/kc/mdqp/qqps_order_list.html?isBack=1 HTTP/1.1" 200 9651
180.152.104.37 - - [25/Dec/2020:08:34:39 +0800] "GET /xingrg/dwr/interface/AjaxQqpsService.js HTTP/1.1" 200 16326
180.152.104.37 - - [25/Dec/2020:08:34:39 +0800] "GET /xingrg/dwr/interface/AjaxReportQueryService.js HTTP/1.1" 200 13203
180.152.104.37 - - [25/Dec/2020:08:34:40 +0800] "GET /xingrg/dwr/engine.js HTTP/1.1" 200 43631
172.17.0.123 - - [25/Dec/2020:08:34:41 +0800] "GET /xingrg/all/function/internal_message.html?_=1608856391808&CODE_STATE=getMsg HTTP/1.1" 200 27
172.17.0.123 - - [25/Dec/2020:08:34:41 +0800] "GET /xingrg/check_reg.html?_=1608856391809 HTTP/1.1" 200 22
180.162.223.42 - - [25/Dec/2020:08:34:44 +0800] "GET /xingrg/kc/base/wldb_order_list.html HTTP/1.1" 200 19339
180.152.104.37 - - [25/Dec/2020:08:34:45 +0800] "GET /xingrg/kc/mdqp/qqps_order_list.html?isQuery=1&timeSelect=1&orderTime=day&startTime=2020-12-24&endTime=2020-12-24&state=all&query=%C8%B7++%B6%A8 HTTP/1.1" 200 11772
180.152.104.37 - - [25/Dec/2020:08:34:45 +0800] "GET /xingrg/dwr/interface/AjaxReportQueryService.js HTTP/1.1" 200 13203
180.162.223.42 - - [25/Dec/2020:08:34:45 +0800] "POST /xingrg/kc/base/wldb_list_operate.html HTTP/1.1" 200 928
180.152.104.37 - - [25/Dec/2020:08:34:45 +0800] "GET /xingrg/dwr/interface/AjaxQqpsService.js HTTP/1.1" 200 16326
180.152.104.37 - - [25/Dec/2020:08:34:45 +0800] "GET /xingrg/dwr/engine.js HTTP/1.1" 200 43631
180.162.223.42 - - [25/Dec/2020:08:34:46 +0800] "GET /xingrg/kc/base/wldb_order_add.html HTTP/1.1" 200 30508
180.162.223.42 - - [25/Dec/2020:08:34:46 +0800] "GET /xingrg/all/common/auto_word.html?type=base&rest_code=00105 HTTP/1.1" 200 1811
180.162.223.42 - - [25/Dec/2020:08:34:46 +0800] "GET /xingrg/all/common/auto_word.html?type=base&rest_code=00105 HTTP/1.1" 200 1811
180.162.223.42 - - [25/Dec/2020:08:34:46 +0800] "GET /xingrg/javascript/easyui/themes/default/validatebox.css HTTP/1.1" 404 1104
180.162.223.42 - - [25/Dec/2020:08:34:46 +0800] "GET /xingrg/all/function/internal_message.html?_=1608856486839&CODE_STATE=getMsg HTTP/1.1" 200 27
180.162.223.42 - - [25/Dec/2020:08:34:46 +0800] "POST /xingrg/kc/base/wldb_order_operate.html HTTP/1.1" 200 6806
180.152.104.37 - - [25/Dec/2020:08:34:47 +0800] "GET /xingrg/kc/mdqp/qqps_order_info.html?code=302020122400546 HTTP/1.1" 200 26468
180.152.104.37 - - [25/Dec/2020:08:34:47 +0800] "GET /xingrg/dwr/interface/AjaxQqpsService.js HTTP/1.1" 200 16326
180.152.104.37 - - [25/Dec/2020:08:34:47 +0800] "GET /xingrg/dwr/interface/AjaxComOrderService.js HTTP/1.1" 200 18264
180.152.104.37 - - [25/Dec/2020:08:34:47 +0800] "GET /xingrg/dwr/engine.js HTTP/1.1" 200 43631
180.162.223.42 - - [25/Dec/2020:08:34:48 +0800] "POST /xingrg/all/common/load_combo.html?type=base HTTP/1.1" 200 3236
180.152.104.37 - - [25/Dec/2020:08:34:49 +0800] "POST /xingrg/dwr/call/plaincall/AjaxQqpsService.loadMaterielItems.dwr HTTP/1.1" 200 10215
180.152.104.37 - - [25/Dec/2020:08:34:52 +0800] "GET /xingrg/kc/mdqp/qqps_order_list.html?isBack=1 HTTP/1.1" 302 -
180.152.104.37 - - [25/Dec/2020:08:34:52 +0800] "GET /xingrg/kc/mdqp/qqps_order_list.html?isQuery=1&timeSelect=1&orderTime=day&startTime=2020-12-24&endTime=2020-12-24&state=all&query=%C8%B7++%B6%A8 HTTP/1.1" 200 11772
180.152.104.37 - - [25/Dec/2020:08:34:52 +0800] "GET /xingrg/dwr/interface/AjaxQqpsService.js HTTP/1.1" 200 16326
180.152.104.37 - - [25/Dec/2020:08:34:52 +0800] "GET /xingrg/dwr/interface/AjaxReportQueryService.js HTTP/1.1" 200 13203
180.152.104.37 - - [25/Dec/2020:08:34:52 +0800] "GET /xingrg/javascript/jquery_easy_ui/themes/icons/area.png HTTP/1.1" 304 -
180.152.104.37 - - [25/Dec/2020:08:34:52 +0800] "GET /xingrg/javascript/jquery_easy_ui/themes/icons/rest.png HTTP/1.1" 304 -
180.152.104.37 - - [25/Dec/2020:08:34:53 +0800] "GET /xingrg/dwr/engine.js HTTP/1.1" 200 43631
180.162.223.42 - - [25/Dec/2020:08:34:53 +0800] "GET /xingrg/kc/base/wldb_order_operate.html?command=get_materiel&rest_code=00105&base_code=0010508&code=00102002610 HTTP/1.1" 200 431
180.152.104.37 - - [25/Dec/2020:08:34:54 +0800] "GET /xingrg/kc/mdqp/qqps_order_info.html?code=302020122400545 HTTP/1.1" 200 26468
180.152.104.37 - - [25/Dec/2020:08:34:54 +0800] "GET /xingrg/dwr/interface/AjaxQqpsService.js HTTP/1.1" 200 16326
180.152.104.37 - - [25/Dec/2020:08:34:54 +0800] "GET /xingrg/dwr/interface/AjaxComOrderService.js HTTP/1.1" 200 18264
180.152.104.37 - - [25/Dec/2020:08:34:54 +0800] "GET /xingrg/dwr/engine.js HTTP/1.1" 200 43631
180.152.104.37 - - [25/Dec/2020:08:34:55 +0800] "POST /xingrg/dwr/call/plaincall/AjaxQqpsService.loadMaterielItems.dwr HTTP/1.1" 200 362
180.156.237.57 - - [25/Dec/2020:08:34:57 +0800] "GET /xingrg/all/function/internal_message.html?_=1608856481112&CODE_STATE=getMsg HTTP/1.1" 200 27
180.152.104.37 - - [25/Dec/2020:08:34:58 +0800] "GET /xingrg/kc/mdqp/qqps_order_list.html?isBack=1 HTTP/1.1" 302 -
180.152.104.37 - - [25/Dec/2020:08:34:58 +0800] "GET /xingrg/kc/mdqp/qqps_order_list.html?isQuery=1&timeSelect=1&orderTime=day&startTime=2020-12-24&endTime=2020-12-24&state=all&query=%C8%B7++%B6%A8 HTTP/1.1" 200 11772
180.152.104.37 - - [25/Dec/2020:08:34:58 +0800] "GET /xingrg/dwr/interface/AjaxQqpsService.js HTTP/1.1" 200 16326
180.152.104.37 - - [25/Dec/2020:08:34:58 +0800] "GET /xingrg/dwr/interface/AjaxReportQueryService.js HTTP/1.1" 200 13203
180.152.104.37 - - [25/Dec/2020:08:34:58 +0800] "GET /xingrg/dwr/engine.js HTTP/1.1" 200 43631
180.152.104.37 - - [25/Dec/2020:08:34:58 +0800] "GET /xingrg/all/function/internal_message.html?_=1608856729782&CODE_STATE=getMsg HTTP/1.1" 200 27
180.152.104.37 - - [25/Dec/2020:08:35:00 +0800] "GET /xingrg/kc/mdqp/qqps_order_info.html?code=302020122400544 HTTP/1.1" 200 26468
180.152.104.37 - - [25/Dec/2020:08:35:00 +0800] "GET /xingrg/dwr/interface/AjaxComOrderService.js HTTP/1.1" 200 18264
180.152.104.37 - - [25/Dec/2020:08:35:00 +0800] "GET /xingrg/dwr/interface/AjaxQqpsService.js HTTP/1.1" 200 16326
180.152.104.37 - - [25/Dec/2020:08:35:00 +0800] "GET /xingrg/dwr/engine.js HTTP/1.1" 200 43631
180.156.237.57 - - [25/Dec/2020:08:35:00 +0800] "GET /xingrg/all/function/internal_message.html?_=1608856504985&CODE_STATE=getMsg HTTP/1.1" 200 27
180.152.104.37 - - [25/Dec/2020:08:35:01 +0800] "POST /xingrg/dwr/call/plaincall/AjaxQqpsService.loadMaterielItems.dwr HTTP/1.1" 200 381
180.152.104.37 - - [25/Dec/2020:08:35:02 +0800] "GET /xingrg/kc/mdqp/qqps_order_list.html?isBack=1 HTTP/1.1" 302 -
180.152.104.37 - - [25/Dec/2020:08:35:02 +0800] "GET /xingrg/kc/mdqp/qqps_order_list.html?isQuery=1&timeSelect=1&orderTime=day&startTime=2020-12-24&endTime=2020-12-24&state=all&query=%C8%B7++%B6%A8 HTTP/1.1" 200 11772
180.152.104.37 - - [25/Dec/2020:08:35:02 +0800] "GET /xingrg/dwr/interface/AjaxReportQueryService.js HTTP/1.1" 200 13203
180.152.104.37 - - [25/Dec/2020:08:35:02 +0800] "GET /xingrg/dwr/interface/AjaxQqpsService.js HTTP/1.1" 200 16326
180.152.104.37 - - [25/Dec/2020:08:35:03 +0800] "GET /xingrg/dwr/engine.js HTTP/1.1" 200 43631
180.152.104.37 - - [25/Dec/2020:08:35:05 +0800] "GET /xingrg/kc/mdqp/qqps_order_info.html?code=302020122400544 HTTP/1.1" 200 26468
180.152.104.37 - - [25/Dec/2020:08:35:05 +0800] "GET /xingrg/dwr/interface/AjaxComOrderService.js HTTP/1.1" 200 18264
180.152.104.37 - - [25/Dec/2020:08:35:05 +0800] "GET /xingrg/dwr/interface/AjaxQqpsService.js HTTP/1.1" 200 16326
180.152.104.37 - - [25/Dec/2020:08:35:05 +0800] "GET /xingrg/dwr/engine.js HTTP/1.1" 200 43631
120.253.135.82 - - [25/Dec/2020:08:35:05 +0800] "GET /xingrg/check_reg.html?_=1608856617403 HTTP/1.1" 200 22
180.152.104.37 - - [25/Dec/2020:08:35:05 +0800] "POST /xingrg/dwr/call/plaincall/AjaxQqpsService.loadMaterielItems.dwr HTTP/1.1" 200 381
180.152.104.37 - - [25/Dec/2020:08:35:07 +0800] "GET /xingrg/kc/mdqp/qqps_order_list.html?isBack=1 HTTP/1.1" 302 -
180.152.104.37 - - [25/Dec/2020:08:35:07 +0800] "GET /xingrg/kc/mdqp/qqps_order_list.html?isQuery=1&timeSelect=1&orderTime=day&startTime=2020-12-24&endTime=2020-12-24&state=all&query=%C8%B7++%B6%A8 HTTP/1.1" 200 11772
180.152.104.37 - - [25/Dec/2020:08:35:07 +0800] "GET /xingrg/dwr/interface/AjaxReportQueryService.js HTTP/1.1" 200 13203
180.152.104.37 - - [25/Dec/2020:08:35:07 +0800] "GET /xingrg/dwr/interface/AjaxQqpsService.js HTTP/1.1" 200 16326
180.152.104.37 - - [25/Dec/2020:08:35:07 +0800] "GET /xingrg/dwr/engine.js HTTP/1.1" 200 43631
180.152.104.37 - - [25/Dec/2020:08:35:09 +0800] "GET /xingrg/kc/mdqp/qqps_order_info.html?code=302020122400543 HTTP/1.1" 200 26468
180.152.104.37 - - [25/Dec/2020:08:35:09 +0800] "GET /xingrg/dwr/interface/AjaxComOrderService.js HTTP/1.1" 200 18264
180.152.104.37 - - [25/Dec/2020:08:35:09 +0800] "GET /xingrg/dwr/interface/AjaxQqpsService.js HTTP/1.1" 200 16326
180.152.104.37 - - [25/Dec/2020:08:35:09 +0800] "GET /xingrg/dwr/engine.js HTTP/1.1" 200 43631
180.152.104.37 - - [25/Dec/2020:08:35:10 +0800] "POST /xingrg/dwr/call/plaincall/AjaxQqpsService.loadMaterielItems.dwr HTTP/1.1" 200 346
180.152.104.37 - - [25/Dec/2020:08:35:12 +0800] "GET /xingrg/kc/mdqp/qqps_order_list.html?isBack=1 HTTP/1.1" 302 -
180.152.104.37 - - [25/Dec/2020:08:35:12 +0800] "GET /xingrg/kc/mdqp/qqps_order_list.html?isQuery=1&timeSelect=1&orderTime=day&startTime=2020-12-24&endTime=2020-12-24&state=all&query=%C8%B7++%B6%A8 HTTP/1.1" 200 11772
180.152.104.37 - - [25/Dec/2020:08:35:12 +0800] "GET /xingrg/dwr/interface/AjaxReportQueryService.js HTTP/1.1" 200 13203
180.152.104.37 - - [25/Dec/2020:08:35:12 +0800] "GET /xingrg/dwr/interface/AjaxQqpsService.js HTTP/1.1" 200 16326
180.152.104.37 - - [25/Dec/2020:08:35:12 +0800] "GET /xingrg/dwr/engine.js HTTP/1.1" 200 43631
180.152.104.37 - - [25/Dec/2020:08:35:14 +0800] "GET /xingrg/kc/mdqp/qqps_order_info.html?code=302020122400542 HTTP/1.1" 200 26468
180.152.104.37 - - [25/Dec/2020:08:35:14 +0800] "GET /xingrg/dwr/interface/AjaxComOrderService.js HTTP/1.1" 200 18264
180.152.104.37 - - [25/Dec/2020:08:35:14 +0800] "GET /xingrg/dwr/interface/AjaxQqpsService.js HTTP/1.1" 200 16326
180.152.104.37 - - [25/Dec/2020:08:35:14 +0800] "GET /xingrg/dwr/engine.js HTTP/1.1" 200 43631
180.152.104.37 - - [25/Dec/2020:08:35:15 +0800] "POST /xingrg/dwr/call/plaincall/AjaxQqpsService.loadMaterielItems.dwr HTTP/1.1" 200 758
58.37.230.33 - - [25/Dec/2020:08:35:15 +0800] "GET /xingrg/all/function/internal_message.html?_=1608856550588&CODE_STATE=getMsg HTTP/1.1" 200 27
180.152.104.37 - - [25/Dec/2020:08:35:18 +0800] "GET /xingrg/javascript/jquery_easy_ui/themes/default/images/tabs_active.png HTTP/1.1" 304 -
120.253.135.82 - - [25/Dec/2020:08:35:20 +0800] "GET /xingrg/all/function/internal_message.html?_=1608856632388&CODE_STATE=getMsg HTTP/1.1" 200 27
101.228.166.101 - - [25/Dec/2020:08:35:24 +0800] "GET /xingrg/all/function/internal_message.html?_=1608856536480&CODE_STATE=getMsg HTTP/1.1" 200 27
172.17.0.109 - - [25/Dec/2020:08:35:25 +0800] "GET /xingrg/all/function/internal_message.html?_=1608856522007&CODE_STATE=getMsg HTTP/1.1" 200 27
58.37.230.33 - - [25/Dec/2020:08:35:38 +0800] "GET /xingrg/check_reg.html?_=1608856573614 HTTP/1.1" 200 22
172.17.0.123 - - [25/Dec/2020:08:35:41 +0800] "GET /xingrg/all/function/internal_message.html?_=1608856451810&CODE_STATE=getMsg HTTP/1.1" 200 27
180.162.223.42 - - [25/Dec/2020:08:35:46 +0800] "GET /xingrg/all/function/internal_message.html?_=1608856546808&CODE_STATE=getMsg HTTP/1.1" 200 27
180.156.237.57 - - [25/Dec/2020:08:35:57 +0800] "GET /xingrg/all/function/internal_message.html?_=1608856541117&CODE_STATE=getMsg HTTP/1.1" 200 27
180.152.104.37 - - [25/Dec/2020:08:35:58 +0800] "GET /xingrg/all/function/internal_message.html?_=1608856789831&CODE_STATE=getMsg HTTP/1.1" 200 27
180.156.237.57 - - [25/Dec/2020:08:36:00 +0800] "GET /xingrg/all/function/internal_message.html?_=1608856565012&CODE_STATE=getMsg HTTP/1.1" 200 27
180.162.223.42 - - [25/Dec/2020:08:36:05 +0800] "POST /xingrg/kc/base/wldb_list_operate.html HTTP/1.1" 200 5662
180.162.223.42 - - [25/Dec/2020:08:36:08 +0800] "POST /xingrg/kc/base/wldb_list_operate.html HTTP/1.1" 200 369
222.69.135.254 - - [25/Dec/2020:08:36:14 +0800] "GET /xingrg/index.html?sysBaseUrl=http%3A%2F%2F180.169.147.146%3A18081%2Fxingrg%2F&costTime=52×tamp=1591679117969 HTTP/1.1" 302 -
222.69.135.254 - - [25/Dec/2020:08:36:14 +0800] "GET /xingrg/login.html HTTP/1.1" 200 7641
222.69.135.254 - - [25/Dec/2020:08:36:14 +0800] "GET /favicon.ico HTTP/1.1" 404 -
58.37.230.33 - - [25/Dec/2020:08:36:15 +0800] "GET /xingrg/all/function/internal_message.html?_=1608856610568&CODE_STATE=getMsg HTTP/1.1" 200 27
180.162.223.42 - - [25/Dec/2020:08:36:16 +0800] "POST /xingrg/kc/base/wldb_list_operate.html HTTP/1.1" 200 368
222.69.135.254 - - [25/Dec/2020:08:36:17 +0800] "POST /xingrg/login.do HTTP/1.1" 302 -
222.69.135.254 - - [25/Dec/2020:08:36:17 +0800] "GET /xingrg/index.html?sysBaseUrl=http%3A%2F%2F180.169.147.146%3A18081%2Fxingrg%2F&costTime=51×tamp=1608856577027 HTTP/1.1" 200 17179
222.69.135.254 - - [25/Dec/2020:08:36:17 +0800] "GET /favicon.ico HTTP/1.1" 404 -
222.69.135.254 - - [25/Dec/2020:08:36:17 +0800] "POST /xingrg/all/common/load_tree.html?tree=area_rest_tree_json&manage=1 HTTP/1.1" 200 351
222.69.135.254 - - [25/Dec/2020:08:36:17 +0800] "GET /xingrg/all/function/internal_message.html?_=1608856571014&CODE_STATE=count HTTP/1.1" 200 11
222.69.135.254 - - [25/Dec/2020:08:36:17 +0800] "GET /xingrg/check_reg.html?_=1608856571016 HTTP/1.1" 200 22
222.69.135.254 - - [25/Dec/2020:08:36:17 +0800] "POST /xingrg/load_menu.html HTTP/1.1" 200 5138
120.253.135.82 - - [25/Dec/2020:08:36:20 +0800] "GET /xingrg/all/function/internal_message.html?_=1608856692402&CODE_STATE=getMsg HTTP/1.1" 200 27
180.162.223.42 - - [25/Dec/2020:08:36:22 +0800] "POST /xingrg/kc/base/wldb_list_operate.html HTTP/1.1" 200 590
101.228.166.101 - - [25/Dec/2020:08:36:24 +0800] "GET /xingrg/all/function/internal_message.html?_=1608856596491&CODE_STATE=getMsg HTTP/1.1" 200 27
172.17.0.109 - - [25/Dec/2020:08:36:25 +0800] "GET /xingrg/all/function/internal_message.html?_=1608856582009&CODE_STATE=getMsg HTTP/1.1" 200 27
180.162.223.42 - - [25/Dec/2020:08:36:26 +0800] "GET /xingrg/kc/base/wldb_order_info.html?code=422020122402770 HTTP/1.1" 200 26387
180.162.223.42 - - [25/Dec/2020:08:36:27 +0800] "GET /xingrg/javascript/easyui/themes/default/validatebox.css HTTP/1.1" 404 1104
180.162.223.42 - - [25/Dec/2020:08:36:27 +0800] "POST /xingrg/kc/base/wldb_order_operate.html HTTP/1.1" 200 3304
222.69.135.254 - - [25/Dec/2020:08:36:36 +0800] "GET /xingrg/kc/buy/cgsh_order_list.html HTTP/1.1" 200 45480
180.162.223.42 - - [25/Dec/2020:08:36:36 +0800] "POST /xingrg/kc/base/wldb_list_operate.html HTTP/1.1" 200 3611
222.69.135.254 - - [25/Dec/2020:08:36:38 +0800] "POST /xingrg/kc/buy/cgsh_list_operate.html HTTP/1.1" 200 2040
180.162.223.42 - - [25/Dec/2020:08:36:39 +0800] "POST /xingrg/kc/base/wldb_list_operate.html HTTP/1.1" 200 274
222.69.135.254 - - [25/Dec/2020:08:36:41 +0800] "POST /xingrg/kc/buy/cgsh_list_operate.html HTTP/1.1" 200 418
172.17.0.123 - - [25/Dec/2020:08:36:41 +0800] "GET /xingrg/all/function/internal_message.html?_=1608856511812&CODE_STATE=getMsg HTTP/1.1" 200 27
222.69.135.254 - - [25/Dec/2020:08:36:41 +0800] "GET /xingrg/kc/buy/cgsh_order_info.html?code=212020122409430 HTTP/1.1" 200 61273
222.69.135.254 - - [25/Dec/2020:08:36:42 +0800] "GET /xingrg/words/20201224164401_words.js HTTP/1.1" 200 782252
222.69.135.254 - - [25/Dec/2020:08:36:42 +0800] "GET /xingrg/all/common/auto_word.html?type=employee&rest_code=00149 HTTP/1.1" 200 197
222.69.135.254 - - [25/Dec/2020:08:36:42 +0800] "GET /xingrg/all/common/auto_word.html?type=employee&rest_code=00149 HTTP/1.1" 200 197
222.69.135.254 - - [25/Dec/2020:08:36:42 +0800] "GET /xingrg/javascript/easyui/themes/default/validatebox.css HTTP/1.1" 404 1104
222.69.135.254 - - [25/Dec/2020:08:36:42 +0800] "POST /xingrg/kc/buy/cgsh_order_operate.html HTTP/1.1" 200 4432
222.69.135.254 - - [25/Dec/2020:08:36:45 +0800] "GET /xingrg/javascript/auto/indicator.gif HTTP/1.1" 404 1066
222.69.135.254 - - [25/Dec/2020:08:36:46 +0800] "GET /xingrg/javascript/jquery_tools/images/prev.gif HTTP/1.1" 404 1086
222.69.135.254 - - [25/Dec/2020:08:36:46 +0800] "GET /xingrg/javascript/jquery_tools/images/next.gif HTTP/1.1" 404 1086
180.162.223.42 - - [25/Dec/2020:08:36:46 +0800] "GET /xingrg/all/function/internal_message.html?_=1608856606793&CODE_STATE=getMsg HTTP/1.1" 200 27
180.162.223.42 - - [25/Dec/2020:08:36:48 +0800] "GET /xingrg/kc/mdqp/qqps_order_list.html HTTP/1.1" 200 9222
180.162.223.42 - - [25/Dec/2020:08:36:48 +0800] "GET /xingrg/dwr/util.js HTTP/1.1" 304 -
180.162.223.42 - - [25/Dec/2020:08:36:48 +0800] "GET /xingrg/dwr/interface/AjaxReportQueryService.js HTTP/1.1" 200 13203
180.162.223.42 - - [25/Dec/2020:08:36:49 +0800] "GET /xingrg/dwr/interface/AjaxQqpsService.js HTTP/1.1" 200 16326
180.162.223.42 - - [25/Dec/2020:08:36:49 +0800] "GET /xingrg/dwr/engine.js HTTP/1.1" 200 43631
222.69.135.254 - - [25/Dec/2020:08:36:55 +0800] "POST /xingrg/kc/buy/cgsh_order_operate.html HTTP/1.1" 200 37
180.156.237.57 - - [25/Dec/2020:08:36:57 +0800] "GET /xingrg/all/function/internal_message.html?_=1608856601140&CODE_STATE=getMsg HTTP/1.1" 200 27
222.69.135.254 - - [25/Dec/2020:08:36:58 +0800] "POST /xingrg/kc/buy/cgsh_order_operate.html HTTP/1.1" 200 12
180.152.104.37 - - [25/Dec/2020:08:36:58 +0800] "GET /xingrg/check_reg.html?_=1608856849752 HTTP/1.1" 200 22
180.152.104.37 - - [25/Dec/2020:08:36:58 +0800] "GET /xingrg/all/function/internal_message.html?_=1608856849840&CODE_STATE=getMsg HTTP/1.1" 200 27
222.69.135.254 - - [25/Dec/2020:08:36:59 +0800] "GET /xingrg/kc/buy/cgsh_order_info.html?code=212020122409430 HTTP/1.1" 200 56165
222.69.135.254 - - [25/Dec/2020:08:37:00 +0800] "GET /xingrg/javascript/easyui/themes/default/validatebox.css HTTP/1.1" 404 1104
180.156.237.57 - - [25/Dec/2020:08:37:00 +0800] "GET /xingrg/all/function/internal_message.html?_=1608856625012&CODE_STATE=getMsg HTTP/1.1" 200 27
180.156.237.57 - - [25/Dec/2020:08:37:00 +0800] "GET /xingrg/check_reg.html?_=1608856625015 HTTP/1.1" 200 22
222.69.135.254 - - [25/Dec/2020:08:37:00 +0800] "POST /xingrg/kc/buy/cgsh_order_operate.html HTTP/1.1" 200 2382
222.69.135.254 - - [25/Dec/2020:08:37:03 +0800] "POST /xingrg/kc/buy/cgsh_list_operate.html HTTP/1.1" 200 592
222.69.135.254 - - [25/Dec/2020:08:37:03 +0800] "GET /xingrg/kc/buy/cgsh_order_info.html?code=212020122409627 HTTP/1.1" 200 61265
222.69.135.254 - - [25/Dec/2020:08:37:04 +0800] "GET /xingrg/javascript/easyui/themes/default/validatebox.css HTTP/1.1" 404 1104
222.69.135.254 - - [25/Dec/2020:08:37:04 +0800] "POST /xingrg/kc/buy/cgsh_order_operate.html HTTP/1.1" 200 5640
222.69.135.254 - - [25/Dec/2020:08:37:04 +0800] "POST /xingrg/kc/buy/cgsh_list_operate.html HTTP/1.1" 200 1678
222.69.135.254 - - [25/Dec/2020:08:37:13 +0800] "POST /xingrg/kc/buy/cgsh_order_operate.html HTTP/1.1" 200 37
58.37.230.33 - - [25/Dec/2020:08:37:15 +0800] "GET /xingrg/all/function/internal_message.html?_=1608856670545&CODE_STATE=getMsg HTTP/1.1" 200 27
222.69.135.254 - - [25/Dec/2020:08:37:15 +0800] "POST /xingrg/kc/buy/cgsh_order_operate.html HTTP/1.1" 200 12
222.69.135.254 - - [25/Dec/2020:08:37:17 +0800] "GET /xingrg/kc/buy/cgsh_order_info.html?code=212020122409627 HTTP/1.1" 200 56159
222.69.135.254 - - [25/Dec/2020:08:37:17 +0800] "GET /xingrg/javascript/easyui/themes/default/validatebox.css HTTP/1.1" 404 1104
222.69.135.254 - - [25/Dec/2020:08:37:17 +0800] "GET /xingrg/all/function/internal_message.html?_=1608856631023&CODE_STATE=getMsg HTTP/1.1" 200 27
222.69.135.254 - - [25/Dec/2020:08:37:17 +0800] "POST /xingrg/kc/buy/cgsh_order_operate.html HTTP/1.1" 200 3591
120.253.135.82 - - [25/Dec/2020:08:37:20 +0800] "GET /xingrg/all/function/internal_message.html?_=1608856752429&CODE_STATE=getMsg HTTP/1.1" 200 27
101.228.166.101 - - [25/Dec/2020:08:37:24 +0800] "GET /xingrg/all/function/internal_message.html?_=1608856657073&CODE_STATE=getMsg HTTP/1.1" 200 27
172.17.0.109 - - [25/Dec/2020:08:37:25 +0800] "GET /xingrg/all/function/internal_message.html?_=1608856642008&CODE_STATE=getMsg HTTP/1.1" 200 27
222.69.135.254 - - [25/Dec/2020:08:37:38 +0800] "POST /xingrg/kc/buy/cgsh_list_operate.html HTTP/1.1" 200 876
172.17.0.123 - - [25/Dec/2020:08:37:41 +0800] "GET /xingrg/all/function/internal_message.html?_=1608856571815&CODE_STATE=getMsg HTTP/1.1" 200 27
222.69.135.254 - - [25/Dec/2020:08:37:42 +0800] "POST /xingrg/kc/buy/cgsh_list_operate.html HTTP/1.1" 200 5893
180.162.223.42 - - [25/Dec/2020:08:37:46 +0800] "GET /xingrg/all/function/internal_message.html?_=1608856666798&CODE_STATE=getMsg HTTP/1.1" 200 27
180.162.223.42 - - [25/Dec/2020:08:37:46 +0800] "GET /xingrg/check_reg.html?_=1608856666794 HTTP/1.1" 200 22
222.69.135.254 - - [25/Dec/2020:08:37:48 +0800] "POST /xingrg/kc/buy/cgsh_list_operate.html HTTP/1.1" 200 6001
180.156.237.57 - - [25/Dec/2020:08:37:48 +0800] "GET /xingrg/check_reg.html?_=1608856652121 HTTP/1.1" 200 22
222.69.135.254 - - [25/Dec/2020:08:37:55 +0800] "POST /xingrg/kc/buy/cgsh_list_operate.html HTTP/1.1" 200 6010
180.156.237.57 - - [25/Dec/2020:08:37:57 +0800] "GET /xingrg/all/function/internal_message.html?_=1608856661144&CODE_STATE=getMsg HTTP/1.1" 200 27
180.152.104.37 - - [25/Dec/2020:08:37:58 +0800] "GET /xingrg/all/function/internal_message.html?_=1608856909855&CODE_STATE=getMsg HTTP/1.1" 200 27
180.156.237.57 - - [25/Dec/2020:08:38:00 +0800] "GET /xingrg/all/function/internal_message.html?_=1608856685017&CODE_STATE=getMsg HTTP/1.1" 200 27
222.69.135.254 - - [25/Dec/2020:08:38:02 +0800] "POST /xingrg/kc/buy/cgsh_list_operate.html HTTP/1.1" 200 5976
222.69.135.254 - - [25/Dec/2020:08:38:09 +0800] "POST /xingrg/kc/buy/cgsh_list_operate.html HTTP/1.1" 200 876
222.69.135.254 - - [25/Dec/2020:08:38:11 +0800] "GET /xingrg/kc/buy/cgsh_order_add.html HTTP/1.1" 200 61264
222.69.135.254 - - [25/Dec/2020:08:38:11 +0800] "POST /xingrg/kc/buy/cgsh_order_operate.html HTTP/1.1" 200 8245
222.69.135.254 - - [25/Dec/2020:08:38:11 +0800] "GET /xingrg/javascript/easyui/themes/default/validatebox.css HTTP/1.1" 404 1104
222.69.135.254 - - [25/Dec/2020:08:38:11 +0800] "POST /xingrg/kc/buy/cgsh_list_operate.html HTTP/1.1" 200 876
58.37.230.33 - - [25/Dec/2020:08:38:15 +0800] "GET /xingrg/all/function/internal_message.html?_=1608856730523&CODE_STATE=getMsg HTTP/1.1" 200 27
222.69.135.254 - - [25/Dec/2020:08:38:17 +0800] "GET /xingrg/all/function/internal_message.html?_=1608856691028&CODE_STATE=getMsg HTTP/1.1" 200 27
120.253.135.82 - - [25/Dec/2020:08:38:20 +0800] "GET /xingrg/all/function/internal_message.html?_=1608856812445&CODE_STATE=getMsg HTTP/1.1" 200 27
101.228.166.101 - - [25/Dec/2020:08:38:24 +0800] "GET /xingrg/all/function/internal_message.html?_=1608856717081&CODE_STATE=getMsg HTTP/1.1" 200 27
172.17.0.109 - - [25/Dec/2020:08:38:25 +0800] "GET /xingrg/check_reg.html?_=1608856702011 HTTP/1.1" 200 22
172.17.0.109 - - [25/Dec/2020:08:38:25 +0800] "GET /xingrg/all/function/internal_message.html?_=1608856702008&CODE_STATE=getMsg HTTP/1.1" 200 27
172.17.0.123 - - [25/Dec/2020:08:38:41 +0800] "GET /xingrg/all/function/internal_message.html?_=1608856631816&CODE_STATE=getMsg HTTP/1.1" 200 27
180.162.223.42 - - [25/Dec/2020:08:38:46 +0800] "GET /xingrg/all/function/internal_message.html?_=1608856726800&CODE_STATE=getMsg HTTP/1.1" 200 27
180.156.237.57 - - [25/Dec/2020:08:38:57 +0800] "GET /xingrg/all/function/internal_message.html?_=1608856721158&CODE_STATE=getMsg HTTP/1.1" 200 27
180.152.104.37 - - [25/Dec/2020:08:38:58 +0800] "GET /xingrg/all/function/internal_message.html?_=1608856969866&CODE_STATE=getMsg HTTP/1.1" 200 27
180.156.237.57 - - [25/Dec/2020:08:39:00 +0800] "GET /xingrg/all/function/internal_message.html?_=1608856745017&CODE_STATE=getMsg HTTP/1.1" 200 27
58.37.230.33 - - [25/Dec/2020:08:39:15 +0800] "GET /xingrg/all/function/internal_message.html?_=1608856790501&CODE_STATE=getMsg HTTP/1.1" 200 27
222.69.135.254 - - [25/Dec/2020:08:39:17 +0800] "GET /xingrg/kc/buy/cgsh_order_operate.html?command=get_materiel&rest_code=00149&code=00101007061&supplier_code=00100205&order_time=2020-12-25 HTTP/1.1" 200 411
222.69.135.254 - - [25/Dec/2020:08:39:17 +0800] "GET /xingrg/all/function/internal_message.html?_=1608856751034&CODE_STATE=getMsg HTTP/1.1" 200 27
120.253.135.82 - - [25/Dec/2020:08:39:20 +0800] "GET /xingrg/all/function/internal_message.html?_=1608856872465&CODE_STATE=getMsg HTTP/1.1" 200 27
101.228.166.101 - - [25/Dec/2020:08:39:23 +0800] "GET /xingrg/check_reg.html?_=1608856775833 HTTP/1.1" 200 22
101.228.166.101 - - [25/Dec/2020:08:39:24 +0800] "GET /xingrg/all/function/internal_message.html?_=1608856777095&CODE_STATE=getMsg HTTP/1.1" 200 27
172.17.0.109 - - [25/Dec/2020:08:39:25 +0800] "GET /xingrg/all/function/internal_message.html?_=1608856762009&CODE_STATE=getMsg HTTP/1.1" 200 27
180.162.223.42 - - [25/Dec/2020:08:39:29 +0800] "GET /xingrg/kc/buy/cgsh_order_list.html HTTP/1.1" 200 45474
180.162.223.42 - - [25/Dec/2020:08:39:29 +0800] "POST /xingrg/kc/buy/cgsh_list_operate.html HTTP/1.1" 200 876
222.69.135.254 - - [25/Dec/2020:08:39:30 +0800] "GET /xingrg/kc/buy/cgsh_order_operate.html?command=get_materiel&rest_code=00149&code=00101007083&supplier_code=00100205&order_time=2020-12-25 HTTP/1.1" 200 421
58.35.244.144 - - [25/Dec/2020:08:39:34 +0800] "GET /xingrg/index.html?sysBaseUrl=http%3A%2F%2F180.169.147.146%3A18081%2Fxingrg%2F&costTime=38×tamp=1588335986102 HTTP/1.1" 302 -
58.35.244.144 - - [25/Dec/2020:08:39:34 +0800] "GET /xingrg/login.html HTTP/1.1" 200 7641
58.35.244.144 - - [25/Dec/2020:08:39:35 +0800] "GET /favicon.ico HTTP/1.1" 404 -
180.162.223.42 - - [25/Dec/2020:08:39:38 +0800] "GET /xingrg/kc/buy/cgsh_order_add.html HTTP/1.1" 200 61258
180.162.223.42 - - [25/Dec/2020:08:39:38 +0800] "GET /xingrg/javascript/easyui/themes/default/validatebox.css HTTP/1.1" 404 1104
180.162.223.42 - - [25/Dec/2020:08:39:38 +0800] "POST /xingrg/kc/buy/cgsh_order_operate.html HTTP/1.1" 200 8245
180.162.223.42 - - [25/Dec/2020:08:39:40 +0800] "GET /xingrg/javascript/auto/indicator.gif HTTP/1.1" 404 1066
222.69.135.254 - - [25/Dec/2020:08:39:41 +0800] "GET /xingrg/kc/buy/cgsh_order_operate.html?command=get_materiel&rest_code=00149&code=00101007082&supplier_code=00100205&order_time=2020-12-25 HTTP/1.1" 200 428
172.17.0.123 - - [25/Dec/2020:08:39:41 +0800] "GET /xingrg/all/function/internal_message.html?_=1608856691820&CODE_STATE=getMsg HTTP/1.1" 200 27
172.17.0.123 - - [25/Dec/2020:08:39:41 +0800] "GET /xingrg/check_reg.html?_=1608856691819 HTTP/1.1" 200 22
180.162.223.42 - - [25/Dec/2020:08:39:46 +0800] "GET /xingrg/all/function/internal_message.html?_=1608856786797&CODE_STATE=getMsg HTTP/1.1" 200 27
58.35.244.144 - - [25/Dec/2020:08:39:46 +0800] "POST /xingrg/login.do HTTP/1.1" 302 -
58.35.244.144 - - [25/Dec/2020:08:39:46 +0800] "GET /xingrg/index.html?sysBaseUrl=http%3A%2F%2F180.169.147.146%3A18081%2Fxingrg%2F&costTime=38×tamp=1608856786930 HTTP/1.1" 200 17173
58.35.244.144 - - [25/Dec/2020:08:39:47 +0800] "POST /xingrg/all/common/load_tree.html?tree=area_rest_tree_json&manage=1 HTTP/1.1" 200 342
58.35.244.144 - - [25/Dec/2020:08:39:47 +0800] "GET /favicon.ico HTTP/1.1" 404 -
58.35.244.144 - - [25/Dec/2020:08:39:47 +0800] "GET /xingrg/all/function/internal_message.html?_=1608856931419&CODE_STATE=count HTTP/1.1" 200 11
58.35.244.144 - - [25/Dec/2020:08:39:47 +0800] "GET /xingrg/check_reg.html?_=1608856931420 HTTP/1.1" 200 22
58.35.244.144 - - [25/Dec/2020:08:39:47 +0800] "POST /xingrg/load_menu.html HTTP/1.1" 200 5138
58.35.244.144 - - [25/Dec/2020:08:39:48 +0800] "GET /xingrg/kc/buy/buy_main.html HTTP/1.1" 200 12412
58.35.244.144 - - [25/Dec/2020:08:39:48 +0800] "GET /xingrg/css/new_ie.css HTTP/1.1" 404 1036
58.35.244.144 - - [25/Dec/2020:08:39:48 +0800] "GET /xingrg/javascript/ToolTips.js HTTP/1.1" 200 5615
58.35.244.144 - - [25/Dec/2020:08:39:48 +0800] "GET /xingrg/javascript/jquery_ui/jquery-ui.min.js HTTP/1.1" 200 186181
58.35.244.144 - - [25/Dec/2020:08:39:48 +0800] "GET /xingrg/images/blue/button/kc.gif HTTP/1.1" 200 2160
58.35.244.144 - - [25/Dec/2020:08:39:48 +0800] "GET /xingrg/images/blue/button/cgxqd.gif HTTP/1.1" 200 2619
58.35.244.144 - - [25/Dec/2020:08:39:48 +0800] "GET /xingrg/css/blue.css HTTP/1.1" 200 15949
58.35.244.144 - - [25/Dec/2020:08:39:48 +0800] "GET /xingrg/images/blue/button/cgfkd.gif HTTP/1.1" 200 2075
58.35.244.144 - - [25/Dec/2020:08:39:48 +0800] "GET /xingrg/images/blue/button/cgydd.gif HTTP/1.1" 200 2712
58.35.244.144 - - [25/Dec/2020:08:39:48 +0800] "GET /xingrg/images/blue/button/cgshd.gif HTTP/1.1" 200 2618
58.35.244.144 - - [25/Dec/2020:08:39:48 +0800] "GET /xingrg/images/blue/pic_form2.gif HTTP/1.1" 200 1853
58.35.244.144 - - [25/Dec/2020:08:39:48 +0800] "GET /xingrg/images/blue/button/ckthd.gif HTTP/1.1" 200 2045
58.35.244.144 - - [25/Dec/2020:08:39:48 +0800] "GET /xingrg/javascript/jquery_ui/themes/humanity/humanity.css HTTP/1.1" 200 27801
58.35.244.144 - - [25/Dec/2020:08:39:48 +0800] "GET /xingrg/javascript/myfunction.js HTTP/1.1" 200 24559
58.35.244.144 - - [25/Dec/2020:08:39:48 +0800] "GET /xingrg/images/blue/bg_dotted.jpg HTTP/1.1" 200 319
58.35.244.144 - - [25/Dec/2020:08:39:48 +0800] "GET /xingrg/javascript/jquery_ui/themes/humanity/images/ui-bg_inset-soft_100_f4f0ec_1x100.png HTTP/1.1" 200 141
58.35.244.144 - - [25/Dec/2020:08:39:48 +0800] "GET /xingrg/images/blue/button/right_ah.jpg HTTP/1.1" 200 1744
58.35.244.144 - - [25/Dec/2020:08:39:48 +0800] "GET /xingrg/images/blue/button/down_ah.jpg HTTP/1.1" 200 1732
58.35.244.144 - - [25/Dec/2020:08:39:48 +0800] "GET /xingrg/javascript/jquery_ui/themes/humanity/images/ui-iconsnew.jpg HTTP/1.1" 200 337
58.35.244.144 - - [25/Dec/2020:08:39:48 +0800] "GET /xingrg/javascript/jquery_ui/themes/humanity/images/ui-icons_ffffff_256x240.png HTTP/1.1" 200 4369
58.35.244.144 - - [25/Dec/2020:08:39:48 +0800] "GET /xingrg/javascript/jquery_ui/themes/humanity/images/ui-bg_glass_70_ede4d4_1x400.png HTTP/1.1" 200 161
58.35.244.144 - - [25/Dec/2020:08:39:48 +0800] "GET /xingrg/javascript/jquery_ui/themes/humanity/images/ui-icons_c47a23_256x240.png HTTP/1.1" 200 5355
58.35.244.144 - - [25/Dec/2020:08:39:49 +0800] "GET /xingrg/images/yd/bt.gif HTTP/1.1" 404 1040
58.35.244.144 - - [25/Dec/2020:08:39:50 +0800] "GET /xingrg/kc/buy/cgsh_order_list.html HTTP/1.1" 200 45474
58.35.244.144 - - [25/Dec/2020:08:39:51 +0800] "POST /xingrg/kc/buy/cgsh_list_operate.html HTTP/1.1" 200 876
58.35.244.144 - - [25/Dec/2020:08:39:53 +0800] "GET /xingrg/kc/buy/cgsh_order_add.html HTTP/1.1" 200 61211
58.35.244.144 - - [25/Dec/2020:08:39:53 +0800] "GET /xingrg/words/20201224164401_words.js HTTP/1.1" 304 -
58.35.244.144 - - [25/Dec/2020:08:39:53 +0800] "GET /xingrg/javascript/easyui/themes/icons/copy_new.png HTTP/1.1" 200 815
58.35.244.144 - - [25/Dec/2020:08:39:53 +0800] "GET /xingrg/all/common/auto_word.html?type=employee&rest_code=00111 HTTP/1.1" 200 205
58.35.244.144 - - [25/Dec/2020:08:39:53 +0800] "GET /xingrg/all/common/auto_word.html?type=employee&rest_code=00111 HTTP/1.1" 200 205
58.35.244.144 - - [25/Dec/2020:08:39:53 +0800] "GET /xingrg/javascript/easyui/themes/default/validatebox.css HTTP/1.1" 404 1104
58.35.244.144 - - [25/Dec/2020:08:39:53 +0800] "POST /xingrg/kc/buy/cgsh_order_operate.html HTTP/1.1" 200 8245
58.35.244.144 - - [25/Dec/2020:08:39:55 +0800] "GET /xingrg/javascript/auto/indicator.gif HTTP/1.1" 404 1066
222.69.135.254 - - [25/Dec/2020:08:39:56 +0800] "GET /xingrg/kc/buy/cgsh_order_operate.html?command=get_materiel&rest_code=00149&code=00101007049&supplier_code=00100205&order_time=2020-12-25 HTTP/1.1" 200 409
180.156.237.57 - - [25/Dec/2020:08:39:57 +0800] "GET /xingrg/all/function/internal_message.html?_=1608856781183&CODE_STATE=getMsg HTTP/1.1" 200 27
180.152.104.37 - - [25/Dec/2020:08:39:58 +0800] "GET /xingrg/all/function/internal_message.html?_=1608857029882&CODE_STATE=getMsg HTTP/1.1" 200 27
180.156.237.57 - - [25/Dec/2020:08:40:00 +0800] "GET /xingrg/all/function/internal_message.html?_=1608856805019&CODE_STATE=getMsg HTTP/1.1" 200 27
58.35.244.144 - - [25/Dec/2020:08:40:00 +0800] "GET /xingrg/javascript/jquery_tools/images/prev.gif HTTP/1.1" 404 1086
58.35.244.144 - - [25/Dec/2020:08:40:00 +0800] "GET /xingrg/javascript/jquery_tools/images/next.gif HTTP/1.1" 404 1086
120.253.135.82 - - [25/Dec/2020:08:40:05 +0800] "GET /xingrg/check_reg.html?_=1608856917408 HTTP/1.1" 200 22
222.69.135.254 - - [25/Dec/2020:08:40:06 +0800] "GET /xingrg/kc/buy/cgsh_order_operate.html?command=get_materiel&rest_code=00149&code=00101007023&supplier_code=00100205&order_time=2020-12-25 HTTP/1.1" 200 411
58.35.244.144 - - [25/Dec/2020:08:40:07 +0800] "GET /xingrg/kc/buy/cgsh_order_operate.html?command=get_materiel&rest_code=00111&code=00101008261&supplier_code=00100005&order_time=2020-12-25 HTTP/1.1" 200 408
58.37.230.33 - - [25/Dec/2020:08:40:15 +0800] "GET /xingrg/all/function/internal_message.html?_=1608856850479&CODE_STATE=getMsg HTTP/1.1" 200 27
222.69.135.254 - - [25/Dec/2020:08:40:17 +0800] "GET /xingrg/all/function/internal_message.html?_=1608856811031&CODE_STATE=getMsg HTTP/1.1" 200 27
58.35.244.144 - - [25/Dec/2020:08:40:17 +0800] "GET /xingrg/kc/buy/cgsh_order_operate.html?command=get_materiel&rest_code=00111&code=00101008072&supplier_code=00100005&order_time=2020-12-25 HTTP/1.1" 200 408
120.253.135.82 - - [25/Dec/2020:08:40:20 +0800] "GET /xingrg/all/function/internal_message.html?_=1608856932472&CODE_STATE=getMsg HTTP/1.1" 200 27
101.228.166.101 - - [25/Dec/2020:08:40:24 +0800] "GET /xingrg/all/function/internal_message.html?_=1608856837108&CODE_STATE=getMsg HTTP/1.1" 200 27
58.35.244.144 - - [25/Dec/2020:08:40:25 +0800] "GET /xingrg/kc/buy/cgsh_order_operate.html?command=get_materiel&rest_code=00111&code=00101008126&supplier_code=00100005&order_time=2020-12-25 HTTP/1.1" 200 412
172.17.0.109 - - [25/Dec/2020:08:40:25 +0800] "GET /xingrg/all/function/internal_message.html?_=1608856822025&CODE_STATE=getMsg HTTP/1.1" 200 27
222.69.135.254 - - [25/Dec/2020:08:40:35 +0800] "GET /xingrg/kc/buy/cgsh_order_operate.html?command=get_materiel&rest_code=00149&code=00101007059&supplier_code=00100205&order_time=2020-12-25 HTTP/1.1" 200 411
58.37.230.33 - - [25/Dec/2020:08:40:38 +0800] "GET /xingrg/check_reg.html?_=1608856873615 HTTP/1.1" 200 22
172.17.0.123 - - [25/Dec/2020:08:40:41 +0800] "GET /xingrg/all/function/internal_message.html?_=1608856751806&CODE_STATE=getMsg HTTP/1.1" 200 27
180.162.223.42 - - [25/Dec/2020:08:40:46 +0800] "GET /xingrg/all/function/internal_message.html?_=1608856846795&CODE_STATE=getMsg HTTP/1.1" 200 27
58.35.244.144 - - [25/Dec/2020:08:40:47 +0800] "GET /xingrg/all/function/internal_message.html?_=1608856991452&CODE_STATE=getMsg HTTP/1.1" 200 27
222.69.135.254 - - [25/Dec/2020:08:40:51 +0800] "POST /xingrg/kc/buy/cgsh_order_operate.html HTTP/1.1" 200 37
222.69.135.254 - - [25/Dec/2020:08:40:55 +0800] "POST /xingrg/kc/buy/cgsh_order_operate.html HTTP/1.1" 200 12
180.156.237.57 - - [25/Dec/2020:08:40:57 +0800] "GET /xingrg/all/function/internal_message.html?_=1608856841185&CODE_STATE=getMsg HTTP/1.1" 200 27
180.152.104.37 - - [25/Dec/2020:08:40:58 +0800] "GET /xingrg/all/function/internal_message.html?_=1608857089895&CODE_STATE=getMsg HTTP/1.1" 200 27
222.69.135.254 - - [25/Dec/2020:08:40:59 +0800] "GET /xingrg/kc/buy/cgsh_order_info.html?code=212020122509852 HTTP/1.1" 200 56165
222.69.135.254 - - [25/Dec/2020:08:40:59 +0800] "GET /xingrg/javascript/easyui/themes/default/validatebox.css HTTP/1.1" 404 1104
222.69.135.254 - - [25/Dec/2020:08:40:59 +0800] "POST /xingrg/kc/buy/cgsh_order_operate.html HTTP/1.1" 200 4175
180.156.237.57 - - [25/Dec/2020:08:41:00 +0800] "GET /xingrg/all/function/internal_message.html?_=1608856865017&CODE_STATE=getMsg HTTP/1.1" 200 27
222.69.135.254 - - [25/Dec/2020:08:41:06 +0800] "GET /xingrg/kc/print/load_config.html?kc_code=cgsh HTTP/1.1" 200 1845
222.69.135.254 - - [25/Dec/2020:08:41:06 +0800] "GET /xingrg/kc/print/load_data.html?order_code=212020122509852&kc_code=cgsh&condition= HTTP/1.1" 200 2066
58.37.230.33 - - [25/Dec/2020:08:41:15 +0800] "GET /xingrg/all/function/internal_message.html?_=1608856910453&CODE_STATE=getMsg HTTP/1.1" 200 27
222.69.135.254 - - [25/Dec/2020:08:41:17 +0800] "GET /xingrg/check_reg.html?_=1608856871027 HTTP/1.1" 200 22
222.69.135.254 - - [25/Dec/2020:08:41:17 +0800] "GET /xingrg/all/function/internal_message.html?_=1608856871029&CODE_STATE=getMsg HTTP/1.1" 200 27
120.253.135.82 - - [25/Dec/2020:08:41:20 +0800] "GET /xingrg/all/function/internal_message.html?_=1608856992485&CODE_STATE=getMsg HTTP/1.1" 200 27
101.228.166.101 - - [25/Dec/2020:08:41:24 +0800] "GET /xingrg/all/function/internal_message.html?_=1608856897121&CODE_STATE=getMsg HTTP/1.1" 200 27
172.17.0.109 - - [25/Dec/2020:08:41:25 +0800] "GET /xingrg/all/function/internal_message.html?_=1608856882026&CODE_STATE=getMsg HTTP/1.1" 200 27
172.17.0.123 - - [25/Dec/2020:08:41:41 +0800] "GET /xingrg/all/function/internal_message.html?_=1608856811808&CODE_STATE=getMsg HTTP/1.1" 200 27
180.162.223.42 - - [25/Dec/2020:08:41:46 +0800] "GET /xingrg/all/function/internal_message.html?_=1608856906796&CODE_STATE=getMsg HTTP/1.1" 200 27
58.35.244.144 - - [25/Dec/2020:08:41:47 +0800] "GET /xingrg/all/function/internal_message.html?_=1608857051425&CODE_STATE=getMsg HTTP/1.1" 200 27
180.156.237.57 - - [25/Dec/2020:08:41:57 +0800] "GET /xingrg/all/function/internal_message.html?_=1608856901205&CODE_STATE=getMsg HTTP/1.1" 200 27
61.151.179.84 - - [25/Dec/2020:08:41:58 +0800] "GET /xingrg/all/function/internal_message.html?_=1608856790501&CODE_STATE=getMsg HTTP/1.1" 302 -
180.152.104.37 - - [25/Dec/2020:08:41:58 +0800] "GET /xingrg/check_reg.html?_=1608857149773 HTTP/1.1" 200 22
180.152.104.37 - - [25/Dec/2020:08:41:58 +0800] "GET /xingrg/all/function/internal_message.html?_=1608857149909&CODE_STATE=getMsg HTTP/1.1" 200 27
180.156.237.57 - - [25/Dec/2020:08:42:00 +0800] "GET /xingrg/check_reg.html?_=1608856925034 HTTP/1.1" 200 22
180.156.237.57 - - [25/Dec/2020:08:42:00 +0800] "GET /xingrg/all/function/internal_message.html?_=1608856925035&CODE_STATE=getMsg HTTP/1.1" 200 27
180.162.223.42 - - [25/Dec/2020:08:42:03 +0800] "GET /xingrg/kc/buy/cgsh_order_list.html HTTP/1.1" 200 45474
180.162.223.42 - - [25/Dec/2020:08:42:04 +0800] "POST /xingrg/kc/buy/cgsh_list_operate.html HTTP/1.1" 200 876
180.162.223.42 - - [25/Dec/2020:08:42:05 +0800] "GET /xingrg/kc/buy/cgsh_order_add.html HTTP/1.1" 200 61258
180.162.223.42 - - [25/Dec/2020:08:42:05 +0800] "GET /xingrg/javascript/easyui/themes/default/validatebox.css HTTP/1.1" 404 1104
180.162.223.42 - - [25/Dec/2020:08:42:06 +0800] "POST /xingrg/kc/buy/cgsh_order_operate.html HTTP/1.1" 200 8245
61.151.179.84 - - [25/Dec/2020:08:42:06 +0800] "GET /xingrg/login.html HTTP/1.1" 200 7641
180.162.223.42 - - [25/Dec/2020:08:42:08 +0800] "GET /xingrg/javascript/auto/indicator.gif HTTP/1.1" 404 1066
58.37.230.33 - - [25/Dec/2020:08:42:15 +0800] "GET /xingrg/all/function/internal_message.html?_=1608856970448&CODE_STATE=getMsg HTTP/1.1" 200 27
222.69.135.254 - - [25/Dec/2020:08:42:17 +0800] "GET /xingrg/all/function/internal_message.html?_=1608856931028&CODE_STATE=getMsg HTTP/1.1" 200 27
180.162.223.42 - - [25/Dec/2020:08:42:17 +0800] "GET /xingrg/kc/buy/cgsh_order_operate.html?command=get_materiel&rest_code=00105&code=00101016030&supplier_code=00100034&order_time=2020-12-25 HTTP/1.1" 200 412
222.69.135.254 - - [25/Dec/2020:08:42:20 +0800] "GET /xingrg/kc/buy/cgsh_order_add.html HTTP/1.1" 200 61264
222.69.135.254 - - [25/Dec/2020:08:42:20 +0800] "POST /xingrg/kc/buy/cgsh_order_operate.html HTTP/1.1" 200 8245
222.69.135.254 - - [25/Dec/2020:08:42:20 +0800] "GET /xingrg/javascript/easyui/themes/default/validatebox.css HTTP/1.1" 404 1104
120.253.135.82 - - [25/Dec/2020:08:42:20 +0800] "GET /xingrg/all/function/internal_message.html?_=1608857052518&CODE_STATE=getMsg HTTP/1.1" 200 27
172.17.0.109 - - [25/Dec/2020:08:42:25 +0800] "GET /xingrg/all/function/internal_message.html?_=1608856942026&CODE_STATE=getMsg HTTP/1.1" 200 27
101.228.166.101 - - [25/Dec/2020:08:42:25 +0800] "GET /xingrg/all/function/internal_message.html?_=1608856957683&CODE_STATE=getMsg HTTP/1.1" 200 27
180.162.223.42 - - [25/Dec/2020:08:42:26 +0800] "POST /xingrg/kc/buy/cgsh_order_operate.html HTTP/1.1" 200 37
180.162.223.42 - - [25/Dec/2020:08:42:28 +0800] "POST /xingrg/kc/buy/cgsh_order_operate.html HTTP/1.1" 200 2655
180.162.223.42 - - [25/Dec/2020:08:42:29 +0800] "GET /xingrg/kc/print/load_config.html?kc_code=cgsh HTTP/1.1" 200 1845
180.162.223.42 - - [25/Dec/2020:08:42:29 +0800] "GET /xingrg/kc/print/load_data.html?order_code=212020122509853&kc_code=cgsh&condition= HTTP/1.1" 200 707
172.17.0.123 - - [25/Dec/2020:08:42:41 +0800] "GET /xingrg/all/function/internal_message.html?_=1608856871810&CODE_STATE=getMsg HTTP/1.1" 200 27
101.89.19.149 - - [25/Dec/2020:08:42:46 +0800] "GET /xingrg/check_reg.html?_=1608856873615 HTTP/1.1" 302 -
180.162.223.42 - - [25/Dec/2020:08:42:46 +0800] "GET /xingrg/check_reg.html?_=1608856966803 HTTP/1.1" 200 22
180.162.223.42 - - [25/Dec/2020:08:42:46 +0800] "GET /xingrg/all/function/internal_message.html?_=1608856966806&CODE_STATE=getMsg HTTP/1.1" 200 27
58.35.244.144 - - [25/Dec/2020:08:42:47 +0800] "GET /xingrg/all/function/internal_message.html?_=1608857111424&CODE_STATE=getMsg HTTP/1.1" 200 27
180.156.237.57 - - [25/Dec/2020:08:42:48 +0800] "GET /xingrg/check_reg.html?_=1608856952117 HTTP/1.1" 200 22
117.131.5.26 - - [25/Dec/2020:08:42:48 +0800] "POST /xingrg/services/DataTransmitService HTTP/1.1" 200 524
117.131.5.26 - - [25/Dec/2020:08:42:48 +0800] "POST /xingrg/services/DataTransmitService HTTP/1.1" 200 501
101.89.19.149 - - [25/Dec/2020:08:42:54 +0800] "GET /xingrg/login.html HTTP/1.1" 200 7641
180.156.237.57 - - [25/Dec/2020:08:42:57 +0800] "GET /xingrg/all/function/internal_message.html?_=1608856961213&CODE_STATE=getMsg HTTP/1.1" 200 27
180.152.104.37 - - [25/Dec/2020:08:42:58 +0800] "GET /xingrg/all/function/internal_message.html?_=1608857209922&CODE_STATE=getMsg HTTP/1.1" 200 27
180.156.237.57 - - [25/Dec/2020:08:43:00 +0800] "GET /xingrg/all/function/internal_message.html?_=1608856985035&CODE_STATE=getMsg HTTP/1.1" 200 27
222.69.135.254 - - [25/Dec/2020:08:43:01 +0800] "GET /xingrg/kc/buy/cgsh_order_operate.html?command=get_materiel&rest_code=00149&code=00101008323&supplier_code=00100005&order_time=2020-12-25 HTTP/1.1" 200 408
58.37.230.33 - - [25/Dec/2020:08:43:15 +0800] "GET /xingrg/all/function/internal_message.html?_=1608857030424&CODE_STATE=getMsg HTTP/1.1" 200 27
222.69.135.254 - - [25/Dec/2020:08:43:17 +0800] "GET /xingrg/all/function/internal_message.html?_=1608856991039&CODE_STATE=getMsg HTTP/1.1" 200 27
120.253.135.82 - - [25/Dec/2020:08:43:20 +0800] "GET /xingrg/all/function/internal_message.html?_=1608857112529&CODE_STATE=getMsg HTTP/1.1" 200 27
172.17.0.109 - - [25/Dec/2020:08:43:25 +0800] "GET /xingrg/check_reg.html?_=1608857002025 HTTP/1.1" 200 22
172.17.0.109 - - [25/Dec/2020:08:43:25 +0800] "GET /xingrg/all/function/internal_message.html?_=1608857002028&CODE_STATE=getMsg HTTP/1.1" 200 27
101.228.166.101 - - [25/Dec/2020:08:43:25 +0800] "GET /xingrg/all/function/internal_message.html?_=1608857017695&CODE_STATE=getMsg HTTP/1.1" 200 27
222.69.135.254 - - [25/Dec/2020:08:43:27 +0800] "GET /xingrg/kc/buy/cgsh_order_operate.html?command=get_materiel&rest_code=00149&code=00101008176&supplier_code=00100005&order_time=2020-12-25 HTTP/1.1" 200 413
222.69.135.254 - - [25/Dec/2020:08:43:37 +0800] "GET /xingrg/kc/buy/cgsh_order_operate.html?command=get_materiel&rest_code=00149&code=00101008091&supplier_code=00100005&order_time=2020-12-25 HTTP/1.1" 200 412
172.17.0.123 - - [25/Dec/2020:08:43:41 +0800] "GET /xingrg/all/function/internal_message.html?_=1608856931813&CODE_STATE=getMsg HTTP/1.1" 200 27
222.69.135.254 - - [25/Dec/2020:08:43:46 +0800] "GET /xingrg/kc/buy/cgsh_order_operate.html?command=get_materiel&rest_code=00149&code=00101008302&supplier_code=00100005&order_time=2020-12-25 HTTP/1.1" 200 412
180.162.223.42 - - [25/Dec/2020:08:43:46 +0800] "GET /xingrg/all/function/internal_message.html?_=1608857026800&CODE_STATE=getMsg HTTP/1.1" 200 27
58.35.244.144 - - [25/Dec/2020:08:43:47 +0800] "GET /xingrg/all/function/internal_message.html?_=1608857171425&CODE_STATE=getMsg HTTP/1.1" 200 27
222.69.135.254 - - [25/Dec/2020:08:43:53 +0800] "GET /xingrg/kc/buy/cgsh_order_operate.html?command=get_materiel&rest_code=00149&code=00101008027&supplier_code=00100005&order_time=2020-12-25 HTTP/1.1" 200 408
180.156.237.57 - - [25/Dec/2020:08:43:57 +0800] "GET /xingrg/all/function/internal_message.html?_=1608857021226&CODE_STATE=getMsg HTTP/1.1" 200 27
180.152.104.37 - - [25/Dec/2020:08:43:59 +0800] "GET /xingrg/all/function/internal_message.html?_=1608857269941&CODE_STATE=getMsg HTTP/1.1" 200 27
101.228.166.101 - - [25/Dec/2020:08:44:00 +0800] "POST /xingrg/services/DataTransmitService HTTP/1.1" 200 524
180.156.237.57 - - [25/Dec/2020:08:44:00 +0800] "GET /xingrg/all/function/internal_message.html?_=1608857045027&CODE_STATE=getMsg HTTP/1.1" 200 27
222.69.135.254 - - [25/Dec/2020:08:44:05 +0800] "GET /xingrg/kc/buy/cgsh_order_operate.html?command=get_materiel&rest_code=00149&code=00101008257&supplier_code=00100005&order_time=2020-12-25 HTTP/1.1" 200 416
58.37.230.33 - - [25/Dec/2020:08:44:15 +0800] "GET /xingrg/all/function/internal_message.html?_=1608857090395&CODE_STATE=getMsg HTTP/1.1" 200 27
222.69.135.254 - - [25/Dec/2020:08:44:17 +0800] "GET /xingrg/all/function/internal_message.html?_=1608857051034&CODE_STATE=getMsg HTTP/1.1" 200 27
222.69.135.254 - - [25/Dec/2020:08:44:20 +0800] "GET /xingrg/kc/buy/cgsh_order_operate.html?command=get_materiel&rest_code=00149&code=00101008155&supplier_code=00100005&order_time=2020-12-25 HTTP/1.1" 200 408
120.253.135.82 - - [25/Dec/2020:08:44:20 +0800] "GET /xingrg/all/function/internal_message.html?_=1608857172554&CODE_STATE=getMsg HTTP/1.1" 200 27
101.228.166.101 - - [25/Dec/2020:08:44:24 +0800] "GET /xingrg/check_reg.html?_=1608857076402 HTTP/1.1" 200 22
172.17.0.109 - - [25/Dec/2020:08:44:25 +0800] "GET /xingrg/all/function/internal_message.html?_=1608857062026&CODE_STATE=getMsg HTTP/1.1" 200 27
101.228.166.101 - - [25/Dec/2020:08:44:25 +0800] "GET /xingrg/all/function/internal_message.html?_=1608857077708&CODE_STATE=getMsg HTTP/1.1" 200 27
180.162.223.42 - - [25/Dec/2020:08:44:31 +0800] "GET /xingrg/kc/mdqp/qqps_order_list.html HTTP/1.1" 200 9222
180.162.223.42 - - [25/Dec/2020:08:44:31 +0800] "GET /xingrg/dwr/interface/AjaxQqpsService.js HTTP/1.1" 200 16326
180.162.223.42 - - [25/Dec/2020:08:44:31 +0800] "GET /xingrg/dwr/interface/AjaxReportQueryService.js HTTP/1.1" 200 13203
180.162.223.42 - - [25/Dec/2020:08:44:31 +0800] "GET /xingrg/dwr/engine.js HTTP/1.1" 200 43631
180.162.223.42 - - [25/Dec/2020:08:44:32 +0800] "GET /xingrg/kc/mdqp/qqps_order_add.html HTTP/1.1" 200 28236
180.162.223.42 - - [25/Dec/2020:08:44:32 +0800] "GET /xingrg/dwr/interface/AjaxComOrderService.js HTTP/1.1" 200 18264
180.162.223.42 - - [25/Dec/2020:08:44:32 +0800] "GET /xingrg/dwr/interface/AjaxQqpsService.js HTTP/1.1" 200 16326
180.162.223.42 - - [25/Dec/2020:08:44:32 +0800] "GET /xingrg/dwr/engine.js HTTP/1.1" 200 43631
222.69.135.254 - - [25/Dec/2020:08:44:34 +0800] "GET /xingrg/kc/buy/cgsh_order_operate.html?command=get_materiel&rest_code=00149&code=00101008349&supplier_code=00100005&order_time=2020-12-25 HTTP/1.1" 200 412
180.162.223.42 - - [25/Dec/2020:08:44:41 +0800] "POST /xingrg/dwr/call/plaincall/AjaxQqpsService.saveOrder.dwr HTTP/1.1" 200 78
172.17.0.123 - - [25/Dec/2020:08:44:41 +0800] "GET /xingrg/all/function/internal_message.html?_=1608856991813&CODE_STATE=getMsg HTTP/1.1" 200 27
