116.238.192.211 - - [24/Dec/2020:08:27:51 +0800] "POST /xingrg/dwr/call/plaincall/AjaxComOrderService.getMaterielSearchList.dwr HTTP/1.1" 200 1909
116.238.192.211 - - [24/Dec/2020:08:27:53 +0800] "POST /xingrg/dwr/call/plaincall/AjaxYddbService.getMaterielByMap.dwr HTTP/1.1" 200 3670
101.228.166.101 - - [24/Dec/2020:08:27:53 +0800] "GET /xingrg/check_reg.html?_=1608769682443 HTTP/1.1" 200 22
101.228.166.101 - - [24/Dec/2020:08:27:54 +0800] "GET /xingrg/all/function/internal_message.html?_=1608769671792&CODE_STATE=getMsg HTTP/1.1" 200 27
172.17.200.101 - - [24/Dec/2020:08:27:55 +0800] "GET /xingrg/all/function/internal_message.html?_=1608769676448&CODE_STATE=getMsg HTTP/1.1" 302 -
101.228.166.101 - - [24/Dec/2020:08:28:00 +0800] "GET /xingrg/all/function/internal_message.html?_=1608769689582&CODE_STATE=getMsg HTTP/1.1" 200 27
116.238.192.211 - - [24/Dec/2020:08:28:03 +0800] "POST /xingrg/dwr/call/plaincall/AjaxYddbService.saveMaterielItem.dwr HTTP/1.1" 200 78
116.238.192.211 - - [24/Dec/2020:08:28:03 +0800] "POST /xingrg/dwr/call/plaincall/AjaxComOrderService.getMaterielSearchList.dwr HTTP/1.1" 200 76
116.238.192.211 - - [24/Dec/2020:08:28:07 +0800] "POST /xingrg/dwr/call/plaincall/AjaxComOrderService.getMaterielSearchList.dwr HTTP/1.1" 200 10789
116.238.192.211 - - [24/Dec/2020:08:28:08 +0800] "POST /xingrg/dwr/call/plaincall/AjaxComOrderService.getMaterielSearchList.dwr HTTP/1.1" 200 1745
116.238.192.211 - - [24/Dec/2020:08:28:09 +0800] "GET /xingrg/all/function/internal_message.html?_=1608769674362&CODE_STATE=getMsg HTTP/1.1" 200 27
116.238.192.211 - - [24/Dec/2020:08:28:09 +0800] "POST /xingrg/dwr/call/plaincall/AjaxYddbService.getMaterielByMap.dwr HTTP/1.1" 200 3667
116.238.192.211 - - [24/Dec/2020:08:28:22 +0800] "POST /xingrg/dwr/call/plaincall/AjaxYddbService.removeMaterielItem.dwr HTTP/1.1" 200 79
116.238.192.211 - - [24/Dec/2020:08:28:23 +0800] "GET /xingrg/images/yd/bt.gif HTTP/1.1" 404 1040
116.228.172.94 - - [24/Dec/2020:08:28:25 +0800] "GET /xingrg/all/function/internal_message.html?_=1608769705015&CODE_STATE=getMsg HTTP/1.1" 200 27
116.238.192.211 - - [24/Dec/2020:08:28:25 +0800] "POST /xingrg/dwr/call/plaincall/AjaxComOrderService.getMaterielSearchList.dwr HTTP/1.1" 200 1745
116.238.192.211 - - [24/Dec/2020:08:28:26 +0800] "POST /xingrg/dwr/call/plaincall/AjaxComOrderService.getMaterielSearchList.dwr HTTP/1.1" 200 1745
116.238.192.211 - - [24/Dec/2020:08:28:28 +0800] "POST /xingrg/dwr/call/plaincall/AjaxYddbService.getMaterielByMap.dwr HTTP/1.1" 200 3672
116.238.192.211 - - [24/Dec/2020:08:28:34 +0800] "POST /xingrg/dwr/call/plaincall/AjaxYddbService.saveMaterielItem.dwr HTTP/1.1" 200 79
116.238.192.211 - - [24/Dec/2020:08:28:35 +0800] "POST /xingrg/dwr/call/plaincall/AjaxComOrderService.getMaterielSearchList.dwr HTTP/1.1" 200 77
116.238.192.211 - - [24/Dec/2020:08:28:36 +0800] "POST /xingrg/dwr/call/plaincall/AjaxComOrderService.getMaterielSearchList.dwr HTTP/1.1" 200 5681
116.238.192.211 - - [24/Dec/2020:08:28:37 +0800] "POST /xingrg/dwr/call/plaincall/AjaxComOrderService.getMaterielSearchList.dwr HTTP/1.1" 200 288
116.238.192.211 - - [24/Dec/2020:08:28:38 +0800] "POST /xingrg/dwr/call/plaincall/AjaxComOrderService.getMaterielSearchList.dwr HTTP/1.1" 200 288
116.238.192.211 - - [24/Dec/2020:08:28:38 +0800] "POST /xingrg/dwr/call/plaincall/AjaxYddbService.getMaterielByMap.dwr HTTP/1.1" 200 3682
116.238.192.211 - - [24/Dec/2020:08:28:45 +0800] "POST /xingrg/dwr/call/plaincall/AjaxYddbService.saveMaterielItem.dwr HTTP/1.1" 200 79
172.17.0.123 - - [24/Dec/2020:08:28:45 +0800] "GET /xingrg/check_reg.html?_=1608769637097 HTTP/1.1" 200 22
172.17.0.123 - - [24/Dec/2020:08:28:45 +0800] "GET /xingrg/all/function/internal_message.html?_=1608769637099&CODE_STATE=getMsg HTTP/1.1" 200 27
116.238.192.211 - - [24/Dec/2020:08:28:46 +0800] "POST /xingrg/dwr/call/plaincall/AjaxComOrderService.getMaterielSearchList.dwr HTTP/1.1" 200 77
116.238.192.211 - - [24/Dec/2020:08:28:47 +0800] "GET /xingrg/all/function/internal_message.html?_=1608769732632&CODE_STATE=getMsg HTTP/1.1" 200 27
116.238.192.211 - - [24/Dec/2020:08:28:47 +0800] "GET /xingrg/check_reg.html?_=1608769732634 HTTP/1.1" 200 22
116.238.192.211 - - [24/Dec/2020:08:28:48 +0800] "POST /xingrg/dwr/call/plaincall/AjaxComOrderService.getMaterielSearchList.dwr HTTP/1.1" 200 20441
116.238.192.211 - - [24/Dec/2020:08:28:49 +0800] "POST /xingrg/dwr/call/plaincall/AjaxComOrderService.getMaterielSearchList.dwr HTTP/1.1" 200 674
116.238.192.211 - - [24/Dec/2020:08:28:52 +0800] "POST /xingrg/dwr/call/plaincall/AjaxYddbService.getMaterielByMap.dwr HTTP/1.1" 200 3667
101.228.166.101 - - [24/Dec/2020:08:28:54 +0800] "GET /xingrg/all/function/internal_message.html?_=1608769731794&CODE_STATE=getMsg HTTP/1.1" 200 27
172.17.200.101 - - [24/Dec/2020:08:28:55 +0800] "GET /xingrg/all/function/internal_message.html?_=1608769736450&CODE_STATE=getMsg HTTP/1.1" 302 -
116.238.192.211 - - [24/Dec/2020:08:28:59 +0800] "POST /xingrg/dwr/call/plaincall/AjaxYddbService.saveMaterielItem.dwr HTTP/1.1" 200 79
116.238.192.211 - - [24/Dec/2020:08:29:00 +0800] "POST /xingrg/dwr/call/plaincall/AjaxComOrderService.getMaterielSearchList.dwr HTTP/1.1" 200 77
101.228.166.101 - - [24/Dec/2020:08:29:00 +0800] "GET /xingrg/all/function/internal_message.html?_=1608769749598&CODE_STATE=getMsg HTTP/1.1" 200 27
116.238.192.211 - - [24/Dec/2020:08:29:01 +0800] "POST /xingrg/dwr/call/plaincall/AjaxComOrderService.getMaterielSearchList.dwr HTTP/1.1" 200 17103
116.238.192.211 - - [24/Dec/2020:08:29:02 +0800] "POST /xingrg/dwr/call/plaincall/AjaxComOrderService.getMaterielSearchList.dwr HTTP/1.1" 200 826
116.238.192.211 - - [24/Dec/2020:08:29:04 +0800] "POST /xingrg/dwr/call/plaincall/AjaxYddbService.getMaterielByMap.dwr HTTP/1.1" 200 3666
116.238.192.211 - - [24/Dec/2020:08:29:09 +0800] "GET /xingrg/all/function/internal_message.html?_=1608769734376&CODE_STATE=getMsg HTTP/1.1" 200 27
116.238.192.211 - - [24/Dec/2020:08:29:13 +0800] "POST /xingrg/dwr/call/plaincall/AjaxYddbService.saveMaterielItem.dwr HTTP/1.1" 200 79
116.238.192.211 - - [24/Dec/2020:08:29:14 +0800] "POST /xingrg/dwr/call/plaincall/AjaxComOrderService.getMaterielSearchList.dwr HTTP/1.1" 200 77
116.238.192.211 - - [24/Dec/2020:08:29:17 +0800] "POST /xingrg/dwr/call/plaincall/AjaxComOrderService.getMaterielSearchList.dwr HTTP/1.1" 200 27382
116.238.192.211 - - [24/Dec/2020:08:29:18 +0800] "POST /xingrg/dwr/call/plaincall/AjaxComOrderService.getMaterielSearchList.dwr HTTP/1.1" 200 420
116.238.192.211 - - [24/Dec/2020:08:29:19 +0800] "POST /xingrg/dwr/call/plaincall/AjaxYddbService.getMaterielByMap.dwr HTTP/1.1" 200 3667
116.228.172.94 - - [24/Dec/2020:08:29:25 +0800] "GET /xingrg/all/function/internal_message.html?_=1608769765020&CODE_STATE=getMsg HTTP/1.1" 200 27
116.238.192.211 - - [24/Dec/2020:08:29:27 +0800] "POST /xingrg/dwr/call/plaincall/AjaxYddbService.saveMaterielItem.dwr HTTP/1.1" 200 79
116.238.192.211 - - [24/Dec/2020:08:29:27 +0800] "POST /xingrg/dwr/call/plaincall/AjaxComOrderService.getMaterielSearchList.dwr HTTP/1.1" 200 77
116.238.192.211 - - [24/Dec/2020:08:29:31 +0800] "POST /xingrg/dwr/call/plaincall/AjaxComOrderService.getMaterielSearchList.dwr HTTP/1.1" 200 22190
116.238.192.211 - - [24/Dec/2020:08:29:31 +0800] "POST /xingrg/dwr/call/plaincall/AjaxComOrderService.getMaterielSearchList.dwr HTTP/1.1" 200 597
116.238.192.211 - - [24/Dec/2020:08:29:34 +0800] "POST /xingrg/dwr/call/plaincall/AjaxComOrderService.getMaterielSearchList.dwr HTTP/1.1" 200 299163
116.238.192.211 - - [24/Dec/2020:08:29:34 +0800] "POST /xingrg/dwr/call/plaincall/AjaxComOrderService.getMaterielSearchList.dwr HTTP/1.1" 200 77
116.238.192.211 - - [24/Dec/2020:08:29:35 +0800] "POST /xingrg/dwr/call/plaincall/AjaxComOrderService.getMaterielSearchList.dwr HTTP/1.1" 200 9736
116.238.192.211 - - [24/Dec/2020:08:29:37 +0800] "POST /xingrg/dwr/call/plaincall/AjaxYddbService.getMaterielByMap.dwr HTTP/1.1" 200 3660
172.17.0.123 - - [24/Dec/2020:08:29:45 +0800] "GET /xingrg/all/function/internal_message.html?_=1608769697100&CODE_STATE=getMsg HTTP/1.1" 200 27
116.238.192.211 - - [24/Dec/2020:08:29:47 +0800] "GET /xingrg/all/function/internal_message.html?_=1608769792632&CODE_STATE=getMsg HTTP/1.1" 200 27
116.238.192.211 - - [24/Dec/2020:08:29:50 +0800] "POST /xingrg/dwr/call/plaincall/AjaxYddbService.saveMaterielItem.dwr HTTP/1.1" 200 79
101.228.166.101 - - [24/Dec/2020:08:29:54 +0800] "GET /xingrg/check_reg.html?_=1608769791793 HTTP/1.1" 200 22
101.228.166.101 - - [24/Dec/2020:08:29:54 +0800] "GET /xingrg/all/function/internal_message.html?_=1608769791795&CODE_STATE=getMsg HTTP/1.1" 200 27
172.17.200.101 - - [24/Dec/2020:08:29:55 +0800] "GET /xingrg/all/function/internal_message.html?_=1608769796451&CODE_STATE=getMsg HTTP/1.1" 302 -
116.238.192.211 - - [24/Dec/2020:08:29:55 +0800] "POST /xingrg/dwr/call/plaincall/AjaxYddbService.checkOrder.dwr HTTP/1.1" 200 79
116.238.192.211 - - [24/Dec/2020:08:29:56 +0800] "GET /xingrg/kc/base/yddb_order_info.html?code=482020122400186 HTTP/1.1" 200 29392
116.238.192.211 - - [24/Dec/2020:08:29:56 +0800] "GET /xingrg/dwr/interface/AjaxYddbService.js HTTP/1.1" 200 13201
116.238.192.211 - - [24/Dec/2020:08:29:56 +0800] "GET /xingrg/dwr/engine.js HTTP/1.1" 200 43631
116.238.192.211 - - [24/Dec/2020:08:29:56 +0800] "GET /xingrg/dwr/interface/AjaxComOrderService.js HTTP/1.1" 200 18264
116.238.192.211 - - [24/Dec/2020:08:29:56 +0800] "POST /xingrg/dwr/call/plaincall/AjaxYddbService.loadMaterielItems.dwr HTTP/1.1" 200 2320
101.228.166.101 - - [24/Dec/2020:08:30:00 +0800] "GET /xingrg/all/function/internal_message.html?_=1608769809612&CODE_STATE=getMsg HTTP/1.1" 200 27
116.238.192.211 - - [24/Dec/2020:08:30:09 +0800] "GET /xingrg/all/function/internal_message.html?_=1608769794392&CODE_STATE=getMsg HTTP/1.1" 200 27
116.228.172.94 - - [24/Dec/2020:08:30:25 +0800] "GET /xingrg/check_reg.html?_=1608769825062 HTTP/1.1" 200 22
116.228.172.94 - - [24/Dec/2020:08:30:25 +0800] "GET /xingrg/all/function/internal_message.html?_=1608769825027&CODE_STATE=getMsg HTTP/1.1" 200 27
172.17.0.123 - - [24/Dec/2020:08:30:45 +0800] "GET /xingrg/all/function/internal_message.html?_=1608769757103&CODE_STATE=getMsg HTTP/1.1" 200 27
116.238.192.211 - - [24/Dec/2020:08:30:47 +0800] "GET /xingrg/all/function/internal_message.html?_=1608769852631&CODE_STATE=getMsg HTTP/1.1" 200 27
101.228.166.101 - - [24/Dec/2020:08:30:54 +0800] "GET /xingrg/all/function/internal_message.html?_=1608769851793&CODE_STATE=getMsg HTTP/1.1" 200 27
172.17.200.101 - - [24/Dec/2020:08:30:55 +0800] "GET /xingrg/all/function/internal_message.html?_=1608769856454&CODE_STATE=getMsg HTTP/1.1" 302 -
101.228.166.101 - - [24/Dec/2020:08:31:00 +0800] "GET /xingrg/all/function/internal_message.html?_=1608769869623&CODE_STATE=getMsg HTTP/1.1" 200 27
116.238.192.211 - - [24/Dec/2020:08:31:09 +0800] "GET /xingrg/check_reg.html?_=1608769854352 HTTP/1.1" 200 22
116.238.192.211 - - [24/Dec/2020:08:31:09 +0800] "GET /xingrg/all/function/internal_message.html?_=1608769854404&CODE_STATE=getMsg HTTP/1.1" 200 27
120.253.135.82 - - [24/Dec/2020:08:31:22 +0800] "GET /xingrg/check_reg.html?_=1608769635184 HTTP/1.1" 200 22
116.228.172.94 - - [24/Dec/2020:08:31:25 +0800] "GET /xingrg/all/function/internal_message.html?_=1608769885040&CODE_STATE=getMsg HTTP/1.1" 200 27
172.17.0.123 - - [24/Dec/2020:08:31:45 +0800] "GET /xingrg/all/function/internal_message.html?_=1608769817105&CODE_STATE=getMsg HTTP/1.1" 200 27
116.238.192.211 - - [24/Dec/2020:08:31:47 +0800] "GET /xingrg/all/function/internal_message.html?_=1608769912649&CODE_STATE=getMsg HTTP/1.1" 200 27
101.228.166.101 - - [24/Dec/2020:08:31:54 +0800] "GET /xingrg/all/function/internal_message.html?_=1608769911795&CODE_STATE=getMsg HTTP/1.1" 200 27
172.17.200.101 - - [24/Dec/2020:08:31:55 +0800] "GET /xingrg/all/function/internal_message.html?_=1608769916456&CODE_STATE=getMsg HTTP/1.1" 302 -
172.17.200.101 - - [24/Dec/2020:08:31:55 +0800] "GET /xingrg/check_reg.html?_=1608769916461 HTTP/1.1" 302 -
101.228.166.101 - - [24/Dec/2020:08:32:00 +0800] "GET /xingrg/all/function/internal_message.html?_=1608769929641&CODE_STATE=getMsg HTTP/1.1" 200 27
116.238.192.211 - - [24/Dec/2020:08:32:09 +0800] "GET /xingrg/all/function/internal_message.html?_=1608769914418&CODE_STATE=getMsg HTTP/1.1" 200 27
222.69.133.149 - - [24/Dec/2020:08:32:11 +0800] "POST /xingrg/services/DataTransmitService HTTP/1.1" 200 524
116.228.172.94 - - [24/Dec/2020:08:32:25 +0800] "GET /xingrg/all/function/internal_message.html?_=1608769945025&CODE_STATE=getMsg HTTP/1.1" 200 27
116.238.192.211 - - [24/Dec/2020:08:32:39 +0800] "POST /xingrg/all/user/operate.html HTTP/1.1" 200 36
116.238.192.211 - - [24/Dec/2020:08:32:40 +0800] "GET /xingrg/javascript/jquery_easy_ui/themes/default/easyui.css HTTP/1.1" 304 -
116.238.192.211 - - [24/Dec/2020:08:32:40 +0800] "GET /xingrg/index.html?sysBaseUrl=http%3A%2F%2F180.169.147.146%3A18081%2Fxingrg%2F&costTime=40×tamp=1608700028892 HTTP/1.1" 200 17179
116.238.192.211 - - [24/Dec/2020:08:32:40 +0800] "GET /xingrg/javascript/jquery_easy_ui/themes/icon.css HTTP/1.1" 304 -
116.238.192.211 - - [24/Dec/2020:08:32:40 +0800] "GET /xingrg/css/form.css HTTP/1.1" 304 -
116.238.192.211 - - [24/Dec/2020:08:32:40 +0800] "GET /xingrg/javascript/jquery-1.4.2.min.js HTTP/1.1" 304 -
116.238.192.211 - - [24/Dec/2020:08:32:40 +0800] "GET /xingrg/javascript/jquery_easy_ui/jquery.easyui.min.js HTTP/1.1" 304 -
116.238.192.211 - - [24/Dec/2020:08:32:40 +0800] "GET /xingrg/javascript/jquery_easy_ui/easyui-lang-zh_CN.js HTTP/1.1" 304 -
116.238.192.211 - - [24/Dec/2020:08:32:40 +0800] "GET /xingrg/javascript/jquery.form.js HTTP/1.1" 304 -
116.238.192.211 - - [24/Dec/2020:08:32:40 +0800] "GET /xingrg/javascript/jquery.utils.js HTTP/1.1" 304 -
116.238.192.211 - - [24/Dec/2020:08:32:40 +0800] "GET /xingrg/javascript/jquery.timers.js HTTP/1.1" 304 -
116.238.192.211 - - [24/Dec/2020:08:32:40 +0800] "GET /xingrg/images/blue/jxLogo.png HTTP/1.1" 304 -
116.238.192.211 - - [24/Dec/2020:08:32:40 +0800] "GET /xingrg/javascript/jquery_easy_ui/themes/icons/settle_new.png HTTP/1.1" 304 -
116.238.192.211 - - [24/Dec/2020:08:32:40 +0800] "GET /xingrg/images/blue/navBackgound.jpg HTTP/1.1" 304 -
116.238.192.211 - - [24/Dec/2020:08:32:40 +0800] "POST /xingrg/all/common/load_tree.html?tree=area_rest_tree_json&manage=1 HTTP/1.1" 200 476
116.238.192.211 - - [24/Dec/2020:08:32:40 +0800] "GET /xingrg/all/function/internal_message.html?_=1608769965497&CODE_STATE=count HTTP/1.1" 200 11
116.238.192.211 - - [24/Dec/2020:08:32:40 +0800] "GET /xingrg/check_reg.html?_=1608769965499 HTTP/1.1" 200 22
116.238.192.211 - - [24/Dec/2020:08:32:40 +0800] "GET /xingrg/images/blue/pingpu.png HTTP/1.1" 304 -
116.238.192.211 - - [24/Dec/2020:08:32:40 +0800] "GET /xingrg/javascript/jquery_easy_ui/themes/default/images/tabs_leftarrow.png HTTP/1.1" 304 -
116.238.192.211 - - [24/Dec/2020:08:32:40 +0800] "GET /xingrg/javascript/jquery_easy_ui/themes/default/images/tabs_rightarrow.png HTTP/1.1" 304 -
116.238.192.211 - - [24/Dec/2020:08:32:40 +0800] "GET /xingrg/javascript/jquery_easy_ui/themes/default/images/panel_tool_collapse.gif HTTP/1.1" 304 -
116.238.192.211 - - [24/Dec/2020:08:32:40 +0800] "POST /xingrg/load_menu.html HTTP/1.1" 200 5138
116.238.192.211 - - [24/Dec/2020:08:32:42 +0800] "GET /xingrg/kc/base/yddb_order_list.html HTTP/1.1" 200 16951
116.238.192.211 - - [24/Dec/2020:08:32:43 +0800] "POST /xingrg/kc/base/yddb_list_operate.html HTTP/1.1" 200 636
172.17.0.123 - - [24/Dec/2020:08:32:45 +0800] "GET /xingrg/all/function/internal_message.html?_=1608769877106&CODE_STATE=getMsg HTTP/1.1" 200 27
116.238.192.211 - - [24/Dec/2020:08:32:48 +0800] "POST /xingrg/kc/base/yddb_list_operate.html HTTP/1.1" 200 1340
116.238.192.211 - - [24/Dec/2020:08:32:50 +0800] "POST /xingrg/kc/base/yddb_list_operate.html HTTP/1.1" 200 592
101.228.166.101 - - [24/Dec/2020:08:32:52 +0800] "POST /xingrg/services/DataTransmitService HTTP/1.1" 200 524
101.228.166.101 - - [24/Dec/2020:08:32:53 +0800] "GET /xingrg/check_reg.html?_=1608769982445 HTTP/1.1" 200 22
101.228.166.101 - - [24/Dec/2020:08:32:54 +0800] "GET /xingrg/all/function/internal_message.html?_=1608769971796&CODE_STATE=getMsg HTTP/1.1" 200 27
172.17.200.101 - - [24/Dec/2020:08:32:55 +0800] "GET /xingrg/all/function/internal_message.html?_=1608769976447&CODE_STATE=getMsg HTTP/1.1" 302 -
101.228.166.101 - - [24/Dec/2020:08:33:00 +0800] "GET /xingrg/all/function/internal_message.html?_=1608769989651&CODE_STATE=getMsg HTTP/1.1" 200 27
116.238.192.211 - - [24/Dec/2020:08:33:09 +0800] "GET /xingrg/all/function/internal_message.html?_=1608769974431&CODE_STATE=getMsg HTTP/1.1" 200 27
116.238.192.211 - - [24/Dec/2020:08:33:16 +0800] "GET /xingrg/kc/buy/cgsh_order_list.html HTTP/1.1" 200 45417
116.238.192.211 - - [24/Dec/2020:08:33:17 +0800] "POST /xingrg/kc/buy/cgsh_list_operate.html HTTP/1.1" 200 876
116.238.192.211 - - [24/Dec/2020:08:33:21 +0800] "GET /xingrg/kc/buy/cgsh_order_add.html HTTP/1.1" 200 61072
116.238.192.211 - - [24/Dec/2020:08:33:21 +0800] "GET /xingrg/words/20201222144931_words.js HTTP/1.1" 304 -
116.238.192.211 - - [24/Dec/2020:08:33:21 +0800] "POST /xingrg/kc/buy/cgsh_order_operate.html HTTP/1.1" 200 8245
116.238.192.211 - - [24/Dec/2020:08:33:21 +0800] "GET /xingrg/all/common/auto_word.html?type=employee&rest_code=00150 HTTP/1.1" 200 205
116.238.192.211 - - [24/Dec/2020:08:33:21 +0800] "GET /xingrg/all/common/auto_word.html?type=employee&rest_code=00150 HTTP/1.1" 200 205
116.238.192.211 - - [24/Dec/2020:08:33:21 +0800] "GET /xingrg/javascript/easyui/themes/default/validatebox.css HTTP/1.1" 404 1104
116.228.172.94 - - [24/Dec/2020:08:33:25 +0800] "GET /xingrg/all/function/internal_message.html?_=1608770005031&CODE_STATE=getMsg HTTP/1.1" 200 27
172.17.0.123 - - [24/Dec/2020:08:33:38 +0800] "GET /favicon.ico HTTP/1.1" 404 -
117.131.5.26 - - [24/Dec/2020:08:33:40 +0800] "POST /xingrg/services/DataTransmitService HTTP/1.1" 200 524
116.238.192.211 - - [24/Dec/2020:08:33:40 +0800] "GET /xingrg/all/function/internal_message.html?_=1608770025620&CODE_STATE=getMsg HTTP/1.1" 200 27
172.17.0.123 - - [24/Dec/2020:08:33:45 +0800] "GET /xingrg/check_reg.html?_=1608769937108 HTTP/1.1" 200 22
172.17.0.123 - - [24/Dec/2020:08:33:45 +0800] "GET /xingrg/all/function/internal_message.html?_=1608769937109&CODE_STATE=getMsg HTTP/1.1" 200 27
101.228.166.101 - - [24/Dec/2020:08:33:54 +0800] "GET /xingrg/all/function/internal_message.html?_=1608770031795&CODE_STATE=getMsg HTTP/1.1" 200 27
172.17.200.101 - - [24/Dec/2020:08:33:55 +0800] "GET /xingrg/all/function/internal_message.html?_=1608770036473&CODE_STATE=getMsg HTTP/1.1" 302 -
101.228.166.101 - - [24/Dec/2020:08:34:00 +0800] "GET /xingrg/all/function/internal_message.html?_=1608770049665&CODE_STATE=getMsg HTTP/1.1" 200 27
116.238.192.211 - - [24/Dec/2020:08:34:09 +0800] "GET /xingrg/all/function/internal_message.html?_=1608770034455&CODE_STATE=getMsg HTTP/1.1" 200 27
116.228.172.94 - - [24/Dec/2020:08:34:25 +0800] "GET /xingrg/all/function/internal_message.html?_=1608770065023&CODE_STATE=getMsg HTTP/1.1" 200 27
116.238.192.211 - - [24/Dec/2020:08:34:34 +0800] "GET /xingrg/javascript/auto/indicator.gif HTTP/1.1" 404 1066
116.238.192.211 - - [24/Dec/2020:08:34:40 +0800] "GET /xingrg/all/function/internal_message.html?_=1608770085512&CODE_STATE=getMsg HTTP/1.1" 200 27
116.238.192.211 - - [24/Dec/2020:08:34:43 +0800] "GET /xingrg/kc/buy/cgsh_order_operate.html?command=get_materiel&rest_code=00150&code=00101008297&supplier_code=00100007&order_time=2020-12-24 HTTP/1.1" 200 412
172.17.0.123 - - [24/Dec/2020:08:34:45 +0800] "GET /xingrg/all/function/internal_message.html?_=1608769997110&CODE_STATE=getMsg HTTP/1.1" 200 27
101.228.166.101 - - [24/Dec/2020:08:34:54 +0800] "GET /xingrg/all/function/internal_message.html?_=1608770091796&CODE_STATE=getMsg HTTP/1.1" 200 27
101.228.166.101 - - [24/Dec/2020:08:34:54 +0800] "GET /xingrg/check_reg.html?_=1608770091799 HTTP/1.1" 200 22
172.17.200.101 - - [24/Dec/2020:08:34:55 +0800] "GET /xingrg/all/function/internal_message.html?_=1608770096474&CODE_STATE=getMsg HTTP/1.1" 302 -
101.228.166.101 - - [24/Dec/2020:08:35:00 +0800] "GET /xingrg/all/function/internal_message.html?_=1608770109680&CODE_STATE=getMsg HTTP/1.1" 200 27
116.238.192.211 - - [24/Dec/2020:08:35:09 +0800] "GET /xingrg/all/function/internal_message.html?_=1608770094459&CODE_STATE=getMsg HTTP/1.1" 200 27
116.228.172.94 - - [24/Dec/2020:08:35:25 +0800] "GET /xingrg/all/function/internal_message.html?_=1608770125022&CODE_STATE=getMsg HTTP/1.1" 200 27
116.228.172.94 - - [24/Dec/2020:08:35:25 +0800] "GET /xingrg/check_reg.html?_=1608770125055 HTTP/1.1" 200 22
116.238.192.211 - - [24/Dec/2020:08:35:35 +0800] "GET /xingrg/kc/buy/cgsh_order_operate.html?command=get_materiel&rest_code=00150&code=00101008257&supplier_code=00100007&order_time=2020-12-24 HTTP/1.1" 200 416
116.238.192.211 - - [24/Dec/2020:08:35:40 +0800] "GET /xingrg/all/function/internal_message.html?_=1608770145510&CODE_STATE=getMsg HTTP/1.1" 200 27
172.17.0.123 - - [24/Dec/2020:08:35:45 +0800] "GET /xingrg/all/function/internal_message.html?_=1608770057096&CODE_STATE=getMsg HTTP/1.1" 200 27
116.238.192.211 - - [24/Dec/2020:08:35:53 +0800] "GET /xingrg/kc/buy/cgsh_order_operate.html?command=get_materiel&rest_code=00150&code=00101008265&supplier_code=00100007&order_time=2020-12-24 HTTP/1.1" 200 409
101.228.166.101 - - [24/Dec/2020:08:35:54 +0800] "GET /xingrg/all/function/internal_message.html?_=1608770151799&CODE_STATE=getMsg HTTP/1.1" 200 27
172.17.200.101 - - [24/Dec/2020:08:35:55 +0800] "GET /xingrg/all/function/internal_message.html?_=1608770156477&CODE_STATE=getMsg HTTP/1.1" 302 -
101.228.166.101 - - [24/Dec/2020:08:36:00 +0800] "GET /xingrg/all/function/internal_message.html?_=1608770169691&CODE_STATE=getMsg HTTP/1.1" 200 27
116.238.192.211 - - [24/Dec/2020:08:36:00 +0800] "GET /xingrg/kc/buy/cgsh_order_operate.html?command=get_materiel&rest_code=00150&code=00101008256&supplier_code=00100007&order_time=2020-12-24 HTTP/1.1" 200 412
116.238.192.211 - - [24/Dec/2020:08:36:05 +0800] "GET /xingrg/kc/buy/cgsh_order_operate.html?command=get_materiel&rest_code=00150&code=00101008261&supplier_code=00100007&order_time=2020-12-24 HTTP/1.1" 200 408
116.238.192.211 - - [24/Dec/2020:08:36:09 +0800] "GET /xingrg/check_reg.html?_=1608770154356 HTTP/1.1" 200 22
116.238.192.211 - - [24/Dec/2020:08:36:09 +0800] "GET /xingrg/all/function/internal_message.html?_=1608770154472&CODE_STATE=getMsg HTTP/1.1" 200 27
116.238.192.211 - - [24/Dec/2020:08:36:11 +0800] "GET /xingrg/kc/buy/cgsh_order_operate.html?command=get_materiel&rest_code=00150&code=00101008210&supplier_code=00100007&order_time=2020-12-24 HTTP/1.1" 200 408
116.238.192.211 - - [24/Dec/2020:08:36:17 +0800] "GET /xingrg/kc/buy/cgsh_order_operate.html?command=get_materiel&rest_code=00150&code=00101008354&supplier_code=00100007&order_time=2020-12-24 HTTP/1.1" 200 412
120.253.135.82 - - [24/Dec/2020:08:36:22 +0800] "GET /xingrg/check_reg.html?_=1608769935184 HTTP/1.1" 200 22
116.238.192.211 - - [24/Dec/2020:08:36:23 +0800] "GET /xingrg/kc/buy/cgsh_order_operate.html?command=get_materiel&rest_code=00150&code=00101008351&supplier_code=00100007&order_time=2020-12-24 HTTP/1.1" 200 427
116.228.172.94 - - [24/Dec/2020:08:36:25 +0800] "GET /xingrg/all/function/internal_message.html?_=1608770185035&CODE_STATE=getMsg HTTP/1.1" 200 27
116.238.192.211 - - [24/Dec/2020:08:36:29 +0800] "GET /xingrg/kc/buy/cgsh_order_operate.html?command=get_materiel&rest_code=00150&code=00101008096&supplier_code=00100007&order_time=2020-12-24 HTTP/1.1" 200 413
116.238.192.211 - - [24/Dec/2020:08:36:34 +0800] "GET /xingrg/kc/buy/cgsh_order_operate.html?command=get_materiel&rest_code=00150&code=00101008038&supplier_code=00100007&order_time=2020-12-24 HTTP/1.1" 200 412
116.238.192.211 - - [24/Dec/2020:08:36:40 +0800] "GET /xingrg/all/function/internal_message.html?_=1608770205519&CODE_STATE=getMsg HTTP/1.1" 200 27
116.238.192.211 - - [24/Dec/2020:08:36:40 +0800] "GET /xingrg/kc/buy/cgsh_order_operate.html?command=get_materiel&rest_code=00150&code=00101008358&supplier_code=00100007&order_time=2020-12-24 HTTP/1.1" 200 412
172.17.0.123 - - [24/Dec/2020:08:36:45 +0800] "GET /xingrg/all/function/internal_message.html?_=1608770117099&CODE_STATE=getMsg HTTP/1.1" 200 27
116.238.192.211 - - [24/Dec/2020:08:36:46 +0800] "GET /xingrg/kc/buy/cgsh_order_operate.html?command=get_materiel&rest_code=00150&code=00101008163&supplier_code=00100007&order_time=2020-12-24 HTTP/1.1" 200 409
116.238.192.211 - - [24/Dec/2020:08:36:53 +0800] "GET /xingrg/kc/buy/cgsh_order_operate.html?command=get_materiel&rest_code=00150&code=00101008084&supplier_code=00100007&order_time=2020-12-24 HTTP/1.1" 200 412
101.228.166.101 - - [24/Dec/2020:08:36:54 +0800] "GET /xingrg/all/function/internal_message.html?_=1608770211799&CODE_STATE=getMsg HTTP/1.1" 200 27
172.17.200.101 - - [24/Dec/2020:08:36:55 +0800] "GET /xingrg/check_reg.html?_=1608770216482 HTTP/1.1" 302 -
172.17.200.101 - - [24/Dec/2020:08:36:55 +0800] "GET /xingrg/all/function/internal_message.html?_=1608770216478&CODE_STATE=getMsg HTTP/1.1" 302 -
116.238.192.211 - - [24/Dec/2020:08:36:59 +0800] "GET /xingrg/kc/buy/cgsh_order_operate.html?command=get_materiel&rest_code=00150&code=00101008370&supplier_code=00100007&order_time=2020-12-24 HTTP/1.1" 200 412
101.228.166.101 - - [24/Dec/2020:08:37:00 +0800] "GET /xingrg/all/function/internal_message.html?_=1608770229711&CODE_STATE=getMsg HTTP/1.1" 200 27
116.238.192.211 - - [24/Dec/2020:08:37:07 +0800] "GET /xingrg/kc/buy/cgsh_order_operate.html?command=get_materiel&rest_code=00150&code=00101008126&supplier_code=00100007&order_time=2020-12-24 HTTP/1.1" 200 412
116.238.192.211 - - [24/Dec/2020:08:37:09 +0800] "GET /xingrg/all/function/internal_message.html?_=1608770214485&CODE_STATE=getMsg HTTP/1.1" 200 27
116.238.192.211 - - [24/Dec/2020:08:37:14 +0800] "GET /xingrg/kc/buy/cgsh_order_operate.html?command=get_materiel&rest_code=00150&code=00101008087&supplier_code=00100007&order_time=2020-12-24 HTTP/1.1" 200 412
116.238.192.211 - - [24/Dec/2020:08:37:20 +0800] "GET /xingrg/kc/buy/cgsh_order_operate.html?command=get_materiel&rest_code=00150&code=00101008361&supplier_code=00100007&order_time=2020-12-24 HTTP/1.1" 200 408
116.228.172.94 - - [24/Dec/2020:08:37:25 +0800] "GET /xingrg/all/function/internal_message.html?_=1608770245029&CODE_STATE=getMsg HTTP/1.1" 200 27
116.238.192.211 - - [24/Dec/2020:08:37:27 +0800] "GET /xingrg/kc/buy/cgsh_order_operate.html?command=get_materiel&rest_code=00150&code=00101008355&supplier_code=00100007&order_time=2020-12-24 HTTP/1.1" 200 408
116.238.192.211 - - [24/Dec/2020:08:37:36 +0800] "GET /xingrg/kc/buy/cgsh_order_operate.html?command=get_materiel&rest_code=00150&code=00101008264&supplier_code=00100007&order_time=2020-12-24 HTTP/1.1" 200 412
116.238.192.211 - - [24/Dec/2020:08:37:40 +0800] "GET /xingrg/check_reg.html?_=1608770265518 HTTP/1.1" 200 22
116.238.192.211 - - [24/Dec/2020:08:37:40 +0800] "GET /xingrg/all/function/internal_message.html?_=1608770265522&CODE_STATE=getMsg HTTP/1.1" 200 27
172.17.0.123 - - [24/Dec/2020:08:37:45 +0800] "GET /xingrg/all/function/internal_message.html?_=1608770177103&CODE_STATE=getMsg HTTP/1.1" 200 27
116.238.192.211 - - [24/Dec/2020:08:37:47 +0800] "GET /xingrg/kc/buy/cgsh_order_operate.html?command=get_materiel&rest_code=00150&code=00101008356&supplier_code=00100007&order_time=2020-12-24 HTTP/1.1" 200 408
116.238.192.211 - - [24/Dec/2020:08:37:51 +0800] "POST /xingrg/kc/buy/cgsh_order_operate.html HTTP/1.1" 200 2065
101.228.166.101 - - [24/Dec/2020:08:37:53 +0800] "GET /xingrg/check_reg.html?_=1608770282448 HTTP/1.1" 200 22
101.228.166.101 - - [24/Dec/2020:08:37:54 +0800] "GET /xingrg/all/function/internal_message.html?_=1608770271799&CODE_STATE=getMsg HTTP/1.1" 200 27
172.17.200.101 - - [24/Dec/2020:08:37:55 +0800] "GET /xingrg/all/function/internal_message.html?_=1608770276489&CODE_STATE=getMsg HTTP/1.1" 302 -
116.238.192.211 - - [24/Dec/2020:08:37:55 +0800] "GET /xingrg/kc/buy/cgsh_order_operate.html?command=get_materiel&rest_code=00150&code=00101008300&supplier_code=00100007&order_time=2020-12-24 HTTP/1.1" 200 412
101.228.166.101 - - [24/Dec/2020:08:38:00 +0800] "GET /xingrg/all/function/internal_message.html?_=1608770289720&CODE_STATE=getMsg HTTP/1.1" 200 27
116.238.192.211 - - [24/Dec/2020:08:38:01 +0800] "GET /xingrg/kc/buy/cgsh_order_operate.html?command=get_materiel&rest_code=00150&code=00101008251&supplier_code=00100007&order_time=2020-12-24 HTTP/1.1" 200 408
116.238.192.211 - - [24/Dec/2020:08:38:06 +0800] "GET /xingrg/kc/buy/cgsh_order_operate.html?command=get_materiel&rest_code=00150&code=00101008357&supplier_code=00100007&order_time=2020-12-24 HTTP/1.1" 200 408
116.238.192.211 - - [24/Dec/2020:08:38:09 +0800] "GET /xingrg/all/function/internal_message.html?_=1608770274499&CODE_STATE=getMsg HTTP/1.1" 200 27
116.238.192.211 - - [24/Dec/2020:08:38:11 +0800] "GET /xingrg/kc/buy/cgsh_order_operate.html?command=get_materiel&rest_code=00150&code=00101008069&supplier_code=00100007&order_time=2020-12-24 HTTP/1.1" 200 412
116.238.192.211 - - [24/Dec/2020:08:38:15 +0800] "GET /xingrg/kc/buy/cgsh_order_operate.html?command=get_materiel&rest_code=00150&code=00101008286&supplier_code=00100007&order_time=2020-12-24 HTTP/1.1" 200 408
116.238.192.211 - - [24/Dec/2020:08:38:17 +0800] "POST /xingrg/kc/buy/cgsh_order_operate.html HTTP/1.1" 200 2065
116.238.192.211 - - [24/Dec/2020:08:38:22 +0800] "GET /xingrg/kc/buy/cgsh_order_operate.html?command=get_materiel&rest_code=00150&code=00101008036&supplier_code=00100007&order_time=2020-12-24 HTTP/1.1" 200 408
116.228.172.94 - - [24/Dec/2020:08:38:25 +0800] "GET /xingrg/all/function/internal_message.html?_=1608770305030&CODE_STATE=getMsg HTTP/1.1" 200 27
116.238.192.211 - - [24/Dec/2020:08:38:27 +0800] "GET /xingrg/kc/buy/cgsh_order_operate.html?command=get_materiel&rest_code=00150&code=00101008131&supplier_code=00100007&order_time=2020-12-24 HTTP/1.1" 200 408
116.238.192.211 - - [24/Dec/2020:08:38:33 +0800] "GET /xingrg/kc/buy/cgsh_order_operate.html?command=get_materiel&rest_code=00150&code=00101008296&supplier_code=00100007&order_time=2020-12-24 HTTP/1.1" 200 416
116.238.192.211 - - [24/Dec/2020:08:38:38 +0800] "GET /xingrg/kc/buy/cgsh_order_operate.html?command=get_materiel&rest_code=00150&code=00101008169&supplier_code=00100007&order_time=2020-12-24 HTTP/1.1" 200 412
116.238.192.211 - - [24/Dec/2020:08:38:40 +0800] "GET /xingrg/all/function/internal_message.html?_=1608770325527&CODE_STATE=getMsg HTTP/1.1" 200 27
172.17.0.123 - - [24/Dec/2020:08:38:45 +0800] "GET /xingrg/all/function/internal_message.html?_=1608770237104&CODE_STATE=getMsg HTTP/1.1" 200 27
172.17.0.123 - - [24/Dec/2020:08:38:45 +0800] "GET /xingrg/check_reg.html?_=1608770237106 HTTP/1.1" 200 22
116.238.192.211 - - [24/Dec/2020:08:38:45 +0800] "GET /xingrg/kc/buy/cgsh_order_operate.html?command=get_materiel&rest_code=00150&code=00101008352&supplier_code=00100007&order_time=2020-12-24 HTTP/1.1" 200 412
116.238.192.211 - - [24/Dec/2020:08:38:47 +0800] "POST /xingrg/kc/buy/cgsh_order_operate.html HTTP/1.1" 200 2065
116.238.192.211 - - [24/Dec/2020:08:38:51 +0800] "GET /xingrg/kc/buy/cgsh_order_operate.html?command=get_materiel&rest_code=00150&code=00101008005&supplier_code=00100007&order_time=2020-12-24 HTTP/1.1" 200 431
101.228.166.101 - - [24/Dec/2020:08:38:54 +0800] "GET /xingrg/all/function/internal_message.html?_=1608770331799&CODE_STATE=getMsg HTTP/1.1" 200 27
172.17.200.101 - - [24/Dec/2020:08:38:55 +0800] "GET /xingrg/all/function/internal_message.html?_=1608770336474&CODE_STATE=getMsg HTTP/1.1" 302 -
101.228.166.101 - - [24/Dec/2020:08:39:00 +0800] "GET /xingrg/all/function/internal_message.html?_=1608770349733&CODE_STATE=getMsg HTTP/1.1" 200 27
116.238.192.211 - - [24/Dec/2020:08:39:03 +0800] "GET /xingrg/kc/buy/cgsh_order_operate.html?command=get_materiel&rest_code=00150&code=00101008353&supplier_code=00100007&order_time=2020-12-24 HTTP/1.1" 200 408
116.238.192.211 - - [24/Dec/2020:08:39:08 +0800] "GET /xingrg/kc/buy/cgsh_order_operate.html?command=get_materiel&rest_code=00150&code=00101008312&supplier_code=00100007&order_time=2020-12-24 HTTP/1.1" 200 412
116.238.192.211 - - [24/Dec/2020:08:39:09 +0800] "GET /xingrg/all/function/internal_message.html?_=1608770334520&CODE_STATE=getMsg HTTP/1.1" 200 27
116.238.192.211 - - [24/Dec/2020:08:39:22 +0800] "GET /xingrg/kc/buy/cgsh_order_operate.html?command=get_materiel&rest_code=00150&code=00101008344&supplier_code=00100007&order_time=2020-12-24 HTTP/1.1" 200 412
116.228.172.94 - - [24/Dec/2020:08:39:25 +0800] "GET /xingrg/all/function/internal_message.html?_=1608770365030&CODE_STATE=getMsg HTTP/1.1" 200 27
116.238.192.211 - - [24/Dec/2020:08:39:29 +0800] "GET /xingrg/kc/buy/cgsh_order_operate.html?command=get_materiel&rest_code=00150&code=00101008221&supplier_code=00100007&order_time=2020-12-24 HTTP/1.1" 200 412
116.238.192.211 - - [24/Dec/2020:08:39:33 +0800] "POST /xingrg/kc/buy/cgsh_order_operate.html HTTP/1.1" 200 2065
116.238.192.211 - - [24/Dec/2020:08:39:38 +0800] "GET /xingrg/kc/buy/cgsh_order_operate.html?command=get_materiel&rest_code=00150&code=00101008095&supplier_code=00100007&order_time=2020-12-24 HTTP/1.1" 200 412
116.238.192.211 - - [24/Dec/2020:08:39:40 +0800] "GET /xingrg/all/function/internal_message.html?_=1608770385529&CODE_STATE=getMsg HTTP/1.1" 200 27
116.238.192.211 - - [24/Dec/2020:08:39:44 +0800] "GET /xingrg/kc/buy/cgsh_order_operate.html?command=get_materiel&rest_code=00150&code=00101008110&supplier_code=00100007&order_time=2020-12-24 HTTP/1.1" 200 408
172.17.0.123 - - [24/Dec/2020:08:39:45 +0800] "GET /xingrg/all/function/internal_message.html?_=1608770297108&CODE_STATE=getMsg HTTP/1.1" 200 27
116.238.192.211 - - [24/Dec/2020:08:39:49 +0800] "GET /xingrg/kc/buy/cgsh_order_operate.html?command=get_materiel&rest_code=00150&code=00101008242&supplier_code=00100007&order_time=2020-12-24 HTTP/1.1" 200 408
101.228.166.101 - - [24/Dec/2020:08:39:54 +0800] "GET /xingrg/all/function/internal_message.html?_=1608770391796&CODE_STATE=getMsg HTTP/1.1" 200 27
101.228.166.101 - - [24/Dec/2020:08:39:54 +0800] "GET /xingrg/check_reg.html?_=1608770391799 HTTP/1.1" 200 22
172.17.200.101 - - [24/Dec/2020:08:39:55 +0800] "GET /xingrg/all/function/internal_message.html?_=1608770396478&CODE_STATE=getMsg HTTP/1.1" 302 -
116.238.192.211 - - [24/Dec/2020:08:39:58 +0800] "POST /xingrg/kc/buy/cgsh_order_operate.html HTTP/1.1" 200 37
116.238.192.211 - - [24/Dec/2020:08:39:59 +0800] "POST /xingrg/kc/buy/cgsh_order_operate.html HTTP/1.1" 200 24517
101.228.166.101 - - [24/Dec/2020:08:40:00 +0800] "GET /xingrg/all/function/internal_message.html?_=1608770409751&CODE_STATE=getMsg HTTP/1.1" 200 27
116.238.192.211 - - [24/Dec/2020:08:40:09 +0800] "GET /xingrg/all/function/internal_message.html?_=1608770394525&CODE_STATE=getMsg HTTP/1.1" 200 27
116.228.172.94 - - [24/Dec/2020:08:40:25 +0800] "GET /xingrg/all/function/internal_message.html?_=1608770425030&CODE_STATE=getMsg HTTP/1.1" 200 27
116.228.172.94 - - [24/Dec/2020:08:40:25 +0800] "GET /xingrg/check_reg.html?_=1608770425033 HTTP/1.1" 200 22
116.238.192.211 - - [24/Dec/2020:08:40:40 +0800] "GET /xingrg/all/function/internal_message.html?_=1608770445533&CODE_STATE=getMsg HTTP/1.1" 200 27
172.17.0.123 - - [24/Dec/2020:08:40:45 +0800] "GET /xingrg/all/function/internal_message.html?_=1608770357110&CODE_STATE=getMsg HTTP/1.1" 200 27
101.228.166.101 - - [24/Dec/2020:08:40:54 +0800] "GET /xingrg/all/function/internal_message.html?_=1608770451799&CODE_STATE=getMsg HTTP/1.1" 200 27
172.17.200.101 - - [24/Dec/2020:08:40:55 +0800] "GET /xingrg/all/function/internal_message.html?_=1608770456481&CODE_STATE=getMsg HTTP/1.1" 302 -
101.228.166.101 - - [24/Dec/2020:08:41:00 +0800] "GET /xingrg/all/function/internal_message.html?_=1608770469759&CODE_STATE=getMsg HTTP/1.1" 200 27
116.238.192.211 - - [24/Dec/2020:08:41:09 +0800] "GET /xingrg/check_reg.html?_=1608770454371 HTTP/1.1" 200 22
116.238.192.211 - - [24/Dec/2020:08:41:09 +0800] "GET /xingrg/all/function/internal_message.html?_=1608770454539&CODE_STATE=getMsg HTTP/1.1" 200 27
120.253.135.82 - - [24/Dec/2020:08:41:22 +0800] "GET /xingrg/check_reg.html?_=1608770235190 HTTP/1.1" 200 22
116.228.172.94 - - [24/Dec/2020:08:41:25 +0800] "GET /xingrg/all/function/internal_message.html?_=1608770485039&CODE_STATE=getMsg HTTP/1.1" 200 27
116.238.192.211 - - [24/Dec/2020:08:41:40 +0800] "GET /xingrg/all/function/internal_message.html?_=1608770505533&CODE_STATE=getMsg HTTP/1.1" 200 27
172.17.0.123 - - [24/Dec/2020:08:41:45 +0800] "GET /xingrg/all/function/internal_message.html?_=1608770417095&CODE_STATE=getMsg HTTP/1.1" 200 27
101.228.166.101 - - [24/Dec/2020:08:41:54 +0800] "GET /xingrg/all/function/internal_message.html?_=1608770511797&CODE_STATE=getMsg HTTP/1.1" 200 27
172.17.200.101 - - [24/Dec/2020:08:41:55 +0800] "GET /xingrg/all/function/internal_message.html?_=1608770516484&CODE_STATE=getMsg HTTP/1.1" 302 -
172.17.200.101 - - [24/Dec/2020:08:41:55 +0800] "GET /xingrg/check_reg.html?_=1608770516487 HTTP/1.1" 302 -
101.228.166.101 - - [24/Dec/2020:08:42:00 +0800] "GET /xingrg/all/function/internal_message.html?_=1608770529774&CODE_STATE=getMsg HTTP/1.1" 200 27
116.238.192.211 - - [24/Dec/2020:08:42:09 +0800] "GET /xingrg/all/function/internal_message.html?_=1608770514554&CODE_STATE=getMsg HTTP/1.1" 200 27
116.228.172.94 - - [24/Dec/2020:08:42:25 +0800] "GET /xingrg/all/function/internal_message.html?_=1608770545034&CODE_STATE=getMsg HTTP/1.1" 200 27
116.238.192.211 - - [24/Dec/2020:08:42:40 +0800] "GET /xingrg/check_reg.html?_=1608770565534 HTTP/1.1" 200 22
116.238.192.211 - - [24/Dec/2020:08:42:40 +0800] "GET /xingrg/all/function/internal_message.html?_=1608770565538&CODE_STATE=getMsg HTTP/1.1" 200 27
172.17.0.123 - - [24/Dec/2020:08:42:45 +0800] "GET /xingrg/all/function/internal_message.html?_=1608770477097&CODE_STATE=getMsg HTTP/1.1" 200 27
101.228.166.101 - - [24/Dec/2020:08:42:52 +0800] "POST /xingrg/services/DataTransmitService HTTP/1.1" 200 524
101.228.166.101 - - [24/Dec/2020:08:42:53 +0800] "GET /xingrg/check_reg.html?_=1608770582454 HTTP/1.1" 200 22
101.228.166.101 - - [24/Dec/2020:08:42:54 +0800] "GET /xingrg/all/function/internal_message.html?_=1608770571802&CODE_STATE=getMsg HTTP/1.1" 200 27
172.17.200.101 - - [24/Dec/2020:08:42:55 +0800] "GET /xingrg/all/function/internal_message.html?_=1608770576473&CODE_STATE=getMsg HTTP/1.1" 302 -
101.228.166.101 - - [24/Dec/2020:08:43:00 +0800] "GET /xingrg/all/function/internal_message.html?_=1608770589786&CODE_STATE=getMsg HTTP/1.1" 200 27
116.238.192.211 - - [24/Dec/2020:08:43:09 +0800] "GET /xingrg/all/function/internal_message.html?_=1608770574566&CODE_STATE=getMsg HTTP/1.1" 200 27
116.228.172.94 - - [24/Dec/2020:08:43:25 +0800] "GET /xingrg/all/function/internal_message.html?_=1608770605036&CODE_STATE=getMsg HTTP/1.1" 200 27
116.238.192.211 - - [24/Dec/2020:08:43:40 +0800] "GET /xingrg/all/function/internal_message.html?_=1608770625542&CODE_STATE=getMsg HTTP/1.1" 200 27
117.131.5.26 - - [24/Dec/2020:08:43:40 +0800] "POST /xingrg/services/DataTransmitService HTTP/1.1" 200 524
172.17.0.123 - - [24/Dec/2020:08:43:45 +0800] "GET /xingrg/all/function/internal_message.html?_=1608770537099&CODE_STATE=getMsg HTTP/1.1" 200 27
172.17.0.123 - - [24/Dec/2020:08:43:45 +0800] "GET /xingrg/check_reg.html?_=1608770537101 HTTP/1.1" 200 22
101.228.166.101 - - [24/Dec/2020:08:43:54 +0800] "GET /xingrg/all/function/internal_message.html?_=1608770631800&CODE_STATE=getMsg HTTP/1.1" 200 27
172.17.200.101 - - [24/Dec/2020:08:43:55 +0800] "GET /xingrg/all/function/internal_message.html?_=1608770636475&CODE_STATE=getMsg HTTP/1.1" 302 -
101.228.166.101 - - [24/Dec/2020:08:44:00 +0800] "GET /xingrg/all/function/internal_message.html?_=1608770649801&CODE_STATE=getMsg HTTP/1.1" 200 27
116.238.192.211 - - [24/Dec/2020:08:44:09 +0800] "GET /xingrg/all/function/internal_message.html?_=1608770634588&CODE_STATE=getMsg HTTP/1.1" 200 27
116.228.172.94 - - [24/Dec/2020:08:44:25 +0800] "GET /xingrg/all/function/internal_message.html?_=1608770665043&CODE_STATE=getMsg HTTP/1.1" 200 27
116.238.192.211 - - [24/Dec/2020:08:44:40 +0800] "GET /xingrg/all/function/internal_message.html?_=1608770685556&CODE_STATE=getMsg HTTP/1.1" 200 27
172.17.0.123 - - [24/Dec/2020:08:44:45 +0800] "GET /xingrg/all/function/internal_message.html?_=1608770597103&CODE_STATE=getMsg HTTP/1.1" 200 27
101.228.166.101 - - [24/Dec/2020:08:44:54 +0800] "GET /xingrg/all/function/internal_message.html?_=1608770691802&CODE_STATE=getMsg HTTP/1.1" 200 27
101.228.166.101 - - [24/Dec/2020:08:44:54 +0800] "GET /xingrg/check_reg.html?_=1608770691804 HTTP/1.1" 200 22
172.17.200.101 - - [24/Dec/2020:08:44:55 +0800] "GET /xingrg/all/function/internal_message.html?_=1608770696476&CODE_STATE=getMsg HTTP/1.1" 302 -
180.162.223.42 - - [24/Dec/2020:08:44:55 +0800] "GET /xingrg/index.html?sysBaseUrl=http%3A%2F%2F180.169.147.146%3A18081%2Fxingrg%2F&costTime=32×tamp=1585224308505 HTTP/1.1" 302 -
180.162.223.42 - - [24/Dec/2020:08:44:56 +0800] "GET /xingrg/login.html HTTP/1.1" 200 7641
101.228.166.101 - - [24/Dec/2020:08:45:01 +0800] "GET /xingrg/all/function/internal_message.html?_=1608770709819&CODE_STATE=getMsg HTTP/1.1" 200 27
180.162.223.42 - - [24/Dec/2020:08:45:07 +0800] "GET /favicon.ico HTTP/1.1" 404 -
116.238.192.211 - - [24/Dec/2020:08:45:09 +0800] "GET /xingrg/all/function/internal_message.html?_=1608770694593&CODE_STATE=getMsg HTTP/1.1" 200 27
116.228.172.94 - - [24/Dec/2020:08:45:25 +0800] "GET /xingrg/check_reg.html?_=1608770725044 HTTP/1.1" 200 22
116.228.172.94 - - [24/Dec/2020:08:45:25 +0800] "GET /xingrg/all/function/internal_message.html?_=1608770725048&CODE_STATE=getMsg HTTP/1.1" 200 27
116.238.192.211 - - [24/Dec/2020:08:45:40 +0800] "GET /xingrg/all/function/internal_message.html?_=1608770745550&CODE_STATE=getMsg HTTP/1.1" 200 27
172.17.0.123 - - [24/Dec/2020:08:45:45 +0800] "GET /xingrg/all/function/internal_message.html?_=1608770657105&CODE_STATE=getMsg HTTP/1.1" 200 27
101.228.166.101 - - [24/Dec/2020:08:45:54 +0800] "GET /xingrg/all/function/internal_message.html?_=1608770751804&CODE_STATE=getMsg HTTP/1.1" 200 27
172.17.200.101 - - [24/Dec/2020:08:45:55 +0800] "GET /xingrg/all/function/internal_message.html?_=1608770756472&CODE_STATE=getMsg HTTP/1.1" 302 -
101.228.166.101 - - [24/Dec/2020:08:46:01 +0800] "GET /xingrg/all/function/internal_message.html?_=1608770769827&CODE_STATE=getMsg HTTP/1.1" 200 27
116.238.192.211 - - [24/Dec/2020:08:46:09 +0800] "GET /xingrg/check_reg.html?_=1608770754380 HTTP/1.1" 200 22
116.238.192.211 - - [24/Dec/2020:08:46:09 +0800] "GET /xingrg/all/function/internal_message.html?_=1608770754608&CODE_STATE=getMsg HTTP/1.1" 200 27
120.253.135.82 - - [24/Dec/2020:08:46:22 +0800] "GET /xingrg/check_reg.html?_=1608770535198 HTTP/1.1" 200 22
116.228.172.94 - - [24/Dec/2020:08:46:25 +0800] "GET /xingrg/all/function/internal_message.html?_=1608770785042&CODE_STATE=getMsg HTTP/1.1" 200 27
116.238.192.211 - - [24/Dec/2020:08:46:40 +0800] "GET /xingrg/all/function/internal_message.html?_=1608770805557&CODE_STATE=getMsg HTTP/1.1" 200 27
180.162.223.42 - - [24/Dec/2020:08:46:42 +0800] "POST /xingrg/login.do HTTP/1.1" 302 -
180.162.223.42 - - [24/Dec/2020:08:46:42 +0800] "GET /xingrg/index.html?sysBaseUrl=http%3A%2F%2F180.169.147.146%3A18081%2Fxingrg%2F&costTime=38×tamp=1608770802655 HTTP/1.1" 200 17173
180.162.223.42 - - [24/Dec/2020:08:46:43 +0800] "GET /favicon.ico HTTP/1.1" 404 -
180.162.223.42 - - [24/Dec/2020:08:46:43 +0800] "POST /xingrg/all/common/load_tree.html?tree=area_rest_tree_json&manage=1 HTTP/1.1" 200 342
180.162.223.42 - - [24/Dec/2020:08:46:43 +0800] "GET /xingrg/all/function/internal_message.html?_=1608770783646&CODE_STATE=count HTTP/1.1" 200 11
180.162.223.42 - - [24/Dec/2020:08:46:43 +0800] "GET /xingrg/check_reg.html?_=1608770783647 HTTP/1.1" 200 22
180.162.223.42 - - [24/Dec/2020:08:46:43 +0800] "POST /xingrg/load_menu.html HTTP/1.1" 200 5138
172.17.0.123 - - [24/Dec/2020:08:46:45 +0800] "GET /xingrg/all/function/internal_message.html?_=1608770717107&CODE_STATE=getMsg HTTP/1.1" 200 27
101.228.166.101 - - [24/Dec/2020:08:46:54 +0800] "GET /xingrg/all/function/internal_message.html?_=1608770811806&CODE_STATE=getMsg HTTP/1.1" 200 27
172.17.200.101 - - [24/Dec/2020:08:46:55 +0800] "GET /xingrg/check_reg.html?_=1608770816475 HTTP/1.1" 302 -
172.17.200.101 - - [24/Dec/2020:08:46:55 +0800] "GET /xingrg/all/function/internal_message.html?_=1608770816473&CODE_STATE=getMsg HTTP/1.1" 302 -
116.228.172.94 - - [24/Dec/2020:08:46:57 +0800] "GET /xingrg/kc/buy/buy_main.html HTTP/1.1" 200 12412
116.228.172.94 - - [24/Dec/2020:08:46:58 +0800] "GET /xingrg/css/new_ie.css HTTP/1.1" 404 1036
116.228.172.94 - - [24/Dec/2020:08:46:58 +0800] "GET /xingrg/images/yd/bt.gif HTTP/1.1" 404 1040
58.35.244.144 - - [24/Dec/2020:08:46:58 +0800] "GET /favicon.ico HTTP/1.1" 404 -
58.35.244.144 - - [24/Dec/2020:08:46:58 +0800] "GET /xingrg/index.html?sysBaseUrl=http%3A%2F%2F180.169.147.146%3A18081%2Fxingrg%2F&costTime=38×tamp=1588335986102 HTTP/1.1" 302 -
58.35.244.144 - - [24/Dec/2020:08:46:58 +0800] "GET /xingrg/login.html HTTP/1.1" 200 7641
58.35.244.144 - - [24/Dec/2020:08:46:59 +0800] "GET /favicon.ico HTTP/1.1" 404 -
116.228.172.94 - - [24/Dec/2020:08:47:00 +0800] "GET /xingrg/kc/buy/cgsh_order_list.html HTTP/1.1" 200 45417
101.228.166.101 - - [24/Dec/2020:08:47:01 +0800] "GET /xingrg/all/function/internal_message.html?_=1608770829846&CODE_STATE=getMsg HTTP/1.1" 200 27
116.228.172.94 - - [24/Dec/2020:08:47:01 +0800] "POST /xingrg/kc/buy/cgsh_list_operate.html HTTP/1.1" 200 876
116.228.172.94 - - [24/Dec/2020:08:47:04 +0800] "GET /xingrg/kc/buy/cgsh_order_add.html HTTP/1.1" 200 61236
116.228.172.94 - - [24/Dec/2020:08:47:04 +0800] "GET /xingrg/words/20201222144931_words.js HTTP/1.1" 304 -
116.228.172.94 - - [24/Dec/2020:08:47:04 +0800] "GET /xingrg/all/common/auto_word.html?type=employee&rest_code=00107 HTTP/1.1" 200 151
116.228.172.94 - - [24/Dec/2020:08:47:04 +0800] "GET /xingrg/javascript/easyui/themes/default/validatebox.css HTTP/1.1" 404 1104
116.228.172.94 - - [24/Dec/2020:08:47:04 +0800] "GET /xingrg/all/common/auto_word.html?type=employee&rest_code=00107 HTTP/1.1" 200 151
116.228.172.94 - - [24/Dec/2020:08:47:04 +0800] "POST /xingrg/kc/buy/cgsh_order_operate.html HTTP/1.1" 200 8245
116.238.192.211 - - [24/Dec/2020:08:47:09 +0800] "GET /xingrg/all/function/internal_message.html?_=1608770814622&CODE_STATE=getMsg HTTP/1.1" 200 27
58.35.244.144 - - [24/Dec/2020:08:47:13 +0800] "POST /xingrg/login.do HTTP/1.1" 302 -
58.35.244.144 - - [24/Dec/2020:08:47:13 +0800] "GET /xingrg/index.html?sysBaseUrl=http%3A%2F%2F180.169.147.146%3A18081%2Fxingrg%2F&costTime=42×tamp=1608770833206 HTTP/1.1" 200 17173
58.35.244.144 - - [24/Dec/2020:08:47:13 +0800] "GET /favicon.ico HTTP/1.1" 404 -
58.35.244.144 - - [24/Dec/2020:08:47:13 +0800] "POST /xingrg/all/common/load_tree.html?tree=area_rest_tree_json&manage=1 HTTP/1.1" 200 342
58.35.244.144 - - [24/Dec/2020:08:47:13 +0800] "GET /xingrg/check_reg.html?_=1608770977260 HTTP/1.1" 200 22
58.35.244.144 - - [24/Dec/2020:08:47:13 +0800] "GET /xingrg/all/function/internal_message.html?_=1608770977259&CODE_STATE=count HTTP/1.1" 200 11
58.35.244.144 - - [24/Dec/2020:08:47:13 +0800] "POST /xingrg/load_menu.html HTTP/1.1" 200 5138
58.35.244.144 - - [24/Dec/2020:08:47:16 +0800] "GET /xingrg/kc/buy/buy_main.html HTTP/1.1" 200 12412
58.35.244.144 - - [24/Dec/2020:08:47:16 +0800] "GET /xingrg/css/new_ie.css HTTP/1.1" 404 1036
58.35.244.144 - - [24/Dec/2020:08:47:16 +0800] "GET /xingrg/images/yd/bt.gif HTTP/1.1" 404 1040
58.35.244.144 - - [24/Dec/2020:08:47:20 +0800] "GET /xingrg/kc/base/wldb_order_list.html HTTP/1.1" 200 19339
58.35.244.144 - - [24/Dec/2020:08:47:20 +0800] "POST /xingrg/kc/base/wldb_list_operate.html HTTP/1.1" 200 928
58.35.244.144 - - [24/Dec/2020:08:47:25 +0800] "POST /xingrg/kc/base/wldb_list_operate.html HTTP/1.1" 200 6133
116.228.172.94 - - [24/Dec/2020:08:47:25 +0800] "GET /xingrg/all/function/internal_message.html?_=1608770845047&CODE_STATE=getMsg HTTP/1.1" 200 27
58.35.244.144 - - [24/Dec/2020:08:47:33 +0800] "GET /xingrg/kc/base/wldb_order_add.html HTTP/1.1" 200 30508
58.35.244.144 - - [24/Dec/2020:08:47:33 +0800] "GET /xingrg/words/20201222144931_words.js HTTP/1.1" 304 -
58.35.244.144 - - [24/Dec/2020:08:47:34 +0800] "GET /xingrg/all/common/auto_word.html?type=base&rest_code=00111 HTTP/1.1" 200 1753
58.35.244.144 - - [24/Dec/2020:08:47:34 +0800] "GET /xingrg/all/common/auto_word.html?type=base&rest_code=00111 HTTP/1.1" 200 1753
58.35.244.144 - - [24/Dec/2020:08:47:34 +0800] "GET /xingrg/javascript/easyui/themes/default/validatebox.css HTTP/1.1" 404 1104
58.35.244.144 - - [24/Dec/2020:08:47:34 +0800] "POST /xingrg/kc/base/wldb_order_operate.html HTTP/1.1" 200 6806
58.35.244.144 - - [24/Dec/2020:08:47:38 +0800] "GET /xingrg/javascript/auto/indicator.gif HTTP/1.1" 404 1066
116.238.192.211 - - [24/Dec/2020:08:47:40 +0800] "GET /xingrg/all/function/internal_message.html?_=1608770865551&CODE_STATE=getMsg HTTP/1.1" 200 27
116.238.192.211 - - [24/Dec/2020:08:47:40 +0800] "GET /xingrg/check_reg.html?_=1608770865555 HTTP/1.1" 200 22
58.35.244.144 - - [24/Dec/2020:08:47:40 +0800] "GET /xingrg/javascript/jquery_tools/images/next.gif HTTP/1.1" 404 1086
58.35.244.144 - - [24/Dec/2020:08:47:40 +0800] "GET /xingrg/javascript/jquery_tools/images/prev.gif HTTP/1.1" 404 1086
180.162.223.42 - - [24/Dec/2020:08:47:43 +0800] "GET /xingrg/all/function/internal_message.html?_=1608770843648&CODE_STATE=getMsg HTTP/1.1" 200 27
58.35.244.144 - - [24/Dec/2020:08:47:44 +0800] "GET /xingrg/kc/base/wldb_order_operate.html?command=get_materiel&rest_code=00111&base_code=0010306&code=00102002549 HTTP/1.1" 200 449
172.17.0.123 - - [24/Dec/2020:08:47:45 +0800] "GET /xingrg/all/function/internal_message.html?_=1608770777109&CODE_STATE=getMsg HTTP/1.1" 200 27
58.35.244.144 - - [24/Dec/2020:08:47:53 +0800] "POST /xingrg/kc/base/wldb_order_operate.html HTTP/1.1" 200 37
