116.238.192.211 - - [24/Dec/2020:10:10:29 +0800] "GET /xingrg/javascript/jquery_easy_ui/themes/default/easyui.css HTTP/1.1" 304 -
116.238.192.211 - - [24/Dec/2020:10:10:29 +0800] "GET /xingrg/index.html?sysBaseUrl=http%3A%2F%2F180.169.147.146%3A18081%2Fxingrg%2F&costTime=40×tamp=1608723619212 HTTP/1.1" 200 17179
116.238.192.211 - - [24/Dec/2020:10:10:29 +0800] "GET /xingrg/javascript/jquery_easy_ui/themes/icon.css HTTP/1.1" 304 -
116.238.192.211 - - [24/Dec/2020:10:10:29 +0800] "GET /xingrg/css/form.css HTTP/1.1" 304 -
116.238.192.211 - - [24/Dec/2020:10:10:29 +0800] "GET /xingrg/javascript/jquery-1.4.2.min.js HTTP/1.1" 304 -
116.238.192.211 - - [24/Dec/2020:10:10:29 +0800] "GET /xingrg/javascript/jquery_easy_ui/jquery.easyui.min.js HTTP/1.1" 304 -
116.238.192.211 - - [24/Dec/2020:10:10:29 +0800] "GET /xingrg/javascript/jquery_easy_ui/easyui-lang-zh_CN.js HTTP/1.1" 304 -
116.238.192.211 - - [24/Dec/2020:10:10:29 +0800] "GET /xingrg/javascript/jquery.form.js HTTP/1.1" 304 -
116.238.192.211 - - [24/Dec/2020:10:10:29 +0800] "GET /xingrg/javascript/jquery.utils.js HTTP/1.1" 304 -
116.238.192.211 - - [24/Dec/2020:10:10:29 +0800] "GET /xingrg/javascript/jquery.timers.js HTTP/1.1" 304 -
116.238.192.211 - - [24/Dec/2020:10:10:29 +0800] "GET /xingrg/images/blue/navBackgound.jpg HTTP/1.1" 304 -
116.238.192.211 - - [24/Dec/2020:10:10:29 +0800] "GET /xingrg/images/blue/jxLogo.png HTTP/1.1" 304 -
116.238.192.211 - - [24/Dec/2020:10:10:29 +0800] "GET /xingrg/javascript/jquery_easy_ui/themes/icons/settle_new.png HTTP/1.1" 304 -
116.238.192.211 - - [24/Dec/2020:10:10:29 +0800] "POST /xingrg/all/common/load_tree.html?tree=area_rest_tree_json&manage=1 HTTP/1.1" 200 476
116.238.192.211 - - [24/Dec/2020:10:10:29 +0800] "GET /xingrg/images/blue/pingpu.png HTTP/1.1" 304 -
116.238.192.211 - - [24/Dec/2020:10:10:29 +0800] "GET /xingrg/javascript/jquery_easy_ui/themes/default/images/tabs_leftarrow.png HTTP/1.1" 304 -
116.238.192.211 - - [24/Dec/2020:10:10:29 +0800] "GET /xingrg/kc/buy/cgsh_order_info.html?code=212020122409456 HTTP/1.1" 200 55967
116.238.192.211 - - [24/Dec/2020:10:10:29 +0800] "GET /xingrg/javascript/jquery_easy_ui/themes/default/images/tabs_rightarrow.png HTTP/1.1" 304 -
116.238.192.211 - - [24/Dec/2020:10:10:29 +0800] "GET /xingrg/javascript/jquery_easy_ui/themes/default/images/panel_tool_collapse.gif HTTP/1.1" 304 -
116.238.192.211 - - [24/Dec/2020:10:10:29 +0800] "GET /xingrg/all/function/internal_message.html?_=1608775814292&CODE_STATE=count HTTP/1.1" 200 11
116.238.192.211 - - [24/Dec/2020:10:10:29 +0800] "GET /xingrg/check_reg.html?_=1608775814292 HTTP/1.1" 200 22
116.238.192.211 - - [24/Dec/2020:10:10:29 +0800] "POST /xingrg/load_menu.html HTTP/1.1" 200 5138
116.238.192.211 - - [24/Dec/2020:10:10:29 +0800] "GET /xingrg/javascript/easyui/themes/default/validatebox.css HTTP/1.1" 404 1104
116.238.192.211 - - [24/Dec/2020:10:10:30 +0800] "POST /xingrg/kc/buy/cgsh_order_operate.html HTTP/1.1" 200 1780
116.238.192.211 - - [24/Dec/2020:10:10:31 +0800] "GET /xingrg/kc/print/load_data.html?order_code=212020122409456&kc_code=cgsh&condition= HTTP/1.1" 200 1129
180.152.104.37 - - [24/Dec/2020:10:10:32 +0800] "GET /xingrg/all/function/internal_message.html?_=1608776064292&CODE_STATE=getMsg HTTP/1.1" 200 27
58.35.244.144 - - [24/Dec/2020:10:10:34 +0800] "GET /xingrg/all/function/internal_message.html?_=1608775830166&CODE_STATE=getMsg HTTP/1.1" 200 27
120.253.135.82 - - [24/Dec/2020:10:10:36 +0800] "POST /xingrg/kc/pszx/mdps_list_operate.html HTTP/1.1" 200 646
120.253.135.82 - - [24/Dec/2020:10:10:37 +0800] "GET /xingrg/kc/pszx/mdps_order_info.html?code=312020122300614 HTTP/1.1" 200 23887
120.253.135.82 - - [24/Dec/2020:10:10:38 +0800] "GET /xingrg/javascript/easyui/themes/default/validatebox.css HTTP/1.1" 404 1104
120.253.135.82 - - [24/Dec/2020:10:10:38 +0800] "POST /xingrg/kc/pszx/mdps_order_operate.html HTTP/1.1" 200 16077
116.238.192.211 - - [24/Dec/2020:10:10:41 +0800] "GET /xingrg/kc/buy/cgsh_order_list.html HTTP/1.1" 200 45417
116.232.53.157 - - [24/Dec/2020:10:10:41 +0800] "GET /xingrg/all/function/internal_message.html?_=1608775839853&CODE_STATE=getMsg HTTP/1.1" 200 27
116.238.192.211 - - [24/Dec/2020:10:10:42 +0800] "POST /xingrg/kc/buy/cgsh_list_operate.html HTTP/1.1" 200 2051
180.162.223.42 - - [24/Dec/2020:10:10:43 +0800] "GET /xingrg/all/function/internal_message.html?_=1608775823670&CODE_STATE=getMsg HTTP/1.1" 200 27
116.238.192.211 - - [24/Dec/2020:10:10:45 +0800] "GET /xingrg/kc/mdqp/qqps_order_list.html HTTP/1.1" 200 9642
116.238.192.211 - - [24/Dec/2020:10:10:45 +0800] "GET /xingrg/dwr/interface/AjaxQqpsService.js HTTP/1.1" 200 16326
116.238.192.211 - - [24/Dec/2020:10:10:45 +0800] "GET /xingrg/dwr/interface/AjaxReportQueryService.js HTTP/1.1" 200 13203
116.238.192.211 - - [24/Dec/2020:10:10:45 +0800] "GET /xingrg/dwr/engine.js HTTP/1.1" 200 43631
172.17.200.101 - - [24/Dec/2020:10:10:47 +0800] "GET /xingrg/all/function/internal_message.html?_=1608775848912&CODE_STATE=getMsg HTTP/1.1" 200 27
116.238.192.211 - - [24/Dec/2020:10:10:47 +0800] "GET /xingrg/kc/mdqp/qqps_order_add.html HTTP/1.1" 200 28002
116.238.192.211 - - [24/Dec/2020:10:10:47 +0800] "GET /xingrg/javascript/tools/jquery.qtip-1.0.0-rc3.min.js HTTP/1.1" 304 -
116.238.192.211 - - [24/Dec/2020:10:10:47 +0800] "GET /xingrg/dwr/interface/AjaxComOrderService.js HTTP/1.1" 200 18264
116.238.192.211 - - [24/Dec/2020:10:10:47 +0800] "GET /xingrg/dwr/interface/AjaxQqpsService.js HTTP/1.1" 200 16326
116.238.192.211 - - [24/Dec/2020:10:10:47 +0800] "GET /xingrg/dwr/engine.js HTTP/1.1" 200 43631
120.253.135.82 - - [24/Dec/2020:10:10:51 +0800] "POST /xingrg/kc/pszx/mdps_order_operate.html HTTP/1.1" 200 37
120.253.135.82 - - [24/Dec/2020:10:10:53 +0800] "POST /xingrg/kc/pszx/mdps_order_operate.html HTTP/1.1" 200 12
101.228.166.101 - - [24/Dec/2020:10:10:54 +0800] "GET /xingrg/all/function/internal_message.html?_=1608775851890&CODE_STATE=getMsg HTTP/1.1" 200 27
116.238.192.211 - - [24/Dec/2020:10:10:54 +0800] "GET /xingrg/kc/buy/cgsh_order_add.html HTTP/1.1" 200 61072
116.238.192.211 - - [24/Dec/2020:10:10:54 +0800] "POST /xingrg/kc/buy/cgsh_order_operate.html HTTP/1.1" 200 8245
116.238.192.211 - - [24/Dec/2020:10:10:54 +0800] "GET /xingrg/javascript/easyui/themes/default/validatebox.css HTTP/1.1" 404 1104
116.238.192.211 - - [24/Dec/2020:10:11:05 +0800] "GET /xingrg/all/function/internal_message.html?_=1608775870196&CODE_STATE=getMsg HTTP/1.1" 200 27
120.253.135.82 - - [24/Dec/2020:10:11:06 +0800] "GET /xingrg/kc/pszx/mdps_order_info.html?code=312020122300614 HTTP/1.1" 200 19547
120.253.135.82 - - [24/Dec/2020:10:11:06 +0800] "POST /xingrg/kc/pszx/mdps_order_operate.html HTTP/1.1" 200 14183
120.253.135.82 - - [24/Dec/2020:10:11:06 +0800] "GET /xingrg/javascript/easyui/themes/default/validatebox.css HTTP/1.1" 404 1104
120.253.135.82 - - [24/Dec/2020:10:11:09 +0800] "POST /xingrg/kc/pszx/mdps_list_operate.html HTTP/1.1" 200 2805
172.17.0.123 - - [24/Dec/2020:10:11:10 +0800] "GET /xingrg/all/function/internal_message.html?_=1608775781409&CODE_STATE=getMsg HTTP/1.1" 200 27
101.228.166.101 - - [24/Dec/2020:10:11:12 +0800] "GET /xingrg/all/function/internal_message.html?_=1608775881215&CODE_STATE=getMsg HTTP/1.1" 200 27
116.238.192.211 - - [24/Dec/2020:10:11:12 +0800] "POST /xingrg/dwr/call/plaincall/AjaxQqpsService.saveOrder.dwr HTTP/1.1" 200 78
58.35.244.144 - - [24/Dec/2020:10:11:13 +0800] "GET /xingrg/all/function/internal_message.html?_=1608776017299&CODE_STATE=getMsg HTTP/1.1" 302 -
58.35.244.144 - - [24/Dec/2020:10:11:13 +0800] "GET /xingrg/login.html HTTP/1.1" 200 7641
222.69.133.149 - - [24/Dec/2020:10:11:16 +0800] "GET /xingrg/all/function/internal_message.html?_=1608775871268&CODE_STATE=getMsg HTTP/1.1" 200 27
120.253.135.82 - - [24/Dec/2020:10:11:23 +0800] "POST /xingrg/kc/pszx/mdps_list_operate.html HTTP/1.1" 200 626
116.228.172.94 - - [24/Dec/2020:10:11:24 +0800] "GET /xingrg/all/function/internal_message.html?_=1608775883919&CODE_STATE=getMsg HTTP/1.1" 200 27
120.253.135.82 - - [24/Dec/2020:10:11:24 +0800] "GET /xingrg/kc/pszx/mdps_order_info.html?code=312020122300615 HTTP/1.1" 200 23887
120.253.135.82 - - [24/Dec/2020:10:11:25 +0800] "GET /xingrg/javascript/easyui/themes/default/validatebox.css HTTP/1.1" 404 1104
120.253.135.82 - - [24/Dec/2020:10:11:25 +0800] "POST /xingrg/kc/pszx/mdps_order_operate.html HTTP/1.1" 200 10773
116.238.192.211 - - [24/Dec/2020:10:11:25 +0800] "GET /xingrg/kc/buy/cgsh_order_operate.html?command=get_materiel&rest_code=00150&code=00102003092&supplier_code=00100080&order_time=2020-12-24 HTTP/1.1" 200 414
116.238.192.211 - - [24/Dec/2020:10:11:27 +0800] "GET /xingrg/javascript/auto/indicator.gif HTTP/1.1" 404 1066
180.152.104.37 - - [24/Dec/2020:10:11:28 +0800] "GET /xingrg/kc/buy/cgsh_order_operate.html?command=get_materiel&rest_code=00102&code=00101012052&supplier_code=00100031&order_time=2020-12-24 HTTP/1.1" 200 412
116.238.192.211 - - [24/Dec/2020:10:11:29 +0800] "GET /xingrg/all/function/internal_message.html?_=1608775874295&CODE_STATE=getMsg HTTP/1.1" 200 27
120.253.135.82 - - [24/Dec/2020:10:11:31 +0800] "POST /xingrg/kc/pszx/mdps_order_operate.html HTTP/1.1" 200 37
180.152.104.37 - - [24/Dec/2020:10:11:32 +0800] "GET /xingrg/all/function/internal_message.html?_=1608776124307&CODE_STATE=getMsg HTTP/1.1" 200 27
120.253.135.82 - - [24/Dec/2020:10:11:32 +0800] "POST /xingrg/kc/pszx/mdps_order_operate.html HTTP/1.1" 200 12
116.238.192.211 - - [24/Dec/2020:10:11:32 +0800] "POST /xingrg/dwr/call/plaincall/AjaxQqpsService.getMaterielByCode.dwr HTTP/1.1" 200 3658
58.35.244.144 - - [24/Dec/2020:10:11:33 +0800] "GET /xingrg/check_reg.html?_=1608775890058 HTTP/1.1" 200 22
58.35.244.144 - - [24/Dec/2020:10:11:34 +0800] "GET /xingrg/all/function/internal_message.html?_=1608775890183&CODE_STATE=getMsg HTTP/1.1" 200 27
116.238.192.211 - - [24/Dec/2020:10:11:35 +0800] "POST /xingrg/dwr/call/plaincall/AjaxQqpsService.saveMaterielItem.dwr HTTP/1.1" 200 78
120.253.135.82 - - [24/Dec/2020:10:11:37 +0800] "GET /xingrg/kc/pszx/mdps_order_info.html?code=312020122300615 HTTP/1.1" 200 19547
120.253.135.82 - - [24/Dec/2020:10:11:38 +0800] "GET /xingrg/javascript/easyui/themes/default/validatebox.css HTTP/1.1" 404 1104
120.253.135.82 - - [24/Dec/2020:10:11:38 +0800] "POST /xingrg/kc/pszx/mdps_order_operate.html HTTP/1.1" 200 8932
180.152.104.37 - - [24/Dec/2020:10:11:38 +0800] "GET /xingrg/kc/buy/cgsh_order_operate.html?command=get_materiel&rest_code=00102&code=00101012025&supplier_code=00100031&order_time=2020-12-24 HTTP/1.1" 200 412
58.35.244.144 - - [24/Dec/2020:10:11:39 +0800] "POST /xingrg/kc/buy/cgsh_list_operate.html HTTP/1.1" 200 575
58.35.244.144 - - [24/Dec/2020:10:11:40 +0800] "GET /xingrg/kc/buy/cgsh_order_info.html?code=212020122108333 HTTP/1.1" 200 56053
58.35.244.144 - - [24/Dec/2020:10:11:41 +0800] "GET /xingrg/javascript/easyui/themes/default/validatebox.css HTTP/1.1" 404 1104
58.35.244.144 - - [24/Dec/2020:10:11:41 +0800] "POST /xingrg/kc/buy/cgsh_order_operate.html HTTP/1.1" 200 11255
116.232.53.157 - - [24/Dec/2020:10:11:41 +0800] "GET /xingrg/all/function/internal_message.html?_=1608775899853&CODE_STATE=getMsg HTTP/1.1" 200 27
58.35.244.144 - - [24/Dec/2020:10:11:43 +0800] "GET /xingrg/kc/print/load_data.html?order_code=212020122108333&kc_code=cgsh HTTP/1.1" 200 4769
116.238.192.211 - - [24/Dec/2020:10:11:43 +0800] "POST /xingrg/dwr/call/plaincall/AjaxQqpsService.getMaterielByCode.dwr HTTP/1.1" 200 3633
180.162.223.42 - - [24/Dec/2020:10:11:43 +0800] "GET /xingrg/all/function/internal_message.html?_=1608775883668&CODE_STATE=getMsg HTTP/1.1" 200 27
180.162.223.42 - - [24/Dec/2020:10:11:43 +0800] "GET /xingrg/check_reg.html?_=1608775883671 HTTP/1.1" 200 22
180.152.104.37 - - [24/Dec/2020:10:11:44 +0800] "GET /xingrg/kc/buy/cgsh_order_operate.html?command=get_materiel&rest_code=00102&code=00101016038&supplier_code=00100031&order_time=2020-12-24 HTTP/1.1" 200 408
116.238.192.211 - - [24/Dec/2020:10:11:45 +0800] "POST /xingrg/dwr/call/plaincall/AjaxQqpsService.saveMaterielItem.dwr HTTP/1.1" 200 78
172.17.200.101 - - [24/Dec/2020:10:11:47 +0800] "GET /xingrg/all/function/internal_message.html?_=1608775908912&CODE_STATE=getMsg HTTP/1.1" 200 27
116.238.192.211 - - [24/Dec/2020:10:11:48 +0800] "POST /xingrg/kc/buy/cgsh_order_operate.html HTTP/1.1" 200 37
116.238.192.211 - - [24/Dec/2020:10:11:50 +0800] "POST /xingrg/kc/buy/cgsh_order_operate.html HTTP/1.1" 200 12
116.238.192.211 - - [24/Dec/2020:10:11:50 +0800] "POST /xingrg/dwr/call/plaincall/AjaxQqpsService.getMaterielByCode.dwr HTTP/1.1" 200 3652
116.238.192.211 - - [24/Dec/2020:10:11:51 +0800] "GET /xingrg/kc/buy/cgsh_order_info.html?code=212020122409457 HTTP/1.1" 200 55971
116.238.192.211 - - [24/Dec/2020:10:11:51 +0800] "GET /xingrg/javascript/easyui/themes/default/validatebox.css HTTP/1.1" 404 1104
116.238.192.211 - - [24/Dec/2020:10:11:51 +0800] "POST /xingrg/kc/buy/cgsh_order_operate.html HTTP/1.1" 200 608
116.238.192.211 - - [24/Dec/2020:10:11:52 +0800] "POST /xingrg/dwr/call/plaincall/AjaxQqpsService.saveMaterielItem.dwr HTTP/1.1" 200 78
180.152.104.37 - - [24/Dec/2020:10:11:52 +0800] "GET /xingrg/kc/buy/cgsh_order_operate.html?command=get_materiel&rest_code=00102&code=00101012030&supplier_code=00100031&order_time=2020-12-24 HTTP/1.1" 200 416
116.238.192.211 - - [24/Dec/2020:10:11:53 +0800] "GET /xingrg/kc/print/load_data.html?order_code=212020122409457&kc_code=cgsh&condition= HTTP/1.1" 200 737
101.228.166.101 - - [24/Dec/2020:10:11:54 +0800] "GET /xingrg/all/function/internal_message.html?_=1608775911889&CODE_STATE=getMsg HTTP/1.1" 200 27
120.253.135.82 - - [24/Dec/2020:10:11:55 +0800] "POST /xingrg/kc/pszx/mdps_list_operate.html HTTP/1.1" 200 2432
116.238.192.211 - - [24/Dec/2020:10:11:57 +0800] "GET /xingrg/kc/buy/cgsh_order_add.html HTTP/1.1" 200 61072
116.238.192.211 - - [24/Dec/2020:10:11:57 +0800] "POST /xingrg/kc/buy/cgsh_order_operate.html HTTP/1.1" 200 8245
116.238.192.211 - - [24/Dec/2020:10:11:57 +0800] "GET /xingrg/javascript/easyui/themes/default/validatebox.css HTTP/1.1" 404 1104
120.253.135.82 - - [24/Dec/2020:10:11:58 +0800] "POST /xingrg/kc/pszx/mdps_list_operate.html HTTP/1.1" 200 290
116.238.192.211 - - [24/Dec/2020:10:11:58 +0800] "POST /xingrg/dwr/call/plaincall/AjaxQqpsService.getMaterielByCode.dwr HTTP/1.1" 200 3629
120.253.135.82 - - [24/Dec/2020:10:11:59 +0800] "GET /xingrg/kc/pszx/mdps_order_info.html?code=312020122300616 HTTP/1.1" 200 23887
120.253.135.82 - - [24/Dec/2020:10:11:59 +0800] "POST /xingrg/kc/pszx/mdps_order_operate.html HTTP/1.1" 200 2807
120.253.135.82 - - [24/Dec/2020:10:11:59 +0800] "GET /xingrg/javascript/easyui/themes/default/validatebox.css HTTP/1.1" 404 1104
116.238.192.211 - - [24/Dec/2020:10:12:00 +0800] "POST /xingrg/dwr/call/plaincall/AjaxQqpsService.saveMaterielItem.dwr HTTP/1.1" 200 78
116.238.192.211 - - [24/Dec/2020:10:12:01 +0800] "POST /xingrg/services/DataTransmitService HTTP/1.1" 200 524
116.238.192.211 - - [24/Dec/2020:10:12:02 +0800] "POST /xingrg/all/user/operate.html HTTP/1.1" 200 36
116.238.192.211 - - [24/Dec/2020:10:12:02 +0800] "GET /xingrg/index.html?sysBaseUrl=http%3A%2F%2F180.169.147.146%3A18081%2Fxingrg%2F&costTime=40×tamp=1608774301674 HTTP/1.1" 200 17177
116.238.192.211 - - [24/Dec/2020:10:12:02 +0800] "GET /xingrg/javascript/jquery_easy_ui/themes/default/easyui.css HTTP/1.1" 304 -
116.238.192.211 - - [24/Dec/2020:10:12:02 +0800] "GET /xingrg/javascript/jquery_easy_ui/themes/icon.css HTTP/1.1" 304 -
116.238.192.211 - - [24/Dec/2020:10:12:02 +0800] "GET /xingrg/css/form.css HTTP/1.1" 304 -
116.238.192.211 - - [24/Dec/2020:10:12:02 +0800] "GET /xingrg/javascript/jquery-1.4.2.min.js HTTP/1.1" 304 -
116.238.192.211 - - [24/Dec/2020:10:12:02 +0800] "GET /xingrg/javascript/jquery_easy_ui/jquery.easyui.min.js HTTP/1.1" 304 -
116.238.192.211 - - [24/Dec/2020:10:12:02 +0800] "GET /xingrg/javascript/jquery_easy_ui/easyui-lang-zh_CN.js HTTP/1.1" 304 -
116.238.192.211 - - [24/Dec/2020:10:12:02 +0800] "GET /xingrg/javascript/jquery.form.js HTTP/1.1" 304 -
116.238.192.211 - - [24/Dec/2020:10:12:02 +0800] "GET /xingrg/javascript/jquery.utils.js HTTP/1.1" 304 -
116.238.192.211 - - [24/Dec/2020:10:12:02 +0800] "GET /xingrg/javascript/jquery.timers.js HTTP/1.1" 304 -
116.238.192.211 - - [24/Dec/2020:10:12:02 +0800] "GET /xingrg/images/blue/jxLogo.png HTTP/1.1" 304 -
116.238.192.211 - - [24/Dec/2020:10:12:02 +0800] "GET /xingrg/javascript/jquery_easy_ui/themes/icons/settle_new.png HTTP/1.1" 304 -
116.238.192.211 - - [24/Dec/2020:10:12:02 +0800] "GET /xingrg/images/blue/navBackgound.jpg HTTP/1.1" 304 -
116.238.192.211 - - [24/Dec/2020:10:12:02 +0800] "POST /xingrg/all/common/load_tree.html?tree=area_rest_tree_json&manage=1 HTTP/1.1" 200 476
116.238.192.211 - - [24/Dec/2020:10:12:02 +0800] "GET /xingrg/all/function/internal_message.html?_=1608775927785&CODE_STATE=count HTTP/1.1" 200 11
116.238.192.211 - - [24/Dec/2020:10:12:02 +0800] "GET /xingrg/check_reg.html?_=1608775927787 HTTP/1.1" 200 22
116.238.192.211 - - [24/Dec/2020:10:12:02 +0800] "GET /xingrg/javascript/jquery_easy_ui/themes/default/images/tabs_leftarrow.png HTTP/1.1" 304 -
116.238.192.211 - - [24/Dec/2020:10:12:02 +0800] "GET /xingrg/javascript/jquery_easy_ui/themes/default/images/tabs_rightarrow.png HTTP/1.1" 304 -
116.238.192.211 - - [24/Dec/2020:10:12:02 +0800] "GET /xingrg/javascript/jquery_easy_ui/themes/default/images/panel_tool_collapse.gif HTTP/1.1" 304 -
116.238.192.211 - - [24/Dec/2020:10:12:02 +0800] "GET /xingrg/images/blue/pingpu.png HTTP/1.1" 304 -
116.238.192.211 - - [24/Dec/2020:10:12:02 +0800] "POST /xingrg/load_menu.html HTTP/1.1" 200 5138
180.152.104.37 - - [24/Dec/2020:10:12:03 +0800] "GET /xingrg/kc/buy/cgsh_order_operate.html?command=get_materiel&rest_code=00102&code=00101005037&supplier_code=00100031&order_time=2020-12-24 HTTP/1.1" 200 411
116.238.192.211 - - [24/Dec/2020:10:12:03 +0800] "POST /xingrg/services/DataTransmitService HTTP/1.1" 200 501
116.238.192.211 - - [24/Dec/2020:10:12:04 +0800] "GET /xingrg/kc/buy/cgsh_order_list.html HTTP/1.1" 200 45415
116.238.192.211 - - [24/Dec/2020:10:12:05 +0800] "POST /xingrg/kc/buy/cgsh_list_operate.html HTTP/1.1" 200 2051
116.238.192.211 - - [24/Dec/2020:10:12:06 +0800] "POST /xingrg/dwr/call/plaincall/AjaxQqpsService.getMaterielByCode.dwr HTTP/1.1" 200 3646
116.238.192.211 - - [24/Dec/2020:10:12:06 +0800] "GET /xingrg/kc/buy/cgsh_order_add.html HTTP/1.1" 200 60790
116.238.192.211 - - [24/Dec/2020:10:12:06 +0800] "POST /xingrg/kc/buy/cgsh_order_operate.html HTTP/1.1" 200 8245
116.238.192.211 - - [24/Dec/2020:10:12:06 +0800] "GET /xingrg/all/common/auto_word.html?type=employee&rest_code=00151 HTTP/1.1" 200 243
116.238.192.211 - - [24/Dec/2020:10:12:06 +0800] "GET /xingrg/all/common/auto_word.html?type=employee&rest_code=00151 HTTP/1.1" 200 243
116.238.192.211 - - [24/Dec/2020:10:12:06 +0800] "GET /xingrg/javascript/easyui/themes/default/validatebox.css HTTP/1.1" 404 1104
116.238.192.211 - - [24/Dec/2020:10:12:07 +0800] "POST /xingrg/dwr/call/plaincall/AjaxQqpsService.saveMaterielItem.dwr HTTP/1.1" 200 79
116.238.192.211 - - [24/Dec/2020:10:12:09 +0800] "GET /xingrg/javascript/auto/indicator.gif HTTP/1.1" 404 1066
172.17.0.123 - - [24/Dec/2020:10:12:10 +0800] "GET /xingrg/all/function/internal_message.html?_=1608775841395&CODE_STATE=getMsg HTTP/1.1" 200 27
101.228.166.101 - - [24/Dec/2020:10:12:12 +0800] "GET /xingrg/all/function/internal_message.html?_=1608775941548&CODE_STATE=getMsg HTTP/1.1" 200 27
58.35.244.144 - - [24/Dec/2020:10:12:13 +0800] "GET /xingrg/all/function/internal_message.html?_=1608776077300&CODE_STATE=getMsg HTTP/1.1" 302 -
58.35.244.144 - - [24/Dec/2020:10:12:13 +0800] "GET /xingrg/check_reg.html?_=1608776077303 HTTP/1.1" 302 -
58.35.244.144 - - [24/Dec/2020:10:12:13 +0800] "GET /xingrg/login.html HTTP/1.1" 200 7641
58.35.244.144 - - [24/Dec/2020:10:12:13 +0800] "GET /xingrg/login.html HTTP/1.1" 200 7641
116.238.192.211 - - [24/Dec/2020:10:12:15 +0800] "POST /xingrg/dwr/call/plaincall/AjaxQqpsService.getMaterielByCode.dwr HTTP/1.1" 200 3689
222.69.133.149 - - [24/Dec/2020:10:12:16 +0800] "GET /xingrg/all/function/internal_message.html?_=1608775931254&CODE_STATE=getMsg HTTP/1.1" 200 27
180.152.104.37 - - [24/Dec/2020:10:12:19 +0800] "POST /xingrg/kc/buy/cgsh_order_operate.html HTTP/1.1" 200 37
180.152.104.37 - - [24/Dec/2020:10:12:21 +0800] "POST /xingrg/kc/buy/cgsh_order_operate.html HTTP/1.1" 200 12
116.238.192.211 - - [24/Dec/2020:10:12:23 +0800] "POST /xingrg/dwr/call/plaincall/AjaxQqpsService.saveMaterielItem.dwr HTTP/1.1" 200 79
116.228.172.94 - - [24/Dec/2020:10:12:24 +0800] "GET /xingrg/all/function/internal_message.html?_=1608775943904&CODE_STATE=getMsg HTTP/1.1" 200 27
116.238.192.211 - - [24/Dec/2020:10:12:27 +0800] "POST /xingrg/dwr/call/plaincall/AjaxQqpsService.getMaterielByCode.dwr HTTP/1.1" 200 3634
116.238.192.211 - - [24/Dec/2020:10:12:29 +0800] "GET /xingrg/all/function/internal_message.html?_=1608775934309&CODE_STATE=getMsg HTTP/1.1" 200 27
116.238.192.211 - - [24/Dec/2020:10:12:31 +0800] "POST /xingrg/dwr/call/plaincall/AjaxQqpsService.saveMaterielItem.dwr HTTP/1.1" 200 79
58.35.244.144 - - [24/Dec/2020:10:12:34 +0800] "GET /xingrg/all/function/internal_message.html?_=1608775950204&CODE_STATE=getMsg HTTP/1.1" 200 27
116.238.192.211 - - [24/Dec/2020:10:12:36 +0800] "POST /xingrg/dwr/call/plaincall/AjaxQqpsService.getMaterielByCode.dwr HTTP/1.1" 200 3652
116.238.192.211 - - [24/Dec/2020:10:12:37 +0800] "POST /xingrg/dwr/call/plaincall/AjaxQqpsService.saveMaterielItem.dwr HTTP/1.1" 200 79
116.232.53.157 - - [24/Dec/2020:10:12:41 +0800] "GET /xingrg/all/function/internal_message.html?_=1608775959854&CODE_STATE=getMsg HTTP/1.1" 200 27
180.162.223.42 - - [24/Dec/2020:10:12:43 +0800] "GET /xingrg/all/function/internal_message.html?_=1608775943671&CODE_STATE=getMsg HTTP/1.1" 200 27
172.17.200.101 - - [24/Dec/2020:10:12:47 +0800] "GET /xingrg/check_reg.html?_=1608775968917 HTTP/1.1" 200 22
172.17.200.101 - - [24/Dec/2020:10:12:47 +0800] "GET /xingrg/all/function/internal_message.html?_=1608775968916&CODE_STATE=getMsg HTTP/1.1" 200 27
120.253.135.82 - - [24/Dec/2020:10:12:51 +0800] "POST /xingrg/kc/pszx/mdps_order_operate.html HTTP/1.1" 200 37
120.253.135.82 - - [24/Dec/2020:10:12:53 +0800] "POST /xingrg/kc/pszx/mdps_order_operate.html HTTP/1.1" 200 12
101.228.166.101 - - [24/Dec/2020:10:12:53 +0800] "GET /xingrg/check_reg.html?_=1608775982912 HTTP/1.1" 200 22
101.228.166.101 - - [24/Dec/2020:10:12:54 +0800] "GET /xingrg/all/function/internal_message.html?_=1608775971890&CODE_STATE=getMsg HTTP/1.1" 200 27
120.253.135.82 - - [24/Dec/2020:10:12:54 +0800] "GET /xingrg/kc/pszx/mdps_order_info.html?code=312020122300616 HTTP/1.1" 200 19547
120.253.135.82 - - [24/Dec/2020:10:12:55 +0800] "POST /xingrg/kc/pszx/mdps_order_operate.html HTTP/1.1" 200 1024
120.253.135.82 - - [24/Dec/2020:10:12:55 +0800] "GET /xingrg/javascript/easyui/themes/default/validatebox.css HTTP/1.1" 404 1104
101.228.166.101 - - [24/Dec/2020:10:12:56 +0800] "POST /xingrg/services/DataTransmitService HTTP/1.1" 200 524
101.228.166.101 - - [24/Dec/2020:10:12:56 +0800] "POST /xingrg/services/DataTransmitService HTTP/1.1" 200 501
120.253.135.82 - - [24/Dec/2020:10:12:56 +0800] "POST /xingrg/kc/pszx/mdps_list_operate.html HTTP/1.1" 200 2060
116.238.192.211 - - [24/Dec/2020:10:12:58 +0800] "POST /xingrg/dwr/call/plaincall/AjaxQqpsService.getMaterielByCode.dwr HTTP/1.1" 200 3674
116.238.192.211 - - [24/Dec/2020:10:13:00 +0800] "POST /xingrg/dwr/call/plaincall/AjaxQqpsService.saveMaterielItem.dwr HTTP/1.1" 200 79
116.238.192.211 - - [24/Dec/2020:10:13:02 +0800] "GET /xingrg/all/function/internal_message.html?_=1608775987796&CODE_STATE=getMsg HTTP/1.1" 200 27
116.238.192.211 - - [24/Dec/2020:10:13:05 +0800] "POST /xingrg/dwr/call/plaincall/AjaxQqpsService.getMaterielByCode.dwr HTTP/1.1" 200 3636
172.17.0.123 - - [24/Dec/2020:10:13:10 +0800] "GET /xingrg/all/function/internal_message.html?_=1608775901397&CODE_STATE=getMsg HTTP/1.1" 200 27
116.238.192.211 - - [24/Dec/2020:10:13:11 +0800] "POST /xingrg/dwr/call/plaincall/AjaxQqpsService.saveMaterielItem.dwr HTTP/1.1" 200 79
120.253.135.82 - - [24/Dec/2020:10:13:12 +0800] "POST /xingrg/kc/pszx/mdps_list_operate.html HTTP/1.1" 200 296
101.228.166.101 - - [24/Dec/2020:10:13:12 +0800] "GET /xingrg/all/function/internal_message.html?_=1608776001554&CODE_STATE=getMsg HTTP/1.1" 200 27
120.253.135.82 - - [24/Dec/2020:10:13:12 +0800] "GET /xingrg/kc/pszx/mdps_order_info.html?code=312020122300618 HTTP/1.1" 200 23885
120.253.135.82 - - [24/Dec/2020:10:13:13 +0800] "POST /xingrg/kc/pszx/mdps_order_operate.html HTTP/1.1" 200 2808
120.253.135.82 - - [24/Dec/2020:10:13:13 +0800] "GET /xingrg/javascript/easyui/themes/default/validatebox.css HTTP/1.1" 404 1104
58.35.244.144 - - [24/Dec/2020:10:13:13 +0800] "GET /xingrg/all/function/internal_message.html?_=1608776137306&CODE_STATE=getMsg HTTP/1.1" 302 -
58.35.244.144 - - [24/Dec/2020:10:13:13 +0800] "GET /xingrg/login.html HTTP/1.1" 200 7641
222.69.133.149 - - [24/Dec/2020:10:13:16 +0800] "GET /xingrg/all/function/internal_message.html?_=1608775991224&CODE_STATE=getMsg HTTP/1.1" 200 27
116.238.192.211 - - [24/Dec/2020:10:13:18 +0800] "POST /xingrg/dwr/call/plaincall/AjaxQqpsService.getMaterielByCode.dwr HTTP/1.1" 200 3591
116.238.192.211 - - [24/Dec/2020:10:13:20 +0800] "POST /xingrg/dwr/call/plaincall/AjaxQqpsService.saveMaterielItem.dwr HTTP/1.1" 200 79
116.228.172.94 - - [24/Dec/2020:10:13:24 +0800] "GET /xingrg/all/function/internal_message.html?_=1608776003888&CODE_STATE=getMsg HTTP/1.1" 200 27
120.253.135.82 - - [24/Dec/2020:10:13:24 +0800] "POST /xingrg/kc/pszx/mdps_order_operate.html HTTP/1.1" 200 37
120.253.135.82 - - [24/Dec/2020:10:13:26 +0800] "POST /xingrg/kc/pszx/mdps_order_operate.html HTTP/1.1" 200 12
116.238.192.211 - - [24/Dec/2020:10:13:27 +0800] "POST /xingrg/dwr/call/plaincall/AjaxQqpsService.getMaterielByCode.dwr HTTP/1.1" 200 3633
120.253.135.82 - - [24/Dec/2020:10:13:28 +0800] "GET /xingrg/kc/pszx/mdps_order_info.html?code=312020122300618 HTTP/1.1" 200 19545
116.238.192.211 - - [24/Dec/2020:10:13:29 +0800] "GET /xingrg/all/function/internal_message.html?_=1608775994323&CODE_STATE=getMsg HTTP/1.1" 200 27
120.253.135.82 - - [24/Dec/2020:10:13:29 +0800] "POST /xingrg/kc/pszx/mdps_order_operate.html HTTP/1.1" 200 1025
120.253.135.82 - - [24/Dec/2020:10:13:29 +0800] "GET /xingrg/javascript/easyui/themes/default/validatebox.css HTTP/1.1" 404 1104
120.253.135.82 - - [24/Dec/2020:10:13:31 +0800] "POST /xingrg/kc/pszx/mdps_list_operate.html HTTP/1.1" 200 1692
116.238.192.211 - - [24/Dec/2020:10:13:33 +0800] "POST /xingrg/dwr/call/plaincall/AjaxQqpsService.saveMaterielItem.dwr HTTP/1.1" 200 79
58.35.244.144 - - [24/Dec/2020:10:13:34 +0800] "GET /xingrg/all/function/internal_message.html?_=1608776010216&CODE_STATE=getMsg HTTP/1.1" 200 27
116.238.192.211 - - [24/Dec/2020:10:13:41 +0800] "POST /xingrg/dwr/call/plaincall/AjaxQqpsService.getMaterielByCode.dwr HTTP/1.1" 200 3687
116.232.53.157 - - [24/Dec/2020:10:13:41 +0800] "GET /xingrg/all/function/internal_message.html?_=1608776019856&CODE_STATE=getMsg HTTP/1.1" 200 27
116.232.53.157 - - [24/Dec/2020:10:13:41 +0800] "GET /xingrg/check_reg.html?_=1608776019860 HTTP/1.1" 200 22
116.238.192.211 - - [24/Dec/2020:10:13:42 +0800] "POST /xingrg/dwr/call/plaincall/AjaxQqpsService.saveMaterielItem.dwr HTTP/1.1" 200 79
180.162.223.42 - - [24/Dec/2020:10:13:43 +0800] "GET /xingrg/all/function/internal_message.html?_=1608776003670&CODE_STATE=getMsg HTTP/1.1" 200 27
117.131.5.26 - - [24/Dec/2020:10:13:45 +0800] "POST /xingrg/services/DataTransmitService HTTP/1.1" 200 524
120.253.135.82 - - [24/Dec/2020:10:13:45 +0800] "POST /xingrg/kc/pszx/mdps_list_operate.html HTTP/1.1" 200 592
120.253.135.82 - - [24/Dec/2020:10:13:45 +0800] "GET /xingrg/kc/pszx/mdps_order_info.html?code=312020122300617 HTTP/1.1" 200 23887
120.253.135.82 - - [24/Dec/2020:10:13:45 +0800] "GET /xingrg/javascript/easyui/themes/default/validatebox.css HTTP/1.1" 404 1104
120.253.135.82 - - [24/Dec/2020:10:13:46 +0800] "POST /xingrg/kc/pszx/mdps_order_operate.html HTTP/1.1" 200 10830
172.17.200.101 - - [24/Dec/2020:10:13:47 +0800] "GET /xingrg/all/function/internal_message.html?_=1608776028917&CODE_STATE=getMsg HTTP/1.1" 200 27
116.238.192.211 - - [24/Dec/2020:10:13:49 +0800] "POST /xingrg/dwr/call/plaincall/AjaxQqpsService.getMaterielByCode.dwr HTTP/1.1" 200 3658
101.228.166.101 - - [24/Dec/2020:10:13:54 +0800] "GET /xingrg/all/function/internal_message.html?_=1608776031890&CODE_STATE=getMsg HTTP/1.1" 200 27
116.238.192.211 - - [24/Dec/2020:10:13:55 +0800] "POST /xingrg/dwr/call/plaincall/AjaxQqpsService.saveMaterielItem.dwr HTTP/1.1" 200 79
120.253.135.82 - - [24/Dec/2020:10:13:57 +0800] "POST /xingrg/kc/pszx/mdps_order_operate.html HTTP/1.1" 200 37
116.238.192.211 - - [24/Dec/2020:10:13:58 +0800] "POST /xingrg/dwr/call/plaincall/AjaxQqpsService.getMaterielByCode.dwr HTTP/1.1" 200 3663
120.253.135.82 - - [24/Dec/2020:10:13:59 +0800] "POST /xingrg/kc/pszx/mdps_order_operate.html HTTP/1.1" 200 12
120.253.135.82 - - [24/Dec/2020:10:14:00 +0800] "GET /xingrg/kc/pszx/mdps_order_info.html?code=312020122300617 HTTP/1.1" 200 19547
120.253.135.82 - - [24/Dec/2020:10:14:01 +0800] "GET /xingrg/javascript/easyui/themes/default/validatebox.css HTTP/1.1" 404 1104
120.253.135.82 - - [24/Dec/2020:10:14:01 +0800] "POST /xingrg/kc/pszx/mdps_order_operate.html HTTP/1.1" 200 8972
116.238.192.211 - - [24/Dec/2020:10:14:02 +0800] "GET /xingrg/all/function/internal_message.html?_=1608776047791&CODE_STATE=getMsg HTTP/1.1" 200 27
120.253.135.82 - - [24/Dec/2020:10:14:03 +0800] "POST /xingrg/kc/pszx/mdps_list_operate.html HTTP/1.1" 200 868
116.238.192.211 - - [24/Dec/2020:10:14:04 +0800] "POST /xingrg/dwr/call/plaincall/AjaxQqpsService.saveMaterielItem.dwr HTTP/1.1" 200 79
172.17.0.123 - - [24/Dec/2020:10:14:10 +0800] "GET /xingrg/all/function/internal_message.html?_=1608775961400&CODE_STATE=getMsg HTTP/1.1" 200 27
172.17.0.123 - - [24/Dec/2020:10:14:10 +0800] "GET /xingrg/check_reg.html?_=1608775961401 HTTP/1.1" 200 22
180.152.104.37 - - [24/Dec/2020:10:14:10 +0800] "GET /xingrg/kc/buy/cgsh_order_info.html?code=212020122409458 HTTP/1.1" 200 56010
180.152.104.37 - - [24/Dec/2020:10:14:11 +0800] "GET /xingrg/all/function/internal_message.html?_=1608776283296&CODE_STATE=getMsg HTTP/1.1" 200 27
180.152.104.37 - - [24/Dec/2020:10:14:11 +0800] "GET /xingrg/check_reg.html?_=1608776283297 HTTP/1.1" 200 22
180.152.104.37 - - [24/Dec/2020:10:14:11 +0800] "GET /xingrg/javascript/easyui/themes/default/validatebox.css HTTP/1.1" 404 1104
180.152.104.37 - - [24/Dec/2020:10:14:11 +0800] "POST /xingrg/kc/buy/cgsh_order_operate.html HTTP/1.1" 200 2966
116.238.192.211 - - [24/Dec/2020:10:14:12 +0800] "POST /xingrg/dwr/call/plaincall/AjaxQqpsService.getMaterielByCode.dwr HTTP/1.1" 200 3679
101.228.166.101 - - [24/Dec/2020:10:14:12 +0800] "GET /xingrg/all/function/internal_message.html?_=1608776061568&CODE_STATE=getMsg HTTP/1.1" 200 27
58.35.244.144 - - [24/Dec/2020:10:14:13 +0800] "GET /xingrg/all/function/internal_message.html?_=1608776197310&CODE_STATE=getMsg HTTP/1.1" 302 -
58.35.244.144 - - [24/Dec/2020:10:14:13 +0800] "GET /xingrg/login.html HTTP/1.1" 200 7641
222.69.133.149 - - [24/Dec/2020:10:14:16 +0800] "GET /xingrg/all/function/internal_message.html?_=1608776051210&CODE_STATE=getMsg HTTP/1.1" 200 27
222.69.133.149 - - [24/Dec/2020:10:14:17 +0800] "GET /xingrg/check_reg.html?_=1608776052195 HTTP/1.1" 200 22
116.238.192.211 - - [24/Dec/2020:10:14:19 +0800] "POST /xingrg/dwr/call/plaincall/AjaxQqpsService.saveMaterielItem.dwr HTTP/1.1" 200 79
116.228.172.94 - - [24/Dec/2020:10:14:23 +0800] "GET /xingrg/kc/buy/cgsh_order_add.html HTTP/1.1" 200 61236
116.238.192.211 - - [24/Dec/2020:10:14:24 +0800] "POST /xingrg/dwr/call/plaincall/AjaxQqpsService.getMaterielByCode.dwr HTTP/1.1" 200 3658
116.228.172.94 - - [24/Dec/2020:10:14:24 +0800] "GET /xingrg/all/function/internal_message.html?_=1608776063873&CODE_STATE=getMsg HTTP/1.1" 200 27
116.228.172.94 - - [24/Dec/2020:10:14:25 +0800] "POST /xingrg/kc/buy/cgsh_order_operate.html HTTP/1.1" 200 8245
116.228.172.94 - - [24/Dec/2020:10:14:25 +0800] "GET /xingrg/javascript/easyui/themes/default/validatebox.css HTTP/1.1" 404 1104
120.253.135.82 - - [24/Dec/2020:10:14:28 +0800] "GET /xingrg/check_reg.html?_=1608775821507 HTTP/1.1" 200 22
116.238.192.211 - - [24/Dec/2020:10:14:29 +0800] "GET /xingrg/all/function/internal_message.html?_=1608776054336&CODE_STATE=getMsg HTTP/1.1" 200 27
116.238.192.211 - - [24/Dec/2020:10:14:30 +0800] "POST /xingrg/dwr/call/plaincall/AjaxQqpsService.saveMaterielItem.dwr HTTP/1.1" 200 79
58.35.244.144 - - [24/Dec/2020:10:14:34 +0800] "GET /xingrg/all/function/internal_message.html?_=1608776070221&CODE_STATE=getMsg HTTP/1.1" 200 27
116.228.172.94 - - [24/Dec/2020:10:14:37 +0800] "GET /xingrg/javascript/easyui/themes/default/tree.css HTTP/1.1" 404 1090
116.228.172.94 - - [24/Dec/2020:10:14:37 +0800] "POST /xingrg/all/common/load_tree.html?tree=supplier_tree_json&isDelete=1 HTTP/1.1" 200 52953
116.232.53.157 - - [24/Dec/2020:10:14:41 +0800] "GET /xingrg/all/function/internal_message.html?_=1608776079858&CODE_STATE=getMsg HTTP/1.1" 200 27
180.162.223.42 - - [24/Dec/2020:10:14:43 +0800] "GET /xingrg/all/function/internal_message.html?_=1608776063696&CODE_STATE=getMsg HTTP/1.1" 200 27
117.185.32.26 - - [24/Dec/2020:10:14:46 +0800] "POST /xingrg/services/DataTransmitService HTTP/1.1" 200 524
117.185.32.26 - - [24/Dec/2020:10:14:47 +0800] "POST /xingrg/services/DataTransmitService HTTP/1.1" 200 412
180.152.104.37 - - [24/Dec/2020:10:14:47 +0800] "GET /xingrg/kc/print/load_data.html?order_code=212020122409458&kc_code=cgsh&condition= HTTP/1.1" 200 1604
172.17.200.101 - - [24/Dec/2020:10:14:47 +0800] "GET /xingrg/all/function/internal_message.html?_=1608776088921&CODE_STATE=getMsg HTTP/1.1" 200 27
116.238.192.211 - - [24/Dec/2020:10:14:48 +0800] "POST /xingrg/dwr/call/plaincall/AjaxQqpsService.getMaterielByCode.dwr HTTP/1.1" 200 3593
120.253.135.82 - - [24/Dec/2020:10:14:50 +0800] "POST /xingrg/kc/pszx/mdps_list_operate.html HTTP/1.1" 200 2065
116.238.192.211 - - [24/Dec/2020:10:14:50 +0800] "POST /xingrg/dwr/call/plaincall/AjaxQqpsService.saveMaterielItem.dwr HTTP/1.1" 200 79
120.253.135.82 - - [24/Dec/2020:10:14:52 +0800] "POST /xingrg/kc/pszx/mdps_list_operate.html HTTP/1.1" 200 602
120.253.135.82 - - [24/Dec/2020:10:14:53 +0800] "GET /xingrg/kc/pszx/mdps_order_info.html?code=312020122400625 HTTP/1.1" 200 23887
120.253.135.82 - - [24/Dec/2020:10:14:54 +0800] "POST /xingrg/kc/pszx/mdps_order_operate.html HTTP/1.1" 200 12356
120.253.135.82 - - [24/Dec/2020:10:14:54 +0800] "GET /xingrg/javascript/easyui/themes/default/validatebox.css HTTP/1.1" 404 1104
101.228.166.101 - - [24/Dec/2020:10:14:54 +0800] "GET /xingrg/all/function/internal_message.html?_=1608776091892&CODE_STATE=getMsg HTTP/1.1" 200 27
101.228.166.101 - - [24/Dec/2020:10:14:54 +0800] "GET /xingrg/check_reg.html?_=1608776091892 HTTP/1.1" 200 22
116.238.192.211 - - [24/Dec/2020:10:14:58 +0800] "POST /xingrg/dwr/call/plaincall/AjaxQqpsService.getMaterielByCode.dwr HTTP/1.1" 200 3585
180.152.104.37 - - [24/Dec/2020:10:14:59 +0800] "GET /xingrg/kc/buy/cgsh_order_add.html HTTP/1.1" 200 61107
116.238.192.211 - - [24/Dec/2020:10:14:59 +0800] "POST /xingrg/dwr/call/plaincall/AjaxQqpsService.saveMaterielItem.dwr HTTP/1.1" 200 79
120.253.135.82 - - [24/Dec/2020:10:14:59 +0800] "POST /xingrg/kc/pszx/mdps_order_operate.html HTTP/1.1" 200 37
180.152.104.37 - - [24/Dec/2020:10:15:00 +0800] "POST /xingrg/kc/buy/cgsh_order_operate.html HTTP/1.1" 200 8245
180.152.104.37 - - [24/Dec/2020:10:15:00 +0800] "GET /xingrg/javascript/easyui/themes/default/validatebox.css HTTP/1.1" 404 1104
116.238.192.211 - - [24/Dec/2020:10:15:02 +0800] "GET /xingrg/all/function/internal_message.html?_=1608776107807&CODE_STATE=getMsg HTTP/1.1" 200 27
180.152.104.37 - - [24/Dec/2020:10:15:02 +0800] "GET /xingrg/javascript/easyui/themes/default/tree.css HTTP/1.1" 404 1090
180.152.104.37 - - [24/Dec/2020:10:15:03 +0800] "POST /xingrg/all/common/load_tree.html?tree=supplier_tree_json&isDelete=1 HTTP/1.1" 200 52953
120.253.135.82 - - [24/Dec/2020:10:15:04 +0800] "POST /xingrg/kc/pszx/mdps_order_operate.html HTTP/1.1" 200 12
116.238.192.211 - - [24/Dec/2020:10:15:08 +0800] "POST /xingrg/dwr/call/plaincall/AjaxQqpsService.getMaterielByCode.dwr HTTP/1.1" 200 3618
172.17.0.123 - - [24/Dec/2020:10:15:10 +0800] "GET /xingrg/all/function/internal_message.html?_=1608776021404&CODE_STATE=getMsg HTTP/1.1" 200 27
180.152.104.37 - - [24/Dec/2020:10:15:11 +0800] "GET /xingrg/all/function/internal_message.html?_=1608776343327&CODE_STATE=getMsg HTTP/1.1" 200 27
120.253.135.82 - - [24/Dec/2020:10:15:12 +0800] "GET /xingrg/kc/pszx/mdps_order_info.html?code=312020122400625 HTTP/1.1" 200 19547
101.228.166.101 - - [24/Dec/2020:10:15:12 +0800] "GET /xingrg/all/function/internal_message.html?_=1608776121818&CODE_STATE=getMsg HTTP/1.1" 200 27
120.253.135.82 - - [24/Dec/2020:10:15:12 +0800] "POST /xingrg/kc/pszx/mdps_order_operate.html HTTP/1.1" 200 10484
120.253.135.82 - - [24/Dec/2020:10:15:12 +0800] "GET /xingrg/javascript/easyui/themes/default/validatebox.css HTTP/1.1" 404 1104
58.35.244.144 - - [24/Dec/2020:10:15:13 +0800] "GET /xingrg/all/function/internal_message.html?_=1608776257304&CODE_STATE=getMsg HTTP/1.1" 302 -
58.35.244.144 - - [24/Dec/2020:10:15:13 +0800] "GET /xingrg/login.html HTTP/1.1" 200 7641
120.253.135.82 - - [24/Dec/2020:10:15:14 +0800] "POST /xingrg/kc/pszx/mdps_list_operate.html HTTP/1.1" 200 1690
116.228.172.94 - - [24/Dec/2020:10:15:16 +0800] "GET /xingrg/kc/buy/cgsh_order_operate.html?command=get_materiel&rest_code=00107&code=00101008486&supplier_code=00100327&order_time=2020-12-24 HTTP/1.1" 200 400
180.152.104.37 - - [24/Dec/2020:10:15:16 +0800] "GET /xingrg/kc/buy/cgsh_order_operate.html?command=get_materiel&rest_code=00102&code=00101015037&supplier_code=00100054&order_time=2020-12-24 HTTP/1.1" 200 412
222.69.133.149 - - [24/Dec/2020:10:15:16 +0800] "GET /xingrg/all/function/internal_message.html?_=1608776111183&CODE_STATE=getMsg HTTP/1.1" 200 27
116.228.172.94 - - [24/Dec/2020:10:15:24 +0800] "GET /xingrg/all/function/internal_message.html?_=1608776123905&CODE_STATE=getMsg HTTP/1.1" 200 27
116.228.172.94 - - [24/Dec/2020:10:15:25 +0800] "POST /xingrg/kc/buy/cgsh_order_operate.html HTTP/1.1" 200 37
116.228.172.94 - - [24/Dec/2020:10:15:27 +0800] "POST /xingrg/kc/buy/cgsh_order_operate.html HTTP/1.1" 200 2659
117.185.32.26 - - [24/Dec/2020:10:15:27 +0800] "GET /xingrg/login.html HTTP/1.1" 200 7641
116.238.192.211 - - [24/Dec/2020:10:15:29 +0800] "GET /xingrg/check_reg.html?_=1608776114286 HTTP/1.1" 200 22
116.228.172.94 - - [24/Dec/2020:10:15:29 +0800] "GET /xingrg/kc/print/load_data.html?order_code=212020122409459&kc_code=cgsh&condition= HTTP/1.1" 200 669
116.238.192.211 - - [24/Dec/2020:10:15:29 +0800] "GET /xingrg/all/function/internal_message.html?_=1608776114350&CODE_STATE=getMsg HTTP/1.1" 200 27
180.152.104.37 - - [24/Dec/2020:10:15:31 +0800] "GET /xingrg/kc/buy/cgsh_order_operate.html?command=get_materiel&rest_code=00102&code=00101015042&supplier_code=00100054&order_time=2020-12-24 HTTP/1.1" 200 408
58.35.244.144 - - [24/Dec/2020:10:15:34 +0800] "GET /xingrg/all/function/internal_message.html?_=1608776130241&CODE_STATE=getMsg HTTP/1.1" 200 27
116.228.172.94 - - [24/Dec/2020:10:15:34 +0800] "GET /xingrg/kc/buy/cgsh_order_add.html HTTP/1.1" 200 61236
116.228.172.94 - - [24/Dec/2020:10:15:36 +0800] "GET /xingrg/javascript/easyui/themes/default/validatebox.css HTTP/1.1" 404 1104
116.228.172.94 - - [24/Dec/2020:10:15:37 +0800] "POST /xingrg/kc/buy/cgsh_order_operate.html HTTP/1.1" 200 8245
120.253.135.82 - - [24/Dec/2020:10:15:37 +0800] "POST /xingrg/kc/pszx/mdps_list_operate.html HTTP/1.1" 200 215
116.228.172.94 - - [24/Dec/2020:10:15:38 +0800] "GET /xingrg/javascript/easyui/themes/default/tree.css HTTP/1.1" 404 1090
116.228.172.94 - - [24/Dec/2020:10:15:39 +0800] "POST /xingrg/all/common/load_tree.html?tree=supplier_tree_json&isDelete=1 HTTP/1.1" 200 52953
120.253.135.82 - - [24/Dec/2020:10:15:39 +0800] "GET /xingrg/kc/pszx/mdps_order_info.html?code=312020122400627 HTTP/1.1" 200 23887
120.253.135.82 - - [24/Dec/2020:10:15:39 +0800] "POST /xingrg/kc/pszx/mdps_order_operate.html HTTP/1.1" 200 2302
120.253.135.82 - - [24/Dec/2020:10:15:39 +0800] "GET /xingrg/javascript/easyui/themes/default/validatebox.css HTTP/1.1" 404 1104
180.152.104.37 - - [24/Dec/2020:10:15:40 +0800] "GET /xingrg/kc/buy/cgsh_order_operate.html?command=get_materiel&rest_code=00102&code=00101015057&supplier_code=00100054&order_time=2020-12-24 HTTP/1.1" 200 408
116.232.53.157 - - [24/Dec/2020:10:15:41 +0800] "GET /xingrg/all/function/internal_message.html?_=1608776139861&CODE_STATE=getMsg HTTP/1.1" 200 27
116.238.192.211 - - [24/Dec/2020:10:15:42 +0800] "POST /xingrg/dwr/call/plaincall/AjaxQqpsService.saveMaterielItem.dwr HTTP/1.1" 200 79
180.162.223.42 - - [24/Dec/2020:10:15:43 +0800] "GET /xingrg/all/function/internal_message.html?_=1608776123694&CODE_STATE=getMsg HTTP/1.1" 200 27
120.253.135.82 - - [24/Dec/2020:10:15:44 +0800] "POST /xingrg/kc/pszx/mdps_order_operate.html HTTP/1.1" 200 37
120.253.135.82 - - [24/Dec/2020:10:15:45 +0800] "POST /xingrg/kc/pszx/mdps_order_operate.html HTTP/1.1" 200 12
120.253.135.82 - - [24/Dec/2020:10:15:46 +0800] "GET /xingrg/kc/pszx/mdps_order_info.html?code=312020122400627 HTTP/1.1" 200 19547
120.253.135.82 - - [24/Dec/2020:10:15:47 +0800] "POST /xingrg/kc/pszx/mdps_order_operate.html HTTP/1.1" 200 523
120.253.135.82 - - [24/Dec/2020:10:15:47 +0800] "GET /xingrg/javascript/easyui/themes/default/validatebox.css HTTP/1.1" 404 1104
172.17.200.101 - - [24/Dec/2020:10:15:47 +0800] "GET /xingrg/all/function/internal_message.html?_=1608776148921&CODE_STATE=getMsg HTTP/1.1" 200 27
116.238.192.211 - - [24/Dec/2020:10:15:48 +0800] "POST /xingrg/dwr/call/plaincall/AjaxQqpsService.getMaterielByCode.dwr HTTP/1.1" 200 3585
120.253.135.82 - - [24/Dec/2020:10:15:48 +0800] "POST /xingrg/kc/pszx/mdps_list_operate.html HTTP/1.1" 200 868
180.152.104.37 - - [24/Dec/2020:10:15:52 +0800] "POST /xingrg/kc/buy/cgsh_order_operate.html HTTP/1.1" 200 37
101.228.166.101 - - [24/Dec/2020:10:15:54 +0800] "GET /xingrg/all/function/internal_message.html?_=1608776151893&CODE_STATE=getMsg HTTP/1.1" 200 27
180.152.104.37 - - [24/Dec/2020:10:15:54 +0800] "POST /xingrg/kc/buy/cgsh_order_operate.html HTTP/1.1" 200 12
180.152.104.37 - - [24/Dec/2020:10:15:55 +0800] "GET /xingrg/kc/buy/cgsh_order_info.html?code=212020122409460 HTTP/1.1" 200 56006
180.152.104.37 - - [24/Dec/2020:10:15:56 +0800] "GET /xingrg/javascript/easyui/themes/default/validatebox.css HTTP/1.1" 404 1104
180.152.104.37 - - [24/Dec/2020:10:15:57 +0800] "POST /xingrg/kc/buy/cgsh_order_operate.html HTTP/1.1" 200 1779
180.152.104.37 - - [24/Dec/2020:10:15:58 +0800] "GET /xingrg/kc/print/load_data.html?order_code=212020122409460&kc_code=cgsh&condition= HTTP/1.1" 200 1115
116.228.172.94 - - [24/Dec/2020:10:15:59 +0800] "GET /xingrg/kc/buy/cgsh_order_operate.html?command=get_materiel&rest_code=00107&code=00101010281&supplier_code=00100331&order_time=2020-12-24 HTTP/1.1" 200 414
116.232.53.157 - - [24/Dec/2020:10:16:00 +0800] "GET /xingrg/css/new_ie.css HTTP/1.1" 404 1036
116.232.53.157 - - [24/Dec/2020:10:16:00 +0800] "GET /xingrg/kc/buy/buy_main.html HTTP/1.1" 200 12412
116.238.192.211 - - [24/Dec/2020:10:16:00 +0800] "POST /xingrg/dwr/call/plaincall/AjaxQqpsService.saveMaterielItem.dwr HTTP/1.1" 200 79
116.232.53.157 - - [24/Dec/2020:10:16:01 +0800] "GET /xingrg/kc/buy/cgsh_order_list.html HTTP/1.1" 200 45411
116.232.53.157 - - [24/Dec/2020:10:16:01 +0800] "POST /xingrg/kc/buy/cgsh_list_operate.html HTTP/1.1" 200 876
116.238.192.211 - - [24/Dec/2020:10:16:02 +0800] "GET /xingrg/all/function/internal_message.html?_=1608776167806&CODE_STATE=getMsg HTTP/1.1" 200 27
120.253.135.82 - - [24/Dec/2020:10:16:03 +0800] "POST /xingrg/kc/pszx/mdps_list_operate.html HTTP/1.1" 200 1688
180.152.104.37 - - [24/Dec/2020:10:16:04 +0800] "GET /xingrg/kc/buy/cgsh_order_add.html HTTP/1.1" 200 61107
120.253.135.82 - - [24/Dec/2020:10:16:05 +0800] "POST /xingrg/kc/pszx/mdps_list_operate.html HTTP/1.1" 200 204
180.152.104.37 - - [24/Dec/2020:10:16:05 +0800] "POST /xingrg/kc/buy/cgsh_order_operate.html HTTP/1.1" 200 8245
180.152.104.37 - - [24/Dec/2020:10:16:05 +0800] "GET /xingrg/javascript/easyui/themes/default/validatebox.css HTTP/1.1" 404 1104
120.253.135.82 - - [24/Dec/2020:10:16:06 +0800] "GET /xingrg/kc/pszx/mdps_order_info.html?code=312020122400626 HTTP/1.1" 200 23887
120.253.135.82 - - [24/Dec/2020:10:16:06 +0800] "POST /xingrg/kc/pszx/mdps_order_operate.html HTTP/1.1" 200 2293
120.253.135.82 - - [24/Dec/2020:10:16:06 +0800] "GET /xingrg/javascript/easyui/themes/default/validatebox.css HTTP/1.1" 404 1104
116.228.172.94 - - [24/Dec/2020:10:16:08 +0800] "POST /xingrg/kc/buy/cgsh_order_operate.html HTTP/1.1" 200 37
172.17.0.123 - - [24/Dec/2020:10:16:10 +0800] "GET /xingrg/all/function/internal_message.html?_=1608776081406&CODE_STATE=getMsg HTTP/1.1" 200 27
116.238.192.211 - - [24/Dec/2020:10:16:10 +0800] "POST /xingrg/dwr/call/plaincall/AjaxQqpsService.getMaterielByCode.dwr HTTP/1.1" 200 3633
120.253.135.82 - - [24/Dec/2020:10:16:10 +0800] "POST /xingrg/kc/pszx/mdps_list_operate.html HTTP/1.1" 200 1688
116.228.172.94 - - [24/Dec/2020:10:16:11 +0800] "POST /xingrg/kc/buy/cgsh_order_operate.html HTTP/1.1" 200 2659
180.152.104.37 - - [24/Dec/2020:10:16:11 +0800] "GET /xingrg/all/function/internal_message.html?_=1608776403330&CODE_STATE=getMsg HTTP/1.1" 200 27
116.228.172.94 - - [24/Dec/2020:10:16:12 +0800] "GET /xingrg/kc/print/load_data.html?order_code=212020122409461&kc_code=cgsh&condition= HTTP/1.1" 200 672
101.228.166.101 - - [24/Dec/2020:10:16:12 +0800] "GET /xingrg/all/function/internal_message.html?_=1608776181830&CODE_STATE=getMsg HTTP/1.1" 200 27
58.35.244.144 - - [24/Dec/2020:10:16:13 +0800] "GET /xingrg/all/function/internal_message.html?_=1608776317302&CODE_STATE=getMsg HTTP/1.1" 302 -
58.35.244.144 - - [24/Dec/2020:10:16:13 +0800] "GET /xingrg/login.html HTTP/1.1" 200 7641
180.152.104.37 - - [24/Dec/2020:10:16:15 +0800] "GET /xingrg/javascript/easyui/themes/default/tree.css HTTP/1.1" 404 1090
180.152.104.37 - - [24/Dec/2020:10:16:16 +0800] "POST /xingrg/all/common/load_tree.html?tree=supplier_tree_json&isDelete=1 HTTP/1.1" 200 52953
222.69.133.149 - - [24/Dec/2020:10:16:16 +0800] "GET /xingrg/all/function/internal_message.html?_=1608776171157&CODE_STATE=getMsg HTTP/1.1" 200 27
116.228.172.94 - - [24/Dec/2020:10:16:17 +0800] "GET /xingrg/kc/buy/cgsh_order_add.html HTTP/1.1" 200 61236
116.238.192.211 - - [24/Dec/2020:10:16:18 +0800] "POST /xingrg/dwr/call/plaincall/AjaxQqpsService.saveMaterielItem.dwr HTTP/1.1" 200 79
116.228.172.94 - - [24/Dec/2020:10:16:19 +0800] "GET /xingrg/javascript/easyui/themes/default/validatebox.css HTTP/1.1" 404 1104
116.228.172.94 - - [24/Dec/2020:10:16:19 +0800] "POST /xingrg/kc/buy/cgsh_order_operate.html HTTP/1.1" 200 8245
116.228.172.94 - - [24/Dec/2020:10:16:20 +0800] "GET /xingrg/javascript/easyui/themes/default/tree.css HTTP/1.1" 404 1090
116.228.172.94 - - [24/Dec/2020:10:16:20 +0800] "POST /xingrg/all/common/load_tree.html?tree=supplier_tree_json&isDelete=1 HTTP/1.1" 200 52953
116.238.192.211 - - [24/Dec/2020:10:16:21 +0800] "POST /xingrg/dwr/call/plaincall/AjaxQqpsService.getMaterielByCode.dwr HTTP/1.1" 200 3584
116.228.172.94 - - [24/Dec/2020:10:16:24 +0800] "GET /xingrg/all/function/internal_message.html?_=1608776183889&CODE_STATE=getMsg HTTP/1.1" 200 27
116.238.192.211 - - [24/Dec/2020:10:16:29 +0800] "GET /xingrg/all/function/internal_message.html?_=1608776174395&CODE_STATE=getMsg HTTP/1.1" 200 27
116.238.192.211 - - [24/Dec/2020:10:16:29 +0800] "POST /xingrg/dwr/call/plaincall/AjaxQqpsService.saveMaterielItem.dwr HTTP/1.1" 200 79
116.238.192.211 - - [24/Dec/2020:10:16:33 +0800] "POST /xingrg/dwr/call/plaincall/AjaxQqpsService.getMaterielByCode.dwr HTTP/1.1" 200 3678
58.35.244.144 - - [24/Dec/2020:10:16:34 +0800] "GET /xingrg/check_reg.html?_=1608776190077 HTTP/1.1" 200 22
58.35.244.144 - - [24/Dec/2020:10:16:34 +0800] "GET /xingrg/all/function/internal_message.html?_=1608776190248&CODE_STATE=getMsg HTTP/1.1" 200 27
180.152.104.37 - - [24/Dec/2020:10:16:36 +0800] "GET /xingrg/kc/buy/cgsh_order_operate.html?command=get_materiel&rest_code=00102&code=00101011009&supplier_code=00100047&order_time=2020-12-24 HTTP/1.1" 200 418
116.238.192.211 - - [24/Dec/2020:10:16:39 +0800] "POST /xingrg/dwr/call/plaincall/AjaxQqpsService.saveMaterielItem.dwr HTTP/1.1" 200 79
116.228.172.94 - - [24/Dec/2020:10:16:40 +0800] "GET /xingrg/kc/buy/cgsh_order_operate.html?command=get_materiel&rest_code=00107&code=00101001140&supplier_code=00100090&order_time=2020-12-24 HTTP/1.1" 200 415
116.232.53.157 - - [24/Dec/2020:10:16:41 +0800] "GET /xingrg/all/function/internal_message.html?_=1608776199862&CODE_STATE=getMsg HTTP/1.1" 200 27
116.238.192.211 - - [24/Dec/2020:10:16:42 +0800] "POST /xingrg/dwr/call/plaincall/AjaxQqpsService.getMaterielByCode.dwr HTTP/1.1" 200 3632
180.162.223.42 - - [24/Dec/2020:10:16:43 +0800] "GET /xingrg/all/function/internal_message.html?_=1608776183692&CODE_STATE=getMsg HTTP/1.1" 200 27
180.162.223.42 - - [24/Dec/2020:10:16:43 +0800] "GET /xingrg/check_reg.html?_=1608776183695 HTTP/1.1" 200 22
116.232.53.157 - - [24/Dec/2020:10:16:45 +0800] "GET /xingrg/kc/buy/buy_main.html HTTP/1.1" 200 12412
116.232.53.157 - - [24/Dec/2020:10:16:45 +0800] "GET /xingrg/css/new_ie.css HTTP/1.1" 404 1036
116.238.192.211 - - [24/Dec/2020:10:16:45 +0800] "GET /xingrg/kc/buy/cgsh_order_list.html HTTP/1.1" 200 45415
116.238.192.211 - - [24/Dec/2020:10:16:45 +0800] "POST /xingrg/dwr/call/plaincall/AjaxQqpsService.saveMaterielItem.dwr HTTP/1.1" 200 79
116.232.53.157 - - [24/Dec/2020:10:16:46 +0800] "GET /xingrg/kc/buy/cgsh_order_list.html HTTP/1.1" 200 45411
116.238.192.211 - - [24/Dec/2020:10:16:47 +0800] "POST /xingrg/kc/buy/cgsh_list_operate.html HTTP/1.1" 200 2051
