172.17.0.119 - - [24/Dec/2020:10:27:41 +0800] "GET /xingrg/javascript/jquery_easy_ui/themes/default/images/tabs_leftarrow.png HTTP/1.1" 200 389
172.17.0.119 - - [24/Dec/2020:10:27:41 +0800] "GET /xingrg/javascript/jquery_easy_ui/themes/default/images/tabs_rightarrow.png HTTP/1.1" 200 395
172.17.0.119 - - [24/Dec/2020:10:27:41 +0800] "GET /xingrg/javascript/jquery_easy_ui/themes/default/images/panel_tool_expand.gif HTTP/1.1" 200 247
172.17.0.119 - - [24/Dec/2020:10:27:41 +0800] "GET /xingrg/javascript/jquery_easy_ui/themes/default/images/panel_tool_collapse.gif HTTP/1.1" 200 246
172.17.0.119 - - [24/Dec/2020:10:27:41 +0800] "POST /xingrg/load_menu.html HTTP/1.1" 200 11529
172.17.0.119 - - [24/Dec/2020:10:27:41 +0800] "GET /xingrg/javascript/jquery_easy_ui/themes/default/images/tree_arrows.gif HTTP/1.1" 200 1043
172.17.0.119 - - [24/Dec/2020:10:27:41 +0800] "GET /xingrg/javascript/jquery_easy_ui/themes/default/images/tree_folder_open.gif HTTP/1.1" 200 956
172.17.0.119 - - [24/Dec/2020:10:27:41 +0800] "GET /xingrg/javascript/jquery_easy_ui/themes/icons/search_new.png HTTP/1.1" 200 586
172.17.0.119 - - [24/Dec/2020:10:27:41 +0800] "GET /xingrg/javascript/jquery_easy_ui/themes/icons/delivery_new.png HTTP/1.1" 200 700
172.17.0.119 - - [24/Dec/2020:10:27:41 +0800] "GET /xingrg/javascript/jquery_easy_ui/themes/icons/storage_new.png HTTP/1.1" 200 853
172.17.0.119 - - [24/Dec/2020:10:27:41 +0800] "GET /xingrg/javascript/jquery_easy_ui/themes/icons/checkout_new.png HTTP/1.1" 200 744
172.17.0.119 - - [24/Dec/2020:10:27:41 +0800] "GET /xingrg/javascript/jquery_easy_ui/themes/icons/forms_new.png HTTP/1.1" 200 350
172.17.0.119 - - [24/Dec/2020:10:27:41 +0800] "GET /xingrg/javascript/jquery_easy_ui/themes/icons/setting_new.png HTTP/1.1" 200 450
172.17.0.119 - - [24/Dec/2020:10:27:41 +0800] "GET /xingrg/javascript/jquery_easy_ui/themes/icons/systemset_new.png HTTP/1.1" 200 606
172.17.0.119 - - [24/Dec/2020:10:27:41 +0800] "GET /xingrg/javascript/jquery_easy_ui/themes/default/images/tree_file.gif HTTP/1.1" 200 118
172.17.0.119 - - [24/Dec/2020:10:27:41 +0800] "GET /xingrg/javascript/jquery_easy_ui/themes/default/images/tree_folder.gif HTTP/1.1" 200 952
116.232.53.157 - - [24/Dec/2020:10:27:42 +0800] "GET /xingrg/all/function/internal_message.html?_=1608776860206&CODE_STATE=getMsg HTTP/1.1" 200 27
172.17.0.119 - - [24/Dec/2020:10:27:43 +0800] "POST /xingrg/load_menu.html HTTP/1.1" 200 10512
180.162.223.42 - - [24/Dec/2020:10:27:43 +0800] "GET /xingrg/all/function/internal_message.html?_=1608776843691&CODE_STATE=getMsg HTTP/1.1" 200 27
117.184.7.26 - - [24/Dec/2020:10:27:45 +0800] "POST /xingrg/kc/buy/cgsh_order_operate.html HTTP/1.1" 200 37
58.35.244.144 - - [24/Dec/2020:10:27:46 +0800] "GET /xingrg/kc/buy/cgsh_order_operate.html?command=get_materiel&rest_code=00111&code=00101001029&supplier_code=00100312&order_time=2020-12-24 HTTP/1.1" 200 415
117.184.7.26 - - [24/Dec/2020:10:27:46 +0800] "POST /xingrg/kc/buy/cgsh_order_operate.html HTTP/1.1" 200 13278
172.17.0.119 - - [24/Dec/2020:10:27:47 +0800] "GET /xingrg/system/info/materiel_manager.html HTTP/1.1" 200 19442
172.17.0.119 - - [24/Dec/2020:10:27:47 +0800] "GET /xingrg/javascript/jquery_easy_ui/themes/default/images/tabs_close.gif HTTP/1.1" 200 829
172.17.0.119 - - [24/Dec/2020:10:27:47 +0800] "GET /xingrg/css/blue.css HTTP/1.1" 200 15949
172.17.0.119 - - [24/Dec/2020:10:27:47 +0800] "GET /xingrg/css/xtree.css HTTP/1.1" 200 880
172.17.0.119 - - [24/Dec/2020:10:27:47 +0800] "GET /xingrg/javascript/jquery_ui/themes/base/base.css HTTP/1.1" 200 28568
172.17.0.119 - - [24/Dec/2020:10:27:47 +0800] "GET /xingrg/javascript/pic_change.js HTTP/1.1" 200 4739
172.17.0.119 - - [24/Dec/2020:10:27:47 +0800] "GET /xingrg/dwr/interface/AjaxBaseInfoService.js HTTP/1.1" 200 21363
172.17.0.119 - - [24/Dec/2020:10:27:47 +0800] "GET /xingrg/dwr/interface/AjaxComOrderService.js HTTP/1.1" 200 18264
172.17.0.119 - - [24/Dec/2020:10:27:47 +0800] "GET /xingrg/dwr/engine.js HTTP/1.1" 200 43631
172.17.0.119 - - [24/Dec/2020:10:27:47 +0800] "GET /xingrg/dwr/util.js HTTP/1.1" 200 35990
172.17.0.119 - - [24/Dec/2020:10:27:47 +0800] "GET /xingrg/javascript/Calendar.js HTTP/1.1" 200 31561
172.17.0.119 - - [24/Dec/2020:10:27:47 +0800] "GET /xingrg/javascript/myfunction.js HTTP/1.1" 200 24559
172.17.0.119 - - [24/Dec/2020:10:27:47 +0800] "GET /xingrg/javascript/Grid.js HTTP/1.1" 200 58908
172.17.0.119 - - [24/Dec/2020:10:27:47 +0800] "GET /xingrg/javascript/ToolTips.js HTTP/1.1" 200 5615
172.17.0.119 - - [24/Dec/2020:10:27:47 +0800] "GET /xingrg/javascript/xtree.js HTTP/1.1" 200 26582
172.17.0.119 - - [24/Dec/2020:10:27:47 +0800] "GET /xingrg/javascript/print/LodopFuncs.js HTTP/1.1" 200 5121
172.17.0.119 - - [24/Dec/2020:10:27:47 +0800] "GET /xingrg/images/xtree/openfoldericon.png HTTP/1.1" 200 232
172.17.0.119 - - [24/Dec/2020:10:27:47 +0800] "GET /xingrg/javascript/jquery_easy_ui/themes/icons/import_new.png HTTP/1.1" 200 1247
172.17.0.119 - - [24/Dec/2020:10:27:47 +0800] "GET /xingrg/javascript/jquery_easy_ui/themes/icons/print_new.png HTTP/1.1" 200 3580
172.17.0.119 - - [24/Dec/2020:10:27:47 +0800] "GET /xingrg/javascript/jquery_easy_ui/themes/icons/back_new.png HTTP/1.1" 200 3414
172.17.200.101 - - [24/Dec/2020:10:27:47 +0800] "GET /xingrg/all/function/internal_message.html?_=1608776868932&CODE_STATE=getMsg HTTP/1.1" 200 27
172.17.200.101 - - [24/Dec/2020:10:27:47 +0800] "GET /xingrg/check_reg.html?_=1608776868935 HTTP/1.1" 200 22
172.17.0.119 - - [24/Dec/2020:10:27:47 +0800] "GET /xingrg/images/blue/wait.gif HTTP/1.1" 200 1100
172.17.0.119 - - [24/Dec/2020:10:27:47 +0800] "POST /xingrg/dwr/call/plaincall/AjaxBaseInfoService.getSubMaterielSorts.dwr HTTP/1.1" 200 219
172.17.0.119 - - [24/Dec/2020:10:27:47 +0800] "GET /xingrg/images/xtree/Lplus.png HTTP/1.1" 200 224
172.17.0.119 - - [24/Dec/2020:10:27:47 +0800] "GET /xingrg/images/xtree/foldericon.png HTTP/1.1" 200 229
172.17.0.119 - - [24/Dec/2020:10:27:47 +0800] "GET /xingrg/images/xtree/Tplus.png HTTP/1.1" 200 222
172.17.0.119 - - [24/Dec/2020:10:27:47 +0800] "POST /xingrg/dwr/call/plaincall/AjaxBaseInfoService.getMateriels.dwr HTTP/1.1" 200 2929
172.17.0.119 - - [24/Dec/2020:10:27:49 +0800] "POST /xingrg/dwr/call/plaincall/AjaxBaseInfoService.getSubMaterielSorts.dwr HTTP/1.1" 200 3482
172.17.0.119 - - [24/Dec/2020:10:27:49 +0800] "GET /xingrg/images/xtree/blank.png HTTP/1.1" 200 144
172.17.0.119 - - [24/Dec/2020:10:27:49 +0800] "GET /xingrg/images/xtree/L.png HTTP/1.1" 200 153
172.17.0.119 - - [24/Dec/2020:10:27:50 +0800] "GET /xingrg/images/xtree/file.png HTTP/1.1" 200 251
172.17.0.119 - - [24/Dec/2020:10:27:50 +0800] "GET /xingrg/images/xtree/T.png HTTP/1.1" 200 152
172.17.0.119 - - [24/Dec/2020:10:27:50 +0800] "GET /xingrg/images/xtree/Lminus.png HTTP/1.1" 200 219
117.185.32.26 - - [24/Dec/2020:10:27:50 +0800] "GET /xingrg/all/function/internal_message.html?_=1608776867213&CODE_STATE=getMsg HTTP/1.1" 200 27
172.17.0.119 - - [24/Dec/2020:10:27:50 +0800] "POST /xingrg/dwr/call/plaincall/AjaxBaseInfoService.getMateriels.dwr HTTP/1.1" 200 3020
116.238.192.211 - - [24/Dec/2020:10:27:52 +0800] "GET /xingrg/kc/buy/cgsh_order_operate.html?command=get_materiel&rest_code=00150&code=00101008318&supplier_code=00100007&order_time=2020-12-24 HTTP/1.1" 200 408
101.228.166.101 - - [24/Dec/2020:10:27:53 +0800] "GET /xingrg/check_reg.html?_=1608776882933 HTTP/1.1" 200 22
101.228.166.101 - - [24/Dec/2020:10:27:54 +0800] "GET /xingrg/all/function/internal_message.html?_=1608776871902&CODE_STATE=getMsg HTTP/1.1" 200 27
172.17.0.119 - - [24/Dec/2020:10:27:55 +0800] "POST /xingrg/dwr/call/plaincall/AjaxBaseInfoService.getMateriels.dwr HTTP/1.1" 200 2984
172.17.0.119 - - [24/Dec/2020:10:27:56 +0800] "GET /xingrg/system/info/materiel_info.html?code=00102011&isAdd=1 HTTP/1.1" 200 34213
172.17.0.119 - - [24/Dec/2020:10:27:56 +0800] "GET /xingrg/dwr/interface/AjaxGetFirstChart.js HTTP/1.1" 200 631
172.17.0.119 - - [24/Dec/2020:10:27:56 +0800] "GET /xingrg/dwr/engine.js HTTP/1.1" 200 43631
172.17.0.119 - - [24/Dec/2020:10:27:56 +0800] "GET /xingrg/javascript/checkform.js HTTP/1.1" 200 18351
116.238.192.211 - - [24/Dec/2020:10:27:56 +0800] "GET /xingrg/all/function/internal_message.html?_=1608776882079&CODE_STATE=getMsg HTTP/1.1" 200 27
172.17.0.119 - - [24/Dec/2020:10:27:57 +0800] "POST /xingrg/all/common/load_tree.html?tree=area_rest_tree_json HTTP/1.1" 200 3350
172.17.0.119 - - [24/Dec/2020:10:27:57 +0800] "GET /favicon.ico HTTP/1.1" 404 -
172.17.0.119 - - [24/Dec/2020:10:27:57 +0800] "POST /xingrg/dwr/call/plaincall/AjaxBaseInfoService.getMaterielInfo.dwr HTTP/1.1" 200 223
172.17.0.119 - - [24/Dec/2020:10:27:57 +0800] "POST /xingrg/all/common/load_tree.html?tree=area_rest_tree_json&defaultRests=undefined HTTP/1.1" 200 3350
172.17.0.119 - - [24/Dec/2020:10:27:57 +0800] "GET /xingrg/javascript/jquery_easy_ui/themes/default/images/tree_checkbox_0.gif HTTP/1.1" 200 168
172.17.0.119 - - [24/Dec/2020:10:27:57 +0800] "GET /xingrg/javascript/jquery_easy_ui/themes/icons/area.png HTTP/1.1" 200 262
172.17.0.119 - - [24/Dec/2020:10:27:57 +0800] "GET /xingrg/javascript/jquery_easy_ui/themes/icons/manage.png HTTP/1.1" 200 696
172.17.0.119 - - [24/Dec/2020:10:27:57 +0800] "GET /xingrg/javascript/jquery_easy_ui/themes/icons/rest.png HTTP/1.1" 200 695
222.69.133.149 - - [24/Dec/2020:10:27:58 +0800] "GET /xingrg/kc/buy/cgsh_order_operate.html?command=get_materiel&rest_code=00149&code=00101010092&supplier_code=00100036&order_time=2020-12-24 HTTP/1.1" 200 449
120.253.135.82 - - [24/Dec/2020:10:28:00 +0800] "POST /xingrg/kc/pszx/mdps_order_operate.html HTTP/1.1" 200 37
101.89.239.245 - - [24/Dec/2020:10:28:01 +0800] "GET /xingrg/login.html HTTP/1.1" 200 7641
120.253.135.82 - - [24/Dec/2020:10:28:01 +0800] "GET /xingrg/kc/pszx/mdps_order_info.html?code=312020122400631 HTTP/1.1" 200 23887
172.17.0.119 - - [24/Dec/2020:10:28:01 +0800] "POST /xingrg/dwr/call/plaincall/AjaxGetFirstChart.getFirstChart.dwr HTTP/1.1" 200 79
120.253.135.82 - - [24/Dec/2020:10:28:02 +0800] "POST /xingrg/kc/pszx/mdps_order_operate.html HTTP/1.1" 200 4346
120.253.135.82 - - [24/Dec/2020:10:28:02 +0800] "GET /xingrg/javascript/easyui/themes/default/validatebox.css HTTP/1.1" 404 1104
58.35.244.144 - - [24/Dec/2020:10:28:02 +0800] "GET /xingrg/all/function/internal_message.html?_=1608777026371&CODE_STATE=getMsg HTTP/1.1" 200 27
180.152.104.37 - - [24/Dec/2020:10:28:03 +0800] "GET /xingrg/all/function/internal_message.html?_=1608776883068&CODE_STATE=getMsg HTTP/1.1" 200 27
58.37.230.33 - - [24/Dec/2020:10:28:04 +0800] "GET /favicon.ico HTTP/1.1" 404 -
120.253.135.82 - - [24/Dec/2020:10:28:05 +0800] "GET /xingrg/kc/pszx/mdps_order_add.html HTTP/1.1" 200 29137
120.253.135.82 - - [24/Dec/2020:10:28:05 +0800] "POST /xingrg/kc/pszx/mdps_order_operate.html HTTP/1.1" 200 7126
120.253.135.82 - - [24/Dec/2020:10:28:06 +0800] "GET /xingrg/javascript/easyui/themes/default/validatebox.css HTTP/1.1" 404 1104
117.184.7.26 - - [24/Dec/2020:10:28:07 +0800] "GET /xingrg/kc/buy/cgsh_order_operate.html?command=get_materiel&rest_code=00108&code=00101008175&supplier_code=00100008&order_time=2020-12-24 HTTP/1.1" 200 412
117.185.32.26 - - [24/Dec/2020:10:28:08 +0800] "GET /xingrg/kc/buy/cgsh_order_add.html HTTP/1.1" 200 61154
172.17.0.119 - - [24/Dec/2020:10:28:08 +0800] "POST /xingrg/dwr/call/plaincall/AjaxBaseInfoService.changeUnitGroup.dwr HTTP/1.1" 200 243
117.185.32.26 - - [24/Dec/2020:10:28:09 +0800] "GET /xingrg/javascript/easyui/themes/default/validatebox.css HTTP/1.1" 404 1104
117.185.32.26 - - [24/Dec/2020:10:28:09 +0800] "POST /xingrg/kc/buy/cgsh_order_operate.html HTTP/1.1" 200 8245
172.17.0.123 - - [24/Dec/2020:10:28:10 +0800] "GET /xingrg/all/function/internal_message.html?_=1608776801404&CODE_STATE=getMsg HTTP/1.1" 200 27
117.185.32.26 - - [24/Dec/2020:10:28:10 +0800] "GET /xingrg/javascript/easyui/themes/default/tree.css HTTP/1.1" 404 1090
58.35.244.144 - - [24/Dec/2020:10:28:10 +0800] "POST /xingrg/kc/buy/cgsh_order_operate.html HTTP/1.1" 200 37
117.185.32.26 - - [24/Dec/2020:10:28:10 +0800] "POST /xingrg/all/common/load_tree.html?tree=supplier_tree_json&isDelete=1 HTTP/1.1" 200 52953
172.17.0.119 - - [24/Dec/2020:10:28:10 +0800] "POST /xingrg/dwr/call/plaincall/AjaxBaseInfoService.saveMateriel.dwr HTTP/1.1" 200 109
172.17.0.119 - - [24/Dec/2020:10:28:10 +0800] "POST /xingrg/dwr/call/plaincall/AjaxBaseInfoService.getMateriels.dwr HTTP/1.1" 200 2984
58.35.244.144 - - [24/Dec/2020:10:28:11 +0800] "POST /xingrg/kc/buy/cgsh_order_operate.html HTTP/1.1" 200 4435
116.238.192.211 - - [24/Dec/2020:10:28:11 +0800] "POST /xingrg/dwr/call/plaincall/AjaxQqpsService.saveMaterielItem.dwr HTTP/1.1" 200 78
58.35.244.144 - - [24/Dec/2020:10:28:13 +0800] "GET /xingrg/kc/print/load_data.html?order_code=212020122409483&kc_code=cgsh&condition= HTTP/1.1" 200 1351
180.152.104.37 - - [24/Dec/2020:10:28:13 +0800] "GET /xingrg/all/function/internal_message.html?_=1608777124925&CODE_STATE=getMsg HTTP/1.1" 200 27
101.228.166.101 - - [24/Dec/2020:10:28:14 +0800] "GET /xingrg/all/function/internal_message.html?_=1608776903367&CODE_STATE=getMsg HTTP/1.1" 200 27
172.17.0.119 - - [24/Dec/2020:10:28:14 +0800] "GET /xingrg/javascript/jquery_easy_ui/themes/default/images/button_plain_hover.png HTTP/1.1" 200 252
180.157.253.48 - - [24/Dec/2020:10:28:15 +0800] "GET /xingrg/all/function/internal_message.html?_=1608776893280&CODE_STATE=getMsg HTTP/1.1" 200 27
116.228.172.94 - - [24/Dec/2020:10:28:15 +0800] "GET /xingrg/kc/buy/cgsh_order_operate.html?command=get_materiel&rest_code=00107&code=00101010120&supplier_code=00100329&order_time=2020-12-24 HTTP/1.1" 200 415
222.69.133.149 - - [24/Dec/2020:10:28:16 +0800] "GET /xingrg/all/function/internal_message.html?_=1608776890910&CODE_STATE=getMsg HTTP/1.1" 200 27
120.253.135.82 - - [24/Dec/2020:10:28:16 +0800] "GET /xingrg/javascript/easyui/themes/default/tree.css HTTP/1.1" 404 1090
120.253.135.82 - - [24/Dec/2020:10:28:16 +0800] "POST /xingrg/all/common/load_tree.html?tree=area_rest_tree_json&only_rest=1 HTTP/1.1" 200 3229
222.69.133.149 - - [24/Dec/2020:10:28:16 +0800] "GET /xingrg/kc/buy/cgsh_order_operate.html?command=get_materiel&rest_code=00149&code=00101012026&supplier_code=00100036&order_time=2020-12-24 HTTP/1.1" 200 408
120.253.135.82 - - [24/Dec/2020:10:28:16 +0800] "GET /xingrg/javascript/easyui/themes/default/images/tree_arrows.gif HTTP/1.1" 200 617
120.253.135.82 - - [24/Dec/2020:10:28:17 +0800] "GET /xingrg/javascript/easyui/themes/default/images/tree_folder_open.gif HTTP/1.1" 200 956
120.253.135.82 - - [24/Dec/2020:10:28:17 +0800] "GET /xingrg/javascript/easyui/themes/icons/rest.png HTTP/1.1" 200 695
120.253.135.82 - - [24/Dec/2020:10:28:17 +0800] "GET /xingrg/javascript/easyui/themes/icons/area.png HTTP/1.1" 200 262
117.184.7.26 - - [24/Dec/2020:10:28:21 +0800] "GET /xingrg/all/function/internal_message.html?_=1608776895297&CODE_STATE=getMsg HTTP/1.1" 200 27
116.232.53.157 - - [24/Dec/2020:10:28:21 +0800] "GET /xingrg/kc/buy/cgsh_order_operate.html?command=get_materiel&rest_code=00109&code=00101006127&supplier_code=00100015&order_time=2020-12-24 HTTP/1.1" 200 423
117.185.32.26 - - [24/Dec/2020:10:28:23 +0800] "GET /xingrg/kc/buy/cgsh_order_operate.html?command=get_materiel&rest_code=00106&code=00101007048&supplier_code=00100002&order_time=2020-12-24 HTTP/1.1" 200 409
172.17.0.119 - - [24/Dec/2020:10:28:24 +0800] "POST /xingrg/dwr/call/plaincall/AjaxBaseInfoService.getMateriels.dwr HTTP/1.1" 200 3009
172.17.0.119 - - [24/Dec/2020:10:28:26 +0800] "GET /xingrg/system/info/materiel_info.html?code=00102006&isAdd=1 HTTP/1.1" 200 34213
58.35.244.144 - - [24/Dec/2020:10:28:26 +0800] "GET /xingrg/kc/buy/cgsh_order_add.html HTTP/1.1" 200 61148
58.35.244.144 - - [24/Dec/2020:10:28:26 +0800] "GET /xingrg/words/20201224102810_words.js HTTP/1.1" 200 781904
172.17.0.119 - - [24/Dec/2020:10:28:26 +0800] "GET /xingrg/dwr/engine.js HTTP/1.1" 200 43631
116.228.172.94 - - [24/Dec/2020:10:28:26 +0800] "GET /xingrg/all/function/internal_message.html?_=1608776906091&CODE_STATE=getMsg HTTP/1.1" 200 27
172.17.0.119 - - [24/Dec/2020:10:28:26 +0800] "POST /xingrg/all/common/load_tree.html?tree=area_rest_tree_json HTTP/1.1" 200 3350
172.17.0.119 - - [24/Dec/2020:10:28:26 +0800] "GET /favicon.ico HTTP/1.1" 404 -
172.17.0.119 - - [24/Dec/2020:10:28:26 +0800] "POST /xingrg/dwr/call/plaincall/AjaxBaseInfoService.getMaterielInfo.dwr HTTP/1.1" 200 217
172.17.0.119 - - [24/Dec/2020:10:28:26 +0800] "POST /xingrg/all/common/load_tree.html?tree=area_rest_tree_json&defaultRests=undefined HTTP/1.1" 200 3350
58.35.244.144 - - [24/Dec/2020:10:28:26 +0800] "POST /xingrg/kc/buy/cgsh_order_operate.html HTTP/1.1" 200 8245
58.35.244.144 - - [24/Dec/2020:10:28:26 +0800] "GET /xingrg/javascript/easyui/themes/default/validatebox.css HTTP/1.1" 404 1104
116.238.192.211 - - [24/Dec/2020:10:28:29 +0800] "GET /xingrg/all/function/internal_message.html?_=1608776894587&CODE_STATE=getMsg HTTP/1.1" 200 27
222.69.133.149 - - [24/Dec/2020:10:28:32 +0800] "POST /xingrg/kc/buy/cgsh_order_operate.html HTTP/1.1" 200 37
58.35.244.144 - - [24/Dec/2020:10:28:34 +0800] "GET /xingrg/kc/buy/cgsh_order_operate.html?command=get_materiel&rest_code=00111&code=00101004034&supplier_code=00100085&order_time=2020-12-24 HTTP/1.1" 200 416
58.35.244.144 - - [24/Dec/2020:10:28:34 +0800] "GET /xingrg/all/function/internal_message.html?_=1608776910479&CODE_STATE=getMsg HTTP/1.1" 302 -
117.185.32.26 - - [24/Dec/2020:10:28:34 +0800] "GET /xingrg/kc/buy/cgsh_order_operate.html?command=get_materiel&rest_code=00106&code=00101007059&supplier_code=00100002&order_time=2020-12-24 HTTP/1.1" 200 411
222.69.133.149 - - [24/Dec/2020:10:28:35 +0800] "POST /xingrg/kc/buy/cgsh_order_operate.html HTTP/1.1" 200 12
120.253.135.82 - - [24/Dec/2020:10:28:35 +0800] "POST /xingrg/all/common/load_combo.html?type=base HTTP/1.1" 200 984
116.228.172.94 - - [24/Dec/2020:10:28:36 +0800] "POST /xingrg/kc/buy/cgsh_order_operate.html HTTP/1.1" 200 37
222.69.133.149 - - [24/Dec/2020:10:28:37 +0800] "GET /xingrg/kc/buy/cgsh_order_info.html?code=212020122409484 HTTP/1.1" 200 56106
172.17.0.119 - - [24/Dec/2020:10:28:37 +0800] "POST /xingrg/dwr/call/plaincall/AjaxGetFirstChart.getFirstChart.dwr HTTP/1.1" 200 79
222.69.133.149 - - [24/Dec/2020:10:28:38 +0800] "GET /xingrg/words/20201224102810_words.js HTTP/1.1" 200 781904
116.228.172.94 - - [24/Dec/2020:10:28:38 +0800] "POST /xingrg/kc/buy/cgsh_order_operate.html HTTP/1.1" 200 2660
222.69.133.149 - - [24/Dec/2020:10:28:38 +0800] "GET /xingrg/javascript/easyui/themes/default/validatebox.css HTTP/1.1" 404 1104
222.69.133.149 - - [24/Dec/2020:10:28:38 +0800] "POST /xingrg/kc/buy/cgsh_order_operate.html HTTP/1.1" 200 1806
172.17.0.119 - - [24/Dec/2020:10:28:39 +0800] "POST /xingrg/dwr/call/plaincall/AjaxBaseInfoService.changeUnitGroup.dwr HTTP/1.1" 200 243
172.17.0.119 - - [24/Dec/2020:10:28:41 +0800] "GET /xingrg/all/function/internal_message.html?_=1608776919274&CODE_STATE=getMsg HTTP/1.1" 200 27
172.17.0.119 - - [24/Dec/2020:10:28:41 +0800] "POST /xingrg/dwr/call/plaincall/AjaxBaseInfoService.saveMateriel.dwr HTTP/1.1" 200 109
172.17.0.119 - - [24/Dec/2020:10:28:41 +0800] "POST /xingrg/dwr/call/plaincall/AjaxBaseInfoService.getMateriels.dwr HTTP/1.1" 200 3009
116.232.53.157 - - [24/Dec/2020:10:28:41 +0800] "GET /xingrg/all/function/internal_message.html?_=1608776919888&CODE_STATE=getMsg HTTP/1.1" 200 27
116.232.53.157 - - [24/Dec/2020:10:28:41 +0800] "GET /xingrg/check_reg.html?_=1608776919890 HTTP/1.1" 200 22
116.228.172.94 - - [24/Dec/2020:10:28:42 +0800] "GET /xingrg/kc/print/load_data.html?order_code=212020122409485&kc_code=cgsh&condition= HTTP/1.1" 200 677
180.162.223.42 - - [24/Dec/2020:10:28:43 +0800] "GET /xingrg/all/function/internal_message.html?_=1608776903689&CODE_STATE=getMsg HTTP/1.1" 200 27
117.184.7.26 - - [24/Dec/2020:10:28:44 +0800] "GET /xingrg/kc/buy/cgsh_order_operate.html?command=get_materiel&rest_code=00108&code=00101008261&supplier_code=00100008&order_time=2020-12-24 HTTP/1.1" 200 408
222.69.133.149 - - [24/Dec/2020:10:28:46 +0800] "GET /xingrg/kc/print/load_data.html?order_code=212020122409484&kc_code=cgsh&condition= HTTP/1.1" 200 1249
172.17.200.101 - - [24/Dec/2020:10:28:47 +0800] "GET /xingrg/all/function/internal_message.html?_=1608776928942&CODE_STATE=getMsg HTTP/1.1" 200 27
58.35.244.144 - - [24/Dec/2020:10:28:47 +0800] "POST /xingrg/kc/buy/cgsh_order_operate.html HTTP/1.1" 200 37
58.35.244.144 - - [24/Dec/2020:10:28:49 +0800] "POST /xingrg/kc/buy/cgsh_order_operate.html HTTP/1.1" 200 2663
101.85.52.2 - - [24/Dec/2020:10:28:49 +0800] "GET /xingrg/login.html HTTP/1.1" 200 7641
101.85.52.2 - - [24/Dec/2020:10:28:49 +0800] "GET /favicon.ico HTTP/1.1" 404 -
117.185.32.26 - - [24/Dec/2020:10:28:50 +0800] "GET /xingrg/all/function/internal_message.html?_=1608776927204&CODE_STATE=getMsg HTTP/1.1" 200 27
116.228.172.94 - - [24/Dec/2020:10:28:50 +0800] "GET /xingrg/kc/buy/cgsh_order_add.html HTTP/1.1" 200 61236
116.228.172.94 - - [24/Dec/2020:10:28:50 +0800] "GET /xingrg/words/20201224102841_words.js HTTP/1.1" 200 781958
117.185.32.26 - - [24/Dec/2020:10:28:50 +0800] "POST /xingrg/kc/buy/cgsh_order_operate.html HTTP/1.1" 200 37
58.35.244.144 - - [24/Dec/2020:10:28:50 +0800] "GET /xingrg/kc/print/load_data.html?order_code=212020122409486&kc_code=cgsh&condition= HTTP/1.1" 200 724
116.228.172.94 - - [24/Dec/2020:10:28:51 +0800] "POST /xingrg/kc/buy/cgsh_order_operate.html HTTP/1.1" 200 8245
116.228.172.94 - - [24/Dec/2020:10:28:51 +0800] "GET /xingrg/javascript/easyui/themes/default/validatebox.css HTTP/1.1" 404 1104
116.228.172.94 - - [24/Dec/2020:10:28:52 +0800] "GET /xingrg/javascript/easyui/themes/default/tree.css HTTP/1.1" 404 1090
116.228.172.94 - - [24/Dec/2020:10:28:52 +0800] "POST /xingrg/all/common/load_tree.html?tree=supplier_tree_json&isDelete=1 HTTP/1.1" 200 52953
117.185.32.26 - - [24/Dec/2020:10:28:52 +0800] "POST /xingrg/kc/buy/cgsh_order_operate.html HTTP/1.1" 200 12
117.184.7.26 - - [24/Dec/2020:10:28:52 +0800] "GET /xingrg/kc/buy/cgsh_order_operate.html?command=get_materiel&rest_code=00108&code=00101008132&supplier_code=00100008&order_time=2020-12-24 HTTP/1.1" 200 408
101.91.60.105 - - [24/Dec/2020:10:28:53 +0800] "GET /xingrg/login.do HTTP/1.1" 302 -
120.253.135.82 - - [24/Dec/2020:10:28:53 +0800] "GET /xingrg/kc/pszx/mdps_order_operate.html?command=get_materiel&pszx_code=00101&rest_code=00148&base_code=0010246&code=00101019469 HTTP/1.1" 200 454
101.228.166.101 - - [24/Dec/2020:10:28:54 +0800] "GET /xingrg/all/function/internal_message.html?_=1608776931904&CODE_STATE=getMsg HTTP/1.1" 200 27
101.85.52.2 - - [24/Dec/2020:10:28:55 +0800] "POST /xingrg/login.do HTTP/1.1" 302 -
101.85.52.2 - - [24/Dec/2020:10:28:55 +0800] "GET /xingrg/index.html?sysBaseUrl=http%3A%2F%2F180.169.147.146%3A18081%2Fxingrg%2F&costTime=40×tamp=1608776935150 HTTP/1.1" 200 17179
116.232.53.157 - - [24/Dec/2020:10:28:55 +0800] "GET /xingrg/kc/buy/cgsh_order_operate.html?command=get_materiel&rest_code=00109&code=00101006025&supplier_code=00100015&order_time=2020-12-24 HTTP/1.1" 200 417
120.253.135.82 - - [24/Dec/2020:10:28:55 +0800] "POST /xingrg/all/common/load_select.html HTTP/1.1" 200 25
117.185.32.26 - - [24/Dec/2020:10:28:55 +0800] "GET /xingrg/kc/buy/cgsh_order_info.html?code=212020122409487 HTTP/1.1" 200 56059
117.185.32.26 - - [24/Dec/2020:10:28:55 +0800] "GET /xingrg/words/20201224102841_words.js HTTP/1.1" 200 781958
101.85.52.2 - - [24/Dec/2020:10:28:55 +0800] "GET /favicon.ico HTTP/1.1" 404 -
101.85.52.2 - - [24/Dec/2020:10:28:55 +0800] "POST /xingrg/all/common/load_tree.html?tree=area_rest_tree_json&manage=1 HTTP/1.1" 200 351
101.85.52.2 - - [24/Dec/2020:10:28:55 +0800] "GET /xingrg/all/function/internal_message.html?_=1608776929691&CODE_STATE=count HTTP/1.1" 200 11
101.85.52.2 - - [24/Dec/2020:10:28:55 +0800] "GET /xingrg/check_reg.html?_=1608776929708 HTTP/1.1" 200 22
101.85.52.2 - - [24/Dec/2020:10:28:56 +0800] "POST /xingrg/load_menu.html HTTP/1.1" 200 5138
117.185.32.26 - - [24/Dec/2020:10:28:56 +0800] "GET /xingrg/javascript/easyui/themes/default/validatebox.css HTTP/1.1" 404 1104
117.185.32.26 - - [24/Dec/2020:10:28:56 +0800] "POST /xingrg/kc/buy/cgsh_order_operate.html HTTP/1.1" 200 1195
116.238.192.211 - - [24/Dec/2020:10:28:56 +0800] "GET /xingrg/all/function/internal_message.html?_=1608776942059&CODE_STATE=getMsg HTTP/1.1" 200 27
120.253.135.82 - - [24/Dec/2020:10:28:57 +0800] "GET /xingrg/kc/pszx/mdps_order_operate.html?command=get_materiel_price&pszx_code=00101&rest_code=00148&base_code=0010246&code=00101019469&unit_code=00100018&order_time=2020-12-29 HTTP/1.1" 200 34
101.85.52.2 - - [24/Dec/2020:10:28:58 +0800] "GET /xingrg/kc/buy/buy_main.html HTTP/1.1" 200 12412
101.85.52.2 - - [24/Dec/2020:10:28:58 +0800] "GET /xingrg/css/new_ie.css HTTP/1.1" 404 1036
58.35.244.144 - - [24/Dec/2020:10:28:59 +0800] "GET /xingrg/kc/buy/cgsh_order_add.html HTTP/1.1" 200 61148
101.85.52.2 - - [24/Dec/2020:10:28:59 +0800] "GET /xingrg/images/yd/bt.gif HTTP/1.1" 404 1040
58.35.244.144 - - [24/Dec/2020:10:28:59 +0800] "GET /xingrg/words/20201224102841_words.js HTTP/1.1" 200 781958
101.85.52.2 - - [24/Dec/2020:10:28:59 +0800] "GET /xingrg/kc/buy/cgsh_order_list.html HTTP/1.1" 200 45417
58.35.244.144 - - [24/Dec/2020:10:28:59 +0800] "POST /xingrg/kc/buy/cgsh_order_operate.html HTTP/1.1" 200 8245
58.35.244.144 - - [24/Dec/2020:10:28:59 +0800] "GET /xingrg/javascript/easyui/themes/default/validatebox.css HTTP/1.1" 404 1104
117.185.32.26 - - [24/Dec/2020:10:29:00 +0800] "GET /xingrg/kc/print/load_data.html?order_code=212020122409487&kc_code=cgsh&condition= HTTP/1.1" 200 998
101.85.52.2 - - [24/Dec/2020:10:29:01 +0800] "POST /xingrg/kc/buy/cgsh_list_operate.html HTTP/1.1" 200 876
117.184.7.26 - - [24/Dec/2020:10:29:02 +0800] "GET /xingrg/kc/buy/cgsh_order_operate.html?command=get_materiel&rest_code=00108&code=00101008349&supplier_code=00100008&order_time=2020-12-24 HTTP/1.1" 200 412
58.35.244.144 - - [24/Dec/2020:10:29:02 +0800] "GET /xingrg/all/function/internal_message.html?_=1608777086387&CODE_STATE=getMsg HTTP/1.1" 200 27
180.152.104.37 - - [24/Dec/2020:10:29:03 +0800] "GET /xingrg/all/function/internal_message.html?_=1608776943076&CODE_STATE=getMsg HTTP/1.1" 200 27
120.253.135.82 - - [24/Dec/2020:10:29:03 +0800] "POST /xingrg/kc/pszx/mdps_order_operate.html HTTP/1.1" 200 37
116.232.53.157 - - [24/Dec/2020:10:29:03 +0800] "GET /xingrg/kc/buy/cgsh_order_operate.html?command=get_materiel&rest_code=00109&code=00101006177&supplier_code=00100015&order_time=2020-12-24 HTTP/1.1" 200 409
101.85.52.2 - - [24/Dec/2020:10:29:03 +0800] "GET /xingrg/kc/mdqp/qp_main.html HTTP/1.1" 200 10633
120.253.135.82 - - [24/Dec/2020:10:29:03 +0800] "GET /xingrg/kc/pszx/mdps_order_info.html?code=312020122400632 HTTP/1.1" 200 23887
101.85.52.2 - - [24/Dec/2020:10:29:04 +0800] "GET /xingrg/images/yd/bt.gif HTTP/1.1" 404 1040
120.253.135.82 - - [24/Dec/2020:10:29:04 +0800] "GET /xingrg/words/20201224102841_words.js HTTP/1.1" 200 781958
120.253.135.82 - - [24/Dec/2020:10:29:05 +0800] "POST /xingrg/kc/pszx/mdps_order_operate.html HTTP/1.1" 200 2291
120.253.135.82 - - [24/Dec/2020:10:29:05 +0800] "GET /xingrg/javascript/easyui/themes/default/validatebox.css HTTP/1.1" 404 1104
101.85.52.2 - - [24/Dec/2020:10:29:05 +0800] "GET /xingrg/kc/buy/buy_main.html HTTP/1.1" 200 12412
101.85.52.2 - - [24/Dec/2020:10:29:05 +0800] "GET /xingrg/css/new_ie.css HTTP/1.1" 404 1036
58.35.244.144 - - [24/Dec/2020:10:29:06 +0800] "GET /xingrg/kc/buy/cgsh_order_operate.html?command=get_materiel&rest_code=00111&code=00101002038&supplier_code=00100087&order_time=2020-12-24 HTTP/1.1" 200 414
120.253.135.82 - - [24/Dec/2020:10:29:06 +0800] "POST /xingrg/kc/pszx/mdps_list_operate.html HTTP/1.1" 200 2061
101.85.52.2 - - [24/Dec/2020:10:29:06 +0800] "GET /xingrg/kc/buy/cgsh_order_list.html HTTP/1.1" 200 45417
117.184.7.26 - - [24/Dec/2020:10:29:07 +0800] "POST /xingrg/kc/buy/cgsh_order_operate.html HTTP/1.1" 200 2065
101.85.52.2 - - [24/Dec/2020:10:29:07 +0800] "POST /xingrg/kc/buy/cgsh_list_operate.html HTTP/1.1" 200 876
117.185.32.26 - - [24/Dec/2020:10:29:08 +0800] "GET /xingrg/kc/print/load_data.html?order_code=212020122409487&kc_code=cgsh HTTP/1.1" 200 998
120.253.135.82 - - [24/Dec/2020:10:29:09 +0800] "POST /xingrg/kc/pszx/mdps_list_operate.html HTTP/1.1" 200 555
120.253.135.82 - - [24/Dec/2020:10:29:09 +0800] "GET /xingrg/kc/pszx/mdps_order_info.html?code=312020122400631 HTTP/1.1" 200 23887
172.17.0.123 - - [24/Dec/2020:10:29:10 +0800] "GET /xingrg/all/function/internal_message.html?_=1608776861407&CODE_STATE=getMsg HTTP/1.1" 200 27
172.17.0.123 - - [24/Dec/2020:10:29:10 +0800] "GET /xingrg/check_reg.html?_=1608776861408 HTTP/1.1" 200 22
120.253.135.82 - - [24/Dec/2020:10:29:10 +0800] "GET /xingrg/javascript/easyui/themes/default/validatebox.css HTTP/1.1" 404 1104
120.253.135.82 - - [24/Dec/2020:10:29:10 +0800] "POST /xingrg/kc/pszx/mdps_order_operate.html HTTP/1.1" 200 4346
117.184.7.26 - - [24/Dec/2020:10:29:10 +0800] "GET /xingrg/kc/buy/cgsh_order_operate.html?command=get_materiel&rest_code=00108&code=00101008354&supplier_code=00100008&order_time=2020-12-24 HTTP/1.1" 200 412
180.152.104.37 - - [24/Dec/2020:10:29:11 +0800] "GET /xingrg/check_reg.html?_=1608777183305 HTTP/1.1" 200 22
222.69.133.149 - - [24/Dec/2020:10:29:12 +0800] "GET /xingrg/kc/buy/cgsh_order_add.html HTTP/1.1" 200 61201
222.69.133.149 - - [24/Dec/2020:10:29:12 +0800] "GET /xingrg/words/20201224102841_words.js HTTP/1.1" 200 781958
222.69.133.149 - - [24/Dec/2020:10:29:12 +0800] "POST /xingrg/kc/buy/cgsh_order_operate.html HTTP/1.1" 200 8245
222.69.133.149 - - [24/Dec/2020:10:29:12 +0800] "GET /xingrg/javascript/easyui/themes/default/validatebox.css HTTP/1.1" 404 1104
180.152.104.37 - - [24/Dec/2020:10:29:13 +0800] "GET /xingrg/all/function/internal_message.html?_=1608777185251&CODE_STATE=getMsg HTTP/1.1" 200 27
101.228.166.101 - - [24/Dec/2020:10:29:14 +0800] "GET /xingrg/all/function/internal_message.html?_=1608776963379&CODE_STATE=getMsg HTTP/1.1" 200 27
180.157.253.48 - - [24/Dec/2020:10:29:15 +0800] "GET /xingrg/all/function/internal_message.html?_=1608776953289&CODE_STATE=getMsg HTTP/1.1" 200 27
180.157.253.48 - - [24/Dec/2020:10:29:15 +0800] "GET /xingrg/check_reg.html?_=1608776953298 HTTP/1.1" 200 22
222.69.133.149 - - [24/Dec/2020:10:29:16 +0800] "GET /xingrg/all/function/internal_message.html?_=1608776950897&CODE_STATE=getMsg HTTP/1.1" 200 27
58.35.244.144 - - [24/Dec/2020:10:29:17 +0800] "POST /xingrg/kc/buy/cgsh_order_operate.html HTTP/1.1" 200 37
117.184.7.26 - - [24/Dec/2020:10:29:17 +0800] "GET /xingrg/kc/buy/cgsh_order_operate.html?command=get_materiel&rest_code=00108&code=00101008358&supplier_code=00100008&order_time=2020-12-24 HTTP/1.1" 200 412
222.69.133.149 - - [24/Dec/2020:10:29:17 +0800] "GET /xingrg/check_reg.html?_=1608776952243 HTTP/1.1" 200 22
120.253.135.82 - - [24/Dec/2020:10:29:17 +0800] "POST /xingrg/kc/pszx/mdps_order_operate.html HTTP/1.1" 200 37
116.228.172.94 - - [24/Dec/2020:10:29:18 +0800] "GET /xingrg/kc/buy/cgsh_order_operate.html?command=get_materiel&rest_code=00107&code=00101001127&supplier_code=00100347&order_time=2020-12-24 HTTP/1.1" 200 431
58.35.244.144 - - [24/Dec/2020:10:29:18 +0800] "POST /xingrg/kc/buy/cgsh_order_operate.html HTTP/1.1" 200 2661
120.253.135.82 - - [24/Dec/2020:10:29:19 +0800] "GET /xingrg/kc/pszx/mdps_order_info.html?code=312020122400631 HTTP/1.1" 200 23887
58.35.244.144 - - [24/Dec/2020:10:29:19 +0800] "GET /xingrg/kc/print/load_data.html?order_code=212020122409488&kc_code=cgsh&condition= HTTP/1.1" 200 719
120.253.135.82 - - [24/Dec/2020:10:29:20 +0800] "GET /xingrg/javascript/easyui/themes/default/validatebox.css HTTP/1.1" 404 1104
120.253.135.82 - - [24/Dec/2020:10:29:20 +0800] "POST /xingrg/kc/pszx/mdps_order_operate.html HTTP/1.1" 200 3841
117.184.7.26 - - [24/Dec/2020:10:29:21 +0800] "GET /xingrg/all/function/internal_message.html?_=1608776955342&CODE_STATE=getMsg HTTP/1.1" 200 27
117.184.7.26 - - [24/Dec/2020:10:29:23 +0800] "GET /xingrg/kc/buy/cgsh_order_operate.html?command=get_materiel&rest_code=00108&code=00101008126&supplier_code=00100008&order_time=2020-12-24 HTTP/1.1" 200 412
222.69.133.149 - - [24/Dec/2020:10:29:26 +0800] "GET /xingrg/kc/buy/cgsh_order_operate.html?command=get_materiel&rest_code=00149&code=00101006130&supplier_code=00100012&order_time=2020-12-24 HTTP/1.1" 200 427
116.228.172.94 - - [24/Dec/2020:10:29:26 +0800] "GET /xingrg/all/function/internal_message.html?_=1608776966175&CODE_STATE=getMsg HTTP/1.1" 200 27
58.35.244.144 - - [24/Dec/2020:10:29:27 +0800] "GET /xingrg/kc/buy/cgsh_order_add.html HTTP/1.1" 200 61148
58.35.244.144 - - [24/Dec/2020:10:29:28 +0800] "POST /xingrg/kc/buy/cgsh_order_operate.html HTTP/1.1" 200 8245
58.35.244.144 - - [24/Dec/2020:10:29:28 +0800] "GET /xingrg/javascript/easyui/themes/default/validatebox.css HTTP/1.1" 404 1104
117.184.7.26 - - [24/Dec/2020:10:29:29 +0800] "GET /xingrg/kc/buy/cgsh_order_operate.html?command=get_materiel&rest_code=00108&code=00101008356&supplier_code=00100008&order_time=2020-12-24 HTTP/1.1" 200 408
116.238.192.211 - - [24/Dec/2020:10:29:29 +0800] "GET /xingrg/all/function/internal_message.html?_=1608776954602&CODE_STATE=getMsg HTTP/1.1" 200 27
116.238.192.211 - - [24/Dec/2020:10:29:31 +0800] "POST /xingrg/dwr/call/plaincall/AjaxQqpsService.getMaterielByCode.dwr HTTP/1.1" 200 3654
117.185.32.26 - - [24/Dec/2020:10:29:32 +0800] "GET /xingrg/kc/buy/cgsh_order_add.html HTTP/1.1" 200 61154
117.185.32.26 - - [24/Dec/2020:10:29:32 +0800] "POST /xingrg/kc/buy/cgsh_order_operate.html HTTP/1.1" 200 8245
117.185.32.26 - - [24/Dec/2020:10:29:33 +0800] "GET /xingrg/javascript/easyui/themes/default/validatebox.css HTTP/1.1" 404 1104
117.185.32.26 - - [24/Dec/2020:10:29:34 +0800] "GET /xingrg/javascript/easyui/themes/default/tree.css HTTP/1.1" 404 1090
117.185.32.26 - - [24/Dec/2020:10:29:34 +0800] "POST /xingrg/all/common/load_tree.html?tree=supplier_tree_json&isDelete=1 HTTP/1.1" 200 52953
58.35.244.144 - - [24/Dec/2020:10:29:34 +0800] "GET /xingrg/all/function/internal_message.html?_=1608776970506&CODE_STATE=getMsg HTTP/1.1" 302 -
116.238.192.211 - - [24/Dec/2020:10:29:34 +0800] "POST /xingrg/dwr/call/plaincall/AjaxQqpsService.saveMaterielItem.dwr HTTP/1.1" 200 79
116.228.172.94 - - [24/Dec/2020:10:29:36 +0800] "POST /xingrg/kc/buy/cgsh_order_operate.html HTTP/1.1" 200 37
58.35.244.144 - - [24/Dec/2020:10:29:37 +0800] "GET /xingrg/kc/buy/cgsh_order_operate.html?command=get_materiel&rest_code=00111&code=00101001140&supplier_code=00100319&order_time=2020-12-24 HTTP/1.1" 200 415
116.228.172.94 - - [24/Dec/2020:10:29:37 +0800] "POST /xingrg/kc/buy/cgsh_order_operate.html HTTP/1.1" 200 2676
222.69.133.149 - - [24/Dec/2020:10:29:37 +0800] "GET /xingrg/kc/buy/cgsh_order_operate.html?command=get_materiel&rest_code=00149&code=00101006057&supplier_code=00100012&order_time=2020-12-24 HTTP/1.1" 200 415
116.228.172.94 - - [24/Dec/2020:10:29:39 +0800] "GET /xingrg/kc/print/load_data.html?order_code=212020122409489&kc_code=cgsh&condition= HTTP/1.1" 200 675
117.184.7.26 - - [24/Dec/2020:10:29:39 +0800] "GET /xingrg/kc/buy/cgsh_order_operate.html?command=get_materiel&rest_code=00108&code=00101008251&supplier_code=00100008&order_time=2020-12-24 HTTP/1.1" 200 408
116.238.192.211 - - [24/Dec/2020:10:29:39 +0800] "POST /xingrg/dwr/call/plaincall/AjaxQqpsService.getMaterielByCode.dwr HTTP/1.1" 200 3623
172.17.0.119 - - [24/Dec/2020:10:29:41 +0800] "GET /xingrg/all/function/internal_message.html?_=1608776979259&CODE_STATE=getMsg HTTP/1.1" 200 27
116.232.53.157 - - [24/Dec/2020:10:29:41 +0800] "GET /xingrg/all/function/internal_message.html?_=1608776979892&CODE_STATE=getMsg HTTP/1.1" 200 27
180.162.223.42 - - [24/Dec/2020:10:29:43 +0800] "GET /xingrg/all/function/internal_message.html?_=1608776963687&CODE_STATE=getMsg HTTP/1.1" 200 27
117.184.7.26 - - [24/Dec/2020:10:29:44 +0800] "POST /xingrg/kc/buy/cgsh_order_operate.html HTTP/1.1" 200 2065
116.238.192.211 - - [24/Dec/2020:10:29:45 +0800] "POST /xingrg/dwr/call/plaincall/AjaxQqpsService.saveMaterielItem.dwr HTTP/1.1" 200 79
117.185.32.26 - - [24/Dec/2020:10:29:47 +0800] "GET /xingrg/kc/buy/cgsh_order_operate.html?command=get_materiel&rest_code=00106&code=00101010136&supplier_code=00100032&order_time=2020-12-24 HTTP/1.1" 200 408
172.17.200.101 - - [24/Dec/2020:10:29:47 +0800] "GET /xingrg/all/function/internal_message.html?_=1608776988944&CODE_STATE=getMsg HTTP/1.1" 200 27
172.17.0.119 - - [24/Dec/2020:10:29:48 +0800] "POST /xingrg/dwr/call/plaincall/AjaxBaseInfoService.getSubMaterielSorts.dwr HTTP/1.1" 200 3635
172.17.0.119 - - [24/Dec/2020:10:29:48 +0800] "GET /xingrg/images/xtree/I.png HTTP/1.1" 200 148
172.17.0.119 - - [24/Dec/2020:10:29:48 +0800] "GET /xingrg/images/xtree/Tminus.png HTTP/1.1" 200 207
172.17.0.119 - - [24/Dec/2020:10:29:48 +0800] "POST /xingrg/dwr/call/plaincall/AjaxBaseInfoService.getMateriels.dwr HTTP/1.1" 200 2928
222.69.133.149 - - [24/Dec/2020:10:29:49 +0800] "GET /xingrg/kc/buy/cgsh_order_operate.html?command=get_materiel&rest_code=00149&code=00101006109&supplier_code=00100012&order_time=2020-12-24 HTTP/1.1" 200 409
117.185.32.26 - - [24/Dec/2020:10:29:50 +0800] "GET /xingrg/check_reg.html?_=1608776987209 HTTP/1.1" 200 22
117.185.32.26 - - [24/Dec/2020:10:29:50 +0800] "GET /xingrg/all/function/internal_message.html?_=1608776987210&CODE_STATE=getMsg HTTP/1.1" 200 27
58.35.244.144 - - [24/Dec/2020:10:29:51 +0800] "GET /xingrg/kc/buy/cgsh_order_operate.html?command=get_materiel&rest_code=00111&code=00101001125&supplier_code=00100319&order_time=2020-12-24 HTTP/1.1" 200 414
172.17.0.119 - - [24/Dec/2020:10:29:51 +0800] "POST /xingrg/dwr/call/plaincall/AjaxBaseInfoService.getMateriels.dwr HTTP/1.1" 200 2928
172.17.0.119 - - [24/Dec/2020:10:29:52 +0800] "GET /xingrg/system/info/materiel_info.html?code=00101013&isAdd=1 HTTP/1.1" 200 34213
172.17.0.119 - - [24/Dec/2020:10:29:52 +0800] "GET /xingrg/dwr/engine.js HTTP/1.1" 200 43631
172.17.0.119 - - [24/Dec/2020:10:29:52 +0800] "POST /xingrg/all/common/load_tree.html?tree=area_rest_tree_json HTTP/1.1" 200 3350
172.17.0.119 - - [24/Dec/2020:10:29:52 +0800] "GET /favicon.ico HTTP/1.1" 404 -
172.17.0.119 - - [24/Dec/2020:10:29:52 +0800] "POST /xingrg/dwr/call/plaincall/AjaxBaseInfoService.getMaterielInfo.dwr HTTP/1.1" 200 204
172.17.0.119 - - [24/Dec/2020:10:29:52 +0800] "POST /xingrg/all/common/load_tree.html?tree=area_rest_tree_json&defaultRests=undefined HTTP/1.1" 200 3350
101.228.166.101 - - [24/Dec/2020:10:29:54 +0800] "GET /xingrg/all/function/internal_message.html?_=1608776991919&CODE_STATE=getMsg HTTP/1.1" 200 27
101.228.166.101 - - [24/Dec/2020:10:29:54 +0800] "GET /xingrg/check_reg.html?_=1608776991921 HTTP/1.1" 200 22
101.85.52.2 - - [24/Dec/2020:10:29:55 +0800] "GET /xingrg/all/function/internal_message.html?_=1608776989766&CODE_STATE=getMsg HTTP/1.1" 200 27
116.238.192.211 - - [24/Dec/2020:10:29:56 +0800] "GET /xingrg/all/function/internal_message.html?_=1608777002029&CODE_STATE=getMsg HTTP/1.1" 200 27
172.17.0.119 - - [24/Dec/2020:10:29:58 +0800] "POST /xingrg/dwr/call/plaincall/AjaxGetFirstChart.getFirstChart.dwr HTTP/1.1" 200 79
222.69.133.149 - - [24/Dec/2020:10:29:59 +0800] "GET /xingrg/kc/buy/cgsh_order_operate.html?command=get_materiel&rest_code=00149&code=00101006184&supplier_code=00100012&order_time=2020-12-24 HTTP/1.1" 200 408
172.17.0.119 - - [24/Dec/2020:10:30:00 +0800] "POST /xingrg/dwr/call/plaincall/AjaxBaseInfoService.changeUnitGroup.dwr HTTP/1.1" 200 243
172.17.0.119 - - [24/Dec/2020:10:30:02 +0800] "POST /xingrg/dwr/call/plaincall/AjaxBaseInfoService.saveMateriel.dwr HTTP/1.1" 200 109
172.17.0.119 - - [24/Dec/2020:10:30:02 +0800] "POST /xingrg/dwr/call/plaincall/AjaxBaseInfoService.getMateriels.dwr HTTP/1.1" 200 2928
58.35.244.144 - - [24/Dec/2020:10:30:02 +0800] "GET /xingrg/all/function/internal_message.html?_=1608777146393&CODE_STATE=getMsg HTTP/1.1" 200 27
180.152.104.37 - - [24/Dec/2020:10:30:03 +0800] "GET /xingrg/all/function/internal_message.html?_=1608777003087&CODE_STATE=getMsg HTTP/1.1" 200 27
120.253.135.82 - - [24/Dec/2020:10:30:03 +0800] "GET /xingrg/login.html HTTP/1.1" 200 7641
120.253.135.82 - - [24/Dec/2020:10:30:03 +0800] "GET /xingrg/images/blue/jxLogo.png HTTP/1.1" 200 6156
120.253.135.82 - - [24/Dec/2020:10:30:03 +0800] "GET /xingrg/images/blue/hj.png HTTP/1.1" 200 1014
120.253.135.82 - - [24/Dec/2020:10:30:03 +0800] "GET /xingrg/images/blue/login_bg.png HTTP/1.1" 200 22101
120.253.135.82 - - [24/Dec/2020:10:30:04 +0800] "GET /xingrg/images/blue/srbg.png HTTP/1.1" 200 138
120.253.135.82 - - [24/Dec/2020:10:30:04 +0800] "GET /favicon.ico HTTP/1.1" 404 -
58.35.244.144 - - [24/Dec/2020:10:30:05 +0800] "GET /xingrg/kc/buy/cgsh_order_operate.html?command=get_materiel&rest_code=00111&code=00101001093&supplier_code=00100319&order_time=2020-12-24 HTTP/1.1" 200 430
117.185.32.26 - - [24/Dec/2020:10:30:05 +0800] "GET /xingrg/kc/buy/cgsh_order_operate.html?command=get_materiel&rest_code=00106&code=00101016053&supplier_code=00100032&order_time=2020-12-24 HTTP/1.1" 200 408
120.253.135.82 - - [24/Dec/2020:10:30:07 +0800] "POST /xingrg/login.do HTTP/1.1" 302 -
120.253.135.82 - - [24/Dec/2020:10:30:07 +0800] "GET /xingrg/index.html?sysBaseUrl=http%3A%2F%2F180.169.147.146%3A18081%2Fxingrg%2F&costTime=39×tamp=1608777007136 HTTP/1.1" 200 17173
120.253.135.82 - - [24/Dec/2020:10:30:07 +0800] "GET /xingrg/javascript/jquery_easy_ui/themes/icon.css HTTP/1.1" 304 -
120.253.135.82 - - [24/Dec/2020:10:30:07 +0800] "GET /xingrg/javascript/jquery_easy_ui/themes/default/easyui.css HTTP/1.1" 304 -
120.253.135.82 - - [24/Dec/2020:10:30:07 +0800] "GET /xingrg/javascript/jquery-1.4.2.min.js HTTP/1.1" 304 -
120.253.135.82 - - [24/Dec/2020:10:30:07 +0800] "GET /xingrg/javascript/jquery.timers.js HTTP/1.1" 200 3532
120.253.135.82 - - [24/Dec/2020:10:30:07 +0800] "GET /xingrg/javascript/jquery_easy_ui/easyui-lang-zh_CN.js HTTP/1.1" 304 -
120.253.135.82 - - [24/Dec/2020:10:30:07 +0800] "GET /xingrg/css/form.css HTTP/1.1" 304 -
120.253.135.82 - - [24/Dec/2020:10:30:07 +0800] "GET /xingrg/javascript/jquery.utils.js HTTP/1.1" 304 -
120.253.135.82 - - [24/Dec/2020:10:30:07 +0800] "GET /xingrg/javascript/jquery_easy_ui/jquery.easyui.min.js HTTP/1.1" 304 -
120.253.135.82 - - [24/Dec/2020:10:30:07 +0800] "GET /xingrg/javascript/jquery.form.js HTTP/1.1" 200 23110
120.253.135.82 - - [24/Dec/2020:10:30:07 +0800] "GET /xingrg/javascript/jquery_easy_ui/themes/icons/settle_new.png HTTP/1.1" 304 -
120.253.135.82 - - [24/Dec/2020:10:30:07 +0800] "GET /xingrg/images/blue/navBackgound.jpg HTTP/1.1" 200 12378
120.253.135.82 - - [24/Dec/2020:10:30:07 +0800] "GET /favicon.ico HTTP/1.1" 404 -
101.85.52.2 - - [24/Dec/2020:10:30:07 +0800] "GET /xingrg/kc/buy/cgsh_order_add.html HTTP/1.1" 200 60267
120.253.135.82 - - [24/Dec/2020:10:30:07 +0800] "GET /xingrg/images/blue/pingpu.png HTTP/1.1" 200 231
120.253.135.82 - - [24/Dec/2020:10:30:07 +0800] "GET /xingrg/javascript/jquery_easy_ui/themes/default/images/tabs_leftarrow.png HTTP/1.1" 200 389
120.253.135.82 - - [24/Dec/2020:10:30:07 +0800] "GET /xingrg/javascript/jquery_easy_ui/themes/default/images/panel_tool_collapse.gif HTTP/1.1" 200 246
120.253.135.82 - - [24/Dec/2020:10:30:07 +0800] "GET /xingrg/javascript/jquery_easy_ui/themes/default/images/tabs_rightarrow.png HTTP/1.1" 200 395
120.253.135.82 - - [24/Dec/2020:10:30:07 +0800] "POST /xingrg/all/common/load_tree.html?tree=area_rest_tree_json&manage=1 HTTP/1.1" 200 344
101.85.52.2 - - [24/Dec/2020:10:30:07 +0800] "GET /xingrg/words/20201224103002_words.js HTTP/1.1" 200 782012
120.253.135.82 - - [24/Dec/2020:10:30:07 +0800] "GET /xingrg/all/function/internal_message.html?_=1608776760603&CODE_STATE=count HTTP/1.1" 200 11
120.253.135.82 - - [24/Dec/2020:10:30:07 +0800] "GET /xingrg/check_reg.html?_=1608776760604 HTTP/1.1" 200 22
120.253.135.82 - - [24/Dec/2020:10:30:07 +0800] "GET /xingrg/javascript/jquery_easy_ui/themes/default/images/tree_arrows.gif HTTP/1.1" 200 1043
120.253.135.82 - - [24/Dec/2020:10:30:07 +0800] "POST /xingrg/load_menu.html HTTP/1.1" 200 6743
120.253.135.82 - - [24/Dec/2020:10:30:07 +0800] "GET /xingrg/javascript/jquery_easy_ui/themes/default/images/tree_folder_open.gif HTTP/1.1" 200 956
120.253.135.82 - - [24/Dec/2020:10:30:07 +0800] "GET /xingrg/javascript/jquery_easy_ui/themes/icons/delivery_new.png HTTP/1.1" 200 700
120.253.135.82 - - [24/Dec/2020:10:30:07 +0800] "GET /xingrg/javascript/jquery_easy_ui/themes/default/images/tree_file.gif HTTP/1.1" 200 118
120.253.135.82 - - [24/Dec/2020:10:30:07 +0800] "GET /xingrg/javascript/jquery_easy_ui/themes/icons/storage_new.png HTTP/1.1" 200 853
120.253.135.82 - - [24/Dec/2020:10:30:07 +0800] "GET /xingrg/javascript/jquery_easy_ui/themes/icons/search_new.png HTTP/1.1" 200 586
120.253.135.82 - - [24/Dec/2020:10:30:07 +0800] "GET /xingrg/javascript/jquery_easy_ui/themes/icons/forms_new.png HTTP/1.1" 200 350
120.253.135.82 - - [24/Dec/2020:10:30:07 +0800] "GET /xingrg/javascript/jquery_easy_ui/themes/default/images/tree_folder.gif HTTP/1.1" 200 952
101.85.52.2 - - [24/Dec/2020:10:30:08 +0800] "POST /xingrg/kc/buy/cgsh_order_operate.html HTTP/1.1" 200 8245
101.85.52.2 - - [24/Dec/2020:10:30:08 +0800] "GET /xingrg/javascript/easyui/themes/default/validatebox.css HTTP/1.1" 404 1104
101.85.52.2 - - [24/Dec/2020:10:30:08 +0800] "GET /xingrg/all/common/auto_word.html?type=employee&rest_code=00145 HTTP/1.1" 200 155
101.85.52.2 - - [24/Dec/2020:10:30:08 +0800] "GET /xingrg/all/common/auto_word.html?type=employee&rest_code=00145 HTTP/1.1" 200 155
222.69.133.149 - - [24/Dec/2020:10:30:09 +0800] "GET /xingrg/kc/buy/cgsh_order_operate.html?command=get_materiel&rest_code=00149&code=00101006056&supplier_code=00100012&order_time=2020-12-24 HTTP/1.1" 200 413
172.17.0.123 - - [24/Dec/2020:10:30:10 +0800] "GET /xingrg/all/function/internal_message.html?_=1608776921408&CODE_STATE=getMsg HTTP/1.1" 200 27
120.253.135.82 - - [24/Dec/2020:10:30:13 +0800] "GET /xingrg/javascript/jquery_easy_ui/themes/default/images/tabs_close.gif HTTP/1.1" 200 829
120.253.135.82 - - [24/Dec/2020:10:30:13 +0800] "GET /xingrg/kc/pszx/mdqp_order_list.html?state=10 HTTP/1.1" 200 10619
120.253.135.82 - - [24/Dec/2020:10:30:13 +0800] "GET /xingrg/css/blue.css HTTP/1.1" 304 -
120.253.135.82 - - [24/Dec/2020:10:30:13 +0800] "GET /xingrg/dwr/util.js HTTP/1.1" 304 -
120.253.135.82 - - [24/Dec/2020:10:30:13 +0800] "GET /xingrg/javascript/myfunction.js HTTP/1.1" 304 -
120.253.135.82 - - [24/Dec/2020:10:30:13 +0800] "GET /xingrg/javascript/Calendar.js HTTP/1.1" 304 -
120.253.135.82 - - [24/Dec/2020:10:30:13 +0800] "GET /xingrg/javascript/pic_change.js HTTP/1.1" 304 -
120.253.135.82 - - [24/Dec/2020:10:30:13 +0800] "GET /xingrg/dwr/interface/AjaxQqpsService.js HTTP/1.1" 200 16326
120.253.135.82 - - [24/Dec/2020:10:30:13 +0800] "GET /xingrg/dwr/engine.js HTTP/1.1" 200 43631
180.152.104.37 - - [24/Dec/2020:10:30:13 +0800] "GET /xingrg/all/function/internal_message.html?_=1608777245252&CODE_STATE=getMsg HTTP/1.1" 200 27
120.253.135.82 - - [24/Dec/2020:10:30:13 +0800] "GET /xingrg/dwr/interface/AjaxReportQueryService.js HTTP/1.1" 200 13203
120.253.135.82 - - [24/Dec/2020:10:30:13 +0800] "GET /xingrg/javascript/jquery_easy_ui/themes/icons/back_new.png HTTP/1.1" 304 -
120.253.135.82 - - [24/Dec/2020:10:30:13 +0800] "GET /xingrg/javascript/jquery_easy_ui/themes/icons/check_new.png HTTP/1.1" 304 -
120.253.135.82 - - [24/Dec/2020:10:30:13 +0800] "GET /xingrg/javascript/jquery_easy_ui/themes/icons/uncheck_new.png HTTP/1.1" 304 -
117.185.32.26 - - [24/Dec/2020:10:30:14 +0800] "GET /xingrg/kc/buy/cgsh_order_operate.html?command=get_materiel&rest_code=00106&code=00101010248&supplier_code=00100032&order_time=2020-12-24 HTTP/1.1" 200 430
101.228.166.101 - - [24/Dec/2020:10:30:14 +0800] "GET /xingrg/all/function/internal_message.html?_=1608777023717&CODE_STATE=getMsg HTTP/1.1" 200 27
117.185.32.26 - - [24/Dec/2020:10:30:14 +0800] "POST /xingrg/all/common/load_select.html HTTP/1.1" 200 25
180.157.253.48 - - [24/Dec/2020:10:30:15 +0800] "GET /xingrg/all/function/internal_message.html?_=1608777013288&CODE_STATE=getMsg HTTP/1.1" 200 27
120.253.135.82 - - [24/Dec/2020:10:30:16 +0800] "GET /xingrg/kc/pszx/mdps_order_list.html?orderType=0 HTTP/1.1" 200 21159
120.253.135.82 - - [24/Dec/2020:10:30:16 +0800] "GET /xingrg/javascript/jquery_tools/datebox.css HTTP/1.1" 304 -
120.253.135.82 - - [24/Dec/2020:10:30:16 +0800] "GET /xingrg/css/base.css HTTP/1.1" 304 -
120.253.135.82 - - [24/Dec/2020:10:30:16 +0800] "GET /xingrg/javascript/auto/jquery.autocomplete.css HTTP/1.1" 304 -
120.253.135.82 - - [24/Dec/2020:10:30:16 +0800] "GET /xingrg/javascript/easyui/themes/icon.css HTTP/1.1" 304 -
120.253.135.82 - - [24/Dec/2020:10:30:16 +0800] "GET /xingrg/javascript/jquery_tools/fix.css HTTP/1.1" 304 -
120.253.135.82 - - [24/Dec/2020:10:30:16 +0800] "GET /xingrg/javascript/easyui/themes/default/easyui.css HTTP/1.1" 304 -
120.253.135.82 - - [24/Dec/2020:10:30:16 +0800] "GET /xingrg/css/site.css HTTP/1.1" 304 -
120.253.135.82 - - [24/Dec/2020:10:30:16 +0800] "GET /xingrg/javascript/jquery_tools/jquery.tools.hotkey.js HTTP/1.1" 304 -
120.253.135.82 - - [24/Dec/2020:10:30:16 +0800] "GET /xingrg/javascript/jquery_tools/table.css HTTP/1.1" 304 -
120.253.135.82 - - [24/Dec/2020:10:30:16 +0800] "GET /xingrg/javascript/jquery_tools/jquery.tools.min.js HTTP/1.1" 304 -
120.253.135.82 - - [24/Dec/2020:10:30:16 +0800] "GET /xingrg/javascript/jquery.cookie.js HTTP/1.1" 304 -
120.253.135.82 - - [24/Dec/2020:10:30:16 +0800] "GET /xingrg/javascript/jquery_tools/jquery.tools.table.js HTTP/1.1" 304 -
120.253.135.82 - - [24/Dec/2020:10:30:16 +0800] "GET /xingrg/javascript/print/LodopFuncs.js HTTP/1.1" 304 -
120.253.135.82 - - [24/Dec/2020:10:30:16 +0800] "GET /xingrg/javascript/jquery_tools/list_manager.js HTTP/1.1" 304 -
120.253.135.82 - - [24/Dec/2020:10:30:16 +0800] "GET /xingrg/javascript/easyui/easyloader.js HTTP/1.1" 304 -
120.253.135.82 - - [24/Dec/2020:10:30:16 +0800] "GET /xingrg/javascript/jquery_tools/jquery.tools.extend.js HTTP/1.1" 304 -
120.253.135.82 - - [24/Dec/2020:10:30:16 +0800] "GET /xingrg/javascript/auto/jquery.autocomplete.js HTTP/1.1" 304 -
