124.77.238.8 - - [22/Dec/2020:10:18:59 +0800] "GET /xingrg/all/function/internal_message.html?_=1608603535942&CODE_STATE=getMsg HTTP/1.1" 200 27
180.152.104.37 - - [22/Dec/2020:10:19:02 +0800] "GET /xingrg/all/function/internal_message.html?_=1608603775544&CODE_STATE=getMsg HTTP/1.1" 200 27
180.152.104.37 - - [22/Dec/2020:10:19:03 +0800] "GET /xingrg/all/function/internal_message.html?_=1608603543195&CODE_STATE=getMsg HTTP/1.1" 200 27
172.17.200.101 - - [22/Dec/2020:10:19:05 +0800] "GET /xingrg/check_reg.html?_=1608603546016 HTTP/1.1" 200 22
172.17.200.101 - - [22/Dec/2020:10:19:05 +0800] "GET /xingrg/all/function/internal_message.html?_=1608603546019&CODE_STATE=getMsg HTTP/1.1" 200 27
180.162.223.42 - - [22/Dec/2020:10:19:07 +0800] "GET /xingrg/kc/buy/cgsh_order_add.html HTTP/1.1" 200 61073
180.162.223.42 - - [22/Dec/2020:10:19:07 +0800] "GET /xingrg/javascript/easyui/themes/default/validatebox.css HTTP/1.1" 404 1104
180.162.223.42 - - [22/Dec/2020:10:19:07 +0800] "POST /xingrg/kc/buy/cgsh_order_operate.html HTTP/1.1" 200 8245
180.162.223.42 - - [22/Dec/2020:10:19:17 +0800] "GET /xingrg/kc/buy/cgsh_order_operate.html?command=get_materiel&rest_code=00105&code=00101001037&supplier_code=00100090&order_time=2020-12-22 HTTP/1.1" 200 416
117.185.32.26 - - [22/Dec/2020:10:19:20 +0800] "GET /xingrg/all/function/internal_message.html?_=1608603557815&CODE_STATE=getMsg HTTP/1.1" 200 27
114.86.231.40 - - [22/Dec/2020:10:19:21 +0800] "GET /xingrg/all/function/internal_message.html?_=1608603579843&CODE_STATE=getMsg HTTP/1.1" 200 27
124.77.238.8 - - [22/Dec/2020:10:19:21 +0800] "GET /xingrg/kc/buy/cgsh_order_operate.html?command=get_materiel&rest_code=00107&code=00101007096&supplier_code=00100323&order_time=2020-12-22 HTTP/1.1" 200 415
180.162.223.42 - - [22/Dec/2020:10:19:25 +0800] "GET /xingrg/all/function/internal_message.html?_=1608603566181&CODE_STATE=getMsg HTTP/1.1" 200 27
180.162.223.42 - - [22/Dec/2020:10:19:25 +0800] "GET /xingrg/check_reg.html?_=1608603566185 HTTP/1.1" 200 22
180.162.223.42 - - [22/Dec/2020:10:19:28 +0800] "POST /xingrg/kc/buy/cgsh_order_operate.html HTTP/1.1" 200 37
124.77.238.8 - - [22/Dec/2020:10:19:29 +0800] "GET /xingrg/kc/buy/cgsh_order_operate.html?command=get_materiel&rest_code=00107&code=00101007095&supplier_code=00100323&order_time=2020-12-22 HTTP/1.1" 200 415
180.162.223.42 - - [22/Dec/2020:10:19:29 +0800] "POST /xingrg/kc/buy/cgsh_order_operate.html HTTP/1.1" 200 2663
180.162.223.42 - - [22/Dec/2020:10:19:30 +0800] "GET /xingrg/kc/print/load_data.html?order_code=212020122208683&kc_code=cgsh&condition= HTTP/1.1" 200 740
183.192.164.97 - - [22/Dec/2020:10:19:31 +0800] "GET /xingrg/check_reg.html?_=1608602897817 HTTP/1.1" 302 -
180.162.223.42 - - [22/Dec/2020:10:19:34 +0800] "GET /xingrg/kc/buy/cgsh_order_add.html HTTP/1.1" 200 61073
180.162.223.42 - - [22/Dec/2020:10:19:34 +0800] "POST /xingrg/kc/buy/cgsh_order_operate.html HTTP/1.1" 200 8245
180.162.223.42 - - [22/Dec/2020:10:19:34 +0800] "GET /xingrg/javascript/easyui/themes/default/validatebox.css HTTP/1.1" 404 1104
172.17.0.119 - - [22/Dec/2020:10:19:36 +0800] "GET /favicon.ico HTTP/1.1" 404 -
183.192.164.97 - - [22/Dec/2020:10:19:37 +0800] "GET /xingrg/login.html HTTP/1.1" 200 7641
180.162.223.42 - - [22/Dec/2020:10:19:45 +0800] "GET /xingrg/kc/buy/cgsh_order_operate.html?command=get_materiel&rest_code=00105&code=00101002006&supplier_code=00100091&order_time=2020-12-22 HTTP/1.1" 200 434
101.228.166.101 - - [22/Dec/2020:10:19:45 +0800] "GET /xingrg/check_reg.html?_=1608603587909 HTTP/1.1" 200 22
117.185.32.26 - - [22/Dec/2020:10:19:46 +0800] "GET /xingrg/all/function/internal_message.html?_=1608604050674&CODE_STATE=getMsg HTTP/1.1" 200 27
124.77.238.8 - - [22/Dec/2020:10:19:46 +0800] "GET /xingrg/kc/buy/cgsh_order_operate.html?command=get_materiel&rest_code=00107&code=00101006150&supplier_code=00100323&order_time=2020-12-22 HTTP/1.1" 200 413
58.37.230.33 - - [22/Dec/2020:10:19:48 +0800] "GET /xingrg/all/function/internal_message.html?_=1608603154189&CODE_STATE=getMsg HTTP/1.1" 200 27
180.174.56.115 - - [22/Dec/2020:10:19:48 +0800] "GET /xingrg/all/function/internal_message.html?_=1608603592345&CODE_STATE=getMsg HTTP/1.1" 200 27
101.228.166.101 - - [22/Dec/2020:10:19:49 +0800] "GET /xingrg/all/function/internal_message.html?_=1608603591638&CODE_STATE=getMsg HTTP/1.1" 200 27
222.69.128.40 - - [22/Dec/2020:10:19:53 +0800] "GET /xingrg/check_reg.html?_=1608603591849 HTTP/1.1" 200 22
222.69.128.40 - - [22/Dec/2020:10:19:53 +0800] "GET /xingrg/all/function/internal_message.html?_=1608603591855&CODE_STATE=getMsg HTTP/1.1" 200 27
180.162.223.42 - - [22/Dec/2020:10:19:57 +0800] "GET /xingrg/kc/buy/cgsh_order_operate.html?command=get_materiel&rest_code=00105&code=00101002034&supplier_code=00100091&order_time=2020-12-22 HTTP/1.1" 200 409
124.77.238.8 - - [22/Dec/2020:10:19:59 +0800] "GET /xingrg/all/function/internal_message.html?_=1608603595926&CODE_STATE=getMsg HTTP/1.1" 200 27
117.185.32.26 - - [22/Dec/2020:10:20:00 +0800] "GET /xingrg/kc/buy/cgsh_order_add.html HTTP/1.1" 200 61032
117.185.32.26 - - [22/Dec/2020:10:20:00 +0800] "GET /xingrg/words/20201220174212_words.js HTTP/1.1" 304 -
117.185.32.26 - - [22/Dec/2020:10:20:00 +0800] "GET /xingrg/all/common/auto_word.html?type=employee&rest_code=00106 HTTP/1.1" 200 205
117.185.32.26 - - [22/Dec/2020:10:20:00 +0800] "GET /xingrg/javascript/easyui/themes/default/validatebox.css HTTP/1.1" 404 1104
117.185.32.26 - - [22/Dec/2020:10:20:00 +0800] "GET /xingrg/all/common/auto_word.html?type=employee&rest_code=00106 HTTP/1.1" 200 205
117.185.32.26 - - [22/Dec/2020:10:20:01 +0800] "POST /xingrg/kc/buy/cgsh_order_operate.html HTTP/1.1" 200 8245
124.77.238.8 - - [22/Dec/2020:10:20:01 +0800] "GET /xingrg/kc/buy/cgsh_order_operate.html?command=get_materiel&rest_code=00107&code=00101007015&supplier_code=00100323&order_time=2020-12-22 HTTP/1.1" 200 422
117.185.32.26 - - [22/Dec/2020:10:20:01 +0800] "GET /xingrg/javascript/easyui/themes/default/tree.css HTTP/1.1" 404 1090
117.185.32.26 - - [22/Dec/2020:10:20:02 +0800] "POST /xingrg/all/common/load_tree.html?tree=supplier_tree_json&isDelete=1 HTTP/1.1" 200 52709
180.152.104.37 - - [22/Dec/2020:10:20:02 +0800] "GET /xingrg/all/function/internal_message.html?_=1608603835557&CODE_STATE=getMsg HTTP/1.1" 200 27
180.152.104.37 - - [22/Dec/2020:10:20:03 +0800] "GET /xingrg/all/function/internal_message.html?_=1608603603207&CODE_STATE=getMsg HTTP/1.1" 200 27
172.17.200.101 - - [22/Dec/2020:10:20:05 +0800] "GET /xingrg/all/function/internal_message.html?_=1608603606005&CODE_STATE=getMsg HTTP/1.1" 200 27
117.185.32.26 - - [22/Dec/2020:10:20:09 +0800] "GET /xingrg/javascript/auto/indicator.gif HTTP/1.1" 404 1066
117.185.32.26 - - [22/Dec/2020:10:20:12 +0800] "GET /xingrg/kc/buy/cgsh_order_operate.html?command=get_materiel&rest_code=00106&code=00101008146&supplier_code=00100009&order_time=2020-12-22 HTTP/1.1" 200 416
124.77.238.8 - - [22/Dec/2020:10:20:14 +0800] "POST /xingrg/kc/buy/cgsh_order_operate.html HTTP/1.1" 200 37
124.77.238.8 - - [22/Dec/2020:10:20:15 +0800] "POST /xingrg/kc/buy/cgsh_order_operate.html HTTP/1.1" 200 3856
124.77.238.8 - - [22/Dec/2020:10:20:17 +0800] "GET /xingrg/kc/print/load_data.html?order_code=212020122208684&kc_code=cgsh&condition= HTTP/1.1" 200 1143
117.185.32.26 - - [22/Dec/2020:10:20:20 +0800] "GET /xingrg/all/function/internal_message.html?_=1608603617836&CODE_STATE=getMsg HTTP/1.1" 200 27
124.77.238.8 - - [22/Dec/2020:10:20:20 +0800] "GET /xingrg/kc/buy/cgsh_order_add.html HTTP/1.1" 200 61114
114.86.231.40 - - [22/Dec/2020:10:20:21 +0800] "GET /xingrg/all/function/internal_message.html?_=1608603639843&CODE_STATE=getMsg HTTP/1.1" 200 27
124.77.238.8 - - [22/Dec/2020:10:20:21 +0800] "POST /xingrg/kc/buy/cgsh_order_operate.html HTTP/1.1" 200 8245
124.77.238.8 - - [22/Dec/2020:10:20:21 +0800] "GET /xingrg/javascript/easyui/themes/default/validatebox.css HTTP/1.1" 404 1104
180.162.223.42 - - [22/Dec/2020:10:20:22 +0800] "GET /xingrg/kc/buy/cgsh_order_operate.html?command=get_materiel&rest_code=00105&code=00101003006&supplier_code=00100091&order_time=2020-12-22 HTTP/1.1" 200 411
117.185.32.26 - - [22/Dec/2020:10:20:22 +0800] "GET /xingrg/kc/buy/cgsh_order_operate.html?command=get_materiel&rest_code=00106&code=00101008147&supplier_code=00100009&order_time=2020-12-22 HTTP/1.1" 200 416
124.77.238.8 - - [22/Dec/2020:10:20:24 +0800] "GET /xingrg/javascript/easyui/themes/default/tree.css HTTP/1.1" 404 1090
124.77.238.8 - - [22/Dec/2020:10:20:25 +0800] "POST /xingrg/all/common/load_tree.html?tree=supplier_tree_json&isDelete=1 HTTP/1.1" 200 52709
180.162.223.42 - - [22/Dec/2020:10:20:25 +0800] "GET /xingrg/all/function/internal_message.html?_=1608603626177&CODE_STATE=getMsg HTTP/1.1" 200 27
117.185.32.26 - - [22/Dec/2020:10:20:29 +0800] "GET /xingrg/kc/buy/cgsh_order_operate.html?command=get_materiel&rest_code=00106&code=00101008037&supplier_code=00100009&order_time=2020-12-22 HTTP/1.1" 200 413
183.192.164.85 - - [22/Dec/2020:10:20:32 +0800] "GET /xingrg/all/function/internal_message.html?_=1608602957819&CODE_STATE=getMsg HTTP/1.1" 302 -
117.185.32.26 - - [22/Dec/2020:10:20:36 +0800] "GET /xingrg/kc/buy/cgsh_order_operate.html?command=get_materiel&rest_code=00106&code=00101008530&supplier_code=00100009&order_time=2020-12-22 HTTP/1.1" 200 422
183.192.164.85 - - [22/Dec/2020:10:20:37 +0800] "GET /xingrg/login.html HTTP/1.1" 200 7641
117.185.32.26 - - [22/Dec/2020:10:20:46 +0800] "GET /xingrg/all/function/internal_message.html?_=1608604110665&CODE_STATE=getMsg HTTP/1.1" 200 27
124.77.238.8 - - [22/Dec/2020:10:20:48 +0800] "GET /xingrg/kc/buy/cgsh_order_operate.html?command=get_materiel&rest_code=00107&code=00101001099&supplier_code=00100319&order_time=2020-12-22 HTTP/1.1" 200 409
58.37.230.33 - - [22/Dec/2020:10:20:48 +0800] "GET /xingrg/all/function/internal_message.html?_=1608603214193&CODE_STATE=getMsg HTTP/1.1" 200 27
180.174.56.115 - - [22/Dec/2020:10:20:48 +0800] "GET /xingrg/all/function/internal_message.html?_=1608603652349&CODE_STATE=getMsg HTTP/1.1" 200 27
101.228.166.101 - - [22/Dec/2020:10:20:49 +0800] "GET /xingrg/all/function/internal_message.html?_=1608603651651&CODE_STATE=getMsg HTTP/1.1" 200 27
117.185.32.26 - - [22/Dec/2020:10:20:49 +0800] "POST /xingrg/kc/buy/cgsh_order_operate.html HTTP/1.1" 200 37
117.185.32.26 - - [22/Dec/2020:10:20:52 +0800] "POST /xingrg/kc/buy/cgsh_order_operate.html HTTP/1.1" 200 12
117.185.32.26 - - [22/Dec/2020:10:20:53 +0800] "GET /xingrg/kc/buy/cgsh_order_info.html?code=212020122208685 HTTP/1.1" 200 55941
117.185.32.26 - - [22/Dec/2020:10:20:53 +0800] "GET /xingrg/javascript/easyui/themes/default/validatebox.css HTTP/1.1" 404 1104
222.69.128.40 - - [22/Dec/2020:10:20:53 +0800] "GET /xingrg/all/function/internal_message.html?_=1608603651842&CODE_STATE=getMsg HTTP/1.1" 200 27
117.185.32.26 - - [22/Dec/2020:10:20:53 +0800] "POST /xingrg/kc/buy/cgsh_order_operate.html HTTP/1.1" 200 2410
117.185.32.26 - - [22/Dec/2020:10:20:54 +0800] "GET /xingrg/kc/print/load_config.html?kc_code=cgsh HTTP/1.1" 200 1845
117.185.32.26 - - [22/Dec/2020:10:20:54 +0800] "GET /xingrg/kc/print/load_data.html?order_code=212020122208685&kc_code=cgsh&condition= HTTP/1.1" 200 1479
124.77.238.8 - - [22/Dec/2020:10:20:59 +0800] "GET /xingrg/all/function/internal_message.html?_=1608603655935&CODE_STATE=getMsg HTTP/1.1" 200 27
124.77.238.8 - - [22/Dec/2020:10:21:01 +0800] "POST /xingrg/kc/buy/cgsh_order_operate.html HTTP/1.1" 200 37
180.152.104.37 - - [22/Dec/2020:10:21:03 +0800] "GET /xingrg/all/function/internal_message.html?_=1608603895705&CODE_STATE=getMsg HTTP/1.1" 200 27
124.77.238.8 - - [22/Dec/2020:10:21:03 +0800] "POST /xingrg/kc/buy/cgsh_order_operate.html HTTP/1.1" 200 2657
180.152.104.37 - - [22/Dec/2020:10:21:03 +0800] "GET /xingrg/check_reg.html?_=1608603663159 HTTP/1.1" 200 22
180.152.104.37 - - [22/Dec/2020:10:21:03 +0800] "GET /xingrg/all/function/internal_message.html?_=1608603663222&CODE_STATE=getMsg HTTP/1.1" 200 27
117.185.32.26 - - [22/Dec/2020:10:21:04 +0800] "GET /xingrg/kc/print/load_data.html?order_code=212020122208685&kc_code=cgsh HTTP/1.1" 200 1479
124.77.238.8 - - [22/Dec/2020:10:21:04 +0800] "GET /xingrg/kc/print/load_data.html?order_code=212020122208686&kc_code=cgsh&condition= HTTP/1.1" 200 667
172.17.200.101 - - [22/Dec/2020:10:21:05 +0800] "GET /xingrg/all/function/internal_message.html?_=1608603666007&CODE_STATE=getMsg HTTP/1.1" 200 27
124.77.238.8 - - [22/Dec/2020:10:21:07 +0800] "GET /xingrg/kc/buy/cgsh_order_add.html HTTP/1.1" 200 61114
124.77.238.8 - - [22/Dec/2020:10:21:08 +0800] "GET /xingrg/javascript/easyui/themes/default/validatebox.css HTTP/1.1" 404 1104
124.77.238.8 - - [22/Dec/2020:10:21:09 +0800] "POST /xingrg/kc/buy/cgsh_order_operate.html HTTP/1.1" 200 8245
124.77.238.8 - - [22/Dec/2020:10:21:10 +0800] "GET /xingrg/javascript/easyui/themes/default/tree.css HTTP/1.1" 404 1090
124.77.238.8 - - [22/Dec/2020:10:21:10 +0800] "POST /xingrg/all/common/load_tree.html?tree=supplier_tree_json&isDelete=1 HTTP/1.1" 200 52709
172.17.0.185 - - [22/Dec/2020:10:21:16 +0800] "GET /xingrg/check_reg.html?_=1608603675206 HTTP/1.1" 200 22
117.185.32.26 - - [22/Dec/2020:10:21:20 +0800] "GET /xingrg/all/function/internal_message.html?_=1608603677838&CODE_STATE=getMsg HTTP/1.1" 200 27
114.86.231.40 - - [22/Dec/2020:10:21:21 +0800] "GET /xingrg/all/function/internal_message.html?_=1608603699846&CODE_STATE=getMsg HTTP/1.1" 200 27
180.162.223.42 - - [22/Dec/2020:10:21:25 +0800] "GET /xingrg/all/function/internal_message.html?_=1608603686208&CODE_STATE=getMsg HTTP/1.1" 200 27
124.77.238.8 - - [22/Dec/2020:10:21:41 +0800] "GET /xingrg/kc/buy/cgsh_order_operate.html?command=get_materiel&rest_code=00107&code=00101004063&supplier_code=00100085&order_time=2020-12-22 HTTP/1.1" 200 414
117.185.32.26 - - [22/Dec/2020:10:21:46 +0800] "GET /xingrg/all/function/internal_message.html?_=1608604170665&CODE_STATE=getMsg HTTP/1.1" 200 27
58.37.230.33 - - [22/Dec/2020:10:21:48 +0800] "GET /xingrg/all/function/internal_message.html?_=1608603274203&CODE_STATE=getMsg HTTP/1.1" 200 27
180.174.56.115 - - [22/Dec/2020:10:21:48 +0800] "GET /xingrg/all/function/internal_message.html?_=1608603712345&CODE_STATE=getMsg HTTP/1.1" 200 27
101.228.166.101 - - [22/Dec/2020:10:21:49 +0800] "GET /xingrg/all/function/internal_message.html?_=1608603711883&CODE_STATE=getMsg HTTP/1.1" 200 27
222.69.128.40 - - [22/Dec/2020:10:21:53 +0800] "GET /xingrg/all/function/internal_message.html?_=1608603711845&CODE_STATE=getMsg HTTP/1.1" 200 27
124.77.238.8 - - [22/Dec/2020:10:21:55 +0800] "POST /xingrg/kc/buy/cgsh_order_operate.html HTTP/1.1" 200 37
180.152.104.37 - - [22/Dec/2020:10:21:55 +0800] "GET /xingrg/check_reg.html?_=1608603948254 HTTP/1.1" 200 22
124.77.238.8 - - [22/Dec/2020:10:21:56 +0800] "POST /xingrg/kc/buy/cgsh_order_operate.html HTTP/1.1" 200 2665
124.77.238.8 - - [22/Dec/2020:10:21:57 +0800] "GET /xingrg/check_reg.html?_=1608603714436 HTTP/1.1" 200 22
124.77.238.8 - - [22/Dec/2020:10:21:57 +0800] "GET /xingrg/kc/print/load_data.html?order_code=212020122208687&kc_code=cgsh&condition= HTTP/1.1" 200 733
124.77.238.8 - - [22/Dec/2020:10:21:59 +0800] "GET /xingrg/all/function/internal_message.html?_=1608603715949&CODE_STATE=getMsg HTTP/1.1" 200 27
124.77.238.8 - - [22/Dec/2020:10:22:02 +0800] "GET /xingrg/kc/buy/cgsh_order_add.html HTTP/1.1" 200 61114
124.77.238.8 - - [22/Dec/2020:10:22:02 +0800] "GET /xingrg/javascript/easyui/themes/default/validatebox.css HTTP/1.1" 404 1104
124.77.238.8 - - [22/Dec/2020:10:22:02 +0800] "POST /xingrg/kc/buy/cgsh_order_operate.html HTTP/1.1" 200 8245
180.152.104.37 - - [22/Dec/2020:10:22:03 +0800] "GET /xingrg/all/function/internal_message.html?_=1608603955709&CODE_STATE=getMsg HTTP/1.1" 200 27
180.152.104.37 - - [22/Dec/2020:10:22:03 +0800] "GET /xingrg/all/function/internal_message.html?_=1608603723234&CODE_STATE=getMsg HTTP/1.1" 200 27
124.77.238.8 - - [22/Dec/2020:10:22:05 +0800] "GET /xingrg/javascript/easyui/themes/default/tree.css HTTP/1.1" 404 1090
172.17.200.101 - - [22/Dec/2020:10:22:05 +0800] "GET /xingrg/all/function/internal_message.html?_=1608603726013&CODE_STATE=getMsg HTTP/1.1" 200 27
124.77.238.8 - - [22/Dec/2020:10:22:05 +0800] "POST /xingrg/all/common/load_tree.html?tree=supplier_tree_json&isDelete=1 HTTP/1.1" 200 52709
114.86.231.40 - - [22/Dec/2020:10:22:16 +0800] "POST /xingrg/kc/buy/cgsh_order_operate.html HTTP/1.1" 200 37
117.185.32.26 - - [22/Dec/2020:10:22:20 +0800] "GET /xingrg/all/function/internal_message.html?_=1608603737846&CODE_STATE=getMsg HTTP/1.1" 200 27
114.86.231.40 - - [22/Dec/2020:10:22:21 +0800] "POST /xingrg/kc/buy/cgsh_order_operate.html HTTP/1.1" 200 2657
114.86.231.40 - - [22/Dec/2020:10:22:21 +0800] "GET /xingrg/check_reg.html?_=1608603760361 HTTP/1.1" 200 22
114.86.231.40 - - [22/Dec/2020:10:22:21 +0800] "GET /xingrg/all/function/internal_message.html?_=1608603760362&CODE_STATE=getMsg HTTP/1.1" 200 27
180.162.223.42 - - [22/Dec/2020:10:22:25 +0800] "GET /xingrg/all/function/internal_message.html?_=1608603746185&CODE_STATE=getMsg HTTP/1.1" 200 27
124.77.238.8 - - [22/Dec/2020:10:22:29 +0800] "GET /xingrg/kc/buy/cgsh_order_operate.html?command=get_materiel&rest_code=00107&code=00101007032&supplier_code=00100328&order_time=2020-12-22 HTTP/1.1" 200 432
114.86.231.40 - - [22/Dec/2020:10:22:32 +0800] "GET /xingrg/kc/buy/buy_main.html HTTP/1.1" 200 12412
114.86.231.40 - - [22/Dec/2020:10:22:34 +0800] "GET /xingrg/css/new_ie.css HTTP/1.1" 404 1036
124.77.238.8 - - [22/Dec/2020:10:22:36 +0800] "POST /xingrg/kc/buy/cgsh_order_operate.html HTTP/1.1" 200 37
124.77.238.8 - - [22/Dec/2020:10:22:37 +0800] "POST /xingrg/kc/buy/cgsh_order_operate.html HTTP/1.1" 200 2657
124.77.238.8 - - [22/Dec/2020:10:22:43 +0800] "GET /xingrg/kc/print/load_data.html?order_code=212020122208688&kc_code=cgsh&condition= HTTP/1.1" 200 670
117.185.32.26 - - [22/Dec/2020:10:22:46 +0800] "GET /xingrg/all/function/internal_message.html?_=1608604230665&CODE_STATE=getMsg HTTP/1.1" 200 27
117.185.32.26 - - [22/Dec/2020:10:22:46 +0800] "GET /xingrg/check_reg.html?_=1608604230666 HTTP/1.1" 200 22
124.77.238.8 - - [22/Dec/2020:10:22:48 +0800] "GET /xingrg/kc/buy/cgsh_order_add.html HTTP/1.1" 200 61114
58.37.230.33 - - [22/Dec/2020:10:22:48 +0800] "GET /xingrg/all/function/internal_message.html?_=1608603334230&CODE_STATE=getMsg HTTP/1.1" 200 27
58.37.230.33 - - [22/Dec/2020:10:22:48 +0800] "GET /xingrg/check_reg.html?_=1608603334232 HTTP/1.1" 200 22
180.174.56.115 - - [22/Dec/2020:10:22:48 +0800] "GET /xingrg/check_reg.html?_=1608603772359 HTTP/1.1" 200 22
180.174.56.115 - - [22/Dec/2020:10:22:48 +0800] "GET /xingrg/all/function/internal_message.html?_=1608603772362&CODE_STATE=getMsg HTTP/1.1" 200 27
124.77.238.8 - - [22/Dec/2020:10:22:49 +0800] "GET /xingrg/javascript/easyui/themes/default/validatebox.css HTTP/1.1" 404 1104
124.77.238.8 - - [22/Dec/2020:10:22:49 +0800] "POST /xingrg/kc/buy/cgsh_order_operate.html HTTP/1.1" 200 8245
101.228.166.101 - - [22/Dec/2020:10:22:49 +0800] "GET /xingrg/all/function/internal_message.html?_=1608603771895&CODE_STATE=getMsg HTTP/1.1" 200 27
124.77.238.8 - - [22/Dec/2020:10:22:52 +0800] "GET /xingrg/javascript/easyui/themes/default/tree.css HTTP/1.1" 404 1090
124.77.238.8 - - [22/Dec/2020:10:22:52 +0800] "POST /xingrg/all/common/load_tree.html?tree=supplier_tree_json&isDelete=1 HTTP/1.1" 200 52709
222.69.128.40 - - [22/Dec/2020:10:22:53 +0800] "GET /xingrg/all/function/internal_message.html?_=1608603771844&CODE_STATE=getMsg HTTP/1.1" 200 27
124.77.238.8 - - [22/Dec/2020:10:22:59 +0800] "GET /xingrg/all/function/internal_message.html?_=1608603775925&CODE_STATE=getMsg HTTP/1.1" 200 27
180.152.104.37 - - [22/Dec/2020:10:23:00 +0800] "GET /xingrg/kc/buy/cgsh_order_add.html HTTP/1.1" 200 60991
180.152.104.37 - - [22/Dec/2020:10:23:00 +0800] "GET /xingrg/javascript/pic_change.js HTTP/1.1" 304 -
180.152.104.37 - - [22/Dec/2020:10:23:00 +0800] "GET /xingrg/javascript/jquery_tools/order_manager.js HTTP/1.1" 304 -
180.152.104.37 - - [22/Dec/2020:10:23:00 +0800] "GET /xingrg/javascript/convert.js HTTP/1.1" 304 -
180.152.104.37 - - [22/Dec/2020:10:23:00 +0800] "GET /xingrg/javascript/print/kc_print.js HTTP/1.1" 304 -
180.152.104.37 - - [22/Dec/2020:10:23:00 +0800] "GET /xingrg/javascript/json2.js HTTP/1.1" 304 -
180.152.104.37 - - [22/Dec/2020:10:23:00 +0800] "GET /xingrg/words/20201220174212_words.js HTTP/1.1" 304 -
180.152.104.37 - - [22/Dec/2020:10:23:01 +0800] "POST /xingrg/kc/buy/cgsh_order_operate.html HTTP/1.1" 200 8245
180.152.104.37 - - [22/Dec/2020:10:23:01 +0800] "GET /xingrg/all/common/auto_word.html?type=employee&rest_code=00102 HTTP/1.1" 200 189
180.152.104.37 - - [22/Dec/2020:10:23:01 +0800] "GET /xingrg/all/common/auto_word.html?type=employee&rest_code=00102 HTTP/1.1" 200 189
180.152.104.37 - - [22/Dec/2020:10:23:01 +0800] "GET /xingrg/javascript/easyui/themes/default/validatebox.css HTTP/1.1" 404 1104
180.152.104.37 - - [22/Dec/2020:10:23:01 +0800] "GET /xingrg/javascript/easyui/plugins/jquery.validatebox.js HTTP/1.1" 304 -
180.152.104.37 - - [22/Dec/2020:10:23:01 +0800] "GET /xingrg/javascript/easyui/plugins/jquery.numberbox.js HTTP/1.1" 304 -
180.152.104.37 - - [22/Dec/2020:10:23:03 +0800] "GET /xingrg/all/function/internal_message.html?_=1608604015846&CODE_STATE=getMsg HTTP/1.1" 200 27
180.152.104.37 - - [22/Dec/2020:10:23:03 +0800] "GET /xingrg/javascript/auto/indicator.gif HTTP/1.1" 404 1066
180.152.104.37 - - [22/Dec/2020:10:23:03 +0800] "GET /xingrg/all/function/internal_message.html?_=1608603783248&CODE_STATE=getMsg HTTP/1.1" 200 27
180.152.104.37 - - [22/Dec/2020:10:23:04 +0800] "GET /xingrg/javascript/jquery_tools/images/prev.gif HTTP/1.1" 404 1086
180.152.104.37 - - [22/Dec/2020:10:23:04 +0800] "GET /xingrg/javascript/jquery_tools/images/next.gif HTTP/1.1" 404 1086
172.17.200.101 - - [22/Dec/2020:10:23:05 +0800] "GET /xingrg/all/function/internal_message.html?_=1608603786011&CODE_STATE=getMsg HTTP/1.1" 200 27
124.77.238.8 - - [22/Dec/2020:10:23:15 +0800] "GET /xingrg/kc/buy/cgsh_order_operate.html?command=get_materiel&rest_code=00107&code=00101010108&supplier_code=00100336&order_time=2020-12-22 HTTP/1.1" 200 421
117.185.32.26 - - [22/Dec/2020:10:23:20 +0800] "GET /xingrg/all/function/internal_message.html?_=1608603797832&CODE_STATE=getMsg HTTP/1.1" 200 27
117.185.32.26 - - [22/Dec/2020:10:23:20 +0800] "GET /xingrg/check_reg.html?_=1608603797831 HTTP/1.1" 200 22
114.86.231.40 - - [22/Dec/2020:10:23:21 +0800] "GET /xingrg/all/function/internal_message.html?_=1608603819843&CODE_STATE=getMsg HTTP/1.1" 200 27
124.77.238.8 - - [22/Dec/2020:10:23:21 +0800] "POST /xingrg/kc/buy/cgsh_order_operate.html HTTP/1.1" 200 37
124.77.238.8 - - [22/Dec/2020:10:23:23 +0800] "POST /xingrg/kc/buy/cgsh_order_operate.html HTTP/1.1" 200 2665
180.162.223.42 - - [22/Dec/2020:10:23:25 +0800] "GET /xingrg/all/function/internal_message.html?_=1608603806180&CODE_STATE=getMsg HTTP/1.1" 200 27
124.77.238.8 - - [22/Dec/2020:10:23:25 +0800] "GET /xingrg/kc/print/load_data.html?order_code=212020122208689&kc_code=cgsh&condition= HTTP/1.1" 200 678
180.152.104.37 - - [22/Dec/2020:10:23:31 +0800] "GET /xingrg/kc/buy/cgsh_order_operate.html?command=get_materiel&rest_code=00102&code=00101008185&supplier_code=00100008&order_time=2020-12-22 HTTP/1.1" 200 408
124.77.238.8 - - [22/Dec/2020:10:23:31 +0800] "GET /xingrg/kc/buy/cgsh_order_add.html HTTP/1.1" 200 61114
124.77.238.8 - - [22/Dec/2020:10:23:32 +0800] "GET /xingrg/javascript/easyui/themes/default/validatebox.css HTTP/1.1" 404 1104
124.77.238.8 - - [22/Dec/2020:10:23:32 +0800] "POST /xingrg/kc/buy/cgsh_order_operate.html HTTP/1.1" 200 8245
124.77.238.8 - - [22/Dec/2020:10:23:34 +0800] "GET /xingrg/javascript/easyui/themes/default/tree.css HTTP/1.1" 404 1090
124.77.238.8 - - [22/Dec/2020:10:23:34 +0800] "POST /xingrg/all/common/load_tree.html?tree=supplier_tree_json&isDelete=1 HTTP/1.1" 200 52709
180.152.104.37 - - [22/Dec/2020:10:23:37 +0800] "GET /xingrg/kc/buy/cgsh_order_operate.html?command=get_materiel&rest_code=00102&code=00101008358&supplier_code=00100008&order_time=2020-12-22 HTTP/1.1" 200 412
183.192.164.85 - - [22/Dec/2020:10:23:41 +0800] "GET /xingrg/all/function/internal_message.html?_=1608603137809&CODE_STATE=getMsg HTTP/1.1" 302 -
180.152.104.37 - - [22/Dec/2020:10:23:43 +0800] "GET /xingrg/kc/buy/cgsh_order_operate.html?command=get_materiel&rest_code=00102&code=00101008355&supplier_code=00100008&order_time=2020-12-22 HTTP/1.1" 200 408
180.162.223.42 - - [22/Dec/2020:10:23:45 +0800] "GET /xingrg/kc/buy/cgsh_order_operate.html?command=get_materiel&rest_code=00105&code=00101003033&supplier_code=00100091&order_time=2020-12-22 HTTP/1.1" 200 420
117.185.32.26 - - [22/Dec/2020:10:23:46 +0800] "GET /xingrg/all/function/internal_message.html?_=1608604290691&CODE_STATE=getMsg HTTP/1.1" 200 27
180.152.104.37 - - [22/Dec/2020:10:23:47 +0800] "GET /xingrg/kc/buy/cgsh_order_operate.html?command=get_materiel&rest_code=00102&code=00101008264&supplier_code=00100008&order_time=2020-12-22 HTTP/1.1" 200 412
58.37.230.33 - - [22/Dec/2020:10:23:48 +0800] "GET /xingrg/all/function/internal_message.html?_=1608603394215&CODE_STATE=getMsg HTTP/1.1" 200 27
180.174.56.115 - - [22/Dec/2020:10:23:48 +0800] "GET /xingrg/all/function/internal_message.html?_=1608603832357&CODE_STATE=getMsg HTTP/1.1" 200 27
183.192.164.85 - - [22/Dec/2020:10:23:49 +0800] "GET /xingrg/login.html HTTP/1.1" 200 7641
101.228.166.101 - - [22/Dec/2020:10:23:50 +0800] "GET /xingrg/all/function/internal_message.html?_=1608603832149&CODE_STATE=getMsg HTTP/1.1" 200 27
180.152.104.37 - - [22/Dec/2020:10:23:52 +0800] "GET /xingrg/kc/buy/cgsh_order_operate.html?command=get_materiel&rest_code=00102&code=00101008077&supplier_code=00100008&order_time=2020-12-22 HTTP/1.1" 200 416
180.152.104.37 - - [22/Dec/2020:10:23:52 +0800] "POST /xingrg/kc/buy/cgsh_list_operate.html HTTP/1.1" 200 575
222.69.128.40 - - [22/Dec/2020:10:23:53 +0800] "GET /xingrg/all/function/internal_message.html?_=1608603831849&CODE_STATE=getMsg HTTP/1.1" 200 27
180.152.104.37 - - [22/Dec/2020:10:23:56 +0800] "GET /xingrg/kc/buy/cgsh_order_operate.html?command=get_materiel&rest_code=00102&code=00101008357&supplier_code=00100008&order_time=2020-12-22 HTTP/1.1" 200 408
180.162.223.42 - - [22/Dec/2020:10:23:58 +0800] "GET /xingrg/kc/buy/cgsh_order_operate.html?command=get_materiel&rest_code=00105&code=00101003066&supplier_code=00100091&order_time=2020-12-22 HTTP/1.1" 200 412
124.77.238.8 - - [22/Dec/2020:10:23:59 +0800] "GET /xingrg/all/function/internal_message.html?_=1608603835900&CODE_STATE=getMsg HTTP/1.1" 200 27
180.152.104.37 - - [22/Dec/2020:10:24:00 +0800] "GET /xingrg/kc/buy/cgsh_order_operate.html?command=get_materiel&rest_code=00102&code=00101008069&supplier_code=00100008&order_time=2020-12-22 HTTP/1.1" 200 412
124.77.238.8 - - [22/Dec/2020:10:24:00 +0800] "GET /xingrg/kc/buy/cgsh_order_operate.html?command=get_materiel&rest_code=00107&code=00101004030&supplier_code=00100312&order_time=2020-12-22 HTTP/1.1" 200 408
180.152.104.37 - - [22/Dec/2020:10:24:03 +0800] "GET /xingrg/all/function/internal_message.html?_=1608604075863&CODE_STATE=getMsg HTTP/1.1" 200 27
180.152.104.37 - - [22/Dec/2020:10:24:03 +0800] "GET /xingrg/all/function/internal_message.html?_=1608603843261&CODE_STATE=getMsg HTTP/1.1" 200 27
172.17.200.101 - - [22/Dec/2020:10:24:05 +0800] "GET /xingrg/all/function/internal_message.html?_=1608603846013&CODE_STATE=getMsg HTTP/1.1" 200 27
172.17.200.101 - - [22/Dec/2020:10:24:05 +0800] "GET /xingrg/check_reg.html?_=1608603846017 HTTP/1.1" 200 22
180.152.104.37 - - [22/Dec/2020:10:24:05 +0800] "GET /xingrg/kc/buy/cgsh_order_operate.html?command=get_materiel&rest_code=00102&code=00101008286&supplier_code=00100008&order_time=2020-12-22 HTTP/1.1" 200 408
180.162.223.42 - - [22/Dec/2020:10:24:06 +0800] "GET /xingrg/kc/buy/cgsh_order_operate.html?command=get_materiel&rest_code=00105&code=00101003062&supplier_code=00100091&order_time=2020-12-22 HTTP/1.1" 200 401
180.152.104.37 - - [22/Dec/2020:10:24:10 +0800] "GET /xingrg/kc/buy/cgsh_order_operate.html?command=get_materiel&rest_code=00102&code=00101008529&supplier_code=00100008&order_time=2020-12-22 HTTP/1.1" 200 402
180.152.104.37 - - [22/Dec/2020:10:24:14 +0800] "POST /xingrg/kc/buy/cgsh_order_operate.html HTTP/1.1" 200 37
180.152.104.37 - - [22/Dec/2020:10:24:15 +0800] "POST /xingrg/kc/buy/cgsh_order_operate.html HTTP/1.1" 200 7373
124.77.238.8 - - [22/Dec/2020:10:24:16 +0800] "GET /xingrg/kc/buy/cgsh_order_operate.html?command=get_materiel&rest_code=00107&code=00101001138&supplier_code=00100312&order_time=2020-12-22 HTTP/1.1" 200 432
180.152.104.37 - - [22/Dec/2020:10:24:17 +0800] "GET /xingrg/kc/buy/cgsh_order_add.html HTTP/1.1" 200 60991
180.152.104.37 - - [22/Dec/2020:10:24:17 +0800] "POST /xingrg/kc/buy/cgsh_order_operate.html HTTP/1.1" 200 8245
180.152.104.37 - - [22/Dec/2020:10:24:17 +0800] "GET /xingrg/javascript/easyui/themes/default/validatebox.css HTTP/1.1" 404 1104
180.162.223.42 - - [22/Dec/2020:10:24:19 +0800] "POST /xingrg/kc/buy/cgsh_order_operate.html HTTP/1.1" 200 37
117.185.32.26 - - [22/Dec/2020:10:24:20 +0800] "GET /xingrg/all/function/internal_message.html?_=1608603857830&CODE_STATE=getMsg HTTP/1.1" 200 27
180.162.223.42 - - [22/Dec/2020:10:24:20 +0800] "POST /xingrg/kc/buy/cgsh_order_operate.html HTTP/1.1" 200 5067
114.86.231.40 - - [22/Dec/2020:10:24:21 +0800] "GET /xingrg/all/function/internal_message.html?_=1608603879842&CODE_STATE=getMsg HTTP/1.1" 200 27
180.162.223.42 - - [22/Dec/2020:10:24:22 +0800] "GET /xingrg/kc/print/load_data.html?order_code=212020122208691&kc_code=cgsh&condition= HTTP/1.1" 200 1680
180.162.223.42 - - [22/Dec/2020:10:24:25 +0800] "GET /xingrg/all/function/internal_message.html?_=1608603866186&CODE_STATE=getMsg HTTP/1.1" 200 27
180.162.223.42 - - [22/Dec/2020:10:24:25 +0800] "GET /xingrg/check_reg.html?_=1608603866187 HTTP/1.1" 200 22
120.204.17.72 - - [22/Dec/2020:10:24:26 +0800] "GET /xingrg/all/function/internal_message.html?_=1608603197809&CODE_STATE=getMsg HTTP/1.1" 302 -
180.162.223.42 - - [22/Dec/2020:10:24:26 +0800] "GET /xingrg/kc/buy/cgsh_order_add.html HTTP/1.1" 200 61073
180.162.223.42 - - [22/Dec/2020:10:24:27 +0800] "GET /xingrg/javascript/easyui/themes/default/validatebox.css HTTP/1.1" 404 1104
180.162.223.42 - - [22/Dec/2020:10:24:27 +0800] "POST /xingrg/kc/buy/cgsh_order_operate.html HTTP/1.1" 200 8245
124.77.238.8 - - [22/Dec/2020:10:24:32 +0800] "GET /xingrg/kc/buy/cgsh_order_operate.html?command=get_materiel&rest_code=00107&code=00101005041&supplier_code=00100312&order_time=2020-12-22 HTTP/1.1" 200 409
120.204.17.72 - - [22/Dec/2020:10:24:32 +0800] "GET /xingrg/login.html HTTP/1.1" 200 7641
180.152.104.37 - - [22/Dec/2020:10:24:35 +0800] "GET /xingrg/kc/buy/cgsh_order_operate.html?command=get_materiel&rest_code=00102&code=00101008028&supplier_code=00100008&order_time=2020-12-22 HTTP/1.1" 200 412
180.162.223.42 - - [22/Dec/2020:10:24:38 +0800] "GET /xingrg/kc/buy/cgsh_order_operate.html?command=get_materiel&rest_code=00105&code=00101010161&supplier_code=00100334&order_time=2020-12-22 HTTP/1.1" 200 410
180.152.104.37 - - [22/Dec/2020:10:24:44 +0800] "GET /xingrg/kc/buy/cgsh_order_operate.html?command=get_materiel&rest_code=00102&code=00101013084&supplier_code=00100008&order_time=2020-12-22 HTTP/1.1" 200 409
101.228.166.101 - - [22/Dec/2020:10:24:45 +0800] "GET /xingrg/check_reg.html?_=1608603887916 HTTP/1.1" 200 22
117.185.32.26 - - [22/Dec/2020:10:24:46 +0800] "GET /xingrg/all/function/internal_message.html?_=1608604350705&CODE_STATE=getMsg HTTP/1.1" 200 27
58.37.230.33 - - [22/Dec/2020:10:24:48 +0800] "GET /xingrg/all/function/internal_message.html?_=1608603454214&CODE_STATE=getMsg HTTP/1.1" 200 27
180.174.56.115 - - [22/Dec/2020:10:24:48 +0800] "GET /xingrg/all/function/internal_message.html?_=1608603892361&CODE_STATE=getMsg HTTP/1.1" 200 27
180.162.223.42 - - [22/Dec/2020:10:24:49 +0800] "POST /xingrg/kc/buy/cgsh_order_operate.html HTTP/1.1" 200 37
180.152.104.37 - - [22/Dec/2020:10:24:49 +0800] "GET /xingrg/kc/buy/cgsh_order_operate.html?command=get_materiel&rest_code=00102&code=00101008110&supplier_code=00100008&order_time=2020-12-22 HTTP/1.1" 200 408
101.228.166.101 - - [22/Dec/2020:10:24:50 +0800] "GET /xingrg/all/function/internal_message.html?_=1608603892157&CODE_STATE=getMsg HTTP/1.1" 200 27
180.162.223.42 - - [22/Dec/2020:10:24:50 +0800] "POST /xingrg/kc/buy/cgsh_order_operate.html HTTP/1.1" 200 2653
124.77.238.8 - - [22/Dec/2020:10:24:52 +0800] "POST /xingrg/kc/buy/cgsh_order_operate.html HTTP/1.1" 200 37
180.162.223.42 - - [22/Dec/2020:10:24:52 +0800] "GET /xingrg/kc/print/load_data.html?order_code=212020122208692&kc_code=cgsh&condition= HTTP/1.1" 200 666
222.69.128.40 - - [22/Dec/2020:10:24:53 +0800] "GET /xingrg/all/function/internal_message.html?_=1608603891849&CODE_STATE=getMsg HTTP/1.1" 200 27
222.69.128.40 - - [22/Dec/2020:10:24:53 +0800] "GET /xingrg/check_reg.html?_=1608603891860 HTTP/1.1" 200 22
124.77.238.8 - - [22/Dec/2020:10:24:54 +0800] "POST /xingrg/kc/buy/cgsh_order_operate.html HTTP/1.1" 200 3834
180.152.104.37 - - [22/Dec/2020:10:24:54 +0800] "GET /xingrg/kc/buy/cgsh_order_operate.html?command=get_materiel&rest_code=00102&code=00101008096&supplier_code=00100008&order_time=2020-12-22 HTTP/1.1" 200 413
180.162.223.42 - - [22/Dec/2020:10:24:56 +0800] "GET /xingrg/kc/buy/cgsh_order_add.html HTTP/1.1" 200 61073
124.77.238.8 - - [22/Dec/2020:10:24:56 +0800] "GET /xingrg/kc/print/load_data.html?order_code=212020122208693&kc_code=cgsh&condition= HTTP/1.1" 200 1119
180.162.223.42 - - [22/Dec/2020:10:24:56 +0800] "GET /xingrg/javascript/easyui/themes/default/validatebox.css HTTP/1.1" 404 1104
180.162.223.42 - - [22/Dec/2020:10:24:56 +0800] "POST /xingrg/kc/buy/cgsh_order_operate.html HTTP/1.1" 200 8245
124.77.238.8 - - [22/Dec/2020:10:24:59 +0800] "GET /xingrg/all/function/internal_message.html?_=1608603895909&CODE_STATE=getMsg HTTP/1.1" 200 27
180.152.104.37 - - [22/Dec/2020:10:24:59 +0800] "GET /xingrg/kc/buy/cgsh_order_operate.html?command=get_materiel&rest_code=00102&code=00101008038&supplier_code=00100008&order_time=2020-12-22 HTTP/1.1" 200 412
124.77.238.8 - - [22/Dec/2020:10:25:02 +0800] "GET /xingrg/kc/buy/cgsh_order_add.html HTTP/1.1" 200 61114
124.77.238.8 - - [22/Dec/2020:10:25:03 +0800] "GET /xingrg/javascript/easyui/themes/default/validatebox.css HTTP/1.1" 404 1104
124.77.238.8 - - [22/Dec/2020:10:25:03 +0800] "POST /xingrg/kc/buy/cgsh_order_operate.html HTTP/1.1" 200 8245
180.152.104.37 - - [22/Dec/2020:10:25:03 +0800] "GET /xingrg/all/function/internal_message.html?_=1608604135999&CODE_STATE=getMsg HTTP/1.1" 200 27
180.152.104.37 - - [22/Dec/2020:10:25:03 +0800] "GET /xingrg/all/function/internal_message.html?_=1608603903277&CODE_STATE=getMsg HTTP/1.1" 200 27
172.17.200.101 - - [22/Dec/2020:10:25:05 +0800] "GET /xingrg/all/function/internal_message.html?_=1608603906017&CODE_STATE=getMsg HTTP/1.1" 200 27
124.77.238.8 - - [22/Dec/2020:10:25:05 +0800] "GET /xingrg/javascript/easyui/themes/default/tree.css HTTP/1.1" 404 1090
124.77.238.8 - - [22/Dec/2020:10:25:06 +0800] "POST /xingrg/all/common/load_tree.html?tree=supplier_tree_json&isDelete=1 HTTP/1.1" 200 52709
117.185.32.26 - - [22/Dec/2020:10:25:20 +0800] "GET /xingrg/all/function/internal_message.html?_=1608603917846&CODE_STATE=getMsg HTTP/1.1" 200 27
180.152.104.37 - - [22/Dec/2020:10:25:21 +0800] "GET /xingrg/kc/buy/cgsh_order_operate.html?command=get_materiel&rest_code=00102&code=00101008088&supplier_code=00100008&order_time=2020-12-22 HTTP/1.1" 200 409
114.86.231.40 - - [22/Dec/2020:10:25:21 +0800] "GET /xingrg/all/function/internal_message.html?_=1608603939842&CODE_STATE=getMsg HTTP/1.1" 200 27
180.162.223.42 - - [22/Dec/2020:10:25:25 +0800] "GET /xingrg/all/function/internal_message.html?_=1608603926204&CODE_STATE=getMsg HTTP/1.1" 200 27
124.77.238.8 - - [22/Dec/2020:10:25:25 +0800] "GET /xingrg/kc/buy/cgsh_order_operate.html?command=get_materiel&rest_code=00107&code=00101001115&supplier_code=00100089&order_time=2020-12-22 HTTP/1.1" 200 413
180.162.223.42 - - [22/Dec/2020:10:25:25 +0800] "GET /xingrg/kc/buy/cgsh_order_operate.html?command=get_materiel&rest_code=00105&code=00101001140&supplier_code=00100319&order_time=2020-12-22 HTTP/1.1" 200 415
180.152.104.37 - - [22/Dec/2020:10:25:32 +0800] "GET /xingrg/kc/buy/cgsh_order_operate.html?command=get_materiel&rest_code=00102&code=00101008051&supplier_code=00100008&order_time=2020-12-22 HTTP/1.1" 200 427
124.77.238.8 - - [22/Dec/2020:10:25:37 +0800] "POST /xingrg/kc/buy/cgsh_order_operate.html HTTP/1.1" 200 37
180.152.104.37 - - [22/Dec/2020:10:25:38 +0800] "GET /xingrg/kc/buy/cgsh_order_operate.html?command=get_materiel&rest_code=00102&code=00101008003&supplier_code=00100008&order_time=2020-12-22 HTTP/1.1" 200 408
124.77.238.8 - - [22/Dec/2020:10:25:38 +0800] "POST /xingrg/kc/buy/cgsh_order_operate.html HTTP/1.1" 200 2659
180.162.223.42 - - [22/Dec/2020:10:25:39 +0800] "GET /xingrg/kc/buy/cgsh_order_operate.html?command=get_materiel&rest_code=00105&code=00101001040&supplier_code=00100319&order_time=2020-12-22 HTTP/1.1" 200 415
124.77.238.8 - - [22/Dec/2020:10:25:40 +0800] "GET /xingrg/kc/print/load_data.html?order_code=212020122208694&kc_code=cgsh&condition= HTTP/1.1" 200 736
183.192.164.71 - - [22/Dec/2020:10:25:42 +0800] "GET /xingrg/all/function/internal_message.html?_=1608603257812&CODE_STATE=getMsg HTTP/1.1" 302 -
180.152.104.37 - - [22/Dec/2020:10:25:44 +0800] "GET /xingrg/kc/buy/cgsh_order_operate.html?command=get_materiel&rest_code=00102&code=00101008356&supplier_code=00100008&order_time=2020-12-22 HTTP/1.1" 200 408
124.77.238.8 - - [22/Dec/2020:10:25:44 +0800] "GET /xingrg/kc/buy/cgsh_order_add.html HTTP/1.1" 200 61114
180.162.223.42 - - [22/Dec/2020:10:25:45 +0800] "GET /xingrg/kc/buy/cgsh_order_operate.html?command=get_materiel&rest_code=00105&code=00101001044&supplier_code=00100319&order_time=2020-12-22 HTTP/1.1" 200 430
124.77.238.8 - - [22/Dec/2020:10:25:45 +0800] "GET /xingrg/javascript/easyui/themes/default/validatebox.css HTTP/1.1" 404 1104
124.77.238.8 - - [22/Dec/2020:10:25:46 +0800] "POST /xingrg/kc/buy/cgsh_order_operate.html HTTP/1.1" 200 8245
117.185.32.26 - - [22/Dec/2020:10:25:46 +0800] "GET /xingrg/all/function/internal_message.html?_=1608604410705&CODE_STATE=getMsg HTTP/1.1" 200 27
124.77.238.8 - - [22/Dec/2020:10:25:47 +0800] "GET /xingrg/javascript/easyui/themes/default/tree.css HTTP/1.1" 404 1090
124.77.238.8 - - [22/Dec/2020:10:25:47 +0800] "POST /xingrg/all/common/load_tree.html?tree=supplier_tree_json&isDelete=1 HTTP/1.1" 200 52709
58.37.230.33 - - [22/Dec/2020:10:25:48 +0800] "GET /xingrg/all/function/internal_message.html?_=1608603514213&CODE_STATE=getMsg HTTP/1.1" 200 27
180.174.56.115 - - [22/Dec/2020:10:25:48 +0800] "GET /xingrg/all/function/internal_message.html?_=1608603952357&CODE_STATE=getMsg HTTP/1.1" 200 27
180.152.104.37 - - [22/Dec/2020:10:25:49 +0800] "GET /xingrg/kc/buy/cgsh_order_operate.html?command=get_materiel&rest_code=00102&code=00101008251&supplier_code=00100008&order_time=2020-12-22 HTTP/1.1" 200 410
101.228.166.101 - - [22/Dec/2020:10:25:50 +0800] "GET /xingrg/all/function/internal_message.html?_=1608603952170&CODE_STATE=getMsg HTTP/1.1" 200 27
183.192.164.71 - - [22/Dec/2020:10:25:50 +0800] "GET /xingrg/login.html HTTP/1.1" 200 7641
180.162.223.42 - - [22/Dec/2020:10:25:52 +0800] "GET /xingrg/kc/buy/cgsh_order_operate.html?command=get_materiel&rest_code=00105&code=00101001169&supplier_code=00100319&order_time=2020-12-22 HTTP/1.1" 200 434
222.69.128.40 - - [22/Dec/2020:10:25:53 +0800] "GET /xingrg/all/function/internal_message.html?_=1608603951858&CODE_STATE=getMsg HTTP/1.1" 200 27
124.77.238.8 - - [22/Dec/2020:10:25:59 +0800] "GET /xingrg/all/function/internal_message.html?_=1608603955889&CODE_STATE=getMsg HTTP/1.1" 200 27
180.152.104.37 - - [22/Dec/2020:10:25:59 +0800] "GET /xingrg/kc/buy/cgsh_order_operate.html?command=get_materiel&rest_code=00102&code=00101008098&supplier_code=00100008&order_time=2020-12-22 HTTP/1.1" 200 412
180.162.223.42 - - [22/Dec/2020:10:26:00 +0800] "GET /xingrg/kc/buy/cgsh_order_operate.html?command=get_materiel&rest_code=00105&code=00101001125&supplier_code=00100319&order_time=2020-12-22 HTTP/1.1" 200 415
180.152.104.37 - - [22/Dec/2020:10:26:03 +0800] "GET /xingrg/all/function/internal_message.html?_=1608604196014&CODE_STATE=getMsg HTTP/1.1" 200 27
180.152.104.37 - - [22/Dec/2020:10:26:03 +0800] "GET /xingrg/check_reg.html?_=1608603963167 HTTP/1.1" 200 22
180.152.104.37 - - [22/Dec/2020:10:26:03 +0800] "GET /xingrg/kc/buy/cgsh_order_add.html HTTP/1.1" 200 60985
180.152.104.37 - - [22/Dec/2020:10:26:03 +0800] "GET /xingrg/all/function/internal_message.html?_=1608603963289&CODE_STATE=getMsg HTTP/1.1" 200 27
180.152.104.37 - - [22/Dec/2020:10:26:04 +0800] "POST /xingrg/kc/buy/cgsh_order_operate.html HTTP/1.1" 200 8245
180.152.104.37 - - [22/Dec/2020:10:26:04 +0800] "GET /xingrg/javascript/easyui/themes/default/validatebox.css HTTP/1.1" 404 1104
172.17.200.101 - - [22/Dec/2020:10:26:05 +0800] "GET /xingrg/all/function/internal_message.html?_=1608603966020&CODE_STATE=getMsg HTTP/1.1" 200 27
180.152.104.37 - - [22/Dec/2020:10:26:06 +0800] "GET /xingrg/kc/buy/cgsh_order_operate.html?command=get_materiel&rest_code=00102&code=00101008353&supplier_code=00100008&order_time=2020-12-22 HTTP/1.1" 200 408
180.152.104.37 - - [22/Dec/2020:10:26:14 +0800] "GET /xingrg/kc/buy/cgsh_order_operate.html?command=get_materiel&rest_code=00102&code=00101008213&supplier_code=00100008&order_time=2020-12-22 HTTP/1.1" 200 412
180.152.104.37 - - [22/Dec/2020:10:26:16 +0800] "GET /xingrg/kc/buy/cgsh_order_operate.html?command=get_materiel&rest_code=00102&code=00101010024&supplier_code=00100151&order_time=2020-12-22 HTTP/1.1" 200 408
180.152.104.37 - - [22/Dec/2020:10:26:18 +0800] "GET /xingrg/kc/buy/cgsh_order_operate.html?command=get_materiel&rest_code=00102&code=00101008007&supplier_code=00100008&order_time=2020-12-22 HTTP/1.1" 200 413
183.192.164.97 - - [22/Dec/2020:10:26:18 +0800] "GET /xingrg/all/function/internal_message.html?_=1608603317814&CODE_STATE=getMsg HTTP/1.1" 302 -
117.185.32.26 - - [22/Dec/2020:10:26:20 +0800] "GET /xingrg/all/function/internal_message.html?_=1608603977831&CODE_STATE=getMsg HTTP/1.1" 200 27
124.77.238.8 - - [22/Dec/2020:10:26:20 +0800] "GET /xingrg/kc/buy/cgsh_order_operate.html?command=get_materiel&rest_code=00107&code=00101008291&supplier_code=00100338&order_time=2020-12-22 HTTP/1.1" 200 410
114.86.231.40 - - [22/Dec/2020:10:26:21 +0800] "GET /xingrg/all/function/internal_message.html?_=1608603999843&CODE_STATE=getMsg HTTP/1.1" 200 27
180.152.104.37 - - [22/Dec/2020:10:26:24 +0800] "POST /xingrg/kc/buy/cgsh_order_operate.html HTTP/1.1" 200 37
180.162.223.42 - - [22/Dec/2020:10:26:24 +0800] "POST /xingrg/kc/buy/cgsh_order_operate.html HTTP/1.1" 200 88
180.152.104.37 - - [22/Dec/2020:10:26:25 +0800] "POST /xingrg/kc/buy/cgsh_order_operate.html HTTP/1.1" 200 10330
180.162.223.42 - - [22/Dec/2020:10:26:25 +0800] "GET /xingrg/all/function/internal_message.html?_=1608603986214&CODE_STATE=getMsg HTTP/1.1" 200 27
180.152.104.37 - - [22/Dec/2020:10:26:26 +0800] "GET /xingrg/kc/buy/cgsh_order_add.html HTTP/1.1" 200 60991
180.152.104.37 - - [22/Dec/2020:10:26:26 +0800] "POST /xingrg/kc/buy/cgsh_order_operate.html HTTP/1.1" 200 8245
180.152.104.37 - - [22/Dec/2020:10:26:27 +0800] "GET /xingrg/javascript/easyui/themes/default/validatebox.css HTTP/1.1" 404 1104
180.162.223.42 - - [22/Dec/2020:10:26:28 +0800] "POST /xingrg/kc/buy/cgsh_order_operate.html HTTP/1.1" 200 37
183.192.164.97 - - [22/Dec/2020:10:26:28 +0800] "GET /xingrg/login.html HTTP/1.1" 200 7641
180.162.223.42 - - [22/Dec/2020:10:26:29 +0800] "POST /xingrg/kc/buy/cgsh_order_operate.html HTTP/1.1" 200 5040
180.152.104.37 - - [22/Dec/2020:10:26:29 +0800] "GET /xingrg/kc/buy/cgsh_order_operate.html?command=get_materiel&rest_code=00102&code=00101010136&supplier_code=00100151&order_time=2020-12-22 HTTP/1.1" 200 408
180.162.223.42 - - [22/Dec/2020:10:26:30 +0800] "GET /xingrg/kc/print/load_data.html?order_code=212020122208697&kc_code=cgsh&condition= HTTP/1.1" 200 1584
180.162.223.42 - - [22/Dec/2020:10:26:34 +0800] "GET /xingrg/kc/buy/cgsh_order_add.html HTTP/1.1" 200 61073
180.162.223.42 - - [22/Dec/2020:10:26:34 +0800] "POST /xingrg/kc/buy/cgsh_order_operate.html HTTP/1.1" 200 8245
180.162.223.42 - - [22/Dec/2020:10:26:34 +0800] "GET /xingrg/javascript/easyui/themes/default/validatebox.css HTTP/1.1" 404 1104
124.77.238.8 - - [22/Dec/2020:10:26:35 +0800] "POST /xingrg/kc/buy/cgsh_order_operate.html HTTP/1.1" 200 37
124.77.238.8 - - [22/Dec/2020:10:26:36 +0800] "POST /xingrg/kc/buy/cgsh_order_operate.html HTTP/1.1" 200 2654
222.69.128.40 - - [22/Dec/2020:10:26:38 +0800] "GET /xingrg/kc/buy/cgsh_order_operate.html?command=get_materiel&rest_code=00149&code=00101008286&supplier_code=00100005&order_time=2020-12-22 HTTP/1.1" 200 408
124.77.238.8 - - [22/Dec/2020:10:26:38 +0800] "GET /xingrg/kc/print/load_data.html?order_code=212020122208698&kc_code=cgsh&condition= HTTP/1.1" 200 667
180.152.104.37 - - [22/Dec/2020:10:26:40 +0800] "GET /xingrg/kc/buy/cgsh_order_operate.html?command=get_materiel&rest_code=00102&code=00101008223&supplier_code=00100008&order_time=2020-12-22 HTTP/1.1" 200 412
180.162.223.42 - - [22/Dec/2020:10:26:43 +0800] "GET /xingrg/kc/buy/cgsh_order_operate.html?command=get_materiel&rest_code=00105&code=00101007032&supplier_code=00100328&order_time=2020-12-22 HTTP/1.1" 200 432
124.77.238.8 - - [22/Dec/2020:10:26:43 +0800] "GET /xingrg/kc/buy/cgsh_order_add.html HTTP/1.1" 200 61114
124.77.238.8 - - [22/Dec/2020:10:26:44 +0800] "GET /xingrg/javascript/easyui/themes/default/validatebox.css HTTP/1.1" 404 1104
124.77.238.8 - - [22/Dec/2020:10:26:44 +0800] "POST /xingrg/kc/buy/cgsh_order_operate.html HTTP/1.1" 200 8245
117.185.32.26 - - [22/Dec/2020:10:26:46 +0800] "GET /xingrg/all/function/internal_message.html?_=1608604470704&CODE_STATE=getMsg HTTP/1.1" 200 27
124.77.238.8 - - [22/Dec/2020:10:26:47 +0800] "GET /xingrg/javascript/easyui/themes/default/tree.css HTTP/1.1" 404 1090
180.152.104.37 - - [22/Dec/2020:10:26:47 +0800] "GET /xingrg/kc/buy/cgsh_order_operate.html?command=get_materiel&rest_code=00102&code=00101015038&supplier_code=00100008&order_time=2020-12-22 HTTP/1.1" 200 418
124.77.238.8 - - [22/Dec/2020:10:26:47 +0800] "POST /xingrg/all/common/load_tree.html?tree=supplier_tree_json&isDelete=1 HTTP/1.1" 200 52709
58.37.230.33 - - [22/Dec/2020:10:26:48 +0800] "GET /xingrg/all/function/internal_message.html?_=1608603574213&CODE_STATE=getMsg HTTP/1.1" 200 27
180.174.56.115 - - [22/Dec/2020:10:26:48 +0800] "GET /xingrg/all/function/internal_message.html?_=1608604012362&CODE_STATE=getMsg HTTP/1.1" 200 27
180.152.104.37 - - [22/Dec/2020:10:26:49 +0800] "GET /xingrg/kc/buy/cgsh_order_operate.html?command=get_materiel&rest_code=00102&code=00101013151&supplier_code=00100151&order_time=2020-12-22 HTTP/1.1" 200 431
172.17.0.185 - - [22/Dec/2020:10:26:50 +0800] "GET /xingrg/index.html?sysBaseUrl=http%3A%2F%2F172.17.0.8%3A18081%2Fxingrg%2F&costTime=39×tamp=1608539820924 HTTP/1.1" 200 17448
101.228.166.101 - - [22/Dec/2020:10:26:50 +0800] "GET /xingrg/all/function/internal_message.html?_=1608604012444&CODE_STATE=getMsg HTTP/1.1" 200 27
172.17.0.185 - - [22/Dec/2020:10:26:50 +0800] "GET /favicon.ico HTTP/1.1" 404 -
172.17.0.185 - - [22/Dec/2020:10:26:50 +0800] "POST /xingrg/all/common/load_tree.html?tree=area_rest_tree_json&manage=1 HTTP/1.1" 200 3350
172.17.0.185 - - [22/Dec/2020:10:26:51 +0800] "GET /xingrg/all/function/internal_message.html?_=1608604009406&CODE_STATE=count HTTP/1.1" 200 11
172.17.0.185 - - [22/Dec/2020:10:26:51 +0800] "GET /xingrg/check_reg.html?_=1608604009408 HTTP/1.1" 200 22
172.17.0.185 - - [22/Dec/2020:10:26:51 +0800] "POST /xingrg/load_menu.html HTTP/1.1" 200 11529
180.152.104.37 - - [22/Dec/2020:10:26:51 +0800] "GET /xingrg/kc/buy/cgsh_order_operate.html?command=get_materiel&rest_code=00102&code=00101015046&supplier_code=00100008&order_time=2020-12-22 HTTP/1.1" 200 412
222.69.128.40 - - [22/Dec/2020:10:26:53 +0800] "GET /xingrg/all/function/internal_message.html?_=1608604011864&CODE_STATE=getMsg HTTP/1.1" 200 27
180.152.104.37 - - [22/Dec/2020:10:26:55 +0800] "GET /xingrg/check_reg.html?_=1608604248338 HTTP/1.1" 200 22
180.162.223.42 - - [22/Dec/2020:10:26:57 +0800] "GET /xingrg/kc/buy/cgsh_order_operate.html?command=get_materiel&rest_code=00105&code=00101007077&supplier_code=00100328&order_time=2020-12-22 HTTP/1.1" 200 415
124.77.238.8 - - [22/Dec/2020:10:26:57 +0800] "GET /xingrg/check_reg.html?_=1608604014413 HTTP/1.1" 200 22
222.69.128.40 - - [22/Dec/2020:10:26:57 +0800] "GET /xingrg/kc/buy/cgsh_order_operate.html?command=get_materiel&rest_code=00149&code=00101008036&supplier_code=00100005&order_time=2020-12-22 HTTP/1.1" 200 408
180.152.104.37 - - [22/Dec/2020:10:26:57 +0800] "GET /xingrg/kc/buy/cgsh_order_operate.html?command=get_materiel&rest_code=00102&code=00101015006&supplier_code=00100008&order_time=2020-12-22 HTTP/1.1" 200 413
124.77.238.8 - - [22/Dec/2020:10:26:59 +0800] "GET /xingrg/all/function/internal_message.html?_=1608604015861&CODE_STATE=getMsg HTTP/1.1" 200 27
180.162.223.42 - - [22/Dec/2020:10:27:03 +0800] "POST /xingrg/kc/buy/cgsh_order_operate.html HTTP/1.1" 200 37
180.152.104.37 - - [22/Dec/2020:10:27:03 +0800] "GET /xingrg/kc/buy/cgsh_order_operate.html?command=get_materiel&rest_code=00102&code=00101008141&supplier_code=00100151&order_time=2020-12-22 HTTP/1.1" 200 412
180.152.104.37 - - [22/Dec/2020:10:27:03 +0800] "GET /xingrg/all/function/internal_message.html?_=1608604256027&CODE_STATE=getMsg HTTP/1.1" 200 27
180.152.104.37 - - [22/Dec/2020:10:27:03 +0800] "GET /xingrg/all/function/internal_message.html?_=1608604023304&CODE_STATE=getMsg HTTP/1.1" 200 27
117.185.32.26 - - [22/Dec/2020:10:27:04 +0800] "GET /xingrg/kc/buy/cgsh_order_add.html HTTP/1.1" 200 61032
180.162.223.42 - - [22/Dec/2020:10:27:04 +0800] "POST /xingrg/kc/buy/cgsh_order_operate.html HTTP/1.1" 200 3252
117.185.32.26 - - [22/Dec/2020:10:27:04 +0800] "GET /xingrg/javascript/easyui/themes/default/validatebox.css HTTP/1.1" 404 1104
