124.77.238.8 - - [22/Dec/2020:10:31:58 +0800] "GET /xingrg/all/function/internal_message.html?_=1608604315779&CODE_STATE=getMsg HTTP/1.1" 200 27
183.192.164.85 - - [22/Dec/2020:10:32:00 +0800] "GET /xingrg/kc/print/load_data.html?order_code=212020122208685&kc_code=cgsh HTTP/1.1" 302 -
180.152.104.37 - - [22/Dec/2020:10:32:02 +0800] "GET /xingrg/kc/buy/cgsh_order_list.html HTTP/1.1" 200 45289
180.152.104.37 - - [22/Dec/2020:10:32:03 +0800] "POST /xingrg/kc/buy/cgsh_list_operate.html HTTP/1.1" 200 876
180.152.104.37 - - [22/Dec/2020:10:32:03 +0800] "GET /xingrg/all/function/internal_message.html?_=1608604323434&CODE_STATE=getMsg HTTP/1.1" 200 27
180.152.104.37 - - [22/Dec/2020:10:32:04 +0800] "GET /xingrg/all/function/internal_message.html?_=1608604556736&CODE_STATE=getMsg HTTP/1.1" 200 27
172.17.200.101 - - [22/Dec/2020:10:32:05 +0800] "GET /xingrg/all/function/internal_message.html?_=1608604326022&CODE_STATE=getMsg HTTP/1.1" 200 27
183.192.164.85 - - [22/Dec/2020:10:32:09 +0800] "GET /xingrg/login.html HTTP/1.1" 200 7641
117.185.32.26 - - [22/Dec/2020:10:32:12 +0800] "GET /xingrg/kc/buy/cgsh_order_operate.html?command=get_materiel&rest_code=00106&code=00101006203&supplier_code=00100015&order_time=2020-12-22 HTTP/1.1" 200 412
117.185.32.26 - - [22/Dec/2020:10:32:20 +0800] "GET /xingrg/all/function/internal_message.html?_=1608604337839&CODE_STATE=getMsg HTTP/1.1" 200 27
114.86.231.40 - - [22/Dec/2020:10:32:21 +0800] "GET /xingrg/check_reg.html?_=1608604359843 HTTP/1.1" 200 22
114.86.231.40 - - [22/Dec/2020:10:32:21 +0800] "GET /xingrg/all/function/internal_message.html?_=1608604359844&CODE_STATE=getMsg HTTP/1.1" 200 27
180.162.223.42 - - [22/Dec/2020:10:32:25 +0800] "GET /xingrg/all/function/internal_message.html?_=1608604346222&CODE_STATE=getMsg HTTP/1.1" 200 27
183.192.164.214 - - [22/Dec/2020:10:32:28 +0800] "GET /xingrg/all/function/internal_message.html?_=1608603677838&CODE_STATE=getMsg HTTP/1.1" 302 -
117.185.32.26 - - [22/Dec/2020:10:32:30 +0800] "GET /xingrg/kc/buy/cgsh_order_operate.html?command=get_materiel&rest_code=00106&code=00101006181&supplier_code=00100015&order_time=2020-12-22 HTTP/1.1" 200 411
172.17.0.120 - - [22/Dec/2020:10:32:32 +0800] "GET /xingrg/all/function/internal_message.html?_=1608604350617&CODE_STATE=getMsg HTTP/1.1" 200 27
183.192.164.214 - - [22/Dec/2020:10:32:34 +0800] "GET /xingrg/login.html HTTP/1.1" 200 7641
180.174.56.115 - - [22/Dec/2020:10:32:40 +0800] "GET /xingrg/all/function/internal_message.html?_=1608604363604&CODE_STATE=getMsg HTTP/1.1" 200 27
117.185.32.26 - - [22/Dec/2020:10:32:46 +0800] "GET /xingrg/all/function/internal_message.html?_=1608604830718&CODE_STATE=getMsg HTTP/1.1" 200 27
117.185.32.26 - - [22/Dec/2020:10:32:46 +0800] "GET /xingrg/check_reg.html?_=1608604830720 HTTP/1.1" 200 22
101.228.166.101 - - [22/Dec/2020:10:32:50 +0800] "GET /xingrg/all/function/internal_message.html?_=1608604372968&CODE_STATE=getMsg HTTP/1.1" 200 27
172.17.0.185 - - [22/Dec/2020:10:32:51 +0800] "GET /xingrg/all/function/internal_message.html?_=1608604369422&CODE_STATE=getMsg HTTP/1.1" 200 27
222.69.128.40 - - [22/Dec/2020:10:32:53 +0800] "GET /xingrg/all/function/internal_message.html?_=1608604371890&CODE_STATE=getMsg HTTP/1.1" 200 27
124.77.238.8 - - [22/Dec/2020:10:32:59 +0800] "GET /xingrg/all/function/internal_message.html?_=1608604375758&CODE_STATE=getMsg HTTP/1.1" 200 27
124.77.238.8 - - [22/Dec/2020:10:33:03 +0800] "POST /xingrg/kc/buy/cgsh_order_operate.html HTTP/1.1" 200 37
180.152.104.37 - - [22/Dec/2020:10:33:03 +0800] "GET /xingrg/all/function/internal_message.html?_=1608604383447&CODE_STATE=getMsg HTTP/1.1" 200 27
180.152.104.37 - - [22/Dec/2020:10:33:04 +0800] "GET /xingrg/all/function/internal_message.html?_=1608604616749&CODE_STATE=getMsg HTTP/1.1" 200 27
172.17.200.101 - - [22/Dec/2020:10:33:05 +0800] "GET /xingrg/all/function/internal_message.html?_=1608604386024&CODE_STATE=getMsg HTTP/1.1" 200 27
124.77.238.8 - - [22/Dec/2020:10:33:05 +0800] "POST /xingrg/kc/buy/cgsh_order_operate.html HTTP/1.1" 200 4438
124.77.238.8 - - [22/Dec/2020:10:33:08 +0800] "GET /xingrg/kc/print/load_data.html?order_code=212020122208708&kc_code=cgsh&condition= HTTP/1.1" 200 1354
180.152.104.37 - - [22/Dec/2020:10:33:09 +0800] "POST /xingrg/kc/buy/cgsh_list_operate.html HTTP/1.1" 200 2102
180.152.104.37 - - [22/Dec/2020:10:33:17 +0800] "POST /xingrg/kc/buy/cgsh_list_operate.html HTTP/1.1" 200 1715
117.185.32.26 - - [22/Dec/2020:10:33:20 +0800] "GET /xingrg/check_reg.html?_=1608604397876 HTTP/1.1" 200 22
117.185.32.26 - - [22/Dec/2020:10:33:20 +0800] "GET /xingrg/all/function/internal_message.html?_=1608604397874&CODE_STATE=getMsg HTTP/1.1" 200 27
114.86.231.40 - - [22/Dec/2020:10:33:21 +0800] "GET /xingrg/all/function/internal_message.html?_=1608604419843&CODE_STATE=getMsg HTTP/1.1" 200 27
180.152.104.37 - - [22/Dec/2020:10:33:25 +0800] "POST /xingrg/kc/buy/cgsh_list_operate.html HTTP/1.1" 200 2489
180.162.223.42 - - [22/Dec/2020:10:33:25 +0800] "GET /xingrg/all/function/internal_message.html?_=1608604406192&CODE_STATE=getMsg HTTP/1.1" 200 27
172.17.0.120 - - [22/Dec/2020:10:33:32 +0800] "GET /xingrg/check_reg.html?_=1608604410606 HTTP/1.1" 200 22
172.17.0.120 - - [22/Dec/2020:10:33:32 +0800] "GET /xingrg/all/function/internal_message.html?_=1608604410610&CODE_STATE=getMsg HTTP/1.1" 200 27
180.152.104.37 - - [22/Dec/2020:10:33:34 +0800] "POST /xingrg/kc/buy/cgsh_list_operate.html HTTP/1.1" 200 2100
222.69.128.40 - - [22/Dec/2020:10:33:36 +0800] "GET /xingrg/kc/buy/cgsh_order_add.html HTTP/1.1" 200 61079
222.69.128.40 - - [22/Dec/2020:10:33:36 +0800] "GET /xingrg/words/20201222102932_words.js HTTP/1.1" 304 -
222.69.128.40 - - [22/Dec/2020:10:33:36 +0800] "POST /xingrg/kc/buy/cgsh_order_operate.html HTTP/1.1" 200 8245
222.69.128.40 - - [22/Dec/2020:10:33:36 +0800] "GET /xingrg/javascript/easyui/themes/default/validatebox.css HTTP/1.1" 404 1104
180.174.56.115 - - [22/Dec/2020:10:33:40 +0800] "GET /xingrg/all/function/internal_message.html?_=1608604423596&CODE_STATE=getMsg HTTP/1.1" 200 27
180.152.104.37 - - [22/Dec/2020:10:33:41 +0800] "POST /xingrg/kc/buy/cgsh_list_operate.html HTTP/1.1" 200 2102
222.69.128.40 - - [22/Dec/2020:10:33:45 +0800] "GET /xingrg/kc/buy/cgsh_order_operate.html?command=get_materiel&rest_code=00149&code=00101009049&supplier_code=00100201&order_time=2020-12-22 HTTP/1.1" 200 416
117.185.32.26 - - [22/Dec/2020:10:33:46 +0800] "GET /xingrg/all/function/internal_message.html?_=1608604890718&CODE_STATE=getMsg HTTP/1.1" 200 27
180.152.104.37 - - [22/Dec/2020:10:33:50 +0800] "POST /xingrg/kc/buy/cgsh_list_operate.html HTTP/1.1" 200 2487
172.17.0.185 - - [22/Dec/2020:10:33:51 +0800] "GET /xingrg/all/function/internal_message.html?_=1608604429411&CODE_STATE=getMsg HTTP/1.1" 200 27
101.228.166.101 - - [22/Dec/2020:10:33:51 +0800] "GET /xingrg/all/function/internal_message.html?_=1608604433221&CODE_STATE=getMsg HTTP/1.1" 200 27
222.69.128.40 - - [22/Dec/2020:10:33:53 +0800] "GET /xingrg/all/function/internal_message.html?_=1608604431883&CODE_STATE=getMsg HTTP/1.1" 200 27
180.152.104.37 - - [22/Dec/2020:10:33:57 +0800] "POST /xingrg/kc/buy/cgsh_list_operate.html HTTP/1.1" 200 2100
222.69.128.40 - - [22/Dec/2020:10:33:57 +0800] "GET /xingrg/kc/buy/cgsh_order_operate.html?command=get_materiel&rest_code=00149&code=00101009062&supplier_code=00100201&order_time=2020-12-22 HTTP/1.1" 200 433
124.77.238.8 - - [22/Dec/2020:10:33:58 +0800] "GET /xingrg/all/function/internal_message.html?_=1608604435741&CODE_STATE=getMsg HTTP/1.1" 200 27
180.152.104.37 - - [22/Dec/2020:10:34:03 +0800] "GET /xingrg/all/function/internal_message.html?_=1608604443462&CODE_STATE=getMsg HTTP/1.1" 200 27
180.152.104.37 - - [22/Dec/2020:10:34:04 +0800] "GET /xingrg/all/function/internal_message.html?_=1608604676960&CODE_STATE=getMsg HTTP/1.1" 200 27
222.69.128.40 - - [22/Dec/2020:10:34:04 +0800] "GET /xingrg/kc/buy/cgsh_order_operate.html?command=get_materiel&rest_code=00149&code=00101009011&supplier_code=00100201&order_time=2020-12-22 HTTP/1.1" 200 435
172.17.200.101 - - [22/Dec/2020:10:34:05 +0800] "GET /xingrg/check_reg.html?_=1608604446025 HTTP/1.1" 200 22
172.17.200.101 - - [22/Dec/2020:10:34:05 +0800] "GET /xingrg/all/function/internal_message.html?_=1608604446029&CODE_STATE=getMsg HTTP/1.1" 200 27
180.152.104.37 - - [22/Dec/2020:10:34:13 +0800] "POST /xingrg/kc/buy/cgsh_list_operate.html HTTP/1.1" 200 876
120.204.17.70 - - [22/Dec/2020:10:34:17 +0800] "GET /xingrg/all/function/internal_message.html?_=1608603797832&CODE_STATE=getMsg HTTP/1.1" 302 -
180.152.104.37 - - [22/Dec/2020:10:34:18 +0800] "POST /xingrg/kc/buy/cgsh_list_operate.html HTTP/1.1" 200 876
117.185.32.26 - - [22/Dec/2020:10:34:20 +0800] "GET /xingrg/all/function/internal_message.html?_=1608604457845&CODE_STATE=getMsg HTTP/1.1" 200 27
114.86.231.40 - - [22/Dec/2020:10:34:21 +0800] "GET /xingrg/all/function/internal_message.html?_=1608604479839&CODE_STATE=getMsg HTTP/1.1" 200 27
222.69.128.40 - - [22/Dec/2020:10:34:22 +0800] "GET /xingrg/kc/buy/cgsh_order_operate.html?command=get_materiel&rest_code=00149&code=00101009016&supplier_code=00100201&order_time=2020-12-22 HTTP/1.1" 200 431
120.204.17.70 - - [22/Dec/2020:10:34:23 +0800] "GET /xingrg/login.html HTTP/1.1" 200 7641
180.152.104.37 - - [22/Dec/2020:10:34:23 +0800] "POST /xingrg/kc/buy/cgsh_list_operate.html HTTP/1.1" 200 876
180.162.223.42 - - [22/Dec/2020:10:34:25 +0800] "GET /xingrg/all/function/internal_message.html?_=1608604466198&CODE_STATE=getMsg HTTP/1.1" 200 27
180.162.223.42 - - [22/Dec/2020:10:34:25 +0800] "GET /xingrg/check_reg.html?_=1608604466202 HTTP/1.1" 200 22
172.17.0.120 - - [22/Dec/2020:10:34:32 +0800] "GET /xingrg/all/function/internal_message.html?_=1608604470615&CODE_STATE=getMsg HTTP/1.1" 200 27
180.174.56.115 - - [22/Dec/2020:10:34:40 +0800] "GET /xingrg/check_reg.html?_=1608604483610 HTTP/1.1" 200 22
180.174.56.115 - - [22/Dec/2020:10:34:40 +0800] "GET /xingrg/all/function/internal_message.html?_=1608604483613&CODE_STATE=getMsg HTTP/1.1" 200 27
222.69.128.40 - - [22/Dec/2020:10:34:43 +0800] "GET /xingrg/kc/buy/cgsh_order_operate.html?command=get_materiel&rest_code=00149&code=00101009013&supplier_code=00100201&order_time=2020-12-22 HTTP/1.1" 200 420
101.228.166.101 - - [22/Dec/2020:10:34:45 +0800] "GET /xingrg/check_reg.html?_=1608604487930 HTTP/1.1" 200 22
117.185.32.26 - - [22/Dec/2020:10:34:46 +0800] "GET /xingrg/all/function/internal_message.html?_=1608604950720&CODE_STATE=getMsg HTTP/1.1" 200 27
172.17.0.185 - - [22/Dec/2020:10:34:51 +0800] "GET /xingrg/all/function/internal_message.html?_=1608604489415&CODE_STATE=getMsg HTTP/1.1" 200 27
101.228.166.101 - - [22/Dec/2020:10:34:51 +0800] "GET /xingrg/all/function/internal_message.html?_=1608604493228&CODE_STATE=getMsg HTTP/1.1" 200 27
222.69.128.40 - - [22/Dec/2020:10:34:53 +0800] "GET /xingrg/check_reg.html?_=1608604491863 HTTP/1.1" 200 22
222.69.128.40 - - [22/Dec/2020:10:34:53 +0800] "GET /xingrg/all/function/internal_message.html?_=1608604491865&CODE_STATE=getMsg HTTP/1.1" 200 27
124.77.238.8 - - [22/Dec/2020:10:34:58 +0800] "GET /xingrg/all/function/internal_message.html?_=1608604495717&CODE_STATE=getMsg HTTP/1.1" 200 27
183.192.164.97 - - [22/Dec/2020:10:34:59 +0800] "GET /xingrg/all/function/internal_message.html?_=1608603857830&CODE_STATE=getMsg HTTP/1.1" 302 -
222.69.128.40 - - [22/Dec/2020:10:35:00 +0800] "POST /xingrg/kc/buy/cgsh_order_operate.html HTTP/1.1" 200 37
222.69.128.40 - - [22/Dec/2020:10:35:03 +0800] "POST /xingrg/kc/buy/cgsh_order_operate.html HTTP/1.1" 200 12
180.152.104.37 - - [22/Dec/2020:10:35:03 +0800] "GET /xingrg/all/function/internal_message.html?_=1608604503477&CODE_STATE=getMsg HTTP/1.1" 200 27
222.69.128.40 - - [22/Dec/2020:10:35:03 +0800] "GET /xingrg/kc/buy/cgsh_order_info.html?code=212020122208709 HTTP/1.1" 200 55982
222.69.128.40 - - [22/Dec/2020:10:35:04 +0800] "GET /xingrg/words/20201222102932_words.js HTTP/1.1" 304 -
222.69.128.40 - - [22/Dec/2020:10:35:04 +0800] "GET /xingrg/javascript/easyui/themes/default/validatebox.css HTTP/1.1" 404 1104
180.152.104.37 - - [22/Dec/2020:10:35:04 +0800] "GET /xingrg/all/function/internal_message.html?_=1608604736964&CODE_STATE=getMsg HTTP/1.1" 200 27
183.192.164.97 - - [22/Dec/2020:10:35:04 +0800] "GET /xingrg/login.html HTTP/1.1" 200 7641
222.69.128.40 - - [22/Dec/2020:10:35:04 +0800] "POST /xingrg/kc/buy/cgsh_order_operate.html HTTP/1.1" 200 4763
172.17.200.101 - - [22/Dec/2020:10:35:05 +0800] "GET /xingrg/all/function/internal_message.html?_=1608604506032&CODE_STATE=getMsg HTTP/1.1" 200 27
222.69.128.40 - - [22/Dec/2020:10:35:05 +0800] "GET /xingrg/kc/print/load_data.html?order_code=212020122208709&kc_code=cgsh&condition= HTTP/1.1" 200 2306
222.69.128.40 - - [22/Dec/2020:10:35:10 +0800] "GET /xingrg/kc/buy/cgsh_order_add.html HTTP/1.1" 200 61079
222.69.128.40 - - [22/Dec/2020:10:35:11 +0800] "POST /xingrg/kc/buy/cgsh_order_operate.html HTTP/1.1" 200 8245
222.69.128.40 - - [22/Dec/2020:10:35:11 +0800] "GET /xingrg/javascript/easyui/themes/default/validatebox.css HTTP/1.1" 404 1104
180.174.56.115 - - [22/Dec/2020:10:35:11 +0800] "POST /xingrg/dwr/call/plaincall/AjaxComOrderService.getMaterielSearchList.dwr HTTP/1.1" 200 27382
180.152.104.37 - - [22/Dec/2020:10:35:11 +0800] "POST /xingrg/kc/buy/cgsh_list_operate.html HTTP/1.1" 200 2102
180.174.56.115 - - [22/Dec/2020:10:35:12 +0800] "POST /xingrg/dwr/call/plaincall/AjaxComOrderService.getMaterielSearchList.dwr HTTP/1.1" 200 420
180.174.56.115 - - [22/Dec/2020:10:35:12 +0800] "POST /xingrg/dwr/call/plaincall/AjaxYddbService.getMaterielByMap.dwr HTTP/1.1" 200 3667
117.185.32.26 - - [22/Dec/2020:10:35:20 +0800] "GET /xingrg/all/function/internal_message.html?_=1608604517845&CODE_STATE=getMsg HTTP/1.1" 200 27
180.174.56.115 - - [22/Dec/2020:10:35:20 +0800] "POST /xingrg/dwr/call/plaincall/AjaxYddbService.saveMaterielItem.dwr HTTP/1.1" 200 79
114.86.231.40 - - [22/Dec/2020:10:35:21 +0800] "GET /xingrg/all/function/internal_message.html?_=1608604539843&CODE_STATE=getMsg HTTP/1.1" 200 27
180.162.223.42 - - [22/Dec/2020:10:35:25 +0800] "GET /xingrg/all/function/internal_message.html?_=1608604526200&CODE_STATE=getMsg HTTP/1.1" 200 27
180.174.56.115 - - [22/Dec/2020:10:35:26 +0800] "POST /xingrg/dwr/call/plaincall/AjaxComOrderService.getMaterielSearchList.dwr HTTP/1.1" 200 21661
180.174.56.115 - - [22/Dec/2020:10:35:26 +0800] "POST /xingrg/dwr/call/plaincall/AjaxComOrderService.getMaterielSearchList.dwr HTTP/1.1" 200 1892
180.174.56.115 - - [22/Dec/2020:10:35:27 +0800] "POST /xingrg/dwr/call/plaincall/AjaxYddbService.getMaterielByMap.dwr HTTP/1.1" 200 3662
180.174.56.115 - - [22/Dec/2020:10:35:29 +0800] "GET /xingrg/images/yd/bt2.gif HTTP/1.1" 404 1042
180.174.56.115 - - [22/Dec/2020:10:35:30 +0800] "POST /xingrg/dwr/call/plaincall/AjaxYddbService.saveMaterielItem.dwr HTTP/1.1" 200 79
180.152.104.37 - - [22/Dec/2020:10:35:31 +0800] "POST /xingrg/kc/buy/cgsh_list_operate.html HTTP/1.1" 200 2489
172.17.0.120 - - [22/Dec/2020:10:35:32 +0800] "GET /xingrg/all/function/internal_message.html?_=1608604530619&CODE_STATE=getMsg HTTP/1.1" 200 27
222.69.128.40 - - [22/Dec/2020:10:35:33 +0800] "GET /xingrg/kc/buy/cgsh_order_operate.html?command=get_materiel&rest_code=00149&code=00101011003&supplier_code=00100051&order_time=2020-12-22 HTTP/1.1" 200 413
222.69.128.40 - - [22/Dec/2020:10:35:39 +0800] "GET /xingrg/kc/buy/cgsh_order_operate.html?command=get_materiel&rest_code=00149&code=00101011005&supplier_code=00100051&order_time=2020-12-22 HTTP/1.1" 200 429
180.174.56.115 - - [22/Dec/2020:10:35:40 +0800] "GET /xingrg/all/function/internal_message.html?_=1608604543604&CODE_STATE=getMsg HTTP/1.1" 200 27
117.185.32.26 - - [22/Dec/2020:10:35:46 +0800] "GET /xingrg/all/function/internal_message.html?_=1608605010746&CODE_STATE=getMsg HTTP/1.1" 200 27
222.69.128.40 - - [22/Dec/2020:10:35:49 +0800] "POST /xingrg/kc/buy/cgsh_order_operate.html HTTP/1.1" 200 37
172.17.0.185 - - [22/Dec/2020:10:35:51 +0800] "GET /xingrg/all/function/internal_message.html?_=1608604549418&CODE_STATE=getMsg HTTP/1.1" 200 27
101.228.166.101 - - [22/Dec/2020:10:35:51 +0800] "GET /xingrg/all/function/internal_message.html?_=1608604553242&CODE_STATE=getMsg HTTP/1.1" 200 27
222.69.128.40 - - [22/Dec/2020:10:35:53 +0800] "GET /xingrg/all/function/internal_message.html?_=1608604551876&CODE_STATE=getMsg HTTP/1.1" 200 27
180.174.56.115 - - [22/Dec/2020:10:35:53 +0800] "POST /xingrg/dwr/call/plaincall/AjaxComOrderService.getMaterielSearchList.dwr HTTP/1.1" 200 10618
222.69.128.40 - - [22/Dec/2020:10:35:54 +0800] "POST /xingrg/kc/buy/cgsh_order_operate.html HTTP/1.1" 200 12
180.174.56.115 - - [22/Dec/2020:10:35:54 +0800] "POST /xingrg/dwr/call/plaincall/AjaxComOrderService.getMaterielSearchList.dwr HTTP/1.1" 200 811
222.69.128.40 - - [22/Dec/2020:10:35:55 +0800] "GET /xingrg/kc/buy/cgsh_order_info.html?code=212020122208710 HTTP/1.1" 200 55982
222.69.128.40 - - [22/Dec/2020:10:35:55 +0800] "GET /xingrg/words/20201222102932_words.js HTTP/1.1" 304 -
222.69.128.40 - - [22/Dec/2020:10:35:55 +0800] "GET /xingrg/javascript/easyui/themes/default/validatebox.css HTTP/1.1" 404 1104
222.69.128.40 - - [22/Dec/2020:10:35:56 +0800] "POST /xingrg/kc/buy/cgsh_order_operate.html HTTP/1.1" 200 1197
222.69.128.40 - - [22/Dec/2020:10:35:57 +0800] "GET /xingrg/kc/print/load_data.html?order_code=212020122208710&kc_code=cgsh&condition= HTTP/1.1" 200 948
124.77.238.8 - - [22/Dec/2020:10:35:58 +0800] "GET /xingrg/all/function/internal_message.html?_=1608604555702&CODE_STATE=getMsg HTTP/1.1" 200 27
180.174.56.115 - - [22/Dec/2020:10:36:02 +0800] "POST /xingrg/dwr/call/plaincall/AjaxYddbService.removeMaterielItem.dwr HTTP/1.1" 200 79
222.69.128.40 - - [22/Dec/2020:10:36:03 +0800] "GET /xingrg/kc/buy/cgsh_order_add.html HTTP/1.1" 200 61079
222.69.128.40 - - [22/Dec/2020:10:36:03 +0800] "POST /xingrg/kc/buy/cgsh_order_operate.html HTTP/1.1" 200 8245
222.69.128.40 - - [22/Dec/2020:10:36:03 +0800] "GET /xingrg/javascript/easyui/themes/default/validatebox.css HTTP/1.1" 404 1104
180.152.104.37 - - [22/Dec/2020:10:36:03 +0800] "GET /xingrg/check_reg.html?_=1608604563430 HTTP/1.1" 200 22
180.152.104.37 - - [22/Dec/2020:10:36:03 +0800] "GET /xingrg/all/function/internal_message.html?_=1608604563490&CODE_STATE=getMsg HTTP/1.1" 200 27
180.152.104.37 - - [22/Dec/2020:10:36:04 +0800] "GET /xingrg/all/function/internal_message.html?_=1608604797438&CODE_STATE=getMsg HTTP/1.1" 200 27
172.17.200.101 - - [22/Dec/2020:10:36:05 +0800] "GET /xingrg/all/function/internal_message.html?_=1608604566034&CODE_STATE=getMsg HTTP/1.1" 200 27
180.174.56.115 - - [22/Dec/2020:10:36:08 +0800] "POST /xingrg/dwr/call/plaincall/AjaxYddbService.checkOrder.dwr HTTP/1.1" 200 79
180.174.56.115 - - [22/Dec/2020:10:36:16 +0800] "GET /xingrg/kc/base/yddb_order_info.html?code=482020122200166 HTTP/1.1" 200 29384
180.174.56.115 - - [22/Dec/2020:10:36:16 +0800] "GET /xingrg/dwr/interface/AjaxYddbService.js HTTP/1.1" 200 13201
180.174.56.115 - - [22/Dec/2020:10:36:16 +0800] "GET /xingrg/dwr/interface/AjaxComOrderService.js HTTP/1.1" 200 18264
180.174.56.115 - - [22/Dec/2020:10:36:16 +0800] "GET /xingrg/dwr/engine.js HTTP/1.1" 200 43631
180.174.56.115 - - [22/Dec/2020:10:36:16 +0800] "POST /xingrg/dwr/call/plaincall/AjaxYddbService.loadMaterielItems.dwr HTTP/1.1" 200 1649
180.174.56.115 - - [22/Dec/2020:10:36:18 +0800] "GET /xingrg/kc/base/yddb_order_report.html?fileType=servlets/html&code=482020122200166&reportName=ck_order_report&subName=yddb HTTP/1.1" 302 -
180.174.56.115 - - [22/Dec/2020:10:36:18 +0800] "GET /xingrg/servlets/html?sysBaseUrl=http%3A%2F%2F180.169.147.146%3A18081%2Fxingrg%2F&costTime=73×tamp=1608604578799 HTTP/1.1" 200 25751
180.174.56.115 - - [22/Dec/2020:10:36:18 +0800] "GET /favicon.ico HTTP/1.1" 404 -
222.69.128.40 - - [22/Dec/2020:10:36:19 +0800] "GET /xingrg/kc/buy/cgsh_order_operate.html?command=get_materiel&rest_code=00149&code=00101016030&supplier_code=00100036&order_time=2020-12-22 HTTP/1.1" 200 412
117.185.32.26 - - [22/Dec/2020:10:36:20 +0800] "GET /xingrg/all/function/internal_message.html?_=1608604577839&CODE_STATE=getMsg HTTP/1.1" 200 27
114.86.231.40 - - [22/Dec/2020:10:36:21 +0800] "GET /xingrg/all/function/internal_message.html?_=1608604599843&CODE_STATE=getMsg HTTP/1.1" 200 27
117.185.32.26 - - [22/Dec/2020:10:36:23 +0800] "GET /xingrg/kc/buy/cgsh_order_operate.html?command=get_materiel&rest_code=00106&code=00101006037&supplier_code=00100015&order_time=2020-12-22 HTTP/1.1" 200 438
180.162.223.42 - - [22/Dec/2020:10:36:25 +0800] "GET /xingrg/all/function/internal_message.html?_=1608604586198&CODE_STATE=getMsg HTTP/1.1" 200 27
183.192.164.71 - - [22/Dec/2020:10:36:26 +0800] "GET /xingrg/all/function/internal_message.html?_=1608603917846&CODE_STATE=getMsg HTTP/1.1" 302 -
222.69.128.40 - - [22/Dec/2020:10:36:27 +0800] "GET /xingrg/kc/buy/cgsh_order_operate.html?command=get_materiel&rest_code=00149&code=00101012059&supplier_code=00100036&order_time=2020-12-22 HTTP/1.1" 200 412
183.192.164.71 - - [22/Dec/2020:10:36:29 +0800] "GET /xingrg/login.html HTTP/1.1" 200 7641
172.17.0.120 - - [22/Dec/2020:10:36:32 +0800] "GET /xingrg/all/function/internal_message.html?_=1608604590607&CODE_STATE=getMsg HTTP/1.1" 200 27
222.69.128.40 - - [22/Dec/2020:10:36:35 +0800] "POST /xingrg/kc/buy/cgsh_order_operate.html HTTP/1.1" 200 37
222.69.128.40 - - [22/Dec/2020:10:36:37 +0800] "POST /xingrg/kc/buy/cgsh_order_operate.html HTTP/1.1" 200 12
222.69.128.40 - - [22/Dec/2020:10:36:39 +0800] "GET /xingrg/kc/buy/cgsh_order_info.html?code=212020122208711 HTTP/1.1" 200 55984
222.69.128.40 - - [22/Dec/2020:10:36:39 +0800] "GET /xingrg/words/20201222102932_words.js HTTP/1.1" 304 -
222.69.128.40 - - [22/Dec/2020:10:36:39 +0800] "GET /xingrg/javascript/easyui/themes/default/validatebox.css HTTP/1.1" 404 1104
180.174.56.115 - - [22/Dec/2020:10:36:40 +0800] "GET /xingrg/all/function/internal_message.html?_=1608604603618&CODE_STATE=getMsg HTTP/1.1" 200 27
222.69.128.40 - - [22/Dec/2020:10:36:40 +0800] "POST /xingrg/kc/buy/cgsh_order_operate.html HTTP/1.1" 200 1199
222.69.128.40 - - [22/Dec/2020:10:36:41 +0800] "GET /xingrg/kc/print/load_data.html?order_code=212020122208711&kc_code=cgsh&condition= HTTP/1.1" 200 1013
117.185.32.26 - - [22/Dec/2020:10:36:44 +0800] "GET /xingrg/kc/buy/cgsh_order_operate.html?command=get_materiel&rest_code=00106&code=00101006133&supplier_code=00100015&order_time=2020-12-22 HTTP/1.1" 200 415
222.69.128.40 - - [22/Dec/2020:10:36:46 +0800] "GET /xingrg/kc/buy/cgsh_order_add.html HTTP/1.1" 200 61079
117.185.32.26 - - [22/Dec/2020:10:36:46 +0800] "GET /xingrg/all/function/internal_message.html?_=1608605070744&CODE_STATE=getMsg HTTP/1.1" 200 27
222.69.128.40 - - [22/Dec/2020:10:36:46 +0800] "POST /xingrg/kc/buy/cgsh_order_operate.html HTTP/1.1" 200 8245
222.69.128.40 - - [22/Dec/2020:10:36:46 +0800] "GET /xingrg/javascript/easyui/themes/default/validatebox.css HTTP/1.1" 404 1104
180.174.56.115 - - [22/Dec/2020:10:36:47 +0800] "GET /xingrg/kc/base/yddb_order_add.html HTTP/1.1" 200 29753
180.174.56.115 - - [22/Dec/2020:10:36:47 +0800] "GET /xingrg/dwr/interface/AjaxYddbService.js HTTP/1.1" 200 13201
180.174.56.115 - - [22/Dec/2020:10:36:47 +0800] "GET /xingrg/dwr/interface/AjaxComOrderService.js HTTP/1.1" 200 18264
180.174.56.115 - - [22/Dec/2020:10:36:47 +0800] "GET /xingrg/dwr/engine.js HTTP/1.1" 200 43631
180.174.56.115 - - [22/Dec/2020:10:36:49 +0800] "POST /xingrg/dwr/call/plaincall/AjaxYddbService.getRestBases.dwr HTTP/1.1" 200 1514
172.17.0.185 - - [22/Dec/2020:10:36:51 +0800] "GET /xingrg/check_reg.html?_=1608604609422 HTTP/1.1" 200 22
172.17.0.185 - - [22/Dec/2020:10:36:51 +0800] "GET /xingrg/all/function/internal_message.html?_=1608604609426&CODE_STATE=getMsg HTTP/1.1" 200 27
101.228.166.101 - - [22/Dec/2020:10:36:51 +0800] "GET /xingrg/all/function/internal_message.html?_=1608604613482&CODE_STATE=getMsg HTTP/1.1" 200 27
117.185.32.26 - - [22/Dec/2020:10:36:52 +0800] "GET /xingrg/kc/buy/cgsh_order_operate.html?command=get_materiel&rest_code=00106&code=00101006062&supplier_code=00100015&order_time=2020-12-22 HTTP/1.1" 200 411
222.69.128.40 - - [22/Dec/2020:10:36:53 +0800] "GET /xingrg/all/function/internal_message.html?_=1608604611884&CODE_STATE=getMsg HTTP/1.1" 200 27
180.174.56.115 - - [22/Dec/2020:10:36:55 +0800] "POST /xingrg/dwr/call/plaincall/AjaxYddbService.saveOrder.dwr HTTP/1.1" 200 78
180.152.104.37 - - [22/Dec/2020:10:36:55 +0800] "GET /xingrg/check_reg.html?_=1608604848353 HTTP/1.1" 200 22
124.77.238.8 - - [22/Dec/2020:10:36:57 +0800] "GET /xingrg/check_reg.html?_=1608604614362 HTTP/1.1" 200 22
180.174.56.115 - - [22/Dec/2020:10:36:58 +0800] "POST /xingrg/dwr/call/plaincall/AjaxComOrderService.getMaterielSearchList.dwr HTTP/1.1" 200 10617
124.77.238.8 - - [22/Dec/2020:10:36:58 +0800] "GET /xingrg/all/function/internal_message.html?_=1608604615690&CODE_STATE=getMsg HTTP/1.1" 200 27
180.174.56.115 - - [22/Dec/2020:10:36:59 +0800] "POST /xingrg/dwr/call/plaincall/AjaxComOrderService.getMaterielSearchList.dwr HTTP/1.1" 200 810
180.174.56.115 - - [22/Dec/2020:10:36:59 +0800] "POST /xingrg/dwr/call/plaincall/AjaxYddbService.getMaterielByMap.dwr HTTP/1.1" 200 3664
222.69.128.40 - - [22/Dec/2020:10:37:03 +0800] "GET /xingrg/kc/buy/cgsh_order_operate.html?command=get_materiel&rest_code=00149&code=00101006057&supplier_code=00100012&order_time=2020-12-22 HTTP/1.1" 200 413
180.152.104.37 - - [22/Dec/2020:10:37:03 +0800] "GET /xingrg/all/function/internal_message.html?_=1608604623510&CODE_STATE=getMsg HTTP/1.1" 200 27
180.152.104.37 - - [22/Dec/2020:10:37:04 +0800] "GET /xingrg/all/function/internal_message.html?_=1608604857443&CODE_STATE=getMsg HTTP/1.1" 200 27
172.17.200.101 - - [22/Dec/2020:10:37:05 +0800] "GET /xingrg/all/function/internal_message.html?_=1608604626020&CODE_STATE=getMsg HTTP/1.1" 200 27
180.174.56.115 - - [22/Dec/2020:10:37:06 +0800] "POST /xingrg/dwr/call/plaincall/AjaxYddbService.saveMaterielItem.dwr HTTP/1.1" 200 78
222.69.128.40 - - [22/Dec/2020:10:37:10 +0800] "GET /xingrg/kc/buy/cgsh_order_operate.html?command=get_materiel&rest_code=00149&code=00101006109&supplier_code=00100012&order_time=2020-12-22 HTTP/1.1" 200 409
180.152.104.37 - - [22/Dec/2020:10:37:10 +0800] "POST /xingrg/kc/buy/cgsh_list_operate.html HTTP/1.1" 200 352
180.174.56.115 - - [22/Dec/2020:10:37:11 +0800] "POST /xingrg/dwr/call/plaincall/AjaxComOrderService.getMaterielSearchList.dwr HTTP/1.1" 200 9735
180.152.104.37 - - [22/Dec/2020:10:37:11 +0800] "GET /xingrg/kc/buy/cgsh_order_info.html?code=212020011105970 HTTP/1.1" 200 55894
180.152.104.37 - - [22/Dec/2020:10:37:12 +0800] "GET /xingrg/words/20201222102932_words.js HTTP/1.1" 200 781550
180.152.104.37 - - [22/Dec/2020:10:37:12 +0800] "GET /xingrg/javascript/easyui/themes/default/validatebox.css HTTP/1.1" 404 1104
180.152.104.37 - - [22/Dec/2020:10:37:13 +0800] "POST /xingrg/kc/buy/cgsh_order_operate.html HTTP/1.1" 200 1810
180.174.56.115 - - [22/Dec/2020:10:37:13 +0800] "POST /xingrg/dwr/call/plaincall/AjaxYddbService.getMaterielByMap.dwr HTTP/1.1" 200 3659
180.152.104.37 - - [22/Dec/2020:10:37:13 +0800] "GET /xingrg/kc/print/load_config.html?kc_code=cgsh HTTP/1.1" 200 1845
180.152.104.37 - - [22/Dec/2020:10:37:14 +0800] "GET /xingrg/kc/print/load_data.html?order_code=212020011105970&kc_code=cgsh&condition= HTTP/1.1" 200 1168
180.174.56.115 - - [22/Dec/2020:10:37:18 +0800] "POST /xingrg/dwr/call/plaincall/AjaxYddbService.saveMaterielItem.dwr HTTP/1.1" 200 78
222.69.128.40 - - [22/Dec/2020:10:37:18 +0800] "GET /xingrg/kc/buy/cgsh_order_operate.html?command=get_materiel&rest_code=00149&code=00101006108&supplier_code=00100012&order_time=2020-12-22 HTTP/1.1" 200 421
180.152.104.37 - - [22/Dec/2020:10:37:20 +0800] "POST /xingrg/kc/buy/cgsh_list_operate.html HTTP/1.1" 200 352
117.185.32.26 - - [22/Dec/2020:10:37:20 +0800] "GET /xingrg/all/function/internal_message.html?_=1608604637840&CODE_STATE=getMsg HTTP/1.1" 200 27
180.152.104.37 - - [22/Dec/2020:10:37:21 +0800] "GET /xingrg/kc/buy/cgsh_order_info.html?code=212019123014446 HTTP/1.1" 200 55894
114.86.231.40 - - [22/Dec/2020:10:37:21 +0800] "GET /xingrg/check_reg.html?_=1608604659842 HTTP/1.1" 200 22
114.86.231.40 - - [22/Dec/2020:10:37:21 +0800] "GET /xingrg/all/function/internal_message.html?_=1608604659843&CODE_STATE=getMsg HTTP/1.1" 200 27
180.152.104.37 - - [22/Dec/2020:10:37:21 +0800] "GET /xingrg/javascript/easyui/themes/default/validatebox.css HTTP/1.1" 404 1104
180.174.56.115 - - [22/Dec/2020:10:37:21 +0800] "POST /xingrg/dwr/call/plaincall/AjaxComOrderService.getMaterielSearchList.dwr HTTP/1.1" 200 50195
180.152.104.37 - - [22/Dec/2020:10:37:21 +0800] "POST /xingrg/kc/buy/cgsh_order_operate.html HTTP/1.1" 200 1810
180.152.104.37 - - [22/Dec/2020:10:37:23 +0800] "GET /xingrg/kc/print/load_data.html?order_code=212019123014446&kc_code=cgsh&condition= HTTP/1.1" 200 1165
180.174.56.115 - - [22/Dec/2020:10:37:23 +0800] "POST /xingrg/dwr/call/plaincall/AjaxComOrderService.getMaterielSearchList.dwr HTTP/1.1" 200 2851
180.162.223.42 - - [22/Dec/2020:10:37:25 +0800] "GET /xingrg/all/function/internal_message.html?_=1608604646196&CODE_STATE=getMsg HTTP/1.1" 200 27
180.152.104.37 - - [22/Dec/2020:10:37:30 +0800] "POST /xingrg/kc/buy/cgsh_list_operate.html HTTP/1.1" 200 2489
180.152.104.37 - - [22/Dec/2020:10:37:31 +0800] "POST /xingrg/kc/buy/cgsh_list_operate.html HTTP/1.1" 200 352
180.152.104.37 - - [22/Dec/2020:10:37:32 +0800] "GET /xingrg/kc/buy/cgsh_order_info.html?code=212019121707771 HTTP/1.1" 200 55894
172.17.0.120 - - [22/Dec/2020:10:37:32 +0800] "GET /xingrg/all/function/internal_message.html?_=1608604650611&CODE_STATE=getMsg HTTP/1.1" 200 27
180.152.104.37 - - [22/Dec/2020:10:37:32 +0800] "GET /xingrg/javascript/easyui/themes/default/validatebox.css HTTP/1.1" 404 1104
180.152.104.37 - - [22/Dec/2020:10:37:33 +0800] "POST /xingrg/kc/buy/cgsh_order_operate.html HTTP/1.1" 200 1810
180.152.104.37 - - [22/Dec/2020:10:37:33 +0800] "GET /xingrg/kc/print/load_data.html?order_code=212019121707771&kc_code=cgsh&condition= HTTP/1.1" 200 1165
222.69.128.40 - - [22/Dec/2020:10:37:35 +0800] "POST /xingrg/kc/buy/cgsh_order_operate.html HTTP/1.1" 200 37
117.185.32.26 - - [22/Dec/2020:10:37:36 +0800] "POST /xingrg/kc/buy/cgsh_order_operate.html HTTP/1.1" 200 37
117.185.32.26 - - [22/Dec/2020:10:37:39 +0800] "POST /xingrg/kc/buy/cgsh_order_operate.html HTTP/1.1" 200 12
180.174.56.115 - - [22/Dec/2020:10:37:39 +0800] "POST /xingrg/dwr/call/plaincall/AjaxYddbService.getMaterielByMap.dwr HTTP/1.1" 200 3683
180.174.56.115 - - [22/Dec/2020:10:37:40 +0800] "GET /xingrg/all/function/internal_message.html?_=1608604663634&CODE_STATE=getMsg HTTP/1.1" 200 27
180.152.104.37 - - [22/Dec/2020:10:37:40 +0800] "GET /xingrg/kc/buy/cgsh_order_list.html HTTP/1.1" 200 45289
180.152.104.37 - - [22/Dec/2020:10:37:41 +0800] "POST /xingrg/kc/buy/cgsh_list_operate.html HTTP/1.1" 200 2489
180.152.104.37 - - [22/Dec/2020:10:37:41 +0800] "POST /xingrg/kc/buy/cgsh_list_operate.html HTTP/1.1" 200 876
222.69.128.40 - - [22/Dec/2020:10:37:42 +0800] "POST /xingrg/kc/buy/cgsh_order_operate.html HTTP/1.1" 200 12
117.185.32.26 - - [22/Dec/2020:10:37:42 +0800] "GET /xingrg/kc/buy/cgsh_order_info.html?code=212020122208713 HTTP/1.1" 200 55937
117.185.32.26 - - [22/Dec/2020:10:37:42 +0800] "GET /xingrg/words/20201222102932_words.js HTTP/1.1" 200 781550
180.174.56.115 - - [22/Dec/2020:10:37:43 +0800] "POST /xingrg/dwr/call/plaincall/AjaxYddbService.saveMaterielItem.dwr HTTP/1.1" 200 79
117.185.32.26 - - [22/Dec/2020:10:37:43 +0800] "GET /xingrg/javascript/easyui/themes/default/validatebox.css HTTP/1.1" 404 1104
117.185.32.26 - - [22/Dec/2020:10:37:44 +0800] "POST /xingrg/kc/buy/cgsh_order_operate.html HTTP/1.1" 200 4749
117.185.32.26 - - [22/Dec/2020:10:37:45 +0800] "GET /xingrg/kc/print/load_config.html?kc_code=cgsh HTTP/1.1" 200 1845
117.185.32.26 - - [22/Dec/2020:10:37:45 +0800] "GET /xingrg/kc/print/load_data.html?order_code=212020122208713&kc_code=cgsh&condition= HTTP/1.1" 200 2369
222.69.128.40 - - [22/Dec/2020:10:37:45 +0800] "GET /xingrg/kc/buy/cgsh_order_info.html?code=212020122208712 HTTP/1.1" 200 55982
222.69.128.40 - - [22/Dec/2020:10:37:45 +0800] "GET /xingrg/words/20201222102932_words.js HTTP/1.1" 304 -
222.69.128.40 - - [22/Dec/2020:10:37:45 +0800] "GET /xingrg/javascript/easyui/themes/default/validatebox.css HTTP/1.1" 404 1104
180.174.56.115 - - [22/Dec/2020:10:37:45 +0800] "POST /xingrg/dwr/call/plaincall/AjaxComOrderService.getMaterielSearchList.dwr HTTP/1.1" 200 8017
222.69.128.40 - - [22/Dec/2020:10:37:46 +0800] "POST /xingrg/kc/buy/cgsh_order_operate.html HTTP/1.1" 200 1801
117.185.32.26 - - [22/Dec/2020:10:37:46 +0800] "GET /xingrg/all/function/internal_message.html?_=1608605130743&CODE_STATE=getMsg HTTP/1.1" 200 27
117.185.32.26 - - [22/Dec/2020:10:37:46 +0800] "GET /xingrg/check_reg.html?_=1608605130746 HTTP/1.1" 200 22
180.174.56.115 - - [22/Dec/2020:10:37:46 +0800] "POST /xingrg/dwr/call/plaincall/AjaxComOrderService.getMaterielSearchList.dwr HTTP/1.1" 200 896
180.174.56.115 - - [22/Dec/2020:10:37:47 +0800] "POST /xingrg/dwr/call/plaincall/AjaxYddbService.getMaterielByMap.dwr HTTP/1.1" 200 3666
120.204.17.70 - - [22/Dec/2020:10:37:48 +0800] "GET /xingrg/all/function/internal_message.html?_=1608604037878&CODE_STATE=getMsg HTTP/1.1" 302 -
222.69.128.40 - - [22/Dec/2020:10:37:49 +0800] "GET /xingrg/kc/print/load_data.html?order_code=212020122208712&kc_code=cgsh&condition= HTTP/1.1" 200 1253
180.174.56.115 - - [22/Dec/2020:10:37:50 +0800] "POST /xingrg/dwr/call/plaincall/AjaxYddbService.saveMaterielItem.dwr HTTP/1.1" 200 79
172.17.0.185 - - [22/Dec/2020:10:37:51 +0800] "GET /xingrg/all/function/internal_message.html?_=1608604669414&CODE_STATE=getMsg HTTP/1.1" 200 27
117.185.32.26 - - [22/Dec/2020:10:37:51 +0800] "GET /xingrg/kc/print/load_data.html?order_code=212020122208713&kc_code=cgsh HTTP/1.1" 200 2369
101.228.166.101 - - [22/Dec/2020:10:37:51 +0800] "GET /xingrg/all/function/internal_message.html?_=1608604673488&CODE_STATE=getMsg HTTP/1.1" 200 27
222.69.128.40 - - [22/Dec/2020:10:37:53 +0800] "GET /xingrg/all/function/internal_message.html?_=1608604671872&CODE_STATE=getMsg HTTP/1.1" 200 27
120.204.17.70 - - [22/Dec/2020:10:37:54 +0800] "GET /xingrg/login.html HTTP/1.1" 200 7641
180.174.56.115 - - [22/Dec/2020:10:37:55 +0800] "POST /xingrg/dwr/call/plaincall/AjaxComOrderService.getMaterielSearchList.dwr HTTP/1.1" 200 1105
180.174.56.115 - - [22/Dec/2020:10:37:55 +0800] "POST /xingrg/dwr/call/plaincall/AjaxComOrderService.getMaterielSearchList.dwr HTTP/1.1" 200 1105
180.174.56.115 - - [22/Dec/2020:10:37:57 +0800] "POST /xingrg/dwr/call/plaincall/AjaxYddbService.getMaterielByMap.dwr HTTP/1.1" 200 3682
124.77.238.8 - - [22/Dec/2020:10:37:58 +0800] "GET /xingrg/all/function/internal_message.html?_=1608604675676&CODE_STATE=getMsg HTTP/1.1" 200 27
180.152.104.37 - - [22/Dec/2020:10:38:04 +0800] "GET /xingrg/all/function/internal_message.html?_=1608604684060&CODE_STATE=getMsg HTTP/1.1" 200 27
180.152.104.37 - - [22/Dec/2020:10:38:04 +0800] "GET /xingrg/all/function/internal_message.html?_=1608604917456&CODE_STATE=getMsg HTTP/1.1" 200 27
172.17.200.101 - - [22/Dec/2020:10:38:05 +0800] "GET /xingrg/all/function/internal_message.html?_=1608604686024&CODE_STATE=getMsg HTTP/1.1" 200 27
180.174.56.115 - - [22/Dec/2020:10:38:05 +0800] "POST /xingrg/dwr/call/plaincall/AjaxYddbService.saveMaterielItem.dwr HTTP/1.1" 200 79
180.162.223.42 - - [22/Dec/2020:10:38:05 +0800] "GET /xingrg/kc/buy/cgsh_order_operate.html?command=get_materiel&rest_code=00105&code=00101013176&supplier_code=00100323&order_time=2020-12-22 HTTP/1.1" 200 420
180.174.56.115 - - [22/Dec/2020:10:38:09 +0800] "POST /xingrg/dwr/call/plaincall/AjaxComOrderService.getMaterielSearchList.dwr HTTP/1.1" 200 20441
180.174.56.115 - - [22/Dec/2020:10:38:09 +0800] "POST /xingrg/dwr/call/plaincall/AjaxComOrderService.getMaterielSearchList.dwr HTTP/1.1" 200 674
180.174.56.115 - - [22/Dec/2020:10:38:10 +0800] "POST /xingrg/dwr/call/plaincall/AjaxYddbService.getMaterielByMap.dwr HTTP/1.1" 200 3667
180.174.56.115 - - [22/Dec/2020:10:38:15 +0800] "POST /xingrg/dwr/call/plaincall/AjaxYddbService.saveMaterielItem.dwr HTTP/1.1" 200 79
222.69.128.40 - - [22/Dec/2020:10:38:16 +0800] "GET /xingrg/kc/buy/cgsh_order_add.html HTTP/1.1" 200 61079
222.69.128.40 - - [22/Dec/2020:10:38:17 +0800] "POST /xingrg/kc/buy/cgsh_order_operate.html HTTP/1.1" 200 8245
222.69.128.40 - - [22/Dec/2020:10:38:17 +0800] "GET /xingrg/javascript/easyui/themes/default/validatebox.css HTTP/1.1" 404 1104
180.174.56.115 - - [22/Dec/2020:10:38:18 +0800] "POST /xingrg/dwr/call/plaincall/AjaxComOrderService.getMaterielSearchList.dwr HTTP/1.1" 200 15220
180.174.56.115 - - [22/Dec/2020:10:38:19 +0800] "POST /xingrg/dwr/call/plaincall/AjaxComOrderService.getMaterielSearchList.dwr HTTP/1.1" 200 669
180.174.56.115 - - [22/Dec/2020:10:38:20 +0800] "POST /xingrg/dwr/call/plaincall/AjaxYddbService.getMaterielByMap.dwr HTTP/1.1" 200 3670
117.185.32.26 - - [22/Dec/2020:10:38:20 +0800] "GET /xingrg/all/function/internal_message.html?_=1608604697847&CODE_STATE=getMsg HTTP/1.1" 200 27
117.185.32.26 - - [22/Dec/2020:10:38:20 +0800] "GET /xingrg/check_reg.html?_=1608604697863 HTTP/1.1" 200 22
114.86.231.40 - - [22/Dec/2020:10:38:21 +0800] "GET /xingrg/all/function/internal_message.html?_=1608604719841&CODE_STATE=getMsg HTTP/1.1" 200 27
117.185.32.26 - - [22/Dec/2020:10:38:24 +0800] "GET /xingrg/kc/buy/cgsh_order_add.html HTTP/1.1" 200 61032
117.185.32.26 - - [22/Dec/2020:10:38:24 +0800] "POST /xingrg/kc/buy/cgsh_order_operate.html HTTP/1.1" 200 8245
117.185.32.26 - - [22/Dec/2020:10:38:24 +0800] "GET /xingrg/all/common/auto_word.html?type=employee&rest_code=00106 HTTP/1.1" 200 205
117.185.32.26 - - [22/Dec/2020:10:38:24 +0800] "GET /xingrg/all/common/auto_word.html?type=employee&rest_code=00106 HTTP/1.1" 200 205
117.185.32.26 - - [22/Dec/2020:10:38:24 +0800] "GET /xingrg/javascript/easyui/themes/default/validatebox.css HTTP/1.1" 404 1104
180.174.56.115 - - [22/Dec/2020:10:38:25 +0800] "POST /xingrg/dwr/call/plaincall/AjaxYddbService.saveMaterielItem.dwr HTTP/1.1" 200 79
180.162.223.42 - - [22/Dec/2020:10:38:25 +0800] "GET /xingrg/all/function/internal_message.html?_=1608604706205&CODE_STATE=getMsg HTTP/1.1" 200 27
117.185.32.26 - - [22/Dec/2020:10:38:26 +0800] "GET /xingrg/javascript/easyui/themes/default/tree.css HTTP/1.1" 404 1090
117.185.32.26 - - [22/Dec/2020:10:38:26 +0800] "POST /xingrg/all/common/load_tree.html?tree=supplier_tree_json&isDelete=1 HTTP/1.1" 200 52709
222.69.128.40 - - [22/Dec/2020:10:38:27 +0800] "GET /xingrg/kc/buy/cgsh_order_operate.html?command=get_materiel&rest_code=00149&code=00101004067&supplier_code=00100083&order_time=2020-12-22 HTTP/1.1" 200 413
180.174.56.115 - - [22/Dec/2020:10:38:28 +0800] "POST /xingrg/dwr/call/plaincall/AjaxComOrderService.getMaterielSearchList.dwr HTTP/1.1" 200 791
180.174.56.115 - - [22/Dec/2020:10:38:28 +0800] "POST /xingrg/dwr/call/plaincall/AjaxComOrderService.getMaterielSearchList.dwr HTTP/1.1" 200 791
180.174.56.115 - - [22/Dec/2020:10:38:29 +0800] "POST /xingrg/dwr/call/plaincall/AjaxYddbService.getMaterielByMap.dwr HTTP/1.1" 200 3666
172.17.0.120 - - [22/Dec/2020:10:38:32 +0800] "GET /xingrg/check_reg.html?_=1608604710613 HTTP/1.1" 200 22
172.17.0.120 - - [22/Dec/2020:10:38:32 +0800] "GET /xingrg/all/function/internal_message.html?_=1608604710614&CODE_STATE=getMsg HTTP/1.1" 200 27
180.174.56.115 - - [22/Dec/2020:10:38:35 +0800] "POST /xingrg/dwr/call/plaincall/AjaxYddbService.saveMaterielItem.dwr HTTP/1.1" 200 79
222.69.128.40 - - [22/Dec/2020:10:38:36 +0800] "GET /xingrg/kc/buy/cgsh_order_operate.html?command=get_materiel&rest_code=00149&code=00101004048&supplier_code=00100083&order_time=2020-12-22 HTTP/1.1" 200 417
180.174.56.115 - - [22/Dec/2020:10:38:40 +0800] "GET /xingrg/all/function/internal_message.html?_=1608604723611&CODE_STATE=getMsg HTTP/1.1" 200 27
117.185.32.26 - - [22/Dec/2020:10:38:42 +0800] "GET /xingrg/kc/buy/cgsh_order_operate.html?command=get_materiel&rest_code=00106&code=00101012025&supplier_code=00100032&order_time=2020-12-22 HTTP/1.1" 200 412
222.69.128.40 - - [22/Dec/2020:10:38:43 +0800] "GET /xingrg/kc/buy/cgsh_order_operate.html?command=get_materiel&rest_code=00149&code=00101004065&supplier_code=00100083&order_time=2020-12-22 HTTP/1.1" 200 433
117.185.32.26 - - [22/Dec/2020:10:38:46 +0800] "GET /xingrg/all/function/internal_message.html?_=1608605190745&CODE_STATE=getMsg HTTP/1.1" 200 27
117.185.32.26 - - [22/Dec/2020:10:38:49 +0800] "GET /xingrg/kc/buy/cgsh_order_operate.html?command=get_materiel&rest_code=00106&code=00101016025&supplier_code=00100032&order_time=2020-12-22 HTTP/1.1" 200 408
172.17.0.185 - - [22/Dec/2020:10:38:51 +0800] "GET /xingrg/all/function/internal_message.html?_=1608604729418&CODE_STATE=getMsg HTTP/1.1" 200 27
101.228.166.101 - - [22/Dec/2020:10:38:51 +0800] "GET /xingrg/all/function/internal_message.html?_=1608604733713&CODE_STATE=getMsg HTTP/1.1" 200 27
222.69.128.40 - - [22/Dec/2020:10:38:52 +0800] "POST /xingrg/kc/buy/cgsh_order_operate.html HTTP/1.1" 200 37
124.77.238.8 - - [22/Dec/2020:10:38:58 +0800] "GET /xingrg/kc/mdqp/qp_main.html HTTP/1.1" 200 10633
124.77.238.8 - - [22/Dec/2020:10:38:58 +0800] "GET /xingrg/images/blue/button/qqpsd.gif HTTP/1.1" 200 2548
124.77.238.8 - - [22/Dec/2020:10:38:58 +0800] "GET /xingrg/images/blue/button/pszx.gif HTTP/1.1" 200 2648
124.77.238.8 - - [22/Dec/2020:10:38:58 +0800] "GET /xingrg/images/blue/button/psshd.gif HTTP/1.1" 200 2692
124.77.238.8 - - [22/Dec/2020:10:38:58 +0800] "GET /xingrg/all/function/internal_message.html?_=1608604735678&CODE_STATE=getMsg HTTP/1.1" 200 27
124.77.238.8 - - [22/Dec/2020:10:38:58 +0800] "GET /xingrg/images/yd/bt.gif HTTP/1.1" 404 1040
124.77.238.8 - - [22/Dec/2020:10:38:59 +0800] "GET /xingrg/kc/mdqp/qqps_order_list.html HTTP/1.1" 200 9222
124.77.238.8 - - [22/Dec/2020:10:38:59 +0800] "GET /xingrg/dwr/interface/AjaxQqpsService.js HTTP/1.1" 200 16326
124.77.238.8 - - [22/Dec/2020:10:39:00 +0800] "GET /xingrg/dwr/interface/AjaxReportQueryService.js HTTP/1.1" 200 13203
124.77.238.8 - - [22/Dec/2020:10:39:00 +0800] "GET /xingrg/dwr/engine.js HTTP/1.1" 200 43631
124.77.238.8 - - [22/Dec/2020:10:39:00 +0800] "GET /xingrg/javascript/jquery_easy_ui/themes/icons/edit_add_new.png HTTP/1.1" 200 2997
222.69.128.40 - - [22/Dec/2020:10:39:00 +0800] "POST /xingrg/kc/buy/cgsh_order_operate.html HTTP/1.1" 200 12
222.69.128.40 - - [22/Dec/2020:10:39:02 +0800] "GET /xingrg/kc/buy/cgsh_order_info.html?code=212020122208714 HTTP/1.1" 200 55980
222.69.128.40 - - [22/Dec/2020:10:39:02 +0800] "GET /xingrg/words/20201222102932_words.js HTTP/1.1" 304 -
222.69.128.40 - - [22/Dec/2020:10:39:02 +0800] "GET /xingrg/javascript/easyui/themes/default/validatebox.css HTTP/1.1" 404 1104
222.69.128.40 - - [22/Dec/2020:10:39:03 +0800] "POST /xingrg/kc/buy/cgsh_order_operate.html HTTP/1.1" 200 1806
117.185.32.26 - - [22/Dec/2020:10:39:03 +0800] "GET /xingrg/kc/buy/cgsh_order_operate.html?command=get_materiel&rest_code=00106&code=00101012003&supplier_code=00100032&order_time=2020-12-22 HTTP/1.1" 200 412
183.192.164.85 - - [22/Dec/2020:10:39:04 +0800] "GET /xingrg/all/function/internal_message.html?_=1608604097855&CODE_STATE=getMsg HTTP/1.1" 302 -
180.152.104.37 - - [22/Dec/2020:10:39:04 +0800] "GET /xingrg/all/function/internal_message.html?_=1608604744078&CODE_STATE=getMsg HTTP/1.1" 200 27
180.152.104.37 - - [22/Dec/2020:10:39:05 +0800] "GET /xingrg/all/function/internal_message.html?_=1608604977700&CODE_STATE=getMsg HTTP/1.1" 200 27
172.17.200.101 - - [22/Dec/2020:10:39:05 +0800] "GET /xingrg/all/function/internal_message.html?_=1608604746026&CODE_STATE=getMsg HTTP/1.1" 200 27
172.17.200.101 - - [22/Dec/2020:10:39:05 +0800] "GET /xingrg/check_reg.html?_=1608604746029 HTTP/1.1" 200 22
222.69.128.40 - - [22/Dec/2020:10:39:06 +0800] "GET /xingrg/kc/print/load_data.html?order_code=212020122208714&kc_code=cgsh&condition= HTTP/1.1" 200 1182
183.192.164.71 - - [22/Dec/2020:10:39:07 +0800] "GET /xingrg/kc/buy/cgsh_order_operate.html?command=get_materiel&rest_code=00106&code=00101006109&supplier_code=00100015&order_time=2020-12-22 HTTP/1.1" 302 -
183.192.164.71 - - [22/Dec/2020:10:39:12 +0800] "GET /xingrg/login.html HTTP/1.1" 200 7641
183.192.164.85 - - [22/Dec/2020:10:39:13 +0800] "GET /xingrg/login.html HTTP/1.1" 200 7641
117.185.32.26 - - [22/Dec/2020:10:39:20 +0800] "GET /xingrg/all/function/internal_message.html?_=1608604757861&CODE_STATE=getMsg HTTP/1.1" 200 27
183.192.164.214 - - [22/Dec/2020:10:39:21 +0800] "GET /xingrg/kc/buy/cgsh_order_operate.html?command=get_materiel&rest_code=00106&code=00101006195&supplier_code=00100015&order_time=2020-12-22 HTTP/1.1" 302 -
114.86.231.40 - - [22/Dec/2020:10:39:21 +0800] "GET /xingrg/all/function/internal_message.html?_=1608604779839&CODE_STATE=getMsg HTTP/1.1" 200 27
120.253.135.82 - - [22/Dec/2020:10:39:22 +0800] "GET /xingrg/all/function/internal_message.html?_=1608604509510&CODE_STATE=getMsg HTTP/1.1" 200 27
120.253.135.82 - - [22/Dec/2020:10:39:23 +0800] "GET /xingrg/check_reg.html?_=1608604509541 HTTP/1.1" 200 22
180.162.223.42 - - [22/Dec/2020:10:39:25 +0800] "GET /xingrg/all/function/internal_message.html?_=1608604766197&CODE_STATE=getMsg HTTP/1.1" 200 27
180.162.223.42 - - [22/Dec/2020:10:39:25 +0800] "GET /xingrg/check_reg.html?_=1608604766195 HTTP/1.1" 200 22
180.162.223.42 - - [22/Dec/2020:10:39:25 +0800] "GET /xingrg/kc/buy/cgsh_order_operate.html?command=get_materiel&rest_code=00105&code=00101010468&supplier_code=00100323&order_time=2020-12-22 HTTP/1.1" 200 400
117.185.32.26 - - [22/Dec/2020:10:39:30 +0800] "GET /xingrg/kc/buy/cgsh_order_operate.html?command=get_materiel&rest_code=00106&code=00101010248&supplier_code=00100032&order_time=2020-12-22 HTTP/1.1" 200 430
58.37.230.33 - - [22/Dec/2020:10:39:30 +0800] "POST /xingrg/services/DataTransmitService HTTP/1.1" 200 524
117.185.32.26 - - [22/Dec/2020:10:39:30 +0800] "POST /xingrg/all/common/load_select.html HTTP/1.1" 200 25
58.37.230.33 - - [22/Dec/2020:10:39:30 +0800] "POST /xingrg/services/DataTransmitService HTTP/1.1" 200 2031
183.192.164.214 - - [22/Dec/2020:10:39:30 +0800] "GET /xingrg/login.html HTTP/1.1" 200 7641
58.37.230.33 - - [22/Dec/2020:10:39:31 +0800] "POST /xingrg/services/DataTransmitService HTTP/1.1" 200 188630
172.17.0.120 - - [22/Dec/2020:10:39:32 +0800] "GET /xingrg/all/function/internal_message.html?_=1608604770616&CODE_STATE=getMsg HTTP/1.1" 200 27
117.185.32.26 - - [22/Dec/2020:10:39:32 +0800] "GET /xingrg/kc/buy/cgsh_order_operate.html?command=get_materiel_price&rest_code=00106&code=00101010248&unit_code=00100043&supplier_code=00100032&order_time=2020-12-22 HTTP/1.1" 200 29
117.185.32.26 - - [22/Dec/2020:10:39:39 +0800] "GET /xingrg/kc/buy/cgsh_order_operate.html?command=get_materiel&rest_code=00106&code=00101010136&supplier_code=00100032&order_time=2020-12-22 HTTP/1.1" 200 408
180.174.56.115 - - [22/Dec/2020:10:39:40 +0800] "GET /xingrg/all/function/internal_message.html?_=1608604783626&CODE_STATE=getMsg HTTP/1.1" 200 27
180.174.56.115 - - [22/Dec/2020:10:39:40 +0800] "GET /xingrg/check_reg.html?_=1608604783629 HTTP/1.1" 200 22
180.162.223.42 - - [22/Dec/2020:10:39:40 +0800] "GET /xingrg/kc/buy/cgsh_order_operate.html?command=get_materiel&rest_code=00105&code=00101007122&supplier_code=00100323&order_time=2020-12-22 HTTP/1.1" 200 435
124.77.238.8 - - [22/Dec/2020:10:39:42 +0800] "GET /xingrg/kc/mdqp/qqps_order_add.html HTTP/1.1" 200 28244
124.77.238.8 - - [22/Dec/2020:10:39:42 +0800] "GET /xingrg/dwr/interface/AjaxComOrderService.js HTTP/1.1" 200 18264
124.77.238.8 - - [22/Dec/2020:10:39:42 +0800] "GET /xingrg/dwr/interface/AjaxQqpsService.js HTTP/1.1" 200 16326
124.77.238.8 - - [22/Dec/2020:10:39:42 +0800] "GET /xingrg/dwr/engine.js HTTP/1.1" 200 43631
124.77.238.8 - - [22/Dec/2020:10:39:42 +0800] "GET /xingrg/javascript/Grid.js HTTP/1.1" 200 58908
124.77.238.8 - - [22/Dec/2020:10:39:43 +0800] "GET /xingrg/words/20201222102932_words.js HTTP/1.1" 304 -
124.77.238.8 - - [22/Dec/2020:10:39:44 +0800] "GET /xingrg/images/blue/button/kc_tab_add.gif HTTP/1.1" 200 375
124.77.238.8 - - [22/Dec/2020:10:39:44 +0800] "GET /xingrg/images/blue/button/kc_tab_edit.gif HTTP/1.1" 200 551
124.77.238.8 - - [22/Dec/2020:10:39:44 +0800] "GET /xingrg/images/blue/button/kc_tab_save.gif HTTP/1.1" 200 777
124.77.238.8 - - [22/Dec/2020:10:39:44 +0800] "GET /xingrg/images/blue/button/kc_tab_del.gif HTTP/1.1" 200 383
124.77.238.8 - - [22/Dec/2020:10:39:44 +0800] "GET /xingrg/images/blue/kc_tab_left.gif HTTP/1.1" 200 188
124.77.238.8 - - [22/Dec/2020:10:39:44 +0800] "GET /xingrg/images/blue/kc_tab_mid.gif HTTP/1.1" 200 44
124.77.238.8 - - [22/Dec/2020:10:39:44 +0800] "GET /xingrg/images/blue/kc_tab_right.gif HTTP/1.1" 200 643
124.77.238.8 - - [22/Dec/2020:10:39:44 +0800] "GET /xingrg/images/blue/kc_tab2_left.gif HTTP/1.1" 200 625
124.77.238.8 - - [22/Dec/2020:10:39:44 +0800] "GET /xingrg/images/blue/kc_tab2_right.gif HTTP/1.1" 200 192
101.228.166.101 - - [22/Dec/2020:10:39:45 +0800] "GET /xingrg/check_reg.html?_=1608604787934 HTTP/1.1" 200 22
117.185.32.26 - - [22/Dec/2020:10:39:46 +0800] "GET /xingrg/all/function/internal_message.html?_=1608605250743&CODE_STATE=getMsg HTTP/1.1" 200 27
120.253.135.82 - - [22/Dec/2020:10:39:46 +0800] "POST /xingrg/kc/base/wldb_order_operate.html HTTP/1.1" 200 37
117.185.32.26 - - [22/Dec/2020:10:39:47 +0800] "POST /xingrg/all/common/load_select.html HTTP/1.1" 200 25
120.253.135.82 - - [22/Dec/2020:10:39:48 +0800] "POST /xingrg/kc/base/wldb_order_operate.html HTTP/1.1" 200 12
120.253.135.82 - - [22/Dec/2020:10:39:48 +0800] "POST /xingrg/kc/base/wldb_order_operate.html HTTP/1.1" 200 3666
120.253.135.82 - - [22/Dec/2020:10:39:50 +0800] "GET /xingrg/kc/base/wldb_order_info.html?code=422020122202511 HTTP/1.1" 200 26384
172.17.0.185 - - [22/Dec/2020:10:39:51 +0800] "GET /xingrg/all/function/internal_message.html?_=1608604789412&CODE_STATE=getMsg HTTP/1.1" 200 27
120.253.135.82 - - [22/Dec/2020:10:39:51 +0800] "GET /xingrg/words/20201222102932_words.js HTTP/1.1" 200 781550
