58.37.230.33 - - [22/Dec/2020:09:41:45 +0800] "GET /xingrg/javascript/easyui/themes/default/validatebox.css HTTP/1.1" 404 1104
101.228.166.101 - - [22/Dec/2020:09:41:47 +0800] "GET /xingrg/all/function/internal_message.html?_=1608601309420&CODE_STATE=getMsg HTTP/1.1" 200 27
117.185.32.26 - - [22/Dec/2020:09:41:49 +0800] "GET /xingrg/all/function/internal_message.html?_=1608601770513&CODE_STATE=getMsg HTTP/1.1" 200 27
58.37.230.33 - - [22/Dec/2020:09:41:51 +0800] "GET /xingrg/kc/buy/cgsh_order_add.html HTTP/1.1" 200 61032
58.37.230.33 - - [22/Dec/2020:09:41:51 +0800] "POST /xingrg/kc/buy/cgsh_order_operate.html HTTP/1.1" 200 8245
58.37.230.33 - - [22/Dec/2020:09:41:51 +0800] "GET /xingrg/javascript/easyui/themes/default/validatebox.css HTTP/1.1" 404 1104
58.37.230.33 - - [22/Dec/2020:09:41:52 +0800] "GET /xingrg/kc/buy/buy_main.html HTTP/1.1" 200 12412
58.37.230.33 - - [22/Dec/2020:09:41:52 +0800] "GET /xingrg/css/new_ie.css HTTP/1.1" 404 1036
58.37.230.33 - - [22/Dec/2020:09:41:52 +0800] "GET /xingrg/images/yd/bt.gif HTTP/1.1" 404 1040
58.37.230.33 - - [22/Dec/2020:09:41:53 +0800] "GET /xingrg/kc/buy/cgsh_order_list.html HTTP/1.1" 200 45295
222.69.128.40 - - [22/Dec/2020:09:41:53 +0800] "GET /xingrg/all/function/internal_message.html?_=1608601311801&CODE_STATE=getMsg HTTP/1.1" 200 27
58.37.230.33 - - [22/Dec/2020:09:41:53 +0800] "POST /xingrg/kc/buy/cgsh_list_operate.html HTTP/1.1" 200 876
172.17.200.101 - - [22/Dec/2020:09:41:58 +0800] "GET /xingrg/all/function/internal_message.html?_=1608601319111&CODE_STATE=getMsg HTTP/1.1" 200 27
58.37.230.33 - - [22/Dec/2020:09:42:01 +0800] "POST /xingrg/kc/buy/cgsh_list_operate.html HTTP/1.1" 200 2102
114.88.161.120 - - [22/Dec/2020:09:42:01 +0800] "GET /xingrg/all/function/internal_message.html?_=1608601465093&CODE_STATE=getMsg HTTP/1.1" 200 27
58.37.230.33 - - [22/Dec/2020:09:42:06 +0800] "POST /xingrg/kc/buy/cgsh_list_operate.html HTTP/1.1" 200 581
58.37.230.33 - - [22/Dec/2020:09:42:07 +0800] "GET /xingrg/kc/buy/cgsh_order_info.html?code=212020122208667 HTTP/1.1" 200 55937
58.37.230.33 - - [22/Dec/2020:09:42:07 +0800] "GET /xingrg/javascript/easyui/themes/default/validatebox.css HTTP/1.1" 404 1104
58.37.230.33 - - [22/Dec/2020:09:42:07 +0800] "POST /xingrg/kc/buy/cgsh_order_operate.html HTTP/1.1" 200 3585
180.174.56.115 - - [22/Dec/2020:09:42:12 +0800] "GET /xingrg/all/function/internal_message.html?_=1608601335802&CODE_STATE=getMsg HTTP/1.1" 200 27
117.185.32.26 - - [22/Dec/2020:09:42:20 +0800] "GET /xingrg/all/function/internal_message.html?_=1608601337787&CODE_STATE=getMsg HTTP/1.1" 200 27
114.86.231.40 - - [22/Dec/2020:09:42:21 +0800] "GET /xingrg/check_reg.html?_=1608601359841 HTTP/1.1" 200 22
114.86.231.40 - - [22/Dec/2020:09:42:21 +0800] "GET /xingrg/all/function/internal_message.html?_=1608601359842&CODE_STATE=getMsg HTTP/1.1" 200 27
180.162.223.42 - - [22/Dec/2020:09:42:25 +0800] "GET /xingrg/all/function/internal_message.html?_=1608601346128&CODE_STATE=getMsg HTTP/1.1" 200 27
120.253.135.82 - - [22/Dec/2020:09:42:27 +0800] "GET /xingrg/all/function/internal_message.html?_=1608601101275&CODE_STATE=getMsg HTTP/1.1" 200 27
58.37.230.33 - - [22/Dec/2020:09:42:31 +0800] "GET /xingrg/login.html HTTP/1.1" 200 7641
58.37.230.33 - - [22/Dec/2020:09:42:32 +0800] "GET /favicon.ico HTTP/1.1" 404 -
58.37.230.33 - - [22/Dec/2020:09:42:42 +0800] "POST /xingrg/login.do HTTP/1.1" 200 2421
58.37.230.33 - - [22/Dec/2020:09:42:42 +0800] "GET /favicon.ico HTTP/1.1" 404 -
172.17.0.123 - - [22/Dec/2020:09:42:42 +0800] "GET /xingrg/all/function/internal_message.html?_=1608601276408&CODE_STATE=getMsg HTTP/1.1" 200 27
58.37.230.33 - - [22/Dec/2020:09:42:43 +0800] "GET /xingrg/login.html HTTP/1.1" 200 7641
58.37.230.33 - - [22/Dec/2020:09:42:43 +0800] "GET /favicon.ico HTTP/1.1" 404 -
117.185.32.26 - - [22/Dec/2020:09:42:46 +0800] "GET /xingrg/check_reg.html?_=1608601830512 HTTP/1.1" 200 22
117.185.32.26 - - [22/Dec/2020:09:42:46 +0800] "GET /xingrg/all/function/internal_message.html?_=1608601830513&CODE_STATE=getMsg HTTP/1.1" 200 27
101.228.166.101 - - [22/Dec/2020:09:42:47 +0800] "GET /xingrg/all/function/internal_message.html?_=1608601369609&CODE_STATE=getMsg HTTP/1.1" 200 27
58.37.230.33 - - [22/Dec/2020:09:42:48 +0800] "POST /xingrg/login.do HTTP/1.1" 302 -
58.37.230.33 - - [22/Dec/2020:09:42:48 +0800] "GET /xingrg/index.html?sysBaseUrl=http%3A%2F%2F180.169.147.146%3A18081%2Fxingrg%2F&costTime=38×tamp=1608601368116 HTTP/1.1" 200 17179
58.37.230.33 - - [22/Dec/2020:09:42:48 +0800] "GET /favicon.ico HTTP/1.1" 404 -
58.37.230.33 - - [22/Dec/2020:09:42:48 +0800] "POST /xingrg/all/common/load_tree.html?tree=area_rest_tree_json&manage=1 HTTP/1.1" 200 351
58.37.230.33 - - [22/Dec/2020:09:42:48 +0800] "GET /xingrg/check_reg.html?_=1608600934156 HTTP/1.1" 200 22
58.37.230.33 - - [22/Dec/2020:09:42:48 +0800] "GET /xingrg/all/function/internal_message.html?_=1608600934155&CODE_STATE=count HTTP/1.1" 200 11
58.37.230.33 - - [22/Dec/2020:09:42:48 +0800] "POST /xingrg/load_menu.html HTTP/1.1" 200 5138
58.37.230.33 - - [22/Dec/2020:09:42:50 +0800] "GET /xingrg/kc/buy/buy_main.html HTTP/1.1" 200 12412
58.37.230.33 - - [22/Dec/2020:09:42:50 +0800] "GET /xingrg/css/new_ie.css HTTP/1.1" 404 1036
58.37.230.33 - - [22/Dec/2020:09:42:50 +0800] "GET /xingrg/images/yd/bt.gif HTTP/1.1" 404 1040
58.37.230.33 - - [22/Dec/2020:09:42:51 +0800] "GET /xingrg/kc/buy/cgsh_order_list.html HTTP/1.1" 200 45295
58.37.230.33 - - [22/Dec/2020:09:42:52 +0800] "POST /xingrg/kc/buy/cgsh_list_operate.html HTTP/1.1" 200 876
222.69.128.40 - - [22/Dec/2020:09:42:53 +0800] "GET /xingrg/all/function/internal_message.html?_=1608601371789&CODE_STATE=getMsg HTTP/1.1" 200 27
58.37.230.33 - - [22/Dec/2020:09:42:54 +0800] "GET /xingrg/javascript/jquery_tools/images/next.gif HTTP/1.1" 404 1086
58.37.230.33 - - [22/Dec/2020:09:42:54 +0800] "GET /xingrg/javascript/jquery_tools/images/prev.gif HTTP/1.1" 404 1086
172.17.200.101 - - [22/Dec/2020:09:42:58 +0800] "GET /xingrg/all/function/internal_message.html?_=1608601379112&CODE_STATE=getMsg HTTP/1.1" 200 27
58.37.230.33 - - [22/Dec/2020:09:43:00 +0800] "POST /xingrg/kc/buy/cgsh_list_operate.html HTTP/1.1" 200 2102
114.88.161.120 - - [22/Dec/2020:09:43:01 +0800] "GET /xingrg/all/function/internal_message.html?_=1608601525077&CODE_STATE=getMsg HTTP/1.1" 200 27
58.37.230.33 - - [22/Dec/2020:09:43:01 +0800] "POST /xingrg/kc/buy/cgsh_list_operate.html HTTP/1.1" 200 581
58.37.230.33 - - [22/Dec/2020:09:43:03 +0800] "GET /xingrg/kc/buy/cgsh_order_info.html?code=212020122208667 HTTP/1.1" 200 55937
58.37.230.33 - - [22/Dec/2020:09:43:03 +0800] "GET /xingrg/javascript/easyui/themes/default/validatebox.css HTTP/1.1" 404 1104
58.37.230.33 - - [22/Dec/2020:09:43:03 +0800] "POST /xingrg/kc/buy/cgsh_order_operate.html HTTP/1.1" 200 3585
58.37.230.33 - - [22/Dec/2020:09:43:05 +0800] "GET /xingrg/kc/print/load_config.html?kc_code=cgsh HTTP/1.1" 200 1845
58.37.230.33 - - [22/Dec/2020:09:43:05 +0800] "GET /xingrg/kc/print/load_data.html?order_code=212020122208667&kc_code=cgsh&condition= HTTP/1.1" 200 1932
58.37.230.33 - - [22/Dec/2020:09:43:10 +0800] "GET /xingrg/kc/buy/cgsh_order_add.html HTTP/1.1" 200 61032
58.37.230.33 - - [22/Dec/2020:09:43:11 +0800] "POST /xingrg/kc/buy/cgsh_order_operate.html HTTP/1.1" 200 8245
58.37.230.33 - - [22/Dec/2020:09:43:11 +0800] "GET /xingrg/all/common/auto_word.html?type=employee&rest_code=00141 HTTP/1.1" 200 201
58.37.230.33 - - [22/Dec/2020:09:43:11 +0800] "GET /xingrg/all/common/auto_word.html?type=employee&rest_code=00141 HTTP/1.1" 200 201
58.37.230.33 - - [22/Dec/2020:09:43:11 +0800] "GET /xingrg/javascript/easyui/themes/default/validatebox.css HTTP/1.1" 404 1104
180.174.56.115 - - [22/Dec/2020:09:43:12 +0800] "GET /xingrg/all/function/internal_message.html?_=1608601395811&CODE_STATE=getMsg HTTP/1.1" 200 27
117.185.32.26 - - [22/Dec/2020:09:43:20 +0800] "GET /xingrg/check_reg.html?_=1608601397788 HTTP/1.1" 200 22
117.185.32.26 - - [22/Dec/2020:09:43:20 +0800] "GET /xingrg/all/function/internal_message.html?_=1608601397790&CODE_STATE=getMsg HTTP/1.1" 200 27
114.86.231.40 - - [22/Dec/2020:09:43:21 +0800] "GET /xingrg/all/function/internal_message.html?_=1608601419850&CODE_STATE=getMsg HTTP/1.1" 200 27
58.37.230.33 - - [22/Dec/2020:09:43:24 +0800] "GET /xingrg/javascript/auto/indicator.gif HTTP/1.1" 404 1066
180.162.223.42 - - [22/Dec/2020:09:43:25 +0800] "GET /xingrg/all/function/internal_message.html?_=1608601406121&CODE_STATE=getMsg HTTP/1.1" 200 27
120.253.135.82 - - [22/Dec/2020:09:43:27 +0800] "GET /xingrg/all/function/internal_message.html?_=1608601161289&CODE_STATE=getMsg HTTP/1.1" 200 27
180.157.253.48 - - [22/Dec/2020:09:43:39 +0800] "POST /xingrg/services/DataTransmitService HTTP/1.1" 200 524
58.37.230.33 - - [22/Dec/2020:09:43:41 +0800] "GET /xingrg/kc/buy/cgsh_order_operate.html?command=get_materiel&rest_code=00141&code=00101006178&supplier_code=00100012&order_time=2020-12-22 HTTP/1.1" 200 409
172.17.0.123 - - [22/Dec/2020:09:43:42 +0800] "GET /xingrg/all/function/internal_message.html?_=1608601336410&CODE_STATE=getMsg HTTP/1.1" 200 27
180.157.253.48 - - [22/Dec/2020:09:43:43 +0800] "POST /xingrg/services/DataTransmitService HTTP/1.1" 200 501
117.185.32.26 - - [22/Dec/2020:09:43:46 +0800] "GET /xingrg/all/function/internal_message.html?_=1608601890512&CODE_STATE=getMsg HTTP/1.1" 200 27
101.228.166.101 - - [22/Dec/2020:09:43:47 +0800] "GET /xingrg/all/function/internal_message.html?_=1608601429621&CODE_STATE=getMsg HTTP/1.1" 200 27
58.37.230.33 - - [22/Dec/2020:09:43:48 +0800] "GET /xingrg/all/function/internal_message.html?_=1608600994166&CODE_STATE=getMsg HTTP/1.1" 200 27
58.37.230.33 - - [22/Dec/2020:09:43:50 +0800] "GET /xingrg/kc/buy/cgsh_order_operate.html?command=get_materiel&rest_code=00141&code=00101006111&supplier_code=00100012&order_time=2020-12-22 HTTP/1.1" 200 409
222.69.128.40 - - [22/Dec/2020:09:43:53 +0800] "GET /xingrg/all/function/internal_message.html?_=1608601431804&CODE_STATE=getMsg HTTP/1.1" 200 27
58.37.230.33 - - [22/Dec/2020:09:43:57 +0800] "GET /xingrg/kc/buy/cgsh_order_operate.html?command=get_materiel&rest_code=00141&code=00101006038&supplier_code=00100012&order_time=2020-12-22 HTTP/1.1" 200 440
120.204.17.72 - - [22/Dec/2020:09:43:57 +0800] "GET /xingrg/all/function/internal_message.html?_=1608600797775&CODE_STATE=count HTTP/1.1" 302 -
172.17.200.101 - - [22/Dec/2020:09:43:58 +0800] "GET /xingrg/all/function/internal_message.html?_=1608601439114&CODE_STATE=getMsg HTTP/1.1" 200 27
114.88.161.120 - - [22/Dec/2020:09:44:01 +0800] "GET /xingrg/check_reg.html?_=1608601585083 HTTP/1.1" 200 22
114.88.161.120 - - [22/Dec/2020:09:44:01 +0800] "GET /xingrg/all/function/internal_message.html?_=1608601585080&CODE_STATE=getMsg HTTP/1.1" 200 27
58.37.230.33 - - [22/Dec/2020:09:44:05 +0800] "GET /xingrg/kc/buy/cgsh_order_operate.html?command=get_materiel&rest_code=00141&code=00101006084&supplier_code=00100012&order_time=2020-12-22 HTTP/1.1" 200 413
120.204.17.72 - - [22/Dec/2020:09:44:05 +0800] "GET /xingrg/login.html HTTP/1.1" 200 7641
180.174.56.115 - - [22/Dec/2020:09:44:12 +0800] "GET /xingrg/all/function/internal_message.html?_=1608601455801&CODE_STATE=getMsg HTTP/1.1" 200 27
58.37.230.33 - - [22/Dec/2020:09:44:12 +0800] "GET /xingrg/kc/buy/cgsh_order_operate.html?command=get_materiel&rest_code=00141&code=00101006168&supplier_code=00100012&order_time=2020-12-22 HTTP/1.1" 200 421
117.185.32.26 - - [22/Dec/2020:09:44:20 +0800] "GET /xingrg/all/function/internal_message.html?_=1608601457789&CODE_STATE=getMsg HTTP/1.1" 200 27
114.86.231.40 - - [22/Dec/2020:09:44:21 +0800] "GET /xingrg/all/function/internal_message.html?_=1608601479843&CODE_STATE=getMsg HTTP/1.1" 200 27
58.37.230.33 - - [22/Dec/2020:09:44:23 +0800] "GET /xingrg/kc/buy/cgsh_order_operate.html?command=get_materiel&rest_code=00141&code=00101006055&supplier_code=00100012&order_time=2020-12-22 HTTP/1.1" 200 409
180.162.223.42 - - [22/Dec/2020:09:44:25 +0800] "GET /xingrg/all/function/internal_message.html?_=1608601466121&CODE_STATE=getMsg HTTP/1.1" 200 27
180.162.223.42 - - [22/Dec/2020:09:44:25 +0800] "GET /xingrg/check_reg.html?_=1608601466125 HTTP/1.1" 200 22
120.253.135.82 - - [22/Dec/2020:09:44:27 +0800] "GET /xingrg/all/function/internal_message.html?_=1608601221339&CODE_STATE=getMsg HTTP/1.1" 200 27
58.37.230.33 - - [22/Dec/2020:09:44:41 +0800] "GET /xingrg/kc/buy/cgsh_order_operate.html?command=get_materiel&rest_code=00141&code=00101006129&supplier_code=00100012&order_time=2020-12-22 HTTP/1.1" 200 431
172.17.0.123 - - [22/Dec/2020:09:44:42 +0800] "GET /xingrg/all/function/internal_message.html?_=1608601396412&CODE_STATE=getMsg HTTP/1.1" 200 27
172.17.0.123 - - [22/Dec/2020:09:44:42 +0800] "GET /xingrg/check_reg.html?_=1608601396416 HTTP/1.1" 200 22
101.228.166.101 - - [22/Dec/2020:09:44:45 +0800] "GET /xingrg/check_reg.html?_=1608601487281 HTTP/1.1" 200 22
117.185.32.26 - - [22/Dec/2020:09:44:46 +0800] "GET /xingrg/all/function/internal_message.html?_=1608601950510&CODE_STATE=getMsg HTTP/1.1" 200 27
58.37.230.33 - - [22/Dec/2020:09:44:46 +0800] "GET /xingrg/kc/buy/cgsh_order_operate.html?command=get_materiel&rest_code=00141&code=00101006130&supplier_code=00100012&order_time=2020-12-22 HTTP/1.1" 200 427
101.228.166.101 - - [22/Dec/2020:09:44:47 +0800] "GET /xingrg/all/function/internal_message.html?_=1608601489633&CODE_STATE=getMsg HTTP/1.1" 200 27
58.37.230.33 - - [22/Dec/2020:09:44:48 +0800] "GET /xingrg/all/function/internal_message.html?_=1608601054166&CODE_STATE=getMsg HTTP/1.1" 200 27
183.192.164.97 - - [22/Dec/2020:09:44:50 +0800] "GET /xingrg/kc/buy/buy_main.html HTTP/1.1" 302 -
58.37.230.33 - - [22/Dec/2020:09:44:52 +0800] "GET /xingrg/kc/buy/cgsh_order_operate.html?command=get_materiel&rest_code=00141&code=00101006184&supplier_code=00100012&order_time=2020-12-22 HTTP/1.1" 200 408
222.69.128.40 - - [22/Dec/2020:09:44:53 +0800] "GET /xingrg/check_reg.html?_=1608601491797 HTTP/1.1" 200 22
222.69.128.40 - - [22/Dec/2020:09:44:53 +0800] "GET /xingrg/all/function/internal_message.html?_=1608601491801&CODE_STATE=getMsg HTTP/1.1" 200 27
172.17.200.101 - - [22/Dec/2020:09:44:58 +0800] "GET /xingrg/all/function/internal_message.html?_=1608601499104&CODE_STATE=getMsg HTTP/1.1" 200 27
183.192.164.97 - - [22/Dec/2020:09:44:59 +0800] "GET /xingrg/login.html HTTP/1.1" 200 7641
114.88.161.120 - - [22/Dec/2020:09:45:01 +0800] "GET /xingrg/all/function/internal_message.html?_=1608601645083&CODE_STATE=getMsg HTTP/1.1" 200 27
58.37.230.33 - - [22/Dec/2020:09:45:04 +0800] "POST /xingrg/kc/buy/cgsh_order_operate.html HTTP/1.1" 200 37
58.37.230.33 - - [22/Dec/2020:09:45:07 +0800] "POST /xingrg/kc/buy/cgsh_order_operate.html HTTP/1.1" 200 12
58.37.230.33 - - [22/Dec/2020:09:45:09 +0800] "GET /xingrg/kc/buy/cgsh_order_info.html?code=212020122208668 HTTP/1.1" 200 55935
58.37.230.33 - - [22/Dec/2020:09:45:09 +0800] "GET /xingrg/javascript/easyui/themes/default/validatebox.css HTTP/1.1" 404 1104
58.37.230.33 - - [22/Dec/2020:09:45:10 +0800] "POST /xingrg/kc/buy/cgsh_order_operate.html HTTP/1.1" 200 4775
58.37.230.33 - - [22/Dec/2020:09:45:11 +0800] "GET /xingrg/kc/print/load_data.html?order_code=212020122208668&kc_code=cgsh&condition= HTTP/1.1" 200 2399
180.174.56.115 - - [22/Dec/2020:09:45:12 +0800] "GET /xingrg/all/function/internal_message.html?_=1608601515810&CODE_STATE=getMsg HTTP/1.1" 200 27
117.185.32.26 - - [22/Dec/2020:09:45:20 +0800] "GET /xingrg/all/function/internal_message.html?_=1608601517796&CODE_STATE=getMsg HTTP/1.1" 200 27
114.86.231.40 - - [22/Dec/2020:09:45:21 +0800] "GET /xingrg/all/function/internal_message.html?_=1608601539842&CODE_STATE=getMsg HTTP/1.1" 200 27
180.162.223.42 - - [22/Dec/2020:09:45:25 +0800] "GET /xingrg/all/function/internal_message.html?_=1608601526125&CODE_STATE=getMsg HTTP/1.1" 200 27
120.253.135.82 - - [22/Dec/2020:09:45:27 +0800] "GET /xingrg/all/function/internal_message.html?_=1608601281348&CODE_STATE=getMsg HTTP/1.1" 200 27
180.162.223.42 - - [22/Dec/2020:09:45:29 +0800] "POST /xingrg/services/DataTransmitService HTTP/1.1" 200 524
58.37.230.33 - - [22/Dec/2020:09:45:30 +0800] "GET /xingrg/kc/buy/cgsh_order_add.html HTTP/1.1" 200 61032
58.37.230.33 - - [22/Dec/2020:09:45:31 +0800] "POST /xingrg/kc/buy/cgsh_order_operate.html HTTP/1.1" 200 8245
58.37.230.33 - - [22/Dec/2020:09:45:31 +0800] "GET /xingrg/javascript/easyui/themes/default/validatebox.css HTTP/1.1" 404 1104
172.17.0.123 - - [22/Dec/2020:09:45:42 +0800] "GET /xingrg/all/function/internal_message.html?_=1608601456418&CODE_STATE=getMsg HTTP/1.1" 200 27
117.185.32.26 - - [22/Dec/2020:09:45:46 +0800] "GET /xingrg/all/function/internal_message.html?_=1608602010510&CODE_STATE=getMsg HTTP/1.1" 200 27
101.228.166.101 - - [22/Dec/2020:09:45:47 +0800] "GET /xingrg/all/function/internal_message.html?_=1608601549646&CODE_STATE=getMsg HTTP/1.1" 200 27
58.37.230.33 - - [22/Dec/2020:09:45:48 +0800] "GET /xingrg/all/function/internal_message.html?_=1608601114186&CODE_STATE=getMsg HTTP/1.1" 200 27
120.204.17.72 - - [22/Dec/2020:09:45:48 +0800] "GET /xingrg/all/function/internal_message.html?_=1608600857795&CODE_STATE=getMsg HTTP/1.1" 302 -
222.69.128.40 - - [22/Dec/2020:09:45:53 +0800] "GET /xingrg/all/function/internal_message.html?_=1608601551801&CODE_STATE=getMsg HTTP/1.1" 200 27
120.204.17.72 - - [22/Dec/2020:09:45:54 +0800] "GET /xingrg/login.html HTTP/1.1" 200 7641
58.37.230.33 - - [22/Dec/2020:09:45:58 +0800] "GET /xingrg/kc/buy/cgsh_order_operate.html?command=get_materiel&rest_code=00141&code=00101008091&supplier_code=00100007&order_time=2020-12-22 HTTP/1.1" 200 412
172.17.200.101 - - [22/Dec/2020:09:45:58 +0800] "GET /xingrg/all/function/internal_message.html?_=1608601559106&CODE_STATE=getMsg HTTP/1.1" 200 27
172.17.200.101 - - [22/Dec/2020:09:45:58 +0800] "GET /xingrg/check_reg.html?_=1608601559110 HTTP/1.1" 200 22
114.88.161.120 - - [22/Dec/2020:09:46:01 +0800] "GET /xingrg/all/function/internal_message.html?_=1608601705085&CODE_STATE=getMsg HTTP/1.1" 200 27
58.37.230.33 - - [22/Dec/2020:09:46:07 +0800] "GET /xingrg/kc/buy/cgsh_order_operate.html?command=get_materiel&rest_code=00141&code=00101008354&supplier_code=00100007&order_time=2020-12-22 HTTP/1.1" 200 412
180.174.56.115 - - [22/Dec/2020:09:46:12 +0800] "GET /xingrg/check_reg.html?_=1608601575811 HTTP/1.1" 200 22
180.174.56.115 - - [22/Dec/2020:09:46:12 +0800] "GET /xingrg/all/function/internal_message.html?_=1608601575818&CODE_STATE=getMsg HTTP/1.1" 200 27
58.37.230.33 - - [22/Dec/2020:09:46:15 +0800] "GET /xingrg/kc/buy/cgsh_order_operate.html?command=get_materiel&rest_code=00141&code=00101008038&supplier_code=00100007&order_time=2020-12-22 HTTP/1.1" 200 412
172.17.0.185 - - [22/Dec/2020:09:46:16 +0800] "GET /xingrg/check_reg.html?_=1608601575372 HTTP/1.1" 200 22
117.185.32.26 - - [22/Dec/2020:09:46:20 +0800] "GET /xingrg/all/function/internal_message.html?_=1608601577797&CODE_STATE=getMsg HTTP/1.1" 200 27
114.86.231.40 - - [22/Dec/2020:09:46:21 +0800] "GET /xingrg/all/function/internal_message.html?_=1608601599837&CODE_STATE=getMsg HTTP/1.1" 200 27
58.37.230.33 - - [22/Dec/2020:09:46:22 +0800] "GET /xingrg/kc/buy/cgsh_order_operate.html?command=get_materiel&rest_code=00141&code=00101008396&supplier_code=00100007&order_time=2020-12-22 HTTP/1.1" 200 412
180.162.223.42 - - [22/Dec/2020:09:46:25 +0800] "GET /xingrg/all/function/internal_message.html?_=1608601586126&CODE_STATE=getMsg HTTP/1.1" 200 27
120.253.135.82 - - [22/Dec/2020:09:46:27 +0800] "GET /xingrg/check_reg.html?_=1608601340609 HTTP/1.1" 200 22
120.253.135.82 - - [22/Dec/2020:09:46:27 +0800] "GET /xingrg/all/function/internal_message.html?_=1608601341361&CODE_STATE=getMsg HTTP/1.1" 200 27
58.37.230.33 - - [22/Dec/2020:09:46:29 +0800] "GET /xingrg/kc/buy/cgsh_order_operate.html?command=get_materiel&rest_code=00141&code=00101008355&supplier_code=00100007&order_time=2020-12-22 HTTP/1.1" 200 408
58.37.230.33 - - [22/Dec/2020:09:46:35 +0800] "GET /xingrg/kc/buy/cgsh_order_operate.html?command=get_materiel&rest_code=00141&code=00101008264&supplier_code=00100007&order_time=2020-12-22 HTTP/1.1" 200 412
172.17.0.123 - - [22/Dec/2020:09:46:42 +0800] "GET /xingrg/all/function/internal_message.html?_=1608601516420&CODE_STATE=getMsg HTTP/1.1" 200 27
58.37.230.33 - - [22/Dec/2020:09:46:44 +0800] "GET /xingrg/kc/buy/cgsh_order_operate.html?command=get_materiel&rest_code=00141&code=00101008137&supplier_code=00100007&order_time=2020-12-22 HTTP/1.1" 200 408
117.185.32.26 - - [22/Dec/2020:09:46:46 +0800] "GET /xingrg/all/function/internal_message.html?_=1608602070510&CODE_STATE=getMsg HTTP/1.1" 200 27
101.228.166.101 - - [22/Dec/2020:09:46:47 +0800] "GET /xingrg/all/function/internal_message.html?_=1608601609661&CODE_STATE=getMsg HTTP/1.1" 200 27
58.37.230.33 - - [22/Dec/2020:09:46:48 +0800] "GET /xingrg/all/function/internal_message.html?_=1608601174161&CODE_STATE=getMsg HTTP/1.1" 200 27
180.152.104.37 - - [22/Dec/2020:09:46:49 +0800] "GET /xingrg/login.html HTTP/1.1" 200 7641
180.152.104.37 - - [22/Dec/2020:09:46:50 +0800] "GET /xingrg/images/blue/login_bg.png HTTP/1.1" 304 -
180.152.104.37 - - [22/Dec/2020:09:46:50 +0800] "GET /xingrg/images/blue/hj.png HTTP/1.1" 304 -
180.152.104.37 - - [22/Dec/2020:09:46:50 +0800] "GET /xingrg/images/blue/jxLogo.png HTTP/1.1" 304 -
180.152.104.37 - - [22/Dec/2020:09:46:50 +0800] "GET /xingrg/images/blue/srbg.png HTTP/1.1" 304 -
180.152.104.37 - - [22/Dec/2020:09:46:50 +0800] "GET /favicon.ico HTTP/1.1" 404 -
58.37.230.33 - - [22/Dec/2020:09:46:51 +0800] "GET /xingrg/kc/buy/cgsh_order_operate.html?command=get_materiel&rest_code=00141&code=00101008357&supplier_code=00100007&order_time=2020-12-22 HTTP/1.1" 200 408
222.69.128.40 - - [22/Dec/2020:09:46:53 +0800] "GET /xingrg/all/function/internal_message.html?_=1608601611806&CODE_STATE=getMsg HTTP/1.1" 200 27
180.152.104.37 - - [22/Dec/2020:09:46:54 +0800] "POST /xingrg/login.do HTTP/1.1" 302 -
180.152.104.37 - - [22/Dec/2020:09:46:54 +0800] "GET /xingrg/javascript/jquery_easy_ui/themes/default/easyui.css HTTP/1.1" 304 -
180.152.104.37 - - [22/Dec/2020:09:46:54 +0800] "GET /xingrg/javascript/jquery_easy_ui/themes/icon.css HTTP/1.1" 304 -
180.152.104.37 - - [22/Dec/2020:09:46:54 +0800] "GET /xingrg/index.html?sysBaseUrl=http%3A%2F%2F180.169.147.146%3A18081%2Fxingrg%2F&costTime=40×tamp=1608601614601 HTTP/1.1" 200 17173
180.152.104.37 - - [22/Dec/2020:09:46:54 +0800] "GET /xingrg/css/form.css HTTP/1.1" 304 -
180.152.104.37 - - [22/Dec/2020:09:46:54 +0800] "GET /xingrg/javascript/jquery-1.4.2.min.js HTTP/1.1" 304 -
180.152.104.37 - - [22/Dec/2020:09:46:54 +0800] "GET /xingrg/javascript/jquery_easy_ui/jquery.easyui.min.js HTTP/1.1" 304 -
180.152.104.37 - - [22/Dec/2020:09:46:54 +0800] "GET /xingrg/javascript/jquery_easy_ui/easyui-lang-zh_CN.js HTTP/1.1" 304 -
180.152.104.37 - - [22/Dec/2020:09:46:54 +0800] "GET /xingrg/javascript/jquery.utils.js HTTP/1.1" 304 -
180.152.104.37 - - [22/Dec/2020:09:46:54 +0800] "GET /xingrg/javascript/jquery.form.js HTTP/1.1" 304 -
180.152.104.37 - - [22/Dec/2020:09:46:54 +0800] "GET /xingrg/javascript/jquery.timers.js HTTP/1.1" 304 -
180.152.104.37 - - [22/Dec/2020:09:46:54 +0800] "GET /favicon.ico HTTP/1.1" 404 -
180.152.104.37 - - [22/Dec/2020:09:46:54 +0800] "GET /xingrg/images/blue/navBackgound.jpg HTTP/1.1" 304 -
180.152.104.37 - - [22/Dec/2020:09:46:55 +0800] "GET /xingrg/javascript/jquery_easy_ui/themes/icons/settle_new.png HTTP/1.1" 304 -
180.152.104.37 - - [22/Dec/2020:09:46:55 +0800] "GET /xingrg/images/blue/pingpu.png HTTP/1.1" 304 -
180.152.104.37 - - [22/Dec/2020:09:46:55 +0800] "GET /xingrg/javascript/jquery_easy_ui/themes/default/images/tabs_leftarrow.png HTTP/1.1" 304 -
180.152.104.37 - - [22/Dec/2020:09:46:55 +0800] "GET /xingrg/javascript/jquery_easy_ui/themes/default/images/tabs_rightarrow.png HTTP/1.1" 304 -
180.152.104.37 - - [22/Dec/2020:09:46:55 +0800] "POST /xingrg/all/common/load_tree.html?tree=area_rest_tree_json&manage=1 HTTP/1.1" 200 342
180.152.104.37 - - [22/Dec/2020:09:46:55 +0800] "GET /xingrg/javascript/jquery_easy_ui/themes/default/images/panel_tool_collapse.gif HTTP/1.1" 304 -
180.152.104.37 - - [22/Dec/2020:09:46:55 +0800] "GET /xingrg/all/function/internal_message.html?_=1608601848031&CODE_STATE=count HTTP/1.1" 200 11
180.152.104.37 - - [22/Dec/2020:09:46:55 +0800] "GET /xingrg/check_reg.html?_=1608601848032 HTTP/1.1" 200 22
180.152.104.37 - - [22/Dec/2020:09:46:55 +0800] "GET /xingrg/javascript/jquery_easy_ui/themes/default/images/tree_arrows.gif HTTP/1.1" 304 -
180.152.104.37 - - [22/Dec/2020:09:46:55 +0800] "POST /xingrg/load_menu.html HTTP/1.1" 200 5138
180.152.104.37 - - [22/Dec/2020:09:46:55 +0800] "GET /xingrg/javascript/jquery_easy_ui/themes/default/images/tree_folder_open.gif HTTP/1.1" 304 -
180.152.104.37 - - [22/Dec/2020:09:46:55 +0800] "GET /xingrg/javascript/jquery_easy_ui/themes/icons/search_new.png HTTP/1.1" 304 -
180.152.104.37 - - [22/Dec/2020:09:46:55 +0800] "GET /xingrg/javascript/jquery_easy_ui/themes/default/images/tree_folder.gif HTTP/1.1" 304 -
180.152.104.37 - - [22/Dec/2020:09:46:55 +0800] "GET /xingrg/javascript/jquery_easy_ui/themes/icons/storage_new.png HTTP/1.1" 304 -
180.152.104.37 - - [22/Dec/2020:09:46:55 +0800] "GET /xingrg/javascript/jquery_easy_ui/themes/icons/forms_new.png HTTP/1.1" 304 -
180.152.104.37 - - [22/Dec/2020:09:46:55 +0800] "GET /xingrg/javascript/jquery_easy_ui/themes/default/images/tree_file.gif HTTP/1.1" 304 -
58.37.230.33 - - [22/Dec/2020:09:46:57 +0800] "GET /xingrg/kc/buy/cgsh_order_operate.html?command=get_materiel&rest_code=00141&code=00101008069&supplier_code=00100007&order_time=2020-12-22 HTTP/1.1" 200 412
172.17.200.101 - - [22/Dec/2020:09:46:58 +0800] "GET /xingrg/all/function/internal_message.html?_=1608601619113&CODE_STATE=getMsg HTTP/1.1" 200 27
114.88.161.120 - - [22/Dec/2020:09:47:01 +0800] "GET /xingrg/all/function/internal_message.html?_=1608601765084&CODE_STATE=getMsg HTTP/1.1" 200 27
58.37.230.33 - - [22/Dec/2020:09:47:06 +0800] "GET /xingrg/kc/buy/cgsh_order_operate.html?command=get_materiel&rest_code=00141&code=00101008286&supplier_code=00100007&order_time=2020-12-22 HTTP/1.1" 200 408
180.174.56.115 - - [22/Dec/2020:09:47:12 +0800] "GET /xingrg/all/function/internal_message.html?_=1608601635798&CODE_STATE=getMsg HTTP/1.1" 200 27
58.37.230.33 - - [22/Dec/2020:09:47:12 +0800] "GET /xingrg/kc/buy/cgsh_order_operate.html?command=get_materiel&rest_code=00141&code=00101008036&supplier_code=00100007&order_time=2020-12-22 HTTP/1.1" 200 408
58.37.230.33 - - [22/Dec/2020:09:47:19 +0800] "GET /xingrg/kc/buy/cgsh_order_operate.html?command=get_materiel&rest_code=00141&code=00101008131&supplier_code=00100007&order_time=2020-12-22 HTTP/1.1" 200 408
117.185.32.26 - - [22/Dec/2020:09:47:20 +0800] "GET /xingrg/all/function/internal_message.html?_=1608601637797&CODE_STATE=getMsg HTTP/1.1" 200 27
114.86.231.40 - - [22/Dec/2020:09:47:21 +0800] "GET /xingrg/check_reg.html?_=1608601659843 HTTP/1.1" 200 22
114.86.231.40 - - [22/Dec/2020:09:47:21 +0800] "GET /xingrg/all/function/internal_message.html?_=1608601659844&CODE_STATE=getMsg HTTP/1.1" 200 27
180.162.223.42 - - [22/Dec/2020:09:47:25 +0800] "GET /xingrg/all/function/internal_message.html?_=1608601646127&CODE_STATE=getMsg HTTP/1.1" 200 27
58.37.230.33 - - [22/Dec/2020:09:47:25 +0800] "GET /xingrg/kc/buy/cgsh_order_operate.html?command=get_materiel&rest_code=00141&code=00101008318&supplier_code=00100007&order_time=2020-12-22 HTTP/1.1" 200 408
120.253.135.82 - - [22/Dec/2020:09:47:27 +0800] "GET /xingrg/all/function/internal_message.html?_=1608601401375&CODE_STATE=getMsg HTTP/1.1" 200 27
58.37.230.33 - - [22/Dec/2020:09:47:32 +0800] "GET /xingrg/kc/buy/cgsh_order_operate.html?command=get_materiel&rest_code=00141&code=00101008005&supplier_code=00100007&order_time=2020-12-22 HTTP/1.1" 200 431
124.77.238.8 - - [22/Dec/2020:09:47:39 +0800] "POST /xingrg/services/DataTransmitService HTTP/1.1" 200 524
58.37.230.33 - - [22/Dec/2020:09:47:39 +0800] "GET /xingrg/kc/buy/cgsh_order_operate.html?command=get_materiel&rest_code=00141&code=00101008271&supplier_code=00100007&order_time=2020-12-22 HTTP/1.1" 200 408
172.17.0.123 - - [22/Dec/2020:09:47:42 +0800] "GET /xingrg/all/function/internal_message.html?_=1608601576406&CODE_STATE=getMsg HTTP/1.1" 200 27
58.37.230.33 - - [22/Dec/2020:09:47:45 +0800] "GET /xingrg/kc/buy/cgsh_order_operate.html?command=get_materiel&rest_code=00141&code=00101008353&supplier_code=00100007&order_time=2020-12-22 HTTP/1.1" 200 408
117.185.32.26 - - [22/Dec/2020:09:47:46 +0800] "GET /xingrg/all/function/internal_message.html?_=1608602130538&CODE_STATE=getMsg HTTP/1.1" 200 27
117.185.32.26 - - [22/Dec/2020:09:47:46 +0800] "GET /xingrg/check_reg.html?_=1608602130539 HTTP/1.1" 200 22
101.228.166.101 - - [22/Dec/2020:09:47:47 +0800] "GET /xingrg/all/function/internal_message.html?_=1608601669839&CODE_STATE=getMsg HTTP/1.1" 200 27
58.37.230.33 - - [22/Dec/2020:09:47:48 +0800] "GET /xingrg/check_reg.html?_=1608601234176 HTTP/1.1" 200 22
58.37.230.33 - - [22/Dec/2020:09:47:48 +0800] "GET /xingrg/all/function/internal_message.html?_=1608601234178&CODE_STATE=getMsg HTTP/1.1" 200 27
120.204.17.72 - - [22/Dec/2020:09:47:48 +0800] "GET /xingrg/all/function/internal_message.html?_=1608600977795&CODE_STATE=getMsg HTTP/1.1" 302 -
58.37.230.33 - - [22/Dec/2020:09:47:52 +0800] "GET /xingrg/kc/buy/cgsh_order_operate.html?command=get_materiel&rest_code=00141&code=00101008213&supplier_code=00100007&order_time=2020-12-22 HTTP/1.1" 200 412
120.204.17.72 - - [22/Dec/2020:09:47:53 +0800] "GET /xingrg/login.html HTTP/1.1" 200 7641
222.69.128.40 - - [22/Dec/2020:09:47:53 +0800] "GET /xingrg/all/function/internal_message.html?_=1608601671806&CODE_STATE=getMsg HTTP/1.1" 200 27
180.152.104.37 - - [22/Dec/2020:09:47:55 +0800] "GET /xingrg/all/function/internal_message.html?_=1608601908040&CODE_STATE=getMsg HTTP/1.1" 200 27
172.17.200.101 - - [22/Dec/2020:09:47:58 +0800] "GET /xingrg/all/function/internal_message.html?_=1608601679113&CODE_STATE=getMsg HTTP/1.1" 200 27
58.37.230.33 - - [22/Dec/2020:09:48:01 +0800] "GET /xingrg/kc/buy/cgsh_order_operate.html?command=get_materiel&rest_code=00141&code=00101008238&supplier_code=00100007&order_time=2020-12-22 HTTP/1.1" 200 416
114.88.161.120 - - [22/Dec/2020:09:48:01 +0800] "GET /xingrg/all/function/internal_message.html?_=1608601825085&CODE_STATE=getMsg HTTP/1.1" 200 27
58.37.230.33 - - [22/Dec/2020:09:48:07 +0800] "GET /xingrg/kc/buy/cgsh_order_operate.html?command=get_materiel&rest_code=00141&code=00101008146&supplier_code=00100007&order_time=2020-12-22 HTTP/1.1" 200 416
58.37.230.33 - - [22/Dec/2020:09:48:09 +0800] "POST /xingrg/kc/buy/cgsh_order_operate.html HTTP/1.1" 200 2065
180.174.56.115 - - [22/Dec/2020:09:48:12 +0800] "GET /xingrg/all/function/internal_message.html?_=1608601695823&CODE_STATE=getMsg HTTP/1.1" 200 27
58.37.230.33 - - [22/Dec/2020:09:48:14 +0800] "GET /xingrg/kc/buy/cgsh_order_operate.html?command=get_materiel&rest_code=00141&code=00101008323&supplier_code=00100007&order_time=2020-12-22 HTTP/1.1" 200 408
117.185.32.26 - - [22/Dec/2020:09:48:20 +0800] "GET /xingrg/check_reg.html?_=1608601697797 HTTP/1.1" 200 22
117.185.32.26 - - [22/Dec/2020:09:48:20 +0800] "GET /xingrg/all/function/internal_message.html?_=1608601697800&CODE_STATE=getMsg HTTP/1.1" 200 27
114.86.231.40 - - [22/Dec/2020:09:48:21 +0800] "GET /xingrg/all/function/internal_message.html?_=1608601719843&CODE_STATE=getMsg HTTP/1.1" 200 27
58.37.230.33 - - [22/Dec/2020:09:48:23 +0800] "GET /xingrg/kc/buy/cgsh_order_operate.html?command=get_materiel&rest_code=00141&code=00101008027&supplier_code=00100007&order_time=2020-12-22 HTTP/1.1" 200 408
180.162.223.42 - - [22/Dec/2020:09:48:25 +0800] "GET /xingrg/all/function/internal_message.html?_=1608601706128&CODE_STATE=getMsg HTTP/1.1" 200 27
120.253.135.82 - - [22/Dec/2020:09:48:27 +0800] "GET /xingrg/all/function/internal_message.html?_=1608601461388&CODE_STATE=getMsg HTTP/1.1" 200 27
58.37.230.33 - - [22/Dec/2020:09:48:29 +0800] "GET /xingrg/kc/buy/cgsh_order_operate.html?command=get_materiel&rest_code=00141&code=00101008349&supplier_code=00100007&order_time=2020-12-22 HTTP/1.1" 200 412
172.17.0.123 - - [22/Dec/2020:09:48:42 +0800] "GET /xingrg/all/function/internal_message.html?_=1608601636408&CODE_STATE=getMsg HTTP/1.1" 200 27
58.37.230.33 - - [22/Dec/2020:09:48:43 +0800] "GET /xingrg/kc/buy/cgsh_order_operate.html?command=get_materiel&rest_code=00141&code=00101008010&supplier_code=00100007&order_time=2020-12-22 HTTP/1.1" 200 412
58.37.230.33 - - [22/Dec/2020:09:48:45 +0800] "POST /xingrg/kc/buy/cgsh_order_operate.html HTTP/1.1" 200 2065
117.185.32.26 - - [22/Dec/2020:09:48:46 +0800] "GET /xingrg/all/function/internal_message.html?_=1608602190537&CODE_STATE=getMsg HTTP/1.1" 200 27
101.228.166.101 - - [22/Dec/2020:09:48:47 +0800] "GET /xingrg/all/function/internal_message.html?_=1608601729842&CODE_STATE=getMsg HTTP/1.1" 200 27
58.37.230.33 - - [22/Dec/2020:09:48:48 +0800] "GET /xingrg/all/function/internal_message.html?_=1608601294159&CODE_STATE=getMsg HTTP/1.1" 200 27
120.204.17.72 - - [22/Dec/2020:09:48:50 +0800] "GET /xingrg/all/function/internal_message.html?_=1608601097790&CODE_STATE=getMsg HTTP/1.1" 302 -
58.37.230.33 - - [22/Dec/2020:09:48:52 +0800] "GET /xingrg/kc/buy/cgsh_order_operate.html?command=get_materiel&rest_code=00141&code=00101008028&supplier_code=00100007&order_time=2020-12-22 HTTP/1.1" 200 412
120.204.17.72 - - [22/Dec/2020:09:48:53 +0800] "GET /xingrg/login.html HTTP/1.1" 200 7641
222.69.128.40 - - [22/Dec/2020:09:48:53 +0800] "GET /xingrg/all/function/internal_message.html?_=1608601731811&CODE_STATE=getMsg HTTP/1.1" 200 27
180.152.104.37 - - [22/Dec/2020:09:48:55 +0800] "GET /xingrg/all/function/internal_message.html?_=1608601968056&CODE_STATE=getMsg HTTP/1.1" 200 27
120.204.17.72 - - [22/Dec/2020:09:48:58 +0800] "GET /xingrg/all/function/internal_message.html?_=1608601037796&CODE_STATE=getMsg HTTP/1.1" 302 -
172.17.200.101 - - [22/Dec/2020:09:48:58 +0800] "GET /xingrg/all/function/internal_message.html?_=1608601739119&CODE_STATE=getMsg HTTP/1.1" 200 27
58.37.230.33 - - [22/Dec/2020:09:49:00 +0800] "GET /xingrg/kc/buy/cgsh_order_operate.html?command=get_materiel&rest_code=00141&code=00101008313&supplier_code=00100007&order_time=2020-12-22 HTTP/1.1" 200 412
114.88.161.120 - - [22/Dec/2020:09:49:01 +0800] "GET /xingrg/all/function/internal_message.html?_=1608601885088&CODE_STATE=getMsg HTTP/1.1" 200 27
114.88.161.120 - - [22/Dec/2020:09:49:01 +0800] "GET /xingrg/check_reg.html?_=1608601885085 HTTP/1.1" 200 22
120.204.17.72 - - [22/Dec/2020:09:49:02 +0800] "GET /xingrg/login.html HTTP/1.1" 200 7641
58.37.230.33 - - [22/Dec/2020:09:49:11 +0800] "GET /xingrg/kc/buy/cgsh_order_operate.html?command=get_materiel&rest_code=00141&code=00101008351&supplier_code=00100007&order_time=2020-12-22 HTTP/1.1" 200 427
180.174.56.115 - - [22/Dec/2020:09:49:12 +0800] "GET /xingrg/all/function/internal_message.html?_=1608601755815&CODE_STATE=getMsg HTTP/1.1" 200 27
120.204.17.70 - - [22/Dec/2020:09:49:19 +0800] "GET /xingrg/check_reg.html?_=1608601097787 HTTP/1.1" 302 -
117.185.32.26 - - [22/Dec/2020:09:49:20 +0800] "GET /xingrg/all/function/internal_message.html?_=1608601757784&CODE_STATE=getMsg HTTP/1.1" 200 27
114.86.231.40 - - [22/Dec/2020:09:49:21 +0800] "GET /xingrg/all/function/internal_message.html?_=1608601779843&CODE_STATE=getMsg HTTP/1.1" 200 27
58.37.230.33 - - [22/Dec/2020:09:49:24 +0800] "GET /xingrg/kc/buy/cgsh_order_operate.html?command=get_materiel&rest_code=00141&code=00101008283&supplier_code=00100007&order_time=2020-12-22 HTTP/1.1" 200 408
180.162.223.42 - - [22/Dec/2020:09:49:25 +0800] "GET /xingrg/check_reg.html?_=1608601766129 HTTP/1.1" 200 22
180.162.223.42 - - [22/Dec/2020:09:49:25 +0800] "GET /xingrg/all/function/internal_message.html?_=1608601766132&CODE_STATE=getMsg HTTP/1.1" 200 27
120.204.17.70 - - [22/Dec/2020:09:49:25 +0800] "GET /xingrg/login.html HTTP/1.1" 200 7641
120.253.135.82 - - [22/Dec/2020:09:49:27 +0800] "GET /xingrg/all/function/internal_message.html?_=1608601521436&CODE_STATE=getMsg HTTP/1.1" 200 27
172.17.0.108 - - [22/Dec/2020:09:49:30 +0800] "GET /favicon.ico HTTP/1.1" 404 -
101.228.166.101 - - [22/Dec/2020:09:49:33 +0800] "GET /xingrg/kc/mdqp/pssh_order_list.html HTTP/1.1" 200 17933
101.228.166.101 - - [22/Dec/2020:09:49:33 +0800] "POST /xingrg/kc/mdqp/pssh_list_operate.html HTTP/1.1" 200 5269
101.228.166.101 - - [22/Dec/2020:09:49:36 +0800] "POST /xingrg/kc/mdqp/pssh_list_operate.html HTTP/1.1" 200 764
101.228.166.101 - - [22/Dec/2020:09:49:40 +0800] "POST /xingrg/kc/mdqp/pssh_list_operate.html HTTP/1.1" 200 756
172.17.0.123 - - [22/Dec/2020:09:49:42 +0800] "GET /xingrg/all/function/internal_message.html?_=1608601696410&CODE_STATE=getMsg HTTP/1.1" 200 27
172.17.0.123 - - [22/Dec/2020:09:49:42 +0800] "GET /xingrg/check_reg.html?_=1608601696412 HTTP/1.1" 200 22
101.228.166.101 - - [22/Dec/2020:09:49:44 +0800] "POST /xingrg/kc/mdqp/pssh_list_operate.html HTTP/1.1" 200 778
101.228.166.101 - - [22/Dec/2020:09:49:45 +0800] "GET /xingrg/check_reg.html?_=1608601787286 HTTP/1.1" 200 22
117.185.32.26 - - [22/Dec/2020:09:49:46 +0800] "GET /xingrg/all/function/internal_message.html?_=1608602250535&CODE_STATE=getMsg HTTP/1.1" 200 27
101.228.166.101 - - [22/Dec/2020:09:49:47 +0800] "GET /xingrg/all/function/internal_message.html?_=1608601789856&CODE_STATE=getMsg HTTP/1.1" 200 27
58.37.230.33 - - [22/Dec/2020:09:49:48 +0800] "GET /xingrg/all/function/internal_message.html?_=1608601354177&CODE_STATE=getMsg HTTP/1.1" 200 27
101.228.166.101 - - [22/Dec/2020:09:49:48 +0800] "POST /xingrg/kc/mdqp/pssh_list_operate.html HTTP/1.1" 200 374
222.69.128.40 - - [22/Dec/2020:09:49:53 +0800] "GET /xingrg/check_reg.html?_=1608601791814 HTTP/1.1" 200 22
222.69.128.40 - - [22/Dec/2020:09:49:53 +0800] "GET /xingrg/all/function/internal_message.html?_=1608601791817&CODE_STATE=getMsg HTTP/1.1" 200 27
58.37.230.33 - - [22/Dec/2020:09:49:54 +0800] "POST /xingrg/kc/buy/cgsh_order_operate.html HTTP/1.1" 200 2065
180.152.104.37 - - [22/Dec/2020:09:49:55 +0800] "GET /xingrg/all/function/internal_message.html?_=1608602028069&CODE_STATE=getMsg HTTP/1.1" 200 27
172.17.200.101 - - [22/Dec/2020:09:49:58 +0800] "GET /xingrg/all/function/internal_message.html?_=1608601799116&CODE_STATE=getMsg HTTP/1.1" 200 27
58.37.230.33 - - [22/Dec/2020:09:50:01 +0800] "GET /xingrg/kc/buy/cgsh_order_operate.html?command=get_materiel&rest_code=00141&code=00101008003&supplier_code=00100007&order_time=2020-12-22 HTTP/1.1" 200 408
114.88.161.120 - - [22/Dec/2020:09:50:01 +0800] "GET /xingrg/all/function/internal_message.html?_=1608601945088&CODE_STATE=getMsg HTTP/1.1" 200 27
172.17.200.101 - - [22/Dec/2020:09:50:04 +0800] "POST /xingrg/all/user/operate.html HTTP/1.1" 200 36
172.17.200.101 - - [22/Dec/2020:09:50:05 +0800] "GET /xingrg/index.html?sysBaseUrl=http%3A%2F%2F172.17.0.8%3A18081%2Fxingrg%2F&costTime=93×tamp=1608599166704 HTTP/1.1" 200 17448
172.17.200.101 - - [22/Dec/2020:09:50:05 +0800] "GET /xingrg/javascript/jquery_easy_ui/themes/default/easyui.css HTTP/1.1" 304 -
172.17.200.101 - - [22/Dec/2020:09:50:05 +0800] "GET /xingrg/javascript/jquery_easy_ui/themes/icon.css HTTP/1.1" 304 -
172.17.200.101 - - [22/Dec/2020:09:50:05 +0800] "GET /xingrg/css/form.css HTTP/1.1" 304 -
172.17.200.101 - - [22/Dec/2020:09:50:05 +0800] "GET /xingrg/javascript/jquery-1.4.2.min.js HTTP/1.1" 304 -
172.17.200.101 - - [22/Dec/2020:09:50:05 +0800] "GET /xingrg/javascript/jquery_easy_ui/jquery.easyui.min.js HTTP/1.1" 304 -
172.17.200.101 - - [22/Dec/2020:09:50:05 +0800] "GET /xingrg/javascript/jquery_easy_ui/easyui-lang-zh_CN.js HTTP/1.1" 304 -
172.17.200.101 - - [22/Dec/2020:09:50:05 +0800] "GET /xingrg/javascript/jquery.form.js HTTP/1.1" 304 -
172.17.200.101 - - [22/Dec/2020:09:50:05 +0800] "GET /xingrg/javascript/jquery.utils.js HTTP/1.1" 304 -
172.17.200.101 - - [22/Dec/2020:09:50:05 +0800] "GET /xingrg/javascript/jquery.timers.js HTTP/1.1" 304 -
172.17.200.101 - - [22/Dec/2020:09:50:05 +0800] "GET /xingrg/images/blue/jxLogo.png HTTP/1.1" 304 -
172.17.200.101 - - [22/Dec/2020:09:50:05 +0800] "GET /xingrg/images/blue/navBackgound.jpg HTTP/1.1" 304 -
172.17.200.101 - - [22/Dec/2020:09:50:05 +0800] "GET /xingrg/javascript/jquery_easy_ui/themes/icons/settle_new.png HTTP/1.1" 304 -
172.17.200.101 - - [22/Dec/2020:09:50:05 +0800] "POST /xingrg/all/common/load_tree.html?tree=area_rest_tree_json&manage=1 HTTP/1.1" 200 3222
172.17.200.101 - - [22/Dec/2020:09:50:05 +0800] "GET /xingrg/all/function/internal_message.html?_=1608601806062&CODE_STATE=count HTTP/1.1" 200 11
172.17.200.101 - - [22/Dec/2020:09:50:05 +0800] "GET /xingrg/check_reg.html?_=1608601806062 HTTP/1.1" 200 22
172.17.200.101 - - [22/Dec/2020:09:50:05 +0800] "GET /xingrg/javascript/jquery_easy_ui/themes/default/images/tabs_rightarrow.png HTTP/1.1" 304 -
172.17.200.101 - - [22/Dec/2020:09:50:05 +0800] "GET /xingrg/javascript/jquery_easy_ui/themes/default/images/panel_tool_collapse.gif HTTP/1.1" 304 -
172.17.200.101 - - [22/Dec/2020:09:50:05 +0800] "GET /xingrg/javascript/jquery_easy_ui/themes/default/images/tabs_leftarrow.png HTTP/1.1" 304 -
172.17.200.101 - - [22/Dec/2020:09:50:05 +0800] "GET /xingrg/images/blue/pingpu.png HTTP/1.1" 304 -
172.17.200.101 - - [22/Dec/2020:09:50:05 +0800] "GET /xingrg/javascript/jquery_easy_ui/themes/default/images/panel_tool_expand.gif HTTP/1.1" 304 -
172.17.200.101 - - [22/Dec/2020:09:50:05 +0800] "POST /xingrg/load_menu.html HTTP/1.1" 200 9924
172.17.200.101 - - [22/Dec/2020:09:50:07 +0800] "GET /xingrg/kc/buy/cgsh_order_list.html HTTP/1.1" 200 45524
172.17.200.101 - - [22/Dec/2020:09:50:08 +0800] "POST /xingrg/kc/buy/cgsh_list_operate.html HTTP/1.1" 200 3137
180.174.56.115 - - [22/Dec/2020:09:50:12 +0800] "GET /xingrg/all/function/internal_message.html?_=1608601815825&CODE_STATE=getMsg HTTP/1.1" 200 27
58.37.230.33 - - [22/Dec/2020:09:50:12 +0800] "GET /xingrg/kc/buy/cgsh_order_operate.html?command=get_materiel&rest_code=00141&code=00101008372&supplier_code=00100007&order_time=2020-12-22 HTTP/1.1" 200 408
117.185.32.26 - - [22/Dec/2020:09:50:20 +0800] "GET /xingrg/all/function/internal_message.html?_=1608601817786&CODE_STATE=getMsg HTTP/1.1" 200 27
114.86.231.40 - - [22/Dec/2020:09:50:21 +0800] "GET /xingrg/all/function/internal_message.html?_=1608601839842&CODE_STATE=getMsg HTTP/1.1" 200 27
180.162.223.42 - - [22/Dec/2020:09:50:25 +0800] "GET /xingrg/all/function/internal_message.html?_=1608601826132&CODE_STATE=getMsg HTTP/1.1" 200 27
120.253.135.82 - - [22/Dec/2020:09:50:27 +0800] "GET /xingrg/all/function/internal_message.html?_=1608601581447&CODE_STATE=getMsg HTTP/1.1" 200 27
58.37.230.33 - - [22/Dec/2020:09:50:34 +0800] "GET /xingrg/kc/buy/cgsh_order_operate.html?command=get_materiel&rest_code=00141&code=00101008300&supplier_code=00100007&order_time=2020-12-22 HTTP/1.1" 200 412
172.17.0.123 - - [22/Dec/2020:09:50:42 +0800] "GET /xingrg/all/function/internal_message.html?_=1608601756414&CODE_STATE=getMsg HTTP/1.1" 200 27
180.174.56.115 - - [22/Dec/2020:09:50:42 +0800] "GET /xingrg/kc/buy/cgsh_order_operate.html?command=get_materiel&rest_code=00151&code=00101007091&supplier_code=00100096&order_time=2020-12-22 HTTP/1.1" 200 415
117.185.32.26 - - [22/Dec/2020:09:50:46 +0800] "GET /xingrg/all/function/internal_message.html?_=1608602310536&CODE_STATE=getMsg HTTP/1.1" 200 27
101.228.166.101 - - [22/Dec/2020:09:50:48 +0800] "GET /xingrg/all/function/internal_message.html?_=1608601850034&CODE_STATE=getMsg HTTP/1.1" 200 27
58.37.230.33 - - [22/Dec/2020:09:50:48 +0800] "GET /xingrg/all/function/internal_message.html?_=1608601414241&CODE_STATE=getMsg HTTP/1.1" 200 27
58.37.230.33 - - [22/Dec/2020:09:50:49 +0800] "POST /xingrg/kc/buy/cgsh_order_operate.html HTTP/1.1" 200 37
222.69.128.40 - - [22/Dec/2020:09:50:53 +0800] "GET /xingrg/all/function/internal_message.html?_=1608601851802&CODE_STATE=getMsg HTTP/1.1" 200 27
180.174.56.115 - - [22/Dec/2020:09:50:54 +0800] "GET /xingrg/kc/buy/cgsh_order_operate.html?command=get_materiel&rest_code=00151&code=00101007049&supplier_code=00100096&order_time=2020-12-22 HTTP/1.1" 200 409
180.152.104.37 - - [22/Dec/2020:09:50:55 +0800] "GET /xingrg/all/function/internal_message.html?_=1608602088081&CODE_STATE=getMsg HTTP/1.1" 200 27
114.88.161.120 - - [22/Dec/2020:09:51:01 +0800] "GET /xingrg/all/function/internal_message.html?_=1608602005089&CODE_STATE=getMsg HTTP/1.1" 200 27
180.174.56.115 - - [22/Dec/2020:09:51:02 +0800] "GET /xingrg/kc/buy/cgsh_order_operate.html?command=get_materiel&rest_code=00151&code=00101001075&supplier_code=00100096&order_time=2020-12-22 HTTP/1.1" 200 409
58.37.230.33 - - [22/Dec/2020:09:51:03 +0800] "POST /xingrg/kc/buy/cgsh_order_operate.html HTTP/1.1" 200 12
172.17.200.101 - - [22/Dec/2020:09:51:05 +0800] "GET /xingrg/all/function/internal_message.html?_=1608601866071&CODE_STATE=getMsg HTTP/1.1" 200 27
58.37.230.33 - - [22/Dec/2020:09:51:05 +0800] "GET /xingrg/kc/buy/cgsh_order_info.html?code=212020122208669 HTTP/1.1" 200 55935
58.37.230.33 - - [22/Dec/2020:09:51:05 +0800] "GET /xingrg/javascript/easyui/themes/default/validatebox.css HTTP/1.1" 404 1104
58.37.230.33 - - [22/Dec/2020:09:51:06 +0800] "POST /xingrg/kc/buy/cgsh_order_operate.html HTTP/1.1" 200 19485
58.37.230.33 - - [22/Dec/2020:09:51:08 +0800] "GET /xingrg/kc/print/load_data.html?order_code=212020122208669&kc_code=cgsh&condition= HTTP/1.1" 200 7858
180.174.56.115 - - [22/Dec/2020:09:51:12 +0800] "GET /xingrg/all/function/internal_message.html?_=1608601875820&CODE_STATE=getMsg HTTP/1.1" 200 27
180.174.56.115 - - [22/Dec/2020:09:51:12 +0800] "GET /xingrg/check_reg.html?_=1608601875823 HTTP/1.1" 200 22
180.174.56.115 - - [22/Dec/2020:09:51:13 +0800] "GET /xingrg/kc/buy/cgsh_order_operate.html?command=get_materiel&rest_code=00151&code=00101006124&supplier_code=00100096&order_time=2020-12-22 HTTP/1.1" 200 409
172.17.0.185 - - [22/Dec/2020:09:51:16 +0800] "GET /xingrg/check_reg.html?_=1608601875353 HTTP/1.1" 200 22
117.185.32.26 - - [22/Dec/2020:09:51:20 +0800] "GET /xingrg/all/function/internal_message.html?_=1608601877786&CODE_STATE=getMsg HTTP/1.1" 200 27
114.86.231.40 - - [22/Dec/2020:09:51:21 +0800] "GET /xingrg/all/function/internal_message.html?_=1608601899837&CODE_STATE=getMsg HTTP/1.1" 200 27
180.174.56.115 - - [22/Dec/2020:09:51:21 +0800] "GET /xingrg/kc/buy/cgsh_order_operate.html?command=get_materiel&rest_code=00151&code=00101006184&supplier_code=00100096&order_time=2020-12-22 HTTP/1.1" 200 408
180.162.223.42 - - [22/Dec/2020:09:51:25 +0800] "GET /xingrg/all/function/internal_message.html?_=1608601886133&CODE_STATE=getMsg HTTP/1.1" 200 27
120.253.135.82 - - [22/Dec/2020:09:51:27 +0800] "GET /xingrg/check_reg.html?_=1608601641228 HTTP/1.1" 200 22
120.253.135.82 - - [22/Dec/2020:09:51:27 +0800] "GET /xingrg/all/function/internal_message.html?_=1608601641460&CODE_STATE=getMsg HTTP/1.1" 200 27
180.174.56.115 - - [22/Dec/2020:09:51:30 +0800] "GET /xingrg/kc/buy/cgsh_order_operate.html?command=get_materiel&rest_code=00151&code=00101006055&supplier_code=00100096&order_time=2020-12-22 HTTP/1.1" 200 409
172.17.0.123 - - [22/Dec/2020:09:51:42 +0800] "GET /xingrg/all/function/internal_message.html?_=1608601816416&CODE_STATE=getMsg HTTP/1.1" 200 27
117.185.32.26 - - [22/Dec/2020:09:51:46 +0800] "GET /xingrg/all/function/internal_message.html?_=1608602370534&CODE_STATE=getMsg HTTP/1.1" 200 27
120.204.17.73 - - [22/Dec/2020:09:51:46 +0800] "GET /xingrg/all/function/internal_message.html?_=1608601217787&CODE_STATE=getMsg HTTP/1.1" 302 -
58.37.230.33 - - [22/Dec/2020:09:51:47 +0800] "GET /xingrg/kc/buy/cgsh_order_add.html HTTP/1.1" 200 61032
101.228.166.101 - - [22/Dec/2020:09:51:48 +0800] "GET /xingrg/all/function/internal_message.html?_=1608601910039&CODE_STATE=getMsg HTTP/1.1" 200 27
58.37.230.33 - - [22/Dec/2020:09:51:48 +0800] "POST /xingrg/kc/buy/cgsh_order_operate.html HTTP/1.1" 200 8245
58.37.230.33 - - [22/Dec/2020:09:51:48 +0800] "GET /xingrg/javascript/easyui/themes/default/validatebox.css HTTP/1.1" 404 1104
58.37.230.33 - - [22/Dec/2020:09:51:48 +0800] "GET /xingrg/all/function/internal_message.html?_=1608601474223&CODE_STATE=getMsg HTTP/1.1" 200 27
222.69.128.40 - - [22/Dec/2020:09:51:53 +0800] "GET /xingrg/all/function/internal_message.html?_=1608601911805&CODE_STATE=getMsg HTTP/1.1" 200 27
120.204.17.73 - - [22/Dec/2020:09:51:55 +0800] "GET /xingrg/login.html HTTP/1.1" 200 7641
180.152.104.37 - - [22/Dec/2020:09:51:55 +0800] "GET /xingrg/check_reg.html?_=1608602148033 HTTP/1.1" 200 22
180.152.104.37 - - [22/Dec/2020:09:51:55 +0800] "GET /xingrg/all/function/internal_message.html?_=1608602148095&CODE_STATE=getMsg HTTP/1.1" 200 27
114.88.161.120 - - [22/Dec/2020:09:52:01 +0800] "GET /xingrg/all/function/internal_message.html?_=1608602065089&CODE_STATE=getMsg HTTP/1.1" 200 27
172.17.200.101 - - [22/Dec/2020:09:52:05 +0800] "GET /xingrg/all/function/internal_message.html?_=1608601926076&CODE_STATE=getMsg HTTP/1.1" 200 27
180.174.56.115 - - [22/Dec/2020:09:52:08 +0800] "POST /xingrg/kc/buy/cgsh_order_operate.html HTTP/1.1" 200 37
120.204.17.72 - - [22/Dec/2020:09:52:10 +0800] "GET /xingrg/all/function/internal_message.html?_=1608601277787&CODE_STATE=getMsg HTTP/1.1" 302 -
180.174.56.115 - - [22/Dec/2020:09:52:11 +0800] "POST /xingrg/kc/buy/cgsh_order_operate.html HTTP/1.1" 200 12
180.174.56.115 - - [22/Dec/2020:09:52:12 +0800] "GET /xingrg/all/function/internal_message.html?_=1608601935829&CODE_STATE=getMsg HTTP/1.1" 200 27
180.174.56.115 - - [22/Dec/2020:09:52:12 +0800] "GET /xingrg/kc/buy/cgsh_order_info.html?code=212020122208670 HTTP/1.1" 200 55561
180.174.56.115 - - [22/Dec/2020:09:52:12 +0800] "GET /xingrg/javascript/easyui/themes/default/validatebox.css HTTP/1.1" 404 1104
180.174.56.115 - - [22/Dec/2020:09:52:13 +0800] "POST /xingrg/kc/buy/cgsh_order_operate.html HTTP/1.1" 200 3604
180.174.56.115 - - [22/Dec/2020:09:52:15 +0800] "GET /xingrg/kc/print/load_data.html?order_code=212020122208670&kc_code=cgsh&condition= HTTP/1.1" 200 1838
120.204.17.72 - - [22/Dec/2020:09:52:17 +0800] "GET /xingrg/login.html HTTP/1.1" 200 7641
