116.228.172.94 - - [20/Dec/2020:10:45:39 +0800] "GET /xingrg/javascript/easyui/themes/default/validatebox.css HTTP/1.1" 404 1104
116.228.172.94 - - [20/Dec/2020:10:45:40 +0800] "POST /xingrg/kc/buy/cgsh_order_operate.html HTTP/1.1" 200 8245
116.228.172.94 - - [20/Dec/2020:10:45:40 +0800] "GET /xingrg/all/function/internal_message.html?_=1608432336127&CODE_STATE=getMsg HTTP/1.1" 200 27
114.86.226.116 - - [20/Dec/2020:10:45:40 +0800] "GET /xingrg/kc/buy/cgsh_order_operate.html?command=get_materiel&rest_code=00109&code=00101008354&supplier_code=00100005&order_time=2020-12-20 HTTP/1.1" 200 412
116.228.172.94 - - [20/Dec/2020:10:45:40 +0800] "GET /xingrg/check_reg.html?_=1608432336327 HTTP/1.1" 200 22
116.228.172.94 - - [20/Dec/2020:10:45:41 +0800] "GET /xingrg/javascript/easyui/themes/default/tree.css HTTP/1.1" 404 1090
116.228.172.94 - - [20/Dec/2020:10:45:41 +0800] "POST /xingrg/all/common/load_tree.html?tree=supplier_tree_json&isDelete=1 HTTP/1.1" 200 52587
180.174.56.115 - - [20/Dec/2020:10:45:41 +0800] "POST /xingrg/dwr/call/plaincall/AjaxYddbService.getRestBases.dwr HTTP/1.1" 200 1514
180.174.56.115 - - [20/Dec/2020:10:45:45 +0800] "POST /xingrg/dwr/call/plaincall/AjaxYddbService.saveOrder.dwr HTTP/1.1" 200 78
114.86.226.116 - - [20/Dec/2020:10:45:46 +0800] "GET /xingrg/kc/buy/cgsh_order_operate.html?command=get_materiel&rest_code=00109&code=00101008186&supplier_code=00100005&order_time=2020-12-20 HTTP/1.1" 200 408
114.88.159.147 - - [20/Dec/2020:10:45:47 +0800] "GET /xingrg/all/function/internal_message.html?_=1608432364488&CODE_STATE=getMsg HTTP/1.1" 200 27
58.40.7.146 - - [20/Dec/2020:10:45:47 +0800] "GET /xingrg/all/function/internal_message.html?_=1608432343217&CODE_STATE=getMsg HTTP/1.1" 200 27
180.174.56.115 - - [20/Dec/2020:10:45:49 +0800] "POST /xingrg/dwr/call/plaincall/AjaxComOrderService.getMaterielSearchList.dwr HTTP/1.1" 200 22171
180.174.56.115 - - [20/Dec/2020:10:45:50 +0800] "POST /xingrg/dwr/call/plaincall/AjaxComOrderService.getMaterielSearchList.dwr HTTP/1.1" 200 2539
172.17.0.102 - - [20/Dec/2020:10:45:51 +0800] "GET /xingrg/all/function/internal_message.html?_=1608432347167&CODE_STATE=getMsg HTTP/1.1" 200 27
180.174.56.115 - - [20/Dec/2020:10:45:51 +0800] "POST /xingrg/dwr/call/plaincall/AjaxYddbService.getMaterielByMap.dwr HTTP/1.1" 200 3772
114.86.226.116 - - [20/Dec/2020:10:45:52 +0800] "GET /xingrg/kc/buy/cgsh_order_operate.html?command=get_materiel&rest_code=00109&code=00101008010&supplier_code=00100005&order_time=2020-12-20 HTTP/1.1" 200 412
180.162.223.42 - - [20/Dec/2020:10:45:53 +0800] "GET /xingrg/kc/buy/cgsh_order_operate.html?command=get_materiel&rest_code=00105&code=00101004019&supplier_code=00100323&order_time=2020-12-20 HTTP/1.1" 200 413
114.88.161.120 - - [20/Dec/2020:10:45:53 +0800] "GET /xingrg/kc/buy/cgsh_order_operate.html?command=get_materiel&rest_code=00111&code=00101002018&supplier_code=00100094&order_time=2020-12-20 HTTP/1.1" 200 414
180.174.56.115 - - [20/Dec/2020:10:45:53 +0800] "POST /xingrg/dwr/call/plaincall/AjaxYddbService.getUnitPrice.dwr HTTP/1.1" 200 86
114.86.226.116 - - [20/Dec/2020:10:45:53 +0800] "POST /xingrg/kc/buy/cgsh_order_operate.html HTTP/1.1" 200 2065
117.185.32.26 - - [20/Dec/2020:10:45:54 +0800] "GET /xingrg/kc/buy/cgsh_order_operate.html?command=get_materiel&rest_code=00106&code=00101008091&supplier_code=00100007&order_time=2020-12-20 HTTP/1.1" 200 412
180.174.56.115 - - [20/Dec/2020:10:45:55 +0800] "GET /xingrg/all/function/internal_message.html?_=1608432311364&CODE_STATE=getMsg HTTP/1.1" 200 27
180.174.56.115 - - [20/Dec/2020:10:45:56 +0800] "POST /xingrg/dwr/call/plaincall/AjaxYddbService.saveMaterielItem.dwr HTTP/1.1" 200 78
180.174.56.115 - - [20/Dec/2020:10:45:57 +0800] "GET /xingrg/all/function/internal_message.html?_=1608432357163&CODE_STATE=getMsg HTTP/1.1" 200 27
180.174.56.115 - - [20/Dec/2020:10:45:58 +0800] "POST /xingrg/dwr/call/plaincall/AjaxComOrderService.getMaterielSearchList.dwr HTTP/1.1" 200 11200
116.228.172.94 - - [20/Dec/2020:10:45:59 +0800] "GET /xingrg/kc/buy/cgsh_order_operate.html?command=get_materiel&rest_code=00107&code=00101002006&supplier_code=00100091&order_time=2020-12-20 HTTP/1.1" 200 434
180.174.56.115 - - [20/Dec/2020:10:45:59 +0800] "POST /xingrg/dwr/call/plaincall/AjaxComOrderService.getMaterielSearchList.dwr HTTP/1.1" 200 1149
114.86.226.116 - - [20/Dec/2020:10:45:59 +0800] "GET /xingrg/all/function/internal_message.html?_=1608432375038&CODE_STATE=getMsg HTTP/1.1" 200 27
114.86.226.116 - - [20/Dec/2020:10:46:00 +0800] "GET /xingrg/kc/buy/cgsh_order_operate.html?command=get_materiel&rest_code=00109&code=00101020005&supplier_code=00100005&order_time=2020-12-20 HTTP/1.1" 200 408
180.174.56.115 - - [20/Dec/2020:10:46:00 +0800] "POST /xingrg/dwr/call/plaincall/AjaxYddbService.getMaterielByMap.dwr HTTP/1.1" 200 3740
180.174.56.115 - - [20/Dec/2020:10:46:02 +0800] "POST /xingrg/dwr/call/plaincall/AjaxYddbService.saveMaterielItem.dwr HTTP/1.1" 200 79
117.184.7.26 - - [20/Dec/2020:10:46:02 +0800] "GET /xingrg/all/function/internal_message.html?_=1608432358109&CODE_STATE=getMsg HTTP/1.1" 200 27
180.162.223.42 - - [20/Dec/2020:10:46:02 +0800] "GET /xingrg/kc/buy/cgsh_order_operate.html?command=get_materiel&rest_code=00105&code=00101006023&supplier_code=00100323&order_time=2020-12-20 HTTP/1.1" 200 420
114.88.161.120 - - [20/Dec/2020:10:46:04 +0800] "POST /xingrg/kc/buy/cgsh_order_operate.html HTTP/1.1" 200 37
180.152.104.37 - - [20/Dec/2020:10:46:04 +0800] "GET /xingrg/kc/buy/cgsh_order_operate.html?command=get_materiel&rest_code=00102&code=00101015037&supplier_code=00100054&order_time=2020-12-20 HTTP/1.1" 200 412
117.185.32.26 - - [20/Dec/2020:10:46:05 +0800] "GET /xingrg/kc/buy/cgsh_order_operate.html?command=get_materiel&rest_code=00106&code=00101008234&supplier_code=00100007&order_time=2020-12-20 HTTP/1.1" 200 408
114.88.161.120 - - [20/Dec/2020:10:46:05 +0800] "POST /xingrg/kc/buy/cgsh_order_operate.html HTTP/1.1" 200 2662
117.185.32.26 - - [20/Dec/2020:10:46:06 +0800] "GET /xingrg/all/function/internal_message.html?_=1608432355647&CODE_STATE=getMsg HTTP/1.1" 200 27
180.162.223.42 - - [20/Dec/2020:10:46:06 +0800] "GET /xingrg/all/function/internal_message.html?_=1608432362110&CODE_STATE=getMsg HTTP/1.1" 200 27
180.162.223.42 - - [20/Dec/2020:10:46:07 +0800] "GET /xingrg/check_reg.html?_=1608432363136 HTTP/1.1" 200 22
116.230.106.194 - - [20/Dec/2020:10:46:07 +0800] "GET /xingrg/all/function/internal_message.html?_=1608432361449&CODE_STATE=getMsg HTTP/1.1" 200 27
180.174.56.115 - - [20/Dec/2020:10:46:07 +0800] "POST /xingrg/dwr/call/plaincall/AjaxComOrderService.getMaterielSearchList.dwr HTTP/1.1" 200 16903
114.88.161.120 - - [20/Dec/2020:10:46:08 +0800] "GET /xingrg/kc/print/load_data.html?order_code=212020122007931&kc_code=cgsh&condition= HTTP/1.1" 200 753
114.86.226.116 - - [20/Dec/2020:10:46:08 +0800] "GET /xingrg/kc/buy/cgsh_order_operate.html?command=get_materiel&rest_code=00109&code=00101008251&supplier_code=00100005&order_time=2020-12-20 HTTP/1.1" 200 408
180.174.56.115 - - [20/Dec/2020:10:46:08 +0800] "POST /xingrg/dwr/call/plaincall/AjaxComOrderService.getMaterielSearchList.dwr HTTP/1.1" 200 1347
180.174.56.115 - - [20/Dec/2020:10:46:10 +0800] "POST /xingrg/dwr/call/plaincall/AjaxYddbService.getMaterielByMap.dwr HTTP/1.1" 200 3767
117.185.32.26 - - [20/Dec/2020:10:46:11 +0800] "GET /xingrg/kc/buy/cgsh_order_operate.html?command=get_materiel&rest_code=00106&code=00101009024&supplier_code=00100007&order_time=2020-12-20 HTTP/1.1" 200 423
180.174.56.115 - - [20/Dec/2020:10:46:12 +0800] "POST /xingrg/dwr/call/plaincall/AjaxYddbService.saveMaterielItem.dwr HTTP/1.1" 200 79
116.228.172.94 - - [20/Dec/2020:10:46:14 +0800] "GET /xingrg/kc/buy/cgsh_order_operate.html?command=get_materiel&rest_code=00107&code=00101010309&supplier_code=00100091&order_time=2020-12-20 HTTP/1.1" 200 423
180.174.56.115 - - [20/Dec/2020:10:46:15 +0800] "POST /xingrg/dwr/call/plaincall/AjaxComOrderService.getMaterielSearchList.dwr HTTP/1.1" 200 459108
117.185.32.26 - - [20/Dec/2020:10:46:15 +0800] "GET /xingrg/kc/buy/cgsh_order_operate.html?command=get_materiel&rest_code=00106&code=00101008155&supplier_code=00100007&order_time=2020-12-20 HTTP/1.1" 200 408
180.162.223.42 - - [20/Dec/2020:10:46:16 +0800] "GET /xingrg/kc/buy/cgsh_order_operate.html?command=get_materiel&rest_code=00105&code=00101007106&supplier_code=00100323&order_time=2020-12-20 HTTP/1.1" 200 409
180.174.56.115 - - [20/Dec/2020:10:46:16 +0800] "POST /xingrg/dwr/call/plaincall/AjaxComOrderService.getMaterielSearchList.dwr HTTP/1.1" 200 2727
180.152.104.37 - - [20/Dec/2020:10:46:16 +0800] "GET /xingrg/all/function/internal_message.html?_=1608432372699&CODE_STATE=getMsg HTTP/1.1" 200 27
180.157.253.48 - - [20/Dec/2020:10:46:16 +0800] "GET /xingrg/all/function/internal_message.html?_=1608432372640&CODE_STATE=getMsg HTTP/1.1" 200 27
180.174.56.115 - - [20/Dec/2020:10:46:18 +0800] "POST /xingrg/dwr/call/plaincall/AjaxYddbService.getMaterielByMap.dwr HTTP/1.1" 200 3758
117.131.5.26 - - [20/Dec/2020:10:46:19 +0800] "GET /xingrg/all/function/internal_message.html?_=1608432418308&CODE_STATE=getMsg HTTP/1.1" 200 27
117.131.5.26 - - [20/Dec/2020:10:46:19 +0800] "GET /xingrg/all/function/internal_message.html?_=1608432706417&CODE_STATE=getMsg HTTP/1.1" 302 -
117.131.5.26 - - [20/Dec/2020:10:46:19 +0800] "GET /xingrg/login.html HTTP/1.1" 200 7641
180.174.56.115 - - [20/Dec/2020:10:46:19 +0800] "POST /xingrg/dwr/call/plaincall/AjaxYddbService.getUnitPrice.dwr HTTP/1.1" 200 87
180.174.56.115 - - [20/Dec/2020:10:46:21 +0800] "GET /xingrg/images/yd/bt2.gif HTTP/1.1" 404 1042
180.174.56.115 - - [20/Dec/2020:10:46:22 +0800] "POST /xingrg/dwr/call/plaincall/AjaxYddbService.saveMaterielItem.dwr HTTP/1.1" 200 79
222.69.139.155 - - [20/Dec/2020:10:46:23 +0800] "GET /xingrg/all/function/internal_message.html?_=1608432379632&CODE_STATE=getMsg HTTP/1.1" 200 27
180.162.223.42 - - [20/Dec/2020:10:46:23 +0800] "GET /xingrg/kc/buy/cgsh_order_operate.html?command=get_materiel&rest_code=00105&code=00101007044&supplier_code=00100323&order_time=2020-12-20 HTTP/1.1" 200 424
172.17.0.119 - - [20/Dec/2020:10:46:25 +0800] "GET /xingrg/all/function/internal_message.html?_=1608432381479&CODE_STATE=getMsg HTTP/1.1" 200 27
180.174.56.115 - - [20/Dec/2020:10:46:26 +0800] "POST /xingrg/dwr/call/plaincall/AjaxYddbService.saveMaterielItem.dwr HTTP/1.1" 200 79
114.88.161.120 - - [20/Dec/2020:10:46:26 +0800] "GET /xingrg/kc/buy/cgsh_order_add.html HTTP/1.1" 200 60964
114.88.161.120 - - [20/Dec/2020:10:46:27 +0800] "POST /xingrg/kc/buy/cgsh_order_operate.html HTTP/1.1" 200 8245
114.88.161.120 - - [20/Dec/2020:10:46:27 +0800] "GET /xingrg/javascript/easyui/themes/default/validatebox.css HTTP/1.1" 404 1104
116.228.172.94 - - [20/Dec/2020:10:46:27 +0800] "POST /xingrg/kc/buy/cgsh_order_operate.html HTTP/1.1" 200 37
117.185.32.26 - - [20/Dec/2020:10:46:27 +0800] "GET /xingrg/kc/buy/cgsh_order_operate.html?command=get_materiel&rest_code=00106&code=00101008010&supplier_code=00100007&order_time=2020-12-20 HTTP/1.1" 200 412
116.228.172.94 - - [20/Dec/2020:10:46:28 +0800] "POST /xingrg/kc/buy/cgsh_order_operate.html HTTP/1.1" 200 3263
114.86.226.116 - - [20/Dec/2020:10:46:29 +0800] "GET /xingrg/kc/buy/cgsh_order_operate.html?command=get_materiel&rest_code=00109&code=00101008051&supplier_code=00100005&order_time=2020-12-20 HTTP/1.1" 200 427
116.228.172.94 - - [20/Dec/2020:10:46:30 +0800] "GET /xingrg/kc/print/load_data.html?order_code=212020122007932&kc_code=cgsh&condition= HTTP/1.1" 200 975
180.174.56.115 - - [20/Dec/2020:10:46:32 +0800] "POST /xingrg/dwr/call/plaincall/AjaxYddbService.checkOrder.dwr HTTP/1.1" 200 79
180.174.56.115 - - [20/Dec/2020:10:46:33 +0800] "GET /xingrg/kc/base/yddb_order_info.html?code=482020122000155 HTTP/1.1" 200 29383
180.174.56.115 - - [20/Dec/2020:10:46:33 +0800] "GET /xingrg/dwr/interface/AjaxComOrderService.js HTTP/1.1" 200 18264
180.174.56.115 - - [20/Dec/2020:10:46:33 +0800] "GET /xingrg/dwr/interface/AjaxYddbService.js HTTP/1.1" 200 13201
180.174.56.115 - - [20/Dec/2020:10:46:34 +0800] "GET /xingrg/dwr/engine.js HTTP/1.1" 200 43631
117.185.32.26 - - [20/Dec/2020:10:46:34 +0800] "GET /xingrg/kc/buy/cgsh_order_operate.html?command=get_materiel&rest_code=00106&code=00101008312&supplier_code=00100007&order_time=2020-12-20 HTTP/1.1" 200 412
114.88.161.120 - - [20/Dec/2020:10:46:34 +0800] "GET /xingrg/all/function/internal_message.html?_=1608432531781&CODE_STATE=getMsg HTTP/1.1" 200 27
116.228.172.94 - - [20/Dec/2020:10:46:34 +0800] "GET /xingrg/kc/buy/cgsh_order_add.html HTTP/1.1" 200 61052
180.174.56.115 - - [20/Dec/2020:10:46:35 +0800] "POST /xingrg/dwr/call/plaincall/AjaxYddbService.loadMaterielItems.dwr HTTP/1.1" 200 1592
116.228.172.94 - - [20/Dec/2020:10:46:35 +0800] "GET /xingrg/javascript/easyui/themes/default/validatebox.css HTTP/1.1" 404 1104
116.228.172.94 - - [20/Dec/2020:10:46:35 +0800] "POST /xingrg/kc/buy/cgsh_order_operate.html HTTP/1.1" 200 8245
116.228.172.94 - - [20/Dec/2020:10:46:37 +0800] "GET /xingrg/javascript/easyui/themes/default/tree.css HTTP/1.1" 404 1090
116.228.172.94 - - [20/Dec/2020:10:46:37 +0800] "POST /xingrg/all/common/load_tree.html?tree=supplier_tree_json&isDelete=1 HTTP/1.1" 200 52587
116.228.172.94 - - [20/Dec/2020:10:46:40 +0800] "GET /xingrg/all/function/internal_message.html?_=1608432396294&CODE_STATE=getMsg HTTP/1.1" 200 27
180.162.223.42 - - [20/Dec/2020:10:46:41 +0800] "GET /xingrg/kc/buy/cgsh_order_operate.html?command=get_materiel&rest_code=00105&code=00101006150&supplier_code=00100323&order_time=2020-12-20 HTTP/1.1" 200 413
114.86.226.116 - - [20/Dec/2020:10:46:42 +0800] "GET /xingrg/kc/buy/cgsh_order_operate.html?command=get_materiel&rest_code=00109&code=00101008306&supplier_code=00100005&order_time=2020-12-20 HTTP/1.1" 200 412
117.185.32.26 - - [20/Dec/2020:10:46:44 +0800] "GET /xingrg/kc/buy/cgsh_order_operate.html?command=get_materiel&rest_code=00106&code=00101008283&supplier_code=00100007&order_time=2020-12-20 HTTP/1.1" 200 408
180.174.56.115 - - [20/Dec/2020:10:46:45 +0800] "GET /xingrg/check_reg.html?_=1608432360877 HTTP/1.1" 200 22
180.174.56.115 - - [20/Dec/2020:10:46:46 +0800] "POST /xingrg/all/user/operate.html HTTP/1.1" 200 36
180.174.56.115 - - [20/Dec/2020:10:46:46 +0800] "GET /xingrg/javascript/jquery_easy_ui/themes/default/easyui.css HTTP/1.1" 304 -
180.174.56.115 - - [20/Dec/2020:10:46:46 +0800] "GET /xingrg/index.html?sysBaseUrl=http%3A%2F%2F180.169.147.146%3A18081%2Fxingrg%2F&costTime=96×tamp=1608427196539 HTTP/1.1" 200 17177
180.174.56.115 - - [20/Dec/2020:10:46:46 +0800] "GET /xingrg/javascript/jquery_easy_ui/themes/icon.css HTTP/1.1" 304 -
180.174.56.115 - - [20/Dec/2020:10:46:46 +0800] "GET /xingrg/css/form.css HTTP/1.1" 304 -
180.174.56.115 - - [20/Dec/2020:10:46:46 +0800] "GET /xingrg/javascript/jquery-1.4.2.min.js HTTP/1.1" 304 -
180.174.56.115 - - [20/Dec/2020:10:46:46 +0800] "GET /xingrg/javascript/jquery_easy_ui/jquery.easyui.min.js HTTP/1.1" 304 -
180.174.56.115 - - [20/Dec/2020:10:46:46 +0800] "GET /xingrg/javascript/jquery_easy_ui/easyui-lang-zh_CN.js HTTP/1.1" 304 -
180.174.56.115 - - [20/Dec/2020:10:46:46 +0800] "GET /xingrg/javascript/jquery.form.js HTTP/1.1" 304 -
180.174.56.115 - - [20/Dec/2020:10:46:46 +0800] "GET /xingrg/javascript/jquery.utils.js HTTP/1.1" 304 -
180.174.56.115 - - [20/Dec/2020:10:46:46 +0800] "GET /xingrg/javascript/jquery.timers.js HTTP/1.1" 304 -
180.174.56.115 - - [20/Dec/2020:10:46:47 +0800] "GET /xingrg/images/blue/jxLogo.png HTTP/1.1" 304 -
180.174.56.115 - - [20/Dec/2020:10:46:47 +0800] "GET /xingrg/images/blue/navBackgound.jpg HTTP/1.1" 304 -
180.174.56.115 - - [20/Dec/2020:10:46:47 +0800] "GET /xingrg/javascript/jquery_easy_ui/themes/icons/settle_new.png HTTP/1.1" 304 -
180.174.56.115 - - [20/Dec/2020:10:46:47 +0800] "POST /xingrg/all/common/load_tree.html?tree=area_rest_tree_json&manage=1 HTTP/1.1" 200 476
180.174.56.115 - - [20/Dec/2020:10:46:47 +0800] "GET /xingrg/all/function/internal_message.html?_=1608432407092&CODE_STATE=count HTTP/1.1" 200 11
180.174.56.115 - - [20/Dec/2020:10:46:47 +0800] "GET /xingrg/images/blue/pingpu.png HTTP/1.1" 304 -
180.174.56.115 - - [20/Dec/2020:10:46:47 +0800] "GET /xingrg/check_reg.html?_=1608432407093 HTTP/1.1" 200 22
180.174.56.115 - - [20/Dec/2020:10:46:47 +0800] "GET /xingrg/javascript/jquery_easy_ui/themes/default/images/panel_tool_collapse.gif HTTP/1.1" 304 -
180.174.56.115 - - [20/Dec/2020:10:46:47 +0800] "GET /xingrg/javascript/jquery_easy_ui/themes/default/images/tabs_leftarrow.png HTTP/1.1" 304 -
180.174.56.115 - - [20/Dec/2020:10:46:47 +0800] "GET /xingrg/javascript/jquery_easy_ui/themes/default/images/tabs_rightarrow.png HTTP/1.1" 304 -
180.174.56.115 - - [20/Dec/2020:10:46:47 +0800] "POST /xingrg/load_menu.html HTTP/1.1" 200 5138
114.88.159.147 - - [20/Dec/2020:10:46:47 +0800] "GET /xingrg/all/function/internal_message.html?_=1608432424464&CODE_STATE=getMsg HTTP/1.1" 200 27
58.40.7.146 - - [20/Dec/2020:10:46:47 +0800] "GET /xingrg/all/function/internal_message.html?_=1608432403203&CODE_STATE=getMsg HTTP/1.1" 200 27
114.86.226.116 - - [20/Dec/2020:10:46:49 +0800] "GET /xingrg/kc/buy/cgsh_order_operate.html?command=get_materiel&rest_code=00109&code=00101008003&supplier_code=00100005&order_time=2020-12-20 HTTP/1.1" 200 408
180.174.56.115 - - [20/Dec/2020:10:46:49 +0800] "GET /xingrg/kc/base/yddb_order_list.html HTTP/1.1" 200 16949
180.174.56.115 - - [20/Dec/2020:10:46:49 +0800] "POST /xingrg/kc/base/yddb_list_operate.html HTTP/1.1" 200 636
180.162.223.42 - - [20/Dec/2020:10:46:50 +0800] "GET /xingrg/kc/buy/cgsh_order_operate.html?command=get_materiel&rest_code=00105&code=00101001213&supplier_code=00100323&order_time=2020-12-20 HTTP/1.1" 200 441
172.17.0.102 - - [20/Dec/2020:10:46:51 +0800] "GET /xingrg/all/function/internal_message.html?_=1608432407166&CODE_STATE=getMsg HTTP/1.1" 200 27
172.17.0.102 - - [20/Dec/2020:10:46:51 +0800] "GET /xingrg/check_reg.html?_=1608432407169 HTTP/1.1" 200 22
180.174.56.115 - - [20/Dec/2020:10:46:51 +0800] "POST /xingrg/kc/base/yddb_list_operate.html HTTP/1.1" 200 1604
117.185.32.26 - - [20/Dec/2020:10:46:52 +0800] "GET /xingrg/kc/buy/cgsh_order_operate.html?command=get_materiel&rest_code=00106&code=00101008096&supplier_code=00100007&order_time=2020-12-20 HTTP/1.1" 200 413
180.174.56.115 - - [20/Dec/2020:10:46:52 +0800] "POST /xingrg/kc/base/yddb_list_operate.html HTTP/1.1" 200 311
180.174.56.115 - - [20/Dec/2020:10:46:53 +0800] "GET /xingrg/kc/base/yddb_order_info.html?code=482020122000154 HTTP/1.1" 200 30947
180.174.56.115 - - [20/Dec/2020:10:46:53 +0800] "GET /xingrg/dwr/interface/AjaxComOrderService.js HTTP/1.1" 200 18264
180.174.56.115 - - [20/Dec/2020:10:46:53 +0800] "GET /xingrg/dwr/interface/AjaxYddbService.js HTTP/1.1" 200 13201
180.174.56.115 - - [20/Dec/2020:10:46:53 +0800] "GET /xingrg/dwr/engine.js HTTP/1.1" 200 43631
180.174.56.115 - - [20/Dec/2020:10:46:53 +0800] "POST /xingrg/dwr/call/plaincall/AjaxYddbService.loadMaterielItems.dwr HTTP/1.1" 200 842
180.162.223.42 - - [20/Dec/2020:10:46:54 +0800] "POST /xingrg/all/common/load_select.html HTTP/1.1" 200 38
180.174.56.115 - - [20/Dec/2020:10:46:55 +0800] "GET /xingrg/all/function/internal_message.html?_=1608432371369&CODE_STATE=getMsg HTTP/1.1" 200 27
180.174.56.115 - - [20/Dec/2020:10:46:56 +0800] "POST /xingrg/dwr/call/plaincall/AjaxYddbService.saveOrder.dwr HTTP/1.1" 200 78
180.162.223.42 - - [20/Dec/2020:10:46:57 +0800] "GET /xingrg/kc/buy/cgsh_order_operate.html?command=get_materiel_price&rest_code=00105&code=00101001213&unit_code=00100488&supplier_code=00100323&order_time=2020-12-20 HTTP/1.1" 200 29
114.86.226.116 - - [20/Dec/2020:10:46:57 +0800] "POST /xingrg/kc/buy/cgsh_order_operate.html HTTP/1.1" 200 2065
116.228.172.94 - - [20/Dec/2020:10:46:59 +0800] "GET /xingrg/kc/buy/cgsh_order_operate.html?command=get_materiel&rest_code=00107&code=00101003025&supplier_code=00100093&order_time=2020-12-20 HTTP/1.1" 200 409
180.174.56.115 - - [20/Dec/2020:10:46:59 +0800] "POST /xingrg/dwr/call/plaincall/AjaxYddbService.objCheckOrder.dwr HTTP/1.1" 200 78
114.86.226.116 - - [20/Dec/2020:10:46:59 +0800] "GET /xingrg/all/function/internal_message.html?_=1608432435049&CODE_STATE=getMsg HTTP/1.1" 200 27
180.174.56.115 - - [20/Dec/2020:10:47:00 +0800] "GET /xingrg/kc/base/yddb_order_info.html?code=482020122000154 HTTP/1.1" 200 31068
180.174.56.115 - - [20/Dec/2020:10:47:00 +0800] "GET /xingrg/dwr/interface/AjaxComOrderService.js HTTP/1.1" 200 18264
180.174.56.115 - - [20/Dec/2020:10:47:00 +0800] "GET /xingrg/dwr/interface/AjaxYddbService.js HTTP/1.1" 200 13201
180.174.56.115 - - [20/Dec/2020:10:47:00 +0800] "GET /xingrg/dwr/engine.js HTTP/1.1" 200 43631
180.174.56.115 - - [20/Dec/2020:10:47:00 +0800] "POST /xingrg/dwr/call/plaincall/AjaxYddbService.loadMaterielItems.dwr HTTP/1.1" 200 842
180.174.56.115 - - [20/Dec/2020:10:47:01 +0800] "GET /xingrg/kc/base/yddb_order_list.html?isBack=1 HTTP/1.1" 200 16949
180.174.56.115 - - [20/Dec/2020:10:47:01 +0800] "POST /xingrg/kc/base/yddb_list_operate.html HTTP/1.1" 200 636
114.86.226.116 - - [20/Dec/2020:10:47:02 +0800] "GET /xingrg/kc/buy/cgsh_order_operate.html?command=get_materiel&rest_code=00109&code=00101008356&supplier_code=00100005&order_time=2020-12-20 HTTP/1.1" 200 408
117.184.7.26 - - [20/Dec/2020:10:47:02 +0800] "GET /xingrg/all/function/internal_message.html?_=1608432418086&CODE_STATE=getMsg HTTP/1.1" 200 27
180.174.56.115 - - [20/Dec/2020:10:47:03 +0800] "POST /xingrg/kc/base/yddb_list_operate.html HTTP/1.1" 200 1346
117.185.32.26 - - [20/Dec/2020:10:47:04 +0800] "GET /xingrg/kc/buy/cgsh_order_operate.html?command=get_materiel&rest_code=00106&code=00101008026&supplier_code=00100007&order_time=2020-12-20 HTTP/1.1" 200 409
180.174.56.115 - - [20/Dec/2020:10:47:04 +0800] "POST /xingrg/kc/base/yddb_list_operate.html HTTP/1.1" 200 477
180.174.56.115 - - [20/Dec/2020:10:47:05 +0800] "GET /xingrg/kc/base/yddb_order_info.html?code=482020122000155 HTTP/1.1" 200 30948
180.174.56.115 - - [20/Dec/2020:10:47:05 +0800] "GET /xingrg/dwr/interface/AjaxComOrderService.js HTTP/1.1" 200 18264
180.174.56.115 - - [20/Dec/2020:10:47:05 +0800] "GET /xingrg/dwr/interface/AjaxYddbService.js HTTP/1.1" 200 13201
180.174.56.115 - - [20/Dec/2020:10:47:05 +0800] "GET /xingrg/dwr/engine.js HTTP/1.1" 200 43631
180.174.56.115 - - [20/Dec/2020:10:47:05 +0800] "POST /xingrg/dwr/call/plaincall/AjaxYddbService.loadMaterielItems.dwr HTTP/1.1" 200 1592
180.162.223.42 - - [20/Dec/2020:10:47:05 +0800] "GET /xingrg/kc/buy/cgsh_order_operate.html?command=get_materiel&rest_code=00105&code=00101008187&supplier_code=00100323&order_time=2020-12-20 HTTP/1.1" 200 432
117.185.32.26 - - [20/Dec/2020:10:47:06 +0800] "GET /xingrg/all/function/internal_message.html?_=1608432415651&CODE_STATE=getMsg HTTP/1.1" 200 27
180.162.223.42 - - [20/Dec/2020:10:47:06 +0800] "GET /xingrg/all/function/internal_message.html?_=1608432422092&CODE_STATE=getMsg HTTP/1.1" 200 27
116.228.172.94 - - [20/Dec/2020:10:47:06 +0800] "POST /xingrg/kc/buy/cgsh_order_operate.html HTTP/1.1" 200 37
116.230.106.194 - - [20/Dec/2020:10:47:07 +0800] "GET /xingrg/all/function/internal_message.html?_=1608432421441&CODE_STATE=getMsg HTTP/1.1" 200 27
116.228.172.94 - - [20/Dec/2020:10:47:08 +0800] "POST /xingrg/kc/buy/cgsh_order_operate.html HTTP/1.1" 200 2653
114.86.226.116 - - [20/Dec/2020:10:47:08 +0800] "GET /xingrg/kc/buy/cgsh_order_operate.html?command=get_materiel&rest_code=00109&code=00101008069&supplier_code=00100005&order_time=2020-12-20 HTTP/1.1" 200 412
180.174.56.115 - - [20/Dec/2020:10:47:08 +0800] "POST /xingrg/dwr/call/plaincall/AjaxYddbService.saveOrder.dwr HTTP/1.1" 200 78
114.88.161.120 - - [20/Dec/2020:10:47:09 +0800] "GET /xingrg/kc/buy/cgsh_order_operate.html?command=get_materiel&rest_code=00111&code=00101006026&supplier_code=00100325&order_time=2020-12-20 HTTP/1.1" 200 409
116.228.172.94 - - [20/Dec/2020:10:47:09 +0800] "GET /xingrg/kc/print/load_data.html?order_code=212020122007933&kc_code=cgsh&condition= HTTP/1.1" 200 713
180.162.223.42 - - [20/Dec/2020:10:47:11 +0800] "POST /xingrg/kc/buy/cgsh_order_operate.html HTTP/1.1" 200 37
180.162.223.42 - - [20/Dec/2020:10:47:12 +0800] "POST /xingrg/kc/buy/cgsh_order_operate.html HTTP/1.1" 200 9263
180.174.56.115 - - [20/Dec/2020:10:47:12 +0800] "POST /xingrg/dwr/call/plaincall/AjaxYddbService.objCheckOrder.dwr HTTP/1.1" 200 78
180.174.56.115 - - [20/Dec/2020:10:47:13 +0800] "GET /xingrg/kc/base/yddb_order_info.html?code=482020122000155 HTTP/1.1" 200 31069
180.174.56.115 - - [20/Dec/2020:10:47:13 +0800] "GET /xingrg/dwr/interface/AjaxComOrderService.js HTTP/1.1" 200 18264
180.174.56.115 - - [20/Dec/2020:10:47:13 +0800] "GET /xingrg/dwr/interface/AjaxYddbService.js HTTP/1.1" 200 13201
180.174.56.115 - - [20/Dec/2020:10:47:13 +0800] "GET /xingrg/dwr/engine.js HTTP/1.1" 200 43631
180.174.56.115 - - [20/Dec/2020:10:47:13 +0800] "POST /xingrg/dwr/call/plaincall/AjaxYddbService.loadMaterielItems.dwr HTTP/1.1" 200 1592
116.228.172.94 - - [20/Dec/2020:10:47:13 +0800] "GET /xingrg/kc/buy/cgsh_order_add.html HTTP/1.1" 200 61052
180.162.223.42 - - [20/Dec/2020:10:47:14 +0800] "GET /xingrg/kc/print/load_data.html?order_code=212020122007934&kc_code=cgsh&condition= HTTP/1.1" 200 3222
116.228.172.94 - - [20/Dec/2020:10:47:14 +0800] "POST /xingrg/kc/buy/cgsh_order_operate.html HTTP/1.1" 200 8245
116.228.172.94 - - [20/Dec/2020:10:47:14 +0800] "GET /xingrg/javascript/easyui/themes/default/validatebox.css HTTP/1.1" 404 1104
114.86.226.116 - - [20/Dec/2020:10:47:16 +0800] "GET /xingrg/kc/buy/cgsh_order_operate.html?command=get_materiel&rest_code=00109&code=00101008006&supplier_code=00100005&order_time=2020-12-20 HTTP/1.1" 200 416
180.152.104.37 - - [20/Dec/2020:10:47:16 +0800] "GET /xingrg/all/function/internal_message.html?_=1608432432717&CODE_STATE=getMsg HTTP/1.1" 200 27
180.157.253.48 - - [20/Dec/2020:10:47:16 +0800] "GET /xingrg/all/function/internal_message.html?_=1608432432652&CODE_STATE=getMsg HTTP/1.1" 200 27
116.228.172.94 - - [20/Dec/2020:10:47:16 +0800] "GET /xingrg/javascript/easyui/themes/default/tree.css HTTP/1.1" 404 1090
116.228.172.94 - - [20/Dec/2020:10:47:17 +0800] "POST /xingrg/all/common/load_tree.html?tree=supplier_tree_json&isDelete=1 HTTP/1.1" 200 52587
180.162.223.42 - - [20/Dec/2020:10:47:17 +0800] "GET /xingrg/kc/buy/cgsh_order_add.html HTTP/1.1" 200 61011
180.162.223.42 - - [20/Dec/2020:10:47:17 +0800] "POST /xingrg/kc/buy/cgsh_order_operate.html HTTP/1.1" 200 8245
180.162.223.42 - - [20/Dec/2020:10:47:17 +0800] "GET /xingrg/javascript/easyui/themes/default/validatebox.css HTTP/1.1" 404 1104
117.131.5.26 - - [20/Dec/2020:10:47:19 +0800] "GET /xingrg/all/function/internal_message.html?_=1608432478310&CODE_STATE=getMsg HTTP/1.1" 200 27
117.131.5.26 - - [20/Dec/2020:10:47:19 +0800] "GET /xingrg/all/function/internal_message.html?_=1608432766595&CODE_STATE=getMsg HTTP/1.1" 302 -
117.131.5.26 - - [20/Dec/2020:10:47:19 +0800] "GET /xingrg/login.html HTTP/1.1" 200 7641
114.86.226.116 - - [20/Dec/2020:10:47:21 +0800] "GET /xingrg/kc/buy/cgsh_order_operate.html?command=get_materiel&rest_code=00109&code=00101008296&supplier_code=00100005&order_time=2020-12-20 HTTP/1.1" 200 416
222.69.139.155 - - [20/Dec/2020:10:47:23 +0800] "GET /xingrg/all/function/internal_message.html?_=1608432439631&CODE_STATE=getMsg HTTP/1.1" 200 27
172.17.0.119 - - [20/Dec/2020:10:47:25 +0800] "GET /xingrg/all/function/internal_message.html?_=1608432441483&CODE_STATE=getMsg HTTP/1.1" 200 27
180.162.223.42 - - [20/Dec/2020:10:47:28 +0800] "GET /xingrg/kc/buy/cgsh_order_operate.html?command=get_materiel&rest_code=00105&code=00102002167&supplier_code=00100347&order_time=2020-12-20 HTTP/1.1" 200 409
114.86.226.116 - - [20/Dec/2020:10:47:28 +0800] "GET /xingrg/kc/buy/cgsh_order_operate.html?command=get_materiel&rest_code=00109&code=00101008353&supplier_code=00100005&order_time=2020-12-20 HTTP/1.1" 200 408
114.86.226.116 - - [20/Dec/2020:10:47:32 +0800] "POST /xingrg/kc/buy/cgsh_order_operate.html HTTP/1.1" 200 2065
114.88.161.120 - - [20/Dec/2020:10:47:33 +0800] "GET /xingrg/kc/buy/cgsh_order_operate.html?command=get_materiel&rest_code=00111&code=00101007073&supplier_code=00100325&order_time=2020-12-20 HTTP/1.1" 200 419
114.88.161.120 - - [20/Dec/2020:10:47:34 +0800] "GET /xingrg/all/function/internal_message.html?_=1608432591772&CODE_STATE=getMsg HTTP/1.1" 200 27
114.86.226.116 - - [20/Dec/2020:10:47:35 +0800] "GET /xingrg/kc/buy/cgsh_order_operate.html?command=get_materiel&rest_code=00109&code=00101008213&supplier_code=00100005&order_time=2020-12-20 HTTP/1.1" 200 412
116.228.172.94 - - [20/Dec/2020:10:47:36 +0800] "GET /xingrg/kc/buy/cgsh_order_operate.html?command=get_materiel&rest_code=00107&code=00101006101&supplier_code=00100324&order_time=2020-12-20 HTTP/1.1" 200 421
117.185.32.26 - - [20/Dec/2020:10:47:37 +0800] "GET /xingrg/kc/buy/cgsh_order_operate.html?command=get_materiel&rest_code=00106&code=00101008110&supplier_code=00100007&order_time=2020-12-20 HTTP/1.1" 200 408
58.40.7.146 - - [20/Dec/2020:10:47:39 +0800] "POST /xingrg/services/DataTransmitService HTTP/1.1" 200 524
116.228.172.94 - - [20/Dec/2020:10:47:40 +0800] "GET /xingrg/all/function/internal_message.html?_=1608432456271&CODE_STATE=getMsg HTTP/1.1" 200 27
114.86.226.116 - - [20/Dec/2020:10:47:42 +0800] "GET /xingrg/kc/buy/cgsh_order_operate.html?command=get_materiel&rest_code=00109&code=00101008290&supplier_code=00100005&order_time=2020-12-20 HTTP/1.1" 200 416
117.185.32.26 - - [20/Dec/2020:10:47:45 +0800] "GET /xingrg/kc/buy/cgsh_order_operate.html?command=get_materiel&rest_code=00106&code=00101008038&supplier_code=00100007&order_time=2020-12-20 HTTP/1.1" 200 412
180.174.56.115 - - [20/Dec/2020:10:47:47 +0800] "GET /xingrg/all/function/internal_message.html?_=1608432467101&CODE_STATE=getMsg HTTP/1.1" 200 27
114.88.159.147 - - [20/Dec/2020:10:47:47 +0800] "GET /xingrg/all/function/internal_message.html?_=1608432484443&CODE_STATE=getMsg HTTP/1.1" 200 27
58.40.7.146 - - [20/Dec/2020:10:47:47 +0800] "GET /xingrg/all/function/internal_message.html?_=1608432463207&CODE_STATE=getMsg HTTP/1.1" 200 27
172.17.0.102 - - [20/Dec/2020:10:47:51 +0800] "GET /xingrg/all/function/internal_message.html?_=1608432467180&CODE_STATE=getMsg HTTP/1.1" 200 27
180.174.56.115 - - [20/Dec/2020:10:47:55 +0800] "GET /xingrg/all/function/internal_message.html?_=1608432431383&CODE_STATE=getMsg HTTP/1.1" 200 27
117.185.32.26 - - [20/Dec/2020:10:47:59 +0800] "GET /xingrg/check_reg.html?_=1608432469030 HTTP/1.1" 200 22
114.86.226.116 - - [20/Dec/2020:10:47:59 +0800] "GET /xingrg/all/function/internal_message.html?_=1608432495045&CODE_STATE=getMsg HTTP/1.1" 200 27
117.185.32.26 - - [20/Dec/2020:10:48:01 +0800] "GET /xingrg/kc/buy/cgsh_order_operate.html?command=get_materiel&rest_code=00106&code=00101008125&supplier_code=00100007&order_time=2020-12-20 HTTP/1.1" 200 432
117.184.7.26 - - [20/Dec/2020:10:48:02 +0800] "GET /xingrg/all/function/internal_message.html?_=1608432478105&CODE_STATE=getMsg HTTP/1.1" 200 27
117.185.32.26 - - [20/Dec/2020:10:48:06 +0800] "GET /xingrg/all/function/internal_message.html?_=1608432475685&CODE_STATE=getMsg HTTP/1.1" 200 27
180.162.223.42 - - [20/Dec/2020:10:48:06 +0800] "GET /xingrg/all/function/internal_message.html?_=1608432482066&CODE_STATE=getMsg HTTP/1.1" 200 27
116.230.106.194 - - [20/Dec/2020:10:48:07 +0800] "GET /xingrg/all/function/internal_message.html?_=1608432481417&CODE_STATE=getMsg HTTP/1.1" 200 27
116.228.172.94 - - [20/Dec/2020:10:48:10 +0800] "GET /xingrg/kc/buy/cgsh_order_operate.html?command=get_materiel&rest_code=00107&code=00101006099&supplier_code=00100324&order_time=2020-12-20 HTTP/1.1" 200 437
114.88.161.120 - - [20/Dec/2020:10:48:12 +0800] "GET /xingrg/kc/buy/cgsh_order_operate.html?command=get_materiel&rest_code=00111&code=00101006179&supplier_code=00100325&order_time=2020-12-20 HTTP/1.1" 200 421
172.17.0.123 - - [20/Dec/2020:10:48:13 +0800] "GET /xingrg/check_reg.html?_=1608432405105 HTTP/1.1" 200 22
180.152.104.37 - - [20/Dec/2020:10:48:16 +0800] "GET /xingrg/all/function/internal_message.html?_=1608432492789&CODE_STATE=getMsg HTTP/1.1" 200 27
180.157.253.48 - - [20/Dec/2020:10:48:16 +0800] "GET /xingrg/all/function/internal_message.html?_=1608432492665&CODE_STATE=getMsg HTTP/1.1" 200 27
117.185.32.26 - - [20/Dec/2020:10:48:18 +0800] "GET /xingrg/kc/buy/cgsh_order_operate.html?command=get_materiel&rest_code=00106&code=00101008298&supplier_code=00100007&order_time=2020-12-20 HTTP/1.1" 200 413
117.131.5.26 - - [20/Dec/2020:10:48:19 +0800] "GET /xingrg/all/function/internal_message.html?_=1608432538310&CODE_STATE=getMsg HTTP/1.1" 200 27
117.131.5.26 - - [20/Dec/2020:10:48:19 +0800] "GET /xingrg/all/function/internal_message.html?_=1608432826614&CODE_STATE=getMsg HTTP/1.1" 302 -
117.131.5.26 - - [20/Dec/2020:10:48:19 +0800] "GET /xingrg/login.html HTTP/1.1" 200 7641
180.174.56.115 - - [20/Dec/2020:10:48:22 +0800] "GET /xingrg/kc/base/yddb_order_list.html?isBack=1 HTTP/1.1" 200 16949
180.174.56.115 - - [20/Dec/2020:10:48:22 +0800] "POST /xingrg/kc/base/yddb_list_operate.html HTTP/1.1" 200 636
222.69.139.155 - - [20/Dec/2020:10:48:23 +0800] "GET /xingrg/all/function/internal_message.html?_=1608432499636&CODE_STATE=getMsg HTTP/1.1" 200 27
180.174.56.115 - - [20/Dec/2020:10:48:25 +0800] "POST /xingrg/kc/base/yddb_list_operate.html HTTP/1.1" 200 636
172.17.0.119 - - [20/Dec/2020:10:48:25 +0800] "GET /xingrg/all/function/internal_message.html?_=1608432501486&CODE_STATE=getMsg HTTP/1.1" 200 27
172.17.0.119 - - [20/Dec/2020:10:48:25 +0800] "GET /xingrg/check_reg.html?_=1608432501488 HTTP/1.1" 200 22
116.228.172.94 - - [20/Dec/2020:10:48:26 +0800] "POST /xingrg/kc/buy/cgsh_order_operate.html HTTP/1.1" 200 37
116.228.172.94 - - [20/Dec/2020:10:48:27 +0800] "POST /xingrg/kc/buy/cgsh_order_operate.html HTTP/1.1" 200 3282
117.185.32.26 - - [20/Dec/2020:10:48:28 +0800] "GET /xingrg/kc/buy/cgsh_order_operate.html?command=get_materiel&rest_code=00106&code=00101008163&supplier_code=00100007&order_time=2020-12-20 HTTP/1.1" 200 409
180.174.56.115 - - [20/Dec/2020:10:48:29 +0800] "POST /xingrg/all/user/operate.html HTTP/1.1" 200 36
116.228.172.94 - - [20/Dec/2020:10:48:29 +0800] "GET /xingrg/kc/print/load_data.html?order_code=212020122007935&kc_code=cgsh&condition= HTTP/1.1" 200 933
180.174.56.115 - - [20/Dec/2020:10:48:29 +0800] "GET /xingrg/index.html?sysBaseUrl=http%3A%2F%2F180.169.147.146%3A18081%2Fxingrg%2F&costTime=96×tamp=1608427196539 HTTP/1.1" 200 17179
180.174.56.115 - - [20/Dec/2020:10:48:29 +0800] "GET /xingrg/javascript/jquery_easy_ui/themes/default/easyui.css HTTP/1.1" 304 -
180.174.56.115 - - [20/Dec/2020:10:48:29 +0800] "GET /xingrg/javascript/jquery_easy_ui/themes/icon.css HTTP/1.1" 304 -
180.174.56.115 - - [20/Dec/2020:10:48:29 +0800] "GET /xingrg/css/form.css HTTP/1.1" 304 -
180.174.56.115 - - [20/Dec/2020:10:48:29 +0800] "GET /xingrg/javascript/jquery-1.4.2.min.js HTTP/1.1" 304 -
180.174.56.115 - - [20/Dec/2020:10:48:29 +0800] "GET /xingrg/javascript/jquery_easy_ui/jquery.easyui.min.js HTTP/1.1" 304 -
180.174.56.115 - - [20/Dec/2020:10:48:29 +0800] "GET /xingrg/javascript/jquery_easy_ui/easyui-lang-zh_CN.js HTTP/1.1" 304 -
180.174.56.115 - - [20/Dec/2020:10:48:29 +0800] "GET /xingrg/javascript/jquery.form.js HTTP/1.1" 304 -
180.174.56.115 - - [20/Dec/2020:10:48:29 +0800] "GET /xingrg/javascript/jquery.utils.js HTTP/1.1" 304 -
180.174.56.115 - - [20/Dec/2020:10:48:29 +0800] "GET /xingrg/javascript/jquery.timers.js HTTP/1.1" 304 -
180.174.56.115 - - [20/Dec/2020:10:48:29 +0800] "GET /xingrg/images/blue/jxLogo.png HTTP/1.1" 304 -
180.174.56.115 - - [20/Dec/2020:10:48:29 +0800] "GET /xingrg/javascript/jquery_easy_ui/themes/icons/settle_new.png HTTP/1.1" 304 -
180.174.56.115 - - [20/Dec/2020:10:48:29 +0800] "GET /xingrg/images/blue/navBackgound.jpg HTTP/1.1" 304 -
180.174.56.115 - - [20/Dec/2020:10:48:29 +0800] "POST /xingrg/all/common/load_tree.html?tree=area_rest_tree_json&manage=1 HTTP/1.1" 200 476
180.174.56.115 - - [20/Dec/2020:10:48:29 +0800] "GET /xingrg/all/function/internal_message.html?_=1608432509728&CODE_STATE=count HTTP/1.1" 200 11
180.174.56.115 - - [20/Dec/2020:10:48:29 +0800] "GET /xingrg/check_reg.html?_=1608432509729 HTTP/1.1" 200 22
180.174.56.115 - - [20/Dec/2020:10:48:29 +0800] "GET /xingrg/javascript/jquery_easy_ui/themes/default/images/tabs_leftarrow.png HTTP/1.1" 304 -
180.174.56.115 - - [20/Dec/2020:10:48:29 +0800] "GET /xingrg/images/blue/pingpu.png HTTP/1.1" 304 -
180.174.56.115 - - [20/Dec/2020:10:48:29 +0800] "GET /xingrg/javascript/jquery_easy_ui/themes/default/images/tabs_rightarrow.png HTTP/1.1" 304 -
180.174.56.115 - - [20/Dec/2020:10:48:29 +0800] "GET /xingrg/javascript/jquery_easy_ui/themes/default/images/panel_tool_collapse.gif HTTP/1.1" 304 -
180.174.56.115 - - [20/Dec/2020:10:48:29 +0800] "POST /xingrg/load_menu.html HTTP/1.1" 200 5138
180.174.56.115 - - [20/Dec/2020:10:48:32 +0800] "GET /xingrg/kc/mdqp/qqps_order_list.html HTTP/1.1" 200 9222
180.174.56.115 - - [20/Dec/2020:10:48:32 +0800] "GET /xingrg/dwr/interface/AjaxReportQueryService.js HTTP/1.1" 200 13203
180.174.56.115 - - [20/Dec/2020:10:48:32 +0800] "GET /xingrg/dwr/interface/AjaxQqpsService.js HTTP/1.1" 200 16326
180.174.56.115 - - [20/Dec/2020:10:48:32 +0800] "GET /xingrg/dwr/engine.js HTTP/1.1" 200 43631
114.88.161.120 - - [20/Dec/2020:10:48:32 +0800] "GET /xingrg/kc/buy/cgsh_order_operate.html?command=get_materiel&rest_code=00111&code=00101010343&supplier_code=00100325&order_time=2020-12-20 HTTP/1.1" 200 425
116.228.172.94 - - [20/Dec/2020:10:48:33 +0800] "GET /xingrg/kc/buy/cgsh_order_add.html HTTP/1.1" 200 61052
116.228.172.94 - - [20/Dec/2020:10:48:34 +0800] "GET /xingrg/words/20201220093635_words.js HTTP/1.1" 304 -
116.228.172.94 - - [20/Dec/2020:10:48:34 +0800] "GET /xingrg/javascript/easyui/themes/default/validatebox.css HTTP/1.1" 404 1104
116.228.172.94 - - [20/Dec/2020:10:48:34 +0800] "POST /xingrg/kc/buy/cgsh_order_operate.html HTTP/1.1" 200 8245
114.88.161.120 - - [20/Dec/2020:10:48:34 +0800] "GET /xingrg/all/function/internal_message.html?_=1608432651771&CODE_STATE=getMsg HTTP/1.1" 200 27
116.228.172.94 - - [20/Dec/2020:10:48:35 +0800] "GET /xingrg/javascript/easyui/themes/default/tree.css HTTP/1.1" 404 1090
180.174.56.115 - - [20/Dec/2020:10:48:35 +0800] "GET /xingrg/kc/mdqp/qqps_order_list.html?isQuery=1&timeSelect=1&orderTime=day&startTime=2020-12-19&endTime=2020-12-20&state=all&query=%C8%B7++%B6%A8 HTTP/1.1" 200 10194
180.174.56.115 - - [20/Dec/2020:10:48:35 +0800] "GET /xingrg/dwr/interface/AjaxReportQueryService.js HTTP/1.1" 200 13203
180.174.56.115 - - [20/Dec/2020:10:48:35 +0800] "GET /xingrg/dwr/interface/AjaxQqpsService.js HTTP/1.1" 200 16326
180.174.56.115 - - [20/Dec/2020:10:48:36 +0800] "GET /xingrg/dwr/engine.js HTTP/1.1" 200 43631
116.228.172.94 - - [20/Dec/2020:10:48:36 +0800] "POST /xingrg/all/common/load_tree.html?tree=supplier_tree_json&isDelete=1 HTTP/1.1" 200 52587
180.174.56.115 - - [20/Dec/2020:10:48:38 +0800] "GET /xingrg/kc/mdqp/qqps_order_info.html?code=302020121900434 HTTP/1.1" 200 26409
180.174.56.115 - - [20/Dec/2020:10:48:38 +0800] "GET /xingrg/dwr/interface/AjaxComOrderService.js HTTP/1.1" 200 18264
180.174.56.115 - - [20/Dec/2020:10:48:38 +0800] "GET /xingrg/dwr/interface/AjaxQqpsService.js HTTP/1.1" 200 16326
180.174.56.115 - - [20/Dec/2020:10:48:38 +0800] "GET /xingrg/dwr/engine.js HTTP/1.1" 200 43631
180.174.56.115 - - [20/Dec/2020:10:48:39 +0800] "POST /xingrg/dwr/call/plaincall/AjaxQqpsService.loadMaterielItems.dwr HTTP/1.1" 200 10157
116.228.172.94 - - [20/Dec/2020:10:48:40 +0800] "GET /xingrg/all/function/internal_message.html?_=1608432516264&CODE_STATE=getMsg HTTP/1.1" 200 27
180.162.223.42 - - [20/Dec/2020:10:48:44 +0800] "GET /xingrg/kc/buy/cgsh_order_operate.html?command=get_materiel&rest_code=00105&code=00101010331&supplier_code=00100347&order_time=2020-12-20 HTTP/1.1" 200 409
114.88.159.147 - - [20/Dec/2020:10:48:47 +0800] "GET /xingrg/all/function/internal_message.html?_=1608432544416&CODE_STATE=getMsg HTTP/1.1" 200 27
58.40.7.146 - - [20/Dec/2020:10:48:47 +0800] "GET /xingrg/all/function/internal_message.html?_=1608432523209&CODE_STATE=getMsg HTTP/1.1" 200 27
58.40.7.146 - - [20/Dec/2020:10:48:47 +0800] "GET /xingrg/check_reg.html?_=1608432523211 HTTP/1.1" 200 22
172.17.0.102 - - [20/Dec/2020:10:48:51 +0800] "GET /xingrg/all/function/internal_message.html?_=1608432527163&CODE_STATE=getMsg HTTP/1.1" 200 27
117.185.32.26 - - [20/Dec/2020:10:48:55 +0800] "POST /xingrg/kc/buy/cgsh_order_operate.html HTTP/1.1" 200 37
180.174.56.115 - - [20/Dec/2020:10:48:55 +0800] "GET /xingrg/all/function/internal_message.html?_=1608432491404&CODE_STATE=getMsg HTTP/1.1" 200 27
117.185.32.26 - - [20/Dec/2020:10:48:56 +0800] "POST /xingrg/kc/buy/cgsh_order_operate.html HTTP/1.1" 200 9747
114.88.161.120 - - [20/Dec/2020:10:48:57 +0800] "GET /xingrg/kc/buy/cgsh_order_operate.html?command=get_materiel&rest_code=00111&code=00101006185&supplier_code=00100325&order_time=2020-12-20 HTTP/1.1" 200 419
114.86.226.116 - - [20/Dec/2020:10:48:59 +0800] "GET /xingrg/check_reg.html?_=1608432555046 HTTP/1.1" 200 22
114.86.226.116 - - [20/Dec/2020:10:48:59 +0800] "GET /xingrg/all/function/internal_message.html?_=1608432555047&CODE_STATE=getMsg HTTP/1.1" 200 27
117.184.7.26 - - [20/Dec/2020:10:49:02 +0800] "GET /xingrg/all/function/internal_message.html?_=1608432538103&CODE_STATE=getMsg HTTP/1.1" 200 27
116.230.106.194 - - [20/Dec/2020:10:49:05 +0800] "GET /xingrg/check_reg.html?_=1608432540071 HTTP/1.1" 200 22
117.185.32.26 - - [20/Dec/2020:10:49:06 +0800] "GET /xingrg/all/function/internal_message.html?_=1608432535677&CODE_STATE=getMsg HTTP/1.1" 200 27
180.162.223.42 - - [20/Dec/2020:10:49:06 +0800] "GET /xingrg/all/function/internal_message.html?_=1608432542035&CODE_STATE=getMsg HTTP/1.1" 200 27
116.230.106.194 - - [20/Dec/2020:10:49:07 +0800] "GET /xingrg/all/function/internal_message.html?_=1608432541413&CODE_STATE=getMsg HTTP/1.1" 200 27
180.162.223.42 - - [20/Dec/2020:10:49:11 +0800] "GET /xingrg/kc/buy/cgsh_order_operate.html?command=get_materiel&rest_code=00105&code=00101008469&supplier_code=00100347&order_time=2020-12-20 HTTP/1.1" 200 398
180.174.56.115 - - [20/Dec/2020:10:49:14 +0800] "GET /xingrg/kc/mdqp/qqps_order_list.html?isBack=1 HTTP/1.1" 302 -
180.174.56.115 - - [20/Dec/2020:10:49:14 +0800] "GET /xingrg/kc/mdqp/qqps_order_list.html?isQuery=1&timeSelect=1&orderTime=day&startTime=2020-12-19&endTime=2020-12-20&state=all&query=%C8%B7++%B6%A8 HTTP/1.1" 200 10194
180.174.56.115 - - [20/Dec/2020:10:49:14 +0800] "GET /xingrg/dwr/interface/AjaxQqpsService.js HTTP/1.1" 200 16326
180.174.56.115 - - [20/Dec/2020:10:49:14 +0800] "GET /xingrg/dwr/interface/AjaxReportQueryService.js HTTP/1.1" 200 13203
180.174.56.115 - - [20/Dec/2020:10:49:14 +0800] "GET /xingrg/dwr/engine.js HTTP/1.1" 200 43631
180.152.104.37 - - [20/Dec/2020:10:49:16 +0800] "GET /xingrg/check_reg.html?_=1608432552596 HTTP/1.1" 200 22
180.174.56.115 - - [20/Dec/2020:10:49:16 +0800] "GET /xingrg/kc/mdqp/qqps_order_info.html?code=302020121900435 HTTP/1.1" 200 26409
180.174.56.115 - - [20/Dec/2020:10:49:16 +0800] "GET /xingrg/dwr/interface/AjaxComOrderService.js HTTP/1.1" 200 18264
180.174.56.115 - - [20/Dec/2020:10:49:16 +0800] "GET /xingrg/dwr/interface/AjaxQqpsService.js HTTP/1.1" 200 16326
180.174.56.115 - - [20/Dec/2020:10:49:16 +0800] "GET /xingrg/dwr/engine.js HTTP/1.1" 200 43631
180.152.104.37 - - [20/Dec/2020:10:49:16 +0800] "GET /xingrg/all/function/internal_message.html?_=1608432552866&CODE_STATE=getMsg HTTP/1.1" 200 27
180.157.253.48 - - [20/Dec/2020:10:49:16 +0800] "GET /xingrg/check_reg.html?_=1608432552662 HTTP/1.1" 200 22
180.157.253.48 - - [20/Dec/2020:10:49:16 +0800] "GET /xingrg/all/function/internal_message.html?_=1608432552668&CODE_STATE=getMsg HTTP/1.1" 200 27
180.174.56.115 - - [20/Dec/2020:10:49:17 +0800] "POST /xingrg/dwr/call/plaincall/AjaxQqpsService.loadMaterielItems.dwr HTTP/1.1" 200 894
117.131.5.26 - - [20/Dec/2020:10:49:18 +0800] "GET /xingrg/check_reg.html?_=1608432884644 HTTP/1.1" 302 -
117.131.5.26 - - [20/Dec/2020:10:49:18 +0800] "GET /xingrg/login.html HTTP/1.1" 200 7641
117.131.5.26 - - [20/Dec/2020:10:49:19 +0800] "GET /xingrg/all/function/internal_message.html?_=1608432598318&CODE_STATE=getMsg HTTP/1.1" 200 27
117.131.5.26 - - [20/Dec/2020:10:49:19 +0800] "GET /xingrg/all/function/internal_message.html?_=1608432886629&CODE_STATE=getMsg HTTP/1.1" 302 -
117.131.5.26 - - [20/Dec/2020:10:49:19 +0800] "GET /xingrg/login.html HTTP/1.1" 200 7641
180.174.56.115 - - [20/Dec/2020:10:49:21 +0800] "GET /xingrg/kc/mdqp/qqps_order_list.html?isBack=1 HTTP/1.1" 302 -
114.88.161.120 - - [20/Dec/2020:10:49:21 +0800] "POST /xingrg/kc/buy/cgsh_order_operate.html HTTP/1.1" 200 37
180.174.56.115 - - [20/Dec/2020:10:49:21 +0800] "GET /xingrg/kc/mdqp/qqps_order_list.html?isQuery=1&timeSelect=1&orderTime=day&startTime=2020-12-19&endTime=2020-12-20&state=all&query=%C8%B7++%B6%A8 HTTP/1.1" 200 10194
180.174.56.115 - - [20/Dec/2020:10:49:21 +0800] "GET /xingrg/dwr/interface/AjaxQqpsService.js HTTP/1.1" 200 16326
180.174.56.115 - - [20/Dec/2020:10:49:21 +0800] "GET /xingrg/dwr/interface/AjaxReportQueryService.js HTTP/1.1" 200 13203
180.174.56.115 - - [20/Dec/2020:10:49:21 +0800] "GET /xingrg/dwr/engine.js HTTP/1.1" 200 43631
114.88.161.120 - - [20/Dec/2020:10:49:22 +0800] "POST /xingrg/kc/buy/cgsh_order_operate.html HTTP/1.1" 200 5064
222.69.139.155 - - [20/Dec/2020:10:49:23 +0800] "GET /xingrg/all/function/internal_message.html?_=1608432559636&CODE_STATE=getMsg HTTP/1.1" 200 27
222.69.139.155 - - [20/Dec/2020:10:49:23 +0800] "GET /xingrg/check_reg.html?_=1608432559637 HTTP/1.1" 200 22
114.88.161.120 - - [20/Dec/2020:10:49:23 +0800] "GET /xingrg/kc/print/load_data.html?order_code=212020122007937&kc_code=cgsh&condition= HTTP/1.1" 200 1619
172.17.0.119 - - [20/Dec/2020:10:49:25 +0800] "GET /xingrg/all/function/internal_message.html?_=1608432561490&CODE_STATE=getMsg HTTP/1.1" 200 27
180.162.223.42 - - [20/Dec/2020:10:49:25 +0800] "GET /xingrg/kc/buy/cgsh_order_operate.html?command=get_materiel&rest_code=00105&code=00101008055&supplier_code=00100347&order_time=2020-12-20 HTTP/1.1" 200 409
180.174.56.115 - - [20/Dec/2020:10:49:29 +0800] "GET /xingrg/all/function/internal_message.html?_=1608432569740&CODE_STATE=getMsg HTTP/1.1" 200 27
114.88.161.120 - - [20/Dec/2020:10:49:31 +0800] "GET /xingrg/kc/buy/cgsh_order_add.html HTTP/1.1" 200 60964
114.86.226.116 - - [20/Dec/2020:10:49:32 +0800] "POST /xingrg/kc/buy/cgsh_order_operate.html HTTP/1.1" 200 37
114.88.161.120 - - [20/Dec/2020:10:49:32 +0800] "POST /xingrg/kc/buy/cgsh_order_operate.html HTTP/1.1" 200 8245
114.88.161.120 - - [20/Dec/2020:10:49:32 +0800] "GET /xingrg/javascript/easyui/themes/default/validatebox.css HTTP/1.1" 404 1104
114.88.161.120 - - [20/Dec/2020:10:49:34 +0800] "GET /xingrg/all/function/internal_message.html?_=1608432711785&CODE_STATE=getMsg HTTP/1.1" 200 27
114.88.161.120 - - [20/Dec/2020:10:49:34 +0800] "GET /xingrg/check_reg.html?_=1608432711788 HTTP/1.1" 200 22
116.228.172.94 - - [20/Dec/2020:10:49:40 +0800] "GET /xingrg/all/function/internal_message.html?_=1608432576236&CODE_STATE=getMsg HTTP/1.1" 200 27
114.88.161.120 - - [20/Dec/2020:10:49:45 +0800] "GET /xingrg/kc/buy/cgsh_order_operate.html?command=get_materiel&rest_code=00111&code=00101014017&supplier_code=00100211&order_time=2020-12-20 HTTP/1.1" 200 419
114.86.226.116 - - [20/Dec/2020:10:49:47 +0800] "POST /xingrg/kc/buy/cgsh_order_operate.html HTTP/1.1" 200 26333
114.88.159.147 - - [20/Dec/2020:10:49:47 +0800] "GET /xingrg/all/function/internal_message.html?_=1608432604387&CODE_STATE=getMsg HTTP/1.1" 200 27
58.40.7.146 - - [20/Dec/2020:10:49:47 +0800] "GET /xingrg/all/function/internal_message.html?_=1608432583212&CODE_STATE=getMsg HTTP/1.1" 200 27
172.17.0.102 - - [20/Dec/2020:10:49:51 +0800] "GET /xingrg/all/function/internal_message.html?_=1608432587192&CODE_STATE=getMsg HTTP/1.1" 200 27
116.228.172.94 - - [20/Dec/2020:10:49:53 +0800] "GET /xingrg/kc/buy/cgsh_order_operate.html?command=get_materiel&rest_code=00107&code=00101008061&supplier_code=00100339&order_time=2020-12-20 HTTP/1.1" 200 423
180.162.223.42 - - [20/Dec/2020:10:49:54 +0800] "GET /xingrg/kc/buy/cgsh_order_operate.html?command=get_materiel&rest_code=00105&code=00101001060&supplier_code=00100347&order_time=2020-12-20 HTTP/1.1" 200 421
180.174.56.115 - - [20/Dec/2020:10:49:55 +0800] "GET /xingrg/all/function/internal_message.html?_=1608432551411&CODE_STATE=getMsg HTTP/1.1" 200 27
114.86.226.116 - - [20/Dec/2020:10:49:59 +0800] "GET /xingrg/all/function/internal_message.html?_=1608432615046&CODE_STATE=getMsg HTTP/1.1" 200 27
117.184.7.26 - - [20/Dec/2020:10:50:02 +0800] "GET /xingrg/check_reg.html?_=1608432598103 HTTP/1.1" 200 22
117.184.7.30 - - [20/Dec/2020:10:50:02 +0800] "GET /xingrg/all/function/internal_message.html?_=1608432598106&CODE_STATE=getMsg HTTP/1.1" 200 27
117.185.32.26 - - [20/Dec/2020:10:50:06 +0800] "GET /xingrg/all/function/internal_message.html?_=1608432595577&CODE_STATE=getMsg HTTP/1.1" 200 27
180.162.223.42 - - [20/Dec/2020:10:50:06 +0800] "GET /xingrg/all/function/internal_message.html?_=1608432602017&CODE_STATE=getMsg HTTP/1.1" 200 27
114.88.161.120 - - [20/Dec/2020:10:50:06 +0800] "POST /xingrg/kc/buy/cgsh_order_operate.html HTTP/1.1" 200 37
116.228.172.94 - - [20/Dec/2020:10:50:06 +0800] "GET /xingrg/kc/buy/cgsh_order_operate.html?command=get_materiel&rest_code=00107&code=00101008512&supplier_code=00100339&order_time=2020-12-20 HTTP/1.1" 200 399
116.230.106.194 - - [20/Dec/2020:10:50:07 +0800] "GET /xingrg/all/function/internal_message.html?_=1608432601413&CODE_STATE=getMsg HTTP/1.1" 200 27
114.88.161.120 - - [20/Dec/2020:10:50:07 +0800] "POST /xingrg/kc/buy/cgsh_order_operate.html HTTP/1.1" 200 2665
114.88.161.120 - - [20/Dec/2020:10:50:08 +0800] "GET /xingrg/kc/print/load_data.html?order_code=212020122007938&kc_code=cgsh&condition= HTTP/1.1" 200 673
180.162.223.42 - - [20/Dec/2020:10:50:10 +0800] "GET /xingrg/kc/buy/cgsh_order_operate.html?command=get_materiel&rest_code=00105&code=00101012046&supplier_code=00100347&order_time=2020-12-20 HTTP/1.1" 200 417
