180.162.223.42 - - [20/Dec/2020:09:06:32 +0800] "GET /xingrg/kc/buy/cgsh_order_operate.html?command=get_materiel&rest_code=00105&code=00101001010&supplier_code=00100397&order_time=2020-12-20 HTTP/1.1" 200 408
114.88.161.120 - - [20/Dec/2020:09:06:34 +0800] "GET /xingrg/all/function/internal_message.html?_=1608426531717&CODE_STATE=getMsg HTTP/1.1" 200 27
116.228.172.94 - - [20/Dec/2020:09:06:39 +0800] "GET /xingrg/kc/buy/cgsh_order_add.html HTTP/1.1" 200 61052
116.228.172.94 - - [20/Dec/2020:09:06:41 +0800] "POST /xingrg/kc/buy/cgsh_order_operate.html HTTP/1.1" 200 8245
116.228.172.94 - - [20/Dec/2020:09:06:41 +0800] "GET /xingrg/javascript/easyui/themes/default/validatebox.css HTTP/1.1" 404 1104
180.162.223.42 - - [20/Dec/2020:09:06:42 +0800] "GET /xingrg/kc/buy/cgsh_order_operate.html?command=get_materiel&rest_code=00105&code=00101005037&supplier_code=00100397&order_time=2020-12-20 HTTP/1.1" 200 409
116.228.172.94 - - [20/Dec/2020:09:06:43 +0800] "GET /xingrg/all/function/internal_message.html?_=1608426399855&CODE_STATE=getMsg HTTP/1.1" 200 27
180.174.56.115 - - [20/Dec/2020:09:06:45 +0800] "GET /xingrg/check_reg.html?_=1608426360763 HTTP/1.1" 200 22
114.84.4.90 - - [20/Dec/2020:09:06:45 +0800] "POST /xingrg/services/DataTransmitService HTTP/1.1" 200 524
58.40.7.146 - - [20/Dec/2020:09:06:47 +0800] "GET /xingrg/all/function/internal_message.html?_=1608426403170&CODE_STATE=getMsg HTTP/1.1" 200 27
116.228.172.94 - - [20/Dec/2020:09:06:49 +0800] "GET /xingrg/javascript/easyui/themes/default/tree.css HTTP/1.1" 404 1090
114.88.159.147 - - [20/Dec/2020:09:06:49 +0800] "GET /xingrg/all/function/internal_message.html?_=1608426426718&CODE_STATE=getMsg HTTP/1.1" 200 27
116.228.172.94 - - [20/Dec/2020:09:06:49 +0800] "POST /xingrg/all/common/load_tree.html?tree=supplier_tree_json&isDelete=1 HTTP/1.1" 200 52587
222.69.139.155 - - [20/Dec/2020:09:06:53 +0800] "GET /xingrg/kc/buy/cgsh_order_operate.html?command=get_materiel&rest_code=00149&code=00101008238&supplier_code=00100005&order_time=2020-12-20 HTTP/1.1" 200 416
180.174.56.115 - - [20/Dec/2020:09:06:54 +0800] "GET /xingrg/all/function/internal_message.html?_=1608426370011&CODE_STATE=getMsg HTTP/1.1" 200 27
120.253.135.82 - - [20/Dec/2020:09:06:56 +0800] "POST /xingrg/kc/pszx/mdps_order_operate.html HTTP/1.1" 200 37
120.253.135.82 - - [20/Dec/2020:09:06:57 +0800] "GET /xingrg/kc/pszx/mdps_order_info.html?code=312020121800454 HTTP/1.1" 200 23887
120.253.135.82 - - [20/Dec/2020:09:06:58 +0800] "GET /xingrg/javascript/easyui/themes/default/validatebox.css HTTP/1.1" 404 1104
120.253.135.82 - - [20/Dec/2020:09:06:58 +0800] "POST /xingrg/kc/pszx/mdps_order_operate.html HTTP/1.1" 200 2287
120.253.135.82 - - [20/Dec/2020:09:06:58 +0800] "GET /xingrg/all/function/internal_message.html?_=1608426168490&CODE_STATE=getMsg HTTP/1.1" 200 27
180.162.223.42 - - [20/Dec/2020:09:07:03 +0800] "POST /xingrg/kc/buy/cgsh_order_operate.html HTTP/1.1" 200 37
180.162.223.42 - - [20/Dec/2020:09:07:05 +0800] "POST /xingrg/kc/buy/cgsh_order_operate.html HTTP/1.1" 200 3838
222.69.139.155 - - [20/Dec/2020:09:07:05 +0800] "GET /xingrg/kc/buy/cgsh_order_operate.html?command=get_materiel&rest_code=00149&code=00101008125&supplier_code=00100005&order_time=2020-12-20 HTTP/1.1" 200 432
180.162.223.42 - - [20/Dec/2020:09:07:06 +0800] "GET /xingrg/kc/buy/cgsh_order_list.html HTTP/1.1" 200 45227
180.162.223.42 - - [20/Dec/2020:09:07:07 +0800] "GET /xingrg/all/function/internal_message.html?_=1608426423381&CODE_STATE=getMsg HTTP/1.1" 200 27
180.162.223.42 - - [20/Dec/2020:09:07:08 +0800] "POST /xingrg/kc/buy/cgsh_list_operate.html HTTP/1.1" 200 2408
180.162.223.42 - - [20/Dec/2020:09:07:13 +0800] "POST /xingrg/kc/buy/cgsh_list_operate.html HTTP/1.1" 200 571
116.228.172.94 - - [20/Dec/2020:09:07:14 +0800] "GET /xingrg/kc/buy/cgsh_order_operate.html?command=get_materiel&rest_code=00107&code=00101016100&supplier_code=00100033&order_time=2020-12-20 HTTP/1.1" 200 412
180.162.223.42 - - [20/Dec/2020:09:07:15 +0800] "GET /xingrg/kc/buy/cgsh_order_info.html?code=212020122007832 HTTP/1.1" 200 61014
180.162.223.42 - - [20/Dec/2020:09:07:15 +0800] "GET /xingrg/javascript/easyui/themes/default/validatebox.css HTTP/1.1" 404 1104
180.162.223.42 - - [20/Dec/2020:09:07:16 +0800] "POST /xingrg/kc/buy/cgsh_order_operate.html HTTP/1.1" 200 52883
120.253.135.82 - - [20/Dec/2020:09:07:16 +0800] "POST /xingrg/kc/pszx/mdps_order_operate.html HTTP/1.1" 200 37
120.253.135.82 - - [20/Dec/2020:09:07:17 +0800] "GET /xingrg/kc/pszx/mdps_order_info.html?code=312020121800454 HTTP/1.1" 200 23893
120.253.135.82 - - [20/Dec/2020:09:07:18 +0800] "GET /xingrg/javascript/easyui/themes/default/validatebox.css HTTP/1.1" 404 1104
120.253.135.82 - - [20/Dec/2020:09:07:18 +0800] "POST /xingrg/kc/pszx/mdps_order_operate.html HTTP/1.1" 200 2287
222.69.139.155 - - [20/Dec/2020:09:07:23 +0800] "GET /xingrg/all/function/internal_message.html?_=1608426439502&CODE_STATE=getMsg HTTP/1.1" 200 27
120.253.135.82 - - [20/Dec/2020:09:07:25 +0800] "POST /xingrg/kc/pszx/mdps_order_operate.html HTTP/1.1" 200 37
114.88.161.120 - - [20/Dec/2020:09:07:25 +0800] "POST /xingrg/kc/buy/cgsh_order_operate.html HTTP/1.1" 200 37
120.253.135.82 - - [20/Dec/2020:09:07:26 +0800] "GET /xingrg/kc/pszx/mdps_order_info.html?code=312020121800454 HTTP/1.1" 200 23893
120.253.135.82 - - [20/Dec/2020:09:07:27 +0800] "GET /xingrg/javascript/easyui/themes/default/validatebox.css HTTP/1.1" 404 1104
120.253.135.82 - - [20/Dec/2020:09:07:27 +0800] "POST /xingrg/kc/pszx/mdps_order_operate.html HTTP/1.1" 200 2287
114.88.161.120 - - [20/Dec/2020:09:07:27 +0800] "POST /xingrg/kc/buy/cgsh_order_operate.html HTTP/1.1" 200 6810
222.69.139.155 - - [20/Dec/2020:09:07:28 +0800] "GET /xingrg/kc/buy/cgsh_order_operate.html?command=get_materiel&rest_code=00149&code=00101015006&supplier_code=00100005&order_time=2020-12-20 HTTP/1.1" 200 413
116.228.172.94 - - [20/Dec/2020:09:07:29 +0800] "GET /xingrg/kc/buy/cgsh_order_operate.html?command=get_materiel&rest_code=00107&code=00101012030&supplier_code=00100033&order_time=2020-12-20 HTTP/1.1" 200 416
114.88.161.120 - - [20/Dec/2020:09:07:34 +0800] "GET /xingrg/all/function/internal_message.html?_=1608426591761&CODE_STATE=getMsg HTTP/1.1" 200 27
120.253.135.82 - - [20/Dec/2020:09:07:41 +0800] "POST /xingrg/kc/pszx/mdps_order_operate.html HTTP/1.1" 200 37
120.253.135.82 - - [20/Dec/2020:09:07:41 +0800] "GET /xingrg/kc/pszx/mdps_order_info.html?code=312020121800454 HTTP/1.1" 200 23893
120.253.135.82 - - [20/Dec/2020:09:07:42 +0800] "GET /xingrg/javascript/easyui/themes/default/validatebox.css HTTP/1.1" 404 1104
120.253.135.82 - - [20/Dec/2020:09:07:42 +0800] "POST /xingrg/kc/pszx/mdps_order_operate.html HTTP/1.1" 200 2287
116.228.172.94 - - [20/Dec/2020:09:07:42 +0800] "GET /xingrg/check_reg.html?_=1608426458560 HTTP/1.1" 200 22
120.253.135.82 - - [20/Dec/2020:09:07:43 +0800] "POST /xingrg/kc/pszx/mdps_list_operate.html HTTP/1.1" 200 3947
116.228.172.94 - - [20/Dec/2020:09:07:43 +0800] "GET /xingrg/all/function/internal_message.html?_=1608426459839&CODE_STATE=getMsg HTTP/1.1" 200 27
116.228.172.94 - - [20/Dec/2020:09:07:44 +0800] "GET /xingrg/kc/buy/cgsh_order_operate.html?command=get_materiel&rest_code=00107&code=00101012025&supplier_code=00100033&order_time=2020-12-20 HTTP/1.1" 200 412
222.69.139.155 - - [20/Dec/2020:09:07:45 +0800] "GET /xingrg/kc/buy/cgsh_order_operate.html?command=get_materiel&rest_code=00149&code=00101015038&supplier_code=00100005&order_time=2020-12-20 HTTP/1.1" 200 418
58.40.7.146 - - [20/Dec/2020:09:07:47 +0800] "GET /xingrg/all/function/internal_message.html?_=1608426463172&CODE_STATE=getMsg HTTP/1.1" 200 27
114.88.159.147 - - [20/Dec/2020:09:07:49 +0800] "GET /xingrg/all/function/internal_message.html?_=1608426486690&CODE_STATE=getMsg HTTP/1.1" 200 27
180.174.56.115 - - [20/Dec/2020:09:07:54 +0800] "GET /xingrg/all/function/internal_message.html?_=1608426430024&CODE_STATE=getMsg HTTP/1.1" 200 27
120.253.135.82 - - [20/Dec/2020:09:07:54 +0800] "POST /xingrg/kc/pszx/mdps_list_operate.html HTTP/1.1" 200 2062
120.253.135.82 - - [20/Dec/2020:09:07:56 +0800] "POST /xingrg/kc/pszx/mdps_list_operate.html HTTP/1.1" 200 309
120.253.135.82 - - [20/Dec/2020:09:07:57 +0800] "GET /xingrg/kc/pszx/mdps_order_info.html?code=312020121900480 HTTP/1.1" 200 23891
120.253.135.82 - - [20/Dec/2020:09:07:58 +0800] "GET /xingrg/javascript/easyui/themes/default/validatebox.css HTTP/1.1" 404 1104
120.253.135.82 - - [20/Dec/2020:09:07:58 +0800] "POST /xingrg/kc/pszx/mdps_order_operate.html HTTP/1.1" 200 2807
120.253.135.82 - - [20/Dec/2020:09:07:58 +0800] "GET /xingrg/all/function/internal_message.html?_=1608426228618&CODE_STATE=getMsg HTTP/1.1" 200 27
222.69.139.155 - - [20/Dec/2020:09:07:59 +0800] "GET /xingrg/kc/buy/cgsh_order_operate.html?command=get_materiel&rest_code=00149&code=00101008242&supplier_code=00100005&order_time=2020-12-20 HTTP/1.1" 200 408
120.253.135.82 - - [20/Dec/2020:09:08:01 +0800] "POST /xingrg/kc/pszx/mdps_list_operate.html HTTP/1.1" 200 2062
116.228.172.94 - - [20/Dec/2020:09:08:02 +0800] "GET /xingrg/kc/buy/cgsh_order_operate.html?command=get_materiel&rest_code=00107&code=00101016080&supplier_code=00100033&order_time=2020-12-20 HTTP/1.1" 200 408
222.69.139.155 - - [20/Dec/2020:09:08:05 +0800] "POST /xingrg/kc/buy/cgsh_order_operate.html HTTP/1.1" 200 2065
180.162.223.42 - - [20/Dec/2020:09:08:07 +0800] "GET /xingrg/all/function/internal_message.html?_=1608426483351&CODE_STATE=getMsg HTTP/1.1" 200 27
120.253.135.82 - - [20/Dec/2020:09:08:11 +0800] "POST /xingrg/kc/pszx/mdps_list_operate.html HTTP/1.1" 200 1691
120.253.135.82 - - [20/Dec/2020:09:08:13 +0800] "POST /xingrg/kc/pszx/mdps_list_operate.html HTTP/1.1" 200 205
120.253.135.82 - - [20/Dec/2020:09:08:13 +0800] "GET /xingrg/kc/pszx/mdps_order_info.html?code=312020121800468 HTTP/1.1" 200 23887
120.253.135.82 - - [20/Dec/2020:09:08:14 +0800] "GET /xingrg/javascript/easyui/themes/default/validatebox.css HTTP/1.1" 404 1104
120.253.135.82 - - [20/Dec/2020:09:08:14 +0800] "POST /xingrg/kc/pszx/mdps_order_operate.html HTTP/1.1" 200 2281
116.228.172.94 - - [20/Dec/2020:09:08:14 +0800] "GET /xingrg/kc/buy/cgsh_order_operate.html?command=get_materiel&rest_code=00107&code=00101016017&supplier_code=00100033&order_time=2020-12-20 HTTP/1.1" 200 408
222.69.139.155 - - [20/Dec/2020:09:08:15 +0800] "GET /xingrg/kc/buy/cgsh_order_operate.html?command=get_materiel&rest_code=00149&code=00101008305&supplier_code=00100005&order_time=2020-12-20 HTTP/1.1" 200 412
180.174.56.115 - - [20/Dec/2020:09:08:17 +0800] "GET /xingrg/check_reg.html?_=1608426497657 HTTP/1.1" 200 22
222.69.139.155 - - [20/Dec/2020:09:08:23 +0800] "GET /xingrg/all/function/internal_message.html?_=1608426499521&CODE_STATE=getMsg HTTP/1.1" 200 27
222.69.139.155 - - [20/Dec/2020:09:08:24 +0800] "GET /xingrg/kc/buy/cgsh_order_operate.html?command=get_materiel&rest_code=00149&code=00101008114&supplier_code=00100005&order_time=2020-12-20 HTTP/1.1" 200 413
114.88.161.120 - - [20/Dec/2020:09:08:34 +0800] "GET /xingrg/all/function/internal_message.html?_=1608426651722&CODE_STATE=getMsg HTTP/1.1" 200 27
180.162.223.42 - - [20/Dec/2020:09:08:35 +0800] "POST /xingrg/kc/buy/cgsh_order_operate.html HTTP/1.1" 200 37
116.228.172.94 - - [20/Dec/2020:09:08:35 +0800] "GET /xingrg/kc/buy/cgsh_order_operate.html?command=get_materiel&rest_code=00107&code=00101010248&supplier_code=00100033&order_time=2020-12-20 HTTP/1.1" 200 23
180.162.223.42 - - [20/Dec/2020:09:08:37 +0800] "POST /xingrg/kc/buy/cgsh_order_operate.html HTTP/1.1" 200 52883
222.69.139.155 - - [20/Dec/2020:09:08:39 +0800] "GET /xingrg/kc/buy/cgsh_order_operate.html?command=get_materiel&rest_code=00149&code=00101008314&supplier_code=00100005&order_time=2020-12-20 HTTP/1.1" 200 413
114.88.161.120 - - [20/Dec/2020:09:08:39 +0800] "POST /xingrg/kc/buy/cgsh_order_operate.html HTTP/1.1" 200 37
101.89.29.78 - - [20/Dec/2020:09:08:40 +0800] "GET /xingrg/all/function/internal_message.html?_=1608426246783&CODE_STATE=getMsg HTTP/1.1" 302 -
114.88.161.120 - - [20/Dec/2020:09:08:41 +0800] "POST /xingrg/kc/buy/cgsh_order_operate.html HTTP/1.1" 200 6810
114.88.161.120 - - [20/Dec/2020:09:08:42 +0800] "GET /xingrg/kc/print/load_data.html?order_code=212020122007836&kc_code=cgsh&condition= HTTP/1.1" 200 2345
101.89.29.78 - - [20/Dec/2020:09:08:42 +0800] "GET /xingrg/login.html HTTP/1.1" 200 7641
116.228.172.94 - - [20/Dec/2020:09:08:43 +0800] "GET /xingrg/all/function/internal_message.html?_=1608426519814&CODE_STATE=getMsg HTTP/1.1" 200 27
58.40.7.146 - - [20/Dec/2020:09:08:47 +0800] "GET /xingrg/all/function/internal_message.html?_=1608426523175&CODE_STATE=getMsg HTTP/1.1" 200 27
58.40.7.146 - - [20/Dec/2020:09:08:47 +0800] "GET /xingrg/check_reg.html?_=1608426523177 HTTP/1.1" 200 22
114.88.159.147 - - [20/Dec/2020:09:08:49 +0800] "GET /xingrg/all/function/internal_message.html?_=1608426546669&CODE_STATE=getMsg HTTP/1.1" 200 27
222.69.139.155 - - [20/Dec/2020:09:08:50 +0800] "GET /xingrg/kc/buy/cgsh_order_operate.html?command=get_materiel&rest_code=00149&code=00101008471&supplier_code=00100005&order_time=2020-12-20 HTTP/1.1" 200 394
180.174.56.115 - - [20/Dec/2020:09:08:54 +0800] "GET /xingrg/all/function/internal_message.html?_=1608426490045&CODE_STATE=getMsg HTTP/1.1" 200 27
120.253.135.82 - - [20/Dec/2020:09:08:54 +0800] "GET /xingrg/check_reg.html?_=1608426284881 HTTP/1.1" 200 22
116.228.172.94 - - [20/Dec/2020:09:08:54 +0800] "POST /xingrg/kc/buy/cgsh_order_operate.html HTTP/1.1" 200 37
116.228.172.94 - - [20/Dec/2020:09:08:56 +0800] "POST /xingrg/kc/buy/cgsh_order_operate.html HTTP/1.1" 200 5015
120.253.135.82 - - [20/Dec/2020:09:08:58 +0800] "POST /xingrg/kc/pszx/mdps_order_operate.html HTTP/1.1" 200 37
120.253.135.82 - - [20/Dec/2020:09:08:59 +0800] "GET /xingrg/kc/pszx/mdps_order_info.html?code=312020121800468 HTTP/1.1" 200 23893
120.253.135.82 - - [20/Dec/2020:09:09:00 +0800] "GET /xingrg/javascript/easyui/themes/default/validatebox.css HTTP/1.1" 404 1104
120.253.135.82 - - [20/Dec/2020:09:09:00 +0800] "POST /xingrg/kc/pszx/mdps_order_operate.html HTTP/1.1" 200 2281
120.253.135.82 - - [20/Dec/2020:09:09:00 +0800] "GET /xingrg/all/function/internal_message.html?_=1608426290491&CODE_STATE=getMsg HTTP/1.1" 200 27
222.69.139.155 - - [20/Dec/2020:09:09:00 +0800] "GET /xingrg/kc/buy/cgsh_order_operate.html?command=get_materiel&rest_code=00149&code=00101020152&supplier_code=00100005&order_time=2020-12-20 HTTP/1.1" 200 416
116.228.172.94 - - [20/Dec/2020:09:09:02 +0800] "GET /xingrg/javascript/jquery_easy_ui/themes/default/images/tabs_active.png HTTP/1.1" 200 2894
222.69.139.155 - - [20/Dec/2020:09:09:03 +0800] "POST /xingrg/kc/buy/cgsh_order_operate.html HTTP/1.1" 200 2065
120.253.135.82 - - [20/Dec/2020:09:09:03 +0800] "POST /xingrg/kc/pszx/mdps_list_operate.html HTTP/1.1" 200 1701
120.253.135.82 - - [20/Dec/2020:09:09:05 +0800] "POST /xingrg/kc/pszx/mdps_list_operate.html HTTP/1.1" 200 205
116.228.172.94 - - [20/Dec/2020:09:09:05 +0800] "GET /xingrg/login.html HTTP/1.1" 200 7641
120.253.135.82 - - [20/Dec/2020:09:09:06 +0800] "GET /xingrg/kc/pszx/mdps_order_info.html?code=312020121800468 HTTP/1.1" 200 23893
120.253.135.82 - - [20/Dec/2020:09:09:07 +0800] "GET /xingrg/javascript/easyui/themes/default/validatebox.css HTTP/1.1" 404 1104
120.253.135.82 - - [20/Dec/2020:09:09:07 +0800] "POST /xingrg/kc/pszx/mdps_order_operate.html HTTP/1.1" 200 2281
180.162.223.42 - - [20/Dec/2020:09:09:07 +0800] "GET /xingrg/all/function/internal_message.html?_=1608426543331&CODE_STATE=getMsg HTTP/1.1" 200 27
116.228.172.94 - - [20/Dec/2020:09:09:08 +0800] "GET /favicon.ico HTTP/1.1" 404 -
222.69.139.155 - - [20/Dec/2020:09:09:10 +0800] "GET /xingrg/kc/buy/cgsh_order_operate.html?command=get_materiel&rest_code=00149&code=00101008236&supplier_code=00100005&order_time=2020-12-20 HTTP/1.1" 200 417
116.228.172.94 - - [20/Dec/2020:09:09:10 +0800] "POST /xingrg/login.do HTTP/1.1" 302 -
116.228.172.94 - - [20/Dec/2020:09:09:11 +0800] "GET /xingrg/index.html?sysBaseUrl=http%3A%2F%2F180.169.147.146%3A18081%2Fxingrg%2F&costTime=108×tamp=1608426550925 HTTP/1.1" 200 17179
116.228.172.94 - - [20/Dec/2020:09:09:12 +0800] "GET /favicon.ico HTTP/1.1" 404 -
116.228.172.94 - - [20/Dec/2020:09:09:12 +0800] "POST /xingrg/all/common/load_tree.html?tree=area_rest_tree_json&manage=1 HTTP/1.1" 200 476
116.228.172.94 - - [20/Dec/2020:09:09:13 +0800] "GET /xingrg/all/function/internal_message.html?_=1608426549099&CODE_STATE=count HTTP/1.1" 200 11
116.228.172.94 - - [20/Dec/2020:09:09:13 +0800] "GET /xingrg/check_reg.html?_=1608426549103 HTTP/1.1" 200 22
116.228.172.94 - - [20/Dec/2020:09:09:13 +0800] "POST /xingrg/load_menu.html HTTP/1.1" 200 5138
222.69.139.155 - - [20/Dec/2020:09:09:23 +0800] "GET /xingrg/all/function/internal_message.html?_=1608426559507&CODE_STATE=getMsg HTTP/1.1" 200 27
222.69.139.155 - - [20/Dec/2020:09:09:23 +0800] "GET /xingrg/check_reg.html?_=1608426559527 HTTP/1.1" 200 22
116.228.172.94 - - [20/Dec/2020:09:09:23 +0800] "GET /xingrg/kc/buy/buy_main.html HTTP/1.1" 200 12412
116.228.172.94 - - [20/Dec/2020:09:09:24 +0800] "GET /xingrg/css/new_ie.css HTTP/1.1" 404 1036
116.228.172.94 - - [20/Dec/2020:09:09:25 +0800] "GET /xingrg/images/yd/bt.gif HTTP/1.1" 404 1040
116.228.172.94 - - [20/Dec/2020:09:09:26 +0800] "GET /xingrg/kc/buy/cgsh_order_list.html HTTP/1.1" 200 45233
116.228.172.94 - - [20/Dec/2020:09:09:30 +0800] "POST /xingrg/kc/buy/cgsh_list_operate.html HTTP/1.1" 200 2036
114.88.161.120 - - [20/Dec/2020:09:09:34 +0800] "GET /xingrg/check_reg.html?_=1608426711718 HTTP/1.1" 200 22
114.88.161.120 - - [20/Dec/2020:09:09:34 +0800] "GET /xingrg/all/function/internal_message.html?_=1608426711721&CODE_STATE=getMsg HTTP/1.1" 200 27
116.228.172.94 - - [20/Dec/2020:09:09:36 +0800] "POST /xingrg/kc/buy/cgsh_list_operate.html HTTP/1.1" 200 495
116.228.172.94 - - [20/Dec/2020:09:09:38 +0800] "GET /xingrg/kc/buy/cgsh_order_info.html?code=212020122007837 HTTP/1.1" 200 61063
116.228.172.94 - - [20/Dec/2020:09:09:39 +0800] "GET /xingrg/all/common/auto_word.html?type=employee&rest_code=00107 HTTP/1.1" 200 151
116.228.172.94 - - [20/Dec/2020:09:09:39 +0800] "GET /xingrg/all/common/auto_word.html?type=employee&rest_code=00107 HTTP/1.1" 200 151
116.228.172.94 - - [20/Dec/2020:09:09:39 +0800] "GET /xingrg/javascript/easyui/themes/default/validatebox.css HTTP/1.1" 404 1104
116.228.172.94 - - [20/Dec/2020:09:09:39 +0800] "POST /xingrg/kc/buy/cgsh_order_operate.html HTTP/1.1" 200 5015
61.129.6.225 - - [20/Dec/2020:09:09:42 +0800] "GET /xingrg/all/function/internal_message.html?_=1608426486690&CODE_STATE=getMsg HTTP/1.1" 302 -
61.129.6.225 - - [20/Dec/2020:09:09:45 +0800] "GET /xingrg/login.html HTTP/1.1" 200 7641
58.40.7.146 - - [20/Dec/2020:09:09:47 +0800] "GET /xingrg/all/function/internal_message.html?_=1608426583180&CODE_STATE=getMsg HTTP/1.1" 200 27
114.88.159.147 - - [20/Dec/2020:09:09:49 +0800] "GET /xingrg/all/function/internal_message.html?_=1608426606643&CODE_STATE=getMsg HTTP/1.1" 200 27
116.228.172.94 - - [20/Dec/2020:09:09:50 +0800] "GET /xingrg/javascript/auto/indicator.gif HTTP/1.1" 404 1066
116.228.172.94 - - [20/Dec/2020:09:09:53 +0800] "GET /xingrg/kc/buy/cgsh_order_operate.html?command=get_materiel&rest_code=00107&code=00101010248&supplier_code=00100033&order_time=2020-12-20 HTTP/1.1" 200 430
180.174.56.115 - - [20/Dec/2020:09:09:54 +0800] "GET /xingrg/all/function/internal_message.html?_=1608426550051&CODE_STATE=getMsg HTTP/1.1" 200 27
114.88.161.120 - - [20/Dec/2020:09:09:59 +0800] "GET /xingrg/kc/buy/cgsh_order_add.html HTTP/1.1" 200 60964
114.88.161.120 - - [20/Dec/2020:09:10:00 +0800] "POST /xingrg/kc/buy/cgsh_order_operate.html HTTP/1.1" 200 8245
114.88.161.120 - - [20/Dec/2020:09:10:00 +0800] "GET /xingrg/javascript/easyui/themes/default/validatebox.css HTTP/1.1" 404 1104
120.253.135.82 - - [20/Dec/2020:09:10:00 +0800] "GET /xingrg/all/function/internal_message.html?_=1608426350712&CODE_STATE=getMsg HTTP/1.1" 200 27
180.162.223.42 - - [20/Dec/2020:09:10:07 +0800] "GET /xingrg/all/function/internal_message.html?_=1608426603300&CODE_STATE=getMsg HTTP/1.1" 200 27
116.228.172.94 - - [20/Dec/2020:09:10:13 +0800] "GET /xingrg/all/function/internal_message.html?_=1608426609117&CODE_STATE=getMsg HTTP/1.1" 200 27
114.88.159.147 - - [20/Dec/2020:09:10:14 +0800] "GET /xingrg/check_reg.html?_=1608426631558 HTTP/1.1" 200 22
116.228.172.94 - - [20/Dec/2020:09:10:16 +0800] "GET /xingrg/kc/buy/cgsh_order_operate.html?command=get_materiel&rest_code=00107&code=00101016081&supplier_code=00100033&order_time=2020-12-20 HTTP/1.1" 200 447
180.174.56.115 - - [20/Dec/2020:09:10:20 +0800] "POST /xingrg/services/DataTransmitService HTTP/1.1" 200 524
114.88.161.120 - - [20/Dec/2020:09:10:21 +0800] "GET /xingrg/kc/buy/cgsh_order_operate.html?command=get_materiel&rest_code=00111&code=00101008036&supplier_code=00100037&order_time=2020-12-20 HTTP/1.1" 200 408
222.69.139.155 - - [20/Dec/2020:09:10:23 +0800] "GET /xingrg/all/function/internal_message.html?_=1608426619510&CODE_STATE=getMsg HTTP/1.1" 200 27
116.228.172.94 - - [20/Dec/2020:09:10:30 +0800] "GET /xingrg/kc/buy/cgsh_order_operate.html?command=get_materiel&rest_code=00107&code=00101016010&supplier_code=00100033&order_time=2020-12-20 HTTP/1.1" 200 408
114.88.161.120 - - [20/Dec/2020:09:10:34 +0800] "GET /xingrg/all/function/internal_message.html?_=1608426771720&CODE_STATE=getMsg HTTP/1.1" 200 27
120.253.135.82 - - [20/Dec/2020:09:10:38 +0800] "POST /xingrg/kc/pszx/mdps_order_operate.html HTTP/1.1" 200 37
120.253.135.82 - - [20/Dec/2020:09:10:38 +0800] "GET /xingrg/kc/pszx/mdps_order_info.html?code=312020121800468 HTTP/1.1" 200 23893
120.253.135.82 - - [20/Dec/2020:09:10:39 +0800] "GET /xingrg/javascript/easyui/themes/default/validatebox.css HTTP/1.1" 404 1104
120.253.135.82 - - [20/Dec/2020:09:10:39 +0800] "POST /xingrg/kc/pszx/mdps_order_operate.html HTTP/1.1" 200 2281
180.162.223.42 - - [20/Dec/2020:09:10:41 +0800] "GET /favicon.ico HTTP/1.1" 404 -
114.88.161.120 - - [20/Dec/2020:09:10:41 +0800] "GET /xingrg/kc/buy/cgsh_order_operate.html?command=get_materiel&rest_code=00111&code=00101008357&supplier_code=00100037&order_time=2020-12-20 HTTP/1.1" 200 408
120.253.135.82 - - [20/Dec/2020:09:10:41 +0800] "POST /xingrg/kc/pszx/mdps_list_operate.html HTTP/1.1" 200 1701
58.40.7.146 - - [20/Dec/2020:09:10:47 +0800] "GET /xingrg/all/function/internal_message.html?_=1608426643167&CODE_STATE=getMsg HTTP/1.1" 200 27
101.89.29.92 - - [20/Dec/2020:09:10:47 +0800] "GET /xingrg/all/function/internal_message.html?_=1608426546669&CODE_STATE=getMsg HTTP/1.1" 302 -
114.88.159.147 - - [20/Dec/2020:09:10:49 +0800] "GET /xingrg/all/function/internal_message.html?_=1608426666619&CODE_STATE=getMsg HTTP/1.1" 200 27
180.174.56.115 - - [20/Dec/2020:09:10:54 +0800] "GET /xingrg/all/function/internal_message.html?_=1608426610072&CODE_STATE=getMsg HTTP/1.1" 200 27
101.89.29.92 - - [20/Dec/2020:09:10:56 +0800] "GET /xingrg/login.html HTTP/1.1" 200 7641
114.88.161.120 - - [20/Dec/2020:09:10:57 +0800] "GET /xingrg/kc/buy/cgsh_order_operate.html?command=get_materiel&rest_code=00111&code=00101007109&supplier_code=00100037&order_time=2020-12-20 HTTP/1.1" 200 408
120.253.135.82 - - [20/Dec/2020:09:10:59 +0800] "POST /xingrg/kc/pszx/mdps_list_operate.html HTTP/1.1" 200 3947
120.253.135.82 - - [20/Dec/2020:09:11:00 +0800] "GET /xingrg/all/function/internal_message.html?_=1608426410727&CODE_STATE=getMsg HTTP/1.1" 200 27
116.228.172.94 - - [20/Dec/2020:09:11:00 +0800] "POST /xingrg/kc/buy/cgsh_order_operate.html HTTP/1.1" 200 37
120.253.135.82 - - [20/Dec/2020:09:11:01 +0800] "POST /xingrg/kc/pszx/mdps_list_operate.html HTTP/1.1" 200 614
101.91.60.11 - - [20/Dec/2020:09:11:02 +0800] "GET /xingrg/all/function/internal_message.html?_=1608426366749&CODE_STATE=getMsg HTTP/1.1" 302 -
120.253.135.82 - - [20/Dec/2020:09:11:03 +0800] "POST /xingrg/kc/pszx/mdps_list_operate.html HTTP/1.1" 200 203
116.228.172.94 - - [20/Dec/2020:09:11:05 +0800] "POST /xingrg/kc/buy/cgsh_order_operate.html HTTP/1.1" 200 6831
120.253.135.82 - - [20/Dec/2020:09:11:05 +0800] "POST /xingrg/kc/pszx/mdps_list_operate.html HTTP/1.1" 200 233
180.162.223.42 - - [20/Dec/2020:09:11:07 +0800] "GET /xingrg/check_reg.html?_=1608426663294 HTTP/1.1" 200 22
180.162.223.42 - - [20/Dec/2020:09:11:07 +0800] "GET /xingrg/all/function/internal_message.html?_=1608426663298&CODE_STATE=getMsg HTTP/1.1" 200 27
101.91.60.11 - - [20/Dec/2020:09:11:08 +0800] "GET /xingrg/login.html HTTP/1.1" 200 7641
120.253.135.82 - - [20/Dec/2020:09:11:08 +0800] "GET /xingrg/kc/pszx/mdps_order_add.html HTTP/1.1" 200 29137
120.253.135.82 - - [20/Dec/2020:09:11:08 +0800] "POST /xingrg/kc/pszx/mdps_order_operate.html HTTP/1.1" 200 7126
120.253.135.82 - - [20/Dec/2020:09:11:08 +0800] "GET /xingrg/javascript/easyui/themes/default/validatebox.css HTTP/1.1" 404 1104
116.228.172.94 - - [20/Dec/2020:09:11:13 +0800] "GET /xingrg/all/function/internal_message.html?_=1608426669130&CODE_STATE=getMsg HTTP/1.1" 200 27
117.185.32.26 - - [20/Dec/2020:09:11:13 +0800] "POST /xingrg/services/DataTransmitService HTTP/1.1" 200 524
114.88.161.120 - - [20/Dec/2020:09:11:15 +0800] "GET /xingrg/kc/buy/cgsh_order_operate.html?command=get_materiel&rest_code=00111&code=00101016030&supplier_code=00100037&order_time=2020-12-20 HTTP/1.1" 200 412
116.228.172.94 - - [20/Dec/2020:09:11:16 +0800] "GET /xingrg/kc/print/load_config.html?kc_code=cgsh HTTP/1.1" 200 1845
116.228.172.94 - - [20/Dec/2020:09:11:16 +0800] "GET /xingrg/kc/print/load_data.html?order_code=212020122007837&kc_code=cgsh&condition= HTTP/1.1" 200 2313
222.69.139.155 - - [20/Dec/2020:09:11:23 +0800] "GET /xingrg/all/function/internal_message.html?_=1608426679503&CODE_STATE=getMsg HTTP/1.1" 200 27
120.253.135.82 - - [20/Dec/2020:09:11:23 +0800] "POST /xingrg/all/common/load_combo.html?type=base HTTP/1.1" 200 984
114.88.161.120 - - [20/Dec/2020:09:11:25 +0800] "GET /xingrg/kc/buy/cgsh_order_operate.html?command=get_materiel&rest_code=00111&code=00101010314&supplier_code=00100037&order_time=2020-12-20 HTTP/1.1" 200 413
116.228.172.94 - - [20/Dec/2020:09:11:26 +0800] "GET /xingrg/kc/buy/cgsh_order_add.html HTTP/1.1" 200 61052
116.228.172.94 - - [20/Dec/2020:09:11:27 +0800] "GET /xingrg/javascript/easyui/themes/default/validatebox.css HTTP/1.1" 404 1104
116.228.172.94 - - [20/Dec/2020:09:11:27 +0800] "POST /xingrg/kc/buy/cgsh_order_operate.html HTTP/1.1" 200 8245
116.228.172.94 - - [20/Dec/2020:09:11:30 +0800] "GET /xingrg/javascript/easyui/themes/default/tree.css HTTP/1.1" 404 1090
116.228.172.94 - - [20/Dec/2020:09:11:30 +0800] "POST /xingrg/all/common/load_tree.html?tree=supplier_tree_json&isDelete=1 HTTP/1.1" 200 52587
120.253.135.82 - - [20/Dec/2020:09:11:33 +0800] "GET /xingrg/kc/pszx/mdps_order_operate.html?command=get_materiel&pszx_code=00101&rest_code=00150&base_code=0010246&code=00101006037 HTTP/1.1" 200 436
114.88.161.120 - - [20/Dec/2020:09:11:34 +0800] "GET /xingrg/all/function/internal_message.html?_=1608426831751&CODE_STATE=getMsg HTTP/1.1" 200 27
180.174.56.115 - - [20/Dec/2020:09:11:45 +0800] "GET /xingrg/check_reg.html?_=1608426660765 HTTP/1.1" 200 22
58.40.7.146 - - [20/Dec/2020:09:11:47 +0800] "GET /xingrg/all/function/internal_message.html?_=1608426703171&CODE_STATE=getMsg HTTP/1.1" 200 27
116.228.172.94 - - [20/Dec/2020:09:11:47 +0800] "GET /xingrg/kc/buy/cgsh_order_operate.html?command=get_materiel&rest_code=00107&code=00101006065&supplier_code=00100010&order_time=2020-12-20 HTTP/1.1" 200 409
114.88.159.147 - - [20/Dec/2020:09:11:49 +0800] "GET /xingrg/all/function/internal_message.html?_=1608426726591&CODE_STATE=getMsg HTTP/1.1" 200 27
180.174.56.115 - - [20/Dec/2020:09:11:54 +0800] "GET /xingrg/all/function/internal_message.html?_=1608426670079&CODE_STATE=getMsg HTTP/1.1" 200 27
114.88.161.120 - - [20/Dec/2020:09:12:00 +0800] "GET /xingrg/kc/buy/cgsh_order_operate.html?command=get_materiel&rest_code=00111&code=00101007095&supplier_code=00100037&order_time=2020-12-20 HTTP/1.1" 200 415
120.253.135.82 - - [20/Dec/2020:09:12:00 +0800] "GET /xingrg/all/function/internal_message.html?_=1608426470741&CODE_STATE=getMsg HTTP/1.1" 200 27
120.253.135.82 - - [20/Dec/2020:09:12:02 +0800] "POST /xingrg/kc/pszx/mdps_order_operate.html HTTP/1.1" 200 37
116.228.172.94 - - [20/Dec/2020:09:12:02 +0800] "GET /xingrg/kc/buy/cgsh_order_operate.html?command=get_materiel&rest_code=00107&code=00101006111&supplier_code=00100010&order_time=2020-12-20 HTTP/1.1" 200 409
120.253.135.82 - - [20/Dec/2020:09:12:03 +0800] "GET /xingrg/kc/pszx/mdps_order_info.html?code=312020122000517 HTTP/1.1" 200 23893
120.253.135.82 - - [20/Dec/2020:09:12:04 +0800] "GET /xingrg/javascript/easyui/themes/default/validatebox.css HTTP/1.1" 404 1104
120.253.135.82 - - [20/Dec/2020:09:12:04 +0800] "POST /xingrg/kc/pszx/mdps_order_operate.html HTTP/1.1" 200 2278
180.162.223.42 - - [20/Dec/2020:09:12:07 +0800] "GET /xingrg/all/function/internal_message.html?_=1608426723291&CODE_STATE=getMsg HTTP/1.1" 200 27
120.253.135.82 - - [20/Dec/2020:09:12:08 +0800] "POST /xingrg/kc/pszx/mdps_list_operate.html HTTP/1.1" 200 4327
116.228.172.94 - - [20/Dec/2020:09:12:13 +0800] "GET /xingrg/all/function/internal_message.html?_=1608426729135&CODE_STATE=getMsg HTTP/1.1" 200 27
114.88.161.120 - - [20/Dec/2020:09:12:17 +0800] "GET /xingrg/kc/buy/cgsh_order_operate.html?command=get_materiel&rest_code=00111&code=00101012010&supplier_code=00100037&order_time=2020-12-20 HTTP/1.1" 200 409
116.228.172.94 - - [20/Dec/2020:09:12:17 +0800] "GET /xingrg/kc/buy/cgsh_order_operate.html?command=get_materiel&rest_code=00107&code=00101006094&supplier_code=00100010&order_time=2020-12-20 HTTP/1.1" 200 410
120.253.135.82 - - [20/Dec/2020:09:12:23 +0800] "POST /xingrg/kc/pszx/mdps_list_operate.html HTTP/1.1" 200 1690
222.69.139.155 - - [20/Dec/2020:09:12:23 +0800] "GET /xingrg/all/function/internal_message.html?_=1608426739517&CODE_STATE=getMsg HTTP/1.1" 200 27
120.253.135.82 - - [20/Dec/2020:09:12:25 +0800] "POST /xingrg/kc/pszx/mdps_list_operate.html HTTP/1.1" 200 209
120.253.135.82 - - [20/Dec/2020:09:12:27 +0800] "GET /xingrg/kc/pszx/mdps_order_add.html HTTP/1.1" 200 29137
120.253.135.82 - - [20/Dec/2020:09:12:27 +0800] "POST /xingrg/kc/pszx/mdps_order_operate.html HTTP/1.1" 200 7126
120.253.135.82 - - [20/Dec/2020:09:12:27 +0800] "GET /xingrg/javascript/easyui/themes/default/validatebox.css HTTP/1.1" 404 1104
222.69.139.155 - - [20/Dec/2020:09:12:33 +0800] "POST /xingrg/kc/buy/cgsh_order_operate.html HTTP/1.1" 200 37
114.88.161.120 - - [20/Dec/2020:09:12:34 +0800] "GET /xingrg/all/function/internal_message.html?_=1608426891773&CODE_STATE=getMsg HTTP/1.1" 200 27
114.88.161.120 - - [20/Dec/2020:09:12:35 +0800] "GET /xingrg/kc/buy/cgsh_order_operate.html?command=get_materiel&rest_code=00111&code=00101008152&supplier_code=00100037&order_time=2020-12-20 HTTP/1.1" 200 408
222.69.139.155 - - [20/Dec/2020:09:12:36 +0800] "POST /xingrg/kc/buy/cgsh_order_operate.html HTTP/1.1" 200 42895
172.17.0.109 - - [20/Dec/2020:09:12:38 +0800] "GET /favicon.ico HTTP/1.1" 404 -
222.69.139.155 - - [20/Dec/2020:09:12:39 +0800] "GET /xingrg/kc/print/load_data.html?order_code=212020122007838&kc_code=cgsh&condition= HTTP/1.1" 200 15939
120.253.135.82 - - [20/Dec/2020:09:12:39 +0800] "POST /xingrg/all/common/load_combo.html?type=base HTTP/1.1" 200 984
116.228.172.94 - - [20/Dec/2020:09:12:41 +0800] "GET /xingrg/kc/buy/cgsh_order_operate.html?command=get_materiel&rest_code=00107&code=00101006133&supplier_code=00100010&order_time=2020-12-20 HTTP/1.1" 200 413
58.40.7.146 - - [20/Dec/2020:09:12:47 +0800] "GET /xingrg/all/function/internal_message.html?_=1608426763173&CODE_STATE=getMsg HTTP/1.1" 200 27
120.253.135.82 - - [20/Dec/2020:09:12:47 +0800] "GET /xingrg/kc/pszx/mdps_order_operate.html?command=get_materiel&pszx_code=00101&rest_code=00104&base_code=0010246&code=00101006037 HTTP/1.1" 200 436
114.88.159.147 - - [20/Dec/2020:09:12:49 +0800] "GET /xingrg/all/function/internal_message.html?_=1608426786565&CODE_STATE=getMsg HTTP/1.1" 200 27
180.174.56.115 - - [20/Dec/2020:09:12:54 +0800] "GET /xingrg/all/function/internal_message.html?_=1608426730093&CODE_STATE=getMsg HTTP/1.1" 200 27
120.253.135.82 - - [20/Dec/2020:09:13:00 +0800] "GET /xingrg/all/function/internal_message.html?_=1608426530841&CODE_STATE=getMsg HTTP/1.1" 200 27
114.88.161.120 - - [20/Dec/2020:09:13:02 +0800] "GET /xingrg/kc/buy/cgsh_order_operate.html?command=get_materiel&rest_code=00111&code=00101008051&supplier_code=00100037&order_time=2020-12-20 HTTP/1.1" 200 428
180.162.223.42 - - [20/Dec/2020:09:13:07 +0800] "GET /xingrg/all/function/internal_message.html?_=1608426783303&CODE_STATE=getMsg HTTP/1.1" 200 27
116.228.172.94 - - [20/Dec/2020:09:13:11 +0800] "GET /xingrg/kc/buy/cgsh_order_operate.html?command=get_materiel&rest_code=00107&code=00101006011&supplier_code=00100010&order_time=2020-12-20 HTTP/1.1" 200 409
116.228.172.94 - - [20/Dec/2020:09:13:13 +0800] "GET /xingrg/all/function/internal_message.html?_=1608426789124&CODE_STATE=getMsg HTTP/1.1" 200 27
120.253.135.82 - - [20/Dec/2020:09:13:17 +0800] "POST /xingrg/kc/pszx/mdps_order_operate.html HTTP/1.1" 200 37
180.174.56.115 - - [20/Dec/2020:09:13:17 +0800] "GET /xingrg/check_reg.html?_=1608426797633 HTTP/1.1" 200 22
120.253.135.82 - - [20/Dec/2020:09:13:17 +0800] "GET /xingrg/kc/pszx/mdps_order_info.html?code=312020122000518 HTTP/1.1" 200 23893
120.253.135.82 - - [20/Dec/2020:09:13:18 +0800] "GET /xingrg/javascript/easyui/themes/default/validatebox.css HTTP/1.1" 404 1104
120.253.135.82 - - [20/Dec/2020:09:13:18 +0800] "POST /xingrg/kc/pszx/mdps_order_operate.html HTTP/1.1" 200 2279
120.253.135.82 - - [20/Dec/2020:09:13:20 +0800] "POST /xingrg/kc/pszx/mdps_list_operate.html HTTP/1.1" 200 2072
120.253.135.82 - - [20/Dec/2020:09:13:23 +0800] "POST /xingrg/kc/pszx/mdps_list_operate.html HTTP/1.1" 200 205
222.69.139.155 - - [20/Dec/2020:09:13:23 +0800] "GET /xingrg/all/function/internal_message.html?_=1608426799512&CODE_STATE=getMsg HTTP/1.1" 200 27
120.253.135.82 - - [20/Dec/2020:09:13:24 +0800] "POST /xingrg/kc/pszx/mdps_list_operate.html HTTP/1.1" 200 209
116.228.172.94 - - [20/Dec/2020:09:13:27 +0800] "POST /xingrg/kc/buy/cgsh_order_operate.html HTTP/1.1" 200 37
114.88.161.120 - - [20/Dec/2020:09:13:34 +0800] "GET /xingrg/all/function/internal_message.html?_=1608426951720&CODE_STATE=getMsg HTTP/1.1" 200 27
116.228.172.94 - - [20/Dec/2020:09:13:40 +0800] "POST /xingrg/kc/buy/cgsh_order_operate.html HTTP/1.1" 200 5607
116.228.172.94 - - [20/Dec/2020:09:13:41 +0800] "GET /xingrg/kc/print/load_data.html?order_code=212020122007839&kc_code=cgsh&condition= HTTP/1.1" 200 1848
116.230.106.194 - - [20/Dec/2020:09:13:46 +0800] "GET /xingrg/index.html?sysBaseUrl=http%3A%2F%2F180.169.147.146%3A18081%2Fxingrg%2F&costTime=1277×tamp=1606817596806 HTTP/1.1" 302 -
116.230.106.194 - - [20/Dec/2020:09:13:46 +0800] "GET /xingrg/login.html HTTP/1.1" 200 7641
116.230.106.194 - - [20/Dec/2020:09:13:46 +0800] "GET /favicon.ico HTTP/1.1" 404 -
58.40.7.146 - - [20/Dec/2020:09:13:47 +0800] "GET /xingrg/all/function/internal_message.html?_=1608426823175&CODE_STATE=getMsg HTTP/1.1" 200 27
58.40.7.146 - - [20/Dec/2020:09:13:47 +0800] "GET /xingrg/check_reg.html?_=1608426823177 HTTP/1.1" 200 22
114.88.159.147 - - [20/Dec/2020:09:13:49 +0800] "GET /xingrg/all/function/internal_message.html?_=1608426846541&CODE_STATE=getMsg HTTP/1.1" 200 27
116.228.172.94 - - [20/Dec/2020:09:13:50 +0800] "GET /xingrg/kc/buy/cgsh_order_add.html HTTP/1.1" 200 61052
116.228.172.94 - - [20/Dec/2020:09:13:51 +0800] "GET /xingrg/javascript/easyui/themes/default/validatebox.css HTTP/1.1" 404 1104
116.228.172.94 - - [20/Dec/2020:09:13:51 +0800] "POST /xingrg/kc/buy/cgsh_order_operate.html HTTP/1.1" 200 8245
116.228.172.94 - - [20/Dec/2020:09:13:52 +0800] "GET /xingrg/javascript/easyui/themes/default/tree.css HTTP/1.1" 404 1090
116.228.172.94 - - [20/Dec/2020:09:13:52 +0800] "POST /xingrg/all/common/load_tree.html?tree=supplier_tree_json&isDelete=1 HTTP/1.1" 200 52587
180.174.56.115 - - [20/Dec/2020:09:13:54 +0800] "GET /xingrg/all/function/internal_message.html?_=1608426790113&CODE_STATE=getMsg HTTP/1.1" 200 27
114.88.161.120 - - [20/Dec/2020:09:13:54 +0800] "GET /xingrg/kc/buy/cgsh_order_operate.html?command=get_materiel&rest_code=00111&code=00101020153&supplier_code=00100037&order_time=2020-12-20 HTTP/1.1" 200 408
120.253.135.82 - - [20/Dec/2020:09:13:54 +0800] "GET /xingrg/check_reg.html?_=1608426585125 HTTP/1.1" 200 22
120.253.135.82 - - [20/Dec/2020:09:14:00 +0800] "GET /xingrg/all/function/internal_message.html?_=1608426590847&CODE_STATE=getMsg HTTP/1.1" 200 27
114.88.161.120 - - [20/Dec/2020:09:14:03 +0800] "GET /xingrg/kc/buy/cgsh_order_operate.html?command=get_materiel&rest_code=00111&code=00101016025&supplier_code=00100037&order_time=2020-12-20 HTTP/1.1" 200 408
116.230.106.194 - - [20/Dec/2020:09:14:05 +0800] "POST /xingrg/login.do HTTP/1.1" 302 -
116.230.106.194 - - [20/Dec/2020:09:14:05 +0800] "GET /xingrg/index.html?sysBaseUrl=http%3A%2F%2F180.169.147.146%3A18081%2Fxingrg%2F&costTime=93×tamp=1608426845238 HTTP/1.1" 200 17173
116.230.106.194 - - [20/Dec/2020:09:14:05 +0800] "GET /favicon.ico HTTP/1.1" 404 -
116.230.106.194 - - [20/Dec/2020:09:14:05 +0800] "POST /xingrg/all/common/load_tree.html?tree=area_rest_tree_json&manage=1 HTTP/1.1" 200 476
116.230.106.194 - - [20/Dec/2020:09:14:05 +0800] "GET /xingrg/check_reg.html?_=1608426840052 HTTP/1.1" 200 22
116.230.106.194 - - [20/Dec/2020:09:14:05 +0800] "GET /xingrg/all/function/internal_message.html?_=1608426840051&CODE_STATE=count HTTP/1.1" 200 11
116.230.106.194 - - [20/Dec/2020:09:14:05 +0800] "POST /xingrg/load_menu.html HTTP/1.1" 200 5138
180.162.223.42 - - [20/Dec/2020:09:14:07 +0800] "GET /xingrg/all/function/internal_message.html?_=1608426843300&CODE_STATE=getMsg HTTP/1.1" 200 27
116.230.106.194 - - [20/Dec/2020:09:14:08 +0800] "GET /xingrg/kc/base/wldb_order_list.html HTTP/1.1" 200 19339
116.230.106.194 - - [20/Dec/2020:09:14:10 +0800] "POST /xingrg/kc/base/wldb_list_operate.html HTTP/1.1" 200 928
116.230.106.194 - - [20/Dec/2020:09:14:11 +0800] "GET /xingrg/kc/base/check_order_list.html HTTP/1.1" 200 16464
116.230.106.194 - - [20/Dec/2020:09:14:11 +0800] "POST /xingrg/kc/base/check_list_operate.html HTTP/1.1" 200 781
116.228.172.94 - - [20/Dec/2020:09:14:13 +0800] "GET /xingrg/kc/buy/cgsh_order_operate.html?command=get_materiel&rest_code=00107&code=00101007061&supplier_code=00100002&order_time=2020-12-20 HTTP/1.1" 200 409
116.228.172.94 - - [20/Dec/2020:09:14:13 +0800] "GET /xingrg/check_reg.html?_=1608426849203 HTTP/1.1" 200 22
116.228.172.94 - - [20/Dec/2020:09:14:13 +0800] "GET /xingrg/all/function/internal_message.html?_=1608426849204&CODE_STATE=getMsg HTTP/1.1" 200 27
116.230.106.194 - - [20/Dec/2020:09:14:13 +0800] "GET /xingrg/kc/base/check_order_add.html HTTP/1.1" 200 26402
116.230.106.194 - - [20/Dec/2020:09:14:13 +0800] "GET /xingrg/dwr/interface/AjaxComOrderService.js HTTP/1.1" 200 18264
116.230.106.194 - - [20/Dec/2020:09:14:13 +0800] "GET /xingrg/dwr/interface/AjaxCheckService.js HTTP/1.1" 200 14003
116.230.106.194 - - [20/Dec/2020:09:14:13 +0800] "GET /xingrg/dwr/engine.js HTTP/1.1" 200 43631
114.88.161.120 - - [20/Dec/2020:09:14:16 +0800] "GET /xingrg/kc/buy/cgsh_order_operate.html?command=get_materiel&rest_code=00111&code=00101015038&supplier_code=00100037&order_time=2020-12-20 HTTP/1.1" 200 418
116.230.106.194 - - [20/Dec/2020:09:14:21 +0800] "POST /xingrg/dwr/call/plaincall/AjaxCheckService.saveOrder.dwr HTTP/1.1" 200 78
116.230.106.194 - - [20/Dec/2020:09:14:23 +0800] "POST /xingrg/dwr/call/plaincall/AjaxCheckService.loadOrderItems.dwr HTTP/1.1" 200 367
222.69.139.155 - - [20/Dec/2020:09:14:23 +0800] "GET /xingrg/all/function/internal_message.html?_=1608426859514&CODE_STATE=getMsg HTTP/1.1" 200 27
222.69.139.155 - - [20/Dec/2020:09:14:23 +0800] "GET /xingrg/check_reg.html?_=1608426859517 HTTP/1.1" 200 22
116.230.106.194 - - [20/Dec/2020:09:14:25 +0800] "POST /xingrg/kc/report/common_data.html?type=materiel_category_tree HTTP/1.1" 200 3570
116.230.106.194 - - [20/Dec/2020:09:14:27 +0800] "GET /xingrg/javascript/jquery_easy_ui/themes/default/images/tree_checkbox_1.gif HTTP/1.1" 200 174
116.230.106.194 - - [20/Dec/2020:09:14:27 +0800] "GET /xingrg/javascript/jquery_easy_ui/themes/default/images/tree_checkbox_2.gif HTTP/1.1" 200 181
116.228.172.94 - - [20/Dec/2020:09:14:29 +0800] "GET /xingrg/kc/buy/cgsh_order_operate.html?command=get_materiel&rest_code=00107&code=00101007075&supplier_code=00100002&order_time=2020-12-20 HTTP/1.1" 200 408
116.230.106.194 - - [20/Dec/2020:09:14:30 +0800] "POST /xingrg/dwr/call/plaincall/AjaxCheckService.importOrderItems.dwr HTTP/1.1" 200 78
116.230.106.194 - - [20/Dec/2020:09:14:32 +0800] "POST /xingrg/dwr/call/plaincall/AjaxCheckService.loadOrderItems.dwr HTTP/1.1" 200 2248
114.88.161.120 - - [20/Dec/2020:09:14:34 +0800] "GET /xingrg/check_reg.html?_=1608427011765 HTTP/1.1" 200 22
114.88.161.120 - - [20/Dec/2020:09:14:34 +0800] "GET /xingrg/all/function/internal_message.html?_=1608427011767&CODE_STATE=getMsg HTTP/1.1" 200 27
116.230.106.194 - - [20/Dec/2020:09:14:42 +0800] "POST /xingrg/dwr/call/plaincall/AjaxCheckService.importOrderItems.dwr HTTP/1.1" 200 78
116.230.106.194 - - [20/Dec/2020:09:14:43 +0800] "POST /xingrg/dwr/call/plaincall/AjaxCheckService.loadOrderItems.dwr HTTP/1.1" 200 71268
120.253.135.82 - - [20/Dec/2020:09:14:45 +0800] "GET /xingrg/kc/buy/cgsh_order_list.html HTTP/1.1" 200 45227
120.253.135.82 - - [20/Dec/2020:09:14:47 +0800] "POST /xingrg/kc/buy/cgsh_list_operate.html HTTP/1.1" 200 876
58.40.7.146 - - [20/Dec/2020:09:14:47 +0800] "GET /xingrg/all/function/internal_message.html?_=1608426883180&CODE_STATE=getMsg HTTP/1.1" 200 27
116.228.172.94 - - [20/Dec/2020:09:14:47 +0800] "GET /xingrg/kc/buy/cgsh_order_operate.html?command=get_materiel&rest_code=00107&code=00101007022&supplier_code=00100002&order_time=2020-12-20 HTTP/1.1" 200 413
114.88.159.147 - - [20/Dec/2020:09:14:49 +0800] "GET /xingrg/all/function/internal_message.html?_=1608426906523&CODE_STATE=getMsg HTTP/1.1" 200 27
120.253.135.82 - - [20/Dec/2020:09:14:51 +0800] "GET /xingrg/kc/buy/cgsh_order_add.html HTTP/1.1" 200 59981
120.253.135.82 - - [20/Dec/2020:09:14:51 +0800] "POST /xingrg/kc/buy/cgsh_order_operate.html HTTP/1.1" 200 8245
120.253.135.82 - - [20/Dec/2020:09:14:51 +0800] "GET /xingrg/javascript/easyui/themes/default/validatebox.css HTTP/1.1" 404 1104
114.88.161.120 - - [20/Dec/2020:09:14:52 +0800] "GET /xingrg/kc/buy/cgsh_order_operate.html?command=get_materiel&rest_code=00111&code=00101016122&supplier_code=00100037&order_time=2020-12-20 HTTP/1.1" 200 395
180.174.56.115 - - [20/Dec/2020:09:14:54 +0800] "GET /xingrg/all/function/internal_message.html?_=1608426850120&CODE_STATE=getMsg HTTP/1.1" 200 27
101.91.60.105 - - [20/Dec/2020:09:14:56 +0800] "GET /xingrg/all/function/internal_message.html?_=1608426846541&CODE_STATE=getMsg HTTP/1.1" 302 -
120.253.135.82 - - [20/Dec/2020:09:15:00 +0800] "GET /xingrg/all/function/internal_message.html?_=1608426650861&CODE_STATE=getMsg HTTP/1.1" 200 27
116.228.172.94 - - [20/Dec/2020:09:15:01 +0800] "POST /xingrg/kc/buy/cgsh_order_operate.html HTTP/1.1" 200 37
101.91.60.105 - - [20/Dec/2020:09:15:03 +0800] "GET /xingrg/login.html HTTP/1.1" 200 7641
116.228.172.94 - - [20/Dec/2020:09:15:03 +0800] "POST /xingrg/kc/buy/cgsh_order_operate.html HTTP/1.1" 200 3840
116.228.172.94 - - [20/Dec/2020:09:15:04 +0800] "GET /xingrg/kc/print/load_data.html?order_code=212020122007840&kc_code=cgsh&condition= HTTP/1.1" 200 1193
116.230.106.194 - - [20/Dec/2020:09:15:05 +0800] "GET /xingrg/all/function/internal_message.html?_=1608426900065&CODE_STATE=getMsg HTTP/1.1" 200 27
120.253.135.82 - - [20/Dec/2020:09:15:06 +0800] "POST /xingrg/all/common/load_combo.html?type=employee HTTP/1.1" 200 2101
180.162.223.42 - - [20/Dec/2020:09:15:07 +0800] "GET /xingrg/all/function/internal_message.html?_=1608426903297&CODE_STATE=getMsg HTTP/1.1" 200 27
116.228.172.94 - - [20/Dec/2020:09:15:12 +0800] "GET /xingrg/kc/base/base_main.html HTTP/1.1" 200 12142
116.228.172.94 - - [20/Dec/2020:09:15:12 +0800] "GET /xingrg/images/blue/button/wlsy.gif HTTP/1.1" 200 2536
116.228.172.94 - - [20/Dec/2020:09:15:12 +0800] "GET /xingrg/images/blue/button/ckpd.gif HTTP/1.1" 200 2051
116.228.172.94 - - [20/Dec/2020:09:15:12 +0800] "GET /xingrg/images/blue/button/ckdb.gif HTTP/1.1" 200 1950
116.228.172.94 - - [20/Dec/2020:09:15:12 +0800] "GET /xingrg/images/blue/button/yddb.gif HTTP/1.1" 200 2040
116.228.172.94 - - [20/Dec/2020:09:15:12 +0800] "GET /xingrg/images/blue/button/top_left.jpg HTTP/1.1" 200 1632
116.228.172.94 - - [20/Dec/2020:09:15:12 +0800] "GET /xingrg/images/blue/button/top_right.jpg HTTP/1.1" 200 1708
116.228.172.94 - - [20/Dec/2020:09:15:12 +0800] "GET /xingrg/images/blue/button/down.jpg HTTP/1.1" 200 1560
116.228.172.94 - - [20/Dec/2020:09:15:12 +0800] "GET /xingrg/images/blue/button/left_ah.jpg HTTP/1.1" 200 1643
116.228.172.94 - - [20/Dec/2020:09:15:12 +0800] "GET /xingrg/images/blue/button/bottom_left.jpg HTTP/1.1" 200 1524
116.228.172.94 - - [20/Dec/2020:09:15:12 +0800] "GET /xingrg/images/blue/button/bottom_right.jpg HTTP/1.1" 200 1436
116.228.172.94 - - [20/Dec/2020:09:15:13 +0800] "GET /xingrg/all/function/internal_message.html?_=1608426909185&CODE_STATE=getMsg HTTP/1.1" 200 27
116.228.172.94 - - [20/Dec/2020:09:15:14 +0800] "GET /xingrg/kc/base/wldb_order_list.html HTTP/1.1" 200 19345
114.88.159.147 - - [20/Dec/2020:09:15:14 +0800] "GET /xingrg/check_reg.html?_=1608426931565 HTTP/1.1" 200 22
116.228.172.94 - - [20/Dec/2020:09:15:15 +0800] "POST /xingrg/kc/base/wldb_list_operate.html HTTP/1.1" 200 928
114.88.161.120 - - [20/Dec/2020:09:15:17 +0800] "GET /xingrg/kc/buy/cgsh_order_operate.html?command=get_materiel&rest_code=00111&code=00101016105&supplier_code=00100037&order_time=2020-12-20 HTTP/1.1" 200 409
116.228.172.94 - - [20/Dec/2020:09:15:18 +0800] "GET /xingrg/kc/base/wldb_order_add.html HTTP/1.1" 200 30510
116.228.172.94 - - [20/Dec/2020:09:15:18 +0800] "GET /xingrg/all/common/auto_word.html?type=base&rest_code=00107 HTTP/1.1" 200 1861
116.228.172.94 - - [20/Dec/2020:09:15:18 +0800] "GET /xingrg/all/common/auto_word.html?type=base&rest_code=00107 HTTP/1.1" 200 1861
116.228.172.94 - - [20/Dec/2020:09:15:18 +0800] "GET /xingrg/javascript/easyui/themes/default/validatebox.css HTTP/1.1" 404 1104
120.253.135.82 - - [20/Dec/2020:09:15:18 +0800] "GET /xingrg/kc/buy/cgsh_order_operate.html?command=get_materiel&rest_code=00101&code=00101006002&supplier_code=00100139&order_time=2020-12-20 HTTP/1.1" 200 439
116.228.172.94 - - [20/Dec/2020:09:15:18 +0800] "POST /xingrg/kc/base/wldb_order_operate.html HTTP/1.1" 200 6806
116.228.172.94 - - [20/Dec/2020:09:15:20 +0800] "POST /xingrg/all/common/load_combo.html?type=base HTTP/1.1" 200 3324
222.69.139.155 - - [20/Dec/2020:09:15:23 +0800] "GET /xingrg/all/function/internal_message.html?_=1608426919577&CODE_STATE=getMsg HTTP/1.1" 200 27
114.88.161.120 - - [20/Dec/2020:09:15:28 +0800] "GET /xingrg/kc/buy/cgsh_order_operate.html?command=get_materiel&rest_code=00111&code=00101012059&supplier_code=00100037&order_time=2020-12-20 HTTP/1.1" 200 412
116.228.172.94 - - [20/Dec/2020:09:15:29 +0800] "POST /xingrg/all/common/load_combo.html?type=base HTTP/1.1" 200 3324
222.69.139.155 - - [20/Dec/2020:09:15:29 +0800] "POST /xingrg/kc/buy/cgsh_order_operate.html HTTP/1.1" 200 37
222.69.139.155 - - [20/Dec/2020:09:15:34 +0800] "POST /xingrg/kc/buy/cgsh_order_operate.html HTTP/1.1" 200 12
114.88.161.120 - - [20/Dec/2020:09:15:34 +0800] "GET /xingrg/all/function/internal_message.html?_=1608427071737&CODE_STATE=getMsg HTTP/1.1" 200 27
222.69.139.155 - - [20/Dec/2020:09:15:36 +0800] "GET /xingrg/kc/buy/cgsh_order_info.html?code=212020122007838 HTTP/1.1" 200 55920
222.69.139.155 - - [20/Dec/2020:09:15:36 +0800] "GET /xingrg/javascript/easyui/themes/default/validatebox.css HTTP/1.1" 404 1104
222.69.139.155 - - [20/Dec/2020:09:15:37 +0800] "POST /xingrg/kc/buy/cgsh_order_operate.html HTTP/1.1" 200 40833
116.228.172.94 - - [20/Dec/2020:09:15:38 +0800] "GET /xingrg/kc/base/wldb_order_operate.html?command=get_materiel&rest_code=00107&base_code=0010151&code=00101011005 HTTP/1.1" 200 431
58.40.7.146 - - [20/Dec/2020:09:15:47 +0800] "GET /xingrg/all/function/internal_message.html?_=1608426943168&CODE_STATE=getMsg HTTP/1.1" 200 27
114.88.159.147 - - [20/Dec/2020:09:15:49 +0800] "GET /xingrg/all/function/internal_message.html?_=1608426966528&CODE_STATE=getMsg HTTP/1.1" 200 27
114.88.161.120 - - [20/Dec/2020:09:15:51 +0800] "GET /xingrg/kc/buy/cgsh_order_operate.html?command=get_materiel&rest_code=00111&code=00101009112&supplier_code=00100037&order_time=2020-12-20 HTTP/1.1" 200 411
180.174.56.115 - - [20/Dec/2020:09:15:54 +0800] "GET /xingrg/all/function/internal_message.html?_=1608426910140&CODE_STATE=getMsg HTTP/1.1" 200 27
120.253.135.82 - - [20/Dec/2020:09:16:00 +0800] "GET /xingrg/all/function/internal_message.html?_=1608426710873&CODE_STATE=getMsg HTTP/1.1" 200 27
120.253.135.82 - - [20/Dec/2020:09:16:01 +0800] "POST /xingrg/kc/buy/cgsh_order_operate.html HTTP/1.1" 200 37
120.253.135.82 - - [20/Dec/2020:09:16:03 +0800] "POST /xingrg/kc/buy/cgsh_order_operate.html HTTP/1.1" 200 2672
116.230.106.194 - - [20/Dec/2020:09:16:05 +0800] "GET /xingrg/all/function/internal_message.html?_=1608426960072&CODE_STATE=getMsg HTTP/1.1" 200 27
180.162.223.42 - - [20/Dec/2020:09:16:07 +0800] "GET /xingrg/check_reg.html?_=1608426963295 HTTP/1.1" 200 22
180.162.223.42 - - [20/Dec/2020:09:16:07 +0800] "GET /xingrg/all/function/internal_message.html?_=1608426963298&CODE_STATE=getMsg HTTP/1.1" 200 27
114.88.161.120 - - [20/Dec/2020:09:16:10 +0800] "GET /xingrg/kc/buy/cgsh_order_operate.html?command=get_materiel&rest_code=00111&code=00101012002&supplier_code=00100037&order_time=2020-12-20 HTTP/1.1" 200 419
116.228.172.94 - - [20/Dec/2020:09:16:11 +0800] "GET /xingrg/kc/base/wldb_order_operate.html?command=get_materiel&rest_code=00107&base_code=0010151&code=00101016094 HTTP/1.1" 200 470
