180.162.223.42 - - [20/Dec/2020:11:17:42 +0800] "POST /xingrg/kc/base/wldb_list_operate.html HTTP/1.1" 200 2165
114.88.161.120 - - [20/Dec/2020:11:17:42 +0800] "GET /xingrg/kc/base/wldb_order_operate.html?command=get_materiel&rest_code=00111&base_code=0010306&code=00102002006 HTTP/1.1" 200 466
180.162.223.42 - - [20/Dec/2020:11:17:42 +0800] "GET /xingrg/kc/base/wldb_order_add.html HTTP/1.1" 200 30508
180.162.223.42 - - [20/Dec/2020:11:17:43 +0800] "GET /xingrg/javascript/easyui/themes/default/validatebox.css HTTP/1.1" 404 1104
180.162.223.42 - - [20/Dec/2020:11:17:43 +0800] "POST /xingrg/kc/base/wldb_order_operate.html HTTP/1.1" 200 6806
180.162.223.42 - - [20/Dec/2020:11:17:44 +0800] "POST /xingrg/all/common/load_combo.html?type=base HTTP/1.1" 200 3236
114.88.159.147 - - [20/Dec/2020:11:17:46 +0800] "GET /xingrg/all/function/internal_message.html?_=1608434283754&CODE_STATE=getMsg HTTP/1.1" 200 27
58.40.7.146 - - [20/Dec/2020:11:17:47 +0800] "GET /xingrg/all/function/internal_message.html?_=1608434263221&CODE_STATE=getMsg HTTP/1.1" 200 27
180.162.223.42 - - [20/Dec/2020:11:17:49 +0800] "GET /xingrg/kc/base/wldb_order_operate.html?command=get_materiel&rest_code=00105&base_code=0010507&code=00101016097 HTTP/1.1" 200 470
114.88.161.120 - - [20/Dec/2020:11:17:51 +0800] "GET /xingrg/kc/base/wldb_order_operate.html?command=get_materiel&rest_code=00111&base_code=0010306&code=00102002347 HTTP/1.1" 200 441
180.162.223.42 - - [20/Dec/2020:11:17:51 +0800] "POST /xingrg/all/common/load_select.html HTTP/1.1" 200 25
172.17.0.102 - - [20/Dec/2020:11:17:51 +0800] "GET /xingrg/all/function/internal_message.html?_=1608434267309&CODE_STATE=getMsg HTTP/1.1" 200 27
180.162.223.42 - - [20/Dec/2020:11:17:53 +0800] "GET /xingrg/kc/base/wldb_order_operate.html?command=get_materiel_price&rest_code=00105&base_code=0010507&code=00101016097&unit_code=00100163 HTTP/1.1" 200 37
120.253.135.82 - - [20/Dec/2020:11:17:55 +0800] "POST /xingrg/kc/pszx/mdps_list_operate.html HTTP/1.1" 200 2063
180.152.104.37 - - [20/Dec/2020:11:17:55 +0800] "GET /xingrg/kc/buy/cgsh_order_operate.html?command=get_materiel&rest_code=00102&code=00101009034&supplier_code=00100335&order_time=2020-12-20 HTTP/1.1" 200 428
180.174.56.115 - - [20/Dec/2020:11:17:56 +0800] "GET /xingrg/all/function/internal_message.html?_=1608434231790&CODE_STATE=getMsg HTTP/1.1" 200 27
117.185.32.26 - - [20/Dec/2020:11:17:59 +0800] "GET /xingrg/check_reg.html?_=1608434268897 HTTP/1.1" 200 22
114.86.226.116 - - [20/Dec/2020:11:17:59 +0800] "GET /xingrg/all/function/internal_message.html?_=1608434295039&CODE_STATE=getMsg HTTP/1.1" 200 27
180.162.223.42 - - [20/Dec/2020:11:17:59 +0800] "GET /xingrg/kc/base/wldb_order_operate.html?command=get_materiel&rest_code=00105&base_code=0010507&code=00101016096 HTTP/1.1" 200 450
114.88.161.120 - - [20/Dec/2020:11:18:01 +0800] "POST /xingrg/kc/base/wldb_order_operate.html HTTP/1.1" 200 37
114.88.161.120 - - [20/Dec/2020:11:18:01 +0800] "POST /xingrg/kc/base/wldb_order_operate.html HTTP/1.1" 200 5084
114.88.161.120 - - [20/Dec/2020:11:18:01 +0800] "GET /xingrg/kc/base/wldb_order_info.html?code=422020122002270 HTTP/1.1" 200 30523
114.88.161.120 - - [20/Dec/2020:11:18:02 +0800] "GET /xingrg/javascript/easyui/themes/default/validatebox.css HTTP/1.1" 404 1104
117.184.7.26 - - [20/Dec/2020:11:18:02 +0800] "GET /xingrg/all/function/internal_message.html?_=1608434278143&CODE_STATE=getMsg HTTP/1.1" 200 27
180.152.104.37 - - [20/Dec/2020:11:18:02 +0800] "POST /xingrg/kc/buy/cgsh_order_operate.html HTTP/1.1" 200 37
114.88.161.120 - - [20/Dec/2020:11:18:02 +0800] "POST /xingrg/kc/base/wldb_order_operate.html HTTP/1.1" 200 5084
180.162.223.42 - - [20/Dec/2020:11:18:05 +0800] "GET /xingrg/all/function/internal_message.html?_=1608434281401&CODE_STATE=getMsg HTTP/1.1" 200 27
117.185.32.26 - - [20/Dec/2020:11:18:05 +0800] "GET /xingrg/all/function/internal_message.html?_=1608434275215&CODE_STATE=getMsg HTTP/1.1" 200 27
180.152.104.37 - - [20/Dec/2020:11:18:06 +0800] "POST /xingrg/kc/buy/cgsh_order_operate.html HTTP/1.1" 200 12
116.230.106.194 - - [20/Dec/2020:11:18:06 +0800] "GET /xingrg/all/function/internal_message.html?_=1608434280964&CODE_STATE=getMsg HTTP/1.1" 200 27
172.17.0.120 - - [20/Dec/2020:11:18:08 +0800] "GET /xingrg/check_reg.html?_=1608434309507 HTTP/1.1" 200 22
172.17.0.120 - - [20/Dec/2020:11:18:08 +0800] "GET /xingrg/all/function/internal_message.html?_=1608434309509&CODE_STATE=getMsg HTTP/1.1" 200 27
180.152.104.37 - - [20/Dec/2020:11:18:08 +0800] "GET /xingrg/kc/buy/cgsh_order_info.html?code=212020122007969 HTTP/1.1" 200 55832
180.152.104.37 - - [20/Dec/2020:11:18:09 +0800] "GET /xingrg/javascript/easyui/themes/default/validatebox.css HTTP/1.1" 404 1104
180.152.104.37 - - [20/Dec/2020:11:18:09 +0800] "POST /xingrg/kc/buy/cgsh_order_operate.html HTTP/1.1" 200 616
120.253.135.82 - - [20/Dec/2020:11:18:09 +0800] "POST /xingrg/kc/pszx/mdps_list_operate.html HTTP/1.1" 200 215
120.253.135.82 - - [20/Dec/2020:11:18:09 +0800] "GET /xingrg/kc/pszx/mdps_order_info.html?code=312020122000490 HTTP/1.1" 200 23887
120.253.135.82 - - [20/Dec/2020:11:18:10 +0800] "POST /xingrg/kc/pszx/mdps_order_operate.html HTTP/1.1" 200 2305
120.253.135.82 - - [20/Dec/2020:11:18:10 +0800] "GET /xingrg/javascript/easyui/themes/default/validatebox.css HTTP/1.1" 404 1104
180.152.104.37 - - [20/Dec/2020:11:18:11 +0800] "GET /xingrg/kc/print/load_data.html?order_code=212020122007969&kc_code=cgsh&condition= HTTP/1.1" 200 699
114.88.161.120 - - [20/Dec/2020:11:18:11 +0800] "GET /xingrg/kc/base/wldb_order_list.html HTTP/1.1" 200 19339
114.88.161.120 - - [20/Dec/2020:11:18:12 +0800] "POST /xingrg/kc/base/wldb_list_operate.html HTTP/1.1" 200 2560
116.228.172.94 - - [20/Dec/2020:11:18:12 +0800] "GET /xingrg/kc/mdqp/pssh_order_list.html?isBack=1 HTTP/1.1" 200 18017
172.17.0.123 - - [20/Dec/2020:11:18:12 +0800] "GET /xingrg/check_reg.html?_=1608434204953 HTTP/1.1" 200 22
116.228.172.94 - - [20/Dec/2020:11:18:13 +0800] "POST /xingrg/kc/mdqp/pssh_list_operate.html HTTP/1.1" 200 5382
120.253.135.82 - - [20/Dec/2020:11:18:14 +0800] "POST /xingrg/kc/pszx/mdps_order_operate.html HTTP/1.1" 200 37
120.253.135.82 - - [20/Dec/2020:11:18:15 +0800] "POST /xingrg/kc/pszx/mdps_order_operate.html HTTP/1.1" 200 12
180.152.104.37 - - [20/Dec/2020:11:18:16 +0800] "GET /xingrg/kc/buy/cgsh_order_add.html HTTP/1.1" 200 60929
180.152.104.37 - - [20/Dec/2020:11:18:17 +0800] "POST /xingrg/kc/buy/cgsh_order_operate.html HTTP/1.1" 200 8245
180.152.104.37 - - [20/Dec/2020:11:18:18 +0800] "GET /xingrg/javascript/easyui/themes/default/validatebox.css HTTP/1.1" 404 1104
116.228.172.94 - - [20/Dec/2020:11:18:18 +0800] "POST /xingrg/kc/mdqp/pssh_list_operate.html HTTP/1.1" 200 374
180.152.104.37 - - [20/Dec/2020:11:18:18 +0800] "GET /xingrg/all/function/internal_message.html?_=1608434294491&CODE_STATE=getMsg HTTP/1.1" 200 27
116.228.172.94 - - [20/Dec/2020:11:18:19 +0800] "POST /xingrg/kc/mdqp/pssh_list_operate.html HTTP/1.1" 200 1585
120.253.135.82 - - [20/Dec/2020:11:18:19 +0800] "GET /xingrg/kc/pszx/mdps_order_info.html?code=312020122000490 HTTP/1.1" 200 19547
116.228.172.94 - - [20/Dec/2020:11:18:19 +0800] "GET /xingrg/kc/mdqp/pssh_order_info.html?code=312020121800473 HTTP/1.1" 200 17272
117.131.5.26 - - [20/Dec/2020:11:18:19 +0800] "GET /xingrg/all/function/internal_message.html?_=1608434338333&CODE_STATE=getMsg HTTP/1.1" 200 27
116.228.172.94 - - [20/Dec/2020:11:18:19 +0800] "GET /xingrg/javascript/jquery_tools/jquery-1.4.2.min.js HTTP/1.1" 404 1094
116.228.172.94 - - [20/Dec/2020:11:18:19 +0800] "GET /xingrg/words/20201220093635_words.js HTTP/1.1" 304 -
120.253.135.82 - - [20/Dec/2020:11:18:19 +0800] "POST /xingrg/kc/pszx/mdps_order_operate.html HTTP/1.1" 200 526
120.253.135.82 - - [20/Dec/2020:11:18:19 +0800] "GET /xingrg/javascript/easyui/themes/default/validatebox.css HTTP/1.1" 404 1104
116.228.172.94 - - [20/Dec/2020:11:18:20 +0800] "POST /xingrg/kc/mdqp/pssh_order_operate.html HTTP/1.1" 200 1053
116.228.172.94 - - [20/Dec/2020:11:18:20 +0800] "GET /xingrg/javascript/easyui/themes/default/validatebox.css HTTP/1.1" 404 1104
120.253.135.82 - - [20/Dec/2020:11:18:21 +0800] "POST /xingrg/kc/pszx/mdps_list_operate.html HTTP/1.1" 200 1692
117.131.5.26 - - [20/Dec/2020:11:18:22 +0800] "GET /xingrg/all/function/internal_message.html?_=1608434628941&CODE_STATE=getMsg HTTP/1.1" 302 -
117.131.5.26 - - [20/Dec/2020:11:18:22 +0800] "GET /xingrg/login.html HTTP/1.1" 200 7641
120.253.135.82 - - [20/Dec/2020:11:18:22 +0800] "POST /xingrg/kc/pszx/mdps_list_operate.html HTTP/1.1" 200 642
120.253.135.82 - - [20/Dec/2020:11:18:22 +0800] "GET /xingrg/kc/pszx/mdps_order_info.html?code=312020122000491 HTTP/1.1" 200 23887
120.253.135.82 - - [20/Dec/2020:11:18:23 +0800] "POST /xingrg/kc/pszx/mdps_order_operate.html HTTP/1.1" 200 5372
120.253.135.82 - - [20/Dec/2020:11:18:23 +0800] "GET /xingrg/javascript/easyui/themes/default/validatebox.css HTTP/1.1" 404 1104
222.69.139.155 - - [20/Dec/2020:11:18:23 +0800] "GET /xingrg/all/function/internal_message.html?_=1608434299669&CODE_STATE=getMsg HTTP/1.1" 200 27
116.228.172.94 - - [20/Dec/2020:11:18:25 +0800] "POST /xingrg/all/common/load_combo.html?type=base&rest_code=00107 HTTP/1.1" 200 3324
180.152.104.37 - - [20/Dec/2020:11:18:25 +0800] "GET /xingrg/kc/buy/cgsh_order_operate.html?command=get_materiel&rest_code=00102&code=00101005009&supplier_code=00100334&order_time=2020-12-20 HTTP/1.1" 200 413
120.253.135.82 - - [20/Dec/2020:11:18:27 +0800] "POST /xingrg/kc/pszx/mdps_order_operate.html HTTP/1.1" 200 37
120.253.135.82 - - [20/Dec/2020:11:18:28 +0800] "POST /xingrg/kc/pszx/mdps_order_operate.html HTTP/1.1" 200 12
120.253.135.82 - - [20/Dec/2020:11:18:29 +0800] "GET /xingrg/kc/pszx/mdps_order_info.html?code=312020122000491 HTTP/1.1" 200 19547
180.174.56.115 - - [20/Dec/2020:11:18:29 +0800] "GET /xingrg/all/function/internal_message.html?_=1608434309803&CODE_STATE=getMsg HTTP/1.1" 200 27
180.174.56.115 - - [20/Dec/2020:11:18:29 +0800] "GET /xingrg/check_reg.html?_=1608434309806 HTTP/1.1" 200 22
120.253.135.82 - - [20/Dec/2020:11:18:29 +0800] "POST /xingrg/kc/pszx/mdps_order_operate.html HTTP/1.1" 200 3565
120.253.135.82 - - [20/Dec/2020:11:18:30 +0800] "GET /xingrg/javascript/easyui/themes/default/validatebox.css HTTP/1.1" 404 1104
120.253.135.82 - - [20/Dec/2020:11:18:32 +0800] "POST /xingrg/kc/pszx/mdps_list_operate.html HTTP/1.1" 200 868
114.88.161.120 - - [20/Dec/2020:11:18:34 +0800] "GET /xingrg/kc/base/wldb_order_add.html HTTP/1.1" 200 30508
114.88.161.120 - - [20/Dec/2020:11:18:34 +0800] "POST /xingrg/kc/base/wldb_order_operate.html HTTP/1.1" 200 6806
114.88.161.120 - - [20/Dec/2020:11:18:34 +0800] "GET /xingrg/javascript/easyui/themes/default/validatebox.css HTTP/1.1" 404 1104
114.88.161.120 - - [20/Dec/2020:11:18:34 +0800] "GET /xingrg/all/function/internal_message.html?_=1608434451881&CODE_STATE=getMsg HTTP/1.1" 200 27
172.17.0.120 - - [20/Dec/2020:11:18:37 +0800] "POST /xingrg/kc/buy/cgsh_list_operate.html HTTP/1.1" 200 5367
116.228.172.94 - - [20/Dec/2020:11:18:40 +0800] "GET /xingrg/all/function/internal_message.html?_=1608434316300&CODE_STATE=getMsg HTTP/1.1" 200 27
116.228.172.94 - - [20/Dec/2020:11:18:42 +0800] "POST /xingrg/all/common/load_combo.html?type=employee HTTP/1.1" 200 274
114.88.159.147 - - [20/Dec/2020:11:18:46 +0800] "GET /xingrg/all/function/internal_message.html?_=1608434343729&CODE_STATE=getMsg HTTP/1.1" 200 27
58.40.7.146 - - [20/Dec/2020:11:18:47 +0800] "GET /xingrg/all/function/internal_message.html?_=1608434323224&CODE_STATE=getMsg HTTP/1.1" 200 27
58.40.7.146 - - [20/Dec/2020:11:18:47 +0800] "GET /xingrg/check_reg.html?_=1608434323226 HTTP/1.1" 200 22
116.228.172.94 - - [20/Dec/2020:11:18:48 +0800] "POST /xingrg/kc/mdqp/pssh_order_operate.html HTTP/1.1" 200 37
116.228.172.94 - - [20/Dec/2020:11:18:48 +0800] "POST /xingrg/kc/mdqp/pssh_order_operate.html HTTP/1.1" 200 12
116.228.172.94 - - [20/Dec/2020:11:18:49 +0800] "GET /xingrg/kc/mdqp/pssh_order_info.html?code=312020121800473 HTTP/1.1" 200 14386
116.228.172.94 - - [20/Dec/2020:11:18:49 +0800] "GET /xingrg/javascript/jquery_tools/jquery-1.4.2.min.js HTTP/1.1" 404 1094
116.228.172.94 - - [20/Dec/2020:11:18:50 +0800] "GET /xingrg/javascript/easyui/themes/default/validatebox.css HTTP/1.1" 404 1104
116.228.172.94 - - [20/Dec/2020:11:18:50 +0800] "POST /xingrg/kc/mdqp/pssh_order_operate.html HTTP/1.1" 200 1053
114.88.161.120 - - [20/Dec/2020:11:18:50 +0800] "GET /xingrg/kc/base/wldb_order_operate.html?command=get_materiel&rest_code=00111&base_code=0010283&code=00101016001 HTTP/1.1" 200 457
172.17.0.102 - - [20/Dec/2020:11:18:51 +0800] "GET /xingrg/all/function/internal_message.html?_=1608434327309&CODE_STATE=getMsg HTTP/1.1" 200 27
116.228.172.94 - - [20/Dec/2020:11:18:56 +0800] "GET /xingrg/kc/mdqp/pssh_order_list.html?isBack=1 HTTP/1.1" 200 18017
180.174.56.115 - - [20/Dec/2020:11:18:56 +0800] "GET /xingrg/all/function/internal_message.html?_=1608434291812&CODE_STATE=getMsg HTTP/1.1" 200 27
116.228.172.94 - - [20/Dec/2020:11:18:57 +0800] "POST /xingrg/kc/mdqp/pssh_list_operate.html HTTP/1.1" 200 5413
114.88.161.120 - - [20/Dec/2020:11:18:58 +0800] "GET /xingrg/kc/base/wldb_order_operate.html?command=get_materiel&rest_code=00111&base_code=0010283&code=00101019184 HTTP/1.1" 200 444
114.86.226.116 - - [20/Dec/2020:11:18:59 +0800] "GET /xingrg/check_reg.html?_=1608434355046 HTTP/1.1" 200 22
114.86.226.116 - - [20/Dec/2020:11:18:59 +0800] "GET /xingrg/all/function/internal_message.html?_=1608434355048&CODE_STATE=getMsg HTTP/1.1" 200 27
117.184.7.26 - - [20/Dec/2020:11:19:02 +0800] "GET /xingrg/all/function/internal_message.html?_=1608434338151&CODE_STATE=getMsg HTTP/1.1" 200 27
180.162.223.42 - - [20/Dec/2020:11:19:05 +0800] "GET /xingrg/all/function/internal_message.html?_=1608434341509&CODE_STATE=getMsg HTTP/1.1" 200 27
117.185.32.26 - - [20/Dec/2020:11:19:05 +0800] "GET /xingrg/all/function/internal_message.html?_=1608434335190&CODE_STATE=getMsg HTTP/1.1" 200 27
116.230.106.194 - - [20/Dec/2020:11:19:05 +0800] "GET /xingrg/check_reg.html?_=1608434340076 HTTP/1.1" 200 22
114.88.161.120 - - [20/Dec/2020:11:19:06 +0800] "GET /xingrg/kc/base/wldb_order_operate.html?command=get_materiel&rest_code=00111&base_code=0010283&code=00101019400 HTTP/1.1" 200 450
116.230.106.194 - - [20/Dec/2020:11:19:06 +0800] "GET /xingrg/all/function/internal_message.html?_=1608434340943&CODE_STATE=getMsg HTTP/1.1" 200 27
120.253.135.82 - - [20/Dec/2020:11:19:07 +0800] "POST /xingrg/kc/pszx/mdps_list_operate.html HTTP/1.1" 200 2063
172.17.0.120 - - [20/Dec/2020:11:19:08 +0800] "GET /xingrg/all/function/internal_message.html?_=1608434369525&CODE_STATE=getMsg HTTP/1.1" 200 27
114.88.161.120 - - [20/Dec/2020:11:19:11 +0800] "GET /xingrg/kc/base/wldb_order_operate.html?command=get_materiel&rest_code=00111&base_code=0010283&code=00101019222 HTTP/1.1" 200 454
120.253.135.82 - - [20/Dec/2020:11:19:12 +0800] "POST /xingrg/kc/pszx/mdps_list_operate.html HTTP/1.1" 200 215
120.253.135.82 - - [20/Dec/2020:11:19:12 +0800] "GET /xingrg/kc/pszx/mdps_order_info.html?code=312020122000493 HTTP/1.1" 200 23887
120.253.135.82 - - [20/Dec/2020:11:19:13 +0800] "POST /xingrg/kc/pszx/mdps_order_operate.html HTTP/1.1" 200 2305
120.253.135.82 - - [20/Dec/2020:11:19:13 +0800] "GET /xingrg/javascript/easyui/themes/default/validatebox.css HTTP/1.1" 404 1104
180.152.104.37 - - [20/Dec/2020:11:19:14 +0800] "GET /xingrg/kc/buy/cgsh_order_operate.html?command=get_materiel&rest_code=00102&code=00101010161&supplier_code=00100334&order_time=2020-12-20 HTTP/1.1" 200 408
120.253.135.82 - - [20/Dec/2020:11:19:16 +0800] "POST /xingrg/kc/pszx/mdps_order_operate.html HTTP/1.1" 200 37
180.152.104.37 - - [20/Dec/2020:11:19:16 +0800] "GET /xingrg/check_reg.html?_=1608434353114 HTTP/1.1" 200 22
120.253.135.82 - - [20/Dec/2020:11:19:17 +0800] "POST /xingrg/kc/pszx/mdps_order_operate.html HTTP/1.1" 200 12
180.152.104.37 - - [20/Dec/2020:11:19:18 +0800] "GET /xingrg/all/function/internal_message.html?_=1608434354501&CODE_STATE=getMsg HTTP/1.1" 200 27
117.131.5.26 - - [20/Dec/2020:11:19:19 +0800] "GET /xingrg/check_reg.html?_=1608434685696 HTTP/1.1" 302 -
117.131.5.26 - - [20/Dec/2020:11:19:19 +0800] "GET /xingrg/login.html HTTP/1.1" 200 7641
117.131.5.26 - - [20/Dec/2020:11:19:19 +0800] "GET /xingrg/all/function/internal_message.html?_=1608434398330&CODE_STATE=getMsg HTTP/1.1" 200 27
117.131.5.26 - - [20/Dec/2020:11:19:22 +0800] "GET /xingrg/all/function/internal_message.html?_=1608434688955&CODE_STATE=getMsg HTTP/1.1" 302 -
117.131.5.26 - - [20/Dec/2020:11:19:22 +0800] "GET /xingrg/login.html HTTP/1.1" 200 7641
172.17.0.120 - - [20/Dec/2020:11:19:22 +0800] "POST /xingrg/kc/buy/cgsh_list_operate.html HTTP/1.1" 200 3070
222.69.139.155 - - [20/Dec/2020:11:19:23 +0800] "GET /xingrg/all/function/internal_message.html?_=1608434359686&CODE_STATE=getMsg HTTP/1.1" 200 27
222.69.139.155 - - [20/Dec/2020:11:19:23 +0800] "GET /xingrg/check_reg.html?_=1608434359692 HTTP/1.1" 200 22
116.228.172.94 - - [20/Dec/2020:11:19:24 +0800] "POST /xingrg/all/user/operate.html HTTP/1.1" 200 36
116.228.172.94 - - [20/Dec/2020:11:19:25 +0800] "GET /xingrg/index.html?sysBaseUrl=http%3A%2F%2F180.169.147.146%3A18081%2Fxingrg%2F&costTime=108×tamp=1608426550925 HTTP/1.1" 200 17177
116.228.172.94 - - [20/Dec/2020:11:19:26 +0800] "GET /xingrg/javascript/jquery_easy_ui/themes/default/easyui.css HTTP/1.1" 304 -
116.228.172.94 - - [20/Dec/2020:11:19:26 +0800] "GET /xingrg/javascript/jquery_easy_ui/themes/icon.css HTTP/1.1" 304 -
116.228.172.94 - - [20/Dec/2020:11:19:26 +0800] "GET /xingrg/css/form.css HTTP/1.1" 304 -
116.228.172.94 - - [20/Dec/2020:11:19:26 +0800] "GET /xingrg/javascript/jquery-1.4.2.min.js HTTP/1.1" 304 -
116.228.172.94 - - [20/Dec/2020:11:19:26 +0800] "GET /xingrg/javascript/jquery_easy_ui/jquery.easyui.min.js HTTP/1.1" 304 -
116.228.172.94 - - [20/Dec/2020:11:19:26 +0800] "GET /xingrg/javascript/jquery_easy_ui/easyui-lang-zh_CN.js HTTP/1.1" 304 -
116.228.172.94 - - [20/Dec/2020:11:19:26 +0800] "GET /xingrg/javascript/jquery.form.js HTTP/1.1" 304 -
116.228.172.94 - - [20/Dec/2020:11:19:26 +0800] "GET /xingrg/javascript/jquery.utils.js HTTP/1.1" 304 -
116.228.172.94 - - [20/Dec/2020:11:19:26 +0800] "GET /xingrg/javascript/jquery.timers.js HTTP/1.1" 304 -
116.228.172.94 - - [20/Dec/2020:11:19:26 +0800] "GET /xingrg/images/blue/jxLogo.png HTTP/1.1" 304 -
116.228.172.94 - - [20/Dec/2020:11:19:26 +0800] "GET /xingrg/images/blue/navBackgound.jpg HTTP/1.1" 304 -
116.228.172.94 - - [20/Dec/2020:11:19:26 +0800] "GET /xingrg/javascript/jquery_easy_ui/themes/icons/settle_new.png HTTP/1.1" 304 -
116.228.172.94 - - [20/Dec/2020:11:19:26 +0800] "POST /xingrg/all/common/load_tree.html?tree=area_rest_tree_json&manage=1 HTTP/1.1" 200 476
116.228.172.94 - - [20/Dec/2020:11:19:26 +0800] "GET /xingrg/all/function/internal_message.html?_=1608434362650&CODE_STATE=count HTTP/1.1" 200 11
116.228.172.94 - - [20/Dec/2020:11:19:26 +0800] "GET /xingrg/check_reg.html?_=1608434362666 HTTP/1.1" 200 22
116.228.172.94 - - [20/Dec/2020:11:19:26 +0800] "GET /xingrg/javascript/jquery_easy_ui/themes/default/images/tabs_rightarrow.png HTTP/1.1" 304 -
116.228.172.94 - - [20/Dec/2020:11:19:26 +0800] "GET /xingrg/javascript/jquery_easy_ui/themes/default/images/tabs_leftarrow.png HTTP/1.1" 304 -
116.228.172.94 - - [20/Dec/2020:11:19:26 +0800] "GET /xingrg/images/blue/pingpu.png HTTP/1.1" 304 -
116.228.172.94 - - [20/Dec/2020:11:19:26 +0800] "GET /xingrg/javascript/jquery_easy_ui/themes/default/images/panel_tool_collapse.gif HTTP/1.1" 304 -
116.228.172.94 - - [20/Dec/2020:11:19:26 +0800] "POST /xingrg/load_menu.html HTTP/1.1" 200 5138
120.253.135.82 - - [20/Dec/2020:11:19:28 +0800] "GET /xingrg/kc/pszx/mdps_order_info.html?code=312020122000493 HTTP/1.1" 200 19547
116.228.172.94 - - [20/Dec/2020:11:19:28 +0800] "GET /xingrg/kc/buy/buy_main.html HTTP/1.1" 200 12412
116.228.172.94 - - [20/Dec/2020:11:19:28 +0800] "GET /xingrg/css/new_ie.css HTTP/1.1" 404 1036
120.253.135.82 - - [20/Dec/2020:11:19:28 +0800] "POST /xingrg/kc/pszx/mdps_order_operate.html HTTP/1.1" 200 526
120.253.135.82 - - [20/Dec/2020:11:19:28 +0800] "GET /xingrg/javascript/easyui/themes/default/validatebox.css HTTP/1.1" 404 1104
116.228.172.94 - - [20/Dec/2020:11:19:29 +0800] "GET /xingrg/images/yd/bt.gif HTTP/1.1" 404 1040
116.228.172.94 - - [20/Dec/2020:11:19:29 +0800] "GET /xingrg/kc/buy/cgsh_order_list.html HTTP/1.1" 200 45231
180.174.56.115 - - [20/Dec/2020:11:19:29 +0800] "GET /xingrg/all/function/internal_message.html?_=1608434369808&CODE_STATE=getMsg HTTP/1.1" 200 27
120.253.135.82 - - [20/Dec/2020:11:19:30 +0800] "POST /xingrg/kc/pszx/mdps_list_operate.html HTTP/1.1" 200 1692
116.228.172.94 - - [20/Dec/2020:11:19:30 +0800] "POST /xingrg/kc/buy/cgsh_list_operate.html HTTP/1.1" 200 876
120.253.135.82 - - [20/Dec/2020:11:19:31 +0800] "POST /xingrg/kc/pszx/mdps_list_operate.html HTTP/1.1" 200 616
116.228.172.94 - - [20/Dec/2020:11:19:32 +0800] "GET /xingrg/kc/buy/cgsh_order_add.html HTTP/1.1" 200 59973
120.253.135.82 - - [20/Dec/2020:11:19:32 +0800] "GET /xingrg/kc/pszx/mdps_order_info.html?code=312020122000492 HTTP/1.1" 200 23887
120.253.135.82 - - [20/Dec/2020:11:19:33 +0800] "GET /xingrg/javascript/easyui/themes/default/validatebox.css HTTP/1.1" 404 1104
120.253.135.82 - - [20/Dec/2020:11:19:33 +0800] "POST /xingrg/kc/pszx/mdps_order_operate.html HTTP/1.1" 200 5321
180.152.104.37 - - [20/Dec/2020:11:19:33 +0800] "POST /xingrg/kc/buy/cgsh_order_operate.html HTTP/1.1" 200 37
116.228.172.94 - - [20/Dec/2020:11:19:33 +0800] "GET /xingrg/all/common/auto_word.html?type=employee&rest_code=00153 HTTP/1.1" 200 47
116.228.172.94 - - [20/Dec/2020:11:19:33 +0800] "GET /xingrg/javascript/easyui/themes/default/validatebox.css HTTP/1.1" 404 1104
116.228.172.94 - - [20/Dec/2020:11:19:33 +0800] "GET /xingrg/all/common/auto_word.html?type=employee&rest_code=00153 HTTP/1.1" 200 47
116.228.172.94 - - [20/Dec/2020:11:19:33 +0800] "POST /xingrg/kc/buy/cgsh_order_operate.html HTTP/1.1" 200 8245
116.228.172.94 - - [20/Dec/2020:11:19:34 +0800] "GET /xingrg/javascript/easyui/themes/default/tree.css HTTP/1.1" 404 1090
116.228.172.94 - - [20/Dec/2020:11:19:34 +0800] "POST /xingrg/all/common/load_tree.html?tree=supplier_tree_json&isDelete=1 HTTP/1.1" 200 52587
117.185.32.26 - - [20/Dec/2020:11:19:34 +0800] "GET /xingrg/login.html HTTP/1.1" 200 7641
114.88.161.120 - - [20/Dec/2020:11:19:34 +0800] "GET /xingrg/check_reg.html?_=1608434511796 HTTP/1.1" 200 22
114.88.161.120 - - [20/Dec/2020:11:19:34 +0800] "GET /xingrg/all/function/internal_message.html?_=1608434511856&CODE_STATE=getMsg HTTP/1.1" 200 27
180.152.104.37 - - [20/Dec/2020:11:19:35 +0800] "POST /xingrg/kc/buy/cgsh_order_operate.html HTTP/1.1" 200 12
180.152.104.37 - - [20/Dec/2020:11:19:35 +0800] "GET /xingrg/kc/buy/cgsh_order_info.html?code=212020122007970 HTTP/1.1" 200 55836
117.185.32.26 - - [20/Dec/2020:11:19:36 +0800] "GET /favicon.ico HTTP/1.1" 404 -
180.152.104.37 - - [20/Dec/2020:11:19:36 +0800] "GET /xingrg/javascript/easyui/themes/default/validatebox.css HTTP/1.1" 404 1104
180.152.104.37 - - [20/Dec/2020:11:19:37 +0800] "POST /xingrg/kc/buy/cgsh_order_operate.html HTTP/1.1" 200 1197
114.88.161.120 - - [20/Dec/2020:11:19:37 +0800] "GET /xingrg/kc/base/wldb_order_operate.html?command=get_materiel&rest_code=00111&base_code=0010283&code=00101019505 HTTP/1.1" 200 480
180.152.104.37 - - [20/Dec/2020:11:19:38 +0800] "GET /xingrg/kc/print/load_data.html?order_code=212020122007970&kc_code=cgsh&condition= HTTP/1.1" 200 929
117.185.32.26 - - [20/Dec/2020:11:19:38 +0800] "POST /xingrg/login.do HTTP/1.1" 302 -
117.185.32.26 - - [20/Dec/2020:11:19:38 +0800] "GET /xingrg/index.html?sysBaseUrl=http%3A%2F%2F180.169.147.146%3A18081%2Fxingrg%2F&costTime=55×tamp=1608434378150 HTTP/1.1" 200 17173
117.185.32.26 - - [20/Dec/2020:11:19:38 +0800] "GET /favicon.ico HTTP/1.1" 404 -
117.185.32.26 - - [20/Dec/2020:11:19:38 +0800] "POST /xingrg/all/common/load_tree.html?tree=area_rest_tree_json&manage=1 HTTP/1.1" 200 342
117.185.32.26 - - [20/Dec/2020:11:19:38 +0800] "GET /xingrg/all/function/internal_message.html?_=1608434841873&CODE_STATE=count HTTP/1.1" 200 11
117.185.32.26 - - [20/Dec/2020:11:19:38 +0800] "GET /xingrg/check_reg.html?_=1608434841879 HTTP/1.1" 200 22
117.185.32.26 - - [20/Dec/2020:11:19:39 +0800] "POST /xingrg/load_menu.html HTTP/1.1" 200 5138
180.174.56.115 - - [20/Dec/2020:11:19:42 +0800] "POST /xingrg/kc/buy/cgsh_order_operate.html HTTP/1.1" 200 37
180.174.56.115 - - [20/Dec/2020:11:19:44 +0800] "POST /xingrg/kc/buy/cgsh_order_operate.html HTTP/1.1" 200 12
117.185.32.26 - - [20/Dec/2020:11:19:45 +0800] "GET /xingrg/kc/buy/buy_main.html HTTP/1.1" 200 12412
117.185.32.26 - - [20/Dec/2020:11:19:45 +0800] "GET /xingrg/css/new_ie.css HTTP/1.1" 404 1036
180.174.56.115 - - [20/Dec/2020:11:19:45 +0800] "GET /xingrg/kc/buy/cgsh_order_info.html?code=212020122007971 HTTP/1.1" 200 55795
180.174.56.115 - - [20/Dec/2020:11:19:46 +0800] "GET /xingrg/javascript/easyui/themes/default/validatebox.css HTTP/1.1" 404 1104
114.88.159.147 - - [20/Dec/2020:11:19:46 +0800] "GET /xingrg/all/function/internal_message.html?_=1608434403697&CODE_STATE=getMsg HTTP/1.1" 200 27
180.174.56.115 - - [20/Dec/2020:11:19:46 +0800] "POST /xingrg/kc/buy/cgsh_order_operate.html HTTP/1.1" 200 1803
117.185.32.26 - - [20/Dec/2020:11:19:47 +0800] "GET /xingrg/images/yd/bt.gif HTTP/1.1" 404 1040
58.40.7.146 - - [20/Dec/2020:11:19:47 +0800] "GET /xingrg/all/function/internal_message.html?_=1608434383231&CODE_STATE=getMsg HTTP/1.1" 200 27
180.174.56.115 - - [20/Dec/2020:11:19:47 +0800] "GET /xingrg/kc/print/load_data.html?order_code=212020122007971&kc_code=cgsh&condition= HTTP/1.1" 200 1241
114.88.161.120 - - [20/Dec/2020:11:19:47 +0800] "GET /xingrg/kc/base/wldb_order_operate.html?command=get_materiel&rest_code=00111&base_code=0010283&code=00101019527 HTTP/1.1" 200 473
117.185.32.26 - - [20/Dec/2020:11:19:47 +0800] "GET /xingrg/kc/buy/cgsh_order_list.html HTTP/1.1" 200 45227
117.185.32.26 - - [20/Dec/2020:11:19:50 +0800] "POST /xingrg/kc/buy/cgsh_list_operate.html HTTP/1.1" 200 1697
116.228.172.94 - - [20/Dec/2020:11:19:50 +0800] "GET /xingrg/javascript/auto/indicator.gif HTTP/1.1" 404 1066
172.17.0.102 - - [20/Dec/2020:11:19:51 +0800] "GET /xingrg/all/function/internal_message.html?_=1608434387313&CODE_STATE=getMsg HTTP/1.1" 200 27
120.253.135.82 - - [20/Dec/2020:11:19:51 +0800] "POST /xingrg/kc/pszx/mdps_order_operate.html HTTP/1.1" 200 37
180.174.56.115 - - [20/Dec/2020:11:19:51 +0800] "GET /xingrg/kc/buy/cgsh_order_add.html HTTP/1.1" 200 60888
180.174.56.115 - - [20/Dec/2020:11:19:52 +0800] "POST /xingrg/kc/buy/cgsh_order_operate.html HTTP/1.1" 200 8245
180.174.56.115 - - [20/Dec/2020:11:19:52 +0800] "GET /xingrg/javascript/easyui/themes/default/validatebox.css HTTP/1.1" 404 1104
120.253.135.82 - - [20/Dec/2020:11:19:52 +0800] "POST /xingrg/kc/pszx/mdps_order_operate.html HTTP/1.1" 200 12
117.185.32.26 - - [20/Dec/2020:11:19:53 +0800] "GET /xingrg/kc/buy/cgsh_order_add.html HTTP/1.1" 200 60964
117.185.32.26 - - [20/Dec/2020:11:19:54 +0800] "POST /xingrg/kc/buy/cgsh_order_operate.html HTTP/1.1" 200 8245
117.185.32.26 - - [20/Dec/2020:11:19:54 +0800] "GET /xingrg/all/common/auto_word.html?type=employee&rest_code=00106 HTTP/1.1" 200 205
117.185.32.26 - - [20/Dec/2020:11:19:54 +0800] "GET /xingrg/all/common/auto_word.html?type=employee&rest_code=00106 HTTP/1.1" 200 205
117.185.32.26 - - [20/Dec/2020:11:19:54 +0800] "GET /xingrg/javascript/easyui/themes/default/validatebox.css HTTP/1.1" 404 1104
120.253.135.82 - - [20/Dec/2020:11:19:55 +0800] "GET /xingrg/kc/pszx/mdps_order_info.html?code=312020122000492 HTTP/1.1" 200 19547
120.253.135.82 - - [20/Dec/2020:11:19:56 +0800] "POST /xingrg/kc/pszx/mdps_order_operate.html HTTP/1.1" 200 3513
120.253.135.82 - - [20/Dec/2020:11:19:56 +0800] "GET /xingrg/javascript/easyui/themes/default/validatebox.css HTTP/1.1" 404 1104
117.185.32.26 - - [20/Dec/2020:11:19:56 +0800] "GET /xingrg/javascript/easyui/themes/default/tree.css HTTP/1.1" 404 1090
180.174.56.115 - - [20/Dec/2020:11:19:56 +0800] "GET /xingrg/all/function/internal_message.html?_=1608434351818&CODE_STATE=getMsg HTTP/1.1" 200 27
117.185.32.26 - - [20/Dec/2020:11:19:56 +0800] "POST /xingrg/all/common/load_tree.html?tree=supplier_tree_json&isDelete=1 HTTP/1.1" 200 52587
120.253.135.82 - - [20/Dec/2020:11:19:58 +0800] "POST /xingrg/kc/pszx/mdps_list_operate.html HTTP/1.1" 200 868
116.228.172.94 - - [20/Dec/2020:11:19:59 +0800] "GET /xingrg/kc/buy/cgsh_order_operate.html?command=get_materiel&rest_code=00153&code=00102009950&supplier_code=00100384&order_time=2020-12-20 HTTP/1.1" 200 426
180.174.56.115 - - [20/Dec/2020:11:19:59 +0800] "GET /xingrg/kc/buy/cgsh_order_operate.html?command=get_materiel&rest_code=00150&code=00101001125&supplier_code=00100319&order_time=2020-12-20 HTTP/1.1" 200 415
114.86.226.116 - - [20/Dec/2020:11:19:59 +0800] "GET /xingrg/all/function/internal_message.html?_=1608434415045&CODE_STATE=getMsg HTTP/1.1" 200 27
117.184.7.26 - - [20/Dec/2020:11:20:02 +0800] "GET /xingrg/check_reg.html?_=1608434398151 HTTP/1.1" 200 22
117.184.7.26 - - [20/Dec/2020:11:20:02 +0800] "GET /xingrg/all/function/internal_message.html?_=1608434398151&CODE_STATE=getMsg HTTP/1.1" 200 27
117.185.32.26 - - [20/Dec/2020:11:20:03 +0800] "GET /xingrg/javascript/jquery_tools/images/next.gif HTTP/1.1" 404 1086
117.185.32.26 - - [20/Dec/2020:11:20:03 +0800] "GET /xingrg/javascript/jquery_tools/images/prev.gif HTTP/1.1" 404 1086
180.162.223.42 - - [20/Dec/2020:11:20:05 +0800] "GET /xingrg/all/function/internal_message.html?_=1608434401356&CODE_STATE=getMsg HTTP/1.1" 200 27
117.185.32.26 - - [20/Dec/2020:11:20:05 +0800] "GET /xingrg/all/function/internal_message.html?_=1608434395173&CODE_STATE=getMsg HTTP/1.1" 200 27
116.230.106.194 - - [20/Dec/2020:11:20:06 +0800] "GET /xingrg/all/function/internal_message.html?_=1608434400916&CODE_STATE=getMsg HTTP/1.1" 200 27
172.17.0.120 - - [20/Dec/2020:11:20:08 +0800] "GET /xingrg/all/function/internal_message.html?_=1608434429507&CODE_STATE=getMsg HTTP/1.1" 200 27
114.88.161.120 - - [20/Dec/2020:11:20:08 +0800] "POST /xingrg/kc/base/wldb_order_operate.html HTTP/1.1" 200 37
114.88.161.120 - - [20/Dec/2020:11:20:08 +0800] "POST /xingrg/kc/base/wldb_order_operate.html HTTP/1.1" 200 5676
114.88.161.120 - - [20/Dec/2020:11:20:09 +0800] "GET /xingrg/kc/base/wldb_order_info.html?code=422020122002271 HTTP/1.1" 200 30525
114.88.161.120 - - [20/Dec/2020:11:20:09 +0800] "GET /xingrg/javascript/easyui/themes/default/validatebox.css HTTP/1.1" 404 1104
114.88.161.120 - - [20/Dec/2020:11:20:10 +0800] "POST /xingrg/kc/base/wldb_order_operate.html HTTP/1.1" 200 5676
180.152.104.37 - - [20/Dec/2020:11:20:11 +0800] "GET /xingrg/kc/buy/cgsh_order_add.html HTTP/1.1" 200 60929
180.152.104.37 - - [20/Dec/2020:11:20:12 +0800] "POST /xingrg/kc/buy/cgsh_order_operate.html HTTP/1.1" 200 8245
180.152.104.37 - - [20/Dec/2020:11:20:12 +0800] "GET /xingrg/javascript/easyui/themes/default/validatebox.css HTTP/1.1" 404 1104
114.88.159.147 - - [20/Dec/2020:11:20:14 +0800] "GET /xingrg/check_reg.html?_=1608434431237 HTTP/1.1" 200 22
180.174.56.115 - - [20/Dec/2020:11:20:14 +0800] "GET /xingrg/kc/buy/cgsh_order_operate.html?command=get_materiel&rest_code=00150&code=00101001140&supplier_code=00100319&order_time=2020-12-20 HTTP/1.1" 200 415
116.228.172.94 - - [20/Dec/2020:11:20:17 +0800] "GET /xingrg/kc/buy/cgsh_order_operate.html?command=get_materiel&rest_code=00153&code=00102009951&supplier_code=00100384&order_time=2020-12-20 HTTP/1.1" 200 428
180.152.104.37 - - [20/Dec/2020:11:20:18 +0800] "GET /xingrg/all/function/internal_message.html?_=1608434414515&CODE_STATE=getMsg HTTP/1.1" 200 27
180.152.104.37 - - [20/Dec/2020:11:20:18 +0800] "GET /xingrg/kc/buy/cgsh_order_operate.html?command=get_materiel&rest_code=00102&code=00101007038&supplier_code=00100323&order_time=2020-12-20 HTTP/1.1" 200 443
180.162.223.42 - - [20/Dec/2020:11:20:19 +0800] "GET /xingrg/index.html?sysBaseUrl=http%3A%2F%2F180.169.147.146%3A18081%2Fxingrg%2F&costTime=32×tamp=1585224308505 HTTP/1.1" 302 -
180.162.223.42 - - [20/Dec/2020:11:20:19 +0800] "GET /xingrg/login.html HTTP/1.1" 200 7641
117.131.5.26 - - [20/Dec/2020:11:20:19 +0800] "GET /xingrg/check_reg.html?_=1608434458329 HTTP/1.1" 200 22
117.131.5.26 - - [20/Dec/2020:11:20:19 +0800] "GET /xingrg/all/function/internal_message.html?_=1608434458330&CODE_STATE=getMsg HTTP/1.1" 200 27
180.162.223.42 - - [20/Dec/2020:11:20:21 +0800] "GET /favicon.ico HTTP/1.1" 404 -
117.131.5.26 - - [20/Dec/2020:11:20:22 +0800] "GET /xingrg/all/function/internal_message.html?_=1608434749126&CODE_STATE=getMsg HTTP/1.1" 302 -
180.174.56.115 - - [20/Dec/2020:11:20:22 +0800] "GET /xingrg/kc/buy/cgsh_order_operate.html?command=get_materiel&rest_code=00150&code=00101001025&supplier_code=00100319&order_time=2020-12-20 HTTP/1.1" 200 437
117.131.5.26 - - [20/Dec/2020:11:20:22 +0800] "GET /xingrg/login.html HTTP/1.1" 200 7641
222.69.139.155 - - [20/Dec/2020:11:20:23 +0800] "GET /xingrg/all/function/internal_message.html?_=1608434419678&CODE_STATE=getMsg HTTP/1.1" 200 27
180.152.104.37 - - [20/Dec/2020:11:20:26 +0800] "GET /xingrg/kc/buy/cgsh_order_operate.html?command=get_materiel&rest_code=00102&code=00101007064&supplier_code=00100323&order_time=2020-12-20 HTTP/1.1" 200 437
116.228.172.94 - - [20/Dec/2020:11:20:26 +0800] "GET /xingrg/all/function/internal_message.html?_=1608434422676&CODE_STATE=getMsg HTTP/1.1" 200 27
116.228.172.94 - - [20/Dec/2020:11:20:28 +0800] "GET /xingrg/kc/buy/cgsh_order_operate.html?command=get_materiel&rest_code=00153&code=00102009953&supplier_code=00100384&order_time=2020-12-20 HTTP/1.1" 200 413
180.174.56.115 - - [20/Dec/2020:11:20:29 +0800] "GET /xingrg/all/function/internal_message.html?_=1608434429812&CODE_STATE=getMsg HTTP/1.1" 200 27
180.162.223.42 - - [20/Dec/2020:11:20:30 +0800] "POST /xingrg/login.do HTTP/1.1" 302 -
180.162.223.42 - - [20/Dec/2020:11:20:30 +0800] "GET /xingrg/index.html?sysBaseUrl=http%3A%2F%2F180.169.147.146%3A18081%2Fxingrg%2F&costTime=44×tamp=1608434430321 HTTP/1.1" 200 17173
180.162.223.42 - - [20/Dec/2020:11:20:31 +0800] "GET /favicon.ico HTTP/1.1" 404 -
180.162.223.42 - - [20/Dec/2020:11:20:31 +0800] "POST /xingrg/all/common/load_tree.html?tree=area_rest_tree_json&manage=1 HTTP/1.1" 200 342
180.162.223.42 - - [20/Dec/2020:11:20:31 +0800] "GET /xingrg/all/function/internal_message.html?_=1608434409519&CODE_STATE=count HTTP/1.1" 200 11
180.162.223.42 - - [20/Dec/2020:11:20:31 +0800] "GET /xingrg/check_reg.html?_=1608434409521 HTTP/1.1" 200 22
180.162.223.42 - - [20/Dec/2020:11:20:32 +0800] "POST /xingrg/load_menu.html HTTP/1.1" 200 5138
180.152.104.37 - - [20/Dec/2020:11:20:32 +0800] "GET /xingrg/kc/buy/cgsh_order_operate.html?command=get_materiel&rest_code=00102&code=00101007122&supplier_code=00100323&order_time=2020-12-20 HTTP/1.1" 200 435
114.88.161.120 - - [20/Dec/2020:11:20:34 +0800] "GET /xingrg/all/function/internal_message.html?_=1608434571868&CODE_STATE=getMsg HTTP/1.1" 200 27
180.162.223.42 - - [20/Dec/2020:11:20:36 +0800] "GET /xingrg/kc/base/base_main.html HTTP/1.1" 200 12142
117.185.32.26 - - [20/Dec/2020:11:20:36 +0800] "GET /xingrg/javascript/auto/indicator.gif HTTP/1.1" 404 1066
172.17.0.102 - - [20/Dec/2020:11:20:37 +0800] "POST /xingrg/kc/buy/cgsh_list_operate.html HTTP/1.1" 200 5202
180.162.223.42 - - [20/Dec/2020:11:20:37 +0800] "GET /xingrg/kc/base/wldb_order_list.html HTTP/1.1" 200 19339
116.228.172.94 - - [20/Dec/2020:11:20:37 +0800] "GET /xingrg/kc/buy/cgsh_order_operate.html?command=get_materiel&rest_code=00153&code=00102009706&supplier_code=00100384&order_time=2020-12-20 HTTP/1.1" 200 408
117.185.32.26 - - [20/Dec/2020:11:20:38 +0800] "GET /xingrg/all/function/internal_message.html?_=1608434901897&CODE_STATE=getMsg HTTP/1.1" 200 27
180.162.223.42 - - [20/Dec/2020:11:20:39 +0800] "POST /xingrg/kc/base/wldb_list_operate.html HTTP/1.1" 200 2165
180.174.56.115 - - [20/Dec/2020:11:20:41 +0800] "POST /xingrg/kc/buy/cgsh_order_operate.html HTTP/1.1" 200 37
180.162.223.42 - - [20/Dec/2020:11:20:41 +0800] "GET /xingrg/kc/base/wldb_order_add.html HTTP/1.1" 200 30508
180.162.223.42 - - [20/Dec/2020:11:20:41 +0800] "GET /xingrg/words/20201220093635_words.js HTTP/1.1" 200 781421
180.162.223.42 - - [20/Dec/2020:11:20:42 +0800] "POST /xingrg/kc/base/wldb_order_operate.html HTTP/1.1" 200 6806
180.162.223.42 - - [20/Dec/2020:11:20:42 +0800] "GET /xingrg/all/common/auto_word.html?type=base&rest_code=00105 HTTP/1.1" 200 1811
120.253.135.82 - - [20/Dec/2020:11:20:42 +0800] "GET /xingrg/check_reg.html?_=1608434192576 HTTP/1.1" 200 22
180.162.223.42 - - [20/Dec/2020:11:20:42 +0800] "GET /xingrg/all/common/auto_word.html?type=base&rest_code=00105 HTTP/1.1" 200 1811
180.162.223.42 - - [20/Dec/2020:11:20:42 +0800] "GET /xingrg/javascript/easyui/themes/default/validatebox.css HTTP/1.1" 404 1104
180.174.56.115 - - [20/Dec/2020:11:20:44 +0800] "POST /xingrg/kc/buy/cgsh_order_operate.html HTTP/1.1" 200 12
180.174.56.115 - - [20/Dec/2020:11:20:44 +0800] "GET /xingrg/kc/buy/cgsh_order_info.html?code=212020122007972 HTTP/1.1" 200 55795
180.174.56.115 - - [20/Dec/2020:11:20:45 +0800] "GET /xingrg/javascript/easyui/themes/default/validatebox.css HTTP/1.1" 404 1104
180.174.56.115 - - [20/Dec/2020:11:20:45 +0800] "POST /xingrg/kc/buy/cgsh_order_operate.html HTTP/1.1" 200 1810
114.88.159.147 - - [20/Dec/2020:11:20:46 +0800] "GET /xingrg/all/function/internal_message.html?_=1608434463680&CODE_STATE=getMsg HTTP/1.1" 200 27
172.17.0.102 - - [20/Dec/2020:11:20:46 +0800] "POST /xingrg/kc/buy/cgsh_list_operate.html HTTP/1.1" 200 643
180.162.223.42 - - [20/Dec/2020:11:20:46 +0800] "POST /xingrg/all/common/load_combo.html?type=base HTTP/1.1" 200 3236
58.40.7.146 - - [20/Dec/2020:11:20:47 +0800] "GET /xingrg/all/function/internal_message.html?_=1608434443217&CODE_STATE=getMsg HTTP/1.1" 200 27
180.152.104.37 - - [20/Dec/2020:11:20:47 +0800] "GET /xingrg/kc/buy/cgsh_order_operate.html?command=get_materiel&rest_code=00102&code=00101001098&supplier_code=00100323&order_time=2020-12-20 HTTP/1.1" 200 415
180.162.223.42 - - [20/Dec/2020:11:20:50 +0800] "POST /xingrg/all/common/load_combo.html?type=base HTTP/1.1" 200 3236
120.253.135.82 - - [20/Dec/2020:11:20:50 +0800] "POST /xingrg/kc/pszx/mdps_list_operate.html HTTP/1.1" 200 868
120.253.135.82 - - [20/Dec/2020:11:20:50 +0800] "POST /xingrg/kc/pszx/mdps_list_operate.html HTTP/1.1" 200 868
180.174.56.115 - - [20/Dec/2020:11:20:51 +0800] "GET /xingrg/kc/print/load_data.html?order_code=212020122007972&kc_code=cgsh&condition= HTTP/1.1" 200 1187
172.17.0.102 - - [20/Dec/2020:11:20:51 +0800] "GET /xingrg/all/function/internal_message.html?_=1608434447310&CODE_STATE=getMsg HTTP/1.1" 200 27
117.185.32.26 - - [20/Dec/2020:11:20:52 +0800] "GET /xingrg/kc/buy/cgsh_order_operate.html?command=get_materiel&rest_code=00106&code=00101002038&supplier_code=00100087&order_time=2020-12-20 HTTP/1.1" 200 416
120.253.135.82 - - [20/Dec/2020:11:20:52 +0800] "GET /xingrg/kc/pszx/mdps_order_list.html?orderType=0 HTTP/1.1" 200 21159
120.253.135.82 - - [20/Dec/2020:11:20:52 +0800] "POST /xingrg/kc/pszx/mdps_list_operate.html HTTP/1.1" 200 5403
180.152.104.37 - - [20/Dec/2020:11:20:54 +0800] "GET /xingrg/kc/buy/cgsh_order_operate.html?command=get_materiel&rest_code=00102&code=00101001109&supplier_code=00100323&order_time=2020-12-20 HTTP/1.1" 200 415
180.174.56.115 - - [20/Dec/2020:11:20:55 +0800] "GET /xingrg/kc/buy/cgsh_order_add.html HTTP/1.1" 200 60888
180.174.56.115 - - [20/Dec/2020:11:20:55 +0800] "POST /xingrg/kc/buy/cgsh_order_operate.html HTTP/1.1" 200 8245
180.174.56.115 - - [20/Dec/2020:11:20:55 +0800] "GET /xingrg/javascript/easyui/themes/default/validatebox.css HTTP/1.1" 404 1104
180.174.56.115 - - [20/Dec/2020:11:20:56 +0800] "GET /xingrg/all/function/internal_message.html?_=1608434411838&CODE_STATE=getMsg HTTP/1.1" 200 27
116.228.172.94 - - [20/Dec/2020:11:20:56 +0800] "GET /xingrg/kc/buy/cgsh_order_operate.html?command=get_materiel&rest_code=00153&code=00102011110&supplier_code=00100384&order_time=2020-12-20 HTTP/1.1" 200 416
120.253.135.82 - - [20/Dec/2020:11:20:58 +0800] "GET /xingrg/kc/pszx/mdqp_order_list.html?state=10 HTTP/1.1" 200 10175
120.253.135.82 - - [20/Dec/2020:11:20:58 +0800] "GET /xingrg/dwr/interface/AjaxQqpsService.js HTTP/1.1" 200 16326
120.253.135.82 - - [20/Dec/2020:11:20:58 +0800] "GET /xingrg/dwr/interface/AjaxReportQueryService.js HTTP/1.1" 200 13203
120.253.135.82 - - [20/Dec/2020:11:20:58 +0800] "GET /xingrg/dwr/engine.js HTTP/1.1" 200 43631
114.86.226.116 - - [20/Dec/2020:11:20:59 +0800] "GET /xingrg/all/function/internal_message.html?_=1608434475040&CODE_STATE=getMsg HTTP/1.1" 200 27
117.184.7.26 - - [20/Dec/2020:11:21:02 +0800] "GET /xingrg/all/function/internal_message.html?_=1608434458146&CODE_STATE=getMsg HTTP/1.1" 200 27
180.174.56.115 - - [20/Dec/2020:11:21:02 +0800] "GET /xingrg/kc/buy/cgsh_order_operate.html?command=get_materiel&rest_code=00150&code=00101008328&supplier_code=00100338&order_time=2020-12-20 HTTP/1.1" 200 410
180.162.223.42 - - [20/Dec/2020:11:21:05 +0800] "GET /xingrg/all/function/internal_message.html?_=1608434461325&CODE_STATE=getMsg HTTP/1.1" 200 27
117.185.32.26 - - [20/Dec/2020:11:21:05 +0800] "GET /xingrg/all/function/internal_message.html?_=1608434455149&CODE_STATE=getMsg HTTP/1.1" 200 27
172.17.0.102 - - [20/Dec/2020:11:21:06 +0800] "POST /xingrg/kc/buy/cgsh_list_operate.html HTTP/1.1" 200 4
116.230.106.194 - - [20/Dec/2020:11:21:06 +0800] "GET /xingrg/all/function/internal_message.html?_=1608434460901&CODE_STATE=getMsg HTTP/1.1" 200 27
180.162.223.42 - - [20/Dec/2020:11:21:07 +0800] "GET /xingrg/check_reg.html?_=1608434463090 HTTP/1.1" 200 22
180.152.104.37 - - [20/Dec/2020:11:21:07 +0800] "GET /xingrg/kc/buy/cgsh_order_operate.html?command=get_materiel&rest_code=00102&code=00101006150&supplier_code=00100323&order_time=2020-12-20 HTTP/1.1" 200 413
172.17.0.120 - - [20/Dec/2020:11:21:08 +0800] "GET /xingrg/all/function/internal_message.html?_=1608434489511&CODE_STATE=getMsg HTTP/1.1" 200 27
172.17.0.102 - - [20/Dec/2020:11:21:09 +0800] "POST /xingrg/kc/buy/cgsh_list_operate.html HTTP/1.1" 200 5138
180.162.223.42 - - [20/Dec/2020:11:21:11 +0800] "GET /xingrg/javascript/auto/indicator.gif HTTP/1.1" 404 1066
180.174.56.115 - - [20/Dec/2020:11:21:11 +0800] "POST /xingrg/kc/buy/cgsh_order_operate.html HTTP/1.1" 200 37
172.17.0.102 - - [20/Dec/2020:11:21:13 +0800] "POST /xingrg/kc/buy/cgsh_list_operate.html HTTP/1.1" 200 643
180.174.56.115 - - [20/Dec/2020:11:21:13 +0800] "POST /xingrg/kc/buy/cgsh_order_operate.html HTTP/1.1" 200 12
180.174.56.115 - - [20/Dec/2020:11:21:14 +0800] "GET /xingrg/kc/buy/cgsh_order_info.html?code=212020122007973 HTTP/1.1" 200 55795
180.174.56.115 - - [20/Dec/2020:11:21:14 +0800] "GET /xingrg/javascript/easyui/themes/default/validatebox.css HTTP/1.1" 404 1104
180.152.104.37 - - [20/Dec/2020:11:21:14 +0800] "GET /xingrg/kc/buy/cgsh_order_operate.html?command=get_materiel&rest_code=00102&code=00101010082&supplier_code=00100323&order_time=2020-12-20 HTTP/1.1" 200 425
180.174.56.115 - - [20/Dec/2020:11:21:15 +0800] "POST /xingrg/kc/buy/cgsh_order_operate.html HTTP/1.1" 200 604
180.174.56.115 - - [20/Dec/2020:11:21:16 +0800] "GET /xingrg/kc/print/load_data.html?order_code=212020122007973&kc_code=cgsh&condition= HTTP/1.1" 200 705
180.162.223.42 - - [20/Dec/2020:11:21:16 +0800] "GET /xingrg/kc/base/wldb_order_operate.html?command=get_materiel&rest_code=00105&base_code=0010507&code=00101019249 HTTP/1.1" 200 470
180.152.104.37 - - [20/Dec/2020:11:21:18 +0800] "GET /xingrg/all/function/internal_message.html?_=1608434474953&CODE_STATE=getMsg HTTP/1.1" 200 27
117.131.5.26 - - [20/Dec/2020:11:21:19 +0800] "GET /xingrg/all/function/internal_message.html?_=1608434518329&CODE_STATE=getMsg HTTP/1.1" 200 27
116.228.172.94 - - [20/Dec/2020:11:21:19 +0800] "POST /xingrg/kc/buy/cgsh_order_operate.html HTTP/1.1" 200 37
180.174.56.115 - - [20/Dec/2020:11:21:20 +0800] "GET /xingrg/kc/buy/cgsh_order_add.html HTTP/1.1" 200 60888
180.174.56.115 - - [20/Dec/2020:11:21:20 +0800] "POST /xingrg/kc/buy/cgsh_order_operate.html HTTP/1.1" 200 8245
180.174.56.115 - - [20/Dec/2020:11:21:20 +0800] "GET /xingrg/javascript/easyui/themes/default/validatebox.css HTTP/1.1" 404 1104
180.152.104.37 - - [20/Dec/2020:11:21:22 +0800] "POST /xingrg/kc/buy/cgsh_order_operate.html HTTP/1.1" 200 37
117.131.5.26 - - [20/Dec/2020:11:21:22 +0800] "GET /xingrg/all/function/internal_message.html?_=1608434809137&CODE_STATE=getMsg HTTP/1.1" 302 -
117.131.5.26 - - [20/Dec/2020:11:21:22 +0800] "GET /xingrg/login.html HTTP/1.1" 200 7641
117.185.32.26 - - [20/Dec/2020:11:21:23 +0800] "GET /xingrg/kc/buy/cgsh_order_operate.html?command=get_materiel&rest_code=00106&code=00101002039&supplier_code=00100087&order_time=2020-12-20 HTTP/1.1" 200 419
222.69.139.155 - - [20/Dec/2020:11:21:23 +0800] "GET /xingrg/all/function/internal_message.html?_=1608434479680&CODE_STATE=getMsg HTTP/1.1" 200 27
116.228.172.94 - - [20/Dec/2020:11:21:25 +0800] "POST /xingrg/kc/buy/cgsh_order_operate.html HTTP/1.1" 200 12
180.162.223.42 - - [20/Dec/2020:11:21:26 +0800] "GET /xingrg/kc/base/wldb_order_operate.html?command=get_materiel&rest_code=00105&base_code=0010507&code=00101019339 HTTP/1.1" 200 454
116.228.172.94 - - [20/Dec/2020:11:21:26 +0800] "GET /xingrg/all/function/internal_message.html?_=1608434482804&CODE_STATE=getMsg HTTP/1.1" 200 27
116.228.172.94 - - [20/Dec/2020:11:21:28 +0800] "GET /xingrg/kc/buy/cgsh_order_info.html?code=212020122007974 HTTP/1.1" 200 54884
180.174.56.115 - - [20/Dec/2020:11:21:29 +0800] "GET /xingrg/kc/buy/cgsh_order_operate.html?command=get_materiel&rest_code=00150&code=00101008314&supplier_code=00100339&order_time=2020-12-20 HTTP/1.1" 200 413
116.228.172.94 - - [20/Dec/2020:11:21:29 +0800] "GET /xingrg/javascript/easyui/themes/default/validatebox.css HTTP/1.1" 404 1104
116.228.172.94 - - [20/Dec/2020:11:21:29 +0800] "POST /xingrg/kc/buy/cgsh_order_operate.html HTTP/1.1" 200 3016
180.152.104.37 - - [20/Dec/2020:11:21:29 +0800] "POST /xingrg/kc/buy/cgsh_order_operate.html HTTP/1.1" 200 12
180.174.56.115 - - [20/Dec/2020:11:21:29 +0800] "GET /xingrg/all/function/internal_message.html?_=1608434489815&CODE_STATE=getMsg HTTP/1.1" 200 27
116.228.172.94 - - [20/Dec/2020:11:21:30 +0800] "GET /xingrg/kc/print/load_data.html?order_code=212020122007974&kc_code=cgsh&condition= HTTP/1.1" 200 1640
117.184.7.26 - - [20/Dec/2020:11:21:30 +0800] "POST /xingrg/kc/buy/cgsh_list_operate.html HTTP/1.1" 200 4
180.162.223.42 - - [20/Dec/2020:11:21:32 +0800] "GET /xingrg/all/function/internal_message.html?_=1608434469602&CODE_STATE=getMsg HTTP/1.1" 200 27
180.152.104.37 - - [20/Dec/2020:11:21:32 +0800] "GET /xingrg/kc/buy/cgsh_order_info.html?code=212020122007975 HTTP/1.1" 200 55835
180.152.104.37 - - [20/Dec/2020:11:21:33 +0800] "GET /xingrg/javascript/easyui/themes/default/validatebox.css HTTP/1.1" 404 1104
180.152.104.37 - - [20/Dec/2020:11:21:33 +0800] "POST /xingrg/kc/buy/cgsh_order_operate.html HTTP/1.1" 200 4818
114.88.161.120 - - [20/Dec/2020:11:21:34 +0800] "GET /xingrg/all/function/internal_message.html?_=1608434631807&CODE_STATE=getMsg HTTP/1.1" 200 27
180.152.104.37 - - [20/Dec/2020:11:21:35 +0800] "GET /xingrg/kc/print/load_data.html?order_code=212020122007975&kc_code=cgsh&condition= HTTP/1.1" 200 2350
180.162.223.42 - - [20/Dec/2020:11:21:35 +0800] "GET /xingrg/kc/base/wldb_order_operate.html?command=get_materiel&rest_code=00105&base_code=0010507&code=00101019133 HTTP/1.1" 200 464
117.185.32.26 - - [20/Dec/2020:11:21:38 +0800] "GET /xingrg/all/function/internal_message.html?_=1608434961891&CODE_STATE=getMsg HTTP/1.1" 200 27
172.17.0.102 - - [20/Dec/2020:11:21:41 +0800] "POST /xingrg/kc/buy/cgsh_list_operate.html HTTP/1.1" 200 4
172.17.0.102 - - [20/Dec/2020:11:21:44 +0800] "POST /xingrg/kc/buy/cgsh_list_operate.html HTTP/1.1" 200 4944
180.174.56.115 - - [20/Dec/2020:11:21:45 +0800] "GET /xingrg/check_reg.html?_=1608434460909 HTTP/1.1" 200 22
180.152.104.37 - - [20/Dec/2020:11:21:46 +0800] "GET /xingrg/kc/buy/cgsh_order_add.html HTTP/1.1" 200 60929
114.88.159.147 - - [20/Dec/2020:11:21:46 +0800] "GET /xingrg/all/function/internal_message.html?_=1608434523687&CODE_STATE=getMsg HTTP/1.1" 200 27
58.40.7.146 - - [20/Dec/2020:11:21:47 +0800] "GET /xingrg/all/function/internal_message.html?_=1608434503221&CODE_STATE=getMsg HTTP/1.1" 200 27
180.152.104.37 - - [20/Dec/2020:11:21:47 +0800] "POST /xingrg/kc/buy/cgsh_order_operate.html HTTP/1.1" 200 8245
180.152.104.37 - - [20/Dec/2020:11:21:47 +0800] "GET /xingrg/javascript/easyui/themes/default/validatebox.css HTTP/1.1" 404 1104
172.17.0.102 - - [20/Dec/2020:11:21:49 +0800] "POST /xingrg/kc/buy/cgsh_list_operate.html HTTP/1.1" 200 643
180.162.223.42 - - [20/Dec/2020:11:21:51 +0800] "GET /xingrg/kc/base/wldb_order_operate.html?command=get_materiel&rest_code=00105&base_code=0010507&code=00101019430 HTTP/1.1" 200 462
172.17.0.102 - - [20/Dec/2020:11:21:51 +0800] "GET /xingrg/all/function/internal_message.html?_=1608434507338&CODE_STATE=getMsg HTTP/1.1" 200 27
172.17.0.102 - - [20/Dec/2020:11:21:51 +0800] "GET /xingrg/check_reg.html?_=1608434507341 HTTP/1.1" 200 22
117.185.32.26 - - [20/Dec/2020:11:21:53 +0800] "GET /xingrg/kc/buy/cgsh_order_operate.html?command=get_materiel&rest_code=00106&code=00101002002&supplier_code=00100087&order_time=2020-12-20 HTTP/1.1" 200 418
180.174.56.115 - - [20/Dec/2020:11:21:56 +0800] "GET /xingrg/all/function/internal_message.html?_=1608434471845&CODE_STATE=getMsg HTTP/1.1" 200 27
180.174.56.115 - - [20/Dec/2020:11:21:58 +0800] "POST /xingrg/kc/buy/cgsh_order_operate.html HTTP/1.1" 200 37
114.86.226.116 - - [20/Dec/2020:11:21:59 +0800] "GET /xingrg/all/function/internal_message.html?_=1608434535053&CODE_STATE=getMsg HTTP/1.1" 200 27
180.174.56.115 - - [20/Dec/2020:11:22:01 +0800] "POST /xingrg/kc/buy/cgsh_order_operate.html HTTP/1.1" 200 12
180.174.56.115 - - [20/Dec/2020:11:22:02 +0800] "GET /xingrg/kc/buy/cgsh_order_info.html?code=212020122007976 HTTP/1.1" 200 55794
180.174.56.115 - - [20/Dec/2020:11:22:02 +0800] "GET /xingrg/words/20201220093635_words.js HTTP/1.1" 304 -
