222.69.136.191 - - [18/Dec/2020:10:56:21 +0800] "GET /xingrg/all/function/internal_message.html?_=1608260176037&CODE_STATE=getMsg HTTP/1.1" 200 27
180.162.223.42 - - [18/Dec/2020:10:56:23 +0800] "POST /xingrg/all/common/load_select.html HTTP/1.1" 200 25
222.69.136.191 - - [18/Dec/2020:10:56:23 +0800] "GET /xingrg/check_reg.html?_=1608260177791 HTTP/1.1" 200 22
180.171.117.89 - - [18/Dec/2020:10:56:23 +0800] "GET /xingrg/all/function/internal_message.html?_=1608260180234&CODE_STATE=getMsg HTTP/1.1" 200 27
180.162.223.42 - - [18/Dec/2020:10:56:23 +0800] "GET /xingrg/all/function/internal_message.html?_=1608260163108&CODE_STATE=getMsg HTTP/1.1" 200 27
180.171.117.89 - - [18/Dec/2020:10:56:24 +0800] "GET /xingrg/check_reg.html?_=1608260180236 HTTP/1.1" 200 22
116.232.55.224 - - [18/Dec/2020:10:56:24 +0800] "GET /xingrg/kc/buy/cgsh_order_operate.html?command=get_materiel&rest_code=00109&code=00101008357&supplier_code=00100005&order_time=2020-12-18 HTTP/1.1" 200 408
180.162.223.42 - - [18/Dec/2020:10:56:24 +0800] "GET /xingrg/all/function/internal_message.html?_=1608260185826&CODE_STATE=getMsg HTTP/1.1" 200 27
117.184.7.26 - - [18/Dec/2020:10:56:24 +0800] "GET /xingrg/all/function/internal_message.html?_=1608260172635&CODE_STATE=getMsg HTTP/1.1" 200 27
116.230.106.194 - - [18/Dec/2020:10:56:25 +0800] "GET /xingrg/all/function/internal_message.html?_=1608260182557&CODE_STATE=getMsg HTTP/1.1" 200 27
117.185.32.26 - - [18/Dec/2020:10:56:27 +0800] "GET /xingrg/kc/buy/cgsh_order_operate.html?command=get_materiel&rest_code=00106&code=00101008027&supplier_code=00100007&order_time=2020-12-18 HTTP/1.1" 200 408
117.185.32.26 - - [18/Dec/2020:10:56:27 +0800] "GET /xingrg/all/function/internal_message.html?_=1608260649150&CODE_STATE=getMsg HTTP/1.1" 200 27
114.88.161.120 - - [18/Dec/2020:10:56:29 +0800] "GET /xingrg/all/function/internal_message.html?_=1608260325218&CODE_STATE=getMsg HTTP/1.1" 200 27
116.228.172.94 - - [18/Dec/2020:10:56:29 +0800] "GET /xingrg/all/function/internal_message.html?_=1608260181283&CODE_STATE=getMsg HTTP/1.1" 200 27
116.232.55.224 - - [18/Dec/2020:10:56:30 +0800] "GET /xingrg/kc/buy/cgsh_order_operate.html?command=get_materiel&rest_code=00109&code=00101008230&supplier_code=00100005&order_time=2020-12-18 HTTP/1.1" 200 408
116.232.55.224 - - [18/Dec/2020:10:56:32 +0800] "POST /xingrg/kc/buy/cgsh_order_operate.html HTTP/1.1" 200 2065
101.85.93.83 - - [18/Dec/2020:10:56:32 +0800] "GET /xingrg/check_reg.html?_=1608259889233 HTTP/1.1" 200 22
101.85.93.83 - - [18/Dec/2020:10:56:32 +0800] "GET /xingrg/all/function/internal_message.html?_=1608259889235&CODE_STATE=getMsg HTTP/1.1" 200 27
172.17.0.123 - - [18/Dec/2020:10:56:34 +0800] "GET /xingrg/all/function/internal_message.html?_=1608260109328&CODE_STATE=getMsg HTTP/1.1" 200 27
117.185.32.26 - - [18/Dec/2020:10:56:34 +0800] "GET /xingrg/kc/buy/cgsh_order_operate.html?command=get_materiel&rest_code=00106&code=00101008257&supplier_code=00100007&order_time=2020-12-18 HTTP/1.1" 200 416
180.174.56.115 - - [18/Dec/2020:10:56:36 +0800] "GET /xingrg/all/function/internal_message.html?_=1608260154098&CODE_STATE=getMsg HTTP/1.1" 200 27
116.232.55.224 - - [18/Dec/2020:10:56:36 +0800] "GET /xingrg/kc/buy/cgsh_order_operate.html?command=get_materiel&rest_code=00109&code=00101008006&supplier_code=00100005&order_time=2020-12-18 HTTP/1.1" 200 416
172.17.0.123 - - [18/Dec/2020:10:56:36 +0800] "GET /xingrg/check_reg.html?_=1608260111637 HTTP/1.1" 200 22
180.152.104.37 - - [18/Dec/2020:10:56:37 +0800] "GET /xingrg/check_reg.html?_=1608260195966 HTTP/1.1" 200 22
117.185.32.26 - - [18/Dec/2020:10:56:37 +0800] "POST /xingrg/kc/buy/cgsh_order_operate.html HTTP/1.1" 200 2065
180.152.104.37 - - [18/Dec/2020:10:56:37 +0800] "GET /xingrg/all/function/internal_message.html?_=1608260196674&CODE_STATE=getMsg HTTP/1.1" 200 27
180.162.223.42 - - [18/Dec/2020:10:56:37 +0800] "GET /xingrg/kc/base/wldb_order_operate.html?command=get_materiel_price&rest_code=00105&base_code=0010507&code=00101016037&unit_code=00100098 HTTP/1.1" 200 37
172.17.200.101 - - [18/Dec/2020:10:56:40 +0800] "GET /xingrg/all/function/internal_message.html?_=1608260200613&CODE_STATE=getMsg HTTP/1.1" 200 27
180.162.108.15 - - [18/Dec/2020:10:56:41 +0800] "GET /xingrg/all/function/internal_message.html?_=1608260097296&CODE_STATE=getMsg HTTP/1.1" 200 27
180.162.108.15 - - [18/Dec/2020:10:56:41 +0800] "GET /xingrg/check_reg.html?_=1608260097440 HTTP/1.1" 200 22
117.131.5.26 - - [18/Dec/2020:10:56:41 +0800] "GET /xingrg/all/function/internal_message.html?_=1608260529910&CODE_STATE=getMsg HTTP/1.1" 302 -
117.131.5.26 - - [18/Dec/2020:10:56:41 +0800] "GET /xingrg/login.html HTTP/1.1" 200 7641
114.88.161.120 - - [18/Dec/2020:10:56:42 +0800] "GET /xingrg/all/function/internal_message.html?_=1608260198680&CODE_STATE=getMsg HTTP/1.1" 302 -
222.69.133.109 - - [18/Dec/2020:10:56:43 +0800] "GET /xingrg/all/function/internal_message.html?_=1608260203118&CODE_STATE=getMsg HTTP/1.1" 200 27
117.185.32.26 - - [18/Dec/2020:10:56:45 +0800] "GET /xingrg/kc/buy/cgsh_order_operate.html?command=get_materiel&rest_code=00106&code=00101008080&supplier_code=00100007&order_time=2020-12-18 HTTP/1.1" 200 416
116.232.55.224 - - [18/Dec/2020:10:56:48 +0800] "GET /xingrg/all/function/internal_message.html?_=1608260207355&CODE_STATE=getMsg HTTP/1.1" 200 27
114.88.161.120 - - [18/Dec/2020:10:56:48 +0800] "GET /xingrg/kc/buy/cgsh_order_operate.html?command=get_materiel&rest_code=00111&code=00101003017&supplier_code=00100093&order_time=2020-12-18 HTTP/1.1" 200 424
172.17.0.120 - - [18/Dec/2020:10:56:49 +0800] "GET /xingrg/all/function/internal_message.html?_=1608260206374&CODE_STATE=getMsg HTTP/1.1" 200 27
172.17.0.103 - - [18/Dec/2020:10:56:50 +0800] "GET /xingrg/all/function/internal_message.html?_=1608260208690&CODE_STATE=getMsg HTTP/1.1" 200 27
180.162.223.42 - - [18/Dec/2020:10:56:53 +0800] "POST /xingrg/kc/base/wldb_order_operate.html HTTP/1.1" 200 37
180.162.223.42 - - [18/Dec/2020:10:56:53 +0800] "POST /xingrg/kc/base/wldb_order_operate.html HTTP/1.1" 200 2195
180.162.223.42 - - [18/Dec/2020:10:56:54 +0800] "GET /xingrg/kc/base/wldb_order_info.html?code=422020121801982 HTTP/1.1" 200 30523
180.162.223.42 - - [18/Dec/2020:10:56:54 +0800] "GET /xingrg/javascript/easyui/themes/default/validatebox.css HTTP/1.1" 404 1104
180.162.223.42 - - [18/Dec/2020:10:56:54 +0800] "POST /xingrg/kc/base/wldb_order_operate.html HTTP/1.1" 200 2195
117.185.32.26 - - [18/Dec/2020:10:56:55 +0800] "GET /xingrg/kc/buy/cgsh_order_operate.html?command=get_materiel&rest_code=00106&code=00101008354&supplier_code=00100007&order_time=2020-12-18 HTTP/1.1" 200 412
117.131.5.26 - - [18/Dec/2020:10:56:58 +0800] "GET /xingrg/all/function/internal_message.html?_=1608260257603&CODE_STATE=getMsg HTTP/1.1" 200 27
101.93.222.235 - - [18/Dec/2020:10:57:01 +0800] "POST /xingrg/services/DataTransmitService HTTP/1.1" 200 524
101.93.222.235 - - [18/Dec/2020:10:57:01 +0800] "POST /xingrg/services/DataTransmitService HTTP/1.1" 200 501
117.185.32.26 - - [18/Dec/2020:10:57:01 +0800] "GET /xingrg/kc/buy/cgsh_order_operate.html?command=get_materiel&rest_code=00106&code=00101008096&supplier_code=00100007&order_time=2020-12-18 HTTP/1.1" 200 413
114.88.159.147 - - [18/Dec/2020:10:57:04 +0800] "GET /xingrg/all/function/internal_message.html?_=1608260235896&CODE_STATE=getMsg HTTP/1.1" 200 27
117.185.32.26 - - [18/Dec/2020:10:57:05 +0800] "GET /xingrg/all/function/internal_message.html?_=1608260216870&CODE_STATE=getMsg HTTP/1.1" 200 27
180.174.56.115 - - [18/Dec/2020:10:57:08 +0800] "GET /xingrg/check_reg.html?_=1608260229566 HTTP/1.1" 200 22
180.174.56.115 - - [18/Dec/2020:10:57:08 +0800] "GET /xingrg/all/function/internal_message.html?_=1608260229573&CODE_STATE=getMsg HTTP/1.1" 200 27
116.232.55.224 - - [18/Dec/2020:10:57:09 +0800] "POST /xingrg/kc/buy/cgsh_order_operate.html HTTP/1.1" 200 37
116.232.55.224 - - [18/Dec/2020:10:57:10 +0800] "POST /xingrg/kc/buy/cgsh_order_operate.html HTTP/1.1" 200 19239
180.162.223.42 - - [18/Dec/2020:10:57:10 +0800] "GET /xingrg/kc/base/wldb_order_add.html HTTP/1.1" 200 30508
180.162.223.42 - - [18/Dec/2020:10:57:11 +0800] "GET /xingrg/javascript/easyui/themes/default/validatebox.css HTTP/1.1" 404 1104
180.162.223.42 - - [18/Dec/2020:10:57:11 +0800] "POST /xingrg/kc/base/wldb_order_operate.html HTTP/1.1" 200 6806
180.162.223.42 - - [18/Dec/2020:10:57:13 +0800] "POST /xingrg/all/common/load_combo.html?type=base HTTP/1.1" 200 3236
116.230.118.184 - - [18/Dec/2020:10:57:16 +0800] "GET /xingrg/all/function/internal_message.html?_=1608260236238&CODE_STATE=getMsg HTTP/1.1" 200 27
180.162.223.42 - - [18/Dec/2020:10:57:17 +0800] "POST /xingrg/all/common/load_combo.html?type=base HTTP/1.1" 200 3236
172.17.0.123 - - [18/Dec/2020:10:57:18 +0800] "GET /xingrg/all/function/internal_message.html?_=1608260153038&CODE_STATE=getMsg HTTP/1.1" 200 27
116.232.55.224 - - [18/Dec/2020:10:57:20 +0800] "GET /xingrg/kc/buy/cgsh_order_operate.html?command=get_materiel&rest_code=00109&code=00101008036&supplier_code=00100005&order_time=2020-12-18 HTTP/1.1" 200 408
117.131.5.26 - - [18/Dec/2020:10:57:21 +0800] "GET /xingrg/check_reg.html?_=1608260569542 HTTP/1.1" 302 -
117.131.5.26 - - [18/Dec/2020:10:57:21 +0800] "GET /xingrg/login.html HTTP/1.1" 200 7641
222.69.136.191 - - [18/Dec/2020:10:57:21 +0800] "GET /xingrg/all/function/internal_message.html?_=1608260236012&CODE_STATE=getMsg HTTP/1.1" 200 27
180.171.117.89 - - [18/Dec/2020:10:57:23 +0800] "GET /xingrg/all/function/internal_message.html?_=1608260240233&CODE_STATE=getMsg HTTP/1.1" 200 27
180.162.223.42 - - [18/Dec/2020:10:57:23 +0800] "GET /xingrg/all/function/internal_message.html?_=1608260223114&CODE_STATE=getMsg HTTP/1.1" 200 27
180.162.223.42 - - [18/Dec/2020:10:57:24 +0800] "GET /xingrg/all/function/internal_message.html?_=1608260245823&CODE_STATE=getMsg HTTP/1.1" 200 27
117.184.7.26 - - [18/Dec/2020:10:57:24 +0800] "GET /xingrg/all/function/internal_message.html?_=1608260232638&CODE_STATE=getMsg HTTP/1.1" 200 27
116.230.106.194 - - [18/Dec/2020:10:57:25 +0800] "GET /xingrg/all/function/internal_message.html?_=1608260242576&CODE_STATE=getMsg HTTP/1.1" 200 27
117.185.32.26 - - [18/Dec/2020:10:57:27 +0800] "GET /xingrg/all/function/internal_message.html?_=1608260709148&CODE_STATE=getMsg HTTP/1.1" 200 27
114.88.161.120 - - [18/Dec/2020:10:57:29 +0800] "GET /xingrg/all/function/internal_message.html?_=1608260385182&CODE_STATE=getMsg HTTP/1.1" 200 27
117.185.32.26 - - [18/Dec/2020:10:57:29 +0800] "POST /xingrg/kc/buy/cgsh_order_operate.html HTTP/1.1" 200 2065
116.228.172.94 - - [18/Dec/2020:10:57:29 +0800] "GET /xingrg/all/function/internal_message.html?_=1608260241294&CODE_STATE=getMsg HTTP/1.1" 200 27
116.228.172.94 - - [18/Dec/2020:10:57:29 +0800] "GET /xingrg/check_reg.html?_=1608260241310 HTTP/1.1" 200 22
116.232.55.224 - - [18/Dec/2020:10:57:31 +0800] "GET /xingrg/kc/buy/cgsh_order_operate.html?command=get_materiel&rest_code=00109&code=00101008318&supplier_code=00100005&order_time=2020-12-18 HTTP/1.1" 200 408
101.85.93.83 - - [18/Dec/2020:10:57:32 +0800] "GET /xingrg/all/function/internal_message.html?_=1608259949239&CODE_STATE=getMsg HTTP/1.1" 200 27
180.162.223.42 - - [18/Dec/2020:10:57:33 +0800] "GET /xingrg/kc/base/wldb_order_operate.html?command=get_materiel&rest_code=00105&base_code=0010507&code=00101019383 HTTP/1.1" 200 458
172.17.0.123 - - [18/Dec/2020:10:57:34 +0800] "GET /xingrg/all/function/internal_message.html?_=1608260169317&CODE_STATE=getMsg HTTP/1.1" 200 27
180.174.56.115 - - [18/Dec/2020:10:57:36 +0800] "GET /xingrg/all/function/internal_message.html?_=1608260214110&CODE_STATE=getMsg HTTP/1.1" 200 27
116.232.55.224 - - [18/Dec/2020:10:57:37 +0800] "GET /xingrg/kc/buy/cgsh_order_operate.html?command=get_materiel&rest_code=00109&code=00101008352&supplier_code=00100005&order_time=2020-12-18 HTTP/1.1" 200 412
180.152.104.37 - - [18/Dec/2020:10:57:37 +0800] "GET /xingrg/all/function/internal_message.html?_=1608260256688&CODE_STATE=getMsg HTTP/1.1" 200 27
172.17.200.101 - - [18/Dec/2020:10:57:40 +0800] "GET /xingrg/all/function/internal_message.html?_=1608260260627&CODE_STATE=getMsg HTTP/1.1" 200 27
180.162.108.15 - - [18/Dec/2020:10:57:41 +0800] "GET /xingrg/all/function/internal_message.html?_=1608260157273&CODE_STATE=getMsg HTTP/1.1" 200 27
117.185.32.26 - - [18/Dec/2020:10:57:41 +0800] "POST /xingrg/kc/buy/cgsh_order_operate.html HTTP/1.1" 200 37
117.131.5.26 - - [18/Dec/2020:10:57:41 +0800] "GET /xingrg/all/function/internal_message.html?_=1608260589913&CODE_STATE=getMsg HTTP/1.1" 302 -
117.131.5.26 - - [18/Dec/2020:10:57:41 +0800] "GET /xingrg/login.html HTTP/1.1" 200 7641
114.88.161.120 - - [18/Dec/2020:10:57:42 +0800] "GET /xingrg/all/function/internal_message.html?_=1608260258702&CODE_STATE=getMsg HTTP/1.1" 302 -
114.88.161.120 - - [18/Dec/2020:10:57:42 +0800] "POST /xingrg/kc/buy/cgsh_order_operate.html HTTP/1.1" 200 37
222.69.133.109 - - [18/Dec/2020:10:57:43 +0800] "GET /xingrg/all/function/internal_message.html?_=1608260263117&CODE_STATE=getMsg HTTP/1.1" 200 27
222.69.133.109 - - [18/Dec/2020:10:57:43 +0800] "GET /xingrg/check_reg.html?_=1608260263119 HTTP/1.1" 200 22
116.232.55.224 - - [18/Dec/2020:10:57:43 +0800] "GET /xingrg/kc/buy/cgsh_order_operate.html?command=get_materiel&rest_code=00109&code=00101008005&supplier_code=00100005&order_time=2020-12-18 HTTP/1.1" 200 412
114.88.161.120 - - [18/Dec/2020:10:57:44 +0800] "POST /xingrg/kc/buy/cgsh_order_operate.html HTTP/1.1" 200 2674
117.185.32.26 - - [18/Dec/2020:10:57:44 +0800] "POST /xingrg/kc/buy/cgsh_order_operate.html HTTP/1.1" 200 20989
116.232.55.224 - - [18/Dec/2020:10:57:45 +0800] "POST /xingrg/kc/buy/cgsh_order_operate.html HTTP/1.1" 200 2065
114.88.161.120 - - [18/Dec/2020:10:57:46 +0800] "GET /xingrg/kc/print/load_data.html?order_code=212020121806984&kc_code=cgsh&condition= HTTP/1.1" 200 739
120.204.17.71 - - [18/Dec/2020:10:57:47 +0800] "GET /xingrg/all/function/internal_message.html?_=1608259617050&CODE_STATE=getMsg HTTP/1.1" 302 -
116.232.55.224 - - [18/Dec/2020:10:57:48 +0800] "GET /xingrg/all/function/internal_message.html?_=1608260267359&CODE_STATE=getMsg HTTP/1.1" 200 27
172.17.0.120 - - [18/Dec/2020:10:57:49 +0800] "GET /xingrg/all/function/internal_message.html?_=1608260266383&CODE_STATE=getMsg HTTP/1.1" 200 27
172.17.0.103 - - [18/Dec/2020:10:57:50 +0800] "GET /xingrg/all/function/internal_message.html?_=1608260268670&CODE_STATE=getMsg HTTP/1.1" 200 27
116.232.55.224 - - [18/Dec/2020:10:57:50 +0800] "GET /xingrg/kc/buy/cgsh_order_operate.html?command=get_materiel&rest_code=00109&code=00101008312&supplier_code=00100005&order_time=2020-12-18 HTTP/1.1" 200 412
120.204.17.71 - - [18/Dec/2020:10:57:52 +0800] "GET /xingrg/login.html HTTP/1.1" 200 7641
114.88.161.120 - - [18/Dec/2020:10:57:52 +0800] "GET /xingrg/kc/buy/cgsh_order_add.html HTTP/1.1" 200 60902
114.88.161.120 - - [18/Dec/2020:10:57:53 +0800] "POST /xingrg/kc/buy/cgsh_order_operate.html HTTP/1.1" 200 8245
114.88.161.120 - - [18/Dec/2020:10:57:53 +0800] "GET /xingrg/javascript/easyui/themes/default/validatebox.css HTTP/1.1" 404 1104
116.232.55.224 - - [18/Dec/2020:10:57:56 +0800] "GET /xingrg/kc/buy/cgsh_order_operate.html?command=get_materiel&rest_code=00109&code=00101008095&supplier_code=00100005&order_time=2020-12-18 HTTP/1.1" 200 412
117.131.5.26 - - [18/Dec/2020:10:57:58 +0800] "GET /xingrg/all/function/internal_message.html?_=1608260317602&CODE_STATE=getMsg HTTP/1.1" 200 27
117.131.5.26 - - [18/Dec/2020:10:57:58 +0800] "GET /xingrg/check_reg.html?_=1608260317603 HTTP/1.1" 200 22
180.162.223.42 - - [18/Dec/2020:10:57:58 +0800] "GET /xingrg/kc/base/wldb_order_operate.html?command=get_materiel&rest_code=00105&base_code=0010507&code=00101019430 HTTP/1.1" 200 462
114.88.159.147 - - [18/Dec/2020:10:58:04 +0800] "GET /xingrg/all/function/internal_message.html?_=1608260295875&CODE_STATE=getMsg HTTP/1.1" 200 27
117.185.32.26 - - [18/Dec/2020:10:58:05 +0800] "GET /xingrg/all/function/internal_message.html?_=1608260276916&CODE_STATE=getMsg HTTP/1.1" 200 27
180.162.223.42 - - [18/Dec/2020:10:58:06 +0800] "POST /xingrg/kc/base/wldb_order_operate.html HTTP/1.1" 200 37
180.162.223.42 - - [18/Dec/2020:10:58:07 +0800] "POST /xingrg/kc/base/wldb_order_operate.html HTTP/1.1" 200 2711
180.162.223.42 - - [18/Dec/2020:10:58:07 +0800] "GET /xingrg/kc/base/wldb_order_info.html?code=422020121801983 HTTP/1.1" 200 30523
180.162.223.42 - - [18/Dec/2020:10:58:08 +0800] "GET /xingrg/javascript/easyui/themes/default/validatebox.css HTTP/1.1" 404 1104
180.162.223.42 - - [18/Dec/2020:10:58:08 +0800] "POST /xingrg/kc/base/wldb_order_operate.html HTTP/1.1" 200 2711
180.174.56.115 - - [18/Dec/2020:10:58:08 +0800] "GET /xingrg/all/function/internal_message.html?_=1608260289559&CODE_STATE=getMsg HTTP/1.1" 200 27
114.88.161.120 - - [18/Dec/2020:10:58:09 +0800] "GET /xingrg/kc/buy/cgsh_order_operate.html?command=get_materiel&rest_code=00111&code=00101014031&supplier_code=00100340&order_time=2020-12-18 HTTP/1.1" 200 432
116.232.55.224 - - [18/Dec/2020:10:58:09 +0800] "GET /xingrg/kc/buy/cgsh_order_operate.html?command=get_materiel&rest_code=00109&code=00101008532&supplier_code=00100005&order_time=2020-12-18 HTTP/1.1" 200 399
117.185.32.26 - - [18/Dec/2020:10:58:11 +0800] "GET /xingrg/kc/buy/cgsh_order_operate.html?command=get_materiel&rest_code=00106&code=00101008051&supplier_code=00100007&order_time=2020-12-18 HTTP/1.1" 200 427
116.232.55.224 - - [18/Dec/2020:10:58:14 +0800] "GET /xingrg/kc/buy/cgsh_order_operate.html?command=get_materiel&rest_code=00109&code=00101008196&supplier_code=00100005&order_time=2020-12-18 HTTP/1.1" 200 416
116.230.118.184 - - [18/Dec/2020:10:58:16 +0800] "GET /xingrg/all/function/internal_message.html?_=1608260296250&CODE_STATE=getMsg HTTP/1.1" 200 27
180.162.223.42 - - [18/Dec/2020:10:58:18 +0800] "GET /xingrg/kc/buy/cgsh_order_add.html HTTP/1.1" 200 60949
172.17.0.123 - - [18/Dec/2020:10:58:18 +0800] "GET /xingrg/all/function/internal_message.html?_=1608260213042&CODE_STATE=getMsg HTTP/1.1" 200 27
172.17.0.123 - - [18/Dec/2020:10:58:18 +0800] "GET /xingrg/check_reg.html?_=1608260213042 HTTP/1.1" 200 22
180.162.223.42 - - [18/Dec/2020:10:58:18 +0800] "GET /xingrg/javascript/easyui/themes/default/validatebox.css HTTP/1.1" 404 1104
180.162.223.42 - - [18/Dec/2020:10:58:18 +0800] "POST /xingrg/kc/buy/cgsh_order_operate.html HTTP/1.1" 200 8245
222.69.136.191 - - [18/Dec/2020:10:58:21 +0800] "GET /xingrg/all/function/internal_message.html?_=1608260295986&CODE_STATE=getMsg HTTP/1.1" 200 27
116.232.55.224 - - [18/Dec/2020:10:58:23 +0800] "GET /xingrg/kc/buy/cgsh_order_operate.html?command=get_materiel&rest_code=00109&code=00101008079&supplier_code=00100005&order_time=2020-12-18 HTTP/1.1" 200 416
180.171.117.89 - - [18/Dec/2020:10:58:23 +0800] "GET /xingrg/all/function/internal_message.html?_=1608260300234&CODE_STATE=getMsg HTTP/1.1" 200 27
180.162.223.42 - - [18/Dec/2020:10:58:23 +0800] "GET /xingrg/all/function/internal_message.html?_=1608260283108&CODE_STATE=getMsg HTTP/1.1" 200 27
180.162.223.42 - - [18/Dec/2020:10:58:24 +0800] "GET /xingrg/check_reg.html?_=1608260305829 HTTP/1.1" 200 22
180.162.223.42 - - [18/Dec/2020:10:58:24 +0800] "GET /xingrg/all/function/internal_message.html?_=1608260305831&CODE_STATE=getMsg HTTP/1.1" 200 27
116.228.172.94 - - [18/Dec/2020:10:58:24 +0800] "GET /xingrg/kc/buy/cgsh_order_operate.html?command=get_materiel&rest_code=00153&code=00101001140&supplier_code=00100090&order_time=2020-12-18 HTTP/1.1" 200 412
117.184.7.26 - - [18/Dec/2020:10:58:24 +0800] "GET /xingrg/all/function/internal_message.html?_=1608260292639&CODE_STATE=getMsg HTTP/1.1" 200 27
117.184.7.26 - - [18/Dec/2020:10:58:24 +0800] "GET /xingrg/check_reg.html?_=1608260292643 HTTP/1.1" 200 22
116.230.106.194 - - [18/Dec/2020:10:58:25 +0800] "GET /xingrg/all/function/internal_message.html?_=1608260302566&CODE_STATE=getMsg HTTP/1.1" 200 27
116.230.106.194 - - [18/Dec/2020:10:58:25 +0800] "GET /xingrg/check_reg.html?_=1608260302561 HTTP/1.1" 200 22
117.185.32.26 - - [18/Dec/2020:10:58:27 +0800] "GET /xingrg/check_reg.html?_=1608260769143 HTTP/1.1" 200 22
117.185.32.26 - - [18/Dec/2020:10:58:27 +0800] "GET /xingrg/all/function/internal_message.html?_=1608260769145&CODE_STATE=getMsg HTTP/1.1" 200 27
114.88.161.120 - - [18/Dec/2020:10:58:29 +0800] "GET /xingrg/all/function/internal_message.html?_=1608260445190&CODE_STATE=getMsg HTTP/1.1" 200 27
180.162.223.42 - - [18/Dec/2020:10:58:29 +0800] "GET /xingrg/kc/base/wldb_order_add.html HTTP/1.1" 200 30508
116.228.172.94 - - [18/Dec/2020:10:58:29 +0800] "GET /xingrg/all/function/internal_message.html?_=1608260301289&CODE_STATE=getMsg HTTP/1.1" 200 27
180.162.223.42 - - [18/Dec/2020:10:58:30 +0800] "GET /xingrg/javascript/easyui/themes/default/validatebox.css HTTP/1.1" 404 1104
180.162.223.42 - - [18/Dec/2020:10:58:30 +0800] "POST /xingrg/kc/base/wldb_order_operate.html HTTP/1.1" 200 6806
116.233.72.147 - - [18/Dec/2020:10:58:32 +0800] "POST /xingrg/services/DataTransmitService HTTP/1.1" 200 524
101.85.93.83 - - [18/Dec/2020:10:58:32 +0800] "GET /xingrg/all/function/internal_message.html?_=1608260009237&CODE_STATE=getMsg HTTP/1.1" 200 27
117.185.32.26 - - [18/Dec/2020:10:58:32 +0800] "GET /xingrg/kc/buy/cgsh_order_operate.html?command=get_materiel&rest_code=00106&code=00101008067&supplier_code=00100007&order_time=2020-12-18 HTTP/1.1" 200 416
116.233.72.147 - - [18/Dec/2020:10:58:33 +0800] "POST /xingrg/services/DataTransmitService HTTP/1.1" 200 412
180.162.223.42 - - [18/Dec/2020:10:58:33 +0800] "POST /xingrg/all/common/load_combo.html?type=base HTTP/1.1" 200 3236
172.17.0.123 - - [18/Dec/2020:10:58:34 +0800] "GET /xingrg/all/function/internal_message.html?_=1608260229308&CODE_STATE=getMsg HTTP/1.1" 200 27
180.174.56.115 - - [18/Dec/2020:10:58:35 +0800] "GET /xingrg/check_reg.html?_=1608260273313 HTTP/1.1" 200 22
180.174.56.115 - - [18/Dec/2020:10:58:36 +0800] "GET /xingrg/all/function/internal_message.html?_=1608260274125&CODE_STATE=getMsg HTTP/1.1" 200 27
180.162.223.42 - - [18/Dec/2020:10:58:36 +0800] "POST /xingrg/all/common/load_combo.html?type=base HTTP/1.1" 200 3236
180.152.104.37 - - [18/Dec/2020:10:58:37 +0800] "GET /xingrg/all/function/internal_message.html?_=1608260316716&CODE_STATE=getMsg HTTP/1.1" 200 27
101.89.19.197 - - [18/Dec/2020:10:58:39 +0800] "GET /xingrg/all/function/internal_message.html?_=1608259696097&CODE_STATE=getMsg HTTP/1.1" 302 -
172.17.200.101 - - [18/Dec/2020:10:58:40 +0800] "GET /xingrg/check_reg.html?_=1608260320616 HTTP/1.1" 200 22
172.17.200.101 - - [18/Dec/2020:10:58:40 +0800] "GET /xingrg/all/function/internal_message.html?_=1608260320620&CODE_STATE=getMsg HTTP/1.1" 200 27
180.162.108.15 - - [18/Dec/2020:10:58:41 +0800] "GET /xingrg/all/function/internal_message.html?_=1608260217258&CODE_STATE=getMsg HTTP/1.1" 200 27
117.131.5.26 - - [18/Dec/2020:10:58:41 +0800] "GET /xingrg/all/function/internal_message.html?_=1608260649971&CODE_STATE=getMsg HTTP/1.1" 302 -
117.131.5.26 - - [18/Dec/2020:10:58:41 +0800] "GET /xingrg/login.html HTTP/1.1" 200 7641
114.88.161.120 - - [18/Dec/2020:10:58:41 +0800] "GET /xingrg/check_reg.html?_=1608260318043 HTTP/1.1" 302 -
114.88.161.120 - - [18/Dec/2020:10:58:42 +0800] "GET /xingrg/all/function/internal_message.html?_=1608260318716&CODE_STATE=getMsg HTTP/1.1" 302 -
117.185.32.26 - - [18/Dec/2020:10:58:42 +0800] "GET /xingrg/kc/buy/cgsh_order_operate.html?command=get_materiel&rest_code=00106&code=00101008356&supplier_code=00100007&order_time=2020-12-18 HTTP/1.1" 200 408
222.69.133.109 - - [18/Dec/2020:10:58:43 +0800] "GET /xingrg/all/function/internal_message.html?_=1608260323119&CODE_STATE=getMsg HTTP/1.1" 200 27
117.185.32.26 - - [18/Dec/2020:10:58:46 +0800] "POST /xingrg/kc/buy/cgsh_order_operate.html HTTP/1.1" 200 2065
120.204.17.70 - - [18/Dec/2020:10:58:46 +0800] "GET /xingrg/kc/buy/cgsh_order_operate.html?command=get_materiel&rest_code=00106&code=00101008234&supplier_code=00100007&order_time=2020-12-18 HTTP/1.1" 302 -
101.89.19.197 - - [18/Dec/2020:10:58:46 +0800] "GET /xingrg/login.html HTTP/1.1" 200 7641
116.228.172.94 - - [18/Dec/2020:10:58:47 +0800] "POST /xingrg/all/user/operate.html HTTP/1.1" 200 36
114.88.161.120 - - [18/Dec/2020:10:58:47 +0800] "POST /xingrg/kc/buy/cgsh_order_operate.html HTTP/1.1" 200 37
116.228.172.94 - - [18/Dec/2020:10:58:48 +0800] "GET /xingrg/index.html?sysBaseUrl=http%3A%2F%2F180.169.147.146%3A18081%2Fxingrg%2F&costTime=40×tamp=1608253115528 HTTP/1.1" 200 17179
116.228.172.94 - - [18/Dec/2020:10:58:48 +0800] "GET /xingrg/javascript/jquery_easy_ui/themes/default/easyui.css HTTP/1.1" 304 -
116.228.172.94 - - [18/Dec/2020:10:58:48 +0800] "GET /xingrg/javascript/jquery_easy_ui/themes/icon.css HTTP/1.1" 304 -
116.228.172.94 - - [18/Dec/2020:10:58:48 +0800] "GET /xingrg/css/form.css HTTP/1.1" 304 -
116.228.172.94 - - [18/Dec/2020:10:58:48 +0800] "GET /xingrg/javascript/jquery-1.4.2.min.js HTTP/1.1" 304 -
116.232.55.224 - - [18/Dec/2020:10:58:48 +0800] "GET /xingrg/all/function/internal_message.html?_=1608260327360&CODE_STATE=getMsg HTTP/1.1" 200 27
180.162.223.42 - - [18/Dec/2020:10:58:48 +0800] "GET /xingrg/kc/base/wldb_order_operate.html?command=get_materiel&rest_code=00105&base_code=0010507&code=00101013018 HTTP/1.1" 200 429
116.228.172.94 - - [18/Dec/2020:10:58:48 +0800] "GET /xingrg/javascript/jquery_easy_ui/jquery.easyui.min.js HTTP/1.1" 304 -
116.228.172.94 - - [18/Dec/2020:10:58:48 +0800] "GET /xingrg/javascript/jquery_easy_ui/easyui-lang-zh_CN.js HTTP/1.1" 304 -
116.228.172.94 - - [18/Dec/2020:10:58:48 +0800] "GET /xingrg/javascript/jquery.form.js HTTP/1.1" 304 -
116.228.172.94 - - [18/Dec/2020:10:58:48 +0800] "GET /xingrg/javascript/jquery.utils.js HTTP/1.1" 304 -
116.228.172.94 - - [18/Dec/2020:10:58:48 +0800] "GET /xingrg/javascript/jquery.timers.js HTTP/1.1" 304 -
116.228.172.94 - - [18/Dec/2020:10:58:48 +0800] "GET /xingrg/images/blue/jxLogo.png HTTP/1.1" 304 -
116.228.172.94 - - [18/Dec/2020:10:58:48 +0800] "GET /xingrg/javascript/jquery_easy_ui/themes/icons/settle_new.png HTTP/1.1" 304 -
116.228.172.94 - - [18/Dec/2020:10:58:48 +0800] "GET /xingrg/images/blue/navBackgound.jpg HTTP/1.1" 304 -
116.228.172.94 - - [18/Dec/2020:10:58:49 +0800] "POST /xingrg/all/common/load_tree.html?tree=area_rest_tree_json&manage=1 HTTP/1.1" 200 476
116.228.172.94 - - [18/Dec/2020:10:58:49 +0800] "GET /xingrg/all/function/internal_message.html?_=1608260320568&CODE_STATE=count HTTP/1.1" 200 11
114.88.161.120 - - [18/Dec/2020:10:58:49 +0800] "POST /xingrg/kc/buy/cgsh_order_operate.html HTTP/1.1" 200 2659
116.228.172.94 - - [18/Dec/2020:10:58:49 +0800] "GET /xingrg/check_reg.html?_=1608260320578 HTTP/1.1" 200 22
116.228.172.94 - - [18/Dec/2020:10:58:49 +0800] "GET /xingrg/images/blue/pingpu.png HTTP/1.1" 304 -
116.228.172.94 - - [18/Dec/2020:10:58:49 +0800] "GET /xingrg/javascript/jquery_easy_ui/themes/default/images/panel_tool_collapse.gif HTTP/1.1" 304 -
116.228.172.94 - - [18/Dec/2020:10:58:49 +0800] "GET /xingrg/javascript/jquery_easy_ui/themes/default/images/tabs_rightarrow.png HTTP/1.1" 304 -
116.228.172.94 - - [18/Dec/2020:10:58:49 +0800] "GET /xingrg/javascript/jquery_easy_ui/themes/default/images/tabs_leftarrow.png HTTP/1.1" 304 -
116.228.172.94 - - [18/Dec/2020:10:58:49 +0800] "POST /xingrg/load_menu.html HTTP/1.1" 200 5138
172.17.0.120 - - [18/Dec/2020:10:58:49 +0800] "GET /xingrg/check_reg.html?_=1608260326374 HTTP/1.1" 200 22
172.17.0.120 - - [18/Dec/2020:10:58:49 +0800] "GET /xingrg/all/function/internal_message.html?_=1608260326378&CODE_STATE=getMsg HTTP/1.1" 200 27
117.185.32.26 - - [18/Dec/2020:10:58:50 +0800] "GET /xingrg/kc/buy/cgsh_order_operate.html?command=get_materiel&rest_code=00106&code=00101008251&supplier_code=00100007&order_time=2020-12-18 HTTP/1.1" 200 408
172.17.0.103 - - [18/Dec/2020:10:58:50 +0800] "GET /xingrg/all/function/internal_message.html?_=1608260328650&CODE_STATE=getMsg HTTP/1.1" 200 27
114.88.161.120 - - [18/Dec/2020:10:58:50 +0800] "GET /xingrg/kc/print/load_data.html?order_code=212020121806985&kc_code=cgsh&condition= HTTP/1.1" 200 679
120.204.17.70 - - [18/Dec/2020:10:58:55 +0800] "GET /xingrg/login.html HTTP/1.1" 200 7641
117.131.5.26 - - [18/Dec/2020:10:58:58 +0800] "GET /xingrg/all/function/internal_message.html?_=1608260377601&CODE_STATE=getMsg HTTP/1.1" 200 27
114.88.161.120 - - [18/Dec/2020:10:58:58 +0800] "GET /xingrg/kc/buy/cgsh_order_add.html HTTP/1.1" 200 60902
116.228.172.94 - - [18/Dec/2020:10:58:58 +0800] "GET /xingrg/kc/buy/buy_main.html HTTP/1.1" 200 12412
116.228.172.94 - - [18/Dec/2020:10:58:58 +0800] "GET /xingrg/css/new_ie.css HTTP/1.1" 404 1036
114.88.161.120 - - [18/Dec/2020:10:58:59 +0800] "GET /xingrg/javascript/easyui/themes/default/validatebox.css HTTP/1.1" 404 1104
114.88.161.120 - - [18/Dec/2020:10:58:59 +0800] "POST /xingrg/kc/buy/cgsh_order_operate.html HTTP/1.1" 200 8245
116.228.172.94 - - [18/Dec/2020:10:59:00 +0800] "GET /xingrg/images/yd/bt.gif HTTP/1.1" 404 1040
116.228.172.94 - - [18/Dec/2020:10:59:01 +0800] "GET /xingrg/kc/buy/cgsh_order_list.html HTTP/1.1" 200 45171
114.88.159.147 - - [18/Dec/2020:10:59:04 +0800] "GET /xingrg/all/function/internal_message.html?_=1608260355869&CODE_STATE=getMsg HTTP/1.1" 200 27
116.228.172.94 - - [18/Dec/2020:10:59:04 +0800] "POST /xingrg/kc/buy/cgsh_list_operate.html HTTP/1.1" 200 2735
117.185.32.26 - - [18/Dec/2020:10:59:05 +0800] "GET /xingrg/all/function/internal_message.html?_=1608260336826&CODE_STATE=getMsg HTTP/1.1" 200 27
101.91.62.65 - - [18/Dec/2020:10:59:06 +0800] "GET /xingrg/all/function/internal_message.html?_=1608259636124&CODE_STATE=getMsg HTTP/1.1" 302 -
116.228.172.94 - - [18/Dec/2020:10:59:07 +0800] "GET /xingrg/kc/buy/cgsh_order_add.html HTTP/1.1" 200 60990
180.174.56.115 - - [18/Dec/2020:10:59:08 +0800] "GET /xingrg/all/function/internal_message.html?_=1608260349563&CODE_STATE=getMsg HTTP/1.1" 200 27
116.228.172.94 - - [18/Dec/2020:10:59:08 +0800] "GET /xingrg/javascript/easyui/themes/default/validatebox.css HTTP/1.1" 404 1104
101.91.62.65 - - [18/Dec/2020:10:59:08 +0800] "GET /xingrg/login.html HTTP/1.1" 200 7641
116.228.172.94 - - [18/Dec/2020:10:59:08 +0800] "POST /xingrg/kc/buy/cgsh_order_operate.html HTTP/1.1" 200 8245
116.228.172.94 - - [18/Dec/2020:10:59:10 +0800] "GET /xingrg/javascript/easyui/themes/default/tree.css HTTP/1.1" 404 1090
116.228.172.94 - - [18/Dec/2020:10:59:10 +0800] "POST /xingrg/all/common/load_tree.html?tree=supplier_tree_json&isDelete=1 HTTP/1.1" 200 52465
114.88.161.120 - - [18/Dec/2020:10:59:10 +0800] "GET /xingrg/kc/buy/cgsh_order_operate.html?command=get_materiel&rest_code=00111&code=00101001140&supplier_code=00100319&order_time=2020-12-18 HTTP/1.1" 200 415
180.162.223.42 - - [18/Dec/2020:10:59:14 +0800] "GET /xingrg/kc/base/wldb_order_operate.html?command=get_materiel&rest_code=00105&base_code=0010507&code=00101019391 HTTP/1.1" 200 471
116.232.55.224 - - [18/Dec/2020:10:59:16 +0800] "POST /xingrg/kc/buy/cgsh_order_operate.html HTTP/1.1" 200 2065
116.230.118.184 - - [18/Dec/2020:10:59:16 +0800] "GET /xingrg/all/function/internal_message.html?_=1608260356465&CODE_STATE=getMsg HTTP/1.1" 200 27
172.17.0.123 - - [18/Dec/2020:10:59:18 +0800] "GET /xingrg/all/function/internal_message.html?_=1608260273028&CODE_STATE=getMsg HTTP/1.1" 200 27
116.232.55.224 - - [18/Dec/2020:10:59:20 +0800] "GET /xingrg/kc/buy/cgsh_order_operate.html?command=get_materiel&rest_code=00109&code=00101015074&supplier_code=00100005&order_time=2020-12-18 HTTP/1.1" 200 408
222.69.136.191 - - [18/Dec/2020:10:59:21 +0800] "GET /xingrg/all/function/internal_message.html?_=1608260355971&CODE_STATE=getMsg HTTP/1.1" 200 27
116.230.147.136 - - [18/Dec/2020:10:59:22 +0800] "POST /xingrg/services/DataTransmitService HTTP/1.1" 200 524
116.230.147.136 - - [18/Dec/2020:10:59:23 +0800] "POST /xingrg/services/DataTransmitService HTTP/1.1" 200 2099
180.171.117.89 - - [18/Dec/2020:10:59:23 +0800] "GET /xingrg/all/function/internal_message.html?_=1608260360233&CODE_STATE=getMsg HTTP/1.1" 200 27
180.162.223.42 - - [18/Dec/2020:10:59:23 +0800] "GET /xingrg/all/function/internal_message.html?_=1608260343117&CODE_STATE=getMsg HTTP/1.1" 200 27
116.230.147.136 - - [18/Dec/2020:10:59:23 +0800] "POST /xingrg/services/DataTransmitService HTTP/1.1" 200 167559
180.162.223.42 - - [18/Dec/2020:10:59:24 +0800] "GET /xingrg/all/function/internal_message.html?_=1608260365820&CODE_STATE=getMsg HTTP/1.1" 200 27
117.184.7.26 - - [18/Dec/2020:10:59:24 +0800] "GET /xingrg/all/function/internal_message.html?_=1608260352647&CODE_STATE=getMsg HTTP/1.1" 200 27
116.230.106.194 - - [18/Dec/2020:10:59:25 +0800] "GET /xingrg/all/function/internal_message.html?_=1608260362561&CODE_STATE=getMsg HTTP/1.1" 200 27
114.88.161.120 - - [18/Dec/2020:10:59:25 +0800] "GET /xingrg/kc/buy/cgsh_order_operate.html?command=get_materiel&rest_code=00111&code=00101001125&supplier_code=00100319&order_time=2020-12-18 HTTP/1.1" 200 415
117.185.32.26 - - [18/Dec/2020:10:59:27 +0800] "GET /xingrg/all/function/internal_message.html?_=1608260829144&CODE_STATE=getMsg HTTP/1.1" 200 27
116.232.55.224 - - [18/Dec/2020:10:59:27 +0800] "GET /xingrg/kc/buy/cgsh_order_operate.html?command=get_materiel&rest_code=00109&code=00101008403&supplier_code=00100005&order_time=2020-12-18 HTTP/1.1" 200 412
116.228.172.94 - - [18/Dec/2020:10:59:27 +0800] "GET /xingrg/javascript/auto/indicator.gif HTTP/1.1" 404 1066
172.17.0.123 - - [18/Dec/2020:10:59:28 +0800] "GET /xingrg/kc/buy/cgsh_order_list.html HTTP/1.1" 200 45400
172.17.0.123 - - [18/Dec/2020:10:59:28 +0800] "POST /xingrg/kc/buy/cgsh_list_operate.html HTTP/1.1" 200 876
114.88.161.120 - - [18/Dec/2020:10:59:29 +0800] "GET /xingrg/all/function/internal_message.html?_=1608260505181&CODE_STATE=getMsg HTTP/1.1" 200 27
180.162.223.42 - - [18/Dec/2020:10:59:29 +0800] "GET /xingrg/kc/base/wldb_order_operate.html?command=get_materiel&rest_code=00105&base_code=0010507&code=00101019376 HTTP/1.1" 200 462
116.228.172.94 - - [18/Dec/2020:10:59:32 +0800] "GET /xingrg/kc/buy/cgsh_order_operate.html?command=get_materiel&rest_code=00107&code=00101001140&supplier_code=00100090&order_time=2020-12-18 HTTP/1.1" 200 414
101.85.93.83 - - [18/Dec/2020:10:59:32 +0800] "GET /xingrg/all/function/internal_message.html?_=1608260069237&CODE_STATE=getMsg HTTP/1.1" 200 27
172.17.0.123 - - [18/Dec/2020:10:59:34 +0800] "GET /xingrg/all/function/internal_message.html?_=1608260289309&CODE_STATE=getMsg HTTP/1.1" 200 27
172.17.0.123 - - [18/Dec/2020:10:59:34 +0800] "GET /xingrg/check_reg.html?_=1608260289311 HTTP/1.1" 200 22
172.17.0.103 - - [18/Dec/2020:10:59:34 +0800] "GET /xingrg/check_reg.html?_=1608260373109 HTTP/1.1" 200 22
116.232.55.224 - - [18/Dec/2020:10:59:34 +0800] "GET /xingrg/kc/buy/cgsh_order_operate.html?command=get_materiel&rest_code=00109&code=00101008125&supplier_code=00100005&order_time=2020-12-18 HTTP/1.1" 200 432
180.174.56.115 - - [18/Dec/2020:10:59:36 +0800] "GET /xingrg/all/function/internal_message.html?_=1608260334138&CODE_STATE=getMsg HTTP/1.1" 200 27
180.152.104.37 - - [18/Dec/2020:10:59:37 +0800] "GET /xingrg/all/function/internal_message.html?_=1608260376732&CODE_STATE=getMsg HTTP/1.1" 200 27
172.17.200.101 - - [18/Dec/2020:10:59:40 +0800] "GET /xingrg/all/function/internal_message.html?_=1608260380626&CODE_STATE=getMsg HTTP/1.1" 200 27
180.162.108.15 - - [18/Dec/2020:10:59:41 +0800] "GET /xingrg/all/function/internal_message.html?_=1608260277243&CODE_STATE=getMsg HTTP/1.1" 200 27
117.131.5.26 - - [18/Dec/2020:10:59:41 +0800] "GET /xingrg/all/function/internal_message.html?_=1608260709987&CODE_STATE=getMsg HTTP/1.1" 302 -
117.131.5.26 - - [18/Dec/2020:10:59:41 +0800] "GET /xingrg/login.html HTTP/1.1" 200 7641
116.232.55.224 - - [18/Dec/2020:10:59:41 +0800] "GET /xingrg/kc/buy/cgsh_order_operate.html?command=get_materiel&rest_code=00109&code=00101015039&supplier_code=00100005&order_time=2020-12-18 HTTP/1.1" 200 412
180.162.223.42 - - [18/Dec/2020:10:59:42 +0800] "GET /xingrg/kc/base/wldb_order_operate.html?command=get_materiel&rest_code=00105&base_code=0010507&code=00101019071 HTTP/1.1" 200 455
114.88.161.120 - - [18/Dec/2020:10:59:42 +0800] "GET /xingrg/all/function/internal_message.html?_=1608260378745&CODE_STATE=getMsg HTTP/1.1" 302 -
222.69.133.109 - - [18/Dec/2020:10:59:43 +0800] "GET /xingrg/all/function/internal_message.html?_=1608260383118&CODE_STATE=getMsg HTTP/1.1" 200 27
172.17.0.123 - - [18/Dec/2020:10:59:45 +0800] "POST /xingrg/kc/buy/cgsh_list_operate.html HTTP/1.1" 200 1724
183.192.164.214 - - [18/Dec/2020:10:59:46 +0800] "GET /xingrg/kc/buy/cgsh_order_operate.html?command=get_materiel&rest_code=00106&code=00101008038&supplier_code=00100007&order_time=2020-12-18 HTTP/1.1" 302 -
116.232.55.224 - - [18/Dec/2020:10:59:48 +0800] "GET /xingrg/all/function/internal_message.html?_=1608260387364&CODE_STATE=getMsg HTTP/1.1" 200 27
116.232.55.224 - - [18/Dec/2020:10:59:48 +0800] "GET /xingrg/check_reg.html?_=1608260387366 HTTP/1.1" 200 22
61.129.8.179 - - [18/Dec/2020:10:59:48 +0800] "GET /xingrg/all/function/internal_message.html?_=1608259756101&CODE_STATE=getMsg HTTP/1.1" 302 -
61.151.207.205 - - [18/Dec/2020:10:59:48 +0800] "GET /xingrg/kc/buy/cgsh_order_operate.html?command=get_materiel&rest_code=00141&code=00101007059&supplier_code=00100004&order_time=2020-12-18 HTTP/1.1" 302 -
116.228.172.94 - - [18/Dec/2020:10:59:48 +0800] "GET /xingrg/kc/buy/cgsh_order_operate.html?command=get_materiel&rest_code=00107&code=00101001125&supplier_code=00100090&order_time=2020-12-18 HTTP/1.1" 200 415
116.228.172.94 - - [18/Dec/2020:10:59:49 +0800] "GET /xingrg/all/function/internal_message.html?_=1608260380744&CODE_STATE=getMsg HTTP/1.1" 200 27
172.17.0.120 - - [18/Dec/2020:10:59:49 +0800] "GET /xingrg/all/function/internal_message.html?_=1608260386384&CODE_STATE=getMsg HTTP/1.1" 200 27
172.17.0.103 - - [18/Dec/2020:10:59:50 +0800] "GET /xingrg/all/function/internal_message.html?_=1608260388630&CODE_STATE=getMsg HTTP/1.1" 200 27
61.129.8.179 - - [18/Dec/2020:10:59:51 +0800] "GET /xingrg/login.html HTTP/1.1" 200 7641
183.192.164.214 - - [18/Dec/2020:10:59:52 +0800] "GET /xingrg/login.html HTTP/1.1" 200 7641
172.17.0.123 - - [18/Dec/2020:10:59:52 +0800] "GET /xingrg/javascript/jquery_tools/images/prev.gif HTTP/1.1" 404 1086
172.17.0.123 - - [18/Dec/2020:10:59:52 +0800] "GET /xingrg/javascript/jquery_tools/images/next.gif HTTP/1.1" 404 1086
117.185.32.26 - - [18/Dec/2020:10:59:54 +0800] "GET /xingrg/kc/buy/cgsh_order_operate.html?command=get_materiel&rest_code=00106&code=00101008295&supplier_code=00100007&order_time=2020-12-18 HTTP/1.1" 200 412
61.151.207.205 - - [18/Dec/2020:10:59:54 +0800] "GET /xingrg/login.html HTTP/1.1" 200 7641
172.17.200.101 - - [18/Dec/2020:10:59:56 +0800] "POST /xingrg/all/user/operate.html HTTP/1.1" 200 36
172.17.200.101 - - [18/Dec/2020:10:59:56 +0800] "GET /xingrg/javascript/jquery_easy_ui/themes/default/easyui.css HTTP/1.1" 304 -
172.17.200.101 - - [18/Dec/2020:10:59:56 +0800] "GET /xingrg/javascript/jquery_easy_ui/themes/icon.css HTTP/1.1" 304 -
172.17.200.101 - - [18/Dec/2020:10:59:56 +0800] "GET /xingrg/css/form.css HTTP/1.1" 304 -
172.17.200.101 - - [18/Dec/2020:10:59:56 +0800] "GET /xingrg/javascript/jquery-1.4.2.min.js HTTP/1.1" 304 -
172.17.200.101 - - [18/Dec/2020:10:59:56 +0800] "GET /xingrg/index.html?sysBaseUrl=http%3A%2F%2F172.17.0.8%3A18081%2Fxingrg%2F&costTime=43×tamp=1608255265773 HTTP/1.1" 200 17448
172.17.200.101 - - [18/Dec/2020:10:59:56 +0800] "GET /xingrg/javascript/jquery_easy_ui/jquery.easyui.min.js HTTP/1.1" 304 -
172.17.200.101 - - [18/Dec/2020:10:59:56 +0800] "GET /xingrg/javascript/jquery_easy_ui/easyui-lang-zh_CN.js HTTP/1.1" 304 -
172.17.200.101 - - [18/Dec/2020:10:59:56 +0800] "GET /xingrg/javascript/jquery.form.js HTTP/1.1" 304 -
172.17.200.101 - - [18/Dec/2020:10:59:56 +0800] "GET /xingrg/javascript/jquery.utils.js HTTP/1.1" 304 -
172.17.200.101 - - [18/Dec/2020:10:59:56 +0800] "GET /xingrg/javascript/jquery.timers.js HTTP/1.1" 304 -
172.17.200.101 - - [18/Dec/2020:10:59:56 +0800] "GET /xingrg/images/blue/jxLogo.png HTTP/1.1" 304 -
172.17.200.101 - - [18/Dec/2020:10:59:56 +0800] "GET /xingrg/images/blue/navBackgound.jpg HTTP/1.1" 304 -
172.17.200.101 - - [18/Dec/2020:10:59:56 +0800] "GET /xingrg/javascript/jquery_easy_ui/themes/icons/settle_new.png HTTP/1.1" 304 -
172.17.200.101 - - [18/Dec/2020:10:59:56 +0800] "POST /xingrg/all/common/load_tree.html?tree=area_rest_tree_json&manage=1 HTTP/1.1" 200 3222
172.17.200.101 - - [18/Dec/2020:10:59:56 +0800] "GET /xingrg/all/function/internal_message.html?_=1608260396777&CODE_STATE=count HTTP/1.1" 200 11
172.17.200.101 - - [18/Dec/2020:10:59:56 +0800] "GET /xingrg/check_reg.html?_=1608260396779 HTTP/1.1" 200 22
172.17.200.101 - - [18/Dec/2020:10:59:56 +0800] "GET /xingrg/javascript/jquery_easy_ui/themes/default/images/panel_tool_collapse.gif HTTP/1.1" 304 -
172.17.200.101 - - [18/Dec/2020:10:59:56 +0800] "GET /xingrg/images/blue/pingpu.png HTTP/1.1" 304 -
172.17.200.101 - - [18/Dec/2020:10:59:56 +0800] "GET /xingrg/javascript/jquery_easy_ui/themes/default/images/tabs_leftarrow.png HTTP/1.1" 304 -
172.17.200.101 - - [18/Dec/2020:10:59:56 +0800] "GET /xingrg/javascript/jquery_easy_ui/themes/default/images/tabs_rightarrow.png HTTP/1.1" 304 -
172.17.200.101 - - [18/Dec/2020:10:59:56 +0800] "GET /xingrg/javascript/jquery_easy_ui/themes/default/images/panel_tool_expand.gif HTTP/1.1" 304 -
172.17.200.101 - - [18/Dec/2020:10:59:56 +0800] "POST /xingrg/load_menu.html HTTP/1.1" 200 11529
172.17.200.101 - - [18/Dec/2020:10:59:57 +0800] "GET /xingrg/kc/report/report_main.html HTTP/1.1" 200 9350
117.185.32.26 - - [18/Dec/2020:10:59:57 +0800] "POST /xingrg/kc/buy/cgsh_order_operate.html HTTP/1.1" 200 2065
117.131.5.26 - - [18/Dec/2020:10:59:58 +0800] "GET /xingrg/all/function/internal_message.html?_=1608260437611&CODE_STATE=getMsg HTTP/1.1" 200 27
172.17.0.123 - - [18/Dec/2020:10:59:58 +0800] "POST /xingrg/kc/buy/cgsh_list_operate.html HTTP/1.1" 200 2913
172.17.200.101 - - [18/Dec/2020:10:59:58 +0800] "GET /xingrg/all/report/report_query.html?fileName=kc/buy/gys_amount_base_rest.xml HTTP/1.1" 200 51589
172.17.200.101 - - [18/Dec/2020:10:59:58 +0800] "GET /xingrg/dwr/interface/AjaxReportQueryService.js HTTP/1.1" 200 13203
172.17.200.101 - - [18/Dec/2020:10:59:58 +0800] "GET /xingrg/dwr/engine.js HTTP/1.1" 200 43631
172.17.200.101 - - [18/Dec/2020:10:59:58 +0800] "POST /xingrg/dwr/call/plaincall/AjaxReportQueryService.getFixDate.dwr HTTP/1.1" 200 111
172.17.200.101 - - [18/Dec/2020:10:59:59 +0800] "POST /xingrg/all/common/load_tree.html?tree=area_rest_tree_json&manage=1 HTTP/1.1" 200 3222
172.17.200.101 - - [18/Dec/2020:10:59:59 +0800] "POST /xingrg/all/common/load_tree.html?tree=supplier_tree_json&manage=1 HTTP/1.1" 200 53197
180.162.223.42 - - [18/Dec/2020:11:00:00 +0800] "GET /xingrg/kc/base/wldb_order_operate.html?command=get_materiel&rest_code=00105&base_code=0010507&code=00101011005 HTTP/1.1" 200 429
172.17.200.101 - - [18/Dec/2020:11:00:01 +0800] "POST /xingrg/dwr/call/plaincall/AjaxReportQueryService.getFixDate.dwr HTTP/1.1" 200 111
114.88.161.120 - - [18/Dec/2020:11:00:01 +0800] "POST /xingrg/kc/buy/cgsh_order_operate.html HTTP/1.1" 200 37
116.228.172.94 - - [18/Dec/2020:11:00:02 +0800] "GET /xingrg/kc/buy/cgsh_order_operate.html?command=get_materiel&rest_code=00107&code=00101001169&supplier_code=00100090&order_time=2020-12-18 HTTP/1.1" 200 434
117.185.32.26 - - [18/Dec/2020:11:00:02 +0800] "GET /xingrg/kc/buy/cgsh_order_operate.html?command=get_materiel&rest_code=00106&code=00101008353&supplier_code=00100007&order_time=2020-12-18 HTTP/1.1" 200 408
114.88.161.120 - - [18/Dec/2020:11:00:02 +0800] "POST /xingrg/kc/buy/cgsh_order_operate.html HTTP/1.1" 200 3260
114.88.159.147 - - [18/Dec/2020:11:00:04 +0800] "GET /xingrg/all/function/internal_message.html?_=1608260415838&CODE_STATE=getMsg HTTP/1.1" 200 27
114.88.161.120 - - [18/Dec/2020:11:00:04 +0800] "GET /xingrg/kc/print/load_data.html?order_code=212020121806986&kc_code=cgsh&condition= HTTP/1.1" 200 915
180.162.223.42 - - [18/Dec/2020:11:00:04 +0800] "GET /xingrg/kc/buy/cgsh_order_operate.html?command=get_materiel&rest_code=00105&code=00101005022&supplier_code=00100347&order_time=2020-12-18 HTTP/1.1" 200 417
117.185.32.26 - - [18/Dec/2020:11:00:05 +0800] "GET /xingrg/all/function/internal_message.html?_=1608260396805&CODE_STATE=getMsg HTTP/1.1" 200 27
117.185.32.26 - - [18/Dec/2020:11:00:05 +0800] "GET /xingrg/check_reg.html?_=1608260397459 HTTP/1.1" 200 22
180.174.56.115 - - [18/Dec/2020:11:00:08 +0800] "GET /xingrg/all/function/internal_message.html?_=1608260409562&CODE_STATE=getMsg HTTP/1.1" 200 27
114.88.161.120 - - [18/Dec/2020:11:00:12 +0800] "GET /xingrg/kc/buy/cgsh_order_add.html HTTP/1.1" 200 60902
116.232.55.224 - - [18/Dec/2020:11:00:12 +0800] "POST /xingrg/kc/buy/cgsh_order_operate.html HTTP/1.1" 200 37
172.17.0.123 - - [18/Dec/2020:11:00:12 +0800] "POST /xingrg/kc/buy/cgsh_list_operate.html HTTP/1.1" 200 1244
114.88.161.120 - - [18/Dec/2020:11:00:12 +0800] "POST /xingrg/kc/buy/cgsh_order_operate.html HTTP/1.1" 200 8245
114.88.161.120 - - [18/Dec/2020:11:00:12 +0800] "GET /xingrg/javascript/easyui/themes/default/validatebox.css HTTP/1.1" 404 1104
117.185.32.26 - - [18/Dec/2020:11:00:13 +0800] "GET /xingrg/kc/buy/cgsh_order_operate.html?command=get_materiel&rest_code=00106&code=00101008213&supplier_code=00100007&order_time=2020-12-18 HTTP/1.1" 200 412
116.232.55.224 - - [18/Dec/2020:11:00:13 +0800] "POST /xingrg/kc/buy/cgsh_order_operate.html HTTP/1.1" 200 26935
180.162.223.42 - - [18/Dec/2020:11:00:14 +0800] "GET /xingrg/kc/buy/cgsh_order_operate.html?command=get_materiel&rest_code=00105&code=00101001045&supplier_code=00100347&order_time=2020-12-18 HTTP/1.1" 200 421
116.228.172.94 - - [18/Dec/2020:11:00:15 +0800] "GET /xingrg/kc/buy/cgsh_order_operate.html?command=get_materiel&rest_code=00107&code=00101001093&supplier_code=00100090&order_time=2020-12-18 HTTP/1.1" 200 411
172.17.200.101 - - [18/Dec/2020:11:00:15 +0800] "POST /xingrg/dwr/call/plaincall/AjaxReportQueryService.refreshCache.dwr HTTP/1.1" 200 78
116.230.118.184 - - [18/Dec/2020:11:00:16 +0800] "GET /xingrg/all/function/internal_message.html?_=1608260416481&CODE_STATE=getMsg HTTP/1.1" 200 27
172.17.200.101 - - [18/Dec/2020:11:00:18 +0800] "POST /xingrg/all/report/load_report_page.html HTTP/1.1" 200 251586
172.17.200.101 - - [18/Dec/2020:11:00:18 +0800] "GET /xingrg/servlets/image?cache=0.03443813574131882&image=px HTTP/1.1" 200 807
172.17.0.123 - - [18/Dec/2020:11:00:18 +0800] "GET /xingrg/all/function/internal_message.html?_=1608260333028&CODE_STATE=getMsg HTTP/1.1" 200 27
222.69.136.191 - - [18/Dec/2020:11:00:21 +0800] "GET /xingrg/all/function/internal_message.html?_=1608260415956&CODE_STATE=getMsg HTTP/1.1" 200 27
117.185.32.26 - - [18/Dec/2020:11:00:23 +0800] "GET /xingrg/kc/buy/cgsh_order_operate.html?command=get_materiel&rest_code=00106&code=00101008488&supplier_code=00100007&order_time=2020-12-18 HTTP/1.1" 200 406
180.171.117.89 - - [18/Dec/2020:11:00:23 +0800] "GET /xingrg/all/function/internal_message.html?_=1608260420235&CODE_STATE=getMsg HTTP/1.1" 200 27
180.162.223.42 - - [18/Dec/2020:11:00:23 +0800] "GET /xingrg/check_reg.html?_=1608260403114 HTTP/1.1" 200 22
180.162.223.42 - - [18/Dec/2020:11:00:23 +0800] "GET /xingrg/all/function/internal_message.html?_=1608260403117&CODE_STATE=getMsg HTTP/1.1" 200 27
180.162.223.42 - - [18/Dec/2020:11:00:24 +0800] "GET /xingrg/all/function/internal_message.html?_=1608260425820&CODE_STATE=getMsg HTTP/1.1" 200 27
117.184.7.26 - - [18/Dec/2020:11:00:24 +0800] "GET /xingrg/all/function/internal_message.html?_=1608260412650&CODE_STATE=getMsg HTTP/1.1" 200 27
116.232.55.224 - - [18/Dec/2020:11:00:24 +0800] "GET /xingrg/kc/buy/cgsh_order_operate.html?command=get_materiel&rest_code=00109&code=00101008027&supplier_code=00100005&order_time=2020-12-18 HTTP/1.1" 200 408
116.230.106.194 - - [18/Dec/2020:11:00:25 +0800] "GET /xingrg/all/function/internal_message.html?_=1608260422555&CODE_STATE=getMsg HTTP/1.1" 200 27
117.185.32.26 - - [18/Dec/2020:11:00:27 +0800] "GET /xingrg/all/function/internal_message.html?_=1608260889178&CODE_STATE=getMsg HTTP/1.1" 200 27
114.88.161.120 - - [18/Dec/2020:11:00:28 +0800] "GET /xingrg/kc/buy/cgsh_order_operate.html?command=get_materiel&rest_code=00111&code=00101006166&supplier_code=00100344&order_time=2020-12-18 HTTP/1.1" 200 421
114.88.161.120 - - [18/Dec/2020:11:00:29 +0800] "GET /xingrg/check_reg.html?_=1608260565183 HTTP/1.1" 200 22
114.88.161.120 - - [18/Dec/2020:11:00:29 +0800] "GET /xingrg/all/function/internal_message.html?_=1608260565180&CODE_STATE=getMsg HTTP/1.1" 200 27
116.228.172.94 - - [18/Dec/2020:11:00:29 +0800] "GET /xingrg/kc/buy/cgsh_order_operate.html?command=get_materiel&rest_code=00107&code=00101001148&supplier_code=00100090&order_time=2020-12-18 HTTP/1.1" 200 411
172.17.200.101 - - [18/Dec/2020:11:00:30 +0800] "POST /xingrg/all/report/report_print.html HTTP/1.1" 200 28196
183.192.164.97 - - [18/Dec/2020:11:00:31 +0800] "GET /xingrg/kc/buy/cgsh_order_operate.html?command=get_materiel&rest_code=00106&code=00101008155&supplier_code=00100007&order_time=2020-12-18 HTTP/1.1" 302 -
180.162.223.42 - - [18/Dec/2020:11:00:32 +0800] "GET /xingrg/kc/buy/cgsh_order_operate.html?command=get_materiel&rest_code=00105&code=00101008055&supplier_code=00100347&order_time=2020-12-18 HTTP/1.1" 200 409
101.85.93.83 - - [18/Dec/2020:11:00:32 +0800] "GET /xingrg/all/function/internal_message.html?_=1608260129236&CODE_STATE=getMsg HTTP/1.1" 200 27
116.232.55.224 - - [18/Dec/2020:11:00:33 +0800] "GET /xingrg/kc/buy/cgsh_order_operate.html?command=get_materiel&rest_code=00109&code=00101008350&supplier_code=00100005&order_time=2020-12-18 HTTP/1.1" 200 408
117.185.32.26 - - [18/Dec/2020:11:00:33 +0800] "GET /xingrg/kc/buy/cgsh_order_operate.html?command=get_materiel&rest_code=00106&code=00101008085&supplier_code=00100007&order_time=2020-12-18 HTTP/1.1" 200 412
172.17.0.123 - - [18/Dec/2020:11:00:34 +0800] "GET /xingrg/all/function/internal_message.html?_=1608260349313&CODE_STATE=getMsg HTTP/1.1" 200 27
