116.230.106.194 - - [18/Dec/2020:10:51:25 +0800] "GET /xingrg/all/function/internal_message.html?_=1608259882554&CODE_STATE=getMsg HTTP/1.1" 200 27
117.185.32.26 - - [18/Dec/2020:10:51:25 +0800] "GET /xingrg/kc/buy/cgsh_order_operate.html?command=get_materiel&rest_code=00106&code=00101008331&supplier_code=00100007&order_time=2020-12-18 HTTP/1.1" 200 416
116.232.55.224 - - [18/Dec/2020:10:51:26 +0800] "GET /xingrg/kc/print/load_config.html?kc_code=cgsh HTTP/1.1" 200 1845
101.91.60.11 - - [18/Dec/2020:10:51:26 +0800] "GET /xingrg/kc/buy/cgsh_order_operate.html?command=get_materiel&rest_code=00141&code=00101008108&supplier_code=00100007&order_time=2020-12-18 HTTP/1.1" 302 -
116.232.55.224 - - [18/Dec/2020:10:51:26 +0800] "GET /xingrg/kc/print/load_data.html?order_code=212020121806974&kc_code=cgsh&condition= HTTP/1.1" 200 1594
117.185.32.26 - - [18/Dec/2020:10:51:27 +0800] "GET /xingrg/all/function/internal_message.html?_=1608260349139&CODE_STATE=getMsg HTTP/1.1" 200 27
114.88.161.120 - - [18/Dec/2020:10:51:29 +0800] "GET /xingrg/all/function/internal_message.html?_=1608260025175&CODE_STATE=getMsg HTTP/1.1" 200 27
116.228.172.94 - - [18/Dec/2020:10:51:29 +0800] "GET /xingrg/all/function/internal_message.html?_=1608259881278&CODE_STATE=getMsg HTTP/1.1" 200 27
180.162.223.42 - - [18/Dec/2020:10:51:31 +0800] "GET /xingrg/kc/buy/cgsh_order_operate.html?command=get_materiel&rest_code=00105&code=00101005036&supplier_code=00100334&order_time=2020-12-18 HTTP/1.1" 200 409
101.85.93.83 - - [18/Dec/2020:10:51:32 +0800] "GET /xingrg/check_reg.html?_=1608259589227 HTTP/1.1" 200 22
101.85.93.83 - - [18/Dec/2020:10:51:32 +0800] "GET /xingrg/all/function/internal_message.html?_=1608259589226&CODE_STATE=getMsg HTTP/1.1" 200 27
116.232.55.224 - - [18/Dec/2020:10:51:34 +0800] "GET /xingrg/kc/buy/cgsh_order_add.html HTTP/1.1" 200 60949
116.232.55.224 - - [18/Dec/2020:10:51:34 +0800] "POST /xingrg/kc/buy/cgsh_order_operate.html HTTP/1.1" 200 8245
116.232.55.224 - - [18/Dec/2020:10:51:34 +0800] "GET /xingrg/all/common/auto_word.html?type=employee&rest_code=00109 HTTP/1.1" 200 205
117.185.32.26 - - [18/Dec/2020:10:51:34 +0800] "GET /xingrg/kc/buy/cgsh_order_operate.html?command=get_materiel&rest_code=00106&code=00101008261&supplier_code=00100007&order_time=2020-12-18 HTTP/1.1" 200 408
116.232.55.224 - - [18/Dec/2020:10:51:34 +0800] "GET /xingrg/javascript/easyui/themes/default/validatebox.css HTTP/1.1" 404 1104
116.232.55.224 - - [18/Dec/2020:10:51:34 +0800] "GET /xingrg/all/common/auto_word.html?type=employee&rest_code=00109 HTTP/1.1" 200 205
172.17.0.123 - - [18/Dec/2020:10:51:34 +0800] "GET /xingrg/all/function/internal_message.html?_=1608259809316&CODE_STATE=getMsg HTTP/1.1" 200 27
114.88.159.147 - - [18/Dec/2020:10:51:34 +0800] "GET /xingrg/kc/buy/cgsh_order_operate.html?command=get_materiel&rest_code=00141&code=00101007061&supplier_code=00100004&order_time=2020-12-18 HTTP/1.1" 200 409
101.91.60.11 - - [18/Dec/2020:10:51:34 +0800] "GET /xingrg/login.html HTTP/1.1" 200 7641
180.174.56.115 - - [18/Dec/2020:10:51:35 +0800] "GET /xingrg/all/function/internal_message.html?_=1608259854025&CODE_STATE=getMsg HTTP/1.1" 200 27
172.17.0.123 - - [18/Dec/2020:10:51:36 +0800] "GET /xingrg/check_reg.html?_=1608259811665 HTTP/1.1" 200 22
180.152.104.37 - - [18/Dec/2020:10:51:37 +0800] "GET /xingrg/check_reg.html?_=1608259895952 HTTP/1.1" 200 22
180.152.104.37 - - [18/Dec/2020:10:51:37 +0800] "GET /xingrg/all/function/internal_message.html?_=1608259896576&CODE_STATE=getMsg HTTP/1.1" 200 27
172.17.200.101 - - [18/Dec/2020:10:51:40 +0800] "GET /xingrg/all/function/internal_message.html?_=1608259900601&CODE_STATE=getMsg HTTP/1.1" 200 27
180.162.223.42 - - [18/Dec/2020:10:51:40 +0800] "POST /xingrg/kc/buy/cgsh_order_operate.html HTTP/1.1" 200 37
101.89.29.78 - - [18/Dec/2020:10:51:40 +0800] "GET /xingrg/all/function/internal_message.html?_=1608259275594&CODE_STATE=getMsg HTTP/1.1" 302 -
180.162.223.42 - - [18/Dec/2020:10:51:41 +0800] "POST /xingrg/kc/buy/cgsh_order_operate.html HTTP/1.1" 200 3240
180.162.108.15 - - [18/Dec/2020:10:51:41 +0800] "GET /xingrg/all/function/internal_message.html?_=1608259797398&CODE_STATE=getMsg HTTP/1.1" 200 27
180.162.108.15 - - [18/Dec/2020:10:51:41 +0800] "GET /xingrg/check_reg.html?_=1608259797464 HTTP/1.1" 200 22
117.131.5.26 - - [18/Dec/2020:10:51:41 +0800] "GET /xingrg/all/function/internal_message.html?_=1608260229709&CODE_STATE=getMsg HTTP/1.1" 302 -
117.131.5.26 - - [18/Dec/2020:10:51:41 +0800] "GET /xingrg/login.html HTTP/1.1" 200 7641
114.88.161.120 - - [18/Dec/2020:10:51:42 +0800] "GET /xingrg/all/function/internal_message.html?_=1608259898571&CODE_STATE=getMsg HTTP/1.1" 302 -
180.162.223.42 - - [18/Dec/2020:10:51:42 +0800] "GET /xingrg/kc/print/load_data.html?order_code=212020121806975&kc_code=cgsh&condition= HTTP/1.1" 200 890
114.88.159.147 - - [18/Dec/2020:10:51:42 +0800] "GET /xingrg/kc/buy/cgsh_order_operate.html?command=get_materiel&rest_code=00141&code=00101007081&supplier_code=00100004&order_time=2020-12-18 HTTP/1.1" 200 413
222.69.133.109 - - [18/Dec/2020:10:51:43 +0800] "GET /xingrg/all/function/internal_message.html?_=1608259903127&CODE_STATE=getMsg HTTP/1.1" 200 27
116.232.55.224 - - [18/Dec/2020:10:51:44 +0800] "GET /xingrg/kc/buy/cgsh_order_operate.html?command=get_materiel&rest_code=00109&code=00101008323&supplier_code=00100005&order_time=2020-12-18 HTTP/1.1" 200 408
180.162.223.42 - - [18/Dec/2020:10:51:46 +0800] "GET /xingrg/kc/buy/cgsh_order_add.html HTTP/1.1" 200 60949
180.162.223.42 - - [18/Dec/2020:10:51:47 +0800] "POST /xingrg/kc/buy/cgsh_order_operate.html HTTP/1.1" 200 8245
180.162.223.42 - - [18/Dec/2020:10:51:47 +0800] "GET /xingrg/javascript/easyui/themes/default/validatebox.css HTTP/1.1" 404 1104
116.232.55.224 - - [18/Dec/2020:10:51:48 +0800] "GET /xingrg/all/function/internal_message.html?_=1608259907343&CODE_STATE=getMsg HTTP/1.1" 200 27
172.17.0.120 - - [18/Dec/2020:10:51:49 +0800] "GET /xingrg/all/function/internal_message.html?_=1608259906365&CODE_STATE=getMsg HTTP/1.1" 200 27
101.89.29.78 - - [18/Dec/2020:10:51:49 +0800] "GET /xingrg/login.html HTTP/1.1" 200 7641
120.204.17.70 - - [18/Dec/2020:10:51:50 +0800] "GET /xingrg/all/function/internal_message.html?_=1608259197249&CODE_STATE=getMsg HTTP/1.1" 302 -
172.17.0.103 - - [18/Dec/2020:10:51:50 +0800] "GET /xingrg/all/function/internal_message.html?_=1608259908801&CODE_STATE=getMsg HTTP/1.1" 200 27
116.232.55.224 - - [18/Dec/2020:10:51:50 +0800] "GET /xingrg/kc/buy/cgsh_order_operate.html?command=get_materiel&rest_code=00109&code=00101008155&supplier_code=00100005&order_time=2020-12-18 HTTP/1.1" 200 408
183.192.164.97 - - [18/Dec/2020:10:51:53 +0800] "GET /xingrg/check_reg.html?_=1608259197251 HTTP/1.1" 302 -
61.129.6.225 - - [18/Dec/2020:10:51:54 +0800] "GET /xingrg/kc/buy/cgsh_order_operate.html?command=get_materiel&rest_code=00141&code=00101008089&supplier_code=00100007&order_time=2020-12-18 HTTP/1.1" 302 -
120.204.17.70 - - [18/Dec/2020:10:51:57 +0800] "GET /xingrg/login.html HTTP/1.1" 200 7641
117.131.5.26 - - [18/Dec/2020:10:51:58 +0800] "GET /xingrg/all/function/internal_message.html?_=1608259957604&CODE_STATE=getMsg HTTP/1.1" 200 27
180.162.223.42 - - [18/Dec/2020:10:51:58 +0800] "GET /xingrg/kc/buy/cgsh_order_operate.html?command=get_materiel&rest_code=00105&code=00101001019&supplier_code=00100430&order_time=2020-12-18 HTTP/1.1" 200 415
61.129.6.225 - - [18/Dec/2020:10:51:59 +0800] "GET /xingrg/login.html HTTP/1.1" 200 7641
183.192.164.97 - - [18/Dec/2020:10:51:59 +0800] "GET /xingrg/login.html HTTP/1.1" 200 7641
114.88.159.147 - - [18/Dec/2020:10:52:00 +0800] "GET /xingrg/kc/buy/cgsh_order_operate.html?command=get_materiel&rest_code=00141&code=00101007083&supplier_code=00100004&order_time=2020-12-18 HTTP/1.1" 200 421
116.232.55.224 - - [18/Dec/2020:10:52:01 +0800] "GET /xingrg/kc/buy/cgsh_order_operate.html?command=get_materiel&rest_code=00109&code=00101008049&supplier_code=00100005&order_time=2020-12-18 HTTP/1.1" 200 408
101.93.222.235 - - [18/Dec/2020:10:52:02 +0800] "POST /xingrg/services/DataTransmitService HTTP/1.1" 200 524
114.88.159.147 - - [18/Dec/2020:10:52:04 +0800] "GET /xingrg/all/function/internal_message.html?_=1608259936015&CODE_STATE=getMsg HTTP/1.1" 200 27
117.185.32.26 - - [18/Dec/2020:10:52:05 +0800] "GET /xingrg/all/function/internal_message.html?_=1608259916997&CODE_STATE=getMsg HTTP/1.1" 200 27
116.232.55.224 - - [18/Dec/2020:10:52:07 +0800] "GET /xingrg/kc/buy/cgsh_order_operate.html?command=get_materiel&rest_code=00109&code=00101008141&supplier_code=00100005&order_time=2020-12-18 HTTP/1.1" 200 412
180.174.56.115 - - [18/Dec/2020:10:52:08 +0800] "GET /xingrg/check_reg.html?_=1608259929544 HTTP/1.1" 200 22
180.174.56.115 - - [18/Dec/2020:10:52:08 +0800] "GET /xingrg/all/function/internal_message.html?_=1608259929548&CODE_STATE=getMsg HTTP/1.1" 200 27
180.162.223.42 - - [18/Dec/2020:10:52:09 +0800] "POST /xingrg/kc/buy/cgsh_order_operate.html HTTP/1.1" 200 37
114.88.159.147 - - [18/Dec/2020:10:52:10 +0800] "GET /xingrg/kc/buy/cgsh_order_operate.html?command=get_materiel&rest_code=00141&code=00101007076&supplier_code=00100004&order_time=2020-12-18 HTTP/1.1" 200 408
180.162.223.42 - - [18/Dec/2020:10:52:10 +0800] "POST /xingrg/kc/buy/cgsh_order_operate.html HTTP/1.1" 200 2662
180.162.223.42 - - [18/Dec/2020:10:52:11 +0800] "GET /xingrg/kc/print/load_data.html?order_code=212020121806976&kc_code=cgsh&condition= HTTP/1.1" 200 652
116.232.55.224 - - [18/Dec/2020:10:52:13 +0800] "GET /xingrg/kc/buy/cgsh_order_operate.html?command=get_materiel&rest_code=00109&code=00101008067&supplier_code=00100005&order_time=2020-12-18 HTTP/1.1" 200 416
116.230.118.184 - - [18/Dec/2020:10:52:16 +0800] "GET /xingrg/all/function/internal_message.html?_=1608259935919&CODE_STATE=getMsg HTTP/1.1" 200 27
172.17.0.123 - - [18/Dec/2020:10:52:18 +0800] "GET /xingrg/all/function/internal_message.html?_=1608259853040&CODE_STATE=getMsg HTTP/1.1" 200 27
116.232.55.224 - - [18/Dec/2020:10:52:20 +0800] "GET /xingrg/kc/buy/cgsh_order_operate.html?command=get_materiel&rest_code=00109&code=00101008137&supplier_code=00100005&order_time=2020-12-18 HTTP/1.1" 200 408
180.162.223.42 - - [18/Dec/2020:10:52:20 +0800] "GET /xingrg/kc/buy/cgsh_order_add.html HTTP/1.1" 200 60949
180.162.223.42 - - [18/Dec/2020:10:52:20 +0800] "POST /xingrg/kc/buy/cgsh_order_operate.html HTTP/1.1" 200 8245
180.162.223.42 - - [18/Dec/2020:10:52:20 +0800] "GET /xingrg/javascript/easyui/themes/default/validatebox.css HTTP/1.1" 404 1104
117.131.5.26 - - [18/Dec/2020:10:52:21 +0800] "GET /xingrg/check_reg.html?_=1608260269537 HTTP/1.1" 302 -
117.131.5.26 - - [18/Dec/2020:10:52:21 +0800] "GET /xingrg/login.html HTTP/1.1" 200 7641
222.69.136.191 - - [18/Dec/2020:10:52:21 +0800] "GET /xingrg/all/function/internal_message.html?_=1608259936117&CODE_STATE=getMsg HTTP/1.1" 200 27
180.171.117.89 - - [18/Dec/2020:10:52:23 +0800] "GET /xingrg/all/function/internal_message.html?_=1608259940239&CODE_STATE=getMsg HTTP/1.1" 200 27
180.162.223.42 - - [18/Dec/2020:10:52:24 +0800] "GET /xingrg/all/function/internal_message.html?_=1608259945832&CODE_STATE=getMsg HTTP/1.1" 200 27
117.184.7.26 - - [18/Dec/2020:10:52:24 +0800] "GET /xingrg/all/function/internal_message.html?_=1608259932641&CODE_STATE=getMsg HTTP/1.1" 200 27
116.230.106.194 - - [18/Dec/2020:10:52:25 +0800] "GET /xingrg/all/function/internal_message.html?_=1608259942574&CODE_STATE=getMsg HTTP/1.1" 200 27
116.232.55.224 - - [18/Dec/2020:10:52:26 +0800] "GET /xingrg/kc/buy/cgsh_order_operate.html?command=get_materiel&rest_code=00109&code=00101008131&supplier_code=00100005&order_time=2020-12-18 HTTP/1.1" 200 408
117.185.32.26 - - [18/Dec/2020:10:52:27 +0800] "GET /xingrg/all/function/internal_message.html?_=1608260409137&CODE_STATE=getMsg HTTP/1.1" 200 27
114.88.161.120 - - [18/Dec/2020:10:52:29 +0800] "GET /xingrg/all/function/internal_message.html?_=1608260085175&CODE_STATE=getMsg HTTP/1.1" 200 27
116.228.172.94 - - [18/Dec/2020:10:52:29 +0800] "GET /xingrg/all/function/internal_message.html?_=1608259941285&CODE_STATE=getMsg HTTP/1.1" 200 27
116.228.172.94 - - [18/Dec/2020:10:52:29 +0800] "GET /xingrg/check_reg.html?_=1608259941311 HTTP/1.1" 200 22
101.91.60.105 - - [18/Dec/2020:10:52:30 +0800] "GET /xingrg/kc/buy/cgsh_order_operate.html?command=get_materiel&rest_code=00141&code=00101019247&supplier_code=00100007&order_time=2020-12-18 HTTP/1.1" 302 -
116.232.55.224 - - [18/Dec/2020:10:52:31 +0800] "GET /xingrg/kc/buy/cgsh_order_operate.html?command=get_materiel&rest_code=00109&code=00101008169&supplier_code=00100005&order_time=2020-12-18 HTTP/1.1" 200 412
101.85.93.83 - - [18/Dec/2020:10:52:32 +0800] "GET /xingrg/all/function/internal_message.html?_=1608259649242&CODE_STATE=getMsg HTTP/1.1" 200 27
172.17.0.123 - - [18/Dec/2020:10:52:34 +0800] "GET /xingrg/all/function/internal_message.html?_=1608259869307&CODE_STATE=getMsg HTTP/1.1" 200 27
180.174.56.115 - - [18/Dec/2020:10:52:35 +0800] "GET /xingrg/all/function/internal_message.html?_=1608259914027&CODE_STATE=getMsg HTTP/1.1" 200 27
180.162.223.42 - - [18/Dec/2020:10:52:36 +0800] "GET /xingrg/kc/buy/cgsh_order_operate.html?command=get_materiel&rest_code=00105&code=00101007144&supplier_code=00100322&order_time=2020-12-18 HTTP/1.1" 200 428
101.91.60.105 - - [18/Dec/2020:10:52:36 +0800] "GET /xingrg/login.html HTTP/1.1" 200 7641
116.232.55.224 - - [18/Dec/2020:10:52:37 +0800] "GET /xingrg/kc/buy/cgsh_order_operate.html?command=get_materiel&rest_code=00109&code=00101008098&supplier_code=00100005&order_time=2020-12-18 HTTP/1.1" 200 412
180.152.104.37 - - [18/Dec/2020:10:52:37 +0800] "GET /xingrg/all/function/internal_message.html?_=1608259956589&CODE_STATE=getMsg HTTP/1.1" 200 27
172.17.200.101 - - [18/Dec/2020:10:52:40 +0800] "GET /xingrg/all/function/internal_message.html?_=1608259960602&CODE_STATE=getMsg HTTP/1.1" 200 27
180.162.108.15 - - [18/Dec/2020:10:52:41 +0800] "GET /xingrg/all/function/internal_message.html?_=1608259857370&CODE_STATE=getMsg HTTP/1.1" 200 27
117.131.5.26 - - [18/Dec/2020:10:52:41 +0800] "GET /xingrg/all/function/internal_message.html?_=1608260289768&CODE_STATE=getMsg HTTP/1.1" 302 -
117.131.5.26 - - [18/Dec/2020:10:52:41 +0800] "GET /xingrg/login.html HTTP/1.1" 200 7641
117.185.32.26 - - [18/Dec/2020:10:52:41 +0800] "GET /xingrg/kc/buy/cgsh_order_operate.html?command=get_materiel&rest_code=00106&code=00101008358&supplier_code=00100007&order_time=2020-12-18 HTTP/1.1" 200 412
114.88.161.120 - - [18/Dec/2020:10:52:42 +0800] "GET /xingrg/all/function/internal_message.html?_=1608259958581&CODE_STATE=getMsg HTTP/1.1" 302 -
222.69.133.109 - - [18/Dec/2020:10:52:43 +0800] "GET /xingrg/check_reg.html?_=1608259963127 HTTP/1.1" 200 22
222.69.133.109 - - [18/Dec/2020:10:52:43 +0800] "GET /xingrg/all/function/internal_message.html?_=1608259963130&CODE_STATE=getMsg HTTP/1.1" 200 27
116.232.55.224 - - [18/Dec/2020:10:52:45 +0800] "GET /xingrg/kc/buy/cgsh_order_operate.html?command=get_materiel&rest_code=00109&code=00101008353&supplier_code=00100005&order_time=2020-12-18 HTTP/1.1" 200 408
180.162.223.42 - - [18/Dec/2020:10:52:46 +0800] "GET /xingrg/kc/buy/cgsh_order_operate.html?command=get_materiel&rest_code=00105&code=00101010534&supplier_code=00100322&order_time=2020-12-18 HTTP/1.1" 200 428
114.88.161.120 - - [18/Dec/2020:10:52:46 +0800] "GET /xingrg/kc/buy/cgsh_order_add.html HTTP/1.1" 200 60902
114.88.161.120 - - [18/Dec/2020:10:52:47 +0800] "POST /xingrg/kc/buy/cgsh_order_operate.html HTTP/1.1" 200 8245
114.88.161.120 - - [18/Dec/2020:10:52:47 +0800] "GET /xingrg/javascript/easyui/themes/default/validatebox.css HTTP/1.1" 404 1104
116.232.55.224 - - [18/Dec/2020:10:52:48 +0800] "GET /xingrg/all/function/internal_message.html?_=1608259967347&CODE_STATE=getMsg HTTP/1.1" 200 27
172.17.0.120 - - [18/Dec/2020:10:52:49 +0800] "GET /xingrg/all/function/internal_message.html?_=1608259966372&CODE_STATE=getMsg HTTP/1.1" 200 27
172.17.0.103 - - [18/Dec/2020:10:52:50 +0800] "GET /xingrg/all/function/internal_message.html?_=1608259968769&CODE_STATE=getMsg HTTP/1.1" 200 27
172.17.0.120 - - [18/Dec/2020:10:52:52 +0800] "POST /xingrg/kc/buy/cgsh_list_operate.html HTTP/1.1" 200 876
117.185.32.26 - - [18/Dec/2020:10:52:54 +0800] "GET /xingrg/kc/buy/cgsh_order_operate.html?command=get_materiel&rest_code=00106&code=00101008003&supplier_code=00100007&order_time=2020-12-18 HTTP/1.1" 200 408
180.162.223.42 - - [18/Dec/2020:10:52:56 +0800] "GET /xingrg/kc/buy/cgsh_order_operate.html?command=get_materiel&rest_code=00105&code=00101010209&supplier_code=00100322&order_time=2020-12-18 HTTP/1.1" 200 439
116.232.55.224 - - [18/Dec/2020:10:52:57 +0800] "GET /xingrg/kc/buy/cgsh_order_operate.html?command=get_materiel&rest_code=00109&code=00101008270&supplier_code=00100005&order_time=2020-12-18 HTTP/1.1" 200 412
117.131.5.26 - - [18/Dec/2020:10:52:58 +0800] "GET /xingrg/all/function/internal_message.html?_=1608260017615&CODE_STATE=getMsg HTTP/1.1" 200 27
117.131.5.26 - - [18/Dec/2020:10:52:58 +0800] "GET /xingrg/check_reg.html?_=1608260017617 HTTP/1.1" 200 22
180.162.223.42 - - [18/Dec/2020:10:52:58 +0800] "POST /xingrg/all/common/load_select.html HTTP/1.1" 200 25
117.185.32.26 - - [18/Dec/2020:10:52:58 +0800] "POST /xingrg/kc/buy/cgsh_order_operate.html HTTP/1.1" 200 2065
180.162.223.42 - - [18/Dec/2020:10:53:01 +0800] "GET /xingrg/kc/buy/cgsh_order_operate.html?command=get_materiel_price&rest_code=00105&code=00101010209&unit_code=00100076&supplier_code=00100322&order_time=2020-12-18 HTTP/1.1" 200 30
116.232.55.224 - - [18/Dec/2020:10:53:02 +0800] "GET /xingrg/kc/buy/cgsh_order_operate.html?command=get_materiel&rest_code=00109&code=00101008257&supplier_code=00100005&order_time=2020-12-18 HTTP/1.1" 200 416
114.88.159.147 - - [18/Dec/2020:10:53:04 +0800] "GET /xingrg/all/function/internal_message.html?_=1608259996016&CODE_STATE=getMsg HTTP/1.1" 200 27
117.185.32.26 - - [18/Dec/2020:10:53:05 +0800] "GET /xingrg/all/function/internal_message.html?_=1608259977039&CODE_STATE=getMsg HTTP/1.1" 200 27
114.88.161.120 - - [18/Dec/2020:10:53:07 +0800] "GET /xingrg/kc/buy/cgsh_order_operate.html?command=get_materiel&rest_code=00111&code=00101001093&supplier_code=00100090&order_time=2020-12-18 HTTP/1.1" 200 411
180.174.56.115 - - [18/Dec/2020:10:53:08 +0800] "GET /xingrg/all/function/internal_message.html?_=1608259989556&CODE_STATE=getMsg HTTP/1.1" 200 27
116.232.55.224 - - [18/Dec/2020:10:53:08 +0800] "GET /xingrg/kc/buy/cgsh_order_operate.html?command=get_materiel&rest_code=00109&code=00101008155&supplier_code=00100005&order_time=2020-12-18 HTTP/1.1" 200 408
117.185.32.26 - - [18/Dec/2020:10:53:09 +0800] "GET /xingrg/kc/buy/cgsh_order_operate.html?command=get_materiel&rest_code=00106&code=00101008300&supplier_code=00100007&order_time=2020-12-18 HTTP/1.1" 200 412
116.232.55.224 - - [18/Dec/2020:10:53:14 +0800] "GET /xingrg/kc/buy/cgsh_order_operate.html?command=get_materiel&rest_code=00109&code=00101008354&supplier_code=00100005&order_time=2020-12-18 HTTP/1.1" 200 412
180.162.223.42 - - [18/Dec/2020:10:53:15 +0800] "POST /xingrg/kc/buy/cgsh_order_operate.html HTTP/1.1" 200 37
116.230.118.184 - - [18/Dec/2020:10:53:16 +0800] "GET /xingrg/all/function/internal_message.html?_=1608259995932&CODE_STATE=getMsg HTTP/1.1" 200 27
172.17.0.123 - - [18/Dec/2020:10:53:18 +0800] "GET /xingrg/all/function/internal_message.html?_=1608259913042&CODE_STATE=getMsg HTTP/1.1" 200 27
172.17.0.123 - - [18/Dec/2020:10:53:18 +0800] "GET /xingrg/check_reg.html?_=1608259913044 HTTP/1.1" 200 22
180.162.223.42 - - [18/Dec/2020:10:53:21 +0800] "POST /xingrg/kc/buy/cgsh_order_operate.html HTTP/1.1" 200 2065
117.185.32.26 - - [18/Dec/2020:10:53:21 +0800] "POST /xingrg/kc/buy/cgsh_order_operate.html HTTP/1.1" 200 37
222.69.136.191 - - [18/Dec/2020:10:53:21 +0800] "GET /xingrg/all/function/internal_message.html?_=1608259996103&CODE_STATE=getMsg HTTP/1.1" 200 27
180.171.117.89 - - [18/Dec/2020:10:53:23 +0800] "GET /xingrg/all/function/internal_message.html?_=1608260000239&CODE_STATE=getMsg HTTP/1.1" 200 27
180.162.223.42 - - [18/Dec/2020:10:53:24 +0800] "GET /xingrg/check_reg.html?_=1608260005814 HTTP/1.1" 200 22
180.162.223.42 - - [18/Dec/2020:10:53:24 +0800] "GET /xingrg/all/function/internal_message.html?_=1608260005817&CODE_STATE=getMsg HTTP/1.1" 200 27
117.184.7.26 - - [18/Dec/2020:10:53:24 +0800] "GET /xingrg/check_reg.html?_=1608259992645 HTTP/1.1" 200 22
117.184.7.26 - - [18/Dec/2020:10:53:24 +0800] "GET /xingrg/all/function/internal_message.html?_=1608259992666&CODE_STATE=getMsg HTTP/1.1" 200 27
116.230.106.194 - - [18/Dec/2020:10:53:25 +0800] "GET /xingrg/check_reg.html?_=1608260002566 HTTP/1.1" 200 22
116.230.106.194 - - [18/Dec/2020:10:53:25 +0800] "GET /xingrg/all/function/internal_message.html?_=1608260002569&CODE_STATE=getMsg HTTP/1.1" 200 27
114.88.161.120 - - [18/Dec/2020:10:53:26 +0800] "POST /xingrg/kc/buy/cgsh_order_operate.html HTTP/1.1" 200 64
116.232.55.224 - - [18/Dec/2020:10:53:26 +0800] "POST /xingrg/kc/buy/cgsh_order_operate.html HTTP/1.1" 200 37
117.185.32.26 - - [18/Dec/2020:10:53:26 +0800] "POST /xingrg/kc/buy/cgsh_order_operate.html HTTP/1.1" 200 15073
180.162.223.42 - - [18/Dec/2020:10:53:26 +0800] "GET /xingrg/kc/print/load_data.html?order_code=212020121806977&kc_code=cgsh&condition= HTTP/1.1" 200 1181
117.185.32.26 - - [18/Dec/2020:10:53:27 +0800] "GET /xingrg/check_reg.html?_=1608260469135 HTTP/1.1" 200 22
117.185.32.26 - - [18/Dec/2020:10:53:27 +0800] "GET /xingrg/all/function/internal_message.html?_=1608260469136&CODE_STATE=getMsg HTTP/1.1" 200 27
116.232.55.224 - - [18/Dec/2020:10:53:28 +0800] "POST /xingrg/kc/buy/cgsh_order_operate.html HTTP/1.1" 200 10379
114.88.161.120 - - [18/Dec/2020:10:53:29 +0800] "GET /xingrg/all/function/internal_message.html?_=1608260145172&CODE_STATE=getMsg HTTP/1.1" 200 27
116.228.172.94 - - [18/Dec/2020:10:53:29 +0800] "GET /xingrg/all/function/internal_message.html?_=1608260001285&CODE_STATE=getMsg HTTP/1.1" 200 27
114.88.161.120 - - [18/Dec/2020:10:53:32 +0800] "POST /xingrg/kc/buy/cgsh_order_operate.html HTTP/1.1" 200 37
101.85.93.83 - - [18/Dec/2020:10:53:32 +0800] "GET /xingrg/all/function/internal_message.html?_=1608259709241&CODE_STATE=getMsg HTTP/1.1" 200 27
114.88.161.120 - - [18/Dec/2020:10:53:33 +0800] "POST /xingrg/kc/buy/cgsh_order_operate.html HTTP/1.1" 200 2656
172.17.0.123 - - [18/Dec/2020:10:53:34 +0800] "GET /xingrg/all/function/internal_message.html?_=1608259929309&CODE_STATE=getMsg HTTP/1.1" 200 27
180.162.223.42 - - [18/Dec/2020:10:53:34 +0800] "GET /xingrg/kc/buy/cgsh_order_list.html HTTP/1.1" 200 45165
180.174.56.115 - - [18/Dec/2020:10:53:35 +0800] "GET /xingrg/check_reg.html?_=1608259973291 HTTP/1.1" 200 22
114.88.161.120 - - [18/Dec/2020:10:53:35 +0800] "GET /xingrg/kc/print/load_data.html?order_code=212020121806980&kc_code=cgsh&condition= HTTP/1.1" 200 735
180.174.56.115 - - [18/Dec/2020:10:53:35 +0800] "GET /xingrg/all/function/internal_message.html?_=1608259974040&CODE_STATE=getMsg HTTP/1.1" 200 27
180.162.223.42 - - [18/Dec/2020:10:53:36 +0800] "POST /xingrg/kc/buy/cgsh_list_operate.html HTTP/1.1" 200 5199
180.152.104.37 - - [18/Dec/2020:10:53:37 +0800] "GET /xingrg/all/function/internal_message.html?_=1608260016602&CODE_STATE=getMsg HTTP/1.1" 200 27
172.17.200.101 - - [18/Dec/2020:10:53:40 +0800] "GET /xingrg/all/function/internal_message.html?_=1608260020607&CODE_STATE=getMsg HTTP/1.1" 200 27
172.17.200.101 - - [18/Dec/2020:10:53:40 +0800] "GET /xingrg/check_reg.html?_=1608260020609 HTTP/1.1" 200 22
114.88.161.120 - - [18/Dec/2020:10:53:40 +0800] "GET /xingrg/kc/buy/cgsh_order_add.html HTTP/1.1" 200 60902
180.162.223.42 - - [18/Dec/2020:10:53:40 +0800] "POST /xingrg/kc/buy/cgsh_list_operate.html HTTP/1.1" 200 2290
114.88.161.120 - - [18/Dec/2020:10:53:40 +0800] "GET /xingrg/javascript/easyui/themes/default/validatebox.css HTTP/1.1" 404 1104
114.88.161.120 - - [18/Dec/2020:10:53:41 +0800] "POST /xingrg/kc/buy/cgsh_order_operate.html HTTP/1.1" 200 8245
180.162.108.15 - - [18/Dec/2020:10:53:41 +0800] "GET /xingrg/all/function/internal_message.html?_=1608259917340&CODE_STATE=getMsg HTTP/1.1" 200 27
117.131.5.26 - - [18/Dec/2020:10:53:41 +0800] "GET /xingrg/all/function/internal_message.html?_=1608260349784&CODE_STATE=getMsg HTTP/1.1" 302 -
117.131.5.26 - - [18/Dec/2020:10:53:41 +0800] "GET /xingrg/login.html HTTP/1.1" 200 7641
114.88.161.120 - - [18/Dec/2020:10:53:41 +0800] "GET /xingrg/check_reg.html?_=1608260018016 HTTP/1.1" 302 -
114.88.161.120 - - [18/Dec/2020:10:53:42 +0800] "GET /xingrg/all/function/internal_message.html?_=1608260018594&CODE_STATE=getMsg HTTP/1.1" 302 -
180.162.223.42 - - [18/Dec/2020:10:53:43 +0800] "POST /xingrg/kc/buy/cgsh_list_operate.html HTTP/1.1" 200 384
222.69.133.109 - - [18/Dec/2020:10:53:43 +0800] "GET /xingrg/all/function/internal_message.html?_=1608260023116&CODE_STATE=getMsg HTTP/1.1" 200 27
180.162.223.42 - - [18/Dec/2020:10:53:43 +0800] "GET /xingrg/kc/buy/cgsh_order_info.html?code=212020121806977 HTTP/1.1" 200 60952
180.162.223.42 - - [18/Dec/2020:10:53:44 +0800] "GET /xingrg/javascript/easyui/themes/default/validatebox.css HTTP/1.1" 404 1104
180.162.223.42 - - [18/Dec/2020:10:53:44 +0800] "POST /xingrg/kc/buy/cgsh_order_operate.html HTTP/1.1" 200 3906
61.129.8.179 - - [18/Dec/2020:10:53:46 +0800] "GET /xingrg/all/function/internal_message.html?_=1608259395790&CODE_STATE=getMsg HTTP/1.1" 302 -
180.162.223.42 - - [18/Dec/2020:10:53:46 +0800] "GET /xingrg/kc/buy/cgsh_order_add.html HTTP/1.1" 200 60949
180.162.223.42 - - [18/Dec/2020:10:53:47 +0800] "POST /xingrg/kc/buy/cgsh_order_operate.html HTTP/1.1" 200 8245
180.162.223.42 - - [18/Dec/2020:10:53:47 +0800] "GET /xingrg/javascript/easyui/themes/default/validatebox.css HTTP/1.1" 404 1104
117.184.7.26 - - [18/Dec/2020:10:53:47 +0800] "GET /xingrg/kc/buy/cgsh_order_list.html HTTP/1.1" 200 45165
116.232.55.224 - - [18/Dec/2020:10:53:48 +0800] "GET /xingrg/all/function/internal_message.html?_=1608260027354&CODE_STATE=getMsg HTTP/1.1" 200 27
183.192.164.214 - - [18/Dec/2020:10:53:48 +0800] "GET /xingrg/all/function/internal_message.html?_=1608259317190&CODE_STATE=getMsg HTTP/1.1" 302 -
172.17.0.120 - - [18/Dec/2020:10:53:49 +0800] "GET /xingrg/check_reg.html?_=1608260026376 HTTP/1.1" 200 22
172.17.0.120 - - [18/Dec/2020:10:53:49 +0800] "GET /xingrg/all/function/internal_message.html?_=1608260026387&CODE_STATE=getMsg HTTP/1.1" 200 27
117.184.7.26 - - [18/Dec/2020:10:53:49 +0800] "POST /xingrg/kc/buy/cgsh_list_operate.html HTTP/1.1" 200 876
172.17.0.103 - - [18/Dec/2020:10:53:50 +0800] "GET /xingrg/all/function/internal_message.html?_=1608260028749&CODE_STATE=getMsg HTTP/1.1" 200 27
117.185.32.26 - - [18/Dec/2020:10:53:51 +0800] "POST /xingrg/kc/base/wldb_list_operate.html HTTP/1.1" 200 210
117.185.32.26 - - [18/Dec/2020:10:53:51 +0800] "GET /xingrg/kc/base/wldb_order_info.html?code=422020121801979 HTTP/1.1" 200 30522
117.185.32.26 - - [18/Dec/2020:10:53:52 +0800] "GET /xingrg/javascript/easyui/themes/default/validatebox.css HTTP/1.1" 404 1104
117.185.32.26 - - [18/Dec/2020:10:53:52 +0800] "POST /xingrg/kc/base/wldb_order_operate.html HTTP/1.1" 200 2204
61.129.8.179 - - [18/Dec/2020:10:53:52 +0800] "GET /xingrg/login.html HTTP/1.1" 200 7641
183.192.164.214 - - [18/Dec/2020:10:53:56 +0800] "GET /xingrg/login.html HTTP/1.1" 200 7641
117.131.5.26 - - [18/Dec/2020:10:53:58 +0800] "GET /xingrg/all/function/internal_message.html?_=1608260077600&CODE_STATE=getMsg HTTP/1.1" 200 27
117.185.32.26 - - [18/Dec/2020:10:53:58 +0800] "GET /xingrg/javascript/auto/indicator.gif HTTP/1.1" 404 1066
180.162.223.42 - - [18/Dec/2020:10:53:59 +0800] "GET /xingrg/kc/buy/cgsh_order_operate.html?command=get_materiel&rest_code=00105&code=00101007047&supplier_code=00100323&order_time=2020-12-18 HTTP/1.1" 200 409
116.232.55.224 - - [18/Dec/2020:10:54:00 +0800] "GET /xingrg/kc/buy/cgsh_order_operate.html?command=get_materiel&rest_code=00109&code=00101008351&supplier_code=00100005&order_time=2020-12-18 HTTP/1.1" 200 408
117.185.32.26 - - [18/Dec/2020:10:54:01 +0800] "GET /xingrg/kc/base/wldb_order_operate.html?command=get_materiel&rest_code=00106&base_code=0010396&code=00101019222 HTTP/1.1" 200 454
117.184.7.26 - - [18/Dec/2020:10:54:03 +0800] "GET /xingrg/kc/buy/cgsh_order_add.html HTTP/1.1" 200 60861
117.184.7.26 - - [18/Dec/2020:10:54:03 +0800] "GET /xingrg/words/20201216152930_words.js HTTP/1.1" 304 -
117.184.7.26 - - [18/Dec/2020:10:54:03 +0800] "GET /xingrg/all/common/auto_word.html?type=employee&rest_code=00108 HTTP/1.1" 200 147
117.184.7.26 - - [18/Dec/2020:10:54:03 +0800] "GET /xingrg/javascript/easyui/themes/default/validatebox.css HTTP/1.1" 404 1104
117.184.7.26 - - [18/Dec/2020:10:54:03 +0800] "GET /xingrg/all/common/auto_word.html?type=employee&rest_code=00108 HTTP/1.1" 200 147
117.184.7.26 - - [18/Dec/2020:10:54:03 +0800] "POST /xingrg/kc/buy/cgsh_order_operate.html HTTP/1.1" 200 8245
114.88.159.147 - - [18/Dec/2020:10:54:04 +0800] "GET /xingrg/all/function/internal_message.html?_=1608260055956&CODE_STATE=getMsg HTTP/1.1" 200 27
117.185.32.26 - - [18/Dec/2020:10:54:05 +0800] "GET /xingrg/all/function/internal_message.html?_=1608260037016&CODE_STATE=getMsg HTTP/1.1" 200 27
117.185.32.26 - - [18/Dec/2020:10:54:08 +0800] "POST /xingrg/kc/base/wldb_order_operate.html HTTP/1.1" 200 37
117.185.32.26 - - [18/Dec/2020:10:54:08 +0800] "POST /xingrg/kc/base/wldb_order_operate.html HTTP/1.1" 200 2690
180.174.56.115 - - [18/Dec/2020:10:54:08 +0800] "GET /xingrg/all/function/internal_message.html?_=1608260049558&CODE_STATE=getMsg HTTP/1.1" 200 27
116.232.55.224 - - [18/Dec/2020:10:54:09 +0800] "GET /xingrg/kc/buy/cgsh_order_operate.html?command=get_materiel&rest_code=00109&code=00101008026&supplier_code=00100005&order_time=2020-12-18 HTTP/1.1" 200 409
117.185.32.26 - - [18/Dec/2020:10:54:09 +0800] "GET /xingrg/kc/base/wldb_order_info.html?code=422020121801979 HTTP/1.1" 200 30522
117.184.7.26 - - [18/Dec/2020:10:54:09 +0800] "GET /xingrg/javascript/auto/indicator.gif HTTP/1.1" 404 1066
117.185.32.26 - - [18/Dec/2020:10:54:09 +0800] "GET /xingrg/javascript/easyui/themes/default/validatebox.css HTTP/1.1" 404 1104
117.185.32.26 - - [18/Dec/2020:10:54:10 +0800] "POST /xingrg/kc/base/wldb_order_operate.html HTTP/1.1" 200 2690
116.232.55.224 - - [18/Dec/2020:10:54:16 +0800] "GET /xingrg/kc/buy/cgsh_order_operate.html?command=get_materiel&rest_code=00109&code=00101008110&supplier_code=00100005&order_time=2020-12-18 HTTP/1.1" 200 408
180.162.223.42 - - [18/Dec/2020:10:54:16 +0800] "GET /xingrg/kc/buy/cgsh_order_operate.html?command=get_materiel&rest_code=00105&code=00101010088&supplier_code=00100323&order_time=2020-12-18 HTTP/1.1" 200 418
116.230.118.184 - - [18/Dec/2020:10:54:16 +0800] "GET /xingrg/all/function/internal_message.html?_=1608260056197&CODE_STATE=getMsg HTTP/1.1" 200 27
117.184.7.26 - - [18/Dec/2020:10:54:16 +0800] "GET /xingrg/kc/buy/cgsh_order_operate.html?command=get_materiel&rest_code=00108&code=00101007048&supplier_code=&order_time=2020-12-18 HTTP/1.1" 200 408
172.17.0.123 - - [18/Dec/2020:10:54:18 +0800] "GET /xingrg/all/function/internal_message.html?_=1608259973028&CODE_STATE=getMsg HTTP/1.1" 200 27
114.88.161.120 - - [18/Dec/2020:10:54:19 +0800] "GET /xingrg/kc/buy/cgsh_order_operate.html?command=get_materiel&rest_code=00111&code=00101010111&supplier_code=00100327&order_time=2020-12-18 HTTP/1.1" 200 417
222.69.136.191 - - [18/Dec/2020:10:54:21 +0800] "GET /xingrg/all/function/internal_message.html?_=1608260056077&CODE_STATE=getMsg HTTP/1.1" 200 27
116.232.55.224 - - [18/Dec/2020:10:54:21 +0800] "GET /xingrg/kc/buy/cgsh_order_operate.html?command=get_materiel&rest_code=00109&code=00101008096&supplier_code=00100005&order_time=2020-12-18 HTTP/1.1" 200 413
180.171.117.89 - - [18/Dec/2020:10:54:23 +0800] "GET /xingrg/all/function/internal_message.html?_=1608260060238&CODE_STATE=getMsg HTTP/1.1" 200 27
116.232.55.224 - - [18/Dec/2020:10:54:24 +0800] "POST /xingrg/kc/buy/cgsh_order_operate.html HTTP/1.1" 200 2065
180.162.223.42 - - [18/Dec/2020:10:54:24 +0800] "GET /xingrg/all/function/internal_message.html?_=1608260065818&CODE_STATE=getMsg HTTP/1.1" 200 27
117.184.7.26 - - [18/Dec/2020:10:54:24 +0800] "GET /xingrg/all/function/internal_message.html?_=1608260052648&CODE_STATE=getMsg HTTP/1.1" 200 27
116.230.106.194 - - [18/Dec/2020:10:54:25 +0800] "GET /xingrg/all/function/internal_message.html?_=1608260062560&CODE_STATE=getMsg HTTP/1.1" 200 27
117.185.32.26 - - [18/Dec/2020:10:54:27 +0800] "GET /xingrg/all/function/internal_message.html?_=1608260529148&CODE_STATE=getMsg HTTP/1.1" 200 27
114.88.161.120 - - [18/Dec/2020:10:54:29 +0800] "GET /xingrg/all/function/internal_message.html?_=1608260205179&CODE_STATE=getMsg HTTP/1.1" 200 27
116.228.172.94 - - [18/Dec/2020:10:54:29 +0800] "GET /xingrg/all/function/internal_message.html?_=1608260061295&CODE_STATE=getMsg HTTP/1.1" 200 27
180.162.223.42 - - [18/Dec/2020:10:54:30 +0800] "GET /xingrg/kc/buy/cgsh_order_operate.html?command=get_materiel&rest_code=00105&code=00101010063&supplier_code=00100323&order_time=2020-12-18 HTTP/1.1" 200 409
116.232.55.224 - - [18/Dec/2020:10:54:30 +0800] "GET /xingrg/kc/buy/cgsh_order_operate.html?command=get_materiel&rest_code=00109&code=00101008163&supplier_code=00100005&order_time=2020-12-18 HTTP/1.1" 200 409
101.85.93.83 - - [18/Dec/2020:10:54:32 +0800] "GET /xingrg/all/function/internal_message.html?_=1608259769235&CODE_STATE=getMsg HTTP/1.1" 200 27
172.17.0.123 - - [18/Dec/2020:10:54:34 +0800] "GET /xingrg/all/function/internal_message.html?_=1608259989311&CODE_STATE=getMsg HTTP/1.1" 200 27
172.17.0.123 - - [18/Dec/2020:10:54:34 +0800] "GET /xingrg/check_reg.html?_=1608259989313 HTTP/1.1" 200 22
172.17.0.103 - - [18/Dec/2020:10:54:34 +0800] "GET /xingrg/check_reg.html?_=1608260073114 HTTP/1.1" 200 22
180.174.56.115 - - [18/Dec/2020:10:54:35 +0800] "GET /xingrg/all/function/internal_message.html?_=1608260034054&CODE_STATE=getMsg HTTP/1.1" 200 27
116.232.55.224 - - [18/Dec/2020:10:54:36 +0800] "GET /xingrg/kc/buy/cgsh_order_operate.html?command=get_materiel&rest_code=00109&code=00101008355&supplier_code=00100005&order_time=2020-12-18 HTTP/1.1" 200 408
114.88.161.120 - - [18/Dec/2020:10:54:37 +0800] "POST /xingrg/kc/buy/cgsh_order_operate.html HTTP/1.1" 200 37
180.152.104.37 - - [18/Dec/2020:10:54:37 +0800] "GET /xingrg/all/function/internal_message.html?_=1608260076634&CODE_STATE=getMsg HTTP/1.1" 200 27
114.88.161.120 - - [18/Dec/2020:10:54:38 +0800] "POST /xingrg/kc/buy/cgsh_order_operate.html HTTP/1.1" 200 2660
172.17.200.101 - - [18/Dec/2020:10:54:40 +0800] "GET /xingrg/all/function/internal_message.html?_=1608260080607&CODE_STATE=getMsg HTTP/1.1" 200 27
114.88.161.120 - - [18/Dec/2020:10:54:40 +0800] "GET /xingrg/kc/print/load_data.html?order_code=212020121806981&kc_code=cgsh&condition= HTTP/1.1" 200 663
180.162.108.15 - - [18/Dec/2020:10:54:41 +0800] "GET /xingrg/all/function/internal_message.html?_=1608259977325&CODE_STATE=getMsg HTTP/1.1" 200 27
117.131.5.26 - - [18/Dec/2020:10:54:41 +0800] "GET /xingrg/all/function/internal_message.html?_=1608260409839&CODE_STATE=getMsg HTTP/1.1" 302 -
117.131.5.26 - - [18/Dec/2020:10:54:41 +0800] "GET /xingrg/login.html HTTP/1.1" 200 7641
114.88.161.120 - - [18/Dec/2020:10:54:42 +0800] "GET /xingrg/all/function/internal_message.html?_=1608260078621&CODE_STATE=getMsg HTTP/1.1" 302 -
222.69.133.109 - - [18/Dec/2020:10:54:43 +0800] "GET /xingrg/all/function/internal_message.html?_=1608260083115&CODE_STATE=getMsg HTTP/1.1" 200 27
180.162.223.42 - - [18/Dec/2020:10:54:44 +0800] "GET /xingrg/kc/buy/cgsh_order_operate.html?command=get_materiel&rest_code=00105&code=00101010184&supplier_code=00100323&order_time=2020-12-18 HTTP/1.1" 200 413
180.162.223.42 - - [18/Dec/2020:10:54:45 +0800] "GET /xingrg/index.html?sysBaseUrl=http%3A%2F%2F180.169.147.146%3A18081%2Fxingrg%2F&costTime=32×tamp=1585224308505 HTTP/1.1" 302 -
180.162.223.42 - - [18/Dec/2020:10:54:45 +0800] "GET /xingrg/login.html HTTP/1.1" 200 7641
116.232.55.224 - - [18/Dec/2020:10:54:46 +0800] "GET /xingrg/kc/buy/cgsh_order_operate.html?command=get_materiel&rest_code=00109&code=00101008455&supplier_code=00100005&order_time=2020-12-18 HTTP/1.1" 200 406
116.232.55.224 - - [18/Dec/2020:10:54:48 +0800] "GET /xingrg/all/function/internal_message.html?_=1608260087350&CODE_STATE=getMsg HTTP/1.1" 200 27
116.232.55.224 - - [18/Dec/2020:10:54:48 +0800] "GET /xingrg/check_reg.html?_=1608260087353 HTTP/1.1" 200 22
114.88.161.120 - - [18/Dec/2020:10:54:48 +0800] "GET /xingrg/kc/buy/cgsh_order_add.html HTTP/1.1" 200 60902
180.162.223.42 - - [18/Dec/2020:10:54:48 +0800] "GET /favicon.ico HTTP/1.1" 404 -
114.88.161.120 - - [18/Dec/2020:10:54:49 +0800] "GET /xingrg/javascript/easyui/themes/default/validatebox.css HTTP/1.1" 404 1104
114.88.161.120 - - [18/Dec/2020:10:54:49 +0800] "POST /xingrg/kc/buy/cgsh_order_operate.html HTTP/1.1" 200 8245
172.17.0.120 - - [18/Dec/2020:10:54:49 +0800] "GET /xingrg/all/function/internal_message.html?_=1608260086377&CODE_STATE=getMsg HTTP/1.1" 200 27
172.17.0.103 - - [18/Dec/2020:10:54:50 +0800] "GET /xingrg/all/function/internal_message.html?_=1608260088729&CODE_STATE=getMsg HTTP/1.1" 200 27
180.162.223.42 - - [18/Dec/2020:10:54:51 +0800] "GET /xingrg/kc/buy/cgsh_order_operate.html?command=get_materiel&rest_code=00105&code=00101008025&supplier_code=00100323&order_time=2020-12-18 HTTP/1.1" 200 409
116.232.55.224 - - [18/Dec/2020:10:54:54 +0800] "GET /xingrg/kc/buy/cgsh_order_operate.html?command=get_materiel&rest_code=00109&code=00101015056&supplier_code=00100005&order_time=2020-12-18 HTTP/1.1" 200 412
117.131.5.26 - - [18/Dec/2020:10:54:58 +0800] "GET /xingrg/all/function/internal_message.html?_=1608260137606&CODE_STATE=getMsg HTTP/1.1" 200 27
116.232.55.224 - - [18/Dec/2020:10:54:58 +0800] "GET /xingrg/kc/buy/cgsh_order_operate.html?command=get_materiel&rest_code=00109&code=00101008264&supplier_code=00100005&order_time=2020-12-18 HTTP/1.1" 200 412
117.185.32.26 - - [18/Dec/2020:10:55:00 +0800] "GET /xingrg/kc/buy/cgsh_order_operate.html?command=get_materiel&rest_code=00106&code=00101008323&supplier_code=00100007&order_time=2020-12-18 HTTP/1.1" 200 408
180.162.223.42 - - [18/Dec/2020:10:55:02 +0800] "GET /xingrg/kc/buy/cgsh_order_operate.html?command=get_materiel&rest_code=00105&code=00101008187&supplier_code=00100323&order_time=2020-12-18 HTTP/1.1" 200 432
114.88.159.147 - - [18/Dec/2020:10:55:04 +0800] "GET /xingrg/all/function/internal_message.html?_=1608260115934&CODE_STATE=getMsg HTTP/1.1" 200 27
116.232.55.224 - - [18/Dec/2020:10:55:04 +0800] "GET /xingrg/kc/buy/cgsh_order_operate.html?command=get_materiel&rest_code=00109&code=00101008362&supplier_code=00100005&order_time=2020-12-18 HTTP/1.1" 200 408
117.185.32.26 - - [18/Dec/2020:10:55:05 +0800] "GET /xingrg/all/function/internal_message.html?_=1608260096958&CODE_STATE=getMsg HTTP/1.1" 200 27
117.185.32.26 - - [18/Dec/2020:10:55:05 +0800] "GET /xingrg/check_reg.html?_=1608260097230 HTTP/1.1" 200 22
180.174.56.115 - - [18/Dec/2020:10:55:08 +0800] "GET /xingrg/all/function/internal_message.html?_=1608260109558&CODE_STATE=getMsg HTTP/1.1" 200 27
180.162.223.42 - - [18/Dec/2020:10:55:09 +0800] "GET /xingrg/kc/buy/cgsh_order_operate.html?command=get_materiel&rest_code=00105&code=00101012010&supplier_code=00100323&order_time=2020-12-18 HTTP/1.1" 200 409
180.162.223.42 - - [18/Dec/2020:10:55:09 +0800] "GET /xingrg/index.html?sysBaseUrl=http%3A%2F%2F180.169.147.146%3A18081%2Fxingrg%2F&costTime=32×tamp=1585224308505 HTTP/1.1" 302 -
180.162.223.42 - - [18/Dec/2020:10:55:09 +0800] "GET /xingrg/login.html HTTP/1.1" 200 7641
180.162.223.42 - - [18/Dec/2020:10:55:10 +0800] "GET /favicon.ico HTTP/1.1" 404 -
114.88.161.120 - - [18/Dec/2020:10:55:12 +0800] "GET /xingrg/kc/buy/cgsh_order_operate.html?command=get_materiel&rest_code=00111&code=00101007111&supplier_code=00100326&order_time=2020-12-18 HTTP/1.1" 200 417
116.230.118.184 - - [18/Dec/2020:10:55:16 +0800] "GET /xingrg/all/function/internal_message.html?_=1608260116208&CODE_STATE=getMsg HTTP/1.1" 200 27
172.17.0.123 - - [18/Dec/2020:10:55:18 +0800] "GET /xingrg/all/function/internal_message.html?_=1608260033032&CODE_STATE=getMsg HTTP/1.1" 200 27
180.162.223.42 - - [18/Dec/2020:10:55:20 +0800] "GET /xingrg/kc/buy/cgsh_order_operate.html?command=get_materiel&rest_code=00105&code=00101020113&supplier_code=00100323&order_time=2020-12-18 HTTP/1.1" 200 409
222.69.136.191 - - [18/Dec/2020:10:55:21 +0800] "GET /xingrg/all/function/internal_message.html?_=1608260116060&CODE_STATE=getMsg HTTP/1.1" 200 27
180.162.223.42 - - [18/Dec/2020:10:55:22 +0800] "POST /xingrg/login.do HTTP/1.1" 302 -
180.162.223.42 - - [18/Dec/2020:10:55:22 +0800] "GET /xingrg/index.html?sysBaseUrl=http%3A%2F%2F180.169.147.146%3A18081%2Fxingrg%2F&costTime=38×tamp=1608260122046 HTTP/1.1" 200 17173
180.162.223.42 - - [18/Dec/2020:10:55:22 +0800] "GET /favicon.ico HTTP/1.1" 404 -
180.162.223.42 - - [18/Dec/2020:10:55:23 +0800] "POST /xingrg/all/common/load_tree.html?tree=area_rest_tree_json&manage=1 HTTP/1.1" 200 342
180.171.117.89 - - [18/Dec/2020:10:55:23 +0800] "GET /xingrg/all/function/internal_message.html?_=1608260120236&CODE_STATE=getMsg HTTP/1.1" 200 27
180.162.223.42 - - [18/Dec/2020:10:55:23 +0800] "GET /xingrg/all/function/internal_message.html?_=1608260103099&CODE_STATE=count HTTP/1.1" 200 11
180.162.223.42 - - [18/Dec/2020:10:55:23 +0800] "GET /xingrg/check_reg.html?_=1608260103100 HTTP/1.1" 200 22
101.89.29.78 - - [18/Dec/2020:10:55:23 +0800] "GET /xingrg/all/function/internal_message.html?_=1608259516176&CODE_STATE=getMsg HTTP/1.1" 302 -
180.162.223.42 - - [18/Dec/2020:10:55:23 +0800] "POST /xingrg/load_menu.html HTTP/1.1" 200 5138
180.162.223.42 - - [18/Dec/2020:10:55:24 +0800] "GET /xingrg/all/function/internal_message.html?_=1608260125830&CODE_STATE=getMsg HTTP/1.1" 200 27
117.184.7.26 - - [18/Dec/2020:10:55:24 +0800] "GET /xingrg/all/function/internal_message.html?_=1608260112644&CODE_STATE=getMsg HTTP/1.1" 200 27
116.232.55.224 - - [18/Dec/2020:10:55:25 +0800] "POST /xingrg/kc/buy/cgsh_order_operate.html HTTP/1.1" 200 2065
116.230.106.194 - - [18/Dec/2020:10:55:25 +0800] "GET /xingrg/all/function/internal_message.html?_=1608260122552&CODE_STATE=getMsg HTTP/1.1" 200 27
114.88.161.120 - - [18/Dec/2020:10:55:26 +0800] "GET /xingrg/kc/buy/cgsh_order_operate.html?command=get_materiel&rest_code=00111&code=00101010501&supplier_code=00100326&order_time=2020-12-18 HTTP/1.1" 200 396
180.162.223.42 - - [18/Dec/2020:10:55:26 +0800] "GET /xingrg/kc/buy/cgsh_order_operate.html?command=get_materiel&rest_code=00105&code=00101004017&supplier_code=00100323&order_time=2020-12-18 HTTP/1.1" 200 413
117.185.32.26 - - [18/Dec/2020:10:55:27 +0800] "GET /xingrg/all/function/internal_message.html?_=1608260589150&CODE_STATE=getMsg HTTP/1.1" 200 27
101.89.29.78 - - [18/Dec/2020:10:55:28 +0800] "GET /xingrg/login.html HTTP/1.1" 200 7641
114.88.161.120 - - [18/Dec/2020:10:55:29 +0800] "GET /xingrg/check_reg.html?_=1608260265210 HTTP/1.1" 200 22
114.88.161.120 - - [18/Dec/2020:10:55:29 +0800] "GET /xingrg/all/function/internal_message.html?_=1608260265211&CODE_STATE=getMsg HTTP/1.1" 200 27
116.232.55.224 - - [18/Dec/2020:10:55:29 +0800] "GET /xingrg/kc/buy/cgsh_order_operate.html?command=get_materiel&rest_code=00109&code=00101008360&supplier_code=00100005&order_time=2020-12-18 HTTP/1.1" 200 413
116.228.172.94 - - [18/Dec/2020:10:55:29 +0800] "GET /xingrg/all/function/internal_message.html?_=1608260121285&CODE_STATE=getMsg HTTP/1.1" 200 27
101.85.93.83 - - [18/Dec/2020:10:55:32 +0800] "GET /xingrg/all/function/internal_message.html?_=1608259829229&CODE_STATE=getMsg HTTP/1.1" 200 27
172.17.0.123 - - [18/Dec/2020:10:55:34 +0800] "GET /xingrg/all/function/internal_message.html?_=1608260049314&CODE_STATE=getMsg HTTP/1.1" 200 27
180.174.56.115 - - [18/Dec/2020:10:55:36 +0800] "GET /xingrg/all/function/internal_message.html?_=1608260094068&CODE_STATE=getMsg HTTP/1.1" 200 27
180.162.223.42 - - [18/Dec/2020:10:55:36 +0800] "POST /xingrg/kc/buy/cgsh_order_operate.html HTTP/1.1" 200 37
116.232.55.224 - - [18/Dec/2020:10:55:36 +0800] "GET /xingrg/kc/buy/cgsh_order_operate.html?command=get_materiel&rest_code=00109&code=00101008270&supplier_code=00100005&order_time=2020-12-18 HTTP/1.1" 200 412
180.162.223.42 - - [18/Dec/2020:10:55:36 +0800] "POST /xingrg/kc/buy/cgsh_order_operate.html HTTP/1.1" 200 7388
180.152.104.37 - - [18/Dec/2020:10:55:37 +0800] "GET /xingrg/all/function/internal_message.html?_=1608260136660&CODE_STATE=getMsg HTTP/1.1" 200 27
180.162.223.42 - - [18/Dec/2020:10:55:37 +0800] "GET /xingrg/kc/print/load_data.html?order_code=212020121806982&kc_code=cgsh&condition= HTTP/1.1" 200 2469
172.17.200.101 - - [18/Dec/2020:10:55:40 +0800] "GET /xingrg/all/function/internal_message.html?_=1608260140607&CODE_STATE=getMsg HTTP/1.1" 200 27
180.162.108.15 - - [18/Dec/2020:10:55:41 +0800] "GET /xingrg/all/function/internal_message.html?_=1608260037310&CODE_STATE=getMsg HTTP/1.1" 200 27
117.131.5.26 - - [18/Dec/2020:10:55:41 +0800] "GET /xingrg/all/function/internal_message.html?_=1608260469855&CODE_STATE=getMsg HTTP/1.1" 302 -
117.131.5.26 - - [18/Dec/2020:10:55:41 +0800] "GET /xingrg/login.html HTTP/1.1" 200 7641
114.88.161.120 - - [18/Dec/2020:10:55:42 +0800] "GET /xingrg/all/function/internal_message.html?_=1608260138634&CODE_STATE=getMsg HTTP/1.1" 302 -
222.69.133.109 - - [18/Dec/2020:10:55:43 +0800] "GET /xingrg/all/function/internal_message.html?_=1608260143115&CODE_STATE=getMsg HTTP/1.1" 200 27
180.162.223.42 - - [18/Dec/2020:10:55:46 +0800] "GET /xingrg/kc/base/base_main.html HTTP/1.1" 200 12142
116.232.55.224 - - [18/Dec/2020:10:55:47 +0800] "GET /xingrg/kc/buy/cgsh_order_operate.html?command=get_materiel&rest_code=00109&code=00101008136&supplier_code=00100005&order_time=2020-12-18 HTTP/1.1" 200 413
180.162.223.42 - - [18/Dec/2020:10:55:48 +0800] "GET /xingrg/kc/base/wldb_order_list.html HTTP/1.1" 200 19339
116.232.55.224 - - [18/Dec/2020:10:55:48 +0800] "GET /xingrg/all/function/internal_message.html?_=1608260147352&CODE_STATE=getMsg HTTP/1.1" 200 27
172.17.0.120 - - [18/Dec/2020:10:55:49 +0800] "GET /xingrg/all/function/internal_message.html?_=1608260146376&CODE_STATE=getMsg HTTP/1.1" 200 27
114.88.161.120 - - [18/Dec/2020:10:55:50 +0800] "GET /xingrg/kc/buy/cgsh_order_operate.html?command=get_materiel&rest_code=00111&code=00101006164&supplier_code=00100326&order_time=2020-12-18 HTTP/1.1" 200 415
58.40.7.146 - - [18/Dec/2020:10:55:50 +0800] "GET /xingrg/check_reg.html?_=1608260147227 HTTP/1.1" 302 -
172.17.0.103 - - [18/Dec/2020:10:55:50 +0800] "GET /xingrg/all/function/internal_message.html?_=1608260148709&CODE_STATE=getMsg HTTP/1.1" 200 27
180.162.223.42 - - [18/Dec/2020:10:55:50 +0800] "POST /xingrg/kc/base/wldb_list_operate.html HTTP/1.1" 200 928
180.162.223.42 - - [18/Dec/2020:10:55:53 +0800] "GET /xingrg/kc/base/wldb_order_add.html HTTP/1.1" 200 30508
180.162.223.42 - - [18/Dec/2020:10:55:54 +0800] "GET /xingrg/words/20201216152930_words.js HTTP/1.1" 304 -
180.162.223.42 - - [18/Dec/2020:10:55:54 +0800] "POST /xingrg/kc/base/wldb_order_operate.html HTTP/1.1" 200 6806
180.162.223.42 - - [18/Dec/2020:10:55:54 +0800] "GET /xingrg/all/common/auto_word.html?type=base&rest_code=00105 HTTP/1.1" 200 1811
180.162.223.42 - - [18/Dec/2020:10:55:54 +0800] "GET /xingrg/all/common/auto_word.html?type=base&rest_code=00105 HTTP/1.1" 200 1811
180.162.223.42 - - [18/Dec/2020:10:55:54 +0800] "GET /xingrg/javascript/easyui/themes/default/validatebox.css HTTP/1.1" 404 1104
180.162.223.42 - - [18/Dec/2020:10:55:56 +0800] "POST /xingrg/all/common/load_combo.html?type=base HTTP/1.1" 200 3236
117.131.5.26 - - [18/Dec/2020:10:55:58 +0800] "GET /xingrg/all/function/internal_message.html?_=1608260197604&CODE_STATE=getMsg HTTP/1.1" 200 27
180.162.223.42 - - [18/Dec/2020:10:56:00 +0800] "POST /xingrg/all/common/load_combo.html?type=base HTTP/1.1" 200 3236
114.88.161.120 - - [18/Dec/2020:10:56:03 +0800] "POST /xingrg/kc/buy/cgsh_order_operate.html HTTP/1.1" 200 37
114.88.159.147 - - [18/Dec/2020:10:56:03 +0800] "GET /xingrg/check_reg.html?_=1608260175566 HTTP/1.1" 200 22
114.88.159.147 - - [18/Dec/2020:10:56:04 +0800] "GET /xingrg/all/function/internal_message.html?_=1608260175914&CODE_STATE=getMsg HTTP/1.1" 200 27
114.88.161.120 - - [18/Dec/2020:10:56:04 +0800] "POST /xingrg/kc/buy/cgsh_order_operate.html HTTP/1.1" 200 3844
117.185.32.26 - - [18/Dec/2020:10:56:04 +0800] "GET /xingrg/kc/buy/cgsh_order_operate.html?command=get_materiel&rest_code=00106&code=00101008302&supplier_code=00100007&order_time=2020-12-18 HTTP/1.1" 200 412
117.185.32.26 - - [18/Dec/2020:10:56:05 +0800] "GET /xingrg/all/function/internal_message.html?_=1608260156891&CODE_STATE=getMsg HTTP/1.1" 200 27
114.88.161.120 - - [18/Dec/2020:10:56:06 +0800] "GET /xingrg/kc/print/load_data.html?order_code=212020121806983&kc_code=cgsh&condition= HTTP/1.1" 200 1130
180.174.56.115 - - [18/Dec/2020:10:56:08 +0800] "GET /xingrg/all/function/internal_message.html?_=1608260169564&CODE_STATE=getMsg HTTP/1.1" 200 27
180.162.223.42 - - [18/Dec/2020:10:56:12 +0800] "GET /xingrg/javascript/auto/indicator.gif HTTP/1.1" 404 1066
116.230.118.184 - - [18/Dec/2020:10:56:14 +0800] "GET /xingrg/check_reg.html?_=1608260174385 HTTP/1.1" 200 22
116.230.118.184 - - [18/Dec/2020:10:56:16 +0800] "GET /xingrg/all/function/internal_message.html?_=1608260176223&CODE_STATE=getMsg HTTP/1.1" 200 27
172.17.0.123 - - [18/Dec/2020:10:56:18 +0800] "GET /xingrg/all/function/internal_message.html?_=1608260093034&CODE_STATE=getMsg HTTP/1.1" 200 27
114.88.161.120 - - [18/Dec/2020:10:56:20 +0800] "GET /xingrg/kc/buy/cgsh_order_add.html HTTP/1.1" 200 60902
114.88.161.120 - - [18/Dec/2020:10:56:20 +0800] "GET /xingrg/javascript/easyui/themes/default/validatebox.css HTTP/1.1" 404 1104
114.88.161.120 - - [18/Dec/2020:10:56:20 +0800] "POST /xingrg/kc/buy/cgsh_order_operate.html HTTP/1.1" 200 8245
180.162.223.42 - - [18/Dec/2020:10:56:21 +0800] "GET /xingrg/kc/base/wldb_order_operate.html?command=get_materiel&rest_code=00105&base_code=0010507&code=00101016037 HTTP/1.1" 200 452
