114.88.161.120 - - [18/Dec/2020:11:03:29 +0800] "GET /xingrg/all/function/internal_message.html?_=1608260745181&CODE_STATE=getMsg HTTP/1.1" 200 27
180.162.223.42 - - [18/Dec/2020:11:03:31 +0800] "GET /xingrg/kc/base/wldb_order_operate.html?command=get_materiel&rest_code=00105&base_code=0010507&code=00101019133 HTTP/1.1" 200 464
101.85.93.83 - - [18/Dec/2020:11:03:32 +0800] "GET /xingrg/all/function/internal_message.html?_=1608260309234&CODE_STATE=getMsg HTTP/1.1" 200 27
172.17.0.123 - - [18/Dec/2020:11:03:34 +0800] "GET /xingrg/all/function/internal_message.html?_=1608260529305&CODE_STATE=getMsg HTTP/1.1" 200 27
117.131.5.26 - - [18/Dec/2020:11:03:34 +0800] "POST /xingrg/kc/buy/cgsh_list_operate.html HTTP/1.1" 200 2096
120.253.135.82 - - [18/Dec/2020:11:03:35 +0800] "POST /xingrg/kc/pszx/mdps_order_operate.html HTTP/1.1" 200 37
180.174.56.115 - - [18/Dec/2020:11:03:35 +0800] "GET /xingrg/check_reg.html?_=1608260573328 HTTP/1.1" 200 22
180.174.56.115 - - [18/Dec/2020:11:03:36 +0800] "GET /xingrg/all/function/internal_message.html?_=1608260574191&CODE_STATE=getMsg HTTP/1.1" 200 27
116.232.55.224 - - [18/Dec/2020:11:03:36 +0800] "GET /xingrg/kc/buy/cgsh_order_operate.html?command=get_materiel&rest_code=00109&code=00101008006&supplier_code=00100005&order_time=2020-12-18 HTTP/1.1" 200 416
180.162.223.42 - - [18/Dec/2020:11:03:36 +0800] "POST /xingrg/kc/base/wldb_order_operate.html HTTP/1.1" 200 37
180.162.223.42 - - [18/Dec/2020:11:03:37 +0800] "POST /xingrg/kc/base/wldb_order_operate.html HTTP/1.1" 200 3164
180.162.223.42 - - [18/Dec/2020:11:03:37 +0800] "GET /xingrg/kc/base/wldb_order_info.html?code=422020121801986 HTTP/1.1" 200 30522
180.152.104.37 - - [18/Dec/2020:11:03:37 +0800] "GET /xingrg/all/function/internal_message.html?_=1608260616816&CODE_STATE=getMsg HTTP/1.1" 200 27
180.162.223.42 - - [18/Dec/2020:11:03:38 +0800] "GET /xingrg/javascript/easyui/themes/default/validatebox.css HTTP/1.1" 404 1104
180.162.223.42 - - [18/Dec/2020:11:03:38 +0800] "POST /xingrg/kc/base/wldb_order_operate.html HTTP/1.1" 200 3164
120.253.135.82 - - [18/Dec/2020:11:03:38 +0800] "GET /xingrg/kc/pszx/mdps_order_info.html?code=312020121000224 HTTP/1.1" 200 23887
116.232.55.224 - - [18/Dec/2020:11:03:38 +0800] "POST /xingrg/kc/buy/cgsh_order_operate.html HTTP/1.1" 200 2065
120.253.135.82 - - [18/Dec/2020:11:03:39 +0800] "POST /xingrg/kc/pszx/mdps_order_operate.html HTTP/1.1" 200 2283
120.253.135.82 - - [18/Dec/2020:11:03:39 +0800] "GET /xingrg/javascript/easyui/themes/default/validatebox.css HTTP/1.1" 404 1104
101.89.239.230 - - [18/Dec/2020:11:03:40 +0800] "GET /xingrg/all/function/internal_message.html?_=1608259996016&CODE_STATE=getMsg HTTP/1.1" 302 -
180.162.223.42 - - [18/Dec/2020:11:03:40 +0800] "GET /xingrg/kc/base/wldb_order_list.html HTTP/1.1" 200 19339
180.162.108.15 - - [18/Dec/2020:11:03:41 +0800] "GET /xingrg/all/function/internal_message.html?_=1608260517154&CODE_STATE=getMsg HTTP/1.1" 200 27
180.162.223.42 - - [18/Dec/2020:11:03:41 +0800] "POST /xingrg/kc/base/wldb_list_operate.html HTTP/1.1" 200 3346
114.88.161.120 - - [18/Dec/2020:11:03:42 +0800] "GET /xingrg/check_reg.html?_=1608260618067 HTTP/1.1" 302 -
117.131.5.26 - - [18/Dec/2020:11:03:42 +0800] "GET /xingrg/all/function/internal_message.html?_=1608260950125&CODE_STATE=getMsg HTTP/1.1" 302 -
117.131.5.26 - - [18/Dec/2020:11:03:42 +0800] "GET /xingrg/login.html HTTP/1.1" 200 7641
180.162.223.42 - - [18/Dec/2020:11:03:42 +0800] "GET /xingrg/kc/base/wldb_order_add.html HTTP/1.1" 200 30508
180.162.223.42 - - [18/Dec/2020:11:03:42 +0800] "POST /xingrg/kc/base/wldb_order_operate.html HTTP/1.1" 200 6806
180.162.223.42 - - [18/Dec/2020:11:03:42 +0800] "GET /xingrg/all/common/auto_word.html?type=base&rest_code=00105 HTTP/1.1" 200 1811
180.162.223.42 - - [18/Dec/2020:11:03:42 +0800] "GET /xingrg/all/common/auto_word.html?type=base&rest_code=00105 HTTP/1.1" 200 1811
180.162.223.42 - - [18/Dec/2020:11:03:42 +0800] "GET /xingrg/javascript/easyui/themes/default/validatebox.css HTTP/1.1" 404 1104
114.88.161.120 - - [18/Dec/2020:11:03:42 +0800] "GET /xingrg/all/function/internal_message.html?_=1608260618818&CODE_STATE=getMsg HTTP/1.1" 302 -
116.232.55.224 - - [18/Dec/2020:11:03:43 +0800] "GET /xingrg/kc/buy/cgsh_order_operate.html?command=get_materiel&rest_code=00109&code=00101006055&supplier_code=00100005&order_time=2020-12-18 HTTP/1.1" 200 409
180.162.223.42 - - [18/Dec/2020:11:03:43 +0800] "POST /xingrg/all/common/load_combo.html?type=base HTTP/1.1" 200 3236
222.69.133.109 - - [18/Dec/2020:11:03:43 +0800] "GET /xingrg/all/function/internal_message.html?_=1608260623141&CODE_STATE=getMsg HTTP/1.1" 200 27
116.232.55.224 - - [18/Dec/2020:11:03:46 +0800] "GET /xingrg/kc/buy/cgsh_order_operate.html?command=get_materiel&rest_code=00109&code=00101008131&supplier_code=00100005&order_time=2020-12-18 HTTP/1.1" 200 408
114.88.161.120 - - [18/Dec/2020:11:03:46 +0800] "GET /xingrg/kc/buy/cgsh_order_operate.html?command=get_materiel&rest_code=00111&code=00101004023&supplier_code=00100312&order_time=2020-12-18 HTTP/1.1" 200 409
116.232.55.224 - - [18/Dec/2020:11:03:48 +0800] "GET /xingrg/all/function/internal_message.html?_=1608260627379&CODE_STATE=getMsg HTTP/1.1" 200 27
120.253.135.82 - - [18/Dec/2020:11:03:48 +0800] "GET /xingrg/all/function/internal_message.html?_=1608260378785&CODE_STATE=getMsg HTTP/1.1" 200 27
116.228.172.94 - - [18/Dec/2020:11:03:49 +0800] "GET /xingrg/check_reg.html?_=1608260620591 HTTP/1.1" 200 22
116.228.172.94 - - [18/Dec/2020:11:03:49 +0800] "GET /xingrg/all/function/internal_message.html?_=1608260620645&CODE_STATE=getMsg HTTP/1.1" 200 27
172.17.0.120 - - [18/Dec/2020:11:03:49 +0800] "GET /xingrg/check_reg.html?_=1608260626387 HTTP/1.1" 200 22
172.17.0.120 - - [18/Dec/2020:11:03:49 +0800] "GET /xingrg/all/function/internal_message.html?_=1608260626390&CODE_STATE=getMsg HTTP/1.1" 200 27
101.89.239.230 - - [18/Dec/2020:11:03:50 +0800] "GET /xingrg/login.html HTTP/1.1" 200 7641
172.17.0.103 - - [18/Dec/2020:11:03:50 +0800] "GET /xingrg/all/function/internal_message.html?_=1608260628577&CODE_STATE=getMsg HTTP/1.1" 200 27
116.232.55.224 - - [18/Dec/2020:11:03:51 +0800] "GET /xingrg/kc/buy/cgsh_order_operate.html?command=get_materiel&rest_code=00109&code=00101008296&supplier_code=00100005&order_time=2020-12-18 HTTP/1.1" 200 416
180.162.223.42 - - [18/Dec/2020:11:03:54 +0800] "GET /xingrg/kc/base/wldb_order_operate.html?command=get_materiel&rest_code=00105&base_code=0010508&code=00102002082 HTTP/1.1" 200 440
180.162.223.42 - - [18/Dec/2020:11:03:54 +0800] "GET /xingrg/kc/base/wldb_order_add.html HTTP/1.1" 200 30508
180.162.223.42 - - [18/Dec/2020:11:03:54 +0800] "POST /xingrg/kc/base/wldb_order_operate.html HTTP/1.1" 200 6806
180.162.223.42 - - [18/Dec/2020:11:03:54 +0800] "GET /xingrg/javascript/easyui/themes/default/validatebox.css HTTP/1.1" 404 1104
180.162.223.42 - - [18/Dec/2020:11:03:56 +0800] "POST /xingrg/all/common/load_combo.html?type=base HTTP/1.1" 200 3236
172.17.200.101 - - [18/Dec/2020:11:03:56 +0800] "GET /xingrg/all/function/internal_message.html?_=1608260636792&CODE_STATE=getMsg HTTP/1.1" 200 27
116.232.55.224 - - [18/Dec/2020:11:03:57 +0800] "GET /xingrg/kc/buy/cgsh_order_operate.html?command=get_materiel&rest_code=00109&code=00101008098&supplier_code=00100005&order_time=2020-12-18 HTTP/1.1" 200 412
61.129.6.225 - - [18/Dec/2020:11:03:57 +0800] "GET /xingrg/kc/buy/cgsh_order_operate.html?command=get_materiel&rest_code=00141&code=00101007083&supplier_code=00100004&order_time=2020-12-18 HTTP/1.1" 302 -
117.131.5.26 - - [18/Dec/2020:11:03:58 +0800] "GET /xingrg/all/function/internal_message.html?_=1608260677625&CODE_STATE=getMsg HTTP/1.1" 200 27
180.162.223.42 - - [18/Dec/2020:11:03:58 +0800] "POST /xingrg/all/common/load_combo.html?type=base HTTP/1.1" 200 3236
120.253.135.82 - - [18/Dec/2020:11:04:00 +0800] "POST /xingrg/kc/pszx/mdps_order_operate.html HTTP/1.1" 200 37
120.253.135.82 - - [18/Dec/2020:11:04:01 +0800] "GET /xingrg/kc/pszx/mdps_order_info.html?code=312020121000224 HTTP/1.1" 200 23893
120.253.135.82 - - [18/Dec/2020:11:04:01 +0800] "GET /xingrg/javascript/easyui/themes/default/validatebox.css HTTP/1.1" 404 1104
120.253.135.82 - - [18/Dec/2020:11:04:01 +0800] "POST /xingrg/kc/pszx/mdps_order_operate.html HTTP/1.1" 200 2283
61.129.6.225 - - [18/Dec/2020:11:04:01 +0800] "GET /xingrg/login.html HTTP/1.1" 200 7641
116.232.55.224 - - [18/Dec/2020:11:04:02 +0800] "GET /xingrg/kc/buy/cgsh_order_operate.html?command=get_materiel&rest_code=00109&code=00101008353&supplier_code=00100005&order_time=2020-12-18 HTTP/1.1" 200 408
114.88.159.147 - - [18/Dec/2020:11:04:04 +0800] "GET /xingrg/all/function/internal_message.html?_=1608260655737&CODE_STATE=getMsg HTTP/1.1" 200 27
117.185.32.26 - - [18/Dec/2020:11:04:05 +0800] "GET /xingrg/all/function/internal_message.html?_=1608260636758&CODE_STATE=getMsg HTTP/1.1" 200 27
116.232.55.224 - - [18/Dec/2020:11:04:07 +0800] "GET /xingrg/kc/buy/cgsh_order_operate.html?command=get_materiel&rest_code=00109&code=00101008213&supplier_code=00100005&order_time=2020-12-18 HTTP/1.1" 200 412
180.162.223.42 - - [18/Dec/2020:11:04:07 +0800] "GET /xingrg/kc/base/wldb_order_operate.html?command=get_materiel&rest_code=00105&base_code=0010508&code=00102002258 HTTP/1.1" 200 433
180.152.104.37 - - [18/Dec/2020:11:04:08 +0800] "POST /xingrg/services/DataTransmitService HTTP/1.1" 200 524
180.174.56.115 - - [18/Dec/2020:11:04:08 +0800] "GET /xingrg/all/function/internal_message.html?_=1608260649582&CODE_STATE=getMsg HTTP/1.1" 200 27
180.152.104.37 - - [18/Dec/2020:11:04:09 +0800] "POST /xingrg/services/DataTransmitService HTTP/1.1" 200 412
180.162.223.42 - - [18/Dec/2020:11:04:13 +0800] "GET /xingrg/kc/base/wldb_order_operate.html?command=get_materiel&rest_code=00105&base_code=0010508&code=00102002439 HTTP/1.1" 200 458
114.88.161.120 - - [18/Dec/2020:11:04:13 +0800] "POST /xingrg/kc/buy/cgsh_order_operate.html HTTP/1.1" 200 37
114.88.161.120 - - [18/Dec/2020:11:04:15 +0800] "POST /xingrg/kc/buy/cgsh_order_operate.html HTTP/1.1" 200 5036
114.88.161.120 - - [18/Dec/2020:11:04:16 +0800] "GET /xingrg/kc/print/load_data.html?order_code=212020121806992&kc_code=cgsh&condition= HTTP/1.1" 200 1591
116.230.118.184 - - [18/Dec/2020:11:04:17 +0800] "GET /xingrg/all/function/internal_message.html?_=1608260656785&CODE_STATE=getMsg HTTP/1.1" 200 27
172.17.0.123 - - [18/Dec/2020:11:04:18 +0800] "GET /xingrg/all/function/internal_message.html?_=1608260573032&CODE_STATE=getMsg HTTP/1.1" 200 27
180.162.223.42 - - [18/Dec/2020:11:04:18 +0800] "POST /xingrg/kc/base/wldb_order_operate.html HTTP/1.1" 200 37
180.162.223.42 - - [18/Dec/2020:11:04:18 +0800] "POST /xingrg/kc/base/wldb_order_operate.html HTTP/1.1" 200 3183
222.69.136.191 - - [18/Dec/2020:11:04:21 +0800] "GET /xingrg/all/function/internal_message.html?_=1608260655875&CODE_STATE=getMsg HTTP/1.1" 200 27
116.232.55.224 - - [18/Dec/2020:11:04:22 +0800] "POST /xingrg/kc/buy/cgsh_order_operate.html HTTP/1.1" 200 37
114.88.161.120 - - [18/Dec/2020:11:04:23 +0800] "GET /xingrg/kc/buy/cgsh_order_add.html HTTP/1.1" 200 60902
114.88.161.120 - - [18/Dec/2020:11:04:23 +0800] "POST /xingrg/kc/buy/cgsh_order_operate.html HTTP/1.1" 200 8245
114.88.161.120 - - [18/Dec/2020:11:04:23 +0800] "GET /xingrg/javascript/easyui/themes/default/validatebox.css HTTP/1.1" 404 1104
180.171.117.89 - - [18/Dec/2020:11:04:23 +0800] "GET /xingrg/all/function/internal_message.html?_=1608260660234&CODE_STATE=getMsg HTTP/1.1" 200 27
180.162.223.42 - - [18/Dec/2020:11:04:23 +0800] "GET /xingrg/all/function/internal_message.html?_=1608260643134&CODE_STATE=getMsg HTTP/1.1" 200 27
180.162.223.42 - - [18/Dec/2020:11:04:24 +0800] "GET /xingrg/kc/base/wldb_order_info.html?code=422020121801987 HTTP/1.1" 200 30522
117.184.7.26 - - [18/Dec/2020:11:04:24 +0800] "GET /xingrg/all/function/internal_message.html?_=1608260652648&CODE_STATE=getMsg HTTP/1.1" 200 27
180.162.223.42 - - [18/Dec/2020:11:04:25 +0800] "GET /xingrg/javascript/easyui/themes/default/validatebox.css HTTP/1.1" 404 1104
180.162.223.42 - - [18/Dec/2020:11:04:25 +0800] "POST /xingrg/kc/base/wldb_order_operate.html HTTP/1.1" 200 3183
116.230.106.194 - - [18/Dec/2020:11:04:25 +0800] "GET /xingrg/all/function/internal_message.html?_=1608260662563&CODE_STATE=getMsg HTTP/1.1" 200 27
180.162.223.42 - - [18/Dec/2020:11:04:26 +0800] "GET /xingrg/kc/base/wldb_order_add.html HTTP/1.1" 200 30508
180.162.223.42 - - [18/Dec/2020:11:04:27 +0800] "POST /xingrg/kc/base/wldb_order_operate.html HTTP/1.1" 200 6806
180.162.223.42 - - [18/Dec/2020:11:04:27 +0800] "GET /xingrg/javascript/easyui/themes/default/validatebox.css HTTP/1.1" 404 1104
117.185.32.26 - - [18/Dec/2020:11:04:27 +0800] "GET /xingrg/all/function/internal_message.html?_=1608261129173&CODE_STATE=getMsg HTTP/1.1" 200 27
180.162.223.42 - - [18/Dec/2020:11:04:27 +0800] "POST /xingrg/all/common/load_combo.html?type=base HTTP/1.1" 200 3236
114.88.161.120 - - [18/Dec/2020:11:04:29 +0800] "GET /xingrg/all/function/internal_message.html?_=1608260805211&CODE_STATE=getMsg HTTP/1.1" 200 27
180.162.223.42 - - [18/Dec/2020:11:04:29 +0800] "GET /xingrg/kc/base/wldb_order_operate.html?command=get_materiel&rest_code=00105&base_code=0010507&code=00101019258 HTTP/1.1" 200 469
120.253.135.82 - - [18/Dec/2020:11:04:32 +0800] "POST /xingrg/kc/pszx/mdps_order_operate.html HTTP/1.1" 200 37
101.85.93.83 - - [18/Dec/2020:11:04:32 +0800] "GET /xingrg/all/function/internal_message.html?_=1608260369233&CODE_STATE=getMsg HTTP/1.1" 200 27
120.253.135.82 - - [18/Dec/2020:11:04:33 +0800] "GET /xingrg/kc/pszx/mdps_order_info.html?code=312020121000224 HTTP/1.1" 200 23893
120.253.135.82 - - [18/Dec/2020:11:04:33 +0800] "GET /xingrg/javascript/easyui/themes/default/validatebox.css HTTP/1.1" 404 1104
120.253.135.82 - - [18/Dec/2020:11:04:33 +0800] "POST /xingrg/kc/pszx/mdps_order_operate.html HTTP/1.1" 200 2283
116.232.55.224 - - [18/Dec/2020:11:04:33 +0800] "POST /xingrg/kc/buy/cgsh_order_operate.html HTTP/1.1" 200 44060
172.17.0.123 - - [18/Dec/2020:11:04:34 +0800] "GET /xingrg/all/function/internal_message.html?_=1608260589307&CODE_STATE=getMsg HTTP/1.1" 200 27
172.17.0.123 - - [18/Dec/2020:11:04:34 +0800] "GET /xingrg/check_reg.html?_=1608260589310 HTTP/1.1" 200 22
172.17.0.103 - - [18/Dec/2020:11:04:34 +0800] "GET /xingrg/check_reg.html?_=1608260673145 HTTP/1.1" 200 22
114.88.161.120 - - [18/Dec/2020:11:04:35 +0800] "GET /xingrg/kc/buy/cgsh_order_operate.html?command=get_materiel&rest_code=00111&code=00101004011&supplier_code=00100088&order_time=2020-12-18 HTTP/1.1" 200 433
180.174.56.115 - - [18/Dec/2020:11:04:36 +0800] "GET /xingrg/all/function/internal_message.html?_=1608260634206&CODE_STATE=getMsg HTTP/1.1" 200 27
120.253.135.82 - - [18/Dec/2020:11:04:36 +0800] "POST /xingrg/kc/pszx/mdps_list_operate.html HTTP/1.1" 200 2073
180.162.223.42 - - [18/Dec/2020:11:04:37 +0800] "GET /xingrg/kc/base/wldb_order_operate.html?command=get_materiel&rest_code=00105&base_code=0010508&code=00102001008 HTTP/1.1" 200 426
180.152.104.37 - - [18/Dec/2020:11:04:37 +0800] "GET /xingrg/all/function/internal_message.html?_=1608260676832&CODE_STATE=getMsg HTTP/1.1" 200 27
120.253.135.82 - - [18/Dec/2020:11:04:39 +0800] "GET /xingrg/kc/pszx/mdth_order_list.html HTTP/1.1" 200 18583
116.232.55.224 - - [18/Dec/2020:11:04:39 +0800] "GET /xingrg/kc/buy/cgsh_order_operate.html?command=get_materiel&rest_code=00109&code=00101008350&supplier_code=00100005&order_time=2020-12-18 HTTP/1.1" 200 408
120.253.135.82 - - [18/Dec/2020:11:04:39 +0800] "POST /xingrg/kc/pszx/mdth_order_new_list.html HTTP/1.1" 200 4647
180.162.223.42 - - [18/Dec/2020:11:04:40 +0800] "GET /xingrg/kc/base/wldb_order_operate.html?command=get_materiel&rest_code=00105&base_code=0010507&code=00101019185 HTTP/1.1" 200 455
180.162.108.15 - - [18/Dec/2020:11:04:41 +0800] "GET /xingrg/all/function/internal_message.html?_=1608260577138&CODE_STATE=getMsg HTTP/1.1" 200 27
180.162.223.42 - - [18/Dec/2020:11:04:41 +0800] "POST /xingrg/kc/base/wldb_order_operate.html HTTP/1.1" 200 37
180.162.223.42 - - [18/Dec/2020:11:04:41 +0800] "POST /xingrg/kc/base/wldb_order_operate.html HTTP/1.1" 200 2184
120.253.135.82 - - [18/Dec/2020:11:04:42 +0800] "POST /xingrg/kc/pszx/mdth_order_new_list.html HTTP/1.1" 200 207
180.162.223.42 - - [18/Dec/2020:11:04:42 +0800] "GET /xingrg/kc/base/wldb_order_info.html?code=422020121801988 HTTP/1.1" 200 30522
117.131.5.26 - - [18/Dec/2020:11:04:42 +0800] "GET /xingrg/all/function/internal_message.html?_=1608261010177&CODE_STATE=getMsg HTTP/1.1" 302 -
117.131.5.26 - - [18/Dec/2020:11:04:42 +0800] "GET /xingrg/login.html HTTP/1.1" 200 7641
180.162.223.42 - - [18/Dec/2020:11:04:42 +0800] "GET /xingrg/javascript/easyui/themes/default/validatebox.css HTTP/1.1" 404 1104
114.88.161.120 - - [18/Dec/2020:11:04:42 +0800] "GET /xingrg/all/function/internal_message.html?_=1608260678836&CODE_STATE=getMsg HTTP/1.1" 302 -
180.162.223.42 - - [18/Dec/2020:11:04:42 +0800] "POST /xingrg/kc/base/wldb_order_operate.html HTTP/1.1" 200 2184
222.69.133.109 - - [18/Dec/2020:11:04:43 +0800] "GET /xingrg/all/function/internal_message.html?_=1608260683128&CODE_STATE=getMsg HTTP/1.1" 200 27
120.253.135.82 - - [18/Dec/2020:11:04:43 +0800] "GET /xingrg/kc/pszx/mdth_order_info.html?code=322020120900006 HTTP/1.1" 200 22246
120.253.135.82 - - [18/Dec/2020:11:04:44 +0800] "GET /xingrg/all/common/auto_word.html?type=employee&rest_code=00101 HTTP/1.1" 200 1173
120.253.135.82 - - [18/Dec/2020:11:04:44 +0800] "POST /xingrg/kc/pszx/mdth_order_new_info.html HTTP/1.1" 200 283
120.253.135.82 - - [18/Dec/2020:11:04:44 +0800] "GET /xingrg/javascript/easyui/themes/default/validatebox.css HTTP/1.1" 404 1104
120.253.135.82 - - [18/Dec/2020:11:04:47 +0800] "GET /xingrg/css/images/panel_loading.gif HTTP/1.1" 304 -
120.253.135.82 - - [18/Dec/2020:11:04:47 +0800] "POST /xingrg/all/common/load_combo.html?type=employee HTTP/1.1" 200 2101
116.232.55.224 - - [18/Dec/2020:11:04:48 +0800] "GET /xingrg/kc/buy/cgsh_order_operate.html?command=get_materiel&rest_code=00109&code=00101008110&supplier_code=00100005&order_time=2020-12-18 HTTP/1.1" 200 408
116.232.55.224 - - [18/Dec/2020:11:04:48 +0800] "GET /xingrg/all/function/internal_message.html?_=1608260687377&CODE_STATE=getMsg HTTP/1.1" 200 27
116.232.55.224 - - [18/Dec/2020:11:04:48 +0800] "GET /xingrg/check_reg.html?_=1608260687380 HTTP/1.1" 200 22
120.253.135.82 - - [18/Dec/2020:11:04:48 +0800] "GET /xingrg/all/function/internal_message.html?_=1608260438799&CODE_STATE=getMsg HTTP/1.1" 200 27
116.228.172.94 - - [18/Dec/2020:11:04:49 +0800] "GET /xingrg/all/function/internal_message.html?_=1608260680628&CODE_STATE=getMsg HTTP/1.1" 200 27
180.162.223.42 - - [18/Dec/2020:11:04:49 +0800] "GET /xingrg/kc/base/wldb_order_add.html HTTP/1.1" 200 30508
172.17.0.120 - - [18/Dec/2020:11:04:49 +0800] "GET /xingrg/all/function/internal_message.html?_=1608260686394&CODE_STATE=getMsg HTTP/1.1" 200 27
180.162.223.42 - - [18/Dec/2020:11:04:49 +0800] "GET /xingrg/kc/base/wldb_order_operate.html?command=get_materiel&rest_code=00105&base_code=0010507&code=00101019315 HTTP/1.1" 200 461
180.162.223.42 - - [18/Dec/2020:11:04:49 +0800] "POST /xingrg/kc/base/wldb_order_operate.html HTTP/1.1" 200 6806
180.162.223.42 - - [18/Dec/2020:11:04:49 +0800] "GET /xingrg/javascript/easyui/themes/default/validatebox.css HTTP/1.1" 404 1104
172.17.0.103 - - [18/Dec/2020:11:04:50 +0800] "GET /xingrg/all/function/internal_message.html?_=1608260688557&CODE_STATE=getMsg HTTP/1.1" 200 27
180.162.223.42 - - [18/Dec/2020:11:04:50 +0800] "POST /xingrg/all/common/load_combo.html?type=base HTTP/1.1" 200 3236
116.232.55.224 - - [18/Dec/2020:11:04:53 +0800] "GET /xingrg/kc/buy/cgsh_order_operate.html?command=get_materiel&rest_code=00109&code=00101008223&supplier_code=00100005&order_time=2020-12-18 HTTP/1.1" 200 412
120.253.135.82 - - [18/Dec/2020:11:04:53 +0800] "POST /xingrg/all/common/load_combo.html?type=base HTTP/1.1" 200 984
172.17.200.101 - - [18/Dec/2020:11:04:56 +0800] "GET /xingrg/check_reg.html?_=1608260696801 HTTP/1.1" 200 22
172.17.200.101 - - [18/Dec/2020:11:04:56 +0800] "GET /xingrg/all/function/internal_message.html?_=1608260696806&CODE_STATE=getMsg HTTP/1.1" 200 27
120.253.135.82 - - [18/Dec/2020:11:04:57 +0800] "POST /xingrg/kc/pszx/mdth_order_new_info.html HTTP/1.1" 200 37
117.131.5.26 - - [18/Dec/2020:11:04:58 +0800] "GET /xingrg/all/function/internal_message.html?_=1608260737627&CODE_STATE=getMsg HTTP/1.1" 200 27
120.253.135.82 - - [18/Dec/2020:11:04:58 +0800] "POST /xingrg/kc/pszx/mdth_order_new_info.html HTTP/1.1" 200 290
116.232.55.224 - - [18/Dec/2020:11:04:59 +0800] "GET /xingrg/kc/buy/cgsh_order_operate.html?command=get_materiel&rest_code=00109&code=00101008006&supplier_code=00100005&order_time=2020-12-18 HTTP/1.1" 200 416
180.162.223.42 - - [18/Dec/2020:11:04:59 +0800] "GET /xingrg/kc/base/wldb_order_operate.html?command=get_materiel&rest_code=00105&base_code=0010507&code=00101019438 HTTP/1.1" 200 447
180.162.223.42 - - [18/Dec/2020:11:05:01 +0800] "GET /xingrg/kc/base/wldb_order_operate.html?command=get_materiel&rest_code=00105&base_code=0010508&code=00102002198 HTTP/1.1" 200 437
114.88.161.120 - - [18/Dec/2020:11:05:01 +0800] "POST /xingrg/kc/buy/cgsh_order_operate.html HTTP/1.1" 200 37
116.232.55.224 - - [18/Dec/2020:11:05:01 +0800] "POST /xingrg/kc/buy/cgsh_order_operate.html HTTP/1.1" 200 2065
120.253.135.82 - - [18/Dec/2020:11:05:02 +0800] "POST /xingrg/kc/pszx/mdth_order_new_info.html HTTP/1.1" 200 37
114.88.161.120 - - [18/Dec/2020:11:05:02 +0800] "POST /xingrg/kc/buy/cgsh_order_operate.html HTTP/1.1" 200 2661
120.253.135.82 - - [18/Dec/2020:11:05:03 +0800] "POST /xingrg/kc/pszx/mdth_order_new_info.html HTTP/1.1" 200 290
120.253.135.82 - - [18/Dec/2020:11:05:03 +0800] "POST /xingrg/kc/pszx/mdth_order_new_info.html HTTP/1.1" 200 12
114.88.159.147 - - [18/Dec/2020:11:05:04 +0800] "GET /xingrg/all/function/internal_message.html?_=1608260715712&CODE_STATE=getMsg HTTP/1.1" 200 27
114.88.161.120 - - [18/Dec/2020:11:05:04 +0800] "GET /xingrg/kc/print/load_data.html?order_code=212020121806993&kc_code=cgsh&condition= HTTP/1.1" 200 742
120.253.135.82 - - [18/Dec/2020:11:05:04 +0800] "GET /xingrg/kc/pszx/mdth_order_info.html?code=322020120900006 HTTP/1.1" 200 20306
183.192.164.97 - - [18/Dec/2020:11:05:04 +0800] "GET /xingrg/check_reg.html?_=1608260097230 HTTP/1.1" 302 -
117.185.32.26 - - [18/Dec/2020:11:05:04 +0800] "GET /xingrg/all/function/internal_message.html?_=1608260696736&CODE_STATE=getMsg HTTP/1.1" 200 27
120.253.135.82 - - [18/Dec/2020:11:05:05 +0800] "POST /xingrg/kc/pszx/mdth_order_new_info.html HTTP/1.1" 200 290
120.253.135.82 - - [18/Dec/2020:11:05:05 +0800] "GET /xingrg/javascript/easyui/themes/default/validatebox.css HTTP/1.1" 404 1104
180.162.223.42 - - [18/Dec/2020:11:05:05 +0800] "POST /xingrg/kc/base/wldb_order_operate.html HTTP/1.1" 200 37
117.185.32.26 - - [18/Dec/2020:11:05:05 +0800] "GET /xingrg/check_reg.html?_=1608260697440 HTTP/1.1" 200 22
180.162.223.42 - - [18/Dec/2020:11:05:05 +0800] "POST /xingrg/kc/base/wldb_order_operate.html HTTP/1.1" 200 2198
116.228.172.94 - - [18/Dec/2020:11:05:06 +0800] "POST /xingrg/kc/buy/cgsh_order_operate.html HTTP/1.1" 200 37
180.162.223.42 - - [18/Dec/2020:11:05:06 +0800] "GET /xingrg/kc/base/wldb_order_info.html?code=422020121801989 HTTP/1.1" 200 30521
180.162.223.42 - - [18/Dec/2020:11:05:07 +0800] "GET /xingrg/javascript/easyui/themes/default/validatebox.css HTTP/1.1" 404 1104
116.232.55.224 - - [18/Dec/2020:11:05:07 +0800] "GET /xingrg/kc/buy/cgsh_order_operate.html?command=get_materiel&rest_code=00109&code=00101008155&supplier_code=00100005&order_time=2020-12-18 HTTP/1.1" 200 408
120.253.135.82 - - [18/Dec/2020:11:05:07 +0800] "GET /xingrg/kc/print/load_config.html?kc_code=mdth HTTP/1.1" 200 3088
180.162.223.42 - - [18/Dec/2020:11:05:07 +0800] "POST /xingrg/kc/base/wldb_order_operate.html HTTP/1.1" 200 2198
120.253.135.82 - - [18/Dec/2020:11:05:07 +0800] "GET /xingrg/kc/print/load_data.html?order_code=322020120900006&kc_code=mdth&condition= HTTP/1.1" 200 679
180.174.56.115 - - [18/Dec/2020:11:05:08 +0800] "GET /xingrg/all/function/internal_message.html?_=1608260709581&CODE_STATE=getMsg HTTP/1.1" 200 27
116.228.172.94 - - [18/Dec/2020:11:05:09 +0800] "POST /xingrg/kc/buy/cgsh_order_operate.html HTTP/1.1" 200 2653
183.192.164.97 - - [18/Dec/2020:11:05:10 +0800] "GET /xingrg/login.html HTTP/1.1" 200 7641
116.228.172.94 - - [18/Dec/2020:11:05:11 +0800] "GET /xingrg/kc/print/load_data.html?order_code=212020121806994&kc_code=cgsh&condition= HTTP/1.1" 200 675
180.162.223.42 - - [18/Dec/2020:11:05:11 +0800] "GET /xingrg/kc/base/wldb_order_operate.html?command=get_materiel&rest_code=00105&base_code=0010507&code=00101019267 HTTP/1.1" 200 480
114.88.161.120 - - [18/Dec/2020:11:05:12 +0800] "GET /xingrg/kc/buy/cgsh_order_add.html HTTP/1.1" 200 60902
114.88.161.120 - - [18/Dec/2020:11:05:12 +0800] "POST /xingrg/kc/buy/cgsh_order_operate.html HTTP/1.1" 200 8245
114.88.161.120 - - [18/Dec/2020:11:05:13 +0800] "GET /xingrg/javascript/easyui/themes/default/validatebox.css HTTP/1.1" 404 1104
116.232.55.224 - - [18/Dec/2020:11:05:15 +0800] "GET /xingrg/kc/buy/cgsh_order_operate.html?command=get_materiel&rest_code=00109&code=00101008114&supplier_code=00100005&order_time=2020-12-18 HTTP/1.1" 200 413
116.230.118.184 - - [18/Dec/2020:11:05:17 +0800] "GET /xingrg/all/function/internal_message.html?_=1608260716797&CODE_STATE=getMsg HTTP/1.1" 200 27
172.17.0.123 - - [18/Dec/2020:11:05:18 +0800] "GET /xingrg/all/function/internal_message.html?_=1608260633026&CODE_STATE=getMsg HTTP/1.1" 200 27
116.228.172.94 - - [18/Dec/2020:11:05:19 +0800] "GET /xingrg/kc/buy/cgsh_order_add.html HTTP/1.1" 200 60990
222.69.136.191 - - [18/Dec/2020:11:05:21 +0800] "GET /xingrg/all/function/internal_message.html?_=1608260715847&CODE_STATE=getMsg HTTP/1.1" 200 27
116.228.172.94 - - [18/Dec/2020:11:05:21 +0800] "GET /xingrg/javascript/easyui/themes/default/validatebox.css HTTP/1.1" 404 1104
116.228.172.94 - - [18/Dec/2020:11:05:21 +0800] "POST /xingrg/kc/buy/cgsh_order_operate.html HTTP/1.1" 200 8245
114.88.161.120 - - [18/Dec/2020:11:05:22 +0800] "GET /xingrg/kc/buy/cgsh_order_operate.html?command=get_materiel&rest_code=00111&code=00101008314&supplier_code=00100339&order_time=2020-12-18 HTTP/1.1" 200 413
180.171.117.89 - - [18/Dec/2020:11:05:23 +0800] "GET /xingrg/all/function/internal_message.html?_=1608260720233&CODE_STATE=getMsg HTTP/1.1" 200 27
180.162.223.42 - - [18/Dec/2020:11:05:23 +0800] "GET /xingrg/check_reg.html?_=1608260703116 HTTP/1.1" 200 22
180.162.223.42 - - [18/Dec/2020:11:05:23 +0800] "GET /xingrg/all/function/internal_message.html?_=1608260703122&CODE_STATE=getMsg HTTP/1.1" 200 27
114.84.4.90 - - [18/Dec/2020:11:05:24 +0800] "POST /xingrg/services/DataTransmitService HTTP/1.1" 200 524
114.84.4.90 - - [18/Dec/2020:11:05:24 +0800] "POST /xingrg/services/DataTransmitService HTTP/1.1" 200 501
116.232.55.224 - - [18/Dec/2020:11:05:24 +0800] "GET /xingrg/kc/buy/cgsh_order_operate.html?command=get_materiel&rest_code=00109&code=00101008061&supplier_code=00100005&order_time=2020-12-18 HTTP/1.1" 200 422
114.84.4.90 - - [18/Dec/2020:11:05:24 +0800] "POST /xingrg/services/DataTransmitService HTTP/1.1" 200 501
180.162.223.42 - - [18/Dec/2020:11:05:24 +0800] "GET /xingrg/all/function/internal_message.html?_=1608260725935&CODE_STATE=getMsg HTTP/1.1" 200 27
117.184.7.26 - - [18/Dec/2020:11:05:24 +0800] "GET /xingrg/all/function/internal_message.html?_=1608260712644&CODE_STATE=getMsg HTTP/1.1" 200 27
114.84.4.90 - - [18/Dec/2020:11:05:24 +0800] "POST /xingrg/services/DataTransmitService HTTP/1.1" 200 501
114.84.4.90 - - [18/Dec/2020:11:05:25 +0800] "POST /xingrg/services/DataTransmitService HTTP/1.1" 200 501
114.84.4.90 - - [18/Dec/2020:11:05:25 +0800] "POST /xingrg/services/DataTransmitService HTTP/1.1" 200 501
116.230.106.194 - - [18/Dec/2020:11:05:25 +0800] "GET /xingrg/all/function/internal_message.html?_=1608260722564&CODE_STATE=getMsg HTTP/1.1" 200 27
114.84.4.90 - - [18/Dec/2020:11:05:25 +0800] "POST /xingrg/services/DataTransmitService HTTP/1.1" 200 501
114.84.4.90 - - [18/Dec/2020:11:05:25 +0800] "POST /xingrg/services/DataTransmitService HTTP/1.1" 200 501
114.84.4.90 - - [18/Dec/2020:11:05:25 +0800] "POST /xingrg/services/DataTransmitService HTTP/1.1" 200 501
180.162.223.42 - - [18/Dec/2020:11:05:25 +0800] "GET /xingrg/kc/base/wldb_order_operate.html?command=get_materiel&rest_code=00105&base_code=0010507&code=00101019110 HTTP/1.1" 200 475
117.185.32.26 - - [18/Dec/2020:11:05:27 +0800] "GET /xingrg/all/function/internal_message.html?_=1608261189171&CODE_STATE=getMsg HTTP/1.1" 200 27
172.17.0.123 - - [18/Dec/2020:11:05:27 +0800] "GET /xingrg/kc/buy/cgsh_order_list.html HTTP/1.1" 200 45400
114.84.4.90 - - [18/Dec/2020:11:05:28 +0800] "POST /xingrg/services/DataTransmitService HTTP/1.1" 200 412
172.17.0.123 - - [18/Dec/2020:11:05:28 +0800] "POST /xingrg/kc/buy/cgsh_list_operate.html HTTP/1.1" 200 876
114.88.161.120 - - [18/Dec/2020:11:05:29 +0800] "GET /xingrg/check_reg.html?_=1608260865184 HTTP/1.1" 200 22
114.88.161.120 - - [18/Dec/2020:11:05:29 +0800] "GET /xingrg/all/function/internal_message.html?_=1608260865187&CODE_STATE=getMsg HTTP/1.1" 200 27
116.232.55.224 - - [18/Dec/2020:11:05:32 +0800] "GET /xingrg/kc/buy/cgsh_order_operate.html?command=get_materiel&rest_code=00109&code=00101008010&supplier_code=00100005&order_time=2020-12-18 HTTP/1.1" 200 412
101.85.93.83 - - [18/Dec/2020:11:05:32 +0800] "GET /xingrg/all/function/internal_message.html?_=1608260429232&CODE_STATE=getMsg HTTP/1.1" 200 27
172.17.0.123 - - [18/Dec/2020:11:05:34 +0800] "GET /xingrg/all/function/internal_message.html?_=1608260649311&CODE_STATE=getMsg HTTP/1.1" 200 27
116.228.172.94 - - [18/Dec/2020:11:05:36 +0800] "GET /xingrg/javascript/easyui/themes/default/tree.css HTTP/1.1" 404 1090
180.174.56.115 - - [18/Dec/2020:11:05:36 +0800] "GET /xingrg/all/function/internal_message.html?_=1608260694220&CODE_STATE=getMsg HTTP/1.1" 200 27
116.228.172.94 - - [18/Dec/2020:11:05:36 +0800] "POST /xingrg/all/common/load_tree.html?tree=supplier_tree_json&isDelete=1 HTTP/1.1" 200 52465
180.152.104.37 - - [18/Dec/2020:11:05:37 +0800] "GET /xingrg/all/function/internal_message.html?_=1608260736857&CODE_STATE=getMsg HTTP/1.1" 200 27
117.131.5.26 - - [18/Dec/2020:11:05:38 +0800] "GET /xingrg/javascript/auto/indicator.gif HTTP/1.1" 404 1066
116.232.55.224 - - [18/Dec/2020:11:05:38 +0800] "GET /xingrg/kc/buy/cgsh_order_operate.html?command=get_materiel&rest_code=00109&code=00101008236&supplier_code=00100005&order_time=2020-12-18 HTTP/1.1" 200 417
180.162.223.42 - - [18/Dec/2020:11:05:39 +0800] "GET /xingrg/kc/base/wldb_order_operate.html?command=get_materiel&rest_code=00105&base_code=0010507&code=00101016019 HTTP/1.1" 200 451
120.204.17.72 - - [18/Dec/2020:11:05:40 +0800] "GET /xingrg/kc/buy/cgsh_order_operate.html?command=get_materiel&rest_code=00106&code=00101008323&supplier_code=00100007&order_time=2020-12-18 HTTP/1.1" 302 -
116.232.55.224 - - [18/Dec/2020:11:05:40 +0800] "POST /xingrg/kc/buy/cgsh_order_operate.html HTTP/1.1" 200 2065
180.162.108.15 - - [18/Dec/2020:11:05:41 +0800] "GET /xingrg/all/function/internal_message.html?_=1608260637122&CODE_STATE=getMsg HTTP/1.1" 200 27
117.131.5.26 - - [18/Dec/2020:11:05:42 +0800] "GET /xingrg/all/function/internal_message.html?_=1608261070199&CODE_STATE=getMsg HTTP/1.1" 302 -
117.131.5.26 - - [18/Dec/2020:11:05:42 +0800] "GET /xingrg/login.html HTTP/1.1" 200 7641
114.88.161.120 - - [18/Dec/2020:11:05:42 +0800] "GET /xingrg/all/function/internal_message.html?_=1608260738853&CODE_STATE=getMsg HTTP/1.1" 302 -
114.88.161.120 - - [18/Dec/2020:11:05:42 +0800] "POST /xingrg/kc/buy/cgsh_order_operate.html HTTP/1.1" 200 37
172.17.0.123 - - [18/Dec/2020:11:05:43 +0800] "POST /xingrg/kc/buy/cgsh_list_operate.html HTTP/1.1" 200 2111
222.69.133.109 - - [18/Dec/2020:11:05:43 +0800] "GET /xingrg/all/function/internal_message.html?_=1608260743124&CODE_STATE=getMsg HTTP/1.1" 200 27
120.204.17.72 - - [18/Dec/2020:11:05:44 +0800] "GET /xingrg/login.html HTTP/1.1" 200 7641
114.88.161.120 - - [18/Dec/2020:11:05:44 +0800] "POST /xingrg/kc/buy/cgsh_order_operate.html HTTP/1.1" 200 2656
116.232.55.224 - - [18/Dec/2020:11:05:45 +0800] "GET /xingrg/kc/buy/cgsh_order_operate.html?command=get_materiel&rest_code=00109&code=00101008095&supplier_code=00100005&order_time=2020-12-18 HTTP/1.1" 200 412
114.88.161.120 - - [18/Dec/2020:11:05:46 +0800] "GET /xingrg/kc/print/load_data.html?order_code=212020121806995&kc_code=cgsh&condition= HTTP/1.1" 200 666
180.162.223.42 - - [18/Dec/2020:11:05:47 +0800] "GET /xingrg/kc/base/wldb_order_operate.html?command=get_materiel&rest_code=00105&base_code=0010507&code=00101019142 HTTP/1.1" 200 449
116.232.55.224 - - [18/Dec/2020:11:05:48 +0800] "GET /xingrg/all/function/internal_message.html?_=1608260747385&CODE_STATE=getMsg HTTP/1.1" 200 27
120.253.135.82 - - [18/Dec/2020:11:05:48 +0800] "GET /xingrg/all/function/internal_message.html?_=1608260498812&CODE_STATE=getMsg HTTP/1.1" 200 27
116.228.172.94 - - [18/Dec/2020:11:05:49 +0800] "GET /xingrg/all/function/internal_message.html?_=1608260740600&CODE_STATE=getMsg HTTP/1.1" 200 27
172.17.0.120 - - [18/Dec/2020:11:05:49 +0800] "GET /xingrg/all/function/internal_message.html?_=1608260746385&CODE_STATE=getMsg HTTP/1.1" 200 27
58.40.7.146 - - [18/Dec/2020:11:05:50 +0800] "GET /xingrg/check_reg.html?_=1608260747179 HTTP/1.1" 302 -
172.17.0.103 - - [18/Dec/2020:11:05:50 +0800] "GET /xingrg/all/function/internal_message.html?_=1608260748537&CODE_STATE=getMsg HTTP/1.1" 200 27
116.232.55.224 - - [18/Dec/2020:11:05:50 +0800] "GET /xingrg/kc/buy/cgsh_order_operate.html?command=get_materiel&rest_code=00109&code=00102011056&supplier_code=00100005&order_time=2020-12-18 HTTP/1.1" 200 412
116.232.55.224 - - [18/Dec/2020:11:05:54 +0800] "GET /xingrg/kc/buy/cgsh_order_operate.html?command=get_materiel&rest_code=00109&code=00101008168&supplier_code=00100005&order_time=2020-12-18 HTTP/1.1" 200 413
172.17.200.101 - - [18/Dec/2020:11:05:56 +0800] "GET /xingrg/all/function/internal_message.html?_=1608260756792&CODE_STATE=getMsg HTTP/1.1" 200 27
117.131.5.26 - - [18/Dec/2020:11:05:58 +0800] "GET /xingrg/all/function/internal_message.html?_=1608260797619&CODE_STATE=getMsg HTTP/1.1" 200 27
180.162.223.42 - - [18/Dec/2020:11:05:58 +0800] "GET /xingrg/kc/base/wldb_order_operate.html?command=get_materiel&rest_code=00105&base_code=0010507&code=00101019015 HTTP/1.1" 200 437
116.232.55.224 - - [18/Dec/2020:11:06:01 +0800] "GET /xingrg/kc/buy/cgsh_order_operate.html?command=get_materiel&rest_code=00109&code=00101008165&supplier_code=00100005&order_time=2020-12-18 HTTP/1.1" 200 416
116.228.172.94 - - [18/Dec/2020:11:06:02 +0800] "GET /xingrg/kc/buy/cgsh_order_operate.html?command=get_materiel&rest_code=00107&code=00101006038&supplier_code=00100342&order_time=2020-12-18 HTTP/1.1" 200 442
114.88.159.147 - - [18/Dec/2020:11:06:03 +0800] "GET /xingrg/check_reg.html?_=1608260775603 HTTP/1.1" 200 22
114.88.159.147 - - [18/Dec/2020:11:06:04 +0800] "GET /xingrg/all/function/internal_message.html?_=1608260775693&CODE_STATE=getMsg HTTP/1.1" 200 27
117.185.32.26 - - [18/Dec/2020:11:06:04 +0800] "GET /xingrg/all/function/internal_message.html?_=1608260756708&CODE_STATE=getMsg HTTP/1.1" 200 27
120.204.17.72 - - [18/Dec/2020:11:06:08 +0800] "GET /xingrg/all/function/internal_message.html?_=1608260037016&CODE_STATE=getMsg HTTP/1.1" 302 -
116.232.55.224 - - [18/Dec/2020:11:06:08 +0800] "GET /xingrg/kc/buy/cgsh_order_operate.html?command=get_materiel&rest_code=00109&code=00101008098&supplier_code=00100005&order_time=2020-12-18 HTTP/1.1" 200 412
180.174.56.115 - - [18/Dec/2020:11:06:08 +0800] "GET /xingrg/all/function/internal_message.html?_=1608260769584&CODE_STATE=getMsg HTTP/1.1" 200 27
114.88.161.120 - - [18/Dec/2020:11:06:10 +0800] "GET /xingrg/kc/buy/cgsh_order_add.html HTTP/1.1" 200 60902
114.88.161.120 - - [18/Dec/2020:11:06:10 +0800] "POST /xingrg/kc/buy/cgsh_order_operate.html HTTP/1.1" 200 8245
114.88.161.120 - - [18/Dec/2020:11:06:10 +0800] "GET /xingrg/javascript/easyui/themes/default/validatebox.css HTTP/1.1" 404 1104
116.228.172.94 - - [18/Dec/2020:11:06:11 +0800] "POST /xingrg/kc/buy/cgsh_order_operate.html HTTP/1.1" 200 37
120.204.17.72 - - [18/Dec/2020:11:06:12 +0800] "GET /xingrg/login.html HTTP/1.1" 200 7641
180.162.223.42 - - [18/Dec/2020:11:06:12 +0800] "GET /xingrg/kc/base/wldb_order_operate.html?command=get_materiel&rest_code=00105&base_code=0010507&code=00101019046 HTTP/1.1" 200 461
116.228.172.94 - - [18/Dec/2020:11:06:13 +0800] "POST /xingrg/kc/buy/cgsh_order_operate.html HTTP/1.1" 200 2666
116.232.55.224 - - [18/Dec/2020:11:06:14 +0800] "GET /xingrg/kc/buy/cgsh_order_operate.html?command=get_materiel&rest_code=00109&code=00101015052&supplier_code=00100005&order_time=2020-12-18 HTTP/1.1" 200 413
172.17.0.123 - - [18/Dec/2020:11:06:14 +0800] "POST /xingrg/kc/buy/cgsh_list_operate.html HTTP/1.1" 200 2891
116.228.172.94 - - [18/Dec/2020:11:06:15 +0800] "GET /xingrg/kc/print/load_data.html?order_code=212020121806996&kc_code=cgsh&condition= HTTP/1.1" 200 685
116.230.118.184 - - [18/Dec/2020:11:06:15 +0800] "GET /xingrg/check_reg.html?_=1608260774876 HTTP/1.1" 200 22
116.232.55.224 - - [18/Dec/2020:11:06:16 +0800] "POST /xingrg/kc/buy/cgsh_order_operate.html HTTP/1.1" 200 2065
116.230.118.184 - - [18/Dec/2020:11:06:17 +0800] "GET /xingrg/all/function/internal_message.html?_=1608260776811&CODE_STATE=getMsg HTTP/1.1" 200 27
172.17.0.123 - - [18/Dec/2020:11:06:18 +0800] "POST /xingrg/kc/buy/cgsh_list_operate.html HTTP/1.1" 200 204
172.17.0.123 - - [18/Dec/2020:11:06:18 +0800] "GET /xingrg/all/function/internal_message.html?_=1608260693034&CODE_STATE=getMsg HTTP/1.1" 200 27
114.88.161.120 - - [18/Dec/2020:11:06:20 +0800] "GET /xingrg/kc/buy/cgsh_order_operate.html?command=get_materiel&rest_code=00111&code=00101004065&supplier_code=00100086&order_time=2020-12-18 HTTP/1.1" 200 433
116.228.172.94 - - [18/Dec/2020:11:06:20 +0800] "GET /xingrg/kc/buy/cgsh_order_add.html HTTP/1.1" 200 60990
116.232.55.224 - - [18/Dec/2020:11:06:20 +0800] "GET /xingrg/kc/buy/cgsh_order_operate.html?command=get_materiel&rest_code=00109&code=00101015046&supplier_code=00100005&order_time=2020-12-18 HTTP/1.1" 200 412
222.69.136.191 - - [18/Dec/2020:11:06:21 +0800] "GET /xingrg/all/function/internal_message.html?_=1608260775820&CODE_STATE=getMsg HTTP/1.1" 200 27
116.228.172.94 - - [18/Dec/2020:11:06:22 +0800] "GET /xingrg/javascript/easyui/themes/default/validatebox.css HTTP/1.1" 404 1104
116.228.172.94 - - [18/Dec/2020:11:06:22 +0800] "POST /xingrg/kc/buy/cgsh_order_operate.html HTTP/1.1" 200 8245
222.69.136.191 - - [18/Dec/2020:11:06:23 +0800] "GET /xingrg/check_reg.html?_=1608260777806 HTTP/1.1" 200 22
116.228.172.94 - - [18/Dec/2020:11:06:23 +0800] "GET /xingrg/javascript/easyui/themes/default/tree.css HTTP/1.1" 404 1090
116.228.172.94 - - [18/Dec/2020:11:06:23 +0800] "POST /xingrg/all/common/load_tree.html?tree=supplier_tree_json&isDelete=1 HTTP/1.1" 200 52465
180.171.117.89 - - [18/Dec/2020:11:06:23 +0800] "GET /xingrg/all/function/internal_message.html?_=1608260780232&CODE_STATE=getMsg HTTP/1.1" 200 27
180.171.117.89 - - [18/Dec/2020:11:06:23 +0800] "GET /xingrg/check_reg.html?_=1608260780233 HTTP/1.1" 200 22
180.162.223.42 - - [18/Dec/2020:11:06:23 +0800] "GET /xingrg/all/function/internal_message.html?_=1608260763131&CODE_STATE=getMsg HTTP/1.1" 200 27
180.162.223.42 - - [18/Dec/2020:11:06:24 +0800] "GET /xingrg/all/function/internal_message.html?_=1608260785865&CODE_STATE=getMsg HTTP/1.1" 200 27
117.184.7.26 - - [18/Dec/2020:11:06:24 +0800] "GET /xingrg/all/function/internal_message.html?_=1608260772650&CODE_STATE=getMsg HTTP/1.1" 200 27
116.230.106.194 - - [18/Dec/2020:11:06:25 +0800] "GET /xingrg/all/function/internal_message.html?_=1608260782555&CODE_STATE=getMsg HTTP/1.1" 200 27
180.162.223.42 - - [18/Dec/2020:11:06:26 +0800] "GET /xingrg/kc/base/wldb_order_operate.html?command=get_materiel&rest_code=00105&base_code=0010507&code=00101019400 HTTP/1.1" 200 451
117.185.32.26 - - [18/Dec/2020:11:06:27 +0800] "GET /xingrg/all/function/internal_message.html?_=1608261249198&CODE_STATE=getMsg HTTP/1.1" 200 27
114.88.161.120 - - [18/Dec/2020:11:06:29 +0800] "GET /xingrg/all/function/internal_message.html?_=1608260925192&CODE_STATE=getMsg HTTP/1.1" 200 27
101.85.93.83 - - [18/Dec/2020:11:06:32 +0800] "GET /xingrg/all/function/internal_message.html?_=1608260489231&CODE_STATE=getMsg HTTP/1.1" 200 27
101.85.93.83 - - [18/Dec/2020:11:06:32 +0800] "GET /xingrg/check_reg.html?_=1608260489233 HTTP/1.1" 200 22
172.17.0.123 - - [18/Dec/2020:11:06:34 +0800] "GET /xingrg/all/function/internal_message.html?_=1608260709313&CODE_STATE=getMsg HTTP/1.1" 200 27
101.91.60.105 - - [18/Dec/2020:11:06:34 +0800] "GET /xingrg/all/function/internal_message.html?_=1608260175914&CODE_STATE=getMsg HTTP/1.1" 302 -
180.174.56.115 - - [18/Dec/2020:11:06:36 +0800] "GET /xingrg/all/function/internal_message.html?_=1608260754245&CODE_STATE=getMsg HTTP/1.1" 200 27
172.17.0.123 - - [18/Dec/2020:11:06:36 +0800] "GET /xingrg/check_reg.html?_=1608260711585 HTTP/1.1" 200 22
180.152.104.37 - - [18/Dec/2020:11:06:37 +0800] "GET /xingrg/check_reg.html?_=1608260795992 HTTP/1.1" 200 22
180.152.104.37 - - [18/Dec/2020:11:06:37 +0800] "GET /xingrg/all/function/internal_message.html?_=1608260796873&CODE_STATE=getMsg HTTP/1.1" 200 27
180.162.223.42 - - [18/Dec/2020:11:06:38 +0800] "GET /xingrg/kc/base/wldb_order_operate.html?command=get_materiel&rest_code=00105&base_code=0010507&code=00101019183 HTTP/1.1" 200 433
101.89.29.92 - - [18/Dec/2020:11:06:39 +0800] "GET /xingrg/check_reg.html?_=1608260175566 HTTP/1.1" 302 -
116.232.55.224 - - [18/Dec/2020:11:06:39 +0800] "POST /xingrg/kc/buy/cgsh_order_operate.html HTTP/1.1" 200 37
116.232.55.224 - - [18/Dec/2020:11:06:40 +0800] "POST /xingrg/kc/buy/cgsh_order_operate.html HTTP/1.1" 200 52949
180.162.108.15 - - [18/Dec/2020:11:06:41 +0800] "GET /xingrg/all/function/internal_message.html?_=1608260697108&CODE_STATE=getMsg HTTP/1.1" 200 27
180.162.108.15 - - [18/Dec/2020:11:06:41 +0800] "GET /xingrg/check_reg.html?_=1608260697391 HTTP/1.1" 200 22
101.91.60.105 - - [18/Dec/2020:11:06:41 +0800] "GET /xingrg/login.html HTTP/1.1" 200 7641
117.131.5.26 - - [18/Dec/2020:11:06:42 +0800] "GET /xingrg/all/function/internal_message.html?_=1608261130252&CODE_STATE=getMsg HTTP/1.1" 302 -
117.131.5.26 - - [18/Dec/2020:11:06:42 +0800] "GET /xingrg/login.html HTTP/1.1" 200 7641
114.88.161.120 - - [18/Dec/2020:11:06:42 +0800] "GET /xingrg/all/function/internal_message.html?_=1608260798883&CODE_STATE=getMsg HTTP/1.1" 302 -
222.69.133.109 - - [18/Dec/2020:11:06:43 +0800] "GET /xingrg/all/function/internal_message.html?_=1608260803124&CODE_STATE=getMsg HTTP/1.1" 200 27
114.88.159.147 - - [18/Dec/2020:11:06:46 +0800] "POST /xingrg/kc/buy/cgsh_order_operate.html HTTP/1.1" 200 37
101.89.29.92 - - [18/Dec/2020:11:06:47 +0800] "GET /xingrg/login.html HTTP/1.1" 200 7641
116.232.55.224 - - [18/Dec/2020:11:06:48 +0800] "GET /xingrg/all/function/internal_message.html?_=1608260807399&CODE_STATE=getMsg HTTP/1.1" 200 27
120.253.135.82 - - [18/Dec/2020:11:06:48 +0800] "GET /xingrg/all/function/internal_message.html?_=1608260558826&CODE_STATE=getMsg HTTP/1.1" 200 27
114.88.159.147 - - [18/Dec/2020:11:06:49 +0800] "POST /xingrg/kc/buy/cgsh_order_operate.html HTTP/1.1" 200 12
116.228.172.94 - - [18/Dec/2020:11:06:49 +0800] "GET /xingrg/all/function/internal_message.html?_=1608260800596&CODE_STATE=getMsg HTTP/1.1" 200 27
172.17.0.120 - - [18/Dec/2020:11:06:49 +0800] "GET /xingrg/all/function/internal_message.html?_=1608260806390&CODE_STATE=getMsg HTTP/1.1" 200 27
114.88.159.147 - - [18/Dec/2020:11:06:49 +0800] "GET /xingrg/kc/buy/cgsh_order_info.html?code=212020121806997 HTTP/1.1" 200 55811
172.17.0.103 - - [18/Dec/2020:11:06:50 +0800] "GET /xingrg/all/function/internal_message.html?_=1608260808517&CODE_STATE=getMsg HTTP/1.1" 200 27
114.88.159.147 - - [18/Dec/2020:11:06:50 +0800] "GET /xingrg/javascript/easyui/themes/default/validatebox.css HTTP/1.1" 404 1104
114.88.159.147 - - [18/Dec/2020:11:06:50 +0800] "POST /xingrg/kc/buy/cgsh_order_operate.html HTTP/1.1" 200 4745
116.232.55.224 - - [18/Dec/2020:11:06:51 +0800] "GET /xingrg/kc/buy/cgsh_order_operate.html?command=get_materiel&rest_code=00109&code=00101008323&supplier_code=00100005&order_time=2020-12-18 HTTP/1.1" 200 408
114.88.159.147 - - [18/Dec/2020:11:06:51 +0800] "GET /xingrg/kc/print/load_data.html?order_code=212020121806997&kc_code=cgsh&condition= HTTP/1.1" 200 2340
183.192.164.214 - - [18/Dec/2020:11:06:52 +0800] "GET /xingrg/kc/buy/cgsh_order_operate.html?command=get_materiel&rest_code=00106&code=00101008302&supplier_code=00100007&order_time=2020-12-18 HTTP/1.1" 302 -
116.228.172.94 - - [18/Dec/2020:11:06:53 +0800] "GET /xingrg/kc/buy/cgsh_order_operate.html?command=get_materiel&rest_code=00107&code=00101020215&supplier_code=00100327&order_time=2020-12-18 HTTP/1.1" 200 391
172.17.200.101 - - [18/Dec/2020:11:06:56 +0800] "GET /xingrg/all/function/internal_message.html?_=1608260816799&CODE_STATE=getMsg HTTP/1.1" 200 27
183.192.164.214 - - [18/Dec/2020:11:06:57 +0800] "GET /xingrg/login.html HTTP/1.1" 200 7641
117.131.5.26 - - [18/Dec/2020:11:06:58 +0800] "GET /xingrg/all/function/internal_message.html?_=1608260857618&CODE_STATE=getMsg HTTP/1.1" 200 27
116.232.55.224 - - [18/Dec/2020:11:07:01 +0800] "GET /xingrg/kc/buy/cgsh_order_operate.html?command=get_materiel&rest_code=00109&code=00101008350&supplier_code=00100005&order_time=2020-12-18 HTTP/1.1" 200 408
180.162.223.42 - - [18/Dec/2020:11:07:01 +0800] "GET /xingrg/kc/base/wldb_order_operate.html?command=get_materiel&rest_code=00105&base_code=0010507&code=00101019199 HTTP/1.1" 200 459
114.88.159.147 - - [18/Dec/2020:11:07:04 +0800] "GET /xingrg/all/function/internal_message.html?_=1608260835691&CODE_STATE=getMsg HTTP/1.1" 200 27
117.185.32.26 - - [18/Dec/2020:11:07:04 +0800] "GET /xingrg/all/function/internal_message.html?_=1608260816689&CODE_STATE=getMsg HTTP/1.1" 200 27
116.232.55.224 - - [18/Dec/2020:11:07:08 +0800] "GET /xingrg/kc/buy/cgsh_order_operate.html?command=get_materiel&rest_code=00109&code=00101008036&supplier_code=00100005&order_time=2020-12-18 HTTP/1.1" 200 408
180.174.56.115 - - [18/Dec/2020:11:07:08 +0800] "GET /xingrg/all/function/internal_message.html?_=1608260829583&CODE_STATE=getMsg HTTP/1.1" 200 27
180.174.56.115 - - [18/Dec/2020:11:07:08 +0800] "GET /xingrg/check_reg.html?_=1608260829585 HTTP/1.1" 200 22
116.228.172.94 - - [18/Dec/2020:11:07:10 +0800] "GET /xingrg/kc/buy/cgsh_order_operate.html?command=get_materiel&rest_code=00107&code=00101010628&supplier_code=00100327&order_time=2020-12-18 HTTP/1.1" 200 412
120.253.135.82 - - [18/Dec/2020:11:07:10 +0800] "GET /xingrg/kc/pszx/mdth_order_info.html?code=322020120900006 HTTP/1.1" 200 20306
120.253.135.82 - - [18/Dec/2020:11:07:10 +0800] "POST /xingrg/kc/pszx/mdth_order_new_info.html HTTP/1.1" 200 290
120.253.135.82 - - [18/Dec/2020:11:07:10 +0800] "GET /xingrg/javascript/easyui/themes/default/validatebox.css HTTP/1.1" 404 1104
120.253.135.82 - - [18/Dec/2020:11:07:12 +0800] "POST /xingrg/kc/pszx/mdth_order_new_list.html HTTP/1.1" 200 4640
114.88.161.120 - - [18/Dec/2020:11:07:14 +0800] "POST /xingrg/kc/buy/cgsh_order_operate.html HTTP/1.1" 200 37
114.88.161.120 - - [18/Dec/2020:11:07:15 +0800] "POST /xingrg/kc/buy/cgsh_order_operate.html HTTP/1.1" 200 2660
180.162.223.42 - - [18/Dec/2020:11:07:16 +0800] "GET /xingrg/kc/base/wldb_order_operate.html?command=get_materiel&rest_code=00105&base_code=0010507&code=00101029017 HTTP/1.1" 200 468
116.230.118.184 - - [18/Dec/2020:11:07:17 +0800] "GET /xingrg/all/function/internal_message.html?_=1608260836824&CODE_STATE=getMsg HTTP/1.1" 200 27
116.228.172.94 - - [18/Dec/2020:11:07:18 +0800] "POST /xingrg/kc/buy/cgsh_order_operate.html HTTP/1.1" 200 37
114.88.161.120 - - [18/Dec/2020:11:07:18 +0800] "GET /xingrg/kc/print/load_data.html?order_code=212020121806998&kc_code=cgsh&condition= HTTP/1.1" 200 739
172.17.0.123 - - [18/Dec/2020:11:07:18 +0800] "GET /xingrg/all/function/internal_message.html?_=1608260753036&CODE_STATE=getMsg HTTP/1.1" 200 27
120.253.135.82 - - [18/Dec/2020:11:07:18 +0800] "GET /xingrg/kc/buy/cgth_order_list.html HTTP/1.1" 200 44567
120.253.135.82 - - [18/Dec/2020:11:07:19 +0800] "POST /xingrg/kc/buy/cgth_list_operate.html HTTP/1.1" 200 1946
116.228.172.94 - - [18/Dec/2020:11:07:19 +0800] "POST /xingrg/kc/buy/cgsh_order_operate.html HTTP/1.1" 200 3255
120.253.135.82 - - [18/Dec/2020:11:07:21 +0800] "GET /xingrg/javascript/AjaxInfoList.js HTTP/1.1" 200 3774
120.253.135.82 - - [18/Dec/2020:11:07:21 +0800] "GET /xingrg/javascript/tools/jquery.qtip-1.0.0-rc3.min.js HTTP/1.1" 304 -
120.253.135.82 - - [18/Dec/2020:11:07:21 +0800] "GET /xingrg/javascript/Grid.js HTTP/1.1" 200 58908
120.253.135.82 - - [18/Dec/2020:11:07:21 +0800] "GET /xingrg/javascript/ToolTips.js HTTP/1.1" 200 5615
120.253.135.82 - - [18/Dec/2020:11:07:21 +0800] "GET /xingrg/kc/buy/cgth_order_add.html HTTP/1.1" 200 62325
120.253.135.82 - - [18/Dec/2020:11:07:21 +0800] "GET /xingrg/dwr/interface/AjaxCgthService.js HTTP/1.1" 200 14519
120.253.135.82 - - [18/Dec/2020:11:07:21 +0800] "GET /xingrg/dwr/interface/AjaxComOrderService.js HTTP/1.1" 200 18264
116.228.172.94 - - [18/Dec/2020:11:07:21 +0800] "GET /xingrg/kc/print/load_data.html?order_code=212020121806999&kc_code=cgsh&condition= HTTP/1.1" 200 901
120.253.135.82 - - [18/Dec/2020:11:07:21 +0800] "GET /xingrg/dwr/engine.js HTTP/1.1" 200 43631
120.253.135.82 - - [18/Dec/2020:11:07:21 +0800] "GET /xingrg/javascript/jquery_easy_ui/themes/icons/edit_add_new.png HTTP/1.1" 200 2997
120.253.135.82 - - [18/Dec/2020:11:07:21 +0800] "GET /xingrg/javascript/jquery_easy_ui/themes/icons/cance_new.png HTTP/1.1" 200 3986
120.253.135.82 - - [18/Dec/2020:11:07:21 +0800] "GET /xingrg/javascript/jquery_easy_ui/themes/icons/print.png HTTP/1.1" 304 -
120.253.135.82 - - [18/Dec/2020:11:07:21 +0800] "GET /xingrg/javascript/jquery_easy_ui/themes/default/images/menu_downarrow.png HTTP/1.1" 304 -
