180.174.56.115 - - [18/Dec/2020:11:00:36 +0800] "GET /xingrg/all/function/internal_message.html?_=1608260394151&CODE_STATE=getMsg HTTP/1.1" 200 27
183.192.164.97 - - [18/Dec/2020:11:00:36 +0800] "GET /xingrg/check_reg.html?_=1608259797250 HTTP/1.1" 302 -
180.152.104.37 - - [18/Dec/2020:11:00:37 +0800] "GET /xingrg/all/function/internal_message.html?_=1608260436758&CODE_STATE=getMsg HTTP/1.1" 200 27
116.232.55.224 - - [18/Dec/2020:11:00:38 +0800] "GET /xingrg/kc/buy/cgsh_order_operate.html?command=get_materiel&rest_code=00109&code=00101008028&supplier_code=00100005&order_time=2020-12-18 HTTP/1.1" 200 412
183.192.164.97 - - [18/Dec/2020:11:00:38 +0800] "GET /xingrg/login.html HTTP/1.1" 200 7641
117.185.32.26 - - [18/Dec/2020:11:00:40 +0800] "GET /xingrg/kc/buy/cgsh_order_operate.html?command=get_materiel&rest_code=00106&code=00101005037&supplier_code=00100007&order_time=2020-12-18 HTTP/1.1" 200 409
61.129.6.145 - - [18/Dec/2020:11:00:40 +0800] "GET /xingrg/all/function/internal_message.html?_=1608259816054&CODE_STATE=getMsg HTTP/1.1" 302 -
180.162.108.15 - - [18/Dec/2020:11:00:41 +0800] "GET /xingrg/all/function/internal_message.html?_=1608260337212&CODE_STATE=getMsg HTTP/1.1" 200 27
117.131.5.26 - - [18/Dec/2020:11:00:41 +0800] "GET /xingrg/all/function/internal_message.html?_=1608260770034&CODE_STATE=getMsg HTTP/1.1" 302 -
117.131.5.26 - - [18/Dec/2020:11:00:41 +0800] "GET /xingrg/login.html HTTP/1.1" 200 7641
183.192.164.97 - - [18/Dec/2020:11:00:42 +0800] "GET /xingrg/login.html HTTP/1.1" 200 7641
117.185.32.26 - - [18/Dec/2020:11:00:42 +0800] "POST /xingrg/kc/buy/cgsh_order_operate.html HTTP/1.1" 200 2065
114.88.161.120 - - [18/Dec/2020:11:00:42 +0800] "GET /xingrg/all/function/internal_message.html?_=1608260438762&CODE_STATE=getMsg HTTP/1.1" 302 -
180.162.223.42 - - [18/Dec/2020:11:00:43 +0800] "GET /xingrg/kc/base/wldb_order_operate.html?command=get_materiel&rest_code=00105&base_code=0010507&code=00101019222 HTTP/1.1" 200 454
222.69.133.109 - - [18/Dec/2020:11:00:43 +0800] "GET /xingrg/all/function/internal_message.html?_=1608260443119&CODE_STATE=getMsg HTTP/1.1" 200 27
116.228.172.94 - - [18/Dec/2020:11:00:43 +0800] "POST /xingrg/kc/buy/cgsh_order_operate.html HTTP/1.1" 200 37
180.162.223.42 - - [18/Dec/2020:11:00:44 +0800] "GET /xingrg/kc/buy/cgsh_order_operate.html?command=get_materiel&rest_code=00105&code=00102002167&supplier_code=00100347&order_time=2020-12-18 HTTP/1.1" 200 409
116.232.55.224 - - [18/Dec/2020:11:00:48 +0800] "GET /xingrg/all/function/internal_message.html?_=1608260447366&CODE_STATE=getMsg HTTP/1.1" 200 27
116.228.172.94 - - [18/Dec/2020:11:00:49 +0800] "GET /xingrg/all/function/internal_message.html?_=1608260440712&CODE_STATE=getMsg HTTP/1.1" 200 27
61.129.6.145 - - [18/Dec/2020:11:00:49 +0800] "GET /xingrg/login.html HTTP/1.1" 200 7641
172.17.0.120 - - [18/Dec/2020:11:00:49 +0800] "GET /xingrg/all/function/internal_message.html?_=1608260446390&CODE_STATE=getMsg HTTP/1.1" 200 27
116.232.55.224 - - [18/Dec/2020:11:00:49 +0800] "GET /xingrg/kc/buy/cgsh_order_operate.html?command=get_materiel&rest_code=00109&code=00101008351&supplier_code=00100005&order_time=2020-12-18 HTTP/1.1" 200 408
114.88.161.120 - - [18/Dec/2020:11:00:49 +0800] "GET /xingrg/kc/buy/cgsh_order_operate.html?command=get_materiel&rest_code=00111&code=00101006160&supplier_code=00100344&order_time=2020-12-18 HTTP/1.1" 200 417
117.185.32.26 - - [18/Dec/2020:11:00:49 +0800] "POST /xingrg/kc/buy/cgsh_order_operate.html HTTP/1.1" 200 37
172.17.0.123 - - [18/Dec/2020:11:00:50 +0800] "POST /xingrg/kc/buy/cgsh_list_operate.html HTTP/1.1" 200 1244
58.40.7.146 - - [18/Dec/2020:11:00:50 +0800] "GET /xingrg/check_reg.html?_=1608260447199 HTTP/1.1" 302 -
172.17.0.103 - - [18/Dec/2020:11:00:50 +0800] "GET /xingrg/all/function/internal_message.html?_=1608260448610&CODE_STATE=getMsg HTTP/1.1" 200 27
180.162.223.42 - - [18/Dec/2020:11:00:51 +0800] "POST /xingrg/kc/buy/cgsh_order_operate.html HTTP/1.1" 200 37
116.228.172.94 - - [18/Dec/2020:11:00:51 +0800] "POST /xingrg/kc/buy/cgsh_order_operate.html HTTP/1.1" 200 5042
117.185.32.26 - - [18/Dec/2020:11:00:51 +0800] "POST /xingrg/kc/buy/cgsh_order_operate.html HTTP/1.1" 200 29253
180.162.223.42 - - [18/Dec/2020:11:00:52 +0800] "POST /xingrg/kc/buy/cgsh_order_operate.html HTTP/1.1" 200 4443
116.232.55.224 - - [18/Dec/2020:11:00:52 +0800] "POST /xingrg/kc/buy/cgsh_order_operate.html HTTP/1.1" 200 2065
180.162.223.42 - - [18/Dec/2020:11:00:53 +0800] "GET /xingrg/kc/print/load_data.html?order_code=212020121806988&kc_code=cgsh&condition= HTTP/1.1" 200 1344
180.162.223.42 - - [18/Dec/2020:11:00:55 +0800] "POST /xingrg/kc/base/wldb_order_operate.html HTTP/1.1" 200 37
180.162.223.42 - - [18/Dec/2020:11:00:55 +0800] "POST /xingrg/kc/base/wldb_order_operate.html HTTP/1.1" 200 4655
172.17.200.101 - - [18/Dec/2020:11:00:56 +0800] "GET /xingrg/all/function/internal_message.html?_=1608260456795&CODE_STATE=getMsg HTTP/1.1" 200 27
116.232.55.224 - - [18/Dec/2020:11:00:56 +0800] "GET /xingrg/kc/buy/cgsh_order_operate.html?command=get_materiel&rest_code=00109&code=00101008186&supplier_code=00100005&order_time=2020-12-18 HTTP/1.1" 200 408
180.162.223.42 - - [18/Dec/2020:11:00:56 +0800] "GET /xingrg/kc/base/wldb_order_info.html?code=422020121801984 HTTP/1.1" 200 30523
180.162.223.42 - - [18/Dec/2020:11:00:56 +0800] "GET /xingrg/kc/buy/cgsh_order_add.html HTTP/1.1" 200 60949
180.162.223.42 - - [18/Dec/2020:11:00:56 +0800] "GET /xingrg/javascript/easyui/themes/default/validatebox.css HTTP/1.1" 404 1104
180.162.223.42 - - [18/Dec/2020:11:00:57 +0800] "POST /xingrg/kc/base/wldb_order_operate.html HTTP/1.1" 200 4655
180.162.223.42 - - [18/Dec/2020:11:00:57 +0800] "GET /xingrg/javascript/easyui/themes/default/validatebox.css HTTP/1.1" 404 1104
180.162.223.42 - - [18/Dec/2020:11:00:57 +0800] "POST /xingrg/kc/buy/cgsh_order_operate.html HTTP/1.1" 200 8245
117.131.5.26 - - [18/Dec/2020:11:00:58 +0800] "GET /xingrg/all/function/internal_message.html?_=1608260497611&CODE_STATE=getMsg HTTP/1.1" 200 27
116.232.55.224 - - [18/Dec/2020:11:01:02 +0800] "GET /xingrg/kc/buy/cgsh_order_operate.html?command=get_materiel&rest_code=00109&code=00101008096&supplier_code=00100005&order_time=2020-12-18 HTTP/1.1" 200 413
114.88.161.120 - - [18/Dec/2020:11:01:03 +0800] "GET /xingrg/kc/buy/cgsh_order_operate.html?command=get_materiel&rest_code=00111&code=00101006153&supplier_code=00100344&order_time=2020-12-18 HTTP/1.1" 200 415
114.88.159.147 - - [18/Dec/2020:11:01:03 +0800] "GET /xingrg/check_reg.html?_=1608260475601 HTTP/1.1" 200 22
114.88.159.147 - - [18/Dec/2020:11:01:04 +0800] "GET /xingrg/all/function/internal_message.html?_=1608260475812&CODE_STATE=getMsg HTTP/1.1" 200 27
117.185.32.26 - - [18/Dec/2020:11:01:05 +0800] "GET /xingrg/all/function/internal_message.html?_=1608260456872&CODE_STATE=getMsg HTTP/1.1" 200 27
117.185.32.26 - - [18/Dec/2020:11:01:05 +0800] "GET /xingrg/kc/buy/cgsh_order_operate.html?command=get_materiel&rest_code=00106&code=00101008175&supplier_code=00100007&order_time=2020-12-18 HTTP/1.1" 200 412
116.228.172.94 - - [18/Dec/2020:11:01:06 +0800] "GET /xingrg/kc/print/load_data.html?order_code=212020121806987&kc_code=cgsh&condition= HTTP/1.1" 200 1651
116.232.55.224 - - [18/Dec/2020:11:01:07 +0800] "GET /xingrg/kc/buy/cgsh_order_operate.html?command=get_materiel&rest_code=00109&code=00101008358&supplier_code=00100005&order_time=2020-12-18 HTTP/1.1" 200 412
180.174.56.115 - - [18/Dec/2020:11:01:08 +0800] "GET /xingrg/all/function/internal_message.html?_=1608260469569&CODE_STATE=getMsg HTTP/1.1" 200 27
120.204.17.71 - - [18/Dec/2020:11:01:12 +0800] "GET /xingrg/kc/buy/cgsh_order_operate.html?command=get_materiel&rest_code=00106&code=00101008286&supplier_code=00100007&order_time=2020-12-18 HTTP/1.1" 302 -
116.232.55.224 - - [18/Dec/2020:11:01:13 +0800] "GET /xingrg/kc/buy/cgsh_order_operate.html?command=get_materiel&rest_code=00109&code=00101008290&supplier_code=00100005&order_time=2020-12-18 HTTP/1.1" 200 416
116.228.172.94 - - [18/Dec/2020:11:01:14 +0800] "GET /xingrg/kc/buy/cgsh_order_add.html HTTP/1.1" 200 60990
114.88.161.120 - - [18/Dec/2020:11:01:14 +0800] "POST /xingrg/kc/buy/cgsh_order_operate.html HTTP/1.1" 200 37
116.230.118.184 - - [18/Dec/2020:11:01:15 +0800] "GET /xingrg/check_reg.html?_=1608260474635 HTTP/1.1" 200 22
114.88.161.120 - - [18/Dec/2020:11:01:15 +0800] "POST /xingrg/kc/buy/cgsh_order_operate.html HTTP/1.1" 200 3856
120.204.17.71 - - [18/Dec/2020:11:01:16 +0800] "GET /xingrg/login.html HTTP/1.1" 200 7641
116.230.118.184 - - [18/Dec/2020:11:01:16 +0800] "GET /xingrg/all/function/internal_message.html?_=1608260476493&CODE_STATE=getMsg HTTP/1.1" 200 27
116.228.172.94 - - [18/Dec/2020:11:01:17 +0800] "GET /xingrg/javascript/easyui/themes/default/validatebox.css HTTP/1.1" 404 1104
116.228.172.94 - - [18/Dec/2020:11:01:17 +0800] "POST /xingrg/kc/buy/cgsh_order_operate.html HTTP/1.1" 200 8245
114.88.161.120 - - [18/Dec/2020:11:01:18 +0800] "GET /xingrg/kc/print/load_data.html?order_code=212020121806989&kc_code=cgsh&condition= HTTP/1.1" 200 1148
172.17.0.123 - - [18/Dec/2020:11:01:18 +0800] "GET /xingrg/all/function/internal_message.html?_=1608260393036&CODE_STATE=getMsg HTTP/1.1" 200 27
116.228.172.94 - - [18/Dec/2020:11:01:18 +0800] "GET /xingrg/javascript/easyui/themes/default/tree.css HTTP/1.1" 404 1090
116.228.172.94 - - [18/Dec/2020:11:01:18 +0800] "POST /xingrg/all/common/load_tree.html?tree=supplier_tree_json&isDelete=1 HTTP/1.1" 200 52465
183.192.164.214 - - [18/Dec/2020:11:01:18 +0800] "GET /xingrg/kc/buy/cgsh_order_operate.html?command=get_materiel&rest_code=00106&code=00101008005&supplier_code=00100007&order_time=2020-12-18 HTTP/1.1" 302 -
222.69.136.191 - - [18/Dec/2020:11:01:21 +0800] "GET /xingrg/all/function/internal_message.html?_=1608260475939&CODE_STATE=getMsg HTTP/1.1" 200 27
172.17.0.120 - - [18/Dec/2020:11:01:21 +0800] "POST /xingrg/kc/buy/cgsh_list_operate.html HTTP/1.1" 200 876
183.192.164.214 - - [18/Dec/2020:11:01:21 +0800] "GET /xingrg/login.html HTTP/1.1" 200 7641
222.69.136.191 - - [18/Dec/2020:11:01:23 +0800] "GET /xingrg/check_reg.html?_=1608260477796 HTTP/1.1" 200 22
117.185.32.26 - - [18/Dec/2020:11:01:23 +0800] "GET /xingrg/kc/buy/cgsh_order_operate.html?command=get_materiel&rest_code=00106&code=00101008350&supplier_code=00100007&order_time=2020-12-18 HTTP/1.1" 200 408
180.171.117.89 - - [18/Dec/2020:11:01:23 +0800] "GET /xingrg/check_reg.html?_=1608260480234 HTTP/1.1" 200 22
180.162.223.42 - - [18/Dec/2020:11:01:23 +0800] "GET /xingrg/all/function/internal_message.html?_=1608260463112&CODE_STATE=getMsg HTTP/1.1" 200 27
180.171.117.89 - - [18/Dec/2020:11:01:24 +0800] "GET /xingrg/all/function/internal_message.html?_=1608260480236&CODE_STATE=getMsg HTTP/1.1" 200 27
180.162.223.42 - - [18/Dec/2020:11:01:24 +0800] "GET /xingrg/all/function/internal_message.html?_=1608260485832&CODE_STATE=getMsg HTTP/1.1" 200 27
183.192.164.214 - - [18/Dec/2020:11:01:24 +0800] "GET /xingrg/kc/buy/cgsh_order_operate.html?command=get_materiel&rest_code=00106&code=00101008163&supplier_code=00100007&order_time=2020-12-18 HTTP/1.1" 302 -
117.184.7.26 - - [18/Dec/2020:11:01:25 +0800] "GET /xingrg/all/function/internal_message.html?_=1608260472651&CODE_STATE=getMsg HTTP/1.1" 200 27
116.230.106.194 - - [18/Dec/2020:11:01:25 +0800] "GET /xingrg/all/function/internal_message.html?_=1608260482559&CODE_STATE=getMsg HTTP/1.1" 200 27
61.129.6.145 - - [18/Dec/2020:11:01:26 +0800] "GET /xingrg/kc/buy/cgsh_order_operate.html?command=get_materiel&rest_code=00141&code=00101007049&supplier_code=00100004&order_time=2020-12-18 HTTP/1.1" 302 -
114.88.161.120 - - [18/Dec/2020:11:01:27 +0800] "GET /xingrg/kc/buy/cgsh_order_add.html HTTP/1.1" 200 60902
114.88.161.120 - - [18/Dec/2020:11:01:27 +0800] "GET /xingrg/javascript/easyui/themes/default/validatebox.css HTTP/1.1" 404 1104
114.88.161.120 - - [18/Dec/2020:11:01:27 +0800] "POST /xingrg/kc/buy/cgsh_order_operate.html HTTP/1.1" 200 8245
117.185.32.26 - - [18/Dec/2020:11:01:27 +0800] "GET /xingrg/all/function/internal_message.html?_=1608260949178&CODE_STATE=getMsg HTTP/1.1" 200 27
114.88.161.120 - - [18/Dec/2020:11:01:29 +0800] "GET /xingrg/all/function/internal_message.html?_=1608260625185&CODE_STATE=getMsg HTTP/1.1" 200 27
180.162.223.42 - - [18/Dec/2020:11:01:29 +0800] "GET /xingrg/kc/base/wldb_order_add.html HTTP/1.1" 200 30508
180.162.223.42 - - [18/Dec/2020:11:01:29 +0800] "POST /xingrg/kc/base/wldb_order_operate.html HTTP/1.1" 200 6806
180.162.223.42 - - [18/Dec/2020:11:01:30 +0800] "GET /xingrg/javascript/easyui/themes/default/validatebox.css HTTP/1.1" 404 1104
117.185.32.26 - - [18/Dec/2020:11:01:30 +0800] "GET /xingrg/kc/buy/cgsh_order_operate.html?command=get_materiel&rest_code=00106&code=00101008112&supplier_code=00100007&order_time=2020-12-18 HTTP/1.1" 200 412
180.162.223.42 - - [18/Dec/2020:11:01:30 +0800] "POST /xingrg/all/common/load_combo.html?type=base HTTP/1.1" 200 3236
120.204.17.71 - - [18/Dec/2020:11:01:31 +0800] "GET /xingrg/kc/buy/cgsh_order_operate.html?command=get_materiel&rest_code=00106&code=00101008352&supplier_code=00100007&order_time=2020-12-18 HTTP/1.1" 302 -
183.192.164.214 - - [18/Dec/2020:11:01:32 +0800] "GET /xingrg/login.html HTTP/1.1" 200 7641
172.17.0.123 - - [18/Dec/2020:11:01:32 +0800] "POST /xingrg/kc/buy/cgsh_list_operate.html HTTP/1.1" 200 295
101.85.93.83 - - [18/Dec/2020:11:01:32 +0800] "GET /xingrg/check_reg.html?_=1608260189234 HTTP/1.1" 200 22
101.85.93.83 - - [18/Dec/2020:11:01:32 +0800] "GET /xingrg/all/function/internal_message.html?_=1608260189237&CODE_STATE=getMsg HTTP/1.1" 200 27
116.232.55.224 - - [18/Dec/2020:11:01:32 +0800] "GET /xingrg/kc/buy/cgsh_order_operate.html?command=get_materiel&rest_code=00109&code=00101008251&supplier_code=00100005&order_time=2020-12-18 HTTP/1.1" 200 408
61.129.6.145 - - [18/Dec/2020:11:01:33 +0800] "GET /xingrg/login.html HTTP/1.1" 200 7641
117.185.32.26 - - [18/Dec/2020:11:01:34 +0800] "POST /xingrg/kc/buy/cgsh_order_operate.html HTTP/1.1" 200 2065
180.162.223.42 - - [18/Dec/2020:11:01:34 +0800] "POST /xingrg/all/common/load_combo.html?type=base HTTP/1.1" 200 3236
172.17.0.123 - - [18/Dec/2020:11:01:34 +0800] "GET /xingrg/all/function/internal_message.html?_=1608260409315&CODE_STATE=getMsg HTTP/1.1" 200 27
116.232.55.224 - - [18/Dec/2020:11:01:34 +0800] "POST /xingrg/kc/buy/cgsh_order_operate.html HTTP/1.1" 200 2065
120.204.17.71 - - [18/Dec/2020:11:01:35 +0800] "GET /xingrg/login.html HTTP/1.1" 200 7641
180.174.56.115 - - [18/Dec/2020:11:01:36 +0800] "GET /xingrg/all/function/internal_message.html?_=1608260454175&CODE_STATE=getMsg HTTP/1.1" 200 27
172.17.0.123 - - [18/Dec/2020:11:01:36 +0800] "GET /xingrg/check_reg.html?_=1608260411609 HTTP/1.1" 200 22
180.152.104.37 - - [18/Dec/2020:11:01:37 +0800] "GET /xingrg/check_reg.html?_=1608260495983 HTTP/1.1" 200 22
180.152.104.37 - - [18/Dec/2020:11:01:37 +0800] "GET /xingrg/all/function/internal_message.html?_=1608260496786&CODE_STATE=getMsg HTTP/1.1" 200 27
172.17.0.123 - - [18/Dec/2020:11:01:40 +0800] "GET /xingrg/kc/buy/cgsh_order_info.html?code=212020102008093 HTTP/1.1" 200 55055
172.17.0.123 - - [18/Dec/2020:11:01:40 +0800] "GET /xingrg/words/20201216152930_words.js HTTP/1.1" 200 780605
172.17.0.123 - - [18/Dec/2020:11:01:40 +0800] "GET /xingrg/javascript/easyui/themes/icons/copy_new.png HTTP/1.1" 200 815
172.17.0.123 - - [18/Dec/2020:11:01:40 +0800] "GET /xingrg/javascript/easyui/themes/default/validatebox.css HTTP/1.1" 404 1104
172.17.0.123 - - [18/Dec/2020:11:01:41 +0800] "POST /xingrg/kc/buy/cgsh_order_operate.html HTTP/1.1" 200 1236
180.162.108.15 - - [18/Dec/2020:11:01:41 +0800] "GET /xingrg/all/function/internal_message.html?_=1608260397198&CODE_STATE=getMsg HTTP/1.1" 200 27
180.162.108.15 - - [18/Dec/2020:11:01:41 +0800] "GET /xingrg/check_reg.html?_=1608260397420 HTTP/1.1" 200 22
116.232.55.224 - - [18/Dec/2020:11:01:41 +0800] "GET /xingrg/kc/buy/cgsh_order_operate.html?command=get_materiel&rest_code=00109&code=00101008225&supplier_code=00100005&order_time=2020-12-18 HTTP/1.1" 200 416
117.131.5.26 - - [18/Dec/2020:11:01:41 +0800] "GET /xingrg/all/function/internal_message.html?_=1608260830058&CODE_STATE=getMsg HTTP/1.1" 302 -
117.131.5.26 - - [18/Dec/2020:11:01:41 +0800] "GET /xingrg/login.html HTTP/1.1" 200 7641
114.88.161.120 - - [18/Dec/2020:11:01:42 +0800] "GET /xingrg/all/function/internal_message.html?_=1608260498785&CODE_STATE=getMsg HTTP/1.1" 302 -
222.69.133.109 - - [18/Dec/2020:11:01:43 +0800] "GET /xingrg/all/function/internal_message.html?_=1608260503119&CODE_STATE=getMsg HTTP/1.1" 200 27
180.162.223.42 - - [18/Dec/2020:11:01:43 +0800] "GET /xingrg/kc/buy/cgsh_order_operate.html?command=get_materiel&rest_code=00105&code=00101009001&supplier_code=00100024&order_time=2020-12-18 HTTP/1.1" 200 416
114.88.161.120 - - [18/Dec/2020:11:01:45 +0800] "GET /xingrg/kc/buy/cgsh_order_operate.html?command=get_materiel&rest_code=00111&code=00101010079&supplier_code=00100336&order_time=2020-12-18 HTTP/1.1" 200 413
117.185.32.26 - - [18/Dec/2020:11:01:46 +0800] "GET /xingrg/kc/buy/cgsh_order_operate.html?command=get_materiel&rest_code=00106&code=00101008439&supplier_code=00100007&order_time=2020-12-18 HTTP/1.1" 200 399
116.232.55.224 - - [18/Dec/2020:11:01:48 +0800] "GET /xingrg/all/function/internal_message.html?_=1608260507373&CODE_STATE=getMsg HTTP/1.1" 200 27
116.228.172.94 - - [18/Dec/2020:11:01:49 +0800] "GET /xingrg/all/function/internal_message.html?_=1608260500686&CODE_STATE=getMsg HTTP/1.1" 200 27
172.17.0.120 - - [18/Dec/2020:11:01:49 +0800] "GET /xingrg/all/function/internal_message.html?_=1608260506378&CODE_STATE=getMsg HTTP/1.1" 200 27
116.232.55.224 - - [18/Dec/2020:11:01:49 +0800] "GET /xingrg/kc/buy/cgsh_order_operate.html?command=get_materiel&rest_code=00109&code=00101020005&supplier_code=00100005&order_time=2020-12-18 HTTP/1.1" 200 408
172.17.0.103 - - [18/Dec/2020:11:01:50 +0800] "GET /xingrg/all/function/internal_message.html?_=1608260508591&CODE_STATE=getMsg HTTP/1.1" 200 27
180.162.223.42 - - [18/Dec/2020:11:01:50 +0800] "GET /xingrg/kc/base/wldb_order_operate.html?command=get_materiel&rest_code=00105&base_code=0010508&code=00102002258 HTTP/1.1" 200 433
117.185.32.26 - - [18/Dec/2020:11:01:52 +0800] "GET /xingrg/kc/buy/cgsh_order_operate.html?command=get_materiel&rest_code=00106&code=00101008360&supplier_code=00100007&order_time=2020-12-18 HTTP/1.1" 200 413
101.89.239.230 - - [18/Dec/2020:11:01:55 +0800] "GET /xingrg/kc/buy/cgsh_order_operate.html?command=get_materiel&rest_code=00141&code=00101007061&supplier_code=00100004&order_time=2020-12-18 HTTP/1.1" 302 -
114.88.161.120 - - [18/Dec/2020:11:01:55 +0800] "POST /xingrg/kc/buy/cgsh_order_operate.html HTTP/1.1" 200 37
172.17.200.101 - - [18/Dec/2020:11:01:56 +0800] "GET /xingrg/all/function/internal_message.html?_=1608260516785&CODE_STATE=getMsg HTTP/1.1" 200 27
116.228.172.94 - - [18/Dec/2020:11:01:56 +0800] "GET /xingrg/kc/buy/cgsh_order_operate.html?command=get_materiel&rest_code=00107&code=00101018007&supplier_code=00100330&order_time=2020-12-18 HTTP/1.1" 200 409
180.162.223.42 - - [18/Dec/2020:11:01:56 +0800] "GET /xingrg/kc/buy/cgsh_order_operate.html?command=get_materiel&rest_code=00105&code=00101009045&supplier_code=00100024&order_time=2020-12-18 HTTP/1.1" 200 412
116.232.55.224 - - [18/Dec/2020:11:01:56 +0800] "GET /xingrg/kc/buy/cgsh_order_operate.html?command=get_materiel&rest_code=00109&code=00101008306&supplier_code=00100005&order_time=2020-12-18 HTTP/1.1" 200 412
114.88.161.120 - - [18/Dec/2020:11:01:56 +0800] "POST /xingrg/kc/buy/cgsh_order_operate.html HTTP/1.1" 200 2657
117.131.5.26 - - [18/Dec/2020:11:01:58 +0800] "GET /xingrg/all/function/internal_message.html?_=1608260557610&CODE_STATE=getMsg HTTP/1.1" 200 27
114.88.161.120 - - [18/Dec/2020:11:01:58 +0800] "GET /xingrg/kc/print/load_data.html?order_code=212020121806990&kc_code=cgsh&condition= HTTP/1.1" 200 670
101.89.239.230 - - [18/Dec/2020:11:01:59 +0800] "GET /xingrg/login.html HTTP/1.1" 200 7641
117.185.32.26 - - [18/Dec/2020:11:02:00 +0800] "GET /xingrg/kc/buy/cgsh_order_operate.html?command=get_materiel&rest_code=00106&code=00101008223&supplier_code=00100007&order_time=2020-12-18 HTTP/1.1" 200 412
183.192.164.71 - - [18/Dec/2020:11:02:00 +0800] "GET /xingrg/all/function/internal_message.html?_=1608259916997&CODE_STATE=getMsg HTTP/1.1" 302 -
101.89.29.92 - - [18/Dec/2020:11:02:02 +0800] "GET /xingrg/kc/buy/cgsh_order_operate.html?command=get_materiel&rest_code=00141&code=00101007081&supplier_code=00100004&order_time=2020-12-18 HTTP/1.1" 302 -
116.232.55.224 - - [18/Dec/2020:11:02:02 +0800] "GET /xingrg/kc/buy/cgsh_order_operate.html?command=get_materiel&rest_code=00109&code=00101015067&supplier_code=00100005&order_time=2020-12-18 HTTP/1.1" 200 412
180.162.223.42 - - [18/Dec/2020:11:02:02 +0800] "GET /xingrg/kc/buy/cgsh_order_operate.html?command=get_materiel&rest_code=00105&code=00101009062&supplier_code=00100024&order_time=2020-12-18 HTTP/1.1" 200 433
180.162.223.42 - - [18/Dec/2020:11:02:03 +0800] "GET /xingrg/kc/base/wldb_order_operate.html?command=get_materiel&rest_code=00105&base_code=0010508&code=00102002082 HTTP/1.1" 200 440
114.88.159.147 - - [18/Dec/2020:11:02:04 +0800] "GET /xingrg/all/function/internal_message.html?_=1608260535782&CODE_STATE=getMsg HTTP/1.1" 200 27
117.185.32.26 - - [18/Dec/2020:11:02:05 +0800] "GET /xingrg/all/function/internal_message.html?_=1608260516812&CODE_STATE=getMsg HTTP/1.1" 200 27
101.89.29.92 - - [18/Dec/2020:11:02:06 +0800] "GET /xingrg/login.html HTTP/1.1" 200 7641
117.185.32.26 - - [18/Dec/2020:11:02:08 +0800] "GET /xingrg/kc/buy/cgsh_order_operate.html?command=get_materiel&rest_code=00106&code=00101008254&supplier_code=00100007&order_time=2020-12-18 HTTP/1.1" 200 412
114.88.161.120 - - [18/Dec/2020:11:02:08 +0800] "GET /xingrg/kc/buy/cgsh_order_add.html HTTP/1.1" 200 60902
183.192.164.71 - - [18/Dec/2020:11:02:08 +0800] "GET /xingrg/kc/buy/cgsh_order_operate.html?command=get_materiel&rest_code=00106&code=00101008357&supplier_code=00100007&order_time=2020-12-18 HTTP/1.1" 302 -
114.88.161.120 - - [18/Dec/2020:11:02:08 +0800] "GET /xingrg/javascript/easyui/themes/default/validatebox.css HTTP/1.1" 404 1104
180.174.56.115 - - [18/Dec/2020:11:02:08 +0800] "GET /xingrg/all/function/internal_message.html?_=1608260529575&CODE_STATE=getMsg HTTP/1.1" 200 27
180.174.56.115 - - [18/Dec/2020:11:02:08 +0800] "GET /xingrg/check_reg.html?_=1608260529578 HTTP/1.1" 200 22
114.88.161.120 - - [18/Dec/2020:11:02:08 +0800] "POST /xingrg/kc/buy/cgsh_order_operate.html HTTP/1.1" 200 8245
183.192.164.71 - - [18/Dec/2020:11:02:08 +0800] "GET /xingrg/login.html HTTP/1.1" 200 7641
116.232.55.224 - - [18/Dec/2020:11:02:09 +0800] "GET /xingrg/kc/buy/cgsh_order_operate.html?command=get_materiel&rest_code=00109&code=00101015068&supplier_code=00100005&order_time=2020-12-18 HTTP/1.1" 200 412
180.162.223.42 - - [18/Dec/2020:11:02:10 +0800] "POST /xingrg/kc/base/wldb_order_operate.html HTTP/1.1" 200 37
180.162.223.42 - - [18/Dec/2020:11:02:10 +0800] "POST /xingrg/kc/base/wldb_order_operate.html HTTP/1.1" 200 2679
180.162.223.42 - - [18/Dec/2020:11:02:10 +0800] "GET /xingrg/kc/base/wldb_order_info.html?code=422020121801985 HTTP/1.1" 200 30522
180.162.223.42 - - [18/Dec/2020:11:02:11 +0800] "GET /xingrg/kc/buy/cgsh_order_operate.html?command=get_materiel&rest_code=00105&code=00101009019&supplier_code=00100024&order_time=2020-12-18 HTTP/1.1" 200 432
180.162.223.42 - - [18/Dec/2020:11:02:11 +0800] "GET /xingrg/javascript/easyui/themes/default/validatebox.css HTTP/1.1" 404 1104
180.162.223.42 - - [18/Dec/2020:11:02:11 +0800] "POST /xingrg/kc/base/wldb_order_operate.html HTTP/1.1" 200 2679
116.232.55.224 - - [18/Dec/2020:11:02:16 +0800] "GET /xingrg/kc/buy/cgsh_order_operate.html?command=get_materiel&rest_code=00109&code=00101008283&supplier_code=00100005&order_time=2020-12-18 HTTP/1.1" 200 408
183.192.164.71 - - [18/Dec/2020:11:02:16 +0800] "GET /xingrg/login.html HTTP/1.1" 200 7641
116.230.118.184 - - [18/Dec/2020:11:02:16 +0800] "GET /xingrg/all/function/internal_message.html?_=1608260536506&CODE_STATE=getMsg HTTP/1.1" 200 27
116.232.55.224 - - [18/Dec/2020:11:02:17 +0800] "POST /xingrg/kc/buy/cgsh_order_operate.html HTTP/1.1" 200 2065
172.17.0.123 - - [18/Dec/2020:11:02:18 +0800] "GET /xingrg/all/function/internal_message.html?_=1608260453039&CODE_STATE=getMsg HTTP/1.1" 200 27
183.192.164.214 - - [18/Dec/2020:11:02:20 +0800] "GET /xingrg/kc/buy/cgsh_order_operate.html?command=get_materiel&rest_code=00106&code=00101008131&supplier_code=00100007&order_time=2020-12-18 HTTP/1.1" 302 -
222.69.136.191 - - [18/Dec/2020:11:02:21 +0800] "GET /xingrg/all/function/internal_message.html?_=1608260535930&CODE_STATE=getMsg HTTP/1.1" 200 27
117.131.5.26 - - [18/Dec/2020:11:02:21 +0800] "GET /xingrg/check_reg.html?_=1608260869586 HTTP/1.1" 302 -
117.131.5.26 - - [18/Dec/2020:11:02:21 +0800] "GET /xingrg/login.html HTTP/1.1" 200 7641
116.232.55.224 - - [18/Dec/2020:11:02:21 +0800] "GET /xingrg/kc/buy/cgsh_order_operate.html?command=get_materiel&rest_code=00109&code=00101008003&supplier_code=00100005&order_time=2020-12-18 HTTP/1.1" 200 408
180.171.117.89 - - [18/Dec/2020:11:02:23 +0800] "GET /xingrg/all/function/internal_message.html?_=1608260540235&CODE_STATE=getMsg HTTP/1.1" 200 27
180.162.223.42 - - [18/Dec/2020:11:02:23 +0800] "GET /xingrg/all/function/internal_message.html?_=1608260523117&CODE_STATE=getMsg HTTP/1.1" 200 27
180.162.223.42 - - [18/Dec/2020:11:02:24 +0800] "GET /xingrg/all/function/internal_message.html?_=1608260545851&CODE_STATE=getMsg HTTP/1.1" 200 27
117.184.7.26 - - [18/Dec/2020:11:02:24 +0800] "GET /xingrg/all/function/internal_message.html?_=1608260532637&CODE_STATE=getMsg HTTP/1.1" 200 27
116.230.106.194 - - [18/Dec/2020:11:02:25 +0800] "GET /xingrg/all/function/internal_message.html?_=1608260542575&CODE_STATE=getMsg HTTP/1.1" 200 27
117.185.32.26 - - [18/Dec/2020:11:02:25 +0800] "POST /xingrg/kc/buy/cgsh_order_operate.html HTTP/1.1" 200 37
183.192.164.214 - - [18/Dec/2020:11:02:26 +0800] "GET /xingrg/login.html HTTP/1.1" 200 7641
117.185.32.26 - - [18/Dec/2020:11:02:27 +0800] "POST /xingrg/kc/buy/cgsh_order_operate.html HTTP/1.1" 200 34575
117.185.32.26 - - [18/Dec/2020:11:02:27 +0800] "GET /xingrg/all/function/internal_message.html?_=1608261009175&CODE_STATE=getMsg HTTP/1.1" 200 27
114.88.161.120 - - [18/Dec/2020:11:02:29 +0800] "GET /xingrg/all/function/internal_message.html?_=1608260685186&CODE_STATE=getMsg HTTP/1.1" 200 27
116.232.55.224 - - [18/Dec/2020:11:02:30 +0800] "POST /xingrg/kc/buy/cgsh_order_operate.html HTTP/1.1" 200 37
101.85.93.83 - - [18/Dec/2020:11:02:32 +0800] "GET /xingrg/all/function/internal_message.html?_=1608260249235&CODE_STATE=getMsg HTTP/1.1" 200 27
172.17.0.123 - - [18/Dec/2020:11:02:34 +0800] "GET /xingrg/all/function/internal_message.html?_=1608260469316&CODE_STATE=getMsg HTTP/1.1" 200 27
116.232.55.224 - - [18/Dec/2020:11:02:35 +0800] "POST /xingrg/kc/buy/cgsh_order_operate.html HTTP/1.1" 200 35786
180.174.56.115 - - [18/Dec/2020:11:02:36 +0800] "GET /xingrg/all/function/internal_message.html?_=1608260514179&CODE_STATE=getMsg HTTP/1.1" 200 27
180.152.104.37 - - [18/Dec/2020:11:02:37 +0800] "GET /xingrg/all/function/internal_message.html?_=1608260556787&CODE_STATE=getMsg HTTP/1.1" 200 27
114.88.161.120 - - [18/Dec/2020:11:02:40 +0800] "GET /xingrg/kc/buy/cgsh_order_operate.html?command=get_materiel&rest_code=00111&code=00101004046&supplier_code=00100312&order_time=2020-12-18 HTTP/1.1" 200 417
116.232.55.224 - - [18/Dec/2020:11:02:40 +0800] "GET /xingrg/kc/buy/cgsh_order_operate.html?command=get_materiel&rest_code=00109&code=00101008126&supplier_code=00100005&order_time=2020-12-18 HTTP/1.1" 200 412
180.162.108.15 - - [18/Dec/2020:11:02:41 +0800] "GET /xingrg/all/function/internal_message.html?_=1608260457168&CODE_STATE=getMsg HTTP/1.1" 200 27
117.131.5.26 - - [18/Dec/2020:11:02:42 +0800] "GET /xingrg/all/function/internal_message.html?_=1608260890117&CODE_STATE=getMsg HTTP/1.1" 302 -
117.131.5.26 - - [18/Dec/2020:11:02:42 +0800] "GET /xingrg/login.html HTTP/1.1" 200 7641
114.88.161.120 - - [18/Dec/2020:11:02:42 +0800] "GET /xingrg/all/function/internal_message.html?_=1608260558794&CODE_STATE=getMsg HTTP/1.1" 302 -
222.69.133.109 - - [18/Dec/2020:11:02:43 +0800] "GET /xingrg/all/function/internal_message.html?_=1608260563118&CODE_STATE=getMsg HTTP/1.1" 200 27
222.69.133.109 - - [18/Dec/2020:11:02:43 +0800] "GET /xingrg/check_reg.html?_=1608260563121 HTTP/1.1" 200 22
180.162.223.42 - - [18/Dec/2020:11:02:43 +0800] "GET /xingrg/kc/buy/cgsh_order_operate.html?command=get_materiel&rest_code=00105&code=00101009021&supplier_code=00100024&order_time=2020-12-18 HTTP/1.1" 200 435
61.151.178.197 - - [18/Dec/2020:11:02:45 +0800] "GET /xingrg/kc/buy/cgsh_order_operate.html?command=get_materiel&rest_code=00141&code=00101007089&supplier_code=00100004&order_time=2020-12-18 HTTP/1.1" 302 -
120.253.135.82 - - [18/Dec/2020:11:02:45 +0800] "GET /xingrg/login.html HTTP/1.1" 200 7641
120.253.135.82 - - [18/Dec/2020:11:02:45 +0800] "GET /xingrg/images/blue/jxLogo.png HTTP/1.1" 200 6156
120.253.135.82 - - [18/Dec/2020:11:02:45 +0800] "GET /xingrg/images/blue/hj.png HTTP/1.1" 200 1014
120.253.135.82 - - [18/Dec/2020:11:02:45 +0800] "GET /xingrg/images/blue/login_bg.png HTTP/1.1" 200 22101
180.162.223.42 - - [18/Dec/2020:11:02:45 +0800] "GET /xingrg/kc/base/wldb_order_add.html HTTP/1.1" 200 30508
120.253.135.82 - - [18/Dec/2020:11:02:45 +0800] "GET /xingrg/images/blue/srbg.png HTTP/1.1" 200 138
120.253.135.82 - - [18/Dec/2020:11:02:45 +0800] "GET /favicon.ico HTTP/1.1" 404 -
180.162.223.42 - - [18/Dec/2020:11:02:46 +0800] "POST /xingrg/kc/base/wldb_order_operate.html HTTP/1.1" 200 6806
180.162.223.42 - - [18/Dec/2020:11:02:46 +0800] "GET /xingrg/javascript/easyui/themes/default/validatebox.css HTTP/1.1" 404 1104
116.232.55.224 - - [18/Dec/2020:11:02:46 +0800] "GET /xingrg/kc/buy/cgsh_order_operate.html?command=get_materiel&rest_code=00109&code=00101008361&supplier_code=00100005&order_time=2020-12-18 HTTP/1.1" 200 408
180.162.223.42 - - [18/Dec/2020:11:02:47 +0800] "POST /xingrg/all/common/load_combo.html?type=base HTTP/1.1" 200 3236
120.253.135.82 - - [18/Dec/2020:11:02:48 +0800] "POST /xingrg/login.do HTTP/1.1" 302 -
120.253.135.82 - - [18/Dec/2020:11:02:48 +0800] "GET /xingrg/index.html?sysBaseUrl=http%3A%2F%2F180.169.147.146%3A18081%2Fxingrg%2F&costTime=39×tamp=1608260568108 HTTP/1.1" 200 17173
120.253.135.82 - - [18/Dec/2020:11:02:48 +0800] "GET /xingrg/javascript/jquery_easy_ui/themes/default/easyui.css HTTP/1.1" 304 -
120.253.135.82 - - [18/Dec/2020:11:02:48 +0800] "GET /xingrg/javascript/jquery_easy_ui/themes/icon.css HTTP/1.1" 304 -
120.253.135.82 - - [18/Dec/2020:11:02:48 +0800] "GET /xingrg/javascript/jquery_easy_ui/jquery.easyui.min.js HTTP/1.1" 304 -
120.253.135.82 - - [18/Dec/2020:11:02:48 +0800] "GET /xingrg/javascript/jquery.timers.js HTTP/1.1" 200 3532
120.253.135.82 - - [18/Dec/2020:11:02:48 +0800] "GET /xingrg/javascript/jquery.utils.js HTTP/1.1" 304 -
120.253.135.82 - - [18/Dec/2020:11:02:48 +0800] "GET /xingrg/javascript/jquery-1.4.2.min.js HTTP/1.1" 304 -
120.253.135.82 - - [18/Dec/2020:11:02:48 +0800] "GET /xingrg/javascript/jquery_easy_ui/easyui-lang-zh_CN.js HTTP/1.1" 304 -
120.253.135.82 - - [18/Dec/2020:11:02:48 +0800] "GET /xingrg/css/form.css HTTP/1.1" 304 -
120.253.135.82 - - [18/Dec/2020:11:02:48 +0800] "GET /xingrg/javascript/jquery.form.js HTTP/1.1" 200 23110
120.253.135.82 - - [18/Dec/2020:11:02:48 +0800] "GET /xingrg/javascript/jquery_easy_ui/themes/icons/settle_new.png HTTP/1.1" 304 -
120.253.135.82 - - [18/Dec/2020:11:02:48 +0800] "GET /xingrg/images/blue/navBackgound.jpg HTTP/1.1" 200 12378
120.253.135.82 - - [18/Dec/2020:11:02:48 +0800] "POST /xingrg/all/common/load_tree.html?tree=area_rest_tree_json&manage=1 HTTP/1.1" 200 344
120.253.135.82 - - [18/Dec/2020:11:02:48 +0800] "GET /xingrg/images/blue/pingpu.png HTTP/1.1" 200 231
120.253.135.82 - - [18/Dec/2020:11:02:48 +0800] "GET /xingrg/javascript/jquery_easy_ui/themes/default/images/panel_tool_collapse.gif HTTP/1.1" 200 246
120.253.135.82 - - [18/Dec/2020:11:02:48 +0800] "GET /xingrg/javascript/jquery_easy_ui/themes/default/images/tabs_rightarrow.png HTTP/1.1" 200 395
120.253.135.82 - - [18/Dec/2020:11:02:48 +0800] "GET /xingrg/javascript/jquery_easy_ui/themes/default/images/tabs_leftarrow.png HTTP/1.1" 200 389
116.232.55.224 - - [18/Dec/2020:11:02:48 +0800] "GET /xingrg/all/function/internal_message.html?_=1608260567375&CODE_STATE=getMsg HTTP/1.1" 200 27
120.253.135.82 - - [18/Dec/2020:11:02:48 +0800] "GET /xingrg/all/function/internal_message.html?_=1608260318774&CODE_STATE=count HTTP/1.1" 200 11
120.253.135.82 - - [18/Dec/2020:11:02:48 +0800] "GET /xingrg/check_reg.html?_=1608260318776 HTTP/1.1" 200 22
120.253.135.82 - - [18/Dec/2020:11:02:48 +0800] "GET /xingrg/javascript/jquery_easy_ui/themes/default/images/tree_arrows.gif HTTP/1.1" 200 1043
120.253.135.82 - - [18/Dec/2020:11:02:48 +0800] "GET /favicon.ico HTTP/1.1" 404 -
120.253.135.82 - - [18/Dec/2020:11:02:48 +0800] "POST /xingrg/load_menu.html HTTP/1.1" 200 6743
120.253.135.82 - - [18/Dec/2020:11:02:48 +0800] "GET /xingrg/javascript/jquery_easy_ui/themes/default/images/tree_folder_open.gif HTTP/1.1" 200 956
120.253.135.82 - - [18/Dec/2020:11:02:48 +0800] "GET /xingrg/javascript/jquery_easy_ui/themes/icons/search_new.png HTTP/1.1" 200 586
120.253.135.82 - - [18/Dec/2020:11:02:48 +0800] "GET /xingrg/javascript/jquery_easy_ui/themes/icons/delivery_new.png HTTP/1.1" 200 700
120.253.135.82 - - [18/Dec/2020:11:02:48 +0800] "GET /xingrg/javascript/jquery_easy_ui/themes/icons/forms_new.png HTTP/1.1" 200 350
120.253.135.82 - - [18/Dec/2020:11:02:48 +0800] "GET /xingrg/javascript/jquery_easy_ui/themes/icons/storage_new.png HTTP/1.1" 200 853
120.253.135.82 - - [18/Dec/2020:11:02:48 +0800] "GET /xingrg/javascript/jquery_easy_ui/themes/default/images/tree_file.gif HTTP/1.1" 200 118
120.253.135.82 - - [18/Dec/2020:11:02:48 +0800] "GET /xingrg/javascript/jquery_easy_ui/themes/default/images/tree_folder.gif HTTP/1.1" 200 952
116.228.172.94 - - [18/Dec/2020:11:02:49 +0800] "GET /xingrg/all/function/internal_message.html?_=1608260560671&CODE_STATE=getMsg HTTP/1.1" 200 27
172.17.0.120 - - [18/Dec/2020:11:02:49 +0800] "GET /xingrg/all/function/internal_message.html?_=1608260566382&CODE_STATE=getMsg HTTP/1.1" 200 27
180.162.223.42 - - [18/Dec/2020:11:02:49 +0800] "POST /xingrg/all/common/load_combo.html?type=base HTTP/1.1" 200 3236
172.17.0.103 - - [18/Dec/2020:11:02:50 +0800] "GET /xingrg/all/function/internal_message.html?_=1608260568571&CODE_STATE=getMsg HTTP/1.1" 200 27
180.162.223.42 - - [18/Dec/2020:11:02:50 +0800] "GET /xingrg/kc/buy/cgsh_order_operate.html?command=get_materiel&rest_code=00105&code=00101009011&supplier_code=00100024&order_time=2020-12-18 HTTP/1.1" 200 435
116.232.55.224 - - [18/Dec/2020:11:02:51 +0800] "GET /xingrg/kc/buy/cgsh_order_operate.html?command=get_materiel&rest_code=00109&code=00101008355&supplier_code=00100005&order_time=2020-12-18 HTTP/1.1" 200 408
61.151.178.197 - - [18/Dec/2020:11:02:52 +0800] "GET /xingrg/login.html HTTP/1.1" 200 7641
120.253.135.82 - - [18/Dec/2020:11:02:52 +0800] "GET /xingrg/javascript/jquery_easy_ui/themes/default/images/tabs_close.gif HTTP/1.1" 200 829
120.253.135.82 - - [18/Dec/2020:11:02:52 +0800] "GET /xingrg/css/blue.css HTTP/1.1" 304 -
120.253.135.82 - - [18/Dec/2020:11:02:52 +0800] "GET /xingrg/javascript/pic_change.js HTTP/1.1" 304 -
120.253.135.82 - - [18/Dec/2020:11:02:52 +0800] "GET /xingrg/dwr/interface/AjaxReportQueryService.js HTTP/1.1" 200 13203
120.253.135.82 - - [18/Dec/2020:11:02:52 +0800] "GET /xingrg/javascript/myfunction.js HTTP/1.1" 304 -
120.253.135.82 - - [18/Dec/2020:11:02:52 +0800] "GET /xingrg/kc/pszx/mdqp_order_list.html?state=10 HTTP/1.1" 200 11796
120.253.135.82 - - [18/Dec/2020:11:02:52 +0800] "GET /xingrg/dwr/util.js HTTP/1.1" 304 -
120.253.135.82 - - [18/Dec/2020:11:02:52 +0800] "GET /xingrg/javascript/Calendar.js HTTP/1.1" 304 -
120.253.135.82 - - [18/Dec/2020:11:02:53 +0800] "GET /xingrg/dwr/interface/AjaxQqpsService.js HTTP/1.1" 200 16326
120.253.135.82 - - [18/Dec/2020:11:02:53 +0800] "GET /xingrg/dwr/engine.js HTTP/1.1" 200 43631
120.253.135.82 - - [18/Dec/2020:11:02:53 +0800] "GET /xingrg/javascript/jquery_easy_ui/themes/icons/check_new.png HTTP/1.1" 304 -
120.253.135.82 - - [18/Dec/2020:11:02:53 +0800] "GET /xingrg/javascript/jquery_easy_ui/themes/icons/back_new.png HTTP/1.1" 304 -
120.253.135.82 - - [18/Dec/2020:11:02:53 +0800] "GET /xingrg/javascript/jquery_easy_ui/themes/icons/uncheck_new.png HTTP/1.1" 304 -
120.253.135.82 - - [18/Dec/2020:11:02:55 +0800] "GET /xingrg/kc/pszx/mdps_order_list.html?orderType=0 HTTP/1.1" 200 21159
120.253.135.82 - - [18/Dec/2020:11:02:55 +0800] "GET /xingrg/css/base.css HTTP/1.1" 304 -
120.253.135.82 - - [18/Dec/2020:11:02:55 +0800] "GET /xingrg/css/site.css HTTP/1.1" 304 -
120.253.135.82 - - [18/Dec/2020:11:02:55 +0800] "GET /xingrg/javascript/easyui/themes/default/easyui.css HTTP/1.1" 304 -
120.253.135.82 - - [18/Dec/2020:11:02:55 +0800] "GET /xingrg/javascript/jquery_tools/datebox.css HTTP/1.1" 304 -
120.253.135.82 - - [18/Dec/2020:11:02:55 +0800] "GET /xingrg/javascript/jquery_tools/jquery.tools.min.js HTTP/1.1" 304 -
120.253.135.82 - - [18/Dec/2020:11:02:55 +0800] "GET /xingrg/javascript/jquery_tools/fix.css HTTP/1.1" 304 -
120.253.135.82 - - [18/Dec/2020:11:02:55 +0800] "GET /xingrg/javascript/jquery_tools/jquery.tools.extend.js HTTP/1.1" 304 -
120.253.135.82 - - [18/Dec/2020:11:02:55 +0800] "GET /xingrg/javascript/jquery_tools/table.css HTTP/1.1" 304 -
120.253.135.82 - - [18/Dec/2020:11:02:55 +0800] "GET /xingrg/javascript/jquery_tools/jquery.tools.hotkey.js HTTP/1.1" 304 -
120.253.135.82 - - [18/Dec/2020:11:02:55 +0800] "GET /xingrg/javascript/auto/jquery.autocomplete.css HTTP/1.1" 304 -
120.253.135.82 - - [18/Dec/2020:11:02:55 +0800] "GET /xingrg/javascript/easyui/themes/icon.css HTTP/1.1" 304 -
120.253.135.82 - - [18/Dec/2020:11:02:55 +0800] "GET /xingrg/javascript/jquery_tools/list_manager.js HTTP/1.1" 304 -
120.253.135.82 - - [18/Dec/2020:11:02:55 +0800] "GET /xingrg/javascript/jquery_tools/jquery.tools.table.js HTTP/1.1" 304 -
120.253.135.82 - - [18/Dec/2020:11:02:55 +0800] "GET /xingrg/javascript/easyui/easyloader.js HTTP/1.1" 304 -
120.253.135.82 - - [18/Dec/2020:11:02:55 +0800] "GET /xingrg/javascript/auto/jquery.autocomplete.js HTTP/1.1" 304 -
120.253.135.82 - - [18/Dec/2020:11:02:55 +0800] "GET /xingrg/javascript/jquery.cookie.js HTTP/1.1" 304 -
120.253.135.82 - - [18/Dec/2020:11:02:55 +0800] "GET /xingrg/javascript/print/LodopFuncs.js HTTP/1.1" 304 -
120.253.135.82 - - [18/Dec/2020:11:02:55 +0800] "GET /xingrg/javascript/easyui/themes/icons/edit_add_new.png HTTP/1.1" 304 -
120.253.135.82 - - [18/Dec/2020:11:02:55 +0800] "GET /xingrg/javascript/easyui/themes/icons/field_new.png HTTP/1.1" 304 -
120.253.135.82 - - [18/Dec/2020:11:02:55 +0800] "GET /xingrg/javascript/easyui/themes/icons/cance_new.png HTTP/1.1" 304 -
120.253.135.82 - - [18/Dec/2020:11:02:55 +0800] "GET /xingrg/javascript/easyui/themes/icons/uncheck_new.png HTTP/1.1" 304 -
120.253.135.82 - - [18/Dec/2020:11:02:55 +0800] "GET /xingrg/javascript/easyui/themes/icons/check_new.png HTTP/1.1" 304 -
120.253.135.82 - - [18/Dec/2020:11:02:55 +0800] "GET /xingrg/javascript/easyui/themes/icons/import_new.png HTTP/1.1" 304 -
120.253.135.82 - - [18/Dec/2020:11:02:55 +0800] "GET /xingrg/javascript/easyui/plugins/jquery.parser.js HTTP/1.1" 304 -
120.253.135.82 - - [18/Dec/2020:11:02:55 +0800] "GET /xingrg/images/control/ajaxLoader.gif HTTP/1.1" 304 -
120.253.135.82 - - [18/Dec/2020:11:02:55 +0800] "GET /xingrg/javascript/jquery_easy_ui/themes/icons/area.png HTTP/1.1" 200 262
120.253.135.82 - - [18/Dec/2020:11:02:55 +0800] "GET /xingrg/javascript/jquery_easy_ui/themes/icons/manage.png HTTP/1.1" 200 696
120.253.135.82 - - [18/Dec/2020:11:02:55 +0800] "POST /xingrg/kc/pszx/mdps_list_operate.html HTTP/1.1" 200 5472
172.17.200.101 - - [18/Dec/2020:11:02:56 +0800] "GET /xingrg/all/function/internal_message.html?_=1608260576790&CODE_STATE=getMsg HTTP/1.1" 200 27
180.162.223.42 - - [18/Dec/2020:11:02:56 +0800] "GET /xingrg/kc/buy/cgsh_order_operate.html?command=get_materiel&rest_code=00105&code=00101009007&supplier_code=00100024&order_time=2020-12-18 HTTP/1.1" 200 408
116.232.55.224 - - [18/Dec/2020:11:02:56 +0800] "GET /xingrg/kc/buy/cgsh_order_operate.html?command=get_materiel&rest_code=00109&code=00101008067&supplier_code=00100005&order_time=2020-12-18 HTTP/1.1" 200 416
120.253.135.82 - - [18/Dec/2020:11:02:57 +0800] "GET /xingrg/javascript/auto/indicator.gif HTTP/1.1" 404 1066
117.131.5.26 - - [18/Dec/2020:11:02:58 +0800] "GET /xingrg/check_reg.html?_=1608260617609 HTTP/1.1" 200 22
117.131.5.26 - - [18/Dec/2020:11:02:58 +0800] "GET /xingrg/all/function/internal_message.html?_=1608260617613&CODE_STATE=getMsg HTTP/1.1" 200 27
116.232.55.224 - - [18/Dec/2020:11:02:58 +0800] "POST /xingrg/kc/buy/cgsh_order_operate.html HTTP/1.1" 200 2065
116.232.55.224 - - [18/Dec/2020:11:03:02 +0800] "GET /xingrg/kc/buy/cgsh_order_operate.html?command=get_materiel&rest_code=00109&code=00101008264&supplier_code=00100005&order_time=2020-12-18 HTTP/1.1" 200 412
114.88.159.147 - - [18/Dec/2020:11:03:04 +0800] "GET /xingrg/all/function/internal_message.html?_=1608260595756&CODE_STATE=getMsg HTTP/1.1" 200 27
120.253.135.82 - - [18/Dec/2020:11:03:04 +0800] "POST /xingrg/kc/pszx/mdps_list_operate.html HTTP/1.1" 200 2064
117.185.32.26 - - [18/Dec/2020:11:03:05 +0800] "GET /xingrg/all/function/internal_message.html?_=1608260576886&CODE_STATE=getMsg HTTP/1.1" 200 27
114.88.161.120 - - [18/Dec/2020:11:03:06 +0800] "GET /xingrg/kc/buy/cgsh_order_operate.html?command=get_materiel&rest_code=00111&code=00101004067&supplier_code=00100312&order_time=2020-12-18 HTTP/1.1" 200 413
180.162.223.42 - - [18/Dec/2020:11:03:08 +0800] "GET /xingrg/kc/base/wldb_order_operate.html?command=get_materiel&rest_code=00105&base_code=0010507&code=00101013010 HTTP/1.1" 200 436
180.174.56.115 - - [18/Dec/2020:11:03:08 +0800] "GET /xingrg/all/function/internal_message.html?_=1608260589577&CODE_STATE=getMsg HTTP/1.1" 200 27
120.253.135.82 - - [18/Dec/2020:11:03:08 +0800] "POST /xingrg/kc/pszx/mdps_list_operate.html HTTP/1.1" 200 206
120.253.135.82 - - [18/Dec/2020:11:03:09 +0800] "GET /xingrg/kc/pszx/mdps_order_info.html?code=312020121800454 HTTP/1.1" 200 23887
120.253.135.82 - - [18/Dec/2020:11:03:09 +0800] "GET /xingrg/javascript/jquery_tools/order_manager.js HTTP/1.1" 304 -
120.253.135.82 - - [18/Dec/2020:11:03:09 +0800] "GET /xingrg/javascript/convert.js HTTP/1.1" 304 -
120.253.135.82 - - [18/Dec/2020:11:03:09 +0800] "GET /xingrg/javascript/print/kc_print.js HTTP/1.1" 304 -
120.253.135.82 - - [18/Dec/2020:11:03:09 +0800] "GET /xingrg/javascript/json2.js HTTP/1.1" 304 -
120.253.135.82 - - [18/Dec/2020:11:03:09 +0800] "GET /xingrg/words/20201216152930_words.js HTTP/1.1" 304 -
120.253.135.82 - - [18/Dec/2020:11:03:09 +0800] "GET /xingrg/javascript/easyui/themes/icons/copy_new.png HTTP/1.1" 304 -
120.253.135.82 - - [18/Dec/2020:11:03:09 +0800] "GET /xingrg/javascript/easyui/themes/icons/print.png HTTP/1.1" 304 -
120.253.135.82 - - [18/Dec/2020:11:03:09 +0800] "GET /xingrg/javascript/easyui/themes/icons/cancel.png HTTP/1.1" 304 -
120.253.135.82 - - [18/Dec/2020:11:03:09 +0800] "GET /xingrg/javascript/easyui/themes/icons/ok.png HTTP/1.1" 304 -
120.253.135.82 - - [18/Dec/2020:11:03:09 +0800] "GET /xingrg/javascript/easyui/themes/default/images/menu_downarrow.png HTTP/1.1" 304 -
116.232.55.224 - - [18/Dec/2020:11:03:09 +0800] "GET /xingrg/kc/buy/cgsh_order_operate.html?command=get_materiel&rest_code=00109&code=00101008356&supplier_code=00100005&order_time=2020-12-18 HTTP/1.1" 200 408
120.253.135.82 - - [18/Dec/2020:11:03:09 +0800] "GET /xingrg/all/common/auto_word.html?type=base&rest_code=00101 HTTP/1.1" 200 559
120.253.135.82 - - [18/Dec/2020:11:03:09 +0800] "POST /xingrg/kc/pszx/mdps_order_operate.html HTTP/1.1" 200 2279
120.253.135.82 - - [18/Dec/2020:11:03:10 +0800] "GET /xingrg/javascript/easyui/themes/icons/edit_remove.png HTTP/1.1" 304 -
120.253.135.82 - - [18/Dec/2020:11:03:10 +0800] "GET /xingrg/javascript/easyui/themes/default/validatebox.css HTTP/1.1" 404 1104
120.253.135.82 - - [18/Dec/2020:11:03:10 +0800] "GET /xingrg/javascript/easyui/plugins/jquery.validatebox.js HTTP/1.1" 304 -
120.253.135.82 - - [18/Dec/2020:11:03:10 +0800] "GET /xingrg/javascript/easyui/plugins/jquery.numberbox.js HTTP/1.1" 304 -
120.253.135.82 - - [18/Dec/2020:11:03:10 +0800] "GET /xingrg/javascript/easyui/themes/default/images/button_plain_hover.png HTTP/1.1" 304 -
117.131.5.26 - - [18/Dec/2020:11:03:11 +0800] "POST /xingrg/kc/buy/cgsh_list_operate.html HTTP/1.1" 200 210
120.253.135.82 - - [18/Dec/2020:11:03:13 +0800] "POST /xingrg/kc/pszx/mdps_order_operate.html HTTP/1.1" 200 37
120.253.135.82 - - [18/Dec/2020:11:03:14 +0800] "GET /xingrg/kc/pszx/mdps_order_info.html?code=312020121800454 HTTP/1.1" 200 23887
117.131.5.26 - - [18/Dec/2020:11:03:14 +0800] "POST /xingrg/kc/buy/cgsh_list_operate.html HTTP/1.1" 200 210
120.253.135.82 - - [18/Dec/2020:11:03:14 +0800] "POST /xingrg/kc/pszx/mdps_order_operate.html HTTP/1.1" 200 2287
120.253.135.82 - - [18/Dec/2020:11:03:14 +0800] "GET /xingrg/javascript/easyui/themes/default/validatebox.css HTTP/1.1" 404 1104
116.232.55.224 - - [18/Dec/2020:11:03:15 +0800] "GET /xingrg/kc/buy/cgsh_order_operate.html?command=get_materiel&rest_code=00109&code=00101008357&supplier_code=00100005&order_time=2020-12-18 HTTP/1.1" 200 408
117.131.5.26 - - [18/Dec/2020:11:03:16 +0800] "GET /xingrg/kc/buy/cgsh_order_info.html?code=212020121204826 HTTP/1.1" 200 55809
117.131.5.26 - - [18/Dec/2020:11:03:16 +0800] "GET /xingrg/words/20201216152930_words.js HTTP/1.1" 304 -
116.230.118.184 - - [18/Dec/2020:11:03:16 +0800] "GET /xingrg/all/function/internal_message.html?_=1608260596521&CODE_STATE=getMsg HTTP/1.1" 200 27
117.131.5.26 - - [18/Dec/2020:11:03:17 +0800] "GET /xingrg/javascript/easyui/themes/default/validatebox.css HTTP/1.1" 404 1104
117.131.5.26 - - [18/Dec/2020:11:03:17 +0800] "POST /xingrg/kc/buy/cgsh_order_operate.html HTTP/1.1" 200 623
120.253.135.82 - - [18/Dec/2020:11:03:17 +0800] "POST /xingrg/kc/pszx/mdps_list_operate.html HTTP/1.1" 200 205
172.17.0.123 - - [18/Dec/2020:11:03:18 +0800] "GET /xingrg/check_reg.html?_=1608260513026 HTTP/1.1" 200 22
172.17.0.123 - - [18/Dec/2020:11:03:18 +0800] "GET /xingrg/all/function/internal_message.html?_=1608260513024&CODE_STATE=getMsg HTTP/1.1" 200 27
120.253.135.82 - - [18/Dec/2020:11:03:18 +0800] "GET /xingrg/kc/pszx/mdps_order_info.html?code=312020121000224 HTTP/1.1" 200 23887
120.253.135.82 - - [18/Dec/2020:11:03:18 +0800] "POST /xingrg/kc/pszx/mdps_order_operate.html HTTP/1.1" 200 2283
120.253.135.82 - - [18/Dec/2020:11:03:18 +0800] "GET /xingrg/javascript/easyui/themes/default/validatebox.css HTTP/1.1" 404 1104
180.162.223.42 - - [18/Dec/2020:11:03:19 +0800] "POST /xingrg/kc/buy/cgsh_order_operate.html HTTP/1.1" 200 37
114.88.161.120 - - [18/Dec/2020:11:03:19 +0800] "GET /xingrg/kc/buy/cgsh_order_operate.html?command=get_materiel&rest_code=00111&code=00101004030&supplier_code=00100312&order_time=2020-12-18 HTTP/1.1" 200 408
120.253.135.82 - - [18/Dec/2020:11:03:20 +0800] "GET /xingrg/javascript/jquery_tools/images/prev.gif HTTP/1.1" 404 1086
120.253.135.82 - - [18/Dec/2020:11:03:20 +0800] "GET /xingrg/javascript/jquery_tools/images/next.gif HTTP/1.1" 404 1086
180.162.223.42 - - [18/Dec/2020:11:03:20 +0800] "POST /xingrg/kc/buy/cgsh_order_operate.html HTTP/1.1" 200 6803
222.69.136.191 - - [18/Dec/2020:11:03:21 +0800] "GET /xingrg/all/function/internal_message.html?_=1608260595903&CODE_STATE=getMsg HTTP/1.1" 200 27
180.162.223.42 - - [18/Dec/2020:11:03:21 +0800] "GET /xingrg/kc/print/load_data.html?order_code=212020121806991&kc_code=cgsh&condition= HTTP/1.1" 200 2266
116.232.55.224 - - [18/Dec/2020:11:03:22 +0800] "GET /xingrg/kc/buy/cgsh_order_operate.html?command=get_materiel&rest_code=00109&code=00101008069&supplier_code=00100005&order_time=2020-12-18 HTTP/1.1" 200 412
180.171.117.89 - - [18/Dec/2020:11:03:23 +0800] "GET /xingrg/all/function/internal_message.html?_=1608260600234&CODE_STATE=getMsg HTTP/1.1" 200 27
180.162.223.42 - - [18/Dec/2020:11:03:23 +0800] "GET /xingrg/all/function/internal_message.html?_=1608260583129&CODE_STATE=getMsg HTTP/1.1" 200 27
180.162.223.42 - - [18/Dec/2020:11:03:24 +0800] "GET /xingrg/check_reg.html?_=1608260605870 HTTP/1.1" 200 22
180.162.223.42 - - [18/Dec/2020:11:03:24 +0800] "GET /xingrg/all/function/internal_message.html?_=1608260605872&CODE_STATE=getMsg HTTP/1.1" 200 27
117.184.7.26 - - [18/Dec/2020:11:03:24 +0800] "GET /xingrg/all/function/internal_message.html?_=1608260592649&CODE_STATE=getMsg HTTP/1.1" 200 27
117.184.7.30 - - [18/Dec/2020:11:03:24 +0800] "GET /xingrg/check_reg.html?_=1608260592672 HTTP/1.1" 200 22
116.230.106.194 - - [18/Dec/2020:11:03:25 +0800] "GET /xingrg/check_reg.html?_=1608260602562 HTTP/1.1" 200 22
116.230.106.194 - - [18/Dec/2020:11:03:25 +0800] "GET /xingrg/all/function/internal_message.html?_=1608260602565&CODE_STATE=getMsg HTTP/1.1" 200 27
117.185.32.26 - - [18/Dec/2020:11:03:27 +0800] "GET /xingrg/check_reg.html?_=1608261069173 HTTP/1.1" 200 22
117.185.32.26 - - [18/Dec/2020:11:03:27 +0800] "GET /xingrg/all/function/internal_message.html?_=1608261069174&CODE_STATE=getMsg HTTP/1.1" 200 27
114.88.161.120 - - [18/Dec/2020:11:03:27 +0800] "GET /xingrg/kc/buy/cgsh_order_operate.html?command=get_materiel&rest_code=00111&code=00101001029&supplier_code=00100312&order_time=2020-12-18 HTTP/1.1" 200 414
117.131.5.26 - - [18/Dec/2020:11:03:28 +0800] "GET /xingrg/kc/buy/cgsh_order_info.html?code=212020121606440 HTTP/1.1" 200 55809
117.131.5.26 - - [18/Dec/2020:11:03:28 +0800] "GET /xingrg/javascript/easyui/themes/default/validatebox.css HTTP/1.1" 404 1104
117.131.5.26 - - [18/Dec/2020:11:03:28 +0800] "POST /xingrg/kc/buy/cgsh_order_operate.html HTTP/1.1" 200 620
