120.253.135.82 - - [18/Dec/2020:11:07:21 +0800] "GET /xingrg/javascript/jquery_easy_ui/themes/icons/ok.png HTTP/1.1" 200 883
120.253.135.82 - - [18/Dec/2020:11:07:21 +0800] "GET /xingrg/javascript/jquery_easy_ui/themes/default/images/combo_arrow_dot.gif HTTP/1.1" 304 -
120.253.135.82 - - [18/Dec/2020:11:07:21 +0800] "GET /xingrg/javascript/jquery_easy_ui/themes/default/images/validatebox_warning.png HTTP/1.1" 200 921
120.253.135.82 - - [18/Dec/2020:11:07:21 +0800] "GET /xingrg/javascript/jquery_easy_ui/themes/default/images/validatebox_pointer.gif HTTP/1.1" 200 82
222.69.136.191 - - [18/Dec/2020:11:07:21 +0800] "GET /xingrg/all/function/internal_message.html?_=1608260835791&CODE_STATE=getMsg HTTP/1.1" 200 27
120.253.135.82 - - [18/Dec/2020:11:07:21 +0800] "GET /xingrg/javascript/jquery_easy_ui/themes/default/images/calendar_prevmonth.gif HTTP/1.1" 304 -
120.253.135.82 - - [18/Dec/2020:11:07:21 +0800] "GET /xingrg/javascript/jquery_easy_ui/themes/default/images/calendar_nextmonth.gif HTTP/1.1" 200 64
120.253.135.82 - - [18/Dec/2020:11:07:21 +0800] "GET /xingrg/javascript/jquery_easy_ui/themes/default/images/calendar_nextyear.gif HTTP/1.1" 304 -
120.253.135.82 - - [18/Dec/2020:11:07:21 +0800] "GET /xingrg/javascript/jquery_easy_ui/themes/default/images/calendar_prevyear.gif HTTP/1.1" 304 -
183.192.164.214 - - [18/Dec/2020:11:07:21 +0800] "GET /xingrg/kc/buy/cgsh_order_operate.html?command=get_materiel&rest_code=00106&code=00101008080&supplier_code=00100007&order_time=2020-12-18 HTTP/1.1" 302 -
117.131.5.26 - - [18/Dec/2020:11:07:21 +0800] "GET /xingrg/check_reg.html?_=1608261169585 HTTP/1.1" 302 -
117.131.5.26 - - [18/Dec/2020:11:07:21 +0800] "GET /xingrg/login.html HTTP/1.1" 200 7641
120.253.135.82 - - [18/Dec/2020:11:07:21 +0800] "POST /xingrg/all/common/load_tree.html?tree=supplier_tree_json&isDelete=1 HTTP/1.1" 200 52465
120.253.135.82 - - [18/Dec/2020:11:07:21 +0800] "GET /xingrg/images/blue/button/kc_tab_del.gif HTTP/1.1" 200 383
120.253.135.82 - - [18/Dec/2020:11:07:21 +0800] "GET /xingrg/images/blue/button/kc_tab_add.gif HTTP/1.1" 200 375
120.253.135.82 - - [18/Dec/2020:11:07:21 +0800] "GET /xingrg/images/blue/button/kc_tab_edit.gif HTTP/1.1" 200 551
120.253.135.82 - - [18/Dec/2020:11:07:21 +0800] "GET /xingrg/images/blue/button/kc_tab_save.gif HTTP/1.1" 200 777
120.253.135.82 - - [18/Dec/2020:11:07:21 +0800] "GET /xingrg/images/blue/kc_tab_left.gif HTTP/1.1" 200 188
120.253.135.82 - - [18/Dec/2020:11:07:21 +0800] "GET /xingrg/images/blue/kc_tab_mid.gif HTTP/1.1" 200 44
120.253.135.82 - - [18/Dec/2020:11:07:21 +0800] "GET /xingrg/images/blue/kc_tab_right.gif HTTP/1.1" 200 643
120.253.135.82 - - [18/Dec/2020:11:07:21 +0800] "GET /xingrg/images/blue/kc_tab2_left.gif HTTP/1.1" 200 625
120.253.135.82 - - [18/Dec/2020:11:07:21 +0800] "GET /xingrg/images/blue/kc_tab2_right.gif HTTP/1.1" 200 192
120.253.135.82 - - [18/Dec/2020:11:07:22 +0800] "GET /xingrg/javascript/jquery_easy_ui/themes/default/images/tabs_active.png HTTP/1.1" 200 2894
120.253.135.82 - - [18/Dec/2020:11:07:22 +0800] "GET /xingrg/javascript/jquery_easy_ui/themes/default/images/tabs_active.png HTTP/1.1" 200 2894
180.171.117.89 - - [18/Dec/2020:11:07:23 +0800] "GET /xingrg/all/function/internal_message.html?_=1608260840233&CODE_STATE=getMsg HTTP/1.1" 200 27
180.162.223.42 - - [18/Dec/2020:11:07:23 +0800] "GET /xingrg/all/function/internal_message.html?_=1608260823120&CODE_STATE=getMsg HTTP/1.1" 200 27
180.162.223.42 - - [18/Dec/2020:11:07:24 +0800] "GET /xingrg/all/function/internal_message.html?_=1608260845844&CODE_STATE=getMsg HTTP/1.1" 200 27
117.184.7.26 - - [18/Dec/2020:11:07:24 +0800] "GET /xingrg/all/function/internal_message.html?_=1608260832646&CODE_STATE=getMsg HTTP/1.1" 200 27
116.230.106.194 - - [18/Dec/2020:11:07:25 +0800] "GET /xingrg/all/function/internal_message.html?_=1608260842566&CODE_STATE=getMsg HTTP/1.1" 200 27
116.228.172.94 - - [18/Dec/2020:11:07:26 +0800] "GET /xingrg/kc/buy/cgsh_order_add.html HTTP/1.1" 200 60990
117.185.32.26 - - [18/Dec/2020:11:07:27 +0800] "GET /xingrg/all/function/internal_message.html?_=1608261309197&CODE_STATE=getMsg HTTP/1.1" 200 27
116.228.172.94 - - [18/Dec/2020:11:07:27 +0800] "GET /xingrg/javascript/easyui/themes/default/validatebox.css HTTP/1.1" 404 1104
116.228.172.94 - - [18/Dec/2020:11:07:27 +0800] "POST /xingrg/kc/buy/cgsh_order_operate.html HTTP/1.1" 200 8245
114.88.161.120 - - [18/Dec/2020:11:07:29 +0800] "GET /xingrg/all/function/internal_message.html?_=1608260985185&CODE_STATE=getMsg HTTP/1.1" 200 27
183.192.164.214 - - [18/Dec/2020:11:07:29 +0800] "GET /xingrg/login.html HTTP/1.1" 200 7641
116.228.172.94 - - [18/Dec/2020:11:07:29 +0800] "GET /xingrg/javascript/easyui/themes/default/tree.css HTTP/1.1" 404 1090
116.228.172.94 - - [18/Dec/2020:11:07:29 +0800] "POST /xingrg/all/common/load_tree.html?tree=supplier_tree_json&isDelete=1 HTTP/1.1" 200 52465
101.85.93.83 - - [18/Dec/2020:11:07:32 +0800] "GET /xingrg/all/function/internal_message.html?_=1608260549232&CODE_STATE=getMsg HTTP/1.1" 200 27
114.88.159.147 - - [18/Dec/2020:11:07:33 +0800] "GET /xingrg/kc/buy/cgsh_order_add.html HTTP/1.1" 200 60908
114.88.159.147 - - [18/Dec/2020:11:07:33 +0800] "POST /xingrg/kc/buy/cgsh_order_operate.html HTTP/1.1" 200 8245
114.88.159.147 - - [18/Dec/2020:11:07:33 +0800] "GET /xingrg/javascript/easyui/themes/default/validatebox.css HTTP/1.1" 404 1104
172.17.0.123 - - [18/Dec/2020:11:07:34 +0800] "GET /xingrg/all/function/internal_message.html?_=1608260769315&CODE_STATE=getMsg HTTP/1.1" 200 27
180.174.56.115 - - [18/Dec/2020:11:07:36 +0800] "GET /xingrg/all/function/internal_message.html?_=1608260814247&CODE_STATE=getMsg HTTP/1.1" 200 27
180.162.223.42 - - [18/Dec/2020:11:07:36 +0800] "GET /xingrg/kc/base/wldb_order_operate.html?command=get_materiel&rest_code=00105&base_code=0010507&code=00101019551 HTTP/1.1" 200 465
180.152.104.37 - - [18/Dec/2020:11:07:37 +0800] "GET /xingrg/all/function/internal_message.html?_=1608260856887&CODE_STATE=getMsg HTTP/1.1" 200 27
180.162.108.15 - - [18/Dec/2020:11:07:41 +0800] "GET /xingrg/all/function/internal_message.html?_=1608260757079&CODE_STATE=getMsg HTTP/1.1" 200 27
117.131.5.26 - - [18/Dec/2020:11:07:42 +0800] "GET /xingrg/all/function/internal_message.html?_=1608261190270&CODE_STATE=getMsg HTTP/1.1" 302 -
117.131.5.26 - - [18/Dec/2020:11:07:42 +0800] "GET /xingrg/login.html HTTP/1.1" 200 7641
114.88.161.120 - - [18/Dec/2020:11:07:42 +0800] "GET /xingrg/all/function/internal_message.html?_=1608260858892&CODE_STATE=getMsg HTTP/1.1" 302 -
120.253.135.82 - - [18/Dec/2020:11:07:43 +0800] "GET /xingrg/javascript/jquery_easy_ui/themes/default/images/button_plain_hover.png HTTP/1.1" 304 -
222.69.133.109 - - [18/Dec/2020:11:07:43 +0800] "GET /xingrg/check_reg.html?_=1608260863126 HTTP/1.1" 200 22
222.69.133.109 - - [18/Dec/2020:11:07:43 +0800] "GET /xingrg/all/function/internal_message.html?_=1608260863131&CODE_STATE=getMsg HTTP/1.1" 200 27
120.253.135.82 - - [18/Dec/2020:11:07:44 +0800] "GET /xingrg/images/blue/wait.gif HTTP/1.1" 200 1100
120.253.135.82 - - [18/Dec/2020:11:07:44 +0800] "POST /xingrg/dwr/call/plaincall/AjaxCgthService.saveOrder.dwr HTTP/1.1" 200 78
120.204.17.70 - - [18/Dec/2020:11:07:45 +0800] "GET /xingrg/all/function/internal_message.html?_=1608260216870&CODE_STATE=getMsg HTTP/1.1" 302 -
120.253.135.82 - - [18/Dec/2020:11:07:45 +0800] "GET /xingrg/images/yd/bt.gif HTTP/1.1" 404 1040
180.162.223.42 - - [18/Dec/2020:11:07:47 +0800] "GET /xingrg/kc/base/wldb_order_operate.html?command=get_materiel&rest_code=00105&base_code=0010507&code=00101016020 HTTP/1.1" 200 446
183.192.164.71 - - [18/Dec/2020:11:07:48 +0800] "GET /xingrg/all/function/internal_message.html?_=1608260156891&CODE_STATE=getMsg HTTP/1.1" 302 -
120.253.135.82 - - [18/Dec/2020:11:07:48 +0800] "POST /xingrg/dwr/call/plaincall/AjaxComOrderService.getMaterielSearchList.dwr HTTP/1.1" 200 25421
116.232.55.224 - - [18/Dec/2020:11:07:48 +0800] "GET /xingrg/all/function/internal_message.html?_=1608260867387&CODE_STATE=getMsg HTTP/1.1" 200 27
120.253.135.82 - - [18/Dec/2020:11:07:48 +0800] "GET /xingrg/check_reg.html?_=1608260618779 HTTP/1.1" 200 22
120.253.135.82 - - [18/Dec/2020:11:07:48 +0800] "GET /xingrg/all/function/internal_message.html?_=1608260618839&CODE_STATE=getMsg HTTP/1.1" 200 27
116.228.172.94 - - [18/Dec/2020:11:07:49 +0800] "GET /xingrg/all/function/internal_message.html?_=1608260860637&CODE_STATE=getMsg HTTP/1.1" 200 27
172.17.0.120 - - [18/Dec/2020:11:07:49 +0800] "GET /xingrg/all/function/internal_message.html?_=1608260866399&CODE_STATE=getMsg HTTP/1.1" 200 27
120.253.135.82 - - [18/Dec/2020:11:07:49 +0800] "POST /xingrg/dwr/call/plaincall/AjaxComOrderService.getMaterielSearchList.dwr HTTP/1.1" 200 713
172.17.0.103 - - [18/Dec/2020:11:07:50 +0800] "GET /xingrg/all/function/internal_message.html?_=1608260868497&CODE_STATE=getMsg HTTP/1.1" 200 27
120.253.135.82 - - [18/Dec/2020:11:07:50 +0800] "POST /xingrg/dwr/call/plaincall/AjaxComOrderService.getMaterielSearchList.dwr HTTP/1.1" 200 439
120.204.17.70 - - [18/Dec/2020:11:07:54 +0800] "GET /xingrg/login.html HTTP/1.1" 200 7641
183.192.164.71 - - [18/Dec/2020:11:07:56 +0800] "GET /xingrg/login.html HTTP/1.1" 200 7641
172.17.200.101 - - [18/Dec/2020:11:07:56 +0800] "GET /xingrg/all/function/internal_message.html?_=1608260876801&CODE_STATE=getMsg HTTP/1.1" 200 27
116.228.172.94 - - [18/Dec/2020:11:07:56 +0800] "GET /xingrg/kc/buy/cgsh_order_operate.html?command=get_materiel&rest_code=00107&code=00101010567&supplier_code=00100326&order_time=2020-12-18 HTTP/1.1" 200 399
117.131.5.26 - - [18/Dec/2020:11:07:58 +0800] "GET /xingrg/check_reg.html?_=1608260917621 HTTP/1.1" 200 22
117.131.5.26 - - [18/Dec/2020:11:07:58 +0800] "GET /xingrg/all/function/internal_message.html?_=1608260917620&CODE_STATE=getMsg HTTP/1.1" 200 27
114.88.159.147 - - [18/Dec/2020:11:08:04 +0800] "GET /xingrg/all/function/internal_message.html?_=1608260895674&CODE_STATE=getMsg HTTP/1.1" 200 27
120.253.135.82 - - [18/Dec/2020:11:08:04 +0800] "POST /xingrg/dwr/call/plaincall/AjaxComOrderService.getMaterielSearchList.dwr HTTP/1.1" 200 76
117.185.32.26 - - [18/Dec/2020:11:08:04 +0800] "GET /xingrg/all/function/internal_message.html?_=1608260876660&CODE_STATE=getMsg HTTP/1.1" 200 27
120.253.135.82 - - [18/Dec/2020:11:08:05 +0800] "POST /xingrg/dwr/call/plaincall/AjaxComOrderService.getMaterielSearchList.dwr HTTP/1.1" 200 76
120.253.135.82 - - [18/Dec/2020:11:08:07 +0800] "POST /xingrg/dwr/call/plaincall/AjaxComOrderService.getMaterielSearchList.dwr HTTP/1.1" 200 25421
120.253.135.82 - - [18/Dec/2020:11:08:08 +0800] "POST /xingrg/dwr/call/plaincall/AjaxComOrderService.getMaterielSearchList.dwr HTTP/1.1" 200 713
180.174.56.115 - - [18/Dec/2020:11:08:08 +0800] "GET /xingrg/all/function/internal_message.html?_=1608260889587&CODE_STATE=getMsg HTTP/1.1" 200 27
120.253.135.82 - - [18/Dec/2020:11:08:08 +0800] "POST /xingrg/dwr/call/plaincall/AjaxComOrderService.getMaterielSearchList.dwr HTTP/1.1" 200 713
120.253.135.82 - - [18/Dec/2020:11:08:09 +0800] "POST /xingrg/dwr/call/plaincall/AjaxComOrderService.getMaterielSearchList.dwr HTTP/1.1" 200 439
180.162.223.42 - - [18/Dec/2020:11:08:10 +0800] "GET /xingrg/kc/base/wldb_order_operate.html?command=get_materiel&rest_code=00105&base_code=0010507&code=00101019306 HTTP/1.1" 200 465
120.253.135.82 - - [18/Dec/2020:11:08:12 +0800] "POST /xingrg/dwr/call/plaincall/AjaxCgthService.getMaterielByMap.dwr HTTP/1.1" 200 1535
180.162.223.42 - - [18/Dec/2020:11:08:13 +0800] "POST /xingrg/kc/base/wldb_order_operate.html HTTP/1.1" 200 1710
114.88.159.147 - - [18/Dec/2020:11:08:15 +0800] "GET /xingrg/kc/buy/cgsh_order_operate.html?command=get_materiel&rest_code=00141&code=00101019592&supplier_code=00100017&order_time=2020-12-18 HTTP/1.1" 200 430
116.230.118.184 - - [18/Dec/2020:11:08:17 +0800] "GET /xingrg/all/function/internal_message.html?_=1608260896839&CODE_STATE=getMsg HTTP/1.1" 200 27
172.17.0.123 - - [18/Dec/2020:11:08:18 +0800] "GET /xingrg/check_reg.html?_=1608260813040 HTTP/1.1" 200 22
172.17.0.123 - - [18/Dec/2020:11:08:18 +0800] "GET /xingrg/all/function/internal_message.html?_=1608260813042&CODE_STATE=getMsg HTTP/1.1" 200 27
180.162.223.42 - - [18/Dec/2020:11:08:18 +0800] "POST /xingrg/kc/base/wldb_order_operate.html HTTP/1.1" 200 37
180.162.223.42 - - [18/Dec/2020:11:08:18 +0800] "POST /xingrg/kc/base/wldb_order_operate.html HTTP/1.1" 200 11216
180.162.223.42 - - [18/Dec/2020:11:08:19 +0800] "GET /xingrg/kc/base/wldb_order_info.html?code=422020121801990 HTTP/1.1" 200 30522
114.88.161.120 - - [18/Dec/2020:11:08:19 +0800] "GET /xingrg/kc/buy/cgsh_order_add.html HTTP/1.1" 200 60902
114.88.161.120 - - [18/Dec/2020:11:08:19 +0800] "POST /xingrg/kc/buy/cgsh_order_operate.html HTTP/1.1" 200 8245
114.88.161.120 - - [18/Dec/2020:11:08:19 +0800] "GET /xingrg/javascript/easyui/themes/default/validatebox.css HTTP/1.1" 404 1104
180.162.223.42 - - [18/Dec/2020:11:08:20 +0800] "GET /xingrg/javascript/easyui/themes/default/validatebox.css HTTP/1.1" 404 1104
180.162.223.42 - - [18/Dec/2020:11:08:20 +0800] "POST /xingrg/kc/base/wldb_order_operate.html HTTP/1.1" 200 11216
222.69.136.191 - - [18/Dec/2020:11:08:21 +0800] "GET /xingrg/all/function/internal_message.html?_=1608260895776&CODE_STATE=getMsg HTTP/1.1" 200 27
180.171.117.89 - - [18/Dec/2020:11:08:23 +0800] "GET /xingrg/all/function/internal_message.html?_=1608260900232&CODE_STATE=getMsg HTTP/1.1" 200 27
180.162.223.42 - - [18/Dec/2020:11:08:23 +0800] "GET /xingrg/all/function/internal_message.html?_=1608260883131&CODE_STATE=getMsg HTTP/1.1" 200 27
117.184.7.26 - - [18/Dec/2020:11:08:24 +0800] "GET /xingrg/all/function/internal_message.html?_=1608260892658&CODE_STATE=getMsg HTTP/1.1" 200 27
117.184.7.26 - - [18/Dec/2020:11:08:24 +0800] "GET /xingrg/check_reg.html?_=1608260892660 HTTP/1.1" 200 22
116.230.106.194 - - [18/Dec/2020:11:08:25 +0800] "GET /xingrg/check_reg.html?_=1608260902566 HTTP/1.1" 200 22
116.230.106.194 - - [18/Dec/2020:11:08:25 +0800] "GET /xingrg/all/function/internal_message.html?_=1608260902572&CODE_STATE=getMsg HTTP/1.1" 200 27
117.185.32.26 - - [18/Dec/2020:11:08:27 +0800] "GET /xingrg/all/function/internal_message.html?_=1608261369197&CODE_STATE=getMsg HTTP/1.1" 200 27
117.185.32.26 - - [18/Dec/2020:11:08:27 +0800] "GET /xingrg/check_reg.html?_=1608261369198 HTTP/1.1" 200 22
183.192.164.85 - - [18/Dec/2020:11:08:28 +0800] "GET /xingrg/kc/buy/cgsh_order_operate.html?command=get_materiel&rest_code=00106&code=00101008051&supplier_code=00100007&order_time=2020-12-18 HTTP/1.1" 302 -
114.88.161.120 - - [18/Dec/2020:11:08:29 +0800] "GET /xingrg/all/function/internal_message.html?_=1608261045191&CODE_STATE=getMsg HTTP/1.1" 200 27
183.192.164.97 - - [18/Dec/2020:11:08:31 +0800] "GET /xingrg/all/function/internal_message.html?_=1608260276916&CODE_STATE=getMsg HTTP/1.1" 302 -
101.85.93.83 - - [18/Dec/2020:11:08:32 +0800] "GET /xingrg/all/function/internal_message.html?_=1608260609231&CODE_STATE=getMsg HTTP/1.1" 200 27
172.17.0.123 - - [18/Dec/2020:11:08:34 +0800] "GET /xingrg/all/function/internal_message.html?_=1608260829317&CODE_STATE=getMsg HTTP/1.1" 200 27
180.174.56.115 - - [18/Dec/2020:11:08:35 +0800] "GET /xingrg/check_reg.html?_=1608260873337 HTTP/1.1" 200 22
180.174.56.115 - - [18/Dec/2020:11:08:36 +0800] "GET /xingrg/all/function/internal_message.html?_=1608260874259&CODE_STATE=getMsg HTTP/1.1" 200 27
114.88.161.120 - - [18/Dec/2020:11:08:36 +0800] "GET /xingrg/kc/buy/cgsh_order_operate.html?command=get_materiel&rest_code=00111&code=00101003035&supplier_code=00100092&order_time=2020-12-18 HTTP/1.1" 200 411
183.192.164.85 - - [18/Dec/2020:11:08:36 +0800] "GET /xingrg/login.html HTTP/1.1" 200 7641
183.192.164.97 - - [18/Dec/2020:11:08:36 +0800] "GET /xingrg/login.html HTTP/1.1" 200 7641
180.152.104.37 - - [18/Dec/2020:11:08:37 +0800] "GET /xingrg/all/function/internal_message.html?_=1608260916900&CODE_STATE=getMsg HTTP/1.1" 200 27
180.162.108.15 - - [18/Dec/2020:11:08:41 +0800] "GET /xingrg/all/function/internal_message.html?_=1608260817053&CODE_STATE=getMsg HTTP/1.1" 200 27
114.88.161.120 - - [18/Dec/2020:11:08:42 +0800] "GET /xingrg/check_reg.html?_=1608260918083 HTTP/1.1" 302 -
117.131.5.26 - - [18/Dec/2020:11:08:42 +0800] "GET /xingrg/all/function/internal_message.html?_=1608261250323&CODE_STATE=getMsg HTTP/1.1" 302 -
117.131.5.26 - - [18/Dec/2020:11:08:42 +0800] "GET /xingrg/login.html HTTP/1.1" 200 7641
114.88.161.120 - - [18/Dec/2020:11:08:42 +0800] "GET /xingrg/all/function/internal_message.html?_=1608260918915&CODE_STATE=getMsg HTTP/1.1" 302 -
222.69.133.109 - - [18/Dec/2020:11:08:43 +0800] "GET /xingrg/all/function/internal_message.html?_=1608260923118&CODE_STATE=getMsg HTTP/1.1" 200 27
120.253.135.82 - - [18/Dec/2020:11:08:44 +0800] "POST /xingrg/dwr/call/plaincall/AjaxCgthService.saveMaterielItem.dwr HTTP/1.1" 200 79
116.232.55.224 - - [18/Dec/2020:11:08:48 +0800] "GET /xingrg/all/function/internal_message.html?_=1608260927390&CODE_STATE=getMsg HTTP/1.1" 200 27
120.253.135.82 - - [18/Dec/2020:11:08:48 +0800] "GET /xingrg/all/function/internal_message.html?_=1608260678853&CODE_STATE=getMsg HTTP/1.1" 200 27
116.228.172.94 - - [18/Dec/2020:11:08:49 +0800] "GET /xingrg/check_reg.html?_=1608260920606 HTTP/1.1" 200 22
116.228.172.94 - - [18/Dec/2020:11:08:49 +0800] "GET /xingrg/all/function/internal_message.html?_=1608260920626&CODE_STATE=getMsg HTTP/1.1" 200 27
172.17.0.120 - - [18/Dec/2020:11:08:49 +0800] "GET /xingrg/check_reg.html?_=1608260926388 HTTP/1.1" 200 22
172.17.0.120 - - [18/Dec/2020:11:08:49 +0800] "GET /xingrg/all/function/internal_message.html?_=1608260926395&CODE_STATE=getMsg HTTP/1.1" 200 27
172.17.0.103 - - [18/Dec/2020:11:08:50 +0800] "GET /xingrg/all/function/internal_message.html?_=1608260928477&CODE_STATE=getMsg HTTP/1.1" 200 27
120.253.135.82 - - [18/Dec/2020:11:08:55 +0800] "GET /xingrg/kc/buy/cgth_order_list.html?isBack=1 HTTP/1.1" 200 44567
172.17.200.101 - - [18/Dec/2020:11:08:56 +0800] "GET /xingrg/all/function/internal_message.html?_=1608260936802&CODE_STATE=getMsg HTTP/1.1" 200 27
120.253.135.82 - - [18/Dec/2020:11:08:56 +0800] "POST /xingrg/kc/buy/cgth_list_operate.html HTTP/1.1" 200 2399
114.88.161.120 - - [18/Dec/2020:11:08:57 +0800] "GET /xingrg/kc/buy/cgsh_order_operate.html?command=get_materiel&rest_code=00111&code=00101003033&supplier_code=00100092&order_time=2020-12-18 HTTP/1.1" 200 424
117.131.5.26 - - [18/Dec/2020:11:08:58 +0800] "GET /xingrg/all/function/internal_message.html?_=1608260977618&CODE_STATE=getMsg HTTP/1.1" 200 27
120.253.135.82 - - [18/Dec/2020:11:08:58 +0800] "POST /xingrg/kc/buy/cgth_list_operate.html HTTP/1.1" 200 207
180.162.223.42 - - [18/Dec/2020:11:09:02 +0800] "GET /xingrg/kc/base/wldb_order_add.html HTTP/1.1" 200 30508
180.162.223.42 - - [18/Dec/2020:11:09:02 +0800] "POST /xingrg/kc/base/wldb_order_operate.html HTTP/1.1" 200 6806
180.162.223.42 - - [18/Dec/2020:11:09:02 +0800] "GET /xingrg/javascript/easyui/themes/default/validatebox.css HTTP/1.1" 404 1104
116.228.172.94 - - [18/Dec/2020:11:09:03 +0800] "GET /xingrg/kc/buy/cgsh_order_operate.html?command=get_materiel&rest_code=00107&code=00101012045&supplier_code=00100326&order_time=2020-12-18 HTTP/1.1" 200 409
114.88.159.147 - - [18/Dec/2020:11:09:04 +0800] "GET /xingrg/all/function/internal_message.html?_=1608260955926&CODE_STATE=getMsg HTTP/1.1" 200 27
117.185.32.26 - - [18/Dec/2020:11:09:04 +0800] "GET /xingrg/all/function/internal_message.html?_=1608260936628&CODE_STATE=getMsg HTTP/1.1" 200 27
180.174.56.115 - - [18/Dec/2020:11:09:08 +0800] "GET /xingrg/all/function/internal_message.html?_=1608260949588&CODE_STATE=getMsg HTTP/1.1" 200 27
180.162.223.42 - - [18/Dec/2020:11:09:10 +0800] "POST /xingrg/all/common/load_combo.html?type=base HTTP/1.1" 200 3236
116.228.172.94 - - [18/Dec/2020:11:09:13 +0800] "GET /xingrg/kc/buy/cgsh_order_operate.html?command=get_materiel&rest_code=00107&code=00101008485&supplier_code=00100326&order_time=2020-12-18 HTTP/1.1" 200 396
116.230.118.184 - - [18/Dec/2020:11:09:17 +0800] "GET /xingrg/all/function/internal_message.html?_=1608260957161&CODE_STATE=getMsg HTTP/1.1" 200 27
172.17.0.123 - - [18/Dec/2020:11:09:18 +0800] "GET /xingrg/all/function/internal_message.html?_=1608260873042&CODE_STATE=getMsg HTTP/1.1" 200 27
120.253.135.82 - - [18/Dec/2020:11:09:20 +0800] "GET /xingrg/kc/buy/cgsh_order_list.html HTTP/1.1" 200 45165
120.253.135.82 - - [18/Dec/2020:11:09:21 +0800] "POST /xingrg/kc/buy/cgsh_list_operate.html HTTP/1.1" 200 876
222.69.136.191 - - [18/Dec/2020:11:09:21 +0800] "GET /xingrg/all/function/internal_message.html?_=1608260955746&CODE_STATE=getMsg HTTP/1.1" 200 27
180.162.223.42 - - [18/Dec/2020:11:09:21 +0800] "POST /xingrg/all/common/load_combo.html?type=base HTTP/1.1" 200 3236
180.171.117.89 - - [18/Dec/2020:11:09:23 +0800] "GET /xingrg/all/function/internal_message.html?_=1608260960247&CODE_STATE=getMsg HTTP/1.1" 200 27
180.162.223.42 - - [18/Dec/2020:11:09:23 +0800] "GET /xingrg/all/function/internal_message.html?_=1608260943127&CODE_STATE=getMsg HTTP/1.1" 200 27
117.184.7.26 - - [18/Dec/2020:11:09:24 +0800] "GET /xingrg/all/function/internal_message.html?_=1608260952656&CODE_STATE=getMsg HTTP/1.1" 200 27
116.228.172.94 - - [18/Dec/2020:11:09:25 +0800] "POST /xingrg/kc/buy/cgsh_order_operate.html HTTP/1.1" 200 37
116.230.106.194 - - [18/Dec/2020:11:09:25 +0800] "GET /xingrg/all/function/internal_message.html?_=1608260962568&CODE_STATE=getMsg HTTP/1.1" 200 27
114.88.159.147 - - [18/Dec/2020:11:09:25 +0800] "GET /xingrg/kc/buy/cgsh_order_operate.html?command=get_materiel&rest_code=00141&code=00101026016&supplier_code=00100017&order_time=2020-12-18 HTTP/1.1" 200 442
120.253.135.82 - - [18/Dec/2020:11:09:26 +0800] "GET /xingrg/kc/buy/cgsh_order_add.html HTTP/1.1" 200 59919
120.253.135.82 - - [18/Dec/2020:11:09:26 +0800] "GET /xingrg/javascript/easyui/themes/icons/template_new.png HTTP/1.1" 200 3956
120.253.135.82 - - [18/Dec/2020:11:09:26 +0800] "POST /xingrg/kc/buy/cgsh_order_operate.html HTTP/1.1" 200 8245
116.228.172.94 - - [18/Dec/2020:11:09:26 +0800] "POST /xingrg/kc/buy/cgsh_order_operate.html HTTP/1.1" 200 3835
120.253.135.82 - - [18/Dec/2020:11:09:26 +0800] "GET /xingrg/javascript/easyui/themes/default/validatebox.css HTTP/1.1" 404 1104
117.185.32.26 - - [18/Dec/2020:11:09:27 +0800] "GET /xingrg/all/function/internal_message.html?_=1608261429197&CODE_STATE=getMsg HTTP/1.1" 200 27
116.228.172.94 - - [18/Dec/2020:11:09:28 +0800] "GET /xingrg/kc/print/load_data.html?order_code=212020121807000&kc_code=cgsh&condition= HTTP/1.1" 200 1120
114.88.161.120 - - [18/Dec/2020:11:09:29 +0800] "GET /xingrg/all/function/internal_message.html?_=1608261105187&CODE_STATE=getMsg HTTP/1.1" 200 27
101.85.93.83 - - [18/Dec/2020:11:09:32 +0800] "GET /xingrg/all/function/internal_message.html?_=1608260669230&CODE_STATE=getMsg HTTP/1.1" 200 27
120.253.135.82 - - [18/Dec/2020:11:09:33 +0800] "POST /xingrg/all/common/load_combo.html?type=employee HTTP/1.1" 200 2101
116.228.172.94 - - [18/Dec/2020:11:09:34 +0800] "GET /xingrg/kc/buy/cgsh_order_add.html HTTP/1.1" 200 60990
172.17.0.123 - - [18/Dec/2020:11:09:34 +0800] "GET /xingrg/check_reg.html?_=1608260889307 HTTP/1.1" 200 22
172.17.0.123 - - [18/Dec/2020:11:09:34 +0800] "GET /xingrg/all/function/internal_message.html?_=1608260889308&CODE_STATE=getMsg HTTP/1.1" 200 27
172.17.0.103 - - [18/Dec/2020:11:09:34 +0800] "GET /xingrg/check_reg.html?_=1608260973155 HTTP/1.1" 200 22
116.228.172.94 - - [18/Dec/2020:11:09:35 +0800] "POST /xingrg/kc/buy/cgsh_order_operate.html HTTP/1.1" 200 8245
116.228.172.94 - - [18/Dec/2020:11:09:35 +0800] "GET /xingrg/javascript/easyui/themes/default/validatebox.css HTTP/1.1" 404 1104
180.174.56.115 - - [18/Dec/2020:11:09:36 +0800] "GET /xingrg/all/function/internal_message.html?_=1608260934274&CODE_STATE=getMsg HTTP/1.1" 200 27
180.152.104.37 - - [18/Dec/2020:11:09:37 +0800] "GET /xingrg/all/function/internal_message.html?_=1608260976913&CODE_STATE=getMsg HTTP/1.1" 200 27
180.162.108.15 - - [18/Dec/2020:11:09:41 +0800] "GET /xingrg/all/function/internal_message.html?_=1608260877039&CODE_STATE=getMsg HTTP/1.1" 200 27
117.131.5.26 - - [18/Dec/2020:11:09:42 +0800] "GET /xingrg/all/function/internal_message.html?_=1608261310344&CODE_STATE=getMsg HTTP/1.1" 302 -
117.131.5.26 - - [18/Dec/2020:11:09:42 +0800] "GET /xingrg/login.html HTTP/1.1" 200 7641
114.88.161.120 - - [18/Dec/2020:11:09:42 +0800] "GET /xingrg/all/function/internal_message.html?_=1608260978934&CODE_STATE=getMsg HTTP/1.1" 302 -
116.228.172.94 - - [18/Dec/2020:11:09:42 +0800] "GET /xingrg/javascript/easyui/themes/default/tree.css HTTP/1.1" 404 1090
116.228.172.94 - - [18/Dec/2020:11:09:43 +0800] "POST /xingrg/all/common/load_tree.html?tree=supplier_tree_json&isDelete=1 HTTP/1.1" 200 52465
222.69.133.109 - - [18/Dec/2020:11:09:43 +0800] "GET /xingrg/all/function/internal_message.html?_=1608260983118&CODE_STATE=getMsg HTTP/1.1" 200 27
180.174.56.115 - - [18/Dec/2020:11:09:43 +0800] "POST /xingrg/services/DataTransmitService HTTP/1.1" 200 524
180.174.56.115 - - [18/Dec/2020:11:09:43 +0800] "POST /xingrg/services/DataTransmitService HTTP/1.1" 200 501
180.174.56.115 - - [18/Dec/2020:11:09:44 +0800] "POST /xingrg/services/DataTransmitService HTTP/1.1" 200 501
180.174.56.115 - - [18/Dec/2020:11:09:44 +0800] "POST /xingrg/services/DataTransmitService HTTP/1.1" 200 501
180.174.56.115 - - [18/Dec/2020:11:09:44 +0800] "POST /xingrg/services/DataTransmitService HTTP/1.1" 200 501
180.174.56.115 - - [18/Dec/2020:11:09:44 +0800] "POST /xingrg/services/DataTransmitService HTTP/1.1" 200 501
180.174.56.115 - - [18/Dec/2020:11:09:44 +0800] "POST /xingrg/services/DataTransmitService HTTP/1.1" 200 412
117.185.32.26 - - [18/Dec/2020:11:09:45 +0800] "POST /xingrg/services/DataTransmitService HTTP/1.1" 200 524
117.185.32.26 - - [18/Dec/2020:11:09:46 +0800] "POST /xingrg/services/DataTransmitService HTTP/1.1" 200 412
180.162.223.42 - - [18/Dec/2020:11:09:47 +0800] "GET /xingrg/kc/base/wldb_order_operate.html?command=get_materiel&rest_code=00105&base_code=0010511&code=00101025035 HTTP/1.1" 200 465
116.232.55.224 - - [18/Dec/2020:11:09:48 +0800] "GET /xingrg/all/function/internal_message.html?_=1608260987393&CODE_STATE=getMsg HTTP/1.1" 200 27
116.232.55.224 - - [18/Dec/2020:11:09:48 +0800] "GET /xingrg/check_reg.html?_=1608260987394 HTTP/1.1" 200 22
120.253.135.82 - - [18/Dec/2020:11:09:48 +0800] "GET /xingrg/all/function/internal_message.html?_=1608260738910&CODE_STATE=getMsg HTTP/1.1" 200 27
116.228.172.94 - - [18/Dec/2020:11:09:49 +0800] "GET /xingrg/all/function/internal_message.html?_=1608260980606&CODE_STATE=getMsg HTTP/1.1" 200 27
172.17.0.120 - - [18/Dec/2020:11:09:49 +0800] "GET /xingrg/all/function/internal_message.html?_=1608260986400&CODE_STATE=getMsg HTTP/1.1" 200 27
172.17.0.103 - - [18/Dec/2020:11:09:50 +0800] "GET /xingrg/all/function/internal_message.html?_=1608260988458&CODE_STATE=getMsg HTTP/1.1" 200 27
172.17.200.101 - - [18/Dec/2020:11:09:56 +0800] "GET /xingrg/all/function/internal_message.html?_=1608260996808&CODE_STATE=getMsg HTTP/1.1" 200 27
172.17.200.101 - - [18/Dec/2020:11:09:56 +0800] "GET /xingrg/check_reg.html?_=1608260996812 HTTP/1.1" 200 22
180.162.223.42 - - [18/Dec/2020:11:09:57 +0800] "POST /xingrg/kc/base/wldb_order_operate.html HTTP/1.1" 200 37
120.204.17.71 - - [18/Dec/2020:11:09:57 +0800] "GET /xingrg/kc/buy/cgsh_order_operate.html?command=get_materiel&rest_code=00106&code=00101008295&supplier_code=00100007&order_time=2020-12-18 HTTP/1.1" 302 -
180.162.223.42 - - [18/Dec/2020:11:09:57 +0800] "POST /xingrg/kc/base/wldb_order_operate.html HTTP/1.1" 200 2210
117.131.5.26 - - [18/Dec/2020:11:09:58 +0800] "GET /xingrg/all/function/internal_message.html?_=1608261037618&CODE_STATE=getMsg HTTP/1.1" 200 27
180.162.223.42 - - [18/Dec/2020:11:09:58 +0800] "GET /xingrg/kc/base/wldb_order_info.html?code=422020121801991 HTTP/1.1" 200 30521
180.162.223.42 - - [18/Dec/2020:11:09:58 +0800] "GET /xingrg/javascript/easyui/themes/default/validatebox.css HTTP/1.1" 404 1104
180.162.223.42 - - [18/Dec/2020:11:09:59 +0800] "POST /xingrg/kc/base/wldb_order_operate.html HTTP/1.1" 200 2210
120.204.17.71 - - [18/Dec/2020:11:10:00 +0800] "GET /xingrg/login.html HTTP/1.1" 200 7641
120.253.135.82 - - [18/Dec/2020:11:10:00 +0800] "GET /xingrg/kc/buy/cgsh_order_operate.html?command=get_materiel&rest_code=00101&code=00101010052&supplier_code=00100142&order_time=2020-12-18 HTTP/1.1" 200 439
114.88.159.147 - - [18/Dec/2020:11:10:04 +0800] "GET /xingrg/all/function/internal_message.html?_=1608261015908&CODE_STATE=getMsg HTTP/1.1" 200 27
117.185.32.26 - - [18/Dec/2020:11:10:04 +0800] "GET /xingrg/all/function/internal_message.html?_=1608260996603&CODE_STATE=getMsg HTTP/1.1" 200 27
117.185.32.26 - - [18/Dec/2020:11:10:05 +0800] "GET /xingrg/check_reg.html?_=1608260997409 HTTP/1.1" 200 22
180.174.56.115 - - [18/Dec/2020:11:10:08 +0800] "GET /xingrg/all/function/internal_message.html?_=1608261009591&CODE_STATE=getMsg HTTP/1.1" 200 27
172.17.0.120 - - [18/Dec/2020:11:10:17 +0800] "POST /xingrg/kc/buy/cgsh_list_operate.html HTTP/1.1" 200 876
116.230.118.184 - - [18/Dec/2020:11:10:17 +0800] "GET /xingrg/all/function/internal_message.html?_=1608261017162&CODE_STATE=getMsg HTTP/1.1" 200 27
180.162.223.42 - - [18/Dec/2020:11:10:18 +0800] "POST /xingrg/kc/base/wldb_order_operate.html HTTP/1.1" 200 37
172.17.0.123 - - [18/Dec/2020:11:10:18 +0800] "GET /xingrg/all/function/internal_message.html?_=1608260933028&CODE_STATE=getMsg HTTP/1.1" 200 27
180.162.223.42 - - [18/Dec/2020:11:10:18 +0800] "POST /xingrg/kc/base/wldb_order_operate.html HTTP/1.1" 200 2210
180.162.223.42 - - [18/Dec/2020:11:10:19 +0800] "GET /xingrg/kc/base/wldb_order_info.html?code=422020121801991 HTTP/1.1" 200 30521
180.162.223.42 - - [18/Dec/2020:11:10:19 +0800] "GET /xingrg/javascript/easyui/themes/default/validatebox.css HTTP/1.1" 404 1104
172.17.0.120 - - [18/Dec/2020:11:10:19 +0800] "POST /xingrg/all/user/operate.html HTTP/1.1" 200 36
180.162.223.42 - - [18/Dec/2020:11:10:19 +0800] "POST /xingrg/kc/base/wldb_order_operate.html HTTP/1.1" 200 2210
172.17.0.120 - - [18/Dec/2020:11:10:19 +0800] "GET /xingrg/index.html?sysBaseUrl=http%3A%2F%2F172.17.0.8%3A18081%2Fxingrg%2F&costTime=40×tamp=1608258191574 HTTP/1.1" 200 17448
172.17.0.120 - - [18/Dec/2020:11:10:19 +0800] "GET /xingrg/javascript/jquery_easy_ui/themes/default/easyui.css HTTP/1.1" 304 -
172.17.0.120 - - [18/Dec/2020:11:10:19 +0800] "GET /xingrg/javascript/jquery_easy_ui/themes/icon.css HTTP/1.1" 304 -
172.17.0.120 - - [18/Dec/2020:11:10:19 +0800] "GET /xingrg/css/form.css HTTP/1.1" 304 -
172.17.0.120 - - [18/Dec/2020:11:10:19 +0800] "GET /xingrg/javascript/jquery-1.4.2.min.js HTTP/1.1" 304 -
172.17.0.120 - - [18/Dec/2020:11:10:19 +0800] "GET /xingrg/javascript/jquery_easy_ui/jquery.easyui.min.js HTTP/1.1" 304 -
172.17.0.120 - - [18/Dec/2020:11:10:19 +0800] "GET /xingrg/javascript/jquery_easy_ui/easyui-lang-zh_CN.js HTTP/1.1" 304 -
172.17.0.120 - - [18/Dec/2020:11:10:19 +0800] "GET /xingrg/javascript/jquery.form.js HTTP/1.1" 304 -
172.17.0.120 - - [18/Dec/2020:11:10:19 +0800] "GET /xingrg/javascript/jquery.utils.js HTTP/1.1" 304 -
172.17.0.120 - - [18/Dec/2020:11:10:19 +0800] "GET /xingrg/javascript/jquery.timers.js HTTP/1.1" 304 -
172.17.0.120 - - [18/Dec/2020:11:10:19 +0800] "GET /xingrg/images/blue/jxLogo.png HTTP/1.1" 304 -
172.17.0.120 - - [18/Dec/2020:11:10:19 +0800] "GET /xingrg/images/blue/navBackgound.jpg HTTP/1.1" 304 -
172.17.0.120 - - [18/Dec/2020:11:10:19 +0800] "GET /xingrg/javascript/jquery_easy_ui/themes/icons/settle_new.png HTTP/1.1" 304 -
172.17.0.120 - - [18/Dec/2020:11:10:19 +0800] "POST /xingrg/all/common/load_tree.html?tree=area_rest_tree_json&manage=1 HTTP/1.1" 200 3350
172.17.0.120 - - [18/Dec/2020:11:10:19 +0800] "GET /xingrg/all/function/internal_message.html?_=1608261016931&CODE_STATE=count HTTP/1.1" 200 11
172.17.0.120 - - [18/Dec/2020:11:10:19 +0800] "GET /xingrg/check_reg.html?_=1608261016932 HTTP/1.1" 200 22
172.17.0.120 - - [18/Dec/2020:11:10:19 +0800] "GET /xingrg/javascript/jquery_easy_ui/themes/default/images/panel_tool_expand.gif HTTP/1.1" 304 -
172.17.0.120 - - [18/Dec/2020:11:10:19 +0800] "GET /xingrg/javascript/jquery_easy_ui/themes/default/images/panel_tool_collapse.gif HTTP/1.1" 304 -
172.17.0.120 - - [18/Dec/2020:11:10:19 +0800] "GET /xingrg/images/blue/pingpu.png HTTP/1.1" 304 -
172.17.0.120 - - [18/Dec/2020:11:10:19 +0800] "GET /xingrg/javascript/jquery_easy_ui/themes/default/images/tabs_rightarrow.png HTTP/1.1" 304 -
172.17.0.120 - - [18/Dec/2020:11:10:19 +0800] "GET /xingrg/javascript/jquery_easy_ui/themes/default/images/tabs_leftarrow.png HTTP/1.1" 304 -
172.17.0.120 - - [18/Dec/2020:11:10:20 +0800] "POST /xingrg/load_menu.html HTTP/1.1" 200 11408
222.69.136.191 - - [18/Dec/2020:11:10:21 +0800] "GET /xingrg/all/function/internal_message.html?_=1608261015722&CODE_STATE=getMsg HTTP/1.1" 200 27
172.17.0.120 - - [18/Dec/2020:11:10:22 +0800] "GET /xingrg/kc/buy/buy_main.html HTTP/1.1" 200 12305
172.17.0.120 - - [18/Dec/2020:11:10:22 +0800] "GET /xingrg/css/new_ie.css HTTP/1.1" 404 1036
183.192.164.71 - - [18/Dec/2020:11:10:23 +0800] "GET /xingrg/kc/buy/cgsh_order_operate.html?command=get_materiel&rest_code=00106&code=00101008067&supplier_code=00100007&order_time=2020-12-18 HTTP/1.1" 302 -
172.17.0.120 - - [18/Dec/2020:11:10:23 +0800] "GET /xingrg/images/yd/bt.gif HTTP/1.1" 404 1040
180.171.117.89 - - [18/Dec/2020:11:10:23 +0800] "GET /xingrg/all/function/internal_message.html?_=1608261020246&CODE_STATE=getMsg HTTP/1.1" 200 27
180.162.223.42 - - [18/Dec/2020:11:10:23 +0800] "GET /xingrg/check_reg.html?_=1608261003131 HTTP/1.1" 200 22
180.162.223.42 - - [18/Dec/2020:11:10:23 +0800] "GET /xingrg/all/function/internal_message.html?_=1608261003135&CODE_STATE=getMsg HTTP/1.1" 200 27
117.184.7.26 - - [18/Dec/2020:11:10:24 +0800] "GET /xingrg/all/function/internal_message.html?_=1608261012646&CODE_STATE=getMsg HTTP/1.1" 200 27
116.230.106.194 - - [18/Dec/2020:11:10:25 +0800] "GET /xingrg/all/function/internal_message.html?_=1608261022562&CODE_STATE=getMsg HTTP/1.1" 200 27
172.17.0.120 - - [18/Dec/2020:11:10:25 +0800] "GET /xingrg/kc/report/report_main.html HTTP/1.1" 200 9350
172.17.0.120 - - [18/Dec/2020:11:10:25 +0800] "GET /xingrg/javascript/json2.js HTTP/1.1" 200 11259
172.17.0.120 - - [18/Dec/2020:11:10:25 +0800] "GET /xingrg/javascript/jquery_easy_ui/themes/icons/back_new.png HTTP/1.1" 200 3414
183.192.164.71 - - [18/Dec/2020:11:10:26 +0800] "GET /xingrg/login.html HTTP/1.1" 200 7641
114.88.159.147 - - [18/Dec/2020:11:10:26 +0800] "GET /xingrg/kc/buy/cgsh_order_operate.html?command=get_materiel&rest_code=00141&code=00101027063&supplier_code=00100017&order_time=2020-12-18 HTTP/1.1" 200 437
120.253.135.82 - - [18/Dec/2020:11:10:26 +0800] "GET /xingrg/kc/buy/cgsh_order_operate.html?command=get_materiel&rest_code=00101&code=00101010053&supplier_code=00100142&order_time=2020-12-18 HTTP/1.1" 200 437
117.185.32.26 - - [18/Dec/2020:11:10:27 +0800] "GET /xingrg/all/function/internal_message.html?_=1608261489197&CODE_STATE=getMsg HTTP/1.1" 200 27
172.17.0.120 - - [18/Dec/2020:11:10:28 +0800] "GET /xingrg/all/report/report_query.html?fileName=kc/buy/gys_amount_base_rest.xml HTTP/1.1" 200 51589
172.17.0.120 - - [18/Dec/2020:11:10:28 +0800] "GET /xingrg/javascript/multi_select/jqueryMultiSelect.css HTTP/1.1" 200 951
172.17.0.120 - - [18/Dec/2020:11:10:28 +0800] "GET /xingrg/javascript/calendar/timePicker.css HTTP/1.1" 200 523
172.17.0.120 - - [18/Dec/2020:11:10:28 +0800] "GET /xingrg/javascript/bigrid/fix.css HTTP/1.1" 200 1702
172.17.0.120 - - [18/Dec/2020:11:10:28 +0800] "GET /xingrg/dwr/interface/AjaxReportQueryService.js HTTP/1.1" 200 13203
172.17.0.120 - - [18/Dec/2020:11:10:28 +0800] "GET /xingrg/dwr/engine.js HTTP/1.1" 200 43631
172.17.0.120 - - [18/Dec/2020:11:10:28 +0800] "GET /xingrg/dwr/util.js HTTP/1.1" 200 35990
172.17.0.120 - - [18/Dec/2020:11:10:28 +0800] "GET /xingrg/javascript/jqueryMultiSelect.js HTTP/1.1" 200 11866
172.17.0.120 - - [18/Dec/2020:11:10:28 +0800] "GET /xingrg/javascript/Calendar.js HTTP/1.1" 200 31561
172.17.0.120 - - [18/Dec/2020:11:10:28 +0800] "GET /xingrg/javascript/calendar/jquery.timePicker.min.js HTTP/1.1" 200 2997
172.17.0.120 - - [18/Dec/2020:11:10:28 +0800] "GET /xingrg/javascript/bigrid/fix.js HTTP/1.1" 200 6439
172.17.0.120 - - [18/Dec/2020:11:10:28 +0800] "GET /xingrg/images/control/loading.gif HTTP/1.1" 200 13463
172.17.0.120 - - [18/Dec/2020:11:10:28 +0800] "GET /xingrg/images/blue/button/advanceover.gif HTTP/1.1" 200 1347
172.17.0.120 - - [18/Dec/2020:11:10:28 +0800] "GET /xingrg/images/blue/button/advance2over.gif HTTP/1.1" 200 1336
172.17.0.120 - - [18/Dec/2020:11:10:28 +0800] "GET /xingrg/images/blue/button/back2over.gif HTTP/1.1" 200 1335
172.17.0.120 - - [18/Dec/2020:11:10:28 +0800] "GET /xingrg/images/blue/button/backover.gif HTTP/1.1" 200 1348
172.17.0.120 - - [18/Dec/2020:11:10:28 +0800] "GET /xingrg/javascript/jquery_easy_ui/themes/default/images/menu_downarrow.png HTTP/1.1" 200 173
172.17.0.120 - - [18/Dec/2020:11:10:28 +0800] "GET /xingrg/javascript/jquery_easy_ui/themes/icons/help.png HTTP/1.1" 200 1187
172.17.0.120 - - [18/Dec/2020:11:10:28 +0800] "GET /xingrg/javascript/jquery_easy_ui/themes/icons/print.png HTTP/1.1" 200 1057
172.17.0.120 - - [18/Dec/2020:11:10:28 +0800] "GET /xingrg/javascript/jquery_easy_ui/themes/default/images/menu_rightarrow.png HTTP/1.1" 200 3617
172.17.0.120 - - [18/Dec/2020:11:10:28 +0800] "GET /xingrg/javascript/jquery_easy_ui/themes/icons/pencil.png HTTP/1.1" 200 713
172.17.0.120 - - [18/Dec/2020:11:10:28 +0800] "GET /xingrg/javascript/jquery_easy_ui/themes/default/images/menu.gif HTTP/1.1" 200 834
172.17.0.120 - - [18/Dec/2020:11:10:28 +0800] "POST /xingrg/dwr/call/plaincall/AjaxReportQueryService.getFixDate.dwr HTTP/1.1" 200 111
172.17.0.120 - - [18/Dec/2020:11:10:28 +0800] "GET /xingrg/javascript/jquery_easy_ui/themes/default/images/combo_arrow_dot.gif HTTP/1.1" 200 79
172.17.0.120 - - [18/Dec/2020:11:10:28 +0800] "POST /xingrg/all/common/load_tree.html?tree=area_rest_tree_json&manage=1 HTTP/1.1" 200 3350
172.17.0.120 - - [18/Dec/2020:11:10:28 +0800] "GET /xingrg/javascript/jquery_easy_ui/themes/default/images/tree_checkbox_0.gif HTTP/1.1" 200 168
172.17.0.120 - - [18/Dec/2020:11:10:28 +0800] "POST /xingrg/all/common/load_tree.html?tree=supplier_tree_json&manage=1 HTTP/1.1" 200 53197
114.88.161.120 - - [18/Dec/2020:11:10:29 +0800] "GET /xingrg/check_reg.html?_=1608261165198 HTTP/1.1" 200 22
114.88.161.120 - - [18/Dec/2020:11:10:29 +0800] "GET /xingrg/all/function/internal_message.html?_=1608261165193&CODE_STATE=getMsg HTTP/1.1" 200 27
172.17.0.120 - - [18/Dec/2020:11:10:30 +0800] "POST /xingrg/dwr/call/plaincall/AjaxReportQueryService.getFixDate.dwr HTTP/1.1" 200 111
101.85.93.83 - - [18/Dec/2020:11:10:32 +0800] "GET /xingrg/all/function/internal_message.html?_=1608260729242&CODE_STATE=getMsg HTTP/1.1" 200 27
172.17.0.120 - - [18/Dec/2020:11:10:33 +0800] "POST /xingrg/dwr/call/plaincall/AjaxReportQueryService.getFixDate.dwr HTTP/1.1" 200 111
172.17.0.123 - - [18/Dec/2020:11:10:34 +0800] "GET /xingrg/all/function/internal_message.html?_=1608260949309&CODE_STATE=getMsg HTTP/1.1" 200 27
172.17.0.120 - - [18/Dec/2020:11:10:35 +0800] "GET /xingrg/javascript/jquery_easy_ui/themes/default/images/tree_checkbox_1.gif HTTP/1.1" 200 174
180.174.56.115 - - [18/Dec/2020:11:10:36 +0800] "GET /xingrg/all/function/internal_message.html?_=1608260994287&CODE_STATE=getMsg HTTP/1.1" 200 27
180.152.104.37 - - [18/Dec/2020:11:10:38 +0800] "GET /xingrg/all/function/internal_message.html?_=1608261036927&CODE_STATE=getMsg HTTP/1.1" 200 27
180.162.108.15 - - [18/Dec/2020:11:10:41 +0800] "GET /xingrg/all/function/internal_message.html?_=1608260937034&CODE_STATE=getMsg HTTP/1.1" 200 27
117.131.5.26 - - [18/Dec/2020:11:10:42 +0800] "GET /xingrg/all/function/internal_message.html?_=1608261370395&CODE_STATE=getMsg HTTP/1.1" 302 -
117.131.5.26 - - [18/Dec/2020:11:10:42 +0800] "GET /xingrg/login.html HTTP/1.1" 200 7641
114.88.161.120 - - [18/Dec/2020:11:10:42 +0800] "GET /xingrg/all/function/internal_message.html?_=1608261038952&CODE_STATE=getMsg HTTP/1.1" 302 -
120.253.135.82 - - [18/Dec/2020:11:10:43 +0800] "GET /xingrg/kc/buy/cgsh_order_operate.html?command=get_materiel&rest_code=00101&code=00101010054&supplier_code=00100142&order_time=2020-12-18 HTTP/1.1" 200 417
222.69.133.109 - - [18/Dec/2020:11:10:43 +0800] "GET /xingrg/all/function/internal_message.html?_=1608261043117&CODE_STATE=getMsg HTTP/1.1" 200 27
172.17.0.120 - - [18/Dec/2020:11:10:43 +0800] "GET /xingrg/javascript/jquery_easy_ui/themes/default/images/tree_checkbox_2.gif HTTP/1.1" 200 181
172.17.0.120 - - [18/Dec/2020:11:10:44 +0800] "POST /xingrg/dwr/call/plaincall/AjaxReportQueryService.refreshCache.dwr HTTP/1.1" 200 78
172.17.0.120 - - [18/Dec/2020:11:10:45 +0800] "GET /xingrg/javascript/jquery_easy_ui/themes/default/images/button_plain_hover.png HTTP/1.1" 200 252
114.88.159.147 - - [18/Dec/2020:11:10:45 +0800] "GET /xingrg/kc/buy/cgsh_order_operate.html?command=get_materiel&rest_code=00141&code=00101028012&supplier_code=00100017&order_time=2020-12-18 HTTP/1.1" 200 456
172.17.0.120 - - [18/Dec/2020:11:10:45 +0800] "POST /xingrg/all/report/load_report_page.html HTTP/1.1" 200 48450
172.17.0.120 - - [18/Dec/2020:11:10:45 +0800] "GET /xingrg/servlets/image?cache=0.7182140649858583&image=px HTTP/1.1" 200 807
116.232.55.224 - - [18/Dec/2020:11:10:48 +0800] "GET /xingrg/all/function/internal_message.html?_=1608261047392&CODE_STATE=getMsg HTTP/1.1" 200 27
120.253.135.82 - - [18/Dec/2020:11:10:48 +0800] "GET /xingrg/all/function/internal_message.html?_=1608260798912&CODE_STATE=getMsg HTTP/1.1" 200 27
120.204.17.73 - - [18/Dec/2020:11:10:48 +0800] "GET /xingrg/check_reg.html?_=1608260397459 HTTP/1.1" 302 -
116.228.172.94 - - [18/Dec/2020:11:10:49 +0800] "GET /xingrg/all/function/internal_message.html?_=1608261040603&CODE_STATE=getMsg HTTP/1.1" 200 27
172.17.0.103 - - [18/Dec/2020:11:10:50 +0800] "GET /xingrg/all/function/internal_message.html?_=1608261048438&CODE_STATE=getMsg HTTP/1.1" 200 27
58.40.7.146 - - [18/Dec/2020:11:10:50 +0800] "GET /xingrg/check_reg.html?_=1608261047155 HTTP/1.1" 302 -
120.204.17.73 - - [18/Dec/2020:11:10:52 +0800] "GET /xingrg/login.html HTTP/1.1" 200 7641
172.17.0.120 - - [18/Dec/2020:11:10:55 +0800] "GET /xingrg/javascript/jquery_easy_ui/themes/default/images/tabs_active.png HTTP/1.1" 200 2894
172.17.200.101 - - [18/Dec/2020:11:10:56 +0800] "GET /xingrg/all/function/internal_message.html?_=1608261056813&CODE_STATE=getMsg HTTP/1.1" 200 27
172.17.0.120 - - [18/Dec/2020:11:10:57 +0800] "POST /xingrg/dwr/call/plaincall/AjaxReportQueryService.getFixDate.dwr HTTP/1.1" 200 111
117.131.5.26 - - [18/Dec/2020:11:10:58 +0800] "GET /xingrg/all/function/internal_message.html?_=1608261097622&CODE_STATE=getMsg HTTP/1.1" 200 27
172.17.0.120 - - [18/Dec/2020:11:10:58 +0800] "POST /xingrg/dwr/call/plaincall/AjaxReportQueryService.refreshCache.dwr HTTP/1.1" 200 78
116.228.172.94 - - [18/Dec/2020:11:10:58 +0800] "GET /xingrg/kc/buy/cgsh_order_operate.html?command=get_materiel&rest_code=00107&code=00101002002&supplier_code=00100087&order_time=2020-12-18 HTTP/1.1" 200 418
172.17.0.120 - - [18/Dec/2020:11:10:59 +0800] "POST /xingrg/all/report/load_report_page.html HTTP/1.1" 200 48240
172.17.0.120 - - [18/Dec/2020:11:10:59 +0800] "GET /xingrg/servlets/image?cache=0.979295933212378&image=px HTTP/1.1" 200 807
120.204.17.70 - - [18/Dec/2020:11:11:01 +0800] "GET /xingrg/all/function/internal_message.html?_=1608260336826&CODE_STATE=getMsg HTTP/1.1" 302 -
114.88.161.120 - - [18/Dec/2020:11:11:03 +0800] "POST /xingrg/kc/buy/cgsh_order_operate.html HTTP/1.1" 200 37
114.88.159.147 - - [18/Dec/2020:11:11:03 +0800] "GET /xingrg/check_reg.html?_=1608261075612 HTTP/1.1" 200 22
114.88.159.147 - - [18/Dec/2020:11:11:04 +0800] "GET /xingrg/all/function/internal_message.html?_=1608261075885&CODE_STATE=getMsg HTTP/1.1" 200 27
114.88.161.120 - - [18/Dec/2020:11:11:04 +0800] "POST /xingrg/kc/buy/cgsh_order_operate.html HTTP/1.1" 200 3266
117.185.32.26 - - [18/Dec/2020:11:11:04 +0800] "GET /xingrg/all/function/internal_message.html?_=1608261056580&CODE_STATE=getMsg HTTP/1.1" 200 27
120.204.17.70 - - [18/Dec/2020:11:11:05 +0800] "GET /xingrg/login.html HTTP/1.1" 200 7641
120.253.135.82 - - [18/Dec/2020:11:11:05 +0800] "POST /xingrg/kc/buy/cgsh_order_operate.html HTTP/1.1" 200 37
114.88.161.120 - - [18/Dec/2020:11:11:06 +0800] "GET /xingrg/kc/print/load_data.html?order_code=212020121807001&kc_code=cgsh&condition= HTTP/1.1" 200 963
180.174.56.115 - - [18/Dec/2020:11:11:08 +0800] "GET /xingrg/all/function/internal_message.html?_=1608261069591&CODE_STATE=getMsg HTTP/1.1" 200 27
120.253.135.82 - - [18/Dec/2020:11:11:09 +0800] "POST /xingrg/kc/buy/cgsh_order_operate.html HTTP/1.1" 200 3878
120.253.135.82 - - [18/Dec/2020:11:11:12 +0800] "GET /xingrg/kc/print/load_config.html?kc_code=cgsh HTTP/1.1" 200 1845
120.253.135.82 - - [18/Dec/2020:11:11:12 +0800] "GET /xingrg/kc/print/load_data.html?order_code=212020121807002&kc_code=cgsh&condition= HTTP/1.1" 200 1171
116.230.118.184 - - [18/Dec/2020:11:11:15 +0800] "GET /xingrg/check_reg.html?_=1608261075176 HTTP/1.1" 200 22
116.228.172.94 - - [18/Dec/2020:11:11:16 +0800] "POST /xingrg/kc/buy/cgsh_order_operate.html HTTP/1.1" 200 37
116.230.118.184 - - [18/Dec/2020:11:11:17 +0800] "GET /xingrg/all/function/internal_message.html?_=1608261077177&CODE_STATE=getMsg HTTP/1.1" 200 27
172.17.0.123 - - [18/Dec/2020:11:11:18 +0800] "GET /xingrg/all/function/internal_message.html?_=1608260993030&CODE_STATE=getMsg HTTP/1.1" 200 27
116.228.172.94 - - [18/Dec/2020:11:11:18 +0800] "POST /xingrg/kc/buy/cgsh_order_operate.html HTTP/1.1" 200 2667
172.17.0.120 - - [18/Dec/2020:11:11:19 +0800] "GET /xingrg/all/function/internal_message.html?_=1608261076934&CODE_STATE=getMsg HTTP/1.1" 200 27
222.69.136.191 - - [18/Dec/2020:11:11:21 +0800] "GET /xingrg/all/function/internal_message.html?_=1608261075694&CODE_STATE=getMsg HTTP/1.1" 200 27
116.228.172.94 - - [18/Dec/2020:11:11:21 +0800] "GET /xingrg/kc/print/load_data.html?order_code=212020121807003&kc_code=cgsh&condition= HTTP/1.1" 200 735
222.69.136.191 - - [18/Dec/2020:11:11:23 +0800] "GET /xingrg/check_reg.html?_=1608261077818 HTTP/1.1" 200 22
180.171.117.89 - - [18/Dec/2020:11:11:23 +0800] "GET /xingrg/check_reg.html?_=1608261080245 HTTP/1.1" 200 22
180.171.117.89 - - [18/Dec/2020:11:11:23 +0800] "GET /xingrg/all/function/internal_message.html?_=1608261080247&CODE_STATE=getMsg HTTP/1.1" 200 27
180.162.223.42 - - [18/Dec/2020:11:11:23 +0800] "GET /xingrg/all/function/internal_message.html?_=1608261063127&CODE_STATE=getMsg HTTP/1.1" 200 27
117.184.7.26 - - [18/Dec/2020:11:11:24 +0800] "GET /xingrg/all/function/internal_message.html?_=1608261072655&CODE_STATE=getMsg HTTP/1.1" 200 27
116.230.106.194 - - [18/Dec/2020:11:11:25 +0800] "GET /xingrg/all/function/internal_message.html?_=1608261082560&CODE_STATE=getMsg HTTP/1.1" 200 27
117.185.32.26 - - [18/Dec/2020:11:11:27 +0800] "GET /xingrg/all/function/internal_message.html?_=1608261549196&CODE_STATE=getMsg HTTP/1.1" 200 27
116.228.172.94 - - [18/Dec/2020:11:11:28 +0800] "GET /xingrg/kc/buy/cgsh_order_add.html HTTP/1.1" 200 60990
114.88.161.120 - - [18/Dec/2020:11:11:29 +0800] "GET /xingrg/all/function/internal_message.html?_=1608261225213&CODE_STATE=getMsg HTTP/1.1" 200 27
114.88.161.120 - - [18/Dec/2020:11:11:29 +0800] "GET /xingrg/kc/buy/cgsh_order_add.html HTTP/1.1" 200 60902
114.88.161.120 - - [18/Dec/2020:11:11:30 +0800] "GET /xingrg/javascript/easyui/themes/default/validatebox.css HTTP/1.1" 404 1104
114.88.161.120 - - [18/Dec/2020:11:11:30 +0800] "POST /xingrg/kc/buy/cgsh_order_operate.html HTTP/1.1" 200 8245
116.228.172.94 - - [18/Dec/2020:11:11:30 +0800] "GET /xingrg/javascript/easyui/themes/default/validatebox.css HTTP/1.1" 404 1104
116.228.172.94 - - [18/Dec/2020:11:11:30 +0800] "POST /xingrg/kc/buy/cgsh_order_operate.html HTTP/1.1" 200 8245
116.228.172.94 - - [18/Dec/2020:11:11:31 +0800] "GET /xingrg/javascript/easyui/themes/default/tree.css HTTP/1.1" 404 1090
116.228.172.94 - - [18/Dec/2020:11:11:31 +0800] "POST /xingrg/all/common/load_tree.html?tree=supplier_tree_json&isDelete=1 HTTP/1.1" 200 52465
101.85.93.83 - - [18/Dec/2020:11:11:32 +0800] "GET /xingrg/check_reg.html?_=1608260789229 HTTP/1.1" 200 22
101.85.93.83 - - [18/Dec/2020:11:11:32 +0800] "GET /xingrg/all/function/internal_message.html?_=1608260789231&CODE_STATE=getMsg HTTP/1.1" 200 27
172.17.0.123 - - [18/Dec/2020:11:11:34 +0800] "GET /xingrg/all/function/internal_message.html?_=1608261009312&CODE_STATE=getMsg HTTP/1.1" 200 27
180.174.56.115 - - [18/Dec/2020:11:11:36 +0800] "GET /xingrg/all/function/internal_message.html?_=1608261054312&CODE_STATE=getMsg HTTP/1.1" 200 27
172.17.0.123 - - [18/Dec/2020:11:11:36 +0800] "GET /xingrg/check_reg.html?_=1608261011557 HTTP/1.1" 200 22
180.152.104.37 - - [18/Dec/2020:11:11:37 +0800] "GET /xingrg/check_reg.html?_=1608261095989 HTTP/1.1" 200 22
180.152.104.37 - - [18/Dec/2020:11:11:38 +0800] "GET /xingrg/all/function/internal_message.html?_=1608261096941&CODE_STATE=getMsg HTTP/1.1" 200 27
180.162.108.15 - - [18/Dec/2020:11:11:41 +0800] "GET /xingrg/all/function/internal_message.html?_=1608260997019&CODE_STATE=getMsg HTTP/1.1" 200 27
180.162.108.15 - - [18/Dec/2020:11:11:41 +0800] "GET /xingrg/check_reg.html?_=1608260997397 HTTP/1.1" 200 22
114.88.161.120 - - [18/Dec/2020:11:11:41 +0800] "GET /xingrg/kc/buy/cgsh_order_operate.html?command=get_materiel&rest_code=00111&code=00101007032&supplier_code=00100328&order_time=2020-12-18 HTTP/1.1" 200 432
117.131.5.26 - - [18/Dec/2020:11:11:42 +0800] "GET /xingrg/all/function/internal_message.html?_=1608261430396&CODE_STATE=getMsg HTTP/1.1" 302 -
117.131.5.26 - - [18/Dec/2020:11:11:42 +0800] "GET /xingrg/login.html HTTP/1.1" 200 7641
114.88.161.120 - - [18/Dec/2020:11:11:42 +0800] "GET /xingrg/all/function/internal_message.html?_=1608261098983&CODE_STATE=getMsg HTTP/1.1" 302 -
117.184.7.26 - - [18/Dec/2020:11:11:43 +0800] "GET /xingrg/javascript/jquery_tools/images/prev.gif HTTP/1.1" 404 1086
