116.228.172.94 - - [18/Dec/2020:09:59:40 +0800] "GET /xingrg/all/function/internal_message.html?_=1608256772014&CODE_STATE=getMsg HTTP/1.1" 200 27
114.88.161.120 - - [18/Dec/2020:09:59:41 +0800] "GET /xingrg/all/function/internal_message.html?_=1608256918026&CODE_STATE=getMsg HTTP/1.1" 200 27
222.69.133.109 - - [18/Dec/2020:09:59:43 +0800] "GET /xingrg/all/function/internal_message.html?_=1608256783086&CODE_STATE=getMsg HTTP/1.1" 200 27
222.69.133.109 - - [18/Dec/2020:09:59:56 +0800] "GET /xingrg/kc/base/wldb_order_operate.html?command=get_materiel&rest_code=00154&base_code=0010724&code=00101019308 HTTP/1.1" 200 478
116.230.118.184 - - [18/Dec/2020:10:00:13 +0800] "GET /xingrg/all/function/internal_message.html?_=1608256812624&CODE_STATE=getMsg HTTP/1.1" 200 27
180.174.56.115 - - [18/Dec/2020:10:00:18 +0800] "GET /xingrg/all/function/internal_message.html?_=1608256819239&CODE_STATE=getMsg HTTP/1.1" 200 27
222.69.136.191 - - [18/Dec/2020:10:00:22 +0800] "GET /xingrg/all/function/internal_message.html?_=1608256817169&CODE_STATE=getMsg HTTP/1.1" 200 27
116.230.106.194 - - [18/Dec/2020:10:00:25 +0800] "GET /xingrg/all/function/internal_message.html?_=1608256820908&CODE_STATE=getMsg HTTP/1.1" 200 27
222.69.133.109 - - [18/Dec/2020:10:00:26 +0800] "POST /xingrg/kc/base/wldb_order_operate.html HTTP/1.1" 200 37
114.88.161.120 - - [18/Dec/2020:10:00:27 +0800] "GET /xingrg/all/function/internal_message.html?_=1608256823976&CODE_STATE=getMsg HTTP/1.1" 200 27
222.69.133.109 - - [18/Dec/2020:10:00:28 +0800] "POST /xingrg/kc/base/wldb_order_operate.html HTTP/1.1" 200 12
222.69.133.109 - - [18/Dec/2020:10:00:28 +0800] "POST /xingrg/kc/base/wldb_order_operate.html HTTP/1.1" 200 6647
222.69.133.109 - - [18/Dec/2020:10:00:31 +0800] "GET /xingrg/kc/base/wldb_order_info.html?code=422020121801971 HTTP/1.1" 200 26391
222.69.133.109 - - [18/Dec/2020:10:00:32 +0800] "GET /xingrg/javascript/easyui/themes/default/validatebox.css HTTP/1.1" 404 1104
222.69.133.109 - - [18/Dec/2020:10:00:32 +0800] "POST /xingrg/kc/base/wldb_order_operate.html HTTP/1.1" 200 4844
172.17.0.123 - - [18/Dec/2020:10:00:34 +0800] "GET /xingrg/all/function/internal_message.html?_=1608256749303&CODE_STATE=getMsg HTTP/1.1" 200 27
180.174.56.115 - - [18/Dec/2020:10:00:35 +0800] "GET /xingrg/all/function/internal_message.html?_=1608256793211&CODE_STATE=getMsg HTTP/1.1" 200 27
180.162.223.42 - - [18/Dec/2020:10:00:35 +0800] "GET /xingrg/all/function/internal_message.html?_=1608256837205&CODE_STATE=getMsg HTTP/1.1" 200 27
172.17.200.101 - - [18/Dec/2020:10:00:40 +0800] "GET /xingrg/all/function/internal_message.html?_=1608256840486&CODE_STATE=getMsg HTTP/1.1" 200 27
117.131.5.26 - - [18/Dec/2020:10:00:40 +0800] "GET /xingrg/all/function/internal_message.html?_=1608257168191&CODE_STATE=getMsg HTTP/1.1" 200 27
116.228.172.94 - - [18/Dec/2020:10:00:40 +0800] "GET /xingrg/all/function/internal_message.html?_=1608256831988&CODE_STATE=getMsg HTTP/1.1" 200 27
114.88.161.120 - - [18/Dec/2020:10:00:41 +0800] "GET /xingrg/check_reg.html?_=1608256978047 HTTP/1.1" 200 22
114.88.161.120 - - [18/Dec/2020:10:00:41 +0800] "GET /xingrg/all/function/internal_message.html?_=1608256978041&CODE_STATE=getMsg HTTP/1.1" 200 27
222.69.133.109 - - [18/Dec/2020:10:00:43 +0800] "GET /xingrg/all/function/internal_message.html?_=1608256843097&CODE_STATE=getMsg HTTP/1.1" 200 27
222.69.133.109 - - [18/Dec/2020:10:00:51 +0800] "GET /xingrg/kc/base/wldb_order_add.html HTTP/1.1" 200 30514
222.69.133.109 - - [18/Dec/2020:10:00:51 +0800] "POST /xingrg/kc/base/wldb_order_operate.html HTTP/1.1" 200 6806
222.69.133.109 - - [18/Dec/2020:10:00:51 +0800] "GET /xingrg/javascript/easyui/themes/default/validatebox.css HTTP/1.1" 404 1104
222.69.133.109 - - [18/Dec/2020:10:01:00 +0800] "POST /xingrg/all/common/load_combo.html?type=base HTTP/1.1" 200 1224
222.69.133.109 - - [18/Dec/2020:10:01:03 +0800] "POST /xingrg/all/common/load_combo.html?type=base HTTP/1.1" 200 1224
116.230.118.184 - - [18/Dec/2020:10:01:11 +0800] "GET /xingrg/check_reg.html?_=1608256871432 HTTP/1.1" 200 22
114.88.161.120 - - [18/Dec/2020:10:01:13 +0800] "GET /xingrg/check_reg.html?_=1608256869152 HTTP/1.1" 200 22
116.230.118.184 - - [18/Dec/2020:10:01:13 +0800] "GET /xingrg/all/function/internal_message.html?_=1608256872637&CODE_STATE=getMsg HTTP/1.1" 200 27
180.174.56.115 - - [18/Dec/2020:10:01:18 +0800] "GET /xingrg/all/function/internal_message.html?_=1608256879247&CODE_STATE=getMsg HTTP/1.1" 200 27
180.174.56.115 - - [18/Dec/2020:10:01:18 +0800] "GET /xingrg/check_reg.html?_=1608256879251 HTTP/1.1" 200 22
222.69.136.191 - - [18/Dec/2020:10:01:22 +0800] "GET /xingrg/all/function/internal_message.html?_=1608256877140&CODE_STATE=getMsg HTTP/1.1" 200 27
222.69.136.191 - - [18/Dec/2020:10:01:23 +0800] "GET /xingrg/check_reg.html?_=1608256877705 HTTP/1.1" 200 22
116.230.106.194 - - [18/Dec/2020:10:01:25 +0800] "GET /xingrg/all/function/internal_message.html?_=1608256880920&CODE_STATE=getMsg HTTP/1.1" 200 27
114.88.161.120 - - [18/Dec/2020:10:01:27 +0800] "GET /xingrg/all/function/internal_message.html?_=1608256883987&CODE_STATE=getMsg HTTP/1.1" 200 27
222.69.133.109 - - [18/Dec/2020:10:01:34 +0800] "GET /xingrg/kc/base/wldb_order_operate.html?command=get_materiel&rest_code=00154&base_code=0010724&code=00101019120 HTTP/1.1" 200 457
172.17.0.123 - - [18/Dec/2020:10:01:34 +0800] "GET /xingrg/all/function/internal_message.html?_=1608256809306&CODE_STATE=getMsg HTTP/1.1" 200 27
180.174.56.115 - - [18/Dec/2020:10:01:35 +0800] "GET /xingrg/all/function/internal_message.html?_=1608256853244&CODE_STATE=getMsg HTTP/1.1" 200 27
180.162.223.42 - - [18/Dec/2020:10:01:35 +0800] "GET /xingrg/all/function/internal_message.html?_=1608256897203&CODE_STATE=getMsg HTTP/1.1" 200 27
172.17.0.123 - - [18/Dec/2020:10:01:37 +0800] "GET /xingrg/check_reg.html?_=1608256811905 HTTP/1.1" 200 22
172.17.200.101 - - [18/Dec/2020:10:01:40 +0800] "GET /xingrg/all/function/internal_message.html?_=1608256900488&CODE_STATE=getMsg HTTP/1.1" 200 27
117.131.5.26 - - [18/Dec/2020:10:01:40 +0800] "GET /xingrg/all/function/internal_message.html?_=1608257228243&CODE_STATE=getMsg HTTP/1.1" 200 27
116.228.172.94 - - [18/Dec/2020:10:01:40 +0800] "GET /xingrg/all/function/internal_message.html?_=1608256891973&CODE_STATE=getMsg HTTP/1.1" 200 27
114.88.161.120 - - [18/Dec/2020:10:01:41 +0800] "GET /xingrg/all/function/internal_message.html?_=1608257038031&CODE_STATE=getMsg HTTP/1.1" 200 27
222.69.133.109 - - [18/Dec/2020:10:01:43 +0800] "GET /xingrg/all/function/internal_message.html?_=1608256903091&CODE_STATE=getMsg HTTP/1.1" 200 27
222.69.133.109 - - [18/Dec/2020:10:01:50 +0800] "GET /xingrg/kc/base/wldb_order_operate.html?command=get_materiel&rest_code=00154&base_code=0010724&code=00101022083 HTTP/1.1" 200 419
117.131.5.26 - - [18/Dec/2020:10:02:02 +0800] "GET /xingrg/login.html HTTP/1.1" 200 7641
117.131.5.26 - - [18/Dec/2020:10:02:02 +0800] "GET /favicon.ico HTTP/1.1" 404 -
116.230.118.184 - - [18/Dec/2020:10:02:13 +0800] "GET /xingrg/all/function/internal_message.html?_=1608256932651&CODE_STATE=getMsg HTTP/1.1" 200 27
180.174.56.115 - - [18/Dec/2020:10:02:18 +0800] "GET /xingrg/all/function/internal_message.html?_=1608256939252&CODE_STATE=getMsg HTTP/1.1" 200 27
117.131.5.26 - - [18/Dec/2020:10:02:21 +0800] "GET /xingrg/check_reg.html?_=1608257269356 HTTP/1.1" 200 22
222.69.136.191 - - [18/Dec/2020:10:02:22 +0800] "GET /xingrg/all/function/internal_message.html?_=1608256937112&CODE_STATE=getMsg HTTP/1.1" 200 27
116.230.106.194 - - [18/Dec/2020:10:02:25 +0800] "GET /xingrg/all/function/internal_message.html?_=1608256940914&CODE_STATE=getMsg HTTP/1.1" 200 27
114.88.161.120 - - [18/Dec/2020:10:02:27 +0800] "GET /xingrg/all/function/internal_message.html?_=1608256944000&CODE_STATE=getMsg HTTP/1.1" 200 27
172.17.0.123 - - [18/Dec/2020:10:02:34 +0800] "GET /xingrg/all/function/internal_message.html?_=1608256869307&CODE_STATE=getMsg HTTP/1.1" 200 27
180.174.56.115 - - [18/Dec/2020:10:02:35 +0800] "GET /xingrg/all/function/internal_message.html?_=1608256913254&CODE_STATE=getMsg HTTP/1.1" 200 27
180.162.223.42 - - [18/Dec/2020:10:02:35 +0800] "GET /xingrg/all/function/internal_message.html?_=1608256957200&CODE_STATE=getMsg HTTP/1.1" 200 27
172.17.200.101 - - [18/Dec/2020:10:02:40 +0800] "GET /xingrg/all/function/internal_message.html?_=1608256960492&CODE_STATE=getMsg HTTP/1.1" 200 27
117.131.5.26 - - [18/Dec/2020:10:02:40 +0800] "GET /xingrg/all/function/internal_message.html?_=1608257288259&CODE_STATE=getMsg HTTP/1.1" 200 27
116.228.172.94 - - [18/Dec/2020:10:02:40 +0800] "GET /xingrg/all/function/internal_message.html?_=1608256951960&CODE_STATE=getMsg HTTP/1.1" 200 27
114.88.161.120 - - [18/Dec/2020:10:02:41 +0800] "GET /xingrg/all/function/internal_message.html?_=1608257098032&CODE_STATE=getMsg HTTP/1.1" 200 27
222.69.133.109 - - [18/Dec/2020:10:02:43 +0800] "GET /xingrg/all/function/internal_message.html?_=1608256963093&CODE_STATE=getMsg HTTP/1.1" 200 27
222.69.133.109 - - [18/Dec/2020:10:02:43 +0800] "GET /xingrg/check_reg.html?_=1608256963098 HTTP/1.1" 200 22
116.228.172.94 - - [18/Dec/2020:10:02:45 +0800] "GET /xingrg/kc/base/base_main.html HTTP/1.1" 200 12142
116.228.172.94 - - [18/Dec/2020:10:02:48 +0800] "GET /xingrg/kc/base/wldb_order_list.html HTTP/1.1" 200 19345
116.228.172.94 - - [18/Dec/2020:10:02:50 +0800] "POST /xingrg/kc/base/wldb_list_operate.html HTTP/1.1" 200 928
116.228.172.94 - - [18/Dec/2020:10:02:55 +0800] "GET /xingrg/kc/base/wldb_order_add.html HTTP/1.1" 200 30510
117.131.5.26 - - [18/Dec/2020:10:02:57 +0800] "POST /xingrg/login.do HTTP/1.1" 302 -
117.131.5.26 - - [18/Dec/2020:10:02:57 +0800] "GET /xingrg/index.html?sysBaseUrl=http%3A%2F%2F180.169.147.146%3A18081%2Fxingrg%2F&costTime=38×tamp=1608256977628 HTTP/1.1" 200 17179
117.131.5.26 - - [18/Dec/2020:10:02:57 +0800] "POST /xingrg/all/common/load_tree.html?tree=area_rest_tree_json&manage=1 HTTP/1.1" 200 351
117.131.5.26 - - [18/Dec/2020:10:02:57 +0800] "GET /favicon.ico HTTP/1.1" 404 -
117.131.5.26 - - [18/Dec/2020:10:02:57 +0800] "GET /xingrg/check_reg.html?_=1608257017526 HTTP/1.1" 200 22
117.131.5.26 - - [18/Dec/2020:10:02:57 +0800] "GET /xingrg/all/function/internal_message.html?_=1608257017524&CODE_STATE=count HTTP/1.1" 200 11
117.131.5.26 - - [18/Dec/2020:10:02:57 +0800] "POST /xingrg/load_menu.html HTTP/1.1" 200 5138
116.228.172.94 - - [18/Dec/2020:10:02:58 +0800] "GET /xingrg/all/common/auto_word.html?type=base&rest_code=00107 HTTP/1.1" 200 1861
116.228.172.94 - - [18/Dec/2020:10:02:58 +0800] "GET /xingrg/all/common/auto_word.html?type=base&rest_code=00107 HTTP/1.1" 200 1861
116.228.172.94 - - [18/Dec/2020:10:02:58 +0800] "GET /xingrg/javascript/easyui/themes/default/validatebox.css HTTP/1.1" 404 1104
116.228.172.94 - - [18/Dec/2020:10:02:58 +0800] "POST /xingrg/kc/base/wldb_order_operate.html HTTP/1.1" 200 6806
117.131.5.26 - - [18/Dec/2020:10:03:01 +0800] "GET /xingrg/kc/buy/cgsh_order_list.html HTTP/1.1" 200 45171
116.228.172.94 - - [18/Dec/2020:10:03:02 +0800] "POST /xingrg/all/common/load_combo.html?type=base HTTP/1.1" 200 3324
117.131.5.26 - - [18/Dec/2020:10:03:02 +0800] "POST /xingrg/kc/buy/cgsh_list_operate.html HTTP/1.1" 200 876
116.230.118.184 - - [18/Dec/2020:10:03:13 +0800] "GET /xingrg/all/function/internal_message.html?_=1608256992665&CODE_STATE=getMsg HTTP/1.1" 200 27
180.174.56.115 - - [18/Dec/2020:10:03:18 +0800] "GET /xingrg/all/function/internal_message.html?_=1608256999254&CODE_STATE=getMsg HTTP/1.1" 200 27
222.69.136.191 - - [18/Dec/2020:10:03:22 +0800] "GET /xingrg/all/function/internal_message.html?_=1608256997089&CODE_STATE=getMsg HTTP/1.1" 200 27
116.228.172.94 - - [18/Dec/2020:10:03:25 +0800] "POST /xingrg/all/common/load_combo.html?type=base HTTP/1.1" 200 3324
116.230.106.194 - - [18/Dec/2020:10:03:25 +0800] "GET /xingrg/all/function/internal_message.html?_=1608257000919&CODE_STATE=getMsg HTTP/1.1" 200 27
116.230.106.194 - - [18/Dec/2020:10:03:25 +0800] "GET /xingrg/check_reg.html?_=1608257000919 HTTP/1.1" 200 22
114.88.161.120 - - [18/Dec/2020:10:03:27 +0800] "GET /xingrg/all/function/internal_message.html?_=1608257004036&CODE_STATE=getMsg HTTP/1.1" 200 27
172.17.0.123 - - [18/Dec/2020:10:03:34 +0800] "GET /xingrg/all/function/internal_message.html?_=1608256929308&CODE_STATE=getMsg HTTP/1.1" 200 27
180.174.56.115 - - [18/Dec/2020:10:03:35 +0800] "GET /xingrg/check_reg.html?_=1608256973145 HTTP/1.1" 200 22
180.174.56.115 - - [18/Dec/2020:10:03:35 +0800] "GET /xingrg/all/function/internal_message.html?_=1608256973268&CODE_STATE=getMsg HTTP/1.1" 200 27
180.162.223.42 - - [18/Dec/2020:10:03:35 +0800] "GET /xingrg/all/function/internal_message.html?_=1608257017211&CODE_STATE=getMsg HTTP/1.1" 200 27
180.162.223.42 - - [18/Dec/2020:10:03:35 +0800] "GET /xingrg/check_reg.html?_=1608257017219 HTTP/1.1" 200 22
117.185.32.30 - - [18/Dec/2020:10:03:36 +0800] "GET /favicon.ico HTTP/1.1" 404 -
116.228.172.94 - - [18/Dec/2020:10:03:39 +0800] "GET /xingrg/check_reg.html?_=1608257010347 HTTP/1.1" 200 22
172.17.200.101 - - [18/Dec/2020:10:03:40 +0800] "GET /xingrg/all/function/internal_message.html?_=1608257020500&CODE_STATE=getMsg HTTP/1.1" 200 27
172.17.200.101 - - [18/Dec/2020:10:03:40 +0800] "GET /xingrg/check_reg.html?_=1608257020504 HTTP/1.1" 200 22
117.131.5.26 - - [18/Dec/2020:10:03:40 +0800] "GET /xingrg/all/function/internal_message.html?_=1608257348276&CODE_STATE=getMsg HTTP/1.1" 200 27
116.228.172.94 - - [18/Dec/2020:10:03:40 +0800] "GET /xingrg/all/function/internal_message.html?_=1608257011942&CODE_STATE=getMsg HTTP/1.1" 200 27
114.88.161.120 - - [18/Dec/2020:10:03:41 +0800] "GET /xingrg/all/function/internal_message.html?_=1608257158031&CODE_STATE=getMsg HTTP/1.1" 200 27
222.69.133.109 - - [18/Dec/2020:10:03:43 +0800] "GET /xingrg/all/function/internal_message.html?_=1608257023086&CODE_STATE=getMsg HTTP/1.1" 200 27
172.17.0.103 - - [18/Dec/2020:10:03:51 +0800] "GET /xingrg/index.html?sysBaseUrl=http%3A%2F%2F172.17.0.8%3A18081%2Fxingrg%2F&costTime=32×tamp=1585227824564 HTTP/1.1" 302 -
172.17.0.103 - - [18/Dec/2020:10:03:51 +0800] "GET /xingrg/login.html HTTP/1.1" 200 7636
172.17.0.103 - - [18/Dec/2020:10:03:51 +0800] "GET /favicon.ico HTTP/1.1" 404 -
117.131.5.26 - - [18/Dec/2020:10:03:57 +0800] "GET /xingrg/all/function/internal_message.html?_=1608257077527&CODE_STATE=getMsg HTTP/1.1" 200 27
180.152.104.37 - - [18/Dec/2020:10:04:08 +0800] "POST /xingrg/services/DataTransmitService HTTP/1.1" 200 524
116.230.118.184 - - [18/Dec/2020:10:04:13 +0800] "GET /xingrg/all/function/internal_message.html?_=1608257052968&CODE_STATE=getMsg HTTP/1.1" 200 27
180.174.56.115 - - [18/Dec/2020:10:04:18 +0800] "GET /xingrg/all/function/internal_message.html?_=1608257059259&CODE_STATE=getMsg HTTP/1.1" 200 27
172.17.0.103 - - [18/Dec/2020:10:04:21 +0800] "POST /xingrg/login.do HTTP/1.1" 302 -
172.17.0.103 - - [18/Dec/2020:10:04:21 +0800] "GET /xingrg/index.html?sysBaseUrl=http%3A%2F%2F172.17.0.8%3A18081%2Fxingrg%2F&costTime=39×tamp=1608257061469 HTTP/1.1" 200 17124
172.17.0.103 - - [18/Dec/2020:10:04:21 +0800] "GET /favicon.ico HTTP/1.1" 404 -
172.17.0.103 - - [18/Dec/2020:10:04:21 +0800] "POST /xingrg/all/common/load_tree.html?tree=area_rest_tree_json&manage=1 HTTP/1.1" 200 351
172.17.0.103 - - [18/Dec/2020:10:04:21 +0800] "GET /xingrg/all/function/internal_message.html?_=1608257060226&CODE_STATE=count HTTP/1.1" 200 11
172.17.0.103 - - [18/Dec/2020:10:04:21 +0800] "POST /xingrg/load_menu.html HTTP/1.1" 200 5103
172.17.0.103 - - [18/Dec/2020:10:04:21 +0800] "GET /xingrg/check_reg.html?_=1608257060227 HTTP/1.1" 200 22
222.69.136.191 - - [18/Dec/2020:10:04:22 +0800] "GET /xingrg/all/function/internal_message.html?_=1608257057061&CODE_STATE=getMsg HTTP/1.1" 200 27
172.17.0.103 - - [18/Dec/2020:10:04:23 +0800] "GET /xingrg/kc/buy/buy_main.html HTTP/1.1" 200 12377
172.17.0.103 - - [18/Dec/2020:10:04:23 +0800] "GET /xingrg/css/new_ie.css HTTP/1.1" 404 1036
172.17.0.103 - - [18/Dec/2020:10:04:24 +0800] "GET /xingrg/images/yd/bt.gif HTTP/1.1" 404 1040
172.17.0.103 - - [18/Dec/2020:10:04:25 +0800] "GET /xingrg/kc/buy/cgsh_order_list.html HTTP/1.1" 200 45151
172.17.0.103 - - [18/Dec/2020:10:04:25 +0800] "GET /xingrg/css/base.css HTTP/1.1" 304 -
172.17.0.103 - - [18/Dec/2020:10:04:25 +0800] "GET /xingrg/css/site.css HTTP/1.1" 304 -
172.17.0.103 - - [18/Dec/2020:10:04:25 +0800] "GET /xingrg/javascript/jquery_tools/datebox.css HTTP/1.1" 304 -
172.17.0.103 - - [18/Dec/2020:10:04:25 +0800] "GET /xingrg/javascript/easyui/themes/default/easyui.css HTTP/1.1" 304 -
172.17.0.103 - - [18/Dec/2020:10:04:25 +0800] "GET /xingrg/javascript/easyui/themes/icon.css HTTP/1.1" 304 -
172.17.0.103 - - [18/Dec/2020:10:04:25 +0800] "GET /xingrg/javascript/jquery_tools/table.css HTTP/1.1" 304 -
172.17.0.103 - - [18/Dec/2020:10:04:25 +0800] "GET /xingrg/javascript/jquery_tools/jquery.tools.min.js HTTP/1.1" 304 -
172.17.0.103 - - [18/Dec/2020:10:04:25 +0800] "GET /xingrg/javascript/jquery_tools/jquery.tools.extend.js HTTP/1.1" 304 -
172.17.0.103 - - [18/Dec/2020:10:04:25 +0800] "GET /xingrg/javascript/jquery_tools/jquery.tools.hotkey.js HTTP/1.1" 304 -
172.17.0.103 - - [18/Dec/2020:10:04:25 +0800] "GET /xingrg/javascript/jquery_tools/list_manager.js HTTP/1.1" 304 -
172.17.0.103 - - [18/Dec/2020:10:04:25 +0800] "GET /xingrg/javascript/jquery_tools/jquery.tools.table.js HTTP/1.1" 304 -
172.17.0.103 - - [18/Dec/2020:10:04:25 +0800] "GET /xingrg/javascript/easyui/easyloader.js HTTP/1.1" 304 -
172.17.0.103 - - [18/Dec/2020:10:04:25 +0800] "GET /xingrg/javascript/jquery.cookie.js HTTP/1.1" 304 -
116.230.106.194 - - [18/Dec/2020:10:04:25 +0800] "GET /xingrg/all/function/internal_message.html?_=1608257060905&CODE_STATE=getMsg HTTP/1.1" 200 27
172.17.0.103 - - [18/Dec/2020:10:04:25 +0800] "GET /xingrg/javascript/jquery_tools/fix.css HTTP/1.1" 304 -
172.17.0.103 - - [18/Dec/2020:10:04:25 +0800] "GET /xingrg/javascript/easyui/plugins/jquery.parser.js HTTP/1.1" 304 -
116.228.172.94 - - [18/Dec/2020:10:04:25 +0800] "GET /xingrg/kc/base/wldb_order_operate.html?command=get_materiel&rest_code=00107&base_code=0010152&code=00102002441 HTTP/1.1" 200 448
172.17.0.103 - - [18/Dec/2020:10:04:26 +0800] "POST /xingrg/kc/buy/cgsh_list_operate.html HTTP/1.1" 200 5198
222.69.133.109 - - [18/Dec/2020:10:04:26 +0800] "GET /xingrg/kc/base/wldb_order_operate.html?command=get_materiel&rest_code=00154&base_code=0010724&code=00101019798 HTTP/1.1" 200 451
114.88.161.120 - - [18/Dec/2020:10:04:27 +0800] "GET /xingrg/all/function/internal_message.html?_=1608257064043&CODE_STATE=getMsg HTTP/1.1" 200 27
172.17.0.103 - - [18/Dec/2020:10:04:28 +0800] "GET /xingrg/css/new_ie.css HTTP/1.1" 404 1036
172.17.0.103 - - [18/Dec/2020:10:04:28 +0800] "GET /favicon.ico HTTP/1.1" 404 -
172.17.0.103 - - [18/Dec/2020:10:04:34 +0800] "POST /xingrg/login.do HTTP/1.1" 302 -
172.17.0.103 - - [18/Dec/2020:10:04:34 +0800] "GET /xingrg/index.html?sysBaseUrl=http%3A%2F%2F172.17.0.8%3A18081%2Fxingrg%2F&costTime=39×tamp=1608257074365 HTTP/1.1" 200 17124
172.17.0.103 - - [18/Dec/2020:10:04:34 +0800] "POST /xingrg/all/common/load_tree.html?tree=area_rest_tree_json&manage=1 HTTP/1.1" 200 351
172.17.0.103 - - [18/Dec/2020:10:04:34 +0800] "GET /xingrg/check_reg.html?_=1608257073022 HTTP/1.1" 200 22
172.17.0.103 - - [18/Dec/2020:10:04:34 +0800] "GET /xingrg/all/function/internal_message.html?_=1608257073022&CODE_STATE=count HTTP/1.1" 200 11
172.17.0.103 - - [18/Dec/2020:10:04:34 +0800] "GET /favicon.ico HTTP/1.1" 404 -
172.17.0.103 - - [18/Dec/2020:10:04:34 +0800] "POST /xingrg/load_menu.html HTTP/1.1" 200 5103
172.17.0.123 - - [18/Dec/2020:10:04:34 +0800] "GET /xingrg/all/function/internal_message.html?_=1608256989310&CODE_STATE=getMsg HTTP/1.1" 200 27
172.17.0.123 - - [18/Dec/2020:10:04:34 +0800] "GET /xingrg/check_reg.html?_=1608256989312 HTTP/1.1" 200 22
180.174.56.115 - - [18/Dec/2020:10:04:35 +0800] "GET /xingrg/all/function/internal_message.html?_=1608257033282&CODE_STATE=getMsg HTTP/1.1" 200 27
180.162.223.42 - - [18/Dec/2020:10:04:35 +0800] "GET /xingrg/all/function/internal_message.html?_=1608257077210&CODE_STATE=getMsg HTTP/1.1" 200 27
172.17.0.103 - - [18/Dec/2020:10:04:36 +0800] "GET /xingrg/kc/buy/buy_main.html HTTP/1.1" 200 12377
172.17.0.103 - - [18/Dec/2020:10:04:36 +0800] "GET /xingrg/css/new_ie.css HTTP/1.1" 404 1036
172.17.0.103 - - [18/Dec/2020:10:04:36 +0800] "GET /xingrg/images/yd/bt.gif HTTP/1.1" 404 1040
172.17.0.103 - - [18/Dec/2020:10:04:37 +0800] "GET /xingrg/kc/buy/cgsh_order_list.html HTTP/1.1" 200 45151
172.17.0.103 - - [18/Dec/2020:10:04:38 +0800] "POST /xingrg/kc/buy/cgsh_list_operate.html HTTP/1.1" 200 5198
172.17.200.101 - - [18/Dec/2020:10:04:40 +0800] "GET /xingrg/all/function/internal_message.html?_=1608257080505&CODE_STATE=getMsg HTTP/1.1" 200 27
117.131.5.26 - - [18/Dec/2020:10:04:40 +0800] "GET /xingrg/all/function/internal_message.html?_=1608257408331&CODE_STATE=getMsg HTTP/1.1" 200 27
116.228.172.94 - - [18/Dec/2020:10:04:40 +0800] "GET /xingrg/all/function/internal_message.html?_=1608257071925&CODE_STATE=getMsg HTTP/1.1" 200 27
114.88.161.120 - - [18/Dec/2020:10:04:41 +0800] "GET /xingrg/all/function/internal_message.html?_=1608257218031&CODE_STATE=getMsg HTTP/1.1" 200 27
222.69.133.109 - - [18/Dec/2020:10:04:43 +0800] "GET /xingrg/all/function/internal_message.html?_=1608257083090&CODE_STATE=getMsg HTTP/1.1" 200 27
117.131.5.26 - - [18/Dec/2020:10:04:57 +0800] "GET /xingrg/all/function/internal_message.html?_=1608257137542&CODE_STATE=getMsg HTTP/1.1" 200 27
222.69.133.109 - - [18/Dec/2020:10:05:04 +0800] "GET /xingrg/kc/base/wldb_order_operate.html?command=get_materiel&rest_code=00154&base_code=0010724&code=00101019797 HTTP/1.1" 200 451
116.230.118.184 - - [18/Dec/2020:10:05:13 +0800] "GET /xingrg/all/function/internal_message.html?_=1608257112974&CODE_STATE=getMsg HTTP/1.1" 200 27
222.69.133.109 - - [18/Dec/2020:10:05:17 +0800] "GET /xingrg/kc/base/wldb_order_operate.html?command=get_materiel&rest_code=00154&base_code=0010724&code=00101019184 HTTP/1.1" 200 442
180.174.56.115 - - [18/Dec/2020:10:05:18 +0800] "GET /xingrg/all/function/internal_message.html?_=1608257119260&CODE_STATE=getMsg HTTP/1.1" 200 27
222.69.136.191 - - [18/Dec/2020:10:05:22 +0800] "GET /xingrg/all/function/internal_message.html?_=1608257117031&CODE_STATE=getMsg HTTP/1.1" 200 27
114.84.4.90 - - [18/Dec/2020:10:05:23 +0800] "POST /xingrg/services/DataTransmitService HTTP/1.1" 200 524
116.230.106.194 - - [18/Dec/2020:10:05:25 +0800] "GET /xingrg/all/function/internal_message.html?_=1608257120914&CODE_STATE=getMsg HTTP/1.1" 200 27
114.88.161.120 - - [18/Dec/2020:10:05:27 +0800] "GET /xingrg/all/function/internal_message.html?_=1608257124078&CODE_STATE=getMsg HTTP/1.1" 200 27
172.17.0.103 - - [18/Dec/2020:10:05:28 +0800] "POST /xingrg/kc/buy/cgsh_list_operate.html HTTP/1.1" 200 5324
222.69.133.109 - - [18/Dec/2020:10:05:30 +0800] "GET /xingrg/kc/base/wldb_order_operate.html?command=get_materiel&rest_code=00154&base_code=0010724&code=00101022084 HTTP/1.1" 200 430
116.228.172.94 - - [18/Dec/2020:10:05:33 +0800] "POST /xingrg/kc/base/wldb_order_operate.html HTTP/1.1" 200 37
116.228.172.94 - - [18/Dec/2020:10:05:33 +0800] "POST /xingrg/kc/base/wldb_order_operate.html HTTP/1.1" 200 2199
172.17.0.103 - - [18/Dec/2020:10:05:34 +0800] "GET /xingrg/all/function/internal_message.html?_=1608257133028&CODE_STATE=getMsg HTTP/1.1" 200 27
172.17.0.123 - - [18/Dec/2020:10:05:34 +0800] "GET /xingrg/all/function/internal_message.html?_=1608257049314&CODE_STATE=getMsg HTTP/1.1" 200 27
180.174.56.115 - - [18/Dec/2020:10:05:35 +0800] "GET /xingrg/all/function/internal_message.html?_=1608257093295&CODE_STATE=getMsg HTTP/1.1" 200 27
180.162.223.42 - - [18/Dec/2020:10:05:35 +0800] "GET /xingrg/all/function/internal_message.html?_=1608257137206&CODE_STATE=getMsg HTTP/1.1" 200 27
116.228.172.94 - - [18/Dec/2020:10:05:36 +0800] "GET /xingrg/kc/base/wldb_order_info.html?code=422020121801972 HTTP/1.1" 200 30524
116.228.172.94 - - [18/Dec/2020:10:05:38 +0800] "GET /xingrg/javascript/easyui/themes/default/validatebox.css HTTP/1.1" 404 1104
116.228.172.94 - - [18/Dec/2020:10:05:38 +0800] "POST /xingrg/kc/base/wldb_order_operate.html HTTP/1.1" 200 2199
172.17.200.101 - - [18/Dec/2020:10:05:40 +0800] "GET /xingrg/all/function/internal_message.html?_=1608257140498&CODE_STATE=getMsg HTTP/1.1" 200 27
117.131.5.26 - - [18/Dec/2020:10:05:40 +0800] "GET /xingrg/all/function/internal_message.html?_=1608257468354&CODE_STATE=getMsg HTTP/1.1" 200 27
116.228.172.94 - - [18/Dec/2020:10:05:40 +0800] "GET /xingrg/kc/base/wldb_order_add.html HTTP/1.1" 200 30510
114.88.161.120 - - [18/Dec/2020:10:05:41 +0800] "GET /xingrg/check_reg.html?_=1608257278030 HTTP/1.1" 200 22
114.88.161.120 - - [18/Dec/2020:10:05:41 +0800] "GET /xingrg/all/function/internal_message.html?_=1608257278027&CODE_STATE=getMsg HTTP/1.1" 200 27
116.228.172.94 - - [18/Dec/2020:10:05:43 +0800] "GET /xingrg/javascript/easyui/themes/default/validatebox.css HTTP/1.1" 404 1104
116.228.172.94 - - [18/Dec/2020:10:05:43 +0800] "POST /xingrg/kc/base/wldb_order_operate.html HTTP/1.1" 200 6806
222.69.133.109 - - [18/Dec/2020:10:05:43 +0800] "GET /xingrg/all/function/internal_message.html?_=1608257143099&CODE_STATE=getMsg HTTP/1.1" 200 27
116.228.172.94 - - [18/Dec/2020:10:05:44 +0800] "POST /xingrg/all/common/load_combo.html?type=base HTTP/1.1" 200 3324
222.69.133.109 - - [18/Dec/2020:10:05:46 +0800] "POST /xingrg/kc/base/wldb_order_operate.html HTTP/1.1" 200 37
222.69.133.109 - - [18/Dec/2020:10:05:48 +0800] "POST /xingrg/kc/base/wldb_order_operate.html HTTP/1.1" 200 12
222.69.133.109 - - [18/Dec/2020:10:05:48 +0800] "POST /xingrg/kc/base/wldb_order_operate.html HTTP/1.1" 200 5598
222.69.133.109 - - [18/Dec/2020:10:05:49 +0800] "GET /xingrg/kc/base/wldb_order_info.html?code=422020121801973 HTTP/1.1" 200 26390
222.69.133.109 - - [18/Dec/2020:10:05:49 +0800] "GET /xingrg/javascript/easyui/themes/default/validatebox.css HTTP/1.1" 404 1104
222.69.133.109 - - [18/Dec/2020:10:05:49 +0800] "POST /xingrg/kc/base/wldb_order_operate.html HTTP/1.1" 200 3808
116.228.172.94 - - [18/Dec/2020:10:05:57 +0800] "POST /xingrg/all/common/load_combo.html?type=base HTTP/1.1" 200 3324
117.131.5.26 - - [18/Dec/2020:10:05:57 +0800] "GET /xingrg/all/function/internal_message.html?_=1608257197531&CODE_STATE=getMsg HTTP/1.1" 200 27
116.228.172.94 - - [18/Dec/2020:10:06:07 +0800] "GET /xingrg/kc/base/wldb_order_operate.html?command=get_materiel&rest_code=00107&base_code=0010151&code=00101019204 HTTP/1.1" 200 438
116.230.118.184 - - [18/Dec/2020:10:06:12 +0800] "GET /xingrg/check_reg.html?_=1608257171653 HTTP/1.1" 200 22
114.88.161.120 - - [18/Dec/2020:10:06:13 +0800] "GET /xingrg/check_reg.html?_=1608257169159 HTTP/1.1" 200 22
116.230.118.184 - - [18/Dec/2020:10:06:13 +0800] "GET /xingrg/all/function/internal_message.html?_=1608257172986&CODE_STATE=getMsg HTTP/1.1" 200 27
172.17.0.103 - - [18/Dec/2020:10:06:17 +0800] "POST /xingrg/kc/buy/cgsh_list_operate.html HTTP/1.1" 200 3390
180.174.56.115 - - [18/Dec/2020:10:06:18 +0800] "GET /xingrg/check_reg.html?_=1608257179261 HTTP/1.1" 200 22
180.174.56.115 - - [18/Dec/2020:10:06:18 +0800] "GET /xingrg/all/function/internal_message.html?_=1608257179271&CODE_STATE=getMsg HTTP/1.1" 200 27
180.152.104.37 - - [18/Dec/2020:10:06:22 +0800] "GET /xingrg/login.html HTTP/1.1" 200 7641
222.69.136.191 - - [18/Dec/2020:10:06:22 +0800] "GET /xingrg/all/function/internal_message.html?_=1608257177001&CODE_STATE=getMsg HTTP/1.1" 200 27
180.152.104.37 - - [18/Dec/2020:10:06:22 +0800] "GET /xingrg/images/blue/jxLogo.png HTTP/1.1" 304 -
180.152.104.37 - - [18/Dec/2020:10:06:22 +0800] "GET /xingrg/images/blue/login_bg.png HTTP/1.1" 304 -
180.152.104.37 - - [18/Dec/2020:10:06:22 +0800] "GET /xingrg/images/blue/hj.png HTTP/1.1" 304 -
180.152.104.37 - - [18/Dec/2020:10:06:22 +0800] "GET /xingrg/images/blue/srbg.png HTTP/1.1" 304 -
180.152.104.37 - - [18/Dec/2020:10:06:22 +0800] "GET /favicon.ico HTTP/1.1" 404 -
222.69.136.191 - - [18/Dec/2020:10:06:23 +0800] "GET /xingrg/check_reg.html?_=1608257177722 HTTP/1.1" 200 22
172.17.0.103 - - [18/Dec/2020:10:06:23 +0800] "POST /xingrg/kc/buy/cgsh_list_operate.html HTTP/1.1" 200 5198
116.228.172.94 - - [18/Dec/2020:10:06:24 +0800] "GET /xingrg/kc/base/wldb_order_operate.html?command=get_materiel&rest_code=00107&base_code=0010151&code=00101019071 HTTP/1.1" 200 455
116.230.106.194 - - [18/Dec/2020:10:06:25 +0800] "GET /xingrg/all/function/internal_message.html?_=1608257180922&CODE_STATE=getMsg HTTP/1.1" 200 27
114.88.161.120 - - [18/Dec/2020:10:06:27 +0800] "GET /xingrg/all/function/internal_message.html?_=1608257184085&CODE_STATE=getMsg HTTP/1.1" 200 27
116.228.172.94 - - [18/Dec/2020:10:06:30 +0800] "GET /xingrg/kc/base/wldb_order_operate.html?command=get_materiel&rest_code=00107&base_code=0010151&code=00102006723 HTTP/1.1" 200 418
222.69.133.109 - - [18/Dec/2020:10:06:32 +0800] "GET /xingrg/kc/base/wldb_order_add.html HTTP/1.1" 200 30514
222.69.133.109 - - [18/Dec/2020:10:06:33 +0800] "POST /xingrg/kc/base/wldb_order_operate.html HTTP/1.1" 200 6806
222.69.133.109 - - [18/Dec/2020:10:06:33 +0800] "GET /xingrg/javascript/easyui/themes/default/validatebox.css HTTP/1.1" 404 1104
172.17.0.103 - - [18/Dec/2020:10:06:34 +0800] "GET /xingrg/all/function/internal_message.html?_=1608257193026&CODE_STATE=getMsg HTTP/1.1" 200 27
172.17.0.123 - - [18/Dec/2020:10:06:34 +0800] "GET /xingrg/all/function/internal_message.html?_=1608257109315&CODE_STATE=getMsg HTTP/1.1" 200 27
222.69.133.109 - - [18/Dec/2020:10:06:35 +0800] "POST /xingrg/all/common/load_combo.html?type=base HTTP/1.1" 200 1224
180.174.56.115 - - [18/Dec/2020:10:06:35 +0800] "GET /xingrg/all/function/internal_message.html?_=1608257153326&CODE_STATE=getMsg HTTP/1.1" 200 27
180.162.223.42 - - [18/Dec/2020:10:06:35 +0800] "GET /xingrg/all/function/internal_message.html?_=1608257197204&CODE_STATE=getMsg HTTP/1.1" 200 27
180.152.104.37 - - [18/Dec/2020:10:06:36 +0800] "POST /xingrg/login.do HTTP/1.1" 302 -
180.152.104.37 - - [18/Dec/2020:10:06:36 +0800] "GET /xingrg/index.html?sysBaseUrl=http%3A%2F%2F180.169.147.146%3A18081%2Fxingrg%2F&costTime=38×tamp=1608257196536 HTTP/1.1" 200 17173
180.152.104.37 - - [18/Dec/2020:10:06:36 +0800] "GET /xingrg/javascript/jquery_easy_ui/themes/default/easyui.css HTTP/1.1" 304 -
180.152.104.37 - - [18/Dec/2020:10:06:36 +0800] "GET /xingrg/javascript/jquery_easy_ui/themes/icon.css HTTP/1.1" 304 -
180.152.104.37 - - [18/Dec/2020:10:06:36 +0800] "GET /xingrg/css/form.css HTTP/1.1" 304 -
180.152.104.37 - - [18/Dec/2020:10:06:36 +0800] "GET /xingrg/javascript/jquery-1.4.2.min.js HTTP/1.1" 304 -
180.152.104.37 - - [18/Dec/2020:10:06:36 +0800] "GET /xingrg/javascript/jquery_easy_ui/jquery.easyui.min.js HTTP/1.1" 304 -
180.152.104.37 - - [18/Dec/2020:10:06:36 +0800] "GET /xingrg/javascript/jquery_easy_ui/easyui-lang-zh_CN.js HTTP/1.1" 304 -
180.152.104.37 - - [18/Dec/2020:10:06:36 +0800] "GET /xingrg/javascript/jquery.timers.js HTTP/1.1" 304 -
180.152.104.37 - - [18/Dec/2020:10:06:36 +0800] "GET /xingrg/javascript/jquery.form.js HTTP/1.1" 304 -
180.152.104.37 - - [18/Dec/2020:10:06:36 +0800] "GET /xingrg/javascript/jquery.utils.js HTTP/1.1" 304 -
116.228.172.94 - - [18/Dec/2020:10:06:36 +0800] "GET /xingrg/kc/base/wldb_order_operate.html?command=get_materiel&rest_code=00107&base_code=0010151&code=00101019438 HTTP/1.1" 200 445
180.152.104.37 - - [18/Dec/2020:10:06:36 +0800] "GET /favicon.ico HTTP/1.1" 404 -
180.152.104.37 - - [18/Dec/2020:10:06:36 +0800] "GET /xingrg/images/blue/navBackgound.jpg HTTP/1.1" 304 -
180.152.104.37 - - [18/Dec/2020:10:06:36 +0800] "GET /xingrg/javascript/jquery_easy_ui/themes/icons/settle_new.png HTTP/1.1" 304 -
180.152.104.37 - - [18/Dec/2020:10:06:36 +0800] "POST /xingrg/all/common/load_tree.html?tree=area_rest_tree_json&manage=1 HTTP/1.1" 200 342
180.152.104.37 - - [18/Dec/2020:10:06:36 +0800] "GET /xingrg/images/blue/pingpu.png HTTP/1.1" 304 -
180.152.104.37 - - [18/Dec/2020:10:06:36 +0800] "GET /xingrg/javascript/jquery_easy_ui/themes/default/images/tabs_leftarrow.png HTTP/1.1" 304 -
180.152.104.37 - - [18/Dec/2020:10:06:36 +0800] "GET /xingrg/javascript/jquery_easy_ui/themes/default/images/tabs_rightarrow.png HTTP/1.1" 304 -
180.152.104.37 - - [18/Dec/2020:10:06:36 +0800] "GET /xingrg/javascript/jquery_easy_ui/themes/default/images/panel_tool_collapse.gif HTTP/1.1" 304 -
180.152.104.37 - - [18/Dec/2020:10:06:37 +0800] "GET /xingrg/all/function/internal_message.html?_=1608257195832&CODE_STATE=count HTTP/1.1" 200 11
180.152.104.37 - - [18/Dec/2020:10:06:37 +0800] "GET /xingrg/check_reg.html?_=1608257195834 HTTP/1.1" 200 22
180.152.104.37 - - [18/Dec/2020:10:06:37 +0800] "POST /xingrg/load_menu.html HTTP/1.1" 200 5138
172.17.0.123 - - [18/Dec/2020:10:06:37 +0800] "GET /xingrg/check_reg.html?_=1608257111883 HTTP/1.1" 200 22
180.152.104.37 - - [18/Dec/2020:10:06:37 +0800] "GET /xingrg/javascript/jquery_easy_ui/themes/default/images/tree_arrows.gif HTTP/1.1" 304 -
180.152.104.37 - - [18/Dec/2020:10:06:37 +0800] "GET /xingrg/javascript/jquery_easy_ui/themes/default/images/tree_folder_open.gif HTTP/1.1" 304 -
180.152.104.37 - - [18/Dec/2020:10:06:37 +0800] "GET /xingrg/javascript/jquery_easy_ui/themes/icons/search_new.png HTTP/1.1" 304 -
180.152.104.37 - - [18/Dec/2020:10:06:37 +0800] "GET /xingrg/javascript/jquery_easy_ui/themes/default/images/tree_folder.gif HTTP/1.1" 304 -
180.152.104.37 - - [18/Dec/2020:10:06:37 +0800] "GET /xingrg/javascript/jquery_easy_ui/themes/icons/storage_new.png HTTP/1.1" 304 -
180.152.104.37 - - [18/Dec/2020:10:06:37 +0800] "GET /xingrg/javascript/jquery_easy_ui/themes/icons/forms_new.png HTTP/1.1" 304 -
180.152.104.37 - - [18/Dec/2020:10:06:37 +0800] "GET /xingrg/javascript/jquery_easy_ui/themes/default/images/tree_file.gif HTTP/1.1" 304 -
180.152.104.37 - - [18/Dec/2020:10:06:39 +0800] "GET /xingrg/javascript/jquery_easy_ui/themes/default/images/tabs_close.gif HTTP/1.1" 304 -
180.152.104.37 - - [18/Dec/2020:10:06:39 +0800] "GET /xingrg/kc/buy/cgsh_order_list.html HTTP/1.1" 200 45165
180.152.104.37 - - [18/Dec/2020:10:06:39 +0800] "GET /xingrg/css/base.css HTTP/1.1" 304 -
180.152.104.37 - - [18/Dec/2020:10:06:39 +0800] "GET /xingrg/css/site.css HTTP/1.1" 304 -
180.152.104.37 - - [18/Dec/2020:10:06:39 +0800] "GET /xingrg/javascript/jquery_tools/datebox.css HTTP/1.1" 304 -
180.152.104.37 - - [18/Dec/2020:10:06:39 +0800] "GET /xingrg/javascript/easyui/themes/default/easyui.css HTTP/1.1" 304 -
180.152.104.37 - - [18/Dec/2020:10:06:39 +0800] "GET /xingrg/javascript/easyui/themes/icon.css HTTP/1.1" 304 -
180.152.104.37 - - [18/Dec/2020:10:06:39 +0800] "GET /xingrg/javascript/auto/jquery.autocomplete.css HTTP/1.1" 304 -
180.152.104.37 - - [18/Dec/2020:10:06:39 +0800] "GET /xingrg/javascript/jquery_tools/fix.css HTTP/1.1" 304 -
180.152.104.37 - - [18/Dec/2020:10:06:39 +0800] "GET /xingrg/javascript/jquery_tools/table.css HTTP/1.1" 304 -
180.152.104.37 - - [18/Dec/2020:10:06:39 +0800] "GET /xingrg/javascript/jquery_tools/jquery.tools.min.js HTTP/1.1" 304 -
180.152.104.37 - - [18/Dec/2020:10:06:39 +0800] "GET /xingrg/javascript/jquery_tools/jquery.tools.extend.js HTTP/1.1" 304 -
180.152.104.37 - - [18/Dec/2020:10:06:39 +0800] "GET /xingrg/javascript/jquery_tools/jquery.tools.hotkey.js HTTP/1.1" 304 -
180.152.104.37 - - [18/Dec/2020:10:06:39 +0800] "GET /xingrg/javascript/jquery_tools/list_manager.js HTTP/1.1" 304 -
180.152.104.37 - - [18/Dec/2020:10:06:39 +0800] "GET /xingrg/javascript/jquery_tools/jquery.tools.table.js HTTP/1.1" 304 -
180.152.104.37 - - [18/Dec/2020:10:06:39 +0800] "GET /xingrg/javascript/jquery.cookie.js HTTP/1.1" 304 -
180.152.104.37 - - [18/Dec/2020:10:06:39 +0800] "GET /xingrg/javascript/auto/jquery.autocomplete.js HTTP/1.1" 304 -
180.152.104.37 - - [18/Dec/2020:10:06:39 +0800] "GET /xingrg/javascript/easyui/easyloader.js HTTP/1.1" 304 -
180.152.104.37 - - [18/Dec/2020:10:06:39 +0800] "GET /xingrg/javascript/print/LodopFuncs.js HTTP/1.1" 304 -
172.17.200.101 - - [18/Dec/2020:10:06:40 +0800] "GET /xingrg/all/function/internal_message.html?_=1608257200501&CODE_STATE=getMsg HTTP/1.1" 200 27
180.152.104.37 - - [18/Dec/2020:10:06:40 +0800] "GET /xingrg/javascript/easyui/themes/icons/edit_add_new.png HTTP/1.1" 304 -
180.152.104.37 - - [18/Dec/2020:10:06:40 +0800] "GET /xingrg/javascript/easyui/themes/icons/cance_new.png HTTP/1.1" 304 -
180.152.104.37 - - [18/Dec/2020:10:06:40 +0800] "GET /xingrg/javascript/easyui/themes/icons/check_new.png HTTP/1.1" 304 -
180.152.104.37 - - [18/Dec/2020:10:06:40 +0800] "GET /xingrg/javascript/easyui/themes/icons/field_new.png HTTP/1.1" 304 -
180.152.104.37 - - [18/Dec/2020:10:06:40 +0800] "GET /xingrg/javascript/easyui/themes/icons/import_new.png HTTP/1.1" 304 -
180.152.104.37 - - [18/Dec/2020:10:06:40 +0800] "GET /xingrg/javascript/easyui/plugins/jquery.parser.js HTTP/1.1" 304 -
180.152.104.37 - - [18/Dec/2020:10:06:40 +0800] "GET /xingrg/images/control/ajaxLoader.gif HTTP/1.1" 304 -
180.152.104.37 - - [18/Dec/2020:10:06:40 +0800] "GET /xingrg/javascript/jquery_easy_ui/themes/icons/area.png HTTP/1.1" 304 -
180.152.104.37 - - [18/Dec/2020:10:06:40 +0800] "GET /xingrg/javascript/jquery_easy_ui/themes/icons/rest.png HTTP/1.1" 304 -
117.131.5.26 - - [18/Dec/2020:10:06:40 +0800] "GET /xingrg/all/function/internal_message.html?_=1608257528396&CODE_STATE=getMsg HTTP/1.1" 200 27
116.228.172.94 - - [18/Dec/2020:10:06:40 +0800] "GET /xingrg/all/function/internal_message.html?_=1608257191981&CODE_STATE=getMsg HTTP/1.1" 200 27
222.69.133.109 - - [18/Dec/2020:10:06:40 +0800] "POST /xingrg/all/common/load_combo.html?type=base HTTP/1.1" 200 1224
114.88.161.120 - - [18/Dec/2020:10:06:41 +0800] "GET /xingrg/all/function/internal_message.html?_=1608257338028&CODE_STATE=getMsg HTTP/1.1" 200 27
222.69.133.109 - - [18/Dec/2020:10:06:43 +0800] "GET /xingrg/all/function/internal_message.html?_=1608257203091&CODE_STATE=getMsg HTTP/1.1" 200 27
172.17.0.103 - - [18/Dec/2020:10:06:46 +0800] "POST /xingrg/kc/buy/cgsh_list_operate.html HTTP/1.1" 200 4
180.152.104.37 - - [18/Dec/2020:10:06:46 +0800] "POST /xingrg/kc/buy/cgsh_list_operate.html HTTP/1.1" 200 876
116.228.172.94 - - [18/Dec/2020:10:06:49 +0800] "GET /xingrg/kc/base/wldb_order_operate.html?command=get_materiel&rest_code=00107&base_code=0010151&code=00101019184 HTTP/1.1" 200 445
172.17.0.103 - - [18/Dec/2020:10:06:54 +0800] "POST /xingrg/kc/buy/cgsh_list_operate.html HTTP/1.1" 200 5137
116.228.172.94 - - [18/Dec/2020:10:06:57 +0800] "GET /xingrg/kc/base/wldb_order_operate.html?command=get_materiel&rest_code=00107&base_code=0010151&code=00101011005 HTTP/1.1" 200 431
117.131.5.26 - - [18/Dec/2020:10:06:57 +0800] "GET /xingrg/all/function/internal_message.html?_=1608257257529&CODE_STATE=getMsg HTTP/1.1" 200 27
116.230.118.184 - - [18/Dec/2020:10:07:13 +0800] "GET /xingrg/all/function/internal_message.html?_=1608257232999&CODE_STATE=getMsg HTTP/1.1" 200 27
117.131.5.26 - - [18/Dec/2020:10:07:14 +0800] "GET /xingrg/kc/buy/buy_main.html HTTP/1.1" 200 12412
117.131.5.26 - - [18/Dec/2020:10:07:14 +0800] "GET /xingrg/css/blue.css HTTP/1.1" 304 -
117.131.5.26 - - [18/Dec/2020:10:07:14 +0800] "GET /xingrg/css/new_ie.css HTTP/1.1" 404 1036
117.131.5.26 - - [18/Dec/2020:10:07:14 +0800] "GET /xingrg/javascript/pic_change.js HTTP/1.1" 304 -
117.131.5.26 - - [18/Dec/2020:10:07:14 +0800] "GET /xingrg/javascript/myfunction.js HTTP/1.1" 304 -
117.131.5.26 - - [18/Dec/2020:10:07:14 +0800] "GET /xingrg/javascript/jquery_ui/themes/humanity/humanity.css HTTP/1.1" 304 -
117.131.5.26 - - [18/Dec/2020:10:07:14 +0800] "GET /xingrg/javascript/ToolTips.js HTTP/1.1" 304 -
117.131.5.26 - - [18/Dec/2020:10:07:14 +0800] "GET /xingrg/javascript/jquery_easy_ui/themes/icon.css HTTP/1.1" 304 -
117.131.5.26 - - [18/Dec/2020:10:07:14 +0800] "GET /xingrg/javascript/jquery.utils.js HTTP/1.1" 304 -
117.131.5.26 - - [18/Dec/2020:10:07:14 +0800] "GET /xingrg/javascript/jquery-1.4.2.min.js HTTP/1.1" 304 -
117.131.5.26 - - [18/Dec/2020:10:07:14 +0800] "GET /xingrg/javascript/jquery_ui/jquery-ui.min.js HTTP/1.1" 304 -
117.131.5.26 - - [18/Dec/2020:10:07:14 +0800] "GET /xingrg/javascript/jquery_easy_ui/themes/default/easyui.css HTTP/1.1" 304 -
172.17.0.103 - - [18/Dec/2020:10:07:14 +0800] "POST /xingrg/kc/buy/cgsh_list_operate.html HTTP/1.1" 200 4
117.131.5.26 - - [18/Dec/2020:10:07:14 +0800] "GET /xingrg/images/blue/button/cgxqd.gif HTTP/1.1" 304 -
117.131.5.26 - - [18/Dec/2020:10:07:14 +0800] "GET /xingrg/images/blue/button/cgshd.gif HTTP/1.1" 304 -
117.131.5.26 - - [18/Dec/2020:10:07:14 +0800] "GET /xingrg/images/blue/button/cgydd.gif HTTP/1.1" 304 -
117.131.5.26 - - [18/Dec/2020:10:07:14 +0800] "GET /xingrg/images/blue/button/kc.gif HTTP/1.1" 304 -
117.131.5.26 - - [18/Dec/2020:10:07:14 +0800] "GET /xingrg/images/blue/button/cgfkd.gif HTTP/1.1" 304 -
117.131.5.26 - - [18/Dec/2020:10:07:14 +0800] "GET /xingrg/images/blue/button/ckthd.gif HTTP/1.1" 304 -
117.131.5.26 - - [18/Dec/2020:10:07:14 +0800] "GET /xingrg/images/blue/pic_form2.gif HTTP/1.1" 304 -
117.131.5.26 - - [18/Dec/2020:10:07:14 +0800] "GET /xingrg/javascript/jquery_ui/themes/humanity/images/ui-bg_inset-soft_100_f4f0ec_1x100.png HTTP/1.1" 304 -
117.131.5.26 - - [18/Dec/2020:10:07:14 +0800] "GET /xingrg/images/blue/bg_dotted.jpg HTTP/1.1" 304 -
117.131.5.26 - - [18/Dec/2020:10:07:14 +0800] "GET /xingrg/images/blue/button/right_ah.jpg HTTP/1.1" 304 -
117.131.5.26 - - [18/Dec/2020:10:07:14 +0800] "GET /xingrg/images/blue/button/down_ah.jpg HTTP/1.1" 304 -
117.131.5.26 - - [18/Dec/2020:10:07:14 +0800] "GET /xingrg/javascript/jquery_ui/themes/humanity/images/ui-iconsnew.jpg HTTP/1.1" 304 -
117.131.5.26 - - [18/Dec/2020:10:07:14 +0800] "GET /xingrg/javascript/jquery_ui/themes/humanity/images/ui-icons_ffffff_256x240.png HTTP/1.1" 304 -
117.131.5.26 - - [18/Dec/2020:10:07:14 +0800] "GET /xingrg/javascript/jquery_ui/themes/humanity/images/ui-icons_c47a23_256x240.png HTTP/1.1" 304 -
117.131.5.26 - - [18/Dec/2020:10:07:14 +0800] "GET /xingrg/javascript/jquery_ui/themes/humanity/images/ui-bg_glass_70_ede4d4_1x400.png HTTP/1.1" 304 -
117.131.5.26 - - [18/Dec/2020:10:07:15 +0800] "GET /xingrg/images/yd/bt.gif HTTP/1.1" 404 1040
117.131.5.26 - - [18/Dec/2020:10:07:16 +0800] "GET /xingrg/css/base.css HTTP/1.1" 304 -
117.131.5.26 - - [18/Dec/2020:10:07:16 +0800] "GET /xingrg/css/site.css HTTP/1.1" 304 -
117.131.5.26 - - [18/Dec/2020:10:07:16 +0800] "GET /xingrg/javascript/jquery_tools/datebox.css HTTP/1.1" 304 -
117.131.5.26 - - [18/Dec/2020:10:07:16 +0800] "GET /xingrg/javascript/jquery_tools/jquery.tools.min.js HTTP/1.1" 304 -
117.131.5.26 - - [18/Dec/2020:10:07:16 +0800] "GET /xingrg/javascript/easyui/themes/default/easyui.css HTTP/1.1" 304 -
117.131.5.26 - - [18/Dec/2020:10:07:16 +0800] "GET /xingrg/javascript/jquery_tools/table.css HTTP/1.1" 304 -
117.131.5.26 - - [18/Dec/2020:10:07:16 +0800] "GET /xingrg/javascript/jquery_tools/fix.css HTTP/1.1" 304 -
117.131.5.26 - - [18/Dec/2020:10:07:16 +0800] "GET /xingrg/javascript/jquery_tools/jquery.tools.extend.js HTTP/1.1" 304 -
117.131.5.26 - - [18/Dec/2020:10:07:16 +0800] "GET /xingrg/javascript/jquery_tools/jquery.tools.table.js HTTP/1.1" 304 -
117.131.5.26 - - [18/Dec/2020:10:07:16 +0800] "GET /xingrg/javascript/jquery_tools/jquery.tools.hotkey.js HTTP/1.1" 304 -
117.131.5.26 - - [18/Dec/2020:10:07:16 +0800] "GET /xingrg/javascript/auto/jquery.autocomplete.css HTTP/1.1" 304 -
117.131.5.26 - - [18/Dec/2020:10:07:16 +0800] "GET /xingrg/javascript/jquery.utils.js HTTP/1.1" 304 -
117.131.5.26 - - [18/Dec/2020:10:07:16 +0800] "GET /xingrg/javascript/jquery.cookie.js HTTP/1.1" 304 -
117.131.5.26 - - [18/Dec/2020:10:07:16 +0800] "GET /xingrg/javascript/print/LodopFuncs.js HTTP/1.1" 304 -
117.131.5.26 - - [18/Dec/2020:10:07:16 +0800] "GET /xingrg/javascript/jquery_tools/list_manager.js HTTP/1.1" 304 -
117.131.5.26 - - [18/Dec/2020:10:07:16 +0800] "GET /xingrg/kc/buy/cgsh_order_list.html HTTP/1.1" 200 45426
117.131.5.26 - - [18/Dec/2020:10:07:16 +0800] "GET /xingrg/javascript/auto/jquery.autocomplete.js HTTP/1.1" 304 -
117.131.5.26 - - [18/Dec/2020:10:07:16 +0800] "GET /xingrg/javascript/easyui/themes/icon.css HTTP/1.1" 304 -
117.131.5.26 - - [18/Dec/2020:10:07:16 +0800] "GET /xingrg/javascript/easyui/easyloader.js HTTP/1.1" 304 -
117.131.5.26 - - [18/Dec/2020:10:07:16 +0800] "GET /xingrg/javascript/easyui/themes/icons/cance_new.png HTTP/1.1" 304 -
117.131.5.26 - - [18/Dec/2020:10:07:16 +0800] "GET /xingrg/javascript/easyui/themes/icons/check_new.png HTTP/1.1" 304 -
117.131.5.26 - - [18/Dec/2020:10:07:16 +0800] "GET /xingrg/javascript/easyui/themes/icons/import_new.png HTTP/1.1" 304 -
117.131.5.26 - - [18/Dec/2020:10:07:16 +0800] "GET /xingrg/javascript/easyui/themes/icons/field_new.png HTTP/1.1" 304 -
117.131.5.26 - - [18/Dec/2020:10:07:16 +0800] "GET /xingrg/javascript/easyui/plugins/jquery.parser.js HTTP/1.1" 304 -
117.131.5.26 - - [18/Dec/2020:10:07:17 +0800] "POST /xingrg/kc/buy/cgsh_list_operate.html HTTP/1.1" 200 876
180.174.56.115 - - [18/Dec/2020:10:07:18 +0800] "GET /xingrg/all/function/internal_message.html?_=1608257239269&CODE_STATE=getMsg HTTP/1.1" 200 27
117.131.5.26 - - [18/Dec/2020:10:07:21 +0800] "GET /xingrg/check_reg.html?_=1608257569356 HTTP/1.1" 200 22
222.69.133.109 - - [18/Dec/2020:10:07:21 +0800] "GET /xingrg/kc/base/wldb_order_operate.html?command=get_materiel&rest_code=00154&base_code=0010724&code=00101019179 HTTP/1.1" 200 450
222.69.136.191 - - [18/Dec/2020:10:07:22 +0800] "GET /xingrg/all/function/internal_message.html?_=1608257236974&CODE_STATE=getMsg HTTP/1.1" 200 27
116.230.106.194 - - [18/Dec/2020:10:07:25 +0800] "GET /xingrg/all/function/internal_message.html?_=1608257240919&CODE_STATE=getMsg HTTP/1.1" 200 27
180.162.223.42 - - [18/Dec/2020:10:07:28 +0800] "GET /xingrg/kc/buy/cgsh_order_add.html HTTP/1.1" 200 60949
180.162.223.42 - - [18/Dec/2020:10:07:28 +0800] "GET /xingrg/javascript/easyui/themes/default/validatebox.css HTTP/1.1" 404 1104
180.162.223.42 - - [18/Dec/2020:10:07:28 +0800] "POST /xingrg/kc/buy/cgsh_order_operate.html HTTP/1.1" 200 8245
117.131.5.26 - - [18/Dec/2020:10:07:33 +0800] "GET /xingrg/javascript/easyui/themes/default/images/button_plain_hover.png HTTP/1.1" 304 -
117.131.5.26 - - [18/Dec/2020:10:07:33 +0800] "GET /xingrg/javascript/easyui/themes/default/images/button_plain_hover.png HTTP/1.1" 304 -
117.131.5.26 - - [18/Dec/2020:10:07:33 +0800] "GET /xingrg/javascript/easyui/themes/default/images/button_plain_hover.png HTTP/1.1" 304 -
117.131.5.26 - - [18/Dec/2020:10:07:33 +0800] "GET /xingrg/javascript/easyui/themes/default/images/button_plain_hover.png HTTP/1.1" 304 -
117.131.5.26 - - [18/Dec/2020:10:07:33 +0800] "GET /xingrg/javascript/easyui/themes/default/images/button_plain_hover.png HTTP/1.1" 304 -
117.131.5.26 - - [18/Dec/2020:10:07:33 +0800] "GET /xingrg/javascript/easyui/themes/default/images/button_plain_hover.png HTTP/1.1" 304 -
117.131.5.26 - - [18/Dec/2020:10:07:33 +0800] "GET /xingrg/javascript/easyui/themes/default/images/button_plain_hover.png HTTP/1.1" 304 -
117.131.5.26 - - [18/Dec/2020:10:07:33 +0800] "GET /xingrg/javascript/easyui/themes/default/images/button_plain_hover.png HTTP/1.1" 304 -
116.228.172.94 - - [18/Dec/2020:10:07:33 +0800] "GET /xingrg/kc/base/wldb_order_operate.html?command=get_materiel&rest_code=00107&base_code=0010151&code=00101019505 HTTP/1.1" 200 480
117.131.5.26 - - [18/Dec/2020:10:07:34 +0800] "GET /xingrg/javascript/easyui/themes/default/images/button_plain_hover.png HTTP/1.1" 304 -
117.131.5.26 - - [18/Dec/2020:10:07:34 +0800] "GET /xingrg/javascript/easyui/themes/default/images/button_plain_hover.png HTTP/1.1" 304 -
117.131.5.26 - - [18/Dec/2020:10:07:34 +0800] "GET /xingrg/javascript/easyui/themes/default/images/button_plain_hover.png HTTP/1.1" 304 -
117.131.5.26 - - [18/Dec/2020:10:07:34 +0800] "GET /xingrg/javascript/easyui/themes/default/images/button_plain_hover.png HTTP/1.1" 304 -
117.131.5.26 - - [18/Dec/2020:10:07:34 +0800] "GET /xingrg/javascript/easyui/themes/default/images/button_plain_hover.png HTTP/1.1" 304 -
117.131.5.26 - - [18/Dec/2020:10:07:34 +0800] "GET /xingrg/javascript/easyui/themes/default/images/button_plain_hover.png HTTP/1.1" 304 -
117.131.5.26 - - [18/Dec/2020:10:07:34 +0800] "GET /xingrg/javascript/easyui/themes/default/images/button_plain_hover.png HTTP/1.1" 304 -
117.131.5.26 - - [18/Dec/2020:10:07:34 +0800] "GET /xingrg/javascript/easyui/themes/default/images/button_plain_hover.png HTTP/1.1" 304 -
117.131.5.26 - - [18/Dec/2020:10:07:34 +0800] "GET /xingrg/javascript/easyui/themes/default/images/button_plain_hover.png HTTP/1.1" 304 -
172.17.0.123 - - [18/Dec/2020:10:07:34 +0800] "GET /xingrg/all/function/internal_message.html?_=1608257169318&CODE_STATE=getMsg HTTP/1.1" 200 27
117.131.5.26 - - [18/Dec/2020:10:07:34 +0800] "GET /xingrg/javascript/easyui/themes/default/images/button_plain_hover.png HTTP/1.1" 304 -
180.174.56.115 - - [18/Dec/2020:10:07:35 +0800] "GET /xingrg/all/function/internal_message.html?_=1608257213338&CODE_STATE=getMsg HTTP/1.1" 200 27
117.131.5.26 - - [18/Dec/2020:10:07:35 +0800] "GET /xingrg/javascript/easyui/themes/default/images/button_plain_hover.png HTTP/1.1" 304 -
117.131.5.26 - - [18/Dec/2020:10:07:35 +0800] "GET /xingrg/javascript/easyui/themes/default/images/button_plain_hover.png HTTP/1.1" 304 -
180.162.223.42 - - [18/Dec/2020:10:07:35 +0800] "GET /xingrg/all/function/internal_message.html?_=1608257257217&CODE_STATE=getMsg HTTP/1.1" 200 27
180.152.104.37 - - [18/Dec/2020:10:07:37 +0800] "GET /xingrg/all/function/internal_message.html?_=1608257255837&CODE_STATE=getMsg HTTP/1.1" 200 27
117.131.5.26 - - [18/Dec/2020:10:07:38 +0800] "POST /xingrg/kc/buy/cgsh_list_operate.html HTTP/1.1" 200 3912
172.17.200.101 - - [18/Dec/2020:10:07:40 +0800] "GET /xingrg/all/function/internal_message.html?_=1608257260503&CODE_STATE=getMsg HTTP/1.1" 200 27
117.131.5.26 - - [18/Dec/2020:10:07:40 +0800] "POST /xingrg/kc/buy/cgsh_list_operate.html HTTP/1.1" 200 358
117.131.5.26 - - [18/Dec/2020:10:07:40 +0800] "GET /xingrg/all/function/internal_message.html?_=1608257588419&CODE_STATE=getMsg HTTP/1.1" 200 27
