180.157.253.48 - - [17/Dec/2020:09:36:43 +0800] "GET /xingrg/javascript/easyui/plugins/jquery.parser.js HTTP/1.1" 304 -
180.157.253.48 - - [17/Dec/2020:09:36:44 +0800] "POST /xingrg/kc/buy/cgsh_order_operate.html HTTP/1.1" 200 8245
180.157.253.48 - - [17/Dec/2020:09:36:44 +0800] "GET /xingrg/javascript/easyui/themes/default/images/button_plain_hover.png HTTP/1.1" 304 -
180.157.253.48 - - [17/Dec/2020:09:36:44 +0800] "GET /xingrg/all/common/auto_word.html?type=employee&rest_code=00148 HTTP/1.1" 200 197
180.157.253.48 - - [17/Dec/2020:09:36:44 +0800] "GET /xingrg/all/common/auto_word.html?type=employee&rest_code=00148 HTTP/1.1" 200 197
180.157.253.48 - - [17/Dec/2020:09:36:44 +0800] "GET /xingrg/javascript/easyui/themes/default/images/button_plain_hover.png HTTP/1.1" 304 -
180.157.253.48 - - [17/Dec/2020:09:36:44 +0800] "GET /xingrg/javascript/easyui/themes/default/validatebox.css HTTP/1.1" 404 1104
180.157.253.48 - - [17/Dec/2020:09:36:44 +0800] "GET /xingrg/javascript/easyui/plugins/jquery.validatebox.js HTTP/1.1" 304 -
180.157.253.48 - - [17/Dec/2020:09:36:44 +0800] "GET /xingrg/javascript/easyui/plugins/jquery.numberbox.js HTTP/1.1" 304 -
180.174.56.115 - - [17/Dec/2020:09:36:44 +0800] "GET /xingrg/javascript/easyui/themes/default/validatebox.css HTTP/1.1" 404 1104
180.174.56.115 - - [17/Dec/2020:09:36:44 +0800] "POST /xingrg/kc/buy/cgsh_order_operate.html HTTP/1.1" 200 1196
116.230.106.194 - - [17/Dec/2020:09:36:45 +0800] "GET /xingrg/all/function/internal_message.html?_=1608169003029&CODE_STATE=getMsg HTTP/1.1" 200 27
180.174.56.115 - - [17/Dec/2020:09:36:45 +0800] "GET /xingrg/kc/print/load_data.html?order_code=212020121706496&kc_code=cgsh&condition= HTTP/1.1" 200 917
114.88.161.120 - - [17/Dec/2020:09:36:45 +0800] "POST /xingrg/kc/buy/cgsh_order_operate.html HTTP/1.1" 200 2065
101.85.93.83 - - [17/Dec/2020:09:36:47 +0800] "GET /xingrg/all/function/internal_message.html?_=1608168706414&CODE_STATE=getMsg HTTP/1.1" 200 27
101.85.93.83 - - [17/Dec/2020:09:36:47 +0800] "GET /xingrg/check_reg.html?_=1608168706415 HTTP/1.1" 200 22
180.157.253.48 - - [17/Dec/2020:09:36:47 +0800] "GET /xingrg/javascript/pic_change.js HTTP/1.1" 304 -
180.157.253.48 - - [17/Dec/2020:09:36:47 +0800] "GET /xingrg/javascript/jquery_tools/jquery.tools.extend.js HTTP/1.1" 304 -
180.157.253.48 - - [17/Dec/2020:09:36:47 +0800] "GET /xingrg/javascript/jquery_tools/jquery.tools.min.js HTTP/1.1" 304 -
180.157.253.48 - - [17/Dec/2020:09:36:47 +0800] "GET /xingrg/javascript/jquery_tools/jquery.tools.hotkey.js HTTP/1.1" 304 -
180.157.253.48 - - [17/Dec/2020:09:36:47 +0800] "GET /xingrg/javascript/jquery_tools/jquery.tools.table.js HTTP/1.1" 304 -
180.157.253.48 - - [17/Dec/2020:09:36:47 +0800] "GET /xingrg/javascript/auto/jquery.autocomplete.js HTTP/1.1" 304 -
180.157.253.48 - - [17/Dec/2020:09:36:47 +0800] "GET /xingrg/javascript/easyui/easyloader.js HTTP/1.1" 304 -
180.157.253.48 - - [17/Dec/2020:09:36:47 +0800] "GET /xingrg/javascript/jquery.utils.js HTTP/1.1" 304 -
180.157.253.48 - - [17/Dec/2020:09:36:47 +0800] "GET /xingrg/javascript/jquery_tools/order_manager.js HTTP/1.1" 304 -
180.157.253.48 - - [17/Dec/2020:09:36:47 +0800] "GET /xingrg/javascript/convert.js HTTP/1.1" 304 -
180.157.253.48 - - [17/Dec/2020:09:36:47 +0800] "GET /xingrg/javascript/json2.js HTTP/1.1" 304 -
180.157.253.48 - - [17/Dec/2020:09:36:47 +0800] "GET /xingrg/javascript/print/kc_print.js HTTP/1.1" 304 -
180.157.253.48 - - [17/Dec/2020:09:36:47 +0800] "GET /xingrg/javascript/jquery.cookie.js HTTP/1.1" 304 -
180.157.253.48 - - [17/Dec/2020:09:36:47 +0800] "GET /xingrg/javascript/print/LodopFuncs.js HTTP/1.1" 304 -
180.157.253.48 - - [17/Dec/2020:09:36:47 +0800] "GET /xingrg/javascript/easyui/plugins/jquery.parser.js HTTP/1.1" 304 -
180.157.253.48 - - [17/Dec/2020:09:36:47 +0800] "GET /xingrg/javascript/easyui/plugins/jquery.validatebox.js HTTP/1.1" 304 -
180.157.253.48 - - [17/Dec/2020:09:36:47 +0800] "GET /xingrg/javascript/easyui/plugins/jquery.numberbox.js HTTP/1.1" 304 -
180.157.253.48 - - [17/Dec/2020:09:36:47 +0800] "GET /xingrg/words/20201216152930_words.js HTTP/1.1" 304 -
117.131.5.26 - - [17/Dec/2020:09:36:50 +0800] "GET /xingrg/all/function/internal_message.html?_=1608169337723&CODE_STATE=getMsg HTTP/1.1" 200 27
114.88.161.120 - - [17/Dec/2020:09:36:51 +0800] "GET /xingrg/kc/buy/cgsh_order_operate.html?command=get_materiel&rest_code=00111&code=00101008027&supplier_code=00100005&order_time=2020-12-17 HTTP/1.1" 200 408
172.17.0.120 - - [17/Dec/2020:09:36:52 +0800] "GET /xingrg/all/function/internal_message.html?_=1608169009693&CODE_STATE=getMsg HTTP/1.1" 200 27
180.174.56.115 - - [17/Dec/2020:09:36:53 +0800] "POST /xingrg/all/user/operate.html HTTP/1.1" 200 36
180.174.56.115 - - [17/Dec/2020:09:36:53 +0800] "GET /xingrg/index.html?sysBaseUrl=http%3A%2F%2F180.169.147.146%3A18081%2Fxingrg%2F&costTime=40×tamp=1608101506358 HTTP/1.1" 200 17177
180.174.56.115 - - [17/Dec/2020:09:36:53 +0800] "GET /xingrg/javascript/jquery_easy_ui/themes/default/easyui.css HTTP/1.1" 304 -
180.174.56.115 - - [17/Dec/2020:09:36:53 +0800] "GET /xingrg/javascript/jquery_easy_ui/themes/icon.css HTTP/1.1" 304 -
180.174.56.115 - - [17/Dec/2020:09:36:53 +0800] "GET /xingrg/css/form.css HTTP/1.1" 304 -
180.174.56.115 - - [17/Dec/2020:09:36:53 +0800] "GET /xingrg/javascript/jquery-1.4.2.min.js HTTP/1.1" 304 -
180.174.56.115 - - [17/Dec/2020:09:36:53 +0800] "GET /xingrg/javascript/jquery_easy_ui/jquery.easyui.min.js HTTP/1.1" 304 -
180.174.56.115 - - [17/Dec/2020:09:36:53 +0800] "GET /xingrg/javascript/jquery_easy_ui/easyui-lang-zh_CN.js HTTP/1.1" 304 -
180.174.56.115 - - [17/Dec/2020:09:36:53 +0800] "GET /xingrg/javascript/jquery.form.js HTTP/1.1" 304 -
180.174.56.115 - - [17/Dec/2020:09:36:53 +0800] "GET /xingrg/javascript/jquery.utils.js HTTP/1.1" 304 -
180.174.56.115 - - [17/Dec/2020:09:36:53 +0800] "GET /xingrg/javascript/jquery.timers.js HTTP/1.1" 304 -
180.174.56.115 - - [17/Dec/2020:09:36:53 +0800] "GET /xingrg/images/blue/jxLogo.png HTTP/1.1" 304 -
180.174.56.115 - - [17/Dec/2020:09:36:53 +0800] "GET /xingrg/javascript/jquery_easy_ui/themes/icons/settle_new.png HTTP/1.1" 304 -
180.174.56.115 - - [17/Dec/2020:09:36:53 +0800] "GET /xingrg/images/blue/navBackgound.jpg HTTP/1.1" 304 -
180.174.56.115 - - [17/Dec/2020:09:36:53 +0800] "POST /xingrg/all/common/load_tree.html?tree=area_rest_tree_json&manage=1 HTTP/1.1" 200 476
180.174.56.115 - - [17/Dec/2020:09:36:53 +0800] "GET /xingrg/all/function/internal_message.html?_=1608169015258&CODE_STATE=count HTTP/1.1" 200 11
180.174.56.115 - - [17/Dec/2020:09:36:53 +0800] "GET /xingrg/images/blue/pingpu.png HTTP/1.1" 304 -
180.174.56.115 - - [17/Dec/2020:09:36:53 +0800] "GET /xingrg/check_reg.html?_=1608169015258 HTTP/1.1" 200 22
180.174.56.115 - - [17/Dec/2020:09:36:53 +0800] "GET /xingrg/javascript/jquery_easy_ui/themes/default/images/tabs_rightarrow.png HTTP/1.1" 304 -
180.174.56.115 - - [17/Dec/2020:09:36:53 +0800] "GET /xingrg/javascript/jquery_easy_ui/themes/default/images/panel_tool_collapse.gif HTTP/1.1" 304 -
180.174.56.115 - - [17/Dec/2020:09:36:53 +0800] "GET /xingrg/javascript/jquery_easy_ui/themes/default/images/tabs_leftarrow.png HTTP/1.1" 304 -
180.174.56.115 - - [17/Dec/2020:09:36:53 +0800] "POST /xingrg/load_menu.html HTTP/1.1" 200 5138
180.162.223.42 - - [17/Dec/2020:09:36:54 +0800] "GET /xingrg/kc/buy/cgsh_order_operate.html?command=get_materiel&rest_code=00105&code=00101006184&supplier_code=00100013&order_time=2020-12-17 HTTP/1.1" 200 408
116.230.147.136 - - [17/Dec/2020:09:36:55 +0800] "GET /xingrg/kc/buy/cgsh_order_operate.html?command=get_materiel&rest_code=00107&code=00101008364&supplier_code=00100006&order_time=2020-12-17 HTTP/1.1" 200 413
180.174.56.115 - - [17/Dec/2020:09:36:56 +0800] "GET /xingrg/kc/buy/cgsh_order_list.html HTTP/1.1" 200 45169
180.174.56.115 - - [17/Dec/2020:09:36:57 +0800] "POST /xingrg/kc/buy/cgsh_list_operate.html HTTP/1.1" 200 1688
180.174.56.115 - - [17/Dec/2020:09:36:58 +0800] "GET /xingrg/kc/buy/cgsh_order_add.html HTTP/1.1" 200 60544
180.174.56.115 - - [17/Dec/2020:09:36:59 +0800] "GET /xingrg/javascript/easyui/themes/default/validatebox.css HTTP/1.1" 404 1104
180.174.56.115 - - [17/Dec/2020:09:36:59 +0800] "POST /xingrg/kc/buy/cgsh_order_operate.html HTTP/1.1" 200 8245
180.174.56.115 - - [17/Dec/2020:09:37:02 +0800] "GET /xingrg/javascript/auto/indicator.gif HTTP/1.1" 404 1066
180.152.104.37 - - [17/Dec/2020:09:37:03 +0800] "GET /xingrg/all/function/internal_message.html?_=1608169252814&CODE_STATE=getMsg HTTP/1.1" 200 27
116.230.147.136 - - [17/Dec/2020:09:37:05 +0800] "GET /xingrg/all/function/internal_message.html?_=1608169018898&CODE_STATE=getMsg HTTP/1.1" 200 27
180.157.253.48 - - [17/Dec/2020:09:37:07 +0800] "GET /xingrg/all/function/internal_message.html?_=1608169031220&CODE_STATE=getMsg HTTP/1.1" 200 27
180.174.56.115 - - [17/Dec/2020:09:37:08 +0800] "GET /xingrg/kc/buy/cgsh_order_operate.html?command=get_materiel&rest_code=00151&code=00101009039&supplier_code=00100424&order_time=2020-12-17 HTTP/1.1" 200 408
114.88.161.120 - - [17/Dec/2020:09:37:11 +0800] "GET /xingrg/kc/buy/cgsh_order_operate.html?command=get_materiel&rest_code=00111&code=00101008349&supplier_code=00100005&order_time=2020-12-17 HTTP/1.1" 200 412
114.88.159.147 - - [17/Dec/2020:09:37:13 +0800] "GET /xingrg/all/function/internal_message.html?_=1608169041873&CODE_STATE=getMsg HTTP/1.1" 200 27
116.230.118.184 - - [17/Dec/2020:09:37:15 +0800] "GET /xingrg/all/function/internal_message.html?_=1608169030923&CODE_STATE=getMsg HTTP/1.1" 200 27
180.174.56.115 - - [17/Dec/2020:09:37:15 +0800] "POST /xingrg/kc/buy/cgsh_order_operate.html HTTP/1.1" 200 37
180.174.56.115 - - [17/Dec/2020:09:37:18 +0800] "POST /xingrg/kc/buy/cgsh_order_operate.html HTTP/1.1" 200 12
180.174.56.115 - - [17/Dec/2020:09:37:18 +0800] "GET /xingrg/kc/buy/cgsh_order_info.html?code=212020121706497 HTTP/1.1" 200 55447
180.174.56.115 - - [17/Dec/2020:09:37:19 +0800] "GET /xingrg/javascript/easyui/themes/default/validatebox.css HTTP/1.1" 404 1104
180.174.56.115 - - [17/Dec/2020:09:37:19 +0800] "POST /xingrg/kc/buy/cgsh_order_operate.html HTTP/1.1" 200 612
180.174.56.115 - - [17/Dec/2020:09:37:20 +0800] "GET /xingrg/kc/print/load_data.html?order_code=212020121706497&kc_code=cgsh&condition= HTTP/1.1" 200 704
180.174.56.115 - - [17/Dec/2020:09:37:22 +0800] "GET /xingrg/all/function/internal_message.html?_=1608169002004&CODE_STATE=getMsg HTTP/1.1" 200 27
114.88.161.120 - - [17/Dec/2020:09:37:24 +0800] "GET /xingrg/all/function/internal_message.html?_=1608169180309&CODE_STATE=getMsg HTTP/1.1" 200 27
180.174.56.115 - - [17/Dec/2020:09:37:27 +0800] "POST /xingrg/kc/buy/cgsh_list_operate.html HTTP/1.1" 200 552
180.174.56.115 - - [17/Dec/2020:09:37:28 +0800] "GET /xingrg/kc/buy/cgsh_order_info.html?code=212020121706475 HTTP/1.1" 200 60553
180.162.223.42 - - [17/Dec/2020:09:37:28 +0800] "GET /xingrg/kc/buy/cgsh_order_operate.html?command=get_materiel&rest_code=00105&code=00101006038&supplier_code=00100013&order_time=2020-12-17 HTTP/1.1" 200 440
180.174.56.115 - - [17/Dec/2020:09:37:28 +0800] "GET /xingrg/javascript/easyui/themes/default/validatebox.css HTTP/1.1" 404 1104
180.174.56.115 - - [17/Dec/2020:09:37:29 +0800] "POST /xingrg/kc/buy/cgsh_order_operate.html HTTP/1.1" 200 22411
180.157.253.48 - - [17/Dec/2020:09:37:29 +0800] "GET /xingrg/kc/buy/cgsh_order_operate.html?command=get_materiel&rest_code=00148&code=00101008256&supplier_code=00100007&order_time=2020-12-17 HTTP/1.1" 200 412
180.157.253.48 - - [17/Dec/2020:09:37:29 +0800] "GET /xingrg/javascript/easyui/themes/default/images/button_plain_hover.png HTTP/1.1" 304 -
180.162.223.42 - - [17/Dec/2020:09:37:34 +0800] "GET /xingrg/all/function/internal_message.html?_=1608169055324&CODE_STATE=getMsg HTTP/1.1" 200 27
114.88.159.147 - - [17/Dec/2020:09:37:36 +0800] "GET /xingrg/all/function/internal_message.html?_=1608168627702&CODE_STATE=getMsg HTTP/1.1" 200 27
116.230.147.136 - - [17/Dec/2020:09:37:38 +0800] "GET /xingrg/kc/buy/cgsh_order_operate.html?command=get_materiel&rest_code=00107&code=00101008350&supplier_code=00100006&order_time=2020-12-17 HTTP/1.1" 200 408
180.157.253.48 - - [17/Dec/2020:09:37:39 +0800] "GET /xingrg/kc/buy/cgsh_order_operate.html?command=get_materiel&rest_code=00148&code=00101008155&supplier_code=00100007&order_time=2020-12-17 HTTP/1.1" 200 408
180.157.253.48 - - [17/Dec/2020:09:37:39 +0800] "GET /xingrg/javascript/easyui/themes/default/images/button_plain_hover.png HTTP/1.1" 304 -
222.69.133.29 - - [17/Dec/2020:09:37:39 +0800] "GET /xingrg/all/function/internal_message.html?_=1608169054967&CODE_STATE=getMsg HTTP/1.1" 200 27
172.17.200.101 - - [17/Dec/2020:09:37:39 +0800] "GET /xingrg/all/function/internal_message.html?_=1608169059980&CODE_STATE=getMsg HTTP/1.1" 200 27
222.69.133.29 - - [17/Dec/2020:09:37:39 +0800] "GET /xingrg/check_reg.html?_=1608169055424 HTTP/1.1" 200 22
58.40.7.146 - - [17/Dec/2020:09:37:42 +0800] "GET /xingrg/all/function/internal_message.html?_=1608169060096&CODE_STATE=getMsg HTTP/1.1" 200 27
180.157.253.48 - - [17/Dec/2020:09:37:44 +0800] "GET /xingrg/kc/buy/cgsh_order_operate.html?command=get_materiel&rest_code=00148&code=00101008331&supplier_code=00100007&order_time=2020-12-17 HTTP/1.1" 200 416
180.157.253.48 - - [17/Dec/2020:09:37:44 +0800] "GET /xingrg/javascript/easyui/themes/default/images/button_plain_hover.png HTTP/1.1" 304 -
116.230.106.194 - - [17/Dec/2020:09:37:45 +0800] "GET /xingrg/all/function/internal_message.html?_=1608169063024&CODE_STATE=getMsg HTTP/1.1" 200 27
101.85.93.83 - - [17/Dec/2020:09:37:47 +0800] "GET /xingrg/all/function/internal_message.html?_=1608168766420&CODE_STATE=getMsg HTTP/1.1" 200 27
117.131.5.26 - - [17/Dec/2020:09:37:50 +0800] "GET /xingrg/all/function/internal_message.html?_=1608169398409&CODE_STATE=getMsg HTTP/1.1" 200 27
172.17.0.120 - - [17/Dec/2020:09:37:52 +0800] "GET /xingrg/all/function/internal_message.html?_=1608169069696&CODE_STATE=getMsg HTTP/1.1" 200 27
172.17.0.120 - - [17/Dec/2020:09:37:52 +0800] "GET /xingrg/check_reg.html?_=1608169069697 HTTP/1.1" 200 22
180.157.253.48 - - [17/Dec/2020:09:37:53 +0800] "GET /xingrg/kc/buy/cgsh_order_operate.html?command=get_materiel&rest_code=00148&code=00101008354&supplier_code=00100007&order_time=2020-12-17 HTTP/1.1" 200 412
180.157.253.48 - - [17/Dec/2020:09:37:53 +0800] "GET /xingrg/javascript/easyui/themes/default/images/button_plain_hover.png HTTP/1.1" 304 -
180.174.56.115 - - [17/Dec/2020:09:37:53 +0800] "GET /xingrg/all/function/internal_message.html?_=1608169075266&CODE_STATE=getMsg HTTP/1.1" 200 27
114.88.161.120 - - [17/Dec/2020:09:37:55 +0800] "GET /xingrg/kc/buy/cgsh_order_operate.html?command=get_materiel&rest_code=00111&code=00101008356&supplier_code=00100005&order_time=2020-12-17 HTTP/1.1" 200 408
114.88.161.120 - - [17/Dec/2020:09:37:59 +0800] "POST /xingrg/kc/buy/cgsh_order_operate.html HTTP/1.1" 200 2065
180.157.253.48 - - [17/Dec/2020:09:37:59 +0800] "GET /xingrg/kc/buy/cgsh_order_operate.html?command=get_materiel&rest_code=00148&code=00101008010&supplier_code=00100007&order_time=2020-12-17 HTTP/1.1" 200 412
180.157.253.48 - - [17/Dec/2020:09:37:59 +0800] "GET /xingrg/javascript/easyui/themes/default/images/button_plain_hover.png HTTP/1.1" 304 -
180.152.104.37 - - [17/Dec/2020:09:38:03 +0800] "GET /xingrg/all/function/internal_message.html?_=1608169312827&CODE_STATE=getMsg HTTP/1.1" 200 27
116.230.147.136 - - [17/Dec/2020:09:38:03 +0800] "POST /xingrg/kc/buy/cgsh_order_operate.html HTTP/1.1" 200 2065
116.230.147.136 - - [17/Dec/2020:09:38:05 +0800] "GET /xingrg/all/function/internal_message.html?_=1608169078876&CODE_STATE=getMsg HTTP/1.1" 200 27
114.88.161.120 - - [17/Dec/2020:09:38:05 +0800] "GET /xingrg/kc/buy/cgsh_order_operate.html?command=get_materiel&rest_code=00111&code=00101008251&supplier_code=00100005&order_time=2020-12-17 HTTP/1.1" 200 408
180.157.253.48 - - [17/Dec/2020:09:38:07 +0800] "GET /xingrg/all/function/internal_message.html?_=1608169091234&CODE_STATE=getMsg HTTP/1.1" 200 27
180.157.253.48 - - [17/Dec/2020:09:38:08 +0800] "GET /xingrg/kc/buy/cgsh_order_operate.html?command=get_materiel&rest_code=00148&code=00101008312&supplier_code=00100007&order_time=2020-12-17 HTTP/1.1" 200 412
180.157.253.48 - - [17/Dec/2020:09:38:08 +0800] "GET /xingrg/javascript/easyui/themes/default/images/button_plain_hover.png HTTP/1.1" 304 -
114.88.159.147 - - [17/Dec/2020:09:38:13 +0800] "GET /xingrg/all/function/internal_message.html?_=1608169101879&CODE_STATE=getMsg HTTP/1.1" 200 27
116.230.118.184 - - [17/Dec/2020:09:38:15 +0800] "GET /xingrg/all/function/internal_message.html?_=1608169090935&CODE_STATE=getMsg HTTP/1.1" 200 27
180.157.253.48 - - [17/Dec/2020:09:38:16 +0800] "GET /xingrg/kc/buy/cgsh_order_operate.html?command=get_materiel&rest_code=00148&code=00101008096&supplier_code=00100007&order_time=2020-12-17 HTTP/1.1" 200 413
180.157.253.48 - - [17/Dec/2020:09:38:16 +0800] "GET /xingrg/javascript/easyui/themes/default/images/button_plain_hover.png HTTP/1.1" 304 -
180.152.104.37 - - [17/Dec/2020:09:38:19 +0800] "GET /xingrg/javascript/easyui/themes/default/tree.css HTTP/1.1" 404 1090
180.152.104.37 - - [17/Dec/2020:09:38:19 +0800] "POST /xingrg/all/common/load_tree.html?tree=supplier_tree_json&isDelete=1 HTTP/1.1" 200 52465
180.174.56.115 - - [17/Dec/2020:09:38:22 +0800] "GET /xingrg/all/function/internal_message.html?_=1608169062008&CODE_STATE=getMsg HTTP/1.1" 200 27
180.157.253.48 - - [17/Dec/2020:09:38:24 +0800] "GET /xingrg/kc/buy/cgsh_order_operate.html?command=get_materiel&rest_code=00148&code=00101008038&supplier_code=00100007&order_time=2020-12-17 HTTP/1.1" 200 412
180.157.253.48 - - [17/Dec/2020:09:38:24 +0800] "GET /xingrg/javascript/easyui/themes/default/images/button_plain_hover.png HTTP/1.1" 304 -
114.88.161.120 - - [17/Dec/2020:09:38:24 +0800] "GET /xingrg/all/function/internal_message.html?_=1608169240187&CODE_STATE=getMsg HTTP/1.1" 200 27
172.17.0.185 - - [17/Dec/2020:09:38:25 +0800] "GET /xingrg/check_reg.html?_=1608169102622 HTTP/1.1" 200 22
116.230.147.136 - - [17/Dec/2020:09:38:26 +0800] "GET /xingrg/kc/buy/cgsh_order_operate.html?command=get_materiel&rest_code=00107&code=00101020138&supplier_code=00100006&order_time=2020-12-17 HTTP/1.1" 200 426
101.85.52.2 - - [17/Dec/2020:09:38:29 +0800] "GET /xingrg/login.html HTTP/1.1" 200 7641
180.157.253.48 - - [17/Dec/2020:09:38:30 +0800] "GET /xingrg/kc/buy/cgsh_order_operate.html?command=get_materiel&rest_code=00148&code=00101008199&supplier_code=00100007&order_time=2020-12-17 HTTP/1.1" 200 408
180.157.253.48 - - [17/Dec/2020:09:38:30 +0800] "GET /xingrg/javascript/easyui/themes/default/images/button_plain_hover.png HTTP/1.1" 304 -
101.85.52.2 - - [17/Dec/2020:09:38:31 +0800] "GET /favicon.ico HTTP/1.1" 404 -
114.88.159.147 - - [17/Dec/2020:09:38:31 +0800] "GET /xingrg/check_reg.html?_=1608169120426 HTTP/1.1" 200 22
114.88.159.147 - - [17/Dec/2020:09:38:31 +0800] "GET /xingrg/check_reg.html?_=1608168683240 HTTP/1.1" 200 22
180.162.223.42 - - [17/Dec/2020:09:38:34 +0800] "GET /xingrg/all/function/internal_message.html?_=1608169115291&CODE_STATE=getMsg HTTP/1.1" 200 27
180.162.223.42 - - [17/Dec/2020:09:38:34 +0800] "GET /xingrg/check_reg.html?_=1608169115295 HTTP/1.1" 200 22
114.88.159.147 - - [17/Dec/2020:09:38:36 +0800] "GET /xingrg/all/function/internal_message.html?_=1608168687682&CODE_STATE=getMsg HTTP/1.1" 200 27
180.152.104.37 - - [17/Dec/2020:09:38:37 +0800] "GET /xingrg/kc/buy/cgsh_order_operate.html?command=get_materiel&rest_code=00102&code=00101011005&supplier_code=00100047&order_time=2020-12-17 HTTP/1.1" 200 428
180.157.253.48 - - [17/Dec/2020:09:38:39 +0800] "GET /xingrg/kc/buy/cgsh_order_operate.html?command=get_materiel&rest_code=00148&code=00101008357&supplier_code=00100007&order_time=2020-12-17 HTTP/1.1" 200 408
180.157.253.48 - - [17/Dec/2020:09:38:39 +0800] "GET /xingrg/javascript/easyui/themes/default/images/button_plain_hover.png HTTP/1.1" 304 -
222.69.133.29 - - [17/Dec/2020:09:38:39 +0800] "GET /xingrg/all/function/internal_message.html?_=1608169114941&CODE_STATE=getMsg HTTP/1.1" 200 27
172.17.200.101 - - [17/Dec/2020:09:38:39 +0800] "GET /xingrg/all/function/internal_message.html?_=1608169119981&CODE_STATE=getMsg HTTP/1.1" 200 27
58.40.7.146 - - [17/Dec/2020:09:38:42 +0800] "GET /xingrg/check_reg.html?_=1608169120083 HTTP/1.1" 200 22
58.40.7.146 - - [17/Dec/2020:09:38:42 +0800] "GET /xingrg/all/function/internal_message.html?_=1608169120085&CODE_STATE=getMsg HTTP/1.1" 200 27
114.88.161.120 - - [17/Dec/2020:09:38:44 +0800] "POST /xingrg/kc/buy/cgsh_order_operate.html HTTP/1.1" 200 2065
180.157.253.48 - - [17/Dec/2020:09:38:44 +0800] "GET /xingrg/kc/buy/cgsh_order_operate.html?command=get_materiel&rest_code=00148&code=00101008069&supplier_code=00100007&order_time=2020-12-17 HTTP/1.1" 200 412
180.157.253.48 - - [17/Dec/2020:09:38:44 +0800] "GET /xingrg/javascript/easyui/themes/default/images/button_plain_hover.png HTTP/1.1" 304 -
116.230.106.194 - - [17/Dec/2020:09:38:45 +0800] "GET /xingrg/all/function/internal_message.html?_=1608169123019&CODE_STATE=getMsg HTTP/1.1" 200 27
101.85.93.83 - - [17/Dec/2020:09:38:47 +0800] "GET /xingrg/all/function/internal_message.html?_=1608168826423&CODE_STATE=getMsg HTTP/1.1" 200 27
116.230.147.136 - - [17/Dec/2020:09:38:47 +0800] "GET /xingrg/kc/buy/cgsh_order_operate.html?command=get_materiel&rest_code=00107&code=00101008359&supplier_code=00100006&order_time=2020-12-17 HTTP/1.1" 200 408
180.162.223.42 - - [17/Dec/2020:09:38:49 +0800] "GET /xingrg/kc/buy/cgsh_order_operate.html?command=get_materiel&rest_code=00105&code=00101010248&supplier_code=00100013&order_time=2020-12-17 HTTP/1.1" 200 430
180.157.253.48 - - [17/Dec/2020:09:38:49 +0800] "GET /xingrg/kc/buy/cgsh_order_operate.html?command=get_materiel&rest_code=00148&code=00101008036&supplier_code=00100007&order_time=2020-12-17 HTTP/1.1" 200 408
180.157.253.48 - - [17/Dec/2020:09:38:49 +0800] "GET /xingrg/javascript/easyui/themes/default/images/button_plain_hover.png HTTP/1.1" 304 -
180.162.223.42 - - [17/Dec/2020:09:38:49 +0800] "POST /xingrg/all/common/load_select.html HTTP/1.1" 200 25
117.131.5.26 - - [17/Dec/2020:09:38:51 +0800] "GET /xingrg/all/function/internal_message.html?_=1608169458426&CODE_STATE=getMsg HTTP/1.1" 200 27
172.17.0.120 - - [17/Dec/2020:09:38:52 +0800] "GET /xingrg/all/function/internal_message.html?_=1608169129699&CODE_STATE=getMsg HTTP/1.1" 200 27
180.174.56.115 - - [17/Dec/2020:09:38:53 +0800] "GET /xingrg/all/function/internal_message.html?_=1608169135267&CODE_STATE=getMsg HTTP/1.1" 200 27
180.162.223.42 - - [17/Dec/2020:09:38:54 +0800] "GET /xingrg/kc/buy/cgsh_order_operate.html?command=get_materiel_price&rest_code=00105&code=00101010248&unit_code=00100043&supplier_code=00100013&order_time=2020-12-17 HTTP/1.1" 200 29
180.152.104.37 - - [17/Dec/2020:09:38:56 +0800] "GET /xingrg/kc/buy/cgsh_order_operate.html?command=get_materiel&rest_code=00102&code=00101011009&supplier_code=00100047&order_time=2020-12-17 HTTP/1.1" 200 418
114.88.161.120 - - [17/Dec/2020:09:38:57 +0800] "GET /xingrg/kc/buy/cgsh_order_operate.html?command=get_materiel&rest_code=00111&code=00101008283&supplier_code=00100005&order_time=2020-12-17 HTTP/1.1" 200 408
180.157.253.48 - - [17/Dec/2020:09:38:57 +0800] "GET /xingrg/kc/buy/cgsh_order_operate.html?command=get_materiel&rest_code=00148&code=00101008286&supplier_code=00100007&order_time=2020-12-17 HTTP/1.1" 200 408
180.157.253.48 - - [17/Dec/2020:09:38:57 +0800] "GET /xingrg/javascript/easyui/themes/default/images/button_plain_hover.png HTTP/1.1" 304 -
114.88.161.120 - - [17/Dec/2020:09:39:00 +0800] "GET /xingrg/check_reg.html?_=1608169275917 HTTP/1.1" 200 22
116.230.147.136 - - [17/Dec/2020:09:39:00 +0800] "GET /xingrg/kc/buy/cgsh_order_operate.html?command=get_materiel&rest_code=00107&code=00101008344&supplier_code=00100006&order_time=2020-12-17 HTTP/1.1" 200 412
180.152.104.37 - - [17/Dec/2020:09:39:03 +0800] "GET /xingrg/all/function/internal_message.html?_=1608169372942&CODE_STATE=getMsg HTTP/1.1" 200 27
180.157.253.48 - - [17/Dec/2020:09:39:03 +0800] "GET /xingrg/kc/buy/cgsh_order_operate.html?command=get_materiel&rest_code=00148&code=00101008131&supplier_code=00100007&order_time=2020-12-17 HTTP/1.1" 200 408
180.157.253.48 - - [17/Dec/2020:09:39:03 +0800] "GET /xingrg/javascript/easyui/themes/default/images/button_plain_hover.png HTTP/1.1" 304 -
180.162.223.42 - - [17/Dec/2020:09:39:04 +0800] "GET /xingrg/kc/buy/cgsh_order_operate.html?command=get_materiel&rest_code=00105&code=00101006106&supplier_code=00100013&order_time=2020-12-17 HTTP/1.1" 200 421
116.230.147.136 - - [17/Dec/2020:09:39:04 +0800] "POST /xingrg/kc/buy/cgsh_order_operate.html HTTP/1.1" 200 2065
116.230.147.136 - - [17/Dec/2020:09:39:05 +0800] "GET /xingrg/all/function/internal_message.html?_=1608169139024&CODE_STATE=getMsg HTTP/1.1" 200 27
180.157.253.48 - - [17/Dec/2020:09:39:06 +0800] "GET /xingrg/check_reg.html?_=1608169150678 HTTP/1.1" 200 22
180.157.253.48 - - [17/Dec/2020:09:39:07 +0800] "GET /xingrg/all/function/internal_message.html?_=1608169151248&CODE_STATE=getMsg HTTP/1.1" 200 27
180.152.104.37 - - [17/Dec/2020:09:39:10 +0800] "GET /xingrg/kc/buy/cgsh_order_operate.html?command=get_materiel&rest_code=00102&code=00101011003&supplier_code=00100047&order_time=2020-12-17 HTTP/1.1" 200 413
180.157.253.48 - - [17/Dec/2020:09:39:12 +0800] "GET /xingrg/kc/buy/cgsh_order_operate.html?command=get_materiel&rest_code=00148&code=00101008352&supplier_code=00100007&order_time=2020-12-17 HTTP/1.1" 200 412
180.157.253.48 - - [17/Dec/2020:09:39:12 +0800] "GET /xingrg/javascript/easyui/themes/default/images/button_plain_hover.png HTTP/1.1" 304 -
180.152.104.37 - - [17/Dec/2020:09:39:12 +0800] "GET /xingrg/check_reg.html?_=1608169382020 HTTP/1.1" 200 22
114.88.159.147 - - [17/Dec/2020:09:39:13 +0800] "GET /xingrg/all/function/internal_message.html?_=1608169161848&CODE_STATE=getMsg HTTP/1.1" 200 27
116.230.118.184 - - [17/Dec/2020:09:39:15 +0800] "GET /xingrg/all/function/internal_message.html?_=1608169151312&CODE_STATE=getMsg HTTP/1.1" 200 27
180.162.223.42 - - [17/Dec/2020:09:39:15 +0800] "GET /xingrg/kc/buy/cgsh_order_operate.html?command=get_materiel&rest_code=00105&code=00101006109&supplier_code=00100013&order_time=2020-12-17 HTTP/1.1" 200 409
180.157.253.48 - - [17/Dec/2020:09:39:21 +0800] "GET /xingrg/kc/buy/cgsh_order_operate.html?command=get_materiel&rest_code=00148&code=00101008098&supplier_code=00100007&order_time=2020-12-17 HTTP/1.1" 200 412
116.230.147.136 - - [17/Dec/2020:09:39:21 +0800] "POST /xingrg/kc/buy/cgsh_order_operate.html HTTP/1.1" 200 37
180.157.253.48 - - [17/Dec/2020:09:39:21 +0800] "GET /xingrg/javascript/easyui/themes/default/images/button_plain_hover.png HTTP/1.1" 304 -
180.174.56.115 - - [17/Dec/2020:09:39:22 +0800] "GET /xingrg/check_reg.html?_=1608169121727 HTTP/1.1" 200 22
180.174.56.115 - - [17/Dec/2020:09:39:22 +0800] "GET /xingrg/all/function/internal_message.html?_=1608169122022&CODE_STATE=getMsg HTTP/1.1" 200 27
114.88.161.120 - - [17/Dec/2020:09:39:22 +0800] "GET /xingrg/kc/buy/cgsh_order_operate.html?command=get_materiel&rest_code=00111&code=00101008010&supplier_code=00100005&order_time=2020-12-17 HTTP/1.1" 200 412
114.88.161.120 - - [17/Dec/2020:09:39:24 +0800] "GET /xingrg/all/function/internal_message.html?_=1608169300238&CODE_STATE=getMsg HTTP/1.1" 200 27
116.230.147.136 - - [17/Dec/2020:09:39:24 +0800] "POST /xingrg/kc/buy/cgsh_order_operate.html HTTP/1.1" 200 46394
180.152.104.37 - - [17/Dec/2020:09:39:25 +0800] "POST /xingrg/kc/buy/cgsh_order_operate.html HTTP/1.1" 200 37
180.152.104.37 - - [17/Dec/2020:09:39:28 +0800] "POST /xingrg/kc/buy/cgsh_order_operate.html HTTP/1.1" 200 12
180.152.104.37 - - [17/Dec/2020:09:39:29 +0800] "GET /xingrg/kc/buy/cgsh_order_info.html?code=212020121706498 HTTP/1.1" 200 55762
180.157.253.48 - - [17/Dec/2020:09:39:33 +0800] "GET /xingrg/javascript/easyui/themes/default/images/button_plain_hover.png HTTP/1.1" 304 -
180.152.104.37 - - [17/Dec/2020:09:39:34 +0800] "GET /xingrg/javascript/easyui/themes/default/validatebox.css HTTP/1.1" 404 1104
180.152.104.37 - - [17/Dec/2020:09:39:34 +0800] "POST /xingrg/kc/buy/cgsh_order_operate.html HTTP/1.1" 200 1797
180.162.223.42 - - [17/Dec/2020:09:39:34 +0800] "GET /xingrg/all/function/internal_message.html?_=1608169175288&CODE_STATE=getMsg HTTP/1.1" 200 27
114.88.159.147 - - [17/Dec/2020:09:39:36 +0800] "GET /xingrg/all/function/internal_message.html?_=1608168747661&CODE_STATE=getMsg HTTP/1.1" 200 27
114.88.161.120 - - [17/Dec/2020:09:39:36 +0800] "POST /xingrg/kc/buy/cgsh_order_operate.html HTTP/1.1" 200 2065
180.157.253.48 - - [17/Dec/2020:09:39:38 +0800] "GET /xingrg/kc/buy/cgsh_order_operate.html?command=get_materiel&rest_code=00148&code=00101008098&supplier_code=00100007&order_time=2020-12-17 HTTP/1.1" 200 412
101.85.52.2 - - [17/Dec/2020:09:39:38 +0800] "POST /xingrg/login.do HTTP/1.1" 302 -
101.85.52.2 - - [17/Dec/2020:09:39:38 +0800] "GET /xingrg/index.html?sysBaseUrl=http%3A%2F%2F180.169.147.146%3A18081%2Fxingrg%2F&costTime=44×tamp=1608169178554 HTTP/1.1" 200 17179
180.152.104.37 - - [17/Dec/2020:09:39:38 +0800] "GET /xingrg/kc/print/load_data.html?order_code=212020121706498&kc_code=cgsh&condition= HTTP/1.1" 200 1195
180.162.223.42 - - [17/Dec/2020:09:39:39 +0800] "GET /xingrg/kc/buy/cgsh_order_operate.html?command=get_materiel&rest_code=00105&code=00101006112&supplier_code=00100013&order_time=2020-12-17 HTTP/1.1" 200 409
222.69.133.29 - - [17/Dec/2020:09:39:39 +0800] "GET /xingrg/all/function/internal_message.html?_=1608169174929&CODE_STATE=getMsg HTTP/1.1" 200 27
101.85.52.2 - - [17/Dec/2020:09:39:39 +0800] "POST /xingrg/all/common/load_tree.html?tree=area_rest_tree_json&manage=1 HTTP/1.1" 200 351
172.17.200.101 - - [17/Dec/2020:09:39:39 +0800] "GET /xingrg/all/function/internal_message.html?_=1608169179985&CODE_STATE=getMsg HTTP/1.1" 200 27
172.17.200.101 - - [17/Dec/2020:09:39:39 +0800] "GET /xingrg/check_reg.html?_=1608169179991 HTTP/1.1" 200 22
101.85.52.2 - - [17/Dec/2020:09:39:39 +0800] "GET /xingrg/all/function/internal_message.html?_=1608169171076&CODE_STATE=count HTTP/1.1" 200 11
101.85.52.2 - - [17/Dec/2020:09:39:39 +0800] "GET /xingrg/check_reg.html?_=1608169171078 HTTP/1.1" 200 22
101.85.52.2 - - [17/Dec/2020:09:39:39 +0800] "GET /favicon.ico HTTP/1.1" 404 -
101.85.52.2 - - [17/Dec/2020:09:39:40 +0800] "POST /xingrg/load_menu.html HTTP/1.1" 200 5138
58.40.7.146 - - [17/Dec/2020:09:39:42 +0800] "GET /xingrg/all/function/internal_message.html?_=1608169180086&CODE_STATE=getMsg HTTP/1.1" 200 27
101.85.52.2 - - [17/Dec/2020:09:39:43 +0800] "GET /xingrg/kc/buy/buy_main.html HTTP/1.1" 200 12412
101.85.52.2 - - [17/Dec/2020:09:39:43 +0800] "GET /xingrg/css/new_ie.css HTTP/1.1" 404 1036
116.230.147.136 - - [17/Dec/2020:09:39:43 +0800] "POST /xingrg/kc/buy/cgsh_order_operate.html HTTP/1.1" 200 37
101.85.52.2 - - [17/Dec/2020:09:39:43 +0800] "GET /xingrg/images/yd/bt.gif HTTP/1.1" 404 1040
101.85.52.2 - - [17/Dec/2020:09:39:44 +0800] "GET /xingrg/kc/buy/cgsh_order_list.html HTTP/1.1" 200 45171
180.157.253.48 - - [17/Dec/2020:09:39:44 +0800] "GET /xingrg/kc/buy/cgsh_order_operate.html?command=get_materiel&rest_code=00148&code=00101008005&supplier_code=00100007&order_time=2020-12-17 HTTP/1.1" 200 412
116.230.147.136 - - [17/Dec/2020:09:39:44 +0800] "POST /xingrg/kc/buy/cgsh_order_operate.html HTTP/1.1" 200 46394
116.230.106.194 - - [17/Dec/2020:09:39:45 +0800] "GET /xingrg/all/function/internal_message.html?_=1608169183032&CODE_STATE=getMsg HTTP/1.1" 200 27
101.85.52.2 - - [17/Dec/2020:09:39:46 +0800] "POST /xingrg/kc/buy/cgsh_list_operate.html HTTP/1.1" 200 876
116.230.147.136 - - [17/Dec/2020:09:39:46 +0800] "GET /xingrg/kc/print/load_config.html?kc_code=cgsh HTTP/1.1" 200 1845
116.230.147.136 - - [17/Dec/2020:09:39:46 +0800] "GET /xingrg/kc/print/load_data.html?order_code=212020121706488&kc_code=cgsh&condition= HTTP/1.1" 200 17184
101.85.52.2 - - [17/Dec/2020:09:39:47 +0800] "GET /xingrg/kc/buy/cgsh_order_add.html HTTP/1.1" 200 60021
101.85.52.2 - - [17/Dec/2020:09:39:47 +0800] "GET /xingrg/words/20201216152930_words.js HTTP/1.1" 200 780605
101.85.93.83 - - [17/Dec/2020:09:39:47 +0800] "GET /xingrg/all/function/internal_message.html?_=1608168886423&CODE_STATE=getMsg HTTP/1.1" 200 27
101.85.52.2 - - [17/Dec/2020:09:39:47 +0800] "POST /xingrg/kc/buy/cgsh_order_operate.html HTTP/1.1" 200 8245
101.85.52.2 - - [17/Dec/2020:09:39:47 +0800] "GET /xingrg/all/common/auto_word.html?type=employee&rest_code=00145 HTTP/1.1" 200 155
101.85.52.2 - - [17/Dec/2020:09:39:47 +0800] "GET /xingrg/javascript/easyui/themes/default/validatebox.css HTTP/1.1" 404 1104
101.85.52.2 - - [17/Dec/2020:09:39:47 +0800] "GET /xingrg/all/common/auto_word.html?type=employee&rest_code=00145 HTTP/1.1" 200 155
117.131.5.26 - - [17/Dec/2020:09:39:48 +0800] "GET /xingrg/check_reg.html?_=1608169515655 HTTP/1.1" 200 22
114.88.161.120 - - [17/Dec/2020:09:39:50 +0800] "GET /xingrg/kc/buy/cgsh_order_operate.html?command=get_materiel&rest_code=00111&code=00101015006&supplier_code=00100005&order_time=2020-12-17 HTTP/1.1" 200 413
117.131.5.26 - - [17/Dec/2020:09:39:50 +0800] "GET /xingrg/all/function/internal_message.html?_=1608169518463&CODE_STATE=getMsg HTTP/1.1" 200 27
172.17.0.120 - - [17/Dec/2020:09:39:52 +0800] "GET /xingrg/all/function/internal_message.html?_=1608169189704&CODE_STATE=getMsg HTTP/1.1" 200 27
180.157.253.48 - - [17/Dec/2020:09:39:53 +0800] "GET /xingrg/kc/buy/cgsh_order_operate.html?command=get_materiel&rest_code=00148&code=00101008353&supplier_code=00100007&order_time=2020-12-17 HTTP/1.1" 200 408
180.174.56.115 - - [17/Dec/2020:09:39:53 +0800] "GET /xingrg/all/function/internal_message.html?_=1608169195265&CODE_STATE=getMsg HTTP/1.1" 200 27
101.89.239.245 - - [17/Dec/2020:09:39:56 +0800] "GET /xingrg/check_reg.html?_=1608168520450 HTTP/1.1" 302 -
101.85.52.2 - - [17/Dec/2020:09:39:57 +0800] "GET /xingrg/javascript/jquery_tools/images/prev.gif HTTP/1.1" 404 1086
101.85.52.2 - - [17/Dec/2020:09:39:57 +0800] "GET /xingrg/javascript/jquery_tools/images/next.gif HTTP/1.1" 404 1086
180.152.104.37 - - [17/Dec/2020:09:39:59 +0800] "GET /xingrg/kc/buy/cgsh_order_add.html HTTP/1.1" 200 60861
114.88.161.120 - - [17/Dec/2020:09:40:01 +0800] "GET /xingrg/kc/buy/cgsh_order_operate.html?command=get_materiel&rest_code=00111&code=00101008061&supplier_code=00100005&order_time=2020-12-17 HTTP/1.1" 200 422
101.89.239.245 - - [17/Dec/2020:09:40:02 +0800] "GET /xingrg/login.html HTTP/1.1" 200 7641
116.230.147.136 - - [17/Dec/2020:09:40:05 +0800] "GET /xingrg/all/function/internal_message.html?_=1608169199004&CODE_STATE=getMsg HTTP/1.1" 200 27
180.152.104.37 - - [17/Dec/2020:09:40:06 +0800] "POST /xingrg/kc/buy/cgsh_order_operate.html HTTP/1.1" 200 8245
180.157.253.48 - - [17/Dec/2020:09:40:07 +0800] "GET /xingrg/all/function/internal_message.html?_=1608169211261&CODE_STATE=getMsg HTTP/1.1" 200 27
180.152.104.37 - - [17/Dec/2020:09:40:07 +0800] "GET /xingrg/all/function/internal_message.html?_=1608169436685&CODE_STATE=getMsg HTTP/1.1" 200 27
180.152.104.37 - - [17/Dec/2020:09:40:07 +0800] "GET /xingrg/javascript/easyui/themes/default/validatebox.css HTTP/1.1" 404 1104
180.152.104.37 - - [17/Dec/2020:09:40:09 +0800] "GET /xingrg/javascript/easyui/themes/default/tree.css HTTP/1.1" 404 1090
180.152.104.37 - - [17/Dec/2020:09:40:09 +0800] "POST /xingrg/all/common/load_tree.html?tree=supplier_tree_json&isDelete=1 HTTP/1.1" 200 52465
114.88.159.147 - - [17/Dec/2020:09:40:13 +0800] "GET /xingrg/all/function/internal_message.html?_=1608169221828&CODE_STATE=getMsg HTTP/1.1" 200 27
116.230.118.184 - - [17/Dec/2020:09:40:15 +0800] "GET /xingrg/all/function/internal_message.html?_=1608169211322&CODE_STATE=getMsg HTTP/1.1" 200 27
180.157.253.48 - - [17/Dec/2020:09:40:21 +0800] "GET /xingrg/kc/buy/cgsh_order_operate.html?command=get_materiel&rest_code=00148&code=00101008291&supplier_code=00100007&order_time=2020-12-17 HTTP/1.1" 200 408
180.174.56.115 - - [17/Dec/2020:09:40:22 +0800] "GET /xingrg/all/function/internal_message.html?_=1608169182036&CODE_STATE=getMsg HTTP/1.1" 200 27
180.162.223.42 - - [17/Dec/2020:09:40:22 +0800] "GET /favicon.ico HTTP/1.1" 404 -
114.88.161.120 - - [17/Dec/2020:09:40:24 +0800] "GET /xingrg/all/function/internal_message.html?_=1608169360136&CODE_STATE=getMsg HTTP/1.1" 200 27
180.162.223.42 - - [17/Dec/2020:09:40:25 +0800] "POST /xingrg/kc/buy/cgsh_order_operate.html HTTP/1.1" 200 37
116.230.147.136 - - [17/Dec/2020:09:40:25 +0800] "GET /xingrg/kc/buy/cgsh_order_add.html HTTP/1.1" 200 60990
180.162.223.42 - - [17/Dec/2020:09:40:26 +0800] "POST /xingrg/kc/buy/cgsh_order_operate.html HTTP/1.1" 200 6264
101.85.52.2 - - [17/Dec/2020:09:40:26 +0800] "GET /xingrg/javascript/auto/indicator.gif HTTP/1.1" 404 1066
180.152.104.37 - - [17/Dec/2020:09:40:27 +0800] "GET /xingrg/kc/buy/cgsh_order_operate.html?command=get_materiel&rest_code=00102&code=00101007061&supplier_code=00100002&order_time=2020-12-17 HTTP/1.1" 200 409
116.230.147.136 - - [17/Dec/2020:09:40:27 +0800] "POST /xingrg/kc/buy/cgsh_order_operate.html HTTP/1.1" 200 8245
116.230.147.136 - - [17/Dec/2020:09:40:27 +0800] "GET /xingrg/javascript/easyui/themes/default/validatebox.css HTTP/1.1" 404 1104
180.162.223.42 - - [17/Dec/2020:09:40:27 +0800] "GET /xingrg/kc/print/load_data.html?order_code=212020121706499&kc_code=cgsh&condition= HTTP/1.1" 200 2139
116.230.147.136 - - [17/Dec/2020:09:40:28 +0800] "GET /xingrg/javascript/easyui/themes/default/tree.css HTTP/1.1" 404 1090
116.230.147.136 - - [17/Dec/2020:09:40:28 +0800] "POST /xingrg/all/common/load_tree.html?tree=supplier_tree_json&isDelete=1 HTTP/1.1" 200 52465
180.157.253.48 - - [17/Dec/2020:09:40:29 +0800] "POST /xingrg/kc/buy/cgsh_order_operate.html HTTP/1.1" 200 2065
180.162.223.42 - - [17/Dec/2020:09:40:34 +0800] "GET /xingrg/all/function/internal_message.html?_=1608169235286&CODE_STATE=getMsg HTTP/1.1" 200 27
114.88.159.147 - - [17/Dec/2020:09:40:36 +0800] "GET /xingrg/all/function/internal_message.html?_=1608168807634&CODE_STATE=getMsg HTTP/1.1" 200 27
101.85.52.2 - - [17/Dec/2020:09:40:36 +0800] "GET /xingrg/kc/buy/cgsh_order_operate.html?command=get_materiel&rest_code=00145&code=00101006201&supplier_code=00100176&order_time=2020-12-11 HTTP/1.1" 200 426
172.17.0.123 - - [17/Dec/2020:09:40:37 +0800] "GET /xingrg/check_reg.html?_=1608169153839 HTTP/1.1" 200 22
172.17.0.123 - - [17/Dec/2020:09:40:37 +0800] "GET /xingrg/check_reg.html?_=1608169153857 HTTP/1.1" 200 22
222.69.133.29 - - [17/Dec/2020:09:40:39 +0800] "GET /xingrg/all/function/internal_message.html?_=1608169234904&CODE_STATE=getMsg HTTP/1.1" 200 27
172.17.200.101 - - [17/Dec/2020:09:40:39 +0800] "GET /xingrg/all/function/internal_message.html?_=1608169239992&CODE_STATE=getMsg HTTP/1.1" 200 27
101.85.52.2 - - [17/Dec/2020:09:40:39 +0800] "GET /xingrg/all/function/internal_message.html?_=1608169231093&CODE_STATE=getMsg HTTP/1.1" 200 27
180.152.104.37 - - [17/Dec/2020:09:40:40 +0800] "GET /xingrg/kc/buy/cgsh_order_operate.html?command=get_materiel&rest_code=00102&code=00101007092&supplier_code=00100002&order_time=2020-12-17 HTTP/1.1" 200 409
58.40.7.146 - - [17/Dec/2020:09:40:42 +0800] "GET /xingrg/all/function/internal_message.html?_=1608169240091&CODE_STATE=getMsg HTTP/1.1" 200 27
180.157.253.48 - - [17/Dec/2020:09:40:42 +0800] "POST /xingrg/services/DataTransmitService HTTP/1.1" 200 524
116.230.106.194 - - [17/Dec/2020:09:40:45 +0800] "GET /xingrg/check_reg.html?_=1608169243019 HTTP/1.1" 200 22
116.230.106.194 - - [17/Dec/2020:09:40:45 +0800] "GET /xingrg/all/function/internal_message.html?_=1608169243021&CODE_STATE=getMsg HTTP/1.1" 200 27
116.230.147.136 - - [17/Dec/2020:09:40:45 +0800] "GET /xingrg/kc/buy/cgsh_order_operate.html?command=get_materiel&rest_code=00107&code=00101006055&supplier_code=00100010&order_time=2020-12-17 HTTP/1.1" 200 409
101.85.93.83 - - [17/Dec/2020:09:40:47 +0800] "GET /xingrg/all/function/internal_message.html?_=1608168946409&CODE_STATE=getMsg HTTP/1.1" 200 27
117.131.5.26 - - [17/Dec/2020:09:40:51 +0800] "GET /xingrg/all/function/internal_message.html?_=1608169578475&CODE_STATE=getMsg HTTP/1.1" 200 27
172.17.0.120 - - [17/Dec/2020:09:40:52 +0800] "GET /xingrg/all/function/internal_message.html?_=1608169249693&CODE_STATE=getMsg HTTP/1.1" 200 27
180.174.56.115 - - [17/Dec/2020:09:40:53 +0800] "GET /xingrg/all/function/internal_message.html?_=1608169255264&CODE_STATE=getMsg HTTP/1.1" 200 27
180.152.104.37 - - [17/Dec/2020:09:40:55 +0800] "GET /xingrg/kc/buy/cgsh_order_operate.html?command=get_materiel&rest_code=00102&code=00102002435&supplier_code=00100002&order_time=2020-12-17 HTTP/1.1" 200 455
116.230.147.136 - - [17/Dec/2020:09:40:58 +0800] "GET /xingrg/kc/buy/cgsh_order_operate.html?command=get_materiel&rest_code=00107&code=00101006111&supplier_code=00100010&order_time=2020-12-17 HTTP/1.1" 200 409
116.230.147.136 - - [17/Dec/2020:09:41:04 +0800] "GET /xingrg/check_reg.html?_=1608169258643 HTTP/1.1" 200 22
116.230.147.136 - - [17/Dec/2020:09:41:05 +0800] "GET /xingrg/all/function/internal_message.html?_=1608169259106&CODE_STATE=getMsg HTTP/1.1" 200 27
180.152.104.37 - - [17/Dec/2020:09:41:05 +0800] "GET /xingrg/kc/buy/cgsh_order_operate.html?command=get_materiel&rest_code=00102&code=00101007085&supplier_code=00100002&order_time=2020-12-17 HTTP/1.1" 200 413
180.157.253.48 - - [17/Dec/2020:09:41:07 +0800] "GET /xingrg/all/function/internal_message.html?_=1608169271274&CODE_STATE=getMsg HTTP/1.1" 200 27
180.152.104.37 - - [17/Dec/2020:09:41:08 +0800] "GET /xingrg/all/function/internal_message.html?_=1608169497749&CODE_STATE=getMsg HTTP/1.1" 200 27
116.230.118.184 - - [17/Dec/2020:09:41:12 +0800] "GET /xingrg/check_reg.html?_=1608169268329 HTTP/1.1" 200 22
114.88.159.147 - - [17/Dec/2020:09:41:13 +0800] "GET /xingrg/all/function/internal_message.html?_=1608169281805&CODE_STATE=getMsg HTTP/1.1" 200 27
116.230.118.184 - - [17/Dec/2020:09:41:15 +0800] "GET /xingrg/all/function/internal_message.html?_=1608169271335&CODE_STATE=getMsg HTTP/1.1" 200 27
101.85.52.2 - - [17/Dec/2020:09:41:16 +0800] "GET /xingrg/kc/buy/cgsh_order_operate.html?command=get_materiel&rest_code=00145&code=00101006183&supplier_code=00100176&order_time=2020-12-11 HTTP/1.1" 200 409
180.157.253.48 - - [17/Dec/2020:09:41:16 +0800] "GET /xingrg/kc/buy/cgsh_order_operate.html?command=get_materiel&rest_code=00148&code=00101008283&supplier_code=00100007&order_time=2020-12-17 HTTP/1.1" 200 408
116.230.147.136 - - [17/Dec/2020:09:41:18 +0800] "GET /xingrg/kc/buy/cgsh_order_operate.html?command=get_materiel&rest_code=00107&code=00101006109&supplier_code=00100010&order_time=2020-12-17 HTTP/1.1" 200 409
180.174.56.115 - - [17/Dec/2020:09:41:22 +0800] "GET /xingrg/all/function/internal_message.html?_=1608169242049&CODE_STATE=getMsg HTTP/1.1" 200 27
114.88.161.120 - - [17/Dec/2020:09:41:24 +0800] "GET /xingrg/all/function/internal_message.html?_=1608169420244&CODE_STATE=getMsg HTTP/1.1" 200 27
180.157.253.48 - - [17/Dec/2020:09:41:24 +0800] "GET /xingrg/kc/buy/cgsh_order_operate.html?command=get_materiel&rest_code=00148&code=00101008323&supplier_code=00100007&order_time=2020-12-17 HTTP/1.1" 200 408
116.230.147.136 - - [17/Dec/2020:09:41:27 +0800] "GET /xingrg/kc/buy/cgsh_order_operate.html?command=get_materiel&rest_code=00107&code=00101006115&supplier_code=00100010&order_time=2020-12-17 HTTP/1.1" 200 409
101.85.52.2 - - [17/Dec/2020:09:41:34 +0800] "POST /xingrg/kc/buy/cgsh_order_operate.html HTTP/1.1" 200 37
180.162.223.42 - - [17/Dec/2020:09:41:34 +0800] "GET /xingrg/all/function/internal_message.html?_=1608169295284&CODE_STATE=getMsg HTTP/1.1" 200 27
101.85.52.2 - - [17/Dec/2020:09:41:35 +0800] "POST /xingrg/kc/buy/cgsh_order_operate.html HTTP/1.1" 200 3241
114.88.159.147 - - [17/Dec/2020:09:41:36 +0800] "GET /xingrg/all/function/internal_message.html?_=1608168867633&CODE_STATE=getMsg HTTP/1.1" 200 27
101.85.52.2 - - [17/Dec/2020:09:41:36 +0800] "GET /xingrg/kc/print/load_config.html?kc_code=cgsh HTTP/1.1" 200 1845
101.85.52.2 - - [17/Dec/2020:09:41:36 +0800] "GET /xingrg/kc/print/load_data.html?order_code=212020121706500&kc_code=cgsh&condition= HTTP/1.1" 200 920
116.230.147.136 - - [17/Dec/2020:09:41:37 +0800] "GET /xingrg/kc/buy/cgsh_order_operate.html?command=get_materiel&rest_code=00107&code=00101006065&supplier_code=00100010&order_time=2020-12-17 HTTP/1.1" 200 409
222.69.133.29 - - [17/Dec/2020:09:41:39 +0800] "GET /xingrg/all/function/internal_message.html?_=1608169294887&CODE_STATE=getMsg HTTP/1.1" 200 27
172.17.200.101 - - [17/Dec/2020:09:41:39 +0800] "GET /xingrg/all/function/internal_message.html?_=1608169299995&CODE_STATE=getMsg HTTP/1.1" 200 27
101.85.52.2 - - [17/Dec/2020:09:41:39 +0800] "GET /xingrg/all/function/internal_message.html?_=1608169291101&CODE_STATE=getMsg HTTP/1.1" 200 27
58.40.7.146 - - [17/Dec/2020:09:41:42 +0800] "GET /xingrg/all/function/internal_message.html?_=1608169300093&CODE_STATE=getMsg HTTP/1.1" 200 27
101.85.52.2 - - [17/Dec/2020:09:41:43 +0800] "GET /xingrg/kc/buy/cgsh_order_add.html HTTP/1.1" 200 60021
101.85.52.2 - - [17/Dec/2020:09:41:43 +0800] "POST /xingrg/kc/buy/cgsh_order_operate.html HTTP/1.1" 200 8245
101.85.52.2 - - [17/Dec/2020:09:41:43 +0800] "GET /xingrg/javascript/easyui/themes/default/validatebox.css HTTP/1.1" 404 1104
116.230.106.194 - - [17/Dec/2020:09:41:45 +0800] "GET /xingrg/all/function/internal_message.html?_=1608169303035&CODE_STATE=getMsg HTTP/1.1" 200 27
101.85.93.83 - - [17/Dec/2020:09:41:47 +0800] "GET /xingrg/all/function/internal_message.html?_=1608169006423&CODE_STATE=getMsg HTTP/1.1" 200 27
101.85.93.83 - - [17/Dec/2020:09:41:47 +0800] "GET /xingrg/check_reg.html?_=1608169006425 HTTP/1.1" 200 22
180.157.253.48 - - [17/Dec/2020:09:41:49 +0800] "GET /xingrg/kc/buy/cgsh_order_operate.html?command=get_materiel&rest_code=00148&code=00101008323&supplier_code=00100007&order_time=2020-12-17 HTTP/1.1" 200 408
117.131.5.26 - - [17/Dec/2020:09:41:51 +0800] "GET /xingrg/all/function/internal_message.html?_=1608169638493&CODE_STATE=getMsg HTTP/1.1" 200 27
172.17.0.120 - - [17/Dec/2020:09:41:52 +0800] "GET /xingrg/all/function/internal_message.html?_=1608169309698&CODE_STATE=getMsg HTTP/1.1" 200 27
116.230.147.136 - - [17/Dec/2020:09:41:52 +0800] "GET /xingrg/kc/buy/cgsh_order_operate.html?command=get_materiel&rest_code=00107&code=00101007067&supplier_code=00100010&order_time=2020-12-17 HTTP/1.1" 200 409
180.174.56.115 - - [17/Dec/2020:09:41:53 +0800] "GET /xingrg/check_reg.html?_=1608169315273 HTTP/1.1" 200 22
180.174.56.115 - - [17/Dec/2020:09:41:53 +0800] "GET /xingrg/all/function/internal_message.html?_=1608169315277&CODE_STATE=getMsg HTTP/1.1" 200 27
114.88.161.120 - - [17/Dec/2020:09:41:54 +0800] "POST /xingrg/kc/buy/cgsh_order_operate.html HTTP/1.1" 200 37
114.88.161.120 - - [17/Dec/2020:09:41:56 +0800] "POST /xingrg/kc/buy/cgsh_order_operate.html HTTP/1.1" 200 33414
180.157.253.48 - - [17/Dec/2020:09:41:58 +0800] "GET /xingrg/kc/buy/cgsh_order_operate.html?command=get_materiel&rest_code=00148&code=00101008302&supplier_code=00100007&order_time=2020-12-17 HTTP/1.1" 200 412
114.88.161.120 - - [17/Dec/2020:09:42:00 +0800] "GET /xingrg/kc/print/load_data.html?order_code=212020121706501&kc_code=cgsh&condition= HTTP/1.1" 200 12338
101.85.52.2 - - [17/Dec/2020:09:42:00 +0800] "GET /xingrg/kc/buy/cgsh_order_operate.html?command=get_materiel&rest_code=00145&code=00101011001&supplier_code=00100047&order_time=2020-12-11 HTTP/1.1" 200 422
116.230.147.136 - - [17/Dec/2020:09:42:05 +0800] "GET /xingrg/all/function/internal_message.html?_=1608169319092&CODE_STATE=getMsg HTTP/1.1" 200 27
101.85.52.2 - - [17/Dec/2020:09:42:05 +0800] "POST /xingrg/kc/buy/cgsh_order_operate.html HTTP/1.1" 200 37
180.157.253.48 - - [17/Dec/2020:09:42:06 +0800] "GET /xingrg/kc/buy/cgsh_order_operate.html?command=get_materiel&rest_code=00148&code=00101008027&supplier_code=00100007&order_time=2020-12-17 HTTP/1.1" 200 408
101.85.52.2 - - [17/Dec/2020:09:42:06 +0800] "POST /xingrg/kc/buy/cgsh_order_operate.html HTTP/1.1" 200 2665
180.157.253.48 - - [17/Dec/2020:09:42:07 +0800] "GET /xingrg/all/function/internal_message.html?_=1608169331288&CODE_STATE=getMsg HTTP/1.1" 200 27
101.85.52.2 - - [17/Dec/2020:09:42:07 +0800] "GET /xingrg/kc/print/load_data.html?order_code=212020121706502&kc_code=cgsh&condition= HTTP/1.1" 200 732
180.152.104.37 - - [17/Dec/2020:09:42:08 +0800] "GET /xingrg/all/function/internal_message.html?_=1608169557838&CODE_STATE=getMsg HTTP/1.1" 200 27
180.157.253.48 - - [17/Dec/2020:09:42:09 +0800] "POST /xingrg/kc/buy/cgsh_order_operate.html HTTP/1.1" 200 2065
116.230.147.136 - - [17/Dec/2020:09:42:09 +0800] "GET /xingrg/kc/buy/cgsh_order_operate.html?command=get_materiel&rest_code=00107&code=00101006133&supplier_code=00100010&order_time=2020-12-17 HTTP/1.1" 200 413
114.88.159.147 - - [17/Dec/2020:09:42:13 +0800] "GET /xingrg/all/function/internal_message.html?_=1608169341775&CODE_STATE=getMsg HTTP/1.1" 200 27
180.157.253.48 - - [17/Dec/2020:09:42:14 +0800] "GET /xingrg/kc/buy/cgsh_order_operate.html?command=get_materiel&rest_code=00148&code=00101008257&supplier_code=00100007&order_time=2020-12-17 HTTP/1.1" 200 416
116.230.118.184 - - [17/Dec/2020:09:42:15 +0800] "GET /xingrg/all/function/internal_message.html?_=1608169331349&CODE_STATE=getMsg HTTP/1.1" 200 27
180.174.56.115 - - [17/Dec/2020:09:42:15 +0800] "POST /xingrg/kc/buy/cgsh_order_operate.html HTTP/1.1" 200 37
101.85.52.2 - - [17/Dec/2020:09:42:17 +0800] "GET /xingrg/kc/buy/cgsh_order_add.html HTTP/1.1" 200 60021
180.174.56.115 - - [17/Dec/2020:09:42:17 +0800] "POST /xingrg/kc/buy/cgsh_order_operate.html HTTP/1.1" 200 12
101.85.52.2 - - [17/Dec/2020:09:42:17 +0800] "POST /xingrg/kc/buy/cgsh_order_operate.html HTTP/1.1" 200 8245
101.85.52.2 - - [17/Dec/2020:09:42:17 +0800] "GET /xingrg/javascript/easyui/themes/default/validatebox.css HTTP/1.1" 404 1104
180.174.56.115 - - [17/Dec/2020:09:42:18 +0800] "GET /xingrg/kc/buy/cgsh_order_info.html?code=212020121706475 HTTP/1.1" 200 55447
180.174.56.115 - - [17/Dec/2020:09:42:18 +0800] "GET /xingrg/javascript/easyui/themes/default/validatebox.css HTTP/1.1" 404 1104
