114.88.159.147 - - [17/Dec/2020:10:06:12 +0800] "GET /xingrg/all/function/internal_message.html?_=1608170781190&CODE_STATE=getMsg HTTP/1.1" 200 27
116.230.118.184 - - [17/Dec/2020:10:06:12 +0800] "GET /xingrg/check_reg.html?_=1608170768560 HTTP/1.1" 200 22
117.184.7.26 - - [17/Dec/2020:10:06:12 +0800] "GET /xingrg/kc/buy/cgsh_order_operate.html?command=get_materiel&rest_code=00108&code=00101008358&supplier_code=00100008&order_time=2020-12-17 HTTP/1.1" 200 412
116.230.118.184 - - [17/Dec/2020:10:06:17 +0800] "GET /xingrg/all/function/internal_message.html?_=1608170773786&CODE_STATE=getMsg HTTP/1.1" 200 27
180.174.56.115 - - [17/Dec/2020:10:06:23 +0800] "GET /xingrg/all/function/internal_message.html?_=1608170742513&CODE_STATE=getMsg HTTP/1.1" 200 27
114.88.161.120 - - [17/Dec/2020:10:06:23 +0800] "GET /xingrg/all/function/internal_message.html?_=1608170919551&CODE_STATE=getMsg HTTP/1.1" 200 27
180.152.104.37 - - [17/Dec/2020:10:06:31 +0800] "GET /xingrg/all/function/internal_message.html?_=1608171020819&CODE_STATE=getMsg HTTP/1.1" 200 27
180.162.223.42 - - [17/Dec/2020:10:06:34 +0800] "GET /xingrg/all/function/internal_message.html?_=1608170795297&CODE_STATE=getMsg HTTP/1.1" 200 27
114.88.159.147 - - [17/Dec/2020:10:06:36 +0800] "GET /xingrg/all/function/internal_message.html?_=1608170367479&CODE_STATE=getMsg HTTP/1.1" 200 27
101.85.52.2 - - [17/Dec/2020:10:06:36 +0800] "GET /xingrg/all/function/internal_message.html?_=1608170788116&CODE_STATE=getMsg HTTP/1.1" 200 27
101.85.52.2 - - [17/Dec/2020:10:06:36 +0800] "GET /xingrg/check_reg.html?_=1608170788121 HTTP/1.1" 200 22
222.69.133.29 - - [17/Dec/2020:10:06:38 +0800] "GET /xingrg/all/function/internal_message.html?_=1608170794400&CODE_STATE=getMsg HTTP/1.1" 200 27
172.17.200.101 - - [17/Dec/2020:10:06:39 +0800] "GET /xingrg/all/function/internal_message.html?_=1608170800025&CODE_STATE=getMsg HTTP/1.1" 200 27
117.184.7.26 - - [17/Dec/2020:10:06:41 +0800] "GET /xingrg/all/function/internal_message.html?_=1608170792162&CODE_STATE=getMsg HTTP/1.1" 200 27
58.40.7.146 - - [17/Dec/2020:10:06:42 +0800] "GET /xingrg/all/function/internal_message.html?_=1608170800103&CODE_STATE=getMsg HTTP/1.1" 200 27
117.184.7.26 - - [17/Dec/2020:10:06:44 +0800] "GET /xingrg/kc/buy/cgsh_order_operate.html?command=get_materiel&rest_code=00108&code=00101008084&supplier_code=00100008&order_time=2020-12-17 HTTP/1.1" 200 412
180.174.56.115 - - [17/Dec/2020:10:06:45 +0800] "GET /xingrg/all/function/internal_message.html?_=1608170806697&CODE_STATE=getMsg HTTP/1.1" 200 27
116.230.106.194 - - [17/Dec/2020:10:06:45 +0800] "GET /xingrg/all/function/internal_message.html?_=1608170803025&CODE_STATE=getMsg HTTP/1.1" 200 27
117.184.7.26 - - [17/Dec/2020:10:06:49 +0800] "GET /xingrg/kc/buy/cgsh_order_operate.html?command=get_materiel&rest_code=00108&code=00101008064&supplier_code=00100008&order_time=2020-12-17 HTTP/1.1" 200 412
172.17.0.120 - - [17/Dec/2020:10:06:52 +0800] "GET /xingrg/all/function/internal_message.html?_=1608170809702&CODE_STATE=getMsg HTTP/1.1" 200 27
117.131.5.26 - - [17/Dec/2020:10:06:57 +0800] "GET /xingrg/all/function/internal_message.html?_=1608171144899&CODE_STATE=getMsg HTTP/1.1" 200 27
172.17.0.103 - - [17/Dec/2020:10:07:01 +0800] "GET /xingrg/all/function/internal_message.html?_=1608170820777&CODE_STATE=getMsg HTTP/1.1" 200 27
116.230.147.136 - - [17/Dec/2020:10:07:05 +0800] "GET /xingrg/all/function/internal_message.html?_=1608170819117&CODE_STATE=getMsg HTTP/1.1" 200 27
180.157.253.48 - - [17/Dec/2020:10:07:08 +0800] "GET /xingrg/all/function/internal_message.html?_=1608170832667&CODE_STATE=getMsg HTTP/1.1" 200 27
101.85.52.2 - - [17/Dec/2020:10:07:12 +0800] "POST /xingrg/kc/buy/cgsh_list_operate.html HTTP/1.1" 200 876
114.88.159.147 - - [17/Dec/2020:10:07:12 +0800] "GET /xingrg/all/function/internal_message.html?_=1608170841166&CODE_STATE=getMsg HTTP/1.1" 200 27
101.85.52.2 - - [17/Dec/2020:10:07:13 +0800] "GET /xingrg/kc/buy/cgsh_order_add.html HTTP/1.1" 200 60021
101.85.52.2 - - [17/Dec/2020:10:07:13 +0800] "POST /xingrg/kc/buy/cgsh_order_operate.html HTTP/1.1" 200 8245
101.85.52.2 - - [17/Dec/2020:10:07:13 +0800] "GET /xingrg/javascript/easyui/themes/default/validatebox.css HTTP/1.1" 404 1104
117.184.7.26 - - [17/Dec/2020:10:07:13 +0800] "GET /xingrg/kc/buy/cgsh_order_operate.html?command=get_materiel&rest_code=00108&code=00101008087&supplier_code=00100008&order_time=2020-12-17 HTTP/1.1" 200 412
116.230.118.184 - - [17/Dec/2020:10:07:17 +0800] "GET /xingrg/all/function/internal_message.html?_=1608170833796&CODE_STATE=getMsg HTTP/1.1" 200 27
101.85.52.2 - - [17/Dec/2020:10:07:18 +0800] "GET /xingrg/javascript/jquery_tools/images/prev.gif HTTP/1.1" 404 1086
101.85.52.2 - - [17/Dec/2020:10:07:18 +0800] "GET /xingrg/javascript/jquery_tools/images/next.gif HTTP/1.1" 404 1086
117.184.7.26 - - [17/Dec/2020:10:07:19 +0800] "GET /xingrg/kc/buy/cgsh_order_operate.html?command=get_materiel&rest_code=00108&code=00101008361&supplier_code=00100008&order_time=2020-12-17 HTTP/1.1" 200 408
180.174.56.115 - - [17/Dec/2020:10:07:23 +0800] "GET /xingrg/all/function/internal_message.html?_=1608170802551&CODE_STATE=getMsg HTTP/1.1" 200 27
114.88.161.120 - - [17/Dec/2020:10:07:23 +0800] "GET /xingrg/all/function/internal_message.html?_=1608170979528&CODE_STATE=getMsg HTTP/1.1" 200 27
101.85.52.2 - - [17/Dec/2020:10:07:24 +0800] "GET /xingrg/kc/buy/cgsh_order_operate.html?command=get_materiel&rest_code=00145&code=00101006201&supplier_code=00100176&order_time=2020-12-13 HTTP/1.1" 200 426
117.184.7.26 - - [17/Dec/2020:10:07:26 +0800] "GET /xingrg/kc/buy/cgsh_order_operate.html?command=get_materiel&rest_code=00108&code=00101008356&supplier_code=00100008&order_time=2020-12-17 HTTP/1.1" 200 408
101.85.52.2 - - [17/Dec/2020:10:07:30 +0800] "GET /xingrg/kc/buy/cgsh_order_operate.html?command=get_materiel&rest_code=00145&code=00101006183&supplier_code=00100176&order_time=2020-12-13 HTTP/1.1" 200 409
180.152.104.37 - - [17/Dec/2020:10:07:31 +0800] "GET /xingrg/all/function/internal_message.html?_=1608171080834&CODE_STATE=getMsg HTTP/1.1" 200 27
180.162.223.42 - - [17/Dec/2020:10:07:34 +0800] "GET /xingrg/all/function/internal_message.html?_=1608170855298&CODE_STATE=getMsg HTTP/1.1" 200 27
101.85.52.2 - - [17/Dec/2020:10:07:35 +0800] "POST /xingrg/kc/buy/cgsh_order_operate.html HTTP/1.1" 200 37
114.88.159.147 - - [17/Dec/2020:10:07:36 +0800] "GET /xingrg/all/function/internal_message.html?_=1608170427485&CODE_STATE=getMsg HTTP/1.1" 200 27
101.85.52.2 - - [17/Dec/2020:10:07:36 +0800] "POST /xingrg/kc/buy/cgsh_order_operate.html HTTP/1.1" 200 3241
117.184.7.26 - - [17/Dec/2020:10:07:36 +0800] "GET /xingrg/kc/buy/cgsh_order_operate.html?command=get_materiel&rest_code=00108&code=00101008251&supplier_code=00100008&order_time=2020-12-17 HTTP/1.1" 200 408
180.174.56.115 - - [17/Dec/2020:10:07:36 +0800] "POST /xingrg/all/user/operate.html HTTP/1.1" 200 36
101.85.52.2 - - [17/Dec/2020:10:07:36 +0800] "GET /xingrg/all/function/internal_message.html?_=1608170848104&CODE_STATE=getMsg HTTP/1.1" 200 27
180.174.56.115 - - [17/Dec/2020:10:07:37 +0800] "GET /xingrg/index.html?sysBaseUrl=http%3A%2F%2F180.169.147.146%3A18081%2Fxingrg%2F&costTime=40×tamp=1608101506358 HTTP/1.1" 200 17179
180.174.56.115 - - [17/Dec/2020:10:07:37 +0800] "GET /xingrg/javascript/jquery_easy_ui/themes/default/easyui.css HTTP/1.1" 304 -
180.174.56.115 - - [17/Dec/2020:10:07:37 +0800] "GET /xingrg/javascript/jquery_easy_ui/themes/icon.css HTTP/1.1" 304 -
180.174.56.115 - - [17/Dec/2020:10:07:37 +0800] "GET /xingrg/css/form.css HTTP/1.1" 304 -
180.174.56.115 - - [17/Dec/2020:10:07:37 +0800] "GET /xingrg/javascript/jquery-1.4.2.min.js HTTP/1.1" 304 -
180.174.56.115 - - [17/Dec/2020:10:07:37 +0800] "GET /xingrg/javascript/jquery_easy_ui/jquery.easyui.min.js HTTP/1.1" 304 -
180.174.56.115 - - [17/Dec/2020:10:07:37 +0800] "GET /xingrg/javascript/jquery_easy_ui/easyui-lang-zh_CN.js HTTP/1.1" 304 -
180.174.56.115 - - [17/Dec/2020:10:07:37 +0800] "GET /xingrg/javascript/jquery.form.js HTTP/1.1" 304 -
180.174.56.115 - - [17/Dec/2020:10:07:37 +0800] "GET /xingrg/javascript/jquery.utils.js HTTP/1.1" 304 -
180.174.56.115 - - [17/Dec/2020:10:07:37 +0800] "GET /xingrg/javascript/jquery.timers.js HTTP/1.1" 304 -
180.174.56.115 - - [17/Dec/2020:10:07:37 +0800] "GET /xingrg/images/blue/jxLogo.png HTTP/1.1" 304 -
180.174.56.115 - - [17/Dec/2020:10:07:37 +0800] "GET /xingrg/javascript/jquery_easy_ui/themes/icons/settle_new.png HTTP/1.1" 304 -
180.174.56.115 - - [17/Dec/2020:10:07:37 +0800] "GET /xingrg/images/blue/navBackgound.jpg HTTP/1.1" 304 -
180.174.56.115 - - [17/Dec/2020:10:07:37 +0800] "POST /xingrg/all/common/load_tree.html?tree=area_rest_tree_json&manage=1 HTTP/1.1" 200 476
180.174.56.115 - - [17/Dec/2020:10:07:37 +0800] "GET /xingrg/all/function/internal_message.html?_=1608170858707&CODE_STATE=count HTTP/1.1" 200 11
180.174.56.115 - - [17/Dec/2020:10:07:37 +0800] "GET /xingrg/check_reg.html?_=1608170858709 HTTP/1.1" 200 22
180.174.56.115 - - [17/Dec/2020:10:07:37 +0800] "GET /xingrg/javascript/jquery_easy_ui/themes/default/images/panel_tool_collapse.gif HTTP/1.1" 304 -
180.174.56.115 - - [17/Dec/2020:10:07:37 +0800] "GET /xingrg/images/blue/pingpu.png HTTP/1.1" 304 -
180.174.56.115 - - [17/Dec/2020:10:07:37 +0800] "GET /xingrg/javascript/jquery_easy_ui/themes/default/images/tabs_leftarrow.png HTTP/1.1" 304 -
180.174.56.115 - - [17/Dec/2020:10:07:37 +0800] "GET /xingrg/javascript/jquery_easy_ui/themes/default/images/tabs_rightarrow.png HTTP/1.1" 304 -
180.174.56.115 - - [17/Dec/2020:10:07:37 +0800] "POST /xingrg/load_menu.html HTTP/1.1" 200 5138
101.85.52.2 - - [17/Dec/2020:10:07:38 +0800] "GET /xingrg/kc/print/load_data.html?order_code=212020121706517&kc_code=cgsh&condition= HTTP/1.1" 200 920
222.69.133.29 - - [17/Dec/2020:10:07:38 +0800] "GET /xingrg/all/function/internal_message.html?_=1608170854374&CODE_STATE=getMsg HTTP/1.1" 200 27
222.69.133.29 - - [17/Dec/2020:10:07:39 +0800] "GET /xingrg/check_reg.html?_=1608170855334 HTTP/1.1" 200 22
172.17.200.101 - - [17/Dec/2020:10:07:39 +0800] "GET /xingrg/all/function/internal_message.html?_=1608170860030&CODE_STATE=getMsg HTTP/1.1" 200 27
180.174.56.115 - - [17/Dec/2020:10:07:40 +0800] "GET /xingrg/kc/base/wldb_order_list.html HTTP/1.1" 200 19345
180.174.56.115 - - [17/Dec/2020:10:07:40 +0800] "POST /xingrg/kc/base/wldb_list_operate.html HTTP/1.1" 200 928
117.184.7.26 - - [17/Dec/2020:10:07:41 +0800] "GET /xingrg/all/function/internal_message.html?_=1608170852162&CODE_STATE=getMsg HTTP/1.1" 200 27
180.174.56.115 - - [17/Dec/2020:10:07:41 +0800] "GET /xingrg/kc/base/wldb_order_add.html HTTP/1.1" 200 30514
117.184.7.26 - - [17/Dec/2020:10:07:41 +0800] "GET /xingrg/kc/buy/cgsh_order_operate.html?command=get_materiel&rest_code=00108&code=00101008069&supplier_code=00100008&order_time=2020-12-17 HTTP/1.1" 200 412
180.174.56.115 - - [17/Dec/2020:10:07:42 +0800] "POST /xingrg/kc/base/wldb_order_operate.html HTTP/1.1" 200 6806
180.174.56.115 - - [17/Dec/2020:10:07:42 +0800] "GET /xingrg/javascript/easyui/themes/default/validatebox.css HTTP/1.1" 404 1104
58.40.7.146 - - [17/Dec/2020:10:07:42 +0800] "GET /xingrg/all/function/internal_message.html?_=1608170860106&CODE_STATE=getMsg HTTP/1.1" 200 27
101.85.52.2 - - [17/Dec/2020:10:07:44 +0800] "GET /xingrg/kc/buy/cgsh_order_add.html HTTP/1.1" 200 60021
101.85.52.2 - - [17/Dec/2020:10:07:44 +0800] "POST /xingrg/kc/buy/cgsh_order_operate.html HTTP/1.1" 200 8245
101.85.52.2 - - [17/Dec/2020:10:07:44 +0800] "GET /xingrg/javascript/easyui/themes/default/validatebox.css HTTP/1.1" 404 1104
116.230.106.194 - - [17/Dec/2020:10:07:45 +0800] "GET /xingrg/all/function/internal_message.html?_=1608170863017&CODE_STATE=getMsg HTTP/1.1" 200 27
117.184.7.26 - - [17/Dec/2020:10:07:48 +0800] "GET /xingrg/kc/buy/cgsh_order_operate.html?command=get_materiel&rest_code=00108&code=00101008286&supplier_code=00100008&order_time=2020-12-17 HTTP/1.1" 200 408
180.174.56.115 - - [17/Dec/2020:10:07:48 +0800] "GET /xingrg/javascript/auto/indicator.gif HTTP/1.1" 404 1066
172.17.0.120 - - [17/Dec/2020:10:07:52 +0800] "GET /xingrg/all/function/internal_message.html?_=1608170869707&CODE_STATE=getMsg HTTP/1.1" 200 27
172.17.0.120 - - [17/Dec/2020:10:07:52 +0800] "GET /xingrg/check_reg.html?_=1608170869711 HTTP/1.1" 200 22
117.184.7.26 - - [17/Dec/2020:10:07:55 +0800] "GET /xingrg/kc/buy/cgsh_order_operate.html?command=get_materiel&rest_code=00108&code=00101008131&supplier_code=00100008&order_time=2020-12-17 HTTP/1.1" 200 408
117.131.5.26 - - [17/Dec/2020:10:07:57 +0800] "GET /xingrg/all/function/internal_message.html?_=1608171204910&CODE_STATE=getMsg HTTP/1.1" 200 27
101.85.52.2 - - [17/Dec/2020:10:07:58 +0800] "GET /xingrg/kc/buy/cgsh_order_operate.html?command=get_materiel&rest_code=00145&code=00101011005&supplier_code=00100047&order_time=2020-12-13 HTTP/1.1" 200 428
172.17.0.103 - - [17/Dec/2020:10:08:01 +0800] "GET /xingrg/all/function/internal_message.html?_=1608170880784&CODE_STATE=getMsg HTTP/1.1" 200 27
117.184.7.26 - - [17/Dec/2020:10:08:03 +0800] "GET /xingrg/kc/buy/cgsh_order_operate.html?command=get_materiel&rest_code=00108&code=00101008296&supplier_code=00100008&order_time=2020-12-17 HTTP/1.1" 200 416
101.85.52.2 - - [17/Dec/2020:10:08:04 +0800] "GET /xingrg/kc/buy/cgsh_order_operate.html?command=get_materiel&rest_code=00145&code=00101011001&supplier_code=00100047&order_time=2020-12-13 HTTP/1.1" 200 422
116.230.147.136 - - [17/Dec/2020:10:08:05 +0800] "GET /xingrg/all/function/internal_message.html?_=1608170879112&CODE_STATE=getMsg HTTP/1.1" 200 27
117.184.7.26 - - [17/Dec/2020:10:08:06 +0800] "POST /xingrg/kc/buy/cgsh_order_operate.html HTTP/1.1" 200 2065
180.157.253.48 - - [17/Dec/2020:10:08:08 +0800] "GET /xingrg/all/function/internal_message.html?_=1608170892671&CODE_STATE=getMsg HTTP/1.1" 200 27
117.184.7.26 - - [17/Dec/2020:10:08:09 +0800] "GET /xingrg/kc/buy/cgsh_order_operate.html?command=get_materiel&rest_code=00108&code=00101008098&supplier_code=00100008&order_time=2020-12-17 HTTP/1.1" 200 412
101.85.52.2 - - [17/Dec/2020:10:08:10 +0800] "GET /xingrg/kc/buy/cgsh_order_operate.html?command=get_materiel&rest_code=00145&code=00101011012&supplier_code=00100047&order_time=2020-12-13 HTTP/1.1" 200 411
114.88.159.147 - - [17/Dec/2020:10:08:12 +0800] "GET /xingrg/all/function/internal_message.html?_=1608170901161&CODE_STATE=getMsg HTTP/1.1" 200 27
101.89.239.238 - - [17/Dec/2020:10:08:12 +0800] "GET /xingrg/all/function/internal_message.html?_=1608170121460&CODE_STATE=getMsg HTTP/1.1" 302 -
101.85.52.2 - - [17/Dec/2020:10:08:16 +0800] "POST /xingrg/kc/buy/cgsh_order_operate.html HTTP/1.1" 200 37
117.184.7.26 - - [17/Dec/2020:10:08:17 +0800] "GET /xingrg/kc/buy/cgsh_order_operate.html?command=get_materiel&rest_code=00108&code=00101008005&supplier_code=00100008&order_time=2020-12-17 HTTP/1.1" 200 412
101.85.52.2 - - [17/Dec/2020:10:08:17 +0800] "POST /xingrg/kc/buy/cgsh_order_operate.html HTTP/1.1" 200 3842
116.230.118.184 - - [17/Dec/2020:10:08:18 +0800] "GET /xingrg/all/function/internal_message.html?_=1608170894018&CODE_STATE=getMsg HTTP/1.1" 200 27
101.89.239.238 - - [17/Dec/2020:10:08:19 +0800] "GET /xingrg/login.html HTTP/1.1" 200 7641
180.174.56.115 - - [17/Dec/2020:10:08:23 +0800] "GET /xingrg/all/function/internal_message.html?_=1608170862556&CODE_STATE=getMsg HTTP/1.1" 200 27
114.88.161.120 - - [17/Dec/2020:10:08:23 +0800] "GET /xingrg/all/function/internal_message.html?_=1608171039495&CODE_STATE=getMsg HTTP/1.1" 200 27
172.17.0.185 - - [17/Dec/2020:10:08:25 +0800] "GET /xingrg/check_reg.html?_=1608170902443 HTTP/1.1" 200 22
117.184.7.26 - - [17/Dec/2020:10:08:25 +0800] "GET /xingrg/kc/buy/cgsh_order_operate.html?command=get_materiel&rest_code=00108&code=00101008353&supplier_code=00100008&order_time=2020-12-17 HTTP/1.1" 200 408
180.174.56.115 - - [17/Dec/2020:10:08:26 +0800] "GET /xingrg/kc/base/wldb_order_operate.html?command=get_materiel&rest_code=00150&base_code=0010446&code=00102001084 HTTP/1.1" 200 432
180.152.104.37 - - [17/Dec/2020:10:08:31 +0800] "GET /xingrg/all/function/internal_message.html?_=1608171140847&CODE_STATE=getMsg HTTP/1.1" 200 27
114.88.159.147 - - [17/Dec/2020:10:08:31 +0800] "GET /xingrg/check_reg.html?_=1608170920352 HTTP/1.1" 200 22
180.174.56.115 - - [17/Dec/2020:10:08:31 +0800] "POST /xingrg/kc/base/wldb_order_operate.html HTTP/1.1" 200 37
114.88.159.147 - - [17/Dec/2020:10:08:31 +0800] "GET /xingrg/check_reg.html?_=1608170483159 HTTP/1.1" 200 22
172.17.0.103 - - [17/Dec/2020:10:08:32 +0800] "GET /xingrg/kc/buy/cgsh_order_add.html HTTP/1.1" 200 60835
172.17.0.103 - - [17/Dec/2020:10:08:32 +0800] "GET /xingrg/words/20201216152930_words.js HTTP/1.1" 304 -
172.17.0.103 - - [17/Dec/2020:10:08:33 +0800] "GET /xingrg/all/common/auto_word.html?type=employee&rest_code=00147 HTTP/1.1" 200 151
172.17.0.103 - - [17/Dec/2020:10:08:33 +0800] "GET /xingrg/all/common/auto_word.html?type=employee&rest_code=00147 HTTP/1.1" 200 151
172.17.0.103 - - [17/Dec/2020:10:08:33 +0800] "GET /xingrg/javascript/easyui/themes/default/validatebox.css HTTP/1.1" 404 1104
172.17.0.103 - - [17/Dec/2020:10:08:33 +0800] "POST /xingrg/kc/buy/cgsh_order_operate.html HTTP/1.1" 200 8245
180.174.56.115 - - [17/Dec/2020:10:08:33 +0800] "POST /xingrg/kc/base/wldb_order_operate.html HTTP/1.1" 200 12
180.174.56.115 - - [17/Dec/2020:10:08:33 +0800] "POST /xingrg/kc/base/wldb_order_operate.html HTTP/1.1" 200 2179
101.85.52.2 - - [17/Dec/2020:10:08:33 +0800] "GET /xingrg/kc/print/load_data.html?order_code=212020121706518&kc_code=cgsh&condition= HTTP/1.1" 200 1182
180.162.223.42 - - [17/Dec/2020:10:08:34 +0800] "GET /xingrg/check_reg.html?_=1608170915299 HTTP/1.1" 200 22
180.162.223.42 - - [17/Dec/2020:10:08:34 +0800] "GET /xingrg/all/function/internal_message.html?_=1608170915303&CODE_STATE=getMsg HTTP/1.1" 200 27
114.88.159.147 - - [17/Dec/2020:10:08:36 +0800] "GET /xingrg/all/function/internal_message.html?_=1608170487482&CODE_STATE=getMsg HTTP/1.1" 200 27
180.174.56.115 - - [17/Dec/2020:10:08:36 +0800] "GET /xingrg/kc/base/wldb_order_info.html?code=422020121701860 HTTP/1.1" 200 26388
101.85.52.2 - - [17/Dec/2020:10:08:36 +0800] "GET /xingrg/all/function/internal_message.html?_=1608170908104&CODE_STATE=getMsg HTTP/1.1" 200 27
180.174.56.115 - - [17/Dec/2020:10:08:37 +0800] "GET /xingrg/javascript/easyui/themes/default/validatebox.css HTTP/1.1" 404 1104
180.174.56.115 - - [17/Dec/2020:10:08:37 +0800] "POST /xingrg/kc/base/wldb_order_operate.html HTTP/1.1" 200 473
180.174.56.115 - - [17/Dec/2020:10:08:37 +0800] "GET /xingrg/all/function/internal_message.html?_=1608170918732&CODE_STATE=getMsg HTTP/1.1" 200 27
101.85.52.2 - - [17/Dec/2020:10:08:38 +0800] "GET /xingrg/kc/buy/cgsh_order_add.html HTTP/1.1" 200 60021
101.85.52.2 - - [17/Dec/2020:10:08:38 +0800] "POST /xingrg/kc/buy/cgsh_order_operate.html HTTP/1.1" 200 8245
101.85.52.2 - - [17/Dec/2020:10:08:38 +0800] "GET /xingrg/javascript/easyui/themes/default/validatebox.css HTTP/1.1" 404 1104
222.69.133.29 - - [17/Dec/2020:10:08:38 +0800] "GET /xingrg/all/function/internal_message.html?_=1608170914367&CODE_STATE=getMsg HTTP/1.1" 200 27
172.17.200.101 - - [17/Dec/2020:10:08:39 +0800] "GET /xingrg/all/function/internal_message.html?_=1608170920032&CODE_STATE=getMsg HTTP/1.1" 200 27
117.184.7.26 - - [17/Dec/2020:10:08:41 +0800] "GET /xingrg/kc/buy/cgsh_order_operate.html?command=get_materiel&rest_code=00108&code=00101008213&supplier_code=00100008&order_time=2020-12-17 HTTP/1.1" 200 412
117.184.7.26 - - [17/Dec/2020:10:08:41 +0800] "GET /xingrg/all/function/internal_message.html?_=1608170912166&CODE_STATE=getMsg HTTP/1.1" 200 27
58.40.7.146 - - [17/Dec/2020:10:08:42 +0800] "GET /xingrg/all/function/internal_message.html?_=1608170920093&CODE_STATE=getMsg HTTP/1.1" 200 27
58.40.7.146 - - [17/Dec/2020:10:08:42 +0800] "GET /xingrg/check_reg.html?_=1608170920095 HTTP/1.1" 200 22
116.230.106.194 - - [17/Dec/2020:10:08:45 +0800] "GET /xingrg/all/function/internal_message.html?_=1608170923022&CODE_STATE=getMsg HTTP/1.1" 200 27
117.184.7.26 - - [17/Dec/2020:10:08:50 +0800] "GET /xingrg/kc/buy/cgsh_order_operate.html?command=get_materiel&rest_code=00108&code=00101008313&supplier_code=00100008&order_time=2020-12-17 HTTP/1.1" 200 412
172.17.0.120 - - [17/Dec/2020:10:08:52 +0800] "GET /xingrg/all/function/internal_message.html?_=1608170929712&CODE_STATE=getMsg HTTP/1.1" 200 27
172.17.0.103 - - [17/Dec/2020:10:08:52 +0800] "GET /xingrg/javascript/auto/indicator.gif HTTP/1.1" 404 1066
101.85.52.2 - - [17/Dec/2020:10:08:54 +0800] "GET /xingrg/kc/buy/cgsh_order_operate.html?command=get_materiel&rest_code=00145&code=00101009023&supplier_code=00100175&order_time=2020-12-13 HTTP/1.1" 200 408
172.17.0.103 - - [17/Dec/2020:10:08:56 +0800] "GET /xingrg/javascript/jquery_tools/images/prev.gif HTTP/1.1" 404 1086
172.17.0.103 - - [17/Dec/2020:10:08:56 +0800] "GET /xingrg/javascript/jquery_tools/images/next.gif HTTP/1.1" 404 1086
117.184.7.26 - - [17/Dec/2020:10:08:57 +0800] "POST /xingrg/kc/buy/cgsh_order_operate.html HTTP/1.1" 200 2065
117.131.5.26 - - [17/Dec/2020:10:08:58 +0800] "GET /xingrg/all/function/internal_message.html?_=1608171265603&CODE_STATE=getMsg HTTP/1.1" 200 27
101.85.52.2 - - [17/Dec/2020:10:08:59 +0800] "POST /xingrg/kc/buy/cgsh_order_operate.html HTTP/1.1" 200 37
101.85.52.2 - - [17/Dec/2020:10:09:00 +0800] "POST /xingrg/kc/buy/cgsh_order_operate.html HTTP/1.1" 200 2652
114.88.161.120 - - [17/Dec/2020:10:09:00 +0800] "GET /xingrg/check_reg.html?_=1608171075923 HTTP/1.1" 200 22
172.17.0.103 - - [17/Dec/2020:10:09:01 +0800] "GET /xingrg/all/function/internal_message.html?_=1608170940771&CODE_STATE=getMsg HTTP/1.1" 200 27
101.85.52.2 - - [17/Dec/2020:10:09:01 +0800] "GET /xingrg/kc/print/load_data.html?order_code=212020121706519&kc_code=cgsh&condition= HTTP/1.1" 200 683
117.184.7.26 - - [17/Dec/2020:10:09:02 +0800] "GET /xingrg/kc/buy/cgsh_order_operate.html?command=get_materiel&rest_code=00108&code=00101008100&supplier_code=00100008&order_time=2020-12-17 HTTP/1.1" 200 408
116.230.147.136 - - [17/Dec/2020:10:09:05 +0800] "GET /xingrg/all/function/internal_message.html?_=1608170939095&CODE_STATE=getMsg HTTP/1.1" 200 27
117.185.32.26 - - [17/Dec/2020:10:09:06 +0800] "POST /xingrg/services/DataTransmitService HTTP/1.1" 200 524
180.157.253.48 - - [17/Dec/2020:10:09:07 +0800] "GET /xingrg/check_reg.html?_=1608170951444 HTTP/1.1" 200 22
101.85.52.2 - - [17/Dec/2020:10:09:07 +0800] "GET /xingrg/kc/buy/cgsh_order_add.html HTTP/1.1" 200 60021
101.85.52.2 - - [17/Dec/2020:10:09:07 +0800] "POST /xingrg/kc/buy/cgsh_order_operate.html HTTP/1.1" 200 8245
101.85.52.2 - - [17/Dec/2020:10:09:07 +0800] "GET /xingrg/javascript/easyui/themes/default/validatebox.css HTTP/1.1" 404 1104
180.157.253.48 - - [17/Dec/2020:10:09:08 +0800] "GET /xingrg/all/function/internal_message.html?_=1608170952684&CODE_STATE=getMsg HTTP/1.1" 200 27
172.17.0.103 - - [17/Dec/2020:10:09:11 +0800] "GET /xingrg/kc/buy/cgsh_order_operate.html?command=get_materiel&rest_code=00147&code=00101029003&supplier_code=00100017&order_time=2020-12-17 HTTP/1.1" 200 475
114.88.159.147 - - [17/Dec/2020:10:09:12 +0800] "GET /xingrg/all/function/internal_message.html?_=1608170961138&CODE_STATE=getMsg HTTP/1.1" 200 27
117.184.7.26 - - [17/Dec/2020:10:09:13 +0800] "GET /xingrg/kc/buy/cgsh_order_operate.html?command=get_materiel&rest_code=00108&code=00101008298&supplier_code=00100008&order_time=2020-12-17 HTTP/1.1" 200 413
116.230.118.184 - - [17/Dec/2020:10:09:18 +0800] "GET /xingrg/all/function/internal_message.html?_=1608170954025&CODE_STATE=getMsg HTTP/1.1" 200 27
180.152.104.37 - - [17/Dec/2020:10:09:18 +0800] "GET /xingrg/check_reg.html?_=1608171188404 HTTP/1.1" 200 22
180.174.56.115 - - [17/Dec/2020:10:09:21 +0800] "POST /xingrg/services/DataTransmitService HTTP/1.1" 200 524
180.174.56.115 - - [17/Dec/2020:10:09:22 +0800] "GET /xingrg/check_reg.html?_=1608170921905 HTTP/1.1" 200 22
180.174.56.115 - - [17/Dec/2020:10:09:23 +0800] "GET /xingrg/all/function/internal_message.html?_=1608170922570&CODE_STATE=getMsg HTTP/1.1" 200 27
114.88.161.120 - - [17/Dec/2020:10:09:23 +0800] "GET /xingrg/all/function/internal_message.html?_=1608171099464&CODE_STATE=getMsg HTTP/1.1" 200 27
117.184.7.26 - - [17/Dec/2020:10:09:27 +0800] "GET /xingrg/kc/buy/cgsh_order_operate.html?command=get_materiel&rest_code=00108&code=00101013021&supplier_code=00100008&order_time=2020-12-17 HTTP/1.1" 200 412
101.85.52.2 - - [17/Dec/2020:10:09:28 +0800] "GET /xingrg/kc/buy/cgsh_order_operate.html?command=get_materiel&rest_code=00145&code=00101027042&supplier_code=00100154&order_time=2020-12-13 HTTP/1.1" 200 460
101.85.52.2 - - [17/Dec/2020:10:09:30 +0800] "POST /xingrg/all/common/load_select.html HTTP/1.1" 200 25
180.152.104.37 - - [17/Dec/2020:10:09:31 +0800] "GET /xingrg/all/function/internal_message.html?_=1608171200860&CODE_STATE=getMsg HTTP/1.1" 200 27
180.162.223.42 - - [17/Dec/2020:10:09:34 +0800] "GET /xingrg/all/function/internal_message.html?_=1608170975287&CODE_STATE=getMsg HTTP/1.1" 200 27
114.88.159.147 - - [17/Dec/2020:10:09:36 +0800] "GET /xingrg/all/function/internal_message.html?_=1608170547479&CODE_STATE=getMsg HTTP/1.1" 200 27
101.85.52.2 - - [17/Dec/2020:10:09:36 +0800] "GET /xingrg/all/function/internal_message.html?_=1608170968114&CODE_STATE=getMsg HTTP/1.1" 200 27
101.85.52.2 - - [17/Dec/2020:10:09:36 +0800] "GET /xingrg/kc/buy/cgsh_order_operate.html?command=get_materiel_price&rest_code=00145&code=00101027042&unit_code=00100157&supplier_code=00100154&order_time=2020-12-13 HTTP/1.1" 200 29
180.174.56.115 - - [17/Dec/2020:10:09:37 +0800] "GET /xingrg/all/function/internal_message.html?_=1608170978727&CODE_STATE=getMsg HTTP/1.1" 200 27
117.184.7.26 - - [17/Dec/2020:10:09:37 +0800] "GET /xingrg/kc/buy/cgsh_order_operate.html?command=get_materiel&rest_code=00108&code=00101008348&supplier_code=00100008&order_time=2020-12-17 HTTP/1.1" 200 413
222.69.133.29 - - [17/Dec/2020:10:09:38 +0800] "GET /xingrg/all/function/internal_message.html?_=1608170974337&CODE_STATE=getMsg HTTP/1.1" 200 27
172.17.200.101 - - [17/Dec/2020:10:09:39 +0800] "GET /xingrg/all/function/internal_message.html?_=1608170980034&CODE_STATE=getMsg HTTP/1.1" 200 27
172.17.200.101 - - [17/Dec/2020:10:09:39 +0800] "GET /xingrg/check_reg.html?_=1608170980039 HTTP/1.1" 200 22
117.184.7.26 - - [17/Dec/2020:10:09:40 +0800] "POST /xingrg/kc/buy/cgsh_order_operate.html HTTP/1.1" 200 2065
117.184.7.26 - - [17/Dec/2020:10:09:41 +0800] "GET /xingrg/check_reg.html?_=1608170972165 HTTP/1.1" 200 22
117.184.7.26 - - [17/Dec/2020:10:09:41 +0800] "GET /xingrg/all/function/internal_message.html?_=1608170972167&CODE_STATE=getMsg HTTP/1.1" 200 27
58.40.7.146 - - [17/Dec/2020:10:09:42 +0800] "GET /xingrg/all/function/internal_message.html?_=1608170980097&CODE_STATE=getMsg HTTP/1.1" 200 27
116.230.106.194 - - [17/Dec/2020:10:09:45 +0800] "GET /xingrg/all/function/internal_message.html?_=1608170983029&CODE_STATE=getMsg HTTP/1.1" 200 27
117.131.5.26 - - [17/Dec/2020:10:09:50 +0800] "GET /xingrg/check_reg.html?_=1608171317705 HTTP/1.1" 200 22
101.85.52.2 - - [17/Dec/2020:10:09:50 +0800] "POST /xingrg/kc/buy/cgsh_order_operate.html HTTP/1.1" 200 37
172.17.0.120 - - [17/Dec/2020:10:09:52 +0800] "GET /xingrg/all/function/internal_message.html?_=1608170989717&CODE_STATE=getMsg HTTP/1.1" 200 27
101.85.52.2 - - [17/Dec/2020:10:09:53 +0800] "POST /xingrg/kc/buy/cgsh_order_operate.html HTTP/1.1" 200 2682
101.85.52.2 - - [17/Dec/2020:10:09:55 +0800] "GET /xingrg/kc/print/load_data.html?order_code=212020121706520&kc_code=cgsh&condition= HTTP/1.1" 200 717
117.184.7.26 - - [17/Dec/2020:10:09:56 +0800] "GET /xingrg/kc/buy/cgsh_order_operate.html?command=get_materiel&rest_code=00108&code=00101008134&supplier_code=00100008&order_time=2020-12-17 HTTP/1.1" 200 412
117.131.5.26 - - [17/Dec/2020:10:09:58 +0800] "GET /xingrg/all/function/internal_message.html?_=1608171325609&CODE_STATE=getMsg HTTP/1.1" 200 27
172.17.0.103 - - [17/Dec/2020:10:10:01 +0800] "GET /xingrg/all/function/internal_message.html?_=1608171000782&CODE_STATE=getMsg HTTP/1.1" 200 27
101.85.52.2 - - [17/Dec/2020:10:10:01 +0800] "GET /xingrg/kc/buy/cgsh_order_add.html HTTP/1.1" 200 60021
101.85.52.2 - - [17/Dec/2020:10:10:01 +0800] "POST /xingrg/kc/buy/cgsh_order_operate.html HTTP/1.1" 200 8245
101.85.52.2 - - [17/Dec/2020:10:10:01 +0800] "GET /xingrg/javascript/easyui/themes/default/validatebox.css HTTP/1.1" 404 1104
172.17.0.103 - - [17/Dec/2020:10:10:04 +0800] "POST /xingrg/all/common/load_select.html HTTP/1.1" 200 25
116.230.147.136 - - [17/Dec/2020:10:10:05 +0800] "GET /xingrg/all/function/internal_message.html?_=1608170999066&CODE_STATE=getMsg HTTP/1.1" 200 27
117.184.7.26 - - [17/Dec/2020:10:10:07 +0800] "POST /xingrg/kc/buy/cgsh_order_operate.html HTTP/1.1" 200 37
180.157.253.48 - - [17/Dec/2020:10:10:08 +0800] "GET /xingrg/all/function/internal_message.html?_=1608171012698&CODE_STATE=getMsg HTTP/1.1" 200 27
172.17.0.103 - - [17/Dec/2020:10:10:08 +0800] "GET /xingrg/kc/buy/cgsh_order_operate.html?command=get_materiel_price&rest_code=00147&code=00101029003&unit_code=00100179&supplier_code=00100017&order_time=2020-12-17 HTTP/1.1" 200 29
101.85.52.2 - - [17/Dec/2020:10:10:10 +0800] "GET /xingrg/kc/buy/cgsh_order_operate.html?command=get_materiel&rest_code=00145&code=00101008024&supplier_code=00100007&order_time=2020-12-13 HTTP/1.1" 200 408
114.88.159.147 - - [17/Dec/2020:10:10:12 +0800] "GET /xingrg/all/function/internal_message.html?_=1608171021117&CODE_STATE=getMsg HTTP/1.1" 200 27
101.85.52.2 - - [17/Dec/2020:10:10:17 +0800] "GET /xingrg/kc/buy/cgsh_order_operate.html?command=get_materiel&rest_code=00145&code=00101008355&supplier_code=00100007&order_time=2020-12-13 HTTP/1.1" 200 408
116.230.118.184 - - [17/Dec/2020:10:10:18 +0800] "GET /xingrg/all/function/internal_message.html?_=1608171014247&CODE_STATE=getMsg HTTP/1.1" 200 27
117.184.7.26 - - [17/Dec/2020:10:10:19 +0800] "POST /xingrg/kc/buy/cgsh_order_operate.html HTTP/1.1" 200 19792
116.230.147.136 - - [17/Dec/2020:10:10:20 +0800] "GET /xingrg/kc/buy/buy_main.html HTTP/1.1" 200 12412
116.230.147.136 - - [17/Dec/2020:10:10:20 +0800] "GET /xingrg/css/new_ie.css HTTP/1.1" 404 1036
116.230.147.136 - - [17/Dec/2020:10:10:22 +0800] "GET /xingrg/kc/buy/cgsh_order_list.html HTTP/1.1" 200 45171
180.174.56.115 - - [17/Dec/2020:10:10:23 +0800] "GET /xingrg/all/function/internal_message.html?_=1608170982584&CODE_STATE=getMsg HTTP/1.1" 200 27
114.88.161.120 - - [17/Dec/2020:10:10:23 +0800] "GET /xingrg/all/function/internal_message.html?_=1608171159440&CODE_STATE=getMsg HTTP/1.1" 200 27
116.230.147.136 - - [17/Dec/2020:10:10:24 +0800] "POST /xingrg/kc/buy/cgsh_list_operate.html HTTP/1.1" 200 2384
101.85.52.2 - - [17/Dec/2020:10:10:24 +0800] "GET /xingrg/kc/buy/cgsh_order_operate.html?command=get_materiel&rest_code=00145&code=00101008356&supplier_code=00100007&order_time=2020-12-13 HTTP/1.1" 200 408
116.230.147.136 - - [17/Dec/2020:10:10:27 +0800] "GET /xingrg/kc/buy/cgsh_order_add.html HTTP/1.1" 200 60990
116.230.147.136 - - [17/Dec/2020:10:10:28 +0800] "GET /xingrg/javascript/easyui/themes/default/validatebox.css HTTP/1.1" 404 1104
116.230.147.136 - - [17/Dec/2020:10:10:28 +0800] "POST /xingrg/kc/buy/cgsh_order_operate.html HTTP/1.1" 200 8245
180.152.104.37 - - [17/Dec/2020:10:10:31 +0800] "GET /xingrg/all/function/internal_message.html?_=1608171260875&CODE_STATE=getMsg HTTP/1.1" 200 27
101.85.52.2 - - [17/Dec/2020:10:10:31 +0800] "GET /xingrg/kc/buy/cgsh_order_operate.html?command=get_materiel&rest_code=00145&code=00101008361&supplier_code=00100007&order_time=2020-12-13 HTTP/1.1" 200 408
180.162.223.42 - - [17/Dec/2020:10:10:34 +0800] "GET /xingrg/all/function/internal_message.html?_=1608171035288&CODE_STATE=getMsg HTTP/1.1" 200 27
114.88.159.147 - - [17/Dec/2020:10:10:36 +0800] "GET /xingrg/all/function/internal_message.html?_=1608170607479&CODE_STATE=getMsg HTTP/1.1" 200 27
101.85.52.2 - - [17/Dec/2020:10:10:36 +0800] "GET /xingrg/all/function/internal_message.html?_=1608171028099&CODE_STATE=getMsg HTTP/1.1" 200 27
180.174.56.115 - - [17/Dec/2020:10:10:37 +0800] "GET /xingrg/all/function/internal_message.html?_=1608171038727&CODE_STATE=getMsg HTTP/1.1" 200 27
172.17.0.123 - - [17/Dec/2020:10:10:37 +0800] "GET /xingrg/check_reg.html?_=1608170953692 HTTP/1.1" 200 22
172.17.0.123 - - [17/Dec/2020:10:10:37 +0800] "GET /xingrg/check_reg.html?_=1608170953700 HTTP/1.1" 200 22
222.69.133.29 - - [17/Dec/2020:10:10:38 +0800] "GET /xingrg/all/function/internal_message.html?_=1608171034322&CODE_STATE=getMsg HTTP/1.1" 200 27
101.85.52.2 - - [17/Dec/2020:10:10:39 +0800] "GET /xingrg/kc/buy/cgsh_order_operate.html?command=get_materiel&rest_code=00145&code=00101008205&supplier_code=00100007&order_time=2020-12-13 HTTP/1.1" 200 412
172.17.200.101 - - [17/Dec/2020:10:10:39 +0800] "GET /xingrg/all/function/internal_message.html?_=1608171040041&CODE_STATE=getMsg HTTP/1.1" 200 27
172.17.0.103 - - [17/Dec/2020:10:10:40 +0800] "GET /xingrg/kc/buy/cgsh_order_operate.html?command=get_materiel&rest_code=00147&code=00101029033&supplier_code=00100017&order_time=2020-12-17 HTTP/1.1" 200 454
117.184.7.26 - - [17/Dec/2020:10:10:41 +0800] "GET /xingrg/all/function/internal_message.html?_=1608171032165&CODE_STATE=getMsg HTTP/1.1" 200 27
58.40.7.146 - - [17/Dec/2020:10:10:42 +0800] "GET /xingrg/all/function/internal_message.html?_=1608171040100&CODE_STATE=getMsg HTTP/1.1" 200 27
172.17.0.103 - - [17/Dec/2020:10:10:43 +0800] "POST /xingrg/all/common/load_select.html HTTP/1.1" 200 25
116.230.106.194 - - [17/Dec/2020:10:10:45 +0800] "GET /xingrg/check_reg.html?_=1608171043017 HTTP/1.1" 200 22
116.230.106.194 - - [17/Dec/2020:10:10:45 +0800] "GET /xingrg/all/function/internal_message.html?_=1608171043018&CODE_STATE=getMsg HTTP/1.1" 200 27
172.17.0.103 - - [17/Dec/2020:10:10:46 +0800] "GET /xingrg/kc/buy/cgsh_order_operate.html?command=get_materiel_price&rest_code=00147&code=00101029033&unit_code=00100179&supplier_code=00100017&order_time=2020-12-17 HTTP/1.1" 200 30
101.85.52.2 - - [17/Dec/2020:10:10:47 +0800] "GET /xingrg/kc/buy/cgsh_order_operate.html?command=get_materiel&rest_code=00145&code=00101008372&supplier_code=00100007&order_time=2020-12-13 HTTP/1.1" 200 408
172.17.0.120 - - [17/Dec/2020:10:10:52 +0800] "GET /xingrg/all/function/internal_message.html?_=1608171049702&CODE_STATE=getMsg HTTP/1.1" 200 27
222.69.133.29 - - [17/Dec/2020:10:10:53 +0800] "GET /xingrg/kc/buy/cgsh_order_add.html HTTP/1.1" 200 60955
222.69.133.29 - - [17/Dec/2020:10:10:53 +0800] "POST /xingrg/kc/buy/cgsh_order_operate.html HTTP/1.1" 200 8245
222.69.133.29 - - [17/Dec/2020:10:10:53 +0800] "GET /xingrg/javascript/easyui/themes/default/validatebox.css HTTP/1.1" 404 1104
117.131.5.26 - - [17/Dec/2020:10:10:58 +0800] "GET /xingrg/all/function/internal_message.html?_=1608171385626&CODE_STATE=getMsg HTTP/1.1" 200 27
172.17.0.103 - - [17/Dec/2020:10:11:01 +0800] "GET /xingrg/check_reg.html?_=1608171060791 HTTP/1.1" 200 22
172.17.0.103 - - [17/Dec/2020:10:11:01 +0800] "GET /xingrg/all/function/internal_message.html?_=1608171060793&CODE_STATE=getMsg HTTP/1.1" 200 27
222.69.133.29 - - [17/Dec/2020:10:11:03 +0800] "GET /xingrg/kc/buy/cgsh_order_operate.html?command=get_materiel&rest_code=00149&code=00101004011&supplier_code=00100083&order_time=2020-12-17 HTTP/1.1" 200 434
101.85.52.2 - - [17/Dec/2020:10:11:03 +0800] "GET /xingrg/kc/buy/cgsh_order_operate.html?command=get_materiel&rest_code=00145&code=00101008370&supplier_code=00100007&order_time=2020-12-13 HTTP/1.1" 200 412
116.230.147.136 - - [17/Dec/2020:10:11:04 +0800] "GET /xingrg/check_reg.html?_=1608171058851 HTTP/1.1" 200 22
116.230.147.136 - - [17/Dec/2020:10:11:05 +0800] "GET /xingrg/all/function/internal_message.html?_=1608171059056&CODE_STATE=getMsg HTTP/1.1" 200 27
180.157.253.48 - - [17/Dec/2020:10:11:08 +0800] "GET /xingrg/all/function/internal_message.html?_=1608171072711&CODE_STATE=getMsg HTTP/1.1" 200 27
114.88.159.147 - - [17/Dec/2020:10:11:12 +0800] "GET /xingrg/all/function/internal_message.html?_=1608171081096&CODE_STATE=getMsg HTTP/1.1" 200 27
116.230.118.184 - - [17/Dec/2020:10:11:12 +0800] "GET /xingrg/check_reg.html?_=1608171068564 HTTP/1.1" 200 22
101.85.52.2 - - [17/Dec/2020:10:11:13 +0800] "GET /xingrg/kc/buy/cgsh_order_operate.html?command=get_materiel&rest_code=00145&code=00101016057&supplier_code=00100007&order_time=2020-12-13 HTTP/1.1" 200 408
116.230.118.184 - - [17/Dec/2020:10:11:18 +0800] "GET /xingrg/all/function/internal_message.html?_=1608171074256&CODE_STATE=getMsg HTTP/1.1" 200 27
172.17.0.103 - - [17/Dec/2020:10:11:22 +0800] "GET /xingrg/kc/buy/cgsh_order_operate.html?command=get_materiel&rest_code=00147&code=00101029017&supplier_code=00100017&order_time=2020-12-17 HTTP/1.1" 200 467
180.174.56.115 - - [17/Dec/2020:10:11:23 +0800] "GET /xingrg/all/function/internal_message.html?_=1608171042598&CODE_STATE=getMsg HTTP/1.1" 200 27
114.88.161.120 - - [17/Dec/2020:10:11:23 +0800] "GET /xingrg/all/function/internal_message.html?_=1608171219408&CODE_STATE=getMsg HTTP/1.1" 200 27
58.40.7.146 - - [17/Dec/2020:10:11:30 +0800] "GET /xingrg/javascript/jquery_easy_ui/themes/default/images/tabs_active.png HTTP/1.1" 200 2894
180.152.104.37 - - [17/Dec/2020:10:11:32 +0800] "GET /xingrg/all/function/internal_message.html?_=1608171321285&CODE_STATE=getMsg HTTP/1.1" 200 27
172.17.0.103 - - [17/Dec/2020:10:11:32 +0800] "POST /xingrg/all/common/load_select.html HTTP/1.1" 200 25
180.162.223.42 - - [17/Dec/2020:10:11:34 +0800] "GET /xingrg/all/function/internal_message.html?_=1608171095288&CODE_STATE=getMsg HTTP/1.1" 200 27
180.152.104.37 - - [17/Dec/2020:10:11:35 +0800] "POST /xingrg/kc/buy/cgsh_list_operate.html HTTP/1.1" 200 5747
114.88.159.147 - - [17/Dec/2020:10:11:36 +0800] "GET /xingrg/all/function/internal_message.html?_=1608170667484&CODE_STATE=getMsg HTTP/1.1" 200 27
172.17.0.103 - - [17/Dec/2020:10:11:36 +0800] "GET /xingrg/kc/buy/cgsh_order_operate.html?command=get_materiel_price&rest_code=00147&code=00101029017&unit_code=00100179&supplier_code=00100017&order_time=2020-12-17 HTTP/1.1" 200 29
101.85.52.2 - - [17/Dec/2020:10:11:36 +0800] "GET /xingrg/all/function/internal_message.html?_=1608171088121&CODE_STATE=getMsg HTTP/1.1" 200 27
101.85.52.2 - - [17/Dec/2020:10:11:36 +0800] "GET /xingrg/check_reg.html?_=1608171088127 HTTP/1.1" 200 22
180.174.56.115 - - [17/Dec/2020:10:11:37 +0800] "GET /xingrg/all/function/internal_message.html?_=1608171098732&CODE_STATE=getMsg HTTP/1.1" 200 27
222.69.133.29 - - [17/Dec/2020:10:11:38 +0800] "GET /xingrg/all/function/internal_message.html?_=1608171094303&CODE_STATE=getMsg HTTP/1.1" 200 27
222.69.133.29 - - [17/Dec/2020:10:11:38 +0800] "GET /xingrg/kc/buy/cgsh_order_operate.html?command=get_materiel&rest_code=00149&code=00101004067&supplier_code=00100083&order_time=2020-12-17 HTTP/1.1" 200 413
172.17.200.101 - - [17/Dec/2020:10:11:39 +0800] "GET /xingrg/all/function/internal_message.html?_=1608171100028&CODE_STATE=getMsg HTTP/1.1" 200 27
117.184.7.26 - - [17/Dec/2020:10:11:41 +0800] "GET /xingrg/all/function/internal_message.html?_=1608171092161&CODE_STATE=getMsg HTTP/1.1" 200 27
58.40.7.146 - - [17/Dec/2020:10:11:42 +0800] "GET /xingrg/all/function/internal_message.html?_=1608171100110&CODE_STATE=getMsg HTTP/1.1" 200 27
116.230.106.194 - - [17/Dec/2020:10:11:45 +0800] "GET /xingrg/all/function/internal_message.html?_=1608171103020&CODE_STATE=getMsg HTTP/1.1" 200 27
172.17.0.120 - - [17/Dec/2020:10:11:52 +0800] "GET /xingrg/all/function/internal_message.html?_=1608171109703&CODE_STATE=getMsg HTTP/1.1" 200 27
222.69.133.29 - - [17/Dec/2020:10:11:53 +0800] "GET /xingrg/kc/buy/cgsh_order_operate.html?command=get_materiel&rest_code=00149&code=00101004048&supplier_code=00100083&order_time=2020-12-17 HTTP/1.1" 200 417
117.131.5.26 - - [17/Dec/2020:10:11:58 +0800] "GET /xingrg/all/function/internal_message.html?_=1608171446312&CODE_STATE=getMsg HTTP/1.1" 200 27
172.17.0.103 - - [17/Dec/2020:10:12:01 +0800] "GET /xingrg/all/function/internal_message.html?_=1608171120822&CODE_STATE=getMsg HTTP/1.1" 200 27
116.230.147.136 - - [17/Dec/2020:10:12:05 +0800] "GET /xingrg/all/function/internal_message.html?_=1608171119035&CODE_STATE=getMsg HTTP/1.1" 200 27
222.69.133.29 - - [17/Dec/2020:10:12:05 +0800] "GET /xingrg/kc/buy/cgsh_order_operate.html?command=get_materiel&rest_code=00149&code=00101004030&supplier_code=00100083&order_time=2020-12-17 HTTP/1.1" 200 408
172.17.0.103 - - [17/Dec/2020:10:12:06 +0800] "GET /xingrg/kc/buy/cgsh_order_operate.html?command=get_materiel&rest_code=00147&code=00101028011&supplier_code=00100017&order_time=2020-12-17 HTTP/1.1" 200 475
180.157.253.48 - - [17/Dec/2020:10:12:08 +0800] "GET /xingrg/all/function/internal_message.html?_=1608171132956&CODE_STATE=getMsg HTTP/1.1" 200 27
172.17.0.103 - - [17/Dec/2020:10:12:10 +0800] "POST /xingrg/all/common/load_select.html HTTP/1.1" 200 25
114.88.159.147 - - [17/Dec/2020:10:12:12 +0800] "GET /xingrg/all/function/internal_message.html?_=1608171141080&CODE_STATE=getMsg HTTP/1.1" 200 27
172.17.0.103 - - [17/Dec/2020:10:12:13 +0800] "GET /xingrg/kc/buy/cgsh_order_operate.html?command=get_materiel_price&rest_code=00147&code=00101028011&unit_code=00100156&supplier_code=00100017&order_time=2020-12-17 HTTP/1.1" 200 29
222.69.133.29 - - [17/Dec/2020:10:12:15 +0800] "GET /xingrg/kc/buy/cgsh_order_operate.html?command=get_materiel&rest_code=00149&code=00101004090&supplier_code=00100083&order_time=2020-12-17 HTTP/1.1" 200 412
172.17.0.103 - - [17/Dec/2020:10:12:17 +0800] "GET /xingrg/kc/buy/cgsh_order_operate.html?command=get_materiel_price&rest_code=00147&code=00101028011&unit_code=00100157&supplier_code=00100017&order_time=2020-12-17 HTTP/1.1" 200 29
116.230.118.184 - - [17/Dec/2020:10:12:18 +0800] "GET /xingrg/all/function/internal_message.html?_=1608171134269&CODE_STATE=getMsg HTTP/1.1" 200 27
101.85.52.2 - - [17/Dec/2020:10:12:18 +0800] "GET /xingrg/kc/buy/cgsh_order_operate.html?command=get_materiel&rest_code=00145&code=00101008092&supplier_code=00100007&order_time=2020-12-13 HTTP/1.1" 200 412
180.174.56.115 - - [17/Dec/2020:10:12:23 +0800] "GET /xingrg/all/function/internal_message.html?_=1608171102634&CODE_STATE=getMsg HTTP/1.1" 200 27
222.69.133.29 - - [17/Dec/2020:10:12:23 +0800] "POST /xingrg/kc/buy/cgsh_order_operate.html HTTP/1.1" 200 37
114.88.161.120 - - [17/Dec/2020:10:12:23 +0800] "GET /xingrg/all/function/internal_message.html?_=1608171279375&CODE_STATE=getMsg HTTP/1.1" 200 27
116.230.147.136 - - [17/Dec/2020:10:12:26 +0800] "GET /xingrg/javascript/easyui/themes/default/tree.css HTTP/1.1" 404 1090
116.230.147.136 - - [17/Dec/2020:10:12:26 +0800] "POST /xingrg/all/common/load_tree.html?tree=supplier_tree_json&isDelete=1 HTTP/1.1" 200 52465
101.85.52.2 - - [17/Dec/2020:10:12:28 +0800] "GET /xingrg/kc/buy/cgsh_order_operate.html?command=get_materiel&rest_code=00145&code=00101015070&supplier_code=00100007&order_time=2020-12-13 HTTP/1.1" 200 412
222.69.133.29 - - [17/Dec/2020:10:12:28 +0800] "POST /xingrg/kc/buy/cgsh_order_operate.html HTTP/1.1" 200 12
222.69.133.29 - - [17/Dec/2020:10:12:29 +0800] "GET /xingrg/kc/buy/cgsh_order_info.html?code=212020121706522 HTTP/1.1" 200 55856
222.69.133.29 - - [17/Dec/2020:10:12:29 +0800] "GET /xingrg/javascript/easyui/themes/default/validatebox.css HTTP/1.1" 404 1104
222.69.133.29 - - [17/Dec/2020:10:12:30 +0800] "POST /xingrg/kc/buy/cgsh_order_operate.html HTTP/1.1" 200 2984
222.69.133.29 - - [17/Dec/2020:10:12:31 +0800] "GET /xingrg/kc/print/load_data.html?order_code=212020121706522&kc_code=cgsh&condition= HTTP/1.1" 200 1628
180.152.104.37 - - [17/Dec/2020:10:12:31 +0800] "GET /xingrg/all/function/internal_message.html?_=1608171381291&CODE_STATE=getMsg HTTP/1.1" 200 27
101.85.52.2 - - [17/Dec/2020:10:12:33 +0800] "GET /xingrg/kc/buy/cgsh_order_operate.html?command=get_materiel&rest_code=00145&code=00101008261&supplier_code=00100007&order_time=2020-12-13 HTTP/1.1" 200 408
180.162.223.42 - - [17/Dec/2020:10:12:34 +0800] "GET /xingrg/all/function/internal_message.html?_=1608171155290&CODE_STATE=getMsg HTTP/1.1" 200 27
114.88.159.147 - - [17/Dec/2020:10:12:36 +0800] "GET /xingrg/all/function/internal_message.html?_=1608170727487&CODE_STATE=getMsg HTTP/1.1" 200 27
172.17.0.103 - - [17/Dec/2020:10:12:36 +0800] "GET /xingrg/kc/buy/cgsh_order_operate.html?command=get_materiel&rest_code=00147&code=00101028008&supplier_code=00100017&order_time=2020-12-17 HTTP/1.1" 200 449
101.85.52.2 - - [17/Dec/2020:10:12:36 +0800] "GET /xingrg/all/function/internal_message.html?_=1608171148100&CODE_STATE=getMsg HTTP/1.1" 200 27
180.174.56.115 - - [17/Dec/2020:10:12:37 +0800] "GET /xingrg/check_reg.html?_=1608171158731 HTTP/1.1" 200 22
180.174.56.115 - - [17/Dec/2020:10:12:37 +0800] "GET /xingrg/all/function/internal_message.html?_=1608171158736&CODE_STATE=getMsg HTTP/1.1" 200 27
222.69.133.29 - - [17/Dec/2020:10:12:38 +0800] "GET /xingrg/kc/buy/cgsh_order_add.html HTTP/1.1" 200 60955
222.69.133.29 - - [17/Dec/2020:10:12:38 +0800] "POST /xingrg/kc/buy/cgsh_order_operate.html HTTP/1.1" 200 8245
222.69.133.29 - - [17/Dec/2020:10:12:38 +0800] "GET /xingrg/javascript/easyui/themes/default/validatebox.css HTTP/1.1" 404 1104
222.69.133.29 - - [17/Dec/2020:10:12:38 +0800] "GET /xingrg/all/function/internal_message.html?_=1608171154307&CODE_STATE=getMsg HTTP/1.1" 200 27
101.85.52.2 - - [17/Dec/2020:10:12:39 +0800] "GET /xingrg/kc/buy/cgsh_order_operate.html?command=get_materiel&rest_code=00145&code=00101008005&supplier_code=00100007&order_time=2020-12-13 HTTP/1.1" 200 412
222.69.133.29 - - [17/Dec/2020:10:12:39 +0800] "GET /xingrg/check_reg.html?_=1608171155324 HTTP/1.1" 200 22
172.17.200.101 - - [17/Dec/2020:10:12:39 +0800] "GET /xingrg/all/function/internal_message.html?_=1608171160030&CODE_STATE=getMsg HTTP/1.1" 200 27
116.230.147.136 - - [17/Dec/2020:10:12:41 +0800] "GET /xingrg/kc/buy/cgsh_order_operate.html?command=get_materiel&rest_code=00107&code=00101016080&supplier_code=00100033&order_time=2020-12-17 HTTP/1.1" 200 408
172.17.0.103 - - [17/Dec/2020:10:12:41 +0800] "POST /xingrg/all/common/load_select.html HTTP/1.1" 200 25
117.184.7.26 - - [17/Dec/2020:10:12:41 +0800] "GET /xingrg/all/function/internal_message.html?_=1608171152163&CODE_STATE=getMsg HTTP/1.1" 200 27
58.40.7.146 - - [17/Dec/2020:10:12:42 +0800] "GET /xingrg/all/function/internal_message.html?_=1608171160096&CODE_STATE=getMsg HTTP/1.1" 200 27
172.17.0.103 - - [17/Dec/2020:10:12:44 +0800] "GET /xingrg/kc/buy/cgsh_order_operate.html?command=get_materiel_price&rest_code=00147&code=00101028008&unit_code=00100157&supplier_code=00100017&order_time=2020-12-17 HTTP/1.1" 200 30
116.230.106.194 - - [17/Dec/2020:10:12:45 +0800] "GET /xingrg/all/function/internal_message.html?_=1608171163030&CODE_STATE=getMsg HTTP/1.1" 200 27
101.85.52.2 - - [17/Dec/2020:10:12:46 +0800] "GET /xingrg/kc/buy/cgsh_order_operate.html?command=get_materiel&rest_code=00145&code=00101008108&supplier_code=00100007&order_time=2020-12-13 HTTP/1.1" 200 412
172.17.0.120 - - [17/Dec/2020:10:12:52 +0800] "GET /xingrg/all/function/internal_message.html?_=1608171169706&CODE_STATE=getMsg HTTP/1.1" 200 27
172.17.0.120 - - [17/Dec/2020:10:12:52 +0800] "GET /xingrg/check_reg.html?_=1608171169707 HTTP/1.1" 200 22
116.230.147.136 - - [17/Dec/2020:10:12:54 +0800] "GET /xingrg/kc/buy/cgsh_order_operate.html?command=get_materiel&rest_code=00107&code=00101016100&supplier_code=00100033&order_time=2020-12-17 HTTP/1.1" 200 412
101.85.52.2 - - [17/Dec/2020:10:12:56 +0800] "GET /xingrg/kc/buy/cgsh_order_operate.html?command=get_materiel&rest_code=00145&code=00101008350&supplier_code=00100007&order_time=2020-12-13 HTTP/1.1" 200 408
117.131.5.26 - - [17/Dec/2020:10:12:58 +0800] "GET /xingrg/all/function/internal_message.html?_=1608171506319&CODE_STATE=getMsg HTTP/1.1" 200 27
172.17.0.103 - - [17/Dec/2020:10:12:58 +0800] "POST /xingrg/kc/buy/cgsh_order_operate.html HTTP/1.1" 200 37
172.17.0.103 - - [17/Dec/2020:10:13:00 +0800] "POST /xingrg/kc/buy/cgsh_order_operate.html HTTP/1.1" 200 5185
172.17.0.103 - - [17/Dec/2020:10:13:01 +0800] "GET /xingrg/all/function/internal_message.html?_=1608171180809&CODE_STATE=getMsg HTTP/1.1" 200 27
172.17.0.103 - - [17/Dec/2020:10:13:03 +0800] "GET /xingrg/kc/print/load_config.html?kc_code=cgsh HTTP/1.1" 200 1845
172.17.0.103 - - [17/Dec/2020:10:13:03 +0800] "GET /xingrg/kc/print/load_data.html?order_code=212020121706523&kc_code=cgsh&condition= HTTP/1.1" 200 1808
101.85.52.2 - - [17/Dec/2020:10:13:03 +0800] "GET /xingrg/kc/buy/cgsh_order_operate.html?command=get_materiel&rest_code=00145&code=00101008286&supplier_code=00100007&order_time=2020-12-13 HTTP/1.1" 200 408
116.230.147.136 - - [17/Dec/2020:10:13:05 +0800] "GET /xingrg/all/function/internal_message.html?_=1608171179023&CODE_STATE=getMsg HTTP/1.1" 200 27
222.69.133.29 - - [17/Dec/2020:10:13:07 +0800] "GET /xingrg/kc/buy/cgsh_order_operate.html?command=get_materiel&rest_code=00149&code=00101002022&supplier_code=00100039&order_time=2020-12-17 HTTP/1.1" 200 429
180.157.253.48 - - [17/Dec/2020:10:13:08 +0800] "GET /xingrg/all/function/internal_message.html?_=1608171192957&CODE_STATE=getMsg HTTP/1.1" 200 27
116.230.147.136 - - [17/Dec/2020:10:13:08 +0800] "GET /xingrg/kc/buy/cgsh_order_operate.html?command=get_materiel&rest_code=00107&code=00101012051&supplier_code=00100033&order_time=2020-12-17 HTTP/1.1" 200 408
101.85.52.2 - - [17/Dec/2020:10:13:08 +0800] "GET /xingrg/kc/buy/cgsh_order_operate.html?command=get_materiel&rest_code=00145&code=00101008036&supplier_code=00100007&order_time=2020-12-13 HTTP/1.1" 200 408
114.88.159.147 - - [17/Dec/2020:10:13:12 +0800] "GET /xingrg/all/function/internal_message.html?_=1608171201060&CODE_STATE=getMsg HTTP/1.1" 200 27
222.69.133.29 - - [17/Dec/2020:10:13:12 +0800] "GET /xingrg/kc/buy/cgsh_order_operate.html?command=get_materiel&rest_code=00149&code=00101001044&supplier_code=00100039&order_time=2020-12-17 HTTP/1.1" 200 430
116.230.118.184 - - [17/Dec/2020:10:13:18 +0800] "GET /xingrg/all/function/internal_message.html?_=1608171194466&CODE_STATE=getMsg HTTP/1.1" 200 27
