116.228.172.94 - - [14/Dec/2020:09:30:22 +0800] "GET /xingrg/kc/buy/cgsh_order_operate.html?command=get_materiel&rest_code=00107&code=00101008168&supplier_code=00100006&order_time=2020-12-14 HTTP/1.1" 200 412
180.174.56.115 - - [14/Dec/2020:09:30:22 +0800] "GET /xingrg/javascript/auto/indicator.gif HTTP/1.1" 404 1066
114.84.32.187 - - [14/Dec/2020:09:30:26 +0800] "GET /xingrg/all/function/internal_message.html?_=1607909458809&CODE_STATE=getMsg HTTP/1.1" 200 27
116.228.172.94 - - [14/Dec/2020:09:30:31 +0800] "GET /xingrg/kc/buy/cgsh_order_operate.html?command=get_materiel&rest_code=00107&code=00101008114&supplier_code=00100006&order_time=2020-12-14 HTTP/1.1" 200 412
180.174.56.115 - - [14/Dec/2020:09:30:31 +0800] "GET /xingrg/kc/buy/cgsh_order_operate.html?command=get_materiel&rest_code=00150&code=00101001084&supplier_code=00100096&order_time=2020-12-14 HTTP/1.1" 200 415
180.152.104.37 - - [14/Dec/2020:09:30:32 +0800] "GET /xingrg/kc/buy/cgsh_order_operate.html?command=get_materiel&rest_code=00102&code=00101007085&supplier_code=00100002&order_time=2020-12-14 HTTP/1.1" 200 413
180.162.223.42 - - [14/Dec/2020:09:30:36 +0800] "GET /xingrg/all/function/internal_message.html?_=1607909436903&CODE_STATE=getMsg HTTP/1.1" 200 27
180.174.56.115 - - [14/Dec/2020:09:30:38 +0800] "GET /xingrg/all/function/internal_message.html?_=1607909401370&CODE_STATE=getMsg HTTP/1.1" 200 27
116.228.172.94 - - [14/Dec/2020:09:30:39 +0800] "POST /xingrg/kc/buy/cgsh_order_operate.html HTTP/1.1" 200 2065
172.17.200.101 - - [14/Dec/2020:09:30:42 +0800] "GET /xingrg/all/function/internal_message.html?_=1607909441963&CODE_STATE=getMsg HTTP/1.1" 200 27
172.17.200.101 - - [14/Dec/2020:09:30:42 +0800] "GET /xingrg/check_reg.html?_=1607909442092 HTTP/1.1" 200 22
180.157.253.48 - - [14/Dec/2020:09:30:44 +0800] "POST /xingrg/services/DataTransmitService HTTP/1.1" 200 524
180.157.253.48 - - [14/Dec/2020:09:30:44 +0800] "POST /xingrg/services/DataTransmitService HTTP/1.1" 200 1955
180.152.104.37 - - [14/Dec/2020:09:30:45 +0800] "GET /xingrg/kc/buy/cgsh_order_operate.html?command=get_materiel&rest_code=00102&code=00101007048&supplier_code=00100002&order_time=2020-12-14 HTTP/1.1" 200 408
114.84.32.187 - - [14/Dec/2020:09:30:45 +0800] "GET /xingrg/all/function/internal_message.html?_=1607909445554&CODE_STATE=getMsg HTTP/1.1" 200 27
114.84.32.187 - - [14/Dec/2020:09:30:45 +0800] "GET /xingrg/check_reg.html?_=1607909445556 HTTP/1.1" 200 22
180.157.253.48 - - [14/Dec/2020:09:30:45 +0800] "POST /xingrg/services/DataTransmitService HTTP/1.1" 200 152052
114.86.227.138 - - [14/Dec/2020:09:30:47 +0800] "GET /xingrg/all/function/internal_message.html?_=1607909515593&CODE_STATE=getMsg HTTP/1.1" 200 27
116.228.172.94 - - [14/Dec/2020:09:30:48 +0800] "GET /xingrg/kc/buy/cgsh_order_operate.html?command=get_materiel&rest_code=00107&code=00101015044&supplier_code=00100006&order_time=2020-12-14 HTTP/1.1" 200 408
180.152.104.37 - - [14/Dec/2020:09:30:50 +0800] "GET /xingrg/all/function/internal_message.html?_=1607909682122&CODE_STATE=getMsg HTTP/1.1" 200 27
114.88.163.87 - - [14/Dec/2020:09:30:55 +0800] "GET /xingrg/all/function/internal_message.html?_=1607909447220&CODE_STATE=getMsg HTTP/1.1" 200 27
180.174.56.115 - - [14/Dec/2020:09:30:56 +0800] "GET /xingrg/kc/buy/cgsh_order_operate.html?command=get_materiel&rest_code=00150&code=00101001010&supplier_code=00100096&order_time=2020-12-14 HTTP/1.1" 200 410
116.228.172.94 - - [14/Dec/2020:09:31:00 +0800] "GET /xingrg/all/function/internal_message.html?_=1607909460240&CODE_STATE=getMsg HTTP/1.1" 200 27
116.228.172.94 - - [14/Dec/2020:09:31:02 +0800] "GET /xingrg/kc/buy/cgsh_order_operate.html?command=get_materiel&rest_code=00107&code=00101015046&supplier_code=00100006&order_time=2020-12-14 HTTP/1.1" 200 413
222.69.136.203 - - [14/Dec/2020:09:31:03 +0800] "GET /xingrg/all/function/internal_message.html?_=1607909462070&CODE_STATE=getMsg HTTP/1.1" 200 27
180.152.104.37 - - [14/Dec/2020:09:31:07 +0800] "POST /xingrg/kc/buy/cgsh_order_operate.html HTTP/1.1" 200 37
172.17.0.108 - - [14/Dec/2020:09:31:09 +0800] "GET /xingrg/all/function/internal_message.html?_=1607909469172&CODE_STATE=getMsg HTTP/1.1" 200 27
180.152.104.37 - - [14/Dec/2020:09:31:09 +0800] "POST /xingrg/kc/buy/cgsh_order_operate.html HTTP/1.1" 200 12
180.174.56.115 - - [14/Dec/2020:09:31:10 +0800] "GET /xingrg/kc/buy/cgsh_order_operate.html?command=get_materiel&rest_code=00150&code=00101012039&supplier_code=00100096&order_time=2020-12-14 HTTP/1.1" 200 408
180.152.104.37 - - [14/Dec/2020:09:31:11 +0800] "GET /xingrg/kc/buy/cgsh_order_info.html?code=212020121405402 HTTP/1.1" 200 55762
180.174.56.115 - - [14/Dec/2020:09:31:13 +0800] "GET /xingrg/all/function/internal_message.html?_=1607909475940&CODE_STATE=getMsg HTTP/1.1" 200 27
180.152.104.37 - - [14/Dec/2020:09:31:14 +0800] "GET /xingrg/javascript/easyui/themes/default/validatebox.css HTTP/1.1" 404 1104
180.152.104.37 - - [14/Dec/2020:09:31:14 +0800] "POST /xingrg/kc/buy/cgsh_order_operate.html HTTP/1.1" 200 2368
222.69.136.203 - - [14/Dec/2020:09:31:17 +0800] "POST /xingrg/services/DataTransmitService HTTP/1.1" 200 524
180.152.104.37 - - [14/Dec/2020:09:31:18 +0800] "GET /xingrg/kc/print/load_config.html?kc_code=cgsh HTTP/1.1" 200 1845
180.152.104.37 - - [14/Dec/2020:09:31:18 +0800] "GET /xingrg/kc/print/load_data.html?order_code=212020121405402&kc_code=cgsh&condition= HTTP/1.1" 200 1423
222.69.136.203 - - [14/Dec/2020:09:31:21 +0800] "POST /xingrg/services/DataTransmitService HTTP/1.1" 200 501
180.174.56.115 - - [14/Dec/2020:09:31:25 +0800] "GET /xingrg/kc/buy/cgsh_order_operate.html?command=get_materiel&rest_code=00150&code=00101016025&supplier_code=00100096&order_time=2020-12-14 HTTP/1.1" 200 408
114.84.32.187 - - [14/Dec/2020:09:31:26 +0800] "GET /xingrg/all/function/internal_message.html?_=1607909518822&CODE_STATE=getMsg HTTP/1.1" 200 27
180.152.104.37 - - [14/Dec/2020:09:31:26 +0800] "GET /xingrg/check_reg.html?_=1607909718399 HTTP/1.1" 200 22
116.228.172.94 - - [14/Dec/2020:09:31:29 +0800] "GET /xingrg/kc/buy/cgsh_order_operate.html?command=get_materiel&rest_code=00107&code=00101009013&supplier_code=00100006&order_time=2020-12-14 HTTP/1.1" 200 420
222.69.136.203 - - [14/Dec/2020:09:31:33 +0800] "POST /xingrg/services/DataTransmitService HTTP/1.1" 200 524
180.162.223.42 - - [14/Dec/2020:09:31:36 +0800] "GET /xingrg/check_reg.html?_=1607909496904 HTTP/1.1" 200 22
180.162.223.42 - - [14/Dec/2020:09:31:36 +0800] "GET /xingrg/all/function/internal_message.html?_=1607909496911&CODE_STATE=getMsg HTTP/1.1" 200 27
180.174.56.115 - - [14/Dec/2020:09:31:38 +0800] "GET /xingrg/all/function/internal_message.html?_=1607909461385&CODE_STATE=getMsg HTTP/1.1" 200 27
172.17.200.101 - - [14/Dec/2020:09:31:42 +0800] "GET /xingrg/all/function/internal_message.html?_=1607909501936&CODE_STATE=getMsg HTTP/1.1" 200 27
114.84.32.187 - - [14/Dec/2020:09:31:45 +0800] "GET /xingrg/all/function/internal_message.html?_=1607909505561&CODE_STATE=getMsg HTTP/1.1" 200 27
114.86.227.138 - - [14/Dec/2020:09:31:46 +0800] "GET /xingrg/all/function/internal_message.html?_=1607909575593&CODE_STATE=getMsg HTTP/1.1" 200 27
116.228.172.94 - - [14/Dec/2020:09:31:46 +0800] "GET /xingrg/kc/buy/cgsh_order_operate.html?command=get_materiel&rest_code=00107&code=00101009016&supplier_code=00100006&order_time=2020-12-14 HTTP/1.1" 200 431
180.174.56.115 - - [14/Dec/2020:09:31:47 +0800] "GET /xingrg/kc/buy/cgsh_order_operate.html?command=get_materiel&rest_code=00150&code=00101006130&supplier_code=00100096&order_time=2020-12-14 HTTP/1.1" 200 427
180.152.104.37 - - [14/Dec/2020:09:31:53 +0800] "GET /xingrg/all/function/internal_message.html?_=1607909745328&CODE_STATE=getMsg HTTP/1.1" 200 27
114.88.163.87 - - [14/Dec/2020:09:31:55 +0800] "GET /xingrg/all/function/internal_message.html?_=1607909507219&CODE_STATE=getMsg HTTP/1.1" 200 27
180.174.56.115 - - [14/Dec/2020:09:32:00 +0800] "GET /xingrg/kc/buy/cgsh_order_operate.html?command=get_materiel&rest_code=00150&code=00101006065&supplier_code=00100096&order_time=2020-12-14 HTTP/1.1" 200 411
116.228.172.94 - - [14/Dec/2020:09:32:00 +0800] "GET /xingrg/all/function/internal_message.html?_=1607909520290&CODE_STATE=getMsg HTTP/1.1" 200 27
222.69.136.203 - - [14/Dec/2020:09:32:03 +0800] "GET /xingrg/check_reg.html?_=1607909522070 HTTP/1.1" 200 22
222.69.136.203 - - [14/Dec/2020:09:32:03 +0800] "GET /xingrg/all/function/internal_message.html?_=1607909522080&CODE_STATE=getMsg HTTP/1.1" 200 27
116.228.172.94 - - [14/Dec/2020:09:32:03 +0800] "GET /xingrg/kc/buy/cgsh_order_operate.html?command=get_materiel&rest_code=00107&code=00101008364&supplier_code=00100006&order_time=2020-12-14 HTTP/1.1" 200 413
114.88.163.87 - - [14/Dec/2020:09:32:06 +0800] "POST /xingrg/login.do HTTP/1.1" 302 -
114.88.163.87 - - [14/Dec/2020:09:32:06 +0800] "GET /xingrg/index.html?sysBaseUrl=http%3A%2F%2F180.169.147.146%3A18081%2Fxingrg%2F&costTime=38×tamp=1607909526315 HTTP/1.1" 200 17173
114.88.163.87 - - [14/Dec/2020:09:32:06 +0800] "POST /xingrg/all/common/load_tree.html?tree=area_rest_tree_json&manage=1 HTTP/1.1" 200 342
114.88.163.87 - - [14/Dec/2020:09:32:06 +0800] "GET /xingrg/all/function/internal_message.html?_=1607909661161&CODE_STATE=count HTTP/1.1" 200 11
114.88.163.87 - - [14/Dec/2020:09:32:06 +0800] "GET /xingrg/check_reg.html?_=1607909661162 HTTP/1.1" 200 22
114.88.163.87 - - [14/Dec/2020:09:32:06 +0800] "GET /favicon.ico HTTP/1.1" 404 -
114.88.163.87 - - [14/Dec/2020:09:32:06 +0800] "POST /xingrg/load_menu.html HTTP/1.1" 200 5138
172.17.0.108 - - [14/Dec/2020:09:32:09 +0800] "GET /xingrg/check_reg.html?_=1607909529158 HTTP/1.1" 200 22
172.17.0.108 - - [14/Dec/2020:09:32:09 +0800] "GET /xingrg/all/function/internal_message.html?_=1607909529163&CODE_STATE=getMsg HTTP/1.1" 200 27
114.88.163.87 - - [14/Dec/2020:09:32:09 +0800] "GET /xingrg/kc/buy/cgsh_order_list.html HTTP/1.1" 200 45165
180.174.56.115 - - [14/Dec/2020:09:32:10 +0800] "GET /xingrg/kc/buy/cgsh_order_operate.html?command=get_materiel&rest_code=00150&code=00101006184&supplier_code=00100096&order_time=2020-12-14 HTTP/1.1" 200 408
114.88.163.87 - - [14/Dec/2020:09:32:11 +0800] "POST /xingrg/kc/buy/cgsh_list_operate.html HTTP/1.1" 200 3134
116.228.172.94 - - [14/Dec/2020:09:32:11 +0800] "POST /xingrg/kc/buy/cgsh_order_operate.html HTTP/1.1" 200 2065
180.174.56.115 - - [14/Dec/2020:09:32:13 +0800] "GET /xingrg/all/function/internal_message.html?_=1607909535937&CODE_STATE=getMsg HTTP/1.1" 200 27
114.88.163.87 - - [14/Dec/2020:09:32:14 +0800] "POST /xingrg/kc/buy/cgsh_list_operate.html HTTP/1.1" 200 3134
180.174.56.115 - - [14/Dec/2020:09:32:22 +0800] "GET /xingrg/kc/buy/cgsh_order_operate.html?command=get_materiel&rest_code=00150&code=00101006055&supplier_code=00100096&order_time=2020-12-14 HTTP/1.1" 200 411
114.84.32.187 - - [14/Dec/2020:09:32:26 +0800] "GET /xingrg/all/function/internal_message.html?_=1607909579076&CODE_STATE=getMsg HTTP/1.1" 200 27
222.69.136.203 - - [14/Dec/2020:09:32:29 +0800] "POST /xingrg/services/DataTransmitService HTTP/1.1" 200 501
222.69.136.203 - - [14/Dec/2020:09:32:30 +0800] "POST /xingrg/services/DataTransmitService HTTP/1.1" 200 501
116.228.172.94 - - [14/Dec/2020:09:32:30 +0800] "GET /xingrg/kc/buy/cgsh_order_operate.html?command=get_materiel&rest_code=00107&code=00101008357&supplier_code=00100006&order_time=2020-12-14 HTTP/1.1" 200 408
180.174.56.115 - - [14/Dec/2020:09:32:34 +0800] "GET /xingrg/kc/buy/cgsh_order_operate.html?command=get_materiel&rest_code=00150&code=00101006111&supplier_code=00100096&order_time=2020-12-14 HTTP/1.1" 200 409
180.162.223.42 - - [14/Dec/2020:09:32:36 +0800] "GET /xingrg/all/function/internal_message.html?_=1607909556909&CODE_STATE=getMsg HTTP/1.1" 200 27
180.174.56.115 - - [14/Dec/2020:09:32:38 +0800] "GET /xingrg/all/function/internal_message.html?_=1607909521398&CODE_STATE=getMsg HTTP/1.1" 200 27
172.17.200.101 - - [14/Dec/2020:09:32:42 +0800] "GET /xingrg/all/function/internal_message.html?_=1607909561914&CODE_STATE=getMsg HTTP/1.1" 200 27
116.232.52.76 - - [14/Dec/2020:09:32:44 +0800] "POST /xingrg/services/DataTransmitService HTTP/1.1" 200 524
222.69.136.203 - - [14/Dec/2020:09:32:44 +0800] "POST /xingrg/services/DataTransmitService HTTP/1.1" 200 501
114.84.32.187 - - [14/Dec/2020:09:32:45 +0800] "GET /xingrg/all/function/internal_message.html?_=1607909565561&CODE_STATE=getMsg HTTP/1.1" 200 27
116.232.52.76 - - [14/Dec/2020:09:32:45 +0800] "POST /xingrg/services/DataTransmitService HTTP/1.1" 200 2275
114.86.227.138 - - [14/Dec/2020:09:32:45 +0800] "GET /xingrg/all/function/internal_message.html?_=1607909635591&CODE_STATE=getMsg HTTP/1.1" 200 27
116.228.172.94 - - [14/Dec/2020:09:32:52 +0800] "GET /xingrg/kc/buy/cgsh_order_operate.html?command=get_materiel&rest_code=00107&code=00101008098&supplier_code=00100006&order_time=2020-12-14 HTTP/1.1" 200 412
180.152.104.37 - - [14/Dec/2020:09:32:54 +0800] "GET /xingrg/all/function/internal_message.html?_=1607909806159&CODE_STATE=getMsg HTTP/1.1" 200 27
114.88.163.87 - - [14/Dec/2020:09:32:55 +0800] "GET /xingrg/all/function/internal_message.html?_=1607909567218&CODE_STATE=getMsg HTTP/1.1" 200 27
116.232.52.76 - - [14/Dec/2020:09:32:59 +0800] "POST /xingrg/services/DataTransmitService HTTP/1.1" 200 524
222.69.136.203 - - [14/Dec/2020:09:32:59 +0800] "POST /xingrg/services/DataTransmitService HTTP/1.1" 200 501
116.232.52.76 - - [14/Dec/2020:09:33:00 +0800] "POST /xingrg/services/DataTransmitService HTTP/1.1" 200 2275
116.228.172.94 - - [14/Dec/2020:09:33:00 +0800] "GET /xingrg/all/function/internal_message.html?_=1607909580270&CODE_STATE=getMsg HTTP/1.1" 200 27
222.69.136.203 - - [14/Dec/2020:09:33:02 +0800] "POST /xingrg/services/DataTransmitService HTTP/1.1" 200 501
222.69.136.203 - - [14/Dec/2020:09:33:02 +0800] "POST /xingrg/services/DataTransmitService HTTP/1.1" 200 501
222.69.136.203 - - [14/Dec/2020:09:33:03 +0800] "GET /xingrg/all/function/internal_message.html?_=1607909582085&CODE_STATE=getMsg HTTP/1.1" 200 27
114.88.163.87 - - [14/Dec/2020:09:33:06 +0800] "GET /xingrg/all/function/internal_message.html?_=1607909721168&CODE_STATE=getMsg HTTP/1.1" 200 27
222.69.136.203 - - [14/Dec/2020:09:33:09 +0800] "POST /xingrg/services/DataTransmitService HTTP/1.1" 200 501
172.17.0.108 - - [14/Dec/2020:09:33:09 +0800] "GET /xingrg/all/function/internal_message.html?_=1607909589170&CODE_STATE=getMsg HTTP/1.1" 200 27
222.69.136.203 - - [14/Dec/2020:09:33:09 +0800] "POST /xingrg/services/DataTransmitService HTTP/1.1" 200 501
222.69.136.203 - - [14/Dec/2020:09:33:10 +0800] "POST /xingrg/services/DataTransmitService HTTP/1.1" 200 501
116.228.172.94 - - [14/Dec/2020:09:33:11 +0800] "GET /xingrg/kc/buy/cgsh_order_operate.html?command=get_materiel&rest_code=00107&code=00101008344&supplier_code=00100006&order_time=2020-12-14 HTTP/1.1" 200 412
180.174.56.115 - - [14/Dec/2020:09:33:13 +0800] "GET /xingrg/all/function/internal_message.html?_=1607909595952&CODE_STATE=getMsg HTTP/1.1" 200 27
222.69.136.203 - - [14/Dec/2020:09:33:14 +0800] "POST /xingrg/services/DataTransmitService HTTP/1.1" 200 412
114.86.227.138 - - [14/Dec/2020:09:33:15 +0800] "POST /xingrg/kc/buy/cgsh_order_operate.html HTTP/1.1" 200 37
114.86.227.138 - - [14/Dec/2020:09:33:16 +0800] "POST /xingrg/kc/buy/cgsh_order_operate.html HTTP/1.1" 200 3250
116.228.172.94 - - [14/Dec/2020:09:33:20 +0800] "GET /xingrg/kc/buy/cgsh_order_operate.html?command=get_materiel&rest_code=00107&code=00101008264&supplier_code=00100006&order_time=2020-12-14 HTTP/1.1" 200 412
116.228.172.94 - - [14/Dec/2020:09:33:24 +0800] "POST /xingrg/kc/buy/cgsh_order_operate.html HTTP/1.1" 200 2065
114.84.32.187 - - [14/Dec/2020:09:33:26 +0800] "GET /xingrg/all/function/internal_message.html?_=1607909639084&CODE_STATE=getMsg HTTP/1.1" 200 27
180.174.56.115 - - [14/Dec/2020:09:33:33 +0800] "GET /xingrg/kc/buy/cgsh_order_operate.html?command=get_materiel&rest_code=00150&code=00101006129&supplier_code=00100096&order_time=2020-12-14 HTTP/1.1" 200 433
116.228.172.94 - - [14/Dec/2020:09:33:34 +0800] "GET /xingrg/kc/buy/cgsh_order_operate.html?command=get_materiel&rest_code=00107&code=00101008036&supplier_code=00100006&order_time=2020-12-14 HTTP/1.1" 200 408
114.86.227.138 - - [14/Dec/2020:09:33:36 +0800] "POST /xingrg/kc/buy/cgsh_order_operate.html HTTP/1.1" 200 37
180.162.223.42 - - [14/Dec/2020:09:33:36 +0800] "GET /xingrg/all/function/internal_message.html?_=1607909616910&CODE_STATE=getMsg HTTP/1.1" 200 27
114.86.227.138 - - [14/Dec/2020:09:33:37 +0800] "POST /xingrg/kc/buy/cgsh_order_operate.html HTTP/1.1" 200 3250
180.174.56.115 - - [14/Dec/2020:09:33:38 +0800] "GET /xingrg/all/function/internal_message.html?_=1607909581411&CODE_STATE=getMsg HTTP/1.1" 200 27
172.17.200.101 - - [14/Dec/2020:09:33:42 +0800] "GET /xingrg/all/function/internal_message.html?_=1607909621886&CODE_STATE=getMsg HTTP/1.1" 200 27
114.84.32.187 - - [14/Dec/2020:09:33:45 +0800] "GET /xingrg/all/function/internal_message.html?_=1607909625560&CODE_STATE=getMsg HTTP/1.1" 200 27
114.88.163.87 - - [14/Dec/2020:09:33:45 +0800] "GET /xingrg/kc/buy/cgsh_order_add.html HTTP/1.1" 200 60902
114.88.163.87 - - [14/Dec/2020:09:33:45 +0800] "POST /xingrg/kc/buy/cgsh_order_operate.html HTTP/1.1" 200 8245
114.88.163.87 - - [14/Dec/2020:09:33:45 +0800] "GET /xingrg/javascript/easyui/themes/default/validatebox.css HTTP/1.1" 404 1104
114.88.163.87 - - [14/Dec/2020:09:33:45 +0800] "GET /xingrg/all/common/auto_word.html?type=employee&rest_code=00111 HTTP/1.1" 200 205
114.88.163.87 - - [14/Dec/2020:09:33:45 +0800] "GET /xingrg/all/common/auto_word.html?type=employee&rest_code=00111 HTTP/1.1" 200 205
114.86.227.138 - - [14/Dec/2020:09:33:46 +0800] "GET /xingrg/all/function/internal_message.html?_=1607909698765&CODE_STATE=getMsg HTTP/1.1" 200 27
114.88.163.87 - - [14/Dec/2020:09:33:47 +0800] "GET /xingrg/javascript/auto/indicator.gif HTTP/1.1" 404 1066
114.88.163.87 - - [14/Dec/2020:09:33:48 +0800] "GET /xingrg/javascript/jquery_tools/images/next.gif HTTP/1.1" 404 1086
114.88.163.87 - - [14/Dec/2020:09:33:48 +0800] "GET /xingrg/javascript/jquery_tools/images/prev.gif HTTP/1.1" 404 1086
116.228.172.94 - - [14/Dec/2020:09:33:52 +0800] "GET /xingrg/kc/buy/cgsh_order_operate.html?command=get_materiel&rest_code=00107&code=00101020138&supplier_code=00100006&order_time=2020-12-14 HTTP/1.1" 200 426
180.152.104.37 - - [14/Dec/2020:09:33:54 +0800] "GET /xingrg/all/function/internal_message.html?_=1607909866159&CODE_STATE=getMsg HTTP/1.1" 200 27
114.88.163.87 - - [14/Dec/2020:09:33:55 +0800] "GET /xingrg/kc/buy/cgsh_order_operate.html?command=get_materiel&rest_code=00111&code=00101028020&supplier_code=00100017&order_time=2020-12-14 HTTP/1.1" 200 451
114.88.163.87 - - [14/Dec/2020:09:33:55 +0800] "GET /xingrg/check_reg.html?_=1607909627219 HTTP/1.1" 200 22
114.88.163.87 - - [14/Dec/2020:09:33:55 +0800] "GET /xingrg/all/function/internal_message.html?_=1607909627221&CODE_STATE=getMsg HTTP/1.1" 200 27
114.86.227.138 - - [14/Dec/2020:09:33:57 +0800] "GET /xingrg/kc/buy/cgsh_order_add.html HTTP/1.1" 200 60943
114.86.227.138 - - [14/Dec/2020:09:33:57 +0800] "POST /xingrg/kc/buy/cgsh_order_operate.html HTTP/1.1" 200 8245
114.86.227.138 - - [14/Dec/2020:09:33:57 +0800] "GET /xingrg/all/common/auto_word.html?type=employee&rest_code=00109 HTTP/1.1" 200 205
114.86.227.138 - - [14/Dec/2020:09:33:57 +0800] "GET /xingrg/all/common/auto_word.html?type=employee&rest_code=00109 HTTP/1.1" 200 205
114.86.227.138 - - [14/Dec/2020:09:33:57 +0800] "GET /xingrg/javascript/easyui/themes/default/validatebox.css HTTP/1.1" 404 1104
58.221.95.50 - - [14/Dec/2020:09:33:59 +0800] "GET /xingrg/check_reg.html?_=1607909661726 HTTP/1.1" 302 -
116.228.172.94 - - [14/Dec/2020:09:34:00 +0800] "GET /xingrg/all/function/internal_message.html?_=1607909640254&CODE_STATE=getMsg HTTP/1.1" 200 27
114.86.227.138 - - [14/Dec/2020:09:34:02 +0800] "GET /xingrg/javascript/jquery_tools/images/prev.gif HTTP/1.1" 404 1086
114.86.227.138 - - [14/Dec/2020:09:34:02 +0800] "GET /xingrg/javascript/jquery_tools/images/next.gif HTTP/1.1" 404 1086
222.69.136.203 - - [14/Dec/2020:09:34:03 +0800] "GET /xingrg/all/function/internal_message.html?_=1607909642073&CODE_STATE=getMsg HTTP/1.1" 200 27
116.228.172.94 - - [14/Dec/2020:09:34:04 +0800] "POST /xingrg/kc/buy/cgsh_order_operate.html HTTP/1.1" 200 37
114.88.163.87 - - [14/Dec/2020:09:34:04 +0800] "POST /xingrg/kc/buy/cgsh_order_operate.html HTTP/1.1" 200 88
114.88.163.87 - - [14/Dec/2020:09:34:06 +0800] "GET /xingrg/all/function/internal_message.html?_=1607909781170&CODE_STATE=getMsg HTTP/1.1" 200 27
114.86.227.138 - - [14/Dec/2020:09:34:06 +0800] "GET /xingrg/kc/buy/cgsh_order_operate.html?command=get_materiel&rest_code=00109&code=00101006144&supplier_code=00100015&order_time=2020-12-14 HTTP/1.1" 200 409
172.17.0.108 - - [14/Dec/2020:09:34:09 +0800] "GET /xingrg/all/function/internal_message.html?_=1607909649162&CODE_STATE=getMsg HTTP/1.1" 200 27
114.88.163.87 - - [14/Dec/2020:09:34:10 +0800] "POST /xingrg/kc/buy/cgsh_order_operate.html HTTP/1.1" 200 37
116.228.172.94 - - [14/Dec/2020:09:34:10 +0800] "POST /xingrg/kc/buy/cgsh_order_operate.html HTTP/1.1" 200 32206
114.88.163.87 - - [14/Dec/2020:09:34:11 +0800] "POST /xingrg/kc/buy/cgsh_order_operate.html HTTP/1.1" 200 2690
180.174.56.115 - - [14/Dec/2020:09:34:11 +0800] "GET /xingrg/kc/buy/cgsh_order_operate.html?command=get_materiel&rest_code=00150&code=00101007081&supplier_code=00100096&order_time=2020-12-14 HTTP/1.1" 200 413
180.174.56.115 - - [14/Dec/2020:09:34:13 +0800] "GET /xingrg/all/function/internal_message.html?_=1607909655942&CODE_STATE=getMsg HTTP/1.1" 200 27
180.174.56.115 - - [14/Dec/2020:09:34:13 +0800] "GET /xingrg/check_reg.html?_=1607909655946 HTTP/1.1" 200 22
114.88.163.87 - - [14/Dec/2020:09:34:13 +0800] "GET /xingrg/kc/print/load_config.html?kc_code=cgsh HTTP/1.1" 200 1845
114.88.163.87 - - [14/Dec/2020:09:34:13 +0800] "GET /xingrg/kc/print/load_data.html?order_code=212020121405405&kc_code=cgsh&condition= HTTP/1.1" 200 759
114.86.227.138 - - [14/Dec/2020:09:34:17 +0800] "GET /xingrg/kc/buy/cgsh_order_operate.html?command=get_materiel&rest_code=00109&code=00101006180&supplier_code=00100015&order_time=2020-12-14 HTTP/1.1" 200 423
114.86.227.138 - - [14/Dec/2020:09:34:21 +0800] "GET /xingrg/kc/buy/cgsh_order_operate.html?command=get_materiel&rest_code=00109&code=00101006058&supplier_code=00100015&order_time=2020-12-14 HTTP/1.1" 200 413
180.174.56.115 - - [14/Dec/2020:09:34:24 +0800] "GET /xingrg/kc/buy/cgsh_order_operate.html?command=get_materiel&rest_code=00150&code=00101007071&supplier_code=00100096&order_time=2020-12-14 HTTP/1.1" 200 417
114.84.32.187 - - [14/Dec/2020:09:34:24 +0800] "GET /xingrg/check_reg.html?_=1607909697473 HTTP/1.1" 200 22
114.84.32.187 - - [14/Dec/2020:09:34:26 +0800] "GET /xingrg/all/function/internal_message.html?_=1607909699096&CODE_STATE=getMsg HTTP/1.1" 200 27
114.86.227.138 - - [14/Dec/2020:09:34:27 +0800] "GET /xingrg/kc/buy/cgsh_order_operate.html?command=get_materiel&rest_code=00109&code=00101006006&supplier_code=00100015&order_time=2020-12-14 HTTP/1.1" 200 409
116.228.172.94 - - [14/Dec/2020:09:34:33 +0800] "POST /xingrg/kc/buy/cgsh_order_operate.html HTTP/1.1" 200 37
116.228.172.94 - - [14/Dec/2020:09:34:35 +0800] "POST /xingrg/kc/buy/cgsh_order_operate.html HTTP/1.1" 200 32206
180.174.56.115 - - [14/Dec/2020:09:34:36 +0800] "GET /xingrg/kc/buy/cgsh_order_operate.html?command=get_materiel&rest_code=00150&code=00101007061&supplier_code=00100096&order_time=2020-12-14 HTTP/1.1" 200 411
180.162.223.42 - - [14/Dec/2020:09:34:36 +0800] "GET /xingrg/all/function/internal_message.html?_=1607909676899&CODE_STATE=getMsg HTTP/1.1" 200 27
116.228.172.94 - - [14/Dec/2020:09:34:37 +0800] "GET /xingrg/kc/print/load_config.html?kc_code=cgsh HTTP/1.1" 200 1845
116.228.172.94 - - [14/Dec/2020:09:34:38 +0800] "GET /xingrg/kc/print/load_data.html?order_code=212020121405403&kc_code=cgsh&condition= HTTP/1.1" 200 11844
180.174.56.115 - - [14/Dec/2020:09:34:38 +0800] "GET /xingrg/check_reg.html?_=1607909641362 HTTP/1.1" 200 22
180.174.56.115 - - [14/Dec/2020:09:34:38 +0800] "GET /xingrg/all/function/internal_message.html?_=1607909641424&CODE_STATE=getMsg HTTP/1.1" 200 27
114.86.227.138 - - [14/Dec/2020:09:34:39 +0800] "GET /xingrg/kc/buy/cgsh_order_operate.html?command=get_materiel&rest_code=00109&code=00101006129&supplier_code=00100015&order_time=2020-12-14 HTTP/1.1" 200 431
58.40.7.146 - - [14/Dec/2020:09:34:41 +0800] "GET /xingrg/check_reg.html?_=1607909681732 HTTP/1.1" 200 22
172.17.200.101 - - [14/Dec/2020:09:34:42 +0800] "GET /xingrg/all/function/internal_message.html?_=1607909681887&CODE_STATE=getMsg HTTP/1.1" 200 27
114.86.227.138 - - [14/Dec/2020:09:34:43 +0800] "GET /xingrg/check_reg.html?_=1607909758761 HTTP/1.1" 200 22
114.86.227.138 - - [14/Dec/2020:09:34:43 +0800] "GET /xingrg/all/function/internal_message.html?_=1607909758761&CODE_STATE=getMsg HTTP/1.1" 200 27
114.84.32.187 - - [14/Dec/2020:09:34:45 +0800] "GET /xingrg/all/function/internal_message.html?_=1607909685562&CODE_STATE=getMsg HTTP/1.1" 200 27
114.88.163.87 - - [14/Dec/2020:09:34:55 +0800] "GET /xingrg/all/function/internal_message.html?_=1607909687221&CODE_STATE=getMsg HTTP/1.1" 200 27
180.152.104.37 - - [14/Dec/2020:09:34:55 +0800] "GET /xingrg/all/function/internal_message.html?_=1607909926794&CODE_STATE=getMsg HTTP/1.1" 200 27
116.228.172.94 - - [14/Dec/2020:09:35:00 +0800] "GET /xingrg/check_reg.html?_=1607909699985 HTTP/1.1" 200 22
116.228.172.94 - - [14/Dec/2020:09:35:00 +0800] "GET /xingrg/all/function/internal_message.html?_=1607909700238&CODE_STATE=getMsg HTTP/1.1" 200 27
180.174.56.115 - - [14/Dec/2020:09:35:02 +0800] "GET /xingrg/kc/buy/cgsh_order_operate.html?command=get_materiel&rest_code=00150&code=00101007076&supplier_code=00100096&order_time=2020-12-14 HTTP/1.1" 200 410
222.69.136.203 - - [14/Dec/2020:09:35:03 +0800] "GET /xingrg/all/function/internal_message.html?_=1607909702088&CODE_STATE=getMsg HTTP/1.1" 200 27
124.78.8.213 - - [14/Dec/2020:09:35:03 +0800] "GET /favicon.ico HTTP/1.1" 404 -
124.78.8.213 - - [14/Dec/2020:09:35:03 +0800] "GET /favicon.ico HTTP/1.1" 404 -
124.78.8.213 - - [14/Dec/2020:09:35:04 +0800] "GET /favicon.ico HTTP/1.1" 404 -
114.88.163.87 - - [14/Dec/2020:09:35:06 +0800] "GET /xingrg/all/function/internal_message.html?_=1607909841169&CODE_STATE=getMsg HTTP/1.1" 200 27
172.17.0.108 - - [14/Dec/2020:09:35:09 +0800] "GET /xingrg/all/function/internal_message.html?_=1607909709171&CODE_STATE=getMsg HTTP/1.1" 200 27
124.78.8.213 - - [14/Dec/2020:09:35:09 +0800] "GET /favicon.ico HTTP/1.1" 404 -
180.174.56.115 - - [14/Dec/2020:09:35:13 +0800] "GET /xingrg/all/function/internal_message.html?_=1607909715941&CODE_STATE=getMsg HTTP/1.1" 200 27
114.88.163.87 - - [14/Dec/2020:09:35:18 +0800] "GET /xingrg/kc/buy/cgsh_order_list.html HTTP/1.1" 200 45165
114.88.163.87 - - [14/Dec/2020:09:35:19 +0800] "POST /xingrg/kc/buy/cgsh_list_operate.html HTTP/1.1" 200 3492
114.88.163.87 - - [14/Dec/2020:09:35:21 +0800] "POST /xingrg/kc/buy/cgsh_list_operate.html HTTP/1.1" 200 568
114.88.163.87 - - [14/Dec/2020:09:35:21 +0800] "GET /xingrg/kc/buy/cgsh_order_info.html?code=212020121405380 HTTP/1.1" 200 60913
114.88.163.87 - - [14/Dec/2020:09:35:21 +0800] "GET /xingrg/javascript/easyui/themes/default/validatebox.css HTTP/1.1" 404 1104
114.88.163.87 - - [14/Dec/2020:09:35:22 +0800] "POST /xingrg/kc/buy/cgsh_order_operate.html HTTP/1.1" 200 10964
114.84.32.187 - - [14/Dec/2020:09:35:26 +0800] "GET /xingrg/all/function/internal_message.html?_=1607909759111&CODE_STATE=getMsg HTTP/1.1" 200 27
180.162.223.42 - - [14/Dec/2020:09:35:36 +0800] "GET /xingrg/all/function/internal_message.html?_=1607909736910&CODE_STATE=getMsg HTTP/1.1" 200 27
180.174.56.115 - - [14/Dec/2020:09:35:38 +0800] "GET /xingrg/all/function/internal_message.html?_=1607909701488&CODE_STATE=getMsg HTTP/1.1" 200 27
172.17.200.101 - - [14/Dec/2020:09:35:42 +0800] "GET /xingrg/all/function/internal_message.html?_=1607909741889&CODE_STATE=getMsg HTTP/1.1" 200 27
172.17.200.101 - - [14/Dec/2020:09:35:42 +0800] "GET /xingrg/check_reg.html?_=1607909742085 HTTP/1.1" 200 22
114.86.227.138 - - [14/Dec/2020:09:35:42 +0800] "GET /xingrg/all/function/internal_message.html?_=1607909818751&CODE_STATE=getMsg HTTP/1.1" 200 27
114.84.32.187 - - [14/Dec/2020:09:35:45 +0800] "GET /xingrg/all/function/internal_message.html?_=1607909745565&CODE_STATE=getMsg HTTP/1.1" 200 27
114.84.32.187 - - [14/Dec/2020:09:35:45 +0800] "GET /xingrg/check_reg.html?_=1607909745568 HTTP/1.1" 200 22
180.162.223.42 - - [14/Dec/2020:09:35:50 +0800] "POST /xingrg/kc/buy/cgsh_list_operate.html HTTP/1.1" 200 3131
180.162.223.42 - - [14/Dec/2020:09:35:52 +0800] "POST /xingrg/kc/buy/cgsh_list_operate.html HTTP/1.1" 200 573
180.162.223.42 - - [14/Dec/2020:09:35:52 +0800] "GET /xingrg/kc/buy/cgsh_order_info.html?code=212020121405375 HTTP/1.1" 200 60952
180.162.223.42 - - [14/Dec/2020:09:35:52 +0800] "GET /xingrg/javascript/easyui/themes/default/validatebox.css HTTP/1.1" 404 1104
180.162.223.42 - - [14/Dec/2020:09:35:53 +0800] "POST /xingrg/kc/buy/cgsh_order_operate.html HTTP/1.1" 200 35778
180.152.104.37 - - [14/Dec/2020:09:35:55 +0800] "GET /xingrg/all/function/internal_message.html?_=1607909986796&CODE_STATE=getMsg HTTP/1.1" 200 27
114.88.163.87 - - [14/Dec/2020:09:35:55 +0800] "GET /xingrg/all/function/internal_message.html?_=1607909747219&CODE_STATE=getMsg HTTP/1.1" 200 27
180.174.56.115 - - [14/Dec/2020:09:35:58 +0800] "GET /xingrg/kc/buy/cgsh_order_operate.html?command=get_materiel&rest_code=00150&code=00101007049&supplier_code=00100096&order_time=2020-12-14 HTTP/1.1" 200 409
116.228.172.94 - - [14/Dec/2020:09:36:00 +0800] "GET /xingrg/all/function/internal_message.html?_=1607909760217&CODE_STATE=getMsg HTTP/1.1" 200 27
222.69.136.203 - - [14/Dec/2020:09:36:03 +0800] "GET /xingrg/all/function/internal_message.html?_=1607909762076&CODE_STATE=getMsg HTTP/1.1" 200 27
114.86.227.138 - - [14/Dec/2020:09:36:04 +0800] "GET /xingrg/kc/buy/cgsh_order_operate.html?command=get_materiel&rest_code=00109&code=00101010248&supplier_code=00100015&order_time=2020-12-14 HTTP/1.1" 200 430
114.88.163.87 - - [14/Dec/2020:09:36:06 +0800] "GET /xingrg/all/function/internal_message.html?_=1607909901169&CODE_STATE=getMsg HTTP/1.1" 200 27
172.17.0.108 - - [14/Dec/2020:09:36:09 +0800] "GET /xingrg/all/function/internal_message.html?_=1607909769162&CODE_STATE=getMsg HTTP/1.1" 200 27
180.174.56.115 - - [14/Dec/2020:09:36:13 +0800] "GET /xingrg/all/function/internal_message.html?_=1607909775966&CODE_STATE=getMsg HTTP/1.1" 200 27
114.86.227.138 - - [14/Dec/2020:09:36:17 +0800] "GET /xingrg/kc/buy/cgsh_order_operate.html?command=get_materiel&rest_code=00109&code=00101006058&supplier_code=00100015&order_time=2020-12-14 HTTP/1.1" 200 413
114.88.163.87 - - [14/Dec/2020:09:36:21 +0800] "GET /xingrg/kc/buy/cgsh_order_list.html HTTP/1.1" 200 45165
114.88.163.87 - - [14/Dec/2020:09:36:22 +0800] "POST /xingrg/kc/buy/cgsh_list_operate.html HTTP/1.1" 200 3492
114.86.227.138 - - [14/Dec/2020:09:36:24 +0800] "POST /xingrg/kc/buy/cgsh_order_operate.html HTTP/1.1" 200 37
180.174.56.115 - - [14/Dec/2020:09:36:25 +0800] "POST /xingrg/kc/buy/cgsh_order_operate.html HTTP/1.1" 200 37
114.86.227.138 - - [14/Dec/2020:09:36:25 +0800] "POST /xingrg/kc/buy/cgsh_order_operate.html HTTP/1.1" 200 6254
114.84.32.187 - - [14/Dec/2020:09:36:26 +0800] "GET /xingrg/all/function/internal_message.html?_=1607909819123&CODE_STATE=getMsg HTTP/1.1" 200 27
114.86.227.138 - - [14/Dec/2020:09:36:27 +0800] "GET /xingrg/kc/print/load_config.html?kc_code=cgsh HTTP/1.1" 200 1845
180.152.104.37 - - [14/Dec/2020:09:36:27 +0800] "GET /xingrg/check_reg.html?_=1607910019394 HTTP/1.1" 200 22
114.86.227.138 - - [14/Dec/2020:09:36:27 +0800] "GET /xingrg/kc/print/load_data.html?order_code=212020121405406&kc_code=cgsh&condition= HTTP/1.1" 200 2151
180.174.56.115 - - [14/Dec/2020:09:36:27 +0800] "POST /xingrg/kc/buy/cgsh_order_operate.html HTTP/1.1" 200 12
180.174.56.115 - - [14/Dec/2020:09:36:29 +0800] "GET /xingrg/kc/buy/cgsh_order_info.html?code=212020121405407 HTTP/1.1" 200 55735
180.174.56.115 - - [14/Dec/2020:09:36:29 +0800] "GET /xingrg/javascript/easyui/themes/default/validatebox.css HTTP/1.1" 404 1104
180.174.56.115 - - [14/Dec/2020:09:36:29 +0800] "POST /xingrg/kc/buy/cgsh_order_operate.html HTTP/1.1" 200 9526
180.162.223.42 - - [14/Dec/2020:09:36:36 +0800] "GET /xingrg/check_reg.html?_=1607909796909 HTTP/1.1" 200 22
180.162.223.42 - - [14/Dec/2020:09:36:36 +0800] "GET /xingrg/all/function/internal_message.html?_=1607909796912&CODE_STATE=getMsg HTTP/1.1" 200 27
180.174.56.115 - - [14/Dec/2020:09:36:38 +0800] "GET /xingrg/all/function/internal_message.html?_=1607909761499&CODE_STATE=getMsg HTTP/1.1" 200 27
172.17.200.101 - - [14/Dec/2020:09:36:42 +0800] "GET /xingrg/all/function/internal_message.html?_=1607909801883&CODE_STATE=getMsg HTTP/1.1" 200 27
114.86.227.138 - - [14/Dec/2020:09:36:42 +0800] "GET /xingrg/all/function/internal_message.html?_=1607909881218&CODE_STATE=getMsg HTTP/1.1" 200 27
114.84.32.187 - - [14/Dec/2020:09:36:45 +0800] "GET /xingrg/all/function/internal_message.html?_=1607909805568&CODE_STATE=getMsg HTTP/1.1" 200 27
180.152.104.37 - - [14/Dec/2020:09:36:55 +0800] "GET /xingrg/all/function/internal_message.html?_=1607910046810&CODE_STATE=getMsg HTTP/1.1" 200 27
114.88.163.87 - - [14/Dec/2020:09:36:55 +0800] "GET /xingrg/all/function/internal_message.html?_=1607909807206&CODE_STATE=getMsg HTTP/1.1" 200 27
116.228.172.94 - - [14/Dec/2020:09:37:00 +0800] "GET /xingrg/all/function/internal_message.html?_=1607909820204&CODE_STATE=getMsg HTTP/1.1" 200 27
222.69.136.203 - - [14/Dec/2020:09:37:03 +0800] "GET /xingrg/all/function/internal_message.html?_=1607909822079&CODE_STATE=getMsg HTTP/1.1" 200 27
222.69.136.203 - - [14/Dec/2020:09:37:03 +0800] "GET /xingrg/check_reg.html?_=1607909822085 HTTP/1.1" 200 22
114.88.163.87 - - [14/Dec/2020:09:37:06 +0800] "GET /xingrg/all/function/internal_message.html?_=1607909961185&CODE_STATE=getMsg HTTP/1.1" 200 27
114.88.163.87 - - [14/Dec/2020:09:37:06 +0800] "GET /xingrg/check_reg.html?_=1607909961184 HTTP/1.1" 200 22
172.17.0.108 - - [14/Dec/2020:09:37:09 +0800] "GET /xingrg/check_reg.html?_=1607909829165 HTTP/1.1" 200 22
172.17.0.108 - - [14/Dec/2020:09:37:09 +0800] "GET /xingrg/all/function/internal_message.html?_=1607909829169&CODE_STATE=getMsg HTTP/1.1" 200 27
180.174.56.115 - - [14/Dec/2020:09:37:13 +0800] "GET /xingrg/all/function/internal_message.html?_=1607909835964&CODE_STATE=getMsg HTTP/1.1" 200 27
114.84.32.187 - - [14/Dec/2020:09:37:26 +0800] "GET /xingrg/all/function/internal_message.html?_=1607909879400&CODE_STATE=getMsg HTTP/1.1" 200 27
180.162.223.42 - - [14/Dec/2020:09:37:36 +0800] "GET /xingrg/all/function/internal_message.html?_=1607909856911&CODE_STATE=getMsg HTTP/1.1" 200 27
180.174.56.115 - - [14/Dec/2020:09:37:38 +0800] "GET /xingrg/all/function/internal_message.html?_=1607909821513&CODE_STATE=getMsg HTTP/1.1" 200 27
114.86.227.138 - - [14/Dec/2020:09:37:40 +0800] "GET /xingrg/all/function/internal_message.html?_=1607909941215&CODE_STATE=getMsg HTTP/1.1" 200 27
172.17.200.101 - - [14/Dec/2020:09:37:42 +0800] "GET /xingrg/all/function/internal_message.html?_=1607909861885&CODE_STATE=getMsg HTTP/1.1" 200 27
114.84.32.187 - - [14/Dec/2020:09:37:45 +0800] "GET /xingrg/all/function/internal_message.html?_=1607909865565&CODE_STATE=getMsg HTTP/1.1" 200 27
180.152.104.37 - - [14/Dec/2020:09:37:55 +0800] "GET /xingrg/all/function/internal_message.html?_=1607910106823&CODE_STATE=getMsg HTTP/1.1" 200 27
114.88.163.87 - - [14/Dec/2020:09:37:55 +0800] "GET /xingrg/all/function/internal_message.html?_=1607909867207&CODE_STATE=getMsg HTTP/1.1" 200 27
116.228.172.94 - - [14/Dec/2020:09:38:00 +0800] "GET /xingrg/all/function/internal_message.html?_=1607909880189&CODE_STATE=getMsg HTTP/1.1" 200 27
222.69.136.203 - - [14/Dec/2020:09:38:03 +0800] "GET /xingrg/all/function/internal_message.html?_=1607909882083&CODE_STATE=getMsg HTTP/1.1" 200 27
114.88.163.87 - - [14/Dec/2020:09:38:06 +0800] "GET /xingrg/all/function/internal_message.html?_=1607910021168&CODE_STATE=getMsg HTTP/1.1" 200 27
172.17.0.108 - - [14/Dec/2020:09:38:09 +0800] "GET /xingrg/all/function/internal_message.html?_=1607909889173&CODE_STATE=getMsg HTTP/1.1" 200 27
180.174.56.115 - - [14/Dec/2020:09:38:13 +0800] "GET /xingrg/all/function/internal_message.html?_=1607909895959&CODE_STATE=getMsg HTTP/1.1" 200 27
114.84.32.187 - - [14/Dec/2020:09:38:26 +0800] "GET /xingrg/all/function/internal_message.html?_=1607909939400&CODE_STATE=getMsg HTTP/1.1" 200 27
180.174.56.115 - - [14/Dec/2020:09:38:34 +0800] "GET /xingrg/javascript/auto/indicator.gif HTTP/1.1" 404 1066
180.162.223.42 - - [14/Dec/2020:09:38:36 +0800] "GET /xingrg/all/function/internal_message.html?_=1607909916912&CODE_STATE=getMsg HTTP/1.1" 200 27
180.174.56.115 - - [14/Dec/2020:09:38:37 +0800] "GET /xingrg/kc/buy/cgsh_order_operate.html?command=get_materiel&rest_code=00150&code=00101008300&supplier_code=00100007&order_time=2020-12-14 HTTP/1.1" 200 412
180.174.56.115 - - [14/Dec/2020:09:38:38 +0800] "GET /xingrg/all/function/internal_message.html?_=1607909881573&CODE_STATE=getMsg HTTP/1.1" 200 27
114.86.227.138 - - [14/Dec/2020:09:38:40 +0800] "GET /xingrg/all/function/internal_message.html?_=1607910001232&CODE_STATE=getMsg HTTP/1.1" 200 27
172.17.200.101 - - [14/Dec/2020:09:38:42 +0800] "GET /xingrg/all/function/internal_message.html?_=1607909921886&CODE_STATE=getMsg HTTP/1.1" 200 27
114.84.32.187 - - [14/Dec/2020:09:38:45 +0800] "GET /xingrg/all/function/internal_message.html?_=1607909925564&CODE_STATE=getMsg HTTP/1.1" 200 27
114.88.163.87 - - [14/Dec/2020:09:38:55 +0800] "GET /xingrg/all/function/internal_message.html?_=1607909927207&CODE_STATE=getMsg HTTP/1.1" 200 27
114.88.163.87 - - [14/Dec/2020:09:38:55 +0800] "GET /xingrg/check_reg.html?_=1607909927208 HTTP/1.1" 200 22
180.152.104.37 - - [14/Dec/2020:09:38:57 +0800] "GET /xingrg/all/function/internal_message.html?_=1607910168795&CODE_STATE=getMsg HTTP/1.1" 200 27
116.228.172.94 - - [14/Dec/2020:09:39:00 +0800] "GET /xingrg/all/function/internal_message.html?_=1607909940162&CODE_STATE=getMsg HTTP/1.1" 200 27
222.69.136.203 - - [14/Dec/2020:09:39:03 +0800] "GET /xingrg/all/function/internal_message.html?_=1607909942082&CODE_STATE=getMsg HTTP/1.1" 200 27
114.88.163.87 - - [14/Dec/2020:09:39:06 +0800] "GET /xingrg/all/function/internal_message.html?_=1607910081166&CODE_STATE=getMsg HTTP/1.1" 200 27
172.17.0.108 - - [14/Dec/2020:09:39:09 +0800] "GET /xingrg/all/function/internal_message.html?_=1607909949162&CODE_STATE=getMsg HTTP/1.1" 200 27
180.174.56.115 - - [14/Dec/2020:09:39:13 +0800] "GET /xingrg/all/function/internal_message.html?_=1607909956015&CODE_STATE=getMsg HTTP/1.1" 200 27
180.174.56.115 - - [14/Dec/2020:09:39:13 +0800] "GET /xingrg/check_reg.html?_=1607909956017 HTTP/1.1" 200 22
114.84.32.187 - - [14/Dec/2020:09:39:19 +0800] "POST /xingrg/services/DataTransmitService HTTP/1.1" 200 524
114.84.32.187 - - [14/Dec/2020:09:39:25 +0800] "GET /xingrg/check_reg.html?_=1607909997724 HTTP/1.1" 200 22
114.84.32.187 - - [14/Dec/2020:09:39:26 +0800] "GET /xingrg/all/function/internal_message.html?_=1607909999419&CODE_STATE=getMsg HTTP/1.1" 200 27
180.162.223.42 - - [14/Dec/2020:09:39:36 +0800] "GET /xingrg/all/function/internal_message.html?_=1607909976913&CODE_STATE=getMsg HTTP/1.1" 200 27
180.174.56.115 - - [14/Dec/2020:09:39:38 +0800] "GET /xingrg/check_reg.html?_=1607909941374 HTTP/1.1" 200 22
180.174.56.115 - - [14/Dec/2020:09:39:38 +0800] "GET /xingrg/all/function/internal_message.html?_=1607909941586&CODE_STATE=getMsg HTTP/1.1" 200 27
114.86.227.138 - - [14/Dec/2020:09:39:39 +0800] "GET /xingrg/check_reg.html?_=1607910061233 HTTP/1.1" 200 22
114.86.227.138 - - [14/Dec/2020:09:39:39 +0800] "GET /xingrg/all/function/internal_message.html?_=1607910061233&CODE_STATE=getMsg HTTP/1.1" 200 27
58.40.7.146 - - [14/Dec/2020:09:39:41 +0800] "GET /xingrg/check_reg.html?_=1607909981707 HTTP/1.1" 200 22
172.17.200.101 - - [14/Dec/2020:09:39:42 +0800] "GET /xingrg/all/function/internal_message.html?_=1607909981888&CODE_STATE=getMsg HTTP/1.1" 200 27
114.84.32.187 - - [14/Dec/2020:09:39:45 +0800] "GET /xingrg/all/function/internal_message.html?_=1607909985571&CODE_STATE=getMsg HTTP/1.1" 200 27
114.88.163.87 - - [14/Dec/2020:09:39:55 +0800] "GET /xingrg/all/function/internal_message.html?_=1607909987208&CODE_STATE=getMsg HTTP/1.1" 200 27
180.152.104.37 - - [14/Dec/2020:09:39:57 +0800] "GET /xingrg/all/function/internal_message.html?_=1607910228831&CODE_STATE=getMsg HTTP/1.1" 200 27
116.228.172.94 - - [14/Dec/2020:09:40:00 +0800] "GET /xingrg/check_reg.html?_=1607909999997 HTTP/1.1" 200 22
116.228.172.94 - - [14/Dec/2020:09:40:00 +0800] "GET /xingrg/all/function/internal_message.html?_=1607910000144&CODE_STATE=getMsg HTTP/1.1" 200 27
222.69.136.203 - - [14/Dec/2020:09:40:03 +0800] "GET /xingrg/all/function/internal_message.html?_=1607910002086&CODE_STATE=getMsg HTTP/1.1" 200 27
114.88.163.87 - - [14/Dec/2020:09:40:06 +0800] "GET /xingrg/all/function/internal_message.html?_=1607910141182&CODE_STATE=getMsg HTTP/1.1" 200 27
172.17.0.108 - - [14/Dec/2020:09:40:09 +0800] "GET /xingrg/all/function/internal_message.html?_=1607910009171&CODE_STATE=getMsg HTTP/1.1" 200 27
180.174.56.115 - - [14/Dec/2020:09:40:13 +0800] "GET /xingrg/all/function/internal_message.html?_=1607910015996&CODE_STATE=getMsg HTTP/1.1" 200 27
114.84.32.187 - - [14/Dec/2020:09:40:26 +0800] "GET /xingrg/all/function/internal_message.html?_=1607910059427&CODE_STATE=getMsg HTTP/1.1" 200 27
172.17.200.101 - - [14/Dec/2020:09:40:27 +0800] "POST /xingrg/all/user/operate.html HTTP/1.1" 200 36
172.17.200.101 - - [14/Dec/2020:09:40:27 +0800] "GET /xingrg/index.html?sysBaseUrl=http%3A%2F%2F172.17.0.8%3A18081%2Fxingrg%2F&costTime=44×tamp=1607907058677 HTTP/1.1" 200 17454
172.17.200.101 - - [14/Dec/2020:09:40:27 +0800] "GET /xingrg/javascript/jquery_easy_ui/themes/default/easyui.css HTTP/1.1" 304 -
172.17.200.101 - - [14/Dec/2020:09:40:27 +0800] "GET /xingrg/javascript/jquery_easy_ui/themes/icon.css HTTP/1.1" 304 -
172.17.200.101 - - [14/Dec/2020:09:40:27 +0800] "GET /xingrg/css/form.css HTTP/1.1" 304 -
172.17.200.101 - - [14/Dec/2020:09:40:27 +0800] "GET /xingrg/javascript/jquery-1.4.2.min.js HTTP/1.1" 304 -
172.17.200.101 - - [14/Dec/2020:09:40:27 +0800] "GET /xingrg/javascript/jquery_easy_ui/jquery.easyui.min.js HTTP/1.1" 304 -
172.17.200.101 - - [14/Dec/2020:09:40:27 +0800] "GET /xingrg/javascript/jquery_easy_ui/easyui-lang-zh_CN.js HTTP/1.1" 304 -
172.17.200.101 - - [14/Dec/2020:09:40:27 +0800] "GET /xingrg/javascript/jquery.form.js HTTP/1.1" 304 -
172.17.200.101 - - [14/Dec/2020:09:40:27 +0800] "GET /xingrg/javascript/jquery.utils.js HTTP/1.1" 304 -
172.17.200.101 - - [14/Dec/2020:09:40:27 +0800] "GET /xingrg/javascript/jquery.timers.js HTTP/1.1" 304 -
172.17.200.101 - - [14/Dec/2020:09:40:27 +0800] "GET /xingrg/images/blue/jxLogo.png HTTP/1.1" 304 -
172.17.200.101 - - [14/Dec/2020:09:40:27 +0800] "GET /xingrg/javascript/jquery_easy_ui/themes/icons/settle_new.png HTTP/1.1" 304 -
172.17.200.101 - - [14/Dec/2020:09:40:27 +0800] "GET /xingrg/images/blue/navBackgound.jpg HTTP/1.1" 304 -
172.17.200.101 - - [14/Dec/2020:09:40:27 +0800] "POST /xingrg/all/common/load_tree.html?tree=area_rest_tree_json&manage=1 HTTP/1.1" 200 3222
172.17.200.101 - - [14/Dec/2020:09:40:27 +0800] "GET /xingrg/all/function/internal_message.html?_=1607910027313&CODE_STATE=count HTTP/1.1" 200 11
172.17.200.101 - - [14/Dec/2020:09:40:27 +0800] "GET /xingrg/check_reg.html?_=1607910027313 HTTP/1.1" 200 22
172.17.200.101 - - [14/Dec/2020:09:40:27 +0800] "GET /xingrg/javascript/jquery_easy_ui/themes/default/images/panel_tool_expand.gif HTTP/1.1" 304 -
172.17.200.101 - - [14/Dec/2020:09:40:27 +0800] "GET /xingrg/javascript/jquery_easy_ui/themes/default/images/panel_tool_collapse.gif HTTP/1.1" 304 -
172.17.200.101 - - [14/Dec/2020:09:40:27 +0800] "GET /xingrg/javascript/jquery_easy_ui/themes/default/images/tabs_rightarrow.png HTTP/1.1" 304 -
172.17.200.101 - - [14/Dec/2020:09:40:27 +0800] "GET /xingrg/javascript/jquery_easy_ui/themes/default/images/tabs_leftarrow.png HTTP/1.1" 304 -
172.17.200.101 - - [14/Dec/2020:09:40:27 +0800] "GET /xingrg/images/blue/pingpu.png HTTP/1.1" 304 -
172.17.200.101 - - [14/Dec/2020:09:40:27 +0800] "POST /xingrg/load_menu.html HTTP/1.1" 200 9924
180.174.56.115 - - [14/Dec/2020:09:40:28 +0800] "POST /xingrg/kc/buy/cgsh_order_operate.html HTTP/1.1" 200 37
172.17.200.101 - - [14/Dec/2020:09:40:29 +0800] "GET /xingrg/kc/buy/cgsh_order_list.html HTTP/1.1" 200 45406
180.174.56.115 - - [14/Dec/2020:09:40:31 +0800] "POST /xingrg/kc/buy/cgsh_order_operate.html HTTP/1.1" 200 12
172.17.200.101 - - [14/Dec/2020:09:40:32 +0800] "POST /xingrg/kc/buy/cgsh_list_operate.html HTTP/1.1" 200 1676
180.174.56.115 - - [14/Dec/2020:09:40:32 +0800] "GET /xingrg/kc/buy/cgsh_order_info.html?code=212020121405382 HTTP/1.1" 200 55729
180.174.56.115 - - [14/Dec/2020:09:40:33 +0800] "GET /xingrg/javascript/easyui/themes/default/validatebox.css HTTP/1.1" 404 1104
180.174.56.115 - - [14/Dec/2020:09:40:33 +0800] "POST /xingrg/kc/buy/cgsh_order_operate.html HTTP/1.1" 200 27220
172.17.200.101 - - [14/Dec/2020:09:40:36 +0800] "POST /xingrg/kc/buy/cgsh_list_operate.html HTTP/1.1" 200 5903
180.162.223.42 - - [14/Dec/2020:09:40:36 +0800] "GET /xingrg/all/function/internal_message.html?_=1607910036914&CODE_STATE=getMsg HTTP/1.1" 200 27
180.174.56.115 - - [14/Dec/2020:09:40:36 +0800] "GET /xingrg/kc/print/load_data.html?order_code=212020121405382&kc_code=cgsh&condition= HTTP/1.1" 200 10826
114.86.227.138 - - [14/Dec/2020:09:40:38 +0800] "GET /xingrg/all/function/internal_message.html?_=1607910121218&CODE_STATE=getMsg HTTP/1.1" 200 27
180.174.56.115 - - [14/Dec/2020:09:40:38 +0800] "GET /xingrg/all/function/internal_message.html?_=1607910001600&CODE_STATE=getMsg HTTP/1.1" 200 27
172.17.200.101 - - [14/Dec/2020:09:40:41 +0800] "POST /xingrg/kc/buy/cgsh_list_operate.html HTTP/1.1" 200 6029
172.17.200.101 - - [14/Dec/2020:09:40:43 +0800] "POST /xingrg/kc/buy/cgsh_list_operate.html HTTP/1.1" 200 205
114.84.32.187 - - [14/Dec/2020:09:40:45 +0800] "GET /xingrg/all/function/internal_message.html?_=1607910045571&CODE_STATE=getMsg HTTP/1.1" 200 27
114.84.32.187 - - [14/Dec/2020:09:40:45 +0800] "GET /xingrg/check_reg.html?_=1607910045573 HTTP/1.1" 200 22
180.174.56.115 - - [14/Dec/2020:09:40:47 +0800] "POST /xingrg/all/user/operate.html HTTP/1.1" 200 36
180.174.56.115 - - [14/Dec/2020:09:40:47 +0800] "GET /xingrg/index.html?sysBaseUrl=http%3A%2F%2F180.169.147.146%3A18081%2Fxingrg%2F&costTime=521×tamp=1607759035397 HTTP/1.1" 200 17177
180.174.56.115 - - [14/Dec/2020:09:40:47 +0800] "GET /xingrg/javascript/jquery_easy_ui/themes/default/easyui.css HTTP/1.1" 304 -
180.174.56.115 - - [14/Dec/2020:09:40:47 +0800] "GET /xingrg/javascript/jquery_easy_ui/themes/icon.css HTTP/1.1" 304 -
180.174.56.115 - - [14/Dec/2020:09:40:47 +0800] "GET /xingrg/css/form.css HTTP/1.1" 304 -
180.174.56.115 - - [14/Dec/2020:09:40:47 +0800] "GET /xingrg/javascript/jquery-1.4.2.min.js HTTP/1.1" 304 -
180.174.56.115 - - [14/Dec/2020:09:40:47 +0800] "GET /xingrg/javascript/jquery_easy_ui/jquery.easyui.min.js HTTP/1.1" 304 -
180.174.56.115 - - [14/Dec/2020:09:40:47 +0800] "GET /xingrg/javascript/jquery_easy_ui/easyui-lang-zh_CN.js HTTP/1.1" 304 -
180.174.56.115 - - [14/Dec/2020:09:40:47 +0800] "GET /xingrg/javascript/jquery.form.js HTTP/1.1" 304 -
180.174.56.115 - - [14/Dec/2020:09:40:47 +0800] "GET /xingrg/javascript/jquery.utils.js HTTP/1.1" 304 -
180.174.56.115 - - [14/Dec/2020:09:40:47 +0800] "GET /xingrg/javascript/jquery.timers.js HTTP/1.1" 304 -
180.174.56.115 - - [14/Dec/2020:09:40:47 +0800] "GET /xingrg/images/blue/jxLogo.png HTTP/1.1" 304 -
180.174.56.115 - - [14/Dec/2020:09:40:47 +0800] "GET /xingrg/javascript/jquery_easy_ui/themes/icons/settle_new.png HTTP/1.1" 304 -
180.174.56.115 - - [14/Dec/2020:09:40:47 +0800] "GET /xingrg/images/blue/navBackgound.jpg HTTP/1.1" 304 -
180.174.56.115 - - [14/Dec/2020:09:40:47 +0800] "POST /xingrg/all/common/load_tree.html?tree=area_rest_tree_json&manage=1 HTTP/1.1" 200 476
180.174.56.115 - - [14/Dec/2020:09:40:47 +0800] "GET /xingrg/all/function/internal_message.html?_=1607910050506&CODE_STATE=count HTTP/1.1" 200 11
180.174.56.115 - - [14/Dec/2020:09:40:47 +0800] "GET /xingrg/check_reg.html?_=1607910050507 HTTP/1.1" 200 22
180.174.56.115 - - [14/Dec/2020:09:40:47 +0800] "GET /xingrg/javascript/jquery_easy_ui/themes/default/images/tabs_leftarrow.png HTTP/1.1" 304 -
180.174.56.115 - - [14/Dec/2020:09:40:47 +0800] "GET /xingrg/javascript/jquery_easy_ui/themes/default/images/tabs_rightarrow.png HTTP/1.1" 304 -
180.174.56.115 - - [14/Dec/2020:09:40:47 +0800] "GET /xingrg/javascript/jquery_easy_ui/themes/default/images/panel_tool_collapse.gif HTTP/1.1" 304 -
180.174.56.115 - - [14/Dec/2020:09:40:47 +0800] "GET /xingrg/images/blue/pingpu.png HTTP/1.1" 304 -
180.174.56.115 - - [14/Dec/2020:09:40:47 +0800] "POST /xingrg/load_menu.html HTTP/1.1" 200 5138
180.174.56.115 - - [14/Dec/2020:09:40:49 +0800] "GET /xingrg/kc/buy/cgsh_order_list.html HTTP/1.1" 200 45169
180.174.56.115 - - [14/Dec/2020:09:40:50 +0800] "POST /xingrg/kc/buy/cgsh_list_operate.html HTTP/1.1" 200 1706
172.17.200.101 - - [14/Dec/2020:09:40:52 +0800] "GET /xingrg/kc/buy/cgsh_order_info.html?code=212020121305284 HTTP/1.1" 200 56003
172.17.200.101 - - [14/Dec/2020:09:40:53 +0800] "GET /xingrg/words/20201212095936_words.js HTTP/1.1" 200 780539
172.17.200.101 - - [14/Dec/2020:09:40:53 +0800] "GET /xingrg/javascript/easyui/themes/default/validatebox.css HTTP/1.1" 404 1104
172.17.200.101 - - [14/Dec/2020:09:40:53 +0800] "POST /xingrg/kc/buy/cgsh_order_operate.html HTTP/1.1" 200 609
114.88.163.87 - - [14/Dec/2020:09:40:55 +0800] "GET /xingrg/all/function/internal_message.html?_=1607910047209&CODE_STATE=getMsg HTTP/1.1" 200 27
180.152.104.37 - - [14/Dec/2020:09:40:59 +0800] "GET /xingrg/all/function/internal_message.html?_=1607910290763&CODE_STATE=getMsg HTTP/1.1" 200 27
