117.184.7.26 - - [14/Dec/2020:10:46:19 +0800] "GET /xingrg/kc/buy/cgsh_order_operate.html?command=get_materiel&rest_code=00108&code=00101008213&supplier_code=00100008&order_time=2020-12-14 HTTP/1.1" 200 412
120.204.17.70 - - [14/Dec/2020:10:46:20 +0800] "GET /xingrg/login.html HTTP/1.1" 200 7641
222.69.133.109 - - [14/Dec/2020:10:46:20 +0800] "GET /xingrg/all/function/internal_message.html?_=1607913981400&CODE_STATE=getMsg HTTP/1.1" 200 27
180.162.223.42 - - [14/Dec/2020:10:46:25 +0800] "GET /xingrg/check_reg.html?_=1607913986230 HTTP/1.1" 200 22
180.162.223.42 - - [14/Dec/2020:10:46:25 +0800] "GET /xingrg/all/function/internal_message.html?_=1607913986233&CODE_STATE=getMsg HTTP/1.1" 200 27
114.88.163.87 - - [14/Dec/2020:10:46:26 +0800] "POST /xingrg/kc/buy/cgsh_order_operate.html HTTP/1.1" 200 37
117.185.32.26 - - [14/Dec/2020:10:46:26 +0800] "GET /xingrg/kc/buy/cgsh_order_operate.html?command=get_materiel&rest_code=00106&code=00101010082&supplier_code=00100323&order_time=2020-12-14 HTTP/1.1" 200 425
117.184.7.26 - - [14/Dec/2020:10:46:26 +0800] "GET /xingrg/kc/buy/cgsh_order_operate.html?command=get_materiel&rest_code=00108&code=00101008298&supplier_code=00100008&order_time=2020-12-14 HTTP/1.1" 200 413
114.88.163.87 - - [14/Dec/2020:10:46:27 +0800] "POST /xingrg/kc/buy/cgsh_order_operate.html HTTP/1.1" 200 2662
172.17.200.101 - - [14/Dec/2020:10:46:27 +0800] "GET /xingrg/all/function/internal_message.html?_=1607913987426&CODE_STATE=getMsg HTTP/1.1" 200 27
114.88.163.87 - - [14/Dec/2020:10:46:27 +0800] "GET /xingrg/kc/print/load_data.html?order_code=212020121405473&kc_code=cgsh&condition= HTTP/1.1" 200 682
124.77.237.88 - - [14/Dec/2020:10:46:29 +0800] "GET /xingrg/all/function/internal_message.html?_=1607913988215&CODE_STATE=getMsg HTTP/1.1" 200 27
180.174.56.115 - - [14/Dec/2020:10:46:31 +0800] "GET /xingrg/all/function/internal_message.html?_=1607913994010&CODE_STATE=getMsg HTTP/1.1" 200 27
101.85.93.83 - - [14/Dec/2020:10:46:31 +0800] "GET /xingrg/all/function/internal_message.html?_=1607913695887&CODE_STATE=getMsg HTTP/1.1" 200 27
180.152.104.37 - - [14/Dec/2020:10:46:32 +0800] "GET /xingrg/check_reg.html?_=1607914224197 HTTP/1.1" 200 22
114.84.32.187 - - [14/Dec/2020:10:46:34 +0800] "GET /xingrg/all/function/internal_message.html?_=1607914026799&CODE_STATE=getMsg HTTP/1.1" 200 27
114.88.163.87 - - [14/Dec/2020:10:46:34 +0800] "GET /xingrg/kc/buy/cgsh_order_add.html HTTP/1.1" 200 60902
117.184.7.26 - - [14/Dec/2020:10:46:34 +0800] "GET /xingrg/kc/buy/cgsh_order_operate.html?command=get_materiel&rest_code=00108&code=00101008125&supplier_code=00100008&order_time=2020-12-14 HTTP/1.1" 200 432
114.88.163.87 - - [14/Dec/2020:10:46:34 +0800] "POST /xingrg/kc/buy/cgsh_order_operate.html HTTP/1.1" 200 8245
114.88.163.87 - - [14/Dec/2020:10:46:34 +0800] "GET /xingrg/javascript/easyui/themes/default/validatebox.css HTTP/1.1" 404 1104
180.152.104.37 - - [14/Dec/2020:10:46:35 +0800] "GET /xingrg/all/function/internal_message.html?_=1607914226902&CODE_STATE=getMsg HTTP/1.1" 200 27
114.88.163.87 - - [14/Dec/2020:10:46:39 +0800] "GET /xingrg/kc/buy/cgsh_order_operate.html?command=get_materiel&rest_code=00111&code=00101004046&supplier_code=00100312&order_time=2020-12-14 HTTP/1.1" 200 417
117.184.7.26 - - [14/Dec/2020:10:46:39 +0800] "GET /xingrg/kc/buy/cgsh_order_operate.html?command=get_materiel&rest_code=00108&code=00101008222&supplier_code=00100008&order_time=2020-12-14 HTTP/1.1" 200 412
180.174.56.115 - - [14/Dec/2020:10:46:39 +0800] "GET /xingrg/all/function/internal_message.html?_=1607913963152&CODE_STATE=getMsg HTTP/1.1" 200 27
117.184.7.26 - - [14/Dec/2020:10:46:40 +0800] "GET /xingrg/all/function/internal_message.html?_=1607913999717&CODE_STATE=getMsg HTTP/1.1" 200 27
117.185.32.26 - - [14/Dec/2020:10:46:41 +0800] "GET /xingrg/all/function/internal_message.html?_=1607914458583&CODE_STATE=getMsg HTTP/1.1" 200 27
117.185.32.26 - - [14/Dec/2020:10:46:44 +0800] "GET /xingrg/kc/buy/cgsh_order_operate.html?command=get_materiel&rest_code=00106&code=00101007038&supplier_code=00100323&order_time=2020-12-14 HTTP/1.1" 200 441
114.84.32.187 - - [14/Dec/2020:10:46:45 +0800] "GET /xingrg/all/function/internal_message.html?_=1607914005644&CODE_STATE=getMsg HTTP/1.1" 200 27
117.185.32.26 - - [14/Dec/2020:10:46:45 +0800] "GET /xingrg/all/function/internal_message.html?_=1607914001804&CODE_STATE=getMsg HTTP/1.1" 200 27
172.17.0.120 - - [14/Dec/2020:10:46:45 +0800] "GET /xingrg/all/function/internal_message.html?_=1607914541355&CODE_STATE=getMsg HTTP/1.1" 200 27
114.88.163.87 - - [14/Dec/2020:10:46:48 +0800] "GET /xingrg/kc/buy/cgsh_order_operate.html?command=get_materiel&rest_code=00111&code=00101004067&supplier_code=00100312&order_time=2020-12-14 HTTP/1.1" 200 413
114.88.163.87 - - [14/Dec/2020:10:46:53 +0800] "GET /xingrg/kc/buy/cgsh_order_operate.html?command=get_materiel&rest_code=00111&code=00101004030&supplier_code=00100312&order_time=2020-12-14 HTTP/1.1" 200 408
117.184.7.26 - - [14/Dec/2020:10:46:55 +0800] "GET /xingrg/kc/buy/cgsh_order_operate.html?command=get_materiel&rest_code=00108&code=00101008538&supplier_code=00100008&order_time=2020-12-14 HTTP/1.1" 200 443
117.184.7.26 - - [14/Dec/2020:10:46:56 +0800] "POST /xingrg/all/common/load_select.html HTTP/1.1" 200 25
120.204.17.71 - - [14/Dec/2020:10:46:56 +0800] "GET /xingrg/all/function/internal_message.html?_=1607913342081&CODE_STATE=getMsg HTTP/1.1" 302 -
117.131.5.26 - - [14/Dec/2020:10:46:57 +0800] "GET /xingrg/all/function/internal_message.html?_=1607914343600&CODE_STATE=getMsg HTTP/1.1" 200 27
120.204.17.72 - - [14/Dec/2020:10:46:57 +0800] "GET /xingrg/kc/buy/cgsh_order_operate.html?command=get_materiel&rest_code=00106&code=00101006037&supplier_code=00100015&order_time=2020-12-14 HTTP/1.1" 302 -
114.88.163.87 - - [14/Dec/2020:10:46:58 +0800] "GET /xingrg/kc/buy/cgsh_order_operate.html?command=get_materiel&rest_code=00111&code=00101001156&supplier_code=00100312&order_time=2020-12-14 HTTP/1.1" 200 409
117.184.7.26 - - [14/Dec/2020:10:46:58 +0800] "GET /xingrg/kc/buy/cgsh_order_operate.html?command=get_materiel_price&rest_code=00108&code=00101008538&unit_code=00100036&supplier_code=00100008&order_time=2020-12-14 HTTP/1.1" 200 27
116.228.172.94 - - [14/Dec/2020:10:46:59 +0800] "GET /xingrg/all/function/internal_message.html?_=1607914019500&CODE_STATE=getMsg HTTP/1.1" 200 27
120.204.17.71 - - [14/Dec/2020:10:47:00 +0800] "GET /xingrg/login.html HTTP/1.1" 200 7641
114.88.159.147 - - [14/Dec/2020:10:47:00 +0800] "GET /xingrg/all/function/internal_message.html?_=1607913590999&CODE_STATE=getMsg HTTP/1.1" 302 -
180.162.223.42 - - [14/Dec/2020:10:47:01 +0800] "POST /xingrg/services/DataTransmitService HTTP/1.1" 200 524
180.162.223.42 - - [14/Dec/2020:10:47:01 +0800] "POST /xingrg/services/DataTransmitService HTTP/1.1" 200 501
120.204.17.72 - - [14/Dec/2020:10:47:03 +0800] "GET /xingrg/login.html HTTP/1.1" 200 7641
222.69.136.203 - - [14/Dec/2020:10:47:03 +0800] "GET /xingrg/check_reg.html?_=1607914022183 HTTP/1.1" 200 22
222.69.136.203 - - [14/Dec/2020:10:47:03 +0800] "GET /xingrg/all/function/internal_message.html?_=1607914022189&CODE_STATE=getMsg HTTP/1.1" 200 27
114.88.163.87 - - [14/Dec/2020:10:47:03 +0800] "POST /xingrg/kc/buy/cgsh_order_operate.html HTTP/1.1" 200 37
114.86.227.138 - - [14/Dec/2020:10:47:05 +0800] "GET /xingrg/all/function/internal_message.html?_=1607914096859&CODE_STATE=getMsg HTTP/1.1" 200 27
114.88.163.87 - - [14/Dec/2020:10:47:06 +0800] "POST /xingrg/kc/buy/cgsh_order_operate.html HTTP/1.1" 200 4438
114.88.163.87 - - [14/Dec/2020:10:47:06 +0800] "GET /xingrg/check_reg.html?_=1607914161212 HTTP/1.1" 200 22
114.88.163.87 - - [14/Dec/2020:10:47:06 +0800] "GET /xingrg/all/function/internal_message.html?_=1607914161213&CODE_STATE=getMsg HTTP/1.1" 200 27
172.17.0.102 - - [14/Dec/2020:10:47:08 +0800] "GET /xingrg/all/function/internal_message.html?_=1607914029481&CODE_STATE=getMsg HTTP/1.1" 200 27
114.88.163.87 - - [14/Dec/2020:10:47:09 +0800] "GET /xingrg/kc/print/load_data.html?order_code=212020121405474&kc_code=cgsh&condition= HTTP/1.1" 200 1356
172.17.0.108 - - [14/Dec/2020:10:47:09 +0800] "GET /xingrg/check_reg.html?_=1607914029169 HTTP/1.1" 200 22
172.17.0.108 - - [14/Dec/2020:10:47:09 +0800] "GET /xingrg/all/function/internal_message.html?_=1607914029189&CODE_STATE=getMsg HTTP/1.1" 200 27
180.162.108.15 - - [14/Dec/2020:10:47:11 +0800] "GET /xingrg/all/function/internal_message.html?_=1607913935035&CODE_STATE=getMsg HTTP/1.1" 200 27
117.185.32.26 - - [14/Dec/2020:10:47:14 +0800] "GET /xingrg/kc/buy/cgsh_order_operate.html?command=get_materiel&rest_code=00106&code=00101006060&supplier_code=00100323&order_time=2020-12-14 HTTP/1.1" 200 409
117.184.7.26 - - [14/Dec/2020:10:47:16 +0800] "POST /xingrg/kc/buy/cgsh_order_operate.html HTTP/1.1" 200 37
117.184.7.26 - - [14/Dec/2020:10:47:18 +0800] "POST /xingrg/kc/buy/cgsh_order_operate.html HTTP/1.1" 200 15651
172.17.0.120 - - [14/Dec/2020:10:47:20 +0800] "POST /xingrg/kc/buy/cgsh_list_operate.html HTTP/1.1" 200 3201
222.69.133.109 - - [14/Dec/2020:10:47:20 +0800] "GET /xingrg/all/function/internal_message.html?_=1607914041388&CODE_STATE=getMsg HTTP/1.1" 200 27
180.162.108.15 - - [14/Dec/2020:10:47:21 +0800] "GET /xingrg/javascript/jquery_easy_ui/themes/default/images/tabs_active.png HTTP/1.1" 200 2894
117.184.7.26 - - [14/Dec/2020:10:47:24 +0800] "GET /xingrg/kc/buy/cgsh_order_operate.html?command=get_materiel&rest_code=00108&code=00101008323&supplier_code=00100008&order_time=2020-12-14 HTTP/1.1" 200 408
180.162.223.42 - - [14/Dec/2020:10:47:25 +0800] "GET /xingrg/all/function/internal_message.html?_=1607914046218&CODE_STATE=getMsg HTTP/1.1" 200 27
172.17.200.101 - - [14/Dec/2020:10:47:27 +0800] "GET /xingrg/all/function/internal_message.html?_=1607914047427&CODE_STATE=getMsg HTTP/1.1" 200 27
124.77.237.88 - - [14/Dec/2020:10:47:29 +0800] "GET /xingrg/all/function/internal_message.html?_=1607914048216&CODE_STATE=getMsg HTTP/1.1" 200 27
120.204.17.70 - - [14/Dec/2020:10:47:29 +0800] "GET /xingrg/kc/print/load_data.html?order_code=212020121405456&kc_code=cgsh&condition= HTTP/1.1" 302 -
117.184.7.26 - - [14/Dec/2020:10:47:30 +0800] "GET /xingrg/kc/buy/cgsh_order_operate.html?command=get_materiel&rest_code=00108&code=00101008176&supplier_code=00100008&order_time=2020-12-14 HTTP/1.1" 200 413
180.174.56.115 - - [14/Dec/2020:10:47:31 +0800] "GET /xingrg/all/function/internal_message.html?_=1607914054009&CODE_STATE=getMsg HTTP/1.1" 200 27
101.85.93.83 - - [14/Dec/2020:10:47:31 +0800] "GET /xingrg/all/function/internal_message.html?_=1607913755885&CODE_STATE=getMsg HTTP/1.1" 200 27
58.40.7.146 - - [14/Dec/2020:10:47:32 +0800] "POST /xingrg/services/DataTransmitService HTTP/1.1" 200 524
183.192.164.71 - - [14/Dec/2020:10:47:32 +0800] "GET /xingrg/kc/print/load_data.html?order_code=212020121405456&kc_code=cgsh HTTP/1.1" 302 -
114.84.32.187 - - [14/Dec/2020:10:47:34 +0800] "GET /xingrg/all/function/internal_message.html?_=1607914086812&CODE_STATE=getMsg HTTP/1.1" 200 27
117.185.32.26 - - [14/Dec/2020:10:47:34 +0800] "POST /xingrg/kc/buy/cgsh_order_operate.html HTTP/1.1" 200 37
180.152.104.37 - - [14/Dec/2020:10:47:35 +0800] "GET /xingrg/all/function/internal_message.html?_=1607914286915&CODE_STATE=getMsg HTTP/1.1" 200 27
114.84.32.187 - - [14/Dec/2020:10:47:36 +0800] "GET /xingrg/kc/buy/cgsh_order_operate.html?command=get_materiel&rest_code=00146&code=00101012025&supplier_code=00100033&order_time=2020-12-14 HTTP/1.1" 200 412
117.185.32.26 - - [14/Dec/2020:10:47:36 +0800] "POST /xingrg/kc/buy/cgsh_order_operate.html HTTP/1.1" 200 12
120.204.17.70 - - [14/Dec/2020:10:47:36 +0800] "GET /xingrg/login.html HTTP/1.1" 200 7641
117.185.32.26 - - [14/Dec/2020:10:47:37 +0800] "GET /xingrg/kc/buy/cgsh_order_info.html?code=212020121405476 HTTP/1.1" 200 55808
117.184.7.26 - - [14/Dec/2020:10:47:37 +0800] "GET /xingrg/kc/buy/cgsh_order_operate.html?command=get_materiel&rest_code=00108&code=00101008027&supplier_code=00100008&order_time=2020-12-14 HTTP/1.1" 200 408
117.185.32.26 - - [14/Dec/2020:10:47:37 +0800] "GET /xingrg/javascript/easyui/themes/default/validatebox.css HTTP/1.1" 404 1104
117.185.32.26 - - [14/Dec/2020:10:47:37 +0800] "POST /xingrg/kc/buy/cgsh_order_operate.html HTTP/1.1" 200 3595
183.192.164.71 - - [14/Dec/2020:10:47:38 +0800] "GET /xingrg/login.html HTTP/1.1" 200 7641
180.174.56.115 - - [14/Dec/2020:10:47:40 +0800] "GET /xingrg/all/function/internal_message.html?_=1607914023212&CODE_STATE=getMsg HTTP/1.1" 200 27
117.184.7.26 - - [14/Dec/2020:10:47:40 +0800] "GET /xingrg/all/function/internal_message.html?_=1607914059734&CODE_STATE=getMsg HTTP/1.1" 200 27
117.185.32.26 - - [14/Dec/2020:10:47:41 +0800] "GET /xingrg/kc/print/load_data.html?order_code=212020121405476&kc_code=cgsh&condition= HTTP/1.1" 200 1856
117.185.32.26 - - [14/Dec/2020:10:47:41 +0800] "GET /xingrg/all/function/internal_message.html?_=1607914518644&CODE_STATE=getMsg HTTP/1.1" 200 27
117.184.7.26 - - [14/Dec/2020:10:47:44 +0800] "GET /xingrg/kc/buy/cgsh_order_operate.html?command=get_materiel&rest_code=00108&code=00101008132&supplier_code=00100008&order_time=2020-12-14 HTTP/1.1" 200 408
114.84.32.187 - - [14/Dec/2020:10:47:45 +0800] "GET /xingrg/all/function/internal_message.html?_=1607914065644&CODE_STATE=getMsg HTTP/1.1" 200 27
117.185.32.26 - - [14/Dec/2020:10:47:45 +0800] "GET /xingrg/all/function/internal_message.html?_=1607914061777&CODE_STATE=getMsg HTTP/1.1" 200 27
172.17.0.120 - - [14/Dec/2020:10:47:45 +0800] "GET /xingrg/all/function/internal_message.html?_=1607914601365&CODE_STATE=getMsg HTTP/1.1" 200 27
117.184.7.26 - - [14/Dec/2020:10:47:46 +0800] "POST /xingrg/kc/buy/cgsh_order_operate.html HTTP/1.1" 200 2065
120.204.17.73 - - [14/Dec/2020:10:47:49 +0800] "GET /xingrg/all/function/internal_message.html?_=1607913281478&CODE_STATE=getMsg HTTP/1.1" 302 -
120.253.135.82 - - [14/Dec/2020:10:47:50 +0800] "GET /xingrg/login.html HTTP/1.1" 200 7641
120.253.135.82 - - [14/Dec/2020:10:47:50 +0800] "GET /xingrg/images/blue/jxLogo.png HTTP/1.1" 304 -
120.253.135.82 - - [14/Dec/2020:10:47:50 +0800] "GET /xingrg/images/blue/hj.png HTTP/1.1" 304 -
120.253.135.82 - - [14/Dec/2020:10:47:50 +0800] "GET /xingrg/images/blue/srbg.png HTTP/1.1" 304 -
120.253.135.82 - - [14/Dec/2020:10:47:50 +0800] "GET /favicon.ico HTTP/1.1" 404 -
120.253.135.82 - - [14/Dec/2020:10:47:50 +0800] "GET /xingrg/images/blue/login_bg.png HTTP/1.1" 304 -
120.253.135.82 - - [14/Dec/2020:10:47:54 +0800] "POST /xingrg/login.do HTTP/1.1" 302 -
120.253.135.82 - - [14/Dec/2020:10:47:54 +0800] "GET /xingrg/index.html?sysBaseUrl=http%3A%2F%2F180.169.147.146%3A18081%2Fxingrg%2F&costTime=44×tamp=1607914074331 HTTP/1.1" 200 17173
120.253.135.82 - - [14/Dec/2020:10:47:54 +0800] "GET /xingrg/javascript/jquery_easy_ui/themes/default/easyui.css HTTP/1.1" 304 -
120.253.135.82 - - [14/Dec/2020:10:47:54 +0800] "GET /xingrg/javascript/jquery_easy_ui/themes/icon.css HTTP/1.1" 304 -
120.253.135.82 - - [14/Dec/2020:10:47:54 +0800] "GET /xingrg/javascript/jquery.utils.js HTTP/1.1" 304 -
120.253.135.82 - - [14/Dec/2020:10:47:54 +0800] "GET /xingrg/javascript/jquery-1.4.2.min.js HTTP/1.1" 304 -
120.253.135.82 - - [14/Dec/2020:10:47:54 +0800] "GET /xingrg/javascript/jquery_easy_ui/easyui-lang-zh_CN.js HTTP/1.1" 304 -
120.253.135.82 - - [14/Dec/2020:10:47:54 +0800] "GET /xingrg/javascript/jquery_easy_ui/jquery.easyui.min.js HTTP/1.1" 304 -
120.253.135.82 - - [14/Dec/2020:10:47:54 +0800] "GET /xingrg/css/form.css HTTP/1.1" 304 -
120.253.135.82 - - [14/Dec/2020:10:47:54 +0800] "GET /xingrg/javascript/jquery.timers.js HTTP/1.1" 304 -
120.253.135.82 - - [14/Dec/2020:10:47:54 +0800] "GET /xingrg/javascript/jquery.form.js HTTP/1.1" 304 -
120.253.135.82 - - [14/Dec/2020:10:47:54 +0800] "GET /xingrg/images/blue/navBackgound.jpg HTTP/1.1" 304 -
120.253.135.82 - - [14/Dec/2020:10:47:54 +0800] "GET /xingrg/javascript/jquery_easy_ui/themes/icons/settle_new.png HTTP/1.1" 304 -
120.253.135.82 - - [14/Dec/2020:10:47:54 +0800] "GET /favicon.ico HTTP/1.1" 404 -
120.253.135.82 - - [14/Dec/2020:10:47:54 +0800] "GET /xingrg/images/blue/pingpu.png HTTP/1.1" 304 -
120.253.135.82 - - [14/Dec/2020:10:47:54 +0800] "POST /xingrg/all/common/load_tree.html?tree=area_rest_tree_json&manage=1 HTTP/1.1" 200 344
120.253.135.82 - - [14/Dec/2020:10:47:54 +0800] "GET /xingrg/javascript/jquery_easy_ui/themes/default/images/tabs_leftarrow.png HTTP/1.1" 304 -
120.253.135.82 - - [14/Dec/2020:10:47:54 +0800] "GET /xingrg/javascript/jquery_easy_ui/themes/default/images/panel_tool_collapse.gif HTTP/1.1" 304 -
120.253.135.82 - - [14/Dec/2020:10:47:54 +0800] "GET /xingrg/javascript/jquery_easy_ui/themes/default/images/tabs_rightarrow.png HTTP/1.1" 304 -
120.253.135.82 - - [14/Dec/2020:10:47:55 +0800] "GET /xingrg/all/function/internal_message.html?_=1607914189206&CODE_STATE=count HTTP/1.1" 200 11
120.253.135.82 - - [14/Dec/2020:10:47:55 +0800] "GET /xingrg/check_reg.html?_=1607914189207 HTTP/1.1" 200 22
120.253.135.82 - - [14/Dec/2020:10:47:55 +0800] "POST /xingrg/load_menu.html HTTP/1.1" 200 6743
120.253.135.82 - - [14/Dec/2020:10:47:55 +0800] "GET /xingrg/javascript/jquery_easy_ui/themes/default/images/tree_arrows.gif HTTP/1.1" 304 -
120.253.135.82 - - [14/Dec/2020:10:47:55 +0800] "GET /xingrg/javascript/jquery_easy_ui/themes/default/images/tree_folder_open.gif HTTP/1.1" 304 -
120.253.135.82 - - [14/Dec/2020:10:47:55 +0800] "GET /xingrg/javascript/jquery_easy_ui/themes/icons/search_new.png HTTP/1.1" 304 -
120.253.135.82 - - [14/Dec/2020:10:47:55 +0800] "GET /xingrg/javascript/jquery_easy_ui/themes/icons/delivery_new.png HTTP/1.1" 304 -
120.253.135.82 - - [14/Dec/2020:10:47:55 +0800] "GET /xingrg/javascript/jquery_easy_ui/themes/icons/storage_new.png HTTP/1.1" 304 -
120.253.135.82 - - [14/Dec/2020:10:47:55 +0800] "GET /xingrg/javascript/jquery_easy_ui/themes/default/images/tree_file.gif HTTP/1.1" 304 -
120.253.135.82 - - [14/Dec/2020:10:47:55 +0800] "GET /xingrg/javascript/jquery_easy_ui/themes/icons/forms_new.png HTTP/1.1" 304 -
120.253.135.82 - - [14/Dec/2020:10:47:55 +0800] "GET /xingrg/javascript/jquery_easy_ui/themes/default/images/tree_folder.gif HTTP/1.1" 304 -
117.131.5.26 - - [14/Dec/2020:10:47:57 +0800] "GET /xingrg/all/function/internal_message.html?_=1607914403624&CODE_STATE=getMsg HTTP/1.1" 200 27
120.253.135.82 - - [14/Dec/2020:10:47:58 +0800] "GET /xingrg/javascript/jquery_easy_ui/themes/default/images/tabs_close.gif HTTP/1.1" 304 -
120.253.135.82 - - [14/Dec/2020:10:47:58 +0800] "GET /xingrg/kc/pszx/mdqp_order_list.html?state=10 HTTP/1.1" 200 11844
120.253.135.82 - - [14/Dec/2020:10:47:58 +0800] "GET /xingrg/javascript/pic_change.js HTTP/1.1" 304 -
120.253.135.82 - - [14/Dec/2020:10:47:58 +0800] "GET /xingrg/css/blue.css HTTP/1.1" 304 -
120.253.135.82 - - [14/Dec/2020:10:47:58 +0800] "GET /xingrg/dwr/interface/AjaxReportQueryService.js HTTP/1.1" 200 13203
120.253.135.82 - - [14/Dec/2020:10:47:58 +0800] "GET /xingrg/javascript/myfunction.js HTTP/1.1" 304 -
120.253.135.82 - - [14/Dec/2020:10:47:58 +0800] "GET /xingrg/javascript/Calendar.js HTTP/1.1" 304 -
120.253.135.82 - - [14/Dec/2020:10:47:58 +0800] "GET /xingrg/dwr/interface/AjaxQqpsService.js HTTP/1.1" 200 16326
120.253.135.82 - - [14/Dec/2020:10:47:58 +0800] "GET /xingrg/dwr/engine.js HTTP/1.1" 200 43631
120.253.135.82 - - [14/Dec/2020:10:47:58 +0800] "GET /xingrg/dwr/util.js HTTP/1.1" 200 35990
120.253.135.82 - - [14/Dec/2020:10:47:58 +0800] "GET /xingrg/javascript/jquery_easy_ui/themes/icons/check_new.png HTTP/1.1" 304 -
120.253.135.82 - - [14/Dec/2020:10:47:58 +0800] "GET /xingrg/javascript/jquery_easy_ui/themes/icons/uncheck_new.png HTTP/1.1" 304 -
120.253.135.82 - - [14/Dec/2020:10:47:58 +0800] "GET /xingrg/javascript/jquery_easy_ui/themes/icons/back_new.png HTTP/1.1" 304 -
120.204.17.73 - - [14/Dec/2020:10:47:58 +0800] "GET /xingrg/login.html HTTP/1.1" 200 7641
116.228.172.94 - - [14/Dec/2020:10:47:59 +0800] "GET /xingrg/all/function/internal_message.html?_=1607914079473&CODE_STATE=getMsg HTTP/1.1" 200 27
117.184.7.26 - - [14/Dec/2020:10:48:00 +0800] "GET /xingrg/kc/buy/cgsh_order_operate.html?command=get_materiel&rest_code=00108&code=00101008096&supplier_code=00100008&order_time=2020-12-14 HTTP/1.1" 200 413
114.88.159.147 - - [14/Dec/2020:10:48:00 +0800] "GET /xingrg/all/function/internal_message.html?_=1607913650975&CODE_STATE=getMsg HTTP/1.1" 302 -
120.253.135.82 - - [14/Dec/2020:10:48:02 +0800] "GET /xingrg/javascript/jquery_easy_ui/themes/icons/area.png HTTP/1.1" 304 -
222.69.136.203 - - [14/Dec/2020:10:48:03 +0800] "GET /xingrg/all/function/internal_message.html?_=1607914082173&CODE_STATE=getMsg HTTP/1.1" 200 27
117.185.32.26 - - [14/Dec/2020:10:48:04 +0800] "GET /xingrg/kc/base/base_main.html HTTP/1.1" 200 12142
114.86.227.138 - - [14/Dec/2020:10:48:05 +0800] "GET /xingrg/all/function/internal_message.html?_=1607914156847&CODE_STATE=getMsg HTTP/1.1" 200 27
114.84.32.187 - - [14/Dec/2020:10:48:05 +0800] "GET /xingrg/kc/buy/cgsh_order_operate.html?command=get_materiel&rest_code=00146&code=00101016025&supplier_code=00100033&order_time=2020-12-14 HTTP/1.1" 200 408
120.253.135.82 - - [14/Dec/2020:10:48:06 +0800] "GET /xingrg/javascript/auto/jquery.autocomplete.js HTTP/1.1" 304 -
120.253.135.82 - - [14/Dec/2020:10:48:06 +0800] "GET /xingrg/kc/pszx/mdqp_order_info.html?code=302020121400296 HTTP/1.1" 200 13350
120.253.135.82 - - [14/Dec/2020:10:48:06 +0800] "GET /xingrg/javascript/tools/jquery.qtip-1.0.0-rc3.min.js HTTP/1.1" 304 -
120.253.135.82 - - [14/Dec/2020:10:48:06 +0800] "GET /xingrg/dwr/engine.js HTTP/1.1" 200 43631
120.253.135.82 - - [14/Dec/2020:10:48:06 +0800] "GET /xingrg/dwr/interface/AjaxQqpsService.js HTTP/1.1" 200 16326
120.253.135.82 - - [14/Dec/2020:10:48:06 +0800] "GET /xingrg/dwr/interface/AjaxComOrderService.js HTTP/1.1" 200 18264
120.253.135.82 - - [14/Dec/2020:10:48:06 +0800] "GET /xingrg/javascript/checkform.js HTTP/1.1" 304 -
120.253.135.82 - - [14/Dec/2020:10:48:06 +0800] "GET /xingrg/javascript/print/LodopFuncs.js HTTP/1.1" 304 -
120.253.135.82 - - [14/Dec/2020:10:48:06 +0800] "GET /xingrg/javascript/Grid.js HTTP/1.1" 304 -
120.253.135.82 - - [14/Dec/2020:10:48:06 +0800] "GET /xingrg/javascript/AjaxInfoList.js HTTP/1.1" 304 -
120.253.135.82 - - [14/Dec/2020:10:48:06 +0800] "GET /xingrg/javascript/ToolTips.js HTTP/1.1" 304 -
120.253.135.82 - - [14/Dec/2020:10:48:06 +0800] "GET /xingrg/javascript/print/kc_print.js HTTP/1.1" 304 -
120.253.135.82 - - [14/Dec/2020:10:48:06 +0800] "GET /xingrg/javascript/jquery_easy_ui/themes/icons/print.png HTTP/1.1" 304 -
120.253.135.82 - - [14/Dec/2020:10:48:06 +0800] "GET /xingrg/javascript/jquery_easy_ui/themes/default/images/menu_downarrow.png HTTP/1.1" 304 -
120.253.135.82 - - [14/Dec/2020:10:48:06 +0800] "GET /xingrg/images/blue/button/kc_tab_edit.gif HTTP/1.1" 304 -
120.253.135.82 - - [14/Dec/2020:10:48:06 +0800] "GET /xingrg/images/blue/button/kc_tab_save.gif HTTP/1.1" 304 -
120.253.135.82 - - [14/Dec/2020:10:48:06 +0800] "GET /xingrg/images/blue/kc_tab_left.gif HTTP/1.1" 304 -
120.253.135.82 - - [14/Dec/2020:10:48:06 +0800] "GET /xingrg/images/blue/kc_tab_mid.gif HTTP/1.1" 304 -
120.253.135.82 - - [14/Dec/2020:10:48:06 +0800] "GET /xingrg/images/blue/kc_tab2_left.gif HTTP/1.1" 304 -
120.253.135.82 - - [14/Dec/2020:10:48:06 +0800] "GET /xingrg/images/blue/kc_tab2_right.gif HTTP/1.1" 304 -
120.253.135.82 - - [14/Dec/2020:10:48:06 +0800] "GET /xingrg/images/blue/kc_tab_right.gif HTTP/1.1" 304 -
120.253.135.82 - - [14/Dec/2020:10:48:06 +0800] "GET /xingrg/images/blue/wait.gif HTTP/1.1" 304 -
117.185.32.26 - - [14/Dec/2020:10:48:06 +0800] "GET /xingrg/kc/base/wldb_order_list.html HTTP/1.1" 200 19339
114.88.163.87 - - [14/Dec/2020:10:48:06 +0800] "GET /xingrg/all/function/internal_message.html?_=1607914221210&CODE_STATE=getMsg HTTP/1.1" 200 27
120.253.135.82 - - [14/Dec/2020:10:48:06 +0800] "POST /xingrg/dwr/call/plaincall/AjaxQqpsService.loadMaterielItems.dwr HTTP/1.1" 200 840
222.69.133.109 - - [14/Dec/2020:10:48:06 +0800] "GET /xingrg/kc/buy/cgsh_order_list.html HTTP/1.1" 200 45171
117.185.32.26 - - [14/Dec/2020:10:48:07 +0800] "POST /xingrg/kc/base/wldb_list_operate.html HTTP/1.1" 200 928
117.184.7.26 - - [14/Dec/2020:10:48:07 +0800] "GET /xingrg/kc/buy/cgsh_order_operate.html?command=get_materiel&rest_code=00108&code=00101008358&supplier_code=00100008&order_time=2020-12-14 HTTP/1.1" 200 412
222.69.133.109 - - [14/Dec/2020:10:48:08 +0800] "POST /xingrg/kc/buy/cgsh_list_operate.html HTTP/1.1" 200 876
172.17.0.102 - - [14/Dec/2020:10:48:08 +0800] "GET /xingrg/all/function/internal_message.html?_=1607914089491&CODE_STATE=getMsg HTTP/1.1" 200 27
172.17.0.108 - - [14/Dec/2020:10:48:09 +0800] "GET /xingrg/all/function/internal_message.html?_=1607914089160&CODE_STATE=getMsg HTTP/1.1" 200 27
120.253.135.82 - - [14/Dec/2020:10:48:10 +0800] "GET /xingrg/javascript/jquery_easy_ui/themes/default/images/button_plain_hover.png HTTP/1.1" 304 -
120.253.135.82 - - [14/Dec/2020:10:48:11 +0800] "GET /xingrg/kc/pszx/mdqp_order_list.html?isBack=1 HTTP/1.1" 302 -
222.69.133.109 - - [14/Dec/2020:10:48:11 +0800] "GET /xingrg/kc/buy/cgsh_order_add.html HTTP/1.1" 200 60024
120.253.135.82 - - [14/Dec/2020:10:48:11 +0800] "GET /xingrg/kc/pszx/mdqp_order_list.html?state=10 HTTP/1.1" 200 11844
120.253.135.82 - - [14/Dec/2020:10:48:11 +0800] "GET /xingrg/dwr/interface/AjaxQqpsService.js HTTP/1.1" 200 16326
120.253.135.82 - - [14/Dec/2020:10:48:11 +0800] "GET /xingrg/dwr/interface/AjaxReportQueryService.js HTTP/1.1" 200 13203
120.253.135.82 - - [14/Dec/2020:10:48:11 +0800] "GET /xingrg/dwr/engine.js HTTP/1.1" 200 43631
180.162.108.15 - - [14/Dec/2020:10:48:11 +0800] "GET /xingrg/all/function/internal_message.html?_=1607913995042&CODE_STATE=getMsg HTTP/1.1" 200 27
180.162.108.15 - - [14/Dec/2020:10:48:11 +0800] "GET /xingrg/check_reg.html?_=1607913995045 HTTP/1.1" 200 22
222.69.133.109 - - [14/Dec/2020:10:48:11 +0800] "POST /xingrg/kc/buy/cgsh_order_operate.html HTTP/1.1" 200 8245
222.69.133.109 - - [14/Dec/2020:10:48:11 +0800] "GET /xingrg/all/common/auto_word.html?type=employee&rest_code=00154 HTTP/1.1" 200 101
222.69.133.109 - - [14/Dec/2020:10:48:11 +0800] "GET /xingrg/all/common/auto_word.html?type=employee&rest_code=00154 HTTP/1.1" 200 101
222.69.133.109 - - [14/Dec/2020:10:48:11 +0800] "GET /xingrg/javascript/easyui/themes/default/validatebox.css HTTP/1.1" 404 1104
117.185.32.26 - - [14/Dec/2020:10:48:11 +0800] "GET /xingrg/check_reg.html?_=1607914548914 HTTP/1.1" 200 22
117.184.7.26 - - [14/Dec/2020:10:48:14 +0800] "GET /xingrg/kc/buy/cgsh_order_operate.html?command=get_materiel&rest_code=00108&code=00101008201&supplier_code=00100008&order_time=2020-12-14 HTTP/1.1" 200 412
120.253.135.82 - - [14/Dec/2020:10:48:14 +0800] "GET /xingrg/kc/pszx/mdqp_order_info.html?code=302020121400297 HTTP/1.1" 200 13350
120.253.135.82 - - [14/Dec/2020:10:48:15 +0800] "GET /xingrg/dwr/interface/AjaxQqpsService.js HTTP/1.1" 200 16326
120.253.135.82 - - [14/Dec/2020:10:48:15 +0800] "GET /xingrg/dwr/interface/AjaxComOrderService.js HTTP/1.1" 200 18264
120.253.135.82 - - [14/Dec/2020:10:48:15 +0800] "GET /xingrg/dwr/engine.js HTTP/1.1" 200 43631
120.253.135.82 - - [14/Dec/2020:10:48:15 +0800] "POST /xingrg/dwr/call/plaincall/AjaxQqpsService.loadMaterielItems.dwr HTTP/1.1" 200 1507
117.185.32.26 - - [14/Dec/2020:10:48:17 +0800] "GET /xingrg/kc/base/wldb_order_add.html HTTP/1.1" 200 30508
117.185.32.26 - - [14/Dec/2020:10:48:17 +0800] "POST /xingrg/kc/base/wldb_order_operate.html HTTP/1.1" 200 6806
117.185.32.26 - - [14/Dec/2020:10:48:17 +0800] "GET /xingrg/all/common/auto_word.html?type=base&rest_code=00106 HTTP/1.1" 200 1753
117.185.32.26 - - [14/Dec/2020:10:48:18 +0800] "GET /xingrg/all/common/auto_word.html?type=base&rest_code=00106 HTTP/1.1" 200 1753
117.185.32.26 - - [14/Dec/2020:10:48:18 +0800] "GET /xingrg/javascript/easyui/themes/default/validatebox.css HTTP/1.1" 404 1104
117.184.7.26 - - [14/Dec/2020:10:48:20 +0800] "GET /xingrg/kc/buy/cgsh_order_operate.html?command=get_materiel&rest_code=00108&code=00101008126&supplier_code=00100008&order_time=2020-12-14 HTTP/1.1" 200 412
117.185.32.26 - - [14/Dec/2020:10:48:20 +0800] "POST /xingrg/all/common/load_combo.html?type=base HTTP/1.1" 200 3142
222.69.133.109 - - [14/Dec/2020:10:48:20 +0800] "GET /xingrg/all/function/internal_message.html?_=1607914101412&CODE_STATE=getMsg HTTP/1.1" 200 27
117.184.7.26 - - [14/Dec/2020:10:48:23 +0800] "POST /xingrg/kc/buy/cgsh_order_operate.html HTTP/1.1" 200 2065
114.84.32.187 - - [14/Dec/2020:10:48:23 +0800] "GET /xingrg/kc/buy/cgsh_order_operate.html?command=get_materiel&rest_code=00146&code=00101016105&supplier_code=00100033&order_time=2020-12-14 HTTP/1.1" 200 409
180.162.108.15 - - [14/Dec/2020:10:48:23 +0800] "GET /xingrg/kc/base/wldb_order_add.html HTTP/1.1" 200 30518
180.162.108.15 - - [14/Dec/2020:10:48:24 +0800] "POST /xingrg/kc/base/wldb_order_operate.html HTTP/1.1" 200 6806
180.162.108.15 - - [14/Dec/2020:10:48:24 +0800] "GET /xingrg/javascript/easyui/themes/default/validatebox.css HTTP/1.1" 404 1104
117.185.32.26 - - [14/Dec/2020:10:48:24 +0800] "POST /xingrg/all/common/load_combo.html?type=base HTTP/1.1" 200 3142
180.162.108.15 - - [14/Dec/2020:10:48:25 +0800] "POST /xingrg/all/common/load_combo.html?type=base HTTP/1.1" 200 1130
180.162.223.42 - - [14/Dec/2020:10:48:25 +0800] "GET /xingrg/all/function/internal_message.html?_=1607914106219&CODE_STATE=getMsg HTTP/1.1" 200 27
172.17.200.101 - - [14/Dec/2020:10:48:27 +0800] "GET /xingrg/all/function/internal_message.html?_=1607914107429&CODE_STATE=getMsg HTTP/1.1" 200 27
183.192.164.85 - - [14/Dec/2020:10:48:27 +0800] "GET /xingrg/all/function/internal_message.html?_=1607913402054&CODE_STATE=getMsg HTTP/1.1" 302 -
180.162.108.15 - - [14/Dec/2020:10:48:28 +0800] "POST /xingrg/all/common/load_combo.html?type=base HTTP/1.1" 200 1130
124.77.237.88 - - [14/Dec/2020:10:48:29 +0800] "GET /xingrg/all/function/internal_message.html?_=1607914108217&CODE_STATE=getMsg HTTP/1.1" 200 27
183.192.164.85 - - [14/Dec/2020:10:48:29 +0800] "GET /xingrg/login.html HTTP/1.1" 200 7641
120.253.135.82 - - [14/Dec/2020:10:48:30 +0800] "GET /xingrg/kc/pszx/mdqp_order_list.html?isBack=1 HTTP/1.1" 302 -
120.253.135.82 - - [14/Dec/2020:10:48:30 +0800] "GET /xingrg/kc/pszx/mdqp_order_list.html?state=10 HTTP/1.1" 200 11844
120.253.135.82 - - [14/Dec/2020:10:48:30 +0800] "GET /xingrg/dwr/interface/AjaxReportQueryService.js HTTP/1.1" 200 13203
120.253.135.82 - - [14/Dec/2020:10:48:30 +0800] "GET /xingrg/dwr/interface/AjaxQqpsService.js HTTP/1.1" 200 16326
120.253.135.82 - - [14/Dec/2020:10:48:30 +0800] "GET /xingrg/dwr/engine.js HTTP/1.1" 200 43631
180.174.56.115 - - [14/Dec/2020:10:48:31 +0800] "GET /xingrg/all/function/internal_message.html?_=1607914114009&CODE_STATE=getMsg HTTP/1.1" 200 27
101.85.93.83 - - [14/Dec/2020:10:48:31 +0800] "GET /xingrg/all/function/internal_message.html?_=1607913815883&CODE_STATE=getMsg HTTP/1.1" 200 27
120.253.135.82 - - [14/Dec/2020:10:48:32 +0800] "GET /xingrg/kc/pszx/mdqp_order_info.html?code=302020121400298 HTTP/1.1" 200 13350
120.253.135.82 - - [14/Dec/2020:10:48:32 +0800] "GET /xingrg/dwr/interface/AjaxComOrderService.js HTTP/1.1" 200 18264
120.253.135.82 - - [14/Dec/2020:10:48:32 +0800] "GET /xingrg/dwr/interface/AjaxQqpsService.js HTTP/1.1" 200 16326
120.253.135.82 - - [14/Dec/2020:10:48:32 +0800] "GET /xingrg/dwr/engine.js HTTP/1.1" 200 43631
120.253.135.82 - - [14/Dec/2020:10:48:32 +0800] "POST /xingrg/dwr/call/plaincall/AjaxQqpsService.loadMaterielItems.dwr HTTP/1.1" 200 331
117.184.7.26 - - [14/Dec/2020:10:48:34 +0800] "GET /xingrg/kc/buy/cgsh_order_operate.html?command=get_materiel&rest_code=00108&code=00101008356&supplier_code=00100008&order_time=2020-12-14 HTTP/1.1" 200 409
114.84.32.187 - - [14/Dec/2020:10:48:34 +0800] "GET /xingrg/all/function/internal_message.html?_=1607914146827&CODE_STATE=getMsg HTTP/1.1" 200 27
180.152.104.37 - - [14/Dec/2020:10:48:35 +0800] "GET /xingrg/all/function/internal_message.html?_=1607914346930&CODE_STATE=getMsg HTTP/1.1" 200 27
120.253.135.82 - - [14/Dec/2020:10:48:35 +0800] "GET /xingrg/images/yd/bt.gif HTTP/1.1" 404 1040
120.253.135.82 - - [14/Dec/2020:10:48:36 +0800] "GET /xingrg/kc/pszx/mdqp_order_list.html?isBack=1 HTTP/1.1" 302 -
120.253.135.82 - - [14/Dec/2020:10:48:36 +0800] "GET /xingrg/kc/pszx/mdqp_order_list.html?state=10 HTTP/1.1" 200 11844
120.253.135.82 - - [14/Dec/2020:10:48:36 +0800] "GET /xingrg/dwr/interface/AjaxReportQueryService.js HTTP/1.1" 200 13203
120.253.135.82 - - [14/Dec/2020:10:48:36 +0800] "GET /xingrg/dwr/interface/AjaxQqpsService.js HTTP/1.1" 200 16326
120.253.135.82 - - [14/Dec/2020:10:48:36 +0800] "GET /xingrg/dwr/engine.js HTTP/1.1" 200 43631
120.253.135.82 - - [14/Dec/2020:10:48:37 +0800] "GET /xingrg/kc/pszx/mdqp_order_info.html?code=302020121400299 HTTP/1.1" 200 13350
120.253.135.82 - - [14/Dec/2020:10:48:37 +0800] "GET /xingrg/dwr/interface/AjaxComOrderService.js HTTP/1.1" 200 18264
120.253.135.82 - - [14/Dec/2020:10:48:37 +0800] "GET /xingrg/dwr/interface/AjaxQqpsService.js HTTP/1.1" 200 16326
120.253.135.82 - - [14/Dec/2020:10:48:38 +0800] "POST /xingrg/dwr/call/plaincall/AjaxQqpsService.loadMaterielItems.dwr HTTP/1.1" 200 14404
114.88.159.147 - - [14/Dec/2020:10:48:38 +0800] "GET /xingrg/kc/buy/buy_main.html HTTP/1.1" 302 -
114.88.159.147 - - [14/Dec/2020:10:48:38 +0800] "GET /xingrg/login.html HTTP/1.1" 200 7641
114.88.159.147 - - [14/Dec/2020:10:48:38 +0800] "GET /xingrg/login.html HTTP/1.1" 200 7641
117.185.32.26 - - [14/Dec/2020:10:48:38 +0800] "GET /xingrg/kc/base/wldb_order_operate.html?command=get_materiel&rest_code=00106&base_code=0010396&code=00101019184 HTTP/1.1" 200 444
114.88.159.147 - - [14/Dec/2020:10:48:38 +0800] "GET /favicon.ico HTTP/1.1" 404 -
114.88.159.147 - - [14/Dec/2020:10:48:39 +0800] "POST /xingrg/login.do HTTP/1.1" 302 -
114.88.159.147 - - [14/Dec/2020:10:48:39 +0800] "GET /xingrg/index.html?sysBaseUrl=http%3A%2F%2F180.169.147.146%3A18081%2Fxingrg%2F&costTime=39×tamp=1607914119861 HTTP/1.1" 200 17179
114.88.159.147 - - [14/Dec/2020:10:48:40 +0800] "GET /favicon.ico HTTP/1.1" 404 -
180.174.56.115 - - [14/Dec/2020:10:48:40 +0800] "GET /xingrg/all/function/internal_message.html?_=1607914083225&CODE_STATE=getMsg HTTP/1.1" 200 27
114.88.159.147 - - [14/Dec/2020:10:48:40 +0800] "POST /xingrg/all/common/load_tree.html?tree=area_rest_tree_json&manage=1 HTTP/1.1" 200 351
114.88.159.147 - - [14/Dec/2020:10:48:40 +0800] "GET /xingrg/all/function/internal_message.html?_=1607913690718&CODE_STATE=count HTTP/1.1" 200 11
114.88.159.147 - - [14/Dec/2020:10:48:40 +0800] "GET /xingrg/check_reg.html?_=1607913690719 HTTP/1.1" 200 22
114.88.159.147 - - [14/Dec/2020:10:48:40 +0800] "POST /xingrg/load_menu.html HTTP/1.1" 200 5138
117.184.7.26 - - [14/Dec/2020:10:48:40 +0800] "GET /xingrg/all/function/internal_message.html?_=1607914119713&CODE_STATE=getMsg HTTP/1.1" 200 27
114.84.32.187 - - [14/Dec/2020:10:48:41 +0800] "GET /xingrg/kc/buy/cgsh_order_operate.html?command=get_materiel&rest_code=00146&code=00101016080&supplier_code=00100033&order_time=2020-12-14 HTTP/1.1" 200 408
117.185.32.26 - - [14/Dec/2020:10:48:41 +0800] "GET /xingrg/all/function/internal_message.html?_=1607914578617&CODE_STATE=getMsg HTTP/1.1" 200 27
117.184.7.26 - - [14/Dec/2020:10:48:42 +0800] "GET /xingrg/kc/buy/cgsh_order_operate.html?command=get_materiel&rest_code=00108&code=00101008251&supplier_code=00100008&order_time=2020-12-14 HTTP/1.1" 200 408
114.84.32.187 - - [14/Dec/2020:10:48:45 +0800] "GET /xingrg/all/function/internal_message.html?_=1607914125651&CODE_STATE=getMsg HTTP/1.1" 200 27
117.185.32.26 - - [14/Dec/2020:10:48:45 +0800] "GET /xingrg/all/function/internal_message.html?_=1607914121749&CODE_STATE=getMsg HTTP/1.1" 200 27
172.17.0.120 - - [14/Dec/2020:10:48:45 +0800] "GET /xingrg/all/function/internal_message.html?_=1607914661367&CODE_STATE=getMsg HTTP/1.1" 200 27
117.185.32.26 - - [14/Dec/2020:10:48:50 +0800] "GET /xingrg/kc/base/wldb_order_operate.html?command=get_materiel&rest_code=00106&base_code=0010396&code=00101019492 HTTP/1.1" 200 457
120.253.135.82 - - [14/Dec/2020:10:48:55 +0800] "GET /xingrg/all/function/internal_message.html?_=1607914249210&CODE_STATE=getMsg HTTP/1.1" 200 27
117.184.7.26 - - [14/Dec/2020:10:48:55 +0800] "GET /xingrg/kc/buy/cgsh_order_operate.html?command=get_materiel&rest_code=00108&code=00101008059&supplier_code=00100008&order_time=2020-12-14 HTTP/1.1" 200 408
116.232.52.76 - - [14/Dec/2020:10:48:55 +0800] "POST /xingrg/services/DataTransmitService HTTP/1.1" 200 524
114.88.159.147 - - [14/Dec/2020:10:48:55 +0800] "GET /xingrg/kc/buy/buy_main.html HTTP/1.1" 200 12412
114.88.159.147 - - [14/Dec/2020:10:48:55 +0800] "GET /xingrg/css/new_ie.css HTTP/1.1" 404 1036
114.88.159.147 - - [14/Dec/2020:10:48:56 +0800] "GET /xingrg/images/yd/bt.gif HTTP/1.1" 404 1040
117.131.5.26 - - [14/Dec/2020:10:48:57 +0800] "GET /xingrg/all/function/internal_message.html?_=1607914463627&CODE_STATE=getMsg HTTP/1.1" 200 27
114.88.159.147 - - [14/Dec/2020:10:48:57 +0800] "GET /xingrg/kc/buy/cgsh_order_list.html HTTP/1.1" 200 45171
114.88.159.147 - - [14/Dec/2020:10:48:58 +0800] "POST /xingrg/kc/buy/cgsh_list_operate.html HTTP/1.1" 200 876
114.84.32.187 - - [14/Dec/2020:10:48:58 +0800] "GET /xingrg/kc/buy/cgsh_order_operate.html?command=get_materiel&rest_code=00146&code=00101012010&supplier_code=00100033&order_time=2020-12-14 HTTP/1.1" 200 409
114.88.159.147 - - [14/Dec/2020:10:48:58 +0800] "GET /xingrg/kc/buy/cgsh_order_add.html HTTP/1.1" 200 60908
114.88.159.147 - - [14/Dec/2020:10:48:59 +0800] "GET /xingrg/words/20201212095936_words.js HTTP/1.1" 304 -
114.88.159.147 - - [14/Dec/2020:10:48:59 +0800] "GET /xingrg/all/common/auto_word.html?type=employee&rest_code=00141 HTTP/1.1" 200 201
114.88.159.147 - - [14/Dec/2020:10:48:59 +0800] "GET /xingrg/javascript/easyui/themes/default/validatebox.css HTTP/1.1" 404 1104
114.88.159.147 - - [14/Dec/2020:10:48:59 +0800] "GET /xingrg/all/common/auto_word.html?type=employee&rest_code=00141 HTTP/1.1" 200 201
114.88.159.147 - - [14/Dec/2020:10:48:59 +0800] "POST /xingrg/kc/buy/cgsh_order_operate.html HTTP/1.1" 200 8245
116.228.172.94 - - [14/Dec/2020:10:48:59 +0800] "GET /xingrg/all/function/internal_message.html?_=1607914139448&CODE_STATE=getMsg HTTP/1.1" 200 27
222.69.136.203 - - [14/Dec/2020:10:49:03 +0800] "GET /xingrg/all/function/internal_message.html?_=1607914142172&CODE_STATE=getMsg HTTP/1.1" 200 27
117.185.32.26 - - [14/Dec/2020:10:49:03 +0800] "GET /xingrg/kc/base/wldb_order_operate.html?command=get_materiel&rest_code=00106&base_code=0010396&code=00101019071 HTTP/1.1" 200 455
114.86.227.138 - - [14/Dec/2020:10:49:04 +0800] "GET /xingrg/all/function/internal_message.html?_=1607914216842&CODE_STATE=getMsg HTTP/1.1" 200 27
117.184.7.26 - - [14/Dec/2020:10:49:06 +0800] "POST /xingrg/kc/buy/cgsh_order_operate.html HTTP/1.1" 200 37
114.88.163.87 - - [14/Dec/2020:10:49:06 +0800] "GET /xingrg/all/function/internal_message.html?_=1607914281224&CODE_STATE=getMsg HTTP/1.1" 200 27
117.184.7.26 - - [14/Dec/2020:10:49:07 +0800] "POST /xingrg/kc/buy/cgsh_order_operate.html HTTP/1.1" 200 23342
172.17.0.102 - - [14/Dec/2020:10:49:08 +0800] "GET /xingrg/all/function/internal_message.html?_=1607914149477&CODE_STATE=getMsg HTTP/1.1" 200 27
172.17.0.108 - - [14/Dec/2020:10:49:09 +0800] "GET /xingrg/all/function/internal_message.html?_=1607914149173&CODE_STATE=getMsg HTTP/1.1" 200 27
180.162.108.15 - - [14/Dec/2020:10:49:11 +0800] "GET /xingrg/all/function/internal_message.html?_=1607914055035&CODE_STATE=getMsg HTTP/1.1" 200 27
114.84.32.187 - - [14/Dec/2020:10:49:12 +0800] "POST /xingrg/kc/buy/cgsh_order_operate.html HTTP/1.1" 200 37
114.84.32.187 - - [14/Dec/2020:10:49:14 +0800] "POST /xingrg/kc/buy/cgsh_order_operate.html HTTP/1.1" 200 5001
114.88.159.147 - - [14/Dec/2020:10:49:15 +0800] "GET /xingrg/javascript/auto/indicator.gif HTTP/1.1" 404 1066
117.185.32.26 - - [14/Dec/2020:10:49:16 +0800] "GET /xingrg/kc/base/wldb_order_operate.html?command=get_materiel&rest_code=00106&base_code=0010396&code=00101019405 HTTP/1.1" 200 468
114.88.159.147 - - [14/Dec/2020:10:49:16 +0800] "GET /xingrg/javascript/jquery_tools/images/next.gif HTTP/1.1" 404 1086
114.88.159.147 - - [14/Dec/2020:10:49:16 +0800] "GET /xingrg/javascript/jquery_tools/images/prev.gif HTTP/1.1" 404 1086
114.84.32.187 - - [14/Dec/2020:10:49:18 +0800] "GET /xingrg/kc/print/load_data.html?order_code=212020121405477&kc_code=cgsh&condition= HTTP/1.1" 200 1602
222.69.133.109 - - [14/Dec/2020:10:49:20 +0800] "GET /xingrg/all/function/internal_message.html?_=1607914161417&CODE_STATE=getMsg HTTP/1.1" 200 27
114.88.159.147 - - [14/Dec/2020:10:49:23 +0800] "GET /xingrg/kc/buy/cgsh_order_operate.html?command=get_materiel&rest_code=00141&code=00101018011&supplier_code=00100330&order_time=2020-12-14 HTTP/1.1" 200 413
117.184.7.26 - - [14/Dec/2020:10:49:25 +0800] "GET /xingrg/kc/buy/cgsh_order_operate.html?command=get_materiel&rest_code=00108&code=00101006226&supplier_code=00100008&order_time=2020-12-14 HTTP/1.1" 200 398
114.84.32.187 - - [14/Dec/2020:10:49:25 +0800] "GET /xingrg/check_reg.html?_=1607914198558 HTTP/1.1" 200 22
180.162.223.42 - - [14/Dec/2020:10:49:25 +0800] "GET /xingrg/all/function/internal_message.html?_=1607914166220&CODE_STATE=getMsg HTTP/1.1" 200 27
172.17.200.101 - - [14/Dec/2020:10:49:27 +0800] "GET /xingrg/all/function/internal_message.html?_=1607914167433&CODE_STATE=getMsg HTTP/1.1" 200 27
124.77.237.88 - - [14/Dec/2020:10:49:29 +0800] "GET /xingrg/all/function/internal_message.html?_=1607914168220&CODE_STATE=getMsg HTTP/1.1" 200 27
124.77.237.88 - - [14/Dec/2020:10:49:29 +0800] "GET /xingrg/check_reg.html?_=1607914168224 HTTP/1.1" 200 22
114.84.32.187 - - [14/Dec/2020:10:49:29 +0800] "GET /xingrg/kc/buy/cgsh_order_list.html HTTP/1.1" 200 45171
114.84.32.187 - - [14/Dec/2020:10:49:30 +0800] "POST /xingrg/kc/buy/cgsh_list_operate.html HTTP/1.1" 200 2054
180.174.56.115 - - [14/Dec/2020:10:49:31 +0800] "GET /xingrg/all/function/internal_message.html?_=1607914174010&CODE_STATE=getMsg HTTP/1.1" 200 27
101.85.93.83 - - [14/Dec/2020:10:49:31 +0800] "GET /xingrg/all/function/internal_message.html?_=1607913875882&CODE_STATE=getMsg HTTP/1.1" 200 27
101.85.93.83 - - [14/Dec/2020:10:49:31 +0800] "GET /xingrg/check_reg.html?_=1607913875883 HTTP/1.1" 200 22
117.185.32.26 - - [14/Dec/2020:10:49:33 +0800] "GET /xingrg/kc/base/wldb_order_operate.html?command=get_materiel&rest_code=00106&base_code=0010396&code=00101019528 HTTP/1.1" 200 482
114.84.32.187 - - [14/Dec/2020:10:49:34 +0800] "GET /xingrg/all/function/internal_message.html?_=1607914206839&CODE_STATE=getMsg HTTP/1.1" 200 27
180.152.104.37 - - [14/Dec/2020:10:49:36 +0800] "GET /xingrg/all/function/internal_message.html?_=1607914408142&CODE_STATE=getMsg HTTP/1.1" 200 27
117.184.7.26 - - [14/Dec/2020:10:49:37 +0800] "GET /xingrg/kc/buy/cgsh_order_operate.html?command=get_materiel&rest_code=00108&code=00101008098&supplier_code=00100008&order_time=2020-12-14 HTTP/1.1" 200 412
180.174.56.115 - - [14/Dec/2020:10:49:38 +0800] "GET /xingrg/check_reg.html?_=1607914141851 HTTP/1.1" 200 22
180.174.56.115 - - [14/Dec/2020:10:49:40 +0800] "GET /xingrg/all/function/internal_message.html?_=1607914143240&CODE_STATE=getMsg HTTP/1.1" 200 27
114.88.159.147 - - [14/Dec/2020:10:49:40 +0800] "GET /xingrg/all/function/internal_message.html?_=1607913750723&CODE_STATE=getMsg HTTP/1.1" 200 27
117.184.7.26 - - [14/Dec/2020:10:49:40 +0800] "GET /xingrg/all/function/internal_message.html?_=1607914179695&CODE_STATE=getMsg HTTP/1.1" 200 27
117.185.32.26 - - [14/Dec/2020:10:49:41 +0800] "GET /xingrg/check_reg.html?_=1607914177178 HTTP/1.1" 200 22
114.88.159.147 - - [14/Dec/2020:10:49:41 +0800] "POST /xingrg/kc/buy/cgsh_order_operate.html HTTP/1.1" 200 37
117.185.32.26 - - [14/Dec/2020:10:49:41 +0800] "GET /xingrg/all/function/internal_message.html?_=1607914638585&CODE_STATE=getMsg HTTP/1.1" 200 27
58.40.7.146 - - [14/Dec/2020:10:49:41 +0800] "GET /xingrg/check_reg.html?_=1607914181409 HTTP/1.1" 200 22
114.88.159.147 - - [14/Dec/2020:10:49:43 +0800] "POST /xingrg/kc/buy/cgsh_order_operate.html HTTP/1.1" 200 12
222.69.133.109 - - [14/Dec/2020:10:49:43 +0800] "GET /xingrg/kc/buy/cgsh_order_operate.html?command=get_materiel&rest_code=00154&code=00101006201&supplier_code=00100176&order_time=2020-12-14 HTTP/1.1" 200 426
114.84.32.187 - - [14/Dec/2020:10:49:45 +0800] "GET /xingrg/all/function/internal_message.html?_=1607914185651&CODE_STATE=getMsg HTTP/1.1" 200 27
117.185.32.26 - - [14/Dec/2020:10:49:45 +0800] "GET /xingrg/all/function/internal_message.html?_=1607914181718&CODE_STATE=getMsg HTTP/1.1" 200 27
172.17.0.120 - - [14/Dec/2020:10:49:45 +0800] "GET /xingrg/check_reg.html?_=1607914721354 HTTP/1.1" 200 22
172.17.0.120 - - [14/Dec/2020:10:49:45 +0800] "GET /xingrg/all/function/internal_message.html?_=1607914721358&CODE_STATE=getMsg HTTP/1.1" 200 27
117.185.32.26 - - [14/Dec/2020:10:49:46 +0800] "GET /xingrg/kc/base/wldb_order_operate.html?command=get_materiel&rest_code=00106&base_code=0010396&code=00101019359 HTTP/1.1" 200 446
114.88.159.147 - - [14/Dec/2020:10:49:46 +0800] "GET /xingrg/kc/buy/cgsh_order_info.html?code=212020121405478 HTTP/1.1" 200 55817
114.88.159.147 - - [14/Dec/2020:10:49:46 +0800] "GET /xingrg/javascript/easyui/themes/default/validatebox.css HTTP/1.1" 404 1104
114.88.159.147 - - [14/Dec/2020:10:49:47 +0800] "POST /xingrg/kc/buy/cgsh_order_operate.html HTTP/1.1" 200 606
114.88.159.147 - - [14/Dec/2020:10:49:47 +0800] "GET /xingrg/kc/print/load_config.html?kc_code=cgsh HTTP/1.1" 200 1845
114.88.159.147 - - [14/Dec/2020:10:49:48 +0800] "GET /xingrg/kc/print/load_data.html?order_code=212020121405478&kc_code=cgsh&condition= HTTP/1.1" 200 712
117.184.7.26 - - [14/Dec/2020:10:49:50 +0800] "POST /xingrg/kc/buy/cgsh_order_operate.html HTTP/1.1" 200 2065
114.88.159.147 - - [14/Dec/2020:10:49:54 +0800] "GET /xingrg/kc/buy/cgsh_order_add.html HTTP/1.1" 200 60908
117.185.32.26 - - [14/Dec/2020:10:49:54 +0800] "POST /xingrg/kc/base/wldb_order_operate.html HTTP/1.1" 200 37
114.88.159.147 - - [14/Dec/2020:10:49:54 +0800] "GET /xingrg/javascript/easyui/themes/default/validatebox.css HTTP/1.1" 404 1104
114.88.159.147 - - [14/Dec/2020:10:49:54 +0800] "POST /xingrg/kc/buy/cgsh_order_operate.html HTTP/1.1" 200 8245
117.185.32.26 - - [14/Dec/2020:10:49:54 +0800] "POST /xingrg/kc/base/wldb_order_operate.html HTTP/1.1" 200 4708
120.253.135.82 - - [14/Dec/2020:10:49:55 +0800] "GET /xingrg/all/function/internal_message.html?_=1607914309225&CODE_STATE=getMsg HTTP/1.1" 200 27
117.185.32.26 - - [14/Dec/2020:10:49:55 +0800] "GET /xingrg/kc/base/wldb_order_info.html?code=422020121401553 HTTP/1.1" 200 30522
117.185.32.26 - - [14/Dec/2020:10:49:56 +0800] "GET /xingrg/javascript/easyui/themes/default/validatebox.css HTTP/1.1" 404 1104
117.185.32.26 - - [14/Dec/2020:10:49:56 +0800] "POST /xingrg/kc/base/wldb_order_operate.html HTTP/1.1" 200 4708
117.131.5.26 - - [14/Dec/2020:10:49:57 +0800] "GET /xingrg/check_reg.html?_=1607914523467 HTTP/1.1" 200 22
117.131.5.26 - - [14/Dec/2020:10:49:57 +0800] "GET /xingrg/all/function/internal_message.html?_=1607914523640&CODE_STATE=getMsg HTTP/1.1" 200 27
116.228.172.94 - - [14/Dec/2020:10:49:59 +0800] "GET /xingrg/all/function/internal_message.html?_=1607914199426&CODE_STATE=getMsg HTTP/1.1" 200 27
222.69.133.109 - - [14/Dec/2020:10:49:59 +0800] "GET /xingrg/kc/buy/cgsh_order_operate.html?command=get_materiel&rest_code=00154&code=00101006122&supplier_code=00100176&order_time=2020-12-14 HTTP/1.1" 200 408
116.228.172.94 - - [14/Dec/2020:10:49:59 +0800] "GET /xingrg/check_reg.html?_=1607914199961 HTTP/1.1" 200 22
114.84.32.187 - - [14/Dec/2020:10:50:02 +0800] "POST /xingrg/kc/buy/cgsh_list_operate.html HTTP/1.1" 200 5898
222.69.136.203 - - [14/Dec/2020:10:50:03 +0800] "GET /xingrg/all/function/internal_message.html?_=1607914202176&CODE_STATE=getMsg HTTP/1.1" 200 27
117.185.32.26 - - [14/Dec/2020:10:50:03 +0800] "GET /xingrg/kc/base/wldb_order_add.html HTTP/1.1" 200 30508
117.185.32.26 - - [14/Dec/2020:10:50:04 +0800] "POST /xingrg/kc/base/wldb_order_operate.html HTTP/1.1" 200 6806
117.185.32.26 - - [14/Dec/2020:10:50:04 +0800] "GET /xingrg/javascript/easyui/themes/default/validatebox.css HTTP/1.1" 404 1104
114.86.227.138 - - [14/Dec/2020:10:50:04 +0800] "GET /xingrg/all/function/internal_message.html?_=1607914276840&CODE_STATE=getMsg HTTP/1.1" 200 27
114.88.159.147 - - [14/Dec/2020:10:50:04 +0800] "GET /xingrg/kc/buy/cgsh_order_operate.html?command=get_materiel&rest_code=00141&code=00101006164&supplier_code=00100326&order_time=2020-12-14 HTTP/1.1" 200 415
117.185.32.26 - - [14/Dec/2020:10:50:05 +0800] "POST /xingrg/all/common/load_combo.html?type=base HTTP/1.1" 200 3142
117.184.7.26 - - [14/Dec/2020:10:50:06 +0800] "GET /xingrg/kc/buy/cgsh_order_operate.html?command=get_materiel&rest_code=00108&code=00101008353&supplier_code=00100008&order_time=2020-12-14 HTTP/1.1" 200 408
114.88.163.87 - - [14/Dec/2020:10:50:06 +0800] "GET /xingrg/all/function/internal_message.html?_=1607914341213&CODE_STATE=getMsg HTTP/1.1" 200 27
172.17.0.102 - - [14/Dec/2020:10:50:08 +0800] "GET /xingrg/all/function/internal_message.html?_=1607914209476&CODE_STATE=getMsg HTTP/1.1" 200 27
172.17.0.102 - - [14/Dec/2020:10:50:08 +0800] "GET /xingrg/check_reg.html?_=1607914209479 HTTP/1.1" 200 22
117.185.32.26 - - [14/Dec/2020:10:50:09 +0800] "POST /xingrg/all/common/load_combo.html?type=base HTTP/1.1" 200 3142
172.17.0.108 - - [14/Dec/2020:10:50:09 +0800] "GET /xingrg/all/function/internal_message.html?_=1607914209169&CODE_STATE=getMsg HTTP/1.1" 200 27
222.69.133.109 - - [14/Dec/2020:10:50:11 +0800] "GET /xingrg/kc/buy/cgsh_order_operate.html?command=get_materiel&rest_code=00154&code=00101006183&supplier_code=00100176&order_time=2020-12-14 HTTP/1.1" 200 409
180.162.108.15 - - [14/Dec/2020:10:50:11 +0800] "GET /xingrg/all/function/internal_message.html?_=1607914115036&CODE_STATE=getMsg HTTP/1.1" 200 27
120.253.135.82 - - [14/Dec/2020:10:50:16 +0800] "GET /xingrg/kc/pszx/mdqp_order_list.html?isBack=1 HTTP/1.1" 302 -
120.253.135.82 - - [14/Dec/2020:10:50:16 +0800] "GET /xingrg/kc/pszx/mdqp_order_list.html?state=10 HTTP/1.1" 200 11844
