180.152.104.37 - - [14/Dec/2020:08:24:23 +0800] "GET /xingrg/kc/buy/cgsh_order_operate.html?command=get_materiel&rest_code=00102&code=00101008125&supplier_code=00100008&order_time=2020-12-14 HTTP/1.1" 200 432
114.84.32.187 - - [14/Dec/2020:08:24:23 +0800] "GET /xingrg/all/function/internal_message.html?_=1607905495931&CODE_STATE=getMsg HTTP/1.1" 200 27
180.174.56.115 - - [14/Dec/2020:08:24:25 +0800] "GET /xingrg/all/function/internal_message.html?_=1607905428900&CODE_STATE=getMsg HTTP/1.1" 200 27
180.174.56.115 - - [14/Dec/2020:08:24:25 +0800] "GET /xingrg/check_reg.html?_=1607905429119 HTTP/1.1" 200 22
180.152.104.37 - - [14/Dec/2020:08:24:33 +0800] "GET /xingrg/kc/buy/cgsh_order_operate.html?command=get_materiel&rest_code=00102&code=00101008532&supplier_code=00100008&order_time=2020-12-14 HTTP/1.1" 200 399
180.174.56.115 - - [14/Dec/2020:08:24:36 +0800] "GET /xingrg/all/function/internal_message.html?_=1607905479173&CODE_STATE=getMsg HTTP/1.1" 200 27
180.152.104.37 - - [14/Dec/2020:08:24:37 +0800] "POST /xingrg/kc/buy/cgsh_order_operate.html HTTP/1.1" 200 2065
180.152.104.37 - - [14/Dec/2020:08:24:43 +0800] "GET /xingrg/kc/buy/cgsh_order_operate.html?command=get_materiel&rest_code=00102&code=00101008114&supplier_code=00100008&order_time=2020-12-14 HTTP/1.1" 200 413
114.84.32.187 - - [14/Dec/2020:08:24:45 +0800] "GET /xingrg/all/function/internal_message.html?_=1607905485482&CODE_STATE=getMsg HTTP/1.1" 200 27
180.152.104.37 - - [14/Dec/2020:08:24:54 +0800] "GET /xingrg/kc/buy/cgsh_order_operate.html?command=get_materiel&rest_code=00102&code=00101008529&supplier_code=00100008&order_time=2020-12-14 HTTP/1.1" 200 402
114.88.163.87 - - [14/Dec/2020:08:24:55 +0800] "GET /xingrg/all/function/internal_message.html?_=1607905487169&CODE_STATE=getMsg HTTP/1.1" 200 27
180.152.104.37 - - [14/Dec/2020:08:25:07 +0800] "POST /xingrg/kc/buy/cgsh_order_operate.html HTTP/1.1" 200 37
180.152.104.37 - - [14/Dec/2020:08:25:08 +0800] "POST /xingrg/kc/buy/cgsh_order_operate.html HTTP/1.1" 200 14474
180.152.104.37 - - [14/Dec/2020:08:25:20 +0800] "POST /xingrg/kc/buy/cgsh_order_operate.html HTTP/1.1" 200 37
114.88.163.87 - - [14/Dec/2020:08:25:20 +0800] "GET /xingrg/all/function/internal_message.html?_=1607905655427&CODE_STATE=getMsg HTTP/1.1" 200 27
180.152.104.37 - - [14/Dec/2020:08:25:22 +0800] "POST /xingrg/kc/buy/cgsh_order_operate.html HTTP/1.1" 200 14474
180.152.104.37 - - [14/Dec/2020:08:25:22 +0800] "GET /xingrg/all/function/internal_message.html?_=1607905753978&CODE_STATE=getMsg HTTP/1.1" 200 27
114.84.32.187 - - [14/Dec/2020:08:25:23 +0800] "GET /xingrg/all/function/internal_message.html?_=1607905555944&CODE_STATE=getMsg HTTP/1.1" 200 27
180.152.104.37 - - [14/Dec/2020:08:25:24 +0800] "GET /xingrg/kc/buy/cgsh_order_add.html HTTP/1.1" 200 60861
180.174.56.115 - - [14/Dec/2020:08:25:25 +0800] "GET /xingrg/all/function/internal_message.html?_=1607905488913&CODE_STATE=getMsg HTTP/1.1" 200 27
180.152.104.37 - - [14/Dec/2020:08:25:26 +0800] "POST /xingrg/kc/buy/cgsh_order_operate.html HTTP/1.1" 200 8245
180.152.104.37 - - [14/Dec/2020:08:25:27 +0800] "GET /xingrg/javascript/easyui/themes/default/validatebox.css HTTP/1.1" 404 1104
180.174.56.115 - - [14/Dec/2020:08:25:36 +0800] "GET /xingrg/all/function/internal_message.html?_=1607905539173&CODE_STATE=getMsg HTTP/1.1" 200 27
114.84.32.187 - - [14/Dec/2020:08:25:45 +0800] "GET /xingrg/all/function/internal_message.html?_=1607905545484&CODE_STATE=getMsg HTTP/1.1" 200 27
114.84.32.187 - - [14/Dec/2020:08:25:45 +0800] "GET /xingrg/check_reg.html?_=1607905545486 HTTP/1.1" 200 22
222.69.136.203 - - [14/Dec/2020:08:25:49 +0800] "POST /xingrg/services/DataTransmitService HTTP/1.1" 200 524
114.88.163.87 - - [14/Dec/2020:08:25:55 +0800] "GET /xingrg/all/function/internal_message.html?_=1607905547168&CODE_STATE=getMsg HTTP/1.1" 200 27
114.88.163.87 - - [14/Dec/2020:08:26:20 +0800] "GET /xingrg/all/function/internal_message.html?_=1607905715425&CODE_STATE=getMsg HTTP/1.1" 200 27
180.152.104.37 - - [14/Dec/2020:08:26:21 +0800] "GET /xingrg/check_reg.html?_=1607905813474 HTTP/1.1" 200 22
180.152.104.37 - - [14/Dec/2020:08:26:22 +0800] "GET /xingrg/all/function/internal_message.html?_=1607905813987&CODE_STATE=getMsg HTTP/1.1" 200 27
114.84.32.187 - - [14/Dec/2020:08:26:23 +0800] "GET /xingrg/all/function/internal_message.html?_=1607905615958&CODE_STATE=getMsg HTTP/1.1" 200 27
180.174.56.115 - - [14/Dec/2020:08:26:25 +0800] "GET /xingrg/all/function/internal_message.html?_=1607905548925&CODE_STATE=getMsg HTTP/1.1" 200 27
180.174.56.115 - - [14/Dec/2020:08:26:36 +0800] "GET /xingrg/all/function/internal_message.html?_=1607905599173&CODE_STATE=getMsg HTTP/1.1" 200 27
114.84.32.187 - - [14/Dec/2020:08:26:45 +0800] "GET /xingrg/all/function/internal_message.html?_=1607905605484&CODE_STATE=getMsg HTTP/1.1" 200 27
114.88.163.87 - - [14/Dec/2020:08:26:55 +0800] "GET /xingrg/all/function/internal_message.html?_=1607905607168&CODE_STATE=getMsg HTTP/1.1" 200 27
180.174.56.115 - - [14/Dec/2020:08:26:58 +0800] "POST /xingrg/all/user/operate.html HTTP/1.1" 200 36
180.174.56.115 - - [14/Dec/2020:08:26:59 +0800] "GET /xingrg/index.html?sysBaseUrl=http%3A%2F%2F180.169.147.146%3A18081%2Fxingrg%2F&costTime=39×tamp=1607737524056 HTTP/1.1" 200 17177
180.174.56.115 - - [14/Dec/2020:08:26:59 +0800] "GET /xingrg/javascript/jquery_easy_ui/themes/default/easyui.css HTTP/1.1" 304 -
180.174.56.115 - - [14/Dec/2020:08:26:59 +0800] "GET /xingrg/javascript/jquery_easy_ui/themes/icon.css HTTP/1.1" 304 -
180.174.56.115 - - [14/Dec/2020:08:26:59 +0800] "GET /xingrg/css/form.css HTTP/1.1" 304 -
180.174.56.115 - - [14/Dec/2020:08:26:59 +0800] "GET /xingrg/javascript/jquery-1.4.2.min.js HTTP/1.1" 304 -
180.174.56.115 - - [14/Dec/2020:08:26:59 +0800] "GET /xingrg/javascript/jquery_easy_ui/jquery.easyui.min.js HTTP/1.1" 304 -
180.174.56.115 - - [14/Dec/2020:08:26:59 +0800] "GET /xingrg/javascript/jquery_easy_ui/easyui-lang-zh_CN.js HTTP/1.1" 304 -
180.174.56.115 - - [14/Dec/2020:08:26:59 +0800] "GET /xingrg/javascript/jquery.form.js HTTP/1.1" 304 -
180.174.56.115 - - [14/Dec/2020:08:27:00 +0800] "GET /xingrg/javascript/jquery.utils.js HTTP/1.1" 304 -
180.174.56.115 - - [14/Dec/2020:08:27:00 +0800] "GET /xingrg/javascript/jquery.timers.js HTTP/1.1" 304 -
180.174.56.115 - - [14/Dec/2020:08:27:00 +0800] "GET /xingrg/images/blue/jxLogo.png HTTP/1.1" 304 -
180.174.56.115 - - [14/Dec/2020:08:27:00 +0800] "GET /xingrg/images/blue/navBackgound.jpg HTTP/1.1" 304 -
180.174.56.115 - - [14/Dec/2020:08:27:00 +0800] "GET /xingrg/javascript/jquery_easy_ui/themes/icons/settle_new.png HTTP/1.1" 304 -
180.174.56.115 - - [14/Dec/2020:08:27:00 +0800] "POST /xingrg/all/common/load_tree.html?tree=area_rest_tree_json&manage=1 HTTP/1.1" 200 476
180.174.56.115 - - [14/Dec/2020:08:27:00 +0800] "GET /xingrg/images/blue/pingpu.png HTTP/1.1" 304 -
180.174.56.115 - - [14/Dec/2020:08:27:00 +0800] "GET /xingrg/javascript/jquery_easy_ui/themes/default/images/tabs_leftarrow.png HTTP/1.1" 304 -
180.174.56.115 - - [14/Dec/2020:08:27:00 +0800] "GET /xingrg/javascript/jquery_easy_ui/themes/default/images/tabs_rightarrow.png HTTP/1.1" 304 -
180.174.56.115 - - [14/Dec/2020:08:27:00 +0800] "GET /xingrg/javascript/jquery_easy_ui/themes/default/images/panel_tool_collapse.gif HTTP/1.1" 304 -
180.174.56.115 - - [14/Dec/2020:08:27:00 +0800] "GET /xingrg/all/function/internal_message.html?_=1607905583437&CODE_STATE=count HTTP/1.1" 200 11
180.174.56.115 - - [14/Dec/2020:08:27:00 +0800] "GET /xingrg/check_reg.html?_=1607905583438 HTTP/1.1" 200 22
180.174.56.115 - - [14/Dec/2020:08:27:00 +0800] "POST /xingrg/load_menu.html HTTP/1.1" 200 5138
180.174.56.115 - - [14/Dec/2020:08:27:02 +0800] "GET /xingrg/css/base.css HTTP/1.1" 304 -
180.174.56.115 - - [14/Dec/2020:08:27:02 +0800] "GET /xingrg/css/site.css HTTP/1.1" 304 -
180.174.56.115 - - [14/Dec/2020:08:27:02 +0800] "GET /xingrg/javascript/jquery_tools/datebox.css HTTP/1.1" 304 -
180.174.56.115 - - [14/Dec/2020:08:27:02 +0800] "GET /xingrg/javascript/auto/jquery.autocomplete.css HTTP/1.1" 304 -
180.174.56.115 - - [14/Dec/2020:08:27:02 +0800] "GET /xingrg/javascript/easyui/themes/default/easyui.css HTTP/1.1" 304 -
180.174.56.115 - - [14/Dec/2020:08:27:02 +0800] "GET /xingrg/javascript/jquery_tools/table.css HTTP/1.1" 304 -
180.174.56.115 - - [14/Dec/2020:08:27:02 +0800] "GET /xingrg/javascript/jquery_tools/jquery.tools.hotkey.js HTTP/1.1" 304 -
180.174.56.115 - - [14/Dec/2020:08:27:02 +0800] "GET /xingrg/javascript/easyui/themes/icon.css HTTP/1.1" 304 -
180.174.56.115 - - [14/Dec/2020:08:27:02 +0800] "GET /xingrg/javascript/jquery_tools/jquery.tools.extend.js HTTP/1.1" 304 -
180.174.56.115 - - [14/Dec/2020:08:27:02 +0800] "GET /xingrg/javascript/jquery_tools/jquery.tools.min.js HTTP/1.1" 304 -
180.174.56.115 - - [14/Dec/2020:08:27:02 +0800] "GET /xingrg/javascript/jquery_tools/fix.css HTTP/1.1" 304 -
180.174.56.115 - - [14/Dec/2020:08:27:02 +0800] "GET /xingrg/kc/buy/cgsh_order_list.html HTTP/1.1" 200 45169
180.174.56.115 - - [14/Dec/2020:08:27:02 +0800] "GET /xingrg/javascript/jquery_tools/list_manager.js HTTP/1.1" 304 -
180.174.56.115 - - [14/Dec/2020:08:27:02 +0800] "GET /xingrg/javascript/jquery_tools/jquery.tools.table.js HTTP/1.1" 304 -
180.174.56.115 - - [14/Dec/2020:08:27:02 +0800] "GET /xingrg/javascript/auto/jquery.autocomplete.js HTTP/1.1" 304 -
180.174.56.115 - - [14/Dec/2020:08:27:02 +0800] "GET /xingrg/javascript/easyui/easyloader.js HTTP/1.1" 304 -
180.174.56.115 - - [14/Dec/2020:08:27:02 +0800] "GET /xingrg/javascript/jquery.cookie.js HTTP/1.1" 304 -
180.174.56.115 - - [14/Dec/2020:08:27:02 +0800] "GET /xingrg/javascript/print/LodopFuncs.js HTTP/1.1" 304 -
180.174.56.115 - - [14/Dec/2020:08:27:02 +0800] "GET /xingrg/javascript/easyui/plugins/jquery.parser.js HTTP/1.1" 304 -
180.174.56.115 - - [14/Dec/2020:08:27:03 +0800] "POST /xingrg/kc/buy/cgsh_list_operate.html HTTP/1.1" 200 876
114.88.163.87 - - [14/Dec/2020:08:27:20 +0800] "GET /xingrg/all/function/internal_message.html?_=1607905775424&CODE_STATE=getMsg HTTP/1.1" 200 27
180.152.104.37 - - [14/Dec/2020:08:27:22 +0800] "GET /xingrg/all/function/internal_message.html?_=1607905874001&CODE_STATE=getMsg HTTP/1.1" 200 27
114.84.32.187 - - [14/Dec/2020:08:27:23 +0800] "GET /xingrg/all/function/internal_message.html?_=1607905676133&CODE_STATE=getMsg HTTP/1.1" 200 27
180.174.56.115 - - [14/Dec/2020:08:27:36 +0800] "GET /xingrg/all/function/internal_message.html?_=1607905659171&CODE_STATE=getMsg HTTP/1.1" 200 27
180.174.56.115 - - [14/Dec/2020:08:27:36 +0800] "GET /xingrg/check_reg.html?_=1607905659173 HTTP/1.1" 200 22
114.84.32.187 - - [14/Dec/2020:08:27:45 +0800] "GET /xingrg/all/function/internal_message.html?_=1607905665484&CODE_STATE=getMsg HTTP/1.1" 200 27
114.88.163.87 - - [14/Dec/2020:08:27:55 +0800] "GET /xingrg/all/function/internal_message.html?_=1607905667166&CODE_STATE=getMsg HTTP/1.1" 200 27
180.174.56.115 - - [14/Dec/2020:08:28:00 +0800] "GET /xingrg/all/function/internal_message.html?_=1607905643449&CODE_STATE=getMsg HTTP/1.1" 200 27
114.88.163.87 - - [14/Dec/2020:08:28:20 +0800] "GET /xingrg/all/function/internal_message.html?_=1607905835426&CODE_STATE=getMsg HTTP/1.1" 200 27
114.88.163.87 - - [14/Dec/2020:08:28:20 +0800] "GET /xingrg/check_reg.html?_=1607905835428 HTTP/1.1" 200 22
180.174.56.115 - - [14/Dec/2020:08:28:21 +0800] "GET /xingrg/kc/buy/cgsh_order_list.html HTTP/1.1" 200 45169
180.174.56.115 - - [14/Dec/2020:08:28:21 +0800] "GET /xingrg/css/base.css HTTP/1.1" 304 -
180.174.56.115 - - [14/Dec/2020:08:28:21 +0800] "GET /xingrg/javascript/jquery_tools/datebox.css HTTP/1.1" 304 -
180.174.56.115 - - [14/Dec/2020:08:28:21 +0800] "GET /xingrg/javascript/easyui/themes/default/easyui.css HTTP/1.1" 304 -
180.174.56.115 - - [14/Dec/2020:08:28:22 +0800] "GET /xingrg/javascript/easyui/themes/icon.css HTTP/1.1" 304 -
180.174.56.115 - - [14/Dec/2020:08:28:22 +0800] "GET /xingrg/javascript/auto/jquery.autocomplete.css HTTP/1.1" 304 -
180.174.56.115 - - [14/Dec/2020:08:28:22 +0800] "GET /xingrg/javascript/jquery_tools/table.css HTTP/1.1" 304 -
180.174.56.115 - - [14/Dec/2020:08:28:22 +0800] "GET /xingrg/javascript/jquery_tools/jquery.tools.extend.js HTTP/1.1" 304 -
180.174.56.115 - - [14/Dec/2020:08:28:22 +0800] "GET /xingrg/javascript/jquery_tools/jquery.tools.hotkey.js HTTP/1.1" 304 -
180.174.56.115 - - [14/Dec/2020:08:28:22 +0800] "GET /xingrg/javascript/auto/jquery.autocomplete.js HTTP/1.1" 304 -
180.174.56.115 - - [14/Dec/2020:08:28:22 +0800] "GET /xingrg/javascript/print/LodopFuncs.js HTTP/1.1" 304 -
180.174.56.115 - - [14/Dec/2020:08:28:22 +0800] "GET /xingrg/javascript/jquery_tools/jquery.tools.table.js HTTP/1.1" 304 -
180.174.56.115 - - [14/Dec/2020:08:28:22 +0800] "GET /xingrg/javascript/jquery.utils.js HTTP/1.1" 304 -
180.174.56.115 - - [14/Dec/2020:08:28:22 +0800] "GET /xingrg/javascript/jquery_tools/fix.css HTTP/1.1" 304 -
180.174.56.115 - - [14/Dec/2020:08:28:22 +0800] "GET /xingrg/javascript/jquery_tools/list_manager.js HTTP/1.1" 304 -
180.174.56.115 - - [14/Dec/2020:08:28:22 +0800] "GET /xingrg/javascript/easyui/easyloader.js HTTP/1.1" 304 -
180.174.56.115 - - [14/Dec/2020:08:28:22 +0800] "GET /xingrg/css/site.css HTTP/1.1" 304 -
180.174.56.115 - - [14/Dec/2020:08:28:22 +0800] "GET /xingrg/javascript/jquery_tools/jquery.tools.min.js HTTP/1.1" 304 -
180.174.56.115 - - [14/Dec/2020:08:28:22 +0800] "GET /xingrg/javascript/jquery.cookie.js HTTP/1.1" 304 -
180.152.104.37 - - [14/Dec/2020:08:28:22 +0800] "GET /xingrg/all/function/internal_message.html?_=1607905934013&CODE_STATE=getMsg HTTP/1.1" 200 27
180.174.56.115 - - [14/Dec/2020:08:28:23 +0800] "GET /xingrg/javascript/easyui/plugins/jquery.parser.js HTTP/1.1" 304 -
180.174.56.115 - - [14/Dec/2020:08:28:23 +0800] "GET /favicon.ico HTTP/1.1" 404 -
114.84.32.187 - - [14/Dec/2020:08:28:23 +0800] "GET /xingrg/all/function/internal_message.html?_=1607905736141&CODE_STATE=getMsg HTTP/1.1" 200 27
180.174.56.115 - - [14/Dec/2020:08:28:23 +0800] "POST /xingrg/kc/buy/cgsh_list_operate.html HTTP/1.1" 200 876
180.174.56.115 - - [14/Dec/2020:08:28:25 +0800] "GET /xingrg/javascript/pic_change.js HTTP/1.1" 304 -
180.174.56.115 - - [14/Dec/2020:08:28:25 +0800] "GET /xingrg/javascript/convert.js HTTP/1.1" 304 -
180.174.56.115 - - [14/Dec/2020:08:28:25 +0800] "GET /xingrg/javascript/json2.js HTTP/1.1" 304 -
180.174.56.115 - - [14/Dec/2020:08:28:25 +0800] "GET /xingrg/javascript/print/kc_print.js HTTP/1.1" 304 -
180.174.56.115 - - [14/Dec/2020:08:28:25 +0800] "GET /xingrg/javascript/jquery_tools/order_manager.js HTTP/1.1" 304 -
180.174.56.115 - - [14/Dec/2020:08:28:25 +0800] "GET /xingrg/kc/buy/cgsh_order_add.html HTTP/1.1" 200 60556
180.174.56.115 - - [14/Dec/2020:08:28:25 +0800] "GET /xingrg/words/20201212095936_words.js HTTP/1.1" 304 -
180.174.56.115 - - [14/Dec/2020:08:28:25 +0800] "POST /xingrg/kc/buy/cgsh_order_operate.html HTTP/1.1" 200 8245
180.174.56.115 - - [14/Dec/2020:08:28:26 +0800] "GET /xingrg/all/common/auto_word.html?type=employee&rest_code=00151 HTTP/1.1" 200 243
180.174.56.115 - - [14/Dec/2020:08:28:26 +0800] "GET /xingrg/all/common/auto_word.html?type=employee&rest_code=00151 HTTP/1.1" 200 243
180.174.56.115 - - [14/Dec/2020:08:28:26 +0800] "GET /xingrg/javascript/easyui/themes/default/validatebox.css HTTP/1.1" 404 1104
180.174.56.115 - - [14/Dec/2020:08:28:26 +0800] "GET /xingrg/javascript/easyui/plugins/jquery.validatebox.js HTTP/1.1" 304 -
180.174.56.115 - - [14/Dec/2020:08:28:26 +0800] "GET /xingrg/javascript/easyui/plugins/jquery.numberbox.js HTTP/1.1" 304 -
180.174.56.115 - - [14/Dec/2020:08:28:31 +0800] "GET /xingrg/javascript/auto/indicator.gif HTTP/1.1" 404 1066
180.174.56.115 - - [14/Dec/2020:08:28:36 +0800] "GET /xingrg/all/function/internal_message.html?_=1607905719172&CODE_STATE=getMsg HTTP/1.1" 200 27
180.174.56.115 - - [14/Dec/2020:08:28:39 +0800] "GET /xingrg/kc/buy/cgsh_order_operate.html?command=get_materiel&rest_code=00151&code=00101012039&supplier_code=00100007&order_time=2020-12-14 HTTP/1.1" 200 408
114.84.32.187 - - [14/Dec/2020:08:28:45 +0800] "GET /xingrg/all/function/internal_message.html?_=1607905725484&CODE_STATE=getMsg HTTP/1.1" 200 27
180.174.56.115 - - [14/Dec/2020:08:28:49 +0800] "GET /xingrg/kc/buy/cgsh_order_operate.html?command=get_materiel&rest_code=00151&code=00101008323&supplier_code=00100007&order_time=2020-12-14 HTTP/1.1" 200 408
180.152.104.37 - - [14/Dec/2020:08:28:50 +0800] "GET /xingrg/javascript/easyui/themes/default/tree.css HTTP/1.1" 404 1090
180.152.104.37 - - [14/Dec/2020:08:28:51 +0800] "POST /xingrg/all/common/load_tree.html?tree=supplier_tree_json&isDelete=1 HTTP/1.1" 200 52465
114.88.163.87 - - [14/Dec/2020:08:28:55 +0800] "GET /xingrg/all/function/internal_message.html?_=1607905727165&CODE_STATE=getMsg HTTP/1.1" 200 27
114.88.163.87 - - [14/Dec/2020:08:28:55 +0800] "GET /xingrg/check_reg.html?_=1607905727167 HTTP/1.1" 200 22
180.174.56.115 - - [14/Dec/2020:08:28:56 +0800] "GET /xingrg/kc/buy/cgsh_order_operate.html?command=get_materiel&rest_code=00151&code=00101008344&supplier_code=00100007&order_time=2020-12-14 HTTP/1.1" 200 412
180.174.56.115 - - [14/Dec/2020:08:29:00 +0800] "GET /xingrg/all/function/internal_message.html?_=1607905703461&CODE_STATE=getMsg HTTP/1.1" 200 27
180.174.56.115 - - [14/Dec/2020:08:29:04 +0800] "GET /xingrg/kc/buy/cgsh_order_operate.html?command=get_materiel&rest_code=00151&code=00101008067&supplier_code=00100007&order_time=2020-12-14 HTTP/1.1" 200 416
180.152.104.37 - - [14/Dec/2020:08:29:10 +0800] "GET /xingrg/kc/buy/cgsh_order_operate.html?command=get_materiel&rest_code=00102&code=00101008096&supplier_code=00100008&order_time=2020-12-14 HTTP/1.1" 200 413
180.174.56.115 - - [14/Dec/2020:08:29:11 +0800] "GET /xingrg/kc/buy/cgsh_order_operate.html?command=get_materiel&rest_code=00151&code=00101008318&supplier_code=00100007&order_time=2020-12-14 HTTP/1.1" 200 408
180.174.56.115 - - [14/Dec/2020:08:29:16 +0800] "GET /xingrg/kc/buy/cgsh_order_operate.html?command=get_materiel&rest_code=00151&code=00101008114&supplier_code=00100007&order_time=2020-12-14 HTTP/1.1" 200 412
114.88.163.87 - - [14/Dec/2020:08:29:20 +0800] "GET /xingrg/all/function/internal_message.html?_=1607905895427&CODE_STATE=getMsg HTTP/1.1" 200 27
180.152.104.37 - - [14/Dec/2020:08:29:22 +0800] "GET /xingrg/all/function/internal_message.html?_=1607905994028&CODE_STATE=getMsg HTTP/1.1" 200 27
114.84.32.187 - - [14/Dec/2020:08:29:23 +0800] "GET /xingrg/check_reg.html?_=1607905795485 HTTP/1.1" 200 22
114.84.32.187 - - [14/Dec/2020:08:29:23 +0800] "GET /xingrg/all/function/internal_message.html?_=1607905796154&CODE_STATE=getMsg HTTP/1.1" 200 27
180.152.104.37 - - [14/Dec/2020:08:29:24 +0800] "GET /xingrg/kc/buy/cgsh_order_operate.html?command=get_materiel&rest_code=00102&code=00101008088&supplier_code=00100008&order_time=2020-12-14 HTTP/1.1" 200 409
180.174.56.115 - - [14/Dec/2020:08:29:24 +0800] "GET /xingrg/kc/buy/cgsh_order_operate.html?command=get_materiel&rest_code=00151&code=00101008349&supplier_code=00100007&order_time=2020-12-14 HTTP/1.1" 200 412
180.174.56.115 - - [14/Dec/2020:08:29:29 +0800] "POST /xingrg/kc/buy/cgsh_order_operate.html HTTP/1.1" 200 37
180.174.56.115 - - [14/Dec/2020:08:29:31 +0800] "POST /xingrg/kc/buy/cgsh_order_operate.html HTTP/1.1" 200 6253
180.152.104.37 - - [14/Dec/2020:08:29:31 +0800] "GET /xingrg/kc/buy/cgsh_order_operate.html?command=get_materiel&rest_code=00102&code=00101008361&supplier_code=00100008&order_time=2020-12-14 HTTP/1.1" 200 408
180.174.56.115 - - [14/Dec/2020:08:29:36 +0800] "GET /xingrg/all/function/internal_message.html?_=1607905779180&CODE_STATE=getMsg HTTP/1.1" 200 27
180.152.104.37 - - [14/Dec/2020:08:29:38 +0800] "GET /xingrg/kc/buy/cgsh_order_operate.html?command=get_materiel&rest_code=00102&code=00101008300&supplier_code=00100008&order_time=2020-12-14 HTTP/1.1" 200 412
114.84.32.187 - - [14/Dec/2020:08:29:45 +0800] "GET /xingrg/all/function/internal_message.html?_=1607905785483&CODE_STATE=getMsg HTTP/1.1" 200 27
180.152.104.37 - - [14/Dec/2020:08:29:49 +0800] "GET /xingrg/kc/buy/cgsh_order_operate.html?command=get_materiel&rest_code=00102&code=00101008251&supplier_code=00100008&order_time=2020-12-14 HTTP/1.1" 200 408
114.88.163.87 - - [14/Dec/2020:08:29:55 +0800] "GET /xingrg/all/function/internal_message.html?_=1607905787166&CODE_STATE=getMsg HTTP/1.1" 200 27
180.174.56.115 - - [14/Dec/2020:08:30:00 +0800] "GET /xingrg/all/function/internal_message.html?_=1607905763474&CODE_STATE=getMsg HTTP/1.1" 200 27
180.152.104.37 - - [14/Dec/2020:08:30:15 +0800] "GET /xingrg/kc/buy/cgsh_order_operate.html?command=get_materiel&rest_code=00102&code=00101008137&supplier_code=00100008&order_time=2020-12-14 HTTP/1.1" 200 408
114.88.163.87 - - [14/Dec/2020:08:30:20 +0800] "GET /xingrg/all/function/internal_message.html?_=1607905955428&CODE_STATE=getMsg HTTP/1.1" 200 27
180.152.104.37 - - [14/Dec/2020:08:30:22 +0800] "GET /xingrg/all/function/internal_message.html?_=1607906054197&CODE_STATE=getMsg HTTP/1.1" 200 27
114.84.32.187 - - [14/Dec/2020:08:30:23 +0800] "GET /xingrg/all/function/internal_message.html?_=1607905856168&CODE_STATE=getMsg HTTP/1.1" 200 27
180.174.56.115 - - [14/Dec/2020:08:30:36 +0800] "GET /xingrg/all/function/internal_message.html?_=1607905839185&CODE_STATE=getMsg HTTP/1.1" 200 27
180.152.104.37 - - [14/Dec/2020:08:30:44 +0800] "GET /xingrg/kc/buy/cgsh_order_operate.html?command=get_materiel&rest_code=00102&code=00101008131&supplier_code=00100008&order_time=2020-12-14 HTTP/1.1" 200 408
114.84.32.187 - - [14/Dec/2020:08:30:45 +0800] "GET /xingrg/all/function/internal_message.html?_=1607905845493&CODE_STATE=getMsg HTTP/1.1" 200 27
114.84.32.187 - - [14/Dec/2020:08:30:45 +0800] "GET /xingrg/check_reg.html?_=1607905845496 HTTP/1.1" 200 22
114.88.163.87 - - [14/Dec/2020:08:30:55 +0800] "GET /xingrg/all/function/internal_message.html?_=1607905847167&CODE_STATE=getMsg HTTP/1.1" 200 27
180.174.56.115 - - [14/Dec/2020:08:31:00 +0800] "GET /xingrg/all/function/internal_message.html?_=1607905823488&CODE_STATE=getMsg HTTP/1.1" 200 27
180.152.104.37 - - [14/Dec/2020:08:31:03 +0800] "GET /xingrg/kc/buy/cgsh_order_operate.html?command=get_materiel&rest_code=00102&code=00101008213&supplier_code=00100008&order_time=2020-12-14 HTTP/1.1" 200 412
180.152.104.37 - - [14/Dec/2020:08:31:14 +0800] "POST /xingrg/kc/buy/cgsh_order_operate.html HTTP/1.1" 200 37
114.88.163.87 - - [14/Dec/2020:08:31:20 +0800] "GET /xingrg/all/function/internal_message.html?_=1607906015429&CODE_STATE=getMsg HTTP/1.1" 200 27
180.152.104.37 - - [14/Dec/2020:08:31:22 +0800] "GET /xingrg/check_reg.html?_=1607906114545 HTTP/1.1" 200 22
180.152.104.37 - - [14/Dec/2020:08:31:22 +0800] "GET /xingrg/all/function/internal_message.html?_=1607906114548&CODE_STATE=getMsg HTTP/1.1" 200 27
180.152.104.37 - - [14/Dec/2020:08:31:23 +0800] "POST /xingrg/kc/buy/cgsh_order_operate.html HTTP/1.1" 200 8556
114.84.32.187 - - [14/Dec/2020:08:31:23 +0800] "GET /xingrg/all/function/internal_message.html?_=1607905916182&CODE_STATE=getMsg HTTP/1.1" 200 27
180.152.104.37 - - [14/Dec/2020:08:31:33 +0800] "POST /xingrg/kc/buy/cgsh_list_operate.html HTTP/1.1" 200 2384
180.174.56.115 - - [14/Dec/2020:08:31:36 +0800] "GET /xingrg/all/function/internal_message.html?_=1607905899184&CODE_STATE=getMsg HTTP/1.1" 200 27
114.84.32.187 - - [14/Dec/2020:08:31:45 +0800] "GET /xingrg/all/function/internal_message.html?_=1607905905497&CODE_STATE=getMsg HTTP/1.1" 200 27
114.88.163.87 - - [14/Dec/2020:08:31:55 +0800] "GET /xingrg/all/function/internal_message.html?_=1607905907166&CODE_STATE=getMsg HTTP/1.1" 200 27
180.174.56.115 - - [14/Dec/2020:08:32:00 +0800] "GET /xingrg/check_reg.html?_=1607905883472 HTTP/1.1" 200 22
180.174.56.115 - - [14/Dec/2020:08:32:00 +0800] "GET /xingrg/all/function/internal_message.html?_=1607905883501&CODE_STATE=getMsg HTTP/1.1" 200 27
117.184.7.26 - - [14/Dec/2020:08:32:13 +0800] "GET /xingrg/login.html HTTP/1.1" 200 7641
114.88.163.87 - - [14/Dec/2020:08:32:20 +0800] "GET /xingrg/all/function/internal_message.html?_=1607906075429&CODE_STATE=getMsg HTTP/1.1" 200 27
117.184.7.26 - - [14/Dec/2020:08:32:23 +0800] "GET /favicon.ico HTTP/1.1" 404 -
180.152.104.37 - - [14/Dec/2020:08:32:23 +0800] "GET /xingrg/all/function/internal_message.html?_=1607906175368&CODE_STATE=getMsg HTTP/1.1" 200 27
114.84.32.187 - - [14/Dec/2020:08:32:23 +0800] "GET /xingrg/all/function/internal_message.html?_=1607905976358&CODE_STATE=getMsg HTTP/1.1" 200 27
180.174.56.115 - - [14/Dec/2020:08:32:36 +0800] "GET /xingrg/check_reg.html?_=1607905959189 HTTP/1.1" 200 22
180.174.56.115 - - [14/Dec/2020:08:32:36 +0800] "GET /xingrg/all/function/internal_message.html?_=1607905959188&CODE_STATE=getMsg HTTP/1.1" 200 27
114.84.32.187 - - [14/Dec/2020:08:32:45 +0800] "GET /xingrg/all/function/internal_message.html?_=1607905965488&CODE_STATE=getMsg HTTP/1.1" 200 27
114.88.163.87 - - [14/Dec/2020:08:32:55 +0800] "GET /xingrg/all/function/internal_message.html?_=1607905967165&CODE_STATE=getMsg HTTP/1.1" 200 27
180.174.56.115 - - [14/Dec/2020:08:33:00 +0800] "GET /xingrg/all/function/internal_message.html?_=1607905943515&CODE_STATE=getMsg HTTP/1.1" 200 27
114.88.163.87 - - [14/Dec/2020:08:33:20 +0800] "GET /xingrg/check_reg.html?_=1607906135430 HTTP/1.1" 200 22
114.88.163.87 - - [14/Dec/2020:08:33:20 +0800] "GET /xingrg/all/function/internal_message.html?_=1607906135432&CODE_STATE=getMsg HTTP/1.1" 200 27
114.84.32.187 - - [14/Dec/2020:08:33:23 +0800] "GET /xingrg/all/function/internal_message.html?_=1607906036365&CODE_STATE=getMsg HTTP/1.1" 200 27
180.152.104.37 - - [14/Dec/2020:08:33:24 +0800] "GET /xingrg/all/function/internal_message.html?_=1607906235378&CODE_STATE=getMsg HTTP/1.1" 200 27
180.174.56.115 - - [14/Dec/2020:08:33:36 +0800] "GET /xingrg/all/function/internal_message.html?_=1607906019188&CODE_STATE=getMsg HTTP/1.1" 200 27
114.84.32.187 - - [14/Dec/2020:08:33:45 +0800] "GET /xingrg/all/function/internal_message.html?_=1607906025489&CODE_STATE=getMsg HTTP/1.1" 200 27
114.88.163.87 - - [14/Dec/2020:08:33:55 +0800] "GET /xingrg/all/function/internal_message.html?_=1607906027163&CODE_STATE=getMsg HTTP/1.1" 200 27
114.88.163.87 - - [14/Dec/2020:08:33:55 +0800] "GET /xingrg/check_reg.html?_=1607906027164 HTTP/1.1" 200 22
180.174.56.115 - - [14/Dec/2020:08:34:00 +0800] "GET /xingrg/all/function/internal_message.html?_=1607906003528&CODE_STATE=getMsg HTTP/1.1" 200 27
114.88.163.87 - - [14/Dec/2020:08:34:20 +0800] "GET /xingrg/all/function/internal_message.html?_=1607906195430&CODE_STATE=getMsg HTTP/1.1" 200 27
114.84.32.187 - - [14/Dec/2020:08:34:23 +0800] "GET /xingrg/check_reg.html?_=1607906095658 HTTP/1.1" 200 22
114.84.32.187 - - [14/Dec/2020:08:34:23 +0800] "GET /xingrg/all/function/internal_message.html?_=1607906096378&CODE_STATE=getMsg HTTP/1.1" 200 27
180.152.104.37 - - [14/Dec/2020:08:34:24 +0800] "GET /xingrg/all/function/internal_message.html?_=1607906295936&CODE_STATE=getMsg HTTP/1.1" 200 27
180.152.104.37 - - [14/Dec/2020:08:34:35 +0800] "POST /xingrg/kc/buy/cgsh_list_operate.html HTTP/1.1" 200 572
180.152.104.37 - - [14/Dec/2020:08:34:36 +0800] "POST /xingrg/kc/buy/cgsh_list_operate.html HTTP/1.1" 200 563
180.174.56.115 - - [14/Dec/2020:08:34:36 +0800] "GET /xingrg/all/function/internal_message.html?_=1607906079188&CODE_STATE=getMsg HTTP/1.1" 200 27
180.152.104.37 - - [14/Dec/2020:08:34:37 +0800] "GET /xingrg/kc/buy/cgsh_order_info.html?code=212020121405372 HTTP/1.1" 200 60870
180.152.104.37 - - [14/Dec/2020:08:34:37 +0800] "GET /xingrg/javascript/easyui/themes/default/validatebox.css HTTP/1.1" 404 1104
180.152.104.37 - - [14/Dec/2020:08:34:37 +0800] "POST /xingrg/kc/buy/cgsh_order_operate.html HTTP/1.1" 200 14474
114.84.32.187 - - [14/Dec/2020:08:34:45 +0800] "GET /xingrg/all/function/internal_message.html?_=1607906085489&CODE_STATE=getMsg HTTP/1.1" 200 27
114.88.163.87 - - [14/Dec/2020:08:34:55 +0800] "GET /xingrg/all/function/internal_message.html?_=1607906087162&CODE_STATE=getMsg HTTP/1.1" 200 27
180.174.56.115 - - [14/Dec/2020:08:35:00 +0800] "GET /xingrg/all/function/internal_message.html?_=1607906063572&CODE_STATE=getMsg HTTP/1.1" 200 27
114.88.163.87 - - [14/Dec/2020:08:35:20 +0800] "GET /xingrg/all/function/internal_message.html?_=1607906255430&CODE_STATE=getMsg HTTP/1.1" 200 27
114.84.32.187 - - [14/Dec/2020:08:35:23 +0800] "GET /xingrg/all/function/internal_message.html?_=1607906156393&CODE_STATE=getMsg HTTP/1.1" 200 27
180.152.104.37 - - [14/Dec/2020:08:35:24 +0800] "GET /xingrg/all/function/internal_message.html?_=1607906355950&CODE_STATE=getMsg HTTP/1.1" 200 27
180.152.104.37 - - [14/Dec/2020:08:35:32 +0800] "POST /xingrg/kc/buy/cgsh_list_operate.html HTTP/1.1" 200 2384
180.152.104.37 - - [14/Dec/2020:08:35:33 +0800] "POST /xingrg/kc/buy/cgsh_list_operate.html HTTP/1.1" 200 572
180.174.56.115 - - [14/Dec/2020:08:35:36 +0800] "GET /xingrg/all/function/internal_message.html?_=1607906139194&CODE_STATE=getMsg HTTP/1.1" 200 27
180.152.104.37 - - [14/Dec/2020:08:35:39 +0800] "GET /xingrg/kc/buy/cgsh_order_info.html?code=212020121405371 HTTP/1.1" 200 60870
180.152.104.37 - - [14/Dec/2020:08:35:40 +0800] "GET /xingrg/javascript/easyui/themes/default/validatebox.css HTTP/1.1" 404 1104
180.152.104.37 - - [14/Dec/2020:08:35:40 +0800] "POST /xingrg/kc/buy/cgsh_order_operate.html HTTP/1.1" 200 9190
114.84.32.187 - - [14/Dec/2020:08:35:45 +0800] "GET /xingrg/all/function/internal_message.html?_=1607906145488&CODE_STATE=getMsg HTTP/1.1" 200 27
114.84.32.187 - - [14/Dec/2020:08:35:45 +0800] "GET /xingrg/check_reg.html?_=1607906145490 HTTP/1.1" 200 22
114.88.163.87 - - [14/Dec/2020:08:35:55 +0800] "GET /xingrg/all/function/internal_message.html?_=1607906147161&CODE_STATE=getMsg HTTP/1.1" 200 27
180.174.56.115 - - [14/Dec/2020:08:36:00 +0800] "GET /xingrg/all/function/internal_message.html?_=1607906123587&CODE_STATE=getMsg HTTP/1.1" 200 27
180.162.223.42 - - [14/Dec/2020:08:36:03 +0800] "GET /favicon.ico HTTP/1.1" 404 -
180.162.223.42 - - [14/Dec/2020:08:36:04 +0800] "GET /xingrg/index.html?sysBaseUrl=http%3A%2F%2F180.169.147.146%3A18081%2Fxingrg%2F&costTime=36×tamp=1585223203754 HTTP/1.1" 302 -
180.162.223.42 - - [14/Dec/2020:08:36:04 +0800] "GET /xingrg/login.html HTTP/1.1" 200 7641
180.162.223.42 - - [14/Dec/2020:08:36:04 +0800] "GET /favicon.ico HTTP/1.1" 404 -
180.162.223.42 - - [14/Dec/2020:08:36:10 +0800] "POST /xingrg/login.do HTTP/1.1" 200 2421
180.162.223.42 - - [14/Dec/2020:08:36:10 +0800] "GET /favicon.ico HTTP/1.1" 404 -
180.162.223.42 - - [14/Dec/2020:08:36:11 +0800] "GET /xingrg/login.html HTTP/1.1" 200 7641
180.162.223.42 - - [14/Dec/2020:08:36:11 +0800] "GET /favicon.ico HTTP/1.1" 404 -
180.162.223.42 - - [14/Dec/2020:08:36:12 +0800] "POST /xingrg/login.do HTTP/1.1" 302 -
180.162.223.42 - - [14/Dec/2020:08:36:12 +0800] "GET /xingrg/index.html?sysBaseUrl=http%3A%2F%2F180.169.147.146%3A18081%2Fxingrg%2F&costTime=43×tamp=1607906172567 HTTP/1.1" 200 17173
180.162.223.42 - - [14/Dec/2020:08:36:12 +0800] "GET /favicon.ico HTTP/1.1" 404 -
180.162.223.42 - - [14/Dec/2020:08:36:12 +0800] "POST /xingrg/all/common/load_tree.html?tree=area_rest_tree_json&manage=1 HTTP/1.1" 200 3350
180.162.223.42 - - [14/Dec/2020:08:36:12 +0800] "GET /xingrg/check_reg.html?_=1607906173248 HTTP/1.1" 200 22
180.162.223.42 - - [14/Dec/2020:08:36:12 +0800] "GET /xingrg/all/function/internal_message.html?_=1607906173247&CODE_STATE=count HTTP/1.1" 200 11
180.162.223.42 - - [14/Dec/2020:08:36:12 +0800] "POST /xingrg/load_menu.html HTTP/1.1" 200 5138
180.162.223.42 - - [14/Dec/2020:08:36:15 +0800] "GET /xingrg/kc/buy/cgsh_order_list.html HTTP/1.1" 200 45165
180.162.223.42 - - [14/Dec/2020:08:36:16 +0800] "POST /xingrg/kc/buy/cgsh_list_operate.html HTTP/1.1" 200 876
180.162.223.42 - - [14/Dec/2020:08:36:18 +0800] "GET /xingrg/kc/buy/cgsh_order_add.html HTTP/1.1" 200 60949
180.162.223.42 - - [14/Dec/2020:08:36:18 +0800] "GET /xingrg/words/20201212095936_words.js HTTP/1.1" 304 -
180.162.223.42 - - [14/Dec/2020:08:36:19 +0800] "POST /xingrg/kc/buy/cgsh_order_operate.html HTTP/1.1" 200 8245
180.162.223.42 - - [14/Dec/2020:08:36:19 +0800] "GET /xingrg/all/common/auto_word.html?type=employee&rest_code=00105 HTTP/1.1" 200 193
180.162.223.42 - - [14/Dec/2020:08:36:19 +0800] "GET /xingrg/all/common/auto_word.html?type=employee&rest_code=00105 HTTP/1.1" 200 193
180.162.223.42 - - [14/Dec/2020:08:36:19 +0800] "GET /xingrg/javascript/easyui/themes/default/validatebox.css HTTP/1.1" 404 1104
114.88.163.87 - - [14/Dec/2020:08:36:20 +0800] "GET /xingrg/all/function/internal_message.html?_=1607906315428&CODE_STATE=getMsg HTTP/1.1" 200 27
180.162.223.42 - - [14/Dec/2020:08:36:21 +0800] "GET /xingrg/javascript/auto/indicator.gif HTTP/1.1" 404 1066
180.152.104.37 - - [14/Dec/2020:08:36:23 +0800] "GET /xingrg/check_reg.html?_=1607906415271 HTTP/1.1" 200 22
114.84.32.187 - - [14/Dec/2020:08:36:23 +0800] "GET /xingrg/all/function/internal_message.html?_=1607906216405&CODE_STATE=getMsg HTTP/1.1" 200 27
180.152.104.37 - - [14/Dec/2020:08:36:24 +0800] "GET /xingrg/all/function/internal_message.html?_=1607906415964&CODE_STATE=getMsg HTTP/1.1" 200 27
180.162.223.42 - - [14/Dec/2020:08:36:34 +0800] "GET /xingrg/kc/buy/cgsh_order_operate.html?command=get_materiel&rest_code=00105&code=00101008229&supplier_code=00100203&order_time=2020-12-14 HTTP/1.1" 200 420
180.174.56.115 - - [14/Dec/2020:08:36:36 +0800] "GET /xingrg/all/function/internal_message.html?_=1607906199192&CODE_STATE=getMsg HTTP/1.1" 200 27
180.152.104.37 - - [14/Dec/2020:08:36:40 +0800] "POST /xingrg/kc/buy/cgsh_order_operate.html HTTP/1.1" 200 37
180.152.104.37 - - [14/Dec/2020:08:36:42 +0800] "POST /xingrg/kc/buy/cgsh_order_operate.html HTTP/1.1" 200 9778
114.84.32.187 - - [14/Dec/2020:08:36:45 +0800] "GET /xingrg/all/function/internal_message.html?_=1607906205494&CODE_STATE=getMsg HTTP/1.1" 200 27
180.152.104.37 - - [14/Dec/2020:08:36:47 +0800] "POST /xingrg/kc/buy/cgsh_list_operate.html HTTP/1.1" 200 2384
114.88.163.87 - - [14/Dec/2020:08:36:55 +0800] "GET /xingrg/all/function/internal_message.html?_=1607906207162&CODE_STATE=getMsg HTTP/1.1" 200 27
180.152.104.37 - - [14/Dec/2020:08:36:56 +0800] "POST /xingrg/kc/buy/cgsh_list_operate.html HTTP/1.1" 200 561
180.152.104.37 - - [14/Dec/2020:08:36:57 +0800] "GET /xingrg/kc/buy/cgsh_order_info.html?code=212020121405374 HTTP/1.1" 200 60870
180.152.104.37 - - [14/Dec/2020:08:36:59 +0800] "GET /xingrg/javascript/easyui/themes/default/validatebox.css HTTP/1.1" 404 1104
180.152.104.37 - - [14/Dec/2020:08:36:59 +0800] "POST /xingrg/kc/buy/cgsh_order_operate.html HTTP/1.1" 200 8556
180.174.56.115 - - [14/Dec/2020:08:37:00 +0800] "GET /xingrg/check_reg.html?_=1607906183501 HTTP/1.1" 200 22
180.174.56.115 - - [14/Dec/2020:08:37:00 +0800] "GET /xingrg/all/function/internal_message.html?_=1607906183600&CODE_STATE=getMsg HTTP/1.1" 200 27
180.152.104.37 - - [14/Dec/2020:08:37:05 +0800] "POST /xingrg/kc/buy/cgsh_order_operate.html HTTP/1.1" 200 37
180.162.223.42 - - [14/Dec/2020:08:37:12 +0800] "GET /xingrg/all/function/internal_message.html?_=1607906233270&CODE_STATE=getMsg HTTP/1.1" 200 27
180.152.104.37 - - [14/Dec/2020:08:37:16 +0800] "POST /xingrg/kc/buy/cgsh_order_operate.html HTTP/1.1" 200 12
180.152.104.37 - - [14/Dec/2020:08:37:17 +0800] "GET /xingrg/kc/buy/cgsh_order_info.html?code=212020121405374 HTTP/1.1" 200 55762
114.88.163.87 - - [14/Dec/2020:08:37:20 +0800] "GET /xingrg/all/function/internal_message.html?_=1607906375430&CODE_STATE=getMsg HTTP/1.1" 200 27
180.152.104.37 - - [14/Dec/2020:08:37:22 +0800] "GET /xingrg/javascript/easyui/themes/default/validatebox.css HTTP/1.1" 404 1104
180.152.104.37 - - [14/Dec/2020:08:37:22 +0800] "POST /xingrg/kc/buy/cgsh_order_operate.html HTTP/1.1" 200 6481
114.84.32.187 - - [14/Dec/2020:08:37:24 +0800] "GET /xingrg/all/function/internal_message.html?_=1607906276581&CODE_STATE=getMsg HTTP/1.1" 200 27
180.152.104.37 - - [14/Dec/2020:08:37:24 +0800] "GET /xingrg/all/function/internal_message.html?_=1607906475977&CODE_STATE=getMsg HTTP/1.1" 200 27
180.152.104.37 - - [14/Dec/2020:08:37:25 +0800] "POST /xingrg/kc/buy/cgsh_list_operate.html HTTP/1.1" 200 2031
180.152.104.37 - - [14/Dec/2020:08:37:27 +0800] "POST /xingrg/kc/buy/cgsh_list_operate.html HTTP/1.1" 200 563
180.152.104.37 - - [14/Dec/2020:08:37:27 +0800] "GET /xingrg/kc/buy/cgsh_order_info.html?code=212020121405372 HTTP/1.1" 200 60870
180.152.104.37 - - [14/Dec/2020:08:37:29 +0800] "POST /xingrg/kc/buy/cgsh_order_operate.html HTTP/1.1" 200 14474
180.152.104.37 - - [14/Dec/2020:08:37:31 +0800] "GET /xingrg/javascript/easyui/themes/default/validatebox.css HTTP/1.1" 404 1104
180.152.104.37 - - [14/Dec/2020:08:37:35 +0800] "POST /xingrg/kc/buy/cgsh_order_operate.html HTTP/1.1" 200 37
180.174.56.115 - - [14/Dec/2020:08:37:36 +0800] "GET /xingrg/all/function/internal_message.html?_=1607906259191&CODE_STATE=getMsg HTTP/1.1" 200 27
180.174.56.115 - - [14/Dec/2020:08:37:36 +0800] "GET /xingrg/check_reg.html?_=1607906259192 HTTP/1.1" 200 22
180.152.104.37 - - [14/Dec/2020:08:37:43 +0800] "POST /xingrg/kc/buy/cgsh_order_operate.html HTTP/1.1" 200 12
114.84.32.187 - - [14/Dec/2020:08:37:45 +0800] "GET /xingrg/all/function/internal_message.html?_=1607906265495&CODE_STATE=getMsg HTTP/1.1" 200 27
180.152.104.37 - - [14/Dec/2020:08:37:45 +0800] "GET /xingrg/kc/buy/cgsh_order_info.html?code=212020121405372 HTTP/1.1" 200 55762
180.152.104.37 - - [14/Dec/2020:08:37:47 +0800] "GET /xingrg/javascript/easyui/themes/default/validatebox.css HTTP/1.1" 404 1104
180.152.104.37 - - [14/Dec/2020:08:37:48 +0800] "POST /xingrg/kc/buy/cgsh_order_operate.html HTTP/1.1" 200 12419
180.152.104.37 - - [14/Dec/2020:08:37:50 +0800] "POST /xingrg/kc/buy/cgsh_list_operate.html HTTP/1.1" 200 1679
180.152.104.37 - - [14/Dec/2020:08:37:52 +0800] "POST /xingrg/kc/buy/cgsh_list_operate.html HTTP/1.1" 200 572
180.152.104.37 - - [14/Dec/2020:08:37:52 +0800] "GET /xingrg/kc/buy/cgsh_order_info.html?code=212020121405371 HTTP/1.1" 200 60870
180.152.104.37 - - [14/Dec/2020:08:37:54 +0800] "POST /xingrg/kc/buy/cgsh_order_operate.html HTTP/1.1" 200 9778
114.88.163.87 - - [14/Dec/2020:08:37:55 +0800] "GET /xingrg/all/function/internal_message.html?_=1607906267161&CODE_STATE=getMsg HTTP/1.1" 200 27
180.152.104.37 - - [14/Dec/2020:08:37:55 +0800] "GET /xingrg/javascript/easyui/themes/default/validatebox.css HTTP/1.1" 404 1104
180.152.104.37 - - [14/Dec/2020:08:38:00 +0800] "POST /xingrg/kc/buy/cgsh_order_operate.html HTTP/1.1" 200 37
180.174.56.115 - - [14/Dec/2020:08:38:00 +0800] "GET /xingrg/all/function/internal_message.html?_=1607906243614&CODE_STATE=getMsg HTTP/1.1" 200 27
180.152.104.37 - - [14/Dec/2020:08:38:02 +0800] "POST /xingrg/kc/buy/cgsh_order_operate.html HTTP/1.1" 200 12
180.152.104.37 - - [14/Dec/2020:08:38:03 +0800] "GET /xingrg/kc/buy/cgsh_order_info.html?code=212020121405371 HTTP/1.1" 200 55762
180.152.104.37 - - [14/Dec/2020:08:38:09 +0800] "POST /xingrg/kc/buy/cgsh_order_operate.html HTTP/1.1" 200 7703
180.152.104.37 - - [14/Dec/2020:08:38:10 +0800] "GET /xingrg/javascript/easyui/themes/default/validatebox.css HTTP/1.1" 404 1104
180.162.223.42 - - [14/Dec/2020:08:38:12 +0800] "GET /xingrg/all/function/internal_message.html?_=1607906293253&CODE_STATE=getMsg HTTP/1.1" 200 27
114.88.163.87 - - [14/Dec/2020:08:38:20 +0800] "GET /xingrg/check_reg.html?_=1607906435430 HTTP/1.1" 200 22
114.88.163.87 - - [14/Dec/2020:08:38:20 +0800] "GET /xingrg/all/function/internal_message.html?_=1607906435432&CODE_STATE=getMsg HTTP/1.1" 200 27
180.162.223.42 - - [14/Dec/2020:08:38:20 +0800] "GET /xingrg/kc/buy/cgsh_order_operate.html?command=get_materiel&rest_code=00105&code=00101008323&supplier_code=00100203&order_time=2020-12-14 HTTP/1.1" 200 408
114.84.32.187 - - [14/Dec/2020:08:38:24 +0800] "GET /xingrg/all/function/internal_message.html?_=1607906336589&CODE_STATE=getMsg HTTP/1.1" 200 27
180.152.104.37 - - [14/Dec/2020:08:38:24 +0800] "GET /xingrg/all/function/internal_message.html?_=1607906535990&CODE_STATE=getMsg HTTP/1.1" 200 27
180.174.56.115 - - [14/Dec/2020:08:38:36 +0800] "GET /xingrg/all/function/internal_message.html?_=1607906319199&CODE_STATE=getMsg HTTP/1.1" 200 27
180.162.223.42 - - [14/Dec/2020:08:38:42 +0800] "GET /xingrg/kc/buy/cgsh_order_operate.html?command=get_materiel&rest_code=00105&code=00101008256&supplier_code=00100203&order_time=2020-12-14 HTTP/1.1" 200 413
114.84.32.187 - - [14/Dec/2020:08:38:45 +0800] "GET /xingrg/all/function/internal_message.html?_=1607906325496&CODE_STATE=getMsg HTTP/1.1" 200 27
114.88.163.87 - - [14/Dec/2020:08:38:55 +0800] "GET /xingrg/all/function/internal_message.html?_=1607906327160&CODE_STATE=getMsg HTTP/1.1" 200 27
114.88.163.87 - - [14/Dec/2020:08:38:55 +0800] "GET /xingrg/check_reg.html?_=1607906327163 HTTP/1.1" 200 22
180.162.223.42 - - [14/Dec/2020:08:38:57 +0800] "GET /xingrg/kc/buy/cgsh_order_operate.html?command=get_materiel&rest_code=00105&code=00101008045&supplier_code=00100203&order_time=2020-12-14 HTTP/1.1" 200 412
180.174.56.115 - - [14/Dec/2020:08:39:00 +0800] "GET /xingrg/all/function/internal_message.html?_=1607906303627&CODE_STATE=getMsg HTTP/1.1" 200 27
180.162.223.42 - - [14/Dec/2020:08:39:12 +0800] "GET /xingrg/all/function/internal_message.html?_=1607906353281&CODE_STATE=getMsg HTTP/1.1" 200 27
114.84.32.187 - - [14/Dec/2020:08:39:18 +0800] "POST /xingrg/services/DataTransmitService HTTP/1.1" 200 524
114.88.163.87 - - [14/Dec/2020:08:39:20 +0800] "GET /xingrg/all/function/internal_message.html?_=1607906495430&CODE_STATE=getMsg HTTP/1.1" 200 27
114.84.32.187 - - [14/Dec/2020:08:39:23 +0800] "GET /xingrg/check_reg.html?_=1607906395802 HTTP/1.1" 200 22
114.84.32.187 - - [14/Dec/2020:08:39:24 +0800] "GET /xingrg/all/function/internal_message.html?_=1607906396603&CODE_STATE=getMsg HTTP/1.1" 200 27
180.152.104.37 - - [14/Dec/2020:08:39:24 +0800] "GET /xingrg/all/function/internal_message.html?_=1607906596004&CODE_STATE=getMsg HTTP/1.1" 200 27
180.162.223.42 - - [14/Dec/2020:08:39:32 +0800] "GET /xingrg/kc/buy/cgsh_order_operate.html?command=get_materiel&rest_code=00105&code=00101008312&supplier_code=00100203&order_time=2020-12-14 HTTP/1.1" 200 412
180.174.56.115 - - [14/Dec/2020:08:39:36 +0800] "GET /xingrg/all/function/internal_message.html?_=1607906379198&CODE_STATE=getMsg HTTP/1.1" 200 27
180.162.223.42 - - [14/Dec/2020:08:39:37 +0800] "GET /xingrg/kc/buy/cgsh_order_operate.html?command=get_materiel&rest_code=00105&code=00101008088&supplier_code=00100203&order_time=2020-12-14 HTTP/1.1" 200 408
114.84.32.187 - - [14/Dec/2020:08:39:45 +0800] "GET /xingrg/all/function/internal_message.html?_=1607906385496&CODE_STATE=getMsg HTTP/1.1" 200 27
180.162.223.42 - - [14/Dec/2020:08:39:54 +0800] "GET /xingrg/kc/buy/cgsh_order_operate.html?command=get_materiel&rest_code=00105&code=00101008163&supplier_code=00100203&order_time=2020-12-14 HTTP/1.1" 200 409
114.88.163.87 - - [14/Dec/2020:08:39:55 +0800] "GET /xingrg/all/function/internal_message.html?_=1607906387162&CODE_STATE=getMsg HTTP/1.1" 200 27
180.174.56.115 - - [14/Dec/2020:08:40:00 +0800] "GET /xingrg/all/function/internal_message.html?_=1607906363660&CODE_STATE=getMsg HTTP/1.1" 200 27
180.162.223.42 - - [14/Dec/2020:08:40:03 +0800] "GET /xingrg/kc/buy/cgsh_order_operate.html?command=get_materiel&rest_code=00105&code=00101008211&supplier_code=00100203&order_time=2020-12-14 HTTP/1.1" 200 412
180.162.223.42 - - [14/Dec/2020:08:40:12 +0800] "GET /xingrg/all/function/internal_message.html?_=1607906413248&CODE_STATE=getMsg HTTP/1.1" 200 27
180.162.223.42 - - [14/Dec/2020:08:40:13 +0800] "GET /xingrg/kc/buy/cgsh_order_operate.html?command=get_materiel&rest_code=00105&code=00101008355&supplier_code=00100203&order_time=2020-12-14 HTTP/1.1" 200 408
114.88.163.87 - - [14/Dec/2020:08:40:20 +0800] "GET /xingrg/all/function/internal_message.html?_=1607906555430&CODE_STATE=getMsg HTTP/1.1" 200 27
114.84.32.187 - - [14/Dec/2020:08:40:24 +0800] "GET /xingrg/all/function/internal_message.html?_=1607906456615&CODE_STATE=getMsg HTTP/1.1" 200 27
180.152.104.37 - - [14/Dec/2020:08:40:25 +0800] "GET /xingrg/all/function/internal_message.html?_=1607906656640&CODE_STATE=getMsg HTTP/1.1" 200 27
180.162.223.42 - - [14/Dec/2020:08:40:26 +0800] "GET /xingrg/kc/buy/cgsh_order_operate.html?command=get_materiel&rest_code=00105&code=00101008264&supplier_code=00100203&order_time=2020-12-14 HTTP/1.1" 200 412
180.174.56.115 - - [14/Dec/2020:08:40:36 +0800] "GET /xingrg/all/function/internal_message.html?_=1607906439211&CODE_STATE=getMsg HTTP/1.1" 200 27
114.84.32.187 - - [14/Dec/2020:08:40:45 +0800] "GET /xingrg/check_reg.html?_=1607906445496 HTTP/1.1" 200 22
114.84.32.187 - - [14/Dec/2020:08:40:45 +0800] "GET /xingrg/all/function/internal_message.html?_=1607906445497&CODE_STATE=getMsg HTTP/1.1" 200 27
180.162.223.42 - - [14/Dec/2020:08:40:51 +0800] "GET /xingrg/kc/buy/cgsh_order_operate.html?command=get_materiel&rest_code=00105&code=00101008196&supplier_code=00100203&order_time=2020-12-14 HTTP/1.1" 200 416
114.88.163.87 - - [14/Dec/2020:08:40:55 +0800] "GET /xingrg/all/function/internal_message.html?_=1607906447162&CODE_STATE=getMsg HTTP/1.1" 200 27
180.162.223.42 - - [14/Dec/2020:08:40:59 +0800] "GET /xingrg/kc/buy/cgsh_order_operate.html?command=get_materiel&rest_code=00105&code=00101008357&supplier_code=00100203&order_time=2020-12-14 HTTP/1.1" 200 408
180.157.253.48 - - [14/Dec/2020:08:40:59 +0800] "GET /xingrg/login.html HTTP/1.1" 200 7641
180.157.253.48 - - [14/Dec/2020:08:40:59 +0800] "GET /xingrg/images/blue/login_bg.png HTTP/1.1" 304 -
180.157.253.48 - - [14/Dec/2020:08:40:59 +0800] "GET /xingrg/images/blue/hj.png HTTP/1.1" 304 -
180.157.253.48 - - [14/Dec/2020:08:40:59 +0800] "GET /xingrg/images/blue/jxLogo.png HTTP/1.1" 304 -
180.157.253.48 - - [14/Dec/2020:08:40:59 +0800] "GET /xingrg/images/blue/srbg.png HTTP/1.1" 304 -
180.157.253.48 - - [14/Dec/2020:08:40:59 +0800] "GET /favicon.ico HTTP/1.1" 404 -
180.174.56.115 - - [14/Dec/2020:08:41:00 +0800] "GET /xingrg/all/function/internal_message.html?_=1607906423670&CODE_STATE=getMsg HTTP/1.1" 200 27
180.157.253.48 - - [14/Dec/2020:08:41:05 +0800] "POST /xingrg/login.do HTTP/1.1" 302 -
180.157.253.48 - - [14/Dec/2020:08:41:05 +0800] "GET /xingrg/javascript/jquery_easy_ui/themes/icon.css HTTP/1.1" 304 -
180.157.253.48 - - [14/Dec/2020:08:41:05 +0800] "GET /xingrg/javascript/jquery_easy_ui/themes/default/easyui.css HTTP/1.1" 304 -
180.157.253.48 - - [14/Dec/2020:08:41:05 +0800] "GET /xingrg/index.html?sysBaseUrl=http%3A%2F%2F180.169.147.146%3A18081%2Fxingrg%2F&costTime=37×tamp=1607906465142 HTTP/1.1" 200 17179
180.157.253.48 - - [14/Dec/2020:08:41:05 +0800] "GET /xingrg/css/form.css HTTP/1.1" 304 -
180.157.253.48 - - [14/Dec/2020:08:41:05 +0800] "GET /xingrg/javascript/jquery-1.4.2.min.js HTTP/1.1" 304 -
180.157.253.48 - - [14/Dec/2020:08:41:05 +0800] "GET /xingrg/javascript/jquery_easy_ui/jquery.easyui.min.js HTTP/1.1" 304 -
180.157.253.48 - - [14/Dec/2020:08:41:05 +0800] "GET /xingrg/javascript/jquery_easy_ui/easyui-lang-zh_CN.js HTTP/1.1" 304 -
180.157.253.48 - - [14/Dec/2020:08:41:05 +0800] "GET /xingrg/javascript/jquery.form.js HTTP/1.1" 304 -
180.157.253.48 - - [14/Dec/2020:08:41:05 +0800] "GET /xingrg/javascript/jquery.utils.js HTTP/1.1" 304 -
180.157.253.48 - - [14/Dec/2020:08:41:05 +0800] "GET /xingrg/javascript/jquery.timers.js HTTP/1.1" 304 -
180.157.253.48 - - [14/Dec/2020:08:41:05 +0800] "GET /favicon.ico HTTP/1.1" 404 -
180.157.253.48 - - [14/Dec/2020:08:41:05 +0800] "GET /xingrg/images/blue/jxLogo.png HTTP/1.1" 304 -
180.157.253.48 - - [14/Dec/2020:08:41:05 +0800] "GET /xingrg/images/blue/navBackgound.jpg HTTP/1.1" 304 -
180.157.253.48 - - [14/Dec/2020:08:41:05 +0800] "GET /xingrg/javascript/jquery_easy_ui/themes/icons/settle_new.png HTTP/1.1" 304 -
180.157.253.48 - - [14/Dec/2020:08:41:05 +0800] "POST /xingrg/all/common/load_tree.html?tree=area_rest_tree_json&manage=1 HTTP/1.1" 200 351
180.157.253.48 - - [14/Dec/2020:08:41:05 +0800] "GET /xingrg/images/blue/pingpu.png HTTP/1.1" 304 -
180.157.253.48 - - [14/Dec/2020:08:41:05 +0800] "GET /xingrg/javascript/jquery_easy_ui/themes/default/images/tabs_leftarrow.png HTTP/1.1" 304 -
180.157.253.48 - - [14/Dec/2020:08:41:05 +0800] "GET /xingrg/javascript/jquery_easy_ui/themes/default/images/tabs_rightarrow.png HTTP/1.1" 304 -
180.157.253.48 - - [14/Dec/2020:08:41:05 +0800] "GET /xingrg/javascript/jquery_easy_ui/themes/default/images/panel_tool_collapse.gif HTTP/1.1" 304 -
180.157.253.48 - - [14/Dec/2020:08:41:05 +0800] "GET /xingrg/all/function/internal_message.html?_=1607906466782&CODE_STATE=count HTTP/1.1" 200 11
180.157.253.48 - - [14/Dec/2020:08:41:05 +0800] "GET /xingrg/check_reg.html?_=1607906466783 HTTP/1.1" 200 22
180.157.253.48 - - [14/Dec/2020:08:41:05 +0800] "POST /xingrg/load_menu.html HTTP/1.1" 200 5138
180.157.253.48 - - [14/Dec/2020:08:41:05 +0800] "GET /xingrg/javascript/jquery_easy_ui/themes/default/images/tree_arrows.gif HTTP/1.1" 304 -
180.157.253.48 - - [14/Dec/2020:08:41:05 +0800] "GET /xingrg/javascript/jquery_easy_ui/themes/default/images/tree_folder_open.gif HTTP/1.1" 304 -
180.157.253.48 - - [14/Dec/2020:08:41:05 +0800] "GET /xingrg/javascript/jquery_easy_ui/themes/icons/search_new.png HTTP/1.1" 304 -
180.157.253.48 - - [14/Dec/2020:08:41:05 +0800] "GET /xingrg/javascript/jquery_easy_ui/themes/default/images/tree_folder.gif HTTP/1.1" 304 -
180.157.253.48 - - [14/Dec/2020:08:41:05 +0800] "GET /xingrg/javascript/jquery_easy_ui/themes/icons/storage_new.png HTTP/1.1" 304 -
180.157.253.48 - - [14/Dec/2020:08:41:05 +0800] "GET /xingrg/javascript/jquery_easy_ui/themes/icons/forms_new.png HTTP/1.1" 304 -
180.157.253.48 - - [14/Dec/2020:08:41:05 +0800] "GET /xingrg/javascript/jquery_easy_ui/themes/default/images/tree_file.gif HTTP/1.1" 304 -
180.162.223.42 - - [14/Dec/2020:08:41:10 +0800] "GET /xingrg/kc/buy/cgsh_order_operate.html?command=get_materiel&rest_code=00105&code=00101008069&supplier_code=00100203&order_time=2020-12-14 HTTP/1.1" 200 412
180.162.223.42 - - [14/Dec/2020:08:41:12 +0800] "GET /xingrg/check_reg.html?_=1607906473274 HTTP/1.1" 200 22
180.162.223.42 - - [14/Dec/2020:08:41:12 +0800] "GET /xingrg/all/function/internal_message.html?_=1607906473275&CODE_STATE=getMsg HTTP/1.1" 200 27
