180.174.56.115 - - [14/Dec/2020:11:10:33 +0800] "POST /xingrg/all/common/load_select.html HTTP/1.1" 200 25
117.184.7.26 - - [14/Dec/2020:11:10:34 +0800] "POST /xingrg/kc/buy/cgsh_order_operate.html HTTP/1.1" 200 37
180.174.56.115 - - [14/Dec/2020:11:10:35 +0800] "GET /xingrg/kc/base/wldb_order_operate.html?command=get_materiel_price&rest_code=00150&base_code=0010446&code=00102002685&unit_code=00100347 HTTP/1.1" 200 35
114.88.159.147 - - [14/Dec/2020:11:10:39 +0800] "GET /xingrg/all/function/internal_message.html?_=1607915010521&CODE_STATE=getMsg HTTP/1.1" 200 27
114.84.32.187 - - [14/Dec/2020:11:10:40 +0800] "GET /xingrg/all/function/internal_message.html?_=1607915473381&CODE_STATE=getMsg HTTP/1.1" 200 27
180.174.56.115 - - [14/Dec/2020:11:10:40 +0800] "GET /xingrg/all/function/internal_message.html?_=1607915403712&CODE_STATE=getMsg HTTP/1.1" 200 27
114.86.227.138 - - [14/Dec/2020:11:10:40 +0800] "GET /xingrg/check_reg.html?_=1607915478921 HTTP/1.1" 200 22
114.86.227.138 - - [14/Dec/2020:11:10:40 +0800] "GET /xingrg/all/function/internal_message.html?_=1607915478921&CODE_STATE=getMsg HTTP/1.1" 200 27
117.185.32.26 - - [14/Dec/2020:11:10:41 +0800] "GET /xingrg/all/function/internal_message.html?_=1607915898277&CODE_STATE=getMsg HTTP/1.1" 200 27
117.184.7.26 - - [14/Dec/2020:11:10:41 +0800] "POST /xingrg/kc/buy/cgsh_order_operate.html HTTP/1.1" 200 6805
117.184.7.26 - - [14/Dec/2020:11:10:43 +0800] "GET /xingrg/kc/print/load_data.html?order_code=212020121405529&kc_code=cgsh&condition= HTTP/1.1" 200 2295
180.152.104.37 - - [14/Dec/2020:11:10:43 +0800] "GET /xingrg/all/function/internal_message.html?_=1607915675217&CODE_STATE=getMsg HTTP/1.1" 200 27
180.157.253.48 - - [14/Dec/2020:11:10:43 +0800] "GET /xingrg/all/function/internal_message.html?_=1607915445093&CODE_STATE=getMsg HTTP/1.1" 200 27
180.174.56.115 - - [14/Dec/2020:11:10:43 +0800] "POST /xingrg/kc/base/wldb_order_operate.html HTTP/1.1" 200 37
117.185.32.26 - - [14/Dec/2020:11:10:45 +0800] "GET /xingrg/all/function/internal_message.html?_=1607915441175&CODE_STATE=getMsg HTTP/1.1" 200 27
180.174.56.115 - - [14/Dec/2020:11:10:45 +0800] "POST /xingrg/kc/base/wldb_order_operate.html HTTP/1.1" 200 12
180.174.56.115 - - [14/Dec/2020:11:10:45 +0800] "POST /xingrg/kc/base/wldb_order_operate.html HTTP/1.1" 200 2202
114.84.32.187 - - [14/Dec/2020:11:10:45 +0800] "GET /xingrg/all/function/internal_message.html?_=1607915445677&CODE_STATE=getMsg HTTP/1.1" 200 27
114.84.32.187 - - [14/Dec/2020:11:10:45 +0800] "GET /xingrg/check_reg.html?_=1607915445679 HTTP/1.1" 200 22
180.174.56.115 - - [14/Dec/2020:11:10:47 +0800] "GET /xingrg/kc/base/wldb_order_info.html?code=422020121401556 HTTP/1.1" 200 26393
180.174.56.115 - - [14/Dec/2020:11:10:47 +0800] "GET /xingrg/javascript/easyui/themes/default/validatebox.css HTTP/1.1" 404 1104
180.174.56.115 - - [14/Dec/2020:11:10:47 +0800] "POST /xingrg/kc/base/wldb_order_operate.html HTTP/1.1" 200 495
117.131.5.26 - - [14/Dec/2020:11:10:57 +0800] "GET /xingrg/all/function/internal_message.html?_=1607915783926&CODE_STATE=getMsg HTTP/1.1" 200 27
180.174.56.115 - - [14/Dec/2020:11:10:57 +0800] "GET /xingrg/kc/base/yddb_order_list.html HTTP/1.1" 200 16951
180.174.56.115 - - [14/Dec/2020:11:10:58 +0800] "POST /xingrg/kc/base/yddb_list_operate.html HTTP/1.1" 200 636
117.184.7.26 - - [14/Dec/2020:11:10:58 +0800] "POST /xingrg/kc/buy/cgsh_list_operate.html HTTP/1.1" 200 3087
116.228.172.94 - - [14/Dec/2020:11:10:59 +0800] "GET /xingrg/all/function/internal_message.html?_=1607915458990&CODE_STATE=getMsg HTTP/1.1" 200 27
180.174.56.115 - - [14/Dec/2020:11:10:59 +0800] "GET /xingrg/kc/base/yddb_order_add.html HTTP/1.1" 200 29753
180.174.56.115 - - [14/Dec/2020:11:10:59 +0800] "GET /xingrg/dwr/interface/AjaxComOrderService.js HTTP/1.1" 200 18264
180.174.56.115 - - [14/Dec/2020:11:10:59 +0800] "GET /xingrg/dwr/interface/AjaxYddbService.js HTTP/1.1" 200 13201
180.174.56.115 - - [14/Dec/2020:11:10:59 +0800] "GET /xingrg/dwr/engine.js HTTP/1.1" 200 43631
222.69.136.203 - - [14/Dec/2020:11:11:03 +0800] "GET /xingrg/all/function/internal_message.html?_=1607915462199&CODE_STATE=getMsg HTTP/1.1" 200 27
180.174.56.115 - - [14/Dec/2020:11:11:03 +0800] "POST /xingrg/dwr/call/plaincall/AjaxYddbService.getRestBases.dwr HTTP/1.1" 200 1514
114.84.4.90 - - [14/Dec/2020:11:11:05 +0800] "GET /xingrg/check_reg.html?_=1607915457533 HTTP/1.1" 200 22
114.84.4.90 - - [14/Dec/2020:11:11:05 +0800] "GET /xingrg/all/function/internal_message.html?_=1607915457540&CODE_STATE=getMsg HTTP/1.1" 200 27
180.157.253.48 - - [14/Dec/2020:11:11:05 +0800] "GET /xingrg/javascript/easyui/themes/default/images/button_plain_hover.png HTTP/1.1" 304 -
180.157.253.48 - - [14/Dec/2020:11:11:05 +0800] "GET /xingrg/javascript/easyui/themes/default/images/button_plain_hover.png HTTP/1.1" 304 -
180.157.253.48 - - [14/Dec/2020:11:11:05 +0800] "GET /xingrg/javascript/easyui/themes/default/images/button_plain_hover.png HTTP/1.1" 304 -
180.157.253.48 - - [14/Dec/2020:11:11:05 +0800] "GET /xingrg/javascript/easyui/themes/default/images/button_plain_hover.png HTTP/1.1" 304 -
180.157.253.48 - - [14/Dec/2020:11:11:05 +0800] "GET /xingrg/javascript/easyui/themes/default/images/button_plain_hover.png HTTP/1.1" 304 -
180.157.253.48 - - [14/Dec/2020:11:11:05 +0800] "GET /xingrg/javascript/easyui/themes/default/images/button_plain_hover.png HTTP/1.1" 304 -
180.157.253.48 - - [14/Dec/2020:11:11:05 +0800] "GET /xingrg/javascript/easyui/themes/default/images/button_plain_hover.png HTTP/1.1" 304 -
114.88.163.87 - - [14/Dec/2020:11:11:06 +0800] "GET /xingrg/all/function/internal_message.html?_=1607915601232&CODE_STATE=getMsg HTTP/1.1" 200 27
180.157.253.48 - - [14/Dec/2020:11:11:08 +0800] "POST /xingrg/kc/buy/cgsh_order_operate.html HTTP/1.1" 200 37
172.17.0.102 - - [14/Dec/2020:11:11:08 +0800] "GET /xingrg/all/function/internal_message.html?_=1607915469611&CODE_STATE=getMsg HTTP/1.1" 200 27
172.17.0.108 - - [14/Dec/2020:11:11:09 +0800] "GET /xingrg/all/function/internal_message.html?_=1607915469166&CODE_STATE=getMsg HTTP/1.1" 200 27
180.157.253.48 - - [14/Dec/2020:11:11:10 +0800] "POST /xingrg/kc/buy/cgsh_order_operate.html HTTP/1.1" 200 5656
180.162.108.15 - - [14/Dec/2020:11:11:11 +0800] "GET /xingrg/all/function/internal_message.html?_=1607915375040&CODE_STATE=getMsg HTTP/1.1" 200 27
180.157.253.48 - - [14/Dec/2020:11:11:11 +0800] "GET /xingrg/javascript/easyui/themes/default/images/button_plain_hover.png HTTP/1.1" 304 -
180.157.253.48 - - [14/Dec/2020:11:11:11 +0800] "GET /xingrg/javascript/easyui/themes/default/images/button_plain_hover.png HTTP/1.1" 304 -
180.174.56.115 - - [14/Dec/2020:11:11:12 +0800] "POST /xingrg/dwr/call/plaincall/AjaxYddbService.saveOrder.dwr HTTP/1.1" 200 78
180.157.253.48 - - [14/Dec/2020:11:11:12 +0800] "POST /xingrg/kc/buy/cgsh_list_operate.html HTTP/1.1" 200 3081
180.174.56.115 - - [14/Dec/2020:11:11:12 +0800] "GET /xingrg/images/yd/bt.gif HTTP/1.1" 404 1040
180.174.56.115 - - [14/Dec/2020:11:11:16 +0800] "POST /xingrg/dwr/call/plaincall/AjaxComOrderService.getMaterielSearchList.dwr HTTP/1.1" 200 6235
180.174.56.115 - - [14/Dec/2020:11:11:17 +0800] "POST /xingrg/dwr/call/plaincall/AjaxComOrderService.getMaterielSearchList.dwr HTTP/1.1" 200 561
180.174.56.115 - - [14/Dec/2020:11:11:18 +0800] "POST /xingrg/dwr/call/plaincall/AjaxYddbService.getMaterielByMap.dwr HTTP/1.1" 200 3713
114.88.159.147 - - [14/Dec/2020:11:11:18 +0800] "GET /xingrg/kc/base/base_main.html HTTP/1.1" 200 12142
114.88.159.147 - - [14/Dec/2020:11:11:19 +0800] "GET /xingrg/kc/base/wldb_order_list.html HTTP/1.1" 200 19345
114.88.159.147 - - [14/Dec/2020:11:11:20 +0800] "POST /xingrg/kc/base/wldb_list_operate.html HTTP/1.1" 200 928
180.174.56.115 - - [14/Dec/2020:11:11:20 +0800] "POST /xingrg/dwr/call/plaincall/AjaxYddbService.saveMaterielItem.dwr HTTP/1.1" 200 78
222.69.133.109 - - [14/Dec/2020:11:11:20 +0800] "GET /xingrg/all/function/internal_message.html?_=1607915481349&CODE_STATE=getMsg HTTP/1.1" 200 27
114.88.159.147 - - [14/Dec/2020:11:11:20 +0800] "GET /xingrg/kc/base/wldb_order_add.html HTTP/1.1" 200 30514
114.88.159.147 - - [14/Dec/2020:11:11:21 +0800] "GET /xingrg/all/common/auto_word.html?type=base&rest_code=00141 HTTP/1.1" 200 1753
114.88.159.147 - - [14/Dec/2020:11:11:21 +0800] "GET /xingrg/all/common/auto_word.html?type=base&rest_code=00141 HTTP/1.1" 200 1753
114.88.159.147 - - [14/Dec/2020:11:11:21 +0800] "GET /xingrg/javascript/easyui/themes/default/validatebox.css HTTP/1.1" 404 1104
114.88.159.147 - - [14/Dec/2020:11:11:21 +0800] "POST /xingrg/kc/base/wldb_order_operate.html HTTP/1.1" 200 6806
120.204.17.70 - - [14/Dec/2020:11:11:23 +0800] "GET /xingrg/check_reg.html?_=1607914777181 HTTP/1.1" 302 -
180.162.223.42 - - [14/Dec/2020:11:11:25 +0800] "GET /xingrg/all/function/internal_message.html?_=1607915486259&CODE_STATE=getMsg HTTP/1.1" 200 27
180.162.223.42 - - [14/Dec/2020:11:11:25 +0800] "GET /xingrg/check_reg.html?_=1607915486258 HTTP/1.1" 200 22
114.88.159.147 - - [14/Dec/2020:11:11:26 +0800] "GET /xingrg/kc/base/wldb_order_operate.html?command=get_materiel&rest_code=00141&base_code=0010382&code=00101019222 HTTP/1.1" 200 454
124.77.237.88 - - [14/Dec/2020:11:11:29 +0800] "GET /xingrg/all/function/internal_message.html?_=1607915488223&CODE_STATE=getMsg HTTP/1.1" 200 27
180.174.56.115 - - [14/Dec/2020:11:11:29 +0800] "GET /xingrg/kc/base/wldb_order_add.html HTTP/1.1" 200 30514
180.174.56.115 - - [14/Dec/2020:11:11:29 +0800] "GET /xingrg/javascript/easyui/themes/default/validatebox.css HTTP/1.1" 404 1104
180.174.56.115 - - [14/Dec/2020:11:11:30 +0800] "POST /xingrg/kc/base/wldb_order_operate.html HTTP/1.1" 200 6806
172.17.200.101 - - [14/Dec/2020:11:11:31 +0800] "GET /xingrg/check_reg.html?_=1607915490943 HTTP/1.1" 200 22
172.17.200.101 - - [14/Dec/2020:11:11:31 +0800] "GET /xingrg/all/function/internal_message.html?_=1607915490957&CODE_STATE=getMsg HTTP/1.1" 200 27
101.85.93.83 - - [14/Dec/2020:11:11:31 +0800] "GET /xingrg/all/function/internal_message.html?_=1607915195912&CODE_STATE=getMsg HTTP/1.1" 200 27
120.204.17.70 - - [14/Dec/2020:11:11:31 +0800] "GET /xingrg/login.html HTTP/1.1" 200 7641
180.174.56.115 - - [14/Dec/2020:11:11:31 +0800] "GET /xingrg/all/function/internal_message.html?_=1607915494267&CODE_STATE=getMsg HTTP/1.1" 200 27
114.88.159.147 - - [14/Dec/2020:11:11:32 +0800] "GET /xingrg/kc/base/wldb_order_operate.html?command=get_materiel&rest_code=00141&base_code=0010382&code=00101019133 HTTP/1.1" 200 464
172.17.0.120 - - [14/Dec/2020:11:11:33 +0800] "GET /xingrg/all/function/internal_message.html?_=1607916028620&CODE_STATE=getMsg HTTP/1.1" 200 27
180.174.56.115 - - [14/Dec/2020:11:11:34 +0800] "GET /xingrg/kc/base/wldb_order_operate.html?command=get_materiel&rest_code=00150&base_code=0010445&code=00101016037 HTTP/1.1" 200 448
114.88.159.147 - - [14/Dec/2020:11:11:36 +0800] "GET /xingrg/kc/base/wldb_order_operate.html?command=get_materiel&rest_code=00141&base_code=0010382&code=00101019185 HTTP/1.1" 200 455
180.152.104.37 - - [14/Dec/2020:11:11:37 +0800] "GET /xingrg/check_reg.html?_=1607915729574 HTTP/1.1" 200 22
114.86.227.138 - - [14/Dec/2020:11:11:39 +0800] "GET /xingrg/all/function/internal_message.html?_=1607915538921&CODE_STATE=getMsg HTTP/1.1" 200 27
114.88.159.147 - - [14/Dec/2020:11:11:39 +0800] "GET /xingrg/all/function/internal_message.html?_=1607915070501&CODE_STATE=getMsg HTTP/1.1" 200 27
117.184.7.26 - - [14/Dec/2020:11:11:40 +0800] "GET /xingrg/all/function/internal_message.html?_=1607915499628&CODE_STATE=getMsg HTTP/1.1" 200 27
114.88.159.147 - - [14/Dec/2020:11:11:40 +0800] "GET /xingrg/kc/base/wldb_order_operate.html?command=get_materiel&rest_code=00141&base_code=0010382&code=00101019529 HTTP/1.1" 200 475
180.174.56.115 - - [14/Dec/2020:11:11:40 +0800] "GET /xingrg/all/function/internal_message.html?_=1607915463725&CODE_STATE=getMsg HTTP/1.1" 200 27
114.84.32.187 - - [14/Dec/2020:11:11:40 +0800] "GET /xingrg/all/function/internal_message.html?_=1607915533743&CODE_STATE=getMsg HTTP/1.1" 200 27
117.185.32.26 - - [14/Dec/2020:11:11:41 +0800] "GET /xingrg/all/function/internal_message.html?_=1607915958288&CODE_STATE=getMsg HTTP/1.1" 200 27
180.152.104.37 - - [14/Dec/2020:11:11:43 +0800] "GET /xingrg/all/function/internal_message.html?_=1607915735230&CODE_STATE=getMsg HTTP/1.1" 200 27
180.157.253.48 - - [14/Dec/2020:11:11:44 +0800] "GET /xingrg/all/function/internal_message.html?_=1607915505189&CODE_STATE=getMsg HTTP/1.1" 200 27
117.185.32.26 - - [14/Dec/2020:11:11:45 +0800] "GET /xingrg/all/function/internal_message.html?_=1607915501152&CODE_STATE=getMsg HTTP/1.1" 200 27
114.84.32.187 - - [14/Dec/2020:11:11:45 +0800] "GET /xingrg/all/function/internal_message.html?_=1607915505678&CODE_STATE=getMsg HTTP/1.1" 200 27
114.88.159.147 - - [14/Dec/2020:11:11:46 +0800] "GET /xingrg/kc/base/wldb_order_operate.html?command=get_materiel&rest_code=00141&base_code=0010382&code=00101019404 HTTP/1.1" 200 476
114.88.159.147 - - [14/Dec/2020:11:11:50 +0800] "GET /xingrg/kc/base/wldb_order_operate.html?command=get_materiel&rest_code=00141&base_code=0010382&code=00101019199 HTTP/1.1" 200 458
114.88.159.147 - - [14/Dec/2020:11:11:54 +0800] "GET /xingrg/kc/base/wldb_order_operate.html?command=get_materiel&rest_code=00141&base_code=0010382&code=00101016001 HTTP/1.1" 200 457
117.131.5.26 - - [14/Dec/2020:11:11:57 +0800] "GET /xingrg/all/function/internal_message.html?_=1607915843940&CODE_STATE=getMsg HTTP/1.1" 200 27
114.88.159.147 - - [14/Dec/2020:11:11:57 +0800] "GET /xingrg/kc/base/wldb_order_operate.html?command=get_materiel&rest_code=00141&base_code=0010382&code=00101019067 HTTP/1.1" 200 447
116.228.172.94 - - [14/Dec/2020:11:11:58 +0800] "GET /xingrg/all/function/internal_message.html?_=1607915518975&CODE_STATE=getMsg HTTP/1.1" 200 27
222.69.136.203 - - [14/Dec/2020:11:12:03 +0800] "GET /xingrg/all/function/internal_message.html?_=1607915522207&CODE_STATE=getMsg HTTP/1.1" 200 27
222.69.136.203 - - [14/Dec/2020:11:12:03 +0800] "GET /xingrg/check_reg.html?_=1607915522225 HTTP/1.1" 200 22
114.84.4.90 - - [14/Dec/2020:11:12:05 +0800] "GET /xingrg/all/function/internal_message.html?_=1607915517538&CODE_STATE=getMsg HTTP/1.1" 200 27
114.88.163.87 - - [14/Dec/2020:11:12:06 +0800] "GET /xingrg/check_reg.html?_=1607915661231 HTTP/1.1" 200 22
114.88.163.87 - - [14/Dec/2020:11:12:06 +0800] "GET /xingrg/all/function/internal_message.html?_=1607915661232&CODE_STATE=getMsg HTTP/1.1" 200 27
114.88.159.147 - - [14/Dec/2020:11:12:06 +0800] "POST /xingrg/kc/base/wldb_order_operate.html HTTP/1.1" 200 37
114.88.159.147 - - [14/Dec/2020:11:12:08 +0800] "POST /xingrg/kc/base/wldb_order_operate.html HTTP/1.1" 200 12
114.88.159.147 - - [14/Dec/2020:11:12:08 +0800] "POST /xingrg/kc/base/wldb_order_operate.html HTTP/1.1" 200 5716
114.88.159.147 - - [14/Dec/2020:11:12:08 +0800] "GET /xingrg/kc/base/wldb_order_info.html?code=422020121401557 HTTP/1.1" 200 26393
172.17.0.102 - - [14/Dec/2020:11:12:08 +0800] "GET /xingrg/all/function/internal_message.html?_=1607915529602&CODE_STATE=getMsg HTTP/1.1" 200 27
172.17.0.108 - - [14/Dec/2020:11:12:09 +0800] "GET /xingrg/all/function/internal_message.html?_=1607915529173&CODE_STATE=getMsg HTTP/1.1" 200 27
172.17.0.108 - - [14/Dec/2020:11:12:09 +0800] "GET /xingrg/check_reg.html?_=1607915529176 HTTP/1.1" 200 22
114.88.159.147 - - [14/Dec/2020:11:12:09 +0800] "GET /xingrg/javascript/easyui/themes/default/validatebox.css HTTP/1.1" 404 1104
114.88.159.147 - - [14/Dec/2020:11:12:09 +0800] "POST /xingrg/kc/base/wldb_order_operate.html HTTP/1.1" 200 3930
114.88.159.147 - - [14/Dec/2020:11:12:10 +0800] "GET /xingrg/kc/base/wldb_order_add.html HTTP/1.1" 200 30514
114.88.159.147 - - [14/Dec/2020:11:12:11 +0800] "POST /xingrg/kc/base/wldb_order_operate.html HTTP/1.1" 200 6806
114.88.159.147 - - [14/Dec/2020:11:12:11 +0800] "GET /xingrg/javascript/easyui/themes/default/validatebox.css HTTP/1.1" 404 1104
180.162.108.15 - - [14/Dec/2020:11:12:11 +0800] "GET /xingrg/all/function/internal_message.html?_=1607915435039&CODE_STATE=getMsg HTTP/1.1" 200 27
114.88.159.147 - - [14/Dec/2020:11:12:16 +0800] "GET /xingrg/kc/base/wldb_order_operate.html?command=get_materiel&rest_code=00141&base_code=0010382&code=00101019425 HTTP/1.1" 200 458
222.69.133.109 - - [14/Dec/2020:11:12:20 +0800] "GET /xingrg/all/function/internal_message.html?_=1607915541320&CODE_STATE=getMsg HTTP/1.1" 200 27
114.88.159.147 - - [14/Dec/2020:11:12:20 +0800] "GET /xingrg/kc/base/wldb_order_operate.html?command=get_materiel&rest_code=00141&base_code=0010382&code=00101019042 HTTP/1.1" 200 458
114.88.159.147 - - [14/Dec/2020:11:12:25 +0800] "POST /xingrg/kc/base/wldb_order_operate.html HTTP/1.1" 200 37
180.162.223.42 - - [14/Dec/2020:11:12:25 +0800] "GET /xingrg/all/function/internal_message.html?_=1607915546258&CODE_STATE=getMsg HTTP/1.1" 200 27
114.88.159.147 - - [14/Dec/2020:11:12:26 +0800] "POST /xingrg/kc/base/wldb_order_operate.html HTTP/1.1" 200 12
114.88.159.147 - - [14/Dec/2020:11:12:26 +0800] "POST /xingrg/kc/base/wldb_order_operate.html HTTP/1.1" 200 2692
114.88.159.147 - - [14/Dec/2020:11:12:27 +0800] "GET /xingrg/kc/base/wldb_order_info.html?code=422020121401558 HTTP/1.1" 200 26392
180.157.253.48 - - [14/Dec/2020:11:12:27 +0800] "GET /xingrg/javascript/easyui/themes/default/images/button_plain_hover.png HTTP/1.1" 304 -
180.157.253.48 - - [14/Dec/2020:11:12:27 +0800] "GET /xingrg/javascript/easyui/themes/default/images/button_plain_hover.png HTTP/1.1" 304 -
180.157.253.48 - - [14/Dec/2020:11:12:27 +0800] "GET /xingrg/javascript/easyui/themes/default/images/button_plain_hover.png HTTP/1.1" 304 -
114.88.159.147 - - [14/Dec/2020:11:12:27 +0800] "GET /xingrg/javascript/easyui/themes/default/validatebox.css HTTP/1.1" 404 1104
180.157.253.48 - - [14/Dec/2020:11:12:27 +0800] "GET /xingrg/css/base.css HTTP/1.1" 304 -
180.157.253.48 - - [14/Dec/2020:11:12:27 +0800] "GET /xingrg/javascript/easyui/themes/default/easyui.css HTTP/1.1" 304 -
180.157.253.48 - - [14/Dec/2020:11:12:27 +0800] "GET /xingrg/javascript/easyui/themes/icon.css HTTP/1.1" 304 -
180.157.253.48 - - [14/Dec/2020:11:12:27 +0800] "GET /xingrg/javascript/auto/jquery.autocomplete.css HTTP/1.1" 304 -
180.157.253.48 - - [14/Dec/2020:11:12:27 +0800] "GET /xingrg/javascript/jquery_tools/fix.css HTTP/1.1" 304 -
180.157.253.48 - - [14/Dec/2020:11:12:27 +0800] "GET /xingrg/javascript/jquery_tools/table.css HTTP/1.1" 304 -
180.157.253.48 - - [14/Dec/2020:11:12:27 +0800] "GET /xingrg/kc/buy/cgsh_order_add.html HTTP/1.1" 200 60902
180.157.253.48 - - [14/Dec/2020:11:12:27 +0800] "GET /xingrg/css/site.css HTTP/1.1" 304 -
180.157.253.48 - - [14/Dec/2020:11:12:27 +0800] "GET /xingrg/javascript/jquery_tools/datebox.css HTTP/1.1" 304 -
180.157.253.48 - - [14/Dec/2020:11:12:27 +0800] "GET /xingrg/javascript/auto/jquery.autocomplete.js HTTP/1.1" 304 -
180.157.253.48 - - [14/Dec/2020:11:12:27 +0800] "GET /xingrg/javascript/pic_change.js HTTP/1.1" 304 -
180.157.253.48 - - [14/Dec/2020:11:12:27 +0800] "GET /xingrg/javascript/jquery_tools/jquery.tools.min.js HTTP/1.1" 304 -
180.157.253.48 - - [14/Dec/2020:11:12:27 +0800] "GET /xingrg/javascript/jquery_tools/jquery.tools.hotkey.js HTTP/1.1" 304 -
180.157.253.48 - - [14/Dec/2020:11:12:27 +0800] "GET /xingrg/javascript/jquery_tools/jquery.tools.extend.js HTTP/1.1" 304 -
180.157.253.48 - - [14/Dec/2020:11:12:27 +0800] "GET /xingrg/javascript/json2.js HTTP/1.1" 304 -
180.157.253.48 - - [14/Dec/2020:11:12:27 +0800] "GET /xingrg/javascript/jquery_tools/jquery.tools.table.js HTTP/1.1" 304 -
180.157.253.48 - - [14/Dec/2020:11:12:27 +0800] "GET /xingrg/javascript/convert.js HTTP/1.1" 304 -
180.157.253.48 - - [14/Dec/2020:11:12:27 +0800] "GET /xingrg/javascript/easyui/easyloader.js HTTP/1.1" 304 -
180.157.253.48 - - [14/Dec/2020:11:12:27 +0800] "GET /xingrg/javascript/jquery_tools/order_manager.js HTTP/1.1" 304 -
180.157.253.48 - - [14/Dec/2020:11:12:27 +0800] "GET /xingrg/javascript/jquery.cookie.js HTTP/1.1" 304 -
180.157.253.48 - - [14/Dec/2020:11:12:27 +0800] "GET /xingrg/javascript/print/LodopFuncs.js HTTP/1.1" 304 -
180.157.253.48 - - [14/Dec/2020:11:12:27 +0800] "GET /xingrg/javascript/print/kc_print.js HTTP/1.1" 304 -
180.157.253.48 - - [14/Dec/2020:11:12:27 +0800] "GET /xingrg/javascript/jquery.utils.js HTTP/1.1" 304 -
180.157.253.48 - - [14/Dec/2020:11:12:27 +0800] "GET /xingrg/words/20201212095936_words.js HTTP/1.1" 304 -
114.88.159.147 - - [14/Dec/2020:11:12:27 +0800] "POST /xingrg/kc/base/wldb_order_operate.html HTTP/1.1" 200 976
180.157.253.48 - - [14/Dec/2020:11:12:27 +0800] "GET /xingrg/javascript/easyui/themes/icons/template_new.png HTTP/1.1" 304 -
180.157.253.48 - - [14/Dec/2020:11:12:27 +0800] "GET /xingrg/javascript/easyui/themes/icons/copy_new.png HTTP/1.1" 304 -
180.157.253.48 - - [14/Dec/2020:11:12:27 +0800] "GET /xingrg/javascript/easyui/themes/icons/ok.png HTTP/1.1" 304 -
180.157.253.48 - - [14/Dec/2020:11:12:27 +0800] "GET /xingrg/javascript/easyui/themes/icons/print.png HTTP/1.1" 304 -
180.157.253.48 - - [14/Dec/2020:11:12:27 +0800] "GET /xingrg/javascript/easyui/themes/default/images/menu_downarrow.png HTTP/1.1" 304 -
180.157.253.48 - - [14/Dec/2020:11:12:27 +0800] "GET /xingrg/javascript/easyui/themes/icons/cancel.png HTTP/1.1" 304 -
180.157.253.48 - - [14/Dec/2020:11:12:27 +0800] "GET /xingrg/javascript/easyui/plugins/jquery.parser.js HTTP/1.1" 304 -
180.157.253.48 - - [14/Dec/2020:11:12:27 +0800] "POST /xingrg/kc/buy/cgsh_order_operate.html HTTP/1.1" 200 8245
180.157.253.48 - - [14/Dec/2020:11:12:27 +0800] "GET /xingrg/javascript/easyui/themes/default/images/button_plain_hover.png HTTP/1.1" 304 -
180.157.253.48 - - [14/Dec/2020:11:12:27 +0800] "GET /xingrg/all/common/auto_word.html?type=employee&rest_code=00148 HTTP/1.1" 200 197
180.157.253.48 - - [14/Dec/2020:11:12:27 +0800] "GET /xingrg/all/common/auto_word.html?type=employee&rest_code=00148 HTTP/1.1" 200 197
180.157.253.48 - - [14/Dec/2020:11:12:27 +0800] "GET /xingrg/javascript/easyui/themes/default/images/button_plain_hover.png HTTP/1.1" 304 -
180.157.253.48 - - [14/Dec/2020:11:12:27 +0800] "GET /xingrg/javascript/easyui/themes/default/validatebox.css HTTP/1.1" 404 1104
180.157.253.48 - - [14/Dec/2020:11:12:27 +0800] "GET /xingrg/javascript/easyui/plugins/jquery.validatebox.js HTTP/1.1" 304 -
180.157.253.48 - - [14/Dec/2020:11:12:27 +0800] "GET /xingrg/javascript/easyui/plugins/jquery.numberbox.js HTTP/1.1" 304 -
124.77.237.88 - - [14/Dec/2020:11:12:29 +0800] "GET /xingrg/all/function/internal_message.html?_=1607915548225&CODE_STATE=getMsg HTTP/1.1" 200 27
172.17.200.101 - - [14/Dec/2020:11:12:31 +0800] "GET /xingrg/all/function/internal_message.html?_=1607915550956&CODE_STATE=getMsg HTTP/1.1" 200 27
180.157.253.48 - - [14/Dec/2020:11:12:31 +0800] "GET /xingrg/javascript/pic_change.js HTTP/1.1" 304 -
180.157.253.48 - - [14/Dec/2020:11:12:31 +0800] "GET /xingrg/javascript/jquery_tools/jquery.tools.min.js HTTP/1.1" 304 -
180.157.253.48 - - [14/Dec/2020:11:12:31 +0800] "GET /xingrg/javascript/jquery_tools/jquery.tools.extend.js HTTP/1.1" 304 -
180.157.253.48 - - [14/Dec/2020:11:12:31 +0800] "GET /xingrg/javascript/jquery_tools/jquery.tools.table.js HTTP/1.1" 304 -
180.157.253.48 - - [14/Dec/2020:11:12:31 +0800] "GET /xingrg/javascript/easyui/easyloader.js HTTP/1.1" 304 -
180.157.253.48 - - [14/Dec/2020:11:12:31 +0800] "GET /xingrg/javascript/jquery.utils.js HTTP/1.1" 304 -
180.157.253.48 - - [14/Dec/2020:11:12:31 +0800] "GET /xingrg/javascript/jquery_tools/order_manager.js HTTP/1.1" 304 -
180.157.253.48 - - [14/Dec/2020:11:12:31 +0800] "GET /xingrg/javascript/convert.js HTTP/1.1" 304 -
180.157.253.48 - - [14/Dec/2020:11:12:31 +0800] "GET /xingrg/javascript/json2.js HTTP/1.1" 304 -
180.157.253.48 - - [14/Dec/2020:11:12:31 +0800] "GET /xingrg/javascript/print/kc_print.js HTTP/1.1" 304 -
180.157.253.48 - - [14/Dec/2020:11:12:31 +0800] "GET /xingrg/javascript/print/LodopFuncs.js HTTP/1.1" 304 -
180.157.253.48 - - [14/Dec/2020:11:12:31 +0800] "GET /xingrg/javascript/easyui/plugins/jquery.validatebox.js HTTP/1.1" 304 -
180.157.253.48 - - [14/Dec/2020:11:12:31 +0800] "GET /xingrg/javascript/easyui/plugins/jquery.numberbox.js HTTP/1.1" 304 -
180.157.253.48 - - [14/Dec/2020:11:12:31 +0800] "GET /xingrg/words/20201212095936_words.js HTTP/1.1" 304 -
180.157.253.48 - - [14/Dec/2020:11:12:31 +0800] "GET /xingrg/javascript/jquery_tools/jquery.tools.hotkey.js HTTP/1.1" 304 -
180.157.253.48 - - [14/Dec/2020:11:12:31 +0800] "GET /xingrg/javascript/auto/jquery.autocomplete.js HTTP/1.1" 304 -
180.157.253.48 - - [14/Dec/2020:11:12:31 +0800] "GET /xingrg/javascript/easyui/plugins/jquery.parser.js HTTP/1.1" 304 -
180.157.253.48 - - [14/Dec/2020:11:12:31 +0800] "GET /xingrg/javascript/jquery.cookie.js HTTP/1.1" 304 -
101.85.93.83 - - [14/Dec/2020:11:12:31 +0800] "GET /xingrg/all/function/internal_message.html?_=1607915255905&CODE_STATE=getMsg HTTP/1.1" 200 27
180.174.56.115 - - [14/Dec/2020:11:12:31 +0800] "GET /xingrg/all/function/internal_message.html?_=1607915554245&CODE_STATE=getMsg HTTP/1.1" 200 27
172.17.0.120 - - [14/Dec/2020:11:12:33 +0800] "GET /xingrg/check_reg.html?_=1607916088610 HTTP/1.1" 200 22
172.17.0.120 - - [14/Dec/2020:11:12:33 +0800] "GET /xingrg/all/function/internal_message.html?_=1607916088615&CODE_STATE=getMsg HTTP/1.1" 200 27
180.157.253.48 - - [14/Dec/2020:11:12:36 +0800] "GET /xingrg/kc/buy/cgsh_order_operate.html?command=get_materiel&rest_code=00148&code=00101006067&supplier_code=00100330&order_time=2020-12-14 HTTP/1.1" 200 409
180.157.253.48 - - [14/Dec/2020:11:12:36 +0800] "GET /xingrg/javascript/easyui/themes/default/images/button_plain_hover.png HTTP/1.1" 304 -
114.86.227.138 - - [14/Dec/2020:11:12:38 +0800] "GET /xingrg/all/function/internal_message.html?_=1607915598915&CODE_STATE=getMsg HTTP/1.1" 200 27
114.88.159.147 - - [14/Dec/2020:11:12:39 +0800] "GET /xingrg/all/function/internal_message.html?_=1607915130485&CODE_STATE=getMsg HTTP/1.1" 200 27
117.184.7.26 - - [14/Dec/2020:11:12:40 +0800] "GET /xingrg/all/function/internal_message.html?_=1607915559598&CODE_STATE=getMsg HTTP/1.1" 200 27
180.174.56.115 - - [14/Dec/2020:11:12:40 +0800] "GET /xingrg/all/function/internal_message.html?_=1607915523797&CODE_STATE=getMsg HTTP/1.1" 200 27
114.84.32.187 - - [14/Dec/2020:11:12:40 +0800] "GET /xingrg/all/function/internal_message.html?_=1607915593751&CODE_STATE=getMsg HTTP/1.1" 200 27
117.185.32.26 - - [14/Dec/2020:11:12:41 +0800] "GET /xingrg/all/function/internal_message.html?_=1607916018272&CODE_STATE=getMsg HTTP/1.1" 200 27
180.152.104.37 - - [14/Dec/2020:11:12:43 +0800] "GET /xingrg/all/function/internal_message.html?_=1607915795248&CODE_STATE=getMsg HTTP/1.1" 200 27
180.157.253.48 - - [14/Dec/2020:11:12:43 +0800] "GET /xingrg/check_reg.html?_=1607915564777 HTTP/1.1" 200 22
180.157.253.48 - - [14/Dec/2020:11:12:44 +0800] "GET /xingrg/all/function/internal_message.html?_=1607915565199&CODE_STATE=getMsg HTTP/1.1" 200 27
117.185.32.26 - - [14/Dec/2020:11:12:45 +0800] "GET /xingrg/all/function/internal_message.html?_=1607915561126&CODE_STATE=getMsg HTTP/1.1" 200 27
114.84.32.187 - - [14/Dec/2020:11:12:45 +0800] "GET /xingrg/all/function/internal_message.html?_=1607915565686&CODE_STATE=getMsg HTTP/1.1" 200 27
180.157.253.48 - - [14/Dec/2020:11:12:48 +0800] "GET /xingrg/kc/buy/cgsh_order_operate.html?command=get_materiel&rest_code=00148&code=00101018011&supplier_code=00100330&order_time=2020-12-14 HTTP/1.1" 200 415
180.157.253.48 - - [14/Dec/2020:11:12:48 +0800] "GET /xingrg/javascript/easyui/themes/default/images/button_plain_hover.png HTTP/1.1" 304 -
180.157.253.48 - - [14/Dec/2020:11:12:50 +0800] "GET /xingrg/javascript/easyui/themes/default/images/button_plain_hover.png HTTP/1.1" 304 -
117.131.5.26 - - [14/Dec/2020:11:12:57 +0800] "GET /xingrg/all/function/internal_message.html?_=1607915903967&CODE_STATE=getMsg HTTP/1.1" 200 27
116.228.172.94 - - [14/Dec/2020:11:12:58 +0800] "GET /xingrg/all/function/internal_message.html?_=1607915578959&CODE_STATE=getMsg HTTP/1.1" 200 27
180.157.253.48 - - [14/Dec/2020:11:12:59 +0800] "GET /xingrg/javascript/easyui/themes/default/images/button_plain_hover.png HTTP/1.1" 304 -
180.157.253.48 - - [14/Dec/2020:11:12:59 +0800] "GET /xingrg/javascript/easyui/themes/default/images/button_plain_hover.png HTTP/1.1" 304 -
180.157.253.48 - - [14/Dec/2020:11:13:01 +0800] "POST /xingrg/kc/buy/cgsh_order_operate.html HTTP/1.1" 200 37
222.69.136.203 - - [14/Dec/2020:11:13:03 +0800] "GET /xingrg/all/function/internal_message.html?_=1607915582213&CODE_STATE=getMsg HTTP/1.1" 200 27
222.69.136.203 - - [14/Dec/2020:11:13:03 +0800] "GET /xingrg/kc/buy/cgsh_order_add.html HTTP/1.1" 200 60955
222.69.136.203 - - [14/Dec/2020:11:13:04 +0800] "POST /xingrg/kc/buy/cgsh_order_operate.html HTTP/1.1" 200 8245
222.69.136.203 - - [14/Dec/2020:11:13:04 +0800] "GET /xingrg/javascript/easyui/themes/default/validatebox.css HTTP/1.1" 404 1104
114.84.4.90 - - [14/Dec/2020:11:13:05 +0800] "GET /xingrg/all/function/internal_message.html?_=1607915577542&CODE_STATE=getMsg HTTP/1.1" 200 27
114.88.163.87 - - [14/Dec/2020:11:13:06 +0800] "GET /xingrg/all/function/internal_message.html?_=1607915721231&CODE_STATE=getMsg HTTP/1.1" 200 27
172.17.0.102 - - [14/Dec/2020:11:13:08 +0800] "GET /xingrg/all/function/internal_message.html?_=1607915589588&CODE_STATE=getMsg HTTP/1.1" 200 27
172.17.0.108 - - [14/Dec/2020:11:13:09 +0800] "GET /xingrg/all/function/internal_message.html?_=1607915589161&CODE_STATE=getMsg HTTP/1.1" 200 27
180.162.108.15 - - [14/Dec/2020:11:13:11 +0800] "GET /xingrg/all/function/internal_message.html?_=1607915495038&CODE_STATE=getMsg HTTP/1.1" 200 27
180.162.108.15 - - [14/Dec/2020:11:13:11 +0800] "GET /xingrg/check_reg.html?_=1607915495039 HTTP/1.1" 200 22
117.185.32.26 - - [14/Dec/2020:11:13:11 +0800] "GET /xingrg/check_reg.html?_=1607916049021 HTTP/1.1" 200 22
180.157.253.48 - - [14/Dec/2020:11:13:13 +0800] "POST /xingrg/kc/buy/cgsh_order_operate.html HTTP/1.1" 200 3245
180.157.253.48 - - [14/Dec/2020:11:13:13 +0800] "GET /xingrg/javascript/easyui/themes/default/images/button_plain_hover.png HTTP/1.1" 304 -
180.157.253.48 - - [14/Dec/2020:11:13:13 +0800] "GET /xingrg/javascript/easyui/themes/default/images/button_plain_hover.png HTTP/1.1" 304 -
180.157.253.48 - - [14/Dec/2020:11:13:14 +0800] "GET /xingrg/css/site.css HTTP/1.1" 304 -
180.157.253.48 - - [14/Dec/2020:11:13:14 +0800] "GET /xingrg/css/base.css HTTP/1.1" 304 -
180.157.253.48 - - [14/Dec/2020:11:13:14 +0800] "GET /xingrg/javascript/jquery_tools/datebox.css HTTP/1.1" 304 -
180.157.253.48 - - [14/Dec/2020:11:13:14 +0800] "GET /xingrg/javascript/auto/jquery.autocomplete.css HTTP/1.1" 304 -
180.157.253.48 - - [14/Dec/2020:11:13:14 +0800] "GET /xingrg/javascript/easyui/themes/default/easyui.css HTTP/1.1" 304 -
180.157.253.48 - - [14/Dec/2020:11:13:14 +0800] "GET /xingrg/javascript/jquery_tools/table.css HTTP/1.1" 304 -
180.157.253.48 - - [14/Dec/2020:11:13:14 +0800] "GET /xingrg/javascript/jquery_tools/fix.css HTTP/1.1" 304 -
180.157.253.48 - - [14/Dec/2020:11:13:14 +0800] "GET /xingrg/javascript/easyui/themes/icon.css HTTP/1.1" 304 -
180.157.253.48 - - [14/Dec/2020:11:13:14 +0800] "GET /xingrg/javascript/easyui/easyloader.js HTTP/1.1" 304 -
180.157.253.48 - - [14/Dec/2020:11:13:14 +0800] "GET /xingrg/javascript/jquery_tools/order_manager.js HTTP/1.1" 304 -
180.157.253.48 - - [14/Dec/2020:11:13:14 +0800] "GET /xingrg/javascript/jquery.utils.js HTTP/1.1" 304 -
180.157.253.48 - - [14/Dec/2020:11:13:14 +0800] "GET /xingrg/javascript/jquery.cookie.js HTTP/1.1" 304 -
180.157.253.48 - - [14/Dec/2020:11:13:14 +0800] "GET /xingrg/javascript/convert.js HTTP/1.1" 304 -
180.157.253.48 - - [14/Dec/2020:11:13:14 +0800] "GET /xingrg/javascript/json2.js HTTP/1.1" 304 -
180.157.253.48 - - [14/Dec/2020:11:13:14 +0800] "GET /xingrg/javascript/auto/jquery.autocomplete.js HTTP/1.1" 304 -
180.157.253.48 - - [14/Dec/2020:11:13:14 +0800] "GET /xingrg/javascript/print/kc_print.js HTTP/1.1" 304 -
180.157.253.48 - - [14/Dec/2020:11:13:14 +0800] "GET /xingrg/kc/buy/cgsh_order_add.html HTTP/1.1" 200 60902
180.157.253.48 - - [14/Dec/2020:11:13:14 +0800] "GET /xingrg/javascript/jquery_tools/jquery.tools.hotkey.js HTTP/1.1" 304 -
180.157.253.48 - - [14/Dec/2020:11:13:14 +0800] "GET /xingrg/javascript/jquery_tools/jquery.tools.min.js HTTP/1.1" 304 -
180.157.253.48 - - [14/Dec/2020:11:13:14 +0800] "GET /xingrg/javascript/pic_change.js HTTP/1.1" 304 -
180.157.253.48 - - [14/Dec/2020:11:13:14 +0800] "GET /xingrg/javascript/jquery_tools/jquery.tools.extend.js HTTP/1.1" 304 -
180.157.253.48 - - [14/Dec/2020:11:13:14 +0800] "GET /xingrg/javascript/print/LodopFuncs.js HTTP/1.1" 304 -
180.157.253.48 - - [14/Dec/2020:11:13:14 +0800] "GET /xingrg/javascript/jquery_tools/jquery.tools.table.js HTTP/1.1" 304 -
180.157.253.48 - - [14/Dec/2020:11:13:14 +0800] "GET /xingrg/words/20201212095936_words.js HTTP/1.1" 304 -
180.157.253.48 - - [14/Dec/2020:11:13:14 +0800] "GET /xingrg/javascript/easyui/themes/icons/copy_new.png HTTP/1.1" 304 -
180.157.253.48 - - [14/Dec/2020:11:13:14 +0800] "GET /xingrg/javascript/easyui/themes/icons/template_new.png HTTP/1.1" 304 -
180.157.253.48 - - [14/Dec/2020:11:13:14 +0800] "GET /xingrg/javascript/easyui/themes/icons/print.png HTTP/1.1" 304 -
180.157.253.48 - - [14/Dec/2020:11:13:14 +0800] "GET /xingrg/javascript/easyui/themes/icons/ok.png HTTP/1.1" 304 -
180.157.253.48 - - [14/Dec/2020:11:13:14 +0800] "GET /xingrg/javascript/easyui/themes/default/images/menu_downarrow.png HTTP/1.1" 304 -
180.157.253.48 - - [14/Dec/2020:11:13:14 +0800] "GET /xingrg/javascript/easyui/themes/icons/cancel.png HTTP/1.1" 304 -
180.157.253.48 - - [14/Dec/2020:11:13:14 +0800] "GET /xingrg/javascript/easyui/plugins/jquery.parser.js HTTP/1.1" 304 -
180.157.253.48 - - [14/Dec/2020:11:13:14 +0800] "POST /xingrg/kc/buy/cgsh_order_operate.html HTTP/1.1" 200 8245
180.157.253.48 - - [14/Dec/2020:11:13:14 +0800] "GET /xingrg/javascript/easyui/themes/default/images/button_plain_hover.png HTTP/1.1" 304 -
180.157.253.48 - - [14/Dec/2020:11:13:14 +0800] "GET /xingrg/all/common/auto_word.html?type=employee&rest_code=00148 HTTP/1.1" 200 197
180.157.253.48 - - [14/Dec/2020:11:13:14 +0800] "GET /xingrg/all/common/auto_word.html?type=employee&rest_code=00148 HTTP/1.1" 200 197
180.157.253.48 - - [14/Dec/2020:11:13:14 +0800] "GET /xingrg/javascript/easyui/themes/default/images/button_plain_hover.png HTTP/1.1" 304 -
180.157.253.48 - - [14/Dec/2020:11:13:14 +0800] "GET /xingrg/javascript/easyui/themes/default/validatebox.css HTTP/1.1" 404 1104
180.157.253.48 - - [14/Dec/2020:11:13:14 +0800] "GET /xingrg/javascript/easyui/plugins/jquery.validatebox.js HTTP/1.1" 304 -
180.157.253.48 - - [14/Dec/2020:11:13:14 +0800] "GET /xingrg/javascript/easyui/plugins/jquery.numberbox.js HTTP/1.1" 304 -
180.157.253.48 - - [14/Dec/2020:11:13:16 +0800] "GET /xingrg/javascript/jquery_tools/jquery.tools.extend.js HTTP/1.1" 304 -
180.157.253.48 - - [14/Dec/2020:11:13:16 +0800] "GET /xingrg/javascript/jquery_tools/jquery.tools.min.js HTTP/1.1" 304 -
180.157.253.48 - - [14/Dec/2020:11:13:16 +0800] "GET /xingrg/javascript/pic_change.js HTTP/1.1" 304 -
180.157.253.48 - - [14/Dec/2020:11:13:16 +0800] "GET /xingrg/javascript/jquery_tools/jquery.tools.hotkey.js HTTP/1.1" 304 -
180.157.253.48 - - [14/Dec/2020:11:13:16 +0800] "GET /xingrg/javascript/jquery_tools/jquery.tools.table.js HTTP/1.1" 304 -
180.157.253.48 - - [14/Dec/2020:11:13:16 +0800] "GET /xingrg/javascript/auto/jquery.autocomplete.js HTTP/1.1" 304 -
180.157.253.48 - - [14/Dec/2020:11:13:16 +0800] "GET /xingrg/javascript/jquery.utils.js HTTP/1.1" 304 -
180.157.253.48 - - [14/Dec/2020:11:13:16 +0800] "GET /xingrg/javascript/easyui/easyloader.js HTTP/1.1" 304 -
180.157.253.48 - - [14/Dec/2020:11:13:16 +0800] "GET /xingrg/javascript/jquery_tools/order_manager.js HTTP/1.1" 304 -
180.157.253.48 - - [14/Dec/2020:11:13:16 +0800] "GET /xingrg/javascript/print/kc_print.js HTTP/1.1" 304 -
180.157.253.48 - - [14/Dec/2020:11:13:16 +0800] "GET /xingrg/javascript/json2.js HTTP/1.1" 304 -
180.157.253.48 - - [14/Dec/2020:11:13:16 +0800] "GET /xingrg/javascript/jquery.cookie.js HTTP/1.1" 304 -
180.157.253.48 - - [14/Dec/2020:11:13:16 +0800] "GET /xingrg/javascript/print/LodopFuncs.js HTTP/1.1" 304 -
180.157.253.48 - - [14/Dec/2020:11:13:16 +0800] "GET /xingrg/javascript/easyui/plugins/jquery.validatebox.js HTTP/1.1" 304 -
180.157.253.48 - - [14/Dec/2020:11:13:16 +0800] "GET /xingrg/javascript/easyui/plugins/jquery.parser.js HTTP/1.1" 304 -
180.157.253.48 - - [14/Dec/2020:11:13:16 +0800] "GET /xingrg/javascript/easyui/plugins/jquery.numberbox.js HTTP/1.1" 304 -
180.157.253.48 - - [14/Dec/2020:11:13:16 +0800] "GET /xingrg/words/20201212095936_words.js HTTP/1.1" 304 -
180.157.253.48 - - [14/Dec/2020:11:13:16 +0800] "GET /xingrg/javascript/convert.js HTTP/1.1" 304 -
222.69.133.109 - - [14/Dec/2020:11:13:20 +0800] "GET /xingrg/all/function/internal_message.html?_=1607915601291&CODE_STATE=getMsg HTTP/1.1" 200 27
117.184.7.26 - - [14/Dec/2020:11:13:21 +0800] "POST /xingrg/kc/buy/cgsh_list_operate.html HTTP/1.1" 200 4
180.157.253.48 - - [14/Dec/2020:11:13:22 +0800] "GET /xingrg/kc/buy/cgsh_order_operate.html?command=get_materiel&rest_code=00148&code=00101010327&supplier_code=00100327&order_time=2020-12-14 HTTP/1.1" 200 403
180.157.253.48 - - [14/Dec/2020:11:13:22 +0800] "GET /xingrg/javascript/easyui/themes/default/images/button_plain_hover.png HTTP/1.1" 304 -
117.184.7.26 - - [14/Dec/2020:11:13:23 +0800] "POST /xingrg/kc/buy/cgsh_list_operate.html HTTP/1.1" 200 876
180.152.104.37 - - [14/Dec/2020:11:13:24 +0800] "GET /xingrg/kc/buy/cgsh_order_operate.html?command=get_materiel&rest_code=00102&code=00101009011&supplier_code=00100424&order_time=2020-12-14 HTTP/1.1" 200 435
180.162.223.42 - - [14/Dec/2020:11:13:25 +0800] "GET /xingrg/all/function/internal_message.html?_=1607915606248&CODE_STATE=getMsg HTTP/1.1" 200 27
222.69.136.203 - - [14/Dec/2020:11:13:26 +0800] "GET /xingrg/kc/buy/cgsh_order_operate.html?command=get_materiel&rest_code=00149&code=00101008323&supplier_code=00100005&order_time=2020-12-14 HTTP/1.1" 200 408
180.157.253.48 - - [14/Dec/2020:11:13:28 +0800] "GET /xingrg/javascript/easyui/themes/default/images/button_plain_hover.png HTTP/1.1" 304 -
180.157.253.48 - - [14/Dec/2020:11:13:28 +0800] "GET /xingrg/javascript/easyui/themes/default/images/button_plain_hover.png HTTP/1.1" 304 -
180.157.253.48 - - [14/Dec/2020:11:13:28 +0800] "GET /xingrg/javascript/easyui/themes/default/images/button_plain_hover.png HTTP/1.1" 304 -
180.157.253.48 - - [14/Dec/2020:11:13:28 +0800] "GET /xingrg/javascript/easyui/themes/default/images/button_plain_hover.png HTTP/1.1" 304 -
180.157.253.48 - - [14/Dec/2020:11:13:28 +0800] "GET /xingrg/javascript/easyui/themes/default/images/button_plain_hover.png HTTP/1.1" 304 -
180.157.253.48 - - [14/Dec/2020:11:13:28 +0800] "GET /xingrg/javascript/easyui/themes/default/images/button_plain_hover.png HTTP/1.1" 304 -
180.157.253.48 - - [14/Dec/2020:11:13:28 +0800] "GET /xingrg/javascript/easyui/themes/default/images/button_plain_hover.png HTTP/1.1" 304 -
124.77.237.88 - - [14/Dec/2020:11:13:29 +0800] "GET /xingrg/all/function/internal_message.html?_=1607915608226&CODE_STATE=getMsg HTTP/1.1" 200 27
172.17.200.101 - - [14/Dec/2020:11:13:31 +0800] "GET /xingrg/all/function/internal_message.html?_=1607915610954&CODE_STATE=getMsg HTTP/1.1" 200 27
180.157.253.48 - - [14/Dec/2020:11:13:31 +0800] "POST /xingrg/kc/buy/cgsh_order_operate.html HTTP/1.1" 200 37
101.85.93.83 - - [14/Dec/2020:11:13:31 +0800] "GET /xingrg/all/function/internal_message.html?_=1607915315904&CODE_STATE=getMsg HTTP/1.1" 200 27
180.174.56.115 - - [14/Dec/2020:11:13:31 +0800] "GET /xingrg/all/function/internal_message.html?_=1607915614225&CODE_STATE=getMsg HTTP/1.1" 200 27
180.157.253.48 - - [14/Dec/2020:11:13:32 +0800] "POST /xingrg/kc/buy/cgsh_order_operate.html HTTP/1.1" 200 2662
172.17.0.120 - - [14/Dec/2020:11:13:33 +0800] "GET /xingrg/all/function/internal_message.html?_=1607916148618&CODE_STATE=getMsg HTTP/1.1" 200 27
114.86.227.138 - - [14/Dec/2020:11:13:37 +0800] "GET /xingrg/all/function/internal_message.html?_=1607915658921&CODE_STATE=getMsg HTTP/1.1" 200 27
180.157.253.48 - - [14/Dec/2020:11:13:39 +0800] "GET /xingrg/javascript/easyui/themes/default/images/button_plain_hover.png HTTP/1.1" 304 -
180.157.253.48 - - [14/Dec/2020:11:13:39 +0800] "GET /xingrg/javascript/easyui/themes/default/images/button_plain_hover.png HTTP/1.1" 304 -
114.88.159.147 - - [14/Dec/2020:11:13:39 +0800] "GET /xingrg/all/function/internal_message.html?_=1607915190459&CODE_STATE=getMsg HTTP/1.1" 200 27
180.157.253.48 - - [14/Dec/2020:11:13:39 +0800] "GET /xingrg/javascript/easyui/themes/default/images/button_plain_hover.png HTTP/1.1" 304 -
117.184.7.26 - - [14/Dec/2020:11:13:40 +0800] "GET /xingrg/all/function/internal_message.html?_=1607915619576&CODE_STATE=getMsg HTTP/1.1" 200 27
114.88.159.147 - - [14/Dec/2020:11:13:40 +0800] "GET /xingrg/check_reg.html?_=1607915190744 HTTP/1.1" 200 22
180.152.104.37 - - [14/Dec/2020:11:13:40 +0800] "GET /xingrg/kc/buy/cgsh_order_operate.html?command=get_materiel&rest_code=00102&code=00101009109&supplier_code=00100424&order_time=2020-12-14 HTTP/1.1" 200 399
180.157.253.48 - - [14/Dec/2020:11:13:40 +0800] "GET /xingrg/css/base.css HTTP/1.1" 304 -
180.157.253.48 - - [14/Dec/2020:11:13:40 +0800] "GET /xingrg/css/site.css HTTP/1.1" 304 -
180.157.253.48 - - [14/Dec/2020:11:13:40 +0800] "GET /xingrg/javascript/jquery_tools/datebox.css HTTP/1.1" 304 -
180.157.253.48 - - [14/Dec/2020:11:13:40 +0800] "GET /xingrg/javascript/easyui/themes/default/easyui.css HTTP/1.1" 304 -
180.157.253.48 - - [14/Dec/2020:11:13:40 +0800] "GET /xingrg/javascript/easyui/themes/icon.css HTTP/1.1" 304 -
180.157.253.48 - - [14/Dec/2020:11:13:40 +0800] "GET /xingrg/javascript/auto/jquery.autocomplete.css HTTP/1.1" 304 -
180.157.253.48 - - [14/Dec/2020:11:13:40 +0800] "GET /xingrg/javascript/jquery_tools/jquery.tools.min.js HTTP/1.1" 304 -
180.157.253.48 - - [14/Dec/2020:11:13:40 +0800] "GET /xingrg/javascript/jquery_tools/fix.css HTTP/1.1" 304 -
180.157.253.48 - - [14/Dec/2020:11:13:40 +0800] "GET /xingrg/javascript/jquery_tools/table.css HTTP/1.1" 304 -
180.157.253.48 - - [14/Dec/2020:11:13:40 +0800] "GET /xingrg/javascript/jquery_tools/jquery.tools.extend.js HTTP/1.1" 304 -
180.157.253.48 - - [14/Dec/2020:11:13:40 +0800] "GET /xingrg/javascript/pic_change.js HTTP/1.1" 304 -
180.157.253.48 - - [14/Dec/2020:11:13:40 +0800] "GET /xingrg/javascript/jquery.utils.js HTTP/1.1" 304 -
180.157.253.48 - - [14/Dec/2020:11:13:40 +0800] "GET /xingrg/javascript/jquery_tools/order_manager.js HTTP/1.1" 304 -
180.157.253.48 - - [14/Dec/2020:11:13:40 +0800] "GET /xingrg/javascript/convert.js HTTP/1.1" 304 -
180.157.253.48 - - [14/Dec/2020:11:13:40 +0800] "GET /xingrg/javascript/jquery.cookie.js HTTP/1.1" 304 -
180.157.253.48 - - [14/Dec/2020:11:13:40 +0800] "GET /xingrg/javascript/json2.js HTTP/1.1" 304 -
180.157.253.48 - - [14/Dec/2020:11:13:40 +0800] "GET /xingrg/kc/buy/cgsh_order_add.html HTTP/1.1" 200 60902
180.157.253.48 - - [14/Dec/2020:11:13:40 +0800] "GET /xingrg/javascript/print/kc_print.js HTTP/1.1" 304 -
180.157.253.48 - - [14/Dec/2020:11:13:40 +0800] "GET /xingrg/javascript/easyui/easyloader.js HTTP/1.1" 304 -
180.157.253.48 - - [14/Dec/2020:11:13:40 +0800] "GET /xingrg/javascript/jquery_tools/jquery.tools.hotkey.js HTTP/1.1" 304 -
180.157.253.48 - - [14/Dec/2020:11:13:40 +0800] "GET /xingrg/javascript/jquery_tools/jquery.tools.table.js HTTP/1.1" 304 -
180.157.253.48 - - [14/Dec/2020:11:13:40 +0800] "GET /xingrg/javascript/print/LodopFuncs.js HTTP/1.1" 304 -
180.157.253.48 - - [14/Dec/2020:11:13:40 +0800] "GET /xingrg/javascript/auto/jquery.autocomplete.js HTTP/1.1" 304 -
180.157.253.48 - - [14/Dec/2020:11:13:40 +0800] "GET /xingrg/words/20201212095936_words.js HTTP/1.1" 304 -
180.157.253.48 - - [14/Dec/2020:11:13:40 +0800] "GET /xingrg/javascript/easyui/themes/icons/template_new.png HTTP/1.1" 304 -
180.157.253.48 - - [14/Dec/2020:11:13:40 +0800] "GET /xingrg/javascript/easyui/themes/icons/copy_new.png HTTP/1.1" 304 -
180.157.253.48 - - [14/Dec/2020:11:13:40 +0800] "GET /xingrg/javascript/easyui/themes/icons/ok.png HTTP/1.1" 304 -
180.157.253.48 - - [14/Dec/2020:11:13:40 +0800] "GET /xingrg/javascript/easyui/themes/default/images/menu_downarrow.png HTTP/1.1" 304 -
180.157.253.48 - - [14/Dec/2020:11:13:40 +0800] "GET /xingrg/javascript/easyui/themes/icons/print.png HTTP/1.1" 304 -
180.157.253.48 - - [14/Dec/2020:11:13:40 +0800] "GET /xingrg/javascript/easyui/themes/icons/cancel.png HTTP/1.1" 304 -
180.157.253.48 - - [14/Dec/2020:11:13:40 +0800] "GET /xingrg/javascript/easyui/plugins/jquery.parser.js HTTP/1.1" 304 -
180.157.253.48 - - [14/Dec/2020:11:13:40 +0800] "POST /xingrg/kc/buy/cgsh_order_operate.html HTTP/1.1" 200 8245
180.157.253.48 - - [14/Dec/2020:11:13:40 +0800] "GET /xingrg/all/common/auto_word.html?type=employee&rest_code=00148 HTTP/1.1" 200 197
180.157.253.48 - - [14/Dec/2020:11:13:40 +0800] "GET /xingrg/all/common/auto_word.html?type=employee&rest_code=00148 HTTP/1.1" 200 197
180.157.253.48 - - [14/Dec/2020:11:13:40 +0800] "GET /xingrg/javascript/easyui/themes/default/images/button_plain_hover.png HTTP/1.1" 304 -
180.157.253.48 - - [14/Dec/2020:11:13:40 +0800] "GET /xingrg/javascript/easyui/themes/default/validatebox.css HTTP/1.1" 404 1104
180.157.253.48 - - [14/Dec/2020:11:13:40 +0800] "GET /xingrg/javascript/easyui/plugins/jquery.validatebox.js HTTP/1.1" 304 -
180.157.253.48 - - [14/Dec/2020:11:13:40 +0800] "GET /xingrg/javascript/easyui/plugins/jquery.numberbox.js HTTP/1.1" 304 -
180.174.56.115 - - [14/Dec/2020:11:13:40 +0800] "GET /xingrg/all/function/internal_message.html?_=1607915583800&CODE_STATE=getMsg HTTP/1.1" 200 27
117.185.32.26 - - [14/Dec/2020:11:13:41 +0800] "GET /xingrg/all/function/internal_message.html?_=1607916078257&CODE_STATE=getMsg HTTP/1.1" 200 27
114.84.32.187 - - [14/Dec/2020:11:13:41 +0800] "GET /xingrg/all/function/internal_message.html?_=1607915654117&CODE_STATE=getMsg HTTP/1.1" 200 27
180.152.104.37 - - [14/Dec/2020:11:13:43 +0800] "GET /xingrg/all/function/internal_message.html?_=1607915855257&CODE_STATE=getMsg HTTP/1.1" 200 27
180.157.253.48 - - [14/Dec/2020:11:13:44 +0800] "GET /xingrg/all/function/internal_message.html?_=1607915625212&CODE_STATE=getMsg HTTP/1.1" 200 27
180.157.253.48 - - [14/Dec/2020:11:13:44 +0800] "GET /xingrg/javascript/easyui/themes/default/images/button_plain_hover.png HTTP/1.1" 304 -
117.185.32.26 - - [14/Dec/2020:11:13:44 +0800] "GET /xingrg/all/function/internal_message.html?_=1607915621103&CODE_STATE=getMsg HTTP/1.1" 200 27
222.69.136.203 - - [14/Dec/2020:11:13:45 +0800] "GET /xingrg/kc/buy/cgsh_order_operate.html?command=get_materiel&rest_code=00149&code=00101008027&supplier_code=00100005&order_time=2020-12-14 HTTP/1.1" 200 408
114.84.32.187 - - [14/Dec/2020:11:13:45 +0800] "GET /xingrg/all/function/internal_message.html?_=1607915625687&CODE_STATE=getMsg HTTP/1.1" 200 27
180.157.253.48 - - [14/Dec/2020:11:13:47 +0800] "GET /xingrg/javascript/jquery_tools/jquery.tools.min.js HTTP/1.1" 304 -
180.157.253.48 - - [14/Dec/2020:11:13:47 +0800] "GET /xingrg/javascript/pic_change.js HTTP/1.1" 304 -
180.157.253.48 - - [14/Dec/2020:11:13:47 +0800] "GET /xingrg/javascript/jquery_tools/jquery.tools.table.js HTTP/1.1" 304 -
180.157.253.48 - - [14/Dec/2020:11:13:47 +0800] "GET /xingrg/javascript/jquery_tools/jquery.tools.extend.js HTTP/1.1" 304 -
180.157.253.48 - - [14/Dec/2020:11:13:47 +0800] "GET /xingrg/javascript/auto/jquery.autocomplete.js HTTP/1.1" 304 -
180.157.253.48 - - [14/Dec/2020:11:13:47 +0800] "GET /xingrg/javascript/jquery_tools/jquery.tools.hotkey.js HTTP/1.1" 304 -
180.157.253.48 - - [14/Dec/2020:11:13:47 +0800] "GET /xingrg/javascript/jquery_tools/order_manager.js HTTP/1.1" 304 -
180.157.253.48 - - [14/Dec/2020:11:13:47 +0800] "GET /xingrg/javascript/jquery.utils.js HTTP/1.1" 304 -
180.157.253.48 - - [14/Dec/2020:11:13:47 +0800] "GET /xingrg/javascript/easyui/easyloader.js HTTP/1.1" 304 -
180.157.253.48 - - [14/Dec/2020:11:13:47 +0800] "GET /xingrg/javascript/json2.js HTTP/1.1" 304 -
180.157.253.48 - - [14/Dec/2020:11:13:47 +0800] "GET /xingrg/javascript/jquery.cookie.js HTTP/1.1" 304 -
180.157.253.48 - - [14/Dec/2020:11:13:47 +0800] "GET /xingrg/javascript/print/kc_print.js HTTP/1.1" 304 -
180.157.253.48 - - [14/Dec/2020:11:13:47 +0800] "GET /xingrg/javascript/print/LodopFuncs.js HTTP/1.1" 304 -
180.157.253.48 - - [14/Dec/2020:11:13:47 +0800] "GET /xingrg/javascript/easyui/plugins/jquery.parser.js HTTP/1.1" 304 -
180.157.253.48 - - [14/Dec/2020:11:13:47 +0800] "GET /xingrg/javascript/easyui/plugins/jquery.validatebox.js HTTP/1.1" 304 -
180.157.253.48 - - [14/Dec/2020:11:13:47 +0800] "GET /xingrg/javascript/easyui/plugins/jquery.numberbox.js HTTP/1.1" 304 -
180.157.253.48 - - [14/Dec/2020:11:13:47 +0800] "GET /xingrg/words/20201212095936_words.js HTTP/1.1" 304 -
180.157.253.48 - - [14/Dec/2020:11:13:47 +0800] "GET /xingrg/javascript/convert.js HTTP/1.1" 304 -
180.174.56.115 - - [14/Dec/2020:11:13:50 +0800] "POST /xingrg/dwr/call/plaincall/AjaxYddbService.deleteOrder.dwr HTTP/1.1" 200 78
180.157.253.48 - - [14/Dec/2020:11:13:52 +0800] "GET /xingrg/kc/buy/cgsh_order_operate.html?command=get_materiel&rest_code=00148&code=00101007111&supplier_code=00100326&order_time=2020-12-14 HTTP/1.1" 200 417
180.174.56.115 - - [14/Dec/2020:11:13:52 +0800] "GET /xingrg/kc/base/yddb_order_list.html HTTP/1.1" 200 16951
180.174.56.115 - - [14/Dec/2020:11:13:53 +0800] "POST /xingrg/kc/base/yddb_list_operate.html HTTP/1.1" 200 636
222.69.136.203 - - [14/Dec/2020:11:13:53 +0800] "GET /xingrg/kc/buy/cgsh_order_operate.html?command=get_materiel&rest_code=00149&code=00101008234&supplier_code=00100005&order_time=2020-12-14 HTTP/1.1" 200 408
180.174.56.115 - - [14/Dec/2020:11:13:55 +0800] "POST /xingrg/kc/base/yddb_list_operate.html HTTP/1.1" 200 636
180.157.253.48 - - [14/Dec/2020:11:13:56 +0800] "GET /xingrg/javascript/easyui/themes/default/images/button_plain_hover.png HTTP/1.1" 304 -
180.157.253.48 - - [14/Dec/2020:11:13:57 +0800] "GET /xingrg/javascript/easyui/themes/default/images/button_plain_hover.png HTTP/1.1" 304 -
