114.88.163.87 - - [14/Dec/2020:09:21:22 +0800] "GET /xingrg/kc/buy/cgsh_order_operate.html?command=get_materiel&rest_code=00111&code=00101006129&supplier_code=00100005&order_time=2020-12-14 HTTP/1.1" 200 431
114.86.227.138 - - [14/Dec/2020:09:21:22 +0800] "GET /xingrg/kc/buy/cgsh_order_add.html HTTP/1.1" 200 60943
114.86.227.138 - - [14/Dec/2020:09:21:22 +0800] "POST /xingrg/kc/buy/cgsh_order_operate.html HTTP/1.1" 200 8245
114.86.227.138 - - [14/Dec/2020:09:21:22 +0800] "GET /xingrg/all/common/auto_word.html?type=employee&rest_code=00109 HTTP/1.1" 200 205
114.86.227.138 - - [14/Dec/2020:09:21:22 +0800] "GET /xingrg/all/common/auto_word.html?type=employee&rest_code=00109 HTTP/1.1" 200 205
114.86.227.138 - - [14/Dec/2020:09:21:22 +0800] "GET /xingrg/javascript/easyui/themes/default/validatebox.css HTTP/1.1" 404 1104
172.17.0.120 - - [14/Dec/2020:09:21:24 +0800] "GET /xingrg/all/function/internal_message.html?_=1607909419598&CODE_STATE=getMsg HTTP/1.1" 200 27
180.152.104.37 - - [14/Dec/2020:09:21:24 +0800] "GET /xingrg/check_reg.html?_=1607909116127 HTTP/1.1" 200 22
114.84.32.187 - - [14/Dec/2020:09:21:25 +0800] "GET /xingrg/all/function/internal_message.html?_=1607908918187&CODE_STATE=getMsg HTTP/1.1" 200 27
114.88.163.87 - - [14/Dec/2020:09:21:25 +0800] "POST /xingrg/kc/buy/cgsh_order_operate.html HTTP/1.1" 200 2065
116.228.172.94 - - [14/Dec/2020:09:21:26 +0800] "GET /xingrg/kc/buy/cgsh_order_operate.html?command=get_materiel&rest_code=00107&code=00101008286&supplier_code=00100006&order_time=2020-12-14 HTTP/1.1" 200 408
114.86.227.138 - - [14/Dec/2020:09:21:28 +0800] "GET /xingrg/javascript/jquery_tools/images/next.gif HTTP/1.1" 404 1086
114.86.227.138 - - [14/Dec/2020:09:21:28 +0800] "GET /xingrg/javascript/jquery_tools/images/prev.gif HTTP/1.1" 404 1086
172.17.200.101 - - [14/Dec/2020:09:21:28 +0800] "POST /xingrg/dwr/call/plaincall/AjaxReportQueryService.getFixDate.dwr HTTP/1.1" 200 111
114.86.227.138 - - [14/Dec/2020:09:21:32 +0800] "GET /xingrg/kc/buy/cgsh_order_operate.html?command=get_materiel&rest_code=00109&code=00101001111&supplier_code=00100038&order_time=2020-12-14 HTTP/1.1" 200 408
172.17.200.101 - - [14/Dec/2020:09:21:34 +0800] "POST /xingrg/dwr/call/plaincall/AjaxReportQueryService.refreshCache.dwr HTTP/1.1" 200 78
172.17.200.101 - - [14/Dec/2020:09:21:35 +0800] "POST /xingrg/all/report/load_report_page.html HTTP/1.1" 200 48223
172.17.200.101 - - [14/Dec/2020:09:21:35 +0800] "GET /xingrg/servlets/image?cache=0.9461503319949284&image=px HTTP/1.1" 200 807
180.162.223.42 - - [14/Dec/2020:09:21:36 +0800] "GET /xingrg/all/function/internal_message.html?_=1607908896890&CODE_STATE=getMsg HTTP/1.1" 200 27
180.162.223.42 - - [14/Dec/2020:09:21:36 +0800] "GET /xingrg/check_reg.html?_=1607908896893 HTTP/1.1" 200 22
116.228.172.94 - - [14/Dec/2020:09:21:38 +0800] "GET /xingrg/kc/buy/cgsh_order_operate.html?command=get_materiel&rest_code=00107&code=00101008131&supplier_code=00100006&order_time=2020-12-14 HTTP/1.1" 200 408
114.88.163.87 - - [14/Dec/2020:09:21:39 +0800] "GET /xingrg/kc/buy/cgsh_order_operate.html?command=get_materiel&rest_code=00111&code=00101008371&supplier_code=00100005&order_time=2020-12-14 HTTP/1.1" 200 412
172.17.200.101 - - [14/Dec/2020:09:21:42 +0800] "GET /xingrg/all/function/internal_message.html?_=1607908901862&CODE_STATE=getMsg HTTP/1.1" 200 27
114.84.32.187 - - [14/Dec/2020:09:21:45 +0800] "GET /xingrg/all/function/internal_message.html?_=1607908905553&CODE_STATE=getMsg HTTP/1.1" 200 27
180.152.104.37 - - [14/Dec/2020:09:21:45 +0800] "POST /xingrg/kc/buy/cgsh_list_operate.html HTTP/1.1" 200 5745
180.152.104.37 - - [14/Dec/2020:09:21:46 +0800] "GET /xingrg/all/function/internal_message.html?_=1607909138009&CODE_STATE=getMsg HTTP/1.1" 200 27
114.86.227.138 - - [14/Dec/2020:09:21:49 +0800] "GET /xingrg/all/function/internal_message.html?_=1607908964170&CODE_STATE=getMsg HTTP/1.1" 200 27
114.86.227.138 - - [14/Dec/2020:09:21:50 +0800] "GET /xingrg/kc/buy/cgsh_order_operate.html?command=get_materiel&rest_code=00109&code=00101002027&supplier_code=00100038&order_time=2020-12-14 HTTP/1.1" 200 433
116.228.172.94 - - [14/Dec/2020:09:21:51 +0800] "GET /xingrg/kc/buy/cgsh_order_operate.html?command=get_materiel&rest_code=00107&code=00101008352&supplier_code=00100006&order_time=2020-12-14 HTTP/1.1" 200 412
114.88.163.87 - - [14/Dec/2020:09:21:55 +0800] "GET /xingrg/all/function/internal_message.html?_=1607908907182&CODE_STATE=getMsg HTTP/1.1" 200 27
116.228.172.94 - - [14/Dec/2020:09:22:00 +0800] "GET /xingrg/all/function/internal_message.html?_=1607908919983&CODE_STATE=getMsg HTTP/1.1" 200 27
222.69.136.203 - - [14/Dec/2020:09:22:00 +0800] "GET /xingrg/kc/buy/cgsh_order_add.html HTTP/1.1" 200 60955
180.174.56.115 - - [14/Dec/2020:09:22:00 +0800] "GET /xingrg/check_reg.html?_=1607908883684 HTTP/1.1" 200 22
114.86.227.138 - - [14/Dec/2020:09:22:00 +0800] "POST /xingrg/kc/buy/cgsh_order_operate.html HTTP/1.1" 200 37
222.69.136.203 - - [14/Dec/2020:09:22:00 +0800] "POST /xingrg/kc/buy/cgsh_order_operate.html HTTP/1.1" 200 8245
222.69.136.203 - - [14/Dec/2020:09:22:00 +0800] "GET /xingrg/javascript/easyui/themes/default/validatebox.css HTTP/1.1" 404 1104
180.174.56.115 - - [14/Dec/2020:09:22:01 +0800] "GET /xingrg/all/function/internal_message.html?_=1607908884399&CODE_STATE=getMsg HTTP/1.1" 200 27
222.69.136.203 - - [14/Dec/2020:09:22:03 +0800] "GET /xingrg/all/function/internal_message.html?_=1607908922072&CODE_STATE=getMsg HTTP/1.1" 200 27
222.69.136.203 - - [14/Dec/2020:09:22:03 +0800] "GET /xingrg/check_reg.html?_=1607908922066 HTTP/1.1" 200 22
180.152.104.37 - - [14/Dec/2020:09:22:04 +0800] "GET /xingrg/kc/buy/cgsh_order_list.html HTTP/1.1" 200 45165
116.228.172.94 - - [14/Dec/2020:09:22:06 +0800] "GET /xingrg/kc/buy/cgsh_order_operate.html?command=get_materiel&rest_code=00107&code=00101008005&supplier_code=00100006&order_time=2020-12-14 HTTP/1.1" 200 412
172.17.0.108 - - [14/Dec/2020:09:22:09 +0800] "GET /xingrg/check_reg.html?_=1607908929164 HTTP/1.1" 200 22
172.17.0.108 - - [14/Dec/2020:09:22:09 +0800] "GET /xingrg/all/function/internal_message.html?_=1607908929169&CODE_STATE=getMsg HTTP/1.1" 200 27
180.152.104.37 - - [14/Dec/2020:09:22:09 +0800] "POST /xingrg/kc/buy/cgsh_list_operate.html HTTP/1.1" 200 1679
114.86.227.138 - - [14/Dec/2020:09:22:09 +0800] "POST /xingrg/kc/buy/cgsh_order_operate.html HTTP/1.1" 200 3251
114.86.227.138 - - [14/Dec/2020:09:22:10 +0800] "GET /xingrg/kc/print/load_config.html?kc_code=cgsh HTTP/1.1" 200 1845
114.86.227.138 - - [14/Dec/2020:09:22:10 +0800] "GET /xingrg/kc/print/load_data.html?order_code=212020121405394&kc_code=cgsh&condition= HTTP/1.1" 200 911
180.152.104.37 - - [14/Dec/2020:09:22:11 +0800] "POST /xingrg/kc/buy/cgsh_list_operate.html HTTP/1.1" 200 572
180.152.104.37 - - [14/Dec/2020:09:22:11 +0800] "GET /xingrg/kc/buy/cgsh_order_info.html?code=212020121405371 HTTP/1.1" 200 60870
180.174.56.115 - - [14/Dec/2020:09:22:13 +0800] "GET /xingrg/all/function/internal_message.html?_=1607908935924&CODE_STATE=getMsg HTTP/1.1" 200 27
180.152.104.37 - - [14/Dec/2020:09:22:16 +0800] "POST /xingrg/kc/buy/cgsh_order_operate.html HTTP/1.1" 200 9776
180.152.104.37 - - [14/Dec/2020:09:22:16 +0800] "GET /xingrg/javascript/easyui/themes/default/validatebox.css HTTP/1.1" 404 1104
114.86.227.138 - - [14/Dec/2020:09:22:18 +0800] "GET /xingrg/kc/buy/cgsh_order_add.html HTTP/1.1" 200 60943
114.86.227.138 - - [14/Dec/2020:09:22:18 +0800] "POST /xingrg/kc/buy/cgsh_order_operate.html HTTP/1.1" 200 8245
114.86.227.138 - - [14/Dec/2020:09:22:18 +0800] "GET /xingrg/all/common/auto_word.html?type=employee&rest_code=00109 HTTP/1.1" 200 205
114.86.227.138 - - [14/Dec/2020:09:22:18 +0800] "GET /xingrg/all/common/auto_word.html?type=employee&rest_code=00109 HTTP/1.1" 200 205
114.86.227.138 - - [14/Dec/2020:09:22:18 +0800] "GET /xingrg/javascript/easyui/themes/default/validatebox.css HTTP/1.1" 404 1104
222.69.136.203 - - [14/Dec/2020:09:22:19 +0800] "GET /xingrg/kc/buy/cgsh_order_operate.html?command=get_materiel&rest_code=00149&code=00101020153&supplier_code=00100036&order_time=2020-12-14 HTTP/1.1" 200 408
114.88.163.87 - - [14/Dec/2020:09:22:20 +0800] "GET /xingrg/all/function/internal_message.html?_=1607909075527&CODE_STATE=getMsg HTTP/1.1" 200 27
180.152.104.37 - - [14/Dec/2020:09:22:21 +0800] "POST /xingrg/kc/buy/cgsh_order_operate.html HTTP/1.1" 200 37
116.228.172.94 - - [14/Dec/2020:09:22:21 +0800] "GET /xingrg/kc/buy/cgsh_order_operate.html?command=get_materiel&rest_code=00107&code=00101008353&supplier_code=00100006&order_time=2020-12-14 HTTP/1.1" 200 408
172.17.0.120 - - [14/Dec/2020:09:22:24 +0800] "GET /xingrg/check_reg.html?_=1607909479603 HTTP/1.1" 200 22
172.17.0.120 - - [14/Dec/2020:09:22:24 +0800] "GET /xingrg/all/function/internal_message.html?_=1607909479607&CODE_STATE=getMsg HTTP/1.1" 200 27
180.152.104.37 - - [14/Dec/2020:09:22:24 +0800] "POST /xingrg/kc/buy/cgsh_order_operate.html HTTP/1.1" 200 12
180.152.104.37 - - [14/Dec/2020:09:22:25 +0800] "GET /xingrg/kc/buy/cgsh_order_info.html?code=212020121405371 HTTP/1.1" 200 55762
114.84.32.187 - - [14/Dec/2020:09:22:25 +0800] "GET /xingrg/all/function/internal_message.html?_=1607908978461&CODE_STATE=getMsg HTTP/1.1" 200 27
114.86.227.138 - - [14/Dec/2020:09:22:26 +0800] "GET /xingrg/javascript/jquery_tools/images/next.gif HTTP/1.1" 404 1086
114.86.227.138 - - [14/Dec/2020:09:22:26 +0800] "GET /xingrg/javascript/jquery_tools/images/prev.gif HTTP/1.1" 404 1086
222.69.136.203 - - [14/Dec/2020:09:22:27 +0800] "GET /xingrg/kc/buy/cgsh_order_operate.html?command=get_materiel&rest_code=00149&code=00101016030&supplier_code=00100036&order_time=2020-12-14 HTTP/1.1" 200 412
180.152.104.37 - - [14/Dec/2020:09:22:29 +0800] "GET /xingrg/javascript/easyui/themes/default/validatebox.css HTTP/1.1" 404 1104
180.152.104.37 - - [14/Dec/2020:09:22:29 +0800] "POST /xingrg/kc/buy/cgsh_order_operate.html HTTP/1.1" 200 7701
114.86.227.138 - - [14/Dec/2020:09:22:31 +0800] "GET /xingrg/kc/buy/cgsh_order_operate.html?command=get_materiel&rest_code=00109&code=00101007031&supplier_code=00100004&order_time=2020-12-14 HTTP/1.1" 200 413
180.162.223.42 - - [14/Dec/2020:09:22:36 +0800] "GET /xingrg/all/function/internal_message.html?_=1607908956897&CODE_STATE=getMsg HTTP/1.1" 200 27
222.69.136.203 - - [14/Dec/2020:09:22:37 +0800] "POST /xingrg/kc/buy/cgsh_order_operate.html HTTP/1.1" 200 37
180.152.104.37 - - [14/Dec/2020:09:22:37 +0800] "GET /xingrg/kc/buy/cgsh_order_add.html HTTP/1.1" 200 60861
180.162.223.42 - - [14/Dec/2020:09:22:39 +0800] "POST /xingrg/kc/buy/cgsh_order_operate.html HTTP/1.1" 200 37
116.228.172.94 - - [14/Dec/2020:09:22:39 +0800] "GET /xingrg/kc/buy/cgsh_order_operate.html?command=get_materiel&rest_code=00107&code=00101008027&supplier_code=00100006&order_time=2020-12-14 HTTP/1.1" 200 408
180.162.223.42 - - [14/Dec/2020:09:22:40 +0800] "POST /xingrg/kc/buy/cgsh_order_operate.html HTTP/1.1" 200 8034
222.69.136.203 - - [14/Dec/2020:09:22:41 +0800] "POST /xingrg/kc/buy/cgsh_order_operate.html HTTP/1.1" 200 12
172.17.200.101 - - [14/Dec/2020:09:22:42 +0800] "GET /xingrg/all/function/internal_message.html?_=1607908961863&CODE_STATE=getMsg HTTP/1.1" 200 27
180.152.104.37 - - [14/Dec/2020:09:22:42 +0800] "POST /xingrg/kc/buy/cgsh_order_operate.html HTTP/1.1" 200 8245
222.69.136.203 - - [14/Dec/2020:09:22:42 +0800] "GET /xingrg/kc/buy/cgsh_order_info.html?code=212020121405395 HTTP/1.1" 200 55860
222.69.136.203 - - [14/Dec/2020:09:22:42 +0800] "GET /xingrg/javascript/easyui/themes/default/validatebox.css HTTP/1.1" 404 1104
180.152.104.37 - - [14/Dec/2020:09:22:43 +0800] "GET /xingrg/javascript/easyui/themes/default/validatebox.css HTTP/1.1" 404 1104
222.69.136.203 - - [14/Dec/2020:09:22:43 +0800] "POST /xingrg/kc/buy/cgsh_order_operate.html HTTP/1.1" 200 1191
114.86.227.138 - - [14/Dec/2020:09:22:44 +0800] "GET /xingrg/kc/buy/cgsh_order_operate.html?command=get_materiel&rest_code=00109&code=00101007098&supplier_code=00100004&order_time=2020-12-14 HTTP/1.1" 200 413
180.152.104.37 - - [14/Dec/2020:09:22:45 +0800] "GET /xingrg/javascript/easyui/themes/default/tree.css HTTP/1.1" 404 1090
114.84.32.187 - - [14/Dec/2020:09:22:45 +0800] "GET /xingrg/all/function/internal_message.html?_=1607908965554&CODE_STATE=getMsg HTTP/1.1" 200 27
180.152.104.37 - - [14/Dec/2020:09:22:45 +0800] "POST /xingrg/all/common/load_tree.html?tree=supplier_tree_json&isDelete=1 HTTP/1.1" 200 52465
222.69.136.203 - - [14/Dec/2020:09:22:45 +0800] "GET /xingrg/kc/print/load_data.html?order_code=212020121405395&kc_code=cgsh&condition= HTTP/1.1" 200 995
180.152.104.37 - - [14/Dec/2020:09:22:49 +0800] "GET /xingrg/all/function/internal_message.html?_=1607909200873&CODE_STATE=getMsg HTTP/1.1" 200 27
114.86.227.138 - - [14/Dec/2020:09:22:49 +0800] "GET /xingrg/javascript/auto/indicator.gif HTTP/1.1" 404 1066
114.88.163.87 - - [14/Dec/2020:09:22:55 +0800] "GET /xingrg/all/function/internal_message.html?_=1607908967182&CODE_STATE=getMsg HTTP/1.1" 200 27
114.86.227.138 - - [14/Dec/2020:09:22:55 +0800] "GET /xingrg/all/function/internal_message.html?_=1607909033619&CODE_STATE=getMsg HTTP/1.1" 200 27
116.228.172.94 - - [14/Dec/2020:09:23:00 +0800] "GET /xingrg/all/function/internal_message.html?_=1607908979971&CODE_STATE=getMsg HTTP/1.1" 200 27
180.174.56.115 - - [14/Dec/2020:09:23:01 +0800] "GET /xingrg/all/function/internal_message.html?_=1607908944412&CODE_STATE=getMsg HTTP/1.1" 200 27
116.228.172.94 - - [14/Dec/2020:09:23:02 +0800] "GET /xingrg/kc/buy/cgsh_order_operate.html?command=get_materiel&rest_code=00107&code=00101008350&supplier_code=00100006&order_time=2020-12-14 HTTP/1.1" 200 408
222.69.136.203 - - [14/Dec/2020:09:23:03 +0800] "GET /xingrg/all/function/internal_message.html?_=1607908982074&CODE_STATE=getMsg HTTP/1.1" 200 27
222.69.136.203 - - [14/Dec/2020:09:23:04 +0800] "POST /xingrg/services/DataTransmitService HTTP/1.1" 401 565
222.69.136.203 - - [14/Dec/2020:09:23:04 +0800] "POST /xingrg/services/DataTransmitService HTTP/1.1" 200 478
222.69.136.203 - - [14/Dec/2020:09:23:05 +0800] "POST /xingrg/services/DataTransmitService HTTP/1.1" 200 1319
222.69.136.203 - - [14/Dec/2020:09:23:05 +0800] "POST /xingrg/services/DataTransmitService HTTP/1.1" 200 478
222.69.136.203 - - [14/Dec/2020:09:23:05 +0800] "POST /xingrg/services/DataTransmitService HTTP/1.1" 200 1319
222.69.136.203 - - [14/Dec/2020:09:23:05 +0800] "POST /xingrg/services/DataTransmitService HTTP/1.1" 200 524
222.69.136.203 - - [14/Dec/2020:09:23:05 +0800] "POST /xingrg/services/DataTransmitService HTTP/1.1" 200 1847
222.69.136.203 - - [14/Dec/2020:09:23:05 +0800] "POST /xingrg/services/DataTransmitService HTTP/1.1" 200 2423
222.69.136.203 - - [14/Dec/2020:09:23:05 +0800] "POST /xingrg/services/DataTransmitService HTTP/1.1" 200 1463
222.69.136.203 - - [14/Dec/2020:09:23:06 +0800] "POST /xingrg/services/DataTransmitService HTTP/1.1" 200 154744
114.88.163.87 - - [14/Dec/2020:09:23:06 +0800] "POST /xingrg/kc/buy/cgsh_order_operate.html HTTP/1.1" 200 37
114.88.163.87 - - [14/Dec/2020:09:23:07 +0800] "POST /xingrg/kc/buy/cgsh_order_operate.html HTTP/1.1" 200 30458
114.88.163.87 - - [14/Dec/2020:09:23:08 +0800] "GET /xingrg/kc/print/load_data.html?order_code=212020121405397&kc_code=cgsh&condition= HTTP/1.1" 200 11229
172.17.0.108 - - [14/Dec/2020:09:23:09 +0800] "GET /xingrg/all/function/internal_message.html?_=1607908989173&CODE_STATE=getMsg HTTP/1.1" 200 27
180.174.56.115 - - [14/Dec/2020:09:23:13 +0800] "GET /xingrg/all/function/internal_message.html?_=1607908995931&CODE_STATE=getMsg HTTP/1.1" 200 27
116.228.172.94 - - [14/Dec/2020:09:23:13 +0800] "GET /xingrg/kc/buy/cgsh_order_operate.html?command=get_materiel&rest_code=00107&code=00101008186&supplier_code=00100006&order_time=2020-12-14 HTTP/1.1" 200 408
114.88.163.87 - - [14/Dec/2020:09:23:17 +0800] "GET /xingrg/kc/buy/cgsh_order_add.html HTTP/1.1" 200 60902
114.88.163.87 - - [14/Dec/2020:09:23:17 +0800] "GET /xingrg/javascript/easyui/themes/default/validatebox.css HTTP/1.1" 404 1104
114.88.163.87 - - [14/Dec/2020:09:23:18 +0800] "POST /xingrg/kc/buy/cgsh_order_operate.html HTTP/1.1" 200 8245
114.88.163.87 - - [14/Dec/2020:09:23:20 +0800] "GET /xingrg/check_reg.html?_=1607909135495 HTTP/1.1" 200 22
114.88.163.87 - - [14/Dec/2020:09:23:20 +0800] "GET /xingrg/all/function/internal_message.html?_=1607909135512&CODE_STATE=getMsg HTTP/1.1" 200 27
114.88.163.87 - - [14/Dec/2020:09:23:23 +0800] "GET /xingrg/kc/buy/cgsh_order_operate.html?command=get_materiel&rest_code=00111&code=00101002027&supplier_code=00100199&order_time=2020-12-14 HTTP/1.1" 200 433
114.84.32.187 - - [14/Dec/2020:09:23:25 +0800] "GET /xingrg/all/function/internal_message.html?_=1607909038464&CODE_STATE=getMsg HTTP/1.1" 200 27
222.69.136.203 - - [14/Dec/2020:09:23:27 +0800] "POST /xingrg/services/DataTransmitService HTTP/1.1" 200 45454
222.69.136.203 - - [14/Dec/2020:09:23:27 +0800] "POST /xingrg/services/DataTransmitService HTTP/1.1" 200 19237
114.88.163.87 - - [14/Dec/2020:09:23:28 +0800] "POST /xingrg/kc/buy/cgsh_order_operate.html HTTP/1.1" 200 37
116.228.172.94 - - [14/Dec/2020:09:23:28 +0800] "GET /xingrg/kc/buy/cgsh_order_operate.html?command=get_materiel&rest_code=00107&code=00101008298&supplier_code=00100006&order_time=2020-12-14 HTTP/1.1" 200 412
114.88.163.87 - - [14/Dec/2020:09:23:29 +0800] "POST /xingrg/kc/buy/cgsh_order_operate.html HTTP/1.1" 200 2660
114.88.163.87 - - [14/Dec/2020:09:23:30 +0800] "GET /xingrg/kc/print/load_data.html?order_code=212020121405398&kc_code=cgsh&condition= HTTP/1.1" 200 670
114.88.163.87 - - [14/Dec/2020:09:23:33 +0800] "GET /xingrg/kc/buy/cgsh_order_add.html HTTP/1.1" 200 60902
114.88.163.87 - - [14/Dec/2020:09:23:34 +0800] "GET /xingrg/javascript/easyui/themes/default/validatebox.css HTTP/1.1" 404 1104
114.88.163.87 - - [14/Dec/2020:09:23:34 +0800] "POST /xingrg/kc/buy/cgsh_order_operate.html HTTP/1.1" 200 8245
222.69.136.203 - - [14/Dec/2020:09:23:34 +0800] "POST /xingrg/services/DataTransmitService HTTP/1.1" 200 524
222.69.136.203 - - [14/Dec/2020:09:23:34 +0800] "POST /xingrg/services/DataTransmitService HTTP/1.1" 200 501
180.162.223.42 - - [14/Dec/2020:09:23:36 +0800] "GET /xingrg/all/function/internal_message.html?_=1607909016888&CODE_STATE=getMsg HTTP/1.1" 200 27
180.174.56.115 - - [14/Dec/2020:09:23:37 +0800] "POST /xingrg/kc/buy/cgsh_order_operate.html HTTP/1.1" 200 37
180.174.56.115 - - [14/Dec/2020:09:23:38 +0800] "POST /xingrg/kc/buy/cgsh_order_operate.html HTTP/1.1" 200 29866
114.88.163.87 - - [14/Dec/2020:09:23:39 +0800] "GET /xingrg/kc/buy/cgsh_order_operate.html?command=get_materiel&rest_code=00111&code=00101007061&supplier_code=00100004&order_time=2020-12-14 HTTP/1.1" 200 409
116.228.172.94 - - [14/Dec/2020:09:23:41 +0800] "GET /xingrg/kc/buy/cgsh_order_operate.html?command=get_materiel&rest_code=00107&code=00101008096&supplier_code=00100006&order_time=2020-12-14 HTTP/1.1" 200 412
172.17.200.101 - - [14/Dec/2020:09:23:42 +0800] "GET /xingrg/all/function/internal_message.html?_=1607909021867&CODE_STATE=getMsg HTTP/1.1" 200 27
222.69.136.203 - - [14/Dec/2020:09:23:42 +0800] "POST /xingrg/services/DataTransmitService HTTP/1.1" 200 524
114.84.32.187 - - [14/Dec/2020:09:23:45 +0800] "GET /xingrg/all/function/internal_message.html?_=1607909025556&CODE_STATE=getMsg HTTP/1.1" 200 27
114.88.163.87 - - [14/Dec/2020:09:23:46 +0800] "GET /xingrg/kc/buy/cgsh_order_operate.html?command=get_materiel&rest_code=00111&code=00101007059&supplier_code=00100004&order_time=2020-12-14 HTTP/1.1" 200 409
180.152.104.37 - - [14/Dec/2020:09:23:49 +0800] "GET /xingrg/all/function/internal_message.html?_=1607909260876&CODE_STATE=getMsg HTTP/1.1" 200 27
114.86.227.138 - - [14/Dec/2020:09:23:53 +0800] "GET /xingrg/all/function/internal_message.html?_=1607909093620&CODE_STATE=getMsg HTTP/1.1" 200 27
114.88.163.87 - - [14/Dec/2020:09:23:53 +0800] "POST /xingrg/kc/buy/cgsh_order_operate.html HTTP/1.1" 200 37
116.228.172.94 - - [14/Dec/2020:09:23:54 +0800] "GET /xingrg/kc/buy/cgsh_order_operate.html?command=get_materiel&rest_code=00107&code=00101008283&supplier_code=00100006&order_time=2020-12-14 HTTP/1.1" 200 408
114.88.163.87 - - [14/Dec/2020:09:23:54 +0800] "POST /xingrg/kc/buy/cgsh_order_operate.html HTTP/1.1" 200 3242
114.88.163.87 - - [14/Dec/2020:09:23:55 +0800] "GET /xingrg/check_reg.html?_=1607909027212 HTTP/1.1" 200 22
114.88.163.87 - - [14/Dec/2020:09:23:55 +0800] "GET /xingrg/all/function/internal_message.html?_=1607909027210&CODE_STATE=getMsg HTTP/1.1" 200 27
114.88.163.87 - - [14/Dec/2020:09:23:55 +0800] "GET /xingrg/kc/print/load_data.html?order_code=212020121405399&kc_code=cgsh&condition= HTTP/1.1" 200 945
58.221.95.50 - - [14/Dec/2020:09:23:59 +0800] "GET /xingrg/check_reg.html?_=1607909061769 HTTP/1.1" 302 -
116.228.172.94 - - [14/Dec/2020:09:24:00 +0800] "GET /xingrg/all/function/internal_message.html?_=1607909039973&CODE_STATE=getMsg HTTP/1.1" 200 27
180.174.56.115 - - [14/Dec/2020:09:24:01 +0800] "GET /xingrg/all/function/internal_message.html?_=1607909004425&CODE_STATE=getMsg HTTP/1.1" 200 27
222.69.136.203 - - [14/Dec/2020:09:24:03 +0800] "GET /xingrg/all/function/internal_message.html?_=1607909042073&CODE_STATE=getMsg HTTP/1.1" 200 27
116.228.172.94 - - [14/Dec/2020:09:24:05 +0800] "GET /xingrg/kc/buy/cgsh_order_operate.html?command=get_materiel&rest_code=00107&code=00101008201&supplier_code=00100006&order_time=2020-12-14 HTTP/1.1" 200 412
117.131.5.26 - - [14/Dec/2020:09:24:07 +0800] "POST /xingrg/services/DataTransmitService HTTP/1.1" 200 524
172.17.0.108 - - [14/Dec/2020:09:24:09 +0800] "GET /xingrg/all/function/internal_message.html?_=1607909049163&CODE_STATE=getMsg HTTP/1.1" 200 27
180.174.56.115 - - [14/Dec/2020:09:24:13 +0800] "GET /xingrg/check_reg.html?_=1607909055927 HTTP/1.1" 200 22
180.174.56.115 - - [14/Dec/2020:09:24:13 +0800] "GET /xingrg/all/function/internal_message.html?_=1607909055930&CODE_STATE=getMsg HTTP/1.1" 200 27
116.228.172.94 - - [14/Dec/2020:09:24:20 +0800] "GET /xingrg/kc/buy/cgsh_order_operate.html?command=get_materiel&rest_code=00107&code=00101008242&supplier_code=00100006&order_time=2020-12-14 HTTP/1.1" 200 408
114.88.163.87 - - [14/Dec/2020:09:24:20 +0800] "GET /xingrg/all/function/internal_message.html?_=1607909195515&CODE_STATE=getMsg HTTP/1.1" 200 27
114.84.32.187 - - [14/Dec/2020:09:24:24 +0800] "GET /xingrg/check_reg.html?_=1607909096933 HTTP/1.1" 200 22
114.84.32.187 - - [14/Dec/2020:09:24:25 +0800] "GET /xingrg/all/function/internal_message.html?_=1607909098477&CODE_STATE=getMsg HTTP/1.1" 200 27
116.228.172.94 - - [14/Dec/2020:09:24:28 +0800] "GET /xingrg/kc/buy/cgsh_order_operate.html?command=get_materiel&rest_code=00107&code=00101008003&supplier_code=00100006&order_time=2020-12-14 HTTP/1.1" 200 408
180.162.223.42 - - [14/Dec/2020:09:24:36 +0800] "GET /xingrg/all/function/internal_message.html?_=1607909076890&CODE_STATE=getMsg HTTP/1.1" 200 27
58.40.7.146 - - [14/Dec/2020:09:24:42 +0800] "GET /xingrg/check_reg.html?_=1607909081785 HTTP/1.1" 200 22
172.17.200.101 - - [14/Dec/2020:09:24:42 +0800] "GET /xingrg/all/function/internal_message.html?_=1607909081868&CODE_STATE=getMsg HTTP/1.1" 200 27
116.228.172.94 - - [14/Dec/2020:09:24:44 +0800] "GET /xingrg/kc/buy/cgsh_order_operate.html?command=get_materiel&rest_code=00107&code=00101008126&supplier_code=00100006&order_time=2020-12-14 HTTP/1.1" 200 412
114.84.32.187 - - [14/Dec/2020:09:24:45 +0800] "GET /xingrg/all/function/internal_message.html?_=1607909085555&CODE_STATE=getMsg HTTP/1.1" 200 27
222.69.136.203 - - [14/Dec/2020:09:24:48 +0800] "POST /xingrg/services/DataTransmitService HTTP/1.1" 200 501
222.69.136.203 - - [14/Dec/2020:09:24:48 +0800] "POST /xingrg/services/DataTransmitService HTTP/1.1" 200 501
180.152.104.37 - - [14/Dec/2020:09:24:50 +0800] "GET /xingrg/all/function/internal_message.html?_=1607909321877&CODE_STATE=getMsg HTTP/1.1" 200 27
114.86.227.138 - - [14/Dec/2020:09:24:50 +0800] "GET /xingrg/check_reg.html?_=1607909153599 HTTP/1.1" 200 22
114.86.227.138 - - [14/Dec/2020:09:24:50 +0800] "GET /xingrg/all/function/internal_message.html?_=1607909153599&CODE_STATE=getMsg HTTP/1.1" 200 27
114.88.163.87 - - [14/Dec/2020:09:24:55 +0800] "GET /xingrg/all/function/internal_message.html?_=1607909087212&CODE_STATE=getMsg HTTP/1.1" 200 27
114.86.227.138 - - [14/Dec/2020:09:24:56 +0800] "POST /xingrg/kc/buy/cgsh_order_operate.html HTTP/1.1" 200 37
114.86.227.138 - - [14/Dec/2020:09:24:58 +0800] "POST /xingrg/kc/buy/cgsh_order_operate.html HTTP/1.1" 200 3250
114.86.227.138 - - [14/Dec/2020:09:24:59 +0800] "GET /xingrg/kc/print/load_config.html?kc_code=cgsh HTTP/1.1" 200 1845
114.86.227.138 - - [14/Dec/2020:09:24:59 +0800] "GET /xingrg/kc/print/load_data.html?order_code=212020121405400&kc_code=cgsh&condition= HTTP/1.1" 200 944
116.228.172.94 - - [14/Dec/2020:09:25:00 +0800] "GET /xingrg/check_reg.html?_=1607909099980 HTTP/1.1" 200 22
116.228.172.94 - - [14/Dec/2020:09:25:00 +0800] "GET /xingrg/all/function/internal_message.html?_=1607909099987&CODE_STATE=getMsg HTTP/1.1" 200 27
180.174.56.115 - - [14/Dec/2020:09:25:01 +0800] "GET /xingrg/all/function/internal_message.html?_=1607909064458&CODE_STATE=getMsg HTTP/1.1" 200 27
116.228.172.94 - - [14/Dec/2020:09:25:01 +0800] "GET /xingrg/kc/buy/cgsh_order_operate.html?command=get_materiel&rest_code=00107&code=00101008067&supplier_code=00100006&order_time=2020-12-14 HTTP/1.1" 200 418
222.69.136.203 - - [14/Dec/2020:09:25:03 +0800] "GET /xingrg/all/function/internal_message.html?_=1607909102071&CODE_STATE=getMsg HTTP/1.1" 200 27
222.69.136.203 - - [14/Dec/2020:09:25:04 +0800] "POST /xingrg/services/DataTransmitService HTTP/1.1" 200 501
172.17.0.108 - - [14/Dec/2020:09:25:09 +0800] "GET /xingrg/all/function/internal_message.html?_=1607909109174&CODE_STATE=getMsg HTTP/1.1" 200 27
180.174.56.115 - - [14/Dec/2020:09:25:13 +0800] "GET /xingrg/all/function/internal_message.html?_=1607909115924&CODE_STATE=getMsg HTTP/1.1" 200 27
116.228.172.94 - - [14/Dec/2020:09:25:17 +0800] "GET /xingrg/kc/buy/cgsh_order_operate.html?command=get_materiel&rest_code=00107&code=00101008024&supplier_code=00100006&order_time=2020-12-14 HTTP/1.1" 200 408
116.228.172.94 - - [14/Dec/2020:09:25:19 +0800] "POST /xingrg/kc/buy/cgsh_order_operate.html HTTP/1.1" 200 2065
222.69.136.203 - - [14/Dec/2020:09:25:19 +0800] "POST /xingrg/services/DataTransmitService HTTP/1.1" 200 501
114.88.163.87 - - [14/Dec/2020:09:25:20 +0800] "GET /xingrg/all/function/internal_message.html?_=1607909255468&CODE_STATE=getMsg HTTP/1.1" 200 27
222.69.136.203 - - [14/Dec/2020:09:25:22 +0800] "POST /xingrg/services/DataTransmitService HTTP/1.1" 200 501
222.69.136.203 - - [14/Dec/2020:09:25:23 +0800] "POST /xingrg/services/DataTransmitService HTTP/1.1" 200 501
114.84.32.187 - - [14/Dec/2020:09:25:25 +0800] "GET /xingrg/all/function/internal_message.html?_=1607909158491&CODE_STATE=getMsg HTTP/1.1" 200 27
116.228.172.94 - - [14/Dec/2020:09:25:28 +0800] "GET /xingrg/kc/buy/cgsh_order_operate.html?command=get_materiel&rest_code=00107&code=00101008356&supplier_code=00100006&order_time=2020-12-14 HTTP/1.1" 200 408
222.69.136.203 - - [14/Dec/2020:09:25:29 +0800] "POST /xingrg/services/DataTransmitService HTTP/1.1" 200 501
222.69.136.203 - - [14/Dec/2020:09:25:32 +0800] "POST /xingrg/services/DataTransmitService HTTP/1.1" 200 501
222.69.136.203 - - [14/Dec/2020:09:25:33 +0800] "POST /xingrg/services/DataTransmitService HTTP/1.1" 200 501
180.162.223.42 - - [14/Dec/2020:09:25:36 +0800] "GET /xingrg/all/function/internal_message.html?_=1607909136898&CODE_STATE=getMsg HTTP/1.1" 200 27
222.69.136.203 - - [14/Dec/2020:09:25:36 +0800] "POST /xingrg/services/DataTransmitService HTTP/1.1" 200 412
116.228.172.94 - - [14/Dec/2020:09:25:38 +0800] "GET /xingrg/kc/buy/cgsh_order_operate.html?command=get_materiel&rest_code=00107&code=00101008251&supplier_code=00100006&order_time=2020-12-14 HTTP/1.1" 200 408
180.174.56.115 - - [14/Dec/2020:09:25:39 +0800] "GET /xingrg/kc/buy/cgsh_order_add.html HTTP/1.1" 200 60556
180.174.56.115 - - [14/Dec/2020:09:25:40 +0800] "POST /xingrg/kc/buy/cgsh_order_operate.html HTTP/1.1" 200 8245
180.174.56.115 - - [14/Dec/2020:09:25:40 +0800] "GET /xingrg/javascript/easyui/themes/default/validatebox.css HTTP/1.1" 404 1104
172.17.200.101 - - [14/Dec/2020:09:25:42 +0800] "GET /xingrg/check_reg.html?_=1607909142100 HTTP/1.1" 200 22
172.17.200.101 - - [14/Dec/2020:09:25:42 +0800] "GET /xingrg/all/function/internal_message.html?_=1607909142100&CODE_STATE=getMsg HTTP/1.1" 200 27
114.84.32.187 - - [14/Dec/2020:09:25:45 +0800] "GET /xingrg/all/function/internal_message.html?_=1607909145556&CODE_STATE=getMsg HTTP/1.1" 200 27
114.84.32.187 - - [14/Dec/2020:09:25:45 +0800] "GET /xingrg/check_reg.html?_=1607909145557 HTTP/1.1" 200 22
172.17.200.101 - - [14/Dec/2020:09:25:49 +0800] "POST /xingrg/dwr/call/plaincall/AjaxReportQueryService.refreshCache.dwr HTTP/1.1" 200 78
180.152.104.37 - - [14/Dec/2020:09:25:50 +0800] "GET /xingrg/all/function/internal_message.html?_=1607909381886&CODE_STATE=getMsg HTTP/1.1" 200 27
114.86.227.138 - - [14/Dec/2020:09:25:51 +0800] "GET /xingrg/all/function/internal_message.html?_=1607909215593&CODE_STATE=getMsg HTTP/1.1" 200 27
172.17.200.101 - - [14/Dec/2020:09:25:52 +0800] "POST /xingrg/all/report/load_report_page.html HTTP/1.1" 200 251346
172.17.200.101 - - [14/Dec/2020:09:25:52 +0800] "GET /xingrg/servlets/image?cache=0.8077330186828504&image=px HTTP/1.1" 200 807
116.228.172.94 - - [14/Dec/2020:09:25:54 +0800] "GET /xingrg/kc/buy/cgsh_order_operate.html?command=get_materiel&rest_code=00107&code=00101008362&supplier_code=00100006&order_time=2020-12-14 HTTP/1.1" 200 408
114.88.163.87 - - [14/Dec/2020:09:25:55 +0800] "GET /xingrg/all/function/internal_message.html?_=1607909147212&CODE_STATE=getMsg HTTP/1.1" 200 27
180.174.56.115 - - [14/Dec/2020:09:25:57 +0800] "GET /xingrg/kc/buy/cgsh_order_operate.html?command=get_materiel&rest_code=00151&code=00101006006&supplier_code=00100096&order_time=2020-12-14 HTTP/1.1" 200 409
116.228.172.94 - - [14/Dec/2020:09:26:00 +0800] "GET /xingrg/all/function/internal_message.html?_=1607909159986&CODE_STATE=getMsg HTTP/1.1" 200 27
180.174.56.115 - - [14/Dec/2020:09:26:01 +0800] "GET /xingrg/all/function/internal_message.html?_=1607909124469&CODE_STATE=getMsg HTTP/1.1" 200 27
172.17.200.101 - - [14/Dec/2020:09:26:02 +0800] "POST /xingrg/all/report/report_print.html HTTP/1.1" 200 29221
222.69.136.203 - - [14/Dec/2020:09:26:03 +0800] "GET /xingrg/all/function/internal_message.html?_=1607909162069&CODE_STATE=getMsg HTTP/1.1" 200 27
116.228.172.94 - - [14/Dec/2020:09:26:03 +0800] "GET /xingrg/kc/buy/cgsh_order_operate.html?command=get_materiel&rest_code=00107&code=00101008137&supplier_code=00100006&order_time=2020-12-14 HTTP/1.1" 200 408
117.131.5.26 - - [14/Dec/2020:09:26:08 +0800] "POST /xingrg/services/DataTransmitService HTTP/1.1" 200 524
117.131.5.26 - - [14/Dec/2020:09:26:08 +0800] "POST /xingrg/services/DataTransmitService HTTP/1.1" 200 2095
117.131.5.26 - - [14/Dec/2020:09:26:09 +0800] "POST /xingrg/services/DataTransmitService HTTP/1.1" 200 2483
172.17.0.108 - - [14/Dec/2020:09:26:09 +0800] "GET /xingrg/all/function/internal_message.html?_=1607909169169&CODE_STATE=getMsg HTTP/1.1" 200 27
117.131.5.26 - - [14/Dec/2020:09:26:09 +0800] "POST /xingrg/services/DataTransmitService HTTP/1.1" 200 1447
117.131.5.26 - - [14/Dec/2020:09:26:09 +0800] "POST /xingrg/services/DataTransmitService HTTP/1.1" 200 147927
180.174.56.115 - - [14/Dec/2020:09:26:13 +0800] "GET /xingrg/all/function/internal_message.html?_=1607909175936&CODE_STATE=getMsg HTTP/1.1" 200 27
116.228.172.94 - - [14/Dec/2020:09:26:15 +0800] "POST /xingrg/kc/buy/cgsh_order_operate.html HTTP/1.1" 200 2065
180.174.56.115 - - [14/Dec/2020:09:26:16 +0800] "GET /xingrg/kc/buy/cgsh_order_operate.html?command=get_materiel&rest_code=00151&code=00101006056&supplier_code=00100096&order_time=2020-12-14 HTTP/1.1" 200 415
114.88.163.87 - - [14/Dec/2020:09:26:20 +0800] "GET /xingrg/all/function/internal_message.html?_=1607909315467&CODE_STATE=getMsg HTTP/1.1" 200 27
180.152.104.37 - - [14/Dec/2020:09:26:24 +0800] "GET /xingrg/check_reg.html?_=1607909416685 HTTP/1.1" 200 22
114.84.32.187 - - [14/Dec/2020:09:26:25 +0800] "GET /xingrg/all/function/internal_message.html?_=1607909218507&CODE_STATE=getMsg HTTP/1.1" 200 27
180.162.223.42 - - [14/Dec/2020:09:26:36 +0800] "GET /xingrg/check_reg.html?_=1607909196891 HTTP/1.1" 200 22
180.162.223.42 - - [14/Dec/2020:09:26:36 +0800] "GET /xingrg/all/function/internal_message.html?_=1607909196895&CODE_STATE=getMsg HTTP/1.1" 200 27
172.17.200.101 - - [14/Dec/2020:09:26:42 +0800] "GET /xingrg/all/function/internal_message.html?_=1607909202079&CODE_STATE=getMsg HTTP/1.1" 200 27
114.84.32.187 - - [14/Dec/2020:09:26:45 +0800] "GET /xingrg/all/function/internal_message.html?_=1607909205554&CODE_STATE=getMsg HTTP/1.1" 200 27
180.152.104.37 - - [14/Dec/2020:09:26:50 +0800] "GET /xingrg/all/function/internal_message.html?_=1607909441899&CODE_STATE=getMsg HTTP/1.1" 200 27
114.86.227.138 - - [14/Dec/2020:09:26:50 +0800] "GET /xingrg/all/function/internal_message.html?_=1607909275593&CODE_STATE=getMsg HTTP/1.1" 200 27
180.174.56.115 - - [14/Dec/2020:09:26:51 +0800] "GET /xingrg/kc/buy/cgsh_order_operate.html?command=get_materiel&rest_code=00151&code=00101006109&supplier_code=00100096&order_time=2020-12-14 HTTP/1.1" 200 409
114.88.163.87 - - [14/Dec/2020:09:26:55 +0800] "GET /xingrg/all/function/internal_message.html?_=1607909207219&CODE_STATE=getMsg HTTP/1.1" 200 27
116.228.172.94 - - [14/Dec/2020:09:26:58 +0800] "GET /xingrg/kc/buy/cgsh_order_operate.html?command=get_materiel&rest_code=00107&code=00101008296&supplier_code=00100006&order_time=2020-12-14 HTTP/1.1" 200 416
116.228.172.94 - - [14/Dec/2020:09:27:00 +0800] "GET /xingrg/all/function/internal_message.html?_=1607909220075&CODE_STATE=getMsg HTTP/1.1" 200 27
180.174.56.115 - - [14/Dec/2020:09:27:00 +0800] "GET /xingrg/check_reg.html?_=1607909183691 HTTP/1.1" 200 22
180.174.56.115 - - [14/Dec/2020:09:27:01 +0800] "GET /xingrg/all/function/internal_message.html?_=1607909184482&CODE_STATE=getMsg HTTP/1.1" 200 27
222.69.136.203 - - [14/Dec/2020:09:27:03 +0800] "GET /xingrg/check_reg.html?_=1607909222068 HTTP/1.1" 200 22
222.69.136.203 - - [14/Dec/2020:09:27:03 +0800] "GET /xingrg/all/function/internal_message.html?_=1607909222069&CODE_STATE=getMsg HTTP/1.1" 200 27
172.17.0.108 - - [14/Dec/2020:09:27:09 +0800] "GET /xingrg/check_reg.html?_=1607909229158 HTTP/1.1" 200 22
172.17.0.108 - - [14/Dec/2020:09:27:09 +0800] "GET /xingrg/all/function/internal_message.html?_=1607909229163&CODE_STATE=getMsg HTTP/1.1" 200 27
180.174.56.115 - - [14/Dec/2020:09:27:13 +0800] "GET /xingrg/all/function/internal_message.html?_=1607909235930&CODE_STATE=getMsg HTTP/1.1" 200 27
180.174.56.115 - - [14/Dec/2020:09:27:17 +0800] "GET /xingrg/kc/buy/cgsh_order_operate.html?command=get_materiel&rest_code=00151&code=00101016033&supplier_code=00100096&order_time=2020-12-14 HTTP/1.1" 200 412
114.88.163.87 - - [14/Dec/2020:09:27:20 +0800] "GET /xingrg/all/function/internal_message.html?_=1607909375466&CODE_STATE=getMsg HTTP/1.1" 200 27
180.174.56.115 - - [14/Dec/2020:09:27:26 +0800] "GET /xingrg/kc/buy/cgsh_order_operate.html?command=get_materiel&rest_code=00151&code=00101012025&supplier_code=00100096&order_time=2020-12-14 HTTP/1.1" 200 412
114.84.32.187 - - [14/Dec/2020:09:27:26 +0800] "GET /xingrg/all/function/internal_message.html?_=1607909278774&CODE_STATE=getMsg HTTP/1.1" 200 27
180.162.223.42 - - [14/Dec/2020:09:27:36 +0800] "GET /xingrg/all/function/internal_message.html?_=1607909256900&CODE_STATE=getMsg HTTP/1.1" 200 27
116.228.172.94 - - [14/Dec/2020:09:27:37 +0800] "GET /xingrg/kc/buy/cgsh_order_operate.html?command=get_materiel&rest_code=00107&code=00101008213&supplier_code=00100006&order_time=2020-12-14 HTTP/1.1" 200 412
172.17.200.101 - - [14/Dec/2020:09:27:42 +0800] "GET /xingrg/all/function/internal_message.html?_=1607909262051&CODE_STATE=getMsg HTTP/1.1" 200 27
114.84.32.187 - - [14/Dec/2020:09:27:45 +0800] "GET /xingrg/all/function/internal_message.html?_=1607909265555&CODE_STATE=getMsg HTTP/1.1" 200 27
180.174.56.115 - - [14/Dec/2020:09:27:47 +0800] "GET /xingrg/kc/buy/cgsh_order_operate.html?command=get_materiel&rest_code=00151&code=00101012029&supplier_code=00100096&order_time=2020-12-14 HTTP/1.1" 200 414
114.86.227.138 - - [14/Dec/2020:09:27:49 +0800] "GET /xingrg/all/function/internal_message.html?_=1607909335590&CODE_STATE=getMsg HTTP/1.1" 200 27
180.152.104.37 - - [14/Dec/2020:09:27:50 +0800] "GET /xingrg/all/function/internal_message.html?_=1607909501912&CODE_STATE=getMsg HTTP/1.1" 200 27
114.88.163.87 - - [14/Dec/2020:09:27:55 +0800] "GET /xingrg/all/function/internal_message.html?_=1607909267217&CODE_STATE=getMsg HTTP/1.1" 200 27
180.174.56.115 - - [14/Dec/2020:09:27:56 +0800] "GET /xingrg/kc/buy/cgsh_order_operate.html?command=get_materiel&rest_code=00151&code=00101012005&supplier_code=00100096&order_time=2020-12-14 HTTP/1.1" 200 413
116.228.172.94 - - [14/Dec/2020:09:27:56 +0800] "GET /xingrg/kc/buy/cgsh_order_operate.html?command=get_materiel&rest_code=00107&code=00101008051&supplier_code=00100006&order_time=2020-12-14 HTTP/1.1" 200 409
116.228.172.94 - - [14/Dec/2020:09:28:00 +0800] "GET /xingrg/all/function/internal_message.html?_=1607909280089&CODE_STATE=getMsg HTTP/1.1" 200 27
180.174.56.115 - - [14/Dec/2020:09:28:01 +0800] "GET /xingrg/all/function/internal_message.html?_=1607909244496&CODE_STATE=getMsg HTTP/1.1" 200 27
116.228.172.94 - - [14/Dec/2020:09:28:01 +0800] "POST /xingrg/kc/buy/cgsh_order_operate.html HTTP/1.1" 200 2065
222.69.136.203 - - [14/Dec/2020:09:28:03 +0800] "GET /xingrg/all/function/internal_message.html?_=1607909282068&CODE_STATE=getMsg HTTP/1.1" 200 27
180.174.56.115 - - [14/Dec/2020:09:28:03 +0800] "GET /xingrg/kc/buy/cgsh_order_operate.html?command=get_materiel&rest_code=00151&code=00101012059&supplier_code=00100096&order_time=2020-12-14 HTTP/1.1" 200 413
172.17.0.108 - - [14/Dec/2020:09:28:09 +0800] "GET /xingrg/all/function/internal_message.html?_=1607909289167&CODE_STATE=getMsg HTTP/1.1" 200 27
180.174.56.115 - - [14/Dec/2020:09:28:11 +0800] "GET /xingrg/kc/buy/cgsh_order_operate.html?command=get_materiel&rest_code=00151&code=00101001099&supplier_code=00100096&order_time=2020-12-14 HTTP/1.1" 200 410
116.228.172.94 - - [14/Dec/2020:09:28:12 +0800] "GET /xingrg/kc/buy/cgsh_order_operate.html?command=get_materiel&rest_code=00107&code=00101008312&supplier_code=00100006&order_time=2020-12-14 HTTP/1.1" 200 412
180.174.56.115 - - [14/Dec/2020:09:28:13 +0800] "GET /xingrg/all/function/internal_message.html?_=1607909295924&CODE_STATE=getMsg HTTP/1.1" 200 27
114.88.163.87 - - [14/Dec/2020:09:28:20 +0800] "GET /xingrg/all/function/internal_message.html?_=1607909435466&CODE_STATE=getMsg HTTP/1.1" 200 27
114.88.163.87 - - [14/Dec/2020:09:28:20 +0800] "GET /xingrg/check_reg.html?_=1607909435467 HTTP/1.1" 200 22
114.84.32.187 - - [14/Dec/2020:09:28:26 +0800] "GET /xingrg/all/function/internal_message.html?_=1607909338782&CODE_STATE=getMsg HTTP/1.1" 200 27
180.174.56.115 - - [14/Dec/2020:09:28:26 +0800] "GET /xingrg/kc/buy/cgsh_order_operate.html?command=get_materiel&rest_code=00151&code=00101001075&supplier_code=00100096&order_time=2020-12-14 HTTP/1.1" 200 409
180.162.223.42 - - [14/Dec/2020:09:28:36 +0800] "GET /xingrg/all/function/internal_message.html?_=1607909316888&CODE_STATE=getMsg HTTP/1.1" 200 27
116.228.172.94 - - [14/Dec/2020:09:28:40 +0800] "GET /xingrg/kc/buy/cgsh_order_operate.html?command=get_materiel&rest_code=00107&code=00101008358&supplier_code=00100006&order_time=2020-12-14 HTTP/1.1" 200 412
172.17.200.101 - - [14/Dec/2020:09:28:42 +0800] "GET /xingrg/all/function/internal_message.html?_=1607909322022&CODE_STATE=getMsg HTTP/1.1" 200 27
114.84.32.187 - - [14/Dec/2020:09:28:45 +0800] "GET /xingrg/all/function/internal_message.html?_=1607909325555&CODE_STATE=getMsg HTTP/1.1" 200 27
114.86.227.138 - - [14/Dec/2020:09:28:48 +0800] "GET /xingrg/all/function/internal_message.html?_=1607909395583&CODE_STATE=getMsg HTTP/1.1" 200 27
180.152.104.37 - - [14/Dec/2020:09:28:50 +0800] "GET /xingrg/all/function/internal_message.html?_=1607909562075&CODE_STATE=getMsg HTTP/1.1" 200 27
180.174.56.115 - - [14/Dec/2020:09:28:50 +0800] "POST /xingrg/kc/buy/cgsh_order_operate.html HTTP/1.1" 200 37
180.174.56.115 - - [14/Dec/2020:09:28:53 +0800] "POST /xingrg/kc/buy/cgsh_order_operate.html HTTP/1.1" 200 12
114.88.163.87 - - [14/Dec/2020:09:28:55 +0800] "GET /xingrg/check_reg.html?_=1607909327218 HTTP/1.1" 200 22
114.88.163.87 - - [14/Dec/2020:09:28:55 +0800] "GET /xingrg/all/function/internal_message.html?_=1607909327220&CODE_STATE=getMsg HTTP/1.1" 200 27
180.174.56.115 - - [14/Dec/2020:09:28:55 +0800] "GET /xingrg/kc/buy/cgsh_order_info.html?code=212020121405401 HTTP/1.1" 200 55453
180.174.56.115 - - [14/Dec/2020:09:28:55 +0800] "GET /xingrg/javascript/easyui/themes/default/validatebox.css HTTP/1.1" 404 1104
180.174.56.115 - - [14/Dec/2020:09:28:56 +0800] "POST /xingrg/kc/buy/cgsh_order_operate.html HTTP/1.1" 200 5971
116.228.172.94 - - [14/Dec/2020:09:28:58 +0800] "GET /xingrg/kc/buy/cgsh_order_operate.html?command=get_materiel&rest_code=00107&code=00101008141&supplier_code=00100006&order_time=2020-12-14 HTTP/1.1" 200 412
58.221.95.50 - - [14/Dec/2020:09:28:59 +0800] "GET /xingrg/check_reg.html?_=1607909361748 HTTP/1.1" 302 -
180.174.56.115 - - [14/Dec/2020:09:28:59 +0800] "GET /xingrg/kc/print/load_config.html?kc_code=cgsh HTTP/1.1" 200 1845
180.162.223.42 - - [14/Dec/2020:09:29:00 +0800] "POST /xingrg/kc/buy/cgsh_order_operate.html HTTP/1.1" 200 37
180.174.56.115 - - [14/Dec/2020:09:29:00 +0800] "GET /xingrg/kc/print/load_data.html?order_code=212020121405401&kc_code=cgsh&condition= HTTP/1.1" 200 2772
116.228.172.94 - - [14/Dec/2020:09:29:00 +0800] "GET /xingrg/all/function/internal_message.html?_=1607909340285&CODE_STATE=getMsg HTTP/1.1" 200 27
180.174.56.115 - - [14/Dec/2020:09:29:01 +0800] "GET /xingrg/all/function/internal_message.html?_=1607909304509&CODE_STATE=getMsg HTTP/1.1" 200 27
180.162.223.42 - - [14/Dec/2020:09:29:01 +0800] "POST /xingrg/kc/buy/cgsh_order_operate.html HTTP/1.1" 200 8035
222.69.136.203 - - [14/Dec/2020:09:29:03 +0800] "GET /xingrg/all/function/internal_message.html?_=1607909342067&CODE_STATE=getMsg HTTP/1.1" 200 27
180.162.223.42 - - [14/Dec/2020:09:29:04 +0800] "GET /xingrg/kc/print/load_data.html?order_code=212020121405396&kc_code=cgsh&condition= HTTP/1.1" 200 2839
172.17.0.108 - - [14/Dec/2020:09:29:09 +0800] "GET /xingrg/all/function/internal_message.html?_=1607909349174&CODE_STATE=getMsg HTTP/1.1" 200 27
180.174.56.115 - - [14/Dec/2020:09:29:13 +0800] "GET /xingrg/all/function/internal_message.html?_=1607909355938&CODE_STATE=getMsg HTTP/1.1" 200 27
180.174.56.115 - - [14/Dec/2020:09:29:13 +0800] "GET /xingrg/check_reg.html?_=1607909355955 HTTP/1.1" 200 22
116.228.172.94 - - [14/Dec/2020:09:29:13 +0800] "GET /xingrg/kc/buy/cgsh_order_operate.html?command=get_materiel&rest_code=00107&code=00101008300&supplier_code=00100006&order_time=2020-12-14 HTTP/1.1" 200 412
114.88.163.87 - - [14/Dec/2020:09:29:20 +0800] "GET /xingrg/all/function/internal_message.html?_=1607909495469&CODE_STATE=getMsg HTTP/1.1" 200 27
116.228.172.94 - - [14/Dec/2020:09:29:23 +0800] "GET /xingrg/kc/buy/cgsh_order_operate.html?command=get_materiel&rest_code=00107&code=00101008108&supplier_code=00100006&order_time=2020-12-14 HTTP/1.1" 200 412
114.84.32.187 - - [14/Dec/2020:09:29:24 +0800] "GET /xingrg/check_reg.html?_=1607909397205 HTTP/1.1" 200 22
116.228.172.94 - - [14/Dec/2020:09:29:26 +0800] "POST /xingrg/kc/buy/cgsh_order_operate.html HTTP/1.1" 200 2065
114.84.32.187 - - [14/Dec/2020:09:29:26 +0800] "GET /xingrg/all/function/internal_message.html?_=1607909398794&CODE_STATE=getMsg HTTP/1.1" 200 27
180.152.104.37 - - [14/Dec/2020:09:29:30 +0800] "GET /xingrg/kc/buy/cgsh_order_operate.html?command=get_materiel&rest_code=00102&code=00101007063&supplier_code=00100002&order_time=2020-12-14 HTTP/1.1" 200 409
180.162.223.42 - - [14/Dec/2020:09:29:36 +0800] "GET /xingrg/all/function/internal_message.html?_=1607909376905&CODE_STATE=getMsg HTTP/1.1" 200 27
180.174.56.115 - - [14/Dec/2020:09:29:37 +0800] "POST /xingrg/all/user/operate.html HTTP/1.1" 200 36
180.174.56.115 - - [14/Dec/2020:09:29:37 +0800] "GET /xingrg/javascript/jquery_easy_ui/themes/default/easyui.css HTTP/1.1" 304 -
180.174.56.115 - - [14/Dec/2020:09:29:37 +0800] "GET /xingrg/index.html?sysBaseUrl=http%3A%2F%2F180.169.147.146%3A18081%2Fxingrg%2F&costTime=39×tamp=1607737524056 HTTP/1.1" 200 17179
180.174.56.115 - - [14/Dec/2020:09:29:37 +0800] "GET /xingrg/javascript/jquery_easy_ui/themes/icon.css HTTP/1.1" 304 -
180.174.56.115 - - [14/Dec/2020:09:29:37 +0800] "GET /xingrg/css/form.css HTTP/1.1" 304 -
180.174.56.115 - - [14/Dec/2020:09:29:37 +0800] "GET /xingrg/javascript/jquery-1.4.2.min.js HTTP/1.1" 304 -
180.174.56.115 - - [14/Dec/2020:09:29:37 +0800] "GET /xingrg/javascript/jquery_easy_ui/jquery.easyui.min.js HTTP/1.1" 304 -
180.174.56.115 - - [14/Dec/2020:09:29:37 +0800] "GET /xingrg/javascript/jquery_easy_ui/easyui-lang-zh_CN.js HTTP/1.1" 304 -
180.174.56.115 - - [14/Dec/2020:09:29:38 +0800] "GET /xingrg/javascript/jquery.form.js HTTP/1.1" 304 -
180.174.56.115 - - [14/Dec/2020:09:29:38 +0800] "GET /xingrg/javascript/jquery.utils.js HTTP/1.1" 304 -
180.174.56.115 - - [14/Dec/2020:09:29:38 +0800] "GET /xingrg/javascript/jquery.timers.js HTTP/1.1" 304 -
180.174.56.115 - - [14/Dec/2020:09:29:38 +0800] "GET /xingrg/images/blue/navBackgound.jpg HTTP/1.1" 304 -
180.174.56.115 - - [14/Dec/2020:09:29:38 +0800] "GET /xingrg/images/blue/jxLogo.png HTTP/1.1" 304 -
180.174.56.115 - - [14/Dec/2020:09:29:38 +0800] "GET /xingrg/javascript/jquery_easy_ui/themes/icons/settle_new.png HTTP/1.1" 304 -
180.174.56.115 - - [14/Dec/2020:09:29:38 +0800] "GET /xingrg/images/blue/pingpu.png HTTP/1.1" 304 -
180.174.56.115 - - [14/Dec/2020:09:29:38 +0800] "POST /xingrg/all/common/load_tree.html?tree=area_rest_tree_json&manage=1 HTTP/1.1" 200 476
180.174.56.115 - - [14/Dec/2020:09:29:38 +0800] "GET /xingrg/javascript/jquery_easy_ui/themes/default/images/tabs_rightarrow.png HTTP/1.1" 304 -
180.174.56.115 - - [14/Dec/2020:09:29:38 +0800] "GET /xingrg/javascript/jquery_easy_ui/themes/default/images/tabs_leftarrow.png HTTP/1.1" 304 -
180.174.56.115 - - [14/Dec/2020:09:29:38 +0800] "GET /xingrg/javascript/jquery_easy_ui/themes/default/images/panel_tool_collapse.gif HTTP/1.1" 304 -
180.174.56.115 - - [14/Dec/2020:09:29:38 +0800] "GET /xingrg/all/function/internal_message.html?_=1607909341365&CODE_STATE=count HTTP/1.1" 200 11
180.174.56.115 - - [14/Dec/2020:09:29:38 +0800] "GET /xingrg/check_reg.html?_=1607909341366 HTTP/1.1" 200 22
180.174.56.115 - - [14/Dec/2020:09:29:38 +0800] "POST /xingrg/load_menu.html HTTP/1.1" 200 5138
58.40.7.146 - - [14/Dec/2020:09:29:42 +0800] "GET /xingrg/check_reg.html?_=1607909381759 HTTP/1.1" 200 22
172.17.200.101 - - [14/Dec/2020:09:29:42 +0800] "GET /xingrg/all/function/internal_message.html?_=1607909381993&CODE_STATE=getMsg HTTP/1.1" 200 27
180.174.56.115 - - [14/Dec/2020:09:29:42 +0800] "GET /xingrg/kc/buy/cgsh_order_list.html HTTP/1.1" 200 45171
180.174.56.115 - - [14/Dec/2020:09:29:43 +0800] "POST /xingrg/kc/buy/cgsh_list_operate.html HTTP/1.1" 200 1691
114.88.163.87 - - [14/Dec/2020:09:29:44 +0800] "GET /xingrg/index.html?sysBaseUrl=http%3A%2F%2F180.169.147.146%3A18081%2Fxingrg%2F&costTime=38×tamp=1588335986102 HTTP/1.1" 302 -
114.88.163.87 - - [14/Dec/2020:09:29:44 +0800] "GET /xingrg/login.html HTTP/1.1" 200 7641
114.84.32.187 - - [14/Dec/2020:09:29:45 +0800] "GET /xingrg/all/function/internal_message.html?_=1607909385554&CODE_STATE=getMsg HTTP/1.1" 200 27
114.88.163.87 - - [14/Dec/2020:09:29:45 +0800] "GET /favicon.ico HTTP/1.1" 404 -
180.174.56.115 - - [14/Dec/2020:09:29:45 +0800] "GET /xingrg/kc/buy/cgsh_order_add.html HTTP/1.1" 200 60838
180.174.56.115 - - [14/Dec/2020:09:29:46 +0800] "POST /xingrg/kc/buy/cgsh_order_operate.html HTTP/1.1" 200 8245
180.174.56.115 - - [14/Dec/2020:09:29:46 +0800] "GET /xingrg/all/common/auto_word.html?type=employee&rest_code=00150 HTTP/1.1" 200 205
180.174.56.115 - - [14/Dec/2020:09:29:46 +0800] "GET /xingrg/all/common/auto_word.html?type=employee&rest_code=00150 HTTP/1.1" 200 205
180.174.56.115 - - [14/Dec/2020:09:29:46 +0800] "GET /xingrg/javascript/easyui/themes/default/validatebox.css HTTP/1.1" 404 1104
114.86.227.138 - - [14/Dec/2020:09:29:47 +0800] "GET /xingrg/check_reg.html?_=1607909455593 HTTP/1.1" 200 22
114.86.227.138 - - [14/Dec/2020:09:29:47 +0800] "GET /xingrg/all/function/internal_message.html?_=1607909455593&CODE_STATE=getMsg HTTP/1.1" 200 27
180.152.104.37 - - [14/Dec/2020:09:29:50 +0800] "GET /xingrg/all/function/internal_message.html?_=1607909622080&CODE_STATE=getMsg HTTP/1.1" 200 27
116.228.172.94 - - [14/Dec/2020:09:29:52 +0800] "GET /xingrg/kc/buy/cgsh_order_operate.html?command=get_materiel&rest_code=00107&code=00101008323&supplier_code=00100006&order_time=2020-12-14 HTTP/1.1" 200 408
114.88.163.87 - - [14/Dec/2020:09:29:55 +0800] "GET /xingrg/all/function/internal_message.html?_=1607909387219&CODE_STATE=getMsg HTTP/1.1" 200 27
116.228.172.94 - - [14/Dec/2020:09:30:00 +0800] "GET /xingrg/check_reg.html?_=1607909399977 HTTP/1.1" 200 22
116.228.172.94 - - [14/Dec/2020:09:30:00 +0800] "GET /xingrg/all/function/internal_message.html?_=1607909400262&CODE_STATE=getMsg HTTP/1.1" 200 27
180.152.104.37 - - [14/Dec/2020:09:30:02 +0800] "GET /xingrg/kc/buy/cgsh_order_operate.html?command=get_materiel&rest_code=00102&code=00101007061&supplier_code=00100002&order_time=2020-12-14 HTTP/1.1" 200 409
222.69.136.203 - - [14/Dec/2020:09:30:03 +0800] "GET /xingrg/all/function/internal_message.html?_=1607909402066&CODE_STATE=getMsg HTTP/1.1" 200 27
172.17.0.108 - - [14/Dec/2020:09:30:09 +0800] "GET /xingrg/all/function/internal_message.html?_=1607909409164&CODE_STATE=getMsg HTTP/1.1" 200 27
180.174.56.115 - - [14/Dec/2020:09:30:13 +0800] "GET /xingrg/all/function/internal_message.html?_=1607909415946&CODE_STATE=getMsg HTTP/1.1" 200 27
