172.17.200.101 - - [14/Dec/2020:11:01:30 +0800] "GET /xingrg/javascript/jquery.form.js HTTP/1.1" 304 -
172.17.200.101 - - [14/Dec/2020:11:01:30 +0800] "GET /xingrg/javascript/jquery.utils.js HTTP/1.1" 304 -
172.17.200.101 - - [14/Dec/2020:11:01:30 +0800] "GET /xingrg/javascript/jquery.timers.js HTTP/1.1" 304 -
172.17.200.101 - - [14/Dec/2020:11:01:30 +0800] "GET /xingrg/images/blue/jxLogo.png HTTP/1.1" 304 -
172.17.200.101 - - [14/Dec/2020:11:01:30 +0800] "GET /xingrg/images/blue/navBackgound.jpg HTTP/1.1" 304 -
172.17.200.101 - - [14/Dec/2020:11:01:30 +0800] "GET /xingrg/javascript/jquery_easy_ui/themes/icons/settle_new.png HTTP/1.1" 304 -
172.17.200.101 - - [14/Dec/2020:11:01:30 +0800] "POST /xingrg/all/common/load_tree.html?tree=area_rest_tree_json&manage=1 HTTP/1.1" 200 3222
172.17.200.101 - - [14/Dec/2020:11:01:31 +0800] "GET /xingrg/all/function/internal_message.html?_=1607914890924&CODE_STATE=count HTTP/1.1" 200 11
172.17.200.101 - - [14/Dec/2020:11:01:31 +0800] "GET /xingrg/check_reg.html?_=1607914890926 HTTP/1.1" 200 22
172.17.200.101 - - [14/Dec/2020:11:01:31 +0800] "GET /xingrg/javascript/jquery_easy_ui/themes/default/images/panel_tool_collapse.gif HTTP/1.1" 304 -
172.17.200.101 - - [14/Dec/2020:11:01:31 +0800] "GET /xingrg/javascript/jquery_easy_ui/themes/default/images/tabs_rightarrow.png HTTP/1.1" 304 -
172.17.200.101 - - [14/Dec/2020:11:01:31 +0800] "GET /xingrg/javascript/jquery_easy_ui/themes/default/images/tabs_leftarrow.png HTTP/1.1" 304 -
172.17.200.101 - - [14/Dec/2020:11:01:31 +0800] "GET /xingrg/images/blue/pingpu.png HTTP/1.1" 304 -
172.17.200.101 - - [14/Dec/2020:11:01:31 +0800] "GET /xingrg/javascript/jquery_easy_ui/themes/default/images/panel_tool_expand.gif HTTP/1.1" 304 -
172.17.200.101 - - [14/Dec/2020:11:01:31 +0800] "POST /xingrg/load_menu.html HTTP/1.1" 200 9924
101.85.93.83 - - [14/Dec/2020:11:01:31 +0800] "GET /xingrg/all/function/internal_message.html?_=1607914595882&CODE_STATE=getMsg HTTP/1.1" 200 27
180.174.56.115 - - [14/Dec/2020:11:01:31 +0800] "GET /xingrg/all/function/internal_message.html?_=1607914894172&CODE_STATE=getMsg HTTP/1.1" 200 27
180.174.56.115 - - [14/Dec/2020:11:01:32 +0800] "GET /xingrg/kc/buy/cgsh_order_add.html HTTP/1.1" 200 60826
180.174.56.115 - - [14/Dec/2020:11:01:33 +0800] "GET /xingrg/javascript/easyui/themes/default/validatebox.css HTTP/1.1" 404 1104
180.174.56.115 - - [14/Dec/2020:11:01:33 +0800] "POST /xingrg/kc/buy/cgsh_order_operate.html HTTP/1.1" 200 8245
172.17.0.120 - - [14/Dec/2020:11:01:33 +0800] "GET /xingrg/all/function/internal_message.html?_=1607915428614&CODE_STATE=getMsg HTTP/1.1" 200 27
172.17.200.101 - - [14/Dec/2020:11:01:34 +0800] "GET /xingrg/kc/buy/cgsh_order_list.html HTTP/1.1" 200 45400
172.17.200.101 - - [14/Dec/2020:11:01:35 +0800] "POST /xingrg/kc/buy/cgsh_list_operate.html HTTP/1.1" 200 876
180.152.104.37 - - [14/Dec/2020:11:01:36 +0800] "POST /xingrg/kc/buy/cgsh_list_operate.html HTTP/1.1" 200 5751
180.152.104.37 - - [14/Dec/2020:11:01:37 +0800] "GET /xingrg/check_reg.html?_=1607915128935 HTTP/1.1" 200 22
114.84.32.187 - - [14/Dec/2020:11:01:38 +0800] "GET /xingrg/kc/buy/cgsh_order_add.html HTTP/1.1" 200 60908
180.157.253.48 - - [14/Dec/2020:11:01:39 +0800] "GET /xingrg/kc/buy/cgsh_order_operate.html?command=get_materiel&rest_code=00148&code=00101011005&supplier_code=00100036&order_time=2020-12-14 HTTP/1.1" 200 429
172.17.200.101 - - [14/Dec/2020:11:01:39 +0800] "POST /xingrg/kc/buy/cgsh_list_operate.html HTTP/1.1" 200 5924
114.84.32.187 - - [14/Dec/2020:11:01:39 +0800] "GET /xingrg/javascript/easyui/themes/default/validatebox.css HTTP/1.1" 404 1104
114.84.32.187 - - [14/Dec/2020:11:01:39 +0800] "POST /xingrg/kc/buy/cgsh_order_operate.html HTTP/1.1" 200 8245
114.84.32.187 - - [14/Dec/2020:11:01:40 +0800] "GET /xingrg/all/function/internal_message.html?_=1607914932867&CODE_STATE=getMsg HTTP/1.1" 200 27
114.88.159.147 - - [14/Dec/2020:11:01:40 +0800] "GET /xingrg/all/function/internal_message.html?_=1607914470719&CODE_STATE=getMsg HTTP/1.1" 200 27
117.184.7.26 - - [14/Dec/2020:11:01:40 +0800] "GET /xingrg/all/function/internal_message.html?_=1607914899728&CODE_STATE=getMsg HTTP/1.1" 200 27
180.174.56.115 - - [14/Dec/2020:11:01:40 +0800] "GET /xingrg/all/function/internal_message.html?_=1607914863512&CODE_STATE=getMsg HTTP/1.1" 200 27
180.152.104.37 - - [14/Dec/2020:11:01:41 +0800] "GET /xingrg/all/function/internal_message.html?_=1607915133066&CODE_STATE=getMsg HTTP/1.1" 200 27
117.185.32.26 - - [14/Dec/2020:11:01:41 +0800] "GET /xingrg/all/function/internal_message.html?_=1607915358462&CODE_STATE=getMsg HTTP/1.1" 200 27
180.174.56.115 - - [14/Dec/2020:11:01:41 +0800] "GET /xingrg/kc/buy/cgsh_order_operate.html?command=get_materiel&rest_code=00150&code=00101019502&supplier_code=00100344&order_time=2020-12-14 HTTP/1.1" 200 408
180.157.253.48 - - [14/Dec/2020:11:01:43 +0800] "GET /xingrg/all/function/internal_message.html?_=1607914904877&CODE_STATE=getMsg HTTP/1.1" 200 27
180.152.104.37 - - [14/Dec/2020:11:01:44 +0800] "GET /xingrg/kc/buy/cgsh_order_add.html HTTP/1.1" 200 60861
172.17.200.101 - - [14/Dec/2020:11:01:45 +0800] "POST /xingrg/kc/buy/cgsh_list_operate.html HTTP/1.1" 200 284
117.185.32.26 - - [14/Dec/2020:11:01:45 +0800] "GET /xingrg/all/function/internal_message.html?_=1607914901420&CODE_STATE=getMsg HTTP/1.1" 200 27
114.84.32.187 - - [14/Dec/2020:11:01:45 +0800] "GET /xingrg/all/function/internal_message.html?_=1607914905675&CODE_STATE=getMsg HTTP/1.1" 200 27
180.152.104.37 - - [14/Dec/2020:11:01:45 +0800] "POST /xingrg/kc/buy/cgsh_order_operate.html HTTP/1.1" 200 8245
180.152.104.37 - - [14/Dec/2020:11:01:46 +0800] "GET /xingrg/javascript/easyui/themes/default/validatebox.css HTTP/1.1" 404 1104
180.152.104.37 - - [14/Dec/2020:11:01:46 +0800] "GET /xingrg/javascript/easyui/themes/default/tree.css HTTP/1.1" 404 1090
180.152.104.37 - - [14/Dec/2020:11:01:47 +0800] "POST /xingrg/all/common/load_tree.html?tree=supplier_tree_json&isDelete=1 HTTP/1.1" 200 52465
180.174.56.115 - - [14/Dec/2020:11:01:48 +0800] "POST /xingrg/kc/buy/cgsh_order_operate.html HTTP/1.1" 200 37
180.157.253.48 - - [14/Dec/2020:11:01:49 +0800] "GET /xingrg/kc/buy/cgsh_order_operate.html?command=get_materiel&rest_code=00148&code=00101001010&supplier_code=00100036&order_time=2020-12-14 HTTP/1.1" 200 410
180.174.56.115 - - [14/Dec/2020:11:01:52 +0800] "POST /xingrg/kc/buy/cgsh_order_operate.html HTTP/1.1" 200 12
172.17.200.101 - - [14/Dec/2020:11:01:52 +0800] "GET /xingrg/kc/buy/cgsh_order_info.html?code=212020121405442 HTTP/1.1" 200 56036
172.17.200.101 - - [14/Dec/2020:11:01:52 +0800] "GET /xingrg/javascript/easyui/themes/default/validatebox.css HTTP/1.1" 404 1104
172.17.200.101 - - [14/Dec/2020:11:01:53 +0800] "POST /xingrg/kc/buy/cgsh_order_operate.html HTTP/1.1" 200 1213
180.174.56.115 - - [14/Dec/2020:11:01:53 +0800] "GET /xingrg/kc/buy/cgsh_order_info.html?code=212020121405502 HTTP/1.1" 200 55733
180.174.56.115 - - [14/Dec/2020:11:01:54 +0800] "GET /xingrg/javascript/easyui/themes/default/validatebox.css HTTP/1.1" 404 1104
114.88.159.147 - - [14/Dec/2020:11:01:55 +0800] "POST /xingrg/kc/buy/cgsh_order_operate.html HTTP/1.1" 200 37
114.84.32.187 - - [14/Dec/2020:11:01:55 +0800] "GET /xingrg/kc/buy/cgsh_order_operate.html?command=get_materiel&rest_code=00146&code=00101010327&supplier_code=00100327&order_time=2020-12-14 HTTP/1.1" 200 403
180.174.56.115 - - [14/Dec/2020:11:01:55 +0800] "POST /xingrg/kc/buy/cgsh_order_operate.html HTTP/1.1" 200 601
114.86.227.138 - - [14/Dec/2020:11:01:56 +0800] "GET /xingrg/all/function/internal_message.html?_=1607914937409&CODE_STATE=getMsg HTTP/1.1" 200 27
172.17.200.101 - - [14/Dec/2020:11:01:56 +0800] "POST /xingrg/kc/buy/cgsh_order_operate.html HTTP/1.1" 200 12
180.174.56.115 - - [14/Dec/2020:11:01:57 +0800] "GET /xingrg/kc/print/load_data.html?order_code=212020121405502&kc_code=cgsh&condition= HTTP/1.1" 200 704
117.131.5.26 - - [14/Dec/2020:11:01:57 +0800] "GET /xingrg/all/function/internal_message.html?_=1607915243804&CODE_STATE=getMsg HTTP/1.1" 200 27
172.17.200.101 - - [14/Dec/2020:11:01:57 +0800] "GET /xingrg/kc/buy/cgsh_order_info.html?code=212020121405442 HTTP/1.1" 200 60880
172.17.200.101 - - [14/Dec/2020:11:01:57 +0800] "GET /xingrg/all/common/auto_word.html?type=employee&rest_code=00106 HTTP/1.1" 200 205
172.17.200.101 - - [14/Dec/2020:11:01:57 +0800] "GET /xingrg/javascript/easyui/themes/default/validatebox.css HTTP/1.1" 404 1104
172.17.200.101 - - [14/Dec/2020:11:01:57 +0800] "GET /xingrg/all/common/auto_word.html?type=employee&rest_code=00106 HTTP/1.1" 200 205
117.184.7.26 - - [14/Dec/2020:11:01:57 +0800] "POST /xingrg/kc/buy/cgsh_order_operate.html HTTP/1.1" 200 37
180.157.253.48 - - [14/Dec/2020:11:01:57 +0800] "GET /xingrg/javascript/easyui/themes/default/images/button_plain_hover.png HTTP/1.1" 304 -
180.157.253.48 - - [14/Dec/2020:11:01:57 +0800] "GET /xingrg/javascript/easyui/themes/default/images/button_plain_hover.png HTTP/1.1" 304 -
172.17.200.101 - - [14/Dec/2020:11:01:58 +0800] "POST /xingrg/kc/buy/cgsh_order_operate.html HTTP/1.1" 200 3263
114.88.159.147 - - [14/Dec/2020:11:01:58 +0800] "POST /xingrg/kc/buy/cgsh_order_operate.html HTTP/1.1" 200 12
116.228.172.94 - - [14/Dec/2020:11:01:59 +0800] "GET /xingrg/all/function/internal_message.html?_=1607914919162&CODE_STATE=getMsg HTTP/1.1" 200 27
180.157.253.48 - - [14/Dec/2020:11:02:00 +0800] "POST /xingrg/kc/buy/cgsh_order_operate.html HTTP/1.1" 200 37
117.184.7.26 - - [14/Dec/2020:11:02:00 +0800] "POST /xingrg/kc/buy/cgsh_order_operate.html HTTP/1.1" 200 44036
114.88.159.147 - - [14/Dec/2020:11:02:00 +0800] "GET /xingrg/kc/buy/cgsh_order_info.html?code=212020121405503 HTTP/1.1" 200 55815
114.88.159.147 - - [14/Dec/2020:11:02:00 +0800] "GET /xingrg/javascript/easyui/themes/default/validatebox.css HTTP/1.1" 404 1104
180.157.253.48 - - [14/Dec/2020:11:02:00 +0800] "POST /xingrg/kc/buy/cgsh_order_operate.html HTTP/1.1" 200 5014
114.88.159.147 - - [14/Dec/2020:11:02:01 +0800] "POST /xingrg/kc/buy/cgsh_order_operate.html HTTP/1.1" 200 610
180.174.56.115 - - [14/Dec/2020:11:02:01 +0800] "GET /xingrg/kc/buy/cgsh_order_add.html HTTP/1.1" 200 60826
180.174.56.115 - - [14/Dec/2020:11:02:01 +0800] "POST /xingrg/kc/buy/cgsh_order_operate.html HTTP/1.1" 200 8245
180.174.56.115 - - [14/Dec/2020:11:02:01 +0800] "GET /xingrg/javascript/easyui/themes/default/validatebox.css HTTP/1.1" 404 1104
114.88.159.147 - - [14/Dec/2020:11:02:02 +0800] "GET /xingrg/kc/print/load_data.html?order_code=212020121405503&kc_code=cgsh HTTP/1.1" 200 720
222.69.136.203 - - [14/Dec/2020:11:02:03 +0800] "GET /xingrg/check_reg.html?_=1607914922204 HTTP/1.1" 200 22
222.69.136.203 - - [14/Dec/2020:11:02:03 +0800] "GET /xingrg/all/function/internal_message.html?_=1607914922205&CODE_STATE=getMsg HTTP/1.1" 200 27
114.84.4.90 - - [14/Dec/2020:11:02:05 +0800] "GET /xingrg/all/function/internal_message.html?_=1607914917526&CODE_STATE=getMsg HTTP/1.1" 200 27
180.157.253.48 - - [14/Dec/2020:11:02:05 +0800] "GET /xingrg/javascript/easyui/themes/default/images/button_plain_hover.png HTTP/1.1" 304 -
180.157.253.48 - - [14/Dec/2020:11:02:05 +0800] "GET /xingrg/javascript/easyui/themes/default/images/button_plain_hover.png HTTP/1.1" 304 -
114.88.159.147 - - [14/Dec/2020:11:02:05 +0800] "GET /xingrg/kc/print/load_data.html?order_code=212020121405503&kc_code=cgsh&condition= HTTP/1.1" 200 720
180.157.253.48 - - [14/Dec/2020:11:02:05 +0800] "GET /xingrg/javascript/jquery_tools/datebox.css HTTP/1.1" 304 -
180.157.253.48 - - [14/Dec/2020:11:02:05 +0800] "GET /xingrg/javascript/easyui/themes/default/easyui.css HTTP/1.1" 304 -
180.157.253.48 - - [14/Dec/2020:11:02:05 +0800] "GET /xingrg/javascript/easyui/themes/icon.css HTTP/1.1" 304 -
180.157.253.48 - - [14/Dec/2020:11:02:05 +0800] "GET /xingrg/javascript/jquery_tools/fix.css HTTP/1.1" 304 -
180.157.253.48 - - [14/Dec/2020:11:02:05 +0800] "GET /xingrg/javascript/auto/jquery.autocomplete.css HTTP/1.1" 304 -
180.157.253.48 - - [14/Dec/2020:11:02:05 +0800] "GET /xingrg/javascript/jquery_tools/jquery.tools.hotkey.js HTTP/1.1" 304 -
180.157.253.48 - - [14/Dec/2020:11:02:05 +0800] "GET /xingrg/javascript/jquery_tools/jquery.tools.table.js HTTP/1.1" 304 -
180.157.253.48 - - [14/Dec/2020:11:02:05 +0800] "GET /xingrg/javascript/auto/jquery.autocomplete.js HTTP/1.1" 304 -
180.157.253.48 - - [14/Dec/2020:11:02:05 +0800] "GET /xingrg/javascript/jquery.utils.js HTTP/1.1" 304 -
180.157.253.48 - - [14/Dec/2020:11:02:05 +0800] "GET /xingrg/javascript/easyui/easyloader.js HTTP/1.1" 304 -
180.157.253.48 - - [14/Dec/2020:11:02:05 +0800] "GET /xingrg/javascript/jquery_tools/table.css HTTP/1.1" 304 -
180.157.253.48 - - [14/Dec/2020:11:02:05 +0800] "GET /xingrg/javascript/jquery_tools/order_manager.js HTTP/1.1" 304 -
180.157.253.48 - - [14/Dec/2020:11:02:05 +0800] "GET /xingrg/javascript/convert.js HTTP/1.1" 304 -
180.157.253.48 - - [14/Dec/2020:11:02:05 +0800] "GET /xingrg/kc/buy/cgsh_order_add.html HTTP/1.1" 200 60902
180.157.253.48 - - [14/Dec/2020:11:02:05 +0800] "GET /xingrg/javascript/pic_change.js HTTP/1.1" 304 -
180.157.253.48 - - [14/Dec/2020:11:02:05 +0800] "GET /xingrg/javascript/json2.js HTTP/1.1" 304 -
180.157.253.48 - - [14/Dec/2020:11:02:05 +0800] "GET /xingrg/javascript/print/kc_print.js HTTP/1.1" 304 -
180.157.253.48 - - [14/Dec/2020:11:02:05 +0800] "GET /xingrg/javascript/jquery.cookie.js HTTP/1.1" 304 -
180.157.253.48 - - [14/Dec/2020:11:02:05 +0800] "GET /xingrg/javascript/jquery_tools/jquery.tools.min.js HTTP/1.1" 304 -
180.157.253.48 - - [14/Dec/2020:11:02:05 +0800] "GET /xingrg/javascript/jquery_tools/jquery.tools.extend.js HTTP/1.1" 304 -
180.157.253.48 - - [14/Dec/2020:11:02:05 +0800] "GET /xingrg/javascript/print/LodopFuncs.js HTTP/1.1" 304 -
180.157.253.48 - - [14/Dec/2020:11:02:05 +0800] "GET /xingrg/css/base.css HTTP/1.1" 304 -
180.157.253.48 - - [14/Dec/2020:11:02:05 +0800] "GET /xingrg/css/site.css HTTP/1.1" 304 -
180.157.253.48 - - [14/Dec/2020:11:02:05 +0800] "GET /xingrg/words/20201212095936_words.js HTTP/1.1" 304 -
180.157.253.48 - - [14/Dec/2020:11:02:05 +0800] "GET /xingrg/javascript/easyui/themes/icons/template_new.png HTTP/1.1" 304 -
180.157.253.48 - - [14/Dec/2020:11:02:05 +0800] "GET /xingrg/javascript/easyui/themes/icons/copy_new.png HTTP/1.1" 304 -
180.157.253.48 - - [14/Dec/2020:11:02:05 +0800] "GET /xingrg/javascript/easyui/themes/icons/ok.png HTTP/1.1" 304 -
180.157.253.48 - - [14/Dec/2020:11:02:05 +0800] "GET /xingrg/javascript/easyui/themes/icons/print.png HTTP/1.1" 304 -
180.157.253.48 - - [14/Dec/2020:11:02:05 +0800] "GET /xingrg/javascript/easyui/themes/icons/cancel.png HTTP/1.1" 304 -
180.157.253.48 - - [14/Dec/2020:11:02:05 +0800] "GET /xingrg/javascript/easyui/themes/default/images/menu_downarrow.png HTTP/1.1" 304 -
180.157.253.48 - - [14/Dec/2020:11:02:05 +0800] "GET /xingrg/javascript/easyui/plugins/jquery.parser.js HTTP/1.1" 304 -
180.157.253.48 - - [14/Dec/2020:11:02:05 +0800] "POST /xingrg/kc/buy/cgsh_order_operate.html HTTP/1.1" 200 8245
180.157.253.48 - - [14/Dec/2020:11:02:06 +0800] "GET /xingrg/javascript/easyui/themes/default/images/button_plain_hover.png HTTP/1.1" 304 -
180.157.253.48 - - [14/Dec/2020:11:02:06 +0800] "GET /xingrg/all/common/auto_word.html?type=employee&rest_code=00148 HTTP/1.1" 200 197
180.157.253.48 - - [14/Dec/2020:11:02:06 +0800] "GET /xingrg/all/common/auto_word.html?type=employee&rest_code=00148 HTTP/1.1" 200 197
180.157.253.48 - - [14/Dec/2020:11:02:06 +0800] "GET /xingrg/javascript/easyui/themes/default/images/button_plain_hover.png HTTP/1.1" 304 -
180.157.253.48 - - [14/Dec/2020:11:02:06 +0800] "GET /xingrg/javascript/easyui/themes/default/validatebox.css HTTP/1.1" 404 1104
180.157.253.48 - - [14/Dec/2020:11:02:06 +0800] "GET /xingrg/javascript/easyui/plugins/jquery.validatebox.js HTTP/1.1" 304 -
180.157.253.48 - - [14/Dec/2020:11:02:06 +0800] "GET /xingrg/javascript/easyui/plugins/jquery.numberbox.js HTTP/1.1" 304 -
114.88.163.87 - - [14/Dec/2020:11:02:06 +0800] "GET /xingrg/all/function/internal_message.html?_=1607915061217&CODE_STATE=getMsg HTTP/1.1" 200 27
114.88.163.87 - - [14/Dec/2020:11:02:06 +0800] "GET /xingrg/check_reg.html?_=1607915061219 HTTP/1.1" 200 22
172.17.0.102 - - [14/Dec/2020:11:02:08 +0800] "GET /xingrg/all/function/internal_message.html?_=1607914929562&CODE_STATE=getMsg HTTP/1.1" 200 27
172.17.0.108 - - [14/Dec/2020:11:02:09 +0800] "GET /xingrg/check_reg.html?_=1607914929164 HTTP/1.1" 200 22
172.17.0.108 - - [14/Dec/2020:11:02:09 +0800] "GET /xingrg/all/function/internal_message.html?_=1607914929180&CODE_STATE=getMsg HTTP/1.1" 200 27
180.174.56.115 - - [14/Dec/2020:11:02:10 +0800] "GET /xingrg/kc/buy/cgsh_order_operate.html?command=get_materiel&rest_code=00150&code=00101004046&supplier_code=00100312&order_time=2020-12-14 HTTP/1.1" 200 417
180.162.108.15 - - [14/Dec/2020:11:02:11 +0800] "GET /xingrg/all/function/internal_message.html?_=1607914835043&CODE_STATE=getMsg HTTP/1.1" 200 27
114.88.163.87 - - [14/Dec/2020:11:02:12 +0800] "GET /xingrg/kc/buy/cgsh_order_add.html HTTP/1.1" 200 60902
114.88.163.87 - - [14/Dec/2020:11:02:12 +0800] "POST /xingrg/kc/buy/cgsh_order_operate.html HTTP/1.1" 200 8245
114.88.163.87 - - [14/Dec/2020:11:02:12 +0800] "GET /xingrg/javascript/easyui/themes/default/validatebox.css HTTP/1.1" 404 1104
114.84.32.187 - - [14/Dec/2020:11:02:18 +0800] "GET /xingrg/kc/buy/cgsh_order_operate.html?command=get_materiel&rest_code=00146&code=00101008171&supplier_code=00100327&order_time=2020-12-14 HTTP/1.1" 200 421
114.88.159.147 - - [14/Dec/2020:11:02:19 +0800] "GET /xingrg/kc/buy/cgsh_order_add.html HTTP/1.1" 200 60908
114.88.159.147 - - [14/Dec/2020:11:02:20 +0800] "GET /xingrg/javascript/easyui/themes/default/validatebox.css HTTP/1.1" 404 1104
114.88.159.147 - - [14/Dec/2020:11:02:20 +0800] "POST /xingrg/kc/buy/cgsh_order_operate.html HTTP/1.1" 200 8245
222.69.133.109 - - [14/Dec/2020:11:02:21 +0800] "GET /xingrg/all/function/internal_message.html?_=1607914941595&CODE_STATE=getMsg HTTP/1.1" 200 27
180.174.56.115 - - [14/Dec/2020:11:02:21 +0800] "GET /xingrg/kc/buy/cgsh_order_operate.html?command=get_materiel&rest_code=00150&code=00101004067&supplier_code=00100312&order_time=2020-12-14 HTTP/1.1" 200 413
114.88.163.87 - - [14/Dec/2020:11:02:25 +0800] "GET /xingrg/kc/buy/cgsh_order_operate.html?command=get_materiel&rest_code=00111&code=00101012046&supplier_code=00100347&order_time=2020-12-14 HTTP/1.1" 200 417
180.162.223.42 - - [14/Dec/2020:11:02:25 +0800] "GET /xingrg/all/function/internal_message.html?_=1607914946219&CODE_STATE=getMsg HTTP/1.1" 200 27
180.174.56.115 - - [14/Dec/2020:11:02:26 +0800] "GET /xingrg/kc/buy/cgsh_order_operate.html?command=get_materiel&rest_code=00150&code=00101001029&supplier_code=00100312&order_time=2020-12-14 HTTP/1.1" 200 415
180.152.104.37 - - [14/Dec/2020:11:02:28 +0800] "POST /xingrg/services/DataTransmitService HTTP/1.1" 200 524
124.77.237.88 - - [14/Dec/2020:11:02:29 +0800] "GET /xingrg/all/function/internal_message.html?_=1607914948214&CODE_STATE=getMsg HTTP/1.1" 200 27
180.152.104.37 - - [14/Dec/2020:11:02:29 +0800] "POST /xingrg/services/DataTransmitService HTTP/1.1" 200 412
114.84.32.187 - - [14/Dec/2020:11:02:30 +0800] "POST /xingrg/kc/buy/cgsh_order_operate.html HTTP/1.1" 200 37
172.17.200.101 - - [14/Dec/2020:11:02:31 +0800] "GET /xingrg/all/function/internal_message.html?_=1607914950937&CODE_STATE=getMsg HTTP/1.1" 200 27
101.85.93.83 - - [14/Dec/2020:11:02:31 +0800] "GET /xingrg/all/function/internal_message.html?_=1607914655884&CODE_STATE=getMsg HTTP/1.1" 200 27
180.174.56.115 - - [14/Dec/2020:11:02:31 +0800] "GET /xingrg/all/function/internal_message.html?_=1607914954163&CODE_STATE=getMsg HTTP/1.1" 200 27
114.84.32.187 - - [14/Dec/2020:11:02:32 +0800] "POST /xingrg/kc/buy/cgsh_order_operate.html HTTP/1.1" 200 3261
114.88.163.87 - - [14/Dec/2020:11:02:32 +0800] "GET /xingrg/kc/buy/cgsh_order_operate.html?command=get_materiel&rest_code=00111&code=00102002167&supplier_code=00100347&order_time=2020-12-14 HTTP/1.1" 200 409
172.17.0.120 - - [14/Dec/2020:11:02:33 +0800] "GET /xingrg/all/function/internal_message.html?_=1607915488618&CODE_STATE=getMsg HTTP/1.1" 200 27
172.17.0.120 - - [14/Dec/2020:11:02:33 +0800] "GET /xingrg/check_reg.html?_=1607915488623 HTTP/1.1" 200 22
114.88.159.147 - - [14/Dec/2020:11:02:34 +0800] "GET /xingrg/kc/buy/cgsh_order_operate.html?command=get_materiel&rest_code=00141&code=00101006150&supplier_code=00100323&order_time=2020-12-14 HTTP/1.1" 200 413
180.174.56.115 - - [14/Dec/2020:11:02:36 +0800] "POST /xingrg/kc/buy/cgsh_order_operate.html HTTP/1.1" 200 37
114.84.32.187 - - [14/Dec/2020:11:02:36 +0800] "GET /xingrg/kc/print/load_data.html?order_code=212020121405505&kc_code=cgsh&condition= HTTP/1.1" 200 916
180.174.56.115 - - [14/Dec/2020:11:02:39 +0800] "POST /xingrg/kc/buy/cgsh_order_operate.html HTTP/1.1" 200 12
180.174.56.115 - - [14/Dec/2020:11:02:39 +0800] "GET /xingrg/kc/buy/cgsh_order_info.html?code=212020121405506 HTTP/1.1" 200 55733
114.84.32.187 - - [14/Dec/2020:11:02:40 +0800] "GET /xingrg/all/function/internal_message.html?_=1607914992907&CODE_STATE=getMsg HTTP/1.1" 200 27
114.88.159.147 - - [14/Dec/2020:11:02:40 +0800] "GET /xingrg/all/function/internal_message.html?_=1607914530708&CODE_STATE=getMsg HTTP/1.1" 200 27
180.174.56.115 - - [14/Dec/2020:11:02:40 +0800] "GET /xingrg/javascript/easyui/themes/default/validatebox.css HTTP/1.1" 404 1104
180.174.56.115 - - [14/Dec/2020:11:02:40 +0800] "GET /xingrg/all/function/internal_message.html?_=1607914923567&CODE_STATE=getMsg HTTP/1.1" 200 27
114.88.163.87 - - [14/Dec/2020:11:02:40 +0800] "GET /xingrg/kc/buy/cgsh_order_operate.html?command=get_materiel&rest_code=00111&code=00101008469&supplier_code=00100347&order_time=2020-12-14 HTTP/1.1" 200 398
117.184.7.26 - - [14/Dec/2020:11:02:40 +0800] "GET /xingrg/all/function/internal_message.html?_=1607914959720&CODE_STATE=getMsg HTTP/1.1" 200 27
180.174.56.115 - - [14/Dec/2020:11:02:40 +0800] "POST /xingrg/kc/buy/cgsh_order_operate.html HTTP/1.1" 200 1806
117.185.32.26 - - [14/Dec/2020:11:02:41 +0800] "GET /xingrg/all/function/internal_message.html?_=1607915418385&CODE_STATE=getMsg HTTP/1.1" 200 27
180.152.104.37 - - [14/Dec/2020:11:02:41 +0800] "GET /xingrg/all/function/internal_message.html?_=1607915193849&CODE_STATE=getMsg HTTP/1.1" 200 27
180.157.253.48 - - [14/Dec/2020:11:02:43 +0800] "GET /xingrg/check_reg.html?_=1607914964769 HTTP/1.1" 200 22
180.157.253.48 - - [14/Dec/2020:11:02:43 +0800] "GET /xingrg/all/function/internal_message.html?_=1607914964892&CODE_STATE=getMsg HTTP/1.1" 200 27
180.174.56.115 - - [14/Dec/2020:11:02:44 +0800] "GET /xingrg/kc/print/load_data.html?order_code=212020121405506&kc_code=cgsh&condition= HTTP/1.1" 200 1177
117.185.32.26 - - [14/Dec/2020:11:02:45 +0800] "GET /xingrg/all/function/internal_message.html?_=1607914961397&CODE_STATE=getMsg HTTP/1.1" 200 27
114.84.32.187 - - [14/Dec/2020:11:02:45 +0800] "GET /xingrg/all/function/internal_message.html?_=1607914965677&CODE_STATE=getMsg HTTP/1.1" 200 27
114.84.32.187 - - [14/Dec/2020:11:02:46 +0800] "GET /xingrg/kc/buy/cgsh_order_add.html HTTP/1.1" 200 60908
114.88.159.147 - - [14/Dec/2020:11:02:47 +0800] "GET /xingrg/kc/buy/cgsh_order_operate.html?command=get_materiel&rest_code=00141&code=00101016081&supplier_code=00100323&order_time=2020-12-14 HTTP/1.1" 200 447
114.84.32.187 - - [14/Dec/2020:11:02:47 +0800] "GET /xingrg/javascript/easyui/themes/default/validatebox.css HTTP/1.1" 404 1104
114.84.32.187 - - [14/Dec/2020:11:02:48 +0800] "POST /xingrg/kc/buy/cgsh_order_operate.html HTTP/1.1" 200 8245
180.174.56.115 - - [14/Dec/2020:11:02:48 +0800] "GET /xingrg/kc/buy/cgsh_order_add.html HTTP/1.1" 200 60826
114.84.4.90 - - [14/Dec/2020:11:02:49 +0800] "GET /xingrg/javascript/multi_select/dropdown_active.gif HTTP/1.1" 200 61
180.174.56.115 - - [14/Dec/2020:11:02:49 +0800] "GET /xingrg/javascript/easyui/themes/default/validatebox.css HTTP/1.1" 404 1104
180.174.56.115 - - [14/Dec/2020:11:02:49 +0800] "POST /xingrg/kc/buy/cgsh_order_operate.html HTTP/1.1" 200 8245
117.184.7.26 - - [14/Dec/2020:11:02:51 +0800] "POST /xingrg/kc/buy/cgsh_order_operate.html HTTP/1.1" 200 37
114.88.159.147 - - [14/Dec/2020:11:02:53 +0800] "GET /xingrg/kc/buy/cgsh_order_operate.html?command=get_materiel&rest_code=00141&code=00101001213&supplier_code=00100323&order_time=2020-12-14 HTTP/1.1" 200 442
114.86.227.138 - - [14/Dec/2020:11:02:55 +0800] "GET /xingrg/all/function/internal_message.html?_=1607914997405&CODE_STATE=getMsg HTTP/1.1" 200 27
180.174.56.115 - - [14/Dec/2020:11:02:56 +0800] "GET /xingrg/kc/buy/cgsh_order_operate.html?command=get_materiel&rest_code=00150&code=00101010079&supplier_code=00100336&order_time=2020-12-14 HTTP/1.1" 200 413
117.131.5.26 - - [14/Dec/2020:11:02:57 +0800] "GET /xingrg/all/function/internal_message.html?_=1607915303827&CODE_STATE=getMsg HTTP/1.1" 200 27
116.228.172.94 - - [14/Dec/2020:11:02:59 +0800] "GET /xingrg/all/function/internal_message.html?_=1607914979146&CODE_STATE=getMsg HTTP/1.1" 200 27
114.84.32.187 - - [14/Dec/2020:11:03:00 +0800] "GET /xingrg/kc/buy/cgsh_order_operate.html?command=get_materiel&rest_code=00146&code=00101001140&supplier_code=00100090&order_time=2020-12-14 HTTP/1.1" 200 415
117.185.32.26 - - [14/Dec/2020:11:03:02 +0800] "GET /xingrg/kc/buy/buy_main.html HTTP/1.1" 200 12412
117.185.32.26 - - [14/Dec/2020:11:03:02 +0800] "GET /xingrg/css/new_ie.css HTTP/1.1" 404 1036
114.88.159.147 - - [14/Dec/2020:11:03:02 +0800] "GET /xingrg/kc/buy/cgsh_order_operate.html?command=get_materiel&rest_code=00141&code=00101013176&supplier_code=00100323&order_time=2020-12-14 HTTP/1.1" 200 420
117.185.32.26 - - [14/Dec/2020:11:03:02 +0800] "GET /xingrg/images/yd/bt.gif HTTP/1.1" 404 1040
222.69.136.203 - - [14/Dec/2020:11:03:03 +0800] "GET /xingrg/all/function/internal_message.html?_=1607914982205&CODE_STATE=getMsg HTTP/1.1" 200 27
180.174.56.115 - - [14/Dec/2020:11:03:04 +0800] "POST /xingrg/kc/buy/cgsh_order_operate.html HTTP/1.1" 200 37
114.84.4.90 - - [14/Dec/2020:11:03:05 +0800] "GET /xingrg/all/function/internal_message.html?_=1607914977523&CODE_STATE=getMsg HTTP/1.1" 200 27
117.185.32.26 - - [14/Dec/2020:11:03:05 +0800] "GET /xingrg/kc/buy/cgsh_order_list.html HTTP/1.1" 200 45165
114.88.163.87 - - [14/Dec/2020:11:03:06 +0800] "GET /xingrg/all/function/internal_message.html?_=1607915121226&CODE_STATE=getMsg HTTP/1.1" 200 27
180.174.56.115 - - [14/Dec/2020:11:03:06 +0800] "POST /xingrg/kc/buy/cgsh_order_operate.html HTTP/1.1" 200 12
180.174.56.115 - - [14/Dec/2020:11:03:07 +0800] "GET /xingrg/kc/buy/cgsh_order_info.html?code=212020121405507 HTTP/1.1" 200 55729
180.174.56.115 - - [14/Dec/2020:11:03:07 +0800] "GET /xingrg/javascript/easyui/themes/default/validatebox.css HTTP/1.1" 404 1104
117.185.32.26 - - [14/Dec/2020:11:03:08 +0800] "POST /xingrg/kc/buy/cgsh_list_operate.html HTTP/1.1" 200 1694
180.174.56.115 - - [14/Dec/2020:11:03:08 +0800] "POST /xingrg/kc/buy/cgsh_order_operate.html HTTP/1.1" 200 607
172.17.0.102 - - [14/Dec/2020:11:03:08 +0800] "GET /xingrg/all/function/internal_message.html?_=1607914989567&CODE_STATE=getMsg HTTP/1.1" 200 27
172.17.0.108 - - [14/Dec/2020:11:03:09 +0800] "GET /xingrg/all/function/internal_message.html?_=1607914989171&CODE_STATE=getMsg HTTP/1.1" 200 27
180.174.56.115 - - [14/Dec/2020:11:03:09 +0800] "GET /xingrg/kc/print/load_data.html?order_code=212020121405507&kc_code=cgsh&condition= HTTP/1.1" 200 708
117.185.32.26 - - [14/Dec/2020:11:03:10 +0800] "POST /xingrg/kc/buy/cgsh_list_operate.html HTTP/1.1" 200 284
180.162.108.15 - - [14/Dec/2020:11:03:11 +0800] "GET /xingrg/check_reg.html?_=1607914895040 HTTP/1.1" 200 22
180.162.108.15 - - [14/Dec/2020:11:03:11 +0800] "GET /xingrg/all/function/internal_message.html?_=1607914895043&CODE_STATE=getMsg HTTP/1.1" 200 27
117.185.32.26 - - [14/Dec/2020:11:03:11 +0800] "GET /xingrg/kc/buy/cgsh_order_info.html?code=212020121405442 HTTP/1.1" 200 60915
117.185.32.26 - - [14/Dec/2020:11:03:11 +0800] "GET /xingrg/check_reg.html?_=1607915448992 HTTP/1.1" 200 22
117.185.32.26 - - [14/Dec/2020:11:03:12 +0800] "POST /xingrg/kc/buy/cgsh_order_operate.html HTTP/1.1" 200 3263
117.185.32.26 - - [14/Dec/2020:11:03:14 +0800] "GET /xingrg/javascript/easyui/themes/default/validatebox.css HTTP/1.1" 404 1104
180.157.253.48 - - [14/Dec/2020:11:03:14 +0800] "GET /xingrg/javascript/jquery_tools/jquery.tools.min.js HTTP/1.1" 304 -
180.157.253.48 - - [14/Dec/2020:11:03:14 +0800] "GET /xingrg/javascript/pic_change.js HTTP/1.1" 304 -
180.157.253.48 - - [14/Dec/2020:11:03:14 +0800] "GET /xingrg/javascript/jquery_tools/order_manager.js HTTP/1.1" 304 -
180.157.253.48 - - [14/Dec/2020:11:03:14 +0800] "GET /xingrg/javascript/json2.js HTTP/1.1" 304 -
180.157.253.48 - - [14/Dec/2020:11:03:14 +0800] "GET /xingrg/javascript/print/LodopFuncs.js HTTP/1.1" 304 -
180.157.253.48 - - [14/Dec/2020:11:03:14 +0800] "GET /xingrg/javascript/jquery_tools/jquery.tools.extend.js HTTP/1.1" 304 -
180.157.253.48 - - [14/Dec/2020:11:03:14 +0800] "GET /xingrg/javascript/print/kc_print.js HTTP/1.1" 304 -
180.157.253.48 - - [14/Dec/2020:11:03:14 +0800] "GET /xingrg/javascript/jquery_tools/jquery.tools.hotkey.js HTTP/1.1" 304 -
180.157.253.48 - - [14/Dec/2020:11:03:14 +0800] "GET /xingrg/javascript/easyui/plugins/jquery.parser.js HTTP/1.1" 304 -
180.157.253.48 - - [14/Dec/2020:11:03:14 +0800] "GET /xingrg/javascript/jquery_tools/jquery.tools.table.js HTTP/1.1" 304 -
180.157.253.48 - - [14/Dec/2020:11:03:14 +0800] "GET /xingrg/javascript/easyui/plugins/jquery.validatebox.js HTTP/1.1" 304 -
180.157.253.48 - - [14/Dec/2020:11:03:14 +0800] "GET /xingrg/javascript/auto/jquery.autocomplete.js HTTP/1.1" 304 -
180.157.253.48 - - [14/Dec/2020:11:03:14 +0800] "GET /xingrg/javascript/easyui/easyloader.js HTTP/1.1" 304 -
180.157.253.48 - - [14/Dec/2020:11:03:14 +0800] "GET /xingrg/javascript/jquery.utils.js HTTP/1.1" 304 -
180.157.253.48 - - [14/Dec/2020:11:03:14 +0800] "GET /xingrg/javascript/convert.js HTTP/1.1" 304 -
180.157.253.48 - - [14/Dec/2020:11:03:14 +0800] "GET /xingrg/javascript/jquery.cookie.js HTTP/1.1" 304 -
180.157.253.48 - - [14/Dec/2020:11:03:14 +0800] "GET /xingrg/javascript/easyui/plugins/jquery.numberbox.js HTTP/1.1" 304 -
180.157.253.48 - - [14/Dec/2020:11:03:14 +0800] "GET /xingrg/words/20201212095936_words.js HTTP/1.1" 304 -
114.84.32.187 - - [14/Dec/2020:11:03:16 +0800] "GET /xingrg/kc/buy/cgsh_order_operate.html?command=get_materiel&rest_code=00146&code=00101001049&supplier_code=00100090&order_time=2020-12-14 HTTP/1.1" 200 415
180.174.56.115 - - [14/Dec/2020:11:03:16 +0800] "GET /xingrg/kc/buy/cgsh_order_add.html HTTP/1.1" 200 60826
180.174.56.115 - - [14/Dec/2020:11:03:17 +0800] "POST /xingrg/kc/buy/cgsh_order_operate.html HTTP/1.1" 200 8245
180.174.56.115 - - [14/Dec/2020:11:03:17 +0800] "GET /xingrg/javascript/easyui/themes/default/validatebox.css HTTP/1.1" 404 1104
114.88.159.147 - - [14/Dec/2020:11:03:18 +0800] "GET /xingrg/kc/buy/cgsh_order_operate.html?command=get_materiel&rest_code=00141&code=00101012013&supplier_code=00100323&order_time=2020-12-14 HTTP/1.1" 200 412
222.69.133.109 - - [14/Dec/2020:11:03:21 +0800] "GET /xingrg/all/function/internal_message.html?_=1607915001565&CODE_STATE=getMsg HTTP/1.1" 200 27
180.157.253.48 - - [14/Dec/2020:11:03:23 +0800] "GET /xingrg/kc/buy/cgsh_order_operate.html?command=get_materiel&rest_code=00148&code=00101008146&supplier_code=00100347&order_time=2020-12-14 HTTP/1.1" 200 416
180.157.253.48 - - [14/Dec/2020:11:03:23 +0800] "GET /xingrg/javascript/easyui/themes/default/images/button_plain_hover.png HTTP/1.1" 304 -
180.174.56.115 - - [14/Dec/2020:11:03:24 +0800] "GET /xingrg/kc/buy/cgsh_order_operate.html?command=get_materiel&rest_code=00150&code=00101001140&supplier_code=00100319&order_time=2020-12-14 HTTP/1.1" 200 415
180.162.223.42 - - [14/Dec/2020:11:03:25 +0800] "GET /xingrg/all/function/internal_message.html?_=1607915006219&CODE_STATE=getMsg HTTP/1.1" 200 27
114.84.4.90 - - [14/Dec/2020:11:03:26 +0800] "POST /xingrg/services/DataTransmitService HTTP/1.1" 200 524
114.84.4.90 - - [14/Dec/2020:11:03:26 +0800] "POST /xingrg/services/DataTransmitService HTTP/1.1" 200 412
117.184.7.26 - - [14/Dec/2020:11:03:27 +0800] "POST /xingrg/kc/buy/cgsh_order_operate.html HTTP/1.1" 200 44622
124.77.237.88 - - [14/Dec/2020:11:03:29 +0800] "GET /xingrg/all/function/internal_message.html?_=1607915008214&CODE_STATE=getMsg HTTP/1.1" 200 27
172.17.200.101 - - [14/Dec/2020:11:03:31 +0800] "GET /xingrg/all/function/internal_message.html?_=1607915010941&CODE_STATE=getMsg HTTP/1.1" 200 27
101.85.93.83 - - [14/Dec/2020:11:03:31 +0800] "GET /xingrg/all/function/internal_message.html?_=1607914715873&CODE_STATE=getMsg HTTP/1.1" 200 27
180.174.56.115 - - [14/Dec/2020:11:03:31 +0800] "GET /xingrg/all/function/internal_message.html?_=1607915014230&CODE_STATE=getMsg HTTP/1.1" 200 27
114.88.159.147 - - [14/Dec/2020:11:03:31 +0800] "GET /xingrg/kc/buy/cgsh_order_operate.html?command=get_materiel&rest_code=00141&code=00101008203&supplier_code=00100323&order_time=2020-12-14 HTTP/1.1" 200 409
172.17.0.120 - - [14/Dec/2020:11:03:33 +0800] "GET /xingrg/all/function/internal_message.html?_=1607915548611&CODE_STATE=getMsg HTTP/1.1" 200 27
180.174.56.115 - - [14/Dec/2020:11:03:36 +0800] "GET /xingrg/kc/buy/cgsh_order_operate.html?command=get_materiel&rest_code=00150&code=00101001025&supplier_code=00100319&order_time=2020-12-14 HTTP/1.1" 200 437
114.84.32.187 - - [14/Dec/2020:11:03:37 +0800] "GET /xingrg/kc/buy/cgsh_order_operate.html?command=get_materiel&rest_code=00146&code=00101001044&supplier_code=00100090&order_time=2020-12-14 HTTP/1.1" 200 430
117.185.32.26 - - [14/Dec/2020:11:03:39 +0800] "GET /xingrg/javascript/auto/indicator.gif HTTP/1.1" 404 1066
114.84.32.187 - - [14/Dec/2020:11:03:40 +0800] "GET /xingrg/all/function/internal_message.html?_=1607915052911&CODE_STATE=getMsg HTTP/1.1" 200 27
114.88.159.147 - - [14/Dec/2020:11:03:40 +0800] "GET /xingrg/all/function/internal_message.html?_=1607914590704&CODE_STATE=getMsg HTTP/1.1" 200 27
114.88.159.147 - - [14/Dec/2020:11:03:40 +0800] "GET /xingrg/check_reg.html?_=1607914590769 HTTP/1.1" 200 22
117.184.7.26 - - [14/Dec/2020:11:03:40 +0800] "GET /xingrg/all/function/internal_message.html?_=1607915019678&CODE_STATE=getMsg HTTP/1.1" 200 27
180.174.56.115 - - [14/Dec/2020:11:03:40 +0800] "GET /xingrg/all/function/internal_message.html?_=1607914983570&CODE_STATE=getMsg HTTP/1.1" 200 27
117.185.32.26 - - [14/Dec/2020:11:03:41 +0800] "GET /xingrg/all/function/internal_message.html?_=1607915478374&CODE_STATE=getMsg HTTP/1.1" 200 27
180.152.104.37 - - [14/Dec/2020:11:03:42 +0800] "GET /xingrg/all/function/internal_message.html?_=1607915253856&CODE_STATE=getMsg HTTP/1.1" 200 27
180.157.253.48 - - [14/Dec/2020:11:03:43 +0800] "GET /xingrg/all/function/internal_message.html?_=1607915024905&CODE_STATE=getMsg HTTP/1.1" 200 27
114.88.159.147 - - [14/Dec/2020:11:03:44 +0800] "GET /xingrg/kc/buy/cgsh_order_operate.html?command=get_materiel&rest_code=00141&code=00101010036&supplier_code=00100323&order_time=2020-12-14 HTTP/1.1" 200 413
114.88.163.87 - - [14/Dec/2020:11:03:44 +0800] "GET /xingrg/kc/buy/cgsh_order_operate.html?command=get_materiel&rest_code=00111&code=00101001019&supplier_code=00100347&order_time=2020-12-14 HTTP/1.1" 200 415
117.185.32.26 - - [14/Dec/2020:11:03:45 +0800] "GET /xingrg/all/function/internal_message.html?_=1607915021364&CODE_STATE=getMsg HTTP/1.1" 200 27
114.84.32.187 - - [14/Dec/2020:11:03:45 +0800] "GET /xingrg/all/function/internal_message.html?_=1607915025676&CODE_STATE=getMsg HTTP/1.1" 200 27
114.86.227.138 - - [14/Dec/2020:11:03:54 +0800] "GET /xingrg/all/function/internal_message.html?_=1607915057406&CODE_STATE=getMsg HTTP/1.1" 200 27
114.84.32.187 - - [14/Dec/2020:11:03:55 +0800] "POST /xingrg/kc/buy/cgsh_order_operate.html HTTP/1.1" 200 37
180.174.56.115 - - [14/Dec/2020:11:03:55 +0800] "POST /xingrg/kc/buy/cgsh_order_operate.html HTTP/1.1" 200 88
117.131.5.26 - - [14/Dec/2020:11:03:57 +0800] "GET /xingrg/all/function/internal_message.html?_=1607915363830&CODE_STATE=getMsg HTTP/1.1" 200 27
116.228.172.94 - - [14/Dec/2020:11:03:59 +0800] "GET /xingrg/all/function/internal_message.html?_=1607915039130&CODE_STATE=getMsg HTTP/1.1" 200 27
180.157.253.48 - - [14/Dec/2020:11:04:00 +0800] "GET /xingrg/kc/buy/cgsh_order_operate.html?command=get_materiel&rest_code=00148&code=00101003004&supplier_code=00100347&order_time=2020-12-14 HTTP/1.1" 200 23
222.69.136.203 - - [14/Dec/2020:11:04:03 +0800] "GET /xingrg/all/function/internal_message.html?_=1607915042204&CODE_STATE=getMsg HTTP/1.1" 200 27
117.185.32.26 - - [14/Dec/2020:11:04:03 +0800] "POST /xingrg/kc/buy/cgsh_order_operate.html HTTP/1.1" 200 64
180.174.56.115 - - [14/Dec/2020:11:04:04 +0800] "POST /xingrg/kc/buy/cgsh_order_operate.html HTTP/1.1" 200 64
114.84.4.90 - - [14/Dec/2020:11:04:05 +0800] "GET /xingrg/all/function/internal_message.html?_=1607915037526&CODE_STATE=getMsg HTTP/1.1" 200 27
114.88.159.147 - - [14/Dec/2020:11:04:05 +0800] "POST /xingrg/kc/buy/cgsh_order_operate.html HTTP/1.1" 200 37
114.84.32.187 - - [14/Dec/2020:11:04:05 +0800] "POST /xingrg/kc/buy/cgsh_order_operate.html HTTP/1.1" 200 3852
114.88.163.87 - - [14/Dec/2020:11:04:06 +0800] "GET /xingrg/kc/buy/cgsh_order_operate.html?command=get_materiel&rest_code=00111&code=00101005022&supplier_code=00100347&order_time=2020-12-14 HTTP/1.1" 200 417
114.88.163.87 - - [14/Dec/2020:11:04:06 +0800] "GET /xingrg/all/function/internal_message.html?_=1607915181221&CODE_STATE=getMsg HTTP/1.1" 200 27
180.174.56.115 - - [14/Dec/2020:11:04:08 +0800] "POST /xingrg/kc/buy/cgsh_order_operate.html HTTP/1.1" 200 37
172.17.0.102 - - [14/Dec/2020:11:04:08 +0800] "GET /xingrg/all/function/internal_message.html?_=1607915049582&CODE_STATE=getMsg HTTP/1.1" 200 27
114.88.159.147 - - [14/Dec/2020:11:04:09 +0800] "POST /xingrg/kc/buy/cgsh_order_operate.html HTTP/1.1" 200 12
172.17.0.108 - - [14/Dec/2020:11:04:09 +0800] "GET /xingrg/all/function/internal_message.html?_=1607915049161&CODE_STATE=getMsg HTTP/1.1" 200 27
180.174.56.115 - - [14/Dec/2020:11:04:09 +0800] "POST /xingrg/kc/buy/cgsh_order_operate.html HTTP/1.1" 200 3261
120.204.17.70 - - [14/Dec/2020:11:04:09 +0800] "GET /xingrg/all/function/internal_message.html?_=1607914361644&CODE_STATE=getMsg HTTP/1.1" 302 -
114.88.159.147 - - [14/Dec/2020:11:04:09 +0800] "GET /xingrg/kc/buy/cgsh_order_info.html?code=212020121405510 HTTP/1.1" 200 55814
114.88.159.147 - - [14/Dec/2020:11:04:10 +0800] "GET /xingrg/javascript/easyui/themes/default/validatebox.css HTTP/1.1" 404 1104
114.88.159.147 - - [14/Dec/2020:11:04:10 +0800] "POST /xingrg/kc/buy/cgsh_order_operate.html HTTP/1.1" 200 4198
180.162.108.15 - - [14/Dec/2020:11:04:11 +0800] "GET /xingrg/all/function/internal_message.html?_=1607914955037&CODE_STATE=getMsg HTTP/1.1" 200 27
117.185.32.26 - - [14/Dec/2020:11:04:12 +0800] "POST /xingrg/kc/buy/cgsh_order_operate.html HTTP/1.1" 200 37
114.84.32.187 - - [14/Dec/2020:11:04:12 +0800] "POST /xingrg/kc/buy/cgsh_order_operate.html HTTP/1.1" 200 37
180.174.56.115 - - [14/Dec/2020:11:04:13 +0800] "POST /xingrg/kc/buy/cgsh_order_operate.html HTTP/1.1" 200 37
120.204.17.70 - - [14/Dec/2020:11:04:13 +0800] "GET /xingrg/login.html HTTP/1.1" 200 7641
117.185.32.26 - - [14/Dec/2020:11:04:13 +0800] "POST /xingrg/kc/buy/cgsh_order_operate.html HTTP/1.1" 200 3263
114.84.32.187 - - [14/Dec/2020:11:04:14 +0800] "POST /xingrg/kc/buy/cgsh_order_operate.html HTTP/1.1" 200 3852
114.88.163.87 - - [14/Dec/2020:11:04:14 +0800] "GET /xingrg/kc/buy/cgsh_order_operate.html?command=get_materiel&rest_code=00111&code=00101010549&supplier_code=00100347&order_time=2020-12-14 HTTP/1.1" 200 403
114.88.159.147 - - [14/Dec/2020:11:04:15 +0800] "GET /xingrg/kc/print/load_data.html?order_code=212020121405510&kc_code=cgsh&condition= HTTP/1.1" 200 2111
180.174.56.115 - - [14/Dec/2020:11:04:15 +0800] "POST /xingrg/kc/buy/cgsh_order_operate.html HTTP/1.1" 200 12
180.174.56.115 - - [14/Dec/2020:11:04:16 +0800] "GET /xingrg/kc/buy/cgsh_order_info.html?code=212020121405512 HTTP/1.1" 200 55733
180.174.56.115 - - [14/Dec/2020:11:04:16 +0800] "GET /xingrg/javascript/easyui/themes/default/validatebox.css HTTP/1.1" 404 1104
180.174.56.115 - - [14/Dec/2020:11:04:17 +0800] "POST /xingrg/kc/buy/cgsh_order_operate.html HTTP/1.1" 200 1211
114.84.32.187 - - [14/Dec/2020:11:04:17 +0800] "GET /xingrg/kc/print/load_data.html?order_code=212020121405508&kc_code=cgsh&condition= HTTP/1.1" 200 1194
180.174.56.115 - - [14/Dec/2020:11:04:18 +0800] "GET /xingrg/kc/print/load_data.html?order_code=212020121405512&kc_code=cgsh&condition= HTTP/1.1" 200 949
117.185.32.26 - - [14/Dec/2020:11:04:20 +0800] "POST /xingrg/kc/buy/cgsh_order_operate.html HTTP/1.1" 200 37
114.88.159.147 - - [14/Dec/2020:11:04:20 +0800] "GET /xingrg/kc/buy/cgsh_order_add.html HTTP/1.1" 200 60908
114.88.159.147 - - [14/Dec/2020:11:04:20 +0800] "GET /xingrg/javascript/easyui/themes/default/validatebox.css HTTP/1.1" 404 1104
114.88.159.147 - - [14/Dec/2020:11:04:20 +0800] "POST /xingrg/kc/buy/cgsh_order_operate.html HTTP/1.1" 200 8245
222.69.133.109 - - [14/Dec/2020:11:04:21 +0800] "GET /xingrg/all/function/internal_message.html?_=1607915061536&CODE_STATE=getMsg HTTP/1.1" 200 27
117.185.32.26 - - [14/Dec/2020:11:04:22 +0800] "POST /xingrg/kc/buy/cgsh_order_operate.html HTTP/1.1" 200 12
180.174.56.115 - - [14/Dec/2020:11:04:22 +0800] "GET /xingrg/kc/buy/cgsh_order_add.html HTTP/1.1" 200 60826
114.88.163.87 - - [14/Dec/2020:11:04:23 +0800] "GET /xingrg/kc/buy/cgsh_order_operate.html?command=get_materiel&rest_code=00111&code=00101001023&supplier_code=00100347&order_time=2020-12-14 HTTP/1.1" 200 413
117.185.32.26 - - [14/Dec/2020:11:04:23 +0800] "GET /xingrg/kc/buy/cgsh_order_info.html?code=212020121405442 HTTP/1.1" 200 55809
180.174.56.115 - - [14/Dec/2020:11:04:23 +0800] "POST /xingrg/kc/buy/cgsh_order_operate.html HTTP/1.1" 200 8245
180.174.56.115 - - [14/Dec/2020:11:04:23 +0800] "GET /xingrg/javascript/easyui/themes/default/validatebox.css HTTP/1.1" 404 1104
117.185.32.26 - - [14/Dec/2020:11:04:23 +0800] "GET /xingrg/javascript/easyui/themes/default/validatebox.css HTTP/1.1" 404 1104
114.84.4.90 - - [14/Dec/2020:11:04:23 +0800] "GET /xingrg/dma/order_info.html?id=11005&sid=10&sale_day=20201119 HTTP/1.1" 200 13961
114.84.4.90 - - [14/Dec/2020:11:04:23 +0800] "GET /favicon.ico HTTP/1.1" 404 -
117.185.32.26 - - [14/Dec/2020:11:04:24 +0800] "POST /xingrg/kc/buy/cgsh_order_operate.html HTTP/1.1" 200 1213
114.84.32.187 - - [14/Dec/2020:11:04:25 +0800] "GET /xingrg/check_reg.html?_=1607915098577 HTTP/1.1" 200 22
180.162.223.42 - - [14/Dec/2020:11:04:25 +0800] "GET /xingrg/all/function/internal_message.html?_=1607915066222&CODE_STATE=getMsg HTTP/1.1" 200 27
114.88.159.147 - - [14/Dec/2020:11:04:28 +0800] "GET /xingrg/kc/buy/cgsh_order_operate.html?command=get_materiel&rest_code=00141&code=00101010120&supplier_code=00100329&order_time=2020-12-14 HTTP/1.1" 200 415
124.77.237.88 - - [14/Dec/2020:11:04:29 +0800] "GET /xingrg/all/function/internal_message.html?_=1607915068217&CODE_STATE=getMsg HTTP/1.1" 200 27
124.77.237.88 - - [14/Dec/2020:11:04:29 +0800] "GET /xingrg/check_reg.html?_=1607915068218 HTTP/1.1" 200 22
172.17.200.101 - - [14/Dec/2020:11:04:31 +0800] "GET /xingrg/all/function/internal_message.html?_=1607915070931&CODE_STATE=getMsg HTTP/1.1" 200 27
101.85.93.83 - - [14/Dec/2020:11:04:31 +0800] "GET /xingrg/all/function/internal_message.html?_=1607914775913&CODE_STATE=getMsg HTTP/1.1" 200 27
101.85.93.83 - - [14/Dec/2020:11:04:31 +0800] "GET /xingrg/check_reg.html?_=1607914775914 HTTP/1.1" 200 22
180.174.56.115 - - [14/Dec/2020:11:04:31 +0800] "GET /xingrg/all/function/internal_message.html?_=1607915074209&CODE_STATE=getMsg HTTP/1.1" 200 27
180.174.56.115 - - [14/Dec/2020:11:04:32 +0800] "GET /xingrg/kc/buy/cgsh_order_operate.html?command=get_materiel&rest_code=00150&code=00101010017&supplier_code=00100323&order_time=2020-12-14 HTTP/1.1" 200 423
172.17.0.120 - - [14/Dec/2020:11:04:33 +0800] "GET /xingrg/all/function/internal_message.html?_=1607915608615&CODE_STATE=getMsg HTTP/1.1" 200 27
114.84.32.187 - - [14/Dec/2020:11:04:33 +0800] "GET /xingrg/kc/buy/cgsh_order_add.html HTTP/1.1" 200 60908
114.88.163.87 - - [14/Dec/2020:11:04:34 +0800] "POST /xingrg/kc/buy/cgsh_order_operate.html HTTP/1.1" 200 37
114.84.32.187 - - [14/Dec/2020:11:04:34 +0800] "GET /xingrg/javascript/easyui/themes/default/validatebox.css HTTP/1.1" 404 1104
114.84.32.187 - - [14/Dec/2020:11:04:34 +0800] "POST /xingrg/kc/buy/cgsh_order_operate.html HTTP/1.1" 200 8245
114.88.159.147 - - [14/Dec/2020:11:04:38 +0800] "POST /xingrg/kc/buy/cgsh_order_operate.html HTTP/1.1" 200 37
114.88.163.87 - - [14/Dec/2020:11:04:38 +0800] "POST /xingrg/kc/buy/cgsh_order_operate.html HTTP/1.1" 200 6230
180.174.56.115 - - [14/Dec/2020:11:04:38 +0800] "GET /xingrg/check_reg.html?_=1607915041995 HTTP/1.1" 200 22
114.88.159.147 - - [14/Dec/2020:11:04:40 +0800] "GET /xingrg/all/function/internal_message.html?_=1607914650658&CODE_STATE=getMsg HTTP/1.1" 200 27
114.84.32.187 - - [14/Dec/2020:11:04:40 +0800] "GET /xingrg/all/function/internal_message.html?_=1607915112924&CODE_STATE=getMsg HTTP/1.1" 200 27
117.184.7.26 - - [14/Dec/2020:11:04:40 +0800] "GET /xingrg/all/function/internal_message.html?_=1607915079664&CODE_STATE=getMsg HTTP/1.1" 200 27
180.174.56.115 - - [14/Dec/2020:11:04:40 +0800] "GET /xingrg/all/function/internal_message.html?_=1607915043583&CODE_STATE=getMsg HTTP/1.1" 200 27
114.88.163.87 - - [14/Dec/2020:11:04:40 +0800] "GET /xingrg/kc/print/load_data.html?order_code=212020121405513&kc_code=cgsh&condition= HTTP/1.1" 200 2029
114.88.159.147 - - [14/Dec/2020:11:04:40 +0800] "POST /xingrg/kc/buy/cgsh_order_operate.html HTTP/1.1" 200 12
117.185.32.26 - - [14/Dec/2020:11:04:41 +0800] "GET /xingrg/check_reg.html?_=1607915077199 HTTP/1.1" 200 22
117.185.32.26 - - [14/Dec/2020:11:04:41 +0800] "GET /xingrg/all/function/internal_message.html?_=1607915538371&CODE_STATE=getMsg HTTP/1.1" 200 27
58.40.7.146 - - [14/Dec/2020:11:04:41 +0800] "GET /xingrg/check_reg.html?_=1607915081335 HTTP/1.1" 200 22
114.88.159.147 - - [14/Dec/2020:11:04:41 +0800] "GET /xingrg/kc/buy/cgsh_order_info.html?code=212020121405514 HTTP/1.1" 200 55815
114.88.159.147 - - [14/Dec/2020:11:04:42 +0800] "GET /xingrg/javascript/easyui/themes/default/validatebox.css HTTP/1.1" 404 1104
114.88.159.147 - - [14/Dec/2020:11:04:42 +0800] "POST /xingrg/kc/buy/cgsh_order_operate.html HTTP/1.1" 200 609
180.152.104.37 - - [14/Dec/2020:11:04:42 +0800] "GET /xingrg/all/function/internal_message.html?_=1607915314569&CODE_STATE=getMsg HTTP/1.1" 200 27
180.157.253.48 - - [14/Dec/2020:11:04:43 +0800] "GET /xingrg/kc/buy/cgsh_order_operate.html?command=get_materiel&rest_code=00148&code=00101003004&supplier_code=00100347&order_time=2020-12-14 HTTP/1.1" 200 421
180.157.253.48 - - [14/Dec/2020:11:04:43 +0800] "GET /xingrg/all/function/internal_message.html?_=1607915084919&CODE_STATE=getMsg HTTP/1.1" 200 27
114.88.159.147 - - [14/Dec/2020:11:04:44 +0800] "GET /xingrg/kc/print/load_data.html?order_code=212020121405514&kc_code=cgsh&condition= HTTP/1.1" 200 717
180.174.56.115 - - [14/Dec/2020:11:04:44 +0800] "GET /xingrg/kc/buy/cgsh_order_operate.html?command=get_materiel&rest_code=00150&code=00101010045&supplier_code=00100323&order_time=2020-12-14 HTTP/1.1" 200 420
117.185.32.26 - - [14/Dec/2020:11:04:45 +0800] "GET /xingrg/all/function/internal_message.html?_=1607915081338&CODE_STATE=getMsg HTTP/1.1" 200 27
114.84.32.187 - - [14/Dec/2020:11:04:45 +0800] "GET /xingrg/all/function/internal_message.html?_=1607915085677&CODE_STATE=getMsg HTTP/1.1" 200 27
117.184.7.26 - - [14/Dec/2020:11:04:46 +0800] "GET /xingrg/kc/buy/buy_main.html HTTP/1.1" 200 12412
117.184.7.26 - - [14/Dec/2020:11:04:47 +0800] "GET /xingrg/css/new_ie.css HTTP/1.1" 404 1036
114.88.159.147 - - [14/Dec/2020:11:04:47 +0800] "GET /xingrg/kc/buy/cgsh_order_add.html HTTP/1.1" 200 60908
114.86.227.138 - - [14/Dec/2020:11:04:47 +0800] "POST /xingrg/kc/buy/cgsh_list_operate.html HTTP/1.1" 200 5818
114.88.159.147 - - [14/Dec/2020:11:04:48 +0800] "POST /xingrg/kc/buy/cgsh_order_operate.html HTTP/1.1" 200 8245
114.88.159.147 - - [14/Dec/2020:11:04:48 +0800] "GET /xingrg/javascript/easyui/themes/default/validatebox.css HTTP/1.1" 404 1104
117.185.32.26 - - [14/Dec/2020:11:04:51 +0800] "GET /xingrg/kc/buy/buy_main.html HTTP/1.1" 200 12412
117.185.32.26 - - [14/Dec/2020:11:04:51 +0800] "GET /xingrg/css/new_ie.css HTTP/1.1" 404 1036
114.86.227.138 - - [14/Dec/2020:11:04:53 +0800] "GET /xingrg/all/function/internal_message.html?_=1607915117406&CODE_STATE=getMsg HTTP/1.1" 200 27
114.86.227.138 - - [14/Dec/2020:11:04:53 +0800] "POST /xingrg/kc/buy/cgsh_list_operate.html HTTP/1.1" 200 3087
114.88.159.147 - - [14/Dec/2020:11:04:56 +0800] "GET /xingrg/kc/buy/cgsh_order_operate.html?command=get_materiel&rest_code=00141&code=00101012046&supplier_code=00100347&order_time=2020-12-14 HTTP/1.1" 200 417
117.131.5.26 - - [14/Dec/2020:11:04:57 +0800] "GET /xingrg/check_reg.html?_=1607915423501 HTTP/1.1" 200 22
114.86.227.138 - - [14/Dec/2020:11:04:57 +0800] "GET /xingrg/kc/buy/cgsh_order_add.html HTTP/1.1" 200 60943
117.131.5.26 - - [14/Dec/2020:11:04:57 +0800] "GET /xingrg/all/function/internal_message.html?_=1607915423845&CODE_STATE=getMsg HTTP/1.1" 200 27
114.86.227.138 - - [14/Dec/2020:11:04:57 +0800] "POST /xingrg/kc/buy/cgsh_order_operate.html HTTP/1.1" 200 8245
114.86.227.138 - - [14/Dec/2020:11:04:57 +0800] "GET /xingrg/all/common/auto_word.html?type=employee&rest_code=00109 HTTP/1.1" 200 205
114.86.227.138 - - [14/Dec/2020:11:04:57 +0800] "GET /xingrg/all/common/auto_word.html?type=employee&rest_code=00109 HTTP/1.1" 200 205
114.86.227.138 - - [14/Dec/2020:11:04:57 +0800] "GET /xingrg/javascript/easyui/themes/default/validatebox.css HTTP/1.1" 404 1104
114.84.32.187 - - [14/Dec/2020:11:04:58 +0800] "GET /xingrg/kc/buy/cgsh_order_operate.html?command=get_materiel&rest_code=00146&code=00101004090&supplier_code=00100312&order_time=2020-12-14 HTTP/1.1" 200 412
116.228.172.94 - - [14/Dec/2020:11:04:59 +0800] "GET /xingrg/all/function/internal_message.html?_=1607915099115&CODE_STATE=getMsg HTTP/1.1" 200 27
