114.88.159.147 - - [13/Dec/2020:07:07:45 +0800] "GET /xingrg/all/function/internal_message.html?_=1607814462679&CODE_STATE=getMsg HTTP/1.1" 200 27
114.84.32.187 - - [13/Dec/2020:07:07:47 +0800] "GET /xingrg/all/function/internal_message.html?_=1607814463678&CODE_STATE=getMsg HTTP/1.1" 200 27
180.174.56.115 - - [13/Dec/2020:07:07:52 +0800] "GET /xingrg/all/function/internal_message.html?_=1607814432532&CODE_STATE=getMsg HTTP/1.1" 200 27
114.88.159.147 - - [13/Dec/2020:07:08:01 +0800] "GET /xingrg/all/function/internal_message.html?_=1607814051929&CODE_STATE=getMsg HTTP/1.1" 200 27
114.84.32.187 - - [13/Dec/2020:07:08:18 +0800] "GET /xingrg/check_reg.html?_=1607814530920 HTTP/1.1" 302 -
114.88.163.87 - - [13/Dec/2020:07:08:24 +0800] "GET /xingrg/all/function/internal_message.html?_=1607814498877&CODE_STATE=getMsg HTTP/1.1" 200 27
120.253.135.82 - - [13/Dec/2020:07:08:25 +0800] "POST /xingrg/kc/pszx/mdps_order_operate.html HTTP/1.1" 200 37
120.253.135.82 - - [13/Dec/2020:07:08:26 +0800] "GET /xingrg/kc/pszx/mdps_order_info.html?code=312020121300338 HTTP/1.1" 200 23887
120.253.135.82 - - [13/Dec/2020:07:08:27 +0800] "GET /xingrg/javascript/easyui/themes/default/validatebox.css HTTP/1.1" 404 1104
120.253.135.82 - - [13/Dec/2020:07:08:27 +0800] "POST /xingrg/kc/pszx/mdps_order_operate.html HTTP/1.1" 200 9261
114.84.32.187 - - [13/Dec/2020:07:08:27 +0800] "GET /xingrg/all/function/internal_message.html?_=1607814540093&CODE_STATE=getMsg HTTP/1.1" 302 -
120.253.135.82 - - [13/Dec/2020:07:08:29 +0800] "POST /xingrg/kc/pszx/mdps_list_operate.html HTTP/1.1" 200 3551
120.253.135.82 - - [13/Dec/2020:07:08:31 +0800] "POST /xingrg/kc/pszx/mdps_list_operate.html HTTP/1.1" 200 361
120.253.135.82 - - [13/Dec/2020:07:08:32 +0800] "GET /xingrg/all/function/internal_message.html?_=1607814260351&CODE_STATE=getMsg HTTP/1.1" 200 27
180.174.56.115 - - [13/Dec/2020:07:08:32 +0800] "POST /xingrg/services/DataTransmitService HTTP/1.1" 200 524
120.253.135.82 - - [13/Dec/2020:07:08:33 +0800] "GET /xingrg/kc/pszx/mdps_order_info.html?code=312020121300339 HTTP/1.1" 200 23887
120.253.135.82 - - [13/Dec/2020:07:08:33 +0800] "GET /xingrg/javascript/easyui/themes/default/validatebox.css HTTP/1.1" 404 1104
120.253.135.82 - - [13/Dec/2020:07:08:33 +0800] "POST /xingrg/kc/pszx/mdps_order_operate.html HTTP/1.1" 200 3275
114.84.32.187 - - [13/Dec/2020:07:08:34 +0800] "GET /xingrg/all/function/internal_message.html?_=1607814539030&CODE_STATE=getMsg HTTP/1.1" 200 27
120.253.135.82 - - [13/Dec/2020:07:08:35 +0800] "POST /xingrg/all/common/load_combo.html?type=base HTTP/1.1" 200 984
172.17.0.123 - - [13/Dec/2020:07:08:36 +0800] "GET /xingrg/all/function/internal_message.html?_=1607814434030&CODE_STATE=getMsg HTTP/1.1" 200 27
120.253.135.82 - - [13/Dec/2020:07:08:42 +0800] "POST /xingrg/kc/pszx/mdps_order_operate.html HTTP/1.1" 200 37
120.253.135.82 - - [13/Dec/2020:07:08:43 +0800] "GET /xingrg/kc/pszx/mdps_order_info.html?code=312020121300339 HTTP/1.1" 200 23885
120.253.135.82 - - [13/Dec/2020:07:08:44 +0800] "GET /xingrg/javascript/easyui/themes/default/validatebox.css HTTP/1.1" 404 1104
120.253.135.82 - - [13/Dec/2020:07:08:44 +0800] "POST /xingrg/kc/pszx/mdps_order_operate.html HTTP/1.1" 200 3298
180.174.56.115 - - [13/Dec/2020:07:08:44 +0800] "GET /xingrg/all/function/internal_message.html?_=1607814523280&CODE_STATE=getMsg HTTP/1.1" 200 27
114.88.159.147 - - [13/Dec/2020:07:08:45 +0800] "GET /xingrg/all/function/internal_message.html?_=1607814522660&CODE_STATE=getMsg HTTP/1.1" 200 27
114.84.32.187 - - [13/Dec/2020:07:08:47 +0800] "GET /xingrg/all/function/internal_message.html?_=1607814523678&CODE_STATE=getMsg HTTP/1.1" 200 27
180.174.56.115 - - [13/Dec/2020:07:08:52 +0800] "GET /xingrg/all/function/internal_message.html?_=1607814492572&CODE_STATE=getMsg HTTP/1.1" 200 27
114.88.159.147 - - [13/Dec/2020:07:09:01 +0800] "GET /xingrg/all/function/internal_message.html?_=1607814111929&CODE_STATE=getMsg HTTP/1.1" 200 27
114.88.159.147 - - [13/Dec/2020:07:09:01 +0800] "GET /xingrg/check_reg.html?_=1607814111931 HTTP/1.1" 200 22
180.174.56.115 - - [13/Dec/2020:07:09:02 +0800] "GET /xingrg/check_reg.html?_=1607814540928 HTTP/1.1" 200 22
120.253.135.82 - - [13/Dec/2020:07:09:09 +0800] "POST /xingrg/kc/pszx/mdps_order_operate.html HTTP/1.1" 200 37
120.253.135.82 - - [13/Dec/2020:07:09:10 +0800] "GET /xingrg/kc/pszx/mdps_order_info.html?code=312020121300339 HTTP/1.1" 200 23885
120.253.135.82 - - [13/Dec/2020:07:09:11 +0800] "GET /xingrg/javascript/easyui/themes/default/validatebox.css HTTP/1.1" 404 1104
120.253.135.82 - - [13/Dec/2020:07:09:11 +0800] "POST /xingrg/kc/pszx/mdps_order_operate.html HTTP/1.1" 200 3298
114.84.32.187 - - [13/Dec/2020:07:09:23 +0800] "GET /xingrg/check_reg.html?_=1607814587861 HTTP/1.1" 200 22
114.88.163.87 - - [13/Dec/2020:07:09:24 +0800] "GET /xingrg/all/function/internal_message.html?_=1607814558884&CODE_STATE=getMsg HTTP/1.1" 200 27
180.174.56.115 - - [13/Dec/2020:07:09:27 +0800] "GET /xingrg/check_reg.html?_=1607814527445 HTTP/1.1" 200 22
114.84.32.187 - - [13/Dec/2020:07:09:27 +0800] "GET /xingrg/all/function/internal_message.html?_=1607814600114&CODE_STATE=getMsg HTTP/1.1" 302 -
120.253.135.82 - - [13/Dec/2020:07:09:32 +0800] "GET /xingrg/check_reg.html?_=1607814320192 HTTP/1.1" 200 22
120.253.135.82 - - [13/Dec/2020:07:09:32 +0800] "GET /xingrg/all/function/internal_message.html?_=1607814320364&CODE_STATE=getMsg HTTP/1.1" 200 27
114.84.32.187 - - [13/Dec/2020:07:09:34 +0800] "GET /xingrg/all/function/internal_message.html?_=1607814599031&CODE_STATE=getMsg HTTP/1.1" 200 27
120.253.135.82 - - [13/Dec/2020:07:09:35 +0800] "POST /xingrg/kc/pszx/mdps_order_operate.html HTTP/1.1" 200 37
172.17.0.123 - - [13/Dec/2020:07:09:36 +0800] "GET /xingrg/all/function/internal_message.html?_=1607814494032&CODE_STATE=getMsg HTTP/1.1" 200 27
120.253.135.82 - - [13/Dec/2020:07:09:36 +0800] "GET /xingrg/kc/pszx/mdps_order_info.html?code=312020121300339 HTTP/1.1" 200 23885
120.253.135.82 - - [13/Dec/2020:07:09:36 +0800] "GET /xingrg/javascript/easyui/themes/default/validatebox.css HTTP/1.1" 404 1104
120.253.135.82 - - [13/Dec/2020:07:09:36 +0800] "POST /xingrg/kc/pszx/mdps_order_operate.html HTTP/1.1" 200 3298
120.253.135.82 - - [13/Dec/2020:07:09:42 +0800] "POST /xingrg/kc/pszx/mdps_list_operate.html HTTP/1.1" 200 3548
180.174.56.115 - - [13/Dec/2020:07:09:44 +0800] "GET /xingrg/all/function/internal_message.html?_=1607814583254&CODE_STATE=getMsg HTTP/1.1" 200 27
120.253.135.82 - - [13/Dec/2020:07:09:45 +0800] "GET /xingrg/kc/buy/buy_main.html HTTP/1.1" 200 12341
120.253.135.82 - - [13/Dec/2020:07:09:45 +0800] "GET /xingrg/css/new_ie.css HTTP/1.1" 404 1036
120.253.135.82 - - [13/Dec/2020:07:09:45 +0800] "POST /xingrg/kc/pszx/mdps_list_operate.html HTTP/1.1" 200 3548
114.88.159.147 - - [13/Dec/2020:07:09:45 +0800] "GET /xingrg/all/function/internal_message.html?_=1607814582640&CODE_STATE=getMsg HTTP/1.1" 200 27
120.253.135.82 - - [13/Dec/2020:07:09:45 +0800] "GET /xingrg/images/yd/bt.gif HTTP/1.1" 404 1040
101.89.29.92 - - [13/Dec/2020:07:09:46 +0800] "GET /xingrg/all/function/internal_message.html?_=1607814522660&CODE_STATE=getMsg HTTP/1.1" 302 -
120.253.135.82 - - [13/Dec/2020:07:09:46 +0800] "GET /xingrg/kc/buy/cgsh_order_list.html HTTP/1.1" 200 45205
101.89.29.92 - - [13/Dec/2020:07:09:46 +0800] "GET /xingrg/login.html HTTP/1.1" 200 7641
120.253.135.82 - - [13/Dec/2020:07:09:47 +0800] "POST /xingrg/kc/buy/cgsh_list_operate.html HTTP/1.1" 200 876
114.84.32.187 - - [13/Dec/2020:07:09:47 +0800] "GET /xingrg/all/function/internal_message.html?_=1607814583678&CODE_STATE=getMsg HTTP/1.1" 200 27
120.253.135.82 - - [13/Dec/2020:07:09:48 +0800] "GET /xingrg/kc/buy/cgsh_order_add.html HTTP/1.1" 200 59959
120.253.135.82 - - [13/Dec/2020:07:09:48 +0800] "POST /xingrg/kc/buy/cgsh_order_operate.html HTTP/1.1" 200 8245
120.253.135.82 - - [13/Dec/2020:07:09:48 +0800] "GET /xingrg/javascript/easyui/themes/default/validatebox.css HTTP/1.1" 404 1104
180.174.56.115 - - [13/Dec/2020:07:09:52 +0800] "GET /xingrg/all/function/internal_message.html?_=1607814552575&CODE_STATE=getMsg HTTP/1.1" 200 27
120.253.135.82 - - [13/Dec/2020:07:09:56 +0800] "GET /xingrg/kc/buy/cgsh_order_operate.html?command=get_materiel&rest_code=00101&code=00101025041&supplier_code=&order_time=2020-12-13 HTTP/1.1" 200 453
120.253.135.82 - - [13/Dec/2020:07:09:58 +0800] "POST /xingrg/all/common/load_select.html HTTP/1.1" 200 25
114.88.159.147 - - [13/Dec/2020:07:10:01 +0800] "GET /xingrg/all/function/internal_message.html?_=1607814171929&CODE_STATE=getMsg HTTP/1.1" 200 27
120.253.135.82 - - [13/Dec/2020:07:10:01 +0800] "GET /xingrg/kc/buy/cgsh_order_operate.html?command=get_materiel_price&rest_code=00101&code=00101025041&unit_code=00100189&supplier_code=&order_time=2020-12-13 HTTP/1.1" 200 30
120.253.135.82 - - [13/Dec/2020:07:10:06 +0800] "GET /xingrg/kc/pszx/mdps_order_list.html?orderType=0 HTTP/1.1" 200 21241
120.253.135.82 - - [13/Dec/2020:07:10:06 +0800] "POST /xingrg/kc/pszx/mdps_list_operate.html HTTP/1.1" 200 5449
120.253.135.82 - - [13/Dec/2020:07:10:06 +0800] "POST /xingrg/kc/buy/cgsh_list_operate.html HTTP/1.1" 200 876
120.253.135.82 - - [13/Dec/2020:07:10:16 +0800] "POST /xingrg/kc/pszx/mdps_list_operate.html HTTP/1.1" 200 3548
120.253.135.82 - - [13/Dec/2020:07:10:17 +0800] "POST /xingrg/kc/pszx/mdps_list_operate.html HTTP/1.1" 200 361
120.253.135.82 - - [13/Dec/2020:07:10:20 +0800] "GET /xingrg/kc/pszx/mdps_order_info.html?code=312020121300339 HTTP/1.1" 200 23885
120.253.135.82 - - [13/Dec/2020:07:10:21 +0800] "GET /xingrg/javascript/easyui/themes/default/validatebox.css HTTP/1.1" 404 1104
120.253.135.82 - - [13/Dec/2020:07:10:21 +0800] "POST /xingrg/kc/pszx/mdps_order_operate.html HTTP/1.1" 200 3298
120.253.135.82 - - [13/Dec/2020:07:10:24 +0800] "POST /xingrg/kc/pszx/mdps_list_operate.html HTTP/1.1" 200 208
114.88.163.87 - - [13/Dec/2020:07:10:24 +0800] "GET /xingrg/all/function/internal_message.html?_=1607814618919&CODE_STATE=getMsg HTTP/1.1" 200 27
114.84.32.187 - - [13/Dec/2020:07:10:27 +0800] "GET /xingrg/all/function/internal_message.html?_=1607814660120&CODE_STATE=getMsg HTTP/1.1" 302 -
120.253.135.82 - - [13/Dec/2020:07:10:32 +0800] "GET /xingrg/all/function/internal_message.html?_=1607814380516&CODE_STATE=getMsg HTTP/1.1" 200 27
120.253.135.82 - - [13/Dec/2020:07:10:33 +0800] "POST /xingrg/kc/pszx/mdps_list_operate.html HTTP/1.1" 200 222
114.84.32.187 - - [13/Dec/2020:07:10:34 +0800] "GET /xingrg/all/function/internal_message.html?_=1607814659045&CODE_STATE=getMsg HTTP/1.1" 200 27
172.17.0.123 - - [13/Dec/2020:07:10:36 +0800] "GET /xingrg/all/function/internal_message.html?_=1607814554034&CODE_STATE=getMsg HTTP/1.1" 200 27
120.253.135.82 - - [13/Dec/2020:07:10:38 +0800] "POST /xingrg/kc/pszx/mdps_list_operate.html HTTP/1.1" 200 589
120.253.135.82 - - [13/Dec/2020:07:10:40 +0800] "POST /xingrg/kc/pszx/mdps_list_operate.html HTTP/1.1" 200 658
120.253.135.82 - - [13/Dec/2020:07:10:41 +0800] "GET /xingrg/kc/pszx/mdps_order_info.html?code=312020121300337 HTTP/1.1" 200 23887
120.253.135.82 - - [13/Dec/2020:07:10:42 +0800] "GET /xingrg/javascript/easyui/themes/default/validatebox.css HTTP/1.1" 404 1104
120.253.135.82 - - [13/Dec/2020:07:10:42 +0800] "POST /xingrg/kc/pszx/mdps_order_operate.html HTTP/1.1" 200 15615
180.174.56.115 - - [13/Dec/2020:07:10:44 +0800] "GET /xingrg/all/function/internal_message.html?_=1607814643225&CODE_STATE=getMsg HTTP/1.1" 200 27
114.88.159.147 - - [13/Dec/2020:07:10:45 +0800] "GET /xingrg/all/function/internal_message.html?_=1607814642642&CODE_STATE=getMsg HTTP/1.1" 200 27
114.84.32.187 - - [13/Dec/2020:07:10:47 +0800] "GET /xingrg/check_reg.html?_=1607814643680 HTTP/1.1" 200 22
114.84.32.187 - - [13/Dec/2020:07:10:47 +0800] "GET /xingrg/all/function/internal_message.html?_=1607814643678&CODE_STATE=getMsg HTTP/1.1" 200 27
180.174.56.115 - - [13/Dec/2020:07:10:52 +0800] "GET /xingrg/all/function/internal_message.html?_=1607814612588&CODE_STATE=getMsg HTTP/1.1" 200 27
114.88.159.147 - - [13/Dec/2020:07:11:01 +0800] "GET /xingrg/all/function/internal_message.html?_=1607814231957&CODE_STATE=getMsg HTTP/1.1" 200 27
114.88.163.87 - - [13/Dec/2020:07:11:10 +0800] "GET /xingrg/check_reg.html?_=1607814664017 HTTP/1.1" 200 22
120.253.135.82 - - [13/Dec/2020:07:11:12 +0800] "POST /xingrg/kc/pszx/mdps_list_operate.html HTTP/1.1" 200 3548
120.253.135.82 - - [13/Dec/2020:07:11:14 +0800] "POST /xingrg/kc/pszx/mdps_list_operate.html HTTP/1.1" 200 601
114.88.159.147 - - [13/Dec/2020:07:11:15 +0800] "GET /xingrg/check_reg.html?_=1607814672377 HTTP/1.1" 200 22
120.253.135.82 - - [13/Dec/2020:07:11:15 +0800] "GET /xingrg/kc/pszx/mdps_order_info.html?code=312020121300336 HTTP/1.1" 200 23887
120.253.135.82 - - [13/Dec/2020:07:11:16 +0800] "POST /xingrg/kc/pszx/mdps_order_operate.html HTTP/1.1" 200 15826
120.253.135.82 - - [13/Dec/2020:07:11:16 +0800] "GET /xingrg/javascript/easyui/themes/default/validatebox.css HTTP/1.1" 404 1104
114.88.163.87 - - [13/Dec/2020:07:11:24 +0800] "GET /xingrg/all/function/internal_message.html?_=1607814678927&CODE_STATE=getMsg HTTP/1.1" 200 27
114.84.32.187 - - [13/Dec/2020:07:11:27 +0800] "GET /xingrg/all/function/internal_message.html?_=1607814720141&CODE_STATE=getMsg HTTP/1.1" 302 -
120.253.135.82 - - [13/Dec/2020:07:11:32 +0800] "GET /xingrg/all/function/internal_message.html?_=1607814440532&CODE_STATE=getMsg HTTP/1.1" 200 27
120.253.135.82 - - [13/Dec/2020:07:11:34 +0800] "POST /xingrg/kc/pszx/mdps_list_operate.html HTTP/1.1" 200 3548
114.84.32.187 - - [13/Dec/2020:07:11:34 +0800] "GET /xingrg/all/function/internal_message.html?_=1607814719074&CODE_STATE=getMsg HTTP/1.1" 200 27
120.253.135.82 - - [13/Dec/2020:07:11:35 +0800] "POST /xingrg/kc/pszx/mdps_list_operate.html HTTP/1.1" 200 222
172.17.0.123 - - [13/Dec/2020:07:11:36 +0800] "GET /xingrg/all/function/internal_message.html?_=1607814614036&CODE_STATE=getMsg HTTP/1.1" 200 27
120.253.135.82 - - [13/Dec/2020:07:11:37 +0800] "GET /xingrg/kc/pszx/mdps_order_info.html?code=312020120300092 HTTP/1.1" 200 23887
120.253.135.82 - - [13/Dec/2020:07:11:37 +0800] "POST /xingrg/kc/pszx/mdps_order_operate.html HTTP/1.1" 200 2300
120.253.135.82 - - [13/Dec/2020:07:11:37 +0800] "GET /xingrg/javascript/easyui/themes/default/validatebox.css HTTP/1.1" 404 1104
180.174.56.115 - - [13/Dec/2020:07:11:44 +0800] "GET /xingrg/all/function/internal_message.html?_=1607814703210&CODE_STATE=getMsg HTTP/1.1" 200 27
120.253.135.82 - - [13/Dec/2020:07:11:44 +0800] "GET /xingrg/kc/pszx/mdps_order_operate.html?command=get_materiel&pszx_code=00101&rest_code=00148&base_code=0010246&code=00101006002 HTTP/1.1" 200 440
114.88.159.147 - - [13/Dec/2020:07:11:45 +0800] "GET /xingrg/all/function/internal_message.html?_=1607814702621&CODE_STATE=getMsg HTTP/1.1" 200 27
114.84.32.187 - - [13/Dec/2020:07:11:47 +0800] "GET /xingrg/all/function/internal_message.html?_=1607814703679&CODE_STATE=getMsg HTTP/1.1" 200 27
120.253.135.82 - - [13/Dec/2020:07:11:51 +0800] "POST /xingrg/kc/pszx/mdps_order_operate.html HTTP/1.1" 200 37
120.253.135.82 - - [13/Dec/2020:07:11:52 +0800] "GET /xingrg/kc/pszx/mdps_order_info.html?code=312020120300092 HTTP/1.1" 200 23887
180.174.56.115 - - [13/Dec/2020:07:11:52 +0800] "GET /xingrg/all/function/internal_message.html?_=1607814672634&CODE_STATE=getMsg HTTP/1.1" 200 27
120.253.135.82 - - [13/Dec/2020:07:11:52 +0800] "POST /xingrg/kc/pszx/mdps_order_operate.html HTTP/1.1" 200 2791
120.253.135.82 - - [13/Dec/2020:07:11:52 +0800] "GET /xingrg/javascript/easyui/themes/default/validatebox.css HTTP/1.1" 404 1104
120.253.135.82 - - [13/Dec/2020:07:11:58 +0800] "GET /xingrg/kc/pszx/mdps_order_operate.html?command=get_materiel&pszx_code=00101&rest_code=00148&base_code=0010246&code=00101014016 HTTP/1.1" 200 433
114.88.159.147 - - [13/Dec/2020:07:12:01 +0800] "GET /xingrg/all/function/internal_message.html?_=1607814291956&CODE_STATE=getMsg HTTP/1.1" 200 27
120.253.135.82 - - [13/Dec/2020:07:12:04 +0800] "POST /xingrg/kc/pszx/mdps_order_operate.html HTTP/1.1" 200 37
120.253.135.82 - - [13/Dec/2020:07:12:04 +0800] "GET /xingrg/kc/pszx/mdps_order_info.html?code=312020120300092 HTTP/1.1" 200 23887
120.253.135.82 - - [13/Dec/2020:07:12:05 +0800] "POST /xingrg/kc/pszx/mdps_order_operate.html HTTP/1.1" 200 3276
120.253.135.82 - - [13/Dec/2020:07:12:05 +0800] "GET /xingrg/javascript/easyui/themes/default/validatebox.css HTTP/1.1" 404 1104
120.253.135.82 - - [13/Dec/2020:07:12:06 +0800] "POST /xingrg/kc/pszx/mdps_list_operate.html HTTP/1.1" 200 3550
101.89.19.197 - - [13/Dec/2020:07:12:15 +0800] "GET /xingrg/check_reg.html?_=1607814672377 HTTP/1.1" 302 -
101.89.19.197 - - [13/Dec/2020:07:12:15 +0800] "GET /xingrg/login.html HTTP/1.1" 200 7641
114.88.163.87 - - [13/Dec/2020:07:12:24 +0800] "GET /xingrg/all/function/internal_message.html?_=1607814738941&CODE_STATE=getMsg HTTP/1.1" 200 27
114.84.32.187 - - [13/Dec/2020:07:12:27 +0800] "GET /xingrg/all/function/internal_message.html?_=1607814780147&CODE_STATE=getMsg HTTP/1.1" 302 -
120.253.135.82 - - [13/Dec/2020:07:12:32 +0800] "GET /xingrg/all/function/internal_message.html?_=1607814500690&CODE_STATE=getMsg HTTP/1.1" 200 27
114.84.32.187 - - [13/Dec/2020:07:12:34 +0800] "GET /xingrg/all/function/internal_message.html?_=1607814779088&CODE_STATE=getMsg HTTP/1.1" 200 27
172.17.0.123 - - [13/Dec/2020:07:12:36 +0800] "GET /xingrg/check_reg.html?_=1607814674038 HTTP/1.1" 200 22
172.17.0.123 - - [13/Dec/2020:07:12:36 +0800] "GET /xingrg/all/function/internal_message.html?_=1607814674040&CODE_STATE=getMsg HTTP/1.1" 200 27
180.174.56.115 - - [13/Dec/2020:07:12:44 +0800] "GET /xingrg/all/function/internal_message.html?_=1607814763206&CODE_STATE=getMsg HTTP/1.1" 200 27
114.88.159.147 - - [13/Dec/2020:07:12:45 +0800] "GET /xingrg/all/function/internal_message.html?_=1607814762588&CODE_STATE=getMsg HTTP/1.1" 200 27
114.84.32.187 - - [13/Dec/2020:07:12:47 +0800] "GET /xingrg/all/function/internal_message.html?_=1607814763679&CODE_STATE=getMsg HTTP/1.1" 200 27
180.174.56.115 - - [13/Dec/2020:07:12:52 +0800] "GET /xingrg/all/function/internal_message.html?_=1607814732648&CODE_STATE=getMsg HTTP/1.1" 200 27
114.88.159.147 - - [13/Dec/2020:07:13:01 +0800] "GET /xingrg/all/function/internal_message.html?_=1607814351955&CODE_STATE=getMsg HTTP/1.1" 200 27
114.84.32.187 - - [13/Dec/2020:07:13:18 +0800] "GET /xingrg/check_reg.html?_=1607814830925 HTTP/1.1" 302 -
114.88.163.87 - - [13/Dec/2020:07:13:24 +0800] "GET /xingrg/all/function/internal_message.html?_=1607814798975&CODE_STATE=getMsg HTTP/1.1" 200 27
114.84.32.187 - - [13/Dec/2020:07:13:27 +0800] "GET /xingrg/all/function/internal_message.html?_=1607814840161&CODE_STATE=getMsg HTTP/1.1" 302 -
120.253.135.82 - - [13/Dec/2020:07:13:32 +0800] "GET /xingrg/all/function/internal_message.html?_=1607814560700&CODE_STATE=getMsg HTTP/1.1" 200 27
114.84.32.187 - - [13/Dec/2020:07:13:34 +0800] "GET /xingrg/all/function/internal_message.html?_=1607814839113&CODE_STATE=getMsg HTTP/1.1" 200 27
172.17.0.123 - - [13/Dec/2020:07:13:36 +0800] "GET /xingrg/all/function/internal_message.html?_=1607814734042&CODE_STATE=getMsg HTTP/1.1" 200 27
180.174.56.115 - - [13/Dec/2020:07:13:44 +0800] "GET /xingrg/all/function/internal_message.html?_=1607814823193&CODE_STATE=getMsg HTTP/1.1" 200 27
114.88.159.147 - - [13/Dec/2020:07:13:45 +0800] "GET /xingrg/all/function/internal_message.html?_=1607814822557&CODE_STATE=getMsg HTTP/1.1" 200 27
114.84.32.187 - - [13/Dec/2020:07:13:47 +0800] "GET /xingrg/all/function/internal_message.html?_=1607814823678&CODE_STATE=getMsg HTTP/1.1" 200 27
61.151.178.197 - - [13/Dec/2020:07:13:48 +0800] "GET /xingrg/all/function/internal_message.html?_=1607814762588&CODE_STATE=getMsg HTTP/1.1" 302 -
61.151.178.197 - - [13/Dec/2020:07:13:48 +0800] "GET /xingrg/login.html HTTP/1.1" 200 7641
180.174.56.115 - - [13/Dec/2020:07:13:52 +0800] "GET /xingrg/all/function/internal_message.html?_=1607814792687&CODE_STATE=getMsg HTTP/1.1" 200 27
114.88.159.147 - - [13/Dec/2020:07:14:01 +0800] "GET /xingrg/all/function/internal_message.html?_=1607814411955&CODE_STATE=getMsg HTTP/1.1" 200 27
114.88.159.147 - - [13/Dec/2020:07:14:01 +0800] "GET /xingrg/check_reg.html?_=1607814411958 HTTP/1.1" 200 22
180.174.56.115 - - [13/Dec/2020:07:14:02 +0800] "GET /xingrg/check_reg.html?_=1607814840952 HTTP/1.1" 200 22
114.84.32.187 - - [13/Dec/2020:07:14:23 +0800] "GET /xingrg/check_reg.html?_=1607814887866 HTTP/1.1" 200 22
180.162.223.42 - - [13/Dec/2020:07:14:24 +0800] "POST /xingrg/services/DataTransmitService HTTP/1.1" 200 524
114.88.163.87 - - [13/Dec/2020:07:14:25 +0800] "GET /xingrg/all/function/internal_message.html?_=1607814858983&CODE_STATE=getMsg HTTP/1.1" 200 27
180.174.56.115 - - [13/Dec/2020:07:14:27 +0800] "GET /xingrg/check_reg.html?_=1607814827450 HTTP/1.1" 200 22
114.84.32.187 - - [13/Dec/2020:07:14:27 +0800] "GET /xingrg/all/function/internal_message.html?_=1607814900181&CODE_STATE=getMsg HTTP/1.1" 302 -
120.253.135.82 - - [13/Dec/2020:07:14:32 +0800] "GET /xingrg/check_reg.html?_=1607814620360 HTTP/1.1" 200 22
120.253.135.82 - - [13/Dec/2020:07:14:32 +0800] "GET /xingrg/all/function/internal_message.html?_=1607814620713&CODE_STATE=getMsg HTTP/1.1" 200 27
114.84.32.187 - - [13/Dec/2020:07:14:34 +0800] "GET /xingrg/all/function/internal_message.html?_=1607814899114&CODE_STATE=getMsg HTTP/1.1" 200 27
172.17.0.123 - - [13/Dec/2020:07:14:36 +0800] "GET /xingrg/all/function/internal_message.html?_=1607814794028&CODE_STATE=getMsg HTTP/1.1" 200 27
180.174.56.115 - - [13/Dec/2020:07:14:44 +0800] "GET /xingrg/all/function/internal_message.html?_=1607814883184&CODE_STATE=getMsg HTTP/1.1" 200 27
114.88.159.147 - - [13/Dec/2020:07:14:45 +0800] "GET /xingrg/all/function/internal_message.html?_=1607814882538&CODE_STATE=getMsg HTTP/1.1" 200 27
61.151.207.205 - - [13/Dec/2020:07:14:46 +0800] "GET /xingrg/all/function/internal_message.html?_=1607814822557&CODE_STATE=getMsg HTTP/1.1" 302 -
61.151.207.205 - - [13/Dec/2020:07:14:47 +0800] "GET /xingrg/login.html HTTP/1.1" 200 7641
114.84.32.187 - - [13/Dec/2020:07:14:47 +0800] "GET /xingrg/all/function/internal_message.html?_=1607814883678&CODE_STATE=getMsg HTTP/1.1" 200 27
180.174.56.115 - - [13/Dec/2020:07:14:52 +0800] "GET /xingrg/all/function/internal_message.html?_=1607814852690&CODE_STATE=getMsg HTTP/1.1" 200 27
114.88.159.147 - - [13/Dec/2020:07:15:01 +0800] "GET /xingrg/all/function/internal_message.html?_=1607814471958&CODE_STATE=getMsg HTTP/1.1" 200 27
114.88.163.87 - - [13/Dec/2020:07:15:25 +0800] "GET /xingrg/all/function/internal_message.html?_=1607814919015&CODE_STATE=getMsg HTTP/1.1" 200 27
114.84.32.187 - - [13/Dec/2020:07:15:27 +0800] "GET /xingrg/all/function/internal_message.html?_=1607814960188&CODE_STATE=getMsg HTTP/1.1" 302 -
120.253.135.82 - - [13/Dec/2020:07:15:32 +0800] "GET /xingrg/all/function/internal_message.html?_=1607814680727&CODE_STATE=getMsg HTTP/1.1" 200 27
114.84.32.187 - - [13/Dec/2020:07:15:34 +0800] "GET /xingrg/all/function/internal_message.html?_=1607814959128&CODE_STATE=getMsg HTTP/1.1" 200 27
172.17.0.123 - - [13/Dec/2020:07:15:36 +0800] "GET /xingrg/all/function/internal_message.html?_=1607814854030&CODE_STATE=getMsg HTTP/1.1" 200 27
180.174.56.115 - - [13/Dec/2020:07:15:44 +0800] "GET /xingrg/all/function/internal_message.html?_=1607814943167&CODE_STATE=getMsg HTTP/1.1" 200 27
114.88.159.147 - - [13/Dec/2020:07:15:45 +0800] "GET /xingrg/all/function/internal_message.html?_=1607814942517&CODE_STATE=getMsg HTTP/1.1" 200 27
114.84.32.187 - - [13/Dec/2020:07:15:47 +0800] "GET /xingrg/all/function/internal_message.html?_=1607814943675&CODE_STATE=getMsg HTTP/1.1" 200 27
114.84.32.187 - - [13/Dec/2020:07:15:47 +0800] "GET /xingrg/check_reg.html?_=1607814943677 HTTP/1.1" 200 22
180.174.56.115 - - [13/Dec/2020:07:15:52 +0800] "GET /xingrg/all/function/internal_message.html?_=1607814912703&CODE_STATE=getMsg HTTP/1.1" 200 27
120.253.135.82 - - [13/Dec/2020:07:15:56 +0800] "GET /xingrg/kc/pszx/mdqp_order_list.html?state=10 HTTP/1.1" 200 10175
120.253.135.82 - - [13/Dec/2020:07:15:56 +0800] "GET /xingrg/dwr/interface/AjaxReportQueryService.js HTTP/1.1" 200 13203
120.253.135.82 - - [13/Dec/2020:07:15:56 +0800] "POST /xingrg/kc/pszx/mdps_list_operate.html HTTP/1.1" 200 3550
120.253.135.82 - - [13/Dec/2020:07:15:56 +0800] "GET /xingrg/dwr/interface/AjaxQqpsService.js HTTP/1.1" 200 16326
120.253.135.82 - - [13/Dec/2020:07:15:56 +0800] "GET /xingrg/dwr/engine.js HTTP/1.1" 200 43631
120.253.135.82 - - [13/Dec/2020:07:15:58 +0800] "GET /xingrg/kc/report/report_main.html HTTP/1.1" 200 9370
120.253.135.82 - - [13/Dec/2020:07:15:59 +0800] "GET /xingrg/kc/base/kc_stocks.html HTTP/1.1" 200 16386
120.253.135.82 - - [13/Dec/2020:07:15:59 +0800] "GET /xingrg/javascript/easyui/themes/default/tree.css HTTP/1.1" 404 1090
120.253.135.82 - - [13/Dec/2020:07:15:59 +0800] "POST /xingrg/all/common/load_tree.html?tree=materiel_sort_tree_json HTTP/1.1" 200 8666
120.253.135.82 - - [13/Dec/2020:07:16:00 +0800] "POST /xingrg/all/common/load_combo.html?type=base HTTP/1.1" 200 984
114.88.159.147 - - [13/Dec/2020:07:16:01 +0800] "GET /xingrg/all/function/internal_message.html?_=1607814531957&CODE_STATE=getMsg HTTP/1.1" 200 27
114.88.163.87 - - [13/Dec/2020:07:16:10 +0800] "GET /xingrg/check_reg.html?_=1607814964023 HTTP/1.1" 200 22
114.88.159.147 - - [13/Dec/2020:07:16:15 +0800] "GET /xingrg/check_reg.html?_=1607814972376 HTTP/1.1" 200 22
114.88.163.87 - - [13/Dec/2020:07:16:25 +0800] "GET /xingrg/all/function/internal_message.html?_=1607814979026&CODE_STATE=getMsg HTTP/1.1" 200 27
114.84.32.187 - - [13/Dec/2020:07:16:27 +0800] "GET /xingrg/all/function/internal_message.html?_=1607815020209&CODE_STATE=getMsg HTTP/1.1" 302 -
120.253.135.82 - - [13/Dec/2020:07:16:28 +0800] "POST /xingrg/kc/base/stock_operate.html HTTP/1.1" 200 1456
120.253.135.82 - - [13/Dec/2020:07:16:32 +0800] "GET /xingrg/all/function/internal_message.html?_=1607814740740&CODE_STATE=getMsg HTTP/1.1" 200 27
114.84.32.187 - - [13/Dec/2020:07:16:34 +0800] "GET /xingrg/all/function/internal_message.html?_=1607815019156&CODE_STATE=getMsg HTTP/1.1" 200 27
172.17.0.123 - - [13/Dec/2020:07:16:36 +0800] "GET /xingrg/all/function/internal_message.html?_=1607814914032&CODE_STATE=getMsg HTTP/1.1" 200 27
180.174.56.115 - - [13/Dec/2020:07:16:44 +0800] "GET /xingrg/all/function/internal_message.html?_=1607815003142&CODE_STATE=getMsg HTTP/1.1" 200 27
114.88.159.147 - - [13/Dec/2020:07:16:45 +0800] "GET /xingrg/all/function/internal_message.html?_=1607815002495&CODE_STATE=getMsg HTTP/1.1" 200 27
114.84.32.187 - - [13/Dec/2020:07:16:47 +0800] "GET /xingrg/all/function/internal_message.html?_=1607815003675&CODE_STATE=getMsg HTTP/1.1" 200 27
180.174.56.115 - - [13/Dec/2020:07:16:52 +0800] "GET /xingrg/all/function/internal_message.html?_=1607814972745&CODE_STATE=getMsg HTTP/1.1" 200 27
114.88.159.147 - - [13/Dec/2020:07:17:01 +0800] "GET /xingrg/all/function/internal_message.html?_=1607814591958&CODE_STATE=getMsg HTTP/1.1" 200 27
101.89.239.216 - - [13/Dec/2020:07:17:15 +0800] "GET /xingrg/check_reg.html?_=1607814972376 HTTP/1.1" 302 -
101.89.239.216 - - [13/Dec/2020:07:17:15 +0800] "GET /xingrg/login.html HTTP/1.1" 200 7641
114.88.163.87 - - [13/Dec/2020:07:17:25 +0800] "GET /xingrg/all/function/internal_message.html?_=1607815039040&CODE_STATE=getMsg HTTP/1.1" 200 27
114.84.32.187 - - [13/Dec/2020:07:17:27 +0800] "GET /xingrg/all/function/internal_message.html?_=1607815080215&CODE_STATE=getMsg HTTP/1.1" 302 -
120.253.135.82 - - [13/Dec/2020:07:17:32 +0800] "GET /xingrg/all/function/internal_message.html?_=1607814800755&CODE_STATE=getMsg HTTP/1.1" 200 27
114.84.32.187 - - [13/Dec/2020:07:17:34 +0800] "GET /xingrg/all/function/internal_message.html?_=1607815079171&CODE_STATE=getMsg HTTP/1.1" 200 27
172.17.0.123 - - [13/Dec/2020:07:17:36 +0800] "GET /xingrg/all/function/internal_message.html?_=1607814974034&CODE_STATE=getMsg HTTP/1.1" 200 27
172.17.0.123 - - [13/Dec/2020:07:17:36 +0800] "GET /xingrg/check_reg.html?_=1607814974034 HTTP/1.1" 200 22
180.174.56.115 - - [13/Dec/2020:07:17:44 +0800] "GET /xingrg/all/function/internal_message.html?_=1607815063127&CODE_STATE=getMsg HTTP/1.1" 200 27
114.88.159.147 - - [13/Dec/2020:07:17:45 +0800] "GET /xingrg/all/function/internal_message.html?_=1607815062468&CODE_STATE=getMsg HTTP/1.1" 200 27
114.84.32.187 - - [13/Dec/2020:07:17:47 +0800] "GET /xingrg/all/function/internal_message.html?_=1607815063684&CODE_STATE=getMsg HTTP/1.1" 200 27
180.174.56.115 - - [13/Dec/2020:07:17:52 +0800] "GET /xingrg/all/function/internal_message.html?_=1607815032747&CODE_STATE=getMsg HTTP/1.1" 200 27
114.88.159.147 - - [13/Dec/2020:07:18:01 +0800] "GET /xingrg/all/function/internal_message.html?_=1607814651957&CODE_STATE=getMsg HTTP/1.1" 200 27
114.84.32.187 - - [13/Dec/2020:07:18:18 +0800] "GET /xingrg/check_reg.html?_=1607815130935 HTTP/1.1" 302 -
114.88.163.87 - - [13/Dec/2020:07:18:25 +0800] "GET /xingrg/all/function/internal_message.html?_=1607815099075&CODE_STATE=getMsg HTTP/1.1" 200 27
114.84.32.187 - - [13/Dec/2020:07:18:27 +0800] "GET /xingrg/all/function/internal_message.html?_=1607815140229&CODE_STATE=getMsg HTTP/1.1" 302 -
120.253.135.82 - - [13/Dec/2020:07:18:33 +0800] "GET /xingrg/all/function/internal_message.html?_=1607814860957&CODE_STATE=getMsg HTTP/1.1" 200 27
114.84.32.187 - - [13/Dec/2020:07:18:34 +0800] "GET /xingrg/all/function/internal_message.html?_=1607815139199&CODE_STATE=getMsg HTTP/1.1" 200 27
172.17.0.123 - - [13/Dec/2020:07:18:36 +0800] "GET /xingrg/all/function/internal_message.html?_=1607815034036&CODE_STATE=getMsg HTTP/1.1" 200 27
114.88.159.147 - - [13/Dec/2020:07:18:40 +0800] "POST /xingrg/services/DataTransmitService HTTP/1.1" 200 524
114.84.32.187 - - [13/Dec/2020:07:18:42 +0800] "GET /xingrg/javascript/jquery_tools/datebox.css HTTP/1.1" 304 -
114.84.32.187 - - [13/Dec/2020:07:18:42 +0800] "GET /xingrg/css/base.css HTTP/1.1" 304 -
114.84.32.187 - - [13/Dec/2020:07:18:42 +0800] "GET /xingrg/javascript/easyui/themes/default/easyui.css HTTP/1.1" 304 -
114.84.32.187 - - [13/Dec/2020:07:18:42 +0800] "GET /xingrg/css/site.css HTTP/1.1" 304 -
114.84.32.187 - - [13/Dec/2020:07:18:42 +0800] "GET /xingrg/javascript/auto/jquery.autocomplete.css HTTP/1.1" 304 -
114.84.32.187 - - [13/Dec/2020:07:18:42 +0800] "GET /xingrg/javascript/easyui/themes/icon.css HTTP/1.1" 304 -
114.84.32.187 - - [13/Dec/2020:07:18:42 +0800] "GET /xingrg/javascript/jquery_tools/jquery.tools.min.js HTTP/1.1" 304 -
114.84.32.187 - - [13/Dec/2020:07:18:42 +0800] "GET /xingrg/javascript/jquery_tools/jquery.tools.extend.js HTTP/1.1" 304 -
114.84.32.187 - - [13/Dec/2020:07:18:42 +0800] "GET /xingrg/javascript/jquery_tools/table.css HTTP/1.1" 304 -
114.84.32.187 - - [13/Dec/2020:07:18:42 +0800] "GET /xingrg/javascript/jquery_tools/jquery.tools.hotkey.js HTTP/1.1" 304 -
114.84.32.187 - - [13/Dec/2020:07:18:42 +0800] "GET /xingrg/javascript/jquery_tools/jquery.tools.table.js HTTP/1.1" 304 -
114.84.32.187 - - [13/Dec/2020:07:18:42 +0800] "GET /xingrg/javascript/jquery_tools/list_manager.js HTTP/1.1" 304 -
114.84.32.187 - - [13/Dec/2020:07:18:42 +0800] "GET /xingrg/javascript/jquery_tools/fix.css HTTP/1.1" 304 -
114.84.32.187 - - [13/Dec/2020:07:18:42 +0800] "GET /xingrg/javascript/easyui/easyloader.js HTTP/1.1" 304 -
114.84.32.187 - - [13/Dec/2020:07:18:42 +0800] "GET /xingrg/javascript/jquery.cookie.js HTTP/1.1" 304 -
114.84.32.187 - - [13/Dec/2020:07:18:42 +0800] "GET /xingrg/javascript/jquery.utils.js HTTP/1.1" 304 -
114.84.32.187 - - [13/Dec/2020:07:18:42 +0800] "GET /xingrg/javascript/auto/jquery.autocomplete.js HTTP/1.1" 304 -
114.84.32.187 - - [13/Dec/2020:07:18:42 +0800] "GET /xingrg/javascript/print/LodopFuncs.js HTTP/1.1" 304 -
114.84.32.187 - - [13/Dec/2020:07:18:42 +0800] "GET /xingrg/kc/buy/cgsh_order_list.html HTTP/1.1" 200 45211
114.84.32.187 - - [13/Dec/2020:07:18:42 +0800] "GET /xingrg/javascript/easyui/plugins/jquery.parser.js HTTP/1.1" 304 -
114.84.32.187 - - [13/Dec/2020:07:18:44 +0800] "POST /xingrg/kc/buy/cgsh_list_operate.html HTTP/1.1" 200 5234
180.174.56.115 - - [13/Dec/2020:07:18:44 +0800] "GET /xingrg/all/function/internal_message.html?_=1607815123110&CODE_STATE=getMsg HTTP/1.1" 200 27
114.88.159.147 - - [13/Dec/2020:07:18:45 +0800] "GET /xingrg/all/function/internal_message.html?_=1607815122444&CODE_STATE=getMsg HTTP/1.1" 200 27
114.84.32.187 - - [13/Dec/2020:07:18:47 +0800] "GET /xingrg/all/function/internal_message.html?_=1607815123684&CODE_STATE=getMsg HTTP/1.1" 200 27
180.174.56.115 - - [13/Dec/2020:07:18:52 +0800] "GET /xingrg/all/function/internal_message.html?_=1607815092785&CODE_STATE=getMsg HTTP/1.1" 200 27
114.88.159.147 - - [13/Dec/2020:07:19:01 +0800] "GET /xingrg/all/function/internal_message.html?_=1607814711957&CODE_STATE=getMsg HTTP/1.1" 200 27
114.88.159.147 - - [13/Dec/2020:07:19:01 +0800] "GET /xingrg/check_reg.html?_=1607814711963 HTTP/1.1" 200 22
180.174.56.115 - - [13/Dec/2020:07:19:02 +0800] "GET /xingrg/check_reg.html?_=1607815140960 HTTP/1.1" 200 22
114.84.32.187 - - [13/Dec/2020:07:19:09 +0800] "POST /xingrg/kc/buy/cgsh_list_operate.html HTTP/1.1" 200 4
114.84.32.187 - - [13/Dec/2020:07:19:11 +0800] "POST /xingrg/kc/buy/cgsh_list_operate.html HTTP/1.1" 200 5156
114.84.32.187 - - [13/Dec/2020:07:19:23 +0800] "GET /xingrg/check_reg.html?_=1607815187876 HTTP/1.1" 200 22
114.88.163.87 - - [13/Dec/2020:07:19:25 +0800] "GET /xingrg/all/function/internal_message.html?_=1607815159083&CODE_STATE=getMsg HTTP/1.1" 200 27
180.174.56.115 - - [13/Dec/2020:07:19:27 +0800] "GET /xingrg/check_reg.html?_=1607815127458 HTTP/1.1" 200 22
114.84.32.187 - - [13/Dec/2020:07:19:27 +0800] "GET /xingrg/all/function/internal_message.html?_=1607815200249&CODE_STATE=getMsg HTTP/1.1" 302 -
120.253.135.82 - - [13/Dec/2020:07:19:32 +0800] "GET /xingrg/check_reg.html?_=1607814920437 HTTP/1.1" 200 22
120.253.135.82 - - [13/Dec/2020:07:19:32 +0800] "GET /xingrg/all/function/internal_message.html?_=1607814920968&CODE_STATE=getMsg HTTP/1.1" 200 27
114.84.32.187 - - [13/Dec/2020:07:19:34 +0800] "POST /xingrg/kc/buy/cgsh_list_operate.html HTTP/1.1" 200 4
172.17.0.123 - - [13/Dec/2020:07:19:36 +0800] "GET /xingrg/all/function/internal_message.html?_=1607815094040&CODE_STATE=getMsg HTTP/1.1" 200 27
114.84.32.187 - - [13/Dec/2020:07:19:38 +0800] "POST /xingrg/kc/buy/cgsh_list_operate.html HTTP/1.1" 200 3507
180.174.56.115 - - [13/Dec/2020:07:19:44 +0800] "GET /xingrg/all/function/internal_message.html?_=1607815183098&CODE_STATE=getMsg HTTP/1.1" 200 27
114.84.32.187 - - [13/Dec/2020:07:19:45 +0800] "GET /xingrg/all/function/internal_message.html?_=1607815209369&CODE_STATE=getMsg HTTP/1.1" 200 27
114.88.159.147 - - [13/Dec/2020:07:19:45 +0800] "GET /xingrg/all/function/internal_message.html?_=1607815182420&CODE_STATE=getMsg HTTP/1.1" 200 27
114.84.32.187 - - [13/Dec/2020:07:19:47 +0800] "GET /xingrg/all/function/internal_message.html?_=1607815183686&CODE_STATE=getMsg HTTP/1.1" 200 27
180.174.56.115 - - [13/Dec/2020:07:19:52 +0800] "GET /xingrg/all/function/internal_message.html?_=1607815152789&CODE_STATE=getMsg HTTP/1.1" 200 27
114.84.32.187 - - [13/Dec/2020:07:19:53 +0800] "POST /xingrg/kc/buy/cgsh_list_operate.html HTTP/1.1" 200 4
114.84.32.187 - - [13/Dec/2020:07:19:55 +0800] "POST /xingrg/kc/buy/cgsh_list_operate.html HTTP/1.1" 200 876
114.88.159.147 - - [13/Dec/2020:07:20:01 +0800] "GET /xingrg/all/function/internal_message.html?_=1607814771975&CODE_STATE=getMsg HTTP/1.1" 200 27
120.253.135.82 - - [13/Dec/2020:07:20:14 +0800] "POST /xingrg/kc/base/stock_operate.html HTTP/1.1" 200 1744
120.253.135.82 - - [13/Dec/2020:07:20:21 +0800] "POST /xingrg/kc/base/stock_operate.html HTTP/1.1" 200 1468
114.88.163.87 - - [13/Dec/2020:07:20:25 +0800] "GET /xingrg/all/function/internal_message.html?_=1607815219118&CODE_STATE=getMsg HTTP/1.1" 200 27
114.84.32.187 - - [13/Dec/2020:07:20:27 +0800] "GET /xingrg/all/function/internal_message.html?_=1607815260256&CODE_STATE=getMsg HTTP/1.1" 302 -
120.253.135.82 - - [13/Dec/2020:07:20:33 +0800] "GET /xingrg/all/function/internal_message.html?_=1607814980982&CODE_STATE=getMsg HTTP/1.1" 200 27
172.17.0.123 - - [13/Dec/2020:07:20:36 +0800] "GET /xingrg/all/function/internal_message.html?_=1607815154040&CODE_STATE=getMsg HTTP/1.1" 200 27
120.253.135.82 - - [13/Dec/2020:07:20:39 +0800] "POST /xingrg/kc/base/stock_operate.html HTTP/1.1" 200 1483
180.174.56.115 - - [13/Dec/2020:07:20:44 +0800] "GET /xingrg/all/function/internal_message.html?_=1607815243070&CODE_STATE=getMsg HTTP/1.1" 200 27
114.84.32.187 - - [13/Dec/2020:07:20:45 +0800] "GET /xingrg/all/function/internal_message.html?_=1607815269383&CODE_STATE=getMsg HTTP/1.1" 200 27
114.88.159.147 - - [13/Dec/2020:07:20:45 +0800] "GET /xingrg/all/function/internal_message.html?_=1607815242394&CODE_STATE=getMsg HTTP/1.1" 200 27
114.84.32.187 - - [13/Dec/2020:07:20:47 +0800] "GET /xingrg/all/function/internal_message.html?_=1607815243688&CODE_STATE=getMsg HTTP/1.1" 200 27
114.84.32.187 - - [13/Dec/2020:07:20:47 +0800] "GET /xingrg/check_reg.html?_=1607815243690 HTTP/1.1" 200 22
120.253.135.82 - - [13/Dec/2020:07:20:49 +0800] "POST /xingrg/kc/base/stock_operate.html HTTP/1.1" 200 1467
180.174.56.115 - - [13/Dec/2020:07:20:52 +0800] "GET /xingrg/all/function/internal_message.html?_=1607815212802&CODE_STATE=getMsg HTTP/1.1" 200 27
114.88.159.147 - - [13/Dec/2020:07:21:01 +0800] "GET /xingrg/all/function/internal_message.html?_=1607814831974&CODE_STATE=getMsg HTTP/1.1" 200 27
114.88.163.87 - - [13/Dec/2020:07:21:10 +0800] "GET /xingrg/check_reg.html?_=1607815264025 HTTP/1.1" 200 22
114.88.159.147 - - [13/Dec/2020:07:21:15 +0800] "GET /xingrg/check_reg.html?_=1607815272404 HTTP/1.1" 200 22
114.88.163.87 - - [13/Dec/2020:07:21:25 +0800] "GET /xingrg/all/function/internal_message.html?_=1607815279126&CODE_STATE=getMsg HTTP/1.1" 200 27
114.84.32.187 - - [13/Dec/2020:07:21:27 +0800] "GET /xingrg/all/function/internal_message.html?_=1607815320277&CODE_STATE=getMsg HTTP/1.1" 302 -
120.253.135.82 - - [13/Dec/2020:07:21:33 +0800] "GET /xingrg/all/function/internal_message.html?_=1607815040995&CODE_STATE=getMsg HTTP/1.1" 200 27
172.17.0.123 - - [13/Dec/2020:07:21:36 +0800] "GET /xingrg/all/function/internal_message.html?_=1607815214042&CODE_STATE=getMsg HTTP/1.1" 200 27
180.174.56.115 - - [13/Dec/2020:07:21:44 +0800] "GET /xingrg/all/function/internal_message.html?_=1607815303061&CODE_STATE=getMsg HTTP/1.1" 200 27
114.84.32.187 - - [13/Dec/2020:07:21:45 +0800] "GET /xingrg/all/function/internal_message.html?_=1607815329396&CODE_STATE=getMsg HTTP/1.1" 200 27
114.88.159.147 - - [13/Dec/2020:07:21:45 +0800] "GET /xingrg/all/function/internal_message.html?_=1607815302390&CODE_STATE=getMsg HTTP/1.1" 200 27
114.84.32.187 - - [13/Dec/2020:07:21:47 +0800] "GET /xingrg/all/function/internal_message.html?_=1607815303688&CODE_STATE=getMsg HTTP/1.1" 200 27
180.174.56.115 - - [13/Dec/2020:07:21:52 +0800] "GET /xingrg/all/function/internal_message.html?_=1607815272843&CODE_STATE=getMsg HTTP/1.1" 200 27
114.88.159.147 - - [13/Dec/2020:07:22:01 +0800] "GET /xingrg/all/function/internal_message.html?_=1607814891973&CODE_STATE=getMsg HTTP/1.1" 200 27
114.88.163.87 - - [13/Dec/2020:07:22:25 +0800] "GET /xingrg/all/function/internal_message.html?_=1607815339140&CODE_STATE=getMsg HTTP/1.1" 200 27
114.84.32.187 - - [13/Dec/2020:07:22:27 +0800] "GET /xingrg/all/function/internal_message.html?_=1607815380283&CODE_STATE=getMsg HTTP/1.1" 302 -
120.253.135.82 - - [13/Dec/2020:07:22:33 +0800] "GET /xingrg/all/function/internal_message.html?_=1607815101009&CODE_STATE=getMsg HTTP/1.1" 200 27
172.17.0.123 - - [13/Dec/2020:07:22:36 +0800] "GET /xingrg/check_reg.html?_=1607815274028 HTTP/1.1" 200 22
172.17.0.123 - - [13/Dec/2020:07:22:36 +0800] "GET /xingrg/all/function/internal_message.html?_=1607815274028&CODE_STATE=getMsg HTTP/1.1" 200 27
120.253.135.82 - - [13/Dec/2020:07:22:36 +0800] "GET /xingrg/javascript/easyui/themes/sunny/images/ui-bg_gloss-wave_70_ffdd57_500x100.png HTTP/1.1" 200 3830
120.253.135.82 - - [13/Dec/2020:07:22:42 +0800] "POST /xingrg/kc/base/stock_operate.html HTTP/1.1" 200 2029
180.174.56.115 - - [13/Dec/2020:07:22:44 +0800] "GET /xingrg/all/function/internal_message.html?_=1607815363034&CODE_STATE=getMsg HTTP/1.1" 200 27
61.151.207.205 - - [13/Dec/2020:07:22:45 +0800] "GET /xingrg/all/function/internal_message.html?_=1607815302390&CODE_STATE=getMsg HTTP/1.1" 302 -
114.84.32.187 - - [13/Dec/2020:07:22:45 +0800] "GET /xingrg/all/function/internal_message.html?_=1607815389434&CODE_STATE=getMsg HTTP/1.1" 200 27
114.88.159.147 - - [13/Dec/2020:07:22:45 +0800] "GET /xingrg/all/function/internal_message.html?_=1607815362371&CODE_STATE=getMsg HTTP/1.1" 200 27
61.151.207.205 - - [13/Dec/2020:07:22:46 +0800] "GET /xingrg/login.html HTTP/1.1" 200 7641
114.84.32.187 - - [13/Dec/2020:07:22:47 +0800] "GET /xingrg/all/function/internal_message.html?_=1607815363690&CODE_STATE=getMsg HTTP/1.1" 200 27
180.174.56.115 - - [13/Dec/2020:07:22:52 +0800] "GET /xingrg/all/function/internal_message.html?_=1607815332846&CODE_STATE=getMsg HTTP/1.1" 200 27
114.88.159.147 - - [13/Dec/2020:07:23:01 +0800] "GET /xingrg/all/function/internal_message.html?_=1607814951973&CODE_STATE=getMsg HTTP/1.1" 200 27
117.131.5.26 - - [13/Dec/2020:07:23:04 +0800] "POST /xingrg/services/DataTransmitService HTTP/1.1" 200 524
114.84.32.187 - - [13/Dec/2020:07:23:18 +0800] "GET /xingrg/check_reg.html?_=1607815430936 HTTP/1.1" 302 -
114.88.163.87 - - [13/Dec/2020:07:23:25 +0800] "GET /xingrg/all/function/internal_message.html?_=1607815399173&CODE_STATE=getMsg HTTP/1.1" 200 27
114.84.32.187 - - [13/Dec/2020:07:23:27 +0800] "GET /xingrg/all/function/internal_message.html?_=1607815440296&CODE_STATE=getMsg HTTP/1.1" 302 -
120.253.135.82 - - [13/Dec/2020:07:23:33 +0800] "GET /xingrg/all/function/internal_message.html?_=1607815161023&CODE_STATE=getMsg HTTP/1.1" 200 27
172.17.0.123 - - [13/Dec/2020:07:23:36 +0800] "GET /xingrg/all/function/internal_message.html?_=1607815334030&CODE_STATE=getMsg HTTP/1.1" 200 27
180.174.56.115 - - [13/Dec/2020:07:23:44 +0800] "GET /xingrg/all/function/internal_message.html?_=1607815423021&CODE_STATE=getMsg HTTP/1.1" 200 27
114.84.32.187 - - [13/Dec/2020:07:23:45 +0800] "GET /xingrg/all/function/internal_message.html?_=1607815449440&CODE_STATE=getMsg HTTP/1.1" 200 27
114.88.159.147 - - [13/Dec/2020:07:23:45 +0800] "GET /xingrg/all/function/internal_message.html?_=1607815422346&CODE_STATE=getMsg HTTP/1.1" 200 27
114.84.32.187 - - [13/Dec/2020:07:23:47 +0800] "GET /xingrg/all/function/internal_message.html?_=1607815423690&CODE_STATE=getMsg HTTP/1.1" 200 27
180.174.56.115 - - [13/Dec/2020:07:23:52 +0800] "GET /xingrg/all/function/internal_message.html?_=1607815392885&CODE_STATE=getMsg HTTP/1.1" 200 27
114.88.159.147 - - [13/Dec/2020:07:24:01 +0800] "GET /xingrg/all/function/internal_message.html?_=1607815011972&CODE_STATE=getMsg HTTP/1.1" 200 27
114.88.159.147 - - [13/Dec/2020:07:24:01 +0800] "GET /xingrg/check_reg.html?_=1607815011974 HTTP/1.1" 200 22
180.174.56.115 - - [13/Dec/2020:07:24:02 +0800] "GET /xingrg/check_reg.html?_=1607815440963 HTTP/1.1" 200 22
114.84.32.187 - - [13/Dec/2020:07:24:23 +0800] "GET /xingrg/check_reg.html?_=1607815487902 HTTP/1.1" 200 22
114.88.163.87 - - [13/Dec/2020:07:24:25 +0800] "GET /xingrg/all/function/internal_message.html?_=1607815459181&CODE_STATE=getMsg HTTP/1.1" 200 27
180.174.56.115 - - [13/Dec/2020:07:24:27 +0800] "GET /xingrg/check_reg.html?_=1607815427463 HTTP/1.1" 200 22
114.84.32.187 - - [13/Dec/2020:07:24:27 +0800] "GET /xingrg/all/function/internal_message.html?_=1607815500317&CODE_STATE=getMsg HTTP/1.1" 302 -
120.253.135.82 - - [13/Dec/2020:07:24:32 +0800] "GET /xingrg/check_reg.html?_=1607815220568 HTTP/1.1" 200 22
120.253.135.82 - - [13/Dec/2020:07:24:33 +0800] "GET /xingrg/all/function/internal_message.html?_=1607815221036&CODE_STATE=getMsg HTTP/1.1" 200 27
172.17.0.123 - - [13/Dec/2020:07:24:36 +0800] "GET /xingrg/all/function/internal_message.html?_=1607815394032&CODE_STATE=getMsg HTTP/1.1" 200 27
180.174.56.115 - - [13/Dec/2020:07:24:44 +0800] "GET /xingrg/all/function/internal_message.html?_=1607815483006&CODE_STATE=getMsg HTTP/1.1" 200 27
114.84.32.187 - - [13/Dec/2020:07:24:45 +0800] "GET /xingrg/all/function/internal_message.html?_=1607815509452&CODE_STATE=getMsg HTTP/1.1" 200 27
61.129.6.145 - - [13/Dec/2020:07:24:45 +0800] "GET /xingrg/all/function/internal_message.html?_=1607815422346&CODE_STATE=getMsg HTTP/1.1" 302 -
114.88.159.147 - - [13/Dec/2020:07:24:45 +0800] "GET /xingrg/all/function/internal_message.html?_=1607815482318&CODE_STATE=getMsg HTTP/1.1" 200 27
61.129.6.145 - - [13/Dec/2020:07:24:46 +0800] "GET /xingrg/login.html HTTP/1.1" 200 7641
114.84.32.187 - - [13/Dec/2020:07:24:47 +0800] "GET /xingrg/all/function/internal_message.html?_=1607815483691&CODE_STATE=getMsg HTTP/1.1" 200 27
180.174.56.115 - - [13/Dec/2020:07:24:52 +0800] "GET /xingrg/all/function/internal_message.html?_=1607815452889&CODE_STATE=getMsg HTTP/1.1" 200 27
114.88.159.147 - - [13/Dec/2020:07:25:01 +0800] "GET /xingrg/all/function/internal_message.html?_=1607815071972&CODE_STATE=getMsg HTTP/1.1" 200 27
114.88.163.87 - - [13/Dec/2020:07:25:25 +0800] "GET /xingrg/all/function/internal_message.html?_=1607815519216&CODE_STATE=getMsg HTTP/1.1" 200 27
114.84.32.187 - - [13/Dec/2020:07:25:27 +0800] "GET /xingrg/all/function/internal_message.html?_=1607815560324&CODE_STATE=getMsg HTTP/1.1" 302 -
120.253.135.82 - - [13/Dec/2020:07:25:33 +0800] "GET /xingrg/all/function/internal_message.html?_=1607815281050&CODE_STATE=getMsg HTTP/1.1" 200 27
172.17.0.123 - - [13/Dec/2020:07:25:36 +0800] "GET /xingrg/all/function/internal_message.html?_=1607815454034&CODE_STATE=getMsg HTTP/1.1" 200 27
180.174.56.115 - - [13/Dec/2020:07:25:44 +0800] "GET /xingrg/all/function/internal_message.html?_=1607815542991&CODE_STATE=getMsg HTTP/1.1" 200 27
114.84.32.187 - - [13/Dec/2020:07:25:45 +0800] "GET /xingrg/all/function/internal_message.html?_=1607815569466&CODE_STATE=getMsg HTTP/1.1" 200 27
114.88.159.147 - - [13/Dec/2020:07:25:45 +0800] "GET /xingrg/all/function/internal_message.html?_=1607815542300&CODE_STATE=getMsg HTTP/1.1" 200 27
114.84.32.187 - - [13/Dec/2020:07:25:47 +0800] "GET /xingrg/all/function/internal_message.html?_=1607815543691&CODE_STATE=getMsg HTTP/1.1" 200 27
114.84.32.187 - - [13/Dec/2020:07:25:47 +0800] "GET /xingrg/check_reg.html?_=1607815543694 HTTP/1.1" 200 22
180.174.56.115 - - [13/Dec/2020:07:25:52 +0800] "GET /xingrg/all/function/internal_message.html?_=1607815512902&CODE_STATE=getMsg HTTP/1.1" 200 27
114.88.159.147 - - [13/Dec/2020:07:26:01 +0800] "GET /xingrg/all/function/internal_message.html?_=1607815131971&CODE_STATE=getMsg HTTP/1.1" 200 27
114.88.163.87 - - [13/Dec/2020:07:26:10 +0800] "GET /xingrg/check_reg.html?_=1607815564029 HTTP/1.1" 200 22
114.88.159.147 - - [13/Dec/2020:07:26:15 +0800] "GET /xingrg/check_reg.html?_=1607815572411 HTTP/1.1" 200 22
114.88.163.87 - - [13/Dec/2020:07:26:25 +0800] "GET /xingrg/all/function/internal_message.html?_=1607815579224&CODE_STATE=getMsg HTTP/1.1" 200 27
114.84.32.187 - - [13/Dec/2020:07:26:28 +0800] "GET /xingrg/all/function/internal_message.html?_=1607815620344&CODE_STATE=getMsg HTTP/1.1" 302 -
120.253.135.82 - - [13/Dec/2020:07:26:33 +0800] "GET /xingrg/all/function/internal_message.html?_=1607815341062&CODE_STATE=getMsg HTTP/1.1" 200 27
172.17.0.123 - - [13/Dec/2020:07:26:36 +0800] "GET /xingrg/all/function/internal_message.html?_=1607815514034&CODE_STATE=getMsg HTTP/1.1" 200 27
180.174.56.115 - - [13/Dec/2020:07:26:44 +0800] "GET /xingrg/all/function/internal_message.html?_=1607815602975&CODE_STATE=getMsg HTTP/1.1" 200 27
114.84.32.187 - - [13/Dec/2020:07:26:45 +0800] "GET /xingrg/all/function/internal_message.html?_=1607815629494&CODE_STATE=getMsg HTTP/1.1" 200 27
61.151.207.205 - - [13/Dec/2020:07:26:45 +0800] "GET /xingrg/all/function/internal_message.html?_=1607815542300&CODE_STATE=getMsg HTTP/1.1" 302 -
114.88.159.147 - - [13/Dec/2020:07:26:45 +0800] "GET /xingrg/all/function/internal_message.html?_=1607815602270&CODE_STATE=getMsg HTTP/1.1" 200 27
61.151.207.205 - - [13/Dec/2020:07:26:46 +0800] "GET /xingrg/login.html HTTP/1.1" 200 7641
114.84.32.187 - - [13/Dec/2020:07:26:47 +0800] "GET /xingrg/all/function/internal_message.html?_=1607815603692&CODE_STATE=getMsg HTTP/1.1" 200 27
180.174.56.115 - - [13/Dec/2020:07:26:52 +0800] "GET /xingrg/all/function/internal_message.html?_=1607815572943&CODE_STATE=getMsg HTTP/1.1" 200 27
114.88.159.147 - - [13/Dec/2020:07:27:01 +0800] "GET /xingrg/all/function/internal_message.html?_=1607815191971&CODE_STATE=getMsg HTTP/1.1" 200 27
120.253.135.82 - - [13/Dec/2020:07:27:14 +0800] "POST /xingrg/kc/base/stock_operate.html HTTP/1.1" 200 1470
114.88.163.87 - - [13/Dec/2020:07:27:25 +0800] "GET /xingrg/all/function/internal_message.html?_=1607815639239&CODE_STATE=getMsg HTTP/1.1" 200 27
114.84.32.187 - - [13/Dec/2020:07:27:28 +0800] "GET /xingrg/all/function/internal_message.html?_=1607815680351&CODE_STATE=getMsg HTTP/1.1" 302 -
120.253.135.82 - - [13/Dec/2020:07:27:33 +0800] "GET /xingrg/all/function/internal_message.html?_=1607815401077&CODE_STATE=getMsg HTTP/1.1" 200 27
172.17.0.123 - - [13/Dec/2020:07:27:36 +0800] "GET /xingrg/check_reg.html?_=1607815574038 HTTP/1.1" 200 22
172.17.0.123 - - [13/Dec/2020:07:27:36 +0800] "GET /xingrg/all/function/internal_message.html?_=1607815574040&CODE_STATE=getMsg HTTP/1.1" 200 27
180.174.56.115 - - [13/Dec/2020:07:27:44 +0800] "GET /xingrg/all/function/internal_message.html?_=1607815662965&CODE_STATE=getMsg HTTP/1.1" 200 27
114.84.32.187 - - [13/Dec/2020:07:27:45 +0800] "GET /xingrg/all/function/internal_message.html?_=1607815689494&CODE_STATE=getMsg HTTP/1.1" 200 27
114.88.159.147 - - [13/Dec/2020:07:27:45 +0800] "GET /xingrg/all/function/internal_message.html?_=1607815662242&CODE_STATE=getMsg HTTP/1.1" 200 27
101.89.239.245 - - [13/Dec/2020:07:27:45 +0800] "GET /xingrg/all/function/internal_message.html?_=1607815602270&CODE_STATE=getMsg HTTP/1.1" 302 -
101.89.239.245 - - [13/Dec/2020:07:27:46 +0800] "GET /xingrg/login.html HTTP/1.1" 200 7641
