180.174.56.115 - - [13/Dec/2020:10:33:56 +0800] "GET /xingrg/all/function/internal_message.html?_=1607826796811&CODE_STATE=getMsg HTTP/1.1" 200 27
116.228.172.94 - - [13/Dec/2020:10:33:57 +0800] "GET /xingrg/kc/buy/cgsh_order_operate.html?command=get_materiel&rest_code=00107&code=00101001134&supplier_code=00100312&order_time=2020-12-13 HTTP/1.1" 200 414
117.184.7.26 - - [13/Dec/2020:10:33:58 +0800] "GET /xingrg/kc/buy/cgsh_order_operate.html?command=get_materiel&rest_code=00108&code=00101008163&supplier_code=00100008&order_time=2020-12-13 HTTP/1.1" 200 409
172.17.0.120 - - [13/Dec/2020:10:34:00 +0800] "GET /xingrg/all/function/internal_message.html?_=1607827372603&CODE_STATE=getMsg HTTP/1.1" 200 27
114.88.163.87 - - [13/Dec/2020:10:34:00 +0800] "GET /xingrg/all/function/internal_message.html?_=1607826969138&CODE_STATE=getMsg HTTP/1.1" 200 27
114.88.159.147 - - [13/Dec/2020:10:34:01 +0800] "GET /xingrg/check_reg.html?_=1607826412568 HTTP/1.1" 200 22
114.88.159.147 - - [13/Dec/2020:10:34:01 +0800] "GET /xingrg/all/function/internal_message.html?_=1607826412570&CODE_STATE=getMsg HTTP/1.1" 200 27
172.17.0.120 - - [13/Dec/2020:10:34:02 +0800] "GET /xingrg/javascript/jquery_easy_ui/themes/default/images/button_a_bg.gif HTTP/1.1" 200 1194
172.17.0.120 - - [13/Dec/2020:10:34:02 +0800] "GET /xingrg/javascript/jquery_easy_ui/themes/default/images/button_span_bg.gif HTTP/1.1" 200 2061
172.17.0.120 - - [13/Dec/2020:10:34:02 +0800] "GET /xingrg/javascript/jquery_easy_ui/themes/icons/ok.png HTTP/1.1" 200 883
172.17.0.120 - - [13/Dec/2020:10:34:02 +0800] "GET /xingrg/javascript/jquery_easy_ui/themes/default/images/panel_title.png HTTP/1.1" 200 266
172.17.0.120 - - [13/Dec/2020:10:34:02 +0800] "GET /xingrg/javascript/jquery_easy_ui/themes/default/images/panel_tools.gif HTTP/1.1" 200 737
172.17.0.120 - - [13/Dec/2020:10:34:03 +0800] "POST /xingrg/all/user/operate.html HTTP/1.1" 200 36
172.17.0.120 - - [13/Dec/2020:10:34:04 +0800] "GET /xingrg/index.html?sysBaseUrl=http%3A%2F%2F172.17.0.8%3A18081%2Fxingrg%2F&costTime=93×tamp=1607822214599 HTTP/1.1" 200 17448
172.17.0.120 - - [13/Dec/2020:10:34:04 +0800] "GET /xingrg/javascript/jquery_easy_ui/themes/default/easyui.css HTTP/1.1" 200 26500
172.17.0.120 - - [13/Dec/2020:10:34:04 +0800] "GET /xingrg/javascript/jquery_easy_ui/themes/icon.css HTTP/1.1" 200 3949
172.17.0.120 - - [13/Dec/2020:10:34:04 +0800] "GET /xingrg/css/form.css HTTP/1.1" 200 893
172.17.0.120 - - [13/Dec/2020:10:34:04 +0800] "GET /xingrg/javascript/jquery-1.4.2.min.js HTTP/1.1" 200 72205
172.17.0.120 - - [13/Dec/2020:10:34:04 +0800] "GET /xingrg/javascript/jquery_easy_ui/jquery.easyui.min.js HTTP/1.1" 200 213662
172.17.0.120 - - [13/Dec/2020:10:34:04 +0800] "GET /xingrg/javascript/jquery_easy_ui/easyui-lang-zh_CN.js HTTP/1.1" 200 1900
172.17.0.120 - - [13/Dec/2020:10:34:04 +0800] "GET /xingrg/javascript/jquery.form.js HTTP/1.1" 200 23110
172.17.0.120 - - [13/Dec/2020:10:34:04 +0800] "GET /xingrg/javascript/jquery.utils.js HTTP/1.1" 200 11805
172.17.0.120 - - [13/Dec/2020:10:34:04 +0800] "GET /xingrg/javascript/jquery.timers.js HTTP/1.1" 200 3532
172.17.0.120 - - [13/Dec/2020:10:34:04 +0800] "GET /xingrg/images/blue/jxLogo.png HTTP/1.1" 200 6156
172.17.0.120 - - [13/Dec/2020:10:34:04 +0800] "GET /xingrg/javascript/jquery_easy_ui/themes/icons/settle_new.png HTTP/1.1" 200 826
172.17.0.120 - - [13/Dec/2020:10:34:04 +0800] "GET /xingrg/images/blue/navBackgound.jpg HTTP/1.1" 200 12378
172.17.0.120 - - [13/Dec/2020:10:34:04 +0800] "POST /xingrg/all/common/load_tree.html?tree=area_rest_tree_json&manage=1 HTTP/1.1" 200 3350
172.17.0.120 - - [13/Dec/2020:10:34:04 +0800] "GET /xingrg/all/function/internal_message.html?_=1607827376586&CODE_STATE=count HTTP/1.1" 200 11
172.17.0.120 - - [13/Dec/2020:10:34:04 +0800] "GET /xingrg/check_reg.html?_=1607827376588 HTTP/1.1" 200 22
172.17.0.120 - - [13/Dec/2020:10:34:04 +0800] "GET /xingrg/javascript/jquery_easy_ui/themes/default/images/panel_tool_expand.gif HTTP/1.1" 200 247
172.17.0.120 - - [13/Dec/2020:10:34:04 +0800] "GET /xingrg/javascript/jquery_easy_ui/themes/default/images/tabs_leftarrow.png HTTP/1.1" 200 389
172.17.0.120 - - [13/Dec/2020:10:34:04 +0800] "GET /xingrg/javascript/jquery_easy_ui/themes/default/images/panel_tool_collapse.gif HTTP/1.1" 200 246
172.17.0.120 - - [13/Dec/2020:10:34:04 +0800] "GET /xingrg/images/blue/pingpu.png HTTP/1.1" 200 231
172.17.0.120 - - [13/Dec/2020:10:34:04 +0800] "GET /xingrg/javascript/jquery_easy_ui/themes/default/images/tabs_rightarrow.png HTTP/1.1" 200 395
172.17.0.120 - - [13/Dec/2020:10:34:04 +0800] "POST /xingrg/load_menu.html HTTP/1.1" 200 9924
172.17.0.120 - - [13/Dec/2020:10:34:04 +0800] "GET /xingrg/javascript/jquery_easy_ui/themes/icons/setting_new.png HTTP/1.1" 200 450
172.17.0.120 - - [13/Dec/2020:10:34:04 +0800] "GET /xingrg/javascript/jquery_easy_ui/themes/icons/search_new.png HTTP/1.1" 200 586
172.17.0.120 - - [13/Dec/2020:10:34:04 +0800] "GET /xingrg/javascript/jquery_easy_ui/themes/default/images/tree_folder_open.gif HTTP/1.1" 200 956
172.17.0.120 - - [13/Dec/2020:10:34:04 +0800] "GET /xingrg/javascript/jquery_easy_ui/themes/icons/systemset_new.png HTTP/1.1" 200 606
172.17.0.120 - - [13/Dec/2020:10:34:04 +0800] "GET /xingrg/javascript/jquery_easy_ui/themes/default/images/tree_file.gif HTTP/1.1" 200 118
172.17.0.120 - - [13/Dec/2020:10:34:04 +0800] "GET /xingrg/javascript/jquery_easy_ui/themes/icons/checkout_new.png HTTP/1.1" 200 744
172.17.0.120 - - [13/Dec/2020:10:34:04 +0800] "GET /xingrg/javascript/jquery_easy_ui/themes/icons/storage_new.png HTTP/1.1" 200 853
172.17.0.120 - - [13/Dec/2020:10:34:04 +0800] "GET /xingrg/javascript/jquery_easy_ui/themes/icons/forms_new.png HTTP/1.1" 200 350
172.17.0.120 - - [13/Dec/2020:10:34:04 +0800] "GET /xingrg/javascript/jquery_easy_ui/themes/default/images/tree_folder.gif HTTP/1.1" 200 952
172.17.0.120 - - [13/Dec/2020:10:34:04 +0800] "GET /xingrg/javascript/jquery_easy_ui/themes/default/images/tree_arrows.gif HTTP/1.1" 200 1043
172.17.0.120 - - [13/Dec/2020:10:34:05 +0800] "GET /xingrg/javascript/jquery_easy_ui/themes/default/images/tabs_close.gif HTTP/1.1" 200 829
172.17.0.120 - - [13/Dec/2020:10:34:05 +0800] "GET /xingrg/kc/buy/buy_main.html HTTP/1.1" 200 12377
172.17.0.120 - - [13/Dec/2020:10:34:05 +0800] "GET /xingrg/css/blue.css HTTP/1.1" 200 15949
172.17.0.120 - - [13/Dec/2020:10:34:05 +0800] "GET /xingrg/css/new_ie.css HTTP/1.1" 404 1036
172.17.0.120 - - [13/Dec/2020:10:34:05 +0800] "GET /xingrg/javascript/jquery_ui/themes/humanity/humanity.css HTTP/1.1" 200 27801
172.17.0.120 - - [13/Dec/2020:10:34:05 +0800] "GET /xingrg/javascript/pic_change.js HTTP/1.1" 200 4739
172.17.0.120 - - [13/Dec/2020:10:34:05 +0800] "GET /xingrg/javascript/ToolTips.js HTTP/1.1" 200 5615
172.17.0.120 - - [13/Dec/2020:10:34:05 +0800] "GET /xingrg/javascript/myfunction.js HTTP/1.1" 200 24559
172.17.0.120 - - [13/Dec/2020:10:34:05 +0800] "GET /xingrg/javascript/jquery_ui/jquery-ui.min.js HTTP/1.1" 200 186181
172.17.0.120 - - [13/Dec/2020:10:34:05 +0800] "GET /xingrg/images/blue/button/cgxqd.gif HTTP/1.1" 200 2619
172.17.0.120 - - [13/Dec/2020:10:34:05 +0800] "GET /xingrg/images/blue/button/cgydd.gif HTTP/1.1" 200 2712
172.17.0.120 - - [13/Dec/2020:10:34:05 +0800] "GET /xingrg/images/blue/button/cgshd.gif HTTP/1.1" 200 2618
172.17.0.120 - - [13/Dec/2020:10:34:05 +0800] "GET /xingrg/images/blue/button/cgfkd.gif HTTP/1.1" 200 2075
172.17.0.120 - - [13/Dec/2020:10:34:05 +0800] "GET /xingrg/images/blue/button/kc.gif HTTP/1.1" 200 2160
172.17.0.120 - - [13/Dec/2020:10:34:05 +0800] "GET /xingrg/images/blue/button/ckthd.gif HTTP/1.1" 200 2045
172.17.0.120 - - [13/Dec/2020:10:34:05 +0800] "GET /xingrg/images/blue/pic_form2.gif HTTP/1.1" 200 1853
172.17.0.120 - - [13/Dec/2020:10:34:05 +0800] "GET /xingrg/images/blue/bg_dotted.jpg HTTP/1.1" 200 319
172.17.0.120 - - [13/Dec/2020:10:34:05 +0800] "GET /xingrg/images/blue/button/right_ah.jpg HTTP/1.1" 200 1744
172.17.0.120 - - [13/Dec/2020:10:34:05 +0800] "GET /xingrg/javascript/jquery_ui/themes/humanity/images/ui-bg_inset-soft_100_f4f0ec_1x100.png HTTP/1.1" 200 141
172.17.0.120 - - [13/Dec/2020:10:34:05 +0800] "GET /xingrg/images/blue/button/down_ah.jpg HTTP/1.1" 200 1732
172.17.0.120 - - [13/Dec/2020:10:34:05 +0800] "GET /xingrg/javascript/jquery_ui/themes/humanity/images/ui-bg_glass_70_ede4d4_1x400.png HTTP/1.1" 200 161
172.17.0.120 - - [13/Dec/2020:10:34:05 +0800] "GET /xingrg/javascript/jquery_ui/themes/humanity/images/ui-icons_ffffff_256x240.png HTTP/1.1" 200 4369
172.17.0.120 - - [13/Dec/2020:10:34:05 +0800] "GET /xingrg/javascript/jquery_ui/themes/humanity/images/ui-iconsnew.jpg HTTP/1.1" 200 337
172.17.0.120 - - [13/Dec/2020:10:34:05 +0800] "GET /xingrg/javascript/jquery_ui/themes/humanity/images/ui-icons_c47a23_256x240.png HTTP/1.1" 200 5355
172.17.0.120 - - [13/Dec/2020:10:34:05 +0800] "GET /xingrg/images/yd/bt.gif HTTP/1.1" 404 1040
172.17.0.120 - - [13/Dec/2020:10:34:06 +0800] "GET /xingrg/kc/buy/cgsh_order_list.html HTTP/1.1" 200 45440
172.17.0.120 - - [13/Dec/2020:10:34:06 +0800] "GET /xingrg/css/base.css HTTP/1.1" 200 2811
172.17.0.120 - - [13/Dec/2020:10:34:06 +0800] "GET /xingrg/css/site.css HTTP/1.1" 200 7541
172.17.0.120 - - [13/Dec/2020:10:34:06 +0800] "GET /xingrg/javascript/jquery_tools/datebox.css HTTP/1.1" 200 2597
172.17.0.120 - - [13/Dec/2020:10:34:06 +0800] "GET /xingrg/javascript/easyui/themes/icon.css HTTP/1.1" 200 4483
172.17.0.120 - - [13/Dec/2020:10:34:06 +0800] "GET /xingrg/javascript/easyui/themes/default/easyui.css HTTP/1.1" 200 30432
172.17.0.120 - - [13/Dec/2020:10:34:06 +0800] "GET /xingrg/javascript/auto/jquery.autocomplete.css HTTP/1.1" 200 587
172.17.0.120 - - [13/Dec/2020:10:34:06 +0800] "GET /xingrg/javascript/jquery_tools/fix.css HTTP/1.1" 200 1702
172.17.0.120 - - [13/Dec/2020:10:34:06 +0800] "GET /xingrg/javascript/jquery_tools/table.css HTTP/1.1" 200 1032
172.17.0.120 - - [13/Dec/2020:10:34:06 +0800] "GET /xingrg/javascript/jquery_tools/jquery.tools.min.js HTTP/1.1" 200 138801
172.17.0.120 - - [13/Dec/2020:10:34:06 +0800] "GET /xingrg/javascript/jquery_tools/jquery.tools.extend.js HTTP/1.1" 200 15385
172.17.0.120 - - [13/Dec/2020:10:34:06 +0800] "GET /xingrg/javascript/jquery_tools/jquery.tools.hotkey.js HTTP/1.1" 200 3242
172.17.0.120 - - [13/Dec/2020:10:34:06 +0800] "GET /xingrg/javascript/jquery_tools/jquery.tools.table.js HTTP/1.1" 200 6994
172.17.0.120 - - [13/Dec/2020:10:34:06 +0800] "GET /xingrg/javascript/jquery_tools/list_manager.js HTTP/1.1" 200 3652
172.17.0.120 - - [13/Dec/2020:10:34:06 +0800] "GET /xingrg/javascript/auto/jquery.autocomplete.js HTTP/1.1" 200 21624
172.17.0.120 - - [13/Dec/2020:10:34:06 +0800] "GET /xingrg/javascript/easyui/easyloader.js HTTP/1.1" 200 5975
172.17.0.120 - - [13/Dec/2020:10:34:06 +0800] "GET /xingrg/javascript/jquery.cookie.js HTTP/1.1" 200 5513
172.17.0.120 - - [13/Dec/2020:10:34:06 +0800] "GET /xingrg/javascript/print/LodopFuncs.js HTTP/1.1" 200 5121
172.17.0.120 - - [13/Dec/2020:10:34:06 +0800] "GET /xingrg/javascript/easyui/plugins/jquery.parser.js HTTP/1.1" 200 1142
172.17.0.120 - - [13/Dec/2020:10:34:06 +0800] "GET /xingrg/images/control/ajaxLoader.gif HTTP/1.1" 200 4659
172.17.0.120 - - [13/Dec/2020:10:34:06 +0800] "GET /xingrg/javascript/easyui/themes/icons/edit_add_new.png HTTP/1.1" 200 2997
172.17.0.120 - - [13/Dec/2020:10:34:06 +0800] "GET /xingrg/javascript/easyui/themes/icons/check_new.png HTTP/1.1" 200 3224
172.17.0.120 - - [13/Dec/2020:10:34:06 +0800] "GET /xingrg/javascript/easyui/themes/icons/import_new.png HTTP/1.1" 200 1247
172.17.0.120 - - [13/Dec/2020:10:34:06 +0800] "GET /xingrg/javascript/easyui/themes/icons/field_new.png HTTP/1.1" 200 1097
172.17.0.120 - - [13/Dec/2020:10:34:06 +0800] "GET /xingrg/javascript/easyui/themes/icons/uncheck_new.png HTTP/1.1" 200 3197
172.17.0.120 - - [13/Dec/2020:10:34:06 +0800] "GET /xingrg/javascript/easyui/themes/icons/cance_new.png HTTP/1.1" 200 3986
117.184.7.26 - - [13/Dec/2020:10:34:07 +0800] "GET /xingrg/kc/buy/cgsh_order_operate.html?command=get_materiel&rest_code=00108&code=00101008064&supplier_code=00100008&order_time=2020-12-13 HTTP/1.1" 200 412
172.17.0.120 - - [13/Dec/2020:10:34:07 +0800] "POST /xingrg/kc/buy/cgsh_list_operate.html HTTP/1.1" 200 876
61.129.6.251 - - [13/Dec/2020:10:34:08 +0800] "GET /xingrg/all/function/internal_message.html?_=1607826079137&CODE_STATE=getMsg HTTP/1.1" 302 -
180.162.223.42 - - [13/Dec/2020:10:34:08 +0800] "GET /xingrg/kc/buy/cgsh_order_operate.html?command=get_materiel&rest_code=00105&code=00101005022&supplier_code=00100347&order_time=2020-12-13 HTTP/1.1" 200 417
172.17.0.120 - - [13/Dec/2020:10:34:09 +0800] "GET /xingrg/javascript/jquery_tools/images/prev.gif HTTP/1.1" 404 1086
172.17.0.120 - - [13/Dec/2020:10:34:09 +0800] "GET /xingrg/javascript/jquery_tools/images/next.gif HTTP/1.1" 404 1086
116.228.172.94 - - [13/Dec/2020:10:34:14 +0800] "GET /xingrg/kc/buy/cgsh_order_operate.html?command=get_materiel&rest_code=00107&code=00101001016&supplier_code=00100312&order_time=2020-12-13 HTTP/1.1" 200 415
180.162.223.42 - - [13/Dec/2020:10:34:15 +0800] "GET /xingrg/kc/buy/cgsh_order_operate.html?command=get_materiel&rest_code=00105&code=00101001045&supplier_code=00100347&order_time=2020-12-13 HTTP/1.1" 200 423
117.184.7.26 - - [13/Dec/2020:10:34:15 +0800] "GET /xingrg/kc/buy/cgsh_order_operate.html?command=get_materiel&rest_code=00108&code=00101008355&supplier_code=00100008&order_time=2020-12-13 HTTP/1.1" 200 408
61.129.6.251 - - [13/Dec/2020:10:34:16 +0800] "GET /xingrg/login.html HTTP/1.1" 200 7641
101.91.60.105 - - [13/Dec/2020:10:34:16 +0800] "GET /xingrg/kc/buy/cgsh_order_info.html?code=212020121305038 HTTP/1.1" 302 -
222.69.138.156 - - [13/Dec/2020:10:34:20 +0800] "GET /xingrg/all/function/internal_message.html?_=1607826856683&CODE_STATE=getMsg HTTP/1.1" 200 27
101.91.60.105 - - [13/Dec/2020:10:34:20 +0800] "GET /xingrg/login.html HTTP/1.1" 200 7641
114.88.159.147 - - [13/Dec/2020:10:34:21 +0800] "GET /xingrg/all/function/internal_message.html?_=1607826859161&CODE_STATE=getMsg HTTP/1.1" 200 27
117.184.7.26 - - [13/Dec/2020:10:34:22 +0800] "GET /xingrg/all/function/internal_message.html?_=1607826858006&CODE_STATE=getMsg HTTP/1.1" 200 27
172.17.0.120 - - [13/Dec/2020:10:34:23 +0800] "POST /xingrg/kc/buy/cgsh_list_operate.html HTTP/1.1" 200 4326
114.84.32.187 - - [13/Dec/2020:10:34:23 +0800] "GET /xingrg/check_reg.html?_=1607826888196 HTTP/1.1" 200 22
172.17.200.101 - - [13/Dec/2020:10:34:24 +0800] "GET /xingrg/all/function/internal_message.html?_=1607826865706&CODE_STATE=getMsg HTTP/1.1" 200 27
117.184.7.26 - - [13/Dec/2020:10:34:26 +0800] "GET /xingrg/kc/buy/cgsh_order_operate.html?command=get_materiel&rest_code=00108&code=00101008264&supplier_code=00100008&order_time=2020-12-13 HTTP/1.1" 200 412
117.185.32.26 - - [13/Dec/2020:10:34:26 +0800] "GET /xingrg/all/function/internal_message.html?_=1607827320445&CODE_STATE=getMsg HTTP/1.1" 200 27
180.174.56.115 - - [13/Dec/2020:10:34:27 +0800] "GET /xingrg/check_reg.html?_=1607826827670 HTTP/1.1" 200 22
114.88.163.87 - - [13/Dec/2020:10:34:29 +0800] "GET /xingrg/all/function/internal_message.html?_=1607826862948&CODE_STATE=getMsg HTTP/1.1" 200 27
114.84.32.187 - - [13/Dec/2020:10:34:30 +0800] "GET /xingrg/all/function/internal_message.html?_=1607826902898&CODE_STATE=getMsg HTTP/1.1" 302 -
117.185.32.26 - - [13/Dec/2020:10:34:34 +0800] "POST /xingrg/services/DataTransmitService HTTP/1.1" 200 524
117.185.32.26 - - [13/Dec/2020:10:34:34 +0800] "POST /xingrg/services/DataTransmitService HTTP/1.1" 200 2287
117.185.32.26 - - [13/Dec/2020:10:34:35 +0800] "POST /xingrg/services/DataTransmitService HTTP/1.1" 200 168148
180.162.223.42 - - [13/Dec/2020:10:34:35 +0800] "POST /xingrg/kc/buy/cgsh_order_operate.html HTTP/1.1" 200 37
180.174.56.115 - - [13/Dec/2020:10:34:36 +0800] "GET /xingrg/all/function/internal_message.html?_=1607826874718&CODE_STATE=getMsg HTTP/1.1" 200 27
116.228.172.94 - - [13/Dec/2020:10:34:37 +0800] "GET /xingrg/all/function/internal_message.html?_=1607826873385&CODE_STATE=getMsg HTTP/1.1" 200 27
180.162.223.42 - - [13/Dec/2020:10:34:37 +0800] "POST /xingrg/kc/buy/cgsh_order_operate.html HTTP/1.1" 200 4447
172.17.0.100 - - [13/Dec/2020:10:34:38 +0800] "GET /xingrg/all/function/internal_message.html?_=1607826875234&CODE_STATE=getMsg HTTP/1.1" 200 27
180.162.223.42 - - [13/Dec/2020:10:34:38 +0800] "GET /xingrg/kc/print/load_data.html?order_code=212020121305043&kc_code=cgsh&condition= HTTP/1.1" 200 1346
180.157.253.48 - - [13/Dec/2020:10:34:39 +0800] "GET /xingrg/all/function/internal_message.html?_=1607826875696&CODE_STATE=getMsg HTTP/1.1" 200 27
117.184.7.26 - - [13/Dec/2020:10:34:40 +0800] "GET /xingrg/kc/buy/cgsh_order_operate.html?command=get_materiel&rest_code=00108&code=00101008059&supplier_code=00100008&order_time=2020-12-13 HTTP/1.1" 200 408
116.228.172.94 - - [13/Dec/2020:10:34:40 +0800] "GET /xingrg/kc/buy/cgsh_order_operate.html?command=get_materiel&rest_code=00107&code=00101001096&supplier_code=00100312&order_time=2020-12-13 HTTP/1.1" 200 428
172.17.0.120 - - [13/Dec/2020:10:34:40 +0800] "POST /xingrg/kc/buy/cgsh_list_operate.html HTTP/1.1" 200 4326
180.152.104.37 - - [13/Dec/2020:10:34:43 +0800] "GET /xingrg/all/function/internal_message.html?_=1607827111244&CODE_STATE=getMsg HTTP/1.1" 200 27
114.84.32.187 - - [13/Dec/2020:10:34:47 +0800] "GET /xingrg/all/function/internal_message.html?_=1607826883913&CODE_STATE=getMsg HTTP/1.1" 200 27
180.162.223.42 - - [13/Dec/2020:10:34:52 +0800] "GET /xingrg/all/function/internal_message.html?_=1607826888289&CODE_STATE=getMsg HTTP/1.1" 200 27
180.162.223.42 - - [13/Dec/2020:10:34:52 +0800] "GET /xingrg/check_reg.html?_=1607826888292 HTTP/1.1" 200 22
114.84.32.187 - - [13/Dec/2020:10:34:54 +0800] "GET /xingrg/all/function/internal_message.html?_=1607826919443&CODE_STATE=getMsg HTTP/1.1" 200 27
116.228.172.94 - - [13/Dec/2020:10:34:56 +0800] "GET /xingrg/kc/buy/cgsh_order_operate.html?command=get_materiel&rest_code=00107&code=00101001138&supplier_code=00100312&order_time=2020-12-13 HTTP/1.1" 200 432
180.174.56.115 - - [13/Dec/2020:10:34:56 +0800] "GET /xingrg/all/function/internal_message.html?_=1607826856826&CODE_STATE=getMsg HTTP/1.1" 200 27
114.88.163.87 - - [13/Dec/2020:10:35:00 +0800] "GET /xingrg/all/function/internal_message.html?_=1607827029108&CODE_STATE=getMsg HTTP/1.1" 200 27
114.88.163.87 - - [13/Dec/2020:10:35:00 +0800] "GET /xingrg/check_reg.html?_=1607827029364 HTTP/1.1" 200 22
114.88.159.147 - - [13/Dec/2020:10:35:01 +0800] "GET /xingrg/all/function/internal_message.html?_=1607826472569&CODE_STATE=getMsg HTTP/1.1" 200 27
172.17.0.120 - - [13/Dec/2020:10:35:04 +0800] "GET /xingrg/all/function/internal_message.html?_=1607827436602&CODE_STATE=getMsg HTTP/1.1" 200 27
180.162.223.42 - - [13/Dec/2020:10:35:18 +0800] "GET /xingrg/kc/buy/cgsh_order_add.html HTTP/1.1" 200 60989
180.162.223.42 - - [13/Dec/2020:10:35:18 +0800] "GET /xingrg/javascript/easyui/themes/default/validatebox.css HTTP/1.1" 404 1104
180.162.223.42 - - [13/Dec/2020:10:35:18 +0800] "POST /xingrg/kc/buy/cgsh_order_operate.html HTTP/1.1" 200 8245
222.69.138.156 - - [13/Dec/2020:10:35:20 +0800] "GET /xingrg/all/function/internal_message.html?_=1607826916669&CODE_STATE=getMsg HTTP/1.1" 200 27
114.88.159.147 - - [13/Dec/2020:10:35:21 +0800] "GET /xingrg/all/function/internal_message.html?_=1607826919155&CODE_STATE=getMsg HTTP/1.1" 200 27
114.88.159.147 - - [13/Dec/2020:10:35:21 +0800] "GET /xingrg/check_reg.html?_=1607826919157 HTTP/1.1" 200 22
117.184.7.26 - - [13/Dec/2020:10:35:22 +0800] "GET /xingrg/all/function/internal_message.html?_=1607826918037&CODE_STATE=getMsg HTTP/1.1" 200 27
172.17.200.101 - - [13/Dec/2020:10:35:24 +0800] "GET /xingrg/all/function/internal_message.html?_=1607826925708&CODE_STATE=getMsg HTTP/1.1" 200 27
117.185.32.26 - - [13/Dec/2020:10:35:26 +0800] "GET /xingrg/all/function/internal_message.html?_=1607827380454&CODE_STATE=getMsg HTTP/1.1" 200 27
180.162.223.42 - - [13/Dec/2020:10:35:26 +0800] "GET /xingrg/kc/buy/cgsh_order_operate.html?command=get_materiel&rest_code=00105&code=00101018011&supplier_code=00100330&order_time=2020-12-13 HTTP/1.1" 200 413
114.88.163.87 - - [13/Dec/2020:10:35:29 +0800] "GET /xingrg/all/function/internal_message.html?_=1607826922986&CODE_STATE=getMsg HTTP/1.1" 200 27
114.84.32.187 - - [13/Dec/2020:10:35:30 +0800] "GET /xingrg/all/function/internal_message.html?_=1607826962905&CODE_STATE=getMsg HTTP/1.1" 302 -
180.174.56.115 - - [13/Dec/2020:10:35:36 +0800] "GET /xingrg/all/function/internal_message.html?_=1607826934722&CODE_STATE=getMsg HTTP/1.1" 200 27
116.228.172.94 - - [13/Dec/2020:10:35:37 +0800] "GET /xingrg/all/function/internal_message.html?_=1607826933357&CODE_STATE=getMsg HTTP/1.1" 200 27
116.228.172.94 - - [13/Dec/2020:10:35:37 +0800] "GET /xingrg/kc/buy/cgsh_order_operate.html?command=get_materiel&rest_code=00107&code=00101004023&supplier_code=00100312&order_time=2020-12-13 HTTP/1.1" 200 409
172.17.0.100 - - [13/Dec/2020:10:35:38 +0800] "GET /xingrg/all/function/internal_message.html?_=1607826935242&CODE_STATE=getMsg HTTP/1.1" 200 27
180.157.253.48 - - [13/Dec/2020:10:35:39 +0800] "GET /xingrg/check_reg.html?_=1607826935746 HTTP/1.1" 200 22
180.157.253.48 - - [13/Dec/2020:10:35:39 +0800] "GET /xingrg/all/function/internal_message.html?_=1607826935747&CODE_STATE=getMsg HTTP/1.1" 200 27
180.152.104.37 - - [13/Dec/2020:10:35:42 +0800] "GET /xingrg/check_reg.html?_=1607827170294 HTTP/1.1" 200 22
180.152.104.37 - - [13/Dec/2020:10:35:43 +0800] "GET /xingrg/all/function/internal_message.html?_=1607827171257&CODE_STATE=getMsg HTTP/1.1" 200 27
117.184.7.26 - - [13/Dec/2020:10:35:45 +0800] "POST /xingrg/kc/buy/cgsh_list_operate.html HTTP/1.1" 200 5760
180.162.223.42 - - [13/Dec/2020:10:35:47 +0800] "GET /xingrg/kc/buy/cgsh_order_operate.html?command=get_materiel&rest_code=00105&code=00101006199&supplier_code=00100330&order_time=2020-12-13 HTTP/1.1" 200 414
114.84.32.187 - - [13/Dec/2020:10:35:47 +0800] "GET /xingrg/all/function/internal_message.html?_=1607826943916&CODE_STATE=getMsg HTTP/1.1" 200 27
114.84.32.187 - - [13/Dec/2020:10:35:47 +0800] "GET /xingrg/check_reg.html?_=1607826943919 HTTP/1.1" 200 22
61.151.178.197 - - [13/Dec/2020:10:35:48 +0800] "GET /xingrg/all/function/internal_message.html?_=1607826559167&CODE_STATE=getMsg HTTP/1.1" 302 -
180.174.56.115 - - [13/Dec/2020:10:35:49 +0800] "GET /xingrg/kc/buy/cgsh_order_list.html HTTP/1.1" 200 45211
180.174.56.115 - - [13/Dec/2020:10:35:50 +0800] "POST /xingrg/kc/buy/cgsh_list_operate.html HTTP/1.1" 200 876
180.174.56.115 - - [13/Dec/2020:10:35:50 +0800] "GET /xingrg/kc/buy/cgsh_order_add.html HTTP/1.1" 200 60866
180.174.56.115 - - [13/Dec/2020:10:35:51 +0800] "GET /xingrg/words/20201212095936_words.js HTTP/1.1" 304 -
180.174.56.115 - - [13/Dec/2020:10:35:51 +0800] "POST /xingrg/kc/buy/cgsh_order_operate.html HTTP/1.1" 200 8245
180.174.56.115 - - [13/Dec/2020:10:35:51 +0800] "GET /xingrg/javascript/easyui/themes/default/validatebox.css HTTP/1.1" 404 1104
180.162.223.42 - - [13/Dec/2020:10:35:52 +0800] "GET /xingrg/all/function/internal_message.html?_=1607826948322&CODE_STATE=getMsg HTTP/1.1" 200 27
117.184.7.26 - - [13/Dec/2020:10:35:53 +0800] "POST /xingrg/kc/buy/cgsh_list_operate.html HTTP/1.1" 200 5912
180.174.56.115 - - [13/Dec/2020:10:35:53 +0800] "GET /xingrg/javascript/auto/indicator.gif HTTP/1.1" 404 1066
180.162.223.42 - - [13/Dec/2020:10:35:54 +0800] "GET /xingrg/kc/buy/cgsh_order_operate.html?command=get_materiel&rest_code=00105&code=00101018007&supplier_code=00100330&order_time=2020-12-13 HTTP/1.1" 200 411
114.84.32.187 - - [13/Dec/2020:10:35:54 +0800] "GET /xingrg/all/function/internal_message.html?_=1607826979458&CODE_STATE=getMsg HTTP/1.1" 200 27
116.228.172.94 - - [13/Dec/2020:10:35:56 +0800] "POST /xingrg/kc/buy/cgsh_order_operate.html HTTP/1.1" 200 37
180.174.56.115 - - [13/Dec/2020:10:35:56 +0800] "GET /xingrg/all/function/internal_message.html?_=1607826916841&CODE_STATE=getMsg HTTP/1.1" 200 27
61.151.178.197 - - [13/Dec/2020:10:35:58 +0800] "GET /xingrg/login.html HTTP/1.1" 200 7641
116.228.172.94 - - [13/Dec/2020:10:35:58 +0800] "POST /xingrg/kc/buy/cgsh_order_operate.html HTTP/1.1" 200 8614
117.184.7.26 - - [13/Dec/2020:10:35:59 +0800] "POST /xingrg/kc/buy/cgsh_list_operate.html HTTP/1.1" 200 5875
114.88.163.87 - - [13/Dec/2020:10:36:00 +0800] "GET /xingrg/all/function/internal_message.html?_=1607827089077&CODE_STATE=getMsg HTTP/1.1" 200 27
116.228.172.94 - - [13/Dec/2020:10:36:00 +0800] "GET /xingrg/kc/print/load_data.html?order_code=212020121305044&kc_code=cgsh&condition= HTTP/1.1" 200 2935
180.174.56.115 - - [13/Dec/2020:10:36:00 +0800] "GET /xingrg/kc/buy/cgsh_order_operate.html?command=get_materiel&rest_code=00150&code=00101010027&supplier_code=00100330&order_time=2020-12-13 HTTP/1.1" 200 409
114.88.159.147 - - [13/Dec/2020:10:36:01 +0800] "GET /xingrg/all/function/internal_message.html?_=1607826532568&CODE_STATE=getMsg HTTP/1.1" 200 27
117.184.7.26 - - [13/Dec/2020:10:36:01 +0800] "POST /xingrg/kc/buy/cgsh_list_operate.html HTTP/1.1" 200 357
172.17.0.120 - - [13/Dec/2020:10:36:04 +0800] "GET /xingrg/all/function/internal_message.html?_=1607827496591&CODE_STATE=getMsg HTTP/1.1" 200 27
117.184.7.26 - - [13/Dec/2020:10:36:08 +0800] "POST /xingrg/kc/buy/cgsh_list_operate.html HTTP/1.1" 200 5912
180.162.223.42 - - [13/Dec/2020:10:36:08 +0800] "GET /xingrg/kc/buy/cgsh_order_operate.html?command=get_materiel&rest_code=00105&code=00101018019&supplier_code=00100330&order_time=2020-12-13 HTTP/1.1" 200 421
180.152.104.37 - - [13/Dec/2020:10:36:09 +0800] "GET /xingrg/kc/buy/cgsh_order_add.html HTTP/1.1" 200 60901
180.152.104.37 - - [13/Dec/2020:10:36:09 +0800] "POST /xingrg/kc/buy/cgsh_order_operate.html HTTP/1.1" 200 8245
180.152.104.37 - - [13/Dec/2020:10:36:09 +0800] "GET /xingrg/javascript/easyui/themes/default/validatebox.css HTTP/1.1" 404 1104
114.88.163.87 - - [13/Dec/2020:10:36:10 +0800] "GET /xingrg/check_reg.html?_=1607826964240 HTTP/1.1" 200 22
117.184.7.26 - - [13/Dec/2020:10:36:13 +0800] "POST /xingrg/kc/buy/cgsh_list_operate.html HTTP/1.1" 200 5760
180.174.56.115 - - [13/Dec/2020:10:36:18 +0800] "GET /xingrg/kc/buy/cgsh_order_operate.html?command=get_materiel&rest_code=00150&code=00101018018&supplier_code=00100330&order_time=2020-12-13 HTTP/1.1" 200 417
116.228.172.94 - - [13/Dec/2020:10:36:18 +0800] "GET /xingrg/kc/buy/cgsh_order_add.html HTTP/1.1" 200 61030
116.228.172.94 - - [13/Dec/2020:10:36:19 +0800] "POST /xingrg/kc/buy/cgsh_order_operate.html HTTP/1.1" 200 8245
116.228.172.94 - - [13/Dec/2020:10:36:19 +0800] "GET /xingrg/javascript/easyui/themes/default/validatebox.css HTTP/1.1" 404 1104
222.69.138.156 - - [13/Dec/2020:10:36:20 +0800] "GET /xingrg/all/function/internal_message.html?_=1607826976653&CODE_STATE=getMsg HTTP/1.1" 200 27
180.162.223.42 - - [13/Dec/2020:10:36:21 +0800] "POST /xingrg/kc/buy/cgsh_order_operate.html HTTP/1.1" 200 37
114.88.159.147 - - [13/Dec/2020:10:36:21 +0800] "GET /xingrg/all/function/internal_message.html?_=1607826979168&CODE_STATE=getMsg HTTP/1.1" 200 27
117.184.7.26 - - [13/Dec/2020:10:36:22 +0800] "GET /xingrg/all/function/internal_message.html?_=1607826978007&CODE_STATE=getMsg HTTP/1.1" 200 27
117.184.7.26 - - [13/Dec/2020:10:36:22 +0800] "GET /xingrg/check_reg.html?_=1607826978038 HTTP/1.1" 200 22
180.162.223.42 - - [13/Dec/2020:10:36:22 +0800] "POST /xingrg/kc/buy/cgsh_order_operate.html HTTP/1.1" 200 4436
180.162.223.42 - - [13/Dec/2020:10:36:23 +0800] "GET /xingrg/kc/print/load_data.html?order_code=212020121305045&kc_code=cgsh&condition= HTTP/1.1" 200 1355
116.228.172.94 - - [13/Dec/2020:10:36:23 +0800] "GET /xingrg/javascript/easyui/themes/default/tree.css HTTP/1.1" 404 1090
116.228.172.94 - - [13/Dec/2020:10:36:23 +0800] "POST /xingrg/all/common/load_tree.html?tree=supplier_tree_json&isDelete=1 HTTP/1.1" 200 52361
172.17.200.101 - - [13/Dec/2020:10:36:24 +0800] "GET /xingrg/all/function/internal_message.html?_=1607826985695&CODE_STATE=getMsg HTTP/1.1" 200 27
180.174.56.115 - - [13/Dec/2020:10:36:25 +0800] "POST /xingrg/kc/buy/cgsh_order_operate.html HTTP/1.1" 200 37
117.185.32.26 - - [13/Dec/2020:10:36:26 +0800] "GET /xingrg/check_reg.html?_=1607827440446 HTTP/1.1" 200 22
117.185.32.26 - - [13/Dec/2020:10:36:26 +0800] "GET /xingrg/all/function/internal_message.html?_=1607827440447&CODE_STATE=getMsg HTTP/1.1" 200 27
180.162.223.42 - - [13/Dec/2020:10:36:27 +0800] "GET /xingrg/kc/buy/cgsh_order_add.html HTTP/1.1" 200 60989
180.162.223.42 - - [13/Dec/2020:10:36:27 +0800] "POST /xingrg/kc/buy/cgsh_order_operate.html HTTP/1.1" 200 8245
180.162.223.42 - - [13/Dec/2020:10:36:27 +0800] "GET /xingrg/javascript/easyui/themes/default/validatebox.css HTTP/1.1" 404 1104
180.174.56.115 - - [13/Dec/2020:10:36:28 +0800] "POST /xingrg/kc/buy/cgsh_order_operate.html HTTP/1.1" 200 12
114.88.163.87 - - [13/Dec/2020:10:36:29 +0800] "GET /xingrg/all/function/internal_message.html?_=1607826982992&CODE_STATE=getMsg HTTP/1.1" 200 27
180.174.56.115 - - [13/Dec/2020:10:36:29 +0800] "GET /xingrg/kc/buy/cgsh_order_info.html?code=212020121305046 HTTP/1.1" 200 55775
180.174.56.115 - - [13/Dec/2020:10:36:30 +0800] "GET /xingrg/javascript/easyui/themes/default/validatebox.css HTTP/1.1" 404 1104
114.84.32.187 - - [13/Dec/2020:10:36:30 +0800] "GET /xingrg/all/function/internal_message.html?_=1607827022926&CODE_STATE=getMsg HTTP/1.1" 302 -
180.174.56.115 - - [13/Dec/2020:10:36:30 +0800] "POST /xingrg/kc/buy/cgsh_order_operate.html HTTP/1.1" 200 1199
117.184.7.26 - - [13/Dec/2020:10:36:31 +0800] "POST /xingrg/kc/buy/cgsh_list_operate.html HTTP/1.1" 200 5912
180.174.56.115 - - [13/Dec/2020:10:36:31 +0800] "GET /xingrg/kc/print/load_data.html?order_code=212020121305046&kc_code=cgsh&condition= HTTP/1.1" 200 942
116.228.172.94 - - [13/Dec/2020:10:36:34 +0800] "GET /xingrg/check_reg.html?_=1607826990042 HTTP/1.1" 200 22
180.174.56.115 - - [13/Dec/2020:10:36:35 +0800] "GET /xingrg/kc/buy/cgsh_order_add.html HTTP/1.1" 200 60866
180.174.56.115 - - [13/Dec/2020:10:36:35 +0800] "POST /xingrg/kc/buy/cgsh_order_operate.html HTTP/1.1" 200 8245
180.174.56.115 - - [13/Dec/2020:10:36:35 +0800] "GET /xingrg/javascript/easyui/themes/default/validatebox.css HTTP/1.1" 404 1104
180.174.56.115 - - [13/Dec/2020:10:36:36 +0800] "GET /xingrg/all/function/internal_message.html?_=1607826994747&CODE_STATE=getMsg HTTP/1.1" 200 27
180.174.56.115 - - [13/Dec/2020:10:36:36 +0800] "GET /xingrg/check_reg.html?_=1607826994747 HTTP/1.1" 200 22
180.162.223.42 - - [13/Dec/2020:10:36:36 +0800] "GET /xingrg/kc/buy/cgsh_order_operate.html?command=get_materiel&rest_code=00105&code=00101010281&supplier_code=00100331&order_time=2020-12-13 HTTP/1.1" 200 414
116.228.172.94 - - [13/Dec/2020:10:36:37 +0800] "GET /xingrg/all/function/internal_message.html?_=1607826993340&CODE_STATE=getMsg HTTP/1.1" 200 27
172.17.0.100 - - [13/Dec/2020:10:36:38 +0800] "GET /xingrg/check_reg.html?_=1607826995231 HTTP/1.1" 200 22
172.17.0.100 - - [13/Dec/2020:10:36:38 +0800] "GET /xingrg/all/function/internal_message.html?_=1607826995233&CODE_STATE=getMsg HTTP/1.1" 200 27
117.184.7.26 - - [13/Dec/2020:10:36:39 +0800] "POST /xingrg/kc/buy/cgsh_list_operate.html HTTP/1.1" 200 5875
180.157.253.48 - - [13/Dec/2020:10:36:39 +0800] "GET /xingrg/all/function/internal_message.html?_=1607826995754&CODE_STATE=getMsg HTTP/1.1" 200 27
180.152.104.37 - - [13/Dec/2020:10:36:43 +0800] "GET /xingrg/all/function/internal_message.html?_=1607827231369&CODE_STATE=getMsg HTTP/1.1" 200 27
180.162.223.42 - - [13/Dec/2020:10:36:44 +0800] "POST /xingrg/kc/buy/cgsh_order_operate.html HTTP/1.1" 200 37
180.174.56.115 - - [13/Dec/2020:10:36:45 +0800] "GET /xingrg/kc/buy/cgsh_order_operate.html?command=get_materiel&rest_code=00150&code=00101003003&supplier_code=00100093&order_time=2020-12-13 HTTP/1.1" 200 414
180.162.223.42 - - [13/Dec/2020:10:36:46 +0800] "POST /xingrg/kc/buy/cgsh_order_operate.html HTTP/1.1" 200 2659
117.185.32.26 - - [13/Dec/2020:10:36:47 +0800] "GET /xingrg/login.html HTTP/1.1" 200 7641
114.84.32.187 - - [13/Dec/2020:10:36:47 +0800] "GET /xingrg/all/function/internal_message.html?_=1607827003917&CODE_STATE=getMsg HTTP/1.1" 200 27
180.162.223.42 - - [13/Dec/2020:10:36:48 +0800] "GET /xingrg/kc/print/load_data.html?order_code=212020121305047&kc_code=cgsh&condition= HTTP/1.1" 200 672
117.184.7.26 - - [13/Dec/2020:10:36:48 +0800] "POST /xingrg/kc/buy/cgsh_list_operate.html HTTP/1.1" 200 5875
117.184.7.26 - - [13/Dec/2020:10:36:48 +0800] "POST /xingrg/kc/buy/cgsh_list_operate.html HTTP/1.1" 200 5875
117.184.7.26 - - [13/Dec/2020:10:36:49 +0800] "GET /xingrg/kc/buy/buy_main.html HTTP/1.1" 200 12412
117.184.7.26 - - [13/Dec/2020:10:36:49 +0800] "GET /xingrg/css/new_ie.css HTTP/1.1" 404 1036
117.184.7.26 - - [13/Dec/2020:10:36:50 +0800] "GET /xingrg/images/yd/bt.gif HTTP/1.1" 404 1040
117.184.7.26 - - [13/Dec/2020:10:36:51 +0800] "GET /xingrg/kc/buy/cgsh_order_list.html HTTP/1.1" 200 45205
180.162.223.42 - - [13/Dec/2020:10:36:52 +0800] "GET /xingrg/all/function/internal_message.html?_=1607827008291&CODE_STATE=getMsg HTTP/1.1" 200 27
117.184.7.26 - - [13/Dec/2020:10:36:52 +0800] "POST /xingrg/kc/buy/cgsh_list_operate.html HTTP/1.1" 200 1683
117.184.7.26 - - [13/Dec/2020:10:36:54 +0800] "POST /xingrg/kc/buy/cgsh_list_operate.html HTTP/1.1" 200 224
117.184.7.26 - - [13/Dec/2020:10:36:54 +0800] "GET /xingrg/kc/buy/cgsh_order_info.html?code=212020121204942 HTTP/1.1" 200 60913
114.84.32.187 - - [13/Dec/2020:10:36:54 +0800] "GET /xingrg/all/function/internal_message.html?_=1607827039741&CODE_STATE=getMsg HTTP/1.1" 200 27
117.184.7.26 - - [13/Dec/2020:10:36:55 +0800] "GET /xingrg/javascript/easyui/themes/default/validatebox.css HTTP/1.1" 404 1104
117.185.32.26 - - [13/Dec/2020:10:36:55 +0800] "GET /favicon.ico HTTP/1.1" 404 -
117.184.7.26 - - [13/Dec/2020:10:36:55 +0800] "POST /xingrg/kc/buy/cgsh_order_operate.html HTTP/1.1" 200 2695
180.174.56.115 - - [13/Dec/2020:10:36:56 +0800] "GET /xingrg/all/function/internal_message.html?_=1607826976881&CODE_STATE=getMsg HTTP/1.1" 200 27
117.185.32.26 - - [13/Dec/2020:10:36:57 +0800] "POST /xingrg/login.do HTTP/1.1" 302 -
117.185.32.26 - - [13/Dec/2020:10:36:57 +0800] "GET /xingrg/index.html?sysBaseUrl=http%3A%2F%2F180.169.147.146%3A18081%2Fxingrg%2F&costTime=42×tamp=1607827017259 HTTP/1.1" 200 17173
117.184.7.26 - - [13/Dec/2020:10:36:57 +0800] "GET /xingrg/javascript/auto/indicator.gif HTTP/1.1" 404 1066
117.184.7.26 - - [13/Dec/2020:10:36:58 +0800] "GET /xingrg/javascript/jquery_tools/images/prev.gif HTTP/1.1" 404 1086
117.184.7.26 - - [13/Dec/2020:10:36:58 +0800] "GET /xingrg/javascript/jquery_tools/images/next.gif HTTP/1.1" 404 1086
117.185.32.26 - - [13/Dec/2020:10:36:59 +0800] "POST /xingrg/all/common/load_tree.html?tree=area_rest_tree_json&manage=1 HTTP/1.1" 200 342
117.185.32.26 - - [13/Dec/2020:10:36:59 +0800] "GET /xingrg/all/function/internal_message.html?_=1607827012028&CODE_STATE=count HTTP/1.1" 200 11
117.185.32.26 - - [13/Dec/2020:10:36:59 +0800] "GET /xingrg/check_reg.html?_=1607827012030 HTTP/1.1" 200 22
117.185.32.26 - - [13/Dec/2020:10:36:59 +0800] "POST /xingrg/load_menu.html HTTP/1.1" 200 5138
117.185.32.26 - - [13/Dec/2020:10:36:59 +0800] "GET /favicon.ico HTTP/1.1" 404 -
114.88.163.87 - - [13/Dec/2020:10:37:00 +0800] "GET /xingrg/all/function/internal_message.html?_=1607827149057&CODE_STATE=getMsg HTTP/1.1" 200 27
180.162.223.42 - - [13/Dec/2020:10:37:00 +0800] "GET /xingrg/kc/buy/cgsh_order_add.html HTTP/1.1" 200 60989
180.162.223.42 - - [13/Dec/2020:10:37:00 +0800] "POST /xingrg/kc/buy/cgsh_order_operate.html HTTP/1.1" 200 8245
180.162.223.42 - - [13/Dec/2020:10:37:00 +0800] "GET /xingrg/javascript/easyui/themes/default/validatebox.css HTTP/1.1" 404 1104
117.185.32.26 - - [13/Dec/2020:10:37:00 +0800] "GET /xingrg/kc/buy/buy_main.html HTTP/1.1" 200 12412
117.185.32.26 - - [13/Dec/2020:10:37:01 +0800] "GET /xingrg/css/new_ie.css HTTP/1.1" 404 1036
114.88.159.147 - - [13/Dec/2020:10:37:01 +0800] "GET /xingrg/all/function/internal_message.html?_=1607826592570&CODE_STATE=getMsg HTTP/1.1" 200 27
117.184.7.26 - - [13/Dec/2020:10:37:01 +0800] "POST /xingrg/kc/buy/cgsh_order_operate.html HTTP/1.1" 200 37
117.185.32.26 - - [13/Dec/2020:10:37:03 +0800] "GET /xingrg/kc/buy/cgsh_order_list.html HTTP/1.1" 200 45205
117.184.7.26 - - [13/Dec/2020:10:37:03 +0800] "POST /xingrg/kc/buy/cgsh_order_operate.html HTTP/1.1" 200 12
172.17.0.120 - - [13/Dec/2020:10:37:04 +0800] "GET /xingrg/all/function/internal_message.html?_=1607827556596&CODE_STATE=getMsg HTTP/1.1" 200 27
116.228.172.94 - - [13/Dec/2020:10:37:04 +0800] "GET /xingrg/kc/buy/cgsh_order_operate.html?command=get_materiel&rest_code=00107&code=00101006101&supplier_code=00100324&order_time=2020-12-13 HTTP/1.1" 200 421
117.185.32.26 - - [13/Dec/2020:10:37:07 +0800] "POST /xingrg/kc/buy/cgsh_list_operate.html HTTP/1.1" 200 876
117.185.32.26 - - [13/Dec/2020:10:37:08 +0800] "GET /xingrg/kc/buy/cgsh_order_add.html HTTP/1.1" 200 60948
117.185.32.26 - - [13/Dec/2020:10:37:08 +0800] "GET /xingrg/words/20201212095936_words.js HTTP/1.1" 304 -
117.185.32.26 - - [13/Dec/2020:10:37:09 +0800] "GET /xingrg/all/common/auto_word.html?type=employee&rest_code=00106 HTTP/1.1" 200 205
117.185.32.26 - - [13/Dec/2020:10:37:09 +0800] "GET /xingrg/javascript/easyui/themes/default/validatebox.css HTTP/1.1" 404 1104
117.185.32.26 - - [13/Dec/2020:10:37:09 +0800] "GET /xingrg/all/common/auto_word.html?type=employee&rest_code=00106 HTTP/1.1" 200 205
117.185.32.26 - - [13/Dec/2020:10:37:09 +0800] "POST /xingrg/kc/buy/cgsh_order_operate.html HTTP/1.1" 200 8245
117.185.32.26 - - [13/Dec/2020:10:37:10 +0800] "GET /xingrg/javascript/easyui/themes/default/tree.css HTTP/1.1" 404 1090
117.185.32.26 - - [13/Dec/2020:10:37:11 +0800] "POST /xingrg/all/common/load_tree.html?tree=supplier_tree_json&isDelete=1 HTTP/1.1" 200 52361
180.162.223.42 - - [13/Dec/2020:10:37:11 +0800] "GET /xingrg/kc/buy/cgsh_order_operate.html?command=get_materiel&rest_code=00105&code=00101001141&supplier_code=00100327&order_time=2020-12-13 HTTP/1.1" 200 413
180.174.56.115 - - [13/Dec/2020:10:37:12 +0800] "GET /xingrg/kc/buy/cgsh_order_operate.html?command=get_materiel&rest_code=00150&code=00101003004&supplier_code=00100093&order_time=2020-12-13 HTTP/1.1" 200 421
116.228.172.94 - - [13/Dec/2020:10:37:17 +0800] "POST /xingrg/kc/buy/cgsh_order_operate.html HTTP/1.1" 200 37
116.228.172.94 - - [13/Dec/2020:10:37:18 +0800] "POST /xingrg/kc/buy/cgsh_order_operate.html HTTP/1.1" 200 2666
222.69.138.156 - - [13/Dec/2020:10:37:20 +0800] "GET /xingrg/all/function/internal_message.html?_=1607827036629&CODE_STATE=getMsg HTTP/1.1" 200 27
116.228.172.94 - - [13/Dec/2020:10:37:20 +0800] "GET /xingrg/kc/print/load_data.html?order_code=212020121305048&kc_code=cgsh&condition= HTTP/1.1" 200 683
117.185.32.26 - - [13/Dec/2020:10:37:21 +0800] "GET /xingrg/javascript/auto/indicator.gif HTTP/1.1" 404 1066
114.88.159.147 - - [13/Dec/2020:10:37:21 +0800] "GET /xingrg/all/function/internal_message.html?_=1607827039167&CODE_STATE=getMsg HTTP/1.1" 200 27
117.184.7.26 - - [13/Dec/2020:10:37:22 +0800] "GET /xingrg/all/function/internal_message.html?_=1607827038573&CODE_STATE=getMsg HTTP/1.1" 200 27
117.184.7.26 - - [13/Dec/2020:10:37:22 +0800] "GET /xingrg/kc/buy/cgsh_order_info.html?code=212020121204942 HTTP/1.1" 200 55806
117.184.7.26 - - [13/Dec/2020:10:37:23 +0800] "GET /xingrg/javascript/easyui/themes/default/validatebox.css HTTP/1.1" 404 1104
117.184.7.26 - - [13/Dec/2020:10:37:23 +0800] "POST /xingrg/kc/buy/cgsh_order_operate.html HTTP/1.1" 200 645
117.185.32.26 - - [13/Dec/2020:10:37:24 +0800] "GET /xingrg/kc/buy/cgsh_order_operate.html?command=get_materiel&rest_code=00106&code=00101008155&supplier_code=00100007&order_time=2020-12-13 HTTP/1.1" 200 408
172.17.200.101 - - [13/Dec/2020:10:37:24 +0800] "GET /xingrg/all/function/internal_message.html?_=1607827045699&CODE_STATE=getMsg HTTP/1.1" 200 27
117.184.7.26 - - [13/Dec/2020:10:37:24 +0800] "GET /xingrg/kc/buy/buy_main.html HTTP/1.1" 200 12412
117.184.7.26 - - [13/Dec/2020:10:37:24 +0800] "GET /xingrg/css/new_ie.css HTTP/1.1" 404 1036
117.184.7.30 - - [13/Dec/2020:10:37:25 +0800] "GET /xingrg/images/yd/bt.gif HTTP/1.1" 404 1040
116.228.172.94 - - [13/Dec/2020:10:37:25 +0800] "GET /xingrg/kc/buy/cgsh_order_add.html HTTP/1.1" 200 61030
117.184.7.30 - - [13/Dec/2020:10:37:25 +0800] "GET /xingrg/kc/buy/cgsh_order_list.html HTTP/1.1" 200 45205
117.185.32.26 - - [13/Dec/2020:10:37:26 +0800] "GET /xingrg/all/function/internal_message.html?_=1607827500455&CODE_STATE=getMsg HTTP/1.1" 200 27
117.184.7.30 - - [13/Dec/2020:10:37:26 +0800] "POST /xingrg/kc/buy/cgsh_list_operate.html HTTP/1.1" 200 876
116.228.172.94 - - [13/Dec/2020:10:37:26 +0800] "GET /xingrg/javascript/easyui/themes/default/validatebox.css HTTP/1.1" 404 1104
116.228.172.94 - - [13/Dec/2020:10:37:26 +0800] "POST /xingrg/kc/buy/cgsh_order_operate.html HTTP/1.1" 200 8245
116.228.172.94 - - [13/Dec/2020:10:37:27 +0800] "GET /xingrg/javascript/easyui/themes/default/tree.css HTTP/1.1" 404 1090
117.184.7.30 - - [13/Dec/2020:10:37:27 +0800] "GET /xingrg/kc/buy/cgsh_order_add.html HTTP/1.1" 200 60901
116.228.172.94 - - [13/Dec/2020:10:37:27 +0800] "POST /xingrg/all/common/load_tree.html?tree=supplier_tree_json&isDelete=1 HTTP/1.1" 200 52361
117.184.7.30 - - [13/Dec/2020:10:37:27 +0800] "POST /xingrg/kc/buy/cgsh_order_operate.html HTTP/1.1" 200 8245
117.184.7.26 - - [13/Dec/2020:10:37:27 +0800] "GET /xingrg/javascript/easyui/themes/default/validatebox.css HTTP/1.1" 404 1104
114.88.163.87 - - [13/Dec/2020:10:37:29 +0800] "GET /xingrg/all/function/internal_message.html?_=1607827043005&CODE_STATE=getMsg HTTP/1.1" 200 27
180.174.56.115 - - [13/Dec/2020:10:37:29 +0800] "POST /xingrg/kc/buy/cgsh_order_operate.html HTTP/1.1" 200 37
114.84.32.187 - - [13/Dec/2020:10:37:30 +0800] "GET /xingrg/all/function/internal_message.html?_=1607827082932&CODE_STATE=getMsg HTTP/1.1" 302 -
180.162.223.42 - - [13/Dec/2020:10:37:30 +0800] "GET /xingrg/kc/buy/cgsh_order_operate.html?command=get_materiel&rest_code=00105&code=00101008402&supplier_code=00100327&order_time=2020-12-13 HTTP/1.1" 200 410
180.174.56.115 - - [13/Dec/2020:10:37:31 +0800] "POST /xingrg/kc/buy/cgsh_order_operate.html HTTP/1.1" 200 12
180.174.56.115 - - [13/Dec/2020:10:37:32 +0800] "GET /xingrg/kc/buy/cgsh_order_info.html?code=212020121305049 HTTP/1.1" 200 55771
180.174.56.115 - - [13/Dec/2020:10:37:32 +0800] "GET /xingrg/javascript/easyui/themes/default/validatebox.css HTTP/1.1" 404 1104
117.185.32.26 - - [13/Dec/2020:10:37:33 +0800] "GET /xingrg/kc/buy/cgsh_order_operate.html?command=get_materiel&rest_code=00106&code=00101008331&supplier_code=00100007&order_time=2020-12-13 HTTP/1.1" 200 416
180.174.56.115 - - [13/Dec/2020:10:37:33 +0800] "POST /xingrg/kc/buy/cgsh_order_operate.html HTTP/1.1" 200 619
180.174.56.115 - - [13/Dec/2020:10:37:35 +0800] "GET /xingrg/kc/print/load_data.html?order_code=212020121305049&kc_code=cgsh&condition= HTTP/1.1" 200 774
180.174.56.115 - - [13/Dec/2020:10:37:36 +0800] "GET /xingrg/all/function/internal_message.html?_=1607827054750&CODE_STATE=getMsg HTTP/1.1" 200 27
180.162.223.42 - - [13/Dec/2020:10:37:36 +0800] "GET /xingrg/kc/buy/cgsh_order_operate.html?command=get_materiel&rest_code=00105&code=00101008394&supplier_code=00100327&order_time=2020-12-13 HTTP/1.1" 200 413
116.228.172.94 - - [13/Dec/2020:10:37:37 +0800] "GET /xingrg/all/function/internal_message.html?_=1607827053325&CODE_STATE=getMsg HTTP/1.1" 200 27
172.17.0.100 - - [13/Dec/2020:10:37:38 +0800] "GET /xingrg/all/function/internal_message.html?_=1607827055233&CODE_STATE=getMsg HTTP/1.1" 200 27
180.174.56.115 - - [13/Dec/2020:10:37:39 +0800] "GET /xingrg/kc/buy/cgsh_order_add.html HTTP/1.1" 200 60866
180.174.56.115 - - [13/Dec/2020:10:37:39 +0800] "POST /xingrg/kc/buy/cgsh_order_operate.html HTTP/1.1" 200 8245
180.174.56.115 - - [13/Dec/2020:10:37:39 +0800] "GET /xingrg/javascript/easyui/themes/default/validatebox.css HTTP/1.1" 404 1104
180.157.253.48 - - [13/Dec/2020:10:37:39 +0800] "GET /xingrg/all/function/internal_message.html?_=1607827055768&CODE_STATE=getMsg HTTP/1.1" 200 27
101.91.60.105 - - [13/Dec/2020:10:37:40 +0800] "GET /xingrg/all/function/internal_message.html?_=1607826739170&CODE_STATE=getMsg HTTP/1.1" 302 -
117.185.32.26 - - [13/Dec/2020:10:37:41 +0800] "GET /xingrg/kc/buy/cgsh_order_operate.html?command=get_materiel&rest_code=00106&code=00101008149&supplier_code=00100007&order_time=2020-12-13 HTTP/1.1" 200 408
180.152.104.37 - - [13/Dec/2020:10:37:43 +0800] "GET /xingrg/all/function/internal_message.html?_=1607827291377&CODE_STATE=getMsg HTTP/1.1" 200 27
180.162.223.42 - - [13/Dec/2020:10:37:43 +0800] "GET /xingrg/kc/buy/cgsh_order_operate.html?command=get_materiel&rest_code=00105&code=00101010111&supplier_code=00100327&order_time=2020-12-13 HTTP/1.1" 200 417
101.91.60.105 - - [13/Dec/2020:10:37:46 +0800] "GET /xingrg/login.html HTTP/1.1" 200 7641
114.84.32.187 - - [13/Dec/2020:10:37:47 +0800] "GET /xingrg/all/function/internal_message.html?_=1607827063916&CODE_STATE=getMsg HTTP/1.1" 200 27
117.185.32.26 - - [13/Dec/2020:10:37:50 +0800] "GET /favicon.ico HTTP/1.1" 404 -
180.174.56.115 - - [13/Dec/2020:10:37:51 +0800] "GET /xingrg/kc/buy/cgsh_order_operate.html?command=get_materiel&rest_code=00150&code=00101006166&supplier_code=00100344&order_time=2020-12-13 HTTP/1.1" 200 421
180.162.223.42 - - [13/Dec/2020:10:37:52 +0800] "GET /xingrg/all/function/internal_message.html?_=1607827068298&CODE_STATE=getMsg HTTP/1.1" 200 27
180.162.223.42 - - [13/Dec/2020:10:37:53 +0800] "POST /xingrg/kc/buy/cgsh_order_operate.html HTTP/1.1" 200 37
117.185.32.26 - - [13/Dec/2020:10:37:53 +0800] "GET /xingrg/kc/buy/cgsh_order_operate.html?command=get_materiel&rest_code=00106&code=00101008010&supplier_code=00100007&order_time=2020-12-13 HTTP/1.1" 200 412
114.84.32.187 - - [13/Dec/2020:10:37:54 +0800] "GET /xingrg/all/function/internal_message.html?_=1607827099749&CODE_STATE=getMsg HTTP/1.1" 200 27
180.162.223.42 - - [13/Dec/2020:10:37:55 +0800] "POST /xingrg/kc/buy/cgsh_order_operate.html HTTP/1.1" 200 4438
116.228.172.94 - - [13/Dec/2020:10:37:55 +0800] "GET /xingrg/kc/buy/cgsh_order_operate.html?command=get_materiel&rest_code=00107&code=00101008061&supplier_code=00100339&order_time=2020-12-13 HTTP/1.1" 200 423
180.162.223.42 - - [13/Dec/2020:10:37:56 +0800] "GET /xingrg/kc/print/load_data.html?order_code=212020121305050&kc_code=cgsh&condition= HTTP/1.1" 200 1351
180.174.56.115 - - [13/Dec/2020:10:37:56 +0800] "GET /xingrg/all/function/internal_message.html?_=1607827036882&CODE_STATE=getMsg HTTP/1.1" 200 27
180.174.56.115 - - [13/Dec/2020:10:37:58 +0800] "POST /xingrg/kc/buy/cgsh_order_operate.html HTTP/1.1" 200 37
117.185.32.26 - - [13/Dec/2020:10:37:59 +0800] "GET /xingrg/all/function/internal_message.html?_=1607827072037&CODE_STATE=getMsg HTTP/1.1" 200 27
180.162.223.42 - - [13/Dec/2020:10:37:59 +0800] "GET /xingrg/kc/buy/cgsh_order_add.html HTTP/1.1" 200 60989
180.162.223.42 - - [13/Dec/2020:10:37:59 +0800] "POST /xingrg/kc/buy/cgsh_order_operate.html HTTP/1.1" 200 8245
180.162.223.42 - - [13/Dec/2020:10:37:59 +0800] "GET /xingrg/javascript/easyui/themes/default/validatebox.css HTTP/1.1" 404 1104
114.88.163.87 - - [13/Dec/2020:10:38:00 +0800] "GET /xingrg/all/function/internal_message.html?_=1607827209038&CODE_STATE=getMsg HTTP/1.1" 200 27
117.185.32.26 - - [13/Dec/2020:10:38:00 +0800] "GET /xingrg/kc/buy/cgsh_order_operate.html?command=get_materiel&rest_code=00106&code=00101008312&supplier_code=00100007&order_time=2020-12-13 HTTP/1.1" 200 412
180.174.56.115 - - [13/Dec/2020:10:38:01 +0800] "POST /xingrg/kc/buy/cgsh_order_operate.html HTTP/1.1" 200 12
114.88.159.147 - - [13/Dec/2020:10:38:01 +0800] "GET /xingrg/all/function/internal_message.html?_=1607826652569&CODE_STATE=getMsg HTTP/1.1" 200 27
116.228.172.94 - - [13/Dec/2020:10:38:02 +0800] "POST /xingrg/kc/buy/cgsh_order_operate.html HTTP/1.1" 200 37
180.174.56.115 - - [13/Dec/2020:10:38:02 +0800] "GET /xingrg/kc/buy/cgsh_order_info.html?code=212020121305051 HTTP/1.1" 200 55773
180.174.56.115 - - [13/Dec/2020:10:38:03 +0800] "GET /xingrg/javascript/easyui/themes/default/validatebox.css HTTP/1.1" 404 1104
180.174.56.115 - - [13/Dec/2020:10:38:03 +0800] "POST /xingrg/kc/buy/cgsh_order_operate.html HTTP/1.1" 200 615
116.228.172.94 - - [13/Dec/2020:10:38:03 +0800] "POST /xingrg/kc/buy/cgsh_order_operate.html HTTP/1.1" 200 2668
172.17.0.120 - - [13/Dec/2020:10:38:04 +0800] "GET /xingrg/all/function/internal_message.html?_=1607827616603&CODE_STATE=getMsg HTTP/1.1" 200 27
180.174.56.115 - - [13/Dec/2020:10:38:04 +0800] "GET /xingrg/kc/print/load_data.html?order_code=212020121305051&kc_code=cgsh&condition= HTTP/1.1" 200 725
180.174.56.115 - - [13/Dec/2020:10:38:08 +0800] "GET /xingrg/kc/buy/cgsh_order_add.html HTTP/1.1" 200 60866
180.174.56.115 - - [13/Dec/2020:10:38:08 +0800] "POST /xingrg/kc/buy/cgsh_order_operate.html HTTP/1.1" 200 8245
180.174.56.115 - - [13/Dec/2020:10:38:08 +0800] "GET /xingrg/javascript/easyui/themes/default/validatebox.css HTTP/1.1" 404 1104
117.185.32.26 - - [13/Dec/2020:10:38:09 +0800] "GET /xingrg/kc/buy/cgsh_order_operate.html?command=get_materiel&rest_code=00106&code=00101008283&supplier_code=00100007&order_time=2020-12-13 HTTP/1.1" 200 410
180.162.223.42 - - [13/Dec/2020:10:38:12 +0800] "GET /xingrg/kc/buy/cgsh_order_operate.html?command=get_materiel&rest_code=00105&code=00101010576&supplier_code=00100326&order_time=2020-12-13 HTTP/1.1" 200 405
180.174.56.115 - - [13/Dec/2020:10:38:14 +0800] "GET /xingrg/kc/buy/cgsh_order_operate.html?command=get_materiel&rest_code=00150&code=00101004046&supplier_code=00100312&order_time=2020-12-13 HTTP/1.1" 200 417
222.69.138.156 - - [13/Dec/2020:10:38:16 +0800] "GET /xingrg/kc/buy/cgsh_order_add.html HTTP/1.1" 200 60995
117.185.32.26 - - [13/Dec/2020:10:38:16 +0800] "GET /xingrg/kc/buy/cgsh_order_operate.html?command=get_materiel&rest_code=00106&code=00101008096&supplier_code=00100007&order_time=2020-12-13 HTTP/1.1" 200 412
222.69.138.156 - - [13/Dec/2020:10:38:17 +0800] "POST /xingrg/kc/buy/cgsh_order_operate.html HTTP/1.1" 200 8245
