180.157.253.48 - - [13/Dec/2020:09:40:02 +0800] "GET /xingrg/javascript/easyui/themes/default/images/button_plain_hover.png HTTP/1.1" 304 -
101.85.93.83 - - [13/Dec/2020:09:40:02 +0800] "GET /xingrg/javascript/easyui/easyloader.js HTTP/1.1" 200 5975
101.85.93.83 - - [13/Dec/2020:09:40:02 +0800] "GET /xingrg/javascript/jquery.cookie.js HTTP/1.1" 200 5513
101.85.93.83 - - [13/Dec/2020:09:40:02 +0800] "GET /xingrg/javascript/print/LodopFuncs.js HTTP/1.1" 200 5121
180.157.253.48 - - [13/Dec/2020:09:40:02 +0800] "GET /xingrg/javascript/easyui/themes/default/images/button_plain_hover.png HTTP/1.1" 304 -
101.85.93.83 - - [13/Dec/2020:09:40:02 +0800] "GET /xingrg/javascript/auto/jquery.autocomplete.js HTTP/1.1" 200 21624
180.157.253.48 - - [13/Dec/2020:09:40:02 +0800] "GET /xingrg/javascript/easyui/themes/default/images/button_plain_hover.png HTTP/1.1" 304 -
180.157.253.48 - - [13/Dec/2020:09:40:02 +0800] "GET /xingrg/javascript/easyui/themes/default/images/button_plain_hover.png HTTP/1.1" 304 -
180.157.253.48 - - [13/Dec/2020:09:40:02 +0800] "GET /xingrg/javascript/easyui/themes/default/images/button_plain_hover.png HTTP/1.1" 304 -
180.157.253.48 - - [13/Dec/2020:09:40:02 +0800] "GET /xingrg/javascript/easyui/themes/default/images/button_plain_hover.png HTTP/1.1" 304 -
101.85.93.83 - - [13/Dec/2020:09:40:03 +0800] "GET /xingrg/javascript/easyui/plugins/jquery.parser.js HTTP/1.1" 200 1142
101.85.93.83 - - [13/Dec/2020:09:40:03 +0800] "GET /xingrg/images/control/ajaxLoader.gif HTTP/1.1" 200 4659
101.85.93.83 - - [13/Dec/2020:09:40:03 +0800] "GET /xingrg/javascript/easyui/themes/icons/edit_add_new.png HTTP/1.1" 200 2997
101.85.93.83 - - [13/Dec/2020:09:40:03 +0800] "GET /xingrg/javascript/easyui/themes/icons/cance_new.png HTTP/1.1" 200 3986
101.85.93.83 - - [13/Dec/2020:09:40:03 +0800] "GET /xingrg/javascript/easyui/themes/icons/check_new.png HTTP/1.1" 200 3224
101.85.93.83 - - [13/Dec/2020:09:40:03 +0800] "GET /xingrg/javascript/easyui/themes/icons/field_new.png HTTP/1.1" 200 1097
101.85.93.83 - - [13/Dec/2020:09:40:03 +0800] "GET /xingrg/javascript/easyui/themes/icons/import_new.png HTTP/1.1" 200 1247
101.85.93.83 - - [13/Dec/2020:09:40:03 +0800] "POST /xingrg/kc/buy/cgsh_list_operate.html HTTP/1.1" 200 876
180.157.253.48 - - [13/Dec/2020:09:40:04 +0800] "GET /xingrg/css/site.css HTTP/1.1" 304 -
180.157.253.48 - - [13/Dec/2020:09:40:04 +0800] "GET /xingrg/css/base.css HTTP/1.1" 304 -
180.157.253.48 - - [13/Dec/2020:09:40:04 +0800] "GET /xingrg/javascript/jquery_tools/datebox.css HTTP/1.1" 304 -
180.157.253.48 - - [13/Dec/2020:09:40:04 +0800] "GET /xingrg/javascript/easyui/themes/default/easyui.css HTTP/1.1" 304 -
180.157.253.48 - - [13/Dec/2020:09:40:04 +0800] "GET /xingrg/javascript/easyui/themes/icon.css HTTP/1.1" 304 -
180.157.253.48 - - [13/Dec/2020:09:40:04 +0800] "GET /xingrg/javascript/auto/jquery.autocomplete.css HTTP/1.1" 304 -
180.157.253.48 - - [13/Dec/2020:09:40:04 +0800] "GET /xingrg/javascript/jquery_tools/fix.css HTTP/1.1" 304 -
180.157.253.48 - - [13/Dec/2020:09:40:04 +0800] "GET /xingrg/javascript/jquery_tools/table.css HTTP/1.1" 304 -
180.157.253.48 - - [13/Dec/2020:09:40:04 +0800] "GET /xingrg/javascript/easyui/easyloader.js HTTP/1.1" 304 -
180.157.253.48 - - [13/Dec/2020:09:40:04 +0800] "GET /xingrg/javascript/jquery_tools/jquery.tools.hotkey.js HTTP/1.1" 304 -
180.157.253.48 - - [13/Dec/2020:09:40:04 +0800] "GET /xingrg/javascript/jquery_tools/jquery.tools.table.js HTTP/1.1" 304 -
180.157.253.48 - - [13/Dec/2020:09:40:04 +0800] "GET /xingrg/javascript/jquery_tools/jquery.tools.extend.js HTTP/1.1" 304 -
180.157.253.48 - - [13/Dec/2020:09:40:04 +0800] "GET /xingrg/javascript/auto/jquery.autocomplete.js HTTP/1.1" 304 -
180.157.253.48 - - [13/Dec/2020:09:40:04 +0800] "GET /xingrg/javascript/jquery.cookie.js HTTP/1.1" 304 -
180.157.253.48 - - [13/Dec/2020:09:40:04 +0800] "GET /xingrg/javascript/jquery_tools/list_manager.js HTTP/1.1" 304 -
180.157.253.48 - - [13/Dec/2020:09:40:04 +0800] "GET /xingrg/javascript/jquery_tools/jquery.tools.min.js HTTP/1.1" 304 -
180.157.253.48 - - [13/Dec/2020:09:40:04 +0800] "GET /xingrg/javascript/jquery.utils.js HTTP/1.1" 304 -
180.157.253.48 - - [13/Dec/2020:09:40:04 +0800] "GET /xingrg/javascript/print/LodopFuncs.js HTTP/1.1" 304 -
180.157.253.48 - - [13/Dec/2020:09:40:04 +0800] "GET /xingrg/kc/buy/cgsh_order_list.html HTTP/1.1" 200 45211
180.157.253.48 - - [13/Dec/2020:09:40:04 +0800] "GET /xingrg/javascript/easyui/plugins/jquery.parser.js HTTP/1.1" 304 -
101.85.93.83 - - [13/Dec/2020:09:40:04 +0800] "GET /xingrg/javascript/easyui/themes/default/images/button_plain_hover.png HTTP/1.1" 200 144
101.85.93.83 - - [13/Dec/2020:09:40:05 +0800] "GET /xingrg/javascript/pic_change.js HTTP/1.1" 200 4739
101.85.93.83 - - [13/Dec/2020:09:40:05 +0800] "GET /xingrg/javascript/convert.js HTTP/1.1" 200 1239
101.85.93.83 - - [13/Dec/2020:09:40:05 +0800] "GET /xingrg/javascript/jquery_tools/order_manager.js HTTP/1.1" 200 11183
101.85.93.83 - - [13/Dec/2020:09:40:05 +0800] "GET /xingrg/javascript/json2.js HTTP/1.1" 200 11259
101.85.93.83 - - [13/Dec/2020:09:40:05 +0800] "GET /xingrg/javascript/print/kc_print.js HTTP/1.1" 200 11415
101.85.93.83 - - [13/Dec/2020:09:40:05 +0800] "GET /xingrg/kc/buy/cgsh_order_add.html HTTP/1.1" 200 60061
101.85.93.83 - - [13/Dec/2020:09:40:05 +0800] "GET /xingrg/words/20201212095936_words.js HTTP/1.1" 200 780539
180.157.253.48 - - [13/Dec/2020:09:40:05 +0800] "POST /xingrg/kc/buy/cgsh_list_operate.html HTTP/1.1" 200 2387
101.85.93.83 - - [13/Dec/2020:09:40:05 +0800] "GET /xingrg/javascript/easyui/themes/icons/template_new.png HTTP/1.1" 200 3956
101.85.93.83 - - [13/Dec/2020:09:40:05 +0800] "GET /xingrg/javascript/easyui/themes/icons/copy_new.png HTTP/1.1" 200 815
101.85.93.83 - - [13/Dec/2020:09:40:05 +0800] "GET /xingrg/javascript/easyui/themes/icons/print.png HTTP/1.1" 200 1057
101.85.93.83 - - [13/Dec/2020:09:40:05 +0800] "GET /xingrg/javascript/easyui/themes/icons/ok.png HTTP/1.1" 200 883
101.85.93.83 - - [13/Dec/2020:09:40:05 +0800] "GET /xingrg/javascript/easyui/themes/default/images/menu_downarrow.png HTTP/1.1" 200 173
101.85.93.83 - - [13/Dec/2020:09:40:05 +0800] "GET /xingrg/javascript/easyui/themes/icons/cancel.png HTTP/1.1" 200 1133
101.85.93.83 - - [13/Dec/2020:09:40:05 +0800] "POST /xingrg/kc/buy/cgsh_order_operate.html HTTP/1.1" 200 8245
101.85.93.83 - - [13/Dec/2020:09:40:05 +0800] "GET /xingrg/all/common/auto_word.html?type=employee&rest_code=00142 HTTP/1.1" 200 105
101.85.93.83 - - [13/Dec/2020:09:40:05 +0800] "GET /xingrg/all/common/auto_word.html?type=employee&rest_code=00142 HTTP/1.1" 200 105
101.85.93.83 - - [13/Dec/2020:09:40:05 +0800] "GET /xingrg/javascript/easyui/themes/default/validatebox.css HTTP/1.1" 404 1104
101.85.93.83 - - [13/Dec/2020:09:40:05 +0800] "GET /xingrg/javascript/easyui/plugins/jquery.validatebox.js HTTP/1.1" 200 6103
101.85.93.83 - - [13/Dec/2020:09:40:05 +0800] "GET /xingrg/javascript/easyui/themes/icons/edit_remove.png HTTP/1.1" 200 625
101.85.93.83 - - [13/Dec/2020:09:40:05 +0800] "GET /xingrg/javascript/easyui/plugins/jquery.numberbox.js HTTP/1.1" 200 5213
101.85.93.83 - - [13/Dec/2020:09:40:07 +0800] "GET /xingrg/javascript/auto/indicator.gif HTTP/1.1" 404 1066
180.174.56.115 - - [13/Dec/2020:09:40:12 +0800] "GET /xingrg/all/function/internal_message.html?_=1607823610976&CODE_STATE=getMsg HTTP/1.1" 200 27
180.152.104.37 - - [13/Dec/2020:09:40:12 +0800] "GET /xingrg/check_reg.html?_=1607823840325 HTTP/1.1" 200 22
180.152.104.37 - - [13/Dec/2020:09:40:13 +0800] "GET /xingrg/all/function/internal_message.html?_=1607823841557&CODE_STATE=getMsg HTTP/1.1" 200 27
114.88.159.147 - - [13/Dec/2020:09:40:13 +0800] "GET /xingrg/kc/buy/cgsh_order_operate.html?command=get_materiel&rest_code=00141&code=00101008028&supplier_code=00100007&order_time=2020-12-13 HTTP/1.1" 200 412
172.17.200.101 - - [13/Dec/2020:09:40:17 +0800] "POST /xingrg/all/user/operate.html HTTP/1.1" 200 36
101.85.93.83 - - [13/Dec/2020:09:40:17 +0800] "GET /xingrg/kc/buy/cgsh_order_operate.html?command=get_materiel&rest_code=00142&code=00101001053&supplier_code=00100207&order_time=2020-12-13 HTTP/1.1" 200 409
172.17.200.101 - - [13/Dec/2020:09:40:18 +0800] "GET /xingrg/javascript/jquery_easy_ui/themes/default/easyui.css HTTP/1.1" 304 -
172.17.200.101 - - [13/Dec/2020:09:40:18 +0800] "GET /xingrg/index.html?sysBaseUrl=http%3A%2F%2F172.17.0.8%3A18081%2Fxingrg%2F&costTime=100×tamp=1607821506027 HTTP/1.1" 200 17448
172.17.200.101 - - [13/Dec/2020:09:40:18 +0800] "GET /xingrg/javascript/jquery_easy_ui/themes/icon.css HTTP/1.1" 304 -
172.17.200.101 - - [13/Dec/2020:09:40:18 +0800] "GET /xingrg/css/form.css HTTP/1.1" 304 -
172.17.200.101 - - [13/Dec/2020:09:40:18 +0800] "GET /xingrg/javascript/jquery-1.4.2.min.js HTTP/1.1" 304 -
172.17.200.101 - - [13/Dec/2020:09:40:18 +0800] "GET /xingrg/javascript/jquery_easy_ui/jquery.easyui.min.js HTTP/1.1" 304 -
172.17.200.101 - - [13/Dec/2020:09:40:18 +0800] "GET /xingrg/javascript/jquery_easy_ui/easyui-lang-zh_CN.js HTTP/1.1" 304 -
172.17.200.101 - - [13/Dec/2020:09:40:18 +0800] "GET /xingrg/javascript/jquery.form.js HTTP/1.1" 304 -
172.17.200.101 - - [13/Dec/2020:09:40:18 +0800] "GET /xingrg/javascript/jquery.utils.js HTTP/1.1" 304 -
172.17.200.101 - - [13/Dec/2020:09:40:18 +0800] "GET /xingrg/javascript/jquery.timers.js HTTP/1.1" 304 -
172.17.200.101 - - [13/Dec/2020:09:40:18 +0800] "GET /xingrg/images/blue/jxLogo.png HTTP/1.1" 304 -
172.17.200.101 - - [13/Dec/2020:09:40:18 +0800] "GET /xingrg/images/blue/navBackgound.jpg HTTP/1.1" 304 -
172.17.200.101 - - [13/Dec/2020:09:40:18 +0800] "GET /xingrg/javascript/jquery_easy_ui/themes/icons/settle_new.png HTTP/1.1" 304 -
172.17.200.101 - - [13/Dec/2020:09:40:18 +0800] "POST /xingrg/all/common/load_tree.html?tree=area_rest_tree_json&manage=1 HTTP/1.1" 200 3222
61.129.6.145 - - [13/Dec/2020:09:40:18 +0800] "GET /xingrg/kc/buy/cgsh_order_operate.html?command=get_materiel&rest_code=00141&code=00101008131&supplier_code=00100007&order_time=2020-12-13 HTTP/1.1" 302 -
172.17.200.101 - - [13/Dec/2020:09:40:18 +0800] "GET /xingrg/all/function/internal_message.html?_=1607823619524&CODE_STATE=count HTTP/1.1" 200 11
172.17.200.101 - - [13/Dec/2020:09:40:18 +0800] "GET /xingrg/check_reg.html?_=1607823619525 HTTP/1.1" 200 22
172.17.200.101 - - [13/Dec/2020:09:40:18 +0800] "GET /xingrg/javascript/jquery_easy_ui/themes/default/images/panel_tool_collapse.gif HTTP/1.1" 304 -
172.17.200.101 - - [13/Dec/2020:09:40:18 +0800] "GET /xingrg/javascript/jquery_easy_ui/themes/default/images/tabs_rightarrow.png HTTP/1.1" 304 -
172.17.200.101 - - [13/Dec/2020:09:40:18 +0800] "GET /xingrg/images/blue/pingpu.png HTTP/1.1" 304 -
172.17.200.101 - - [13/Dec/2020:09:40:18 +0800] "GET /xingrg/javascript/jquery_easy_ui/themes/default/images/tabs_leftarrow.png HTTP/1.1" 304 -
172.17.200.101 - - [13/Dec/2020:09:40:18 +0800] "GET /xingrg/javascript/jquery_easy_ui/themes/default/images/panel_tool_expand.gif HTTP/1.1" 304 -
172.17.200.101 - - [13/Dec/2020:09:40:18 +0800] "POST /xingrg/load_menu.html HTTP/1.1" 200 9924
114.88.159.147 - - [13/Dec/2020:09:40:20 +0800] "GET /xingrg/kc/buy/cgsh_order_operate.html?command=get_materiel&rest_code=00141&code=00101008313&supplier_code=00100007&order_time=2020-12-13 HTTP/1.1" 200 412
172.17.200.101 - - [13/Dec/2020:09:40:20 +0800] "GET /xingrg/kc/buy/cgsh_order_list.html HTTP/1.1" 200 45440
61.129.6.145 - - [13/Dec/2020:09:40:20 +0800] "GET /xingrg/login.html HTTP/1.1" 200 7641
222.69.138.156 - - [13/Dec/2020:09:40:21 +0800] "GET /xingrg/all/function/internal_message.html?_=1607823617188&CODE_STATE=getMsg HTTP/1.1" 200 27
172.17.200.101 - - [13/Dec/2020:09:40:21 +0800] "POST /xingrg/kc/buy/cgsh_list_operate.html HTTP/1.1" 200 2410
114.88.159.147 - - [13/Dec/2020:09:40:21 +0800] "GET /xingrg/check_reg.html?_=1607823619052 HTTP/1.1" 200 22
114.88.159.147 - - [13/Dec/2020:09:40:21 +0800] "GET /xingrg/all/function/internal_message.html?_=1607823619053&CODE_STATE=getMsg HTTP/1.1" 200 27
117.184.7.26 - - [13/Dec/2020:09:40:22 +0800] "GET /xingrg/all/function/internal_message.html?_=1607823617904&CODE_STATE=getMsg HTTP/1.1" 200 27
114.88.159.147 - - [13/Dec/2020:09:40:22 +0800] "POST /xingrg/kc/buy/cgsh_order_operate.html HTTP/1.1" 200 2065
180.157.253.48 - - [13/Dec/2020:09:40:23 +0800] "GET /xingrg/javascript/easyui/themes/default/images/button_plain_hover.png HTTP/1.1" 304 -
180.157.253.48 - - [13/Dec/2020:09:40:23 +0800] "GET /xingrg/javascript/easyui/themes/default/images/button_plain_hover.png HTTP/1.1" 304 -
180.157.253.48 - - [13/Dec/2020:09:40:23 +0800] "GET /xingrg/javascript/easyui/themes/default/images/button_plain_hover.png HTTP/1.1" 304 -
180.157.253.48 - - [13/Dec/2020:09:40:23 +0800] "GET /xingrg/javascript/easyui/themes/default/images/button_plain_hover.png HTTP/1.1" 304 -
180.157.253.48 - - [13/Dec/2020:09:40:23 +0800] "GET /xingrg/javascript/easyui/themes/default/images/button_plain_hover.png HTTP/1.1" 304 -
180.157.253.48 - - [13/Dec/2020:09:40:23 +0800] "GET /xingrg/javascript/easyui/themes/default/images/button_plain_hover.png HTTP/1.1" 304 -
180.157.253.48 - - [13/Dec/2020:09:40:24 +0800] "GET /xingrg/css/base.css HTTP/1.1" 304 -
180.157.253.48 - - [13/Dec/2020:09:40:24 +0800] "GET /xingrg/css/site.css HTTP/1.1" 304 -
180.157.253.48 - - [13/Dec/2020:09:40:24 +0800] "GET /xingrg/javascript/jquery_tools/datebox.css HTTP/1.1" 304 -
180.157.253.48 - - [13/Dec/2020:09:40:24 +0800] "GET /xingrg/javascript/easyui/themes/default/easyui.css HTTP/1.1" 304 -
180.157.253.48 - - [13/Dec/2020:09:40:24 +0800] "GET /xingrg/javascript/easyui/themes/icon.css HTTP/1.1" 304 -
180.157.253.48 - - [13/Dec/2020:09:40:24 +0800] "GET /xingrg/javascript/auto/jquery.autocomplete.css HTTP/1.1" 304 -
180.157.253.48 - - [13/Dec/2020:09:40:24 +0800] "GET /xingrg/javascript/jquery_tools/table.css HTTP/1.1" 304 -
180.157.253.48 - - [13/Dec/2020:09:40:24 +0800] "GET /xingrg/javascript/jquery_tools/fix.css HTTP/1.1" 304 -
180.157.253.48 - - [13/Dec/2020:09:40:24 +0800] "GET /xingrg/javascript/jquery_tools/jquery.tools.min.js HTTP/1.1" 304 -
180.157.253.48 - - [13/Dec/2020:09:40:24 +0800] "GET /xingrg/javascript/auto/jquery.autocomplete.js HTTP/1.1" 304 -
180.157.253.48 - - [13/Dec/2020:09:40:24 +0800] "GET /xingrg/javascript/jquery_tools/jquery.tools.extend.js HTTP/1.1" 304 -
180.157.253.48 - - [13/Dec/2020:09:40:24 +0800] "GET /xingrg/javascript/jquery_tools/jquery.tools.hotkey.js HTTP/1.1" 304 -
180.157.253.48 - - [13/Dec/2020:09:40:24 +0800] "GET /xingrg/javascript/easyui/easyloader.js HTTP/1.1" 304 -
180.157.253.48 - - [13/Dec/2020:09:40:24 +0800] "GET /xingrg/javascript/jquery_tools/jquery.tools.table.js HTTP/1.1" 304 -
180.157.253.48 - - [13/Dec/2020:09:40:24 +0800] "GET /xingrg/javascript/jquery_tools/order_manager.js HTTP/1.1" 304 -
180.157.253.48 - - [13/Dec/2020:09:40:24 +0800] "GET /xingrg/javascript/pic_change.js HTTP/1.1" 304 -
180.157.253.48 - - [13/Dec/2020:09:40:24 +0800] "GET /xingrg/javascript/convert.js HTTP/1.1" 304 -
180.157.253.48 - - [13/Dec/2020:09:40:24 +0800] "GET /xingrg/javascript/jquery.utils.js HTTP/1.1" 304 -
180.157.253.48 - - [13/Dec/2020:09:40:24 +0800] "GET /xingrg/javascript/json2.js HTTP/1.1" 304 -
180.157.253.48 - - [13/Dec/2020:09:40:24 +0800] "GET /xingrg/javascript/jquery.cookie.js HTTP/1.1" 304 -
180.157.253.48 - - [13/Dec/2020:09:40:24 +0800] "GET /xingrg/javascript/print/kc_print.js HTTP/1.1" 304 -
180.157.253.48 - - [13/Dec/2020:09:40:24 +0800] "GET /xingrg/javascript/print/LodopFuncs.js HTTP/1.1" 304 -
180.157.253.48 - - [13/Dec/2020:09:40:24 +0800] "GET /xingrg/kc/buy/cgsh_order_add.html HTTP/1.1" 200 60942
180.157.253.48 - - [13/Dec/2020:09:40:24 +0800] "GET /xingrg/words/20201212095936_words.js HTTP/1.1" 304 -
180.157.253.48 - - [13/Dec/2020:09:40:24 +0800] "GET /xingrg/javascript/easyui/themes/icons/copy_new.png HTTP/1.1" 304 -
180.157.253.48 - - [13/Dec/2020:09:40:24 +0800] "GET /xingrg/javascript/easyui/themes/icons/template_new.png HTTP/1.1" 304 -
180.157.253.48 - - [13/Dec/2020:09:40:24 +0800] "GET /xingrg/javascript/easyui/themes/icons/ok.png HTTP/1.1" 304 -
180.157.253.48 - - [13/Dec/2020:09:40:24 +0800] "GET /xingrg/javascript/easyui/themes/icons/print.png HTTP/1.1" 304 -
180.157.253.48 - - [13/Dec/2020:09:40:24 +0800] "GET /xingrg/javascript/easyui/themes/default/images/menu_downarrow.png HTTP/1.1" 304 -
180.157.253.48 - - [13/Dec/2020:09:40:24 +0800] "GET /xingrg/javascript/easyui/themes/icons/cancel.png HTTP/1.1" 304 -
180.157.253.48 - - [13/Dec/2020:09:40:24 +0800] "GET /xingrg/javascript/easyui/plugins/jquery.parser.js HTTP/1.1" 304 -
180.157.253.48 - - [13/Dec/2020:09:40:24 +0800] "POST /xingrg/kc/buy/cgsh_order_operate.html HTTP/1.1" 200 8245
180.157.253.48 - - [13/Dec/2020:09:40:24 +0800] "GET /xingrg/javascript/easyui/themes/default/images/button_plain_hover.png HTTP/1.1" 304 -
180.157.253.48 - - [13/Dec/2020:09:40:24 +0800] "GET /xingrg/all/common/auto_word.html?type=employee&rest_code=00148 HTTP/1.1" 200 197
180.157.253.48 - - [13/Dec/2020:09:40:24 +0800] "GET /xingrg/all/common/auto_word.html?type=employee&rest_code=00148 HTTP/1.1" 200 197
180.157.253.48 - - [13/Dec/2020:09:40:24 +0800] "GET /xingrg/javascript/easyui/themes/default/images/button_plain_hover.png HTTP/1.1" 304 -
180.157.253.48 - - [13/Dec/2020:09:40:24 +0800] "GET /xingrg/javascript/easyui/themes/default/validatebox.css HTTP/1.1" 404 1104
180.157.253.48 - - [13/Dec/2020:09:40:24 +0800] "GET /xingrg/javascript/easyui/plugins/jquery.validatebox.js HTTP/1.1" 304 -
180.157.253.48 - - [13/Dec/2020:09:40:24 +0800] "GET /xingrg/javascript/easyui/plugins/jquery.numberbox.js HTTP/1.1" 304 -
180.157.253.48 - - [13/Dec/2020:09:40:26 +0800] "GET /xingrg/javascript/pic_change.js HTTP/1.1" 304 -
180.157.253.48 - - [13/Dec/2020:09:40:26 +0800] "GET /xingrg/javascript/jquery_tools/jquery.tools.hotkey.js HTTP/1.1" 304 -
180.157.253.48 - - [13/Dec/2020:09:40:26 +0800] "GET /xingrg/javascript/jquery_tools/jquery.tools.extend.js HTTP/1.1" 304 -
180.157.253.48 - - [13/Dec/2020:09:40:26 +0800] "GET /xingrg/javascript/jquery_tools/jquery.tools.min.js HTTP/1.1" 304 -
180.157.253.48 - - [13/Dec/2020:09:40:26 +0800] "GET /xingrg/javascript/auto/jquery.autocomplete.js HTTP/1.1" 304 -
180.157.253.48 - - [13/Dec/2020:09:40:26 +0800] "GET /xingrg/javascript/jquery_tools/order_manager.js HTTP/1.1" 304 -
180.157.253.48 - - [13/Dec/2020:09:40:26 +0800] "GET /xingrg/javascript/easyui/easyloader.js HTTP/1.1" 304 -
180.157.253.48 - - [13/Dec/2020:09:40:26 +0800] "GET /xingrg/javascript/jquery_tools/jquery.tools.table.js HTTP/1.1" 304 -
180.157.253.48 - - [13/Dec/2020:09:40:26 +0800] "GET /xingrg/javascript/jquery.utils.js HTTP/1.1" 304 -
180.157.253.48 - - [13/Dec/2020:09:40:26 +0800] "GET /xingrg/javascript/json2.js HTTP/1.1" 304 -
180.157.253.48 - - [13/Dec/2020:09:40:26 +0800] "GET /xingrg/javascript/print/kc_print.js HTTP/1.1" 304 -
180.157.253.48 - - [13/Dec/2020:09:40:26 +0800] "GET /xingrg/javascript/jquery.cookie.js HTTP/1.1" 304 -
180.157.253.48 - - [13/Dec/2020:09:40:26 +0800] "GET /xingrg/javascript/easyui/plugins/jquery.parser.js HTTP/1.1" 304 -
180.157.253.48 - - [13/Dec/2020:09:40:26 +0800] "GET /xingrg/words/20201212095936_words.js HTTP/1.1" 304 -
180.157.253.48 - - [13/Dec/2020:09:40:26 +0800] "GET /xingrg/javascript/easyui/plugins/jquery.validatebox.js HTTP/1.1" 304 -
180.157.253.48 - - [13/Dec/2020:09:40:26 +0800] "GET /xingrg/javascript/easyui/plugins/jquery.numberbox.js HTTP/1.1" 304 -
180.157.253.48 - - [13/Dec/2020:09:40:26 +0800] "GET /xingrg/javascript/print/LodopFuncs.js HTTP/1.1" 304 -
180.157.253.48 - - [13/Dec/2020:09:40:26 +0800] "GET /xingrg/javascript/convert.js HTTP/1.1" 304 -
172.17.200.101 - - [13/Dec/2020:09:40:27 +0800] "POST /xingrg/kc/buy/cgsh_list_operate.html HTTP/1.1" 200 5821
61.151.178.197 - - [13/Dec/2020:09:40:27 +0800] "GET /xingrg/all/function/internal_message.html?_=1607823559037&CODE_STATE=getMsg HTTP/1.1" 302 -
114.88.163.87 - - [13/Dec/2020:09:40:28 +0800] "GET /xingrg/all/function/internal_message.html?_=1607823621863&CODE_STATE=getMsg HTTP/1.1" 200 27
101.91.62.99 - - [13/Dec/2020:09:40:28 +0800] "GET /xingrg/kc/buy/cgsh_order_operate.html?command=get_materiel&rest_code=00141&code=00101008403&supplier_code=00100007&order_time=2020-12-13 HTTP/1.1" 302 -
114.88.159.147 - - [13/Dec/2020:09:40:28 +0800] "GET /xingrg/kc/buy/cgsh_order_operate.html?command=get_materiel&rest_code=00141&code=00101008351&supplier_code=00100007&order_time=2020-12-13 HTTP/1.1" 200 410
114.84.32.187 - - [13/Dec/2020:09:40:29 +0800] "GET /xingrg/all/function/internal_message.html?_=1607823662166&CODE_STATE=getMsg HTTP/1.1" 302 -
172.17.200.101 - - [13/Dec/2020:09:40:31 +0800] "POST /xingrg/kc/buy/cgsh_list_operate.html HTTP/1.1" 200 6030
180.157.253.48 - - [13/Dec/2020:09:40:32 +0800] "GET /xingrg/kc/buy/cgsh_order_operate.html?command=get_materiel&rest_code=00148&code=00101007061&supplier_code=00100004&order_time=2020-12-13 HTTP/1.1" 200 409
180.157.253.48 - - [13/Dec/2020:09:40:32 +0800] "GET /xingrg/javascript/easyui/themes/default/images/button_plain_hover.png HTTP/1.1" 304 -
101.91.62.99 - - [13/Dec/2020:09:40:32 +0800] "GET /xingrg/login.html HTTP/1.1" 200 7641
116.228.172.94 - - [13/Dec/2020:09:40:34 +0800] "GET /xingrg/all/function/internal_message.html?_=1607823630920&CODE_STATE=getMsg HTTP/1.1" 200 27
101.89.239.232 - - [13/Dec/2020:09:40:35 +0800] "GET /xingrg/kc/buy/cgsh_order_operate.html?command=get_materiel&rest_code=00141&code=00101008039&supplier_code=00100007&order_time=2020-12-13 HTTP/1.1" 302 -
101.85.93.83 - - [13/Dec/2020:09:40:36 +0800] "GET /xingrg/all/function/internal_message.html?_=1607823338569&CODE_STATE=getMsg HTTP/1.1" 200 27
172.17.200.101 - - [13/Dec/2020:09:40:37 +0800] "POST /xingrg/kc/buy/cgsh_list_operate.html HTTP/1.1" 200 6017
61.151.178.197 - - [13/Dec/2020:09:40:37 +0800] "GET /xingrg/login.html HTTP/1.1" 200 7641
180.157.253.48 - - [13/Dec/2020:09:40:38 +0800] "GET /xingrg/all/function/internal_message.html?_=1607823633906&CODE_STATE=getMsg HTTP/1.1" 200 27
180.157.253.48 - - [13/Dec/2020:09:40:39 +0800] "GET /xingrg/kc/buy/cgsh_order_operate.html?command=get_materiel&rest_code=00148&code=00101007049&supplier_code=00100004&order_time=2020-12-13 HTTP/1.1" 200 409
180.157.253.48 - - [13/Dec/2020:09:40:39 +0800] "GET /xingrg/javascript/easyui/themes/default/images/button_plain_hover.png HTTP/1.1" 304 -
172.17.200.101 - - [13/Dec/2020:09:40:43 +0800] "POST /xingrg/kc/buy/cgsh_list_operate.html HTTP/1.1" 200 6004
101.89.239.232 - - [13/Dec/2020:09:40:43 +0800] "GET /xingrg/login.html HTTP/1.1" 200 7641
180.157.253.48 - - [13/Dec/2020:09:40:45 +0800] "GET /xingrg/kc/buy/cgsh_order_operate.html?command=get_materiel&rest_code=00148&code=00101007038&supplier_code=00100004&order_time=2020-12-13 HTTP/1.1" 200 441
180.157.253.48 - - [13/Dec/2020:09:40:45 +0800] "GET /xingrg/javascript/easyui/themes/default/images/button_plain_hover.png HTTP/1.1" 304 -
114.88.159.147 - - [13/Dec/2020:09:40:46 +0800] "GET /xingrg/kc/buy/cgsh_order_operate.html?command=get_materiel&rest_code=00141&code=00101008224&supplier_code=00100007&order_time=2020-12-13 HTTP/1.1" 200 416
114.84.32.187 - - [13/Dec/2020:09:40:47 +0800] "GET /xingrg/all/function/internal_message.html?_=1607823643865&CODE_STATE=getMsg HTTP/1.1" 200 27
114.84.32.187 - - [13/Dec/2020:09:40:47 +0800] "GET /xingrg/check_reg.html?_=1607823643867 HTTP/1.1" 200 22
114.84.32.187 - - [13/Dec/2020:09:40:48 +0800] "GET /xingrg/all/function/internal_message.html?_=1607823672783&CODE_STATE=getMsg HTTP/1.1" 200 27
180.157.253.48 - - [13/Dec/2020:09:40:48 +0800] "GET /xingrg/javascript/easyui/themes/default/images/button_plain_hover.png HTTP/1.1" 304 -
180.157.253.48 - - [13/Dec/2020:09:40:48 +0800] "GET /xingrg/javascript/easyui/themes/default/images/button_plain_hover.png HTTP/1.1" 304 -
180.157.253.48 - - [13/Dec/2020:09:40:48 +0800] "GET /xingrg/javascript/easyui/themes/default/images/button_plain_hover.png HTTP/1.1" 304 -
180.157.253.48 - - [13/Dec/2020:09:40:48 +0800] "GET /xingrg/javascript/easyui/themes/default/images/button_plain_hover.png HTTP/1.1" 304 -
180.157.253.48 - - [13/Dec/2020:09:40:48 +0800] "GET /xingrg/javascript/easyui/themes/default/images/button_plain_hover.png HTTP/1.1" 304 -
180.157.253.48 - - [13/Dec/2020:09:40:48 +0800] "GET /xingrg/javascript/easyui/themes/default/images/button_plain_hover.png HTTP/1.1" 304 -
172.17.200.101 - - [13/Dec/2020:09:40:48 +0800] "POST /xingrg/kc/buy/cgsh_list_operate.html HTTP/1.1" 200 6015
180.157.253.48 - - [13/Dec/2020:09:40:48 +0800] "GET /xingrg/javascript/easyui/themes/default/images/button_plain_hover.png HTTP/1.1" 304 -
180.157.253.48 - - [13/Dec/2020:09:40:48 +0800] "GET /xingrg/javascript/easyui/themes/default/images/button_plain_hover.png HTTP/1.1" 304 -
180.157.253.48 - - [13/Dec/2020:09:40:48 +0800] "GET /xingrg/javascript/easyui/themes/default/images/button_plain_hover.png HTTP/1.1" 304 -
180.157.253.48 - - [13/Dec/2020:09:40:49 +0800] "GET /xingrg/javascript/easyui/themes/default/images/button_plain_hover.png HTTP/1.1" 304 -
180.152.104.37 - - [13/Dec/2020:09:40:50 +0800] "POST /xingrg/kc/buy/cgsh_list_operate.html HTTP/1.1" 200 564
180.152.104.37 - - [13/Dec/2020:09:40:50 +0800] "GET /xingrg/kc/buy/cgsh_order_info.html?code=212020121304986 HTTP/1.1" 200 60910
180.152.104.37 - - [13/Dec/2020:09:40:51 +0800] "GET /xingrg/javascript/easyui/themes/default/validatebox.css HTTP/1.1" 404 1104
180.157.253.48 - - [13/Dec/2020:09:40:51 +0800] "POST /xingrg/kc/buy/cgsh_order_operate.html HTTP/1.1" 200 37
180.152.104.37 - - [13/Dec/2020:09:40:51 +0800] "POST /xingrg/kc/buy/cgsh_order_operate.html HTTP/1.1" 200 15677
172.17.200.101 - - [13/Dec/2020:09:40:51 +0800] "POST /xingrg/kc/buy/cgsh_list_operate.html HTTP/1.1" 200 212
180.162.223.42 - - [13/Dec/2020:09:40:52 +0800] "GET /xingrg/all/function/internal_message.html?_=1607823648222&CODE_STATE=getMsg HTTP/1.1" 200 27
114.88.159.147 - - [13/Dec/2020:09:40:52 +0800] "GET /xingrg/kc/buy/cgsh_order_operate.html?command=get_materiel&rest_code=00141&code=00101008003&supplier_code=00100007&order_time=2020-12-13 HTTP/1.1" 200 408
180.157.253.48 - - [13/Dec/2020:09:40:52 +0800] "POST /xingrg/kc/buy/cgsh_order_operate.html HTTP/1.1" 200 3834
114.88.159.147 - - [13/Dec/2020:09:40:54 +0800] "POST /xingrg/kc/buy/cgsh_order_operate.html HTTP/1.1" 200 2065
180.174.56.115 - - [13/Dec/2020:09:40:55 +0800] "GET /xingrg/all/function/internal_message.html?_=1607823615687&CODE_STATE=getMsg HTTP/1.1" 200 27
172.17.200.101 - - [13/Dec/2020:09:40:56 +0800] "POST /xingrg/kc/buy/cgsh_list_operate.html HTTP/1.1" 200 4
114.88.159.147 - - [13/Dec/2020:09:40:57 +0800] "GET /xingrg/kc/buy/cgsh_order_operate.html?command=get_materiel&rest_code=00141&code=00101008201&supplier_code=00100007&order_time=2020-12-13 HTTP/1.1" 200 412
172.17.200.101 - - [13/Dec/2020:09:40:58 +0800] "POST /xingrg/kc/buy/cgsh_list_operate.html HTTP/1.1" 200 5821
172.17.0.120 - - [13/Dec/2020:09:41:00 +0800] "GET /xingrg/all/function/internal_message.html?_=1607824192600&CODE_STATE=getMsg HTTP/1.1" 200 27
114.88.163.87 - - [13/Dec/2020:09:41:00 +0800] "GET /xingrg/all/function/internal_message.html?_=1607823789352&CODE_STATE=getMsg HTTP/1.1" 200 27
180.157.253.48 - - [13/Dec/2020:09:41:00 +0800] "GET /xingrg/javascript/easyui/themes/default/images/button_plain_hover.png HTTP/1.1" 304 -
180.157.253.48 - - [13/Dec/2020:09:41:00 +0800] "GET /xingrg/javascript/easyui/themes/default/images/button_plain_hover.png HTTP/1.1" 304 -
180.157.253.48 - - [13/Dec/2020:09:41:00 +0800] "GET /xingrg/javascript/easyui/themes/default/images/button_plain_hover.png HTTP/1.1" 304 -
180.157.253.48 - - [13/Dec/2020:09:41:01 +0800] "GET /xingrg/javascript/easyui/themes/default/images/button_plain_hover.png HTTP/1.1" 304 -
180.157.253.48 - - [13/Dec/2020:09:41:01 +0800] "GET /xingrg/javascript/easyui/themes/default/images/button_plain_hover.png HTTP/1.1" 304 -
114.88.159.147 - - [13/Dec/2020:09:41:01 +0800] "GET /xingrg/all/function/internal_message.html?_=1607823232407&CODE_STATE=getMsg HTTP/1.1" 200 27
180.157.253.48 - - [13/Dec/2020:09:41:01 +0800] "GET /xingrg/kc/buy/cgsh_order_add.html HTTP/1.1" 200 60942
180.157.253.48 - - [13/Dec/2020:09:41:01 +0800] "GET /xingrg/javascript/jquery_tools/datebox.css HTTP/1.1" 304 -
180.157.253.48 - - [13/Dec/2020:09:41:01 +0800] "GET /xingrg/javascript/easyui/themes/icon.css HTTP/1.1" 304 -
180.157.253.48 - - [13/Dec/2020:09:41:01 +0800] "GET /xingrg/javascript/auto/jquery.autocomplete.css HTTP/1.1" 304 -
180.157.253.48 - - [13/Dec/2020:09:41:01 +0800] "GET /xingrg/javascript/easyui/themes/default/easyui.css HTTP/1.1" 304 -
180.157.253.48 - - [13/Dec/2020:09:41:01 +0800] "GET /xingrg/javascript/jquery_tools/table.css HTTP/1.1" 304 -
180.157.253.48 - - [13/Dec/2020:09:41:01 +0800] "GET /xingrg/javascript/jquery_tools/jquery.tools.min.js HTTP/1.1" 304 -
180.157.253.48 - - [13/Dec/2020:09:41:01 +0800] "GET /xingrg/javascript/pic_change.js HTTP/1.1" 304 -
180.157.253.48 - - [13/Dec/2020:09:41:01 +0800] "GET /xingrg/javascript/jquery_tools/fix.css HTTP/1.1" 304 -
180.157.253.48 - - [13/Dec/2020:09:41:01 +0800] "GET /xingrg/javascript/jquery_tools/jquery.tools.extend.js HTTP/1.1" 304 -
180.157.253.48 - - [13/Dec/2020:09:41:01 +0800] "GET /xingrg/javascript/jquery_tools/jquery.tools.hotkey.js HTTP/1.1" 304 -
180.157.253.48 - - [13/Dec/2020:09:41:01 +0800] "GET /xingrg/javascript/convert.js HTTP/1.1" 304 -
180.157.253.48 - - [13/Dec/2020:09:41:01 +0800] "GET /xingrg/javascript/jquery_tools/jquery.tools.table.js HTTP/1.1" 304 -
180.157.253.48 - - [13/Dec/2020:09:41:01 +0800] "GET /xingrg/javascript/auto/jquery.autocomplete.js HTTP/1.1" 304 -
180.157.253.48 - - [13/Dec/2020:09:41:01 +0800] "GET /xingrg/javascript/jquery.cookie.js HTTP/1.1" 304 -
180.157.253.48 - - [13/Dec/2020:09:41:01 +0800] "GET /xingrg/javascript/jquery_tools/order_manager.js HTTP/1.1" 304 -
180.157.253.48 - - [13/Dec/2020:09:41:01 +0800] "GET /xingrg/javascript/json2.js HTTP/1.1" 304 -
180.157.253.48 - - [13/Dec/2020:09:41:01 +0800] "GET /xingrg/javascript/easyui/easyloader.js HTTP/1.1" 304 -
180.157.253.48 - - [13/Dec/2020:09:41:01 +0800] "GET /xingrg/javascript/jquery.utils.js HTTP/1.1" 304 -
180.157.253.48 - - [13/Dec/2020:09:41:01 +0800] "GET /xingrg/javascript/print/kc_print.js HTTP/1.1" 304 -
180.157.253.48 - - [13/Dec/2020:09:41:01 +0800] "GET /xingrg/javascript/print/LodopFuncs.js HTTP/1.1" 304 -
180.157.253.48 - - [13/Dec/2020:09:41:01 +0800] "GET /xingrg/css/base.css HTTP/1.1" 304 -
180.157.253.48 - - [13/Dec/2020:09:41:01 +0800] "GET /xingrg/css/site.css HTTP/1.1" 304 -
180.157.253.48 - - [13/Dec/2020:09:41:01 +0800] "GET /xingrg/words/20201212095936_words.js HTTP/1.1" 304 -
180.157.253.48 - - [13/Dec/2020:09:41:01 +0800] "GET /xingrg/javascript/easyui/themes/icons/copy_new.png HTTP/1.1" 304 -
180.157.253.48 - - [13/Dec/2020:09:41:01 +0800] "GET /xingrg/javascript/easyui/themes/icons/template_new.png HTTP/1.1" 304 -
180.157.253.48 - - [13/Dec/2020:09:41:01 +0800] "GET /xingrg/javascript/easyui/themes/icons/ok.png HTTP/1.1" 304 -
180.157.253.48 - - [13/Dec/2020:09:41:01 +0800] "GET /xingrg/javascript/easyui/themes/icons/print.png HTTP/1.1" 304 -
180.157.253.48 - - [13/Dec/2020:09:41:01 +0800] "GET /xingrg/javascript/easyui/themes/default/images/menu_downarrow.png HTTP/1.1" 304 -
180.157.253.48 - - [13/Dec/2020:09:41:01 +0800] "GET /xingrg/javascript/easyui/themes/icons/cancel.png HTTP/1.1" 304 -
180.157.253.48 - - [13/Dec/2020:09:41:01 +0800] "GET /xingrg/javascript/easyui/plugins/jquery.parser.js HTTP/1.1" 304 -
180.157.253.48 - - [13/Dec/2020:09:41:01 +0800] "POST /xingrg/kc/buy/cgsh_order_operate.html HTTP/1.1" 200 8245
180.157.253.48 - - [13/Dec/2020:09:41:01 +0800] "GET /xingrg/javascript/easyui/themes/default/images/button_plain_hover.png HTTP/1.1" 304 -
180.157.253.48 - - [13/Dec/2020:09:41:02 +0800] "GET /xingrg/all/common/auto_word.html?type=employee&rest_code=00148 HTTP/1.1" 200 197
180.157.253.48 - - [13/Dec/2020:09:41:02 +0800] "GET /xingrg/all/common/auto_word.html?type=employee&rest_code=00148 HTTP/1.1" 200 197
180.157.253.48 - - [13/Dec/2020:09:41:02 +0800] "GET /xingrg/javascript/easyui/themes/default/images/button_plain_hover.png HTTP/1.1" 304 -
180.157.253.48 - - [13/Dec/2020:09:41:02 +0800] "GET /xingrg/javascript/easyui/themes/default/validatebox.css HTTP/1.1" 404 1104
180.157.253.48 - - [13/Dec/2020:09:41:02 +0800] "GET /xingrg/javascript/easyui/plugins/jquery.validatebox.js HTTP/1.1" 304 -
180.157.253.48 - - [13/Dec/2020:09:41:02 +0800] "GET /xingrg/javascript/easyui/plugins/jquery.numberbox.js HTTP/1.1" 304 -
180.157.253.48 - - [13/Dec/2020:09:41:04 +0800] "GET /xingrg/javascript/pic_change.js HTTP/1.1" 304 -
180.157.253.48 - - [13/Dec/2020:09:41:04 +0800] "GET /xingrg/javascript/jquery_tools/jquery.tools.min.js HTTP/1.1" 304 -
180.157.253.48 - - [13/Dec/2020:09:41:04 +0800] "GET /xingrg/javascript/jquery_tools/jquery.tools.extend.js HTTP/1.1" 304 -
180.157.253.48 - - [13/Dec/2020:09:41:04 +0800] "GET /xingrg/javascript/jquery_tools/jquery.tools.hotkey.js HTTP/1.1" 304 -
180.157.253.48 - - [13/Dec/2020:09:41:04 +0800] "GET /xingrg/javascript/jquery_tools/jquery.tools.table.js HTTP/1.1" 304 -
180.157.253.48 - - [13/Dec/2020:09:41:04 +0800] "GET /xingrg/javascript/auto/jquery.autocomplete.js HTTP/1.1" 304 -
180.157.253.48 - - [13/Dec/2020:09:41:04 +0800] "GET /xingrg/javascript/easyui/easyloader.js HTTP/1.1" 304 -
180.157.253.48 - - [13/Dec/2020:09:41:04 +0800] "GET /xingrg/javascript/jquery.utils.js HTTP/1.1" 304 -
180.157.253.48 - - [13/Dec/2020:09:41:04 +0800] "GET /xingrg/javascript/json2.js HTTP/1.1" 304 -
180.157.253.48 - - [13/Dec/2020:09:41:04 +0800] "GET /xingrg/javascript/print/kc_print.js HTTP/1.1" 304 -
180.157.253.48 - - [13/Dec/2020:09:41:04 +0800] "GET /xingrg/javascript/jquery.cookie.js HTTP/1.1" 304 -
180.157.253.48 - - [13/Dec/2020:09:41:04 +0800] "GET /xingrg/javascript/jquery_tools/order_manager.js HTTP/1.1" 304 -
180.157.253.48 - - [13/Dec/2020:09:41:04 +0800] "GET /xingrg/javascript/convert.js HTTP/1.1" 304 -
180.157.253.48 - - [13/Dec/2020:09:41:04 +0800] "GET /xingrg/javascript/print/LodopFuncs.js HTTP/1.1" 304 -
180.157.253.48 - - [13/Dec/2020:09:41:04 +0800] "GET /xingrg/words/20201212095936_words.js HTTP/1.1" 304 -
180.157.253.48 - - [13/Dec/2020:09:41:04 +0800] "GET /xingrg/javascript/easyui/plugins/jquery.numberbox.js HTTP/1.1" 304 -
180.157.253.48 - - [13/Dec/2020:09:41:04 +0800] "GET /xingrg/javascript/easyui/plugins/jquery.parser.js HTTP/1.1" 304 -
180.157.253.48 - - [13/Dec/2020:09:41:04 +0800] "GET /xingrg/javascript/easyui/plugins/jquery.validatebox.js HTTP/1.1" 304 -
114.88.159.147 - - [13/Dec/2020:09:41:06 +0800] "GET /xingrg/kc/buy/cgsh_order_operate.html?command=get_materiel&rest_code=00141&code=00101008361&supplier_code=00100007&order_time=2020-12-13 HTTP/1.1" 200 408
114.88.163.87 - - [13/Dec/2020:09:41:10 +0800] "GET /xingrg/check_reg.html?_=1607823664188 HTTP/1.1" 200 22
180.157.253.48 - - [13/Dec/2020:09:41:11 +0800] "GET /xingrg/kc/buy/cgsh_order_operate.html?command=get_materiel&rest_code=00148&code=00101008256&supplier_code=00100007&order_time=2020-12-13 HTTP/1.1" 200 413
180.157.253.48 - - [13/Dec/2020:09:41:11 +0800] "GET /xingrg/javascript/easyui/themes/default/images/button_plain_hover.png HTTP/1.1" 304 -
180.174.56.115 - - [13/Dec/2020:09:41:12 +0800] "GET /xingrg/all/function/internal_message.html?_=1607823670979&CODE_STATE=getMsg HTTP/1.1" 200 27
101.91.60.11 - - [13/Dec/2020:09:41:13 +0800] "GET /xingrg/kc/buy/cgsh_order_operate.html?command=get_materiel&rest_code=00141&code=00101008147&supplier_code=00100007&order_time=2020-12-13 HTTP/1.1" 302 -
101.85.93.83 - - [13/Dec/2020:09:41:13 +0800] "GET /xingrg/kc/buy/cgsh_order_operate.html?command=get_materiel&rest_code=00142&code=00101010161&supplier_code=00100207&order_time=2020-12-13 HTTP/1.1" 200 408
180.152.104.37 - - [13/Dec/2020:09:41:14 +0800] "GET /xingrg/all/function/internal_message.html?_=1607823902207&CODE_STATE=getMsg HTTP/1.1" 200 27
114.88.159.147 - - [13/Dec/2020:09:41:16 +0800] "GET /xingrg/kc/buy/cgsh_order_operate.html?command=get_materiel&rest_code=00141&code=00101008276&supplier_code=00100007&order_time=2020-12-13 HTTP/1.1" 200 412
172.17.200.101 - - [13/Dec/2020:09:41:18 +0800] "GET /xingrg/all/function/internal_message.html?_=1607823679533&CODE_STATE=getMsg HTTP/1.1" 200 27
222.69.138.156 - - [13/Dec/2020:09:41:21 +0800] "GET /xingrg/all/function/internal_message.html?_=1607823677189&CODE_STATE=getMsg HTTP/1.1" 200 27
114.88.159.147 - - [13/Dec/2020:09:41:21 +0800] "GET /xingrg/all/function/internal_message.html?_=1607823679028&CODE_STATE=getMsg HTTP/1.1" 200 27
117.184.7.26 - - [13/Dec/2020:09:41:22 +0800] "GET /xingrg/check_reg.html?_=1607823677942 HTTP/1.1" 200 22
117.184.7.26 - - [13/Dec/2020:09:41:22 +0800] "GET /xingrg/all/function/internal_message.html?_=1607823677950&CODE_STATE=getMsg HTTP/1.1" 200 27
114.88.159.147 - - [13/Dec/2020:09:41:22 +0800] "GET /xingrg/kc/buy/cgsh_order_operate.html?command=get_materiel&rest_code=00141&code=00101008356&supplier_code=00100007&order_time=2020-12-13 HTTP/1.1" 200 408
101.91.60.11 - - [13/Dec/2020:09:41:23 +0800] "GET /xingrg/login.html HTTP/1.1" 200 7641
116.228.172.94 - - [13/Dec/2020:09:41:23 +0800] "GET /xingrg/kc/buy/cgsh_order_operate.html?command=get_materiel&rest_code=00107&code=00101008323&supplier_code=00100006&order_time=2020-12-13 HTTP/1.1" 200 408
101.91.60.11 - - [13/Dec/2020:09:41:27 +0800] "GET /xingrg/kc/buy/cgsh_order_operate.html?command=get_materiel&rest_code=00141&code=00101008028&supplier_code=00100007&order_time=2020-12-13 HTTP/1.1" 302 -
114.88.163.87 - - [13/Dec/2020:09:41:28 +0800] "GET /xingrg/all/function/internal_message.html?_=1607823681886&CODE_STATE=getMsg HTTP/1.1" 200 27
101.85.93.83 - - [13/Dec/2020:09:41:28 +0800] "GET /xingrg/kc/buy/cgsh_order_operate.html?command=get_materiel&rest_code=00142&code=00101003002&supplier_code=00100207&order_time=2020-12-13 HTTP/1.1" 200 409
114.88.159.147 - - [13/Dec/2020:09:41:28 +0800] "GET /xingrg/kc/buy/cgsh_order_operate.html?command=get_materiel&rest_code=00141&code=00101008300&supplier_code=00100007&order_time=2020-12-13 HTTP/1.1" 200 412
114.84.32.187 - - [13/Dec/2020:09:41:29 +0800] "GET /xingrg/all/function/internal_message.html?_=1607823722171&CODE_STATE=getMsg HTTP/1.1" 302 -
114.88.159.147 - - [13/Dec/2020:09:41:31 +0800] "POST /xingrg/kc/buy/cgsh_order_operate.html HTTP/1.1" 200 2065
116.228.172.94 - - [13/Dec/2020:09:41:34 +0800] "GET /xingrg/check_reg.html?_=1607823690002 HTTP/1.1" 200 22
101.91.60.11 - - [13/Dec/2020:09:41:34 +0800] "GET /xingrg/login.html HTTP/1.1" 200 7641
116.228.172.94 - - [13/Dec/2020:09:41:34 +0800] "GET /xingrg/all/function/internal_message.html?_=1607823690893&CODE_STATE=getMsg HTTP/1.1" 200 27
114.88.159.147 - - [13/Dec/2020:09:41:34 +0800] "GET /xingrg/kc/buy/cgsh_order_operate.html?command=get_materiel&rest_code=00141&code=00101008251&supplier_code=00100007&order_time=2020-12-13 HTTP/1.1" 200 408
101.85.93.83 - - [13/Dec/2020:09:41:36 +0800] "GET /xingrg/all/function/internal_message.html?_=1607823398571&CODE_STATE=getMsg HTTP/1.1" 200 27
180.157.253.48 - - [13/Dec/2020:09:41:37 +0800] "GET /xingrg/check_reg.html?_=1607823693433 HTTP/1.1" 200 22
180.157.253.48 - - [13/Dec/2020:09:41:38 +0800] "GET /xingrg/all/function/internal_message.html?_=1607823693915&CODE_STATE=getMsg HTTP/1.1" 200 27
116.228.172.94 - - [13/Dec/2020:09:41:38 +0800] "GET /xingrg/kc/buy/cgsh_order_operate.html?command=get_materiel&rest_code=00107&code=00101008175&supplier_code=00100006&order_time=2020-12-13 HTTP/1.1" 200 412
114.88.163.87 - - [13/Dec/2020:09:41:40 +0800] "GET /xingrg/kc/buy/cgsh_order_list.html HTTP/1.1" 200 45205
101.85.93.83 - - [13/Dec/2020:09:41:43 +0800] "POST /xingrg/kc/buy/cgsh_order_operate.html HTTP/1.1" 200 37
114.88.163.87 - - [13/Dec/2020:09:41:43 +0800] "POST /xingrg/kc/buy/cgsh_list_operate.html HTTP/1.1" 200 2769
101.85.93.83 - - [13/Dec/2020:09:41:44 +0800] "POST /xingrg/kc/buy/cgsh_order_operate.html HTTP/1.1" 200 3829
61.129.6.203 - - [13/Dec/2020:09:41:44 +0800] "GET /xingrg/kc/buy/cgsh_order_operate.html?command=get_materiel&rest_code=00141&code=00101008210&supplier_code=00100007&order_time=2020-12-13 HTTP/1.1" 302 -
114.88.163.87 - - [13/Dec/2020:09:41:45 +0800] "POST /xingrg/kc/buy/cgsh_list_operate.html HTTP/1.1" 200 212
114.88.163.87 - - [13/Dec/2020:09:41:45 +0800] "GET /xingrg/kc/buy/cgsh_order_info.html?code=212020121104117 HTTP/1.1" 200 60949
114.88.163.87 - - [13/Dec/2020:09:41:45 +0800] "GET /xingrg/all/common/auto_word.html?type=employee&rest_code=00111 HTTP/1.1" 200 205
114.88.163.87 - - [13/Dec/2020:09:41:45 +0800] "GET /xingrg/all/common/auto_word.html?type=employee&rest_code=00111 HTTP/1.1" 200 205
114.88.163.87 - - [13/Dec/2020:09:41:45 +0800] "GET /xingrg/javascript/easyui/themes/default/validatebox.css HTTP/1.1" 404 1104
114.88.163.87 - - [13/Dec/2020:09:41:45 +0800] "POST /xingrg/kc/buy/cgsh_order_operate.html HTTP/1.1" 200 2672
114.88.163.87 - - [13/Dec/2020:09:41:46 +0800] "GET /xingrg/javascript/auto/indicator.gif HTTP/1.1" 404 1066
114.84.32.187 - - [13/Dec/2020:09:41:47 +0800] "GET /xingrg/all/function/internal_message.html?_=1607823703851&CODE_STATE=getMsg HTTP/1.1" 200 27
114.84.32.187 - - [13/Dec/2020:09:41:48 +0800] "GET /xingrg/all/function/internal_message.html?_=1607823733016&CODE_STATE=getMsg HTTP/1.1" 200 27
116.228.172.94 - - [13/Dec/2020:09:41:49 +0800] "GET /xingrg/kc/buy/cgsh_order_operate.html?command=get_materiel&rest_code=00107&code=00101008302&supplier_code=00100006&order_time=2020-12-13 HTTP/1.1" 200 412
114.88.159.147 - - [13/Dec/2020:09:41:49 +0800] "GET /xingrg/kc/buy/cgsh_order_operate.html?command=get_materiel&rest_code=00141&code=00101008108&supplier_code=00100007&order_time=2020-12-13 HTTP/1.1" 200 412
101.91.60.108 - - [13/Dec/2020:09:41:51 +0800] "GET /xingrg/kc/buy/cgsh_order_operate.html?command=get_materiel&rest_code=00141&code=00101008302&supplier_code=00100007&order_time=2020-12-13 HTTP/1.1" 302 -
101.91.62.99 - - [13/Dec/2020:09:41:51 +0800] "GET /xingrg/kc/buy/cgsh_order_operate.html?command=get_materiel&rest_code=00141&code=00101008261&supplier_code=00100007&order_time=2020-12-13 HTTP/1.1" 302 -
180.162.223.42 - - [13/Dec/2020:09:41:52 +0800] "GET /xingrg/all/function/internal_message.html?_=1607823708223&CODE_STATE=getMsg HTTP/1.1" 200 27
180.174.56.115 - - [13/Dec/2020:09:41:52 +0800] "POST /xingrg/dwr/call/plaincall/AjaxYddbService.getMaterielByMap.dwr HTTP/1.1" 200 3675
61.129.6.203 - - [13/Dec/2020:09:41:53 +0800] "GET /xingrg/login.html HTTP/1.1" 200 7641
101.91.60.108 - - [13/Dec/2020:09:41:53 +0800] "GET /xingrg/login.html HTTP/1.1" 200 7641
114.88.163.87 - - [13/Dec/2020:09:41:53 +0800] "GET /xingrg/javascript/jquery_tools/images/next.gif HTTP/1.1" 404 1086
114.88.163.87 - - [13/Dec/2020:09:41:53 +0800] "GET /xingrg/javascript/jquery_tools/images/prev.gif HTTP/1.1" 404 1086
180.174.56.115 - - [13/Dec/2020:09:41:55 +0800] "GET /xingrg/all/function/internal_message.html?_=1607823675727&CODE_STATE=getMsg HTTP/1.1" 200 27
114.88.163.87 - - [13/Dec/2020:09:41:57 +0800] "POST /xingrg/kc/buy/cgsh_order_operate.html HTTP/1.1" 200 37
114.88.163.87 - - [13/Dec/2020:09:41:58 +0800] "POST /xingrg/kc/buy/cgsh_order_operate.html HTTP/1.1" 200 2672
180.174.56.115 - - [13/Dec/2020:09:41:59 +0800] "GET /xingrg/images/yd/bt2.gif HTTP/1.1" 404 1042
114.88.163.87 - - [13/Dec/2020:09:41:59 +0800] "GET /xingrg/kc/buy/cgsh_order_list.html HTTP/1.1" 200 45205
101.91.62.99 - - [13/Dec/2020:09:42:00 +0800] "GET /xingrg/login.html HTTP/1.1" 200 7641
180.174.56.115 - - [13/Dec/2020:09:42:00 +0800] "POST /xingrg/dwr/call/plaincall/AjaxYddbService.saveMaterielItem.dwr HTTP/1.1" 200 78
172.17.0.120 - - [13/Dec/2020:09:42:00 +0800] "GET /xingrg/all/function/internal_message.html?_=1607824252603&CODE_STATE=getMsg HTTP/1.1" 200 27
172.17.0.120 - - [13/Dec/2020:09:42:00 +0800] "GET /xingrg/check_reg.html?_=1607824252609 HTTP/1.1" 200 22
114.88.163.87 - - [13/Dec/2020:09:42:00 +0800] "GET /xingrg/all/function/internal_message.html?_=1607823849359&CODE_STATE=getMsg HTTP/1.1" 200 27
101.91.60.11 - - [13/Dec/2020:09:42:00 +0800] "GET /xingrg/kc/buy/cgsh_order_operate.html?command=get_materiel&rest_code=00141&code=00101008201&supplier_code=00100007&order_time=2020-12-13 HTTP/1.1" 302 -
114.88.163.87 - - [13/Dec/2020:09:42:00 +0800] "POST /xingrg/kc/buy/cgsh_list_operate.html HTTP/1.1" 200 2781
114.88.159.147 - - [13/Dec/2020:09:42:00 +0800] "GET /xingrg/kc/buy/cgsh_order_operate.html?command=get_materiel&rest_code=00141&code=00101008213&supplier_code=00100007&order_time=2020-12-13 HTTP/1.1" 200 412
114.88.159.147 - - [13/Dec/2020:09:42:01 +0800] "GET /xingrg/all/function/internal_message.html?_=1607823292406&CODE_STATE=getMsg HTTP/1.1" 200 27
114.88.163.87 - - [13/Dec/2020:09:42:02 +0800] "POST /xingrg/kc/buy/cgsh_list_operate.html HTTP/1.1" 200 212
116.228.172.94 - - [13/Dec/2020:09:42:03 +0800] "GET /xingrg/kc/buy/cgsh_order_operate.html?command=get_materiel&rest_code=00107&code=00101008027&supplier_code=00100006&order_time=2020-12-13 HTTP/1.1" 200 408
114.88.159.147 - - [13/Dec/2020:09:42:03 +0800] "POST /xingrg/kc/buy/cgsh_order_operate.html HTTP/1.1" 200 2065
101.91.60.11 - - [13/Dec/2020:09:42:04 +0800] "GET /xingrg/login.html HTTP/1.1" 200 7641
114.88.163.87 - - [13/Dec/2020:09:42:05 +0800] "POST /xingrg/kc/buy/cgsh_list_operate.html HTTP/1.1" 200 4
116.228.172.94 - - [13/Dec/2020:09:42:05 +0800] "POST /xingrg/kc/buy/cgsh_order_operate.html HTTP/1.1" 200 2065
114.88.163.87 - - [13/Dec/2020:09:42:07 +0800] "POST /xingrg/kc/buy/cgsh_list_operate.html HTTP/1.1" 200 2410
114.88.159.147 - - [13/Dec/2020:09:42:08 +0800] "GET /xingrg/kc/buy/cgsh_order_operate.html?command=get_materiel&rest_code=00141&code=00101008312&supplier_code=00100007&order_time=2020-12-13 HTTP/1.1" 200 412
180.174.56.115 - - [13/Dec/2020:09:42:12 +0800] "GET /xingrg/all/function/internal_message.html?_=1607823730982&CODE_STATE=getMsg HTTP/1.1" 200 27
101.91.60.105 - - [13/Dec/2020:09:42:13 +0800] "GET /xingrg/kc/buy/cgsh_order_operate.html?command=get_materiel&rest_code=00141&code=00101008361&supplier_code=00100007&order_time=2020-12-13 HTTP/1.1" 302 -
180.152.104.37 - - [13/Dec/2020:09:42:14 +0800] "GET /xingrg/all/function/internal_message.html?_=1607823962288&CODE_STATE=getMsg HTTP/1.1" 200 27
180.174.56.115 - - [13/Dec/2020:09:42:14 +0800] "POST /xingrg/dwr/call/plaincall/AjaxComOrderService.getMaterielSearchList.dwr HTTP/1.1" 200 27381
180.174.56.115 - - [13/Dec/2020:09:42:15 +0800] "POST /xingrg/dwr/call/plaincall/AjaxComOrderService.getMaterielSearchList.dwr HTTP/1.1" 200 419
101.89.239.120 - - [13/Dec/2020:09:42:15 +0800] "GET /xingrg/kc/buy/cgsh_order_operate.html?command=get_materiel&rest_code=00141&code=00101008224&supplier_code=00100007&order_time=2020-12-13 HTTP/1.1" 302 -
180.174.56.115 - - [13/Dec/2020:09:42:16 +0800] "POST /xingrg/dwr/call/plaincall/AjaxYddbService.getMaterielByMap.dwr HTTP/1.1" 200 3666
114.88.159.147 - - [13/Dec/2020:09:42:18 +0800] "GET /xingrg/kc/buy/cgsh_order_operate.html?command=get_materiel&rest_code=00141&code=00101008304&supplier_code=00100007&order_time=2020-12-13 HTTP/1.1" 200 412
172.17.200.101 - - [13/Dec/2020:09:42:18 +0800] "GET /xingrg/all/function/internal_message.html?_=1607823739528&CODE_STATE=getMsg HTTP/1.1" 200 27
101.91.60.105 - - [13/Dec/2020:09:42:18 +0800] "GET /xingrg/login.html HTTP/1.1" 200 7641
180.152.104.37 - - [13/Dec/2020:09:42:19 +0800] "POST /xingrg/kc/buy/cgsh_list_operate.html HTTP/1.1" 200 2387
180.152.104.37 - - [13/Dec/2020:09:42:20 +0800] "GET /xingrg/kc/buy/cgsh_order_info.html?code=212020121304976 HTTP/1.1" 200 60910
180.152.104.37 - - [13/Dec/2020:09:42:20 +0800] "GET /xingrg/javascript/easyui/themes/default/validatebox.css HTTP/1.1" 404 1104
180.152.104.37 - - [13/Dec/2020:09:42:20 +0800] "POST /xingrg/kc/buy/cgsh_order_operate.html HTTP/1.1" 200 20971
222.69.138.156 - - [13/Dec/2020:09:42:21 +0800] "GET /xingrg/all/function/internal_message.html?_=1607823737192&CODE_STATE=getMsg HTTP/1.1" 200 27
180.174.56.115 - - [13/Dec/2020:09:42:21 +0800] "POST /xingrg/dwr/call/plaincall/AjaxYddbService.saveMaterielItem.dwr HTTP/1.1" 200 78
101.89.239.120 - - [13/Dec/2020:09:42:21 +0800] "GET /xingrg/login.html HTTP/1.1" 200 7641
114.88.159.147 - - [13/Dec/2020:09:42:21 +0800] "GET /xingrg/all/function/internal_message.html?_=1607823739113&CODE_STATE=getMsg HTTP/1.1" 200 27
117.184.7.26 - - [13/Dec/2020:09:42:22 +0800] "GET /xingrg/all/function/internal_message.html?_=1607823737941&CODE_STATE=getMsg HTTP/1.1" 200 27
180.174.56.115 - - [13/Dec/2020:09:42:24 +0800] "POST /xingrg/dwr/call/plaincall/AjaxComOrderService.getMaterielSearchList.dwr HTTP/1.1" 200 1104
180.174.56.115 - - [13/Dec/2020:09:42:24 +0800] "POST /xingrg/dwr/call/plaincall/AjaxComOrderService.getMaterielSearchList.dwr HTTP/1.1" 200 1105
116.228.172.94 - - [13/Dec/2020:09:42:25 +0800] "GET /xingrg/kc/buy/cgsh_order_operate.html?command=get_materiel&rest_code=00107&code=00101008350&supplier_code=00100006&order_time=2020-12-13 HTTP/1.1" 200 408
114.88.159.147 - - [13/Dec/2020:09:42:25 +0800] "GET /xingrg/kc/buy/cgsh_order_operate.html?command=get_materiel&rest_code=00141&code=00101008089&supplier_code=00100007&order_time=2020-12-13 HTTP/1.1" 200 408
180.174.56.115 - - [13/Dec/2020:09:42:27 +0800] "POST /xingrg/dwr/call/plaincall/AjaxYddbService.getMaterielByMap.dwr HTTP/1.1" 200 3682
114.88.163.87 - - [13/Dec/2020:09:42:28 +0800] "GET /xingrg/all/function/internal_message.html?_=1607823741898&CODE_STATE=getMsg HTTP/1.1" 200 27
114.84.32.187 - - [13/Dec/2020:09:42:29 +0800] "GET /xingrg/all/function/internal_message.html?_=1607823782193&CODE_STATE=getMsg HTTP/1.1" 302 -
180.174.56.115 - - [13/Dec/2020:09:42:31 +0800] "POST /xingrg/dwr/call/plaincall/AjaxYddbService.saveMaterielItem.dwr HTTP/1.1" 200 79
114.88.159.147 - - [13/Dec/2020:09:42:31 +0800] "GET /xingrg/kc/buy/cgsh_order_operate.html?command=get_materiel&rest_code=00141&code=00101008242&supplier_code=00100007&order_time=2020-12-13 HTTP/1.1" 200 408
