114.88.159.147 - - [13/Dec/2020:06:46:46 +0800] "GET /xingrg/all/function/internal_message.html?_=1607813203159&CODE_STATE=getMsg HTTP/1.1" 200 27
101.227.139.171 - - [13/Dec/2020:06:46:46 +0800] "GET /xingrg/login.html HTTP/1.1" 200 7641
120.253.135.82 - - [13/Dec/2020:06:46:46 +0800] "GET /xingrg/kc/pszx/mdps_order_info.html?code=312020121300336 HTTP/1.1" 200 23887
120.253.135.82 - - [13/Dec/2020:06:46:47 +0800] "GET /xingrg/javascript/easyui/themes/default/validatebox.css HTTP/1.1" 404 1104
120.253.135.82 - - [13/Dec/2020:06:46:47 +0800] "POST /xingrg/kc/pszx/mdps_order_operate.html HTTP/1.1" 200 15806
114.84.32.187 - - [13/Dec/2020:06:46:47 +0800] "GET /xingrg/all/function/internal_message.html?_=1607813203642&CODE_STATE=getMsg HTTP/1.1" 200 27
180.174.56.115 - - [13/Dec/2020:06:46:51 +0800] "GET /xingrg/all/function/internal_message.html?_=1607813172132&CODE_STATE=getMsg HTTP/1.1" 200 27
114.88.159.147 - - [13/Dec/2020:06:47:00 +0800] "GET /xingrg/all/function/internal_message.html?_=1607812791866&CODE_STATE=getMsg HTTP/1.1" 200 27
101.89.239.230 - - [13/Dec/2020:06:47:15 +0800] "GET /xingrg/check_reg.html?_=1607813172299 HTTP/1.1" 302 -
101.89.239.230 - - [13/Dec/2020:06:47:15 +0800] "GET /xingrg/login.html HTTP/1.1" 200 7641
120.253.135.82 - - [13/Dec/2020:06:47:22 +0800] "GET /xingrg/kc/pszx/mdps_order_operate.html?command=get_materiel&pszx_code=00101&rest_code=00148&base_code=0010246&code=00101010222 HTTP/1.1" 200 447
114.88.163.87 - - [13/Dec/2020:06:47:24 +0800] "GET /xingrg/all/function/internal_message.html?_=1607813238444&CODE_STATE=getMsg HTTP/1.1" 200 27
114.84.32.187 - - [13/Dec/2020:06:47:27 +0800] "GET /xingrg/all/function/internal_message.html?_=1607813279807&CODE_STATE=getMsg HTTP/1.1" 302 -
120.253.135.82 - - [13/Dec/2020:06:47:31 +0800] "GET /xingrg/all/function/internal_message.html?_=1607812999441&CODE_STATE=getMsg HTTP/1.1" 200 27
114.84.32.187 - - [13/Dec/2020:06:47:34 +0800] "GET /xingrg/all/function/internal_message.html?_=1607813278622&CODE_STATE=getMsg HTTP/1.1" 200 27
58.40.7.146 - - [13/Dec/2020:06:47:35 +0800] "POST /xingrg/services/DataTransmitService HTTP/1.1" 200 524
172.17.0.123 - - [13/Dec/2020:06:47:36 +0800] "GET /xingrg/check_reg.html?_=1607813174026 HTTP/1.1" 200 22
172.17.0.123 - - [13/Dec/2020:06:47:36 +0800] "GET /xingrg/all/function/internal_message.html?_=1607813174028&CODE_STATE=getMsg HTTP/1.1" 200 27
120.253.135.82 - - [13/Dec/2020:06:47:36 +0800] "GET /xingrg/kc/pszx/mdps_order_operate.html?command=get_materiel&pszx_code=00101&rest_code=00148&base_code=0010246&code=00101019161 HTTP/1.1" 200 433
180.174.56.115 - - [13/Dec/2020:06:47:44 +0800] "GET /xingrg/all/function/internal_message.html?_=1607813263588&CODE_STATE=getMsg HTTP/1.1" 200 27
61.151.178.236 - - [13/Dec/2020:06:47:46 +0800] "GET /xingrg/all/function/internal_message.html?_=1607813203159&CODE_STATE=getMsg HTTP/1.1" 302 -
61.151.178.236 - - [13/Dec/2020:06:47:46 +0800] "GET /xingrg/login.html HTTP/1.1" 200 7641
114.88.159.147 - - [13/Dec/2020:06:47:46 +0800] "GET /xingrg/all/function/internal_message.html?_=1607813263132&CODE_STATE=getMsg HTTP/1.1" 200 27
114.84.32.187 - - [13/Dec/2020:06:47:47 +0800] "GET /xingrg/all/function/internal_message.html?_=1607813263642&CODE_STATE=getMsg HTTP/1.1" 200 27
120.253.135.82 - - [13/Dec/2020:06:47:50 +0800] "POST /xingrg/kc/pszx/mdps_order_operate.html HTTP/1.1" 200 37
120.253.135.82 - - [13/Dec/2020:06:47:51 +0800] "GET /xingrg/kc/pszx/mdps_order_info.html?code=312020121300336 HTTP/1.1" 200 23887
180.174.56.115 - - [13/Dec/2020:06:47:51 +0800] "GET /xingrg/all/function/internal_message.html?_=1607813232136&CODE_STATE=getMsg HTTP/1.1" 200 27
116.232.52.76 - - [13/Dec/2020:06:47:52 +0800] "POST /xingrg/services/DataTransmitService HTTP/1.1" 200 524
120.253.135.82 - - [13/Dec/2020:06:47:52 +0800] "POST /xingrg/kc/pszx/mdps_order_operate.html HTTP/1.1" 200 15826
120.253.135.82 - - [13/Dec/2020:06:47:52 +0800] "GET /xingrg/javascript/easyui/themes/default/validatebox.css HTTP/1.1" 404 1104
114.88.159.147 - - [13/Dec/2020:06:48:00 +0800] "GET /xingrg/all/function/internal_message.html?_=1607812851865&CODE_STATE=getMsg HTTP/1.1" 200 27
114.84.32.187 - - [13/Dec/2020:06:48:18 +0800] "GET /xingrg/check_reg.html?_=1607813330900 HTTP/1.1" 302 -
114.88.163.87 - - [13/Dec/2020:06:48:24 +0800] "GET /xingrg/all/function/internal_message.html?_=1607813298479&CODE_STATE=getMsg HTTP/1.1" 200 27
114.84.32.187 - - [13/Dec/2020:06:48:27 +0800] "GET /xingrg/all/function/internal_message.html?_=1607813339821&CODE_STATE=getMsg HTTP/1.1" 302 -
120.253.135.82 - - [13/Dec/2020:06:48:31 +0800] "GET /xingrg/all/function/internal_message.html?_=1607813059455&CODE_STATE=getMsg HTTP/1.1" 200 27
114.84.32.187 - - [13/Dec/2020:06:48:34 +0800] "GET /xingrg/all/function/internal_message.html?_=1607813338651&CODE_STATE=getMsg HTTP/1.1" 200 27
172.17.0.123 - - [13/Dec/2020:06:48:36 +0800] "GET /xingrg/all/function/internal_message.html?_=1607813234028&CODE_STATE=getMsg HTTP/1.1" 200 27
180.174.56.115 - - [13/Dec/2020:06:48:44 +0800] "GET /xingrg/all/function/internal_message.html?_=1607813323573&CODE_STATE=getMsg HTTP/1.1" 200 27
101.89.29.92 - - [13/Dec/2020:06:48:46 +0800] "GET /xingrg/all/function/internal_message.html?_=1607813263132&CODE_STATE=getMsg HTTP/1.1" 302 -
101.89.29.92 - - [13/Dec/2020:06:48:46 +0800] "GET /xingrg/login.html HTTP/1.1" 200 7641
114.88.159.147 - - [13/Dec/2020:06:48:46 +0800] "GET /xingrg/all/function/internal_message.html?_=1607813323129&CODE_STATE=getMsg HTTP/1.1" 200 27
114.84.32.187 - - [13/Dec/2020:06:48:47 +0800] "GET /xingrg/all/function/internal_message.html?_=1607813323641&CODE_STATE=getMsg HTTP/1.1" 200 27
180.174.56.115 - - [13/Dec/2020:06:48:51 +0800] "GET /xingrg/all/function/internal_message.html?_=1607813292174&CODE_STATE=getMsg HTTP/1.1" 200 27
114.88.159.147 - - [13/Dec/2020:06:49:00 +0800] "GET /xingrg/check_reg.html?_=1607812911867 HTTP/1.1" 200 22
114.88.159.147 - - [13/Dec/2020:06:49:01 +0800] "GET /xingrg/all/function/internal_message.html?_=1607812911863&CODE_STATE=getMsg HTTP/1.1" 200 27
180.174.56.115 - - [13/Dec/2020:06:49:02 +0800] "GET /xingrg/check_reg.html?_=1607813340875 HTTP/1.1" 200 22
114.84.32.187 - - [13/Dec/2020:06:49:23 +0800] "GET /xingrg/check_reg.html?_=1607813387842 HTTP/1.1" 200 22
114.88.163.87 - - [13/Dec/2020:06:49:24 +0800] "GET /xingrg/all/function/internal_message.html?_=1607813358487&CODE_STATE=getMsg HTTP/1.1" 200 27
180.174.56.115 - - [13/Dec/2020:06:49:27 +0800] "GET /xingrg/check_reg.html?_=1607813327422 HTTP/1.1" 200 22
114.84.32.187 - - [13/Dec/2020:06:49:27 +0800] "GET /xingrg/all/function/internal_message.html?_=1607813399842&CODE_STATE=getMsg HTTP/1.1" 302 -
120.253.135.82 - - [13/Dec/2020:06:49:30 +0800] "GET /xingrg/check_reg.html?_=1607813118970 HTTP/1.1" 200 22
120.253.135.82 - - [13/Dec/2020:06:49:31 +0800] "GET /xingrg/all/function/internal_message.html?_=1607813119468&CODE_STATE=getMsg HTTP/1.1" 200 27
114.84.32.187 - - [13/Dec/2020:06:49:34 +0800] "GET /xingrg/all/function/internal_message.html?_=1607813398666&CODE_STATE=getMsg HTTP/1.1" 200 27
172.17.0.123 - - [13/Dec/2020:06:49:36 +0800] "GET /xingrg/all/function/internal_message.html?_=1607813294030&CODE_STATE=getMsg HTTP/1.1" 200 27
180.174.56.115 - - [13/Dec/2020:06:49:44 +0800] "GET /xingrg/all/function/internal_message.html?_=1607813383557&CODE_STATE=getMsg HTTP/1.1" 200 27
114.88.159.147 - - [13/Dec/2020:06:49:46 +0800] "GET /xingrg/all/function/internal_message.html?_=1607813383106&CODE_STATE=getMsg HTTP/1.1" 200 27
114.84.32.187 - - [13/Dec/2020:06:49:47 +0800] "GET /xingrg/all/function/internal_message.html?_=1607813383643&CODE_STATE=getMsg HTTP/1.1" 200 27
180.174.56.115 - - [13/Dec/2020:06:49:51 +0800] "GET /xingrg/all/function/internal_message.html?_=1607813352178&CODE_STATE=getMsg HTTP/1.1" 200 27
114.88.159.147 - - [13/Dec/2020:06:50:00 +0800] "GET /xingrg/all/function/internal_message.html?_=1607812971866&CODE_STATE=getMsg HTTP/1.1" 200 27
114.88.163.87 - - [13/Dec/2020:06:50:24 +0800] "GET /xingrg/all/function/internal_message.html?_=1607813418523&CODE_STATE=getMsg HTTP/1.1" 200 27
114.84.32.187 - - [13/Dec/2020:06:50:27 +0800] "GET /xingrg/all/function/internal_message.html?_=1607813459848&CODE_STATE=getMsg HTTP/1.1" 302 -
120.253.135.82 - - [13/Dec/2020:06:50:31 +0800] "GET /xingrg/all/function/internal_message.html?_=1607813179482&CODE_STATE=getMsg HTTP/1.1" 200 27
114.84.32.187 - - [13/Dec/2020:06:50:34 +0800] "GET /xingrg/all/function/internal_message.html?_=1607813458679&CODE_STATE=getMsg HTTP/1.1" 200 27
172.17.0.123 - - [13/Dec/2020:06:50:36 +0800] "GET /xingrg/all/function/internal_message.html?_=1607813354032&CODE_STATE=getMsg HTTP/1.1" 200 27
180.174.56.115 - - [13/Dec/2020:06:50:44 +0800] "GET /xingrg/all/function/internal_message.html?_=1607813443542&CODE_STATE=getMsg HTTP/1.1" 200 27
114.88.159.147 - - [13/Dec/2020:06:50:46 +0800] "GET /xingrg/all/function/internal_message.html?_=1607813443082&CODE_STATE=getMsg HTTP/1.1" 200 27
114.84.32.187 - - [13/Dec/2020:06:50:47 +0800] "GET /xingrg/check_reg.html?_=1607813443662 HTTP/1.1" 200 22
114.84.32.187 - - [13/Dec/2020:06:50:47 +0800] "GET /xingrg/all/function/internal_message.html?_=1607813443662&CODE_STATE=getMsg HTTP/1.1" 200 27
180.174.56.115 - - [13/Dec/2020:06:50:51 +0800] "GET /xingrg/all/function/internal_message.html?_=1607813412192&CODE_STATE=getMsg HTTP/1.1" 200 27
114.88.159.147 - - [13/Dec/2020:06:51:00 +0800] "GET /xingrg/all/function/internal_message.html?_=1607813031865&CODE_STATE=getMsg HTTP/1.1" 200 27
114.88.163.87 - - [13/Dec/2020:06:51:10 +0800] "GET /xingrg/check_reg.html?_=1607813463998 HTTP/1.1" 200 22
114.88.159.147 - - [13/Dec/2020:06:51:15 +0800] "GET /xingrg/check_reg.html?_=1607813472334 HTTP/1.1" 200 22
114.88.163.87 - - [13/Dec/2020:06:51:24 +0800] "GET /xingrg/all/function/internal_message.html?_=1607813478530&CODE_STATE=getMsg HTTP/1.1" 200 27
114.84.32.187 - - [13/Dec/2020:06:51:27 +0800] "GET /xingrg/all/function/internal_message.html?_=1607813519869&CODE_STATE=getMsg HTTP/1.1" 302 -
120.253.135.82 - - [13/Dec/2020:06:51:31 +0800] "GET /xingrg/all/function/internal_message.html?_=1607813239515&CODE_STATE=getMsg HTTP/1.1" 200 27
114.84.32.187 - - [13/Dec/2020:06:51:34 +0800] "GET /xingrg/all/function/internal_message.html?_=1607813518707&CODE_STATE=getMsg HTTP/1.1" 200 27
172.17.0.123 - - [13/Dec/2020:06:51:36 +0800] "GET /xingrg/all/function/internal_message.html?_=1607813414034&CODE_STATE=getMsg HTTP/1.1" 200 27
180.174.56.115 - - [13/Dec/2020:06:51:44 +0800] "GET /xingrg/all/function/internal_message.html?_=1607813503549&CODE_STATE=getMsg HTTP/1.1" 200 27
114.88.159.147 - - [13/Dec/2020:06:51:46 +0800] "GET /xingrg/all/function/internal_message.html?_=1607813503059&CODE_STATE=getMsg HTTP/1.1" 200 27
114.84.32.187 - - [13/Dec/2020:06:51:47 +0800] "GET /xingrg/all/function/internal_message.html?_=1607813503662&CODE_STATE=getMsg HTTP/1.1" 200 27
180.174.56.115 - - [13/Dec/2020:06:51:51 +0800] "GET /xingrg/all/function/internal_message.html?_=1607813472230&CODE_STATE=getMsg HTTP/1.1" 200 27
114.88.159.147 - - [13/Dec/2020:06:52:00 +0800] "GET /xingrg/all/function/internal_message.html?_=1607813091863&CODE_STATE=getMsg HTTP/1.1" 200 27
114.88.163.87 - - [13/Dec/2020:06:52:24 +0800] "GET /xingrg/all/function/internal_message.html?_=1607813538545&CODE_STATE=getMsg HTTP/1.1" 200 27
114.84.32.187 - - [13/Dec/2020:06:52:27 +0800] "GET /xingrg/all/function/internal_message.html?_=1607813579875&CODE_STATE=getMsg HTTP/1.1" 302 -
120.253.135.82 - - [13/Dec/2020:06:52:31 +0800] "GET /xingrg/all/function/internal_message.html?_=1607813299641&CODE_STATE=getMsg HTTP/1.1" 200 27
114.84.32.187 - - [13/Dec/2020:06:52:34 +0800] "GET /xingrg/all/function/internal_message.html?_=1607813578722&CODE_STATE=getMsg HTTP/1.1" 200 27
172.17.0.123 - - [13/Dec/2020:06:52:36 +0800] "GET /xingrg/check_reg.html?_=1607813474034 HTTP/1.1" 200 22
172.17.0.123 - - [13/Dec/2020:06:52:36 +0800] "GET /xingrg/all/function/internal_message.html?_=1607813474036&CODE_STATE=getMsg HTTP/1.1" 200 27
180.174.56.115 - - [13/Dec/2020:06:52:44 +0800] "GET /xingrg/all/function/internal_message.html?_=1607813563527&CODE_STATE=getMsg HTTP/1.1" 200 27
114.88.159.147 - - [13/Dec/2020:06:52:46 +0800] "GET /xingrg/all/function/internal_message.html?_=1607813563034&CODE_STATE=getMsg HTTP/1.1" 200 27
114.84.32.187 - - [13/Dec/2020:06:52:47 +0800] "GET /xingrg/all/function/internal_message.html?_=1607813563662&CODE_STATE=getMsg HTTP/1.1" 200 27
180.174.56.115 - - [13/Dec/2020:06:52:51 +0800] "GET /xingrg/all/function/internal_message.html?_=1607813532236&CODE_STATE=getMsg HTTP/1.1" 200 27
114.88.159.147 - - [13/Dec/2020:06:53:00 +0800] "GET /xingrg/all/function/internal_message.html?_=1607813151891&CODE_STATE=getMsg HTTP/1.1" 200 27
114.84.32.187 - - [13/Dec/2020:06:53:18 +0800] "GET /xingrg/check_reg.html?_=1607813630903 HTTP/1.1" 302 -
114.88.163.87 - - [13/Dec/2020:06:53:24 +0800] "GET /xingrg/all/function/internal_message.html?_=1607813598576&CODE_STATE=getMsg HTTP/1.1" 200 27
114.84.32.187 - - [13/Dec/2020:06:53:27 +0800] "GET /xingrg/all/function/internal_message.html?_=1607813639889&CODE_STATE=getMsg HTTP/1.1" 302 -
120.253.135.82 - - [13/Dec/2020:06:53:31 +0800] "GET /xingrg/all/function/internal_message.html?_=1607813359653&CODE_STATE=getMsg HTTP/1.1" 200 27
114.84.32.187 - - [13/Dec/2020:06:53:34 +0800] "GET /xingrg/all/function/internal_message.html?_=1607813638751&CODE_STATE=getMsg HTTP/1.1" 200 27
172.17.0.123 - - [13/Dec/2020:06:53:36 +0800] "GET /xingrg/all/function/internal_message.html?_=1607813534036&CODE_STATE=getMsg HTTP/1.1" 200 27
180.174.56.115 - - [13/Dec/2020:06:53:44 +0800] "GET /xingrg/all/function/internal_message.html?_=1607813623503&CODE_STATE=getMsg HTTP/1.1" 200 27
114.88.159.147 - - [13/Dec/2020:06:53:46 +0800] "GET /xingrg/all/function/internal_message.html?_=1607813623004&CODE_STATE=getMsg HTTP/1.1" 200 27
114.84.32.187 - - [13/Dec/2020:06:53:47 +0800] "GET /xingrg/all/function/internal_message.html?_=1607813623664&CODE_STATE=getMsg HTTP/1.1" 200 27
180.174.56.115 - - [13/Dec/2020:06:53:52 +0800] "GET /xingrg/all/function/internal_message.html?_=1607813592276&CODE_STATE=getMsg HTTP/1.1" 200 27
114.88.159.147 - - [13/Dec/2020:06:54:00 +0800] "GET /xingrg/all/function/internal_message.html?_=1607813211890&CODE_STATE=getMsg HTTP/1.1" 200 27
114.88.159.147 - - [13/Dec/2020:06:54:00 +0800] "GET /xingrg/check_reg.html?_=1607813211892 HTTP/1.1" 200 22
180.174.56.115 - - [13/Dec/2020:06:54:02 +0800] "GET /xingrg/check_reg.html?_=1607813640900 HTTP/1.1" 200 22
117.184.7.30 - - [13/Dec/2020:06:54:07 +0800] "POST /xingrg/services/DataTransmitService HTTP/1.1" 200 524
114.84.32.187 - - [13/Dec/2020:06:54:23 +0800] "GET /xingrg/check_reg.html?_=1607813687847 HTTP/1.1" 200 22
114.88.163.87 - - [13/Dec/2020:06:54:24 +0800] "GET /xingrg/all/function/internal_message.html?_=1607813658586&CODE_STATE=getMsg HTTP/1.1" 200 27
180.174.56.115 - - [13/Dec/2020:06:54:27 +0800] "GET /xingrg/check_reg.html?_=1607813627426 HTTP/1.1" 200 22
114.84.32.187 - - [13/Dec/2020:06:54:27 +0800] "GET /xingrg/all/function/internal_message.html?_=1607813699911&CODE_STATE=getMsg HTTP/1.1" 302 -
120.253.135.82 - - [13/Dec/2020:06:54:31 +0800] "GET /xingrg/check_reg.html?_=1607813419086 HTTP/1.1" 200 22
120.253.135.82 - - [13/Dec/2020:06:54:31 +0800] "GET /xingrg/all/function/internal_message.html?_=1607813419660&CODE_STATE=getMsg HTTP/1.1" 200 27
114.84.32.187 - - [13/Dec/2020:06:54:34 +0800] "GET /xingrg/all/function/internal_message.html?_=1607813698764&CODE_STATE=getMsg HTTP/1.1" 200 27
172.17.0.123 - - [13/Dec/2020:06:54:36 +0800] "GET /xingrg/all/function/internal_message.html?_=1607813594038&CODE_STATE=getMsg HTTP/1.1" 200 27
180.174.56.115 - - [13/Dec/2020:06:54:44 +0800] "GET /xingrg/all/function/internal_message.html?_=1607813683491&CODE_STATE=getMsg HTTP/1.1" 200 27
114.88.159.147 - - [13/Dec/2020:06:54:46 +0800] "GET /xingrg/all/function/internal_message.html?_=1607813682974&CODE_STATE=getMsg HTTP/1.1" 200 27
101.91.62.65 - - [13/Dec/2020:06:54:46 +0800] "GET /xingrg/all/function/internal_message.html?_=1607813623004&CODE_STATE=getMsg HTTP/1.1" 302 -
101.91.62.65 - - [13/Dec/2020:06:54:47 +0800] "GET /xingrg/login.html HTTP/1.1" 200 7641
114.84.32.187 - - [13/Dec/2020:06:54:47 +0800] "GET /xingrg/all/function/internal_message.html?_=1607813683664&CODE_STATE=getMsg HTTP/1.1" 200 27
180.174.56.115 - - [13/Dec/2020:06:54:52 +0800] "GET /xingrg/all/function/internal_message.html?_=1607813652277&CODE_STATE=getMsg HTTP/1.1" 200 27
101.93.222.235 - - [13/Dec/2020:06:54:54 +0800] "POST /xingrg/services/DataTransmitService HTTP/1.1" 200 524
114.88.159.147 - - [13/Dec/2020:06:55:00 +0800] "GET /xingrg/all/function/internal_message.html?_=1607813271890&CODE_STATE=getMsg HTTP/1.1" 200 27
114.88.163.87 - - [13/Dec/2020:06:55:24 +0800] "GET /xingrg/all/function/internal_message.html?_=1607813718621&CODE_STATE=getMsg HTTP/1.1" 200 27
114.84.32.187 - - [13/Dec/2020:06:55:27 +0800] "GET /xingrg/all/function/internal_message.html?_=1607813759916&CODE_STATE=getMsg HTTP/1.1" 302 -
120.253.135.82 - - [13/Dec/2020:06:55:31 +0800] "GET /xingrg/all/function/internal_message.html?_=1607813479675&CODE_STATE=getMsg HTTP/1.1" 200 27
114.84.32.187 - - [13/Dec/2020:06:55:34 +0800] "GET /xingrg/all/function/internal_message.html?_=1607813758779&CODE_STATE=getMsg HTTP/1.1" 200 27
172.17.0.123 - - [13/Dec/2020:06:55:36 +0800] "GET /xingrg/all/function/internal_message.html?_=1607813654040&CODE_STATE=getMsg HTTP/1.1" 200 27
180.174.56.115 - - [13/Dec/2020:06:55:44 +0800] "GET /xingrg/all/function/internal_message.html?_=1607813743476&CODE_STATE=getMsg HTTP/1.1" 200 27
114.88.159.147 - - [13/Dec/2020:06:55:46 +0800] "GET /xingrg/all/function/internal_message.html?_=1607813742950&CODE_STATE=getMsg HTTP/1.1" 200 27
114.84.32.187 - - [13/Dec/2020:06:55:47 +0800] "GET /xingrg/check_reg.html?_=1607813743669 HTTP/1.1" 200 22
114.84.32.187 - - [13/Dec/2020:06:55:47 +0800] "GET /xingrg/all/function/internal_message.html?_=1607813743664&CODE_STATE=getMsg HTTP/1.1" 200 27
180.174.56.115 - - [13/Dec/2020:06:55:52 +0800] "GET /xingrg/all/function/internal_message.html?_=1607813712292&CODE_STATE=getMsg HTTP/1.1" 200 27
114.88.159.147 - - [13/Dec/2020:06:56:00 +0800] "GET /xingrg/all/function/internal_message.html?_=1607813331890&CODE_STATE=getMsg HTTP/1.1" 200 27
114.88.163.87 - - [13/Dec/2020:06:56:10 +0800] "GET /xingrg/check_reg.html?_=1607813764002 HTTP/1.1" 200 22
114.88.159.147 - - [13/Dec/2020:06:56:15 +0800] "GET /xingrg/check_reg.html?_=1607813772326 HTTP/1.1" 200 22
114.88.163.87 - - [13/Dec/2020:06:56:24 +0800] "GET /xingrg/all/function/internal_message.html?_=1607813778629&CODE_STATE=getMsg HTTP/1.1" 200 27
114.84.32.187 - - [13/Dec/2020:06:56:27 +0800] "GET /xingrg/all/function/internal_message.html?_=1607813819938&CODE_STATE=getMsg HTTP/1.1" 302 -
120.253.135.82 - - [13/Dec/2020:06:56:31 +0800] "GET /xingrg/all/function/internal_message.html?_=1607813539793&CODE_STATE=getMsg HTTP/1.1" 200 27
114.84.32.187 - - [13/Dec/2020:06:56:34 +0800] "GET /xingrg/all/function/internal_message.html?_=1607813818804&CODE_STATE=getMsg HTTP/1.1" 200 27
172.17.0.123 - - [13/Dec/2020:06:56:36 +0800] "GET /xingrg/all/function/internal_message.html?_=1607813714042&CODE_STATE=getMsg HTTP/1.1" 200 27
180.174.56.115 - - [13/Dec/2020:06:56:44 +0800] "GET /xingrg/all/function/internal_message.html?_=1607813803461&CODE_STATE=getMsg HTTP/1.1" 200 27
114.88.159.147 - - [13/Dec/2020:06:56:46 +0800] "GET /xingrg/all/function/internal_message.html?_=1607813802925&CODE_STATE=getMsg HTTP/1.1" 200 27
61.151.207.205 - - [13/Dec/2020:06:56:46 +0800] "GET /xingrg/all/function/internal_message.html?_=1607813742950&CODE_STATE=getMsg HTTP/1.1" 302 -
61.151.207.205 - - [13/Dec/2020:06:56:46 +0800] "GET /xingrg/login.html HTTP/1.1" 200 7641
114.84.32.187 - - [13/Dec/2020:06:56:47 +0800] "GET /xingrg/all/function/internal_message.html?_=1607813803654&CODE_STATE=getMsg HTTP/1.1" 200 27
180.174.56.115 - - [13/Dec/2020:06:56:52 +0800] "GET /xingrg/all/function/internal_message.html?_=1607813772331&CODE_STATE=getMsg HTTP/1.1" 200 27
114.88.159.147 - - [13/Dec/2020:06:57:00 +0800] "GET /xingrg/all/function/internal_message.html?_=1607813391890&CODE_STATE=getMsg HTTP/1.1" 200 27
101.89.239.245 - - [13/Dec/2020:06:57:15 +0800] "GET /xingrg/check_reg.html?_=1607813772326 HTTP/1.1" 302 -
101.89.239.245 - - [13/Dec/2020:06:57:15 +0800] "GET /xingrg/login.html HTTP/1.1" 200 7641
180.157.253.48 - - [13/Dec/2020:06:57:23 +0800] "POST /xingrg/services/DataTransmitService HTTP/1.1" 200 524
114.88.163.87 - - [13/Dec/2020:06:57:24 +0800] "GET /xingrg/all/function/internal_message.html?_=1607813838644&CODE_STATE=getMsg HTTP/1.1" 200 27
114.84.32.187 - - [13/Dec/2020:06:57:27 +0800] "GET /xingrg/all/function/internal_message.html?_=1607813879943&CODE_STATE=getMsg HTTP/1.1" 302 -
120.253.135.82 - - [13/Dec/2020:06:57:31 +0800] "GET /xingrg/all/function/internal_message.html?_=1607813599795&CODE_STATE=getMsg HTTP/1.1" 200 27
114.84.32.187 - - [13/Dec/2020:06:57:34 +0800] "GET /xingrg/all/function/internal_message.html?_=1607813878814&CODE_STATE=getMsg HTTP/1.1" 200 27
172.17.0.123 - - [13/Dec/2020:06:57:36 +0800] "GET /xingrg/check_reg.html?_=1607813774026 HTTP/1.1" 200 22
172.17.0.123 - - [13/Dec/2020:06:57:36 +0800] "GET /xingrg/all/function/internal_message.html?_=1607813774028&CODE_STATE=getMsg HTTP/1.1" 200 27
180.174.56.115 - - [13/Dec/2020:06:57:44 +0800] "GET /xingrg/all/function/internal_message.html?_=1607813863445&CODE_STATE=getMsg HTTP/1.1" 200 27
114.88.159.147 - - [13/Dec/2020:06:57:46 +0800] "GET /xingrg/all/function/internal_message.html?_=1607813862896&CODE_STATE=getMsg HTTP/1.1" 200 27
114.84.32.187 - - [13/Dec/2020:06:57:47 +0800] "GET /xingrg/all/function/internal_message.html?_=1607813863669&CODE_STATE=getMsg HTTP/1.1" 200 27
180.174.56.115 - - [13/Dec/2020:06:57:52 +0800] "GET /xingrg/all/function/internal_message.html?_=1607813832334&CODE_STATE=getMsg HTTP/1.1" 200 27
114.88.159.147 - - [13/Dec/2020:06:58:00 +0800] "GET /xingrg/all/function/internal_message.html?_=1607813451889&CODE_STATE=getMsg HTTP/1.1" 200 27
114.84.32.187 - - [13/Dec/2020:06:58:18 +0800] "GET /xingrg/check_reg.html?_=1607813930909 HTTP/1.1" 302 -
114.88.163.87 - - [13/Dec/2020:06:58:24 +0800] "GET /xingrg/all/function/internal_message.html?_=1607813898678&CODE_STATE=getMsg HTTP/1.1" 200 27
114.84.32.187 - - [13/Dec/2020:06:58:27 +0800] "GET /xingrg/all/function/internal_message.html?_=1607813939957&CODE_STATE=getMsg HTTP/1.1" 302 -
120.253.135.82 - - [13/Dec/2020:06:58:31 +0800] "GET /xingrg/all/function/internal_message.html?_=1607813659922&CODE_STATE=getMsg HTTP/1.1" 200 27
114.84.32.187 - - [13/Dec/2020:06:58:34 +0800] "GET /xingrg/all/function/internal_message.html?_=1607813938841&CODE_STATE=getMsg HTTP/1.1" 200 27
172.17.0.123 - - [13/Dec/2020:06:58:36 +0800] "GET /xingrg/all/function/internal_message.html?_=1607813834028&CODE_STATE=getMsg HTTP/1.1" 200 27
180.174.56.115 - - [13/Dec/2020:06:58:44 +0800] "GET /xingrg/all/function/internal_message.html?_=1607813923433&CODE_STATE=getMsg HTTP/1.1" 200 27
114.88.159.147 - - [13/Dec/2020:06:58:46 +0800] "GET /xingrg/all/function/internal_message.html?_=1607813922877&CODE_STATE=getMsg HTTP/1.1" 200 27
114.84.32.187 - - [13/Dec/2020:06:58:47 +0800] "GET /xingrg/all/function/internal_message.html?_=1607813923653&CODE_STATE=getMsg HTTP/1.1" 200 27
180.174.56.115 - - [13/Dec/2020:06:58:52 +0800] "GET /xingrg/all/function/internal_message.html?_=1607813892372&CODE_STATE=getMsg HTTP/1.1" 200 27
114.88.159.147 - - [13/Dec/2020:06:59:01 +0800] "GET /xingrg/all/function/internal_message.html?_=1607813511889&CODE_STATE=getMsg HTTP/1.1" 200 27
114.88.159.147 - - [13/Dec/2020:06:59:01 +0800] "GET /xingrg/check_reg.html?_=1607813511892 HTTP/1.1" 200 22
180.174.56.115 - - [13/Dec/2020:06:59:02 +0800] "GET /xingrg/check_reg.html?_=1607813940911 HTTP/1.1" 200 22
114.84.32.187 - - [13/Dec/2020:06:59:23 +0800] "GET /xingrg/check_reg.html?_=1607813987850 HTTP/1.1" 200 22
114.88.163.87 - - [13/Dec/2020:06:59:24 +0800] "GET /xingrg/all/function/internal_message.html?_=1607813958687&CODE_STATE=getMsg HTTP/1.1" 200 27
180.174.56.115 - - [13/Dec/2020:06:59:27 +0800] "GET /xingrg/check_reg.html?_=1607813927432 HTTP/1.1" 200 22
114.84.32.187 - - [13/Dec/2020:06:59:27 +0800] "GET /xingrg/all/function/internal_message.html?_=1607813999977&CODE_STATE=getMsg HTTP/1.1" 302 -
120.253.135.82 - - [13/Dec/2020:06:59:31 +0800] "GET /xingrg/check_reg.html?_=1607813719090 HTTP/1.1" 200 22
120.253.135.82 - - [13/Dec/2020:06:59:32 +0800] "GET /xingrg/all/function/internal_message.html?_=1607813720040&CODE_STATE=getMsg HTTP/1.1" 200 27
124.77.237.88 - - [13/Dec/2020:06:59:33 +0800] "POST /xingrg/services/DataTransmitService HTTP/1.1" 200 524
114.84.32.187 - - [13/Dec/2020:06:59:34 +0800] "GET /xingrg/all/function/internal_message.html?_=1607813998848&CODE_STATE=getMsg HTTP/1.1" 200 27
172.17.0.123 - - [13/Dec/2020:06:59:36 +0800] "GET /xingrg/all/function/internal_message.html?_=1607813894030&CODE_STATE=getMsg HTTP/1.1" 200 27
180.174.56.115 - - [13/Dec/2020:06:59:44 +0800] "GET /xingrg/all/function/internal_message.html?_=1607813983406&CODE_STATE=getMsg HTTP/1.1" 200 27
114.88.159.147 - - [13/Dec/2020:06:59:46 +0800] "GET /xingrg/all/function/internal_message.html?_=1607813982880&CODE_STATE=getMsg HTTP/1.1" 200 27
114.84.32.187 - - [13/Dec/2020:06:59:47 +0800] "GET /xingrg/all/function/internal_message.html?_=1607813983667&CODE_STATE=getMsg HTTP/1.1" 200 27
180.174.56.115 - - [13/Dec/2020:06:59:52 +0800] "GET /xingrg/all/function/internal_message.html?_=1607813952377&CODE_STATE=getMsg HTTP/1.1" 200 27
114.88.159.147 - - [13/Dec/2020:07:00:01 +0800] "GET /xingrg/all/function/internal_message.html?_=1607813571891&CODE_STATE=getMsg HTTP/1.1" 200 27
114.88.163.87 - - [13/Dec/2020:07:00:24 +0800] "GET /xingrg/all/function/internal_message.html?_=1607814018720&CODE_STATE=getMsg HTTP/1.1" 200 27
114.84.32.187 - - [13/Dec/2020:07:00:27 +0800] "GET /xingrg/all/function/internal_message.html?_=1607814059986&CODE_STATE=getMsg HTTP/1.1" 302 -
120.253.135.82 - - [13/Dec/2020:07:00:32 +0800] "GET /xingrg/all/function/internal_message.html?_=1607813780055&CODE_STATE=getMsg HTTP/1.1" 200 27
114.84.32.187 - - [13/Dec/2020:07:00:34 +0800] "GET /xingrg/all/function/internal_message.html?_=1607814058861&CODE_STATE=getMsg HTTP/1.1" 200 27
172.17.0.123 - - [13/Dec/2020:07:00:36 +0800] "GET /xingrg/all/function/internal_message.html?_=1607813954030&CODE_STATE=getMsg HTTP/1.1" 200 27
180.174.56.115 - - [13/Dec/2020:07:00:44 +0800] "GET /xingrg/all/function/internal_message.html?_=1607814043390&CODE_STATE=getMsg HTTP/1.1" 200 27
114.88.159.147 - - [13/Dec/2020:07:00:46 +0800] "GET /xingrg/all/function/internal_message.html?_=1607814042854&CODE_STATE=getMsg HTTP/1.1" 200 27
114.84.32.187 - - [13/Dec/2020:07:00:47 +0800] "GET /xingrg/all/function/internal_message.html?_=1607814043666&CODE_STATE=getMsg HTTP/1.1" 200 27
114.84.32.187 - - [13/Dec/2020:07:00:47 +0800] "GET /xingrg/check_reg.html?_=1607814043669 HTTP/1.1" 200 22
180.174.56.115 - - [13/Dec/2020:07:00:52 +0800] "GET /xingrg/all/function/internal_message.html?_=1607814012390&CODE_STATE=getMsg HTTP/1.1" 200 27
114.88.159.147 - - [13/Dec/2020:07:01:01 +0800] "GET /xingrg/all/function/internal_message.html?_=1607813631889&CODE_STATE=getMsg HTTP/1.1" 200 27
120.253.135.82 - - [13/Dec/2020:07:01:03 +0800] "POST /xingrg/kc/pszx/mdps_order_operate.html HTTP/1.1" 200 37
120.253.135.82 - - [13/Dec/2020:07:01:04 +0800] "GET /xingrg/kc/pszx/mdps_order_info.html?code=312020121300336 HTTP/1.1" 200 23887
120.253.135.82 - - [13/Dec/2020:07:01:04 +0800] "POST /xingrg/kc/pszx/mdps_order_operate.html HTTP/1.1" 200 15826
120.253.135.82 - - [13/Dec/2020:07:01:04 +0800] "GET /xingrg/javascript/easyui/themes/default/validatebox.css HTTP/1.1" 404 1104
120.253.135.82 - - [13/Dec/2020:07:01:07 +0800] "GET /xingrg/kc/buy/buy_main.html HTTP/1.1" 200 12341
120.253.135.82 - - [13/Dec/2020:07:01:07 +0800] "GET /xingrg/css/new_ie.css HTTP/1.1" 404 1036
120.253.135.82 - - [13/Dec/2020:07:01:07 +0800] "GET /xingrg/javascript/jquery_ui/jquery-ui.min.js HTTP/1.1" 200 186181
120.253.135.82 - - [13/Dec/2020:07:01:07 +0800] "POST /xingrg/kc/pszx/mdps_list_operate.html HTTP/1.1" 200 3551
120.253.135.82 - - [13/Dec/2020:07:01:08 +0800] "GET /xingrg/images/blue/button/cgfkd.gif HTTP/1.1" 200 2075
120.253.135.82 - - [13/Dec/2020:07:01:08 +0800] "GET /xingrg/images/blue/button/cgydd.gif HTTP/1.1" 200 2712
120.253.135.82 - - [13/Dec/2020:07:01:08 +0800] "GET /xingrg/images/blue/button/kc.gif HTTP/1.1" 200 2160
120.253.135.82 - - [13/Dec/2020:07:01:08 +0800] "GET /xingrg/images/blue/button/cgxqd.gif HTTP/1.1" 200 2619
120.253.135.82 - - [13/Dec/2020:07:01:08 +0800] "GET /xingrg/images/blue/bg_dotted.jpg HTTP/1.1" 200 319
120.253.135.82 - - [13/Dec/2020:07:01:08 +0800] "GET /xingrg/images/blue/button/cgshd.gif HTTP/1.1" 200 2618
120.253.135.82 - - [13/Dec/2020:07:01:08 +0800] "GET /xingrg/javascript/jquery_ui/themes/humanity/images/ui-bg_inset-soft_100_f4f0ec_1x100.png HTTP/1.1" 200 141
120.253.135.82 - - [13/Dec/2020:07:01:08 +0800] "GET /xingrg/images/blue/pic_form2.gif HTTP/1.1" 200 1853
120.253.135.82 - - [13/Dec/2020:07:01:08 +0800] "GET /xingrg/images/blue/button/ckthd.gif HTTP/1.1" 200 2045
120.253.135.82 - - [13/Dec/2020:07:01:08 +0800] "GET /xingrg/images/blue/button/down_ah.jpg HTTP/1.1" 200 1732
120.253.135.82 - - [13/Dec/2020:07:01:08 +0800] "GET /xingrg/images/blue/button/right_ah.jpg HTTP/1.1" 200 1744
120.253.135.82 - - [13/Dec/2020:07:01:08 +0800] "GET /xingrg/javascript/jquery_ui/themes/humanity/images/ui-iconsnew.jpg HTTP/1.1" 200 337
120.253.135.82 - - [13/Dec/2020:07:01:08 +0800] "GET /xingrg/javascript/jquery_ui/themes/humanity/images/ui-icons_ffffff_256x240.png HTTP/1.1" 200 4369
120.253.135.82 - - [13/Dec/2020:07:01:08 +0800] "GET /xingrg/javascript/jquery_ui/themes/humanity/images/ui-icons_c47a23_256x240.png HTTP/1.1" 200 5355
120.253.135.82 - - [13/Dec/2020:07:01:08 +0800] "GET /xingrg/javascript/jquery_ui/themes/humanity/images/ui-bg_glass_70_ede4d4_1x400.png HTTP/1.1" 200 161
120.253.135.82 - - [13/Dec/2020:07:01:09 +0800] "GET /xingrg/images/yd/bt.gif HTTP/1.1" 404 1040
114.88.163.87 - - [13/Dec/2020:07:01:10 +0800] "GET /xingrg/check_reg.html?_=1607814064004 HTTP/1.1" 200 22
120.253.135.82 - - [13/Dec/2020:07:01:10 +0800] "GET /xingrg/kc/buy/cgsh_order_list.html HTTP/1.1" 200 45205
120.253.135.82 - - [13/Dec/2020:07:01:11 +0800] "POST /xingrg/kc/buy/cgsh_list_operate.html HTTP/1.1" 200 876
120.253.135.82 - - [13/Dec/2020:07:01:12 +0800] "GET /xingrg/kc/buy/cgsh_order_add.html HTTP/1.1" 200 59959
120.253.135.82 - - [13/Dec/2020:07:01:13 +0800] "GET /xingrg/javascript/easyui/themes/icons/template_new.png HTTP/1.1" 200 3956
120.253.135.82 - - [13/Dec/2020:07:01:13 +0800] "POST /xingrg/kc/buy/cgsh_order_operate.html HTTP/1.1" 200 8245
120.253.135.82 - - [13/Dec/2020:07:01:13 +0800] "GET /xingrg/all/common/auto_word.html?type=employee&rest_code=00101 HTTP/1.1" 200 1173
120.253.135.82 - - [13/Dec/2020:07:01:13 +0800] "GET /xingrg/all/common/auto_word.html?type=employee&rest_code=00101 HTTP/1.1" 200 1173
120.253.135.82 - - [13/Dec/2020:07:01:13 +0800] "GET /xingrg/javascript/easyui/themes/default/validatebox.css HTTP/1.1" 404 1104
114.88.159.147 - - [13/Dec/2020:07:01:15 +0800] "GET /xingrg/check_reg.html?_=1607814072355 HTTP/1.1" 200 22
120.253.135.82 - - [13/Dec/2020:07:01:23 +0800] "GET /xingrg/kc/buy/cgsh_order_operate.html?command=get_materiel&rest_code=00101&code=00101020267&supplier_code=&order_time=2020-12-13 HTTP/1.1" 200 440
114.88.163.87 - - [13/Dec/2020:07:01:24 +0800] "GET /xingrg/all/function/internal_message.html?_=1607814078728&CODE_STATE=getMsg HTTP/1.1" 200 27
120.253.135.82 - - [13/Dec/2020:07:01:26 +0800] "POST /xingrg/all/common/load_select.html HTTP/1.1" 200 25
114.84.32.187 - - [13/Dec/2020:07:01:27 +0800] "GET /xingrg/all/function/internal_message.html?_=1607814120006&CODE_STATE=getMsg HTTP/1.1" 302 -
120.253.135.82 - - [13/Dec/2020:07:01:30 +0800] "GET /xingrg/kc/buy/cgsh_order_operate.html?command=get_materiel_price&rest_code=00101&code=00101020267&unit_code=00100562&supplier_code=&order_time=2020-12-13 HTTP/1.1" 200 31
120.253.135.82 - - [13/Dec/2020:07:01:32 +0800] "GET /xingrg/all/function/internal_message.html?_=1607813840070&CODE_STATE=getMsg HTTP/1.1" 200 27
114.84.32.187 - - [13/Dec/2020:07:01:34 +0800] "GET /xingrg/all/function/internal_message.html?_=1607814118890&CODE_STATE=getMsg HTTP/1.1" 200 27
172.17.0.123 - - [13/Dec/2020:07:01:36 +0800] "GET /xingrg/all/function/internal_message.html?_=1607814014034&CODE_STATE=getMsg HTTP/1.1" 200 27
120.253.135.82 - - [13/Dec/2020:07:01:36 +0800] "GET /xingrg/kc/pszx/mdps_order_list.html?orderType=0 HTTP/1.1" 200 21241
120.253.135.82 - - [13/Dec/2020:07:01:36 +0800] "POST /xingrg/kc/pszx/mdps_list_operate.html HTTP/1.1" 200 5449
120.253.135.82 - - [13/Dec/2020:07:01:36 +0800] "POST /xingrg/kc/buy/cgsh_list_operate.html HTTP/1.1" 200 876
180.174.56.115 - - [13/Dec/2020:07:01:44 +0800] "GET /xingrg/all/function/internal_message.html?_=1607814103377&CODE_STATE=getMsg HTTP/1.1" 200 27
114.88.159.147 - - [13/Dec/2020:07:01:45 +0800] "GET /xingrg/all/function/internal_message.html?_=1607814102829&CODE_STATE=getMsg HTTP/1.1" 200 27
101.91.60.108 - - [13/Dec/2020:07:01:47 +0800] "GET /xingrg/all/function/internal_message.html?_=1607814042854&CODE_STATE=getMsg HTTP/1.1" 302 -
101.91.60.108 - - [13/Dec/2020:07:01:47 +0800] "GET /xingrg/login.html HTTP/1.1" 200 7641
114.84.32.187 - - [13/Dec/2020:07:01:47 +0800] "GET /xingrg/all/function/internal_message.html?_=1607814103667&CODE_STATE=getMsg HTTP/1.1" 200 27
120.253.135.82 - - [13/Dec/2020:07:01:48 +0800] "POST /xingrg/kc/pszx/mdps_list_operate.html HTTP/1.1" 200 3551
120.253.135.82 - - [13/Dec/2020:07:01:50 +0800] "POST /xingrg/kc/pszx/mdps_list_operate.html HTTP/1.1" 200 658
120.253.135.82 - - [13/Dec/2020:07:01:51 +0800] "GET /xingrg/kc/pszx/mdps_order_info.html?code=312020121300337 HTTP/1.1" 200 23887
120.253.135.82 - - [13/Dec/2020:07:01:52 +0800] "GET /xingrg/javascript/easyui/themes/default/validatebox.css HTTP/1.1" 404 1104
120.253.135.82 - - [13/Dec/2020:07:01:52 +0800] "POST /xingrg/kc/pszx/mdps_order_operate.html HTTP/1.1" 200 15395
180.174.56.115 - - [13/Dec/2020:07:01:52 +0800] "GET /xingrg/all/function/internal_message.html?_=1607814072429&CODE_STATE=getMsg HTTP/1.1" 200 27
120.253.135.82 - - [13/Dec/2020:07:01:56 +0800] "POST /xingrg/kc/pszx/mdps_list_operate.html HTTP/1.1" 200 601
120.253.135.82 - - [13/Dec/2020:07:01:57 +0800] "GET /xingrg/kc/pszx/mdps_order_info.html?code=312020121300336 HTTP/1.1" 200 23887
120.253.135.82 - - [13/Dec/2020:07:01:57 +0800] "GET /xingrg/javascript/easyui/themes/default/validatebox.css HTTP/1.1" 404 1104
120.253.135.82 - - [13/Dec/2020:07:01:57 +0800] "POST /xingrg/kc/pszx/mdps_order_operate.html HTTP/1.1" 200 15826
114.88.159.147 - - [13/Dec/2020:07:02:01 +0800] "GET /xingrg/all/function/internal_message.html?_=1607813691917&CODE_STATE=getMsg HTTP/1.1" 200 27
180.152.104.37 - - [13/Dec/2020:07:02:03 +0800] "POST /xingrg/services/DataTransmitService HTTP/1.1" 200 524
120.253.135.82 - - [13/Dec/2020:07:02:13 +0800] "POST /xingrg/kc/pszx/mdps_order_operate.html HTTP/1.1" 200 37
120.253.135.82 - - [13/Dec/2020:07:02:14 +0800] "GET /xingrg/kc/pszx/mdps_order_info.html?code=312020121300336 HTTP/1.1" 200 23887
120.253.135.82 - - [13/Dec/2020:07:02:14 +0800] "GET /xingrg/javascript/easyui/themes/default/validatebox.css HTTP/1.1" 404 1104
120.253.135.82 - - [13/Dec/2020:07:02:15 +0800] "POST /xingrg/kc/pszx/mdps_order_operate.html HTTP/1.1" 200 15826
114.88.163.87 - - [13/Dec/2020:07:02:24 +0800] "GET /xingrg/all/function/internal_message.html?_=1607814138744&CODE_STATE=getMsg HTTP/1.1" 200 27
114.84.32.187 - - [13/Dec/2020:07:02:27 +0800] "GET /xingrg/all/function/internal_message.html?_=1607814180011&CODE_STATE=getMsg HTTP/1.1" 302 -
120.253.135.82 - - [13/Dec/2020:07:02:32 +0800] "GET /xingrg/all/function/internal_message.html?_=1607813900082&CODE_STATE=getMsg HTTP/1.1" 200 27
114.84.32.187 - - [13/Dec/2020:07:02:34 +0800] "GET /xingrg/all/function/internal_message.html?_=1607814178906&CODE_STATE=getMsg HTTP/1.1" 200 27
172.17.0.123 - - [13/Dec/2020:07:02:36 +0800] "GET /xingrg/check_reg.html?_=1607814074034 HTTP/1.1" 200 22
172.17.0.123 - - [13/Dec/2020:07:02:36 +0800] "GET /xingrg/all/function/internal_message.html?_=1607814074036&CODE_STATE=getMsg HTTP/1.1" 200 27
114.84.4.90 - - [13/Dec/2020:07:02:37 +0800] "POST /xingrg/services/DataTransmitService HTTP/1.1" 200 524
180.174.56.115 - - [13/Dec/2020:07:02:44 +0800] "GET /xingrg/all/function/internal_message.html?_=1607814163358&CODE_STATE=getMsg HTTP/1.1" 200 27
114.88.159.147 - - [13/Dec/2020:07:02:45 +0800] "GET /xingrg/all/function/internal_message.html?_=1607814162810&CODE_STATE=getMsg HTTP/1.1" 200 27
101.91.60.11 - - [13/Dec/2020:07:02:46 +0800] "GET /xingrg/all/function/internal_message.html?_=1607814102829&CODE_STATE=getMsg HTTP/1.1" 302 -
101.91.60.11 - - [13/Dec/2020:07:02:46 +0800] "GET /xingrg/login.html HTTP/1.1" 200 7641
114.84.32.187 - - [13/Dec/2020:07:02:47 +0800] "GET /xingrg/all/function/internal_message.html?_=1607814163666&CODE_STATE=getMsg HTTP/1.1" 200 27
180.174.56.115 - - [13/Dec/2020:07:02:52 +0800] "GET /xingrg/all/function/internal_message.html?_=1607814132433&CODE_STATE=getMsg HTTP/1.1" 200 27
114.88.159.147 - - [13/Dec/2020:07:03:01 +0800] "GET /xingrg/all/function/internal_message.html?_=1607813751916&CODE_STATE=getMsg HTTP/1.1" 200 27
114.84.4.90 - - [13/Dec/2020:07:03:06 +0800] "POST /xingrg/services/DataTransmitService HTTP/1.1" 200 524
114.84.32.187 - - [13/Dec/2020:07:03:18 +0800] "GET /xingrg/check_reg.html?_=1607814230914 HTTP/1.1" 302 -
114.88.163.87 - - [13/Dec/2020:07:03:24 +0800] "GET /xingrg/all/function/internal_message.html?_=1607814198776&CODE_STATE=getMsg HTTP/1.1" 200 27
114.84.32.187 - - [13/Dec/2020:07:03:27 +0800] "GET /xingrg/all/function/internal_message.html?_=1607814240025&CODE_STATE=getMsg HTTP/1.1" 302 -
120.253.135.82 - - [13/Dec/2020:07:03:32 +0800] "GET /xingrg/all/function/internal_message.html?_=1607813960095&CODE_STATE=getMsg HTTP/1.1" 200 27
114.84.32.187 - - [13/Dec/2020:07:03:34 +0800] "GET /xingrg/all/function/internal_message.html?_=1607814238933&CODE_STATE=getMsg HTTP/1.1" 200 27
172.17.0.123 - - [13/Dec/2020:07:03:36 +0800] "GET /xingrg/all/function/internal_message.html?_=1607814134038&CODE_STATE=getMsg HTTP/1.1" 200 27
180.174.56.115 - - [13/Dec/2020:07:03:44 +0800] "GET /xingrg/all/function/internal_message.html?_=1607814223343&CODE_STATE=getMsg HTTP/1.1" 200 27
61.151.207.205 - - [13/Dec/2020:07:03:45 +0800] "GET /xingrg/all/function/internal_message.html?_=1607814162810&CODE_STATE=getMsg HTTP/1.1" 302 -
61.151.207.205 - - [13/Dec/2020:07:03:45 +0800] "GET /xingrg/login.html HTTP/1.1" 200 7641
114.88.159.147 - - [13/Dec/2020:07:03:45 +0800] "GET /xingrg/all/function/internal_message.html?_=1607814222786&CODE_STATE=getMsg HTTP/1.1" 200 27
114.84.32.187 - - [13/Dec/2020:07:03:47 +0800] "GET /xingrg/all/function/internal_message.html?_=1607814223667&CODE_STATE=getMsg HTTP/1.1" 200 27
180.174.56.115 - - [13/Dec/2020:07:03:52 +0800] "GET /xingrg/all/function/internal_message.html?_=1607814192472&CODE_STATE=getMsg HTTP/1.1" 200 27
120.253.135.82 - - [13/Dec/2020:07:03:58 +0800] "POST /xingrg/kc/pszx/mdps_order_operate.html HTTP/1.1" 200 37
114.88.159.147 - - [13/Dec/2020:07:04:01 +0800] "GET /xingrg/all/function/internal_message.html?_=1607813811930&CODE_STATE=getMsg HTTP/1.1" 200 27
114.88.159.147 - - [13/Dec/2020:07:04:01 +0800] "GET /xingrg/check_reg.html?_=1607813811932 HTTP/1.1" 200 22
180.174.56.115 - - [13/Dec/2020:07:04:02 +0800] "GET /xingrg/check_reg.html?_=1607814240928 HTTP/1.1" 200 22
120.253.135.82 - - [13/Dec/2020:07:04:02 +0800] "GET /xingrg/kc/pszx/mdps_order_info.html?code=312020121300336 HTTP/1.1" 200 23887
120.253.135.82 - - [13/Dec/2020:07:04:02 +0800] "POST /xingrg/kc/pszx/mdps_order_operate.html HTTP/1.1" 200 15826
120.253.135.82 - - [13/Dec/2020:07:04:02 +0800] "GET /xingrg/javascript/easyui/themes/default/validatebox.css HTTP/1.1" 404 1104
120.253.135.82 - - [13/Dec/2020:07:04:15 +0800] "POST /xingrg/kc/pszx/mdps_order_operate.html HTTP/1.1" 200 37
120.253.135.82 - - [13/Dec/2020:07:04:17 +0800] "GET /xingrg/kc/pszx/mdps_order_info.html?code=312020121300336 HTTP/1.1" 200 23887
120.253.135.82 - - [13/Dec/2020:07:04:17 +0800] "POST /xingrg/kc/pszx/mdps_order_operate.html HTTP/1.1" 200 15826
120.253.135.82 - - [13/Dec/2020:07:04:17 +0800] "GET /xingrg/javascript/easyui/themes/default/validatebox.css HTTP/1.1" 404 1104
120.253.135.82 - - [13/Dec/2020:07:04:21 +0800] "POST /xingrg/kc/pszx/mdps_list_operate.html HTTP/1.1" 200 3551
114.84.32.187 - - [13/Dec/2020:07:04:23 +0800] "GET /xingrg/check_reg.html?_=1607814287856 HTTP/1.1" 200 22
114.88.163.87 - - [13/Dec/2020:07:04:24 +0800] "GET /xingrg/all/function/internal_message.html?_=1607814258786&CODE_STATE=getMsg HTTP/1.1" 200 27
120.253.135.82 - - [13/Dec/2020:07:04:25 +0800] "POST /xingrg/kc/pszx/mdps_list_operate.html HTTP/1.1" 200 658
120.253.135.82 - - [13/Dec/2020:07:04:26 +0800] "GET /xingrg/kc/pszx/mdps_order_info.html?code=312020121300337 HTTP/1.1" 200 23887
120.253.135.82 - - [13/Dec/2020:07:04:27 +0800] "POST /xingrg/kc/pszx/mdps_order_operate.html HTTP/1.1" 200 15395
120.253.135.82 - - [13/Dec/2020:07:04:27 +0800] "GET /xingrg/javascript/easyui/themes/default/validatebox.css HTTP/1.1" 404 1104
180.174.56.115 - - [13/Dec/2020:07:04:27 +0800] "GET /xingrg/check_reg.html?_=1607814227442 HTTP/1.1" 200 22
114.84.32.187 - - [13/Dec/2020:07:04:27 +0800] "GET /xingrg/all/function/internal_message.html?_=1607814300047&CODE_STATE=getMsg HTTP/1.1" 302 -
120.253.135.82 - - [13/Dec/2020:07:04:30 +0800] "POST /xingrg/kc/pszx/mdps_order_operate.html HTTP/1.1" 200 37
120.253.135.82 - - [13/Dec/2020:07:04:32 +0800] "GET /xingrg/kc/pszx/mdps_order_info.html?code=312020121300337 HTTP/1.1" 200 23887
120.253.135.82 - - [13/Dec/2020:07:04:32 +0800] "GET /xingrg/check_reg.html?_=1607814020197 HTTP/1.1" 200 22
120.253.135.82 - - [13/Dec/2020:07:04:32 +0800] "GET /xingrg/all/function/internal_message.html?_=1607814020199&CODE_STATE=getMsg HTTP/1.1" 200 27
120.253.135.82 - - [13/Dec/2020:07:04:32 +0800] "GET /xingrg/javascript/easyui/themes/default/validatebox.css HTTP/1.1" 404 1104
120.253.135.82 - - [13/Dec/2020:07:04:32 +0800] "POST /xingrg/kc/pszx/mdps_order_operate.html HTTP/1.1" 200 15615
114.84.32.187 - - [13/Dec/2020:07:04:34 +0800] "GET /xingrg/all/function/internal_message.html?_=1607814298948&CODE_STATE=getMsg HTTP/1.1" 200 27
172.17.0.123 - - [13/Dec/2020:07:04:36 +0800] "GET /xingrg/all/function/internal_message.html?_=1607814194040&CODE_STATE=getMsg HTTP/1.1" 200 27
180.174.56.115 - - [13/Dec/2020:07:04:44 +0800] "GET /xingrg/all/function/internal_message.html?_=1607814283332&CODE_STATE=getMsg HTTP/1.1" 200 27
114.88.159.147 - - [13/Dec/2020:07:04:45 +0800] "GET /xingrg/all/function/internal_message.html?_=1607814282765&CODE_STATE=getMsg HTTP/1.1" 200 27
114.84.32.187 - - [13/Dec/2020:07:04:47 +0800] "GET /xingrg/all/function/internal_message.html?_=1607814283676&CODE_STATE=getMsg HTTP/1.1" 200 27
180.174.56.115 - - [13/Dec/2020:07:04:52 +0800] "GET /xingrg/all/function/internal_message.html?_=1607814252477&CODE_STATE=getMsg HTTP/1.1" 200 27
114.88.159.147 - - [13/Dec/2020:07:05:01 +0800] "GET /xingrg/all/function/internal_message.html?_=1607813871916&CODE_STATE=getMsg HTTP/1.1" 200 27
114.88.163.87 - - [13/Dec/2020:07:05:24 +0800] "GET /xingrg/all/function/internal_message.html?_=1607814318820&CODE_STATE=getMsg HTTP/1.1" 200 27
114.84.32.187 - - [13/Dec/2020:07:05:27 +0800] "GET /xingrg/all/function/internal_message.html?_=1607814360052&CODE_STATE=getMsg HTTP/1.1" 302 -
120.253.135.82 - - [13/Dec/2020:07:05:32 +0800] "GET /xingrg/all/function/internal_message.html?_=1607814080201&CODE_STATE=getMsg HTTP/1.1" 200 27
114.84.32.187 - - [13/Dec/2020:07:05:34 +0800] "GET /xingrg/all/function/internal_message.html?_=1607814358961&CODE_STATE=getMsg HTTP/1.1" 200 27
172.17.0.123 - - [13/Dec/2020:07:05:36 +0800] "GET /xingrg/all/function/internal_message.html?_=1607814254042&CODE_STATE=getMsg HTTP/1.1" 200 27
180.174.56.115 - - [13/Dec/2020:07:05:44 +0800] "GET /xingrg/all/function/internal_message.html?_=1607814343318&CODE_STATE=getMsg HTTP/1.1" 200 27
61.129.6.225 - - [13/Dec/2020:07:05:45 +0800] "GET /xingrg/all/function/internal_message.html?_=1607814282765&CODE_STATE=getMsg HTTP/1.1" 302 -
61.129.6.225 - - [13/Dec/2020:07:05:45 +0800] "GET /xingrg/login.html HTTP/1.1" 200 7641
114.88.159.147 - - [13/Dec/2020:07:05:45 +0800] "GET /xingrg/all/function/internal_message.html?_=1607814342736&CODE_STATE=getMsg HTTP/1.1" 200 27
114.84.32.187 - - [13/Dec/2020:07:05:47 +0800] "GET /xingrg/all/function/internal_message.html?_=1607814343675&CODE_STATE=getMsg HTTP/1.1" 200 27
114.84.32.187 - - [13/Dec/2020:07:05:47 +0800] "GET /xingrg/check_reg.html?_=1607814343677 HTTP/1.1" 200 22
180.174.56.115 - - [13/Dec/2020:07:05:52 +0800] "GET /xingrg/all/function/internal_message.html?_=1607814312489&CODE_STATE=getMsg HTTP/1.1" 200 27
120.253.135.82 - - [13/Dec/2020:07:05:55 +0800] "POST /xingrg/kc/pszx/mdps_order_operate.html HTTP/1.1" 200 37
120.253.135.82 - - [13/Dec/2020:07:05:56 +0800] "GET /xingrg/kc/pszx/mdps_order_info.html?code=312020121300337 HTTP/1.1" 200 23887
120.253.135.82 - - [13/Dec/2020:07:05:57 +0800] "POST /xingrg/kc/pszx/mdps_order_operate.html HTTP/1.1" 200 15615
120.253.135.82 - - [13/Dec/2020:07:05:57 +0800] "GET /xingrg/javascript/easyui/themes/default/validatebox.css HTTP/1.1" 404 1104
120.253.135.82 - - [13/Dec/2020:07:05:59 +0800] "POST /xingrg/kc/pszx/mdps_list_operate.html HTTP/1.1" 200 3551
114.88.159.147 - - [13/Dec/2020:07:06:01 +0800] "GET /xingrg/all/function/internal_message.html?_=1607813931916&CODE_STATE=getMsg HTTP/1.1" 200 27
120.253.135.82 - - [13/Dec/2020:07:06:01 +0800] "POST /xingrg/kc/pszx/mdps_list_operate.html HTTP/1.1" 200 589
120.253.135.82 - - [13/Dec/2020:07:06:02 +0800] "GET /xingrg/kc/pszx/mdps_order_info.html?code=312020121300338 HTTP/1.1" 200 23887
120.253.135.82 - - [13/Dec/2020:07:06:03 +0800] "POST /xingrg/kc/pszx/mdps_order_operate.html HTTP/1.1" 200 9139
120.253.135.82 - - [13/Dec/2020:07:06:03 +0800] "GET /xingrg/javascript/easyui/themes/default/validatebox.css HTTP/1.1" 404 1104
120.253.135.82 - - [13/Dec/2020:07:06:05 +0800] "POST /xingrg/all/common/load_combo.html?type=base HTTP/1.1" 200 984
114.88.163.87 - - [13/Dec/2020:07:06:10 +0800] "GET /xingrg/check_reg.html?_=1607814364010 HTTP/1.1" 200 22
120.253.135.82 - - [13/Dec/2020:07:06:10 +0800] "POST /xingrg/kc/pszx/mdps_order_operate.html HTTP/1.1" 200 37
120.253.135.82 - - [13/Dec/2020:07:06:12 +0800] "GET /xingrg/kc/pszx/mdps_order_info.html?code=312020121300338 HTTP/1.1" 200 23887
120.253.135.82 - - [13/Dec/2020:07:06:13 +0800] "POST /xingrg/kc/pszx/mdps_order_operate.html HTTP/1.1" 200 9261
120.253.135.82 - - [13/Dec/2020:07:06:13 +0800] "GET /xingrg/javascript/easyui/themes/default/validatebox.css HTTP/1.1" 404 1104
114.88.159.147 - - [13/Dec/2020:07:06:15 +0800] "GET /xingrg/check_reg.html?_=1607814372362 HTTP/1.1" 200 22
114.88.163.87 - - [13/Dec/2020:07:06:24 +0800] "GET /xingrg/all/function/internal_message.html?_=1607814378829&CODE_STATE=getMsg HTTP/1.1" 200 27
114.84.32.187 - - [13/Dec/2020:07:06:27 +0800] "GET /xingrg/all/function/internal_message.html?_=1607814420073&CODE_STATE=getMsg HTTP/1.1" 302 -
120.253.135.82 - - [13/Dec/2020:07:06:32 +0800] "GET /xingrg/all/function/internal_message.html?_=1607814140214&CODE_STATE=getMsg HTTP/1.1" 200 27
114.84.32.187 - - [13/Dec/2020:07:06:34 +0800] "GET /xingrg/all/function/internal_message.html?_=1607814418988&CODE_STATE=getMsg HTTP/1.1" 200 27
172.17.0.123 - - [13/Dec/2020:07:06:36 +0800] "GET /xingrg/all/function/internal_message.html?_=1607814314026&CODE_STATE=getMsg HTTP/1.1" 200 27
117.185.32.26 - - [13/Dec/2020:07:06:41 +0800] "POST /xingrg/services/DataTransmitService HTTP/1.1" 200 524
180.174.56.115 - - [13/Dec/2020:07:06:44 +0800] "GET /xingrg/all/function/internal_message.html?_=1607814403304&CODE_STATE=getMsg HTTP/1.1" 200 27
114.88.159.147 - - [13/Dec/2020:07:06:45 +0800] "GET /xingrg/all/function/internal_message.html?_=1607814402710&CODE_STATE=getMsg HTTP/1.1" 200 27
114.84.32.187 - - [13/Dec/2020:07:06:47 +0800] "GET /xingrg/all/function/internal_message.html?_=1607814403675&CODE_STATE=getMsg HTTP/1.1" 200 27
180.174.56.115 - - [13/Dec/2020:07:06:52 +0800] "GET /xingrg/all/function/internal_message.html?_=1607814372529&CODE_STATE=getMsg HTTP/1.1" 200 27
114.88.159.147 - - [13/Dec/2020:07:07:01 +0800] "GET /xingrg/all/function/internal_message.html?_=1607813991930&CODE_STATE=getMsg HTTP/1.1" 200 27
114.88.163.87 - - [13/Dec/2020:07:07:24 +0800] "GET /xingrg/all/function/internal_message.html?_=1607814438841&CODE_STATE=getMsg HTTP/1.1" 200 27
114.84.32.187 - - [13/Dec/2020:07:07:27 +0800] "GET /xingrg/all/function/internal_message.html?_=1607814480079&CODE_STATE=getMsg HTTP/1.1" 302 -
120.253.135.82 - - [13/Dec/2020:07:07:32 +0800] "GET /xingrg/all/function/internal_message.html?_=1607814200346&CODE_STATE=getMsg HTTP/1.1" 200 27
114.84.32.187 - - [13/Dec/2020:07:07:34 +0800] "GET /xingrg/all/function/internal_message.html?_=1607814478987&CODE_STATE=getMsg HTTP/1.1" 200 27
172.17.0.123 - - [13/Dec/2020:07:07:36 +0800] "GET /xingrg/all/function/internal_message.html?_=1607814374028&CODE_STATE=getMsg HTTP/1.1" 200 27
172.17.0.123 - - [13/Dec/2020:07:07:36 +0800] "GET /xingrg/check_reg.html?_=1607814374030 HTTP/1.1" 200 22
180.174.56.115 - - [13/Dec/2020:07:07:44 +0800] "GET /xingrg/all/function/internal_message.html?_=1607814463293&CODE_STATE=getMsg HTTP/1.1" 200 27
