180.174.56.115 - - [13/Dec/2020:10:03:56 +0800] "GET /xingrg/all/function/internal_message.html?_=1607824996181&CODE_STATE=getMsg HTTP/1.1" 200 27
172.17.0.120 - - [13/Dec/2020:10:04:00 +0800] "GET /xingrg/all/function/internal_message.html?_=1607825572594&CODE_STATE=getMsg HTTP/1.1" 200 27
114.88.163.87 - - [13/Dec/2020:10:04:00 +0800] "GET /xingrg/all/function/internal_message.html?_=1607825169361&CODE_STATE=getMsg HTTP/1.1" 200 27
114.88.159.147 - - [13/Dec/2020:10:04:01 +0800] "GET /xingrg/check_reg.html?_=1607824612472 HTTP/1.1" 200 22
114.88.159.147 - - [13/Dec/2020:10:04:01 +0800] "GET /xingrg/all/function/internal_message.html?_=1607824612475&CODE_STATE=getMsg HTTP/1.1" 200 27
222.69.138.156 - - [13/Dec/2020:10:04:01 +0800] "GET /xingrg/kc/buy/cgsh_order_operate.html?command=get_materiel&rest_code=00149&code=00101004048&supplier_code=00100083&order_time=2020-12-13 HTTP/1.1" 200 417
222.69.138.156 - - [13/Dec/2020:10:04:10 +0800] "GET /xingrg/kc/buy/cgsh_order_operate.html?command=get_materiel&rest_code=00149&code=00101004065&supplier_code=00100083&order_time=2020-12-13 HTTP/1.1" 200 433
180.174.56.115 - - [13/Dec/2020:10:04:12 +0800] "GET /xingrg/check_reg.html?_=1607825051029 HTTP/1.1" 200 22
180.174.56.115 - - [13/Dec/2020:10:04:12 +0800] "GET /xingrg/all/function/internal_message.html?_=1607825051032&CODE_STATE=getMsg HTTP/1.1" 200 27
172.17.200.101 - - [13/Dec/2020:10:04:18 +0800] "GET /xingrg/all/function/internal_message.html?_=1607825059573&CODE_STATE=getMsg HTTP/1.1" 200 27
61.151.178.164 - - [13/Dec/2020:10:04:21 +0800] "GET /xingrg/all/function/internal_message.html?_=1607824819097&CODE_STATE=getMsg HTTP/1.1" 302 -
222.69.138.156 - - [13/Dec/2020:10:04:21 +0800] "GET /xingrg/all/function/internal_message.html?_=1607825057210&CODE_STATE=getMsg HTTP/1.1" 200 27
114.88.159.147 - - [13/Dec/2020:10:04:21 +0800] "GET /xingrg/all/function/internal_message.html?_=1607825059090&CODE_STATE=getMsg HTTP/1.1" 200 27
117.184.7.26 - - [13/Dec/2020:10:04:22 +0800] "GET /xingrg/all/function/internal_message.html?_=1607825057958&CODE_STATE=getMsg HTTP/1.1" 200 27
222.69.138.156 - - [13/Dec/2020:10:04:22 +0800] "GET /xingrg/kc/buy/cgsh_order_operate.html?command=get_materiel&rest_code=00149&code=00101004030&supplier_code=00100083&order_time=2020-12-13 HTTP/1.1" 200 408
61.151.178.164 - - [13/Dec/2020:10:04:23 +0800] "GET /xingrg/login.html HTTP/1.1" 200 7641
114.84.32.187 - - [13/Dec/2020:10:04:23 +0800] "GET /xingrg/check_reg.html?_=1607825088166 HTTP/1.1" 200 22
180.174.56.115 - - [13/Dec/2020:10:04:27 +0800] "GET /xingrg/check_reg.html?_=1607825027636 HTTP/1.1" 200 22
114.88.163.87 - - [13/Dec/2020:10:04:28 +0800] "GET /xingrg/all/function/internal_message.html?_=1607825062354&CODE_STATE=getMsg HTTP/1.1" 200 27
114.84.32.187 - - [13/Dec/2020:10:04:29 +0800] "GET /xingrg/all/function/internal_message.html?_=1607825102492&CODE_STATE=getMsg HTTP/1.1" 302 -
120.253.135.82 - - [13/Dec/2020:10:04:29 +0800] "GET /xingrg/all/function/internal_message.html?_=1607824818621&CODE_STATE=getMsg HTTP/1.1" 200 27
222.69.138.156 - - [13/Dec/2020:10:04:31 +0800] "POST /xingrg/kc/buy/cgsh_order_operate.html HTTP/1.1" 200 37
116.228.172.94 - - [13/Dec/2020:10:04:35 +0800] "GET /xingrg/all/function/internal_message.html?_=1607825071217&CODE_STATE=getMsg HTTP/1.1" 200 27
101.89.239.245 - - [13/Dec/2020:10:04:36 +0800] "GET /xingrg/all/function/internal_message.html?_=1607824879095&CODE_STATE=getMsg HTTP/1.1" 302 -
101.85.93.83 - - [13/Dec/2020:10:04:36 +0800] "GET /xingrg/all/function/internal_message.html?_=1607824778601&CODE_STATE=getMsg HTTP/1.1" 200 27
222.69.138.156 - - [13/Dec/2020:10:04:37 +0800] "POST /xingrg/kc/buy/cgsh_order_operate.html HTTP/1.1" 200 12
172.17.0.100 - - [13/Dec/2020:10:04:38 +0800] "GET /xingrg/all/function/internal_message.html?_=1607825075085&CODE_STATE=getMsg HTTP/1.1" 200 27
101.89.239.245 - - [13/Dec/2020:10:04:38 +0800] "GET /xingrg/login.html HTTP/1.1" 200 7641
222.69.138.156 - - [13/Dec/2020:10:04:39 +0800] "GET /xingrg/kc/buy/cgsh_order_info.html?code=212020121305001 HTTP/1.1" 200 55896
222.69.138.156 - - [13/Dec/2020:10:04:39 +0800] "GET /xingrg/javascript/easyui/themes/default/validatebox.css HTTP/1.1" 404 1104
222.69.138.156 - - [13/Dec/2020:10:04:39 +0800] "POST /xingrg/kc/buy/cgsh_order_operate.html HTTP/1.1" 200 4206
222.69.138.156 - - [13/Dec/2020:10:04:41 +0800] "GET /xingrg/kc/print/load_data.html?order_code=212020121305001&kc_code=cgsh&condition= HTTP/1.1" 200 2118
180.152.104.37 - - [13/Dec/2020:10:04:42 +0800] "GET /xingrg/all/function/internal_message.html?_=1607825310009&CODE_STATE=getMsg HTTP/1.1" 200 27
222.69.138.156 - - [13/Dec/2020:10:04:46 +0800] "GET /xingrg/kc/buy/cgsh_order_add.html HTTP/1.1" 200 60995
222.69.138.156 - - [13/Dec/2020:10:04:47 +0800] "POST /xingrg/kc/buy/cgsh_order_operate.html HTTP/1.1" 200 8245
222.69.138.156 - - [13/Dec/2020:10:04:47 +0800] "GET /xingrg/javascript/easyui/themes/default/validatebox.css HTTP/1.1" 404 1104
114.84.32.187 - - [13/Dec/2020:10:04:47 +0800] "GET /xingrg/all/function/internal_message.html?_=1607825083889&CODE_STATE=getMsg HTTP/1.1" 200 27
114.84.32.187 - - [13/Dec/2020:10:04:51 +0800] "GET /xingrg/all/function/internal_message.html?_=1607825115714&CODE_STATE=getMsg HTTP/1.1" 200 27
180.162.223.42 - - [13/Dec/2020:10:04:52 +0800] "GET /xingrg/all/function/internal_message.html?_=1607825088260&CODE_STATE=getMsg HTTP/1.1" 200 27
180.162.223.42 - - [13/Dec/2020:10:04:52 +0800] "GET /xingrg/check_reg.html?_=1607825088264 HTTP/1.1" 200 22
180.174.56.115 - - [13/Dec/2020:10:04:56 +0800] "GET /xingrg/all/function/internal_message.html?_=1607825056186&CODE_STATE=getMsg HTTP/1.1" 200 27
222.69.138.156 - - [13/Dec/2020:10:04:58 +0800] "GET /xingrg/kc/buy/cgsh_order_operate.html?command=get_materiel&rest_code=00149&code=00101012051&supplier_code=00100036&order_time=2020-12-13 HTTP/1.1" 200 408
172.17.0.120 - - [13/Dec/2020:10:05:00 +0800] "GET /xingrg/all/function/internal_message.html?_=1607825632599&CODE_STATE=getMsg HTTP/1.1" 200 27
114.88.163.87 - - [13/Dec/2020:10:05:00 +0800] "GET /xingrg/all/function/internal_message.html?_=1607825229360&CODE_STATE=getMsg HTTP/1.1" 200 27
114.88.163.87 - - [13/Dec/2020:10:05:00 +0800] "GET /xingrg/check_reg.html?_=1607825229362 HTTP/1.1" 200 22
114.88.159.147 - - [13/Dec/2020:10:05:01 +0800] "GET /xingrg/all/function/internal_message.html?_=1607824672474&CODE_STATE=getMsg HTTP/1.1" 200 27
180.174.56.115 - - [13/Dec/2020:10:05:12 +0800] "GET /xingrg/all/function/internal_message.html?_=1607825111037&CODE_STATE=getMsg HTTP/1.1" 200 27
222.69.138.156 - - [13/Dec/2020:10:05:13 +0800] "POST /xingrg/kc/buy/cgsh_order_operate.html HTTP/1.1" 200 37
172.17.200.101 - - [13/Dec/2020:10:05:18 +0800] "GET /xingrg/check_reg.html?_=1607825119576 HTTP/1.1" 200 22
172.17.200.101 - - [13/Dec/2020:10:05:18 +0800] "GET /xingrg/all/function/internal_message.html?_=1607825119581&CODE_STATE=getMsg HTTP/1.1" 200 27
222.69.138.156 - - [13/Dec/2020:10:05:18 +0800] "POST /xingrg/kc/buy/cgsh_order_operate.html HTTP/1.1" 200 12
114.88.159.147 - - [13/Dec/2020:10:05:21 +0800] "GET /xingrg/all/function/internal_message.html?_=1607825119091&CODE_STATE=getMsg HTTP/1.1" 200 27
114.88.159.147 - - [13/Dec/2020:10:05:21 +0800] "GET /xingrg/check_reg.html?_=1607825119092 HTTP/1.1" 200 22
117.184.7.26 - - [13/Dec/2020:10:05:22 +0800] "GET /xingrg/all/function/internal_message.html?_=1607825117962&CODE_STATE=getMsg HTTP/1.1" 200 27
222.69.138.156 - - [13/Dec/2020:10:05:23 +0800] "GET /xingrg/kc/buy/cgsh_order_info.html?code=212020121305002 HTTP/1.1" 200 55900
222.69.138.156 - - [13/Dec/2020:10:05:24 +0800] "GET /xingrg/javascript/easyui/themes/default/validatebox.css HTTP/1.1" 404 1104
222.69.138.156 - - [13/Dec/2020:10:05:24 +0800] "POST /xingrg/kc/buy/cgsh_order_operate.html HTTP/1.1" 200 601
222.69.138.156 - - [13/Dec/2020:10:05:27 +0800] "GET /xingrg/kc/print/load_data.html?order_code=212020121305002&kc_code=cgsh&condition= HTTP/1.1" 200 772
114.88.163.87 - - [13/Dec/2020:10:05:28 +0800] "GET /xingrg/all/function/internal_message.html?_=1607825122390&CODE_STATE=getMsg HTTP/1.1" 200 27
114.84.32.187 - - [13/Dec/2020:10:05:29 +0800] "GET /xingrg/all/function/internal_message.html?_=1607825162497&CODE_STATE=getMsg HTTP/1.1" 302 -
120.253.135.82 - - [13/Dec/2020:10:05:29 +0800] "GET /xingrg/all/function/internal_message.html?_=1607824878637&CODE_STATE=getMsg HTTP/1.1" 200 27
222.69.138.156 - - [13/Dec/2020:10:05:31 +0800] "GET /xingrg/kc/buy/cgsh_order_add.html HTTP/1.1" 200 60995
222.69.138.156 - - [13/Dec/2020:10:05:32 +0800] "POST /xingrg/kc/buy/cgsh_order_operate.html HTTP/1.1" 200 8245
222.69.138.156 - - [13/Dec/2020:10:05:32 +0800] "GET /xingrg/javascript/easyui/themes/default/validatebox.css HTTP/1.1" 404 1104
116.228.172.94 - - [13/Dec/2020:10:05:35 +0800] "GET /xingrg/all/function/internal_message.html?_=1607825131203&CODE_STATE=getMsg HTTP/1.1" 200 27
101.85.93.83 - - [13/Dec/2020:10:05:36 +0800] "GET /xingrg/all/function/internal_message.html?_=1607824838600&CODE_STATE=getMsg HTTP/1.1" 200 27
172.17.0.100 - - [13/Dec/2020:10:05:38 +0800] "GET /xingrg/all/function/internal_message.html?_=1607825135084&CODE_STATE=getMsg HTTP/1.1" 200 27
180.152.104.37 - - [13/Dec/2020:10:05:42 +0800] "GET /xingrg/check_reg.html?_=1607825369968 HTTP/1.1" 200 22
180.152.104.37 - - [13/Dec/2020:10:05:42 +0800] "GET /xingrg/all/function/internal_message.html?_=1607825370023&CODE_STATE=getMsg HTTP/1.1" 200 27
114.84.32.187 - - [13/Dec/2020:10:05:47 +0800] "GET /xingrg/all/function/internal_message.html?_=1607825143893&CODE_STATE=getMsg HTTP/1.1" 200 27
114.84.32.187 - - [13/Dec/2020:10:05:47 +0800] "GET /xingrg/check_reg.html?_=1607825143895 HTTP/1.1" 200 22
222.69.138.156 - - [13/Dec/2020:10:05:48 +0800] "GET /xingrg/kc/buy/cgsh_order_operate.html?command=get_materiel&rest_code=00149&code=00101006193&supplier_code=00100012&order_time=2020-12-13 HTTP/1.1" 200 409
114.84.32.187 - - [13/Dec/2020:10:05:51 +0800] "GET /xingrg/all/function/internal_message.html?_=1607825175727&CODE_STATE=getMsg HTTP/1.1" 200 27
180.162.223.42 - - [13/Dec/2020:10:05:52 +0800] "GET /xingrg/all/function/internal_message.html?_=1607825148264&CODE_STATE=getMsg HTTP/1.1" 200 27
180.174.56.115 - - [13/Dec/2020:10:05:56 +0800] "GET /xingrg/all/function/internal_message.html?_=1607825116199&CODE_STATE=getMsg HTTP/1.1" 200 27
222.69.138.156 - - [13/Dec/2020:10:05:57 +0800] "GET /xingrg/kc/buy/cgsh_order_operate.html?command=get_materiel&rest_code=00149&code=00101006073&supplier_code=00100012&order_time=2020-12-13 HTTP/1.1" 200 410
172.17.0.120 - - [13/Dec/2020:10:06:00 +0800] "GET /xingrg/all/function/internal_message.html?_=1607825692603&CODE_STATE=getMsg HTTP/1.1" 200 27
114.88.163.87 - - [13/Dec/2020:10:06:00 +0800] "GET /xingrg/all/function/internal_message.html?_=1607825289362&CODE_STATE=getMsg HTTP/1.1" 200 27
114.88.159.147 - - [13/Dec/2020:10:06:01 +0800] "GET /xingrg/all/function/internal_message.html?_=1607824732473&CODE_STATE=getMsg HTTP/1.1" 200 27
222.69.138.156 - - [13/Dec/2020:10:06:04 +0800] "GET /xingrg/kc/buy/cgsh_order_operate.html?command=get_materiel&rest_code=00149&code=00101006075&supplier_code=00100012&order_time=2020-12-13 HTTP/1.1" 200 416
114.88.163.87 - - [13/Dec/2020:10:06:10 +0800] "GET /xingrg/check_reg.html?_=1607825164214 HTTP/1.1" 200 22
180.174.56.115 - - [13/Dec/2020:10:06:12 +0800] "GET /xingrg/all/function/internal_message.html?_=1607825171038&CODE_STATE=getMsg HTTP/1.1" 200 27
222.69.138.156 - - [13/Dec/2020:10:06:17 +0800] "GET /xingrg/kc/buy/cgsh_order_operate.html?command=get_materiel&rest_code=00149&code=00101006111&supplier_code=00100012&order_time=2020-12-13 HTTP/1.1" 200 409
172.17.200.101 - - [13/Dec/2020:10:06:18 +0800] "GET /xingrg/all/function/internal_message.html?_=1607825179568&CODE_STATE=getMsg HTTP/1.1" 200 27
222.69.138.156 - - [13/Dec/2020:10:06:21 +0800] "GET /xingrg/all/function/internal_message.html?_=1607825177226&CODE_STATE=getMsg HTTP/1.1" 200 27
114.88.159.147 - - [13/Dec/2020:10:06:21 +0800] "GET /xingrg/all/function/internal_message.html?_=1607825179091&CODE_STATE=getMsg HTTP/1.1" 200 27
117.184.7.26 - - [13/Dec/2020:10:06:22 +0800] "GET /xingrg/all/function/internal_message.html?_=1607825177949&CODE_STATE=getMsg HTTP/1.1" 200 27
117.184.7.30 - - [13/Dec/2020:10:06:22 +0800] "GET /xingrg/check_reg.html?_=1607825177959 HTTP/1.1" 200 22
222.69.138.156 - - [13/Dec/2020:10:06:27 +0800] "GET /xingrg/kc/buy/cgsh_order_operate.html?command=get_materiel&rest_code=00149&code=00101006168&supplier_code=00100012&order_time=2020-12-13 HTTP/1.1" 200 421
114.88.163.87 - - [13/Dec/2020:10:06:28 +0800] "GET /xingrg/all/function/internal_message.html?_=1607825182398&CODE_STATE=getMsg HTTP/1.1" 200 27
117.185.32.26 - - [13/Dec/2020:10:06:29 +0800] "GET /xingrg/login.html HTTP/1.1" 200 7641
120.253.135.82 - - [13/Dec/2020:10:06:29 +0800] "GET /xingrg/check_reg.html?_=1607824938430 HTTP/1.1" 200 22
114.84.32.187 - - [13/Dec/2020:10:06:29 +0800] "GET /xingrg/all/function/internal_message.html?_=1607825222519&CODE_STATE=getMsg HTTP/1.1" 302 -
120.253.135.82 - - [13/Dec/2020:10:06:29 +0800] "GET /xingrg/all/function/internal_message.html?_=1607824938650&CODE_STATE=getMsg HTTP/1.1" 200 27
116.228.172.94 - - [13/Dec/2020:10:06:34 +0800] "GET /xingrg/check_reg.html?_=1607825190052 HTTP/1.1" 200 22
116.228.172.94 - - [13/Dec/2020:10:06:35 +0800] "GET /xingrg/all/function/internal_message.html?_=1607825191184&CODE_STATE=getMsg HTTP/1.1" 200 27
101.85.93.83 - - [13/Dec/2020:10:06:36 +0800] "GET /xingrg/all/function/internal_message.html?_=1607824898587&CODE_STATE=getMsg HTTP/1.1" 200 27
172.17.0.100 - - [13/Dec/2020:10:06:38 +0800] "GET /xingrg/all/function/internal_message.html?_=1607825195105&CODE_STATE=getMsg HTTP/1.1" 200 27
172.17.0.100 - - [13/Dec/2020:10:06:38 +0800] "GET /xingrg/check_reg.html?_=1607825195107 HTTP/1.1" 200 22
117.185.32.26 - - [13/Dec/2020:10:06:39 +0800] "GET /favicon.ico HTTP/1.1" 404 -
222.69.138.156 - - [13/Dec/2020:10:06:41 +0800] "GET /xingrg/kc/buy/cgsh_order_operate.html?command=get_materiel&rest_code=00149&code=00101006124&supplier_code=00100012&order_time=2020-12-13 HTTP/1.1" 200 409
117.185.32.26 - - [13/Dec/2020:10:06:41 +0800] "POST /xingrg/services/DataTransmitService HTTP/1.1" 200 524
180.152.104.37 - - [13/Dec/2020:10:06:42 +0800] "GET /xingrg/all/function/internal_message.html?_=1607825430036&CODE_STATE=getMsg HTTP/1.1" 200 27
114.84.32.187 - - [13/Dec/2020:10:06:47 +0800] "GET /xingrg/all/function/internal_message.html?_=1607825203879&CODE_STATE=getMsg HTTP/1.1" 200 27
114.84.32.187 - - [13/Dec/2020:10:06:51 +0800] "GET /xingrg/all/function/internal_message.html?_=1607825236029&CODE_STATE=getMsg HTTP/1.1" 200 27
180.162.223.42 - - [13/Dec/2020:10:06:52 +0800] "GET /xingrg/all/function/internal_message.html?_=1607825208266&CODE_STATE=getMsg HTTP/1.1" 200 27
180.174.56.115 - - [13/Dec/2020:10:06:56 +0800] "GET /xingrg/all/function/internal_message.html?_=1607825176238&CODE_STATE=getMsg HTTP/1.1" 200 27
172.17.0.120 - - [13/Dec/2020:10:07:00 +0800] "GET /xingrg/check_reg.html?_=1607825752608 HTTP/1.1" 200 22
172.17.0.120 - - [13/Dec/2020:10:07:00 +0800] "GET /xingrg/all/function/internal_message.html?_=1607825752612&CODE_STATE=getMsg HTTP/1.1" 200 27
114.88.163.87 - - [13/Dec/2020:10:07:00 +0800] "GET /xingrg/all/function/internal_message.html?_=1607825349361&CODE_STATE=getMsg HTTP/1.1" 200 27
114.88.159.147 - - [13/Dec/2020:10:07:01 +0800] "GET /xingrg/all/function/internal_message.html?_=1607824792502&CODE_STATE=getMsg HTTP/1.1" 200 27
172.17.0.108 - - [13/Dec/2020:10:07:02 +0800] "GET /favicon.ico HTTP/1.1" 404 -
180.174.56.115 - - [13/Dec/2020:10:07:12 +0800] "GET /xingrg/all/function/internal_message.html?_=1607825231039&CODE_STATE=getMsg HTTP/1.1" 200 27
172.17.200.101 - - [13/Dec/2020:10:07:18 +0800] "GET /xingrg/all/function/internal_message.html?_=1607825239572&CODE_STATE=getMsg HTTP/1.1" 200 27
222.69.138.156 - - [13/Dec/2020:10:07:21 +0800] "GET /xingrg/all/function/internal_message.html?_=1607825237204&CODE_STATE=getMsg HTTP/1.1" 200 27
114.88.159.147 - - [13/Dec/2020:10:07:21 +0800] "GET /xingrg/all/function/internal_message.html?_=1607825239092&CODE_STATE=getMsg HTTP/1.1" 200 27
117.184.7.26 - - [13/Dec/2020:10:07:22 +0800] "GET /xingrg/all/function/internal_message.html?_=1607825237958&CODE_STATE=getMsg HTTP/1.1" 200 27
117.185.32.26 - - [13/Dec/2020:10:07:23 +0800] "GET /xingrg/login.html HTTP/1.1" 200 7641
117.185.32.26 - - [13/Dec/2020:10:07:24 +0800] "GET /favicon.ico HTTP/1.1" 404 -
222.69.138.156 - - [13/Dec/2020:10:07:24 +0800] "POST /xingrg/kc/buy/cgsh_order_operate.html HTTP/1.1" 200 37
117.185.32.26 - - [13/Dec/2020:10:07:26 +0800] "POST /xingrg/login.do HTTP/1.1" 302 -
117.185.32.26 - - [13/Dec/2020:10:07:26 +0800] "GET /xingrg/index.html?sysBaseUrl=http%3A%2F%2F180.169.147.146%3A18081%2Fxingrg%2F&costTime=40×tamp=1607825246818 HTTP/1.1" 200 17173
222.69.138.156 - - [13/Dec/2020:10:07:26 +0800] "POST /xingrg/kc/buy/cgsh_order_operate.html HTTP/1.1" 200 12
117.185.32.26 - - [13/Dec/2020:10:07:27 +0800] "GET /favicon.ico HTTP/1.1" 404 -
222.69.138.156 - - [13/Dec/2020:10:07:28 +0800] "GET /xingrg/kc/buy/cgsh_order_info.html?code=212020121305003 HTTP/1.1" 200 55898
117.185.32.26 - - [13/Dec/2020:10:07:28 +0800] "POST /xingrg/all/common/load_tree.html?tree=area_rest_tree_json&manage=1 HTTP/1.1" 200 342
114.88.163.87 - - [13/Dec/2020:10:07:28 +0800] "GET /xingrg/all/function/internal_message.html?_=1607825242411&CODE_STATE=getMsg HTTP/1.1" 200 27
117.185.32.26 - - [13/Dec/2020:10:07:28 +0800] "GET /xingrg/all/function/internal_message.html?_=1607825702941&CODE_STATE=count HTTP/1.1" 200 11
117.185.32.26 - - [13/Dec/2020:10:07:28 +0800] "GET /xingrg/check_reg.html?_=1607825702943 HTTP/1.1" 200 22
222.69.138.156 - - [13/Dec/2020:10:07:28 +0800] "GET /xingrg/javascript/easyui/themes/default/validatebox.css HTTP/1.1" 404 1104
117.185.32.26 - - [13/Dec/2020:10:07:28 +0800] "POST /xingrg/load_menu.html HTTP/1.1" 200 5138
222.69.138.156 - - [13/Dec/2020:10:07:29 +0800] "POST /xingrg/kc/buy/cgsh_order_operate.html HTTP/1.1" 200 2978
114.84.32.187 - - [13/Dec/2020:10:07:29 +0800] "GET /xingrg/all/function/internal_message.html?_=1607825282524&CODE_STATE=getMsg HTTP/1.1" 302 -
120.253.135.82 - - [13/Dec/2020:10:07:29 +0800] "GET /xingrg/all/function/internal_message.html?_=1607824998663&CODE_STATE=getMsg HTTP/1.1" 200 27
222.69.138.156 - - [13/Dec/2020:10:07:30 +0800] "GET /xingrg/kc/print/load_data.html?order_code=212020121305003&kc_code=cgsh&condition= HTTP/1.1" 200 1705
117.185.32.26 - - [13/Dec/2020:10:07:31 +0800] "GET /xingrg/kc/buy/buy_main.html HTTP/1.1" 200 12412
117.185.32.26 - - [13/Dec/2020:10:07:31 +0800] "GET /xingrg/css/new_ie.css HTTP/1.1" 404 1036
117.185.32.26 - - [13/Dec/2020:10:07:34 +0800] "GET /xingrg/images/yd/bt.gif HTTP/1.1" 404 1040
117.185.32.26 - - [13/Dec/2020:10:07:35 +0800] "GET /xingrg/kc/buy/cgsh_order_list.html HTTP/1.1" 200 45205
116.228.172.94 - - [13/Dec/2020:10:07:35 +0800] "GET /xingrg/all/function/internal_message.html?_=1607825251169&CODE_STATE=getMsg HTTP/1.1" 200 27
101.85.93.83 - - [13/Dec/2020:10:07:36 +0800] "GET /xingrg/all/function/internal_message.html?_=1607824958601&CODE_STATE=getMsg HTTP/1.1" 200 27
117.185.32.26 - - [13/Dec/2020:10:07:37 +0800] "POST /xingrg/kc/buy/cgsh_list_operate.html HTTP/1.1" 200 876
172.17.0.100 - - [13/Dec/2020:10:07:38 +0800] "GET /xingrg/all/function/internal_message.html?_=1607825255092&CODE_STATE=getMsg HTTP/1.1" 200 27
117.185.32.26 - - [13/Dec/2020:10:07:39 +0800] "GET /xingrg/kc/buy/cgsh_order_add.html HTTP/1.1" 200 60942
117.185.32.26 - - [13/Dec/2020:10:07:40 +0800] "GET /xingrg/words/20201212095936_words.js HTTP/1.1" 304 -
117.185.32.26 - - [13/Dec/2020:10:07:40 +0800] "POST /xingrg/kc/buy/cgsh_order_operate.html HTTP/1.1" 200 8245
117.185.32.26 - - [13/Dec/2020:10:07:40 +0800] "GET /xingrg/all/common/auto_word.html?type=employee&rest_code=00106 HTTP/1.1" 200 205
117.185.32.26 - - [13/Dec/2020:10:07:40 +0800] "GET /xingrg/javascript/easyui/themes/default/validatebox.css HTTP/1.1" 404 1104
117.185.32.26 - - [13/Dec/2020:10:07:40 +0800] "GET /xingrg/all/common/auto_word.html?type=employee&rest_code=00106 HTTP/1.1" 200 205
180.152.104.37 - - [13/Dec/2020:10:07:42 +0800] "GET /xingrg/all/function/internal_message.html?_=1607825490050&CODE_STATE=getMsg HTTP/1.1" 200 27
117.185.32.26 - - [13/Dec/2020:10:07:43 +0800] "GET /xingrg/javascript/easyui/themes/default/tree.css HTTP/1.1" 404 1090
117.185.32.26 - - [13/Dec/2020:10:07:43 +0800] "POST /xingrg/all/common/load_tree.html?tree=supplier_tree_json&isDelete=1 HTTP/1.1" 200 52361
101.89.19.149 - - [13/Dec/2020:10:07:45 +0800] "GET /xingrg/all/function/internal_message.html?_=1607824999091&CODE_STATE=getMsg HTTP/1.1" 302 -
114.84.32.187 - - [13/Dec/2020:10:07:47 +0800] "GET /xingrg/all/function/internal_message.html?_=1607825263894&CODE_STATE=getMsg HTTP/1.1" 200 27
114.84.32.187 - - [13/Dec/2020:10:07:51 +0800] "GET /xingrg/all/function/internal_message.html?_=1607825296034&CODE_STATE=getMsg HTTP/1.1" 200 27
180.162.223.42 - - [13/Dec/2020:10:07:52 +0800] "GET /xingrg/all/function/internal_message.html?_=1607825268251&CODE_STATE=getMsg HTTP/1.1" 200 27
101.89.19.149 - - [13/Dec/2020:10:07:52 +0800] "GET /xingrg/login.html HTTP/1.1" 200 7641
180.174.56.115 - - [13/Dec/2020:10:07:56 +0800] "GET /xingrg/all/function/internal_message.html?_=1607825236242&CODE_STATE=getMsg HTTP/1.1" 200 27
117.185.32.26 - - [13/Dec/2020:10:07:56 +0800] "GET /xingrg/javascript/auto/indicator.gif HTTP/1.1" 404 1066
117.185.32.26 - - [13/Dec/2020:10:08:00 +0800] "GET /xingrg/kc/buy/cgsh_order_operate.html?command=get_materiel&rest_code=00106&code=00101002006&supplier_code=00100091&order_time=2020-12-13 HTTP/1.1" 200 434
172.17.0.120 - - [13/Dec/2020:10:08:00 +0800] "GET /xingrg/all/function/internal_message.html?_=1607825812602&CODE_STATE=getMsg HTTP/1.1" 200 27
114.88.163.87 - - [13/Dec/2020:10:08:00 +0800] "GET /xingrg/all/function/internal_message.html?_=1607825409361&CODE_STATE=getMsg HTTP/1.1" 200 27
114.88.159.147 - - [13/Dec/2020:10:08:01 +0800] "GET /xingrg/all/function/internal_message.html?_=1607824852501&CODE_STATE=getMsg HTTP/1.1" 200 27
180.174.56.115 - - [13/Dec/2020:10:08:12 +0800] "GET /xingrg/all/function/internal_message.html?_=1607825291048&CODE_STATE=getMsg HTTP/1.1" 200 27
117.185.32.26 - - [13/Dec/2020:10:08:13 +0800] "POST /xingrg/kc/buy/cgsh_order_operate.html HTTP/1.1" 200 37
117.185.32.26 - - [13/Dec/2020:10:08:17 +0800] "POST /xingrg/kc/buy/cgsh_order_operate.html HTTP/1.1" 200 12
172.17.200.101 - - [13/Dec/2020:10:08:18 +0800] "GET /xingrg/all/function/internal_message.html?_=1607825299572&CODE_STATE=getMsg HTTP/1.1" 200 27
114.84.32.187 - - [13/Dec/2020:10:08:18 +0800] "GET /xingrg/check_reg.html?_=1607825331142 HTTP/1.1" 302 -
117.185.32.26 - - [13/Dec/2020:10:08:19 +0800] "GET /xingrg/kc/buy/cgsh_order_info.html?code=212020121305004 HTTP/1.1" 200 55849
117.185.32.26 - - [13/Dec/2020:10:08:19 +0800] "GET /xingrg/javascript/easyui/themes/default/validatebox.css HTTP/1.1" 404 1104
117.185.32.26 - - [13/Dec/2020:10:08:19 +0800] "POST /xingrg/kc/buy/cgsh_order_operate.html HTTP/1.1" 200 611
222.69.138.156 - - [13/Dec/2020:10:08:21 +0800] "GET /xingrg/all/function/internal_message.html?_=1607825297177&CODE_STATE=getMsg HTTP/1.1" 200 27
222.69.138.156 - - [13/Dec/2020:10:08:21 +0800] "GET /xingrg/check_reg.html?_=1607825297225 HTTP/1.1" 200 22
114.88.159.147 - - [13/Dec/2020:10:08:21 +0800] "GET /xingrg/all/function/internal_message.html?_=1607825299091&CODE_STATE=getMsg HTTP/1.1" 200 27
117.184.7.26 - - [13/Dec/2020:10:08:22 +0800] "GET /xingrg/all/function/internal_message.html?_=1607825297959&CODE_STATE=getMsg HTTP/1.1" 200 27
117.185.32.26 - - [13/Dec/2020:10:08:23 +0800] "GET /xingrg/kc/print/load_config.html?kc_code=cgsh HTTP/1.1" 200 1845
117.185.32.26 - - [13/Dec/2020:10:08:23 +0800] "GET /xingrg/kc/print/load_data.html?order_code=212020121305004&kc_code=cgsh&condition= HTTP/1.1" 200 772
114.88.163.87 - - [13/Dec/2020:10:08:28 +0800] "GET /xingrg/all/function/internal_message.html?_=1607825302446&CODE_STATE=getMsg HTTP/1.1" 200 27
117.185.32.26 - - [13/Dec/2020:10:08:28 +0800] "GET /xingrg/all/function/internal_message.html?_=1607825763163&CODE_STATE=getMsg HTTP/1.1" 200 27
114.84.32.187 - - [13/Dec/2020:10:08:29 +0800] "GET /xingrg/all/function/internal_message.html?_=1607825342544&CODE_STATE=getMsg HTTP/1.1" 302 -
120.253.135.82 - - [13/Dec/2020:10:08:29 +0800] "GET /xingrg/all/function/internal_message.html?_=1607825058677&CODE_STATE=getMsg HTTP/1.1" 200 27
180.174.56.115 - - [13/Dec/2020:10:08:33 +0800] "POST /xingrg/services/DataTransmitService HTTP/1.1" 200 524
116.228.172.94 - - [13/Dec/2020:10:08:35 +0800] "GET /xingrg/all/function/internal_message.html?_=1607825311140&CODE_STATE=getMsg HTTP/1.1" 200 27
101.85.93.83 - - [13/Dec/2020:10:08:36 +0800] "GET /xingrg/check_reg.html?_=1607825018601 HTTP/1.1" 200 22
101.85.93.83 - - [13/Dec/2020:10:08:36 +0800] "GET /xingrg/all/function/internal_message.html?_=1607825018602&CODE_STATE=getMsg HTTP/1.1" 200 27
172.17.0.100 - - [13/Dec/2020:10:08:38 +0800] "GET /xingrg/all/function/internal_message.html?_=1607825315118&CODE_STATE=getMsg HTTP/1.1" 200 27
117.185.32.26 - - [13/Dec/2020:10:08:40 +0800] "GET /xingrg/kc/buy/cgsh_order_add.html HTTP/1.1" 200 60942
117.185.32.26 - - [13/Dec/2020:10:08:40 +0800] "POST /xingrg/kc/buy/cgsh_order_operate.html HTTP/1.1" 200 8245
117.185.32.26 - - [13/Dec/2020:10:08:40 +0800] "GET /xingrg/javascript/easyui/themes/default/validatebox.css HTTP/1.1" 404 1104
180.152.104.37 - - [13/Dec/2020:10:08:42 +0800] "GET /xingrg/all/function/internal_message.html?_=1607825550096&CODE_STATE=getMsg HTTP/1.1" 200 27
117.185.32.26 - - [13/Dec/2020:10:08:42 +0800] "GET /xingrg/javascript/easyui/themes/default/tree.css HTTP/1.1" 404 1090
117.185.32.26 - - [13/Dec/2020:10:08:42 +0800] "POST /xingrg/all/common/load_tree.html?tree=supplier_tree_json&isDelete=1 HTTP/1.1" 200 52361
101.227.139.173 - - [13/Dec/2020:10:08:47 +0800] "GET /xingrg/all/function/internal_message.html?_=1607825059090&CODE_STATE=getMsg HTTP/1.1" 302 -
114.84.32.187 - - [13/Dec/2020:10:08:47 +0800] "GET /xingrg/all/function/internal_message.html?_=1607825323892&CODE_STATE=getMsg HTTP/1.1" 200 27
114.84.32.187 - - [13/Dec/2020:10:08:51 +0800] "GET /xingrg/all/function/internal_message.html?_=1607825356287&CODE_STATE=getMsg HTTP/1.1" 200 27
101.227.139.173 - - [13/Dec/2020:10:08:51 +0800] "GET /xingrg/login.html HTTP/1.1" 200 7641
180.162.223.42 - - [13/Dec/2020:10:08:52 +0800] "GET /xingrg/all/function/internal_message.html?_=1607825328251&CODE_STATE=getMsg HTTP/1.1" 200 27
180.174.56.115 - - [13/Dec/2020:10:08:56 +0800] "GET /xingrg/all/function/internal_message.html?_=1607825296283&CODE_STATE=getMsg HTTP/1.1" 200 27
101.227.139.171 - - [13/Dec/2020:10:08:58 +0800] "GET /xingrg/check_reg.html?_=1607825119092 HTTP/1.1" 302 -
172.17.0.120 - - [13/Dec/2020:10:09:00 +0800] "GET /xingrg/all/function/internal_message.html?_=1607825872606&CODE_STATE=getMsg HTTP/1.1" 200 27
117.185.32.26 - - [13/Dec/2020:10:09:00 +0800] "GET /xingrg/kc/buy/cgsh_order_operate.html?command=get_materiel&rest_code=00106&code=00101003006&supplier_code=00100092&order_time=2020-12-13 HTTP/1.1" 200 412
114.88.163.87 - - [13/Dec/2020:10:09:00 +0800] "GET /xingrg/all/function/internal_message.html?_=1607825469361&CODE_STATE=getMsg HTTP/1.1" 200 27
114.88.159.147 - - [13/Dec/2020:10:09:01 +0800] "GET /xingrg/check_reg.html?_=1607824912499 HTTP/1.1" 200 22
114.88.159.147 - - [13/Dec/2020:10:09:01 +0800] "GET /xingrg/all/function/internal_message.html?_=1607824912501&CODE_STATE=getMsg HTTP/1.1" 200 27
101.227.139.171 - - [13/Dec/2020:10:09:02 +0800] "GET /xingrg/login.html HTTP/1.1" 200 7641
116.228.172.94 - - [13/Dec/2020:10:09:04 +0800] "GET /xingrg/kc/buy/cgsh_order_add.html HTTP/1.1" 200 61030
116.228.172.94 - - [13/Dec/2020:10:09:06 +0800] "POST /xingrg/kc/buy/cgsh_order_operate.html HTTP/1.1" 200 8245
116.228.172.94 - - [13/Dec/2020:10:09:06 +0800] "GET /xingrg/javascript/easyui/themes/default/validatebox.css HTTP/1.1" 404 1104
116.228.172.94 - - [13/Dec/2020:10:09:09 +0800] "GET /xingrg/javascript/easyui/themes/default/tree.css HTTP/1.1" 404 1090
116.228.172.94 - - [13/Dec/2020:10:09:09 +0800] "POST /xingrg/all/common/load_tree.html?tree=supplier_tree_json&isDelete=1 HTTP/1.1" 200 52361
180.174.56.115 - - [13/Dec/2020:10:09:12 +0800] "GET /xingrg/check_reg.html?_=1607825351047 HTTP/1.1" 200 22
180.174.56.115 - - [13/Dec/2020:10:09:12 +0800] "GET /xingrg/all/function/internal_message.html?_=1607825351050&CODE_STATE=getMsg HTTP/1.1" 200 27
172.17.200.101 - - [13/Dec/2020:10:09:18 +0800] "GET /xingrg/all/function/internal_message.html?_=1607825359574&CODE_STATE=getMsg HTTP/1.1" 200 27
117.185.32.26 - - [13/Dec/2020:10:09:18 +0800] "POST /xingrg/kc/buy/cgsh_order_operate.html HTTP/1.1" 200 37
117.185.32.26 - - [13/Dec/2020:10:09:20 +0800] "POST /xingrg/kc/buy/cgsh_order_operate.html HTTP/1.1" 200 12
222.69.138.156 - - [13/Dec/2020:10:09:21 +0800] "GET /xingrg/all/function/internal_message.html?_=1607825357153&CODE_STATE=getMsg HTTP/1.1" 200 27
117.185.32.26 - - [13/Dec/2020:10:09:21 +0800] "GET /xingrg/kc/buy/cgsh_order_info.html?code=212020121305005 HTTP/1.1" 200 55847
114.88.159.147 - - [13/Dec/2020:10:09:21 +0800] "GET /xingrg/all/function/internal_message.html?_=1607825359090&CODE_STATE=getMsg HTTP/1.1" 200 27
117.185.32.26 - - [13/Dec/2020:10:09:21 +0800] "GET /xingrg/javascript/easyui/themes/default/validatebox.css HTTP/1.1" 404 1104
117.184.7.26 - - [13/Dec/2020:10:09:22 +0800] "GET /xingrg/all/function/internal_message.html?_=1607825357951&CODE_STATE=getMsg HTTP/1.1" 200 27
117.185.32.26 - - [13/Dec/2020:10:09:22 +0800] "POST /xingrg/kc/buy/cgsh_order_operate.html HTTP/1.1" 200 611
114.84.32.187 - - [13/Dec/2020:10:09:23 +0800] "GET /xingrg/check_reg.html?_=1607825388175 HTTP/1.1" 200 22
117.185.32.26 - - [13/Dec/2020:10:09:24 +0800] "GET /xingrg/kc/print/load_data.html?order_code=212020121305005&kc_code=cgsh&condition= HTTP/1.1" 200 761
180.174.56.115 - - [13/Dec/2020:10:09:27 +0800] "GET /xingrg/check_reg.html?_=1607825327642 HTTP/1.1" 200 22
116.228.172.94 - - [13/Dec/2020:10:09:28 +0800] "GET /xingrg/kc/buy/cgsh_order_operate.html?command=get_materiel&rest_code=00107&code=00101011010&supplier_code=00100049&order_time=2020-12-13 HTTP/1.1" 200 418
114.88.163.87 - - [13/Dec/2020:10:09:28 +0800] "GET /xingrg/all/function/internal_message.html?_=1607825362453&CODE_STATE=getMsg HTTP/1.1" 200 27
117.185.32.26 - - [13/Dec/2020:10:09:28 +0800] "GET /xingrg/all/function/internal_message.html?_=1607825823219&CODE_STATE=getMsg HTTP/1.1" 200 27
114.84.32.187 - - [13/Dec/2020:10:09:29 +0800] "GET /xingrg/all/function/internal_message.html?_=1607825402553&CODE_STATE=getMsg HTTP/1.1" 302 -
120.253.135.82 - - [13/Dec/2020:10:09:29 +0800] "GET /xingrg/all/function/internal_message.html?_=1607825118698&CODE_STATE=getMsg HTTP/1.1" 200 27
117.185.32.26 - - [13/Dec/2020:10:09:34 +0800] "GET /xingrg/kc/buy/cgsh_order_add.html HTTP/1.1" 200 60942
117.185.32.26 - - [13/Dec/2020:10:09:34 +0800] "POST /xingrg/kc/buy/cgsh_order_operate.html HTTP/1.1" 200 8245
117.185.32.26 - - [13/Dec/2020:10:09:34 +0800] "GET /xingrg/javascript/easyui/themes/default/validatebox.css HTTP/1.1" 404 1104
116.228.172.94 - - [13/Dec/2020:10:09:35 +0800] "GET /xingrg/all/function/internal_message.html?_=1607825371132&CODE_STATE=getMsg HTTP/1.1" 200 27
101.85.93.83 - - [13/Dec/2020:10:09:36 +0800] "GET /xingrg/all/function/internal_message.html?_=1607825078600&CODE_STATE=getMsg HTTP/1.1" 200 27
117.185.32.26 - - [13/Dec/2020:10:09:37 +0800] "GET /xingrg/javascript/easyui/themes/default/tree.css HTTP/1.1" 404 1090
117.185.32.26 - - [13/Dec/2020:10:09:37 +0800] "POST /xingrg/all/common/load_tree.html?tree=supplier_tree_json&isDelete=1 HTTP/1.1" 200 52361
172.17.0.100 - - [13/Dec/2020:10:09:38 +0800] "GET /xingrg/all/function/internal_message.html?_=1607825375117&CODE_STATE=getMsg HTTP/1.1" 200 27
180.152.104.37 - - [13/Dec/2020:10:09:42 +0800] "GET /xingrg/all/function/internal_message.html?_=1607825610109&CODE_STATE=getMsg HTTP/1.1" 200 27
114.84.32.187 - - [13/Dec/2020:10:09:47 +0800] "GET /xingrg/all/function/internal_message.html?_=1607825383892&CODE_STATE=getMsg HTTP/1.1" 200 27
117.131.5.26 - - [13/Dec/2020:10:09:49 +0800] "GET /favicon.ico HTTP/1.1" 404 -
114.84.32.187 - - [13/Dec/2020:10:09:51 +0800] "GET /xingrg/all/function/internal_message.html?_=1607825416296&CODE_STATE=getMsg HTTP/1.1" 200 27
116.228.172.94 - - [13/Dec/2020:10:09:52 +0800] "GET /xingrg/kc/buy/cgsh_order_operate.html?command=get_materiel&rest_code=00107&code=00101011003&supplier_code=00100049&order_time=2020-12-13 HTTP/1.1" 200 413
180.162.223.42 - - [13/Dec/2020:10:09:52 +0800] "GET /xingrg/all/function/internal_message.html?_=1607825388264&CODE_STATE=getMsg HTTP/1.1" 200 27
180.162.223.42 - - [13/Dec/2020:10:09:52 +0800] "GET /xingrg/check_reg.html?_=1607825388269 HTTP/1.1" 200 22
180.174.56.115 - - [13/Dec/2020:10:09:56 +0800] "GET /xingrg/all/function/internal_message.html?_=1607825356284&CODE_STATE=getMsg HTTP/1.1" 200 27
117.185.32.26 - - [13/Dec/2020:10:09:57 +0800] "GET /xingrg/kc/buy/cgsh_order_operate.html?command=get_materiel&rest_code=00106&code=00101004011&supplier_code=00100088&order_time=2020-12-13 HTTP/1.1" 200 433
172.17.0.120 - - [13/Dec/2020:10:10:00 +0800] "GET /xingrg/all/function/internal_message.html?_=1607825932594&CODE_STATE=getMsg HTTP/1.1" 200 27
114.88.163.87 - - [13/Dec/2020:10:10:00 +0800] "GET /xingrg/check_reg.html?_=1607825529364 HTTP/1.1" 200 22
114.88.163.87 - - [13/Dec/2020:10:10:00 +0800] "GET /xingrg/all/function/internal_message.html?_=1607825529363&CODE_STATE=getMsg HTTP/1.1" 200 27
114.88.159.147 - - [13/Dec/2020:10:10:01 +0800] "GET /xingrg/all/function/internal_message.html?_=1607824972499&CODE_STATE=getMsg HTTP/1.1" 200 27
116.228.172.94 - - [13/Dec/2020:10:10:07 +0800] "GET /xingrg/kc/buy/cgsh_order_operate.html?command=get_materiel&rest_code=00107&code=00101011005&supplier_code=00100049&order_time=2020-12-13 HTTP/1.1" 200 428
61.151.178.236 - - [13/Dec/2020:10:10:07 +0800] "GET /xingrg/all/function/internal_message.html?_=1607825179091&CODE_STATE=getMsg HTTP/1.1" 302 -
180.174.56.115 - - [13/Dec/2020:10:10:12 +0800] "GET /xingrg/all/function/internal_message.html?_=1607825411036&CODE_STATE=getMsg HTTP/1.1" 200 27
117.185.32.26 - - [13/Dec/2020:10:10:14 +0800] "GET /xingrg/kc/buy/cgsh_order_operate.html?command=get_materiel&rest_code=00106&code=00101002035&supplier_code=00100088&order_time=2020-12-13 HTTP/1.1" 200 416
61.151.178.236 - - [13/Dec/2020:10:10:17 +0800] "GET /xingrg/login.html HTTP/1.1" 200 7641
172.17.200.101 - - [13/Dec/2020:10:10:18 +0800] "GET /xingrg/check_reg.html?_=1607825419575 HTTP/1.1" 200 22
172.17.200.101 - - [13/Dec/2020:10:10:18 +0800] "GET /xingrg/all/function/internal_message.html?_=1607825419573&CODE_STATE=getMsg HTTP/1.1" 200 27
222.69.138.156 - - [13/Dec/2020:10:10:21 +0800] "GET /xingrg/all/function/internal_message.html?_=1607825417141&CODE_STATE=getMsg HTTP/1.1" 200 27
114.88.159.147 - - [13/Dec/2020:10:10:21 +0800] "GET /xingrg/all/function/internal_message.html?_=1607825419105&CODE_STATE=getMsg HTTP/1.1" 200 27
114.88.159.147 - - [13/Dec/2020:10:10:21 +0800] "GET /xingrg/check_reg.html?_=1607825419109 HTTP/1.1" 200 22
117.184.7.26 - - [13/Dec/2020:10:10:22 +0800] "GET /xingrg/all/function/internal_message.html?_=1607825417949&CODE_STATE=getMsg HTTP/1.1" 200 27
116.228.172.94 - - [13/Dec/2020:10:10:28 +0800] "POST /xingrg/kc/buy/cgsh_order_operate.html HTTP/1.1" 200 37
114.88.163.87 - - [13/Dec/2020:10:10:28 +0800] "GET /xingrg/all/function/internal_message.html?_=1607825422488&CODE_STATE=getMsg HTTP/1.1" 200 27
117.185.32.26 - - [13/Dec/2020:10:10:28 +0800] "GET /xingrg/all/function/internal_message.html?_=1607825883191&CODE_STATE=getMsg HTTP/1.1" 200 27
116.228.172.94 - - [13/Dec/2020:10:10:29 +0800] "POST /xingrg/kc/buy/cgsh_order_operate.html HTTP/1.1" 200 3850
114.84.32.187 - - [13/Dec/2020:10:10:29 +0800] "GET /xingrg/all/function/internal_message.html?_=1607825462573&CODE_STATE=getMsg HTTP/1.1" 302 -
120.253.135.82 - - [13/Dec/2020:10:10:29 +0800] "GET /xingrg/all/function/internal_message.html?_=1607825178705&CODE_STATE=getMsg HTTP/1.1" 200 27
116.228.172.94 - - [13/Dec/2020:10:10:35 +0800] "GET /xingrg/all/function/internal_message.html?_=1607825431118&CODE_STATE=getMsg HTTP/1.1" 200 27
101.85.93.83 - - [13/Dec/2020:10:10:36 +0800] "GET /xingrg/all/function/internal_message.html?_=1607825138598&CODE_STATE=getMsg HTTP/1.1" 200 27
180.157.253.48 - - [13/Dec/2020:10:10:36 +0800] "POST /xingrg/kc/buy/cgsh_order_operate.html HTTP/1.1" 200 2656
172.17.0.100 - - [13/Dec/2020:10:10:38 +0800] "GET /xingrg/all/function/internal_message.html?_=1607825435116&CODE_STATE=getMsg HTTP/1.1" 200 27
180.157.253.48 - - [13/Dec/2020:10:10:38 +0800] "GET /xingrg/all/function/internal_message.html?_=1607825434497&CODE_STATE=getMsg HTTP/1.1" 200 27
180.157.253.48 - - [13/Dec/2020:10:10:38 +0800] "GET /xingrg/javascript/easyui/themes/default/images/button_plain_hover.png HTTP/1.1" 304 -
180.157.253.48 - - [13/Dec/2020:10:10:39 +0800] "GET /xingrg/check_reg.html?_=1607825435604 HTTP/1.1" 200 22
180.152.104.37 - - [13/Dec/2020:10:10:42 +0800] "GET /xingrg/check_reg.html?_=1607825669995 HTTP/1.1" 200 22
180.152.104.37 - - [13/Dec/2020:10:10:42 +0800] "GET /xingrg/all/function/internal_message.html?_=1607825670121&CODE_STATE=getMsg HTTP/1.1" 200 27
114.84.32.187 - - [13/Dec/2020:10:10:47 +0800] "GET /xingrg/check_reg.html?_=1607825443916 HTTP/1.1" 200 22
114.84.32.187 - - [13/Dec/2020:10:10:47 +0800] "GET /xingrg/all/function/internal_message.html?_=1607825443896&CODE_STATE=getMsg HTTP/1.1" 200 27
114.84.32.187 - - [13/Dec/2020:10:10:51 +0800] "GET /xingrg/all/function/internal_message.html?_=1607825476309&CODE_STATE=getMsg HTTP/1.1" 200 27
180.162.223.42 - - [13/Dec/2020:10:10:52 +0800] "GET /xingrg/all/function/internal_message.html?_=1607825448255&CODE_STATE=getMsg HTTP/1.1" 200 27
116.228.172.94 - - [13/Dec/2020:10:10:52 +0800] "POST /xingrg/kc/buy/cgsh_order_operate.html HTTP/1.1" 200 37
180.174.56.115 - - [13/Dec/2020:10:10:56 +0800] "GET /xingrg/all/function/internal_message.html?_=1607825416298&CODE_STATE=getMsg HTTP/1.1" 200 27
117.185.32.26 - - [13/Dec/2020:10:10:59 +0800] "POST /xingrg/kc/buy/cgsh_order_operate.html HTTP/1.1" 200 37
172.17.0.120 - - [13/Dec/2020:10:11:00 +0800] "GET /xingrg/all/function/internal_message.html?_=1607825992599&CODE_STATE=getMsg HTTP/1.1" 200 27
114.88.163.87 - - [13/Dec/2020:10:11:00 +0800] "GET /xingrg/all/function/internal_message.html?_=1607825589362&CODE_STATE=getMsg HTTP/1.1" 200 27
117.185.32.26 - - [13/Dec/2020:10:11:01 +0800] "POST /xingrg/kc/buy/cgsh_order_operate.html HTTP/1.1" 200 12
114.88.159.147 - - [13/Dec/2020:10:11:01 +0800] "GET /xingrg/all/function/internal_message.html?_=1607825032499&CODE_STATE=getMsg HTTP/1.1" 200 27
117.185.32.26 - - [13/Dec/2020:10:11:02 +0800] "GET /xingrg/kc/buy/cgsh_order_info.html?code=212020121305007 HTTP/1.1" 200 55847
117.185.32.26 - - [13/Dec/2020:10:11:02 +0800] "GET /xingrg/javascript/easyui/themes/default/validatebox.css HTTP/1.1" 404 1104
116.228.172.94 - - [13/Dec/2020:10:11:02 +0800] "POST /xingrg/kc/buy/cgsh_order_operate.html HTTP/1.1" 200 3850
117.185.32.26 - - [13/Dec/2020:10:11:02 +0800] "POST /xingrg/kc/buy/cgsh_order_operate.html HTTP/1.1" 200 1210
116.228.172.94 - - [13/Dec/2020:10:11:04 +0800] "GET /xingrg/kc/print/load_data.html?order_code=212020121305006&kc_code=cgsh&condition= HTTP/1.1" 200 1173
117.185.32.26 - - [13/Dec/2020:10:11:05 +0800] "GET /xingrg/kc/print/load_data.html?order_code=212020121305007&kc_code=cgsh&condition= HTTP/1.1" 200 1008
114.88.163.87 - - [13/Dec/2020:10:11:10 +0800] "GET /xingrg/check_reg.html?_=1607825464213 HTTP/1.1" 200 22
180.174.56.115 - - [13/Dec/2020:10:11:12 +0800] "GET /xingrg/all/function/internal_message.html?_=1607825471045&CODE_STATE=getMsg HTTP/1.1" 200 27
117.185.32.26 - - [13/Dec/2020:10:11:15 +0800] "GET /xingrg/kc/buy/cgsh_order_add.html HTTP/1.1" 200 60942
117.185.32.26 - - [13/Dec/2020:10:11:16 +0800] "POST /xingrg/kc/buy/cgsh_order_operate.html HTTP/1.1" 200 8245
117.185.32.26 - - [13/Dec/2020:10:11:16 +0800] "GET /xingrg/javascript/easyui/themes/default/validatebox.css HTTP/1.1" 404 1104
172.17.200.101 - - [13/Dec/2020:10:11:18 +0800] "GET /xingrg/all/function/internal_message.html?_=1607825479574&CODE_STATE=getMsg HTTP/1.1" 200 27
117.185.32.26 - - [13/Dec/2020:10:11:18 +0800] "GET /xingrg/javascript/easyui/themes/default/tree.css HTTP/1.1" 404 1090
117.185.32.26 - - [13/Dec/2020:10:11:18 +0800] "POST /xingrg/all/common/load_tree.html?tree=supplier_tree_json&isDelete=1 HTTP/1.1" 200 52361
116.228.172.94 - - [13/Dec/2020:10:11:19 +0800] "GET /xingrg/kc/buy/cgsh_order_add.html HTTP/1.1" 200 61030
116.228.172.94 - - [13/Dec/2020:10:11:20 +0800] "GET /xingrg/javascript/easyui/themes/default/validatebox.css HTTP/1.1" 404 1104
116.228.172.94 - - [13/Dec/2020:10:11:20 +0800] "POST /xingrg/kc/buy/cgsh_order_operate.html HTTP/1.1" 200 8245
222.69.138.156 - - [13/Dec/2020:10:11:21 +0800] "GET /xingrg/all/function/internal_message.html?_=1607825477126&CODE_STATE=getMsg HTTP/1.1" 200 27
114.88.159.147 - - [13/Dec/2020:10:11:21 +0800] "GET /xingrg/all/function/internal_message.html?_=1607825479120&CODE_STATE=getMsg HTTP/1.1" 200 27
117.184.7.26 - - [13/Dec/2020:10:11:22 +0800] "GET /xingrg/all/function/internal_message.html?_=1607825477969&CODE_STATE=getMsg HTTP/1.1" 200 27
117.184.7.26 - - [13/Dec/2020:10:11:22 +0800] "GET /xingrg/check_reg.html?_=1607825477977 HTTP/1.1" 200 22
114.88.163.87 - - [13/Dec/2020:10:11:28 +0800] "GET /xingrg/all/function/internal_message.html?_=1607825482497&CODE_STATE=getMsg HTTP/1.1" 200 27
117.185.32.26 - - [13/Dec/2020:10:11:28 +0800] "GET /xingrg/all/function/internal_message.html?_=1607825943174&CODE_STATE=getMsg HTTP/1.1" 200 27
120.253.135.82 - - [13/Dec/2020:10:11:29 +0800] "GET /xingrg/check_reg.html?_=1607825238447 HTTP/1.1" 200 22
114.84.32.187 - - [13/Dec/2020:10:11:29 +0800] "GET /xingrg/all/function/internal_message.html?_=1607825522579&CODE_STATE=getMsg HTTP/1.1" 302 -
120.253.135.82 - - [13/Dec/2020:10:11:29 +0800] "GET /xingrg/all/function/internal_message.html?_=1607825238718&CODE_STATE=getMsg HTTP/1.1" 200 27
117.185.32.26 - - [13/Dec/2020:10:11:33 +0800] "GET /xingrg/kc/buy/cgsh_order_operate.html?command=get_materiel&rest_code=00106&code=00101003025&supplier_code=00100093&order_time=2020-12-13 HTTP/1.1" 200 409
116.228.172.94 - - [13/Dec/2020:10:11:33 +0800] "GET /xingrg/check_reg.html?_=1607825490042 HTTP/1.1" 200 22
116.228.172.94 - - [13/Dec/2020:10:11:35 +0800] "GET /xingrg/all/function/internal_message.html?_=1607825491097&CODE_STATE=getMsg HTTP/1.1" 200 27
116.228.172.94 - - [13/Dec/2020:10:11:36 +0800] "GET /xingrg/javascript/easyui/themes/default/tree.css HTTP/1.1" 404 1090
116.228.172.94 - - [13/Dec/2020:10:11:36 +0800] "POST /xingrg/all/common/load_tree.html?tree=supplier_tree_json&isDelete=1 HTTP/1.1" 200 52361
101.85.93.83 - - [13/Dec/2020:10:11:36 +0800] "GET /xingrg/all/function/internal_message.html?_=1607825198596&CODE_STATE=getMsg HTTP/1.1" 200 27
172.17.0.100 - - [13/Dec/2020:10:11:38 +0800] "GET /xingrg/all/function/internal_message.html?_=1607825495116&CODE_STATE=getMsg HTTP/1.1" 200 27
172.17.0.100 - - [13/Dec/2020:10:11:38 +0800] "GET /xingrg/check_reg.html?_=1607825495118 HTTP/1.1" 200 22
180.157.253.48 - - [13/Dec/2020:10:11:38 +0800] "GET /xingrg/all/function/internal_message.html?_=1607825494510&CODE_STATE=getMsg HTTP/1.1" 200 27
180.152.104.37 - - [13/Dec/2020:10:11:42 +0800] "GET /xingrg/all/function/internal_message.html?_=1607825730136&CODE_STATE=getMsg HTTP/1.1" 200 27
117.185.32.26 - - [13/Dec/2020:10:11:47 +0800] "POST /xingrg/kc/buy/cgsh_order_operate.html HTTP/1.1" 200 37
114.84.32.187 - - [13/Dec/2020:10:11:47 +0800] "GET /xingrg/all/function/internal_message.html?_=1607825503898&CODE_STATE=getMsg HTTP/1.1" 200 27
117.185.32.26 - - [13/Dec/2020:10:11:49 +0800] "POST /xingrg/kc/buy/cgsh_order_operate.html HTTP/1.1" 200 12
117.185.32.26 - - [13/Dec/2020:10:11:50 +0800] "GET /xingrg/kc/buy/cgsh_order_info.html?code=212020121305008 HTTP/1.1" 200 55847
117.185.32.26 - - [13/Dec/2020:10:11:50 +0800] "GET /xingrg/javascript/easyui/themes/default/validatebox.css HTTP/1.1" 404 1104
117.185.32.26 - - [13/Dec/2020:10:11:51 +0800] "POST /xingrg/kc/buy/cgsh_order_operate.html HTTP/1.1" 200 602
114.84.32.187 - - [13/Dec/2020:10:11:51 +0800] "GET /xingrg/all/function/internal_message.html?_=1607825536645&CODE_STATE=getMsg HTTP/1.1" 200 27
180.162.223.42 - - [13/Dec/2020:10:11:52 +0800] "GET /xingrg/all/function/internal_message.html?_=1607825508256&CODE_STATE=getMsg HTTP/1.1" 200 27
117.185.32.26 - - [13/Dec/2020:10:11:53 +0800] "GET /xingrg/kc/print/load_data.html?order_code=212020121305008&kc_code=cgsh&condition= HTTP/1.1" 200 734
116.228.172.94 - - [13/Dec/2020:10:11:55 +0800] "GET /xingrg/kc/buy/cgsh_order_operate.html?command=get_materiel&rest_code=00107&code=00101018007&supplier_code=00100330&order_time=2020-12-13 HTTP/1.1" 200 409
180.174.56.115 - - [13/Dec/2020:10:11:56 +0800] "GET /xingrg/all/function/internal_message.html?_=1607825476338&CODE_STATE=getMsg HTTP/1.1" 200 27
172.17.0.120 - - [13/Dec/2020:10:12:00 +0800] "GET /xingrg/all/function/internal_message.html?_=1607826052603&CODE_STATE=getMsg HTTP/1.1" 200 27
172.17.0.120 - - [13/Dec/2020:10:12:00 +0800] "GET /xingrg/check_reg.html?_=1607826052608 HTTP/1.1" 200 22
114.88.163.87 - - [13/Dec/2020:10:12:00 +0800] "GET /xingrg/all/function/internal_message.html?_=1607825649361&CODE_STATE=getMsg HTTP/1.1" 200 27
114.88.159.147 - - [13/Dec/2020:10:12:01 +0800] "GET /xingrg/all/function/internal_message.html?_=1607825092498&CODE_STATE=getMsg HTTP/1.1" 200 27
116.228.172.94 - - [13/Dec/2020:10:12:03 +0800] "POST /xingrg/kc/buy/cgsh_order_operate.html HTTP/1.1" 200 37
117.185.32.26 - - [13/Dec/2020:10:12:03 +0800] "GET /xingrg/kc/buy/cgsh_order_add.html HTTP/1.1" 200 60942
117.185.32.26 - - [13/Dec/2020:10:12:03 +0800] "POST /xingrg/kc/buy/cgsh_order_operate.html HTTP/1.1" 200 8245
117.185.32.26 - - [13/Dec/2020:10:12:03 +0800] "GET /xingrg/javascript/easyui/themes/default/validatebox.css HTTP/1.1" 404 1104
117.185.32.26 - - [13/Dec/2020:10:12:05 +0800] "GET /xingrg/javascript/easyui/themes/default/tree.css HTTP/1.1" 404 1090
117.185.32.26 - - [13/Dec/2020:10:12:06 +0800] "POST /xingrg/all/common/load_tree.html?tree=supplier_tree_json&isDelete=1 HTTP/1.1" 200 52361
116.228.172.94 - - [13/Dec/2020:10:12:06 +0800] "POST /xingrg/kc/buy/cgsh_order_operate.html HTTP/1.1" 200 2653
116.228.172.94 - - [13/Dec/2020:10:12:08 +0800] "GET /xingrg/kc/print/load_data.html?order_code=212020121305009&kc_code=cgsh&condition= HTTP/1.1" 200 675
114.88.163.87 - - [13/Dec/2020:10:12:10 +0800] "GET /xingrg/kc/buy/cgsh_order_list.html HTTP/1.1" 200 45205
114.88.163.87 - - [13/Dec/2020:10:12:12 +0800] "POST /xingrg/kc/buy/cgsh_list_operate.html HTTP/1.1" 200 2771
180.174.56.115 - - [13/Dec/2020:10:12:12 +0800] "GET /xingrg/all/function/internal_message.html?_=1607825531048&CODE_STATE=getMsg HTTP/1.1" 200 27
172.17.200.101 - - [13/Dec/2020:10:12:18 +0800] "GET /xingrg/all/function/internal_message.html?_=1607825539573&CODE_STATE=getMsg HTTP/1.1" 200 27
117.185.32.26 - - [13/Dec/2020:10:12:20 +0800] "GET /xingrg/kc/buy/cgsh_order_operate.html?command=get_materiel&rest_code=00106&code=00101001115&supplier_code=00100089&order_time=2020-12-13 HTTP/1.1" 200 414
222.69.138.156 - - [13/Dec/2020:10:12:21 +0800] "GET /xingrg/all/function/internal_message.html?_=1607825537111&CODE_STATE=getMsg HTTP/1.1" 200 27
114.88.159.147 - - [13/Dec/2020:10:12:21 +0800] "GET /xingrg/all/function/internal_message.html?_=1607825539119&CODE_STATE=getMsg HTTP/1.1" 200 27
117.184.7.26 - - [13/Dec/2020:10:12:22 +0800] "GET /xingrg/all/function/internal_message.html?_=1607825537976&CODE_STATE=getMsg HTTP/1.1" 200 27
117.185.32.26 - - [13/Dec/2020:10:12:28 +0800] "GET /xingrg/check_reg.html?_=1607826002970 HTTP/1.1" 200 22
114.88.163.87 - - [13/Dec/2020:10:12:28 +0800] "GET /xingrg/all/function/internal_message.html?_=1607825542510&CODE_STATE=getMsg HTTP/1.1" 200 27
117.185.32.26 - - [13/Dec/2020:10:12:28 +0800] "GET /xingrg/all/function/internal_message.html?_=1607826003159&CODE_STATE=getMsg HTTP/1.1" 200 27
114.84.32.187 - - [13/Dec/2020:10:12:29 +0800] "GET /xingrg/all/function/internal_message.html?_=1607825582600&CODE_STATE=getMsg HTTP/1.1" 302 -
120.253.135.82 - - [13/Dec/2020:10:12:30 +0800] "GET /xingrg/all/function/internal_message.html?_=1607825298732&CODE_STATE=getMsg HTTP/1.1" 200 27
116.228.172.94 - - [13/Dec/2020:10:12:35 +0800] "GET /xingrg/all/function/internal_message.html?_=1607825551105&CODE_STATE=getMsg HTTP/1.1" 200 27
101.85.93.83 - - [13/Dec/2020:10:12:36 +0800] "GET /xingrg/all/function/internal_message.html?_=1607825258595&CODE_STATE=getMsg HTTP/1.1" 200 27
172.17.0.100 - - [13/Dec/2020:10:12:38 +0800] "GET /xingrg/all/function/internal_message.html?_=1607825555117&CODE_STATE=getMsg HTTP/1.1" 200 27
180.157.253.48 - - [13/Dec/2020:10:12:38 +0800] "GET /xingrg/all/function/internal_message.html?_=1607825554524&CODE_STATE=getMsg HTTP/1.1" 200 27
117.185.32.26 - - [13/Dec/2020:10:12:41 +0800] "POST /xingrg/kc/buy/cgsh_order_operate.html HTTP/1.1" 200 37
180.152.104.37 - - [13/Dec/2020:10:12:42 +0800] "GET /xingrg/all/function/internal_message.html?_=1607825790148&CODE_STATE=getMsg HTTP/1.1" 200 27
117.185.32.26 - - [13/Dec/2020:10:12:43 +0800] "POST /xingrg/kc/buy/cgsh_order_operate.html HTTP/1.1" 200 12
117.185.32.26 - - [13/Dec/2020:10:12:45 +0800] "GET /xingrg/kc/buy/cgsh_order_info.html?code=212020121305010 HTTP/1.1" 200 55847
117.185.32.26 - - [13/Dec/2020:10:12:45 +0800] "GET /xingrg/javascript/easyui/themes/default/validatebox.css HTTP/1.1" 404 1104
