101.91.60.108 - - [13/Dec/2020:07:50:46 +0800] "GET /xingrg/login.html HTTP/1.1" 200 7641
114.84.32.187 - - [13/Dec/2020:07:50:47 +0800] "GET /xingrg/all/function/internal_message.html?_=1607817043728&CODE_STATE=getMsg HTTP/1.1" 200 27
114.84.32.187 - - [13/Dec/2020:07:50:47 +0800] "GET /xingrg/check_reg.html?_=1607817043730 HTTP/1.1" 200 22
180.174.56.115 - - [13/Dec/2020:07:50:53 +0800] "GET /xingrg/all/function/internal_message.html?_=1607817013413&CODE_STATE=getMsg HTTP/1.1" 200 27
120.253.135.82 - - [13/Dec/2020:07:50:58 +0800] "GET /xingrg/kc/pszx/mdqp_order_list.html?state=10 HTTP/1.1" 200 10175
120.253.135.82 - - [13/Dec/2020:07:50:58 +0800] "POST /xingrg/kc/pszx/mdps_list_operate.html HTTP/1.1" 200 3187
120.253.135.82 - - [13/Dec/2020:07:50:58 +0800] "GET /xingrg/dwr/interface/AjaxReportQueryService.js HTTP/1.1" 200 13203
120.253.135.82 - - [13/Dec/2020:07:50:58 +0800] "GET /xingrg/dwr/interface/AjaxQqpsService.js HTTP/1.1" 200 16326
120.253.135.82 - - [13/Dec/2020:07:50:58 +0800] "GET /xingrg/dwr/engine.js HTTP/1.1" 200 43631
114.88.159.147 - - [13/Dec/2020:07:51:01 +0800] "GET /xingrg/all/function/internal_message.html?_=1607816632066&CODE_STATE=getMsg HTTP/1.1" 200 27
120.253.135.82 - - [13/Dec/2020:07:51:01 +0800] "GET /xingrg/kc/buy/cgsh_order_list.html HTTP/1.1" 200 45205
120.253.135.82 - - [13/Dec/2020:07:51:02 +0800] "POST /xingrg/kc/buy/cgsh_list_operate.html HTTP/1.1" 200 876
120.253.135.82 - - [13/Dec/2020:07:51:03 +0800] "GET /xingrg/kc/buy/cgsh_order_add.html HTTP/1.1" 200 59959
120.253.135.82 - - [13/Dec/2020:07:51:04 +0800] "POST /xingrg/kc/buy/cgsh_order_operate.html HTTP/1.1" 200 8245
120.253.135.82 - - [13/Dec/2020:07:51:04 +0800] "GET /xingrg/javascript/easyui/themes/default/validatebox.css HTTP/1.1" 404 1104
114.88.163.87 - - [13/Dec/2020:07:51:10 +0800] "GET /xingrg/check_reg.html?_=1607817064057 HTTP/1.1" 200 22
120.253.135.82 - - [13/Dec/2020:07:51:14 +0800] "POST /xingrg/all/common/load_combo.html?type=employee HTTP/1.1" 200 2101
114.88.159.147 - - [13/Dec/2020:07:51:15 +0800] "GET /xingrg/check_reg.html?_=1607817072460 HTTP/1.1" 200 22
120.253.135.82 - - [13/Dec/2020:07:51:23 +0800] "GET /xingrg/kc/buy/cgsh_order_operate.html?command=get_materiel&rest_code=00101&code=00101016121&supplier_code=00100388&order_time=2020-12-13 HTTP/1.1" 200 420
114.88.163.87 - - [13/Dec/2020:07:51:25 +0800] "GET /xingrg/all/function/internal_message.html?_=1607817079721&CODE_STATE=getMsg HTTP/1.1" 200 27
114.84.32.187 - - [13/Dec/2020:07:51:28 +0800] "GET /xingrg/all/function/internal_message.html?_=1607817120685&CODE_STATE=getMsg HTTP/1.1" 302 -
120.253.135.82 - - [13/Dec/2020:07:51:33 +0800] "GET /xingrg/all/function/internal_message.html?_=1607816841777&CODE_STATE=getMsg HTTP/1.1" 200 27
172.17.0.123 - - [13/Dec/2020:07:51:36 +0800] "GET /xingrg/all/function/internal_message.html?_=1607817014036&CODE_STATE=getMsg HTTP/1.1" 200 27
120.253.135.82 - - [13/Dec/2020:07:51:43 +0800] "POST /xingrg/kc/buy/cgsh_order_operate.html HTTP/1.1" 200 37
180.174.56.115 - - [13/Dec/2020:07:51:43 +0800] "GET /xingrg/all/function/internal_message.html?_=1607817102555&CODE_STATE=getMsg HTTP/1.1" 200 27
120.253.135.82 - - [13/Dec/2020:07:51:44 +0800] "POST /xingrg/kc/buy/cgsh_order_operate.html HTTP/1.1" 200 2668
61.129.6.151 - - [13/Dec/2020:07:51:44 +0800] "GET /xingrg/all/function/internal_message.html?_=1607817041695&CODE_STATE=getMsg HTTP/1.1" 302 -
114.88.159.147 - - [13/Dec/2020:07:51:44 +0800] "GET /xingrg/all/function/internal_message.html?_=1607817101672&CODE_STATE=getMsg HTTP/1.1" 200 27
114.84.32.187 - - [13/Dec/2020:07:51:45 +0800] "GET /xingrg/all/function/internal_message.html?_=1607817129985&CODE_STATE=getMsg HTTP/1.1" 200 27
61.129.6.151 - - [13/Dec/2020:07:51:46 +0800] "GET /xingrg/login.html HTTP/1.1" 200 7641
114.84.32.187 - - [13/Dec/2020:07:51:47 +0800] "GET /xingrg/all/function/internal_message.html?_=1607817103732&CODE_STATE=getMsg HTTP/1.1" 200 27
180.174.56.115 - - [13/Dec/2020:07:51:53 +0800] "GET /xingrg/all/function/internal_message.html?_=1607817073453&CODE_STATE=getMsg HTTP/1.1" 200 27
114.88.159.147 - - [13/Dec/2020:07:52:01 +0800] "GET /xingrg/all/function/internal_message.html?_=1607816692066&CODE_STATE=getMsg HTTP/1.1" 200 27
101.89.239.216 - - [13/Dec/2020:07:52:15 +0800] "GET /xingrg/check_reg.html?_=1607817072460 HTTP/1.1" 302 -
101.89.239.216 - - [13/Dec/2020:07:52:15 +0800] "GET /xingrg/login.html HTTP/1.1" 200 7641
114.88.163.87 - - [13/Dec/2020:07:52:25 +0800] "GET /xingrg/all/function/internal_message.html?_=1607817139734&CODE_STATE=getMsg HTTP/1.1" 200 27
114.84.32.187 - - [13/Dec/2020:07:52:28 +0800] "GET /xingrg/all/function/internal_message.html?_=1607817180690&CODE_STATE=getMsg HTTP/1.1" 302 -
120.253.135.82 - - [13/Dec/2020:07:52:28 +0800] "POST /xingrg/kc/buy/cgsh_order_operate.html HTTP/1.1" 200 37
120.253.135.82 - - [13/Dec/2020:07:52:29 +0800] "POST /xingrg/kc/buy/cgsh_order_operate.html HTTP/1.1" 200 2668
120.253.135.82 - - [13/Dec/2020:07:52:31 +0800] "GET /xingrg/kc/print/load_config.html?kc_code=cgsh HTTP/1.1" 200 1845
120.253.135.82 - - [13/Dec/2020:07:52:31 +0800] "GET /xingrg/kc/print/load_data.html?order_code=212020121304956&kc_code=cgsh&condition= HTTP/1.1" 200 683
120.253.135.82 - - [13/Dec/2020:07:52:33 +0800] "GET /xingrg/all/function/internal_message.html?_=1607816901791&CODE_STATE=getMsg HTTP/1.1" 200 27
172.17.0.123 - - [13/Dec/2020:07:52:36 +0800] "GET /xingrg/check_reg.html?_=1607817074038 HTTP/1.1" 200 22
172.17.0.123 - - [13/Dec/2020:07:52:36 +0800] "GET /xingrg/all/function/internal_message.html?_=1607817074040&CODE_STATE=getMsg HTTP/1.1" 200 27
180.174.56.115 - - [13/Dec/2020:07:52:43 +0800] "GET /xingrg/all/function/internal_message.html?_=1607817162539&CODE_STATE=getMsg HTTP/1.1" 200 27
114.88.159.147 - - [13/Dec/2020:07:52:44 +0800] "GET /xingrg/all/function/internal_message.html?_=1607817161649&CODE_STATE=getMsg HTTP/1.1" 200 27
114.84.32.187 - - [13/Dec/2020:07:52:45 +0800] "GET /xingrg/all/function/internal_message.html?_=1607817189988&CODE_STATE=getMsg HTTP/1.1" 200 27
114.84.32.187 - - [13/Dec/2020:07:52:47 +0800] "GET /xingrg/all/function/internal_message.html?_=1607817163733&CODE_STATE=getMsg HTTP/1.1" 200 27
180.174.56.115 - - [13/Dec/2020:07:52:53 +0800] "GET /xingrg/all/function/internal_message.html?_=1607817133455&CODE_STATE=getMsg HTTP/1.1" 200 27
114.88.159.147 - - [13/Dec/2020:07:53:01 +0800] "GET /xingrg/all/function/internal_message.html?_=1607816752065&CODE_STATE=getMsg HTTP/1.1" 200 27
114.84.32.187 - - [13/Dec/2020:07:53:18 +0800] "GET /xingrg/check_reg.html?_=1607817230974 HTTP/1.1" 302 -
114.88.163.87 - - [13/Dec/2020:07:53:25 +0800] "GET /xingrg/all/function/internal_message.html?_=1607817199769&CODE_STATE=getMsg HTTP/1.1" 200 27
114.84.32.187 - - [13/Dec/2020:07:53:28 +0800] "GET /xingrg/all/function/internal_message.html?_=1607817240704&CODE_STATE=getMsg HTTP/1.1" 302 -
120.253.135.82 - - [13/Dec/2020:07:53:34 +0800] "GET /xingrg/all/function/internal_message.html?_=1607816961998&CODE_STATE=getMsg HTTP/1.1" 200 27
172.17.0.123 - - [13/Dec/2020:07:53:36 +0800] "GET /xingrg/all/function/internal_message.html?_=1607817134040&CODE_STATE=getMsg HTTP/1.1" 200 27
180.174.56.115 - - [13/Dec/2020:07:53:43 +0800] "GET /xingrg/all/function/internal_message.html?_=1607817222523&CODE_STATE=getMsg HTTP/1.1" 200 27
61.151.178.164 - - [13/Dec/2020:07:53:44 +0800] "GET /xingrg/all/function/internal_message.html?_=1607817161649&CODE_STATE=getMsg HTTP/1.1" 302 -
114.88.159.147 - - [13/Dec/2020:07:53:44 +0800] "GET /xingrg/all/function/internal_message.html?_=1607817221649&CODE_STATE=getMsg HTTP/1.1" 200 27
114.84.32.187 - - [13/Dec/2020:07:53:45 +0800] "GET /xingrg/all/function/internal_message.html?_=1607817250015&CODE_STATE=getMsg HTTP/1.1" 200 27
61.151.178.164 - - [13/Dec/2020:07:53:46 +0800] "GET /xingrg/login.html HTTP/1.1" 200 7641
114.84.32.187 - - [13/Dec/2020:07:53:47 +0800] "GET /xingrg/all/function/internal_message.html?_=1607817223733&CODE_STATE=getMsg HTTP/1.1" 200 27
117.185.32.26 - - [13/Dec/2020:07:53:50 +0800] "POST /xingrg/services/DataTransmitService HTTP/1.1" 200 524
180.174.56.115 - - [13/Dec/2020:07:53:53 +0800] "GET /xingrg/all/function/internal_message.html?_=1607817193495&CODE_STATE=getMsg HTTP/1.1" 200 27
114.88.159.147 - - [13/Dec/2020:07:54:01 +0800] "GET /xingrg/check_reg.html?_=1607816812063 HTTP/1.1" 200 22
114.88.159.147 - - [13/Dec/2020:07:54:01 +0800] "GET /xingrg/all/function/internal_message.html?_=1607816812065&CODE_STATE=getMsg HTTP/1.1" 200 27
180.174.56.115 - - [13/Dec/2020:07:54:02 +0800] "GET /xingrg/check_reg.html?_=1607817241051 HTTP/1.1" 200 22
117.184.7.26 - - [13/Dec/2020:07:54:07 +0800] "POST /xingrg/services/DataTransmitService HTTP/1.1" 200 524
114.84.32.187 - - [13/Dec/2020:07:54:23 +0800] "GET /xingrg/check_reg.html?_=1607817287927 HTTP/1.1" 200 22
114.88.163.87 - - [13/Dec/2020:07:54:25 +0800] "GET /xingrg/all/function/internal_message.html?_=1607817259776&CODE_STATE=getMsg HTTP/1.1" 200 27
180.174.56.115 - - [13/Dec/2020:07:54:27 +0800] "GET /xingrg/check_reg.html?_=1607817227494 HTTP/1.1" 200 22
114.84.32.187 - - [13/Dec/2020:07:54:28 +0800] "GET /xingrg/all/function/internal_message.html?_=1607817300725&CODE_STATE=getMsg HTTP/1.1" 302 -
120.253.135.82 - - [13/Dec/2020:07:54:32 +0800] "GET /xingrg/check_reg.html?_=1607817020837 HTTP/1.1" 200 22
120.253.135.82 - - [13/Dec/2020:07:54:34 +0800] "GET /xingrg/all/function/internal_message.html?_=1607817022005&CODE_STATE=getMsg HTTP/1.1" 200 27
172.17.0.123 - - [13/Dec/2020:07:54:36 +0800] "GET /xingrg/all/function/internal_message.html?_=1607817194026&CODE_STATE=getMsg HTTP/1.1" 200 27
114.84.32.187 - - [13/Dec/2020:07:54:40 +0800] "POST /xingrg/services/DataTransmitService HTTP/1.1" 200 524
180.174.56.115 - - [13/Dec/2020:07:54:43 +0800] "GET /xingrg/all/function/internal_message.html?_=1607817282506&CODE_STATE=getMsg HTTP/1.1" 200 27
101.89.29.78 - - [13/Dec/2020:07:54:44 +0800] "GET /xingrg/all/function/internal_message.html?_=1607817221649&CODE_STATE=getMsg HTTP/1.1" 302 -
114.88.159.147 - - [13/Dec/2020:07:54:44 +0800] "GET /xingrg/all/function/internal_message.html?_=1607817281617&CODE_STATE=getMsg HTTP/1.1" 200 27
114.84.32.187 - - [13/Dec/2020:07:54:45 +0800] "GET /xingrg/all/function/internal_message.html?_=1607817310016&CODE_STATE=getMsg HTTP/1.1" 200 27
101.89.29.78 - - [13/Dec/2020:07:54:46 +0800] "GET /xingrg/login.html HTTP/1.1" 200 7641
114.84.32.187 - - [13/Dec/2020:07:54:47 +0800] "GET /xingrg/all/function/internal_message.html?_=1607817283733&CODE_STATE=getMsg HTTP/1.1" 200 27
180.174.56.115 - - [13/Dec/2020:07:54:53 +0800] "GET /xingrg/all/function/internal_message.html?_=1607817253498&CODE_STATE=getMsg HTTP/1.1" 200 27
101.93.222.235 - - [13/Dec/2020:07:54:54 +0800] "POST /xingrg/services/DataTransmitService HTTP/1.1" 200 524
114.88.159.147 - - [13/Dec/2020:07:55:01 +0800] "GET /xingrg/all/function/internal_message.html?_=1607816872092&CODE_STATE=getMsg HTTP/1.1" 200 27
114.88.163.87 - - [13/Dec/2020:07:55:25 +0800] "GET /xingrg/all/function/internal_message.html?_=1607817319811&CODE_STATE=getMsg HTTP/1.1" 200 27
114.84.32.187 - - [13/Dec/2020:07:55:28 +0800] "GET /xingrg/all/function/internal_message.html?_=1607817360731&CODE_STATE=getMsg HTTP/1.1" 302 -
120.253.135.82 - - [13/Dec/2020:07:55:35 +0800] "POST /xingrg/kc/buy/cgsh_order_operate.html HTTP/1.1" 200 37
172.17.0.123 - - [13/Dec/2020:07:55:36 +0800] "GET /xingrg/all/function/internal_message.html?_=1607817254028&CODE_STATE=getMsg HTTP/1.1" 200 27
120.253.135.82 - - [13/Dec/2020:07:55:40 +0800] "POST /xingrg/kc/buy/cgsh_order_operate.html HTTP/1.1" 200 12
120.253.135.82 - - [13/Dec/2020:07:55:42 +0800] "GET /xingrg/kc/buy/cgsh_order_info.html?code=212020121304956 HTTP/1.1" 200 54872
120.253.135.82 - - [13/Dec/2020:07:55:43 +0800] "GET /xingrg/all/function/internal_message.html?_=1607817091658&CODE_STATE=getMsg HTTP/1.1" 200 27
120.253.135.82 - - [13/Dec/2020:07:55:43 +0800] "GET /xingrg/javascript/easyui/themes/default/validatebox.css HTTP/1.1" 404 1104
180.174.56.115 - - [13/Dec/2020:07:55:43 +0800] "GET /xingrg/all/function/internal_message.html?_=1607817342479&CODE_STATE=getMsg HTTP/1.1" 200 27
120.253.135.82 - - [13/Dec/2020:07:55:44 +0800] "POST /xingrg/kc/buy/cgsh_order_operate.html HTTP/1.1" 200 618
114.88.159.147 - - [13/Dec/2020:07:55:44 +0800] "GET /xingrg/all/function/internal_message.html?_=1607817341595&CODE_STATE=getMsg HTTP/1.1" 200 27
114.84.32.187 - - [13/Dec/2020:07:55:45 +0800] "GET /xingrg/all/function/internal_message.html?_=1607817370029&CODE_STATE=getMsg HTTP/1.1" 200 27
114.84.32.187 - - [13/Dec/2020:07:55:47 +0800] "GET /xingrg/all/function/internal_message.html?_=1607817343734&CODE_STATE=getMsg HTTP/1.1" 200 27
114.84.32.187 - - [13/Dec/2020:07:55:47 +0800] "GET /xingrg/check_reg.html?_=1607817343736 HTTP/1.1" 200 22
180.174.56.115 - - [13/Dec/2020:07:55:53 +0800] "GET /xingrg/all/function/internal_message.html?_=1607817313512&CODE_STATE=getMsg HTTP/1.1" 200 27
120.253.135.82 - - [13/Dec/2020:07:55:57 +0800] "GET /xingrg/kc/buy/cgsh_order_add.html HTTP/1.1" 200 59959
120.253.135.82 - - [13/Dec/2020:07:55:57 +0800] "POST /xingrg/kc/buy/cgsh_order_operate.html HTTP/1.1" 200 8245
120.253.135.82 - - [13/Dec/2020:07:55:57 +0800] "GET /xingrg/javascript/easyui/themes/default/validatebox.css HTTP/1.1" 404 1104
114.88.159.147 - - [13/Dec/2020:07:56:01 +0800] "GET /xingrg/all/function/internal_message.html?_=1607816932091&CODE_STATE=getMsg HTTP/1.1" 200 27
120.253.135.82 - - [13/Dec/2020:07:56:06 +0800] "POST /xingrg/all/common/load_combo.html?type=employee HTTP/1.1" 200 2101
114.88.163.87 - - [13/Dec/2020:07:56:10 +0800] "GET /xingrg/check_reg.html?_=1607817364067 HTTP/1.1" 200 22
114.88.159.147 - - [13/Dec/2020:07:56:15 +0800] "GET /xingrg/check_reg.html?_=1607817372485 HTTP/1.1" 200 22
120.253.135.82 - - [13/Dec/2020:07:56:16 +0800] "GET /xingrg/kc/buy/cgsh_order_operate.html?command=get_materiel&rest_code=00101&code=00101006002&supplier_code=00100139&order_time=2020-12-13 HTTP/1.1" 200 437
114.88.163.87 - - [13/Dec/2020:07:56:25 +0800] "GET /xingrg/all/function/internal_message.html?_=1607817379819&CODE_STATE=getMsg HTTP/1.1" 200 27
114.84.32.187 - - [13/Dec/2020:07:56:28 +0800] "GET /xingrg/all/function/internal_message.html?_=1607817420753&CODE_STATE=getMsg HTTP/1.1" 302 -
172.17.0.123 - - [13/Dec/2020:07:56:36 +0800] "GET /xingrg/all/function/internal_message.html?_=1607817314030&CODE_STATE=getMsg HTTP/1.1" 200 27
120.253.135.82 - - [13/Dec/2020:07:56:36 +0800] "GET /xingrg/kc/buy/cgsh_order_operate.html?command=get_materiel&rest_code=00101&code=00101007003&supplier_code=00100139&order_time=2020-12-13 HTTP/1.1" 200 436
120.253.135.82 - - [13/Dec/2020:07:56:43 +0800] "GET /xingrg/all/function/internal_message.html?_=1607817151673&CODE_STATE=getMsg HTTP/1.1" 200 27
180.174.56.115 - - [13/Dec/2020:07:56:43 +0800] "GET /xingrg/all/function/internal_message.html?_=1607817402463&CODE_STATE=getMsg HTTP/1.1" 200 27
101.89.239.232 - - [13/Dec/2020:07:56:44 +0800] "GET /xingrg/all/function/internal_message.html?_=1607817341595&CODE_STATE=getMsg HTTP/1.1" 302 -
114.88.159.147 - - [13/Dec/2020:07:56:44 +0800] "GET /xingrg/all/function/internal_message.html?_=1607817401569&CODE_STATE=getMsg HTTP/1.1" 200 27
114.84.32.187 - - [13/Dec/2020:07:56:45 +0800] "GET /xingrg/all/function/internal_message.html?_=1607817430068&CODE_STATE=getMsg HTTP/1.1" 200 27
101.89.239.232 - - [13/Dec/2020:07:56:45 +0800] "GET /xingrg/login.html HTTP/1.1" 200 7641
114.84.32.187 - - [13/Dec/2020:07:56:47 +0800] "GET /xingrg/all/function/internal_message.html?_=1607817403734&CODE_STATE=getMsg HTTP/1.1" 200 27
120.253.135.82 - - [13/Dec/2020:07:56:50 +0800] "GET /xingrg/kc/buy/cgsh_order_operate.html?command=get_materiel&rest_code=00101&code=00101013002&supplier_code=00100139&order_time=2020-12-13 HTTP/1.1" 200 444
180.174.56.115 - - [13/Dec/2020:07:56:53 +0800] "GET /xingrg/all/function/internal_message.html?_=1607817373551&CODE_STATE=getMsg HTTP/1.1" 200 27
114.88.159.147 - - [13/Dec/2020:07:57:01 +0800] "GET /xingrg/all/function/internal_message.html?_=1607816992090&CODE_STATE=getMsg HTTP/1.1" 200 27
180.157.253.48 - - [13/Dec/2020:07:57:23 +0800] "POST /xingrg/services/DataTransmitService HTTP/1.1" 200 524
114.88.163.87 - - [13/Dec/2020:07:57:25 +0800] "GET /xingrg/all/function/internal_message.html?_=1607817439834&CODE_STATE=getMsg HTTP/1.1" 200 27
114.84.32.187 - - [13/Dec/2020:07:57:28 +0800] "GET /xingrg/all/function/internal_message.html?_=1607817480758&CODE_STATE=getMsg HTTP/1.1" 302 -
120.253.135.82 - - [13/Dec/2020:07:57:30 +0800] "POST /xingrg/kc/buy/cgsh_order_operate.html HTTP/1.1" 200 37
120.253.135.82 - - [13/Dec/2020:07:57:32 +0800] "POST /xingrg/kc/buy/cgsh_order_operate.html HTTP/1.1" 200 3883
172.17.0.123 - - [13/Dec/2020:07:57:36 +0800] "GET /xingrg/all/function/internal_message.html?_=1607817374030&CODE_STATE=getMsg HTTP/1.1" 200 27
172.17.0.123 - - [13/Dec/2020:07:57:36 +0800] "GET /xingrg/check_reg.html?_=1607817374032 HTTP/1.1" 200 22
180.174.56.115 - - [13/Dec/2020:07:57:43 +0800] "GET /xingrg/all/function/internal_message.html?_=1607817462436&CODE_STATE=getMsg HTTP/1.1" 200 27
120.253.135.82 - - [13/Dec/2020:07:57:43 +0800] "GET /xingrg/all/function/internal_message.html?_=1607817211687&CODE_STATE=getMsg HTTP/1.1" 200 27
101.91.60.108 - - [13/Dec/2020:07:57:44 +0800] "GET /xingrg/all/function/internal_message.html?_=1607817401569&CODE_STATE=getMsg HTTP/1.1" 302 -
114.88.159.147 - - [13/Dec/2020:07:57:44 +0800] "GET /xingrg/all/function/internal_message.html?_=1607817461551&CODE_STATE=getMsg HTTP/1.1" 200 27
101.91.60.108 - - [13/Dec/2020:07:57:45 +0800] "GET /xingrg/login.html HTTP/1.1" 200 7641
114.84.32.187 - - [13/Dec/2020:07:57:45 +0800] "GET /xingrg/all/function/internal_message.html?_=1607817490073&CODE_STATE=getMsg HTTP/1.1" 200 27
114.84.32.187 - - [13/Dec/2020:07:57:47 +0800] "GET /xingrg/all/function/internal_message.html?_=1607817463734&CODE_STATE=getMsg HTTP/1.1" 200 27
180.174.56.115 - - [13/Dec/2020:07:57:53 +0800] "GET /xingrg/all/function/internal_message.html?_=1607817433554&CODE_STATE=getMsg HTTP/1.1" 200 27
114.88.159.147 - - [13/Dec/2020:07:58:01 +0800] "GET /xingrg/all/function/internal_message.html?_=1607817052096&CODE_STATE=getMsg HTTP/1.1" 200 27
120.253.135.82 - - [13/Dec/2020:07:58:06 +0800] "POST /xingrg/kc/buy/cgsh_order_operate.html HTTP/1.1" 200 37
120.253.135.82 - - [13/Dec/2020:07:58:08 +0800] "POST /xingrg/kc/buy/cgsh_order_operate.html HTTP/1.1" 200 3883
120.253.135.82 - - [13/Dec/2020:07:58:11 +0800] "GET /xingrg/kc/print/load_data.html?order_code=212020121304957&kc_code=cgsh&condition= HTTP/1.1" 200 1214
114.84.32.187 - - [13/Dec/2020:07:58:18 +0800] "GET /xingrg/check_reg.html?_=1607817530977 HTTP/1.1" 302 -
114.88.163.87 - - [13/Dec/2020:07:58:25 +0800] "GET /xingrg/all/function/internal_message.html?_=1607817499867&CODE_STATE=getMsg HTTP/1.1" 200 27
114.84.32.187 - - [13/Dec/2020:07:58:28 +0800] "GET /xingrg/all/function/internal_message.html?_=1607817540772&CODE_STATE=getMsg HTTP/1.1" 302 -
172.17.0.123 - - [13/Dec/2020:07:58:36 +0800] "GET /xingrg/all/function/internal_message.html?_=1607817434034&CODE_STATE=getMsg HTTP/1.1" 200 27
180.174.56.115 - - [13/Dec/2020:07:58:43 +0800] "GET /xingrg/all/function/internal_message.html?_=1607817522424&CODE_STATE=getMsg HTTP/1.1" 200 27
120.253.135.82 - - [13/Dec/2020:07:58:43 +0800] "GET /xingrg/all/function/internal_message.html?_=1607817271903&CODE_STATE=getMsg HTTP/1.1" 200 27
114.88.159.147 - - [13/Dec/2020:07:58:44 +0800] "GET /xingrg/all/function/internal_message.html?_=1607817521523&CODE_STATE=getMsg HTTP/1.1" 200 27
114.84.32.187 - - [13/Dec/2020:07:58:45 +0800] "GET /xingrg/all/function/internal_message.html?_=1607817550119&CODE_STATE=getMsg HTTP/1.1" 200 27
114.84.32.187 - - [13/Dec/2020:07:58:47 +0800] "GET /xingrg/all/function/internal_message.html?_=1607817523736&CODE_STATE=getMsg HTTP/1.1" 200 27
180.174.56.115 - - [13/Dec/2020:07:58:53 +0800] "GET /xingrg/all/function/internal_message.html?_=1607817493595&CODE_STATE=getMsg HTTP/1.1" 200 27
114.88.159.147 - - [13/Dec/2020:07:59:01 +0800] "GET /xingrg/check_reg.html?_=1607817112080 HTTP/1.1" 200 22
114.88.159.147 - - [13/Dec/2020:07:59:01 +0800] "GET /xingrg/all/function/internal_message.html?_=1607817112082&CODE_STATE=getMsg HTTP/1.1" 200 27
180.174.56.115 - - [13/Dec/2020:07:59:02 +0800] "GET /xingrg/check_reg.html?_=1607817541052 HTTP/1.1" 200 22
114.84.32.187 - - [13/Dec/2020:07:59:23 +0800] "GET /xingrg/check_reg.html?_=1607817587932 HTTP/1.1" 200 22
114.88.163.87 - - [13/Dec/2020:07:59:25 +0800] "GET /xingrg/all/function/internal_message.html?_=1607817559877&CODE_STATE=getMsg HTTP/1.1" 200 27
180.174.56.115 - - [13/Dec/2020:07:59:27 +0800] "GET /xingrg/check_reg.html?_=1607817527501 HTTP/1.1" 200 22
114.84.32.187 - - [13/Dec/2020:07:59:28 +0800] "GET /xingrg/all/function/internal_message.html?_=1607817600792&CODE_STATE=getMsg HTTP/1.1" 302 -
120.253.135.82 - - [13/Dec/2020:07:59:32 +0800] "GET /xingrg/check_reg.html?_=1607817320842 HTTP/1.1" 200 22
124.77.237.88 - - [13/Dec/2020:07:59:33 +0800] "POST /xingrg/services/DataTransmitService HTTP/1.1" 200 524
172.17.0.123 - - [13/Dec/2020:07:59:36 +0800] "GET /xingrg/all/function/internal_message.html?_=1607817494034&CODE_STATE=getMsg HTTP/1.1" 200 27
120.253.135.82 - - [13/Dec/2020:07:59:39 +0800] "POST /xingrg/kc/buy/cgsh_order_operate.html HTTP/1.1" 200 37
120.253.135.82 - - [13/Dec/2020:07:59:41 +0800] "POST /xingrg/kc/buy/cgsh_order_operate.html HTTP/1.1" 200 12
120.253.135.82 - - [13/Dec/2020:07:59:42 +0800] "GET /xingrg/kc/buy/cgsh_order_info.html?code=212020121304957 HTTP/1.1" 200 54862
180.174.56.115 - - [13/Dec/2020:07:59:43 +0800] "GET /xingrg/all/function/internal_message.html?_=1607817582413&CODE_STATE=getMsg HTTP/1.1" 200 27
120.253.135.82 - - [13/Dec/2020:07:59:43 +0800] "GET /xingrg/javascript/easyui/themes/default/validatebox.css HTTP/1.1" 404 1104
120.253.135.82 - - [13/Dec/2020:07:59:43 +0800] "GET /xingrg/all/function/internal_message.html?_=1607817331917&CODE_STATE=getMsg HTTP/1.1" 200 27
101.89.19.197 - - [13/Dec/2020:07:59:44 +0800] "GET /xingrg/all/function/internal_message.html?_=1607817521523&CODE_STATE=getMsg HTTP/1.1" 302 -
120.253.135.82 - - [13/Dec/2020:07:59:44 +0800] "POST /xingrg/kc/buy/cgsh_order_operate.html HTTP/1.1" 200 1833
114.88.159.147 - - [13/Dec/2020:07:59:44 +0800] "GET /xingrg/all/function/internal_message.html?_=1607817581494&CODE_STATE=getMsg HTTP/1.1" 200 27
101.89.19.197 - - [13/Dec/2020:07:59:45 +0800] "GET /xingrg/login.html HTTP/1.1" 200 7641
114.84.32.187 - - [13/Dec/2020:07:59:45 +0800] "GET /xingrg/all/function/internal_message.html?_=1607817610130&CODE_STATE=getMsg HTTP/1.1" 200 27
120.253.135.82 - - [13/Dec/2020:07:59:45 +0800] "POST /xingrg/kc/buy/cgsh_list_operate.html HTTP/1.1" 200 876
114.84.32.187 - - [13/Dec/2020:07:59:47 +0800] "GET /xingrg/all/function/internal_message.html?_=1607817583737&CODE_STATE=getMsg HTTP/1.1" 200 27
120.253.135.82 - - [13/Dec/2020:07:59:52 +0800] "POST /xingrg/kc/buy/cgsh_list_operate.html HTTP/1.1" 200 876
120.253.135.82 - - [13/Dec/2020:07:59:52 +0800] "POST /xingrg/kc/buy/cgsh_list_operate.html HTTP/1.1" 200 876
180.174.56.115 - - [13/Dec/2020:07:59:53 +0800] "GET /xingrg/all/function/internal_message.html?_=1607817553598&CODE_STATE=getMsg HTTP/1.1" 200 27
120.253.135.82 - - [13/Dec/2020:07:59:55 +0800] "GET /xingrg/kc/pszx/mdqp_order_list.html?state=10 HTTP/1.1" 200 10175
120.253.135.82 - - [13/Dec/2020:07:59:55 +0800] "GET /xingrg/dwr/interface/AjaxReportQueryService.js HTTP/1.1" 200 13203
120.253.135.82 - - [13/Dec/2020:07:59:55 +0800] "GET /xingrg/dwr/engine.js HTTP/1.1" 200 43631
120.253.135.82 - - [13/Dec/2020:07:59:55 +0800] "GET /xingrg/dwr/interface/AjaxQqpsService.js HTTP/1.1" 200 16326
120.253.135.82 - - [13/Dec/2020:07:59:57 +0800] "GET /xingrg/kc/pszx/mdps_order_list.html?orderType=0 HTTP/1.1" 200 21241
120.253.135.82 - - [13/Dec/2020:07:59:57 +0800] "POST /xingrg/kc/pszx/mdps_list_operate.html HTTP/1.1" 200 5449
114.88.159.147 - - [13/Dec/2020:08:00:01 +0800] "GET /xingrg/all/function/internal_message.html?_=1607817172080&CODE_STATE=getMsg HTTP/1.1" 200 27
120.253.135.82 - - [13/Dec/2020:08:00:02 +0800] "POST /xingrg/kc/pszx/mdps_list_operate.html HTTP/1.1" 200 1692
120.253.135.82 - - [13/Dec/2020:08:00:04 +0800] "POST /xingrg/kc/pszx/mdps_list_operate.html HTTP/1.1" 200 365
120.253.135.82 - - [13/Dec/2020:08:00:05 +0800] "GET /xingrg/kc/pszx/mdps_order_info.html?code=312020121000253 HTTP/1.1" 200 23887
120.253.135.82 - - [13/Dec/2020:08:00:05 +0800] "GET /xingrg/javascript/easyui/themes/default/validatebox.css HTTP/1.1" 404 1104
120.253.135.82 - - [13/Dec/2020:08:00:05 +0800] "POST /xingrg/kc/pszx/mdps_order_operate.html HTTP/1.1" 200 3264
120.253.135.82 - - [13/Dec/2020:08:00:23 +0800] "POST /xingrg/kc/pszx/mdps_list_operate.html HTTP/1.1" 200 3187
120.253.135.82 - - [13/Dec/2020:08:00:24 +0800] "POST /xingrg/kc/pszx/mdps_list_operate.html HTTP/1.1" 200 205
120.253.135.82 - - [13/Dec/2020:08:00:25 +0800] "GET /xingrg/kc/pszx/mdps_order_info.html?code=312020121200324 HTTP/1.1" 200 23893
120.253.135.82 - - [13/Dec/2020:08:00:25 +0800] "GET /xingrg/javascript/easyui/themes/default/validatebox.css HTTP/1.1" 404 1104
120.253.135.82 - - [13/Dec/2020:08:00:25 +0800] "POST /xingrg/kc/pszx/mdps_order_operate.html HTTP/1.1" 200 2282
114.88.163.87 - - [13/Dec/2020:08:00:25 +0800] "GET /xingrg/all/function/internal_message.html?_=1607817619906&CODE_STATE=getMsg HTTP/1.1" 200 27
114.84.32.187 - - [13/Dec/2020:08:00:28 +0800] "GET /xingrg/all/function/internal_message.html?_=1607817660799&CODE_STATE=getMsg HTTP/1.1" 302 -
120.253.135.82 - - [13/Dec/2020:08:00:32 +0800] "POST /xingrg/kc/pszx/mdps_list_operate.html HTTP/1.1" 200 3187
172.17.0.123 - - [13/Dec/2020:08:00:36 +0800] "GET /xingrg/all/function/internal_message.html?_=1607817554038&CODE_STATE=getMsg HTTP/1.1" 200 27
180.174.56.115 - - [13/Dec/2020:08:00:43 +0800] "GET /xingrg/all/function/internal_message.html?_=1607817642398&CODE_STATE=getMsg HTTP/1.1" 200 27
120.253.135.82 - - [13/Dec/2020:08:00:44 +0800] "GET /xingrg/all/function/internal_message.html?_=1607817392139&CODE_STATE=getMsg HTTP/1.1" 200 27
114.88.159.147 - - [13/Dec/2020:08:00:44 +0800] "GET /xingrg/all/function/internal_message.html?_=1607817641473&CODE_STATE=getMsg HTTP/1.1" 200 27
101.89.19.197 - - [13/Dec/2020:08:00:44 +0800] "GET /xingrg/all/function/internal_message.html?_=1607817581494&CODE_STATE=getMsg HTTP/1.1" 302 -
114.84.32.187 - - [13/Dec/2020:08:00:45 +0800] "GET /xingrg/all/function/internal_message.html?_=1607817670145&CODE_STATE=getMsg HTTP/1.1" 200 27
101.89.19.197 - - [13/Dec/2020:08:00:46 +0800] "GET /xingrg/login.html HTTP/1.1" 200 7641
114.84.32.187 - - [13/Dec/2020:08:00:47 +0800] "GET /xingrg/all/function/internal_message.html?_=1607817643737&CODE_STATE=getMsg HTTP/1.1" 200 27
114.84.32.187 - - [13/Dec/2020:08:00:47 +0800] "GET /xingrg/check_reg.html?_=1607817643738 HTTP/1.1" 200 22
120.253.135.82 - - [13/Dec/2020:08:00:49 +0800] "GET /xingrg/kc/pszx/mdqp_order_list.html?state=10 HTTP/1.1" 200 10175
120.253.135.82 - - [13/Dec/2020:08:00:50 +0800] "GET /xingrg/dwr/engine.js HTTP/1.1" 200 43631
120.253.135.82 - - [13/Dec/2020:08:00:50 +0800] "GET /xingrg/dwr/interface/AjaxQqpsService.js HTTP/1.1" 200 16326
120.253.135.82 - - [13/Dec/2020:08:00:50 +0800] "GET /xingrg/dwr/interface/AjaxReportQueryService.js HTTP/1.1" 200 13203
180.174.56.115 - - [13/Dec/2020:08:00:53 +0800] "GET /xingrg/all/function/internal_message.html?_=1607817613611&CODE_STATE=getMsg HTTP/1.1" 200 27
114.88.159.147 - - [13/Dec/2020:08:01:01 +0800] "GET /xingrg/all/function/internal_message.html?_=1607817232080&CODE_STATE=getMsg HTTP/1.1" 200 27
114.88.163.87 - - [13/Dec/2020:08:01:10 +0800] "GET /xingrg/check_reg.html?_=1607817664071 HTTP/1.1" 200 22
114.88.159.147 - - [13/Dec/2020:08:01:15 +0800] "GET /xingrg/check_reg.html?_=1607817672486 HTTP/1.1" 200 22
114.88.163.87 - - [13/Dec/2020:08:01:25 +0800] "GET /xingrg/all/function/internal_message.html?_=1607817679918&CODE_STATE=getMsg HTTP/1.1" 200 27
114.84.32.187 - - [13/Dec/2020:08:01:28 +0800] "GET /xingrg/all/function/internal_message.html?_=1607817720821&CODE_STATE=getMsg HTTP/1.1" 302 -
172.17.0.123 - - [13/Dec/2020:08:01:36 +0800] "GET /xingrg/all/function/internal_message.html?_=1607817614038&CODE_STATE=getMsg HTTP/1.1" 200 27
180.174.56.115 - - [13/Dec/2020:08:01:43 +0800] "GET /xingrg/all/function/internal_message.html?_=1607817702381&CODE_STATE=getMsg HTTP/1.1" 200 27
120.253.135.82 - - [13/Dec/2020:08:01:44 +0800] "GET /xingrg/all/function/internal_message.html?_=1607817452328&CODE_STATE=getMsg HTTP/1.1" 200 27
114.88.159.147 - - [13/Dec/2020:08:01:44 +0800] "GET /xingrg/all/function/internal_message.html?_=1607817701451&CODE_STATE=getMsg HTTP/1.1" 200 27
180.97.118.219 - - [13/Dec/2020:08:01:45 +0800] "GET /xingrg/all/function/internal_message.html?_=1607817641473&CODE_STATE=getMsg HTTP/1.1" 302 -
114.84.32.187 - - [13/Dec/2020:08:01:45 +0800] "GET /xingrg/all/function/internal_message.html?_=1607817730187&CODE_STATE=getMsg HTTP/1.1" 200 27
180.97.118.219 - - [13/Dec/2020:08:01:46 +0800] "GET /xingrg/login.html HTTP/1.1" 200 7641
114.84.32.187 - - [13/Dec/2020:08:01:47 +0800] "GET /xingrg/all/function/internal_message.html?_=1607817703739&CODE_STATE=getMsg HTTP/1.1" 200 27
180.174.56.115 - - [13/Dec/2020:08:01:53 +0800] "GET /xingrg/all/function/internal_message.html?_=1607817673651&CODE_STATE=getMsg HTTP/1.1" 200 27
114.88.159.147 - - [13/Dec/2020:08:02:01 +0800] "GET /xingrg/all/function/internal_message.html?_=1607817292095&CODE_STATE=getMsg HTTP/1.1" 200 27
180.152.104.37 - - [13/Dec/2020:08:02:03 +0800] "POST /xingrg/services/DataTransmitService HTTP/1.1" 200 524
180.97.118.219 - - [13/Dec/2020:08:02:15 +0800] "GET /xingrg/check_reg.html?_=1607817672486 HTTP/1.1" 302 -
180.97.118.219 - - [13/Dec/2020:08:02:17 +0800] "GET /xingrg/login.html HTTP/1.1" 200 7641
114.88.163.87 - - [13/Dec/2020:08:02:25 +0800] "GET /xingrg/all/function/internal_message.html?_=1607817739934&CODE_STATE=getMsg HTTP/1.1" 200 27
114.84.32.187 - - [13/Dec/2020:08:02:28 +0800] "GET /xingrg/all/function/internal_message.html?_=1607817780826&CODE_STATE=getMsg HTTP/1.1" 302 -
172.17.0.123 - - [13/Dec/2020:08:02:36 +0800] "GET /xingrg/check_reg.html?_=1607817674040 HTTP/1.1" 200 22
172.17.0.123 - - [13/Dec/2020:08:02:36 +0800] "GET /xingrg/all/function/internal_message.html?_=1607817674042&CODE_STATE=getMsg HTTP/1.1" 200 27
180.174.56.115 - - [13/Dec/2020:08:02:43 +0800] "GET /xingrg/all/function/internal_message.html?_=1607817762367&CODE_STATE=getMsg HTTP/1.1" 200 27
120.253.135.82 - - [13/Dec/2020:08:02:44 +0800] "GET /xingrg/all/function/internal_message.html?_=1607817512332&CODE_STATE=getMsg HTTP/1.1" 200 27
114.88.159.147 - - [13/Dec/2020:08:02:44 +0800] "GET /xingrg/all/function/internal_message.html?_=1607817761431&CODE_STATE=getMsg HTTP/1.1" 200 27
114.84.32.187 - - [13/Dec/2020:08:02:45 +0800] "GET /xingrg/all/function/internal_message.html?_=1607817790206&CODE_STATE=getMsg HTTP/1.1" 200 27
114.84.32.187 - - [13/Dec/2020:08:02:47 +0800] "GET /xingrg/all/function/internal_message.html?_=1607817763743&CODE_STATE=getMsg HTTP/1.1" 200 27
101.89.29.78 - - [13/Dec/2020:08:02:50 +0800] "GET /xingrg/all/function/internal_message.html?_=1607817701451&CODE_STATE=getMsg HTTP/1.1" 302 -
101.89.29.78 - - [13/Dec/2020:08:02:52 +0800] "GET /xingrg/login.html HTTP/1.1" 200 7641
180.174.56.115 - - [13/Dec/2020:08:02:53 +0800] "GET /xingrg/all/function/internal_message.html?_=1607817733655&CODE_STATE=getMsg HTTP/1.1" 200 27
114.88.159.147 - - [13/Dec/2020:08:03:01 +0800] "GET /xingrg/all/function/internal_message.html?_=1607817352093&CODE_STATE=getMsg HTTP/1.1" 200 27
114.84.4.90 - - [13/Dec/2020:08:03:06 +0800] "POST /xingrg/services/DataTransmitService HTTP/1.1" 200 524
114.84.32.187 - - [13/Dec/2020:08:03:18 +0800] "GET /xingrg/check_reg.html?_=1607817830989 HTTP/1.1" 302 -
114.88.163.87 - - [13/Dec/2020:08:03:26 +0800] "GET /xingrg/all/function/internal_message.html?_=1607817799967&CODE_STATE=getMsg HTTP/1.1" 200 27
114.84.32.187 - - [13/Dec/2020:08:03:28 +0800] "GET /xingrg/all/function/internal_message.html?_=1607817840840&CODE_STATE=getMsg HTTP/1.1" 302 -
172.17.0.123 - - [13/Dec/2020:08:03:36 +0800] "GET /xingrg/all/function/internal_message.html?_=1607817734028&CODE_STATE=getMsg HTTP/1.1" 200 27
180.174.56.115 - - [13/Dec/2020:08:03:43 +0800] "GET /xingrg/all/function/internal_message.html?_=1607817822361&CODE_STATE=getMsg HTTP/1.1" 200 27
114.88.159.147 - - [13/Dec/2020:08:03:44 +0800] "GET /xingrg/all/function/internal_message.html?_=1607817821406&CODE_STATE=getMsg HTTP/1.1" 200 27
120.253.135.82 - - [13/Dec/2020:08:03:44 +0800] "GET /xingrg/all/function/internal_message.html?_=1607817572524&CODE_STATE=getMsg HTTP/1.1" 200 27
114.84.32.187 - - [13/Dec/2020:08:03:45 +0800] "GET /xingrg/all/function/internal_message.html?_=1607817850230&CODE_STATE=getMsg HTTP/1.1" 200 27
114.84.32.187 - - [13/Dec/2020:08:03:47 +0800] "GET /xingrg/all/function/internal_message.html?_=1607817823742&CODE_STATE=getMsg HTTP/1.1" 200 27
101.89.19.197 - - [13/Dec/2020:08:03:48 +0800] "GET /xingrg/all/function/internal_message.html?_=1607817761431&CODE_STATE=getMsg HTTP/1.1" 302 -
101.89.19.197 - - [13/Dec/2020:08:03:50 +0800] "GET /xingrg/login.html HTTP/1.1" 200 7641
180.174.56.115 - - [13/Dec/2020:08:03:53 +0800] "GET /xingrg/all/function/internal_message.html?_=1607817793696&CODE_STATE=getMsg HTTP/1.1" 200 27
114.88.159.147 - - [13/Dec/2020:08:04:01 +0800] "GET /xingrg/check_reg.html?_=1607817412121 HTTP/1.1" 200 22
114.88.159.147 - - [13/Dec/2020:08:04:01 +0800] "GET /xingrg/all/function/internal_message.html?_=1607817412123&CODE_STATE=getMsg HTTP/1.1" 200 27
180.174.56.115 - - [13/Dec/2020:08:04:02 +0800] "GET /xingrg/check_reg.html?_=1607817841068 HTTP/1.1" 200 22
114.84.32.187 - - [13/Dec/2020:08:04:23 +0800] "GET /xingrg/check_reg.html?_=1607817887937 HTTP/1.1" 200 22
114.88.163.87 - - [13/Dec/2020:08:04:26 +0800] "GET /xingrg/all/function/internal_message.html?_=1607817859977&CODE_STATE=getMsg HTTP/1.1" 200 27
180.174.56.115 - - [13/Dec/2020:08:04:27 +0800] "GET /xingrg/check_reg.html?_=1607817827504 HTTP/1.1" 200 22
114.84.32.187 - - [13/Dec/2020:08:04:28 +0800] "GET /xingrg/all/function/internal_message.html?_=1607817900860&CODE_STATE=getMsg HTTP/1.1" 302 -
120.253.135.82 - - [13/Dec/2020:08:04:32 +0800] "GET /xingrg/check_reg.html?_=1607817620846 HTTP/1.1" 200 22
172.17.0.123 - - [13/Dec/2020:08:04:36 +0800] "GET /xingrg/all/function/internal_message.html?_=1607817794030&CODE_STATE=getMsg HTTP/1.1" 200 27
180.174.56.115 - - [13/Dec/2020:08:04:43 +0800] "GET /xingrg/all/function/internal_message.html?_=1607817882339&CODE_STATE=getMsg HTTP/1.1" 200 27
114.88.159.147 - - [13/Dec/2020:08:04:44 +0800] "GET /xingrg/all/function/internal_message.html?_=1607817881409&CODE_STATE=getMsg HTTP/1.1" 200 27
120.253.135.82 - - [13/Dec/2020:08:04:44 +0800] "GET /xingrg/all/function/internal_message.html?_=1607817632530&CODE_STATE=getMsg HTTP/1.1" 200 27
61.151.178.236 - - [13/Dec/2020:08:04:45 +0800] "GET /xingrg/all/function/internal_message.html?_=1607817821406&CODE_STATE=getMsg HTTP/1.1" 302 -
114.84.32.187 - - [13/Dec/2020:08:04:45 +0800] "GET /xingrg/all/function/internal_message.html?_=1607817910230&CODE_STATE=getMsg HTTP/1.1" 200 27
61.151.178.236 - - [13/Dec/2020:08:04:46 +0800] "GET /xingrg/login.html HTTP/1.1" 200 7641
114.84.32.187 - - [13/Dec/2020:08:04:47 +0800] "GET /xingrg/all/function/internal_message.html?_=1607817883744&CODE_STATE=getMsg HTTP/1.1" 200 27
180.174.56.115 - - [13/Dec/2020:08:04:53 +0800] "GET /xingrg/all/function/internal_message.html?_=1607817853697&CODE_STATE=getMsg HTTP/1.1" 200 27
114.88.159.147 - - [13/Dec/2020:08:05:01 +0800] "GET /xingrg/all/function/internal_message.html?_=1607817472107&CODE_STATE=getMsg HTTP/1.1" 200 27
114.88.163.87 - - [13/Dec/2020:08:05:26 +0800] "GET /xingrg/all/function/internal_message.html?_=1607817920010&CODE_STATE=getMsg HTTP/1.1" 200 27
114.84.32.187 - - [13/Dec/2020:08:05:28 +0800] "GET /xingrg/all/function/internal_message.html?_=1607817960867&CODE_STATE=getMsg HTTP/1.1" 302 -
172.17.0.123 - - [13/Dec/2020:08:05:36 +0800] "GET /xingrg/all/function/internal_message.html?_=1607817854032&CODE_STATE=getMsg HTTP/1.1" 200 27
180.174.56.115 - - [13/Dec/2020:08:05:43 +0800] "GET /xingrg/all/function/internal_message.html?_=1607817942328&CODE_STATE=getMsg HTTP/1.1" 200 27
114.88.159.147 - - [13/Dec/2020:08:05:44 +0800] "GET /xingrg/all/function/internal_message.html?_=1607817941391&CODE_STATE=getMsg HTTP/1.1" 200 27
120.253.135.82 - - [13/Dec/2020:08:05:44 +0800] "GET /xingrg/all/function/internal_message.html?_=1607817692544&CODE_STATE=getMsg HTTP/1.1" 200 27
114.84.32.187 - - [13/Dec/2020:08:05:45 +0800] "GET /xingrg/all/function/internal_message.html?_=1607817970243&CODE_STATE=getMsg HTTP/1.1" 200 27
114.84.32.187 - - [13/Dec/2020:08:05:47 +0800] "GET /xingrg/check_reg.html?_=1607817943745 HTTP/1.1" 200 22
114.84.32.187 - - [13/Dec/2020:08:05:47 +0800] "GET /xingrg/all/function/internal_message.html?_=1607817943749&CODE_STATE=getMsg HTTP/1.1" 200 27
180.174.56.115 - - [13/Dec/2020:08:05:53 +0800] "GET /xingrg/all/function/internal_message.html?_=1607817913710&CODE_STATE=getMsg HTTP/1.1" 200 27
114.88.159.147 - - [13/Dec/2020:08:06:01 +0800] "GET /xingrg/all/function/internal_message.html?_=1607817532106&CODE_STATE=getMsg HTTP/1.1" 200 27
114.88.163.87 - - [13/Dec/2020:08:06:10 +0800] "GET /xingrg/check_reg.html?_=1607817964074 HTTP/1.1" 200 22
114.88.159.147 - - [13/Dec/2020:08:06:15 +0800] "GET /xingrg/check_reg.html?_=1607817972514 HTTP/1.1" 200 22
114.88.163.87 - - [13/Dec/2020:08:06:26 +0800] "GET /xingrg/all/function/internal_message.html?_=1607817980019&CODE_STATE=getMsg HTTP/1.1" 200 27
114.84.32.187 - - [13/Dec/2020:08:06:28 +0800] "GET /xingrg/all/function/internal_message.html?_=1607818020888&CODE_STATE=getMsg HTTP/1.1" 302 -
172.17.0.123 - - [13/Dec/2020:08:06:36 +0800] "GET /xingrg/all/function/internal_message.html?_=1607817914032&CODE_STATE=getMsg HTTP/1.1" 200 27
117.185.32.26 - - [13/Dec/2020:08:06:41 +0800] "POST /xingrg/services/DataTransmitService HTTP/1.1" 200 524
180.174.56.115 - - [13/Dec/2020:08:06:43 +0800] "GET /xingrg/all/function/internal_message.html?_=1607818002316&CODE_STATE=getMsg HTTP/1.1" 200 27
114.88.159.147 - - [13/Dec/2020:08:06:44 +0800] "GET /xingrg/all/function/internal_message.html?_=1607818001369&CODE_STATE=getMsg HTTP/1.1" 200 27
120.253.135.82 - - [13/Dec/2020:08:06:44 +0800] "GET /xingrg/all/function/internal_message.html?_=1607817752764&CODE_STATE=getMsg HTTP/1.1" 200 27
61.129.6.227 - - [13/Dec/2020:08:06:44 +0800] "GET /xingrg/all/function/internal_message.html?_=1607817941391&CODE_STATE=getMsg HTTP/1.1" 302 -
114.84.32.187 - - [13/Dec/2020:08:06:45 +0800] "GET /xingrg/all/function/internal_message.html?_=1607818030272&CODE_STATE=getMsg HTTP/1.1" 200 27
61.129.6.227 - - [13/Dec/2020:08:06:46 +0800] "GET /xingrg/login.html HTTP/1.1" 200 7641
114.84.32.187 - - [13/Dec/2020:08:06:47 +0800] "GET /xingrg/all/function/internal_message.html?_=1607818003747&CODE_STATE=getMsg HTTP/1.1" 200 27
180.174.56.115 - - [13/Dec/2020:08:06:53 +0800] "GET /xingrg/all/function/internal_message.html?_=1607817973750&CODE_STATE=getMsg HTTP/1.1" 200 27
114.88.159.147 - - [13/Dec/2020:08:07:01 +0800] "GET /xingrg/all/function/internal_message.html?_=1607817592121&CODE_STATE=getMsg HTTP/1.1" 200 27
114.88.163.87 - - [13/Dec/2020:08:07:26 +0800] "GET /xingrg/all/function/internal_message.html?_=1607818040032&CODE_STATE=getMsg HTTP/1.1" 200 27
114.84.32.187 - - [13/Dec/2020:08:07:28 +0800] "GET /xingrg/all/function/internal_message.html?_=1607818080894&CODE_STATE=getMsg HTTP/1.1" 302 -
172.17.0.123 - - [13/Dec/2020:08:07:36 +0800] "GET /xingrg/all/function/internal_message.html?_=1607817974034&CODE_STATE=getMsg HTTP/1.1" 200 27
172.17.0.123 - - [13/Dec/2020:08:07:36 +0800] "GET /xingrg/check_reg.html?_=1607817974036 HTTP/1.1" 200 22
180.174.56.115 - - [13/Dec/2020:08:07:43 +0800] "GET /xingrg/all/function/internal_message.html?_=1607818062291&CODE_STATE=getMsg HTTP/1.1" 200 27
114.88.159.147 - - [13/Dec/2020:08:07:44 +0800] "GET /xingrg/all/function/internal_message.html?_=1607818061345&CODE_STATE=getMsg HTTP/1.1" 200 27
120.253.135.82 - - [13/Dec/2020:08:07:44 +0800] "GET /xingrg/all/function/internal_message.html?_=1607817812774&CODE_STATE=getMsg HTTP/1.1" 200 27
114.84.32.187 - - [13/Dec/2020:08:07:45 +0800] "GET /xingrg/all/function/internal_message.html?_=1607818090287&CODE_STATE=getMsg HTTP/1.1" 200 27
114.84.32.187 - - [13/Dec/2020:08:07:47 +0800] "GET /xingrg/all/function/internal_message.html?_=1607818063747&CODE_STATE=getMsg HTTP/1.1" 200 27
61.129.6.227 - - [13/Dec/2020:08:07:48 +0800] "GET /xingrg/all/function/internal_message.html?_=1607818001369&CODE_STATE=getMsg HTTP/1.1" 302 -
61.129.6.227 - - [13/Dec/2020:08:07:51 +0800] "GET /xingrg/login.html HTTP/1.1" 200 7641
180.174.56.115 - - [13/Dec/2020:08:07:53 +0800] "GET /xingrg/all/function/internal_message.html?_=1607818033753&CODE_STATE=getMsg HTTP/1.1" 200 27
114.88.159.147 - - [13/Dec/2020:08:08:01 +0800] "GET /xingrg/all/function/internal_message.html?_=1607817652121&CODE_STATE=getMsg HTTP/1.1" 200 27
114.84.32.187 - - [13/Dec/2020:08:08:18 +0800] "GET /xingrg/check_reg.html?_=1607818131002 HTTP/1.1" 302 -
114.88.163.87 - - [13/Dec/2020:08:08:26 +0800] "GET /xingrg/all/function/internal_message.html?_=1607818100066&CODE_STATE=getMsg HTTP/1.1" 200 27
114.84.32.187 - - [13/Dec/2020:08:08:28 +0800] "GET /xingrg/all/function/internal_message.html?_=1607818140908&CODE_STATE=getMsg HTTP/1.1" 302 -
180.174.56.115 - - [13/Dec/2020:08:08:32 +0800] "POST /xingrg/services/DataTransmitService HTTP/1.1" 200 524
172.17.0.123 - - [13/Dec/2020:08:08:36 +0800] "GET /xingrg/all/function/internal_message.html?_=1607818034038&CODE_STATE=getMsg HTTP/1.1" 200 27
180.174.56.115 - - [13/Dec/2020:08:08:43 +0800] "GET /xingrg/all/function/internal_message.html?_=1607818122262&CODE_STATE=getMsg HTTP/1.1" 200 27
114.88.159.147 - - [13/Dec/2020:08:08:44 +0800] "GET /xingrg/all/function/internal_message.html?_=1607818121323&CODE_STATE=getMsg HTTP/1.1" 200 27
120.253.135.82 - - [13/Dec/2020:08:08:44 +0800] "GET /xingrg/all/function/internal_message.html?_=1607817872788&CODE_STATE=getMsg HTTP/1.1" 200 27
114.84.32.187 - - [13/Dec/2020:08:08:45 +0800] "GET /xingrg/all/function/internal_message.html?_=1607818150317&CODE_STATE=getMsg HTTP/1.1" 200 27
114.84.32.187 - - [13/Dec/2020:08:08:47 +0800] "GET /xingrg/all/function/internal_message.html?_=1607818123749&CODE_STATE=getMsg HTTP/1.1" 200 27
180.174.56.115 - - [13/Dec/2020:08:08:53 +0800] "GET /xingrg/all/function/internal_message.html?_=1607818093793&CODE_STATE=getMsg HTTP/1.1" 200 27
61.129.6.174 - - [13/Dec/2020:08:08:59 +0800] "GET /xingrg/all/function/internal_message.html?_=1607818061345&CODE_STATE=getMsg HTTP/1.1" 302 -
114.88.159.147 - - [13/Dec/2020:08:09:01 +0800] "GET /xingrg/check_reg.html?_=1607817712119 HTTP/1.1" 200 22
114.88.159.147 - - [13/Dec/2020:08:09:01 +0800] "GET /xingrg/all/function/internal_message.html?_=1607817712121&CODE_STATE=getMsg HTTP/1.1" 200 27
180.174.56.115 - - [13/Dec/2020:08:09:02 +0800] "GET /xingrg/check_reg.html?_=1607818141083 HTTP/1.1" 200 22
61.129.6.174 - - [13/Dec/2020:08:09:03 +0800] "GET /xingrg/login.html HTTP/1.1" 200 7641
114.84.32.187 - - [13/Dec/2020:08:09:23 +0800] "GET /xingrg/check_reg.html?_=1607818187943 HTTP/1.1" 200 22
114.88.163.87 - - [13/Dec/2020:08:09:26 +0800] "GET /xingrg/all/function/internal_message.html?_=1607818160074&CODE_STATE=getMsg HTTP/1.1" 200 27
180.174.56.115 - - [13/Dec/2020:08:09:27 +0800] "GET /xingrg/check_reg.html?_=1607818127516 HTTP/1.1" 200 22
114.84.32.187 - - [13/Dec/2020:08:09:28 +0800] "GET /xingrg/all/function/internal_message.html?_=1607818200928&CODE_STATE=getMsg HTTP/1.1" 302 -
120.253.135.82 - - [13/Dec/2020:08:09:33 +0800] "GET /xingrg/check_reg.html?_=1607817921082 HTTP/1.1" 200 22
172.17.0.123 - - [13/Dec/2020:08:09:36 +0800] "GET /xingrg/all/function/internal_message.html?_=1607818094040&CODE_STATE=getMsg HTTP/1.1" 200 27
180.174.56.115 - - [13/Dec/2020:08:09:43 +0800] "GET /xingrg/all/function/internal_message.html?_=1607818182255&CODE_STATE=getMsg HTTP/1.1" 200 27
114.88.159.147 - - [13/Dec/2020:08:09:44 +0800] "GET /xingrg/all/function/internal_message.html?_=1607818181292&CODE_STATE=getMsg HTTP/1.1" 200 27
120.253.135.82 - - [13/Dec/2020:08:09:44 +0800] "GET /xingrg/all/function/internal_message.html?_=1607817932801&CODE_STATE=getMsg HTTP/1.1" 200 27
114.84.32.187 - - [13/Dec/2020:08:09:45 +0800] "GET /xingrg/all/function/internal_message.html?_=1607818210329&CODE_STATE=getMsg HTTP/1.1" 200 27
114.84.32.187 - - [13/Dec/2020:08:09:47 +0800] "GET /xingrg/all/function/internal_message.html?_=1607818183747&CODE_STATE=getMsg HTTP/1.1" 200 27
180.174.56.115 - - [13/Dec/2020:08:09:53 +0800] "GET /xingrg/all/function/internal_message.html?_=1607818153796&CODE_STATE=getMsg HTTP/1.1" 200 27
114.88.159.147 - - [13/Dec/2020:08:10:01 +0800] "GET /xingrg/all/function/internal_message.html?_=1607817772120&CODE_STATE=getMsg HTTP/1.1" 200 27
114.88.163.87 - - [13/Dec/2020:08:10:26 +0800] "GET /xingrg/all/function/internal_message.html?_=1607818220109&CODE_STATE=getMsg HTTP/1.1" 200 27
114.84.32.187 - - [13/Dec/2020:08:10:28 +0800] "GET /xingrg/all/function/internal_message.html?_=1607818260935&CODE_STATE=getMsg HTTP/1.1" 302 -
172.17.0.123 - - [13/Dec/2020:08:10:36 +0800] "GET /xingrg/all/function/internal_message.html?_=1607818154040&CODE_STATE=getMsg HTTP/1.1" 200 27
180.174.56.115 - - [13/Dec/2020:08:10:43 +0800] "GET /xingrg/all/function/internal_message.html?_=1607818242238&CODE_STATE=getMsg HTTP/1.1" 200 27
114.88.159.147 - - [13/Dec/2020:08:10:44 +0800] "GET /xingrg/all/function/internal_message.html?_=1607818241265&CODE_STATE=getMsg HTTP/1.1" 200 27
120.253.135.82 - - [13/Dec/2020:08:10:44 +0800] "GET /xingrg/all/function/internal_message.html?_=1607817992815&CODE_STATE=getMsg HTTP/1.1" 200 27
114.84.32.187 - - [13/Dec/2020:08:10:45 +0800] "GET /xingrg/all/function/internal_message.html?_=1607818270343&CODE_STATE=getMsg HTTP/1.1" 200 27
101.89.239.232 - - [13/Dec/2020:08:10:46 +0800] "GET /xingrg/all/function/internal_message.html?_=1607818181292&CODE_STATE=getMsg HTTP/1.1" 302 -
114.84.32.187 - - [13/Dec/2020:08:10:47 +0800] "GET /xingrg/check_reg.html?_=1607818243747 HTTP/1.1" 200 22
114.84.32.187 - - [13/Dec/2020:08:10:47 +0800] "GET /xingrg/all/function/internal_message.html?_=1607818243750&CODE_STATE=getMsg HTTP/1.1" 200 27
101.89.239.232 - - [13/Dec/2020:08:10:49 +0800] "GET /xingrg/login.html HTTP/1.1" 200 7641
180.174.56.115 - - [13/Dec/2020:08:10:53 +0800] "GET /xingrg/all/function/internal_message.html?_=1607818213809&CODE_STATE=getMsg HTTP/1.1" 200 27
114.88.159.147 - - [13/Dec/2020:08:11:01 +0800] "GET /xingrg/all/function/internal_message.html?_=1607817832119&CODE_STATE=getMsg HTTP/1.1" 200 27
114.88.163.87 - - [13/Dec/2020:08:11:10 +0800] "GET /xingrg/check_reg.html?_=1607818264081 HTTP/1.1" 200 22
114.88.159.147 - - [13/Dec/2020:08:11:15 +0800] "GET /xingrg/check_reg.html?_=1607818272513 HTTP/1.1" 200 22
114.88.163.87 - - [13/Dec/2020:08:11:26 +0800] "GET /xingrg/all/function/internal_message.html?_=1607818280118&CODE_STATE=getMsg HTTP/1.1" 200 27
114.84.32.187 - - [13/Dec/2020:08:11:28 +0800] "GET /xingrg/all/function/internal_message.html?_=1607818320957&CODE_STATE=getMsg HTTP/1.1" 302 -
180.162.223.42 - - [13/Dec/2020:08:11:33 +0800] "POST /xingrg/services/DataTransmitService HTTP/1.1" 200 524
172.17.0.123 - - [13/Dec/2020:08:11:36 +0800] "GET /xingrg/all/function/internal_message.html?_=1607818214026&CODE_STATE=getMsg HTTP/1.1" 200 27
180.174.56.115 - - [13/Dec/2020:08:11:43 +0800] "GET /xingrg/all/function/internal_message.html?_=1607818302226&CODE_STATE=getMsg HTTP/1.1" 200 27
114.88.159.147 - - [13/Dec/2020:08:11:44 +0800] "GET /xingrg/all/function/internal_message.html?_=1607818301234&CODE_STATE=getMsg HTTP/1.1" 200 27
120.253.135.82 - - [13/Dec/2020:08:11:45 +0800] "GET /xingrg/all/function/internal_message.html?_=1607818053024&CODE_STATE=getMsg HTTP/1.1" 200 27
114.84.32.187 - - [13/Dec/2020:08:11:45 +0800] "GET /xingrg/all/function/internal_message.html?_=1607818330390&CODE_STATE=getMsg HTTP/1.1" 200 27
114.84.32.187 - - [13/Dec/2020:08:11:47 +0800] "GET /xingrg/all/function/internal_message.html?_=1607818303750&CODE_STATE=getMsg HTTP/1.1" 200 27
180.174.56.115 - - [13/Dec/2020:08:11:53 +0800] "GET /xingrg/all/function/internal_message.html?_=1607818273849&CODE_STATE=getMsg HTTP/1.1" 200 27
114.88.159.147 - - [13/Dec/2020:08:12:01 +0800] "GET /xingrg/all/function/internal_message.html?_=1607817892143&CODE_STATE=getMsg HTTP/1.1" 200 27
101.91.60.11 - - [13/Dec/2020:08:12:15 +0800] "GET /xingrg/check_reg.html?_=1607818272513 HTTP/1.1" 302 -
101.91.60.11 - - [13/Dec/2020:08:12:17 +0800] "GET /xingrg/login.html HTTP/1.1" 200 7641
114.88.163.87 - - [13/Dec/2020:08:12:26 +0800] "GET /xingrg/all/function/internal_message.html?_=1607818340130&CODE_STATE=getMsg HTTP/1.1" 200 27
114.84.32.187 - - [13/Dec/2020:08:12:28 +0800] "GET /xingrg/all/function/internal_message.html?_=1607818380962&CODE_STATE=getMsg HTTP/1.1" 302 -
172.17.0.123 - - [13/Dec/2020:08:12:36 +0800] "GET /xingrg/all/function/internal_message.html?_=1607818274028&CODE_STATE=getMsg HTTP/1.1" 200 27
172.17.0.123 - - [13/Dec/2020:08:12:36 +0800] "GET /xingrg/check_reg.html?_=1607818274028 HTTP/1.1" 200 22
180.174.56.115 - - [13/Dec/2020:08:12:43 +0800] "GET /xingrg/all/function/internal_message.html?_=1607818362210&CODE_STATE=getMsg HTTP/1.1" 200 27
114.88.163.87 - - [13/Dec/2020:08:12:43 +0800] "GET /xingrg/all/function/internal_message.html?_=1607818437707&CODE_STATE=getMsg HTTP/1.1" 302 -
114.88.163.87 - - [13/Dec/2020:08:12:43 +0800] "GET /xingrg/check_reg.html?_=1607818437708 HTTP/1.1" 302 -
