114.88.159.147 - - [12/Dec/2020:10:39:18 +0800] "GET /xingrg/javascript/jquery.utils.js HTTP/1.1" 200 11805
114.88.159.147 - - [12/Dec/2020:10:39:18 +0800] "GET /xingrg/javascript/jquery.form.js HTTP/1.1" 200 23110
114.88.159.147 - - [12/Dec/2020:10:39:19 +0800] "GET /xingrg/javascript/jquery_easy_ui/themes/icons/settle_new.png HTTP/1.1" 200 826
114.88.159.147 - - [12/Dec/2020:10:39:19 +0800] "GET /xingrg/images/blue/navBackgound.jpg HTTP/1.1" 200 12378
114.88.159.147 - - [12/Dec/2020:10:39:19 +0800] "POST /xingrg/all/common/load_tree.html?tree=area_rest_tree_json&manage=1 HTTP/1.1" 200 351
114.88.159.147 - - [12/Dec/2020:10:39:19 +0800] "GET /xingrg/all/function/internal_message.html?_=1607740756013&CODE_STATE=count HTTP/1.1" 200 11
114.88.159.147 - - [12/Dec/2020:10:39:19 +0800] "GET /xingrg/check_reg.html?_=1607740756014 HTTP/1.1" 200 22
114.88.159.147 - - [12/Dec/2020:10:39:19 +0800] "GET /xingrg/images/blue/pingpu.png HTTP/1.1" 200 231
114.88.159.147 - - [12/Dec/2020:10:39:19 +0800] "GET /xingrg/javascript/jquery_easy_ui/themes/default/images/tabs_rightarrow.png HTTP/1.1" 200 395
114.88.159.147 - - [12/Dec/2020:10:39:19 +0800] "GET /xingrg/javascript/jquery_easy_ui/themes/default/images/panel_tool_collapse.gif HTTP/1.1" 200 246
114.88.159.147 - - [12/Dec/2020:10:39:19 +0800] "GET /xingrg/javascript/jquery_easy_ui/themes/default/images/tabs_leftarrow.png HTTP/1.1" 200 389
114.88.159.147 - - [12/Dec/2020:10:39:19 +0800] "GET /favicon.ico HTTP/1.1" 404 -
114.88.159.147 - - [12/Dec/2020:10:39:19 +0800] "POST /xingrg/load_menu.html HTTP/1.1" 200 5138
114.88.159.147 - - [12/Dec/2020:10:39:19 +0800] "GET /xingrg/javascript/jquery_easy_ui/themes/default/images/tree_arrows.gif HTTP/1.1" 200 1043
183.192.164.85 - - [12/Dec/2020:10:39:19 +0800] "GET /xingrg/kc/buy/cgsh_order_operate.html?command=get_materiel&rest_code=00106&code=00101016017&supplier_code=00100032&order_time=2020-12-12 HTTP/1.1" 302 -
114.88.159.147 - - [12/Dec/2020:10:39:19 +0800] "GET /xingrg/javascript/jquery_easy_ui/themes/default/images/tree_folder_open.gif HTTP/1.1" 200 956
114.88.159.147 - - [12/Dec/2020:10:39:19 +0800] "GET /xingrg/javascript/jquery_easy_ui/themes/icons/search_new.png HTTP/1.1" 200 586
114.88.159.147 - - [12/Dec/2020:10:39:19 +0800] "GET /xingrg/javascript/jquery_easy_ui/themes/icons/storage_new.png HTTP/1.1" 200 853
114.88.159.147 - - [12/Dec/2020:10:39:19 +0800] "GET /xingrg/javascript/jquery_easy_ui/themes/default/images/tree_folder.gif HTTP/1.1" 200 952
114.88.159.147 - - [12/Dec/2020:10:39:19 +0800] "GET /xingrg/javascript/jquery_easy_ui/themes/icons/forms_new.png HTTP/1.1" 200 350
114.88.159.147 - - [12/Dec/2020:10:39:19 +0800] "GET /xingrg/javascript/jquery_easy_ui/themes/default/images/tree_file.gif HTTP/1.1" 200 118
117.184.7.26 - - [12/Dec/2020:10:39:19 +0800] "GET /xingrg/all/function/internal_message.html?_=1607740745189&CODE_STATE=getMsg HTTP/1.1" 200 27
114.88.159.147 - - [12/Dec/2020:10:39:21 +0800] "GET /xingrg/kc/buy/buy_main.html HTTP/1.1" 200 12412
114.88.159.147 - - [12/Dec/2020:10:39:21 +0800] "GET /xingrg/javascript/jquery_easy_ui/themes/default/images/tabs_close.gif HTTP/1.1" 200 829
114.88.159.147 - - [12/Dec/2020:10:39:21 +0800] "GET /xingrg/javascript/pic_change.js HTTP/1.1" 200 4739
114.88.159.147 - - [12/Dec/2020:10:39:21 +0800] "GET /xingrg/javascript/ToolTips.js HTTP/1.1" 200 5615
114.88.159.147 - - [12/Dec/2020:10:39:21 +0800] "GET /xingrg/css/new_ie.css HTTP/1.1" 404 1036
114.88.159.147 - - [12/Dec/2020:10:39:21 +0800] "GET /xingrg/javascript/jquery_ui/jquery-ui.min.js HTTP/1.1" 200 186181
114.88.159.147 - - [12/Dec/2020:10:39:21 +0800] "GET /xingrg/images/blue/button/cgxqd.gif HTTP/1.1" 200 2619
114.88.159.147 - - [12/Dec/2020:10:39:21 +0800] "GET /xingrg/images/blue/button/cgydd.gif HTTP/1.1" 200 2712
114.88.159.147 - - [12/Dec/2020:10:39:21 +0800] "GET /xingrg/images/blue/button/cgshd.gif HTTP/1.1" 200 2618
114.88.159.147 - - [12/Dec/2020:10:39:21 +0800] "GET /xingrg/javascript/jquery_ui/themes/humanity/humanity.css HTTP/1.1" 200 27801
114.88.159.147 - - [12/Dec/2020:10:39:21 +0800] "GET /xingrg/javascript/myfunction.js HTTP/1.1" 200 24559
114.88.159.147 - - [12/Dec/2020:10:39:21 +0800] "GET /xingrg/images/blue/button/ckthd.gif HTTP/1.1" 200 2045
114.88.159.147 - - [12/Dec/2020:10:39:21 +0800] "GET /xingrg/images/blue/button/kc.gif HTTP/1.1" 200 2160
114.88.159.147 - - [12/Dec/2020:10:39:21 +0800] "GET /xingrg/images/blue/pic_form2.gif HTTP/1.1" 200 1853
114.88.159.147 - - [12/Dec/2020:10:39:21 +0800] "GET /xingrg/images/blue/button/cgfkd.gif HTTP/1.1" 200 2075
114.88.159.147 - - [12/Dec/2020:10:39:21 +0800] "GET /xingrg/css/blue.css HTTP/1.1" 200 15949
114.88.159.147 - - [12/Dec/2020:10:39:21 +0800] "GET /xingrg/javascript/jquery_ui/themes/humanity/images/ui-bg_inset-soft_100_f4f0ec_1x100.png HTTP/1.1" 200 141
114.88.159.147 - - [12/Dec/2020:10:39:21 +0800] "GET /xingrg/images/blue/button/right_ah.jpg HTTP/1.1" 200 1744
114.88.159.147 - - [12/Dec/2020:10:39:21 +0800] "GET /xingrg/images/blue/bg_dotted.jpg HTTP/1.1" 200 319
114.88.159.147 - - [12/Dec/2020:10:39:21 +0800] "GET /xingrg/images/blue/button/down_ah.jpg HTTP/1.1" 200 1732
114.88.159.147 - - [12/Dec/2020:10:39:21 +0800] "GET /xingrg/javascript/jquery_ui/themes/humanity/images/ui-iconsnew.jpg HTTP/1.1" 200 337
114.88.159.147 - - [12/Dec/2020:10:39:21 +0800] "GET /xingrg/javascript/jquery_ui/themes/humanity/images/ui-icons_ffffff_256x240.png HTTP/1.1" 200 4369
114.88.159.147 - - [12/Dec/2020:10:39:21 +0800] "GET /xingrg/javascript/jquery_ui/themes/humanity/images/ui-icons_c47a23_256x240.png HTTP/1.1" 200 5355
114.88.159.147 - - [12/Dec/2020:10:39:21 +0800] "GET /xingrg/javascript/jquery_ui/themes/humanity/images/ui-bg_glass_70_ede4d4_1x400.png HTTP/1.1" 200 161
114.88.159.147 - - [12/Dec/2020:10:39:21 +0800] "GET /xingrg/images/yd/bt.gif HTTP/1.1" 404 1040
114.88.159.147 - - [12/Dec/2020:10:39:22 +0800] "GET /xingrg/css/base.css HTTP/1.1" 200 2811
114.88.159.147 - - [12/Dec/2020:10:39:22 +0800] "GET /xingrg/css/site.css HTTP/1.1" 200 7541
114.88.159.147 - - [12/Dec/2020:10:39:22 +0800] "GET /xingrg/javascript/jquery_tools/datebox.css HTTP/1.1" 200 2597
114.88.159.147 - - [12/Dec/2020:10:39:22 +0800] "GET /xingrg/javascript/easyui/themes/icon.css HTTP/1.1" 200 4483
114.88.159.147 - - [12/Dec/2020:10:39:22 +0800] "GET /xingrg/javascript/auto/jquery.autocomplete.css HTTP/1.1" 200 587
114.88.159.147 - - [12/Dec/2020:10:39:22 +0800] "GET /xingrg/kc/buy/cgsh_order_list.html HTTP/1.1" 200 45208
114.88.159.147 - - [12/Dec/2020:10:39:22 +0800] "GET /xingrg/javascript/jquery_tools/fix.css HTTP/1.1" 200 1702
114.88.159.147 - - [12/Dec/2020:10:39:22 +0800] "GET /xingrg/javascript/jquery_tools/table.css HTTP/1.1" 200 1032
114.88.159.147 - - [12/Dec/2020:10:39:22 +0800] "GET /xingrg/javascript/jquery_tools/jquery.tools.min.js HTTP/1.1" 200 138801
114.88.159.147 - - [12/Dec/2020:10:39:22 +0800] "GET /xingrg/javascript/easyui/themes/default/easyui.css HTTP/1.1" 200 30432
114.88.159.147 - - [12/Dec/2020:10:39:22 +0800] "GET /xingrg/javascript/jquery_tools/jquery.tools.hotkey.js HTTP/1.1" 200 3242
114.88.159.147 - - [12/Dec/2020:10:39:22 +0800] "GET /xingrg/javascript/jquery_tools/jquery.tools.extend.js HTTP/1.1" 200 15385
114.88.159.147 - - [12/Dec/2020:10:39:22 +0800] "GET /xingrg/javascript/jquery_tools/jquery.tools.table.js HTTP/1.1" 200 6994
114.88.159.147 - - [12/Dec/2020:10:39:22 +0800] "GET /xingrg/javascript/jquery_tools/list_manager.js HTTP/1.1" 200 3652
114.88.159.147 - - [12/Dec/2020:10:39:22 +0800] "GET /xingrg/javascript/easyui/easyloader.js HTTP/1.1" 200 5975
114.88.159.147 - - [12/Dec/2020:10:39:22 +0800] "GET /xingrg/javascript/jquery.cookie.js HTTP/1.1" 200 5513
114.88.159.147 - - [12/Dec/2020:10:39:22 +0800] "GET /xingrg/javascript/print/LodopFuncs.js HTTP/1.1" 200 5121
114.88.159.147 - - [12/Dec/2020:10:39:22 +0800] "GET /xingrg/javascript/auto/jquery.autocomplete.js HTTP/1.1" 200 21624
114.88.159.147 - - [12/Dec/2020:10:39:23 +0800] "GET /xingrg/javascript/easyui/themes/icons/field_new.png HTTP/1.1" 200 1097
114.88.159.147 - - [12/Dec/2020:10:39:23 +0800] "GET /xingrg/javascript/easyui/themes/icons/import_new.png HTTP/1.1" 200 1247
114.88.159.147 - - [12/Dec/2020:10:39:23 +0800] "GET /xingrg/javascript/easyui/themes/icons/check_new.png HTTP/1.1" 200 3224
114.88.159.147 - - [12/Dec/2020:10:39:23 +0800] "GET /xingrg/javascript/easyui/themes/icons/cance_new.png HTTP/1.1" 200 3986
114.88.159.147 - - [12/Dec/2020:10:39:23 +0800] "GET /xingrg/javascript/easyui/themes/icons/edit_add_new.png HTTP/1.1" 200 2997
114.88.159.147 - - [12/Dec/2020:10:39:23 +0800] "GET /xingrg/javascript/easyui/plugins/jquery.parser.js HTTP/1.1" 200 1142
114.88.159.147 - - [12/Dec/2020:10:39:23 +0800] "GET /xingrg/images/control/ajaxLoader.gif HTTP/1.1" 200 4659
222.69.133.109 - - [12/Dec/2020:10:39:23 +0800] "GET /xingrg/all/function/internal_message.html?_=1607740762175&CODE_STATE=getMsg HTTP/1.1" 200 27
114.88.159.147 - - [12/Dec/2020:10:39:23 +0800] "POST /xingrg/kc/buy/cgsh_list_operate.html HTTP/1.1" 200 876
116.228.172.94 - - [12/Dec/2020:10:39:23 +0800] "GET /xingrg/kc/buy/cgsh_order_operate.html?command=get_materiel&rest_code=00107&code=00101012041&supplier_code=00100323&order_time=2020-12-12 HTTP/1.1" 200 418
114.88.159.147 - - [12/Dec/2020:10:39:24 +0800] "GET /xingrg/javascript/easyui/themes/default/images/button_plain_hover.png HTTP/1.1" 200 144
180.152.104.37 - - [12/Dec/2020:10:39:24 +0800] "GET /xingrg/check_reg.html?_=1607740992819 HTTP/1.1" 200 22
114.88.159.147 - - [12/Dec/2020:10:39:25 +0800] "GET /xingrg/javascript/convert.js HTTP/1.1" 200 1239
114.88.159.147 - - [12/Dec/2020:10:39:25 +0800] "GET /xingrg/javascript/jquery_tools/order_manager.js HTTP/1.1" 200 11183
114.88.159.147 - - [12/Dec/2020:10:39:25 +0800] "GET /xingrg/javascript/json2.js HTTP/1.1" 200 11259
114.88.159.147 - - [12/Dec/2020:10:39:25 +0800] "GET /xingrg/javascript/print/kc_print.js HTTP/1.1" 200 11415
114.88.159.147 - - [12/Dec/2020:10:39:25 +0800] "GET /xingrg/kc/buy/cgsh_order_add.html HTTP/1.1" 200 60945
114.88.159.147 - - [12/Dec/2020:10:39:25 +0800] "GET /xingrg/words/20201212095936_words.js HTTP/1.1" 200 780539
114.88.159.147 - - [12/Dec/2020:10:39:25 +0800] "GET /xingrg/javascript/easyui/themes/icons/ok.png HTTP/1.1" 200 883
114.88.159.147 - - [12/Dec/2020:10:39:25 +0800] "GET /xingrg/javascript/easyui/themes/icons/template_new.png HTTP/1.1" 200 3956
114.88.159.147 - - [12/Dec/2020:10:39:25 +0800] "GET /xingrg/javascript/easyui/themes/icons/copy_new.png HTTP/1.1" 200 815
114.88.159.147 - - [12/Dec/2020:10:39:25 +0800] "GET /xingrg/javascript/easyui/themes/icons/print.png HTTP/1.1" 200 1057
114.88.159.147 - - [12/Dec/2020:10:39:25 +0800] "GET /xingrg/javascript/easyui/themes/default/images/menu_downarrow.png HTTP/1.1" 200 173
114.88.159.147 - - [12/Dec/2020:10:39:25 +0800] "GET /xingrg/javascript/easyui/themes/icons/cancel.png HTTP/1.1" 200 1133
180.152.104.37 - - [12/Dec/2020:10:39:25 +0800] "GET /xingrg/all/function/internal_message.html?_=1607740993274&CODE_STATE=getMsg HTTP/1.1" 200 27
172.17.0.100 - - [12/Dec/2020:10:39:25 +0800] "GET /xingrg/all/function/internal_message.html?_=1607740763745&CODE_STATE=getMsg HTTP/1.1" 200 27
172.17.0.100 - - [12/Dec/2020:10:39:25 +0800] "GET /xingrg/check_reg.html?_=1607740763747 HTTP/1.1" 200 22
114.88.159.147 - - [12/Dec/2020:10:39:25 +0800] "GET /xingrg/all/common/auto_word.html?type=employee&rest_code=00141 HTTP/1.1" 200 201
114.88.159.147 - - [12/Dec/2020:10:39:25 +0800] "GET /xingrg/javascript/easyui/themes/default/validatebox.css HTTP/1.1" 404 1104
114.88.159.147 - - [12/Dec/2020:10:39:25 +0800] "GET /xingrg/javascript/easyui/plugins/jquery.validatebox.js HTTP/1.1" 200 6103
114.88.159.147 - - [12/Dec/2020:10:39:25 +0800] "GET /xingrg/all/common/auto_word.html?type=employee&rest_code=00141 HTTP/1.1" 200 201
114.88.159.147 - - [12/Dec/2020:10:39:25 +0800] "GET /xingrg/javascript/easyui/plugins/jquery.numberbox.js HTTP/1.1" 200 5213
101.83.240.69 - - [12/Dec/2020:10:39:25 +0800] "POST /xingrg/kc/buy/cgsh_order_operate.html HTTP/1.1" 200 37
114.88.159.147 - - [12/Dec/2020:10:39:25 +0800] "POST /xingrg/kc/buy/cgsh_order_operate.html HTTP/1.1" 200 8245
114.88.159.147 - - [12/Dec/2020:10:39:26 +0800] "GET /xingrg/javascript/easyui/themes/icons/edit_remove.png HTTP/1.1" 200 625
101.83.240.69 - - [12/Dec/2020:10:39:28 +0800] "POST /xingrg/kc/buy/cgsh_order_operate.html HTTP/1.1" 200 12
183.192.164.85 - - [12/Dec/2020:10:39:29 +0800] "GET /xingrg/login.html HTTP/1.1" 200 7641
114.88.159.147 - - [12/Dec/2020:10:39:30 +0800] "GET /xingrg/javascript/auto/indicator.gif HTTP/1.1" 404 1066
114.88.159.147 - - [12/Dec/2020:10:39:32 +0800] "GET /xingrg/javascript/jquery_tools/images/prev.gif HTTP/1.1" 404 1086
114.88.159.147 - - [12/Dec/2020:10:39:32 +0800] "GET /xingrg/javascript/jquery_tools/images/next.gif HTTP/1.1" 404 1086
101.83.240.69 - - [12/Dec/2020:10:39:33 +0800] "GET /xingrg/kc/buy/cgsh_order_info.html?code=212020121204565 HTTP/1.1" 200 55893
180.157.253.48 - - [12/Dec/2020:10:39:33 +0800] "GET /xingrg/all/function/internal_message.html?_=1607740779005&CODE_STATE=getMsg HTTP/1.1" 200 27
101.83.240.69 - - [12/Dec/2020:10:39:33 +0800] "GET /xingrg/javascript/easyui/themes/default/validatebox.css HTTP/1.1" 404 1104
101.83.240.69 - - [12/Dec/2020:10:39:34 +0800] "GET /xingrg/all/function/internal_message.html?_=1607740767513&CODE_STATE=getMsg HTTP/1.1" 200 27
101.83.240.69 - - [12/Dec/2020:10:39:34 +0800] "POST /xingrg/kc/buy/cgsh_order_operate.html HTTP/1.1" 200 2478
172.17.0.123 - - [12/Dec/2020:10:39:34 +0800] "GET /xingrg/all/function/internal_message.html?_=1607740694034&CODE_STATE=getMsg HTTP/1.1" 200 27
180.162.223.42 - - [12/Dec/2020:10:39:35 +0800] "GET /xingrg/kc/buy/cgsh_order_operate.html?command=get_materiel&rest_code=00105&code=00101009062&supplier_code=00100024&order_time=2020-12-12 HTTP/1.1" 200 433
114.88.163.87 - - [12/Dec/2020:10:39:35 +0800] "GET /xingrg/check_reg.html?_=1607740770439 HTTP/1.1" 200 22
114.88.163.87 - - [12/Dec/2020:10:39:36 +0800] "GET /xingrg/all/function/internal_message.html?_=1607740771328&CODE_STATE=getMsg HTTP/1.1" 200 27
101.83.240.69 - - [12/Dec/2020:10:39:38 +0800] "GET /xingrg/kc/print/load_data.html?order_code=212020121204565&kc_code=cgsh&condition= HTTP/1.1" 200 1535
183.192.164.85 - - [12/Dec/2020:10:39:40 +0800] "GET /xingrg/kc/buy/cgsh_order_operate.html?command=get_materiel&rest_code=00106&code=00101012025&supplier_code=00100032&order_time=2020-12-12 HTTP/1.1" 302 -
180.174.56.115 - - [12/Dec/2020:10:39:41 +0800] "GET /xingrg/all/function/internal_message.html?_=1607740742949&CODE_STATE=getMsg HTTP/1.1" 200 27
101.85.93.83 - - [12/Dec/2020:10:39:41 +0800] "GET /xingrg/all/function/internal_message.html?_=1607740486127&CODE_STATE=getMsg HTTP/1.1" 200 27
116.228.172.94 - - [12/Dec/2020:10:39:43 +0800] "POST /xingrg/kc/buy/cgsh_order_operate.html HTTP/1.1" 200 37
183.192.90.223 - - [12/Dec/2020:10:39:44 +0800] "GET /xingrg/all/function/internal_message.html?_=1607740809591&CODE_STATE=getMsg HTTP/1.1" 200 27
116.228.172.94 - - [12/Dec/2020:10:39:45 +0800] "POST /xingrg/kc/buy/cgsh_order_operate.html HTTP/1.1" 200 9826
114.84.32.187 - - [12/Dec/2020:10:39:45 +0800] "GET /xingrg/all/function/internal_message.html?_=1607740779532&CODE_STATE=getMsg HTTP/1.1" 200 27
116.228.172.94 - - [12/Dec/2020:10:39:46 +0800] "GET /xingrg/kc/print/load_data.html?order_code=212020121204566&kc_code=cgsh&condition= HTTP/1.1" 200 3422
114.84.32.187 - - [12/Dec/2020:10:39:46 +0800] "GET /xingrg/all/function/internal_message.html?_=1607740808280&CODE_STATE=getMsg HTTP/1.1" 200 27
183.192.164.85 - - [12/Dec/2020:10:39:48 +0800] "GET /xingrg/login.html HTTP/1.1" 200 7641
117.185.32.26 - - [12/Dec/2020:10:39:49 +0800] "GET /xingrg/all/function/internal_message.html?_=1607740783165&CODE_STATE=getMsg HTTP/1.1" 200 27
120.253.135.82 - - [12/Dec/2020:10:39:49 +0800] "GET /xingrg/all/function/internal_message.html?_=1607740538599&CODE_STATE=getMsg HTTP/1.1" 200 27
114.88.163.87 - - [12/Dec/2020:10:39:49 +0800] "GET /xingrg/all/function/internal_message.html?_=1607740918344&CODE_STATE=getMsg HTTP/1.1" 200 27
116.228.172.94 - - [12/Dec/2020:10:39:52 +0800] "GET /xingrg/kc/buy/cgsh_order_add.html HTTP/1.1" 200 61027
120.204.17.72 - - [12/Dec/2020:10:39:52 +0800] "GET /xingrg/kc/buy/cgsh_order_operate.html?command=get_materiel&rest_code=00106&code=00101001111&supplier_code=00100032&order_time=2020-12-12 HTTP/1.1" 302 -
116.228.172.94 - - [12/Dec/2020:10:39:52 +0800] "GET /xingrg/words/20201212095936_words.js HTTP/1.1" 304 -
116.228.172.94 - - [12/Dec/2020:10:39:53 +0800] "GET /xingrg/javascript/easyui/themes/default/validatebox.css HTTP/1.1" 404 1104
116.228.172.94 - - [12/Dec/2020:10:39:53 +0800] "POST /xingrg/kc/buy/cgsh_order_operate.html HTTP/1.1" 200 8245
120.204.17.72 - - [12/Dec/2020:10:39:55 +0800] "GET /xingrg/login.html HTTP/1.1" 200 7641
116.228.172.94 - - [12/Dec/2020:10:39:56 +0800] "GET /xingrg/all/function/internal_message.html?_=1607740787298&CODE_STATE=getMsg HTTP/1.1" 200 27
114.88.159.147 - - [12/Dec/2020:10:39:58 +0800] "GET /xingrg/all/function/internal_message.html?_=1607740368123&CODE_STATE=getMsg HTTP/1.1" 200 27
116.228.172.94 - - [12/Dec/2020:10:40:04 +0800] "GET /xingrg/javascript/easyui/themes/default/tree.css HTTP/1.1" 404 1090
116.228.172.94 - - [12/Dec/2020:10:40:04 +0800] "POST /xingrg/all/common/load_tree.html?tree=supplier_tree_json&isDelete=1 HTTP/1.1" 200 52361
114.88.163.87 - - [12/Dec/2020:10:40:05 +0800] "GET /xingrg/all/function/internal_message.html?_=1607740792831&CODE_STATE=getMsg HTTP/1.1" 200 27
114.84.32.187 - - [12/Dec/2020:10:40:07 +0800] "GET /xingrg/check_reg.html?_=1607740836977 HTTP/1.1" 302 -
180.162.223.42 - - [12/Dec/2020:10:40:08 +0800] "GET /xingrg/kc/buy/cgsh_order_operate.html?command=get_materiel&rest_code=00105&code=00101009001&supplier_code=00100024&order_time=2020-12-12 HTTP/1.1" 200 416
180.162.223.42 - - [12/Dec/2020:10:40:12 +0800] "GET /xingrg/all/function/internal_message.html?_=1607740811908&CODE_STATE=getMsg HTTP/1.1" 200 27
114.88.159.147 - - [12/Dec/2020:10:40:19 +0800] "GET /xingrg/all/function/internal_message.html?_=1607740816010&CODE_STATE=getMsg HTTP/1.1" 200 27
117.184.7.26 - - [12/Dec/2020:10:40:19 +0800] "GET /xingrg/all/function/internal_message.html?_=1607740805175&CODE_STATE=getMsg HTTP/1.1" 200 27
120.204.17.70 - - [12/Dec/2020:10:40:21 +0800] "GET /xingrg/all/function/internal_message.html?_=1607740123364&CODE_STATE=getMsg HTTP/1.1" 302 -
222.69.133.109 - - [12/Dec/2020:10:40:23 +0800] "GET /xingrg/all/function/internal_message.html?_=1607740822175&CODE_STATE=getMsg HTTP/1.1" 200 27
222.69.133.109 - - [12/Dec/2020:10:40:23 +0800] "GET /xingrg/check_reg.html?_=1607740822178 HTTP/1.1" 200 22
180.152.104.37 - - [12/Dec/2020:10:40:25 +0800] "GET /xingrg/all/function/internal_message.html?_=1607741053287&CODE_STATE=getMsg HTTP/1.1" 200 27
172.17.0.100 - - [12/Dec/2020:10:40:25 +0800] "GET /xingrg/all/function/internal_message.html?_=1607740823745&CODE_STATE=getMsg HTTP/1.1" 200 27
180.162.223.42 - - [12/Dec/2020:10:40:27 +0800] "GET /xingrg/kc/buy/cgsh_order_operate.html?command=get_materiel&rest_code=00105&code=00101009023&supplier_code=00100024&order_time=2020-12-12 HTTP/1.1" 200 408
120.204.17.70 - - [12/Dec/2020:10:40:28 +0800] "GET /xingrg/login.html HTTP/1.1" 200 7641
180.157.253.48 - - [12/Dec/2020:10:40:33 +0800] "GET /xingrg/check_reg.html?_=1607740838382 HTTP/1.1" 200 22
180.157.253.48 - - [12/Dec/2020:10:40:33 +0800] "GET /xingrg/all/function/internal_message.html?_=1607740839019&CODE_STATE=getMsg HTTP/1.1" 200 27
101.83.240.69 - - [12/Dec/2020:10:40:34 +0800] "GET /xingrg/all/function/internal_message.html?_=1607740827496&CODE_STATE=getMsg HTTP/1.1" 200 27
101.83.240.69 - - [12/Dec/2020:10:40:34 +0800] "GET /xingrg/check_reg.html?_=1607740827550 HTTP/1.1" 200 22
172.17.0.123 - - [12/Dec/2020:10:40:34 +0800] "GET /xingrg/all/function/internal_message.html?_=1607740754036&CODE_STATE=getMsg HTTP/1.1" 200 27
114.88.163.87 - - [12/Dec/2020:10:40:36 +0800] "GET /xingrg/all/function/internal_message.html?_=1607740831332&CODE_STATE=getMsg HTTP/1.1" 200 27
180.162.223.42 - - [12/Dec/2020:10:40:40 +0800] "GET /xingrg/kc/buy/cgsh_order_operate.html?command=get_materiel&rest_code=00105&code=00101009019&supplier_code=00100024&order_time=2020-12-12 HTTP/1.1" 200 432
180.174.56.115 - - [12/Dec/2020:10:40:41 +0800] "GET /xingrg/all/function/internal_message.html?_=1607740802987&CODE_STATE=getMsg HTTP/1.1" 200 27
101.85.93.83 - - [12/Dec/2020:10:40:41 +0800] "GET /xingrg/all/function/internal_message.html?_=1607740546126&CODE_STATE=getMsg HTTP/1.1" 200 27
101.85.93.83 - - [12/Dec/2020:10:40:41 +0800] "GET /xingrg/check_reg.html?_=1607740546127 HTTP/1.1" 200 22
183.192.90.223 - - [12/Dec/2020:10:40:43 +0800] "GET /xingrg/all/function/internal_message.html?_=1607740869584&CODE_STATE=getMsg HTTP/1.1" 200 27
114.84.32.187 - - [12/Dec/2020:10:40:44 +0800] "GET /xingrg/check_reg.html?_=1607740865471 HTTP/1.1" 200 22
114.84.32.187 - - [12/Dec/2020:10:40:45 +0800] "GET /xingrg/all/function/internal_message.html?_=1607740839537&CODE_STATE=getMsg HTTP/1.1" 200 27
114.84.32.187 - - [12/Dec/2020:10:40:45 +0800] "GET /xingrg/check_reg.html?_=1607740839540 HTTP/1.1" 200 22
114.84.32.187 - - [12/Dec/2020:10:40:46 +0800] "GET /xingrg/all/function/internal_message.html?_=1607740868294&CODE_STATE=getMsg HTTP/1.1" 200 27
117.185.32.26 - - [12/Dec/2020:10:40:49 +0800] "GET /xingrg/all/function/internal_message.html?_=1607740843134&CODE_STATE=getMsg HTTP/1.1" 200 27
120.253.135.82 - - [12/Dec/2020:10:40:49 +0800] "GET /xingrg/check_reg.html?_=1607740598513 HTTP/1.1" 200 22
120.253.135.82 - - [12/Dec/2020:10:40:49 +0800] "GET /xingrg/all/function/internal_message.html?_=1607740598612&CODE_STATE=getMsg HTTP/1.1" 200 27
114.88.163.87 - - [12/Dec/2020:10:40:49 +0800] "GET /xingrg/all/function/internal_message.html?_=1607740978345&CODE_STATE=getMsg HTTP/1.1" 200 27
58.221.95.50 - - [12/Dec/2020:10:40:52 +0800] "GET /xingrg/check_reg.html?_=1607740871102 HTTP/1.1" 302 -
116.228.172.94 - - [12/Dec/2020:10:40:56 +0800] "GET /xingrg/all/function/internal_message.html?_=1607740847269&CODE_STATE=getMsg HTTP/1.1" 200 27
180.162.223.42 - - [12/Dec/2020:10:40:58 +0800] "GET /xingrg/kc/buy/cgsh_order_operate.html?command=get_materiel&rest_code=00105&code=00101009011&supplier_code=00100024&order_time=2020-12-12 HTTP/1.1" 200 435
114.88.159.147 - - [12/Dec/2020:10:40:58 +0800] "GET /xingrg/all/function/internal_message.html?_=1607740428123&CODE_STATE=getMsg HTTP/1.1" 200 27
116.228.172.94 - - [12/Dec/2020:10:41:01 +0800] "GET /xingrg/kc/buy/cgsh_order_operate.html?command=get_materiel&rest_code=00107&code=00101006158&supplier_code=00100322&order_time=2020-12-12 HTTP/1.1" 200 436
114.88.163.87 - - [12/Dec/2020:10:41:05 +0800] "GET /xingrg/all/function/internal_message.html?_=1607740852825&CODE_STATE=getMsg HTTP/1.1" 200 27
180.162.223.42 - - [12/Dec/2020:10:41:07 +0800] "GET /xingrg/kc/buy/cgsh_order_operate.html?command=get_materiel&rest_code=00105&code=00101009016&supplier_code=00100024&order_time=2020-12-12 HTTP/1.1" 200 431
180.162.223.42 - - [12/Dec/2020:10:41:12 +0800] "GET /xingrg/all/function/internal_message.html?_=1607740871947&CODE_STATE=getMsg HTTP/1.1" 200 27
114.88.159.147 - - [12/Dec/2020:10:41:13 +0800] "GET /xingrg/kc/buy/cgsh_order_operate.html?command=get_materiel&rest_code=00141&code=00101018011&supplier_code=00100330&order_time=2020-12-12 HTTP/1.1" 200 415
180.162.223.42 - - [12/Dec/2020:10:41:17 +0800] "GET /xingrg/kc/buy/cgsh_order_operate.html?command=get_materiel&rest_code=00105&code=00101009013&supplier_code=00100024&order_time=2020-12-12 HTTP/1.1" 200 420
114.88.159.147 - - [12/Dec/2020:10:41:19 +0800] "GET /xingrg/all/function/internal_message.html?_=1607740876025&CODE_STATE=getMsg HTTP/1.1" 200 27
117.184.7.26 - - [12/Dec/2020:10:41:19 +0800] "GET /xingrg/all/function/internal_message.html?_=1607740865175&CODE_STATE=getMsg HTTP/1.1" 200 27
117.184.7.26 - - [12/Dec/2020:10:41:19 +0800] "GET /xingrg/check_reg.html?_=1607740865200 HTTP/1.1" 200 22
222.69.133.109 - - [12/Dec/2020:10:41:23 +0800] "GET /xingrg/all/function/internal_message.html?_=1607740882178&CODE_STATE=getMsg HTTP/1.1" 200 27
114.88.159.147 - - [12/Dec/2020:10:41:24 +0800] "POST /xingrg/kc/buy/cgsh_order_operate.html HTTP/1.1" 200 37
180.162.223.42 - - [12/Dec/2020:10:41:25 +0800] "GET /xingrg/kc/buy/cgsh_order_operate.html?command=get_materiel&rest_code=00105&code=00101009007&supplier_code=00100024&order_time=2020-12-12 HTTP/1.1" 200 410
180.152.104.37 - - [12/Dec/2020:10:41:25 +0800] "GET /xingrg/all/function/internal_message.html?_=1607741113446&CODE_STATE=getMsg HTTP/1.1" 200 27
172.17.0.100 - - [12/Dec/2020:10:41:25 +0800] "GET /xingrg/all/function/internal_message.html?_=1607740883745&CODE_STATE=getMsg HTTP/1.1" 200 27
114.88.159.147 - - [12/Dec/2020:10:41:26 +0800] "POST /xingrg/kc/buy/cgsh_order_operate.html HTTP/1.1" 200 12
114.88.159.147 - - [12/Dec/2020:10:41:27 +0800] "GET /xingrg/kc/buy/cgsh_order_info.html?code=212020121204567 HTTP/1.1" 200 55854
114.88.159.147 - - [12/Dec/2020:10:41:27 +0800] "GET /xingrg/javascript/easyui/themes/default/validatebox.css HTTP/1.1" 404 1104
114.88.159.147 - - [12/Dec/2020:10:41:27 +0800] "POST /xingrg/kc/buy/cgsh_order_operate.html HTTP/1.1" 200 608
114.88.159.147 - - [12/Dec/2020:10:41:28 +0800] "GET /xingrg/kc/print/load_config.html?kc_code=cgsh HTTP/1.1" 200 1845
114.88.159.147 - - [12/Dec/2020:10:41:29 +0800] "GET /xingrg/kc/print/load_data.html?order_code=212020121204567&kc_code=cgsh&condition= HTTP/1.1" 200 709
114.84.4.90 - - [12/Dec/2020:10:41:29 +0800] "POST /xingrg/services/DataTransmitService HTTP/1.1" 401 565
114.84.4.90 - - [12/Dec/2020:10:41:29 +0800] "POST /xingrg/services/DataTransmitService HTTP/1.1" 200 478
114.84.4.90 - - [12/Dec/2020:10:41:29 +0800] "POST /xingrg/services/DataTransmitService HTTP/1.1" 200 1319
114.84.4.90 - - [12/Dec/2020:10:41:29 +0800] "POST /xingrg/services/DataTransmitService HTTP/1.1" 200 478
114.84.4.90 - - [12/Dec/2020:10:41:29 +0800] "POST /xingrg/services/DataTransmitService HTTP/1.1" 200 1319
114.84.4.90 - - [12/Dec/2020:10:41:29 +0800] "POST /xingrg/services/DataTransmitService HTTP/1.1" 200 524
114.84.4.90 - - [12/Dec/2020:10:41:30 +0800] "POST /xingrg/services/DataTransmitService HTTP/1.1" 200 2283
114.84.4.90 - - [12/Dec/2020:10:41:30 +0800] "POST /xingrg/services/DataTransmitService HTTP/1.1" 200 45454
114.84.4.90 - - [12/Dec/2020:10:41:31 +0800] "POST /xingrg/services/DataTransmitService HTTP/1.1" 200 19237
180.162.223.42 - - [12/Dec/2020:10:41:33 +0800] "GET /xingrg/kc/buy/cgsh_order_operate.html?command=get_materiel&rest_code=00105&code=00101004061&supplier_code=00100024&order_time=2020-12-12 HTTP/1.1" 200 409
180.157.253.48 - - [12/Dec/2020:10:41:33 +0800] "GET /xingrg/all/function/internal_message.html?_=1607740899032&CODE_STATE=getMsg HTTP/1.1" 200 27
101.83.240.69 - - [12/Dec/2020:10:41:34 +0800] "GET /xingrg/all/function/internal_message.html?_=1607740887478&CODE_STATE=getMsg HTTP/1.1" 200 27
172.17.0.123 - - [12/Dec/2020:10:41:34 +0800] "GET /xingrg/all/function/internal_message.html?_=1607740814038&CODE_STATE=getMsg HTTP/1.1" 200 27
114.88.163.87 - - [12/Dec/2020:10:41:36 +0800] "GET /xingrg/all/function/internal_message.html?_=1607740891350&CODE_STATE=getMsg HTTP/1.1" 200 27
116.228.172.94 - - [12/Dec/2020:10:41:38 +0800] "GET /xingrg/kc/buy/cgsh_order_operate.html?command=get_materiel&rest_code=00107&code=00101007144&supplier_code=00100322&order_time=2020-12-12 HTTP/1.1" 200 428
180.162.223.42 - - [12/Dec/2020:10:41:39 +0800] "GET /xingrg/kc/buy/cgsh_order_operate.html?command=get_materiel&rest_code=00105&code=00101009088&supplier_code=00100024&order_time=2020-12-12 HTTP/1.1" 200 391
180.174.56.115 - - [12/Dec/2020:10:41:41 +0800] "GET /xingrg/all/function/internal_message.html?_=1607740862991&CODE_STATE=getMsg HTTP/1.1" 200 27
101.85.93.83 - - [12/Dec/2020:10:41:41 +0800] "GET /xingrg/all/function/internal_message.html?_=1607740606124&CODE_STATE=getMsg HTTP/1.1" 200 27
183.192.90.223 - - [12/Dec/2020:10:41:43 +0800] "GET /xingrg/check_reg.html?_=1607740929536 HTTP/1.1" 200 22
183.192.90.223 - - [12/Dec/2020:10:41:43 +0800] "GET /xingrg/all/function/internal_message.html?_=1607740929583&CODE_STATE=getMsg HTTP/1.1" 200 27
114.88.159.147 - - [12/Dec/2020:10:41:43 +0800] "GET /xingrg/kc/buy/cgsh_order_add.html HTTP/1.1" 200 60945
114.88.159.147 - - [12/Dec/2020:10:41:43 +0800] "POST /xingrg/kc/buy/cgsh_order_operate.html HTTP/1.1" 200 8245
114.88.159.147 - - [12/Dec/2020:10:41:43 +0800] "GET /xingrg/javascript/easyui/themes/default/validatebox.css HTTP/1.1" 404 1104
114.84.32.187 - - [12/Dec/2020:10:41:45 +0800] "GET /xingrg/all/function/internal_message.html?_=1607740899539&CODE_STATE=getMsg HTTP/1.1" 200 27
117.185.32.26 - - [12/Dec/2020:10:41:46 +0800] "GET /xingrg/check_reg.html?_=1607740899877 HTTP/1.1" 200 22
114.84.32.187 - - [12/Dec/2020:10:41:46 +0800] "GET /xingrg/all/function/internal_message.html?_=1607740928310&CODE_STATE=getMsg HTTP/1.1" 200 27
117.185.32.26 - - [12/Dec/2020:10:41:49 +0800] "GET /xingrg/all/function/internal_message.html?_=1607740903109&CODE_STATE=getMsg HTTP/1.1" 200 27
120.253.135.82 - - [12/Dec/2020:10:41:49 +0800] "GET /xingrg/all/function/internal_message.html?_=1607740658626&CODE_STATE=getMsg HTTP/1.1" 200 27
101.83.240.69 - - [12/Dec/2020:10:41:49 +0800] "GET /favicon.ico HTTP/1.1" 404 -
114.88.163.87 - - [12/Dec/2020:10:41:49 +0800] "GET /xingrg/all/function/internal_message.html?_=1607741038343&CODE_STATE=getMsg HTTP/1.1" 200 27
101.83.240.69 - - [12/Dec/2020:10:41:50 +0800] "GET /favicon.ico HTTP/1.1" 404 -
101.83.240.69 - - [12/Dec/2020:10:41:50 +0800] "GET /favicon.ico HTTP/1.1" 404 -
116.228.172.94 - - [12/Dec/2020:10:41:51 +0800] "POST /xingrg/kc/buy/cgsh_order_operate.html HTTP/1.1" 200 37
101.83.240.69 - - [12/Dec/2020:10:41:51 +0800] "GET /favicon.ico HTTP/1.1" 404 -
116.228.172.94 - - [12/Dec/2020:10:41:52 +0800] "POST /xingrg/kc/buy/cgsh_order_operate.html HTTP/1.1" 200 3296
116.228.172.94 - - [12/Dec/2020:10:41:54 +0800] "GET /xingrg/kc/print/load_data.html?order_code=212020121204568&kc_code=cgsh&condition= HTTP/1.1" 200 939
114.88.159.147 - - [12/Dec/2020:10:41:55 +0800] "GET /xingrg/kc/buy/cgsh_order_operate.html?command=get_materiel&rest_code=00141&code=00101012086&supplier_code=00100327&order_time=2020-12-12 HTTP/1.1" 200 406
116.228.172.94 - - [12/Dec/2020:10:41:56 +0800] "GET /xingrg/all/function/internal_message.html?_=1607740907257&CODE_STATE=getMsg HTTP/1.1" 200 27
180.152.104.37 - - [12/Dec/2020:10:41:57 +0800] "POST /xingrg/kc/buy/cgsh_list_operate.html HTTP/1.1" 200 564
180.152.104.37 - - [12/Dec/2020:10:41:57 +0800] "GET /xingrg/kc/buy/cgsh_order_info.html?code=212020121204540 HTTP/1.1" 200 55797
116.228.172.94 - - [12/Dec/2020:10:41:57 +0800] "GET /xingrg/check_reg.html?_=1607740908263 HTTP/1.1" 200 22
180.152.104.37 - - [12/Dec/2020:10:41:57 +0800] "GET /xingrg/javascript/easyui/themes/default/validatebox.css HTTP/1.1" 404 1104
180.152.104.37 - - [12/Dec/2020:10:41:58 +0800] "POST /xingrg/kc/buy/cgsh_order_operate.html HTTP/1.1" 200 4723
114.88.159.147 - - [12/Dec/2020:10:41:58 +0800] "GET /xingrg/all/function/internal_message.html?_=1607740488122&CODE_STATE=getMsg HTTP/1.1" 200 27
116.228.172.94 - - [12/Dec/2020:10:41:58 +0800] "GET /xingrg/kc/buy/cgsh_order_add.html HTTP/1.1" 200 61027
116.228.172.94 - - [12/Dec/2020:10:41:59 +0800] "POST /xingrg/kc/buy/cgsh_order_operate.html HTTP/1.1" 200 8245
116.228.172.94 - - [12/Dec/2020:10:41:59 +0800] "GET /xingrg/javascript/easyui/themes/default/validatebox.css HTTP/1.1" 404 1104
116.228.172.94 - - [12/Dec/2020:10:42:00 +0800] "GET /xingrg/javascript/easyui/themes/default/tree.css HTTP/1.1" 404 1090
116.228.172.94 - - [12/Dec/2020:10:42:00 +0800] "POST /xingrg/all/common/load_tree.html?tree=supplier_tree_json&isDelete=1 HTTP/1.1" 200 52361
180.152.104.37 - - [12/Dec/2020:10:42:01 +0800] "GET /xingrg/kc/print/load_data.html?order_code=212020121204540&kc_code=cgsh&condition= HTTP/1.1" 200 2227
114.88.159.147 - - [12/Dec/2020:10:42:05 +0800] "GET /xingrg/kc/buy/cgsh_order_operate.html?command=get_materiel&rest_code=00141&code=00101008171&supplier_code=00100327&order_time=2020-12-12 HTTP/1.1" 200 421
114.88.163.87 - - [12/Dec/2020:10:42:05 +0800] "GET /xingrg/all/function/internal_message.html?_=1607740912820&CODE_STATE=getMsg HTTP/1.1" 200 27
117.185.32.26 - - [12/Dec/2020:10:42:09 +0800] "GET /xingrg/kc/buy/cgsh_order_add.html HTTP/1.1" 200 60945
117.185.32.26 - - [12/Dec/2020:10:42:10 +0800] "GET /xingrg/javascript/easyui/themes/default/validatebox.css HTTP/1.1" 404 1104
117.185.32.26 - - [12/Dec/2020:10:42:10 +0800] "POST /xingrg/kc/buy/cgsh_order_operate.html HTTP/1.1" 200 8245
117.185.32.26 - - [12/Dec/2020:10:42:11 +0800] "GET /xingrg/javascript/easyui/themes/default/tree.css HTTP/1.1" 404 1090
117.185.32.26 - - [12/Dec/2020:10:42:11 +0800] "POST /xingrg/all/common/load_tree.html?tree=supplier_tree_json&isDelete=1 HTTP/1.1" 200 52361
180.162.223.42 - - [12/Dec/2020:10:42:12 +0800] "GET /xingrg/all/function/internal_message.html?_=1607740931946&CODE_STATE=getMsg HTTP/1.1" 200 27
114.88.159.147 - - [12/Dec/2020:10:42:13 +0800] "GET /xingrg/kc/buy/cgsh_order_operate.html?command=get_materiel&rest_code=00141&code=00101008154&supplier_code=00100327&order_time=2020-12-12 HTTP/1.1" 200 412
114.88.159.147 - - [12/Dec/2020:10:42:19 +0800] "GET /xingrg/all/function/internal_message.html?_=1607740936049&CODE_STATE=getMsg HTTP/1.1" 200 27
117.184.7.30 - - [12/Dec/2020:10:42:20 +0800] "GET /xingrg/all/function/internal_message.html?_=1607740925185&CODE_STATE=getMsg HTTP/1.1" 200 27
222.69.133.109 - - [12/Dec/2020:10:42:23 +0800] "GET /xingrg/all/function/internal_message.html?_=1607740942178&CODE_STATE=getMsg HTTP/1.1" 200 27
114.88.159.147 - - [12/Dec/2020:10:42:23 +0800] "GET /xingrg/kc/buy/cgsh_order_operate.html?command=get_materiel&rest_code=00141&code=00101008486&supplier_code=00100327&order_time=2020-12-12 HTTP/1.1" 200 400
172.17.0.100 - - [12/Dec/2020:10:42:25 +0800] "GET /xingrg/all/function/internal_message.html?_=1607740943745&CODE_STATE=getMsg HTTP/1.1" 200 27
180.152.104.37 - - [12/Dec/2020:10:42:25 +0800] "GET /xingrg/all/function/internal_message.html?_=1607741173601&CODE_STATE=getMsg HTTP/1.1" 200 27
117.185.32.26 - - [12/Dec/2020:10:42:26 +0800] "GET /xingrg/kc/buy/cgsh_order_operate.html?command=get_materiel&rest_code=00106&code=00101008091&supplier_code=00100007&order_time=2020-12-12 HTTP/1.1" 200 413
117.185.32.26 - - [12/Dec/2020:10:42:33 +0800] "GET /xingrg/kc/buy/cgsh_order_operate.html?command=get_materiel&rest_code=00106&code=00101008155&supplier_code=00100007&order_time=2020-12-12 HTTP/1.1" 200 408
180.157.253.48 - - [12/Dec/2020:10:42:33 +0800] "GET /xingrg/all/function/internal_message.html?_=1607740959047&CODE_STATE=getMsg HTTP/1.1" 200 27
172.17.0.123 - - [12/Dec/2020:10:42:34 +0800] "GET /xingrg/check_reg.html?_=1607740874040 HTTP/1.1" 200 22
172.17.0.123 - - [12/Dec/2020:10:42:34 +0800] "GET /xingrg/all/function/internal_message.html?_=1607740874042&CODE_STATE=getMsg HTTP/1.1" 200 27
116.228.172.94 - - [12/Dec/2020:10:42:35 +0800] "GET /xingrg/kc/buy/cgsh_order_operate.html?command=get_materiel&rest_code=00107&code=00101010108&supplier_code=00100336&order_time=2020-12-12 HTTP/1.1" 200 421
114.88.163.87 - - [12/Dec/2020:10:42:36 +0800] "GET /xingrg/all/function/internal_message.html?_=1607740951366&CODE_STATE=getMsg HTTP/1.1" 200 27
114.88.159.147 - - [12/Dec/2020:10:42:37 +0800] "POST /xingrg/kc/buy/cgsh_order_operate.html HTTP/1.1" 200 37
183.192.164.97 - - [12/Dec/2020:10:42:39 +0800] "GET /xingrg/all/function/internal_message.html?_=1607740243310&CODE_STATE=getMsg HTTP/1.1" 302 -
117.185.32.26 - - [12/Dec/2020:10:42:40 +0800] "GET /xingrg/kc/buy/cgsh_order_operate.html?command=get_materiel&rest_code=00106&code=00101008350&supplier_code=00100007&order_time=2020-12-12 HTTP/1.1" 200 408
114.88.159.147 - - [12/Dec/2020:10:42:41 +0800] "POST /xingrg/kc/buy/cgsh_order_operate.html HTTP/1.1" 200 12
180.174.56.115 - - [12/Dec/2020:10:42:41 +0800] "GET /xingrg/all/function/internal_message.html?_=1607740923027&CODE_STATE=getMsg HTTP/1.1" 200 27
101.85.93.83 - - [12/Dec/2020:10:42:41 +0800] "GET /xingrg/all/function/internal_message.html?_=1607740666138&CODE_STATE=getMsg HTTP/1.1" 200 27
183.192.90.223 - - [12/Dec/2020:10:42:42 +0800] "GET /xingrg/all/function/internal_message.html?_=1607740989585&CODE_STATE=getMsg HTTP/1.1" 200 27
114.88.159.147 - - [12/Dec/2020:10:42:42 +0800] "GET /xingrg/kc/buy/cgsh_order_info.html?code=212020121204569 HTTP/1.1" 200 55848
114.88.159.147 - - [12/Dec/2020:10:42:43 +0800] "GET /xingrg/javascript/easyui/themes/default/validatebox.css HTTP/1.1" 404 1104
116.228.172.94 - - [12/Dec/2020:10:42:44 +0800] "POST /xingrg/kc/buy/cgsh_order_operate.html HTTP/1.1" 200 37
114.88.159.147 - - [12/Dec/2020:10:42:44 +0800] "POST /xingrg/kc/buy/cgsh_order_operate.html HTTP/1.1" 200 1795
116.228.172.94 - - [12/Dec/2020:10:42:45 +0800] "POST /xingrg/kc/buy/cgsh_order_operate.html HTTP/1.1" 200 2665
114.84.32.187 - - [12/Dec/2020:10:42:45 +0800] "GET /xingrg/all/function/internal_message.html?_=1607740959541&CODE_STATE=getMsg HTTP/1.1" 200 27
114.88.159.147 - - [12/Dec/2020:10:42:46 +0800] "GET /xingrg/kc/print/load_data.html?order_code=212020121204569&kc_code=cgsh&condition= HTTP/1.1" 200 1169
117.185.32.26 - - [12/Dec/2020:10:42:46 +0800] "GET /xingrg/kc/buy/cgsh_order_operate.html?command=get_materiel&rest_code=00106&code=00101008149&supplier_code=00100007&order_time=2020-12-12 HTTP/1.1" 200 408
114.84.32.187 - - [12/Dec/2020:10:42:47 +0800] "GET /xingrg/all/function/internal_message.html?_=1607740988321&CODE_STATE=getMsg HTTP/1.1" 200 27
116.228.172.94 - - [12/Dec/2020:10:42:47 +0800] "GET /xingrg/kc/print/load_data.html?order_code=212020121204570&kc_code=cgsh&condition= HTTP/1.1" 200 678
183.192.164.97 - - [12/Dec/2020:10:42:48 +0800] "GET /xingrg/login.html HTTP/1.1" 200 7641
117.185.32.26 - - [12/Dec/2020:10:42:49 +0800] "GET /xingrg/all/function/internal_message.html?_=1607740963111&CODE_STATE=getMsg HTTP/1.1" 200 27
120.253.135.82 - - [12/Dec/2020:10:42:49 +0800] "GET /xingrg/all/function/internal_message.html?_=1607740718640&CODE_STATE=getMsg HTTP/1.1" 200 27
114.88.163.87 - - [12/Dec/2020:10:42:49 +0800] "GET /xingrg/all/function/internal_message.html?_=1607741098341&CODE_STATE=getMsg HTTP/1.1" 200 27
114.88.159.147 - - [12/Dec/2020:10:42:50 +0800] "GET /xingrg/kc/buy/cgsh_order_add.html HTTP/1.1" 200 60945
114.88.159.147 - - [12/Dec/2020:10:42:50 +0800] "POST /xingrg/kc/buy/cgsh_order_operate.html HTTP/1.1" 200 8245
114.88.159.147 - - [12/Dec/2020:10:42:50 +0800] "GET /xingrg/javascript/easyui/themes/default/validatebox.css HTTP/1.1" 404 1104
180.157.253.48 - - [12/Dec/2020:10:42:50 +0800] "GET /xingrg/login.html HTTP/1.1" 200 7641
180.157.253.48 - - [12/Dec/2020:10:42:50 +0800] "GET /xingrg/login.html HTTP/1.1" 200 7641
180.157.253.48 - - [12/Dec/2020:10:42:51 +0800] "GET /favicon.ico HTTP/1.1" 404 -
180.157.253.48 - - [12/Dec/2020:10:42:51 +0800] "GET /favicon.ico HTTP/1.1" 404 -
116.228.172.94 - - [12/Dec/2020:10:42:51 +0800] "GET /xingrg/kc/buy/cgsh_order_add.html HTTP/1.1" 200 61027
116.228.172.94 - - [12/Dec/2020:10:42:52 +0800] "GET /xingrg/javascript/easyui/themes/default/validatebox.css HTTP/1.1" 404 1104
116.228.172.94 - - [12/Dec/2020:10:42:52 +0800] "POST /xingrg/kc/buy/cgsh_order_operate.html HTTP/1.1" 200 8245
117.185.32.26 - - [12/Dec/2020:10:42:53 +0800] "GET /xingrg/kc/buy/cgsh_order_operate.html?command=get_materiel&rest_code=00106&code=00101008010&supplier_code=00100007&order_time=2020-12-12 HTTP/1.1" 200 412
116.228.172.94 - - [12/Dec/2020:10:42:53 +0800] "GET /xingrg/javascript/easyui/themes/default/tree.css HTTP/1.1" 404 1090
116.228.172.94 - - [12/Dec/2020:10:42:54 +0800] "POST /xingrg/all/common/load_tree.html?tree=supplier_tree_json&isDelete=1 HTTP/1.1" 200 52361
116.228.172.94 - - [12/Dec/2020:10:42:57 +0800] "GET /xingrg/all/function/internal_message.html?_=1607740967596&CODE_STATE=getMsg HTTP/1.1" 200 27
114.88.159.147 - - [12/Dec/2020:10:42:58 +0800] "GET /xingrg/all/function/internal_message.html?_=1607740548121&CODE_STATE=getMsg HTTP/1.1" 200 27
114.88.159.147 - - [12/Dec/2020:10:42:59 +0800] "GET /xingrg/kc/buy/cgsh_order_operate.html?command=get_materiel&rest_code=00141&code=00101010501&supplier_code=00100326&order_time=2020-12-12 HTTP/1.1" 200 396
117.185.32.26 - - [12/Dec/2020:10:42:59 +0800] "GET /xingrg/kc/buy/cgsh_order_operate.html?command=get_materiel&rest_code=00106&code=00101008283&supplier_code=00100007&order_time=2020-12-12 HTTP/1.1" 200 408
180.157.253.48 - - [12/Dec/2020:10:42:59 +0800] "POST /xingrg/login.do HTTP/1.1" 302 -
180.157.253.48 - - [12/Dec/2020:10:42:59 +0800] "GET /xingrg/index.html?sysBaseUrl=http%3A%2F%2F180.169.147.146%3A18081%2Fxingrg%2F&costTime=40×tamp=1607740979801 HTTP/1.1" 200 17179
180.157.253.48 - - [12/Dec/2020:10:43:00 +0800] "GET /favicon.ico HTTP/1.1" 404 -
180.157.253.48 - - [12/Dec/2020:10:43:00 +0800] "POST /xingrg/all/common/load_tree.html?tree=area_rest_tree_json&manage=1 HTTP/1.1" 200 351
180.157.253.48 - - [12/Dec/2020:10:43:00 +0800] "GET /xingrg/all/function/internal_message.html?_=1607740979881&CODE_STATE=count HTTP/1.1" 200 11
180.157.253.48 - - [12/Dec/2020:10:43:00 +0800] "GET /xingrg/check_reg.html?_=1607740979883 HTTP/1.1" 200 22
180.157.253.48 - - [12/Dec/2020:10:43:00 +0800] "POST /xingrg/load_menu.html HTTP/1.1" 200 5138
114.88.163.87 - - [12/Dec/2020:10:43:05 +0800] "GET /xingrg/all/function/internal_message.html?_=1607740972833&CODE_STATE=getMsg HTTP/1.1" 200 27
114.88.163.87 - - [12/Dec/2020:10:43:05 +0800] "GET /xingrg/check_reg.html?_=1607740972836 HTTP/1.1" 200 22
120.253.135.82 - - [12/Dec/2020:10:43:07 +0800] "GET /xingrg/kc/pszx/mdqp_order_list.html?isBack=1 HTTP/1.1" 302 -
120.253.135.82 - - [12/Dec/2020:10:43:07 +0800] "GET /xingrg/kc/pszx/mdqp_order_list.html?state=10 HTTP/1.1" 200 11421
120.253.135.82 - - [12/Dec/2020:10:43:07 +0800] "GET /xingrg/dwr/interface/AjaxReportQueryService.js HTTP/1.1" 200 13203
120.253.135.82 - - [12/Dec/2020:10:43:07 +0800] "GET /xingrg/dwr/interface/AjaxQqpsService.js HTTP/1.1" 200 16326
120.253.135.82 - - [12/Dec/2020:10:43:07 +0800] "GET /xingrg/dwr/engine.js HTTP/1.1" 200 43631
114.88.159.147 - - [12/Dec/2020:10:43:10 +0800] "POST /xingrg/kc/buy/cgsh_order_operate.html HTTP/1.1" 200 37
117.185.32.26 - - [12/Dec/2020:10:43:11 +0800] "GET /xingrg/kc/buy/cgsh_order_operate.html?command=get_materiel&rest_code=00106&code=00101008110&supplier_code=00100007&order_time=2020-12-12 HTTP/1.1" 200 408
120.253.135.82 - - [12/Dec/2020:10:43:12 +0800] "GET /xingrg/kc/buy/cgsh_order_list.html HTTP/1.1" 200 45202
114.88.159.147 - - [12/Dec/2020:10:43:12 +0800] "POST /xingrg/kc/buy/cgsh_order_operate.html HTTP/1.1" 200 12
180.162.223.42 - - [12/Dec/2020:10:43:12 +0800] "GET /xingrg/all/function/internal_message.html?_=1607740991898&CODE_STATE=getMsg HTTP/1.1" 200 27
114.88.159.147 - - [12/Dec/2020:10:43:12 +0800] "GET /xingrg/kc/buy/cgsh_order_info.html?code=212020121204571 HTTP/1.1" 200 55852
116.228.172.94 - - [12/Dec/2020:10:43:12 +0800] "GET /xingrg/kc/buy/cgsh_order_operate.html?command=get_materiel&rest_code=00107&code=00101004046&supplier_code=00100312&order_time=2020-12-12 HTTP/1.1" 200 417
114.88.159.147 - - [12/Dec/2020:10:43:13 +0800] "GET /xingrg/javascript/easyui/themes/default/validatebox.css HTTP/1.1" 404 1104
120.253.135.82 - - [12/Dec/2020:10:43:13 +0800] "POST /xingrg/kc/buy/cgsh_list_operate.html HTTP/1.1" 200 1683
114.88.159.147 - - [12/Dec/2020:10:43:13 +0800] "POST /xingrg/kc/buy/cgsh_order_operate.html HTTP/1.1" 200 603
114.88.159.147 - - [12/Dec/2020:10:43:14 +0800] "GET /xingrg/kc/print/load_data.html?order_code=212020121204571&kc_code=cgsh&condition= HTTP/1.1" 200 703
120.253.135.82 - - [12/Dec/2020:10:43:15 +0800] "POST /xingrg/kc/buy/cgsh_list_operate.html HTTP/1.1" 200 371
120.253.135.82 - - [12/Dec/2020:10:43:16 +0800] "GET /xingrg/kc/buy/cgsh_order_info.html?code=212020121204552 HTTP/1.1" 200 59959
120.253.135.82 - - [12/Dec/2020:10:43:16 +0800] "GET /xingrg/javascript/easyui/themes/default/validatebox.css HTTP/1.1" 404 1104
120.253.135.82 - - [12/Dec/2020:10:43:17 +0800] "POST /xingrg/kc/buy/cgsh_order_operate.html HTTP/1.1" 200 3893
117.185.32.26 - - [12/Dec/2020:10:43:19 +0800] "GET /xingrg/kc/buy/cgsh_order_operate.html?command=get_materiel&rest_code=00106&code=00101008163&supplier_code=00100007&order_time=2020-12-12 HTTP/1.1" 200 409
114.88.159.147 - - [12/Dec/2020:10:43:19 +0800] "GET /xingrg/all/function/internal_message.html?_=1607740996035&CODE_STATE=getMsg HTTP/1.1" 200 27
117.184.7.30 - - [12/Dec/2020:10:43:19 +0800] "GET /xingrg/all/function/internal_message.html?_=1607740985180&CODE_STATE=getMsg HTTP/1.1" 200 27
114.88.159.147 - - [12/Dec/2020:10:43:21 +0800] "GET /xingrg/kc/buy/cgsh_order_add.html HTTP/1.1" 200 60945
114.88.159.147 - - [12/Dec/2020:10:43:22 +0800] "POST /xingrg/kc/buy/cgsh_order_operate.html HTTP/1.1" 200 8245
114.88.159.147 - - [12/Dec/2020:10:43:22 +0800] "GET /xingrg/javascript/easyui/themes/default/validatebox.css HTTP/1.1" 404 1104
222.69.133.109 - - [12/Dec/2020:10:43:23 +0800] "GET /xingrg/all/function/internal_message.html?_=1607741002178&CODE_STATE=getMsg HTTP/1.1" 200 27
180.157.253.48 - - [12/Dec/2020:10:43:24 +0800] "GET /xingrg/kc/buy/cgsh_order_list.html HTTP/1.1" 200 45208
172.17.0.100 - - [12/Dec/2020:10:43:25 +0800] "GET /xingrg/all/function/internal_message.html?_=1607741003750&CODE_STATE=getMsg HTTP/1.1" 200 27
180.152.104.37 - - [12/Dec/2020:10:43:25 +0800] "GET /xingrg/all/function/internal_message.html?_=1607741233609&CODE_STATE=getMsg HTTP/1.1" 200 27
117.185.32.26 - - [12/Dec/2020:10:43:26 +0800] "GET /xingrg/kc/buy/cgsh_order_operate.html?command=get_materiel&rest_code=00106&code=00101008355&supplier_code=00100007&order_time=2020-12-12 HTTP/1.1" 200 408
180.157.253.48 - - [12/Dec/2020:10:43:26 +0800] "POST /xingrg/kc/buy/cgsh_list_operate.html HTTP/1.1" 200 3092
116.228.172.94 - - [12/Dec/2020:10:43:27 +0800] "GET /xingrg/kc/buy/cgsh_order_operate.html?command=get_materiel&rest_code=00107&code=00101004028&supplier_code=00100312&order_time=2020-12-12 HTTP/1.1" 200 413
180.157.253.48 - - [12/Dec/2020:10:43:31 +0800] "GET /xingrg/kc/buy/cgsh_order_add.html HTTP/1.1" 200 60945
180.157.253.48 - - [12/Dec/2020:10:43:32 +0800] "GET /xingrg/words/20201212095936_words.js HTTP/1.1" 200 780539
120.253.135.82 - - [12/Dec/2020:10:43:32 +0800] "POST /xingrg/kc/buy/cgsh_order_operate.html HTTP/1.1" 200 37
180.157.253.48 - - [12/Dec/2020:10:43:32 +0800] "POST /xingrg/kc/buy/cgsh_order_operate.html HTTP/1.1" 200 8245
180.157.253.48 - - [12/Dec/2020:10:43:32 +0800] "GET /xingrg/all/common/auto_word.html?type=employee&rest_code=00148 HTTP/1.1" 200 197
180.157.253.48 - - [12/Dec/2020:10:43:32 +0800] "GET /xingrg/all/common/auto_word.html?type=employee&rest_code=00148 HTTP/1.1" 200 197
180.157.253.48 - - [12/Dec/2020:10:43:32 +0800] "GET /xingrg/javascript/easyui/themes/default/validatebox.css HTTP/1.1" 404 1104
117.185.32.26 - - [12/Dec/2020:10:43:33 +0800] "GET /xingrg/kc/buy/cgsh_order_operate.html?command=get_materiel&rest_code=00106&code=00101008264&supplier_code=00100007&order_time=2020-12-12 HTTP/1.1" 200 412
180.157.253.48 - - [12/Dec/2020:10:43:33 +0800] "GET /xingrg/all/function/internal_message.html?_=1607741019199&CODE_STATE=getMsg HTTP/1.1" 200 27
180.157.253.48 - - [12/Dec/2020:10:43:34 +0800] "GET /xingrg/javascript/auto/indicator.gif HTTP/1.1" 404 1066
183.192.164.71 - - [12/Dec/2020:10:43:34 +0800] "GET /xingrg/check_reg.html?_=1607740299483 HTTP/1.1" 302 -
172.17.0.123 - - [12/Dec/2020:10:43:34 +0800] "GET /xingrg/all/function/internal_message.html?_=1607740934028&CODE_STATE=getMsg HTTP/1.1" 200 27
120.253.135.82 - - [12/Dec/2020:10:43:35 +0800] "POST /xingrg/kc/buy/cgsh_order_operate.html HTTP/1.1" 200 12
114.88.159.147 - - [12/Dec/2020:10:43:36 +0800] "GET /xingrg/kc/buy/cgsh_order_operate.html?command=get_materiel&rest_code=00141&code=00101001125&supplier_code=00100090&order_time=2020-12-12 HTTP/1.1" 200 415
114.88.163.87 - - [12/Dec/2020:10:43:36 +0800] "GET /xingrg/all/function/internal_message.html?_=1607741011392&CODE_STATE=getMsg HTTP/1.1" 200 27
120.253.135.82 - - [12/Dec/2020:10:43:36 +0800] "GET /xingrg/kc/buy/cgsh_order_info.html?code=212020121204552 HTTP/1.1" 200 54853
120.253.135.82 - - [12/Dec/2020:10:43:37 +0800] "GET /xingrg/javascript/easyui/themes/default/validatebox.css HTTP/1.1" 404 1104
120.253.135.82 - - [12/Dec/2020:10:43:38 +0800] "POST /xingrg/kc/buy/cgsh_order_operate.html HTTP/1.1" 200 1843
183.192.164.71 - - [12/Dec/2020:10:43:41 +0800] "GET /xingrg/login.html HTTP/1.1" 200 7641
180.174.56.115 - - [12/Dec/2020:10:43:41 +0800] "GET /xingrg/check_reg.html?_=1607740982800 HTTP/1.1" 200 22
180.174.56.115 - - [12/Dec/2020:10:43:41 +0800] "GET /xingrg/all/function/internal_message.html?_=1607740983051&CODE_STATE=getMsg HTTP/1.1" 200 27
183.192.90.223 - - [12/Dec/2020:10:43:41 +0800] "GET /xingrg/all/function/internal_message.html?_=1607741049588&CODE_STATE=getMsg HTTP/1.1" 200 27
101.85.93.83 - - [12/Dec/2020:10:43:41 +0800] "GET /xingrg/all/function/internal_message.html?_=1607740726137&CODE_STATE=getMsg HTTP/1.1" 200 27
117.185.32.26 - - [12/Dec/2020:10:43:42 +0800] "GET /xingrg/kc/buy/cgsh_order_operate.html?command=get_materiel&rest_code=00106&code=00101008024&supplier_code=00100007&order_time=2020-12-12 HTTP/1.1" 200 408
116.228.172.94 - - [12/Dec/2020:10:43:43 +0800] "GET /xingrg/kc/buy/cgsh_order_operate.html?command=get_materiel&rest_code=00107&code=00101004030&supplier_code=00100312&order_time=2020-12-12 HTTP/1.1" 200 408
114.84.32.187 - - [12/Dec/2020:10:43:45 +0800] "GET /xingrg/all/function/internal_message.html?_=1607741019541&CODE_STATE=getMsg HTTP/1.1" 200 27
