114.88.163.87 - - [12/Dec/2020:07:11:05 +0800] "GET /xingrg/all/function/internal_message.html?_=1607728252709&CODE_STATE=getMsg HTTP/1.1" 200 27
120.253.135.82 - - [12/Dec/2020:07:11:07 +0800] "GET /xingrg/all/function/internal_message.html?_=1607728015493&CODE_STATE=getMsg HTTP/1.1" 200 27
120.253.135.82 - - [12/Dec/2020:07:11:07 +0800] "POST /xingrg/all/common/load_select.html HTTP/1.1" 200 25
114.84.32.187 - - [12/Dec/2020:07:11:09 +0800] "GET /xingrg/all/function/internal_message.html?_=1607728290291&CODE_STATE=getMsg HTTP/1.1" 200 27
120.253.135.82 - - [12/Dec/2020:07:11:10 +0800] "GET /xingrg/kc/pszx/mdps_order_operate.html?command=get_materiel_price&pszx_code=00101&rest_code=00149&base_code=0010246&code=00101037017&unit_code=00100156&order_time=2020-12-13 HTTP/1.1" 200 32
172.17.0.123 - - [12/Dec/2020:07:11:34 +0800] "GET /xingrg/all/function/internal_message.html?_=1607728214040&CODE_STATE=getMsg HTTP/1.1" 200 27
114.84.32.187 - - [12/Dec/2020:07:11:45 +0800] "GET /xingrg/all/function/internal_message.html?_=1607728299285&CODE_STATE=getMsg HTTP/1.1" 200 27
180.174.56.115 - - [12/Dec/2020:07:11:46 +0800] "GET /xingrg/all/function/internal_message.html?_=1607728268375&CODE_STATE=getMsg HTTP/1.1" 200 27
120.253.135.82 - - [12/Dec/2020:07:11:55 +0800] "POST /xingrg/kc/pszx/mdps_order_operate.html HTTP/1.1" 200 37
120.253.135.82 - - [12/Dec/2020:07:11:56 +0800] "GET /xingrg/kc/pszx/mdps_order_info.html?code=312020121200317 HTTP/1.1" 200 23887
120.253.135.82 - - [12/Dec/2020:07:11:56 +0800] "GET /xingrg/javascript/easyui/themes/default/validatebox.css HTTP/1.1" 404 1104
120.253.135.82 - - [12/Dec/2020:07:11:56 +0800] "POST /xingrg/kc/pszx/mdps_order_operate.html HTTP/1.1" 200 19958
114.88.159.147 - - [12/Dec/2020:07:11:57 +0800] "GET /xingrg/all/function/internal_message.html?_=1607727887502&CODE_STATE=getMsg HTTP/1.1" 200 27
114.88.163.87 - - [12/Dec/2020:07:12:05 +0800] "GET /xingrg/all/function/internal_message.html?_=1607728312704&CODE_STATE=getMsg HTTP/1.1" 200 27
120.253.135.82 - - [12/Dec/2020:07:12:07 +0800] "GET /xingrg/all/function/internal_message.html?_=1607728075508&CODE_STATE=getMsg HTTP/1.1" 200 27
114.84.32.187 - - [12/Dec/2020:07:12:09 +0800] "GET /xingrg/all/function/internal_message.html?_=1607728350311&CODE_STATE=getMsg HTTP/1.1" 200 27
120.253.135.82 - - [12/Dec/2020:07:12:29 +0800] "POST /xingrg/kc/pszx/mdps_order_operate.html HTTP/1.1" 200 37
120.253.135.82 - - [12/Dec/2020:07:12:30 +0800] "GET /xingrg/kc/pszx/mdps_order_info.html?code=312020121200317 HTTP/1.1" 200 23887
120.253.135.82 - - [12/Dec/2020:07:12:31 +0800] "POST /xingrg/kc/pszx/mdps_order_operate.html HTTP/1.1" 200 19958
120.253.135.82 - - [12/Dec/2020:07:12:31 +0800] "GET /xingrg/javascript/easyui/themes/default/validatebox.css HTTP/1.1" 404 1104
120.253.135.82 - - [12/Dec/2020:07:12:34 +0800] "POST /xingrg/kc/pszx/mdps_list_operate.html HTTP/1.1" 200 5033
172.17.0.123 - - [12/Dec/2020:07:12:34 +0800] "GET /xingrg/check_reg.html?_=1607728274042 HTTP/1.1" 200 22
172.17.0.123 - - [12/Dec/2020:07:12:34 +0800] "GET /xingrg/all/function/internal_message.html?_=1607728274042&CODE_STATE=getMsg HTTP/1.1" 200 27
120.253.135.82 - - [12/Dec/2020:07:12:37 +0800] "POST /xingrg/kc/pszx/mdps_list_operate.html HTTP/1.1" 200 656
120.253.135.82 - - [12/Dec/2020:07:12:38 +0800] "GET /xingrg/kc/pszx/mdps_order_info.html?code=312020121200318 HTTP/1.1" 200 23887
120.253.135.82 - - [12/Dec/2020:07:12:38 +0800] "POST /xingrg/kc/pszx/mdps_order_operate.html HTTP/1.1" 200 5318
120.253.135.82 - - [12/Dec/2020:07:12:38 +0800] "GET /xingrg/javascript/easyui/themes/default/validatebox.css HTTP/1.1" 404 1104
120.253.135.82 - - [12/Dec/2020:07:12:41 +0800] "POST /xingrg/kc/pszx/mdps_order_operate.html HTTP/1.1" 200 37
120.253.135.82 - - [12/Dec/2020:07:12:42 +0800] "GET /xingrg/kc/pszx/mdps_order_info.html?code=312020121200318 HTTP/1.1" 200 23887
120.253.135.82 - - [12/Dec/2020:07:12:42 +0800] "POST /xingrg/kc/pszx/mdps_order_operate.html HTTP/1.1" 200 5371
120.253.135.82 - - [12/Dec/2020:07:12:42 +0800] "GET /xingrg/javascript/easyui/themes/default/validatebox.css HTTP/1.1" 404 1104
114.84.32.187 - - [12/Dec/2020:07:12:45 +0800] "GET /xingrg/all/function/internal_message.html?_=1607728359286&CODE_STATE=getMsg HTTP/1.1" 200 27
180.174.56.115 - - [12/Dec/2020:07:12:46 +0800] "GET /xingrg/all/function/internal_message.html?_=1607728328399&CODE_STATE=getMsg HTTP/1.1" 200 27
114.88.159.147 - - [12/Dec/2020:07:12:57 +0800] "GET /xingrg/all/function/internal_message.html?_=1607727947501&CODE_STATE=getMsg HTTP/1.1" 200 27
114.88.163.87 - - [12/Dec/2020:07:13:05 +0800] "GET /xingrg/check_reg.html?_=1607728372703 HTTP/1.1" 200 22
114.88.163.87 - - [12/Dec/2020:07:13:05 +0800] "GET /xingrg/all/function/internal_message.html?_=1607728372702&CODE_STATE=getMsg HTTP/1.1" 200 27
120.253.135.82 - - [12/Dec/2020:07:13:07 +0800] "GET /xingrg/all/function/internal_message.html?_=1607728135521&CODE_STATE=getMsg HTTP/1.1" 200 27
114.84.32.187 - - [12/Dec/2020:07:13:09 +0800] "GET /xingrg/all/function/internal_message.html?_=1607728410319&CODE_STATE=getMsg HTTP/1.1" 200 27
172.17.0.123 - - [12/Dec/2020:07:13:34 +0800] "GET /xingrg/all/function/internal_message.html?_=1607728334028&CODE_STATE=getMsg HTTP/1.1" 200 27
180.174.56.115 - - [12/Dec/2020:07:13:35 +0800] "GET /xingrg/check_reg.html?_=1607728377513 HTTP/1.1" 200 22
180.162.223.42 - - [12/Dec/2020:07:13:37 +0800] "POST /xingrg/services/DataTransmitService HTTP/1.1" 200 524
114.84.32.187 - - [12/Dec/2020:07:13:45 +0800] "GET /xingrg/all/function/internal_message.html?_=1607728419286&CODE_STATE=getMsg HTTP/1.1" 200 27
180.174.56.115 - - [12/Dec/2020:07:13:46 +0800] "GET /xingrg/all/function/internal_message.html?_=1607728388403&CODE_STATE=getMsg HTTP/1.1" 200 27
120.253.135.82 - - [12/Dec/2020:07:13:55 +0800] "POST /xingrg/kc/pszx/mdps_order_operate.html HTTP/1.1" 200 37
120.253.135.82 - - [12/Dec/2020:07:13:56 +0800] "GET /xingrg/kc/pszx/mdps_order_info.html?code=312020121200318 HTTP/1.1" 200 23887
120.253.135.82 - - [12/Dec/2020:07:13:57 +0800] "GET /xingrg/javascript/easyui/themes/default/validatebox.css HTTP/1.1" 404 1104
120.253.135.82 - - [12/Dec/2020:07:13:57 +0800] "POST /xingrg/kc/pszx/mdps_order_operate.html HTTP/1.1" 200 5371
114.88.159.147 - - [12/Dec/2020:07:13:57 +0800] "GET /xingrg/all/function/internal_message.html?_=1607728007500&CODE_STATE=getMsg HTTP/1.1" 200 27
114.88.159.147 - - [12/Dec/2020:07:13:57 +0800] "GET /xingrg/check_reg.html?_=1607728007503 HTTP/1.1" 200 22
120.253.135.82 - - [12/Dec/2020:07:13:59 +0800] "POST /xingrg/kc/pszx/mdps_list_operate.html HTTP/1.1" 200 5033
120.253.135.82 - - [12/Dec/2020:07:14:01 +0800] "POST /xingrg/kc/pszx/mdps_list_operate.html HTTP/1.1" 200 656
120.253.135.82 - - [12/Dec/2020:07:14:02 +0800] "POST /xingrg/kc/pszx/mdps_list_operate.html HTTP/1.1" 200 626
120.253.135.82 - - [12/Dec/2020:07:14:03 +0800] "GET /xingrg/kc/pszx/mdps_order_info.html?code=312020121200319 HTTP/1.1" 200 23887
120.253.135.82 - - [12/Dec/2020:07:14:04 +0800] "GET /xingrg/javascript/easyui/themes/default/validatebox.css HTTP/1.1" 404 1104
120.253.135.82 - - [12/Dec/2020:07:14:04 +0800] "POST /xingrg/kc/pszx/mdps_order_operate.html HTTP/1.1" 200 6283
114.88.163.87 - - [12/Dec/2020:07:14:05 +0800] "GET /xingrg/all/function/internal_message.html?_=1607728432699&CODE_STATE=getMsg HTTP/1.1" 200 27
120.253.135.82 - - [12/Dec/2020:07:14:06 +0800] "POST /xingrg/all/common/load_combo.html?type=base HTTP/1.1" 200 984
120.253.135.82 - - [12/Dec/2020:07:14:07 +0800] "GET /xingrg/all/function/internal_message.html?_=1607728195610&CODE_STATE=getMsg HTTP/1.1" 200 27
114.84.32.187 - - [12/Dec/2020:07:14:09 +0800] "GET /xingrg/all/function/internal_message.html?_=1607728470343&CODE_STATE=getMsg HTTP/1.1" 200 27
120.253.135.82 - - [12/Dec/2020:07:14:10 +0800] "POST /xingrg/kc/pszx/mdps_order_operate.html HTTP/1.1" 200 37
120.253.135.82 - - [12/Dec/2020:07:14:11 +0800] "GET /xingrg/kc/pszx/mdps_order_info.html?code=312020121200319 HTTP/1.1" 200 23887
120.253.135.82 - - [12/Dec/2020:07:14:12 +0800] "GET /xingrg/javascript/easyui/themes/default/validatebox.css HTTP/1.1" 404 1104
120.253.135.82 - - [12/Dec/2020:07:14:12 +0800] "POST /xingrg/kc/pszx/mdps_order_operate.html HTTP/1.1" 200 6355
120.253.135.82 - - [12/Dec/2020:07:14:32 +0800] "POST /xingrg/kc/pszx/mdps_list_operate.html HTTP/1.1" 200 5033
172.17.0.123 - - [12/Dec/2020:07:14:34 +0800] "GET /xingrg/all/function/internal_message.html?_=1607728394030&CODE_STATE=getMsg HTTP/1.1" 200 27
120.253.135.82 - - [12/Dec/2020:07:14:36 +0800] "GET /xingrg/kc/report/report_main.html HTTP/1.1" 200 9370
120.253.135.82 - - [12/Dec/2020:07:14:36 +0800] "POST /xingrg/kc/pszx/mdps_list_operate.html HTTP/1.1" 200 5033
120.253.135.82 - - [12/Dec/2020:07:14:37 +0800] "GET /xingrg/kc/base/kc_stocks.html HTTP/1.1" 200 16386
120.253.135.82 - - [12/Dec/2020:07:14:37 +0800] "GET /xingrg/javascript/easyui/themes/default/tree.css HTTP/1.1" 404 1090
120.253.135.82 - - [12/Dec/2020:07:14:37 +0800] "POST /xingrg/all/common/load_tree.html?tree=materiel_sort_tree_json HTTP/1.1" 200 8666
120.253.135.82 - - [12/Dec/2020:07:14:39 +0800] "POST /xingrg/all/common/load_combo.html?type=base HTTP/1.1" 200 984
114.84.32.187 - - [12/Dec/2020:07:14:45 +0800] "GET /xingrg/all/function/internal_message.html?_=1607728479286&CODE_STATE=getMsg HTTP/1.1" 200 27
120.253.135.82 - - [12/Dec/2020:07:14:46 +0800] "POST /xingrg/kc/base/stock_operate.html HTTP/1.1" 200 765
180.174.56.115 - - [12/Dec/2020:07:14:46 +0800] "GET /xingrg/all/function/internal_message.html?_=1607728448418&CODE_STATE=getMsg HTTP/1.1" 200 27
120.253.135.82 - - [12/Dec/2020:07:14:47 +0800] "GET /xingrg/javascript/easyui/themes/sunny/images/ui-bg_gloss-wave_60_fece2f_500x100.png HTTP/1.1" 200 3512
120.253.135.82 - - [12/Dec/2020:07:14:49 +0800] "GET /xingrg/kc/pszx/mdps_order_list.html?orderType=0 HTTP/1.1" 200 21238
120.253.135.82 - - [12/Dec/2020:07:14:49 +0800] "POST /xingrg/kc/pszx/mdps_list_operate.html HTTP/1.1" 200 5521
120.253.135.82 - - [12/Dec/2020:07:14:56 +0800] "POST /xingrg/kc/pszx/mdps_list_operate.html HTTP/1.1" 200 5033
114.88.159.147 - - [12/Dec/2020:07:14:57 +0800] "GET /xingrg/all/function/internal_message.html?_=1607728067501&CODE_STATE=getMsg HTTP/1.1" 200 27
114.84.32.187 - - [12/Dec/2020:07:15:00 +0800] "GET /xingrg/check_reg.html?_=1607728520939 HTTP/1.1" 200 22
120.253.135.82 - - [12/Dec/2020:07:15:02 +0800] "POST /xingrg/kc/pszx/mdps_list_operate.html HTTP/1.1" 200 626
120.253.135.82 - - [12/Dec/2020:07:15:02 +0800] "GET /xingrg/check_reg.html?_=1607728251069 HTTP/1.1" 200 22
114.88.163.87 - - [12/Dec/2020:07:15:05 +0800] "GET /xingrg/all/function/internal_message.html?_=1607728492695&CODE_STATE=getMsg HTTP/1.1" 200 27
120.253.135.82 - - [12/Dec/2020:07:15:05 +0800] "GET /xingrg/kc/pszx/mdps_order_info.html?code=312020121200319 HTTP/1.1" 200 23887
120.253.135.82 - - [12/Dec/2020:07:15:05 +0800] "POST /xingrg/kc/pszx/mdps_order_operate.html HTTP/1.1" 200 6355
120.253.135.82 - - [12/Dec/2020:07:15:06 +0800] "GET /xingrg/javascript/easyui/themes/default/validatebox.css HTTP/1.1" 404 1104
120.253.135.82 - - [12/Dec/2020:07:15:07 +0800] "GET /xingrg/all/function/internal_message.html?_=1607728255611&CODE_STATE=getMsg HTTP/1.1" 200 27
114.84.32.187 - - [12/Dec/2020:07:15:09 +0800] "GET /xingrg/all/function/internal_message.html?_=1607728530347&CODE_STATE=getMsg HTTP/1.1" 200 27
172.17.0.123 - - [12/Dec/2020:07:15:34 +0800] "GET /xingrg/all/function/internal_message.html?_=1607728454032&CODE_STATE=getMsg HTTP/1.1" 200 27
120.253.135.82 - - [12/Dec/2020:07:15:37 +0800] "POST /xingrg/kc/pszx/mdps_list_operate.html HTTP/1.1" 200 457
120.253.135.82 - - [12/Dec/2020:07:15:40 +0800] "POST /xingrg/kc/pszx/mdps_list_operate.html HTTP/1.1" 200 207
120.253.135.82 - - [12/Dec/2020:07:15:42 +0800] "POST /xingrg/kc/pszx/mdps_list_operate.html HTTP/1.1" 200 294
114.84.32.187 - - [12/Dec/2020:07:15:45 +0800] "GET /xingrg/all/function/internal_message.html?_=1607728539289&CODE_STATE=getMsg HTTP/1.1" 200 27
114.84.32.187 - - [12/Dec/2020:07:15:45 +0800] "GET /xingrg/check_reg.html?_=1607728539292 HTTP/1.1" 200 22
180.174.56.115 - - [12/Dec/2020:07:15:46 +0800] "GET /xingrg/all/function/internal_message.html?_=1607728508441&CODE_STATE=getMsg HTTP/1.1" 200 27
120.253.135.82 - - [12/Dec/2020:07:15:49 +0800] "GET /xingrg/kc/pszx/mdps_order_info.html?code=312020121200320 HTTP/1.1" 200 23887
120.253.135.82 - - [12/Dec/2020:07:15:49 +0800] "POST /xingrg/kc/pszx/mdps_order_operate.html HTTP/1.1" 200 3779
120.253.135.82 - - [12/Dec/2020:07:15:49 +0800] "GET /xingrg/javascript/easyui/themes/default/validatebox.css HTTP/1.1" 404 1104
120.253.135.82 - - [12/Dec/2020:07:15:52 +0800] "POST /xingrg/kc/pszx/mdps_order_operate.html HTTP/1.1" 200 37
120.253.135.82 - - [12/Dec/2020:07:15:53 +0800] "GET /xingrg/kc/pszx/mdps_order_info.html?code=312020121200320 HTTP/1.1" 200 23887
120.253.135.82 - - [12/Dec/2020:07:15:54 +0800] "POST /xingrg/kc/pszx/mdps_order_operate.html HTTP/1.1" 200 3812
120.253.135.82 - - [12/Dec/2020:07:15:54 +0800] "GET /xingrg/javascript/easyui/themes/default/validatebox.css HTTP/1.1" 404 1104
114.88.159.147 - - [12/Dec/2020:07:15:57 +0800] "GET /xingrg/all/function/internal_message.html?_=1607728127500&CODE_STATE=getMsg HTTP/1.1" 200 27
114.88.163.87 - - [12/Dec/2020:07:16:05 +0800] "GET /xingrg/all/function/internal_message.html?_=1607728552710&CODE_STATE=getMsg HTTP/1.1" 200 27
120.253.135.82 - - [12/Dec/2020:07:16:07 +0800] "GET /xingrg/all/function/internal_message.html?_=1607728315625&CODE_STATE=getMsg HTTP/1.1" 200 27
114.84.32.187 - - [12/Dec/2020:07:16:09 +0800] "GET /xingrg/all/function/internal_message.html?_=1607728590360&CODE_STATE=getMsg HTTP/1.1" 200 27
172.17.0.123 - - [12/Dec/2020:07:16:34 +0800] "GET /xingrg/all/function/internal_message.html?_=1607728514034&CODE_STATE=getMsg HTTP/1.1" 200 27
120.253.135.82 - - [12/Dec/2020:07:16:40 +0800] "POST /xingrg/kc/pszx/mdps_list_operate.html HTTP/1.1" 200 5033
120.253.135.82 - - [12/Dec/2020:07:16:42 +0800] "POST /xingrg/kc/pszx/mdps_list_operate.html HTTP/1.1" 200 294
120.253.135.82 - - [12/Dec/2020:07:16:44 +0800] "POST /xingrg/kc/pszx/mdps_list_operate.html HTTP/1.1" 200 457
114.84.32.187 - - [12/Dec/2020:07:16:45 +0800] "GET /xingrg/all/function/internal_message.html?_=1607728599291&CODE_STATE=getMsg HTTP/1.1" 200 27
120.253.135.82 - - [12/Dec/2020:07:16:46 +0800] "GET /xingrg/kc/pszx/mdps_order_info.html?code=312020121200321 HTTP/1.1" 200 23887
120.253.135.82 - - [12/Dec/2020:07:16:46 +0800] "POST /xingrg/kc/pszx/mdps_order_operate.html HTTP/1.1" 200 2781
120.253.135.82 - - [12/Dec/2020:07:16:46 +0800] "GET /xingrg/javascript/easyui/themes/default/validatebox.css HTTP/1.1" 404 1104
180.174.56.115 - - [12/Dec/2020:07:16:46 +0800] "GET /xingrg/all/function/internal_message.html?_=1607728568443&CODE_STATE=getMsg HTTP/1.1" 200 27
120.253.135.82 - - [12/Dec/2020:07:16:49 +0800] "POST /xingrg/kc/pszx/mdps_order_operate.html HTTP/1.1" 200 37
120.253.135.82 - - [12/Dec/2020:07:16:50 +0800] "GET /xingrg/kc/pszx/mdps_order_info.html?code=312020121200321 HTTP/1.1" 200 23887
120.253.135.82 - - [12/Dec/2020:07:16:51 +0800] "POST /xingrg/kc/pszx/mdps_order_operate.html HTTP/1.1" 200 2796
120.253.135.82 - - [12/Dec/2020:07:16:51 +0800] "GET /xingrg/javascript/easyui/themes/default/validatebox.css HTTP/1.1" 404 1104
114.88.159.147 - - [12/Dec/2020:07:16:57 +0800] "GET /xingrg/all/function/internal_message.html?_=1607728187499&CODE_STATE=getMsg HTTP/1.1" 200 27
114.88.163.87 - - [12/Dec/2020:07:17:05 +0800] "GET /xingrg/all/function/internal_message.html?_=1607728612691&CODE_STATE=getMsg HTTP/1.1" 200 27
120.253.135.82 - - [12/Dec/2020:07:17:05 +0800] "POST /xingrg/kc/pszx/mdps_list_operate.html HTTP/1.1" 200 5033
120.253.135.82 - - [12/Dec/2020:07:17:07 +0800] "GET /xingrg/all/function/internal_message.html?_=1607728375638&CODE_STATE=getMsg HTTP/1.1" 200 27
120.253.135.82 - - [12/Dec/2020:07:17:08 +0800] "POST /xingrg/kc/pszx/mdps_list_operate.html HTTP/1.1" 200 284
120.253.135.82 - - [12/Dec/2020:07:17:09 +0800] "GET /xingrg/kc/pszx/mdps_order_info.html?code=312020121200322 HTTP/1.1" 200 23887
114.84.32.187 - - [12/Dec/2020:07:17:09 +0800] "GET /xingrg/all/function/internal_message.html?_=1607728650388&CODE_STATE=getMsg HTTP/1.1" 200 27
120.253.135.82 - - [12/Dec/2020:07:17:09 +0800] "POST /xingrg/kc/pszx/mdps_order_operate.html HTTP/1.1" 200 2765
120.253.135.82 - - [12/Dec/2020:07:17:09 +0800] "GET /xingrg/javascript/easyui/themes/default/validatebox.css HTTP/1.1" 404 1104
120.253.135.82 - - [12/Dec/2020:07:17:12 +0800] "POST /xingrg/kc/pszx/mdps_order_operate.html HTTP/1.1" 200 37
120.253.135.82 - - [12/Dec/2020:07:17:13 +0800] "GET /xingrg/kc/pszx/mdps_order_info.html?code=312020121200322 HTTP/1.1" 200 23887
120.253.135.82 - - [12/Dec/2020:07:17:14 +0800] "POST /xingrg/kc/pszx/mdps_order_operate.html HTTP/1.1" 200 2780
120.253.135.82 - - [12/Dec/2020:07:17:14 +0800] "GET /xingrg/javascript/easyui/themes/default/validatebox.css HTTP/1.1" 404 1104
120.253.135.82 - - [12/Dec/2020:07:17:15 +0800] "POST /xingrg/kc/pszx/mdps_list_operate.html HTTP/1.1" 200 5033
120.253.135.82 - - [12/Dec/2020:07:17:17 +0800] "POST /xingrg/kc/pszx/mdps_list_operate.html HTTP/1.1" 200 208
120.253.135.82 - - [12/Dec/2020:07:17:19 +0800] "POST /xingrg/kc/pszx/mdps_list_operate.html HTTP/1.1" 200 207
172.17.0.123 - - [12/Dec/2020:07:17:34 +0800] "GET /xingrg/all/function/internal_message.html?_=1607728574036&CODE_STATE=getMsg HTTP/1.1" 200 27
172.17.0.123 - - [12/Dec/2020:07:17:34 +0800] "GET /xingrg/check_reg.html?_=1607728574036 HTTP/1.1" 200 22
114.84.32.187 - - [12/Dec/2020:07:17:38 +0800] "POST /xingrg/kc/buy/cgsh_order_operate.html HTTP/1.1" 200 37
114.84.32.187 - - [12/Dec/2020:07:17:40 +0800] "POST /xingrg/kc/buy/cgsh_order_operate.html HTTP/1.1" 200 6820
114.84.32.187 - - [12/Dec/2020:07:17:42 +0800] "GET /xingrg/kc/buy/cgsh_order_list.html HTTP/1.1" 200 45208
114.84.32.187 - - [12/Dec/2020:07:17:43 +0800] "POST /xingrg/kc/buy/cgsh_list_operate.html HTTP/1.1" 200 5208
114.84.32.187 - - [12/Dec/2020:07:17:45 +0800] "GET /xingrg/all/function/internal_message.html?_=1607728659293&CODE_STATE=getMsg HTTP/1.1" 200 27
180.174.56.115 - - [12/Dec/2020:07:17:46 +0800] "GET /xingrg/all/function/internal_message.html?_=1607728628467&CODE_STATE=getMsg HTTP/1.1" 200 27
114.88.159.147 - - [12/Dec/2020:07:17:57 +0800] "GET /xingrg/all/function/internal_message.html?_=1607728247498&CODE_STATE=getMsg HTTP/1.1" 200 27
114.84.32.187 - - [12/Dec/2020:07:18:04 +0800] "POST /xingrg/kc/buy/cgsh_list_operate.html HTTP/1.1" 200 4
114.88.163.87 - - [12/Dec/2020:07:18:05 +0800] "GET /xingrg/all/function/internal_message.html?_=1607728672729&CODE_STATE=getMsg HTTP/1.1" 200 27
114.88.163.87 - - [12/Dec/2020:07:18:05 +0800] "GET /xingrg/check_reg.html?_=1607728672729 HTTP/1.1" 200 22
120.253.135.82 - - [12/Dec/2020:07:18:07 +0800] "GET /xingrg/all/function/internal_message.html?_=1607728435846&CODE_STATE=getMsg HTTP/1.1" 200 27
114.88.159.147 - - [12/Dec/2020:07:18:08 +0800] "POST /xingrg/services/DataTransmitService HTTP/1.1" 200 524
114.84.32.187 - - [12/Dec/2020:07:18:12 +0800] "POST /xingrg/kc/buy/cgsh_list_operate.html HTTP/1.1" 200 5148
114.84.32.187 - - [12/Dec/2020:07:18:18 +0800] "GET /xingrg/all/function/internal_message.html?_=1607728719199&CODE_STATE=getMsg HTTP/1.1" 200 27
114.84.32.187 - - [12/Dec/2020:07:18:33 +0800] "POST /xingrg/kc/buy/cgsh_list_operate.html HTTP/1.1" 200 4
172.17.0.123 - - [12/Dec/2020:07:18:34 +0800] "GET /xingrg/all/function/internal_message.html?_=1607728634040&CODE_STATE=getMsg HTTP/1.1" 200 27
180.174.56.115 - - [12/Dec/2020:07:18:35 +0800] "GET /xingrg/check_reg.html?_=1607728677523 HTTP/1.1" 200 22
114.84.32.187 - - [12/Dec/2020:07:18:36 +0800] "POST /xingrg/kc/buy/cgsh_list_operate.html HTTP/1.1" 200 3871
114.84.32.187 - - [12/Dec/2020:07:18:45 +0800] "GET /xingrg/all/function/internal_message.html?_=1607728719295&CODE_STATE=getMsg HTTP/1.1" 200 27
180.174.56.115 - - [12/Dec/2020:07:18:46 +0800] "GET /xingrg/all/function/internal_message.html?_=1607728688470&CODE_STATE=getMsg HTTP/1.1" 200 27
114.84.32.187 - - [12/Dec/2020:07:18:54 +0800] "POST /xingrg/kc/buy/cgsh_list_operate.html HTTP/1.1" 200 4
114.88.159.147 - - [12/Dec/2020:07:18:57 +0800] "GET /xingrg/all/function/internal_message.html?_=1607728307497&CODE_STATE=getMsg HTTP/1.1" 200 27
114.88.159.147 - - [12/Dec/2020:07:18:57 +0800] "GET /xingrg/check_reg.html?_=1607728307499 HTTP/1.1" 200 22
114.88.163.87 - - [12/Dec/2020:07:19:05 +0800] "GET /xingrg/all/function/internal_message.html?_=1607728732727&CODE_STATE=getMsg HTTP/1.1" 200 27
120.253.135.82 - - [12/Dec/2020:07:19:07 +0800] "GET /xingrg/all/function/internal_message.html?_=1607728495853&CODE_STATE=getMsg HTTP/1.1" 200 27
114.84.32.187 - - [12/Dec/2020:07:19:08 +0800] "POST /xingrg/kc/buy/cgsh_list_operate.html HTTP/1.1" 200 876
114.84.32.187 - - [12/Dec/2020:07:19:18 +0800] "GET /xingrg/all/function/internal_message.html?_=1607728779215&CODE_STATE=getMsg HTTP/1.1" 200 27
172.17.0.123 - - [12/Dec/2020:07:19:34 +0800] "GET /xingrg/all/function/internal_message.html?_=1607728694042&CODE_STATE=getMsg HTTP/1.1" 200 27
114.84.32.187 - - [12/Dec/2020:07:19:45 +0800] "GET /xingrg/all/function/internal_message.html?_=1607728779295&CODE_STATE=getMsg HTTP/1.1" 200 27
180.174.56.115 - - [12/Dec/2020:07:19:46 +0800] "GET /xingrg/all/function/internal_message.html?_=1607728748485&CODE_STATE=getMsg HTTP/1.1" 200 27
114.88.159.147 - - [12/Dec/2020:07:19:57 +0800] "GET /xingrg/all/function/internal_message.html?_=1607728367498&CODE_STATE=getMsg HTTP/1.1" 200 27
114.84.32.187 - - [12/Dec/2020:07:20:00 +0800] "GET /xingrg/check_reg.html?_=1607728820944 HTTP/1.1" 200 22
120.253.135.82 - - [12/Dec/2020:07:20:02 +0800] "GET /xingrg/check_reg.html?_=1607728551246 HTTP/1.1" 200 22
114.88.163.87 - - [12/Dec/2020:07:20:05 +0800] "GET /xingrg/all/function/internal_message.html?_=1607728792723&CODE_STATE=getMsg HTTP/1.1" 200 27
114.84.32.187 - - [12/Dec/2020:07:20:07 +0800] "GET /xingrg/check_reg.html?_=1607728836689 HTTP/1.1" 302 -
114.84.32.187 - - [12/Dec/2020:07:20:07 +0800] "GET /xingrg/login.html HTTP/1.1" 200 7641
120.253.135.82 - - [12/Dec/2020:07:20:07 +0800] "GET /xingrg/all/function/internal_message.html?_=1607728555865&CODE_STATE=getMsg HTTP/1.1" 200 27
114.84.32.187 - - [12/Dec/2020:07:20:18 +0800] "GET /xingrg/all/function/internal_message.html?_=1607728839229&CODE_STATE=getMsg HTTP/1.1" 200 27
172.17.0.123 - - [12/Dec/2020:07:20:34 +0800] "GET /xingrg/all/function/internal_message.html?_=1607728754028&CODE_STATE=getMsg HTTP/1.1" 200 27
114.84.32.187 - - [12/Dec/2020:07:20:45 +0800] "GET /xingrg/check_reg.html?_=1607728839298 HTTP/1.1" 200 22
114.84.32.187 - - [12/Dec/2020:07:20:45 +0800] "GET /xingrg/all/function/internal_message.html?_=1607728839299&CODE_STATE=getMsg HTTP/1.1" 200 27
180.174.56.115 - - [12/Dec/2020:07:20:46 +0800] "GET /xingrg/all/function/internal_message.html?_=1607728808509&CODE_STATE=getMsg HTTP/1.1" 200 27
114.88.159.147 - - [12/Dec/2020:07:20:57 +0800] "GET /xingrg/all/function/internal_message.html?_=1607728427524&CODE_STATE=getMsg HTTP/1.1" 200 27
114.88.163.87 - - [12/Dec/2020:07:21:05 +0800] "GET /xingrg/all/function/internal_message.html?_=1607728852720&CODE_STATE=getMsg HTTP/1.1" 200 27
120.253.135.82 - - [12/Dec/2020:07:21:07 +0800] "GET /xingrg/all/function/internal_message.html?_=1607728615880&CODE_STATE=getMsg HTTP/1.1" 200 27
114.84.32.187 - - [12/Dec/2020:07:21:18 +0800] "GET /xingrg/all/function/internal_message.html?_=1607728899242&CODE_STATE=getMsg HTTP/1.1" 200 27
120.253.135.82 - - [12/Dec/2020:07:21:23 +0800] "POST /xingrg/kc/pszx/mdps_list_operate.html HTTP/1.1" 200 284
120.253.135.82 - - [12/Dec/2020:07:21:23 +0800] "GET /xingrg/kc/pszx/mdps_order_info.html?code=312020121200322 HTTP/1.1" 200 23887
120.253.135.82 - - [12/Dec/2020:07:21:23 +0800] "POST /xingrg/kc/pszx/mdps_order_operate.html HTTP/1.1" 200 2780
120.253.135.82 - - [12/Dec/2020:07:21:23 +0800] "GET /xingrg/javascript/easyui/themes/default/validatebox.css HTTP/1.1" 404 1104
120.253.135.82 - - [12/Dec/2020:07:21:27 +0800] "POST /xingrg/kc/pszx/mdps_list_operate.html HTTP/1.1" 200 5033
120.253.135.82 - - [12/Dec/2020:07:21:30 +0800] "POST /xingrg/kc/pszx/mdps_list_operate.html HTTP/1.1" 200 284
120.253.135.82 - - [12/Dec/2020:07:21:31 +0800] "POST /xingrg/kc/pszx/mdps_list_operate.html HTTP/1.1" 200 294
120.253.135.82 - - [12/Dec/2020:07:21:33 +0800] "POST /xingrg/kc/pszx/mdps_list_operate.html HTTP/1.1" 200 457
120.253.135.82 - - [12/Dec/2020:07:21:34 +0800] "GET /xingrg/kc/pszx/mdps_order_info.html?code=312020121200320 HTTP/1.1" 200 23887
172.17.0.123 - - [12/Dec/2020:07:21:34 +0800] "GET /xingrg/all/function/internal_message.html?_=1607728814030&CODE_STATE=getMsg HTTP/1.1" 200 27
120.253.135.82 - - [12/Dec/2020:07:21:35 +0800] "GET /xingrg/javascript/easyui/themes/default/validatebox.css HTTP/1.1" 404 1104
120.253.135.82 - - [12/Dec/2020:07:21:35 +0800] "POST /xingrg/kc/pszx/mdps_order_operate.html HTTP/1.1" 200 3812
114.84.32.187 - - [12/Dec/2020:07:21:45 +0800] "GET /xingrg/all/function/internal_message.html?_=1607728899298&CODE_STATE=getMsg HTTP/1.1" 200 27
180.174.56.115 - - [12/Dec/2020:07:21:46 +0800] "GET /xingrg/all/function/internal_message.html?_=1607728868512&CODE_STATE=getMsg HTTP/1.1" 200 27
120.253.135.82 - - [12/Dec/2020:07:21:57 +0800] "POST /xingrg/kc/pszx/mdps_list_operate.html HTTP/1.1" 200 5033
114.88.159.147 - - [12/Dec/2020:07:21:57 +0800] "GET /xingrg/all/function/internal_message.html?_=1607728487523&CODE_STATE=getMsg HTTP/1.1" 200 27
120.253.135.82 - - [12/Dec/2020:07:21:59 +0800] "POST /xingrg/kc/pszx/mdps_list_operate.html HTTP/1.1" 200 294
120.253.135.82 - - [12/Dec/2020:07:22:00 +0800] "POST /xingrg/kc/pszx/mdps_list_operate.html HTTP/1.1" 200 457
120.253.135.82 - - [12/Dec/2020:07:22:02 +0800] "POST /xingrg/kc/pszx/mdps_list_operate.html HTTP/1.1" 200 626
120.253.135.82 - - [12/Dec/2020:07:22:04 +0800] "GET /xingrg/kc/pszx/mdps_order_info.html?code=312020121200319 HTTP/1.1" 200 23887
120.253.135.82 - - [12/Dec/2020:07:22:04 +0800] "GET /xingrg/javascript/easyui/themes/default/validatebox.css HTTP/1.1" 404 1104
120.253.135.82 - - [12/Dec/2020:07:22:04 +0800] "POST /xingrg/kc/pszx/mdps_order_operate.html HTTP/1.1" 200 6355
114.88.163.87 - - [12/Dec/2020:07:22:05 +0800] "GET /xingrg/all/function/internal_message.html?_=1607728912719&CODE_STATE=getMsg HTTP/1.1" 200 27
120.253.135.82 - - [12/Dec/2020:07:22:07 +0800] "GET /xingrg/all/function/internal_message.html?_=1607728675893&CODE_STATE=getMsg HTTP/1.1" 200 27
120.253.135.82 - - [12/Dec/2020:07:22:07 +0800] "POST /xingrg/kc/pszx/mdps_list_operate.html HTTP/1.1" 200 5033
120.253.135.82 - - [12/Dec/2020:07:22:10 +0800] "POST /xingrg/kc/pszx/mdps_list_operate.html HTTP/1.1" 200 656
120.253.135.82 - - [12/Dec/2020:07:22:11 +0800] "GET /xingrg/kc/pszx/mdps_order_info.html?code=312020121200318 HTTP/1.1" 200 23887
120.253.135.82 - - [12/Dec/2020:07:22:11 +0800] "GET /xingrg/javascript/easyui/themes/default/validatebox.css HTTP/1.1" 404 1104
120.253.135.82 - - [12/Dec/2020:07:22:11 +0800] "POST /xingrg/kc/pszx/mdps_order_operate.html HTTP/1.1" 200 5371
114.84.32.187 - - [12/Dec/2020:07:22:18 +0800] "GET /xingrg/all/function/internal_message.html?_=1607728959275&CODE_STATE=getMsg HTTP/1.1" 200 27
120.253.135.82 - - [12/Dec/2020:07:22:20 +0800] "POST /xingrg/kc/pszx/mdps_list_operate.html HTTP/1.1" 200 5033
120.253.135.82 - - [12/Dec/2020:07:22:22 +0800] "POST /xingrg/kc/pszx/mdps_list_operate.html HTTP/1.1" 200 648
120.253.135.82 - - [12/Dec/2020:07:22:23 +0800] "GET /xingrg/kc/pszx/mdps_order_info.html?code=312020121200317 HTTP/1.1" 200 23887
120.253.135.82 - - [12/Dec/2020:07:22:23 +0800] "POST /xingrg/kc/pszx/mdps_order_operate.html HTTP/1.1" 200 19958
120.253.135.82 - - [12/Dec/2020:07:22:24 +0800] "GET /xingrg/javascript/easyui/themes/default/validatebox.css HTTP/1.1" 404 1104
172.17.0.123 - - [12/Dec/2020:07:22:34 +0800] "GET /xingrg/all/function/internal_message.html?_=1607728874030&CODE_STATE=getMsg HTTP/1.1" 200 27
172.17.0.123 - - [12/Dec/2020:07:22:34 +0800] "GET /xingrg/check_reg.html?_=1607728874032 HTTP/1.1" 200 22
114.84.32.187 - - [12/Dec/2020:07:22:45 +0800] "GET /xingrg/all/function/internal_message.html?_=1607728959298&CODE_STATE=getMsg HTTP/1.1" 200 27
180.174.56.115 - - [12/Dec/2020:07:22:46 +0800] "GET /xingrg/all/function/internal_message.html?_=1607728928536&CODE_STATE=getMsg HTTP/1.1" 200 27
114.88.159.147 - - [12/Dec/2020:07:22:57 +0800] "GET /xingrg/all/function/internal_message.html?_=1607728547522&CODE_STATE=getMsg HTTP/1.1" 200 27
120.253.135.82 - - [12/Dec/2020:07:23:02 +0800] "POST /xingrg/all/common/load_select.html HTTP/1.1" 200 25
120.253.135.82 - - [12/Dec/2020:07:23:05 +0800] "GET /xingrg/kc/pszx/mdps_order_operate.html?command=get_materiel_price&pszx_code=00101&rest_code=00149&base_code=0010246&code=00101019400&unit_code=00100111&order_time=2020-12-13 HTTP/1.1" 200 35
114.88.163.87 - - [12/Dec/2020:07:23:05 +0800] "GET /xingrg/all/function/internal_message.html?_=1607728972732&CODE_STATE=getMsg HTTP/1.1" 200 27
114.88.163.87 - - [12/Dec/2020:07:23:05 +0800] "GET /xingrg/check_reg.html?_=1607728972735 HTTP/1.1" 200 22
120.253.135.82 - - [12/Dec/2020:07:23:07 +0800] "GET /xingrg/all/function/internal_message.html?_=1607728735935&CODE_STATE=getMsg HTTP/1.1" 200 27
120.253.135.82 - - [12/Dec/2020:07:23:11 +0800] "POST /xingrg/all/common/load_select.html HTTP/1.1" 200 25
120.253.135.82 - - [12/Dec/2020:07:23:13 +0800] "GET /xingrg/kc/pszx/mdps_order_operate.html?command=get_materiel_price&pszx_code=00101&rest_code=00149&base_code=0010246&code=00101019184&unit_code=00100037&order_time=2020-12-13 HTTP/1.1" 200 36
114.84.32.187 - - [12/Dec/2020:07:23:18 +0800] "GET /xingrg/all/function/internal_message.html?_=1607729019285&CODE_STATE=getMsg HTTP/1.1" 200 27
120.253.135.82 - - [12/Dec/2020:07:23:26 +0800] "POST /xingrg/all/common/load_select.html HTTP/1.1" 200 25
120.253.135.82 - - [12/Dec/2020:07:23:28 +0800] "GET /xingrg/kc/pszx/mdps_order_operate.html?command=get_materiel_price&pszx_code=00101&rest_code=00149&base_code=0010246&code=00101019222&unit_code=00100130&order_time=2020-12-13 HTTP/1.1" 200 34
172.17.0.123 - - [12/Dec/2020:07:23:34 +0800] "GET /xingrg/all/function/internal_message.html?_=1607728934032&CODE_STATE=getMsg HTTP/1.1" 200 27
180.174.56.115 - - [12/Dec/2020:07:23:35 +0800] "GET /xingrg/check_reg.html?_=1607728977524 HTTP/1.1" 200 22
114.84.32.187 - - [12/Dec/2020:07:23:45 +0800] "GET /xingrg/all/function/internal_message.html?_=1607729019299&CODE_STATE=getMsg HTTP/1.1" 200 27
180.174.56.115 - - [12/Dec/2020:07:23:46 +0800] "GET /xingrg/all/function/internal_message.html?_=1607728988539&CODE_STATE=getMsg HTTP/1.1" 200 27
120.253.135.82 - - [12/Dec/2020:07:23:49 +0800] "POST /xingrg/kc/pszx/mdps_order_operate.html HTTP/1.1" 200 37
120.253.135.82 - - [12/Dec/2020:07:23:50 +0800] "GET /xingrg/kc/pszx/mdps_order_info.html?code=312020121200317 HTTP/1.1" 200 23887
120.253.135.82 - - [12/Dec/2020:07:23:50 +0800] "GET /xingrg/javascript/easyui/themes/default/validatebox.css HTTP/1.1" 404 1104
120.253.135.82 - - [12/Dec/2020:07:23:50 +0800] "POST /xingrg/kc/pszx/mdps_order_operate.html HTTP/1.1" 200 19952
114.88.159.147 - - [12/Dec/2020:07:23:57 +0800] "GET /xingrg/all/function/internal_message.html?_=1607728607521&CODE_STATE=getMsg HTTP/1.1" 200 27
114.88.159.147 - - [12/Dec/2020:07:23:57 +0800] "GET /xingrg/check_reg.html?_=1607728607524 HTTP/1.1" 200 22
114.88.163.87 - - [12/Dec/2020:07:24:05 +0800] "GET /xingrg/all/function/internal_message.html?_=1607729032731&CODE_STATE=getMsg HTTP/1.1" 200 27
120.253.135.82 - - [12/Dec/2020:07:24:07 +0800] "GET /xingrg/all/function/internal_message.html?_=1607728795952&CODE_STATE=getMsg HTTP/1.1" 200 27
120.253.135.82 - - [12/Dec/2020:07:24:13 +0800] "POST /xingrg/kc/pszx/mdps_order_operate.html HTTP/1.1" 200 37
120.253.135.82 - - [12/Dec/2020:07:24:14 +0800] "GET /xingrg/kc/pszx/mdps_order_info.html?code=312020121200317 HTTP/1.1" 200 23887
120.253.135.82 - - [12/Dec/2020:07:24:15 +0800] "POST /xingrg/kc/pszx/mdps_order_operate.html HTTP/1.1" 200 19954
120.253.135.82 - - [12/Dec/2020:07:24:15 +0800] "GET /xingrg/javascript/easyui/themes/default/validatebox.css HTTP/1.1" 404 1104
114.84.32.187 - - [12/Dec/2020:07:24:18 +0800] "GET /xingrg/all/function/internal_message.html?_=1607729079313&CODE_STATE=getMsg HTTP/1.1" 200 27
172.17.0.123 - - [12/Dec/2020:07:24:34 +0800] "GET /xingrg/all/function/internal_message.html?_=1607728994034&CODE_STATE=getMsg HTTP/1.1" 200 27
116.232.52.76 - - [12/Dec/2020:07:24:43 +0800] "POST /xingrg/services/DataTransmitService HTTP/1.1" 200 524
114.84.32.187 - - [12/Dec/2020:07:24:45 +0800] "GET /xingrg/all/function/internal_message.html?_=1607729079304&CODE_STATE=getMsg HTTP/1.1" 200 27
180.174.56.115 - - [12/Dec/2020:07:24:46 +0800] "GET /xingrg/all/function/internal_message.html?_=1607729048552&CODE_STATE=getMsg HTTP/1.1" 200 27
120.253.135.82 - - [12/Dec/2020:07:24:53 +0800] "POST /xingrg/kc/pszx/mdps_order_operate.html HTTP/1.1" 200 37
120.253.135.82 - - [12/Dec/2020:07:24:54 +0800] "GET /xingrg/kc/pszx/mdps_order_info.html?code=312020121200317 HTTP/1.1" 200 23887
120.253.135.82 - - [12/Dec/2020:07:24:54 +0800] "POST /xingrg/kc/pszx/mdps_order_operate.html HTTP/1.1" 200 19954
120.253.135.82 - - [12/Dec/2020:07:24:54 +0800] "GET /xingrg/javascript/easyui/themes/default/validatebox.css HTTP/1.1" 404 1104
120.253.135.82 - - [12/Dec/2020:07:24:55 +0800] "POST /xingrg/kc/pszx/mdps_list_operate.html HTTP/1.1" 200 5033
114.88.159.147 - - [12/Dec/2020:07:24:57 +0800] "GET /xingrg/all/function/internal_message.html?_=1607728667522&CODE_STATE=getMsg HTTP/1.1" 200 27
114.84.32.187 - - [12/Dec/2020:07:25:00 +0800] "GET /xingrg/check_reg.html?_=1607729120958 HTTP/1.1" 200 22
120.253.135.82 - - [12/Dec/2020:07:25:02 +0800] "GET /xingrg/check_reg.html?_=1607728851238 HTTP/1.1" 200 22
114.88.163.87 - - [12/Dec/2020:07:25:05 +0800] "GET /xingrg/all/function/internal_message.html?_=1607729092727&CODE_STATE=getMsg HTTP/1.1" 200 27
120.253.135.82 - - [12/Dec/2020:07:25:05 +0800] "POST /xingrg/kc/pszx/mdps_list_operate.html HTTP/1.1" 200 4672
114.84.32.187 - - [12/Dec/2020:07:25:07 +0800] "GET /xingrg/check_reg.html?_=1607729136690 HTTP/1.1" 302 -
120.253.135.82 - - [12/Dec/2020:07:25:07 +0800] "POST /xingrg/kc/pszx/mdps_list_operate.html HTTP/1.1" 200 205
120.253.135.82 - - [12/Dec/2020:07:25:07 +0800] "GET /xingrg/all/function/internal_message.html?_=1607728855964&CODE_STATE=getMsg HTTP/1.1" 200 27
120.253.135.82 - - [12/Dec/2020:07:25:08 +0800] "POST /xingrg/kc/pszx/mdps_list_operate.html HTTP/1.1" 200 214
120.253.135.82 - - [12/Dec/2020:07:25:10 +0800] "POST /xingrg/kc/pszx/mdps_list_operate.html HTTP/1.1" 200 628
120.253.135.82 - - [12/Dec/2020:07:25:11 +0800] "GET /xingrg/kc/pszx/mdps_order_info.html?code=312020121200308 HTTP/1.1" 200 23887
120.253.135.82 - - [12/Dec/2020:07:25:12 +0800] "POST /xingrg/kc/pszx/mdps_order_operate.html HTTP/1.1" 200 7906
120.253.135.82 - - [12/Dec/2020:07:25:12 +0800] "GET /xingrg/javascript/easyui/themes/default/validatebox.css HTTP/1.1" 404 1104
120.253.135.82 - - [12/Dec/2020:07:25:15 +0800] "POST /xingrg/kc/pszx/mdps_list_operate.html HTTP/1.1" 200 4672
120.253.135.82 - - [12/Dec/2020:07:25:16 +0800] "POST /xingrg/kc/pszx/mdps_list_operate.html HTTP/1.1" 200 591
120.253.135.82 - - [12/Dec/2020:07:25:17 +0800] "GET /xingrg/kc/pszx/mdps_order_info.html?code=312020121200309 HTTP/1.1" 200 23887
120.253.135.82 - - [12/Dec/2020:07:25:18 +0800] "GET /xingrg/javascript/easyui/themes/default/validatebox.css HTTP/1.1" 404 1104
120.253.135.82 - - [12/Dec/2020:07:25:18 +0800] "POST /xingrg/kc/pszx/mdps_order_operate.html HTTP/1.1" 200 5720
114.84.32.187 - - [12/Dec/2020:07:25:18 +0800] "GET /xingrg/all/function/internal_message.html?_=1607729139328&CODE_STATE=getMsg HTTP/1.1" 200 27
120.253.135.82 - - [12/Dec/2020:07:25:33 +0800] "POST /xingrg/kc/pszx/mdps_order_operate.html HTTP/1.1" 200 37
120.253.135.82 - - [12/Dec/2020:07:25:34 +0800] "GET /xingrg/kc/pszx/mdps_order_info.html?code=312020121200309 HTTP/1.1" 200 23887
172.17.0.123 - - [12/Dec/2020:07:25:34 +0800] "GET /xingrg/all/function/internal_message.html?_=1607729054034&CODE_STATE=getMsg HTTP/1.1" 200 27
120.253.135.82 - - [12/Dec/2020:07:25:35 +0800] "POST /xingrg/kc/pszx/mdps_order_operate.html HTTP/1.1" 200 5722
120.253.135.82 - - [12/Dec/2020:07:25:35 +0800] "GET /xingrg/javascript/easyui/themes/default/validatebox.css HTTP/1.1" 404 1104
120.253.135.82 - - [12/Dec/2020:07:25:39 +0800] "POST /xingrg/kc/pszx/mdps_list_operate.html HTTP/1.1" 200 4672
114.84.32.187 - - [12/Dec/2020:07:25:45 +0800] "GET /xingrg/check_reg.html?_=1607729139304 HTTP/1.1" 200 22
114.84.32.187 - - [12/Dec/2020:07:25:45 +0800] "GET /xingrg/all/function/internal_message.html?_=1607729139306&CODE_STATE=getMsg HTTP/1.1" 200 27
180.174.56.115 - - [12/Dec/2020:07:25:46 +0800] "GET /xingrg/all/function/internal_message.html?_=1607729108576&CODE_STATE=getMsg HTTP/1.1" 200 27
114.88.159.147 - - [12/Dec/2020:07:25:57 +0800] "GET /xingrg/all/function/internal_message.html?_=1607728727521&CODE_STATE=getMsg HTTP/1.1" 200 27
114.88.163.87 - - [12/Dec/2020:07:26:05 +0800] "GET /xingrg/all/function/internal_message.html?_=1607729152724&CODE_STATE=getMsg HTTP/1.1" 200 27
120.253.135.82 - - [12/Dec/2020:07:26:06 +0800] "GET /xingrg/kc/report/report_main.html HTTP/1.1" 200 9370
120.253.135.82 - - [12/Dec/2020:07:26:06 +0800] "POST /xingrg/kc/pszx/mdps_list_operate.html HTTP/1.1" 200 4672
120.253.135.82 - - [12/Dec/2020:07:26:07 +0800] "GET /xingrg/all/function/internal_message.html?_=1607728915979&CODE_STATE=getMsg HTTP/1.1" 200 27
120.253.135.82 - - [12/Dec/2020:07:26:08 +0800] "GET /xingrg/kc/base/kc_stocks.html HTTP/1.1" 200 16386
120.253.135.82 - - [12/Dec/2020:07:26:08 +0800] "GET /xingrg/javascript/easyui/themes/default/tree.css HTTP/1.1" 404 1090
120.253.135.82 - - [12/Dec/2020:07:26:08 +0800] "POST /xingrg/all/common/load_tree.html?tree=materiel_sort_tree_json HTTP/1.1" 200 8666
120.253.135.82 - - [12/Dec/2020:07:26:10 +0800] "POST /xingrg/all/common/load_combo.html?type=base HTTP/1.1" 200 984
120.253.135.82 - - [12/Dec/2020:07:26:16 +0800] "POST /xingrg/kc/base/stock_operate.html HTTP/1.1" 200 1740
114.84.32.187 - - [12/Dec/2020:07:26:18 +0800] "GET /xingrg/all/function/internal_message.html?_=1607729199341&CODE_STATE=getMsg HTTP/1.1" 200 27
120.253.135.82 - - [12/Dec/2020:07:26:25 +0800] "POST /xingrg/kc/base/stock_operate.html HTTP/1.1" 200 1472
120.253.135.82 - - [12/Dec/2020:07:26:32 +0800] "POST /xingrg/kc/base/stock_operate.html HTTP/1.1" 200 1469
172.17.0.123 - - [12/Dec/2020:07:26:34 +0800] "GET /xingrg/all/function/internal_message.html?_=1607729114038&CODE_STATE=getMsg HTTP/1.1" 200 27
120.253.135.82 - - [12/Dec/2020:07:26:37 +0800] "POST /xingrg/kc/base/stock_operate.html HTTP/1.1" 200 1734
114.84.32.187 - - [12/Dec/2020:07:26:45 +0800] "GET /xingrg/all/function/internal_message.html?_=1607729199306&CODE_STATE=getMsg HTTP/1.1" 200 27
180.174.56.115 - - [12/Dec/2020:07:26:46 +0800] "GET /xingrg/all/function/internal_message.html?_=1607729168579&CODE_STATE=getMsg HTTP/1.1" 200 27
120.253.135.82 - - [12/Dec/2020:07:26:51 +0800] "POST /xingrg/kc/base/stock_operate.html HTTP/1.1" 200 1754
114.88.159.147 - - [12/Dec/2020:07:26:57 +0800] "GET /xingrg/all/function/internal_message.html?_=1607728787521&CODE_STATE=getMsg HTTP/1.1" 200 27
114.88.163.87 - - [12/Dec/2020:07:27:05 +0800] "GET /xingrg/all/function/internal_message.html?_=1607729212723&CODE_STATE=getMsg HTTP/1.1" 200 27
120.253.135.82 - - [12/Dec/2020:07:27:07 +0800] "GET /xingrg/all/function/internal_message.html?_=1607728975992&CODE_STATE=getMsg HTTP/1.1" 200 27
120.253.135.82 - - [12/Dec/2020:07:27:18 +0800] "POST /xingrg/kc/base/stock_operate.html HTTP/1.1" 200 1476
114.84.32.187 - - [12/Dec/2020:07:27:18 +0800] "GET /xingrg/all/function/internal_message.html?_=1607729259370&CODE_STATE=getMsg HTTP/1.1" 200 27
172.17.0.123 - - [12/Dec/2020:07:27:34 +0800] "GET /xingrg/check_reg.html?_=1607729174040 HTTP/1.1" 200 22
172.17.0.123 - - [12/Dec/2020:07:27:34 +0800] "GET /xingrg/all/function/internal_message.html?_=1607729174042&CODE_STATE=getMsg HTTP/1.1" 200 27
114.84.32.187 - - [12/Dec/2020:07:27:45 +0800] "GET /xingrg/all/function/internal_message.html?_=1607729259310&CODE_STATE=getMsg HTTP/1.1" 200 27
180.174.56.115 - - [12/Dec/2020:07:27:46 +0800] "GET /xingrg/all/function/internal_message.html?_=1607729228603&CODE_STATE=getMsg HTTP/1.1" 200 27
120.253.135.82 - - [12/Dec/2020:07:27:54 +0800] "POST /xingrg/kc/base/stock_operate.html HTTP/1.1" 200 1455
114.88.159.147 - - [12/Dec/2020:07:27:57 +0800] "GET /xingrg/all/function/internal_message.html?_=1607728847536&CODE_STATE=getMsg HTTP/1.1" 200 27
114.88.163.87 - - [12/Dec/2020:07:28:05 +0800] "GET /xingrg/all/function/internal_message.html?_=1607729272720&CODE_STATE=getMsg HTTP/1.1" 200 27
114.88.163.87 - - [12/Dec/2020:07:28:05 +0800] "GET /xingrg/check_reg.html?_=1607729272721 HTTP/1.1" 200 22
120.253.135.82 - - [12/Dec/2020:07:28:07 +0800] "GET /xingrg/all/function/internal_message.html?_=1607729036006&CODE_STATE=getMsg HTTP/1.1" 200 27
114.84.32.187 - - [12/Dec/2020:07:28:18 +0800] "GET /xingrg/all/function/internal_message.html?_=1607729319383&CODE_STATE=getMsg HTTP/1.1" 200 27
172.17.0.123 - - [12/Dec/2020:07:28:34 +0800] "GET /xingrg/all/function/internal_message.html?_=1607729234028&CODE_STATE=getMsg HTTP/1.1" 200 27
180.174.56.115 - - [12/Dec/2020:07:28:35 +0800] "GET /xingrg/check_reg.html?_=1607729277530 HTTP/1.1" 200 22
114.84.32.187 - - [12/Dec/2020:07:28:45 +0800] "GET /xingrg/all/function/internal_message.html?_=1607729319309&CODE_STATE=getMsg HTTP/1.1" 200 27
180.174.56.115 - - [12/Dec/2020:07:28:46 +0800] "GET /xingrg/all/function/internal_message.html?_=1607729288607&CODE_STATE=getMsg HTTP/1.1" 200 27
114.88.159.147 - - [12/Dec/2020:07:28:57 +0800] "GET /xingrg/check_reg.html?_=1607728907522 HTTP/1.1" 200 22
114.88.159.147 - - [12/Dec/2020:07:28:57 +0800] "GET /xingrg/all/function/internal_message.html?_=1607728907524&CODE_STATE=getMsg HTTP/1.1" 200 27
120.253.135.82 - - [12/Dec/2020:07:29:01 +0800] "POST /xingrg/kc/base/stock_operate.html HTTP/1.1" 200 1479
114.88.163.87 - - [12/Dec/2020:07:29:05 +0800] "GET /xingrg/all/function/internal_message.html?_=1607729332733&CODE_STATE=getMsg HTTP/1.1" 200 27
120.253.135.82 - - [12/Dec/2020:07:29:07 +0800] "GET /xingrg/all/function/internal_message.html?_=1607729096020&CODE_STATE=getMsg HTTP/1.1" 200 27
114.84.32.187 - - [12/Dec/2020:07:29:18 +0800] "GET /xingrg/all/function/internal_message.html?_=1607729379413&CODE_STATE=getMsg HTTP/1.1" 200 27
120.253.135.82 - - [12/Dec/2020:07:29:19 +0800] "POST /xingrg/kc/base/stock_operate.html HTTP/1.1" 200 1475
172.17.0.123 - - [12/Dec/2020:07:29:34 +0800] "GET /xingrg/all/function/internal_message.html?_=1607729294030&CODE_STATE=getMsg HTTP/1.1" 200 27
114.84.32.187 - - [12/Dec/2020:07:29:45 +0800] "GET /xingrg/all/function/internal_message.html?_=1607729379309&CODE_STATE=getMsg HTTP/1.1" 200 27
180.174.56.115 - - [12/Dec/2020:07:29:46 +0800] "GET /xingrg/all/function/internal_message.html?_=1607729348619&CODE_STATE=getMsg HTTP/1.1" 200 27
101.83.240.69 - - [12/Dec/2020:07:29:49 +0800] "POST /xingrg/services/DataTransmitService HTTP/1.1" 200 524
114.88.159.147 - - [12/Dec/2020:07:29:57 +0800] "GET /xingrg/all/function/internal_message.html?_=1607728967551&CODE_STATE=getMsg HTTP/1.1" 200 27
114.84.32.187 - - [12/Dec/2020:07:30:00 +0800] "GET /xingrg/check_reg.html?_=1607729420956 HTTP/1.1" 200 22
120.253.135.82 - - [12/Dec/2020:07:30:02 +0800] "GET /xingrg/check_reg.html?_=1607729151248 HTTP/1.1" 200 22
114.88.163.87 - - [12/Dec/2020:07:30:05 +0800] "GET /xingrg/all/function/internal_message.html?_=1607729392732&CODE_STATE=getMsg HTTP/1.1" 200 27
114.84.32.187 - - [12/Dec/2020:07:30:07 +0800] "GET /xingrg/check_reg.html?_=1607729436696 HTTP/1.1" 302 -
120.253.135.82 - - [12/Dec/2020:07:30:07 +0800] "GET /xingrg/all/function/internal_message.html?_=1607729156033&CODE_STATE=getMsg HTTP/1.1" 200 27
114.84.32.187 - - [12/Dec/2020:07:30:18 +0800] "GET /xingrg/all/function/internal_message.html?_=1607729439426&CODE_STATE=getMsg HTTP/1.1" 200 27
172.17.0.123 - - [12/Dec/2020:07:30:34 +0800] "GET /xingrg/all/function/internal_message.html?_=1607729354032&CODE_STATE=getMsg HTTP/1.1" 200 27
114.84.32.187 - - [12/Dec/2020:07:30:45 +0800] "GET /xingrg/check_reg.html?_=1607729439310 HTTP/1.1" 200 22
114.84.32.187 - - [12/Dec/2020:07:30:45 +0800] "GET /xingrg/all/function/internal_message.html?_=1607729439312&CODE_STATE=getMsg HTTP/1.1" 200 27
180.174.56.115 - - [12/Dec/2020:07:30:47 +0800] "GET /xingrg/all/function/internal_message.html?_=1607729408644&CODE_STATE=getMsg HTTP/1.1" 200 27
114.88.159.147 - - [12/Dec/2020:07:30:57 +0800] "GET /xingrg/all/function/internal_message.html?_=1607729027550&CODE_STATE=getMsg HTTP/1.1" 200 27
120.253.135.82 - - [12/Dec/2020:07:30:57 +0800] "POST /xingrg/kc/base/stock_operate.html HTTP/1.1" 200 1461
114.88.163.87 - - [12/Dec/2020:07:31:05 +0800] "GET /xingrg/all/function/internal_message.html?_=1607729452730&CODE_STATE=getMsg HTTP/1.1" 200 27
120.253.135.82 - - [12/Dec/2020:07:31:07 +0800] "GET /xingrg/all/function/internal_message.html?_=1607729216047&CODE_STATE=getMsg HTTP/1.1" 200 27
114.84.32.187 - - [12/Dec/2020:07:31:18 +0800] "GET /xingrg/all/function/internal_message.html?_=1607729499440&CODE_STATE=getMsg HTTP/1.1" 200 27
172.17.0.123 - - [12/Dec/2020:07:31:34 +0800] "GET /xingrg/all/function/internal_message.html?_=1607729414034&CODE_STATE=getMsg HTTP/1.1" 200 27
120.253.135.82 - - [12/Dec/2020:07:31:38 +0800] "POST /xingrg/kc/base/stock_operate.html HTTP/1.1" 200 1467
114.84.32.187 - - [12/Dec/2020:07:31:45 +0800] "GET /xingrg/all/function/internal_message.html?_=1607729499311&CODE_STATE=getMsg HTTP/1.1" 200 27
180.174.56.115 - - [12/Dec/2020:07:31:47 +0800] "GET /xingrg/all/function/internal_message.html?_=1607729468648&CODE_STATE=getMsg HTTP/1.1" 200 27
114.88.159.147 - - [12/Dec/2020:07:31:57 +0800] "GET /xingrg/all/function/internal_message.html?_=1607729087550&CODE_STATE=getMsg HTTP/1.1" 200 27
114.88.163.87 - - [12/Dec/2020:07:32:05 +0800] "GET /xingrg/all/function/internal_message.html?_=1607729512728&CODE_STATE=getMsg HTTP/1.1" 200 27
120.253.135.82 - - [12/Dec/2020:07:32:07 +0800] "GET /xingrg/all/function/internal_message.html?_=1607729276059&CODE_STATE=getMsg HTTP/1.1" 200 27
114.84.32.187 - - [12/Dec/2020:07:32:18 +0800] "GET /xingrg/all/function/internal_message.html?_=1607729559468&CODE_STATE=getMsg HTTP/1.1" 200 27
120.253.135.82 - - [12/Dec/2020:07:32:21 +0800] "POST /xingrg/kc/base/stock_operate.html HTTP/1.1" 200 1488
172.17.0.123 - - [12/Dec/2020:07:32:34 +0800] "GET /xingrg/all/function/internal_message.html?_=1607729474034&CODE_STATE=getMsg HTTP/1.1" 200 27
172.17.0.123 - - [12/Dec/2020:07:32:34 +0800] "GET /xingrg/check_reg.html?_=1607729474036 HTTP/1.1" 200 22
114.84.32.187 - - [12/Dec/2020:07:32:45 +0800] "GET /xingrg/all/function/internal_message.html?_=1607729559313&CODE_STATE=getMsg HTTP/1.1" 200 27
180.174.56.115 - - [12/Dec/2020:07:32:47 +0800] "GET /xingrg/all/function/internal_message.html?_=1607729528674&CODE_STATE=getMsg HTTP/1.1" 200 27
120.253.135.82 - - [12/Dec/2020:07:32:48 +0800] "POST /xingrg/kc/base/stock_operate.html HTTP/1.1" 200 2027
114.88.159.147 - - [12/Dec/2020:07:32:57 +0800] "GET /xingrg/all/function/internal_message.html?_=1607729147550&CODE_STATE=getMsg HTTP/1.1" 200 27
114.88.163.87 - - [12/Dec/2020:07:33:05 +0800] "GET /xingrg/check_reg.html?_=1607729572725 HTTP/1.1" 200 22
114.88.163.87 - - [12/Dec/2020:07:33:05 +0800] "GET /xingrg/all/function/internal_message.html?_=1607729572726&CODE_STATE=getMsg HTTP/1.1" 200 27
120.253.135.82 - - [12/Dec/2020:07:33:07 +0800] "GET /xingrg/all/function/internal_message.html?_=1607729336074&CODE_STATE=getMsg HTTP/1.1" 200 27
114.84.32.187 - - [12/Dec/2020:07:33:18 +0800] "GET /xingrg/all/function/internal_message.html?_=1607729619482&CODE_STATE=getMsg HTTP/1.1" 200 27
172.17.0.123 - - [12/Dec/2020:07:33:34 +0800] "GET /xingrg/all/function/internal_message.html?_=1607729534038&CODE_STATE=getMsg HTTP/1.1" 200 27
180.174.56.115 - - [12/Dec/2020:07:33:35 +0800] "GET /xingrg/check_reg.html?_=1607729577536 HTTP/1.1" 200 22
114.84.32.187 - - [12/Dec/2020:07:33:45 +0800] "GET /xingrg/all/function/internal_message.html?_=1607729619314&CODE_STATE=getMsg HTTP/1.1" 200 27
180.174.56.115 - - [12/Dec/2020:07:33:47 +0800] "GET /xingrg/all/function/internal_message.html?_=1607729588675&CODE_STATE=getMsg HTTP/1.1" 200 27
114.88.159.147 - - [12/Dec/2020:07:33:57 +0800] "GET /xingrg/check_reg.html?_=1607729207549 HTTP/1.1" 200 22
114.88.159.147 - - [12/Dec/2020:07:33:57 +0800] "GET /xingrg/all/function/internal_message.html?_=1607729207550&CODE_STATE=getMsg HTTP/1.1" 200 27
120.253.135.82 - - [12/Dec/2020:07:33:58 +0800] "POST /xingrg/kc/base/stock_operate.html HTTP/1.1" 200 1479
114.88.163.87 - - [12/Dec/2020:07:34:05 +0800] "GET /xingrg/all/function/internal_message.html?_=1607729632710&CODE_STATE=getMsg HTTP/1.1" 200 27
120.253.135.82 - - [12/Dec/2020:07:34:07 +0800] "GET /xingrg/all/function/internal_message.html?_=1607729396087&CODE_STATE=getMsg HTTP/1.1" 200 27
114.84.4.90 - - [12/Dec/2020:07:34:15 +0800] "POST /xingrg/services/DataTransmitService HTTP/1.1" 200 524
114.84.32.187 - - [12/Dec/2020:07:34:18 +0800] "GET /xingrg/all/function/internal_message.html?_=1607729679513&CODE_STATE=getMsg HTTP/1.1" 200 27
172.17.0.123 - - [12/Dec/2020:07:34:34 +0800] "GET /xingrg/all/function/internal_message.html?_=1607729594042&CODE_STATE=getMsg HTTP/1.1" 200 27
114.84.32.187 - - [12/Dec/2020:07:34:45 +0800] "GET /xingrg/all/function/internal_message.html?_=1607729679314&CODE_STATE=getMsg HTTP/1.1" 200 27
180.174.56.115 - - [12/Dec/2020:07:34:47 +0800] "GET /xingrg/all/function/internal_message.html?_=1607729648688&CODE_STATE=getMsg HTTP/1.1" 200 27
