120.253.135.82 - - [12/Dec/2020:10:53:05 +0800] "POST /xingrg/kc/buy/cgsh_order_operate.html HTTP/1.1" 200 12
114.88.163.87 - - [12/Dec/2020:10:53:05 +0800] "GET /xingrg/check_reg.html?_=1607741572854 HTTP/1.1" 200 22
114.88.163.87 - - [12/Dec/2020:10:53:05 +0800] "GET /xingrg/all/function/internal_message.html?_=1607741572856&CODE_STATE=getMsg HTTP/1.1" 200 27
120.253.135.82 - - [12/Dec/2020:10:53:07 +0800] "GET /xingrg/kc/buy/cgsh_order_info.html?code=212020121204593 HTTP/1.1" 200 54861
120.253.135.82 - - [12/Dec/2020:10:53:08 +0800] "GET /xingrg/javascript/easyui/themes/default/validatebox.css HTTP/1.1" 404 1104
120.253.135.82 - - [12/Dec/2020:10:53:09 +0800] "POST /xingrg/kc/buy/cgsh_order_operate.html HTTP/1.1" 200 642
61.151.178.197 - - [12/Dec/2020:10:53:10 +0800] "GET /xingrg/kc/print/load_data.html?order_code=212020121204567&kc_code=cgsh&condition= HTTP/1.1" 302 -
180.162.223.42 - - [12/Dec/2020:10:53:11 +0800] "POST /xingrg/kc/buy/cgsh_order_operate.html HTTP/1.1" 200 37
180.162.223.42 - - [12/Dec/2020:10:53:12 +0800] "POST /xingrg/kc/buy/cgsh_order_operate.html HTTP/1.1" 200 3850
180.157.253.48 - - [12/Dec/2020:10:53:12 +0800] "GET /xingrg/kc/buy/cgsh_order_operate.html?command=get_materiel&rest_code=00148&code=00101010567&supplier_code=00100326&order_time=2020-12-12 HTTP/1.1" 200 399
180.162.223.42 - - [12/Dec/2020:10:53:12 +0800] "GET /xingrg/all/function/internal_message.html?_=1607741591918&CODE_STATE=getMsg HTTP/1.1" 200 27
180.162.223.42 - - [12/Dec/2020:10:53:13 +0800] "GET /xingrg/kc/print/load_data.html?order_code=212020121204598&kc_code=cgsh&condition= HTTP/1.1" 200 1197
180.162.223.42 - - [12/Dec/2020:10:53:16 +0800] "GET /xingrg/kc/buy/cgsh_order_add.html HTTP/1.1" 200 60986
101.89.19.149 - - [12/Dec/2020:10:53:16 +0800] "GET /xingrg/kc/print/load_config.html?kc_code=cgsh HTTP/1.1" 302 -
180.162.223.42 - - [12/Dec/2020:10:53:16 +0800] "POST /xingrg/kc/buy/cgsh_order_operate.html HTTP/1.1" 200 8245
180.162.223.42 - - [12/Dec/2020:10:53:16 +0800] "GET /xingrg/javascript/easyui/themes/default/validatebox.css HTTP/1.1" 404 1104
116.228.172.94 - - [12/Dec/2020:10:53:19 +0800] "GET /xingrg/kc/buy/cgsh_order_operate.html?command=get_materiel&rest_code=00107&code=00101010629&supplier_code=00100347&order_time=2020-12-12 HTTP/1.1" 200 407
101.89.19.149 - - [12/Dec/2020:10:53:19 +0800] "GET /xingrg/login.html HTTP/1.1" 200 7641
117.184.7.26 - - [12/Dec/2020:10:53:19 +0800] "GET /xingrg/all/function/internal_message.html?_=1607741585200&CODE_STATE=getMsg HTTP/1.1" 200 27
180.157.253.48 - - [12/Dec/2020:10:53:20 +0800] "POST /xingrg/kc/buy/cgsh_order_operate.html HTTP/1.1" 200 37
61.151.178.197 - - [12/Dec/2020:10:53:20 +0800] "GET /xingrg/login.html HTTP/1.1" 200 7641
180.157.253.48 - - [12/Dec/2020:10:53:21 +0800] "POST /xingrg/kc/buy/cgsh_order_operate.html HTTP/1.1" 200 3257
222.69.133.109 - - [12/Dec/2020:10:53:23 +0800] "GET /xingrg/all/function/internal_message.html?_=1607741602212&CODE_STATE=getMsg HTTP/1.1" 200 27
180.157.253.48 - - [12/Dec/2020:10:53:23 +0800] "GET /xingrg/kc/buy/cgsh_order_add.html HTTP/1.1" 200 60945
180.157.253.48 - - [12/Dec/2020:10:53:23 +0800] "POST /xingrg/kc/buy/cgsh_order_operate.html HTTP/1.1" 200 8245
180.157.253.48 - - [12/Dec/2020:10:53:24 +0800] "GET /xingrg/javascript/easyui/themes/default/validatebox.css HTTP/1.1" 404 1104
180.162.223.42 - - [12/Dec/2020:10:53:24 +0800] "GET /xingrg/kc/buy/cgsh_order_operate.html?command=get_materiel&rest_code=00105&code=00101007032&supplier_code=00100328&order_time=2020-12-12 HTTP/1.1" 200 432
172.17.0.100 - - [12/Dec/2020:10:53:25 +0800] "GET /xingrg/all/function/internal_message.html?_=1607741603805&CODE_STATE=getMsg HTTP/1.1" 200 27
120.204.17.70 - - [12/Dec/2020:10:53:26 +0800] "GET /xingrg/all/function/internal_message.html?_=1607740903109&CODE_STATE=getMsg HTTP/1.1" 302 -
101.83.240.69 - - [12/Dec/2020:10:53:28 +0800] "GET /xingrg/all/function/internal_message.html?_=1607741602269&CODE_STATE=getMsg HTTP/1.1" 200 27
180.152.104.37 - - [12/Dec/2020:10:53:31 +0800] "GET /xingrg/all/function/internal_message.html?_=1607741838925&CODE_STATE=getMsg HTTP/1.1" 200 27
180.157.253.48 - - [12/Dec/2020:10:53:34 +0800] "GET /xingrg/all/function/internal_message.html?_=1607741619576&CODE_STATE=getMsg HTTP/1.1" 200 27
172.17.0.123 - - [12/Dec/2020:10:53:34 +0800] "GET /xingrg/all/function/internal_message.html?_=1607741534034&CODE_STATE=getMsg HTTP/1.1" 200 27
116.228.172.94 - - [12/Dec/2020:10:53:35 +0800] "POST /xingrg/kc/buy/cgsh_order_operate.html HTTP/1.1" 200 37
183.192.90.223 - - [12/Dec/2020:10:53:35 +0800] "GET /xingrg/all/function/internal_message.html?_=1607741649600&CODE_STATE=getMsg HTTP/1.1" 200 27
120.204.17.70 - - [12/Dec/2020:10:53:36 +0800] "GET /xingrg/login.html HTTP/1.1" 200 7641
116.228.172.94 - - [12/Dec/2020:10:53:36 +0800] "POST /xingrg/kc/buy/cgsh_order_operate.html HTTP/1.1" 200 5665
114.88.163.87 - - [12/Dec/2020:10:53:36 +0800] "GET /xingrg/all/function/internal_message.html?_=1607741611559&CODE_STATE=getMsg HTTP/1.1" 200 27
116.228.172.94 - - [12/Dec/2020:10:53:38 +0800] "GET /xingrg/kc/print/load_data.html?order_code=212020121204600&kc_code=cgsh&condition= HTTP/1.1" 200 1837
180.157.253.48 - - [12/Dec/2020:10:53:40 +0800] "GET /xingrg/kc/buy/cgsh_order_operate.html?command=get_materiel&rest_code=00148&code=00101001125&supplier_code=00100090&order_time=2020-12-12 HTTP/1.1" 200 415
180.174.56.115 - - [12/Dec/2020:10:53:41 +0800] "GET /xingrg/check_reg.html?_=1607741582826 HTTP/1.1" 200 22
180.174.56.115 - - [12/Dec/2020:10:53:41 +0800] "GET /xingrg/all/function/internal_message.html?_=1607741583255&CODE_STATE=getMsg HTTP/1.1" 200 27
101.85.93.83 - - [12/Dec/2020:10:53:41 +0800] "GET /xingrg/all/function/internal_message.html?_=1607741326158&CODE_STATE=getMsg HTTP/1.1" 200 27
114.84.32.187 - - [12/Dec/2020:10:53:45 +0800] "GET /xingrg/all/function/internal_message.html?_=1607741619550&CODE_STATE=getMsg HTTP/1.1" 200 27
114.84.32.187 - - [12/Dec/2020:10:53:47 +0800] "GET /xingrg/all/function/internal_message.html?_=1607741649246&CODE_STATE=getMsg HTTP/1.1" 200 27
117.185.32.26 - - [12/Dec/2020:10:53:49 +0800] "GET /xingrg/all/function/internal_message.html?_=1607741622897&CODE_STATE=getMsg HTTP/1.1" 200 27
114.88.163.87 - - [12/Dec/2020:10:53:49 +0800] "GET /xingrg/check_reg.html?_=1607741758333 HTTP/1.1" 200 22
114.88.163.87 - - [12/Dec/2020:10:53:49 +0800] "GET /xingrg/all/function/internal_message.html?_=1607741758335&CODE_STATE=getMsg HTTP/1.1" 200 27
120.253.135.82 - - [12/Dec/2020:10:53:49 +0800] "GET /xingrg/all/function/internal_message.html?_=1607741379133&CODE_STATE=getMsg HTTP/1.1" 200 27
183.192.164.85 - - [12/Dec/2020:10:53:54 +0800] "GET /xingrg/all/function/internal_message.html?_=1607740843134&CODE_STATE=getMsg HTTP/1.1" 302 -
61.129.6.145 - - [12/Dec/2020:10:53:55 +0800] "GET /xingrg/kc/buy/cgsh_order_operate.html?command=get_materiel&rest_code=00141&code=00101008154&supplier_code=00100327&order_time=2020-12-12 HTTP/1.1" 302 -
116.228.172.94 - - [12/Dec/2020:10:53:57 +0800] "GET /xingrg/all/function/internal_message.html?_=1607741628023&CODE_STATE=getMsg HTTP/1.1" 200 27
114.88.159.147 - - [12/Dec/2020:10:53:58 +0800] "GET /xingrg/all/function/internal_message.html?_=1607741208173&CODE_STATE=getMsg HTTP/1.1" 200 27
114.88.159.147 - - [12/Dec/2020:10:53:58 +0800] "GET /xingrg/check_reg.html?_=1607741208175 HTTP/1.1" 200 22
183.192.164.85 - - [12/Dec/2020:10:54:00 +0800] "GET /xingrg/login.html HTTP/1.1" 200 7641
120.253.135.82 - - [12/Dec/2020:10:54:00 +0800] "GET /xingrg/kc/buy/cgsh_order_add.html HTTP/1.1" 200 59956
120.253.135.82 - - [12/Dec/2020:10:54:01 +0800] "POST /xingrg/kc/buy/cgsh_order_operate.html HTTP/1.1" 200 8245
180.157.253.48 - - [12/Dec/2020:10:54:01 +0800] "GET /xingrg/all/function/internal_message.html?_=1607741641075&CODE_STATE=getMsg HTTP/1.1" 200 27
61.129.6.145 - - [12/Dec/2020:10:54:01 +0800] "GET /xingrg/login.html HTTP/1.1" 200 7641
120.253.135.82 - - [12/Dec/2020:10:54:01 +0800] "GET /xingrg/javascript/easyui/themes/default/validatebox.css HTTP/1.1" 404 1104
180.162.223.42 - - [12/Dec/2020:10:54:02 +0800] "GET /xingrg/kc/buy/cgsh_order_operate.html?command=get_materiel&rest_code=00105&code=00101007085&supplier_code=00100328&order_time=2020-12-12 HTTP/1.1" 200 413
101.91.60.11 - - [12/Dec/2020:10:54:03 +0800] "GET /xingrg/all/function/internal_message.html?_=1607740936049&CODE_STATE=getMsg HTTP/1.1" 302 -
114.88.163.87 - - [12/Dec/2020:10:54:05 +0800] "GET /xingrg/all/function/internal_message.html?_=1607741632853&CODE_STATE=getMsg HTTP/1.1" 200 27
101.91.60.11 - - [12/Dec/2020:10:54:08 +0800] "GET /xingrg/login.html HTTP/1.1" 200 7641
120.253.135.82 - - [12/Dec/2020:10:54:10 +0800] "POST /xingrg/all/common/load_combo.html?type=employee HTTP/1.1" 200 2101
180.162.223.42 - - [12/Dec/2020:10:54:11 +0800] "GET /xingrg/kc/buy/cgsh_order_operate.html?command=get_materiel&rest_code=00105&code=00101007077&supplier_code=00100328&order_time=2020-12-12 HTTP/1.1" 200 415
180.162.223.42 - - [12/Dec/2020:10:54:12 +0800] "GET /xingrg/all/function/internal_message.html?_=1607741651941&CODE_STATE=getMsg HTTP/1.1" 200 27
180.162.223.42 - - [12/Dec/2020:10:54:12 +0800] "GET /xingrg/check_reg.html?_=1607741651943 HTTP/1.1" 200 22
61.151.179.84 - - [12/Dec/2020:10:54:15 +0800] "GET /xingrg/kc/buy/cgsh_order_operate.html?command=get_materiel&rest_code=00141&code=00101008486&supplier_code=00100327&order_time=2020-12-12 HTTP/1.1" 302 -
180.162.223.42 - - [12/Dec/2020:10:54:17 +0800] "POST /xingrg/kc/buy/cgsh_order_operate.html HTTP/1.1" 200 37
180.162.223.42 - - [12/Dec/2020:10:54:18 +0800] "POST /xingrg/kc/buy/cgsh_order_operate.html HTTP/1.1" 200 4438
180.162.223.42 - - [12/Dec/2020:10:54:19 +0800] "GET /xingrg/kc/print/load_data.html?order_code=212020121204601&kc_code=cgsh&condition= HTTP/1.1" 200 1363
117.184.7.26 - - [12/Dec/2020:10:54:19 +0800] "GET /xingrg/all/function/internal_message.html?_=1607741645201&CODE_STATE=getMsg HTTP/1.1" 200 27
61.151.179.84 - - [12/Dec/2020:10:54:22 +0800] "GET /xingrg/login.html HTTP/1.1" 200 7641
120.253.135.82 - - [12/Dec/2020:10:54:22 +0800] "GET /xingrg/kc/buy/cgsh_order_operate.html?command=get_materiel&rest_code=00101&code=00101029073&supplier_code=00100282&order_time=2020-12-12 HTTP/1.1" 200 478
180.157.253.48 - - [12/Dec/2020:10:54:23 +0800] "GET /xingrg/kc/buy/cgsh_order_operate.html?command=get_materiel&rest_code=00148&code=00101001233&supplier_code=00100090&order_time=2020-12-12 HTTP/1.1" 200 398
222.69.133.109 - - [12/Dec/2020:10:54:23 +0800] "GET /xingrg/all/function/internal_message.html?_=1607741662212&CODE_STATE=getMsg HTTP/1.1" 200 27
180.162.223.42 - - [12/Dec/2020:10:54:23 +0800] "GET /xingrg/kc/buy/cgsh_order_add.html HTTP/1.1" 200 60986
180.162.223.42 - - [12/Dec/2020:10:54:23 +0800] "GET /xingrg/javascript/easyui/themes/default/validatebox.css HTTP/1.1" 404 1104
180.162.223.42 - - [12/Dec/2020:10:54:23 +0800] "POST /xingrg/kc/buy/cgsh_order_operate.html HTTP/1.1" 200 8245
101.93.222.235 - - [12/Dec/2020:10:54:24 +0800] "POST /xingrg/services/DataTransmitService HTTP/1.1" 200 524
180.152.104.37 - - [12/Dec/2020:10:54:25 +0800] "GET /xingrg/check_reg.html?_=1607741893012 HTTP/1.1" 200 22
120.253.135.82 - - [12/Dec/2020:10:54:25 +0800] "POST /xingrg/all/common/load_select.html HTTP/1.1" 200 25
172.17.0.100 - - [12/Dec/2020:10:54:25 +0800] "GET /xingrg/all/function/internal_message.html?_=1607741663805&CODE_STATE=getMsg HTTP/1.1" 200 27
172.17.0.100 - - [12/Dec/2020:10:54:25 +0800] "GET /xingrg/check_reg.html?_=1607741663807 HTTP/1.1" 200 22
120.253.135.82 - - [12/Dec/2020:10:54:28 +0800] "GET /xingrg/kc/buy/cgsh_order_operate.html?command=get_materiel_price&rest_code=00101&code=00101029073&unit_code=00100179&supplier_code=00100282&order_time=2020-12-12 HTTP/1.1" 200 29
101.83.240.69 - - [12/Dec/2020:10:54:28 +0800] "GET /xingrg/check_reg.html?_=1607741662282 HTTP/1.1" 200 22
101.83.240.69 - - [12/Dec/2020:10:54:28 +0800] "GET /xingrg/all/function/internal_message.html?_=1607741662288&CODE_STATE=getMsg HTTP/1.1" 200 27
101.93.222.235 - - [12/Dec/2020:10:54:29 +0800] "POST /xingrg/services/DataTransmitService HTTP/1.1" 200 501
180.152.104.37 - - [12/Dec/2020:10:54:31 +0800] "GET /xingrg/all/function/internal_message.html?_=1607741898938&CODE_STATE=getMsg HTTP/1.1" 200 27
180.162.223.42 - - [12/Dec/2020:10:54:34 +0800] "GET /xingrg/kc/buy/cgsh_order_operate.html?command=get_materiel&rest_code=00105&code=00101003066&supplier_code=00100088&order_time=2020-12-12 HTTP/1.1" 200 414
180.157.253.48 - - [12/Dec/2020:10:54:34 +0800] "GET /xingrg/all/function/internal_message.html?_=1607741679583&CODE_STATE=getMsg HTTP/1.1" 200 27
183.192.90.223 - - [12/Dec/2020:10:54:34 +0800] "GET /xingrg/all/function/internal_message.html?_=1607741709612&CODE_STATE=getMsg HTTP/1.1" 200 27
172.17.0.123 - - [12/Dec/2020:10:54:34 +0800] "GET /xingrg/all/function/internal_message.html?_=1607741594036&CODE_STATE=getMsg HTTP/1.1" 200 27
114.88.163.87 - - [12/Dec/2020:10:54:35 +0800] "GET /xingrg/check_reg.html?_=1607741670501 HTTP/1.1" 200 22
114.88.163.87 - - [12/Dec/2020:10:54:36 +0800] "GET /xingrg/all/function/internal_message.html?_=1607741671577&CODE_STATE=getMsg HTTP/1.1" 200 27
180.157.253.48 - - [12/Dec/2020:10:54:41 +0800] "GET /xingrg/kc/buy/cgsh_order_operate.html?command=get_materiel&rest_code=00148&code=00101001140&supplier_code=00100090&order_time=2020-12-12 HTTP/1.1" 200 415
180.174.56.115 - - [12/Dec/2020:10:54:41 +0800] "GET /xingrg/all/function/internal_message.html?_=1607741643262&CODE_STATE=getMsg HTTP/1.1" 200 27
101.85.93.83 - - [12/Dec/2020:10:54:41 +0800] "GET /xingrg/all/function/internal_message.html?_=1607741386158&CODE_STATE=getMsg HTTP/1.1" 200 27
114.84.32.187 - - [12/Dec/2020:10:54:45 +0800] "GET /xingrg/all/function/internal_message.html?_=1607741679565&CODE_STATE=getMsg HTTP/1.1" 200 27
114.84.32.187 - - [12/Dec/2020:10:54:47 +0800] "GET /xingrg/all/function/internal_message.html?_=1607741709249&CODE_STATE=getMsg HTTP/1.1" 200 27
117.185.32.26 - - [12/Dec/2020:10:54:49 +0800] "GET /xingrg/all/function/internal_message.html?_=1607741682944&CODE_STATE=getMsg HTTP/1.1" 200 27
114.88.163.87 - - [12/Dec/2020:10:54:49 +0800] "GET /xingrg/all/function/internal_message.html?_=1607741818333&CODE_STATE=getMsg HTTP/1.1" 200 27
120.253.135.82 - - [12/Dec/2020:10:54:49 +0800] "GET /xingrg/all/function/internal_message.html?_=1607741439146&CODE_STATE=getMsg HTTP/1.1" 200 27
180.162.223.42 - - [12/Dec/2020:10:54:50 +0800] "GET /xingrg/kc/buy/cgsh_order_operate.html?command=get_materiel&rest_code=00105&code=00101002035&supplier_code=00100088&order_time=2020-12-12 HTTP/1.1" 200 414
116.228.172.94 - - [12/Dec/2020:10:54:57 +0800] "GET /xingrg/all/function/internal_message.html?_=1607741687993&CODE_STATE=getMsg HTTP/1.1" 200 27
61.129.6.203 - - [12/Dec/2020:10:54:58 +0800] "GET /xingrg/kc/buy/cgsh_order_info.html?code=212020121204571 HTTP/1.1" 302 -
114.88.159.147 - - [12/Dec/2020:10:54:58 +0800] "GET /xingrg/all/function/internal_message.html?_=1607741268174&CODE_STATE=getMsg HTTP/1.1" 200 27
180.162.223.42 - - [12/Dec/2020:10:55:00 +0800] "POST /xingrg/kc/buy/cgsh_order_operate.html HTTP/1.1" 200 37
180.157.253.48 - - [12/Dec/2020:10:55:01 +0800] "GET /xingrg/all/function/internal_message.html?_=1607741701051&CODE_STATE=getMsg HTTP/1.1" 200 27
61.129.6.203 - - [12/Dec/2020:10:55:03 +0800] "GET /xingrg/login.html HTTP/1.1" 200 7641
114.88.163.87 - - [12/Dec/2020:10:55:05 +0800] "GET /xingrg/all/function/internal_message.html?_=1607741692851&CODE_STATE=getMsg HTTP/1.1" 200 27
114.84.32.187 - - [12/Dec/2020:10:55:07 +0800] "GET /xingrg/check_reg.html?_=1607741737002 HTTP/1.1" 302 -
117.185.32.26 - - [12/Dec/2020:10:55:07 +0800] "GET /xingrg/kc/buy/cgsh_order_operate.html?command=get_materiel&rest_code=00106&code=00101008213&supplier_code=00100007&order_time=2020-12-12 HTTP/1.1" 200 412
180.157.253.48 - - [12/Dec/2020:10:55:10 +0800] "POST /xingrg/kc/buy/cgsh_order_operate.html HTTP/1.1" 200 37
180.162.223.42 - - [12/Dec/2020:10:55:10 +0800] "POST /xingrg/kc/buy/cgsh_order_operate.html HTTP/1.1" 200 3273
180.162.223.42 - - [12/Dec/2020:10:55:11 +0800] "GET /xingrg/kc/print/load_data.html?order_code=212020121204602&kc_code=cgsh&condition= HTTP/1.1" 200 988
180.157.253.48 - - [12/Dec/2020:10:55:11 +0800] "POST /xingrg/kc/buy/cgsh_order_operate.html HTTP/1.1" 200 3856
180.162.223.42 - - [12/Dec/2020:10:55:12 +0800] "GET /xingrg/all/function/internal_message.html?_=1607741711884&CODE_STATE=getMsg HTTP/1.1" 200 27
180.162.223.42 - - [12/Dec/2020:10:55:14 +0800] "GET /xingrg/kc/buy/cgsh_order_add.html HTTP/1.1" 200 60986
180.162.223.42 - - [12/Dec/2020:10:55:14 +0800] "GET /xingrg/javascript/easyui/themes/default/validatebox.css HTTP/1.1" 404 1104
180.162.223.42 - - [12/Dec/2020:10:55:14 +0800] "POST /xingrg/kc/buy/cgsh_order_operate.html HTTP/1.1" 200 8245
180.157.253.48 - - [12/Dec/2020:10:55:15 +0800] "GET /xingrg/css/base.css HTTP/1.1" 304 -
180.157.253.48 - - [12/Dec/2020:10:55:15 +0800] "GET /xingrg/kc/buy/cgsh_order_list.html HTTP/1.1" 200 45208
180.157.253.48 - - [12/Dec/2020:10:55:15 +0800] "GET /xingrg/javascript/jquery_tools/datebox.css HTTP/1.1" 304 -
180.157.253.48 - - [12/Dec/2020:10:55:15 +0800] "GET /xingrg/javascript/easyui/themes/icon.css HTTP/1.1" 304 -
180.157.253.48 - - [12/Dec/2020:10:55:15 +0800] "GET /xingrg/css/site.css HTTP/1.1" 304 -
180.157.253.48 - - [12/Dec/2020:10:55:15 +0800] "GET /xingrg/javascript/easyui/themes/default/easyui.css HTTP/1.1" 304 -
180.157.253.48 - - [12/Dec/2020:10:55:15 +0800] "GET /xingrg/javascript/auto/jquery.autocomplete.css HTTP/1.1" 304 -
180.157.253.48 - - [12/Dec/2020:10:55:15 +0800] "GET /xingrg/javascript/jquery_tools/list_manager.js HTTP/1.1" 304 -
180.157.253.48 - - [12/Dec/2020:10:55:15 +0800] "GET /xingrg/javascript/jquery_tools/fix.css HTTP/1.1" 304 -
180.157.253.48 - - [12/Dec/2020:10:55:15 +0800] "GET /xingrg/javascript/jquery_tools/jquery.tools.min.js HTTP/1.1" 304 -
180.157.253.48 - - [12/Dec/2020:10:55:15 +0800] "GET /xingrg/javascript/jquery_tools/jquery.tools.hotkey.js HTTP/1.1" 304 -
180.157.253.48 - - [12/Dec/2020:10:55:15 +0800] "GET /xingrg/javascript/easyui/easyloader.js HTTP/1.1" 304 -
180.157.253.48 - - [12/Dec/2020:10:55:15 +0800] "GET /xingrg/javascript/jquery_tools/jquery.tools.extend.js HTTP/1.1" 304 -
180.157.253.48 - - [12/Dec/2020:10:55:15 +0800] "GET /xingrg/javascript/jquery_tools/table.css HTTP/1.1" 304 -
180.157.253.48 - - [12/Dec/2020:10:55:15 +0800] "GET /xingrg/javascript/jquery_tools/jquery.tools.table.js HTTP/1.1" 304 -
180.157.253.48 - - [12/Dec/2020:10:55:15 +0800] "GET /xingrg/javascript/auto/jquery.autocomplete.js HTTP/1.1" 304 -
180.157.253.48 - - [12/Dec/2020:10:55:15 +0800] "GET /xingrg/javascript/print/LodopFuncs.js HTTP/1.1" 304 -
180.157.253.48 - - [12/Dec/2020:10:55:15 +0800] "GET /xingrg/javascript/jquery.cookie.js HTTP/1.1" 304 -
180.157.253.48 - - [12/Dec/2020:10:55:15 +0800] "GET /xingrg/javascript/jquery.utils.js HTTP/1.1" 304 -
180.157.253.48 - - [12/Dec/2020:10:55:16 +0800] "GET /xingrg/javascript/easyui/plugins/jquery.parser.js HTTP/1.1" 304 -
180.157.253.48 - - [12/Dec/2020:10:55:17 +0800] "POST /xingrg/kc/buy/cgsh_list_operate.html HTTP/1.1" 200 5105
117.185.32.26 - - [12/Dec/2020:10:55:17 +0800] "GET /xingrg/kc/buy/cgsh_order_operate.html?command=get_materiel&rest_code=00106&code=00101008488&supplier_code=00100007&order_time=2020-12-12 HTTP/1.1" 200 406
180.157.253.48 - - [12/Dec/2020:10:55:17 +0800] "GET /xingrg/javascript/easyui/themes/default/images/button_plain_hover.png HTTP/1.1" 304 -
180.157.253.48 - - [12/Dec/2020:10:55:17 +0800] "GET /xingrg/javascript/easyui/themes/default/images/button_plain_hover.png HTTP/1.1" 304 -
180.157.253.48 - - [12/Dec/2020:10:55:18 +0800] "GET /xingrg/css/base.css HTTP/1.1" 304 -
180.157.253.48 - - [12/Dec/2020:10:55:18 +0800] "GET /xingrg/css/site.css HTTP/1.1" 304 -
180.157.253.48 - - [12/Dec/2020:10:55:18 +0800] "GET /xingrg/javascript/jquery_tools/datebox.css HTTP/1.1" 304 -
180.157.253.48 - - [12/Dec/2020:10:55:18 +0800] "GET /xingrg/javascript/jquery_tools/fix.css HTTP/1.1" 304 -
180.157.253.48 - - [12/Dec/2020:10:55:18 +0800] "GET /xingrg/javascript/easyui/themes/default/easyui.css HTTP/1.1" 304 -
180.157.253.48 - - [12/Dec/2020:10:55:18 +0800] "GET /xingrg/javascript/easyui/themes/icon.css HTTP/1.1" 304 -
180.157.253.48 - - [12/Dec/2020:10:55:18 +0800] "GET /xingrg/javascript/jquery_tools/jquery.tools.extend.js HTTP/1.1" 304 -
180.157.253.48 - - [12/Dec/2020:10:55:18 +0800] "GET /xingrg/javascript/auto/jquery.autocomplete.css HTTP/1.1" 304 -
180.157.253.48 - - [12/Dec/2020:10:55:18 +0800] "GET /xingrg/javascript/jquery_tools/table.css HTTP/1.1" 304 -
180.157.253.48 - - [12/Dec/2020:10:55:18 +0800] "GET /xingrg/javascript/pic_change.js HTTP/1.1" 304 -
180.157.253.48 - - [12/Dec/2020:10:55:18 +0800] "GET /xingrg/javascript/jquery_tools/jquery.tools.min.js HTTP/1.1" 304 -
180.157.253.48 - - [12/Dec/2020:10:55:18 +0800] "GET /xingrg/javascript/jquery_tools/jquery.tools.hotkey.js HTTP/1.1" 304 -
180.157.253.48 - - [12/Dec/2020:10:55:18 +0800] "GET /xingrg/javascript/auto/jquery.autocomplete.js HTTP/1.1" 304 -
180.157.253.48 - - [12/Dec/2020:10:55:18 +0800] "GET /xingrg/javascript/jquery_tools/jquery.tools.table.js HTTP/1.1" 304 -
180.157.253.48 - - [12/Dec/2020:10:55:18 +0800] "GET /xingrg/javascript/easyui/easyloader.js HTTP/1.1" 304 -
180.157.253.48 - - [12/Dec/2020:10:55:18 +0800] "GET /xingrg/javascript/jquery.utils.js HTTP/1.1" 304 -
180.157.253.48 - - [12/Dec/2020:10:55:18 +0800] "GET /xingrg/javascript/jquery_tools/order_manager.js HTTP/1.1" 304 -
180.157.253.48 - - [12/Dec/2020:10:55:18 +0800] "GET /xingrg/javascript/print/kc_print.js HTTP/1.1" 304 -
180.157.253.48 - - [12/Dec/2020:10:55:18 +0800] "GET /xingrg/javascript/convert.js HTTP/1.1" 304 -
180.157.253.48 - - [12/Dec/2020:10:55:18 +0800] "GET /xingrg/javascript/json2.js HTTP/1.1" 304 -
180.157.253.48 - - [12/Dec/2020:10:55:18 +0800] "GET /xingrg/javascript/jquery.cookie.js HTTP/1.1" 304 -
180.157.253.48 - - [12/Dec/2020:10:55:18 +0800] "GET /xingrg/javascript/print/LodopFuncs.js HTTP/1.1" 304 -
180.157.253.48 - - [12/Dec/2020:10:55:18 +0800] "GET /xingrg/kc/buy/cgsh_order_add.html HTTP/1.1" 200 60939
180.157.253.48 - - [12/Dec/2020:10:55:18 +0800] "GET /xingrg/words/20201212095936_words.js HTTP/1.1" 200 780539
180.157.253.48 - - [12/Dec/2020:10:55:18 +0800] "GET /xingrg/javascript/easyui/themes/default/images/button_plain_hover.png HTTP/1.1" 304 -
180.157.253.48 - - [12/Dec/2020:10:55:18 +0800] "GET /xingrg/javascript/easyui/themes/default/images/button_plain_hover.png HTTP/1.1" 304 -
180.157.253.48 - - [12/Dec/2020:10:55:18 +0800] "GET /xingrg/javascript/easyui/plugins/jquery.parser.js HTTP/1.1" 304 -
180.157.253.48 - - [12/Dec/2020:10:55:18 +0800] "POST /xingrg/kc/buy/cgsh_order_operate.html HTTP/1.1" 200 8245
180.157.253.48 - - [12/Dec/2020:10:55:18 +0800] "GET /xingrg/all/common/auto_word.html?type=employee&rest_code=00148 HTTP/1.1" 200 197
180.157.253.48 - - [12/Dec/2020:10:55:18 +0800] "GET /xingrg/all/common/auto_word.html?type=employee&rest_code=00148 HTTP/1.1" 200 197
180.157.253.48 - - [12/Dec/2020:10:55:18 +0800] "GET /xingrg/javascript/easyui/themes/default/validatebox.css HTTP/1.1" 404 1104
180.157.253.48 - - [12/Dec/2020:10:55:18 +0800] "GET /xingrg/javascript/easyui/plugins/jquery.validatebox.js HTTP/1.1" 304 -
180.157.253.48 - - [12/Dec/2020:10:55:18 +0800] "GET /xingrg/javascript/easyui/plugins/jquery.numberbox.js HTTP/1.1" 304 -
117.184.7.26 - - [12/Dec/2020:10:55:19 +0800] "GET /xingrg/all/function/internal_message.html?_=1607741705204&CODE_STATE=getMsg HTTP/1.1" 200 27
180.157.253.48 - - [12/Dec/2020:10:55:21 +0800] "POST /xingrg/kc/buy/cgsh_order_operate.html HTTP/1.1" 200 37
120.204.17.70 - - [12/Dec/2020:10:55:21 +0800] "GET /xingrg/kc/buy/cgsh_order_operate.html?command=get_materiel&rest_code=00106&code=00101008264&supplier_code=00100007&order_time=2020-12-12 HTTP/1.1" 302 -
180.157.253.48 - - [12/Dec/2020:10:55:22 +0800] "POST /xingrg/kc/buy/cgsh_order_operate.html HTTP/1.1" 200 3856
222.69.133.109 - - [12/Dec/2020:10:55:23 +0800] "GET /xingrg/check_reg.html?_=1607741722213 HTTP/1.1" 200 22
222.69.133.109 - - [12/Dec/2020:10:55:23 +0800] "GET /xingrg/all/function/internal_message.html?_=1607741722216&CODE_STATE=getMsg HTTP/1.1" 200 27
180.157.253.48 - - [12/Dec/2020:10:55:23 +0800] "GET /xingrg/kc/buy/cgsh_order_add.html HTTP/1.1" 200 60945
180.157.253.48 - - [12/Dec/2020:10:55:23 +0800] "GET /xingrg/words/20201212095936_words.js HTTP/1.1" 304 -
180.162.223.42 - - [12/Dec/2020:10:55:24 +0800] "GET /xingrg/kc/buy/cgsh_order_operate.html?command=get_materiel&rest_code=00105&code=00101001051&supplier_code=00100094&order_time=2020-12-12 HTTP/1.1" 200 424
180.157.253.48 - - [12/Dec/2020:10:55:24 +0800] "GET /xingrg/javascript/easyui/themes/default/validatebox.css HTTP/1.1" 404 1104
180.157.253.48 - - [12/Dec/2020:10:55:24 +0800] "POST /xingrg/kc/buy/cgsh_order_operate.html HTTP/1.1" 200 8245
172.17.0.100 - - [12/Dec/2020:10:55:25 +0800] "GET /xingrg/all/function/internal_message.html?_=1607741723807&CODE_STATE=getMsg HTTP/1.1" 200 27
120.204.17.70 - - [12/Dec/2020:10:55:27 +0800] "GET /xingrg/login.html HTTP/1.1" 200 7641
180.157.253.48 - - [12/Dec/2020:10:55:28 +0800] "GET /xingrg/javascript/pic_change.js HTTP/1.1" 304 -
180.157.253.48 - - [12/Dec/2020:10:55:28 +0800] "GET /xingrg/javascript/jquery_tools/jquery.tools.min.js HTTP/1.1" 304 -
180.157.253.48 - - [12/Dec/2020:10:55:28 +0800] "GET /xingrg/javascript/jquery_tools/jquery.tools.hotkey.js HTTP/1.1" 304 -
180.157.253.48 - - [12/Dec/2020:10:55:28 +0800] "GET /xingrg/javascript/jquery_tools/jquery.tools.table.js HTTP/1.1" 304 -
180.157.253.48 - - [12/Dec/2020:10:55:28 +0800] "GET /xingrg/javascript/jquery_tools/jquery.tools.extend.js HTTP/1.1" 304 -
180.157.253.48 - - [12/Dec/2020:10:55:28 +0800] "GET /xingrg/javascript/easyui/easyloader.js HTTP/1.1" 304 -
180.157.253.48 - - [12/Dec/2020:10:55:28 +0800] "GET /xingrg/javascript/auto/jquery.autocomplete.js HTTP/1.1" 304 -
180.157.253.48 - - [12/Dec/2020:10:55:28 +0800] "GET /xingrg/javascript/jquery.utils.js HTTP/1.1" 304 -
180.157.253.48 - - [12/Dec/2020:10:55:28 +0800] "GET /xingrg/javascript/json2.js HTTP/1.1" 304 -
180.157.253.48 - - [12/Dec/2020:10:55:28 +0800] "GET /xingrg/javascript/print/kc_print.js HTTP/1.1" 304 -
180.157.253.48 - - [12/Dec/2020:10:55:28 +0800] "GET /xingrg/javascript/jquery.cookie.js HTTP/1.1" 304 -
180.157.253.48 - - [12/Dec/2020:10:55:28 +0800] "GET /xingrg/javascript/print/LodopFuncs.js HTTP/1.1" 304 -
180.157.253.48 - - [12/Dec/2020:10:55:28 +0800] "GET /xingrg/javascript/easyui/plugins/jquery.parser.js HTTP/1.1" 304 -
180.157.253.48 - - [12/Dec/2020:10:55:28 +0800] "GET /xingrg/javascript/easyui/plugins/jquery.numberbox.js HTTP/1.1" 304 -
180.157.253.48 - - [12/Dec/2020:10:55:28 +0800] "GET /xingrg/words/20201212095936_words.js HTTP/1.1" 304 -
180.157.253.48 - - [12/Dec/2020:10:55:28 +0800] "GET /xingrg/javascript/easyui/plugins/jquery.validatebox.js HTTP/1.1" 304 -
180.157.253.48 - - [12/Dec/2020:10:55:28 +0800] "GET /xingrg/javascript/jquery_tools/order_manager.js HTTP/1.1" 304 -
180.157.253.48 - - [12/Dec/2020:10:55:28 +0800] "GET /xingrg/javascript/convert.js HTTP/1.1" 304 -
101.83.240.69 - - [12/Dec/2020:10:55:28 +0800] "GET /xingrg/all/function/internal_message.html?_=1607741722276&CODE_STATE=getMsg HTTP/1.1" 200 27
120.253.135.82 - - [12/Dec/2020:10:55:30 +0800] "POST /xingrg/kc/buy/cgsh_order_operate.html HTTP/1.1" 200 37
180.152.104.37 - - [12/Dec/2020:10:55:31 +0800] "GET /xingrg/all/function/internal_message.html?_=1607741958952&CODE_STATE=getMsg HTTP/1.1" 200 27
120.253.135.82 - - [12/Dec/2020:10:55:31 +0800] "POST /xingrg/kc/buy/cgsh_order_operate.html HTTP/1.1" 200 2719
180.157.253.48 - - [12/Dec/2020:10:55:33 +0800] "GET /xingrg/check_reg.html?_=1607741738621 HTTP/1.1" 200 22
114.84.32.187 - - [12/Dec/2020:10:55:33 +0800] "POST /xingrg/kc/buy/cgsh_order_operate.html HTTP/1.1" 200 37
180.157.253.48 - - [12/Dec/2020:10:55:34 +0800] "GET /xingrg/all/function/internal_message.html?_=1607741739598&CODE_STATE=getMsg HTTP/1.1" 200 27
183.192.90.223 - - [12/Dec/2020:10:55:34 +0800] "GET /xingrg/all/function/internal_message.html?_=1607741769636&CODE_STATE=getMsg HTTP/1.1" 200 27
172.17.0.123 - - [12/Dec/2020:10:55:34 +0800] "GET /xingrg/all/function/internal_message.html?_=1607741654038&CODE_STATE=getMsg HTTP/1.1" 200 27
180.162.223.42 - - [12/Dec/2020:10:55:35 +0800] "POST /xingrg/kc/buy/cgsh_order_operate.html HTTP/1.1" 200 37
114.84.32.187 - - [12/Dec/2020:10:55:35 +0800] "POST /xingrg/kc/buy/cgsh_order_operate.html HTTP/1.1" 200 3254
101.91.62.99 - - [12/Dec/2020:10:55:35 +0800] "GET /xingrg/kc/buy/cgsh_order_operate.html?command=get_materiel&rest_code=00141&code=00101004012&supplier_code=00100090&order_time=2020-12-12 HTTP/1.1" 302 -
117.185.32.26 - - [12/Dec/2020:10:55:36 +0800] "GET /xingrg/kc/buy/cgsh_order_operate.html?command=get_materiel&rest_code=00106&code=00101005037&supplier_code=00100007&order_time=2020-12-12 HTTP/1.1" 200 409
114.88.163.87 - - [12/Dec/2020:10:55:36 +0800] "GET /xingrg/all/function/internal_message.html?_=1607741731596&CODE_STATE=getMsg HTTP/1.1" 200 27
180.157.253.48 - - [12/Dec/2020:10:55:37 +0800] "GET /xingrg/kc/buy/cgsh_order_operate.html?command=get_materiel&rest_code=00148&code=00101004065&supplier_code=00100086&order_time=2020-12-12 HTTP/1.1" 200 433
120.253.135.82 - - [12/Dec/2020:10:55:39 +0800] "POST /xingrg/kc/buy/cgsh_order_operate.html HTTP/1.1" 200 37
117.185.32.26 - - [12/Dec/2020:10:55:39 +0800] "POST /xingrg/kc/buy/cgsh_order_operate.html HTTP/1.1" 200 2065
120.253.135.82 - - [12/Dec/2020:10:55:40 +0800] "POST /xingrg/kc/buy/cgsh_order_operate.html HTTP/1.1" 200 2719
183.192.164.97 - - [12/Dec/2020:10:55:41 +0800] "GET /xingrg/kc/buy/cgsh_order_operate.html?command=get_materiel&rest_code=00106&code=00101008079&supplier_code=00100007&order_time=2020-12-12 HTTP/1.1" 302 -
101.91.62.99 - - [12/Dec/2020:10:55:41 +0800] "GET /xingrg/login.html HTTP/1.1" 200 7641
180.174.56.115 - - [12/Dec/2020:10:55:41 +0800] "GET /xingrg/all/function/internal_message.html?_=1607741703275&CODE_STATE=getMsg HTTP/1.1" 200 27
101.85.93.83 - - [12/Dec/2020:10:55:41 +0800] "GET /xingrg/check_reg.html?_=1607741446158 HTTP/1.1" 200 22
101.85.93.83 - - [12/Dec/2020:10:55:41 +0800] "GET /xingrg/all/function/internal_message.html?_=1607741446156&CODE_STATE=getMsg HTTP/1.1" 200 27
180.162.223.42 - - [12/Dec/2020:10:55:42 +0800] "POST /xingrg/kc/buy/cgsh_order_operate.html HTTP/1.1" 200 2671
180.162.223.42 - - [12/Dec/2020:10:55:43 +0800] "GET /xingrg/kc/print/load_data.html?order_code=212020121204605&kc_code=cgsh&condition= HTTP/1.1" 200 750
114.84.32.187 - - [12/Dec/2020:10:55:44 +0800] "GET /xingrg/check_reg.html?_=1607741766112 HTTP/1.1" 200 22
114.84.32.187 - - [12/Dec/2020:10:55:45 +0800] "GET /xingrg/check_reg.html?_=1607741739564 HTTP/1.1" 200 22
114.84.32.187 - - [12/Dec/2020:10:55:45 +0800] "GET /xingrg/all/function/internal_message.html?_=1607741739568&CODE_STATE=getMsg HTTP/1.1" 200 27
180.162.223.42 - - [12/Dec/2020:10:55:47 +0800] "GET /xingrg/kc/buy/cgsh_order_add.html HTTP/1.1" 200 60986
180.162.223.42 - - [12/Dec/2020:10:55:47 +0800] "GET /xingrg/javascript/easyui/themes/default/validatebox.css HTTP/1.1" 404 1104
180.162.223.42 - - [12/Dec/2020:10:55:47 +0800] "POST /xingrg/kc/buy/cgsh_order_operate.html HTTP/1.1" 200 8245
114.84.32.187 - - [12/Dec/2020:10:55:48 +0800] "GET /xingrg/all/function/internal_message.html?_=1607741769384&CODE_STATE=getMsg HTTP/1.1" 200 27
183.192.164.97 - - [12/Dec/2020:10:55:48 +0800] "GET /xingrg/login.html HTTP/1.1" 200 7641
180.157.253.48 - - [12/Dec/2020:10:55:48 +0800] "POST /xingrg/kc/buy/cgsh_order_operate.html HTTP/1.1" 200 37
117.185.32.26 - - [12/Dec/2020:10:55:49 +0800] "GET /xingrg/all/function/internal_message.html?_=1607741742914&CODE_STATE=getMsg HTTP/1.1" 200 27
61.129.6.203 - - [12/Dec/2020:10:55:49 +0800] "GET /xingrg/kc/buy/cgsh_order_operate.html?command=get_materiel&rest_code=00141&code=00101001140&supplier_code=00100090&order_time=2020-12-12 HTTP/1.1" 302 -
120.253.135.82 - - [12/Dec/2020:10:55:49 +0800] "GET /xingrg/check_reg.html?_=1607741498754 HTTP/1.1" 200 22
114.88.163.87 - - [12/Dec/2020:10:55:49 +0800] "GET /xingrg/all/function/internal_message.html?_=1607741878333&CODE_STATE=getMsg HTTP/1.1" 200 27
180.157.253.48 - - [12/Dec/2020:10:55:49 +0800] "POST /xingrg/kc/buy/cgsh_order_operate.html HTTP/1.1" 200 2660
120.253.135.82 - - [12/Dec/2020:10:55:49 +0800] "GET /xingrg/all/function/internal_message.html?_=1607741499160&CODE_STATE=getMsg HTTP/1.1" 200 27
114.84.32.187 - - [12/Dec/2020:10:55:50 +0800] "GET /xingrg/kc/buy/cgsh_order_add.html HTTP/1.1" 200 60945
114.84.32.187 - - [12/Dec/2020:10:55:51 +0800] "GET /xingrg/words/20201212095936_words.js HTTP/1.1" 200 780539
114.84.32.187 - - [12/Dec/2020:10:55:51 +0800] "POST /xingrg/kc/buy/cgsh_order_operate.html HTTP/1.1" 200 8245
114.84.32.187 - - [12/Dec/2020:10:55:52 +0800] "GET /xingrg/javascript/easyui/themes/default/validatebox.css HTTP/1.1" 404 1104
58.221.95.50 - - [12/Dec/2020:10:55:52 +0800] "GET /xingrg/check_reg.html?_=1607741771031 HTTP/1.1" 302 -
117.185.32.26 - - [12/Dec/2020:10:55:52 +0800] "POST /xingrg/kc/buy/cgsh_order_operate.html HTTP/1.1" 200 37
61.129.6.203 - - [12/Dec/2020:10:55:53 +0800] "GET /xingrg/login.html HTTP/1.1" 200 7641
180.157.253.48 - - [12/Dec/2020:10:55:56 +0800] "GET /xingrg/kc/buy/cgsh_order_operate.html?command=get_materiel&rest_code=00148&code=00102005432&supplier_code=00100077&order_time=2020-12-12 HTTP/1.1" 200 408
116.228.172.94 - - [12/Dec/2020:10:55:57 +0800] "GET /xingrg/all/function/internal_message.html?_=1607741747980&CODE_STATE=getMsg HTTP/1.1" 200 27
180.157.253.48 - - [12/Dec/2020:10:55:57 +0800] "POST /xingrg/kc/buy/cgsh_order_operate.html HTTP/1.1" 200 37
114.88.159.147 - - [12/Dec/2020:10:55:58 +0800] "GET /xingrg/all/function/internal_message.html?_=1607741328188&CODE_STATE=getMsg HTTP/1.1" 200 27
180.157.253.48 - - [12/Dec/2020:10:55:59 +0800] "POST /xingrg/kc/buy/cgsh_order_operate.html HTTP/1.1" 200 2660
180.157.253.48 - - [12/Dec/2020:10:56:00 +0800] "GET /xingrg/kc/buy/cgsh_order_add.html HTTP/1.1" 200 60945
180.157.253.48 - - [12/Dec/2020:10:56:00 +0800] "POST /xingrg/kc/buy/cgsh_order_operate.html HTTP/1.1" 200 8245
180.157.253.48 - - [12/Dec/2020:10:56:00 +0800] "GET /xingrg/javascript/easyui/themes/default/validatebox.css HTTP/1.1" 404 1104
180.162.223.42 - - [12/Dec/2020:10:56:01 +0800] "GET /xingrg/kc/buy/cgsh_order_operate.html?command=get_materiel&rest_code=00105&code=00101011008&supplier_code=00100323&order_time=2020-12-12 HTTP/1.1" 200 419
180.157.253.48 - - [12/Dec/2020:10:56:01 +0800] "GET /xingrg/all/function/internal_message.html?_=1607741761350&CODE_STATE=getMsg HTTP/1.1" 200 27
183.192.164.97 - - [12/Dec/2020:10:56:05 +0800] "GET /xingrg/kc/buy/cgsh_order_operate.html?command=get_materiel&rest_code=00106&code=00101008357&supplier_code=00100007&order_time=2020-12-12 HTTP/1.1" 302 -
114.88.163.87 - - [12/Dec/2020:10:56:05 +0800] "GET /xingrg/all/function/internal_message.html?_=1607741752849&CODE_STATE=getMsg HTTP/1.1" 200 27
61.151.178.164 - - [12/Dec/2020:10:56:05 +0800] "GET /xingrg/all/function/internal_message.html?_=1607741056036&CODE_STATE=getMsg HTTP/1.1" 302 -
180.97.118.219 - - [12/Dec/2020:10:56:06 +0800] "GET /xingrg/check_reg.html?_=1607741056034 HTTP/1.1" 302 -
183.192.164.85 - - [12/Dec/2020:10:56:06 +0800] "GET /xingrg/kc/buy/cgsh_order_operate.html?command=get_materiel&rest_code=00106&code=00101008350&supplier_code=00100007&order_time=2020-12-12 HTTP/1.1" 302 -
183.192.164.85 - - [12/Dec/2020:10:56:09 +0800] "GET /xingrg/login.html HTTP/1.1" 200 7641
61.151.207.205 - - [12/Dec/2020:10:56:09 +0800] "GET /xingrg/kc/buy/cgsh_order_operate.html?command=get_materiel&rest_code=00141&code=00101001025&supplier_code=00100090&order_time=2020-12-12 HTTP/1.1" 302 -
183.192.164.214 - - [12/Dec/2020:10:56:10 +0800] "GET /xingrg/kc/buy/cgsh_order_operate.html?command=get_materiel&rest_code=00106&code=00101008010&supplier_code=00100007&order_time=2020-12-12 HTTP/1.1" 302 -
183.192.164.97 - - [12/Dec/2020:10:56:10 +0800] "GET /xingrg/login.html HTTP/1.1" 200 7641
61.151.178.164 - - [12/Dec/2020:10:56:11 +0800] "GET /xingrg/login.html HTTP/1.1" 200 7641
180.162.223.42 - - [12/Dec/2020:10:56:12 +0800] "GET /xingrg/all/function/internal_message.html?_=1607741771864&CODE_STATE=getMsg HTTP/1.1" 200 27
180.157.253.48 - - [12/Dec/2020:10:56:12 +0800] "GET /xingrg/kc/buy/cgsh_order_operate.html?command=get_materiel&rest_code=00148&code=00101007085&supplier_code=00100328&order_time=2020-12-12 HTTP/1.1" 200 413
61.151.207.205 - - [12/Dec/2020:10:56:13 +0800] "GET /xingrg/login.html HTTP/1.1" 200 7641
180.97.118.219 - - [12/Dec/2020:10:56:15 +0800] "GET /xingrg/login.html HTTP/1.1" 200 7641
183.192.164.214 - - [12/Dec/2020:10:56:16 +0800] "GET /xingrg/login.html HTTP/1.1" 200 7641
183.192.164.85 - - [12/Dec/2020:10:56:16 +0800] "GET /xingrg/kc/buy/cgsh_order_operate.html?command=get_materiel&rest_code=00106&code=00101008069&supplier_code=00100007&order_time=2020-12-12 HTTP/1.1" 302 -
117.184.7.26 - - [12/Dec/2020:10:56:19 +0800] "GET /xingrg/check_reg.html?_=1607741765194 HTTP/1.1" 200 22
117.184.7.26 - - [12/Dec/2020:10:56:19 +0800] "GET /xingrg/all/function/internal_message.html?_=1607741765197&CODE_STATE=getMsg HTTP/1.1" 200 27
180.162.223.42 - - [12/Dec/2020:10:56:21 +0800] "GET /xingrg/kc/buy/cgsh_order_operate.html?command=get_materiel&rest_code=00105&code=00101010088&supplier_code=00100323&order_time=2020-12-12 HTTP/1.1" 200 418
120.204.17.71 - - [12/Dec/2020:10:56:22 +0800] "GET /xingrg/kc/buy/cgsh_order_operate.html?command=get_materiel&rest_code=00106&code=00101008286&supplier_code=00100007&order_time=2020-12-12 HTTP/1.1" 302 -
222.69.133.109 - - [12/Dec/2020:10:56:23 +0800] "GET /xingrg/all/function/internal_message.html?_=1607741782202&CODE_STATE=getMsg HTTP/1.1" 200 27
183.192.164.85 - - [12/Dec/2020:10:56:23 +0800] "GET /xingrg/login.html HTTP/1.1" 200 7641
172.17.0.100 - - [12/Dec/2020:10:56:25 +0800] "GET /xingrg/all/function/internal_message.html?_=1607741783835&CODE_STATE=getMsg HTTP/1.1" 200 27
114.84.32.187 - - [12/Dec/2020:10:56:27 +0800] "GET /xingrg/kc/buy/cgsh_order_operate.html?command=get_materiel&rest_code=00146&code=00101001069&supplier_code=00100199&order_time=2020-12-12 HTTP/1.1" 200 409
120.204.17.70 - - [12/Dec/2020:10:56:27 +0800] "GET /xingrg/kc/buy/cgsh_order_operate.html?command=get_materiel&rest_code=00106&code=00101008036&supplier_code=00100007&order_time=2020-12-12 HTTP/1.1" 302 -
180.157.253.48 - - [12/Dec/2020:10:56:27 +0800] "GET /xingrg/kc/buy/cgsh_order_operate.html?command=get_materiel&rest_code=00148&code=00102005401&supplier_code=00100077&order_time=2020-12-12 HTTP/1.1" 200 424
101.91.60.105 - - [12/Dec/2020:10:56:27 +0800] "GET /xingrg/kc/buy/cgsh_order_info.html?code=212020121204574 HTTP/1.1" 302 -
120.204.17.71 - - [12/Dec/2020:10:56:27 +0800] "GET /xingrg/login.html HTTP/1.1" 200 7641
101.83.240.69 - - [12/Dec/2020:10:56:28 +0800] "GET /xingrg/all/function/internal_message.html?_=1607741782278&CODE_STATE=getMsg HTTP/1.1" 200 27
101.91.60.105 - - [12/Dec/2020:10:56:31 +0800] "GET /xingrg/login.html HTTP/1.1" 200 7641
180.152.104.37 - - [12/Dec/2020:10:56:31 +0800] "GET /xingrg/all/function/internal_message.html?_=1607742019367&CODE_STATE=getMsg HTTP/1.1" 200 27
183.192.90.223 - - [12/Dec/2020:10:56:33 +0800] "GET /xingrg/check_reg.html?_=1607741829543 HTTP/1.1" 200 22
183.192.90.223 - - [12/Dec/2020:10:56:33 +0800] "GET /xingrg/all/function/internal_message.html?_=1607741829635&CODE_STATE=getMsg HTTP/1.1" 200 27
120.204.17.70 - - [12/Dec/2020:10:56:33 +0800] "GET /xingrg/login.html HTTP/1.1" 200 7641
180.157.253.48 - - [12/Dec/2020:10:56:34 +0800] "GET /xingrg/all/function/internal_message.html?_=1607741799611&CODE_STATE=getMsg HTTP/1.1" 200 27
172.17.0.123 - - [12/Dec/2020:10:56:35 +0800] "GET /xingrg/all/function/internal_message.html?_=1607741714042&CODE_STATE=getMsg HTTP/1.1" 200 27
180.157.253.48 - - [12/Dec/2020:10:56:35 +0800] "GET /xingrg/kc/buy/cgsh_order_operate.html?command=get_materiel&rest_code=00148&code=00102005886&supplier_code=00100077&order_time=2020-12-12 HTTP/1.1" 200 420
180.162.223.42 - - [12/Dec/2020:10:56:36 +0800] "GET /xingrg/kc/buy/cgsh_order_operate.html?command=get_materiel&rest_code=00105&code=00101010468&supplier_code=00100323&order_time=2020-12-12 HTTP/1.1" 200 400
114.88.163.87 - - [12/Dec/2020:10:56:36 +0800] "GET /xingrg/all/function/internal_message.html?_=1607741791596&CODE_STATE=getMsg HTTP/1.1" 200 27
120.253.135.82 - - [12/Dec/2020:10:56:41 +0800] "POST /xingrg/kc/buy/cgsh_order_operate.html HTTP/1.1" 200 37
180.174.56.115 - - [12/Dec/2020:10:56:41 +0800] "GET /xingrg/all/function/internal_message.html?_=1607741763310&CODE_STATE=getMsg HTTP/1.1" 200 27
101.85.93.83 - - [12/Dec/2020:10:56:41 +0800] "GET /xingrg/all/function/internal_message.html?_=1607741506156&CODE_STATE=getMsg HTTP/1.1" 200 27
180.157.253.48 - - [12/Dec/2020:10:56:43 +0800] "GET /xingrg/kc/buy/cgsh_order_operate.html?command=get_materiel&rest_code=00148&code=00102005997&supplier_code=00100077&order_time=2020-12-12 HTTP/1.1" 200 416
120.253.135.82 - - [12/Dec/2020:10:56:44 +0800] "POST /xingrg/kc/buy/cgsh_order_operate.html HTTP/1.1" 200 2719
180.157.253.48 - - [12/Dec/2020:10:56:45 +0800] "GET /xingrg/kc/buy/cgsh_order_operate.html?command=get_materiel&rest_code=00148&code=00101007077&supplier_code=00100328&order_time=2020-12-12 HTTP/1.1" 200 415
114.84.32.187 - - [12/Dec/2020:10:56:45 +0800] "GET /xingrg/all/function/internal_message.html?_=1607741799552&CODE_STATE=getMsg HTTP/1.1" 200 27
183.192.164.214 - - [12/Dec/2020:10:56:46 +0800] "GET /xingrg/kc/buy/cgsh_order_operate.html?command=get_materiel&rest_code=00106&code=00101008024&supplier_code=00100007&order_time=2020-12-12 HTTP/1.1" 302 -
120.253.135.82 - - [12/Dec/2020:10:56:46 +0800] "GET /xingrg/kc/print/load_data.html?order_code=212020121204604&kc_code=cgsh&condition= HTTP/1.1" 200 740
180.162.223.42 - - [12/Dec/2020:10:56:47 +0800] "GET /xingrg/kc/buy/cgsh_order_operate.html?command=get_materiel&rest_code=00105&code=00101010184&supplier_code=00100323&order_time=2020-12-12 HTTP/1.1" 200 413
180.157.253.48 - - [12/Dec/2020:10:56:47 +0800] "GET /xingrg/kc/buy/cgsh_order_operate.html?command=get_materiel&rest_code=00148&code=00102005276&supplier_code=00100077&order_time=2020-12-12 HTTP/1.1" 200 416
114.84.32.187 - - [12/Dec/2020:10:56:48 +0800] "GET /xingrg/all/function/internal_message.html?_=1607741829385&CODE_STATE=getMsg HTTP/1.1" 200 27
114.88.163.87 - - [12/Dec/2020:10:56:49 +0800] "GET /xingrg/all/function/internal_message.html?_=1607741938333&CODE_STATE=getMsg HTTP/1.1" 200 27
120.253.135.82 - - [12/Dec/2020:10:56:49 +0800] "GET /xingrg/all/function/internal_message.html?_=1607741559173&CODE_STATE=getMsg HTTP/1.1" 200 27
120.204.17.70 - - [12/Dec/2020:10:56:51 +0800] "GET /xingrg/kc/buy/cgsh_order_operate.html?command=get_materiel&rest_code=00106&code=00101008352&supplier_code=00100007&order_time=2020-12-12 HTTP/1.1" 302 -
180.157.253.48 - - [12/Dec/2020:10:56:52 +0800] "GET /xingrg/kc/base/kc_stocks.html HTTP/1.1" 200 16392
180.157.253.48 - - [12/Dec/2020:10:56:52 +0800] "GET /xingrg/css/site.css HTTP/1.1" 304 -
180.157.253.48 - - [12/Dec/2020:10:56:52 +0800] "GET /xingrg/css/base.css HTTP/1.1" 304 -
180.157.253.48 - - [12/Dec/2020:10:56:52 +0800] "GET /xingrg/javascript/jquery_tools/datebox.css HTTP/1.1" 304 -
180.157.253.48 - - [12/Dec/2020:10:56:52 +0800] "GET /xingrg/javascript/jquery_tools/list_manager.js HTTP/1.1" 304 -
180.157.253.48 - - [12/Dec/2020:10:56:52 +0800] "GET /xingrg/javascript/easyui/easyloader.js HTTP/1.1" 304 -
180.157.253.48 - - [12/Dec/2020:10:56:52 +0800] "GET /xingrg/javascript/auto/jquery.autocomplete.js HTTP/1.1" 304 -
180.157.253.48 - - [12/Dec/2020:10:56:52 +0800] "GET /xingrg/javascript/jquery.cookie.js HTTP/1.1" 304 -
180.157.253.48 - - [12/Dec/2020:10:56:52 +0800] "GET /xingrg/javascript/convert.js HTTP/1.1" 304 -
180.157.253.48 - - [12/Dec/2020:10:56:52 +0800] "GET /xingrg/javascript/print/LodopFuncs.js HTTP/1.1" 304 -
180.157.253.48 - - [12/Dec/2020:10:56:52 +0800] "GET /xingrg/javascript/easyui/themes/sunny/easyui.css HTTP/1.1" 304 -
180.157.253.48 - - [12/Dec/2020:10:56:52 +0800] "GET /xingrg/javascript/json2.js HTTP/1.1" 304 -
180.157.253.48 - - [12/Dec/2020:10:56:52 +0800] "GET /xingrg/javascript/jquery.utils.js HTTP/1.1" 304 -
180.157.253.48 - - [12/Dec/2020:10:56:52 +0800] "GET /xingrg/javascript/easyui/themes/icon.css HTTP/1.1" 304 -
180.157.253.48 - - [12/Dec/2020:10:56:52 +0800] "GET /xingrg/javascript/auto/jquery.autocomplete.css HTTP/1.1" 304 -
180.157.253.48 - - [12/Dec/2020:10:56:52 +0800] "GET /xingrg/javascript/jquery_tools/fix.css HTTP/1.1" 304 -
180.157.253.48 - - [12/Dec/2020:10:56:52 +0800] "GET /xingrg/javascript/jquery_tools/jquery.tools.min.js HTTP/1.1" 304 -
180.157.253.48 - - [12/Dec/2020:10:56:52 +0800] "GET /xingrg/javascript/jquery_tools/jquery.tools.extend.js HTTP/1.1" 304 -
180.157.253.48 - - [12/Dec/2020:10:56:52 +0800] "GET /xingrg/javascript/jquery_tools/jquery.tools.hotkey.js HTTP/1.1" 304 -
183.192.164.214 - - [12/Dec/2020:10:56:52 +0800] "GET /xingrg/login.html HTTP/1.1" 200 7641
180.157.253.48 - - [12/Dec/2020:10:56:52 +0800] "GET /xingrg/javascript/easyui/themes/icons/print_new.png HTTP/1.1" 304 -
180.157.253.48 - - [12/Dec/2020:10:56:52 +0800] "GET /xingrg/javascript/easyui/themes/icons/filter_new.png HTTP/1.1" 304 -
180.157.253.48 - - [12/Dec/2020:10:56:52 +0800] "GET /xingrg/javascript/easyui/themes/icons/refresh_new.png HTTP/1.1" 304 -
180.157.253.48 - - [12/Dec/2020:10:56:52 +0800] "GET /xingrg/javascript/easyui/plugins/jquery.parser.js HTTP/1.1" 304 -
180.157.253.48 - - [12/Dec/2020:10:56:52 +0800] "GET /xingrg/javascript/easyui/plugins/jquery.draggable.js HTTP/1.1" 304 -
180.157.253.48 - - [12/Dec/2020:10:56:52 +0800] "GET /xingrg/javascript/easyui/plugins/jquery.droppable.js HTTP/1.1" 304 -
180.157.253.48 - - [12/Dec/2020:10:56:52 +0800] "GET /xingrg/javascript/easyui/plugins/jquery.tree.js HTTP/1.1" 304 -
180.157.253.48 - - [12/Dec/2020:10:56:52 +0800] "GET /xingrg/javascript/easyui/themes/default/tree.css HTTP/1.1" 404 1090
180.157.253.48 - - [12/Dec/2020:10:56:52 +0800] "GET /xingrg/all/common/auto_word.html?type=base&rest_code=00148 HTTP/1.1" 200 1753
180.157.253.48 - - [12/Dec/2020:10:56:52 +0800] "POST /xingrg/all/common/load_tree.html?tree=materiel_sort_tree_json HTTP/1.1" 200 8666
180.157.253.48 - - [12/Dec/2020:10:56:52 +0800] "GET /xingrg/javascript/easyui/themes/sunny/images/tree_arrows.gif HTTP/1.1" 304 -
180.157.253.48 - - [12/Dec/2020:10:56:52 +0800] "GET /xingrg/javascript/easyui/themes/sunny/images/tree_folder_open.gif HTTP/1.1" 304 -
180.157.253.48 - - [12/Dec/2020:10:56:52 +0800] "GET /xingrg/javascript/easyui/themes/sunny/images/tree_folder.gif HTTP/1.1" 304 -
180.157.253.48 - - [12/Dec/2020:10:56:52 +0800] "GET /xingrg/javascript/easyui/themes/sunny/images/tree_file.gif HTTP/1.1" 304 -
120.204.17.70 - - [12/Dec/2020:10:56:53 +0800] "GET /xingrg/login.html HTTP/1.1" 200 7641
180.157.253.48 - - [12/Dec/2020:10:56:54 +0800] "POST /xingrg/services/DataTransmitService HTTP/1.1" 200 524
180.157.253.48 - - [12/Dec/2020:10:56:54 +0800] "POST /xingrg/services/DataTransmitService HTTP/1.1" 200 412
116.228.172.94 - - [12/Dec/2020:10:56:57 +0800] "GET /xingrg/all/function/internal_message.html?_=1607741807963&CODE_STATE=getMsg HTTP/1.1" 200 27
116.228.172.94 - - [12/Dec/2020:10:56:57 +0800] "GET /xingrg/check_reg.html?_=1607741808313 HTTP/1.1" 200 22
114.88.159.147 - - [12/Dec/2020:10:56:58 +0800] "GET /xingrg/all/function/internal_message.html?_=1607741388187&CODE_STATE=getMsg HTTP/1.1" 200 27
180.157.253.48 - - [12/Dec/2020:10:56:58 +0800] "POST /xingrg/kc/base/stock_operate.html HTTP/1.1" 200 3712
180.157.253.48 - - [12/Dec/2020:10:56:58 +0800] "GET /xingrg/javascript/jquery_tools/fix_table.js HTTP/1.1" 304 -
180.157.253.48 - - [12/Dec/2020:10:57:01 +0800] "GET /xingrg/all/function/internal_message.html?_=1607741821330&CODE_STATE=getMsg HTTP/1.1" 200 27
180.162.223.42 - - [12/Dec/2020:10:57:03 +0800] "GET /xingrg/kc/buy/cgsh_order_operate.html?command=get_materiel&rest_code=00105&code=00101006026&supplier_code=00100323&order_time=2020-12-12 HTTP/1.1" 200 409
114.88.163.87 - - [12/Dec/2020:10:57:05 +0800] "GET /xingrg/all/function/internal_message.html?_=1607741812847&CODE_STATE=getMsg HTTP/1.1" 200 27
180.157.253.48 - - [12/Dec/2020:10:57:06 +0800] "POST /xingrg/kc/base/stock_operate.html HTTP/1.1" 200 2337
180.157.253.48 - - [12/Dec/2020:10:57:06 +0800] "GET /xingrg/javascript/jquery_tools/fix_table.js HTTP/1.1" 304 -
120.204.17.72 - - [12/Dec/2020:10:57:06 +0800] "GET /xingrg/kc/buy/cgsh_order_operate.html?command=get_materiel&rest_code=00106&code=00101008005&supplier_code=00100007&order_time=2020-12-12 HTTP/1.1" 302 -
180.152.104.37 - - [12/Dec/2020:10:57:07 +0800] "POST /xingrg/all/common/load_combo.html?type=base HTTP/1.1" 200 3060
120.204.17.72 - - [12/Dec/2020:10:57:08 +0800] "GET /xingrg/login.html HTTP/1.1" 200 7641
180.157.253.48 - - [12/Dec/2020:10:57:08 +0800] "GET /xingrg/css/base.css HTTP/1.1" 304 -
180.157.253.48 - - [12/Dec/2020:10:57:08 +0800] "GET /xingrg/javascript/jquery_tools/datebox.css HTTP/1.1" 304 -
180.157.253.48 - - [12/Dec/2020:10:57:08 +0800] "GET /xingrg/css/site.css HTTP/1.1" 304 -
180.157.253.48 - - [12/Dec/2020:10:57:08 +0800] "GET /xingrg/javascript/easyui/themes/default/easyui.css HTTP/1.1" 304 -
180.157.253.48 - - [12/Dec/2020:10:57:08 +0800] "GET /xingrg/javascript/easyui/themes/icon.css HTTP/1.1" 304 -
180.157.253.48 - - [12/Dec/2020:10:57:08 +0800] "GET /xingrg/javascript/jquery_tools/jquery.tools.hotkey.js HTTP/1.1" 304 -
180.157.253.48 - - [12/Dec/2020:10:57:08 +0800] "GET /xingrg/javascript/jquery_tools/table.css HTTP/1.1" 304 -
