114.88.159.147 - - [12/Dec/2020:10:07:58 +0800] "GET /xingrg/all/function/internal_message.html?_=1607738448040&CODE_STATE=getMsg HTTP/1.1" 200 27
114.88.163.87 - - [12/Dec/2020:10:08:05 +0800] "GET /xingrg/all/function/internal_message.html?_=1607738872823&CODE_STATE=getMsg HTTP/1.1" 200 27
114.88.163.87 - - [12/Dec/2020:10:08:05 +0800] "GET /xingrg/check_reg.html?_=1607738872824 HTTP/1.1" 200 22
183.192.90.223 - - [12/Dec/2020:10:08:08 +0800] "GET /xingrg/all/function/internal_message.html?_=1607738889539&CODE_STATE=getMsg HTTP/1.1" 200 27
180.174.56.115 - - [12/Dec/2020:10:08:09 +0800] "POST /xingrg/services/DataTransmitService HTTP/1.1" 200 524
180.152.104.37 - - [12/Dec/2020:10:08:13 +0800] "GET /xingrg/all/function/internal_message.html?_=1607739121764&CODE_STATE=getMsg HTTP/1.1" 200 27
180.152.104.37 - - [12/Dec/2020:10:08:15 +0800] "GET /xingrg/kc/buy/cgsh_order_operate.html?command=get_materiel&rest_code=00102&code=00101015029&supplier_code=00100054&order_time=2020-12-12 HTTP/1.1" 200 412
117.184.7.30 - - [12/Dec/2020:10:08:19 +0800] "GET /xingrg/all/function/internal_message.html?_=1607738885148&CODE_STATE=getMsg HTTP/1.1" 200 27
222.69.133.109 - - [12/Dec/2020:10:08:23 +0800] "GET /xingrg/all/function/internal_message.html?_=1607738902136&CODE_STATE=getMsg HTTP/1.1" 200 27
172.17.0.100 - - [12/Dec/2020:10:08:25 +0800] "GET /xingrg/all/function/internal_message.html?_=1607738903610&CODE_STATE=getMsg HTTP/1.1" 200 27
180.157.253.48 - - [12/Dec/2020:10:08:32 +0800] "GET /xingrg/all/function/internal_message.html?_=1607738917926&CODE_STATE=getMsg HTTP/1.1" 200 27
101.83.240.69 - - [12/Dec/2020:10:08:34 +0800] "GET /xingrg/all/function/internal_message.html?_=1607738907550&CODE_STATE=getMsg HTTP/1.1" 200 27
172.17.0.123 - - [12/Dec/2020:10:08:34 +0800] "GET /xingrg/all/function/internal_message.html?_=1607738834028&CODE_STATE=getMsg HTTP/1.1" 200 27
114.88.163.87 - - [12/Dec/2020:10:08:35 +0800] "GET /xingrg/all/function/internal_message.html?_=1607738910822&CODE_STATE=getMsg HTTP/1.1" 200 27
180.152.104.37 - - [12/Dec/2020:10:08:40 +0800] "POST /xingrg/kc/buy/cgsh_order_operate.html HTTP/1.1" 200 37
101.85.93.83 - - [12/Dec/2020:10:08:41 +0800] "GET /xingrg/all/function/internal_message.html?_=1607738626103&CODE_STATE=getMsg HTTP/1.1" 200 27
180.152.104.37 - - [12/Dec/2020:10:08:42 +0800] "POST /xingrg/kc/buy/cgsh_order_operate.html HTTP/1.1" 200 12
180.174.56.115 - - [12/Dec/2020:10:08:42 +0800] "GET /xingrg/all/function/internal_message.html?_=1607738884213&CODE_STATE=getMsg HTTP/1.1" 200 27
180.152.104.37 - - [12/Dec/2020:10:08:43 +0800] "GET /xingrg/kc/buy/cgsh_order_info.html?code=212020121204540 HTTP/1.1" 200 55797
114.84.32.187 - - [12/Dec/2020:10:08:45 +0800] "GET /xingrg/all/function/internal_message.html?_=1607738946376&CODE_STATE=getMsg HTTP/1.1" 200 27
180.152.104.37 - - [12/Dec/2020:10:08:45 +0800] "GET /xingrg/words/20201212095936_words.js HTTP/1.1" 200 780539
114.84.32.187 - - [12/Dec/2020:10:08:45 +0800] "GET /xingrg/all/function/internal_message.html?_=1607738919510&CODE_STATE=getMsg HTTP/1.1" 200 27
180.152.104.37 - - [12/Dec/2020:10:08:46 +0800] "GET /xingrg/javascript/easyui/themes/default/validatebox.css HTTP/1.1" 404 1104
180.152.104.37 - - [12/Dec/2020:10:08:46 +0800] "POST /xingrg/kc/buy/cgsh_order_operate.html HTTP/1.1" 200 4723
114.88.163.87 - - [12/Dec/2020:10:08:48 +0800] "POST /xingrg/login.do HTTP/1.1" 302 -
114.88.163.87 - - [12/Dec/2020:10:08:48 +0800] "GET /xingrg/index.html?sysBaseUrl=http%3A%2F%2F180.169.147.146%3A18081%2Fxingrg%2F&costTime=38×tamp=1607738928913 HTTP/1.1" 200 17173
180.152.104.37 - - [12/Dec/2020:10:08:49 +0800] "GET /xingrg/kc/print/load_data.html?order_code=212020121204540&kc_code=cgsh&condition= HTTP/1.1" 200 2227
114.88.163.87 - - [12/Dec/2020:10:08:49 +0800] "GET /favicon.ico HTTP/1.1" 404 -
114.88.163.87 - - [12/Dec/2020:10:08:49 +0800] "POST /xingrg/all/common/load_tree.html?tree=area_rest_tree_json&manage=1 HTTP/1.1" 200 342
114.88.163.87 - - [12/Dec/2020:10:08:49 +0800] "GET /xingrg/all/function/internal_message.html?_=1607739058325&CODE_STATE=count HTTP/1.1" 200 11
114.88.163.87 - - [12/Dec/2020:10:08:49 +0800] "GET /xingrg/check_reg.html?_=1607739058326 HTTP/1.1" 200 22
114.88.163.87 - - [12/Dec/2020:10:08:49 +0800] "POST /xingrg/load_menu.html HTTP/1.1" 200 5138
116.228.172.94 - - [12/Dec/2020:10:08:57 +0800] "GET /xingrg/all/function/internal_message.html?_=1607738927590&CODE_STATE=getMsg HTTP/1.1" 200 27
114.88.159.147 - - [12/Dec/2020:10:08:58 +0800] "GET /xingrg/all/function/internal_message.html?_=1607738508038&CODE_STATE=getMsg HTTP/1.1" 200 27
114.88.159.147 - - [12/Dec/2020:10:08:58 +0800] "GET /xingrg/check_reg.html?_=1607738508040 HTTP/1.1" 200 22
114.88.163.87 - - [12/Dec/2020:10:09:05 +0800] "GET /xingrg/all/function/internal_message.html?_=1607738932821&CODE_STATE=getMsg HTTP/1.1" 200 27
183.192.90.223 - - [12/Dec/2020:10:09:07 +0800] "GET /xingrg/all/function/internal_message.html?_=1607738949539&CODE_STATE=getMsg HTTP/1.1" 200 27
180.152.104.37 - - [12/Dec/2020:10:09:09 +0800] "GET /xingrg/login.html HTTP/1.1" 200 7641
180.152.104.37 - - [12/Dec/2020:10:09:09 +0800] "GET /xingrg/login.html HTTP/1.1" 200 7641
180.152.104.37 - - [12/Dec/2020:10:09:18 +0800] "GET /favicon.ico HTTP/1.1" 404 -
180.152.104.37 - - [12/Dec/2020:10:09:18 +0800] "GET /favicon.ico HTTP/1.1" 404 -
117.184.7.30 - - [12/Dec/2020:10:09:19 +0800] "GET /xingrg/all/function/internal_message.html?_=1607738945148&CODE_STATE=getMsg HTTP/1.1" 200 27
180.152.104.37 - - [12/Dec/2020:10:09:23 +0800] "POST /xingrg/login.do HTTP/1.1" 302 -
180.152.104.37 - - [12/Dec/2020:10:09:23 +0800] "GET /xingrg/index.html?sysBaseUrl=http%3A%2F%2F180.169.147.146%3A18081%2Fxingrg%2F&costTime=39×tamp=1607738963102 HTTP/1.1" 200 17173
180.152.104.37 - - [12/Dec/2020:10:09:23 +0800] "GET /xingrg/javascript/jquery_easy_ui/themes/default/easyui.css HTTP/1.1" 304 -
180.152.104.37 - - [12/Dec/2020:10:09:23 +0800] "GET /xingrg/javascript/jquery_easy_ui/jquery.easyui.min.js HTTP/1.1" 304 -
180.152.104.37 - - [12/Dec/2020:10:09:23 +0800] "GET /xingrg/javascript/jquery_easy_ui/themes/icon.css HTTP/1.1" 304 -
180.152.104.37 - - [12/Dec/2020:10:09:23 +0800] "GET /xingrg/javascript/jquery-1.4.2.min.js HTTP/1.1" 304 -
180.152.104.37 - - [12/Dec/2020:10:09:23 +0800] "GET /xingrg/javascript/jquery.utils.js HTTP/1.1" 304 -
180.152.104.37 - - [12/Dec/2020:10:09:23 +0800] "GET /xingrg/css/form.css HTTP/1.1" 304 -
180.152.104.37 - - [12/Dec/2020:10:09:23 +0800] "GET /xingrg/javascript/jquery.form.js HTTP/1.1" 304 -
180.152.104.37 - - [12/Dec/2020:10:09:23 +0800] "GET /xingrg/javascript/jquery.timers.js HTTP/1.1" 304 -
180.152.104.37 - - [12/Dec/2020:10:09:23 +0800] "GET /xingrg/javascript/jquery_easy_ui/easyui-lang-zh_CN.js HTTP/1.1" 304 -
222.69.133.109 - - [12/Dec/2020:10:09:23 +0800] "GET /xingrg/all/function/internal_message.html?_=1607738962137&CODE_STATE=getMsg HTTP/1.1" 200 27
180.152.104.37 - - [12/Dec/2020:10:09:23 +0800] "GET /favicon.ico HTTP/1.1" 404 -
180.152.104.37 - - [12/Dec/2020:10:09:23 +0800] "POST /xingrg/all/common/load_tree.html?tree=area_rest_tree_json&manage=1 HTTP/1.1" 200 342
180.152.104.37 - - [12/Dec/2020:10:09:24 +0800] "GET /xingrg/all/function/internal_message.html?_=1607739192310&CODE_STATE=count HTTP/1.1" 200 11
180.152.104.37 - - [12/Dec/2020:10:09:24 +0800] "GET /xingrg/check_reg.html?_=1607739192311 HTTP/1.1" 200 22
180.152.104.37 - - [12/Dec/2020:10:09:24 +0800] "POST /xingrg/load_menu.html HTTP/1.1" 200 5138
172.17.0.100 - - [12/Dec/2020:10:09:25 +0800] "GET /xingrg/all/function/internal_message.html?_=1607738963624&CODE_STATE=getMsg HTTP/1.1" 200 27
172.17.0.100 - - [12/Dec/2020:10:09:25 +0800] "GET /xingrg/check_reg.html?_=1607738963627 HTTP/1.1" 200 22
180.152.104.37 - - [12/Dec/2020:10:09:28 +0800] "GET /xingrg/css/base.css HTTP/1.1" 304 -
180.152.104.37 - - [12/Dec/2020:10:09:28 +0800] "GET /xingrg/css/site.css HTTP/1.1" 304 -
180.152.104.37 - - [12/Dec/2020:10:09:28 +0800] "GET /xingrg/javascript/jquery_tools/datebox.css HTTP/1.1" 304 -
180.152.104.37 - - [12/Dec/2020:10:09:28 +0800] "GET /xingrg/javascript/easyui/themes/default/easyui.css HTTP/1.1" 304 -
180.152.104.37 - - [12/Dec/2020:10:09:28 +0800] "GET /xingrg/javascript/easyui/themes/icon.css HTTP/1.1" 304 -
180.152.104.37 - - [12/Dec/2020:10:09:28 +0800] "GET /xingrg/javascript/auto/jquery.autocomplete.css HTTP/1.1" 304 -
180.152.104.37 - - [12/Dec/2020:10:09:28 +0800] "GET /xingrg/javascript/jquery_tools/fix.css HTTP/1.1" 304 -
180.152.104.37 - - [12/Dec/2020:10:09:28 +0800] "GET /xingrg/javascript/jquery_tools/jquery.tools.min.js HTTP/1.1" 304 -
180.152.104.37 - - [12/Dec/2020:10:09:28 +0800] "GET /xingrg/javascript/jquery_tools/table.css HTTP/1.1" 304 -
180.152.104.37 - - [12/Dec/2020:10:09:28 +0800] "GET /xingrg/javascript/jquery_tools/jquery.tools.extend.js HTTP/1.1" 304 -
180.152.104.37 - - [12/Dec/2020:10:09:28 +0800] "GET /xingrg/javascript/jquery_tools/jquery.tools.hotkey.js HTTP/1.1" 304 -
180.152.104.37 - - [12/Dec/2020:10:09:28 +0800] "GET /xingrg/javascript/jquery_tools/jquery.tools.table.js HTTP/1.1" 304 -
180.152.104.37 - - [12/Dec/2020:10:09:28 +0800] "GET /xingrg/javascript/jquery_tools/list_manager.js HTTP/1.1" 304 -
180.152.104.37 - - [12/Dec/2020:10:09:28 +0800] "GET /xingrg/javascript/auto/jquery.autocomplete.js HTTP/1.1" 304 -
180.152.104.37 - - [12/Dec/2020:10:09:28 +0800] "GET /xingrg/javascript/easyui/easyloader.js HTTP/1.1" 304 -
180.152.104.37 - - [12/Dec/2020:10:09:28 +0800] "GET /xingrg/javascript/print/LodopFuncs.js HTTP/1.1" 304 -
180.152.104.37 - - [12/Dec/2020:10:09:28 +0800] "GET /xingrg/javascript/jquery.cookie.js HTTP/1.1" 304 -
180.152.104.37 - - [12/Dec/2020:10:09:29 +0800] "GET /xingrg/kc/buy/cgsh_order_list.html HTTP/1.1" 200 45202
180.152.104.37 - - [12/Dec/2020:10:09:31 +0800] "GET /xingrg/javascript/easyui/plugins/jquery.parser.js HTTP/1.1" 304 -
180.152.104.37 - - [12/Dec/2020:10:09:31 +0800] "POST /xingrg/kc/buy/cgsh_list_operate.html HTTP/1.1" 200 876
180.157.253.48 - - [12/Dec/2020:10:09:32 +0800] "GET /xingrg/all/function/internal_message.html?_=1607738977927&CODE_STATE=getMsg HTTP/1.1" 200 27
180.152.104.37 - - [12/Dec/2020:10:09:32 +0800] "GET /xingrg/javascript/pic_change.js HTTP/1.1" 304 -
180.152.104.37 - - [12/Dec/2020:10:09:32 +0800] "GET /xingrg/javascript/jquery_tools/order_manager.js HTTP/1.1" 304 -
180.152.104.37 - - [12/Dec/2020:10:09:32 +0800] "GET /xingrg/javascript/convert.js HTTP/1.1" 304 -
180.152.104.37 - - [12/Dec/2020:10:09:32 +0800] "GET /xingrg/javascript/json2.js HTTP/1.1" 304 -
180.152.104.37 - - [12/Dec/2020:10:09:32 +0800] "GET /xingrg/javascript/print/kc_print.js HTTP/1.1" 304 -
180.152.104.37 - - [12/Dec/2020:10:09:32 +0800] "GET /xingrg/kc/buy/cgsh_order_add.html HTTP/1.1" 200 60898
180.152.104.37 - - [12/Dec/2020:10:09:32 +0800] "GET /xingrg/words/20201212095936_words.js HTTP/1.1" 304 -
180.152.104.37 - - [12/Dec/2020:10:09:33 +0800] "GET /xingrg/all/common/auto_word.html?type=employee&rest_code=00102 HTTP/1.1" 200 189
180.152.104.37 - - [12/Dec/2020:10:09:33 +0800] "POST /xingrg/kc/buy/cgsh_order_operate.html HTTP/1.1" 200 8245
180.152.104.37 - - [12/Dec/2020:10:09:33 +0800] "GET /xingrg/all/common/auto_word.html?type=employee&rest_code=00102 HTTP/1.1" 200 189
180.152.104.37 - - [12/Dec/2020:10:09:33 +0800] "GET /xingrg/javascript/easyui/themes/default/validatebox.css HTTP/1.1" 404 1104
180.152.104.37 - - [12/Dec/2020:10:09:33 +0800] "GET /xingrg/javascript/easyui/plugins/jquery.validatebox.js HTTP/1.1" 304 -
180.152.104.37 - - [12/Dec/2020:10:09:33 +0800] "GET /xingrg/javascript/easyui/plugins/jquery.numberbox.js HTTP/1.1" 304 -
101.83.240.69 - - [12/Dec/2020:10:09:34 +0800] "GET /xingrg/all/function/internal_message.html?_=1607738967554&CODE_STATE=getMsg HTTP/1.1" 200 27
180.152.104.37 - - [12/Dec/2020:10:09:34 +0800] "GET /xingrg/javascript/easyui/plugins/jquery.draggable.js HTTP/1.1" 304 -
180.152.104.37 - - [12/Dec/2020:10:09:34 +0800] "GET /xingrg/javascript/easyui/plugins/jquery.droppable.js HTTP/1.1" 304 -
180.152.104.37 - - [12/Dec/2020:10:09:34 +0800] "GET /xingrg/javascript/easyui/plugins/jquery.tree.js HTTP/1.1" 304 -
180.152.104.37 - - [12/Dec/2020:10:09:34 +0800] "GET /xingrg/javascript/easyui/themes/default/tree.css HTTP/1.1" 404 1090
172.17.0.123 - - [12/Dec/2020:10:09:34 +0800] "GET /xingrg/all/function/internal_message.html?_=1607738894030&CODE_STATE=getMsg HTTP/1.1" 200 27
180.152.104.37 - - [12/Dec/2020:10:09:35 +0800] "POST /xingrg/all/common/load_tree.html?tree=supplier_tree_json&isDelete=1 HTTP/1.1" 200 52361
114.88.163.87 - - [12/Dec/2020:10:09:35 +0800] "GET /xingrg/check_reg.html?_=1607738970342 HTTP/1.1" 200 22
114.88.163.87 - - [12/Dec/2020:10:09:35 +0800] "GET /xingrg/all/function/internal_message.html?_=1607738970841&CODE_STATE=getMsg HTTP/1.1" 200 27
101.85.93.83 - - [12/Dec/2020:10:09:41 +0800] "GET /xingrg/all/function/internal_message.html?_=1607738686107&CODE_STATE=getMsg HTTP/1.1" 200 27
180.174.56.115 - - [12/Dec/2020:10:09:42 +0800] "GET /xingrg/all/function/internal_message.html?_=1607738944225&CODE_STATE=getMsg HTTP/1.1" 200 27
114.84.32.187 - - [12/Dec/2020:10:09:45 +0800] "GET /xingrg/all/function/internal_message.html?_=1607739006390&CODE_STATE=getMsg HTTP/1.1" 200 27
180.152.104.37 - - [12/Dec/2020:10:09:45 +0800] "GET /xingrg/javascript/auto/indicator.gif HTTP/1.1" 404 1066
114.84.32.187 - - [12/Dec/2020:10:09:45 +0800] "GET /xingrg/all/function/internal_message.html?_=1607738979510&CODE_STATE=getMsg HTTP/1.1" 200 27
180.152.104.37 - - [12/Dec/2020:10:09:48 +0800] "GET /xingrg/kc/buy/cgsh_order_operate.html?command=get_materiel&rest_code=00102&code=00101009019&supplier_code=00100424&order_time=2020-12-12 HTTP/1.1" 200 432
114.88.163.87 - - [12/Dec/2020:10:09:49 +0800] "GET /xingrg/all/function/internal_message.html?_=1607739118340&CODE_STATE=getMsg HTTP/1.1" 200 27
116.228.172.94 - - [12/Dec/2020:10:09:57 +0800] "GET /xingrg/all/function/internal_message.html?_=1607738987576&CODE_STATE=getMsg HTTP/1.1" 200 27
180.152.104.37 - - [12/Dec/2020:10:09:57 +0800] "GET /xingrg/kc/buy/cgsh_order_operate.html?command=get_materiel&rest_code=00102&code=00101009011&supplier_code=00100424&order_time=2020-12-12 HTTP/1.1" 200 435
114.88.159.147 - - [12/Dec/2020:10:09:58 +0800] "GET /xingrg/all/function/internal_message.html?_=1607738568038&CODE_STATE=getMsg HTTP/1.1" 200 27
114.88.163.87 - - [12/Dec/2020:10:10:05 +0800] "GET /xingrg/all/function/internal_message.html?_=1607738992834&CODE_STATE=getMsg HTTP/1.1" 200 27
183.192.90.223 - - [12/Dec/2020:10:10:07 +0800] "GET /xingrg/all/function/internal_message.html?_=1607739009541&CODE_STATE=getMsg HTTP/1.1" 200 27
114.84.32.187 - - [12/Dec/2020:10:10:07 +0800] "GET /xingrg/check_reg.html?_=1607739036921 HTTP/1.1" 302 -
117.184.7.30 - - [12/Dec/2020:10:10:19 +0800] "GET /xingrg/all/function/internal_message.html?_=1607739005155&CODE_STATE=getMsg HTTP/1.1" 200 27
180.152.104.37 - - [12/Dec/2020:10:10:21 +0800] "GET /xingrg/kc/buy/cgsh_order_operate.html?command=get_materiel&rest_code=00102&code=00101009061&supplier_code=00100424&order_time=2020-12-12 HTTP/1.1" 200 408
222.69.133.109 - - [12/Dec/2020:10:10:23 +0800] "GET /xingrg/check_reg.html?_=1607739022126 HTTP/1.1" 200 22
222.69.133.109 - - [12/Dec/2020:10:10:23 +0800] "GET /xingrg/all/function/internal_message.html?_=1607739022129&CODE_STATE=getMsg HTTP/1.1" 200 27
180.152.104.37 - - [12/Dec/2020:10:10:24 +0800] "GET /xingrg/all/function/internal_message.html?_=1607739252335&CODE_STATE=getMsg HTTP/1.1" 200 27
172.17.0.100 - - [12/Dec/2020:10:10:25 +0800] "GET /xingrg/all/function/internal_message.html?_=1607739023623&CODE_STATE=getMsg HTTP/1.1" 200 27
180.152.104.37 - - [12/Dec/2020:10:10:29 +0800] "GET /xingrg/kc/buy/cgsh_order_operate.html?command=get_materiel&rest_code=00102&code=00101009109&supplier_code=00100424&order_time=2020-12-12 HTTP/1.1" 200 399
180.157.253.48 - - [12/Dec/2020:10:10:32 +0800] "GET /xingrg/check_reg.html?_=1607739037616 HTTP/1.1" 200 22
180.157.253.48 - - [12/Dec/2020:10:10:32 +0800] "GET /xingrg/all/function/internal_message.html?_=1607739037941&CODE_STATE=getMsg HTTP/1.1" 200 27
101.83.240.69 - - [12/Dec/2020:10:10:34 +0800] "GET /xingrg/check_reg.html?_=1607739027554 HTTP/1.1" 200 22
101.83.240.69 - - [12/Dec/2020:10:10:34 +0800] "GET /xingrg/all/function/internal_message.html?_=1607739027558&CODE_STATE=getMsg HTTP/1.1" 200 27
172.17.0.123 - - [12/Dec/2020:10:10:34 +0800] "GET /xingrg/all/function/internal_message.html?_=1607738954032&CODE_STATE=getMsg HTTP/1.1" 200 27
114.88.163.87 - - [12/Dec/2020:10:10:35 +0800] "GET /xingrg/all/function/internal_message.html?_=1607739030858&CODE_STATE=getMsg HTTP/1.1" 200 27
180.152.104.37 - - [12/Dec/2020:10:10:36 +0800] "GET /xingrg/kc/buy/cgsh_order_operate.html?command=get_materiel&rest_code=00102&code=00101009062&supplier_code=00100424&order_time=2020-12-12 HTTP/1.1" 200 433
101.85.93.83 - - [12/Dec/2020:10:10:41 +0800] "GET /xingrg/check_reg.html?_=1607738746099 HTTP/1.1" 200 22
101.85.93.83 - - [12/Dec/2020:10:10:41 +0800] "GET /xingrg/all/function/internal_message.html?_=1607738746102&CODE_STATE=getMsg HTTP/1.1" 200 27
114.84.32.187 - - [12/Dec/2020:10:10:42 +0800] "GET /xingrg/check_reg.html?_=1607739063965 HTTP/1.1" 200 22
180.174.56.115 - - [12/Dec/2020:10:10:42 +0800] "GET /xingrg/all/function/internal_message.html?_=1607739004246&CODE_STATE=getMsg HTTP/1.1" 200 27
114.84.32.187 - - [12/Dec/2020:10:10:45 +0800] "GET /xingrg/all/function/internal_message.html?_=1607739066404&CODE_STATE=getMsg HTTP/1.1" 200 27
114.84.32.187 - - [12/Dec/2020:10:10:45 +0800] "GET /xingrg/all/function/internal_message.html?_=1607739039518&CODE_STATE=getMsg HTTP/1.1" 200 27
114.84.32.187 - - [12/Dec/2020:10:10:45 +0800] "GET /xingrg/check_reg.html?_=1607739039511 HTTP/1.1" 200 22
114.88.163.87 - - [12/Dec/2020:10:10:49 +0800] "GET /xingrg/all/function/internal_message.html?_=1607739178339&CODE_STATE=getMsg HTTP/1.1" 200 27
180.152.104.37 - - [12/Dec/2020:10:10:56 +0800] "GET /xingrg/kc/buy/cgsh_order_operate.html?command=get_materiel&rest_code=00102&code=00101009046&supplier_code=00100424&order_time=2020-12-12 HTTP/1.1" 200 408
116.228.172.94 - - [12/Dec/2020:10:10:57 +0800] "GET /xingrg/all/function/internal_message.html?_=1607739047554&CODE_STATE=getMsg HTTP/1.1" 200 27
114.88.159.147 - - [12/Dec/2020:10:10:58 +0800] "GET /xingrg/all/function/internal_message.html?_=1607738628038&CODE_STATE=getMsg HTTP/1.1" 200 27
180.152.104.37 - - [12/Dec/2020:10:11:04 +0800] "GET /xingrg/kc/buy/cgsh_order_operate.html?command=get_materiel&rest_code=00102&code=00101009107&supplier_code=00100424&order_time=2020-12-12 HTTP/1.1" 200 396
114.88.163.87 - - [12/Dec/2020:10:11:05 +0800] "GET /xingrg/all/function/internal_message.html?_=1607739052831&CODE_STATE=getMsg HTTP/1.1" 200 27
183.192.90.223 - - [12/Dec/2020:10:11:06 +0800] "GET /xingrg/all/function/internal_message.html?_=1607739069537&CODE_STATE=getMsg HTTP/1.1" 200 27
180.152.104.37 - - [12/Dec/2020:10:11:15 +0800] "GET /xingrg/kc/buy/cgsh_order_operate.html?command=get_materiel&rest_code=00102&code=00101009007&supplier_code=00100424&order_time=2020-12-12 HTTP/1.1" 200 408
117.184.7.30 - - [12/Dec/2020:10:11:19 +0800] "GET /xingrg/all/function/internal_message.html?_=1607739065156&CODE_STATE=getMsg HTTP/1.1" 200 27
117.184.7.26 - - [12/Dec/2020:10:11:19 +0800] "GET /xingrg/check_reg.html?_=1607739065169 HTTP/1.1" 200 22
222.69.133.109 - - [12/Dec/2020:10:11:23 +0800] "GET /xingrg/all/function/internal_message.html?_=1607739082129&CODE_STATE=getMsg HTTP/1.1" 200 27
180.152.104.37 - - [12/Dec/2020:10:11:24 +0800] "GET /xingrg/all/function/internal_message.html?_=1607739312348&CODE_STATE=getMsg HTTP/1.1" 200 27
172.17.0.100 - - [12/Dec/2020:10:11:25 +0800] "GET /xingrg/all/function/internal_message.html?_=1607739083611&CODE_STATE=getMsg HTTP/1.1" 200 27
180.157.253.48 - - [12/Dec/2020:10:11:32 +0800] "GET /xingrg/all/function/internal_message.html?_=1607739097955&CODE_STATE=getMsg HTTP/1.1" 200 27
101.83.240.69 - - [12/Dec/2020:10:11:34 +0800] "GET /xingrg/all/function/internal_message.html?_=1607739087544&CODE_STATE=getMsg HTTP/1.1" 200 27
172.17.0.123 - - [12/Dec/2020:10:11:34 +0800] "GET /xingrg/all/function/internal_message.html?_=1607739014034&CODE_STATE=getMsg HTTP/1.1" 200 27
114.88.163.87 - - [12/Dec/2020:10:11:35 +0800] "GET /xingrg/all/function/internal_message.html?_=1607739090861&CODE_STATE=getMsg HTTP/1.1" 200 27
101.85.93.83 - - [12/Dec/2020:10:11:41 +0800] "GET /xingrg/all/function/internal_message.html?_=1607738806112&CODE_STATE=getMsg HTTP/1.1" 200 27
180.174.56.115 - - [12/Dec/2020:10:11:42 +0800] "GET /xingrg/all/function/internal_message.html?_=1607739064253&CODE_STATE=getMsg HTTP/1.1" 200 27
114.84.32.187 - - [12/Dec/2020:10:11:45 +0800] "GET /xingrg/all/function/internal_message.html?_=1607739126417&CODE_STATE=getMsg HTTP/1.1" 200 27
114.84.32.187 - - [12/Dec/2020:10:11:45 +0800] "GET /xingrg/all/function/internal_message.html?_=1607739099502&CODE_STATE=getMsg HTTP/1.1" 200 27
114.88.163.87 - - [12/Dec/2020:10:11:49 +0800] "GET /xingrg/all/function/internal_message.html?_=1607739238328&CODE_STATE=getMsg HTTP/1.1" 200 27
116.228.172.94 - - [12/Dec/2020:10:11:51 +0800] "GET /xingrg/kc/base/wldb_order_operate.html?command=get_materiel&rest_code=00107&base_code=0010152&code=00102002136 HTTP/1.1" 200 427
116.228.172.94 - - [12/Dec/2020:10:11:57 +0800] "GET /xingrg/all/function/internal_message.html?_=1607739107541&CODE_STATE=getMsg HTTP/1.1" 200 27
116.228.172.94 - - [12/Dec/2020:10:11:57 +0800] "GET /xingrg/check_reg.html?_=1607739108339 HTTP/1.1" 200 22
114.88.159.147 - - [12/Dec/2020:10:11:58 +0800] "GET /xingrg/all/function/internal_message.html?_=1607738688037&CODE_STATE=getMsg HTTP/1.1" 200 27
180.152.104.37 - - [12/Dec/2020:10:12:00 +0800] "POST /xingrg/kc/buy/cgsh_order_operate.html HTTP/1.1" 200 37
180.152.104.37 - - [12/Dec/2020:10:12:01 +0800] "POST /xingrg/kc/buy/cgsh_order_operate.html HTTP/1.1" 200 8583
116.228.172.94 - - [12/Dec/2020:10:12:03 +0800] "GET /xingrg/kc/base/wldb_order_operate.html?command=get_materiel&rest_code=00107&base_code=0010152&code=00102002390 HTTP/1.1" 200 437
114.88.163.87 - - [12/Dec/2020:10:12:05 +0800] "GET /xingrg/all/function/internal_message.html?_=1607739112828&CODE_STATE=getMsg HTTP/1.1" 200 27
183.192.90.223 - - [12/Dec/2020:10:12:06 +0800] "GET /xingrg/check_reg.html?_=1607739129522 HTTP/1.1" 200 22
183.192.90.223 - - [12/Dec/2020:10:12:06 +0800] "GET /xingrg/all/function/internal_message.html?_=1607739129537&CODE_STATE=getMsg HTTP/1.1" 200 27
116.228.172.94 - - [12/Dec/2020:10:12:15 +0800] "GET /xingrg/kc/base/wldb_order_operate.html?command=get_materiel&rest_code=00107&base_code=0010152&code=00102002304 HTTP/1.1" 200 450
117.184.7.30 - - [12/Dec/2020:10:12:19 +0800] "GET /xingrg/all/function/internal_message.html?_=1607739125157&CODE_STATE=getMsg HTTP/1.1" 200 27
222.69.133.109 - - [12/Dec/2020:10:12:23 +0800] "GET /xingrg/all/function/internal_message.html?_=1607739142131&CODE_STATE=getMsg HTTP/1.1" 200 27
180.152.104.37 - - [12/Dec/2020:10:12:24 +0800] "GET /xingrg/all/function/internal_message.html?_=1607739372363&CODE_STATE=getMsg HTTP/1.1" 200 27
172.17.0.100 - - [12/Dec/2020:10:12:25 +0800] "GET /xingrg/all/function/internal_message.html?_=1607739143610&CODE_STATE=getMsg HTTP/1.1" 200 27
116.228.172.94 - - [12/Dec/2020:10:12:28 +0800] "GET /xingrg/kc/base/wldb_order_operate.html?command=get_materiel&rest_code=00107&base_code=0010152&code=00102002163 HTTP/1.1" 200 436
180.157.253.48 - - [12/Dec/2020:10:12:32 +0800] "GET /xingrg/all/function/internal_message.html?_=1607739157968&CODE_STATE=getMsg HTTP/1.1" 200 27
101.83.240.69 - - [12/Dec/2020:10:12:34 +0800] "GET /xingrg/all/function/internal_message.html?_=1607739147548&CODE_STATE=getMsg HTTP/1.1" 200 27
172.17.0.123 - - [12/Dec/2020:10:12:34 +0800] "GET /xingrg/all/function/internal_message.html?_=1607739074036&CODE_STATE=getMsg HTTP/1.1" 200 27
172.17.0.123 - - [12/Dec/2020:10:12:34 +0800] "GET /xingrg/check_reg.html?_=1607739074036 HTTP/1.1" 200 22
114.88.163.87 - - [12/Dec/2020:10:12:35 +0800] "GET /xingrg/all/function/internal_message.html?_=1607739150877&CODE_STATE=getMsg HTTP/1.1" 200 27
116.228.172.94 - - [12/Dec/2020:10:12:37 +0800] "GET /xingrg/kc/base/wldb_order_operate.html?command=get_materiel&rest_code=00107&base_code=0010152&code=00102002453 HTTP/1.1" 200 435
101.85.93.83 - - [12/Dec/2020:10:12:41 +0800] "GET /xingrg/all/function/internal_message.html?_=1607738866112&CODE_STATE=getMsg HTTP/1.1" 200 27
180.174.56.115 - - [12/Dec/2020:10:12:42 +0800] "GET /xingrg/check_reg.html?_=1607739124043 HTTP/1.1" 200 22
180.174.56.115 - - [12/Dec/2020:10:12:42 +0800] "GET /xingrg/all/function/internal_message.html?_=1607739124267&CODE_STATE=getMsg HTTP/1.1" 200 27
116.228.172.94 - - [12/Dec/2020:10:12:43 +0800] "POST /xingrg/kc/base/wldb_order_operate.html HTTP/1.1" 200 37
116.228.172.94 - - [12/Dec/2020:10:12:44 +0800] "POST /xingrg/kc/base/wldb_order_operate.html HTTP/1.1" 200 4112
114.84.32.187 - - [12/Dec/2020:10:12:45 +0800] "GET /xingrg/all/function/internal_message.html?_=1607739186432&CODE_STATE=getMsg HTTP/1.1" 200 27
114.84.32.187 - - [12/Dec/2020:10:12:45 +0800] "GET /xingrg/all/function/internal_message.html?_=1607739159506&CODE_STATE=getMsg HTTP/1.1" 200 27
116.228.172.94 - - [12/Dec/2020:10:12:47 +0800] "GET /xingrg/kc/base/wldb_order_info.html?code=422020121201298 HTTP/1.1" 200 30603
116.228.172.94 - - [12/Dec/2020:10:12:48 +0800] "GET /xingrg/words/20201212095936_words.js HTTP/1.1" 200 780539
116.228.172.94 - - [12/Dec/2020:10:12:49 +0800] "GET /xingrg/javascript/easyui/themes/default/validatebox.css HTTP/1.1" 404 1104
116.228.172.94 - - [12/Dec/2020:10:12:49 +0800] "POST /xingrg/kc/base/wldb_order_operate.html HTTP/1.1" 200 4112
114.88.163.87 - - [12/Dec/2020:10:12:49 +0800] "GET /xingrg/all/function/internal_message.html?_=1607739298329&CODE_STATE=getMsg HTTP/1.1" 200 27
116.228.172.94 - - [12/Dec/2020:10:12:54 +0800] "GET /xingrg/kc/base/wldb_order_add.html HTTP/1.1" 200 30589
116.228.172.94 - - [12/Dec/2020:10:12:55 +0800] "GET /xingrg/javascript/easyui/themes/default/validatebox.css HTTP/1.1" 404 1104
116.228.172.94 - - [12/Dec/2020:10:12:55 +0800] "POST /xingrg/kc/base/wldb_order_operate.html HTTP/1.1" 200 6806
116.228.172.94 - - [12/Dec/2020:10:12:57 +0800] "GET /xingrg/all/function/internal_message.html?_=1607739167525&CODE_STATE=getMsg HTTP/1.1" 200 27
114.88.159.147 - - [12/Dec/2020:10:12:58 +0800] "GET /xingrg/all/function/internal_message.html?_=1607738748053&CODE_STATE=getMsg HTTP/1.1" 200 27
116.228.172.94 - - [12/Dec/2020:10:13:02 +0800] "GET /xingrg/kc/base/base_main.html HTTP/1.1" 200 12142
116.228.172.94 - - [12/Dec/2020:10:13:04 +0800] "GET /xingrg/kc/base/wldb_order_list.html HTTP/1.1" 200 19424
116.228.172.94 - - [12/Dec/2020:10:13:05 +0800] "POST /xingrg/kc/base/wldb_list_operate.html HTTP/1.1" 200 3362
183.192.90.223 - - [12/Dec/2020:10:13:05 +0800] "GET /xingrg/all/function/internal_message.html?_=1607739189541&CODE_STATE=getMsg HTTP/1.1" 200 27
114.88.163.87 - - [12/Dec/2020:10:13:05 +0800] "GET /xingrg/check_reg.html?_=1607739172826 HTTP/1.1" 200 22
114.88.163.87 - - [12/Dec/2020:10:13:05 +0800] "GET /xingrg/all/function/internal_message.html?_=1607739172827&CODE_STATE=getMsg HTTP/1.1" 200 27
116.228.172.94 - - [12/Dec/2020:10:13:11 +0800] "GET /xingrg/kc/base/wldb_order_add.html HTTP/1.1" 200 30589
116.228.172.94 - - [12/Dec/2020:10:13:12 +0800] "GET /xingrg/javascript/easyui/themes/default/validatebox.css HTTP/1.1" 404 1104
116.228.172.94 - - [12/Dec/2020:10:13:12 +0800] "POST /xingrg/kc/base/wldb_order_operate.html HTTP/1.1" 200 6806
116.228.172.94 - - [12/Dec/2020:10:13:14 +0800] "POST /xingrg/all/common/load_combo.html?type=base HTTP/1.1" 200 3324
116.228.172.94 - - [12/Dec/2020:10:13:17 +0800] "POST /xingrg/all/common/load_combo.html?type=base HTTP/1.1" 200 3324
117.184.7.30 - - [12/Dec/2020:10:13:19 +0800] "GET /xingrg/all/function/internal_message.html?_=1607739185159&CODE_STATE=getMsg HTTP/1.1" 200 27
222.69.133.109 - - [12/Dec/2020:10:13:23 +0800] "GET /xingrg/all/function/internal_message.html?_=1607739202138&CODE_STATE=getMsg HTTP/1.1" 200 27
116.228.172.94 - - [12/Dec/2020:10:13:24 +0800] "GET /xingrg/javascript/auto/indicator.gif HTTP/1.1" 404 1066
180.152.104.37 - - [12/Dec/2020:10:13:24 +0800] "GET /xingrg/all/function/internal_message.html?_=1607739432375&CODE_STATE=getMsg HTTP/1.1" 200 27
172.17.0.100 - - [12/Dec/2020:10:13:25 +0800] "GET /xingrg/all/function/internal_message.html?_=1607739203611&CODE_STATE=getMsg HTTP/1.1" 200 27
180.157.253.48 - - [12/Dec/2020:10:13:32 +0800] "GET /xingrg/all/function/internal_message.html?_=1607739218099&CODE_STATE=getMsg HTTP/1.1" 200 27
101.83.240.69 - - [12/Dec/2020:10:13:34 +0800] "GET /xingrg/all/function/internal_message.html?_=1607739207548&CODE_STATE=getMsg HTTP/1.1" 200 27
172.17.0.123 - - [12/Dec/2020:10:13:34 +0800] "GET /xingrg/all/function/internal_message.html?_=1607739134040&CODE_STATE=getMsg HTTP/1.1" 200 27
114.88.163.87 - - [12/Dec/2020:10:13:35 +0800] "GET /xingrg/all/function/internal_message.html?_=1607739210910&CODE_STATE=getMsg HTTP/1.1" 200 27
180.162.223.42 - - [12/Dec/2020:10:13:37 +0800] "POST /xingrg/services/DataTransmitService HTTP/1.1" 200 524
116.228.172.94 - - [12/Dec/2020:10:13:38 +0800] "GET /xingrg/kc/base/wldb_order_operate.html?command=get_materiel&rest_code=00107&base_code=0010152&code=00102004026 HTTP/1.1" 200 443
180.162.223.42 - - [12/Dec/2020:10:13:41 +0800] "POST /xingrg/services/DataTransmitService HTTP/1.1" 200 501
101.85.93.83 - - [12/Dec/2020:10:13:41 +0800] "GET /xingrg/all/function/internal_message.html?_=1607738926109&CODE_STATE=getMsg HTTP/1.1" 200 27
180.174.56.115 - - [12/Dec/2020:10:13:42 +0800] "GET /xingrg/all/function/internal_message.html?_=1607739184281&CODE_STATE=getMsg HTTP/1.1" 200 27
114.84.32.187 - - [12/Dec/2020:10:13:45 +0800] "GET /xingrg/all/function/internal_message.html?_=1607739246697&CODE_STATE=getMsg HTTP/1.1" 200 27
114.84.32.187 - - [12/Dec/2020:10:13:45 +0800] "GET /xingrg/all/function/internal_message.html?_=1607739219506&CODE_STATE=getMsg HTTP/1.1" 200 27
116.228.172.94 - - [12/Dec/2020:10:13:48 +0800] "GET /xingrg/kc/base/wldb_order_operate.html?command=get_materiel&rest_code=00107&base_code=0010152&code=00102002315 HTTP/1.1" 200 447
114.88.163.87 - - [12/Dec/2020:10:13:49 +0800] "GET /xingrg/check_reg.html?_=1607739358329 HTTP/1.1" 200 22
114.88.163.87 - - [12/Dec/2020:10:13:49 +0800] "GET /xingrg/all/function/internal_message.html?_=1607739358332&CODE_STATE=getMsg HTTP/1.1" 200 27
116.228.172.94 - - [12/Dec/2020:10:13:57 +0800] "GET /xingrg/all/function/internal_message.html?_=1607739227527&CODE_STATE=getMsg HTTP/1.1" 200 27
114.88.159.147 - - [12/Dec/2020:10:13:58 +0800] "GET /xingrg/check_reg.html?_=1607738808038 HTTP/1.1" 200 22
114.88.159.147 - - [12/Dec/2020:10:13:58 +0800] "GET /xingrg/all/function/internal_message.html?_=1607738808039&CODE_STATE=getMsg HTTP/1.1" 200 27
116.228.172.94 - - [12/Dec/2020:10:13:59 +0800] "GET /xingrg/kc/base/wldb_order_operate.html?command=get_materiel&rest_code=00107&base_code=0010152&code=00102002314 HTTP/1.1" 200 447
183.192.90.223 - - [12/Dec/2020:10:14:04 +0800] "GET /xingrg/all/function/internal_message.html?_=1607739249538&CODE_STATE=getMsg HTTP/1.1" 200 27
114.88.163.87 - - [12/Dec/2020:10:14:05 +0800] "GET /xingrg/all/function/internal_message.html?_=1607739232823&CODE_STATE=getMsg HTTP/1.1" 200 27
116.228.172.94 - - [12/Dec/2020:10:14:12 +0800] "GET /xingrg/kc/base/wldb_order_operate.html?command=get_materiel&rest_code=00107&base_code=0010152&code=00102002238 HTTP/1.1" 200 433
116.228.172.94 - - [12/Dec/2020:10:14:17 +0800] "POST /xingrg/kc/base/wldb_order_operate.html HTTP/1.1" 200 37
116.228.172.94 - - [12/Dec/2020:10:14:18 +0800] "POST /xingrg/kc/base/wldb_order_operate.html HTTP/1.1" 200 3143
116.228.172.94 - - [12/Dec/2020:10:14:18 +0800] "GET /xingrg/kc/base/wldb_order_info.html?code=422020121201299 HTTP/1.1" 200 30603
116.228.172.94 - - [12/Dec/2020:10:14:19 +0800] "GET /xingrg/words/20201212095936_words.js HTTP/1.1" 304 -
116.228.172.94 - - [12/Dec/2020:10:14:19 +0800] "GET /xingrg/javascript/easyui/themes/default/validatebox.css HTTP/1.1" 404 1104
117.184.7.30 - - [12/Dec/2020:10:14:19 +0800] "GET /xingrg/all/function/internal_message.html?_=1607739245158&CODE_STATE=getMsg HTTP/1.1" 200 27
116.228.172.94 - - [12/Dec/2020:10:14:19 +0800] "POST /xingrg/kc/base/wldb_order_operate.html HTTP/1.1" 200 3143
222.69.133.109 - - [12/Dec/2020:10:14:23 +0800] "GET /xingrg/all/function/internal_message.html?_=1607739262137&CODE_STATE=getMsg HTTP/1.1" 200 27
180.152.104.37 - - [12/Dec/2020:10:14:24 +0800] "GET /xingrg/all/function/internal_message.html?_=1607739492409&CODE_STATE=getMsg HTTP/1.1" 200 27
180.152.104.37 - - [12/Dec/2020:10:14:24 +0800] "GET /xingrg/check_reg.html?_=1607739492408 HTTP/1.1" 200 22
172.17.0.100 - - [12/Dec/2020:10:14:25 +0800] "GET /xingrg/all/function/internal_message.html?_=1607739263639&CODE_STATE=getMsg HTTP/1.1" 200 27
172.17.0.100 - - [12/Dec/2020:10:14:25 +0800] "GET /xingrg/check_reg.html?_=1607739263641 HTTP/1.1" 200 22
180.157.253.48 - - [12/Dec/2020:10:14:32 +0800] "GET /xingrg/all/function/internal_message.html?_=1607739278105&CODE_STATE=getMsg HTTP/1.1" 200 27
101.83.240.69 - - [12/Dec/2020:10:14:34 +0800] "GET /xingrg/all/function/internal_message.html?_=1607739267552&CODE_STATE=getMsg HTTP/1.1" 200 27
172.17.0.123 - - [12/Dec/2020:10:14:34 +0800] "GET /xingrg/all/function/internal_message.html?_=1607739194042&CODE_STATE=getMsg HTTP/1.1" 200 27
114.88.163.87 - - [12/Dec/2020:10:14:35 +0800] "GET /xingrg/check_reg.html?_=1607739270364 HTTP/1.1" 200 22
114.88.163.87 - - [12/Dec/2020:10:14:35 +0800] "GET /xingrg/all/function/internal_message.html?_=1607739270925&CODE_STATE=getMsg HTTP/1.1" 200 27
101.85.93.83 - - [12/Dec/2020:10:14:41 +0800] "GET /xingrg/all/function/internal_message.html?_=1607738986102&CODE_STATE=getMsg HTTP/1.1" 200 27
180.174.56.115 - - [12/Dec/2020:10:14:42 +0800] "GET /xingrg/all/function/internal_message.html?_=1607739244294&CODE_STATE=getMsg HTTP/1.1" 200 27
114.84.32.187 - - [12/Dec/2020:10:14:45 +0800] "GET /xingrg/all/function/internal_message.html?_=1607739306710&CODE_STATE=getMsg HTTP/1.1" 200 27
114.84.32.187 - - [12/Dec/2020:10:14:45 +0800] "GET /xingrg/all/function/internal_message.html?_=1607739279505&CODE_STATE=getMsg HTTP/1.1" 200 27
114.88.163.87 - - [12/Dec/2020:10:14:49 +0800] "GET /xingrg/all/function/internal_message.html?_=1607739418332&CODE_STATE=getMsg HTTP/1.1" 200 27
116.228.172.94 - - [12/Dec/2020:10:14:53 +0800] "GET /xingrg/kc/base/wldb_order_operate.html?command=get_materiel&rest_code=00107&base_code=0010152&code=00102002011 HTTP/1.1" 200 437
116.228.172.94 - - [12/Dec/2020:10:14:57 +0800] "GET /xingrg/all/function/internal_message.html?_=1607739287510&CODE_STATE=getMsg HTTP/1.1" 200 27
114.88.159.147 - - [12/Dec/2020:10:14:58 +0800] "GET /xingrg/all/function/internal_message.html?_=1607738868038&CODE_STATE=getMsg HTTP/1.1" 200 27
116.228.172.94 - - [12/Dec/2020:10:15:02 +0800] "GET /xingrg/kc/base/wldb_order_operate.html?command=get_materiel&rest_code=00107&base_code=0010152&code=00102002015 HTTP/1.1" 200 435
183.192.90.223 - - [12/Dec/2020:10:15:03 +0800] "GET /xingrg/all/function/internal_message.html?_=1607739309547&CODE_STATE=getMsg HTTP/1.1" 200 27
114.88.163.87 - - [12/Dec/2020:10:15:05 +0800] "GET /xingrg/all/function/internal_message.html?_=1607739292822&CODE_STATE=getMsg HTTP/1.1" 200 27
114.84.32.187 - - [12/Dec/2020:10:15:07 +0800] "GET /xingrg/check_reg.html?_=1607739336934 HTTP/1.1" 302 -
180.152.104.37 - - [12/Dec/2020:10:15:10 +0800] "POST /xingrg/kc/buy/cgsh_list_operate.html HTTP/1.1" 200 5727
116.228.172.94 - - [12/Dec/2020:10:15:14 +0800] "POST /xingrg/kc/base/wldb_order_operate.html HTTP/1.1" 200 37
116.228.172.94 - - [12/Dec/2020:10:15:14 +0800] "POST /xingrg/kc/base/wldb_order_operate.html HTTP/1.1" 200 3143
116.228.172.94 - - [12/Dec/2020:10:15:15 +0800] "GET /xingrg/kc/base/wldb_order_info.html?code=422020121201299 HTTP/1.1" 200 30603
116.228.172.94 - - [12/Dec/2020:10:15:16 +0800] "GET /xingrg/javascript/easyui/themes/default/validatebox.css HTTP/1.1" 404 1104
116.228.172.94 - - [12/Dec/2020:10:15:16 +0800] "POST /xingrg/kc/base/wldb_order_operate.html HTTP/1.1" 200 3143
116.228.172.94 - - [12/Dec/2020:10:15:18 +0800] "GET /xingrg/kc/base/wldb_order_add.html HTTP/1.1" 200 30589
116.228.172.94 - - [12/Dec/2020:10:15:19 +0800] "GET /xingrg/javascript/easyui/themes/default/validatebox.css HTTP/1.1" 404 1104
116.228.172.94 - - [12/Dec/2020:10:15:19 +0800] "POST /xingrg/kc/base/wldb_order_operate.html HTTP/1.1" 200 6806
117.184.7.30 - - [12/Dec/2020:10:15:19 +0800] "GET /xingrg/all/function/internal_message.html?_=1607739305160&CODE_STATE=getMsg HTTP/1.1" 200 27
116.228.172.94 - - [12/Dec/2020:10:15:20 +0800] "POST /xingrg/all/common/load_combo.html?type=base HTTP/1.1" 200 3324
180.152.104.37 - - [12/Dec/2020:10:15:21 +0800] "POST /xingrg/kc/buy/cgsh_list_operate.html HTTP/1.1" 200 564
222.69.133.109 - - [12/Dec/2020:10:15:23 +0800] "GET /xingrg/check_reg.html?_=1607739322137 HTTP/1.1" 200 22
222.69.133.109 - - [12/Dec/2020:10:15:23 +0800] "GET /xingrg/all/function/internal_message.html?_=1607739322140&CODE_STATE=getMsg HTTP/1.1" 200 27
116.228.172.94 - - [12/Dec/2020:10:15:24 +0800] "POST /xingrg/all/common/load_combo.html?type=base HTTP/1.1" 200 3324
180.152.104.37 - - [12/Dec/2020:10:15:24 +0800] "GET /xingrg/all/function/internal_message.html?_=1607739552507&CODE_STATE=getMsg HTTP/1.1" 200 27
172.17.0.100 - - [12/Dec/2020:10:15:25 +0800] "GET /xingrg/all/function/internal_message.html?_=1607739323652&CODE_STATE=getMsg HTTP/1.1" 200 27
114.88.163.87 - - [12/Dec/2020:10:15:26 +0800] "GET /xingrg/kc/buy/cgsh_order_list.html HTTP/1.1" 200 45202
114.88.163.87 - - [12/Dec/2020:10:15:28 +0800] "POST /xingrg/kc/buy/cgsh_list_operate.html HTTP/1.1" 200 2772
180.157.253.48 - - [12/Dec/2020:10:15:32 +0800] "GET /xingrg/check_reg.html?_=1607739337754 HTTP/1.1" 200 22
180.157.253.48 - - [12/Dec/2020:10:15:32 +0800] "GET /xingrg/all/function/internal_message.html?_=1607739338119&CODE_STATE=getMsg HTTP/1.1" 200 27
114.88.163.87 - - [12/Dec/2020:10:15:33 +0800] "POST /xingrg/kc/buy/cgsh_list_operate.html HTTP/1.1" 200 2772
101.83.240.69 - - [12/Dec/2020:10:15:34 +0800] "GET /xingrg/all/function/internal_message.html?_=1607739327566&CODE_STATE=getMsg HTTP/1.1" 200 27
101.83.240.69 - - [12/Dec/2020:10:15:34 +0800] "GET /xingrg/check_reg.html?_=1607739327572 HTTP/1.1" 200 22
172.17.0.123 - - [12/Dec/2020:10:15:34 +0800] "GET /xingrg/all/function/internal_message.html?_=1607739254028&CODE_STATE=getMsg HTTP/1.1" 200 27
114.88.163.87 - - [12/Dec/2020:10:15:35 +0800] "GET /xingrg/kc/buy/cgsh_order_add.html HTTP/1.1" 200 60939
114.88.163.87 - - [12/Dec/2020:10:15:35 +0800] "GET /xingrg/words/20201212095936_words.js HTTP/1.1" 200 780539
116.228.172.94 - - [12/Dec/2020:10:15:35 +0800] "GET /xingrg/kc/base/wldb_order_operate.html?command=get_materiel&rest_code=00107&base_code=0010152&code=00102001111 HTTP/1.1" 200 440
114.88.163.87 - - [12/Dec/2020:10:15:35 +0800] "POST /xingrg/kc/buy/cgsh_order_operate.html HTTP/1.1" 200 8245
114.88.163.87 - - [12/Dec/2020:10:15:35 +0800] "GET /xingrg/all/common/auto_word.html?type=employee&rest_code=00111 HTTP/1.1" 200 205
114.88.163.87 - - [12/Dec/2020:10:15:35 +0800] "GET /xingrg/javascript/easyui/themes/default/validatebox.css HTTP/1.1" 404 1104
114.88.163.87 - - [12/Dec/2020:10:15:35 +0800] "GET /xingrg/all/common/auto_word.html?type=employee&rest_code=00111 HTTP/1.1" 200 205
114.88.163.87 - - [12/Dec/2020:10:15:35 +0800] "GET /xingrg/all/function/internal_message.html?_=1607739330931&CODE_STATE=getMsg HTTP/1.1" 200 27
114.88.163.87 - - [12/Dec/2020:10:15:36 +0800] "GET /xingrg/javascript/auto/indicator.gif HTTP/1.1" 404 1066
114.88.163.87 - - [12/Dec/2020:10:15:37 +0800] "GET /xingrg/javascript/jquery_tools/images/prev.gif HTTP/1.1" 404 1086
114.88.163.87 - - [12/Dec/2020:10:15:37 +0800] "GET /xingrg/javascript/jquery_tools/images/next.gif HTTP/1.1" 404 1086
101.85.93.83 - - [12/Dec/2020:10:15:41 +0800] "GET /xingrg/check_reg.html?_=1607739046100 HTTP/1.1" 200 22
101.85.93.83 - - [12/Dec/2020:10:15:41 +0800] "GET /xingrg/all/function/internal_message.html?_=1607739046103&CODE_STATE=getMsg HTTP/1.1" 200 27
114.88.163.87 - - [12/Dec/2020:10:15:42 +0800] "GET /xingrg/kc/buy/cgsh_order_operate.html?command=get_materiel&rest_code=00111&code=00101005037&supplier_code=00100042&order_time=2020-12-12 HTTP/1.1" 200 409
180.174.56.115 - - [12/Dec/2020:10:15:42 +0800] "GET /xingrg/all/function/internal_message.html?_=1607739304319&CODE_STATE=getMsg HTTP/1.1" 200 27
114.84.32.187 - - [12/Dec/2020:10:15:42 +0800] "GET /xingrg/check_reg.html?_=1607739364206 HTTP/1.1" 200 22
116.228.172.94 - - [12/Dec/2020:10:15:45 +0800] "GET /xingrg/kc/base/wldb_order_operate.html?command=get_materiel&rest_code=00107&base_code=0010152&code=00102002448 HTTP/1.1" 200 426
114.84.32.187 - - [12/Dec/2020:10:15:45 +0800] "GET /xingrg/all/function/internal_message.html?_=1607739366722&CODE_STATE=getMsg HTTP/1.1" 200 27
114.84.32.187 - - [12/Dec/2020:10:15:45 +0800] "GET /xingrg/all/function/internal_message.html?_=1607739339507&CODE_STATE=getMsg HTTP/1.1" 200 27
114.84.32.187 - - [12/Dec/2020:10:15:45 +0800] "GET /xingrg/check_reg.html?_=1607739339509 HTTP/1.1" 200 22
114.88.163.87 - - [12/Dec/2020:10:15:49 +0800] "GET /xingrg/all/function/internal_message.html?_=1607739478340&CODE_STATE=getMsg HTTP/1.1" 200 27
114.88.163.87 - - [12/Dec/2020:10:15:50 +0800] "GET /xingrg/kc/buy/cgsh_order_operate.html?command=get_materiel&rest_code=00111&code=00101018007&supplier_code=00100042&order_time=2020-12-12 HTTP/1.1" 200 409
116.228.172.94 - - [12/Dec/2020:10:15:51 +0800] "POST /xingrg/kc/base/wldb_order_operate.html HTTP/1.1" 200 37
116.228.172.94 - - [12/Dec/2020:10:15:51 +0800] "POST /xingrg/kc/base/wldb_order_operate.html HTTP/1.1" 200 2667
116.228.172.94 - - [12/Dec/2020:10:15:51 +0800] "GET /xingrg/kc/base/wldb_order_info.html?code=422020121201300 HTTP/1.1" 200 30603
116.228.172.94 - - [12/Dec/2020:10:15:52 +0800] "GET /xingrg/words/20201212095936_words.js HTTP/1.1" 304 -
116.228.172.94 - - [12/Dec/2020:10:15:53 +0800] "GET /xingrg/javascript/easyui/themes/default/validatebox.css HTTP/1.1" 404 1104
116.228.172.94 - - [12/Dec/2020:10:15:53 +0800] "POST /xingrg/kc/base/wldb_order_operate.html HTTP/1.1" 200 2667
116.228.172.94 - - [12/Dec/2020:10:15:54 +0800] "GET /xingrg/kc/buy/buy_main.html HTTP/1.1" 200 12412
116.228.172.94 - - [12/Dec/2020:10:15:54 +0800] "GET /xingrg/css/new_ie.css HTTP/1.1" 404 1036
116.228.172.94 - - [12/Dec/2020:10:15:55 +0800] "GET /xingrg/images/yd/bt.gif HTTP/1.1" 404 1040
116.228.172.94 - - [12/Dec/2020:10:15:56 +0800] "GET /xingrg/kc/buy/cgsh_order_list.html HTTP/1.1" 200 45208
116.228.172.94 - - [12/Dec/2020:10:15:57 +0800] "GET /xingrg/all/function/internal_message.html?_=1607739347532&CODE_STATE=getMsg HTTP/1.1" 200 27
114.88.163.87 - - [12/Dec/2020:10:15:57 +0800] "GET /xingrg/kc/buy/cgsh_order_operate.html?command=get_materiel&rest_code=00111&code=00101003025&supplier_code=00100042&order_time=2020-12-12 HTTP/1.1" 200 409
114.88.159.147 - - [12/Dec/2020:10:15:58 +0800] "GET /xingrg/all/function/internal_message.html?_=1607738928037&CODE_STATE=getMsg HTTP/1.1" 200 27
116.228.172.94 - - [12/Dec/2020:10:15:58 +0800] "POST /xingrg/kc/buy/cgsh_list_operate.html HTTP/1.1" 200 3092
116.228.172.94 - - [12/Dec/2020:10:15:59 +0800] "GET /xingrg/kc/buy/cgsh_order_add.html HTTP/1.1" 200 61027
116.228.172.94 - - [12/Dec/2020:10:16:00 +0800] "GET /xingrg/javascript/easyui/themes/default/validatebox.css HTTP/1.1" 404 1104
116.228.172.94 - - [12/Dec/2020:10:16:00 +0800] "POST /xingrg/kc/buy/cgsh_order_operate.html HTTP/1.1" 200 8245
116.228.172.94 - - [12/Dec/2020:10:16:01 +0800] "GET /xingrg/javascript/easyui/themes/default/tree.css HTTP/1.1" 404 1090
116.228.172.94 - - [12/Dec/2020:10:16:02 +0800] "POST /xingrg/all/common/load_tree.html?tree=supplier_tree_json&isDelete=1 HTTP/1.1" 200 52361
183.192.90.223 - - [12/Dec/2020:10:16:02 +0800] "GET /xingrg/all/function/internal_message.html?_=1607739369538&CODE_STATE=getMsg HTTP/1.1" 200 27
114.88.163.87 - - [12/Dec/2020:10:16:04 +0800] "GET /xingrg/kc/buy/cgsh_order_operate.html?command=get_materiel&rest_code=00111&code=00101010161&supplier_code=00100042&order_time=2020-12-12 HTTP/1.1" 200 409
114.88.163.87 - - [12/Dec/2020:10:16:05 +0800] "GET /xingrg/all/function/internal_message.html?_=1607739352834&CODE_STATE=getMsg HTTP/1.1" 200 27
114.88.163.87 - - [12/Dec/2020:10:16:11 +0800] "GET /xingrg/kc/buy/cgsh_order_operate.html?command=get_materiel&rest_code=00111&code=00101001060&supplier_code=00100042&order_time=2020-12-12 HTTP/1.1" 200 419
117.184.7.30 - - [12/Dec/2020:10:16:19 +0800] "GET /xingrg/all/function/internal_message.html?_=1607739365161&CODE_STATE=getMsg HTTP/1.1" 200 27
117.184.7.26 - - [12/Dec/2020:10:16:19 +0800] "GET /xingrg/check_reg.html?_=1607739365164 HTTP/1.1" 200 22
114.88.163.87 - - [12/Dec/2020:10:16:22 +0800] "GET /xingrg/kc/buy/cgsh_order_operate.html?command=get_materiel&rest_code=00111&code=00101001111&supplier_code=00100042&order_time=2020-12-12 HTTP/1.1" 200 408
222.69.133.109 - - [12/Dec/2020:10:16:23 +0800] "GET /xingrg/all/function/internal_message.html?_=1607739382125&CODE_STATE=getMsg HTTP/1.1" 200 27
180.152.104.37 - - [12/Dec/2020:10:16:24 +0800] "GET /xingrg/all/function/internal_message.html?_=1607739612508&CODE_STATE=getMsg HTTP/1.1" 200 27
172.17.0.100 - - [12/Dec/2020:10:16:25 +0800] "GET /xingrg/all/function/internal_message.html?_=1607739383638&CODE_STATE=getMsg HTTP/1.1" 200 27
114.88.163.87 - - [12/Dec/2020:10:16:29 +0800] "POST /xingrg/kc/buy/cgsh_order_operate.html HTTP/1.1" 200 37
114.88.163.87 - - [12/Dec/2020:10:16:30 +0800] "POST /xingrg/kc/buy/cgsh_order_operate.html HTTP/1.1" 200 5608
117.185.32.26 - - [12/Dec/2020:10:16:31 +0800] "GET /xingrg/login.html HTTP/1.1" 200 7641
114.88.163.87 - - [12/Dec/2020:10:16:32 +0800] "GET /xingrg/kc/print/load_config.html?kc_code=cgsh HTTP/1.1" 200 1845
114.88.163.87 - - [12/Dec/2020:10:16:32 +0800] "GET /xingrg/kc/print/load_data.html?order_code=212020121204542&kc_code=cgsh&condition= HTTP/1.1" 200 1827
180.157.253.48 - - [12/Dec/2020:10:16:32 +0800] "GET /xingrg/all/function/internal_message.html?_=1607739398131&CODE_STATE=getMsg HTTP/1.1" 200 27
101.83.240.69 - - [12/Dec/2020:10:16:34 +0800] "GET /xingrg/all/function/internal_message.html?_=1607739387557&CODE_STATE=getMsg HTTP/1.1" 200 27
172.17.0.123 - - [12/Dec/2020:10:16:34 +0800] "GET /xingrg/all/function/internal_message.html?_=1607739314030&CODE_STATE=getMsg HTTP/1.1" 200 27
114.88.163.87 - - [12/Dec/2020:10:16:36 +0800] "GET /xingrg/all/function/internal_message.html?_=1607739390949&CODE_STATE=getMsg HTTP/1.1" 200 27
117.185.32.26 - - [12/Dec/2020:10:16:37 +0800] "GET /favicon.ico HTTP/1.1" 404 -
117.185.32.26 - - [12/Dec/2020:10:16:40 +0800] "POST /xingrg/login.do HTTP/1.1" 302 -
117.185.32.26 - - [12/Dec/2020:10:16:40 +0800] "GET /xingrg/index.html?sysBaseUrl=http%3A%2F%2F180.169.147.146%3A18081%2Fxingrg%2F&costTime=40×tamp=1607739400212 HTTP/1.1" 200 17173
117.185.32.26 - - [12/Dec/2020:10:16:41 +0800] "GET /favicon.ico HTTP/1.1" 404 -
101.85.93.83 - - [12/Dec/2020:10:16:41 +0800] "GET /xingrg/all/function/internal_message.html?_=1607739106100&CODE_STATE=getMsg HTTP/1.1" 200 27
180.174.56.115 - - [12/Dec/2020:10:16:42 +0800] "GET /xingrg/all/function/internal_message.html?_=1607739364337&CODE_STATE=getMsg HTTP/1.1" 200 27
117.185.32.26 - - [12/Dec/2020:10:16:43 +0800] "POST /xingrg/all/common/load_tree.html?tree=area_rest_tree_json&manage=1 HTTP/1.1" 200 342
114.84.32.187 - - [12/Dec/2020:10:16:45 +0800] "GET /xingrg/all/function/internal_message.html?_=1607739426735&CODE_STATE=getMsg HTTP/1.1" 200 27
117.185.32.26 - - [12/Dec/2020:10:16:45 +0800] "GET /xingrg/all/function/internal_message.html?_=1607739399463&CODE_STATE=count HTTP/1.1" 200 11
117.185.32.26 - - [12/Dec/2020:10:16:45 +0800] "GET /xingrg/check_reg.html?_=1607739399465 HTTP/1.1" 200 22
114.84.32.187 - - [12/Dec/2020:10:16:45 +0800] "GET /xingrg/all/function/internal_message.html?_=1607739399508&CODE_STATE=getMsg HTTP/1.1" 200 27
117.185.32.26 - - [12/Dec/2020:10:16:46 +0800] "POST /xingrg/load_menu.html HTTP/1.1" 200 5138
114.88.163.87 - - [12/Dec/2020:10:16:49 +0800] "GET /xingrg/all/function/internal_message.html?_=1607739538333&CODE_STATE=getMsg HTTP/1.1" 200 27
117.185.32.26 - - [12/Dec/2020:10:16:52 +0800] "GET /xingrg/kc/buy/buy_main.html HTTP/1.1" 200 12412
117.185.32.26 - - [12/Dec/2020:10:16:52 +0800] "GET /xingrg/css/new_ie.css HTTP/1.1" 404 1036
117.185.32.26 - - [12/Dec/2020:10:16:54 +0800] "GET /xingrg/images/yd/bt.gif HTTP/1.1" 404 1040
116.228.172.94 - - [12/Dec/2020:10:16:57 +0800] "GET /xingrg/all/function/internal_message.html?_=1607739407515&CODE_STATE=getMsg HTTP/1.1" 200 27
116.228.172.94 - - [12/Dec/2020:10:16:57 +0800] "GET /xingrg/check_reg.html?_=1607739408328 HTTP/1.1" 200 22
114.88.159.147 - - [12/Dec/2020:10:16:58 +0800] "GET /xingrg/all/function/internal_message.html?_=1607738988071&CODE_STATE=getMsg HTTP/1.1" 200 27
183.192.90.223 - - [12/Dec/2020:10:17:01 +0800] "GET /xingrg/check_reg.html?_=1607739429526 HTTP/1.1" 200 22
183.192.90.223 - - [12/Dec/2020:10:17:01 +0800] "GET /xingrg/all/function/internal_message.html?_=1607739429558&CODE_STATE=getMsg HTTP/1.1" 200 27
114.88.163.87 - - [12/Dec/2020:10:17:05 +0800] "GET /xingrg/all/function/internal_message.html?_=1607739412833&CODE_STATE=getMsg HTTP/1.1" 200 27
180.152.104.37 - - [12/Dec/2020:10:17:07 +0800] "GET /xingrg/kc/buy/cgsh_order_list.html HTTP/1.1" 200 45202
180.152.104.37 - - [12/Dec/2020:10:17:09 +0800] "POST /xingrg/kc/buy/cgsh_list_operate.html HTTP/1.1" 200 1681
117.185.32.26 - - [12/Dec/2020:10:17:14 +0800] "GET /xingrg/kc/buy/cgsh_order_list.html HTTP/1.1" 200 45202
