114.88.159.147 - - [12/Dec/2020:07:34:57 +0800] "GET /xingrg/all/function/internal_message.html?_=1607729267564&CODE_STATE=getMsg HTTP/1.1" 200 27
114.84.32.187 - - [12/Dec/2020:07:35:00 +0800] "GET /xingrg/check_reg.html?_=1607729720962 HTTP/1.1" 200 22
120.253.135.82 - - [12/Dec/2020:07:35:02 +0800] "GET /xingrg/check_reg.html?_=1607729451249 HTTP/1.1" 200 22
114.88.163.87 - - [12/Dec/2020:07:35:05 +0800] "GET /xingrg/all/function/internal_message.html?_=1607729692724&CODE_STATE=getMsg HTTP/1.1" 200 27
114.84.32.187 - - [12/Dec/2020:07:35:07 +0800] "GET /xingrg/check_reg.html?_=1607729736701 HTTP/1.1" 302 -
120.253.135.82 - - [12/Dec/2020:07:35:07 +0800] "GET /xingrg/all/function/internal_message.html?_=1607729456101&CODE_STATE=getMsg HTTP/1.1" 200 27
114.84.32.187 - - [12/Dec/2020:07:35:18 +0800] "GET /xingrg/all/function/internal_message.html?_=1607729739525&CODE_STATE=getMsg HTTP/1.1" 200 27
120.253.135.82 - - [12/Dec/2020:07:35:20 +0800] "POST /xingrg/kc/base/stock_operate.html HTTP/1.1" 200 1481
172.17.0.123 - - [12/Dec/2020:07:35:34 +0800] "GET /xingrg/all/function/internal_message.html?_=1607729654028&CODE_STATE=getMsg HTTP/1.1" 200 27
114.84.32.187 - - [12/Dec/2020:07:35:45 +0800] "GET /xingrg/all/function/internal_message.html?_=1607729739312&CODE_STATE=getMsg HTTP/1.1" 200 27
114.84.32.187 - - [12/Dec/2020:07:35:45 +0800] "GET /xingrg/check_reg.html?_=1607729739314 HTTP/1.1" 200 22
180.174.56.115 - - [12/Dec/2020:07:35:47 +0800] "GET /xingrg/all/function/internal_message.html?_=1607729708712&CODE_STATE=getMsg HTTP/1.1" 200 27
120.253.135.82 - - [12/Dec/2020:07:35:51 +0800] "POST /xingrg/kc/base/stock_operate.html HTTP/1.1" 200 1749
114.88.159.147 - - [12/Dec/2020:07:35:57 +0800] "GET /xingrg/all/function/internal_message.html?_=1607729327550&CODE_STATE=getMsg HTTP/1.1" 200 27
114.88.163.87 - - [12/Dec/2020:07:36:05 +0800] "GET /xingrg/all/function/internal_message.html?_=1607729752723&CODE_STATE=getMsg HTTP/1.1" 200 27
120.253.135.82 - - [12/Dec/2020:07:36:07 +0800] "GET /xingrg/all/function/internal_message.html?_=1607729516115&CODE_STATE=getMsg HTTP/1.1" 200 27
114.84.32.187 - - [12/Dec/2020:07:36:18 +0800] "GET /xingrg/all/function/internal_message.html?_=1607729799539&CODE_STATE=getMsg HTTP/1.1" 200 27
172.17.0.123 - - [12/Dec/2020:07:36:34 +0800] "GET /xingrg/all/function/internal_message.html?_=1607729714030&CODE_STATE=getMsg HTTP/1.1" 200 27
114.84.32.187 - - [12/Dec/2020:07:36:45 +0800] "GET /xingrg/all/function/internal_message.html?_=1607729799314&CODE_STATE=getMsg HTTP/1.1" 200 27
180.174.56.115 - - [12/Dec/2020:07:36:47 +0800] "GET /xingrg/all/function/internal_message.html?_=1607729768715&CODE_STATE=getMsg HTTP/1.1" 200 27
120.253.135.82 - - [12/Dec/2020:07:36:55 +0800] "POST /xingrg/kc/base/stock_operate.html HTTP/1.1" 200 1720
114.88.159.147 - - [12/Dec/2020:07:36:57 +0800] "GET /xingrg/all/function/internal_message.html?_=1607729387555&CODE_STATE=getMsg HTTP/1.1" 200 27
114.88.163.87 - - [12/Dec/2020:07:37:05 +0800] "GET /xingrg/all/function/internal_message.html?_=1607729812721&CODE_STATE=getMsg HTTP/1.1" 200 27
120.253.135.82 - - [12/Dec/2020:07:37:07 +0800] "GET /xingrg/all/function/internal_message.html?_=1607729576128&CODE_STATE=getMsg HTTP/1.1" 200 27
114.84.32.187 - - [12/Dec/2020:07:37:18 +0800] "GET /xingrg/all/function/internal_message.html?_=1607729859567&CODE_STATE=getMsg HTTP/1.1" 200 27
172.17.0.123 - - [12/Dec/2020:07:37:34 +0800] "GET /xingrg/all/function/internal_message.html?_=1607729774032&CODE_STATE=getMsg HTTP/1.1" 200 27
172.17.0.123 - - [12/Dec/2020:07:37:34 +0800] "GET /xingrg/check_reg.html?_=1607729774032 HTTP/1.1" 200 22
114.84.32.187 - - [12/Dec/2020:07:37:45 +0800] "GET /xingrg/all/function/internal_message.html?_=1607729859318&CODE_STATE=getMsg HTTP/1.1" 200 27
180.174.56.115 - - [12/Dec/2020:07:37:47 +0800] "GET /xingrg/all/function/internal_message.html?_=1607729828741&CODE_STATE=getMsg HTTP/1.1" 200 27
114.88.159.147 - - [12/Dec/2020:07:37:57 +0800] "GET /xingrg/all/function/internal_message.html?_=1607729447554&CODE_STATE=getMsg HTTP/1.1" 200 27
114.88.163.87 - - [12/Dec/2020:07:38:05 +0800] "GET /xingrg/all/function/internal_message.html?_=1607729872718&CODE_STATE=getMsg HTTP/1.1" 200 27
114.88.163.87 - - [12/Dec/2020:07:38:05 +0800] "GET /xingrg/check_reg.html?_=1607729872719 HTTP/1.1" 200 22
120.253.135.82 - - [12/Dec/2020:07:38:07 +0800] "GET /xingrg/all/function/internal_message.html?_=1607729636142&CODE_STATE=getMsg HTTP/1.1" 200 27
114.84.32.187 - - [12/Dec/2020:07:38:17 +0800] "POST /xingrg/services/DataTransmitService HTTP/1.1" 200 524
114.84.32.187 - - [12/Dec/2020:07:38:17 +0800] "POST /xingrg/services/DataTransmitService HTTP/1.1" 200 412
114.84.32.187 - - [12/Dec/2020:07:38:18 +0800] "GET /xingrg/all/function/internal_message.html?_=1607729919581&CODE_STATE=getMsg HTTP/1.1" 200 27
120.253.135.82 - - [12/Dec/2020:07:38:27 +0800] "POST /xingrg/kc/base/stock_operate.html HTTP/1.1" 200 2023
172.17.0.123 - - [12/Dec/2020:07:38:34 +0800] "GET /xingrg/all/function/internal_message.html?_=1607729834034&CODE_STATE=getMsg HTTP/1.1" 200 27
180.174.56.115 - - [12/Dec/2020:07:38:35 +0800] "GET /xingrg/check_reg.html?_=1607729877546 HTTP/1.1" 200 22
114.84.32.187 - - [12/Dec/2020:07:38:45 +0800] "GET /xingrg/all/function/internal_message.html?_=1607729919318&CODE_STATE=getMsg HTTP/1.1" 200 27
180.174.56.115 - - [12/Dec/2020:07:38:47 +0800] "GET /xingrg/all/function/internal_message.html?_=1607729888742&CODE_STATE=getMsg HTTP/1.1" 200 27
114.88.159.147 - - [12/Dec/2020:07:38:57 +0800] "GET /xingrg/check_reg.html?_=1607729507581 HTTP/1.1" 200 22
114.88.159.147 - - [12/Dec/2020:07:38:57 +0800] "GET /xingrg/all/function/internal_message.html?_=1607729507582&CODE_STATE=getMsg HTTP/1.1" 200 27
114.88.163.87 - - [12/Dec/2020:07:39:05 +0800] "GET /xingrg/all/function/internal_message.html?_=1607729932732&CODE_STATE=getMsg HTTP/1.1" 200 27
120.253.135.82 - - [12/Dec/2020:07:39:07 +0800] "GET /xingrg/all/function/internal_message.html?_=1607729696154&CODE_STATE=getMsg HTTP/1.1" 200 27
114.84.32.187 - - [12/Dec/2020:07:39:18 +0800] "GET /xingrg/all/function/internal_message.html?_=1607729979603&CODE_STATE=getMsg HTTP/1.1" 200 27
120.253.135.82 - - [12/Dec/2020:07:39:29 +0800] "POST /xingrg/kc/base/stock_operate.html HTTP/1.1" 200 1488
172.17.0.123 - - [12/Dec/2020:07:39:34 +0800] "GET /xingrg/all/function/internal_message.html?_=1607729894036&CODE_STATE=getMsg HTTP/1.1" 200 27
114.84.32.187 - - [12/Dec/2020:07:39:45 +0800] "GET /xingrg/all/function/internal_message.html?_=1607729979319&CODE_STATE=getMsg HTTP/1.1" 200 27
180.174.56.115 - - [12/Dec/2020:07:39:47 +0800] "GET /xingrg/all/function/internal_message.html?_=1607729948755&CODE_STATE=getMsg HTTP/1.1" 200 27
114.88.159.147 - - [12/Dec/2020:07:39:57 +0800] "GET /xingrg/all/function/internal_message.html?_=1607729567581&CODE_STATE=getMsg HTTP/1.1" 200 27
114.84.32.187 - - [12/Dec/2020:07:40:00 +0800] "GET /xingrg/check_reg.html?_=1607730020970 HTTP/1.1" 200 22
120.253.135.82 - - [12/Dec/2020:07:40:02 +0800] "GET /xingrg/check_reg.html?_=1607729751257 HTTP/1.1" 200 22
114.88.163.87 - - [12/Dec/2020:07:40:05 +0800] "GET /xingrg/all/function/internal_message.html?_=1607729992714&CODE_STATE=getMsg HTTP/1.1" 200 27
114.84.32.187 - - [12/Dec/2020:07:40:07 +0800] "GET /xingrg/check_reg.html?_=1607730036717 HTTP/1.1" 302 -
120.253.135.82 - - [12/Dec/2020:07:40:07 +0800] "GET /xingrg/all/function/internal_message.html?_=1607729756169&CODE_STATE=getMsg HTTP/1.1" 200 27
114.84.32.187 - - [12/Dec/2020:07:40:18 +0800] "GET /xingrg/all/function/internal_message.html?_=1607730039610&CODE_STATE=getMsg HTTP/1.1" 200 27
120.253.135.82 - - [12/Dec/2020:07:40:19 +0800] "POST /xingrg/kc/base/stock_operate.html HTTP/1.1" 200 1755
172.17.0.123 - - [12/Dec/2020:07:40:34 +0800] "GET /xingrg/all/function/internal_message.html?_=1607729954040&CODE_STATE=getMsg HTTP/1.1" 200 27
114.84.32.187 - - [12/Dec/2020:07:40:45 +0800] "GET /xingrg/all/function/internal_message.html?_=1607730039319&CODE_STATE=getMsg HTTP/1.1" 200 27
114.84.32.187 - - [12/Dec/2020:07:40:45 +0800] "GET /xingrg/check_reg.html?_=1607730039321 HTTP/1.1" 200 22
180.174.56.115 - - [12/Dec/2020:07:40:47 +0800] "GET /xingrg/all/function/internal_message.html?_=1607730008782&CODE_STATE=getMsg HTTP/1.1" 200 27
114.88.159.147 - - [12/Dec/2020:07:40:57 +0800] "GET /xingrg/all/function/internal_message.html?_=1607729627580&CODE_STATE=getMsg HTTP/1.1" 200 27
114.88.163.87 - - [12/Dec/2020:07:41:05 +0800] "GET /xingrg/all/function/internal_message.html?_=1607730052727&CODE_STATE=getMsg HTTP/1.1" 200 27
120.253.135.82 - - [12/Dec/2020:07:41:07 +0800] "GET /xingrg/all/function/internal_message.html?_=1607729816183&CODE_STATE=getMsg HTTP/1.1" 200 27
114.84.32.187 - - [12/Dec/2020:07:41:18 +0800] "GET /xingrg/all/function/internal_message.html?_=1607730099623&CODE_STATE=getMsg HTTP/1.1" 200 27
172.17.0.123 - - [12/Dec/2020:07:41:34 +0800] "GET /xingrg/all/function/internal_message.html?_=1607730014042&CODE_STATE=getMsg HTTP/1.1" 200 27
114.84.32.187 - - [12/Dec/2020:07:41:45 +0800] "GET /xingrg/all/function/internal_message.html?_=1607730099322&CODE_STATE=getMsg HTTP/1.1" 200 27
180.174.56.115 - - [12/Dec/2020:07:41:47 +0800] "GET /xingrg/all/function/internal_message.html?_=1607730068783&CODE_STATE=getMsg HTTP/1.1" 200 27
114.88.159.147 - - [12/Dec/2020:07:41:57 +0800] "GET /xingrg/all/function/internal_message.html?_=1607729687579&CODE_STATE=getMsg HTTP/1.1" 200 27
114.88.163.87 - - [12/Dec/2020:07:42:05 +0800] "GET /xingrg/all/function/internal_message.html?_=1607730112725&CODE_STATE=getMsg HTTP/1.1" 200 27
120.253.135.82 - - [12/Dec/2020:07:42:08 +0800] "GET /xingrg/all/function/internal_message.html?_=1607729876412&CODE_STATE=getMsg HTTP/1.1" 200 27
114.84.32.187 - - [12/Dec/2020:07:42:18 +0800] "GET /xingrg/all/function/internal_message.html?_=1607730159644&CODE_STATE=getMsg HTTP/1.1" 200 27
120.253.135.82 - - [12/Dec/2020:07:42:18 +0800] "POST /xingrg/kc/base/stock_operate.html HTTP/1.1" 200 2004
172.17.0.123 - - [12/Dec/2020:07:42:34 +0800] "GET /xingrg/check_reg.html?_=1607730074030 HTTP/1.1" 200 22
172.17.0.123 - - [12/Dec/2020:07:42:34 +0800] "GET /xingrg/all/function/internal_message.html?_=1607730074030&CODE_STATE=getMsg HTTP/1.1" 200 27
114.84.32.187 - - [12/Dec/2020:07:42:45 +0800] "GET /xingrg/all/function/internal_message.html?_=1607730159322&CODE_STATE=getMsg HTTP/1.1" 200 27
180.174.56.115 - - [12/Dec/2020:07:42:47 +0800] "GET /xingrg/all/function/internal_message.html?_=1607730128807&CODE_STATE=getMsg HTTP/1.1" 200 27
114.88.159.147 - - [12/Dec/2020:07:42:57 +0800] "GET /xingrg/all/function/internal_message.html?_=1607729747580&CODE_STATE=getMsg HTTP/1.1" 200 27
114.88.163.87 - - [12/Dec/2020:07:43:05 +0800] "GET /xingrg/check_reg.html?_=1607730172722 HTTP/1.1" 200 22
114.88.163.87 - - [12/Dec/2020:07:43:05 +0800] "GET /xingrg/all/function/internal_message.html?_=1607730172723&CODE_STATE=getMsg HTTP/1.1" 200 27
120.253.135.82 - - [12/Dec/2020:07:43:08 +0800] "GET /xingrg/all/function/internal_message.html?_=1607729936427&CODE_STATE=getMsg HTTP/1.1" 200 27
114.84.32.187 - - [12/Dec/2020:07:43:18 +0800] "GET /xingrg/all/function/internal_message.html?_=1607730219649&CODE_STATE=getMsg HTTP/1.1" 200 27
172.17.0.123 - - [12/Dec/2020:07:43:34 +0800] "GET /xingrg/all/function/internal_message.html?_=1607730134030&CODE_STATE=getMsg HTTP/1.1" 200 27
180.174.56.115 - - [12/Dec/2020:07:43:35 +0800] "GET /xingrg/check_reg.html?_=1607730177548 HTTP/1.1" 200 22
114.84.32.187 - - [12/Dec/2020:07:43:45 +0800] "GET /xingrg/all/function/internal_message.html?_=1607730219322&CODE_STATE=getMsg HTTP/1.1" 200 27
180.174.56.115 - - [12/Dec/2020:07:43:47 +0800] "GET /xingrg/all/function/internal_message.html?_=1607730188811&CODE_STATE=getMsg HTTP/1.1" 200 27
120.253.135.82 - - [12/Dec/2020:07:43:53 +0800] "POST /xingrg/kc/base/stock_operate.html HTTP/1.1" 200 1482
114.88.159.147 - - [12/Dec/2020:07:43:57 +0800] "GET /xingrg/all/function/internal_message.html?_=1607729807580&CODE_STATE=getMsg HTTP/1.1" 200 27
114.88.159.147 - - [12/Dec/2020:07:43:57 +0800] "GET /xingrg/check_reg.html?_=1607729807583 HTTP/1.1" 200 22
114.88.163.87 - - [12/Dec/2020:07:44:05 +0800] "GET /xingrg/all/function/internal_message.html?_=1607730232708&CODE_STATE=getMsg HTTP/1.1" 200 27
120.253.135.82 - - [12/Dec/2020:07:44:07 +0800] "POST /xingrg/kc/base/stock_operate.html HTTP/1.1" 200 1733
120.253.135.82 - - [12/Dec/2020:07:44:08 +0800] "GET /xingrg/all/function/internal_message.html?_=1607729996442&CODE_STATE=getMsg HTTP/1.1" 200 27
114.84.32.187 - - [12/Dec/2020:07:44:18 +0800] "GET /xingrg/all/function/internal_message.html?_=1607730279670&CODE_STATE=getMsg HTTP/1.1" 200 27
172.17.0.123 - - [12/Dec/2020:07:44:34 +0800] "GET /xingrg/all/function/internal_message.html?_=1607730194034&CODE_STATE=getMsg HTTP/1.1" 200 27
114.84.32.187 - - [12/Dec/2020:07:44:45 +0800] "GET /xingrg/all/function/internal_message.html?_=1607730279325&CODE_STATE=getMsg HTTP/1.1" 200 27
180.174.56.115 - - [12/Dec/2020:07:44:47 +0800] "GET /xingrg/all/function/internal_message.html?_=1607730248823&CODE_STATE=getMsg HTTP/1.1" 200 27
114.88.159.147 - - [12/Dec/2020:07:44:57 +0800] "GET /xingrg/all/function/internal_message.html?_=1607729867582&CODE_STATE=getMsg HTTP/1.1" 200 27
114.84.32.187 - - [12/Dec/2020:07:45:00 +0800] "GET /xingrg/check_reg.html?_=1607730320972 HTTP/1.1" 200 22
120.253.135.82 - - [12/Dec/2020:07:45:02 +0800] "GET /xingrg/check_reg.html?_=1607730051264 HTTP/1.1" 200 22
114.88.163.87 - - [12/Dec/2020:07:45:05 +0800] "GET /xingrg/all/function/internal_message.html?_=1607730292721&CODE_STATE=getMsg HTTP/1.1" 200 27
114.84.32.187 - - [12/Dec/2020:07:45:07 +0800] "GET /xingrg/check_reg.html?_=1607730336720 HTTP/1.1" 302 -
120.253.135.82 - - [12/Dec/2020:07:45:08 +0800] "GET /xingrg/all/function/internal_message.html?_=1607730056455&CODE_STATE=getMsg HTTP/1.1" 200 27
114.84.32.187 - - [12/Dec/2020:07:45:18 +0800] "GET /xingrg/all/function/internal_message.html?_=1607730339678&CODE_STATE=getMsg HTTP/1.1" 200 27
172.17.0.123 - - [12/Dec/2020:07:45:34 +0800] "GET /xingrg/all/function/internal_message.html?_=1607730254036&CODE_STATE=getMsg HTTP/1.1" 200 27
114.84.32.187 - - [12/Dec/2020:07:45:45 +0800] "GET /xingrg/all/function/internal_message.html?_=1607730339325&CODE_STATE=getMsg HTTP/1.1" 200 27
114.84.32.187 - - [12/Dec/2020:07:45:45 +0800] "GET /xingrg/check_reg.html?_=1607730339327 HTTP/1.1" 200 22
180.174.56.115 - - [12/Dec/2020:07:45:47 +0800] "GET /xingrg/all/function/internal_message.html?_=1607730308849&CODE_STATE=getMsg HTTP/1.1" 200 27
114.88.159.147 - - [12/Dec/2020:07:45:57 +0800] "GET /xingrg/all/function/internal_message.html?_=1607729927581&CODE_STATE=getMsg HTTP/1.1" 200 27
114.88.163.87 - - [12/Dec/2020:07:46:05 +0800] "GET /xingrg/all/function/internal_message.html?_=1607730352734&CODE_STATE=getMsg HTTP/1.1" 200 27
120.253.135.82 - - [12/Dec/2020:07:46:08 +0800] "GET /xingrg/all/function/internal_message.html?_=1607730116469&CODE_STATE=getMsg HTTP/1.1" 200 27
114.84.32.187 - - [12/Dec/2020:07:46:18 +0800] "GET /xingrg/all/function/internal_message.html?_=1607730399691&CODE_STATE=getMsg HTTP/1.1" 200 27
172.17.0.123 - - [12/Dec/2020:07:46:34 +0800] "GET /xingrg/all/function/internal_message.html?_=1607730314040&CODE_STATE=getMsg HTTP/1.1" 200 27
114.84.32.187 - - [12/Dec/2020:07:46:45 +0800] "GET /xingrg/all/function/internal_message.html?_=1607730399327&CODE_STATE=getMsg HTTP/1.1" 200 27
180.174.56.115 - - [12/Dec/2020:07:46:47 +0800] "GET /xingrg/all/function/internal_message.html?_=1607730368850&CODE_STATE=getMsg HTTP/1.1" 200 27
114.88.159.147 - - [12/Dec/2020:07:46:57 +0800] "GET /xingrg/all/function/internal_message.html?_=1607729987581&CODE_STATE=getMsg HTTP/1.1" 200 27
114.88.163.87 - - [12/Dec/2020:07:47:05 +0800] "GET /xingrg/all/function/internal_message.html?_=1607730412732&CODE_STATE=getMsg HTTP/1.1" 200 27
120.253.135.82 - - [12/Dec/2020:07:47:08 +0800] "GET /xingrg/all/function/internal_message.html?_=1607730176693&CODE_STATE=getMsg HTTP/1.1" 200 27
114.84.32.187 - - [12/Dec/2020:07:47:18 +0800] "GET /xingrg/all/function/internal_message.html?_=1607730459721&CODE_STATE=getMsg HTTP/1.1" 200 27
172.17.0.123 - - [12/Dec/2020:07:47:34 +0800] "GET /xingrg/check_reg.html?_=1607730374026 HTTP/1.1" 200 22
172.17.0.123 - - [12/Dec/2020:07:47:34 +0800] "GET /xingrg/all/function/internal_message.html?_=1607730374026&CODE_STATE=getMsg HTTP/1.1" 200 27
114.84.32.187 - - [12/Dec/2020:07:47:45 +0800] "GET /xingrg/all/function/internal_message.html?_=1607730459331&CODE_STATE=getMsg HTTP/1.1" 200 27
180.174.56.115 - - [12/Dec/2020:07:47:47 +0800] "GET /xingrg/all/function/internal_message.html?_=1607730428875&CODE_STATE=getMsg HTTP/1.1" 200 27
114.88.159.147 - - [12/Dec/2020:07:47:57 +0800] "GET /xingrg/all/function/internal_message.html?_=1607730047608&CODE_STATE=getMsg HTTP/1.1" 200 27
114.88.163.87 - - [12/Dec/2020:07:48:05 +0800] "GET /xingrg/check_reg.html?_=1607730472730 HTTP/1.1" 200 22
114.88.163.87 - - [12/Dec/2020:07:48:05 +0800] "GET /xingrg/all/function/internal_message.html?_=1607730472734&CODE_STATE=getMsg HTTP/1.1" 200 27
120.253.135.82 - - [12/Dec/2020:07:48:08 +0800] "GET /xingrg/all/function/internal_message.html?_=1607730236698&CODE_STATE=getMsg HTTP/1.1" 200 27
114.84.32.187 - - [12/Dec/2020:07:48:18 +0800] "GET /xingrg/all/function/internal_message.html?_=1607730519735&CODE_STATE=getMsg HTTP/1.1" 200 27
172.17.0.123 - - [12/Dec/2020:07:48:34 +0800] "GET /xingrg/all/function/internal_message.html?_=1607730434030&CODE_STATE=getMsg HTTP/1.1" 200 27
180.174.56.115 - - [12/Dec/2020:07:48:35 +0800] "GET /xingrg/check_reg.html?_=1607730477556 HTTP/1.1" 200 22
114.84.32.187 - - [12/Dec/2020:07:48:45 +0800] "GET /xingrg/all/function/internal_message.html?_=1607730519332&CODE_STATE=getMsg HTTP/1.1" 200 27
180.174.56.115 - - [12/Dec/2020:07:48:47 +0800] "GET /xingrg/all/function/internal_message.html?_=1607730488878&CODE_STATE=getMsg HTTP/1.1" 200 27
114.88.159.147 - - [12/Dec/2020:07:48:57 +0800] "GET /xingrg/all/function/internal_message.html?_=1607730107607&CODE_STATE=getMsg HTTP/1.1" 200 27
114.88.159.147 - - [12/Dec/2020:07:48:57 +0800] "GET /xingrg/check_reg.html?_=1607730107609 HTTP/1.1" 200 22
114.88.163.87 - - [12/Dec/2020:07:49:05 +0800] "GET /xingrg/all/function/internal_message.html?_=1607730532727&CODE_STATE=getMsg HTTP/1.1" 200 27
120.253.135.82 - - [12/Dec/2020:07:49:08 +0800] "GET /xingrg/all/function/internal_message.html?_=1607730296927&CODE_STATE=getMsg HTTP/1.1" 200 27
114.84.32.187 - - [12/Dec/2020:07:49:18 +0800] "GET /xingrg/all/function/internal_message.html?_=1607730579760&CODE_STATE=getMsg HTTP/1.1" 200 27
172.17.0.123 - - [12/Dec/2020:07:49:34 +0800] "GET /xingrg/all/function/internal_message.html?_=1607730494032&CODE_STATE=getMsg HTTP/1.1" 200 27
114.84.32.187 - - [12/Dec/2020:07:49:45 +0800] "GET /xingrg/all/function/internal_message.html?_=1607730579332&CODE_STATE=getMsg HTTP/1.1" 200 27
180.174.56.115 - - [12/Dec/2020:07:49:47 +0800] "GET /xingrg/all/function/internal_message.html?_=1607730548891&CODE_STATE=getMsg HTTP/1.1" 200 27
114.88.159.147 - - [12/Dec/2020:07:49:57 +0800] "GET /xingrg/all/function/internal_message.html?_=1607730167607&CODE_STATE=getMsg HTTP/1.1" 200 27
114.84.32.187 - - [12/Dec/2020:07:50:00 +0800] "GET /xingrg/check_reg.html?_=1607730620978 HTTP/1.1" 200 22
120.253.135.82 - - [12/Dec/2020:07:50:02 +0800] "GET /xingrg/check_reg.html?_=1607730351270 HTTP/1.1" 200 22
114.88.163.87 - - [12/Dec/2020:07:50:05 +0800] "GET /xingrg/all/function/internal_message.html?_=1607730592724&CODE_STATE=getMsg HTTP/1.1" 200 27
114.84.32.187 - - [12/Dec/2020:07:50:07 +0800] "GET /xingrg/check_reg.html?_=1607730636726 HTTP/1.1" 302 -
120.253.135.82 - - [12/Dec/2020:07:50:08 +0800] "GET /xingrg/all/function/internal_message.html?_=1607730356929&CODE_STATE=getMsg HTTP/1.1" 200 27
114.84.32.187 - - [12/Dec/2020:07:50:18 +0800] "GET /xingrg/all/function/internal_message.html?_=1607730639760&CODE_STATE=getMsg HTTP/1.1" 200 27
114.84.32.187 - - [12/Dec/2020:07:50:28 +0800] "GET /favicon.ico HTTP/1.1" 404 -
114.84.32.187 - - [12/Dec/2020:07:50:28 +0800] "GET /xingrg/login.html HTTP/1.1" 200 7641
114.84.32.187 - - [12/Dec/2020:07:50:28 +0800] "GET /favicon.ico HTTP/1.1" 404 -
172.17.0.123 - - [12/Dec/2020:07:50:34 +0800] "GET /xingrg/all/function/internal_message.html?_=1607730554034&CODE_STATE=getMsg HTTP/1.1" 200 27
114.84.32.187 - - [12/Dec/2020:07:50:40 +0800] "POST /xingrg/login.do HTTP/1.1" 302 -
114.84.32.187 - - [12/Dec/2020:07:50:40 +0800] "GET /xingrg/index.html?sysBaseUrl=http%3A%2F%2F180.169.147.146%3A18081%2Fxingrg%2F&costTime=39×tamp=1607730640373 HTTP/1.1" 200 17179
114.84.32.187 - - [12/Dec/2020:07:50:40 +0800] "GET /xingrg/javascript/jquery_easy_ui/themes/icon.css HTTP/1.1" 304 -
114.84.32.187 - - [12/Dec/2020:07:50:40 +0800] "GET /xingrg/javascript/jquery_easy_ui/themes/default/easyui.css HTTP/1.1" 304 -
114.84.32.187 - - [12/Dec/2020:07:50:40 +0800] "GET /xingrg/javascript/jquery-1.4.2.min.js HTTP/1.1" 304 -
114.84.32.187 - - [12/Dec/2020:07:50:40 +0800] "GET /xingrg/css/form.css HTTP/1.1" 304 -
114.84.32.187 - - [12/Dec/2020:07:50:40 +0800] "GET /xingrg/javascript/jquery_easy_ui/jquery.easyui.min.js HTTP/1.1" 304 -
114.84.32.187 - - [12/Dec/2020:07:50:40 +0800] "GET /xingrg/javascript/jquery_easy_ui/easyui-lang-zh_CN.js HTTP/1.1" 304 -
114.84.32.187 - - [12/Dec/2020:07:50:40 +0800] "GET /xingrg/javascript/jquery.utils.js HTTP/1.1" 304 -
114.84.32.187 - - [12/Dec/2020:07:50:40 +0800] "GET /xingrg/javascript/jquery.form.js HTTP/1.1" 304 -
114.84.32.187 - - [12/Dec/2020:07:50:40 +0800] "GET /xingrg/javascript/jquery.timers.js HTTP/1.1" 304 -
114.84.32.187 - - [12/Dec/2020:07:50:40 +0800] "GET /favicon.ico HTTP/1.1" 404 -
114.84.32.187 - - [12/Dec/2020:07:50:40 +0800] "POST /xingrg/all/common/load_tree.html?tree=area_rest_tree_json&manage=1 HTTP/1.1" 200 479
114.84.32.187 - - [12/Dec/2020:07:50:40 +0800] "GET /xingrg/all/function/internal_message.html?_=1607730661473&CODE_STATE=count HTTP/1.1" 200 11
114.84.32.187 - - [12/Dec/2020:07:50:40 +0800] "GET /xingrg/check_reg.html?_=1607730661474 HTTP/1.1" 200 22
114.84.32.187 - - [12/Dec/2020:07:50:40 +0800] "POST /xingrg/load_menu.html HTTP/1.1" 200 5138
114.84.32.187 - - [12/Dec/2020:07:50:43 +0800] "GET /xingrg/css/base.css HTTP/1.1" 304 -
114.84.32.187 - - [12/Dec/2020:07:50:43 +0800] "GET /xingrg/css/site.css HTTP/1.1" 304 -
114.84.32.187 - - [12/Dec/2020:07:50:43 +0800] "GET /xingrg/javascript/jquery_tools/datebox.css HTTP/1.1" 304 -
114.84.32.187 - - [12/Dec/2020:07:50:43 +0800] "GET /xingrg/javascript/jquery_tools/table.css HTTP/1.1" 304 -
114.84.32.187 - - [12/Dec/2020:07:50:43 +0800] "GET /xingrg/javascript/auto/jquery.autocomplete.css HTTP/1.1" 304 -
114.84.32.187 - - [12/Dec/2020:07:50:43 +0800] "GET /xingrg/javascript/easyui/themes/icon.css HTTP/1.1" 304 -
114.84.32.187 - - [12/Dec/2020:07:50:43 +0800] "GET /xingrg/javascript/easyui/themes/default/easyui.css HTTP/1.1" 304 -
114.84.32.187 - - [12/Dec/2020:07:50:43 +0800] "GET /xingrg/javascript/jquery_tools/jquery.tools.extend.js HTTP/1.1" 304 -
114.84.32.187 - - [12/Dec/2020:07:50:43 +0800] "GET /xingrg/javascript/jquery_tools/jquery.tools.hotkey.js HTTP/1.1" 304 -
114.84.32.187 - - [12/Dec/2020:07:50:43 +0800] "GET /xingrg/javascript/jquery_tools/jquery.tools.table.js HTTP/1.1" 304 -
114.84.32.187 - - [12/Dec/2020:07:50:43 +0800] "GET /xingrg/javascript/jquery_tools/list_manager.js HTTP/1.1" 304 -
114.84.32.187 - - [12/Dec/2020:07:50:43 +0800] "GET /xingrg/javascript/jquery_tools/fix.css HTTP/1.1" 304 -
114.84.32.187 - - [12/Dec/2020:07:50:43 +0800] "GET /xingrg/javascript/auto/jquery.autocomplete.js HTTP/1.1" 304 -
114.84.32.187 - - [12/Dec/2020:07:50:43 +0800] "GET /xingrg/javascript/jquery.cookie.js HTTP/1.1" 304 -
114.84.32.187 - - [12/Dec/2020:07:50:43 +0800] "GET /xingrg/javascript/print/LodopFuncs.js HTTP/1.1" 304 -
114.84.32.187 - - [12/Dec/2020:07:50:43 +0800] "GET /xingrg/javascript/easyui/easyloader.js HTTP/1.1" 304 -
114.84.32.187 - - [12/Dec/2020:07:50:43 +0800] "GET /xingrg/javascript/jquery_tools/jquery.tools.min.js HTTP/1.1" 304 -
114.84.32.187 - - [12/Dec/2020:07:50:43 +0800] "GET /xingrg/kc/buy/cgsh_order_list.html HTTP/1.1" 200 45208
114.84.32.187 - - [12/Dec/2020:07:50:43 +0800] "GET /xingrg/javascript/easyui/themes/icons/field_new.png HTTP/1.1" 304 -
114.84.32.187 - - [12/Dec/2020:07:50:44 +0800] "GET /xingrg/javascript/easyui/plugins/jquery.parser.js HTTP/1.1" 304 -
114.84.32.187 - - [12/Dec/2020:07:50:44 +0800] "POST /xingrg/kc/buy/cgsh_list_operate.html HTTP/1.1" 200 876
114.84.32.187 - - [12/Dec/2020:07:50:45 +0800] "GET /xingrg/all/function/internal_message.html?_=1607730639334&CODE_STATE=getMsg HTTP/1.1" 200 27
114.84.32.187 - - [12/Dec/2020:07:50:45 +0800] "GET /xingrg/check_reg.html?_=1607730639334 HTTP/1.1" 200 22
180.174.56.115 - - [12/Dec/2020:07:50:47 +0800] "GET /xingrg/all/function/internal_message.html?_=1607730608917&CODE_STATE=getMsg HTTP/1.1" 200 27
114.84.32.187 - - [12/Dec/2020:07:50:48 +0800] "GET /xingrg/kc/base/wldb_order_list.html HTTP/1.1" 200 19424
114.84.32.187 - - [12/Dec/2020:07:50:49 +0800] "POST /xingrg/kc/base/wldb_list_operate.html HTTP/1.1" 200 1782
114.84.32.187 - - [12/Dec/2020:07:50:57 +0800] "POST /xingrg/kc/base/wldb_list_operate.html HTTP/1.1" 200 4
114.88.159.147 - - [12/Dec/2020:07:50:57 +0800] "GET /xingrg/all/function/internal_message.html?_=1607730227606&CODE_STATE=getMsg HTTP/1.1" 200 27
114.84.32.187 - - [12/Dec/2020:07:50:58 +0800] "GET /xingrg/javascript/jquery_tools/images/prev.gif HTTP/1.1" 404 1086
114.84.32.187 - - [12/Dec/2020:07:50:58 +0800] "GET /xingrg/javascript/jquery_tools/images/next.gif HTTP/1.1" 404 1086
114.84.32.187 - - [12/Dec/2020:07:50:58 +0800] "POST /xingrg/kc/base/wldb_list_operate.html HTTP/1.1" 200 928
114.88.163.87 - - [12/Dec/2020:07:51:05 +0800] "GET /xingrg/all/function/internal_message.html?_=1607730652723&CODE_STATE=getMsg HTTP/1.1" 200 27
120.253.135.82 - - [12/Dec/2020:07:51:08 +0800] "GET /xingrg/all/function/internal_message.html?_=1607730416942&CODE_STATE=getMsg HTTP/1.1" 200 27
172.17.0.123 - - [12/Dec/2020:07:51:34 +0800] "GET /xingrg/all/function/internal_message.html?_=1607730614034&CODE_STATE=getMsg HTTP/1.1" 200 27
114.84.32.187 - - [12/Dec/2020:07:51:40 +0800] "GET /xingrg/all/function/internal_message.html?_=1607730721474&CODE_STATE=getMsg HTTP/1.1" 200 27
114.84.32.187 - - [12/Dec/2020:07:51:45 +0800] "GET /xingrg/all/function/internal_message.html?_=1607730699333&CODE_STATE=getMsg HTTP/1.1" 200 27
180.174.56.115 - - [12/Dec/2020:07:51:47 +0800] "GET /xingrg/all/function/internal_message.html?_=1607730668918&CODE_STATE=getMsg HTTP/1.1" 200 27
114.88.159.147 - - [12/Dec/2020:07:51:57 +0800] "GET /xingrg/all/function/internal_message.html?_=1607730287606&CODE_STATE=getMsg HTTP/1.1" 200 27
114.88.163.87 - - [12/Dec/2020:07:52:05 +0800] "GET /xingrg/all/function/internal_message.html?_=1607730712720&CODE_STATE=getMsg HTTP/1.1" 200 27
120.253.135.82 - - [12/Dec/2020:07:52:08 +0800] "GET /xingrg/all/function/internal_message.html?_=1607730477167&CODE_STATE=getMsg HTTP/1.1" 200 27
172.17.0.123 - - [12/Dec/2020:07:52:34 +0800] "GET /xingrg/check_reg.html?_=1607730674038 HTTP/1.1" 200 22
172.17.0.123 - - [12/Dec/2020:07:52:34 +0800] "GET /xingrg/all/function/internal_message.html?_=1607730674040&CODE_STATE=getMsg HTTP/1.1" 200 27
114.84.32.187 - - [12/Dec/2020:07:52:40 +0800] "GET /xingrg/all/function/internal_message.html?_=1607730781487&CODE_STATE=getMsg HTTP/1.1" 200 27
114.84.32.187 - - [12/Dec/2020:07:52:45 +0800] "GET /xingrg/all/function/internal_message.html?_=1607730759332&CODE_STATE=getMsg HTTP/1.1" 200 27
180.174.56.115 - - [12/Dec/2020:07:52:47 +0800] "GET /xingrg/all/function/internal_message.html?_=1607730728943&CODE_STATE=getMsg HTTP/1.1" 200 27
114.88.159.147 - - [12/Dec/2020:07:52:57 +0800] "GET /xingrg/all/function/internal_message.html?_=1607730347605&CODE_STATE=getMsg HTTP/1.1" 200 27
114.88.163.87 - - [12/Dec/2020:07:53:05 +0800] "GET /xingrg/all/function/internal_message.html?_=1607730772732&CODE_STATE=getMsg HTTP/1.1" 200 27
114.88.163.87 - - [12/Dec/2020:07:53:05 +0800] "GET /xingrg/check_reg.html?_=1607730772734 HTTP/1.1" 200 22
120.253.135.82 - - [12/Dec/2020:07:53:08 +0800] "GET /xingrg/all/function/internal_message.html?_=1607730537172&CODE_STATE=getMsg HTTP/1.1" 200 27
172.17.0.123 - - [12/Dec/2020:07:53:34 +0800] "GET /xingrg/all/function/internal_message.html?_=1607730734040&CODE_STATE=getMsg HTTP/1.1" 200 27
180.174.56.115 - - [12/Dec/2020:07:53:35 +0800] "GET /xingrg/check_reg.html?_=1607730777557 HTTP/1.1" 200 22
114.84.32.187 - - [12/Dec/2020:07:53:40 +0800] "GET /xingrg/all/function/internal_message.html?_=1607730841505&CODE_STATE=getMsg HTTP/1.1" 200 27
114.84.32.187 - - [12/Dec/2020:07:53:45 +0800] "GET /xingrg/all/function/internal_message.html?_=1607730819335&CODE_STATE=getMsg HTTP/1.1" 200 27
180.174.56.115 - - [12/Dec/2020:07:53:47 +0800] "GET /xingrg/all/function/internal_message.html?_=1607730788946&CODE_STATE=getMsg HTTP/1.1" 200 27
114.88.159.147 - - [12/Dec/2020:07:53:57 +0800] "GET /xingrg/all/function/internal_message.html?_=1607730407603&CODE_STATE=getMsg HTTP/1.1" 200 27
114.88.159.147 - - [12/Dec/2020:07:53:57 +0800] "GET /xingrg/check_reg.html?_=1607730407606 HTTP/1.1" 200 22
114.88.163.87 - - [12/Dec/2020:07:54:05 +0800] "GET /xingrg/all/function/internal_message.html?_=1607730832730&CODE_STATE=getMsg HTTP/1.1" 200 27
120.253.135.82 - - [12/Dec/2020:07:54:09 +0800] "GET /xingrg/all/function/internal_message.html?_=1607730597403&CODE_STATE=getMsg HTTP/1.1" 200 27
101.93.222.235 - - [12/Dec/2020:07:54:24 +0800] "POST /xingrg/services/DataTransmitService HTTP/1.1" 200 524
172.17.0.123 - - [12/Dec/2020:07:54:34 +0800] "GET /xingrg/all/function/internal_message.html?_=1607730794028&CODE_STATE=getMsg HTTP/1.1" 200 27
114.84.32.187 - - [12/Dec/2020:07:54:40 +0800] "GET /xingrg/all/function/internal_message.html?_=1607730901514&CODE_STATE=getMsg HTTP/1.1" 200 27
114.84.32.187 - - [12/Dec/2020:07:54:45 +0800] "GET /xingrg/all/function/internal_message.html?_=1607730879336&CODE_STATE=getMsg HTTP/1.1" 200 27
180.174.56.115 - - [12/Dec/2020:07:54:47 +0800] "GET /xingrg/all/function/internal_message.html?_=1607730848959&CODE_STATE=getMsg HTTP/1.1" 200 27
114.88.159.147 - - [12/Dec/2020:07:54:57 +0800] "GET /xingrg/all/function/internal_message.html?_=1607730467605&CODE_STATE=getMsg HTTP/1.1" 200 27
120.253.135.82 - - [12/Dec/2020:07:55:02 +0800] "GET /xingrg/check_reg.html?_=1607730651272 HTTP/1.1" 200 22
114.88.163.87 - - [12/Dec/2020:07:55:05 +0800] "GET /xingrg/all/function/internal_message.html?_=1607730892728&CODE_STATE=getMsg HTTP/1.1" 200 27
114.84.32.187 - - [12/Dec/2020:07:55:07 +0800] "GET /xingrg/check_reg.html?_=1607730936731 HTTP/1.1" 302 -
120.253.135.82 - - [12/Dec/2020:07:55:09 +0800] "GET /xingrg/all/function/internal_message.html?_=1607730657417&CODE_STATE=getMsg HTTP/1.1" 200 27
172.17.0.123 - - [12/Dec/2020:07:55:34 +0800] "GET /xingrg/all/function/internal_message.html?_=1607730854030&CODE_STATE=getMsg HTTP/1.1" 200 27
114.84.32.187 - - [12/Dec/2020:07:55:40 +0800] "GET /xingrg/check_reg.html?_=1607730961476 HTTP/1.1" 200 22
114.84.32.187 - - [12/Dec/2020:07:55:40 +0800] "GET /xingrg/all/function/internal_message.html?_=1607730961530&CODE_STATE=getMsg HTTP/1.1" 200 27
114.84.32.187 - - [12/Dec/2020:07:55:45 +0800] "GET /xingrg/all/function/internal_message.html?_=1607730939341&CODE_STATE=getMsg HTTP/1.1" 200 27
114.84.32.187 - - [12/Dec/2020:07:55:45 +0800] "GET /xingrg/check_reg.html?_=1607730939344 HTTP/1.1" 200 22
180.174.56.115 - - [12/Dec/2020:07:55:47 +0800] "GET /xingrg/all/function/internal_message.html?_=1607730908984&CODE_STATE=getMsg HTTP/1.1" 200 27
114.88.159.147 - - [12/Dec/2020:07:55:57 +0800] "GET /xingrg/all/function/internal_message.html?_=1607730527629&CODE_STATE=getMsg HTTP/1.1" 200 27
114.88.163.87 - - [12/Dec/2020:07:56:05 +0800] "GET /xingrg/all/function/internal_message.html?_=1607730952727&CODE_STATE=getMsg HTTP/1.1" 200 27
120.253.135.82 - - [12/Dec/2020:07:56:09 +0800] "GET /xingrg/all/function/internal_message.html?_=1607730717433&CODE_STATE=getMsg HTTP/1.1" 200 27
172.17.0.123 - - [12/Dec/2020:07:56:34 +0800] "GET /xingrg/all/function/internal_message.html?_=1607730914032&CODE_STATE=getMsg HTTP/1.1" 200 27
114.84.32.187 - - [12/Dec/2020:07:56:40 +0800] "GET /xingrg/all/function/internal_message.html?_=1607731021541&CODE_STATE=getMsg HTTP/1.1" 200 27
114.84.32.187 - - [12/Dec/2020:07:56:45 +0800] "GET /xingrg/all/function/internal_message.html?_=1607730999342&CODE_STATE=getMsg HTTP/1.1" 200 27
180.174.56.115 - - [12/Dec/2020:07:56:47 +0800] "GET /xingrg/all/function/internal_message.html?_=1607730968987&CODE_STATE=getMsg HTTP/1.1" 200 27
180.157.253.48 - - [12/Dec/2020:07:56:49 +0800] "POST /xingrg/services/DataTransmitService HTTP/1.1" 200 524
114.88.159.147 - - [12/Dec/2020:07:56:57 +0800] "GET /xingrg/all/function/internal_message.html?_=1607730587644&CODE_STATE=getMsg HTTP/1.1" 200 27
114.88.163.87 - - [12/Dec/2020:07:57:05 +0800] "GET /xingrg/all/function/internal_message.html?_=1607731012724&CODE_STATE=getMsg HTTP/1.1" 200 27
120.253.135.82 - - [12/Dec/2020:07:57:09 +0800] "GET /xingrg/all/function/internal_message.html?_=1607730777670&CODE_STATE=getMsg HTTP/1.1" 200 27
172.17.0.123 - - [12/Dec/2020:07:57:34 +0800] "GET /xingrg/all/function/internal_message.html?_=1607730974034&CODE_STATE=getMsg HTTP/1.1" 200 27
172.17.0.123 - - [12/Dec/2020:07:57:34 +0800] "GET /xingrg/check_reg.html?_=1607730974034 HTTP/1.1" 200 22
114.84.32.187 - - [12/Dec/2020:07:57:40 +0800] "GET /xingrg/all/function/internal_message.html?_=1607731081556&CODE_STATE=getMsg HTTP/1.1" 200 27
114.84.32.187 - - [12/Dec/2020:07:57:45 +0800] "GET /xingrg/all/function/internal_message.html?_=1607731059346&CODE_STATE=getMsg HTTP/1.1" 200 27
180.174.56.115 - - [12/Dec/2020:07:57:47 +0800] "GET /xingrg/all/function/internal_message.html?_=1607731029012&CODE_STATE=getMsg HTTP/1.1" 200 27
114.88.159.147 - - [12/Dec/2020:07:57:57 +0800] "GET /xingrg/all/function/internal_message.html?_=1607730647630&CODE_STATE=getMsg HTTP/1.1" 200 27
114.88.163.87 - - [12/Dec/2020:07:58:05 +0800] "GET /xingrg/all/function/internal_message.html?_=1607731072717&CODE_STATE=getMsg HTTP/1.1" 200 27
114.88.163.87 - - [12/Dec/2020:07:58:05 +0800] "GET /xingrg/check_reg.html?_=1607731072718 HTTP/1.1" 200 22
120.253.135.82 - - [12/Dec/2020:07:58:09 +0800] "GET /xingrg/all/function/internal_message.html?_=1607730837677&CODE_STATE=getMsg HTTP/1.1" 200 27
172.17.0.123 - - [12/Dec/2020:07:58:34 +0800] "GET /xingrg/all/function/internal_message.html?_=1607731034036&CODE_STATE=getMsg HTTP/1.1" 200 27
180.174.56.115 - - [12/Dec/2020:07:58:35 +0800] "GET /xingrg/check_reg.html?_=1607731077564 HTTP/1.1" 200 22
114.84.32.187 - - [12/Dec/2020:07:58:40 +0800] "GET /xingrg/all/function/internal_message.html?_=1607731141572&CODE_STATE=getMsg HTTP/1.1" 200 27
114.84.32.187 - - [12/Dec/2020:07:58:45 +0800] "GET /xingrg/all/function/internal_message.html?_=1607731119345&CODE_STATE=getMsg HTTP/1.1" 200 27
180.174.56.115 - - [12/Dec/2020:07:58:47 +0800] "GET /xingrg/all/function/internal_message.html?_=1607731089014&CODE_STATE=getMsg HTTP/1.1" 200 27
124.77.237.88 - - [12/Dec/2020:07:58:49 +0800] "POST /xingrg/services/DataTransmitService HTTP/1.1" 200 524
114.88.159.147 - - [12/Dec/2020:07:58:57 +0800] "GET /xingrg/check_reg.html?_=1607730707631 HTTP/1.1" 200 22
114.88.159.147 - - [12/Dec/2020:07:58:57 +0800] "GET /xingrg/all/function/internal_message.html?_=1607730707629&CODE_STATE=getMsg HTTP/1.1" 200 27
114.88.163.87 - - [12/Dec/2020:07:59:05 +0800] "GET /xingrg/all/function/internal_message.html?_=1607731132716&CODE_STATE=getMsg HTTP/1.1" 200 27
120.253.135.82 - - [12/Dec/2020:07:59:09 +0800] "GET /xingrg/all/function/internal_message.html?_=1607730897892&CODE_STATE=getMsg HTTP/1.1" 200 27
172.17.0.123 - - [12/Dec/2020:07:59:34 +0800] "GET /xingrg/all/function/internal_message.html?_=1607731094040&CODE_STATE=getMsg HTTP/1.1" 200 27
114.84.32.187 - - [12/Dec/2020:07:59:40 +0800] "GET /xingrg/all/function/internal_message.html?_=1607731201583&CODE_STATE=getMsg HTTP/1.1" 200 27
114.84.32.187 - - [12/Dec/2020:07:59:45 +0800] "GET /xingrg/all/function/internal_message.html?_=1607731179346&CODE_STATE=getMsg HTTP/1.1" 200 27
180.174.56.115 - - [12/Dec/2020:07:59:47 +0800] "GET /xingrg/all/function/internal_message.html?_=1607731149028&CODE_STATE=getMsg HTTP/1.1" 200 27
114.88.159.147 - - [12/Dec/2020:07:59:57 +0800] "GET /xingrg/all/function/internal_message.html?_=1607730767630&CODE_STATE=getMsg HTTP/1.1" 200 27
120.253.135.82 - - [12/Dec/2020:08:00:03 +0800] "GET /xingrg/check_reg.html?_=1607730951279 HTTP/1.1" 200 22
114.88.163.87 - - [12/Dec/2020:08:00:05 +0800] "GET /xingrg/all/function/internal_message.html?_=1607731192754&CODE_STATE=getMsg HTTP/1.1" 200 27
114.84.32.187 - - [12/Dec/2020:08:00:07 +0800] "GET /xingrg/check_reg.html?_=1607731236742 HTTP/1.1" 302 -
120.253.135.82 - - [12/Dec/2020:08:00:09 +0800] "GET /xingrg/all/function/internal_message.html?_=1607730957907&CODE_STATE=getMsg HTTP/1.1" 200 27
172.17.0.123 - - [12/Dec/2020:08:00:34 +0800] "GET /xingrg/all/function/internal_message.html?_=1607731154040&CODE_STATE=getMsg HTTP/1.1" 200 27
114.84.32.187 - - [12/Dec/2020:08:00:40 +0800] "GET /xingrg/check_reg.html?_=1607731261476 HTTP/1.1" 200 22
114.84.32.187 - - [12/Dec/2020:08:00:40 +0800] "GET /xingrg/all/function/internal_message.html?_=1607731261596&CODE_STATE=getMsg HTTP/1.1" 200 27
114.84.32.187 - - [12/Dec/2020:08:00:45 +0800] "GET /xingrg/check_reg.html?_=1607731239351 HTTP/1.1" 200 22
114.84.32.187 - - [12/Dec/2020:08:00:45 +0800] "GET /xingrg/all/function/internal_message.html?_=1607731239354&CODE_STATE=getMsg HTTP/1.1" 200 27
180.174.56.115 - - [12/Dec/2020:08:00:47 +0800] "GET /xingrg/all/function/internal_message.html?_=1607731209053&CODE_STATE=getMsg HTTP/1.1" 200 27
114.88.159.147 - - [12/Dec/2020:08:00:57 +0800] "GET /xingrg/all/function/internal_message.html?_=1607730827629&CODE_STATE=getMsg HTTP/1.1" 200 27
114.88.163.87 - - [12/Dec/2020:08:01:05 +0800] "GET /xingrg/all/function/internal_message.html?_=1607731252750&CODE_STATE=getMsg HTTP/1.1" 200 27
120.253.135.82 - - [12/Dec/2020:08:01:09 +0800] "GET /xingrg/all/function/internal_message.html?_=1607731017920&CODE_STATE=getMsg HTTP/1.1" 200 27
180.152.104.37 - - [12/Dec/2020:08:01:26 +0800] "POST /xingrg/services/DataTransmitService HTTP/1.1" 200 524
172.17.0.123 - - [12/Dec/2020:08:01:34 +0800] "GET /xingrg/all/function/internal_message.html?_=1607731214026&CODE_STATE=getMsg HTTP/1.1" 200 27
114.84.32.187 - - [12/Dec/2020:08:01:40 +0800] "GET /xingrg/all/function/internal_message.html?_=1607731321609&CODE_STATE=getMsg HTTP/1.1" 200 27
114.84.32.187 - - [12/Dec/2020:08:01:45 +0800] "GET /xingrg/all/function/internal_message.html?_=1607731299354&CODE_STATE=getMsg HTTP/1.1" 200 27
180.174.56.115 - - [12/Dec/2020:08:01:47 +0800] "GET /xingrg/all/function/internal_message.html?_=1607731269054&CODE_STATE=getMsg HTTP/1.1" 200 27
114.88.159.147 - - [12/Dec/2020:08:01:57 +0800] "GET /xingrg/all/function/internal_message.html?_=1607730887646&CODE_STATE=getMsg HTTP/1.1" 200 27
114.88.163.87 - - [12/Dec/2020:08:02:05 +0800] "GET /xingrg/all/function/internal_message.html?_=1607731312749&CODE_STATE=getMsg HTTP/1.1" 200 27
120.253.135.82 - - [12/Dec/2020:08:02:09 +0800] "GET /xingrg/all/function/internal_message.html?_=1607731078134&CODE_STATE=getMsg HTTP/1.1" 200 27
117.184.7.26 - - [12/Dec/2020:08:02:17 +0800] "POST /xingrg/services/DataTransmitService HTTP/1.1" 200 524
172.17.0.123 - - [12/Dec/2020:08:02:34 +0800] "GET /xingrg/all/function/internal_message.html?_=1607731274030&CODE_STATE=getMsg HTTP/1.1" 200 27
172.17.0.123 - - [12/Dec/2020:08:02:34 +0800] "GET /xingrg/check_reg.html?_=1607731274030 HTTP/1.1" 200 22
114.84.32.187 - - [12/Dec/2020:08:02:40 +0800] "GET /xingrg/all/function/internal_message.html?_=1607731381624&CODE_STATE=getMsg HTTP/1.1" 200 27
114.84.32.187 - - [12/Dec/2020:08:02:45 +0800] "GET /xingrg/all/function/internal_message.html?_=1607731359354&CODE_STATE=getMsg HTTP/1.1" 200 27
180.174.56.115 - - [12/Dec/2020:08:02:47 +0800] "GET /xingrg/all/function/internal_message.html?_=1607731329080&CODE_STATE=getMsg HTTP/1.1" 200 27
114.88.159.147 - - [12/Dec/2020:08:02:57 +0800] "GET /xingrg/all/function/internal_message.html?_=1607730947630&CODE_STATE=getMsg HTTP/1.1" 200 27
114.88.163.87 - - [12/Dec/2020:08:03:05 +0800] "GET /xingrg/check_reg.html?_=1607731372745 HTTP/1.1" 200 22
114.88.163.87 - - [12/Dec/2020:08:03:05 +0800] "GET /xingrg/all/function/internal_message.html?_=1607731372746&CODE_STATE=getMsg HTTP/1.1" 200 27
120.253.135.82 - - [12/Dec/2020:08:03:09 +0800] "GET /xingrg/all/function/internal_message.html?_=1607731138135&CODE_STATE=getMsg HTTP/1.1" 200 27
117.184.7.26 - - [12/Dec/2020:08:03:12 +0800] "POST /xingrg/services/DataTransmitService HTTP/1.1" 200 524
172.17.0.123 - - [12/Dec/2020:08:03:34 +0800] "GET /xingrg/all/function/internal_message.html?_=1607731334032&CODE_STATE=getMsg HTTP/1.1" 200 27
180.174.56.115 - - [12/Dec/2020:08:03:35 +0800] "GET /xingrg/check_reg.html?_=1607731377573 HTTP/1.1" 200 22
114.84.32.187 - - [12/Dec/2020:08:03:40 +0800] "GET /xingrg/all/function/internal_message.html?_=1607731441641&CODE_STATE=getMsg HTTP/1.1" 200 27
114.84.32.187 - - [12/Dec/2020:08:03:45 +0800] "GET /xingrg/all/function/internal_message.html?_=1607731419354&CODE_STATE=getMsg HTTP/1.1" 200 27
180.174.56.115 - - [12/Dec/2020:08:03:47 +0800] "GET /xingrg/all/function/internal_message.html?_=1607731389081&CODE_STATE=getMsg HTTP/1.1" 200 27
114.88.159.147 - - [12/Dec/2020:08:03:57 +0800] "GET /xingrg/all/function/internal_message.html?_=1607731007629&CODE_STATE=getMsg HTTP/1.1" 200 27
114.88.159.147 - - [12/Dec/2020:08:03:57 +0800] "GET /xingrg/check_reg.html?_=1607731007631 HTTP/1.1" 200 22
114.88.163.87 - - [12/Dec/2020:08:04:05 +0800] "GET /xingrg/all/function/internal_message.html?_=1607731432759&CODE_STATE=getMsg HTTP/1.1" 200 27
120.253.135.82 - - [12/Dec/2020:08:04:10 +0800] "GET /xingrg/all/function/internal_message.html?_=1607731198349&CODE_STATE=getMsg HTTP/1.1" 200 27
172.17.0.123 - - [12/Dec/2020:08:04:34 +0800] "GET /xingrg/all/function/internal_message.html?_=1607731394034&CODE_STATE=getMsg HTTP/1.1" 200 27
114.84.32.187 - - [12/Dec/2020:08:04:40 +0800] "GET /xingrg/all/function/internal_message.html?_=1607731501651&CODE_STATE=getMsg HTTP/1.1" 200 27
114.84.32.187 - - [12/Dec/2020:08:04:45 +0800] "GET /xingrg/all/function/internal_message.html?_=1607731479358&CODE_STATE=getMsg HTTP/1.1" 200 27
180.174.56.115 - - [12/Dec/2020:08:04:47 +0800] "GET /xingrg/all/function/internal_message.html?_=1607731449096&CODE_STATE=getMsg HTTP/1.1" 200 27
120.253.135.82 - - [12/Dec/2020:08:04:54 +0800] "GET /xingrg/kc/pszx/mdqp_order_list.html?state=10 HTTP/1.1" 200 10613
120.253.135.82 - - [12/Dec/2020:08:04:54 +0800] "GET /xingrg/dwr/interface/AjaxReportQueryService.js HTTP/1.1" 200 13203
120.253.135.82 - - [12/Dec/2020:08:04:54 +0800] "GET /xingrg/dwr/engine.js HTTP/1.1" 200 43631
120.253.135.82 - - [12/Dec/2020:08:04:54 +0800] "GET /xingrg/dwr/interface/AjaxQqpsService.js HTTP/1.1" 200 16326
120.253.135.82 - - [12/Dec/2020:08:04:56 +0800] "GET /xingrg/kc/pszx/mdps_order_list.html?orderType=0 HTTP/1.1" 200 21238
120.253.135.82 - - [12/Dec/2020:08:04:56 +0800] "POST /xingrg/kc/pszx/mdps_list_operate.html HTTP/1.1" 200 5521
114.88.159.147 - - [12/Dec/2020:08:04:57 +0800] "GET /xingrg/all/function/internal_message.html?_=1607731067658&CODE_STATE=getMsg HTTP/1.1" 200 27
120.253.135.82 - - [12/Dec/2020:08:05:03 +0800] "GET /xingrg/check_reg.html?_=1607731251366 HTTP/1.1" 200 22
120.253.135.82 - - [12/Dec/2020:08:05:04 +0800] "POST /xingrg/kc/pszx/mdps_list_operate.html HTTP/1.1" 200 868
114.88.163.87 - - [12/Dec/2020:08:05:05 +0800] "GET /xingrg/all/function/internal_message.html?_=1607731492757&CODE_STATE=getMsg HTTP/1.1" 200 27
114.84.32.187 - - [12/Dec/2020:08:05:07 +0800] "GET /xingrg/check_reg.html?_=1607731536742 HTTP/1.1" 302 -
120.253.135.82 - - [12/Dec/2020:08:05:10 +0800] "GET /xingrg/all/function/internal_message.html?_=1607731258365&CODE_STATE=getMsg HTTP/1.1" 200 27
120.253.135.82 - - [12/Dec/2020:08:05:15 +0800] "POST /xingrg/kc/pszx/mdps_list_operate.html HTTP/1.1" 200 868
120.253.135.82 - - [12/Dec/2020:08:05:27 +0800] "POST /xingrg/kc/pszx/mdps_list_operate.html HTTP/1.1" 200 868
172.17.0.123 - - [12/Dec/2020:08:05:34 +0800] "GET /xingrg/all/function/internal_message.html?_=1607731454036&CODE_STATE=getMsg HTTP/1.1" 200 27
117.131.5.26 - - [12/Dec/2020:08:05:36 +0800] "POST /xingrg/services/DataTransmitService HTTP/1.1" 200 524
120.253.135.82 - - [12/Dec/2020:08:05:36 +0800] "POST /xingrg/kc/pszx/mdps_list_operate.html HTTP/1.1" 200 868
114.84.32.187 - - [12/Dec/2020:08:05:40 +0800] "GET /xingrg/check_reg.html?_=1607731561480 HTTP/1.1" 200 22
114.84.32.187 - - [12/Dec/2020:08:05:40 +0800] "GET /xingrg/all/function/internal_message.html?_=1607731561665&CODE_STATE=getMsg HTTP/1.1" 200 27
114.84.32.187 - - [12/Dec/2020:08:05:45 +0800] "GET /xingrg/check_reg.html?_=1607731539359 HTTP/1.1" 200 22
114.84.32.187 - - [12/Dec/2020:08:05:45 +0800] "GET /xingrg/all/function/internal_message.html?_=1607731539362&CODE_STATE=getMsg HTTP/1.1" 200 27
180.174.56.115 - - [12/Dec/2020:08:05:47 +0800] "GET /xingrg/all/function/internal_message.html?_=1607731509121&CODE_STATE=getMsg HTTP/1.1" 200 27
120.253.135.82 - - [12/Dec/2020:08:05:48 +0800] "POST /xingrg/kc/pszx/mdps_list_operate.html HTTP/1.1" 200 868
117.185.32.26 - - [12/Dec/2020:08:05:51 +0800] "POST /xingrg/services/DataTransmitService HTTP/1.1" 200 524
117.185.32.26 - - [12/Dec/2020:08:05:51 +0800] "POST /xingrg/services/DataTransmitService HTTP/1.1" 200 412
114.88.159.147 - - [12/Dec/2020:08:05:57 +0800] "GET /xingrg/all/function/internal_message.html?_=1607731127657&CODE_STATE=getMsg HTTP/1.1" 200 27
114.88.163.87 - - [12/Dec/2020:08:06:05 +0800] "GET /xingrg/all/function/internal_message.html?_=1607731552740&CODE_STATE=getMsg HTTP/1.1" 200 27
120.253.135.82 - - [12/Dec/2020:08:06:06 +0800] "POST /xingrg/kc/pszx/mdps_list_operate.html HTTP/1.1" 200 2806
120.253.135.82 - - [12/Dec/2020:08:06:07 +0800] "POST /xingrg/kc/pszx/mdps_list_operate.html HTTP/1.1" 200 364
120.253.135.82 - - [12/Dec/2020:08:06:08 +0800] "GET /xingrg/kc/pszx/mdps_order_info.html?code=312020121200293 HTTP/1.1" 200 23887
120.253.135.82 - - [12/Dec/2020:08:06:09 +0800] "GET /xingrg/javascript/easyui/themes/default/validatebox.css HTTP/1.1" 404 1104
120.253.135.82 - - [12/Dec/2020:08:06:09 +0800] "POST /xingrg/kc/pszx/mdps_order_operate.html HTTP/1.1" 200 3287
120.253.135.82 - - [12/Dec/2020:08:06:10 +0800] "GET /xingrg/all/function/internal_message.html?_=1607731318379&CODE_STATE=getMsg HTTP/1.1" 200 27
120.253.135.82 - - [12/Dec/2020:08:06:20 +0800] "POST /xingrg/kc/pszx/mdps_list_operate.html HTTP/1.1" 200 607
120.253.135.82 - - [12/Dec/2020:08:06:20 +0800] "GET /xingrg/kc/pszx/mdps_order_info.html?code=312020121200294 HTTP/1.1" 200 23887
120.253.135.82 - - [12/Dec/2020:08:06:21 +0800] "GET /xingrg/javascript/easyui/themes/default/validatebox.css HTTP/1.1" 404 1104
120.253.135.82 - - [12/Dec/2020:08:06:21 +0800] "POST /xingrg/kc/pszx/mdps_order_operate.html HTTP/1.1" 200 7806
120.253.135.82 - - [12/Dec/2020:08:06:33 +0800] "POST /xingrg/kc/pszx/mdps_list_operate.html HTTP/1.1" 200 2806
120.253.135.82 - - [12/Dec/2020:08:06:34 +0800] "POST /xingrg/kc/pszx/mdps_list_operate.html HTTP/1.1" 200 208
172.17.0.123 - - [12/Dec/2020:08:06:34 +0800] "GET /xingrg/all/function/internal_message.html?_=1607731514036&CODE_STATE=getMsg HTTP/1.1" 200 27
120.253.135.82 - - [12/Dec/2020:08:06:36 +0800] "POST /xingrg/kc/pszx/mdps_list_operate.html HTTP/1.1" 200 646
120.253.135.82 - - [12/Dec/2020:08:06:38 +0800] "GET /xingrg/kc/pszx/mdps_order_add.html HTTP/1.1" 200 29216
120.253.135.82 - - [12/Dec/2020:08:06:38 +0800] "POST /xingrg/kc/pszx/mdps_order_operate.html HTTP/1.1" 200 7126
120.253.135.82 - - [12/Dec/2020:08:06:38 +0800] "GET /xingrg/javascript/easyui/themes/default/validatebox.css HTTP/1.1" 404 1104
114.84.32.187 - - [12/Dec/2020:08:06:40 +0800] "GET /xingrg/all/function/internal_message.html?_=1607731621678&CODE_STATE=getMsg HTTP/1.1" 200 27
114.84.32.187 - - [12/Dec/2020:08:06:45 +0800] "GET /xingrg/all/function/internal_message.html?_=1607731599362&CODE_STATE=getMsg HTTP/1.1" 200 27
120.253.135.82 - - [12/Dec/2020:08:06:47 +0800] "POST /xingrg/all/common/load_combo.html?type=base HTTP/1.1" 200 984
180.174.56.115 - - [12/Dec/2020:08:06:47 +0800] "GET /xingrg/all/function/internal_message.html?_=1607731569122&CODE_STATE=getMsg HTTP/1.1" 200 27
120.253.135.82 - - [12/Dec/2020:08:06:55 +0800] "GET /xingrg/kc/pszx/mdps_order_operate.html?command=get_materiel&pszx_code=00101&rest_code=00104&base_code=0010246&code=00101006002 HTTP/1.1" 200 440
114.88.159.147 - - [12/Dec/2020:08:06:57 +0800] "GET /xingrg/all/function/internal_message.html?_=1607731187672&CODE_STATE=getMsg HTTP/1.1" 200 27
120.253.135.82 - - [12/Dec/2020:08:07:02 +0800] "POST /xingrg/kc/pszx/mdps_order_operate.html HTTP/1.1" 200 37
120.253.135.82 - - [12/Dec/2020:08:07:03 +0800] "GET /xingrg/kc/pszx/mdps_order_info.html?code=312020121200324 HTTP/1.1" 200 23887
120.253.135.82 - - [12/Dec/2020:08:07:04 +0800] "POST /xingrg/kc/pszx/mdps_order_operate.html HTTP/1.1" 200 2281
120.253.135.82 - - [12/Dec/2020:08:07:04 +0800] "GET /xingrg/javascript/easyui/themes/default/validatebox.css HTTP/1.1" 404 1104
114.88.163.87 - - [12/Dec/2020:08:07:05 +0800] "GET /xingrg/all/function/internal_message.html?_=1607731612739&CODE_STATE=getMsg HTTP/1.1" 200 27
120.253.135.82 - - [12/Dec/2020:08:07:05 +0800] "POST /xingrg/kc/pszx/mdps_list_operate.html HTTP/1.1" 200 3178
120.253.135.82 - - [12/Dec/2020:08:07:08 +0800] "POST /xingrg/kc/pszx/mdps_list_operate.html HTTP/1.1" 200 607
