180.157.253.48 - - [12/Dec/2020:10:57:08 +0800] "GET /xingrg/javascript/jquery_tools/jquery.tools.min.js HTTP/1.1" 304 -
180.157.253.48 - - [12/Dec/2020:10:57:08 +0800] "GET /xingrg/javascript/auto/jquery.autocomplete.css HTTP/1.1" 304 -
180.157.253.48 - - [12/Dec/2020:10:57:08 +0800] "GET /xingrg/javascript/jquery_tools/jquery.tools.extend.js HTTP/1.1" 304 -
180.157.253.48 - - [12/Dec/2020:10:57:08 +0800] "GET /xingrg/javascript/jquery_tools/jquery.tools.table.js HTTP/1.1" 304 -
180.157.253.48 - - [12/Dec/2020:10:57:08 +0800] "GET /xingrg/kc/buy/cgsh_order_list.html HTTP/1.1" 200 45208
180.157.253.48 - - [12/Dec/2020:10:57:08 +0800] "GET /xingrg/javascript/jquery_tools/list_manager.js HTTP/1.1" 304 -
180.157.253.48 - - [12/Dec/2020:10:57:08 +0800] "GET /xingrg/javascript/auto/jquery.autocomplete.js HTTP/1.1" 304 -
180.157.253.48 - - [12/Dec/2020:10:57:08 +0800] "GET /xingrg/javascript/easyui/easyloader.js HTTP/1.1" 304 -
180.157.253.48 - - [12/Dec/2020:10:57:08 +0800] "GET /xingrg/javascript/jquery.utils.js HTTP/1.1" 304 -
180.157.253.48 - - [12/Dec/2020:10:57:08 +0800] "GET /xingrg/javascript/jquery.cookie.js HTTP/1.1" 304 -
180.157.253.48 - - [12/Dec/2020:10:57:08 +0800] "GET /xingrg/javascript/print/LodopFuncs.js HTTP/1.1" 304 -
180.157.253.48 - - [12/Dec/2020:10:57:08 +0800] "GET /xingrg/javascript/jquery_tools/fix.css HTTP/1.1" 304 -
180.157.253.48 - - [12/Dec/2020:10:57:08 +0800] "GET /xingrg/javascript/easyui/plugins/jquery.parser.js HTTP/1.1" 304 -
180.157.253.48 - - [12/Dec/2020:10:57:10 +0800] "POST /xingrg/kc/buy/cgsh_list_operate.html HTTP/1.1" 200 5120
180.157.253.48 - - [12/Dec/2020:10:57:10 +0800] "GET /xingrg/javascript/easyui/themes/default/images/button_plain_hover.png HTTP/1.1" 304 -
180.162.223.42 - - [12/Dec/2020:10:57:10 +0800] "GET /xingrg/kc/buy/cgsh_order_operate.html?command=get_materiel&rest_code=00105&code=00101007043&supplier_code=00100323&order_time=2020-12-12 HTTP/1.1" 200 409
180.157.253.48 - - [12/Dec/2020:10:57:10 +0800] "GET /xingrg/css/base.css HTTP/1.1" 304 -
180.157.253.48 - - [12/Dec/2020:10:57:10 +0800] "GET /xingrg/javascript/easyui/themes/default/easyui.css HTTP/1.1" 304 -
180.157.253.48 - - [12/Dec/2020:10:57:10 +0800] "GET /xingrg/javascript/auto/jquery.autocomplete.css HTTP/1.1" 304 -
180.157.253.48 - - [12/Dec/2020:10:57:10 +0800] "GET /xingrg/javascript/jquery_tools/datebox.css HTTP/1.1" 304 -
180.157.253.48 - - [12/Dec/2020:10:57:10 +0800] "GET /xingrg/javascript/jquery_tools/table.css HTTP/1.1" 304 -
180.157.253.48 - - [12/Dec/2020:10:57:10 +0800] "GET /xingrg/javascript/jquery_tools/fix.css HTTP/1.1" 304 -
180.157.253.48 - - [12/Dec/2020:10:57:10 +0800] "GET /xingrg/javascript/jquery_tools/jquery.tools.extend.js HTTP/1.1" 304 -
180.157.253.48 - - [12/Dec/2020:10:57:10 +0800] "GET /xingrg/kc/buy/cgsh_order_add.html HTTP/1.1" 200 60939
180.157.253.48 - - [12/Dec/2020:10:57:10 +0800] "GET /xingrg/javascript/easyui/themes/icon.css HTTP/1.1" 304 -
180.157.253.48 - - [12/Dec/2020:10:57:10 +0800] "GET /xingrg/javascript/pic_change.js HTTP/1.1" 304 -
180.157.253.48 - - [12/Dec/2020:10:57:10 +0800] "GET /xingrg/javascript/jquery_tools/jquery.tools.min.js HTTP/1.1" 304 -
180.157.253.48 - - [12/Dec/2020:10:57:10 +0800] "GET /xingrg/javascript/jquery_tools/jquery.tools.table.js HTTP/1.1" 304 -
180.157.253.48 - - [12/Dec/2020:10:57:10 +0800] "GET /xingrg/javascript/easyui/easyloader.js HTTP/1.1" 304 -
180.157.253.48 - - [12/Dec/2020:10:57:10 +0800] "GET /xingrg/javascript/auto/jquery.autocomplete.js HTTP/1.1" 304 -
180.157.253.48 - - [12/Dec/2020:10:57:10 +0800] "GET /xingrg/javascript/jquery.utils.js HTTP/1.1" 304 -
180.157.253.48 - - [12/Dec/2020:10:57:10 +0800] "GET /xingrg/javascript/jquery.cookie.js HTTP/1.1" 304 -
180.157.253.48 - - [12/Dec/2020:10:57:10 +0800] "GET /xingrg/javascript/json2.js HTTP/1.1" 304 -
180.157.253.48 - - [12/Dec/2020:10:57:10 +0800] "GET /xingrg/javascript/jquery_tools/order_manager.js HTTP/1.1" 304 -
180.157.253.48 - - [12/Dec/2020:10:57:10 +0800] "GET /xingrg/javascript/print/kc_print.js HTTP/1.1" 304 -
180.157.253.48 - - [12/Dec/2020:10:57:10 +0800] "GET /xingrg/javascript/convert.js HTTP/1.1" 304 -
180.157.253.48 - - [12/Dec/2020:10:57:10 +0800] "GET /xingrg/css/site.css HTTP/1.1" 304 -
180.157.253.48 - - [12/Dec/2020:10:57:10 +0800] "GET /xingrg/javascript/print/LodopFuncs.js HTTP/1.1" 304 -
180.157.253.48 - - [12/Dec/2020:10:57:10 +0800] "GET /xingrg/javascript/jquery_tools/jquery.tools.hotkey.js HTTP/1.1" 304 -
180.157.253.48 - - [12/Dec/2020:10:57:10 +0800] "GET /xingrg/words/20201212095936_words.js HTTP/1.1" 304 -
180.157.253.48 - - [12/Dec/2020:10:57:10 +0800] "GET /xingrg/javascript/easyui/themes/icons/copy_new.png HTTP/1.1" 304 -
180.157.253.48 - - [12/Dec/2020:10:57:10 +0800] "GET /xingrg/javascript/easyui/themes/icons/template_new.png HTTP/1.1" 304 -
180.157.253.48 - - [12/Dec/2020:10:57:10 +0800] "GET /xingrg/javascript/easyui/themes/icons/ok.png HTTP/1.1" 304 -
180.157.253.48 - - [12/Dec/2020:10:57:10 +0800] "GET /xingrg/javascript/easyui/themes/icons/print.png HTTP/1.1" 304 -
180.157.253.48 - - [12/Dec/2020:10:57:10 +0800] "GET /xingrg/javascript/easyui/themes/default/images/menu_downarrow.png HTTP/1.1" 304 -
180.157.253.48 - - [12/Dec/2020:10:57:10 +0800] "GET /xingrg/javascript/easyui/themes/icons/cancel.png HTTP/1.1" 304 -
180.157.253.48 - - [12/Dec/2020:10:57:10 +0800] "GET /xingrg/javascript/easyui/plugins/jquery.parser.js HTTP/1.1" 304 -
180.157.253.48 - - [12/Dec/2020:10:57:10 +0800] "POST /xingrg/kc/buy/cgsh_order_operate.html HTTP/1.1" 200 8245
180.157.253.48 - - [12/Dec/2020:10:57:11 +0800] "GET /xingrg/javascript/easyui/themes/default/images/button_plain_hover.png HTTP/1.1" 304 -
180.157.253.48 - - [12/Dec/2020:10:57:11 +0800] "GET /xingrg/all/common/auto_word.html?type=employee&rest_code=00148 HTTP/1.1" 200 197
180.157.253.48 - - [12/Dec/2020:10:57:11 +0800] "GET /xingrg/all/common/auto_word.html?type=employee&rest_code=00148 HTTP/1.1" 200 197
180.157.253.48 - - [12/Dec/2020:10:57:11 +0800] "GET /xingrg/javascript/easyui/themes/default/images/button_plain_hover.png HTTP/1.1" 304 -
180.157.253.48 - - [12/Dec/2020:10:57:11 +0800] "GET /xingrg/javascript/easyui/themes/default/validatebox.css HTTP/1.1" 404 1104
180.157.253.48 - - [12/Dec/2020:10:57:11 +0800] "GET /xingrg/javascript/easyui/plugins/jquery.validatebox.js HTTP/1.1" 304 -
180.157.253.48 - - [12/Dec/2020:10:57:11 +0800] "GET /xingrg/javascript/easyui/plugins/jquery.numberbox.js HTTP/1.1" 304 -
180.162.223.42 - - [12/Dec/2020:10:57:12 +0800] "GET /xingrg/all/function/internal_message.html?_=1607741831847&CODE_STATE=getMsg HTTP/1.1" 200 27
114.84.32.187 - - [12/Dec/2020:10:57:12 +0800] "GET /xingrg/kc/buy/cgsh_order_operate.html?command=get_materiel&rest_code=00146&code=00101001125&supplier_code=00100199&order_time=2020-12-12 HTTP/1.1" 200 415
180.157.253.48 - - [12/Dec/2020:10:57:14 +0800] "POST /xingrg/kc/buy/cgsh_order_operate.html HTTP/1.1" 200 37
180.157.253.48 - - [12/Dec/2020:10:57:15 +0800] "POST /xingrg/kc/buy/cgsh_order_operate.html HTTP/1.1" 200 3846
180.157.253.48 - - [12/Dec/2020:10:57:15 +0800] "GET /xingrg/javascript/pic_change.js HTTP/1.1" 304 -
180.157.253.48 - - [12/Dec/2020:10:57:15 +0800] "GET /xingrg/javascript/jquery_tools/jquery.tools.hotkey.js HTTP/1.1" 304 -
180.157.253.48 - - [12/Dec/2020:10:57:15 +0800] "GET /xingrg/javascript/jquery_tools/jquery.tools.extend.js HTTP/1.1" 304 -
180.157.253.48 - - [12/Dec/2020:10:57:15 +0800] "GET /xingrg/javascript/jquery_tools/jquery.tools.table.js HTTP/1.1" 304 -
180.157.253.48 - - [12/Dec/2020:10:57:15 +0800] "GET /xingrg/javascript/jquery_tools/jquery.tools.min.js HTTP/1.1" 304 -
180.157.253.48 - - [12/Dec/2020:10:57:15 +0800] "GET /xingrg/javascript/auto/jquery.autocomplete.js HTTP/1.1" 304 -
180.157.253.48 - - [12/Dec/2020:10:57:15 +0800] "GET /xingrg/javascript/jquery.utils.js HTTP/1.1" 304 -
180.157.253.48 - - [12/Dec/2020:10:57:15 +0800] "GET /xingrg/javascript/easyui/easyloader.js HTTP/1.1" 304 -
180.157.253.48 - - [12/Dec/2020:10:57:15 +0800] "GET /xingrg/javascript/jquery_tools/order_manager.js HTTP/1.1" 304 -
180.157.253.48 - - [12/Dec/2020:10:57:15 +0800] "GET /xingrg/javascript/json2.js HTTP/1.1" 304 -
180.157.253.48 - - [12/Dec/2020:10:57:15 +0800] "GET /xingrg/javascript/jquery.cookie.js HTTP/1.1" 304 -
180.157.253.48 - - [12/Dec/2020:10:57:15 +0800] "GET /xingrg/javascript/print/LodopFuncs.js HTTP/1.1" 304 -
180.157.253.48 - - [12/Dec/2020:10:57:15 +0800] "GET /xingrg/javascript/print/kc_print.js HTTP/1.1" 304 -
180.157.253.48 - - [12/Dec/2020:10:57:15 +0800] "GET /xingrg/javascript/easyui/plugins/jquery.parser.js HTTP/1.1" 304 -
180.157.253.48 - - [12/Dec/2020:10:57:15 +0800] "GET /xingrg/javascript/easyui/plugins/jquery.validatebox.js HTTP/1.1" 304 -
180.157.253.48 - - [12/Dec/2020:10:57:15 +0800] "GET /xingrg/javascript/easyui/plugins/jquery.numberbox.js HTTP/1.1" 304 -
180.157.253.48 - - [12/Dec/2020:10:57:15 +0800] "GET /xingrg/words/20201212095936_words.js HTTP/1.1" 304 -
180.157.253.48 - - [12/Dec/2020:10:57:15 +0800] "GET /xingrg/javascript/convert.js HTTP/1.1" 304 -
117.185.32.26 - - [12/Dec/2020:10:57:18 +0800] "POST /xingrg/kc/buy/cgsh_order_operate.html HTTP/1.1" 200 26279
117.184.7.26 - - [12/Dec/2020:10:57:19 +0800] "GET /xingrg/all/function/internal_message.html?_=1607741825197&CODE_STATE=getMsg HTTP/1.1" 200 27
180.157.253.48 - - [12/Dec/2020:10:57:22 +0800] "GET /xingrg/kc/buy/cgsh_order_add.html HTTP/1.1" 200 60945
180.157.253.48 - - [12/Dec/2020:10:57:22 +0800] "POST /xingrg/kc/buy/cgsh_order_operate.html HTTP/1.1" 200 8245
180.157.253.48 - - [12/Dec/2020:10:57:22 +0800] "GET /xingrg/javascript/easyui/themes/default/validatebox.css HTTP/1.1" 404 1104
222.69.133.109 - - [12/Dec/2020:10:57:23 +0800] "GET /xingrg/all/function/internal_message.html?_=1607741842202&CODE_STATE=getMsg HTTP/1.1" 200 27
172.17.0.100 - - [12/Dec/2020:10:57:25 +0800] "GET /xingrg/all/function/internal_message.html?_=1607741843834&CODE_STATE=getMsg HTTP/1.1" 200 27
180.162.223.42 - - [12/Dec/2020:10:57:28 +0800] "GET /xingrg/kc/buy/cgsh_order_operate.html?command=get_materiel&rest_code=00105&code=00101007044&supplier_code=00100323&order_time=2020-12-12 HTTP/1.1" 200 424
101.83.240.69 - - [12/Dec/2020:10:57:28 +0800] "GET /xingrg/all/function/internal_message.html?_=1607741842282&CODE_STATE=getMsg HTTP/1.1" 200 27
180.152.104.37 - - [12/Dec/2020:10:57:31 +0800] "GET /xingrg/all/function/internal_message.html?_=1607742079369&CODE_STATE=getMsg HTTP/1.1" 200 27
183.192.90.223 - - [12/Dec/2020:10:57:33 +0800] "GET /xingrg/all/function/internal_message.html?_=1607741889632&CODE_STATE=getMsg HTTP/1.1" 200 27
180.157.253.48 - - [12/Dec/2020:10:57:34 +0800] "GET /xingrg/all/function/internal_message.html?_=1607741859625&CODE_STATE=getMsg HTTP/1.1" 200 27
172.17.0.123 - - [12/Dec/2020:10:57:34 +0800] "GET /xingrg/check_reg.html?_=1607741774028 HTTP/1.1" 200 22
172.17.0.123 - - [12/Dec/2020:10:57:34 +0800] "GET /xingrg/all/function/internal_message.html?_=1607741774030&CODE_STATE=getMsg HTTP/1.1" 200 27
114.88.163.87 - - [12/Dec/2020:10:57:36 +0800] "GET /xingrg/all/function/internal_message.html?_=1607741851617&CODE_STATE=getMsg HTTP/1.1" 200 27
180.162.223.42 - - [12/Dec/2020:10:57:39 +0800] "GET /xingrg/kc/buy/cgsh_order_operate.html?command=get_materiel&rest_code=00105&code=00101010063&supplier_code=00100323&order_time=2020-12-12 HTTP/1.1" 200 409
180.157.253.48 - - [12/Dec/2020:10:57:40 +0800] "GET /xingrg/kc/buy/cgsh_order_operate.html?command=get_materiel&rest_code=00148&code=00102005401&supplier_code=00100077&order_time=2020-12-12 HTTP/1.1" 200 424
180.157.253.48 - - [12/Dec/2020:10:57:40 +0800] "GET /xingrg/javascript/easyui/themes/default/images/button_plain_hover.png HTTP/1.1" 304 -
180.174.56.115 - - [12/Dec/2020:10:57:41 +0800] "GET /xingrg/all/function/internal_message.html?_=1607741823318&CODE_STATE=getMsg HTTP/1.1" 200 27
101.85.93.83 - - [12/Dec/2020:10:57:41 +0800] "GET /xingrg/all/function/internal_message.html?_=1607741566155&CODE_STATE=getMsg HTTP/1.1" 200 27
114.84.32.187 - - [12/Dec/2020:10:57:45 +0800] "GET /xingrg/all/function/internal_message.html?_=1607741859568&CODE_STATE=getMsg HTTP/1.1" 200 27
114.84.32.187 - - [12/Dec/2020:10:57:46 +0800] "POST /xingrg/kc/buy/cgsh_order_operate.html HTTP/1.1" 200 37
114.84.32.187 - - [12/Dec/2020:10:57:48 +0800] "GET /xingrg/all/function/internal_message.html?_=1607741889452&CODE_STATE=getMsg HTTP/1.1" 200 27
114.84.32.187 - - [12/Dec/2020:10:57:48 +0800] "POST /xingrg/kc/buy/cgsh_order_operate.html HTTP/1.1" 200 3255
117.185.32.26 - - [12/Dec/2020:10:57:49 +0800] "GET /xingrg/all/function/internal_message.html?_=1607741862962&CODE_STATE=getMsg HTTP/1.1" 200 27
114.88.163.87 - - [12/Dec/2020:10:57:49 +0800] "GET /xingrg/all/function/internal_message.html?_=1607741998360&CODE_STATE=getMsg HTTP/1.1" 200 27
120.253.135.82 - - [12/Dec/2020:10:57:52 +0800] "POST /xingrg/kc/buy/cgsh_order_operate.html HTTP/1.1" 200 37
114.84.32.187 - - [12/Dec/2020:10:57:54 +0800] "GET /xingrg/kc/print/load_data.html?order_code=212020121204608&kc_code=cgsh&condition= HTTP/1.1" 200 912
120.253.135.82 - - [12/Dec/2020:10:57:55 +0800] "POST /xingrg/kc/buy/cgsh_order_operate.html HTTP/1.1" 200 12
116.228.172.94 - - [12/Dec/2020:10:57:57 +0800] "GET /xingrg/all/function/internal_message.html?_=1607741867940&CODE_STATE=getMsg HTTP/1.1" 200 27
120.253.135.82 - - [12/Dec/2020:10:57:58 +0800] "GET /xingrg/kc/buy/cgsh_order_info.html?code=212020121204604 HTTP/1.1" 200 54870
114.88.159.147 - - [12/Dec/2020:10:57:58 +0800] "GET /xingrg/all/function/internal_message.html?_=1607741448187&CODE_STATE=getMsg HTTP/1.1" 200 27
180.162.223.42 - - [12/Dec/2020:10:57:58 +0800] "GET /xingrg/kc/buy/cgsh_order_operate.html?command=get_materiel&rest_code=00105&code=00101008025&supplier_code=00100323&order_time=2020-12-12 HTTP/1.1" 200 409
120.253.135.82 - - [12/Dec/2020:10:57:58 +0800] "GET /xingrg/all/function/internal_message.html?_=1607741628017&CODE_STATE=getMsg HTTP/1.1" 200 27
120.253.135.82 - - [12/Dec/2020:10:57:59 +0800] "GET /xingrg/javascript/easyui/themes/default/validatebox.css HTTP/1.1" 404 1104
120.253.135.82 - - [12/Dec/2020:10:57:59 +0800] "POST /xingrg/kc/buy/cgsh_order_operate.html HTTP/1.1" 200 669
180.157.253.48 - - [12/Dec/2020:10:58:00 +0800] "GET /xingrg/check_reg.html?_=1607741879941 HTTP/1.1" 200 22
180.157.253.48 - - [12/Dec/2020:10:58:01 +0800] "GET /xingrg/all/function/internal_message.html?_=1607741881308&CODE_STATE=getMsg HTTP/1.1" 200 27
120.253.135.82 - - [12/Dec/2020:10:58:02 +0800] "POST /xingrg/kc/buy/cgsh_list_operate.html HTTP/1.1" 200 876
180.162.223.42 - - [12/Dec/2020:10:58:04 +0800] "GET /xingrg/kc/buy/cgsh_order_operate.html?command=get_materiel&rest_code=00105&code=00101012010&supplier_code=00100323&order_time=2020-12-12 HTTP/1.1" 200 409
114.88.163.87 - - [12/Dec/2020:10:58:05 +0800] "GET /xingrg/all/function/internal_message.html?_=1607741872845&CODE_STATE=getMsg HTTP/1.1" 200 27
114.88.163.87 - - [12/Dec/2020:10:58:05 +0800] "GET /xingrg/check_reg.html?_=1607741872848 HTTP/1.1" 200 22
180.157.253.48 - - [12/Dec/2020:10:58:12 +0800] "GET /xingrg/kc/buy/cgsh_order_operate.html?command=get_materiel&rest_code=00148&code=00101003042&supplier_code=00100088&order_time=2020-12-12 HTTP/1.1" 200 421
180.162.223.42 - - [12/Dec/2020:10:58:12 +0800] "GET /xingrg/all/function/internal_message.html?_=1607741891828&CODE_STATE=getMsg HTTP/1.1" 200 27
120.253.135.82 - - [12/Dec/2020:10:58:16 +0800] "GET /xingrg/kc/buy/cgsh_order_add.html HTTP/1.1" 200 59956
120.253.135.82 - - [12/Dec/2020:10:58:16 +0800] "POST /xingrg/kc/buy/cgsh_order_operate.html HTTP/1.1" 200 8245
120.253.135.82 - - [12/Dec/2020:10:58:16 +0800] "GET /xingrg/javascript/easyui/themes/default/validatebox.css HTTP/1.1" 404 1104
61.151.178.197 - - [12/Dec/2020:10:58:18 +0800] "GET /xingrg/kc/buy/cgsh_order_operate.html?command=get_materiel&rest_code=00141&code=00101001164&supplier_code=00100090&order_time=2020-12-12 HTTP/1.1" 302 -
180.162.223.42 - - [12/Dec/2020:10:58:18 +0800] "GET /xingrg/kc/buy/cgsh_order_operate.html?command=get_materiel&rest_code=00105&code=00101004017&supplier_code=00100323&order_time=2020-12-12 HTTP/1.1" 200 413
117.184.7.26 - - [12/Dec/2020:10:58:19 +0800] "GET /xingrg/all/function/internal_message.html?_=1607741885200&CODE_STATE=getMsg HTTP/1.1" 200 27
222.69.133.109 - - [12/Dec/2020:10:58:23 +0800] "GET /xingrg/all/function/internal_message.html?_=1607741902202&CODE_STATE=getMsg HTTP/1.1" 200 27
61.151.178.197 - - [12/Dec/2020:10:58:24 +0800] "GET /xingrg/login.html HTTP/1.1" 200 7641
180.157.253.48 - - [12/Dec/2020:10:58:24 +0800] "GET /xingrg/kc/buy/cgsh_order_operate.html?command=get_materiel&rest_code=00148&code=00102005399&supplier_code=00100077&order_time=2020-12-12 HTTP/1.1" 200 424
180.157.253.48 - - [12/Dec/2020:10:58:25 +0800] "GET /xingrg/javascript/easyui/themes/default/images/button_plain_hover.png HTTP/1.1" 304 -
172.17.0.100 - - [12/Dec/2020:10:58:25 +0800] "GET /xingrg/all/function/internal_message.html?_=1607741903834&CODE_STATE=getMsg HTTP/1.1" 200 27
120.253.135.82 - - [12/Dec/2020:10:58:26 +0800] "POST /xingrg/all/common/load_combo.html?type=employee HTTP/1.1" 200 2101
183.192.164.97 - - [12/Dec/2020:10:58:27 +0800] "GET /xingrg/all/function/internal_message.html?_=1607741203061&CODE_STATE=getMsg HTTP/1.1" 302 -
116.228.172.94 - - [12/Dec/2020:10:58:28 +0800] "GET /xingrg/kc/buy/cgsh_order_add.html HTTP/1.1" 200 61027
101.83.240.69 - - [12/Dec/2020:10:58:28 +0800] "GET /xingrg/all/function/internal_message.html?_=1607741902283&CODE_STATE=getMsg HTTP/1.1" 200 27
116.228.172.94 - - [12/Dec/2020:10:58:29 +0800] "GET /xingrg/words/20201212095936_words.js HTTP/1.1" 304 -
116.228.172.94 - - [12/Dec/2020:10:58:29 +0800] "GET /xingrg/javascript/easyui/themes/default/validatebox.css HTTP/1.1" 404 1104
116.228.172.94 - - [12/Dec/2020:10:58:29 +0800] "POST /xingrg/kc/buy/cgsh_order_operate.html HTTP/1.1" 200 8245
180.162.223.42 - - [12/Dec/2020:10:58:30 +0800] "GET /xingrg/kc/buy/cgsh_order_operate.html?command=get_materiel&rest_code=00105&code=00101002020&supplier_code=00100323&order_time=2020-12-12 HTTP/1.1" 200 435
116.228.172.94 - - [12/Dec/2020:10:58:31 +0800] "GET /xingrg/javascript/easyui/themes/default/tree.css HTTP/1.1" 404 1090
180.152.104.37 - - [12/Dec/2020:10:58:31 +0800] "GET /xingrg/all/function/internal_message.html?_=1607742139383&CODE_STATE=getMsg HTTP/1.1" 200 27
116.228.172.94 - - [12/Dec/2020:10:58:31 +0800] "POST /xingrg/all/common/load_tree.html?tree=supplier_tree_json&isDelete=1 HTTP/1.1" 200 52361
183.192.90.223 - - [12/Dec/2020:10:58:32 +0800] "GET /xingrg/all/function/internal_message.html?_=1607741949636&CODE_STATE=getMsg HTTP/1.1" 200 27
183.192.164.97 - - [12/Dec/2020:10:58:33 +0800] "GET /xingrg/login.html HTTP/1.1" 200 7641
180.157.253.48 - - [12/Dec/2020:10:58:34 +0800] "GET /xingrg/all/function/internal_message.html?_=1607741919639&CODE_STATE=getMsg HTTP/1.1" 200 27
180.162.223.42 - - [12/Dec/2020:10:58:34 +0800] "POST /xingrg/all/common/load_select.html HTTP/1.1" 200 25
172.17.0.123 - - [12/Dec/2020:10:58:34 +0800] "GET /xingrg/all/function/internal_message.html?_=1607741834030&CODE_STATE=getMsg HTTP/1.1" 200 27
114.88.163.87 - - [12/Dec/2020:10:58:36 +0800] "GET /xingrg/all/function/internal_message.html?_=1607741911648&CODE_STATE=getMsg HTTP/1.1" 200 27
180.162.223.42 - - [12/Dec/2020:10:58:37 +0800] "GET /xingrg/kc/buy/cgsh_order_operate.html?command=get_materiel_price&rest_code=00105&code=00101002020&unit_code=00100009&supplier_code=00100323&order_time=2020-12-12 HTTP/1.1" 200 31
120.253.135.82 - - [12/Dec/2020:10:58:39 +0800] "GET /xingrg/kc/buy/cgsh_order_operate.html?command=get_materiel&rest_code=00101&code=00102002556&supplier_code=00100150&order_time=2020-12-12 HTTP/1.1" 200 429
180.157.253.48 - - [12/Dec/2020:10:58:40 +0800] "GET /xingrg/kc/buy/cgsh_order_operate.html?command=get_materiel&rest_code=00148&code=00101003041&supplier_code=00100088&order_time=2020-12-12 HTTP/1.1" 200 414
120.253.135.82 - - [12/Dec/2020:10:58:40 +0800] "POST /xingrg/all/common/load_select.html HTTP/1.1" 200 25
180.174.56.115 - - [12/Dec/2020:10:58:41 +0800] "GET /xingrg/check_reg.html?_=1607741882857 HTTP/1.1" 200 22
180.174.56.115 - - [12/Dec/2020:10:58:41 +0800] "GET /xingrg/all/function/internal_message.html?_=1607741883332&CODE_STATE=getMsg HTTP/1.1" 200 27
101.85.93.83 - - [12/Dec/2020:10:58:41 +0800] "GET /xingrg/all/function/internal_message.html?_=1607741626153&CODE_STATE=getMsg HTTP/1.1" 200 27
120.253.135.82 - - [12/Dec/2020:10:58:44 +0800] "GET /xingrg/kc/buy/cgsh_order_operate.html?command=get_materiel_price&rest_code=00101&code=00102002556&unit_code=00100311&supplier_code=00100150&order_time=2020-12-12 HTTP/1.1" 200 29
114.84.32.187 - - [12/Dec/2020:10:58:45 +0800] "GET /xingrg/all/function/internal_message.html?_=1607741919556&CODE_STATE=getMsg HTTP/1.1" 200 27
114.84.32.187 - - [12/Dec/2020:10:58:48 +0800] "GET /xingrg/all/function/internal_message.html?_=1607741949700&CODE_STATE=getMsg HTTP/1.1" 200 27
117.185.32.26 - - [12/Dec/2020:10:58:48 +0800] "GET /xingrg/all/function/internal_message.html?_=1607741922821&CODE_STATE=getMsg HTTP/1.1" 200 27
180.162.223.42 - - [12/Dec/2020:10:58:49 +0800] "POST /xingrg/kc/buy/cgsh_order_operate.html HTTP/1.1" 200 37
180.157.253.48 - - [12/Dec/2020:10:58:49 +0800] "GET /xingrg/kc/buy/cgsh_order_operate.html?command=get_materiel&rest_code=00148&code=00102005426&supplier_code=00100077&order_time=2020-12-12 HTTP/1.1" 200 420
180.157.253.48 - - [12/Dec/2020:10:58:49 +0800] "GET /xingrg/javascript/easyui/themes/default/images/button_plain_hover.png HTTP/1.1" 304 -
114.88.163.87 - - [12/Dec/2020:10:58:49 +0800] "GET /xingrg/check_reg.html?_=1607742058359 HTTP/1.1" 200 22
114.88.163.87 - - [12/Dec/2020:10:58:49 +0800] "GET /xingrg/all/function/internal_message.html?_=1607742058361&CODE_STATE=getMsg HTTP/1.1" 200 27
124.77.237.88 - - [12/Dec/2020:10:58:50 +0800] "POST /xingrg/services/DataTransmitService HTTP/1.1" 200 524
124.77.237.88 - - [12/Dec/2020:10:58:50 +0800] "POST /xingrg/services/DataTransmitService HTTP/1.1" 200 501
124.77.237.88 - - [12/Dec/2020:10:58:50 +0800] "POST /xingrg/services/DataTransmitService HTTP/1.1" 200 501
124.77.237.88 - - [12/Dec/2020:10:58:50 +0800] "POST /xingrg/services/DataTransmitService HTTP/1.1" 200 501
124.77.237.88 - - [12/Dec/2020:10:58:50 +0800] "POST /xingrg/services/DataTransmitService HTTP/1.1" 200 501
124.77.237.88 - - [12/Dec/2020:10:58:50 +0800] "POST /xingrg/services/DataTransmitService HTTP/1.1" 200 501
180.162.223.42 - - [12/Dec/2020:10:58:50 +0800] "POST /xingrg/kc/buy/cgsh_order_operate.html HTTP/1.1" 200 8642
180.162.223.42 - - [12/Dec/2020:10:58:51 +0800] "GET /xingrg/kc/print/load_data.html?order_code=212020121204609&kc_code=cgsh&condition= HTTP/1.1" 200 2970
124.77.237.88 - - [12/Dec/2020:10:58:52 +0800] "POST /xingrg/services/DataTransmitService HTTP/1.1" 200 412
180.162.223.42 - - [12/Dec/2020:10:58:55 +0800] "GET /xingrg/kc/buy/cgsh_order_add.html HTTP/1.1" 200 60986
180.162.223.42 - - [12/Dec/2020:10:58:55 +0800] "GET /xingrg/javascript/easyui/themes/default/validatebox.css HTTP/1.1" 404 1104
180.162.223.42 - - [12/Dec/2020:10:58:55 +0800] "POST /xingrg/kc/buy/cgsh_order_operate.html HTTP/1.1" 200 8245
120.253.135.82 - - [12/Dec/2020:10:58:57 +0800] "POST /xingrg/kc/buy/cgsh_order_operate.html HTTP/1.1" 200 37
116.228.172.94 - - [12/Dec/2020:10:58:57 +0800] "GET /xingrg/all/function/internal_message.html?_=1607741927924&CODE_STATE=getMsg HTTP/1.1" 200 27
114.88.159.147 - - [12/Dec/2020:10:58:58 +0800] "GET /xingrg/check_reg.html?_=1607741508186 HTTP/1.1" 200 22
114.88.159.147 - - [12/Dec/2020:10:58:58 +0800] "GET /xingrg/all/function/internal_message.html?_=1607741508188&CODE_STATE=getMsg HTTP/1.1" 200 27
120.253.135.82 - - [12/Dec/2020:10:58:58 +0800] "POST /xingrg/kc/buy/cgsh_order_operate.html HTTP/1.1" 200 2667
120.253.135.82 - - [12/Dec/2020:10:58:58 +0800] "GET /xingrg/all/function/internal_message.html?_=1607741688029&CODE_STATE=getMsg HTTP/1.1" 200 27
180.157.253.48 - - [12/Dec/2020:10:59:01 +0800] "GET /xingrg/all/function/internal_message.html?_=1607741941283&CODE_STATE=getMsg HTTP/1.1" 200 27
180.157.253.48 - - [12/Dec/2020:10:59:02 +0800] "GET /xingrg/kc/buy/cgsh_order_operate.html?command=get_materiel&rest_code=00148&code=00102006465&supplier_code=00100077&order_time=2020-12-12 HTTP/1.1" 200 407
180.157.253.48 - - [12/Dec/2020:10:59:02 +0800] "GET /xingrg/javascript/easyui/themes/default/images/button_plain_hover.png HTTP/1.1" 304 -
180.162.223.42 - - [12/Dec/2020:10:59:04 +0800] "GET /xingrg/kc/buy/cgsh_order_operate.html?command=get_materiel&rest_code=00105&code=00101007144&supplier_code=00100322&order_time=2020-12-12 HTTP/1.1" 200 428
114.88.163.87 - - [12/Dec/2020:10:59:05 +0800] "GET /xingrg/all/function/internal_message.html?_=1607741932837&CODE_STATE=getMsg HTTP/1.1" 200 27
120.253.135.82 - - [12/Dec/2020:10:59:07 +0800] "GET /xingrg/kc/buy/cgsh_order_operate.html?command=get_materiel&rest_code=00101&code=00102002557&supplier_code=00100150&order_time=2020-12-12 HTTP/1.1" 200 444
120.253.135.82 - - [12/Dec/2020:10:59:09 +0800] "POST /xingrg/all/common/load_select.html HTTP/1.1" 200 25
117.185.32.26 - - [12/Dec/2020:10:59:11 +0800] "GET /favicon.ico HTTP/1.1" 404 -
120.253.135.82 - - [12/Dec/2020:10:59:12 +0800] "GET /xingrg/kc/buy/cgsh_order_operate.html?command=get_materiel_price&rest_code=00101&code=00102002557&unit_code=00100311&supplier_code=00100150&order_time=2020-12-12 HTTP/1.1" 200 29
180.162.223.42 - - [12/Dec/2020:10:59:12 +0800] "GET /xingrg/all/function/internal_message.html?_=1607741951800&CODE_STATE=getMsg HTTP/1.1" 200 27
180.162.223.42 - - [12/Dec/2020:10:59:12 +0800] "GET /xingrg/check_reg.html?_=1607741951928 HTTP/1.1" 200 22
180.157.253.48 - - [12/Dec/2020:10:59:14 +0800] "POST /xingrg/kc/buy/cgsh_order_operate.html HTTP/1.1" 200 37
180.152.104.37 - - [12/Dec/2020:10:59:15 +0800] "POST /xingrg/all/common/load_combo.html?type=base HTTP/1.1" 200 3060
180.162.223.42 - - [12/Dec/2020:10:59:15 +0800] "GET /xingrg/kc/buy/cgsh_order_operate.html?command=get_materiel&rest_code=00105&code=00101010536&supplier_code=00100322&order_time=2020-12-12 HTTP/1.1" 200 425
114.84.4.90 - - [12/Dec/2020:10:59:15 +0800] "POST /xingrg/services/DataTransmitService HTTP/1.1" 200 524
114.84.4.90 - - [12/Dec/2020:10:59:15 +0800] "POST /xingrg/services/DataTransmitService HTTP/1.1" 200 2283
180.157.253.48 - - [12/Dec/2020:10:59:16 +0800] "POST /xingrg/kc/buy/cgsh_order_operate.html HTTP/1.1" 200 3268
180.157.253.48 - - [12/Dec/2020:10:59:16 +0800] "GET /xingrg/kc/buy/cgsh_order_operate.html?command=get_materiel&rest_code=00148&code=00102006467&supplier_code=00100077&order_time=2020-12-12 HTTP/1.1" 200 406
180.157.253.48 - - [12/Dec/2020:10:59:16 +0800] "GET /xingrg/javascript/easyui/themes/default/images/button_plain_hover.png HTTP/1.1" 304 -
117.184.7.26 - - [12/Dec/2020:10:59:19 +0800] "GET /xingrg/all/function/internal_message.html?_=1607741945198&CODE_STATE=getMsg HTTP/1.1" 200 27
222.69.133.109 - - [12/Dec/2020:10:59:23 +0800] "GET /xingrg/all/function/internal_message.html?_=1607741962204&CODE_STATE=getMsg HTTP/1.1" 200 27
180.152.104.37 - - [12/Dec/2020:10:59:23 +0800] "GET /xingrg/kc/base/wldb_order_operate.html?command=get_materiel&rest_code=00102&base_code=0010477&code=00102002136 HTTP/1.1" 200 428
180.152.104.37 - - [12/Dec/2020:10:59:25 +0800] "GET /xingrg/check_reg.html?_=1607742193019 HTTP/1.1" 200 22
172.17.0.100 - - [12/Dec/2020:10:59:25 +0800] "GET /xingrg/all/function/internal_message.html?_=1607741963834&CODE_STATE=getMsg HTTP/1.1" 200 27
172.17.0.100 - - [12/Dec/2020:10:59:25 +0800] "GET /xingrg/check_reg.html?_=1607741963837 HTTP/1.1" 200 22
183.192.164.71 - - [12/Dec/2020:10:59:25 +0800] "GET /xingrg/all/function/internal_message.html?_=1607741263031&CODE_STATE=getMsg HTTP/1.1" 302 -
180.157.253.48 - - [12/Dec/2020:10:59:26 +0800] "GET /xingrg/kc/buy/cgsh_order_operate.html?command=get_materiel&rest_code=00148&code=00102005886&supplier_code=00100077&order_time=2020-12-12 HTTP/1.1" 200 420
180.157.253.48 - - [12/Dec/2020:10:59:26 +0800] "GET /xingrg/javascript/easyui/themes/default/images/button_plain_hover.png HTTP/1.1" 304 -
180.157.253.48 - - [12/Dec/2020:10:59:27 +0800] "POST /xingrg/kc/buy/cgsh_order_operate.html HTTP/1.1" 200 37
101.89.29.92 - - [12/Dec/2020:10:59:27 +0800] "GET /xingrg/all/function/internal_message.html?_=1607741176040&CODE_STATE=getMsg HTTP/1.1" 302 -
180.157.253.48 - - [12/Dec/2020:10:59:28 +0800] "POST /xingrg/kc/buy/cgsh_order_operate.html HTTP/1.1" 200 3268
101.83.240.69 - - [12/Dec/2020:10:59:28 +0800] "GET /xingrg/all/function/internal_message.html?_=1607741962287&CODE_STATE=getMsg HTTP/1.1" 200 27
101.83.240.69 - - [12/Dec/2020:10:59:28 +0800] "GET /xingrg/check_reg.html?_=1607741962288 HTTP/1.1" 200 22
180.157.253.48 - - [12/Dec/2020:10:59:29 +0800] "GET /xingrg/kc/buy/cgsh_order_add.html HTTP/1.1" 200 60945
180.157.253.48 - - [12/Dec/2020:10:59:30 +0800] "POST /xingrg/kc/buy/cgsh_order_operate.html HTTP/1.1" 200 8245
180.157.253.48 - - [12/Dec/2020:10:59:30 +0800] "GET /xingrg/javascript/easyui/themes/default/validatebox.css HTTP/1.1" 404 1104
180.152.104.37 - - [12/Dec/2020:10:59:31 +0800] "GET /xingrg/all/function/internal_message.html?_=1607742199416&CODE_STATE=getMsg HTTP/1.1" 200 27
183.192.90.223 - - [12/Dec/2020:10:59:31 +0800] "GET /xingrg/all/function/internal_message.html?_=1607742009647&CODE_STATE=getMsg HTTP/1.1" 200 27
180.157.253.48 - - [12/Dec/2020:10:59:34 +0800] "GET /xingrg/all/function/internal_message.html?_=1607741979652&CODE_STATE=getMsg HTTP/1.1" 200 27
172.17.0.123 - - [12/Dec/2020:10:59:34 +0800] "GET /xingrg/all/function/internal_message.html?_=1607741894032&CODE_STATE=getMsg HTTP/1.1" 200 27
114.88.163.87 - - [12/Dec/2020:10:59:35 +0800] "GET /xingrg/check_reg.html?_=1607741970516 HTTP/1.1" 200 22
183.192.164.71 - - [12/Dec/2020:10:59:35 +0800] "GET /xingrg/login.html HTTP/1.1" 200 7641
180.152.104.37 - - [12/Dec/2020:10:59:36 +0800] "GET /xingrg/kc/base/wldb_order_operate.html?command=get_materiel&rest_code=00102&base_code=0010477&code=00102002390 HTTP/1.1" 200 435
114.88.163.87 - - [12/Dec/2020:10:59:36 +0800] "GET /xingrg/all/function/internal_message.html?_=1607741971654&CODE_STATE=getMsg HTTP/1.1" 200 27
101.89.29.92 - - [12/Dec/2020:10:59:37 +0800] "GET /xingrg/login.html HTTP/1.1" 200 7641
180.157.253.48 - - [12/Dec/2020:10:59:39 +0800] "GET /xingrg/kc/buy/cgsh_order_operate.html?command=get_materiel&rest_code=00148&code=00102005126&supplier_code=00100077&order_time=2020-12-12 HTTP/1.1" 200 408
180.157.253.48 - - [12/Dec/2020:10:59:39 +0800] "GET /xingrg/javascript/easyui/themes/default/images/button_plain_hover.png HTTP/1.1" 304 -
101.85.93.83 - - [12/Dec/2020:10:59:41 +0800] "GET /xingrg/all/function/internal_message.html?_=1607741686151&CODE_STATE=getMsg HTTP/1.1" 200 27
180.174.56.115 - - [12/Dec/2020:10:59:41 +0800] "GET /xingrg/all/function/internal_message.html?_=1607741943346&CODE_STATE=getMsg HTTP/1.1" 200 27
180.152.104.37 - - [12/Dec/2020:10:59:42 +0800] "GET /xingrg/kc/base/wldb_order_operate.html?command=get_materiel&rest_code=00102&base_code=0010477&code=00102002204 HTTP/1.1" 200 433
114.84.32.187 - - [12/Dec/2020:10:59:45 +0800] "GET /xingrg/all/function/internal_message.html?_=1607741979558&CODE_STATE=getMsg HTTP/1.1" 200 27
180.157.253.48 - - [12/Dec/2020:10:59:47 +0800] "GET /xingrg/javascript/easyui/themes/default/images/button_plain_hover.png HTTP/1.1" 304 -
180.157.253.48 - - [12/Dec/2020:10:59:47 +0800] "GET /xingrg/javascript/easyui/themes/default/images/button_plain_hover.png HTTP/1.1" 304 -
180.157.253.48 - - [12/Dec/2020:10:59:47 +0800] "GET /xingrg/javascript/easyui/themes/default/images/button_plain_hover.png HTTP/1.1" 304 -
180.157.253.48 - - [12/Dec/2020:10:59:47 +0800] "GET /xingrg/javascript/easyui/themes/default/images/button_plain_hover.png HTTP/1.1" 304 -
180.157.253.48 - - [12/Dec/2020:10:59:48 +0800] "GET /xingrg/javascript/easyui/themes/default/images/button_plain_hover.png HTTP/1.1" 304 -
180.157.253.48 - - [12/Dec/2020:10:59:48 +0800] "GET /xingrg/javascript/easyui/themes/default/images/button_plain_hover.png HTTP/1.1" 304 -
180.157.253.48 - - [12/Dec/2020:10:59:48 +0800] "GET /xingrg/javascript/easyui/themes/default/images/button_plain_hover.png HTTP/1.1" 304 -
180.152.104.37 - - [12/Dec/2020:10:59:48 +0800] "GET /xingrg/kc/base/wldb_order_operate.html?command=get_materiel&rest_code=00102&base_code=0010477&code=00102001084 HTTP/1.1" 200 432
114.84.32.187 - - [12/Dec/2020:10:59:48 +0800] "GET /xingrg/all/function/internal_message.html?_=1607742009707&CODE_STATE=getMsg HTTP/1.1" 200 27
117.185.32.26 - - [12/Dec/2020:10:59:48 +0800] "GET /xingrg/all/function/internal_message.html?_=1607741982796&CODE_STATE=getMsg HTTP/1.1" 200 27
114.88.163.87 - - [12/Dec/2020:10:59:49 +0800] "GET /xingrg/all/function/internal_message.html?_=1607742118360&CODE_STATE=getMsg HTTP/1.1" 200 27
117.185.32.26 - - [12/Dec/2020:10:59:50 +0800] "GET /xingrg/login.html HTTP/1.1" 200 7641
117.185.32.26 - - [12/Dec/2020:10:59:50 +0800] "GET /favicon.ico HTTP/1.1" 404 -
117.185.32.26 - - [12/Dec/2020:10:59:53 +0800] "POST /xingrg/login.do HTTP/1.1" 302 -
117.185.32.26 - - [12/Dec/2020:10:59:53 +0800] "GET /xingrg/index.html?sysBaseUrl=http%3A%2F%2F180.169.147.146%3A18081%2Fxingrg%2F&costTime=38×tamp=1607741993012 HTTP/1.1" 200 17173
180.157.253.48 - - [12/Dec/2020:10:59:53 +0800] "GET /xingrg/kc/buy/cgsh_order_operate.html?command=get_materiel&rest_code=00148&code=00101004001&supplier_code=00100094&order_time=2020-12-12 HTTP/1.1" 200 410
117.185.32.26 - - [12/Dec/2020:10:59:53 +0800] "GET /favicon.ico HTTP/1.1" 404 -
117.185.32.26 - - [12/Dec/2020:10:59:53 +0800] "POST /xingrg/all/common/load_tree.html?tree=area_rest_tree_json&manage=1 HTTP/1.1" 200 342
117.185.32.26 - - [12/Dec/2020:10:59:53 +0800] "GET /xingrg/all/function/internal_message.html?_=1607742449901&CODE_STATE=count HTTP/1.1" 200 11
117.185.32.26 - - [12/Dec/2020:10:59:53 +0800] "GET /xingrg/check_reg.html?_=1607742449902 HTTP/1.1" 200 22
117.185.32.26 - - [12/Dec/2020:10:59:54 +0800] "POST /xingrg/load_menu.html HTTP/1.1" 200 5138
117.185.32.26 - - [12/Dec/2020:10:59:56 +0800] "GET /xingrg/kc/buy/buy_main.html HTTP/1.1" 200 12412
117.185.32.26 - - [12/Dec/2020:10:59:56 +0800] "GET /xingrg/css/new_ie.css HTTP/1.1" 404 1036
180.152.104.37 - - [12/Dec/2020:10:59:57 +0800] "POST /xingrg/kc/base/wldb_order_operate.html HTTP/1.1" 200 37
116.228.172.94 - - [12/Dec/2020:10:59:57 +0800] "GET /xingrg/all/function/internal_message.html?_=1607741987896&CODE_STATE=getMsg HTTP/1.1" 200 27
180.162.223.42 - - [12/Dec/2020:10:59:57 +0800] "GET /xingrg/kc/buy/cgsh_order_operate.html?command=get_materiel&rest_code=00105&code=00101006158&supplier_code=00100322&order_time=2020-12-12 HTTP/1.1" 200 436
117.185.32.26 - - [12/Dec/2020:10:59:57 +0800] "GET /xingrg/images/yd/bt.gif HTTP/1.1" 404 1040
114.88.159.147 - - [12/Dec/2020:10:59:58 +0800] "GET /xingrg/all/function/internal_message.html?_=1607741568186&CODE_STATE=getMsg HTTP/1.1" 200 27
117.185.32.26 - - [12/Dec/2020:10:59:58 +0800] "GET /xingrg/kc/buy/cgsh_order_list.html HTTP/1.1" 200 45202
120.253.135.82 - - [12/Dec/2020:10:59:58 +0800] "GET /xingrg/all/function/internal_message.html?_=1607741748044&CODE_STATE=getMsg HTTP/1.1" 200 27
180.152.104.37 - - [12/Dec/2020:10:59:58 +0800] "POST /xingrg/kc/base/wldb_order_operate.html HTTP/1.1" 200 12
180.152.104.37 - - [12/Dec/2020:10:59:59 +0800] "POST /xingrg/kc/base/wldb_order_operate.html HTTP/1.1" 200 3139
120.253.135.82 - - [12/Dec/2020:10:59:59 +0800] "POST /xingrg/kc/buy/cgsh_order_operate.html HTTP/1.1" 200 37
61.151.178.197 - - [12/Dec/2020:10:59:59 +0800] "GET /xingrg/kc/buy/cgsh_order_operate.html?command=get_materiel&rest_code=00141&code=00101006152&supplier_code=00100344&order_time=2020-12-12 HTTP/1.1" 302 -
180.152.104.37 - - [12/Dec/2020:10:59:59 +0800] "GET /xingrg/kc/base/wldb_order_info.html?code=422020121201306 HTTP/1.1" 200 26459
120.253.135.82 - - [12/Dec/2020:11:00:00 +0800] "POST /xingrg/kc/buy/cgsh_order_operate.html HTTP/1.1" 200 3271
180.152.104.37 - - [12/Dec/2020:11:00:01 +0800] "POST /xingrg/kc/base/wldb_order_operate.html HTTP/1.1" 200 1412
117.185.32.26 - - [12/Dec/2020:11:00:01 +0800] "POST /xingrg/kc/buy/cgsh_list_operate.html HTTP/1.1" 200 1699
180.152.104.37 - - [12/Dec/2020:11:00:01 +0800] "GET /xingrg/javascript/easyui/themes/default/validatebox.css HTTP/1.1" 404 1104
180.157.253.48 - - [12/Dec/2020:11:00:01 +0800] "GET /xingrg/all/function/internal_message.html?_=1607742001267&CODE_STATE=getMsg HTTP/1.1" 200 27
61.151.178.197 - - [12/Dec/2020:11:00:03 +0800] "GET /xingrg/login.html HTTP/1.1" 200 7641
120.253.135.82 - - [12/Dec/2020:11:00:03 +0800] "GET /xingrg/kc/print/load_data.html?order_code=212020121204610&kc_code=cgsh&condition= HTTP/1.1" 200 915
114.88.163.87 - - [12/Dec/2020:11:00:05 +0800] "GET /xingrg/all/function/internal_message.html?_=1607741992850&CODE_STATE=getMsg HTTP/1.1" 200 27
180.152.104.37 - - [12/Dec/2020:11:00:05 +0800] "GET /xingrg/kc/base/wldb_order_add.html HTTP/1.1" 200 30583
180.157.253.48 - - [12/Dec/2020:11:00:06 +0800] "GET /xingrg/javascript/easyui/themes/default/images/button_plain_hover.png HTTP/1.1" 304 -
180.157.253.48 - - [12/Dec/2020:11:00:06 +0800] "GET /xingrg/javascript/easyui/themes/default/images/button_plain_hover.png HTTP/1.1" 304 -
180.157.253.48 - - [12/Dec/2020:11:00:06 +0800] "GET /xingrg/javascript/easyui/themes/default/images/button_plain_hover.png HTTP/1.1" 304 -
180.162.223.42 - - [12/Dec/2020:11:00:06 +0800] "GET /xingrg/kc/buy/cgsh_order_operate.html?command=get_materiel&rest_code=00105&code=00101005027&supplier_code=00100322&order_time=2020-12-12 HTTP/1.1" 200 421
180.152.104.37 - - [12/Dec/2020:11:00:06 +0800] "POST /xingrg/kc/base/wldb_order_operate.html HTTP/1.1" 200 6806
114.84.32.187 - - [12/Dec/2020:11:00:07 +0800] "GET /xingrg/check_reg.html?_=1607742037023 HTTP/1.1" 302 -
180.152.104.37 - - [12/Dec/2020:11:00:07 +0800] "GET /xingrg/javascript/easyui/themes/default/validatebox.css HTTP/1.1" 404 1104
180.157.253.48 - - [12/Dec/2020:11:00:08 +0800] "POST /xingrg/kc/buy/cgsh_order_operate.html HTTP/1.1" 200 37
180.152.104.37 - - [12/Dec/2020:11:00:08 +0800] "POST /xingrg/all/common/load_combo.html?type=base HTTP/1.1" 200 3060
180.157.253.48 - - [12/Dec/2020:11:00:08 +0800] "POST /xingrg/kc/buy/cgsh_order_operate.html HTTP/1.1" 200 6270
120.204.17.70 - - [12/Dec/2020:11:00:11 +0800] "GET /xingrg/kc/buy/cgsh_order_operate.html?command=get_materiel&rest_code=00106&code=00101008038&supplier_code=00100007&order_time=2020-12-12 HTTP/1.1" 302 -
180.152.104.37 - - [12/Dec/2020:11:00:11 +0800] "POST /xingrg/all/common/load_combo.html?type=base HTTP/1.1" 200 3060
180.162.223.42 - - [12/Dec/2020:11:00:12 +0800] "GET /xingrg/all/function/internal_message.html?_=1607742011778&CODE_STATE=getMsg HTTP/1.1" 200 27
180.157.253.48 - - [12/Dec/2020:11:00:15 +0800] "GET /xingrg/kc/buy/cgsh_order_operate.html?command=get_materiel&rest_code=00148&code=00101001037&supplier_code=00100094&order_time=2020-12-12 HTTP/1.1" 200 414
180.162.223.42 - - [12/Dec/2020:11:00:18 +0800] "POST /xingrg/kc/buy/cgsh_order_operate.html HTTP/1.1" 200 37
120.204.17.70 - - [12/Dec/2020:11:00:19 +0800] "GET /xingrg/login.html HTTP/1.1" 200 7641
180.162.223.42 - - [12/Dec/2020:11:00:19 +0800] "POST /xingrg/kc/buy/cgsh_order_operate.html HTTP/1.1" 200 4506
117.184.7.26 - - [12/Dec/2020:11:00:19 +0800] "GET /xingrg/all/function/internal_message.html?_=1607742005200&CODE_STATE=getMsg HTTP/1.1" 200 27
180.162.223.42 - - [12/Dec/2020:11:00:20 +0800] "GET /xingrg/kc/print/load_data.html?order_code=212020121204613&kc_code=cgsh&condition= HTTP/1.1" 200 1420
222.69.133.109 - - [12/Dec/2020:11:00:23 +0800] "GET /xingrg/all/function/internal_message.html?_=1607742022204&CODE_STATE=getMsg HTTP/1.1" 200 27
222.69.133.109 - - [12/Dec/2020:11:00:23 +0800] "GET /xingrg/check_reg.html?_=1607742022206 HTTP/1.1" 200 22
117.185.32.26 - - [12/Dec/2020:11:00:23 +0800] "GET /xingrg/kc/buy/buy_main.html HTTP/1.1" 200 12412
117.185.32.26 - - [12/Dec/2020:11:00:23 +0800] "GET /xingrg/css/new_ie.css HTTP/1.1" 404 1036
117.185.32.26 - - [12/Dec/2020:11:00:24 +0800] "GET /xingrg/images/yd/bt.gif HTTP/1.1" 404 1040
117.185.32.26 - - [12/Dec/2020:11:00:24 +0800] "GET /xingrg/kc/buy/cgsh_order_list.html HTTP/1.1" 200 45202
180.162.223.42 - - [12/Dec/2020:11:00:25 +0800] "GET /xingrg/kc/buy/cgsh_order_add.html HTTP/1.1" 200 60986
172.17.0.100 - - [12/Dec/2020:11:00:25 +0800] "GET /xingrg/all/function/internal_message.html?_=1607742023845&CODE_STATE=getMsg HTTP/1.1" 200 27
180.162.223.42 - - [12/Dec/2020:11:00:26 +0800] "GET /xingrg/javascript/easyui/themes/default/validatebox.css HTTP/1.1" 404 1104
180.162.223.42 - - [12/Dec/2020:11:00:26 +0800] "POST /xingrg/kc/buy/cgsh_order_operate.html HTTP/1.1" 200 8245
117.185.32.26 - - [12/Dec/2020:11:00:26 +0800] "POST /xingrg/kc/buy/cgsh_list_operate.html HTTP/1.1" 200 1699
101.83.240.69 - - [12/Dec/2020:11:00:28 +0800] "GET /xingrg/all/function/internal_message.html?_=1607742022287&CODE_STATE=getMsg HTTP/1.1" 200 27
180.152.104.37 - - [12/Dec/2020:11:00:29 +0800] "GET /xingrg/kc/base/wldb_order_operate.html?command=get_materiel&rest_code=00102&base_code=0010477&code=00102002118 HTTP/1.1" 200 452
183.192.90.223 - - [12/Dec/2020:11:00:31 +0800] "GET /xingrg/all/function/internal_message.html?_=1607742069647&CODE_STATE=getMsg HTTP/1.1" 200 27
180.152.104.37 - - [12/Dec/2020:11:00:31 +0800] "GET /xingrg/all/function/internal_message.html?_=1607742259426&CODE_STATE=getMsg HTTP/1.1" 200 27
183.192.164.85 - - [12/Dec/2020:11:00:32 +0800] "GET /xingrg/all/function/internal_message.html?_=1607741323011&CODE_STATE=getMsg HTTP/1.1" 302 -
180.157.253.48 - - [12/Dec/2020:11:00:33 +0800] "GET /xingrg/check_reg.html?_=1607742038629 HTTP/1.1" 200 22
180.162.223.42 - - [12/Dec/2020:11:00:33 +0800] "GET /xingrg/kc/buy/cgsh_order_operate.html?command=get_materiel&rest_code=00105&code=00101010079&supplier_code=00100336&order_time=2020-12-12 HTTP/1.1" 200 413
180.157.253.48 - - [12/Dec/2020:11:00:34 +0800] "GET /xingrg/all/function/internal_message.html?_=1607742039665&CODE_STATE=getMsg HTTP/1.1" 200 27
172.17.0.123 - - [12/Dec/2020:11:00:35 +0800] "GET /xingrg/all/function/internal_message.html?_=1607741954034&CODE_STATE=getMsg HTTP/1.1" 200 27
120.204.17.70 - - [12/Dec/2020:11:00:35 +0800] "GET /xingrg/kc/buy/cgsh_order_operate.html?command=get_materiel&rest_code=00106&code=00101008126&supplier_code=00100007&order_time=2020-12-12 HTTP/1.1" 302 -
114.88.163.87 - - [12/Dec/2020:11:00:36 +0800] "GET /xingrg/all/function/internal_message.html?_=1607742031672&CODE_STATE=getMsg HTTP/1.1" 200 27
61.129.6.227 - - [12/Dec/2020:11:00:38 +0800] "GET /xingrg/kc/buy/cgsh_order_operate.html?command=get_materiel&rest_code=00141&code=00101004065&supplier_code=00100086&order_time=2020-12-12 HTTP/1.1" 302 -
101.85.93.83 - - [12/Dec/2020:11:00:41 +0800] "GET /xingrg/all/function/internal_message.html?_=1607741746151&CODE_STATE=getMsg HTTP/1.1" 200 27
101.85.93.83 - - [12/Dec/2020:11:00:41 +0800] "GET /xingrg/check_reg.html?_=1607741746153 HTTP/1.1" 200 22
180.174.56.115 - - [12/Dec/2020:11:00:41 +0800] "GET /xingrg/all/function/internal_message.html?_=1607742003359&CODE_STATE=getMsg HTTP/1.1" 200 27
183.192.164.85 - - [12/Dec/2020:11:00:42 +0800] "GET /xingrg/login.html HTTP/1.1" 200 7641
120.204.17.70 - - [12/Dec/2020:11:00:42 +0800] "GET /xingrg/login.html HTTP/1.1" 200 7641
180.157.253.48 - - [12/Dec/2020:11:00:43 +0800] "POST /xingrg/kc/buy/cgsh_order_operate.html HTTP/1.1" 200 37
114.84.32.187 - - [12/Dec/2020:11:00:45 +0800] "GET /xingrg/check_reg.html?_=1607742066430 HTTP/1.1" 200 22
180.162.223.42 - - [12/Dec/2020:11:00:45 +0800] "POST /xingrg/kc/buy/cgsh_order_operate.html HTTP/1.1" 200 37
180.157.253.48 - - [12/Dec/2020:11:00:45 +0800] "POST /xingrg/kc/buy/cgsh_order_operate.html HTTP/1.1" 200 3257
120.204.17.71 - - [12/Dec/2020:11:00:45 +0800] "GET /xingrg/kc/buy/cgsh_order_operate.html?command=get_materiel&rest_code=00106&code=00101008067&supplier_code=00100007&order_time=2020-12-12 HTTP/1.1" 302 -
114.84.32.187 - - [12/Dec/2020:11:00:45 +0800] "GET /xingrg/all/function/internal_message.html?_=1607742039558&CODE_STATE=getMsg HTTP/1.1" 200 27
114.84.32.187 - - [12/Dec/2020:11:00:45 +0800] "GET /xingrg/check_reg.html?_=1607742039560 HTTP/1.1" 200 22
180.162.223.42 - - [12/Dec/2020:11:00:46 +0800] "POST /xingrg/kc/buy/cgsh_order_operate.html HTTP/1.1" 200 2658
180.162.223.42 - - [12/Dec/2020:11:00:47 +0800] "GET /xingrg/kc/print/load_data.html?order_code=212020121204615&kc_code=cgsh&condition= HTTP/1.1" 200 665
61.129.6.227 - - [12/Dec/2020:11:00:48 +0800] "GET /xingrg/login.html HTTP/1.1" 200 7641
114.84.32.187 - - [12/Dec/2020:11:00:48 +0800] "GET /xingrg/all/function/internal_message.html?_=1607742069720&CODE_STATE=getMsg HTTP/1.1" 200 27
114.84.32.187 - - [12/Dec/2020:11:00:48 +0800] "POST /xingrg/kc/buy/cgsh_order_operate.html HTTP/1.1" 200 37
117.185.32.26 - - [12/Dec/2020:11:00:48 +0800] "GET /xingrg/all/function/internal_message.html?_=1607742042767&CODE_STATE=getMsg HTTP/1.1" 200 27
180.152.104.37 - - [12/Dec/2020:11:00:48 +0800] "POST /xingrg/kc/base/wldb_order_operate.html HTTP/1.1" 200 37
114.88.163.87 - - [12/Dec/2020:11:00:49 +0800] "GET /xingrg/all/function/internal_message.html?_=1607742178359&CODE_STATE=getMsg HTTP/1.1" 200 27
114.84.32.187 - - [12/Dec/2020:11:00:50 +0800] "POST /xingrg/kc/buy/cgsh_order_operate.html HTTP/1.1" 200 3255
180.152.104.37 - - [12/Dec/2020:11:00:50 +0800] "POST /xingrg/kc/base/wldb_order_operate.html HTTP/1.1" 200 12
180.152.104.37 - - [12/Dec/2020:11:00:50 +0800] "POST /xingrg/kc/base/wldb_order_operate.html HTTP/1.1" 200 2679
180.152.104.37 - - [12/Dec/2020:11:00:51 +0800] "GET /xingrg/kc/base/wldb_order_info.html?code=422020121201307 HTTP/1.1" 200 26458
114.84.32.187 - - [12/Dec/2020:11:00:52 +0800] "GET /xingrg/kc/buy/cgsh_order_add.html HTTP/1.1" 200 60945
58.221.95.50 - - [12/Dec/2020:11:00:52 +0800] "GET /xingrg/check_reg.html?_=1607742071008 HTTP/1.1" 302 -
180.152.104.37 - - [12/Dec/2020:11:00:52 +0800] "POST /xingrg/kc/base/wldb_order_operate.html HTTP/1.1" 200 961
180.152.104.37 - - [12/Dec/2020:11:00:52 +0800] "GET /xingrg/javascript/easyui/themes/default/validatebox.css HTTP/1.1" 404 1104
180.157.253.48 - - [12/Dec/2020:11:00:53 +0800] "POST /xingrg/kc/buy/cgsh_order_operate.html HTTP/1.1" 200 37
114.84.32.187 - - [12/Dec/2020:11:00:53 +0800] "POST /xingrg/kc/buy/cgsh_order_operate.html HTTP/1.1" 200 8245
114.84.32.187 - - [12/Dec/2020:11:00:53 +0800] "GET /xingrg/javascript/easyui/themes/default/validatebox.css HTTP/1.1" 404 1104
117.185.32.26 - - [12/Dec/2020:11:00:53 +0800] "GET /xingrg/all/function/internal_message.html?_=1607742509908&CODE_STATE=getMsg HTTP/1.1" 200 27
180.157.253.48 - - [12/Dec/2020:11:00:54 +0800] "POST /xingrg/kc/buy/cgsh_order_operate.html HTTP/1.1" 200 3257
120.204.17.71 - - [12/Dec/2020:11:00:55 +0800] "GET /xingrg/login.html HTTP/1.1" 200 7641
180.152.104.37 - - [12/Dec/2020:11:00:55 +0800] "GET /xingrg/kc/base/wldb_order_add.html HTTP/1.1" 200 30583
117.185.32.26 - - [12/Dec/2020:11:00:56 +0800] "GET /xingrg/kc/buy/cgsh_order_add.html HTTP/1.1" 200 60939
180.157.253.48 - - [12/Dec/2020:11:00:56 +0800] "GET /xingrg/kc/buy/cgsh_order_add.html HTTP/1.1" 200 60945
117.185.32.26 - - [12/Dec/2020:11:00:56 +0800] "GET /xingrg/words/20201212095936_words.js HTTP/1.1" 200 780539
101.89.239.120 - - [12/Dec/2020:11:00:56 +0800] "GET /xingrg/kc/buy/cgsh_order_operate.html?command=get_materiel&rest_code=00141&code=00101014101&supplier_code=00100086&order_time=2020-12-12 HTTP/1.1" 302 -
180.157.253.48 - - [12/Dec/2020:11:00:56 +0800] "POST /xingrg/kc/buy/cgsh_order_operate.html HTTP/1.1" 200 8245
180.152.104.37 - - [12/Dec/2020:11:00:56 +0800] "POST /xingrg/kc/base/wldb_order_operate.html HTTP/1.1" 200 6806
180.157.253.48 - - [12/Dec/2020:11:00:57 +0800] "GET /xingrg/javascript/easyui/themes/default/validatebox.css HTTP/1.1" 404 1104
117.185.32.26 - - [12/Dec/2020:11:00:57 +0800] "POST /xingrg/kc/buy/cgsh_order_operate.html HTTP/1.1" 200 8245
117.185.32.26 - - [12/Dec/2020:11:00:57 +0800] "GET /xingrg/all/common/auto_word.html?type=employee&rest_code=00106 HTTP/1.1" 200 205
117.185.32.26 - - [12/Dec/2020:11:00:57 +0800] "GET /xingrg/all/common/auto_word.html?type=employee&rest_code=00106 HTTP/1.1" 200 205
117.185.32.26 - - [12/Dec/2020:11:00:57 +0800] "GET /xingrg/javascript/easyui/themes/default/validatebox.css HTTP/1.1" 404 1104
180.152.104.37 - - [12/Dec/2020:11:00:57 +0800] "GET /xingrg/javascript/easyui/themes/default/validatebox.css HTTP/1.1" 404 1104
116.228.172.94 - - [12/Dec/2020:11:00:57 +0800] "GET /xingrg/all/function/internal_message.html?_=1607742047879&CODE_STATE=getMsg HTTP/1.1" 200 27
180.152.104.37 - - [12/Dec/2020:11:00:57 +0800] "POST /xingrg/all/common/load_combo.html?type=base HTTP/1.1" 200 3060
114.88.159.147 - - [12/Dec/2020:11:00:58 +0800] "GET /xingrg/all/function/internal_message.html?_=1607741628214&CODE_STATE=getMsg HTTP/1.1" 200 27
120.253.135.82 - - [12/Dec/2020:11:00:58 +0800] "GET /xingrg/login.html HTTP/1.1" 200 7641
120.253.135.82 - - [12/Dec/2020:11:00:59 +0800] "GET /xingrg/images/blue/jxLogo.png HTTP/1.1" 304 -
120.253.135.82 - - [12/Dec/2020:11:00:59 +0800] "GET /xingrg/images/blue/login_bg.png HTTP/1.1" 304 -
120.253.135.82 - - [12/Dec/2020:11:00:59 +0800] "GET /xingrg/images/blue/hj.png HTTP/1.1" 304 -
120.253.135.82 - - [12/Dec/2020:11:00:59 +0800] "GET /xingrg/images/blue/srbg.png HTTP/1.1" 304 -
180.162.223.42 - - [12/Dec/2020:11:00:59 +0800] "GET /xingrg/kc/buy/cgsh_order_add.html HTTP/1.1" 200 60986
101.89.239.120 - - [12/Dec/2020:11:00:59 +0800] "GET /xingrg/login.html HTTP/1.1" 200 7641
120.253.135.82 - - [12/Dec/2020:11:00:59 +0800] "GET /favicon.ico HTTP/1.1" 404 -
117.185.32.26 - - [12/Dec/2020:11:00:59 +0800] "GET /xingrg/javascript/easyui/themes/default/tree.css HTTP/1.1" 404 1090
