180.162.223.42 - - [11/Dec/2020:09:23:44 +0800] "GET /xingrg/kc/buy/buy_main.html HTTP/1.1" 200 12412
180.162.223.42 - - [11/Dec/2020:09:23:44 +0800] "GET /xingrg/css/new_ie.css HTTP/1.1" 404 1036
116.228.172.94 - - [11/Dec/2020:09:23:45 +0800] "GET /xingrg/kc/buy/cgsh_order_operate.html?command=get_materiel&rest_code=00107&code=00101008163&supplier_code=00100006&order_time=2020-12-11 HTTP/1.1" 200 409
180.162.223.42 - - [11/Dec/2020:09:23:45 +0800] "GET /xingrg/images/yd/bt.gif HTTP/1.1" 404 1040
180.162.223.42 - - [11/Dec/2020:09:23:46 +0800] "GET /xingrg/kc/buy/cgsh_order_list.html HTTP/1.1" 200 45202
116.232.52.76 - - [11/Dec/2020:09:23:48 +0800] "POST /xingrg/services/DataTransmitService HTTP/1.1" 200 524
101.83.240.69 - - [11/Dec/2020:09:23:48 +0800] "POST /xingrg/services/DataTransmitService HTTP/1.1" 200 501
180.162.223.42 - - [11/Dec/2020:09:23:49 +0800] "POST /xingrg/kc/buy/cgsh_list_operate.html HTTP/1.1" 200 2771
180.174.56.115 - - [11/Dec/2020:09:23:51 +0800] "GET /xingrg/check_reg.html?_=1607649831002 HTTP/1.1" 200 22
180.174.56.115 - - [11/Dec/2020:09:23:51 +0800] "GET /xingrg/all/function/internal_message.html?_=1607649831004&CODE_STATE=getMsg HTTP/1.1" 200 27
223.167.127.220 - - [11/Dec/2020:09:23:52 +0800] "GET /xingrg/all/function/internal_message.html?_=1607649832878&CODE_STATE=getMsg HTTP/1.1" 302 -
114.88.159.147 - - [11/Dec/2020:09:23:53 +0800] "GET /xingrg/all/function/internal_message.html?_=1607649405002&CODE_STATE=getMsg HTTP/1.1" 200 27
114.88.159.147 - - [11/Dec/2020:09:23:53 +0800] "GET /xingrg/check_reg.html?_=1607649405004 HTTP/1.1" 200 22
180.162.223.42 - - [11/Dec/2020:09:23:54 +0800] "GET /xingrg/kc/buy/cgsh_order_operate.html?command=get_materiel&rest_code=00105&code=00101006131&supplier_code=00100012&order_time=2020-12-11 HTTP/1.1" 200 417
180.157.253.48 - - [11/Dec/2020:09:23:54 +0800] "GET /xingrg/kc/buy/cgsh_order_list.html HTTP/1.1" 200 45208
180.162.223.42 - - [11/Dec/2020:09:23:55 +0800] "GET /xingrg/kc/buy/cgsh_order_add.html HTTP/1.1" 200 60986
114.84.32.187 - - [11/Dec/2020:09:23:56 +0800] "GET /xingrg/all/function/internal_message.html?_=1607649862793&CODE_STATE=getMsg HTTP/1.1" 302 -
116.228.172.94 - - [11/Dec/2020:09:23:56 +0800] "GET /xingrg/kc/buy/cgsh_order_operate.html?command=get_materiel&rest_code=00107&code=00101008027&supplier_code=00100006&order_time=2020-12-11 HTTP/1.1" 200 408
180.162.223.42 - - [11/Dec/2020:09:23:56 +0800] "GET /xingrg/words/20201209121717_words.js HTTP/1.1" 304 -
180.162.223.42 - - [11/Dec/2020:09:23:56 +0800] "POST /xingrg/kc/buy/cgsh_order_operate.html HTTP/1.1" 200 8245
180.162.223.42 - - [11/Dec/2020:09:23:56 +0800] "GET /xingrg/all/common/auto_word.html?type=employee&rest_code=00105 HTTP/1.1" 200 193
180.162.223.42 - - [11/Dec/2020:09:23:56 +0800] "GET /xingrg/javascript/easyui/themes/default/validatebox.css HTTP/1.1" 404 1104
180.162.223.42 - - [11/Dec/2020:09:23:56 +0800] "GET /xingrg/all/common/auto_word.html?type=employee&rest_code=00105 HTTP/1.1" 200 193
180.157.253.48 - - [11/Dec/2020:09:23:57 +0800] "POST /xingrg/kc/buy/cgsh_list_operate.html HTTP/1.1" 200 876
180.162.223.42 - - [11/Dec/2020:09:23:57 +0800] "GET /xingrg/javascript/easyui/themes/default/tree.css HTTP/1.1" 404 1090
180.162.223.42 - - [11/Dec/2020:09:23:57 +0800] "POST /xingrg/all/common/load_tree.html?tree=supplier_tree_json&isDelete=1 HTTP/1.1" 200 52361
114.88.163.87 - - [11/Dec/2020:09:24:00 +0800] "GET /xingrg/all/function/internal_message.html?_=1607649835142&CODE_STATE=getMsg HTTP/1.1" 302 -
180.157.253.48 - - [11/Dec/2020:09:24:00 +0800] "GET /xingrg/kc/buy/cgsh_order_add.html HTTP/1.1" 200 60945
180.157.253.48 - - [11/Dec/2020:09:24:00 +0800] "GET /xingrg/words/20201209121717_words.js HTTP/1.1" 304 -
180.157.253.48 - - [11/Dec/2020:09:24:01 +0800] "POST /xingrg/kc/buy/cgsh_order_operate.html HTTP/1.1" 200 8245
180.157.253.48 - - [11/Dec/2020:09:24:01 +0800] "GET /xingrg/all/common/auto_word.html?type=employee&rest_code=00148 HTTP/1.1" 200 197
180.157.253.48 - - [11/Dec/2020:09:24:01 +0800] "GET /xingrg/all/common/auto_word.html?type=employee&rest_code=00148 HTTP/1.1" 200 197
180.157.253.48 - - [11/Dec/2020:09:24:01 +0800] "GET /xingrg/javascript/easyui/themes/default/validatebox.css HTTP/1.1" 404 1104
180.174.56.115 - - [11/Dec/2020:09:24:01 +0800] "GET /xingrg/all/function/internal_message.html?_=1607649804897&CODE_STATE=getMsg HTTP/1.1" 200 27
101.83.240.69 - - [11/Dec/2020:09:24:02 +0800] "POST /xingrg/services/DataTransmitService HTTP/1.1" 200 501
180.157.253.48 - - [11/Dec/2020:09:24:02 +0800] "GET /xingrg/javascript/auto/indicator.gif HTTP/1.1" 404 1066
114.84.32.187 - - [11/Dec/2020:09:24:03 +0800] "GET /xingrg/kc/buy/cgsh_order_operate.html?command=get_materiel&rest_code=00146&code=00101008038&supplier_code=00100005&order_time=2020-12-11 HTTP/1.1" 200 412
101.83.240.69 - - [11/Dec/2020:09:24:04 +0800] "POST /xingrg/services/DataTransmitService HTTP/1.1" 200 501
101.83.240.69 - - [11/Dec/2020:09:24:04 +0800] "POST /xingrg/services/DataTransmitService HTTP/1.1" 200 501
180.174.56.115 - - [11/Dec/2020:09:24:06 +0800] "GET /xingrg/kc/buy/cgsh_order_operate.html?command=get_materiel&rest_code=00151&code=00101006027&supplier_code=00100096&order_time=2020-12-11 HTTP/1.1" 200 409
116.228.172.94 - - [11/Dec/2020:09:24:07 +0800] "GET /xingrg/kc/buy/cgsh_order_operate.html?command=get_materiel&rest_code=00107&code=00101008003&supplier_code=00100006&order_time=2020-12-11 HTTP/1.1" 200 408
172.17.200.101 - - [11/Dec/2020:09:24:07 +0800] "GET /xingrg/all/function/internal_message.html?_=1607649848022&CODE_STATE=getMsg HTTP/1.1" 200 27
101.83.240.69 - - [11/Dec/2020:09:24:10 +0800] "POST /xingrg/services/DataTransmitService HTTP/1.1" 200 501
101.83.240.69 - - [11/Dec/2020:09:24:11 +0800] "POST /xingrg/services/DataTransmitService HTTP/1.1" 200 501
101.83.240.69 - - [11/Dec/2020:09:24:12 +0800] "POST /xingrg/services/DataTransmitService HTTP/1.1" 200 501
101.85.93.83 - - [11/Dec/2020:09:24:15 +0800] "POST /xingrg/kc/buy/cgsh_order_operate.html HTTP/1.1" 200 37
117.185.32.26 - - [11/Dec/2020:09:24:16 +0800] "GET /xingrg/check_reg.html?_=1607650314196 HTTP/1.1" 200 22
117.185.32.26 - - [11/Dec/2020:09:24:16 +0800] "GET /xingrg/all/function/internal_message.html?_=1607650314197&CODE_STATE=getMsg HTTP/1.1" 200 27
180.162.223.42 - - [11/Dec/2020:09:24:16 +0800] "GET /xingrg/javascript/auto/indicator.gif HTTP/1.1" 404 1066
101.85.93.83 - - [11/Dec/2020:09:24:17 +0800] "POST /xingrg/kc/buy/cgsh_order_operate.html HTTP/1.1" 200 5160
101.83.240.69 - - [11/Dec/2020:09:24:17 +0800] "GET /xingrg/all/function/internal_message.html?_=1607649852682&CODE_STATE=getMsg HTTP/1.1" 200 27
101.83.240.69 - - [11/Dec/2020:09:24:17 +0800] "POST /xingrg/services/DataTransmitService HTTP/1.1" 200 412
180.174.56.115 - - [11/Dec/2020:09:24:18 +0800] "GET /xingrg/kc/buy/cgsh_order_operate.html?command=get_materiel&rest_code=00151&code=00101006109&supplier_code=00100096&order_time=2020-12-11 HTTP/1.1" 200 409
172.17.0.120 - - [11/Dec/2020:09:24:18 +0800] "GET /xingrg/index.html HTTP/1.1" 302 -
172.17.0.120 - - [11/Dec/2020:09:24:18 +0800] "GET /xingrg/login.html HTTP/1.1" 200 7636
172.17.0.120 - - [11/Dec/2020:09:24:18 +0800] "GET /xingrg/images/blue/jxLogo.png HTTP/1.1" 200 6156
172.17.0.120 - - [11/Dec/2020:09:24:18 +0800] "GET /xingrg/images/blue/login_bg.png HTTP/1.1" 200 22101
172.17.0.120 - - [11/Dec/2020:09:24:18 +0800] "GET /xingrg/images/blue/hj.png HTTP/1.1" 200 1014
172.17.0.120 - - [11/Dec/2020:09:24:18 +0800] "GET /xingrg/images/blue/srbg.png HTTP/1.1" 200 138
172.17.0.120 - - [11/Dec/2020:09:24:18 +0800] "GET /favicon.ico HTTP/1.1" 404 -
116.228.172.94 - - [11/Dec/2020:09:24:19 +0800] "GET /xingrg/kc/buy/cgsh_order_operate.html?command=get_materiel&rest_code=00107&code=00101008067&supplier_code=00100006&order_time=2020-12-11 HTTP/1.1" 200 416
180.162.223.42 - - [11/Dec/2020:09:24:19 +0800] "GET /xingrg/kc/buy/cgsh_order_operate.html?command=get_materiel&rest_code=00105&code=00101011005&supplier_code=00100052&order_time=2020-12-11 HTTP/1.1" 200 428
180.152.104.37 - - [11/Dec/2020:09:24:24 +0800] "GET /xingrg/check_reg.html?_=1607650091149 HTTP/1.1" 200 22
172.17.0.120 - - [11/Dec/2020:09:24:24 +0800] "POST /xingrg/login.do HTTP/1.1" 302 -
172.17.0.120 - - [11/Dec/2020:09:24:24 +0800] "GET /xingrg/index.html?sysBaseUrl=http%3A%2F%2F172.17.0.8%3A18081%2Fxingrg%2F&costTime=39×tamp=1607649864136 HTTP/1.1" 200 17448
172.17.0.120 - - [11/Dec/2020:09:24:24 +0800] "GET /xingrg/javascript/jquery_easy_ui/themes/default/easyui.css HTTP/1.1" 200 26500
172.17.0.120 - - [11/Dec/2020:09:24:24 +0800] "GET /xingrg/javascript/jquery_easy_ui/themes/icon.css HTTP/1.1" 200 3949
172.17.0.120 - - [11/Dec/2020:09:24:24 +0800] "GET /xingrg/css/form.css HTTP/1.1" 200 893
172.17.0.120 - - [11/Dec/2020:09:24:24 +0800] "GET /xingrg/javascript/jquery-1.4.2.min.js HTTP/1.1" 200 72205
172.17.0.120 - - [11/Dec/2020:09:24:24 +0800] "GET /xingrg/javascript/jquery_easy_ui/jquery.easyui.min.js HTTP/1.1" 200 213662
172.17.0.120 - - [11/Dec/2020:09:24:24 +0800] "GET /xingrg/javascript/jquery_easy_ui/easyui-lang-zh_CN.js HTTP/1.1" 200 1900
172.17.0.120 - - [11/Dec/2020:09:24:24 +0800] "GET /xingrg/javascript/jquery.form.js HTTP/1.1" 200 23110
172.17.0.120 - - [11/Dec/2020:09:24:24 +0800] "GET /xingrg/javascript/jquery.utils.js HTTP/1.1" 200 11805
172.17.0.120 - - [11/Dec/2020:09:24:24 +0800] "GET /xingrg/javascript/jquery.timers.js HTTP/1.1" 200 3532
172.17.0.120 - - [11/Dec/2020:09:24:24 +0800] "GET /favicon.ico HTTP/1.1" 404 -
172.17.0.120 - - [11/Dec/2020:09:24:24 +0800] "GET /xingrg/javascript/jquery_easy_ui/themes/icons/settle_new.png HTTP/1.1" 200 826
172.17.0.120 - - [11/Dec/2020:09:24:24 +0800] "GET /xingrg/images/blue/navBackgound.jpg HTTP/1.1" 200 12378
172.17.0.120 - - [11/Dec/2020:09:24:24 +0800] "POST /xingrg/all/common/load_tree.html?tree=area_rest_tree_json&manage=1 HTTP/1.1" 200 3350
180.152.104.37 - - [11/Dec/2020:09:24:24 +0800] "GET /xingrg/all/function/internal_message.html?_=1607650091402&CODE_STATE=getMsg HTTP/1.1" 200 27
172.17.0.120 - - [11/Dec/2020:09:24:24 +0800] "GET /xingrg/all/function/internal_message.html?_=1607650367128&CODE_STATE=count HTTP/1.1" 200 11
172.17.0.120 - - [11/Dec/2020:09:24:24 +0800] "GET /xingrg/check_reg.html?_=1607650367129 HTTP/1.1" 200 22
172.17.0.120 - - [11/Dec/2020:09:24:24 +0800] "GET /xingrg/images/blue/pingpu.png HTTP/1.1" 200 231
172.17.0.120 - - [11/Dec/2020:09:24:24 +0800] "GET /xingrg/javascript/jquery_easy_ui/themes/default/images/tabs_leftarrow.png HTTP/1.1" 200 389
172.17.0.120 - - [11/Dec/2020:09:24:24 +0800] "GET /xingrg/javascript/jquery_easy_ui/themes/default/images/tabs_rightarrow.png HTTP/1.1" 200 395
172.17.0.120 - - [11/Dec/2020:09:24:24 +0800] "GET /xingrg/javascript/jquery_easy_ui/themes/default/images/panel_tool_expand.gif HTTP/1.1" 200 247
172.17.0.120 - - [11/Dec/2020:09:24:24 +0800] "GET /xingrg/javascript/jquery_easy_ui/themes/default/images/panel_tool_collapse.gif HTTP/1.1" 200 246
172.17.0.120 - - [11/Dec/2020:09:24:24 +0800] "POST /xingrg/load_menu.html HTTP/1.1" 200 11408
172.17.0.120 - - [11/Dec/2020:09:24:24 +0800] "GET /xingrg/javascript/jquery_easy_ui/themes/default/images/tree_arrows.gif HTTP/1.1" 200 1043
172.17.0.120 - - [11/Dec/2020:09:24:24 +0800] "GET /xingrg/javascript/jquery_easy_ui/themes/default/images/tree_folder_open.gif HTTP/1.1" 200 956
172.17.0.120 - - [11/Dec/2020:09:24:24 +0800] "GET /xingrg/javascript/jquery_easy_ui/themes/icons/search_new.png HTTP/1.1" 200 586
172.17.0.120 - - [11/Dec/2020:09:24:24 +0800] "GET /xingrg/javascript/jquery_easy_ui/themes/icons/delivery_new.png HTTP/1.1" 200 700
172.17.0.120 - - [11/Dec/2020:09:24:24 +0800] "GET /xingrg/javascript/jquery_easy_ui/themes/icons/storage_new.png HTTP/1.1" 200 853
172.17.0.120 - - [11/Dec/2020:09:24:24 +0800] "GET /xingrg/javascript/jquery_easy_ui/themes/icons/checkout_new.png HTTP/1.1" 200 744
172.17.0.120 - - [11/Dec/2020:09:24:24 +0800] "GET /xingrg/javascript/jquery_easy_ui/themes/icons/forms_new.png HTTP/1.1" 200 350
172.17.0.120 - - [11/Dec/2020:09:24:24 +0800] "GET /xingrg/javascript/jquery_easy_ui/themes/icons/setting_new.png HTTP/1.1" 200 450
172.17.0.120 - - [11/Dec/2020:09:24:24 +0800] "GET /xingrg/javascript/jquery_easy_ui/themes/icons/systemset_new.png HTTP/1.1" 200 606
172.17.0.120 - - [11/Dec/2020:09:24:24 +0800] "GET /xingrg/javascript/jquery_easy_ui/themes/default/images/tree_file.gif HTTP/1.1" 200 118
172.17.0.120 - - [11/Dec/2020:09:24:24 +0800] "GET /xingrg/javascript/jquery_easy_ui/themes/default/images/tree_folder.gif HTTP/1.1" 200 952
180.162.223.42 - - [11/Dec/2020:09:24:25 +0800] "GET /xingrg/kc/buy/cgsh_order_operate.html?command=get_materiel&rest_code=00105&code=00101006112&supplier_code=00100012&order_time=2020-12-11 HTTP/1.1" 200 409
172.17.0.120 - - [11/Dec/2020:09:24:25 +0800] "GET /xingrg/javascript/jquery_easy_ui/themes/icons/area.png HTTP/1.1" 200 262
172.17.0.120 - - [11/Dec/2020:09:24:25 +0800] "GET /xingrg/javascript/jquery_easy_ui/themes/icons/manage.png HTTP/1.1" 200 696
172.17.0.120 - - [11/Dec/2020:09:24:25 +0800] "GET /xingrg/javascript/jquery_easy_ui/themes/icons/rest.png HTTP/1.1" 200 695
172.17.0.120 - - [11/Dec/2020:09:24:25 +0800] "GET /xingrg/javascript/jquery_easy_ui/themes/default/images/button_a_bg.gif HTTP/1.1" 200 1194
172.17.0.120 - - [11/Dec/2020:09:24:25 +0800] "GET /xingrg/javascript/jquery_easy_ui/themes/default/images/button_span_bg.gif HTTP/1.1" 200 2061
172.17.0.120 - - [11/Dec/2020:09:24:25 +0800] "GET /xingrg/javascript/jquery_easy_ui/themes/icons/ok.png HTTP/1.1" 200 883
172.17.0.120 - - [11/Dec/2020:09:24:25 +0800] "GET /xingrg/javascript/jquery_easy_ui/themes/default/images/panel_title.png HTTP/1.1" 200 266
172.17.0.120 - - [11/Dec/2020:09:24:25 +0800] "GET /xingrg/javascript/jquery_easy_ui/themes/default/images/panel_tools.gif HTTP/1.1" 200 737
116.228.172.94 - - [11/Dec/2020:09:24:26 +0800] "GET /xingrg/all/function/internal_message.html?_=1607649862823&CODE_STATE=getMsg HTTP/1.1" 200 27
114.84.32.187 - - [11/Dec/2020:09:24:27 +0800] "GET /xingrg/kc/buy/cgsh_order_operate.html?command=get_materiel&rest_code=00146&code=00101008355&supplier_code=00100005&order_time=2020-12-11 HTTP/1.1" 200 408
172.17.0.120 - - [11/Dec/2020:09:24:27 +0800] "GET /xingrg/images/control/ajaxLoader.gif HTTP/1.1" 200 4659
172.17.0.120 - - [11/Dec/2020:09:24:27 +0800] "POST /xingrg/all/user/operate.html HTTP/1.1" 200 36
172.17.0.120 - - [11/Dec/2020:09:24:27 +0800] "GET /xingrg/javascript/jquery_easy_ui/themes/default/easyui.css HTTP/1.1" 304 -
172.17.0.120 - - [11/Dec/2020:09:24:27 +0800] "GET /xingrg/index.html?sysBaseUrl=http%3A%2F%2F172.17.0.8%3A18081%2Fxingrg%2F&costTime=39×tamp=1607649864136 HTTP/1.1" 200 17454
172.17.0.120 - - [11/Dec/2020:09:24:27 +0800] "GET /xingrg/javascript/jquery_easy_ui/themes/icon.css HTTP/1.1" 304 -
172.17.0.120 - - [11/Dec/2020:09:24:27 +0800] "GET /xingrg/css/form.css HTTP/1.1" 304 -
172.17.0.120 - - [11/Dec/2020:09:24:27 +0800] "GET /xingrg/javascript/jquery-1.4.2.min.js HTTP/1.1" 304 -
172.17.0.120 - - [11/Dec/2020:09:24:27 +0800] "GET /xingrg/javascript/jquery_easy_ui/jquery.easyui.min.js HTTP/1.1" 304 -
172.17.0.120 - - [11/Dec/2020:09:24:27 +0800] "GET /xingrg/javascript/jquery_easy_ui/easyui-lang-zh_CN.js HTTP/1.1" 304 -
172.17.0.120 - - [11/Dec/2020:09:24:27 +0800] "GET /xingrg/javascript/jquery.form.js HTTP/1.1" 304 -
172.17.0.120 - - [11/Dec/2020:09:24:27 +0800] "GET /xingrg/javascript/jquery.utils.js HTTP/1.1" 304 -
172.17.0.120 - - [11/Dec/2020:09:24:27 +0800] "GET /xingrg/javascript/jquery.timers.js HTTP/1.1" 304 -
172.17.0.120 - - [11/Dec/2020:09:24:27 +0800] "GET /xingrg/images/blue/jxLogo.png HTTP/1.1" 304 -
172.17.0.120 - - [11/Dec/2020:09:24:27 +0800] "GET /xingrg/images/blue/navBackgound.jpg HTTP/1.1" 304 -
172.17.0.120 - - [11/Dec/2020:09:24:27 +0800] "GET /xingrg/javascript/jquery_easy_ui/themes/icons/settle_new.png HTTP/1.1" 304 -
172.17.0.120 - - [11/Dec/2020:09:24:27 +0800] "POST /xingrg/all/common/load_tree.html?tree=area_rest_tree_json&manage=1 HTTP/1.1" 200 3350
172.17.0.120 - - [11/Dec/2020:09:24:27 +0800] "GET /xingrg/all/function/internal_message.html?_=1607650370389&CODE_STATE=count HTTP/1.1" 200 11
172.17.0.120 - - [11/Dec/2020:09:24:27 +0800] "GET /xingrg/check_reg.html?_=1607650370391 HTTP/1.1" 200 22
172.17.0.120 - - [11/Dec/2020:09:24:27 +0800] "GET /xingrg/javascript/jquery_easy_ui/themes/default/images/tabs_leftarrow.png HTTP/1.1" 304 -
172.17.0.120 - - [11/Dec/2020:09:24:27 +0800] "GET /xingrg/javascript/jquery_easy_ui/themes/default/images/panel_tool_expand.gif HTTP/1.1" 304 -
172.17.0.120 - - [11/Dec/2020:09:24:27 +0800] "GET /xingrg/javascript/jquery_easy_ui/themes/default/images/panel_tool_collapse.gif HTTP/1.1" 304 -
172.17.0.120 - - [11/Dec/2020:09:24:27 +0800] "GET /xingrg/javascript/jquery_easy_ui/themes/default/images/tabs_rightarrow.png HTTP/1.1" 304 -
172.17.0.120 - - [11/Dec/2020:09:24:27 +0800] "GET /xingrg/images/blue/pingpu.png HTTP/1.1" 304 -
172.17.0.120 - - [11/Dec/2020:09:24:27 +0800] "POST /xingrg/load_menu.html HTTP/1.1" 200 9924
180.174.56.115 - - [11/Dec/2020:09:24:28 +0800] "GET /xingrg/kc/buy/cgsh_order_operate.html?command=get_materiel&rest_code=00151&code=00101006112&supplier_code=00100096&order_time=2020-12-11 HTTP/1.1" 200 409
172.17.0.120 - - [11/Dec/2020:09:24:29 +0800] "GET /xingrg/javascript/jquery_easy_ui/themes/default/images/tabs_close.gif HTTP/1.1" 200 829
172.17.0.120 - - [11/Dec/2020:09:24:29 +0800] "GET /xingrg/kc/buy/buy_main.html HTTP/1.1" 200 12377
172.17.0.120 - - [11/Dec/2020:09:24:29 +0800] "GET /xingrg/css/blue.css HTTP/1.1" 200 15949
172.17.0.120 - - [11/Dec/2020:09:24:29 +0800] "GET /xingrg/css/new_ie.css HTTP/1.1" 404 1036
172.17.0.120 - - [11/Dec/2020:09:24:29 +0800] "GET /xingrg/javascript/jquery_ui/themes/humanity/humanity.css HTTP/1.1" 200 27801
172.17.0.120 - - [11/Dec/2020:09:24:29 +0800] "GET /xingrg/javascript/pic_change.js HTTP/1.1" 200 4739
172.17.0.120 - - [11/Dec/2020:09:24:29 +0800] "GET /xingrg/javascript/ToolTips.js HTTP/1.1" 200 5615
172.17.0.120 - - [11/Dec/2020:09:24:29 +0800] "GET /xingrg/javascript/myfunction.js HTTP/1.1" 200 24559
172.17.0.120 - - [11/Dec/2020:09:24:29 +0800] "GET /xingrg/javascript/jquery_ui/jquery-ui.min.js HTTP/1.1" 200 186181
172.17.0.120 - - [11/Dec/2020:09:24:29 +0800] "GET /xingrg/images/blue/button/cgxqd.gif HTTP/1.1" 200 2619
172.17.0.120 - - [11/Dec/2020:09:24:29 +0800] "GET /xingrg/images/blue/button/cgydd.gif HTTP/1.1" 200 2712
172.17.0.120 - - [11/Dec/2020:09:24:29 +0800] "GET /xingrg/images/blue/button/cgshd.gif HTTP/1.1" 200 2618
172.17.0.120 - - [11/Dec/2020:09:24:29 +0800] "GET /xingrg/images/blue/button/cgfkd.gif HTTP/1.1" 200 2075
172.17.0.120 - - [11/Dec/2020:09:24:29 +0800] "GET /xingrg/images/blue/button/kc.gif HTTP/1.1" 200 2160
172.17.0.120 - - [11/Dec/2020:09:24:29 +0800] "GET /xingrg/images/blue/button/ckthd.gif HTTP/1.1" 200 2045
172.17.0.120 - - [11/Dec/2020:09:24:29 +0800] "GET /xingrg/images/blue/pic_form2.gif HTTP/1.1" 200 1853
172.17.0.120 - - [11/Dec/2020:09:24:29 +0800] "GET /xingrg/images/blue/button/down_ah.jpg HTTP/1.1" 200 1732
172.17.0.120 - - [11/Dec/2020:09:24:29 +0800] "GET /xingrg/images/blue/button/right_ah.jpg HTTP/1.1" 200 1744
172.17.0.120 - - [11/Dec/2020:09:24:29 +0800] "GET /xingrg/javascript/jquery_ui/themes/humanity/images/ui-bg_inset-soft_100_f4f0ec_1x100.png HTTP/1.1" 200 141
172.17.0.120 - - [11/Dec/2020:09:24:29 +0800] "GET /xingrg/images/blue/bg_dotted.jpg HTTP/1.1" 200 319
172.17.0.120 - - [11/Dec/2020:09:24:29 +0800] "GET /xingrg/javascript/jquery_ui/themes/humanity/images/ui-bg_glass_70_ede4d4_1x400.png HTTP/1.1" 200 161
172.17.0.120 - - [11/Dec/2020:09:24:29 +0800] "GET /xingrg/javascript/jquery_ui/themes/humanity/images/ui-iconsnew.jpg HTTP/1.1" 200 337
172.17.0.120 - - [11/Dec/2020:09:24:29 +0800] "GET /xingrg/javascript/jquery_ui/themes/humanity/images/ui-icons_ffffff_256x240.png HTTP/1.1" 200 4369
172.17.0.120 - - [11/Dec/2020:09:24:29 +0800] "GET /xingrg/javascript/jquery_ui/themes/humanity/images/ui-icons_c47a23_256x240.png HTTP/1.1" 200 5355
172.17.0.120 - - [11/Dec/2020:09:24:30 +0800] "GET /xingrg/images/yd/bt.gif HTTP/1.1" 404 1040
180.157.253.48 - - [11/Dec/2020:09:24:30 +0800] "GET /xingrg/kc/buy/cgsh_order_operate.html?command=get_materiel&rest_code=00148&code=00101015066&supplier_code=00100059&order_time=2020-12-11 HTTP/1.1" 200 413
172.17.0.120 - - [11/Dec/2020:09:24:30 +0800] "GET /xingrg/kc/buy/cgsh_order_list.html HTTP/1.1" 200 45443
172.17.0.120 - - [11/Dec/2020:09:24:30 +0800] "GET /xingrg/css/base.css HTTP/1.1" 200 2811
172.17.0.120 - - [11/Dec/2020:09:24:30 +0800] "GET /xingrg/css/site.css HTTP/1.1" 200 7541
172.17.0.120 - - [11/Dec/2020:09:24:30 +0800] "GET /xingrg/javascript/jquery_tools/datebox.css HTTP/1.1" 200 2597
172.17.0.120 - - [11/Dec/2020:09:24:30 +0800] "GET /xingrg/javascript/easyui/themes/default/easyui.css HTTP/1.1" 200 30432
172.17.0.120 - - [11/Dec/2020:09:24:30 +0800] "GET /xingrg/javascript/easyui/themes/icon.css HTTP/1.1" 200 4483
172.17.0.120 - - [11/Dec/2020:09:24:30 +0800] "GET /xingrg/javascript/auto/jquery.autocomplete.css HTTP/1.1" 200 587
172.17.0.120 - - [11/Dec/2020:09:24:30 +0800] "GET /xingrg/javascript/jquery_tools/fix.css HTTP/1.1" 200 1702
172.17.0.120 - - [11/Dec/2020:09:24:30 +0800] "GET /xingrg/javascript/jquery_tools/table.css HTTP/1.1" 200 1032
172.17.0.120 - - [11/Dec/2020:09:24:30 +0800] "GET /xingrg/javascript/jquery_tools/jquery.tools.min.js HTTP/1.1" 200 138801
172.17.0.120 - - [11/Dec/2020:09:24:30 +0800] "GET /xingrg/javascript/jquery_tools/jquery.tools.extend.js HTTP/1.1" 200 15385
172.17.0.120 - - [11/Dec/2020:09:24:30 +0800] "GET /xingrg/javascript/jquery_tools/jquery.tools.hotkey.js HTTP/1.1" 200 3242
172.17.0.120 - - [11/Dec/2020:09:24:30 +0800] "GET /xingrg/javascript/jquery_tools/jquery.tools.table.js HTTP/1.1" 200 6994
172.17.0.120 - - [11/Dec/2020:09:24:30 +0800] "GET /xingrg/javascript/jquery_tools/list_manager.js HTTP/1.1" 200 3652
172.17.0.120 - - [11/Dec/2020:09:24:30 +0800] "GET /xingrg/javascript/auto/jquery.autocomplete.js HTTP/1.1" 200 21624
172.17.0.120 - - [11/Dec/2020:09:24:30 +0800] "GET /xingrg/javascript/easyui/easyloader.js HTTP/1.1" 200 5975
172.17.0.120 - - [11/Dec/2020:09:24:30 +0800] "GET /xingrg/javascript/jquery.cookie.js HTTP/1.1" 200 5513
172.17.0.120 - - [11/Dec/2020:09:24:30 +0800] "GET /xingrg/javascript/print/LodopFuncs.js HTTP/1.1" 200 5121
172.17.0.120 - - [11/Dec/2020:09:24:30 +0800] "GET /xingrg/javascript/easyui/themes/icons/cance_new.png HTTP/1.1" 200 3986
172.17.0.120 - - [11/Dec/2020:09:24:30 +0800] "GET /xingrg/javascript/easyui/themes/icons/uncheck_new.png HTTP/1.1" 200 3197
172.17.0.120 - - [11/Dec/2020:09:24:30 +0800] "GET /xingrg/javascript/easyui/themes/icons/check_new.png HTTP/1.1" 200 3224
172.17.0.120 - - [11/Dec/2020:09:24:30 +0800] "GET /xingrg/javascript/easyui/themes/icons/field_new.png HTTP/1.1" 200 1097
172.17.0.120 - - [11/Dec/2020:09:24:30 +0800] "GET /xingrg/javascript/easyui/themes/icons/edit_add_new.png HTTP/1.1" 200 2997
172.17.0.120 - - [11/Dec/2020:09:24:30 +0800] "GET /xingrg/javascript/easyui/themes/icons/import_new.png HTTP/1.1" 200 1247
172.17.0.120 - - [11/Dec/2020:09:24:30 +0800] "GET /xingrg/javascript/easyui/plugins/jquery.parser.js HTTP/1.1" 200 1142
116.228.172.94 - - [11/Dec/2020:09:24:30 +0800] "GET /xingrg/kc/buy/cgsh_order_operate.html?command=get_materiel&rest_code=00107&code=00101008024&supplier_code=00100006&order_time=2020-12-11 HTTP/1.1" 200 408
172.17.0.120 - - [11/Dec/2020:09:24:31 +0800] "POST /xingrg/kc/buy/cgsh_list_operate.html HTTP/1.1" 200 876
172.17.0.120 - - [11/Dec/2020:09:24:33 +0800] "GET /xingrg/javascript/jquery_tools/images/next.gif HTTP/1.1" 404 1086
172.17.0.120 - - [11/Dec/2020:09:24:33 +0800] "GET /xingrg/javascript/jquery_tools/images/prev.gif HTTP/1.1" 404 1086
180.162.223.42 - - [11/Dec/2020:09:24:33 +0800] "GET /xingrg/all/function/internal_message.html?_=1607649873567&CODE_STATE=getMsg HTTP/1.1" 200 27
180.162.223.42 - - [11/Dec/2020:09:24:35 +0800] "GET /xingrg/all/function/internal_message.html?_=1607649854777&CODE_STATE=getMsg HTTP/1.1" 200 27
180.157.253.48 - - [11/Dec/2020:09:24:37 +0800] "GET /xingrg/all/function/internal_message.html?_=1607649877022&CODE_STATE=getMsg HTTP/1.1" 200 27
180.174.56.115 - - [11/Dec/2020:09:24:38 +0800] "GET /xingrg/kc/buy/cgsh_order_operate.html?command=get_materiel&rest_code=00151&code=00101006013&supplier_code=00100096&order_time=2020-12-11 HTTP/1.1" 200 409
114.88.163.87 - - [11/Dec/2020:09:24:38 +0800] "GET /xingrg/all/function/internal_message.html?_=1607650007142&CODE_STATE=getMsg HTTP/1.1" 200 27
101.85.93.83 - - [11/Dec/2020:09:24:38 +0800] "GET /xingrg/all/function/internal_message.html?_=1607649585225&CODE_STATE=getMsg HTTP/1.1" 200 27
172.17.0.120 - - [11/Dec/2020:09:24:39 +0800] "POST /xingrg/kc/buy/cgsh_list_operate.html HTTP/1.1" 200 1712
180.162.223.42 - - [11/Dec/2020:09:24:39 +0800] "GET /xingrg/kc/buy/cgsh_order_operate.html?command=get_materiel&rest_code=00105&code=00101006109&supplier_code=00100012&order_time=2020-12-11 HTTP/1.1" 200 409
114.88.163.87 - - [11/Dec/2020:09:24:39 +0800] "GET /xingrg/check_reg.html?_=1607650008536 HTTP/1.1" 200 22
116.228.172.94 - - [11/Dec/2020:09:24:40 +0800] "GET /xingrg/kc/buy/cgsh_order_operate.html?command=get_materiel&rest_code=00107&code=00101008356&supplier_code=00100006&order_time=2020-12-11 HTTP/1.1" 200 408
172.17.0.120 - - [11/Dec/2020:09:24:41 +0800] "POST /xingrg/kc/buy/cgsh_list_operate.html HTTP/1.1" 200 681
172.17.0.120 - - [11/Dec/2020:09:24:41 +0800] "GET /xingrg/javascript/easyui/themes/default/images/button_plain_hover.png HTTP/1.1" 200 144
222.69.133.109 - - [11/Dec/2020:09:24:41 +0800] "GET /xingrg/check_reg.html?_=1607649880634 HTTP/1.1" 200 22
222.69.133.109 - - [11/Dec/2020:09:24:41 +0800] "GET /xingrg/all/function/internal_message.html?_=1607649880649&CODE_STATE=getMsg HTTP/1.1" 200 27
101.83.240.69 - - [11/Dec/2020:09:24:41 +0800] "GET /xingrg/kc/buy/cgsh_order_add.html HTTP/1.1" 200 60992
101.83.240.69 - - [11/Dec/2020:09:24:42 +0800] "POST /xingrg/kc/buy/cgsh_order_operate.html HTTP/1.1" 200 8245
101.83.240.69 - - [11/Dec/2020:09:24:42 +0800] "GET /xingrg/javascript/easyui/themes/default/validatebox.css HTTP/1.1" 404 1104
172.17.0.120 - - [11/Dec/2020:09:24:42 +0800] "POST /xingrg/kc/buy/cgsh_list_operate.html HTTP/1.1" 200 4
172.17.0.120 - - [11/Dec/2020:09:24:45 +0800] "POST /xingrg/kc/buy/cgsh_list_operate.html HTTP/1.1" 200 1687
180.157.253.48 - - [11/Dec/2020:09:24:46 +0800] "GET /xingrg/kc/buy/cgsh_order_operate.html?command=get_materiel&rest_code=00148&code=00101008102&supplier_code=00100059&order_time=2020-12-11 HTTP/1.1" 200 413
180.162.223.42 - - [11/Dec/2020:09:24:48 +0800] "POST /xingrg/kc/buy/cgsh_order_operate.html HTTP/1.1" 200 37
180.162.223.42 - - [11/Dec/2020:09:24:50 +0800] "POST /xingrg/kc/buy/cgsh_order_operate.html HTTP/1.1" 200 2659
180.174.56.115 - - [11/Dec/2020:09:24:51 +0800] "GET /xingrg/all/function/internal_message.html?_=1607649891010&CODE_STATE=getMsg HTTP/1.1" 200 27
180.162.223.42 - - [11/Dec/2020:09:24:51 +0800] "GET /xingrg/kc/buy/cgsh_order_operate.html?command=get_materiel&rest_code=00105&code=00101006123&supplier_code=00100012&order_time=2020-12-11 HTTP/1.1" 200 409
223.167.127.220 - - [11/Dec/2020:09:24:53 +0800] "GET /xingrg/all/function/internal_message.html?_=1607649892878&CODE_STATE=getMsg HTTP/1.1" 302 -
114.88.159.147 - - [11/Dec/2020:09:24:53 +0800] "GET /xingrg/all/function/internal_message.html?_=1607649465010&CODE_STATE=getMsg HTTP/1.1" 200 27
114.84.32.187 - - [11/Dec/2020:09:24:54 +0800] "GET /xingrg/kc/buy/cgsh_order_operate.html?command=get_materiel&rest_code=00146&code=00101008264&supplier_code=00100005&order_time=2020-12-11 HTTP/1.1" 200 412
114.84.32.187 - - [11/Dec/2020:09:24:56 +0800] "GET /xingrg/all/function/internal_message.html?_=1607649922799&CODE_STATE=getMsg HTTP/1.1" 302 -
117.185.32.26 - - [11/Dec/2020:09:24:56 +0800] "GET /xingrg/kc/mdqp/qp_main.html HTTP/1.1" 200 10633
117.185.32.26 - - [11/Dec/2020:09:24:57 +0800] "GET /xingrg/images/yd/bt.gif HTTP/1.1" 404 1040
101.83.240.69 - - [11/Dec/2020:09:24:57 +0800] "GET /xingrg/kc/buy/cgsh_order_operate.html?command=get_materiel&rest_code=00149&code=00101011005&supplier_code=00100051&order_time=2020-12-11 HTTP/1.1" 200 428
117.185.32.26 - - [11/Dec/2020:09:24:58 +0800] "GET /xingrg/kc/mdqp/qqps_order_list.html HTTP/1.1" 200 9222
117.185.32.26 - - [11/Dec/2020:09:24:58 +0800] "GET /xingrg/dwr/interface/AjaxQqpsService.js HTTP/1.1" 200 16326
117.185.32.26 - - [11/Dec/2020:09:24:58 +0800] "GET /xingrg/dwr/interface/AjaxReportQueryService.js HTTP/1.1" 200 13203
117.185.32.26 - - [11/Dec/2020:09:24:58 +0800] "GET /xingrg/dwr/engine.js HTTP/1.1" 200 43631
180.162.223.42 - - [11/Dec/2020:09:24:59 +0800] "GET /xingrg/kc/print/load_config.html?kc_code=cgsh HTTP/1.1" 200 1845
180.162.223.42 - - [11/Dec/2020:09:24:59 +0800] "GET /xingrg/kc/print/load_data.html?order_code=212020121104042&kc_code=cgsh&condition= HTTP/1.1" 200 720
114.88.163.87 - - [11/Dec/2020:09:25:00 +0800] "GET /xingrg/all/function/internal_message.html?_=1607649895192&CODE_STATE=getMsg HTTP/1.1" 302 -
116.228.172.94 - - [11/Dec/2020:09:25:00 +0800] "GET /xingrg/kc/buy/cgsh_order_operate.html?command=get_materiel&rest_code=00107&code=00101008251&supplier_code=00100006&order_time=2020-12-11 HTTP/1.1" 200 408
180.157.253.48 - - [11/Dec/2020:09:25:01 +0800] "GET /xingrg/kc/buy/cgsh_order_operate.html?command=get_materiel&rest_code=00148&code=00101008284&supplier_code=00100059&order_time=2020-12-11 HTTP/1.1" 200 413
180.174.56.115 - - [11/Dec/2020:09:25:02 +0800] "GET /xingrg/all/function/internal_message.html?_=1607649864935&CODE_STATE=getMsg HTTP/1.1" 200 27
172.17.200.101 - - [11/Dec/2020:09:25:07 +0800] "GET /xingrg/all/function/internal_message.html?_=1607649908023&CODE_STATE=getMsg HTTP/1.1" 200 27
117.185.32.26 - - [11/Dec/2020:09:25:08 +0800] "POST /xingrg/dwr/call/plaincall/AjaxReportQueryService.getFixDate.dwr HTTP/1.1" 200 111
114.84.32.187 - - [11/Dec/2020:09:25:09 +0800] "POST /xingrg/kc/buy/cgsh_order_operate.html HTTP/1.1" 200 2065
117.185.32.26 - - [11/Dec/2020:09:25:10 +0800] "GET /xingrg/kc/mdqp/qqps_order_list.html?isQuery=1&timeSelect=1&orderTime=week&startTime=2020-12-07&endTime=2020-12-13&state=all&query=%C8%B7++%B6%A8 HTTP/1.1" 200 12644
117.185.32.26 - - [11/Dec/2020:09:25:10 +0800] "GET /xingrg/dwr/interface/AjaxQqpsService.js HTTP/1.1" 200 16326
101.83.240.69 - - [11/Dec/2020:09:25:10 +0800] "GET /xingrg/kc/buy/cgsh_order_operate.html?command=get_materiel&rest_code=00149&code=00101011003&supplier_code=00100051&order_time=2020-12-11 HTTP/1.1" 200 413
117.185.32.26 - - [11/Dec/2020:09:25:10 +0800] "GET /xingrg/dwr/interface/AjaxReportQueryService.js HTTP/1.1" 200 13203
117.185.32.26 - - [11/Dec/2020:09:25:10 +0800] "GET /xingrg/dwr/engine.js HTTP/1.1" 200 43631
222.69.133.109 - - [11/Dec/2020:09:25:11 +0800] "GET /xingrg/kc/buy/cgsh_order_operate.html?command=get_materiel_price&rest_code=00154&code=00101022019&unit_code=00100004&supplier_code=00100151&order_time=2020-12-11 HTTP/1.1" 200 27
117.185.32.26 - - [11/Dec/2020:09:25:13 +0800] "GET /xingrg/kc/mdqp/qqps_order_info.html?code=302020121000228 HTTP/1.1" 200 26563
117.185.32.26 - - [11/Dec/2020:09:25:13 +0800] "GET /xingrg/dwr/interface/AjaxComOrderService.js HTTP/1.1" 200 18264
117.185.32.26 - - [11/Dec/2020:09:25:13 +0800] "GET /xingrg/dwr/interface/AjaxQqpsService.js HTTP/1.1" 200 16326
117.185.32.26 - - [11/Dec/2020:09:25:13 +0800] "GET /xingrg/dwr/engine.js HTTP/1.1" 200 43631
180.157.253.48 - - [11/Dec/2020:09:25:13 +0800] "POST /xingrg/kc/buy/cgsh_order_operate.html HTTP/1.1" 200 37
117.185.32.26 - - [11/Dec/2020:09:25:15 +0800] "POST /xingrg/dwr/call/plaincall/AjaxQqpsService.loadMaterielItems.dwr HTTP/1.1" 200 7518
117.185.32.26 - - [11/Dec/2020:09:25:16 +0800] "GET /xingrg/all/function/internal_message.html?_=1607650374203&CODE_STATE=getMsg HTTP/1.1" 200 27
101.83.240.69 - - [11/Dec/2020:09:25:17 +0800] "GET /xingrg/all/function/internal_message.html?_=1607649912684&CODE_STATE=getMsg HTTP/1.1" 200 27
116.228.172.94 - - [11/Dec/2020:09:25:18 +0800] "GET /xingrg/kc/buy/cgsh_order_operate.html?command=get_materiel&rest_code=00107&code=00101008296&supplier_code=00100006&order_time=2020-12-11 HTTP/1.1" 200 416
101.83.240.69 - - [11/Dec/2020:09:25:19 +0800] "GET /favicon.ico HTTP/1.1" 404 -
180.152.104.37 - - [11/Dec/2020:09:25:24 +0800] "GET /xingrg/all/function/internal_message.html?_=1607650151406&CODE_STATE=getMsg HTTP/1.1" 200 27
116.228.172.94 - - [11/Dec/2020:09:25:26 +0800] "GET /xingrg/check_reg.html?_=1607649922799 HTTP/1.1" 200 22
116.228.172.94 - - [11/Dec/2020:09:25:26 +0800] "GET /xingrg/all/function/internal_message.html?_=1607649922822&CODE_STATE=getMsg HTTP/1.1" 200 27
180.174.56.115 - - [11/Dec/2020:09:25:27 +0800] "GET /xingrg/kc/buy/cgsh_order_operate.html?command=get_materiel&rest_code=00151&code=00101016071&supplier_code=00100096&order_time=2020-12-11 HTTP/1.1" 200 416
172.17.0.120 - - [11/Dec/2020:09:25:27 +0800] "GET /xingrg/all/function/internal_message.html?_=1607650430403&CODE_STATE=getMsg HTTP/1.1" 200 27
101.83.240.69 - - [11/Dec/2020:09:25:30 +0800] "POST /xingrg/kc/buy/cgsh_order_operate.html HTTP/1.1" 200 37
180.162.223.42 - - [11/Dec/2020:09:25:31 +0800] "GET /xingrg/kc/base/base_main.html HTTP/1.1" 200 12142
114.84.32.187 - - [11/Dec/2020:09:25:32 +0800] "GET /xingrg/kc/buy/cgsh_order_operate.html?command=get_materiel&rest_code=00146&code=00101008197&supplier_code=00100005&order_time=2020-12-11 HTTP/1.1" 200 416
180.162.223.42 - - [11/Dec/2020:09:25:33 +0800] "GET /xingrg/kc/base/wldb_order_list.html HTTP/1.1" 200 19418
180.162.223.42 - - [11/Dec/2020:09:25:33 +0800] "GET /xingrg/all/function/internal_message.html?_=1607649933524&CODE_STATE=getMsg HTTP/1.1" 200 27
180.162.223.42 - - [11/Dec/2020:09:25:33 +0800] "POST /xingrg/kc/base/wldb_list_operate.html HTTP/1.1" 200 928
180.162.223.42 - - [11/Dec/2020:09:25:35 +0800] "GET /xingrg/kc/base/wldb_order_add.html HTTP/1.1" 200 30587
101.83.240.69 - - [11/Dec/2020:09:25:35 +0800] "POST /xingrg/kc/buy/cgsh_order_operate.html HTTP/1.1" 200 12
180.162.223.42 - - [11/Dec/2020:09:25:35 +0800] "POST /xingrg/kc/base/wldb_order_operate.html HTTP/1.1" 200 6806
180.162.223.42 - - [11/Dec/2020:09:25:35 +0800] "GET /xingrg/all/common/auto_word.html?type=base&rest_code=00105 HTTP/1.1" 200 1811
180.162.223.42 - - [11/Dec/2020:09:25:35 +0800] "GET /xingrg/all/common/auto_word.html?type=base&rest_code=00105 HTTP/1.1" 200 1811
180.162.223.42 - - [11/Dec/2020:09:25:35 +0800] "GET /xingrg/javascript/easyui/themes/default/validatebox.css HTTP/1.1" 404 1104
180.162.223.42 - - [11/Dec/2020:09:25:35 +0800] "GET /xingrg/all/function/internal_message.html?_=1607649914792&CODE_STATE=getMsg HTTP/1.1" 200 27
116.228.172.94 - - [11/Dec/2020:09:25:36 +0800] "GET /xingrg/kc/buy/cgsh_order_operate.html?command=get_materiel&rest_code=00107&code=00101008098&supplier_code=00100006&order_time=2020-12-11 HTTP/1.1" 200 412
101.83.240.69 - - [11/Dec/2020:09:25:36 +0800] "GET /xingrg/kc/buy/cgsh_order_info.html?code=212020121104044 HTTP/1.1" 200 55895
101.83.240.69 - - [11/Dec/2020:09:25:36 +0800] "GET /xingrg/javascript/easyui/themes/default/validatebox.css HTTP/1.1" 404 1104
180.162.223.42 - - [11/Dec/2020:09:25:37 +0800] "POST /xingrg/all/common/load_combo.html?type=base HTTP/1.1" 200 3236
222.69.133.109 - - [11/Dec/2020:09:25:37 +0800] "POST /xingrg/kc/buy/cgsh_order_operate.html HTTP/1.1" 200 37
101.83.240.69 - - [11/Dec/2020:09:25:37 +0800] "POST /xingrg/kc/buy/cgsh_order_operate.html HTTP/1.1" 200 1197
114.88.163.87 - - [11/Dec/2020:09:25:38 +0800] "GET /xingrg/all/function/internal_message.html?_=1607650067119&CODE_STATE=getMsg HTTP/1.1" 200 27
101.85.93.83 - - [11/Dec/2020:09:25:38 +0800] "GET /xingrg/all/function/internal_message.html?_=1607649645185&CODE_STATE=getMsg HTTP/1.1" 200 27
101.85.93.83 - - [11/Dec/2020:09:25:38 +0800] "GET /xingrg/check_reg.html?_=1607649645182 HTTP/1.1" 200 22
101.83.240.69 - - [11/Dec/2020:09:25:39 +0800] "GET /xingrg/kc/print/load_data.html?order_code=212020121104044&kc_code=cgsh&condition= HTTP/1.1" 200 948
222.69.133.109 - - [11/Dec/2020:09:25:40 +0800] "POST /xingrg/kc/buy/cgsh_order_operate.html HTTP/1.1" 200 12
222.69.133.109 - - [11/Dec/2020:09:25:41 +0800] "GET /xingrg/all/function/internal_message.html?_=1607649940724&CODE_STATE=getMsg HTTP/1.1" 200 27
222.69.133.109 - - [11/Dec/2020:09:25:41 +0800] "GET /xingrg/kc/buy/cgsh_order_info.html?code=212020121104045 HTTP/1.1" 200 54954
222.69.133.109 - - [11/Dec/2020:09:25:41 +0800] "GET /xingrg/javascript/easyui/themes/default/validatebox.css HTTP/1.1" 404 1104
222.69.133.109 - - [11/Dec/2020:09:25:42 +0800] "POST /xingrg/kc/buy/cgsh_order_operate.html HTTP/1.1" 200 3006
180.162.223.42 - - [11/Dec/2020:09:25:42 +0800] "POST /xingrg/all/common/load_combo.html?type=base HTTP/1.1" 200 3236
222.69.133.109 - - [11/Dec/2020:09:25:45 +0800] "GET /xingrg/kc/print/load_config.html?kc_code=cgsh HTTP/1.1" 200 1845
222.69.133.109 - - [11/Dec/2020:09:25:46 +0800] "GET /xingrg/kc/print/load_data.html?order_code=212020121104045&kc_code=cgsh&condition= HTTP/1.1" 200 1617
116.228.172.94 - - [11/Dec/2020:09:25:47 +0800] "GET /xingrg/kc/buy/cgsh_order_operate.html?command=get_materiel&rest_code=00107&code=00101013179&supplier_code=00100006&order_time=2020-12-11 HTTP/1.1" 200 412
180.174.56.115 - - [11/Dec/2020:09:25:51 +0800] "GET /xingrg/all/function/internal_message.html?_=1607649951017&CODE_STATE=getMsg HTTP/1.1" 200 27
223.167.127.220 - - [11/Dec/2020:09:25:53 +0800] "GET /xingrg/all/function/internal_message.html?_=1607649952880&CODE_STATE=getMsg HTTP/1.1" 302 -
180.162.223.42 - - [11/Dec/2020:09:25:53 +0800] "GET /xingrg/javascript/auto/indicator.gif HTTP/1.1" 404 1066
114.88.159.147 - - [11/Dec/2020:09:25:53 +0800] "GET /xingrg/all/function/internal_message.html?_=1607649524994&CODE_STATE=getMsg HTTP/1.1" 200 27
114.84.32.187 - - [11/Dec/2020:09:25:56 +0800] "GET /xingrg/all/function/internal_message.html?_=1607649982820&CODE_STATE=getMsg HTTP/1.1" 302 -
101.83.240.69 - - [11/Dec/2020:09:25:57 +0800] "POST /xingrg/kc/buy/cgsh_list_operate.html HTTP/1.1" 200 1687
101.83.240.69 - - [11/Dec/2020:09:25:58 +0800] "POST /xingrg/kc/buy/cgsh_list_operate.html HTTP/1.1" 200 681
101.83.240.69 - - [11/Dec/2020:09:25:59 +0800] "GET /xingrg/kc/buy/cgsh_order_info.html?code=212020121104039 HTTP/1.1" 200 60999
101.83.240.69 - - [11/Dec/2020:09:25:59 +0800] "GET /xingrg/javascript/easyui/themes/default/validatebox.css HTTP/1.1" 404 1104
101.83.240.69 - - [11/Dec/2020:09:25:59 +0800] "POST /xingrg/kc/buy/cgsh_order_operate.html HTTP/1.1" 200 5843
114.88.163.87 - - [11/Dec/2020:09:26:00 +0800] "GET /xingrg/all/function/internal_message.html?_=1607649955199&CODE_STATE=getMsg HTTP/1.1" 302 -
101.83.240.69 - - [11/Dec/2020:09:26:00 +0800] "POST /xingrg/kc/buy/cgsh_list_operate.html HTTP/1.1" 200 1687
180.174.56.115 - - [11/Dec/2020:09:26:02 +0800] "GET /xingrg/all/function/internal_message.html?_=1607649924939&CODE_STATE=getMsg HTTP/1.1" 200 27
116.228.172.94 - - [11/Dec/2020:09:26:03 +0800] "GET /xingrg/kc/buy/cgsh_order_operate.html?command=get_materiel&rest_code=00107&code=00101008323&supplier_code=00100006&order_time=2020-12-11 HTTP/1.1" 200 408
114.84.32.187 - - [11/Dec/2020:09:26:04 +0800] "GET /xingrg/kc/buy/cgsh_order_operate.html?command=get_materiel&rest_code=00146&code=00101008036&supplier_code=00100005&order_time=2020-12-11 HTTP/1.1" 200 408
101.83.240.69 - - [11/Dec/2020:09:26:06 +0800] "POST /xingrg/kc/buy/cgsh_order_operate.html HTTP/1.1" 200 37
114.84.32.187 - - [11/Dec/2020:09:26:07 +0800] "POST /xingrg/kc/buy/cgsh_order_operate.html HTTP/1.1" 200 2065
172.17.200.101 - - [11/Dec/2020:09:26:07 +0800] "GET /xingrg/all/function/internal_message.html?_=1607649968026&CODE_STATE=getMsg HTTP/1.1" 200 27
101.83.240.69 - - [11/Dec/2020:09:26:09 +0800] "POST /xingrg/kc/buy/cgsh_order_operate.html HTTP/1.1" 200 12
101.83.240.69 - - [11/Dec/2020:09:26:10 +0800] "GET /xingrg/kc/buy/cgsh_order_info.html?code=212020121104039 HTTP/1.1" 200 55893
101.83.240.69 - - [11/Dec/2020:09:26:10 +0800] "GET /xingrg/javascript/easyui/themes/default/validatebox.css HTTP/1.1" 404 1104
101.83.240.69 - - [11/Dec/2020:09:26:10 +0800] "POST /xingrg/kc/buy/cgsh_order_operate.html HTTP/1.1" 200 3791
180.174.56.115 - - [11/Dec/2020:09:26:12 +0800] "POST /xingrg/kc/buy/cgsh_order_operate.html HTTP/1.1" 200 37
101.83.240.69 - - [11/Dec/2020:09:26:13 +0800] "GET /xingrg/kc/buy/cgsh_order_add.html HTTP/1.1" 200 60992
101.83.240.69 - - [11/Dec/2020:09:26:13 +0800] "POST /xingrg/kc/buy/cgsh_order_operate.html HTTP/1.1" 200 8245
101.83.240.69 - - [11/Dec/2020:09:26:13 +0800] "GET /xingrg/javascript/easyui/themes/default/validatebox.css HTTP/1.1" 404 1104
180.174.56.115 - - [11/Dec/2020:09:26:15 +0800] "POST /xingrg/kc/buy/cgsh_order_operate.html HTTP/1.1" 200 12
180.174.56.115 - - [11/Dec/2020:09:26:16 +0800] "GET /xingrg/kc/buy/cgsh_order_info.html?code=212020121104046 HTTP/1.1" 200 55490
117.185.32.26 - - [11/Dec/2020:09:26:16 +0800] "GET /xingrg/all/function/internal_message.html?_=1607650434198&CODE_STATE=getMsg HTTP/1.1" 200 27
180.174.56.115 - - [11/Dec/2020:09:26:16 +0800] "GET /xingrg/javascript/easyui/themes/default/validatebox.css HTTP/1.1" 404 1104
180.174.56.115 - - [11/Dec/2020:09:26:17 +0800] "POST /xingrg/kc/buy/cgsh_order_operate.html HTTP/1.1" 200 7203
101.83.240.69 - - [11/Dec/2020:09:26:17 +0800] "GET /xingrg/all/function/internal_message.html?_=1607649972690&CODE_STATE=getMsg HTTP/1.1" 200 27
101.83.240.69 - - [11/Dec/2020:09:26:17 +0800] "GET /xingrg/check_reg.html?_=1607649972693 HTTP/1.1" 200 22
180.162.223.42 - - [11/Dec/2020:09:26:17 +0800] "GET /xingrg/kc/base/wldb_order_operate.html?command=get_materiel&rest_code=00105&base_code=0010507&code=00101019241 HTTP/1.1" 200 459
180.174.56.115 - - [11/Dec/2020:09:26:20 +0800] "GET /xingrg/kc/print/load_data.html?order_code=212020121104046&kc_code=cgsh&condition= HTTP/1.1" 200 3257
180.162.223.42 - - [11/Dec/2020:09:26:21 +0800] "GET /xingrg/kc/buy/cgsh_order_operate.html?command=get_materiel&rest_code=00105&code=00101006038&supplier_code=00100012&order_time=2020-12-11 HTTP/1.1" 200 440
180.152.104.37 - - [11/Dec/2020:09:26:24 +0800] "GET /xingrg/all/function/internal_message.html?_=1607650211418&CODE_STATE=getMsg HTTP/1.1" 200 27
116.228.172.94 - - [11/Dec/2020:09:26:26 +0800] "POST /xingrg/kc/buy/cgsh_order_operate.html HTTP/1.1" 200 2065
116.228.172.94 - - [11/Dec/2020:09:26:26 +0800] "GET /xingrg/all/function/internal_message.html?_=1607649982854&CODE_STATE=getMsg HTTP/1.1" 200 27
114.84.32.187 - - [11/Dec/2020:09:26:27 +0800] "GET /xingrg/kc/buy/cgsh_order_operate.html?command=get_materiel&rest_code=00146&code=00101008318&supplier_code=00100005&order_time=2020-12-11 HTTP/1.1" 200 408
172.17.0.120 - - [11/Dec/2020:09:26:27 +0800] "GET /xingrg/all/function/internal_message.html?_=1607650490393&CODE_STATE=getMsg HTTP/1.1" 200 27
101.83.240.69 - - [11/Dec/2020:09:26:31 +0800] "GET /xingrg/kc/buy/cgsh_order_operate.html?command=get_materiel&rest_code=00149&code=00101004017&supplier_code=00100083&order_time=2020-12-10 HTTP/1.1" 200 413
116.228.172.94 - - [11/Dec/2020:09:26:31 +0800] "GET /xingrg/kc/buy/cgsh_order_operate.html?command=get_materiel&rest_code=00107&code=00101008261&supplier_code=00100006&order_time=2020-12-11 HTTP/1.1" 200 408
180.162.223.42 - - [11/Dec/2020:09:26:32 +0800] "GET /xingrg/kc/base/wldb_order_operate.html?command=get_materiel&rest_code=00105&base_code=0010507&code=00101019030 HTTP/1.1" 200 452
180.162.223.42 - - [11/Dec/2020:09:26:33 +0800] "GET /xingrg/check_reg.html?_=1607649993571 HTTP/1.1" 200 22
180.162.223.42 - - [11/Dec/2020:09:26:33 +0800] "GET /xingrg/all/function/internal_message.html?_=1607649993572&CODE_STATE=getMsg HTTP/1.1" 200 27
180.162.223.42 - - [11/Dec/2020:09:26:35 +0800] "GET /xingrg/check_reg.html?_=1607649974804 HTTP/1.1" 200 22
180.162.223.42 - - [11/Dec/2020:09:26:35 +0800] "GET /xingrg/all/function/internal_message.html?_=1607649974805&CODE_STATE=getMsg HTTP/1.1" 200 27
180.162.223.42 - - [11/Dec/2020:09:26:36 +0800] "GET /xingrg/kc/buy/cgsh_order_operate.html?command=get_materiel&rest_code=00105&code=00101010248&supplier_code=00100012&order_time=2020-12-11 HTTP/1.1" 200 430
180.162.223.42 - - [11/Dec/2020:09:26:37 +0800] "POST /xingrg/all/common/load_select.html HTTP/1.1" 200 25
114.88.163.87 - - [11/Dec/2020:09:26:38 +0800] "GET /xingrg/all/function/internal_message.html?_=1607650127099&CODE_STATE=getMsg HTTP/1.1" 200 27
101.85.93.83 - - [11/Dec/2020:09:26:38 +0800] "GET /xingrg/all/function/internal_message.html?_=1607649705184&CODE_STATE=getMsg HTTP/1.1" 200 27
222.69.133.109 - - [11/Dec/2020:09:26:41 +0800] "GET /xingrg/all/function/internal_message.html?_=1607650000724&CODE_STATE=getMsg HTTP/1.1" 200 27
180.162.223.42 - - [11/Dec/2020:09:26:41 +0800] "GET /xingrg/kc/buy/cgsh_order_operate.html?command=get_materiel_price&rest_code=00105&code=00101010248&unit_code=00100043&supplier_code=00100012&order_time=2020-12-11 HTTP/1.1" 200 29
114.84.32.187 - - [11/Dec/2020:09:26:41 +0800] "GET /xingrg/check_reg.html?_=1607650028634 HTTP/1.1" 302 -
101.83.240.69 - - [11/Dec/2020:09:26:44 +0800] "GET /xingrg/kc/buy/cgsh_order_operate.html?command=get_materiel&rest_code=00149&code=00101004013&supplier_code=00100083&order_time=2020-12-10 HTTP/1.1" 200 415
180.162.223.42 - - [11/Dec/2020:09:26:45 +0800] "GET /xingrg/kc/base/wldb_order_operate.html?command=get_materiel&rest_code=00105&base_code=0010507&code=00101019439 HTTP/1.1" 200 455
114.88.163.87 - - [11/Dec/2020:09:26:48 +0800] "GET /xingrg/check_reg.html?_=1607650003913 HTTP/1.1" 302 -
180.174.56.115 - - [11/Dec/2020:09:26:51 +0800] "GET /xingrg/all/function/internal_message.html?_=1607650011011&CODE_STATE=getMsg HTTP/1.1" 200 27
223.167.127.220 - - [11/Dec/2020:09:26:53 +0800] "GET /xingrg/check_reg.html?_=1607650012882 HTTP/1.1" 302 -
223.167.127.220 - - [11/Dec/2020:09:26:53 +0800] "GET /xingrg/all/function/internal_message.html?_=1607650012884&CODE_STATE=getMsg HTTP/1.1" 302 -
180.162.223.42 - - [11/Dec/2020:09:26:53 +0800] "POST /xingrg/kc/base/wldb_order_operate.html HTTP/1.1" 200 37
114.88.159.147 - - [11/Dec/2020:09:26:53 +0800] "GET /xingrg/all/function/internal_message.html?_=1607649585023&CODE_STATE=getMsg HTTP/1.1" 200 27
180.162.223.42 - - [11/Dec/2020:09:26:54 +0800] "POST /xingrg/kc/base/wldb_order_operate.html HTTP/1.1" 200 3218
101.83.240.69 - - [11/Dec/2020:09:26:54 +0800] "GET /xingrg/kc/buy/cgsh_order_operate.html?command=get_materiel&rest_code=00149&code=00101004033&supplier_code=00100083&order_time=2020-12-10 HTTP/1.1" 200 439
180.162.223.42 - - [11/Dec/2020:09:26:55 +0800] "GET /xingrg/kc/base/wldb_order_info.html?code=422020121101142 HTTP/1.1" 200 30601
180.162.223.42 - - [11/Dec/2020:09:26:55 +0800] "GET /xingrg/javascript/easyui/themes/default/validatebox.css HTTP/1.1" 404 1104
180.162.223.42 - - [11/Dec/2020:09:26:56 +0800] "POST /xingrg/kc/base/wldb_order_operate.html HTTP/1.1" 200 3218
114.84.32.187 - - [11/Dec/2020:09:26:56 +0800] "GET /xingrg/all/function/internal_message.html?_=1607650042826&CODE_STATE=getMsg HTTP/1.1" 302 -
114.88.163.87 - - [11/Dec/2020:09:27:00 +0800] "GET /xingrg/all/function/internal_message.html?_=1607650015248&CODE_STATE=getMsg HTTP/1.1" 302 -
180.174.56.115 - - [11/Dec/2020:09:27:02 +0800] "GET /xingrg/check_reg.html?_=1607649984927 HTTP/1.1" 200 22
180.174.56.115 - - [11/Dec/2020:09:27:02 +0800] "GET /xingrg/all/function/internal_message.html?_=1607649984952&CODE_STATE=getMsg HTTP/1.1" 200 27
101.83.240.69 - - [11/Dec/2020:09:27:05 +0800] "GET /xingrg/kc/buy/cgsh_order_operate.html?command=get_materiel&rest_code=00149&code=00101004048&supplier_code=00100083&order_time=2020-12-10 HTTP/1.1" 200 417
114.84.32.187 - - [11/Dec/2020:09:27:06 +0800] "POST /xingrg/kc/buy/cgsh_order_operate.html HTTP/1.1" 200 2065
172.17.200.101 - - [11/Dec/2020:09:27:07 +0800] "GET /xingrg/all/function/internal_message.html?_=1607650028025&CODE_STATE=getMsg HTTP/1.1" 200 27
172.17.200.101 - - [11/Dec/2020:09:27:07 +0800] "GET /xingrg/check_reg.html?_=1607650028027 HTTP/1.1" 200 22
180.162.223.42 - - [11/Dec/2020:09:27:13 +0800] "POST /xingrg/kc/buy/cgsh_order_operate.html HTTP/1.1" 200 37
101.83.240.69 - - [11/Dec/2020:09:27:14 +0800] "GET /xingrg/kc/buy/cgsh_order_operate.html?command=get_materiel&rest_code=00149&code=00101004009&supplier_code=00100083&order_time=2020-12-10 HTTP/1.1" 200 413
114.84.32.187 - - [11/Dec/2020:09:27:14 +0800] "GET /xingrg/kc/buy/cgsh_order_operate.html?command=get_materiel&rest_code=00146&code=00101008312&supplier_code=00100005&order_time=2020-12-11 HTTP/1.1" 200 412
116.228.172.94 - - [11/Dec/2020:09:27:14 +0800] "GET /xingrg/kc/buy/cgsh_order_operate.html?command=get_materiel&rest_code=00107&code=00101008108&supplier_code=00100006&order_time=2020-12-11 HTTP/1.1" 200 412
117.185.32.26 - - [11/Dec/2020:09:27:16 +0800] "GET /xingrg/all/function/internal_message.html?_=1607650494197&CODE_STATE=getMsg HTTP/1.1" 200 27
101.83.240.69 - - [11/Dec/2020:09:27:17 +0800] "GET /xingrg/all/function/internal_message.html?_=1607650032685&CODE_STATE=getMsg HTTP/1.1" 200 27
116.228.172.94 - - [11/Dec/2020:09:27:17 +0800] "POST /xingrg/kc/buy/cgsh_order_operate.html HTTP/1.1" 200 2065
101.83.240.69 - - [11/Dec/2020:09:27:22 +0800] "GET /xingrg/kc/buy/cgsh_order_operate.html?command=get_materiel&rest_code=00149&code=00101004027&supplier_code=00100083&order_time=2020-12-10 HTTP/1.1" 200 411
116.228.172.94 - - [11/Dec/2020:09:27:23 +0800] "GET /xingrg/kc/buy/cgsh_order_operate.html?command=get_materiel&rest_code=00107&code=00101008169&supplier_code=00100006&order_time=2020-12-11 HTTP/1.1" 200 412
180.152.104.37 - - [11/Dec/2020:09:27:24 +0800] "GET /xingrg/all/function/internal_message.html?_=1607650271478&CODE_STATE=getMsg HTTP/1.1" 200 27
116.228.172.94 - - [11/Dec/2020:09:27:26 +0800] "GET /xingrg/all/function/internal_message.html?_=1607650042832&CODE_STATE=getMsg HTTP/1.1" 200 27
