116.228.172.94 - - [11/Dec/2020:10:16:25 +0800] "GET /xingrg/kc/buy/cgsh_order_operate.html?command=get_materiel&rest_code=00107&code=00101010309&supplier_code=00100091&order_time=2020-12-11 HTTP/1.1" 200 423
116.232.52.177 - - [11/Dec/2020:10:16:26 +0800] "GET /xingrg/all/function/internal_message.html?_=1607652988974&CODE_STATE=getMsg HTTP/1.1" 200 27
180.152.104.37 - - [11/Dec/2020:10:16:26 +0800] "GET /xingrg/all/function/internal_message.html?_=1607653213813&CODE_STATE=getMsg HTTP/1.1" 200 27
116.228.172.94 - - [11/Dec/2020:10:16:27 +0800] "GET /xingrg/all/function/internal_message.html?_=1607652983964&CODE_STATE=getMsg HTTP/1.1" 200 27
172.17.0.120 - - [11/Dec/2020:10:16:27 +0800] "GET /xingrg/all/function/internal_message.html?_=1607653490397&CODE_STATE=getMsg HTTP/1.1" 200 27
180.162.223.42 - - [11/Dec/2020:10:16:32 +0800] "GET /xingrg/all/function/internal_message.html?_=1607652992483&CODE_STATE=getMsg HTTP/1.1" 200 27
180.162.223.42 - - [11/Dec/2020:10:16:33 +0800] "GET /xingrg/check_reg.html?_=1607652993532 HTTP/1.1" 200 22
180.157.253.48 - - [11/Dec/2020:10:16:34 +0800] "GET /xingrg/all/function/internal_message.html?_=1607652993790&CODE_STATE=getMsg HTTP/1.1" 200 27
114.88.163.87 - - [11/Dec/2020:10:16:35 +0800] "GET /xingrg/check_reg.html?_=1607652990279 HTTP/1.1" 200 22
114.88.163.87 - - [11/Dec/2020:10:16:35 +0800] "GET /xingrg/all/function/internal_message.html?_=1607652990669&CODE_STATE=getMsg HTTP/1.1" 200 27
180.152.104.37 - - [11/Dec/2020:10:16:36 +0800] "GET /xingrg/kc/buy/cgsh_order_operate.html?command=get_materiel&rest_code=00102&code=00101015029&supplier_code=00100054&order_time=2020-12-11 HTTP/1.1" 200 412
101.85.93.83 - - [11/Dec/2020:10:16:38 +0800] "GET /xingrg/all/function/internal_message.html?_=1607652705228&CODE_STATE=getMsg HTTP/1.1" 200 27
101.89.19.149 - - [11/Dec/2020:10:16:39 +0800] "GET /xingrg/kc/buy/cgsh_order_operate.html?command=get_materiel&rest_code=00141&code=00101008257&supplier_code=00100007&order_time=2020-12-11 HTTP/1.1" 302 -
117.185.32.26 - - [11/Dec/2020:10:16:41 +0800] "GET /xingrg/login.html HTTP/1.1" 200 7641
222.69.133.109 - - [11/Dec/2020:10:16:41 +0800] "GET /xingrg/all/function/internal_message.html?_=1607653000734&CODE_STATE=getMsg HTTP/1.1" 200 27
114.84.32.187 - - [11/Dec/2020:10:16:41 +0800] "GET /xingrg/check_reg.html?_=1607653028701 HTTP/1.1" 302 -
180.174.56.115 - - [11/Dec/2020:10:16:42 +0800] "GET /xingrg/check_reg.html?_=1607652965107 HTTP/1.1" 200 22
180.174.56.115 - - [11/Dec/2020:10:16:42 +0800] "GET /xingrg/all/function/internal_message.html?_=1607652965163&CODE_STATE=getMsg HTTP/1.1" 200 27
101.89.19.149 - - [11/Dec/2020:10:16:44 +0800] "GET /xingrg/login.html HTTP/1.1" 200 7641
116.232.52.177 - - [11/Dec/2020:10:16:50 +0800] "GET /xingrg/kc/buy/buy_main.html HTTP/1.1" 200 12412
116.232.52.177 - - [11/Dec/2020:10:16:50 +0800] "GET /xingrg/css/new_ie.css HTTP/1.1" 404 1036
116.232.52.177 - - [11/Dec/2020:10:16:50 +0800] "GET /xingrg/images/yd/bt.gif HTTP/1.1" 404 1040
116.232.52.177 - - [11/Dec/2020:10:16:51 +0800] "GET /xingrg/kc/buy/cgsh_order_list.html HTTP/1.1" 200 45202
180.162.223.42 - - [11/Dec/2020:10:16:51 +0800] "GET /xingrg/all/function/internal_message.html?_=1607652990706&CODE_STATE=getMsg HTTP/1.1" 200 27
116.228.172.94 - - [11/Dec/2020:10:16:52 +0800] "GET /xingrg/all/function/internal_message.html?_=1607653009026&CODE_STATE=getMsg HTTP/1.1" 200 27
223.167.127.220 - - [11/Dec/2020:10:16:53 +0800] "GET /xingrg/all/function/internal_message.html?_=1607653012893&CODE_STATE=getMsg HTTP/1.1" 302 -
223.167.127.220 - - [11/Dec/2020:10:16:53 +0800] "GET /xingrg/check_reg.html?_=1607653012896 HTTP/1.1" 302 -
116.228.172.94 - - [11/Dec/2020:10:16:53 +0800] "POST /xingrg/kc/buy/cgsh_order_operate.html HTTP/1.1" 200 37
116.232.52.177 - - [11/Dec/2020:10:16:53 +0800] "POST /xingrg/kc/buy/cgsh_list_operate.html HTTP/1.1" 200 1682
114.88.159.147 - - [11/Dec/2020:10:16:54 +0800] "GET /xingrg/all/function/internal_message.html?_=1607652585134&CODE_STATE=getMsg HTTP/1.1" 200 27
116.232.52.177 - - [11/Dec/2020:10:16:55 +0800] "GET /xingrg/index.html?sysBaseUrl=http%3A%2F%2F180.169.147.146%3A18081%2Fxingrg%2F&costTime=51×tamp=1607650457759 HTTP/1.1" 200 17173
116.228.172.94 - - [11/Dec/2020:10:16:56 +0800] "POST /xingrg/kc/buy/cgsh_order_operate.html HTTP/1.1" 200 3258
114.84.32.187 - - [11/Dec/2020:10:16:56 +0800] "GET /xingrg/all/function/internal_message.html?_=1607653043505&CODE_STATE=getMsg HTTP/1.1" 302 -
116.232.52.177 - - [11/Dec/2020:10:16:57 +0800] "POST /xingrg/all/common/load_tree.html?tree=area_rest_tree_json&manage=1 HTTP/1.1" 200 342
116.232.52.177 - - [11/Dec/2020:10:16:57 +0800] "GET /xingrg/all/function/internal_message.html?_=1607653019858&CODE_STATE=count HTTP/1.1" 200 11
116.232.52.177 - - [11/Dec/2020:10:16:57 +0800] "GET /xingrg/check_reg.html?_=1607653019858 HTTP/1.1" 200 22
116.232.52.177 - - [11/Dec/2020:10:16:57 +0800] "POST /xingrg/load_menu.html HTTP/1.1" 200 5138
116.232.52.177 - - [11/Dec/2020:10:16:57 +0800] "GET /favicon.ico HTTP/1.1" 404 -
116.232.52.177 - - [11/Dec/2020:10:16:58 +0800] "GET /xingrg/kc/buy/buy_main.html HTTP/1.1" 200 12412
116.232.52.177 - - [11/Dec/2020:10:16:58 +0800] "GET /xingrg/css/new_ie.css HTTP/1.1" 404 1036
117.184.7.30 - - [11/Dec/2020:10:16:58 +0800] "GET /xingrg/all/function/internal_message.html?_=1607653007003&CODE_STATE=getMsg HTTP/1.1" 200 27
180.152.104.37 - - [11/Dec/2020:10:16:58 +0800] "POST /xingrg/kc/buy/cgsh_order_operate.html HTTP/1.1" 200 37
116.228.172.94 - - [11/Dec/2020:10:16:58 +0800] "GET /xingrg/kc/print/load_data.html?order_code=212020121104086&kc_code=cgsh&condition= HTTP/1.1" 200 970
116.232.52.177 - - [11/Dec/2020:10:16:59 +0800] "GET /xingrg/kc/buy/cgsh_order_list.html HTTP/1.1" 200 45202
116.232.52.177 - - [11/Dec/2020:10:17:00 +0800] "POST /xingrg/kc/buy/cgsh_list_operate.html HTTP/1.1" 200 1682
180.174.56.115 - - [11/Dec/2020:10:17:01 +0800] "GET /xingrg/all/function/internal_message.html?_=1607653020776&CODE_STATE=getMsg HTTP/1.1" 200 27
180.174.56.115 - - [11/Dec/2020:10:17:01 +0800] "GET /xingrg/check_reg.html?_=1607653020789 HTTP/1.1" 200 22
116.232.52.177 - - [11/Dec/2020:10:17:02 +0800] "POST /xingrg/kc/buy/cgsh_list_operate.html HTTP/1.1" 200 203
116.232.52.177 - - [11/Dec/2020:10:17:02 +0800] "GET /xingrg/words/20201209121717_words.js HTTP/1.1" 200 780165
116.232.52.177 - - [11/Dec/2020:10:17:02 +0800] "GET /xingrg/kc/buy/cgsh_order_info.html?code=212020121104081 HTTP/1.1" 200 60993
116.232.52.177 - - [11/Dec/2020:10:17:03 +0800] "GET /xingrg/all/common/auto_word.html?type=employee&rest_code=00109 HTTP/1.1" 200 255
116.232.52.177 - - [11/Dec/2020:10:17:03 +0800] "GET /xingrg/javascript/easyui/themes/default/validatebox.css HTTP/1.1" 404 1104
116.232.52.177 - - [11/Dec/2020:10:17:03 +0800] "GET /xingrg/all/common/auto_word.html?type=employee&rest_code=00109 HTTP/1.1" 200 255
116.232.52.177 - - [11/Dec/2020:10:17:03 +0800] "POST /xingrg/kc/buy/cgsh_order_operate.html HTTP/1.1" 200 2660
116.228.172.94 - - [11/Dec/2020:10:17:03 +0800] "GET /xingrg/kc/buy/cgsh_order_add.html HTTP/1.1" 200 61027
116.228.172.94 - - [11/Dec/2020:10:17:04 +0800] "POST /xingrg/kc/buy/cgsh_order_operate.html HTTP/1.1" 200 8245
116.228.172.94 - - [11/Dec/2020:10:17:04 +0800] "GET /xingrg/javascript/easyui/themes/default/validatebox.css HTTP/1.1" 404 1104
116.232.52.177 - - [11/Dec/2020:10:17:05 +0800] "GET /xingrg/kc/print/load_config.html?kc_code=cgsh HTTP/1.1" 200 1845
116.232.52.177 - - [11/Dec/2020:10:17:05 +0800] "GET /xingrg/kc/print/load_data.html?order_code=212020121104081&kc_code=cgsh&condition= HTTP/1.1" 200 653
101.91.62.99 - - [11/Dec/2020:10:17:05 +0800] "GET /xingrg/kc/buy/cgsh_order_operate.html?command=get_materiel&rest_code=00141&code=00101008038&supplier_code=00100007&order_time=2020-12-11 HTTP/1.1" 302 -
180.152.104.37 - - [11/Dec/2020:10:17:06 +0800] "POST /xingrg/kc/buy/cgsh_order_operate.html HTTP/1.1" 200 12
116.228.172.94 - - [11/Dec/2020:10:17:06 +0800] "GET /xingrg/javascript/easyui/themes/default/tree.css HTTP/1.1" 404 1090
116.228.172.94 - - [11/Dec/2020:10:17:06 +0800] "POST /xingrg/all/common/load_tree.html?tree=supplier_tree_json&isDelete=1 HTTP/1.1" 200 52361
101.91.60.105 - - [11/Dec/2020:10:17:07 +0800] "GET /xingrg/kc/buy/cgsh_order_operate.html?command=get_materiel&rest_code=00141&code=00101008355&supplier_code=00100007&order_time=2020-12-11 HTTP/1.1" 302 -
180.152.104.37 - - [11/Dec/2020:10:17:07 +0800] "GET /xingrg/kc/buy/cgsh_order_info.html?code=212020121104087 HTTP/1.1" 200 55797
117.185.32.26 - - [11/Dec/2020:10:17:07 +0800] "GET /xingrg/images/blue/jxLogo.png HTTP/1.1" 200 6156
180.152.104.37 - - [11/Dec/2020:10:17:08 +0800] "GET /xingrg/javascript/easyui/themes/default/validatebox.css HTTP/1.1" 404 1104
180.152.104.37 - - [11/Dec/2020:10:17:08 +0800] "POST /xingrg/kc/buy/cgsh_order_operate.html HTTP/1.1" 200 4724
172.17.0.100 - - [11/Dec/2020:10:17:09 +0800] "GET /xingrg/all/function/internal_message.html?_=1607653087325&CODE_STATE=getMsg HTTP/1.1" 200 27
101.91.62.99 - - [11/Dec/2020:10:17:10 +0800] "GET /xingrg/login.html HTTP/1.1" 200 7641
116.232.52.177 - - [11/Dec/2020:10:17:11 +0800] "GET /xingrg/kc/buy/cgsh_order_add.html HTTP/1.1" 200 60986
116.232.52.177 - - [11/Dec/2020:10:17:11 +0800] "POST /xingrg/kc/buy/cgsh_order_operate.html HTTP/1.1" 200 8245
116.232.52.177 - - [11/Dec/2020:10:17:11 +0800] "GET /xingrg/all/common/auto_word.html?type=employee&rest_code=00109 HTTP/1.1" 200 255
116.232.52.177 - - [11/Dec/2020:10:17:11 +0800] "GET /xingrg/all/common/auto_word.html?type=employee&rest_code=00109 HTTP/1.1" 200 255
116.232.52.177 - - [11/Dec/2020:10:17:11 +0800] "GET /xingrg/javascript/easyui/themes/default/validatebox.css HTTP/1.1" 404 1104
101.91.60.105 - - [11/Dec/2020:10:17:11 +0800] "GET /xingrg/login.html HTTP/1.1" 200 7641
180.152.104.37 - - [11/Dec/2020:10:17:11 +0800] "GET /xingrg/kc/print/load_data.html?order_code=212020121104087&kc_code=cgsh&condition= HTTP/1.1" 200 2241
117.185.32.26 - - [11/Dec/2020:10:17:12 +0800] "GET /xingrg/images/blue/hj.png HTTP/1.1" 200 1014
117.185.32.26 - - [11/Dec/2020:10:17:12 +0800] "GET /xingrg/images/blue/login_bg.png HTTP/1.1" 200 22101
117.185.32.26 - - [11/Dec/2020:10:17:12 +0800] "GET /xingrg/images/blue/srbg.png HTTP/1.1" 200 138
101.83.240.69 - - [11/Dec/2020:10:17:16 +0800] "GET /xingrg/all/function/internal_message.html?_=1607653031772&CODE_STATE=getMsg HTTP/1.1" 200 27
117.185.32.26 - - [11/Dec/2020:10:17:16 +0800] "GET /xingrg/all/function/internal_message.html?_=1607653494420&CODE_STATE=getMsg HTTP/1.1" 200 27
116.232.52.177 - - [11/Dec/2020:10:17:17 +0800] "GET /xingrg/javascript/jquery_tools/images/next.gif HTTP/1.1" 404 1086
116.232.52.177 - - [11/Dec/2020:10:17:17 +0800] "GET /xingrg/javascript/jquery_tools/images/prev.gif HTTP/1.1" 404 1086
101.91.62.99 - - [11/Dec/2020:10:17:17 +0800] "GET /xingrg/kc/buy/cgsh_order_operate.html?command=get_materiel&rest_code=00141&code=00101008163&supplier_code=00100007&order_time=2020-12-11 HTTP/1.1" 302 -
61.151.178.177 - - [11/Dec/2020:10:17:18 +0800] "GET /xingrg/kc/buy/cgsh_order_operate.html?command=get_materiel&rest_code=00141&code=00101008017&supplier_code=00100007&order_time=2020-12-11 HTTP/1.1" 302 -
180.152.104.37 - - [11/Dec/2020:10:17:18 +0800] "GET /xingrg/javascript/jquery_easy_ui/themes/default/images/tabs_active.png HTTP/1.1" 304 -
101.91.60.105 - - [11/Dec/2020:10:17:19 +0800] "GET /xingrg/all/function/internal_message.html?_=1607652262991&CODE_STATE=getMsg HTTP/1.1" 302 -
114.88.159.147 - - [11/Dec/2020:10:17:19 +0800] "GET /xingrg/all/function/internal_message.html?_=1607653043018&CODE_STATE=getMsg HTTP/1.1" 200 27
114.88.163.87 - - [11/Dec/2020:10:17:20 +0800] "GET /xingrg/all/function/internal_message.html?_=1607653169255&CODE_STATE=getMsg HTTP/1.1" 200 27
61.151.178.177 - - [11/Dec/2020:10:17:21 +0800] "GET /xingrg/login.html HTTP/1.1" 200 7641
172.17.200.101 - - [11/Dec/2020:10:17:24 +0800] "GET /xingrg/all/function/internal_message.html?_=1607653044586&CODE_STATE=getMsg HTTP/1.1" 200 27
101.91.60.105 - - [11/Dec/2020:10:17:25 +0800] "GET /xingrg/login.html HTTP/1.1" 200 7641
116.232.52.177 - - [11/Dec/2020:10:17:25 +0800] "GET /xingrg/kc/buy/cgsh_order_operate.html?command=get_materiel&rest_code=00109&code=00101011007&supplier_code=00100046&order_time=2020-12-11 HTTP/1.1" 200 414
61.129.6.225 - - [11/Dec/2020:10:17:25 +0800] "GET /xingrg/kc/buy/cgsh_order_operate.html?command=get_materiel&rest_code=00141&code=00101008272&supplier_code=00100007&order_time=2020-12-11 HTTP/1.1" 302 -
101.91.62.99 - - [11/Dec/2020:10:17:26 +0800] "GET /xingrg/login.html HTTP/1.1" 200 7641
180.152.104.37 - - [11/Dec/2020:10:17:27 +0800] "GET /xingrg/all/function/internal_message.html?_=1607653274146&CODE_STATE=getMsg HTTP/1.1" 200 27
116.228.172.94 - - [11/Dec/2020:10:17:27 +0800] "GET /xingrg/all/function/internal_message.html?_=1607653043942&CODE_STATE=getMsg HTTP/1.1" 200 27
116.228.172.94 - - [11/Dec/2020:10:17:27 +0800] "GET /xingrg/kc/buy/cgsh_order_operate.html?command=get_materiel&rest_code=00107&code=00101010108&supplier_code=00100336&order_time=2020-12-11 HTTP/1.1" 200 421
172.17.0.120 - - [11/Dec/2020:10:17:27 +0800] "GET /xingrg/all/function/internal_message.html?_=1607653550402&CODE_STATE=getMsg HTTP/1.1" 200 27
61.129.6.225 - - [11/Dec/2020:10:17:29 +0800] "GET /xingrg/login.html HTTP/1.1" 200 7641
180.162.223.42 - - [11/Dec/2020:10:17:32 +0800] "GET /xingrg/all/function/internal_message.html?_=1607653052451&CODE_STATE=getMsg HTTP/1.1" 200 27
114.88.159.147 - - [11/Dec/2020:10:17:33 +0800] "POST /xingrg/services/DataTransmitService HTTP/1.1" 200 524
180.157.253.48 - - [11/Dec/2020:10:17:34 +0800] "GET /xingrg/all/function/internal_message.html?_=1607653053793&CODE_STATE=getMsg HTTP/1.1" 200 27
116.228.172.94 - - [11/Dec/2020:10:17:34 +0800] "POST /xingrg/kc/buy/cgsh_order_operate.html HTTP/1.1" 200 37
114.88.163.87 - - [11/Dec/2020:10:17:35 +0800] "GET /xingrg/all/function/internal_message.html?_=1607653050684&CODE_STATE=getMsg HTTP/1.1" 200 27
116.228.172.94 - - [11/Dec/2020:10:17:37 +0800] "POST /xingrg/kc/buy/cgsh_order_operate.html HTTP/1.1" 200 2665
101.85.93.83 - - [11/Dec/2020:10:17:38 +0800] "GET /xingrg/all/function/internal_message.html?_=1607652765229&CODE_STATE=getMsg HTTP/1.1" 200 27
116.228.172.94 - - [11/Dec/2020:10:17:38 +0800] "GET /xingrg/kc/print/load_data.html?order_code=212020121104088&kc_code=cgsh&condition= HTTP/1.1" 200 678
222.69.133.109 - - [11/Dec/2020:10:17:41 +0800] "GET /xingrg/all/function/internal_message.html?_=1607653060748&CODE_STATE=getMsg HTTP/1.1" 200 27
180.174.56.115 - - [11/Dec/2020:10:17:42 +0800] "GET /xingrg/all/function/internal_message.html?_=1607653025177&CODE_STATE=getMsg HTTP/1.1" 200 27
116.228.172.94 - - [11/Dec/2020:10:17:42 +0800] "GET /xingrg/kc/buy/cgsh_order_add.html HTTP/1.1" 200 61027
117.185.32.26 - - [11/Dec/2020:10:17:42 +0800] "GET /favicon.ico HTTP/1.1" 404 -
116.228.172.94 - - [11/Dec/2020:10:17:43 +0800] "GET /xingrg/javascript/easyui/themes/default/validatebox.css HTTP/1.1" 404 1104
116.228.172.94 - - [11/Dec/2020:10:17:43 +0800] "POST /xingrg/kc/buy/cgsh_order_operate.html HTTP/1.1" 200 8245
180.152.104.37 - - [11/Dec/2020:10:17:43 +0800] "POST /xingrg/kc/buy/cgsh_list_operate.html HTTP/1.1" 200 5782
116.228.172.94 - - [11/Dec/2020:10:17:44 +0800] "GET /xingrg/javascript/easyui/themes/default/tree.css HTTP/1.1" 404 1090
116.228.172.94 - - [11/Dec/2020:10:17:44 +0800] "POST /xingrg/all/common/load_tree.html?tree=supplier_tree_json&isDelete=1 HTTP/1.1" 200 52361
180.162.223.42 - - [11/Dec/2020:10:17:51 +0800] "GET /xingrg/all/function/internal_message.html?_=1607653050708&CODE_STATE=getMsg HTTP/1.1" 200 27
116.232.52.177 - - [11/Dec/2020:10:17:52 +0800] "GET /xingrg/kc/buy/cgsh_order_operate.html?command=get_materiel&rest_code=00109&code=00101011001&supplier_code=00100046&order_time=2020-12-11 HTTP/1.1" 200 423
116.228.172.94 - - [11/Dec/2020:10:17:52 +0800] "GET /xingrg/all/function/internal_message.html?_=1607653069029&CODE_STATE=getMsg HTTP/1.1" 200 27
223.167.127.220 - - [11/Dec/2020:10:17:53 +0800] "GET /xingrg/all/function/internal_message.html?_=1607653072895&CODE_STATE=getMsg HTTP/1.1" 302 -
114.88.159.147 - - [11/Dec/2020:10:17:53 +0800] "GET /xingrg/all/function/internal_message.html?_=1607652645133&CODE_STATE=getMsg HTTP/1.1" 200 27
114.84.32.187 - - [11/Dec/2020:10:17:56 +0800] "GET /xingrg/all/function/internal_message.html?_=1607653103527&CODE_STATE=getMsg HTTP/1.1" 302 -
116.232.52.177 - - [11/Dec/2020:10:17:57 +0800] "GET /xingrg/all/function/internal_message.html?_=1607653079862&CODE_STATE=getMsg HTTP/1.1" 200 27
116.232.52.177 - - [11/Dec/2020:10:17:57 +0800] "POST /xingrg/kc/buy/cgsh_order_operate.html HTTP/1.1" 200 37
116.232.52.177 - - [11/Dec/2020:10:17:58 +0800] "POST /xingrg/kc/buy/cgsh_order_operate.html HTTP/1.1" 200 3259
117.184.7.30 - - [11/Dec/2020:10:17:58 +0800] "GET /xingrg/all/function/internal_message.html?_=1607653067003&CODE_STATE=getMsg HTTP/1.1" 200 27
117.184.7.26 - - [11/Dec/2020:10:17:58 +0800] "GET /xingrg/check_reg.html?_=1607653067035 HTTP/1.1" 200 22
116.232.52.177 - - [11/Dec/2020:10:17:59 +0800] "GET /xingrg/kc/print/load_config.html?kc_code=cgsh HTTP/1.1" 200 1845
116.232.52.177 - - [11/Dec/2020:10:17:59 +0800] "GET /xingrg/kc/print/load_data.html?order_code=212020121104089&kc_code=cgsh&condition= HTTP/1.1" 200 915
101.89.239.238 - - [11/Dec/2020:10:18:01 +0800] "GET /xingrg/kc/buy/cgsh_order_operate.html?command=get_materiel&rest_code=00141&code=00101008357&supplier_code=00100007&order_time=2020-12-11 HTTP/1.1" 302 -
180.174.56.115 - - [11/Dec/2020:10:18:01 +0800] "GET /xingrg/all/function/internal_message.html?_=1607653080775&CODE_STATE=getMsg HTTP/1.1" 200 27
116.228.172.94 - - [11/Dec/2020:10:18:01 +0800] "GET /xingrg/kc/buy/cgsh_order_operate.html?command=get_materiel&rest_code=00107&code=00101004090&supplier_code=00100312&order_time=2020-12-11 HTTP/1.1" 200 411
101.89.239.238 - - [11/Dec/2020:10:18:03 +0800] "GET /xingrg/login.html HTTP/1.1" 200 7641
114.84.32.187 - - [11/Dec/2020:10:18:05 +0800] "GET /xingrg/check_reg.html?_=1607653102866 HTTP/1.1" 200 22
172.17.0.100 - - [11/Dec/2020:10:18:09 +0800] "GET /xingrg/all/function/internal_message.html?_=1607653147312&CODE_STATE=getMsg HTTP/1.1" 200 27
61.129.6.151 - - [11/Dec/2020:10:18:11 +0800] "GET /xingrg/kc/buy/cgsh_order_operate.html?command=get_materiel&rest_code=00141&code=00101008036&supplier_code=00100007&order_time=2020-12-11 HTTP/1.1" 302 -
61.151.178.197 - - [11/Dec/2020:10:18:13 +0800] "GET /xingrg/kc/buy/cgsh_order_operate.html?command=get_materiel&rest_code=00141&code=00101008131&supplier_code=00100007&order_time=2020-12-11 HTTP/1.1" 302 -
61.129.6.151 - - [11/Dec/2020:10:18:16 +0800] "GET /xingrg/login.html HTTP/1.1" 200 7641
101.83.240.69 - - [11/Dec/2020:10:18:16 +0800] "GET /xingrg/all/function/internal_message.html?_=1607653091756&CODE_STATE=getMsg HTTP/1.1" 200 27
117.185.32.26 - - [11/Dec/2020:10:18:16 +0800] "GET /xingrg/all/function/internal_message.html?_=1607653554420&CODE_STATE=getMsg HTTP/1.1" 200 27
116.228.172.94 - - [11/Dec/2020:10:18:18 +0800] "GET /xingrg/kc/buy/cgsh_order_operate.html?command=get_materiel&rest_code=00107&code=00101004067&supplier_code=00100312&order_time=2020-12-11 HTTP/1.1" 200 413
114.88.159.147 - - [11/Dec/2020:10:18:19 +0800] "GET /xingrg/all/function/internal_message.html?_=1607653103019&CODE_STATE=getMsg HTTP/1.1" 200 27
61.151.178.197 - - [11/Dec/2020:10:18:20 +0800] "GET /xingrg/login.html HTTP/1.1" 200 7641
114.88.163.87 - - [11/Dec/2020:10:18:20 +0800] "GET /xingrg/all/function/internal_message.html?_=1607653229261&CODE_STATE=getMsg HTTP/1.1" 200 27
172.17.200.101 - - [11/Dec/2020:10:18:24 +0800] "GET /xingrg/all/function/internal_message.html?_=1607653104571&CODE_STATE=getMsg HTTP/1.1" 200 27
180.152.104.37 - - [11/Dec/2020:10:18:27 +0800] "GET /xingrg/all/function/internal_message.html?_=1607653334154&CODE_STATE=getMsg HTTP/1.1" 200 27
116.228.172.94 - - [11/Dec/2020:10:18:27 +0800] "GET /xingrg/all/function/internal_message.html?_=1607653103919&CODE_STATE=getMsg HTTP/1.1" 200 27
172.17.0.120 - - [11/Dec/2020:10:18:27 +0800] "GET /xingrg/all/function/internal_message.html?_=1607653610391&CODE_STATE=getMsg HTTP/1.1" 200 27
180.162.223.42 - - [11/Dec/2020:10:18:32 +0800] "GET /xingrg/all/function/internal_message.html?_=1607653112425&CODE_STATE=getMsg HTTP/1.1" 200 27
180.152.104.37 - - [11/Dec/2020:10:18:32 +0800] "POST /xingrg/kc/buy/cgsh_list_operate.html HTTP/1.1" 200 567
101.83.240.69 - - [11/Dec/2020:10:18:33 +0800] "GET /xingrg/kc/buy/cgsh_order_add.html HTTP/1.1" 200 60992
101.83.240.69 - - [11/Dec/2020:10:18:33 +0800] "POST /xingrg/kc/buy/cgsh_order_operate.html HTTP/1.1" 200 8245
101.83.240.69 - - [11/Dec/2020:10:18:33 +0800] "GET /xingrg/javascript/easyui/themes/default/validatebox.css HTTP/1.1" 404 1104
116.228.172.94 - - [11/Dec/2020:10:18:33 +0800] "GET /xingrg/kc/buy/cgsh_order_operate.html?command=get_materiel&rest_code=00107&code=00101004028&supplier_code=00100312&order_time=2020-12-11 HTTP/1.1" 200 413
180.157.253.48 - - [11/Dec/2020:10:18:34 +0800] "GET /xingrg/all/function/internal_message.html?_=1607653113796&CODE_STATE=getMsg HTTP/1.1" 200 27
114.88.163.87 - - [11/Dec/2020:10:18:35 +0800] "GET /xingrg/all/function/internal_message.html?_=1607653110706&CODE_STATE=getMsg HTTP/1.1" 200 27
101.85.93.83 - - [11/Dec/2020:10:18:38 +0800] "GET /xingrg/all/function/internal_message.html?_=1607652825231&CODE_STATE=getMsg HTTP/1.1" 200 27
222.69.133.109 - - [11/Dec/2020:10:18:41 +0800] "GET /xingrg/all/function/internal_message.html?_=1607653120735&CODE_STATE=getMsg HTTP/1.1" 200 27
180.174.56.115 - - [11/Dec/2020:10:18:42 +0800] "GET /xingrg/all/function/internal_message.html?_=1607653085191&CODE_STATE=getMsg HTTP/1.1" 200 27
180.174.56.115 - - [11/Dec/2020:10:18:42 +0800] "POST /xingrg/all/user/operate.html HTTP/1.1" 200 36
180.174.56.115 - - [11/Dec/2020:10:18:42 +0800] "GET /xingrg/javascript/jquery_easy_ui/themes/default/easyui.css HTTP/1.1" 304 -
180.174.56.115 - - [11/Dec/2020:10:18:42 +0800] "GET /xingrg/index.html?sysBaseUrl=http%3A%2F%2F180.169.147.146%3A18081%2Fxingrg%2F&costTime=38×tamp=1607646879531 HTTP/1.1" 200 17179
180.174.56.115 - - [11/Dec/2020:10:18:42 +0800] "GET /xingrg/javascript/jquery_easy_ui/themes/icon.css HTTP/1.1" 304 -
180.174.56.115 - - [11/Dec/2020:10:18:42 +0800] "GET /xingrg/css/form.css HTTP/1.1" 304 -
180.174.56.115 - - [11/Dec/2020:10:18:42 +0800] "GET /xingrg/javascript/jquery-1.4.2.min.js HTTP/1.1" 304 -
180.174.56.115 - - [11/Dec/2020:10:18:43 +0800] "GET /xingrg/javascript/jquery_easy_ui/jquery.easyui.min.js HTTP/1.1" 304 -
180.174.56.115 - - [11/Dec/2020:10:18:43 +0800] "GET /xingrg/javascript/jquery_easy_ui/easyui-lang-zh_CN.js HTTP/1.1" 304 -
180.174.56.115 - - [11/Dec/2020:10:18:43 +0800] "GET /xingrg/javascript/jquery.form.js HTTP/1.1" 304 -
180.174.56.115 - - [11/Dec/2020:10:18:43 +0800] "GET /xingrg/javascript/jquery.utils.js HTTP/1.1" 304 -
180.174.56.115 - - [11/Dec/2020:10:18:43 +0800] "GET /xingrg/javascript/jquery.timers.js HTTP/1.1" 304 -
180.174.56.115 - - [11/Dec/2020:10:18:43 +0800] "GET /xingrg/images/blue/jxLogo.png HTTP/1.1" 304 -
180.174.56.115 - - [11/Dec/2020:10:18:43 +0800] "GET /xingrg/images/blue/navBackgound.jpg HTTP/1.1" 304 -
180.174.56.115 - - [11/Dec/2020:10:18:43 +0800] "GET /xingrg/javascript/jquery_easy_ui/themes/icons/settle_new.png HTTP/1.1" 304 -
180.174.56.115 - - [11/Dec/2020:10:18:43 +0800] "POST /xingrg/all/common/load_tree.html?tree=area_rest_tree_json&manage=1 HTTP/1.1" 200 476
180.174.56.115 - - [11/Dec/2020:10:18:43 +0800] "GET /xingrg/all/function/internal_message.html?_=1607653122921&CODE_STATE=count HTTP/1.1" 200 11
180.174.56.115 - - [11/Dec/2020:10:18:43 +0800] "GET /xingrg/check_reg.html?_=1607653122923 HTTP/1.1" 200 22
180.174.56.115 - - [11/Dec/2020:10:18:43 +0800] "GET /xingrg/javascript/jquery_easy_ui/themes/default/images/tabs_rightarrow.png HTTP/1.1" 304 -
180.174.56.115 - - [11/Dec/2020:10:18:43 +0800] "GET /xingrg/javascript/jquery_easy_ui/themes/default/images/panel_tool_collapse.gif HTTP/1.1" 304 -
180.174.56.115 - - [11/Dec/2020:10:18:43 +0800] "GET /xingrg/images/blue/pingpu.png HTTP/1.1" 304 -
180.174.56.115 - - [11/Dec/2020:10:18:43 +0800] "GET /xingrg/javascript/jquery_easy_ui/themes/default/images/tabs_leftarrow.png HTTP/1.1" 304 -
180.174.56.115 - - [11/Dec/2020:10:18:43 +0800] "POST /xingrg/load_menu.html HTTP/1.1" 200 5138
180.174.56.115 - - [11/Dec/2020:10:18:44 +0800] "GET /xingrg/kc/report/report_main.html HTTP/1.1" 200 7345
116.228.172.94 - - [11/Dec/2020:10:18:44 +0800] "GET /xingrg/kc/buy/cgsh_order_operate.html?command=get_materiel&rest_code=00107&code=00101001096&supplier_code=00100312&order_time=2020-12-11 HTTP/1.1" 200 428
180.174.56.115 - - [11/Dec/2020:10:18:45 +0800] "GET /xingrg/all/report/report_query.html?fileName=kc/buy/gys_amount.xml&rh=99999 HTTP/1.1" 200 52006
180.174.56.115 - - [11/Dec/2020:10:18:45 +0800] "GET /xingrg/dwr/interface/AjaxReportQueryService.js HTTP/1.1" 200 13203
180.174.56.115 - - [11/Dec/2020:10:18:45 +0800] "GET /xingrg/dwr/engine.js HTTP/1.1" 200 43631
180.174.56.115 - - [11/Dec/2020:10:18:46 +0800] "POST /xingrg/dwr/call/plaincall/AjaxReportQueryService.getFixDate.dwr HTTP/1.1" 200 111
180.174.56.115 - - [11/Dec/2020:10:18:46 +0800] "POST /xingrg/all/common/load_tree.html?tree=supplier_tree_json&manage=1 HTTP/1.1" 200 53093
101.83.240.69 - - [11/Dec/2020:10:18:46 +0800] "GET /xingrg/kc/buy/cgsh_order_operate.html?command=get_materiel&rest_code=00149&code=00101007061&supplier_code=00100205&order_time=2020-12-11 HTTP/1.1" 200 411
180.174.56.115 - - [11/Dec/2020:10:18:47 +0800] "POST /xingrg/all/common/load_tree.html?tree=materiel_sort_tree_json HTTP/1.1" 200 8666
180.174.56.115 - - [11/Dec/2020:10:18:48 +0800] "POST /xingrg/dwr/call/plaincall/AjaxReportQueryService.getInitString.dwr HTTP/1.1" 200 1482
180.174.56.115 - - [11/Dec/2020:10:18:50 +0800] "POST /xingrg/dwr/call/plaincall/AjaxReportQueryService.refreshCache.dwr HTTP/1.1" 200 78
180.162.223.42 - - [11/Dec/2020:10:18:51 +0800] "GET /xingrg/all/function/internal_message.html?_=1607653110707&CODE_STATE=getMsg HTTP/1.1" 200 27
180.162.223.42 - - [11/Dec/2020:10:18:51 +0800] "GET /xingrg/check_reg.html?_=1607653110710 HTTP/1.1" 200 22
116.228.172.94 - - [11/Dec/2020:10:18:52 +0800] "GET /xingrg/all/function/internal_message.html?_=1607653129031&CODE_STATE=getMsg HTTP/1.1" 200 27
180.174.56.115 - - [11/Dec/2020:10:18:52 +0800] "POST /xingrg/all/report/load_report_page.html HTTP/1.1" 200 121409
223.167.127.220 - - [11/Dec/2020:10:18:53 +0800] "GET /xingrg/all/function/internal_message.html?_=1607653132894&CODE_STATE=getMsg HTTP/1.1" 302 -
180.174.56.115 - - [11/Dec/2020:10:18:53 +0800] "GET /xingrg/servlets/image?cache=0.5488931700887053&image=px HTTP/1.1" 200 807
114.88.159.147 - - [11/Dec/2020:10:18:54 +0800] "GET /xingrg/all/function/internal_message.html?_=1607652705135&CODE_STATE=getMsg HTTP/1.1" 200 27
114.88.159.147 - - [11/Dec/2020:10:18:54 +0800] "GET /xingrg/check_reg.html?_=1607652705136 HTTP/1.1" 200 22
172.17.200.101 - - [11/Dec/2020:10:18:55 +0800] "POST /xingrg/all/report/report_print.html HTTP/1.1" 200 7168
114.84.32.187 - - [11/Dec/2020:10:18:56 +0800] "GET /xingrg/all/function/internal_message.html?_=1607653163532&CODE_STATE=getMsg HTTP/1.1" 302 -
101.83.240.69 - - [11/Dec/2020:10:18:56 +0800] "GET /xingrg/kc/buy/cgsh_order_operate.html?command=get_materiel&rest_code=00149&code=00101007125&supplier_code=00100205&order_time=2020-12-11 HTTP/1.1" 200 406
116.232.52.177 - - [11/Dec/2020:10:18:57 +0800] "GET /xingrg/all/function/internal_message.html?_=1607653140432&CODE_STATE=getMsg HTTP/1.1" 200 27
117.184.7.30 - - [11/Dec/2020:10:18:58 +0800] "GET /xingrg/all/function/internal_message.html?_=1607653127003&CODE_STATE=getMsg HTTP/1.1" 200 27
116.228.172.94 - - [11/Dec/2020:10:18:59 +0800] "GET /xingrg/kc/buy/cgsh_order_operate.html?command=get_materiel&rest_code=00107&code=00101001138&supplier_code=00100312&order_time=2020-12-11 HTTP/1.1" 200 413
180.174.56.115 - - [11/Dec/2020:10:19:01 +0800] "GET /xingrg/all/report/report_query.html?isQuery=1&fileName=kc/buy/wlcg_cate_hz.xml&queryString=(CONVERT(char(10)%252Ca.order_time%252C%2520120)%253E%253D'2020-12-01')%2520and%2520(CONVERT(char(10)%252Ca.order_time%252C%2520120)%253C%253D'2020-12-10')%2520and%2520(a.number%253E0%2520and%2520a.supplier_code%253D'00100404')&queryText=%25E3%2580%2590%25E9%2587%2587%25E8%25B4%25AD%25E6%2597%25A5%25E6%259C%259F%253A2020-12-01%2520%25E8%2587%25B3%25202020-12-10%25E3%2580%2591%2520%25E5%25B9%25B6%25E4%25B8%2594%2520%25E3%2580%2590%25E4%25BE%259B%25E5%25BA%2594%25E5%2595%2586%253D%25E4%25B8%258A%25E6%25B5%25B7%25E7%25AB%25AF%25E6%2587%25BF%25E8%25B4%25B8%25E6%2598%2593%25E6%259C%2589%25E9%2599%2590%25E5%2585%25AC%25E5%258F%25B8%25E3%2580%2591 HTTP/1.1" 200 54386
180.174.56.115 - - [11/Dec/2020:10:19:01 +0800] "GET /xingrg/dwr/interface/AjaxReportQueryService.js HTTP/1.1" 200 13203
180.174.56.115 - - [11/Dec/2020:10:19:01 +0800] "GET /xingrg/dwr/engine.js HTTP/1.1" 200 43631
180.174.56.115 - - [11/Dec/2020:10:19:03 +0800] "POST /xingrg/all/report/load_report_page.html HTTP/1.1" 200 8708
180.174.56.115 - - [11/Dec/2020:10:19:03 +0800] "GET /xingrg/servlets/image?cache=0.579789676599896&image=px HTTP/1.1" 200 807
61.129.8.179 - - [11/Dec/2020:10:19:03 +0800] "GET /xingrg/kc/buy/cgsh_order_operate.html?command=get_materiel&rest_code=00141&code=00101008137&supplier_code=00100007&order_time=2020-12-11 HTTP/1.1" 302 -
180.174.56.115 - - [11/Dec/2020:10:19:04 +0800] "POST /xingrg/all/report/load_report_page.html HTTP/1.1" 200 13055
180.174.56.115 - - [11/Dec/2020:10:19:04 +0800] "GET /xingrg/servlets/image?cache=0.7463301440985592&image=px HTTP/1.1" 200 807
172.17.0.100 - - [11/Dec/2020:10:19:09 +0800] "GET /xingrg/check_reg.html?_=1607653207312 HTTP/1.1" 200 22
172.17.0.100 - - [11/Dec/2020:10:19:09 +0800] "GET /xingrg/all/function/internal_message.html?_=1607653207318&CODE_STATE=getMsg HTTP/1.1" 200 27
180.174.56.115 - - [11/Dec/2020:10:19:09 +0800] "POST /xingrg/all/report/report_print.html HTTP/1.1" 302 -
180.174.56.115 - - [11/Dec/2020:10:19:09 +0800] "GET /xingrg/servlets/html?sysBaseUrl=http%3A%2F%2F180.169.147.146%3A18081%2Fxingrg%2F&costTime=361×tamp=1607653149910 HTTP/1.1" 200 14724
180.174.56.115 - - [11/Dec/2020:10:19:09 +0800] "GET /xingrg/servlets/image?image=px HTTP/1.1" 200 807
180.174.56.115 - - [11/Dec/2020:10:19:10 +0800] "GET /favicon.ico HTTP/1.1" 404 -
61.129.8.179 - - [11/Dec/2020:10:19:10 +0800] "GET /xingrg/login.html HTTP/1.1" 200 7641
101.83.240.69 - - [11/Dec/2020:10:19:16 +0800] "GET /xingrg/all/function/internal_message.html?_=1607653151734&CODE_STATE=getMsg HTTP/1.1" 200 27
117.185.32.26 - - [11/Dec/2020:10:19:16 +0800] "GET /xingrg/check_reg.html?_=1607653614419 HTTP/1.1" 200 22
117.185.32.26 - - [11/Dec/2020:10:19:16 +0800] "GET /xingrg/all/function/internal_message.html?_=1607653614420&CODE_STATE=getMsg HTTP/1.1" 200 27
117.185.32.26 - - [11/Dec/2020:10:19:19 +0800] "GET /xingrg/login.html HTTP/1.1" 200 7641
180.162.223.42 - - [11/Dec/2020:10:19:19 +0800] "GET /xingrg/kc/mdqp/qp_main.html HTTP/1.1" 200 10633
114.88.159.147 - - [11/Dec/2020:10:19:19 +0800] "GET /xingrg/check_reg.html?_=1607653163018 HTTP/1.1" 200 22
114.88.159.147 - - [11/Dec/2020:10:19:19 +0800] "GET /xingrg/all/function/internal_message.html?_=1607653163020&CODE_STATE=getMsg HTTP/1.1" 200 27
180.162.223.42 - - [11/Dec/2020:10:19:19 +0800] "GET /xingrg/images/yd/bt.gif HTTP/1.1" 404 1040
180.162.223.42 - - [11/Dec/2020:10:19:20 +0800] "GET /xingrg/kc/mdqp/qqps_order_list.html HTTP/1.1" 200 9222
180.162.223.42 - - [11/Dec/2020:10:19:20 +0800] "GET /xingrg/dwr/interface/AjaxQqpsService.js HTTP/1.1" 200 16326
180.162.223.42 - - [11/Dec/2020:10:19:20 +0800] "GET /xingrg/dwr/interface/AjaxReportQueryService.js HTTP/1.1" 200 13203
180.162.223.42 - - [11/Dec/2020:10:19:20 +0800] "GET /xingrg/dwr/engine.js HTTP/1.1" 200 43631
114.88.163.87 - - [11/Dec/2020:10:19:20 +0800] "GET /xingrg/all/function/internal_message.html?_=1607653289264&CODE_STATE=getMsg HTTP/1.1" 200 27
114.88.163.87 - - [11/Dec/2020:10:19:20 +0800] "GET /xingrg/check_reg.html?_=1607653289267 HTTP/1.1" 200 22
180.162.223.42 - - [11/Dec/2020:10:19:22 +0800] "GET /xingrg/kc/mdqp/qqps_order_add.html HTTP/1.1" 200 28236
180.162.223.42 - - [11/Dec/2020:10:19:22 +0800] "GET /xingrg/dwr/interface/AjaxQqpsService.js HTTP/1.1" 200 16326
180.162.223.42 - - [11/Dec/2020:10:19:22 +0800] "GET /xingrg/dwr/interface/AjaxComOrderService.js HTTP/1.1" 200 18264
180.162.223.42 - - [11/Dec/2020:10:19:22 +0800] "GET /xingrg/dwr/engine.js HTTP/1.1" 200 43631
117.185.32.26 - - [11/Dec/2020:10:19:24 +0800] "GET /favicon.ico HTTP/1.1" 404 -
172.17.200.101 - - [11/Dec/2020:10:19:24 +0800] "GET /xingrg/all/function/internal_message.html?_=1607653164583&CODE_STATE=getMsg HTTP/1.1" 200 27
180.152.104.37 - - [11/Dec/2020:10:19:25 +0800] "GET /xingrg/check_reg.html?_=1607653392677 HTTP/1.1" 200 22
180.152.104.37 - - [11/Dec/2020:10:19:27 +0800] "GET /xingrg/all/function/internal_message.html?_=1607653394166&CODE_STATE=getMsg HTTP/1.1" 200 27
116.228.172.94 - - [11/Dec/2020:10:19:27 +0800] "GET /xingrg/all/function/internal_message.html?_=1607653163913&CODE_STATE=getMsg HTTP/1.1" 200 27
172.17.0.120 - - [11/Dec/2020:10:19:27 +0800] "GET /xingrg/all/function/internal_message.html?_=1607653670395&CODE_STATE=getMsg HTTP/1.1" 200 27
172.17.0.120 - - [11/Dec/2020:10:19:27 +0800] "GET /xingrg/check_reg.html?_=1607653670396 HTTP/1.1" 200 22
117.185.32.26 - - [11/Dec/2020:10:19:31 +0800] "POST /xingrg/login.do HTTP/1.1" 302 -
114.88.163.87 - - [11/Dec/2020:10:19:32 +0800] "GET /xingrg/kc/buy/cgsh_order_add.html HTTP/1.1" 200 60939
117.185.32.26 - - [11/Dec/2020:10:19:32 +0800] "GET /xingrg/index.html?sysBaseUrl=http%3A%2F%2F180.169.147.146%3A18081%2Fxingrg%2F&costTime=40×tamp=1607653171743 HTTP/1.1" 200 17173
180.162.223.42 - - [11/Dec/2020:10:19:32 +0800] "GET /xingrg/all/function/internal_message.html?_=1607653172406&CODE_STATE=getMsg HTTP/1.1" 200 27
117.185.32.26 - - [11/Dec/2020:10:19:32 +0800] "GET /favicon.ico HTTP/1.1" 404 -
114.88.163.87 - - [11/Dec/2020:10:19:32 +0800] "POST /xingrg/kc/buy/cgsh_order_operate.html HTTP/1.1" 200 8245
114.88.163.87 - - [11/Dec/2020:10:19:32 +0800] "GET /xingrg/javascript/easyui/themes/default/validatebox.css HTTP/1.1" 404 1104
116.228.172.94 - - [11/Dec/2020:10:19:32 +0800] "GET /xingrg/kc/buy/cgsh_order_operate.html?command=get_materiel&rest_code=00107&code=00101004023&supplier_code=00100312&order_time=2020-12-11 HTTP/1.1" 200 409
117.185.32.26 - - [11/Dec/2020:10:19:32 +0800] "POST /xingrg/all/common/load_tree.html?tree=area_rest_tree_json&manage=1 HTTP/1.1" 200 342
117.185.32.26 - - [11/Dec/2020:10:19:33 +0800] "GET /xingrg/all/function/internal_message.html?_=1607653168322&CODE_STATE=count HTTP/1.1" 200 11
117.185.32.26 - - [11/Dec/2020:10:19:33 +0800] "GET /xingrg/check_reg.html?_=1607653168323 HTTP/1.1" 200 22
117.185.32.26 - - [11/Dec/2020:10:19:34 +0800] "POST /xingrg/load_menu.html HTTP/1.1" 200 5138
180.157.253.48 - - [11/Dec/2020:10:19:34 +0800] "GET /xingrg/check_reg.html?_=1607653173783 HTTP/1.1" 200 22
180.157.253.48 - - [11/Dec/2020:10:19:34 +0800] "GET /xingrg/all/function/internal_message.html?_=1607653173789&CODE_STATE=getMsg HTTP/1.1" 200 27
180.162.223.42 - - [11/Dec/2020:10:19:34 +0800] "POST /xingrg/dwr/call/plaincall/AjaxQqpsService.saveOrder.dwr HTTP/1.1" 200 78
114.88.163.87 - - [11/Dec/2020:10:19:35 +0800] "GET /xingrg/all/function/internal_message.html?_=1607653170727&CODE_STATE=getMsg HTTP/1.1" 200 27
117.185.32.26 - - [11/Dec/2020:10:19:36 +0800] "GET /xingrg/kc/buy/buy_main.html HTTP/1.1" 200 12412
117.185.32.26 - - [11/Dec/2020:10:19:36 +0800] "GET /xingrg/css/new_ie.css HTTP/1.1" 404 1036
117.185.32.26 - - [11/Dec/2020:10:19:37 +0800] "GET /xingrg/images/yd/bt.gif HTTP/1.1" 404 1040
117.185.32.26 - - [11/Dec/2020:10:19:38 +0800] "GET /xingrg/kc/buy/cgsh_order_list.html HTTP/1.1" 200 45202
101.89.239.230 - - [11/Dec/2020:10:19:38 +0800] "GET /xingrg/all/function/internal_message.html?_=1607652502997&CODE_STATE=getMsg HTTP/1.1" 302 -
101.85.93.83 - - [11/Dec/2020:10:19:38 +0800] "GET /xingrg/all/function/internal_message.html?_=1607652885225&CODE_STATE=getMsg HTTP/1.1" 200 27
116.228.172.94 - - [11/Dec/2020:10:19:40 +0800] "POST /xingrg/kc/buy/cgsh_order_operate.html HTTP/1.1" 200 37
114.88.163.87 - - [11/Dec/2020:10:19:40 +0800] "GET /xingrg/kc/buy/cgsh_order_operate.html?command=get_materiel&rest_code=00111&code=00101028020&supplier_code=00100017&order_time=2020-12-11 HTTP/1.1" 200 451
222.69.133.109 - - [11/Dec/2020:10:19:41 +0800] "GET /xingrg/all/function/internal_message.html?_=1607653180735&CODE_STATE=getMsg HTTP/1.1" 200 27
222.69.133.109 - - [11/Dec/2020:10:19:41 +0800] "GET /xingrg/check_reg.html?_=1607653180743 HTTP/1.1" 200 22
116.228.172.94 - - [11/Dec/2020:10:19:41 +0800] "POST /xingrg/kc/buy/cgsh_order_operate.html HTTP/1.1" 200 5626
180.174.56.115 - - [11/Dec/2020:10:19:42 +0800] "GET /xingrg/all/function/internal_message.html?_=1607653145207&CODE_STATE=getMsg HTTP/1.1" 200 27
180.174.56.115 - - [11/Dec/2020:10:19:43 +0800] "GET /xingrg/all/function/internal_message.html?_=1607653182927&CODE_STATE=getMsg HTTP/1.1" 200 27
116.228.172.94 - - [11/Dec/2020:10:19:43 +0800] "GET /xingrg/kc/print/load_data.html?order_code=212020121104090&kc_code=cgsh&condition= HTTP/1.1" 200 1808
101.89.239.230 - - [11/Dec/2020:10:19:44 +0800] "GET /xingrg/login.html HTTP/1.1" 200 7641
117.185.32.26 - - [11/Dec/2020:10:19:44 +0800] "POST /xingrg/kc/buy/cgsh_list_operate.html HTTP/1.1" 200 876
117.185.32.26 - - [11/Dec/2020:10:19:45 +0800] "GET /xingrg/kc/buy/cgsh_order_add.html HTTP/1.1" 200 60945
117.185.32.26 - - [11/Dec/2020:10:19:45 +0800] "GET /xingrg/words/20201209121717_words.js HTTP/1.1" 304 -
101.83.240.69 - - [11/Dec/2020:10:19:46 +0800] "GET /xingrg/kc/buy/cgsh_order_operate.html?command=get_materiel&rest_code=00149&code=00101007059&supplier_code=00100205&order_time=2020-12-11 HTTP/1.1" 200 409
180.162.223.42 - - [11/Dec/2020:10:19:46 +0800] "POST /xingrg/dwr/call/plaincall/AjaxQqpsService.getMaterielByCode.dwr HTTP/1.1" 200 2687
117.185.32.26 - - [11/Dec/2020:10:19:46 +0800] "GET /xingrg/all/common/auto_word.html?type=employee&rest_code=00106 HTTP/1.1" 200 205
117.185.32.26 - - [11/Dec/2020:10:19:46 +0800] "GET /xingrg/all/common/auto_word.html?type=employee&rest_code=00106 HTTP/1.1" 200 205
117.185.32.26 - - [11/Dec/2020:10:19:46 +0800] "GET /xingrg/javascript/easyui/themes/default/validatebox.css HTTP/1.1" 404 1104
117.185.32.26 - - [11/Dec/2020:10:19:47 +0800] "POST /xingrg/kc/buy/cgsh_order_operate.html HTTP/1.1" 200 8245
114.88.163.87 - - [11/Dec/2020:10:19:47 +0800] "POST /xingrg/kc/buy/cgsh_order_operate.html HTTP/1.1" 200 37
114.88.163.87 - - [11/Dec/2020:10:19:48 +0800] "POST /xingrg/kc/buy/cgsh_order_operate.html HTTP/1.1" 200 2690
117.185.32.26 - - [11/Dec/2020:10:19:48 +0800] "GET /xingrg/javascript/easyui/themes/default/tree.css HTTP/1.1" 404 1090
117.185.32.26 - - [11/Dec/2020:10:19:48 +0800] "POST /xingrg/all/common/load_tree.html?tree=supplier_tree_json&isDelete=1 HTTP/1.1" 200 52361
114.88.163.87 - - [11/Dec/2020:10:19:49 +0800] "GET /xingrg/kc/print/load_config.html?kc_code=cgsh HTTP/1.1" 200 1845
114.88.163.87 - - [11/Dec/2020:10:19:49 +0800] "GET /xingrg/kc/print/load_data.html?order_code=212020121104091&kc_code=cgsh&condition= HTTP/1.1" 200 759
116.228.172.94 - - [11/Dec/2020:10:19:50 +0800] "GET /xingrg/kc/buy/cgsh_order_add.html HTTP/1.1" 200 61027
116.228.172.94 - - [11/Dec/2020:10:19:51 +0800] "POST /xingrg/kc/buy/cgsh_order_operate.html HTTP/1.1" 200 8245
116.228.172.94 - - [11/Dec/2020:10:19:51 +0800] "GET /xingrg/javascript/easyui/themes/default/validatebox.css HTTP/1.1" 404 1104
180.162.223.42 - - [11/Dec/2020:10:19:51 +0800] "GET /xingrg/all/function/internal_message.html?_=1607653170742&CODE_STATE=getMsg HTTP/1.1" 200 27
116.228.172.94 - - [11/Dec/2020:10:19:52 +0800] "GET /xingrg/all/function/internal_message.html?_=1607653189032&CODE_STATE=getMsg HTTP/1.1" 200 27
223.167.127.220 - - [11/Dec/2020:10:19:53 +0800] "GET /xingrg/all/function/internal_message.html?_=1607653192894&CODE_STATE=getMsg HTTP/1.1" 302 -
116.228.172.94 - - [11/Dec/2020:10:19:53 +0800] "GET /xingrg/javascript/easyui/themes/default/tree.css HTTP/1.1" 404 1090
116.228.172.94 - - [11/Dec/2020:10:19:53 +0800] "POST /xingrg/all/common/load_tree.html?tree=supplier_tree_json&isDelete=1 HTTP/1.1" 200 52361
114.88.159.147 - - [11/Dec/2020:10:19:54 +0800] "GET /xingrg/all/function/internal_message.html?_=1607652765134&CODE_STATE=getMsg HTTP/1.1" 200 27
180.162.223.42 - - [11/Dec/2020:10:19:54 +0800] "POST /xingrg/dwr/call/plaincall/AjaxQqpsService.saveMaterielItem.dwr HTTP/1.1" 200 78
101.83.240.69 - - [11/Dec/2020:10:19:55 +0800] "POST /xingrg/kc/buy/cgsh_order_operate.html HTTP/1.1" 200 37
114.84.32.187 - - [11/Dec/2020:10:19:56 +0800] "GET /xingrg/all/function/internal_message.html?_=1607653223555&CODE_STATE=getMsg HTTP/1.1" 302 -
180.162.223.42 - - [11/Dec/2020:10:19:57 +0800] "POST /xingrg/dwr/call/plaincall/AjaxQqpsService.saveOrder.dwr HTTP/1.1" 200 78
116.232.52.177 - - [11/Dec/2020:10:19:57 +0800] "GET /xingrg/all/function/internal_message.html?_=1607653200435&CODE_STATE=getMsg HTTP/1.1" 200 27
117.184.7.30 - - [11/Dec/2020:10:19:58 +0800] "GET /xingrg/all/function/internal_message.html?_=1607653187007&CODE_STATE=getMsg HTTP/1.1" 200 27
117.185.32.26 - - [11/Dec/2020:10:19:59 +0800] "GET /xingrg/javascript/auto/indicator.gif HTTP/1.1" 404 1066
101.83.240.69 - - [11/Dec/2020:10:20:00 +0800] "POST /xingrg/kc/buy/cgsh_order_operate.html HTTP/1.1" 200 12
101.83.240.69 - - [11/Dec/2020:10:20:01 +0800] "GET /xingrg/kc/buy/cgsh_order_info.html?code=212020121104092 HTTP/1.1" 200 55893
101.83.240.69 - - [11/Dec/2020:10:20:01 +0800] "GET /xingrg/javascript/easyui/themes/default/validatebox.css HTTP/1.1" 404 1104
101.83.240.69 - - [11/Dec/2020:10:20:02 +0800] "POST /xingrg/kc/buy/cgsh_order_operate.html HTTP/1.1" 200 1776
180.162.223.42 - - [11/Dec/2020:10:20:04 +0800] "POST /xingrg/dwr/call/plaincall/AjaxQqpsService.checkOrder.dwr HTTP/1.1" 200 78
180.162.223.42 - - [11/Dec/2020:10:20:05 +0800] "GET /xingrg/kc/mdqp/qqps_order_info.html?code=302020121100249 HTTP/1.1" 200 26639
180.162.223.42 - - [11/Dec/2020:10:20:05 +0800] "GET /xingrg/dwr/interface/AjaxQqpsService.js HTTP/1.1" 200 16326
180.162.223.42 - - [11/Dec/2020:10:20:05 +0800] "GET /xingrg/dwr/interface/AjaxComOrderService.js HTTP/1.1" 200 18264
180.162.223.42 - - [11/Dec/2020:10:20:05 +0800] "GET /xingrg/dwr/engine.js HTTP/1.1" 200 43631
101.83.240.69 - - [11/Dec/2020:10:20:05 +0800] "GET /xingrg/kc/print/load_data.html?order_code=212020121104092&kc_code=cgsh&condition= HTTP/1.1" 200 1134
180.162.223.42 - - [11/Dec/2020:10:20:05 +0800] "POST /xingrg/dwr/call/plaincall/AjaxQqpsService.loadMaterielItems.dwr HTTP/1.1" 200 355
172.17.0.100 - - [11/Dec/2020:10:20:09 +0800] "GET /xingrg/all/function/internal_message.html?_=1607653267318&CODE_STATE=getMsg HTTP/1.1" 200 27
117.185.32.26 - - [11/Dec/2020:10:20:11 +0800] "GET /xingrg/kc/buy/cgsh_order_operate.html?command=get_materiel&rest_code=00106&code=00101008146&supplier_code=00100009&order_time=2020-12-11 HTTP/1.1" 200 416
116.228.172.94 - - [11/Dec/2020:10:20:12 +0800] "GET /xingrg/kc/buy/cgsh_order_operate.html?command=get_materiel&rest_code=00107&code=00101008512&supplier_code=00100339&order_time=2020-12-11 HTTP/1.1" 200 399
101.83.240.69 - - [11/Dec/2020:10:20:13 +0800] "GET /xingrg/kc/buy/cgsh_order_add.html HTTP/1.1" 200 60992
101.83.240.69 - - [11/Dec/2020:10:20:14 +0800] "POST /xingrg/kc/buy/cgsh_order_operate.html HTTP/1.1" 200 8245
101.83.240.69 - - [11/Dec/2020:10:20:14 +0800] "GET /xingrg/javascript/easyui/themes/default/validatebox.css HTTP/1.1" 404 1104
101.83.240.69 - - [11/Dec/2020:10:20:16 +0800] "GET /xingrg/all/function/internal_message.html?_=1607653211738&CODE_STATE=getMsg HTTP/1.1" 200 27
117.185.32.26 - - [11/Dec/2020:10:20:16 +0800] "GET /xingrg/all/function/internal_message.html?_=1607653674419&CODE_STATE=getMsg HTTP/1.1" 200 27
117.185.32.26 - - [11/Dec/2020:10:20:18 +0800] "GET /xingrg/kc/buy/cgsh_order_operate.html?command=get_materiel&rest_code=00106&code=00101008147&supplier_code=00100009&order_time=2020-12-11 HTTP/1.1" 200 416
114.88.159.147 - - [11/Dec/2020:10:20:19 +0800] "GET /xingrg/all/function/internal_message.html?_=1607653223018&CODE_STATE=getMsg HTTP/1.1" 200 27
114.88.163.87 - - [11/Dec/2020:10:20:20 +0800] "GET /xingrg/all/function/internal_message.html?_=1607653349282&CODE_STATE=getMsg HTTP/1.1" 200 27
172.17.200.101 - - [11/Dec/2020:10:20:24 +0800] "GET /xingrg/check_reg.html?_=1607653224609 HTTP/1.1" 200 22
172.17.200.101 - - [11/Dec/2020:10:20:24 +0800] "GET /xingrg/all/function/internal_message.html?_=1607653224612&CODE_STATE=getMsg HTTP/1.1" 200 27
117.185.32.26 - - [11/Dec/2020:10:20:25 +0800] "GET /xingrg/kc/buy/cgsh_order_operate.html?command=get_materiel&rest_code=00106&code=00101008037&supplier_code=00100009&order_time=2020-12-11 HTTP/1.1" 200 413
116.228.172.94 - - [11/Dec/2020:10:20:26 +0800] "GET /xingrg/kc/buy/cgsh_order_operate.html?command=get_materiel&rest_code=00107&code=00101008061&supplier_code=00100339&order_time=2020-12-11 HTTP/1.1" 200 423
116.228.172.94 - - [11/Dec/2020:10:20:26 +0800] "GET /xingrg/check_reg.html?_=1607653223261 HTTP/1.1" 200 22
180.152.104.37 - - [11/Dec/2020:10:20:27 +0800] "GET /xingrg/all/function/internal_message.html?_=1607653454180&CODE_STATE=getMsg HTTP/1.1" 200 27
116.228.172.94 - - [11/Dec/2020:10:20:27 +0800] "GET /xingrg/all/function/internal_message.html?_=1607653223989&CODE_STATE=getMsg HTTP/1.1" 200 27
172.17.0.120 - - [11/Dec/2020:10:20:27 +0800] "GET /xingrg/all/function/internal_message.html?_=1607653730399&CODE_STATE=getMsg HTTP/1.1" 200 27
180.162.223.42 - - [11/Dec/2020:10:20:32 +0800] "GET /xingrg/all/function/internal_message.html?_=1607653232401&CODE_STATE=getMsg HTTP/1.1" 200 27
116.228.172.94 - - [11/Dec/2020:10:20:32 +0800] "POST /xingrg/kc/buy/cgsh_order_operate.html HTTP/1.1" 200 37
180.157.253.48 - - [11/Dec/2020:10:20:34 +0800] "GET /xingrg/all/function/internal_message.html?_=1607653233785&CODE_STATE=getMsg HTTP/1.1" 200 27
116.228.172.94 - - [11/Dec/2020:10:20:35 +0800] "POST /xingrg/kc/buy/cgsh_order_operate.html HTTP/1.1" 200 3257
114.88.163.87 - - [11/Dec/2020:10:20:35 +0800] "GET /xingrg/all/function/internal_message.html?_=1607653230752&CODE_STATE=getMsg HTTP/1.1" 200 27
117.185.32.26 - - [11/Dec/2020:10:20:37 +0800] "POST /xingrg/kc/buy/cgsh_order_operate.html HTTP/1.1" 200 37
116.228.172.94 - - [11/Dec/2020:10:20:38 +0800] "GET /xingrg/kc/print/load_data.html?order_code=212020121104093&kc_code=cgsh&condition= HTTP/1.1" 200 907
101.85.93.83 - - [11/Dec/2020:10:20:38 +0800] "GET /xingrg/all/function/internal_message.html?_=1607652945225&CODE_STATE=getMsg HTTP/1.1" 200 27
101.85.93.83 - - [11/Dec/2020:10:20:38 +0800] "GET /xingrg/check_reg.html?_=1607652945227 HTTP/1.1" 200 22
117.185.32.26 - - [11/Dec/2020:10:20:41 +0800] "POST /xingrg/kc/buy/cgsh_order_operate.html HTTP/1.1" 200 12
222.69.133.109 - - [11/Dec/2020:10:20:41 +0800] "GET /xingrg/all/function/internal_message.html?_=1607653240745&CODE_STATE=getMsg HTTP/1.1" 200 27
116.228.172.94 - - [11/Dec/2020:10:20:42 +0800] "GET /xingrg/kc/buy/cgsh_order_add.html HTTP/1.1" 200 61027
180.174.56.115 - - [11/Dec/2020:10:20:42 +0800] "GET /xingrg/all/function/internal_message.html?_=1607653205218&CODE_STATE=getMsg HTTP/1.1" 200 27
116.228.172.94 - - [11/Dec/2020:10:20:43 +0800] "POST /xingrg/kc/buy/cgsh_order_operate.html HTTP/1.1" 200 8245
180.174.56.115 - - [11/Dec/2020:10:20:43 +0800] "GET /xingrg/all/function/internal_message.html?_=1607653242941&CODE_STATE=getMsg HTTP/1.1" 200 27
116.228.172.94 - - [11/Dec/2020:10:20:43 +0800] "GET /xingrg/javascript/easyui/themes/default/validatebox.css HTTP/1.1" 404 1104
116.228.172.94 - - [11/Dec/2020:10:20:43 +0800] "GET /xingrg/javascript/easyui/themes/default/tree.css HTTP/1.1" 404 1090
116.228.172.94 - - [11/Dec/2020:10:20:45 +0800] "POST /xingrg/all/common/load_tree.html?tree=supplier_tree_json&isDelete=1 HTTP/1.1" 200 52361
117.185.32.26 - - [11/Dec/2020:10:20:45 +0800] "GET /xingrg/kc/buy/cgsh_order_info.html?code=212020121104094 HTTP/1.1" 200 55854
117.185.32.26 - - [11/Dec/2020:10:20:46 +0800] "GET /xingrg/javascript/easyui/themes/default/validatebox.css HTTP/1.1" 404 1104
117.185.32.26 - - [11/Dec/2020:10:20:46 +0800] "POST /xingrg/kc/buy/cgsh_order_operate.html HTTP/1.1" 200 1797
180.162.223.42 - - [11/Dec/2020:10:20:47 +0800] "GET /xingrg/kc/base/base_main.html HTTP/1.1" 200 12142
117.185.32.26 - - [11/Dec/2020:10:20:47 +0800] "GET /xingrg/kc/print/load_config.html?kc_code=cgsh HTTP/1.1" 200 1845
117.185.32.26 - - [11/Dec/2020:10:20:47 +0800] "GET /xingrg/kc/print/load_data.html?order_code=212020121104094&kc_code=cgsh&condition= HTTP/1.1" 200 1235
180.162.223.42 - - [11/Dec/2020:10:20:48 +0800] "GET /xingrg/kc/base/wldb_order_list.html HTTP/1.1" 200 19418
180.162.223.42 - - [11/Dec/2020:10:20:49 +0800] "POST /xingrg/kc/base/wldb_list_operate.html HTTP/1.1" 200 2167
180.162.223.42 - - [11/Dec/2020:10:20:51 +0800] "GET /xingrg/kc/base/wldb_order_add.html HTTP/1.1" 200 30587
180.162.223.42 - - [11/Dec/2020:10:20:51 +0800] "GET /xingrg/all/function/internal_message.html?_=1607653230749&CODE_STATE=getMsg HTTP/1.1" 200 27
180.162.223.42 - - [11/Dec/2020:10:20:52 +0800] "POST /xingrg/kc/base/wldb_order_operate.html HTTP/1.1" 200 6806
180.162.223.42 - - [11/Dec/2020:10:20:52 +0800] "GET /xingrg/javascript/easyui/themes/default/validatebox.css HTTP/1.1" 404 1104
116.228.172.94 - - [11/Dec/2020:10:20:52 +0800] "GET /xingrg/all/function/internal_message.html?_=1607653249034&CODE_STATE=getMsg HTTP/1.1" 200 27
116.228.172.94 - - [11/Dec/2020:10:20:53 +0800] "GET /xingrg/check_reg.html?_=1607653249035 HTTP/1.1" 200 22
