116.228.172.94 - - [11/Dec/2020:09:40:52 +0800] "GET /xingrg/all/function/internal_message.html?_=1607650849019&CODE_STATE=count HTTP/1.1" 200 11
116.228.172.94 - - [11/Dec/2020:09:40:52 +0800] "GET /xingrg/check_reg.html?_=1607650849021 HTTP/1.1" 200 22
116.228.172.94 - - [11/Dec/2020:09:40:52 +0800] "POST /xingrg/load_menu.html HTTP/1.1" 200 9959
223.167.127.220 - - [11/Dec/2020:09:40:52 +0800] "GET /xingrg/all/function/internal_message.html?_=1607650852872&CODE_STATE=getMsg HTTP/1.1" 302 -
180.174.56.115 - - [11/Dec/2020:09:40:53 +0800] "POST /xingrg/dwr/call/plaincall/AjaxComOrderService.getMaterielSearchList.dwr HTTP/1.1" 200 694
180.174.56.115 - - [11/Dec/2020:09:40:53 +0800] "POST /xingrg/dwr/call/plaincall/AjaxComOrderService.getMaterielSearchList.dwr HTTP/1.1" 200 694
114.88.159.147 - - [11/Dec/2020:09:40:53 +0800] "GET /xingrg/all/function/internal_message.html?_=1607650425036&CODE_STATE=getMsg HTTP/1.1" 200 27
180.174.56.115 - - [11/Dec/2020:09:40:54 +0800] "POST /xingrg/dwr/call/plaincall/AjaxYddbService.getMaterielByMap.dwr HTTP/1.1" 200 3674
180.157.253.48 - - [11/Dec/2020:09:40:56 +0800] "GET /xingrg/kc/buy/cgsh_order_operate.html?command=get_materiel&rest_code=00148&code=00101006129&supplier_code=00100010&order_time=2020-12-11 HTTP/1.1" 200 431
114.84.32.187 - - [11/Dec/2020:09:40:56 +0800] "GET /xingrg/all/function/internal_message.html?_=1607650883016&CODE_STATE=getMsg HTTP/1.1" 302 -
116.228.172.94 - - [11/Dec/2020:09:40:57 +0800] "POST /xingrg/load_menu.html HTTP/1.1" 200 9242
116.228.172.94 - - [11/Dec/2020:09:40:59 +0800] "GET /xingrg/all/report/report_query.html?fileName=dma/new_5.0/yingye/order_list.xml HTTP/1.1" 200 55281
116.228.172.94 - - [11/Dec/2020:09:40:59 +0800] "GET /xingrg/dwr/interface/AjaxReportQueryService.js HTTP/1.1" 200 13203
116.228.172.94 - - [11/Dec/2020:09:40:59 +0800] "GET /xingrg/dwr/util.js HTTP/1.1" 304 -
116.228.172.94 - - [11/Dec/2020:09:40:59 +0800] "GET /xingrg/dwr/engine.js HTTP/1.1" 200 43631
180.174.56.115 - - [11/Dec/2020:09:40:59 +0800] "POST /xingrg/dwr/call/plaincall/AjaxYddbService.saveMaterielItem.dwr HTTP/1.1" 200 79
116.228.172.94 - - [11/Dec/2020:09:41:00 +0800] "POST /xingrg/dwr/call/plaincall/AjaxReportQueryService.getFixDate.dwr HTTP/1.1" 200 111
116.228.172.94 - - [11/Dec/2020:09:41:00 +0800] "POST /xingrg/all/common/load_tree.html?tree=area_station_tree_json&manage=1 HTTP/1.1" 200 345
116.228.172.94 - - [11/Dec/2020:09:41:00 +0800] "POST /xingrg/dwr/call/plaincall/AjaxReportQueryService.getInitString.dwr HTTP/1.1" 200 76
114.88.163.87 - - [11/Dec/2020:09:41:00 +0800] "GET /xingrg/all/function/internal_message.html?_=1607650855661&CODE_STATE=getMsg HTTP/1.1" 302 -
180.174.56.115 - - [11/Dec/2020:09:41:02 +0800] "POST /xingrg/dwr/call/plaincall/AjaxComOrderService.getMaterielSearchList.dwr HTTP/1.1" 200 412705
180.174.56.115 - - [11/Dec/2020:09:41:02 +0800] "POST /xingrg/dwr/call/plaincall/AjaxComOrderService.getMaterielSearchList.dwr HTTP/1.1" 200 420
180.174.56.115 - - [11/Dec/2020:09:41:02 +0800] "POST /xingrg/dwr/call/plaincall/AjaxComOrderService.getMaterielSearchList.dwr HTTP/1.1" 200 420
180.174.56.115 - - [11/Dec/2020:09:41:03 +0800] "POST /xingrg/dwr/call/plaincall/AjaxYddbService.getMaterielByMap.dwr HTTP/1.1" 200 3665
114.88.163.87 - - [11/Dec/2020:09:41:04 +0800] "GET /xingrg/kc/buy/cgsh_order_operate.html?command=get_materiel&rest_code=00111&code=00101008360&supplier_code=00100005&order_time=2020-12-11 HTTP/1.1" 200 413
116.228.172.94 - - [11/Dec/2020:09:41:05 +0800] "POST /xingrg/dwr/call/plaincall/AjaxReportQueryService.getFixDate.dwr HTTP/1.1" 200 111
116.228.172.94 - - [11/Dec/2020:09:41:07 +0800] "POST /xingrg/dwr/call/plaincall/AjaxReportQueryService.refreshCache.dwr HTTP/1.1" 200 78
172.17.200.101 - - [11/Dec/2020:09:41:07 +0800] "GET /xingrg/all/function/internal_message.html?_=1607650868024&CODE_STATE=getMsg HTTP/1.1" 200 27
116.228.172.94 - - [11/Dec/2020:09:41:07 +0800] "POST /xingrg/all/report/load_report_page.html HTTP/1.1" 200 177563
116.228.172.94 - - [11/Dec/2020:09:41:07 +0800] "GET /xingrg/servlets/image?cache=0.040746552920956414&image=px HTTP/1.1" 200 807
117.185.32.26 - - [11/Dec/2020:09:41:16 +0800] "GET /xingrg/all/function/internal_message.html?_=1607651334256&CODE_STATE=getMsg HTTP/1.1" 200 27
101.83.240.69 - - [11/Dec/2020:09:41:17 +0800] "GET /xingrg/all/function/internal_message.html?_=1607650872517&CODE_STATE=getMsg HTTP/1.1" 200 27
101.83.240.69 - - [11/Dec/2020:09:41:17 +0800] "GET /xingrg/check_reg.html?_=1607650872708 HTTP/1.1" 200 22
116.232.52.177 - - [11/Dec/2020:09:41:18 +0800] "GET /xingrg/all/function/internal_message.html?_=1607650880893&CODE_STATE=getMsg HTTP/1.1" 200 27
116.228.172.94 - - [11/Dec/2020:09:41:19 +0800] "POST /xingrg/all/report/load_report_page.html HTTP/1.1" 200 54257
116.228.172.94 - - [11/Dec/2020:09:41:19 +0800] "GET /xingrg/servlets/image?cache=0.874254920936004&image=px HTTP/1.1" 200 807
180.174.56.115 - - [11/Dec/2020:09:41:19 +0800] "POST /xingrg/dwr/call/plaincall/AjaxYddbService.saveMaterielItem.dwr HTTP/1.1" 200 79
180.174.56.115 - - [11/Dec/2020:09:41:23 +0800] "POST /xingrg/dwr/call/plaincall/AjaxComOrderService.getMaterielSearchList.dwr HTTP/1.1" 200 458129
180.174.56.115 - - [11/Dec/2020:09:41:23 +0800] "POST /xingrg/dwr/call/plaincall/AjaxComOrderService.getMaterielSearchList.dwr HTTP/1.1" 200 1910
180.152.104.37 - - [11/Dec/2020:09:41:24 +0800] "GET /xingrg/all/function/internal_message.html?_=1607651111966&CODE_STATE=getMsg HTTP/1.1" 200 27
180.174.56.115 - - [11/Dec/2020:09:41:25 +0800] "POST /xingrg/dwr/call/plaincall/AjaxYddbService.getMaterielByMap.dwr HTTP/1.1" 200 3671
116.228.172.94 - - [11/Dec/2020:09:41:27 +0800] "GET /xingrg/all/function/internal_message.html?_=1607650884158&CODE_STATE=getMsg HTTP/1.1" 200 27
172.17.0.120 - - [11/Dec/2020:09:41:27 +0800] "GET /xingrg/all/function/internal_message.html?_=1607651390392&CODE_STATE=getMsg HTTP/1.1" 200 27
114.88.163.87 - - [11/Dec/2020:09:41:31 +0800] "GET /xingrg/kc/buy/cgsh_order_operate.html?command=get_materiel&rest_code=00111&code=00101008196&supplier_code=00100005&order_time=2020-12-11 HTTP/1.1" 200 416
180.162.223.42 - - [11/Dec/2020:09:41:33 +0800] "GET /xingrg/all/function/internal_message.html?_=1607650893247&CODE_STATE=getMsg HTTP/1.1" 200 27
180.162.223.42 - - [11/Dec/2020:09:41:33 +0800] "GET /xingrg/check_reg.html?_=1607650893519 HTTP/1.1" 200 22
180.157.253.48 - - [11/Dec/2020:09:41:34 +0800] "GET /xingrg/all/function/internal_message.html?_=1607650893766&CODE_STATE=getMsg HTTP/1.1" 200 27
180.157.253.48 - - [11/Dec/2020:09:41:34 +0800] "GET /xingrg/kc/buy/cgsh_order_operate.html?command=get_materiel&rest_code=00148&code=00101006055&supplier_code=00100010&order_time=2020-12-11 HTTP/1.1" 200 409
180.162.223.42 - - [11/Dec/2020:09:41:35 +0800] "GET /xingrg/all/function/internal_message.html?_=1607650874783&CODE_STATE=getMsg HTTP/1.1" 200 27
180.162.223.42 - - [11/Dec/2020:09:41:35 +0800] "GET /xingrg/check_reg.html?_=1607650874786 HTTP/1.1" 200 22
114.88.163.87 - - [11/Dec/2020:09:41:37 +0800] "GET /xingrg/kc/buy/cgsh_order_operate.html?command=get_materiel&rest_code=00111&code=00101008355&supplier_code=00100005&order_time=2020-12-11 HTTP/1.1" 200 408
114.88.163.87 - - [11/Dec/2020:09:41:38 +0800] "GET /xingrg/all/function/internal_message.html?_=1607651026754&CODE_STATE=getMsg HTTP/1.1" 200 27
101.85.93.83 - - [11/Dec/2020:09:41:38 +0800] "GET /xingrg/all/function/internal_message.html?_=1607650605182&CODE_STATE=getMsg HTTP/1.1" 200 27
222.69.133.109 - - [11/Dec/2020:09:41:41 +0800] "GET /xingrg/all/function/internal_message.html?_=1607650900668&CODE_STATE=getMsg HTTP/1.1" 200 27
114.84.32.187 - - [11/Dec/2020:09:41:41 +0800] "GET /xingrg/check_reg.html?_=1607650928656 HTTP/1.1" 302 -
180.174.56.115 - - [11/Dec/2020:09:41:43 +0800] "POST /xingrg/dwr/call/plaincall/AjaxYddbService.saveMaterielItem.dwr HTTP/1.1" 200 79
180.157.253.48 - - [11/Dec/2020:09:41:47 +0800] "GET /xingrg/kc/buy/cgsh_order_operate.html?command=get_materiel&rest_code=00148&code=00101006065&supplier_code=00100010&order_time=2020-12-11 HTTP/1.1" 200 409
114.88.163.87 - - [11/Dec/2020:09:41:48 +0800] "GET /xingrg/check_reg.html?_=1607650903953 HTTP/1.1" 302 -
180.174.56.115 - - [11/Dec/2020:09:41:50 +0800] "GET /xingrg/all/function/internal_message.html?_=1607650873144&CODE_STATE=getMsg HTTP/1.1" 200 27
114.88.163.87 - - [11/Dec/2020:09:41:50 +0800] "GET /xingrg/kc/buy/cgsh_order_operate.html?command=get_materiel&rest_code=00111&code=00101008069&supplier_code=00100005&order_time=2020-12-11 HTTP/1.1" 200 412
180.174.56.115 - - [11/Dec/2020:09:41:51 +0800] "GET /xingrg/all/function/internal_message.html?_=1607650911051&CODE_STATE=getMsg HTTP/1.1" 200 27
180.174.56.115 - - [11/Dec/2020:09:41:51 +0800] "POST /xingrg/dwr/call/plaincall/AjaxYddbService.saveOrder.dwr HTTP/1.1" 200 79
116.228.172.94 - - [11/Dec/2020:09:41:52 +0800] "GET /xingrg/all/function/internal_message.html?_=1607650909026&CODE_STATE=getMsg HTTP/1.1" 200 27
223.167.127.220 - - [11/Dec/2020:09:41:52 +0800] "GET /xingrg/all/function/internal_message.html?_=1607650912873&CODE_STATE=getMsg HTTP/1.1" 302 -
223.167.127.220 - - [11/Dec/2020:09:41:53 +0800] "GET /xingrg/check_reg.html?_=1607650912875 HTTP/1.1" 302 -
114.88.159.147 - - [11/Dec/2020:09:41:53 +0800] "GET /xingrg/all/function/internal_message.html?_=1607650485047&CODE_STATE=getMsg HTTP/1.1" 200 27
114.84.32.187 - - [11/Dec/2020:09:41:56 +0800] "GET /xingrg/all/function/internal_message.html?_=1607650943037&CODE_STATE=getMsg HTTP/1.1" 302 -
114.88.163.87 - - [11/Dec/2020:09:41:57 +0800] "GET /xingrg/kc/buy/cgsh_order_operate.html?command=get_materiel&rest_code=00111&code=00101008006&supplier_code=00100005&order_time=2020-12-11 HTTP/1.1" 200 416
114.88.163.87 - - [11/Dec/2020:09:42:00 +0800] "GET /xingrg/all/function/internal_message.html?_=1607650915667&CODE_STATE=getMsg HTTP/1.1" 302 -
180.174.56.115 - - [11/Dec/2020:09:42:03 +0800] "POST /xingrg/dwr/call/plaincall/AjaxYddbService.checkOrder.dwr HTTP/1.1" 200 79
180.157.253.48 - - [11/Dec/2020:09:42:04 +0800] "POST /xingrg/kc/buy/cgsh_order_operate.html HTTP/1.1" 200 37
114.88.163.87 - - [11/Dec/2020:09:42:04 +0800] "GET /xingrg/kc/buy/cgsh_order_operate.html?command=get_materiel&rest_code=00111&code=00101008131&supplier_code=00100005&order_time=2020-12-11 HTTP/1.1" 200 408
180.174.56.115 - - [11/Dec/2020:09:42:04 +0800] "GET /xingrg/kc/base/yddb_order_info.html?code=482020121100080 HTTP/1.1" 200 29392
180.174.56.115 - - [11/Dec/2020:09:42:05 +0800] "GET /xingrg/dwr/interface/AjaxYddbService.js HTTP/1.1" 200 13201
180.174.56.115 - - [11/Dec/2020:09:42:05 +0800] "GET /xingrg/dwr/interface/AjaxComOrderService.js HTTP/1.1" 200 18264
180.174.56.115 - - [11/Dec/2020:09:42:05 +0800] "GET /xingrg/dwr/engine.js HTTP/1.1" 200 43631
180.174.56.115 - - [11/Dec/2020:09:42:05 +0800] "POST /xingrg/dwr/call/plaincall/AjaxYddbService.loadMaterielItems.dwr HTTP/1.1" 200 2347
180.157.253.48 - - [11/Dec/2020:09:42:05 +0800] "POST /xingrg/kc/buy/cgsh_order_operate.html HTTP/1.1" 200 4446
114.88.163.87 - - [11/Dec/2020:09:42:05 +0800] "POST /xingrg/kc/buy/cgsh_order_operate.html HTTP/1.1" 200 2065
172.17.200.101 - - [11/Dec/2020:09:42:07 +0800] "GET /xingrg/all/function/internal_message.html?_=1607650928026&CODE_STATE=getMsg HTTP/1.1" 200 27
172.17.200.101 - - [11/Dec/2020:09:42:07 +0800] "GET /xingrg/check_reg.html?_=1607650928031 HTTP/1.1" 200 22
180.157.253.48 - - [11/Dec/2020:09:42:09 +0800] "GET /xingrg/kc/buy/cgsh_order_add.html HTTP/1.1" 200 60945
180.157.253.48 - - [11/Dec/2020:09:42:09 +0800] "POST /xingrg/kc/buy/cgsh_order_operate.html HTTP/1.1" 200 8245
180.157.253.48 - - [11/Dec/2020:09:42:09 +0800] "GET /xingrg/javascript/easyui/themes/default/validatebox.css HTTP/1.1" 404 1104
114.88.163.87 - - [11/Dec/2020:09:42:11 +0800] "GET /xingrg/kc/buy/cgsh_order_operate.html?command=get_materiel&rest_code=00111&code=00101008005&supplier_code=00100005&order_time=2020-12-11 HTTP/1.1" 200 412
222.69.133.109 - - [11/Dec/2020:09:42:14 +0800] "GET /xingrg/kc/buy/cgsh_order_operate.html?command=get_materiel&rest_code=00154&code=00101008361&supplier_code=00100417&order_time=2020-12-11 HTTP/1.1" 200 408
117.185.32.26 - - [11/Dec/2020:09:42:16 +0800] "GET /xingrg/all/function/internal_message.html?_=1607651394242&CODE_STATE=getMsg HTTP/1.1" 200 27
101.83.240.69 - - [11/Dec/2020:09:42:17 +0800] "GET /xingrg/all/function/internal_message.html?_=1607650932490&CODE_STATE=getMsg HTTP/1.1" 200 27
116.232.52.177 - - [11/Dec/2020:09:42:18 +0800] "GET /xingrg/all/function/internal_message.html?_=1607650940892&CODE_STATE=getMsg HTTP/1.1" 200 27
114.88.163.87 - - [11/Dec/2020:09:42:18 +0800] "GET /xingrg/kc/buy/cgsh_order_operate.html?command=get_materiel&rest_code=00111&code=00101008353&supplier_code=00100005&order_time=2020-12-11 HTTP/1.1" 200 408
180.174.56.115 - - [11/Dec/2020:09:42:19 +0800] "GET /xingrg/kc/base/yddb_order_report.html?fileType=servlets/html&code=482020121100080&reportName=ck_order_report&subName=yddb HTTP/1.1" 302 -
180.174.56.115 - - [11/Dec/2020:09:42:19 +0800] "GET /xingrg/servlets/html?sysBaseUrl=http%3A%2F%2F180.169.147.146%3A18081%2Fxingrg%2F&costTime=73×tamp=1607650939551 HTTP/1.1" 200 31252
180.174.56.115 - - [11/Dec/2020:09:42:19 +0800] "GET /xingrg/servlets/image?image=px HTTP/1.1" 200 807
180.174.56.115 - - [11/Dec/2020:09:42:19 +0800] "GET /favicon.ico HTTP/1.1" 404 -
180.152.104.37 - - [11/Dec/2020:09:42:25 +0800] "GET /xingrg/all/function/internal_message.html?_=1607651172097&CODE_STATE=getMsg HTTP/1.1" 200 27
116.228.172.94 - - [11/Dec/2020:09:42:27 +0800] "GET /xingrg/all/function/internal_message.html?_=1607650944138&CODE_STATE=getMsg HTTP/1.1" 200 27
172.17.0.120 - - [11/Dec/2020:09:42:27 +0800] "GET /xingrg/all/function/internal_message.html?_=1607651450397&CODE_STATE=getMsg HTTP/1.1" 200 27
114.88.163.87 - - [11/Dec/2020:09:42:29 +0800] "GET /xingrg/kc/buy/cgsh_order_operate.html?command=get_materiel&rest_code=00111&code=00101008213&supplier_code=00100005&order_time=2020-12-11 HTTP/1.1" 200 412
180.162.223.42 - - [11/Dec/2020:09:42:33 +0800] "GET /xingrg/all/function/internal_message.html?_=1607650953215&CODE_STATE=getMsg HTTP/1.1" 200 27
180.157.253.48 - - [11/Dec/2020:09:42:34 +0800] "GET /xingrg/kc/buy/cgsh_order_operate.html?command=get_materiel&rest_code=00148&code=00101006161&supplier_code=00100036&order_time=2020-12-11 HTTP/1.1" 200 409
180.157.253.48 - - [11/Dec/2020:09:42:34 +0800] "GET /xingrg/all/function/internal_message.html?_=1607650953764&CODE_STATE=getMsg HTTP/1.1" 200 27
180.162.223.42 - - [11/Dec/2020:09:42:34 +0800] "POST /xingrg/services/DataTransmitService HTTP/1.1" 200 524
180.162.223.42 - - [11/Dec/2020:09:42:34 +0800] "POST /xingrg/services/DataTransmitService HTTP/1.1" 200 2107
180.162.223.42 - - [11/Dec/2020:09:42:35 +0800] "POST /xingrg/services/DataTransmitService HTTP/1.1" 200 151475
114.88.163.87 - - [11/Dec/2020:09:42:35 +0800] "GET /xingrg/kc/buy/cgsh_order_operate.html?command=get_materiel&rest_code=00111&code=00101008085&supplier_code=00100005&order_time=2020-12-11 HTTP/1.1" 200 412
180.162.223.42 - - [11/Dec/2020:09:42:35 +0800] "GET /xingrg/all/function/internal_message.html?_=1607650934785&CODE_STATE=getMsg HTTP/1.1" 200 27
114.88.163.87 - - [11/Dec/2020:09:42:38 +0800] "GET /xingrg/all/function/internal_message.html?_=1607651086829&CODE_STATE=getMsg HTTP/1.1" 200 27
101.85.93.83 - - [11/Dec/2020:09:42:38 +0800] "GET /xingrg/all/function/internal_message.html?_=1607650665181&CODE_STATE=getMsg HTTP/1.1" 200 27
124.77.237.88 - - [11/Dec/2020:09:42:40 +0800] "GET /favicon.ico HTTP/1.1" 404 -
222.69.133.109 - - [11/Dec/2020:09:42:41 +0800] "GET /xingrg/all/function/internal_message.html?_=1607650960669&CODE_STATE=getMsg HTTP/1.1" 200 27
222.69.133.109 - - [11/Dec/2020:09:42:41 +0800] "GET /xingrg/kc/buy/cgsh_order_operate.html?command=get_materiel&rest_code=00154&code=00101008424&supplier_code=00100417&order_time=2020-12-11 HTTP/1.1" 200 399
114.88.163.87 - - [11/Dec/2020:09:42:43 +0800] "GET /xingrg/kc/buy/cgsh_order_operate.html?command=get_materiel&rest_code=00111&code=00101008197&supplier_code=00100005&order_time=2020-12-11 HTTP/1.1" 200 416
114.88.163.87 - - [11/Dec/2020:09:42:44 +0800] "POST /xingrg/kc/buy/cgsh_order_operate.html HTTP/1.1" 200 2065
114.88.163.87 - - [11/Dec/2020:09:42:49 +0800] "GET /xingrg/kc/buy/cgsh_order_operate.html?command=get_materiel&rest_code=00111&code=00101008298&supplier_code=00100005&order_time=2020-12-11 HTTP/1.1" 200 412
180.174.56.115 - - [11/Dec/2020:09:42:50 +0800] "GET /xingrg/all/function/internal_message.html?_=1607650933159&CODE_STATE=getMsg HTTP/1.1" 200 27
180.174.56.115 - - [11/Dec/2020:09:42:51 +0800] "GET /xingrg/all/function/internal_message.html?_=1607650971059&CODE_STATE=getMsg HTTP/1.1" 200 27
116.228.172.94 - - [11/Dec/2020:09:42:52 +0800] "GET /xingrg/all/function/internal_message.html?_=1607650969032&CODE_STATE=getMsg HTTP/1.1" 200 27
223.167.127.220 - - [11/Dec/2020:09:42:52 +0800] "GET /xingrg/all/function/internal_message.html?_=1607650972873&CODE_STATE=getMsg HTTP/1.1" 302 -
114.88.159.147 - - [11/Dec/2020:09:42:53 +0800] "GET /xingrg/all/function/internal_message.html?_=1607650545045&CODE_STATE=getMsg HTTP/1.1" 200 27
114.88.163.87 - - [11/Dec/2020:09:42:55 +0800] "GET /xingrg/kc/buy/cgsh_order_operate.html?command=get_materiel&rest_code=00111&code=00101008318&supplier_code=00100005&order_time=2020-12-11 HTTP/1.1" 200 408
114.84.32.187 - - [11/Dec/2020:09:42:56 +0800] "GET /xingrg/all/function/internal_message.html?_=1607651003043&CODE_STATE=getMsg HTTP/1.1" 302 -
172.17.0.185 - - [11/Dec/2020:09:42:58 +0800] "GET /favicon.ico HTTP/1.1" 404 -
114.88.163.87 - - [11/Dec/2020:09:43:00 +0800] "GET /xingrg/all/function/internal_message.html?_=1607650975718&CODE_STATE=getMsg HTTP/1.1" 302 -
114.84.32.187 - - [11/Dec/2020:09:43:05 +0800] "GET /xingrg/check_reg.html?_=1607651002827 HTTP/1.1" 200 22
172.17.200.101 - - [11/Dec/2020:09:43:07 +0800] "GET /xingrg/all/function/internal_message.html?_=1607650988032&CODE_STATE=getMsg HTTP/1.1" 200 27
180.157.253.48 - - [11/Dec/2020:09:43:15 +0800] "GET /xingrg/kc/buy/cgsh_order_operate.html?command=get_materiel&rest_code=00148&code=00101001010&supplier_code=00100036&order_time=2020-12-11 HTTP/1.1" 200 408
114.88.163.87 - - [11/Dec/2020:09:43:16 +0800] "GET /xingrg/kc/buy/cgsh_order_operate.html?command=get_materiel&rest_code=00111&code=00101008091&supplier_code=00100005&order_time=2020-12-11 HTTP/1.1" 200 413
117.185.32.26 - - [11/Dec/2020:09:43:16 +0800] "GET /xingrg/all/function/internal_message.html?_=1607651454287&CODE_STATE=getMsg HTTP/1.1" 200 27
101.83.240.69 - - [11/Dec/2020:09:43:17 +0800] "GET /xingrg/all/function/internal_message.html?_=1607650992460&CODE_STATE=getMsg HTTP/1.1" 200 27
116.232.52.177 - - [11/Dec/2020:09:43:18 +0800] "GET /xingrg/all/function/internal_message.html?_=1607651000888&CODE_STATE=getMsg HTTP/1.1" 200 27
114.88.163.87 - - [11/Dec/2020:09:43:19 +0800] "POST /xingrg/kc/buy/cgsh_order_operate.html HTTP/1.1" 200 2065
114.88.163.87 - - [11/Dec/2020:09:43:22 +0800] "GET /xingrg/kc/buy/cgsh_order_operate.html?command=get_materiel&rest_code=00111&code=00101008027&supplier_code=00100005&order_time=2020-12-11 HTTP/1.1" 200 408
180.152.104.37 - - [11/Dec/2020:09:43:25 +0800] "GET /xingrg/all/function/internal_message.html?_=1607651232102&CODE_STATE=getMsg HTTP/1.1" 200 27
116.228.172.94 - - [11/Dec/2020:09:43:27 +0800] "GET /xingrg/all/function/internal_message.html?_=1607651004140&CODE_STATE=getMsg HTTP/1.1" 200 27
172.17.0.120 - - [11/Dec/2020:09:43:27 +0800] "GET /xingrg/all/function/internal_message.html?_=1607651510402&CODE_STATE=getMsg HTTP/1.1" 200 27
114.88.163.87 - - [11/Dec/2020:09:43:30 +0800] "GET /xingrg/kc/buy/cgsh_order_operate.html?command=get_materiel&rest_code=00111&code=00101008051&supplier_code=00100005&order_time=2020-12-11 HTTP/1.1" 200 409
180.162.223.42 - - [11/Dec/2020:09:43:33 +0800] "GET /xingrg/all/function/internal_message.html?_=1607651013244&CODE_STATE=getMsg HTTP/1.1" 200 27
180.157.253.48 - - [11/Dec/2020:09:43:34 +0800] "GET /xingrg/all/function/internal_message.html?_=1607651013779&CODE_STATE=getMsg HTTP/1.1" 200 27
180.162.223.42 - - [11/Dec/2020:09:43:35 +0800] "GET /xingrg/all/function/internal_message.html?_=1607650994785&CODE_STATE=getMsg HTTP/1.1" 200 27
222.69.133.109 - - [11/Dec/2020:09:43:36 +0800] "GET /xingrg/kc/buy/cgsh_order_operate.html?command=get_materiel&rest_code=00154&code=00101008352&supplier_code=00100417&order_time=2020-12-11 HTTP/1.1" 200 413
114.88.163.87 - - [11/Dec/2020:09:43:36 +0800] "GET /xingrg/kc/buy/cgsh_order_operate.html?command=get_materiel&rest_code=00111&code=00101019254&supplier_code=00100005&order_time=2020-12-11 HTTP/1.1" 200 447
114.88.163.87 - - [11/Dec/2020:09:43:37 +0800] "POST /xingrg/all/common/load_select.html HTTP/1.1" 200 25
114.88.163.87 - - [11/Dec/2020:09:43:38 +0800] "GET /xingrg/all/function/internal_message.html?_=1607651146773&CODE_STATE=getMsg HTTP/1.1" 200 27
101.85.93.83 - - [11/Dec/2020:09:43:38 +0800] "GET /xingrg/all/function/internal_message.html?_=1607650725184&CODE_STATE=getMsg HTTP/1.1" 200 27
114.88.163.87 - - [11/Dec/2020:09:43:40 +0800] "GET /xingrg/kc/buy/cgsh_order_operate.html?command=get_materiel_price&rest_code=00111&code=00101019254&unit_code=00100040&supplier_code=00100005&order_time=2020-12-11 HTTP/1.1" 200 27
222.69.133.109 - - [11/Dec/2020:09:43:41 +0800] "GET /xingrg/all/function/internal_message.html?_=1607651020670&CODE_STATE=getMsg HTTP/1.1" 200 27
114.88.163.87 - - [11/Dec/2020:09:43:49 +0800] "GET /xingrg/kc/buy/cgsh_order_operate.html?command=get_materiel&rest_code=00111&code=00101008003&supplier_code=00100005&order_time=2020-12-11 HTTP/1.1" 200 408
180.174.56.115 - - [11/Dec/2020:09:43:50 +0800] "GET /xingrg/all/function/internal_message.html?_=1607650993170&CODE_STATE=getMsg HTTP/1.1" 200 27
180.174.56.115 - - [11/Dec/2020:09:43:51 +0800] "GET /xingrg/all/function/internal_message.html?_=1607651031059&CODE_STATE=getMsg HTTP/1.1" 200 27
180.174.56.115 - - [11/Dec/2020:09:43:51 +0800] "GET /xingrg/check_reg.html?_=1607651031063 HTTP/1.1" 200 22
180.157.253.48 - - [11/Dec/2020:09:43:51 +0800] "GET /xingrg/kc/buy/cgsh_order_operate.html?command=get_materiel&rest_code=00148&code=00101001007&supplier_code=00100036&order_time=2020-12-11 HTTP/1.1" 200 412
116.228.172.94 - - [11/Dec/2020:09:43:52 +0800] "GET /xingrg/all/function/internal_message.html?_=1607651029035&CODE_STATE=getMsg HTTP/1.1" 200 27
223.167.127.220 - - [11/Dec/2020:09:43:52 +0800] "GET /xingrg/all/function/internal_message.html?_=1607651032872&CODE_STATE=getMsg HTTP/1.1" 302 -
114.88.159.147 - - [11/Dec/2020:09:43:53 +0800] "GET /xingrg/all/function/internal_message.html?_=1607650605060&CODE_STATE=getMsg HTTP/1.1" 200 27
114.88.159.147 - - [11/Dec/2020:09:43:53 +0800] "GET /xingrg/check_reg.html?_=1607650605061 HTTP/1.1" 200 22
180.152.104.37 - - [11/Dec/2020:09:43:55 +0800] "GET /xingrg/kc/buy/cgsh_order_add.html HTTP/1.1" 200 60898
180.152.104.37 - - [11/Dec/2020:09:43:55 +0800] "POST /xingrg/kc/buy/cgsh_order_operate.html HTTP/1.1" 200 8245
180.152.104.37 - - [11/Dec/2020:09:43:56 +0800] "GET /xingrg/javascript/easyui/themes/default/validatebox.css HTTP/1.1" 404 1104
114.84.32.187 - - [11/Dec/2020:09:43:56 +0800] "GET /xingrg/all/function/internal_message.html?_=1607651063065&CODE_STATE=getMsg HTTP/1.1" 302 -
180.152.104.37 - - [11/Dec/2020:09:43:57 +0800] "GET /xingrg/javascript/easyui/themes/default/tree.css HTTP/1.1" 404 1090
180.152.104.37 - - [11/Dec/2020:09:43:57 +0800] "POST /xingrg/all/common/load_tree.html?tree=supplier_tree_json&isDelete=1 HTTP/1.1" 200 52361
114.88.163.87 - - [11/Dec/2020:09:44:00 +0800] "GET /xingrg/all/function/internal_message.html?_=1607651035725&CODE_STATE=getMsg HTTP/1.1" 302 -
114.88.163.87 - - [11/Dec/2020:09:44:01 +0800] "POST /xingrg/kc/buy/cgsh_order_operate.html HTTP/1.1" 200 2065
172.17.0.100 - - [11/Dec/2020:09:44:06 +0800] "GET /xingrg/login.html HTTP/1.1" 200 7636
172.17.0.100 - - [11/Dec/2020:09:44:07 +0800] "GET /favicon.ico HTTP/1.1" 404 -
172.17.200.101 - - [11/Dec/2020:09:44:07 +0800] "GET /xingrg/all/function/internal_message.html?_=1607651048035&CODE_STATE=getMsg HTTP/1.1" 200 27
180.157.253.48 - - [11/Dec/2020:09:44:08 +0800] "POST /xingrg/kc/buy/cgsh_order_operate.html HTTP/1.1" 200 37
172.17.0.100 - - [11/Dec/2020:09:44:08 +0800] "POST /xingrg/login.do HTTP/1.1" 302 -
172.17.0.100 - - [11/Dec/2020:09:44:08 +0800] "GET /xingrg/index.html?sysBaseUrl=http%3A%2F%2F172.17.0.8%3A18081%2Fxingrg%2F&costTime=40×tamp=1607651048633 HTTP/1.1" 200 17448
172.17.0.100 - - [11/Dec/2020:09:44:08 +0800] "GET /favicon.ico HTTP/1.1" 404 -
172.17.0.100 - - [11/Dec/2020:09:44:08 +0800] "POST /xingrg/all/common/load_tree.html?tree=area_rest_tree_json&manage=1 HTTP/1.1" 200 3350
172.17.0.100 - - [11/Dec/2020:09:44:09 +0800] "GET /xingrg/all/function/internal_message.html?_=1607651107282&CODE_STATE=count HTTP/1.1" 200 11
172.17.0.100 - - [11/Dec/2020:09:44:09 +0800] "GET /xingrg/check_reg.html?_=1607651107283 HTTP/1.1" 200 22
172.17.0.100 - - [11/Dec/2020:09:44:09 +0800] "POST /xingrg/load_menu.html HTTP/1.1" 200 11408
114.88.163.87 - - [11/Dec/2020:09:44:09 +0800] "GET /xingrg/kc/buy/cgsh_order_operate.html?command=get_materiel&rest_code=00111&code=00101008356&supplier_code=00100005&order_time=2020-12-11 HTTP/1.1" 200 408
180.157.253.48 - - [11/Dec/2020:09:44:09 +0800] "POST /xingrg/kc/buy/cgsh_order_operate.html HTTP/1.1" 200 3837
222.69.133.109 - - [11/Dec/2020:09:44:10 +0800] "GET /xingrg/kc/buy/cgsh_order_operate.html?command=get_materiel&rest_code=00154&code=00101012029&supplier_code=00100417&order_time=2020-12-11 HTTP/1.1" 200 412
172.17.0.100 - - [11/Dec/2020:09:44:13 +0800] "POST /xingrg/load_menu.html HTTP/1.1" 200 9445
180.152.104.37 - - [11/Dec/2020:09:44:15 +0800] "GET /xingrg/kc/buy/cgsh_order_operate.html?command=get_materiel&rest_code=00102&code=00101006019&supplier_code=00100011&order_time=2020-12-11 HTTP/1.1" 200 417
117.185.32.26 - - [11/Dec/2020:09:44:16 +0800] "GET /xingrg/check_reg.html?_=1607651514270 HTTP/1.1" 200 22
117.185.32.26 - - [11/Dec/2020:09:44:16 +0800] "GET /xingrg/all/function/internal_message.html?_=1607651514272&CODE_STATE=getMsg HTTP/1.1" 200 27
114.88.159.147 - - [11/Dec/2020:09:44:16 +0800] "GET /xingrg/index.html?sysBaseUrl=http%3A%2F%2F180.169.147.146%3A18081%2Fxingrg%2F&costTime=34×tamp=1585622960984 HTTP/1.1" 302 -
114.88.159.147 - - [11/Dec/2020:09:44:16 +0800] "GET /xingrg/login.html HTTP/1.1" 200 7641
101.83.240.69 - - [11/Dec/2020:09:44:17 +0800] "GET /xingrg/all/function/internal_message.html?_=1607651052431&CODE_STATE=getMsg HTTP/1.1" 200 27
114.88.159.147 - - [11/Dec/2020:09:44:17 +0800] "GET /favicon.ico HTTP/1.1" 404 -
172.17.0.100 - - [11/Dec/2020:09:44:17 +0800] "GET /xingrg/all/report/report_query.html?fileName=dma/new_5.0/yingye/pay_ment_hz.xml HTTP/1.1" 200 51612
172.17.0.100 - - [11/Dec/2020:09:44:17 +0800] "GET /xingrg/dwr/interface/AjaxReportQueryService.js HTTP/1.1" 200 13203
172.17.0.100 - - [11/Dec/2020:09:44:17 +0800] "GET /xingrg/dwr/util.js HTTP/1.1" 304 -
172.17.0.100 - - [11/Dec/2020:09:44:17 +0800] "GET /xingrg/dwr/engine.js HTTP/1.1" 200 43631
116.232.52.177 - - [11/Dec/2020:09:44:18 +0800] "GET /xingrg/check_reg.html?_=1607651060913 HTTP/1.1" 200 22
116.232.52.177 - - [11/Dec/2020:09:44:18 +0800] "GET /xingrg/all/function/internal_message.html?_=1607651060913&CODE_STATE=getMsg HTTP/1.1" 200 27
172.17.0.100 - - [11/Dec/2020:09:44:18 +0800] "POST /xingrg/dwr/call/plaincall/AjaxReportQueryService.getFixDate.dwr HTTP/1.1" 200 111
172.17.0.100 - - [11/Dec/2020:09:44:18 +0800] "POST /xingrg/all/common/load_tree.html?tree=area_station_tree_json&manage=1 HTTP/1.1" 200 3246
114.88.159.147 - - [11/Dec/2020:09:44:19 +0800] "POST /xingrg/login.do HTTP/1.1" 302 -
114.88.159.147 - - [11/Dec/2020:09:44:19 +0800] "GET /xingrg/index.html?sysBaseUrl=http%3A%2F%2F180.169.147.146%3A18081%2Fxingrg%2F&costTime=315×tamp=1607651059077 HTTP/1.1" 200 17179
114.88.159.147 - - [11/Dec/2020:09:44:19 +0800] "GET /favicon.ico HTTP/1.1" 404 -
114.88.159.147 - - [11/Dec/2020:09:44:19 +0800] "POST /xingrg/all/common/load_tree.html?tree=area_rest_tree_json&manage=1 HTTP/1.1" 200 351
114.88.159.147 - - [11/Dec/2020:09:44:19 +0800] "GET /xingrg/all/function/internal_message.html?_=1607651062938&CODE_STATE=count HTTP/1.1" 200 11
114.88.159.147 - - [11/Dec/2020:09:44:19 +0800] "GET /xingrg/check_reg.html?_=1607651062939 HTTP/1.1" 200 22
114.88.159.147 - - [11/Dec/2020:09:44:19 +0800] "POST /xingrg/load_menu.html HTTP/1.1" 200 5138
114.88.163.87 - - [11/Dec/2020:09:44:19 +0800] "GET /xingrg/kc/buy/cgsh_order_operate.html?command=get_materiel&rest_code=00111&code=00101008251&supplier_code=00100005&order_time=2020-12-11 HTTP/1.1" 200 408
172.17.0.100 - - [11/Dec/2020:09:44:20 +0800] "GET /xingrg/all/report/report_query.html?fileName=dma/yingye_new/pay_ment_day_hz.xml HTTP/1.1" 200 50928
172.17.0.100 - - [11/Dec/2020:09:44:20 +0800] "GET /xingrg/dwr/interface/AjaxReportQueryService.js HTTP/1.1" 200 13203
172.17.0.100 - - [11/Dec/2020:09:44:20 +0800] "GET /xingrg/dwr/engine.js HTTP/1.1" 200 43631
172.17.0.100 - - [11/Dec/2020:09:44:20 +0800] "POST /xingrg/dwr/call/plaincall/AjaxReportQueryService.getFixDate.dwr HTTP/1.1" 200 111
172.17.0.100 - - [11/Dec/2020:09:44:21 +0800] "POST /xingrg/all/common/load_tree.html?tree=area_station_tree_json&manage=1 HTTP/1.1" 200 3246
114.88.159.147 - - [11/Dec/2020:09:44:22 +0800] "GET /xingrg/kc/buy/buy_main.html HTTP/1.1" 200 12412
114.88.159.147 - - [11/Dec/2020:09:44:22 +0800] "GET /xingrg/css/new_ie.css HTTP/1.1" 404 1036
114.88.159.147 - - [11/Dec/2020:09:44:23 +0800] "GET /xingrg/images/yd/bt.gif HTTP/1.1" 404 1040
114.88.159.147 - - [11/Dec/2020:09:44:23 +0800] "GET /xingrg/kc/buy/cgsh_order_list.html HTTP/1.1" 200 45208
172.17.0.100 - - [11/Dec/2020:09:44:23 +0800] "POST /xingrg/dwr/call/plaincall/AjaxReportQueryService.getFixDate.dwr HTTP/1.1" 200 111
180.152.104.37 - - [11/Dec/2020:09:44:24 +0800] "GET /xingrg/check_reg.html?_=1607651291213 HTTP/1.1" 200 22
180.152.104.37 - - [11/Dec/2020:09:44:24 +0800] "GET /xingrg/kc/buy/cgsh_order_operate.html?command=get_materiel&rest_code=00102&code=00101016104&supplier_code=00100011&order_time=2020-12-11 HTTP/1.1" 200 409
114.88.159.147 - - [11/Dec/2020:09:44:24 +0800] "POST /xingrg/kc/buy/cgsh_list_operate.html HTTP/1.1" 200 876
180.152.104.37 - - [11/Dec/2020:09:44:25 +0800] "GET /xingrg/all/function/internal_message.html?_=1607651292116&CODE_STATE=getMsg HTTP/1.1" 200 27
114.88.159.147 - - [11/Dec/2020:09:44:25 +0800] "GET /xingrg/kc/buy/cgsh_order_add.html HTTP/1.1" 200 60945
114.88.159.147 - - [11/Dec/2020:09:44:25 +0800] "GET /xingrg/words/20201209121717_words.js HTTP/1.1" 304 -
114.88.159.147 - - [11/Dec/2020:09:44:25 +0800] "GET /xingrg/all/common/auto_word.html?type=employee&rest_code=00141 HTTP/1.1" 200 201
114.88.159.147 - - [11/Dec/2020:09:44:25 +0800] "GET /xingrg/javascript/easyui/themes/default/validatebox.css HTTP/1.1" 404 1104
114.88.159.147 - - [11/Dec/2020:09:44:25 +0800] "GET /xingrg/all/common/auto_word.html?type=employee&rest_code=00141 HTTP/1.1" 200 201
114.88.159.147 - - [11/Dec/2020:09:44:25 +0800] "POST /xingrg/kc/buy/cgsh_order_operate.html HTTP/1.1" 200 8245
116.228.172.94 - - [11/Dec/2020:09:44:27 +0800] "GET /xingrg/all/function/internal_message.html?_=1607651064134&CODE_STATE=getMsg HTTP/1.1" 200 27
172.17.0.120 - - [11/Dec/2020:09:44:27 +0800] "GET /xingrg/check_reg.html?_=1607651570391 HTTP/1.1" 200 22
172.17.0.120 - - [11/Dec/2020:09:44:27 +0800] "GET /xingrg/all/function/internal_message.html?_=1607651570392&CODE_STATE=getMsg HTTP/1.1" 200 27
172.17.0.100 - - [11/Dec/2020:09:44:30 +0800] "POST /xingrg/dwr/call/plaincall/AjaxReportQueryService.refreshCache.dwr HTTP/1.1" 200 78
180.152.104.37 - - [11/Dec/2020:09:44:30 +0800] "GET /xingrg/kc/buy/cgsh_order_operate.html?command=get_materiel&rest_code=00102&code=00101006109&supplier_code=00100011&order_time=2020-12-11 HTTP/1.1" 200 409
172.17.0.100 - - [11/Dec/2020:09:44:30 +0800] "POST /xingrg/all/report/load_report_page.html HTTP/1.1" 200 154647
172.17.0.100 - - [11/Dec/2020:09:44:30 +0800] "GET /xingrg/servlets/image?cache=0.027263600718002157&image=px HTTP/1.1" 200 807
180.162.223.42 - - [11/Dec/2020:09:44:33 +0800] "GET /xingrg/all/function/internal_message.html?_=1607651073221&CODE_STATE=getMsg HTTP/1.1" 200 27
180.157.253.48 - - [11/Dec/2020:09:44:34 +0800] "GET /xingrg/check_reg.html?_=1607651073768 HTTP/1.1" 200 22
180.157.253.48 - - [11/Dec/2020:09:44:34 +0800] "GET /xingrg/all/function/internal_message.html?_=1607651073774&CODE_STATE=getMsg HTTP/1.1" 200 27
172.17.0.100 - - [11/Dec/2020:09:44:34 +0800] "POST /xingrg/all/report/report_print.html HTTP/1.1" 200 54333
180.162.223.42 - - [11/Dec/2020:09:44:35 +0800] "GET /xingrg/all/function/internal_message.html?_=1607651054785&CODE_STATE=getMsg HTTP/1.1" 200 27
114.88.163.87 - - [11/Dec/2020:09:44:37 +0800] "GET /xingrg/all/function/internal_message.html?_=1607651206670&CODE_STATE=getMsg HTTP/1.1" 200 27
101.85.93.83 - - [11/Dec/2020:09:44:38 +0800] "GET /xingrg/all/function/internal_message.html?_=1607650785185&CODE_STATE=getMsg HTTP/1.1" 200 27
114.88.159.147 - - [11/Dec/2020:09:44:38 +0800] "GET /xingrg/javascript/auto/indicator.gif HTTP/1.1" 404 1066
114.88.163.87 - - [11/Dec/2020:09:44:39 +0800] "GET /xingrg/kc/buy/cgsh_order_operate.html?command=get_materiel&rest_code=00111&code=00101008295&supplier_code=00100005&order_time=2020-12-11 HTTP/1.1" 200 412
114.88.163.87 - - [11/Dec/2020:09:44:39 +0800] "GET /xingrg/check_reg.html?_=1607651208452 HTTP/1.1" 200 22
114.88.159.147 - - [11/Dec/2020:09:44:40 +0800] "GET /xingrg/javascript/jquery_tools/images/prev.gif HTTP/1.1" 404 1086
114.88.159.147 - - [11/Dec/2020:09:44:40 +0800] "GET /xingrg/javascript/jquery_tools/images/next.gif HTTP/1.1" 404 1086
114.88.163.87 - - [11/Dec/2020:09:44:41 +0800] "POST /xingrg/kc/buy/cgsh_order_operate.html HTTP/1.1" 200 2065
222.69.133.109 - - [11/Dec/2020:09:44:41 +0800] "GET /xingrg/all/function/internal_message.html?_=1607651080679&CODE_STATE=getMsg HTTP/1.1" 200 27
222.69.133.109 - - [11/Dec/2020:09:44:41 +0800] "GET /xingrg/check_reg.html?_=1607651080684 HTTP/1.1" 200 22
180.152.104.37 - - [11/Dec/2020:09:44:44 +0800] "GET /xingrg/kc/buy/cgsh_order_operate.html?command=get_materiel&rest_code=00102&code=00101006195&supplier_code=00100011&order_time=2020-12-11 HTTP/1.1" 200 409
114.88.159.147 - - [11/Dec/2020:09:44:45 +0800] "GET /xingrg/kc/buy/cgsh_order_operate.html?command=get_materiel&rest_code=00141&code=00101001010&supplier_code=00100040&order_time=2020-12-11 HTTP/1.1" 200 408
222.69.133.109 - - [11/Dec/2020:09:44:46 +0800] "GET /xingrg/kc/buy/cgsh_order_operate.html?command=get_materiel&rest_code=00154&code=00101008356&supplier_code=00100417&order_time=2020-12-11 HTTP/1.1" 200 408
180.174.56.115 - - [11/Dec/2020:09:44:50 +0800] "GET /xingrg/check_reg.html?_=1607651053122 HTTP/1.1" 200 22
180.174.56.115 - - [11/Dec/2020:09:44:50 +0800] "GET /xingrg/all/function/internal_message.html?_=1607651053184&CODE_STATE=getMsg HTTP/1.1" 200 27
180.174.56.115 - - [11/Dec/2020:09:44:51 +0800] "GET /xingrg/all/function/internal_message.html?_=1607651091053&CODE_STATE=getMsg HTTP/1.1" 200 27
116.228.172.94 - - [11/Dec/2020:09:44:52 +0800] "GET /xingrg/all/function/internal_message.html?_=1607651089039&CODE_STATE=getMsg HTTP/1.1" 200 27
223.167.127.220 - - [11/Dec/2020:09:44:52 +0800] "GET /xingrg/all/function/internal_message.html?_=1607651092870&CODE_STATE=getMsg HTTP/1.1" 302 -
114.88.159.147 - - [11/Dec/2020:09:44:53 +0800] "GET /xingrg/all/function/internal_message.html?_=1607650665060&CODE_STATE=getMsg HTTP/1.1" 200 27
114.84.32.187 - - [11/Dec/2020:09:44:56 +0800] "GET /xingrg/all/function/internal_message.html?_=1607651123071&CODE_STATE=getMsg HTTP/1.1" 302 -
180.152.104.37 - - [11/Dec/2020:09:44:56 +0800] "GET /xingrg/kc/buy/cgsh_order_operate.html?command=get_materiel&rest_code=00102&code=00101006020&supplier_code=00100011&order_time=2020-12-11 HTTP/1.1" 200 422
114.88.159.147 - - [11/Dec/2020:09:44:58 +0800] "POST /xingrg/kc/buy/cgsh_order_operate.html HTTP/1.1" 200 37
114.88.163.87 - - [11/Dec/2020:09:44:59 +0800] "GET /xingrg/kc/buy/cgsh_order_operate.html?command=get_materiel&rest_code=00111&code=00101008010&supplier_code=00100005&order_time=2020-12-11 HTTP/1.1" 200 412
114.88.163.87 - - [11/Dec/2020:09:45:00 +0800] "GET /xingrg/all/function/internal_message.html?_=1607651095780&CODE_STATE=getMsg HTTP/1.1" 302 -
120.253.135.82 - - [11/Dec/2020:09:45:01 +0800] "GET /xingrg/all/function/internal_message.html?_=1607650842509&CODE_STATE=getMsg HTTP/1.1" 200 27
120.253.135.82 - - [11/Dec/2020:09:45:01 +0800] "GET /xingrg/check_reg.html?_=1607650842603 HTTP/1.1" 200 22
114.88.159.147 - - [11/Dec/2020:09:45:01 +0800] "POST /xingrg/kc/buy/cgsh_order_operate.html HTTP/1.1" 200 12
114.88.159.147 - - [11/Dec/2020:09:45:02 +0800] "GET /xingrg/kc/buy/cgsh_order_info.html?code=212020121104063 HTTP/1.1" 200 55848
114.88.159.147 - - [11/Dec/2020:09:45:02 +0800] "GET /xingrg/javascript/easyui/themes/default/validatebox.css HTTP/1.1" 404 1104
114.88.159.147 - - [11/Dec/2020:09:45:02 +0800] "POST /xingrg/kc/buy/cgsh_order_operate.html HTTP/1.1" 200 603
114.88.159.147 - - [11/Dec/2020:09:45:03 +0800] "GET /xingrg/kc/print/load_config.html?kc_code=cgsh HTTP/1.1" 200 1845
114.88.159.147 - - [11/Dec/2020:09:45:03 +0800] "GET /xingrg/kc/print/load_data.html?order_code=212020121104063&kc_code=cgsh&condition= HTTP/1.1" 200 781
222.69.133.109 - - [11/Dec/2020:09:45:05 +0800] "GET /xingrg/kc/buy/cgsh_order_operate.html?command=get_materiel&rest_code=00154&code=00101012059&supplier_code=00100417&order_time=2020-12-11 HTTP/1.1" 200 412
114.88.163.87 - - [11/Dec/2020:09:45:06 +0800] "GET /xingrg/kc/buy/cgsh_order_operate.html?command=get_materiel&rest_code=00111&code=00101008306&supplier_code=00100005&order_time=2020-12-11 HTTP/1.1" 200 412
172.17.200.101 - - [11/Dec/2020:09:45:07 +0800] "GET /xingrg/all/function/internal_message.html?_=1607651108037&CODE_STATE=getMsg HTTP/1.1" 200 27
172.17.0.100 - - [11/Dec/2020:09:45:09 +0800] "GET /xingrg/all/function/internal_message.html?_=1607651167287&CODE_STATE=getMsg HTTP/1.1" 200 27
180.162.223.42 - - [11/Dec/2020:09:45:10 +0800] "POST /xingrg/kc/buy/cgsh_order_operate.html HTTP/1.1" 200 37
180.152.104.37 - - [11/Dec/2020:09:45:10 +0800] "GET /xingrg/kc/buy/cgsh_order_operate.html?command=get_materiel&rest_code=00102&code=00101006129&supplier_code=00100011&order_time=2020-12-11 HTTP/1.1" 200 431
180.162.223.42 - - [11/Dec/2020:09:45:11 +0800] "POST /xingrg/kc/buy/cgsh_order_operate.html HTTP/1.1" 200 47012
114.88.159.147 - - [11/Dec/2020:09:45:11 +0800] "GET /xingrg/kc/buy/cgsh_order_add.html HTTP/1.1" 200 60945
114.88.159.147 - - [11/Dec/2020:09:45:11 +0800] "POST /xingrg/kc/buy/cgsh_order_operate.html HTTP/1.1" 200 8245
114.88.159.147 - - [11/Dec/2020:09:45:11 +0800] "GET /xingrg/javascript/easyui/themes/default/validatebox.css HTTP/1.1" 404 1104
180.162.223.42 - - [11/Dec/2020:09:45:13 +0800] "GET /xingrg/kc/print/load_data.html?order_code=212020121104032&kc_code=cgsh&condition= HTTP/1.1" 200 17402
114.88.163.87 - - [11/Dec/2020:09:45:13 +0800] "GET /xingrg/kc/buy/cgsh_order_operate.html?command=get_materiel&rest_code=00111&code=00101008283&supplier_code=00100005&order_time=2020-12-11 HTTP/1.1" 200 408
114.88.163.87 - - [11/Dec/2020:09:45:15 +0800] "POST /xingrg/kc/buy/cgsh_order_operate.html HTTP/1.1" 200 2065
117.185.32.26 - - [11/Dec/2020:09:45:16 +0800] "GET /xingrg/all/function/internal_message.html?_=1607651574285&CODE_STATE=getMsg HTTP/1.1" 200 27
101.83.240.69 - - [11/Dec/2020:09:45:17 +0800] "GET /xingrg/all/function/internal_message.html?_=1607651112407&CODE_STATE=getMsg HTTP/1.1" 200 27
116.232.52.177 - - [11/Dec/2020:09:45:18 +0800] "GET /xingrg/all/function/internal_message.html?_=1607651120911&CODE_STATE=getMsg HTTP/1.1" 200 27
114.88.159.147 - - [11/Dec/2020:09:45:19 +0800] "GET /xingrg/kc/buy/cgsh_order_operate.html?command=get_materiel&rest_code=00141&code=00101016053&supplier_code=00100036&order_time=2020-12-11 HTTP/1.1" 200 408
114.88.159.147 - - [11/Dec/2020:09:45:19 +0800] "GET /xingrg/all/function/internal_message.html?_=1607651122955&CODE_STATE=getMsg HTTP/1.1" 200 27
120.253.135.82 - - [11/Dec/2020:09:45:21 +0800] "POST /xingrg/kc/pszx/mdps_list_operate.html HTTP/1.1" 200 1692
120.253.135.82 - - [11/Dec/2020:09:45:21 +0800] "GET /xingrg/kc/pszx/mdqp_order_list.html?state=10 HTTP/1.1" 200 11018
120.253.135.82 - - [11/Dec/2020:09:45:21 +0800] "GET /xingrg/dwr/interface/AjaxReportQueryService.js HTTP/1.1" 200 13203
120.253.135.82 - - [11/Dec/2020:09:45:21 +0800] "GET /xingrg/dwr/util.js HTTP/1.1" 304 -
120.253.135.82 - - [11/Dec/2020:09:45:21 +0800] "GET /xingrg/javascript/Calendar.js HTTP/1.1" 304 -
114.88.163.87 - - [11/Dec/2020:09:45:21 +0800] "GET /xingrg/kc/buy/cgsh_order_operate.html?command=get_materiel&rest_code=00111&code=00101008323&supplier_code=00100005&order_time=2020-12-11 HTTP/1.1" 200 408
120.253.135.82 - - [11/Dec/2020:09:45:21 +0800] "GET /xingrg/dwr/interface/AjaxQqpsService.js HTTP/1.1" 200 16326
120.253.135.82 - - [11/Dec/2020:09:45:21 +0800] "GET /xingrg/dwr/engine.js HTTP/1.1" 200 43631
120.253.135.82 - - [11/Dec/2020:09:45:21 +0800] "GET /xingrg/javascript/jquery_easy_ui/themes/icons/check_new.png HTTP/1.1" 304 -
120.253.135.82 - - [11/Dec/2020:09:45:21 +0800] "GET /xingrg/javascript/jquery_easy_ui/themes/icons/uncheck_new.png HTTP/1.1" 304 -
180.152.104.37 - - [11/Dec/2020:09:45:25 +0800] "GET /xingrg/all/function/internal_message.html?_=1607651352130&CODE_STATE=getMsg HTTP/1.1" 200 27
116.228.172.94 - - [11/Dec/2020:09:45:26 +0800] "GET /xingrg/check_reg.html?_=1607651122937 HTTP/1.1" 200 22
116.228.172.94 - - [11/Dec/2020:09:45:27 +0800] "GET /xingrg/all/function/internal_message.html?_=1607651124122&CODE_STATE=getMsg HTTP/1.1" 200 27
172.17.0.120 - - [11/Dec/2020:09:45:27 +0800] "GET /xingrg/all/function/internal_message.html?_=1607651630394&CODE_STATE=getMsg HTTP/1.1" 200 27
114.88.163.87 - - [11/Dec/2020:09:45:28 +0800] "GET /xingrg/kc/buy/cgsh_order_operate.html?command=get_materiel&rest_code=00111&code=00101008350&supplier_code=00100005&order_time=2020-12-11 HTTP/1.1" 200 408
180.152.104.37 - - [11/Dec/2020:09:45:28 +0800] "GET /xingrg/kc/buy/cgsh_order_operate.html?command=get_materiel&rest_code=00102&code=00101006135&supplier_code=00100011&order_time=2020-12-11 HTTP/1.1" 200 417
222.69.133.109 - - [11/Dec/2020:09:45:30 +0800] "GET /xingrg/kc/buy/cgsh_order_operate.html?command=get_materiel&rest_code=00154&code=00101008351&supplier_code=00100417&order_time=2020-12-11 HTTP/1.1" 200 408
114.88.159.147 - - [11/Dec/2020:09:45:33 +0800] "GET /xingrg/kc/buy/cgsh_order_operate.html?command=get_materiel&rest_code=00141&code=00101012051&supplier_code=00100036&order_time=2020-12-11 HTTP/1.1" 200 408
180.162.223.42 - - [11/Dec/2020:09:45:33 +0800] "GET /xingrg/all/function/internal_message.html?_=1607651133217&CODE_STATE=getMsg HTTP/1.1" 200 27
180.157.253.48 - - [11/Dec/2020:09:45:34 +0800] "GET /xingrg/all/function/internal_message.html?_=1607651133761&CODE_STATE=getMsg HTTP/1.1" 200 27
180.162.223.42 - - [11/Dec/2020:09:45:35 +0800] "GET /xingrg/all/function/internal_message.html?_=1607651114785&CODE_STATE=getMsg HTTP/1.1" 200 27
120.253.135.82 - - [11/Dec/2020:09:45:36 +0800] "GET /xingrg/kc/pszx/mdps_order_list.html?orderType=0 HTTP/1.1" 200 21238
120.253.135.82 - - [11/Dec/2020:09:45:36 +0800] "POST /xingrg/kc/pszx/mdps_list_operate.html HTTP/1.1" 200 5375
114.88.163.87 - - [11/Dec/2020:09:45:38 +0800] "GET /xingrg/all/function/internal_message.html?_=1607651266701&CODE_STATE=getMsg HTTP/1.1" 200 27
120.253.135.82 - - [11/Dec/2020:09:45:38 +0800] "GET /xingrg/kc/pszx/mdps_order_add.html HTTP/1.1" 200 29216
101.85.93.83 - - [11/Dec/2020:09:45:38 +0800] "GET /xingrg/all/function/internal_message.html?_=1607650845186&CODE_STATE=getMsg HTTP/1.1" 200 27
101.85.93.83 - - [11/Dec/2020:09:45:38 +0800] "GET /xingrg/check_reg.html?_=1607650845190 HTTP/1.1" 200 22
120.253.135.82 - - [11/Dec/2020:09:45:39 +0800] "POST /xingrg/kc/pszx/mdps_order_operate.html HTTP/1.1" 200 7126
120.253.135.82 - - [11/Dec/2020:09:45:39 +0800] "GET /xingrg/javascript/easyui/themes/default/validatebox.css HTTP/1.1" 404 1104
114.88.163.87 - - [11/Dec/2020:09:45:40 +0800] "GET /xingrg/kc/buy/cgsh_order_operate.html?command=get_materiel&rest_code=00111&code=00101008236&supplier_code=00100005&order_time=2020-12-11 HTTP/1.1" 200 416
222.69.133.109 - - [11/Dec/2020:09:45:41 +0800] "GET /xingrg/all/function/internal_message.html?_=1607651140668&CODE_STATE=getMsg HTTP/1.1" 200 27
114.88.159.147 - - [11/Dec/2020:09:45:42 +0800] "GET /xingrg/kc/buy/cgsh_order_operate.html?command=get_materiel&rest_code=00141&code=00101012030&supplier_code=00100036&order_time=2020-12-11 HTTP/1.1" 200 416
114.88.163.87 - - [11/Dec/2020:09:45:46 +0800] "GET /xingrg/kc/buy/cgsh_order_operate.html?command=get_materiel&rest_code=00111&code=00101008168&supplier_code=00100005&order_time=2020-12-11 HTTP/1.1" 200 412
114.88.163.87 - - [11/Dec/2020:09:45:48 +0800] "POST /xingrg/kc/buy/cgsh_order_operate.html HTTP/1.1" 200 2065
180.174.56.115 - - [11/Dec/2020:09:45:51 +0800] "GET /xingrg/all/function/internal_message.html?_=1607651151065&CODE_STATE=getMsg HTTP/1.1" 200 27
114.88.163.87 - - [11/Dec/2020:09:45:52 +0800] "GET /xingrg/kc/buy/cgsh_order_operate.html?command=get_materiel&rest_code=00111&code=00101008165&supplier_code=00100005&order_time=2020-12-11 HTTP/1.1" 200 416
116.228.172.94 - - [11/Dec/2020:09:45:52 +0800] "GET /xingrg/check_reg.html?_=1607651149028 HTTP/1.1" 200 22
116.228.172.94 - - [11/Dec/2020:09:45:52 +0800] "GET /xingrg/all/function/internal_message.html?_=1607651149032&CODE_STATE=getMsg HTTP/1.1" 200 27
180.152.104.37 - - [11/Dec/2020:09:45:52 +0800] "GET /xingrg/kc/buy/cgsh_order_operate.html?command=get_materiel&rest_code=00102&code=00101006063&supplier_code=00100011&order_time=2020-12-11 HTTP/1.1" 200 413
223.167.127.220 - - [11/Dec/2020:09:45:53 +0800] "GET /xingrg/all/function/internal_message.html?_=1607651152880&CODE_STATE=getMsg HTTP/1.1" 302 -
120.253.135.82 - - [11/Dec/2020:09:45:53 +0800] "GET /xingrg/all/function/internal_message.html?_=1607650902530&CODE_STATE=getMsg HTTP/1.1" 200 27
114.88.159.147 - - [11/Dec/2020:09:45:53 +0800] "GET /xingrg/kc/buy/cgsh_order_operate.html?command=get_materiel&rest_code=00141&code=00101013082&supplier_code=00100036&order_time=2020-12-11 HTTP/1.1" 200 413
114.88.159.147 - - [11/Dec/2020:09:45:53 +0800] "GET /xingrg/all/function/internal_message.html?_=1607650725060&CODE_STATE=getMsg HTTP/1.1" 200 27
222.69.133.109 - - [11/Dec/2020:09:45:55 +0800] "GET /xingrg/kc/buy/cgsh_order_operate.html?command=get_materiel&rest_code=00154&code=00101008221&supplier_code=00100417&order_time=2020-12-11 HTTP/1.1" 200 414
120.253.135.82 - - [11/Dec/2020:09:45:55 +0800] "POST /xingrg/all/common/load_combo.html?type=base HTTP/1.1" 200 984
114.84.32.187 - - [11/Dec/2020:09:45:56 +0800] "GET /xingrg/all/function/internal_message.html?_=1607651183092&CODE_STATE=getMsg HTTP/1.1" 302 -
114.88.163.87 - - [11/Dec/2020:09:45:58 +0800] "GET /xingrg/kc/buy/cgsh_order_operate.html?command=get_materiel&rest_code=00111&code=00101008223&supplier_code=00100005&order_time=2020-12-11 HTTP/1.1" 200 412
114.88.163.87 - - [11/Dec/2020:09:46:00 +0800] "GET /xingrg/all/function/internal_message.html?_=1607651155783&CODE_STATE=getMsg HTTP/1.1" 302 -
180.152.104.37 - - [11/Dec/2020:09:46:02 +0800] "GET /xingrg/kc/buy/cgsh_order_operate.html?command=get_materiel&rest_code=00102&code=00101006110&supplier_code=00100011&order_time=2020-12-11 HTTP/1.1" 200 408
114.88.163.87 - - [11/Dec/2020:09:46:04 +0800] "GET /xingrg/kc/buy/cgsh_order_operate.html?command=get_materiel&rest_code=00111&code=00101008230&supplier_code=00100005&order_time=2020-12-11 HTTP/1.1" 200 408
114.88.159.147 - - [11/Dec/2020:09:46:05 +0800] "GET /xingrg/kc/buy/cgsh_order_operate.html?command=get_materiel&rest_code=00141&code=00101013213&supplier_code=00100036&order_time=2020-12-11 HTTP/1.1" 200 427
120.253.135.82 - - [11/Dec/2020:09:46:07 +0800] "GET /xingrg/kc/pszx/mdps_order_operate.html?command=get_materiel&pszx_code=00101&rest_code=00150&base_code=0010246&code=00102002610 HTTP/1.1" 200 429
172.17.200.101 - - [11/Dec/2020:09:46:07 +0800] "GET /xingrg/all/function/internal_message.html?_=1607651168038&CODE_STATE=getMsg HTTP/1.1" 200 27
172.17.0.100 - - [11/Dec/2020:09:46:09 +0800] "GET /xingrg/all/function/internal_message.html?_=1607651227287&CODE_STATE=getMsg HTTP/1.1" 200 27
114.88.159.147 - - [11/Dec/2020:09:46:13 +0800] "GET /xingrg/kc/buy/cgsh_order_operate.html?command=get_materiel&rest_code=00141&code=00101012019&supplier_code=00100036&order_time=2020-12-11 HTTP/1.1" 200 412
117.185.32.26 - - [11/Dec/2020:09:46:16 +0800] "GET /xingrg/all/function/internal_message.html?_=1607651634284&CODE_STATE=getMsg HTTP/1.1" 200 27
101.83.240.69 - - [11/Dec/2020:09:46:17 +0800] "GET /xingrg/all/function/internal_message.html?_=1607651172385&CODE_STATE=getMsg HTTP/1.1" 200 27
101.83.240.69 - - [11/Dec/2020:09:46:17 +0800] "GET /xingrg/check_reg.html?_=1607651172702 HTTP/1.1" 200 22
116.232.52.177 - - [11/Dec/2020:09:46:18 +0800] "GET /xingrg/all/function/internal_message.html?_=1607651180909&CODE_STATE=getMsg HTTP/1.1" 200 27
114.88.159.147 - - [11/Dec/2020:09:46:19 +0800] "GET /xingrg/all/function/internal_message.html?_=1607651182950&CODE_STATE=getMsg HTTP/1.1" 200 27
180.152.104.37 - - [11/Dec/2020:09:46:25 +0800] "GET /xingrg/all/function/internal_message.html?_=1607651412142&CODE_STATE=getMsg HTTP/1.1" 200 27
114.88.163.87 - - [11/Dec/2020:09:46:26 +0800] "POST /xingrg/kc/buy/cgsh_order_operate.html HTTP/1.1" 200 2065
120.253.135.82 - - [11/Dec/2020:09:46:27 +0800] "POST /xingrg/kc/pszx/mdps_order_operate.html HTTP/1.1" 200 37
116.228.172.94 - - [11/Dec/2020:09:46:27 +0800] "GET /xingrg/all/function/internal_message.html?_=1607651184146&CODE_STATE=getMsg HTTP/1.1" 200 27
