172.17.0.120 - - [11/Dec/2020:11:04:59 +0800] "GET /xingrg/servlets/image?cache=0.6189209617614879&image=px HTTP/1.1" 200 807
180.152.104.37 - - [11/Dec/2020:11:05:01 +0800] "POST /xingrg/kc/buy/cgsh_order_operate.html HTTP/1.1" 200 12
180.152.104.37 - - [11/Dec/2020:11:05:02 +0800] "GET /xingrg/kc/buy/cgsh_order_info.html?code=212020121104186 HTTP/1.1" 200 55809
180.152.104.37 - - [11/Dec/2020:11:05:04 +0800] "GET /xingrg/javascript/easyui/themes/default/validatebox.css HTTP/1.1" 404 1104
180.152.104.37 - - [11/Dec/2020:11:05:04 +0800] "POST /xingrg/kc/buy/cgsh_order_operate.html HTTP/1.1" 200 607
114.88.159.147 - - [11/Dec/2020:11:05:05 +0800] "GET /xingrg/kc/buy/cgsh_order_operate.html?command=get_materiel&rest_code=00141&code=00101002034&supplier_code=00100091&order_time=2020-12-11 HTTP/1.1" 200 409
117.185.32.26 - - [11/Dec/2020:11:05:05 +0800] "POST /xingrg/services/DataTransmitService HTTP/1.1" 200 524
180.152.104.37 - - [11/Dec/2020:11:05:05 +0800] "GET /xingrg/kc/print/load_data.html?order_code=212020121104186&kc_code=cgsh&condition= HTTP/1.1" 200 696
117.185.32.26 - - [11/Dec/2020:11:05:05 +0800] "POST /xingrg/services/DataTransmitService HTTP/1.1" 200 412
117.131.5.26 - - [11/Dec/2020:11:05:08 +0800] "POST /xingrg/services/DataTransmitService HTTP/1.1" 200 524
117.131.5.26 - - [11/Dec/2020:11:05:08 +0800] "POST /xingrg/services/DataTransmitService HTTP/1.1" 200 412
172.17.0.100 - - [11/Dec/2020:11:05:09 +0800] "GET /xingrg/all/function/internal_message.html?_=1607655967361&CODE_STATE=getMsg HTTP/1.1" 200 27
180.162.223.42 - - [11/Dec/2020:11:05:09 +0800] "GET /xingrg/kc/base/wldb_order_operate.html?command=get_materiel&rest_code=00105&base_code=0010507&code=00101013030 HTTP/1.1" 200 428
180.157.253.48 - - [11/Dec/2020:11:05:11 +0800] "GET /xingrg/check_reg.html?_=1607655911516 HTTP/1.1" 200 22
180.152.104.37 - - [11/Dec/2020:11:05:12 +0800] "GET /xingrg/kc/buy/cgsh_order_add.html HTTP/1.1" 200 60904
180.152.104.37 - - [11/Dec/2020:11:05:14 +0800] "POST /xingrg/kc/buy/cgsh_order_operate.html HTTP/1.1" 200 8245
114.88.159.147 - - [11/Dec/2020:11:05:15 +0800] "POST /xingrg/kc/buy/cgsh_order_operate.html HTTP/1.1" 200 37
180.152.104.37 - - [11/Dec/2020:11:05:15 +0800] "GET /xingrg/javascript/easyui/themes/default/validatebox.css HTTP/1.1" 404 1104
101.83.240.69 - - [11/Dec/2020:11:05:15 +0800] "GET /xingrg/all/function/internal_message.html?_=1607655910843&CODE_STATE=getMsg HTTP/1.1" 200 27
117.185.32.26 - - [11/Dec/2020:11:05:17 +0800] "GET /xingrg/all/function/internal_message.html?_=1607656374616&CODE_STATE=getMsg HTTP/1.1" 200 27
114.88.159.147 - - [11/Dec/2020:11:05:17 +0800] "POST /xingrg/kc/buy/cgsh_order_operate.html HTTP/1.1" 200 12
114.88.159.147 - - [11/Dec/2020:11:05:17 +0800] "GET /xingrg/kc/buy/cgsh_order_info.html?code=212020121104187 HTTP/1.1" 200 55852
114.88.159.147 - - [11/Dec/2020:11:05:18 +0800] "GET /xingrg/javascript/easyui/themes/default/validatebox.css HTTP/1.1" 404 1104
114.88.159.147 - - [11/Dec/2020:11:05:18 +0800] "POST /xingrg/kc/buy/cgsh_order_operate.html HTTP/1.1" 200 1204
114.88.159.147 - - [11/Dec/2020:11:05:19 +0800] "GET /xingrg/kc/print/load_data.html?order_code=212020121104187&kc_code=cgsh&condition= HTTP/1.1" 200 1014
180.152.104.37 - - [11/Dec/2020:11:05:22 +0800] "GET /xingrg/kc/buy/cgsh_order_operate.html?command=get_materiel&rest_code=00102&code=00101007032&supplier_code=00100328&order_time=2020-12-11 HTTP/1.1" 200 432
114.88.159.147 - - [11/Dec/2020:11:05:23 +0800] "GET /xingrg/kc/buy/cgsh_order_add.html HTTP/1.1" 200 60945
114.88.159.147 - - [11/Dec/2020:11:05:24 +0800] "POST /xingrg/kc/buy/cgsh_order_operate.html HTTP/1.1" 200 8245
172.17.200.101 - - [11/Dec/2020:11:05:24 +0800] "GET /xingrg/all/function/internal_message.html?_=1607655924602&CODE_STATE=getMsg HTTP/1.1" 200 27
172.17.200.101 - - [11/Dec/2020:11:05:24 +0800] "GET /xingrg/check_reg.html?_=1607655924607 HTTP/1.1" 200 22
114.88.159.147 - - [11/Dec/2020:11:05:24 +0800] "GET /xingrg/javascript/easyui/themes/default/validatebox.css HTTP/1.1" 404 1104
172.17.0.120 - - [11/Dec/2020:11:05:24 +0800] "GET /xingrg/all/function/internal_message.html?_=1607656427464&CODE_STATE=getMsg HTTP/1.1" 200 27
172.17.0.102 - - [11/Dec/2020:11:05:25 +0800] "GET /xingrg/all/function/internal_message.html?_=1607655924139&CODE_STATE=getMsg HTTP/1.1" 200 27
116.228.172.94 - - [11/Dec/2020:11:05:26 +0800] "GET /xingrg/check_reg.html?_=1607655923493 HTTP/1.1" 200 22
180.162.223.42 - - [11/Dec/2020:11:05:27 +0800] "GET /xingrg/kc/base/wldb_order_operate.html?command=get_materiel&rest_code=00105&base_code=0010507&code=00101019155 HTTP/1.1" 200 478
180.174.56.115 - - [11/Dec/2020:11:05:27 +0800] "GET /xingrg/all/function/internal_message.html?_=1607655890229&CODE_STATE=getMsg HTTP/1.1" 200 27
180.157.253.48 - - [11/Dec/2020:11:05:28 +0800] "GET /xingrg/all/function/internal_message.html?_=1607655933218&CODE_STATE=getMsg HTTP/1.1" 200 27
116.228.172.94 - - [11/Dec/2020:11:05:29 +0800] "GET /xingrg/all/function/internal_message.html?_=1607655926137&CODE_STATE=getMsg HTTP/1.1" 200 27
114.88.159.147 - - [11/Dec/2020:11:05:30 +0800] "GET /xingrg/kc/buy/cgsh_order_operate.html?command=get_materiel&rest_code=00141&code=00101010079&supplier_code=00100336&order_time=2020-12-11 HTTP/1.1" 200 413
180.152.104.37 - - [11/Dec/2020:11:05:31 +0800] "GET /xingrg/kc/buy/cgsh_order_operate.html?command=get_materiel&rest_code=00102&code=00101007085&supplier_code=00100328&order_time=2020-12-11 HTTP/1.1" 200 413
180.152.104.37 - - [11/Dec/2020:11:05:36 +0800] "GET /xingrg/all/function/internal_message.html?_=1607656163137&CODE_STATE=getMsg HTTP/1.1" 200 27
114.88.163.87 - - [11/Dec/2020:11:05:36 +0800] "GET /xingrg/all/function/internal_message.html?_=1607655931520&CODE_STATE=getMsg HTTP/1.1" 200 27
114.88.159.147 - - [11/Dec/2020:11:05:38 +0800] "POST /xingrg/kc/buy/cgsh_order_operate.html HTTP/1.1" 200 37
117.185.32.26 - - [11/Dec/2020:11:05:38 +0800] "GET /xingrg/all/function/internal_message.html?_=1607655933630&CODE_STATE=getMsg HTTP/1.1" 200 27
180.157.253.48 - - [11/Dec/2020:11:05:39 +0800] "GET /xingrg/javascript/easyui/themes/default/images/button_plain_hover.png HTTP/1.1" 304 -
183.192.164.85 - - [11/Dec/2020:11:05:40 +0800] "GET /xingrg/all/function/internal_message.html?_=1607655153790&CODE_STATE=getMsg HTTP/1.1" 302 -
180.152.104.37 - - [11/Dec/2020:11:05:41 +0800] "GET /xingrg/all/function/internal_message.html?_=1607655942722&CODE_STATE=getMsg HTTP/1.1" 200 27
222.69.133.109 - - [11/Dec/2020:11:05:41 +0800] "GET /xingrg/all/function/internal_message.html?_=1607655940823&CODE_STATE=getMsg HTTP/1.1" 200 27
180.162.223.42 - - [11/Dec/2020:11:05:41 +0800] "GET /xingrg/check_reg.html?_=1607655941973 HTTP/1.1" 200 22
180.162.223.42 - - [11/Dec/2020:11:05:41 +0800] "GET /xingrg/all/function/internal_message.html?_=1607655941975&CODE_STATE=getMsg HTTP/1.1" 200 27
180.162.223.42 - - [11/Dec/2020:11:05:42 +0800] "GET /xingrg/kc/base/wldb_order_operate.html?command=get_materiel&rest_code=00105&base_code=0010507&code=00101016019 HTTP/1.1" 200 450
180.157.253.48 - - [11/Dec/2020:11:05:42 +0800] "POST /xingrg/kc/buy/cgsh_order_operate.html HTTP/1.1" 200 37
114.88.159.147 - - [11/Dec/2020:11:05:42 +0800] "POST /xingrg/kc/buy/cgsh_order_operate.html HTTP/1.1" 200 12
180.174.56.115 - - [11/Dec/2020:11:05:43 +0800] "GET /xingrg/all/function/internal_message.html?_=1607655943041&CODE_STATE=getMsg HTTP/1.1" 200 27
180.152.104.37 - - [11/Dec/2020:11:05:43 +0800] "GET /xingrg/kc/buy/cgsh_order_operate.html?command=get_materiel&rest_code=00102&code=00101007077&supplier_code=00100328&order_time=2020-12-11 HTTP/1.1" 200 415
114.88.159.147 - - [11/Dec/2020:11:05:43 +0800] "GET /xingrg/kc/buy/cgsh_order_info.html?code=212020121104188 HTTP/1.1" 200 55848
114.88.159.147 - - [11/Dec/2020:11:05:44 +0800] "GET /xingrg/javascript/easyui/themes/default/validatebox.css HTTP/1.1" 404 1104
114.88.159.147 - - [11/Dec/2020:11:05:44 +0800] "POST /xingrg/kc/buy/cgsh_order_operate.html HTTP/1.1" 200 608
114.88.159.147 - - [11/Dec/2020:11:05:45 +0800] "GET /xingrg/kc/print/load_data.html?order_code=212020121104188&kc_code=cgsh&condition= HTTP/1.1" 200 703
120.253.135.82 - - [11/Dec/2020:11:05:49 +0800] "GET /xingrg/check_reg.html?_=1607655699283 HTTP/1.1" 200 22
183.192.164.85 - - [11/Dec/2020:11:05:50 +0800] "GET /xingrg/login.html HTTP/1.1" 200 7641
114.88.159.147 - - [11/Dec/2020:11:05:50 +0800] "GET /xingrg/kc/buy/cgsh_order_add.html HTTP/1.1" 200 60945
114.88.159.147 - - [11/Dec/2020:11:05:51 +0800] "GET /xingrg/javascript/easyui/themes/default/validatebox.css HTTP/1.1" 404 1104
114.88.159.147 - - [11/Dec/2020:11:05:51 +0800] "POST /xingrg/kc/buy/cgsh_order_operate.html HTTP/1.1" 200 8245
180.162.223.42 - - [11/Dec/2020:11:05:51 +0800] "GET /xingrg/all/function/internal_message.html?_=1607655930763&CODE_STATE=getMsg HTTP/1.1" 200 27
116.228.172.94 - - [11/Dec/2020:11:05:52 +0800] "GET /xingrg/all/function/internal_message.html?_=1607655949033&CODE_STATE=getMsg HTTP/1.1" 200 27
116.228.172.94 - - [11/Dec/2020:11:05:52 +0800] "GET /xingrg/check_reg.html?_=1607655949034 HTTP/1.1" 200 22
223.167.127.220 - - [11/Dec/2020:11:05:53 +0800] "GET /xingrg/all/function/internal_message.html?_=1607655952929&CODE_STATE=getMsg HTTP/1.1" 302 -
114.88.159.147 - - [11/Dec/2020:11:05:53 +0800] "GET /xingrg/all/function/internal_message.html?_=1607655525184&CODE_STATE=getMsg HTTP/1.1" 200 27
180.152.104.37 - - [11/Dec/2020:11:05:54 +0800] "POST /xingrg/kc/buy/cgsh_order_operate.html HTTP/1.1" 200 37
180.152.104.37 - - [11/Dec/2020:11:05:56 +0800] "POST /xingrg/kc/buy/cgsh_order_operate.html HTTP/1.1" 200 12
116.232.52.177 - - [11/Dec/2020:11:05:57 +0800] "GET /xingrg/all/function/internal_message.html?_=1607655959987&CODE_STATE=getMsg HTTP/1.1" 200 27
114.84.32.187 - - [11/Dec/2020:11:05:57 +0800] "GET /xingrg/all/function/internal_message.html?_=1607655984180&CODE_STATE=getMsg HTTP/1.1" 302 -
114.88.163.87 - - [11/Dec/2020:11:05:57 +0800] "GET /xingrg/all/function/internal_message.html?_=1607656086076&CODE_STATE=getMsg HTTP/1.1" 200 27
172.17.0.120 - - [11/Dec/2020:11:05:57 +0800] "POST /xingrg/dwr/call/plaincall/AjaxReportQueryService.getFixDate.dwr HTTP/1.1" 200 111
172.17.0.120 - - [11/Dec/2020:11:05:57 +0800] "GET /xingrg/javascript/jquery_easy_ui/themes/default/images/tabs_active.png HTTP/1.1" 200 2894
172.17.0.120 - - [11/Dec/2020:11:05:58 +0800] "GET /xingrg/javascript/multi_select/dropdown_hover.gif HTTP/1.1" 200 61
101.89.239.232 - - [11/Dec/2020:11:05:58 +0800] "GET /xingrg/all/function/internal_message.html?_=1607655263126&CODE_STATE=getMsg HTTP/1.1" 302 -
180.152.104.37 - - [11/Dec/2020:11:05:59 +0800] "GET /xingrg/kc/buy/cgsh_order_info.html?code=212020121104190 HTTP/1.1" 200 55811
172.17.0.120 - - [11/Dec/2020:11:05:59 +0800] "POST /xingrg/dwr/call/plaincall/AjaxReportQueryService.refreshCache.dwr HTTP/1.1" 200 78
117.184.7.26 - - [11/Dec/2020:11:05:59 +0800] "GET /xingrg/all/function/internal_message.html?_=1607655947484&CODE_STATE=getMsg HTTP/1.1" 200 27
180.152.104.37 - - [11/Dec/2020:11:06:01 +0800] "GET /xingrg/javascript/easyui/themes/default/validatebox.css HTTP/1.1" 404 1104
180.152.104.37 - - [11/Dec/2020:11:06:01 +0800] "POST /xingrg/kc/buy/cgsh_order_operate.html HTTP/1.1" 200 1795
180.152.104.37 - - [11/Dec/2020:11:06:02 +0800] "GET /xingrg/kc/print/load_data.html?order_code=212020121104190&kc_code=cgsh&condition= HTTP/1.1" 200 1162
172.17.0.120 - - [11/Dec/2020:11:06:02 +0800] "POST /xingrg/all/report/load_report_page.html HTTP/1.1" 200 15912
172.17.0.120 - - [11/Dec/2020:11:06:02 +0800] "GET /xingrg/servlets/image?cache=0.7425882749075906&image=px HTTP/1.1" 200 807
180.162.223.42 - - [11/Dec/2020:11:06:03 +0800] "GET /xingrg/javascript/jquery_tools/images/prev.gif HTTP/1.1" 404 1086
180.162.223.42 - - [11/Dec/2020:11:06:03 +0800] "GET /xingrg/javascript/jquery_tools/images/next.gif HTTP/1.1" 404 1086
101.89.239.232 - - [11/Dec/2020:11:06:04 +0800] "GET /xingrg/login.html HTTP/1.1" 200 7641
114.88.159.147 - - [11/Dec/2020:11:06:04 +0800] "GET /xingrg/kc/buy/cgsh_order_operate.html?command=get_materiel&rest_code=00141&code=00101004090&supplier_code=00100312&order_time=2020-12-11 HTTP/1.1" 200 411
172.17.0.100 - - [11/Dec/2020:11:06:09 +0800] "GET /xingrg/all/function/internal_message.html?_=1607656027361&CODE_STATE=getMsg HTTP/1.1" 200 27
180.162.223.42 - - [11/Dec/2020:11:06:10 +0800] "GET /xingrg/kc/base/wldb_order_operate.html?command=get_materiel&rest_code=00105&base_code=0010507&code=00101010057 HTTP/1.1" 200 440
114.88.159.147 - - [11/Dec/2020:11:06:12 +0800] "GET /xingrg/kc/buy/cgsh_order_operate.html?command=get_materiel&rest_code=00141&code=00101004046&supplier_code=00100312&order_time=2020-12-11 HTTP/1.1" 200 417
180.162.223.42 - - [11/Dec/2020:11:06:14 +0800] "POST /xingrg/kc/buy/cgsh_list_operate.html HTTP/1.1" 200 3308
101.83.240.69 - - [11/Dec/2020:11:06:15 +0800] "GET /xingrg/all/function/internal_message.html?_=1607655970832&CODE_STATE=getMsg HTTP/1.1" 200 27
117.185.32.26 - - [11/Dec/2020:11:06:17 +0800] "GET /xingrg/all/function/internal_message.html?_=1607656434614&CODE_STATE=getMsg HTTP/1.1" 200 27
101.83.240.69 - - [11/Dec/2020:11:06:17 +0800] "GET /xingrg/check_reg.html?_=1607655972477 HTTP/1.1" 200 22
114.88.159.147 - - [11/Dec/2020:11:06:21 +0800] "GET /xingrg/kc/buy/cgsh_order_operate.html?command=get_materiel&rest_code=00141&code=00101004067&supplier_code=00100312&order_time=2020-12-11 HTTP/1.1" 200 415
172.17.200.101 - - [11/Dec/2020:11:06:24 +0800] "GET /xingrg/all/function/internal_message.html?_=1607655984595&CODE_STATE=getMsg HTTP/1.1" 200 27
172.17.0.120 - - [11/Dec/2020:11:06:24 +0800] "GET /xingrg/all/function/internal_message.html?_=1607656487466&CODE_STATE=getMsg HTTP/1.1" 200 27
172.17.0.102 - - [11/Dec/2020:11:06:25 +0800] "GET /xingrg/all/function/internal_message.html?_=1607655984132&CODE_STATE=getMsg HTTP/1.1" 200 27
180.174.56.115 - - [11/Dec/2020:11:06:27 +0800] "GET /xingrg/check_reg.html?_=1607655950135 HTTP/1.1" 200 22
180.174.56.115 - - [11/Dec/2020:11:06:27 +0800] "GET /xingrg/all/function/internal_message.html?_=1607655950243&CODE_STATE=getMsg HTTP/1.1" 200 27
114.88.159.147 - - [11/Dec/2020:11:06:28 +0800] "GET /xingrg/kc/buy/cgsh_order_operate.html?command=get_materiel&rest_code=00141&code=00101004061&supplier_code=00100312&order_time=2020-12-11 HTTP/1.1" 200 409
116.228.172.94 - - [11/Dec/2020:11:06:29 +0800] "GET /xingrg/all/function/internal_message.html?_=1607655986122&CODE_STATE=getMsg HTTP/1.1" 200 27
114.88.163.87 - - [11/Dec/2020:11:06:35 +0800] "GET /xingrg/check_reg.html?_=1607655990503 HTTP/1.1" 200 22
114.88.163.87 - - [11/Dec/2020:11:06:36 +0800] "GET /xingrg/all/function/internal_message.html?_=1607655991533&CODE_STATE=getMsg HTTP/1.1" 200 27
114.88.159.147 - - [11/Dec/2020:11:06:36 +0800] "GET /xingrg/kc/buy/cgsh_order_operate.html?command=get_materiel&rest_code=00141&code=00101004071&supplier_code=00100312&order_time=2020-12-11 HTTP/1.1" 200 409
180.152.104.37 - - [11/Dec/2020:11:06:36 +0800] "GET /xingrg/all/function/internal_message.html?_=1607656224001&CODE_STATE=getMsg HTTP/1.1" 200 27
117.185.32.26 - - [11/Dec/2020:11:06:38 +0800] "GET /xingrg/all/function/internal_message.html?_=1607655993606&CODE_STATE=getMsg HTTP/1.1" 200 27
222.69.133.109 - - [11/Dec/2020:11:06:41 +0800] "GET /xingrg/all/function/internal_message.html?_=1607656000820&CODE_STATE=getMsg HTTP/1.1" 200 27
114.84.32.187 - - [11/Dec/2020:11:06:41 +0800] "GET /xingrg/check_reg.html?_=1607656028760 HTTP/1.1" 302 -
180.162.223.42 - - [11/Dec/2020:11:06:41 +0800] "GET /xingrg/all/function/internal_message.html?_=1607656001959&CODE_STATE=getMsg HTTP/1.1" 200 27
120.204.17.73 - - [11/Dec/2020:11:06:42 +0800] "GET /xingrg/kc/buy/cgsh_order_operate.html?command=get_materiel&rest_code=00106&code=00101008318&supplier_code=00100007&order_time=2020-12-11 HTTP/1.1" 302 -
180.174.56.115 - - [11/Dec/2020:11:06:43 +0800] "GET /xingrg/all/function/internal_message.html?_=1607656003041&CODE_STATE=getMsg HTTP/1.1" 200 27
172.17.200.101 - - [11/Dec/2020:11:06:45 +0800] "POST /xingrg/dwr/call/plaincall/AjaxReportQueryService.refreshCache.dwr HTTP/1.1" 200 78
114.88.159.147 - - [11/Dec/2020:11:06:45 +0800] "GET /xingrg/kc/buy/cgsh_order_operate.html?command=get_materiel&rest_code=00141&code=00101004079&supplier_code=00100312&order_time=2020-12-11 HTTP/1.1" 200 399
172.17.200.101 - - [11/Dec/2020:11:06:46 +0800] "POST /xingrg/all/report/load_report_page.html HTTP/1.1" 200 48622
172.17.200.101 - - [11/Dec/2020:11:06:46 +0800] "GET /xingrg/servlets/image?cache=0.37151318758021956&image=px HTTP/1.1" 200 807
180.162.223.42 - - [11/Dec/2020:11:06:49 +0800] "POST /xingrg/kc/base/wldb_order_operate.html HTTP/1.1" 200 37
180.162.223.42 - - [11/Dec/2020:11:06:50 +0800] "POST /xingrg/kc/base/wldb_order_operate.html HTTP/1.1" 200 6653
120.204.17.73 - - [11/Dec/2020:11:06:50 +0800] "GET /xingrg/login.html HTTP/1.1" 200 7641
180.162.223.42 - - [11/Dec/2020:11:06:50 +0800] "GET /xingrg/kc/base/wldb_order_info.html?code=422020121101157 HTTP/1.1" 200 30602
180.162.223.42 - - [11/Dec/2020:11:06:51 +0800] "GET /xingrg/javascript/easyui/themes/default/validatebox.css HTTP/1.1" 404 1104
180.162.223.42 - - [11/Dec/2020:11:06:51 +0800] "POST /xingrg/kc/base/wldb_order_operate.html HTTP/1.1" 200 6653
180.162.223.42 - - [11/Dec/2020:11:06:51 +0800] "GET /xingrg/all/function/internal_message.html?_=1607655990770&CODE_STATE=getMsg HTTP/1.1" 200 27
116.228.172.94 - - [11/Dec/2020:11:06:52 +0800] "GET /xingrg/all/function/internal_message.html?_=1607656009036&CODE_STATE=getMsg HTTP/1.1" 200 27
223.167.127.220 - - [11/Dec/2020:11:06:53 +0800] "GET /xingrg/all/function/internal_message.html?_=1607656012929&CODE_STATE=getMsg HTTP/1.1" 302 -
223.167.127.220 - - [11/Dec/2020:11:06:53 +0800] "GET /xingrg/check_reg.html?_=1607656012933 HTTP/1.1" 302 -
114.88.159.147 - - [11/Dec/2020:11:06:53 +0800] "GET /xingrg/kc/buy/cgsh_order_operate.html?command=get_materiel&rest_code=00141&code=00101004022&supplier_code=00100312&order_time=2020-12-11 HTTP/1.1" 200 414
114.88.159.147 - - [11/Dec/2020:11:06:53 +0800] "GET /xingrg/all/function/internal_message.html?_=1607655585154&CODE_STATE=getMsg HTTP/1.1" 200 27
116.232.52.177 - - [11/Dec/2020:11:06:57 +0800] "GET /xingrg/all/function/internal_message.html?_=1607656019990&CODE_STATE=getMsg HTTP/1.1" 200 27
116.232.52.177 - - [11/Dec/2020:11:06:57 +0800] "GET /xingrg/check_reg.html?_=1607656019990 HTTP/1.1" 200 22
114.84.32.187 - - [11/Dec/2020:11:06:57 +0800] "GET /xingrg/all/function/internal_message.html?_=1607656044185&CODE_STATE=getMsg HTTP/1.1" 302 -
114.88.163.87 - - [11/Dec/2020:11:06:57 +0800] "GET /xingrg/check_reg.html?_=1607656146074 HTTP/1.1" 200 22
114.88.163.87 - - [11/Dec/2020:11:06:57 +0800] "GET /xingrg/all/function/internal_message.html?_=1607656146075&CODE_STATE=getMsg HTTP/1.1" 200 27
117.184.7.26 - - [11/Dec/2020:11:06:59 +0800] "GET /xingrg/all/function/internal_message.html?_=1607656007454&CODE_STATE=getMsg HTTP/1.1" 200 27
114.88.159.147 - - [11/Dec/2020:11:06:59 +0800] "GET /xingrg/kc/buy/cgsh_order_operate.html?command=get_materiel&rest_code=00141&code=00101004044&supplier_code=00100312&order_time=2020-12-11 HTTP/1.1" 200 432
172.17.0.100 - - [11/Dec/2020:11:07:09 +0800] "GET /xingrg/all/function/internal_message.html?_=1607656087364&CODE_STATE=getMsg HTTP/1.1" 200 27
114.88.159.147 - - [11/Dec/2020:11:07:09 +0800] "GET /xingrg/kc/buy/cgsh_order_operate.html?command=get_materiel&rest_code=00141&code=00101005017&supplier_code=00100312&order_time=2020-12-11 HTTP/1.1" 200 409
180.162.223.42 - - [11/Dec/2020:11:07:11 +0800] "POST /xingrg/kc/base/wldb_order_operate.html HTTP/1.1" 200 37
180.162.223.42 - - [11/Dec/2020:11:07:11 +0800] "POST /xingrg/kc/base/wldb_order_operate.html HTTP/1.1" 200 6653
180.162.223.42 - - [11/Dec/2020:11:07:12 +0800] "GET /xingrg/kc/base/wldb_order_info.html?code=422020121101157 HTTP/1.1" 200 30602
180.162.223.42 - - [11/Dec/2020:11:07:13 +0800] "GET /xingrg/javascript/easyui/themes/default/validatebox.css HTTP/1.1" 404 1104
180.162.223.42 - - [11/Dec/2020:11:07:13 +0800] "POST /xingrg/kc/base/wldb_order_operate.html HTTP/1.1" 200 6653
101.83.240.69 - - [11/Dec/2020:11:07:15 +0800] "GET /xingrg/all/function/internal_message.html?_=1607656030807&CODE_STATE=getMsg HTTP/1.1" 200 27
114.88.159.147 - - [11/Dec/2020:11:07:16 +0800] "POST /xingrg/kc/buy/cgsh_order_operate.html HTTP/1.1" 200 37
117.185.32.26 - - [11/Dec/2020:11:07:17 +0800] "GET /xingrg/all/function/internal_message.html?_=1607656494612&CODE_STATE=getMsg HTTP/1.1" 200 27
183.192.164.85 - - [11/Dec/2020:11:07:17 +0800] "GET /xingrg/all/function/internal_message.html?_=1607655333768&CODE_STATE=getMsg HTTP/1.1" 302 -
114.88.159.147 - - [11/Dec/2020:11:07:18 +0800] "POST /xingrg/kc/buy/cgsh_order_operate.html HTTP/1.1" 200 12
114.88.159.147 - - [11/Dec/2020:11:07:19 +0800] "GET /xingrg/kc/buy/cgsh_order_info.html?code=212020121104191 HTTP/1.1" 200 55852
114.88.159.147 - - [11/Dec/2020:11:07:19 +0800] "GET /xingrg/javascript/easyui/themes/default/validatebox.css HTTP/1.1" 404 1104
114.88.159.147 - - [11/Dec/2020:11:07:20 +0800] "POST /xingrg/kc/buy/cgsh_order_operate.html HTTP/1.1" 200 5352
114.88.159.147 - - [11/Dec/2020:11:07:21 +0800] "GET /xingrg/kc/print/load_data.html?order_code=212020121104191&kc_code=cgsh&condition= HTTP/1.1" 200 2524
172.17.200.101 - - [11/Dec/2020:11:07:24 +0800] "GET /xingrg/all/function/internal_message.html?_=1607656044598&CODE_STATE=getMsg HTTP/1.1" 200 27
172.17.0.120 - - [11/Dec/2020:11:07:24 +0800] "GET /xingrg/all/function/internal_message.html?_=1607656547464&CODE_STATE=getMsg HTTP/1.1" 200 27
114.88.159.147 - - [11/Dec/2020:11:07:25 +0800] "GET /xingrg/kc/buy/cgsh_order_add.html HTTP/1.1" 200 60945
172.17.0.102 - - [11/Dec/2020:11:07:25 +0800] "GET /xingrg/check_reg.html?_=1607656044142 HTTP/1.1" 200 22
172.17.0.102 - - [11/Dec/2020:11:07:25 +0800] "GET /xingrg/all/function/internal_message.html?_=1607656044140&CODE_STATE=getMsg HTTP/1.1" 200 27
114.88.159.147 - - [11/Dec/2020:11:07:26 +0800] "POST /xingrg/kc/buy/cgsh_order_operate.html HTTP/1.1" 200 8245
114.88.159.147 - - [11/Dec/2020:11:07:26 +0800] "GET /xingrg/javascript/easyui/themes/default/validatebox.css HTTP/1.1" 404 1104
183.192.164.85 - - [11/Dec/2020:11:07:26 +0800] "GET /xingrg/login.html HTTP/1.1" 200 7641
180.174.56.115 - - [11/Dec/2020:11:07:27 +0800] "GET /xingrg/all/function/internal_message.html?_=1607656010256&CODE_STATE=getMsg HTTP/1.1" 200 27
116.228.172.94 - - [11/Dec/2020:11:07:29 +0800] "GET /xingrg/all/function/internal_message.html?_=1607656046107&CODE_STATE=getMsg HTTP/1.1" 200 27
114.88.159.147 - - [11/Dec/2020:11:07:33 +0800] "GET /xingrg/kc/buy/cgsh_order_operate.html?command=get_materiel&rest_code=00141&code=00101004030&supplier_code=00100312&order_time=2020-12-11 HTTP/1.1" 200 408
114.88.163.87 - - [11/Dec/2020:11:07:36 +0800] "GET /xingrg/all/function/internal_message.html?_=1607656051548&CODE_STATE=getMsg HTTP/1.1" 200 27
180.152.104.37 - - [11/Dec/2020:11:07:36 +0800] "GET /xingrg/all/function/internal_message.html?_=1607656284008&CODE_STATE=getMsg HTTP/1.1" 200 27
117.185.32.26 - - [11/Dec/2020:11:07:38 +0800] "GET /xingrg/all/function/internal_message.html?_=1607656053585&CODE_STATE=getMsg HTTP/1.1" 200 27
114.88.159.147 - - [11/Dec/2020:11:07:40 +0800] "GET /xingrg/kc/buy/cgsh_order_operate.html?command=get_materiel&rest_code=00141&code=00101004020&supplier_code=00100312&order_time=2020-12-11 HTTP/1.1" 200 409
222.69.133.109 - - [11/Dec/2020:11:07:41 +0800] "GET /xingrg/all/function/internal_message.html?_=1607656060820&CODE_STATE=getMsg HTTP/1.1" 200 27
180.162.223.42 - - [11/Dec/2020:11:07:41 +0800] "GET /xingrg/all/function/internal_message.html?_=1607656061963&CODE_STATE=getMsg HTTP/1.1" 200 27
180.174.56.115 - - [11/Dec/2020:11:07:43 +0800] "GET /xingrg/all/function/internal_message.html?_=1607656063040&CODE_STATE=getMsg HTTP/1.1" 200 27
114.88.159.147 - - [11/Dec/2020:11:07:47 +0800] "GET /xingrg/kc/buy/cgsh_order_operate.html?command=get_materiel&rest_code=00141&code=00101004004&supplier_code=00100312&order_time=2020-12-11 HTTP/1.1" 200 433
180.162.223.42 - - [11/Dec/2020:11:07:51 +0800] "GET /xingrg/all/function/internal_message.html?_=1607656050762&CODE_STATE=getMsg HTTP/1.1" 200 27
180.174.56.115 - - [11/Dec/2020:11:07:52 +0800] "POST /xingrg/services/DataTransmitService HTTP/1.1" 200 524
180.174.56.115 - - [11/Dec/2020:11:07:52 +0800] "POST /xingrg/services/DataTransmitService HTTP/1.1" 200 412
116.228.172.94 - - [11/Dec/2020:11:07:52 +0800] "GET /xingrg/all/function/internal_message.html?_=1607656069036&CODE_STATE=getMsg HTTP/1.1" 200 27
223.167.127.220 - - [11/Dec/2020:11:07:53 +0800] "GET /xingrg/all/function/internal_message.html?_=1607656072931&CODE_STATE=getMsg HTTP/1.1" 302 -
114.88.159.147 - - [11/Dec/2020:11:07:53 +0800] "GET /xingrg/all/function/internal_message.html?_=1607655645127&CODE_STATE=getMsg HTTP/1.1" 200 27
114.88.159.147 - - [11/Dec/2020:11:07:55 +0800] "GET /xingrg/kc/buy/cgsh_order_operate.html?command=get_materiel&rest_code=00141&code=00101001096&supplier_code=00100312&order_time=2020-12-11 HTTP/1.1" 200 428
116.232.52.177 - - [11/Dec/2020:11:07:57 +0800] "GET /xingrg/all/function/internal_message.html?_=1607656079993&CODE_STATE=getMsg HTTP/1.1" 200 27
114.84.32.187 - - [11/Dec/2020:11:07:57 +0800] "GET /xingrg/all/function/internal_message.html?_=1607656104206&CODE_STATE=getMsg HTTP/1.1" 302 -
114.88.163.87 - - [11/Dec/2020:11:07:57 +0800] "GET /xingrg/all/function/internal_message.html?_=1607656206074&CODE_STATE=getMsg HTTP/1.1" 200 27
117.184.7.26 - - [11/Dec/2020:11:07:58 +0800] "GET /xingrg/check_reg.html?_=1607656067069 HTTP/1.1" 200 22
117.184.7.26 - - [11/Dec/2020:11:07:59 +0800] "GET /xingrg/all/function/internal_message.html?_=1607656067431&CODE_STATE=getMsg HTTP/1.1" 200 27
114.84.32.187 - - [11/Dec/2020:11:08:05 +0800] "GET /xingrg/check_reg.html?_=1607656102921 HTTP/1.1" 200 22
114.88.159.147 - - [11/Dec/2020:11:08:05 +0800] "GET /xingrg/kc/buy/cgsh_order_operate.html?command=get_materiel&rest_code=00141&code=00101004023&supplier_code=00100312&order_time=2020-12-11 HTTP/1.1" 200 409
172.17.0.100 - - [11/Dec/2020:11:08:09 +0800] "GET /xingrg/all/function/internal_message.html?_=1607656147363&CODE_STATE=getMsg HTTP/1.1" 200 27
101.83.240.69 - - [11/Dec/2020:11:08:15 +0800] "GET /xingrg/all/function/internal_message.html?_=1607656090794&CODE_STATE=getMsg HTTP/1.1" 200 27
117.185.32.26 - - [11/Dec/2020:11:08:17 +0800] "GET /xingrg/all/function/internal_message.html?_=1607656554611&CODE_STATE=getMsg HTTP/1.1" 200 27
172.17.200.101 - - [11/Dec/2020:11:08:24 +0800] "GET /xingrg/all/function/internal_message.html?_=1607656104599&CODE_STATE=getMsg HTTP/1.1" 200 27
172.17.0.120 - - [11/Dec/2020:11:08:24 +0800] "GET /xingrg/all/function/internal_message.html?_=1607656607461&CODE_STATE=getMsg HTTP/1.1" 200 27
172.17.0.102 - - [11/Dec/2020:11:08:25 +0800] "GET /xingrg/all/function/internal_message.html?_=1607656104133&CODE_STATE=getMsg HTTP/1.1" 200 27
180.174.56.115 - - [11/Dec/2020:11:08:27 +0800] "GET /xingrg/all/function/internal_message.html?_=1607656070270&CODE_STATE=getMsg HTTP/1.1" 200 27
116.228.172.94 - - [11/Dec/2020:11:08:29 +0800] "GET /xingrg/all/function/internal_message.html?_=1607656106102&CODE_STATE=getMsg HTTP/1.1" 200 27
114.88.159.147 - - [11/Dec/2020:11:08:34 +0800] "POST /xingrg/kc/buy/cgsh_order_operate.html HTTP/1.1" 200 37
114.88.163.87 - - [11/Dec/2020:11:08:36 +0800] "GET /xingrg/all/function/internal_message.html?_=1607656111561&CODE_STATE=getMsg HTTP/1.1" 200 27
114.88.159.147 - - [11/Dec/2020:11:08:37 +0800] "POST /xingrg/kc/buy/cgsh_order_operate.html HTTP/1.1" 200 12
180.152.104.37 - - [11/Dec/2020:11:08:37 +0800] "GET /xingrg/all/function/internal_message.html?_=1607656345088&CODE_STATE=getMsg HTTP/1.1" 200 27
114.88.159.147 - - [11/Dec/2020:11:08:38 +0800] "GET /xingrg/kc/buy/cgsh_order_info.html?code=212020121104192 HTTP/1.1" 200 55852
117.185.32.26 - - [11/Dec/2020:11:08:38 +0800] "GET /xingrg/all/function/internal_message.html?_=1607656113556&CODE_STATE=getMsg HTTP/1.1" 200 27
114.88.159.147 - - [11/Dec/2020:11:08:38 +0800] "GET /xingrg/javascript/easyui/themes/default/validatebox.css HTTP/1.1" 404 1104
114.88.159.147 - - [11/Dec/2020:11:08:39 +0800] "POST /xingrg/kc/buy/cgsh_order_operate.html HTTP/1.1" 200 2973
114.88.159.147 - - [11/Dec/2020:11:08:40 +0800] "GET /xingrg/kc/print/load_data.html?order_code=212020121104192&kc_code=cgsh&condition= HTTP/1.1" 200 1612
222.69.133.109 - - [11/Dec/2020:11:08:41 +0800] "GET /xingrg/all/function/internal_message.html?_=1607656120816&CODE_STATE=getMsg HTTP/1.1" 200 27
180.162.223.42 - - [11/Dec/2020:11:08:41 +0800] "GET /xingrg/all/function/internal_message.html?_=1607656121968&CODE_STATE=getMsg HTTP/1.1" 200 27
180.174.56.115 - - [11/Dec/2020:11:08:43 +0800] "GET /xingrg/all/function/internal_message.html?_=1607656123039&CODE_STATE=getMsg HTTP/1.1" 200 27
180.174.56.115 - - [11/Dec/2020:11:08:43 +0800] "GET /xingrg/check_reg.html?_=1607656123041 HTTP/1.1" 200 22
114.88.159.147 - - [11/Dec/2020:11:08:44 +0800] "GET /xingrg/kc/buy/cgsh_order_add.html HTTP/1.1" 200 60945
114.88.159.147 - - [11/Dec/2020:11:08:45 +0800] "POST /xingrg/kc/buy/cgsh_order_operate.html HTTP/1.1" 200 8245
114.88.159.147 - - [11/Dec/2020:11:08:45 +0800] "GET /xingrg/javascript/easyui/themes/default/validatebox.css HTTP/1.1" 404 1104
180.152.104.37 - - [11/Dec/2020:11:08:45 +0800] "GET /xingrg/login.html HTTP/1.1" 200 7641
180.152.104.37 - - [11/Dec/2020:11:08:46 +0800] "GET /favicon.ico HTTP/1.1" 404 -
180.152.104.37 - - [11/Dec/2020:11:08:47 +0800] "GET /xingrg/login.html HTTP/1.1" 200 7641
180.152.104.37 - - [11/Dec/2020:11:08:47 +0800] "GET /favicon.ico HTTP/1.1" 404 -
180.152.104.37 - - [11/Dec/2020:11:08:48 +0800] "POST /xingrg/login.do HTTP/1.1" 302 -
180.152.104.37 - - [11/Dec/2020:11:08:48 +0800] "GET /xingrg/index.html?sysBaseUrl=http%3A%2F%2F180.169.147.146%3A18081%2Fxingrg%2F&costTime=39×tamp=1607656128558 HTTP/1.1" 200 17173
180.152.104.37 - - [11/Dec/2020:11:08:48 +0800] "GET /xingrg/javascript/jquery_easy_ui/themes/default/easyui.css HTTP/1.1" 304 -
180.152.104.37 - - [11/Dec/2020:11:08:48 +0800] "GET /xingrg/css/form.css HTTP/1.1" 304 -
180.152.104.37 - - [11/Dec/2020:11:08:48 +0800] "GET /xingrg/javascript/jquery_easy_ui/themes/icon.css HTTP/1.1" 304 -
180.152.104.37 - - [11/Dec/2020:11:08:48 +0800] "GET /xingrg/javascript/jquery-1.4.2.min.js HTTP/1.1" 304 -
180.152.104.37 - - [11/Dec/2020:11:08:48 +0800] "GET /xingrg/javascript/jquery_easy_ui/jquery.easyui.min.js HTTP/1.1" 304 -
180.152.104.37 - - [11/Dec/2020:11:08:48 +0800] "GET /xingrg/javascript/jquery_easy_ui/easyui-lang-zh_CN.js HTTP/1.1" 304 -
180.152.104.37 - - [11/Dec/2020:11:08:48 +0800] "GET /xingrg/javascript/jquery.form.js HTTP/1.1" 304 -
180.152.104.37 - - [11/Dec/2020:11:08:48 +0800] "GET /xingrg/javascript/jquery.utils.js HTTP/1.1" 304 -
180.152.104.37 - - [11/Dec/2020:11:08:48 +0800] "GET /xingrg/javascript/jquery.timers.js HTTP/1.1" 304 -
180.152.104.37 - - [11/Dec/2020:11:08:48 +0800] "GET /favicon.ico HTTP/1.1" 404 -
180.152.104.37 - - [11/Dec/2020:11:08:48 +0800] "POST /xingrg/all/common/load_tree.html?tree=area_rest_tree_json&manage=1 HTTP/1.1" 200 342
180.152.104.37 - - [11/Dec/2020:11:08:48 +0800] "GET /xingrg/all/function/internal_message.html?_=1607656130556&CODE_STATE=count HTTP/1.1" 200 11
180.152.104.37 - - [11/Dec/2020:11:08:48 +0800] "GET /xingrg/check_reg.html?_=1607656130558 HTTP/1.1" 200 22
180.152.104.37 - - [11/Dec/2020:11:08:48 +0800] "POST /xingrg/load_menu.html HTTP/1.1" 200 5138
180.152.104.37 - - [11/Dec/2020:11:08:50 +0800] "GET /xingrg/javascript/jquery_easy_ui/themes/default/images/tabs_close.gif HTTP/1.1" 304 -
180.152.104.37 - - [11/Dec/2020:11:08:50 +0800] "GET /xingrg/kc/buy/cgsh_order_list.html HTTP/1.1" 200 45202
180.152.104.37 - - [11/Dec/2020:11:08:50 +0800] "GET /xingrg/css/base.css HTTP/1.1" 304 -
180.152.104.37 - - [11/Dec/2020:11:08:50 +0800] "GET /xingrg/css/site.css HTTP/1.1" 304 -
180.152.104.37 - - [11/Dec/2020:11:08:50 +0800] "GET /xingrg/javascript/jquery_tools/datebox.css HTTP/1.1" 304 -
180.152.104.37 - - [11/Dec/2020:11:08:50 +0800] "GET /xingrg/javascript/easyui/themes/default/easyui.css HTTP/1.1" 304 -
180.152.104.37 - - [11/Dec/2020:11:08:50 +0800] "GET /xingrg/javascript/auto/jquery.autocomplete.css HTTP/1.1" 304 -
180.152.104.37 - - [11/Dec/2020:11:08:50 +0800] "GET /xingrg/javascript/easyui/themes/icon.css HTTP/1.1" 304 -
180.152.104.37 - - [11/Dec/2020:11:08:50 +0800] "GET /xingrg/javascript/jquery_tools/fix.css HTTP/1.1" 304 -
180.152.104.37 - - [11/Dec/2020:11:08:50 +0800] "GET /xingrg/javascript/jquery_tools/table.css HTTP/1.1" 304 -
180.152.104.37 - - [11/Dec/2020:11:08:50 +0800] "GET /xingrg/javascript/jquery_tools/jquery.tools.extend.js HTTP/1.1" 304 -
180.152.104.37 - - [11/Dec/2020:11:08:50 +0800] "GET /xingrg/javascript/jquery_tools/jquery.tools.hotkey.js HTTP/1.1" 304 -
180.152.104.37 - - [11/Dec/2020:11:08:50 +0800] "GET /xingrg/javascript/jquery_tools/jquery.tools.table.js HTTP/1.1" 304 -
180.152.104.37 - - [11/Dec/2020:11:08:50 +0800] "GET /xingrg/javascript/jquery_tools/list_manager.js HTTP/1.1" 304 -
180.152.104.37 - - [11/Dec/2020:11:08:50 +0800] "GET /xingrg/javascript/jquery_tools/jquery.tools.min.js HTTP/1.1" 304 -
180.152.104.37 - - [11/Dec/2020:11:08:50 +0800] "GET /xingrg/javascript/auto/jquery.autocomplete.js HTTP/1.1" 304 -
180.152.104.37 - - [11/Dec/2020:11:08:50 +0800] "GET /xingrg/javascript/easyui/easyloader.js HTTP/1.1" 304 -
180.152.104.37 - - [11/Dec/2020:11:08:50 +0800] "GET /xingrg/javascript/jquery.cookie.js HTTP/1.1" 304 -
180.152.104.37 - - [11/Dec/2020:11:08:50 +0800] "GET /xingrg/javascript/print/LodopFuncs.js HTTP/1.1" 304 -
180.152.104.37 - - [11/Dec/2020:11:08:50 +0800] "GET /xingrg/javascript/easyui/themes/icons/edit_add_new.png HTTP/1.1" 304 -
180.152.104.37 - - [11/Dec/2020:11:08:50 +0800] "GET /xingrg/javascript/easyui/themes/icons/cance_new.png HTTP/1.1" 304 -
180.152.104.37 - - [11/Dec/2020:11:08:50 +0800] "GET /xingrg/javascript/easyui/themes/icons/field_new.png HTTP/1.1" 304 -
180.152.104.37 - - [11/Dec/2020:11:08:50 +0800] "GET /xingrg/javascript/easyui/themes/icons/check_new.png HTTP/1.1" 304 -
180.152.104.37 - - [11/Dec/2020:11:08:50 +0800] "GET /xingrg/javascript/easyui/themes/icons/import_new.png HTTP/1.1" 304 -
180.152.104.37 - - [11/Dec/2020:11:08:50 +0800] "GET /xingrg/javascript/easyui/plugins/jquery.parser.js HTTP/1.1" 304 -
180.152.104.37 - - [11/Dec/2020:11:08:50 +0800] "GET /xingrg/images/control/ajaxLoader.gif HTTP/1.1" 304 -
180.152.104.37 - - [11/Dec/2020:11:08:51 +0800] "POST /xingrg/kc/buy/cgsh_list_operate.html HTTP/1.1" 200 876
180.152.104.37 - - [11/Dec/2020:11:08:51 +0800] "GET /xingrg/javascript/easyui/themes/default/images/button_plain_hover.png HTTP/1.1" 304 -
180.152.104.37 - - [11/Dec/2020:11:08:51 +0800] "GET /xingrg/kc/buy/cgsh_order_add.html HTTP/1.1" 200 60904
180.152.104.37 - - [11/Dec/2020:11:08:51 +0800] "GET /xingrg/javascript/pic_change.js HTTP/1.1" 304 -
180.152.104.37 - - [11/Dec/2020:11:08:51 +0800] "GET /xingrg/javascript/jquery_tools/order_manager.js HTTP/1.1" 304 -
180.152.104.37 - - [11/Dec/2020:11:08:51 +0800] "GET /xingrg/javascript/convert.js HTTP/1.1" 304 -
180.152.104.37 - - [11/Dec/2020:11:08:51 +0800] "GET /xingrg/javascript/json2.js HTTP/1.1" 304 -
180.162.223.42 - - [11/Dec/2020:11:08:51 +0800] "GET /xingrg/all/function/internal_message.html?_=1607656110762&CODE_STATE=getMsg HTTP/1.1" 200 27
180.152.104.37 - - [11/Dec/2020:11:08:51 +0800] "GET /xingrg/javascript/print/kc_print.js HTTP/1.1" 304 -
180.162.223.42 - - [11/Dec/2020:11:08:51 +0800] "GET /xingrg/check_reg.html?_=1607656110765 HTTP/1.1" 200 22
180.152.104.37 - - [11/Dec/2020:11:08:52 +0800] "GET /xingrg/words/20201209121717_words.js HTTP/1.1" 304 -
180.152.104.37 - - [11/Dec/2020:11:08:52 +0800] "GET /xingrg/javascript/easyui/themes/icons/copy_new.png HTTP/1.1" 304 -
180.152.104.37 - - [11/Dec/2020:11:08:52 +0800] "GET /xingrg/javascript/easyui/themes/icons/template_new.png HTTP/1.1" 304 -
180.152.104.37 - - [11/Dec/2020:11:08:52 +0800] "GET /xingrg/javascript/easyui/themes/icons/ok.png HTTP/1.1" 304 -
180.152.104.37 - - [11/Dec/2020:11:08:52 +0800] "GET /xingrg/javascript/easyui/themes/icons/print.png HTTP/1.1" 304 -
180.152.104.37 - - [11/Dec/2020:11:08:52 +0800] "GET /xingrg/javascript/easyui/themes/default/images/menu_downarrow.png HTTP/1.1" 304 -
180.152.104.37 - - [11/Dec/2020:11:08:52 +0800] "GET /xingrg/javascript/easyui/themes/icons/cancel.png HTTP/1.1" 304 -
180.152.104.37 - - [11/Dec/2020:11:08:52 +0800] "POST /xingrg/kc/buy/cgsh_order_operate.html HTTP/1.1" 200 8245
180.152.104.37 - - [11/Dec/2020:11:08:52 +0800] "GET /xingrg/javascript/easyui/themes/icons/edit_remove.png HTTP/1.1" 304 -
180.152.104.37 - - [11/Dec/2020:11:08:52 +0800] "GET /xingrg/all/common/auto_word.html?type=employee&rest_code=00102 HTTP/1.1" 200 189
180.152.104.37 - - [11/Dec/2020:11:08:52 +0800] "GET /xingrg/all/common/auto_word.html?type=employee&rest_code=00102 HTTP/1.1" 200 189
180.152.104.37 - - [11/Dec/2020:11:08:52 +0800] "GET /xingrg/javascript/easyui/themes/default/validatebox.css HTTP/1.1" 404 1104
180.152.104.37 - - [11/Dec/2020:11:08:52 +0800] "GET /xingrg/javascript/easyui/plugins/jquery.validatebox.js HTTP/1.1" 304 -
180.152.104.37 - - [11/Dec/2020:11:08:52 +0800] "GET /xingrg/javascript/easyui/plugins/jquery.numberbox.js HTTP/1.1" 304 -
116.228.172.94 - - [11/Dec/2020:11:08:52 +0800] "GET /xingrg/all/function/internal_message.html?_=1607656129038&CODE_STATE=getMsg HTTP/1.1" 200 27
223.167.127.220 - - [11/Dec/2020:11:08:53 +0800] "GET /xingrg/all/function/internal_message.html?_=1607656132930&CODE_STATE=getMsg HTTP/1.1" 302 -
114.88.159.147 - - [11/Dec/2020:11:08:53 +0800] "GET /xingrg/kc/buy/cgsh_order_operate.html?command=get_materiel&rest_code=00141&code=00101004034&supplier_code=00100085&order_time=2020-12-11 HTTP/1.1" 200 414
114.88.159.147 - - [11/Dec/2020:11:08:53 +0800] "GET /xingrg/all/function/internal_message.html?_=1607655705108&CODE_STATE=getMsg HTTP/1.1" 200 27
180.152.104.37 - - [11/Dec/2020:11:08:53 +0800] "GET /xingrg/javascript/auto/indicator.gif HTTP/1.1" 404 1066
114.88.159.147 - - [11/Dec/2020:11:08:54 +0800] "GET /xingrg/check_reg.html?_=1607655705282 HTTP/1.1" 200 22
180.152.104.37 - - [11/Dec/2020:11:08:54 +0800] "GET /xingrg/javascript/jquery_tools/images/prev.gif HTTP/1.1" 404 1086
180.152.104.37 - - [11/Dec/2020:11:08:54 +0800] "GET /xingrg/javascript/jquery_tools/images/next.gif HTTP/1.1" 404 1086
114.84.32.187 - - [11/Dec/2020:11:08:57 +0800] "GET /xingrg/all/function/internal_message.html?_=1607656164212&CODE_STATE=getMsg HTTP/1.1" 302 -
114.88.163.87 - - [11/Dec/2020:11:08:57 +0800] "GET /xingrg/all/function/internal_message.html?_=1607656266067&CODE_STATE=getMsg HTTP/1.1" 200 27
117.184.7.26 - - [11/Dec/2020:11:08:59 +0800] "GET /xingrg/all/function/internal_message.html?_=1607656127416&CODE_STATE=getMsg HTTP/1.1" 200 27
180.152.104.37 - - [11/Dec/2020:11:09:00 +0800] "GET /xingrg/kc/buy/cgsh_order_operate.html?command=get_materiel&rest_code=00102&code=00101008314&supplier_code=00100339&order_time=2020-12-11 HTTP/1.1" 200 413
114.88.159.147 - - [11/Dec/2020:11:09:02 +0800] "POST /xingrg/kc/buy/cgsh_order_operate.html HTTP/1.1" 200 37
114.88.159.147 - - [11/Dec/2020:11:09:04 +0800] "POST /xingrg/kc/buy/cgsh_order_operate.html HTTP/1.1" 200 12
114.88.159.147 - - [11/Dec/2020:11:09:05 +0800] "GET /xingrg/kc/buy/cgsh_order_info.html?code=212020121104193 HTTP/1.1" 200 55850
114.88.159.147 - - [11/Dec/2020:11:09:06 +0800] "GET /xingrg/javascript/easyui/themes/default/validatebox.css HTTP/1.1" 404 1104
114.88.159.147 - - [11/Dec/2020:11:09:06 +0800] "POST /xingrg/kc/buy/cgsh_order_operate.html HTTP/1.1" 200 612
180.152.104.37 - - [11/Dec/2020:11:09:08 +0800] "POST /xingrg/kc/buy/cgsh_order_operate.html HTTP/1.1" 200 37
114.88.159.147 - - [11/Dec/2020:11:09:08 +0800] "GET /xingrg/kc/print/load_data.html?order_code=212020121104193&kc_code=cgsh&condition= HTTP/1.1" 200 773
172.17.0.100 - - [11/Dec/2020:11:09:09 +0800] "GET /xingrg/all/function/internal_message.html?_=1607656207389&CODE_STATE=getMsg HTTP/1.1" 200 27
172.17.0.100 - - [11/Dec/2020:11:09:09 +0800] "GET /xingrg/check_reg.html?_=1607656207448 HTTP/1.1" 200 22
180.152.104.37 - - [11/Dec/2020:11:09:11 +0800] "POST /xingrg/kc/buy/cgsh_order_operate.html HTTP/1.1" 200 12
183.192.164.97 - - [11/Dec/2020:11:09:12 +0800] "GET /xingrg/kc/buy/cgsh_order_operate.html?command=get_materiel&rest_code=00106&code=00101008003&supplier_code=00100007&order_time=2020-12-11 HTTP/1.1" 302 -
180.152.104.37 - - [11/Dec/2020:11:09:12 +0800] "GET /xingrg/kc/buy/cgsh_order_info.html?code=212020121104194 HTTP/1.1" 200 55810
180.152.104.37 - - [11/Dec/2020:11:09:12 +0800] "GET /xingrg/javascript/easyui/themes/default/validatebox.css HTTP/1.1" 404 1104
180.152.104.37 - - [11/Dec/2020:11:09:13 +0800] "POST /xingrg/kc/buy/cgsh_order_operate.html HTTP/1.1" 200 607
180.152.104.37 - - [11/Dec/2020:11:09:14 +0800] "GET /xingrg/kc/print/load_config.html?kc_code=cgsh HTTP/1.1" 200 1845
180.152.104.37 - - [11/Dec/2020:11:09:14 +0800] "GET /xingrg/kc/print/load_data.html?order_code=212020121104194&kc_code=cgsh&condition= HTTP/1.1" 200 703
101.83.240.69 - - [11/Dec/2020:11:09:15 +0800] "GET /xingrg/all/function/internal_message.html?_=1607656150768&CODE_STATE=getMsg HTTP/1.1" 200 27
117.185.32.26 - - [11/Dec/2020:11:09:17 +0800] "GET /xingrg/all/function/internal_message.html?_=1607656614610&CODE_STATE=getMsg HTTP/1.1" 200 27
117.185.32.26 - - [11/Dec/2020:11:09:17 +0800] "GET /xingrg/check_reg.html?_=1607656614612 HTTP/1.1" 200 22
114.88.159.147 - - [11/Dec/2020:11:09:18 +0800] "GET /xingrg/kc/buy/cgsh_order_add.html HTTP/1.1" 200 60945
180.157.253.48 - - [11/Dec/2020:11:09:18 +0800] "POST /xingrg/kc/buy/cgsh_order_operate.html HTTP/1.1" 200 37
114.88.159.147 - - [11/Dec/2020:11:09:18 +0800] "GET /xingrg/javascript/easyui/themes/default/validatebox.css HTTP/1.1" 404 1104
114.88.159.147 - - [11/Dec/2020:11:09:18 +0800] "POST /xingrg/kc/buy/cgsh_order_operate.html HTTP/1.1" 200 8245
180.157.253.48 - - [11/Dec/2020:11:09:19 +0800] "POST /xingrg/kc/buy/cgsh_order_operate.html HTTP/1.1" 200 10437
180.152.104.37 - - [11/Dec/2020:11:09:19 +0800] "GET /xingrg/kc/buy/cgsh_order_add.html HTTP/1.1" 200 60904
180.152.104.37 - - [11/Dec/2020:11:09:20 +0800] "POST /xingrg/kc/buy/cgsh_order_operate.html HTTP/1.1" 200 8245
180.152.104.37 - - [11/Dec/2020:11:09:20 +0800] "GET /xingrg/javascript/easyui/themes/default/validatebox.css HTTP/1.1" 404 1104
180.157.253.48 - - [11/Dec/2020:11:09:21 +0800] "GET /xingrg/kc/buy/cgsh_order_add.html HTTP/1.1" 200 60945
180.157.253.48 - - [11/Dec/2020:11:09:22 +0800] "POST /xingrg/kc/buy/cgsh_order_operate.html HTTP/1.1" 200 8245
183.192.164.97 - - [11/Dec/2020:11:09:22 +0800] "GET /xingrg/login.html HTTP/1.1" 200 7641
180.157.253.48 - - [11/Dec/2020:11:09:22 +0800] "GET /xingrg/javascript/easyui/themes/default/validatebox.css HTTP/1.1" 404 1104
172.17.200.101 - - [11/Dec/2020:11:09:24 +0800] "GET /xingrg/all/function/internal_message.html?_=1607656164600&CODE_STATE=getMsg HTTP/1.1" 200 27
172.17.0.120 - - [11/Dec/2020:11:09:24 +0800] "GET /xingrg/check_reg.html?_=1607656667466 HTTP/1.1" 200 22
172.17.0.120 - - [11/Dec/2020:11:09:24 +0800] "GET /xingrg/all/function/internal_message.html?_=1607656667467&CODE_STATE=getMsg HTTP/1.1" 200 27
172.17.0.102 - - [11/Dec/2020:11:09:25 +0800] "GET /xingrg/all/function/internal_message.html?_=1607656164171&CODE_STATE=getMsg HTTP/1.1" 200 27
180.152.104.37 - - [11/Dec/2020:11:09:26 +0800] "GET /xingrg/check_reg.html?_=1607656394134 HTTP/1.1" 200 22
180.174.56.115 - - [11/Dec/2020:11:09:27 +0800] "GET /xingrg/all/function/internal_message.html?_=1607656130307&CODE_STATE=getMsg HTTP/1.1" 200 27
116.228.172.94 - - [11/Dec/2020:11:09:29 +0800] "GET /xingrg/all/function/internal_message.html?_=1607656166087&CODE_STATE=getMsg HTTP/1.1" 200 27
114.88.159.147 - - [11/Dec/2020:11:09:29 +0800] "GET /xingrg/kc/buy/cgsh_order_operate.html?command=get_materiel&rest_code=00141&code=00101008314&supplier_code=00100339&order_time=2020-12-11 HTTP/1.1" 200 413
180.152.104.37 - - [11/Dec/2020:11:09:32 +0800] "GET /xingrg/kc/buy/cgsh_order_operate.html?command=get_materiel&rest_code=00102&code=00101006001&supplier_code=00100404&order_time=2020-12-11 HTTP/1.1" 200 428
117.185.32.26 - - [11/Dec/2020:11:09:33 +0800] "GET /xingrg/check_reg.html?_=1607656168373 HTTP/1.1" 200 22
180.162.223.42 - - [11/Dec/2020:11:09:34 +0800] "GET /xingrg/kc/base/wldb_order_list.html HTTP/1.1" 200 19418
180.162.223.42 - - [11/Dec/2020:11:09:35 +0800] "POST /xingrg/kc/base/wldb_list_operate.html HTTP/1.1" 200 3348
180.162.223.42 - - [11/Dec/2020:11:09:36 +0800] "GET /xingrg/kc/base/wldb_order_add.html HTTP/1.1" 200 30587
114.88.163.87 - - [11/Dec/2020:11:09:36 +0800] "GET /xingrg/all/function/internal_message.html?_=1607656171600&CODE_STATE=getMsg HTTP/1.1" 200 27
180.162.223.42 - - [11/Dec/2020:11:09:36 +0800] "GET /xingrg/all/common/auto_word.html?type=base&rest_code=00105 HTTP/1.1" 200 1811
180.162.223.42 - - [11/Dec/2020:11:09:36 +0800] "GET /xingrg/all/common/auto_word.html?type=base&rest_code=00105 HTTP/1.1" 200 1811
180.162.223.42 - - [11/Dec/2020:11:09:36 +0800] "GET /xingrg/javascript/easyui/themes/default/validatebox.css HTTP/1.1" 404 1104
180.162.223.42 - - [11/Dec/2020:11:09:36 +0800] "POST /xingrg/kc/base/wldb_order_operate.html HTTP/1.1" 200 6806
180.162.223.42 - - [11/Dec/2020:11:09:37 +0800] "POST /xingrg/all/common/load_combo.html?type=base HTTP/1.1" 200 3236
180.152.104.37 - - [11/Dec/2020:11:09:37 +0800] "GET /xingrg/all/function/internal_message.html?_=1607656405112&CODE_STATE=getMsg HTTP/1.1" 200 27
117.185.32.26 - - [11/Dec/2020:11:09:38 +0800] "GET /xingrg/all/function/internal_message.html?_=1607656173561&CODE_STATE=getMsg HTTP/1.1" 200 27
180.152.104.37 - - [11/Dec/2020:11:09:40 +0800] "POST /xingrg/kc/buy/cgsh_order_operate.html HTTP/1.1" 200 37
222.69.133.109 - - [11/Dec/2020:11:09:41 +0800] "GET /xingrg/check_reg.html?_=1607656180816 HTTP/1.1" 200 22
222.69.133.109 - - [11/Dec/2020:11:09:41 +0800] "GET /xingrg/all/function/internal_message.html?_=1607656180822&CODE_STATE=getMsg HTTP/1.1" 200 27
180.162.223.42 - - [11/Dec/2020:11:09:41 +0800] "GET /xingrg/all/function/internal_message.html?_=1607656181968&CODE_STATE=getMsg HTTP/1.1" 200 27
114.88.159.147 - - [11/Dec/2020:11:09:42 +0800] "POST /xingrg/kc/buy/cgsh_order_operate.html HTTP/1.1" 200 37
180.174.56.115 - - [11/Dec/2020:11:09:43 +0800] "GET /xingrg/all/function/internal_message.html?_=1607656183047&CODE_STATE=getMsg HTTP/1.1" 200 27
180.152.104.37 - - [11/Dec/2020:11:09:43 +0800] "POST /xingrg/kc/buy/cgsh_order_operate.html HTTP/1.1" 200 12
114.88.159.147 - - [11/Dec/2020:11:09:44 +0800] "POST /xingrg/kc/buy/cgsh_order_operate.html HTTP/1.1" 200 12
180.152.104.37 - - [11/Dec/2020:11:09:44 +0800] "GET /xingrg/kc/buy/cgsh_order_info.html?code=212020121104195 HTTP/1.1" 200 55813
180.152.104.37 - - [11/Dec/2020:11:09:45 +0800] "GET /xingrg/javascript/easyui/themes/default/validatebox.css HTTP/1.1" 404 1104
117.184.7.26 - - [11/Dec/2020:11:09:45 +0800] "GET /xingrg/kc/base/base_main.html HTTP/1.1" 200 12142
180.152.104.37 - - [11/Dec/2020:11:09:45 +0800] "POST /xingrg/kc/buy/cgsh_order_operate.html HTTP/1.1" 200 625
180.162.223.42 - - [11/Dec/2020:11:09:46 +0800] "GET /xingrg/kc/base/wldb_order_operate.html?command=get_materiel&rest_code=00105&base_code=0010508&code=00102002258 HTTP/1.1" 200 433
180.152.104.37 - - [11/Dec/2020:11:09:46 +0800] "GET /xingrg/kc/print/load_data.html?order_code=212020121104195&kc_code=cgsh&condition= HTTP/1.1" 200 735
180.157.253.48 - - [11/Dec/2020:11:09:48 +0800] "GET /xingrg/kc/buy/cgsh_order_operate.html?command=get_materiel&rest_code=00148&code=00101006253&supplier_code=00100331&order_time=2020-12-11 HTTP/1.1" 200 399
180.152.104.37 - - [11/Dec/2020:11:09:48 +0800] "GET /xingrg/all/function/internal_message.html?_=1607656190562&CODE_STATE=getMsg HTTP/1.1" 200 27
180.152.104.37 - - [11/Dec/2020:11:09:50 +0800] "GET /xingrg/kc/buy/cgsh_order_add.html HTTP/1.1" 200 60904
183.192.164.214 - - [11/Dec/2020:11:09:50 +0800] "GET /xingrg/kc/buy/cgsh_order_operate.html?command=get_materiel&rest_code=00106&code=00101008323&supplier_code=00100007&order_time=2020-12-11 HTTP/1.1" 302 -
180.152.104.37 - - [11/Dec/2020:11:09:50 +0800] "POST /xingrg/kc/buy/cgsh_order_operate.html HTTP/1.1" 200 8245
180.152.104.37 - - [11/Dec/2020:11:09:51 +0800] "GET /xingrg/javascript/easyui/themes/default/validatebox.css HTTP/1.1" 404 1104
180.162.223.42 - - [11/Dec/2020:11:09:51 +0800] "GET /xingrg/all/function/internal_message.html?_=1607656170765&CODE_STATE=getMsg HTTP/1.1" 200 27
117.184.7.26 - - [11/Dec/2020:11:09:52 +0800] "GET /xingrg/kc/buy/buy_main.html HTTP/1.1" 200 12412
117.184.7.26 - - [11/Dec/2020:11:09:52 +0800] "GET /xingrg/css/new_ie.css HTTP/1.1" 404 1036
183.192.164.214 - - [11/Dec/2020:11:09:52 +0800] "GET /xingrg/login.html HTTP/1.1" 200 7641
116.228.172.94 - - [11/Dec/2020:11:09:52 +0800] "GET /xingrg/all/function/internal_message.html?_=1607656189025&CODE_STATE=getMsg HTTP/1.1" 200 27
223.167.127.220 - - [11/Dec/2020:11:09:53 +0800] "GET /xingrg/all/function/internal_message.html?_=1607656192929&CODE_STATE=getMsg HTTP/1.1" 302 -
117.184.7.30 - - [11/Dec/2020:11:09:53 +0800] "GET /xingrg/kc/buy/cgsh_order_list.html HTTP/1.1" 200 45202
117.184.7.30 - - [11/Dec/2020:11:09:54 +0800] "POST /xingrg/kc/buy/cgsh_list_operate.html HTTP/1.1" 200 876
117.184.7.30 - - [11/Dec/2020:11:09:54 +0800] "GET /xingrg/kc/buy/cgsh_order_add.html HTTP/1.1" 200 60898
117.184.7.30 - - [11/Dec/2020:11:09:55 +0800] "POST /xingrg/kc/buy/cgsh_order_operate.html HTTP/1.1" 200 8245
117.184.7.30 - - [11/Dec/2020:11:09:55 +0800] "GET /xingrg/all/common/auto_word.html?type=employee&rest_code=00108 HTTP/1.1" 200 147
