172.17.0.120 - - [11/Dec/2020:09:46:27 +0800] "GET /xingrg/all/function/internal_message.html?_=1607651690400&CODE_STATE=getMsg HTTP/1.1" 200 27
120.253.135.82 - - [11/Dec/2020:09:46:28 +0800] "GET /xingrg/kc/pszx/mdps_order_info.html?code=312020121100283 HTTP/1.1" 200 23887
120.253.135.82 - - [11/Dec/2020:09:46:28 +0800] "POST /xingrg/kc/pszx/mdps_order_operate.html HTTP/1.1" 200 2288
120.253.135.82 - - [11/Dec/2020:09:46:28 +0800] "GET /xingrg/javascript/easyui/themes/default/validatebox.css HTTP/1.1" 404 1104
114.88.159.147 - - [11/Dec/2020:09:46:29 +0800] "GET /xingrg/kc/buy/cgsh_order_operate.html?command=get_materiel&rest_code=00141&code=00101007109&supplier_code=00100036&order_time=2020-12-11 HTTP/1.1" 200 408
180.162.223.42 - - [11/Dec/2020:09:46:33 +0800] "GET /xingrg/all/function/internal_message.html?_=1607651193199&CODE_STATE=getMsg HTTP/1.1" 200 27
180.162.223.42 - - [11/Dec/2020:09:46:33 +0800] "GET /xingrg/check_reg.html?_=1607651193531 HTTP/1.1" 200 22
120.253.135.82 - - [11/Dec/2020:09:46:33 +0800] "POST /xingrg/kc/pszx/mdps_order_operate.html HTTP/1.1" 200 37
180.157.253.48 - - [11/Dec/2020:09:46:34 +0800] "GET /xingrg/all/function/internal_message.html?_=1607651193770&CODE_STATE=getMsg HTTP/1.1" 200 27
120.253.135.82 - - [11/Dec/2020:09:46:34 +0800] "GET /xingrg/kc/pszx/mdps_order_info.html?code=312020121100283 HTTP/1.1" 200 23887
120.253.135.82 - - [11/Dec/2020:09:46:34 +0800] "GET /xingrg/javascript/easyui/themes/default/validatebox.css HTTP/1.1" 404 1104
120.253.135.82 - - [11/Dec/2020:09:46:34 +0800] "POST /xingrg/kc/pszx/mdps_order_operate.html HTTP/1.1" 200 2288
180.162.223.42 - - [11/Dec/2020:09:46:35 +0800] "GET /xingrg/all/function/internal_message.html?_=1607651174785&CODE_STATE=getMsg HTTP/1.1" 200 27
180.162.223.42 - - [11/Dec/2020:09:46:35 +0800] "GET /xingrg/check_reg.html?_=1607651174788 HTTP/1.1" 200 22
114.88.163.87 - - [11/Dec/2020:09:46:36 +0800] "GET /xingrg/kc/buy/cgsh_order_operate.html?command=get_materiel&rest_code=00111&code=00101008114&supplier_code=00100005&order_time=2020-12-11 HTTP/1.1" 200 412
120.253.135.82 - - [11/Dec/2020:09:46:37 +0800] "GET /xingrg/kc/print/load_config.html?kc_code=mdps HTTP/1.1" 200 2396
120.253.135.82 - - [11/Dec/2020:09:46:37 +0800] "GET /xingrg/kc/print/load_data.html?order_code=312020121100283&kc_code=mdps&condition= HTTP/1.1" 200 700
114.88.163.87 - - [11/Dec/2020:09:46:37 +0800] "GET /xingrg/all/function/internal_message.html?_=1607651326686&CODE_STATE=getMsg HTTP/1.1" 200 27
101.85.93.83 - - [11/Dec/2020:09:46:38 +0800] "GET /xingrg/all/function/internal_message.html?_=1607650905190&CODE_STATE=getMsg HTTP/1.1" 200 27
222.69.133.109 - - [11/Dec/2020:09:46:41 +0800] "GET /xingrg/all/function/internal_message.html?_=1607651200673&CODE_STATE=getMsg HTTP/1.1" 200 27
114.84.32.187 - - [11/Dec/2020:09:46:41 +0800] "GET /xingrg/check_reg.html?_=1607651228656 HTTP/1.1" 302 -
114.88.163.87 - - [11/Dec/2020:09:46:42 +0800] "GET /xingrg/kc/buy/cgsh_order_operate.html?command=get_materiel&rest_code=00111&code=00101008061&supplier_code=00100005&order_time=2020-12-11 HTTP/1.1" 200 422
114.88.163.87 - - [11/Dec/2020:09:46:48 +0800] "GET /xingrg/check_reg.html?_=1607651204001 HTTP/1.1" 302 -
114.88.163.87 - - [11/Dec/2020:09:46:50 +0800] "GET /xingrg/kc/buy/cgsh_order_operate.html?command=get_materiel&rest_code=00111&code=00101008095&supplier_code=00100005&order_time=2020-12-11 HTTP/1.1" 200 412
180.174.56.115 - - [11/Dec/2020:09:46:51 +0800] "GET /xingrg/all/function/internal_message.html?_=1607651211069&CODE_STATE=getMsg HTTP/1.1" 200 27
116.228.172.94 - - [11/Dec/2020:09:46:52 +0800] "GET /xingrg/all/function/internal_message.html?_=1607651209033&CODE_STATE=getMsg HTTP/1.1" 200 27
223.167.127.220 - - [11/Dec/2020:09:46:53 +0800] "GET /xingrg/all/function/internal_message.html?_=1607651212881&CODE_STATE=getMsg HTTP/1.1" 302 -
223.167.127.220 - - [11/Dec/2020:09:46:53 +0800] "GET /xingrg/check_reg.html?_=1607651212883 HTTP/1.1" 302 -
120.253.135.82 - - [11/Dec/2020:09:46:53 +0800] "GET /xingrg/all/function/internal_message.html?_=1607650962543&CODE_STATE=getMsg HTTP/1.1" 200 27
114.88.159.147 - - [11/Dec/2020:09:46:53 +0800] "GET /xingrg/kc/buy/cgsh_order_operate.html?command=get_materiel&rest_code=00141&code=00101012026&supplier_code=00100036&order_time=2020-12-11 HTTP/1.1" 200 408
114.88.159.147 - - [11/Dec/2020:09:46:53 +0800] "GET /xingrg/all/function/internal_message.html?_=1607650785059&CODE_STATE=getMsg HTTP/1.1" 200 27
180.152.104.37 - - [11/Dec/2020:09:46:54 +0800] "GET /xingrg/kc/buy/cgsh_order_operate.html?command=get_materiel&rest_code=00102&code=00101006065&supplier_code=00100011&order_time=2020-12-11 HTTP/1.1" 200 409
114.84.32.187 - - [11/Dec/2020:09:46:56 +0800] "GET /xingrg/all/function/internal_message.html?_=1607651243098&CODE_STATE=getMsg HTTP/1.1" 302 -
114.88.163.87 - - [11/Dec/2020:09:46:57 +0800] "GET /xingrg/kc/buy/cgsh_order_operate.html?command=get_materiel&rest_code=00111&code=00101008110&supplier_code=00100005&order_time=2020-12-11 HTTP/1.1" 200 408
114.88.163.87 - - [11/Dec/2020:09:46:59 +0800] "POST /xingrg/kc/buy/cgsh_order_operate.html HTTP/1.1" 200 2065
114.88.163.87 - - [11/Dec/2020:09:47:00 +0800] "GET /xingrg/all/function/internal_message.html?_=1607651215831&CODE_STATE=getMsg HTTP/1.1" 302 -
114.88.159.147 - - [11/Dec/2020:09:47:02 +0800] "GET /xingrg/kc/buy/cgsh_order_operate.html?command=get_materiel&rest_code=00141&code=00101012038&supplier_code=00100036&order_time=2020-12-11 HTTP/1.1" 200 412
114.88.163.87 - - [11/Dec/2020:09:47:04 +0800] "POST /xingrg/kc/buy/cgsh_order_operate.html HTTP/1.1" 200 37
114.88.163.87 - - [11/Dec/2020:09:47:05 +0800] "POST /xingrg/kc/buy/cgsh_order_operate.html HTTP/1.1" 200 36989
172.17.200.101 - - [11/Dec/2020:09:47:07 +0800] "GET /xingrg/check_reg.html?_=1607651228038 HTTP/1.1" 200 22
172.17.200.101 - - [11/Dec/2020:09:47:07 +0800] "GET /xingrg/all/function/internal_message.html?_=1607651228041&CODE_STATE=getMsg HTTP/1.1" 200 27
172.17.0.100 - - [11/Dec/2020:09:47:09 +0800] "GET /xingrg/all/function/internal_message.html?_=1607651287289&CODE_STATE=getMsg HTTP/1.1" 200 27
180.152.104.37 - - [11/Dec/2020:09:47:11 +0800] "POST /xingrg/kc/buy/cgsh_order_operate.html HTTP/1.1" 200 37
114.88.163.87 - - [11/Dec/2020:09:47:13 +0800] "GET /xingrg/kc/print/load_data.html?order_code=212020121104064&kc_code=cgsh&condition= HTTP/1.1" 200 13700
180.152.104.37 - - [11/Dec/2020:09:47:14 +0800] "POST /xingrg/kc/buy/cgsh_order_operate.html HTTP/1.1" 200 12
180.152.104.37 - - [11/Dec/2020:09:47:15 +0800] "GET /xingrg/kc/buy/cgsh_order_info.html?code=212020121104065 HTTP/1.1" 200 55799
117.185.32.26 - - [11/Dec/2020:09:47:16 +0800] "GET /xingrg/all/function/internal_message.html?_=1607651694272&CODE_STATE=getMsg HTTP/1.1" 200 27
180.152.104.37 - - [11/Dec/2020:09:47:16 +0800] "GET /xingrg/javascript/easyui/themes/default/validatebox.css HTTP/1.1" 404 1104
180.152.104.37 - - [11/Dec/2020:09:47:17 +0800] "POST /xingrg/kc/buy/cgsh_order_operate.html HTTP/1.1" 200 6564
101.83.240.69 - - [11/Dec/2020:09:47:17 +0800] "GET /xingrg/all/function/internal_message.html?_=1607651232359&CODE_STATE=getMsg HTTP/1.1" 200 27
116.232.52.177 - - [11/Dec/2020:09:47:18 +0800] "GET /xingrg/all/function/internal_message.html?_=1607651240912&CODE_STATE=getMsg HTTP/1.1" 200 27
114.88.159.147 - - [11/Dec/2020:09:47:18 +0800] "GET /xingrg/kc/buy/cgsh_order_operate.html?command=get_materiel&rest_code=00141&code=00101016105&supplier_code=00100036&order_time=2020-12-11 HTTP/1.1" 200 409
114.88.159.147 - - [11/Dec/2020:09:47:19 +0800] "GET /xingrg/all/function/internal_message.html?_=1607651242974&CODE_STATE=getMsg HTTP/1.1" 200 27
180.152.104.37 - - [11/Dec/2020:09:47:19 +0800] "GET /xingrg/kc/print/load_data.html?order_code=212020121104065&kc_code=cgsh&condition= HTTP/1.1" 200 3053
180.152.104.37 - - [11/Dec/2020:09:47:25 +0800] "GET /xingrg/all/function/internal_message.html?_=1607651472156&CODE_STATE=getMsg HTTP/1.1" 200 27
116.228.172.94 - - [11/Dec/2020:09:47:27 +0800] "GET /xingrg/all/function/internal_message.html?_=1607651244125&CODE_STATE=getMsg HTTP/1.1" 200 27
172.17.0.120 - - [11/Dec/2020:09:47:27 +0800] "GET /xingrg/all/function/internal_message.html?_=1607651750403&CODE_STATE=getMsg HTTP/1.1" 200 27
114.88.159.147 - - [11/Dec/2020:09:47:29 +0800] "GET /xingrg/kc/buy/cgsh_order_operate.html?command=get_materiel&rest_code=00141&code=00101020089&supplier_code=00100036&order_time=2020-12-11 HTTP/1.1" 200 412
180.152.104.37 - - [11/Dec/2020:09:47:30 +0800] "GET /xingrg/kc/buy/cgsh_order_add.html HTTP/1.1" 200 60898
180.152.104.37 - - [11/Dec/2020:09:47:30 +0800] "POST /xingrg/kc/buy/cgsh_order_operate.html HTTP/1.1" 200 8245
180.152.104.37 - - [11/Dec/2020:09:47:31 +0800] "GET /xingrg/javascript/easyui/themes/default/validatebox.css HTTP/1.1" 404 1104
180.162.223.42 - - [11/Dec/2020:09:47:33 +0800] "GET /xingrg/all/function/internal_message.html?_=1607651253172&CODE_STATE=getMsg HTTP/1.1" 200 27
180.157.253.48 - - [11/Dec/2020:09:47:34 +0800] "GET /xingrg/all/function/internal_message.html?_=1607651253773&CODE_STATE=getMsg HTTP/1.1" 200 27
180.152.104.37 - - [11/Dec/2020:09:47:34 +0800] "GET /xingrg/javascript/easyui/themes/default/tree.css HTTP/1.1" 404 1090
180.152.104.37 - - [11/Dec/2020:09:47:34 +0800] "POST /xingrg/all/common/load_tree.html?tree=supplier_tree_json&isDelete=1 HTTP/1.1" 200 52361
180.162.223.42 - - [11/Dec/2020:09:47:35 +0800] "GET /xingrg/all/function/internal_message.html?_=1607651234787&CODE_STATE=getMsg HTTP/1.1" 200 27
114.88.163.87 - - [11/Dec/2020:09:47:37 +0800] "GET /xingrg/all/function/internal_message.html?_=1607651386673&CODE_STATE=getMsg HTTP/1.1" 200 27
101.85.93.83 - - [11/Dec/2020:09:47:38 +0800] "GET /xingrg/all/function/internal_message.html?_=1607650965190&CODE_STATE=getMsg HTTP/1.1" 200 27
222.69.133.109 - - [11/Dec/2020:09:47:41 +0800] "GET /xingrg/all/function/internal_message.html?_=1607651260666&CODE_STATE=getMsg HTTP/1.1" 200 27
114.88.159.147 - - [11/Dec/2020:09:47:42 +0800] "GET /xingrg/kc/buy/cgsh_order_operate.html?command=get_materiel&rest_code=00141&code=00101019215&supplier_code=00100036&order_time=2020-12-11 HTTP/1.1" 200 432
222.69.133.109 - - [11/Dec/2020:09:47:42 +0800] "GET /xingrg/kc/buy/cgsh_order_operate.html?command=get_materiel&rest_code=00154&code=00101008298&supplier_code=00100417&order_time=2020-12-11 HTTP/1.1" 200 412
180.174.56.115 - - [11/Dec/2020:09:47:51 +0800] "GET /xingrg/all/function/internal_message.html?_=1607651271069&CODE_STATE=getMsg HTTP/1.1" 200 27
116.228.172.94 - - [11/Dec/2020:09:47:52 +0800] "GET /xingrg/all/function/internal_message.html?_=1607651269024&CODE_STATE=getMsg HTTP/1.1" 200 27
223.167.127.220 - - [11/Dec/2020:09:47:53 +0800] "GET /xingrg/all/function/internal_message.html?_=1607651272881&CODE_STATE=getMsg HTTP/1.1" 302 -
120.253.135.82 - - [11/Dec/2020:09:47:53 +0800] "GET /xingrg/all/function/internal_message.html?_=1607651022558&CODE_STATE=getMsg HTTP/1.1" 200 27
114.88.159.147 - - [11/Dec/2020:09:47:53 +0800] "GET /xingrg/all/function/internal_message.html?_=1607650845057&CODE_STATE=getMsg HTTP/1.1" 200 27
114.84.32.187 - - [11/Dec/2020:09:47:56 +0800] "GET /xingrg/all/function/internal_message.html?_=1607651303119&CODE_STATE=getMsg HTTP/1.1" 302 -
114.88.163.87 - - [11/Dec/2020:09:48:00 +0800] "GET /xingrg/all/function/internal_message.html?_=1607651275842&CODE_STATE=getMsg HTTP/1.1" 302 -
114.84.32.187 - - [11/Dec/2020:09:48:05 +0800] "GET /xingrg/check_reg.html?_=1607651302833 HTTP/1.1" 200 22
172.17.200.101 - - [11/Dec/2020:09:48:07 +0800] "GET /xingrg/all/function/internal_message.html?_=1607651288031&CODE_STATE=getMsg HTTP/1.1" 200 27
172.17.0.100 - - [11/Dec/2020:09:48:09 +0800] "GET /xingrg/all/function/internal_message.html?_=1607651347292&CODE_STATE=getMsg HTTP/1.1" 200 27
114.88.159.147 - - [11/Dec/2020:09:48:11 +0800] "GET /xingrg/kc/buy/cgsh_order_operate.html?command=get_materiel&rest_code=00141&code=00101016025&supplier_code=00100036&order_time=2020-12-11 HTTP/1.1" 200 408
117.185.32.26 - - [11/Dec/2020:09:48:16 +0800] "GET /xingrg/all/function/internal_message.html?_=1607651754271&CODE_STATE=getMsg HTTP/1.1" 200 27
101.83.240.69 - - [11/Dec/2020:09:48:17 +0800] "GET /xingrg/all/function/internal_message.html?_=1607651292344&CODE_STATE=getMsg HTTP/1.1" 200 27
116.232.52.177 - - [11/Dec/2020:09:48:18 +0800] "GET /xingrg/all/function/internal_message.html?_=1607651300910&CODE_STATE=getMsg HTTP/1.1" 200 27
114.88.159.147 - - [11/Dec/2020:09:48:19 +0800] "GET /xingrg/all/function/internal_message.html?_=1607651302944&CODE_STATE=getMsg HTTP/1.1" 200 27
180.152.104.37 - - [11/Dec/2020:09:48:25 +0800] "GET /xingrg/all/function/internal_message.html?_=1607651532170&CODE_STATE=getMsg HTTP/1.1" 200 27
116.228.172.94 - - [11/Dec/2020:09:48:27 +0800] "GET /xingrg/all/function/internal_message.html?_=1607651304113&CODE_STATE=getMsg HTTP/1.1" 200 27
172.17.0.120 - - [11/Dec/2020:09:48:27 +0800] "GET /xingrg/all/function/internal_message.html?_=1607651810406&CODE_STATE=getMsg HTTP/1.1" 200 27
114.88.159.147 - - [11/Dec/2020:09:48:30 +0800] "POST /xingrg/kc/buy/cgsh_order_operate.html HTTP/1.1" 200 37
180.162.223.42 - - [11/Dec/2020:09:48:33 +0800] "GET /xingrg/all/function/internal_message.html?_=1607651313154&CODE_STATE=getMsg HTTP/1.1" 200 27
114.88.159.147 - - [11/Dec/2020:09:48:33 +0800] "POST /xingrg/kc/buy/cgsh_order_operate.html HTTP/1.1" 200 12
180.157.253.48 - - [11/Dec/2020:09:48:34 +0800] "GET /xingrg/all/function/internal_message.html?_=1607651313765&CODE_STATE=getMsg HTTP/1.1" 200 27
180.162.223.42 - - [11/Dec/2020:09:48:35 +0800] "GET /xingrg/all/function/internal_message.html?_=1607651294787&CODE_STATE=getMsg HTTP/1.1" 200 27
114.88.159.147 - - [11/Dec/2020:09:48:37 +0800] "GET /xingrg/kc/buy/cgsh_order_info.html?code=212020121104066 HTTP/1.1" 200 55850
114.88.163.87 - - [11/Dec/2020:09:48:37 +0800] "GET /xingrg/all/function/internal_message.html?_=1607651446650&CODE_STATE=getMsg HTTP/1.1" 200 27
114.88.159.147 - - [11/Dec/2020:09:48:38 +0800] "GET /xingrg/javascript/easyui/themes/default/validatebox.css HTTP/1.1" 404 1104
114.88.159.147 - - [11/Dec/2020:09:48:38 +0800] "POST /xingrg/kc/buy/cgsh_order_operate.html HTTP/1.1" 200 8304
101.85.93.83 - - [11/Dec/2020:09:48:38 +0800] "GET /xingrg/all/function/internal_message.html?_=1607651025183&CODE_STATE=getMsg HTTP/1.1" 200 27
114.88.159.147 - - [11/Dec/2020:09:48:39 +0800] "GET /xingrg/kc/print/load_data.html?order_code=212020121104066&kc_code=cgsh&condition= HTTP/1.1" 200 3689
222.69.133.109 - - [11/Dec/2020:09:48:41 +0800] "GET /xingrg/all/function/internal_message.html?_=1607651320665&CODE_STATE=getMsg HTTP/1.1" 200 27
114.88.159.147 - - [11/Dec/2020:09:48:47 +0800] "GET /xingrg/kc/buy/cgsh_order_add.html HTTP/1.1" 200 60945
114.88.159.147 - - [11/Dec/2020:09:48:47 +0800] "POST /xingrg/kc/buy/cgsh_order_operate.html HTTP/1.1" 200 8245
114.88.159.147 - - [11/Dec/2020:09:48:47 +0800] "GET /xingrg/javascript/easyui/themes/default/validatebox.css HTTP/1.1" 404 1104
180.174.56.115 - - [11/Dec/2020:09:48:51 +0800] "GET /xingrg/all/function/internal_message.html?_=1607651331071&CODE_STATE=getMsg HTTP/1.1" 200 27
180.174.56.115 - - [11/Dec/2020:09:48:51 +0800] "GET /xingrg/check_reg.html?_=1607651331075 HTTP/1.1" 200 22
116.228.172.94 - - [11/Dec/2020:09:48:52 +0800] "GET /xingrg/all/function/internal_message.html?_=1607651329033&CODE_STATE=getMsg HTTP/1.1" 200 27
223.167.127.220 - - [11/Dec/2020:09:48:53 +0800] "GET /xingrg/all/function/internal_message.html?_=1607651332881&CODE_STATE=getMsg HTTP/1.1" 302 -
120.253.135.82 - - [11/Dec/2020:09:48:53 +0800] "GET /xingrg/all/function/internal_message.html?_=1607651082633&CODE_STATE=getMsg HTTP/1.1" 200 27
114.88.159.147 - - [11/Dec/2020:09:48:53 +0800] "GET /xingrg/all/function/internal_message.html?_=1607650905056&CODE_STATE=getMsg HTTP/1.1" 200 27
114.88.159.147 - - [11/Dec/2020:09:48:53 +0800] "GET /xingrg/check_reg.html?_=1607650905057 HTTP/1.1" 200 22
114.84.32.187 - - [11/Dec/2020:09:48:56 +0800] "GET /xingrg/all/function/internal_message.html?_=1607651363125&CODE_STATE=getMsg HTTP/1.1" 302 -
114.88.159.147 - - [11/Dec/2020:09:48:56 +0800] "GET /xingrg/kc/buy/cgsh_order_operate.html?command=get_materiel&rest_code=00141&code=00101006130&supplier_code=00100012&order_time=2020-12-11 HTTP/1.1" 200 427
180.152.104.37 - - [11/Dec/2020:09:48:57 +0800] "POST /xingrg/login.do HTTP/1.1" 302 -
180.152.104.37 - - [11/Dec/2020:09:48:57 +0800] "GET /xingrg/index.html?sysBaseUrl=http%3A%2F%2F180.169.147.146%3A18081%2Fxingrg%2F&costTime=39×tamp=1607651337599 HTTP/1.1" 200 17173
180.152.104.37 - - [11/Dec/2020:09:48:57 +0800] "GET /xingrg/javascript/jquery_easy_ui/themes/default/easyui.css HTTP/1.1" 304 -
180.152.104.37 - - [11/Dec/2020:09:48:57 +0800] "GET /xingrg/javascript/jquery_easy_ui/themes/icon.css HTTP/1.1" 304 -
180.152.104.37 - - [11/Dec/2020:09:48:57 +0800] "GET /xingrg/css/form.css HTTP/1.1" 304 -
180.152.104.37 - - [11/Dec/2020:09:48:57 +0800] "GET /xingrg/javascript/jquery-1.4.2.min.js HTTP/1.1" 304 -
180.152.104.37 - - [11/Dec/2020:09:48:57 +0800] "GET /xingrg/javascript/jquery.form.js HTTP/1.1" 304 -
180.152.104.37 - - [11/Dec/2020:09:48:57 +0800] "GET /xingrg/javascript/jquery.utils.js HTTP/1.1" 304 -
180.152.104.37 - - [11/Dec/2020:09:48:57 +0800] "GET /xingrg/javascript/jquery_easy_ui/jquery.easyui.min.js HTTP/1.1" 304 -
180.152.104.37 - - [11/Dec/2020:09:48:57 +0800] "GET /xingrg/javascript/jquery_easy_ui/easyui-lang-zh_CN.js HTTP/1.1" 304 -
180.152.104.37 - - [11/Dec/2020:09:48:57 +0800] "GET /xingrg/javascript/jquery.timers.js HTTP/1.1" 304 -
180.152.104.37 - - [11/Dec/2020:09:48:57 +0800] "GET /xingrg/images/blue/navBackgound.jpg HTTP/1.1" 304 -
180.152.104.37 - - [11/Dec/2020:09:48:57 +0800] "GET /xingrg/javascript/jquery_easy_ui/themes/icons/settle_new.png HTTP/1.1" 304 -
180.152.104.37 - - [11/Dec/2020:09:48:57 +0800] "GET /favicon.ico HTTP/1.1" 404 -
180.152.104.37 - - [11/Dec/2020:09:48:57 +0800] "POST /xingrg/all/common/load_tree.html?tree=area_rest_tree_json&manage=1 HTTP/1.1" 200 342
180.152.104.37 - - [11/Dec/2020:09:48:57 +0800] "GET /xingrg/images/blue/pingpu.png HTTP/1.1" 304 -
180.152.104.37 - - [11/Dec/2020:09:48:57 +0800] "GET /xingrg/javascript/jquery_easy_ui/themes/default/images/tabs_leftarrow.png HTTP/1.1" 304 -
180.152.104.37 - - [11/Dec/2020:09:48:57 +0800] "GET /xingrg/javascript/jquery_easy_ui/themes/default/images/tabs_rightarrow.png HTTP/1.1" 304 -
180.152.104.37 - - [11/Dec/2020:09:48:58 +0800] "GET /xingrg/javascript/jquery_easy_ui/themes/default/images/panel_tool_collapse.gif HTTP/1.1" 304 -
180.152.104.37 - - [11/Dec/2020:09:48:58 +0800] "GET /xingrg/all/function/internal_message.html?_=1607651339502&CODE_STATE=count HTTP/1.1" 200 11
180.152.104.37 - - [11/Dec/2020:09:48:58 +0800] "GET /xingrg/check_reg.html?_=1607651339504 HTTP/1.1" 200 22
180.152.104.37 - - [11/Dec/2020:09:48:58 +0800] "POST /xingrg/load_menu.html HTTP/1.1" 200 5138
180.152.104.37 - - [11/Dec/2020:09:48:58 +0800] "GET /xingrg/javascript/jquery_easy_ui/themes/default/images/tree_arrows.gif HTTP/1.1" 304 -
180.152.104.37 - - [11/Dec/2020:09:48:58 +0800] "GET /xingrg/javascript/jquery_easy_ui/themes/default/images/tree_folder_open.gif HTTP/1.1" 304 -
180.152.104.37 - - [11/Dec/2020:09:48:58 +0800] "GET /xingrg/javascript/jquery_easy_ui/themes/icons/search_new.png HTTP/1.1" 304 -
180.152.104.37 - - [11/Dec/2020:09:48:58 +0800] "GET /xingrg/javascript/jquery_easy_ui/themes/default/images/tree_folder.gif HTTP/1.1" 304 -
180.152.104.37 - - [11/Dec/2020:09:48:58 +0800] "GET /xingrg/javascript/jquery_easy_ui/themes/icons/storage_new.png HTTP/1.1" 304 -
180.152.104.37 - - [11/Dec/2020:09:48:58 +0800] "GET /xingrg/javascript/jquery_easy_ui/themes/icons/forms_new.png HTTP/1.1" 304 -
180.152.104.37 - - [11/Dec/2020:09:48:58 +0800] "GET /xingrg/javascript/jquery_easy_ui/themes/default/images/tree_file.gif HTTP/1.1" 304 -
114.88.163.87 - - [11/Dec/2020:09:49:00 +0800] "GET /favicon.ico HTTP/1.1" 404 -
114.88.163.87 - - [11/Dec/2020:09:49:00 +0800] "GET /xingrg/all/function/internal_message.html?_=1607651335892&CODE_STATE=getMsg HTTP/1.1" 302 -
114.88.163.87 - - [11/Dec/2020:09:49:00 +0800] "GET /xingrg/index.html?sysBaseUrl=http%3A%2F%2F180.169.147.146%3A18081%2Fxingrg%2F&costTime=38×tamp=1588335986102 HTTP/1.1" 302 -
114.88.163.87 - - [11/Dec/2020:09:49:01 +0800] "GET /xingrg/login.html HTTP/1.1" 200 7641
114.88.163.87 - - [11/Dec/2020:09:49:06 +0800] "GET /favicon.ico HTTP/1.1" 404 -
101.85.93.83 - - [11/Dec/2020:09:49:06 +0800] "GET /xingrg/kc/buy/cgsh_order_operate.html?command=get_materiel&rest_code=00142&code=00101029011&supplier_code=00100156&order_time=2020-12-11 HTTP/1.1" 200 458
114.88.159.147 - - [11/Dec/2020:09:49:06 +0800] "GET /xingrg/kc/buy/cgsh_order_operate.html?command=get_materiel&rest_code=00141&code=00101006038&supplier_code=00100012&order_time=2020-12-11 HTTP/1.1" 200 440
172.17.200.101 - - [11/Dec/2020:09:49:07 +0800] "GET /xingrg/all/function/internal_message.html?_=1607651348032&CODE_STATE=getMsg HTTP/1.1" 200 27
180.152.104.37 - - [11/Dec/2020:09:49:08 +0800] "GET /xingrg/javascript/jquery_easy_ui/themes/icons/area.png HTTP/1.1" 304 -
180.152.104.37 - - [11/Dec/2020:09:49:08 +0800] "GET /xingrg/javascript/jquery_easy_ui/themes/icons/rest.png HTTP/1.1" 304 -
172.17.0.100 - - [11/Dec/2020:09:49:09 +0800] "GET /xingrg/check_reg.html?_=1607651407293 HTTP/1.1" 200 22
172.17.0.100 - - [11/Dec/2020:09:49:09 +0800] "GET /xingrg/all/function/internal_message.html?_=1607651407298&CODE_STATE=getMsg HTTP/1.1" 200 27
101.85.93.83 - - [11/Dec/2020:09:49:09 +0800] "POST /xingrg/all/common/load_select.html HTTP/1.1" 200 25
101.85.93.83 - - [11/Dec/2020:09:49:12 +0800] "GET /xingrg/kc/buy/cgsh_order_operate.html?command=get_materiel_price&rest_code=00142&code=00101029011&unit_code=00100157&supplier_code=00100156&order_time=2020-12-11 HTTP/1.1" 200 29
114.88.159.147 - - [11/Dec/2020:09:49:14 +0800] "GET /xingrg/kc/buy/cgsh_order_operate.html?command=get_materiel&rest_code=00141&code=00101006062&supplier_code=00100012&order_time=2020-12-11 HTTP/1.1" 200 409
117.185.32.26 - - [11/Dec/2020:09:49:16 +0800] "GET /xingrg/check_reg.html?_=1607651814271 HTTP/1.1" 200 22
117.185.32.26 - - [11/Dec/2020:09:49:16 +0800] "GET /xingrg/all/function/internal_message.html?_=1607651814272&CODE_STATE=getMsg HTTP/1.1" 200 27
101.83.240.69 - - [11/Dec/2020:09:49:17 +0800] "GET /xingrg/all/function/internal_message.html?_=1607651352316&CODE_STATE=getMsg HTTP/1.1" 200 27
116.232.52.177 - - [11/Dec/2020:09:49:18 +0800] "GET /xingrg/all/function/internal_message.html?_=1607651360909&CODE_STATE=getMsg HTTP/1.1" 200 27
116.232.52.177 - - [11/Dec/2020:09:49:18 +0800] "GET /xingrg/check_reg.html?_=1607651360910 HTTP/1.1" 200 22
114.88.159.147 - - [11/Dec/2020:09:49:19 +0800] "GET /xingrg/check_reg.html?_=1607651362972 HTTP/1.1" 200 22
114.88.159.147 - - [11/Dec/2020:09:49:19 +0800] "GET /xingrg/all/function/internal_message.html?_=1607651362974&CODE_STATE=getMsg HTTP/1.1" 200 27
114.88.163.87 - - [11/Dec/2020:09:49:19 +0800] "POST /xingrg/login.do HTTP/1.1" 302 -
114.88.163.87 - - [11/Dec/2020:09:49:19 +0800] "GET /xingrg/index.html?sysBaseUrl=http%3A%2F%2F180.169.147.146%3A18081%2Fxingrg%2F&costTime=39×tamp=1607651359768 HTTP/1.1" 200 17173
114.88.163.87 - - [11/Dec/2020:09:49:20 +0800] "GET /favicon.ico HTTP/1.1" 404 -
114.88.163.87 - - [11/Dec/2020:09:49:20 +0800] "POST /xingrg/all/common/load_tree.html?tree=area_rest_tree_json&manage=1 HTTP/1.1" 200 342
180.174.56.115 - - [11/Dec/2020:09:49:20 +0800] "POST /xingrg/all/user/operate.html HTTP/1.1" 200 36
114.88.163.87 - - [11/Dec/2020:09:49:20 +0800] "GET /xingrg/all/function/internal_message.html?_=1607651489248&CODE_STATE=count HTTP/1.1" 200 11
114.88.163.87 - - [11/Dec/2020:09:49:20 +0800] "GET /xingrg/check_reg.html?_=1607651489249 HTTP/1.1" 200 22
114.88.163.87 - - [11/Dec/2020:09:49:20 +0800] "POST /xingrg/load_menu.html HTTP/1.1" 200 5138
180.174.56.115 - - [11/Dec/2020:09:49:20 +0800] "GET /xingrg/index.html?sysBaseUrl=http%3A%2F%2F180.169.147.146%3A18081%2Fxingrg%2F&costTime=38×tamp=1607646879531 HTTP/1.1" 200 17177
180.174.56.115 - - [11/Dec/2020:09:49:20 +0800] "GET /xingrg/javascript/jquery_easy_ui/themes/default/easyui.css HTTP/1.1" 304 -
180.174.56.115 - - [11/Dec/2020:09:49:20 +0800] "GET /xingrg/javascript/jquery_easy_ui/themes/icon.css HTTP/1.1" 304 -
180.174.56.115 - - [11/Dec/2020:09:49:20 +0800] "GET /xingrg/css/form.css HTTP/1.1" 304 -
180.174.56.115 - - [11/Dec/2020:09:49:20 +0800] "GET /xingrg/javascript/jquery-1.4.2.min.js HTTP/1.1" 304 -
180.174.56.115 - - [11/Dec/2020:09:49:20 +0800] "GET /xingrg/javascript/jquery_easy_ui/jquery.easyui.min.js HTTP/1.1" 304 -
180.174.56.115 - - [11/Dec/2020:09:49:20 +0800] "GET /xingrg/javascript/jquery_easy_ui/easyui-lang-zh_CN.js HTTP/1.1" 304 -
180.174.56.115 - - [11/Dec/2020:09:49:20 +0800] "GET /xingrg/javascript/jquery.form.js HTTP/1.1" 304 -
180.174.56.115 - - [11/Dec/2020:09:49:20 +0800] "GET /xingrg/javascript/jquery.utils.js HTTP/1.1" 304 -
180.174.56.115 - - [11/Dec/2020:09:49:20 +0800] "GET /xingrg/javascript/jquery.timers.js HTTP/1.1" 304 -
180.174.56.115 - - [11/Dec/2020:09:49:20 +0800] "GET /xingrg/images/blue/jxLogo.png HTTP/1.1" 304 -
180.174.56.115 - - [11/Dec/2020:09:49:20 +0800] "GET /xingrg/images/blue/navBackgound.jpg HTTP/1.1" 304 -
180.174.56.115 - - [11/Dec/2020:09:49:20 +0800] "GET /xingrg/javascript/jquery_easy_ui/themes/icons/settle_new.png HTTP/1.1" 304 -
180.174.56.115 - - [11/Dec/2020:09:49:20 +0800] "POST /xingrg/all/common/load_tree.html?tree=area_rest_tree_json&manage=1 HTTP/1.1" 200 476
180.174.56.115 - - [11/Dec/2020:09:49:20 +0800] "GET /xingrg/check_reg.html?_=1607651360648 HTTP/1.1" 200 22
180.174.56.115 - - [11/Dec/2020:09:49:20 +0800] "GET /xingrg/all/function/internal_message.html?_=1607651360647&CODE_STATE=count HTTP/1.1" 200 11
180.174.56.115 - - [11/Dec/2020:09:49:20 +0800] "GET /xingrg/javascript/jquery_easy_ui/themes/default/images/tabs_rightarrow.png HTTP/1.1" 304 -
180.174.56.115 - - [11/Dec/2020:09:49:20 +0800] "GET /xingrg/javascript/jquery_easy_ui/themes/default/images/panel_tool_collapse.gif HTTP/1.1" 304 -
180.174.56.115 - - [11/Dec/2020:09:49:20 +0800] "GET /xingrg/javascript/jquery_easy_ui/themes/default/images/tabs_leftarrow.png HTTP/1.1" 304 -
180.174.56.115 - - [11/Dec/2020:09:49:20 +0800] "GET /xingrg/images/blue/pingpu.png HTTP/1.1" 304 -
180.174.56.115 - - [11/Dec/2020:09:49:20 +0800] "POST /xingrg/load_menu.html HTTP/1.1" 200 5138
114.88.163.87 - - [11/Dec/2020:09:49:22 +0800] "GET /xingrg/kc/buy/cgsh_order_list.html HTTP/1.1" 200 45202
180.174.56.115 - - [11/Dec/2020:09:49:22 +0800] "GET /xingrg/kc/buy/cgsh_order_list.html HTTP/1.1" 200 45206
114.88.159.147 - - [11/Dec/2020:09:49:23 +0800] "GET /xingrg/kc/buy/cgsh_order_operate.html?command=get_materiel&rest_code=00141&code=00101006168&supplier_code=00100012&order_time=2020-12-11 HTTP/1.1" 200 421
180.152.104.37 - - [11/Dec/2020:09:49:24 +0800] "GET /xingrg/check_reg.html?_=1607651591215 HTTP/1.1" 200 22
180.174.56.115 - - [11/Dec/2020:09:49:24 +0800] "POST /xingrg/kc/buy/cgsh_list_operate.html HTTP/1.1" 200 1688
180.152.104.37 - - [11/Dec/2020:09:49:25 +0800] "GET /xingrg/all/function/internal_message.html?_=1607651592184&CODE_STATE=getMsg HTTP/1.1" 200 27
114.88.163.87 - - [11/Dec/2020:09:49:25 +0800] "POST /xingrg/kc/buy/cgsh_list_operate.html HTTP/1.1" 200 3137
116.228.172.94 - - [11/Dec/2020:09:49:27 +0800] "GET /xingrg/all/function/internal_message.html?_=1607651364097&CODE_STATE=getMsg HTTP/1.1" 200 27
172.17.0.120 - - [11/Dec/2020:09:49:27 +0800] "GET /xingrg/check_reg.html?_=1607651870398 HTTP/1.1" 200 22
172.17.0.120 - - [11/Dec/2020:09:49:27 +0800] "GET /xingrg/all/function/internal_message.html?_=1607651870404&CODE_STATE=getMsg HTTP/1.1" 200 27
114.88.159.147 - - [11/Dec/2020:09:49:29 +0800] "GET /xingrg/kc/buy/cgsh_order_operate.html?command=get_materiel&rest_code=00141&code=00101006229&supplier_code=00100012&order_time=2020-12-11 HTTP/1.1" 200 412
114.88.163.87 - - [11/Dec/2020:09:49:30 +0800] "POST /xingrg/kc/buy/cgsh_list_operate.html HTTP/1.1" 200 3137
180.162.223.42 - - [11/Dec/2020:09:49:33 +0800] "GET /xingrg/all/function/internal_message.html?_=1607651373127&CODE_STATE=getMsg HTTP/1.1" 200 27
180.157.253.48 - - [11/Dec/2020:09:49:34 +0800] "GET /xingrg/all/function/internal_message.html?_=1607651373767&CODE_STATE=getMsg HTTP/1.1" 200 27
180.157.253.48 - - [11/Dec/2020:09:49:34 +0800] "GET /xingrg/check_reg.html?_=1607651373773 HTTP/1.1" 200 22
180.162.223.42 - - [11/Dec/2020:09:49:35 +0800] "GET /xingrg/all/function/internal_message.html?_=1607651354787&CODE_STATE=getMsg HTTP/1.1" 200 27
114.88.159.147 - - [11/Dec/2020:09:49:38 +0800] "GET /xingrg/kc/buy/cgsh_order_operate.html?command=get_materiel&rest_code=00141&code=00101006027&supplier_code=00100012&order_time=2020-12-11 HTTP/1.1" 200 409
101.85.93.83 - - [11/Dec/2020:09:49:38 +0800] "GET /xingrg/all/function/internal_message.html?_=1607651085179&CODE_STATE=getMsg HTTP/1.1" 200 27
222.69.133.109 - - [11/Dec/2020:09:49:41 +0800] "GET /xingrg/check_reg.html?_=1607651380741 HTTP/1.1" 200 22
222.69.133.109 - - [11/Dec/2020:09:49:41 +0800] "GET /xingrg/all/function/internal_message.html?_=1607651380738&CODE_STATE=getMsg HTTP/1.1" 200 27
222.69.133.109 - - [11/Dec/2020:09:49:44 +0800] "GET /xingrg/kc/buy/cgsh_order_operate.html?command=get_materiel&rest_code=00154&code=00101008353&supplier_code=00100417&order_time=2020-12-11 HTTP/1.1" 200 409
114.88.159.147 - - [11/Dec/2020:09:49:46 +0800] "POST /xingrg/kc/buy/cgsh_order_operate.html HTTP/1.1" 200 37
114.88.159.147 - - [11/Dec/2020:09:49:48 +0800] "POST /xingrg/kc/buy/cgsh_order_operate.html HTTP/1.1" 200 12
114.88.159.147 - - [11/Dec/2020:09:49:48 +0800] "GET /xingrg/kc/buy/cgsh_order_info.html?code=212020121104067 HTTP/1.1" 200 55848
114.88.159.147 - - [11/Dec/2020:09:49:49 +0800] "GET /xingrg/javascript/easyui/themes/default/validatebox.css HTTP/1.1" 404 1104
114.88.159.147 - - [11/Dec/2020:09:49:49 +0800] "POST /xingrg/kc/buy/cgsh_order_operate.html HTTP/1.1" 200 3007
114.88.159.147 - - [11/Dec/2020:09:49:50 +0800] "GET /xingrg/kc/print/load_data.html?order_code=212020121104067&kc_code=cgsh&condition= HTTP/1.1" 200 1735
117.184.7.30 - - [11/Dec/2020:09:49:52 +0800] "POST /xingrg/services/DataTransmitService HTTP/1.1" 200 524
116.228.172.94 - - [11/Dec/2020:09:49:52 +0800] "GET /xingrg/all/function/internal_message.html?_=1607651389034&CODE_STATE=getMsg HTTP/1.1" 200 27
223.167.127.220 - - [11/Dec/2020:09:49:53 +0800] "GET /xingrg/all/function/internal_message.html?_=1607651392882&CODE_STATE=getMsg HTTP/1.1" 302 -
120.253.135.82 - - [11/Dec/2020:09:49:53 +0800] "GET /xingrg/check_reg.html?_=1607651142666 HTTP/1.1" 200 22
120.253.135.82 - - [11/Dec/2020:09:49:53 +0800] "GET /xingrg/all/function/internal_message.html?_=1607651142667&CODE_STATE=getMsg HTTP/1.1" 200 27
114.88.159.147 - - [11/Dec/2020:09:49:53 +0800] "GET /xingrg/all/function/internal_message.html?_=1607650965056&CODE_STATE=getMsg HTTP/1.1" 200 27
114.84.32.187 - - [11/Dec/2020:09:49:56 +0800] "GET /xingrg/all/function/internal_message.html?_=1607651423147&CODE_STATE=getMsg HTTP/1.1" 302 -
114.88.159.147 - - [11/Dec/2020:09:49:57 +0800] "GET /xingrg/kc/buy/cgsh_order_add.html HTTP/1.1" 200 60945
114.88.159.147 - - [11/Dec/2020:09:49:57 +0800] "GET /xingrg/javascript/easyui/themes/default/validatebox.css HTTP/1.1" 404 1104
114.88.159.147 - - [11/Dec/2020:09:49:57 +0800] "POST /xingrg/kc/buy/cgsh_order_operate.html HTTP/1.1" 200 8245
180.152.104.37 - - [11/Dec/2020:09:49:58 +0800] "GET /xingrg/all/function/internal_message.html?_=1607651399521&CODE_STATE=getMsg HTTP/1.1" 200 27
114.88.163.87 - - [11/Dec/2020:09:50:00 +0800] "GET /xingrg/all/function/internal_message.html?_=1607651395901&CODE_STATE=getMsg HTTP/1.1" 302 -
172.17.200.101 - - [11/Dec/2020:09:50:07 +0800] "GET /xingrg/all/function/internal_message.html?_=1607651408036&CODE_STATE=getMsg HTTP/1.1" 200 27
114.88.159.147 - - [11/Dec/2020:09:50:09 +0800] "GET /xingrg/kc/buy/cgsh_order_operate.html?command=get_materiel&rest_code=00141&code=00101007048&supplier_code=00100004&order_time=2020-12-11 HTTP/1.1" 200 408
172.17.0.100 - - [11/Dec/2020:09:50:09 +0800] "GET /xingrg/all/function/internal_message.html?_=1607651467296&CODE_STATE=getMsg HTTP/1.1" 200 27
117.185.32.26 - - [11/Dec/2020:09:50:16 +0800] "GET /xingrg/all/function/internal_message.html?_=1607651874295&CODE_STATE=getMsg HTTP/1.1" 200 27
180.162.223.42 - - [11/Dec/2020:09:50:16 +0800] "GET /xingrg/kc/buy/cgsh_order_add.html HTTP/1.1" 200 60986
101.83.240.69 - - [11/Dec/2020:09:50:17 +0800] "GET /xingrg/all/function/internal_message.html?_=1607651412286&CODE_STATE=getMsg HTTP/1.1" 200 27
180.162.223.42 - - [11/Dec/2020:09:50:17 +0800] "POST /xingrg/kc/buy/cgsh_order_operate.html HTTP/1.1" 200 8245
180.162.223.42 - - [11/Dec/2020:09:50:17 +0800] "GET /xingrg/javascript/easyui/themes/default/validatebox.css HTTP/1.1" 404 1104
116.232.52.177 - - [11/Dec/2020:09:50:18 +0800] "GET /xingrg/all/function/internal_message.html?_=1607651420907&CODE_STATE=getMsg HTTP/1.1" 200 27
114.88.159.147 - - [11/Dec/2020:09:50:19 +0800] "GET /xingrg/all/function/internal_message.html?_=1607651422976&CODE_STATE=getMsg HTTP/1.1" 200 27
114.88.159.147 - - [11/Dec/2020:09:50:19 +0800] "GET /xingrg/kc/buy/cgsh_order_operate.html?command=get_materiel&rest_code=00141&code=00101007038&supplier_code=00100004&order_time=2020-12-11 HTTP/1.1" 200 442
114.88.163.87 - - [11/Dec/2020:09:50:20 +0800] "GET /xingrg/all/function/internal_message.html?_=1607651549269&CODE_STATE=getMsg HTTP/1.1" 200 27
180.174.56.115 - - [11/Dec/2020:09:50:20 +0800] "GET /xingrg/all/function/internal_message.html?_=1607651420654&CODE_STATE=getMsg HTTP/1.1" 200 27
101.85.93.83 - - [11/Dec/2020:09:50:21 +0800] "GET /xingrg/kc/buy/cgsh_order_operate.html?command=get_materiel&rest_code=00142&code=00101029023&supplier_code=00100156&order_time=2020-12-11 HTTP/1.1" 200 477
101.85.93.83 - - [11/Dec/2020:09:50:23 +0800] "POST /xingrg/all/common/load_select.html HTTP/1.1" 200 25
180.152.104.37 - - [11/Dec/2020:09:50:25 +0800] "GET /xingrg/all/function/internal_message.html?_=1607651652198&CODE_STATE=getMsg HTTP/1.1" 200 27
101.85.93.83 - - [11/Dec/2020:09:50:26 +0800] "GET /xingrg/kc/buy/cgsh_order_operate.html?command=get_materiel_price&rest_code=00142&code=00101029023&unit_code=00100179&supplier_code=00100156&order_time=2020-12-11 HTTP/1.1" 200 29
116.228.172.94 - - [11/Dec/2020:09:50:26 +0800] "GET /xingrg/check_reg.html?_=1607651422992 HTTP/1.1" 200 22
116.228.172.94 - - [11/Dec/2020:09:50:27 +0800] "GET /xingrg/all/function/internal_message.html?_=1607651424100&CODE_STATE=getMsg HTTP/1.1" 200 27
172.17.0.120 - - [11/Dec/2020:09:50:27 +0800] "GET /xingrg/all/function/internal_message.html?_=1607651930407&CODE_STATE=getMsg HTTP/1.1" 200 27
114.88.159.147 - - [11/Dec/2020:09:50:28 +0800] "GET /xingrg/kc/buy/cgsh_order_operate.html?command=get_materiel&rest_code=00141&code=00101007071&supplier_code=00100004&order_time=2020-12-11 HTTP/1.1" 200 417
180.162.223.42 - - [11/Dec/2020:09:50:31 +0800] "GET /xingrg/kc/buy/cgsh_order_operate.html?command=get_materiel&rest_code=00105&code=00101009109&supplier_code=00100024&order_time=2020-12-11 HTTP/1.1" 200 399
180.162.223.42 - - [11/Dec/2020:09:50:33 +0800] "GET /xingrg/all/function/internal_message.html?_=1607651433110&CODE_STATE=getMsg HTTP/1.1" 200 27
180.157.253.48 - - [11/Dec/2020:09:50:34 +0800] "GET /xingrg/all/function/internal_message.html?_=1607651433776&CODE_STATE=getMsg HTTP/1.1" 200 27
180.162.223.42 - - [11/Dec/2020:09:50:35 +0800] "GET /xingrg/all/function/internal_message.html?_=1607651414788&CODE_STATE=getMsg HTTP/1.1" 200 27
101.85.93.83 - - [11/Dec/2020:09:50:37 +0800] "GET /xingrg/kc/buy/cgsh_order_operate.html?command=get_materiel&rest_code=00142&code=00101027042&supplier_code=00100156&order_time=2020-12-11 HTTP/1.1" 200 438
101.85.93.83 - - [11/Dec/2020:09:50:38 +0800] "GET /xingrg/check_reg.html?_=1607651145253 HTTP/1.1" 200 22
101.85.93.83 - - [11/Dec/2020:09:50:38 +0800] "GET /xingrg/all/function/internal_message.html?_=1607651145252&CODE_STATE=getMsg HTTP/1.1" 200 27
101.85.93.83 - - [11/Dec/2020:09:50:38 +0800] "POST /xingrg/all/common/load_select.html HTTP/1.1" 200 25
114.88.159.147 - - [11/Dec/2020:09:50:39 +0800] "POST /xingrg/kc/buy/cgsh_order_operate.html HTTP/1.1" 200 37
222.69.133.109 - - [11/Dec/2020:09:50:41 +0800] "GET /xingrg/all/function/internal_message.html?_=1607651440707&CODE_STATE=getMsg HTTP/1.1" 200 27
114.88.159.147 - - [11/Dec/2020:09:50:41 +0800] "POST /xingrg/kc/buy/cgsh_order_operate.html HTTP/1.1" 200 12
101.85.93.83 - - [11/Dec/2020:09:50:41 +0800] "GET /xingrg/kc/buy/cgsh_order_operate.html?command=get_materiel_price&rest_code=00142&code=00101027042&unit_code=00100157&supplier_code=00100156&order_time=2020-12-11 HTTP/1.1" 200 29
114.88.159.147 - - [11/Dec/2020:09:50:45 +0800] "GET /xingrg/kc/buy/cgsh_order_info.html?code=212020121104068 HTTP/1.1" 200 55848
114.88.159.147 - - [11/Dec/2020:09:50:45 +0800] "GET /xingrg/javascript/easyui/themes/default/validatebox.css HTTP/1.1" 404 1104
114.88.159.147 - - [11/Dec/2020:09:50:46 +0800] "POST /xingrg/kc/buy/cgsh_order_operate.html HTTP/1.1" 200 1793
114.88.159.147 - - [11/Dec/2020:09:50:50 +0800] "GET /xingrg/kc/print/load_data.html?order_code=212020121104068&kc_code=cgsh&condition= HTTP/1.1" 200 1210
222.69.133.109 - - [11/Dec/2020:09:50:51 +0800] "GET /xingrg/kc/buy/cgsh_order_operate.html?command=get_materiel&rest_code=00154&code=00101008059&supplier_code=00100417&order_time=2020-12-11 HTTP/1.1" 200 408
180.162.223.42 - - [11/Dec/2020:09:50:51 +0800] "GET /xingrg/kc/buy/cgsh_order_operate.html?command=get_materiel&rest_code=00105&code=00101009062&supplier_code=00100024&order_time=2020-12-11 HTTP/1.1" 200 433
116.228.172.94 - - [11/Dec/2020:09:50:52 +0800] "GET /xingrg/check_reg.html?_=1607651449036 HTTP/1.1" 200 22
116.228.172.94 - - [11/Dec/2020:09:50:52 +0800] "GET /xingrg/all/function/internal_message.html?_=1607651449037&CODE_STATE=getMsg HTTP/1.1" 200 27
223.167.127.220 - - [11/Dec/2020:09:50:53 +0800] "GET /xingrg/all/function/internal_message.html?_=1607651452880&CODE_STATE=getMsg HTTP/1.1" 302 -
180.174.56.115 - - [11/Dec/2020:09:50:53 +0800] "GET /xingrg/kc/buy/cgsh_order_add.html HTTP/1.1" 200 60581
120.253.135.82 - - [11/Dec/2020:09:50:53 +0800] "GET /xingrg/all/function/internal_message.html?_=1607651202676&CODE_STATE=getMsg HTTP/1.1" 200 27
180.174.56.115 - - [11/Dec/2020:09:50:53 +0800] "GET /xingrg/javascript/easyui/themes/default/validatebox.css HTTP/1.1" 404 1104
180.174.56.115 - - [11/Dec/2020:09:50:53 +0800] "POST /xingrg/kc/buy/cgsh_order_operate.html HTTP/1.1" 200 8245
114.88.159.147 - - [11/Dec/2020:09:50:53 +0800] "GET /xingrg/all/function/internal_message.html?_=1607651025054&CODE_STATE=getMsg HTTP/1.1" 200 27
101.85.93.83 - - [11/Dec/2020:09:50:54 +0800] "GET /xingrg/kc/buy/cgsh_order_operate.html?command=get_materiel&rest_code=00142&code=00101029022&supplier_code=00100156&order_time=2020-12-11 HTTP/1.1" 200 471
101.85.93.83 - - [11/Dec/2020:09:50:55 +0800] "POST /xingrg/all/common/load_select.html HTTP/1.1" 200 25
114.84.32.187 - - [11/Dec/2020:09:50:56 +0800] "GET /xingrg/all/function/internal_message.html?_=1607651483152&CODE_STATE=getMsg HTTP/1.1" 302 -
101.85.93.83 - - [11/Dec/2020:09:50:58 +0800] "GET /xingrg/kc/buy/cgsh_order_operate.html?command=get_materiel_price&rest_code=00142&code=00101029022&unit_code=00100157&supplier_code=00100156&order_time=2020-12-11 HTTP/1.1" 200 29
114.88.159.147 - - [11/Dec/2020:09:50:58 +0800] "GET /xingrg/kc/buy/cgsh_order_add.html HTTP/1.1" 200 60945
114.88.159.147 - - [11/Dec/2020:09:50:59 +0800] "POST /xingrg/kc/buy/cgsh_order_operate.html HTTP/1.1" 200 8245
114.88.159.147 - - [11/Dec/2020:09:50:59 +0800] "GET /xingrg/javascript/easyui/themes/default/validatebox.css HTTP/1.1" 404 1104
180.162.223.42 - - [11/Dec/2020:09:51:00 +0800] "GET /xingrg/kc/buy/cgsh_order_operate.html?command=get_materiel&rest_code=00105&code=00101009010&supplier_code=00100024&order_time=2020-12-11 HTTP/1.1" 200 414
114.88.163.87 - - [11/Dec/2020:09:51:00 +0800] "GET /xingrg/all/function/internal_message.html?_=1607651455952&CODE_STATE=getMsg HTTP/1.1" 302 -
101.85.93.83 - - [11/Dec/2020:09:51:05 +0800] "POST /xingrg/kc/buy/cgsh_order_operate.html HTTP/1.1" 200 2065
172.17.200.101 - - [11/Dec/2020:09:51:07 +0800] "GET /xingrg/all/function/internal_message.html?_=1607651468039&CODE_STATE=getMsg HTTP/1.1" 200 27
172.17.0.100 - - [11/Dec/2020:09:51:09 +0800] "GET /xingrg/all/function/internal_message.html?_=1607651527298&CODE_STATE=getMsg HTTP/1.1" 200 27
180.162.223.42 - - [11/Dec/2020:09:51:10 +0800] "GET /xingrg/kc/buy/cgsh_order_operate.html?command=get_materiel&rest_code=00105&code=00101009019&supplier_code=00100024&order_time=2020-12-11 HTTP/1.1" 200 432
117.185.32.26 - - [11/Dec/2020:09:51:16 +0800] "GET /xingrg/all/function/internal_message.html?_=1607651934302&CODE_STATE=getMsg HTTP/1.1" 200 27
101.83.240.69 - - [11/Dec/2020:09:51:17 +0800] "GET /xingrg/all/function/internal_message.html?_=1607651472256&CODE_STATE=getMsg HTTP/1.1" 200 27
101.83.240.69 - - [11/Dec/2020:09:51:17 +0800] "GET /xingrg/check_reg.html?_=1607651472680 HTTP/1.1" 200 22
116.232.52.177 - - [11/Dec/2020:09:51:18 +0800] "GET /xingrg/all/function/internal_message.html?_=1607651480922&CODE_STATE=getMsg HTTP/1.1" 200 27
114.88.159.147 - - [11/Dec/2020:09:51:18 +0800] "GET /xingrg/kc/buy/cgsh_order_operate.html?command=get_materiel&rest_code=00141&code=00101008091&supplier_code=00100007&order_time=2020-12-11 HTTP/1.1" 200 413
114.88.159.147 - - [11/Dec/2020:09:51:19 +0800] "GET /xingrg/all/function/internal_message.html?_=1607651482982&CODE_STATE=getMsg HTTP/1.1" 200 27
114.88.163.87 - - [11/Dec/2020:09:51:20 +0800] "GET /xingrg/all/function/internal_message.html?_=1607651609255&CODE_STATE=getMsg HTTP/1.1" 200 27
180.174.56.115 - - [11/Dec/2020:09:51:20 +0800] "GET /xingrg/all/function/internal_message.html?_=1607651480652&CODE_STATE=getMsg HTTP/1.1" 200 27
180.174.56.115 - - [11/Dec/2020:09:51:21 +0800] "GET /xingrg/javascript/auto/indicator.gif HTTP/1.1" 404 1066
180.152.104.37 - - [11/Dec/2020:09:51:25 +0800] "GET /xingrg/all/function/internal_message.html?_=1607651712210&CODE_STATE=getMsg HTTP/1.1" 200 27
180.174.56.115 - - [11/Dec/2020:09:51:27 +0800] "GET /xingrg/kc/buy/cgsh_order_operate.html?command=get_materiel&rest_code=00151&code=00102002478&supplier_code=00100073&order_time=2020-12-11 HTTP/1.1" 200 408
116.228.172.94 - - [11/Dec/2020:09:51:27 +0800] "GET /xingrg/all/function/internal_message.html?_=1607651484128&CODE_STATE=getMsg HTTP/1.1" 200 27
172.17.0.120 - - [11/Dec/2020:09:51:27 +0800] "GET /xingrg/all/function/internal_message.html?_=1607651990398&CODE_STATE=getMsg HTTP/1.1" 200 27
101.85.93.83 - - [11/Dec/2020:09:51:29 +0800] "GET /xingrg/kc/buy/cgsh_order_operate.html?command=get_materiel&rest_code=00142&code=00101029002&supplier_code=00100156&order_time=2020-12-11 HTTP/1.1" 200 450
101.85.93.83 - - [11/Dec/2020:09:51:31 +0800] "POST /xingrg/all/common/load_select.html HTTP/1.1" 200 25
180.162.223.42 - - [11/Dec/2020:09:51:33 +0800] "GET /xingrg/all/function/internal_message.html?_=1607651493091&CODE_STATE=getMsg HTTP/1.1" 200 27
180.162.223.42 - - [11/Dec/2020:09:51:33 +0800] "GET /xingrg/check_reg.html?_=1607651493534 HTTP/1.1" 200 22
180.157.253.48 - - [11/Dec/2020:09:51:34 +0800] "GET /xingrg/all/function/internal_message.html?_=1607651493766&CODE_STATE=getMsg HTTP/1.1" 200 27
101.85.93.83 - - [11/Dec/2020:09:51:34 +0800] "GET /xingrg/kc/buy/cgsh_order_operate.html?command=get_materiel_price&rest_code=00142&code=00101029002&unit_code=00100157&supplier_code=00100156&order_time=2020-12-11 HTTP/1.1" 200 29
180.162.223.42 - - [11/Dec/2020:09:51:34 +0800] "GET /xingrg/kc/buy/cgsh_order_operate.html?command=get_materiel&rest_code=00105&code=00101009023&supplier_code=00100024&order_time=2020-12-11 HTTP/1.1" 200 408
180.162.223.42 - - [11/Dec/2020:09:51:35 +0800] "GET /xingrg/check_reg.html?_=1607651474788 HTTP/1.1" 200 22
180.162.223.42 - - [11/Dec/2020:09:51:35 +0800] "GET /xingrg/all/function/internal_message.html?_=1607651474791&CODE_STATE=getMsg HTTP/1.1" 200 27
101.85.93.83 - - [11/Dec/2020:09:51:38 +0800] "GET /xingrg/all/function/internal_message.html?_=1607651205269&CODE_STATE=getMsg HTTP/1.1" 200 27
180.174.56.115 - - [11/Dec/2020:09:51:39 +0800] "POST /xingrg/kc/buy/cgsh_order_operate.html HTTP/1.1" 200 37
222.69.133.109 - - [11/Dec/2020:09:51:40 +0800] "GET /xingrg/kc/buy/cgsh_order_operate.html?command=get_materiel&rest_code=00154&code=00101008097&supplier_code=00100417&order_time=2020-12-11 HTTP/1.1" 200 409
222.69.133.109 - - [11/Dec/2020:09:51:41 +0800] "GET /xingrg/all/function/internal_message.html?_=1607651500707&CODE_STATE=getMsg HTTP/1.1" 200 27
180.174.56.115 - - [11/Dec/2020:09:51:41 +0800] "POST /xingrg/kc/buy/cgsh_order_operate.html HTTP/1.1" 200 12
114.84.32.187 - - [11/Dec/2020:09:51:41 +0800] "GET /xingrg/check_reg.html?_=1607651528670 HTTP/1.1" 302 -
180.174.56.115 - - [11/Dec/2020:09:51:42 +0800] "GET /xingrg/kc/buy/cgsh_order_info.html?code=212020121104069 HTTP/1.1" 200 55486
180.174.56.115 - - [11/Dec/2020:09:51:42 +0800] "GET /xingrg/javascript/easyui/themes/default/validatebox.css HTTP/1.1" 404 1104
180.174.56.115 - - [11/Dec/2020:09:51:42 +0800] "POST /xingrg/kc/buy/cgsh_order_operate.html HTTP/1.1" 200 609
114.88.163.87 - - [11/Dec/2020:09:51:48 +0800] "GET /xingrg/check_reg.html?_=1607651503996 HTTP/1.1" 302 -
180.162.223.42 - - [11/Dec/2020:09:51:51 +0800] "GET /xingrg/kc/buy/cgsh_order_operate.html?command=get_materiel&rest_code=00105&code=00101009021&supplier_code=00100024&order_time=2020-12-11 HTTP/1.1" 200 435
180.174.56.115 - - [11/Dec/2020:09:51:52 +0800] "GET /xingrg/kc/print/load_data.html?order_code=212020121104069&kc_code=cgsh&condition= HTTP/1.1" 200 757
101.85.93.83 - - [11/Dec/2020:09:51:52 +0800] "GET /xingrg/kc/buy/cgsh_order_operate.html?command=get_materiel&rest_code=00142&code=00101029003&supplier_code=00100156&order_time=2020-12-11 HTTP/1.1" 200 475
116.228.172.94 - - [11/Dec/2020:09:51:52 +0800] "GET /xingrg/all/function/internal_message.html?_=1607651509038&CODE_STATE=getMsg HTTP/1.1" 200 27
223.167.127.220 - - [11/Dec/2020:09:51:53 +0800] "GET /xingrg/all/function/internal_message.html?_=1607651512878&CODE_STATE=getMsg HTTP/1.1" 302 -
223.167.127.220 - - [11/Dec/2020:09:51:53 +0800] "GET /xingrg/check_reg.html?_=1607651512880 HTTP/1.1" 302 -
120.253.135.82 - - [11/Dec/2020:09:51:53 +0800] "GET /xingrg/all/function/internal_message.html?_=1607651262690&CODE_STATE=getMsg HTTP/1.1" 200 27
101.85.93.83 - - [11/Dec/2020:09:51:53 +0800] "POST /xingrg/all/common/load_select.html HTTP/1.1" 200 25
114.88.159.147 - - [11/Dec/2020:09:51:53 +0800] "GET /xingrg/all/function/internal_message.html?_=1607651085078&CODE_STATE=getMsg HTTP/1.1" 200 27
114.84.32.187 - - [11/Dec/2020:09:51:56 +0800] "GET /xingrg/all/function/internal_message.html?_=1607651543173&CODE_STATE=getMsg HTTP/1.1" 302 -
101.85.93.83 - - [11/Dec/2020:09:51:56 +0800] "GET /xingrg/kc/buy/cgsh_order_operate.html?command=get_materiel_price&rest_code=00142&code=00101029003&unit_code=00100179&supplier_code=00100156&order_time=2020-12-11 HTTP/1.1" 200 29
222.69.133.109 - - [11/Dec/2020:09:52:00 +0800] "GET /xingrg/kc/buy/cgsh_order_operate.html?command=get_materiel&rest_code=00154&code=00101012070&supplier_code=00100417&order_time=2020-12-11 HTTP/1.1" 200 398
114.88.163.87 - - [11/Dec/2020:09:52:00 +0800] "GET /xingrg/all/function/internal_message.html?_=1607651515960&CODE_STATE=getMsg HTTP/1.1" 302 -
180.174.56.115 - - [11/Dec/2020:09:52:04 +0800] "GET /xingrg/kc/buy/cgsh_order_add.html HTTP/1.1" 200 60581
180.174.56.115 - - [11/Dec/2020:09:52:05 +0800] "POST /xingrg/kc/buy/cgsh_order_operate.html HTTP/1.1" 200 8245
180.174.56.115 - - [11/Dec/2020:09:52:05 +0800] "GET /xingrg/javascript/easyui/themes/default/validatebox.css HTTP/1.1" 404 1104
101.85.93.83 - - [11/Dec/2020:09:52:06 +0800] "POST /xingrg/kc/buy/cgsh_order_operate.html HTTP/1.1" 200 37
172.17.200.101 - - [11/Dec/2020:09:52:07 +0800] "GET /xingrg/all/function/internal_message.html?_=1607651528042&CODE_STATE=getMsg HTTP/1.1" 200 27
172.17.200.101 - - [11/Dec/2020:09:52:07 +0800] "GET /xingrg/check_reg.html?_=1607651528045 HTTP/1.1" 200 22
101.85.93.83 - - [11/Dec/2020:09:52:08 +0800] "POST /xingrg/kc/buy/cgsh_order_operate.html HTTP/1.1" 200 8928
172.17.0.100 - - [11/Dec/2020:09:52:09 +0800] "GET /xingrg/all/function/internal_message.html?_=1607651587297&CODE_STATE=getMsg HTTP/1.1" 200 27
180.162.223.42 - - [11/Dec/2020:09:52:11 +0800] "GET /xingrg/kc/buy/cgsh_order_operate.html?command=get_materiel&rest_code=00105&code=00101009011&supplier_code=00100024&order_time=2020-12-11 HTTP/1.1" 200 435
117.185.32.26 - - [11/Dec/2020:09:52:16 +0800] "GET /xingrg/all/function/internal_message.html?_=1607651994299&CODE_STATE=getMsg HTTP/1.1" 200 27
101.83.240.69 - - [11/Dec/2020:09:52:16 +0800] "GET /xingrg/all/function/internal_message.html?_=1607651532229&CODE_STATE=getMsg HTTP/1.1" 200 27
180.162.223.42 - - [11/Dec/2020:09:52:17 +0800] "GET /xingrg/kc/buy/cgsh_order_operate.html?command=get_materiel&rest_code=00105&code=00101009016&supplier_code=00100024&order_time=2020-12-11 HTTP/1.1" 200 431
116.232.52.177 - - [11/Dec/2020:09:52:18 +0800] "GET /xingrg/all/function/internal_message.html?_=1607651540918&CODE_STATE=getMsg HTTP/1.1" 200 27
114.88.159.147 - - [11/Dec/2020:09:52:19 +0800] "GET /xingrg/all/function/internal_message.html?_=1607651542970&CODE_STATE=getMsg HTTP/1.1" 200 27
114.88.163.87 - - [11/Dec/2020:09:52:20 +0800] "GET /xingrg/all/function/internal_message.html?_=1607651669259&CODE_STATE=getMsg HTTP/1.1" 200 27
180.174.56.115 - - [11/Dec/2020:09:52:20 +0800] "GET /xingrg/all/function/internal_message.html?_=1607651540668&CODE_STATE=getMsg HTTP/1.1" 200 27
