180.162.223.42 - - [11/Dec/2020:08:57:33 +0800] "GET /xingrg/all/function/internal_message.html?_=1607648253610&CODE_STATE=getMsg HTTP/1.1" 200 27
180.162.223.42 - - [11/Dec/2020:08:57:35 +0800] "GET /xingrg/all/function/internal_message.html?_=1607648234755&CODE_STATE=getMsg HTTP/1.1" 200 27
180.162.223.42 - - [11/Dec/2020:08:57:36 +0800] "GET /xingrg/kc/buy/cgsh_order_operate.html?command=get_materiel&rest_code=00105&code=00101008357&supplier_code=00100203&order_time=2020-12-11 HTTP/1.1" 200 408
114.88.163.87 - - [11/Dec/2020:08:57:39 +0800] "GET /xingrg/all/function/internal_message.html?_=1607648387826&CODE_STATE=getMsg HTTP/1.1" 200 27
101.85.93.83 - - [11/Dec/2020:08:57:40 +0800] "GET /xingrg/all/function/internal_message.html?_=1607647966985&CODE_STATE=getMsg HTTP/1.1" 200 27
180.174.56.115 - - [11/Dec/2020:08:57:40 +0800] "GET /xingrg/all/function/internal_message.html?_=1607648260616&CODE_STATE=getMsg HTTP/1.1" 200 27
180.162.223.42 - - [11/Dec/2020:08:57:45 +0800] "GET /xingrg/kc/buy/cgsh_order_operate.html?command=get_materiel&rest_code=00105&code=00101008131&supplier_code=00100203&order_time=2020-12-11 HTTP/1.1" 200 408
223.167.127.220 - - [11/Dec/2020:08:57:52 +0800] "GET /xingrg/all/function/internal_message.html?_=1607648272848&CODE_STATE=getMsg HTTP/1.1" 302 -
180.162.223.42 - - [11/Dec/2020:08:57:53 +0800] "GET /xingrg/kc/buy/cgsh_order_operate.html?command=get_materiel&rest_code=00105&code=00101008098&supplier_code=00100203&order_time=2020-12-11 HTTP/1.1" 200 412
114.88.159.147 - - [11/Dec/2020:08:57:53 +0800] "GET /xingrg/all/function/internal_message.html?_=1607647844922&CODE_STATE=getMsg HTTP/1.1" 200 27
114.84.32.187 - - [11/Dec/2020:08:57:55 +0800] "GET /xingrg/all/function/internal_message.html?_=1607648302439&CODE_STATE=getMsg HTTP/1.1" 302 -
114.88.163.87 - - [11/Dec/2020:08:57:59 +0800] "GET /xingrg/all/function/internal_message.html?_=1607648274383&CODE_STATE=getMsg HTTP/1.1" 302 -
180.162.223.42 - - [11/Dec/2020:08:58:04 +0800] "GET /xingrg/kc/buy/cgsh_order_operate.html?command=get_materiel&rest_code=00105&code=00101008353&supplier_code=00100203&order_time=2020-12-11 HTTP/1.1" 200 408
114.84.32.187 - - [11/Dec/2020:08:58:04 +0800] "GET /xingrg/check_reg.html?_=1607648302512 HTTP/1.1" 200 22
172.17.200.101 - - [11/Dec/2020:08:58:07 +0800] "GET /xingrg/all/function/internal_message.html?_=1607648288013&CODE_STATE=getMsg HTTP/1.1" 200 27
180.162.223.42 - - [11/Dec/2020:08:58:11 +0800] "GET /xingrg/kc/buy/cgsh_order_operate.html?command=get_materiel&rest_code=00105&code=00101008213&supplier_code=00100203&order_time=2020-12-11 HTTP/1.1" 200 412
117.185.32.26 - - [11/Dec/2020:08:58:16 +0800] "GET /xingrg/all/function/internal_message.html?_=1607648754078&CODE_STATE=getMsg HTTP/1.1" 200 27
180.162.223.42 - - [11/Dec/2020:08:58:19 +0800] "GET /xingrg/kc/buy/cgsh_order_operate.html?command=get_materiel&rest_code=00105&code=00101008084&supplier_code=00100203&order_time=2020-12-11 HTTP/1.1" 200 412
124.77.237.88 - - [11/Dec/2020:08:58:22 +0800] "POST /xingrg/services/DataTransmitService HTTP/1.1" 200 524
180.162.223.42 - - [11/Dec/2020:08:58:27 +0800] "GET /xingrg/kc/buy/cgsh_order_operate.html?command=get_materiel&rest_code=00105&code=00101010136&supplier_code=00100203&order_time=2020-12-11 HTTP/1.1" 200 408
180.162.223.42 - - [11/Dec/2020:08:58:33 +0800] "POST /xingrg/kc/buy/cgsh_order_operate.html HTTP/1.1" 200 37
180.162.223.42 - - [11/Dec/2020:08:58:34 +0800] "GET /xingrg/all/function/internal_message.html?_=1607648314081&CODE_STATE=getMsg HTTP/1.1" 200 27
180.162.223.42 - - [11/Dec/2020:08:58:34 +0800] "POST /xingrg/kc/buy/cgsh_order_operate.html HTTP/1.1" 200 46421
180.162.223.42 - - [11/Dec/2020:08:58:35 +0800] "GET /xingrg/all/function/internal_message.html?_=1607648294740&CODE_STATE=getMsg HTTP/1.1" 200 27
114.88.163.87 - - [11/Dec/2020:08:58:39 +0800] "GET /xingrg/all/function/internal_message.html?_=1607648447805&CODE_STATE=getMsg HTTP/1.1" 200 27
101.85.93.83 - - [11/Dec/2020:08:58:40 +0800] "GET /xingrg/all/function/internal_message.html?_=1607648026985&CODE_STATE=getMsg HTTP/1.1" 200 27
180.174.56.115 - - [11/Dec/2020:08:58:40 +0800] "GET /xingrg/all/function/internal_message.html?_=1607648320619&CODE_STATE=getMsg HTTP/1.1" 200 27
223.167.127.220 - - [11/Dec/2020:08:58:53 +0800] "GET /xingrg/all/function/internal_message.html?_=1607648332863&CODE_STATE=getMsg HTTP/1.1" 302 -
114.88.159.147 - - [11/Dec/2020:08:58:53 +0800] "GET /xingrg/all/function/internal_message.html?_=1607647904921&CODE_STATE=getMsg HTTP/1.1" 200 27
114.88.159.147 - - [11/Dec/2020:08:58:53 +0800] "GET /xingrg/check_reg.html?_=1607647904923 HTTP/1.1" 200 22
114.84.32.187 - - [11/Dec/2020:08:58:55 +0800] "GET /xingrg/all/function/internal_message.html?_=1607648362446&CODE_STATE=getMsg HTTP/1.1" 302 -
114.88.163.87 - - [11/Dec/2020:08:58:59 +0800] "GET /xingrg/all/function/internal_message.html?_=1607648334434&CODE_STATE=getMsg HTTP/1.1" 302 -
172.17.200.101 - - [11/Dec/2020:08:59:07 +0800] "GET /xingrg/all/function/internal_message.html?_=1607648348014&CODE_STATE=getMsg HTTP/1.1" 200 27
117.185.32.26 - - [11/Dec/2020:08:59:16 +0800] "GET /xingrg/all/function/internal_message.html?_=1607648814082&CODE_STATE=getMsg HTTP/1.1" 200 27
117.185.32.26 - - [11/Dec/2020:08:59:16 +0800] "GET /xingrg/check_reg.html?_=1607648814089 HTTP/1.1" 200 22
180.162.223.42 - - [11/Dec/2020:08:59:34 +0800] "GET /xingrg/all/function/internal_message.html?_=1607648374060&CODE_STATE=getMsg HTTP/1.1" 200 27
180.162.223.42 - - [11/Dec/2020:08:59:35 +0800] "GET /xingrg/all/function/internal_message.html?_=1607648354755&CODE_STATE=getMsg HTTP/1.1" 200 27
114.88.163.87 - - [11/Dec/2020:08:59:39 +0800] "GET /xingrg/all/function/internal_message.html?_=1607648507781&CODE_STATE=getMsg HTTP/1.1" 200 27
114.88.163.87 - - [11/Dec/2020:08:59:39 +0800] "GET /xingrg/check_reg.html?_=1607648508620 HTTP/1.1" 200 22
101.85.93.83 - - [11/Dec/2020:08:59:40 +0800] "GET /xingrg/all/function/internal_message.html?_=1607648086985&CODE_STATE=getMsg HTTP/1.1" 200 27
180.174.56.115 - - [11/Dec/2020:08:59:40 +0800] "GET /xingrg/all/function/internal_message.html?_=1607648380640&CODE_STATE=getMsg HTTP/1.1" 200 27
223.167.127.220 - - [11/Dec/2020:08:59:52 +0800] "GET /xingrg/all/function/internal_message.html?_=1607648392849&CODE_STATE=getMsg HTTP/1.1" 302 -
114.88.159.147 - - [11/Dec/2020:08:59:53 +0800] "GET /xingrg/all/function/internal_message.html?_=1607647964920&CODE_STATE=getMsg HTTP/1.1" 200 27
114.84.32.187 - - [11/Dec/2020:08:59:55 +0800] "GET /xingrg/all/function/internal_message.html?_=1607648422467&CODE_STATE=getMsg HTTP/1.1" 302 -
114.88.163.87 - - [11/Dec/2020:08:59:59 +0800] "GET /xingrg/all/function/internal_message.html?_=1607648394443&CODE_STATE=getMsg HTTP/1.1" 302 -
180.162.223.42 - - [11/Dec/2020:09:00:05 +0800] "POST /xingrg/kc/buy/cgsh_order_operate.html HTTP/1.1" 200 37
180.162.223.42 - - [11/Dec/2020:09:00:06 +0800] "POST /xingrg/kc/buy/cgsh_order_operate.html HTTP/1.1" 200 46421
172.17.200.101 - - [11/Dec/2020:09:00:07 +0800] "GET /xingrg/all/function/internal_message.html?_=1607648408016&CODE_STATE=getMsg HTTP/1.1" 200 27
117.185.32.26 - - [11/Dec/2020:09:00:16 +0800] "GET /xingrg/all/function/internal_message.html?_=1607648874087&CODE_STATE=getMsg HTTP/1.1" 200 27
180.162.223.42 - - [11/Dec/2020:09:00:34 +0800] "GET /xingrg/all/function/internal_message.html?_=1607648434035&CODE_STATE=getMsg HTTP/1.1" 200 27
180.162.223.42 - - [11/Dec/2020:09:00:35 +0800] "GET /xingrg/all/function/internal_message.html?_=1607648414754&CODE_STATE=getMsg HTTP/1.1" 200 27
114.88.163.87 - - [11/Dec/2020:09:00:39 +0800] "GET /xingrg/all/function/internal_message.html?_=1607648567749&CODE_STATE=getMsg HTTP/1.1" 200 27
101.85.93.83 - - [11/Dec/2020:09:00:40 +0800] "GET /xingrg/check_reg.html?_=1607648146988 HTTP/1.1" 200 22
101.85.93.83 - - [11/Dec/2020:09:00:40 +0800] "GET /xingrg/all/function/internal_message.html?_=1607648146985&CODE_STATE=getMsg HTTP/1.1" 200 27
180.174.56.115 - - [11/Dec/2020:09:00:40 +0800] "GET /xingrg/all/function/internal_message.html?_=1607648440623&CODE_STATE=getMsg HTTP/1.1" 200 27
223.167.127.220 - - [11/Dec/2020:09:00:52 +0800] "GET /xingrg/all/function/internal_message.html?_=1607648452856&CODE_STATE=getMsg HTTP/1.1" 302 -
114.88.159.147 - - [11/Dec/2020:09:00:53 +0800] "GET /xingrg/all/function/internal_message.html?_=1607648024951&CODE_STATE=getMsg HTTP/1.1" 200 27
114.84.32.187 - - [11/Dec/2020:09:00:55 +0800] "GET /xingrg/all/function/internal_message.html?_=1607648482473&CODE_STATE=getMsg HTTP/1.1" 302 -
180.152.104.37 - - [11/Dec/2020:09:00:57 +0800] "POST /xingrg/services/DataTransmitService HTTP/1.1" 200 524
114.88.163.87 - - [11/Dec/2020:09:00:59 +0800] "GET /xingrg/all/function/internal_message.html?_=1607648454492&CODE_STATE=getMsg HTTP/1.1" 302 -
172.17.200.101 - - [11/Dec/2020:09:01:07 +0800] "GET /xingrg/all/function/internal_message.html?_=1607648468018&CODE_STATE=getMsg HTTP/1.1" 200 27
117.185.32.26 - - [11/Dec/2020:09:01:16 +0800] "GET /xingrg/all/function/internal_message.html?_=1607648934087&CODE_STATE=getMsg HTTP/1.1" 200 27
180.162.223.42 - - [11/Dec/2020:09:01:33 +0800] "GET /xingrg/check_reg.html?_=1607648493485 HTTP/1.1" 200 22
180.162.223.42 - - [11/Dec/2020:09:01:33 +0800] "GET /xingrg/all/function/internal_message.html?_=1607648494010&CODE_STATE=getMsg HTTP/1.1" 200 27
180.162.223.42 - - [11/Dec/2020:09:01:35 +0800] "GET /xingrg/check_reg.html?_=1607648474755 HTTP/1.1" 200 22
180.162.223.42 - - [11/Dec/2020:09:01:35 +0800] "GET /xingrg/all/function/internal_message.html?_=1607648474757&CODE_STATE=getMsg HTTP/1.1" 200 27
114.88.163.87 - - [11/Dec/2020:09:01:39 +0800] "GET /xingrg/all/function/internal_message.html?_=1607648627728&CODE_STATE=getMsg HTTP/1.1" 200 27
101.85.93.83 - - [11/Dec/2020:09:01:40 +0800] "GET /xingrg/all/function/internal_message.html?_=1607648206988&CODE_STATE=getMsg HTTP/1.1" 200 27
180.174.56.115 - - [11/Dec/2020:09:01:40 +0800] "GET /xingrg/all/function/internal_message.html?_=1607648500625&CODE_STATE=getMsg HTTP/1.1" 200 27
180.174.56.115 - - [11/Dec/2020:09:01:40 +0800] "GET /xingrg/check_reg.html?_=1607648500635 HTTP/1.1" 200 22
114.84.32.187 - - [11/Dec/2020:09:01:41 +0800] "GET /xingrg/check_reg.html?_=1607648528610 HTTP/1.1" 302 -
114.88.163.87 - - [11/Dec/2020:09:01:48 +0800] "GET /xingrg/check_reg.html?_=1607648503751 HTTP/1.1" 302 -
223.167.127.220 - - [11/Dec/2020:09:01:52 +0800] "GET /xingrg/check_reg.html?_=1607648512855 HTTP/1.1" 302 -
223.167.127.220 - - [11/Dec/2020:09:01:53 +0800] "GET /xingrg/all/function/internal_message.html?_=1607648512859&CODE_STATE=getMsg HTTP/1.1" 302 -
114.88.159.147 - - [11/Dec/2020:09:01:53 +0800] "GET /xingrg/all/function/internal_message.html?_=1607648084955&CODE_STATE=getMsg HTTP/1.1" 200 27
114.84.32.187 - - [11/Dec/2020:09:01:55 +0800] "GET /xingrg/all/function/internal_message.html?_=1607648542493&CODE_STATE=getMsg HTTP/1.1" 302 -
114.88.163.87 - - [11/Dec/2020:09:01:59 +0800] "GET /xingrg/all/function/internal_message.html?_=1607648514499&CODE_STATE=getMsg HTTP/1.1" 302 -
172.17.200.101 - - [11/Dec/2020:09:02:07 +0800] "GET /xingrg/check_reg.html?_=1607648528010 HTTP/1.1" 200 22
172.17.200.101 - - [11/Dec/2020:09:02:07 +0800] "GET /xingrg/all/function/internal_message.html?_=1607648528013&CODE_STATE=getMsg HTTP/1.1" 200 27
117.185.32.26 - - [11/Dec/2020:09:02:16 +0800] "GET /xingrg/all/function/internal_message.html?_=1607648994114&CODE_STATE=getMsg HTTP/1.1" 200 27
180.162.223.42 - - [11/Dec/2020:09:02:33 +0800] "GET /xingrg/all/function/internal_message.html?_=1607648553989&CODE_STATE=getMsg HTTP/1.1" 200 27
180.162.223.42 - - [11/Dec/2020:09:02:35 +0800] "GET /xingrg/all/function/internal_message.html?_=1607648534742&CODE_STATE=getMsg HTTP/1.1" 200 27
114.88.163.87 - - [11/Dec/2020:09:02:38 +0800] "GET /xingrg/all/function/internal_message.html?_=1607648687707&CODE_STATE=getMsg HTTP/1.1" 200 27
101.85.93.83 - - [11/Dec/2020:09:02:40 +0800] "GET /xingrg/all/function/internal_message.html?_=1607648266989&CODE_STATE=getMsg HTTP/1.1" 200 27
180.174.56.115 - - [11/Dec/2020:09:02:40 +0800] "GET /xingrg/all/function/internal_message.html?_=1607648560635&CODE_STATE=getMsg HTTP/1.1" 200 27
114.88.163.87 - - [11/Dec/2020:09:02:46 +0800] "GET /xingrg/kc/buy/cgsh_order_add.html HTTP/1.1" 200 60939
114.88.163.87 - - [11/Dec/2020:09:02:46 +0800] "POST /xingrg/kc/buy/cgsh_order_operate.html HTTP/1.1" 200 8245
114.88.163.87 - - [11/Dec/2020:09:02:46 +0800] "GET /xingrg/javascript/easyui/themes/default/validatebox.css HTTP/1.1" 404 1104
223.167.127.220 - - [11/Dec/2020:09:02:53 +0800] "GET /xingrg/all/function/internal_message.html?_=1607648572858&CODE_STATE=getMsg HTTP/1.1" 302 -
114.88.159.147 - - [11/Dec/2020:09:02:53 +0800] "GET /xingrg/all/function/internal_message.html?_=1607648144953&CODE_STATE=getMsg HTTP/1.1" 200 27
114.84.32.187 - - [11/Dec/2020:09:02:55 +0800] "GET /xingrg/all/function/internal_message.html?_=1607648602500&CODE_STATE=getMsg HTTP/1.1" 302 -
114.88.163.87 - - [11/Dec/2020:09:02:59 +0800] "GET /xingrg/all/function/internal_message.html?_=1607648574548&CODE_STATE=getMsg HTTP/1.1" 302 -
114.88.163.87 - - [11/Dec/2020:09:02:59 +0800] "GET /xingrg/kc/buy/cgsh_order_operate.html?command=get_materiel&rest_code=00111&code=00101006168&supplier_code=00100012&order_time=2020-12-11 HTTP/1.1" 200 421
114.84.32.187 - - [11/Dec/2020:09:03:04 +0800] "GET /xingrg/check_reg.html?_=1607648602516 HTTP/1.1" 200 22
114.88.163.87 - - [11/Dec/2020:09:03:05 +0800] "GET /xingrg/kc/buy/cgsh_order_operate.html?command=get_materiel&rest_code=00111&code=00101006129&supplier_code=00100012&order_time=2020-12-11 HTTP/1.1" 200 431
172.17.200.101 - - [11/Dec/2020:09:03:07 +0800] "GET /xingrg/all/function/internal_message.html?_=1607648588015&CODE_STATE=getMsg HTTP/1.1" 200 27
114.88.163.87 - - [11/Dec/2020:09:03:14 +0800] "GET /xingrg/kc/buy/cgsh_order_operate.html?command=get_materiel&rest_code=00111&code=00101006112&supplier_code=00100012&order_time=2020-12-11 HTTP/1.1" 200 409
117.185.32.26 - - [11/Dec/2020:09:03:16 +0800] "GET /xingrg/all/function/internal_message.html?_=1607649054113&CODE_STATE=getMsg HTTP/1.1" 200 27
114.88.163.87 - - [11/Dec/2020:09:03:22 +0800] "GET /xingrg/kc/buy/cgsh_order_operate.html?command=get_materiel&rest_code=00111&code=00101006056&supplier_code=00100012&order_time=2020-12-11 HTTP/1.1" 200 413
114.88.163.87 - - [11/Dec/2020:09:03:30 +0800] "GET /xingrg/kc/buy/cgsh_order_operate.html?command=get_materiel&rest_code=00111&code=00101006136&supplier_code=00100012&order_time=2020-12-11 HTTP/1.1" 200 417
180.162.223.42 - - [11/Dec/2020:09:03:33 +0800] "GET /xingrg/all/function/internal_message.html?_=1607648613970&CODE_STATE=getMsg HTTP/1.1" 200 27
180.162.223.42 - - [11/Dec/2020:09:03:35 +0800] "GET /xingrg/all/function/internal_message.html?_=1607648594741&CODE_STATE=getMsg HTTP/1.1" 200 27
114.88.163.87 - - [11/Dec/2020:09:03:38 +0800] "GET /xingrg/kc/buy/cgsh_order_operate.html?command=get_materiel&rest_code=00111&code=00101006113&supplier_code=00100012&order_time=2020-12-11 HTTP/1.1" 200 413
114.88.163.87 - - [11/Dec/2020:09:03:38 +0800] "GET /xingrg/all/function/internal_message.html?_=1607648747687&CODE_STATE=getMsg HTTP/1.1" 200 27
101.85.93.83 - - [11/Dec/2020:09:03:40 +0800] "GET /xingrg/all/function/internal_message.html?_=1607648326989&CODE_STATE=getMsg HTTP/1.1" 200 27
180.174.56.115 - - [11/Dec/2020:09:03:40 +0800] "GET /xingrg/all/function/internal_message.html?_=1607648620638&CODE_STATE=getMsg HTTP/1.1" 200 27
114.88.163.87 - - [11/Dec/2020:09:03:50 +0800] "GET /xingrg/kc/buy/cgsh_order_operate.html?command=get_materiel&rest_code=00111&code=00101006025&supplier_code=00100012&order_time=2020-12-11 HTTP/1.1" 200 417
223.167.127.220 - - [11/Dec/2020:09:03:53 +0800] "GET /xingrg/all/function/internal_message.html?_=1607648632860&CODE_STATE=getMsg HTTP/1.1" 302 -
114.88.159.147 - - [11/Dec/2020:09:03:53 +0800] "GET /xingrg/check_reg.html?_=1607648204954 HTTP/1.1" 200 22
114.88.159.147 - - [11/Dec/2020:09:03:53 +0800] "GET /xingrg/all/function/internal_message.html?_=1607648204955&CODE_STATE=getMsg HTTP/1.1" 200 27
114.84.32.187 - - [11/Dec/2020:09:03:55 +0800] "GET /xingrg/all/function/internal_message.html?_=1607648662522&CODE_STATE=getMsg HTTP/1.1" 302 -
114.88.163.87 - - [11/Dec/2020:09:03:59 +0800] "GET /xingrg/all/function/internal_message.html?_=1607648634559&CODE_STATE=getMsg HTTP/1.1" 302 -
114.88.163.87 - - [11/Dec/2020:09:04:02 +0800] "GET /xingrg/kc/buy/cgsh_order_operate.html?command=get_materiel&rest_code=00111&code=00101006011&supplier_code=00100012&order_time=2020-12-11 HTTP/1.1" 200 409
172.17.200.101 - - [11/Dec/2020:09:04:07 +0800] "GET /xingrg/all/function/internal_message.html?_=1607648648017&CODE_STATE=getMsg HTTP/1.1" 200 27
117.185.32.26 - - [11/Dec/2020:09:04:16 +0800] "GET /xingrg/all/function/internal_message.html?_=1607649114113&CODE_STATE=getMsg HTTP/1.1" 200 27
117.185.32.26 - - [11/Dec/2020:09:04:16 +0800] "GET /xingrg/check_reg.html?_=1607649114117 HTTP/1.1" 200 22
180.162.223.42 - - [11/Dec/2020:09:04:33 +0800] "GET /xingrg/all/function/internal_message.html?_=1607648673940&CODE_STATE=getMsg HTTP/1.1" 200 27
180.162.223.42 - - [11/Dec/2020:09:04:35 +0800] "GET /xingrg/all/function/internal_message.html?_=1607648654740&CODE_STATE=getMsg HTTP/1.1" 200 27
114.88.163.87 - - [11/Dec/2020:09:04:38 +0800] "GET /xingrg/all/function/internal_message.html?_=1607648807690&CODE_STATE=getMsg HTTP/1.1" 200 27
114.88.163.87 - - [11/Dec/2020:09:04:39 +0800] "GET /xingrg/check_reg.html?_=1607648808607 HTTP/1.1" 200 22
101.85.93.83 - - [11/Dec/2020:09:04:40 +0800] "GET /xingrg/all/function/internal_message.html?_=1607648386989&CODE_STATE=getMsg HTTP/1.1" 200 27
180.174.56.115 - - [11/Dec/2020:09:04:40 +0800] "GET /xingrg/all/function/internal_message.html?_=1607648680631&CODE_STATE=getMsg HTTP/1.1" 200 27
223.167.127.220 - - [11/Dec/2020:09:04:53 +0800] "GET /xingrg/all/function/internal_message.html?_=1607648692862&CODE_STATE=getMsg HTTP/1.1" 302 -
114.88.159.147 - - [11/Dec/2020:09:04:53 +0800] "GET /xingrg/all/function/internal_message.html?_=1607648264953&CODE_STATE=getMsg HTTP/1.1" 200 27
114.84.32.187 - - [11/Dec/2020:09:04:55 +0800] "GET /xingrg/all/function/internal_message.html?_=1607648722527&CODE_STATE=getMsg HTTP/1.1" 302 -
114.88.163.87 - - [11/Dec/2020:09:04:59 +0800] "GET /xingrg/all/function/internal_message.html?_=1607648694611&CODE_STATE=getMsg HTTP/1.1" 302 -
117.131.5.26 - - [11/Dec/2020:09:05:04 +0800] "POST /xingrg/services/DataTransmitService HTTP/1.1" 200 524
117.185.32.26 - - [11/Dec/2020:09:05:05 +0800] "POST /xingrg/services/DataTransmitService HTTP/1.1" 200 524
172.17.200.101 - - [11/Dec/2020:09:05:07 +0800] "GET /xingrg/all/function/internal_message.html?_=1607648708018&CODE_STATE=getMsg HTTP/1.1" 200 27
114.88.163.87 - - [11/Dec/2020:09:05:15 +0800] "POST /xingrg/all/common/load_select.html HTTP/1.1" 200 12
117.185.32.26 - - [11/Dec/2020:09:05:16 +0800] "GET /xingrg/all/function/internal_message.html?_=1607649174101&CODE_STATE=getMsg HTTP/1.1" 200 27
114.88.163.87 - - [11/Dec/2020:09:05:24 +0800] "GET /xingrg/kc/buy/cgsh_order_operate.html?command=get_materiel_price&rest_code=00111&code=00101006025&unit_code=00100001&supplier_code=00100012&order_time=2020-12-11 HTTP/1.1" 200 28
180.162.223.42 - - [11/Dec/2020:09:05:33 +0800] "GET /xingrg/all/function/internal_message.html?_=1607648733910&CODE_STATE=getMsg HTTP/1.1" 200 27
180.162.223.42 - - [11/Dec/2020:09:05:35 +0800] "GET /xingrg/all/function/internal_message.html?_=1607648714755&CODE_STATE=getMsg HTTP/1.1" 200 27
114.88.163.87 - - [11/Dec/2020:09:05:38 +0800] "GET /xingrg/all/function/internal_message.html?_=1607648867632&CODE_STATE=getMsg HTTP/1.1" 200 27
101.85.93.83 - - [11/Dec/2020:09:05:40 +0800] "GET /xingrg/check_reg.html?_=1607648446988 HTTP/1.1" 200 22
101.85.93.83 - - [11/Dec/2020:09:05:40 +0800] "GET /xingrg/all/function/internal_message.html?_=1607648446991&CODE_STATE=getMsg HTTP/1.1" 200 27
180.174.56.115 - - [11/Dec/2020:09:05:40 +0800] "GET /xingrg/all/function/internal_message.html?_=1607648740628&CODE_STATE=getMsg HTTP/1.1" 200 27
223.167.127.220 - - [11/Dec/2020:09:05:52 +0800] "GET /xingrg/all/function/internal_message.html?_=1607648752848&CODE_STATE=getMsg HTTP/1.1" 302 -
114.88.159.147 - - [11/Dec/2020:09:05:53 +0800] "GET /xingrg/all/function/internal_message.html?_=1607648324953&CODE_STATE=getMsg HTTP/1.1" 200 27
114.84.32.187 - - [11/Dec/2020:09:05:55 +0800] "GET /xingrg/all/function/internal_message.html?_=1607648782549&CODE_STATE=getMsg HTTP/1.1" 302 -
114.88.163.87 - - [11/Dec/2020:09:05:59 +0800] "GET /xingrg/all/function/internal_message.html?_=1607648754617&CODE_STATE=getMsg HTTP/1.1" 302 -
114.88.163.87 - - [11/Dec/2020:09:05:59 +0800] "GET /xingrg/login.html HTTP/1.1" 200 7641
172.17.200.101 - - [11/Dec/2020:09:06:07 +0800] "GET /xingrg/all/function/internal_message.html?_=1607648768020&CODE_STATE=getMsg HTTP/1.1" 200 27
180.162.223.42 - - [11/Dec/2020:09:06:10 +0800] "POST /xingrg/kc/buy/cgsh_order_operate.html HTTP/1.1" 200 37
180.162.223.42 - - [11/Dec/2020:09:06:12 +0800] "POST /xingrg/kc/buy/cgsh_order_operate.html HTTP/1.1" 200 46421
180.162.223.42 - - [11/Dec/2020:09:06:13 +0800] "GET /xingrg/kc/buy/cgsh_order_add.html HTTP/1.1" 200 60986
180.162.223.42 - - [11/Dec/2020:09:06:14 +0800] "GET /xingrg/javascript/easyui/themes/default/validatebox.css HTTP/1.1" 404 1104
180.162.223.42 - - [11/Dec/2020:09:06:14 +0800] "POST /xingrg/kc/buy/cgsh_order_operate.html HTTP/1.1" 200 8245
117.185.32.26 - - [11/Dec/2020:09:06:16 +0800] "GET /xingrg/all/function/internal_message.html?_=1607649234114&CODE_STATE=getMsg HTTP/1.1" 200 27
180.162.223.42 - - [11/Dec/2020:09:06:25 +0800] "GET /xingrg/kc/buy/cgsh_order_operate.html?command=get_materiel&rest_code=00105&code=00101012033&supplier_code=00100034&order_time=2020-12-11 HTTP/1.1" 200 426
180.162.223.42 - - [11/Dec/2020:09:06:33 +0800] "GET /xingrg/check_reg.html?_=1607648793527 HTTP/1.1" 200 22
180.162.223.42 - - [11/Dec/2020:09:06:33 +0800] "GET /xingrg/all/function/internal_message.html?_=1607648793904&CODE_STATE=getMsg HTTP/1.1" 200 27
114.88.163.87 - - [11/Dec/2020:09:06:35 +0800] "GET /xingrg/kc/buy/cgsh_order_operate.html?command=get_materiel&rest_code=00111&code=00101006055&supplier_code=00100012&order_time=2020-12-11 HTTP/1.1" 200 409
180.162.223.42 - - [11/Dec/2020:09:06:35 +0800] "GET /xingrg/check_reg.html?_=1607648774753 HTTP/1.1" 200 22
180.162.223.42 - - [11/Dec/2020:09:06:35 +0800] "GET /xingrg/all/function/internal_message.html?_=1607648774756&CODE_STATE=getMsg HTTP/1.1" 200 27
114.88.163.87 - - [11/Dec/2020:09:06:38 +0800] "GET /xingrg/all/function/internal_message.html?_=1607648927601&CODE_STATE=getMsg HTTP/1.1" 200 27
101.85.93.83 - - [11/Dec/2020:09:06:40 +0800] "GET /xingrg/all/function/internal_message.html?_=1607648506991&CODE_STATE=getMsg HTTP/1.1" 200 27
180.174.56.115 - - [11/Dec/2020:09:06:40 +0800] "GET /xingrg/all/function/internal_message.html?_=1607648800645&CODE_STATE=getMsg HTTP/1.1" 200 27
180.174.56.115 - - [11/Dec/2020:09:06:40 +0800] "GET /xingrg/check_reg.html?_=1607648800646 HTTP/1.1" 200 22
114.88.163.87 - - [11/Dec/2020:09:06:41 +0800] "GET /xingrg/kc/buy/cgsh_order_operate.html?command=get_materiel&rest_code=00111&code=00101006065&supplier_code=00100012&order_time=2020-12-11 HTTP/1.1" 200 409
114.84.32.187 - - [11/Dec/2020:09:06:41 +0800] "GET /xingrg/check_reg.html?_=1607648828610 HTTP/1.1" 302 -
180.162.223.42 - - [11/Dec/2020:09:06:47 +0800] "GET /xingrg/kc/buy/cgsh_order_operate.html?command=get_materiel&rest_code=00105&code=00101016030&supplier_code=00100034&order_time=2020-12-11 HTTP/1.1" 200 412
114.88.163.87 - - [11/Dec/2020:09:06:48 +0800] "GET /xingrg/check_reg.html?_=1607648803802 HTTP/1.1" 302 -
114.88.163.87 - - [11/Dec/2020:09:06:49 +0800] "GET /xingrg/kc/buy/cgsh_order_operate.html?command=get_materiel&rest_code=00111&code=00101006027&supplier_code=00100012&order_time=2020-12-11 HTTP/1.1" 200 409
223.167.127.220 - - [11/Dec/2020:09:06:52 +0800] "GET /xingrg/all/function/internal_message.html?_=1607648812847&CODE_STATE=getMsg HTTP/1.1" 302 -
223.167.127.220 - - [11/Dec/2020:09:06:52 +0800] "GET /xingrg/check_reg.html?_=1607648812849 HTTP/1.1" 302 -
114.88.159.147 - - [11/Dec/2020:09:06:53 +0800] "GET /xingrg/all/function/internal_message.html?_=1607648384950&CODE_STATE=getMsg HTTP/1.1" 200 27
114.84.32.187 - - [11/Dec/2020:09:06:55 +0800] "GET /xingrg/all/function/internal_message.html?_=1607648842554&CODE_STATE=getMsg HTTP/1.1" 302 -
180.162.223.42 - - [11/Dec/2020:09:06:57 +0800] "POST /xingrg/kc/buy/cgsh_order_operate.html HTTP/1.1" 200 37
180.162.223.42 - - [11/Dec/2020:09:06:58 +0800] "POST /xingrg/kc/buy/cgsh_order_operate.html HTTP/1.1" 200 3254
114.88.163.87 - - [11/Dec/2020:09:06:59 +0800] "GET /xingrg/all/function/internal_message.html?_=1607648814666&CODE_STATE=getMsg HTTP/1.1" 302 -
180.162.223.42 - - [11/Dec/2020:09:07:00 +0800] "GET /xingrg/kc/print/load_config.html?kc_code=cgsh HTTP/1.1" 200 1845
180.162.223.42 - - [11/Dec/2020:09:07:00 +0800] "GET /xingrg/kc/print/load_data.html?order_code=212020121104033&kc_code=cgsh&condition= HTTP/1.1" 200 939
114.88.163.87 - - [11/Dec/2020:09:07:03 +0800] "POST /xingrg/kc/buy/cgsh_order_operate.html HTTP/1.1" 200 37
180.162.223.42 - - [11/Dec/2020:09:07:03 +0800] "GET /xingrg/kc/buy/cgsh_order_add.html HTTP/1.1" 200 60986
180.162.223.42 - - [11/Dec/2020:09:07:04 +0800] "POST /xingrg/kc/buy/cgsh_order_operate.html HTTP/1.1" 200 8245
180.162.223.42 - - [11/Dec/2020:09:07:04 +0800] "GET /xingrg/javascript/easyui/themes/default/validatebox.css HTTP/1.1" 404 1104
114.88.163.87 - - [11/Dec/2020:09:07:05 +0800] "POST /xingrg/kc/buy/cgsh_order_operate.html HTTP/1.1" 200 8012
114.88.163.87 - - [11/Dec/2020:09:07:06 +0800] "GET /xingrg/kc/print/load_data.html?order_code=212020121104034&kc_code=cgsh&condition= HTTP/1.1" 200 2816
172.17.200.101 - - [11/Dec/2020:09:07:07 +0800] "GET /xingrg/check_reg.html?_=1607648828021 HTTP/1.1" 200 22
172.17.200.101 - - [11/Dec/2020:09:07:07 +0800] "GET /xingrg/all/function/internal_message.html?_=1607648828027&CODE_STATE=getMsg HTTP/1.1" 200 27
117.185.32.26 - - [11/Dec/2020:09:07:16 +0800] "GET /xingrg/all/function/internal_message.html?_=1607649294113&CODE_STATE=getMsg HTTP/1.1" 200 27
180.162.223.42 - - [11/Dec/2020:09:07:33 +0800] "GET /xingrg/all/function/internal_message.html?_=1607648853895&CODE_STATE=getMsg HTTP/1.1" 200 27
180.162.223.42 - - [11/Dec/2020:09:07:35 +0800] "GET /xingrg/all/function/internal_message.html?_=1607648834741&CODE_STATE=getMsg HTTP/1.1" 200 27
114.88.163.87 - - [11/Dec/2020:09:07:38 +0800] "GET /xingrg/all/function/internal_message.html?_=1607648987572&CODE_STATE=getMsg HTTP/1.1" 200 27
101.85.93.83 - - [11/Dec/2020:09:07:40 +0800] "GET /xingrg/all/function/internal_message.html?_=1607648566990&CODE_STATE=getMsg HTTP/1.1" 200 27
180.174.56.115 - - [11/Dec/2020:09:07:40 +0800] "GET /xingrg/all/function/internal_message.html?_=1607648860644&CODE_STATE=getMsg HTTP/1.1" 200 27
180.174.56.115 - - [11/Dec/2020:09:07:51 +0800] "POST /xingrg/services/DataTransmitService HTTP/1.1" 200 524
223.167.127.220 - - [11/Dec/2020:09:07:52 +0800] "GET /xingrg/all/function/internal_message.html?_=1607648872847&CODE_STATE=getMsg HTTP/1.1" 302 -
114.88.159.147 - - [11/Dec/2020:09:07:53 +0800] "GET /xingrg/all/function/internal_message.html?_=1607648444949&CODE_STATE=getMsg HTTP/1.1" 200 27
114.84.32.187 - - [11/Dec/2020:09:07:55 +0800] "GET /xingrg/all/function/internal_message.html?_=1607648902576&CODE_STATE=getMsg HTTP/1.1" 302 -
114.88.163.87 - - [11/Dec/2020:09:07:59 +0800] "GET /xingrg/all/function/internal_message.html?_=1607648874675&CODE_STATE=getMsg HTTP/1.1" 302 -
114.84.32.187 - - [11/Dec/2020:09:08:04 +0800] "GET /xingrg/check_reg.html?_=1607648902527 HTTP/1.1" 200 22
172.17.200.101 - - [11/Dec/2020:09:08:07 +0800] "GET /xingrg/all/function/internal_message.html?_=1607648888013&CODE_STATE=getMsg HTTP/1.1" 200 27
117.185.32.26 - - [11/Dec/2020:09:08:16 +0800] "GET /xingrg/all/function/internal_message.html?_=1607649354100&CODE_STATE=getMsg HTTP/1.1" 200 27
180.162.223.42 - - [11/Dec/2020:09:08:17 +0800] "GET /xingrg/kc/buy/cgsh_order_operate.html?command=get_materiel&rest_code=00105&code=00101007061&supplier_code=00100002&order_time=2020-12-11 HTTP/1.1" 200 409
180.162.223.42 - - [11/Dec/2020:09:08:33 +0800] "GET /xingrg/all/function/internal_message.html?_=1607648913880&CODE_STATE=getMsg HTTP/1.1" 200 27
180.162.223.42 - - [11/Dec/2020:09:08:35 +0800] "GET /xingrg/all/function/internal_message.html?_=1607648894740&CODE_STATE=getMsg HTTP/1.1" 200 27
114.88.163.87 - - [11/Dec/2020:09:08:38 +0800] "GET /xingrg/all/function/internal_message.html?_=1607649047542&CODE_STATE=getMsg HTTP/1.1" 200 27
101.85.93.83 - - [11/Dec/2020:09:08:40 +0800] "GET /xingrg/all/function/internal_message.html?_=1607648626993&CODE_STATE=getMsg HTTP/1.1" 200 27
180.174.56.115 - - [11/Dec/2020:09:08:40 +0800] "GET /xingrg/all/function/internal_message.html?_=1607648920639&CODE_STATE=getMsg HTTP/1.1" 200 27
223.167.127.220 - - [11/Dec/2020:09:08:53 +0800] "GET /xingrg/all/function/internal_message.html?_=1607648932862&CODE_STATE=getMsg HTTP/1.1" 302 -
114.88.159.147 - - [11/Dec/2020:09:08:53 +0800] "GET /xingrg/all/function/internal_message.html?_=1607648504956&CODE_STATE=getMsg HTTP/1.1" 200 27
114.88.159.147 - - [11/Dec/2020:09:08:53 +0800] "GET /xingrg/check_reg.html?_=1607648504959 HTTP/1.1" 200 22
114.84.32.187 - - [11/Dec/2020:09:08:55 +0800] "GET /xingrg/all/function/internal_message.html?_=1607648962582&CODE_STATE=getMsg HTTP/1.1" 302 -
114.88.163.87 - - [11/Dec/2020:09:08:59 +0800] "GET /xingrg/all/function/internal_message.html?_=1607648934725&CODE_STATE=getMsg HTTP/1.1" 302 -
172.17.200.101 - - [11/Dec/2020:09:09:07 +0800] "GET /xingrg/all/function/internal_message.html?_=1607648948013&CODE_STATE=getMsg HTTP/1.1" 200 27
180.162.223.42 - - [11/Dec/2020:09:09:08 +0800] "GET /xingrg/kc/buy/cgsh_order_operate.html?command=get_materiel&rest_code=00105&code=00101006166&supplier_code=00100002&order_time=2020-12-11 HTTP/1.1" 200 421
117.185.32.26 - - [11/Dec/2020:09:09:16 +0800] "GET /xingrg/all/function/internal_message.html?_=1607649414131&CODE_STATE=getMsg HTTP/1.1" 200 27
117.185.32.26 - - [11/Dec/2020:09:09:16 +0800] "GET /xingrg/check_reg.html?_=1607649414133 HTTP/1.1" 200 22
180.162.223.42 - - [11/Dec/2020:09:09:25 +0800] "GET /xingrg/kc/buy/cgsh_order_operate.html?command=get_materiel&rest_code=00105&code=00101007031&supplier_code=00100002&order_time=2020-12-11 HTTP/1.1" 200 413
222.69.133.109 - - [11/Dec/2020:09:09:29 +0800] "GET /xingrg/login.html HTTP/1.1" 200 7641
222.69.133.109 - - [11/Dec/2020:09:09:30 +0800] "GET /favicon.ico HTTP/1.1" 404 -
180.162.223.42 - - [11/Dec/2020:09:09:33 +0800] "GET /xingrg/all/function/internal_message.html?_=1607648973840&CODE_STATE=getMsg HTTP/1.1" 200 27
180.162.223.42 - - [11/Dec/2020:09:09:35 +0800] "GET /xingrg/all/function/internal_message.html?_=1607648954740&CODE_STATE=getMsg HTTP/1.1" 200 27
114.88.163.87 - - [11/Dec/2020:09:09:38 +0800] "GET /xingrg/all/function/internal_message.html?_=1607649107510&CODE_STATE=getMsg HTTP/1.1" 200 27
114.88.163.87 - - [11/Dec/2020:09:09:39 +0800] "GET /xingrg/check_reg.html?_=1607649108591 HTTP/1.1" 200 22
101.85.93.83 - - [11/Dec/2020:09:09:40 +0800] "GET /xingrg/all/function/internal_message.html?_=1607648686995&CODE_STATE=getMsg HTTP/1.1" 200 27
222.69.133.109 - - [11/Dec/2020:09:09:40 +0800] "POST /xingrg/login.do HTTP/1.1" 302 -
222.69.133.109 - - [11/Dec/2020:09:09:40 +0800] "GET /xingrg/index.html?sysBaseUrl=http%3A%2F%2F180.169.147.146%3A18081%2Fxingrg%2F&costTime=125×tamp=1607648980781 HTTP/1.1" 200 17179
180.174.56.115 - - [11/Dec/2020:09:09:40 +0800] "GET /xingrg/all/function/internal_message.html?_=1607648980640&CODE_STATE=getMsg HTTP/1.1" 200 27
222.69.133.109 - - [11/Dec/2020:09:09:40 +0800] "GET /favicon.ico HTTP/1.1" 404 -
222.69.133.109 - - [11/Dec/2020:09:09:41 +0800] "POST /xingrg/all/common/load_tree.html?tree=area_rest_tree_json&manage=1 HTTP/1.1" 200 351
222.69.133.109 - - [11/Dec/2020:09:09:41 +0800] "GET /xingrg/all/function/internal_message.html?_=1607648980615&CODE_STATE=count HTTP/1.1" 200 11
222.69.133.109 - - [11/Dec/2020:09:09:41 +0800] "GET /xingrg/check_reg.html?_=1607648980618 HTTP/1.1" 200 22
222.69.133.109 - - [11/Dec/2020:09:09:41 +0800] "POST /xingrg/load_menu.html HTTP/1.1" 200 5138
222.69.133.109 - - [11/Dec/2020:09:09:50 +0800] "GET /xingrg/kc/mdqp/pssh_order_list.html HTTP/1.1" 200 17144
222.69.133.109 - - [11/Dec/2020:09:09:51 +0800] "POST /xingrg/kc/mdqp/pssh_list_operate.html HTTP/1.1" 200 5115
223.167.127.220 - - [11/Dec/2020:09:09:52 +0800] "GET /xingrg/all/function/internal_message.html?_=1607648992848&CODE_STATE=getMsg HTTP/1.1" 302 -
222.69.133.109 - - [11/Dec/2020:09:09:53 +0800] "POST /xingrg/kc/mdqp/pssh_list_operate.html HTTP/1.1" 200 269
114.88.159.147 - - [11/Dec/2020:09:09:53 +0800] "GET /xingrg/all/function/internal_message.html?_=1607648564944&CODE_STATE=getMsg HTTP/1.1" 200 27
222.69.133.109 - - [11/Dec/2020:09:09:54 +0800] "GET /xingrg/kc/mdqp/pssh_order_info.html?code=312020121000255 HTTP/1.1" 200 17278
222.69.133.109 - - [11/Dec/2020:09:09:54 +0800] "GET /xingrg/javascript/jquery_tools/jquery-1.4.2.min.js HTTP/1.1" 404 1094
222.69.133.109 - - [11/Dec/2020:09:09:54 +0800] "GET /xingrg/words/20201209121717_words.js HTTP/1.1" 304 -
222.69.133.109 - - [11/Dec/2020:09:09:55 +0800] "GET /xingrg/all/common/auto_word.html?type=base&rest_code=00154&rest_code=00154 HTTP/1.1" 200 677
222.69.133.109 - - [11/Dec/2020:09:09:55 +0800] "POST /xingrg/kc/mdqp/pssh_order_operate.html HTTP/1.1" 200 545
222.69.133.109 - - [11/Dec/2020:09:09:55 +0800] "GET /xingrg/all/common/auto_word.html?type=employee&rest_code=00154 HTTP/1.1" 200 101
222.69.133.109 - - [11/Dec/2020:09:09:55 +0800] "GET /xingrg/javascript/easyui/themes/default/validatebox.css HTTP/1.1" 404 1104
114.84.32.187 - - [11/Dec/2020:09:09:55 +0800] "GET /xingrg/all/function/internal_message.html?_=1607649022603&CODE_STATE=getMsg HTTP/1.1" 302 -
114.88.163.87 - - [11/Dec/2020:09:09:59 +0800] "GET /xingrg/all/function/internal_message.html?_=1607648994732&CODE_STATE=getMsg HTTP/1.1" 302 -
58.37.39.81 - - [11/Dec/2020:09:10:01 +0800] "GET /favicon.ico HTTP/1.1" 404 -
58.37.39.81 - - [11/Dec/2020:09:10:02 +0800] "GET /favicon.ico HTTP/1.1" 404 -
58.37.39.81 - - [11/Dec/2020:09:10:02 +0800] "GET /favicon.ico HTTP/1.1" 404 -
58.37.39.81 - - [11/Dec/2020:09:10:02 +0800] "GET /favicon.ico HTTP/1.1" 404 -
58.37.39.81 - - [11/Dec/2020:09:10:03 +0800] "GET /favicon.ico HTTP/1.1" 404 -
222.69.133.109 - - [11/Dec/2020:09:10:05 +0800] "POST /xingrg/all/common/load_combo.html?type=base&rest_code=00154 HTTP/1.1" 200 1224
172.17.200.101 - - [11/Dec/2020:09:10:07 +0800] "GET /xingrg/all/function/internal_message.html?_=1607649008017&CODE_STATE=getMsg HTTP/1.1" 200 27
180.162.223.42 - - [11/Dec/2020:09:10:11 +0800] "POST /xingrg/kc/buy/cgsh_order_operate.html HTTP/1.1" 200 37
180.162.223.42 - - [11/Dec/2020:09:10:13 +0800] "POST /xingrg/kc/buy/cgsh_order_operate.html HTTP/1.1" 200 3846
180.162.223.42 - - [11/Dec/2020:09:10:14 +0800] "GET /xingrg/kc/print/load_data.html?order_code=212020121104035&kc_code=cgsh&condition= HTTP/1.1" 200 1199
222.69.133.109 - - [11/Dec/2020:09:10:15 +0800] "POST /xingrg/all/common/load_combo.html?type=employee HTTP/1.1" 200 186
117.185.32.26 - - [11/Dec/2020:09:10:16 +0800] "GET /xingrg/all/function/internal_message.html?_=1607649474132&CODE_STATE=getMsg HTTP/1.1" 200 27
222.69.133.109 - - [11/Dec/2020:09:10:28 +0800] "POST /xingrg/kc/mdqp/pssh_order_operate.html HTTP/1.1" 200 37
222.69.133.109 - - [11/Dec/2020:09:10:28 +0800] "POST /xingrg/kc/mdqp/pssh_order_operate.html HTTP/1.1" 200 12
222.69.133.109 - - [11/Dec/2020:09:10:30 +0800] "GET /xingrg/kc/mdqp/pssh_order_info.html?code=312020121000255 HTTP/1.1" 200 14394
222.69.133.109 - - [11/Dec/2020:09:10:30 +0800] "GET /xingrg/javascript/jquery_tools/jquery-1.4.2.min.js HTTP/1.1" 404 1094
222.69.133.109 - - [11/Dec/2020:09:10:30 +0800] "GET /xingrg/javascript/easyui/themes/default/validatebox.css HTTP/1.1" 404 1104
222.69.133.109 - - [11/Dec/2020:09:10:30 +0800] "POST /xingrg/kc/mdqp/pssh_order_operate.html HTTP/1.1" 200 545
180.162.223.42 - - [11/Dec/2020:09:10:33 +0800] "GET /xingrg/all/function/internal_message.html?_=1607649033825&CODE_STATE=getMsg HTTP/1.1" 200 27
180.162.223.42 - - [11/Dec/2020:09:10:35 +0800] "GET /xingrg/all/function/internal_message.html?_=1607649014741&CODE_STATE=getMsg HTTP/1.1" 200 27
222.69.133.109 - - [11/Dec/2020:09:10:37 +0800] "POST /xingrg/kc/mdqp/pssh_list_operate.html HTTP/1.1" 200 778
222.69.133.109 - - [11/Dec/2020:09:10:38 +0800] "GET /xingrg/kc/mdqp/pssh_order_info.html?code=312020121000221 HTTP/1.1" 200 17301
222.69.133.109 - - [11/Dec/2020:09:10:38 +0800] "GET /xingrg/javascript/jquery_tools/jquery-1.4.2.min.js HTTP/1.1" 404 1094
222.69.133.109 - - [11/Dec/2020:09:10:38 +0800] "POST /xingrg/kc/mdqp/pssh_order_operate.html HTTP/1.1" 200 4244
222.69.133.109 - - [11/Dec/2020:09:10:38 +0800] "GET /xingrg/javascript/easyui/themes/default/validatebox.css HTTP/1.1" 404 1104
114.88.163.87 - - [11/Dec/2020:09:10:38 +0800] "GET /xingrg/all/function/internal_message.html?_=1607649167486&CODE_STATE=getMsg HTTP/1.1" 200 27
101.85.93.83 - - [11/Dec/2020:09:10:40 +0800] "GET /xingrg/all/function/internal_message.html?_=1607648746998&CODE_STATE=getMsg HTTP/1.1" 200 27
101.85.93.83 - - [11/Dec/2020:09:10:40 +0800] "GET /xingrg/check_reg.html?_=1607648746994 HTTP/1.1" 200 22
180.174.56.115 - - [11/Dec/2020:09:10:40 +0800] "GET /xingrg/all/function/internal_message.html?_=1607649040642&CODE_STATE=getMsg HTTP/1.1" 200 27
222.69.133.109 - - [11/Dec/2020:09:10:41 +0800] "GET /xingrg/all/function/internal_message.html?_=1607649040631&CODE_STATE=getMsg HTTP/1.1" 200 27
222.69.133.109 - - [11/Dec/2020:09:10:43 +0800] "POST /xingrg/all/common/load_combo.html?type=base&rest_code=00154 HTTP/1.1" 200 1224
222.69.133.109 - - [11/Dec/2020:09:10:51 +0800] "POST /xingrg/all/common/load_combo.html?type=employee HTTP/1.1" 200 186
223.167.127.220 - - [11/Dec/2020:09:10:53 +0800] "GET /xingrg/all/function/internal_message.html?_=1607649052863&CODE_STATE=getMsg HTTP/1.1" 302 -
114.88.159.147 - - [11/Dec/2020:09:10:53 +0800] "GET /xingrg/all/function/internal_message.html?_=1607648624943&CODE_STATE=getMsg HTTP/1.1" 200 27
180.162.223.42 - - [11/Dec/2020:09:10:54 +0800] "GET /xingrg/kc/buy/cgsh_order_add.html HTTP/1.1" 200 60986
180.162.223.42 - - [11/Dec/2020:09:10:54 +0800] "POST /xingrg/kc/buy/cgsh_order_operate.html HTTP/1.1" 200 8245
180.162.223.42 - - [11/Dec/2020:09:10:55 +0800] "GET /xingrg/javascript/easyui/themes/default/validatebox.css HTTP/1.1" 404 1104
114.84.32.187 - - [11/Dec/2020:09:10:55 +0800] "GET /xingrg/all/function/internal_message.html?_=1607649082609&CODE_STATE=getMsg HTTP/1.1" 302 -
222.69.133.109 - - [11/Dec/2020:09:10:59 +0800] "POST /xingrg/kc/mdqp/pssh_order_operate.html HTTP/1.1" 200 37
114.88.163.87 - - [11/Dec/2020:09:10:59 +0800] "GET /xingrg/all/function/internal_message.html?_=1607649054784&CODE_STATE=getMsg HTTP/1.1" 302 -
222.69.133.109 - - [11/Dec/2020:09:11:00 +0800] "POST /xingrg/kc/mdqp/pssh_order_operate.html HTTP/1.1" 200 12
222.69.133.109 - - [11/Dec/2020:09:11:01 +0800] "GET /xingrg/kc/mdqp/pssh_order_info.html?code=312020121000221 HTTP/1.1" 200 14390
222.69.133.109 - - [11/Dec/2020:09:11:01 +0800] "GET /xingrg/javascript/jquery_tools/jquery-1.4.2.min.js HTTP/1.1" 404 1094
222.69.133.109 - - [11/Dec/2020:09:11:01 +0800] "POST /xingrg/kc/mdqp/pssh_order_operate.html HTTP/1.1" 200 4244
222.69.133.109 - - [11/Dec/2020:09:11:01 +0800] "GET /xingrg/javascript/easyui/themes/default/validatebox.css HTTP/1.1" 404 1104
222.69.133.109 - - [11/Dec/2020:09:11:05 +0800] "POST /xingrg/kc/mdqp/pssh_list_operate.html HTTP/1.1" 200 814
222.69.133.109 - - [11/Dec/2020:09:11:07 +0800] "GET /xingrg/kc/mdqp/pssh_order_list.html HTTP/1.1" 200 17144
172.17.200.101 - - [11/Dec/2020:09:11:07 +0800] "GET /xingrg/all/function/internal_message.html?_=1607649068017&CODE_STATE=getMsg HTTP/1.1" 200 27
222.69.133.109 - - [11/Dec/2020:09:11:07 +0800] "POST /xingrg/kc/mdqp/pssh_list_operate.html HTTP/1.1" 200 5171
117.185.32.26 - - [11/Dec/2020:09:11:16 +0800] "GET /xingrg/all/function/internal_message.html?_=1607649534138&CODE_STATE=getMsg HTTP/1.1" 200 27
180.162.223.42 - - [11/Dec/2020:09:11:17 +0800] "GET /xingrg/kc/buy/cgsh_order_operate.html?command=get_materiel&rest_code=00105&code=00101002027&supplier_code=00100397&order_time=2020-12-11 HTTP/1.1" 200 432
180.174.56.115 - - [11/Dec/2020:09:11:26 +0800] "GET /xingrg/kc/buy/cgsh_order_list.html HTTP/1.1" 200 45206
222.69.133.109 - - [11/Dec/2020:09:11:26 +0800] "GET /xingrg/kc/buy/cgsh_order_list.html HTTP/1.1" 200 45208
222.69.133.109 - - [11/Dec/2020:09:11:28 +0800] "POST /xingrg/kc/buy/cgsh_list_operate.html HTTP/1.1" 200 876
180.174.56.115 - - [11/Dec/2020:09:11:28 +0800] "POST /xingrg/kc/buy/cgsh_list_operate.html HTTP/1.1" 200 1688
180.174.56.115 - - [11/Dec/2020:09:11:30 +0800] "POST /xingrg/kc/buy/cgsh_list_operate.html HTTP/1.1" 200 555
222.69.133.109 - - [11/Dec/2020:09:11:30 +0800] "GET /xingrg/kc/buy/cgsh_order_add.html HTTP/1.1" 200 60061
222.69.133.109 - - [11/Dec/2020:09:11:30 +0800] "POST /xingrg/kc/buy/cgsh_order_operate.html HTTP/1.1" 200 8245
222.69.133.109 - - [11/Dec/2020:09:11:30 +0800] "GET /xingrg/javascript/easyui/themes/default/validatebox.css HTTP/1.1" 404 1104
180.174.56.115 - - [11/Dec/2020:09:11:31 +0800] "GET /xingrg/kc/buy/cgsh_order_info.html?code=212020121104029 HTTP/1.1" 200 60590
180.174.56.115 - - [11/Dec/2020:09:11:31 +0800] "GET /xingrg/javascript/easyui/themes/default/validatebox.css HTTP/1.1" 404 1104
180.174.56.115 - - [11/Dec/2020:09:11:32 +0800] "POST /xingrg/kc/buy/cgsh_order_operate.html HTTP/1.1" 200 28387
180.162.223.42 - - [11/Dec/2020:09:11:33 +0800] "GET /xingrg/check_reg.html?_=1607649093524 HTTP/1.1" 200 22
180.162.223.42 - - [11/Dec/2020:09:11:33 +0800] "GET /xingrg/all/function/internal_message.html?_=1607649093878&CODE_STATE=getMsg HTTP/1.1" 200 27
180.162.223.42 - - [11/Dec/2020:09:11:35 +0800] "GET /xingrg/all/function/internal_message.html?_=1607649074741&CODE_STATE=getMsg HTTP/1.1" 200 27
180.162.223.42 - - [11/Dec/2020:09:11:35 +0800] "GET /xingrg/check_reg.html?_=1607649074744 HTTP/1.1" 200 22
114.88.163.87 - - [11/Dec/2020:09:11:38 +0800] "GET /xingrg/all/function/internal_message.html?_=1607649227460&CODE_STATE=getMsg HTTP/1.1" 200 27
101.85.93.83 - - [11/Dec/2020:09:11:40 +0800] "GET /xingrg/all/function/internal_message.html?_=1607648806983&CODE_STATE=getMsg HTTP/1.1" 200 27
180.174.56.115 - - [11/Dec/2020:09:11:40 +0800] "GET /xingrg/all/function/internal_message.html?_=1607649100654&CODE_STATE=getMsg HTTP/1.1" 200 27
180.174.56.115 - - [11/Dec/2020:09:11:40 +0800] "GET /xingrg/check_reg.html?_=1607649100658 HTTP/1.1" 200 22
222.69.133.109 - - [11/Dec/2020:09:11:41 +0800] "GET /xingrg/all/function/internal_message.html?_=1607649100632&CODE_STATE=getMsg HTTP/1.1" 200 27
114.84.32.187 - - [11/Dec/2020:09:11:41 +0800] "GET /xingrg/check_reg.html?_=1607649128621 HTTP/1.1" 302 -
114.88.163.87 - - [11/Dec/2020:09:11:48 +0800] "GET /xingrg/check_reg.html?_=1607649103810 HTTP/1.1" 302 -
223.167.127.220 - - [11/Dec/2020:09:11:53 +0800] "GET /xingrg/check_reg.html?_=1607649112862 HTTP/1.1" 302 -
223.167.127.220 - - [11/Dec/2020:09:11:53 +0800] "GET /xingrg/all/function/internal_message.html?_=1607649112866&CODE_STATE=getMsg HTTP/1.1" 302 -
114.88.159.147 - - [11/Dec/2020:09:11:53 +0800] "GET /xingrg/all/function/internal_message.html?_=1607648684969&CODE_STATE=getMsg HTTP/1.1" 200 27
114.84.32.187 - - [11/Dec/2020:09:11:55 +0800] "GET /xingrg/all/function/internal_message.html?_=1607649142629&CODE_STATE=getMsg HTTP/1.1" 302 -
114.88.163.87 - - [11/Dec/2020:09:11:59 +0800] "GET /xingrg/all/function/internal_message.html?_=1607649114791&CODE_STATE=getMsg HTTP/1.1" 302 -
180.162.223.42 - - [11/Dec/2020:09:12:05 +0800] "GET /xingrg/kc/buy/cgsh_order_operate.html?command=get_materiel&rest_code=00105&code=00101001010&supplier_code=00100397&order_time=2020-12-11 HTTP/1.1" 200 408
172.17.200.101 - - [11/Dec/2020:09:12:07 +0800] "GET /xingrg/all/function/internal_message.html?_=1607649128020&CODE_STATE=getMsg HTTP/1.1" 200 27
172.17.200.101 - - [11/Dec/2020:09:12:07 +0800] "GET /xingrg/check_reg.html?_=1607649128023 HTTP/1.1" 200 22
117.185.32.26 - - [11/Dec/2020:09:12:16 +0800] "GET /xingrg/all/function/internal_message.html?_=1607649594138&CODE_STATE=getMsg HTTP/1.1" 200 27
180.174.56.115 - - [11/Dec/2020:09:12:24 +0800] "GET /favicon.ico HTTP/1.1" 404 -
180.162.223.42 - - [11/Dec/2020:09:12:31 +0800] "GET /xingrg/kc/buy/cgsh_order_operate.html?command=get_materiel&rest_code=00105&code=00101005037&supplier_code=00100397&order_time=2020-12-11 HTTP/1.1" 200 409
180.162.223.42 - - [11/Dec/2020:09:12:33 +0800] "GET /xingrg/all/function/internal_message.html?_=1607649153902&CODE_STATE=getMsg HTTP/1.1" 200 27
180.174.56.115 - - [11/Dec/2020:09:12:34 +0800] "GET /xingrg/login.html HTTP/1.1" 200 7641
180.162.223.42 - - [11/Dec/2020:09:12:35 +0800] "GET /xingrg/all/function/internal_message.html?_=1607649134745&CODE_STATE=getMsg HTTP/1.1" 200 27
180.174.56.115 - - [11/Dec/2020:09:12:36 +0800] "GET /favicon.ico HTTP/1.1" 404 -
180.174.56.115 - - [11/Dec/2020:09:12:37 +0800] "POST /xingrg/login.do HTTP/1.1" 302 -
180.174.56.115 - - [11/Dec/2020:09:12:37 +0800] "GET /xingrg/index.html?sysBaseUrl=http%3A%2F%2F180.169.147.146%3A18081%2Fxingrg%2F&costTime=95×tamp=1607649157634 HTTP/1.1" 200 17179
180.174.56.115 - - [11/Dec/2020:09:12:37 +0800] "GET /xingrg/javascript/jquery.timers.js HTTP/1.1" 304 -
180.174.56.115 - - [11/Dec/2020:09:12:37 +0800] "GET /xingrg/javascript/jquery_easy_ui/themes/icon.css HTTP/1.1" 304 -
180.174.56.115 - - [11/Dec/2020:09:12:37 +0800] "GET /xingrg/javascript/jquery_easy_ui/jquery.easyui.min.js HTTP/1.1" 304 -
180.174.56.115 - - [11/Dec/2020:09:12:37 +0800] "GET /xingrg/css/form.css HTTP/1.1" 304 -
180.174.56.115 - - [11/Dec/2020:09:12:37 +0800] "GET /xingrg/javascript/jquery_easy_ui/easyui-lang-zh_CN.js HTTP/1.1" 304 -
180.174.56.115 - - [11/Dec/2020:09:12:37 +0800] "GET /xingrg/javascript/jquery-1.4.2.min.js HTTP/1.1" 304 -
180.174.56.115 - - [11/Dec/2020:09:12:37 +0800] "GET /xingrg/javascript/jquery.utils.js HTTP/1.1" 304 -
180.174.56.115 - - [11/Dec/2020:09:12:37 +0800] "GET /xingrg/javascript/jquery_easy_ui/themes/default/easyui.css HTTP/1.1" 304 -
180.174.56.115 - - [11/Dec/2020:09:12:37 +0800] "GET /xingrg/javascript/jquery.form.js HTTP/1.1" 304 -
180.174.56.115 - - [11/Dec/2020:09:12:37 +0800] "GET /favicon.ico HTTP/1.1" 404 -
180.174.56.115 - - [11/Dec/2020:09:12:38 +0800] "POST /xingrg/all/common/load_tree.html?tree=area_rest_tree_json&manage=1 HTTP/1.1" 200 476
114.88.163.87 - - [11/Dec/2020:09:12:38 +0800] "GET /xingrg/all/function/internal_message.html?_=1607649287442&CODE_STATE=getMsg HTTP/1.1" 200 27
114.84.32.187 - - [11/Dec/2020:09:12:39 +0800] "POST /xingrg/kc/buy/cgsh_list_operate.html HTTP/1.1" 200 876
180.174.56.115 - - [11/Dec/2020:09:12:40 +0800] "GET /xingrg/check_reg.html?_=1607649123026 HTTP/1.1" 200 22
180.174.56.115 - - [11/Dec/2020:09:12:40 +0800] "GET /xingrg/all/function/internal_message.html?_=1607649123024&CODE_STATE=count HTTP/1.1" 200 11
180.174.56.115 - - [11/Dec/2020:09:12:40 +0800] "POST /xingrg/load_menu.html HTTP/1.1" 200 5138
101.85.93.83 - - [11/Dec/2020:09:12:40 +0800] "GET /xingrg/all/function/internal_message.html?_=1607648866982&CODE_STATE=getMsg HTTP/1.1" 200 27
114.84.32.187 - - [11/Dec/2020:09:12:40 +0800] "GET /xingrg/javascript/convert.js HTTP/1.1" 304 -
114.84.32.187 - - [11/Dec/2020:09:12:40 +0800] "GET /xingrg/javascript/json2.js HTTP/1.1" 304 -
114.84.32.187 - - [11/Dec/2020:09:12:40 +0800] "GET /xingrg/javascript/jquery_tools/order_manager.js HTTP/1.1" 304 -
114.84.32.187 - - [11/Dec/2020:09:12:40 +0800] "GET /xingrg/javascript/pic_change.js HTTP/1.1" 304 -
114.84.32.187 - - [11/Dec/2020:09:12:40 +0800] "GET /xingrg/javascript/print/kc_print.js HTTP/1.1" 304 -
114.84.32.187 - - [11/Dec/2020:09:12:40 +0800] "GET /xingrg/kc/buy/cgsh_order_add.html HTTP/1.1" 200 60945
114.84.32.187 - - [11/Dec/2020:09:12:40 +0800] "GET /xingrg/words/20201209121717_words.js HTTP/1.1" 304 -
180.174.56.115 - - [11/Dec/2020:09:12:40 +0800] "GET /xingrg/all/function/internal_message.html?_=1607649160658&CODE_STATE=getMsg HTTP/1.1" 200 27
114.84.32.187 - - [11/Dec/2020:09:12:41 +0800] "GET /xingrg/all/common/auto_word.html?type=employee&rest_code=00146 HTTP/1.1" 200 147
114.84.32.187 - - [11/Dec/2020:09:12:41 +0800] "GET /xingrg/all/common/auto_word.html?type=employee&rest_code=00146 HTTP/1.1" 200 147
114.84.32.187 - - [11/Dec/2020:09:12:41 +0800] "POST /xingrg/kc/buy/cgsh_order_operate.html HTTP/1.1" 200 8245
114.84.32.187 - - [11/Dec/2020:09:12:41 +0800] "GET /xingrg/javascript/easyui/plugins/jquery.validatebox.js HTTP/1.1" 304 -
114.84.32.187 - - [11/Dec/2020:09:12:41 +0800] "GET /xingrg/javascript/easyui/themes/default/validatebox.css HTTP/1.1" 404 1104
114.84.32.187 - - [11/Dec/2020:09:12:41 +0800] "GET /xingrg/javascript/easyui/plugins/jquery.numberbox.js HTTP/1.1" 304 -
222.69.133.109 - - [11/Dec/2020:09:12:41 +0800] "GET /xingrg/all/function/internal_message.html?_=1607649160629&CODE_STATE=getMsg HTTP/1.1" 200 27
180.174.56.115 - - [11/Dec/2020:09:12:45 +0800] "GET /xingrg/css/site.css HTTP/1.1" 304 -
180.174.56.115 - - [11/Dec/2020:09:12:45 +0800] "GET /xingrg/css/base.css HTTP/1.1" 304 -
180.174.56.115 - - [11/Dec/2020:09:12:45 +0800] "GET /xingrg/javascript/easyui/themes/default/easyui.css HTTP/1.1" 304 -
180.174.56.115 - - [11/Dec/2020:09:12:45 +0800] "GET /xingrg/javascript/jquery_tools/datebox.css HTTP/1.1" 304 -
180.174.56.115 - - [11/Dec/2020:09:12:45 +0800] "GET /xingrg/javascript/easyui/themes/icon.css HTTP/1.1" 304 -
