114.84.32.187 - - [11/Dec/2020:09:27:26 +0800] "GET /xingrg/kc/buy/cgsh_order_operate.html?command=get_materiel&rest_code=00146&code=00101015070&supplier_code=00100005&order_time=2020-12-11 HTTP/1.1" 200 413
172.17.0.120 - - [11/Dec/2020:09:27:27 +0800] "GET /xingrg/all/function/internal_message.html?_=1607650550399&CODE_STATE=getMsg HTTP/1.1" 200 27
116.228.172.94 - - [11/Dec/2020:09:27:35 +0800] "GET /xingrg/kc/buy/cgsh_order_operate.html?command=get_materiel&rest_code=00107&code=00101008213&supplier_code=00100006&order_time=2020-12-11 HTTP/1.1" 200 412
180.162.223.42 - - [11/Dec/2020:09:27:35 +0800] "GET /xingrg/all/function/internal_message.html?_=1607650034787&CODE_STATE=getMsg HTTP/1.1" 200 27
101.83.240.69 - - [11/Dec/2020:09:27:37 +0800] "POST /xingrg/kc/buy/cgsh_order_operate.html HTTP/1.1" 200 37
180.162.223.42 - - [11/Dec/2020:09:27:37 +0800] "POST /xingrg/kc/buy/cgsh_order_operate.html HTTP/1.1" 200 8033
114.84.32.187 - - [11/Dec/2020:09:27:38 +0800] "GET /xingrg/kc/buy/cgsh_order_operate.html?command=get_materiel&rest_code=00146&code=00101008092&supplier_code=00100005&order_time=2020-12-11 HTTP/1.1" 200 412
114.88.163.87 - - [11/Dec/2020:09:27:38 +0800] "GET /xingrg/all/function/internal_message.html?_=1607650187067&CODE_STATE=getMsg HTTP/1.1" 200 27
101.85.93.83 - - [11/Dec/2020:09:27:38 +0800] "GET /xingrg/all/function/internal_message.html?_=1607649765184&CODE_STATE=getMsg HTTP/1.1" 200 27
222.69.133.109 - - [11/Dec/2020:09:27:41 +0800] "GET /xingrg/all/function/internal_message.html?_=1607650060703&CODE_STATE=getMsg HTTP/1.1" 200 27
101.83.240.69 - - [11/Dec/2020:09:27:42 +0800] "POST /xingrg/kc/buy/cgsh_order_operate.html HTTP/1.1" 200 12
101.83.240.69 - - [11/Dec/2020:09:27:45 +0800] "GET /xingrg/kc/buy/cgsh_order_info.html?code=212020121104048 HTTP/1.1" 200 55893
101.83.240.69 - - [11/Dec/2020:09:27:45 +0800] "GET /xingrg/javascript/easyui/themes/default/validatebox.css HTTP/1.1" 404 1104
101.83.240.69 - - [11/Dec/2020:09:27:45 +0800] "POST /xingrg/kc/buy/cgsh_order_operate.html HTTP/1.1" 200 3611
101.83.240.69 - - [11/Dec/2020:09:27:47 +0800] "GET /xingrg/kc/print/load_data.html?order_code=212020121104048&kc_code=cgsh&condition= HTTP/1.1" 200 1893
114.84.32.187 - - [11/Dec/2020:09:27:48 +0800] "GET /xingrg/kc/buy/cgsh_order_operate.html?command=get_materiel&rest_code=00146&code=00101008283&supplier_code=00100005&order_time=2020-12-11 HTTP/1.1" 200 408
180.174.56.115 - - [11/Dec/2020:09:27:51 +0800] "GET /xingrg/all/function/internal_message.html?_=1607650071009&CODE_STATE=getMsg HTTP/1.1" 200 27
116.228.172.94 - - [11/Dec/2020:09:27:51 +0800] "GET /xingrg/kc/buy/cgsh_order_operate.html?command=get_materiel&rest_code=00107&code=00101008350&supplier_code=00100006&order_time=2020-12-11 HTTP/1.1" 200 408
223.167.127.220 - - [11/Dec/2020:09:27:53 +0800] "GET /xingrg/all/function/internal_message.html?_=1607650072883&CODE_STATE=getMsg HTTP/1.1" 302 -
114.88.159.147 - - [11/Dec/2020:09:27:53 +0800] "GET /xingrg/all/function/internal_message.html?_=1607649645007&CODE_STATE=getMsg HTTP/1.1" 200 27
114.84.32.187 - - [11/Dec/2020:09:27:56 +0800] "GET /xingrg/all/function/internal_message.html?_=1607650102847&CODE_STATE=getMsg HTTP/1.1" 302 -
114.88.163.87 - - [11/Dec/2020:09:28:00 +0800] "GET /xingrg/all/function/internal_message.html?_=1607650075259&CODE_STATE=getMsg HTTP/1.1" 302 -
180.162.223.42 - - [11/Dec/2020:09:28:00 +0800] "GET /xingrg/kc/print/load_data.html?order_code=212020121104047&kc_code=cgsh&condition= HTTP/1.1" 200 2839
101.83.240.69 - - [11/Dec/2020:09:28:01 +0800] "GET /xingrg/kc/buy/cgsh_order_add.html HTTP/1.1" 200 60992
101.83.240.69 - - [11/Dec/2020:09:28:01 +0800] "POST /xingrg/kc/buy/cgsh_order_operate.html HTTP/1.1" 200 8245
101.83.240.69 - - [11/Dec/2020:09:28:01 +0800] "GET /xingrg/javascript/easyui/themes/default/validatebox.css HTTP/1.1" 404 1104
180.174.56.115 - - [11/Dec/2020:09:28:02 +0800] "GET /xingrg/all/function/internal_message.html?_=1607650044965&CODE_STATE=getMsg HTTP/1.1" 200 27
114.84.32.187 - - [11/Dec/2020:09:28:04 +0800] "GET /xingrg/check_reg.html?_=1607650102543 HTTP/1.1" 200 22
172.17.200.101 - - [11/Dec/2020:09:28:07 +0800] "GET /xingrg/all/function/internal_message.html?_=1607650088026&CODE_STATE=getMsg HTTP/1.1" 200 27
116.228.172.94 - - [11/Dec/2020:09:28:13 +0800] "GET /xingrg/kc/buy/cgsh_order_operate.html?command=get_materiel&rest_code=00107&code=00101008092&supplier_code=00100006&order_time=2020-12-11 HTTP/1.1" 200 412
114.84.32.187 - - [11/Dec/2020:09:28:14 +0800] "GET /xingrg/kc/buy/cgsh_order_operate.html?command=get_materiel&rest_code=00146&code=00101008155&supplier_code=00100005&order_time=2020-12-11 HTTP/1.1" 200 408
117.185.32.26 - - [11/Dec/2020:09:28:16 +0800] "GET /xingrg/all/function/internal_message.html?_=1607650554197&CODE_STATE=getMsg HTTP/1.1" 200 27
101.83.240.69 - - [11/Dec/2020:09:28:17 +0800] "GET /xingrg/all/function/internal_message.html?_=1607650092692&CODE_STATE=getMsg HTTP/1.1" 200 27
114.84.32.187 - - [11/Dec/2020:09:28:20 +0800] "POST /xingrg/kc/buy/cgsh_order_operate.html HTTP/1.1" 200 2065
180.152.104.37 - - [11/Dec/2020:09:28:24 +0800] "GET /xingrg/all/function/internal_message.html?_=1607650331492&CODE_STATE=getMsg HTTP/1.1" 200 27
101.83.240.69 - - [11/Dec/2020:09:28:26 +0800] "GET /xingrg/kc/buy/cgsh_order_operate.html?command=get_materiel&rest_code=00149&code=00101009049&supplier_code=00100201&order_time=2020-12-10 HTTP/1.1" 200 416
116.228.172.94 - - [11/Dec/2020:09:28:26 +0800] "GET /xingrg/all/function/internal_message.html?_=1607650102846&CODE_STATE=getMsg HTTP/1.1" 200 27
116.228.172.94 - - [11/Dec/2020:09:28:26 +0800] "GET /xingrg/kc/buy/cgsh_order_operate.html?command=get_materiel&rest_code=00107&code=00101009016&supplier_code=00100006&order_time=2020-12-11 HTTP/1.1" 200 433
172.17.0.120 - - [11/Dec/2020:09:28:27 +0800] "GET /xingrg/all/function/internal_message.html?_=1607650610404&CODE_STATE=getMsg HTTP/1.1" 200 27
116.228.172.94 - - [11/Dec/2020:09:28:33 +0800] "POST /xingrg/kc/buy/cgsh_order_operate.html HTTP/1.1" 200 2065
180.162.223.42 - - [11/Dec/2020:09:28:33 +0800] "GET /xingrg/all/function/internal_message.html?_=1607650113628&CODE_STATE=getMsg HTTP/1.1" 200 27
180.162.223.42 - - [11/Dec/2020:09:28:35 +0800] "GET /xingrg/all/function/internal_message.html?_=1607650094846&CODE_STATE=getMsg HTTP/1.1" 200 27
114.88.163.87 - - [11/Dec/2020:09:28:38 +0800] "GET /xingrg/all/function/internal_message.html?_=1607650247046&CODE_STATE=getMsg HTTP/1.1" 200 27
101.85.93.83 - - [11/Dec/2020:09:28:38 +0800] "GET /xingrg/all/function/internal_message.html?_=1607649825186&CODE_STATE=getMsg HTTP/1.1" 200 27
116.228.172.94 - - [11/Dec/2020:09:28:39 +0800] "GET /xingrg/kc/buy/cgsh_order_operate.html?command=get_materiel&rest_code=00107&code=00101009007&supplier_code=00100006&order_time=2020-12-11 HTTP/1.1" 200 410
101.83.240.69 - - [11/Dec/2020:09:28:39 +0800] "GET /xingrg/kc/buy/cgsh_order_operate.html?command=get_materiel&rest_code=00149&code=00101009011&supplier_code=00100201&order_time=2020-12-10 HTTP/1.1" 200 435
222.69.133.109 - - [11/Dec/2020:09:28:41 +0800] "GET /xingrg/all/function/internal_message.html?_=1607650120687&CODE_STATE=getMsg HTTP/1.1" 200 27
101.83.240.69 - - [11/Dec/2020:09:28:43 +0800] "POST /xingrg/services/DataTransmitService HTTP/1.1" 401 565
101.83.240.69 - - [11/Dec/2020:09:28:43 +0800] "POST /xingrg/services/DataTransmitService HTTP/1.1" 200 478
101.83.240.69 - - [11/Dec/2020:09:28:43 +0800] "POST /xingrg/services/DataTransmitService HTTP/1.1" 200 1319
101.83.240.69 - - [11/Dec/2020:09:28:43 +0800] "POST /xingrg/services/DataTransmitService HTTP/1.1" 200 478
101.83.240.69 - - [11/Dec/2020:09:28:43 +0800] "POST /xingrg/services/DataTransmitService HTTP/1.1" 200 1319
101.83.240.69 - - [11/Dec/2020:09:28:43 +0800] "POST /xingrg/services/DataTransmitService HTTP/1.1" 200 524
101.83.240.69 - - [11/Dec/2020:09:28:43 +0800] "POST /xingrg/services/DataTransmitService HTTP/1.1" 200 1847
101.83.240.69 - - [11/Dec/2020:09:28:43 +0800] "POST /xingrg/services/DataTransmitService HTTP/1.1" 200 45454
101.83.240.69 - - [11/Dec/2020:09:28:43 +0800] "POST /xingrg/services/DataTransmitService HTTP/1.1" 200 19237
114.84.32.187 - - [11/Dec/2020:09:28:44 +0800] "GET /xingrg/kc/buy/cgsh_order_operate.html?command=get_materiel&rest_code=00146&code=00101008114&supplier_code=00100005&order_time=2020-12-11 HTTP/1.1" 200 412
101.83.240.69 - - [11/Dec/2020:09:28:49 +0800] "POST /xingrg/services/DataTransmitService HTTP/1.1" 200 524
180.174.56.115 - - [11/Dec/2020:09:28:51 +0800] "GET /xingrg/check_reg.html?_=1607650131019 HTTP/1.1" 200 22
180.174.56.115 - - [11/Dec/2020:09:28:51 +0800] "GET /xingrg/all/function/internal_message.html?_=1607650131021&CODE_STATE=getMsg HTTP/1.1" 200 27
223.167.127.220 - - [11/Dec/2020:09:28:53 +0800] "GET /xingrg/all/function/internal_message.html?_=1607650132881&CODE_STATE=getMsg HTTP/1.1" 302 -
116.228.172.94 - - [11/Dec/2020:09:28:53 +0800] "GET /xingrg/kc/buy/cgsh_order_operate.html?command=get_materiel&rest_code=00107&code=00101015021&supplier_code=00100006&order_time=2020-12-11 HTTP/1.1" 200 408
114.88.159.147 - - [11/Dec/2020:09:28:53 +0800] "GET /xingrg/check_reg.html?_=1607649705014 HTTP/1.1" 200 22
114.88.159.147 - - [11/Dec/2020:09:28:53 +0800] "GET /xingrg/all/function/internal_message.html?_=1607649705015&CODE_STATE=getMsg HTTP/1.1" 200 27
114.84.32.187 - - [11/Dec/2020:09:28:54 +0800] "GET /xingrg/kc/buy/cgsh_order_operate.html?command=get_materiel&rest_code=00146&code=00101008095&supplier_code=00100005&order_time=2020-12-11 HTTP/1.1" 200 412
114.84.32.187 - - [11/Dec/2020:09:28:56 +0800] "GET /xingrg/all/function/internal_message.html?_=1607650162853&CODE_STATE=getMsg HTTP/1.1" 302 -
101.83.240.69 - - [11/Dec/2020:09:28:58 +0800] "POST /xingrg/services/DataTransmitService HTTP/1.1" 200 501
114.88.163.87 - - [11/Dec/2020:09:29:00 +0800] "GET /xingrg/all/function/internal_message.html?_=1607650135310&CODE_STATE=getMsg HTTP/1.1" 302 -
180.174.56.115 - - [11/Dec/2020:09:29:02 +0800] "GET /xingrg/all/function/internal_message.html?_=1607650104979&CODE_STATE=getMsg HTTP/1.1" 200 27
101.83.240.69 - - [11/Dec/2020:09:29:04 +0800] "POST /xingrg/services/DataTransmitService HTTP/1.1" 200 524
101.83.240.69 - - [11/Dec/2020:09:29:04 +0800] "POST /xingrg/services/DataTransmitService HTTP/1.1" 200 1847
114.84.32.187 - - [11/Dec/2020:09:29:06 +0800] "GET /xingrg/kc/buy/cgsh_order_operate.html?command=get_materiel&rest_code=00146&code=00101008110&supplier_code=00100005&order_time=2020-12-11 HTTP/1.1" 200 408
172.17.200.101 - - [11/Dec/2020:09:29:07 +0800] "GET /xingrg/all/function/internal_message.html?_=1607650148028&CODE_STATE=getMsg HTTP/1.1" 200 27
116.228.172.94 - - [11/Dec/2020:09:29:09 +0800] "GET /xingrg/kc/buy/cgsh_order_operate.html?command=get_materiel&rest_code=00107&code=00101015062&supplier_code=00100006&order_time=2020-12-11 HTTP/1.1" 200 412
114.84.32.187 - - [11/Dec/2020:09:29:16 +0800] "GET /xingrg/kc/buy/cgsh_order_operate.html?command=get_materiel&rest_code=00146&code=00101008123&supplier_code=00100005&order_time=2020-12-11 HTTP/1.1" 200 412
117.185.32.26 - - [11/Dec/2020:09:29:16 +0800] "GET /xingrg/all/function/internal_message.html?_=1607650614196&CODE_STATE=getMsg HTTP/1.1" 200 27
117.185.32.26 - - [11/Dec/2020:09:29:16 +0800] "GET /xingrg/check_reg.html?_=1607650614198 HTTP/1.1" 200 22
101.83.240.69 - - [11/Dec/2020:09:29:17 +0800] "GET /xingrg/all/function/internal_message.html?_=1607650152683&CODE_STATE=getMsg HTTP/1.1" 200 27
116.228.172.94 - - [11/Dec/2020:09:29:18 +0800] "GET /xingrg/kc/buy/cgsh_order_operate.html?command=get_materiel&rest_code=00107&code=00101015044&supplier_code=00100006&order_time=2020-12-11 HTTP/1.1" 200 408
180.157.253.48 - - [11/Dec/2020:09:29:19 +0800] "POST /xingrg/services/DataTransmitService HTTP/1.1" 200 524
114.84.32.187 - - [11/Dec/2020:09:29:19 +0800] "POST /xingrg/kc/buy/cgsh_order_operate.html HTTP/1.1" 200 2065
180.157.253.48 - - [11/Dec/2020:09:29:19 +0800] "POST /xingrg/services/DataTransmitService HTTP/1.1" 200 1955
180.157.253.48 - - [11/Dec/2020:09:29:19 +0800] "POST /xingrg/services/DataTransmitService HTTP/1.1" 200 151812
180.152.104.37 - - [11/Dec/2020:09:29:24 +0800] "GET /xingrg/check_reg.html?_=1607650391193 HTTP/1.1" 200 22
180.152.104.37 - - [11/Dec/2020:09:29:24 +0800] "GET /xingrg/all/function/internal_message.html?_=1607650391507&CODE_STATE=getMsg HTTP/1.1" 200 27
116.228.172.94 - - [11/Dec/2020:09:29:26 +0800] "GET /xingrg/all/function/internal_message.html?_=1607650162880&CODE_STATE=getMsg HTTP/1.1" 200 27
172.17.0.120 - - [11/Dec/2020:09:29:27 +0800] "GET /xingrg/check_reg.html?_=1607650670407 HTTP/1.1" 200 22
172.17.0.120 - - [11/Dec/2020:09:29:27 +0800] "GET /xingrg/all/function/internal_message.html?_=1607650670411&CODE_STATE=getMsg HTTP/1.1" 200 27
114.84.32.187 - - [11/Dec/2020:09:29:29 +0800] "GET /xingrg/kc/buy/cgsh_order_operate.html?command=get_materiel&rest_code=00146&code=00101008324&supplier_code=00100005&order_time=2020-12-11 HTTP/1.1" 200 412
116.228.172.94 - - [11/Dec/2020:09:29:29 +0800] "GET /xingrg/kc/buy/cgsh_order_operate.html?command=get_materiel&rest_code=00107&code=00101008176&supplier_code=00100006&order_time=2020-12-11 HTTP/1.1" 200 412
101.83.240.69 - - [11/Dec/2020:09:29:31 +0800] "GET /xingrg/kc/buy/cgsh_order_operate.html?command=get_materiel&rest_code=00149&code=00101009016&supplier_code=00100201&order_time=2020-12-10 HTTP/1.1" 200 431
117.185.32.26 - - [11/Dec/2020:09:29:33 +0800] "GET /xingrg/kc/buy/buy_main.html HTTP/1.1" 200 12412
117.185.32.26 - - [11/Dec/2020:09:29:33 +0800] "GET /xingrg/css/new_ie.css HTTP/1.1" 404 1036
180.162.223.42 - - [11/Dec/2020:09:29:33 +0800] "GET /xingrg/all/function/internal_message.html?_=1607650173561&CODE_STATE=getMsg HTTP/1.1" 200 27
180.162.223.42 - - [11/Dec/2020:09:29:35 +0800] "GET /xingrg/all/function/internal_message.html?_=1607650154783&CODE_STATE=getMsg HTTP/1.1" 200 27
116.228.172.94 - - [11/Dec/2020:09:29:36 +0800] "POST /xingrg/kc/buy/cgsh_order_operate.html HTTP/1.1" 200 2065
114.88.163.87 - - [11/Dec/2020:09:29:38 +0800] "GET /xingrg/all/function/internal_message.html?_=1607650307014&CODE_STATE=getMsg HTTP/1.1" 200 27
117.185.32.26 - - [11/Dec/2020:09:29:38 +0800] "GET /xingrg/kc/mdqp/qp_main.html HTTP/1.1" 200 10633
101.85.93.83 - - [11/Dec/2020:09:29:38 +0800] "GET /xingrg/all/function/internal_message.html?_=1607649885186&CODE_STATE=getMsg HTTP/1.1" 200 27
114.84.32.187 - - [11/Dec/2020:09:29:39 +0800] "GET /xingrg/kc/buy/cgsh_order_operate.html?command=get_materiel&rest_code=00146&code=00101015066&supplier_code=00100005&order_time=2020-12-11 HTTP/1.1" 200 413
114.88.163.87 - - [11/Dec/2020:09:29:39 +0800] "GET /xingrg/check_reg.html?_=1607650308508 HTTP/1.1" 200 22
117.185.32.26 - - [11/Dec/2020:09:29:40 +0800] "GET /xingrg/kc/mdqp/qqps_order_list.html HTTP/1.1" 200 9222
117.185.32.26 - - [11/Dec/2020:09:29:40 +0800] "GET /xingrg/dwr/interface/AjaxQqpsService.js HTTP/1.1" 200 16326
117.185.32.26 - - [11/Dec/2020:09:29:40 +0800] "GET /xingrg/dwr/interface/AjaxReportQueryService.js HTTP/1.1" 200 13203
117.185.32.26 - - [11/Dec/2020:09:29:40 +0800] "GET /xingrg/dwr/engine.js HTTP/1.1" 200 43631
222.69.133.109 - - [11/Dec/2020:09:29:41 +0800] "GET /xingrg/check_reg.html?_=1607650180658 HTTP/1.1" 200 22
222.69.133.109 - - [11/Dec/2020:09:29:41 +0800] "GET /xingrg/all/function/internal_message.html?_=1607650180663&CODE_STATE=getMsg HTTP/1.1" 200 27
117.185.32.26 - - [11/Dec/2020:09:29:42 +0800] "GET /xingrg/kc/base/base_main.html HTTP/1.1" 200 12142
117.185.32.26 - - [11/Dec/2020:09:29:44 +0800] "GET /xingrg/kc/base/wldb_order_list.html HTTP/1.1" 200 19418
117.185.32.26 - - [11/Dec/2020:09:29:45 +0800] "POST /xingrg/kc/base/wldb_list_operate.html HTTP/1.1" 200 928
180.174.56.115 - - [11/Dec/2020:09:29:51 +0800] "GET /xingrg/all/function/internal_message.html?_=1607650191025&CODE_STATE=getMsg HTTP/1.1" 200 27
114.84.32.187 - - [11/Dec/2020:09:29:51 +0800] "GET /xingrg/kc/buy/cgsh_order_operate.html?command=get_materiel&rest_code=00146&code=00101008437&supplier_code=00100005&order_time=2020-12-11 HTTP/1.1" 200 396
223.167.127.220 - - [11/Dec/2020:09:29:53 +0800] "GET /xingrg/all/function/internal_message.html?_=1607650192881&CODE_STATE=getMsg HTTP/1.1" 302 -
114.88.159.147 - - [11/Dec/2020:09:29:53 +0800] "GET /xingrg/all/function/internal_message.html?_=1607649764998&CODE_STATE=getMsg HTTP/1.1" 200 27
114.84.32.187 - - [11/Dec/2020:09:29:56 +0800] "GET /xingrg/all/function/internal_message.html?_=1607650222875&CODE_STATE=getMsg HTTP/1.1" 302 -
101.83.240.69 - - [11/Dec/2020:09:29:59 +0800] "POST /xingrg/kc/buy/cgsh_order_operate.html HTTP/1.1" 200 37
116.228.172.94 - - [11/Dec/2020:09:29:59 +0800] "GET /xingrg/kc/buy/cgsh_order_operate.html?command=get_materiel&rest_code=00107&code=00101008209&supplier_code=00100006&order_time=2020-12-11 HTTP/1.1" 200 408
114.88.163.87 - - [11/Dec/2020:09:30:00 +0800] "GET /xingrg/all/function/internal_message.html?_=1607650195317&CODE_STATE=getMsg HTTP/1.1" 302 -
114.84.32.187 - - [11/Dec/2020:09:30:01 +0800] "GET /xingrg/kc/buy/cgsh_order_operate.html?command=get_materiel&rest_code=00146&code=00101008072&supplier_code=00100005&order_time=2020-12-11 HTTP/1.1" 200 408
180.174.56.115 - - [11/Dec/2020:09:30:02 +0800] "GET /xingrg/all/function/internal_message.html?_=1607650165013&CODE_STATE=getMsg HTTP/1.1" 200 27
101.83.240.69 - - [11/Dec/2020:09:30:02 +0800] "POST /xingrg/kc/buy/cgsh_order_operate.html HTTP/1.1" 200 12
172.17.200.101 - - [11/Dec/2020:09:30:07 +0800] "GET /xingrg/all/function/internal_message.html?_=1607650208030&CODE_STATE=getMsg HTTP/1.1" 200 27
101.83.240.69 - - [11/Dec/2020:09:30:08 +0800] "GET /xingrg/kc/buy/cgsh_order_info.html?code=212020121104049 HTTP/1.1" 200 55895
101.83.240.69 - - [11/Dec/2020:09:30:08 +0800] "GET /xingrg/javascript/easyui/themes/default/validatebox.css HTTP/1.1" 404 1104
101.83.240.69 - - [11/Dec/2020:09:30:08 +0800] "POST /xingrg/kc/buy/cgsh_order_operate.html HTTP/1.1" 200 2389
114.84.32.187 - - [11/Dec/2020:09:30:11 +0800] "GET /xingrg/kc/buy/cgsh_order_operate.html?command=get_materiel&rest_code=00146&code=00101008223&supplier_code=00100005&order_time=2020-12-11 HTTP/1.1" 200 412
101.83.240.69 - - [11/Dec/2020:09:30:13 +0800] "GET /xingrg/kc/print/load_data.html?order_code=212020121104049&kc_code=cgsh&condition= HTTP/1.1" 200 1398
116.228.172.94 - - [11/Dec/2020:09:30:13 +0800] "GET /xingrg/kc/buy/cgsh_order_operate.html?command=get_materiel&rest_code=00107&code=00101008270&supplier_code=00100006&order_time=2020-12-11 HTTP/1.1" 200 412
114.84.32.187 - - [11/Dec/2020:09:30:15 +0800] "POST /xingrg/kc/buy/cgsh_order_operate.html HTTP/1.1" 200 2065
117.185.32.26 - - [11/Dec/2020:09:30:16 +0800] "GET /xingrg/all/function/internal_message.html?_=1607650674223&CODE_STATE=getMsg HTTP/1.1" 200 27
101.83.240.69 - - [11/Dec/2020:09:30:17 +0800] "GET /xingrg/all/function/internal_message.html?_=1607650212697&CODE_STATE=getMsg HTTP/1.1" 200 27
101.83.240.69 - - [11/Dec/2020:09:30:18 +0800] "GET /xingrg/kc/buy/cgsh_order_add.html HTTP/1.1" 200 60992
101.83.240.69 - - [11/Dec/2020:09:30:19 +0800] "POST /xingrg/kc/buy/cgsh_order_operate.html HTTP/1.1" 200 8245
101.83.240.69 - - [11/Dec/2020:09:30:19 +0800] "GET /xingrg/javascript/easyui/themes/default/validatebox.css HTTP/1.1" 404 1104
114.84.32.187 - - [11/Dec/2020:09:30:23 +0800] "GET /xingrg/kc/buy/cgsh_order_operate.html?command=get_materiel&rest_code=00146&code=00101008168&supplier_code=00100005&order_time=2020-12-11 HTTP/1.1" 200 412
180.174.56.115 - - [11/Dec/2020:09:30:24 +0800] "POST /xingrg/all/user/operate.html HTTP/1.1" 200 36
180.152.104.37 - - [11/Dec/2020:09:30:24 +0800] "GET /xingrg/all/function/internal_message.html?_=1607650451520&CODE_STATE=getMsg HTTP/1.1" 200 27
180.174.56.115 - - [11/Dec/2020:09:30:24 +0800] "GET /xingrg/javascript/jquery_easy_ui/themes/default/easyui.css HTTP/1.1" 304 -
180.174.56.115 - - [11/Dec/2020:09:30:24 +0800] "GET /xingrg/index.html?sysBaseUrl=http%3A%2F%2F180.169.147.146%3A18081%2Fxingrg%2F&costTime=95×tamp=1607649157634 HTTP/1.1" 200 17179
180.174.56.115 - - [11/Dec/2020:09:30:24 +0800] "GET /xingrg/javascript/jquery_easy_ui/themes/icon.css HTTP/1.1" 304 -
180.174.56.115 - - [11/Dec/2020:09:30:24 +0800] "GET /xingrg/css/form.css HTTP/1.1" 304 -
180.174.56.115 - - [11/Dec/2020:09:30:24 +0800] "GET /xingrg/javascript/jquery-1.4.2.min.js HTTP/1.1" 304 -
180.174.56.115 - - [11/Dec/2020:09:30:24 +0800] "GET /xingrg/javascript/jquery_easy_ui/jquery.easyui.min.js HTTP/1.1" 304 -
180.174.56.115 - - [11/Dec/2020:09:30:24 +0800] "GET /xingrg/javascript/jquery_easy_ui/easyui-lang-zh_CN.js HTTP/1.1" 304 -
180.174.56.115 - - [11/Dec/2020:09:30:24 +0800] "GET /xingrg/javascript/jquery.form.js HTTP/1.1" 304 -
180.174.56.115 - - [11/Dec/2020:09:30:24 +0800] "GET /xingrg/javascript/jquery.utils.js HTTP/1.1" 304 -
180.174.56.115 - - [11/Dec/2020:09:30:24 +0800] "GET /xingrg/javascript/jquery.timers.js HTTP/1.1" 304 -
180.174.56.115 - - [11/Dec/2020:09:30:24 +0800] "GET /xingrg/images/blue/jxLogo.png HTTP/1.1" 304 -
180.174.56.115 - - [11/Dec/2020:09:30:24 +0800] "GET /xingrg/images/blue/navBackgound.jpg HTTP/1.1" 304 -
180.174.56.115 - - [11/Dec/2020:09:30:24 +0800] "GET /xingrg/javascript/jquery_easy_ui/themes/icons/settle_new.png HTTP/1.1" 304 -
180.174.56.115 - - [11/Dec/2020:09:30:24 +0800] "POST /xingrg/all/common/load_tree.html?tree=area_rest_tree_json&manage=1 HTTP/1.1" 200 476
180.174.56.115 - - [11/Dec/2020:09:30:24 +0800] "GET /xingrg/images/blue/pingpu.png HTTP/1.1" 304 -
180.174.56.115 - - [11/Dec/2020:09:30:24 +0800] "GET /xingrg/javascript/jquery_easy_ui/themes/default/images/tabs_leftarrow.png HTTP/1.1" 304 -
180.174.56.115 - - [11/Dec/2020:09:30:24 +0800] "GET /xingrg/javascript/jquery_easy_ui/themes/default/images/tabs_rightarrow.png HTTP/1.1" 304 -
180.174.56.115 - - [11/Dec/2020:09:30:24 +0800] "GET /xingrg/javascript/jquery_easy_ui/themes/default/images/panel_tool_collapse.gif HTTP/1.1" 304 -
180.174.56.115 - - [11/Dec/2020:09:30:24 +0800] "GET /xingrg/all/function/internal_message.html?_=1607650187779&CODE_STATE=count HTTP/1.1" 200 11
180.174.56.115 - - [11/Dec/2020:09:30:24 +0800] "GET /xingrg/check_reg.html?_=1607650187780 HTTP/1.1" 200 22
180.174.56.115 - - [11/Dec/2020:09:30:24 +0800] "POST /xingrg/load_menu.html HTTP/1.1" 200 5138
116.228.172.94 - - [11/Dec/2020:09:30:26 +0800] "GET /xingrg/check_reg.html?_=1607650222859 HTTP/1.1" 200 22
116.228.172.94 - - [11/Dec/2020:09:30:26 +0800] "GET /xingrg/all/function/internal_message.html?_=1607650222974&CODE_STATE=getMsg HTTP/1.1" 200 27
172.17.0.120 - - [11/Dec/2020:09:30:27 +0800] "GET /xingrg/all/function/internal_message.html?_=1607650730400&CODE_STATE=getMsg HTTP/1.1" 200 27
180.174.56.115 - - [11/Dec/2020:09:30:28 +0800] "GET /xingrg/css/blue.css HTTP/1.1" 304 -
180.174.56.115 - - [11/Dec/2020:09:30:28 +0800] "GET /xingrg/kc/mdqp/qqps_order_list.html HTTP/1.1" 200 9222
180.174.56.115 - - [11/Dec/2020:09:30:28 +0800] "GET /xingrg/javascript/myfunction.js HTTP/1.1" 304 -
180.174.56.115 - - [11/Dec/2020:09:30:28 +0800] "GET /xingrg/dwr/interface/AjaxReportQueryService.js HTTP/1.1" 200 13203
180.174.56.115 - - [11/Dec/2020:09:30:28 +0800] "GET /xingrg/dwr/util.js HTTP/1.1" 304 -
180.174.56.115 - - [11/Dec/2020:09:30:28 +0800] "GET /xingrg/javascript/Calendar.js HTTP/1.1" 304 -
180.174.56.115 - - [11/Dec/2020:09:30:28 +0800] "GET /xingrg/javascript/ToolTips.js HTTP/1.1" 304 -
180.174.56.115 - - [11/Dec/2020:09:30:28 +0800] "GET /xingrg/dwr/interface/AjaxQqpsService.js HTTP/1.1" 200 16326
180.174.56.115 - - [11/Dec/2020:09:30:28 +0800] "GET /xingrg/dwr/engine.js HTTP/1.1" 200 43631
180.162.223.42 - - [11/Dec/2020:09:30:31 +0800] "GET /xingrg/kc/buy/cgsh_order_list.html HTTP/1.1" 200 45202
180.162.223.42 - - [11/Dec/2020:09:30:32 +0800] "POST /xingrg/kc/buy/cgsh_list_operate.html HTTP/1.1" 200 3491
117.131.5.26 - - [11/Dec/2020:09:30:33 +0800] "POST /xingrg/services/DataTransmitService HTTP/1.1" 200 524
180.162.223.42 - - [11/Dec/2020:09:30:33 +0800] "GET /xingrg/all/function/internal_message.html?_=1607650233534&CODE_STATE=getMsg HTTP/1.1" 200 27
180.174.56.115 - - [11/Dec/2020:09:30:33 +0800] "GET /xingrg/kc/mdqp/qqps_order_list.html?isQuery=1&timeSelect=1&orderTime=day&startTime=2020-12-09&endTime=2020-12-11&state=all&query=%C8%B7++%B6%A8 HTTP/1.1" 200 12687
180.174.56.115 - - [11/Dec/2020:09:30:33 +0800] "GET /xingrg/dwr/interface/AjaxReportQueryService.js HTTP/1.1" 200 13203
180.174.56.115 - - [11/Dec/2020:09:30:33 +0800] "GET /xingrg/dwr/interface/AjaxQqpsService.js HTTP/1.1" 200 16326
180.174.56.115 - - [11/Dec/2020:09:30:33 +0800] "GET /xingrg/dwr/engine.js HTTP/1.1" 200 43631
117.131.5.26 - - [11/Dec/2020:09:30:33 +0800] "POST /xingrg/services/DataTransmitService HTTP/1.1" 200 2099
117.131.5.26 - - [11/Dec/2020:09:30:34 +0800] "POST /xingrg/services/DataTransmitService HTTP/1.1" 200 147991
180.162.223.42 - - [11/Dec/2020:09:30:35 +0800] "GET /xingrg/all/function/internal_message.html?_=1607650214783&CODE_STATE=getMsg HTTP/1.1" 200 27
180.174.56.115 - - [11/Dec/2020:09:30:36 +0800] "GET /xingrg/javascript/tools/jquery.qtip-1.0.0-rc3.min.js HTTP/1.1" 304 -
180.174.56.115 - - [11/Dec/2020:09:30:36 +0800] "GET /xingrg/javascript/AjaxInfoList.js HTTP/1.1" 304 -
180.174.56.115 - - [11/Dec/2020:09:30:36 +0800] "GET /xingrg/javascript/Grid.js HTTP/1.1" 304 -
180.174.56.115 - - [11/Dec/2020:09:30:36 +0800] "GET /xingrg/dwr/interface/AjaxQqpsService.js HTTP/1.1" 200 16326
180.174.56.115 - - [11/Dec/2020:09:30:36 +0800] "GET /xingrg/kc/mdqp/qqps_order_info.html?code=302020120900188 HTTP/1.1" 200 26409
180.174.56.115 - - [11/Dec/2020:09:30:36 +0800] "GET /xingrg/dwr/interface/AjaxComOrderService.js HTTP/1.1" 200 18264
180.174.56.115 - - [11/Dec/2020:09:30:36 +0800] "GET /xingrg/dwr/engine.js HTTP/1.1" 200 43631
180.174.56.115 - - [11/Dec/2020:09:30:37 +0800] "POST /xingrg/dwr/call/plaincall/AjaxQqpsService.loadMaterielItems.dwr HTTP/1.1" 200 11665
180.162.223.42 - - [11/Dec/2020:09:30:37 +0800] "POST /xingrg/kc/buy/cgsh_list_operate.html HTTP/1.1" 200 569
114.88.163.87 - - [11/Dec/2020:09:30:38 +0800] "GET /xingrg/all/function/internal_message.html?_=1607650366997&CODE_STATE=getMsg HTTP/1.1" 200 27
180.162.223.42 - - [11/Dec/2020:09:30:38 +0800] "GET /xingrg/kc/buy/cgsh_order_info.html?code=212020121104032 HTTP/1.1" 200 60989
101.85.93.83 - - [11/Dec/2020:09:30:38 +0800] "GET /xingrg/check_reg.html?_=1607649945187 HTTP/1.1" 200 22
101.85.93.83 - - [11/Dec/2020:09:30:38 +0800] "GET /xingrg/all/function/internal_message.html?_=1607649945190&CODE_STATE=getMsg HTTP/1.1" 200 27
180.162.223.42 - - [11/Dec/2020:09:30:39 +0800] "GET /xingrg/javascript/easyui/themes/default/validatebox.css HTTP/1.1" 404 1104
180.162.223.42 - - [11/Dec/2020:09:30:39 +0800] "POST /xingrg/kc/buy/cgsh_order_operate.html HTTP/1.1" 200 46421
222.69.133.109 - - [11/Dec/2020:09:30:41 +0800] "GET /xingrg/all/function/internal_message.html?_=1607650240649&CODE_STATE=getMsg HTTP/1.1" 200 27
116.228.172.94 - - [11/Dec/2020:09:30:46 +0800] "GET /xingrg/kc/buy/cgsh_order_operate.html?command=get_materiel&rest_code=00107&code=00101008344&supplier_code=00100006&order_time=2020-12-11 HTTP/1.1" 200 412
180.174.56.115 - - [11/Dec/2020:09:30:51 +0800] "GET /xingrg/images/yd/bt.gif HTTP/1.1" 404 1040
180.174.56.115 - - [11/Dec/2020:09:30:51 +0800] "GET /xingrg/all/function/internal_message.html?_=1607650251027&CODE_STATE=getMsg HTTP/1.1" 200 27
180.174.56.115 - - [11/Dec/2020:09:30:51 +0800] "GET /xingrg/images/yd/bt2.gif HTTP/1.1" 404 1042
114.84.32.187 - - [11/Dec/2020:09:30:51 +0800] "GET /xingrg/kc/buy/cgsh_order_operate.html?command=get_materiel&rest_code=00146&code=00101015012&supplier_code=00100005&order_time=2020-12-11 HTTP/1.1" 200 412
116.228.172.94 - - [11/Dec/2020:09:30:51 +0800] "POST /xingrg/kc/buy/cgsh_order_operate.html HTTP/1.1" 200 2065
223.167.127.220 - - [11/Dec/2020:09:30:53 +0800] "GET /xingrg/all/function/internal_message.html?_=1607650252883&CODE_STATE=getMsg HTTP/1.1" 302 -
114.88.159.147 - - [11/Dec/2020:09:30:53 +0800] "GET /xingrg/all/function/internal_message.html?_=1607649824996&CODE_STATE=getMsg HTTP/1.1" 200 27
101.83.240.69 - - [11/Dec/2020:09:30:55 +0800] "GET /xingrg/kc/buy/cgsh_order_operate.html?command=get_materiel&rest_code=00149&code=00101007081&supplier_code=00100205&order_time=2020-12-10 HTTP/1.1" 200 413
180.152.104.37 - - [11/Dec/2020:09:30:55 +0800] "GET /xingrg/login.html HTTP/1.1" 200 7641
114.84.32.187 - - [11/Dec/2020:09:30:56 +0800] "GET /xingrg/all/function/internal_message.html?_=1607650282880&CODE_STATE=getMsg HTTP/1.1" 302 -
180.152.104.37 - - [11/Dec/2020:09:30:56 +0800] "GET /xingrg/images/blue/jxLogo.png HTTP/1.1" 304 -
180.152.104.37 - - [11/Dec/2020:09:30:56 +0800] "GET /xingrg/images/blue/hj.png HTTP/1.1" 304 -
180.152.104.37 - - [11/Dec/2020:09:30:56 +0800] "GET /xingrg/images/blue/login_bg.png HTTP/1.1" 304 -
180.152.104.37 - - [11/Dec/2020:09:30:56 +0800] "GET /xingrg/images/blue/srbg.png HTTP/1.1" 304 -
180.152.104.37 - - [11/Dec/2020:09:30:56 +0800] "GET /favicon.ico HTTP/1.1" 404 -
116.228.172.94 - - [11/Dec/2020:09:30:58 +0800] "GET /xingrg/kc/buy/cgsh_order_operate.html?command=get_materiel&rest_code=00107&code=00101008264&supplier_code=00100006&order_time=2020-12-11 HTTP/1.1" 200 412
114.88.163.87 - - [11/Dec/2020:09:31:00 +0800] "GET /xingrg/all/function/internal_message.html?_=1607650255368&CODE_STATE=getMsg HTTP/1.1" 302 -
172.17.200.101 - - [11/Dec/2020:09:31:07 +0800] "GET /xingrg/all/function/internal_message.html?_=1607650268032&CODE_STATE=getMsg HTTP/1.1" 200 27
114.84.32.187 - - [11/Dec/2020:09:31:08 +0800] "GET /xingrg/kc/buy/cgsh_order_operate.html?command=get_materiel&rest_code=00146&code=00101008041&supplier_code=00100005&order_time=2020-12-11 HTTP/1.1" 200 408
117.185.32.26 - - [11/Dec/2020:09:31:16 +0800] "GET /xingrg/all/function/internal_message.html?_=1607650734223&CODE_STATE=getMsg HTTP/1.1" 200 27
101.83.240.69 - - [11/Dec/2020:09:31:16 +0800] "POST /xingrg/kc/buy/cgsh_order_operate.html HTTP/1.1" 200 37
116.228.172.94 - - [11/Dec/2020:09:31:16 +0800] "POST /xingrg/kc/buy/cgsh_order_operate.html HTTP/1.1" 200 88
114.84.32.187 - - [11/Dec/2020:09:31:17 +0800] "GET /xingrg/kc/buy/cgsh_order_operate.html?command=get_materiel&rest_code=00146&code=00101008307&supplier_code=00100005&order_time=2020-12-11 HTTP/1.1" 200 420
101.83.240.69 - - [11/Dec/2020:09:31:19 +0800] "POST /xingrg/kc/buy/cgsh_order_operate.html HTTP/1.1" 200 12
101.83.240.69 - - [11/Dec/2020:09:31:23 +0800] "GET /xingrg/kc/buy/cgsh_order_info.html?code=212020121104050 HTTP/1.1" 200 55893
101.83.240.69 - - [11/Dec/2020:09:31:23 +0800] "GET /xingrg/javascript/easyui/themes/default/validatebox.css HTTP/1.1" 404 1104
101.83.240.69 - - [11/Dec/2020:09:31:24 +0800] "POST /xingrg/kc/buy/cgsh_order_operate.html HTTP/1.1" 200 606
180.152.104.37 - - [11/Dec/2020:09:31:24 +0800] "GET /xingrg/all/function/internal_message.html?_=1607650511534&CODE_STATE=getMsg HTTP/1.1" 200 27
180.174.56.115 - - [11/Dec/2020:09:31:24 +0800] "GET /xingrg/all/function/internal_message.html?_=1607650247785&CODE_STATE=getMsg HTTP/1.1" 200 27
101.83.240.69 - - [11/Dec/2020:09:31:25 +0800] "GET /xingrg/kc/print/load_data.html?order_code=212020121104050&kc_code=cgsh&condition= HTTP/1.1" 200 691
116.228.172.94 - - [11/Dec/2020:09:31:27 +0800] "GET /xingrg/all/function/internal_message.html?_=1607650283969&CODE_STATE=getMsg HTTP/1.1" 200 27
172.17.0.120 - - [11/Dec/2020:09:31:27 +0800] "GET /xingrg/all/function/internal_message.html?_=1607650790401&CODE_STATE=getMsg HTTP/1.1" 200 27
101.83.240.69 - - [11/Dec/2020:09:31:30 +0800] "GET /xingrg/kc/buy/cgsh_order_add.html HTTP/1.1" 200 60992
101.83.240.69 - - [11/Dec/2020:09:31:30 +0800] "POST /xingrg/kc/buy/cgsh_order_operate.html HTTP/1.1" 200 8245
101.83.240.69 - - [11/Dec/2020:09:31:30 +0800] "GET /xingrg/javascript/easyui/themes/default/validatebox.css HTTP/1.1" 404 1104
116.228.172.94 - - [11/Dec/2020:09:31:31 +0800] "POST /xingrg/kc/buy/cgsh_order_operate.html HTTP/1.1" 200 37
114.84.32.187 - - [11/Dec/2020:09:31:32 +0800] "GET /xingrg/kc/buy/cgsh_order_operate.html?command=get_materiel&rest_code=00146&code=00101008271&supplier_code=00100005&order_time=2020-12-11 HTTP/1.1" 200 408
116.228.172.94 - - [11/Dec/2020:09:31:32 +0800] "POST /xingrg/kc/buy/cgsh_order_operate.html HTTP/1.1" 200 25725
180.162.223.42 - - [11/Dec/2020:09:31:33 +0800] "GET /xingrg/check_reg.html?_=1607650293502 HTTP/1.1" 200 22
180.162.223.42 - - [11/Dec/2020:09:31:33 +0800] "GET /xingrg/all/function/internal_message.html?_=1607650293506&CODE_STATE=getMsg HTTP/1.1" 200 27
180.162.223.42 - - [11/Dec/2020:09:31:35 +0800] "GET /xingrg/all/function/internal_message.html?_=1607650274783&CODE_STATE=getMsg HTTP/1.1" 200 27
116.228.172.94 - - [11/Dec/2020:09:31:35 +0800] "GET /xingrg/kc/print/load_config.html?kc_code=cgsh HTTP/1.1" 200 1845
180.162.223.42 - - [11/Dec/2020:09:31:35 +0800] "GET /xingrg/check_reg.html?_=1607650274786 HTTP/1.1" 200 22
116.228.172.94 - - [11/Dec/2020:09:31:36 +0800] "GET /xingrg/kc/print/load_data.html?order_code=212020121104052&kc_code=cgsh&condition= HTTP/1.1" 200 9410
114.88.163.87 - - [11/Dec/2020:09:31:38 +0800] "GET /xingrg/all/function/internal_message.html?_=1607650426972&CODE_STATE=getMsg HTTP/1.1" 200 27
101.85.93.83 - - [11/Dec/2020:09:31:38 +0800] "GET /xingrg/all/function/internal_message.html?_=1607650005189&CODE_STATE=getMsg HTTP/1.1" 200 27
116.228.172.94 - - [11/Dec/2020:09:31:41 +0800] "GET /xingrg/javascript/jquery_easy_ui/themes/default/images/tabs_active.png HTTP/1.1" 200 2894
222.69.133.109 - - [11/Dec/2020:09:31:41 +0800] "GET /xingrg/all/function/internal_message.html?_=1607650300651&CODE_STATE=getMsg HTTP/1.1" 200 27
114.84.32.187 - - [11/Dec/2020:09:31:41 +0800] "GET /xingrg/check_reg.html?_=1607650328643 HTTP/1.1" 302 -
114.84.32.187 - - [11/Dec/2020:09:31:42 +0800] "POST /xingrg/kc/buy/cgsh_order_operate.html HTTP/1.1" 200 2065
114.88.163.87 - - [11/Dec/2020:09:31:48 +0800] "GET /xingrg/check_reg.html?_=1607650303912 HTTP/1.1" 302 -
180.174.56.115 - - [11/Dec/2020:09:31:51 +0800] "GET /xingrg/all/function/internal_message.html?_=1607650311027&CODE_STATE=getMsg HTTP/1.1" 200 27
223.167.127.220 - - [11/Dec/2020:09:31:52 +0800] "GET /xingrg/check_reg.html?_=1607650312869 HTTP/1.1" 302 -
223.167.127.220 - - [11/Dec/2020:09:31:53 +0800] "GET /xingrg/all/function/internal_message.html?_=1607650312873&CODE_STATE=getMsg HTTP/1.1" 302 -
116.228.172.94 - - [11/Dec/2020:09:31:53 +0800] "GET /xingrg/kc/buy/cgsh_order_add.html HTTP/1.1" 200 61027
114.88.159.147 - - [11/Dec/2020:09:31:53 +0800] "GET /xingrg/all/function/internal_message.html?_=1607649884995&CODE_STATE=getMsg HTTP/1.1" 200 27
116.228.172.94 - - [11/Dec/2020:09:31:53 +0800] "GET /xingrg/javascript/easyui/themes/default/validatebox.css HTTP/1.1" 404 1104
101.83.240.69 - - [11/Dec/2020:09:31:54 +0800] "GET /xingrg/kc/buy/cgsh_order_operate.html?command=get_materiel&rest_code=00149&code=00101006144&supplier_code=00100012&order_time=2020-12-10 HTTP/1.1" 200 409
116.228.172.94 - - [11/Dec/2020:09:31:54 +0800] "POST /xingrg/kc/buy/cgsh_order_operate.html HTTP/1.1" 200 8245
116.228.172.94 - - [11/Dec/2020:09:31:55 +0800] "GET /xingrg/javascript/easyui/themes/default/tree.css HTTP/1.1" 404 1090
116.228.172.94 - - [11/Dec/2020:09:31:55 +0800] "POST /xingrg/all/common/load_tree.html?tree=supplier_tree_json&isDelete=1 HTTP/1.1" 200 52361
114.84.32.187 - - [11/Dec/2020:09:31:56 +0800] "GET /xingrg/all/function/internal_message.html?_=1607650342901&CODE_STATE=getMsg HTTP/1.1" 302 -
114.88.163.87 - - [11/Dec/2020:09:32:00 +0800] "GET /xingrg/all/function/internal_message.html?_=1607650315376&CODE_STATE=getMsg HTTP/1.1" 302 -
101.83.240.69 - - [11/Dec/2020:09:32:05 +0800] "GET /xingrg/kc/buy/cgsh_order_operate.html?command=get_materiel&rest_code=00149&code=00101006109&supplier_code=00100012&order_time=2020-12-10 HTTP/1.1" 200 409
172.17.200.101 - - [11/Dec/2020:09:32:07 +0800] "GET /xingrg/check_reg.html?_=1607650328034 HTTP/1.1" 200 22
172.17.200.101 - - [11/Dec/2020:09:32:07 +0800] "GET /xingrg/all/function/internal_message.html?_=1607650328038&CODE_STATE=getMsg HTTP/1.1" 200 27
117.185.32.26 - - [11/Dec/2020:09:32:16 +0800] "GET /xingrg/all/function/internal_message.html?_=1607650794221&CODE_STATE=getMsg HTTP/1.1" 200 27
101.83.240.69 - - [11/Dec/2020:09:32:17 +0800] "GET /xingrg/all/function/internal_message.html?_=1607650332715&CODE_STATE=getMsg HTTP/1.1" 200 27
116.228.172.94 - - [11/Dec/2020:09:32:21 +0800] "GET /xingrg/kc/buy/cgsh_order_operate.html?command=get_materiel&rest_code=00107&code=00101011010&supplier_code=00100049&order_time=2020-12-11 HTTP/1.1" 200 418
180.152.104.37 - - [11/Dec/2020:09:32:24 +0800] "GET /xingrg/all/function/internal_message.html?_=1607650571596&CODE_STATE=getMsg HTTP/1.1" 200 27
180.174.56.115 - - [11/Dec/2020:09:32:24 +0800] "GET /xingrg/all/function/internal_message.html?_=1607650307796&CODE_STATE=getMsg HTTP/1.1" 200 27
116.228.172.94 - - [11/Dec/2020:09:32:27 +0800] "GET /xingrg/all/function/internal_message.html?_=1607650343964&CODE_STATE=getMsg HTTP/1.1" 200 27
172.17.0.120 - - [11/Dec/2020:09:32:27 +0800] "GET /xingrg/all/function/internal_message.html?_=1607650850405&CODE_STATE=getMsg HTTP/1.1" 200 27
116.228.172.94 - - [11/Dec/2020:09:32:31 +0800] "POST /xingrg/kc/buy/cgsh_order_operate.html HTTP/1.1" 200 37
180.162.223.42 - - [11/Dec/2020:09:32:33 +0800] "GET /xingrg/all/function/internal_message.html?_=1607650353482&CODE_STATE=getMsg HTTP/1.1" 200 27
116.228.172.94 - - [11/Dec/2020:09:32:33 +0800] "POST /xingrg/kc/buy/cgsh_order_operate.html HTTP/1.1" 200 2664
116.228.172.94 - - [11/Dec/2020:09:32:35 +0800] "GET /xingrg/kc/print/load_data.html?order_code=212020121104053&kc_code=cgsh&condition= HTTP/1.1" 200 721
180.162.223.42 - - [11/Dec/2020:09:32:35 +0800] "GET /xingrg/all/function/internal_message.html?_=1607650334780&CODE_STATE=getMsg HTTP/1.1" 200 27
114.84.32.187 - - [11/Dec/2020:09:32:38 +0800] "GET /xingrg/kc/buy/cgsh_order_operate.html?command=get_materiel&rest_code=00146&code=00101008350&supplier_code=00100005&order_time=2020-12-11 HTTP/1.1" 200 408
114.88.163.87 - - [11/Dec/2020:09:32:38 +0800] "GET /xingrg/all/function/internal_message.html?_=1607650486953&CODE_STATE=getMsg HTTP/1.1" 200 27
101.83.240.69 - - [11/Dec/2020:09:32:38 +0800] "GET /xingrg/kc/buy/cgsh_order_operate.html?command=get_materiel&rest_code=00149&code=00101015087&supplier_code=00100012&order_time=2020-12-10 HTTP/1.1" 200 399
101.85.93.83 - - [11/Dec/2020:09:32:38 +0800] "GET /xingrg/all/function/internal_message.html?_=1607650065189&CODE_STATE=getMsg HTTP/1.1" 200 27
116.228.172.94 - - [11/Dec/2020:09:32:40 +0800] "GET /xingrg/kc/buy/cgsh_order_add.html HTTP/1.1" 200 61027
116.228.172.94 - - [11/Dec/2020:09:32:41 +0800] "GET /xingrg/javascript/easyui/themes/default/validatebox.css HTTP/1.1" 404 1104
116.228.172.94 - - [11/Dec/2020:09:32:41 +0800] "POST /xingrg/kc/buy/cgsh_order_operate.html HTTP/1.1" 200 8245
222.69.133.109 - - [11/Dec/2020:09:32:41 +0800] "GET /xingrg/all/function/internal_message.html?_=1607650360652&CODE_STATE=getMsg HTTP/1.1" 200 27
116.228.172.94 - - [11/Dec/2020:09:32:42 +0800] "GET /xingrg/javascript/easyui/themes/default/tree.css HTTP/1.1" 404 1090
116.228.172.94 - - [11/Dec/2020:09:32:42 +0800] "POST /xingrg/all/common/load_tree.html?tree=supplier_tree_json&isDelete=1 HTTP/1.1" 200 52361
180.152.104.37 - - [11/Dec/2020:09:32:49 +0800] "GET /xingrg/kc/buy/cgsh_order_operate.html?command=get_materiel&rest_code=00102&code=00101007049&supplier_code=00100002&order_time=2020-12-11 HTTP/1.1" 200 409
180.174.56.115 - - [11/Dec/2020:09:32:51 +0800] "GET /xingrg/all/function/internal_message.html?_=1607650371037&CODE_STATE=getMsg HTTP/1.1" 200 27
223.167.127.220 - - [11/Dec/2020:09:32:52 +0800] "GET /xingrg/all/function/internal_message.html?_=1607650372872&CODE_STATE=getMsg HTTP/1.1" 302 -
114.84.32.187 - - [11/Dec/2020:09:32:53 +0800] "POST /xingrg/kc/buy/cgsh_order_operate.html HTTP/1.1" 200 37
101.83.240.69 - - [11/Dec/2020:09:32:53 +0800] "GET /xingrg/kc/buy/cgsh_order_operate.html?command=get_materiel&rest_code=00149&code=00101006129&supplier_code=00100012&order_time=2020-12-10 HTTP/1.1" 200 431
114.88.159.147 - - [11/Dec/2020:09:32:53 +0800] "GET /xingrg/all/function/internal_message.html?_=1607649945020&CODE_STATE=getMsg HTTP/1.1" 200 27
114.84.32.187 - - [11/Dec/2020:09:32:56 +0800] "GET /xingrg/all/function/internal_message.html?_=1607650402908&CODE_STATE=getMsg HTTP/1.1" 302 -
114.84.32.187 - - [11/Dec/2020:09:32:57 +0800] "POST /xingrg/kc/buy/cgsh_order_operate.html HTTP/1.1" 200 48796
116.228.172.94 - - [11/Dec/2020:09:32:58 +0800] "GET /xingrg/kc/buy/cgsh_order_operate.html?command=get_materiel&rest_code=00107&code=00101002007&supplier_code=00100199&order_time=2020-12-11 HTTP/1.1" 200 411
114.88.163.87 - - [11/Dec/2020:09:33:00 +0800] "GET /xingrg/all/function/internal_message.html?_=1607650375424&CODE_STATE=getMsg HTTP/1.1" 302 -
114.84.32.187 - - [11/Dec/2020:09:33:04 +0800] "GET /xingrg/kc/print/load_config.html?kc_code=cgsh HTTP/1.1" 200 1845
114.84.32.187 - - [11/Dec/2020:09:33:04 +0800] "GET /xingrg/kc/print/load_data.html?order_code=212020121104054&kc_code=cgsh&condition= HTTP/1.1" 200 18162
114.84.32.187 - - [11/Dec/2020:09:33:05 +0800] "GET /xingrg/check_reg.html?_=1607650402819 HTTP/1.1" 200 22
172.17.200.101 - - [11/Dec/2020:09:33:07 +0800] "GET /xingrg/all/function/internal_message.html?_=1607650388026&CODE_STATE=getMsg HTTP/1.1" 200 27
116.228.172.94 - - [11/Dec/2020:09:33:11 +0800] "POST /xingrg/kc/buy/cgsh_order_operate.html HTTP/1.1" 200 37
116.228.172.94 - - [11/Dec/2020:09:33:12 +0800] "POST /xingrg/kc/buy/cgsh_order_operate.html HTTP/1.1" 200 2658
116.228.172.94 - - [11/Dec/2020:09:33:13 +0800] "GET /xingrg/kc/print/load_data.html?order_code=212020121104055&kc_code=cgsh&condition= HTTP/1.1" 200 666
114.84.32.187 - - [11/Dec/2020:09:33:16 +0800] "POST /xingrg/kc/buy/cgsh_order_operate.html HTTP/1.1" 200 37
117.185.32.26 - - [11/Dec/2020:09:33:16 +0800] "GET /xingrg/all/function/internal_message.html?_=1607650854222&CODE_STATE=getMsg HTTP/1.1" 200 27
101.83.240.69 - - [11/Dec/2020:09:33:17 +0800] "GET /xingrg/all/function/internal_message.html?_=1607650392688&CODE_STATE=getMsg HTTP/1.1" 200 27
114.84.32.187 - - [11/Dec/2020:09:33:17 +0800] "POST /xingrg/kc/buy/cgsh_order_operate.html HTTP/1.1" 200 48796
116.228.172.94 - - [11/Dec/2020:09:33:17 +0800] "GET /xingrg/kc/buy/cgsh_order_add.html HTTP/1.1" 200 61027
116.228.172.94 - - [11/Dec/2020:09:33:18 +0800] "GET /xingrg/javascript/easyui/themes/default/validatebox.css HTTP/1.1" 404 1104
116.228.172.94 - - [11/Dec/2020:09:33:18 +0800] "POST /xingrg/kc/buy/cgsh_order_operate.html HTTP/1.1" 200 8245
116.228.172.94 - - [11/Dec/2020:09:33:19 +0800] "GET /xingrg/javascript/easyui/themes/default/tree.css HTTP/1.1" 404 1090
116.228.172.94 - - [11/Dec/2020:09:33:19 +0800] "POST /xingrg/all/common/load_tree.html?tree=supplier_tree_json&isDelete=1 HTTP/1.1" 200 52361
180.152.104.37 - - [11/Dec/2020:09:33:22 +0800] "GET /xingrg/kc/buy/cgsh_order_operate.html?command=get_materiel&rest_code=00102&code=00101007125&supplier_code=00100002&order_time=2020-12-11 HTTP/1.1" 200 408
180.152.104.37 - - [11/Dec/2020:09:33:24 +0800] "GET /xingrg/all/function/internal_message.html?_=1607650631607&CODE_STATE=getMsg HTTP/1.1" 200 27
180.174.56.115 - - [11/Dec/2020:09:33:24 +0800] "GET /xingrg/all/function/internal_message.html?_=1607650367812&CODE_STATE=getMsg HTTP/1.1" 200 27
116.228.172.94 - - [11/Dec/2020:09:33:27 +0800] "GET /xingrg/all/function/internal_message.html?_=1607650403952&CODE_STATE=getMsg HTTP/1.1" 200 27
172.17.0.120 - - [11/Dec/2020:09:33:27 +0800] "GET /xingrg/all/function/internal_message.html?_=1607650910393&CODE_STATE=getMsg HTTP/1.1" 200 27
180.162.223.42 - - [11/Dec/2020:09:33:33 +0800] "GET /xingrg/all/function/internal_message.html?_=1607650413457&CODE_STATE=getMsg HTTP/1.1" 200 27
101.83.240.69 - - [11/Dec/2020:09:33:35 +0800] "GET /xingrg/kc/buy/cgsh_order_operate.html?command=get_materiel&rest_code=00149&code=00101006057&supplier_code=00100012&order_time=2020-12-10 HTTP/1.1" 200 413
180.162.223.42 - - [11/Dec/2020:09:33:35 +0800] "GET /xingrg/all/function/internal_message.html?_=1607650394780&CODE_STATE=getMsg HTTP/1.1" 200 27
114.88.163.87 - - [11/Dec/2020:09:33:38 +0800] "GET /xingrg/all/function/internal_message.html?_=1607650546921&CODE_STATE=getMsg HTTP/1.1" 200 27
101.85.93.83 - - [11/Dec/2020:09:33:38 +0800] "GET /xingrg/all/function/internal_message.html?_=1607650125190&CODE_STATE=getMsg HTTP/1.1" 200 27
116.228.172.94 - - [11/Dec/2020:09:33:38 +0800] "GET /xingrg/kc/buy/cgsh_order_operate.html?command=get_materiel&rest_code=00107&code=00101006011&supplier_code=00100010&order_time=2020-12-11 HTTP/1.1" 200 409
222.69.133.109 - - [11/Dec/2020:09:33:41 +0800] "GET /xingrg/all/function/internal_message.html?_=1607650420654&CODE_STATE=getMsg HTTP/1.1" 200 27
101.83.240.69 - - [11/Dec/2020:09:33:46 +0800] "GET /xingrg/kc/buy/cgsh_order_operate.html?command=get_materiel&rest_code=00149&code=00101006056&supplier_code=00100012&order_time=2020-12-10 HTTP/1.1" 200 413
114.84.4.90 - - [11/Dec/2020:09:33:46 +0800] "POST /xingrg/services/DataTransmitService HTTP/1.1" 200 524
180.174.56.115 - - [11/Dec/2020:09:33:51 +0800] "GET /xingrg/check_reg.html?_=1607650431031 HTTP/1.1" 200 22
180.174.56.115 - - [11/Dec/2020:09:33:51 +0800] "GET /xingrg/all/function/internal_message.html?_=1607650431032&CODE_STATE=getMsg HTTP/1.1" 200 27
116.228.172.94 - - [11/Dec/2020:09:33:51 +0800] "GET /xingrg/kc/buy/cgsh_order_operate.html?command=get_materiel&rest_code=00107&code=00101006111&supplier_code=00100010&order_time=2020-12-11 HTTP/1.1" 200 409
223.167.127.220 - - [11/Dec/2020:09:33:52 +0800] "GET /xingrg/all/function/internal_message.html?_=1607650432871&CODE_STATE=getMsg HTTP/1.1" 302 -
114.88.159.147 - - [11/Dec/2020:09:33:53 +0800] "GET /xingrg/all/function/internal_message.html?_=1607650005019&CODE_STATE=getMsg HTTP/1.1" 200 27
114.88.159.147 - - [11/Dec/2020:09:33:53 +0800] "GET /xingrg/check_reg.html?_=1607650005020 HTTP/1.1" 200 22
114.84.32.187 - - [11/Dec/2020:09:33:56 +0800] "GET /xingrg/all/function/internal_message.html?_=1607650462929&CODE_STATE=getMsg HTTP/1.1" 302 -
114.88.163.87 - - [11/Dec/2020:09:34:00 +0800] "GET /xingrg/all/function/internal_message.html?_=1607650435433&CODE_STATE=getMsg HTTP/1.1" 302 -
116.228.172.94 - - [11/Dec/2020:09:34:06 +0800] "GET /xingrg/kc/buy/cgsh_order_operate.html?command=get_materiel&rest_code=00107&code=00101006115&supplier_code=00100010&order_time=2020-12-11 HTTP/1.1" 200 409
172.17.200.101 - - [11/Dec/2020:09:34:07 +0800] "GET /xingrg/all/function/internal_message.html?_=1607650448027&CODE_STATE=getMsg HTTP/1.1" 200 27
116.232.52.177 - - [11/Dec/2020:09:34:13 +0800] "GET /xingrg/login.html HTTP/1.1" 200 7641
116.232.52.177 - - [11/Dec/2020:09:34:14 +0800] "GET /favicon.ico HTTP/1.1" 404 -
116.228.172.94 - - [11/Dec/2020:09:34:16 +0800] "GET /xingrg/kc/buy/cgsh_order_operate.html?command=get_materiel&rest_code=00107&code=00101007067&supplier_code=00100010&order_time=2020-12-11 HTTP/1.1" 200 409
117.185.32.26 - - [11/Dec/2020:09:34:16 +0800] "GET /xingrg/check_reg.html?_=1607650914219 HTTP/1.1" 200 22
117.185.32.26 - - [11/Dec/2020:09:34:16 +0800] "GET /xingrg/all/function/internal_message.html?_=1607650914221&CODE_STATE=getMsg HTTP/1.1" 200 27
101.83.240.69 - - [11/Dec/2020:09:34:17 +0800] "GET /xingrg/all/function/internal_message.html?_=1607650452661&CODE_STATE=getMsg HTTP/1.1" 200 27
116.232.52.177 - - [11/Dec/2020:09:34:17 +0800] "POST /xingrg/login.do HTTP/1.1" 302 -
116.232.52.177 - - [11/Dec/2020:09:34:17 +0800] "GET /xingrg/index.html?sysBaseUrl=http%3A%2F%2F180.169.147.146%3A18081%2Fxingrg%2F&costTime=51×tamp=1607650457759 HTTP/1.1" 200 17173
116.232.52.177 - - [11/Dec/2020:09:34:17 +0800] "GET /favicon.ico HTTP/1.1" 404 -
116.232.52.177 - - [11/Dec/2020:09:34:18 +0800] "POST /xingrg/all/common/load_tree.html?tree=area_rest_tree_json&manage=1 HTTP/1.1" 200 342
116.232.52.177 - - [11/Dec/2020:09:34:18 +0800] "GET /xingrg/check_reg.html?_=1607650460878 HTTP/1.1" 200 22
116.232.52.177 - - [11/Dec/2020:09:34:18 +0800] "GET /xingrg/all/function/internal_message.html?_=1607650460878&CODE_STATE=count HTTP/1.1" 200 11
116.232.52.177 - - [11/Dec/2020:09:34:18 +0800] "POST /xingrg/load_menu.html HTTP/1.1" 200 5138
180.152.104.37 - - [11/Dec/2020:09:34:24 +0800] "GET /xingrg/check_reg.html?_=1607650691199 HTTP/1.1" 200 22
180.152.104.37 - - [11/Dec/2020:09:34:24 +0800] "GET /xingrg/all/function/internal_message.html?_=1607650691622&CODE_STATE=getMsg HTTP/1.1" 200 27
180.174.56.115 - - [11/Dec/2020:09:34:24 +0800] "GET /xingrg/all/function/internal_message.html?_=1607650427823&CODE_STATE=getMsg HTTP/1.1" 200 27
116.228.172.94 - - [11/Dec/2020:09:34:27 +0800] "GET /xingrg/all/function/internal_message.html?_=1607650463944&CODE_STATE=getMsg HTTP/1.1" 200 27
172.17.0.120 - - [11/Dec/2020:09:34:27 +0800] "GET /xingrg/all/function/internal_message.html?_=1607650970401&CODE_STATE=getMsg HTTP/1.1" 200 27
172.17.0.120 - - [11/Dec/2020:09:34:27 +0800] "GET /xingrg/check_reg.html?_=1607650970408 HTTP/1.1" 200 22
116.228.172.94 - - [11/Dec/2020:09:34:30 +0800] "GET /xingrg/kc/buy/cgsh_order_operate.html?command=get_materiel&rest_code=00107&code=00101006068&supplier_code=00100010&order_time=2020-12-11 HTTP/1.1" 200 409
180.152.104.37 - - [11/Dec/2020:09:34:32 +0800] "GET /xingrg/kc/buy/cgsh_order_operate.html?command=get_materiel&rest_code=00102&code=00101007038&supplier_code=00100002&order_time=2020-12-11 HTTP/1.1" 200 443
180.162.223.42 - - [11/Dec/2020:09:34:33 +0800] "GET /xingrg/all/function/internal_message.html?_=1607650473438&CODE_STATE=getMsg HTTP/1.1" 200 27
180.162.223.42 - - [11/Dec/2020:09:34:35 +0800] "GET /xingrg/all/function/internal_message.html?_=1607650454780&CODE_STATE=getMsg HTTP/1.1" 200 27
