180.157.253.48 - - [11/Dec/2020:10:05:18 +0800] "GET /xingrg/kc/buy/cgsh_order_operate.html?command=get_materiel&rest_code=00148&code=00101016057&supplier_code=00100036&order_time=2020-12-11 HTTP/1.1" 200 408
114.88.159.147 - - [11/Dec/2020:10:05:19 +0800] "GET /xingrg/all/function/internal_message.html?_=1607652322997&CODE_STATE=getMsg HTTP/1.1" 200 27
114.88.163.87 - - [11/Dec/2020:10:05:20 +0800] "GET /xingrg/all/function/internal_message.html?_=1607652449254&CODE_STATE=getMsg HTTP/1.1" 200 27
114.88.159.147 - - [11/Dec/2020:10:05:23 +0800] "GET /xingrg/kc/buy/cgsh_order_operate.html?command=get_materiel&rest_code=00141&code=00101008337&supplier_code=00100007&order_time=2020-12-11 HTTP/1.1" 200 408
180.152.104.37 - - [11/Dec/2020:10:05:25 +0800] "GET /xingrg/all/function/internal_message.html?_=1607652552977&CODE_STATE=getMsg HTTP/1.1" 200 27
116.228.172.94 - - [11/Dec/2020:10:05:26 +0800] "GET /xingrg/check_reg.html?_=1607652323101 HTTP/1.1" 200 22
116.228.172.94 - - [11/Dec/2020:10:05:27 +0800] "GET /xingrg/all/function/internal_message.html?_=1607652324087&CODE_STATE=getMsg HTTP/1.1" 200 27
172.17.0.120 - - [11/Dec/2020:10:05:27 +0800] "GET /xingrg/all/function/internal_message.html?_=1607652830400&CODE_STATE=getMsg HTTP/1.1" 200 27
114.88.159.147 - - [11/Dec/2020:10:05:28 +0800] "GET /xingrg/kc/buy/cgsh_order_operate.html?command=get_materiel&rest_code=00141&code=00101008010&supplier_code=00100007&order_time=2020-12-11 HTTP/1.1" 200 412
61.129.6.251 - - [11/Dec/2020:10:05:30 +0800] "GET /xingrg/check_reg.html?_=1607651662967 HTTP/1.1" 302 -
180.162.223.42 - - [11/Dec/2020:10:05:32 +0800] "GET /xingrg/all/function/internal_message.html?_=1607652332738&CODE_STATE=getMsg HTTP/1.1" 200 27
180.157.253.48 - - [11/Dec/2020:10:05:34 +0800] "GET /xingrg/all/function/internal_message.html?_=1607652333786&CODE_STATE=getMsg HTTP/1.1" 200 27
180.157.253.48 - - [11/Dec/2020:10:05:34 +0800] "POST /xingrg/kc/buy/cgsh_order_operate.html HTTP/1.1" 200 37
114.88.163.87 - - [11/Dec/2020:10:05:35 +0800] "GET /xingrg/all/function/internal_message.html?_=1607652330460&CODE_STATE=getMsg HTTP/1.1" 200 27
114.88.159.147 - - [11/Dec/2020:10:05:36 +0800] "GET /xingrg/kc/buy/cgsh_order_operate.html?command=get_materiel&rest_code=00141&code=00101008026&supplier_code=00100007&order_time=2020-12-11 HTTP/1.1" 200 409
61.129.6.251 - - [11/Dec/2020:10:05:38 +0800] "GET /xingrg/login.html HTTP/1.1" 200 7641
101.85.93.83 - - [11/Dec/2020:10:05:38 +0800] "GET /xingrg/check_reg.html?_=1607652045222 HTTP/1.1" 200 22
101.85.93.83 - - [11/Dec/2020:10:05:38 +0800] "GET /xingrg/all/function/internal_message.html?_=1607652045225&CODE_STATE=getMsg HTTP/1.1" 200 27
101.85.93.83 - - [11/Dec/2020:10:05:39 +0800] "POST /xingrg/all/common/load_select.html HTTP/1.1" 200 25
222.69.133.109 - - [11/Dec/2020:10:05:41 +0800] "GET /xingrg/all/function/internal_message.html?_=1607652340712&CODE_STATE=getMsg HTTP/1.1" 200 27
114.88.159.147 - - [11/Dec/2020:10:05:42 +0800] "GET /xingrg/kc/buy/cgsh_order_operate.html?command=get_materiel&rest_code=00141&code=00101008038&supplier_code=00100007&order_time=2020-12-11 HTTP/1.1" 200 412
180.157.253.48 - - [11/Dec/2020:10:05:44 +0800] "POST /xingrg/kc/buy/cgsh_order_operate.html HTTP/1.1" 200 9162
117.184.7.26 - - [11/Dec/2020:10:05:45 +0800] "POST /xingrg/dwr/call/plaincall/AjaxYddbService.saveOrder.dwr HTTP/1.1" 200 78
222.69.133.109 - - [11/Dec/2020:10:05:47 +0800] "GET /xingrg/kc/buy/cgsh_order_operate.html?command=get_materiel&rest_code=00154&code=00101008155&supplier_code=00100417&order_time=2020-12-11 HTTP/1.1" 200 408
114.88.159.147 - - [11/Dec/2020:10:05:48 +0800] "GET /xingrg/kc/buy/cgsh_order_operate.html?command=get_materiel&rest_code=00141&code=00101008017&supplier_code=00100007&order_time=2020-12-11 HTTP/1.1" 200 416
180.162.223.42 - - [11/Dec/2020:10:05:51 +0800] "GET /xingrg/all/function/internal_message.html?_=1607652330704&CODE_STATE=getMsg HTTP/1.1" 200 27
116.228.172.94 - - [11/Dec/2020:10:05:52 +0800] "GET /xingrg/all/function/internal_message.html?_=1607652349034&CODE_STATE=getMsg HTTP/1.1" 200 27
116.228.172.94 - - [11/Dec/2020:10:05:52 +0800] "GET /xingrg/check_reg.html?_=1607652349036 HTTP/1.1" 200 22
223.167.127.220 - - [11/Dec/2020:10:05:53 +0800] "GET /xingrg/all/function/internal_message.html?_=1607652352897&CODE_STATE=getMsg HTTP/1.1" 302 -
120.253.135.82 - - [11/Dec/2020:10:05:53 +0800] "GET /xingrg/all/function/internal_message.html?_=1607652103271&CODE_STATE=getMsg HTTP/1.1" 200 27
114.88.159.147 - - [11/Dec/2020:10:05:53 +0800] "GET /xingrg/all/function/internal_message.html?_=1607651925109&CODE_STATE=getMsg HTTP/1.1" 200 27
114.88.159.147 - - [11/Dec/2020:10:05:55 +0800] "GET /xingrg/kc/buy/cgsh_order_operate.html?command=get_materiel&rest_code=00141&code=00101008163&supplier_code=00100007&order_time=2020-12-11 HTTP/1.1" 200 409
117.184.7.26 - - [11/Dec/2020:10:05:55 +0800] "POST /xingrg/kc/base/yddb_list_operate.html HTTP/1.1" 200 283
114.84.32.187 - - [11/Dec/2020:10:05:56 +0800] "GET /xingrg/all/function/internal_message.html?_=1607652383365&CODE_STATE=getMsg HTTP/1.1" 302 -
117.184.7.26 - - [11/Dec/2020:10:05:57 +0800] "POST /xingrg/kc/base/yddb_list_operate.html HTTP/1.1" 200 217
117.184.7.26 - - [11/Dec/2020:10:05:58 +0800] "POST /xingrg/kc/base/yddb_list_operate.html HTTP/1.1" 200 579
117.184.7.26 - - [11/Dec/2020:10:05:58 +0800] "GET /xingrg/all/function/internal_message.html?_=1607652347037&CODE_STATE=getMsg HTTP/1.1" 200 27
117.184.7.26 - - [11/Dec/2020:10:06:00 +0800] "POST /xingrg/kc/base/yddb_list_operate.html HTTP/1.1" 200 284
114.88.159.147 - - [11/Dec/2020:10:06:00 +0800] "GET /xingrg/kc/buy/cgsh_order_operate.html?command=get_materiel&rest_code=00141&code=00101008355&supplier_code=00100007&order_time=2020-12-11 HTTP/1.1" 200 408
180.174.56.115 - - [11/Dec/2020:10:06:01 +0800] "GET /xingrg/all/function/internal_message.html?_=1607652360754&CODE_STATE=getMsg HTTP/1.1" 200 27
117.184.7.26 - - [11/Dec/2020:10:06:02 +0800] "POST /xingrg/kc/base/yddb_list_operate.html HTTP/1.1" 200 4452
117.184.7.26 - - [11/Dec/2020:10:06:05 +0800] "POST /xingrg/kc/base/yddb_list_operate.html HTTP/1.1" 200 276
114.88.159.147 - - [11/Dec/2020:10:06:05 +0800] "GET /xingrg/kc/buy/cgsh_order_operate.html?command=get_materiel&rest_code=00141&code=00101008264&supplier_code=00100007&order_time=2020-12-11 HTTP/1.1" 200 412
117.184.7.26 - - [11/Dec/2020:10:06:06 +0800] "POST /xingrg/kc/base/yddb_list_operate.html HTTP/1.1" 200 201
172.17.200.101 - - [11/Dec/2020:10:06:07 +0800] "GET /xingrg/all/function/internal_message.html?_=1607652368040&CODE_STATE=getMsg HTTP/1.1" 200 27
117.184.7.26 - - [11/Dec/2020:10:06:08 +0800] "POST /xingrg/kc/base/yddb_list_operate.html HTTP/1.1" 200 225
117.184.7.26 - - [11/Dec/2020:10:06:08 +0800] "POST /xingrg/kc/base/yddb_list_operate.html HTTP/1.1" 200 434
172.17.0.100 - - [11/Dec/2020:10:06:09 +0800] "GET /xingrg/all/function/internal_message.html?_=1607652427322&CODE_STATE=getMsg HTTP/1.1" 200 27
222.69.133.109 - - [11/Dec/2020:10:06:09 +0800] "GET /xingrg/kc/buy/cgsh_order_operate.html?command=get_materiel&rest_code=00154&code=00101008357&supplier_code=00100417&order_time=2020-12-11 HTTP/1.1" 200 408
117.184.7.26 - - [11/Dec/2020:10:06:09 +0800] "POST /xingrg/kc/base/yddb_list_operate.html HTTP/1.1" 200 352
117.184.7.26 - - [11/Dec/2020:10:06:10 +0800] "POST /xingrg/kc/base/yddb_list_operate.html HTTP/1.1" 200 209
117.184.7.26 - - [11/Dec/2020:10:06:11 +0800] "POST /xingrg/kc/base/yddb_list_operate.html HTTP/1.1" 200 586
114.88.159.147 - - [11/Dec/2020:10:06:11 +0800] "GET /xingrg/kc/buy/cgsh_order_operate.html?command=get_materiel&rest_code=00141&code=00101008272&supplier_code=00100007&order_time=2020-12-11 HTTP/1.1" 200 412
117.184.7.26 - - [11/Dec/2020:10:06:15 +0800] "POST /xingrg/kc/base/yddb_list_operate.html HTTP/1.1" 200 4428
117.184.7.26 - - [11/Dec/2020:10:06:16 +0800] "POST /xingrg/kc/base/yddb_list_operate.html HTTP/1.1" 200 202
101.83.240.69 - - [11/Dec/2020:10:06:16 +0800] "GET /xingrg/all/function/internal_message.html?_=1607652371873&CODE_STATE=getMsg HTTP/1.1" 200 27
117.185.32.26 - - [11/Dec/2020:10:06:16 +0800] "GET /xingrg/all/function/internal_message.html?_=1607652834364&CODE_STATE=getMsg HTTP/1.1" 200 27
117.184.7.26 - - [11/Dec/2020:10:06:16 +0800] "POST /xingrg/kc/base/yddb_list_operate.html HTTP/1.1" 200 202
114.88.159.147 - - [11/Dec/2020:10:06:17 +0800] "GET /xingrg/kc/buy/cgsh_order_operate.html?command=get_materiel&rest_code=00141&code=00101008137&supplier_code=00100007&order_time=2020-12-11 HTTP/1.1" 200 408
117.184.7.26 - - [11/Dec/2020:10:06:17 +0800] "POST /xingrg/kc/base/yddb_list_operate.html HTTP/1.1" 200 202
101.83.240.69 - - [11/Dec/2020:10:06:17 +0800] "GET /xingrg/check_reg.html?_=1607652372640 HTTP/1.1" 200 22
116.232.52.177 - - [11/Dec/2020:10:06:18 +0800] "GET /xingrg/all/function/internal_message.html?_=1607652380962&CODE_STATE=getMsg HTTP/1.1" 200 27
117.184.7.26 - - [11/Dec/2020:10:06:18 +0800] "POST /xingrg/kc/base/yddb_list_operate.html HTTP/1.1" 200 209
101.85.93.83 - - [11/Dec/2020:10:06:19 +0800] "POST /xingrg/all/common/load_select.html HTTP/1.1" 200 25
114.88.159.147 - - [11/Dec/2020:10:06:19 +0800] "GET /xingrg/all/function/internal_message.html?_=1607652383025&CODE_STATE=getMsg HTTP/1.1" 200 27
117.184.7.26 - - [11/Dec/2020:10:06:19 +0800] "POST /xingrg/kc/base/yddb_list_operate.html HTTP/1.1" 200 4326
114.88.163.87 - - [11/Dec/2020:10:06:20 +0800] "GET /xingrg/all/function/internal_message.html?_=1607652509259&CODE_STATE=getMsg HTTP/1.1" 200 27
117.184.7.26 - - [11/Dec/2020:10:06:20 +0800] "POST /xingrg/kc/base/yddb_list_operate.html HTTP/1.1" 200 590
117.184.7.26 - - [11/Dec/2020:10:06:22 +0800] "GET /xingrg/kc/base/yddb_order_info.html?code=482020121100080 HTTP/1.1" 200 31299
117.184.7.26 - - [11/Dec/2020:10:06:22 +0800] "GET /xingrg/dwr/interface/AjaxComOrderService.js HTTP/1.1" 200 18264
117.184.7.26 - - [11/Dec/2020:10:06:22 +0800] "GET /xingrg/dwr/interface/AjaxYddbService.js HTTP/1.1" 200 13201
117.184.7.26 - - [11/Dec/2020:10:06:22 +0800] "GET /xingrg/dwr/engine.js HTTP/1.1" 200 43631
117.184.7.26 - - [11/Dec/2020:10:06:22 +0800] "POST /xingrg/dwr/call/plaincall/AjaxYddbService.loadMaterielItems.dwr HTTP/1.1" 200 2347
114.88.159.147 - - [11/Dec/2020:10:06:22 +0800] "GET /xingrg/kc/buy/cgsh_order_operate.html?command=get_materiel&rest_code=00141&code=00101008360&supplier_code=00100007&order_time=2020-12-11 HTTP/1.1" 200 413
180.152.104.37 - - [11/Dec/2020:10:06:25 +0800] "GET /xingrg/all/function/internal_message.html?_=1607652612991&CODE_STATE=getMsg HTTP/1.1" 200 27
116.228.172.94 - - [11/Dec/2020:10:06:27 +0800] "GET /xingrg/all/function/internal_message.html?_=1607652384076&CODE_STATE=getMsg HTTP/1.1" 200 27
172.17.0.120 - - [11/Dec/2020:10:06:27 +0800] "GET /xingrg/all/function/internal_message.html?_=1607652890400&CODE_STATE=getMsg HTTP/1.1" 200 27
117.184.7.26 - - [11/Dec/2020:10:06:27 +0800] "POST /xingrg/dwr/call/plaincall/AjaxYddbService.objCheckOrder.dwr HTTP/1.1" 200 78
117.184.7.26 - - [11/Dec/2020:10:06:28 +0800] "GET /xingrg/kc/base/yddb_order_info.html?code=482020121100080 HTTP/1.1" 200 31409
114.88.159.147 - - [11/Dec/2020:10:06:28 +0800] "GET /xingrg/kc/buy/cgsh_order_operate.html?command=get_materiel&rest_code=00141&code=00101008357&supplier_code=00100007&order_time=2020-12-11 HTTP/1.1" 200 409
117.184.7.26 - - [11/Dec/2020:10:06:28 +0800] "GET /xingrg/dwr/interface/AjaxYddbService.js HTTP/1.1" 200 13201
117.184.7.26 - - [11/Dec/2020:10:06:28 +0800] "GET /xingrg/dwr/interface/AjaxComOrderService.js HTTP/1.1" 200 18264
117.184.7.26 - - [11/Dec/2020:10:06:28 +0800] "GET /xingrg/dwr/engine.js HTTP/1.1" 200 43631
117.184.7.26 - - [11/Dec/2020:10:06:29 +0800] "POST /xingrg/dwr/call/plaincall/AjaxYddbService.loadMaterielItems.dwr HTTP/1.1" 200 2347
180.162.223.42 - - [11/Dec/2020:10:06:32 +0800] "GET /xingrg/all/function/internal_message.html?_=1607652392709&CODE_STATE=getMsg HTTP/1.1" 200 27
180.162.223.42 - - [11/Dec/2020:10:06:33 +0800] "GET /xingrg/check_reg.html?_=1607652393538 HTTP/1.1" 200 22
180.157.253.48 - - [11/Dec/2020:10:06:34 +0800] "GET /xingrg/all/function/internal_message.html?_=1607652393785&CODE_STATE=getMsg HTTP/1.1" 200 27
114.88.159.147 - - [11/Dec/2020:10:06:34 +0800] "GET /xingrg/kc/buy/cgsh_order_operate.html?command=get_materiel&rest_code=00141&code=00101008069&supplier_code=00100007&order_time=2020-12-11 HTTP/1.1" 200 412
114.88.163.87 - - [11/Dec/2020:10:06:35 +0800] "GET /xingrg/check_reg.html?_=1607652390252 HTTP/1.1" 200 22
114.88.163.87 - - [11/Dec/2020:10:06:35 +0800] "GET /xingrg/all/function/internal_message.html?_=1607652390470&CODE_STATE=getMsg HTTP/1.1" 200 27
101.85.93.83 - - [11/Dec/2020:10:06:37 +0800] "POST /xingrg/kc/buy/cgsh_order_operate.html HTTP/1.1" 200 37
101.85.93.83 - - [11/Dec/2020:10:06:38 +0800] "POST /xingrg/kc/buy/cgsh_order_operate.html HTTP/1.1" 200 7611
101.85.93.83 - - [11/Dec/2020:10:06:38 +0800] "GET /xingrg/all/function/internal_message.html?_=1607652105224&CODE_STATE=getMsg HTTP/1.1" 200 27
222.69.133.109 - - [11/Dec/2020:10:06:41 +0800] "GET /xingrg/all/function/internal_message.html?_=1607652400717&CODE_STATE=getMsg HTTP/1.1" 200 27
101.85.93.83 - - [11/Dec/2020:10:06:41 +0800] "POST /xingrg/kc/buy/cgsh_order_operate.html HTTP/1.1" 200 37
114.88.159.147 - - [11/Dec/2020:10:06:41 +0800] "GET /xingrg/kc/buy/cgsh_order_operate.html?command=get_materiel&rest_code=00141&code=00101008286&supplier_code=00100007&order_time=2020-12-11 HTTP/1.1" 200 408
114.84.32.187 - - [11/Dec/2020:10:06:41 +0800] "GET /xingrg/check_reg.html?_=1607652428690 HTTP/1.1" 302 -
101.85.93.83 - - [11/Dec/2020:10:06:42 +0800] "POST /xingrg/kc/buy/cgsh_order_operate.html HTTP/1.1" 200 7611
114.88.159.147 - - [11/Dec/2020:10:06:47 +0800] "GET /xingrg/kc/buy/cgsh_order_operate.html?command=get_materiel&rest_code=00141&code=00101008036&supplier_code=00100007&order_time=2020-12-11 HTTP/1.1" 200 408
180.162.223.42 - - [11/Dec/2020:10:06:51 +0800] "GET /xingrg/all/function/internal_message.html?_=1607652390699&CODE_STATE=getMsg HTTP/1.1" 200 27
116.228.172.94 - - [11/Dec/2020:10:06:52 +0800] "GET /xingrg/all/function/internal_message.html?_=1607652409037&CODE_STATE=getMsg HTTP/1.1" 200 27
223.167.127.220 - - [11/Dec/2020:10:06:53 +0800] "GET /xingrg/check_reg.html?_=1607652412898 HTTP/1.1" 302 -
223.167.127.220 - - [11/Dec/2020:10:06:53 +0800] "GET /xingrg/all/function/internal_message.html?_=1607652412903&CODE_STATE=getMsg HTTP/1.1" 302 -
120.253.135.82 - - [11/Dec/2020:10:06:53 +0800] "GET /xingrg/all/function/internal_message.html?_=1607652163284&CODE_STATE=getMsg HTTP/1.1" 200 27
114.88.159.147 - - [11/Dec/2020:10:06:53 +0800] "GET /xingrg/all/function/internal_message.html?_=1607651985108&CODE_STATE=getMsg HTTP/1.1" 200 27
114.88.159.147 - - [11/Dec/2020:10:06:54 +0800] "GET /xingrg/kc/buy/cgsh_order_operate.html?command=get_materiel&rest_code=00141&code=00101008131&supplier_code=00100007&order_time=2020-12-11 HTTP/1.1" 200 408
114.84.32.187 - - [11/Dec/2020:10:06:56 +0800] "GET /xingrg/all/function/internal_message.html?_=1607652443369&CODE_STATE=getMsg HTTP/1.1" 302 -
117.184.7.26 - - [11/Dec/2020:10:06:58 +0800] "GET /xingrg/all/function/internal_message.html?_=1607652407014&CODE_STATE=getMsg HTTP/1.1" 200 27
114.88.159.147 - - [11/Dec/2020:10:07:00 +0800] "GET /xingrg/kc/buy/cgsh_order_operate.html?command=get_materiel&rest_code=00141&code=00101008005&supplier_code=00100007&order_time=2020-12-11 HTTP/1.1" 200 412
180.174.56.115 - - [11/Dec/2020:10:07:01 +0800] "GET /xingrg/all/function/internal_message.html?_=1607652420757&CODE_STATE=getMsg HTTP/1.1" 200 27
180.174.56.115 - - [11/Dec/2020:10:07:01 +0800] "GET /xingrg/check_reg.html?_=1607652420755 HTTP/1.1" 200 22
114.88.159.147 - - [11/Dec/2020:10:07:03 +0800] "POST /xingrg/kc/buy/cgsh_order_operate.html HTTP/1.1" 200 2065
172.17.200.101 - - [11/Dec/2020:10:07:07 +0800] "GET /xingrg/check_reg.html?_=1607652428045 HTTP/1.1" 200 22
172.17.200.101 - - [11/Dec/2020:10:07:07 +0800] "GET /xingrg/all/function/internal_message.html?_=1607652428052&CODE_STATE=getMsg HTTP/1.1" 200 27
172.17.0.100 - - [11/Dec/2020:10:07:09 +0800] "GET /xingrg/all/function/internal_message.html?_=1607652487324&CODE_STATE=getMsg HTTP/1.1" 200 27
101.83.240.69 - - [11/Dec/2020:10:07:16 +0800] "GET /xingrg/all/function/internal_message.html?_=1607652431845&CODE_STATE=getMsg HTTP/1.1" 200 27
117.185.32.26 - - [11/Dec/2020:10:07:16 +0800] "GET /xingrg/all/function/internal_message.html?_=1607652894366&CODE_STATE=getMsg HTTP/1.1" 200 27
116.232.52.177 - - [11/Dec/2020:10:07:18 +0800] "GET /xingrg/all/function/internal_message.html?_=1607652440960&CODE_STATE=getMsg HTTP/1.1" 200 27
114.88.159.147 - - [11/Dec/2020:10:07:19 +0800] "GET /xingrg/all/function/internal_message.html?_=1607652443031&CODE_STATE=getMsg HTTP/1.1" 200 27
180.157.253.48 - - [11/Dec/2020:10:07:19 +0800] "POST /xingrg/kc/buy/cgsh_order_operate.html HTTP/1.1" 200 37
114.88.163.87 - - [11/Dec/2020:10:07:20 +0800] "GET /xingrg/all/function/internal_message.html?_=1607652569257&CODE_STATE=getMsg HTTP/1.1" 200 27
180.157.253.48 - - [11/Dec/2020:10:07:21 +0800] "POST /xingrg/kc/buy/cgsh_order_operate.html HTTP/1.1" 200 9162
180.152.104.37 - - [11/Dec/2020:10:07:26 +0800] "GET /xingrg/all/function/internal_message.html?_=1607652673207&CODE_STATE=getMsg HTTP/1.1" 200 27
116.228.172.94 - - [11/Dec/2020:10:07:27 +0800] "GET /xingrg/all/function/internal_message.html?_=1607652444060&CODE_STATE=getMsg HTTP/1.1" 200 27
172.17.0.120 - - [11/Dec/2020:10:07:27 +0800] "GET /xingrg/all/function/internal_message.html?_=1607652950402&CODE_STATE=getMsg HTTP/1.1" 200 27
180.162.223.42 - - [11/Dec/2020:10:07:32 +0800] "GET /xingrg/all/function/internal_message.html?_=1607652452683&CODE_STATE=getMsg HTTP/1.1" 200 27
180.157.253.48 - - [11/Dec/2020:10:07:34 +0800] "GET /xingrg/all/function/internal_message.html?_=1607652453782&CODE_STATE=getMsg HTTP/1.1" 200 27
114.88.163.87 - - [11/Dec/2020:10:07:35 +0800] "GET /xingrg/all/function/internal_message.html?_=1607652450484&CODE_STATE=getMsg HTTP/1.1" 200 27
101.85.93.83 - - [11/Dec/2020:10:07:38 +0800] "GET /xingrg/all/function/internal_message.html?_=1607652165218&CODE_STATE=getMsg HTTP/1.1" 200 27
222.69.133.109 - - [11/Dec/2020:10:07:41 +0800] "GET /xingrg/all/function/internal_message.html?_=1607652460756&CODE_STATE=getMsg HTTP/1.1" 200 27
101.85.93.83 - - [11/Dec/2020:10:07:50 +0800] "POST /xingrg/kc/buy/cgsh_order_operate.html HTTP/1.1" 200 37
180.162.223.42 - - [11/Dec/2020:10:07:51 +0800] "GET /xingrg/all/function/internal_message.html?_=1607652450708&CODE_STATE=getMsg HTTP/1.1" 200 27
180.174.56.115 - - [11/Dec/2020:10:07:52 +0800] "POST /xingrg/services/DataTransmitService HTTP/1.1" 200 524
180.157.253.48 - - [11/Dec/2020:10:07:52 +0800] "GET /xingrg/kc/buy/cgsh_order_list.html HTTP/1.1" 200 45208
116.228.172.94 - - [11/Dec/2020:10:07:52 +0800] "GET /xingrg/all/function/internal_message.html?_=1607652469030&CODE_STATE=getMsg HTTP/1.1" 200 27
101.85.93.83 - - [11/Dec/2020:10:07:52 +0800] "POST /xingrg/kc/buy/cgsh_order_operate.html HTTP/1.1" 200 12
223.167.127.220 - - [11/Dec/2020:10:07:53 +0800] "GET /xingrg/all/function/internal_message.html?_=1607652472906&CODE_STATE=getMsg HTTP/1.1" 302 -
101.85.93.83 - - [11/Dec/2020:10:07:53 +0800] "GET /xingrg/kc/buy/cgsh_order_info.html?code=212020121104073 HTTP/1.1" 200 54961
120.253.135.82 - - [11/Dec/2020:10:07:53 +0800] "GET /xingrg/all/function/internal_message.html?_=1607652223320&CODE_STATE=getMsg HTTP/1.1" 200 27
101.85.93.83 - - [11/Dec/2020:10:07:53 +0800] "GET /xingrg/javascript/easyui/themes/default/validatebox.css HTTP/1.1" 404 1104
114.88.159.147 - - [11/Dec/2020:10:07:53 +0800] "GET /xingrg/all/function/internal_message.html?_=1607652045108&CODE_STATE=getMsg HTTP/1.1" 200 27
101.85.93.83 - - [11/Dec/2020:10:07:54 +0800] "POST /xingrg/kc/buy/cgsh_order_operate.html HTTP/1.1" 200 5556
180.157.253.48 - - [11/Dec/2020:10:07:54 +0800] "POST /xingrg/kc/buy/cgsh_list_operate.html HTTP/1.1" 200 2775
114.84.32.187 - - [11/Dec/2020:10:07:56 +0800] "GET /xingrg/all/function/internal_message.html?_=1607652503391&CODE_STATE=getMsg HTTP/1.1" 302 -
101.85.93.83 - - [11/Dec/2020:10:07:57 +0800] "GET /xingrg/kc/print/load_data.html?order_code=212020121104073&kc_code=cgsh&condition= HTTP/1.1" 200 2811
117.184.7.26 - - [11/Dec/2020:10:07:58 +0800] "GET /xingrg/check_reg.html?_=1607652466999 HTTP/1.1" 200 22
117.184.7.30 - - [11/Dec/2020:10:07:58 +0800] "GET /xingrg/all/function/internal_message.html?_=1607652467003&CODE_STATE=getMsg HTTP/1.1" 200 27
180.174.56.115 - - [11/Dec/2020:10:08:01 +0800] "GET /xingrg/all/function/internal_message.html?_=1607652480760&CODE_STATE=getMsg HTTP/1.1" 200 27
101.85.93.83 - - [11/Dec/2020:10:08:03 +0800] "POST /xingrg/kc/buy/cgsh_list_operate.html HTTP/1.1" 200 876
114.84.32.187 - - [11/Dec/2020:10:08:05 +0800] "GET /xingrg/check_reg.html?_=1607652502854 HTTP/1.1" 200 22
172.17.200.101 - - [11/Dec/2020:10:08:07 +0800] "GET /xingrg/all/function/internal_message.html?_=1607652488052&CODE_STATE=getMsg HTTP/1.1" 200 27
172.17.0.100 - - [11/Dec/2020:10:08:09 +0800] "GET /xingrg/all/function/internal_message.html?_=1607652547311&CODE_STATE=getMsg HTTP/1.1" 200 27
101.83.240.69 - - [11/Dec/2020:10:08:16 +0800] "GET /xingrg/all/function/internal_message.html?_=1607652491831&CODE_STATE=getMsg HTTP/1.1" 200 27
117.185.32.26 - - [11/Dec/2020:10:08:16 +0800] "GET /xingrg/all/function/internal_message.html?_=1607652954365&CODE_STATE=getMsg HTTP/1.1" 200 27
114.88.163.87 - - [11/Dec/2020:10:08:16 +0800] "GET /xingrg/kc/buy/cgsh_order_list.html HTTP/1.1" 200 45202
116.232.52.177 - - [11/Dec/2020:10:08:18 +0800] "GET /xingrg/all/function/internal_message.html?_=1607652500975&CODE_STATE=getMsg HTTP/1.1" 200 27
114.88.163.87 - - [11/Dec/2020:10:08:18 +0800] "POST /xingrg/kc/buy/cgsh_list_operate.html HTTP/1.1" 200 3501
114.88.159.147 - - [11/Dec/2020:10:08:19 +0800] "GET /xingrg/all/function/internal_message.html?_=1607652502997&CODE_STATE=getMsg HTTP/1.1" 200 27
114.88.163.87 - - [11/Dec/2020:10:08:20 +0800] "GET /xingrg/all/function/internal_message.html?_=1607652629258&CODE_STATE=getMsg HTTP/1.1" 200 27
180.152.104.37 - - [11/Dec/2020:10:08:26 +0800] "GET /xingrg/all/function/internal_message.html?_=1607652733221&CODE_STATE=getMsg HTTP/1.1" 200 27
172.17.200.101 - - [11/Dec/2020:10:08:27 +0800] "GET /xingrg/kc/report/report_main.html HTTP/1.1" 200 9350
116.228.172.94 - - [11/Dec/2020:10:08:27 +0800] "GET /xingrg/all/function/internal_message.html?_=1607652504048&CODE_STATE=getMsg HTTP/1.1" 200 27
172.17.0.120 - - [11/Dec/2020:10:08:27 +0800] "GET /xingrg/all/function/internal_message.html?_=1607653010403&CODE_STATE=getMsg HTTP/1.1" 200 27
222.69.133.109 - - [11/Dec/2020:10:08:32 +0800] "GET /xingrg/kc/buy/cgsh_order_operate.html?command=get_materiel&rest_code=00154&code=00101008036&supplier_code=00100417&order_time=2020-12-11 HTTP/1.1" 200 408
180.162.223.42 - - [11/Dec/2020:10:08:32 +0800] "GET /xingrg/all/function/internal_message.html?_=1607652512657&CODE_STATE=getMsg HTTP/1.1" 200 27
180.157.253.48 - - [11/Dec/2020:10:08:34 +0800] "GET /xingrg/all/function/internal_message.html?_=1607652513783&CODE_STATE=getMsg HTTP/1.1" 200 27
114.88.163.87 - - [11/Dec/2020:10:08:35 +0800] "GET /xingrg/all/function/internal_message.html?_=1607652510514&CODE_STATE=getMsg HTTP/1.1" 200 27
101.85.93.83 - - [11/Dec/2020:10:08:38 +0800] "GET /xingrg/all/function/internal_message.html?_=1607652225288&CODE_STATE=getMsg HTTP/1.1" 200 27
222.69.133.109 - - [11/Dec/2020:10:08:41 +0800] "GET /xingrg/all/function/internal_message.html?_=1607652520726&CODE_STATE=getMsg HTTP/1.1" 200 27
180.162.223.42 - - [11/Dec/2020:10:08:51 +0800] "GET /xingrg/check_reg.html?_=1607652510704 HTTP/1.1" 200 22
180.162.223.42 - - [11/Dec/2020:10:08:51 +0800] "GET /xingrg/all/function/internal_message.html?_=1607652510707&CODE_STATE=getMsg HTTP/1.1" 200 27
116.228.172.94 - - [11/Dec/2020:10:08:52 +0800] "GET /xingrg/all/function/internal_message.html?_=1607652529033&CODE_STATE=getMsg HTTP/1.1" 200 27
223.167.127.220 - - [11/Dec/2020:10:08:53 +0800] "GET /xingrg/all/function/internal_message.html?_=1607652532904&CODE_STATE=getMsg HTTP/1.1" 302 -
120.253.135.82 - - [11/Dec/2020:10:08:53 +0800] "GET /xingrg/all/function/internal_message.html?_=1607652283327&CODE_STATE=getMsg HTTP/1.1" 200 27
114.88.159.147 - - [11/Dec/2020:10:08:53 +0800] "GET /xingrg/check_reg.html?_=1607652105110 HTTP/1.1" 200 22
114.88.159.147 - - [11/Dec/2020:10:08:53 +0800] "GET /xingrg/all/function/internal_message.html?_=1607652105112&CODE_STATE=getMsg HTTP/1.1" 200 27
114.84.32.187 - - [11/Dec/2020:10:08:56 +0800] "GET /xingrg/all/function/internal_message.html?_=1607652563397&CODE_STATE=getMsg HTTP/1.1" 302 -
117.184.7.30 - - [11/Dec/2020:10:08:58 +0800] "GET /xingrg/all/function/internal_message.html?_=1607652527003&CODE_STATE=getMsg HTTP/1.1" 200 27
180.174.56.115 - - [11/Dec/2020:10:09:01 +0800] "GET /xingrg/all/function/internal_message.html?_=1607652540749&CODE_STATE=getMsg HTTP/1.1" 200 27
172.17.200.101 - - [11/Dec/2020:10:09:07 +0800] "GET /xingrg/all/function/internal_message.html?_=1607652548047&CODE_STATE=getMsg HTTP/1.1" 200 27
114.84.32.187 - - [11/Dec/2020:10:09:08 +0800] "POST /xingrg/services/DataTransmitService HTTP/1.1" 200 524
172.17.0.100 - - [11/Dec/2020:10:09:09 +0800] "GET /xingrg/all/function/internal_message.html?_=1607652607310&CODE_STATE=getMsg HTTP/1.1" 200 27
172.17.0.100 - - [11/Dec/2020:10:09:09 +0800] "GET /xingrg/check_reg.html?_=1607652607312 HTTP/1.1" 200 22
114.84.32.187 - - [11/Dec/2020:10:09:09 +0800] "POST /xingrg/services/DataTransmitService HTTP/1.1" 200 1955
114.84.32.187 - - [11/Dec/2020:10:09:09 +0800] "POST /xingrg/services/DataTransmitService HTTP/1.1" 200 160588
101.83.240.69 - - [11/Dec/2020:10:09:16 +0800] "GET /xingrg/all/function/internal_message.html?_=1607652551802&CODE_STATE=getMsg HTTP/1.1" 200 27
117.185.32.26 - - [11/Dec/2020:10:09:16 +0800] "GET /xingrg/check_reg.html?_=1607653014364 HTTP/1.1" 200 22
117.185.32.26 - - [11/Dec/2020:10:09:16 +0800] "GET /xingrg/all/function/internal_message.html?_=1607653014366&CODE_STATE=getMsg HTTP/1.1" 200 27
116.232.52.177 - - [11/Dec/2020:10:09:18 +0800] "GET /xingrg/check_reg.html?_=1607652560968 HTTP/1.1" 200 22
116.232.52.177 - - [11/Dec/2020:10:09:18 +0800] "GET /xingrg/all/function/internal_message.html?_=1607652560968&CODE_STATE=getMsg HTTP/1.1" 200 27
114.88.159.147 - - [11/Dec/2020:10:09:19 +0800] "GET /xingrg/check_reg.html?_=1607652562986 HTTP/1.1" 200 22
114.88.159.147 - - [11/Dec/2020:10:09:19 +0800] "GET /xingrg/all/function/internal_message.html?_=1607652562987&CODE_STATE=getMsg HTTP/1.1" 200 27
114.88.163.87 - - [11/Dec/2020:10:09:20 +0800] "GET /xingrg/check_reg.html?_=1607652689261 HTTP/1.1" 200 22
114.88.163.87 - - [11/Dec/2020:10:09:20 +0800] "GET /xingrg/all/function/internal_message.html?_=1607652689259&CODE_STATE=getMsg HTTP/1.1" 200 27
222.69.133.109 - - [11/Dec/2020:10:09:22 +0800] "GET /xingrg/kc/buy/cgsh_order_operate.html?command=get_materiel&rest_code=00154&code=00101008085&supplier_code=00100417&order_time=2020-12-11 HTTP/1.1" 200 412
180.152.104.37 - - [11/Dec/2020:10:09:24 +0800] "GET /xingrg/check_reg.html?_=1607652792034 HTTP/1.1" 200 22
180.152.104.37 - - [11/Dec/2020:10:09:26 +0800] "GET /xingrg/all/function/internal_message.html?_=1607652793235&CODE_STATE=getMsg HTTP/1.1" 200 27
116.228.172.94 - - [11/Dec/2020:10:09:27 +0800] "GET /xingrg/all/function/internal_message.html?_=1607652564065&CODE_STATE=getMsg HTTP/1.1" 200 27
172.17.0.120 - - [11/Dec/2020:10:09:27 +0800] "GET /xingrg/all/function/internal_message.html?_=1607653070405&CODE_STATE=getMsg HTTP/1.1" 200 27
172.17.0.120 - - [11/Dec/2020:10:09:27 +0800] "GET /xingrg/check_reg.html?_=1607653070406 HTTP/1.1" 200 22
180.162.223.42 - - [11/Dec/2020:10:09:32 +0800] "GET /xingrg/all/function/internal_message.html?_=1607652572637&CODE_STATE=getMsg HTTP/1.1" 200 27
124.77.237.88 - - [11/Dec/2020:10:09:33 +0800] "POST /xingrg/services/DataTransmitService HTTP/1.1" 200 524
124.77.237.88 - - [11/Dec/2020:10:09:33 +0800] "POST /xingrg/services/DataTransmitService HTTP/1.1" 200 2099
180.157.253.48 - - [11/Dec/2020:10:09:34 +0800] "GET /xingrg/all/function/internal_message.html?_=1607652573776&CODE_STATE=getMsg HTTP/1.1" 200 27
180.157.253.48 - - [11/Dec/2020:10:09:34 +0800] "GET /xingrg/check_reg.html?_=1607652573782 HTTP/1.1" 200 22
124.77.237.88 - - [11/Dec/2020:10:09:34 +0800] "POST /xingrg/services/DataTransmitService HTTP/1.1" 200 167291
114.88.163.87 - - [11/Dec/2020:10:09:35 +0800] "GET /xingrg/all/function/internal_message.html?_=1607652570537&CODE_STATE=getMsg HTTP/1.1" 200 27
101.85.93.83 - - [11/Dec/2020:10:09:38 +0800] "GET /xingrg/all/function/internal_message.html?_=1607652285220&CODE_STATE=getMsg HTTP/1.1" 200 27
222.69.133.109 - - [11/Dec/2020:10:09:41 +0800] "GET /xingrg/all/function/internal_message.html?_=1607652580719&CODE_STATE=getMsg HTTP/1.1" 200 27
222.69.133.109 - - [11/Dec/2020:10:09:41 +0800] "GET /xingrg/check_reg.html?_=1607652580723 HTTP/1.1" 200 22
114.88.159.147 - - [11/Dec/2020:10:09:50 +0800] "POST /xingrg/services/DataTransmitService HTTP/1.1" 200 524
180.162.223.42 - - [11/Dec/2020:10:09:51 +0800] "GET /xingrg/all/function/internal_message.html?_=1607652570706&CODE_STATE=getMsg HTTP/1.1" 200 27
172.17.200.101 - - [11/Dec/2020:10:09:52 +0800] "GET /xingrg/all/report/report_query.html?fileName=kc/buy/gys_amount_base_rest.xml HTTP/1.1" 200 51589
172.17.200.101 - - [11/Dec/2020:10:09:52 +0800] "GET /xingrg/dwr/interface/AjaxReportQueryService.js HTTP/1.1" 200 13203
172.17.200.101 - - [11/Dec/2020:10:09:52 +0800] "GET /xingrg/dwr/engine.js HTTP/1.1" 200 43631
172.17.200.101 - - [11/Dec/2020:10:09:52 +0800] "GET /xingrg/dwr/util.js HTTP/1.1" 304 -
172.17.200.101 - - [11/Dec/2020:10:09:52 +0800] "POST /xingrg/dwr/call/plaincall/AjaxReportQueryService.getFixDate.dwr HTTP/1.1" 200 111
172.17.200.101 - - [11/Dec/2020:10:09:52 +0800] "POST /xingrg/all/common/load_tree.html?tree=area_rest_tree_json&manage=1 HTTP/1.1" 200 3222
172.17.200.101 - - [11/Dec/2020:10:09:52 +0800] "POST /xingrg/all/common/load_tree.html?tree=supplier_tree_json&manage=1 HTTP/1.1" 200 53093
116.228.172.94 - - [11/Dec/2020:10:09:52 +0800] "GET /xingrg/all/function/internal_message.html?_=1607652589037&CODE_STATE=getMsg HTTP/1.1" 200 27
223.167.127.220 - - [11/Dec/2020:10:09:53 +0800] "GET /xingrg/all/function/internal_message.html?_=1607652592903&CODE_STATE=getMsg HTTP/1.1" 302 -
120.253.135.82 - - [11/Dec/2020:10:09:53 +0800] "GET /xingrg/check_reg.html?_=1607652343149 HTTP/1.1" 200 22
120.253.135.82 - - [11/Dec/2020:10:09:53 +0800] "GET /xingrg/all/function/internal_message.html?_=1607652343340&CODE_STATE=getMsg HTTP/1.1" 200 27
114.88.159.147 - - [11/Dec/2020:10:09:53 +0800] "GET /xingrg/all/function/internal_message.html?_=1607652165119&CODE_STATE=getMsg HTTP/1.1" 200 27
114.84.32.187 - - [11/Dec/2020:10:09:56 +0800] "GET /xingrg/all/function/internal_message.html?_=1607652623419&CODE_STATE=getMsg HTTP/1.1" 302 -
117.184.7.30 - - [11/Dec/2020:10:09:58 +0800] "GET /xingrg/all/function/internal_message.html?_=1607652587004&CODE_STATE=getMsg HTTP/1.1" 200 27
180.174.56.115 - - [11/Dec/2020:10:10:01 +0800] "GET /xingrg/all/function/internal_message.html?_=1607652600750&CODE_STATE=getMsg HTTP/1.1" 200 27
222.69.133.109 - - [11/Dec/2020:10:10:04 +0800] "GET /xingrg/kc/buy/cgsh_order_operate.html?command=get_materiel&rest_code=00154&code=00101008264&supplier_code=00100417&order_time=2020-12-11 HTTP/1.1" 200 412
101.83.240.69 - - [11/Dec/2020:10:10:07 +0800] "GET /xingrg/kc/buy/cgsh_order_add.html HTTP/1.1" 200 60992
172.17.200.101 - - [11/Dec/2020:10:10:07 +0800] "GET /xingrg/all/function/internal_message.html?_=1607652608051&CODE_STATE=getMsg HTTP/1.1" 200 27
101.83.240.69 - - [11/Dec/2020:10:10:07 +0800] "POST /xingrg/kc/buy/cgsh_order_operate.html HTTP/1.1" 200 8245
101.83.240.69 - - [11/Dec/2020:10:10:07 +0800] "GET /xingrg/javascript/easyui/themes/default/validatebox.css HTTP/1.1" 404 1104
172.17.0.100 - - [11/Dec/2020:10:10:09 +0800] "GET /xingrg/all/function/internal_message.html?_=1607652667312&CODE_STATE=getMsg HTTP/1.1" 200 27
101.83.240.69 - - [11/Dec/2020:10:10:16 +0800] "GET /xingrg/all/function/internal_message.html?_=1607652611785&CODE_STATE=getMsg HTTP/1.1" 200 27
117.185.32.26 - - [11/Dec/2020:10:10:16 +0800] "GET /xingrg/all/function/internal_message.html?_=1607653074389&CODE_STATE=getMsg HTTP/1.1" 200 27
116.232.52.177 - - [11/Dec/2020:10:10:18 +0800] "GET /xingrg/all/function/internal_message.html?_=1607652620967&CODE_STATE=getMsg HTTP/1.1" 200 27
114.88.159.147 - - [11/Dec/2020:10:10:19 +0800] "GET /xingrg/all/function/internal_message.html?_=1607652622992&CODE_STATE=getMsg HTTP/1.1" 200 27
114.88.163.87 - - [11/Dec/2020:10:10:20 +0800] "GET /xingrg/all/function/internal_message.html?_=1607652749261&CODE_STATE=getMsg HTTP/1.1" 200 27
101.83.240.69 - - [11/Dec/2020:10:10:22 +0800] "GET /xingrg/kc/buy/cgsh_order_operate.html?command=get_materiel&rest_code=00149&code=00101004011&supplier_code=00100083&order_time=2020-12-11 HTTP/1.1" 200 435
180.152.104.37 - - [11/Dec/2020:10:10:26 +0800] "GET /xingrg/all/function/internal_message.html?_=1607652853248&CODE_STATE=getMsg HTTP/1.1" 200 27
116.228.172.94 - - [11/Dec/2020:10:10:26 +0800] "GET /xingrg/check_reg.html?_=1607652623114 HTTP/1.1" 200 22
116.228.172.94 - - [11/Dec/2020:10:10:27 +0800] "GET /xingrg/all/function/internal_message.html?_=1607652624053&CODE_STATE=getMsg HTTP/1.1" 200 27
172.17.0.120 - - [11/Dec/2020:10:10:27 +0800] "GET /xingrg/all/function/internal_message.html?_=1607653130392&CODE_STATE=getMsg HTTP/1.1" 200 27
101.83.240.69 - - [11/Dec/2020:10:10:31 +0800] "GET /xingrg/kc/buy/cgsh_order_operate.html?command=get_materiel&rest_code=00149&code=00101004065&supplier_code=00100083&order_time=2020-12-11 HTTP/1.1" 200 435
180.162.223.42 - - [11/Dec/2020:10:10:32 +0800] "GET /xingrg/all/function/internal_message.html?_=1607652632617&CODE_STATE=getMsg HTTP/1.1" 200 27
180.157.253.48 - - [11/Dec/2020:10:10:34 +0800] "GET /xingrg/all/function/internal_message.html?_=1607652633778&CODE_STATE=getMsg HTTP/1.1" 200 27
114.88.163.87 - - [11/Dec/2020:10:10:35 +0800] "GET /xingrg/all/function/internal_message.html?_=1607652630567&CODE_STATE=getMsg HTTP/1.1" 200 27
172.17.200.101 - - [11/Dec/2020:10:10:36 +0800] "POST /xingrg/dwr/call/plaincall/AjaxReportQueryService.getFixDate.dwr HTTP/1.1" 200 111
101.85.93.83 - - [11/Dec/2020:10:10:38 +0800] "GET /xingrg/check_reg.html?_=1607652345225 HTTP/1.1" 200 22
101.85.93.83 - - [11/Dec/2020:10:10:38 +0800] "GET /xingrg/all/function/internal_message.html?_=1607652345221&CODE_STATE=getMsg HTTP/1.1" 200 27
222.69.133.109 - - [11/Dec/2020:10:10:41 +0800] "GET /xingrg/all/function/internal_message.html?_=1607652640717&CODE_STATE=getMsg HTTP/1.1" 200 27
101.83.240.69 - - [11/Dec/2020:10:10:45 +0800] "GET /xingrg/kc/buy/cgsh_order_operate.html?command=get_materiel&rest_code=00149&code=00101004030&supplier_code=00100083&order_time=2020-12-11 HTTP/1.1" 200 410
172.17.200.101 - - [11/Dec/2020:10:10:45 +0800] "POST /xingrg/dwr/call/plaincall/AjaxReportQueryService.refreshCache.dwr HTTP/1.1" 200 78
172.17.200.101 - - [11/Dec/2020:10:10:46 +0800] "POST /xingrg/all/report/load_report_page.html HTTP/1.1" 200 48229
172.17.200.101 - - [11/Dec/2020:10:10:46 +0800] "GET /xingrg/servlets/image?cache=0.8411081610271226&image=px HTTP/1.1" 200 807
101.85.93.83 - - [11/Dec/2020:10:10:46 +0800] "GET /xingrg/kc/buy/cgsh_order_add.html HTTP/1.1" 200 60058
101.85.93.83 - - [11/Dec/2020:10:10:47 +0800] "GET /xingrg/javascript/easyui/themes/default/validatebox.css HTTP/1.1" 404 1104
101.85.93.83 - - [11/Dec/2020:10:10:47 +0800] "POST /xingrg/kc/buy/cgsh_order_operate.html HTTP/1.1" 200 8245
180.162.223.42 - - [11/Dec/2020:10:10:51 +0800] "GET /xingrg/all/function/internal_message.html?_=1607652630703&CODE_STATE=getMsg HTTP/1.1" 200 27
61.129.6.151 - - [11/Dec/2020:10:10:52 +0800] "GET /xingrg/all/function/internal_message.html?_=1607651962964&CODE_STATE=getMsg HTTP/1.1" 302 -
116.228.172.94 - - [11/Dec/2020:10:10:52 +0800] "GET /xingrg/check_reg.html?_=1607652649026 HTTP/1.1" 200 22
116.228.172.94 - - [11/Dec/2020:10:10:52 +0800] "GET /xingrg/all/function/internal_message.html?_=1607652649033&CODE_STATE=getMsg HTTP/1.1" 200 27
223.167.127.220 - - [11/Dec/2020:10:10:53 +0800] "GET /xingrg/all/function/internal_message.html?_=1607652652905&CODE_STATE=getMsg HTTP/1.1" 302 -
120.253.135.82 - - [11/Dec/2020:10:10:53 +0800] "GET /xingrg/all/function/internal_message.html?_=1607652403354&CODE_STATE=getMsg HTTP/1.1" 200 27
114.88.159.147 - - [11/Dec/2020:10:10:53 +0800] "GET /xingrg/all/function/internal_message.html?_=1607652225108&CODE_STATE=getMsg HTTP/1.1" 200 27
114.84.32.187 - - [11/Dec/2020:10:10:56 +0800] "GET /xingrg/all/function/internal_message.html?_=1607652683424&CODE_STATE=getMsg HTTP/1.1" 302 -
222.69.133.109 - - [11/Dec/2020:10:10:58 +0800] "GET /xingrg/kc/buy/cgsh_order_operate.html?command=get_materiel&rest_code=00154&code=00101015070&supplier_code=00100417&order_time=2020-12-11 HTTP/1.1" 200 413
117.184.7.30 - - [11/Dec/2020:10:10:58 +0800] "GET /xingrg/all/function/internal_message.html?_=1607652647006&CODE_STATE=getMsg HTTP/1.1" 200 27
180.174.56.115 - - [11/Dec/2020:10:11:01 +0800] "GET /xingrg/all/function/internal_message.html?_=1607652660751&CODE_STATE=getMsg HTTP/1.1" 200 27
61.129.6.151 - - [11/Dec/2020:10:11:01 +0800] "GET /xingrg/login.html HTTP/1.1" 200 7641
180.162.223.42 - - [11/Dec/2020:10:11:01 +0800] "POST /xingrg/kc/buy/cgsh_order_operate.html HTTP/1.1" 200 37
180.162.223.42 - - [11/Dec/2020:10:11:02 +0800] "POST /xingrg/kc/buy/cgsh_order_operate.html HTTP/1.1" 200 2658
180.162.223.42 - - [11/Dec/2020:10:11:05 +0800] "GET /xingrg/kc/print/load_data.html?order_code=212020121104074&kc_code=cgsh&condition= HTTP/1.1" 200 647
172.17.200.101 - - [11/Dec/2020:10:11:07 +0800] "GET /xingrg/all/function/internal_message.html?_=1607652668041&CODE_STATE=getMsg HTTP/1.1" 200 27
172.17.0.100 - - [11/Dec/2020:10:11:09 +0800] "GET /xingrg/all/function/internal_message.html?_=1607652727320&CODE_STATE=getMsg HTTP/1.1" 200 27
101.83.240.69 - - [11/Dec/2020:10:11:16 +0800] "GET /xingrg/all/function/internal_message.html?_=1607652671801&CODE_STATE=getMsg HTTP/1.1" 200 27
117.185.32.26 - - [11/Dec/2020:10:11:16 +0800] "GET /xingrg/all/function/internal_message.html?_=1607653134383&CODE_STATE=getMsg HTTP/1.1" 200 27
101.83.240.69 - - [11/Dec/2020:10:11:17 +0800] "GET /xingrg/check_reg.html?_=1607652672616 HTTP/1.1" 200 22
116.232.52.177 - - [11/Dec/2020:10:11:18 +0800] "GET /xingrg/all/function/internal_message.html?_=1607652680969&CODE_STATE=getMsg HTTP/1.1" 200 27
114.88.159.147 - - [11/Dec/2020:10:11:19 +0800] "GET /xingrg/all/function/internal_message.html?_=1607652683018&CODE_STATE=getMsg HTTP/1.1" 200 27
114.88.163.87 - - [11/Dec/2020:10:11:20 +0800] "GET /xingrg/all/function/internal_message.html?_=1607652809261&CODE_STATE=getMsg HTTP/1.1" 200 27
101.83.240.69 - - [11/Dec/2020:10:11:22 +0800] "GET /xingrg/kc/buy/cgsh_order_operate.html?command=get_materiel&rest_code=00149&code=00101004067&supplier_code=00100083&order_time=2020-12-11 HTTP/1.1" 200 413
180.152.104.37 - - [11/Dec/2020:10:11:26 +0800] "GET /xingrg/all/function/internal_message.html?_=1607652913262&CODE_STATE=getMsg HTTP/1.1" 200 27
116.228.172.94 - - [11/Dec/2020:10:11:27 +0800] "GET /xingrg/all/function/internal_message.html?_=1607652684039&CODE_STATE=getMsg HTTP/1.1" 200 27
172.17.0.120 - - [11/Dec/2020:10:11:27 +0800] "GET /xingrg/all/function/internal_message.html?_=1607653190393&CODE_STATE=getMsg HTTP/1.1" 200 27
180.174.56.115 - - [11/Dec/2020:10:11:30 +0800] "GET /xingrg/kc/buy/cgsh_order_list.html HTTP/1.1" 200 45206
180.174.56.115 - - [11/Dec/2020:10:11:31 +0800] "POST /xingrg/kc/buy/cgsh_list_operate.html HTTP/1.1" 200 876
101.85.93.83 - - [11/Dec/2020:10:11:31 +0800] "GET /xingrg/kc/buy/cgsh_order_operate.html?command=get_materiel&rest_code=00142&code=00101029004&supplier_code=00100167&order_time=2020-12-11 HTTP/1.1" 200 449
180.174.56.115 - - [11/Dec/2020:10:11:32 +0800] "GET /xingrg/kc/buy/cgsh_order_add.html HTTP/1.1" 200 60581
180.162.223.42 - - [11/Dec/2020:10:11:32 +0800] "GET /xingrg/all/function/internal_message.html?_=1607652692591&CODE_STATE=getMsg HTTP/1.1" 200 27
180.174.56.115 - - [11/Dec/2020:10:11:32 +0800] "POST /xingrg/kc/buy/cgsh_order_operate.html HTTP/1.1" 200 8245
180.174.56.115 - - [11/Dec/2020:10:11:32 +0800] "GET /xingrg/javascript/easyui/themes/default/validatebox.css HTTP/1.1" 404 1104
180.162.223.42 - - [11/Dec/2020:10:11:33 +0800] "GET /xingrg/check_reg.html?_=1607652693531 HTTP/1.1" 200 22
180.157.253.48 - - [11/Dec/2020:10:11:34 +0800] "GET /xingrg/all/function/internal_message.html?_=1607652693782&CODE_STATE=getMsg HTTP/1.1" 200 27
114.88.163.87 - - [11/Dec/2020:10:11:35 +0800] "GET /xingrg/check_reg.html?_=1607652690259 HTTP/1.1" 200 22
114.88.163.87 - - [11/Dec/2020:10:11:35 +0800] "GET /xingrg/all/function/internal_message.html?_=1607652690586&CODE_STATE=getMsg HTTP/1.1" 200 27
180.174.56.115 - - [11/Dec/2020:10:11:36 +0800] "GET /xingrg/javascript/auto/indicator.gif HTTP/1.1" 404 1066
101.85.93.83 - - [11/Dec/2020:10:11:38 +0800] "GET /xingrg/all/function/internal_message.html?_=1607652405226&CODE_STATE=getMsg HTTP/1.1" 200 27
180.152.104.37 - - [11/Dec/2020:10:11:38 +0800] "GET /xingrg/kc/buy/cgsh_order_operate.html?command=get_materiel&rest_code=00102&code=00101012025&supplier_code=00100031&order_time=2020-12-11 HTTP/1.1" 200 412
180.174.56.115 - - [11/Dec/2020:10:11:40 +0800] "GET /xingrg/login.html HTTP/1.1" 200 7641
180.174.56.115 - - [11/Dec/2020:10:11:40 +0800] "GET /favicon.ico HTTP/1.1" 404 -
222.69.133.109 - - [11/Dec/2020:10:11:41 +0800] "GET /xingrg/all/function/internal_message.html?_=1607652700713&CODE_STATE=getMsg HTTP/1.1" 200 27
180.174.56.115 - - [11/Dec/2020:10:11:41 +0800] "GET /xingrg/kc/buy/cgsh_order_operate.html?command=get_materiel&rest_code=00151&code=00101030013&supplier_code=&order_time=2020-12-11 HTTP/1.1" 200 412
114.84.32.187 - - [11/Dec/2020:10:11:41 +0800] "GET /xingrg/check_reg.html?_=1607652728703 HTTP/1.1" 302 -
180.174.56.115 - - [11/Dec/2020:10:11:41 +0800] "POST /xingrg/login.do HTTP/1.1" 302 -
180.174.56.115 - - [11/Dec/2020:10:11:42 +0800] "GET /xingrg/index.html?sysBaseUrl=http%3A%2F%2F180.169.147.146%3A18081%2Fxingrg%2F&costTime=38×tamp=1607652701989 HTTP/1.1" 200 17179
180.174.56.115 - - [11/Dec/2020:10:11:42 +0800] "GET /xingrg/javascript/jquery_easy_ui/themes/default/easyui.css HTTP/1.1" 304 -
180.174.56.115 - - [11/Dec/2020:10:11:42 +0800] "GET /xingrg/css/form.css HTTP/1.1" 304 -
180.174.56.115 - - [11/Dec/2020:10:11:42 +0800] "GET /xingrg/javascript/jquery_easy_ui/themes/icon.css HTTP/1.1" 304 -
180.174.56.115 - - [11/Dec/2020:10:11:42 +0800] "GET /xingrg/javascript/jquery-1.4.2.min.js HTTP/1.1" 304 -
180.174.56.115 - - [11/Dec/2020:10:11:42 +0800] "GET /xingrg/javascript/jquery.utils.js HTTP/1.1" 304 -
180.174.56.115 - - [11/Dec/2020:10:11:42 +0800] "GET /xingrg/javascript/jquery.form.js HTTP/1.1" 304 -
180.174.56.115 - - [11/Dec/2020:10:11:42 +0800] "GET /xingrg/javascript/jquery_easy_ui/easyui-lang-zh_CN.js HTTP/1.1" 304 -
180.174.56.115 - - [11/Dec/2020:10:11:42 +0800] "GET /xingrg/javascript/jquery.timers.js HTTP/1.1" 304 -
180.174.56.115 - - [11/Dec/2020:10:11:42 +0800] "GET /xingrg/javascript/jquery_easy_ui/jquery.easyui.min.js HTTP/1.1" 304 -
180.174.56.115 - - [11/Dec/2020:10:11:42 +0800] "GET /favicon.ico HTTP/1.1" 404 -
180.174.56.115 - - [11/Dec/2020:10:11:42 +0800] "POST /xingrg/all/common/load_tree.html?tree=area_rest_tree_json&manage=1 HTTP/1.1" 200 476
180.174.56.115 - - [11/Dec/2020:10:11:42 +0800] "GET /xingrg/all/function/internal_message.html?_=1607652665101&CODE_STATE=count HTTP/1.1" 200 11
180.174.56.115 - - [11/Dec/2020:10:11:42 +0800] "GET /xingrg/check_reg.html?_=1607652665102 HTTP/1.1" 200 22
180.174.56.115 - - [11/Dec/2020:10:11:42 +0800] "POST /xingrg/load_menu.html HTTP/1.1" 200 5138
180.174.56.115 - - [11/Dec/2020:10:11:45 +0800] "GET /xingrg/css/blue.css HTTP/1.1" 304 -
180.174.56.115 - - [11/Dec/2020:10:11:45 +0800] "GET /xingrg/javascript/pic_change.js HTTP/1.1" 304 -
180.174.56.115 - - [11/Dec/2020:10:11:45 +0800] "GET /xingrg/dwr/util.js HTTP/1.1" 304 -
180.174.56.115 - - [11/Dec/2020:10:11:45 +0800] "GET /xingrg/kc/mdqp/qqps_order_list.html HTTP/1.1" 200 9222
180.174.56.115 - - [11/Dec/2020:10:11:45 +0800] "GET /xingrg/javascript/ToolTips.js HTTP/1.1" 304 -
180.174.56.115 - - [11/Dec/2020:10:11:45 +0800] "GET /xingrg/javascript/myfunction.js HTTP/1.1" 304 -
180.174.56.115 - - [11/Dec/2020:10:11:45 +0800] "GET /xingrg/javascript/Calendar.js HTTP/1.1" 304 -
180.174.56.115 - - [11/Dec/2020:10:11:45 +0800] "GET /xingrg/dwr/interface/AjaxReportQueryService.js HTTP/1.1" 200 13203
180.174.56.115 - - [11/Dec/2020:10:11:45 +0800] "GET /xingrg/dwr/interface/AjaxQqpsService.js HTTP/1.1" 200 16326
180.174.56.115 - - [11/Dec/2020:10:11:45 +0800] "GET /xingrg/dwr/engine.js HTTP/1.1" 200 43631
180.174.56.115 - - [11/Dec/2020:10:11:45 +0800] "GET /xingrg/kc/base/wldb_order_list.html HTTP/1.1" 200 19422
180.174.56.115 - - [11/Dec/2020:10:11:45 +0800] "POST /xingrg/kc/base/wldb_list_operate.html HTTP/1.1" 200 928
101.83.240.69 - - [11/Dec/2020:10:11:46 +0800] "GET /xingrg/kc/buy/cgsh_order_operate.html?command=get_materiel&rest_code=00149&code=00101004048&supplier_code=00100083&order_time=2020-12-11 HTTP/1.1" 200 417
180.152.104.37 - - [11/Dec/2020:10:11:47 +0800] "GET /xingrg/kc/buy/cgsh_order_operate.html?command=get_materiel&rest_code=00102&code=00101012030&supplier_code=00100031&order_time=2020-12-11 HTTP/1.1" 200 416
114.84.32.187 - - [11/Dec/2020:10:11:48 +0800] "POST /xingrg/services/DataTransmitService HTTP/1.1" 200 524
180.174.56.115 - - [11/Dec/2020:10:11:49 +0800] "GET /xingrg/kc/mdqp/qqps_order_list.html?isQuery=1&timeSelect=1&orderTime=day&startTime=2020-12-10&endTime=2020-12-11&state=all&query=%C8%B7++%B6%A8 HTTP/1.1" 200 10611
180.174.56.115 - - [11/Dec/2020:10:11:49 +0800] "GET /xingrg/dwr/interface/AjaxReportQueryService.js HTTP/1.1" 200 13203
180.174.56.115 - - [11/Dec/2020:10:11:49 +0800] "GET /xingrg/dwr/interface/AjaxQqpsService.js HTTP/1.1" 200 16326
180.174.56.115 - - [11/Dec/2020:10:11:49 +0800] "GET /xingrg/dwr/engine.js HTTP/1.1" 200 43631
114.84.32.187 - - [11/Dec/2020:10:11:49 +0800] "POST /xingrg/services/DataTransmitService HTTP/1.1" 200 1955
180.174.56.115 - - [11/Dec/2020:10:11:49 +0800] "GET /xingrg/kc/base/wldb_order_add.html HTTP/1.1" 200 30591
114.84.32.187 - - [11/Dec/2020:10:11:49 +0800] "POST /xingrg/services/DataTransmitService HTTP/1.1" 200 160612
180.174.56.115 - - [11/Dec/2020:10:11:49 +0800] "POST /xingrg/kc/base/wldb_order_operate.html HTTP/1.1" 200 6806
180.174.56.115 - - [11/Dec/2020:10:11:49 +0800] "GET /xingrg/all/common/auto_word.html?type=base&rest_code=00151 HTTP/1.1" 200 1315
180.174.56.115 - - [11/Dec/2020:10:11:49 +0800] "GET /xingrg/all/common/auto_word.html?type=base&rest_code=00151 HTTP/1.1" 200 1315
180.174.56.115 - - [11/Dec/2020:10:11:49 +0800] "GET /xingrg/javascript/easyui/themes/default/validatebox.css HTTP/1.1" 404 1104
180.174.56.115 - - [11/Dec/2020:10:11:51 +0800] "GET /xingrg/javascript/auto/jquery.autocomplete.css HTTP/1.1" 304 -
180.174.56.115 - - [11/Dec/2020:10:11:51 +0800] "GET /xingrg/javascript/auto/jquery.autocomplete.js HTTP/1.1" 304 -
180.174.56.115 - - [11/Dec/2020:10:11:51 +0800] "GET /xingrg/javascript/tools/jquery.qtip-1.0.0-rc3.min.js HTTP/1.1" 304 -
180.174.56.115 - - [11/Dec/2020:10:11:51 +0800] "GET /xingrg/javascript/AjaxInfoList.js HTTP/1.1" 304 -
180.174.56.115 - - [11/Dec/2020:10:11:51 +0800] "GET /xingrg/javascript/Grid.js HTTP/1.1" 304 -
180.174.56.115 - - [11/Dec/2020:10:11:51 +0800] "GET /xingrg/kc/mdqp/qqps_order_info.html?code=302020121000215 HTTP/1.1" 200 26409
180.174.56.115 - - [11/Dec/2020:10:11:51 +0800] "GET /xingrg/javascript/print/LodopFuncs.js HTTP/1.1" 304 -
180.174.56.115 - - [11/Dec/2020:10:11:51 +0800] "GET /xingrg/javascript/print/kc_print.js HTTP/1.1" 304 -
180.174.56.115 - - [11/Dec/2020:10:11:51 +0800] "GET /xingrg/dwr/interface/AjaxComOrderService.js HTTP/1.1" 200 18264
180.174.56.115 - - [11/Dec/2020:10:11:51 +0800] "GET /xingrg/dwr/interface/AjaxQqpsService.js HTTP/1.1" 200 16326
180.174.56.115 - - [11/Dec/2020:10:11:51 +0800] "GET /xingrg/dwr/engine.js HTTP/1.1" 200 43631
180.174.56.115 - - [11/Dec/2020:10:11:51 +0800] "GET /xingrg/words/20201209121717_words.js HTTP/1.1" 304 -
180.162.223.42 - - [11/Dec/2020:10:11:51 +0800] "GET /xingrg/all/function/internal_message.html?_=1607652690720&CODE_STATE=getMsg HTTP/1.1" 200 27
180.174.56.115 - - [11/Dec/2020:10:11:51 +0800] "POST /xingrg/dwr/call/plaincall/AjaxQqpsService.loadMaterielItems.dwr HTTP/1.1" 200 322
116.228.172.94 - - [11/Dec/2020:10:11:52 +0800] "GET /xingrg/all/function/internal_message.html?_=1607652709036&CODE_STATE=getMsg HTTP/1.1" 200 27
223.167.127.220 - - [11/Dec/2020:10:11:53 +0800] "GET /xingrg/check_reg.html?_=1607652712906 HTTP/1.1" 302 -
223.167.127.220 - - [11/Dec/2020:10:11:53 +0800] "GET /xingrg/all/function/internal_message.html?_=1607652712910&CODE_STATE=getMsg HTTP/1.1" 302 -
120.253.135.82 - - [11/Dec/2020:10:11:53 +0800] "GET /xingrg/all/function/internal_message.html?_=1607652463368&CODE_STATE=getMsg HTTP/1.1" 200 27
114.88.159.147 - - [11/Dec/2020:10:11:53 +0800] "GET /xingrg/all/function/internal_message.html?_=1607652285141&CODE_STATE=getMsg HTTP/1.1" 200 27
180.174.56.115 - - [11/Dec/2020:10:11:54 +0800] "GET /xingrg/kc/mdqp/qqps_order_list.html?isBack=1 HTTP/1.1" 302 -
222.69.133.109 - - [11/Dec/2020:10:11:54 +0800] "GET /xingrg/kc/buy/cgsh_order_operate.html?command=get_materiel&rest_code=00154&code=00101012061&supplier_code=00100417&order_time=2020-12-11 HTTP/1.1" 200 412
