180.174.56.115 - - [11/Dec/2020:09:12:45 +0800] "GET /xingrg/javascript/jquery_tools/fix.css HTTP/1.1" 304 -
180.174.56.115 - - [11/Dec/2020:09:12:45 +0800] "GET /xingrg/javascript/jquery_tools/jquery.tools.min.js HTTP/1.1" 304 -
180.174.56.115 - - [11/Dec/2020:09:12:45 +0800] "GET /xingrg/javascript/jquery_tools/table.css HTTP/1.1" 304 -
180.174.56.115 - - [11/Dec/2020:09:12:45 +0800] "GET /xingrg/javascript/jquery_tools/jquery.tools.table.js HTTP/1.1" 304 -
180.174.56.115 - - [11/Dec/2020:09:12:45 +0800] "GET /xingrg/javascript/auto/jquery.autocomplete.css HTTP/1.1" 304 -
180.174.56.115 - - [11/Dec/2020:09:12:45 +0800] "GET /xingrg/javascript/jquery_tools/jquery.tools.extend.js HTTP/1.1" 304 -
180.174.56.115 - - [11/Dec/2020:09:12:45 +0800] "GET /xingrg/javascript/auto/jquery.autocomplete.js HTTP/1.1" 304 -
180.174.56.115 - - [11/Dec/2020:09:12:45 +0800] "GET /xingrg/javascript/jquery_tools/list_manager.js HTTP/1.1" 304 -
180.174.56.115 - - [11/Dec/2020:09:12:45 +0800] "GET /xingrg/kc/buy/cgsh_order_list.html HTTP/1.1" 200 45208
180.174.56.115 - - [11/Dec/2020:09:12:45 +0800] "GET /xingrg/javascript/easyui/easyloader.js HTTP/1.1" 304 -
180.174.56.115 - - [11/Dec/2020:09:12:45 +0800] "GET /xingrg/javascript/jquery_tools/jquery.tools.hotkey.js HTTP/1.1" 304 -
180.174.56.115 - - [11/Dec/2020:09:12:45 +0800] "GET /xingrg/javascript/print/LodopFuncs.js HTTP/1.1" 304 -
180.174.56.115 - - [11/Dec/2020:09:12:45 +0800] "GET /xingrg/javascript/jquery.cookie.js HTTP/1.1" 304 -
180.174.56.115 - - [11/Dec/2020:09:12:45 +0800] "GET /xingrg/javascript/easyui/plugins/jquery.parser.js HTTP/1.1" 304 -
180.174.56.115 - - [11/Dec/2020:09:12:48 +0800] "POST /xingrg/kc/buy/cgsh_list_operate.html HTTP/1.1" 200 1690
114.84.32.187 - - [11/Dec/2020:09:12:48 +0800] "GET /xingrg/javascript/jquery_tools/images/prev.gif HTTP/1.1" 404 1086
114.84.32.187 - - [11/Dec/2020:09:12:48 +0800] "GET /xingrg/javascript/jquery_tools/images/next.gif HTTP/1.1" 404 1086
180.174.56.115 - - [11/Dec/2020:09:12:51 +0800] "GET /xingrg/javascript/pic_change.js HTTP/1.1" 304 -
180.174.56.115 - - [11/Dec/2020:09:12:51 +0800] "GET /xingrg/javascript/jquery_tools/order_manager.js HTTP/1.1" 304 -
180.174.56.115 - - [11/Dec/2020:09:12:51 +0800] "GET /xingrg/javascript/convert.js HTTP/1.1" 304 -
180.174.56.115 - - [11/Dec/2020:09:12:51 +0800] "GET /xingrg/javascript/json2.js HTTP/1.1" 304 -
180.174.56.115 - - [11/Dec/2020:09:12:51 +0800] "GET /xingrg/javascript/print/kc_print.js HTTP/1.1" 304 -
180.174.56.115 - - [11/Dec/2020:09:12:51 +0800] "GET /xingrg/kc/buy/cgsh_order_add.html HTTP/1.1" 200 60875
180.174.56.115 - - [11/Dec/2020:09:12:52 +0800] "GET /xingrg/words/20201209121717_words.js HTTP/1.1" 304 -
180.174.56.115 - - [11/Dec/2020:09:12:52 +0800] "POST /xingrg/kc/buy/cgsh_order_operate.html HTTP/1.1" 200 8245
180.174.56.115 - - [11/Dec/2020:09:12:52 +0800] "GET /xingrg/all/common/auto_word.html?type=employee&rest_code=00150 HTTP/1.1" 200 205
180.174.56.115 - - [11/Dec/2020:09:12:52 +0800] "GET /xingrg/all/common/auto_word.html?type=employee&rest_code=00150 HTTP/1.1" 200 205
180.174.56.115 - - [11/Dec/2020:09:12:52 +0800] "GET /xingrg/javascript/easyui/themes/default/validatebox.css HTTP/1.1" 404 1104
180.174.56.115 - - [11/Dec/2020:09:12:52 +0800] "GET /xingrg/javascript/easyui/plugins/jquery.validatebox.js HTTP/1.1" 304 -
180.174.56.115 - - [11/Dec/2020:09:12:52 +0800] "GET /xingrg/javascript/easyui/plugins/jquery.numberbox.js HTTP/1.1" 304 -
223.167.127.220 - - [11/Dec/2020:09:12:52 +0800] "GET /xingrg/all/function/internal_message.html?_=1607649172851&CODE_STATE=getMsg HTTP/1.1" 302 -
114.88.159.147 - - [11/Dec/2020:09:12:53 +0800] "GET /xingrg/all/function/internal_message.html?_=1607648744991&CODE_STATE=getMsg HTTP/1.1" 200 27
114.84.32.187 - - [11/Dec/2020:09:12:55 +0800] "GET /xingrg/all/function/internal_message.html?_=1607649202636&CODE_STATE=getMsg HTTP/1.1" 302 -
180.162.223.42 - - [11/Dec/2020:09:12:56 +0800] "POST /xingrg/services/DataTransmitService HTTP/1.1" 200 524
114.88.163.87 - - [11/Dec/2020:09:12:59 +0800] "GET /xingrg/all/function/internal_message.html?_=1607649174841&CODE_STATE=getMsg HTTP/1.1" 302 -
114.84.32.187 - - [11/Dec/2020:09:13:00 +0800] "GET /xingrg/kc/buy/cgsh_order_operate.html?command=get_materiel&rest_code=00146&code=00101008248&supplier_code=00100005&order_time=2020-12-11 HTTP/1.1" 200 412
114.84.32.187 - - [11/Dec/2020:09:13:04 +0800] "GET /xingrg/check_reg.html?_=1607649202527 HTTP/1.1" 200 22
180.174.56.115 - - [11/Dec/2020:09:13:07 +0800] "GET /xingrg/javascript/auto/indicator.gif HTTP/1.1" 404 1066
172.17.200.101 - - [11/Dec/2020:09:13:07 +0800] "GET /xingrg/all/function/internal_message.html?_=1607649188024&CODE_STATE=getMsg HTTP/1.1" 200 27
114.84.32.187 - - [11/Dec/2020:09:13:14 +0800] "GET /xingrg/kc/buy/cgsh_order_operate.html?command=get_materiel&rest_code=00146&code=00101008210&supplier_code=00100005&order_time=2020-12-11 HTTP/1.1" 200 408
117.185.32.26 - - [11/Dec/2020:09:13:16 +0800] "GET /xingrg/all/function/internal_message.html?_=1607649654136&CODE_STATE=getMsg HTTP/1.1" 200 27
180.174.56.115 - - [11/Dec/2020:09:13:20 +0800] "GET /xingrg/kc/buy/cgsh_order_operate.html?command=get_materiel&rest_code=00150&code=00101006075&supplier_code=00100096&order_time=2020-12-11 HTTP/1.1" 200 416
114.84.32.187 - - [11/Dec/2020:09:13:26 +0800] "GET /xingrg/kc/buy/cgsh_order_operate.html?command=get_materiel&rest_code=00146&code=00101008017&supplier_code=00100005&order_time=2020-12-11 HTTP/1.1" 200 416
180.162.223.42 - - [11/Dec/2020:09:13:33 +0800] "GET /xingrg/all/function/internal_message.html?_=1607649213825&CODE_STATE=getMsg HTTP/1.1" 200 27
180.162.223.42 - - [11/Dec/2020:09:13:35 +0800] "GET /xingrg/all/function/internal_message.html?_=1607649194769&CODE_STATE=getMsg HTTP/1.1" 200 27
114.84.32.187 - - [11/Dec/2020:09:13:36 +0800] "GET /xingrg/kc/buy/cgsh_order_operate.html?command=get_materiel&rest_code=00146&code=00101008003&supplier_code=00100005&order_time=2020-12-11 HTTP/1.1" 200 408
114.88.163.87 - - [11/Dec/2020:09:13:38 +0800] "GET /xingrg/all/function/internal_message.html?_=1607649347422&CODE_STATE=getMsg HTTP/1.1" 200 27
180.174.56.115 - - [11/Dec/2020:09:13:40 +0800] "GET /xingrg/all/function/internal_message.html?_=1607649183029&CODE_STATE=getMsg HTTP/1.1" 200 27
101.85.93.83 - - [11/Dec/2020:09:13:40 +0800] "GET /xingrg/all/function/internal_message.html?_=1607648926983&CODE_STATE=getMsg HTTP/1.1" 200 27
180.174.56.115 - - [11/Dec/2020:09:13:40 +0800] "GET /xingrg/all/function/internal_message.html?_=1607649220653&CODE_STATE=getMsg HTTP/1.1" 200 27
222.69.133.109 - - [11/Dec/2020:09:13:41 +0800] "GET /xingrg/all/function/internal_message.html?_=1607649220637&CODE_STATE=getMsg HTTP/1.1" 200 27
180.174.56.115 - - [11/Dec/2020:09:13:42 +0800] "POST /xingrg/kc/buy/cgsh_order_operate.html HTTP/1.1" 200 37
180.174.56.115 - - [11/Dec/2020:09:13:43 +0800] "GET /xingrg/kc/buy/cgsh_order_operate.html?command=get_materiel&rest_code=00150&code=00101006087&supplier_code=00100096&order_time=2020-12-11 HTTP/1.1" 200 409
180.174.56.115 - - [11/Dec/2020:09:13:43 +0800] "POST /xingrg/kc/buy/cgsh_order_operate.html HTTP/1.1" 200 28988
114.84.32.187 - - [11/Dec/2020:09:13:49 +0800] "GET /xingrg/kc/buy/cgsh_order_operate.html?command=get_materiel&rest_code=00146&code=00101008321&supplier_code=00100005&order_time=2020-12-11 HTTP/1.1" 200 412
180.174.56.115 - - [11/Dec/2020:09:13:50 +0800] "POST /xingrg/all/user/operate.html HTTP/1.1" 200 36
180.174.56.115 - - [11/Dec/2020:09:13:50 +0800] "GET /xingrg/index.html?sysBaseUrl=http%3A%2F%2F180.169.147.146%3A18081%2Fxingrg%2F&costTime=38×tamp=1607646879531 HTTP/1.1" 200 17179
180.174.56.115 - - [11/Dec/2020:09:13:50 +0800] "GET /xingrg/javascript/jquery_easy_ui/themes/default/easyui.css HTTP/1.1" 304 -
180.174.56.115 - - [11/Dec/2020:09:13:50 +0800] "GET /xingrg/javascript/jquery_easy_ui/themes/icon.css HTTP/1.1" 304 -
180.174.56.115 - - [11/Dec/2020:09:13:50 +0800] "GET /xingrg/css/form.css HTTP/1.1" 304 -
180.174.56.115 - - [11/Dec/2020:09:13:50 +0800] "GET /xingrg/javascript/jquery-1.4.2.min.js HTTP/1.1" 304 -
180.174.56.115 - - [11/Dec/2020:09:13:50 +0800] "GET /xingrg/javascript/jquery_easy_ui/jquery.easyui.min.js HTTP/1.1" 304 -
180.174.56.115 - - [11/Dec/2020:09:13:51 +0800] "GET /xingrg/javascript/jquery_easy_ui/easyui-lang-zh_CN.js HTTP/1.1" 304 -
180.174.56.115 - - [11/Dec/2020:09:13:51 +0800] "GET /xingrg/javascript/jquery.form.js HTTP/1.1" 304 -
180.174.56.115 - - [11/Dec/2020:09:13:51 +0800] "GET /xingrg/javascript/jquery.utils.js HTTP/1.1" 304 -
180.174.56.115 - - [11/Dec/2020:09:13:51 +0800] "GET /xingrg/javascript/jquery.timers.js HTTP/1.1" 304 -
180.174.56.115 - - [11/Dec/2020:09:13:51 +0800] "GET /xingrg/images/blue/jxLogo.png HTTP/1.1" 304 -
180.174.56.115 - - [11/Dec/2020:09:13:51 +0800] "GET /xingrg/images/blue/navBackgound.jpg HTTP/1.1" 304 -
180.174.56.115 - - [11/Dec/2020:09:13:51 +0800] "GET /xingrg/javascript/jquery_easy_ui/themes/icons/settle_new.png HTTP/1.1" 304 -
180.174.56.115 - - [11/Dec/2020:09:13:51 +0800] "POST /xingrg/all/common/load_tree.html?tree=area_rest_tree_json&manage=1 HTTP/1.1" 200 476
180.174.56.115 - - [11/Dec/2020:09:13:51 +0800] "GET /xingrg/all/function/internal_message.html?_=1607649230975&CODE_STATE=count HTTP/1.1" 200 11
180.174.56.115 - - [11/Dec/2020:09:13:51 +0800] "GET /xingrg/check_reg.html?_=1607649230975 HTTP/1.1" 200 22
180.174.56.115 - - [11/Dec/2020:09:13:51 +0800] "GET /xingrg/images/blue/pingpu.png HTTP/1.1" 304 -
180.174.56.115 - - [11/Dec/2020:09:13:51 +0800] "GET /xingrg/javascript/jquery_easy_ui/themes/default/images/panel_tool_collapse.gif HTTP/1.1" 304 -
180.174.56.115 - - [11/Dec/2020:09:13:51 +0800] "GET /xingrg/javascript/jquery_easy_ui/themes/default/images/tabs_leftarrow.png HTTP/1.1" 304 -
180.174.56.115 - - [11/Dec/2020:09:13:51 +0800] "GET /xingrg/javascript/jquery_easy_ui/themes/default/images/tabs_rightarrow.png HTTP/1.1" 304 -
180.174.56.115 - - [11/Dec/2020:09:13:51 +0800] "POST /xingrg/load_menu.html HTTP/1.1" 200 5138
223.167.127.220 - - [11/Dec/2020:09:13:52 +0800] "GET /xingrg/all/function/internal_message.html?_=1607649232850&CODE_STATE=getMsg HTTP/1.1" 302 -
114.88.159.147 - - [11/Dec/2020:09:13:53 +0800] "GET /xingrg/check_reg.html?_=1607648804983 HTTP/1.1" 200 22
114.88.159.147 - - [11/Dec/2020:09:13:53 +0800] "GET /xingrg/all/function/internal_message.html?_=1607648804985&CODE_STATE=getMsg HTTP/1.1" 200 27
180.174.56.115 - - [11/Dec/2020:09:13:54 +0800] "GET /xingrg/kc/buy/cgsh_order_list.html HTTP/1.1" 200 45208
114.84.32.187 - - [11/Dec/2020:09:13:55 +0800] "GET /xingrg/all/function/internal_message.html?_=1607649262657&CODE_STATE=getMsg HTTP/1.1" 302 -
180.174.56.115 - - [11/Dec/2020:09:13:56 +0800] "POST /xingrg/kc/buy/cgsh_list_operate.html HTTP/1.1" 200 1690
180.174.56.115 - - [11/Dec/2020:09:13:58 +0800] "POST /xingrg/kc/buy/cgsh_list_operate.html HTTP/1.1" 200 566
114.88.163.87 - - [11/Dec/2020:09:13:59 +0800] "GET /xingrg/all/function/internal_message.html?_=1607649234850&CODE_STATE=getMsg HTTP/1.1" 302 -
180.174.56.115 - - [11/Dec/2020:09:14:00 +0800] "GET /xingrg/kc/buy/cgsh_order_info.html?code=212020121104027 HTTP/1.1" 200 60872
180.174.56.115 - - [11/Dec/2020:09:14:00 +0800] "GET /xingrg/javascript/easyui/themes/default/validatebox.css HTTP/1.1" 404 1104
180.174.56.115 - - [11/Dec/2020:09:14:01 +0800] "POST /xingrg/kc/buy/cgsh_order_operate.html HTTP/1.1" 200 36979
114.84.32.187 - - [11/Dec/2020:09:14:04 +0800] "GET /xingrg/kc/buy/cgsh_order_operate.html?command=get_materiel&rest_code=00146&code=00101008212&supplier_code=00100005&order_time=2020-12-11 HTTP/1.1" 200 412
172.17.200.101 - - [11/Dec/2020:09:14:07 +0800] "GET /xingrg/all/function/internal_message.html?_=1607649248024&CODE_STATE=getMsg HTTP/1.1" 200 27
117.185.32.26 - - [11/Dec/2020:09:14:16 +0800] "GET /xingrg/check_reg.html?_=1607649714134 HTTP/1.1" 200 22
117.185.32.26 - - [11/Dec/2020:09:14:16 +0800] "GET /xingrg/all/function/internal_message.html?_=1607649714135&CODE_STATE=getMsg HTTP/1.1" 200 27
114.84.32.187 - - [11/Dec/2020:09:14:21 +0800] "GET /xingrg/kc/buy/cgsh_order_operate.html?command=get_materiel&rest_code=00146&code=00101008270&supplier_code=00100005&order_time=2020-12-11 HTTP/1.1" 200 412
180.162.223.42 - - [11/Dec/2020:09:14:33 +0800] "GET /xingrg/all/function/internal_message.html?_=1607649273798&CODE_STATE=getMsg HTTP/1.1" 200 27
114.84.32.187 - - [11/Dec/2020:09:14:35 +0800] "GET /xingrg/kc/buy/cgsh_order_operate.html?command=get_materiel&rest_code=00146&code=00101008005&supplier_code=00100005&order_time=2020-12-11 HTTP/1.1" 200 412
180.174.56.115 - - [11/Dec/2020:09:14:35 +0800] "GET /xingrg/kc/buy/cgsh_order_operate.html?command=get_materiel&rest_code=00150&code=00101016017&supplier_code=00100096&order_time=2020-12-11 HTTP/1.1" 200 410
180.162.223.42 - - [11/Dec/2020:09:14:35 +0800] "GET /xingrg/all/function/internal_message.html?_=1607649254770&CODE_STATE=getMsg HTTP/1.1" 200 27
114.88.163.87 - - [11/Dec/2020:09:14:38 +0800] "GET /xingrg/all/function/internal_message.html?_=1607649407401&CODE_STATE=getMsg HTTP/1.1" 200 27
114.88.163.87 - - [11/Dec/2020:09:14:39 +0800] "GET /xingrg/check_reg.html?_=1607649408571 HTTP/1.1" 200 22
180.174.56.115 - - [11/Dec/2020:09:14:40 +0800] "GET /xingrg/all/function/internal_message.html?_=1607649243043&CODE_STATE=getMsg HTTP/1.1" 200 27
101.85.93.83 - - [11/Dec/2020:09:14:40 +0800] "GET /xingrg/all/function/internal_message.html?_=1607648986983&CODE_STATE=getMsg HTTP/1.1" 200 27
222.69.133.109 - - [11/Dec/2020:09:14:41 +0800] "GET /xingrg/check_reg.html?_=1607649280624 HTTP/1.1" 200 22
222.69.133.109 - - [11/Dec/2020:09:14:41 +0800] "GET /xingrg/all/function/internal_message.html?_=1607649280630&CODE_STATE=getMsg HTTP/1.1" 200 27
180.174.56.115 - - [11/Dec/2020:09:14:44 +0800] "GET /xingrg/kc/buy/cgsh_order_operate.html?command=get_materiel&rest_code=00150&code=00101012003&supplier_code=00100096&order_time=2020-12-11 HTTP/1.1" 200 412
114.88.163.87 - - [11/Dec/2020:09:14:49 +0800] "GET /xingrg/kc/buy/cgsh_order_add.html HTTP/1.1" 200 60939
114.88.163.87 - - [11/Dec/2020:09:14:50 +0800] "GET /xingrg/javascript/easyui/themes/default/validatebox.css HTTP/1.1" 404 1104
114.88.163.87 - - [11/Dec/2020:09:14:50 +0800] "POST /xingrg/kc/buy/cgsh_order_operate.html HTTP/1.1" 200 8245
114.84.32.187 - - [11/Dec/2020:09:14:51 +0800] "GET /xingrg/kc/buy/cgsh_order_operate.html?command=get_materiel&rest_code=00146&code=00101008359&supplier_code=00100005&order_time=2020-12-11 HTTP/1.1" 200 408
180.174.56.115 - - [11/Dec/2020:09:14:51 +0800] "GET /xingrg/all/function/internal_message.html?_=1607649290987&CODE_STATE=getMsg HTTP/1.1" 200 27
223.167.127.220 - - [11/Dec/2020:09:14:52 +0800] "GET /xingrg/all/function/internal_message.html?_=1607649292849&CODE_STATE=getMsg HTTP/1.1" 302 -
114.88.159.147 - - [11/Dec/2020:09:14:53 +0800] "GET /xingrg/all/function/internal_message.html?_=1607648864975&CODE_STATE=getMsg HTTP/1.1" 200 27
114.84.32.187 - - [11/Dec/2020:09:14:55 +0800] "GET /xingrg/all/function/internal_message.html?_=1607649322663&CODE_STATE=getMsg HTTP/1.1" 302 -
180.174.56.115 - - [11/Dec/2020:09:14:56 +0800] "GET /xingrg/kc/buy/cgsh_order_operate.html?command=get_materiel&rest_code=00150&code=00101001010&supplier_code=00100096&order_time=2020-12-11 HTTP/1.1" 200 408
114.88.163.87 - - [11/Dec/2020:09:14:59 +0800] "GET /xingrg/all/function/internal_message.html?_=1607649294902&CODE_STATE=getMsg HTTP/1.1" 302 -
114.88.163.87 - - [11/Dec/2020:09:15:01 +0800] "GET /xingrg/kc/buy/cgsh_order_operate.html?command=get_materiel&rest_code=00111&code=00101007061&supplier_code=00100004&order_time=2020-12-11 HTTP/1.1" 200 409
58.37.39.81 - - [11/Dec/2020:09:15:02 +0800] "GET /favicon.ico HTTP/1.1" 404 -
58.37.39.81 - - [11/Dec/2020:09:15:03 +0800] "GET /favicon.ico HTTP/1.1" 404 -
58.37.39.81 - - [11/Dec/2020:09:15:03 +0800] "GET /favicon.ico HTTP/1.1" 404 -
58.37.39.81 - - [11/Dec/2020:09:15:04 +0800] "GET /favicon.ico HTTP/1.1" 404 -
172.17.200.101 - - [11/Dec/2020:09:15:07 +0800] "GET /xingrg/all/function/internal_message.html?_=1607649308029&CODE_STATE=getMsg HTTP/1.1" 200 27
114.88.163.87 - - [11/Dec/2020:09:15:08 +0800] "GET /xingrg/kc/buy/cgsh_order_operate.html?command=get_materiel&rest_code=00111&code=00101007048&supplier_code=00100004&order_time=2020-12-11 HTTP/1.1" 200 408
114.84.32.187 - - [11/Dec/2020:09:15:09 +0800] "GET /xingrg/kc/buy/cgsh_order_operate.html?command=get_materiel&rest_code=00146&code=00101008027&supplier_code=00100005&order_time=2020-12-11 HTTP/1.1" 200 408
117.185.32.26 - - [11/Dec/2020:09:15:16 +0800] "GET /xingrg/all/function/internal_message.html?_=1607649774135&CODE_STATE=getMsg HTTP/1.1" 200 27
114.88.163.87 - - [11/Dec/2020:09:15:21 +0800] "GET /xingrg/kc/buy/cgsh_order_operate.html?command=get_materiel&rest_code=00111&code=00101007031&supplier_code=00100004&order_time=2020-12-11 HTTP/1.1" 200 413
114.84.32.187 - - [11/Dec/2020:09:15:24 +0800] "GET /xingrg/kc/buy/cgsh_order_operate.html?command=get_materiel&rest_code=00146&code=00101008354&supplier_code=00100005&order_time=2020-12-11 HTTP/1.1" 200 412
180.162.223.42 - - [11/Dec/2020:09:15:33 +0800] "GET /xingrg/all/function/internal_message.html?_=1607649333774&CODE_STATE=getMsg HTTP/1.1" 200 27
180.162.223.42 - - [11/Dec/2020:09:15:35 +0800] "GET /xingrg/all/function/internal_message.html?_=1607649314769&CODE_STATE=getMsg HTTP/1.1" 200 27
114.88.163.87 - - [11/Dec/2020:09:15:38 +0800] "GET /xingrg/all/function/internal_message.html?_=1607649467384&CODE_STATE=getMsg HTTP/1.1" 200 27
114.84.32.187 - - [11/Dec/2020:09:15:39 +0800] "GET /xingrg/kc/buy/cgsh_order_operate.html?command=get_materiel&rest_code=00146&code=00101008028&supplier_code=00100005&order_time=2020-12-11 HTTP/1.1" 200 412
180.174.56.115 - - [11/Dec/2020:09:15:40 +0800] "GET /xingrg/all/function/internal_message.html?_=1607649303056&CODE_STATE=getMsg HTTP/1.1" 200 27
101.85.93.83 - - [11/Dec/2020:09:15:40 +0800] "GET /xingrg/all/function/internal_message.html?_=1607649046982&CODE_STATE=getMsg HTTP/1.1" 200 27
101.85.93.83 - - [11/Dec/2020:09:15:40 +0800] "GET /xingrg/check_reg.html?_=1607649046986 HTTP/1.1" 200 22
222.69.133.109 - - [11/Dec/2020:09:15:41 +0800] "GET /xingrg/all/function/internal_message.html?_=1607649340631&CODE_STATE=getMsg HTTP/1.1" 200 27
101.83.240.69 - - [11/Dec/2020:09:15:43 +0800] "POST /xingrg/services/DataTransmitService HTTP/1.1" 200 524
180.174.56.115 - - [11/Dec/2020:09:15:51 +0800] "GET /xingrg/all/function/internal_message.html?_=1607649350982&CODE_STATE=getMsg HTTP/1.1" 200 27
114.84.32.187 - - [11/Dec/2020:09:15:52 +0800] "GET /xingrg/kc/buy/cgsh_order_operate.html?command=get_materiel&rest_code=00146&code=00101008096&supplier_code=00100005&order_time=2020-12-11 HTTP/1.1" 200 412
223.167.127.220 - - [11/Dec/2020:09:15:52 +0800] "GET /xingrg/all/function/internal_message.html?_=1607649352850&CODE_STATE=getMsg HTTP/1.1" 302 -
114.88.159.147 - - [11/Dec/2020:09:15:53 +0800] "GET /xingrg/all/function/internal_message.html?_=1607648924978&CODE_STATE=getMsg HTTP/1.1" 200 27
180.174.56.115 - - [11/Dec/2020:09:15:55 +0800] "GET /xingrg/kc/buy/cgsh_order_operate.html?command=get_materiel&rest_code=00150&code=00101007081&supplier_code=00100096&order_time=2020-12-11 HTTP/1.1" 200 413
101.83.240.69 - - [11/Dec/2020:09:15:55 +0800] "GET /xingrg/index.html?sysBaseUrl=http%3A%2F%2F180.169.147.146%3A18081%2Fxingrg%2F&costTime=52×tamp=1591679117969 HTTP/1.1" 302 -
101.83.240.69 - - [11/Dec/2020:09:15:55 +0800] "GET /xingrg/login.html HTTP/1.1" 200 7641
114.84.32.187 - - [11/Dec/2020:09:15:55 +0800] "GET /xingrg/all/function/internal_message.html?_=1607649382685&CODE_STATE=getMsg HTTP/1.1" 302 -
101.83.240.69 - - [11/Dec/2020:09:15:56 +0800] "GET /favicon.ico HTTP/1.1" 404 -
114.88.163.87 - - [11/Dec/2020:09:15:59 +0800] "GET /xingrg/all/function/internal_message.html?_=1607649354909&CODE_STATE=getMsg HTTP/1.1" 302 -
180.174.56.115 - - [11/Dec/2020:09:16:06 +0800] "GET /xingrg/kc/buy/cgsh_order_operate.html?command=get_materiel&rest_code=00150&code=00101007077&supplier_code=00100096&order_time=2020-12-11 HTTP/1.1" 200 415
114.84.32.187 - - [11/Dec/2020:09:16:06 +0800] "GET /xingrg/kc/buy/cgsh_order_operate.html?command=get_materiel&rest_code=00146&code=00101008051&supplier_code=00100005&order_time=2020-12-11 HTTP/1.1" 200 409
172.17.200.101 - - [11/Dec/2020:09:16:07 +0800] "GET /xingrg/all/function/internal_message.html?_=1607649368014&CODE_STATE=getMsg HTTP/1.1" 200 27
180.174.56.115 - - [11/Dec/2020:09:16:15 +0800] "GET /xingrg/kc/buy/cgsh_order_operate.html?command=get_materiel&rest_code=00150&code=00101007071&supplier_code=00100096&order_time=2020-12-11 HTTP/1.1" 200 419
117.185.32.26 - - [11/Dec/2020:09:16:16 +0800] "GET /xingrg/all/function/internal_message.html?_=1607649834163&CODE_STATE=getMsg HTTP/1.1" 200 27
101.83.240.69 - - [11/Dec/2020:09:16:17 +0800] "POST /xingrg/login.do HTTP/1.1" 302 -
101.83.240.69 - - [11/Dec/2020:09:16:17 +0800] "GET /xingrg/index.html?sysBaseUrl=http%3A%2F%2F180.169.147.146%3A18081%2Fxingrg%2F&costTime=51×tamp=1607649377022 HTTP/1.1" 200 17179
101.83.240.69 - - [11/Dec/2020:09:16:17 +0800] "GET /favicon.ico HTTP/1.1" 404 -
101.83.240.69 - - [11/Dec/2020:09:16:17 +0800] "POST /xingrg/all/common/load_tree.html?tree=area_rest_tree_json&manage=1 HTTP/1.1" 200 351
101.83.240.69 - - [11/Dec/2020:09:16:17 +0800] "GET /xingrg/all/function/internal_message.html?_=1607649372659&CODE_STATE=count HTTP/1.1" 200 11
101.83.240.69 - - [11/Dec/2020:09:16:17 +0800] "GET /xingrg/check_reg.html?_=1607649372660 HTTP/1.1" 200 22
101.83.240.69 - - [11/Dec/2020:09:16:17 +0800] "POST /xingrg/load_menu.html HTTP/1.1" 200 5138
114.84.32.187 - - [11/Dec/2020:09:16:23 +0800] "GET /xingrg/kc/buy/cgsh_order_operate.html?command=get_materiel&rest_code=00146&code=00101008290&supplier_code=00100005&order_time=2020-12-11 HTTP/1.1" 200 416
180.174.56.115 - - [11/Dec/2020:09:16:28 +0800] "GET /xingrg/kc/buy/cgsh_order_operate.html?command=get_materiel&rest_code=00150&code=00101007059&supplier_code=00100096&order_time=2020-12-11 HTTP/1.1" 200 409
180.162.223.42 - - [11/Dec/2020:09:16:33 +0800] "GET /xingrg/check_reg.html?_=1607649393514 HTTP/1.1" 200 22
180.162.223.42 - - [11/Dec/2020:09:16:33 +0800] "GET /xingrg/all/function/internal_message.html?_=1607649393742&CODE_STATE=getMsg HTTP/1.1" 200 27
114.88.163.87 - - [11/Dec/2020:09:16:34 +0800] "POST /xingrg/kc/buy/cgsh_order_operate.html HTTP/1.1" 200 37
114.88.163.87 - - [11/Dec/2020:09:16:35 +0800] "POST /xingrg/kc/buy/cgsh_order_operate.html HTTP/1.1" 200 3835
180.162.223.42 - - [11/Dec/2020:09:16:35 +0800] "GET /xingrg/check_reg.html?_=1607649374770 HTTP/1.1" 200 22
180.162.223.42 - - [11/Dec/2020:09:16:35 +0800] "GET /xingrg/all/function/internal_message.html?_=1607649374773&CODE_STATE=getMsg HTTP/1.1" 200 27
180.174.56.115 - - [11/Dec/2020:09:16:37 +0800] "POST /xingrg/kc/buy/cgsh_order_operate.html HTTP/1.1" 200 37
114.88.163.87 - - [11/Dec/2020:09:16:37 +0800] "GET /xingrg/kc/print/load_data.html?order_code=212020121104036&kc_code=cgsh&condition= HTTP/1.1" 200 1178
114.84.32.187 - - [11/Dec/2020:09:16:38 +0800] "GET /xingrg/kc/buy/cgsh_order_operate.html?command=get_materiel&rest_code=00146&code=00101008361&supplier_code=00100005&order_time=2020-12-11 HTTP/1.1" 200 408
114.88.163.87 - - [11/Dec/2020:09:16:38 +0800] "GET /xingrg/all/function/internal_message.html?_=1607649527362&CODE_STATE=getMsg HTTP/1.1" 200 27
180.174.56.115 - - [11/Dec/2020:09:16:38 +0800] "POST /xingrg/kc/buy/cgsh_order_operate.html HTTP/1.1" 200 36976
180.174.56.115 - - [11/Dec/2020:09:16:40 +0800] "GET /xingrg/all/function/internal_message.html?_=1607649363098&CODE_STATE=getMsg HTTP/1.1" 200 27
101.85.93.83 - - [11/Dec/2020:09:16:40 +0800] "GET /xingrg/all/function/internal_message.html?_=1607649106986&CODE_STATE=getMsg HTTP/1.1" 200 27
222.69.133.109 - - [11/Dec/2020:09:16:41 +0800] "GET /xingrg/all/function/internal_message.html?_=1607649400632&CODE_STATE=getMsg HTTP/1.1" 200 27
180.174.56.115 - - [11/Dec/2020:09:16:41 +0800] "GET /xingrg/kc/buy/cgsh_order_operate.html?command=get_materiel&rest_code=00150&code=00101007125&supplier_code=00100096&order_time=2020-12-11 HTTP/1.1" 200 408
114.84.32.187 - - [11/Dec/2020:09:16:41 +0800] "GET /xingrg/check_reg.html?_=1607649428621 HTTP/1.1" 302 -
114.84.32.187 - - [11/Dec/2020:09:16:47 +0800] "GET /xingrg/kc/buy/cgsh_order_operate.html?command=get_materiel&rest_code=00146&code=00101008067&supplier_code=00100005&order_time=2020-12-11 HTTP/1.1" 200 416
114.88.163.87 - - [11/Dec/2020:09:16:48 +0800] "GET /xingrg/check_reg.html?_=1607649403861 HTTP/1.1" 302 -
180.174.56.115 - - [11/Dec/2020:09:16:51 +0800] "GET /xingrg/all/function/internal_message.html?_=1607649410994&CODE_STATE=getMsg HTTP/1.1" 200 27
223.167.127.220 - - [11/Dec/2020:09:16:52 +0800] "GET /xingrg/all/function/internal_message.html?_=1607649412850&CODE_STATE=getMsg HTTP/1.1" 302 -
223.167.127.220 - - [11/Dec/2020:09:16:52 +0800] "GET /xingrg/check_reg.html?_=1607649412851 HTTP/1.1" 302 -
180.152.104.37 - - [11/Dec/2020:09:16:53 +0800] "GET /favicon.ico HTTP/1.1" 404 -
114.88.159.147 - - [11/Dec/2020:09:16:53 +0800] "GET /xingrg/all/function/internal_message.html?_=1607648984986&CODE_STATE=getMsg HTTP/1.1" 200 27
114.84.32.187 - - [11/Dec/2020:09:16:55 +0800] "GET /xingrg/all/function/internal_message.html?_=1607649442690&CODE_STATE=getMsg HTTP/1.1" 302 -
114.88.163.87 - - [11/Dec/2020:09:16:59 +0800] "GET /xingrg/all/function/internal_message.html?_=1607649414955&CODE_STATE=getMsg HTTP/1.1" 302 -
114.84.32.187 - - [11/Dec/2020:09:17:04 +0800] "GET /xingrg/kc/buy/cgsh_order_operate.html?command=get_materiel&rest_code=00146&code=00101008356&supplier_code=00100005&order_time=2020-12-11 HTTP/1.1" 200 408
172.17.200.101 - - [11/Dec/2020:09:17:07 +0800] "GET /xingrg/all/function/internal_message.html?_=1607649428017&CODE_STATE=getMsg HTTP/1.1" 200 27
172.17.200.101 - - [11/Dec/2020:09:17:07 +0800] "GET /xingrg/check_reg.html?_=1607649428020 HTTP/1.1" 200 22
101.83.240.69 - - [11/Dec/2020:09:17:12 +0800] "GET /xingrg/kc/buy/cgsh_order_list.html HTTP/1.1" 200 45208
101.83.240.69 - - [11/Dec/2020:09:17:13 +0800] "POST /xingrg/kc/buy/cgsh_list_operate.html HTTP/1.1" 200 876
101.85.93.83 - - [11/Dec/2020:09:17:14 +0800] "GET /xingrg/javascript/jquery_easy_ui/themes/default/images/tabs_close.gif HTTP/1.1" 200 829
101.85.93.83 - - [11/Dec/2020:09:17:14 +0800] "GET /xingrg/css/base.css HTTP/1.1" 200 2811
101.85.93.83 - - [11/Dec/2020:09:17:14 +0800] "GET /xingrg/css/site.css HTTP/1.1" 200 7541
101.85.93.83 - - [11/Dec/2020:09:17:14 +0800] "GET /xingrg/javascript/auto/jquery.autocomplete.css HTTP/1.1" 200 587
101.85.93.83 - - [11/Dec/2020:09:17:14 +0800] "GET /xingrg/javascript/easyui/themes/icon.css HTTP/1.1" 200 4483
101.85.93.83 - - [11/Dec/2020:09:17:14 +0800] "GET /xingrg/javascript/jquery_tools/fix.css HTTP/1.1" 200 1702
101.85.93.83 - - [11/Dec/2020:09:17:14 +0800] "GET /xingrg/javascript/jquery_tools/datebox.css HTTP/1.1" 200 2597
101.85.93.83 - - [11/Dec/2020:09:17:14 +0800] "GET /xingrg/javascript/jquery_tools/table.css HTTP/1.1" 200 1032
101.85.93.83 - - [11/Dec/2020:09:17:14 +0800] "GET /xingrg/javascript/jquery_tools/jquery.tools.min.js HTTP/1.1" 200 138801
101.85.93.83 - - [11/Dec/2020:09:17:14 +0800] "GET /xingrg/javascript/jquery_tools/jquery.tools.hotkey.js HTTP/1.1" 200 3242
101.85.93.83 - - [11/Dec/2020:09:17:14 +0800] "GET /xingrg/javascript/jquery_tools/list_manager.js HTTP/1.1" 200 3652
101.85.93.83 - - [11/Dec/2020:09:17:14 +0800] "GET /xingrg/javascript/jquery.cookie.js HTTP/1.1" 200 5513
101.85.93.83 - - [11/Dec/2020:09:17:14 +0800] "GET /xingrg/javascript/jquery_tools/jquery.tools.extend.js HTTP/1.1" 200 15385
101.85.93.83 - - [11/Dec/2020:09:17:14 +0800] "GET /xingrg/kc/buy/cgsh_order_list.html HTTP/1.1" 200 45208
101.85.93.83 - - [11/Dec/2020:09:17:14 +0800] "GET /xingrg/javascript/easyui/easyloader.js HTTP/1.1" 200 5975
101.85.93.83 - - [11/Dec/2020:09:17:14 +0800] "GET /xingrg/javascript/print/LodopFuncs.js HTTP/1.1" 200 5121
101.85.93.83 - - [11/Dec/2020:09:17:14 +0800] "GET /xingrg/javascript/jquery_tools/jquery.tools.table.js HTTP/1.1" 200 6994
101.85.93.83 - - [11/Dec/2020:09:17:14 +0800] "GET /xingrg/javascript/easyui/themes/default/easyui.css HTTP/1.1" 200 30432
101.85.93.83 - - [11/Dec/2020:09:17:14 +0800] "GET /xingrg/javascript/auto/jquery.autocomplete.js HTTP/1.1" 200 21624
101.85.93.83 - - [11/Dec/2020:09:17:15 +0800] "GET /xingrg/javascript/easyui/themes/icons/edit_add_new.png HTTP/1.1" 200 2997
101.85.93.83 - - [11/Dec/2020:09:17:15 +0800] "GET /xingrg/javascript/easyui/themes/icons/cance_new.png HTTP/1.1" 200 3986
101.85.93.83 - - [11/Dec/2020:09:17:15 +0800] "GET /xingrg/javascript/easyui/themes/icons/check_new.png HTTP/1.1" 200 3224
101.85.93.83 - - [11/Dec/2020:09:17:15 +0800] "GET /xingrg/javascript/easyui/themes/icons/field_new.png HTTP/1.1" 200 1097
101.85.93.83 - - [11/Dec/2020:09:17:15 +0800] "GET /xingrg/javascript/easyui/themes/icons/import_new.png HTTP/1.1" 200 1247
101.85.93.83 - - [11/Dec/2020:09:17:15 +0800] "GET /xingrg/javascript/easyui/plugins/jquery.parser.js HTTP/1.1" 200 1142
101.85.93.83 - - [11/Dec/2020:09:17:15 +0800] "GET /xingrg/images/control/ajaxLoader.gif HTTP/1.1" 200 4659
101.85.93.83 - - [11/Dec/2020:09:17:15 +0800] "POST /xingrg/kc/buy/cgsh_list_operate.html HTTP/1.1" 200 876
117.185.32.26 - - [11/Dec/2020:09:17:16 +0800] "GET /xingrg/all/function/internal_message.html?_=1607649894161&CODE_STATE=getMsg HTTP/1.1" 200 27
101.83.240.69 - - [11/Dec/2020:09:17:17 +0800] "GET /xingrg/kc/buy/cgsh_order_add.html HTTP/1.1" 200 60992
101.83.240.69 - - [11/Dec/2020:09:17:17 +0800] "GET /xingrg/words/20201209121717_words.js HTTP/1.1" 304 -
101.83.240.69 - - [11/Dec/2020:09:17:17 +0800] "POST /xingrg/kc/buy/cgsh_order_operate.html HTTP/1.1" 200 8245
101.83.240.69 - - [11/Dec/2020:09:17:17 +0800] "GET /xingrg/all/common/auto_word.html?type=employee&rest_code=00149 HTTP/1.1" 200 197
101.83.240.69 - - [11/Dec/2020:09:17:17 +0800] "GET /xingrg/all/common/auto_word.html?type=employee&rest_code=00149 HTTP/1.1" 200 197
101.83.240.69 - - [11/Dec/2020:09:17:17 +0800] "GET /xingrg/javascript/easyui/themes/default/validatebox.css HTTP/1.1" 404 1104
101.83.240.69 - - [11/Dec/2020:09:17:17 +0800] "GET /xingrg/all/function/internal_message.html?_=1607649432735&CODE_STATE=getMsg HTTP/1.1" 200 27
114.84.32.187 - - [11/Dec/2020:09:17:17 +0800] "POST /xingrg/kc/buy/cgsh_order_operate.html HTTP/1.1" 200 2065
101.85.93.83 - - [11/Dec/2020:09:17:24 +0800] "GET /xingrg/javascript/easyui/themes/default/images/button_plain_hover.png HTTP/1.1" 200 144
101.85.93.83 - - [11/Dec/2020:09:17:25 +0800] "GET /xingrg/javascript/convert.js HTTP/1.1" 200 1239
101.85.93.83 - - [11/Dec/2020:09:17:25 +0800] "GET /xingrg/javascript/pic_change.js HTTP/1.1" 200 4739
101.85.93.83 - - [11/Dec/2020:09:17:25 +0800] "GET /xingrg/javascript/jquery_tools/order_manager.js HTTP/1.1" 200 11183
101.85.93.83 - - [11/Dec/2020:09:17:25 +0800] "GET /xingrg/javascript/json2.js HTTP/1.1" 200 11259
101.85.93.83 - - [11/Dec/2020:09:17:25 +0800] "GET /xingrg/javascript/print/kc_print.js HTTP/1.1" 200 11415
101.85.93.83 - - [11/Dec/2020:09:17:25 +0800] "GET /xingrg/kc/buy/cgsh_order_add.html HTTP/1.1" 200 60058
101.85.93.83 - - [11/Dec/2020:09:17:25 +0800] "GET /xingrg/words/20201209121717_words.js HTTP/1.1" 200 780165
101.85.93.83 - - [11/Dec/2020:09:17:25 +0800] "GET /xingrg/javascript/easyui/themes/icons/ok.png HTTP/1.1" 200 883
101.85.93.83 - - [11/Dec/2020:09:17:25 +0800] "GET /xingrg/javascript/easyui/themes/icons/print.png HTTP/1.1" 200 1057
101.85.93.83 - - [11/Dec/2020:09:17:25 +0800] "GET /xingrg/javascript/easyui/themes/default/images/menu_downarrow.png HTTP/1.1" 200 173
101.85.93.83 - - [11/Dec/2020:09:17:25 +0800] "GET /xingrg/javascript/easyui/themes/icons/copy_new.png HTTP/1.1" 200 815
101.85.93.83 - - [11/Dec/2020:09:17:25 +0800] "GET /xingrg/javascript/easyui/themes/icons/template_new.png HTTP/1.1" 200 3956
101.85.93.83 - - [11/Dec/2020:09:17:25 +0800] "GET /xingrg/javascript/easyui/themes/icons/cancel.png HTTP/1.1" 200 1133
101.85.93.83 - - [11/Dec/2020:09:17:25 +0800] "POST /xingrg/kc/buy/cgsh_order_operate.html HTTP/1.1" 200 8245
101.85.93.83 - - [11/Dec/2020:09:17:25 +0800] "GET /xingrg/all/common/auto_word.html?type=employee&rest_code=00142 HTTP/1.1" 200 105
101.85.93.83 - - [11/Dec/2020:09:17:25 +0800] "GET /xingrg/all/common/auto_word.html?type=employee&rest_code=00142 HTTP/1.1" 200 105
101.85.93.83 - - [11/Dec/2020:09:17:25 +0800] "GET /xingrg/javascript/easyui/themes/default/validatebox.css HTTP/1.1" 404 1104
101.85.93.83 - - [11/Dec/2020:09:17:25 +0800] "GET /xingrg/javascript/easyui/plugins/jquery.validatebox.js HTTP/1.1" 200 6103
101.85.93.83 - - [11/Dec/2020:09:17:25 +0800] "GET /xingrg/javascript/easyui/plugins/jquery.numberbox.js HTTP/1.1" 200 5213
101.85.93.83 - - [11/Dec/2020:09:17:25 +0800] "GET /xingrg/javascript/easyui/themes/icons/edit_remove.png HTTP/1.1" 200 625
114.84.32.187 - - [11/Dec/2020:09:17:29 +0800] "GET /xingrg/kc/buy/cgsh_order_operate.html?command=get_materiel&rest_code=00146&code=00101008251&supplier_code=00100005&order_time=2020-12-11 HTTP/1.1" 200 408
180.162.223.42 - - [11/Dec/2020:09:17:33 +0800] "GET /xingrg/all/function/internal_message.html?_=1607649453712&CODE_STATE=getMsg HTTP/1.1" 200 27
114.88.159.147 - - [11/Dec/2020:09:17:33 +0800] "POST /xingrg/services/DataTransmitService HTTP/1.1" 200 524
180.162.223.42 - - [11/Dec/2020:09:17:35 +0800] "GET /xingrg/all/function/internal_message.html?_=1607649434772&CODE_STATE=getMsg HTTP/1.1" 200 27
114.88.163.87 - - [11/Dec/2020:09:17:38 +0800] "GET /xingrg/all/function/internal_message.html?_=1607649587339&CODE_STATE=getMsg HTTP/1.1" 200 27
180.174.56.115 - - [11/Dec/2020:09:17:40 +0800] "GET /xingrg/check_reg.html?_=1607649423021 HTTP/1.1" 200 22
180.174.56.115 - - [11/Dec/2020:09:17:40 +0800] "GET /xingrg/all/function/internal_message.html?_=1607649423115&CODE_STATE=getMsg HTTP/1.1" 200 27
101.85.93.83 - - [11/Dec/2020:09:17:40 +0800] "GET /xingrg/all/function/internal_message.html?_=1607649167026&CODE_STATE=getMsg HTTP/1.1" 200 27
222.69.133.109 - - [11/Dec/2020:09:17:41 +0800] "GET /xingrg/all/function/internal_message.html?_=1607649460634&CODE_STATE=getMsg HTTP/1.1" 200 27
101.83.240.69 - - [11/Dec/2020:09:17:43 +0800] "GET /xingrg/javascript/auto/indicator.gif HTTP/1.1" 404 1066
101.83.240.69 - - [11/Dec/2020:09:17:44 +0800] "GET /xingrg/javascript/jquery_tools/images/next.gif HTTP/1.1" 404 1086
101.83.240.69 - - [11/Dec/2020:09:17:44 +0800] "GET /xingrg/javascript/jquery_tools/images/prev.gif HTTP/1.1" 404 1086
58.37.39.81 - - [11/Dec/2020:09:17:46 +0800] "GET /favicon.ico HTTP/1.1" 404 -
58.37.39.81 - - [11/Dec/2020:09:17:47 +0800] "GET /favicon.ico HTTP/1.1" 404 -
58.37.39.81 - - [11/Dec/2020:09:17:49 +0800] "GET /favicon.ico HTTP/1.1" 404 -
180.174.56.115 - - [11/Dec/2020:09:17:51 +0800] "GET /xingrg/all/function/internal_message.html?_=1607649470996&CODE_STATE=getMsg HTTP/1.1" 200 27
114.84.32.187 - - [11/Dec/2020:09:17:52 +0800] "GET /xingrg/kc/buy/cgsh_order_operate.html?command=get_materiel&rest_code=00146&code=00101008276&supplier_code=00100005&order_time=2020-12-11 HTTP/1.1" 200 412
223.167.127.220 - - [11/Dec/2020:09:17:52 +0800] "GET /xingrg/all/function/internal_message.html?_=1607649472850&CODE_STATE=getMsg HTTP/1.1" 302 -
114.88.159.147 - - [11/Dec/2020:09:17:53 +0800] "GET /xingrg/all/function/internal_message.html?_=1607649044974&CODE_STATE=getMsg HTTP/1.1" 200 27
114.84.32.187 - - [11/Dec/2020:09:17:55 +0800] "GET /xingrg/all/function/internal_message.html?_=1607649502711&CODE_STATE=getMsg HTTP/1.1" 302 -
101.83.240.69 - - [11/Dec/2020:09:17:56 +0800] "GET /xingrg/kc/buy/cgsh_order_operate.html?command=get_materiel&rest_code=00149&code=00101028011&supplier_code=00100019&order_time=2020-12-11 HTTP/1.1" 200 476
101.85.93.83 - - [11/Dec/2020:09:17:59 +0800] "GET /xingrg/javascript/auto/indicator.gif HTTP/1.1" 404 1066
114.88.163.87 - - [11/Dec/2020:09:17:59 +0800] "GET /xingrg/all/function/internal_message.html?_=1607649474966&CODE_STATE=getMsg HTTP/1.1" 302 -
180.174.56.115 - - [11/Dec/2020:09:18:01 +0800] "GET /xingrg/kc/buy/cgsh_order_operate.html?command=get_materiel&rest_code=00150&code=00101007061&supplier_code=00100096&order_time=2020-12-11 HTTP/1.1" 200 409
116.228.172.94 - - [11/Dec/2020:09:18:02 +0800] "GET /xingrg/login.html HTTP/1.1" 200 7641
116.228.172.94 - - [11/Dec/2020:09:18:02 +0800] "GET /xingrg/images/blue/jxLogo.png HTTP/1.1" 200 6156
116.228.172.94 - - [11/Dec/2020:09:18:03 +0800] "GET /xingrg/images/blue/login_bg.png HTTP/1.1" 200 22101
116.228.172.94 - - [11/Dec/2020:09:18:03 +0800] "GET /xingrg/images/blue/hj.png HTTP/1.1" 200 1014
116.228.172.94 - - [11/Dec/2020:09:18:03 +0800] "GET /xingrg/images/blue/srbg.png HTTP/1.1" 200 138
116.228.172.94 - - [11/Dec/2020:09:18:04 +0800] "GET /favicon.ico HTTP/1.1" 404 -
114.84.32.187 - - [11/Dec/2020:09:18:04 +0800] "GET /xingrg/check_reg.html?_=1607649502535 HTTP/1.1" 200 22
172.17.200.101 - - [11/Dec/2020:09:18:07 +0800] "GET /xingrg/all/function/internal_message.html?_=1607649488020&CODE_STATE=getMsg HTTP/1.1" 200 27
101.83.240.69 - - [11/Dec/2020:09:18:12 +0800] "GET /xingrg/kc/buy/cgsh_order_operate.html?command=get_materiel&rest_code=00149&code=00101020079&supplier_code=00100019&order_time=2020-12-11 HTTP/1.1" 200 421
117.185.32.26 - - [11/Dec/2020:09:18:16 +0800] "GET /xingrg/all/function/internal_message.html?_=1607649954160&CODE_STATE=getMsg HTTP/1.1" 200 27
101.83.240.69 - - [11/Dec/2020:09:18:17 +0800] "GET /xingrg/all/function/internal_message.html?_=1607649492704&CODE_STATE=getMsg HTTP/1.1" 200 27
114.84.32.187 - - [11/Dec/2020:09:18:19 +0800] "GET /xingrg/kc/buy/cgsh_order_operate.html?command=get_materiel&rest_code=00146&code=00101008196&supplier_code=00100005&order_time=2020-12-11 HTTP/1.1" 200 416
180.174.56.115 - - [11/Dec/2020:09:18:20 +0800] "GET /xingrg/kc/buy/cgsh_order_operate.html?command=get_materiel&rest_code=00150&code=00101007049&supplier_code=00100096&order_time=2020-12-11 HTTP/1.1" 200 409
180.162.223.42 - - [11/Dec/2020:09:18:33 +0800] "GET /xingrg/all/function/internal_message.html?_=1607649513691&CODE_STATE=getMsg HTTP/1.1" 200 27
180.162.223.42 - - [11/Dec/2020:09:18:35 +0800] "GET /xingrg/all/function/internal_message.html?_=1607649494772&CODE_STATE=getMsg HTTP/1.1" 200 27
101.83.240.69 - - [11/Dec/2020:09:18:36 +0800] "GET /xingrg/kc/buy/cgsh_order_operate.html?command=get_materiel&rest_code=00149&code=00101027009&supplier_code=00100019&order_time=2020-12-11 HTTP/1.1" 200 458
114.88.163.87 - - [11/Dec/2020:09:18:38 +0800] "GET /xingrg/all/function/internal_message.html?_=1607649647312&CODE_STATE=getMsg HTTP/1.1" 200 27
180.174.56.115 - - [11/Dec/2020:09:18:40 +0800] "GET /xingrg/all/function/internal_message.html?_=1607649483128&CODE_STATE=getMsg HTTP/1.1" 200 27
222.69.133.109 - - [11/Dec/2020:09:18:40 +0800] "GET /xingrg/javascript/auto/indicator.gif HTTP/1.1" 404 1066
101.85.93.83 - - [11/Dec/2020:09:18:40 +0800] "GET /xingrg/all/function/internal_message.html?_=1607649227030&CODE_STATE=getMsg HTTP/1.1" 200 27
101.85.93.83 - - [11/Dec/2020:09:18:40 +0800] "GET /xingrg/kc/buy/cgsh_order_operate.html?command=get_materiel&rest_code=00142&code=00101028032&supplier_code=00100156&order_time=2020-12-11 HTTP/1.1" 200 439
222.69.133.109 - - [11/Dec/2020:09:18:41 +0800] "GET /xingrg/all/function/internal_message.html?_=1607649520629&CODE_STATE=getMsg HTTP/1.1" 200 27
180.174.56.115 - - [11/Dec/2020:09:18:51 +0800] "GET /xingrg/check_reg.html?_=1607649530994 HTTP/1.1" 200 22
180.174.56.115 - - [11/Dec/2020:09:18:51 +0800] "GET /xingrg/kc/buy/cgsh_order_operate.html?command=get_materiel&rest_code=00150&code=00101007048&supplier_code=00100096&order_time=2020-12-11 HTTP/1.1" 200 408
180.174.56.115 - - [11/Dec/2020:09:18:51 +0800] "GET /xingrg/all/function/internal_message.html?_=1607649530997&CODE_STATE=getMsg HTTP/1.1" 200 27
223.167.127.220 - - [11/Dec/2020:09:18:52 +0800] "GET /xingrg/all/function/internal_message.html?_=1607649532848&CODE_STATE=getMsg HTTP/1.1" 302 -
114.88.159.147 - - [11/Dec/2020:09:18:53 +0800] "GET /xingrg/all/function/internal_message.html?_=1607649104977&CODE_STATE=getMsg HTTP/1.1" 200 27
114.88.159.147 - - [11/Dec/2020:09:18:53 +0800] "GET /xingrg/check_reg.html?_=1607649104979 HTTP/1.1" 200 22
114.84.32.187 - - [11/Dec/2020:09:18:55 +0800] "GET /xingrg/all/function/internal_message.html?_=1607649562717&CODE_STATE=getMsg HTTP/1.1" 302 -
114.88.163.87 - - [11/Dec/2020:09:18:59 +0800] "GET /xingrg/all/function/internal_message.html?_=1607649535018&CODE_STATE=getMsg HTTP/1.1" 302 -
101.85.93.83 - - [11/Dec/2020:09:19:02 +0800] "GET /xingrg/kc/buy/cgsh_order_operate.html?command=get_materiel&rest_code=00142&code=00101029003&supplier_code=00100156&order_time=2020-12-11 HTTP/1.1" 200 475
101.83.240.69 - - [11/Dec/2020:09:19:04 +0800] "GET /xingrg/kc/buy/cgsh_order_operate.html?command=get_materiel&rest_code=00149&code=00101027054&supplier_code=00100019&order_time=2020-12-11 HTTP/1.1" 200 471
101.85.93.83 - - [11/Dec/2020:09:19:06 +0800] "POST /xingrg/all/common/load_select.html HTTP/1.1" 200 25
172.17.200.101 - - [11/Dec/2020:09:19:07 +0800] "GET /xingrg/all/function/internal_message.html?_=1607649548026&CODE_STATE=getMsg HTTP/1.1" 200 27
101.85.93.83 - - [11/Dec/2020:09:19:09 +0800] "GET /xingrg/kc/buy/cgsh_order_operate.html?command=get_materiel_price&rest_code=00142&code=00101029003&unit_code=00100179&supplier_code=00100156&order_time=2020-12-11 HTTP/1.1" 200 29
180.174.56.115 - - [11/Dec/2020:09:19:10 +0800] "GET /xingrg/kc/buy/cgsh_order_operate.html?command=get_materiel&rest_code=00150&code=00101006130&supplier_code=00100096&order_time=2020-12-11 HTTP/1.1" 200 427
117.185.32.26 - - [11/Dec/2020:09:19:16 +0800] "GET /xingrg/all/function/internal_message.html?_=1607650014158&CODE_STATE=getMsg HTTP/1.1" 200 27
117.185.32.26 - - [11/Dec/2020:09:19:16 +0800] "GET /xingrg/check_reg.html?_=1607650014160 HTTP/1.1" 200 22
101.83.240.69 - - [11/Dec/2020:09:19:17 +0800] "GET /xingrg/all/function/internal_message.html?_=1607649552679&CODE_STATE=getMsg HTTP/1.1" 200 27
180.152.104.37 - - [11/Dec/2020:09:19:18 +0800] "GET /xingrg/login.html HTTP/1.1" 200 7641
222.69.133.109 - - [11/Dec/2020:09:19:18 +0800] "GET /xingrg/kc/buy/cgsh_order_operate.html?command=get_materiel&rest_code=00154&code=00101020144&supplier_code=00100151&order_time=2020-12-11 HTTP/1.1" 200 447
180.152.104.37 - - [11/Dec/2020:09:19:18 +0800] "GET /xingrg/images/blue/jxLogo.png HTTP/1.1" 304 -
180.152.104.37 - - [11/Dec/2020:09:19:18 +0800] "GET /xingrg/images/blue/login_bg.png HTTP/1.1" 304 -
180.152.104.37 - - [11/Dec/2020:09:19:18 +0800] "GET /xingrg/images/blue/hj.png HTTP/1.1" 304 -
180.152.104.37 - - [11/Dec/2020:09:19:19 +0800] "GET /xingrg/images/blue/srbg.png HTTP/1.1" 304 -
180.174.56.115 - - [11/Dec/2020:09:19:19 +0800] "GET /xingrg/kc/buy/cgsh_order_operate.html?command=get_materiel&rest_code=00150&code=00101006065&supplier_code=00100096&order_time=2020-12-11 HTTP/1.1" 200 411
180.152.104.37 - - [11/Dec/2020:09:19:19 +0800] "GET /favicon.ico HTTP/1.1" 404 -
114.84.32.187 - - [11/Dec/2020:09:19:21 +0800] "GET /xingrg/kc/buy/cgsh_order_operate.html?command=get_materiel&rest_code=00146&code=00101008069&supplier_code=00100005&order_time=2020-12-11 HTTP/1.1" 200 412
180.152.104.37 - - [11/Dec/2020:09:19:23 +0800] "POST /xingrg/login.do HTTP/1.1" 302 -
180.152.104.37 - - [11/Dec/2020:09:19:23 +0800] "GET /xingrg/index.html?sysBaseUrl=http%3A%2F%2F180.169.147.146%3A18081%2Fxingrg%2F&costTime=40×tamp=1607649563603 HTTP/1.1" 200 17173
180.152.104.37 - - [11/Dec/2020:09:19:23 +0800] "GET /xingrg/javascript/jquery_easy_ui/themes/default/easyui.css HTTP/1.1" 304 -
180.152.104.37 - - [11/Dec/2020:09:19:23 +0800] "GET /xingrg/javascript/jquery_easy_ui/themes/icon.css HTTP/1.1" 304 -
180.152.104.37 - - [11/Dec/2020:09:19:23 +0800] "GET /xingrg/javascript/jquery-1.4.2.min.js HTTP/1.1" 304 -
180.152.104.37 - - [11/Dec/2020:09:19:23 +0800] "GET /xingrg/javascript/jquery.form.js HTTP/1.1" 304 -
180.152.104.37 - - [11/Dec/2020:09:19:23 +0800] "GET /xingrg/javascript/jquery.utils.js HTTP/1.1" 304 -
180.152.104.37 - - [11/Dec/2020:09:19:23 +0800] "GET /xingrg/css/form.css HTTP/1.1" 304 -
180.152.104.37 - - [11/Dec/2020:09:19:23 +0800] "GET /xingrg/javascript/jquery_easy_ui/jquery.easyui.min.js HTTP/1.1" 304 -
180.152.104.37 - - [11/Dec/2020:09:19:23 +0800] "GET /xingrg/javascript/jquery_easy_ui/easyui-lang-zh_CN.js HTTP/1.1" 304 -
180.152.104.37 - - [11/Dec/2020:09:19:23 +0800] "GET /xingrg/javascript/jquery.timers.js HTTP/1.1" 304 -
180.152.104.37 - - [11/Dec/2020:09:19:23 +0800] "GET /xingrg/images/blue/navBackgound.jpg HTTP/1.1" 304 -
180.152.104.37 - - [11/Dec/2020:09:19:23 +0800] "GET /xingrg/javascript/jquery_easy_ui/themes/icons/settle_new.png HTTP/1.1" 304 -
180.152.104.37 - - [11/Dec/2020:09:19:23 +0800] "POST /xingrg/all/common/load_tree.html?tree=area_rest_tree_json&manage=1 HTTP/1.1" 200 342
180.152.104.37 - - [11/Dec/2020:09:19:23 +0800] "GET /xingrg/javascript/jquery_easy_ui/themes/default/images/tabs_rightarrow.png HTTP/1.1" 304 -
180.152.104.37 - - [11/Dec/2020:09:19:23 +0800] "GET /xingrg/javascript/jquery_easy_ui/themes/default/images/tabs_leftarrow.png HTTP/1.1" 304 -
180.152.104.37 - - [11/Dec/2020:09:19:23 +0800] "GET /xingrg/javascript/jquery_easy_ui/themes/default/images/panel_tool_collapse.gif HTTP/1.1" 304 -
180.152.104.37 - - [11/Dec/2020:09:19:23 +0800] "GET /xingrg/images/blue/pingpu.png HTTP/1.1" 304 -
180.152.104.37 - - [11/Dec/2020:09:19:24 +0800] "GET /xingrg/all/function/internal_message.html?_=1607649791136&CODE_STATE=count HTTP/1.1" 200 11
180.152.104.37 - - [11/Dec/2020:09:19:24 +0800] "GET /xingrg/check_reg.html?_=1607649791137 HTTP/1.1" 200 22
180.152.104.37 - - [11/Dec/2020:09:19:24 +0800] "POST /xingrg/load_menu.html HTTP/1.1" 200 5138
180.152.104.37 - - [11/Dec/2020:09:19:24 +0800] "GET /xingrg/javascript/jquery_easy_ui/themes/default/images/tree_arrows.gif HTTP/1.1" 304 -
180.152.104.37 - - [11/Dec/2020:09:19:24 +0800] "GET /favicon.ico HTTP/1.1" 404 -
180.152.104.37 - - [11/Dec/2020:09:19:24 +0800] "GET /xingrg/javascript/jquery_easy_ui/themes/default/images/tree_folder_open.gif HTTP/1.1" 304 -
180.152.104.37 - - [11/Dec/2020:09:19:24 +0800] "GET /xingrg/javascript/jquery_easy_ui/themes/icons/search_new.png HTTP/1.1" 304 -
180.152.104.37 - - [11/Dec/2020:09:19:24 +0800] "GET /xingrg/javascript/jquery_easy_ui/themes/default/images/tree_folder.gif HTTP/1.1" 304 -
180.152.104.37 - - [11/Dec/2020:09:19:24 +0800] "GET /xingrg/javascript/jquery_easy_ui/themes/icons/storage_new.png HTTP/1.1" 304 -
180.152.104.37 - - [11/Dec/2020:09:19:24 +0800] "GET /xingrg/javascript/jquery_easy_ui/themes/icons/forms_new.png HTTP/1.1" 304 -
180.152.104.37 - - [11/Dec/2020:09:19:24 +0800] "GET /xingrg/javascript/jquery_easy_ui/themes/default/images/tree_file.gif HTTP/1.1" 304 -
180.152.104.37 - - [11/Dec/2020:09:19:28 +0800] "GET /xingrg/javascript/jquery_easy_ui/themes/default/images/tabs_close.gif HTTP/1.1" 304 -
180.152.104.37 - - [11/Dec/2020:09:19:28 +0800] "GET /xingrg/javascript/easyui/themes/icon.css HTTP/1.1" 304 -
180.152.104.37 - - [11/Dec/2020:09:19:28 +0800] "GET /xingrg/javascript/auto/jquery.autocomplete.css HTTP/1.1" 304 -
180.152.104.37 - - [11/Dec/2020:09:19:28 +0800] "GET /xingrg/javascript/easyui/themes/default/easyui.css HTTP/1.1" 304 -
180.152.104.37 - - [11/Dec/2020:09:19:28 +0800] "GET /xingrg/css/site.css HTTP/1.1" 304 -
180.152.104.37 - - [11/Dec/2020:09:19:28 +0800] "GET /xingrg/css/base.css HTTP/1.1" 304 -
180.152.104.37 - - [11/Dec/2020:09:19:28 +0800] "GET /xingrg/javascript/jquery_tools/datebox.css HTTP/1.1" 304 -
180.152.104.37 - - [11/Dec/2020:09:19:28 +0800] "GET /xingrg/kc/buy/cgsh_order_list.html HTTP/1.1" 200 45202
180.152.104.37 - - [11/Dec/2020:09:19:28 +0800] "GET /xingrg/javascript/jquery_tools/table.css HTTP/1.1" 304 -
180.152.104.37 - - [11/Dec/2020:09:19:28 +0800] "GET /xingrg/javascript/jquery_tools/fix.css HTTP/1.1" 304 -
180.152.104.37 - - [11/Dec/2020:09:19:28 +0800] "GET /xingrg/javascript/jquery_tools/jquery.tools.extend.js HTTP/1.1" 304 -
180.152.104.37 - - [11/Dec/2020:09:19:28 +0800] "GET /xingrg/javascript/jquery_tools/jquery.tools.hotkey.js HTTP/1.1" 304 -
180.152.104.37 - - [11/Dec/2020:09:19:28 +0800] "GET /xingrg/javascript/jquery.cookie.js HTTP/1.1" 304 -
180.152.104.37 - - [11/Dec/2020:09:19:28 +0800] "GET /xingrg/javascript/jquery_tools/jquery.tools.min.js HTTP/1.1" 304 -
180.152.104.37 - - [11/Dec/2020:09:19:28 +0800] "GET /xingrg/javascript/print/LodopFuncs.js HTTP/1.1" 304 -
180.152.104.37 - - [11/Dec/2020:09:19:28 +0800] "GET /xingrg/javascript/jquery_tools/jquery.tools.table.js HTTP/1.1" 304 -
180.152.104.37 - - [11/Dec/2020:09:19:28 +0800] "GET /xingrg/javascript/jquery_tools/list_manager.js HTTP/1.1" 304 -
180.152.104.37 - - [11/Dec/2020:09:19:28 +0800] "GET /xingrg/javascript/easyui/easyloader.js HTTP/1.1" 304 -
180.152.104.37 - - [11/Dec/2020:09:19:28 +0800] "GET /xingrg/javascript/auto/jquery.autocomplete.js HTTP/1.1" 304 -
101.85.93.83 - - [11/Dec/2020:09:19:28 +0800] "GET /xingrg/kc/buy/cgsh_order_operate.html?command=get_materiel&rest_code=00142&code=00101029022&supplier_code=00100156&order_time=2020-12-11 HTTP/1.1" 200 471
101.83.240.69 - - [11/Dec/2020:09:19:28 +0800] "GET /xingrg/kc/buy/cgsh_order_operate.html?command=get_materiel&rest_code=00149&code=00102005639&supplier_code=00100019&order_time=2020-12-11 HTTP/1.1" 200 432
180.152.104.37 - - [11/Dec/2020:09:19:28 +0800] "GET /xingrg/javascript/easyui/themes/icons/edit_add_new.png HTTP/1.1" 304 -
180.152.104.37 - - [11/Dec/2020:09:19:28 +0800] "GET /xingrg/javascript/easyui/themes/icons/cance_new.png HTTP/1.1" 304 -
180.152.104.37 - - [11/Dec/2020:09:19:28 +0800] "GET /xingrg/javascript/easyui/themes/icons/check_new.png HTTP/1.1" 304 -
180.152.104.37 - - [11/Dec/2020:09:19:28 +0800] "GET /xingrg/javascript/easyui/themes/icons/field_new.png HTTP/1.1" 304 -
