120.253.135.82 - - [10/Dec/2020:10:18:40 +0800] "GET /xingrg/all/function/internal_message.html?_=1607566469797&CODE_STATE=getMsg HTTP/1.1" 200 27
114.86.224.105 - - [10/Dec/2020:10:18:42 +0800] "GET /xingrg/kc/buy/cgsh_order_operate.html?command=get_materiel&rest_code=00109&code=00101006013&supplier_code=00100015&order_time=2020-12-10 HTTP/1.1" 200 409
58.40.7.146 - - [10/Dec/2020:10:18:43 +0800] "GET /xingrg/check_reg.html?_=1607566721466 HTTP/1.1" 200 22
58.40.7.146 - - [10/Dec/2020:10:18:43 +0800] "GET /xingrg/all/function/internal_message.html?_=1607566721468&CODE_STATE=getMsg HTTP/1.1" 200 27
114.88.163.87 - - [10/Dec/2020:10:18:44 +0800] "GET /xingrg/kc/buy/cgsh_order_operate.html?command=get_materiel&rest_code=00111&code=00101008003&supplier_code=00100037&order_time=2020-12-10 HTTP/1.1" 200 408
172.17.0.185 - - [10/Dec/2020:10:18:45 +0800] "GET /xingrg/all/function/internal_message.html?_=1607566722075&CODE_STATE=getMsg HTTP/1.1" 200 27
180.162.223.42 - - [10/Dec/2020:10:18:48 +0800] "GET /xingrg/all/function/internal_message.html?_=1607566708099&CODE_STATE=getMsg HTTP/1.1" 200 27
114.86.224.105 - - [10/Dec/2020:10:18:49 +0800] "POST /xingrg/kc/buy/cgsh_order_operate.html HTTP/1.1" 200 37
117.184.7.26 - - [10/Dec/2020:10:18:49 +0800] "GET /xingrg/all/function/internal_message.html?_=1607566720085&CODE_STATE=getMsg HTTP/1.1" 200 27
114.86.224.105 - - [10/Dec/2020:10:18:51 +0800] "POST /xingrg/kc/buy/cgsh_order_operate.html HTTP/1.1" 200 6831
223.167.127.220 - - [10/Dec/2020:10:18:52 +0800] "GET /xingrg/all/function/internal_message.html?_=1607566732019&CODE_STATE=getMsg HTTP/1.1" 302 -
114.84.32.187 - - [10/Dec/2020:10:18:52 +0800] "GET /xingrg/all/function/internal_message.html?_=1607566747001&CODE_STATE=getMsg HTTP/1.1" 200 27
114.88.163.87 - - [10/Dec/2020:10:18:53 +0800] "GET /xingrg/kc/buy/cgsh_order_operate.html?command=get_materiel&rest_code=00111&code=00101016105&supplier_code=00100037&order_time=2020-12-10 HTTP/1.1" 200 409
114.86.224.105 - - [10/Dec/2020:10:18:53 +0800] "GET /xingrg/kc/print/load_data.html?order_code=212020121003650&kc_code=cgsh&condition= HTTP/1.1" 200 2372
58.40.7.146 - - [10/Dec/2020:10:18:53 +0800] "GET /xingrg/all/function/internal_message.html?_=1607566731225&CODE_STATE=getMsg HTTP/1.1" 200 27
120.253.135.82 - - [10/Dec/2020:10:18:53 +0800] "GET /xingrg/kc/pszx/mdqp_order_list.html?state=10 HTTP/1.1" 200 10619
120.253.135.82 - - [10/Dec/2020:10:18:53 +0800] "GET /xingrg/dwr/interface/AjaxReportQueryService.js HTTP/1.1" 200 13203
120.253.135.82 - - [10/Dec/2020:10:18:53 +0800] "GET /xingrg/dwr/interface/AjaxQqpsService.js HTTP/1.1" 200 16326
120.253.135.82 - - [10/Dec/2020:10:18:53 +0800] "GET /xingrg/dwr/engine.js HTTP/1.1" 200 43631
180.152.104.37 - - [10/Dec/2020:10:18:54 +0800] "GET /xingrg/all/function/internal_message.html?_=1607566962490&CODE_STATE=getMsg HTTP/1.1" 200 27
120.253.135.82 - - [10/Dec/2020:10:18:59 +0800] "GET /xingrg/kc/pszx/mdqp_order_info.html?code=302020121000215 HTTP/1.1" 200 13350
120.253.135.82 - - [10/Dec/2020:10:18:59 +0800] "GET /xingrg/javascript/tools/jquery.qtip-1.0.0-rc3.min.js HTTP/1.1" 304 -
120.253.135.82 - - [10/Dec/2020:10:18:59 +0800] "GET /xingrg/dwr/interface/AjaxQqpsService.js HTTP/1.1" 200 16326
120.253.135.82 - - [10/Dec/2020:10:18:59 +0800] "GET /xingrg/javascript/checkform.js HTTP/1.1" 304 -
120.253.135.82 - - [10/Dec/2020:10:18:59 +0800] "GET /xingrg/javascript/ToolTips.js HTTP/1.1" 304 -
120.253.135.82 - - [10/Dec/2020:10:18:59 +0800] "GET /xingrg/javascript/Grid.js HTTP/1.1" 304 -
120.253.135.82 - - [10/Dec/2020:10:18:59 +0800] "GET /xingrg/javascript/AjaxInfoList.js HTTP/1.1" 304 -
120.253.135.82 - - [10/Dec/2020:10:18:59 +0800] "GET /xingrg/dwr/interface/AjaxComOrderService.js HTTP/1.1" 200 18264
120.253.135.82 - - [10/Dec/2020:10:18:59 +0800] "GET /xingrg/dwr/engine.js HTTP/1.1" 200 43631
120.253.135.82 - - [10/Dec/2020:10:18:59 +0800] "GET /xingrg/javascript/jquery_easy_ui/themes/default/images/menu_downarrow.png HTTP/1.1" 304 -
120.253.135.82 - - [10/Dec/2020:10:18:59 +0800] "GET /xingrg/javascript/jquery_easy_ui/themes/icons/print.png HTTP/1.1" 304 -
120.253.135.82 - - [10/Dec/2020:10:18:59 +0800] "GET /xingrg/images/blue/button/kc_tab_edit.gif HTTP/1.1" 304 -
120.253.135.82 - - [10/Dec/2020:10:18:59 +0800] "GET /xingrg/images/blue/button/kc_tab_save.gif HTTP/1.1" 304 -
120.253.135.82 - - [10/Dec/2020:10:18:59 +0800] "GET /xingrg/images/blue/kc_tab_left.gif HTTP/1.1" 304 -
120.253.135.82 - - [10/Dec/2020:10:18:59 +0800] "GET /xingrg/images/blue/kc_tab2_left.gif HTTP/1.1" 304 -
120.253.135.82 - - [10/Dec/2020:10:18:59 +0800] "GET /xingrg/images/blue/kc_tab_right.gif HTTP/1.1" 304 -
120.253.135.82 - - [10/Dec/2020:10:18:59 +0800] "GET /xingrg/images/blue/kc_tab_mid.gif HTTP/1.1" 304 -
120.253.135.82 - - [10/Dec/2020:10:18:59 +0800] "GET /xingrg/images/blue/kc_tab2_right.gif HTTP/1.1" 304 -
120.253.135.82 - - [10/Dec/2020:10:18:59 +0800] "GET /xingrg/images/blue/wait.gif HTTP/1.1" 304 -
120.253.135.82 - - [10/Dec/2020:10:18:59 +0800] "POST /xingrg/dwr/call/plaincall/AjaxQqpsService.loadMaterielItems.dwr HTTP/1.1" 200 322
114.84.32.187 - - [10/Dec/2020:10:19:00 +0800] "GET /xingrg/all/function/internal_message.html?_=1607566764035&CODE_STATE=getMsg HTTP/1.1" 302 -
114.86.224.105 - - [10/Dec/2020:10:19:00 +0800] "GET /xingrg/kc/buy/cgsh_order_add.html HTTP/1.1" 200 60986
114.86.224.105 - - [10/Dec/2020:10:19:00 +0800] "POST /xingrg/kc/buy/cgsh_order_operate.html HTTP/1.1" 200 8245
114.86.224.105 - - [10/Dec/2020:10:19:00 +0800] "GET /xingrg/javascript/easyui/themes/default/validatebox.css HTTP/1.1" 404 1104
120.253.135.82 - - [10/Dec/2020:10:19:01 +0800] "GET /xingrg/javascript/jquery_easy_ui/themes/default/images/button_plain_hover.png HTTP/1.1" 304 -
114.88.163.87 - - [10/Dec/2020:10:19:01 +0800] "GET /xingrg/kc/buy/cgsh_order_operate.html?command=get_materiel&rest_code=00111&code=00101008055&supplier_code=00100037&order_time=2020-12-10 HTTP/1.1" 200 409
120.253.135.82 - - [10/Dec/2020:10:19:01 +0800] "GET /xingrg/kc/pszx/mdqp_order_list.html?isBack=1 HTTP/1.1" 302 -
120.253.135.82 - - [10/Dec/2020:10:19:02 +0800] "GET /xingrg/kc/pszx/mdqp_order_list.html?state=10 HTTP/1.1" 200 10619
120.253.135.82 - - [10/Dec/2020:10:19:02 +0800] "GET /xingrg/dwr/interface/AjaxQqpsService.js HTTP/1.1" 200 16326
120.253.135.82 - - [10/Dec/2020:10:19:02 +0800] "GET /xingrg/dwr/interface/AjaxReportQueryService.js HTTP/1.1" 200 13203
120.253.135.82 - - [10/Dec/2020:10:19:02 +0800] "GET /xingrg/dwr/engine.js HTTP/1.1" 200 43631
58.221.95.50 - - [10/Dec/2020:10:19:02 +0800] "GET /xingrg/all/function/internal_message.html?_=1607566760319&CODE_STATE=getMsg HTTP/1.1" 200 27
114.88.159.147 - - [10/Dec/2020:10:19:08 +0800] "GET /xingrg/all/function/internal_message.html?_=1607566326153&CODE_STATE=getMsg HTTP/1.1" 200 27
114.88.159.147 - - [10/Dec/2020:10:19:09 +0800] "GET /xingrg/all/function/internal_message.html?_=1607566750162&CODE_STATE=getMsg HTTP/1.1" 200 27
114.88.163.87 - - [10/Dec/2020:10:19:09 +0800] "GET /xingrg/kc/buy/cgsh_order_operate.html?command=get_materiel&rest_code=00111&code=00101020153&supplier_code=00100037&order_time=2020-12-10 HTTP/1.1" 200 408
114.86.224.105 - - [10/Dec/2020:10:19:12 +0800] "GET /xingrg/kc/buy/cgsh_order_operate.html?command=get_materiel&rest_code=00109&code=00101007031&supplier_code=00100004&order_time=2020-12-10 HTTP/1.1" 200 413
114.86.224.105 - - [10/Dec/2020:10:19:14 +0800] "GET /xingrg/all/function/internal_message.html?_=1607566756165&CODE_STATE=getMsg HTTP/1.1" 200 27
101.85.93.83 - - [10/Dec/2020:10:19:14 +0800] "GET /xingrg/all/function/internal_message.html?_=1607566463200&CODE_STATE=getMsg HTTP/1.1" 200 27
180.174.56.115 - - [10/Dec/2020:10:19:15 +0800] "GET /xingrg/all/function/internal_message.html?_=1607566720043&CODE_STATE=getMsg HTTP/1.1" 200 27
101.85.93.83 - - [10/Dec/2020:10:19:16 +0800] "POST /xingrg/kc/buy/cgsh_list_operate.html HTTP/1.1" 200 2053
114.88.163.87 - - [10/Dec/2020:10:19:16 +0800] "GET /xingrg/all/function/internal_message.html?_=1607566753014&CODE_STATE=getMsg HTTP/1.1" 200 27
116.228.172.94 - - [10/Dec/2020:10:19:17 +0800] "GET /xingrg/all/function/internal_message.html?_=1607566751962&CODE_STATE=getMsg HTTP/1.1" 200 27
116.228.172.94 - - [10/Dec/2020:10:19:17 +0800] "GET /xingrg/check_reg.html?_=1607566751964 HTTP/1.1" 200 22
180.174.56.115 - - [10/Dec/2020:10:19:20 +0800] "GET /xingrg/all/function/internal_message.html?_=1607566760682&CODE_STATE=getMsg HTTP/1.1" 200 27
222.69.133.109 - - [10/Dec/2020:10:19:20 +0800] "GET /xingrg/all/function/internal_message.html?_=1607566759594&CODE_STATE=getMsg HTTP/1.1" 200 27
101.85.52.2 - - [10/Dec/2020:10:19:21 +0800] "GET /xingrg/all/function/internal_message.html?_=1607566753005&CODE_STATE=getMsg HTTP/1.1" 200 27
114.88.163.87 - - [10/Dec/2020:10:19:24 +0800] "GET /xingrg/all/function/internal_message.html?_=1607566892083&CODE_STATE=getMsg HTTP/1.1" 200 27
114.88.163.87 - - [10/Dec/2020:10:19:28 +0800] "GET /xingrg/kc/buy/cgsh_order_operate.html?command=get_materiel&rest_code=00111&code=00101007109&supplier_code=00100037&order_time=2020-12-10 HTTP/1.1" 200 408
172.17.200.101 - - [10/Dec/2020:10:19:29 +0800] "GET /xingrg/all/function/internal_message.html?_=1607566770099&CODE_STATE=getMsg HTTP/1.1" 200 27
172.17.0.102 - - [10/Dec/2020:10:19:33 +0800] "GET /xingrg/all/function/internal_message.html?_=1607566771675&CODE_STATE=getMsg HTTP/1.1" 200 27
120.253.135.82 - - [10/Dec/2020:10:19:35 +0800] "GET /xingrg/kc/report/report_main.html HTTP/1.1" 200 9370
120.253.135.82 - - [10/Dec/2020:10:19:35 +0800] "GET /xingrg/javascript/jquery_ui/themes/humanity/humanity.css HTTP/1.1" 304 -
120.253.135.82 - - [10/Dec/2020:10:19:37 +0800] "GET /xingrg/kc/base/kc_stocks.html HTTP/1.1" 200 16386
120.253.135.82 - - [10/Dec/2020:10:19:37 +0800] "GET /xingrg/javascript/easyui/themes/sunny/easyui.css HTTP/1.1" 304 -
120.253.135.82 - - [10/Dec/2020:10:19:38 +0800] "GET /xingrg/javascript/easyui/themes/icons/print_new.png HTTP/1.1" 304 -
120.253.135.82 - - [10/Dec/2020:10:19:38 +0800] "GET /xingrg/javascript/easyui/themes/icons/filter_new.png HTTP/1.1" 304 -
120.253.135.82 - - [10/Dec/2020:10:19:38 +0800] "GET /xingrg/javascript/easyui/themes/icons/refresh_new.png HTTP/1.1" 304 -
120.253.135.82 - - [10/Dec/2020:10:19:38 +0800] "GET /xingrg/javascript/easyui/plugins/jquery.draggable.js HTTP/1.1" 304 -
120.253.135.82 - - [10/Dec/2020:10:19:38 +0800] "GET /xingrg/javascript/easyui/plugins/jquery.droppable.js HTTP/1.1" 304 -
120.253.135.82 - - [10/Dec/2020:10:19:38 +0800] "GET /xingrg/javascript/easyui/themes/default/tree.css HTTP/1.1" 404 1090
120.253.135.82 - - [10/Dec/2020:10:19:38 +0800] "GET /xingrg/javascript/easyui/plugins/jquery.tree.js HTTP/1.1" 304 -
120.253.135.82 - - [10/Dec/2020:10:19:38 +0800] "POST /xingrg/all/common/load_tree.html?tree=materiel_sort_tree_json HTTP/1.1" 200 8666
120.253.135.82 - - [10/Dec/2020:10:19:38 +0800] "GET /xingrg/javascript/easyui/themes/sunny/images/tree_arrows.gif HTTP/1.1" 304 -
120.253.135.82 - - [10/Dec/2020:10:19:38 +0800] "GET /xingrg/javascript/easyui/themes/sunny/images/tree_folder.gif HTTP/1.1" 304 -
120.253.135.82 - - [10/Dec/2020:10:19:38 +0800] "GET /xingrg/javascript/easyui/themes/sunny/images/tree_folder_open.gif HTTP/1.1" 304 -
120.253.135.82 - - [10/Dec/2020:10:19:38 +0800] "GET /xingrg/javascript/easyui/themes/sunny/images/tree_file.gif HTTP/1.1" 304 -
114.88.163.87 - - [10/Dec/2020:10:19:38 +0800] "GET /xingrg/kc/buy/cgsh_order_operate.html?command=get_materiel&rest_code=00111&code=00101016025&supplier_code=00100037&order_time=2020-12-10 HTTP/1.1" 200 408
120.253.135.82 - - [10/Dec/2020:10:19:39 +0800] "GET /xingrg/css/images/panel_loading.gif HTTP/1.1" 304 -
120.253.135.82 - - [10/Dec/2020:10:19:39 +0800] "POST /xingrg/all/common/load_combo.html?type=base HTTP/1.1" 200 984
120.253.135.82 - - [10/Dec/2020:10:19:40 +0800] "GET /xingrg/all/function/internal_message.html?_=1607566529811&CODE_STATE=getMsg HTTP/1.1" 200 27
114.88.159.147 - - [10/Dec/2020:10:19:43 +0800] "GET /xingrg/check_reg.html?_=1607566360874 HTTP/1.1" 200 22
58.40.7.146 - - [10/Dec/2020:10:19:43 +0800] "GET /xingrg/all/function/internal_message.html?_=1607566781455&CODE_STATE=getMsg HTTP/1.1" 200 27
172.17.0.185 - - [10/Dec/2020:10:19:45 +0800] "GET /xingrg/all/function/internal_message.html?_=1607566782079&CODE_STATE=getMsg HTTP/1.1" 200 27
114.88.163.87 - - [10/Dec/2020:10:19:47 +0800] "GET /xingrg/kc/buy/cgsh_order_operate.html?command=get_materiel&rest_code=00111&code=00101012029&supplier_code=00100037&order_time=2020-12-10 HTTP/1.1" 200 412
180.162.223.42 - - [10/Dec/2020:10:19:48 +0800] "GET /xingrg/all/function/internal_message.html?_=1607566768097&CODE_STATE=getMsg HTTP/1.1" 200 27
120.253.135.82 - - [10/Dec/2020:10:19:48 +0800] "GET /xingrg/javascript/easyui/themes/sunny/images/ui-bg_gloss-wave_60_fece2f_500x100.png HTTP/1.1" 304 -
114.84.32.187 - - [10/Dec/2020:10:19:48 +0800] "GET /xingrg/check_reg.html?_=1607566803315 HTTP/1.1" 200 22
117.184.7.26 - - [10/Dec/2020:10:19:49 +0800] "GET /xingrg/all/function/internal_message.html?_=1607566780069&CODE_STATE=getMsg HTTP/1.1" 200 27
120.253.135.82 - - [10/Dec/2020:10:19:50 +0800] "GET /xingrg/check_reg.html?_=1607566902952 HTTP/1.1" 302 -
120.253.135.82 - - [10/Dec/2020:10:19:52 +0800] "POST /xingrg/kc/base/stock_operate.html HTTP/1.1" 200 4111
223.167.127.220 - - [10/Dec/2020:10:19:52 +0800] "GET /xingrg/all/function/internal_message.html?_=1607566792021&CODE_STATE=getMsg HTTP/1.1" 302 -
120.253.135.82 - - [10/Dec/2020:10:19:52 +0800] "GET /xingrg/javascript/jquery_tools/fix_table.js HTTP/1.1" 304 -
114.84.32.187 - - [10/Dec/2020:10:19:52 +0800] "GET /xingrg/all/function/internal_message.html?_=1607566807012&CODE_STATE=getMsg HTTP/1.1" 200 27
114.86.224.105 - - [10/Dec/2020:10:19:53 +0800] "GET /xingrg/kc/buy/buy_main.html HTTP/1.1" 200 12412
114.86.224.105 - - [10/Dec/2020:10:19:53 +0800] "GET /xingrg/css/new_ie.css HTTP/1.1" 404 1036
58.40.7.146 - - [10/Dec/2020:10:19:53 +0800] "GET /xingrg/all/function/internal_message.html?_=1607566791213&CODE_STATE=getMsg HTTP/1.1" 200 27
114.86.224.105 - - [10/Dec/2020:10:19:53 +0800] "GET /xingrg/images/yd/bt.gif HTTP/1.1" 404 1040
114.86.224.105 - - [10/Dec/2020:10:19:54 +0800] "GET /xingrg/kc/buy/cgsh_order_list.html HTTP/1.1" 200 45202
180.152.104.37 - - [10/Dec/2020:10:19:54 +0800] "GET /xingrg/all/function/internal_message.html?_=1607567022503&CODE_STATE=getMsg HTTP/1.1" 200 27
114.86.224.105 - - [10/Dec/2020:10:19:55 +0800] "POST /xingrg/kc/buy/cgsh_list_operate.html HTTP/1.1" 200 2054
114.88.163.87 - - [10/Dec/2020:10:19:55 +0800] "GET /xingrg/kc/buy/cgsh_order_operate.html?command=get_materiel&rest_code=00111&code=00101016122&supplier_code=00100037&order_time=2020-12-10 HTTP/1.1" 200 395
114.86.224.105 - - [10/Dec/2020:10:19:57 +0800] "POST /xingrg/kc/buy/cgsh_list_operate.html HTTP/1.1" 200 580
120.253.135.82 - - [10/Dec/2020:10:19:57 +0800] "POST /xingrg/kc/base/stock_operate.html HTTP/1.1" 200 4136
114.86.224.105 - - [10/Dec/2020:10:19:57 +0800] "GET /xingrg/kc/buy/cgsh_order_info.html?code=212020121003647 HTTP/1.1" 200 60997
114.86.224.105 - - [10/Dec/2020:10:19:58 +0800] "GET /xingrg/javascript/easyui/themes/default/validatebox.css HTTP/1.1" 404 1104
114.86.224.105 - - [10/Dec/2020:10:19:58 +0800] "POST /xingrg/kc/buy/cgsh_order_operate.html HTTP/1.1" 200 6207
114.84.32.187 - - [10/Dec/2020:10:20:00 +0800] "GET /xingrg/all/function/internal_message.html?_=1607566824046&CODE_STATE=getMsg HTTP/1.1" 302 -
58.221.95.50 - - [10/Dec/2020:10:20:02 +0800] "GET /xingrg/all/function/internal_message.html?_=1607566820320&CODE_STATE=getMsg HTTP/1.1" 200 27
114.86.224.105 - - [10/Dec/2020:10:20:07 +0800] "POST /xingrg/kc/buy/cgsh_list_operate.html HTTP/1.1" 200 2054
114.86.224.105 - - [10/Dec/2020:10:20:08 +0800] "POST /xingrg/kc/buy/cgsh_list_operate.html HTTP/1.1" 200 589
114.88.159.147 - - [10/Dec/2020:10:20:08 +0800] "GET /xingrg/all/function/internal_message.html?_=1607566386150&CODE_STATE=getMsg HTTP/1.1" 200 27
114.86.224.105 - - [10/Dec/2020:10:20:08 +0800] "GET /xingrg/kc/buy/cgsh_order_info.html?code=212020121003650 HTTP/1.1" 200 60995
114.86.224.105 - - [10/Dec/2020:10:20:09 +0800] "GET /xingrg/javascript/easyui/themes/default/validatebox.css HTTP/1.1" 404 1104
114.88.159.147 - - [10/Dec/2020:10:20:09 +0800] "GET /xingrg/all/function/internal_message.html?_=1607566810135&CODE_STATE=getMsg HTTP/1.1" 200 27
114.86.224.105 - - [10/Dec/2020:10:20:09 +0800] "POST /xingrg/kc/buy/cgsh_order_operate.html HTTP/1.1" 200 6831
114.86.224.105 - - [10/Dec/2020:10:20:14 +0800] "GET /xingrg/all/function/internal_message.html?_=1607566816180&CODE_STATE=getMsg HTTP/1.1" 200 27
101.85.93.83 - - [10/Dec/2020:10:20:15 +0800] "GET /xingrg/all/function/internal_message.html?_=1607566523250&CODE_STATE=getMsg HTTP/1.1" 200 27
180.174.56.115 - - [10/Dec/2020:10:20:15 +0800] "GET /xingrg/all/function/internal_message.html?_=1607566780056&CODE_STATE=getMsg HTTP/1.1" 200 27
114.88.159.147 - - [10/Dec/2020:10:20:15 +0800] "GET /xingrg/check_reg.html?_=1607566816687 HTTP/1.1" 200 22
114.88.163.87 - - [10/Dec/2020:10:20:16 +0800] "GET /xingrg/all/function/internal_message.html?_=1607566813029&CODE_STATE=getMsg HTTP/1.1" 200 27
116.228.172.94 - - [10/Dec/2020:10:20:17 +0800] "GET /xingrg/all/function/internal_message.html?_=1607566811958&CODE_STATE=getMsg HTTP/1.1" 200 27
101.91.60.105 - - [10/Dec/2020:10:20:19 +0800] "GET /xingrg/all/function/internal_message.html?_=1607566030454&CODE_STATE=getMsg HTTP/1.1" 302 -
180.174.56.115 - - [10/Dec/2020:10:20:20 +0800] "GET /xingrg/all/function/internal_message.html?_=1607566820686&CODE_STATE=getMsg HTTP/1.1" 200 27
114.86.224.105 - - [10/Dec/2020:10:20:20 +0800] "GET /xingrg/kc/buy/cgsh_order_add.html HTTP/1.1" 200 60986
222.69.133.109 - - [10/Dec/2020:10:20:20 +0800] "GET /xingrg/check_reg.html?_=1607566819594 HTTP/1.1" 200 22
222.69.133.109 - - [10/Dec/2020:10:20:20 +0800] "GET /xingrg/all/function/internal_message.html?_=1607566819596&CODE_STATE=getMsg HTTP/1.1" 200 27
114.86.224.105 - - [10/Dec/2020:10:20:20 +0800] "POST /xingrg/kc/buy/cgsh_order_operate.html HTTP/1.1" 200 8245
114.86.224.105 - - [10/Dec/2020:10:20:20 +0800] "GET /xingrg/javascript/easyui/themes/default/validatebox.css HTTP/1.1" 404 1104
101.85.52.2 - - [10/Dec/2020:10:20:21 +0800] "GET /xingrg/check_reg.html?_=1607566813011 HTTP/1.1" 200 22
101.85.52.2 - - [10/Dec/2020:10:20:21 +0800] "GET /xingrg/all/function/internal_message.html?_=1607566813017&CODE_STATE=getMsg HTTP/1.1" 200 27
114.88.163.87 - - [10/Dec/2020:10:20:24 +0800] "GET /xingrg/all/function/internal_message.html?_=1607566952082&CODE_STATE=getMsg HTTP/1.1" 200 27
222.69.139.183 - - [10/Dec/2020:10:20:27 +0800] "GET /favicon.ico HTTP/1.1" 404 -
101.91.60.105 - - [10/Dec/2020:10:20:27 +0800] "GET /xingrg/login.html HTTP/1.1" 200 7641
172.17.200.101 - - [10/Dec/2020:10:20:29 +0800] "GET /xingrg/all/function/internal_message.html?_=1607566830101&CODE_STATE=getMsg HTTP/1.1" 200 27
222.69.139.183 - - [10/Dec/2020:10:20:32 +0800] "GET /xingrg HTTP/1.1" 302 -
222.69.139.183 - - [10/Dec/2020:10:20:32 +0800] "GET /xingrg/ HTTP/1.1" 200 292
222.69.139.183 - - [10/Dec/2020:10:20:33 +0800] "GET /xingrg/index.html HTTP/1.1" 302 -
222.69.139.183 - - [10/Dec/2020:10:20:33 +0800] "GET /xingrg/login.html HTTP/1.1" 200 7641
172.17.0.102 - - [10/Dec/2020:10:20:33 +0800] "GET /xingrg/all/function/internal_message.html?_=1607566831660&CODE_STATE=getMsg HTTP/1.1" 200 27
222.69.139.183 - - [10/Dec/2020:10:20:33 +0800] "GET /favicon.ico HTTP/1.1" 404 -
222.69.139.183 - - [10/Dec/2020:10:20:33 +0800] "GET /xingrg/images/blue/jxLogo.png HTTP/1.1" 200 6156
222.69.139.183 - - [10/Dec/2020:10:20:33 +0800] "GET /xingrg/images/blue/hj.png HTTP/1.1" 200 1014
222.69.139.183 - - [10/Dec/2020:10:20:33 +0800] "GET /xingrg/images/blue/login_bg.png HTTP/1.1" 200 22101
222.69.139.183 - - [10/Dec/2020:10:20:33 +0800] "GET /xingrg/images/blue/srbg.png HTTP/1.1" 200 138
222.69.139.183 - - [10/Dec/2020:10:20:33 +0800] "GET /favicon.ico HTTP/1.1" 404 -
120.253.135.82 - - [10/Dec/2020:10:20:40 +0800] "GET /xingrg/all/function/internal_message.html?_=1607566589824&CODE_STATE=getMsg HTTP/1.1" 200 27
222.69.139.183 - - [10/Dec/2020:10:20:41 +0800] "POST /xingrg/login.do HTTP/1.1" 302 -
222.69.139.183 - - [10/Dec/2020:10:20:41 +0800] "GET /xingrg/javascript/jquery_easy_ui/themes/icon.css HTTP/1.1" 200 3949
222.69.139.183 - - [10/Dec/2020:10:20:41 +0800] "GET /xingrg/index.html?sysBaseUrl=http%3A%2F%2F180.169.147.146%3A18081%2Fxingrg%2F&costTime=40×tamp=1607566841530 HTTP/1.1" 200 17503
222.69.139.183 - - [10/Dec/2020:10:20:41 +0800] "GET /xingrg/css/form.css HTTP/1.1" 200 893
222.69.139.183 - - [10/Dec/2020:10:20:41 +0800] "GET /xingrg/javascript/jquery-1.4.2.min.js HTTP/1.1" 200 72205
222.69.139.183 - - [10/Dec/2020:10:20:41 +0800] "GET /xingrg/javascript/jquery_easy_ui/themes/default/easyui.css HTTP/1.1" 200 26500
222.69.139.183 - - [10/Dec/2020:10:20:41 +0800] "GET /xingrg/javascript/jquery_easy_ui/jquery.easyui.min.js HTTP/1.1" 200 213662
222.69.139.183 - - [10/Dec/2020:10:20:41 +0800] "GET /xingrg/javascript/jquery_easy_ui/easyui-lang-zh_CN.js HTTP/1.1" 200 1900
222.69.139.183 - - [10/Dec/2020:10:20:41 +0800] "GET /xingrg/javascript/jquery.form.js HTTP/1.1" 200 23110
222.69.139.183 - - [10/Dec/2020:10:20:41 +0800] "GET /xingrg/javascript/jquery.timers.js HTTP/1.1" 200 3532
222.69.139.183 - - [10/Dec/2020:10:20:41 +0800] "GET /xingrg/javascript/jquery.utils.js HTTP/1.1" 200 11805
222.69.139.183 - - [10/Dec/2020:10:20:41 +0800] "GET /favicon.ico HTTP/1.1" 404 -
222.69.139.183 - - [10/Dec/2020:10:20:42 +0800] "GET /xingrg/javascript/jquery_easy_ui/themes/icons/settle_new.png HTTP/1.1" 200 826
222.69.139.183 - - [10/Dec/2020:10:20:42 +0800] "GET /xingrg/images/blue/navBackgound.jpg HTTP/1.1" 200 12378
222.69.139.183 - - [10/Dec/2020:10:20:42 +0800] "POST /xingrg/all/common/load_tree.html?tree=area_rest_tree_json&manage=1 HTTP/1.1" 200 3350
222.69.139.183 - - [10/Dec/2020:10:20:42 +0800] "GET /xingrg/all/function/internal_message.html?_=1607566840123&CODE_STATE=count HTTP/1.1" 200 11
222.69.139.183 - - [10/Dec/2020:10:20:42 +0800] "GET /xingrg/check_reg.html?_=1607566840145 HTTP/1.1" 200 22
222.69.139.183 - - [10/Dec/2020:10:20:42 +0800] "GET /xingrg/images/blue/pingpu.png HTTP/1.1" 200 231
222.69.139.183 - - [10/Dec/2020:10:20:42 +0800] "GET /xingrg/javascript/jquery_easy_ui/themes/default/images/tabs_leftarrow.png HTTP/1.1" 200 389
222.69.139.183 - - [10/Dec/2020:10:20:42 +0800] "GET /xingrg/javascript/jquery_easy_ui/themes/default/images/panel_tool_expand.gif HTTP/1.1" 200 247
222.69.139.183 - - [10/Dec/2020:10:20:42 +0800] "GET /xingrg/javascript/jquery_easy_ui/themes/default/images/tabs_rightarrow.png HTTP/1.1" 200 395
222.69.139.183 - - [10/Dec/2020:10:20:42 +0800] "GET /xingrg/javascript/jquery_easy_ui/themes/default/images/panel_tool_collapse.gif HTTP/1.1" 200 246
222.69.139.183 - - [10/Dec/2020:10:20:42 +0800] "POST /xingrg/load_menu.html HTTP/1.1" 200 11564
222.69.139.183 - - [10/Dec/2020:10:20:42 +0800] "GET /xingrg/javascript/jquery_easy_ui/themes/default/images/tree_arrows.gif HTTP/1.1" 200 1043
222.69.139.183 - - [10/Dec/2020:10:20:42 +0800] "GET /xingrg/javascript/jquery_easy_ui/themes/default/images/tree_folder_open.gif HTTP/1.1" 200 956
222.69.139.183 - - [10/Dec/2020:10:20:42 +0800] "GET /xingrg/javascript/jquery_easy_ui/themes/icons/search_new.png HTTP/1.1" 200 586
222.69.139.183 - - [10/Dec/2020:10:20:42 +0800] "GET /xingrg/javascript/jquery_easy_ui/themes/icons/delivery_new.png HTTP/1.1" 200 700
222.69.139.183 - - [10/Dec/2020:10:20:43 +0800] "GET /xingrg/javascript/jquery_easy_ui/themes/icons/storage_new.png HTTP/1.1" 200 853
222.69.139.183 - - [10/Dec/2020:10:20:43 +0800] "GET /xingrg/javascript/jquery_easy_ui/themes/icons/checkout_new.png HTTP/1.1" 200 744
222.69.139.183 - - [10/Dec/2020:10:20:43 +0800] "GET /xingrg/javascript/jquery_easy_ui/themes/icons/forms_new.png HTTP/1.1" 200 350
222.69.139.183 - - [10/Dec/2020:10:20:43 +0800] "GET /xingrg/javascript/jquery_easy_ui/themes/icons/setting_new.png HTTP/1.1" 200 450
222.69.139.183 - - [10/Dec/2020:10:20:43 +0800] "GET /xingrg/javascript/jquery_easy_ui/themes/icons/systemset_new.png HTTP/1.1" 200 606
222.69.139.183 - - [10/Dec/2020:10:20:43 +0800] "GET /xingrg/javascript/jquery_easy_ui/themes/default/images/tree_file.gif HTTP/1.1" 200 118
222.69.139.183 - - [10/Dec/2020:10:20:43 +0800] "GET /xingrg/javascript/jquery_easy_ui/themes/default/images/tree_folder.gif HTTP/1.1" 200 952
58.40.7.146 - - [10/Dec/2020:10:20:43 +0800] "GET /xingrg/all/function/internal_message.html?_=1607566841458&CODE_STATE=getMsg HTTP/1.1" 200 27
172.17.0.185 - - [10/Dec/2020:10:20:45 +0800] "GET /xingrg/all/function/internal_message.html?_=1607566842077&CODE_STATE=getMsg HTTP/1.1" 200 27
222.69.139.183 - - [10/Dec/2020:10:20:47 +0800] "POST /xingrg/load_menu.html HTTP/1.1" 200 10797
180.162.223.42 - - [10/Dec/2020:10:20:48 +0800] "GET /xingrg/all/function/internal_message.html?_=1607566828096&CODE_STATE=getMsg HTTP/1.1" 200 27
117.184.7.26 - - [10/Dec/2020:10:20:49 +0800] "GET /xingrg/all/function/internal_message.html?_=1607566840071&CODE_STATE=getMsg HTTP/1.1" 200 27
223.167.127.220 - - [10/Dec/2020:10:20:52 +0800] "GET /xingrg/all/function/internal_message.html?_=1607566852019&CODE_STATE=getMsg HTTP/1.1" 302 -
222.69.139.183 - - [10/Dec/2020:10:20:52 +0800] "GET /xingrg/javascript/jquery_easy_ui/themes/default/images/tabs_close.gif HTTP/1.1" 200 829
222.69.139.183 - - [10/Dec/2020:10:20:52 +0800] "GET /xingrg/css/blue.css HTTP/1.1" 200 15949
222.69.139.183 - - [10/Dec/2020:10:20:52 +0800] "GET /xingrg/all/report/report_query.html?fileName=dma/new_5.0/qt/log_query.xml HTTP/1.1" 200 51360
222.69.139.183 - - [10/Dec/2020:10:20:52 +0800] "GET /xingrg/javascript/multi_select/jqueryMultiSelect.css HTTP/1.1" 200 951
222.69.139.183 - - [10/Dec/2020:10:20:52 +0800] "GET /xingrg/javascript/calendar/timePicker.css HTTP/1.1" 200 523
222.69.139.183 - - [10/Dec/2020:10:20:52 +0800] "GET /xingrg/javascript/bigrid/fix.css HTTP/1.1" 200 1702
222.69.139.183 - - [10/Dec/2020:10:20:52 +0800] "GET /xingrg/javascript/pic_change.js HTTP/1.1" 200 4739
114.84.32.187 - - [10/Dec/2020:10:20:52 +0800] "GET /xingrg/all/function/internal_message.html?_=1607566867025&CODE_STATE=getMsg HTTP/1.1" 200 27
222.69.139.183 - - [10/Dec/2020:10:20:52 +0800] "GET /xingrg/dwr/interface/AjaxReportQueryService.js HTTP/1.1" 200 13203
222.69.139.183 - - [10/Dec/2020:10:20:52 +0800] "GET /xingrg/dwr/util.js HTTP/1.1" 200 35990
222.69.139.183 - - [10/Dec/2020:10:20:52 +0800] "GET /xingrg/dwr/engine.js HTTP/1.1" 200 43631
222.69.139.183 - - [10/Dec/2020:10:20:52 +0800] "GET /xingrg/javascript/jqueryMultiSelect.js HTTP/1.1" 200 11866
222.69.139.183 - - [10/Dec/2020:10:20:52 +0800] "GET /xingrg/javascript/calendar/jquery.timePicker.min.js HTTP/1.1" 200 2997
222.69.139.183 - - [10/Dec/2020:10:20:52 +0800] "GET /xingrg/javascript/myfunction.js HTTP/1.1" 200 24559
222.69.139.183 - - [10/Dec/2020:10:20:52 +0800] "GET /xingrg/javascript/bigrid/fix.js HTTP/1.1" 200 6439
222.69.139.183 - - [10/Dec/2020:10:20:52 +0800] "GET /xingrg/javascript/Calendar.js HTTP/1.1" 200 31561
222.69.139.183 - - [10/Dec/2020:10:20:52 +0800] "GET /xingrg/images/blue/button/advanceover.gif HTTP/1.1" 200 1347
222.69.139.183 - - [10/Dec/2020:10:20:52 +0800] "GET /xingrg/images/blue/button/back2over.gif HTTP/1.1" 200 1335
222.69.139.183 - - [10/Dec/2020:10:20:52 +0800] "GET /xingrg/images/blue/button/backover.gif HTTP/1.1" 200 1348
222.69.139.183 - - [10/Dec/2020:10:20:52 +0800] "GET /xingrg/images/blue/button/advance2over.gif HTTP/1.1" 200 1336
222.69.139.183 - - [10/Dec/2020:10:20:52 +0800] "GET /xingrg/images/control/loading.gif HTTP/1.1" 200 13463
222.69.139.183 - - [10/Dec/2020:10:20:53 +0800] "GET /xingrg/javascript/jquery_easy_ui/themes/icons/help.png HTTP/1.1" 200 1187
222.69.139.183 - - [10/Dec/2020:10:20:53 +0800] "GET /xingrg/javascript/jquery_easy_ui/themes/default/images/menu_downarrow.png HTTP/1.1" 200 173
222.69.139.183 - - [10/Dec/2020:10:20:53 +0800] "GET /xingrg/javascript/jquery_easy_ui/themes/default/images/button_a_bg.gif HTTP/1.1" 200 1194
222.69.139.183 - - [10/Dec/2020:10:20:53 +0800] "GET /xingrg/javascript/jquery_easy_ui/themes/default/images/menu.gif HTTP/1.1" 200 834
222.69.139.183 - - [10/Dec/2020:10:20:53 +0800] "GET /xingrg/javascript/jquery_easy_ui/themes/icons/print.png HTTP/1.1" 200 1057
222.69.139.183 - - [10/Dec/2020:10:20:53 +0800] "GET /xingrg/javascript/jquery_easy_ui/themes/icons/pencil.png HTTP/1.1" 200 713
222.69.139.183 - - [10/Dec/2020:10:20:53 +0800] "POST /xingrg/dwr/call/plaincall/AjaxReportQueryService.getFixDate.dwr HTTP/1.1" 200 111
222.69.139.183 - - [10/Dec/2020:10:20:53 +0800] "GET /xingrg/javascript/jquery_easy_ui/themes/default/images/menu_rightarrow.png HTTP/1.1" 200 3617
222.69.139.183 - - [10/Dec/2020:10:20:53 +0800] "POST /xingrg/all/common/load_tree.html?tree=area_station_tree_json&manage=1 HTTP/1.1" 200 3246
222.69.139.183 - - [10/Dec/2020:10:20:53 +0800] "GET /xingrg/javascript/jquery_easy_ui/themes/default/images/combo_arrow_dot.gif HTTP/1.1" 200 79
222.69.139.183 - - [10/Dec/2020:10:20:53 +0800] "GET /xingrg/javascript/jquery_easy_ui/themes/default/images/tree_checkbox_0.gif HTTP/1.1" 200 168
222.69.139.183 - - [10/Dec/2020:10:20:53 +0800] "GET /xingrg/javascript/jquery_easy_ui/themes/icons/rest.png HTTP/1.1" 200 695
222.69.139.183 - - [10/Dec/2020:10:20:53 +0800] "GET /xingrg/javascript/jquery_easy_ui/themes/icons/area.png HTTP/1.1" 200 262
58.40.7.146 - - [10/Dec/2020:10:20:53 +0800] "GET /xingrg/all/function/internal_message.html?_=1607566851215&CODE_STATE=getMsg HTTP/1.1" 200 27
222.69.139.183 - - [10/Dec/2020:10:20:53 +0800] "GET /xingrg/javascript/jquery_easy_ui/themes/icons/manage.png HTTP/1.1" 200 696
180.152.104.37 - - [10/Dec/2020:10:20:54 +0800] "GET /xingrg/all/function/internal_message.html?_=1607567082667&CODE_STATE=getMsg HTTP/1.1" 200 27
114.84.32.187 - - [10/Dec/2020:10:21:00 +0800] "GET /xingrg/all/function/internal_message.html?_=1607566884078&CODE_STATE=getMsg HTTP/1.1" 302 -
58.221.95.50 - - [10/Dec/2020:10:21:02 +0800] "GET /xingrg/all/function/internal_message.html?_=1607566880345&CODE_STATE=getMsg HTTP/1.1" 200 27
120.253.135.82 - - [10/Dec/2020:10:21:06 +0800] "GET /xingrg/kc/pszx/mdqp_order_list.html?state=10 HTTP/1.1" 200 10619
120.253.135.82 - - [10/Dec/2020:10:21:06 +0800] "GET /xingrg/dwr/interface/AjaxQqpsService.js HTTP/1.1" 200 16326
120.253.135.82 - - [10/Dec/2020:10:21:07 +0800] "GET /xingrg/dwr/interface/AjaxReportQueryService.js HTTP/1.1" 200 13203
120.253.135.82 - - [10/Dec/2020:10:21:07 +0800] "GET /xingrg/dwr/engine.js HTTP/1.1" 200 43631
114.88.159.147 - - [10/Dec/2020:10:21:08 +0800] "GET /xingrg/all/function/internal_message.html?_=1607566446117&CODE_STATE=getMsg HTTP/1.1" 200 27
116.232.52.76 - - [10/Dec/2020:10:21:08 +0800] "POST /xingrg/services/DataTransmitService HTTP/1.1" 200 524
114.88.159.147 - - [10/Dec/2020:10:21:09 +0800] "GET /xingrg/all/function/internal_message.html?_=1607566870117&CODE_STATE=getMsg HTTP/1.1" 200 27
114.86.224.105 - - [10/Dec/2020:10:21:14 +0800] "GET /xingrg/check_reg.html?_=1607566876182 HTTP/1.1" 200 22
114.86.224.105 - - [10/Dec/2020:10:21:14 +0800] "GET /xingrg/all/function/internal_message.html?_=1607566876184&CODE_STATE=getMsg HTTP/1.1" 200 27
101.85.93.83 - - [10/Dec/2020:10:21:14 +0800] "GET /xingrg/all/function/internal_message.html?_=1607566583202&CODE_STATE=getMsg HTTP/1.1" 200 27
180.174.56.115 - - [10/Dec/2020:10:21:15 +0800] "GET /xingrg/all/function/internal_message.html?_=1607566840072&CODE_STATE=getMsg HTTP/1.1" 200 27
114.88.163.87 - - [10/Dec/2020:10:21:16 +0800] "GET /xingrg/all/function/internal_message.html?_=1607566873063&CODE_STATE=getMsg HTTP/1.1" 200 27
116.228.172.94 - - [10/Dec/2020:10:21:17 +0800] "GET /xingrg/all/function/internal_message.html?_=1607566871957&CODE_STATE=getMsg HTTP/1.1" 200 27
114.84.32.187 - - [10/Dec/2020:10:21:19 +0800] "GET /xingrg/check_reg.html?_=1607566903720 HTTP/1.1" 302 -
180.174.56.115 - - [10/Dec/2020:10:21:20 +0800] "GET /xingrg/all/function/internal_message.html?_=1607566880707&CODE_STATE=getMsg HTTP/1.1" 200 27
222.69.133.109 - - [10/Dec/2020:10:21:20 +0800] "GET /xingrg/all/function/internal_message.html?_=1607566879596&CODE_STATE=getMsg HTTP/1.1" 200 27
101.85.52.2 - - [10/Dec/2020:10:21:21 +0800] "GET /xingrg/all/function/internal_message.html?_=1607566873004&CODE_STATE=getMsg HTTP/1.1" 200 27
114.88.163.87 - - [10/Dec/2020:10:21:24 +0800] "GET /xingrg/all/function/internal_message.html?_=1607567012140&CODE_STATE=getMsg HTTP/1.1" 200 27
172.17.200.101 - - [10/Dec/2020:10:21:29 +0800] "GET /xingrg/all/function/internal_message.html?_=1607566890107&CODE_STATE=getMsg HTTP/1.1" 200 27
172.17.0.102 - - [10/Dec/2020:10:21:33 +0800] "GET /xingrg/all/function/internal_message.html?_=1607566891675&CODE_STATE=getMsg HTTP/1.1" 200 27
172.17.0.102 - - [10/Dec/2020:10:21:33 +0800] "GET /xingrg/check_reg.html?_=1607566891678 HTTP/1.1" 200 22
120.253.135.82 - - [10/Dec/2020:10:21:40 +0800] "GET /xingrg/all/function/internal_message.html?_=1607566649846&CODE_STATE=getMsg HTTP/1.1" 200 27
114.88.163.87 - - [10/Dec/2020:10:21:42 +0800] "GET /xingrg/check_reg.html?_=1607566898391 HTTP/1.1" 200 22
222.69.139.183 - - [10/Dec/2020:10:21:42 +0800] "GET /xingrg/all/function/internal_message.html?_=1607566900151&CODE_STATE=getMsg HTTP/1.1" 200 27
222.69.139.183 - - [10/Dec/2020:10:21:43 +0800] "GET /xingrg/javascript/jquery_easy_ui/themes/default/images/tree_checkbox_1.gif HTTP/1.1" 200 174
222.69.139.183 - - [10/Dec/2020:10:21:43 +0800] "GET /xingrg/javascript/jquery_easy_ui/themes/default/images/tree_checkbox_2.gif HTTP/1.1" 200 181
58.40.7.146 - - [10/Dec/2020:10:21:43 +0800] "GET /xingrg/all/function/internal_message.html?_=1607566901461&CODE_STATE=getMsg HTTP/1.1" 200 27
172.17.0.185 - - [10/Dec/2020:10:21:45 +0800] "GET /xingrg/all/function/internal_message.html?_=1607566902075&CODE_STATE=getMsg HTTP/1.1" 200 27
172.17.0.185 - - [10/Dec/2020:10:21:45 +0800] "GET /xingrg/check_reg.html?_=1607566902103 HTTP/1.1" 200 22
101.227.139.171 - - [10/Dec/2020:10:21:47 +0800] "GET /xingrg/all/function/internal_message.html?_=1607566210382&CODE_STATE=getMsg HTTP/1.1" 302 -
180.162.223.42 - - [10/Dec/2020:10:21:48 +0800] "GET /xingrg/all/function/internal_message.html?_=1607566888094&CODE_STATE=getMsg HTTP/1.1" 200 27
117.184.7.26 - - [10/Dec/2020:10:21:49 +0800] "GET /xingrg/all/function/internal_message.html?_=1607566900071&CODE_STATE=getMsg HTTP/1.1" 200 27
222.69.139.183 - - [10/Dec/2020:10:21:50 +0800] "POST /xingrg/dwr/call/plaincall/AjaxReportQueryService.refreshCache.dwr HTTP/1.1" 200 78
222.69.139.183 - - [10/Dec/2020:10:21:51 +0800] "POST /xingrg/all/report/load_report_page.html HTTP/1.1" 200 89
223.167.127.220 - - [10/Dec/2020:10:21:52 +0800] "GET /xingrg/all/function/internal_message.html?_=1607566912019&CODE_STATE=getMsg HTTP/1.1" 302 -
223.167.127.220 - - [10/Dec/2020:10:21:52 +0800] "GET /xingrg/check_reg.html?_=1607566912023 HTTP/1.1" 302 -
101.227.139.171 - - [10/Dec/2020:10:21:52 +0800] "GET /xingrg/login.html HTTP/1.1" 200 7641
114.84.32.187 - - [10/Dec/2020:10:21:52 +0800] "GET /xingrg/all/function/internal_message.html?_=1607566927228&CODE_STATE=getMsg HTTP/1.1" 200 27
58.40.7.146 - - [10/Dec/2020:10:21:53 +0800] "GET /xingrg/all/function/internal_message.html?_=1607566911218&CODE_STATE=getMsg HTTP/1.1" 200 27
114.86.224.105 - - [10/Dec/2020:10:21:53 +0800] "GET /xingrg/kc/buy/cgsh_order_operate.html?command=get_materiel&rest_code=00109&code=00101007059&supplier_code=00100004&order_time=2020-12-10 HTTP/1.1" 200 409
180.152.104.37 - - [10/Dec/2020:10:21:54 +0800] "GET /xingrg/all/function/internal_message.html?_=1607567142672&CODE_STATE=getMsg HTTP/1.1" 200 27
120.253.135.82 - - [10/Dec/2020:10:21:57 +0800] "GET /xingrg/kc/report/report_main.html HTTP/1.1" 200 9370
114.84.32.187 - - [10/Dec/2020:10:22:00 +0800] "GET /xingrg/all/function/internal_message.html?_=1607566944089&CODE_STATE=getMsg HTTP/1.1" 302 -
58.221.95.50 - - [10/Dec/2020:10:22:02 +0800] "GET /xingrg/all/function/internal_message.html?_=1607566940346&CODE_STATE=getMsg HTTP/1.1" 200 27
114.86.224.105 - - [10/Dec/2020:10:22:02 +0800] "GET /xingrg/kc/buy/cgsh_order_operate.html?command=get_materiel&rest_code=00109&code=00101007075&supplier_code=00100004&order_time=2020-12-10 HTTP/1.1" 200 408
114.88.159.147 - - [10/Dec/2020:10:22:08 +0800] "GET /xingrg/all/function/internal_message.html?_=1607566506089&CODE_STATE=getMsg HTTP/1.1" 200 27
114.88.159.147 - - [10/Dec/2020:10:22:09 +0800] "GET /xingrg/all/function/internal_message.html?_=1607566930090&CODE_STATE=getMsg HTTP/1.1" 200 27
222.69.139.183 - - [10/Dec/2020:10:22:09 +0800] "POST /xingrg/dwr/call/plaincall/AjaxReportQueryService.refreshCache.dwr HTTP/1.1" 200 78
222.69.139.183 - - [10/Dec/2020:10:22:10 +0800] "POST /xingrg/all/report/load_report_page.html HTTP/1.1" 200 89
114.86.224.105 - - [10/Dec/2020:10:22:11 +0800] "POST /xingrg/kc/buy/cgsh_order_operate.html HTTP/1.1" 200 37
114.88.163.87 - - [10/Dec/2020:10:22:12 +0800] "POST /xingrg/kc/buy/cgsh_order_operate.html HTTP/1.1" 200 2065
114.86.224.105 - - [10/Dec/2020:10:22:12 +0800] "POST /xingrg/kc/buy/cgsh_order_operate.html HTTP/1.1" 200 3838
114.86.224.105 - - [10/Dec/2020:10:22:13 +0800] "GET /xingrg/kc/print/load_data.html?order_code=212020121003651&kc_code=cgsh&condition= HTTP/1.1" 200 1178
114.86.224.105 - - [10/Dec/2020:10:22:14 +0800] "GET /xingrg/all/function/internal_message.html?_=1607566936311&CODE_STATE=getMsg HTTP/1.1" 200 27
101.85.93.83 - - [10/Dec/2020:10:22:14 +0800] "GET /xingrg/all/function/internal_message.html?_=1607566643197&CODE_STATE=getMsg HTTP/1.1" 200 27
180.174.56.115 - - [10/Dec/2020:10:22:15 +0800] "GET /xingrg/all/function/internal_message.html?_=1607566900083&CODE_STATE=getMsg HTTP/1.1" 200 27
114.88.163.87 - - [10/Dec/2020:10:22:16 +0800] "GET /xingrg/kc/buy/cgsh_order_operate.html?command=get_materiel&rest_code=00111&code=00101016030&supplier_code=00100037&order_time=2020-12-10 HTTP/1.1" 200 412
114.88.163.87 - - [10/Dec/2020:10:22:16 +0800] "GET /xingrg/all/function/internal_message.html?_=1607566933091&CODE_STATE=getMsg HTTP/1.1" 200 27
116.228.172.94 - - [10/Dec/2020:10:22:17 +0800] "GET /xingrg/all/function/internal_message.html?_=1607566931973&CODE_STATE=getMsg HTTP/1.1" 200 27
61.151.178.164 - - [10/Dec/2020:10:22:18 +0800] "GET /xingrg/all/function/internal_message.html?_=1607566150401&CODE_STATE=getMsg HTTP/1.1" 302 -
114.86.224.105 - - [10/Dec/2020:10:22:20 +0800] "GET /xingrg/kc/buy/cgsh_order_add.html HTTP/1.1" 200 60986
114.86.224.105 - - [10/Dec/2020:10:22:20 +0800] "POST /xingrg/kc/buy/cgsh_order_operate.html HTTP/1.1" 200 8245
114.86.224.105 - - [10/Dec/2020:10:22:20 +0800] "GET /xingrg/javascript/easyui/themes/default/validatebox.css HTTP/1.1" 404 1104
180.174.56.115 - - [10/Dec/2020:10:22:20 +0800] "GET /xingrg/check_reg.html?_=1607566940688 HTTP/1.1" 200 22
180.174.56.115 - - [10/Dec/2020:10:22:20 +0800] "GET /xingrg/all/function/internal_message.html?_=1607566940691&CODE_STATE=getMsg HTTP/1.1" 200 27
222.69.133.109 - - [10/Dec/2020:10:22:20 +0800] "GET /xingrg/all/function/internal_message.html?_=1607566939586&CODE_STATE=getMsg HTTP/1.1" 200 27
101.85.52.2 - - [10/Dec/2020:10:22:21 +0800] "GET /xingrg/all/function/internal_message.html?_=1607566933007&CODE_STATE=getMsg HTTP/1.1" 200 27
114.88.163.87 - - [10/Dec/2020:10:22:24 +0800] "GET /xingrg/all/function/internal_message.html?_=1607567072080&CODE_STATE=getMsg HTTP/1.1" 200 27
61.151.178.164 - - [10/Dec/2020:10:22:27 +0800] "GET /xingrg/login.html HTTP/1.1" 200 7641
114.88.163.87 - - [10/Dec/2020:10:22:28 +0800] "GET /xingrg/kc/buy/cgsh_order_operate.html?command=get_materiel&rest_code=00111&code=00101013021&supplier_code=00100037&order_time=2020-12-10 HTTP/1.1" 200 413
222.69.139.183 - - [10/Dec/2020:10:22:29 +0800] "POST /xingrg/dwr/call/plaincall/AjaxReportQueryService.refreshCache.dwr HTTP/1.1" 200 78
222.69.139.183 - - [10/Dec/2020:10:22:29 +0800] "POST /xingrg/all/report/load_report_page.html HTTP/1.1" 200 15732
222.69.139.183 - - [10/Dec/2020:10:22:29 +0800] "GET /xingrg/servlets/image?cache=0.5646943148429201&image=px HTTP/1.1" 200 807
172.17.200.101 - - [10/Dec/2020:10:22:29 +0800] "GET /xingrg/all/function/internal_message.html?_=1607566950111&CODE_STATE=getMsg HTTP/1.1" 200 27
172.17.200.101 - - [10/Dec/2020:10:22:29 +0800] "GET /xingrg/check_reg.html?_=1607566950115 HTTP/1.1" 200 22
172.17.0.102 - - [10/Dec/2020:10:22:33 +0800] "GET /xingrg/all/function/internal_message.html?_=1607566951662&CODE_STATE=getMsg HTTP/1.1" 200 27
114.88.163.87 - - [10/Dec/2020:10:22:37 +0800] "GET /xingrg/kc/buy/cgsh_order_operate.html?command=get_materiel&rest_code=00111&code=00101012010&supplier_code=00100037&order_time=2020-12-10 HTTP/1.1" 200 409
61.151.178.197 - - [10/Dec/2020:10:22:41 +0800] "GET /xingrg/all/function/internal_message.html?_=1607566270354&CODE_STATE=getMsg HTTP/1.1" 302 -
222.69.139.183 - - [10/Dec/2020:10:22:42 +0800] "GET /xingrg/all/function/internal_message.html?_=1607566960152&CODE_STATE=getMsg HTTP/1.1" 200 27
58.40.7.146 - - [10/Dec/2020:10:22:43 +0800] "GET /xingrg/all/function/internal_message.html?_=1607566961465&CODE_STATE=getMsg HTTP/1.1" 200 27
172.17.0.185 - - [10/Dec/2020:10:22:45 +0800] "GET /xingrg/all/function/internal_message.html?_=1607566962073&CODE_STATE=getMsg HTTP/1.1" 200 27
114.86.224.105 - - [10/Dec/2020:10:22:46 +0800] "GET /xingrg/kc/buy/cgsh_order_operate.html?command=get_materiel&rest_code=00109&code=00101009045&supplier_code=00100022&order_time=2020-12-10 HTTP/1.1" 200 412
180.162.223.42 - - [10/Dec/2020:10:22:48 +0800] "GET /xingrg/all/function/internal_message.html?_=1607566948108&CODE_STATE=getMsg HTTP/1.1" 200 27
180.162.223.42 - - [10/Dec/2020:10:22:48 +0800] "GET /xingrg/check_reg.html?_=1607566948111 HTTP/1.1" 200 22
61.151.178.197 - - [10/Dec/2020:10:22:48 +0800] "GET /xingrg/login.html HTTP/1.1" 200 7641
117.184.7.26 - - [10/Dec/2020:10:22:49 +0800] "GET /xingrg/all/function/internal_message.html?_=1607566960070&CODE_STATE=getMsg HTTP/1.1" 200 27
117.184.7.30 - - [10/Dec/2020:10:22:49 +0800] "GET /xingrg/check_reg.html?_=1607566960073 HTTP/1.1" 200 22
114.88.163.87 - - [10/Dec/2020:10:22:49 +0800] "GET /xingrg/kc/buy/cgsh_order_operate.html?command=get_materiel&rest_code=00111&code=00101007095&supplier_code=00100037&order_time=2020-12-10 HTTP/1.1" 200 415
223.167.127.220 - - [10/Dec/2020:10:22:52 +0800] "GET /xingrg/all/function/internal_message.html?_=1607566972024&CODE_STATE=getMsg HTTP/1.1" 302 -
114.84.32.187 - - [10/Dec/2020:10:22:52 +0800] "GET /xingrg/all/function/internal_message.html?_=1607566987239&CODE_STATE=getMsg HTTP/1.1" 200 27
58.40.7.146 - - [10/Dec/2020:10:22:53 +0800] "GET /xingrg/all/function/internal_message.html?_=1607566971221&CODE_STATE=getMsg HTTP/1.1" 200 27
58.40.7.146 - - [10/Dec/2020:10:22:53 +0800] "GET /xingrg/check_reg.html?_=1607566971223 HTTP/1.1" 200 22
180.152.104.37 - - [10/Dec/2020:10:22:54 +0800] "GET /xingrg/check_reg.html?_=1607567202015 HTTP/1.1" 200 22
180.152.104.37 - - [10/Dec/2020:10:22:54 +0800] "GET /xingrg/all/function/internal_message.html?_=1607567202685&CODE_STATE=getMsg HTTP/1.1" 200 27
114.86.224.105 - - [10/Dec/2020:10:22:55 +0800] "GET /xingrg/kc/buy/cgsh_order_operate.html?command=get_materiel&rest_code=00109&code=00101009021&supplier_code=00100022&order_time=2020-12-10 HTTP/1.1" 200 435
116.232.52.76 - - [10/Dec/2020:10:22:56 +0800] "POST /xingrg/services/DataTransmitService HTTP/1.1" 200 524
114.88.163.87 - - [10/Dec/2020:10:22:57 +0800] "GET /xingrg/kc/buy/cgsh_order_operate.html?command=get_materiel&rest_code=00111&code=00101008496&supplier_code=00100037&order_time=2020-12-10 HTTP/1.1" 200 393
114.84.32.187 - - [10/Dec/2020:10:23:00 +0800] "GET /xingrg/all/function/internal_message.html?_=1607567004122&CODE_STATE=getMsg HTTP/1.1" 302 -
58.221.95.50 - - [10/Dec/2020:10:23:02 +0800] "GET /xingrg/check_reg.html?_=1607567000346 HTTP/1.1" 200 22
58.221.95.50 - - [10/Dec/2020:10:23:02 +0800] "GET /xingrg/all/function/internal_message.html?_=1607567000350&CODE_STATE=getMsg HTTP/1.1" 200 27
114.86.224.105 - - [10/Dec/2020:10:23:02 +0800] "GET /xingrg/kc/buy/cgsh_order_operate.html?command=get_materiel&rest_code=00109&code=00101009039&supplier_code=00100022&order_time=2020-12-10 HTTP/1.1" 200 408
114.88.163.87 - - [10/Dec/2020:10:23:07 +0800] "POST /xingrg/kc/buy/cgsh_order_operate.html HTTP/1.1" 200 2065
114.88.159.147 - - [10/Dec/2020:10:23:08 +0800] "GET /xingrg/all/function/internal_message.html?_=1607566566059&CODE_STATE=getMsg HTTP/1.1" 200 27
114.88.159.147 - - [10/Dec/2020:10:23:09 +0800] "GET /xingrg/all/function/internal_message.html?_=1607566990060&CODE_STATE=getMsg HTTP/1.1" 200 27
114.88.163.87 - - [10/Dec/2020:10:23:12 +0800] "GET /xingrg/kc/buy/cgsh_order_operate.html?command=get_materiel&rest_code=00111&code=00101008324&supplier_code=00100037&order_time=2020-12-10 HTTP/1.1" 200 412
114.86.224.105 - - [10/Dec/2020:10:23:14 +0800] "GET /xingrg/all/function/internal_message.html?_=1607566996288&CODE_STATE=getMsg HTTP/1.1" 200 27
101.85.93.83 - - [10/Dec/2020:10:23:14 +0800] "GET /xingrg/all/function/internal_message.html?_=1607566703204&CODE_STATE=getMsg HTTP/1.1" 200 27
101.85.93.83 - - [10/Dec/2020:10:23:14 +0800] "GET /xingrg/check_reg.html?_=1607566703209 HTTP/1.1" 200 22
180.174.56.115 - - [10/Dec/2020:10:23:15 +0800] "GET /xingrg/check_reg.html?_=1607566959605 HTTP/1.1" 200 22
180.174.56.115 - - [10/Dec/2020:10:23:15 +0800] "GET /xingrg/all/function/internal_message.html?_=1607566960096&CODE_STATE=getMsg HTTP/1.1" 200 27
114.88.163.87 - - [10/Dec/2020:10:23:16 +0800] "GET /xingrg/all/function/internal_message.html?_=1607566993106&CODE_STATE=getMsg HTTP/1.1" 200 27
116.228.172.94 - - [10/Dec/2020:10:23:17 +0800] "GET /xingrg/all/function/internal_message.html?_=1607566991958&CODE_STATE=getMsg HTTP/1.1" 200 27
180.174.56.115 - - [10/Dec/2020:10:23:20 +0800] "GET /xingrg/all/function/internal_message.html?_=1607567000695&CODE_STATE=getMsg HTTP/1.1" 200 27
222.69.133.109 - - [10/Dec/2020:10:23:20 +0800] "GET /xingrg/all/function/internal_message.html?_=1607566999586&CODE_STATE=getMsg HTTP/1.1" 200 27
114.88.163.87 - - [10/Dec/2020:10:23:20 +0800] "GET /xingrg/kc/buy/cgsh_order_operate.html?command=get_materiel&rest_code=00111&code=00101015046&supplier_code=00100037&order_time=2020-12-10 HTTP/1.1" 200 412
101.85.52.2 - - [10/Dec/2020:10:23:21 +0800] "GET /xingrg/all/function/internal_message.html?_=1607566993010&CODE_STATE=getMsg HTTP/1.1" 200 27
114.88.163.87 - - [10/Dec/2020:10:23:24 +0800] "GET /xingrg/all/function/internal_message.html?_=1607567132113&CODE_STATE=getMsg HTTP/1.1" 200 27
114.88.163.87 - - [10/Dec/2020:10:23:24 +0800] "GET /xingrg/check_reg.html?_=1607567132114 HTTP/1.1" 200 22
172.17.200.101 - - [10/Dec/2020:10:23:29 +0800] "GET /xingrg/all/function/internal_message.html?_=1607567010116&CODE_STATE=getMsg HTTP/1.1" 200 27
114.86.224.105 - - [10/Dec/2020:10:23:31 +0800] "GET /xingrg/kc/buy/cgsh_order_operate.html?command=get_materiel&rest_code=00109&code=00101009062&supplier_code=00100022&order_time=2020-12-10 HTTP/1.1" 200 433
172.17.0.102 - - [10/Dec/2020:10:23:33 +0800] "GET /xingrg/all/function/internal_message.html?_=1607567011662&CODE_STATE=getMsg HTTP/1.1" 200 27
114.86.224.105 - - [10/Dec/2020:10:23:39 +0800] "POST /xingrg/kc/buy/cgsh_order_operate.html HTTP/1.1" 200 37
114.86.224.105 - - [10/Dec/2020:10:23:40 +0800] "POST /xingrg/kc/buy/cgsh_order_operate.html HTTP/1.1" 200 4426
114.86.224.105 - - [10/Dec/2020:10:23:41 +0800] "GET /xingrg/kc/print/load_data.html?order_code=212020121003652&kc_code=cgsh&condition= HTTP/1.1" 200 1373
222.69.139.183 - - [10/Dec/2020:10:23:42 +0800] "GET /xingrg/all/function/internal_message.html?_=1607567020158&CODE_STATE=getMsg HTTP/1.1" 200 27
58.40.7.146 - - [10/Dec/2020:10:23:43 +0800] "GET /xingrg/all/function/internal_message.html?_=1607567021468&CODE_STATE=getMsg HTTP/1.1" 200 27
58.40.7.146 - - [10/Dec/2020:10:23:43 +0800] "GET /xingrg/check_reg.html?_=1607567021470 HTTP/1.1" 200 22
101.89.19.197 - - [10/Dec/2020:10:23:44 +0800] "GET /xingrg/all/function/internal_message.html?_=1607566330325&CODE_STATE=getMsg HTTP/1.1" 302 -
172.17.0.185 - - [10/Dec/2020:10:23:45 +0800] "GET /xingrg/all/function/internal_message.html?_=1607567022074&CODE_STATE=getMsg HTTP/1.1" 200 27
180.162.223.42 - - [10/Dec/2020:10:23:48 +0800] "GET /xingrg/all/function/internal_message.html?_=1607567008095&CODE_STATE=getMsg HTTP/1.1" 200 27
117.184.7.30 - - [10/Dec/2020:10:23:49 +0800] "GET /xingrg/all/function/internal_message.html?_=1607567020076&CODE_STATE=getMsg HTTP/1.1" 200 27
223.167.127.220 - - [10/Dec/2020:10:23:52 +0800] "GET /xingrg/all/function/internal_message.html?_=1607567032025&CODE_STATE=getMsg HTTP/1.1" 302 -
101.89.19.197 - - [10/Dec/2020:10:23:52 +0800] "GET /xingrg/login.html HTTP/1.1" 200 7641
114.84.32.187 - - [10/Dec/2020:10:23:53 +0800] "GET /xingrg/all/function/internal_message.html?_=1607567047455&CODE_STATE=getMsg HTTP/1.1" 200 27
58.40.7.146 - - [10/Dec/2020:10:23:53 +0800] "GET /xingrg/all/function/internal_message.html?_=1607567031226&CODE_STATE=getMsg HTTP/1.1" 200 27
180.152.104.37 - - [10/Dec/2020:10:23:54 +0800] "GET /xingrg/all/function/internal_message.html?_=1607567262698&CODE_STATE=getMsg HTTP/1.1" 200 27
114.84.32.187 - - [10/Dec/2020:10:24:00 +0800] "GET /xingrg/all/function/internal_message.html?_=1607567064131&CODE_STATE=getMsg HTTP/1.1" 302 -
58.221.95.50 - - [10/Dec/2020:10:24:02 +0800] "GET /xingrg/all/function/internal_message.html?_=1607567060347&CODE_STATE=getMsg HTTP/1.1" 200 27
114.88.159.147 - - [10/Dec/2020:10:24:08 +0800] "GET /xingrg/all/function/internal_message.html?_=1607566626033&CODE_STATE=getMsg HTTP/1.1" 200 27
114.88.159.147 - - [10/Dec/2020:10:24:09 +0800] "GET /xingrg/all/function/internal_message.html?_=1607567050040&CODE_STATE=getMsg HTTP/1.1" 200 27
