172.17.0.185 - - [10/Dec/2020:09:11:45 +0800] "GET /xingrg/all/function/internal_message.html?_=1607562702071&CODE_STATE=getMsg HTTP/1.1" 200 27
172.17.0.185 - - [10/Dec/2020:09:11:45 +0800] "GET /xingrg/check_reg.html?_=1607562702074 HTTP/1.1" 200 22
180.157.253.48 - - [10/Dec/2020:09:11:46 +0800] "GET /xingrg/kc/buy/cgsh_order_operate.html?command=get_materiel&rest_code=00148&code=00101006111&supplier_code=00100010&order_time=2020-12-10 HTTP/1.1" 200 409
180.162.223.42 - - [10/Dec/2020:09:11:48 +0800] "GET /xingrg/all/function/internal_message.html?_=1607562688068&CODE_STATE=getMsg HTTP/1.1" 200 27
114.84.32.187 - - [10/Dec/2020:09:11:48 +0800] "GET /xingrg/all/function/internal_message.html?_=1607562723015&CODE_STATE=getMsg HTTP/1.1" 200 27
223.167.127.220 - - [10/Dec/2020:09:11:52 +0800] "GET /xingrg/check_reg.html?_=1607562711970 HTTP/1.1" 302 -
223.167.127.220 - - [10/Dec/2020:09:11:52 +0800] "GET /xingrg/all/function/internal_message.html?_=1607562711971&CODE_STATE=getMsg HTTP/1.1" 302 -
58.40.7.146 - - [10/Dec/2020:09:11:53 +0800] "GET /xingrg/all/function/internal_message.html?_=1607562711167&CODE_STATE=getMsg HTTP/1.1" 200 27
180.162.223.42 - - [10/Dec/2020:09:11:53 +0800] "GET /xingrg/kc/buy/cgsh_order_operate.html?command=get_materiel&rest_code=00105&code=00101008270&supplier_code=00100203&order_time=2020-12-10 HTTP/1.1" 200 412
116.228.172.94 - - [10/Dec/2020:09:11:56 +0800] "GET /xingrg/kc/buy/cgsh_order_operate.html?command=get_materiel&rest_code=00107&code=00101008357&supplier_code=00100006&order_time=2020-12-10 HTTP/1.1" 200 408
114.84.32.187 - - [10/Dec/2020:09:11:58 +0800] "GET /xingrg/all/function/internal_message.html?_=1607562742592&CODE_STATE=getMsg HTTP/1.1" 302 -
114.88.159.147 - - [10/Dec/2020:09:12:09 +0800] "GET /xingrg/all/function/internal_message.html?_=1607562307574&CODE_STATE=getMsg HTTP/1.1" 200 27
180.174.56.115 - - [10/Dec/2020:09:12:09 +0800] "GET /xingrg/kc/buy/cgsh_order_operate.html?command=get_materiel&rest_code=00150&code=00101015024&supplier_code=00100007&order_time=2020-12-10 HTTP/1.1" 200 413
114.88.159.147 - - [10/Dec/2020:09:12:10 +0800] "GET /xingrg/all/function/internal_message.html?_=1607562731610&CODE_STATE=getMsg HTTP/1.1" 200 27
180.174.56.115 - - [10/Dec/2020:09:12:11 +0800] "POST /xingrg/kc/buy/cgsh_order_operate.html HTTP/1.1" 200 2065
172.17.0.102 - - [10/Dec/2020:09:12:14 +0800] "POST /xingrg/kc/buy/cgsh_list_operate.html HTTP/1.1" 200 4
114.88.163.87 - - [10/Dec/2020:09:12:14 +0800] "GET /xingrg/all/function/internal_message.html?_=1607562731083&CODE_STATE=getMsg HTTP/1.1" 200 27
116.228.172.94 - - [10/Dec/2020:09:12:17 +0800] "GET /xingrg/all/function/internal_message.html?_=1607562731896&CODE_STATE=getMsg HTTP/1.1" 200 27
172.17.0.102 - - [10/Dec/2020:09:12:18 +0800] "POST /xingrg/kc/buy/cgsh_list_operate.html HTTP/1.1" 200 5120
101.91.62.99 - - [10/Dec/2020:09:12:18 +0800] "GET /xingrg/all/function/internal_message.html?_=1607561951915&CODE_STATE=getMsg HTTP/1.1" 302 -
116.228.172.94 - - [10/Dec/2020:09:12:18 +0800] "POST /xingrg/kc/buy/cgsh_order_operate.html HTTP/1.1" 200 2065
180.157.253.48 - - [10/Dec/2020:09:12:22 +0800] "POST /xingrg/kc/buy/cgsh_order_operate.html HTTP/1.1" 200 37
180.162.223.42 - - [10/Dec/2020:09:12:22 +0800] "GET /xingrg/kc/buy/cgsh_order_operate.html?command=get_materiel&rest_code=00105&code=00101008196&supplier_code=00100203&order_time=2020-12-10 HTTP/1.1" 200 416
114.84.32.187 - - [10/Dec/2020:09:12:22 +0800] "GET /xingrg/kc/buy/cgsh_order_operate.html?command=get_materiel&rest_code=00146&code=00101008246&supplier_code=00100005&order_time=2020-12-10 HTTP/1.1" 200 408
180.174.56.115 - - [10/Dec/2020:09:12:23 +0800] "GET /xingrg/kc/buy/cgsh_order_operate.html?command=get_materiel&rest_code=00150&code=00101020152&supplier_code=00100007&order_time=2020-12-10 HTTP/1.1" 200 416
180.157.253.48 - - [10/Dec/2020:09:12:23 +0800] "POST /xingrg/kc/buy/cgsh_order_operate.html HTTP/1.1" 200 6838
114.88.163.87 - - [10/Dec/2020:09:12:25 +0800] "GET /xingrg/all/function/internal_message.html?_=1607562873694&CODE_STATE=getMsg HTTP/1.1" 200 27
101.91.62.99 - - [10/Dec/2020:09:12:26 +0800] "GET /xingrg/login.html HTTP/1.1" 200 7641
172.17.200.101 - - [10/Dec/2020:09:12:29 +0800] "GET /xingrg/check_reg.html?_=1607562749873 HTTP/1.1" 200 22
172.17.200.101 - - [10/Dec/2020:09:12:29 +0800] "GET /xingrg/all/function/internal_message.html?_=1607562749877&CODE_STATE=getMsg HTTP/1.1" 200 27
180.157.253.48 - - [10/Dec/2020:09:12:29 +0800] "GET /xingrg/kc/buy/cgsh_order_add.html HTTP/1.1" 200 60945
180.157.253.48 - - [10/Dec/2020:09:12:30 +0800] "POST /xingrg/kc/buy/cgsh_order_operate.html HTTP/1.1" 200 8245
180.157.253.48 - - [10/Dec/2020:09:12:30 +0800] "GET /xingrg/javascript/easyui/themes/default/validatebox.css HTTP/1.1" 404 1104
180.174.56.115 - - [10/Dec/2020:09:12:32 +0800] "GET /xingrg/check_reg.html?_=1607562753055 HTTP/1.1" 200 22
172.17.0.102 - - [10/Dec/2020:09:12:32 +0800] "GET /xingrg/all/function/internal_message.html?_=1607562751376&CODE_STATE=getMsg HTTP/1.1" 200 27
114.84.32.187 - - [10/Dec/2020:09:12:37 +0800] "GET /xingrg/kc/buy/cgsh_order_operate.html?command=get_materiel&rest_code=00146&code=00101008003&supplier_code=00100005&order_time=2020-12-10 HTTP/1.1" 200 408
116.228.172.94 - - [10/Dec/2020:09:12:38 +0800] "GET /xingrg/kc/buy/cgsh_order_operate.html?command=get_materiel&rest_code=00107&code=00101008296&supplier_code=00100006&order_time=2020-12-10 HTTP/1.1" 200 416
58.40.7.146 - - [10/Dec/2020:09:12:43 +0800] "GET /xingrg/all/function/internal_message.html?_=1607562761438&CODE_STATE=getMsg HTTP/1.1" 200 27
180.157.253.48 - - [10/Dec/2020:09:12:44 +0800] "GET /xingrg/all/function/internal_message.html?_=1607562764233&CODE_STATE=getMsg HTTP/1.1" 200 27
172.17.0.185 - - [10/Dec/2020:09:12:45 +0800] "GET /xingrg/all/function/internal_message.html?_=1607562762077&CODE_STATE=getMsg HTTP/1.1" 200 27
180.162.223.42 - - [10/Dec/2020:09:12:48 +0800] "GET /xingrg/check_reg.html?_=1607562748038 HTTP/1.1" 200 22
180.162.223.42 - - [10/Dec/2020:09:12:48 +0800] "GET /xingrg/all/function/internal_message.html?_=1607562748043&CODE_STATE=getMsg HTTP/1.1" 200 27
114.84.32.187 - - [10/Dec/2020:09:12:48 +0800] "GET /xingrg/all/function/internal_message.html?_=1607562783028&CODE_STATE=getMsg HTTP/1.1" 200 27
172.17.0.102 - - [10/Dec/2020:09:12:50 +0800] "POST /xingrg/kc/buy/cgsh_list_operate.html HTTP/1.1" 200 4
223.167.127.220 - - [10/Dec/2020:09:12:52 +0800] "GET /xingrg/all/function/internal_message.html?_=1607562771969&CODE_STATE=getMsg HTTP/1.1" 302 -
58.40.7.146 - - [10/Dec/2020:09:12:53 +0800] "GET /xingrg/all/function/internal_message.html?_=1607562771170&CODE_STATE=getMsg HTTP/1.1" 200 27
58.40.7.146 - - [10/Dec/2020:09:12:53 +0800] "GET /xingrg/check_reg.html?_=1607562771172 HTTP/1.1" 200 22
172.17.0.102 - - [10/Dec/2020:09:12:54 +0800] "POST /xingrg/kc/buy/cgsh_list_operate.html HTTP/1.1" 200 2415
222.69.139.183 - - [10/Dec/2020:09:12:56 +0800] "POST /xingrg/services/DataTransmitService HTTP/1.1" 200 524
222.69.139.183 - - [10/Dec/2020:09:12:56 +0800] "POST /xingrg/services/DataTransmitService HTTP/1.1" 200 1847
114.84.32.187 - - [10/Dec/2020:09:12:58 +0800] "GET /xingrg/all/function/internal_message.html?_=1607562802623&CODE_STATE=getMsg HTTP/1.1" 302 -
172.17.0.102 - - [10/Dec/2020:09:13:06 +0800] "POST /xingrg/kc/buy/cgsh_list_operate.html HTTP/1.1" 200 4
172.17.0.102 - - [10/Dec/2020:09:13:08 +0800] "POST /xingrg/kc/buy/cgsh_list_operate.html HTTP/1.1" 200 876
116.228.172.94 - - [10/Dec/2020:09:13:08 +0800] "GET /xingrg/kc/buy/cgsh_order_operate.html?command=get_materiel&rest_code=00107&code=00101008051&supplier_code=00100006&order_time=2020-12-10 HTTP/1.1" 200 409
114.88.159.147 - - [10/Dec/2020:09:13:09 +0800] "GET /xingrg/all/function/internal_message.html?_=1607562367550&CODE_STATE=getMsg HTTP/1.1" 200 27
172.17.0.102 - - [10/Dec/2020:09:13:10 +0800] "GET /xingrg/kc/buy/cgsh_order_list.html HTTP/1.1" 200 45188
114.88.159.147 - - [10/Dec/2020:09:13:10 +0800] "GET /xingrg/all/function/internal_message.html?_=1607562791587&CODE_STATE=getMsg HTTP/1.1" 200 27
172.17.0.102 - - [10/Dec/2020:09:13:11 +0800] "POST /xingrg/kc/buy/cgsh_list_operate.html HTTP/1.1" 200 876
172.17.0.102 - - [10/Dec/2020:09:13:11 +0800] "GET /xingrg/kc/base/wldb_order_list.html HTTP/1.1" 200 19404
172.17.0.102 - - [10/Dec/2020:09:13:12 +0800] "POST /xingrg/kc/base/wldb_list_operate.html HTTP/1.1" 200 928
116.228.172.94 - - [10/Dec/2020:09:13:12 +0800] "POST /xingrg/kc/buy/cgsh_order_operate.html HTTP/1.1" 200 2065
114.88.163.87 - - [10/Dec/2020:09:13:14 +0800] "GET /xingrg/all/function/internal_message.html?_=1607562791097&CODE_STATE=getMsg HTTP/1.1" 200 27
222.69.139.183 - - [10/Dec/2020:09:13:15 +0800] "POST /xingrg/services/DataTransmitService HTTP/1.1" 200 524
116.228.172.94 - - [10/Dec/2020:09:13:17 +0800] "GET /xingrg/all/function/internal_message.html?_=1607562791884&CODE_STATE=getMsg HTTP/1.1" 200 27
172.17.0.240 - - [10/Dec/2020:09:13:19 +0800] "GET /xingrg/index.html?sysBaseUrl=http%3A%2F%2F172.17.0.8%3A18081%2Fxingrg%2F&costTime=213×tamp=1585200360465 HTTP/1.1" 302 -
172.17.0.240 - - [10/Dec/2020:09:13:19 +0800] "GET /xingrg/login.html HTTP/1.1" 200 7636
172.17.0.240 - - [10/Dec/2020:09:13:19 +0800] "GET /xingrg/images/blue/jxLogo.png HTTP/1.1" 200 6156
172.17.0.240 - - [10/Dec/2020:09:13:20 +0800] "GET /xingrg/images/blue/hj.png HTTP/1.1" 200 1014
172.17.0.240 - - [10/Dec/2020:09:13:20 +0800] "GET /xingrg/images/blue/login_bg.png HTTP/1.1" 200 22101
172.17.0.240 - - [10/Dec/2020:09:13:20 +0800] "GET /xingrg/images/blue/srbg.png HTTP/1.1" 200 138
172.17.0.240 - - [10/Dec/2020:09:13:20 +0800] "GET /favicon.ico HTTP/1.1" 404 -
114.84.32.187 - - [10/Dec/2020:09:13:21 +0800] "GET /xingrg/kc/buy/cgsh_order_operate.html?command=get_materiel&rest_code=00146&code=00101008356&supplier_code=00100005&order_time=2020-12-10 HTTP/1.1" 200 408
180.157.253.48 - - [10/Dec/2020:09:13:22 +0800] "GET /xingrg/kc/base/wldb_order_list.html HTTP/1.1" 200 19424
116.228.172.94 - - [10/Dec/2020:09:13:22 +0800] "GET /xingrg/kc/buy/cgsh_order_operate.html?command=get_materiel&rest_code=00107&code=00101008186&supplier_code=00100006&order_time=2020-12-10 HTTP/1.1" 200 408
180.157.253.48 - - [10/Dec/2020:09:13:23 +0800] "POST /xingrg/kc/base/wldb_list_operate.html HTTP/1.1" 200 928
114.88.163.87 - - [10/Dec/2020:09:13:25 +0800] "GET /xingrg/all/function/internal_message.html?_=1607562933693&CODE_STATE=getMsg HTTP/1.1" 200 27
172.17.200.101 - - [10/Dec/2020:09:13:29 +0800] "GET /xingrg/all/function/internal_message.html?_=1607562809866&CODE_STATE=getMsg HTTP/1.1" 200 27
116.228.172.94 - - [10/Dec/2020:09:13:32 +0800] "GET /xingrg/kc/buy/cgsh_order_operate.html?command=get_materiel&rest_code=00107&code=00101008261&supplier_code=00100006&order_time=2020-12-10 HTTP/1.1" 200 408
180.157.253.48 - - [10/Dec/2020:09:13:32 +0800] "GET /xingrg/kc/base/wldb_order_add.html HTTP/1.1" 200 30593
172.17.0.102 - - [10/Dec/2020:09:13:32 +0800] "GET /xingrg/all/function/internal_message.html?_=1607562811397&CODE_STATE=getMsg HTTP/1.1" 200 27
180.157.253.48 - - [10/Dec/2020:09:13:33 +0800] "POST /xingrg/kc/base/wldb_order_operate.html HTTP/1.1" 200 6806
180.157.253.48 - - [10/Dec/2020:09:13:33 +0800] "GET /xingrg/all/common/auto_word.html?type=base&rest_code=00148 HTTP/1.1" 200 1753
180.157.253.48 - - [10/Dec/2020:09:13:33 +0800] "GET /xingrg/all/common/auto_word.html?type=base&rest_code=00148 HTTP/1.1" 200 1753
114.84.32.187 - - [10/Dec/2020:09:13:33 +0800] "GET /xingrg/kc/buy/cgsh_order_operate.html?command=get_materiel&rest_code=00146&code=00101008212&supplier_code=00100005&order_time=2020-12-10 HTTP/1.1" 200 412
180.157.253.48 - - [10/Dec/2020:09:13:33 +0800] "GET /xingrg/javascript/easyui/themes/default/validatebox.css HTTP/1.1" 404 1104
58.40.7.146 - - [10/Dec/2020:09:13:43 +0800] "GET /xingrg/all/function/internal_message.html?_=1607562821440&CODE_STATE=getMsg HTTP/1.1" 200 27
58.40.7.146 - - [10/Dec/2020:09:13:43 +0800] "GET /xingrg/check_reg.html?_=1607562821442 HTTP/1.1" 200 22
180.157.253.48 - - [10/Dec/2020:09:13:44 +0800] "GET /xingrg/check_reg.html?_=1607562824224 HTTP/1.1" 200 22
180.157.253.48 - - [10/Dec/2020:09:13:44 +0800] "GET /xingrg/all/function/internal_message.html?_=1607562824231&CODE_STATE=getMsg HTTP/1.1" 200 27
180.157.253.48 - - [10/Dec/2020:09:13:45 +0800] "GET /xingrg/javascript/jquery_tools/images/prev.gif HTTP/1.1" 404 1086
180.157.253.48 - - [10/Dec/2020:09:13:45 +0800] "GET /xingrg/javascript/jquery_tools/images/next.gif HTTP/1.1" 404 1086
172.17.0.185 - - [10/Dec/2020:09:13:45 +0800] "GET /xingrg/all/function/internal_message.html?_=1607562822064&CODE_STATE=getMsg HTTP/1.1" 200 27
114.84.32.187 - - [10/Dec/2020:09:13:48 +0800] "GET /xingrg/kc/buy/cgsh_order_operate.html?command=get_materiel&rest_code=00146&code=00101008251&supplier_code=00100005&order_time=2020-12-10 HTTP/1.1" 200 408
116.228.172.94 - - [10/Dec/2020:09:13:48 +0800] "GET /xingrg/kc/buy/cgsh_order_operate.html?command=get_materiel&rest_code=00107&code=00101008210&supplier_code=00100006&order_time=2020-12-10 HTTP/1.1" 200 409
180.162.223.42 - - [10/Dec/2020:09:13:48 +0800] "GET /xingrg/all/function/internal_message.html?_=1607562808034&CODE_STATE=getMsg HTTP/1.1" 200 27
114.84.32.187 - - [10/Dec/2020:09:13:48 +0800] "GET /xingrg/all/function/internal_message.html?_=1607562843041&CODE_STATE=getMsg HTTP/1.1" 200 27
114.88.163.87 - - [10/Dec/2020:09:13:50 +0800] "GET /xingrg/kc/buy/cgsh_order_add.html HTTP/1.1" 200 60939
114.88.163.87 - - [10/Dec/2020:09:13:50 +0800] "GET /xingrg/javascript/easyui/themes/default/validatebox.css HTTP/1.1" 404 1104
114.88.163.87 - - [10/Dec/2020:09:13:50 +0800] "POST /xingrg/kc/buy/cgsh_order_operate.html HTTP/1.1" 200 8245
223.167.127.220 - - [10/Dec/2020:09:13:52 +0800] "GET /xingrg/all/function/internal_message.html?_=1607562831971&CODE_STATE=getMsg HTTP/1.1" 302 -
58.40.7.146 - - [10/Dec/2020:09:13:53 +0800] "GET /xingrg/all/function/internal_message.html?_=1607562831173&CODE_STATE=getMsg HTTP/1.1" 200 27
114.88.163.87 - - [10/Dec/2020:09:13:58 +0800] "GET /xingrg/kc/buy/cgsh_order_operate.html?command=get_materiel&rest_code=00111&code=00101007061&supplier_code=00100004&order_time=2020-12-10 HTTP/1.1" 200 409
114.84.32.187 - - [10/Dec/2020:09:13:58 +0800] "GET /xingrg/all/function/internal_message.html?_=1607562862635&CODE_STATE=getMsg HTTP/1.1" 302 -
180.157.253.48 - - [10/Dec/2020:09:13:58 +0800] "GET /xingrg/kc/base/wldb_order_operate.html?command=get_materiel&rest_code=00148&base_code=0010005&code=00101025046 HTTP/1.1" 200 463
180.174.56.115 - - [10/Dec/2020:09:14:01 +0800] "POST /xingrg/kc/buy/cgsh_order_operate.html HTTP/1.1" 200 37
222.69.139.183 - - [10/Dec/2020:09:14:01 +0800] "POST /xingrg/services/DataTransmitService HTTP/1.1" 200 501
180.174.56.115 - - [10/Dec/2020:09:14:02 +0800] "POST /xingrg/kc/buy/cgsh_order_operate.html HTTP/1.1" 200 32843
222.69.139.183 - - [10/Dec/2020:09:14:02 +0800] "POST /xingrg/services/DataTransmitService HTTP/1.1" 200 501
114.84.32.187 - - [10/Dec/2020:09:14:02 +0800] "GET /xingrg/kc/buy/cgsh_order_operate.html?command=get_materiel&rest_code=00146&code=00101008196&supplier_code=00100005&order_time=2020-12-10 HTTP/1.1" 200 416
116.228.172.94 - - [10/Dec/2020:09:14:03 +0800] "GET /xingrg/kc/buy/cgsh_order_operate.html?command=get_materiel&rest_code=00107&code=00101008331&supplier_code=00100006&order_time=2020-12-10 HTTP/1.1" 200 416
114.88.163.87 - - [10/Dec/2020:09:14:05 +0800] "GET /xingrg/kc/buy/cgsh_order_operate.html?command=get_materiel&rest_code=00111&code=00101007081&supplier_code=00100004&order_time=2020-12-10 HTTP/1.1" 200 413
114.88.159.147 - - [10/Dec/2020:09:14:09 +0800] "GET /xingrg/all/function/internal_message.html?_=1607562427523&CODE_STATE=getMsg HTTP/1.1" 200 27
114.88.159.147 - - [10/Dec/2020:09:14:10 +0800] "GET /xingrg/all/function/internal_message.html?_=1607562851565&CODE_STATE=getMsg HTTP/1.1" 200 27
101.91.60.105 - - [10/Dec/2020:09:14:13 +0800] "GET /xingrg/all/function/internal_message.html?_=1607562251788&CODE_STATE=getMsg HTTP/1.1" 302 -
222.69.139.183 - - [10/Dec/2020:09:14:14 +0800] "POST /xingrg/services/DataTransmitService HTTP/1.1" 200 501
114.88.163.87 - - [10/Dec/2020:09:14:14 +0800] "GET /xingrg/kc/buy/cgsh_order_operate.html?command=get_materiel&rest_code=00111&code=00101007072&supplier_code=00100004&order_time=2020-12-10 HTTP/1.1" 200 415
114.88.163.87 - - [10/Dec/2020:09:14:14 +0800] "GET /xingrg/all/function/internal_message.html?_=1607562851155&CODE_STATE=getMsg HTTP/1.1" 200 27
116.228.172.94 - - [10/Dec/2020:09:14:15 +0800] "GET /xingrg/kc/buy/cgsh_order_operate.html?command=get_materiel&rest_code=00107&code=00101008141&supplier_code=00100006&order_time=2020-12-10 HTTP/1.1" 200 412
114.84.32.187 - - [10/Dec/2020:09:14:16 +0800] "GET /xingrg/kc/buy/cgsh_order_operate.html?command=get_materiel&rest_code=00146&code=00101008006&supplier_code=00100005&order_time=2020-12-10 HTTP/1.1" 200 416
116.228.172.94 - - [10/Dec/2020:09:14:17 +0800] "GET /xingrg/all/function/internal_message.html?_=1607562851868&CODE_STATE=getMsg HTTP/1.1" 200 27
116.228.172.94 - - [10/Dec/2020:09:14:17 +0800] "GET /xingrg/check_reg.html?_=1607562851932 HTTP/1.1" 200 22
101.91.60.105 - - [10/Dec/2020:09:14:19 +0800] "GET /xingrg/login.html HTTP/1.1" 200 7641
114.84.32.187 - - [10/Dec/2020:09:14:20 +0800] "POST /xingrg/kc/buy/cgsh_order_operate.html HTTP/1.1" 200 2065
116.228.172.94 - - [10/Dec/2020:09:14:21 +0800] "POST /xingrg/kc/buy/cgsh_order_operate.html HTTP/1.1" 200 2065
114.88.163.87 - - [10/Dec/2020:09:14:24 +0800] "GET /xingrg/kc/buy/cgsh_order_operate.html?command=get_materiel&rest_code=00111&code=00101007063&supplier_code=00100004&order_time=2020-12-10 HTTP/1.1" 200 409
114.88.163.87 - - [10/Dec/2020:09:14:25 +0800] "GET /xingrg/all/function/internal_message.html?_=1607562993708&CODE_STATE=getMsg HTTP/1.1" 200 27
222.69.139.183 - - [10/Dec/2020:09:14:26 +0800] "POST /xingrg/services/DataTransmitService HTTP/1.1" 200 501
114.84.32.187 - - [10/Dec/2020:09:14:27 +0800] "GET /xingrg/kc/buy/cgsh_order_operate.html?command=get_materiel&rest_code=00146&code=00101008131&supplier_code=00100005&order_time=2020-12-10 HTTP/1.1" 200 408
222.69.139.183 - - [10/Dec/2020:09:14:28 +0800] "POST /xingrg/services/DataTransmitService HTTP/1.1" 200 501
222.69.139.183 - - [10/Dec/2020:09:14:28 +0800] "POST /xingrg/services/DataTransmitService HTTP/1.1" 200 501
172.17.200.101 - - [10/Dec/2020:09:14:29 +0800] "GET /xingrg/all/function/internal_message.html?_=1607562869867&CODE_STATE=getMsg HTTP/1.1" 200 27
116.228.172.94 - - [10/Dec/2020:09:14:30 +0800] "GET /xingrg/kc/buy/cgsh_order_operate.html?command=get_materiel&rest_code=00107&code=00101008126&supplier_code=00100006&order_time=2020-12-10 HTTP/1.1" 200 412
114.88.163.87 - - [10/Dec/2020:09:14:31 +0800] "GET /xingrg/kc/buy/cgsh_order_operate.html?command=get_materiel&rest_code=00111&code=00101007076&supplier_code=00100004&order_time=2020-12-10 HTTP/1.1" 200 408
172.17.0.102 - - [10/Dec/2020:09:14:32 +0800] "GET /xingrg/all/function/internal_message.html?_=1607562871383&CODE_STATE=getMsg HTTP/1.1" 200 27
222.69.139.183 - - [10/Dec/2020:09:14:33 +0800] "POST /xingrg/services/DataTransmitService HTTP/1.1" 200 501
222.69.139.183 - - [10/Dec/2020:09:14:33 +0800] "POST /xingrg/services/DataTransmitService HTTP/1.1" 200 501
222.69.139.183 - - [10/Dec/2020:09:14:34 +0800] "POST /xingrg/services/DataTransmitService HTTP/1.1" 200 501
222.69.139.183 - - [10/Dec/2020:09:14:37 +0800] "POST /xingrg/services/DataTransmitService HTTP/1.1" 200 412
180.157.253.48 - - [10/Dec/2020:09:14:38 +0800] "GET /xingrg/kc/base/wldb_order_operate.html?command=get_materiel&rest_code=00148&base_code=0010005&code=00101025013 HTTP/1.1" 200 463
114.84.32.187 - - [10/Dec/2020:09:14:38 +0800] "GET /xingrg/kc/buy/cgsh_order_operate.html?command=get_materiel&rest_code=00146&code=00101008296&supplier_code=00100005&order_time=2020-12-10 HTTP/1.1" 200 416
116.228.172.94 - - [10/Dec/2020:09:14:40 +0800] "GET /xingrg/kc/buy/cgsh_order_operate.html?command=get_materiel&rest_code=00107&code=00101008049&supplier_code=00100006&order_time=2020-12-10 HTTP/1.1" 200 408
180.174.56.115 - - [10/Dec/2020:09:14:41 +0800] "POST /xingrg/all/user/operate.html HTTP/1.1" 200 36
180.174.56.115 - - [10/Dec/2020:09:14:41 +0800] "GET /xingrg/index.html?sysBaseUrl=http%3A%2F%2F180.169.147.146%3A18081%2Fxingrg%2F&costTime=43×tamp=1607478396306 HTTP/1.1" 200 17177
180.174.56.115 - - [10/Dec/2020:09:14:41 +0800] "GET /xingrg/javascript/jquery_easy_ui/themes/default/easyui.css HTTP/1.1" 304 -
180.174.56.115 - - [10/Dec/2020:09:14:41 +0800] "GET /xingrg/javascript/jquery_easy_ui/themes/icon.css HTTP/1.1" 304 -
180.174.56.115 - - [10/Dec/2020:09:14:41 +0800] "GET /xingrg/css/form.css HTTP/1.1" 304 -
180.174.56.115 - - [10/Dec/2020:09:14:41 +0800] "GET /xingrg/javascript/jquery-1.4.2.min.js HTTP/1.1" 304 -
180.174.56.115 - - [10/Dec/2020:09:14:41 +0800] "GET /xingrg/javascript/jquery_easy_ui/jquery.easyui.min.js HTTP/1.1" 304 -
180.174.56.115 - - [10/Dec/2020:09:14:41 +0800] "GET /xingrg/javascript/jquery_easy_ui/easyui-lang-zh_CN.js HTTP/1.1" 304 -
180.174.56.115 - - [10/Dec/2020:09:14:41 +0800] "GET /xingrg/javascript/jquery.form.js HTTP/1.1" 304 -
180.174.56.115 - - [10/Dec/2020:09:14:41 +0800] "GET /xingrg/javascript/jquery.utils.js HTTP/1.1" 304 -
180.174.56.115 - - [10/Dec/2020:09:14:41 +0800] "GET /xingrg/javascript/jquery.timers.js HTTP/1.1" 304 -
180.174.56.115 - - [10/Dec/2020:09:14:41 +0800] "GET /xingrg/images/blue/jxLogo.png HTTP/1.1" 304 -
180.174.56.115 - - [10/Dec/2020:09:14:41 +0800] "GET /xingrg/javascript/jquery_easy_ui/themes/icons/settle_new.png HTTP/1.1" 304 -
180.174.56.115 - - [10/Dec/2020:09:14:41 +0800] "GET /xingrg/images/blue/navBackgound.jpg HTTP/1.1" 304 -
180.174.56.115 - - [10/Dec/2020:09:14:42 +0800] "POST /xingrg/all/common/load_tree.html?tree=area_rest_tree_json&manage=1 HTTP/1.1" 200 476
180.174.56.115 - - [10/Dec/2020:09:14:42 +0800] "GET /xingrg/all/function/internal_message.html?_=1607562882339&CODE_STATE=count HTTP/1.1" 200 11
180.174.56.115 - - [10/Dec/2020:09:14:42 +0800] "GET /xingrg/check_reg.html?_=1607562882340 HTTP/1.1" 200 22
180.174.56.115 - - [10/Dec/2020:09:14:42 +0800] "GET /xingrg/images/blue/pingpu.png HTTP/1.1" 304 -
180.174.56.115 - - [10/Dec/2020:09:14:42 +0800] "GET /xingrg/javascript/jquery_easy_ui/themes/default/images/panel_tool_collapse.gif HTTP/1.1" 304 -
180.174.56.115 - - [10/Dec/2020:09:14:42 +0800] "GET /xingrg/javascript/jquery_easy_ui/themes/default/images/tabs_rightarrow.png HTTP/1.1" 304 -
180.174.56.115 - - [10/Dec/2020:09:14:42 +0800] "GET /xingrg/javascript/jquery_easy_ui/themes/default/images/tabs_leftarrow.png HTTP/1.1" 304 -
180.174.56.115 - - [10/Dec/2020:09:14:42 +0800] "POST /xingrg/load_menu.html HTTP/1.1" 200 5138
114.88.159.147 - - [10/Dec/2020:09:14:42 +0800] "GET /xingrg/check_reg.html?_=1607562460632 HTTP/1.1" 200 22
58.40.7.146 - - [10/Dec/2020:09:14:43 +0800] "GET /xingrg/all/function/internal_message.html?_=1607562881445&CODE_STATE=getMsg HTTP/1.1" 200 27
180.157.253.48 - - [10/Dec/2020:09:14:44 +0800] "GET /xingrg/all/function/internal_message.html?_=1607562884222&CODE_STATE=getMsg HTTP/1.1" 200 27
180.174.56.115 - - [10/Dec/2020:09:14:44 +0800] "GET /xingrg/kc/buy/cgsh_order_list.html HTTP/1.1" 200 45206
180.174.56.115 - - [10/Dec/2020:09:14:45 +0800] "POST /xingrg/kc/buy/cgsh_list_operate.html HTTP/1.1" 200 876
172.17.0.185 - - [10/Dec/2020:09:14:45 +0800] "GET /xingrg/all/function/internal_message.html?_=1607562882071&CODE_STATE=getMsg HTTP/1.1" 200 27
180.174.56.115 - - [10/Dec/2020:09:14:45 +0800] "GET /xingrg/kc/buy/cgsh_order_add.html HTTP/1.1" 200 60581
180.174.56.115 - - [10/Dec/2020:09:14:46 +0800] "POST /xingrg/kc/buy/cgsh_order_operate.html HTTP/1.1" 200 8245
180.174.56.115 - - [10/Dec/2020:09:14:46 +0800] "GET /xingrg/all/common/auto_word.html?type=employee&rest_code=00151 HTTP/1.1" 200 243
180.174.56.115 - - [10/Dec/2020:09:14:46 +0800] "GET /xingrg/javascript/easyui/themes/default/validatebox.css HTTP/1.1" 404 1104
180.174.56.115 - - [10/Dec/2020:09:14:46 +0800] "GET /xingrg/all/common/auto_word.html?type=employee&rest_code=00151 HTTP/1.1" 200 243
114.84.32.187 - - [10/Dec/2020:09:14:47 +0800] "GET /xingrg/check_reg.html?_=1607562901453 HTTP/1.1" 200 22
180.174.56.115 - - [10/Dec/2020:09:14:47 +0800] "GET /xingrg/javascript/auto/indicator.gif HTTP/1.1" 404 1066
180.162.223.42 - - [10/Dec/2020:09:14:48 +0800] "GET /xingrg/all/function/internal_message.html?_=1607562868041&CODE_STATE=getMsg HTTP/1.1" 200 27
114.84.32.187 - - [10/Dec/2020:09:14:48 +0800] "GET /xingrg/all/function/internal_message.html?_=1607562903055&CODE_STATE=getMsg HTTP/1.1" 200 27
120.253.135.82 - - [10/Dec/2020:09:14:48 +0800] "GET /xingrg/check_reg.html?_=1607563001802 HTTP/1.1" 302 -
180.157.253.48 - - [10/Dec/2020:09:14:51 +0800] "POST /xingrg/kc/base/wldb_order_operate.html HTTP/1.1" 200 37
180.157.253.48 - - [10/Dec/2020:09:14:51 +0800] "POST /xingrg/kc/base/wldb_order_operate.html HTTP/1.1" 200 2209
180.157.253.48 - - [10/Dec/2020:09:14:52 +0800] "GET /xingrg/kc/base/wldb_order_info.html?code=422020121001036 HTTP/1.1" 200 30608
223.167.127.220 - - [10/Dec/2020:09:14:52 +0800] "GET /xingrg/all/function/internal_message.html?_=1607562891968&CODE_STATE=getMsg HTTP/1.1" 302 -
114.88.163.87 - - [10/Dec/2020:09:14:52 +0800] "POST /xingrg/kc/buy/cgsh_order_operate.html HTTP/1.1" 200 37
180.157.253.48 - - [10/Dec/2020:09:14:53 +0800] "GET /xingrg/javascript/easyui/themes/default/validatebox.css HTTP/1.1" 404 1104
180.157.253.48 - - [10/Dec/2020:09:14:53 +0800] "POST /xingrg/kc/base/wldb_order_operate.html HTTP/1.1" 200 2209
58.40.7.146 - - [10/Dec/2020:09:14:53 +0800] "GET /xingrg/all/function/internal_message.html?_=1607562891177&CODE_STATE=getMsg HTTP/1.1" 200 27
180.174.56.115 - - [10/Dec/2020:09:14:53 +0800] "GET /xingrg/kc/buy/cgsh_order_operate.html?command=get_materiel&rest_code=00151&code=00101011005&supplier_code=00100047&order_time=2020-12-10 HTTP/1.1" 200 428
114.84.32.187 - - [10/Dec/2020:09:14:56 +0800] "GET /xingrg/kc/buy/cgsh_order_operate.html?command=get_materiel&rest_code=00146&code=00101008353&supplier_code=00100005&order_time=2020-12-10 HTTP/1.1" 200 408
114.84.32.187 - - [10/Dec/2020:09:14:58 +0800] "GET /xingrg/all/function/internal_message.html?_=1607562922667&CODE_STATE=getMsg HTTP/1.1" 302 -
114.88.163.87 - - [10/Dec/2020:09:15:00 +0800] "POST /xingrg/kc/buy/cgsh_order_operate.html HTTP/1.1" 200 5016
180.174.56.115 - - [10/Dec/2020:09:15:01 +0800] "GET /xingrg/kc/buy/cgsh_order_operate.html?command=get_materiel&rest_code=00151&code=00101011001&supplier_code=00100047&order_time=2020-12-10 HTTP/1.1" 200 423
116.228.172.94 - - [10/Dec/2020:09:15:02 +0800] "GET /xingrg/kc/buy/cgsh_order_operate.html?command=get_materiel&rest_code=00107&code=00101008036&supplier_code=00100006&order_time=2020-12-10 HTTP/1.1" 200 408
180.174.56.115 - - [10/Dec/2020:09:15:06 +0800] "POST /xingrg/kc/buy/cgsh_order_operate.html HTTP/1.1" 200 37
114.88.163.87 - - [10/Dec/2020:09:15:06 +0800] "GET /xingrg/kc/print/load_data.html?order_code=212020121003625&kc_code=cgsh&condition= HTTP/1.1" 200 1617
180.174.56.115 - - [10/Dec/2020:09:15:08 +0800] "POST /xingrg/kc/buy/cgsh_order_operate.html HTTP/1.1" 200 12
180.174.56.115 - - [10/Dec/2020:09:15:09 +0800] "GET /xingrg/kc/buy/cgsh_order_info.html?code=212020121003626 HTTP/1.1" 200 55484
180.174.56.115 - - [10/Dec/2020:09:15:09 +0800] "GET /xingrg/javascript/easyui/themes/default/validatebox.css HTTP/1.1" 404 1104
114.88.159.147 - - [10/Dec/2020:09:15:09 +0800] "GET /xingrg/all/function/internal_message.html?_=1607562487498&CODE_STATE=getMsg HTTP/1.1" 200 27
180.174.56.115 - - [10/Dec/2020:09:15:10 +0800] "POST /xingrg/kc/buy/cgsh_order_operate.html HTTP/1.1" 200 1222
114.88.163.87 - - [10/Dec/2020:09:15:10 +0800] "GET /xingrg/kc/buy/cgsh_order_add.html HTTP/1.1" 200 60939
114.88.163.87 - - [10/Dec/2020:09:15:10 +0800] "GET /xingrg/javascript/easyui/themes/default/validatebox.css HTTP/1.1" 404 1104
114.88.163.87 - - [10/Dec/2020:09:15:10 +0800] "POST /xingrg/kc/buy/cgsh_order_operate.html HTTP/1.1" 200 8245
114.88.159.147 - - [10/Dec/2020:09:15:10 +0800] "GET /xingrg/all/function/internal_message.html?_=1607562911540&CODE_STATE=getMsg HTTP/1.1" 200 27
180.174.56.115 - - [10/Dec/2020:09:15:11 +0800] "GET /xingrg/kc/print/load_config.html?kc_code=cgsh HTTP/1.1" 200 1845
180.174.56.115 - - [10/Dec/2020:09:15:11 +0800] "GET /xingrg/kc/print/load_data.html?order_code=212020121003626&kc_code=cgsh&condition= HTTP/1.1" 200 1005
114.88.163.87 - - [10/Dec/2020:09:15:14 +0800] "GET /xingrg/all/function/internal_message.html?_=1607562911179&CODE_STATE=getMsg HTTP/1.1" 200 27
114.88.159.147 - - [10/Dec/2020:09:15:16 +0800] "GET /xingrg/check_reg.html?_=1607562916848 HTTP/1.1" 200 22
180.174.56.115 - - [10/Dec/2020:09:15:16 +0800] "GET /xingrg/kc/buy/cgsh_order_add.html HTTP/1.1" 200 60581
61.129.6.251 - - [10/Dec/2020:09:15:16 +0800] "GET /xingrg/all/function/internal_message.html?_=1607562371738&CODE_STATE=getMsg HTTP/1.1" 302 -
180.174.56.115 - - [10/Dec/2020:09:15:16 +0800] "POST /xingrg/kc/buy/cgsh_order_operate.html HTTP/1.1" 200 8245
180.174.56.115 - - [10/Dec/2020:09:15:16 +0800] "GET /xingrg/javascript/easyui/themes/default/validatebox.css HTTP/1.1" 404 1104
116.228.172.94 - - [10/Dec/2020:09:15:17 +0800] "GET /xingrg/all/function/internal_message.html?_=1607562911877&CODE_STATE=getMsg HTTP/1.1" 200 27
116.228.172.94 - - [10/Dec/2020:09:15:18 +0800] "GET /xingrg/kc/buy/cgsh_order_operate.html?command=get_materiel&rest_code=00107&code=00101008350&supplier_code=00100006&order_time=2020-12-10 HTTP/1.1" 200 410
61.129.6.251 - - [10/Dec/2020:09:15:19 +0800] "GET /xingrg/login.html HTTP/1.1" 200 7641
180.174.56.115 - - [10/Dec/2020:09:15:23 +0800] "GET /xingrg/kc/buy/cgsh_order_operate.html?command=get_materiel&rest_code=00151&code=00101012039&supplier_code=00100007&order_time=2020-12-10 HTTP/1.1" 200 408
116.228.172.94 - - [10/Dec/2020:09:15:24 +0800] "POST /xingrg/kc/buy/cgsh_order_operate.html HTTP/1.1" 200 2065
114.88.163.87 - - [10/Dec/2020:09:15:24 +0800] "GET /xingrg/kc/buy/cgsh_order_operate.html?command=get_materiel&rest_code=00111&code=00101006111&supplier_code=00100012&order_time=2020-12-10 HTTP/1.1" 200 409
114.88.163.87 - - [10/Dec/2020:09:15:25 +0800] "GET /xingrg/check_reg.html?_=1607563053720 HTTP/1.1" 200 22
114.88.163.87 - - [10/Dec/2020:09:15:25 +0800] "GET /xingrg/all/function/internal_message.html?_=1607563053719&CODE_STATE=getMsg HTTP/1.1" 200 27
114.84.32.187 - - [10/Dec/2020:09:15:27 +0800] "GET /xingrg/kc/buy/cgsh_order_operate.html?command=get_materiel&rest_code=00146&code=00101008305&supplier_code=00100005&order_time=2020-12-10 HTTP/1.1" 200 412
172.17.200.101 - - [10/Dec/2020:09:15:29 +0800] "GET /xingrg/all/function/internal_message.html?_=1607562929867&CODE_STATE=getMsg HTTP/1.1" 200 27
116.228.172.94 - - [10/Dec/2020:09:15:30 +0800] "GET /xingrg/kc/buy/cgsh_order_operate.html?command=get_materiel&rest_code=00107&code=00101009062&supplier_code=00100006&order_time=2020-12-10 HTTP/1.1" 200 433
114.88.163.87 - - [10/Dec/2020:09:15:31 +0800] "GET /xingrg/kc/buy/cgsh_order_operate.html?command=get_materiel&rest_code=00111&code=00101006184&supplier_code=00100012&order_time=2020-12-10 HTTP/1.1" 200 408
172.17.0.102 - - [10/Dec/2020:09:15:32 +0800] "GET /xingrg/all/function/internal_message.html?_=1607562931383&CODE_STATE=getMsg HTTP/1.1" 200 27
114.84.32.187 - - [10/Dec/2020:09:15:33 +0800] "POST /xingrg/kc/buy/cgsh_order_operate.html HTTP/1.1" 200 2065
180.174.56.115 - - [10/Dec/2020:09:15:37 +0800] "GET /xingrg/kc/buy/cgsh_order_operate.html?command=get_materiel&rest_code=00151&code=00101016038&supplier_code=00100007&order_time=2020-12-10 HTTP/1.1" 200 408
114.88.163.87 - - [10/Dec/2020:09:15:38 +0800] "GET /xingrg/kc/buy/cgsh_order_operate.html?command=get_materiel&rest_code=00111&code=00101006055&supplier_code=00100012&order_time=2020-12-10 HTTP/1.1" 200 409
114.84.32.187 - - [10/Dec/2020:09:15:41 +0800] "GET /xingrg/kc/buy/cgsh_order_operate.html?command=get_materiel&rest_code=00146&code=00101008242&supplier_code=00100005&order_time=2020-12-10 HTTP/1.1" 200 408
180.174.56.115 - - [10/Dec/2020:09:15:42 +0800] "GET /xingrg/all/function/internal_message.html?_=1607562942345&CODE_STATE=getMsg HTTP/1.1" 200 27
180.174.56.115 - - [10/Dec/2020:09:15:42 +0800] "GET /xingrg/kc/buy/cgsh_order_operate.html?command=get_materiel&rest_code=00151&code=00101008323&supplier_code=00100007&order_time=2020-12-10 HTTP/1.1" 200 408
114.88.163.87 - - [10/Dec/2020:09:15:43 +0800] "GET /xingrg/kc/buy/cgsh_order_operate.html?command=get_materiel&rest_code=00111&code=00101006056&supplier_code=00100012&order_time=2020-12-10 HTTP/1.1" 200 413
58.40.7.146 - - [10/Dec/2020:09:15:43 +0800] "GET /xingrg/all/function/internal_message.html?_=1607562941431&CODE_STATE=getMsg HTTP/1.1" 200 27
172.17.0.185 - - [10/Dec/2020:09:15:45 +0800] "GET /xingrg/all/function/internal_message.html?_=1607562942079&CODE_STATE=getMsg HTTP/1.1" 200 27
116.228.172.94 - - [10/Dec/2020:09:15:46 +0800] "GET /xingrg/kc/buy/cgsh_order_operate.html?command=get_materiel&rest_code=00107&code=00101008041&supplier_code=00100006&order_time=2020-12-10 HTTP/1.1" 200 408
180.174.56.115 - - [10/Dec/2020:09:15:48 +0800] "GET /xingrg/kc/buy/cgsh_order_operate.html?command=get_materiel&rest_code=00151&code=00101008347&supplier_code=00100007&order_time=2020-12-10 HTTP/1.1" 200 408
180.162.223.42 - - [10/Dec/2020:09:15:48 +0800] "GET /xingrg/all/function/internal_message.html?_=1607562928030&CODE_STATE=getMsg HTTP/1.1" 200 27
114.84.32.187 - - [10/Dec/2020:09:15:48 +0800] "GET /xingrg/all/function/internal_message.html?_=1607562963068&CODE_STATE=getMsg HTTP/1.1" 200 27
114.88.163.87 - - [10/Dec/2020:09:15:49 +0800] "GET /xingrg/kc/buy/cgsh_order_operate.html?command=get_materiel&rest_code=00111&code=00101006027&supplier_code=00100012&order_time=2020-12-10 HTTP/1.1" 200 409
223.167.127.220 - - [10/Dec/2020:09:15:52 +0800] "GET /xingrg/all/function/internal_message.html?_=1607562951967&CODE_STATE=getMsg HTTP/1.1" 302 -
58.40.7.146 - - [10/Dec/2020:09:15:53 +0800] "GET /xingrg/all/function/internal_message.html?_=1607562951164&CODE_STATE=getMsg HTTP/1.1" 200 27
180.174.56.115 - - [10/Dec/2020:09:15:54 +0800] "GET /xingrg/kc/buy/cgsh_order_operate.html?command=get_materiel&rest_code=00151&code=00101008318&supplier_code=00100007&order_time=2020-12-10 HTTP/1.1" 200 408
114.88.163.87 - - [10/Dec/2020:09:15:56 +0800] "GET /xingrg/kc/buy/cgsh_order_operate.html?command=get_materiel&rest_code=00111&code=00101006065&supplier_code=00100012&order_time=2020-12-10 HTTP/1.1" 200 409
114.84.32.187 - - [10/Dec/2020:09:15:58 +0800] "GET /xingrg/all/function/internal_message.html?_=1607562982677&CODE_STATE=getMsg HTTP/1.1" 302 -
114.84.32.187 - - [10/Dec/2020:09:15:59 +0800] "GET /xingrg/kc/buy/cgsh_order_operate.html?command=get_materiel&rest_code=00146&code=00101008298&supplier_code=00100005&order_time=2020-12-10 HTTP/1.1" 200 412
116.228.172.94 - - [10/Dec/2020:09:15:59 +0800] "GET /xingrg/kc/buy/cgsh_order_operate.html?command=get_materiel&rest_code=00107&code=00101009044&supplier_code=00100006&order_time=2020-12-10 HTTP/1.1" 200 432
180.174.56.115 - - [10/Dec/2020:09:16:00 +0800] "GET /xingrg/kc/buy/cgsh_order_operate.html?command=get_materiel&rest_code=00151&code=00101016051&supplier_code=00100007&order_time=2020-12-10 HTTP/1.1" 200 408
114.88.163.87 - - [10/Dec/2020:09:16:02 +0800] "GET /xingrg/kc/buy/cgsh_order_operate.html?command=get_materiel&rest_code=00111&code=00101006178&supplier_code=00100012&order_time=2020-12-10 HTTP/1.1" 200 409
180.174.56.115 - - [10/Dec/2020:09:16:05 +0800] "GET /xingrg/kc/buy/cgsh_order_operate.html?command=get_materiel&rest_code=00151&code=00101008354&supplier_code=00100007&order_time=2020-12-10 HTTP/1.1" 200 412
114.88.163.87 - - [10/Dec/2020:09:16:07 +0800] "POST /xingrg/kc/buy/cgsh_order_operate.html HTTP/1.1" 200 37
114.88.163.87 - - [10/Dec/2020:09:16:08 +0800] "POST /xingrg/kc/buy/cgsh_order_operate.html HTTP/1.1" 200 6189
114.88.163.87 - - [10/Dec/2020:09:16:09 +0800] "GET /xingrg/kc/print/load_data.html?order_code=212020121003627&kc_code=cgsh&condition= HTTP/1.1" 200 2089
114.88.159.147 - - [10/Dec/2020:09:16:09 +0800] "GET /xingrg/all/function/internal_message.html?_=1607562547476&CODE_STATE=getMsg HTTP/1.1" 200 27
114.84.32.187 - - [10/Dec/2020:09:16:10 +0800] "GET /xingrg/kc/buy/cgsh_order_operate.html?command=get_materiel&rest_code=00146&code=00101008125&supplier_code=00100005&order_time=2020-12-10 HTTP/1.1" 200 432
114.88.159.147 - - [10/Dec/2020:09:16:10 +0800] "GET /xingrg/all/function/internal_message.html?_=1607562971507&CODE_STATE=getMsg HTTP/1.1" 200 27
114.88.163.87 - - [10/Dec/2020:09:16:14 +0800] "GET /xingrg/all/function/internal_message.html?_=1607562971225&CODE_STATE=getMsg HTTP/1.1" 200 27
116.228.172.94 - - [10/Dec/2020:09:16:17 +0800] "GET /xingrg/all/function/internal_message.html?_=1607562971864&CODE_STATE=getMsg HTTP/1.1" 200 27
61.129.6.151 - - [10/Dec/2020:09:16:18 +0800] "GET /xingrg/all/function/internal_message.html?_=1607562191806&CODE_STATE=getMsg HTTP/1.1" 302 -
116.228.172.94 - - [10/Dec/2020:09:16:19 +0800] "GET /xingrg/kc/buy/cgsh_order_operate.html?command=get_materiel&rest_code=00107&code=00101009010&supplier_code=00100006&order_time=2020-12-10 HTTP/1.1" 200 412
114.84.32.187 - - [10/Dec/2020:09:16:19 +0800] "GET /xingrg/check_reg.html?_=1607563003559 HTTP/1.1" 302 -
180.157.253.48 - - [10/Dec/2020:09:16:21 +0800] "GET /xingrg/login.html HTTP/1.1" 200 7641
180.174.56.115 - - [10/Dec/2020:09:16:21 +0800] "GET /xingrg/kc/buy/cgsh_order_operate.html?command=get_materiel&rest_code=00151&code=00101008114&supplier_code=00100007&order_time=2020-12-10 HTTP/1.1" 200 412
180.157.253.48 - - [10/Dec/2020:09:16:21 +0800] "GET /favicon.ico HTTP/1.1" 404 -
114.84.32.187 - - [10/Dec/2020:09:16:21 +0800] "GET /xingrg/kc/buy/cgsh_order_operate.html?command=get_materiel&rest_code=00146&code=00101008502&supplier_code=00100005&order_time=2020-12-10 HTTP/1.1" 200 398
61.129.6.151 - - [10/Dec/2020:09:16:25 +0800] "GET /xingrg/login.html HTTP/1.1" 200 7641
114.88.163.87 - - [10/Dec/2020:09:16:25 +0800] "GET /xingrg/all/function/internal_message.html?_=1607563113719&CODE_STATE=getMsg HTTP/1.1" 200 27
172.17.200.101 - - [10/Dec/2020:09:16:29 +0800] "GET /xingrg/all/function/internal_message.html?_=1607562989882&CODE_STATE=getMsg HTTP/1.1" 200 27
114.84.32.187 - - [10/Dec/2020:09:16:30 +0800] "GET /xingrg/kc/buy/cgsh_order_operate.html?command=get_materiel&rest_code=00146&code=00101008017&supplier_code=00100005&order_time=2020-12-10 HTTP/1.1" 200 416
172.17.0.102 - - [10/Dec/2020:09:16:32 +0800] "GET /xingrg/check_reg.html?_=1607562991382 HTTP/1.1" 200 22
172.17.0.102 - - [10/Dec/2020:09:16:32 +0800] "GET /xingrg/all/function/internal_message.html?_=1607562991385&CODE_STATE=getMsg HTTP/1.1" 200 27
116.228.172.94 - - [10/Dec/2020:09:16:33 +0800] "GET /xingrg/kc/buy/cgsh_order_operate.html?command=get_materiel&rest_code=00107&code=00101008364&supplier_code=00100006&order_time=2020-12-10 HTTP/1.1" 200 413
180.174.56.115 - - [10/Dec/2020:09:16:35 +0800] "GET /xingrg/kc/buy/cgsh_order_operate.html?command=get_materiel&rest_code=00151&code=00101008355&supplier_code=00100007&order_time=2020-12-10 HTTP/1.1" 200 408
180.157.253.48 - - [10/Dec/2020:09:16:36 +0800] "POST /xingrg/login.do HTTP/1.1" 302 -
180.157.253.48 - - [10/Dec/2020:09:16:36 +0800] "GET /xingrg/index.html?sysBaseUrl=http%3A%2F%2F180.169.147.146%3A18081%2Fxingrg%2F&costTime=41×tamp=1607562996817 HTTP/1.1" 200 17179
180.157.253.48 - - [10/Dec/2020:09:16:37 +0800] "GET /favicon.ico HTTP/1.1" 404 -
180.157.253.48 - - [10/Dec/2020:09:16:37 +0800] "POST /xingrg/all/common/load_tree.html?tree=area_rest_tree_json&manage=1 HTTP/1.1" 200 351
180.157.253.48 - - [10/Dec/2020:09:16:37 +0800] "GET /xingrg/all/function/internal_message.html?_=1607562997327&CODE_STATE=count HTTP/1.1" 200 11
180.157.253.48 - - [10/Dec/2020:09:16:37 +0800] "GET /xingrg/check_reg.html?_=1607562997330 HTTP/1.1" 200 22
180.157.253.48 - - [10/Dec/2020:09:16:37 +0800] "POST /xingrg/load_menu.html HTTP/1.1" 200 5138
116.228.172.94 - - [10/Dec/2020:09:16:41 +0800] "POST /xingrg/kc/buy/cgsh_order_operate.html HTTP/1.1" 200 2065
114.88.163.87 - - [10/Dec/2020:09:16:42 +0800] "GET /xingrg/check_reg.html?_=1607562998310 HTTP/1.1" 200 22
180.174.56.115 - - [10/Dec/2020:09:16:42 +0800] "GET /xingrg/all/function/internal_message.html?_=1607563002361&CODE_STATE=getMsg HTTP/1.1" 200 27
58.40.7.146 - - [10/Dec/2020:09:16:43 +0800] "GET /xingrg/all/function/internal_message.html?_=1607563001434&CODE_STATE=getMsg HTTP/1.1" 200 27
172.17.0.185 - - [10/Dec/2020:09:16:45 +0800] "GET /xingrg/check_reg.html?_=1607563002076 HTTP/1.1" 200 22
172.17.0.185 - - [10/Dec/2020:09:16:45 +0800] "GET /xingrg/all/function/internal_message.html?_=1607563002083&CODE_STATE=getMsg HTTP/1.1" 200 27
180.162.223.42 - - [10/Dec/2020:09:16:48 +0800] "GET /xingrg/all/function/internal_message.html?_=1607562988045&CODE_STATE=getMsg HTTP/1.1" 200 27
114.84.32.187 - - [10/Dec/2020:09:16:48 +0800] "GET /xingrg/all/function/internal_message.html?_=1607563023083&CODE_STATE=getMsg HTTP/1.1" 200 27
116.228.172.94 - - [10/Dec/2020:09:16:49 +0800] "GET /xingrg/kc/buy/cgsh_order_operate.html?command=get_materiel&rest_code=00107&code=00101008349&supplier_code=00100006&order_time=2020-12-10 HTTP/1.1" 200 412
223.167.127.220 - - [10/Dec/2020:09:16:52 +0800] "GET /xingrg/all/function/internal_message.html?_=1607563011970&CODE_STATE=getMsg HTTP/1.1" 302 -
223.167.127.220 - - [10/Dec/2020:09:16:52 +0800] "GET /xingrg/check_reg.html?_=1607563011973 HTTP/1.1" 302 -
180.157.253.48 - - [10/Dec/2020:09:16:52 +0800] "GET /xingrg/kc/buy/cgsh_order_list.html HTTP/1.1" 200 45208
58.40.7.146 - - [10/Dec/2020:09:16:53 +0800] "GET /xingrg/all/function/internal_message.html?_=1607563011167&CODE_STATE=getMsg HTTP/1.1" 200 27
180.157.253.48 - - [10/Dec/2020:09:16:54 +0800] "POST /xingrg/kc/buy/cgsh_list_operate.html HTTP/1.1" 200 1690
180.157.253.48 - - [10/Dec/2020:09:16:57 +0800] "GET /xingrg/kc/buy/cgsh_order_add.html HTTP/1.1" 200 60945
180.157.253.48 - - [10/Dec/2020:09:16:57 +0800] "GET /xingrg/all/common/auto_word.html?type=employee&rest_code=00148 HTTP/1.1" 200 197
180.157.253.48 - - [10/Dec/2020:09:16:57 +0800] "GET /xingrg/all/common/auto_word.html?type=employee&rest_code=00148 HTTP/1.1" 200 197
180.157.253.48 - - [10/Dec/2020:09:16:57 +0800] "GET /xingrg/javascript/easyui/themes/default/validatebox.css HTTP/1.1" 404 1104
180.157.253.48 - - [10/Dec/2020:09:16:57 +0800] "POST /xingrg/kc/buy/cgsh_order_operate.html HTTP/1.1" 200 8245
222.69.139.183 - - [10/Dec/2020:09:16:58 +0800] "POST /xingrg/services/DataTransmitService HTTP/1.1" 200 524
114.84.32.187 - - [10/Dec/2020:09:16:58 +0800] "GET /xingrg/all/function/internal_message.html?_=1607563042707&CODE_STATE=getMsg HTTP/1.1" 302 -
114.88.159.147 - - [10/Dec/2020:09:17:05 +0800] "POST /xingrg/services/DataTransmitService HTTP/1.1" 200 524
114.88.159.147 - - [10/Dec/2020:09:17:09 +0800] "GET /xingrg/all/function/internal_message.html?_=1607562607452&CODE_STATE=getMsg HTTP/1.1" 200 27
114.88.159.147 - - [10/Dec/2020:09:17:10 +0800] "GET /xingrg/all/function/internal_message.html?_=1607563031507&CODE_STATE=getMsg HTTP/1.1" 200 27
114.88.163.87 - - [10/Dec/2020:09:17:14 +0800] "GET /xingrg/all/function/internal_message.html?_=1607563031242&CODE_STATE=getMsg HTTP/1.1" 200 27
116.228.172.94 - - [10/Dec/2020:09:17:17 +0800] "GET /xingrg/all/function/internal_message.html?_=1607563031966&CODE_STATE=getMsg HTTP/1.1" 200 27
114.88.163.87 - - [10/Dec/2020:09:17:25 +0800] "GET /xingrg/all/function/internal_message.html?_=1607563173708&CODE_STATE=getMsg HTTP/1.1" 200 27
116.228.172.94 - - [10/Dec/2020:09:17:27 +0800] "GET /xingrg/kc/buy/cgsh_order_operate.html?command=get_materiel&rest_code=00107&code=00101008358&supplier_code=00100006&order_time=2020-12-10 HTTP/1.1" 200 412
172.17.200.101 - - [10/Dec/2020:09:17:29 +0800] "GET /xingrg/all/function/internal_message.html?_=1607563049886&CODE_STATE=getMsg HTTP/1.1" 200 27
172.17.200.101 - - [10/Dec/2020:09:17:29 +0800] "GET /xingrg/check_reg.html?_=1607563049892 HTTP/1.1" 200 22
172.17.0.102 - - [10/Dec/2020:09:17:32 +0800] "GET /xingrg/all/function/internal_message.html?_=1607563051384&CODE_STATE=getMsg HTTP/1.1" 200 27
180.157.253.48 - - [10/Dec/2020:09:17:37 +0800] "GET /xingrg/all/function/internal_message.html?_=1607563057349&CODE_STATE=getMsg HTTP/1.1" 200 27
180.174.56.115 - - [10/Dec/2020:09:17:42 +0800] "GET /xingrg/all/function/internal_message.html?_=1607563062355&CODE_STATE=getMsg HTTP/1.1" 200 27
58.40.7.146 - - [10/Dec/2020:09:17:43 +0800] "GET /xingrg/all/function/internal_message.html?_=1607563061438&CODE_STATE=getMsg HTTP/1.1" 200 27
116.228.172.94 - - [10/Dec/2020:09:17:44 +0800] "GET /xingrg/kc/buy/cgsh_order_operate.html?command=get_materiel&rest_code=00107&code=00101008083&supplier_code=00100006&order_time=2020-12-10 HTTP/1.1" 200 427
172.17.0.185 - - [10/Dec/2020:09:17:45 +0800] "GET /xingrg/all/function/internal_message.html?_=1607563062070&CODE_STATE=getMsg HTTP/1.1" 200 27
180.162.223.42 - - [10/Dec/2020:09:17:48 +0800] "GET /xingrg/check_reg.html?_=1607563048038 HTTP/1.1" 200 22
180.162.223.42 - - [10/Dec/2020:09:17:48 +0800] "GET /xingrg/all/function/internal_message.html?_=1607563048041&CODE_STATE=getMsg HTTP/1.1" 200 27
114.84.32.187 - - [10/Dec/2020:09:17:48 +0800] "GET /xingrg/all/function/internal_message.html?_=1607563083169&CODE_STATE=getMsg HTTP/1.1" 200 27
180.162.223.42 - - [10/Dec/2020:09:17:51 +0800] "GET /xingrg/kc/buy/cgsh_order_operate.html?command=get_materiel&rest_code=00105&code=00101008069&supplier_code=00100203&order_time=2020-12-10 HTTP/1.1" 200 412
180.174.56.115 - - [10/Dec/2020:09:17:52 +0800] "GET /xingrg/kc/buy/cgsh_order_operate.html?command=get_materiel&rest_code=00151&code=00101008049&supplier_code=00100007&order_time=2020-12-10 HTTP/1.1" 200 408
223.167.127.220 - - [10/Dec/2020:09:17:52 +0800] "GET /xingrg/all/function/internal_message.html?_=1607563071974&CODE_STATE=getMsg HTTP/1.1" 302 -
58.40.7.146 - - [10/Dec/2020:09:17:53 +0800] "GET /xingrg/all/function/internal_message.html?_=1607563071171&CODE_STATE=getMsg HTTP/1.1" 200 27
58.40.7.146 - - [10/Dec/2020:09:17:53 +0800] "GET /xingrg/check_reg.html?_=1607563071172 HTTP/1.1" 200 22
116.228.172.94 - - [10/Dec/2020:09:17:55 +0800] "GET /xingrg/kc/buy/cgsh_order_operate.html?command=get_materiel&rest_code=00107&code=00101008084&supplier_code=00100006&order_time=2020-12-10 HTTP/1.1" 200 412
114.84.32.187 - - [10/Dec/2020:09:17:58 +0800] "GET /xingrg/all/function/internal_message.html?_=1607563102720&CODE_STATE=getMsg HTTP/1.1" 302 -
116.228.172.94 - - [10/Dec/2020:09:18:01 +0800] "POST /xingrg/kc/buy/cgsh_order_operate.html HTTP/1.1" 200 2065
180.174.56.115 - - [10/Dec/2020:09:18:01 +0800] "GET /xingrg/kc/buy/cgsh_order_operate.html?command=get_materiel&rest_code=00151&code=00101008018&supplier_code=00100007&order_time=2020-12-10 HTTP/1.1" 200 416
114.88.159.147 - - [10/Dec/2020:09:18:09 +0800] "GET /xingrg/all/function/internal_message.html?_=1607562667432&CODE_STATE=getMsg HTTP/1.1" 200 27
116.228.172.94 - - [10/Dec/2020:09:18:10 +0800] "GET /xingrg/kc/buy/cgsh_order_operate.html?command=get_materiel&rest_code=00107&code=00101008270&supplier_code=00100006&order_time=2020-12-10 HTTP/1.1" 200 412
114.88.159.147 - - [10/Dec/2020:09:18:10 +0800] "GET /xingrg/all/function/internal_message.html?_=1607563091489&CODE_STATE=getMsg HTTP/1.1" 200 27
180.174.56.115 - - [10/Dec/2020:09:18:11 +0800] "GET /xingrg/kc/buy/cgsh_order_operate.html?command=get_materiel&rest_code=00151&code=00101008095&supplier_code=00100007&order_time=2020-12-10 HTTP/1.1" 200 412
114.88.163.87 - - [10/Dec/2020:09:18:15 +0800] "GET /xingrg/all/function/internal_message.html?_=1607563091256&CODE_STATE=getMsg HTTP/1.1" 200 27
180.174.56.115 - - [10/Dec/2020:09:18:17 +0800] "GET /xingrg/kc/buy/cgsh_order_operate.html?command=get_materiel&rest_code=00151&code=00101008221&supplier_code=00100007&order_time=2020-12-10 HTTP/1.1" 200 412
116.228.172.94 - - [10/Dec/2020:09:18:17 +0800] "GET /xingrg/all/function/internal_message.html?_=1607563091978&CODE_STATE=getMsg HTTP/1.1" 200 27
61.129.6.145 - - [10/Dec/2020:09:18:17 +0800] "GET /xingrg/all/function/internal_message.html?_=1607562431740&CODE_STATE=getMsg HTTP/1.1" 302 -
180.174.56.115 - - [10/Dec/2020:09:18:23 +0800] "GET /xingrg/kc/buy/cgsh_order_operate.html?command=get_materiel&rest_code=00151&code=00101008302&supplier_code=00100007&order_time=2020-12-10 HTTP/1.1" 200 412
114.84.32.187 - - [10/Dec/2020:09:18:23 +0800] "GET /xingrg/kc/buy/cgsh_order_operate.html?command=get_materiel&rest_code=00146&code=00101008091&supplier_code=00100005&order_time=2020-12-10 HTTP/1.1" 200 413
114.88.163.87 - - [10/Dec/2020:09:18:25 +0800] "GET /xingrg/all/function/internal_message.html?_=1607563233706&CODE_STATE=getMsg HTTP/1.1" 200 27
61.129.6.145 - - [10/Dec/2020:09:18:26 +0800] "GET /xingrg/login.html HTTP/1.1" 200 7641
172.17.200.101 - - [10/Dec/2020:09:18:29 +0800] "GET /xingrg/all/function/internal_message.html?_=1607563109896&CODE_STATE=getMsg HTTP/1.1" 200 27
180.174.56.115 - - [10/Dec/2020:09:18:30 +0800] "GET /xingrg/kc/buy/cgsh_order_operate.html?command=get_materiel&rest_code=00151&code=00101008357&supplier_code=00100007&order_time=2020-12-10 HTTP/1.1" 200 408
114.84.32.187 - - [10/Dec/2020:09:18:32 +0800] "POST /xingrg/kc/buy/cgsh_order_operate.html HTTP/1.1" 200 2065
172.17.0.102 - - [10/Dec/2020:09:18:32 +0800] "GET /xingrg/all/function/internal_message.html?_=1607563111384&CODE_STATE=getMsg HTTP/1.1" 200 27
180.174.56.115 - - [10/Dec/2020:09:18:35 +0800] "GET /xingrg/kc/buy/cgsh_order_operate.html?command=get_materiel&rest_code=00151&code=00101008261&supplier_code=00100007&order_time=2020-12-10 HTTP/1.1" 200 408
