116.228.172.94 - - [09/Dec/2020:10:09:42 +0800] "GET /xingrg/javascript/easyui/themes/default/tree.css HTTP/1.1" 404 1090
116.228.172.94 - - [09/Dec/2020:10:09:42 +0800] "POST /xingrg/all/common/load_tree.html?tree=supplier_tree_json&isDelete=1 HTTP/1.1" 200 52361
101.85.93.83 - - [09/Dec/2020:10:09:43 +0800] "GET /xingrg/all/function/internal_message.html?_=1607479494204&CODE_STATE=getMsg HTTP/1.1" 200 27
180.162.223.42 - - [09/Dec/2020:10:09:43 +0800] "GET /xingrg/all/function/internal_message.html?_=1607479783465&CODE_STATE=getMsg HTTP/1.1" 200 27
172.17.0.185 - - [09/Dec/2020:10:09:43 +0800] "GET /xingrg/all/function/internal_message.html?_=1607479782065&CODE_STATE=getMsg HTTP/1.1" 200 27
101.85.52.2 - - [09/Dec/2020:10:09:50 +0800] "GET /xingrg/kc/buy/cgsh_order_operate.html?command=get_materiel&rest_code=00145&code=00101008268&supplier_code=00100007&order_time=2020-12-01 HTTP/1.1" 200 408
180.174.56.115 - - [09/Dec/2020:10:09:51 +0800] "GET /xingrg/check_reg.html?_=1607479756874 HTTP/1.1" 200 22
180.174.56.115 - - [09/Dec/2020:10:09:51 +0800] "GET /xingrg/all/function/internal_message.html?_=1607479756925&CODE_STATE=getMsg HTTP/1.1" 200 27
223.167.127.220 - - [09/Dec/2020:10:09:52 +0800] "GET /xingrg/all/function/internal_message.html?_=1607479791125&CODE_STATE=getMsg HTTP/1.1" 302 -
101.85.52.2 - - [09/Dec/2020:10:09:52 +0800] "GET /xingrg/all/function/internal_message.html?_=1607479786204&CODE_STATE=getMsg HTTP/1.1" 200 27
180.162.223.42 - - [09/Dec/2020:10:09:54 +0800] "GET /xingrg/all/function/internal_message.html?_=1607479774614&CODE_STATE=getMsg HTTP/1.1" 200 27
58.221.95.50 - - [09/Dec/2020:10:09:55 +0800] "GET /xingrg/kc/buy/cgsh_order_operate.html?command=get_materiel&rest_code=00152&code=00102003572&supplier_code=00100151&order_time=2020-12-08 HTTP/1.1" 200 398
120.253.135.82 - - [09/Dec/2020:10:09:56 +0800] "GET /xingrg/check_reg.html?_=1607479546133 HTTP/1.1" 200 22
117.184.7.26 - - [09/Dec/2020:10:09:59 +0800] "GET /xingrg/all/function/internal_message.html?_=1607479793341&CODE_STATE=getMsg HTTP/1.1" 200 27
116.228.172.94 - - [09/Dec/2020:10:10:01 +0800] "GET /xingrg/kc/buy/cgsh_order_operate.html?command=get_materiel&rest_code=00107&code=00101006038&supplier_code=00100342&order_time=2020-12-09 HTTP/1.1" 200 440
101.85.52.2 - - [09/Dec/2020:10:10:02 +0800] "GET /xingrg/kc/buy/cgsh_order_operate.html?command=get_materiel&rest_code=00145&code=00101008350&supplier_code=00100007&order_time=2020-12-01 HTTP/1.1" 200 408
222.69.133.212 - - [09/Dec/2020:10:10:03 +0800] "GET /xingrg/all/function/internal_message.html?_=1607479800371&CODE_STATE=getMsg HTTP/1.1" 200 27
120.253.135.82 - - [09/Dec/2020:10:10:04 +0800] "GET /xingrg/all/function/internal_message.html?_=1607479554230&CODE_STATE=getMsg HTTP/1.1" 200 27
114.88.159.147 - - [09/Dec/2020:10:10:06 +0800] "GET /xingrg/all/function/internal_message.html?_=1607479805105&CODE_STATE=getMsg HTTP/1.1" 200 27
222.69.133.212 - - [09/Dec/2020:10:10:08 +0800] "POST /xingrg/kc/buy/cgsh_list_operate.html HTTP/1.1" 200 5446
116.228.172.94 - - [09/Dec/2020:10:10:11 +0800] "POST /xingrg/kc/buy/cgsh_order_operate.html HTTP/1.1" 200 37
116.228.172.94 - - [09/Dec/2020:10:10:13 +0800] "GET /xingrg/all/function/internal_message.html?_=1607479810429&CODE_STATE=getMsg HTTP/1.1" 200 27
116.228.172.94 - - [09/Dec/2020:10:10:13 +0800] "POST /xingrg/kc/buy/cgsh_order_operate.html HTTP/1.1" 200 2666
101.85.52.2 - - [09/Dec/2020:10:10:15 +0800] "GET /xingrg/kc/buy/cgsh_order_operate.html?command=get_materiel&rest_code=00145&code=00101008286&supplier_code=00100007&order_time=2020-12-01 HTTP/1.1" 200 408
180.174.56.115 - - [09/Dec/2020:10:10:17 +0800] "GET /xingrg/check_reg.html?_=1607479818013 HTTP/1.1" 200 22
180.174.56.115 - - [09/Dec/2020:10:10:17 +0800] "GET /xingrg/all/function/internal_message.html?_=1607479818016&CODE_STATE=getMsg HTTP/1.1" 200 27
222.69.133.109 - - [09/Dec/2020:10:10:17 +0800] "GET /xingrg/all/function/internal_message.html?_=1607479817753&CODE_STATE=getMsg HTTP/1.1" 200 27
222.69.133.109 - - [09/Dec/2020:10:10:18 +0800] "GET /xingrg/check_reg.html?_=1607479817862 HTTP/1.1" 200 22
101.85.93.83 - - [09/Dec/2020:10:10:18 +0800] "POST /xingrg/kc/buy/cgsh_order_operate.html HTTP/1.1" 200 37
101.85.93.83 - - [09/Dec/2020:10:10:19 +0800] "POST /xingrg/kc/buy/cgsh_order_operate.html HTTP/1.1" 200 18188
117.185.32.26 - - [09/Dec/2020:10:10:20 +0800] "GET /xingrg/login.html HTTP/1.1" 200 7641
180.152.104.37 - - [09/Dec/2020:10:10:20 +0800] "GET /xingrg/all/function/internal_message.html?_=1607480048227&CODE_STATE=getMsg HTTP/1.1" 200 27
117.185.32.26 - - [09/Dec/2020:10:10:21 +0800] "GET /favicon.ico HTTP/1.1" 404 -
58.221.95.50 - - [09/Dec/2020:10:10:22 +0800] "GET /xingrg/all/function/internal_message.html?_=1607479840729&CODE_STATE=getMsg HTTP/1.1" 200 27
101.85.93.83 - - [09/Dec/2020:10:10:23 +0800] "POST /xingrg/kc/buy/cgsh_order_operate.html HTTP/1.1" 200 37
116.228.172.94 - - [09/Dec/2020:10:10:23 +0800] "POST /xingrg/kc/buy/cgsh_order_operate.html HTTP/1.1" 200 37
117.185.32.26 - - [09/Dec/2020:10:10:24 +0800] "POST /xingrg/login.do HTTP/1.1" 302 -
117.185.32.26 - - [09/Dec/2020:10:10:24 +0800] "GET /xingrg/index.html?sysBaseUrl=http%3A%2F%2F180.169.147.146%3A18081%2Fxingrg%2F&costTime=39×tamp=1607479824025 HTTP/1.1" 200 17173
114.86.231.216 - - [09/Dec/2020:10:10:24 +0800] "GET /xingrg/all/function/internal_message.html?_=1607479824863&CODE_STATE=getMsg HTTP/1.1" 200 27
101.85.93.83 - - [09/Dec/2020:10:10:24 +0800] "POST /xingrg/kc/buy/cgsh_order_operate.html HTTP/1.1" 200 18188
117.185.32.26 - - [09/Dec/2020:10:10:24 +0800] "GET /favicon.ico HTTP/1.1" 404 -
117.185.32.26 - - [09/Dec/2020:10:10:25 +0800] "POST /xingrg/all/common/load_tree.html?tree=area_rest_tree_json&manage=1 HTTP/1.1" 200 342
116.228.172.94 - - [09/Dec/2020:10:10:25 +0800] "POST /xingrg/kc/buy/cgsh_order_operate.html HTTP/1.1" 200 2666
117.185.32.26 - - [09/Dec/2020:10:10:25 +0800] "GET /xingrg/all/function/internal_message.html?_=1607480281702&CODE_STATE=count HTTP/1.1" 200 11
117.185.32.26 - - [09/Dec/2020:10:10:25 +0800] "GET /xingrg/check_reg.html?_=1607480281703 HTTP/1.1" 200 22
117.185.32.26 - - [09/Dec/2020:10:10:25 +0800] "POST /xingrg/load_menu.html HTTP/1.1" 200 5138
114.84.32.187 - - [09/Dec/2020:10:10:26 +0800] "GET /xingrg/all/function/internal_message.html?_=1607479837233&CODE_STATE=getMsg HTTP/1.1" 200 27
116.228.172.94 - - [09/Dec/2020:10:10:26 +0800] "GET /xingrg/kc/print/load_data.html?order_code=212020120903242&kc_code=cgsh&condition= HTTP/1.1" 200 688
101.85.93.83 - - [09/Dec/2020:10:10:27 +0800] "POST /xingrg/kc/buy/cgsh_order_operate.html HTTP/1.1" 200 37
101.85.52.2 - - [09/Dec/2020:10:10:28 +0800] "GET /xingrg/kc/buy/cgsh_order_operate.html?command=get_materiel&rest_code=00145&code=00101008036&supplier_code=00100007&order_time=2020-12-01 HTTP/1.1" 200 408
101.85.93.83 - - [09/Dec/2020:10:10:28 +0800] "POST /xingrg/kc/buy/cgsh_order_operate.html HTTP/1.1" 200 18188
116.228.172.94 - - [09/Dec/2020:10:10:32 +0800] "GET /xingrg/kc/buy/cgsh_order_add.html HTTP/1.1" 200 61027
114.84.32.187 - - [09/Dec/2020:10:10:32 +0800] "GET /xingrg/all/function/internal_message.html?_=1607479853550&CODE_STATE=getMsg HTTP/1.1" 302 -
116.228.172.94 - - [09/Dec/2020:10:10:32 +0800] "GET /xingrg/javascript/easyui/themes/default/validatebox.css HTTP/1.1" 404 1104
116.228.172.94 - - [09/Dec/2020:10:10:32 +0800] "POST /xingrg/kc/buy/cgsh_order_operate.html HTTP/1.1" 200 8245
172.17.0.102 - - [09/Dec/2020:10:10:34 +0800] "GET /xingrg/check_reg.html?_=1607479833363 HTTP/1.1" 200 22
172.17.0.102 - - [09/Dec/2020:10:10:34 +0800] "GET /xingrg/all/function/internal_message.html?_=1607479833365&CODE_STATE=getMsg HTTP/1.1" 200 27
116.228.172.94 - - [09/Dec/2020:10:10:34 +0800] "GET /xingrg/javascript/easyui/themes/default/tree.css HTTP/1.1" 404 1090
116.228.172.94 - - [09/Dec/2020:10:10:34 +0800] "POST /xingrg/all/common/load_tree.html?tree=supplier_tree_json&isDelete=1 HTTP/1.1" 200 52361
117.185.32.26 - - [09/Dec/2020:10:10:36 +0800] "GET /xingrg/kc/mdqp/psth_order_list1.html HTTP/1.1" 200 18158
117.185.32.26 - - [09/Dec/2020:10:10:37 +0800] "POST /xingrg/kc/mdqp/psth_list_operate.html HTTP/1.1" 200 749
114.88.163.87 - - [09/Dec/2020:10:10:37 +0800] "GET /xingrg/all/function/internal_message.html?_=1607479824769&CODE_STATE=getMsg HTTP/1.1" 200 27
172.17.200.101 - - [09/Dec/2020:10:10:37 +0800] "GET /xingrg/all/function/internal_message.html?_=1607479838288&CODE_STATE=getMsg HTTP/1.1" 200 27
172.17.0.109 - - [09/Dec/2020:10:10:37 +0800] "GET /xingrg/all/function/internal_message.html?_=1607479845910&CODE_STATE=getMsg HTTP/1.1" 200 27
222.69.133.212 - - [09/Dec/2020:10:10:38 +0800] "POST /xingrg/services/DataTransmitService HTTP/1.1" 200 524
114.88.163.87 - - [09/Dec/2020:10:10:38 +0800] "GET /xingrg/all/function/internal_message.html?_=1607479836103&CODE_STATE=getMsg HTTP/1.1" 200 27
114.88.159.147 - - [09/Dec/2020:10:10:39 +0800] "GET /xingrg/all/function/internal_message.html?_=1607479415858&CODE_STATE=getMsg HTTP/1.1" 200 27
172.17.0.123 - - [09/Dec/2020:10:10:39 +0800] "GET /xingrg/all/function/internal_message.html?_=1607479762169&CODE_STATE=getMsg HTTP/1.1" 200 27
222.69.133.212 - - [09/Dec/2020:10:10:39 +0800] "POST /xingrg/kc/buy/cgsh_list_operate.html HTTP/1.1" 200 876
117.185.32.26 - - [09/Dec/2020:10:10:40 +0800] "GET /xingrg/kc/mdqp/psth_order_add1.html HTTP/1.1" 200 25515
117.185.32.26 - - [09/Dec/2020:10:10:40 +0800] "GET /xingrg/javascript/jquery_tools/jquery-1.4.2.min.js HTTP/1.1" 404 1094
117.185.32.26 - - [09/Dec/2020:10:10:40 +0800] "GET /xingrg/words/20201208152224_words.js HTTP/1.1" 304 -
114.88.163.87 - - [09/Dec/2020:10:10:40 +0800] "GET /xingrg/check_reg.html?_=1607479968781 HTTP/1.1" 200 22
114.88.163.87 - - [09/Dec/2020:10:10:40 +0800] "GET /xingrg/all/function/internal_message.html?_=1607479968783&CODE_STATE=getMsg HTTP/1.1" 200 27
117.185.32.26 - - [09/Dec/2020:10:10:41 +0800] "POST /xingrg/kc/mdqp/psth_order_operate.html HTTP/1.1" 200 6806
117.185.32.26 - - [09/Dec/2020:10:10:41 +0800] "GET /xingrg/all/common/auto_word.html?type=base&rest_code=00106&rest_code=00101 HTTP/1.1" 200 1753
117.185.32.26 - - [09/Dec/2020:10:10:41 +0800] "GET /xingrg/javascript/easyui/themes/default/validatebox.css HTTP/1.1" 404 1104
222.69.133.212 - - [09/Dec/2020:10:10:42 +0800] "POST /xingrg/services/DataTransmitService HTTP/1.1" 200 501
101.85.52.2 - - [09/Dec/2020:10:10:43 +0800] "GET /xingrg/kc/buy/cgsh_order_operate.html?command=get_materiel&rest_code=00145&code=00101008323&supplier_code=00100007&order_time=2020-12-01 HTTP/1.1" 200 408
101.85.93.83 - - [09/Dec/2020:10:10:43 +0800] "GET /xingrg/all/function/internal_message.html?_=1607479554201&CODE_STATE=getMsg HTTP/1.1" 200 27
117.185.32.26 - - [09/Dec/2020:10:10:43 +0800] "POST /xingrg/all/common/load_combo.html?type=base&rest_code=00106 HTTP/1.1" 200 3142
180.162.223.42 - - [09/Dec/2020:10:10:43 +0800] "GET /xingrg/all/function/internal_message.html?_=1607479843465&CODE_STATE=getMsg HTTP/1.1" 200 27
172.17.0.185 - - [09/Dec/2020:10:10:43 +0800] "GET /xingrg/all/function/internal_message.html?_=1607479842069&CODE_STATE=getMsg HTTP/1.1" 200 27
222.69.133.212 - - [09/Dec/2020:10:10:50 +0800] "POST /xingrg/kc/buy/cgsh_list_operate.html HTTP/1.1" 200 876
180.174.56.115 - - [09/Dec/2020:10:10:51 +0800] "GET /xingrg/all/function/internal_message.html?_=1607479816939&CODE_STATE=getMsg HTTP/1.1" 200 27
223.167.127.220 - - [09/Dec/2020:10:10:52 +0800] "GET /xingrg/all/function/internal_message.html?_=1607479851125&CODE_STATE=getMsg HTTP/1.1" 302 -
101.85.52.2 - - [09/Dec/2020:10:10:52 +0800] "GET /xingrg/all/function/internal_message.html?_=1607479846177&CODE_STATE=getMsg HTTP/1.1" 200 27
180.162.223.42 - - [09/Dec/2020:10:10:54 +0800] "GET /xingrg/all/function/internal_message.html?_=1607479834613&CODE_STATE=getMsg HTTP/1.1" 200 27
116.228.172.94 - - [09/Dec/2020:10:10:54 +0800] "GET /xingrg/kc/buy/cgsh_order_operate.html?command=get_materiel&rest_code=00107&code=00101001125&supplier_code=00100090&order_time=2020-12-09 HTTP/1.1" 200 415
117.184.7.26 - - [09/Dec/2020:10:10:59 +0800] "GET /xingrg/all/function/internal_message.html?_=1607479853325&CODE_STATE=getMsg HTTP/1.1" 200 27
101.85.52.2 - - [09/Dec/2020:10:11:01 +0800] "GET /xingrg/kc/buy/cgsh_order_operate.html?command=get_materiel&rest_code=00145&code=00101008298&supplier_code=00100007&order_time=2020-12-01 HTTP/1.1" 200 413
222.69.133.212 - - [09/Dec/2020:10:11:03 +0800] "GET /xingrg/all/function/internal_message.html?_=1607479860361&CODE_STATE=getMsg HTTP/1.1" 200 27
222.69.133.212 - - [09/Dec/2020:10:11:03 +0800] "GET /xingrg/check_reg.html?_=1607479860365 HTTP/1.1" 200 22
120.253.135.82 - - [09/Dec/2020:10:11:04 +0800] "GET /xingrg/all/function/internal_message.html?_=1607479614244&CODE_STATE=getMsg HTTP/1.1" 200 27
180.174.56.115 - - [09/Dec/2020:10:11:04 +0800] "POST /xingrg/kc/buy/cgsh_order_operate.html HTTP/1.1" 200 37
180.174.56.115 - - [09/Dec/2020:10:11:06 +0800] "POST /xingrg/kc/buy/cgsh_order_operate.html HTTP/1.1" 200 12
114.88.159.147 - - [09/Dec/2020:10:11:06 +0800] "GET /xingrg/all/function/internal_message.html?_=1607479865082&CODE_STATE=getMsg HTTP/1.1" 200 27
180.174.56.115 - - [09/Dec/2020:10:11:07 +0800] "GET /xingrg/kc/buy/cgsh_order_info.html?code=212020120903189 HTTP/1.1" 200 55496
180.174.56.115 - - [09/Dec/2020:10:11:08 +0800] "GET /xingrg/javascript/easyui/themes/default/validatebox.css HTTP/1.1" 404 1104
180.174.56.115 - - [09/Dec/2020:10:11:08 +0800] "POST /xingrg/kc/buy/cgsh_order_operate.html HTTP/1.1" 200 21537
180.174.56.115 - - [09/Dec/2020:10:11:10 +0800] "GET /xingrg/kc/print/load_data.html?order_code=212020120903189&kc_code=cgsh&condition= HTTP/1.1" 200 8839
222.69.133.212 - - [09/Dec/2020:10:11:11 +0800] "POST /xingrg/kc/buy/cgsh_list_operate.html HTTP/1.1" 200 5379
117.185.32.26 - - [09/Dec/2020:10:11:13 +0800] "GET /xingrg/kc/mdqp/psth_order_list1.html HTTP/1.1" 200 18158
116.228.172.94 - - [09/Dec/2020:10:11:13 +0800] "GET /xingrg/all/function/internal_message.html?_=1607479870416&CODE_STATE=getMsg HTTP/1.1" 200 27
117.185.32.26 - - [09/Dec/2020:10:11:13 +0800] "POST /xingrg/kc/mdqp/psth_list_operate.html HTTP/1.1" 200 749
114.84.32.187 - - [09/Dec/2020:10:11:14 +0800] "GET /xingrg/check_reg.html?_=1607479885359 HTTP/1.1" 200 22
101.85.52.2 - - [09/Dec/2020:10:11:14 +0800] "GET /xingrg/kc/buy/cgsh_order_operate.html?command=get_materiel&rest_code=00145&code=00101008283&supplier_code=00100007&order_time=2020-12-01 HTTP/1.1" 200 408
180.174.56.115 - - [09/Dec/2020:10:11:16 +0800] "GET /xingrg/kc/buy/cgsh_order_add.html HTTP/1.1" 200 60581
180.174.56.115 - - [09/Dec/2020:10:11:16 +0800] "POST /xingrg/kc/buy/cgsh_order_operate.html HTTP/1.1" 200 8245
180.174.56.115 - - [09/Dec/2020:10:11:16 +0800] "GET /xingrg/javascript/easyui/themes/default/validatebox.css HTTP/1.1" 404 1104
180.174.56.115 - - [09/Dec/2020:10:11:17 +0800] "GET /xingrg/all/function/internal_message.html?_=1607479878019&CODE_STATE=getMsg HTTP/1.1" 200 27
117.185.32.26 - - [09/Dec/2020:10:11:18 +0800] "POST /xingrg/kc/mdqp/psth_list_operate.html HTTP/1.1" 200 5120
114.84.32.187 - - [09/Dec/2020:10:11:18 +0800] "GET /xingrg/check_reg.html?_=1607479899930 HTTP/1.1" 302 -
222.69.133.109 - - [09/Dec/2020:10:11:19 +0800] "POST /xingrg/kc/buy/cgsh_order_operate.html HTTP/1.1" 200 37
117.185.32.26 - - [09/Dec/2020:10:11:20 +0800] "POST /xingrg/kc/mdqp/psth_list_operate.html HTTP/1.1" 200 211
180.152.104.37 - - [09/Dec/2020:10:11:20 +0800] "GET /xingrg/all/function/internal_message.html?_=1607480108237&CODE_STATE=getMsg HTTP/1.1" 200 27
117.185.32.26 - - [09/Dec/2020:10:11:20 +0800] "GET /xingrg/kc/mdqp/psth_order_info1.html?code=322020091100005 HTTP/1.1" 200 22528
117.185.32.26 - - [09/Dec/2020:10:11:20 +0800] "GET /xingrg/javascript/jquery_tools/jquery-1.4.2.min.js HTTP/1.1" 404 1094
117.185.32.26 - - [09/Dec/2020:10:11:21 +0800] "POST /xingrg/kc/mdqp/psth_order_operate.html HTTP/1.1" 200 493
117.185.32.26 - - [09/Dec/2020:10:11:21 +0800] "GET /xingrg/javascript/easyui/themes/default/validatebox.css HTTP/1.1" 404 1104
116.230.105.71 - - [09/Dec/2020:10:11:21 +0800] "GET /xingrg/check_reg.html?_=1607479878046 HTTP/1.1" 302 -
222.69.133.109 - - [09/Dec/2020:10:11:21 +0800] "POST /xingrg/kc/buy/cgsh_order_operate.html HTTP/1.1" 200 12
58.221.95.50 - - [09/Dec/2020:10:11:22 +0800] "GET /xingrg/all/function/internal_message.html?_=1607479900728&CODE_STATE=getMsg HTTP/1.1" 200 27
222.69.133.109 - - [09/Dec/2020:10:11:22 +0800] "GET /xingrg/kc/buy/cgsh_order_info.html?code=212020120903243 HTTP/1.1" 200 54967
222.69.133.109 - - [09/Dec/2020:10:11:23 +0800] "GET /xingrg/javascript/easyui/themes/default/validatebox.css HTTP/1.1" 404 1104
222.69.133.109 - - [09/Dec/2020:10:11:23 +0800] "POST /xingrg/kc/buy/cgsh_order_operate.html HTTP/1.1" 200 1777
114.86.231.216 - - [09/Dec/2020:10:11:24 +0800] "GET /xingrg/all/function/internal_message.html?_=1607479884872&CODE_STATE=getMsg HTTP/1.1" 200 27
114.86.231.216 - - [09/Dec/2020:10:11:24 +0800] "GET /xingrg/check_reg.html?_=1607479884882 HTTP/1.1" 200 22
117.185.32.26 - - [09/Dec/2020:10:11:25 +0800] "GET /xingrg/all/function/internal_message.html?_=1607480341723&CODE_STATE=getMsg HTTP/1.1" 200 27
222.69.133.109 - - [09/Dec/2020:10:11:25 +0800] "GET /xingrg/kc/print/load_data.html?order_code=212020120903243&kc_code=cgsh&condition= HTTP/1.1" 200 1167
114.84.32.187 - - [09/Dec/2020:10:11:26 +0800] "GET /xingrg/all/function/internal_message.html?_=1607479897247&CODE_STATE=getMsg HTTP/1.1" 200 27
117.185.32.26 - - [09/Dec/2020:10:11:29 +0800] "GET /xingrg/kc/mdqp/psth_order_list1.html HTTP/1.1" 200 18158
117.185.32.26 - - [09/Dec/2020:10:11:29 +0800] "POST /xingrg/kc/mdqp/psth_list_operate.html HTTP/1.1" 200 749
101.85.52.2 - - [09/Dec/2020:10:11:30 +0800] "GET /xingrg/kc/buy/cgsh_order_operate.html?command=get_materiel&rest_code=00145&code=00101008264&supplier_code=00100007&order_time=2020-12-01 HTTP/1.1" 200 412
180.174.56.115 - - [09/Dec/2020:10:11:32 +0800] "GET /xingrg/kc/buy/cgsh_order_operate.html?command=get_materiel&rest_code=00151&code=00101006168&supplier_code=00100096&order_time=2020-12-09 HTTP/1.1" 200 421
114.84.32.187 - - [09/Dec/2020:10:11:32 +0800] "GET /xingrg/all/function/internal_message.html?_=1607479913564&CODE_STATE=getMsg HTTP/1.1" 302 -
222.69.133.212 - - [09/Dec/2020:10:11:33 +0800] "POST /xingrg/kc/buy/cgsh_list_operate.html HTTP/1.1" 200 5442
172.17.0.102 - - [09/Dec/2020:10:11:34 +0800] "GET /xingrg/all/function/internal_message.html?_=1607479893369&CODE_STATE=getMsg HTTP/1.1" 200 27
114.88.163.87 - - [09/Dec/2020:10:11:37 +0800] "GET /xingrg/all/function/internal_message.html?_=1607479884770&CODE_STATE=getMsg HTTP/1.1" 200 27
172.17.200.101 - - [09/Dec/2020:10:11:37 +0800] "GET /xingrg/all/function/internal_message.html?_=1607479898290&CODE_STATE=getMsg HTTP/1.1" 200 27
172.17.0.109 - - [09/Dec/2020:10:11:37 +0800] "GET /xingrg/all/function/internal_message.html?_=1607479905911&CODE_STATE=getMsg HTTP/1.1" 200 27
172.17.0.109 - - [09/Dec/2020:10:11:37 +0800] "GET /xingrg/check_reg.html?_=1607479905912 HTTP/1.1" 200 22
58.221.95.50 - - [09/Dec/2020:10:11:38 +0800] "GET /xingrg/system/info/materiel_import.html?isSelect=1&singleSelect=false HTTP/1.1" 200 5600
114.88.163.87 - - [09/Dec/2020:10:11:38 +0800] "GET /xingrg/check_reg.html?_=1607479895846 HTTP/1.1" 200 22
58.221.95.50 - - [09/Dec/2020:10:11:38 +0800] "GET /favicon.ico HTTP/1.1" 404 -
58.221.95.50 - - [09/Dec/2020:10:11:38 +0800] "POST /xingrg/all/common/load_tree.html?tree=materiel_sort_tree_json HTTP/1.1" 200 8666
114.88.163.87 - - [09/Dec/2020:10:11:38 +0800] "GET /xingrg/all/function/internal_message.html?_=1607479896112&CODE_STATE=getMsg HTTP/1.1" 200 27
114.88.159.147 - - [09/Dec/2020:10:11:39 +0800] "GET /xingrg/all/function/internal_message.html?_=1607479475858&CODE_STATE=getMsg HTTP/1.1" 200 27
172.17.0.123 - - [09/Dec/2020:10:11:39 +0800] "GET /xingrg/all/function/internal_message.html?_=1607479822171&CODE_STATE=getMsg HTTP/1.1" 200 27
116.228.172.94 - - [09/Dec/2020:10:11:40 +0800] "POST /xingrg/kc/buy/cgsh_order_operate.html HTTP/1.1" 200 37
114.88.163.87 - - [09/Dec/2020:10:11:40 +0800] "GET /xingrg/all/function/internal_message.html?_=1607480028786&CODE_STATE=getMsg HTTP/1.1" 200 27
101.85.93.83 - - [09/Dec/2020:10:11:43 +0800] "GET /xingrg/all/function/internal_message.html?_=1607479614138&CODE_STATE=getMsg HTTP/1.1" 200 27
180.162.223.42 - - [09/Dec/2020:10:11:43 +0800] "GET /xingrg/all/function/internal_message.html?_=1607479903490&CODE_STATE=getMsg HTTP/1.1" 200 27
172.17.0.185 - - [09/Dec/2020:10:11:43 +0800] "GET /xingrg/all/function/internal_message.html?_=1607479902075&CODE_STATE=getMsg HTTP/1.1" 200 27
172.17.0.185 - - [09/Dec/2020:10:11:43 +0800] "GET /xingrg/check_reg.html?_=1607479902076 HTTP/1.1" 200 22
116.228.172.94 - - [09/Dec/2020:10:11:44 +0800] "POST /xingrg/kc/buy/cgsh_order_operate.html HTTP/1.1" 200 2662
101.85.52.2 - - [09/Dec/2020:10:11:45 +0800] "GET /xingrg/kc/buy/cgsh_order_operate.html?command=get_materiel&rest_code=00145&code=00101008352&supplier_code=00100007&order_time=2020-12-01 HTTP/1.1" 200 412
116.228.172.94 - - [09/Dec/2020:10:11:45 +0800] "GET /xingrg/kc/print/load_data.html?order_code=212020120903244&kc_code=cgsh&condition= HTTP/1.1" 200 742
180.174.56.115 - - [09/Dec/2020:10:11:47 +0800] "GET /xingrg/kc/buy/cgsh_order_operate.html?command=get_materiel&rest_code=00151&code=00101006063&supplier_code=00100096&order_time=2020-12-09 HTTP/1.1" 200 413
116.228.172.94 - - [09/Dec/2020:10:11:49 +0800] "GET /xingrg/kc/buy/cgsh_order_add.html HTTP/1.1" 200 61027
116.228.172.94 - - [09/Dec/2020:10:11:50 +0800] "GET /xingrg/javascript/easyui/themes/default/validatebox.css HTTP/1.1" 404 1104
116.228.172.94 - - [09/Dec/2020:10:11:50 +0800] "POST /xingrg/kc/buy/cgsh_order_operate.html HTTP/1.1" 200 8245
180.174.56.115 - - [09/Dec/2020:10:11:51 +0800] "GET /xingrg/all/function/internal_message.html?_=1607479876953&CODE_STATE=getMsg HTTP/1.1" 200 27
116.228.172.94 - - [09/Dec/2020:10:11:51 +0800] "GET /xingrg/javascript/easyui/themes/default/tree.css HTTP/1.1" 404 1090
116.228.172.94 - - [09/Dec/2020:10:11:51 +0800] "POST /xingrg/all/common/load_tree.html?tree=supplier_tree_json&isDelete=1 HTTP/1.1" 200 52361
117.185.32.26 - - [09/Dec/2020:10:11:52 +0800] "GET /xingrg/login.html HTTP/1.1" 200 7641
101.85.52.2 - - [09/Dec/2020:10:11:52 +0800] "GET /xingrg/all/function/internal_message.html?_=1607479906137&CODE_STATE=getMsg HTTP/1.1" 200 27
223.167.127.220 - - [09/Dec/2020:10:11:52 +0800] "GET /xingrg/all/function/internal_message.html?_=1607479911144&CODE_STATE=getMsg HTTP/1.1" 302 -
223.167.127.220 - - [09/Dec/2020:10:11:52 +0800] "GET /xingrg/check_reg.html?_=1607479911149 HTTP/1.1" 302 -
117.185.32.26 - - [09/Dec/2020:10:11:52 +0800] "GET /xingrg/login.html HTTP/1.1" 200 7641
180.162.223.42 - - [09/Dec/2020:10:11:54 +0800] "GET /xingrg/all/function/internal_message.html?_=1607479894613&CODE_STATE=getMsg HTTP/1.1" 200 27
180.162.223.42 - - [09/Dec/2020:10:11:54 +0800] "GET /xingrg/check_reg.html?_=1607479894614 HTTP/1.1" 200 22
222.69.133.212 - - [09/Dec/2020:10:11:55 +0800] "POST /xingrg/kc/buy/cgsh_list_operate.html HTTP/1.1" 200 876
180.174.56.115 - - [09/Dec/2020:10:11:56 +0800] "GET /xingrg/kc/buy/cgsh_order_operate.html?command=get_materiel&rest_code=00151&code=00101006084&supplier_code=00100096&order_time=2020-12-09 HTTP/1.1" 200 413
114.88.159.147 - - [09/Dec/2020:10:11:58 +0800] "GET /xingrg/kc/buy/buy_main.html HTTP/1.1" 200 12412
114.88.159.147 - - [09/Dec/2020:10:11:58 +0800] "GET /xingrg/css/new_ie.css HTTP/1.1" 404 1036
114.88.159.147 - - [09/Dec/2020:10:11:58 +0800] "GET /xingrg/javascript/pic_change.js HTTP/1.1" 200 4739
114.88.159.147 - - [09/Dec/2020:10:11:58 +0800] "GET /xingrg/javascript/jquery-1.4.2.min.js HTTP/1.1" 200 72205
114.88.159.147 - - [09/Dec/2020:10:11:58 +0800] "GET /xingrg/javascript/ToolTips.js HTTP/1.1" 200 5615
114.88.159.147 - - [09/Dec/2020:10:11:58 +0800] "GET /xingrg/javascript/jquery.utils.js HTTP/1.1" 200 11805
114.88.159.147 - - [09/Dec/2020:10:11:58 +0800] "GET /xingrg/css/blue.css HTTP/1.1" 200 15949
114.88.159.147 - - [09/Dec/2020:10:11:58 +0800] "POST /xingrg/kc/mdqp/pssh_list_operate.html HTTP/1.1" 200 814
114.88.159.147 - - [09/Dec/2020:10:11:58 +0800] "GET /xingrg/javascript/jquery_easy_ui/themes/icon.css HTTP/1.1" 200 3949
114.88.159.147 - - [09/Dec/2020:10:11:58 +0800] "GET /xingrg/javascript/jquery_ui/jquery-ui.min.js HTTP/1.1" 200 186181
114.88.159.147 - - [09/Dec/2020:10:11:58 +0800] "GET /xingrg/javascript/myfunction.js HTTP/1.1" 200 24559
114.88.159.147 - - [09/Dec/2020:10:11:58 +0800] "GET /xingrg/javascript/jquery_ui/themes/humanity/humanity.css HTTP/1.1" 200 27801
114.88.159.147 - - [09/Dec/2020:10:11:58 +0800] "GET /xingrg/javascript/jquery_easy_ui/themes/default/easyui.css HTTP/1.1" 200 26500
114.88.159.147 - - [09/Dec/2020:10:11:59 +0800] "GET /xingrg/images/yd/bt.gif HTTP/1.1" 404 1040
222.69.133.109 - - [09/Dec/2020:10:11:59 +0800] "GET /xingrg/kc/buy/cgsh_order_add.html HTTP/1.1" 200 60061
114.88.159.147 - - [09/Dec/2020:10:11:59 +0800] "GET /xingrg/css/base.css HTTP/1.1" 200 2811
114.88.159.147 - - [09/Dec/2020:10:11:59 +0800] "GET /xingrg/javascript/jquery_tools/datebox.css HTTP/1.1" 200 2597
114.88.159.147 - - [09/Dec/2020:10:11:59 +0800] "GET /xingrg/javascript/jquery_tools/fix.css HTTP/1.1" 200 1702
114.88.159.147 - - [09/Dec/2020:10:11:59 +0800] "GET /xingrg/javascript/easyui/themes/icon.css HTTP/1.1" 200 4483
114.88.159.147 - - [09/Dec/2020:10:11:59 +0800] "GET /xingrg/javascript/auto/jquery.autocomplete.css HTTP/1.1" 200 587
114.88.159.147 - - [09/Dec/2020:10:11:59 +0800] "GET /xingrg/javascript/jquery_tools/table.css HTTP/1.1" 200 1032
114.88.159.147 - - [09/Dec/2020:10:11:59 +0800] "GET /xingrg/javascript/jquery_tools/jquery.tools.min.js HTTP/1.1" 200 138801
114.88.159.147 - - [09/Dec/2020:10:11:59 +0800] "GET /xingrg/javascript/jquery_tools/jquery.tools.hotkey.js HTTP/1.1" 200 3242
114.88.159.147 - - [09/Dec/2020:10:11:59 +0800] "GET /xingrg/kc/buy/cgsh_order_list.html HTTP/1.1" 200 45208
114.88.159.147 - - [09/Dec/2020:10:11:59 +0800] "GET /xingrg/javascript/jquery_tools/jquery.tools.table.js HTTP/1.1" 200 6994
114.88.159.147 - - [09/Dec/2020:10:11:59 +0800] "GET /xingrg/javascript/easyui/themes/default/easyui.css HTTP/1.1" 200 30432
114.88.159.147 - - [09/Dec/2020:10:11:59 +0800] "GET /xingrg/javascript/jquery_tools/list_manager.js HTTP/1.1" 200 3652
114.88.159.147 - - [09/Dec/2020:10:11:59 +0800] "GET /xingrg/javascript/jquery_tools/jquery.tools.extend.js HTTP/1.1" 200 15385
114.88.159.147 - - [09/Dec/2020:10:11:59 +0800] "GET /xingrg/javascript/easyui/easyloader.js HTTP/1.1" 200 5975
114.88.159.147 - - [09/Dec/2020:10:11:59 +0800] "GET /xingrg/css/site.css HTTP/1.1" 200 7541
114.88.159.147 - - [09/Dec/2020:10:11:59 +0800] "GET /xingrg/javascript/jquery.cookie.js HTTP/1.1" 200 5513
114.88.159.147 - - [09/Dec/2020:10:11:59 +0800] "GET /xingrg/javascript/print/LodopFuncs.js HTTP/1.1" 200 5121
114.88.159.147 - - [09/Dec/2020:10:11:59 +0800] "GET /xingrg/javascript/auto/jquery.autocomplete.js HTTP/1.1" 200 21624
222.69.133.109 - - [09/Dec/2020:10:11:59 +0800] "POST /xingrg/kc/buy/cgsh_order_operate.html HTTP/1.1" 200 8245
222.69.133.109 - - [09/Dec/2020:10:11:59 +0800] "GET /xingrg/javascript/easyui/themes/default/validatebox.css HTTP/1.1" 404 1104
117.184.7.26 - - [09/Dec/2020:10:11:59 +0800] "GET /xingrg/all/function/internal_message.html?_=1607479913293&CODE_STATE=getMsg HTTP/1.1" 200 27
114.88.159.147 - - [09/Dec/2020:10:11:59 +0800] "GET /xingrg/javascript/easyui/plugins/jquery.parser.js HTTP/1.1" 200 1142
114.88.159.147 - - [09/Dec/2020:10:12:00 +0800] "POST /xingrg/kc/buy/cgsh_list_operate.html HTTP/1.1" 200 876
114.88.159.147 - - [09/Dec/2020:10:12:01 +0800] "GET /xingrg/javascript/convert.js HTTP/1.1" 200 1239
114.88.159.147 - - [09/Dec/2020:10:12:01 +0800] "GET /xingrg/javascript/jquery_tools/order_manager.js HTTP/1.1" 200 11183
114.88.159.147 - - [09/Dec/2020:10:12:01 +0800] "GET /xingrg/javascript/json2.js HTTP/1.1" 200 11259
114.88.159.147 - - [09/Dec/2020:10:12:01 +0800] "GET /xingrg/javascript/print/kc_print.js HTTP/1.1" 200 11415
114.88.159.147 - - [09/Dec/2020:10:12:01 +0800] "GET /xingrg/kc/buy/cgsh_order_add.html HTTP/1.1" 200 60945
114.88.159.147 - - [09/Dec/2020:10:12:01 +0800] "GET /xingrg/words/20201208152224_words.js HTTP/1.1" 200 779883
114.88.159.147 - - [09/Dec/2020:10:12:01 +0800] "POST /xingrg/kc/buy/cgsh_order_operate.html HTTP/1.1" 200 8245
114.88.159.147 - - [09/Dec/2020:10:12:01 +0800] "GET /xingrg/all/common/auto_word.html?type=employee&rest_code=00141 HTTP/1.1" 200 201
114.88.159.147 - - [09/Dec/2020:10:12:01 +0800] "GET /xingrg/all/common/auto_word.html?type=employee&rest_code=00141 HTTP/1.1" 200 201
114.88.159.147 - - [09/Dec/2020:10:12:01 +0800] "GET /xingrg/javascript/easyui/themes/default/validatebox.css HTTP/1.1" 404 1104
114.88.159.147 - - [09/Dec/2020:10:12:01 +0800] "GET /xingrg/javascript/easyui/plugins/jquery.validatebox.js HTTP/1.1" 200 6103
114.88.159.147 - - [09/Dec/2020:10:12:01 +0800] "GET /xingrg/javascript/easyui/plugins/jquery.numberbox.js HTTP/1.1" 200 5213
222.69.133.212 - - [09/Dec/2020:10:12:03 +0800] "GET /xingrg/all/function/internal_message.html?_=1607479920370&CODE_STATE=getMsg HTTP/1.1" 200 27
120.253.135.82 - - [09/Dec/2020:10:12:04 +0800] "GET /xingrg/all/function/internal_message.html?_=1607479674343&CODE_STATE=getMsg HTTP/1.1" 200 27
222.69.133.212 - - [09/Dec/2020:10:12:05 +0800] "POST /xingrg/kc/buy/cgsh_list_operate.html HTTP/1.1" 200 5505
114.88.159.147 - - [09/Dec/2020:10:12:06 +0800] "GET /xingrg/all/function/internal_message.html?_=1607479925086&CODE_STATE=getMsg HTTP/1.1" 200 27
180.174.56.115 - - [09/Dec/2020:10:12:08 +0800] "GET /xingrg/kc/buy/cgsh_order_operate.html?command=get_materiel&rest_code=00151&code=00101006013&supplier_code=00100096&order_time=2020-12-09 HTTP/1.1" 200 409
58.221.95.50 - - [09/Dec/2020:10:12:11 +0800] "POST /xingrg/kc/buy/cgsh_order_operate.html HTTP/1.1" 200 37
117.185.32.26 - - [09/Dec/2020:10:12:11 +0800] "GET /favicon.ico HTTP/1.1" 404 -
58.221.95.50 - - [09/Dec/2020:10:12:12 +0800] "POST /xingrg/kc/buy/cgsh_order_operate.html HTTP/1.1" 200 2663
116.228.172.94 - - [09/Dec/2020:10:12:13 +0800] "GET /xingrg/all/function/internal_message.html?_=1607479930419&CODE_STATE=getMsg HTTP/1.1" 200 27
117.185.32.26 - - [09/Dec/2020:10:12:14 +0800] "POST /xingrg/login.do HTTP/1.1" 302 -
117.185.32.26 - - [09/Dec/2020:10:12:15 +0800] "GET /xingrg/index.html?sysBaseUrl=http%3A%2F%2F180.169.147.146%3A18081%2Fxingrg%2F&costTime=40×tamp=1607479934682 HTTP/1.1" 200 17173
58.221.95.50 - - [09/Dec/2020:10:12:16 +0800] "POST /xingrg/kc/buy/cgsh_list_operate.html HTTP/1.1" 200 5773
180.174.56.115 - - [09/Dec/2020:10:12:17 +0800] "GET /xingrg/all/function/internal_message.html?_=1607479938013&CODE_STATE=getMsg HTTP/1.1" 200 27
180.174.56.115 - - [09/Dec/2020:10:12:17 +0800] "GET /xingrg/kc/buy/cgsh_order_operate.html?command=get_materiel&rest_code=00151&code=00101007091&supplier_code=00100096&order_time=2020-12-09 HTTP/1.1" 200 413
222.69.133.109 - - [09/Dec/2020:10:12:17 +0800] "GET /xingrg/all/function/internal_message.html?_=1607479937764&CODE_STATE=getMsg HTTP/1.1" 200 27
117.185.32.26 - - [09/Dec/2020:10:12:18 +0800] "GET /favicon.ico HTTP/1.1" 404 -
58.221.95.50 - - [09/Dec/2020:10:12:19 +0800] "POST /xingrg/kc/buy/cgsh_list_operate.html HTTP/1.1" 200 5773
116.228.172.94 - - [09/Dec/2020:10:12:19 +0800] "GET /xingrg/kc/buy/cgsh_order_operate.html?command=get_materiel&rest_code=00107&code=00101006159&supplier_code=00100344&order_time=2020-12-09 HTTP/1.1" 200 417
180.152.104.37 - - [09/Dec/2020:10:12:19 +0800] "GET /xingrg/check_reg.html?_=1607480166937 HTTP/1.1" 200 22
117.184.7.26 - - [09/Dec/2020:10:12:19 +0800] "GET /xingrg/kc/buy/cgsh_order_operate.html?command=get_materiel&rest_code=00108&code=00101019781&supplier_code=00100424&order_time=2020-12-09 HTTP/1.1" 200 403
117.185.32.26 - - [09/Dec/2020:10:12:20 +0800] "POST /xingrg/all/common/load_tree.html?tree=area_rest_tree_json&manage=1 HTTP/1.1" 200 342
117.185.32.26 - - [09/Dec/2020:10:12:20 +0800] "GET /xingrg/all/function/internal_message.html?_=1607479937900&CODE_STATE=count HTTP/1.1" 200 11
117.185.32.26 - - [09/Dec/2020:10:12:20 +0800] "GET /xingrg/check_reg.html?_=1607479937901 HTTP/1.1" 200 22
180.152.104.37 - - [09/Dec/2020:10:12:20 +0800] "GET /xingrg/all/function/internal_message.html?_=1607480168251&CODE_STATE=getMsg HTTP/1.1" 200 27
58.221.95.50 - - [09/Dec/2020:10:12:22 +0800] "GET /xingrg/all/function/internal_message.html?_=1607479960726&CODE_STATE=getMsg HTTP/1.1" 200 27
101.85.52.2 - - [09/Dec/2020:10:12:22 +0800] "POST /xingrg/kc/buy/cgsh_order_operate.html HTTP/1.1" 200 2065
117.185.32.26 - - [09/Dec/2020:10:12:23 +0800] "POST /xingrg/load_menu.html HTTP/1.1" 200 5138
114.86.231.216 - - [09/Dec/2020:10:12:24 +0800] "GET /xingrg/all/function/internal_message.html?_=1607479944867&CODE_STATE=getMsg HTTP/1.1" 200 27
58.221.95.50 - - [09/Dec/2020:10:12:24 +0800] "GET /xingrg/kc/buy/cgsh_order_add.html HTTP/1.1" 200 59913
58.221.95.50 - - [09/Dec/2020:10:12:24 +0800] "POST /xingrg/kc/buy/cgsh_order_operate.html HTTP/1.1" 200 8245
58.221.95.50 - - [09/Dec/2020:10:12:24 +0800] "GET /xingrg/javascript/easyui/themes/default/validatebox.css HTTP/1.1" 404 1104
117.184.7.26 - - [09/Dec/2020:10:12:24 +0800] "GET /xingrg/kc/buy/cgsh_order_operate.html?command=get_materiel&rest_code=00108&code=00101012030&supplier_code=00100424&order_time=2020-12-09 HTTP/1.1" 200 416
117.185.32.26 - - [09/Dec/2020:10:12:25 +0800] "GET /xingrg/all/function/internal_message.html?_=1607480401725&CODE_STATE=getMsg HTTP/1.1" 200 27
114.88.159.147 - - [09/Dec/2020:10:12:25 +0800] "GET /xingrg/kc/buy/cgsh_order_operate.html?command=get_materiel&rest_code=00141&code=00101001010&supplier_code=00100040&order_time=2020-12-09 HTTP/1.1" 200 408
58.221.95.50 - - [09/Dec/2020:10:12:25 +0800] "POST /xingrg/kc/buy/cgsh_list_operate.html HTTP/1.1" 200 5773
117.185.32.26 - - [09/Dec/2020:10:12:26 +0800] "GET /xingrg/kc/base/base_main.html HTTP/1.1" 200 12142
114.84.32.187 - - [09/Dec/2020:10:12:26 +0800] "GET /xingrg/all/function/internal_message.html?_=1607479957260&CODE_STATE=getMsg HTTP/1.1" 200 27
117.185.32.26 - - [09/Dec/2020:10:12:27 +0800] "GET /xingrg/kc/base/wldb_order_list.html HTTP/1.1" 200 19418
172.17.0.123 - - [09/Dec/2020:10:12:29 +0800] "GET /xingrg/system/info/materiel_manager.html HTTP/1.1" 200 19442
172.17.0.123 - - [09/Dec/2020:10:12:29 +0800] "GET /xingrg/dwr/interface/AjaxBaseInfoService.js HTTP/1.1" 200 21363
172.17.0.123 - - [09/Dec/2020:10:12:29 +0800] "GET /xingrg/dwr/interface/AjaxComOrderService.js HTTP/1.1" 200 18264
172.17.0.123 - - [09/Dec/2020:10:12:29 +0800] "GET /xingrg/dwr/engine.js HTTP/1.1" 200 43631
172.17.0.123 - - [09/Dec/2020:10:12:29 +0800] "POST /xingrg/dwr/call/plaincall/AjaxBaseInfoService.getSubMaterielSorts.dwr HTTP/1.1" 200 219
172.17.0.123 - - [09/Dec/2020:10:12:30 +0800] "POST /xingrg/dwr/call/plaincall/AjaxBaseInfoService.getMateriels.dwr HTTP/1.1" 200 2929
172.17.0.123 - - [09/Dec/2020:10:12:30 +0800] "POST /xingrg/dwr/call/plaincall/AjaxBaseInfoService.getSubMaterielSorts.dwr HTTP/1.1" 200 3482
101.85.52.2 - - [09/Dec/2020:10:12:31 +0800] "GET /xingrg/kc/buy/cgsh_order_operate.html?command=get_materiel&rest_code=00145&code=00101008300&supplier_code=00100007&order_time=2020-12-01 HTTP/1.1" 200 412
172.17.0.123 - - [09/Dec/2020:10:12:31 +0800] "POST /xingrg/dwr/call/plaincall/AjaxBaseInfoService.getMateriels.dwr HTTP/1.1" 200 3020
172.17.0.123 - - [09/Dec/2020:10:12:32 +0800] "POST /xingrg/dwr/call/plaincall/AjaxBaseInfoService.getMateriels.dwr HTTP/1.1" 200 2984
114.84.32.187 - - [09/Dec/2020:10:12:32 +0800] "GET /xingrg/all/function/internal_message.html?_=1607479973594&CODE_STATE=getMsg HTTP/1.1" 302 -
116.228.172.94 - - [09/Dec/2020:10:12:33 +0800] "POST /xingrg/kc/buy/cgsh_order_operate.html HTTP/1.1" 200 37
180.174.56.115 - - [09/Dec/2020:10:12:33 +0800] "GET /xingrg/kc/buy/cgsh_order_operate.html?command=get_materiel&rest_code=00151&code=00101001010&supplier_code=00100096&order_time=2020-12-09 HTTP/1.1" 200 408
172.17.0.123 - - [09/Dec/2020:10:12:33 +0800] "GET /xingrg/system/info/materiel_info.html?code=00102011&isAdd=1 HTTP/1.1" 200 34213
172.17.0.123 - - [09/Dec/2020:10:12:33 +0800] "GET /xingrg/dwr/interface/AjaxGetFirstChart.js HTTP/1.1" 200 631
172.17.0.123 - - [09/Dec/2020:10:12:33 +0800] "GET /xingrg/dwr/engine.js HTTP/1.1" 200 43631
172.17.0.123 - - [09/Dec/2020:10:12:33 +0800] "POST /xingrg/all/common/load_tree.html?tree=area_rest_tree_json HTTP/1.1" 200 3350
172.17.0.123 - - [09/Dec/2020:10:12:33 +0800] "GET /favicon.ico HTTP/1.1" 404 -
172.17.0.123 - - [09/Dec/2020:10:12:33 +0800] "POST /xingrg/dwr/call/plaincall/AjaxBaseInfoService.getMaterielInfo.dwr HTTP/1.1" 200 223
172.17.0.123 - - [09/Dec/2020:10:12:33 +0800] "POST /xingrg/all/common/load_tree.html?tree=area_rest_tree_json&defaultRests=undefined HTTP/1.1" 200 3350
172.17.0.102 - - [09/Dec/2020:10:12:34 +0800] "GET /xingrg/all/function/internal_message.html?_=1607479953384&CODE_STATE=getMsg HTTP/1.1" 200 27
117.185.32.26 - - [09/Dec/2020:10:12:35 +0800] "POST /xingrg/kc/base/wldb_list_operate.html HTTP/1.1" 200 928
114.88.159.147 - - [09/Dec/2020:10:12:35 +0800] "POST /xingrg/kc/buy/cgsh_order_operate.html HTTP/1.1" 200 37
116.228.172.94 - - [09/Dec/2020:10:12:35 +0800] "POST /xingrg/kc/buy/cgsh_order_operate.html HTTP/1.1" 200 2661
114.88.163.87 - - [09/Dec/2020:10:12:37 +0800] "GET /xingrg/all/function/internal_message.html?_=1607479944772&CODE_STATE=getMsg HTTP/1.1" 200 27
114.88.159.147 - - [09/Dec/2020:10:12:37 +0800] "POST /xingrg/kc/buy/cgsh_order_operate.html HTTP/1.1" 200 12
117.185.32.26 - - [09/Dec/2020:10:12:37 +0800] "GET /xingrg/kc/base/wldb_order_add.html HTTP/1.1" 200 30591
117.185.32.26 - - [09/Dec/2020:10:12:37 +0800] "GET /xingrg/words/20201208152224_words.js HTTP/1.1" 200 779883
172.17.200.101 - - [09/Dec/2020:10:12:37 +0800] "GET /xingrg/all/function/internal_message.html?_=1607479958291&CODE_STATE=getMsg HTTP/1.1" 200 27
114.88.159.147 - - [09/Dec/2020:10:12:37 +0800] "GET /xingrg/kc/buy/cgsh_order_info.html?code=212020120903247 HTTP/1.1" 200 55848
172.17.0.109 - - [09/Dec/2020:10:12:37 +0800] "GET /xingrg/all/function/internal_message.html?_=1607479965926&CODE_STATE=getMsg HTTP/1.1" 200 27
114.88.159.147 - - [09/Dec/2020:10:12:38 +0800] "GET /xingrg/javascript/easyui/themes/default/validatebox.css HTTP/1.1" 404 1104
172.17.0.123 - - [09/Dec/2020:10:12:38 +0800] "POST /xingrg/dwr/call/plaincall/AjaxGetFirstChart.getFirstChart.dwr HTTP/1.1" 200 79
117.185.32.26 - - [09/Dec/2020:10:12:38 +0800] "GET /xingrg/all/common/auto_word.html?type=base&rest_code=00106 HTTP/1.1" 200 1753
117.185.32.26 - - [09/Dec/2020:10:12:38 +0800] "GET /xingrg/all/common/auto_word.html?type=base&rest_code=00106 HTTP/1.1" 200 1753
117.185.32.26 - - [09/Dec/2020:10:12:38 +0800] "GET /xingrg/javascript/easyui/themes/default/validatebox.css HTTP/1.1" 404 1104
114.88.159.147 - - [09/Dec/2020:10:12:38 +0800] "POST /xingrg/kc/buy/cgsh_order_operate.html HTTP/1.1" 200 603
117.185.32.26 - - [09/Dec/2020:10:12:38 +0800] "POST /xingrg/kc/base/wldb_order_operate.html HTTP/1.1" 200 6806
116.228.172.94 - - [09/Dec/2020:10:12:38 +0800] "GET /xingrg/kc/print/load_data.html?order_code=212020120903246&kc_code=cgsh&condition= HTTP/1.1" 200 681
114.88.163.87 - - [09/Dec/2020:10:12:38 +0800] "GET /xingrg/all/function/internal_message.html?_=1607479956133&CODE_STATE=getMsg HTTP/1.1" 200 27
114.88.159.147 - - [09/Dec/2020:10:12:39 +0800] "GET /xingrg/kc/print/load_config.html?kc_code=cgsh HTTP/1.1" 200 1845
114.88.159.147 - - [09/Dec/2020:10:12:39 +0800] "GET /xingrg/kc/print/load_data.html?order_code=212020120903247&kc_code=cgsh&condition= HTTP/1.1" 200 781
117.185.32.26 - - [09/Dec/2020:10:12:39 +0800] "POST /xingrg/all/common/load_combo.html?type=base HTTP/1.1" 200 3142
114.88.159.147 - - [09/Dec/2020:10:12:39 +0800] "GET /xingrg/all/function/internal_message.html?_=1607479535858&CODE_STATE=getMsg HTTP/1.1" 200 27
172.17.0.123 - - [09/Dec/2020:10:12:39 +0800] "GET /xingrg/all/function/internal_message.html?_=1607479882179&CODE_STATE=getMsg HTTP/1.1" 200 27
172.17.0.123 - - [09/Dec/2020:10:12:39 +0800] "GET /xingrg/check_reg.html?_=1607479882181 HTTP/1.1" 200 22
180.174.56.115 - - [09/Dec/2020:10:12:40 +0800] "GET /xingrg/kc/buy/cgsh_order_operate.html?command=get_materiel&rest_code=00151&code=00101001075&supplier_code=00100096&order_time=2020-12-09 HTTP/1.1" 200 411
114.88.163.87 - - [09/Dec/2020:10:12:40 +0800] "GET /xingrg/all/function/internal_message.html?_=1607480088774&CODE_STATE=getMsg HTTP/1.1" 200 27
117.185.32.26 - - [09/Dec/2020:10:12:42 +0800] "GET /xingrg/javascript/auto/indicator.gif HTTP/1.1" 404 1066
101.85.93.83 - - [09/Dec/2020:10:12:43 +0800] "GET /xingrg/all/function/internal_message.html?_=1607479674137&CODE_STATE=getMsg HTTP/1.1" 200 27
101.85.93.83 - - [09/Dec/2020:10:12:43 +0800] "GET /xingrg/check_reg.html?_=1607479674140 HTTP/1.1" 200 22
116.228.172.94 - - [09/Dec/2020:10:12:43 +0800] "GET /xingrg/kc/buy/cgsh_order_add.html HTTP/1.1" 200 61027
180.162.223.42 - - [09/Dec/2020:10:12:43 +0800] "GET /xingrg/all/function/internal_message.html?_=1607479963489&CODE_STATE=getMsg HTTP/1.1" 200 27
117.185.32.26 - - [09/Dec/2020:10:12:43 +0800] "GET /xingrg/kc/base/wldb_order_operate.html?command=get_materiel&rest_code=00106&base_code=0010397&code=00102002453 HTTP/1.1" 200 433
172.17.0.123 - - [09/Dec/2020:10:12:43 +0800] "POST /xingrg/dwr/call/plaincall/AjaxBaseInfoService.changeUnitGroup.dwr HTTP/1.1" 200 243
172.17.0.185 - - [09/Dec/2020:10:12:44 +0800] "GET /xingrg/all/function/internal_message.html?_=1607479962077&CODE_STATE=getMsg HTTP/1.1" 200 27
116.228.172.94 - - [09/Dec/2020:10:12:44 +0800] "GET /xingrg/javascript/easyui/themes/default/validatebox.css HTTP/1.1" 404 1104
116.228.172.94 - - [09/Dec/2020:10:12:44 +0800] "POST /xingrg/kc/buy/cgsh_order_operate.html HTTP/1.1" 200 8245
116.228.172.94 - - [09/Dec/2020:10:12:45 +0800] "GET /xingrg/javascript/easyui/themes/default/tree.css HTTP/1.1" 404 1090
116.228.172.94 - - [09/Dec/2020:10:12:45 +0800] "POST /xingrg/all/common/load_tree.html?tree=supplier_tree_json&isDelete=1 HTTP/1.1" 200 52361
117.185.32.26 - - [09/Dec/2020:10:12:47 +0800] "GET /xingrg/kc/base/wldb_order_operate.html?command=get_materiel&rest_code=00106&base_code=0010397&code=00102002586 HTTP/1.1" 200 439
114.88.159.147 - - [09/Dec/2020:10:12:47 +0800] "GET /xingrg/kc/buy/cgsh_order_add.html HTTP/1.1" 200 60945
114.88.159.147 - - [09/Dec/2020:10:12:48 +0800] "POST /xingrg/kc/buy/cgsh_order_operate.html HTTP/1.1" 200 8245
114.88.159.147 - - [09/Dec/2020:10:12:48 +0800] "GET /xingrg/javascript/easyui/themes/default/validatebox.css HTTP/1.1" 404 1104
172.17.0.123 - - [09/Dec/2020:10:12:48 +0800] "POST /xingrg/dwr/call/plaincall/AjaxBaseInfoService.saveMateriel.dwr HTTP/1.1" 200 109
172.17.0.123 - - [09/Dec/2020:10:12:49 +0800] "POST /xingrg/dwr/call/plaincall/AjaxBaseInfoService.getMateriels.dwr HTTP/1.1" 200 2984
180.174.56.115 - - [09/Dec/2020:10:12:50 +0800] "GET /xingrg/kc/buy/cgsh_order_operate.html?command=get_materiel&rest_code=00151&code=00101020002&supplier_code=00100096&order_time=2020-12-09 HTTP/1.1" 200 412
180.174.56.115 - - [09/Dec/2020:10:12:51 +0800] "GET /xingrg/all/function/internal_message.html?_=1607479936968&CODE_STATE=getMsg HTTP/1.1" 200 27
101.85.52.2 - - [09/Dec/2020:10:12:51 +0800] "GET /xingrg/check_reg.html?_=1607479965662 HTTP/1.1" 200 22
101.85.52.2 - - [09/Dec/2020:10:12:52 +0800] "GET /xingrg/all/function/internal_message.html?_=1607479966136&CODE_STATE=getMsg HTTP/1.1" 200 27
223.167.127.220 - - [09/Dec/2020:10:12:52 +0800] "GET /xingrg/all/function/internal_message.html?_=1607479971139&CODE_STATE=getMsg HTTP/1.1" 302 -
180.162.223.42 - - [09/Dec/2020:10:12:54 +0800] "GET /xingrg/all/function/internal_message.html?_=1607479954613&CODE_STATE=getMsg HTTP/1.1" 200 27
101.85.52.2 - - [09/Dec/2020:10:12:57 +0800] "GET /xingrg/kc/buy/cgsh_order_operate.html?command=get_materiel&rest_code=00145&code=00101008087&supplier_code=00100007&order_time=2020-12-01 HTTP/1.1" 200 412
61.151.207.205 - - [09/Dec/2020:10:12:57 +0800] "GET /xingrg/all/function/internal_message.html?_=1607479325284&CODE_STATE=getMsg HTTP/1.1" 302 -
117.184.7.26 - - [09/Dec/2020:10:12:59 +0800] "GET /xingrg/all/function/internal_message.html?_=1607479973275&CODE_STATE=getMsg HTTP/1.1" 200 27
114.88.159.147 - - [09/Dec/2020:10:13:02 +0800] "GET /xingrg/kc/buy/cgsh_order_operate.html?command=get_materiel&rest_code=00141&code=00101012038&supplier_code=00100036&order_time=2020-12-09 HTTP/1.1" 200 414
222.69.133.212 - - [09/Dec/2020:10:13:03 +0800] "GET /xingrg/all/function/internal_message.html?_=1607479980366&CODE_STATE=getMsg HTTP/1.1" 200 27
120.253.135.82 - - [09/Dec/2020:10:13:04 +0800] "GET /xingrg/all/function/internal_message.html?_=1607479734349&CODE_STATE=getMsg HTTP/1.1" 200 27
61.151.207.205 - - [09/Dec/2020:10:13:06 +0800] "GET /xingrg/login.html HTTP/1.1" 200 7641
114.88.159.147 - - [09/Dec/2020:10:13:06 +0800] "GET /xingrg/all/function/internal_message.html?_=1607479985056&CODE_STATE=getMsg HTTP/1.1" 200 27
116.228.172.94 - - [09/Dec/2020:10:13:07 +0800] "GET /xingrg/kc/buy/cgsh_order_operate.html?command=get_materiel&rest_code=00107&code=00101010108&supplier_code=00100336&order_time=2020-12-09 HTTP/1.1" 200 421
180.174.56.115 - - [09/Dec/2020:10:13:09 +0800] "GET /xingrg/kc/buy/cgsh_order_operate.html?command=get_materiel&rest_code=00151&code=00101012025&supplier_code=00100096&order_time=2020-12-09 HTTP/1.1" 200 412
180.162.223.42 - - [09/Dec/2020:10:13:10 +0800] "GET /xingrg/kc/buy/cgsh_order_list.html HTTP/1.1" 200 45202
180.162.223.42 - - [09/Dec/2020:10:13:11 +0800] "POST /xingrg/kc/buy/cgsh_list_operate.html HTTP/1.1" 200 3126
116.228.172.94 - - [09/Dec/2020:10:13:12 +0800] "GET /xingrg/check_reg.html?_=1607479989101 HTTP/1.1" 200 22
180.162.223.42 - - [09/Dec/2020:10:13:12 +0800] "GET /xingrg/kc/buy/cgsh_order_add.html HTTP/1.1" 200 60986
180.162.223.42 - - [09/Dec/2020:10:13:12 +0800] "GET /xingrg/words/20201209101248_words.js HTTP/1.1" 200 779937
180.162.223.42 - - [09/Dec/2020:10:13:13 +0800] "POST /xingrg/kc/buy/cgsh_order_operate.html HTTP/1.1" 200 8245
180.162.223.42 - - [09/Dec/2020:10:13:13 +0800] "GET /xingrg/all/common/auto_word.html?type=employee&rest_code=00105 HTTP/1.1" 200 193
180.162.223.42 - - [09/Dec/2020:10:13:13 +0800] "GET /xingrg/all/common/auto_word.html?type=employee&rest_code=00105 HTTP/1.1" 200 193
180.162.223.42 - - [09/Dec/2020:10:13:13 +0800] "GET /xingrg/javascript/easyui/themes/default/validatebox.css HTTP/1.1" 404 1104
116.228.172.94 - - [09/Dec/2020:10:13:13 +0800] "GET /xingrg/all/function/internal_message.html?_=1607479990389&CODE_STATE=getMsg HTTP/1.1" 200 27
180.162.223.42 - - [09/Dec/2020:10:13:14 +0800] "GET /xingrg/javascript/auto/indicator.gif HTTP/1.1" 404 1066
114.88.159.147 - - [09/Dec/2020:10:13:17 +0800] "GET /xingrg/kc/buy/cgsh_order_operate.html?command=get_materiel&rest_code=00141&code=00101016025&supplier_code=00100036&order_time=2020-12-09 HTTP/1.1" 200 408
180.174.56.115 - - [09/Dec/2020:10:13:17 +0800] "GET /xingrg/all/function/internal_message.html?_=1607479998022&CODE_STATE=getMsg HTTP/1.1" 200 27
222.69.133.109 - - [09/Dec/2020:10:13:17 +0800] "GET /xingrg/all/function/internal_message.html?_=1607479997746&CODE_STATE=getMsg HTTP/1.1" 200 27
116.228.172.94 - - [09/Dec/2020:10:13:19 +0800] "POST /xingrg/kc/buy/cgsh_order_operate.html HTTP/1.1" 200 37
180.174.56.115 - - [09/Dec/2020:10:13:20 +0800] "GET /xingrg/kc/buy/cgsh_order_operate.html?command=get_materiel&rest_code=00151&code=00101012059&supplier_code=00100096&order_time=2020-12-09 HTTP/1.1" 200 413
117.185.32.26 - - [09/Dec/2020:10:13:20 +0800] "GET /xingrg/all/function/internal_message.html?_=1607479997949&CODE_STATE=getMsg HTTP/1.1" 200 27
180.152.104.37 - - [09/Dec/2020:10:13:20 +0800] "GET /xingrg/all/function/internal_message.html?_=1607480228264&CODE_STATE=getMsg HTTP/1.1" 200 27
116.228.172.94 - - [09/Dec/2020:10:13:21 +0800] "POST /xingrg/kc/buy/cgsh_order_operate.html HTTP/1.1" 200 2665
58.221.95.50 - - [09/Dec/2020:10:13:22 +0800] "GET /xingrg/all/function/internal_message.html?_=1607480020732&CODE_STATE=getMsg HTTP/1.1" 200 27
116.228.172.94 - - [09/Dec/2020:10:13:22 +0800] "GET /xingrg/kc/print/load_data.html?order_code=212020120903248&kc_code=cgsh&condition= HTTP/1.1" 200 678
117.184.7.26 - - [09/Dec/2020:10:13:24 +0800] "GET /xingrg/kc/buy/cgsh_order_operate.html?command=get_materiel&rest_code=00108&code=00101016025&supplier_code=00100424&order_time=2020-12-09 HTTP/1.1" 200 408
114.86.231.216 - - [09/Dec/2020:10:13:24 +0800] "GET /xingrg/all/function/internal_message.html?_=1607480004875&CODE_STATE=getMsg HTTP/1.1" 200 27
117.185.32.26 - - [09/Dec/2020:10:13:25 +0800] "GET /xingrg/all/function/internal_message.html?_=1607480461711&CODE_STATE=getMsg HTTP/1.1" 200 27
101.85.52.2 - - [09/Dec/2020:10:13:25 +0800] "GET /xingrg/kc/buy/cgsh_order_operate.html?command=get_materiel&rest_code=00145&code=00101008358&supplier_code=00100007&order_time=2020-12-01 HTTP/1.1" 200 412
114.88.159.147 - - [09/Dec/2020:10:13:26 +0800] "GET /xingrg/kc/buy/cgsh_order_operate.html?command=get_materiel&rest_code=00141&code=00101010063&supplier_code=00100036&order_time=2020-12-09 HTTP/1.1" 200 409
116.228.172.94 - - [09/Dec/2020:10:13:26 +0800] "GET /xingrg/kc/buy/cgsh_order_add.html HTTP/1.1" 200 61027
114.84.32.187 - - [09/Dec/2020:10:13:26 +0800] "GET /xingrg/all/function/internal_message.html?_=1607480017527&CODE_STATE=getMsg HTTP/1.1" 200 27
116.228.172.94 - - [09/Dec/2020:10:13:26 +0800] "GET /xingrg/words/20201209101248_words.js HTTP/1.1" 200 779937
116.228.172.94 - - [09/Dec/2020:10:13:27 +0800] "POST /xingrg/kc/buy/cgsh_order_operate.html HTTP/1.1" 200 8245
116.228.172.94 - - [09/Dec/2020:10:13:27 +0800] "GET /xingrg/javascript/easyui/themes/default/validatebox.css HTTP/1.1" 404 1104
