58.221.95.50 - - [09/Dec/2020:10:17:26 +0800] "POST /xingrg/kc/buy/cgsh_list_operate.html HTTP/1.1" 200 280
116.228.172.94 - - [09/Dec/2020:10:17:26 +0800] "GET /xingrg/kc/print/load_data.html?order_code=212020120903260&kc_code=cgsh&condition= HTTP/1.1" 200 913
114.84.32.187 - - [09/Dec/2020:10:17:27 +0800] "GET /xingrg/all/function/internal_message.html?_=1607480258032&CODE_STATE=getMsg HTTP/1.1" 200 27
114.88.163.87 - - [09/Dec/2020:10:17:28 +0800] "GET /xingrg/kc/buy/cgsh_order_operate.html?command=get_materiel&rest_code=00111&code=00101009011&supplier_code=00100037&order_time=2020-12-09 HTTP/1.1" 200 416
180.174.56.115 - - [09/Dec/2020:10:17:28 +0800] "POST /xingrg/dwr/call/plaincall/AjaxQqpsService.getMaterielByCode.dwr HTTP/1.1" 200 3633
117.184.7.26 - - [09/Dec/2020:10:17:28 +0800] "GET /xingrg/kc/buy/cgsh_order_operate.html?command=get_materiel&rest_code=00108&code=00101006184&supplier_code=00100010&order_time=2020-12-09 HTTP/1.1" 200 408
114.88.159.147 - - [09/Dec/2020:10:17:28 +0800] "GET /xingrg/kc/buy/cgsh_order_operate.html?command=get_materiel&rest_code=00141&code=00101006130&supplier_code=00100012&order_time=2020-12-09 HTTP/1.1" 200 427
101.85.52.2 - - [09/Dec/2020:10:17:29 +0800] "POST /xingrg/kc/buy/cgsh_order_operate.html HTTP/1.1" 200 2653
58.221.95.50 - - [09/Dec/2020:10:17:29 +0800] "POST /xingrg/kc/buy/cgsh_list_operate.html HTTP/1.1" 200 4
116.228.172.94 - - [09/Dec/2020:10:17:30 +0800] "GET /xingrg/kc/buy/cgsh_order_add.html HTTP/1.1" 200 61027
116.228.172.94 - - [09/Dec/2020:10:17:30 +0800] "GET /xingrg/words/20201209101248_words.js HTTP/1.1" 304 -
101.85.52.2 - - [09/Dec/2020:10:17:30 +0800] "GET /xingrg/kc/print/load_data.html?order_code=212020120903261&kc_code=cgsh&condition= HTTP/1.1" 200 685
116.228.172.94 - - [09/Dec/2020:10:17:31 +0800] "GET /xingrg/javascript/easyui/themes/default/validatebox.css HTTP/1.1" 404 1104
116.228.172.94 - - [09/Dec/2020:10:17:31 +0800] "POST /xingrg/kc/buy/cgsh_order_operate.html HTTP/1.1" 200 8245
58.221.95.50 - - [09/Dec/2020:10:17:31 +0800] "POST /xingrg/kc/buy/cgsh_list_operate.html HTTP/1.1" 200 5798
222.69.133.212 - - [09/Dec/2020:10:17:32 +0800] "GET /xingrg/kc/buy/cgsh_order_operate.html?command=get_materiel&rest_code=00149&code=00101010161&supplier_code=00100039&order_time=2020-12-09 HTTP/1.1" 200 409
180.174.56.115 - - [09/Dec/2020:10:17:32 +0800] "POST /xingrg/dwr/call/plaincall/AjaxQqpsService.saveMaterielItem.dwr HTTP/1.1" 200 78
116.228.172.94 - - [09/Dec/2020:10:17:32 +0800] "GET /xingrg/javascript/easyui/themes/default/tree.css HTTP/1.1" 404 1090
114.84.32.187 - - [09/Dec/2020:10:17:32 +0800] "GET /xingrg/all/function/internal_message.html?_=1607480273677&CODE_STATE=getMsg HTTP/1.1" 302 -
116.228.172.94 - - [09/Dec/2020:10:17:32 +0800] "POST /xingrg/all/common/load_tree.html?tree=supplier_tree_json&isDelete=1 HTTP/1.1" 200 52361
117.184.7.26 - - [09/Dec/2020:10:17:33 +0800] "GET /xingrg/kc/buy/cgsh_order_operate.html?command=get_materiel&rest_code=00108&code=00101006055&supplier_code=00100010&order_time=2020-12-09 HTTP/1.1" 200 409
101.85.52.2 - - [09/Dec/2020:10:17:33 +0800] "GET /xingrg/kc/buy/cgsh_order_add.html HTTP/1.1" 200 60058
101.85.52.2 - - [09/Dec/2020:10:17:34 +0800] "GET /xingrg/words/20201209101248_words.js HTTP/1.1" 304 -
101.85.52.2 - - [09/Dec/2020:10:17:34 +0800] "POST /xingrg/kc/buy/cgsh_order_operate.html HTTP/1.1" 200 8245
101.85.52.2 - - [09/Dec/2020:10:17:34 +0800] "GET /xingrg/javascript/easyui/themes/default/validatebox.css HTTP/1.1" 404 1104
172.17.0.102 - - [09/Dec/2020:10:17:34 +0800] "GET /xingrg/all/function/internal_message.html?_=1607480253396&CODE_STATE=getMsg HTTP/1.1" 200 27
58.221.95.50 - - [09/Dec/2020:10:17:35 +0800] "GET /xingrg/kc/buy/cgsh_order_add.html HTTP/1.1" 200 59913
58.221.95.50 - - [09/Dec/2020:10:17:36 +0800] "POST /xingrg/kc/buy/cgsh_order_operate.html HTTP/1.1" 200 8245
58.221.95.50 - - [09/Dec/2020:10:17:36 +0800] "GET /xingrg/javascript/easyui/themes/default/validatebox.css HTTP/1.1" 404 1104
114.88.159.147 - - [09/Dec/2020:10:17:36 +0800] "POST /xingrg/kc/buy/cgsh_order_operate.html HTTP/1.1" 200 37
114.88.163.87 - - [09/Dec/2020:10:17:37 +0800] "GET /xingrg/all/function/internal_message.html?_=1607480244768&CODE_STATE=getMsg HTTP/1.1" 200 27
114.88.163.87 - - [09/Dec/2020:10:17:37 +0800] "GET /xingrg/kc/buy/cgsh_order_operate.html?command=get_materiel&rest_code=00111&code=00101015012&supplier_code=00100037&order_time=2020-12-09 HTTP/1.1" 200 412
172.17.200.101 - - [09/Dec/2020:10:17:37 +0800] "GET /xingrg/all/function/internal_message.html?_=1607480258297&CODE_STATE=getMsg HTTP/1.1" 200 27
172.17.0.109 - - [09/Dec/2020:10:17:37 +0800] "GET /xingrg/all/function/internal_message.html?_=1607480265930&CODE_STATE=getMsg HTTP/1.1" 200 27
180.174.56.115 - - [09/Dec/2020:10:17:38 +0800] "POST /xingrg/dwr/call/plaincall/AjaxQqpsService.getMaterielByCode.dwr HTTP/1.1" 200 3658
114.88.163.87 - - [09/Dec/2020:10:17:38 +0800] "GET /xingrg/all/function/internal_message.html?_=1607480256215&CODE_STATE=getMsg HTTP/1.1" 200 27
114.88.159.147 - - [09/Dec/2020:10:17:39 +0800] "GET /xingrg/all/function/internal_message.html?_=1607479835886&CODE_STATE=getMsg HTTP/1.1" 200 27
172.17.0.123 - - [09/Dec/2020:10:17:39 +0800] "GET /xingrg/all/function/internal_message.html?_=1607480182171&CODE_STATE=getMsg HTTP/1.1" 200 27
172.17.0.123 - - [09/Dec/2020:10:17:39 +0800] "GET /xingrg/check_reg.html?_=1607480182175 HTTP/1.1" 200 22
114.88.159.147 - - [09/Dec/2020:10:17:39 +0800] "POST /xingrg/kc/buy/cgsh_order_operate.html HTTP/1.1" 200 12
117.184.7.26 - - [09/Dec/2020:10:17:40 +0800] "GET /xingrg/kc/buy/cgsh_order_operate.html?command=get_materiel&rest_code=00108&code=00101007069&supplier_code=00100010&order_time=2020-12-09 HTTP/1.1" 200 413
114.88.163.87 - - [09/Dec/2020:10:17:40 +0800] "GET /xingrg/all/function/internal_message.html?_=1607480388773&CODE_STATE=getMsg HTTP/1.1" 200 27
114.88.159.147 - - [09/Dec/2020:10:17:40 +0800] "GET /xingrg/kc/buy/cgsh_order_info.html?code=212020120903262 HTTP/1.1" 200 55848
114.88.159.147 - - [09/Dec/2020:10:17:40 +0800] "GET /xingrg/javascript/easyui/themes/default/validatebox.css HTTP/1.1" 404 1104
114.88.159.147 - - [09/Dec/2020:10:17:41 +0800] "POST /xingrg/kc/buy/cgsh_order_operate.html HTTP/1.1" 200 7730
101.85.52.2 - - [09/Dec/2020:10:17:42 +0800] "GET /xingrg/kc/buy/cgsh_order_operate.html?command=get_materiel&rest_code=00145&code=00101028018&supplier_code=00100017&order_time=2020-12-02 HTTP/1.1" 200 467
114.88.159.147 - - [09/Dec/2020:10:17:42 +0800] "GET /xingrg/kc/print/load_data.html?order_code=212020120903262&kc_code=cgsh&condition= HTTP/1.1" 200 3525
101.85.93.83 - - [09/Dec/2020:10:17:43 +0800] "GET /xingrg/all/function/internal_message.html?_=1607479974210&CODE_STATE=getMsg HTTP/1.1" 200 27
101.85.93.83 - - [09/Dec/2020:10:17:43 +0800] "GET /xingrg/check_reg.html?_=1607479974212 HTTP/1.1" 200 22
180.162.223.42 - - [09/Dec/2020:10:17:43 +0800] "GET /xingrg/all/function/internal_message.html?_=1607480263501&CODE_STATE=getMsg HTTP/1.1" 200 27
172.17.0.185 - - [09/Dec/2020:10:17:44 +0800] "GET /xingrg/all/function/internal_message.html?_=1607480262076&CODE_STATE=getMsg HTTP/1.1" 200 27
222.69.133.212 - - [09/Dec/2020:10:17:45 +0800] "GET /xingrg/kc/buy/cgsh_order_operate.html?command=get_materiel&rest_code=00149&code=00101001010&supplier_code=00100039&order_time=2020-12-09 HTTP/1.1" 200 409
114.88.163.87 - - [09/Dec/2020:10:17:47 +0800] "GET /xingrg/kc/buy/cgsh_order_operate.html?command=get_materiel&rest_code=00111&code=00101015039&supplier_code=00100037&order_time=2020-12-09 HTTP/1.1" 200 412
180.174.56.115 - - [09/Dec/2020:10:17:51 +0800] "GET /xingrg/all/function/internal_message.html?_=1607480237035&CODE_STATE=getMsg HTTP/1.1" 200 27
101.85.52.2 - - [09/Dec/2020:10:17:51 +0800] "GET /xingrg/check_reg.html?_=1607480265641 HTTP/1.1" 200 22
114.88.159.147 - - [09/Dec/2020:10:17:51 +0800] "GET /xingrg/kc/buy/cgsh_order_add.html HTTP/1.1" 200 60945
223.167.127.220 - - [09/Dec/2020:10:17:52 +0800] "GET /xingrg/all/function/internal_message.html?_=1607480271141&CODE_STATE=getMsg HTTP/1.1" 302 -
101.85.52.2 - - [09/Dec/2020:10:17:52 +0800] "GET /xingrg/all/function/internal_message.html?_=1607480266191&CODE_STATE=getMsg HTTP/1.1" 200 27
114.88.159.147 - - [09/Dec/2020:10:17:52 +0800] "POST /xingrg/kc/buy/cgsh_order_operate.html HTTP/1.1" 200 8245
114.88.159.147 - - [09/Dec/2020:10:17:52 +0800] "GET /xingrg/javascript/easyui/themes/default/validatebox.css HTTP/1.1" 404 1104
101.85.52.2 - - [09/Dec/2020:10:17:53 +0800] "GET /xingrg/kc/buy/cgsh_order_operate.html?command=get_materiel&rest_code=00145&code=00101028011&supplier_code=00100017&order_time=2020-12-02 HTTP/1.1" 200 476
116.228.172.94 - - [09/Dec/2020:10:17:54 +0800] "GET /xingrg/kc/buy/cgsh_order_operate.html?command=get_materiel&rest_code=00107&code=00101001051&supplier_code=00100094&order_time=2020-12-09 HTTP/1.1" 200 422
180.162.223.42 - - [09/Dec/2020:10:17:54 +0800] "GET /xingrg/all/function/internal_message.html?_=1607480254615&CODE_STATE=getMsg HTTP/1.1" 200 27
180.174.56.115 - - [09/Dec/2020:10:17:58 +0800] "POST /xingrg/dwr/call/plaincall/AjaxQqpsService.saveMaterielItem.dwr HTTP/1.1" 200 78
117.184.7.26 - - [09/Dec/2020:10:17:59 +0800] "GET /xingrg/all/function/internal_message.html?_=1607480273294&CODE_STATE=getMsg HTTP/1.1" 200 27
117.184.7.26 - - [09/Dec/2020:10:18:02 +0800] "GET /xingrg/kc/buy/cgsh_order_operate.html?command=get_materiel&rest_code=00108&code=00101006129&supplier_code=00100010&order_time=2020-12-09 HTTP/1.1" 200 23
180.174.56.115 - - [09/Dec/2020:10:18:02 +0800] "POST /xingrg/dwr/call/plaincall/AjaxQqpsService.getMaterielByCode.dwr HTTP/1.1" 200 3654
222.69.133.212 - - [09/Dec/2020:10:18:03 +0800] "GET /xingrg/all/function/internal_message.html?_=1607480280375&CODE_STATE=getMsg HTTP/1.1" 200 27
120.253.135.82 - - [09/Dec/2020:10:18:04 +0800] "GET /xingrg/all/function/internal_message.html?_=1607480034541&CODE_STATE=getMsg HTTP/1.1" 200 27
114.88.159.147 - - [09/Dec/2020:10:18:06 +0800] "GET /xingrg/all/function/internal_message.html?_=1607480284947&CODE_STATE=getMsg HTTP/1.1" 200 27
222.69.133.212 - - [09/Dec/2020:10:18:06 +0800] "POST /xingrg/kc/buy/cgsh_order_operate.html HTTP/1.1" 200 37
114.88.163.87 - - [09/Dec/2020:10:18:07 +0800] "POST /xingrg/kc/buy/cgsh_order_operate.html HTTP/1.1" 200 88
58.221.95.50 - - [09/Dec/2020:10:18:09 +0800] "GET /xingrg/kc/buy/cgsh_order_operate.html?command=get_materiel&rest_code=00152&code=00101015055&supplier_code=00100151&order_time=2020-12-09 HTTP/1.1" 200 23
114.88.159.147 - - [09/Dec/2020:10:18:10 +0800] "GET /xingrg/kc/buy/cgsh_order_operate.html?command=get_materiel&rest_code=00141&code=00101007081&supplier_code=00100004&order_time=2020-12-09 HTTP/1.1" 200 23
101.85.52.2 - - [09/Dec/2020:10:18:11 +0800] "POST /xingrg/kc/buy/cgsh_order_operate.html HTTP/1.1" 200 37
117.184.7.26 - - [09/Dec/2020:10:18:11 +0800] "POST /xingrg/kc/buy/cgsh_order_operate.html HTTP/1.1" 200 88
116.228.172.94 - - [09/Dec/2020:10:18:12 +0800] "GET /xingrg/check_reg.html?_=1607480289080 HTTP/1.1" 200 22
116.228.172.94 - - [09/Dec/2020:10:18:12 +0800] "POST /xingrg/kc/buy/cgsh_order_operate.html HTTP/1.1" 200 37
101.85.52.2 - - [09/Dec/2020:10:18:12 +0800] "POST /xingrg/kc/buy/cgsh_order_operate.html HTTP/1.1" 200 3319
222.69.133.212 - - [09/Dec/2020:10:18:13 +0800] "POST /xingrg/kc/buy/cgsh_order_operate.html HTTP/1.1" 200 12
114.86.231.216 - - [09/Dec/2020:10:18:14 +0800] "GET /xingrg/kc/buy/cgsh_order_add.html HTTP/1.1" 200 60986
114.86.231.216 - - [09/Dec/2020:10:18:14 +0800] "GET /xingrg/words/20201209101248_words.js HTTP/1.1" 200 779937
117.184.7.26 - - [09/Dec/2020:10:18:15 +0800] "POST /xingrg/kc/buy/cgsh_order_operate.html HTTP/1.1" 200 37
116.228.172.94 - - [09/Dec/2020:10:18:15 +0800] "POST /xingrg/kc/buy/cgsh_order_operate.html HTTP/1.1" 200 2672
101.85.52.2 - - [09/Dec/2020:10:18:15 +0800] "GET /xingrg/kc/print/load_data.html?order_code=212020120903265&kc_code=cgsh&condition= HTTP/1.1" 200 1033
114.86.231.216 - - [09/Dec/2020:10:18:15 +0800] "POST /xingrg/kc/buy/cgsh_order_operate.html HTTP/1.1" 200 8245
114.86.231.216 - - [09/Dec/2020:10:18:15 +0800] "GET /xingrg/javascript/easyui/themes/default/validatebox.css HTTP/1.1" 404 1104
222.69.133.212 - - [09/Dec/2020:10:18:15 +0800] "GET /xingrg/kc/buy/cgsh_order_info.html?code=212020120903263 HTTP/1.1" 200 55895
117.184.7.26 - - [09/Dec/2020:10:18:16 +0800] "POST /xingrg/kc/buy/cgsh_order_operate.html HTTP/1.1" 200 3830
116.228.172.94 - - [09/Dec/2020:10:18:16 +0800] "GET /xingrg/kc/print/load_data.html?order_code=212020120903267&kc_code=cgsh&condition= HTTP/1.1" 200 758
222.69.133.212 - - [09/Dec/2020:10:18:16 +0800] "GET /xingrg/words/20201209101248_words.js HTTP/1.1" 200 779937
222.69.133.212 - - [09/Dec/2020:10:18:16 +0800] "GET /xingrg/javascript/easyui/themes/default/validatebox.css HTTP/1.1" 404 1104
222.69.133.212 - - [09/Dec/2020:10:18:17 +0800] "POST /xingrg/kc/buy/cgsh_order_operate.html HTTP/1.1" 200 2984
180.174.56.115 - - [09/Dec/2020:10:18:17 +0800] "GET /xingrg/all/function/internal_message.html?_=1607480298041&CODE_STATE=getMsg HTTP/1.1" 200 27
222.69.133.109 - - [09/Dec/2020:10:18:17 +0800] "GET /xingrg/all/function/internal_message.html?_=1607480297636&CODE_STATE=getMsg HTTP/1.1" 200 27
101.85.52.2 - - [09/Dec/2020:10:18:18 +0800] "GET /xingrg/kc/buy/cgsh_order_add.html HTTP/1.1" 200 60058
114.88.163.87 - - [09/Dec/2020:10:18:18 +0800] "POST /xingrg/kc/buy/cgsh_order_operate.html HTTP/1.1" 200 37
101.85.52.2 - - [09/Dec/2020:10:18:18 +0800] "GET /xingrg/words/20201209101248_words.js HTTP/1.1" 304 -
222.69.133.212 - - [09/Dec/2020:10:18:18 +0800] "GET /xingrg/kc/print/load_data.html?order_code=212020120903263&kc_code=cgsh&condition= HTTP/1.1" 200 1635
101.85.52.2 - - [09/Dec/2020:10:18:18 +0800] "POST /xingrg/kc/buy/cgsh_order_operate.html HTTP/1.1" 200 8245
101.85.52.2 - - [09/Dec/2020:10:18:18 +0800] "GET /xingrg/javascript/easyui/themes/default/validatebox.css HTTP/1.1" 404 1104
117.184.7.30 - - [09/Dec/2020:10:18:20 +0800] "GET /xingrg/login.html HTTP/1.1" 200 7641
117.185.32.26 - - [09/Dec/2020:10:18:21 +0800] "GET /xingrg/all/function/internal_message.html?_=1607480298439&CODE_STATE=getMsg HTTP/1.1" 200 27
180.152.104.37 - - [09/Dec/2020:10:18:21 +0800] "GET /xingrg/all/function/internal_message.html?_=1607480528535&CODE_STATE=getMsg HTTP/1.1" 200 27
117.184.7.30 - - [09/Dec/2020:10:18:21 +0800] "GET /favicon.ico HTTP/1.1" 404 -
58.221.95.50 - - [09/Dec/2020:10:18:22 +0800] "POST /xingrg/kc/buy/cgsh_list_operate.html HTTP/1.1" 200 5798
58.221.95.50 - - [09/Dec/2020:10:18:22 +0800] "GET /xingrg/all/function/internal_message.html?_=1607480320731&CODE_STATE=getMsg HTTP/1.1" 200 27
180.174.56.115 - - [09/Dec/2020:10:18:23 +0800] "POST /xingrg/dwr/call/plaincall/AjaxQqpsService.saveMaterielItem.dwr HTTP/1.1" 200 78
58.221.95.50 - - [09/Dec/2020:10:18:23 +0800] "GET /xingrg/kc/buy/cgsh_order_add.html HTTP/1.1" 200 59913
58.221.95.50 - - [09/Dec/2020:10:18:24 +0800] "POST /xingrg/kc/buy/cgsh_order_operate.html HTTP/1.1" 200 8245
58.221.95.50 - - [09/Dec/2020:10:18:24 +0800] "GET /xingrg/javascript/easyui/themes/default/validatebox.css HTTP/1.1" 404 1104
114.86.231.216 - - [09/Dec/2020:10:18:24 +0800] "GET /xingrg/all/function/internal_message.html?_=1607480304901&CODE_STATE=getMsg HTTP/1.1" 200 27
117.185.32.26 - - [09/Dec/2020:10:18:25 +0800] "GET /xingrg/all/function/internal_message.html?_=1607480761748&CODE_STATE=getMsg HTTP/1.1" 200 27
117.184.7.30 - - [09/Dec/2020:10:18:25 +0800] "POST /xingrg/login.do HTTP/1.1" 302 -
117.184.7.30 - - [09/Dec/2020:10:18:25 +0800] "GET /xingrg/index.html?sysBaseUrl=http%3A%2F%2F180.169.147.146%3A18081%2Fxingrg%2F&costTime=38×tamp=1607480305650 HTTP/1.1" 200 17179
117.184.7.30 - - [09/Dec/2020:10:18:26 +0800] "GET /favicon.ico HTTP/1.1" 404 -
117.184.7.30 - - [09/Dec/2020:10:18:26 +0800] "POST /xingrg/all/common/load_tree.html?tree=area_rest_tree_json&manage=1 HTTP/1.1" 200 470
117.184.7.30 - - [09/Dec/2020:10:18:26 +0800] "GET /xingrg/check_reg.html?_=1607480300101 HTTP/1.1" 200 22
117.184.7.26 - - [09/Dec/2020:10:18:26 +0800] "GET /xingrg/all/function/internal_message.html?_=1607480300100&CODE_STATE=count HTTP/1.1" 200 11
117.184.7.30 - - [09/Dec/2020:10:18:26 +0800] "POST /xingrg/load_menu.html HTTP/1.1" 200 5138
114.84.32.187 - - [09/Dec/2020:10:18:27 +0800] "GET /xingrg/all/function/internal_message.html?_=1607480318044&CODE_STATE=getMsg HTTP/1.1" 200 27
101.85.52.2 - - [09/Dec/2020:10:18:27 +0800] "GET /xingrg/kc/buy/cgsh_order_operate.html?command=get_materiel&rest_code=00145&code=00101008024&supplier_code=00100007&order_time=2020-12-02 HTTP/1.1" 200 408
180.174.56.115 - - [09/Dec/2020:10:18:28 +0800] "POST /xingrg/dwr/call/plaincall/AjaxQqpsService.getMaterielByCode.dwr HTTP/1.1" 200 3630
117.184.7.30 - - [09/Dec/2020:10:18:29 +0800] "POST /xingrg/all/user/operate.html HTTP/1.1" 200 36
114.88.163.87 - - [09/Dec/2020:10:18:29 +0800] "POST /xingrg/kc/buy/cgsh_order_operate.html HTTP/1.1" 200 12744
117.184.7.30 - - [09/Dec/2020:10:18:29 +0800] "GET /xingrg/index.html?sysBaseUrl=http%3A%2F%2F180.169.147.146%3A18081%2Fxingrg%2F&costTime=38×tamp=1607480305650 HTTP/1.1" 200 17173
117.184.7.30 - - [09/Dec/2020:10:18:29 +0800] "GET /xingrg/javascript/jquery_easy_ui/themes/default/easyui.css HTTP/1.1" 304 -
117.184.7.30 - - [09/Dec/2020:10:18:29 +0800] "GET /xingrg/javascript/jquery_easy_ui/themes/icon.css HTTP/1.1" 304 -
117.184.7.30 - - [09/Dec/2020:10:18:29 +0800] "GET /xingrg/css/form.css HTTP/1.1" 304 -
117.184.7.30 - - [09/Dec/2020:10:18:29 +0800] "GET /xingrg/javascript/jquery-1.4.2.min.js HTTP/1.1" 304 -
117.184.7.30 - - [09/Dec/2020:10:18:29 +0800] "GET /xingrg/javascript/jquery_easy_ui/jquery.easyui.min.js HTTP/1.1" 304 -
117.184.7.30 - - [09/Dec/2020:10:18:29 +0800] "GET /xingrg/javascript/jquery_easy_ui/easyui-lang-zh_CN.js HTTP/1.1" 304 -
117.184.7.30 - - [09/Dec/2020:10:18:29 +0800] "GET /xingrg/javascript/jquery.form.js HTTP/1.1" 304 -
117.184.7.30 - - [09/Dec/2020:10:18:29 +0800] "GET /xingrg/javascript/jquery.utils.js HTTP/1.1" 304 -
117.184.7.30 - - [09/Dec/2020:10:18:29 +0800] "GET /xingrg/javascript/jquery.timers.js HTTP/1.1" 304 -
117.184.7.30 - - [09/Dec/2020:10:18:29 +0800] "GET /xingrg/images/blue/jxLogo.png HTTP/1.1" 304 -
117.184.7.26 - - [09/Dec/2020:10:18:29 +0800] "GET /xingrg/javascript/jquery_easy_ui/themes/icons/settle_new.png HTTP/1.1" 304 -
117.184.7.30 - - [09/Dec/2020:10:18:29 +0800] "GET /xingrg/images/blue/navBackgound.jpg HTTP/1.1" 304 -
117.184.7.26 - - [09/Dec/2020:10:18:29 +0800] "POST /xingrg/all/common/load_tree.html?tree=area_rest_tree_json&manage=1 HTTP/1.1" 200 470
117.184.7.30 - - [09/Dec/2020:10:18:29 +0800] "GET /xingrg/all/function/internal_message.html?_=1607480303029&CODE_STATE=count HTTP/1.1" 200 11
117.184.7.30 - - [09/Dec/2020:10:18:29 +0800] "GET /xingrg/check_reg.html?_=1607480303048 HTTP/1.1" 200 22
117.184.7.26 - - [09/Dec/2020:10:18:29 +0800] "GET /xingrg/images/blue/pingpu.png HTTP/1.1" 304 -
117.184.7.30 - - [09/Dec/2020:10:18:29 +0800] "GET /xingrg/javascript/jquery_easy_ui/themes/default/images/tabs_leftarrow.png HTTP/1.1" 304 -
117.184.7.30 - - [09/Dec/2020:10:18:29 +0800] "GET /xingrg/javascript/jquery_easy_ui/themes/default/images/panel_tool_collapse.gif HTTP/1.1" 304 -
117.184.7.30 - - [09/Dec/2020:10:18:29 +0800] "GET /xingrg/javascript/jquery_easy_ui/themes/default/images/tabs_rightarrow.png HTTP/1.1" 304 -
117.184.7.26 - - [09/Dec/2020:10:18:29 +0800] "POST /xingrg/load_menu.html HTTP/1.1" 200 5138
180.174.56.115 - - [09/Dec/2020:10:18:29 +0800] "POST /xingrg/dwr/call/plaincall/AjaxQqpsService.saveMaterielItem.dwr HTTP/1.1" 200 79
117.184.7.26 - - [09/Dec/2020:10:18:31 +0800] "GET /xingrg/kc/buy/buy_main.html HTTP/1.1" 200 12412
117.184.7.26 - - [09/Dec/2020:10:18:31 +0800] "GET /xingrg/css/new_ie.css HTTP/1.1" 404 1036
117.184.7.30 - - [09/Dec/2020:10:18:32 +0800] "GET /xingrg/images/yd/bt.gif HTTP/1.1" 404 1040
114.84.32.187 - - [09/Dec/2020:10:18:32 +0800] "GET /xingrg/all/function/internal_message.html?_=1607480333706&CODE_STATE=getMsg HTTP/1.1" 302 -
117.184.7.30 - - [09/Dec/2020:10:18:33 +0800] "GET /xingrg/kc/buy/cgsh_order_list.html HTTP/1.1" 200 45202
172.17.0.102 - - [09/Dec/2020:10:18:34 +0800] "GET /xingrg/all/function/internal_message.html?_=1607480313396&CODE_STATE=getMsg HTTP/1.1" 200 27
117.184.7.30 - - [09/Dec/2020:10:18:34 +0800] "POST /xingrg/kc/buy/cgsh_list_operate.html HTTP/1.1" 200 3442
117.184.7.30 - - [09/Dec/2020:10:18:36 +0800] "POST /xingrg/kc/buy/cgsh_list_operate.html HTTP/1.1" 200 344
117.184.7.30 - - [09/Dec/2020:10:18:36 +0800] "GET /xingrg/kc/buy/cgsh_order_info.html?code=212020120903268 HTTP/1.1" 200 60907
117.184.7.30 - - [09/Dec/2020:10:18:37 +0800] "GET /xingrg/words/20201209101248_words.js HTTP/1.1" 304 -
114.88.163.87 - - [09/Dec/2020:10:18:37 +0800] "GET /xingrg/all/function/internal_message.html?_=1607480304760&CODE_STATE=getMsg HTTP/1.1" 200 27
117.184.7.30 - - [09/Dec/2020:10:18:37 +0800] "GET /xingrg/all/common/auto_word.html?type=employee&rest_code=00108 HTTP/1.1" 200 147
117.184.7.30 - - [09/Dec/2020:10:18:37 +0800] "GET /xingrg/javascript/easyui/themes/default/validatebox.css HTTP/1.1" 404 1104
117.184.7.30 - - [09/Dec/2020:10:18:37 +0800] "GET /xingrg/all/common/auto_word.html?type=employee&rest_code=00108 HTTP/1.1" 200 147
114.88.163.87 - - [09/Dec/2020:10:18:37 +0800] "GET /xingrg/kc/print/load_data.html?order_code=212020120903269&kc_code=cgsh&condition= HTTP/1.1" 200 4541
172.17.200.101 - - [09/Dec/2020:10:18:37 +0800] "GET /xingrg/all/function/internal_message.html?_=1607480318303&CODE_STATE=getMsg HTTP/1.1" 200 27
117.184.7.30 - - [09/Dec/2020:10:18:37 +0800] "POST /xingrg/kc/buy/cgsh_order_operate.html HTTP/1.1" 200 3830
172.17.0.109 - - [09/Dec/2020:10:18:37 +0800] "GET /xingrg/all/function/internal_message.html?_=1607480325932&CODE_STATE=getMsg HTTP/1.1" 200 27
114.88.163.87 - - [09/Dec/2020:10:18:38 +0800] "GET /xingrg/all/function/internal_message.html?_=1607480316219&CODE_STATE=getMsg HTTP/1.1" 200 27
114.88.159.147 - - [09/Dec/2020:10:18:39 +0800] "GET /xingrg/all/function/internal_message.html?_=1607479895885&CODE_STATE=getMsg HTTP/1.1" 200 27
172.17.0.123 - - [09/Dec/2020:10:18:39 +0800] "GET /xingrg/all/function/internal_message.html?_=1607480242175&CODE_STATE=getMsg HTTP/1.1" 200 27
114.88.163.87 - - [09/Dec/2020:10:18:40 +0800] "GET /xingrg/all/function/internal_message.html?_=1607480448781&CODE_STATE=getMsg HTTP/1.1" 200 27
117.184.7.30 - - [09/Dec/2020:10:18:40 +0800] "GET /xingrg/javascript/auto/indicator.gif HTTP/1.1" 404 1066
117.184.7.30 - - [09/Dec/2020:10:18:41 +0800] "GET /xingrg/kc/buy/cgsh_order_operate.html?command=get_materiel&rest_code=00108&code=00102018053&supplier_code=00100010&order_time=2020-12-09 HTTP/1.1" 200 394
101.85.93.83 - - [09/Dec/2020:10:18:43 +0800] "GET /xingrg/all/function/internal_message.html?_=1607480034133&CODE_STATE=getMsg HTTP/1.1" 200 27
180.162.223.42 - - [09/Dec/2020:10:18:43 +0800] "GET /xingrg/all/function/internal_message.html?_=1607480323510&CODE_STATE=getMsg HTTP/1.1" 200 27
180.162.223.42 - - [09/Dec/2020:10:18:43 +0800] "GET /xingrg/check_reg.html?_=1607480323516 HTTP/1.1" 200 22
172.17.0.185 - - [09/Dec/2020:10:18:44 +0800] "GET /xingrg/all/function/internal_message.html?_=1607480322065&CODE_STATE=getMsg HTTP/1.1" 200 27
117.184.7.30 - - [09/Dec/2020:10:18:46 +0800] "GET /xingrg/kc/buy/cgsh_order_operate.html?command=get_materiel&rest_code=00108&code=00101006184&supplier_code=00100010&order_time=2020-12-09 HTTP/1.1" 200 408
180.174.56.115 - - [09/Dec/2020:10:18:46 +0800] "POST /xingrg/dwr/call/plaincall/AjaxQqpsService.getMaterielByCode.dwr HTTP/1.1" 200 3591
180.174.56.115 - - [09/Dec/2020:10:18:51 +0800] "GET /xingrg/all/function/internal_message.html?_=1607480297048&CODE_STATE=getMsg HTTP/1.1" 200 27
101.85.52.2 - - [09/Dec/2020:10:18:52 +0800] "GET /xingrg/all/function/internal_message.html?_=1607480326153&CODE_STATE=getMsg HTTP/1.1" 200 27
223.167.127.220 - - [09/Dec/2020:10:18:52 +0800] "GET /xingrg/all/function/internal_message.html?_=1607480331142&CODE_STATE=getMsg HTTP/1.1" 302 -
101.85.52.2 - - [09/Dec/2020:10:18:52 +0800] "POST /xingrg/kc/buy/cgsh_list_operate.html HTTP/1.1" 200 3853
180.174.56.115 - - [09/Dec/2020:10:18:52 +0800] "POST /xingrg/dwr/call/plaincall/AjaxQqpsService.saveMaterielItem.dwr HTTP/1.1" 200 79
180.162.223.42 - - [09/Dec/2020:10:18:54 +0800] "GET /xingrg/all/function/internal_message.html?_=1607480314615&CODE_STATE=getMsg HTTP/1.1" 200 27
101.85.52.2 - - [09/Dec/2020:10:18:55 +0800] "POST /xingrg/kc/buy/cgsh_list_operate.html HTTP/1.1" 200 271
101.85.52.2 - - [09/Dec/2020:10:18:56 +0800] "POST /xingrg/kc/buy/cgsh_list_operate.html HTTP/1.1" 200 554
101.91.60.108 - - [09/Dec/2020:10:18:57 +0800] "GET /xingrg/all/function/internal_message.html?_=1607479685164&CODE_STATE=getMsg HTTP/1.1" 302 -
117.184.7.30 - - [09/Dec/2020:10:18:57 +0800] "GET /xingrg/kc/buy/cgsh_order_operate.html?command=get_materiel&rest_code=00108&code=00101006112&supplier_code=00100010&order_time=2020-12-09 HTTP/1.1" 200 409
101.85.52.2 - - [09/Dec/2020:10:18:57 +0800] "POST /xingrg/kc/buy/cgsh_list_operate.html HTTP/1.1" 200 271
101.85.52.2 - - [09/Dec/2020:10:18:58 +0800] "POST /xingrg/kc/buy/cgsh_list_operate.html HTTP/1.1" 200 282
58.221.95.50 - - [09/Dec/2020:10:18:59 +0800] "POST /xingrg/kc/buy/cgsh_list_operate.html HTTP/1.1" 200 5798
101.91.60.108 - - [09/Dec/2020:10:19:01 +0800] "GET /xingrg/login.html HTTP/1.1" 200 7641
180.174.56.115 - - [09/Dec/2020:10:19:02 +0800] "POST /xingrg/dwr/call/plaincall/AjaxQqpsService.getMaterielByCode.dwr HTTP/1.1" 200 3689
222.69.133.212 - - [09/Dec/2020:10:19:03 +0800] "GET /xingrg/all/function/internal_message.html?_=1607480340387&CODE_STATE=getMsg HTTP/1.1" 200 27
117.184.7.30 - - [09/Dec/2020:10:19:03 +0800] "GET /xingrg/kc/buy/cgsh_order_operate.html?command=get_materiel&rest_code=00108&code=00101006111&supplier_code=00100010&order_time=2020-12-09 HTTP/1.1" 200 409
120.253.135.82 - - [09/Dec/2020:10:19:05 +0800] "GET /xingrg/all/function/internal_message.html?_=1607480094633&CODE_STATE=getMsg HTTP/1.1" 200 27
101.85.52.2 - - [09/Dec/2020:10:19:07 +0800] "POST /xingrg/kc/buy/cgsh_list_operate.html HTTP/1.1" 200 4
101.85.52.2 - - [09/Dec/2020:10:19:09 +0800] "POST /xingrg/kc/buy/cgsh_list_operate.html HTTP/1.1" 200 2409
117.184.7.30 - - [09/Dec/2020:10:19:09 +0800] "GET /xingrg/kc/buy/cgsh_order_operate.html?command=get_materiel&rest_code=00108&code=00101006129&supplier_code=00100010&order_time=2020-12-09 HTTP/1.1" 200 431
101.85.52.2 - - [09/Dec/2020:10:19:11 +0800] "GET /xingrg/kc/buy/cgsh_order_add.html HTTP/1.1" 200 60058
101.85.52.2 - - [09/Dec/2020:10:19:11 +0800] "GET /xingrg/words/20201209101248_words.js HTTP/1.1" 304 -
101.85.52.2 - - [09/Dec/2020:10:19:11 +0800] "POST /xingrg/kc/buy/cgsh_order_operate.html HTTP/1.1" 200 8245
101.85.52.2 - - [09/Dec/2020:10:19:11 +0800] "GET /xingrg/javascript/easyui/themes/default/validatebox.css HTTP/1.1" 404 1104
116.228.172.94 - - [09/Dec/2020:10:19:13 +0800] "GET /xingrg/all/function/internal_message.html?_=1607480350356&CODE_STATE=getMsg HTTP/1.1" 200 27
114.88.159.147 - - [09/Dec/2020:10:19:14 +0800] "GET /xingrg/index.html?sysBaseUrl=http%3A%2F%2F180.169.147.146%3A18081%2Fxingrg%2F&costTime=34×tamp=1585622960984 HTTP/1.1" 200 17179
114.88.159.147 - - [09/Dec/2020:10:19:14 +0800] "GET /xingrg/css/form.css HTTP/1.1" 200 893
114.88.159.147 - - [09/Dec/2020:10:19:14 +0800] "GET /xingrg/javascript/jquery_easy_ui/jquery.easyui.min.js HTTP/1.1" 200 213662
114.88.159.147 - - [09/Dec/2020:10:19:14 +0800] "GET /xingrg/javascript/jquery_easy_ui/easyui-lang-zh_CN.js HTTP/1.1" 200 1900
114.88.159.147 - - [09/Dec/2020:10:19:14 +0800] "GET /xingrg/javascript/jquery.timers.js HTTP/1.1" 200 3532
114.88.159.147 - - [09/Dec/2020:10:19:14 +0800] "GET /xingrg/images/blue/jxLogo.png HTTP/1.1" 200 6156
114.88.159.147 - - [09/Dec/2020:10:19:14 +0800] "GET /xingrg/javascript/jquery.form.js HTTP/1.1" 200 23110
114.88.159.147 - - [09/Dec/2020:10:19:15 +0800] "GET /xingrg/javascript/jquery_easy_ui/themes/icons/settle_new.png HTTP/1.1" 200 826
114.88.159.147 - - [09/Dec/2020:10:19:15 +0800] "GET /xingrg/images/blue/navBackgound.jpg HTTP/1.1" 200 12378
114.88.159.147 - - [09/Dec/2020:10:19:15 +0800] "POST /xingrg/all/common/load_tree.html?tree=area_rest_tree_json&manage=1 HTTP/1.1" 200 351
114.88.159.147 - - [09/Dec/2020:10:19:15 +0800] "GET /xingrg/all/function/internal_message.html?_=1607480353413&CODE_STATE=count HTTP/1.1" 200 11
114.88.159.147 - - [09/Dec/2020:10:19:15 +0800] "GET /xingrg/check_reg.html?_=1607480353414 HTTP/1.1" 200 22
114.88.159.147 - - [09/Dec/2020:10:19:15 +0800] "GET /xingrg/images/blue/pingpu.png HTTP/1.1" 200 231
114.88.159.147 - - [09/Dec/2020:10:19:15 +0800] "GET /xingrg/javascript/jquery_easy_ui/themes/default/images/tabs_leftarrow.png HTTP/1.1" 200 389
114.88.159.147 - - [09/Dec/2020:10:19:15 +0800] "GET /xingrg/javascript/jquery_easy_ui/themes/default/images/tabs_rightarrow.png HTTP/1.1" 200 395
114.88.159.147 - - [09/Dec/2020:10:19:15 +0800] "GET /xingrg/javascript/jquery_easy_ui/themes/default/images/panel_tool_collapse.gif HTTP/1.1" 200 246
114.88.159.147 - - [09/Dec/2020:10:19:15 +0800] "GET /xingrg/javascript/jquery_easy_ui/themes/default/images/tree_arrows.gif HTTP/1.1" 200 1043
114.88.159.147 - - [09/Dec/2020:10:19:15 +0800] "POST /xingrg/load_menu.html HTTP/1.1" 200 5138
114.88.159.147 - - [09/Dec/2020:10:19:15 +0800] "GET /favicon.ico HTTP/1.1" 404 -
114.88.159.147 - - [09/Dec/2020:10:19:15 +0800] "GET /xingrg/javascript/jquery_easy_ui/themes/icons/search_new.png HTTP/1.1" 200 586
114.88.159.147 - - [09/Dec/2020:10:19:15 +0800] "GET /xingrg/javascript/jquery_easy_ui/themes/default/images/tree_folder_open.gif HTTP/1.1" 200 956
114.88.159.147 - - [09/Dec/2020:10:19:15 +0800] "GET /xingrg/javascript/jquery_easy_ui/themes/default/images/tree_folder.gif HTTP/1.1" 200 952
114.88.159.147 - - [09/Dec/2020:10:19:15 +0800] "GET /xingrg/javascript/jquery_easy_ui/themes/icons/storage_new.png HTTP/1.1" 200 853
114.88.159.147 - - [09/Dec/2020:10:19:15 +0800] "GET /xingrg/javascript/jquery_easy_ui/themes/icons/forms_new.png HTTP/1.1" 200 350
114.88.159.147 - - [09/Dec/2020:10:19:15 +0800] "GET /xingrg/javascript/jquery_easy_ui/themes/default/images/tree_file.gif HTTP/1.1" 200 118
114.88.159.147 - - [09/Dec/2020:10:19:16 +0800] "GET /xingrg/javascript/jquery_easy_ui/themes/default/images/tabs_close.gif HTTP/1.1" 200 829
114.88.159.147 - - [09/Dec/2020:10:19:16 +0800] "GET /xingrg/kc/buy/buy_main.html HTTP/1.1" 200 12412
114.88.159.147 - - [09/Dec/2020:10:19:16 +0800] "GET /xingrg/css/new_ie.css HTTP/1.1" 404 1036
114.88.159.147 - - [09/Dec/2020:10:19:16 +0800] "GET /xingrg/images/blue/button/cgxqd.gif HTTP/1.1" 200 2619
114.88.159.147 - - [09/Dec/2020:10:19:16 +0800] "GET /xingrg/images/blue/button/cgshd.gif HTTP/1.1" 200 2618
114.88.159.147 - - [09/Dec/2020:10:19:16 +0800] "GET /xingrg/images/blue/button/cgydd.gif HTTP/1.1" 200 2712
114.88.159.147 - - [09/Dec/2020:10:19:16 +0800] "GET /xingrg/images/blue/button/kc.gif HTTP/1.1" 200 2160
114.88.159.147 - - [09/Dec/2020:10:19:16 +0800] "GET /xingrg/images/blue/button/cgfkd.gif HTTP/1.1" 200 2075
114.88.159.147 - - [09/Dec/2020:10:19:16 +0800] "GET /xingrg/images/blue/button/ckthd.gif HTTP/1.1" 200 2045
114.88.159.147 - - [09/Dec/2020:10:19:16 +0800] "GET /xingrg/images/blue/pic_form2.gif HTTP/1.1" 200 1853
114.88.159.147 - - [09/Dec/2020:10:19:16 +0800] "GET /xingrg/images/blue/bg_dotted.jpg HTTP/1.1" 200 319
114.88.159.147 - - [09/Dec/2020:10:19:16 +0800] "GET /xingrg/javascript/jquery_ui/themes/humanity/images/ui-bg_inset-soft_100_f4f0ec_1x100.png HTTP/1.1" 200 141
114.88.159.147 - - [09/Dec/2020:10:19:16 +0800] "GET /xingrg/images/blue/button/right_ah.jpg HTTP/1.1" 200 1744
114.88.159.147 - - [09/Dec/2020:10:19:16 +0800] "GET /xingrg/images/blue/button/down_ah.jpg HTTP/1.1" 200 1732
114.88.159.147 - - [09/Dec/2020:10:19:16 +0800] "GET /xingrg/javascript/jquery_ui/themes/humanity/images/ui-iconsnew.jpg HTTP/1.1" 200 337
114.88.159.147 - - [09/Dec/2020:10:19:16 +0800] "GET /xingrg/javascript/jquery_ui/themes/humanity/images/ui-icons_ffffff_256x240.png HTTP/1.1" 200 4369
114.88.159.147 - - [09/Dec/2020:10:19:16 +0800] "GET /xingrg/javascript/jquery_ui/themes/humanity/images/ui-icons_c47a23_256x240.png HTTP/1.1" 200 5355
114.88.159.147 - - [09/Dec/2020:10:19:16 +0800] "GET /xingrg/javascript/jquery_ui/themes/humanity/images/ui-bg_glass_70_ede4d4_1x400.png HTTP/1.1" 200 161
114.88.159.147 - - [09/Dec/2020:10:19:16 +0800] "GET /xingrg/images/yd/bt.gif HTTP/1.1" 404 1040
180.174.56.115 - - [09/Dec/2020:10:19:17 +0800] "GET /xingrg/all/function/internal_message.html?_=1607480358034&CODE_STATE=getMsg HTTP/1.1" 200 27
117.184.7.30 - - [09/Dec/2020:10:19:17 +0800] "POST /xingrg/kc/buy/cgsh_order_operate.html HTTP/1.1" 200 2065
114.88.159.147 - - [09/Dec/2020:10:19:17 +0800] "GET /xingrg/kc/buy/cgsh_order_list.html HTTP/1.1" 200 45208
114.88.159.147 - - [09/Dec/2020:10:19:17 +0800] "GET /xingrg/javascript/easyui/themes/icons/import_new.png HTTP/1.1" 200 1247
114.88.159.147 - - [09/Dec/2020:10:19:17 +0800] "GET /xingrg/javascript/easyui/themes/icons/check_new.png HTTP/1.1" 200 3224
114.88.159.147 - - [09/Dec/2020:10:19:17 +0800] "GET /xingrg/javascript/easyui/themes/icons/field_new.png HTTP/1.1" 200 1097
114.88.159.147 - - [09/Dec/2020:10:19:17 +0800] "GET /xingrg/javascript/easyui/themes/icons/cance_new.png HTTP/1.1" 200 3986
114.88.159.147 - - [09/Dec/2020:10:19:17 +0800] "GET /xingrg/javascript/easyui/themes/icons/edit_add_new.png HTTP/1.1" 200 2997
222.69.133.109 - - [09/Dec/2020:10:19:17 +0800] "GET /xingrg/all/function/internal_message.html?_=1607480357618&CODE_STATE=getMsg HTTP/1.1" 200 27
114.88.159.147 - - [09/Dec/2020:10:19:17 +0800] "GET /xingrg/images/control/ajaxLoader.gif HTTP/1.1" 200 4659
114.88.159.147 - - [09/Dec/2020:10:19:18 +0800] "POST /xingrg/kc/buy/cgsh_list_operate.html HTTP/1.1" 200 876
114.88.159.147 - - [09/Dec/2020:10:19:18 +0800] "GET /xingrg/javascript/easyui/themes/default/images/button_plain_hover.png HTTP/1.1" 200 144
114.88.159.147 - - [09/Dec/2020:10:19:19 +0800] "GET /xingrg/kc/buy/cgsh_order_add.html HTTP/1.1" 200 60945
114.88.159.147 - - [09/Dec/2020:10:19:19 +0800] "GET /xingrg/words/20201209101248_words.js HTTP/1.1" 304 -
114.88.159.147 - - [09/Dec/2020:10:19:19 +0800] "GET /xingrg/javascript/easyui/themes/icons/ok.png HTTP/1.1" 200 883
114.88.159.147 - - [09/Dec/2020:10:19:19 +0800] "GET /xingrg/javascript/easyui/themes/icons/template_new.png HTTP/1.1" 200 3956
114.88.159.147 - - [09/Dec/2020:10:19:19 +0800] "GET /xingrg/javascript/easyui/themes/icons/copy_new.png HTTP/1.1" 200 815
114.88.159.147 - - [09/Dec/2020:10:19:19 +0800] "GET /xingrg/javascript/easyui/themes/icons/print.png HTTP/1.1" 200 1057
114.88.159.147 - - [09/Dec/2020:10:19:19 +0800] "GET /xingrg/javascript/easyui/themes/default/images/menu_downarrow.png HTTP/1.1" 200 173
114.88.159.147 - - [09/Dec/2020:10:19:19 +0800] "GET /xingrg/javascript/easyui/themes/icons/cancel.png HTTP/1.1" 200 1133
114.88.159.147 - - [09/Dec/2020:10:19:19 +0800] "POST /xingrg/kc/buy/cgsh_order_operate.html HTTP/1.1" 200 8245
114.88.159.147 - - [09/Dec/2020:10:19:19 +0800] "GET /xingrg/all/common/auto_word.html?type=employee&rest_code=00141 HTTP/1.1" 200 201
114.88.159.147 - - [09/Dec/2020:10:19:19 +0800] "GET /xingrg/javascript/easyui/themes/default/validatebox.css HTTP/1.1" 404 1104
114.88.159.147 - - [09/Dec/2020:10:19:19 +0800] "GET /xingrg/all/common/auto_word.html?type=employee&rest_code=00141 HTTP/1.1" 200 201
58.221.95.50 - - [09/Dec/2020:10:19:19 +0800] "POST /xingrg/kc/buy/cgsh_list_operate.html HTTP/1.1" 200 5798
114.88.159.147 - - [09/Dec/2020:10:19:19 +0800] "GET /xingrg/javascript/easyui/themes/icons/edit_remove.png HTTP/1.1" 200 625
117.185.32.26 - - [09/Dec/2020:10:19:21 +0800] "GET /xingrg/all/function/internal_message.html?_=1607480358419&CODE_STATE=getMsg HTTP/1.1" 200 27
180.152.104.37 - - [09/Dec/2020:10:19:21 +0800] "GET /xingrg/all/function/internal_message.html?_=1607480588550&CODE_STATE=getMsg HTTP/1.1" 200 27
114.88.159.147 - - [09/Dec/2020:10:19:21 +0800] "GET /xingrg/javascript/auto/indicator.gif HTTP/1.1" 404 1066
114.88.159.147 - - [09/Dec/2020:10:19:21 +0800] "GET /xingrg/javascript/jquery_tools/images/prev.gif HTTP/1.1" 404 1086
114.88.159.147 - - [09/Dec/2020:10:19:21 +0800] "GET /xingrg/javascript/jquery_tools/images/next.gif HTTP/1.1" 404 1086
58.221.95.50 - - [09/Dec/2020:10:19:22 +0800] "GET /xingrg/check_reg.html?_=1607480380726 HTTP/1.1" 200 22
58.221.95.50 - - [09/Dec/2020:10:19:22 +0800] "GET /xingrg/all/function/internal_message.html?_=1607480380728&CODE_STATE=getMsg HTTP/1.1" 200 27
120.253.135.82 - - [09/Dec/2020:10:19:22 +0800] "GET /xingrg/check_reg.html?_=1607480476973 HTTP/1.1" 302 -
114.86.231.216 - - [09/Dec/2020:10:19:24 +0800] "GET /xingrg/all/function/internal_message.html?_=1607480364900&CODE_STATE=getMsg HTTP/1.1" 200 27
117.185.32.26 - - [09/Dec/2020:10:19:25 +0800] "GET /xingrg/all/function/internal_message.html?_=1607480821748&CODE_STATE=getMsg HTTP/1.1" 200 27
114.84.32.187 - - [09/Dec/2020:10:19:27 +0800] "GET /xingrg/all/function/internal_message.html?_=1607480378296&CODE_STATE=getMsg HTTP/1.1" 200 27
117.184.7.30 - - [09/Dec/2020:10:19:29 +0800] "GET /xingrg/all/function/internal_message.html?_=1607480363064&CODE_STATE=getMsg HTTP/1.1" 200 27
114.88.159.147 - - [09/Dec/2020:10:19:31 +0800] "GET /xingrg/kc/buy/cgsh_order_operate.html?command=get_materiel&rest_code=00141&code=00101007081&supplier_code=00100004&order_time=2020-12-09 HTTP/1.1" 200 412
117.184.7.30 - - [09/Dec/2020:10:19:31 +0800] "POST /xingrg/kc/buy/cgsh_order_operate.html HTTP/1.1" 200 37
114.84.32.187 - - [09/Dec/2020:10:19:32 +0800] "GET /xingrg/all/function/internal_message.html?_=1607480393725&CODE_STATE=getMsg HTTP/1.1" 302 -
222.69.133.109 - - [09/Dec/2020:10:19:32 +0800] "POST /xingrg/kc/buy/cgsh_order_operate.html HTTP/1.1" 200 37
117.184.7.30 - - [09/Dec/2020:10:19:32 +0800] "POST /xingrg/kc/buy/cgsh_order_operate.html HTTP/1.1" 200 6814
101.85.52.2 - - [09/Dec/2020:10:19:33 +0800] "GET /xingrg/login.html HTTP/1.1" 200 7641
101.85.52.2 - - [09/Dec/2020:10:19:34 +0800] "GET /favicon.ico HTTP/1.1" 404 -
172.17.0.102 - - [09/Dec/2020:10:19:34 +0800] "GET /xingrg/all/function/internal_message.html?_=1607480373409&CODE_STATE=getMsg HTTP/1.1" 200 27
222.69.133.109 - - [09/Dec/2020:10:19:35 +0800] "POST /xingrg/kc/buy/cgsh_order_operate.html HTTP/1.1" 200 12
117.184.7.30 - - [09/Dec/2020:10:19:36 +0800] "GET /xingrg/kc/print/load_config.html?kc_code=cgsh HTTP/1.1" 200 1845
117.184.7.30 - - [09/Dec/2020:10:19:36 +0800] "GET /xingrg/kc/print/load_data.html?order_code=212020120903268&kc_code=cgsh&condition= HTTP/1.1" 200 2300
222.69.133.109 - - [09/Dec/2020:10:19:36 +0800] "GET /xingrg/kc/buy/cgsh_order_info.html?code=212020120903270 HTTP/1.1" 200 54967
101.85.52.2 - - [09/Dec/2020:10:19:36 +0800] "POST /xingrg/login.do HTTP/1.1" 302 -
101.85.52.2 - - [09/Dec/2020:10:19:36 +0800] "GET /xingrg/index.html?sysBaseUrl=http%3A%2F%2F180.169.147.146%3A18081%2Fxingrg%2F&costTime=39×tamp=1607480376552 HTTP/1.1" 200 17179
222.69.133.109 - - [09/Dec/2020:10:19:36 +0800] "GET /xingrg/words/20201209101248_words.js HTTP/1.1" 200 779937
101.85.52.2 - - [09/Dec/2020:10:19:36 +0800] "GET /favicon.ico HTTP/1.1" 404 -
101.85.52.2 - - [09/Dec/2020:10:19:36 +0800] "POST /xingrg/all/common/load_tree.html?tree=area_rest_tree_json&manage=1 HTTP/1.1" 200 351
101.85.52.2 - - [09/Dec/2020:10:19:37 +0800] "GET /xingrg/all/function/internal_message.html?_=1607480371107&CODE_STATE=count HTTP/1.1" 200 11
101.85.52.2 - - [09/Dec/2020:10:19:37 +0800] "GET /xingrg/check_reg.html?_=1607480371110 HTTP/1.1" 200 22
101.85.52.2 - - [09/Dec/2020:10:19:37 +0800] "POST /xingrg/load_menu.html HTTP/1.1" 200 5138
114.88.163.87 - - [09/Dec/2020:10:19:37 +0800] "GET /xingrg/all/function/internal_message.html?_=1607480364770&CODE_STATE=getMsg HTTP/1.1" 200 27
114.88.163.87 - - [09/Dec/2020:10:19:37 +0800] "GET /xingrg/check_reg.html?_=1607480364773 HTTP/1.1" 200 22
222.69.133.109 - - [09/Dec/2020:10:19:37 +0800] "GET /xingrg/javascript/easyui/themes/default/validatebox.css HTTP/1.1" 404 1104
180.162.223.42 - - [09/Dec/2020:10:19:37 +0800] "GET /xingrg/kc/buy/cgsh_order_add.html HTTP/1.1" 200 60986
180.162.223.42 - - [09/Dec/2020:10:19:37 +0800] "POST /xingrg/kc/buy/cgsh_order_operate.html HTTP/1.1" 200 8245
222.69.133.109 - - [09/Dec/2020:10:19:37 +0800] "POST /xingrg/kc/buy/cgsh_order_operate.html HTTP/1.1" 200 1189
180.162.223.42 - - [09/Dec/2020:10:19:37 +0800] "GET /xingrg/javascript/easyui/themes/default/validatebox.css HTTP/1.1" 404 1104
172.17.200.101 - - [09/Dec/2020:10:19:37 +0800] "GET /xingrg/all/function/internal_message.html?_=1607480378305&CODE_STATE=getMsg HTTP/1.1" 200 27
172.17.200.101 - - [09/Dec/2020:10:19:37 +0800] "GET /xingrg/check_reg.html?_=1607480378312 HTTP/1.1" 200 22
172.17.0.109 - - [09/Dec/2020:10:19:37 +0800] "GET /xingrg/all/function/internal_message.html?_=1607480385932&CODE_STATE=getMsg HTTP/1.1" 200 27
101.85.52.2 - - [09/Dec/2020:10:19:38 +0800] "GET /xingrg/kc/buy/buy_main.html HTTP/1.1" 200 12412
101.85.52.2 - - [09/Dec/2020:10:19:38 +0800] "GET /xingrg/css/new_ie.css HTTP/1.1" 404 1036
101.85.52.2 - - [09/Dec/2020:10:19:38 +0800] "GET /xingrg/images/yd/bt.gif HTTP/1.1" 404 1040
114.88.163.87 - - [09/Dec/2020:10:19:38 +0800] "GET /xingrg/all/function/internal_message.html?_=1607480376245&CODE_STATE=getMsg HTTP/1.1" 200 27
101.85.52.2 - - [09/Dec/2020:10:19:39 +0800] "GET /xingrg/kc/buy/cgsh_order_list.html HTTP/1.1" 200 45208
114.88.159.147 - - [09/Dec/2020:10:19:39 +0800] "GET /xingrg/check_reg.html?_=1607479955884 HTTP/1.1" 200 22
114.88.159.147 - - [09/Dec/2020:10:19:39 +0800] "GET /xingrg/all/function/internal_message.html?_=1607479955886&CODE_STATE=getMsg HTTP/1.1" 200 27
172.17.0.123 - - [09/Dec/2020:10:19:39 +0800] "GET /xingrg/all/function/internal_message.html?_=1607480302179&CODE_STATE=getMsg HTTP/1.1" 200 27
114.88.163.87 - - [09/Dec/2020:10:19:40 +0800] "GET /xingrg/all/function/internal_message.html?_=1607480508781&CODE_STATE=getMsg HTTP/1.1" 200 27
222.69.133.109 - - [09/Dec/2020:10:19:40 +0800] "GET /xingrg/kc/print/load_data.html?order_code=212020120903270&kc_code=cgsh&condition= HTTP/1.1" 200 946
101.85.52.2 - - [09/Dec/2020:10:19:40 +0800] "POST /xingrg/kc/buy/cgsh_list_operate.html HTTP/1.1" 200 2409
101.85.52.2 - - [09/Dec/2020:10:19:41 +0800] "GET /xingrg/kc/buy/cgsh_order_add.html HTTP/1.1" 200 60058
101.85.52.2 - - [09/Dec/2020:10:19:42 +0800] "POST /xingrg/kc/buy/cgsh_order_operate.html HTTP/1.1" 200 8245
101.85.52.2 - - [09/Dec/2020:10:19:42 +0800] "GET /xingrg/all/common/auto_word.html?type=employee&rest_code=00145 HTTP/1.1" 200 155
101.85.52.2 - - [09/Dec/2020:10:19:42 +0800] "GET /xingrg/javascript/easyui/themes/default/validatebox.css HTTP/1.1" 404 1104
101.85.52.2 - - [09/Dec/2020:10:19:42 +0800] "GET /xingrg/all/common/auto_word.html?type=employee&rest_code=00145 HTTP/1.1" 200 155
101.85.52.2 - - [09/Dec/2020:10:19:43 +0800] "GET /xingrg/javascript/auto/indicator.gif HTTP/1.1" 404 1066
101.85.93.83 - - [09/Dec/2020:10:19:43 +0800] "GET /xingrg/all/function/internal_message.html?_=1607480094133&CODE_STATE=getMsg HTTP/1.1" 200 27
180.162.223.42 - - [09/Dec/2020:10:19:43 +0800] "GET /xingrg/all/function/internal_message.html?_=1607480383520&CODE_STATE=getMsg HTTP/1.1" 200 27
172.17.0.185 - - [09/Dec/2020:10:19:44 +0800] "GET /xingrg/all/function/internal_message.html?_=1607480382075&CODE_STATE=getMsg HTTP/1.1" 200 27
101.85.52.2 - - [09/Dec/2020:10:19:44 +0800] "GET /xingrg/javascript/jquery_tools/images/prev.gif HTTP/1.1" 404 1086
101.85.52.2 - - [09/Dec/2020:10:19:44 +0800] "GET /xingrg/javascript/jquery_tools/images/next.gif HTTP/1.1" 404 1086
101.85.52.2 - - [09/Dec/2020:10:19:50 +0800] "GET /xingrg/kc/buy/cgsh_order_operate.html?command=get_materiel&rest_code=00145&code=00101008024&supplier_code=00100007&order_time=2020-12-02 HTTP/1.1" 200 408
117.184.7.30 - - [09/Dec/2020:10:19:50 +0800] "POST /xingrg/kc/buy/cgsh_list_operate.html HTTP/1.1" 200 3442
180.174.56.115 - - [09/Dec/2020:10:19:51 +0800] "GET /xingrg/check_reg.html?_=1607480356879 HTTP/1.1" 200 22
180.174.56.115 - - [09/Dec/2020:10:19:51 +0800] "GET /xingrg/all/function/internal_message.html?_=1607480357062&CODE_STATE=getMsg HTTP/1.1" 200 27
223.167.127.220 - - [09/Dec/2020:10:19:52 +0800] "GET /xingrg/all/function/internal_message.html?_=1607480391143&CODE_STATE=getMsg HTTP/1.1" 302 -
58.221.95.50 - - [09/Dec/2020:10:19:54 +0800] "GET /xingrg/kc/buy/cgsh_order_add.html HTTP/1.1" 200 59913
58.221.95.50 - - [09/Dec/2020:10:19:54 +0800] "POST /xingrg/kc/buy/cgsh_order_operate.html HTTP/1.1" 200 8245
58.221.95.50 - - [09/Dec/2020:10:19:54 +0800] "GET /xingrg/javascript/easyui/themes/default/validatebox.css HTTP/1.1" 404 1104
180.162.223.42 - - [09/Dec/2020:10:19:54 +0800] "GET /xingrg/all/function/internal_message.html?_=1607480374614&CODE_STATE=getMsg HTTP/1.1" 200 27
120.253.135.82 - - [09/Dec/2020:10:19:56 +0800] "GET /xingrg/check_reg.html?_=1607480146144 HTTP/1.1" 200 22
101.85.52.2 - - [09/Dec/2020:10:19:58 +0800] "GET /xingrg/kc/buy/cgsh_order_operate.html?command=get_materiel&rest_code=00145&code=00101008355&supplier_code=00100007&order_time=2020-12-02 HTTP/1.1" 200 408
180.162.223.42 - - [09/Dec/2020:10:20:00 +0800] "GET /xingrg/kc/buy/cgsh_order_operate.html?command=get_materiel&rest_code=00105&code=00101001060&supplier_code=00100347&order_time=2020-12-09 HTTP/1.1" 200 421
222.69.133.212 - - [09/Dec/2020:10:20:03 +0800] "GET /xingrg/all/function/internal_message.html?_=1607480400375&CODE_STATE=getMsg HTTP/1.1" 200 27
101.85.52.2 - - [09/Dec/2020:10:20:04 +0800] "GET /xingrg/kc/buy/cgsh_order_operate.html?command=get_materiel&rest_code=00145&code=00101008356&supplier_code=00100007&order_time=2020-12-02 HTTP/1.1" 200 408
120.253.135.82 - - [09/Dec/2020:10:20:05 +0800] "GET /xingrg/all/function/internal_message.html?_=1607480154648&CODE_STATE=getMsg HTTP/1.1" 200 27
222.69.133.109 - - [09/Dec/2020:10:20:06 +0800] "GET /xingrg/kc/buy/cgsh_order_add.html HTTP/1.1" 200 60061
222.69.133.109 - - [09/Dec/2020:10:20:06 +0800] "POST /xingrg/kc/buy/cgsh_order_operate.html HTTP/1.1" 200 8245
222.69.133.109 - - [09/Dec/2020:10:20:07 +0800] "GET /xingrg/javascript/easyui/themes/default/validatebox.css HTTP/1.1" 404 1104
180.152.104.37 - - [09/Dec/2020:10:20:07 +0800] "GET /xingrg/kc/buy/cgsh_order_operate.html?command=get_materiel&rest_code=00102&code=00101012025&supplier_code=00100031&order_time=2020-12-09 HTTP/1.1" 200 412
180.174.56.115 - - [09/Dec/2020:10:20:07 +0800] "POST /xingrg/dwr/call/plaincall/AjaxQqpsService.saveMaterielItem.dwr HTTP/1.1" 200 79
117.184.7.30 - - [09/Dec/2020:10:20:07 +0800] "POST /xingrg/kc/buy/cgsh_list_operate.html HTTP/1.1" 200 4
116.228.172.94 - - [09/Dec/2020:10:20:13 +0800] "GET /xingrg/all/function/internal_message.html?_=1607480410337&CODE_STATE=getMsg HTTP/1.1" 200 27
58.221.95.50 - - [09/Dec/2020:10:20:15 +0800] "GET /xingrg/kc/buy/cgsh_order_operate.html?command=get_materiel&rest_code=00152&code=00102009644&supplier_code=00100151&order_time=2020-12-09 HTTP/1.1" 200 424
117.185.32.26 - - [09/Dec/2020:10:20:16 +0800] "GET /xingrg/kc/buy/cgsh_order_add.html HTTP/1.1" 200 60945
117.185.32.26 - - [09/Dec/2020:10:20:17 +0800] "GET /xingrg/javascript/easyui/themes/default/validatebox.css HTTP/1.1" 404 1104
101.85.52.2 - - [09/Dec/2020:10:20:17 +0800] "GET /xingrg/kc/buy/cgsh_order_operate.html?command=get_materiel&rest_code=00145&code=00101008205&supplier_code=00100007&order_time=2020-12-02 HTTP/1.1" 200 412
117.185.32.26 - - [09/Dec/2020:10:20:17 +0800] "POST /xingrg/kc/buy/cgsh_order_operate.html HTTP/1.1" 200 8245
180.174.56.115 - - [09/Dec/2020:10:20:17 +0800] "GET /xingrg/check_reg.html?_=1607480418033 HTTP/1.1" 200 22
180.174.56.115 - - [09/Dec/2020:10:20:17 +0800] "GET /xingrg/all/function/internal_message.html?_=1607480418036&CODE_STATE=getMsg HTTP/1.1" 200 27
222.69.133.109 - - [09/Dec/2020:10:20:17 +0800] "GET /xingrg/all/function/internal_message.html?_=1607480417604&CODE_STATE=getMsg HTTP/1.1" 200 27
222.69.133.109 - - [09/Dec/2020:10:20:17 +0800] "GET /xingrg/check_reg.html?_=1607480417825 HTTP/1.1" 200 22
117.185.32.26 - - [09/Dec/2020:10:20:18 +0800] "GET /xingrg/javascript/easyui/themes/default/tree.css HTTP/1.1" 404 1090
117.185.32.26 - - [09/Dec/2020:10:20:18 +0800] "POST /xingrg/all/common/load_tree.html?tree=supplier_tree_json&isDelete=1 HTTP/1.1" 200 52361
117.184.7.30 - - [09/Dec/2020:10:20:20 +0800] "POST /xingrg/kc/buy/cgsh_list_operate.html HTTP/1.1" 200 876
117.185.32.26 - - [09/Dec/2020:10:20:21 +0800] "GET /xingrg/all/function/internal_message.html?_=1607480418395&CODE_STATE=getMsg HTTP/1.1" 200 27
180.152.104.37 - - [09/Dec/2020:10:20:21 +0800] "GET /xingrg/all/function/internal_message.html?_=1607480648562&CODE_STATE=getMsg HTTP/1.1" 200 27
58.221.95.50 - - [09/Dec/2020:10:20:22 +0800] "GET /xingrg/all/function/internal_message.html?_=1607480440727&CODE_STATE=getMsg HTTP/1.1" 200 27
114.86.231.216 - - [09/Dec/2020:10:20:24 +0800] "GET /xingrg/all/function/internal_message.html?_=1607480424891&CODE_STATE=getMsg HTTP/1.1" 200 27
117.185.32.26 - - [09/Dec/2020:10:20:25 +0800] "GET /xingrg/check_reg.html?_=1607480881749 HTTP/1.1" 200 22
117.185.32.26 - - [09/Dec/2020:10:20:25 +0800] "GET /xingrg/all/function/internal_message.html?_=1607480881752&CODE_STATE=getMsg HTTP/1.1" 200 27
180.152.104.37 - - [09/Dec/2020:10:20:25 +0800] "GET /xingrg/kc/buy/cgsh_order_operate.html?command=get_materiel&rest_code=00102&code=00101012030&supplier_code=00100031&order_time=2020-12-09 HTTP/1.1" 200 416
114.84.32.187 - - [09/Dec/2020:10:20:27 +0800] "GET /xingrg/all/function/internal_message.html?_=1607480438305&CODE_STATE=getMsg HTTP/1.1" 200 27
117.184.7.30 - - [09/Dec/2020:10:20:29 +0800] "GET /xingrg/all/function/internal_message.html?_=1607480423058&CODE_STATE=getMsg HTTP/1.1" 200 27
