172.17.0.102 - - [09/Dec/2020:09:30:34 +0800] "GET /xingrg/check_reg.html?_=1607477433206 HTTP/1.1" 200 22
172.17.0.102 - - [09/Dec/2020:09:30:34 +0800] "GET /xingrg/all/function/internal_message.html?_=1607477433209&CODE_STATE=getMsg HTTP/1.1" 200 27
222.69.133.109 - - [09/Dec/2020:09:30:34 +0800] "POST /xingrg/dwr/call/plaincall/AjaxQqpsService.getMaterielByCode.dwr HTTP/1.1" 200 1457
180.162.223.42 - - [09/Dec/2020:09:30:34 +0800] "GET /xingrg/kc/buy/cgsh_order_operate.html?command=get_materiel&rest_code=00105&code=00101006112&supplier_code=00100012&order_time=2020-12-09 HTTP/1.1" 200 409
172.17.0.109 - - [09/Dec/2020:09:30:37 +0800] "GET /xingrg/all/function/internal_message.html?_=1607477445800&CODE_STATE=getMsg HTTP/1.1" 200 27
222.69.133.212 - - [09/Dec/2020:09:30:38 +0800] "POST /xingrg/kc/buy/cgsh_order_operate.html HTTP/1.1" 200 12
114.88.159.147 - - [09/Dec/2020:09:30:39 +0800] "GET /xingrg/all/function/internal_message.html?_=1607477015713&CODE_STATE=getMsg HTTP/1.1" 200 27
172.17.0.123 - - [09/Dec/2020:09:30:39 +0800] "GET /xingrg/all/function/internal_message.html?_=1607477362177&CODE_STATE=getMsg HTTP/1.1" 200 27
180.162.223.42 - - [09/Dec/2020:09:30:39 +0800] "POST /xingrg/kc/buy/cgsh_order_operate.html HTTP/1.1" 200 37
180.174.56.115 - - [09/Dec/2020:09:30:40 +0800] "GET /xingrg/kc/buy/cgsh_order_operate.html?command=get_materiel&rest_code=00150&code=00101006131&supplier_code=00100096&order_time=2020-12-09 HTTP/1.1" 200 416
180.162.223.42 - - [09/Dec/2020:09:30:40 +0800] "POST /xingrg/kc/buy/cgsh_order_operate.html HTTP/1.1" 200 3844
222.69.133.212 - - [09/Dec/2020:09:30:42 +0800] "GET /xingrg/kc/buy/cgsh_order_info.html?code=212020120903209 HTTP/1.1" 200 55897
180.162.223.42 - - [09/Dec/2020:09:30:42 +0800] "GET /xingrg/kc/print/load_data.html?order_code=212020120903210&kc_code=cgsh&condition= HTTP/1.1" 200 1211
222.69.133.212 - - [09/Dec/2020:09:30:42 +0800] "GET /xingrg/javascript/easyui/themes/default/validatebox.css HTTP/1.1" 404 1104
222.69.133.212 - - [09/Dec/2020:09:30:42 +0800] "POST /xingrg/kc/buy/cgsh_order_operate.html HTTP/1.1" 200 1187
101.85.93.83 - - [09/Dec/2020:09:30:43 +0800] "GET /xingrg/all/function/internal_message.html?_=1607477154112&CODE_STATE=getMsg HTTP/1.1" 200 27
172.17.0.185 - - [09/Dec/2020:09:30:43 +0800] "GET /xingrg/all/function/internal_message.html?_=1607477442076&CODE_STATE=getMsg HTTP/1.1" 200 27
222.69.133.212 - - [09/Dec/2020:09:30:45 +0800] "GET /xingrg/kc/print/load_data.html?order_code=212020120903209&kc_code=cgsh&condition= HTTP/1.1" 200 991
222.69.133.109 - - [09/Dec/2020:09:30:47 +0800] "POST /xingrg/dwr/call/plaincall/AjaxQqpsService.saveMaterielItem.dwr HTTP/1.1" 200 79
114.88.163.87 - - [09/Dec/2020:09:30:48 +0800] "GET /xingrg/kc/buy/cgsh_order_operate.html?command=get_materiel&rest_code=00111&code=00101008278&supplier_code=00100005&order_time=2020-12-09 HTTP/1.1" 200 412
222.69.133.212 - - [09/Dec/2020:09:30:50 +0800] "GET /xingrg/kc/buy/cgsh_order_add.html HTTP/1.1" 200 60992
222.69.133.212 - - [09/Dec/2020:09:30:50 +0800] "POST /xingrg/kc/buy/cgsh_order_operate.html HTTP/1.1" 200 8245
222.69.133.212 - - [09/Dec/2020:09:30:50 +0800] "GET /xingrg/javascript/easyui/themes/default/validatebox.css HTTP/1.1" 404 1104
114.88.163.87 - - [09/Dec/2020:09:30:51 +0800] "POST /xingrg/kc/buy/cgsh_order_operate.html HTTP/1.1" 200 2065
223.167.127.220 - - [09/Dec/2020:09:30:52 +0800] "GET /xingrg/all/function/internal_message.html?_=1607477451112&CODE_STATE=getMsg HTTP/1.1" 200 27
180.162.223.42 - - [09/Dec/2020:09:30:54 +0800] "GET /xingrg/all/function/internal_message.html?_=1607477434578&CODE_STATE=getMsg HTTP/1.1" 200 27
120.253.135.82 - - [09/Dec/2020:09:30:56 +0800] "GET /xingrg/all/function/internal_message.html?_=1607477205978&CODE_STATE=getMsg HTTP/1.1" 200 27
114.88.163.87 - - [09/Dec/2020:09:30:56 +0800] "GET /xingrg/all/function/internal_message.html?_=1607477454278&CODE_STATE=getMsg HTTP/1.1" 200 27
114.88.163.87 - - [09/Dec/2020:09:30:59 +0800] "GET /xingrg/kc/buy/cgsh_order_operate.html?command=get_materiel&rest_code=00111&code=00101008080&supplier_code=00100005&order_time=2020-12-09 HTTP/1.1" 200 416
114.88.163.87 - - [09/Dec/2020:09:31:01 +0800] "GET /xingrg/all/function/internal_message.html?_=1607477590210&CODE_STATE=getMsg HTTP/1.1" 200 27
120.253.135.82 - - [09/Dec/2020:09:31:02 +0800] "GET /xingrg/kc/pszx/mdps_order_add.html HTTP/1.1" 200 29216
120.253.135.82 - - [09/Dec/2020:09:31:02 +0800] "POST /xingrg/kc/pszx/mdps_order_operate.html HTTP/1.1" 200 7126
120.253.135.82 - - [09/Dec/2020:09:31:02 +0800] "GET /xingrg/javascript/easyui/themes/default/validatebox.css HTTP/1.1" 404 1104
222.69.133.212 - - [09/Dec/2020:09:31:03 +0800] "GET /xingrg/all/function/internal_message.html?_=1607477460310&CODE_STATE=getMsg HTTP/1.1" 200 27
222.69.133.212 - - [09/Dec/2020:09:31:03 +0800] "GET /xingrg/check_reg.html?_=1607477460315 HTTP/1.1" 200 22
222.69.133.109 - - [09/Dec/2020:09:31:04 +0800] "POST /xingrg/dwr/call/plaincall/AjaxQqpsService.saveOrder.dwr HTTP/1.1" 200 79
114.88.159.147 - - [09/Dec/2020:09:31:07 +0800] "GET /xingrg/all/function/internal_message.html?_=1607477465977&CODE_STATE=getMsg HTTP/1.1" 200 27
120.253.135.82 - - [09/Dec/2020:09:31:08 +0800] "POST /xingrg/all/common/load_combo.html?type=base HTTP/1.1" 200 984
222.69.133.212 - - [09/Dec/2020:09:31:09 +0800] "GET /xingrg/kc/buy/cgsh_order_operate.html?command=get_materiel&rest_code=00149&code=00101004033&supplier_code=00100083&order_time=2020-12-09 HTTP/1.1" 200 439
222.69.133.109 - - [09/Dec/2020:09:31:12 +0800] "POST /xingrg/dwr/call/plaincall/AjaxQqpsService.saveOrder.dwr HTTP/1.1" 200 79
114.84.32.187 - - [09/Dec/2020:09:31:13 +0800] "GET /xingrg/check_reg.html?_=1607477484335 HTTP/1.1" 200 22
116.228.172.94 - - [09/Dec/2020:09:31:14 +0800] "GET /xingrg/all/function/internal_message.html?_=1607477471051&CODE_STATE=getMsg HTTP/1.1" 200 27
114.84.32.187 - - [09/Dec/2020:09:31:14 +0800] "GET /xingrg/all/function/internal_message.html?_=1607477485268&CODE_STATE=getMsg HTTP/1.1" 200 27
222.69.133.212 - - [09/Dec/2020:09:31:16 +0800] "GET /xingrg/kc/buy/cgsh_order_operate.html?command=get_materiel&rest_code=00149&code=00101004011&supplier_code=00100083&order_time=2020-12-09 HTTP/1.1" 200 435
222.69.133.109 - - [09/Dec/2020:09:31:17 +0800] "GET /xingrg/all/function/internal_message.html?_=1607477477068&CODE_STATE=getMsg HTTP/1.1" 200 27
114.84.32.187 - - [09/Dec/2020:09:31:18 +0800] "GET /xingrg/check_reg.html?_=1607477499870 HTTP/1.1" 302 -
172.17.200.101 - - [09/Dec/2020:09:31:18 +0800] "GET /xingrg/all/function/internal_message.html?_=1607477479590&CODE_STATE=getMsg HTTP/1.1" 200 27
172.17.200.101 - - [09/Dec/2020:09:31:18 +0800] "GET /xingrg/check_reg.html?_=1607477479594 HTTP/1.1" 200 22
114.88.163.87 - - [09/Dec/2020:09:31:20 +0800] "GET /xingrg/kc/buy/cgsh_order_operate.html?command=get_materiel&rest_code=00111&code=00101008036&supplier_code=00100005&order_time=2020-12-09 HTTP/1.1" 200 408
120.253.135.82 - - [09/Dec/2020:09:31:21 +0800] "GET /xingrg/kc/pszx/mdps_order_operate.html?command=get_materiel&pszx_code=00101&rest_code=00153&base_code=0010250&code=00102020002 HTTP/1.1" 200 424
116.230.105.71 - - [09/Dec/2020:09:31:21 +0800] "GET /xingrg/check_reg.html?_=1607477478100 HTTP/1.1" 302 -
180.174.56.115 - - [09/Dec/2020:09:31:24 +0800] "GET /xingrg/check_reg.html?_=1607477485671 HTTP/1.1" 200 22
180.174.56.115 - - [09/Dec/2020:09:31:24 +0800] "GET /xingrg/all/function/internal_message.html?_=1607477485673&CODE_STATE=getMsg HTTP/1.1" 200 27
180.174.56.115 - - [09/Dec/2020:09:31:28 +0800] "GET /xingrg/all/function/internal_message.html?_=1607477454429&CODE_STATE=getMsg HTTP/1.1" 200 27
180.157.253.48 - - [09/Dec/2020:09:31:29 +0800] "POST /xingrg/services/DataTransmitService HTTP/1.1" 200 524
180.157.253.48 - - [09/Dec/2020:09:31:30 +0800] "POST /xingrg/services/DataTransmitService HTTP/1.1" 200 1955
180.157.253.48 - - [09/Dec/2020:09:31:30 +0800] "POST /xingrg/services/DataTransmitService HTTP/1.1" 200 151535
114.84.32.187 - - [09/Dec/2020:09:31:31 +0800] "GET /xingrg/all/function/internal_message.html?_=1607477512834&CODE_STATE=getMsg HTTP/1.1" 302 -
222.69.133.212 - - [09/Dec/2020:09:31:32 +0800] "GET /xingrg/kc/buy/cgsh_order_operate.html?command=get_materiel&rest_code=00149&code=00101004048&supplier_code=00100083&order_time=2020-12-09 HTTP/1.1" 200 417
172.17.0.102 - - [09/Dec/2020:09:31:34 +0800] "GET /xingrg/all/function/internal_message.html?_=1607477493209&CODE_STATE=getMsg HTTP/1.1" 200 27
114.88.163.87 - - [09/Dec/2020:09:31:34 +0800] "GET /xingrg/kc/buy/cgsh_order_operate.html?command=get_materiel&rest_code=00111&code=00101008091&supplier_code=00100005&order_time=2020-12-09 HTTP/1.1" 200 413
172.17.0.109 - - [09/Dec/2020:09:31:37 +0800] "GET /xingrg/check_reg.html?_=1607477505803 HTTP/1.1" 200 22
172.17.0.109 - - [09/Dec/2020:09:31:37 +0800] "GET /xingrg/all/function/internal_message.html?_=1607477505806&CODE_STATE=getMsg HTTP/1.1" 200 27
114.88.163.87 - - [09/Dec/2020:09:31:39 +0800] "POST /xingrg/kc/buy/cgsh_order_operate.html HTTP/1.1" 200 2065
114.88.159.147 - - [09/Dec/2020:09:31:39 +0800] "GET /xingrg/all/function/internal_message.html?_=1607477075715&CODE_STATE=getMsg HTTP/1.1" 200 27
180.174.56.115 - - [09/Dec/2020:09:31:39 +0800] "GET /xingrg/kc/buy/cgsh_order_operate.html?command=get_materiel&rest_code=00150&code=00101006111&supplier_code=00100096&order_time=2020-12-09 HTTP/1.1" 200 409
172.17.0.123 - - [09/Dec/2020:09:31:39 +0800] "GET /xingrg/all/function/internal_message.html?_=1607477422171&CODE_STATE=getMsg HTTP/1.1" 200 27
222.69.133.212 - - [09/Dec/2020:09:31:39 +0800] "GET /xingrg/kc/buy/cgsh_order_operate.html?command=get_materiel&rest_code=00149&code=00101004090&supplier_code=00100083&order_time=2020-12-09 HTTP/1.1" 200 411
101.85.93.83 - - [09/Dec/2020:09:31:43 +0800] "GET /xingrg/all/function/internal_message.html?_=1607477214113&CODE_STATE=getMsg HTTP/1.1" 200 27
114.88.163.87 - - [09/Dec/2020:09:31:43 +0800] "GET /xingrg/kc/buy/cgsh_order_operate.html?command=get_materiel&rest_code=00111&code=00101008027&supplier_code=00100005&order_time=2020-12-09 HTTP/1.1" 200 408
172.17.0.185 - - [09/Dec/2020:09:31:43 +0800] "GET /xingrg/all/function/internal_message.html?_=1607477502083&CODE_STATE=getMsg HTTP/1.1" 200 27
172.17.0.185 - - [09/Dec/2020:09:31:44 +0800] "GET /xingrg/check_reg.html?_=1607477502164 HTTP/1.1" 200 22
120.253.135.82 - - [09/Dec/2020:09:31:48 +0800] "POST /xingrg/kc/pszx/mdps_order_operate.html HTTP/1.1" 200 37
120.253.135.82 - - [09/Dec/2020:09:31:51 +0800] "GET /xingrg/kc/pszx/mdps_order_info.html?code=312020120900218 HTTP/1.1" 200 23885
120.253.135.82 - - [09/Dec/2020:09:31:51 +0800] "POST /xingrg/kc/pszx/mdps_order_operate.html HTTP/1.1" 200 2283
120.253.135.82 - - [09/Dec/2020:09:31:51 +0800] "GET /xingrg/javascript/easyui/themes/default/validatebox.css HTTP/1.1" 404 1104
223.167.127.220 - - [09/Dec/2020:09:31:52 +0800] "GET /xingrg/check_reg.html?_=1607477511114 HTTP/1.1" 200 22
223.167.127.220 - - [09/Dec/2020:09:31:52 +0800] "GET /xingrg/all/function/internal_message.html?_=1607477511120&CODE_STATE=getMsg HTTP/1.1" 200 27
180.162.223.42 - - [09/Dec/2020:09:31:54 +0800] "GET /xingrg/all/function/internal_message.html?_=1607477494579&CODE_STATE=getMsg HTTP/1.1" 200 27
180.162.223.42 - - [09/Dec/2020:09:31:54 +0800] "GET /xingrg/check_reg.html?_=1607477494582 HTTP/1.1" 200 22
222.69.133.212 - - [09/Dec/2020:09:31:54 +0800] "POST /xingrg/kc/buy/cgsh_order_operate.html HTTP/1.1" 200 37
180.174.56.115 - - [09/Dec/2020:09:31:55 +0800] "GET /xingrg/kc/buy/cgsh_order_operate.html?command=get_materiel&rest_code=00150&code=00101006112&supplier_code=00100096&order_time=2020-12-09 HTTP/1.1" 200 409
120.253.135.82 - - [09/Dec/2020:09:31:55 +0800] "GET /xingrg/kc/print/load_data.html?order_code=312020120900218&kc_code=mdps&condition= HTTP/1.1" 200 667
114.88.163.87 - - [09/Dec/2020:09:31:55 +0800] "GET /xingrg/kc/buy/cgsh_order_operate.html?command=get_materiel&rest_code=00111&code=00101008051&supplier_code=00100005&order_time=2020-12-09 HTTP/1.1" 200 409
120.253.135.82 - - [09/Dec/2020:09:31:56 +0800] "GET /xingrg/all/function/internal_message.html?_=1607477265992&CODE_STATE=getMsg HTTP/1.1" 200 27
114.88.163.87 - - [09/Dec/2020:09:31:56 +0800] "GET /xingrg/all/function/internal_message.html?_=1607477514294&CODE_STATE=getMsg HTTP/1.1" 200 27
180.162.223.42 - - [09/Dec/2020:09:31:57 +0800] "GET /xingrg/index.html?sysBaseUrl=http%3A%2F%2F180.169.147.146%3A18081%2Fxingrg%2F&costTime=36×tamp=1585222720700 HTTP/1.1" 200 17173
180.162.223.42 - - [09/Dec/2020:09:31:58 +0800] "POST /xingrg/all/common/load_tree.html?tree=area_rest_tree_json&manage=1 HTTP/1.1" 200 3350
180.162.223.42 - - [09/Dec/2020:09:31:58 +0800] "GET /xingrg/all/function/internal_message.html?_=1607477518019&CODE_STATE=count HTTP/1.1" 200 11
180.162.223.42 - - [09/Dec/2020:09:31:58 +0800] "GET /xingrg/check_reg.html?_=1607477518020 HTTP/1.1" 200 22
180.162.223.42 - - [09/Dec/2020:09:31:58 +0800] "POST /xingrg/load_menu.html HTTP/1.1" 200 5138
180.162.223.42 - - [09/Dec/2020:09:31:58 +0800] "GET /favicon.ico HTTP/1.1" 404 -
222.69.133.212 - - [09/Dec/2020:09:31:58 +0800] "POST /xingrg/kc/buy/cgsh_order_operate.html HTTP/1.1" 200 12
222.69.133.212 - - [09/Dec/2020:09:32:01 +0800] "GET /xingrg/kc/buy/cgsh_order_info.html?code=212020120903211 HTTP/1.1" 200 55893
222.69.133.212 - - [09/Dec/2020:09:32:01 +0800] "GET /xingrg/javascript/easyui/themes/default/validatebox.css HTTP/1.1" 404 1104
114.88.163.87 - - [09/Dec/2020:09:32:01 +0800] "GET /xingrg/all/function/internal_message.html?_=1607477650134&CODE_STATE=getMsg HTTP/1.1" 200 27
222.69.133.212 - - [09/Dec/2020:09:32:02 +0800] "POST /xingrg/kc/buy/cgsh_order_operate.html HTTP/1.1" 200 2414
222.69.133.212 - - [09/Dec/2020:09:32:03 +0800] "GET /xingrg/all/function/internal_message.html?_=1607477520355&CODE_STATE=getMsg HTTP/1.1" 200 27
222.69.133.212 - - [09/Dec/2020:09:32:04 +0800] "GET /xingrg/kc/print/load_data.html?order_code=212020120903211&kc_code=cgsh&condition= HTTP/1.1" 200 1431
180.174.56.115 - - [09/Dec/2020:09:32:07 +0800] "GET /xingrg/kc/buy/cgsh_order_operate.html?command=get_materiel&rest_code=00150&code=00101006084&supplier_code=00100096&order_time=2020-12-09 HTTP/1.1" 200 413
114.88.159.147 - - [09/Dec/2020:09:32:07 +0800] "GET /xingrg/all/function/internal_message.html?_=1607477525960&CODE_STATE=getMsg HTTP/1.1" 200 27
222.69.133.212 - - [09/Dec/2020:09:32:09 +0800] "GET /xingrg/kc/buy/cgsh_order_add.html HTTP/1.1" 200 60992
222.69.133.212 - - [09/Dec/2020:09:32:09 +0800] "POST /xingrg/kc/buy/cgsh_order_operate.html HTTP/1.1" 200 8245
222.69.133.212 - - [09/Dec/2020:09:32:10 +0800] "GET /xingrg/javascript/easyui/themes/default/validatebox.css HTTP/1.1" 404 1104
116.228.172.94 - - [09/Dec/2020:09:32:14 +0800] "GET /xingrg/all/function/internal_message.html?_=1607477531036&CODE_STATE=getMsg HTTP/1.1" 200 27
114.84.32.187 - - [09/Dec/2020:09:32:14 +0800] "GET /xingrg/all/function/internal_message.html?_=1607477545282&CODE_STATE=getMsg HTTP/1.1" 200 27
124.77.237.88 - - [09/Dec/2020:09:32:14 +0800] "POST /xingrg/services/DataTransmitService HTTP/1.1" 200 524
124.77.237.88 - - [09/Dec/2020:09:32:15 +0800] "POST /xingrg/services/DataTransmitService HTTP/1.1" 200 2099
114.88.163.87 - - [09/Dec/2020:09:32:15 +0800] "GET /xingrg/kc/buy/cgsh_order_operate.html?command=get_materiel&rest_code=00111&code=00101008003&supplier_code=00100005&order_time=2020-12-09 HTTP/1.1" 200 410
124.77.237.88 - - [09/Dec/2020:09:32:15 +0800] "POST /xingrg/services/DataTransmitService HTTP/1.1" 200 167003
222.69.133.109 - - [09/Dec/2020:09:32:17 +0800] "GET /xingrg/all/function/internal_message.html?_=1607477537070&CODE_STATE=getMsg HTTP/1.1" 200 27
172.17.200.101 - - [09/Dec/2020:09:32:18 +0800] "GET /xingrg/all/function/internal_message.html?_=1607477539594&CODE_STATE=getMsg HTTP/1.1" 200 27
180.174.56.115 - - [09/Dec/2020:09:32:23 +0800] "GET /xingrg/kc/buy/cgsh_order_operate.html?command=get_materiel&rest_code=00150&code=00101007077&supplier_code=00100096&order_time=2020-12-09 HTTP/1.1" 200 415
114.88.163.87 - - [09/Dec/2020:09:32:24 +0800] "GET /xingrg/kc/buy/cgsh_order_operate.html?command=get_materiel&rest_code=00111&code=00101008356&supplier_code=00100005&order_time=2020-12-09 HTTP/1.1" 200 408
180.174.56.115 - - [09/Dec/2020:09:32:24 +0800] "GET /xingrg/all/function/internal_message.html?_=1607477545651&CODE_STATE=getMsg HTTP/1.1" 200 27
114.88.163.87 - - [09/Dec/2020:09:32:26 +0800] "POST /xingrg/kc/buy/cgsh_order_operate.html HTTP/1.1" 200 2065
180.174.56.115 - - [09/Dec/2020:09:32:28 +0800] "GET /xingrg/all/function/internal_message.html?_=1607477514522&CODE_STATE=getMsg HTTP/1.1" 200 27
114.84.32.187 - - [09/Dec/2020:09:32:31 +0800] "GET /xingrg/all/function/internal_message.html?_=1607477572862&CODE_STATE=getMsg HTTP/1.1" 302 -
114.88.163.87 - - [09/Dec/2020:09:32:31 +0800] "GET /xingrg/kc/buy/cgsh_order_operate.html?command=get_materiel&rest_code=00111&code=00101008251&supplier_code=00100005&order_time=2020-12-09 HTTP/1.1" 200 408
172.17.0.102 - - [09/Dec/2020:09:32:34 +0800] "GET /xingrg/all/function/internal_message.html?_=1607477553208&CODE_STATE=getMsg HTTP/1.1" 200 27
172.17.0.109 - - [09/Dec/2020:09:32:37 +0800] "GET /xingrg/all/function/internal_message.html?_=1607477565812&CODE_STATE=getMsg HTTP/1.1" 200 27
222.69.133.109 - - [09/Dec/2020:09:32:38 +0800] "POST /xingrg/dwr/call/plaincall/AjaxQqpsService.saveMaterielItem.dwr HTTP/1.1" 200 79
114.88.159.147 - - [09/Dec/2020:09:32:39 +0800] "GET /xingrg/all/function/internal_message.html?_=1607477135713&CODE_STATE=getMsg HTTP/1.1" 200 27
172.17.0.123 - - [09/Dec/2020:09:32:39 +0800] "GET /xingrg/check_reg.html?_=1607477482181 HTTP/1.1" 200 22
172.17.0.123 - - [09/Dec/2020:09:32:39 +0800] "GET /xingrg/all/function/internal_message.html?_=1607477482183&CODE_STATE=getMsg HTTP/1.1" 200 27
101.85.93.83 - - [09/Dec/2020:09:32:43 +0800] "GET /xingrg/check_reg.html?_=1607477274113 HTTP/1.1" 200 22
101.85.93.83 - - [09/Dec/2020:09:32:43 +0800] "GET /xingrg/all/function/internal_message.html?_=1607477274116&CODE_STATE=getMsg HTTP/1.1" 200 27
172.17.0.185 - - [09/Dec/2020:09:32:43 +0800] "GET /xingrg/all/function/internal_message.html?_=1607477562086&CODE_STATE=getMsg HTTP/1.1" 200 27
58.221.95.50 - - [09/Dec/2020:09:32:45 +0800] "GET /xingrg/check_reg.html?_=1607477583536 HTTP/1.1" 302 -
222.69.133.109 - - [09/Dec/2020:09:32:49 +0800] "POST /xingrg/dwr/call/plaincall/AjaxQqpsService.getMaterielByCode.dwr HTTP/1.1" 200 1462
180.174.56.115 - - [09/Dec/2020:09:32:49 +0800] "GET /xingrg/kc/buy/cgsh_order_operate.html?command=get_materiel&rest_code=00150&code=00101007031&supplier_code=00100096&order_time=2020-12-09 HTTP/1.1" 200 415
114.88.163.87 - - [09/Dec/2020:09:32:50 +0800] "GET /xingrg/kc/buy/cgsh_order_operate.html?command=get_materiel&rest_code=00111&code=00101008295&supplier_code=00100005&order_time=2020-12-09 HTTP/1.1" 200 412
114.84.4.90 - - [09/Dec/2020:09:32:51 +0800] "POST /xingrg/services/DataTransmitService HTTP/1.1" 200 524
223.167.127.220 - - [09/Dec/2020:09:32:52 +0800] "GET /xingrg/all/function/internal_message.html?_=1607477571120&CODE_STATE=getMsg HTTP/1.1" 200 27
180.162.223.42 - - [09/Dec/2020:09:32:54 +0800] "GET /xingrg/all/function/internal_message.html?_=1607477554582&CODE_STATE=getMsg HTTP/1.1" 200 27
222.69.133.109 - - [09/Dec/2020:09:32:54 +0800] "POST /xingrg/dwr/call/plaincall/AjaxQqpsService.saveMaterielItem.dwr HTTP/1.1" 200 79
120.253.135.82 - - [09/Dec/2020:09:32:56 +0800] "GET /xingrg/all/function/internal_message.html?_=1607477326006&CODE_STATE=getMsg HTTP/1.1" 200 27
114.88.163.87 - - [09/Dec/2020:09:32:56 +0800] "GET /xingrg/kc/buy/cgsh_order_operate.html?command=get_materiel&rest_code=00111&code=00101008353&supplier_code=00100005&order_time=2020-12-09 HTTP/1.1" 200 408
114.88.163.87 - - [09/Dec/2020:09:32:56 +0800] "GET /xingrg/all/function/internal_message.html?_=1607477574325&CODE_STATE=getMsg HTTP/1.1" 200 27
180.162.223.42 - - [09/Dec/2020:09:32:58 +0800] "GET /xingrg/all/function/internal_message.html?_=1607477578029&CODE_STATE=getMsg HTTP/1.1" 200 27
114.88.163.87 - - [09/Dec/2020:09:33:00 +0800] "POST /xingrg/kc/buy/cgsh_order_operate.html HTTP/1.1" 200 2065
114.88.163.87 - - [09/Dec/2020:09:33:01 +0800] "GET /xingrg/all/function/internal_message.html?_=1607477710191&CODE_STATE=getMsg HTTP/1.1" 200 27
180.174.56.115 - - [09/Dec/2020:09:33:01 +0800] "GET /xingrg/kc/buy/cgsh_order_operate.html?command=get_materiel&rest_code=00150&code=00101007061&supplier_code=00100096&order_time=2020-12-09 HTTP/1.1" 200 411
222.69.133.212 - - [09/Dec/2020:09:33:03 +0800] "GET /xingrg/all/function/internal_message.html?_=1607477580332&CODE_STATE=getMsg HTTP/1.1" 200 27
117.131.5.26 - - [09/Dec/2020:09:33:07 +0800] "POST /xingrg/services/DataTransmitService HTTP/1.1" 200 524
117.131.5.26 - - [09/Dec/2020:09:33:07 +0800] "POST /xingrg/services/DataTransmitService HTTP/1.1" 200 2095
114.88.159.147 - - [09/Dec/2020:09:33:07 +0800] "GET /xingrg/all/function/internal_message.html?_=1607477585929&CODE_STATE=getMsg HTTP/1.1" 200 27
117.131.5.26 - - [09/Dec/2020:09:33:07 +0800] "POST /xingrg/services/DataTransmitService HTTP/1.1" 200 147871
114.88.163.87 - - [09/Dec/2020:09:33:08 +0800] "GET /xingrg/kc/buy/cgsh_order_operate.html?command=get_materiel&rest_code=00111&code=00101008323&supplier_code=00100005&order_time=2020-12-09 HTTP/1.1" 200 408
116.228.172.94 - - [09/Dec/2020:09:33:12 +0800] "GET /xingrg/check_reg.html?_=1607477589022 HTTP/1.1" 200 22
116.228.172.94 - - [09/Dec/2020:09:33:14 +0800] "GET /xingrg/all/function/internal_message.html?_=1607477591010&CODE_STATE=getMsg HTTP/1.1" 200 27
114.84.32.187 - - [09/Dec/2020:09:33:14 +0800] "GET /xingrg/all/function/internal_message.html?_=1607477605297&CODE_STATE=getMsg HTTP/1.1" 200 27
222.69.133.109 - - [09/Dec/2020:09:33:17 +0800] "GET /xingrg/all/function/internal_message.html?_=1607477597077&CODE_STATE=getMsg HTTP/1.1" 200 27
172.17.200.101 - - [09/Dec/2020:09:33:18 +0800] "GET /xingrg/all/function/internal_message.html?_=1607477599596&CODE_STATE=getMsg HTTP/1.1" 200 27
180.174.56.115 - - [09/Dec/2020:09:33:19 +0800] "GET /xingrg/kc/buy/cgsh_order_operate.html?command=get_materiel&rest_code=00150&code=00101007081&supplier_code=00100096&order_time=2020-12-09 HTTP/1.1" 200 415
180.174.56.115 - - [09/Dec/2020:09:33:24 +0800] "GET /xingrg/all/function/internal_message.html?_=1607477605660&CODE_STATE=getMsg HTTP/1.1" 200 27
114.88.163.87 - - [09/Dec/2020:09:33:26 +0800] "GET /xingrg/kc/buy/cgsh_order_operate.html?command=get_materiel&rest_code=00111&code=00101008112&supplier_code=00100005&order_time=2020-12-09 HTTP/1.1" 200 412
180.174.56.115 - - [09/Dec/2020:09:33:28 +0800] "GET /xingrg/all/function/internal_message.html?_=1607477574534&CODE_STATE=getMsg HTTP/1.1" 200 27
114.84.32.187 - - [09/Dec/2020:09:33:31 +0800] "GET /xingrg/all/function/internal_message.html?_=1607477632877&CODE_STATE=getMsg HTTP/1.1" 302 -
114.88.163.87 - - [09/Dec/2020:09:33:33 +0800] "GET /xingrg/check_reg.html?_=1607477610865 HTTP/1.1" 200 22
114.88.163.87 - - [09/Dec/2020:09:33:34 +0800] "GET /xingrg/kc/buy/cgsh_order_operate.html?command=get_materiel&rest_code=00111&code=00101008361&supplier_code=00100005&order_time=2020-12-09 HTTP/1.1" 200 408
172.17.0.102 - - [09/Dec/2020:09:33:34 +0800] "GET /xingrg/all/function/internal_message.html?_=1607477613208&CODE_STATE=getMsg HTTP/1.1" 200 27
172.17.0.109 - - [09/Dec/2020:09:33:37 +0800] "GET /xingrg/all/function/internal_message.html?_=1607477625812&CODE_STATE=getMsg HTTP/1.1" 200 27
114.88.159.147 - - [09/Dec/2020:09:33:39 +0800] "GET /xingrg/all/function/internal_message.html?_=1607477195712&CODE_STATE=getMsg HTTP/1.1" 200 27
172.17.0.123 - - [09/Dec/2020:09:33:39 +0800] "GET /xingrg/all/function/internal_message.html?_=1607477542181&CODE_STATE=getMsg HTTP/1.1" 200 27
114.88.163.87 - - [09/Dec/2020:09:33:43 +0800] "GET /xingrg/kc/buy/cgsh_order_operate.html?command=get_materiel&rest_code=00111&code=00101008168&supplier_code=00100005&order_time=2020-12-09 HTTP/1.1" 200 412
180.174.56.115 - - [09/Dec/2020:09:33:43 +0800] "GET /xingrg/kc/buy/cgsh_order_operate.html?command=get_materiel&rest_code=00150&code=00101007049&supplier_code=00100096&order_time=2020-12-09 HTTP/1.1" 200 409
101.85.93.83 - - [09/Dec/2020:09:33:43 +0800] "GET /xingrg/all/function/internal_message.html?_=1607477334115&CODE_STATE=getMsg HTTP/1.1" 200 27
172.17.0.185 - - [09/Dec/2020:09:33:43 +0800] "GET /xingrg/all/function/internal_message.html?_=1607477622077&CODE_STATE=getMsg HTTP/1.1" 200 27
114.88.163.87 - - [09/Dec/2020:09:33:45 +0800] "POST /xingrg/kc/buy/cgsh_order_operate.html HTTP/1.1" 200 2065
114.88.163.87 - - [09/Dec/2020:09:33:50 +0800] "GET /xingrg/kc/buy/cgsh_order_operate.html?command=get_materiel&rest_code=00111&code=00101008165&supplier_code=00100005&order_time=2020-12-09 HTTP/1.1" 200 416
223.167.127.220 - - [09/Dec/2020:09:33:52 +0800] "GET /xingrg/all/function/internal_message.html?_=1607477631107&CODE_STATE=getMsg HTTP/1.1" 200 27
180.162.223.42 - - [09/Dec/2020:09:33:54 +0800] "GET /xingrg/all/function/internal_message.html?_=1607477614584&CODE_STATE=getMsg HTTP/1.1" 200 27
120.253.135.82 - - [09/Dec/2020:09:33:56 +0800] "GET /xingrg/all/function/internal_message.html?_=1607477386019&CODE_STATE=getMsg HTTP/1.1" 200 27
114.88.163.87 - - [09/Dec/2020:09:33:56 +0800] "GET /xingrg/kc/buy/cgsh_order_operate.html?command=get_materiel&rest_code=00111&code=00101008236&supplier_code=00100005&order_time=2020-12-09 HTTP/1.1" 200 416
114.88.163.87 - - [09/Dec/2020:09:33:56 +0800] "GET /xingrg/all/function/internal_message.html?_=1607477634331&CODE_STATE=getMsg HTTP/1.1" 200 27
114.88.163.87 - - [09/Dec/2020:09:34:01 +0800] "GET /xingrg/all/function/internal_message.html?_=1607477770111&CODE_STATE=getMsg HTTP/1.1" 200 27
222.69.133.212 - - [09/Dec/2020:09:34:03 +0800] "GET /xingrg/all/function/internal_message.html?_=1607477640317&CODE_STATE=getMsg HTTP/1.1" 200 27
114.88.163.87 - - [09/Dec/2020:09:34:03 +0800] "GET /xingrg/kc/buy/cgsh_order_operate.html?command=get_materiel&rest_code=00111&code=00101020152&supplier_code=00100005&order_time=2020-12-09 HTTP/1.1" 200 416
114.88.159.147 - - [09/Dec/2020:09:34:07 +0800] "GET /xingrg/all/function/internal_message.html?_=1607477645906&CODE_STATE=getMsg HTTP/1.1" 200 27
114.88.163.87 - - [09/Dec/2020:09:34:11 +0800] "GET /xingrg/kc/buy/cgsh_order_operate.html?command=get_materiel&rest_code=00111&code=00101008437&supplier_code=00100005&order_time=2020-12-09 HTTP/1.1" 200 396
116.228.172.94 - - [09/Dec/2020:09:34:14 +0800] "GET /xingrg/all/function/internal_message.html?_=1607477650982&CODE_STATE=getMsg HTTP/1.1" 200 27
117.184.7.26 - - [09/Dec/2020:09:34:14 +0800] "GET /xingrg/login.html HTTP/1.1" 200 7641
114.84.32.187 - - [09/Dec/2020:09:34:14 +0800] "GET /xingrg/all/function/internal_message.html?_=1607477665309&CODE_STATE=getMsg HTTP/1.1" 200 27
114.88.159.147 - - [09/Dec/2020:09:34:16 +0800] "GET /xingrg/check_reg.html?_=1607477654565 HTTP/1.1" 200 22
222.69.133.109 - - [09/Dec/2020:09:34:17 +0800] "GET /xingrg/all/function/internal_message.html?_=1607477657064&CODE_STATE=getMsg HTTP/1.1" 200 27
172.17.200.101 - - [09/Dec/2020:09:34:18 +0800] "GET /xingrg/all/function/internal_message.html?_=1607477659598&CODE_STATE=getMsg HTTP/1.1" 200 27
114.88.163.87 - - [09/Dec/2020:09:34:20 +0800] "POST /xingrg/kc/buy/cgsh_order_operate.html HTTP/1.1" 200 2065
120.253.135.82 - - [09/Dec/2020:09:34:21 +0800] "GET /xingrg/check_reg.html?_=1607477776149 HTTP/1.1" 302 -
117.184.7.26 - - [09/Dec/2020:09:34:22 +0800] "GET /favicon.ico HTTP/1.1" 404 -
114.88.163.87 - - [09/Dec/2020:09:34:24 +0800] "GET /xingrg/kc/buy/cgsh_order_operate.html?command=get_materiel&rest_code=00111&code=00101008223&supplier_code=00100005&order_time=2020-12-09 HTTP/1.1" 200 412
180.174.56.115 - - [09/Dec/2020:09:34:24 +0800] "GET /xingrg/all/function/internal_message.html?_=1607477665672&CODE_STATE=getMsg HTTP/1.1" 200 27
180.174.56.115 - - [09/Dec/2020:09:34:28 +0800] "GET /xingrg/all/function/internal_message.html?_=1607477634633&CODE_STATE=getMsg HTTP/1.1" 200 27
180.174.56.115 - - [09/Dec/2020:09:34:31 +0800] "GET /xingrg/check_reg.html?_=1607477637299 HTTP/1.1" 200 22
114.84.32.187 - - [09/Dec/2020:09:34:31 +0800] "GET /xingrg/all/function/internal_message.html?_=1607477692904&CODE_STATE=getMsg HTTP/1.1" 302 -
172.17.0.102 - - [09/Dec/2020:09:34:34 +0800] "GET /xingrg/all/function/internal_message.html?_=1607477673237&CODE_STATE=getMsg HTTP/1.1" 200 27
172.17.0.109 - - [09/Dec/2020:09:34:37 +0800] "GET /xingrg/all/function/internal_message.html?_=1607477685810&CODE_STATE=getMsg HTTP/1.1" 200 27
114.88.159.147 - - [09/Dec/2020:09:34:39 +0800] "GET /xingrg/all/function/internal_message.html?_=1607477255740&CODE_STATE=getMsg HTTP/1.1" 200 27
114.88.159.147 - - [09/Dec/2020:09:34:39 +0800] "GET /xingrg/check_reg.html?_=1607477255742 HTTP/1.1" 200 22
172.17.0.123 - - [09/Dec/2020:09:34:39 +0800] "GET /xingrg/all/function/internal_message.html?_=1607477602183&CODE_STATE=getMsg HTTP/1.1" 200 27
101.85.93.83 - - [09/Dec/2020:09:34:43 +0800] "GET /xingrg/all/function/internal_message.html?_=1607477394116&CODE_STATE=getMsg HTTP/1.1" 200 27
172.17.0.185 - - [09/Dec/2020:09:34:43 +0800] "GET /xingrg/all/function/internal_message.html?_=1607477682094&CODE_STATE=getMsg HTTP/1.1" 200 27
101.89.239.238 - - [09/Dec/2020:09:34:44 +0800] "GET /xingrg/all/function/internal_message.html?_=1607477226083&CODE_STATE=getMsg HTTP/1.1" 302 -
114.88.163.87 - - [09/Dec/2020:09:34:46 +0800] "GET /xingrg/kc/buy/cgsh_order_operate.html?command=get_materiel&rest_code=00111&code=00101008114&supplier_code=00100005&order_time=2020-12-09 HTTP/1.1" 200 412
101.89.239.238 - - [09/Dec/2020:09:34:50 +0800] "GET /xingrg/login.html HTTP/1.1" 200 7641
223.167.127.220 - - [09/Dec/2020:09:34:52 +0800] "GET /xingrg/all/function/internal_message.html?_=1607477691107&CODE_STATE=getMsg HTTP/1.1" 200 27
114.88.163.87 - - [09/Dec/2020:09:34:53 +0800] "GET /xingrg/kc/buy/cgsh_order_operate.html?command=get_materiel&rest_code=00111&code=00101008061&supplier_code=00100005&order_time=2020-12-09 HTTP/1.1" 200 423
180.162.223.42 - - [09/Dec/2020:09:34:54 +0800] "GET /xingrg/all/function/internal_message.html?_=1607477674590&CODE_STATE=getMsg HTTP/1.1" 200 27
180.162.223.42 - - [09/Dec/2020:09:34:55 +0800] "POST /xingrg/services/DataTransmitService HTTP/1.1" 200 524
114.88.163.87 - - [09/Dec/2020:09:34:55 +0800] "POST /xingrg/kc/buy/cgsh_order_operate.html HTTP/1.1" 200 2065
120.253.135.82 - - [09/Dec/2020:09:34:56 +0800] "GET /xingrg/check_reg.html?_=1607477445866 HTTP/1.1" 200 22
120.253.135.82 - - [09/Dec/2020:09:34:56 +0800] "GET /xingrg/all/function/internal_message.html?_=1607477446033&CODE_STATE=getMsg HTTP/1.1" 200 27
114.88.163.87 - - [09/Dec/2020:09:34:56 +0800] "GET /xingrg/all/function/internal_message.html?_=1607477694346&CODE_STATE=getMsg HTTP/1.1" 200 27
114.88.163.87 - - [09/Dec/2020:09:35:00 +0800] "GET /xingrg/kc/buy/cgsh_order_operate.html?command=get_materiel&rest_code=00111&code=00101008095&supplier_code=00100005&order_time=2020-12-09 HTTP/1.1" 200 412
114.88.163.87 - - [09/Dec/2020:09:35:01 +0800] "GET /xingrg/all/function/internal_message.html?_=1607477830148&CODE_STATE=getMsg HTTP/1.1" 200 27
114.88.163.87 - - [09/Dec/2020:09:35:01 +0800] "GET /xingrg/check_reg.html?_=1607477830149 HTTP/1.1" 200 22
222.69.133.212 - - [09/Dec/2020:09:35:03 +0800] "GET /xingrg/all/function/internal_message.html?_=1607477700307&CODE_STATE=getMsg HTTP/1.1" 200 27
114.88.159.147 - - [09/Dec/2020:09:35:07 +0800] "GET /xingrg/all/function/internal_message.html?_=1607477705884&CODE_STATE=getMsg HTTP/1.1" 200 27
116.228.172.94 - - [09/Dec/2020:09:35:14 +0800] "GET /xingrg/all/function/internal_message.html?_=1607477710965&CODE_STATE=getMsg HTTP/1.1" 200 27
114.84.32.187 - - [09/Dec/2020:09:35:14 +0800] "GET /xingrg/all/function/internal_message.html?_=1607477725324&CODE_STATE=getMsg HTTP/1.1" 200 27
114.88.163.87 - - [09/Dec/2020:09:35:14 +0800] "POST /xingrg/kc/buy/cgsh_order_operate.html HTTP/1.1" 200 37
114.88.163.87 - - [09/Dec/2020:09:35:16 +0800] "POST /xingrg/kc/buy/cgsh_order_operate.html HTTP/1.1" 200 35179
222.69.133.109 - - [09/Dec/2020:09:35:17 +0800] "GET /xingrg/all/function/internal_message.html?_=1607477717064&CODE_STATE=getMsg HTTP/1.1" 200 27
222.69.133.109 - - [09/Dec/2020:09:35:17 +0800] "GET /xingrg/check_reg.html?_=1607477717068 HTTP/1.1" 200 22
114.88.163.87 - - [09/Dec/2020:09:35:17 +0800] "GET /xingrg/kc/print/load_data.html?order_code=212020120903212&kc_code=cgsh&condition= HTTP/1.1" 200 12996
172.17.200.101 - - [09/Dec/2020:09:35:18 +0800] "GET /xingrg/all/function/internal_message.html?_=1607477719608&CODE_STATE=getMsg HTTP/1.1" 200 27
180.174.56.115 - - [09/Dec/2020:09:35:24 +0800] "GET /xingrg/all/function/internal_message.html?_=1607477725667&CODE_STATE=getMsg HTTP/1.1" 200 27
180.174.56.115 - - [09/Dec/2020:09:35:28 +0800] "GET /xingrg/all/function/internal_message.html?_=1607477694640&CODE_STATE=getMsg HTTP/1.1" 200 27
114.84.32.187 - - [09/Dec/2020:09:35:31 +0800] "GET /xingrg/all/function/internal_message.html?_=1607477752919&CODE_STATE=getMsg HTTP/1.1" 302 -
172.17.0.102 - - [09/Dec/2020:09:35:34 +0800] "GET /xingrg/check_reg.html?_=1607477733237 HTTP/1.1" 200 22
172.17.0.102 - - [09/Dec/2020:09:35:34 +0800] "GET /xingrg/all/function/internal_message.html?_=1607477733237&CODE_STATE=getMsg HTTP/1.1" 200 27
114.88.163.87 - - [09/Dec/2020:09:35:35 +0800] "GET /xingrg/index.html?sysBaseUrl=http%3A%2F%2F180.169.147.146%3A18081%2Fxingrg%2F&costTime=38×tamp=1588335986102 HTTP/1.1" 302 -
114.88.163.87 - - [09/Dec/2020:09:35:35 +0800] "GET /xingrg/login.html HTTP/1.1" 200 7641
114.88.163.87 - - [09/Dec/2020:09:35:36 +0800] "GET /favicon.ico HTTP/1.1" 404 -
172.17.0.109 - - [09/Dec/2020:09:35:37 +0800] "GET /xingrg/all/function/internal_message.html?_=1607477745809&CODE_STATE=getMsg HTTP/1.1" 200 27
114.88.159.147 - - [09/Dec/2020:09:35:39 +0800] "GET /xingrg/all/function/internal_message.html?_=1607477315740&CODE_STATE=getMsg HTTP/1.1" 200 27
172.17.0.123 - - [09/Dec/2020:09:35:39 +0800] "GET /xingrg/all/function/internal_message.html?_=1607477662169&CODE_STATE=getMsg HTTP/1.1" 200 27
114.88.163.87 - - [09/Dec/2020:09:35:40 +0800] "POST /xingrg/login.do HTTP/1.1" 302 -
114.88.163.87 - - [09/Dec/2020:09:35:40 +0800] "GET /xingrg/index.html?sysBaseUrl=http%3A%2F%2F180.169.147.146%3A18081%2Fxingrg%2F&costTime=39×tamp=1607477740026 HTTP/1.1" 200 17173
114.88.163.87 - - [09/Dec/2020:09:35:40 +0800] "GET /favicon.ico HTTP/1.1" 404 -
114.88.163.87 - - [09/Dec/2020:09:35:40 +0800] "POST /xingrg/all/common/load_tree.html?tree=area_rest_tree_json&manage=1 HTTP/1.1" 200 342
114.88.163.87 - - [09/Dec/2020:09:35:40 +0800] "GET /xingrg/all/function/internal_message.html?_=1607477868749&CODE_STATE=count HTTP/1.1" 200 11
114.88.163.87 - - [09/Dec/2020:09:35:40 +0800] "GET /xingrg/check_reg.html?_=1607477868750 HTTP/1.1" 200 22
114.88.163.87 - - [09/Dec/2020:09:35:40 +0800] "POST /xingrg/load_menu.html HTTP/1.1" 200 5138
114.88.163.87 - - [09/Dec/2020:09:35:42 +0800] "GET /xingrg/kc/buy/cgsh_order_list.html HTTP/1.1" 200 45202
101.85.93.83 - - [09/Dec/2020:09:35:43 +0800] "GET /xingrg/all/function/internal_message.html?_=1607477454102&CODE_STATE=getMsg HTTP/1.1" 200 27
172.17.0.185 - - [09/Dec/2020:09:35:43 +0800] "GET /xingrg/all/function/internal_message.html?_=1607477742087&CODE_STATE=getMsg HTTP/1.1" 200 27
114.88.163.87 - - [09/Dec/2020:09:35:44 +0800] "POST /xingrg/kc/buy/cgsh_list_operate.html HTTP/1.1" 200 2051
114.88.163.87 - - [09/Dec/2020:09:35:44 +0800] "GET /xingrg/kc/buy/cgsh_order_add.html HTTP/1.1" 200 60939
114.88.163.87 - - [09/Dec/2020:09:35:44 +0800] "POST /xingrg/kc/buy/cgsh_order_operate.html HTTP/1.1" 200 8245
114.88.163.87 - - [09/Dec/2020:09:35:45 +0800] "GET /xingrg/all/common/auto_word.html?type=employee&rest_code=00111 HTTP/1.1" 200 205
114.88.163.87 - - [09/Dec/2020:09:35:45 +0800] "GET /xingrg/all/common/auto_word.html?type=employee&rest_code=00111 HTTP/1.1" 200 205
114.88.163.87 - - [09/Dec/2020:09:35:45 +0800] "GET /xingrg/javascript/easyui/themes/default/validatebox.css HTTP/1.1" 404 1104
114.88.163.87 - - [09/Dec/2020:09:35:46 +0800] "GET /xingrg/javascript/auto/indicator.gif HTTP/1.1" 404 1066
114.88.163.87 - - [09/Dec/2020:09:35:47 +0800] "GET /xingrg/javascript/jquery_tools/images/prev.gif HTTP/1.1" 404 1086
114.88.163.87 - - [09/Dec/2020:09:35:47 +0800] "GET /xingrg/javascript/jquery_tools/images/next.gif HTTP/1.1" 404 1086
223.167.127.220 - - [09/Dec/2020:09:35:52 +0800] "GET /xingrg/all/function/internal_message.html?_=1607477751107&CODE_STATE=getMsg HTTP/1.1" 200 27
114.88.163.87 - - [09/Dec/2020:09:35:53 +0800] "GET /xingrg/kc/buy/cgsh_order_operate.html?command=get_materiel&rest_code=00111&code=00101006136&supplier_code=00100012&order_time=2020-12-09 HTTP/1.1" 200 417
180.162.223.42 - - [09/Dec/2020:09:35:54 +0800] "GET /xingrg/all/function/internal_message.html?_=1607477734590&CODE_STATE=getMsg HTTP/1.1" 200 27
120.253.135.82 - - [09/Dec/2020:09:35:56 +0800] "GET /xingrg/all/function/internal_message.html?_=1607477506046&CODE_STATE=getMsg HTTP/1.1" 200 27
114.88.163.87 - - [09/Dec/2020:09:35:57 +0800] "GET /xingrg/all/function/internal_message.html?_=1607477754378&CODE_STATE=getMsg HTTP/1.1" 200 27
114.88.163.87 - - [09/Dec/2020:09:36:01 +0800] "GET /xingrg/kc/buy/cgsh_order_operate.html?command=get_materiel&rest_code=00111&code=00101006174&supplier_code=00100012&order_time=2020-12-09 HTTP/1.1" 200 414
61.151.178.197 - - [09/Dec/2020:09:36:01 +0800] "GET /xingrg/all/function/internal_message.html?_=1607477166106&CODE_STATE=getMsg HTTP/1.1" 302 -
222.69.133.212 - - [09/Dec/2020:09:36:03 +0800] "GET /xingrg/all/function/internal_message.html?_=1607477760308&CODE_STATE=getMsg HTTP/1.1" 200 27
222.69.133.212 - - [09/Dec/2020:09:36:03 +0800] "GET /xingrg/check_reg.html?_=1607477760314 HTTP/1.1" 200 22
61.151.178.197 - - [09/Dec/2020:09:36:05 +0800] "GET /xingrg/login.html HTTP/1.1" 200 7641
114.88.159.147 - - [09/Dec/2020:09:36:07 +0800] "GET /xingrg/all/function/internal_message.html?_=1607477765877&CODE_STATE=getMsg HTTP/1.1" 200 27
114.88.163.87 - - [09/Dec/2020:09:36:09 +0800] "GET /xingrg/kc/buy/cgsh_order_operate.html?command=get_materiel&rest_code=00111&code=00101006025&supplier_code=00100012&order_time=2020-12-09 HTTP/1.1" 200 417
114.84.32.187 - - [09/Dec/2020:09:36:13 +0800] "GET /xingrg/check_reg.html?_=1607477784340 HTTP/1.1" 200 22
116.228.172.94 - - [09/Dec/2020:09:36:13 +0800] "GET /xingrg/all/function/internal_message.html?_=1607477770951&CODE_STATE=getMsg HTTP/1.1" 200 27
114.84.32.187 - - [09/Dec/2020:09:36:14 +0800] "GET /xingrg/all/function/internal_message.html?_=1607477785336&CODE_STATE=getMsg HTTP/1.1" 200 27
222.69.133.109 - - [09/Dec/2020:09:36:17 +0800] "GET /xingrg/all/function/internal_message.html?_=1607477777069&CODE_STATE=getMsg HTTP/1.1" 200 27
114.88.163.87 - - [09/Dec/2020:09:36:18 +0800] "GET /xingrg/kc/buy/cgsh_order_operate.html?command=get_materiel&rest_code=00111&code=00101006133&supplier_code=00100012&order_time=2020-12-09 HTTP/1.1" 200 413
114.84.32.187 - - [09/Dec/2020:09:36:18 +0800] "GET /xingrg/check_reg.html?_=1607477799893 HTTP/1.1" 302 -
172.17.200.101 - - [09/Dec/2020:09:36:18 +0800] "GET /xingrg/check_reg.html?_=1607477779611 HTTP/1.1" 200 22
172.17.200.101 - - [09/Dec/2020:09:36:18 +0800] "GET /xingrg/all/function/internal_message.html?_=1607477779617&CODE_STATE=getMsg HTTP/1.1" 200 27
116.230.105.71 - - [09/Dec/2020:09:36:21 +0800] "GET /xingrg/check_reg.html?_=1607477778099 HTTP/1.1" 302 -
180.174.56.115 - - [09/Dec/2020:09:36:24 +0800] "GET /xingrg/all/function/internal_message.html?_=1607477785675&CODE_STATE=getMsg HTTP/1.1" 200 27
180.174.56.115 - - [09/Dec/2020:09:36:24 +0800] "GET /xingrg/check_reg.html?_=1607477785679 HTTP/1.1" 200 22
114.84.32.187 - - [09/Dec/2020:09:36:27 +0800] "POST /xingrg/services/DataTransmitService HTTP/1.1" 200 524
180.174.56.115 - - [09/Dec/2020:09:36:28 +0800] "GET /xingrg/all/function/internal_message.html?_=1607477754654&CODE_STATE=getMsg HTTP/1.1" 200 27
114.88.163.87 - - [09/Dec/2020:09:36:29 +0800] "GET /xingrg/kc/buy/cgsh_order_operate.html?command=get_materiel&rest_code=00111&code=00101006038&supplier_code=00100012&order_time=2020-12-09 HTTP/1.1" 200 440
222.69.133.212 - - [09/Dec/2020:09:36:29 +0800] "GET /xingrg/kc/buy/cgsh_order_operate.html?command=get_materiel&rest_code=00149&code=00101009049&supplier_code=00100201&order_time=2020-12-09 HTTP/1.1" 200 416
114.84.32.187 - - [09/Dec/2020:09:36:31 +0800] "GET /xingrg/all/function/internal_message.html?_=1607477812945&CODE_STATE=getMsg HTTP/1.1" 302 -
172.17.0.102 - - [09/Dec/2020:09:36:34 +0800] "GET /xingrg/all/function/internal_message.html?_=1607477793235&CODE_STATE=getMsg HTTP/1.1" 200 27
114.88.163.87 - - [09/Dec/2020:09:36:36 +0800] "GET /xingrg/kc/buy/cgsh_order_operate.html?command=get_materiel&rest_code=00111&code=00101006084&supplier_code=00100012&order_time=2020-12-09 HTTP/1.1" 200 413
222.69.133.212 - - [09/Dec/2020:09:36:36 +0800] "GET /xingrg/kc/buy/cgsh_order_operate.html?command=get_materiel&rest_code=00149&code=00101009062&supplier_code=00100201&order_time=2020-12-09 HTTP/1.1" 200 433
172.17.0.109 - - [09/Dec/2020:09:36:37 +0800] "GET /xingrg/all/function/internal_message.html?_=1607477805812&CODE_STATE=getMsg HTTP/1.1" 200 27
172.17.0.109 - - [09/Dec/2020:09:36:37 +0800] "GET /xingrg/check_reg.html?_=1607477805815 HTTP/1.1" 200 22
114.88.159.147 - - [09/Dec/2020:09:36:39 +0800] "GET /xingrg/all/function/internal_message.html?_=1607477375740&CODE_STATE=getMsg HTTP/1.1" 200 27
172.17.0.123 - - [09/Dec/2020:09:36:39 +0800] "GET /xingrg/all/function/internal_message.html?_=1607477722171&CODE_STATE=getMsg HTTP/1.1" 200 27
114.88.163.87 - - [09/Dec/2020:09:36:40 +0800] "GET /xingrg/all/function/internal_message.html?_=1607477928754&CODE_STATE=getMsg HTTP/1.1" 200 27
117.184.7.30 - - [09/Dec/2020:09:36:41 +0800] "POST /xingrg/login.do HTTP/1.1" 302 -
117.184.7.30 - - [09/Dec/2020:09:36:41 +0800] "GET /xingrg/index.html?sysBaseUrl=http%3A%2F%2F180.169.147.146%3A18081%2Fxingrg%2F&costTime=39×tamp=1607477801625 HTTP/1.1" 200 17179
117.184.7.30 - - [09/Dec/2020:09:36:42 +0800] "GET /favicon.ico HTTP/1.1" 404 -
117.184.7.30 - - [09/Dec/2020:09:36:43 +0800] "POST /xingrg/all/common/load_tree.html?tree=area_rest_tree_json&manage=1 HTTP/1.1" 200 470
101.85.93.83 - - [09/Dec/2020:09:36:43 +0800] "GET /xingrg/all/function/internal_message.html?_=1607477514103&CODE_STATE=getMsg HTTP/1.1" 200 27
117.184.7.26 - - [09/Dec/2020:09:36:43 +0800] "GET /xingrg/check_reg.html?_=1607477797048 HTTP/1.1" 200 22
117.184.7.26 - - [09/Dec/2020:09:36:43 +0800] "GET /xingrg/all/function/internal_message.html?_=1607477797047&CODE_STATE=count HTTP/1.1" 200 11
117.184.7.30 - - [09/Dec/2020:09:36:43 +0800] "POST /xingrg/load_menu.html HTTP/1.1" 200 5138
172.17.0.185 - - [09/Dec/2020:09:36:43 +0800] "GET /xingrg/all/function/internal_message.html?_=1607477802092&CODE_STATE=getMsg HTTP/1.1" 200 27
172.17.0.185 - - [09/Dec/2020:09:36:44 +0800] "GET /xingrg/check_reg.html?_=1607477802138 HTTP/1.1" 200 22
222.69.133.212 - - [09/Dec/2020:09:36:44 +0800] "GET /xingrg/kc/buy/cgsh_order_operate.html?command=get_materiel&rest_code=00149&code=00101009011&supplier_code=00100201&order_time=2020-12-09 HTTP/1.1" 200 416
114.88.163.87 - - [09/Dec/2020:09:36:45 +0800] "GET /xingrg/kc/buy/cgsh_order_operate.html?command=get_materiel&rest_code=00111&code=00101006057&supplier_code=00100012&order_time=2020-12-09 HTTP/1.1" 200 413
222.69.133.212 - - [09/Dec/2020:09:36:50 +0800] "GET /xingrg/kc/buy/cgsh_order_operate.html?command=get_materiel&rest_code=00149&code=00101009021&supplier_code=00100201&order_time=2020-12-09 HTTP/1.1" 200 435
223.167.127.220 - - [09/Dec/2020:09:36:52 +0800] "GET /xingrg/all/function/internal_message.html?_=1607477811110&CODE_STATE=getMsg HTTP/1.1" 302 -
223.167.127.220 - - [09/Dec/2020:09:36:52 +0800] "GET /xingrg/check_reg.html?_=1607477811113 HTTP/1.1" 302 -
223.167.127.220 - - [09/Dec/2020:09:36:52 +0800] "GET /xingrg/login.html HTTP/1.1" 200 7641
223.167.127.220 - - [09/Dec/2020:09:36:52 +0800] "GET /xingrg/login.html HTTP/1.1" 200 7641
114.88.163.87 - - [09/Dec/2020:09:36:53 +0800] "GET /xingrg/kc/buy/cgsh_order_operate.html?command=get_materiel&rest_code=00111&code=00101006129&supplier_code=00100012&order_time=2020-12-09 HTTP/1.1" 200 431
180.162.223.42 - - [09/Dec/2020:09:36:54 +0800] "GET /xingrg/check_reg.html?_=1607477794631 HTTP/1.1" 200 22
180.162.223.42 - - [09/Dec/2020:09:36:54 +0800] "GET /xingrg/all/function/internal_message.html?_=1607477794636&CODE_STATE=getMsg HTTP/1.1" 200 27
120.253.135.82 - - [09/Dec/2020:09:36:56 +0800] "GET /xingrg/all/function/internal_message.html?_=1607477566060&CODE_STATE=getMsg HTTP/1.1" 200 27
114.88.163.87 - - [09/Dec/2020:09:36:57 +0800] "GET /xingrg/all/function/internal_message.html?_=1607477814397&CODE_STATE=getMsg HTTP/1.1" 200 27
114.88.163.87 - - [09/Dec/2020:09:37:01 +0800] "GET /xingrg/kc/buy/cgsh_order_operate.html?command=get_materiel&rest_code=00111&code=00101006111&supplier_code=00100012&order_time=2020-12-09 HTTP/1.1" 200 409
222.69.133.212 - - [09/Dec/2020:09:37:03 +0800] "GET /xingrg/all/function/internal_message.html?_=1607477820325&CODE_STATE=getMsg HTTP/1.1" 200 27
114.88.159.147 - - [09/Dec/2020:09:37:07 +0800] "GET /xingrg/all/function/internal_message.html?_=1607477825847&CODE_STATE=getMsg HTTP/1.1" 200 27
114.88.163.87 - - [09/Dec/2020:09:37:08 +0800] "GET /xingrg/kc/buy/cgsh_order_operate.html?command=get_materiel&rest_code=00111&code=00101008131&supplier_code=00100012&order_time=2020-12-09 HTTP/1.1" 200 408
114.88.163.87 - - [09/Dec/2020:09:37:12 +0800] "GET /xingrg/kc/buy/cgsh_order_operate.html?command=get_materiel&rest_code=00111&code=00101006055&supplier_code=00100012&order_time=2020-12-09 HTTP/1.1" 200 409
116.228.172.94 - - [09/Dec/2020:09:37:13 +0800] "GET /xingrg/all/function/internal_message.html?_=1607477830936&CODE_STATE=getMsg HTTP/1.1" 200 27
114.84.32.187 - - [09/Dec/2020:09:37:14 +0800] "GET /xingrg/all/function/internal_message.html?_=1607477845538&CODE_STATE=getMsg HTTP/1.1" 200 27
101.93.222.235 - - [09/Dec/2020:09:37:16 +0800] "POST /xingrg/services/DataTransmitService HTTP/1.1" 200 524
101.93.222.235 - - [09/Dec/2020:09:37:17 +0800] "POST /xingrg/services/DataTransmitService HTTP/1.1" 200 1859
222.69.133.109 - - [09/Dec/2020:09:37:17 +0800] "GET /xingrg/all/function/internal_message.html?_=1607477837069&CODE_STATE=getMsg HTTP/1.1" 200 27
101.93.222.235 - - [09/Dec/2020:09:37:17 +0800] "POST /xingrg/services/DataTransmitService HTTP/1.1" 200 171072
172.17.200.101 - - [09/Dec/2020:09:37:18 +0800] "GET /xingrg/all/function/internal_message.html?_=1607477839604&CODE_STATE=getMsg HTTP/1.1" 200 27
114.88.163.87 - - [09/Dec/2020:09:37:20 +0800] "GET /xingrg/kc/buy/cgsh_order_operate.html?command=get_materiel&rest_code=00111&code=00101006056&supplier_code=00100012&order_time=2020-12-09 HTTP/1.1" 200 413
180.174.56.115 - - [09/Dec/2020:09:37:24 +0800] "GET /xingrg/all/function/internal_message.html?_=1607477845680&CODE_STATE=getMsg HTTP/1.1" 200 27
180.174.56.115 - - [09/Dec/2020:09:37:28 +0800] "GET /xingrg/all/function/internal_message.html?_=1607477814757&CODE_STATE=getMsg HTTP/1.1" 200 27
222.69.133.212 - - [09/Dec/2020:09:37:29 +0800] "POST /xingrg/kc/buy/cgsh_order_operate.html HTTP/1.1" 200 64
180.174.56.115 - - [09/Dec/2020:09:37:30 +0800] "POST /xingrg/kc/buy/cgsh_order_operate.html HTTP/1.1" 200 37
114.88.163.87 - - [09/Dec/2020:09:37:30 +0800] "GET /xingrg/kc/buy/cgsh_order_operate.html?command=get_materiel&rest_code=00111&code=00101006065&supplier_code=00100012&order_time=2020-12-09 HTTP/1.1" 200 409
180.174.56.115 - - [09/Dec/2020:09:37:31 +0800] "POST /xingrg/kc/buy/cgsh_order_operate.html HTTP/1.1" 200 12734
114.84.32.187 - - [09/Dec/2020:09:37:31 +0800] "GET /xingrg/all/function/internal_message.html?_=1607477872947&CODE_STATE=getMsg HTTP/1.1" 302 -
172.17.0.102 - - [09/Dec/2020:09:37:34 +0800] "GET /xingrg/all/function/internal_message.html?_=1607477853233&CODE_STATE=getMsg HTTP/1.1" 200 27
222.69.133.212 - - [09/Dec/2020:09:37:34 +0800] "POST /xingrg/kc/buy/cgsh_order_operate.html HTTP/1.1" 200 37
222.69.133.212 - - [09/Dec/2020:09:37:37 +0800] "POST /xingrg/kc/buy/cgsh_order_operate.html HTTP/1.1" 200 12
172.17.0.109 - - [09/Dec/2020:09:37:37 +0800] "GET /xingrg/all/function/internal_message.html?_=1607477865827&CODE_STATE=getMsg HTTP/1.1" 200 27
114.88.163.87 - - [09/Dec/2020:09:37:37 +0800] "GET /xingrg/kc/buy/cgsh_order_operate.html?command=get_materiel&rest_code=00111&code=00101006113&supplier_code=00100012&order_time=2020-12-09 HTTP/1.1" 200 415
222.69.133.212 - - [09/Dec/2020:09:37:38 +0800] "GET /xingrg/kc/buy/cgsh_order_info.html?code=212020120903215 HTTP/1.1" 200 55895
222.69.133.212 - - [09/Dec/2020:09:37:39 +0800] "GET /xingrg/javascript/easyui/themes/default/validatebox.css HTTP/1.1" 404 1104
114.88.159.147 - - [09/Dec/2020:09:37:39 +0800] "GET /xingrg/all/function/internal_message.html?_=1607477435738&CODE_STATE=getMsg HTTP/1.1" 200 27
172.17.0.123 - - [09/Dec/2020:09:37:39 +0800] "GET /xingrg/all/function/internal_message.html?_=1607477782175&CODE_STATE=getMsg HTTP/1.1" 200 27
172.17.0.123 - - [09/Dec/2020:09:37:39 +0800] "GET /xingrg/check_reg.html?_=1607477782177 HTTP/1.1" 200 22
222.69.133.212 - - [09/Dec/2020:09:37:39 +0800] "POST /xingrg/kc/buy/cgsh_order_operate.html HTTP/1.1" 200 2390
222.69.133.212 - - [09/Dec/2020:09:37:40 +0800] "GET /xingrg/kc/print/load_data.html?order_code=212020120903215&kc_code=cgsh&condition= HTTP/1.1" 200 1399
114.88.163.87 - - [09/Dec/2020:09:37:40 +0800] "GET /xingrg/all/function/internal_message.html?_=1607477988753&CODE_STATE=getMsg HTTP/1.1" 200 27
101.85.93.83 - - [09/Dec/2020:09:37:43 +0800] "GET /xingrg/all/function/internal_message.html?_=1607477574102&CODE_STATE=getMsg HTTP/1.1" 200 27
