180.162.223.42 - - [08/Dec/2020:09:27:58 +0800] "GET /xingrg/kc/buy/cgsh_order_operate.html?command=get_materiel&rest_code=00105&code=00101008005&supplier_code=00100203&order_time=2020-12-08 HTTP/1.1" 200 412
114.88.163.87 - - [08/Dec/2020:09:28:02 +0800] "GET /xingrg/all/function/internal_message.html?_=1607391010096&CODE_STATE=getMsg HTTP/1.1" 200 27
180.174.56.115 - - [08/Dec/2020:09:28:03 +0800] "GET /xingrg/check_reg.html?_=1607390885048 HTTP/1.1" 200 22
180.174.56.115 - - [08/Dec/2020:09:28:03 +0800] "GET /xingrg/all/function/internal_message.html?_=1607390885050&CODE_STATE=getMsg HTTP/1.1" 200 27
114.88.163.87 - - [08/Dec/2020:09:28:03 +0800] "GET /xingrg/check_reg.html?_=1607390876960 HTTP/1.1" 200 22
222.69.132.37 - - [08/Dec/2020:09:28:04 +0800] "GET /xingrg/all/function/internal_message.html?_=1607390882911&CODE_STATE=getMsg HTTP/1.1" 200 27
180.162.223.42 - - [08/Dec/2020:09:28:06 +0800] "GET /xingrg/kc/buy/cgsh_order_operate.html?command=get_materiel&rest_code=00105&code=00101008213&supplier_code=00100203&order_time=2020-12-08 HTTP/1.1" 200 412
114.84.32.187 - - [08/Dec/2020:09:28:22 +0800] "GET /xingrg/all/function/internal_message.html?_=1607390910021&CODE_STATE=getMsg HTTP/1.1" 200 27
116.228.172.94 - - [08/Dec/2020:09:28:22 +0800] "GET /xingrg/all/function/internal_message.html?_=1607390901532&CODE_STATE=getMsg HTTP/1.1" 200 27
180.162.223.42 - - [08/Dec/2020:09:28:23 +0800] "GET /xingrg/all/function/internal_message.html?_=1607390902883&CODE_STATE=getMsg HTTP/1.1" 200 27
180.162.223.42 - - [08/Dec/2020:09:28:26 +0800] "GET /xingrg/kc/buy/cgsh_order_operate.html?command=get_materiel&rest_code=00105&code=00101010136&supplier_code=00100203&order_time=2020-12-08 HTTP/1.1" 200 408
114.88.163.87 - - [08/Dec/2020:09:28:29 +0800] "GET /xingrg/kc/buy/cgsh_order_operate.html?command=get_materiel&rest_code=00111&code=00101008005&supplier_code=00100005&order_time=2020-12-08 HTTP/1.1" 200 412
114.88.163.87 - - [08/Dec/2020:09:28:30 +0800] "GET /xingrg/all/function/internal_message.html?_=1607390904103&CODE_STATE=getMsg HTTP/1.1" 200 27
114.88.163.87 - - [08/Dec/2020:09:28:31 +0800] "POST /xingrg/kc/buy/cgsh_order_operate.html HTTP/1.1" 200 2065
114.88.159.147 - - [08/Dec/2020:09:28:35 +0800] "GET /xingrg/all/function/internal_message.html?_=1607390490725&CODE_STATE=getMsg HTTP/1.1" 200 27
114.88.163.87 - - [08/Dec/2020:09:28:36 +0800] "GET /xingrg/kc/buy/cgsh_order_operate.html?command=get_materiel&rest_code=00111&code=00101008271&supplier_code=00100005&order_time=2020-12-08 HTTP/1.1" 200 408
120.253.135.82 - - [08/Dec/2020:09:28:38 +0800] "GET /xingrg/all/function/internal_message.html?_=1607390668892&CODE_STATE=getMsg HTTP/1.1" 200 27
180.174.56.115 - - [08/Dec/2020:09:28:40 +0800] "GET /xingrg/check_reg.html?_=1607390887434 HTTP/1.1" 200 22
180.174.56.115 - - [08/Dec/2020:09:28:40 +0800] "GET /xingrg/all/function/internal_message.html?_=1607390887618&CODE_STATE=getMsg HTTP/1.1" 200 27
114.88.163.87 - - [08/Dec/2020:09:28:42 +0800] "GET /xingrg/kc/buy/cgsh_order_operate.html?command=get_materiel&rest_code=00111&code=00101008353&supplier_code=00100005&order_time=2020-12-08 HTTP/1.1" 200 408
114.88.159.147 - - [08/Dec/2020:09:28:42 +0800] "GET /xingrg/all/function/internal_message.html?_=1607390918135&CODE_STATE=getMsg HTTP/1.1" 200 27
114.88.163.87 - - [08/Dec/2020:09:28:47 +0800] "GET /xingrg/kc/buy/cgsh_order_operate.html?command=get_materiel&rest_code=00111&code=00101008213&supplier_code=00100005&order_time=2020-12-08 HTTP/1.1" 200 412
172.17.0.185 - - [08/Dec/2020:09:28:49 +0800] "GET /xingrg/all/function/internal_message.html?_=1607390927243&CODE_STATE=getMsg HTTP/1.1" 200 27
117.185.32.26 - - [08/Dec/2020:09:28:53 +0800] "GET /xingrg/all/function/internal_message.html?_=1607391391764&CODE_STATE=getMsg HTTP/1.1" 200 27
114.88.163.87 - - [08/Dec/2020:09:28:55 +0800] "GET /xingrg/kc/buy/cgsh_order_operate.html?command=get_materiel&rest_code=00111&code=00101008197&supplier_code=00100005&order_time=2020-12-08 HTTP/1.1" 200 416
180.162.223.42 - - [08/Dec/2020:09:28:58 +0800] "POST /xingrg/kc/buy/cgsh_order_operate.html HTTP/1.1" 200 37
222.69.132.37 - - [08/Dec/2020:09:28:58 +0800] "GET /xingrg/all/function/internal_message.html?_=1607390937212&CODE_STATE=getMsg HTTP/1.1" 200 27
114.88.159.147 - - [08/Dec/2020:09:28:59 +0800] "GET /xingrg/kc/buy/buy_main.html HTTP/1.1" 200 12412
114.88.159.147 - - [08/Dec/2020:09:28:59 +0800] "GET /xingrg/css/new_ie.css HTTP/1.1" 404 1036
180.162.223.42 - - [08/Dec/2020:09:28:59 +0800] "POST /xingrg/kc/buy/cgsh_order_operate.html HTTP/1.1" 200 33389
114.88.159.147 - - [08/Dec/2020:09:28:59 +0800] "GET /xingrg/images/yd/bt.gif HTTP/1.1" 404 1040
114.88.159.147 - - [08/Dec/2020:09:29:00 +0800] "GET /xingrg/kc/buy/cgsh_order_list.html HTTP/1.1" 200 45208
114.88.163.87 - - [08/Dec/2020:09:29:00 +0800] "GET /xingrg/kc/buy/cgsh_order_operate.html?command=get_materiel&rest_code=00111&code=00101008371&supplier_code=00100005&order_time=2020-12-08 HTTP/1.1" 200 412
114.88.159.147 - - [08/Dec/2020:09:29:01 +0800] "POST /xingrg/kc/buy/cgsh_list_operate.html HTTP/1.1" 200 876
114.88.159.147 - - [08/Dec/2020:09:29:01 +0800] "GET /xingrg/kc/buy/cgsh_order_add.html HTTP/1.1" 200 60945
114.88.159.147 - - [08/Dec/2020:09:29:02 +0800] "GET /xingrg/words/20201207162459_words.js HTTP/1.1" 304 -
114.88.159.147 - - [08/Dec/2020:09:29:02 +0800] "GET /xingrg/all/common/auto_word.html?type=employee&rest_code=00141 HTTP/1.1" 200 201
114.88.159.147 - - [08/Dec/2020:09:29:02 +0800] "GET /xingrg/javascript/easyui/themes/default/validatebox.css HTTP/1.1" 404 1104
114.88.159.147 - - [08/Dec/2020:09:29:02 +0800] "GET /xingrg/all/common/auto_word.html?type=employee&rest_code=00141 HTTP/1.1" 200 201
114.88.159.147 - - [08/Dec/2020:09:29:02 +0800] "POST /xingrg/kc/buy/cgsh_order_operate.html HTTP/1.1" 200 8245
114.88.163.87 - - [08/Dec/2020:09:29:02 +0800] "GET /xingrg/all/function/internal_message.html?_=1607391070093&CODE_STATE=getMsg HTTP/1.1" 200 27
114.88.163.87 - - [08/Dec/2020:09:29:03 +0800] "POST /xingrg/kc/buy/cgsh_order_operate.html HTTP/1.1" 200 2065
180.174.56.115 - - [08/Dec/2020:09:29:03 +0800] "GET /xingrg/all/function/internal_message.html?_=1607390945051&CODE_STATE=getMsg HTTP/1.1" 200 27
222.69.132.37 - - [08/Dec/2020:09:29:04 +0800] "GET /xingrg/all/function/internal_message.html?_=1607390942920&CODE_STATE=getMsg HTTP/1.1" 200 27
114.88.159.147 - - [08/Dec/2020:09:29:05 +0800] "GET /xingrg/javascript/jquery_tools/images/next.gif HTTP/1.1" 404 1086
114.88.159.147 - - [08/Dec/2020:09:29:05 +0800] "GET /xingrg/javascript/jquery_tools/images/prev.gif HTTP/1.1" 404 1086
114.88.163.87 - - [08/Dec/2020:09:29:08 +0800] "GET /xingrg/kc/buy/cgsh_order_operate.html?command=get_materiel&rest_code=00111&code=00101008027&supplier_code=00100005&order_time=2020-12-08 HTTP/1.1" 200 408
114.88.163.87 - - [08/Dec/2020:09:29:15 +0800] "GET /xingrg/kc/buy/cgsh_order_operate.html?command=get_materiel&rest_code=00111&code=00101008257&supplier_code=00100005&order_time=2020-12-08 HTTP/1.1" 200 416
114.88.159.147 - - [08/Dec/2020:09:29:15 +0800] "GET /xingrg/check_reg.html?_=1607390950875 HTTP/1.1" 200 22
114.88.159.147 - - [08/Dec/2020:09:29:19 +0800] "GET /xingrg/kc/buy/cgsh_order_operate.html?command=get_materiel&rest_code=00141&code=00101008091&supplier_code=00100007&order_time=2020-12-08 HTTP/1.1" 200 413
114.88.163.87 - - [08/Dec/2020:09:29:21 +0800] "GET /xingrg/kc/buy/cgsh_order_operate.html?command=get_materiel&rest_code=00111&code=00101008096&supplier_code=00100005&order_time=2020-12-08 HTTP/1.1" 200 412
116.228.172.94 - - [08/Dec/2020:09:29:22 +0800] "GET /xingrg/all/function/internal_message.html?_=1607390961531&CODE_STATE=getMsg HTTP/1.1" 200 27
114.84.32.187 - - [08/Dec/2020:09:29:22 +0800] "GET /xingrg/all/function/internal_message.html?_=1607390970257&CODE_STATE=getMsg HTTP/1.1" 200 27
180.162.223.42 - - [08/Dec/2020:09:29:23 +0800] "GET /xingrg/all/function/internal_message.html?_=1607390962858&CODE_STATE=getMsg HTTP/1.1" 200 27
114.88.163.87 - - [08/Dec/2020:09:29:26 +0800] "GET /xingrg/kc/buy/cgsh_order_operate.html?command=get_materiel&rest_code=00111&code=00101019254&supplier_code=00100005&order_time=2020-12-08 HTTP/1.1" 200 447
114.88.163.87 - - [08/Dec/2020:09:29:26 +0800] "POST /xingrg/all/common/load_select.html HTTP/1.1" 200 25
114.88.159.147 - - [08/Dec/2020:09:29:28 +0800] "GET /xingrg/kc/buy/cgsh_order_operate.html?command=get_materiel&rest_code=00141&code=00101008337&supplier_code=00100007&order_time=2020-12-08 HTTP/1.1" 200 408
114.88.163.87 - - [08/Dec/2020:09:29:29 +0800] "GET /xingrg/kc/buy/cgsh_order_operate.html?command=get_materiel_price&rest_code=00111&code=00101019254&unit_code=00100040&supplier_code=00100005&order_time=2020-12-08 HTTP/1.1" 200 27
114.88.163.87 - - [08/Dec/2020:09:29:30 +0800] "GET /xingrg/all/function/internal_message.html?_=1607390964118&CODE_STATE=getMsg HTTP/1.1" 200 27
114.88.159.147 - - [08/Dec/2020:09:29:35 +0800] "GET /xingrg/all/function/internal_message.html?_=1607390550723&CODE_STATE=getMsg HTTP/1.1" 200 27
114.88.159.147 - - [08/Dec/2020:09:29:35 +0800] "GET /xingrg/check_reg.html?_=1607390550725 HTTP/1.1" 200 22
114.88.159.147 - - [08/Dec/2020:09:29:36 +0800] "GET /xingrg/kc/buy/cgsh_order_operate.html?command=get_materiel&rest_code=00141&code=00101008355&supplier_code=00100007&order_time=2020-12-08 HTTP/1.1" 200 408
120.253.135.82 - - [08/Dec/2020:09:29:38 +0800] "GET /xingrg/all/function/internal_message.html?_=1607390728899&CODE_STATE=getMsg HTTP/1.1" 200 27
180.174.56.115 - - [08/Dec/2020:09:29:40 +0800] "GET /xingrg/all/function/internal_message.html?_=1607390947632&CODE_STATE=getMsg HTTP/1.1" 200 27
114.88.163.87 - - [08/Dec/2020:09:29:41 +0800] "POST /xingrg/kc/buy/cgsh_order_operate.html HTTP/1.1" 200 2065
114.88.159.147 - - [08/Dec/2020:09:29:42 +0800] "GET /xingrg/all/function/internal_message.html?_=1607390978165&CODE_STATE=getMsg HTTP/1.1" 200 27
114.88.159.147 - - [08/Dec/2020:09:29:44 +0800] "GET /xingrg/kc/buy/cgsh_order_operate.html?command=get_materiel&rest_code=00141&code=00101008264&supplier_code=00100007&order_time=2020-12-08 HTTP/1.1" 200 412
114.88.163.87 - - [08/Dec/2020:09:29:45 +0800] "GET /xingrg/kc/buy/cgsh_order_operate.html?command=get_materiel&rest_code=00111&code=00101008067&supplier_code=00100005&order_time=2020-12-08 HTTP/1.1" 200 418
172.17.0.185 - - [08/Dec/2020:09:29:49 +0800] "GET /xingrg/all/function/internal_message.html?_=1607390987221&CODE_STATE=getMsg HTTP/1.1" 200 27
114.88.159.147 - - [08/Dec/2020:09:29:50 +0800] "GET /xingrg/kc/buy/cgsh_order_operate.html?command=get_materiel&rest_code=00141&code=00101008356&supplier_code=00100007&order_time=2020-12-08 HTTP/1.1" 200 408
117.185.32.26 - - [08/Dec/2020:09:29:53 +0800] "GET /xingrg/all/function/internal_message.html?_=1607391451762&CODE_STATE=getMsg HTTP/1.1" 200 27
114.88.163.87 - - [08/Dec/2020:09:29:55 +0800] "GET /xingrg/kc/buy/cgsh_order_operate.html?command=get_materiel&rest_code=00111&code=00101008356&supplier_code=00100005&order_time=2020-12-08 HTTP/1.1" 200 408
114.88.159.147 - - [08/Dec/2020:09:29:57 +0800] "GET /xingrg/kc/buy/cgsh_order_operate.html?command=get_materiel&rest_code=00141&code=00101008272&supplier_code=00100007&order_time=2020-12-08 HTTP/1.1" 200 412
222.69.132.37 - - [08/Dec/2020:09:29:58 +0800] "GET /xingrg/all/function/internal_message.html?_=1607390997215&CODE_STATE=getMsg HTTP/1.1" 200 27
114.88.163.87 - - [08/Dec/2020:09:30:00 +0800] "GET /xingrg/kc/buy/cgsh_order_operate.html?command=get_materiel&rest_code=00111&code=00102018037&supplier_code=00100005&order_time=2020-12-08 HTTP/1.1" 200 400
114.88.163.87 - - [08/Dec/2020:09:30:02 +0800] "GET /xingrg/all/function/internal_message.html?_=1607391130084&CODE_STATE=getMsg HTTP/1.1" 200 27
114.88.163.87 - - [08/Dec/2020:09:30:02 +0800] "GET /xingrg/check_reg.html?_=1607391130111 HTTP/1.1" 200 22
114.88.159.147 - - [08/Dec/2020:09:30:03 +0800] "GET /xingrg/kc/buy/cgsh_order_operate.html?command=get_materiel&rest_code=00141&code=00101008137&supplier_code=00100007&order_time=2020-12-08 HTTP/1.1" 200 408
180.174.56.115 - - [08/Dec/2020:09:30:03 +0800] "GET /xingrg/all/function/internal_message.html?_=1607391005066&CODE_STATE=getMsg HTTP/1.1" 200 27
222.69.132.37 - - [08/Dec/2020:09:30:04 +0800] "GET /xingrg/all/function/internal_message.html?_=1607391002913&CODE_STATE=getMsg HTTP/1.1" 200 27
114.88.163.87 - - [08/Dec/2020:09:30:04 +0800] "GET /xingrg/kc/buy/cgsh_order_operate.html?command=get_materiel&rest_code=00111&code=00101008251&supplier_code=00100005&order_time=2020-12-08 HTTP/1.1" 200 408
101.91.60.105 - - [08/Dec/2020:09:30:06 +0800] "GET /xingrg/all/function/internal_message.html?_=1607390678223&CODE_STATE=getMsg HTTP/1.1" 302 -
114.88.159.147 - - [08/Dec/2020:09:30:08 +0800] "GET /xingrg/kc/buy/cgsh_order_operate.html?command=get_materiel&rest_code=00141&code=00101008360&supplier_code=00100007&order_time=2020-12-08 HTTP/1.1" 200 413
101.91.60.105 - - [08/Dec/2020:09:30:09 +0800] "GET /xingrg/login.html HTTP/1.1" 200 7641
114.88.163.87 - - [08/Dec/2020:09:30:10 +0800] "GET /xingrg/kc/buy/cgsh_order_operate.html?command=get_materiel&rest_code=00111&code=00101008036&supplier_code=00100005&order_time=2020-12-08 HTTP/1.1" 200 408
114.88.159.147 - - [08/Dec/2020:09:30:14 +0800] "GET /xingrg/kc/buy/cgsh_order_operate.html?command=get_materiel&rest_code=00141&code=00101008357&supplier_code=00100007&order_time=2020-12-08 HTTP/1.1" 200 409
114.88.159.147 - - [08/Dec/2020:09:30:21 +0800] "GET /xingrg/kc/buy/cgsh_order_operate.html?command=get_materiel&rest_code=00141&code=00101008286&supplier_code=00100007&order_time=2020-12-08 HTTP/1.1" 200 408
116.228.172.94 - - [08/Dec/2020:09:30:22 +0800] "GET /xingrg/check_reg.html?_=1607391021530 HTTP/1.1" 200 22
116.228.172.94 - - [08/Dec/2020:09:30:22 +0800] "GET /xingrg/all/function/internal_message.html?_=1607391021531&CODE_STATE=getMsg HTTP/1.1" 200 27
114.84.32.187 - - [08/Dec/2020:09:30:22 +0800] "GET /xingrg/all/function/internal_message.html?_=1607391030270&CODE_STATE=getMsg HTTP/1.1" 200 27
180.162.223.42 - - [08/Dec/2020:09:30:23 +0800] "GET /xingrg/all/function/internal_message.html?_=1607391022716&CODE_STATE=getMsg HTTP/1.1" 200 27
117.185.32.26 - - [08/Dec/2020:09:30:23 +0800] "GET /xingrg/kc/report/report_main.html HTTP/1.1" 200 7345
117.185.32.26 - - [08/Dec/2020:09:30:25 +0800] "GET /xingrg/all/report/report_query.html?fileName=kc/buy/gys_amount.xml&rh=99999 HTTP/1.1" 200 52006
117.185.32.26 - - [08/Dec/2020:09:30:25 +0800] "GET /xingrg/dwr/util.js HTTP/1.1" 304 -
117.185.32.26 - - [08/Dec/2020:09:30:25 +0800] "GET /xingrg/dwr/interface/AjaxReportQueryService.js HTTP/1.1" 200 13203
117.185.32.26 - - [08/Dec/2020:09:30:25 +0800] "GET /xingrg/dwr/engine.js HTTP/1.1" 200 43631
117.185.32.26 - - [08/Dec/2020:09:30:25 +0800] "POST /xingrg/dwr/call/plaincall/AjaxReportQueryService.getFixDate.dwr HTTP/1.1" 200 111
117.185.32.26 - - [08/Dec/2020:09:30:25 +0800] "POST /xingrg/all/common/load_tree.html?tree=supplier_tree_json&manage=1 HTTP/1.1" 200 53093
117.185.32.26 - - [08/Dec/2020:09:30:27 +0800] "POST /xingrg/all/common/load_tree.html?tree=materiel_sort_tree_json HTTP/1.1" 200 8666
117.185.32.26 - - [08/Dec/2020:09:30:27 +0800] "POST /xingrg/dwr/call/plaincall/AjaxReportQueryService.getInitString.dwr HTTP/1.1" 200 975
114.88.159.147 - - [08/Dec/2020:09:30:27 +0800] "GET /xingrg/kc/buy/cgsh_order_operate.html?command=get_materiel&rest_code=00141&code=00101008036&supplier_code=00100007&order_time=2020-12-08 HTTP/1.1" 200 408
114.88.163.87 - - [08/Dec/2020:09:30:31 +0800] "GET /xingrg/all/function/internal_message.html?_=1607391024153&CODE_STATE=getMsg HTTP/1.1" 200 27
117.185.32.26 - - [08/Dec/2020:09:30:32 +0800] "POST /xingrg/dwr/call/plaincall/AjaxReportQueryService.getFixDate.dwr HTTP/1.1" 200 111
114.88.159.147 - - [08/Dec/2020:09:30:34 +0800] "GET /xingrg/kc/buy/cgsh_order_operate.html?command=get_materiel&rest_code=00141&code=00101008131&supplier_code=00100007&order_time=2020-12-08 HTTP/1.1" 200 408
114.88.159.147 - - [08/Dec/2020:09:30:35 +0800] "GET /xingrg/all/function/internal_message.html?_=1607390610751&CODE_STATE=getMsg HTTP/1.1" 200 27
120.253.135.82 - - [08/Dec/2020:09:30:37 +0800] "GET /xingrg/check_reg.html?_=1607390788544 HTTP/1.1" 200 22
120.253.135.82 - - [08/Dec/2020:09:30:38 +0800] "GET /xingrg/all/function/internal_message.html?_=1607390788913&CODE_STATE=getMsg HTTP/1.1" 200 27
114.88.159.147 - - [08/Dec/2020:09:30:39 +0800] "GET /xingrg/kc/buy/cgsh_order_operate.html?command=get_materiel&rest_code=00141&code=00101008318&supplier_code=00100007&order_time=2020-12-08 HTTP/1.1" 200 408
180.174.56.115 - - [08/Dec/2020:09:30:40 +0800] "GET /xingrg/all/function/internal_message.html?_=1607391007645&CODE_STATE=getMsg HTTP/1.1" 200 27
114.88.163.87 - - [08/Dec/2020:09:30:40 +0800] "GET /xingrg/kc/buy/cgsh_order_operate.html?command=get_materiel&rest_code=00111&code=00101008295&supplier_code=00100005&order_time=2020-12-08 HTTP/1.1" 200 412
114.88.159.147 - - [08/Dec/2020:09:30:42 +0800] "GET /xingrg/all/function/internal_message.html?_=1607391038172&CODE_STATE=getMsg HTTP/1.1" 200 27
114.88.163.87 - - [08/Dec/2020:09:30:44 +0800] "POST /xingrg/kc/buy/cgsh_order_operate.html HTTP/1.1" 200 2065
117.185.32.26 - - [08/Dec/2020:09:30:44 +0800] "POST /xingrg/dwr/call/plaincall/AjaxReportQueryService.refreshCache.dwr HTTP/1.1" 200 78
117.185.32.26 - - [08/Dec/2020:09:30:45 +0800] "POST /xingrg/all/report/load_report_page.html HTTP/1.1" 200 8936
117.185.32.26 - - [08/Dec/2020:09:30:45 +0800] "GET /xingrg/servlets/image?cache=0.7266732686569518&image=px HTTP/1.1" 200 807
114.88.159.147 - - [08/Dec/2020:09:30:45 +0800] "GET /xingrg/kc/buy/cgsh_order_operate.html?command=get_materiel&rest_code=00141&code=00101008352&supplier_code=00100007&order_time=2020-12-08 HTTP/1.1" 200 412
172.17.0.185 - - [08/Dec/2020:09:30:49 +0800] "GET /xingrg/all/function/internal_message.html?_=1607391047196&CODE_STATE=getMsg HTTP/1.1" 200 27
114.88.159.147 - - [08/Dec/2020:09:30:51 +0800] "GET /xingrg/kc/buy/cgsh_order_operate.html?command=get_materiel&rest_code=00141&code=00101008005&supplier_code=00100007&order_time=2020-12-08 HTTP/1.1" 200 412
117.185.32.26 - - [08/Dec/2020:09:30:53 +0800] "GET /xingrg/all/function/internal_message.html?_=1607391511797&CODE_STATE=getMsg HTTP/1.1" 200 27
117.185.32.26 - - [08/Dec/2020:09:30:53 +0800] "GET /xingrg/check_reg.html?_=1607391511799 HTTP/1.1" 200 22
114.88.163.87 - - [08/Dec/2020:09:30:53 +0800] "GET /xingrg/kc/buy/cgsh_order_operate.html?command=get_materiel&rest_code=00111&code=00101008283&supplier_code=00100005&order_time=2020-12-08 HTTP/1.1" 200 408
101.89.239.120 - - [08/Dec/2020:09:30:54 +0800] "GET /xingrg/check_reg.html?_=1607390650846 HTTP/1.1" 302 -
114.88.159.147 - - [08/Dec/2020:09:30:57 +0800] "GET /xingrg/kc/buy/cgsh_order_operate.html?command=get_materiel&rest_code=00141&code=00101008353&supplier_code=00100007&order_time=2020-12-08 HTTP/1.1" 200 408
101.89.239.120 - - [08/Dec/2020:09:30:57 +0800] "GET /xingrg/login.html HTTP/1.1" 200 7641
222.69.132.37 - - [08/Dec/2020:09:30:58 +0800] "GET /xingrg/all/function/internal_message.html?_=1607391057215&CODE_STATE=getMsg HTTP/1.1" 200 27
114.88.163.87 - - [08/Dec/2020:09:31:02 +0800] "GET /xingrg/all/function/internal_message.html?_=1607391190094&CODE_STATE=getMsg HTTP/1.1" 200 27
114.88.159.147 - - [08/Dec/2020:09:31:03 +0800] "GET /xingrg/kc/buy/cgsh_order_operate.html?command=get_materiel&rest_code=00141&code=00101008039&supplier_code=00100007&order_time=2020-12-08 HTTP/1.1" 200 412
180.174.56.115 - - [08/Dec/2020:09:31:03 +0800] "GET /xingrg/all/function/internal_message.html?_=1607391065072&CODE_STATE=getMsg HTTP/1.1" 200 27
222.69.132.37 - - [08/Dec/2020:09:31:04 +0800] "GET /xingrg/all/function/internal_message.html?_=1607391062923&CODE_STATE=getMsg HTTP/1.1" 200 27
222.69.132.37 - - [08/Dec/2020:09:31:04 +0800] "GET /xingrg/check_reg.html?_=1607391062931 HTTP/1.1" 200 22
114.88.163.87 - - [08/Dec/2020:09:31:06 +0800] "GET /xingrg/kc/buy/cgsh_order_operate.html?command=get_materiel&rest_code=00111&code=00101008350&supplier_code=00100005&order_time=2020-12-08 HTTP/1.1" 200 410
117.185.32.26 - - [08/Dec/2020:09:31:10 +0800] "GET /xingrg/kc/base/base_main.html HTTP/1.1" 200 12142
114.88.159.147 - - [08/Dec/2020:09:31:11 +0800] "GET /xingrg/kc/buy/cgsh_order_operate.html?command=get_materiel&rest_code=00141&code=00101008146&supplier_code=00100007&order_time=2020-12-08 HTTP/1.1" 200 416
117.185.32.26 - - [08/Dec/2020:09:31:12 +0800] "GET /xingrg/kc/buy/buy_main.html HTTP/1.1" 200 12412
117.185.32.26 - - [08/Dec/2020:09:31:12 +0800] "GET /xingrg/css/new_ie.css HTTP/1.1" 404 1036
117.185.32.26 - - [08/Dec/2020:09:31:13 +0800] "GET /xingrg/images/yd/bt.gif HTTP/1.1" 404 1040
114.88.163.87 - - [08/Dec/2020:09:31:13 +0800] "GET /xingrg/kc/buy/cgsh_order_operate.html?command=get_materiel&rest_code=00111&code=00101008323&supplier_code=00100005&order_time=2020-12-08 HTTP/1.1" 200 408
117.185.32.26 - - [08/Dec/2020:09:31:13 +0800] "GET /xingrg/kc/buy/cgsh_order_list.html HTTP/1.1" 200 45202
117.185.32.26 - - [08/Dec/2020:09:31:15 +0800] "POST /xingrg/kc/buy/cgsh_list_operate.html HTTP/1.1" 200 1688
114.88.163.87 - - [08/Dec/2020:09:31:17 +0800] "POST /xingrg/kc/buy/cgsh_order_operate.html HTTP/1.1" 200 2065
117.185.32.26 - - [08/Dec/2020:09:31:17 +0800] "GET /xingrg/kc/buy/cgsh_order_add.html HTTP/1.1" 200 60939
117.185.32.26 - - [08/Dec/2020:09:31:17 +0800] "POST /xingrg/kc/buy/cgsh_order_operate.html HTTP/1.1" 200 8245
117.185.32.26 - - [08/Dec/2020:09:31:18 +0800] "GET /xingrg/javascript/easyui/themes/default/validatebox.css HTTP/1.1" 404 1104
114.88.159.147 - - [08/Dec/2020:09:31:18 +0800] "GET /xingrg/kc/buy/cgsh_order_operate.html?command=get_materiel&rest_code=00141&code=00101008323&supplier_code=00100007&order_time=2020-12-08 HTTP/1.1" 200 408
117.185.32.26 - - [08/Dec/2020:09:31:20 +0800] "GET /xingrg/javascript/easyui/themes/default/tree.css HTTP/1.1" 404 1090
61.129.6.151 - - [08/Dec/2020:09:31:20 +0800] "GET /xingrg/all/function/internal_message.html?_=1607390378341&CODE_STATE=getMsg HTTP/1.1" 302 -
117.185.32.26 - - [08/Dec/2020:09:31:20 +0800] "POST /xingrg/all/common/load_tree.html?tree=supplier_tree_json&isDelete=1 HTTP/1.1" 200 52361
114.88.159.147 - - [08/Dec/2020:09:31:22 +0800] "POST /xingrg/kc/buy/cgsh_order_operate.html HTTP/1.1" 200 2065
116.228.172.94 - - [08/Dec/2020:09:31:22 +0800] "GET /xingrg/all/function/internal_message.html?_=1607391081531&CODE_STATE=getMsg HTTP/1.1" 200 27
114.84.32.187 - - [08/Dec/2020:09:31:23 +0800] "GET /xingrg/all/function/internal_message.html?_=1607391090516&CODE_STATE=getMsg HTTP/1.1" 200 27
180.162.223.42 - - [08/Dec/2020:09:31:23 +0800] "GET /xingrg/all/function/internal_message.html?_=1607391082720&CODE_STATE=getMsg HTTP/1.1" 200 27
180.162.223.42 - - [08/Dec/2020:09:31:23 +0800] "GET /xingrg/check_reg.html?_=1607391082724 HTTP/1.1" 200 22
114.88.163.87 - - [08/Dec/2020:09:31:26 +0800] "GET /xingrg/kc/buy/cgsh_order_operate.html?command=get_materiel&rest_code=00111&code=00101008112&supplier_code=00100005&order_time=2020-12-08 HTTP/1.1" 200 412
114.88.159.147 - - [08/Dec/2020:09:31:27 +0800] "GET /xingrg/kc/buy/cgsh_order_operate.html?command=get_materiel&rest_code=00141&code=00101008210&supplier_code=00100007&order_time=2020-12-08 HTTP/1.1" 200 408
61.129.6.151 - - [08/Dec/2020:09:31:30 +0800] "GET /xingrg/login.html HTTP/1.1" 200 7641
114.88.163.87 - - [08/Dec/2020:09:31:31 +0800] "GET /xingrg/all/function/internal_message.html?_=1607391084160&CODE_STATE=getMsg HTTP/1.1" 200 27
114.88.163.87 - - [08/Dec/2020:09:31:33 +0800] "GET /xingrg/kc/buy/cgsh_order_operate.html?command=get_materiel&rest_code=00111&code=00101008165&supplier_code=00100005&order_time=2020-12-08 HTTP/1.1" 200 416
114.88.159.147 - - [08/Dec/2020:09:31:33 +0800] "GET /xingrg/kc/buy/cgsh_order_operate.html?command=get_materiel&rest_code=00141&code=00101008080&supplier_code=00100007&order_time=2020-12-08 HTTP/1.1" 200 416
114.88.159.147 - - [08/Dec/2020:09:31:35 +0800] "GET /xingrg/all/function/internal_message.html?_=1607390670750&CODE_STATE=getMsg HTTP/1.1" 200 27
114.88.163.87 - - [08/Dec/2020:09:31:38 +0800] "GET /xingrg/kc/buy/cgsh_order_operate.html?command=get_materiel&rest_code=00111&code=00101008168&supplier_code=00100005&order_time=2020-12-08 HTTP/1.1" 200 412
117.185.32.26 - - [08/Dec/2020:09:31:39 +0800] "GET /xingrg/javascript/auto/indicator.gif HTTP/1.1" 404 1066
114.88.159.147 - - [08/Dec/2020:09:31:40 +0800] "GET /xingrg/kc/buy/cgsh_order_operate.html?command=get_materiel&rest_code=00141&code=00101008349&supplier_code=00100007&order_time=2020-12-08 HTTP/1.1" 200 412
180.174.56.115 - - [08/Dec/2020:09:31:40 +0800] "GET /xingrg/all/function/internal_message.html?_=1607391067675&CODE_STATE=getMsg HTTP/1.1" 200 27
117.185.32.26 - - [08/Dec/2020:09:31:42 +0800] "GET /xingrg/kc/buy/cgsh_order_operate.html?command=get_materiel&rest_code=00106&code=00101012025&supplier_code=00100032&order_time=2020-12-08 HTTP/1.1" 200 414
114.88.159.147 - - [08/Dec/2020:09:31:42 +0800] "GET /xingrg/all/function/internal_message.html?_=1607391098118&CODE_STATE=getMsg HTTP/1.1" 200 27
114.88.159.147 - - [08/Dec/2020:09:31:46 +0800] "GET /xingrg/kc/buy/cgsh_order_operate.html?command=get_materiel&rest_code=00141&code=00101008038&supplier_code=00100007&order_time=2020-12-08 HTTP/1.1" 200 412
172.17.0.185 - - [08/Dec/2020:09:31:49 +0800] "GET /xingrg/all/function/internal_message.html?_=1607391107180&CODE_STATE=getMsg HTTP/1.1" 200 27
172.17.0.185 - - [08/Dec/2020:09:31:49 +0800] "GET /xingrg/check_reg.html?_=1607391107387 HTTP/1.1" 200 22
114.88.163.87 - - [08/Dec/2020:09:31:50 +0800] "GET /xingrg/kc/buy/cgsh_order_operate.html?command=get_materiel&rest_code=00111&code=00101009011&supplier_code=00100005&order_time=2020-12-08 HTTP/1.1" 200 416
114.88.159.147 - - [08/Dec/2020:09:31:53 +0800] "GET /xingrg/kc/buy/cgsh_order_operate.html?command=get_materiel&rest_code=00141&code=00101008283&supplier_code=00100007&order_time=2020-12-08 HTTP/1.1" 200 409
117.185.32.26 - - [08/Dec/2020:09:31:53 +0800] "GET /xingrg/all/function/internal_message.html?_=1607391571795&CODE_STATE=getMsg HTTP/1.1" 200 27
114.88.163.87 - - [08/Dec/2020:09:31:55 +0800] "POST /xingrg/kc/buy/cgsh_order_operate.html HTTP/1.1" 200 2065
114.88.159.147 - - [08/Dec/2020:09:31:56 +0800] "POST /xingrg/kc/buy/cgsh_order_operate.html HTTP/1.1" 200 2065
222.69.132.37 - - [08/Dec/2020:09:31:58 +0800] "GET /xingrg/all/function/internal_message.html?_=1607391117216&CODE_STATE=getMsg HTTP/1.1" 200 27
114.88.159.147 - - [08/Dec/2020:09:31:58 +0800] "GET /xingrg/kc/buy/cgsh_order_operate.html?command=get_materiel&rest_code=00141&code=00101008224&supplier_code=00100007&order_time=2020-12-08 HTTP/1.1" 200 416
114.88.163.87 - - [08/Dec/2020:09:31:59 +0800] "GET /xingrg/kc/buy/cgsh_order_operate.html?command=get_materiel&rest_code=00111&code=00101020152&supplier_code=00100005&order_time=2020-12-08 HTTP/1.1" 200 416
117.185.32.26 - - [08/Dec/2020:09:32:00 +0800] "GET /xingrg/kc/buy/cgsh_order_operate.html?command=get_materiel&rest_code=00106&code=00101010136&supplier_code=00100032&order_time=2020-12-08 HTTP/1.1" 200 408
114.88.163.87 - - [08/Dec/2020:09:32:03 +0800] "GET /xingrg/all/function/internal_message.html?_=1607391250195&CODE_STATE=getMsg HTTP/1.1" 200 27
180.174.56.115 - - [08/Dec/2020:09:32:03 +0800] "GET /xingrg/all/function/internal_message.html?_=1607391125067&CODE_STATE=getMsg HTTP/1.1" 200 27
222.69.132.37 - - [08/Dec/2020:09:32:04 +0800] "GET /xingrg/all/function/internal_message.html?_=1607391122919&CODE_STATE=getMsg HTTP/1.1" 200 27
114.88.159.147 - - [08/Dec/2020:09:32:04 +0800] "GET /xingrg/kc/buy/cgsh_order_operate.html?command=get_materiel&rest_code=00141&code=00101008003&supplier_code=00100007&order_time=2020-12-08 HTTP/1.1" 200 408
114.88.163.87 - - [08/Dec/2020:09:32:05 +0800] "GET /xingrg/kc/buy/cgsh_order_operate.html?command=get_materiel&rest_code=00111&code=00101008223&supplier_code=00100005&order_time=2020-12-08 HTTP/1.1" 200 412
114.88.159.147 - - [08/Dec/2020:09:32:10 +0800] "GET /xingrg/kc/buy/cgsh_order_operate.html?command=get_materiel&rest_code=00141&code=00101008361&supplier_code=00100007&order_time=2020-12-08 HTTP/1.1" 200 408
114.88.163.87 - - [08/Dec/2020:09:32:11 +0800] "GET /xingrg/kc/buy/cgsh_order_operate.html?command=get_materiel&rest_code=00111&code=00101008069&supplier_code=00100005&order_time=2020-12-08 HTTP/1.1" 200 412
114.84.32.187 - - [08/Dec/2020:09:32:14 +0800] "GET /xingrg/check_reg.html?_=1607391142147 HTTP/1.1" 200 22
114.88.159.147 - - [08/Dec/2020:09:32:21 +0800] "GET /xingrg/kc/buy/cgsh_order_operate.html?command=get_materiel&rest_code=00141&code=00101008300&supplier_code=00100007&order_time=2020-12-08 HTTP/1.1" 200 412
117.185.32.26 - - [08/Dec/2020:09:32:22 +0800] "GET /xingrg/kc/buy/cgsh_order_operate.html?command=get_materiel&rest_code=00106&code=00101016105&supplier_code=00100032&order_time=2020-12-08 HTTP/1.1" 200 409
114.88.163.87 - - [08/Dec/2020:09:32:22 +0800] "POST /xingrg/kc/buy/cgsh_order_operate.html HTTP/1.1" 200 2065
116.228.172.94 - - [08/Dec/2020:09:32:22 +0800] "GET /xingrg/all/function/internal_message.html?_=1607391141544&CODE_STATE=getMsg HTTP/1.1" 200 27
114.84.32.187 - - [08/Dec/2020:09:32:23 +0800] "GET /xingrg/all/function/internal_message.html?_=1607391150525&CODE_STATE=getMsg HTTP/1.1" 200 27
180.162.223.42 - - [08/Dec/2020:09:32:23 +0800] "GET /xingrg/all/function/internal_message.html?_=1607391142717&CODE_STATE=getMsg HTTP/1.1" 200 27
114.88.159.147 - - [08/Dec/2020:09:32:24 +0800] "POST /xingrg/kc/buy/cgsh_order_operate.html HTTP/1.1" 200 2065
114.88.163.87 - - [08/Dec/2020:09:32:26 +0800] "GET /xingrg/kc/buy/cgsh_order_operate.html?command=get_materiel&rest_code=00111&code=00101008114&supplier_code=00100005&order_time=2020-12-08 HTTP/1.1" 200 412
114.88.159.147 - - [08/Dec/2020:09:32:27 +0800] "GET /xingrg/kc/buy/cgsh_order_operate.html?command=get_materiel&rest_code=00141&code=00101008251&supplier_code=00100007&order_time=2020-12-08 HTTP/1.1" 200 408
114.84.4.90 - - [08/Dec/2020:09:32:30 +0800] "POST /xingrg/services/DataTransmitService HTTP/1.1" 200 524
172.17.0.123 - - [08/Dec/2020:09:32:30 +0800] "GET /xingrg/check_reg.html?_=1607391076926 HTTP/1.1" 200 22
114.88.163.87 - - [08/Dec/2020:09:32:31 +0800] "GET /xingrg/all/function/internal_message.html?_=1607391144196&CODE_STATE=getMsg HTTP/1.1" 200 27
114.88.163.87 - - [08/Dec/2020:09:32:31 +0800] "GET /xingrg/kc/buy/cgsh_order_operate.html?command=get_materiel&rest_code=00111&code=00101008095&supplier_code=00100005&order_time=2020-12-08 HTTP/1.1" 200 412
114.88.159.147 - - [08/Dec/2020:09:32:35 +0800] "GET /xingrg/all/function/internal_message.html?_=1607390730751&CODE_STATE=getMsg HTTP/1.1" 200 27
114.88.163.87 - - [08/Dec/2020:09:32:36 +0800] "GET /xingrg/kc/buy/cgsh_order_operate.html?command=get_materiel&rest_code=00111&code=00101008110&supplier_code=00100005&order_time=2020-12-08 HTTP/1.1" 200 408
180.174.56.115 - - [08/Dec/2020:09:32:40 +0800] "GET /xingrg/all/function/internal_message.html?_=1607391127688&CODE_STATE=getMsg HTTP/1.1" 200 27
114.88.159.147 - - [08/Dec/2020:09:32:40 +0800] "GET /xingrg/kc/buy/cgsh_order_operate.html?command=get_materiel&rest_code=00141&code=00101008108&supplier_code=00100007&order_time=2020-12-08 HTTP/1.1" 200 412
117.185.32.26 - - [08/Dec/2020:09:32:42 +0800] "GET /xingrg/kc/buy/cgsh_order_operate.html?command=get_materiel&rest_code=00106&code=00101016053&supplier_code=00100032&order_time=2020-12-08 HTTP/1.1" 200 408
114.88.159.147 - - [08/Dec/2020:09:32:42 +0800] "GET /xingrg/all/function/internal_message.html?_=1607391158107&CODE_STATE=getMsg HTTP/1.1" 200 27
114.88.159.147 - - [08/Dec/2020:09:32:46 +0800] "GET /xingrg/kc/buy/cgsh_order_operate.html?command=get_materiel&rest_code=00141&code=00101008213&supplier_code=00100007&order_time=2020-12-08 HTTP/1.1" 200 412
172.17.0.185 - - [08/Dec/2020:09:32:49 +0800] "GET /xingrg/all/function/internal_message.html?_=1607391167155&CODE_STATE=getMsg HTTP/1.1" 200 27
114.88.163.87 - - [08/Dec/2020:09:32:50 +0800] "POST /xingrg/kc/buy/cgsh_order_operate.html HTTP/1.1" 200 2065
117.185.32.26 - - [08/Dec/2020:09:32:53 +0800] "GET /xingrg/all/function/internal_message.html?_=1607391631847&CODE_STATE=getMsg HTTP/1.1" 200 27
114.88.163.87 - - [08/Dec/2020:09:32:54 +0800] "GET /xingrg/kc/buy/cgsh_order_operate.html?command=get_materiel&rest_code=00111&code=00101015070&supplier_code=00100005&order_time=2020-12-08 HTTP/1.1" 200 412
114.88.159.147 - - [08/Dec/2020:09:32:56 +0800] "POST /xingrg/kc/buy/cgsh_order_operate.html HTTP/1.1" 200 37
114.88.159.147 - - [08/Dec/2020:09:32:58 +0800] "POST /xingrg/kc/buy/cgsh_order_operate.html HTTP/1.1" 200 21536
222.69.132.37 - - [08/Dec/2020:09:32:58 +0800] "GET /xingrg/check_reg.html?_=1607391177216 HTTP/1.1" 200 22
222.69.132.37 - - [08/Dec/2020:09:32:58 +0800] "GET /xingrg/all/function/internal_message.html?_=1607391177219&CODE_STATE=getMsg HTTP/1.1" 200 27
114.88.163.87 - - [08/Dec/2020:09:33:02 +0800] "GET /xingrg/all/function/internal_message.html?_=1607391310092&CODE_STATE=getMsg HTTP/1.1" 200 27
114.88.159.147 - - [08/Dec/2020:09:33:03 +0800] "GET /xingrg/kc/buy/cgsh_order_operate.html?command=get_materiel&rest_code=00141&code=00101008304&supplier_code=00100007&order_time=2020-12-08 HTTP/1.1" 200 412
180.174.56.115 - - [08/Dec/2020:09:33:03 +0800] "GET /xingrg/check_reg.html?_=1607391185076 HTTP/1.1" 200 22
180.174.56.115 - - [08/Dec/2020:09:33:03 +0800] "GET /xingrg/all/function/internal_message.html?_=1607391185079&CODE_STATE=getMsg HTTP/1.1" 200 27
114.88.163.87 - - [08/Dec/2020:09:33:03 +0800] "GET /xingrg/check_reg.html?_=1607391176967 HTTP/1.1" 200 22
222.69.132.37 - - [08/Dec/2020:09:33:04 +0800] "GET /xingrg/all/function/internal_message.html?_=1607391182929&CODE_STATE=getMsg HTTP/1.1" 200 27
114.88.163.87 - - [08/Dec/2020:09:33:09 +0800] "GET /xingrg/kc/buy/cgsh_order_operate.html?command=get_materiel&rest_code=00111&code=00101008092&supplier_code=00100005&order_time=2020-12-08 HTTP/1.1" 200 412
114.88.159.147 - - [08/Dec/2020:09:33:10 +0800] "GET /xingrg/kc/buy/cgsh_order_operate.html?command=get_materiel&rest_code=00141&code=00101008305&supplier_code=00100007&order_time=2020-12-08 HTTP/1.1" 200 412
101.89.239.216 - - [08/Dec/2020:09:33:19 +0800] "GET /xingrg/all/function/internal_message.html?_=1607390858162&CODE_STATE=getMsg HTTP/1.1" 302 -
116.228.172.94 - - [08/Dec/2020:09:33:22 +0800] "GET /xingrg/all/function/internal_message.html?_=1607391201535&CODE_STATE=getMsg HTTP/1.1" 200 27
117.185.32.26 - - [08/Dec/2020:09:33:22 +0800] "POST /xingrg/kc/buy/cgsh_order_operate.html HTTP/1.1" 200 37
114.84.32.187 - - [08/Dec/2020:09:33:23 +0800] "GET /xingrg/all/function/internal_message.html?_=1607391210538&CODE_STATE=getMsg HTTP/1.1" 200 27
180.162.223.42 - - [08/Dec/2020:09:33:23 +0800] "GET /xingrg/all/function/internal_message.html?_=1607391202721&CODE_STATE=getMsg HTTP/1.1" 200 27
117.185.32.26 - - [08/Dec/2020:09:33:24 +0800] "POST /xingrg/kc/buy/cgsh_order_operate.html HTTP/1.1" 200 4419
114.88.159.147 - - [08/Dec/2020:09:33:26 +0800] "GET /xingrg/kc/buy/cgsh_order_operate.html?command=get_materiel&rest_code=00141&code=00101008350&supplier_code=00100007&order_time=2020-12-08 HTTP/1.1" 200 408
101.89.239.216 - - [08/Dec/2020:09:33:26 +0800] "GET /xingrg/login.html HTTP/1.1" 200 7641
180.162.223.42 - - [08/Dec/2020:09:33:27 +0800] "POST /xingrg/services/DataTransmitService HTTP/1.1" 401 565
180.162.223.42 - - [08/Dec/2020:09:33:27 +0800] "POST /xingrg/services/DataTransmitService HTTP/1.1" 200 478
180.162.223.42 - - [08/Dec/2020:09:33:27 +0800] "POST /xingrg/services/DataTransmitService HTTP/1.1" 200 1319
180.162.223.42 - - [08/Dec/2020:09:33:27 +0800] "POST /xingrg/services/DataTransmitService HTTP/1.1" 200 478
180.162.223.42 - - [08/Dec/2020:09:33:27 +0800] "POST /xingrg/services/DataTransmitService HTTP/1.1" 200 1319
180.162.223.42 - - [08/Dec/2020:09:33:27 +0800] "POST /xingrg/services/DataTransmitService HTTP/1.1" 200 524
180.162.223.42 - - [08/Dec/2020:09:33:28 +0800] "POST /xingrg/services/DataTransmitService HTTP/1.1" 200 2107
114.88.159.147 - - [08/Dec/2020:09:33:28 +0800] "POST /xingrg/kc/buy/cgsh_order_operate.html HTTP/1.1" 200 2065
180.162.223.42 - - [08/Dec/2020:09:33:28 +0800] "POST /xingrg/services/DataTransmitService HTTP/1.1" 200 151443
114.88.163.87 - - [08/Dec/2020:09:33:31 +0800] "GET /xingrg/all/function/internal_message.html?_=1607391204202&CODE_STATE=getMsg HTTP/1.1" 200 27
114.88.163.87 - - [08/Dec/2020:09:33:32 +0800] "POST /xingrg/kc/buy/cgsh_order_operate.html HTTP/1.1" 200 37
114.88.163.87 - - [08/Dec/2020:09:33:33 +0800] "POST /xingrg/kc/buy/cgsh_order_operate.html HTTP/1.1" 200 38717
114.88.159.147 - - [08/Dec/2020:09:33:33 +0800] "GET /xingrg/kc/buy/cgsh_order_operate.html?command=get_materiel&rest_code=00141&code=00101008223&supplier_code=00100007&order_time=2020-12-08 HTTP/1.1" 200 412
114.88.163.87 - - [08/Dec/2020:09:33:34 +0800] "GET /xingrg/kc/print/load_data.html?order_code=212020120802856&kc_code=cgsh&condition= HTTP/1.1" 200 14322
114.88.159.147 - - [08/Dec/2020:09:33:35 +0800] "GET /xingrg/all/function/internal_message.html?_=1607390790755&CODE_STATE=getMsg HTTP/1.1" 200 27
180.174.56.115 - - [08/Dec/2020:09:33:40 +0800] "GET /xingrg/check_reg.html?_=1607391187468 HTTP/1.1" 200 22
117.185.32.26 - - [08/Dec/2020:09:33:40 +0800] "POST /xingrg/kc/buy/cgsh_list_operate.html HTTP/1.1" 200 2051
180.174.56.115 - - [08/Dec/2020:09:33:40 +0800] "GET /xingrg/all/function/internal_message.html?_=1607391187701&CODE_STATE=getMsg HTTP/1.1" 200 27
114.88.159.147 - - [08/Dec/2020:09:33:42 +0800] "GET /xingrg/all/function/internal_message.html?_=1607391218088&CODE_STATE=getMsg HTTP/1.1" 200 27
114.88.159.147 - - [08/Dec/2020:09:33:49 +0800] "GET /xingrg/kc/buy/cgsh_order_operate.html?command=get_materiel&rest_code=00141&code=00101008098&supplier_code=00100007&order_time=2020-12-08 HTTP/1.1" 200 412
172.17.0.185 - - [08/Dec/2020:09:33:49 +0800] "GET /xingrg/all/function/internal_message.html?_=1607391227146&CODE_STATE=getMsg HTTP/1.1" 200 27
117.185.32.26 - - [08/Dec/2020:09:33:53 +0800] "GET /xingrg/all/function/internal_message.html?_=1607391691818&CODE_STATE=getMsg HTTP/1.1" 200 27
114.88.159.147 - - [08/Dec/2020:09:33:56 +0800] "GET /xingrg/kc/buy/cgsh_order_operate.html?command=get_materiel&rest_code=00141&code=00101008284&supplier_code=00100007&order_time=2020-12-08 HTTP/1.1" 200 413
222.69.132.37 - - [08/Dec/2020:09:33:58 +0800] "GET /xingrg/all/function/internal_message.html?_=1607391237208&CODE_STATE=getMsg HTTP/1.1" 200 27
114.88.163.87 - - [08/Dec/2020:09:34:02 +0800] "GET /xingrg/all/function/internal_message.html?_=1607391370099&CODE_STATE=getMsg HTTP/1.1" 200 27
180.174.56.115 - - [08/Dec/2020:09:34:03 +0800] "GET /xingrg/all/function/internal_message.html?_=1607391245069&CODE_STATE=getMsg HTTP/1.1" 200 27
222.69.132.37 - - [08/Dec/2020:09:34:04 +0800] "GET /xingrg/all/function/internal_message.html?_=1607391242924&CODE_STATE=getMsg HTTP/1.1" 200 27
114.88.159.147 - - [08/Dec/2020:09:34:11 +0800] "GET /xingrg/kc/buy/cgsh_order_operate.html?command=get_materiel&rest_code=00141&code=00101015006&supplier_code=00100007&order_time=2020-12-08 HTTP/1.1" 200 413
114.88.159.147 - - [08/Dec/2020:09:34:15 +0800] "POST /xingrg/kc/buy/cgsh_order_operate.html HTTP/1.1" 200 2065
114.88.159.147 - - [08/Dec/2020:09:34:15 +0800] "GET /xingrg/check_reg.html?_=1607391250876 HTTP/1.1" 200 22
114.88.159.147 - - [08/Dec/2020:09:34:20 +0800] "GET /xingrg/kc/buy/cgsh_order_operate.html?command=get_materiel&rest_code=00141&code=00101013019&supplier_code=00100007&order_time=2020-12-08 HTTP/1.1" 200 413
180.162.223.42 - - [08/Dec/2020:09:34:20 +0800] "POST /xingrg/services/DataTransmitService HTTP/1.1" 200 45454
180.162.223.42 - - [08/Dec/2020:09:34:20 +0800] "POST /xingrg/services/DataTransmitService HTTP/1.1" 200 19237
116.228.172.94 - - [08/Dec/2020:09:34:22 +0800] "GET /xingrg/all/function/internal_message.html?_=1607391261535&CODE_STATE=getMsg HTTP/1.1" 200 27
180.162.223.42 - - [08/Dec/2020:09:34:23 +0800] "GET /xingrg/all/function/internal_message.html?_=1607391262720&CODE_STATE=getMsg HTTP/1.1" 200 27
114.84.32.187 - - [08/Dec/2020:09:34:23 +0800] "GET /xingrg/all/function/internal_message.html?_=1607391270813&CODE_STATE=getMsg HTTP/1.1" 200 27
114.88.159.147 - - [08/Dec/2020:09:34:26 +0800] "GET /xingrg/kc/buy/cgsh_order_operate.html?command=get_materiel&rest_code=00141&code=00101009013&supplier_code=00100007&order_time=2020-12-08 HTTP/1.1" 200 421
114.88.163.87 - - [08/Dec/2020:09:34:31 +0800] "GET /xingrg/all/function/internal_message.html?_=1607391264217&CODE_STATE=getMsg HTTP/1.1" 200 27
116.228.172.94 - - [08/Dec/2020:09:34:35 +0800] "GET /xingrg/kc/base/base_main.html HTTP/1.1" 200 12142
114.88.159.147 - - [08/Dec/2020:09:34:35 +0800] "GET /xingrg/check_reg.html?_=1607390850758 HTTP/1.1" 200 22
114.88.159.147 - - [08/Dec/2020:09:34:35 +0800] "GET /xingrg/all/function/internal_message.html?_=1607390850759&CODE_STATE=getMsg HTTP/1.1" 200 27
114.88.159.147 - - [08/Dec/2020:09:34:36 +0800] "GET /xingrg/kc/buy/cgsh_order_operate.html?command=get_materiel&rest_code=00141&code=00101009016&supplier_code=00100007&order_time=2020-12-08 HTTP/1.1" 200 412
116.228.172.94 - - [08/Dec/2020:09:34:36 +0800] "GET /xingrg/kc/base/wldb_order_list.html HTTP/1.1" 200 19424
116.228.172.94 - - [08/Dec/2020:09:34:37 +0800] "POST /xingrg/kc/base/wldb_list_operate.html HTTP/1.1" 200 1776
101.91.60.108 - - [08/Dec/2020:09:34:38 +0800] "GET /xingrg/all/function/internal_message.html?_=1607390978165&CODE_STATE=getMsg HTTP/1.1" 302 -
116.228.172.94 - - [08/Dec/2020:09:34:38 +0800] "GET /xingrg/kc/base/wldb_order_add.html HTTP/1.1" 200 30589
116.228.172.94 - - [08/Dec/2020:09:34:39 +0800] "GET /xingrg/javascript/easyui/themes/default/validatebox.css HTTP/1.1" 404 1104
116.228.172.94 - - [08/Dec/2020:09:34:39 +0800] "POST /xingrg/kc/base/wldb_order_operate.html HTTP/1.1" 200 6806
101.91.60.108 - - [08/Dec/2020:09:34:40 +0800] "GET /xingrg/login.html HTTP/1.1" 200 7641
180.174.56.115 - - [08/Dec/2020:09:34:40 +0800] "GET /xingrg/all/function/internal_message.html?_=1607391247715&CODE_STATE=getMsg HTTP/1.1" 200 27
116.228.172.94 - - [08/Dec/2020:09:34:40 +0800] "POST /xingrg/all/common/load_combo.html?type=base HTTP/1.1" 200 3324
114.88.159.147 - - [08/Dec/2020:09:34:42 +0800] "GET /xingrg/all/function/internal_message.html?_=1607391278133&CODE_STATE=getMsg HTTP/1.1" 200 27
116.228.172.94 - - [08/Dec/2020:09:34:43 +0800] "POST /xingrg/all/common/load_combo.html?type=base HTTP/1.1" 200 3324
114.88.159.147 - - [08/Dec/2020:09:34:45 +0800] "GET /xingrg/kc/buy/cgsh_order_operate.html?command=get_materiel&rest_code=00141&code=00101008114&supplier_code=00100007&order_time=2020-12-08 HTTP/1.1" 200 412
180.157.253.48 - - [08/Dec/2020:09:34:49 +0800] "POST /xingrg/services/DataTransmitService HTTP/1.1" 200 524
172.17.0.185 - - [08/Dec/2020:09:34:49 +0800] "GET /xingrg/all/function/internal_message.html?_=1607391287160&CODE_STATE=getMsg HTTP/1.1" 200 27
180.157.253.48 - - [08/Dec/2020:09:34:49 +0800] "POST /xingrg/services/DataTransmitService HTTP/1.1" 200 1955
180.157.253.48 - - [08/Dec/2020:09:34:49 +0800] "POST /xingrg/services/DataTransmitService HTTP/1.1" 200 151503
114.88.159.147 - - [08/Dec/2020:09:34:51 +0800] "GET /xingrg/kc/buy/cgsh_order_operate.html?command=get_materiel&rest_code=00141&code=00101008168&supplier_code=00100007&order_time=2020-12-08 HTTP/1.1" 200 412
116.228.172.94 - - [08/Dec/2020:09:34:51 +0800] "GET /xingrg/javascript/auto/indicator.gif HTTP/1.1" 404 1066
117.185.32.26 - - [08/Dec/2020:09:34:53 +0800] "GET /xingrg/all/function/internal_message.html?_=1607391751801&CODE_STATE=getMsg HTTP/1.1" 200 27
114.88.159.147 - - [08/Dec/2020:09:34:53 +0800] "POST /xingrg/kc/buy/cgsh_order_operate.html HTTP/1.1" 200 2065
222.69.132.37 - - [08/Dec/2020:09:34:58 +0800] "GET /xingrg/all/function/internal_message.html?_=1607391297206&CODE_STATE=getMsg HTTP/1.1" 200 27
114.88.159.147 - - [08/Dec/2020:09:34:58 +0800] "GET /xingrg/kc/buy/cgsh_order_operate.html?command=get_materiel&rest_code=00141&code=00101008087&supplier_code=00100007&order_time=2020-12-08 HTTP/1.1" 200 412
116.228.172.94 - - [08/Dec/2020:09:34:58 +0800] "GET /xingrg/kc/base/wldb_order_operate.html?command=get_materiel&rest_code=00107&base_code=0010151&code=00101019185 HTTP/1.1" 200 455
114.88.163.87 - - [08/Dec/2020:09:35:02 +0800] "GET /xingrg/all/function/internal_message.html?_=1607391430100&CODE_STATE=getMsg HTTP/1.1" 200 27
114.88.163.87 - - [08/Dec/2020:09:35:02 +0800] "GET /xingrg/check_reg.html?_=1607391430105 HTTP/1.1" 200 22
180.174.56.115 - - [08/Dec/2020:09:35:03 +0800] "GET /xingrg/all/function/internal_message.html?_=1607391305081&CODE_STATE=getMsg HTTP/1.1" 200 27
222.69.132.37 - - [08/Dec/2020:09:35:04 +0800] "GET /xingrg/all/function/internal_message.html?_=1607391302920&CODE_STATE=getMsg HTTP/1.1" 200 27
114.88.159.147 - - [08/Dec/2020:09:35:08 +0800] "GET /xingrg/kc/buy/cgsh_order_operate.html?command=get_materiel&rest_code=00141&code=00101008331&supplier_code=00100007&order_time=2020-12-08 HTTP/1.1" 200 416
116.228.172.94 - - [08/Dec/2020:09:35:09 +0800] "GET /xingrg/kc/base/wldb_order_operate.html?command=get_materiel&rest_code=00107&base_code=0010151&code=00101019183 HTTP/1.1" 200 433
114.88.159.147 - - [08/Dec/2020:09:35:15 +0800] "GET /xingrg/kc/buy/cgsh_order_operate.html?command=get_materiel&rest_code=00141&code=00101008320&supplier_code=00100007&order_time=2020-12-08 HTTP/1.1" 200 412
61.151.178.236 - - [08/Dec/2020:09:35:16 +0800] "GET /xingrg/all/common/auto_word.html?type=employee&rest_code=00141 HTTP/1.1" 302 -
116.228.172.94 - - [08/Dec/2020:09:35:18 +0800] "GET /xingrg/kc/base/wldb_order_operate.html?command=get_materiel&rest_code=00107&base_code=0010151&code=00101019056 HTTP/1.1" 200 475
116.228.172.94 - - [08/Dec/2020:09:35:22 +0800] "GET /xingrg/all/function/internal_message.html?_=1607391321550&CODE_STATE=getMsg HTTP/1.1" 200 27
116.228.172.94 - - [08/Dec/2020:09:35:22 +0800] "GET /xingrg/check_reg.html?_=1607391321552 HTTP/1.1" 200 22
180.162.223.42 - - [08/Dec/2020:09:35:23 +0800] "GET /xingrg/all/function/internal_message.html?_=1607391322724&CODE_STATE=getMsg HTTP/1.1" 200 27
114.84.32.187 - - [08/Dec/2020:09:35:23 +0800] "GET /xingrg/all/function/internal_message.html?_=1607391330816&CODE_STATE=getMsg HTTP/1.1" 200 27
61.151.178.236 - - [08/Dec/2020:09:35:25 +0800] "GET /xingrg/login.html HTTP/1.1" 200 7641
180.162.223.42 - - [08/Dec/2020:09:35:26 +0800] "POST /xingrg/kc/buy/cgsh_order_operate.html HTTP/1.1" 200 37
116.228.172.94 - - [08/Dec/2020:09:35:27 +0800] "GET /xingrg/kc/base/wldb_order_operate.html?command=get_materiel&rest_code=00107&base_code=0010151&code=00101019400 HTTP/1.1" 200 451
114.88.159.147 - - [08/Dec/2020:09:35:27 +0800] "GET /xingrg/kc/buy/cgsh_order_operate.html?command=get_materiel&rest_code=00141&code=00101009030&supplier_code=00100007&order_time=2020-12-08 HTTP/1.1" 200 412
180.162.223.42 - - [08/Dec/2020:09:35:28 +0800] "POST /xingrg/kc/buy/cgsh_order_operate.html HTTP/1.1" 200 33389
180.162.223.42 - - [08/Dec/2020:09:35:29 +0800] "GET /xingrg/kc/print/load_config.html?kc_code=cgsh HTTP/1.1" 200 1845
180.162.223.42 - - [08/Dec/2020:09:35:29 +0800] "GET /xingrg/kc/print/load_data.html?order_code=212020120802853&kc_code=cgsh&condition= HTTP/1.1" 200 12234
114.88.163.87 - - [08/Dec/2020:09:35:31 +0800] "GET /xingrg/all/function/internal_message.html?_=1607391324253&CODE_STATE=getMsg HTTP/1.1" 200 27
114.88.159.147 - - [08/Dec/2020:09:35:31 +0800] "POST /xingrg/kc/buy/cgsh_order_operate.html HTTP/1.1" 200 2065
61.151.178.164 - - [08/Dec/2020:09:35:34 +0800] "GET /xingrg/kc/buy/cgsh_order_operate.html?command=get_materiel&rest_code=00141&code=00101008131&supplier_code=00100007&order_time=2020-12-08 HTTP/1.1" 302 -
114.88.159.147 - - [08/Dec/2020:09:35:35 +0800] "GET /xingrg/all/function/internal_message.html?_=1607390910758&CODE_STATE=getMsg HTTP/1.1" 200 27
116.228.172.94 - - [08/Dec/2020:09:35:35 +0800] "GET /xingrg/kc/base/wldb_order_operate.html?command=get_materiel&rest_code=00107&base_code=0010151&code=00101019222 HTTP/1.1" 200 453
61.151.178.164 - - [08/Dec/2020:09:35:39 +0800] "GET /xingrg/login.html HTTP/1.1" 200 7641
180.174.56.115 - - [08/Dec/2020:09:35:40 +0800] "GET /xingrg/all/function/internal_message.html?_=1607391307729&CODE_STATE=getMsg HTTP/1.1" 200 27
114.88.159.147 - - [08/Dec/2020:09:35:42 +0800] "GET /xingrg/all/function/internal_message.html?_=1607391338112&CODE_STATE=getMsg HTTP/1.1" 200 27
116.228.172.94 - - [08/Dec/2020:09:35:46 +0800] "GET /xingrg/kc/base/wldb_order_operate.html?command=get_materiel&rest_code=00107&base_code=0010151&code=00101019127 HTTP/1.1" 200 465
180.162.223.42 - - [08/Dec/2020:09:35:48 +0800] "GET /xingrg/kc/buy/cgsh_order_add.html HTTP/1.1" 200 60986
180.162.223.42 - - [08/Dec/2020:09:35:49 +0800] "GET /xingrg/javascript/easyui/themes/default/validatebox.css HTTP/1.1" 404 1104
180.162.223.42 - - [08/Dec/2020:09:35:49 +0800] "POST /xingrg/kc/buy/cgsh_order_operate.html HTTP/1.1" 200 8245
172.17.0.185 - - [08/Dec/2020:09:35:49 +0800] "GET /xingrg/all/function/internal_message.html?_=1607391347163&CODE_STATE=getMsg HTTP/1.1" 200 27
117.185.32.26 - - [08/Dec/2020:09:35:53 +0800] "GET /xingrg/all/function/internal_message.html?_=1607391811800&CODE_STATE=getMsg HTTP/1.1" 200 27
117.185.32.26 - - [08/Dec/2020:09:35:53 +0800] "GET /xingrg/check_reg.html?_=1607391811805 HTTP/1.1" 200 22
114.84.32.187 - - [08/Dec/2020:09:35:55 +0800] "POST /xingrg/services/DataTransmitService HTTP/1.1" 200 524
180.162.223.42 - - [08/Dec/2020:09:35:57 +0800] "GET /xingrg/kc/buy/cgsh_order_operate.html?command=get_materiel&rest_code=00105&code=00101002027&supplier_code=00100397&order_time=2020-12-08 HTTP/1.1" 200 413
222.69.132.37 - - [08/Dec/2020:09:35:58 +0800] "GET /xingrg/all/function/internal_message.html?_=1607391357208&CODE_STATE=getMsg HTTP/1.1" 200 27
