114.84.32.187 - - [08/Dec/2020:09:07:07 +0800] "GET /xingrg/kc/buy/cgsh_order_operate.html?command=get_materiel&rest_code=00146&code=00101015102&supplier_code=00100005&order_time=2020-12-08 HTTP/1.1" 200 394
180.174.56.115 - - [08/Dec/2020:09:07:09 +0800] "GET /xingrg/check_reg.html?_=1607389630366 HTTP/1.1" 200 22
114.84.32.187 - - [08/Dec/2020:09:07:14 +0800] "GET /xingrg/check_reg.html?_=1607389642123 HTTP/1.1" 200 22
114.84.32.187 - - [08/Dec/2020:09:07:16 +0800] "GET /xingrg/all/function/internal_message.html?_=1607389643696&CODE_STATE=getMsg HTTP/1.1" 200 27
180.174.56.115 - - [08/Dec/2020:09:07:16 +0800] "GET /xingrg/kc/buy/cgsh_order_list.html HTTP/1.1" 200 45208
180.174.56.115 - - [08/Dec/2020:09:07:16 +0800] "GET /xingrg/css/base.css HTTP/1.1" 304 -
180.174.56.115 - - [08/Dec/2020:09:07:16 +0800] "GET /xingrg/css/site.css HTTP/1.1" 304 -
180.174.56.115 - - [08/Dec/2020:09:07:16 +0800] "GET /xingrg/javascript/auto/jquery.autocomplete.css HTTP/1.1" 304 -
180.174.56.115 - - [08/Dec/2020:09:07:16 +0800] "GET /xingrg/javascript/easyui/themes/icon.css HTTP/1.1" 304 -
180.174.56.115 - - [08/Dec/2020:09:07:16 +0800] "GET /xingrg/javascript/jquery_tools/jquery.tools.extend.js HTTP/1.1" 304 -
180.174.56.115 - - [08/Dec/2020:09:07:16 +0800] "GET /xingrg/javascript/easyui/themes/default/easyui.css HTTP/1.1" 304 -
180.174.56.115 - - [08/Dec/2020:09:07:16 +0800] "GET /xingrg/javascript/jquery_tools/table.css HTTP/1.1" 304 -
180.174.56.115 - - [08/Dec/2020:09:07:16 +0800] "GET /xingrg/javascript/jquery_tools/datebox.css HTTP/1.1" 304 -
180.174.56.115 - - [08/Dec/2020:09:07:16 +0800] "GET /xingrg/javascript/jquery_tools/jquery.tools.hotkey.js HTTP/1.1" 304 -
180.174.56.115 - - [08/Dec/2020:09:07:16 +0800] "GET /xingrg/javascript/jquery_tools/jquery.tools.min.js HTTP/1.1" 304 -
180.174.56.115 - - [08/Dec/2020:09:07:16 +0800] "GET /xingrg/javascript/jquery_tools/fix.css HTTP/1.1" 304 -
180.174.56.115 - - [08/Dec/2020:09:07:16 +0800] "GET /xingrg/javascript/jquery_tools/jquery.tools.table.js HTTP/1.1" 304 -
180.174.56.115 - - [08/Dec/2020:09:07:16 +0800] "GET /xingrg/javascript/auto/jquery.autocomplete.js HTTP/1.1" 304 -
180.174.56.115 - - [08/Dec/2020:09:07:16 +0800] "GET /xingrg/javascript/jquery.cookie.js HTTP/1.1" 304 -
180.174.56.115 - - [08/Dec/2020:09:07:17 +0800] "GET /xingrg/javascript/easyui/easyloader.js HTTP/1.1" 304 -
180.174.56.115 - - [08/Dec/2020:09:07:17 +0800] "GET /xingrg/javascript/jquery_tools/list_manager.js HTTP/1.1" 304 -
180.174.56.115 - - [08/Dec/2020:09:07:17 +0800] "GET /xingrg/javascript/print/LodopFuncs.js HTTP/1.1" 304 -
180.174.56.115 - - [08/Dec/2020:09:07:17 +0800] "GET /xingrg/javascript/easyui/plugins/jquery.parser.js HTTP/1.1" 304 -
180.174.56.115 - - [08/Dec/2020:09:07:17 +0800] "POST /xingrg/kc/buy/cgsh_order_operate.html HTTP/1.1" 200 37
180.174.56.115 - - [08/Dec/2020:09:07:19 +0800] "POST /xingrg/kc/buy/cgsh_list_operate.html HTTP/1.1" 200 1690
180.174.56.115 - - [08/Dec/2020:09:07:19 +0800] "POST /xingrg/kc/buy/cgsh_order_operate.html HTTP/1.1" 200 21624
180.174.56.115 - - [08/Dec/2020:09:07:22 +0800] "GET /xingrg/kc/buy/cgsh_order_add.html HTTP/1.1" 200 60863
116.228.172.94 - - [08/Dec/2020:09:07:22 +0800] "GET /xingrg/all/function/internal_message.html?_=1607389641505&CODE_STATE=getMsg HTTP/1.1" 200 27
180.174.56.115 - - [08/Dec/2020:09:07:22 +0800] "POST /xingrg/kc/buy/cgsh_order_operate.html HTTP/1.1" 200 8245
180.174.56.115 - - [08/Dec/2020:09:07:22 +0800] "GET /xingrg/javascript/easyui/themes/default/validatebox.css HTTP/1.1" 404 1104
180.174.56.115 - - [08/Dec/2020:09:07:22 +0800] "GET /xingrg/javascript/pic_change.js HTTP/1.1" 304 -
180.174.56.115 - - [08/Dec/2020:09:07:22 +0800] "GET /xingrg/javascript/jquery_tools/order_manager.js HTTP/1.1" 304 -
180.174.56.115 - - [08/Dec/2020:09:07:22 +0800] "GET /xingrg/javascript/convert.js HTTP/1.1" 304 -
180.174.56.115 - - [08/Dec/2020:09:07:22 +0800] "GET /xingrg/javascript/json2.js HTTP/1.1" 304 -
180.174.56.115 - - [08/Dec/2020:09:07:22 +0800] "GET /xingrg/javascript/print/kc_print.js HTTP/1.1" 304 -
180.174.56.115 - - [08/Dec/2020:09:07:23 +0800] "GET /xingrg/kc/buy/cgsh_order_add.html HTTP/1.1" 200 60875
180.174.56.115 - - [08/Dec/2020:09:07:23 +0800] "GET /xingrg/words/20201207162459_words.js HTTP/1.1" 304 -
180.174.56.115 - - [08/Dec/2020:09:07:23 +0800] "POST /xingrg/kc/buy/cgsh_order_operate.html HTTP/1.1" 200 8245
180.174.56.115 - - [08/Dec/2020:09:07:23 +0800] "GET /xingrg/all/common/auto_word.html?type=employee&rest_code=00150 HTTP/1.1" 200 205
180.174.56.115 - - [08/Dec/2020:09:07:23 +0800] "GET /xingrg/all/common/auto_word.html?type=employee&rest_code=00150 HTTP/1.1" 200 205
180.174.56.115 - - [08/Dec/2020:09:07:23 +0800] "GET /xingrg/javascript/easyui/themes/default/validatebox.css HTTP/1.1" 404 1104
180.174.56.115 - - [08/Dec/2020:09:07:23 +0800] "GET /xingrg/javascript/easyui/plugins/jquery.validatebox.js HTTP/1.1" 304 -
180.162.223.42 - - [08/Dec/2020:09:07:23 +0800] "GET /xingrg/all/function/internal_message.html?_=1607389642702&CODE_STATE=getMsg HTTP/1.1" 200 27
180.174.56.115 - - [08/Dec/2020:09:07:23 +0800] "GET /xingrg/javascript/easyui/plugins/jquery.numberbox.js HTTP/1.1" 304 -
114.84.32.187 - - [08/Dec/2020:09:07:23 +0800] "GET /xingrg/kc/buy/cgsh_order_operate.html?command=get_materiel&rest_code=00146&code=00101015044&supplier_code=00100005&order_time=2020-12-08 HTTP/1.1" 200 408
180.174.56.115 - - [08/Dec/2020:09:07:24 +0800] "GET /xingrg/javascript/auto/indicator.gif HTTP/1.1" 404 1066
114.88.163.87 - - [08/Dec/2020:09:07:30 +0800] "GET /xingrg/all/function/internal_message.html?_=1607389643699&CODE_STATE=getMsg HTTP/1.1" 200 27
180.174.56.115 - - [08/Dec/2020:09:07:33 +0800] "GET /xingrg/kc/buy/cgsh_order_operate.html?command=get_materiel&rest_code=00150&code=00101011005&supplier_code=00100047&order_time=2020-12-08 HTTP/1.1" 200 427
180.174.56.115 - - [08/Dec/2020:09:07:35 +0800] "GET /xingrg/kc/buy/cgsh_order_operate.html?command=get_materiel&rest_code=00150&code=00101006129&supplier_code=00100096&order_time=2020-12-08 HTTP/1.1" 200 431
114.88.159.147 - - [08/Dec/2020:09:07:35 +0800] "GET /xingrg/all/function/internal_message.html?_=1607389230676&CODE_STATE=getMsg HTTP/1.1" 200 27
120.253.135.82 - - [08/Dec/2020:09:07:37 +0800] "GET /xingrg/all/function/internal_message.html?_=1607389408600&CODE_STATE=getMsg HTTP/1.1" 200 27
180.174.56.115 - - [08/Dec/2020:09:07:42 +0800] "GET /xingrg/all/function/internal_message.html?_=1607389629688&CODE_STATE=getMsg HTTP/1.1" 200 27
114.88.159.147 - - [08/Dec/2020:09:07:43 +0800] "GET /xingrg/all/function/internal_message.html?_=1607389658604&CODE_STATE=getMsg HTTP/1.1" 200 27
180.174.56.115 - - [08/Dec/2020:09:07:43 +0800] "GET /xingrg/kc/buy/cgsh_order_operate.html?command=get_materiel&rest_code=00150&code=00101011003&supplier_code=00100047&order_time=2020-12-08 HTTP/1.1" 200 413
172.17.0.185 - - [08/Dec/2020:09:07:49 +0800] "GET /xingrg/all/function/internal_message.html?_=1607389667152&CODE_STATE=getMsg HTTP/1.1" 200 27
222.69.132.37 - - [08/Dec/2020:09:07:49 +0800] "POST /xingrg/services/DataTransmitService HTTP/1.1" 200 524
222.69.132.37 - - [08/Dec/2020:09:07:50 +0800] "POST /xingrg/services/DataTransmitService HTTP/1.1" 200 1847
180.174.56.115 - - [08/Dec/2020:09:07:51 +0800] "GET /xingrg/all/function/internal_message.html?_=1607389672317&CODE_STATE=getMsg HTTP/1.1" 200 27
222.69.132.37 - - [08/Dec/2020:09:07:51 +0800] "POST /xingrg/services/DataTransmitService HTTP/1.1" 200 154532
180.174.56.115 - - [08/Dec/2020:09:07:51 +0800] "POST /xingrg/kc/buy/cgsh_order_operate.html HTTP/1.1" 200 37
117.185.32.26 - - [08/Dec/2020:09:07:53 +0800] "GET /xingrg/all/function/internal_message.html?_=1607390131680&CODE_STATE=getMsg HTTP/1.1" 200 27
180.174.56.115 - - [08/Dec/2020:09:07:55 +0800] "POST /xingrg/kc/buy/cgsh_order_operate.html HTTP/1.1" 200 12
180.174.56.115 - - [08/Dec/2020:09:07:56 +0800] "GET /xingrg/kc/buy/cgsh_order_operate.html?command=get_materiel&rest_code=00150&code=00101006111&supplier_code=00100096&order_time=2020-12-08 HTTP/1.1" 200 409
180.174.56.115 - - [08/Dec/2020:09:07:56 +0800] "GET /xingrg/kc/buy/cgsh_order_info.html?code=212020120802845 HTTP/1.1" 200 55766
180.174.56.115 - - [08/Dec/2020:09:07:56 +0800] "GET /xingrg/javascript/easyui/themes/default/validatebox.css HTTP/1.1" 404 1104
180.174.56.115 - - [08/Dec/2020:09:07:57 +0800] "POST /xingrg/kc/buy/cgsh_order_operate.html HTTP/1.1" 200 1197
180.174.56.115 - - [08/Dec/2020:09:07:58 +0800] "GET /xingrg/kc/print/load_config.html?kc_code=cgsh HTTP/1.1" 200 1845
222.69.132.37 - - [08/Dec/2020:09:07:58 +0800] "GET /xingrg/check_reg.html?_=1607389677191 HTTP/1.1" 200 22
222.69.132.37 - - [08/Dec/2020:09:07:58 +0800] "GET /xingrg/all/function/internal_message.html?_=1607389677183&CODE_STATE=getMsg HTTP/1.1" 200 27
180.174.56.115 - - [08/Dec/2020:09:07:58 +0800] "GET /xingrg/kc/print/load_data.html?order_code=212020120802845&kc_code=cgsh&condition= HTTP/1.1" 200 983
114.88.163.87 - - [08/Dec/2020:09:08:02 +0800] "GET /xingrg/all/function/internal_message.html?_=1607389810082&CODE_STATE=getMsg HTTP/1.1" 200 27
114.88.163.87 - - [08/Dec/2020:09:08:03 +0800] "GET /xingrg/check_reg.html?_=1607389676937 HTTP/1.1" 200 22
222.69.132.37 - - [08/Dec/2020:09:08:04 +0800] "GET /xingrg/all/function/internal_message.html?_=1607389682879&CODE_STATE=getMsg HTTP/1.1" 200 27
180.174.56.115 - - [08/Dec/2020:09:08:05 +0800] "POST /xingrg/all/user/operate.html HTTP/1.1" 200 36
180.174.56.115 - - [08/Dec/2020:09:08:05 +0800] "GET /xingrg/javascript/jquery_easy_ui/themes/default/easyui.css HTTP/1.1" 304 -
180.174.56.115 - - [08/Dec/2020:09:08:05 +0800] "GET /xingrg/index.html?sysBaseUrl=http%3A%2F%2F180.169.147.146%3A18081%2Fxingrg%2F&costTime=39×tamp=1607228741758 HTTP/1.1" 200 17177
180.174.56.115 - - [08/Dec/2020:09:08:05 +0800] "GET /xingrg/javascript/jquery_easy_ui/themes/icon.css HTTP/1.1" 304 -
180.174.56.115 - - [08/Dec/2020:09:08:05 +0800] "GET /xingrg/css/form.css HTTP/1.1" 304 -
180.174.56.115 - - [08/Dec/2020:09:08:05 +0800] "GET /xingrg/javascript/jquery-1.4.2.min.js HTTP/1.1" 304 -
180.174.56.115 - - [08/Dec/2020:09:08:05 +0800] "GET /xingrg/javascript/jquery_easy_ui/jquery.easyui.min.js HTTP/1.1" 304 -
180.174.56.115 - - [08/Dec/2020:09:08:05 +0800] "GET /xingrg/javascript/jquery_easy_ui/easyui-lang-zh_CN.js HTTP/1.1" 304 -
180.174.56.115 - - [08/Dec/2020:09:08:05 +0800] "GET /xingrg/javascript/jquery.form.js HTTP/1.1" 304 -
180.174.56.115 - - [08/Dec/2020:09:08:05 +0800] "GET /xingrg/javascript/jquery.utils.js HTTP/1.1" 304 -
180.174.56.115 - - [08/Dec/2020:09:08:05 +0800] "GET /xingrg/javascript/jquery.timers.js HTTP/1.1" 304 -
180.174.56.115 - - [08/Dec/2020:09:08:05 +0800] "GET /xingrg/images/blue/jxLogo.png HTTP/1.1" 304 -
180.174.56.115 - - [08/Dec/2020:09:08:05 +0800] "GET /xingrg/javascript/jquery_easy_ui/themes/icons/settle_new.png HTTP/1.1" 304 -
180.174.56.115 - - [08/Dec/2020:09:08:05 +0800] "GET /xingrg/images/blue/navBackgound.jpg HTTP/1.1" 304 -
180.174.56.115 - - [08/Dec/2020:09:08:05 +0800] "POST /xingrg/all/common/load_tree.html?tree=area_rest_tree_json&manage=1 HTTP/1.1" 200 476
180.174.56.115 - - [08/Dec/2020:09:08:05 +0800] "GET /xingrg/images/blue/pingpu.png HTTP/1.1" 304 -
180.174.56.115 - - [08/Dec/2020:09:08:05 +0800] "GET /xingrg/all/function/internal_message.html?_=1607389687268&CODE_STATE=count HTTP/1.1" 200 11
180.174.56.115 - - [08/Dec/2020:09:08:05 +0800] "GET /xingrg/check_reg.html?_=1607389687269 HTTP/1.1" 200 22
180.174.56.115 - - [08/Dec/2020:09:08:05 +0800] "GET /xingrg/javascript/jquery_easy_ui/themes/default/images/tabs_rightarrow.png HTTP/1.1" 304 -
180.174.56.115 - - [08/Dec/2020:09:08:05 +0800] "GET /xingrg/javascript/jquery_easy_ui/themes/default/images/panel_tool_collapse.gif HTTP/1.1" 304 -
180.174.56.115 - - [08/Dec/2020:09:08:05 +0800] "GET /xingrg/javascript/jquery_easy_ui/themes/default/images/tabs_leftarrow.png HTTP/1.1" 304 -
180.174.56.115 - - [08/Dec/2020:09:08:06 +0800] "POST /xingrg/load_menu.html HTTP/1.1" 200 5138
180.174.56.115 - - [08/Dec/2020:09:08:07 +0800] "GET /xingrg/kc/buy/cgsh_order_list.html HTTP/1.1" 200 45206
180.174.56.115 - - [08/Dec/2020:09:08:09 +0800] "POST /xingrg/kc/buy/cgsh_list_operate.html HTTP/1.1" 200 876
180.174.56.115 - - [08/Dec/2020:09:08:09 +0800] "GET /xingrg/kc/buy/cgsh_order_add.html HTTP/1.1" 200 60581
180.174.56.115 - - [08/Dec/2020:09:08:10 +0800] "GET /xingrg/all/common/auto_word.html?type=employee&rest_code=00151 HTTP/1.1" 200 243
180.174.56.115 - - [08/Dec/2020:09:08:10 +0800] "GET /xingrg/all/common/auto_word.html?type=employee&rest_code=00151 HTTP/1.1" 200 243
180.174.56.115 - - [08/Dec/2020:09:08:10 +0800] "GET /xingrg/javascript/easyui/themes/default/validatebox.css HTTP/1.1" 404 1104
180.174.56.115 - - [08/Dec/2020:09:08:10 +0800] "POST /xingrg/kc/buy/cgsh_order_operate.html HTTP/1.1" 200 8245
180.174.56.115 - - [08/Dec/2020:09:08:11 +0800] "GET /xingrg/javascript/auto/indicator.gif HTTP/1.1" 404 1066
180.174.56.115 - - [08/Dec/2020:09:08:14 +0800] "GET /xingrg/kc/buy/cgsh_order_operate.html?command=get_materiel&rest_code=00150&code=00101006112&supplier_code=00100096&order_time=2020-12-08 HTTP/1.1" 200 409
114.84.32.187 - - [08/Dec/2020:09:08:16 +0800] "GET /xingrg/all/function/internal_message.html?_=1607389703709&CODE_STATE=getMsg HTTP/1.1" 200 27
180.174.56.115 - - [08/Dec/2020:09:08:17 +0800] "GET /xingrg/kc/buy/cgsh_order_operate.html?command=get_materiel&rest_code=00151&code=00101011005&supplier_code=00100047&order_time=2020-12-08 HTTP/1.1" 200 427
116.228.172.94 - - [08/Dec/2020:09:08:22 +0800] "GET /xingrg/all/function/internal_message.html?_=1607389701505&CODE_STATE=getMsg HTTP/1.1" 200 27
180.162.223.42 - - [08/Dec/2020:09:08:23 +0800] "GET /xingrg/all/function/internal_message.html?_=1607389702693&CODE_STATE=getMsg HTTP/1.1" 200 27
180.174.56.115 - - [08/Dec/2020:09:08:25 +0800] "GET /xingrg/kc/buy/cgsh_order_operate.html?command=get_materiel&rest_code=00151&code=00101011001&supplier_code=00100047&order_time=2020-12-08 HTTP/1.1" 200 423
114.88.163.87 - - [08/Dec/2020:09:08:30 +0800] "GET /xingrg/all/function/internal_message.html?_=1607389703709&CODE_STATE=getMsg HTTP/1.1" 200 27
180.174.56.115 - - [08/Dec/2020:09:08:34 +0800] "GET /xingrg/kc/buy/cgsh_order_operate.html?command=get_materiel&rest_code=00151&code=00101011007&supplier_code=00100047&order_time=2020-12-08 HTTP/1.1" 200 414
114.88.159.147 - - [08/Dec/2020:09:08:35 +0800] "GET /xingrg/all/function/internal_message.html?_=1607389290676&CODE_STATE=getMsg HTTP/1.1" 200 27
120.253.135.82 - - [08/Dec/2020:09:08:37 +0800] "GET /xingrg/all/function/internal_message.html?_=1607389468619&CODE_STATE=getMsg HTTP/1.1" 200 27
180.174.56.115 - - [08/Dec/2020:09:08:40 +0800] "GET /xingrg/kc/buy/cgsh_order_operate.html?command=get_materiel&rest_code=00150&code=00101007068&supplier_code=00100096&order_time=2020-12-08 HTTP/1.1" 200 409
180.174.56.115 - - [08/Dec/2020:09:08:42 +0800] "GET /xingrg/all/function/internal_message.html?_=1607389689701&CODE_STATE=getMsg HTTP/1.1" 200 27
114.88.159.147 - - [08/Dec/2020:09:08:43 +0800] "GET /xingrg/all/function/internal_message.html?_=1607389718578&CODE_STATE=getMsg HTTP/1.1" 200 27
172.17.0.185 - - [08/Dec/2020:09:08:49 +0800] "GET /xingrg/all/function/internal_message.html?_=1607389727156&CODE_STATE=getMsg HTTP/1.1" 200 27
117.185.32.26 - - [08/Dec/2020:09:08:53 +0800] "GET /xingrg/all/function/internal_message.html?_=1607390191678&CODE_STATE=getMsg HTTP/1.1" 200 27
180.174.56.115 - - [08/Dec/2020:09:08:58 +0800] "POST /xingrg/kc/buy/cgsh_order_operate.html HTTP/1.1" 200 37
222.69.132.37 - - [08/Dec/2020:09:08:58 +0800] "GET /xingrg/all/function/internal_message.html?_=1607389737178&CODE_STATE=getMsg HTTP/1.1" 200 27
180.174.56.115 - - [08/Dec/2020:09:09:02 +0800] "POST /xingrg/kc/buy/cgsh_order_operate.html HTTP/1.1" 200 12
114.88.163.87 - - [08/Dec/2020:09:09:02 +0800] "GET /xingrg/all/function/internal_message.html?_=1607389870083&CODE_STATE=getMsg HTTP/1.1" 200 27
180.174.56.115 - - [08/Dec/2020:09:09:03 +0800] "GET /xingrg/kc/buy/cgsh_order_info.html?code=212020120802846 HTTP/1.1" 200 55484
180.174.56.115 - - [08/Dec/2020:09:09:03 +0800] "GET /xingrg/javascript/easyui/themes/default/validatebox.css HTTP/1.1" 404 1104
180.174.56.115 - - [08/Dec/2020:09:09:04 +0800] "POST /xingrg/kc/buy/cgsh_order_operate.html HTTP/1.1" 200 1815
222.69.132.37 - - [08/Dec/2020:09:09:04 +0800] "GET /xingrg/all/function/internal_message.html?_=1607389742870&CODE_STATE=getMsg HTTP/1.1" 200 27
180.174.56.115 - - [08/Dec/2020:09:09:05 +0800] "GET /xingrg/kc/print/load_data.html?order_code=212020120802846&kc_code=cgsh&condition= HTTP/1.1" 200 1231
180.174.56.115 - - [08/Dec/2020:09:09:06 +0800] "GET /xingrg/all/function/internal_message.html?_=1607389747731&CODE_STATE=getMsg HTTP/1.1" 200 27
180.174.56.115 - - [08/Dec/2020:09:09:08 +0800] "GET /xingrg/kc/buy/cgsh_order_operate.html?command=get_materiel&rest_code=00150&code=00101007077&supplier_code=00100096&order_time=2020-12-08 HTTP/1.1" 200 415
180.174.56.115 - - [08/Dec/2020:09:09:10 +0800] "GET /xingrg/kc/buy/cgsh_order_add.html HTTP/1.1" 200 60581
180.174.56.115 - - [08/Dec/2020:09:09:11 +0800] "POST /xingrg/kc/buy/cgsh_order_operate.html HTTP/1.1" 200 8245
180.174.56.115 - - [08/Dec/2020:09:09:11 +0800] "GET /xingrg/javascript/easyui/themes/default/validatebox.css HTTP/1.1" 404 1104
114.88.159.147 - - [08/Dec/2020:09:09:15 +0800] "GET /xingrg/check_reg.html?_=1607389750817 HTTP/1.1" 200 22
114.84.32.187 - - [08/Dec/2020:09:09:16 +0800] "GET /xingrg/all/function/internal_message.html?_=1607389763723&CODE_STATE=getMsg HTTP/1.1" 200 27
116.228.172.94 - - [08/Dec/2020:09:09:22 +0800] "GET /xingrg/all/function/internal_message.html?_=1607389761505&CODE_STATE=getMsg HTTP/1.1" 200 27
180.162.223.42 - - [08/Dec/2020:09:09:23 +0800] "GET /xingrg/all/function/internal_message.html?_=1607389762699&CODE_STATE=getMsg HTTP/1.1" 200 27
180.174.56.115 - - [08/Dec/2020:09:09:27 +0800] "GET /xingrg/kc/buy/cgsh_order_operate.html?command=get_materiel&rest_code=00150&code=00101007081&supplier_code=00100096&order_time=2020-12-08 HTTP/1.1" 200 413
114.88.163.87 - - [08/Dec/2020:09:09:30 +0800] "GET /xingrg/all/function/internal_message.html?_=1607389763721&CODE_STATE=getMsg HTTP/1.1" 200 27
114.88.159.147 - - [08/Dec/2020:09:09:35 +0800] "GET /xingrg/check_reg.html?_=1607389350676 HTTP/1.1" 200 22
114.88.159.147 - - [08/Dec/2020:09:09:35 +0800] "GET /xingrg/all/function/internal_message.html?_=1607389350674&CODE_STATE=getMsg HTTP/1.1" 200 27
120.253.135.82 - - [08/Dec/2020:09:09:37 +0800] "GET /xingrg/all/function/internal_message.html?_=1607389528627&CODE_STATE=getMsg HTTP/1.1" 200 27
180.174.56.115 - - [08/Dec/2020:09:09:42 +0800] "GET /xingrg/all/function/internal_message.html?_=1607389749715&CODE_STATE=getMsg HTTP/1.1" 200 27
114.88.159.147 - - [08/Dec/2020:09:09:43 +0800] "GET /xingrg/all/function/internal_message.html?_=1607389778560&CODE_STATE=getMsg HTTP/1.1" 200 27
180.174.56.115 - - [08/Dec/2020:09:09:48 +0800] "GET /xingrg/kc/buy/cgsh_order_operate.html?command=get_materiel&rest_code=00151&code=00101012039&supplier_code=00100007&order_time=2020-12-08 HTTP/1.1" 200 408
172.17.0.185 - - [08/Dec/2020:09:09:49 +0800] "GET /xingrg/all/function/internal_message.html?_=1607389787142&CODE_STATE=getMsg HTTP/1.1" 200 27
117.185.32.26 - - [08/Dec/2020:09:09:53 +0800] "GET /xingrg/all/function/internal_message.html?_=1607390251678&CODE_STATE=getMsg HTTP/1.1" 200 27
180.174.56.115 - - [08/Dec/2020:09:09:56 +0800] "GET /xingrg/kc/buy/cgsh_order_operate.html?command=get_materiel&rest_code=00151&code=00101016038&supplier_code=00100007&order_time=2020-12-08 HTTP/1.1" 200 408
180.174.56.115 - - [08/Dec/2020:09:09:56 +0800] "GET /xingrg/kc/buy/cgsh_order_operate.html?command=get_materiel&rest_code=00150&code=00101012025&supplier_code=00100096&order_time=2020-12-08 HTTP/1.1" 200 412
222.69.132.37 - - [08/Dec/2020:09:09:58 +0800] "GET /xingrg/all/function/internal_message.html?_=1607389797194&CODE_STATE=getMsg HTTP/1.1" 200 27
114.88.163.87 - - [08/Dec/2020:09:10:02 +0800] "GET /xingrg/check_reg.html?_=1607389930087 HTTP/1.1" 200 22
114.88.163.87 - - [08/Dec/2020:09:10:02 +0800] "GET /xingrg/all/function/internal_message.html?_=1607389930082&CODE_STATE=getMsg HTTP/1.1" 200 27
180.174.56.115 - - [08/Dec/2020:09:10:03 +0800] "GET /xingrg/kc/buy/cgsh_order_operate.html?command=get_materiel&rest_code=00151&code=00101008323&supplier_code=00100007&order_time=2020-12-08 HTTP/1.1" 200 408
222.69.132.37 - - [08/Dec/2020:09:10:04 +0800] "GET /xingrg/all/function/internal_message.html?_=1607389802885&CODE_STATE=getMsg HTTP/1.1" 200 27
180.174.56.115 - - [08/Dec/2020:09:10:06 +0800] "GET /xingrg/all/function/internal_message.html?_=1607389807713&CODE_STATE=getMsg HTTP/1.1" 200 27
114.84.32.187 - - [08/Dec/2020:09:10:08 +0800] "GET /xingrg/kc/buy/cgsh_order_operate.html?command=get_materiel&rest_code=00146&code=00101008332&supplier_code=00100005&order_time=2020-12-08 HTTP/1.1" 200 412
180.174.56.115 - - [08/Dec/2020:09:10:11 +0800] "GET /xingrg/kc/buy/cgsh_order_operate.html?command=get_materiel&rest_code=00150&code=00101012039&supplier_code=00100096&order_time=2020-12-08 HTTP/1.1" 200 408
180.174.56.115 - - [08/Dec/2020:09:10:11 +0800] "GET /xingrg/kc/buy/cgsh_order_operate.html?command=get_materiel&rest_code=00151&code=00101008347&supplier_code=00100007&order_time=2020-12-08 HTTP/1.1" 200 408
61.129.7.235 - - [08/Dec/2020:09:10:11 +0800] "GET /xingrg/all/function/internal_message.html?_=1607389718578&CODE_STATE=getMsg HTTP/1.1" 302 -
114.84.32.187 - - [08/Dec/2020:09:10:13 +0800] "POST /xingrg/kc/buy/cgsh_order_operate.html HTTP/1.1" 200 2065
61.129.7.235 - - [08/Dec/2020:09:10:14 +0800] "GET /xingrg/login.html HTTP/1.1" 200 7641
114.84.32.187 - - [08/Dec/2020:09:10:16 +0800] "GET /xingrg/all/function/internal_message.html?_=1607389823813&CODE_STATE=getMsg HTTP/1.1" 200 27
180.174.56.115 - - [08/Dec/2020:09:10:19 +0800] "GET /xingrg/kc/buy/cgsh_order_operate.html?command=get_materiel&rest_code=00151&code=00101008372&supplier_code=00100007&order_time=2020-12-08 HTTP/1.1" 200 408
180.174.56.115 - - [08/Dec/2020:09:10:19 +0800] "GET /xingrg/kc/buy/cgsh_order_operate.html?command=get_materiel&rest_code=00150&code=00101016025&supplier_code=00100096&order_time=2020-12-08 HTTP/1.1" 200 408
114.84.32.187 - - [08/Dec/2020:09:10:20 +0800] "GET /xingrg/kc/buy/cgsh_order_operate.html?command=get_materiel&rest_code=00146&code=00101008379&supplier_code=00100005&order_time=2020-12-08 HTTP/1.1" 200 408
116.228.172.94 - - [08/Dec/2020:09:10:22 +0800] "GET /xingrg/all/function/internal_message.html?_=1607389821505&CODE_STATE=getMsg HTTP/1.1" 200 27
116.228.172.94 - - [08/Dec/2020:09:10:22 +0800] "GET /xingrg/check_reg.html?_=1607389821506 HTTP/1.1" 200 22
180.162.223.42 - - [08/Dec/2020:09:10:23 +0800] "GET /xingrg/all/function/internal_message.html?_=1607389822695&CODE_STATE=getMsg HTTP/1.1" 200 27
180.174.56.115 - - [08/Dec/2020:09:10:27 +0800] "GET /xingrg/kc/buy/cgsh_order_operate.html?command=get_materiel&rest_code=00151&code=00101008083&supplier_code=00100007&order_time=2020-12-08 HTTP/1.1" 200 427
180.174.56.115 - - [08/Dec/2020:09:10:28 +0800] "POST /xingrg/all/common/load_select.html HTTP/1.1" 200 25
114.88.163.87 - - [08/Dec/2020:09:10:30 +0800] "GET /xingrg/all/function/internal_message.html?_=1607389823757&CODE_STATE=getMsg HTTP/1.1" 200 27
180.174.56.115 - - [08/Dec/2020:09:10:31 +0800] "GET /xingrg/kc/buy/cgsh_order_operate.html?command=get_materiel_price&rest_code=00151&code=00101008083&unit_code=00100026&supplier_code=00100007&order_time=2020-12-08 HTTP/1.1" 200 27
61.151.207.205 - - [08/Dec/2020:09:10:31 +0800] "GET /xingrg/check_reg.html?_=1607389750817 HTTP/1.1" 302 -
114.84.32.187 - - [08/Dec/2020:09:10:34 +0800] "GET /xingrg/kc/buy/cgsh_order_operate.html?command=get_materiel&rest_code=00146&code=00101008209&supplier_code=00100005&order_time=2020-12-08 HTTP/1.1" 200 408
114.88.159.147 - - [08/Dec/2020:09:10:35 +0800] "GET /xingrg/all/function/internal_message.html?_=1607389410677&CODE_STATE=getMsg HTTP/1.1" 200 27
120.253.135.82 - - [08/Dec/2020:09:10:37 +0800] "GET /xingrg/check_reg.html?_=1607389588520 HTTP/1.1" 200 22
120.253.135.82 - - [08/Dec/2020:09:10:37 +0800] "GET /xingrg/all/function/internal_message.html?_=1607389588640&CODE_STATE=getMsg HTTP/1.1" 200 27
180.174.56.115 - - [08/Dec/2020:09:10:39 +0800] "GET /xingrg/kc/buy/cgsh_order_operate.html?command=get_materiel&rest_code=00151&code=00101013044&supplier_code=00100007&order_time=2020-12-08 HTTP/1.1" 200 447
61.151.207.205 - - [08/Dec/2020:09:10:41 +0800] "GET /xingrg/login.html HTTP/1.1" 200 7641
180.174.56.115 - - [08/Dec/2020:09:10:42 +0800] "GET /xingrg/kc/buy/cgsh_order_operate.html?command=get_materiel&rest_code=00150&code=00101001084&supplier_code=00100096&order_time=2020-12-08 HTTP/1.1" 200 415
180.174.56.115 - - [08/Dec/2020:09:10:42 +0800] "GET /xingrg/all/function/internal_message.html?_=1607389809729&CODE_STATE=getMsg HTTP/1.1" 200 27
114.88.159.147 - - [08/Dec/2020:09:10:43 +0800] "GET /xingrg/all/function/internal_message.html?_=1607389838528&CODE_STATE=getMsg HTTP/1.1" 200 27
180.174.56.115 - - [08/Dec/2020:09:10:44 +0800] "GET /xingrg/kc/buy/cgsh_order_operate.html?command=get_materiel&rest_code=00151&code=00101008318&supplier_code=00100007&order_time=2020-12-08 HTTP/1.1" 200 408
172.17.0.185 - - [08/Dec/2020:09:10:49 +0800] "GET /xingrg/all/function/internal_message.html?_=1607389847144&CODE_STATE=getMsg HTTP/1.1" 200 27
180.174.56.115 - - [08/Dec/2020:09:10:49 +0800] "GET /xingrg/kc/buy/cgsh_order_operate.html?command=get_materiel&rest_code=00151&code=00101016051&supplier_code=00100007&order_time=2020-12-08 HTTP/1.1" 200 408
117.185.32.26 - - [08/Dec/2020:09:10:53 +0800] "GET /xingrg/all/function/internal_message.html?_=1607390311678&CODE_STATE=getMsg HTTP/1.1" 200 27
117.185.32.26 - - [08/Dec/2020:09:10:53 +0800] "GET /xingrg/check_reg.html?_=1607390311679 HTTP/1.1" 200 22
180.174.56.115 - - [08/Dec/2020:09:10:55 +0800] "GET /xingrg/kc/buy/cgsh_order_operate.html?command=get_materiel&rest_code=00151&code=00101008049&supplier_code=00100007&order_time=2020-12-08 HTTP/1.1" 200 408
222.69.132.37 - - [08/Dec/2020:09:10:58 +0800] "GET /xingrg/all/function/internal_message.html?_=1607389857180&CODE_STATE=getMsg HTTP/1.1" 200 27
180.174.56.115 - - [08/Dec/2020:09:11:02 +0800] "GET /xingrg/kc/buy/cgsh_order_operate.html?command=get_materiel&rest_code=00151&code=00101008018&supplier_code=00100007&order_time=2020-12-08 HTTP/1.1" 200 416
114.88.163.87 - - [08/Dec/2020:09:11:02 +0800] "GET /xingrg/all/function/internal_message.html?_=1607389990072&CODE_STATE=getMsg HTTP/1.1" 200 27
222.69.132.37 - - [08/Dec/2020:09:11:04 +0800] "GET /xingrg/all/function/internal_message.html?_=1607389862897&CODE_STATE=getMsg HTTP/1.1" 200 27
222.69.132.37 - - [08/Dec/2020:09:11:04 +0800] "GET /xingrg/check_reg.html?_=1607389862888 HTTP/1.1" 200 22
180.174.56.115 - - [08/Dec/2020:09:11:06 +0800] "GET /xingrg/all/function/internal_message.html?_=1607389867694&CODE_STATE=getMsg HTTP/1.1" 200 27
180.174.56.115 - - [08/Dec/2020:09:11:08 +0800] "GET /xingrg/kc/buy/cgsh_order_operate.html?command=get_materiel&rest_code=00151&code=00101008095&supplier_code=00100007&order_time=2020-12-08 HTTP/1.1" 200 412
180.174.56.115 - - [08/Dec/2020:09:11:15 +0800] "GET /xingrg/kc/buy/cgsh_order_operate.html?command=get_materiel&rest_code=00151&code=00101008110&supplier_code=00100007&order_time=2020-12-08 HTTP/1.1" 200 408
114.84.32.187 - - [08/Dec/2020:09:11:16 +0800] "GET /xingrg/all/function/internal_message.html?_=1607389883827&CODE_STATE=getMsg HTTP/1.1" 200 27
180.174.56.115 - - [08/Dec/2020:09:11:22 +0800] "POST /xingrg/kc/buy/cgsh_order_operate.html HTTP/1.1" 200 37
116.228.172.94 - - [08/Dec/2020:09:11:22 +0800] "GET /xingrg/all/function/internal_message.html?_=1607389881513&CODE_STATE=getMsg HTTP/1.1" 200 27
180.162.223.42 - - [08/Dec/2020:09:11:23 +0800] "GET /xingrg/all/function/internal_message.html?_=1607389882699&CODE_STATE=getMsg HTTP/1.1" 200 27
180.162.223.42 - - [08/Dec/2020:09:11:23 +0800] "GET /xingrg/check_reg.html?_=1607389882703 HTTP/1.1" 200 22
180.174.56.115 - - [08/Dec/2020:09:11:24 +0800] "GET /xingrg/kc/buy/cgsh_order_operate.html?command=get_materiel&rest_code=00151&code=00101008343&supplier_code=00100007&order_time=2020-12-08 HTTP/1.1" 200 412
180.174.56.115 - - [08/Dec/2020:09:11:26 +0800] "POST /xingrg/kc/buy/cgsh_order_operate.html HTTP/1.1" 200 12
180.174.56.115 - - [08/Dec/2020:09:11:27 +0800] "GET /xingrg/kc/buy/cgsh_order_info.html?code=212020120802847 HTTP/1.1" 200 55772
180.174.56.115 - - [08/Dec/2020:09:11:27 +0800] "GET /xingrg/javascript/easyui/themes/default/validatebox.css HTTP/1.1" 404 1104
180.174.56.115 - - [08/Dec/2020:09:11:27 +0800] "POST /xingrg/kc/buy/cgsh_order_operate.html HTTP/1.1" 200 6537
180.174.56.115 - - [08/Dec/2020:09:11:29 +0800] "GET /xingrg/kc/print/load_config.html?kc_code=cgsh HTTP/1.1" 200 1845
180.174.56.115 - - [08/Dec/2020:09:11:29 +0800] "GET /xingrg/kc/print/load_data.html?order_code=212020120802847&kc_code=cgsh&condition= HTTP/1.1" 200 2973
114.84.32.187 - - [08/Dec/2020:09:11:30 +0800] "POST /xingrg/kc/buy/cgsh_order_operate.html HTTP/1.1" 200 2065
114.88.163.87 - - [08/Dec/2020:09:11:30 +0800] "GET /xingrg/all/function/internal_message.html?_=1607389883764&CODE_STATE=getMsg HTTP/1.1" 200 27
180.174.56.115 - - [08/Dec/2020:09:11:33 +0800] "GET /xingrg/kc/buy/cgsh_order_operate.html?command=get_materiel&rest_code=00151&code=00101008441&supplier_code=00100007&order_time=2020-12-08 HTTP/1.1" 200 407
114.88.159.147 - - [08/Dec/2020:09:11:35 +0800] "GET /xingrg/all/function/internal_message.html?_=1607389470675&CODE_STATE=getMsg HTTP/1.1" 200 27
120.253.135.82 - - [08/Dec/2020:09:11:37 +0800] "GET /xingrg/all/function/internal_message.html?_=1607389648655&CODE_STATE=getMsg HTTP/1.1" 200 27
180.174.56.115 - - [08/Dec/2020:09:11:40 +0800] "GET /xingrg/kc/buy/cgsh_order_operate.html?command=get_materiel&rest_code=00151&code=00101008264&supplier_code=00100007&order_time=2020-12-08 HTTP/1.1" 200 412
180.174.56.115 - - [08/Dec/2020:09:11:42 +0800] "GET /xingrg/check_reg.html?_=1607389869732 HTTP/1.1" 200 22
180.174.56.115 - - [08/Dec/2020:09:11:42 +0800] "GET /xingrg/all/function/internal_message.html?_=1607389869743&CODE_STATE=getMsg HTTP/1.1" 200 27
114.88.159.147 - - [08/Dec/2020:09:11:43 +0800] "GET /xingrg/all/function/internal_message.html?_=1607389898501&CODE_STATE=getMsg HTTP/1.1" 200 27
180.174.56.115 - - [08/Dec/2020:09:11:46 +0800] "GET /xingrg/kc/buy/cgsh_order_operate.html?command=get_materiel&rest_code=00151&code=00101008271&supplier_code=00100007&order_time=2020-12-08 HTTP/1.1" 200 408
172.17.0.185 - - [08/Dec/2020:09:11:49 +0800] "GET /xingrg/all/function/internal_message.html?_=1607389907146&CODE_STATE=getMsg HTTP/1.1" 200 27
172.17.0.185 - - [08/Dec/2020:09:11:49 +0800] "GET /xingrg/check_reg.html?_=1607389907156 HTTP/1.1" 200 22
180.174.56.115 - - [08/Dec/2020:09:11:53 +0800] "GET /xingrg/kc/buy/cgsh_order_operate.html?command=get_materiel&rest_code=00151&code=00101008098&supplier_code=00100007&order_time=2020-12-08 HTTP/1.1" 200 412
117.185.32.26 - - [08/Dec/2020:09:11:53 +0800] "GET /xingrg/all/function/internal_message.html?_=1607390371678&CODE_STATE=getMsg HTTP/1.1" 200 27
222.69.132.37 - - [08/Dec/2020:09:11:58 +0800] "GET /xingrg/all/function/internal_message.html?_=1607389917189&CODE_STATE=getMsg HTTP/1.1" 200 27
180.174.56.115 - - [08/Dec/2020:09:11:59 +0800] "GET /xingrg/kc/buy/cgsh_order_operate.html?command=get_materiel&rest_code=00151&code=00101008357&supplier_code=00100007&order_time=2020-12-08 HTTP/1.1" 200 408
114.88.163.87 - - [08/Dec/2020:09:12:02 +0800] "GET /xingrg/all/function/internal_message.html?_=1607390050073&CODE_STATE=getMsg HTTP/1.1" 200 27
222.69.132.37 - - [08/Dec/2020:09:12:04 +0800] "GET /xingrg/all/function/internal_message.html?_=1607389922884&CODE_STATE=getMsg HTTP/1.1" 200 27
180.174.56.115 - - [08/Dec/2020:09:12:05 +0800] "GET /xingrg/kc/buy/cgsh_order_operate.html?command=get_materiel&rest_code=00151&code=00101008261&supplier_code=00100007&order_time=2020-12-08 HTTP/1.1" 200 408
180.174.56.115 - - [08/Dec/2020:09:12:06 +0800] "GET /xingrg/all/function/internal_message.html?_=1607389927681&CODE_STATE=getMsg HTTP/1.1" 200 27
180.174.56.115 - - [08/Dec/2020:09:12:13 +0800] "GET /xingrg/kc/buy/cgsh_order_operate.html?command=get_materiel&rest_code=00151&code=00101008356&supplier_code=00100007&order_time=2020-12-08 HTTP/1.1" 200 408
114.84.32.187 - - [08/Dec/2020:09:12:14 +0800] "GET /xingrg/check_reg.html?_=1607389942128 HTTP/1.1" 200 22
180.174.56.115 - - [08/Dec/2020:09:12:15 +0800] "POST /xingrg/kc/buy/cgsh_order_operate.html HTTP/1.1" 200 2065
114.84.32.187 - - [08/Dec/2020:09:12:18 +0800] "POST /xingrg/kc/buy/cgsh_order_operate.html HTTP/1.1" 200 37
180.174.56.115 - - [08/Dec/2020:09:12:19 +0800] "GET /xingrg/kc/buy/cgsh_order_operate.html?command=get_materiel&rest_code=00151&code=00101008286&supplier_code=00100007&order_time=2020-12-08 HTTP/1.1" 200 408
114.84.32.187 - - [08/Dec/2020:09:12:20 +0800] "POST /xingrg/kc/buy/cgsh_order_operate.html HTTP/1.1" 200 49938
114.84.32.187 - - [08/Dec/2020:09:12:21 +0800] "GET /xingrg/all/function/internal_message.html?_=1607389948646&CODE_STATE=getMsg HTTP/1.1" 200 27
114.84.32.187 - - [08/Dec/2020:09:12:22 +0800] "GET /xingrg/kc/print/load_config.html?kc_code=cgsh HTTP/1.1" 200 1845
114.84.32.187 - - [08/Dec/2020:09:12:22 +0800] "GET /xingrg/kc/print/load_data.html?order_code=212020120802848&kc_code=cgsh&condition= HTTP/1.1" 200 18563
222.69.132.37 - - [08/Dec/2020:09:12:22 +0800] "POST /xingrg/services/DataTransmitService HTTP/1.1" 200 524
116.228.172.94 - - [08/Dec/2020:09:12:22 +0800] "GET /xingrg/all/function/internal_message.html?_=1607389941512&CODE_STATE=getMsg HTTP/1.1" 200 27
180.162.223.42 - - [08/Dec/2020:09:12:23 +0800] "GET /xingrg/all/function/internal_message.html?_=1607389942704&CODE_STATE=getMsg HTTP/1.1" 200 27
180.174.56.115 - - [08/Dec/2020:09:12:26 +0800] "GET /xingrg/kc/buy/cgsh_order_operate.html?command=get_materiel&rest_code=00151&code=00101008209&supplier_code=00100007&order_time=2020-12-08 HTTP/1.1" 200 408
222.69.132.37 - - [08/Dec/2020:09:12:26 +0800] "POST /xingrg/services/DataTransmitService HTTP/1.1" 200 501
114.88.163.87 - - [08/Dec/2020:09:12:30 +0800] "GET /xingrg/all/function/internal_message.html?_=1607389943799&CODE_STATE=getMsg HTTP/1.1" 200 27
180.174.56.115 - - [08/Dec/2020:09:12:31 +0800] "GET /xingrg/kc/buy/cgsh_order_operate.html?command=get_materiel&rest_code=00151&code=00101016025&supplier_code=00100007&order_time=2020-12-08 HTTP/1.1" 200 408
114.88.159.147 - - [08/Dec/2020:09:12:35 +0800] "GET /xingrg/all/function/internal_message.html?_=1607389530676&CODE_STATE=getMsg HTTP/1.1" 200 27
120.253.135.82 - - [08/Dec/2020:09:12:37 +0800] "GET /xingrg/all/function/internal_message.html?_=1607389708667&CODE_STATE=getMsg HTTP/1.1" 200 27
222.69.132.37 - - [08/Dec/2020:09:12:38 +0800] "POST /xingrg/services/DataTransmitService HTTP/1.1" 200 524
180.174.56.115 - - [08/Dec/2020:09:12:39 +0800] "GET /xingrg/kc/buy/cgsh_order_operate.html?command=get_materiel&rest_code=00151&code=00101008362&supplier_code=00100007&order_time=2020-12-08 HTTP/1.1" 200 408
180.174.56.115 - - [08/Dec/2020:09:12:42 +0800] "GET /xingrg/all/function/internal_message.html?_=1607389929756&CODE_STATE=getMsg HTTP/1.1" 200 27
114.88.159.147 - - [08/Dec/2020:09:12:43 +0800] "GET /xingrg/all/function/internal_message.html?_=1607389958477&CODE_STATE=getMsg HTTP/1.1" 200 27
180.174.56.115 - - [08/Dec/2020:09:12:45 +0800] "GET /xingrg/kc/buy/cgsh_order_operate.html?command=get_materiel&rest_code=00151&code=00101008137&supplier_code=00100007&order_time=2020-12-08 HTTP/1.1" 200 408
180.174.56.115 - - [08/Dec/2020:09:12:46 +0800] "POST /xingrg/kc/buy/cgsh_order_operate.html HTTP/1.1" 200 2065
172.17.0.185 - - [08/Dec/2020:09:12:49 +0800] "GET /xingrg/all/function/internal_message.html?_=1607389967144&CODE_STATE=getMsg HTTP/1.1" 200 27
180.174.56.115 - - [08/Dec/2020:09:12:50 +0800] "GET /xingrg/kc/buy/cgsh_order_operate.html?command=get_materiel&rest_code=00151&code=00101008096&supplier_code=00100007&order_time=2020-12-08 HTTP/1.1" 200 412
101.89.239.216 - - [08/Dec/2020:09:12:51 +0800] "GET /xingrg/all/function/internal_message.html?_=1607389538625&CODE_STATE=getMsg HTTP/1.1" 302 -
117.185.32.26 - - [08/Dec/2020:09:12:53 +0800] "GET /xingrg/all/function/internal_message.html?_=1607390431677&CODE_STATE=getMsg HTTP/1.1" 200 27
222.69.132.37 - - [08/Dec/2020:09:12:58 +0800] "GET /xingrg/all/function/internal_message.html?_=1607389977190&CODE_STATE=getMsg HTTP/1.1" 200 27
222.69.132.37 - - [08/Dec/2020:09:12:58 +0800] "GET /xingrg/check_reg.html?_=1607389977193 HTTP/1.1" 200 22
101.89.239.216 - - [08/Dec/2020:09:13:00 +0800] "GET /xingrg/login.html HTTP/1.1" 200 7641
180.174.56.115 - - [08/Dec/2020:09:13:01 +0800] "GET /xingrg/kc/buy/cgsh_order_operate.html?command=get_materiel&rest_code=00151&code=00101008221&supplier_code=00100007&order_time=2020-12-08 HTTP/1.1" 200 412
114.88.163.87 - - [08/Dec/2020:09:13:02 +0800] "GET /xingrg/all/function/internal_message.html?_=1607390110073&CODE_STATE=getMsg HTTP/1.1" 200 27
114.88.163.87 - - [08/Dec/2020:09:13:03 +0800] "GET /xingrg/check_reg.html?_=1607389976952 HTTP/1.1" 200 22
222.69.132.37 - - [08/Dec/2020:09:13:04 +0800] "GET /xingrg/all/function/internal_message.html?_=1607389982891&CODE_STATE=getMsg HTTP/1.1" 200 27
180.174.56.115 - - [08/Dec/2020:09:13:06 +0800] "GET /xingrg/check_reg.html?_=1607389987290 HTTP/1.1" 200 22
180.174.56.115 - - [08/Dec/2020:09:13:06 +0800] "GET /xingrg/all/function/internal_message.html?_=1607389987655&CODE_STATE=getMsg HTTP/1.1" 200 27
180.174.56.115 - - [08/Dec/2020:09:13:06 +0800] "GET /xingrg/kc/buy/cgsh_order_operate.html?command=get_materiel&rest_code=00151&code=00101008288&supplier_code=00100007&order_time=2020-12-08 HTTP/1.1" 200 408
180.174.56.115 - - [08/Dec/2020:09:13:09 +0800] "POST /xingrg/kc/buy/cgsh_order_operate.html HTTP/1.1" 200 2065
114.84.32.187 - - [08/Dec/2020:09:13:09 +0800] "GET /xingrg/kc/buy/cgsh_order_add.html HTTP/1.1" 200 60945
114.84.32.187 - - [08/Dec/2020:09:13:10 +0800] "POST /xingrg/kc/buy/cgsh_order_operate.html HTTP/1.1" 200 8245
114.84.32.187 - - [08/Dec/2020:09:13:10 +0800] "GET /xingrg/javascript/easyui/themes/default/validatebox.css HTTP/1.1" 404 1104
222.69.132.37 - - [08/Dec/2020:09:13:12 +0800] "POST /xingrg/services/DataTransmitService HTTP/1.1" 200 501
222.69.132.37 - - [08/Dec/2020:09:13:12 +0800] "POST /xingrg/services/DataTransmitService HTTP/1.1" 200 501
222.69.132.37 - - [08/Dec/2020:09:13:20 +0800] "POST /xingrg/services/DataTransmitService HTTP/1.1" 200 501
114.84.32.187 - - [08/Dec/2020:09:13:21 +0800] "GET /xingrg/all/function/internal_message.html?_=1607390008691&CODE_STATE=getMsg HTTP/1.1" 200 27
116.228.172.94 - - [08/Dec/2020:09:13:22 +0800] "GET /xingrg/all/function/internal_message.html?_=1607390001515&CODE_STATE=getMsg HTTP/1.1" 200 27
180.162.223.42 - - [08/Dec/2020:09:13:23 +0800] "GET /xingrg/all/function/internal_message.html?_=1607390002704&CODE_STATE=getMsg HTTP/1.1" 200 27
114.84.32.187 - - [08/Dec/2020:09:13:24 +0800] "GET /xingrg/kc/buy/cgsh_order_operate.html?command=get_materiel&rest_code=00146&code=00101007081&supplier_code=00100002&order_time=2020-12-08 HTTP/1.1" 200 413
180.174.56.115 - - [08/Dec/2020:09:13:24 +0800] "GET /xingrg/kc/buy/cgsh_order_operate.html?command=get_materiel&rest_code=00151&code=00101015046&supplier_code=00100007&order_time=2020-12-08 HTTP/1.1" 200 413
180.174.56.115 - - [08/Dec/2020:09:13:28 +0800] "GET /xingrg/kc/buy/cgsh_order_operate.html?command=get_materiel&rest_code=00151&code=00101008036&supplier_code=00100007&order_time=2020-12-08 HTTP/1.1" 200 408
222.69.132.37 - - [08/Dec/2020:09:13:29 +0800] "POST /xingrg/services/DataTransmitService HTTP/1.1" 200 501
222.69.132.37 - - [08/Dec/2020:09:13:30 +0800] "POST /xingrg/services/DataTransmitService HTTP/1.1" 200 501
222.69.132.37 - - [08/Dec/2020:09:13:30 +0800] "POST /xingrg/services/DataTransmitService HTTP/1.1" 200 501
114.88.163.87 - - [08/Dec/2020:09:13:30 +0800] "GET /xingrg/all/function/internal_message.html?_=1607390003807&CODE_STATE=getMsg HTTP/1.1" 200 27
180.174.56.115 - - [08/Dec/2020:09:13:33 +0800] "GET /xingrg/kc/buy/cgsh_order_operate.html?command=get_materiel&rest_code=00151&code=00101008033&supplier_code=00100007&order_time=2020-12-08 HTTP/1.1" 200 408
222.69.132.37 - - [08/Dec/2020:09:13:34 +0800] "POST /xingrg/services/DataTransmitService HTTP/1.1" 200 501
222.69.132.37 - - [08/Dec/2020:09:13:34 +0800] "POST /xingrg/services/DataTransmitService HTTP/1.1" 200 501
222.69.132.37 - - [08/Dec/2020:09:13:35 +0800] "POST /xingrg/services/DataTransmitService HTTP/1.1" 200 501
114.88.159.147 - - [08/Dec/2020:09:13:35 +0800] "GET /xingrg/all/function/internal_message.html?_=1607389590674&CODE_STATE=getMsg HTTP/1.1" 200 27
120.253.135.82 - - [08/Dec/2020:09:13:37 +0800] "GET /xingrg/all/function/internal_message.html?_=1607389768688&CODE_STATE=getMsg HTTP/1.1" 200 27
222.69.132.37 - - [08/Dec/2020:09:13:38 +0800] "POST /xingrg/services/DataTransmitService HTTP/1.1" 200 412
180.174.56.115 - - [08/Dec/2020:09:13:39 +0800] "POST /xingrg/all/user/operate.html HTTP/1.1" 200 36
180.174.56.115 - - [08/Dec/2020:09:13:40 +0800] "GET /xingrg/javascript/jquery_easy_ui/themes/default/easyui.css HTTP/1.1" 304 -
180.174.56.115 - - [08/Dec/2020:09:13:40 +0800] "GET /xingrg/index.html?sysBaseUrl=http%3A%2F%2F180.169.147.146%3A18081%2Fxingrg%2F&costTime=92×tamp=1607389602105 HTTP/1.1" 200 17177
180.174.56.115 - - [08/Dec/2020:09:13:40 +0800] "GET /xingrg/javascript/jquery_easy_ui/themes/icon.css HTTP/1.1" 304 -
180.174.56.115 - - [08/Dec/2020:09:13:40 +0800] "GET /xingrg/css/form.css HTTP/1.1" 304 -
180.174.56.115 - - [08/Dec/2020:09:13:40 +0800] "GET /xingrg/javascript/jquery-1.4.2.min.js HTTP/1.1" 304 -
180.174.56.115 - - [08/Dec/2020:09:13:40 +0800] "GET /xingrg/javascript/jquery_easy_ui/jquery.easyui.min.js HTTP/1.1" 304 -
180.174.56.115 - - [08/Dec/2020:09:13:40 +0800] "GET /xingrg/javascript/jquery_easy_ui/easyui-lang-zh_CN.js HTTP/1.1" 304 -
180.174.56.115 - - [08/Dec/2020:09:13:40 +0800] "GET /xingrg/javascript/jquery.form.js HTTP/1.1" 304 -
180.174.56.115 - - [08/Dec/2020:09:13:40 +0800] "GET /xingrg/javascript/jquery.utils.js HTTP/1.1" 304 -
180.174.56.115 - - [08/Dec/2020:09:13:40 +0800] "GET /xingrg/javascript/jquery.timers.js HTTP/1.1" 304 -
180.174.56.115 - - [08/Dec/2020:09:13:40 +0800] "GET /xingrg/images/blue/navBackgound.jpg HTTP/1.1" 304 -
180.174.56.115 - - [08/Dec/2020:09:13:40 +0800] "GET /xingrg/images/blue/jxLogo.png HTTP/1.1" 304 -
180.174.56.115 - - [08/Dec/2020:09:13:40 +0800] "GET /xingrg/javascript/jquery_easy_ui/themes/icons/settle_new.png HTTP/1.1" 304 -
180.174.56.115 - - [08/Dec/2020:09:13:40 +0800] "GET /xingrg/images/blue/pingpu.png HTTP/1.1" 304 -
180.174.56.115 - - [08/Dec/2020:09:13:40 +0800] "POST /xingrg/all/common/load_tree.html?tree=area_rest_tree_json&manage=1 HTTP/1.1" 200 476
180.174.56.115 - - [08/Dec/2020:09:13:40 +0800] "GET /xingrg/javascript/jquery_easy_ui/themes/default/images/tabs_leftarrow.png HTTP/1.1" 304 -
180.174.56.115 - - [08/Dec/2020:09:13:40 +0800] "GET /xingrg/javascript/jquery_easy_ui/themes/default/images/tabs_rightarrow.png HTTP/1.1" 304 -
180.174.56.115 - - [08/Dec/2020:09:13:40 +0800] "GET /xingrg/javascript/jquery_easy_ui/themes/default/images/panel_tool_collapse.gif HTTP/1.1" 304 -
180.174.56.115 - - [08/Dec/2020:09:13:40 +0800] "GET /xingrg/all/function/internal_message.html?_=1607389987376&CODE_STATE=count HTTP/1.1" 200 11
180.174.56.115 - - [08/Dec/2020:09:13:40 +0800] "GET /xingrg/check_reg.html?_=1607389987377 HTTP/1.1" 200 22
180.174.56.115 - - [08/Dec/2020:09:13:40 +0800] "POST /xingrg/load_menu.html HTTP/1.1" 200 5138
180.174.56.115 - - [08/Dec/2020:09:13:40 +0800] "GET /xingrg/kc/buy/cgsh_order_operate.html?command=get_materiel&rest_code=00151&code=00101008308&supplier_code=00100007&order_time=2020-12-08 HTTP/1.1" 200 420
180.174.56.115 - - [08/Dec/2020:09:13:42 +0800] "POST /xingrg/kc/buy/cgsh_order_operate.html HTTP/1.1" 200 2065
114.88.159.147 - - [08/Dec/2020:09:13:43 +0800] "GET /xingrg/all/function/internal_message.html?_=1607390018458&CODE_STATE=getMsg HTTP/1.1" 200 27
180.174.56.115 - - [08/Dec/2020:09:13:43 +0800] "GET /xingrg/kc/buy/cgsh_order_list.html HTTP/1.1" 200 45206
180.174.56.115 - - [08/Dec/2020:09:13:43 +0800] "POST /xingrg/kc/buy/cgsh_list_operate.html HTTP/1.1" 200 876
114.84.32.187 - - [08/Dec/2020:09:13:44 +0800] "GET /xingrg/kc/buy/cgsh_order_operate.html?command=get_materiel&rest_code=00146&code=00101007048&supplier_code=00100002&order_time=2020-12-08 HTTP/1.1" 200 408
180.174.56.115 - - [08/Dec/2020:09:13:45 +0800] "GET /xingrg/kc/buy/cgsh_order_add.html HTTP/1.1" 200 60593
180.174.56.115 - - [08/Dec/2020:09:13:45 +0800] "POST /xingrg/kc/buy/cgsh_order_operate.html HTTP/1.1" 200 8245
180.174.56.115 - - [08/Dec/2020:09:13:45 +0800] "GET /xingrg/all/common/auto_word.html?type=employee&rest_code=00151 HTTP/1.1" 200 243
180.174.56.115 - - [08/Dec/2020:09:13:45 +0800] "GET /xingrg/all/common/auto_word.html?type=employee&rest_code=00151 HTTP/1.1" 200 243
180.174.56.115 - - [08/Dec/2020:09:13:46 +0800] "GET /xingrg/javascript/easyui/themes/default/validatebox.css HTTP/1.1" 404 1104
180.174.56.115 - - [08/Dec/2020:09:13:47 +0800] "GET /xingrg/javascript/auto/indicator.gif HTTP/1.1" 404 1066
180.174.56.115 - - [08/Dec/2020:09:13:48 +0800] "GET /xingrg/kc/buy/cgsh_order_operate.html?command=get_materiel&rest_code=00151&code=00101015038&supplier_code=00100007&order_time=2020-12-08 HTTP/1.1" 200 419
172.17.0.185 - - [08/Dec/2020:09:13:49 +0800] "GET /xingrg/all/function/internal_message.html?_=1607390027151&CODE_STATE=getMsg HTTP/1.1" 200 27
117.185.32.26 - - [08/Dec/2020:09:13:53 +0800] "GET /xingrg/all/function/internal_message.html?_=1607390491707&CODE_STATE=getMsg HTTP/1.1" 200 27
180.174.56.115 - - [08/Dec/2020:09:13:55 +0800] "POST /xingrg/kc/buy/cgsh_order_operate.html HTTP/1.1" 200 37
180.174.56.115 - - [08/Dec/2020:09:13:56 +0800] "POST /xingrg/kc/buy/cgsh_order_operate.html HTTP/1.1" 200 23624
180.174.56.115 - - [08/Dec/2020:09:13:56 +0800] "GET /xingrg/kc/buy/cgsh_order_operate.html?command=get_materiel&rest_code=00151&code=00101016033&supplier_code=00100096&order_time=2020-12-08 HTTP/1.1" 200 412
180.174.56.115 - - [08/Dec/2020:09:13:57 +0800] "GET /xingrg/kc/buy/cgsh_order_add.html HTTP/1.1" 200 60581
180.174.56.115 - - [08/Dec/2020:09:13:58 +0800] "GET /xingrg/javascript/easyui/themes/default/validatebox.css HTTP/1.1" 404 1104
180.174.56.115 - - [08/Dec/2020:09:13:58 +0800] "POST /xingrg/kc/buy/cgsh_order_operate.html HTTP/1.1" 200 8245
222.69.132.37 - - [08/Dec/2020:09:13:58 +0800] "GET /xingrg/all/function/internal_message.html?_=1607390037183&CODE_STATE=getMsg HTTP/1.1" 200 27
114.84.32.187 - - [08/Dec/2020:09:14:02 +0800] "POST /xingrg/kc/buy/cgsh_order_operate.html HTTP/1.1" 200 37
114.88.163.87 - - [08/Dec/2020:09:14:02 +0800] "GET /xingrg/all/function/internal_message.html?_=1607390170073&CODE_STATE=getMsg HTTP/1.1" 200 27
222.69.132.37 - - [08/Dec/2020:09:14:04 +0800] "GET /xingrg/all/function/internal_message.html?_=1607390042880&CODE_STATE=getMsg HTTP/1.1" 200 27
114.84.32.187 - - [08/Dec/2020:09:14:04 +0800] "POST /xingrg/kc/buy/cgsh_order_operate.html HTTP/1.1" 200 3245
180.174.56.115 - - [08/Dec/2020:09:14:06 +0800] "GET /xingrg/all/function/internal_message.html?_=1607390047627&CODE_STATE=getMsg HTTP/1.1" 200 27
114.84.32.187 - - [08/Dec/2020:09:14:07 +0800] "GET /xingrg/kc/print/load_data.html?order_code=212020120802850&kc_code=cgsh&condition= HTTP/1.1" 200 976
180.174.56.115 - - [08/Dec/2020:09:14:14 +0800] "GET /xingrg/kc/buy/cgsh_order_operate.html?command=get_materiel&rest_code=00151&code=00101012025&supplier_code=00100096&order_time=2020-12-08 HTTP/1.1" 200 412
114.88.159.147 - - [08/Dec/2020:09:14:15 +0800] "GET /xingrg/check_reg.html?_=1607390050826 HTTP/1.1" 200 22
114.84.32.187 - - [08/Dec/2020:09:14:21 +0800] "GET /xingrg/all/function/internal_message.html?_=1607390068885&CODE_STATE=getMsg HTTP/1.1" 200 27
116.228.172.94 - - [08/Dec/2020:09:14:22 +0800] "GET /xingrg/all/function/internal_message.html?_=1607390061514&CODE_STATE=getMsg HTTP/1.1" 200 27
180.162.223.42 - - [08/Dec/2020:09:14:23 +0800] "GET /xingrg/all/function/internal_message.html?_=1607390062704&CODE_STATE=getMsg HTTP/1.1" 200 27
180.174.56.115 - - [08/Dec/2020:09:14:26 +0800] "GET /xingrg/kc/buy/cgsh_order_operate.html?command=get_materiel&rest_code=00151&code=00101001075&supplier_code=00100096&order_time=2020-12-08 HTTP/1.1" 200 409
114.88.163.87 - - [08/Dec/2020:09:14:30 +0800] "GET /xingrg/all/function/internal_message.html?_=1607390063820&CODE_STATE=getMsg HTTP/1.1" 200 27
114.88.159.147 - - [08/Dec/2020:09:14:35 +0800] "GET /xingrg/check_reg.html?_=1607389650701 HTTP/1.1" 200 22
114.88.159.147 - - [08/Dec/2020:09:14:35 +0800] "GET /xingrg/all/function/internal_message.html?_=1607389650700&CODE_STATE=getMsg HTTP/1.1" 200 27
180.174.56.115 - - [08/Dec/2020:09:14:35 +0800] "GET /xingrg/kc/buy/cgsh_order_operate.html?command=get_materiel&rest_code=00151&code=00101012005&supplier_code=00100096&order_time=2020-12-08 HTTP/1.1" 200 413
120.253.135.82 - - [08/Dec/2020:09:14:37 +0800] "GET /xingrg/all/function/internal_message.html?_=1607389828695&CODE_STATE=getMsg HTTP/1.1" 200 27
180.174.56.115 - - [08/Dec/2020:09:14:40 +0800] "GET /xingrg/all/function/internal_message.html?_=1607390047380&CODE_STATE=getMsg HTTP/1.1" 200 27
114.88.159.147 - - [08/Dec/2020:09:14:43 +0800] "GET /xingrg/all/function/internal_message.html?_=1607390078433&CODE_STATE=getMsg HTTP/1.1" 200 27
172.17.0.185 - - [08/Dec/2020:09:14:49 +0800] "GET /xingrg/all/function/internal_message.html?_=1607390087142&CODE_STATE=getMsg HTTP/1.1" 200 27
