172.17.0.185 - - [08/Dec/2020:09:43:49 +0800] "GET /xingrg/all/function/internal_message.html?_=1607391827143&CODE_STATE=getMsg HTTP/1.1" 200 27
180.162.223.42 - - [08/Dec/2020:09:43:53 +0800] "GET /xingrg/kc/buy/cgsh_order_operate.html?command=get_materiel&rest_code=00105&code=00101006174&supplier_code=00100012&order_time=2020-12-08 HTTP/1.1" 200 414
116.228.172.94 - - [08/Dec/2020:09:43:53 +0800] "GET /xingrg/kc/base/wldb_order_operate.html?command=get_materiel&rest_code=00107&base_code=0010151&code=00101016076 HTTP/1.1" 200 475
117.185.32.26 - - [08/Dec/2020:09:43:53 +0800] "GET /xingrg/all/function/internal_message.html?_=1607392291854&CODE_STATE=getMsg HTTP/1.1" 200 27
114.88.159.147 - - [08/Dec/2020:09:43:57 +0800] "POST /xingrg/kc/buy/cgsh_order_operate.html HTTP/1.1" 200 37
222.69.132.37 - - [08/Dec/2020:09:43:58 +0800] "GET /xingrg/all/function/internal_message.html?_=1607391837235&CODE_STATE=getMsg HTTP/1.1" 200 27
180.162.223.42 - - [08/Dec/2020:09:44:01 +0800] "GET /xingrg/kc/buy/cgsh_order_operate.html?command=get_materiel&rest_code=00105&code=00101010248&supplier_code=00100012&order_time=2020-12-08 HTTP/1.1" 200 430
114.88.163.87 - - [08/Dec/2020:09:44:01 +0800] "GET /xingrg/kc/buy/cgsh_order_list.html HTTP/1.1" 200 45202
114.88.159.147 - - [08/Dec/2020:09:44:02 +0800] "POST /xingrg/kc/buy/cgsh_order_operate.html HTTP/1.1" 200 12
114.88.163.87 - - [08/Dec/2020:09:44:03 +0800] "GET /xingrg/all/function/internal_message.html?_=1607391970116&CODE_STATE=getMsg HTTP/1.1" 200 27
180.162.223.42 - - [08/Dec/2020:09:44:03 +0800] "POST /xingrg/all/common/load_select.html HTTP/1.1" 200 25
114.88.163.87 - - [08/Dec/2020:09:44:03 +0800] "POST /xingrg/kc/buy/cgsh_list_operate.html HTTP/1.1" 200 3482
180.174.56.115 - - [08/Dec/2020:09:44:03 +0800] "GET /xingrg/all/function/internal_message.html?_=1607391845140&CODE_STATE=getMsg HTTP/1.1" 200 27
222.69.132.37 - - [08/Dec/2020:09:44:04 +0800] "GET /xingrg/all/function/internal_message.html?_=1607391842939&CODE_STATE=getMsg HTTP/1.1" 200 27
116.228.172.94 - - [08/Dec/2020:09:44:05 +0800] "GET /xingrg/kc/base/wldb_order_operate.html?command=get_materiel&rest_code=00107&base_code=0010151&code=00101019505 HTTP/1.1" 200 480
180.162.223.42 - - [08/Dec/2020:09:44:07 +0800] "GET /xingrg/kc/buy/cgsh_order_operate.html?command=get_materiel_price&rest_code=00105&code=00101010248&unit_code=00100043&supplier_code=00100012&order_time=2020-12-08 HTTP/1.1" 200 29
114.88.159.147 - - [08/Dec/2020:09:44:07 +0800] "GET /xingrg/kc/buy/cgsh_order_info.html?code=212020120802862 HTTP/1.1" 200 55848
114.88.159.147 - - [08/Dec/2020:09:44:07 +0800] "GET /xingrg/javascript/easyui/themes/default/validatebox.css HTTP/1.1" 404 1104
114.88.159.147 - - [08/Dec/2020:09:44:08 +0800] "POST /xingrg/kc/buy/cgsh_order_operate.html HTTP/1.1" 200 2392
114.88.159.147 - - [08/Dec/2020:09:44:10 +0800] "GET /xingrg/kc/print/load_data.html?order_code=212020120802862&kc_code=cgsh&condition= HTTP/1.1" 200 1444
114.88.163.87 - - [08/Dec/2020:09:44:10 +0800] "POST /xingrg/kc/buy/cgsh_list_operate.html HTTP/1.1" 200 3482
116.228.172.94 - - [08/Dec/2020:09:44:12 +0800] "GET /xingrg/kc/base/wldb_order_operate.html?command=get_materiel&rest_code=00107&base_code=0010151&code=00101019438 HTTP/1.1" 200 446
114.88.159.147 - - [08/Dec/2020:09:44:14 +0800] "GET /xingrg/kc/buy/cgsh_order_add.html HTTP/1.1" 200 60945
114.88.159.147 - - [08/Dec/2020:09:44:15 +0800] "GET /xingrg/javascript/easyui/themes/default/validatebox.css HTTP/1.1" 404 1104
114.88.159.147 - - [08/Dec/2020:09:44:15 +0800] "POST /xingrg/kc/buy/cgsh_order_operate.html HTTP/1.1" 200 8245
114.88.159.147 - - [08/Dec/2020:09:44:15 +0800] "GET /xingrg/check_reg.html?_=1607391850913 HTTP/1.1" 200 22
180.162.223.42 - - [08/Dec/2020:09:44:19 +0800] "GET /xingrg/kc/buy/cgsh_order_operate.html?command=get_materiel&rest_code=00105&code=00101006106&supplier_code=00100012&order_time=2020-12-08 HTTP/1.1" 200 421
116.228.172.94 - - [08/Dec/2020:09:44:22 +0800] "GET /xingrg/kc/base/wldb_order_operate.html?command=get_materiel&rest_code=00107&base_code=0010151&code=00101019450 HTTP/1.1" 200 468
116.228.172.94 - - [08/Dec/2020:09:44:22 +0800] "GET /xingrg/all/function/internal_message.html?_=1607391861550&CODE_STATE=getMsg HTTP/1.1" 200 27
180.162.223.42 - - [08/Dec/2020:09:44:23 +0800] "GET /xingrg/all/function/internal_message.html?_=1607391862774&CODE_STATE=getMsg HTTP/1.1" 200 27
114.84.32.187 - - [08/Dec/2020:09:44:24 +0800] "GET /xingrg/all/function/internal_message.html?_=1607391871922&CODE_STATE=getMsg HTTP/1.1" 200 27
114.88.159.147 - - [08/Dec/2020:09:44:25 +0800] "GET /xingrg/kc/buy/cgsh_order_operate.html?command=get_materiel&rest_code=00141&code=00101007081&supplier_code=00100004&order_time=2020-12-08 HTTP/1.1" 200 413
114.88.163.87 - - [08/Dec/2020:09:44:31 +0800] "GET /xingrg/all/function/internal_message.html?_=1607391864490&CODE_STATE=getMsg HTTP/1.1" 200 27
180.162.223.42 - - [08/Dec/2020:09:44:32 +0800] "GET /xingrg/kc/buy/cgsh_order_operate.html?command=get_materiel&rest_code=00105&code=00101006144&supplier_code=00100012&order_time=2020-12-08 HTTP/1.1" 200 409
114.88.159.147 - - [08/Dec/2020:09:44:35 +0800] "GET /xingrg/check_reg.html?_=1607391450787 HTTP/1.1" 200 22
114.88.159.147 - - [08/Dec/2020:09:44:35 +0800] "GET /xingrg/all/function/internal_message.html?_=1607391450789&CODE_STATE=getMsg HTTP/1.1" 200 27
180.174.56.115 - - [08/Dec/2020:09:44:40 +0800] "GET /xingrg/all/function/internal_message.html?_=1607391847884&CODE_STATE=getMsg HTTP/1.1" 200 27
180.162.223.42 - - [08/Dec/2020:09:44:40 +0800] "GET /xingrg/kc/buy/cgsh_order_operate.html?command=get_materiel&rest_code=00105&code=00101006109&supplier_code=00100012&order_time=2020-12-08 HTTP/1.1" 200 409
114.88.159.147 - - [08/Dec/2020:09:44:42 +0800] "GET /xingrg/all/function/internal_message.html?_=1607391877982&CODE_STATE=getMsg HTTP/1.1" 200 27
172.17.0.185 - - [08/Dec/2020:09:44:49 +0800] "GET /xingrg/all/function/internal_message.html?_=1607391887152&CODE_STATE=getMsg HTTP/1.1" 200 27
117.185.32.26 - - [08/Dec/2020:09:44:53 +0800] "GET /xingrg/all/function/internal_message.html?_=1607392351853&CODE_STATE=getMsg HTTP/1.1" 200 27
114.88.159.147 - - [08/Dec/2020:09:44:53 +0800] "GET /xingrg/kc/buy/cgsh_order_operate.html?command=get_materiel&rest_code=00141&code=00101007076&supplier_code=00100004&order_time=2020-12-08 HTTP/1.1" 200 408
222.69.132.37 - - [08/Dec/2020:09:44:58 +0800] "GET /xingrg/all/function/internal_message.html?_=1607391897237&CODE_STATE=getMsg HTTP/1.1" 200 27
114.88.163.87 - - [08/Dec/2020:09:45:03 +0800] "GET /xingrg/all/function/internal_message.html?_=1607392030124&CODE_STATE=getMsg HTTP/1.1" 200 27
180.174.56.115 - - [08/Dec/2020:09:45:03 +0800] "GET /xingrg/all/function/internal_message.html?_=1607391905133&CODE_STATE=getMsg HTTP/1.1" 200 27
222.69.132.37 - - [08/Dec/2020:09:45:04 +0800] "GET /xingrg/all/function/internal_message.html?_=1607391902932&CODE_STATE=getMsg HTTP/1.1" 200 27
116.228.172.94 - - [08/Dec/2020:09:45:06 +0800] "GET /xingrg/kc/base/wldb_order_operate.html?command=get_materiel&rest_code=00107&base_code=0010151&code=00101019275 HTTP/1.1" 200 483
114.88.159.147 - - [08/Dec/2020:09:45:08 +0800] "GET /xingrg/kc/buy/cgsh_order_operate.html?command=get_materiel&rest_code=00141&code=00101007049&supplier_code=00100004&order_time=2020-12-08 HTTP/1.1" 200 409
114.88.159.147 - - [08/Dec/2020:09:45:17 +0800] "GET /xingrg/kc/buy/cgsh_order_operate.html?command=get_materiel&rest_code=00141&code=00101007071&supplier_code=00100004&order_time=2020-12-08 HTTP/1.1" 200 417
116.228.172.94 - - [08/Dec/2020:09:45:22 +0800] "GET /xingrg/all/function/internal_message.html?_=1607391921559&CODE_STATE=getMsg HTTP/1.1" 200 27
116.228.172.94 - - [08/Dec/2020:09:45:22 +0800] "GET /xingrg/check_reg.html?_=1607391921568 HTTP/1.1" 200 22
180.162.223.42 - - [08/Dec/2020:09:45:23 +0800] "GET /xingrg/all/function/internal_message.html?_=1607391922800&CODE_STATE=getMsg HTTP/1.1" 200 27
180.174.56.115 - - [08/Dec/2020:09:45:23 +0800] "GET /xingrg/javascript/auto/indicator.gif HTTP/1.1" 404 1066
114.84.32.187 - - [08/Dec/2020:09:45:24 +0800] "GET /xingrg/all/function/internal_message.html?_=1607391931934&CODE_STATE=getMsg HTTP/1.1" 200 27
116.228.172.94 - - [08/Dec/2020:09:45:25 +0800] "GET /xingrg/kc/base/wldb_order_operate.html?command=get_materiel&rest_code=00107&base_code=0010151&code=00101019359 HTTP/1.1" 200 446
114.88.159.147 - - [08/Dec/2020:09:45:25 +0800] "GET /xingrg/kc/buy/cgsh_order_operate.html?command=get_materiel&rest_code=00141&code=00101007089&supplier_code=00100004&order_time=2020-12-08 HTTP/1.1" 200 408
61.129.6.225 - - [08/Dec/2020:09:45:27 +0800] "GET /xingrg/kc/buy/cgsh_order_add.html HTTP/1.1" 302 -
180.174.56.115 - - [08/Dec/2020:09:45:28 +0800] "GET /xingrg/kc/buy/cgsh_order_operate.html?command=get_materiel&rest_code=00150&code=00101008136&supplier_code=00100007&order_time=2020-12-08 HTTP/1.1" 200 413
61.129.6.145 - - [08/Dec/2020:09:45:28 +0800] "GET /xingrg/all/function/internal_message.html?_=1607391518099&CODE_STATE=getMsg HTTP/1.1" 302 -
114.88.163.87 - - [08/Dec/2020:09:45:31 +0800] "GET /xingrg/all/function/internal_message.html?_=1607391924548&CODE_STATE=getMsg HTTP/1.1" 200 27
114.88.159.147 - - [08/Dec/2020:09:45:35 +0800] "GET /xingrg/all/function/internal_message.html?_=1607391510788&CODE_STATE=getMsg HTTP/1.1" 200 27
61.129.6.225 - - [08/Dec/2020:09:45:36 +0800] "GET /xingrg/login.html HTTP/1.1" 200 7641
61.129.6.145 - - [08/Dec/2020:09:45:37 +0800] "GET /xingrg/login.html HTTP/1.1" 200 7641
101.91.60.11 - - [08/Dec/2020:09:45:38 +0800] "GET /xingrg/kc/buy/cgsh_order_info.html?code=212020120802854 HTTP/1.1" 302 -
101.91.60.11 - - [08/Dec/2020:09:45:40 +0800] "GET /xingrg/login.html HTTP/1.1" 200 7641
180.174.56.115 - - [08/Dec/2020:09:45:40 +0800] "GET /xingrg/all/function/internal_message.html?_=1607391907896&CODE_STATE=getMsg HTTP/1.1" 200 27
114.88.159.147 - - [08/Dec/2020:09:45:42 +0800] "GET /xingrg/all/function/internal_message.html?_=1607391937960&CODE_STATE=getMsg HTTP/1.1" 200 27
172.17.0.185 - - [08/Dec/2020:09:45:49 +0800] "GET /xingrg/all/function/internal_message.html?_=1607391947156&CODE_STATE=getMsg HTTP/1.1" 200 27
116.228.172.94 - - [08/Dec/2020:09:45:51 +0800] "GET /xingrg/kc/base/wldb_order_operate.html?command=get_materiel&rest_code=00107&base_code=0010151&code=00101016001 HTTP/1.1" 200 458
117.185.32.26 - - [08/Dec/2020:09:45:53 +0800] "GET /xingrg/all/function/internal_message.html?_=1607392411852&CODE_STATE=getMsg HTTP/1.1" 200 27
117.185.32.26 - - [08/Dec/2020:09:45:53 +0800] "GET /xingrg/check_reg.html?_=1607392411853 HTTP/1.1" 200 22
222.69.132.37 - - [08/Dec/2020:09:45:58 +0800] "GET /xingrg/all/function/internal_message.html?_=1607391957238&CODE_STATE=getMsg HTTP/1.1" 200 27
101.89.239.238 - - [08/Dec/2020:09:46:01 +0800] "GET /xingrg/kc/buy/cgsh_order_operate.html?command=get_materiel&rest_code=00141&code=00101013019&supplier_code=00100007&order_time=2020-12-08 HTTP/1.1" 302 -
114.88.163.87 - - [08/Dec/2020:09:46:03 +0800] "GET /xingrg/all/function/internal_message.html?_=1607392090126&CODE_STATE=getMsg HTTP/1.1" 200 27
180.174.56.115 - - [08/Dec/2020:09:46:03 +0800] "GET /xingrg/all/function/internal_message.html?_=1607391965121&CODE_STATE=getMsg HTTP/1.1" 200 27
222.69.132.37 - - [08/Dec/2020:09:46:04 +0800] "GET /xingrg/all/function/internal_message.html?_=1607391962939&CODE_STATE=getMsg HTTP/1.1" 200 27
222.69.132.37 - - [08/Dec/2020:09:46:04 +0800] "GET /xingrg/check_reg.html?_=1607391962954 HTTP/1.1" 200 22
101.89.239.238 - - [08/Dec/2020:09:46:05 +0800] "GET /xingrg/login.html HTTP/1.1" 200 7641
180.162.223.42 - - [08/Dec/2020:09:46:05 +0800] "POST /xingrg/kc/buy/cgsh_order_operate.html HTTP/1.1" 200 37
180.162.223.42 - - [08/Dec/2020:09:46:06 +0800] "POST /xingrg/kc/buy/cgsh_order_operate.html HTTP/1.1" 200 7447
180.162.223.42 - - [08/Dec/2020:09:46:08 +0800] "GET /xingrg/kc/print/load_data.html?order_code=212020120802863&kc_code=cgsh&condition= HTTP/1.1" 200 2607
116.228.172.94 - - [08/Dec/2020:09:46:12 +0800] "GET /xingrg/kc/base/wldb_order_operate.html?command=get_materiel&rest_code=00107&base_code=0010151&code=00101019390 HTTP/1.1" 200 455
101.91.62.99 - - [08/Dec/2020:09:46:14 +0800] "GET /xingrg/kc/buy/cgsh_order_operate.html?command=get_materiel&rest_code=00141&code=00101006129&supplier_code=00100012&order_time=2020-12-08 HTTP/1.1" 302 -
114.88.159.147 - - [08/Dec/2020:09:46:15 +0800] "POST /xingrg/kc/buy/cgsh_order_operate.html HTTP/1.1" 200 37
114.88.159.147 - - [08/Dec/2020:09:46:18 +0800] "POST /xingrg/kc/buy/cgsh_order_operate.html HTTP/1.1" 200 12
114.88.159.147 - - [08/Dec/2020:09:46:19 +0800] "GET /xingrg/kc/buy/cgsh_order_info.html?code=212020120802864 HTTP/1.1" 200 55848
114.88.159.147 - - [08/Dec/2020:09:46:20 +0800] "GET /xingrg/javascript/easyui/themes/default/validatebox.css HTTP/1.1" 404 1104
114.88.159.147 - - [08/Dec/2020:09:46:20 +0800] "POST /xingrg/kc/buy/cgsh_order_operate.html HTTP/1.1" 200 2963
114.88.159.147 - - [08/Dec/2020:09:46:21 +0800] "GET /xingrg/kc/print/load_data.html?order_code=212020120802864&kc_code=cgsh&condition= HTTP/1.1" 200 1653
116.228.172.94 - - [08/Dec/2020:09:46:22 +0800] "GET /xingrg/all/function/internal_message.html?_=1607391981551&CODE_STATE=getMsg HTTP/1.1" 200 27
180.162.223.42 - - [08/Dec/2020:09:46:23 +0800] "GET /xingrg/check_reg.html?_=1607391982758 HTTP/1.1" 200 22
180.162.223.42 - - [08/Dec/2020:09:46:23 +0800] "GET /xingrg/all/function/internal_message.html?_=1607391982761&CODE_STATE=getMsg HTTP/1.1" 200 27
101.91.62.99 - - [08/Dec/2020:09:46:23 +0800] "GET /xingrg/login.html HTTP/1.1" 200 7641
114.84.32.187 - - [08/Dec/2020:09:46:24 +0800] "GET /xingrg/all/function/internal_message.html?_=1607391992168&CODE_STATE=getMsg HTTP/1.1" 200 27
114.88.163.87 - - [08/Dec/2020:09:46:31 +0800] "GET /xingrg/all/function/internal_message.html?_=1607391984554&CODE_STATE=getMsg HTTP/1.1" 200 27
114.88.159.147 - - [08/Dec/2020:09:46:35 +0800] "GET /xingrg/all/function/internal_message.html?_=1607391570816&CODE_STATE=getMsg HTTP/1.1" 200 27
116.228.172.94 - - [08/Dec/2020:09:46:36 +0800] "GET /xingrg/kc/base/wldb_order_operate.html?command=get_materiel&rest_code=00107&base_code=0010151&code=00101016007 HTTP/1.1" 200 450
180.174.56.115 - - [08/Dec/2020:09:46:40 +0800] "GET /xingrg/all/function/internal_message.html?_=1607391967933&CODE_STATE=getMsg HTTP/1.1" 200 27
114.88.159.147 - - [08/Dec/2020:09:46:42 +0800] "GET /xingrg/all/function/internal_message.html?_=1607391997945&CODE_STATE=getMsg HTTP/1.1" 200 27
61.129.6.227 - - [08/Dec/2020:09:46:48 +0800] "GET /xingrg/kc/buy/cgsh_order_operate.html?command=get_materiel&rest_code=00141&code=00101012019&supplier_code=00100036&order_time=2020-12-08 HTTP/1.1" 302 -
172.17.0.185 - - [08/Dec/2020:09:46:49 +0800] "GET /xingrg/all/function/internal_message.html?_=1607392007157&CODE_STATE=getMsg HTTP/1.1" 200 27
172.17.0.185 - - [08/Dec/2020:09:46:49 +0800] "GET /xingrg/check_reg.html?_=1607392007329 HTTP/1.1" 200 22
117.185.32.26 - - [08/Dec/2020:09:46:53 +0800] "GET /xingrg/all/function/internal_message.html?_=1607392471851&CODE_STATE=getMsg HTTP/1.1" 200 27
61.129.6.227 - - [08/Dec/2020:09:46:54 +0800] "GET /xingrg/login.html HTTP/1.1" 200 7641
116.228.172.94 - - [08/Dec/2020:09:46:56 +0800] "POST /xingrg/kc/base/wldb_order_operate.html HTTP/1.1" 200 37
116.228.172.94 - - [08/Dec/2020:09:46:56 +0800] "POST /xingrg/kc/base/wldb_order_operate.html HTTP/1.1" 200 10197
116.228.172.94 - - [08/Dec/2020:09:46:57 +0800] "GET /xingrg/kc/base/wldb_order_info.html?code=422020120800831 HTTP/1.1" 200 30606
222.69.132.37 - - [08/Dec/2020:09:46:58 +0800] "GET /xingrg/all/function/internal_message.html?_=1607392017239&CODE_STATE=getMsg HTTP/1.1" 200 27
116.228.172.94 - - [08/Dec/2020:09:46:58 +0800] "POST /xingrg/kc/base/wldb_order_operate.html HTTP/1.1" 200 10197
116.228.172.94 - - [08/Dec/2020:09:46:58 +0800] "GET /xingrg/javascript/easyui/themes/default/validatebox.css HTTP/1.1" 404 1104
114.88.163.87 - - [08/Dec/2020:09:47:03 +0800] "GET /xingrg/all/function/internal_message.html?_=1607392150123&CODE_STATE=getMsg HTTP/1.1" 200 27
180.174.56.115 - - [08/Dec/2020:09:47:03 +0800] "GET /xingrg/all/function/internal_message.html?_=1607392025108&CODE_STATE=getMsg HTTP/1.1" 200 27
180.174.56.115 - - [08/Dec/2020:09:47:04 +0800] "POST /xingrg/kc/buy/cgsh_order_operate.html HTTP/1.1" 200 37
222.69.132.37 - - [08/Dec/2020:09:47:04 +0800] "GET /xingrg/all/function/internal_message.html?_=1607392022941&CODE_STATE=getMsg HTTP/1.1" 200 27
180.174.56.115 - - [08/Dec/2020:09:47:06 +0800] "POST /xingrg/kc/buy/cgsh_order_operate.html HTTP/1.1" 200 12
180.174.56.115 - - [08/Dec/2020:09:47:07 +0800] "GET /xingrg/kc/buy/cgsh_order_info.html?code=212020120802837 HTTP/1.1" 200 55766
180.174.56.115 - - [08/Dec/2020:09:47:07 +0800] "GET /xingrg/javascript/easyui/themes/default/validatebox.css HTTP/1.1" 404 1104
180.174.56.115 - - [08/Dec/2020:09:47:08 +0800] "POST /xingrg/kc/buy/cgsh_order_operate.html HTTP/1.1" 200 18980
180.174.56.115 - - [08/Dec/2020:09:47:09 +0800] "GET /xingrg/kc/print/load_data.html?order_code=212020120802837&kc_code=cgsh&condition= HTTP/1.1" 200 7728
61.151.178.177 - - [08/Dec/2020:09:47:14 +0800] "GET /xingrg/kc/buy/cgsh_order_operate.html?command=get_materiel&rest_code=00141&code=00101019670&supplier_code=00100036&order_time=2020-12-08 HTTP/1.1" 302 -
114.84.32.187 - - [08/Dec/2020:09:47:14 +0800] "GET /xingrg/check_reg.html?_=1607392042167 HTTP/1.1" 200 22
61.151.207.205 - - [08/Dec/2020:09:47:17 +0800] "GET /xingrg/all/function/internal_message.html?_=1607391338112&CODE_STATE=getMsg HTTP/1.1" 302 -
61.151.178.177 - - [08/Dec/2020:09:47:22 +0800] "GET /xingrg/login.html HTTP/1.1" 200 7641
116.228.172.94 - - [08/Dec/2020:09:47:22 +0800] "GET /xingrg/all/function/internal_message.html?_=1607392041550&CODE_STATE=getMsg HTTP/1.1" 200 27
180.162.223.42 - - [08/Dec/2020:09:47:23 +0800] "GET /xingrg/all/function/internal_message.html?_=1607392042757&CODE_STATE=getMsg HTTP/1.1" 200 27
114.84.32.187 - - [08/Dec/2020:09:47:24 +0800] "GET /xingrg/all/function/internal_message.html?_=1607392052179&CODE_STATE=getMsg HTTP/1.1" 200 27
61.151.207.205 - - [08/Dec/2020:09:47:27 +0800] "GET /xingrg/login.html HTTP/1.1" 200 7641
172.17.0.123 - - [08/Dec/2020:09:47:30 +0800] "GET /xingrg/check_reg.html?_=1607391976855 HTTP/1.1" 200 22
114.88.163.87 - - [08/Dec/2020:09:47:31 +0800] "GET /xingrg/all/function/internal_message.html?_=1607392044623&CODE_STATE=getMsg HTTP/1.1" 200 27
180.174.56.115 - - [08/Dec/2020:09:47:34 +0800] "GET /xingrg/kc/buy/cgsh_order_add.html HTTP/1.1" 200 60863
180.174.56.115 - - [08/Dec/2020:09:47:34 +0800] "GET /xingrg/javascript/easyui/themes/default/validatebox.css HTTP/1.1" 404 1104
180.174.56.115 - - [08/Dec/2020:09:47:34 +0800] "POST /xingrg/kc/buy/cgsh_order_operate.html HTTP/1.1" 200 8245
114.88.159.147 - - [08/Dec/2020:09:47:35 +0800] "GET /xingrg/all/function/internal_message.html?_=1607391630814&CODE_STATE=getMsg HTTP/1.1" 200 27
180.174.56.115 - - [08/Dec/2020:09:47:40 +0800] "GET /xingrg/all/function/internal_message.html?_=1607392027939&CODE_STATE=getMsg HTTP/1.1" 200 27
114.88.159.147 - - [08/Dec/2020:09:47:42 +0800] "GET /xingrg/all/function/internal_message.html?_=1607392057925&CODE_STATE=getMsg HTTP/1.1" 200 27
180.174.56.115 - - [08/Dec/2020:09:47:42 +0800] "GET /xingrg/kc/buy/cgsh_order_operate.html?command=get_materiel&rest_code=00150&code=00101009007&supplier_code=00100424&order_time=2020-12-08 HTTP/1.1" 200 408
58.221.95.50 - - [08/Dec/2020:09:47:43 +0800] "GET /xingrg/check_reg.html?_=1607392081458 HTTP/1.1" 302 -
172.17.0.185 - - [08/Dec/2020:09:47:49 +0800] "GET /xingrg/all/function/internal_message.html?_=1607392067155&CODE_STATE=getMsg HTTP/1.1" 200 27
61.129.7.235 - - [08/Dec/2020:09:47:49 +0800] "GET /xingrg/kc/buy/cgsh_order_operate.html?command=get_materiel&rest_code=00141&code=00101020078&supplier_code=00100036&order_time=2020-12-08 HTTP/1.1" 302 -
117.185.32.26 - - [08/Dec/2020:09:47:53 +0800] "GET /xingrg/all/function/internal_message.html?_=1607392531849&CODE_STATE=getMsg HTTP/1.1" 200 27
61.129.7.235 - - [08/Dec/2020:09:47:54 +0800] "GET /xingrg/login.html HTTP/1.1" 200 7641
222.69.132.37 - - [08/Dec/2020:09:47:58 +0800] "GET /xingrg/all/function/internal_message.html?_=1607392077241&CODE_STATE=getMsg HTTP/1.1" 200 27
222.69.132.37 - - [08/Dec/2020:09:47:58 +0800] "GET /xingrg/check_reg.html?_=1607392077244 HTTP/1.1" 200 22
180.174.56.115 - - [08/Dec/2020:09:48:01 +0800] "GET /xingrg/kc/buy/cgsh_order_operate.html?command=get_materiel&rest_code=00150&code=00101009031&supplier_code=00100424&order_time=2020-12-08 HTTP/1.1" 200 408
114.88.163.87 - - [08/Dec/2020:09:48:03 +0800] "GET /xingrg/check_reg.html?_=1607392210124 HTTP/1.1" 200 22
114.88.163.87 - - [08/Dec/2020:09:48:03 +0800] "GET /xingrg/all/function/internal_message.html?_=1607392210125&CODE_STATE=getMsg HTTP/1.1" 200 27
101.89.239.120 - - [08/Dec/2020:09:48:03 +0800] "GET /xingrg/kc/buy/cgsh_order_operate.html?command=get_materiel&rest_code=00141&code=00101016053&supplier_code=00100036&order_time=2020-12-08 HTTP/1.1" 302 -
180.174.56.115 - - [08/Dec/2020:09:48:03 +0800] "GET /xingrg/all/function/internal_message.html?_=1607392085114&CODE_STATE=getMsg HTTP/1.1" 200 27
180.174.56.115 - - [08/Dec/2020:09:48:03 +0800] "GET /xingrg/check_reg.html?_=1607392085118 HTTP/1.1" 200 22
114.88.163.87 - - [08/Dec/2020:09:48:03 +0800] "GET /xingrg/check_reg.html?_=1607392076995 HTTP/1.1" 200 22
222.69.132.37 - - [08/Dec/2020:09:48:04 +0800] "GET /xingrg/all/function/internal_message.html?_=1607392082949&CODE_STATE=getMsg HTTP/1.1" 200 27
101.89.239.120 - - [08/Dec/2020:09:48:11 +0800] "GET /xingrg/login.html HTTP/1.1" 200 7641
116.228.172.94 - - [08/Dec/2020:09:48:22 +0800] "GET /xingrg/all/function/internal_message.html?_=1607392101550&CODE_STATE=getMsg HTTP/1.1" 200 27
180.162.223.42 - - [08/Dec/2020:09:48:23 +0800] "GET /xingrg/all/function/internal_message.html?_=1607392102757&CODE_STATE=getMsg HTTP/1.1" 200 27
114.84.32.187 - - [08/Dec/2020:09:48:24 +0800] "GET /xingrg/all/function/internal_message.html?_=1607392112192&CODE_STATE=getMsg HTTP/1.1" 200 27
114.88.163.87 - - [08/Dec/2020:09:48:31 +0800] "GET /xingrg/all/function/internal_message.html?_=1607392104637&CODE_STATE=getMsg HTTP/1.1" 200 27
101.89.29.92 - - [08/Dec/2020:09:48:32 +0800] "GET /xingrg/kc/buy/cgsh_order_operate.html?command=get_materiel&rest_code=00141&code=00101007109&supplier_code=00100036&order_time=2020-12-08 HTTP/1.1" 302 -
114.88.159.147 - - [08/Dec/2020:09:48:35 +0800] "GET /xingrg/all/function/internal_message.html?_=1607391690812&CODE_STATE=getMsg HTTP/1.1" 200 27
101.89.29.92 - - [08/Dec/2020:09:48:37 +0800] "GET /xingrg/login.html HTTP/1.1" 200 7641
180.174.56.115 - - [08/Dec/2020:09:48:40 +0800] "GET /xingrg/check_reg.html?_=1607392087535 HTTP/1.1" 200 22
180.174.56.115 - - [08/Dec/2020:09:48:40 +0800] "GET /xingrg/all/function/internal_message.html?_=1607392087951&CODE_STATE=getMsg HTTP/1.1" 200 27
114.88.159.147 - - [08/Dec/2020:09:48:42 +0800] "GET /xingrg/all/function/internal_message.html?_=1607392117903&CODE_STATE=getMsg HTTP/1.1" 200 27
172.17.0.185 - - [08/Dec/2020:09:48:49 +0800] "GET /xingrg/all/function/internal_message.html?_=1607392127161&CODE_STATE=getMsg HTTP/1.1" 200 27
117.185.32.26 - - [08/Dec/2020:09:48:53 +0800] "GET /xingrg/all/function/internal_message.html?_=1607392591877&CODE_STATE=getMsg HTTP/1.1" 200 27
222.69.132.37 - - [08/Dec/2020:09:48:58 +0800] "GET /xingrg/all/function/internal_message.html?_=1607392137245&CODE_STATE=getMsg HTTP/1.1" 200 27
114.88.163.87 - - [08/Dec/2020:09:49:03 +0800] "GET /xingrg/all/function/internal_message.html?_=1607392270123&CODE_STATE=getMsg HTTP/1.1" 200 27
180.174.56.115 - - [08/Dec/2020:09:49:03 +0800] "GET /xingrg/all/function/internal_message.html?_=1607392145108&CODE_STATE=getMsg HTTP/1.1" 200 27
101.91.60.105 - - [08/Dec/2020:09:49:03 +0800] "GET /xingrg/kc/buy/cgsh_order_info.html?code=212020120802858 HTTP/1.1" 302 -
222.69.132.37 - - [08/Dec/2020:09:49:04 +0800] "GET /xingrg/all/function/internal_message.html?_=1607392142942&CODE_STATE=getMsg HTTP/1.1" 200 27
101.91.60.105 - - [08/Dec/2020:09:49:06 +0800] "GET /xingrg/login.html HTTP/1.1" 200 7641
101.89.239.230 - - [08/Dec/2020:09:49:07 +0800] "GET /xingrg/all/function/internal_message.html?_=1607391458095&CODE_STATE=getMsg HTTP/1.1" 302 -
101.89.239.230 - - [08/Dec/2020:09:49:13 +0800] "GET /xingrg/login.html HTTP/1.1" 200 7641
114.88.159.147 - - [08/Dec/2020:09:49:15 +0800] "GET /xingrg/check_reg.html?_=1607392150919 HTTP/1.1" 200 22
180.174.56.115 - - [08/Dec/2020:09:49:17 +0800] "POST /xingrg/kc/buy/cgsh_order_operate.html HTTP/1.1" 200 37
61.129.6.225 - - [08/Dec/2020:09:49:20 +0800] "GET /xingrg/kc/buy/cgsh_order_operate.html?command=get_materiel&rest_code=00141&code=00101016105&supplier_code=00100036&order_time=2020-12-08 HTTP/1.1" 302 -
180.174.56.115 - - [08/Dec/2020:09:49:21 +0800] "POST /xingrg/kc/buy/cgsh_order_operate.html HTTP/1.1" 200 12
180.174.56.115 - - [08/Dec/2020:09:49:21 +0800] "GET /xingrg/kc/buy/cgsh_order_info.html?code=212020120802865 HTTP/1.1" 200 55766
180.174.56.115 - - [08/Dec/2020:09:49:22 +0800] "GET /xingrg/javascript/easyui/themes/default/validatebox.css HTTP/1.1" 404 1104
180.174.56.115 - - [08/Dec/2020:09:49:22 +0800] "POST /xingrg/kc/buy/cgsh_order_operate.html HTTP/1.1" 200 1188
116.228.172.94 - - [08/Dec/2020:09:49:22 +0800] "GET /xingrg/all/function/internal_message.html?_=1607392161550&CODE_STATE=getMsg HTTP/1.1" 200 27
180.162.223.42 - - [08/Dec/2020:09:49:23 +0800] "GET /xingrg/all/function/internal_message.html?_=1607392162761&CODE_STATE=getMsg HTTP/1.1" 200 27
180.174.56.115 - - [08/Dec/2020:09:49:23 +0800] "GET /xingrg/kc/print/load_data.html?order_code=212020120802865&kc_code=cgsh&condition= HTTP/1.1" 200 915
114.84.32.187 - - [08/Dec/2020:09:49:25 +0800] "GET /xingrg/all/function/internal_message.html?_=1607392172400&CODE_STATE=getMsg HTTP/1.1" 200 27
61.129.6.225 - - [08/Dec/2020:09:49:29 +0800] "GET /xingrg/login.html HTTP/1.1" 200 7641
114.88.163.87 - - [08/Dec/2020:09:49:31 +0800] "GET /xingrg/all/function/internal_message.html?_=1607392164640&CODE_STATE=getMsg HTTP/1.1" 200 27
114.88.159.147 - - [08/Dec/2020:09:49:35 +0800] "GET /xingrg/all/function/internal_message.html?_=1607391750811&CODE_STATE=getMsg HTTP/1.1" 200 27
114.88.159.147 - - [08/Dec/2020:09:49:35 +0800] "GET /xingrg/check_reg.html?_=1607391750813 HTTP/1.1" 200 22
180.174.56.115 - - [08/Dec/2020:09:49:40 +0800] "GET /xingrg/all/function/internal_message.html?_=1607392147965&CODE_STATE=getMsg HTTP/1.1" 200 27
114.88.159.147 - - [08/Dec/2020:09:49:42 +0800] "GET /xingrg/all/function/internal_message.html?_=1607392177881&CODE_STATE=getMsg HTTP/1.1" 200 27
61.151.178.164 - - [08/Dec/2020:09:49:48 +0800] "GET /xingrg/kc/print/load_data.html?order_code=212020120802860&kc_code=cgsh&condition= HTTP/1.1" 302 -
172.17.0.185 - - [08/Dec/2020:09:49:49 +0800] "GET /xingrg/all/function/internal_message.html?_=1607392187180&CODE_STATE=getMsg HTTP/1.1" 200 27
61.151.178.164 - - [08/Dec/2020:09:49:50 +0800] "GET /xingrg/login.html HTTP/1.1" 200 7641
117.185.32.26 - - [08/Dec/2020:09:49:53 +0800] "GET /xingrg/all/function/internal_message.html?_=1607392651876&CODE_STATE=getMsg HTTP/1.1" 200 27
222.69.132.37 - - [08/Dec/2020:09:49:58 +0800] "GET /xingrg/all/function/internal_message.html?_=1607392197254&CODE_STATE=getMsg HTTP/1.1" 200 27
114.88.163.87 - - [08/Dec/2020:09:50:03 +0800] "GET /xingrg/all/function/internal_message.html?_=1607392330123&CODE_STATE=getMsg HTTP/1.1" 200 27
180.174.56.115 - - [08/Dec/2020:09:50:03 +0800] "GET /xingrg/all/function/internal_message.html?_=1607392205117&CODE_STATE=getMsg HTTP/1.1" 200 27
222.69.132.37 - - [08/Dec/2020:09:50:04 +0800] "GET /xingrg/all/function/internal_message.html?_=1607392202954&CODE_STATE=getMsg HTTP/1.1" 200 27
180.174.56.115 - - [08/Dec/2020:09:50:04 +0800] "POST /xingrg/all/user/operate.html HTTP/1.1" 200 36
180.174.56.115 - - [08/Dec/2020:09:50:04 +0800] "GET /xingrg/index.html?sysBaseUrl=http%3A%2F%2F180.169.147.146%3A18081%2Fxingrg%2F&costTime=39×tamp=1607228741758 HTTP/1.1" 200 17177
180.174.56.115 - - [08/Dec/2020:09:50:04 +0800] "GET /xingrg/javascript/jquery_easy_ui/themes/default/easyui.css HTTP/1.1" 304 -
180.174.56.115 - - [08/Dec/2020:09:50:04 +0800] "GET /xingrg/javascript/jquery_easy_ui/themes/icon.css HTTP/1.1" 304 -
180.174.56.115 - - [08/Dec/2020:09:50:04 +0800] "GET /xingrg/css/form.css HTTP/1.1" 304 -
180.174.56.115 - - [08/Dec/2020:09:50:04 +0800] "GET /xingrg/javascript/jquery-1.4.2.min.js HTTP/1.1" 304 -
180.174.56.115 - - [08/Dec/2020:09:50:04 +0800] "GET /xingrg/javascript/jquery_easy_ui/jquery.easyui.min.js HTTP/1.1" 304 -
180.174.56.115 - - [08/Dec/2020:09:50:05 +0800] "GET /xingrg/javascript/jquery_easy_ui/easyui-lang-zh_CN.js HTTP/1.1" 304 -
180.174.56.115 - - [08/Dec/2020:09:50:05 +0800] "GET /xingrg/javascript/jquery.form.js HTTP/1.1" 304 -
180.174.56.115 - - [08/Dec/2020:09:50:05 +0800] "GET /xingrg/javascript/jquery.utils.js HTTP/1.1" 304 -
180.174.56.115 - - [08/Dec/2020:09:50:05 +0800] "GET /xingrg/javascript/jquery.timers.js HTTP/1.1" 304 -
180.174.56.115 - - [08/Dec/2020:09:50:05 +0800] "GET /xingrg/images/blue/jxLogo.png HTTP/1.1" 304 -
180.174.56.115 - - [08/Dec/2020:09:50:05 +0800] "GET /xingrg/javascript/jquery_easy_ui/themes/icons/settle_new.png HTTP/1.1" 304 -
180.174.56.115 - - [08/Dec/2020:09:50:05 +0800] "GET /xingrg/images/blue/navBackgound.jpg HTTP/1.1" 304 -
180.174.56.115 - - [08/Dec/2020:09:50:05 +0800] "POST /xingrg/all/common/load_tree.html?tree=area_rest_tree_json&manage=1 HTTP/1.1" 200 476
180.174.56.115 - - [08/Dec/2020:09:50:05 +0800] "GET /xingrg/all/function/internal_message.html?_=1607392206462&CODE_STATE=count HTTP/1.1" 200 11
180.174.56.115 - - [08/Dec/2020:09:50:05 +0800] "GET /xingrg/check_reg.html?_=1607392206463 HTTP/1.1" 200 22
180.174.56.115 - - [08/Dec/2020:09:50:05 +0800] "GET /xingrg/images/blue/pingpu.png HTTP/1.1" 304 -
180.174.56.115 - - [08/Dec/2020:09:50:05 +0800] "GET /xingrg/javascript/jquery_easy_ui/themes/default/images/tabs_rightarrow.png HTTP/1.1" 304 -
180.174.56.115 - - [08/Dec/2020:09:50:05 +0800] "GET /xingrg/javascript/jquery_easy_ui/themes/default/images/panel_tool_collapse.gif HTTP/1.1" 304 -
180.174.56.115 - - [08/Dec/2020:09:50:05 +0800] "GET /xingrg/javascript/jquery_easy_ui/themes/default/images/tabs_leftarrow.png HTTP/1.1" 304 -
180.174.56.115 - - [08/Dec/2020:09:50:05 +0800] "POST /xingrg/load_menu.html HTTP/1.1" 200 5138
180.174.56.115 - - [08/Dec/2020:09:50:08 +0800] "GET /xingrg/kc/buy/cgsh_order_list.html HTTP/1.1" 200 45206
180.174.56.115 - - [08/Dec/2020:09:50:09 +0800] "POST /xingrg/kc/buy/cgsh_list_operate.html HTTP/1.1" 200 1689
180.174.56.115 - - [08/Dec/2020:09:50:19 +0800] "POST /xingrg/kc/buy/cgsh_list_operate.html HTTP/1.1" 200 555
180.174.56.115 - - [08/Dec/2020:09:50:21 +0800] "GET /xingrg/kc/buy/cgsh_order_add.html HTTP/1.1" 200 60581
180.174.56.115 - - [08/Dec/2020:09:50:21 +0800] "GET /xingrg/javascript/easyui/themes/default/validatebox.css HTTP/1.1" 404 1104
180.174.56.115 - - [08/Dec/2020:09:50:21 +0800] "POST /xingrg/kc/buy/cgsh_order_operate.html HTTP/1.1" 200 8245
116.228.172.94 - - [08/Dec/2020:09:50:22 +0800] "GET /xingrg/all/function/internal_message.html?_=1607392221550&CODE_STATE=getMsg HTTP/1.1" 200 27
116.228.172.94 - - [08/Dec/2020:09:50:22 +0800] "GET /xingrg/check_reg.html?_=1607392221554 HTTP/1.1" 200 22
180.162.223.42 - - [08/Dec/2020:09:50:23 +0800] "GET /xingrg/all/function/internal_message.html?_=1607392222762&CODE_STATE=getMsg HTTP/1.1" 200 27
114.84.32.187 - - [08/Dec/2020:09:50:25 +0800] "GET /xingrg/all/function/internal_message.html?_=1607392232408&CODE_STATE=getMsg HTTP/1.1" 200 27
114.88.163.87 - - [08/Dec/2020:09:50:31 +0800] "GET /xingrg/all/function/internal_message.html?_=1607392224705&CODE_STATE=getMsg HTTP/1.1" 200 27
114.88.159.147 - - [08/Dec/2020:09:50:35 +0800] "GET /xingrg/all/function/internal_message.html?_=1607391810811&CODE_STATE=getMsg HTTP/1.1" 200 27
180.174.56.115 - - [08/Dec/2020:09:50:40 +0800] "GET /xingrg/javascript/auto/indicator.gif HTTP/1.1" 404 1066
180.174.56.115 - - [08/Dec/2020:09:50:40 +0800] "GET /xingrg/all/function/internal_message.html?_=1607392207980&CODE_STATE=getMsg HTTP/1.1" 200 27
114.88.159.147 - - [08/Dec/2020:09:50:42 +0800] "GET /xingrg/all/function/internal_message.html?_=1607392237853&CODE_STATE=getMsg HTTP/1.1" 200 27
180.174.56.115 - - [08/Dec/2020:09:50:46 +0800] "GET /xingrg/kc/buy/cgsh_order_operate.html?command=get_materiel&rest_code=00151&code=00101009031&supplier_code=00100424&order_time=2020-12-08 HTTP/1.1" 200 408
172.17.0.185 - - [08/Dec/2020:09:50:49 +0800] "GET /xingrg/all/function/internal_message.html?_=1607392247175&CODE_STATE=getMsg HTTP/1.1" 200 27
117.185.32.26 - - [08/Dec/2020:09:50:53 +0800] "GET /xingrg/all/function/internal_message.html?_=1607392711875&CODE_STATE=getMsg HTTP/1.1" 200 27
117.185.32.26 - - [08/Dec/2020:09:50:53 +0800] "GET /xingrg/check_reg.html?_=1607392711876 HTTP/1.1" 200 22
180.174.56.115 - - [08/Dec/2020:09:50:55 +0800] "POST /xingrg/kc/buy/cgsh_order_operate.html HTTP/1.1" 200 37
180.174.56.115 - - [08/Dec/2020:09:50:57 +0800] "POST /xingrg/kc/buy/cgsh_order_operate.html HTTP/1.1" 200 12
180.174.56.115 - - [08/Dec/2020:09:50:58 +0800] "GET /xingrg/kc/buy/cgsh_order_info.html?code=212020120802866 HTTP/1.1" 200 55484
222.69.132.37 - - [08/Dec/2020:09:50:58 +0800] "GET /xingrg/all/function/internal_message.html?_=1607392257241&CODE_STATE=getMsg HTTP/1.1" 200 27
180.174.56.115 - - [08/Dec/2020:09:50:58 +0800] "GET /xingrg/javascript/easyui/themes/default/validatebox.css HTTP/1.1" 404 1104
180.174.56.115 - - [08/Dec/2020:09:50:59 +0800] "POST /xingrg/kc/buy/cgsh_order_operate.html HTTP/1.1" 200 602
180.174.56.115 - - [08/Dec/2020:09:51:00 +0800] "GET /xingrg/kc/print/load_data.html?order_code=212020120802866&kc_code=cgsh&condition= HTTP/1.1" 200 684
114.88.163.87 - - [08/Dec/2020:09:51:03 +0800] "GET /xingrg/all/function/internal_message.html?_=1607392390123&CODE_STATE=getMsg HTTP/1.1" 200 27
222.69.132.37 - - [08/Dec/2020:09:51:04 +0800] "GET /xingrg/check_reg.html?_=1607392262953 HTTP/1.1" 200 22
222.69.132.37 - - [08/Dec/2020:09:51:04 +0800] "GET /xingrg/all/function/internal_message.html?_=1607392262947&CODE_STATE=getMsg HTTP/1.1" 200 27
124.77.237.88 - - [08/Dec/2020:09:51:04 +0800] "POST /xingrg/services/DataTransmitService HTTP/1.1" 200 524
180.174.56.115 - - [08/Dec/2020:09:51:04 +0800] "GET /xingrg/kc/buy/cgsh_order_add.html HTTP/1.1" 200 60581
180.174.56.115 - - [08/Dec/2020:09:51:05 +0800] "POST /xingrg/kc/buy/cgsh_order_operate.html HTTP/1.1" 200 8245
180.174.56.115 - - [08/Dec/2020:09:51:05 +0800] "GET /xingrg/javascript/easyui/themes/default/validatebox.css HTTP/1.1" 404 1104
124.77.237.88 - - [08/Dec/2020:09:51:05 +0800] "POST /xingrg/services/DataTransmitService HTTP/1.1" 200 2099
180.174.56.115 - - [08/Dec/2020:09:51:05 +0800] "GET /xingrg/all/function/internal_message.html?_=1607392266487&CODE_STATE=getMsg HTTP/1.1" 200 27
124.77.237.88 - - [08/Dec/2020:09:51:05 +0800] "POST /xingrg/services/DataTransmitService HTTP/1.1" 200 166839
180.157.253.48 - - [08/Dec/2020:09:51:11 +0800] "POST /xingrg/services/DataTransmitService HTTP/1.1" 200 524
180.174.56.115 - - [08/Dec/2020:09:51:12 +0800] "GET /xingrg/kc/buy/cgsh_order_info.html?code=212020120802849 HTTP/1.1" 200 60590
180.174.56.115 - - [08/Dec/2020:09:51:12 +0800] "GET /xingrg/javascript/easyui/themes/default/validatebox.css HTTP/1.1" 404 1104
180.174.56.115 - - [08/Dec/2020:09:51:13 +0800] "POST /xingrg/kc/buy/cgsh_order_operate.html HTTP/1.1" 200 23624
116.228.172.94 - - [08/Dec/2020:09:51:22 +0800] "GET /xingrg/all/function/internal_message.html?_=1607392281553&CODE_STATE=getMsg HTTP/1.1" 200 27
180.162.223.42 - - [08/Dec/2020:09:51:23 +0800] "GET /xingrg/check_reg.html?_=1607392282750 HTTP/1.1" 200 22
180.162.223.42 - - [08/Dec/2020:09:51:23 +0800] "GET /xingrg/all/function/internal_message.html?_=1607392282753&CODE_STATE=getMsg HTTP/1.1" 200 27
114.84.32.187 - - [08/Dec/2020:09:51:25 +0800] "GET /xingrg/all/function/internal_message.html?_=1607392292615&CODE_STATE=getMsg HTTP/1.1" 200 27
114.88.163.87 - - [08/Dec/2020:09:51:31 +0800] "GET /xingrg/all/function/internal_message.html?_=1607392284713&CODE_STATE=getMsg HTTP/1.1" 200 27
114.88.159.147 - - [08/Dec/2020:09:51:35 +0800] "GET /xingrg/all/function/internal_message.html?_=1607391870810&CODE_STATE=getMsg HTTP/1.1" 200 27
180.174.56.115 - - [08/Dec/2020:09:51:40 +0800] "GET /xingrg/all/function/internal_message.html?_=1607392268011&CODE_STATE=getMsg HTTP/1.1" 200 27
114.88.159.147 - - [08/Dec/2020:09:51:42 +0800] "GET /xingrg/all/function/internal_message.html?_=1607392297821&CODE_STATE=getMsg HTTP/1.1" 200 27
101.89.239.230 - - [08/Dec/2020:09:51:43 +0800] "GET /xingrg/kc/buy/cgsh_order_operate.html?command=get_materiel&rest_code=00141&code=00101015043&supplier_code=00100055&order_time=2020-12-08 HTTP/1.1" 302 -
58.40.7.146 - - [08/Dec/2020:09:51:47 +0800] "POST /xingrg/services/DataTransmitService HTTP/1.1" 200 524
101.89.239.230 - - [08/Dec/2020:09:51:48 +0800] "GET /xingrg/login.html HTTP/1.1" 200 7641
172.17.0.185 - - [08/Dec/2020:09:51:49 +0800] "GET /xingrg/all/function/internal_message.html?_=1607392307159&CODE_STATE=getMsg HTTP/1.1" 200 27
172.17.0.185 - - [08/Dec/2020:09:51:49 +0800] "GET /xingrg/check_reg.html?_=1607392307302 HTTP/1.1" 200 22
117.185.32.26 - - [08/Dec/2020:09:51:53 +0800] "GET /xingrg/all/function/internal_message.html?_=1607392771875&CODE_STATE=getMsg HTTP/1.1" 200 27
61.129.6.145 - - [08/Dec/2020:09:51:54 +0800] "GET /xingrg/check_reg.html?_=1607391850913 HTTP/1.1" 302 -
222.69.132.37 - - [08/Dec/2020:09:51:58 +0800] "GET /xingrg/all/function/internal_message.html?_=1607392317246&CODE_STATE=getMsg HTTP/1.1" 200 27
114.88.163.87 - - [08/Dec/2020:09:52:03 +0800] "GET /xingrg/all/function/internal_message.html?_=1607392450124&CODE_STATE=getMsg HTTP/1.1" 200 27
61.129.6.145 - - [08/Dec/2020:09:52:03 +0800] "GET /xingrg/login.html HTTP/1.1" 200 7641
222.69.132.37 - - [08/Dec/2020:09:52:04 +0800] "GET /xingrg/all/function/internal_message.html?_=1607392322952&CODE_STATE=getMsg HTTP/1.1" 200 27
180.174.56.115 - - [08/Dec/2020:09:52:05 +0800] "GET /xingrg/all/function/internal_message.html?_=1607392326483&CODE_STATE=getMsg HTTP/1.1" 200 27
114.84.32.187 - - [08/Dec/2020:09:52:14 +0800] "GET /xingrg/check_reg.html?_=1607392342172 HTTP/1.1" 200 22
116.228.172.94 - - [08/Dec/2020:09:52:22 +0800] "GET /xingrg/all/function/internal_message.html?_=1607392341556&CODE_STATE=getMsg HTTP/1.1" 200 27
180.162.223.42 - - [08/Dec/2020:09:52:23 +0800] "GET /xingrg/all/function/internal_message.html?_=1607392342754&CODE_STATE=getMsg HTTP/1.1" 200 27
114.84.32.187 - - [08/Dec/2020:09:52:25 +0800] "GET /xingrg/all/function/internal_message.html?_=1607392352623&CODE_STATE=getMsg HTTP/1.1" 200 27
172.17.0.123 - - [08/Dec/2020:09:52:30 +0800] "GET /xingrg/check_reg.html?_=1607392276827 HTTP/1.1" 200 22
114.88.163.87 - - [08/Dec/2020:09:52:31 +0800] "GET /xingrg/all/function/internal_message.html?_=1607392344764&CODE_STATE=getMsg HTTP/1.1" 200 27
114.88.159.147 - - [08/Dec/2020:09:52:35 +0800] "GET /xingrg/all/function/internal_message.html?_=1607391930809&CODE_STATE=getMsg HTTP/1.1" 200 27
180.174.56.115 - - [08/Dec/2020:09:52:40 +0800] "GET /xingrg/all/function/internal_message.html?_=1607392328022&CODE_STATE=getMsg HTTP/1.1" 200 27
114.88.159.147 - - [08/Dec/2020:09:52:42 +0800] "GET /xingrg/all/function/internal_message.html?_=1607392357802&CODE_STATE=getMsg HTTP/1.1" 200 27
58.221.95.50 - - [08/Dec/2020:09:52:43 +0800] "GET /xingrg/check_reg.html?_=1607392381443 HTTP/1.1" 302 -
172.17.0.185 - - [08/Dec/2020:09:52:49 +0800] "GET /xingrg/all/function/internal_message.html?_=1607392367146&CODE_STATE=getMsg HTTP/1.1" 200 27
117.185.32.26 - - [08/Dec/2020:09:52:53 +0800] "GET /xingrg/all/function/internal_message.html?_=1607392831875&CODE_STATE=getMsg HTTP/1.1" 200 27
222.69.132.37 - - [08/Dec/2020:09:52:58 +0800] "GET /xingrg/all/function/internal_message.html?_=1607392377248&CODE_STATE=getMsg HTTP/1.1" 200 27
222.69.132.37 - - [08/Dec/2020:09:52:58 +0800] "GET /xingrg/check_reg.html?_=1607392377253 HTTP/1.1" 200 22
114.88.163.87 - - [08/Dec/2020:09:53:03 +0800] "GET /xingrg/all/function/internal_message.html?_=1607392510127&CODE_STATE=getMsg HTTP/1.1" 200 27
114.88.163.87 - - [08/Dec/2020:09:53:03 +0800] "GET /xingrg/check_reg.html?_=1607392510124 HTTP/1.1" 200 22
114.88.163.87 - - [08/Dec/2020:09:53:03 +0800] "GET /xingrg/check_reg.html?_=1607392376992 HTTP/1.1" 200 22
222.69.132.37 - - [08/Dec/2020:09:53:04 +0800] "GET /xingrg/all/function/internal_message.html?_=1607392382958&CODE_STATE=getMsg HTTP/1.1" 200 27
180.174.56.115 - - [08/Dec/2020:09:53:05 +0800] "GET /xingrg/all/function/internal_message.html?_=1607392386481&CODE_STATE=getMsg HTTP/1.1" 200 27
61.129.6.151 - - [08/Dec/2020:09:53:05 +0800] "GET /xingrg/kc/buy/cgsh_order_operate.html?command=get_materiel&rest_code=00141&code=00101007081&supplier_code=00100004&order_time=2020-12-08 HTTP/1.1" 302 -
61.129.6.151 - - [08/Dec/2020:09:53:08 +0800] "GET /xingrg/login.html HTTP/1.1" 200 7641
116.228.172.94 - - [08/Dec/2020:09:53:22 +0800] "GET /xingrg/all/function/internal_message.html?_=1607392401562&CODE_STATE=getMsg HTTP/1.1" 200 27
180.162.223.42 - - [08/Dec/2020:09:53:23 +0800] "GET /xingrg/all/function/internal_message.html?_=1607392402755&CODE_STATE=getMsg HTTP/1.1" 200 27
114.84.32.187 - - [08/Dec/2020:09:53:25 +0800] "GET /xingrg/all/function/internal_message.html?_=1607392412648&CODE_STATE=getMsg HTTP/1.1" 200 27
114.88.163.87 - - [08/Dec/2020:09:53:31 +0800] "GET /xingrg/all/function/internal_message.html?_=1607392404778&CODE_STATE=getMsg HTTP/1.1" 200 27
61.129.6.151 - - [08/Dec/2020:09:53:31 +0800] "GET /xingrg/all/function/internal_message.html?_=1607391877982&CODE_STATE=getMsg HTTP/1.1" 302 -
114.88.159.147 - - [08/Dec/2020:09:53:35 +0800] "GET /xingrg/all/function/internal_message.html?_=1607391990809&CODE_STATE=getMsg HTTP/1.1" 200 27
61.129.6.151 - - [08/Dec/2020:09:53:38 +0800] "GET /xingrg/login.html HTTP/1.1" 200 7641
180.174.56.115 - - [08/Dec/2020:09:53:40 +0800] "GET /xingrg/check_reg.html?_=1607392387558 HTTP/1.1" 200 22
180.174.56.115 - - [08/Dec/2020:09:53:40 +0800] "GET /xingrg/all/function/internal_message.html?_=1607392388036&CODE_STATE=getMsg HTTP/1.1" 200 27
114.88.159.147 - - [08/Dec/2020:09:53:42 +0800] "GET /xingrg/all/function/internal_message.html?_=1607392417770&CODE_STATE=getMsg HTTP/1.1" 200 27
172.17.0.185 - - [08/Dec/2020:09:53:49 +0800] "GET /xingrg/all/function/internal_message.html?_=1607392427157&CODE_STATE=getMsg HTTP/1.1" 200 27
117.185.32.26 - - [08/Dec/2020:09:53:53 +0800] "GET /xingrg/all/function/internal_message.html?_=1607392891873&CODE_STATE=getMsg HTTP/1.1" 200 27
222.69.132.37 - - [08/Dec/2020:09:53:58 +0800] "GET /xingrg/all/function/internal_message.html?_=1607392437253&CODE_STATE=getMsg HTTP/1.1" 200 27
114.88.163.87 - - [08/Dec/2020:09:54:03 +0800] "GET /xingrg/all/function/internal_message.html?_=1607392570126&CODE_STATE=getMsg HTTP/1.1" 200 27
222.69.132.37 - - [08/Dec/2020:09:54:04 +0800] "GET /xingrg/all/function/internal_message.html?_=1607392442954&CODE_STATE=getMsg HTTP/1.1" 200 27
180.174.56.115 - - [08/Dec/2020:09:54:05 +0800] "GET /xingrg/all/function/internal_message.html?_=1607392446488&CODE_STATE=getMsg HTTP/1.1" 200 27
114.88.159.147 - - [08/Dec/2020:09:54:15 +0800] "GET /xingrg/check_reg.html?_=1607392450919 HTTP/1.1" 200 22
116.228.172.94 - - [08/Dec/2020:09:54:22 +0800] "GET /xingrg/all/function/internal_message.html?_=1607392461564&CODE_STATE=getMsg HTTP/1.1" 200 27
180.162.223.42 - - [08/Dec/2020:09:54:23 +0800] "GET /xingrg/all/function/internal_message.html?_=1607392462759&CODE_STATE=getMsg HTTP/1.1" 200 27
114.84.32.187 - - [08/Dec/2020:09:54:25 +0800] "GET /xingrg/all/function/internal_message.html?_=1607392472867&CODE_STATE=getMsg HTTP/1.1" 200 27
114.88.163.87 - - [08/Dec/2020:09:54:31 +0800] "GET /xingrg/all/function/internal_message.html?_=1607392464798&CODE_STATE=getMsg HTTP/1.1" 200 27
114.88.159.147 - - [08/Dec/2020:09:54:35 +0800] "GET /xingrg/all/function/internal_message.html?_=1607392050836&CODE_STATE=getMsg HTTP/1.1" 200 27
114.88.159.147 - - [08/Dec/2020:09:54:35 +0800] "GET /xingrg/check_reg.html?_=1607392050839 HTTP/1.1" 200 22
180.157.253.48 - - [08/Dec/2020:09:54:35 +0800] "POST /xingrg/services/DataTransmitService HTTP/1.1" 200 524
180.157.253.48 - - [08/Dec/2020:09:54:39 +0800] "POST /xingrg/services/DataTransmitService HTTP/1.1" 200 501
180.174.56.115 - - [08/Dec/2020:09:54:40 +0800] "GET /xingrg/all/function/internal_message.html?_=1607392448049&CODE_STATE=getMsg HTTP/1.1" 200 27
114.88.159.147 - - [08/Dec/2020:09:54:42 +0800] "GET /xingrg/all/function/internal_message.html?_=1607392477752&CODE_STATE=getMsg HTTP/1.1" 200 27
172.17.0.185 - - [08/Dec/2020:09:54:49 +0800] "GET /xingrg/all/function/internal_message.html?_=1607392487153&CODE_STATE=getMsg HTTP/1.1" 200 27
117.185.32.26 - - [08/Dec/2020:09:54:53 +0800] "GET /xingrg/all/function/internal_message.html?_=1607392951903&CODE_STATE=getMsg HTTP/1.1" 200 27
222.69.132.37 - - [08/Dec/2020:09:54:58 +0800] "GET /xingrg/all/function/internal_message.html?_=1607392497259&CODE_STATE=getMsg HTTP/1.1" 200 27
114.88.163.87 - - [08/Dec/2020:09:55:03 +0800] "GET /xingrg/all/function/internal_message.html?_=1607392630126&CODE_STATE=getMsg HTTP/1.1" 200 27
222.69.132.37 - - [08/Dec/2020:09:55:04 +0800] "GET /xingrg/all/function/internal_message.html?_=1607392502960&CODE_STATE=getMsg HTTP/1.1" 200 27
180.174.56.115 - - [08/Dec/2020:09:55:05 +0800] "GET /xingrg/check_reg.html?_=1607392506481 HTTP/1.1" 200 22
180.174.56.115 - - [08/Dec/2020:09:55:05 +0800] "GET /xingrg/all/function/internal_message.html?_=1607392506485&CODE_STATE=getMsg HTTP/1.1" 200 27
116.228.172.94 - - [08/Dec/2020:09:55:22 +0800] "GET /xingrg/check_reg.html?_=1607392521563 HTTP/1.1" 200 22
116.228.172.94 - - [08/Dec/2020:09:55:22 +0800] "GET /xingrg/all/function/internal_message.html?_=1607392521566&CODE_STATE=getMsg HTTP/1.1" 200 27
180.162.223.42 - - [08/Dec/2020:09:55:23 +0800] "GET /xingrg/all/function/internal_message.html?_=1607392522759&CODE_STATE=getMsg HTTP/1.1" 200 27
114.84.32.187 - - [08/Dec/2020:09:55:25 +0800] "GET /xingrg/all/function/internal_message.html?_=1607392532882&CODE_STATE=getMsg HTTP/1.1" 200 27
180.174.56.115 - - [08/Dec/2020:09:55:25 +0800] "POST /xingrg/kc/buy/cgsh_order_operate.html HTTP/1.1" 200 37
180.174.56.115 - - [08/Dec/2020:09:55:28 +0800] "POST /xingrg/kc/buy/cgsh_order_operate.html HTTP/1.1" 200 12
180.174.56.115 - - [08/Dec/2020:09:55:28 +0800] "GET /xingrg/kc/buy/cgsh_order_info.html?code=212020120802849 HTTP/1.1" 200 55484
180.174.56.115 - - [08/Dec/2020:09:55:29 +0800] "GET /xingrg/javascript/easyui/themes/default/validatebox.css HTTP/1.1" 404 1104
180.174.56.115 - - [08/Dec/2020:09:55:29 +0800] "POST /xingrg/kc/buy/cgsh_order_operate.html HTTP/1.1" 200 21573
180.174.56.115 - - [08/Dec/2020:09:55:30 +0800] "GET /xingrg/kc/print/load_data.html?order_code=212020120802849&kc_code=cgsh&condition= HTTP/1.1" 200 8860
114.88.163.87 - - [08/Dec/2020:09:55:31 +0800] "GET /xingrg/all/function/internal_message.html?_=1607392524833&CODE_STATE=getMsg HTTP/1.1" 200 27
114.88.159.147 - - [08/Dec/2020:09:55:35 +0800] "GET /xingrg/all/function/internal_message.html?_=1607392110836&CODE_STATE=getMsg HTTP/1.1" 200 27
180.174.56.115 - - [08/Dec/2020:09:55:38 +0800] "POST /xingrg/kc/buy/cgsh_list_operate.html HTTP/1.1" 200 876
180.174.56.115 - - [08/Dec/2020:09:55:40 +0800] "GET /xingrg/all/function/internal_message.html?_=1607392508063&CODE_STATE=getMsg HTTP/1.1" 200 27
114.88.159.147 - - [08/Dec/2020:09:55:42 +0800] "GET /xingrg/all/function/internal_message.html?_=1607392537725&CODE_STATE=getMsg HTTP/1.1" 200 27
172.17.0.185 - - [08/Dec/2020:09:55:49 +0800] "GET /xingrg/all/function/internal_message.html?_=1607392547147&CODE_STATE=getMsg HTTP/1.1" 200 27
117.185.32.26 - - [08/Dec/2020:09:55:53 +0800] "GET /xingrg/all/function/internal_message.html?_=1607393011902&CODE_STATE=getMsg HTTP/1.1" 200 27
117.185.32.26 - - [08/Dec/2020:09:55:53 +0800] "GET /xingrg/check_reg.html?_=1607393011903 HTTP/1.1" 200 22
222.69.132.37 - - [08/Dec/2020:09:55:58 +0800] "GET /xingrg/all/function/internal_message.html?_=1607392557262&CODE_STATE=getMsg HTTP/1.1" 200 27
114.88.163.87 - - [08/Dec/2020:09:56:03 +0800] "GET /xingrg/all/function/internal_message.html?_=1607392690127&CODE_STATE=getMsg HTTP/1.1" 200 27
222.69.132.37 - - [08/Dec/2020:09:56:04 +0800] "GET /xingrg/all/function/internal_message.html?_=1607392562973&CODE_STATE=getMsg HTTP/1.1" 200 27
222.69.132.37 - - [08/Dec/2020:09:56:04 +0800] "GET /xingrg/check_reg.html?_=1607392562955 HTTP/1.1" 200 22
180.174.56.115 - - [08/Dec/2020:09:56:05 +0800] "GET /xingrg/all/function/internal_message.html?_=1607392566482&CODE_STATE=getMsg HTTP/1.1" 200 27
116.228.172.94 - - [08/Dec/2020:09:56:22 +0800] "GET /xingrg/all/function/internal_message.html?_=1607392581568&CODE_STATE=getMsg HTTP/1.1" 200 27
180.162.223.42 - - [08/Dec/2020:09:56:23 +0800] "GET /xingrg/all/function/internal_message.html?_=1607392582761&CODE_STATE=getMsg HTTP/1.1" 200 27
180.162.223.42 - - [08/Dec/2020:09:56:23 +0800] "GET /xingrg/check_reg.html?_=1607392582759 HTTP/1.1" 200 22
114.84.32.187 - - [08/Dec/2020:09:56:25 +0800] "GET /xingrg/all/function/internal_message.html?_=1607392593085&CODE_STATE=getMsg HTTP/1.1" 200 27
114.88.163.87 - - [08/Dec/2020:09:56:31 +0800] "GET /xingrg/all/function/internal_message.html?_=1607392584855&CODE_STATE=getMsg HTTP/1.1" 200 27
114.88.159.147 - - [08/Dec/2020:09:56:35 +0800] "GET /xingrg/all/function/internal_message.html?_=1607392170835&CODE_STATE=getMsg HTTP/1.1" 200 27
180.174.56.115 - - [08/Dec/2020:09:56:40 +0800] "GET /xingrg/all/function/internal_message.html?_=1607392568098&CODE_STATE=getMsg HTTP/1.1" 200 27
