116.232.52.254 - - [08/Dec/2020:10:32:15 +0800] "GET /xingrg/kc/buy/cgsh_order_operate.html?command=get_materiel&rest_code=00109&code=00101008351&supplier_code=00100005&order_time=2020-12-08 HTTP/1.1" 200 408
116.228.172.94 - - [08/Dec/2020:10:32:15 +0800] "GET /xingrg/javascript/easyui/themes/default/tree.css HTTP/1.1" 404 1090
116.228.172.94 - - [08/Dec/2020:10:32:15 +0800] "POST /xingrg/all/common/load_tree.html?tree=supplier_tree_json&isDelete=1 HTTP/1.1" 200 52361
116.232.52.254 - - [08/Dec/2020:10:32:20 +0800] "GET /xingrg/kc/buy/cgsh_order_operate.html?command=get_materiel&rest_code=00109&code=00101008290&supplier_code=00100005&order_time=2020-12-08 HTTP/1.1" 200 416
101.89.19.197 - - [08/Dec/2020:10:32:20 +0800] "GET /xingrg/all/function/internal_message.html?_=1607394037153&CODE_STATE=getMsg HTTP/1.1" 302 -
58.221.95.50 - - [08/Dec/2020:10:32:22 +0800] "GET /xingrg/all/function/internal_message.html?_=1607394760550&CODE_STATE=getMsg HTTP/1.1" 200 27
116.228.172.94 - - [08/Dec/2020:10:32:22 +0800] "GET /xingrg/all/function/internal_message.html?_=1607394741614&CODE_STATE=getMsg HTTP/1.1" 200 27
180.162.223.42 - - [08/Dec/2020:10:32:23 +0800] "GET /xingrg/all/function/internal_message.html?_=1607394742815&CODE_STATE=getMsg HTTP/1.1" 200 27
101.89.19.197 - - [08/Dec/2020:10:32:25 +0800] "GET /xingrg/login.html HTTP/1.1" 200 7641
116.232.52.254 - - [08/Dec/2020:10:32:26 +0800] "GET /xingrg/kc/buy/cgsh_order_operate.html?command=get_materiel&rest_code=00109&code=00101008264&supplier_code=00100005&order_time=2020-12-08 HTTP/1.1" 200 412
172.17.0.111 - - [08/Dec/2020:10:32:27 +0800] "GET /xingrg/login.html HTTP/1.1" 200 7636
114.84.32.187 - - [08/Dec/2020:10:32:29 +0800] "GET /xingrg/all/function/internal_message.html?_=1607394756565&CODE_STATE=getMsg HTTP/1.1" 200 27
172.17.0.111 - - [08/Dec/2020:10:32:29 +0800] "GET /favicon.ico HTTP/1.1" 404 -
114.84.4.90 - - [08/Dec/2020:10:32:30 +0800] "POST /xingrg/services/DataTransmitService HTTP/1.1" 200 524
172.17.0.123 - - [08/Dec/2020:10:32:30 +0800] "GET /xingrg/check_reg.html?_=1607394676641 HTTP/1.1" 200 22
116.232.52.254 - - [08/Dec/2020:10:32:30 +0800] "GET /xingrg/all/function/internal_message.html?_=1607394749828&CODE_STATE=getMsg HTTP/1.1" 200 27
116.232.52.254 - - [08/Dec/2020:10:32:32 +0800] "GET /xingrg/kc/buy/cgsh_order_operate.html?command=get_materiel&rest_code=00109&code=00101008356&supplier_code=00100005&order_time=2020-12-08 HTTP/1.1" 200 408
114.88.163.87 - - [08/Dec/2020:10:32:32 +0800] "GET /xingrg/all/function/internal_message.html?_=1607394745963&CODE_STATE=getMsg HTTP/1.1" 200 27
116.232.52.254 - - [08/Dec/2020:10:32:34 +0800] "POST /xingrg/kc/buy/cgsh_order_operate.html HTTP/1.1" 200 2065
172.17.0.111 - - [08/Dec/2020:10:32:34 +0800] "POST /xingrg/login.do HTTP/1.1" 302 -
172.17.0.111 - - [08/Dec/2020:10:32:34 +0800] "GET /xingrg/index.html?sysBaseUrl=http%3A%2F%2F172.17.0.8%3A18081%2Fxingrg%2F&costTime=42×tamp=1607394754629 HTTP/1.1" 200 17448
172.17.0.111 - - [08/Dec/2020:10:32:34 +0800] "POST /xingrg/all/common/load_tree.html?tree=area_rest_tree_json&manage=1 HTTP/1.1" 200 3350
172.17.0.111 - - [08/Dec/2020:10:32:34 +0800] "GET /xingrg/all/function/internal_message.html?_=1607394753713&CODE_STATE=count HTTP/1.1" 200 11
172.17.0.111 - - [08/Dec/2020:10:32:34 +0800] "GET /xingrg/check_reg.html?_=1607394753714 HTTP/1.1" 200 22
172.17.0.111 - - [08/Dec/2020:10:32:35 +0800] "GET /favicon.ico HTTP/1.1" 404 -
172.17.0.111 - - [08/Dec/2020:10:32:35 +0800] "POST /xingrg/load_menu.html HTTP/1.1" 200 11408
116.228.172.94 - - [08/Dec/2020:10:32:35 +0800] "GET /xingrg/kc/buy/cgsh_order_operate.html?command=get_materiel&rest_code=00107&code=00101010342&supplier_code=00100329&order_time=2020-12-08 HTTP/1.1" 200 422
114.88.159.147 - - [08/Dec/2020:10:32:35 +0800] "GET /xingrg/all/function/internal_message.html?_=1607394330956&CODE_STATE=getMsg HTTP/1.1" 200 27
172.17.0.111 - - [08/Dec/2020:10:32:36 +0800] "GET /xingrg/javascript/jquery_easy_ui/themes/default/images/button_a_bg.gif HTTP/1.1" 304 -
172.17.0.111 - - [08/Dec/2020:10:32:36 +0800] "GET /xingrg/javascript/jquery_easy_ui/themes/default/images/button_span_bg.gif HTTP/1.1" 304 -
172.17.0.111 - - [08/Dec/2020:10:32:36 +0800] "GET /xingrg/javascript/jquery_easy_ui/themes/default/images/panel_title.png HTTP/1.1" 304 -
172.17.0.111 - - [08/Dec/2020:10:32:36 +0800] "GET /xingrg/javascript/jquery_easy_ui/themes/default/images/panel_tools.gif HTTP/1.1" 304 -
172.17.0.111 - - [08/Dec/2020:10:32:36 +0800] "GET /xingrg/javascript/jquery_easy_ui/themes/icons/ok.png HTTP/1.1" 304 -
116.232.52.254 - - [08/Dec/2020:10:32:38 +0800] "GET /xingrg/kc/buy/cgsh_order_operate.html?command=get_materiel&rest_code=00109&code=00101008069&supplier_code=00100005&order_time=2020-12-08 HTTP/1.1" 200 412
172.17.0.111 - - [08/Dec/2020:10:32:39 +0800] "GET /xingrg/images/control/ajaxLoader.gif HTTP/1.1" 304 -
172.17.0.111 - - [08/Dec/2020:10:32:39 +0800] "POST /xingrg/all/user/operate.html HTTP/1.1" 200 36
172.17.0.111 - - [08/Dec/2020:10:32:39 +0800] "GET /xingrg/index.html?sysBaseUrl=http%3A%2F%2F172.17.0.8%3A18081%2Fxingrg%2F&costTime=42×tamp=1607394754629 HTTP/1.1" 200 17448
172.17.0.111 - - [08/Dec/2020:10:32:39 +0800] "GET /xingrg/javascript/jquery_easy_ui/themes/default/easyui.css HTTP/1.1" 304 -
172.17.0.111 - - [08/Dec/2020:10:32:39 +0800] "GET /xingrg/javascript/jquery_easy_ui/themes/icon.css HTTP/1.1" 304 -
172.17.0.111 - - [08/Dec/2020:10:32:39 +0800] "GET /xingrg/css/form.css HTTP/1.1" 304 -
172.17.0.111 - - [08/Dec/2020:10:32:39 +0800] "GET /xingrg/javascript/jquery-1.4.2.min.js HTTP/1.1" 304 -
172.17.0.111 - - [08/Dec/2020:10:32:39 +0800] "GET /xingrg/javascript/jquery_easy_ui/jquery.easyui.min.js HTTP/1.1" 304 -
172.17.0.111 - - [08/Dec/2020:10:32:39 +0800] "GET /xingrg/javascript/jquery_easy_ui/easyui-lang-zh_CN.js HTTP/1.1" 304 -
172.17.0.111 - - [08/Dec/2020:10:32:39 +0800] "GET /xingrg/javascript/jquery.form.js HTTP/1.1" 304 -
172.17.0.111 - - [08/Dec/2020:10:32:39 +0800] "GET /xingrg/javascript/jquery.utils.js HTTP/1.1" 304 -
172.17.0.111 - - [08/Dec/2020:10:32:39 +0800] "GET /xingrg/javascript/jquery.timers.js HTTP/1.1" 304 -
172.17.0.111 - - [08/Dec/2020:10:32:39 +0800] "GET /xingrg/images/blue/jxLogo.png HTTP/1.1" 304 -
172.17.0.111 - - [08/Dec/2020:10:32:39 +0800] "POST /xingrg/all/common/load_tree.html?tree=area_rest_tree_json&manage=1 HTTP/1.1" 200 3350
172.17.0.111 - - [08/Dec/2020:10:32:39 +0800] "GET /xingrg/all/function/internal_message.html?_=1607394758542&CODE_STATE=count HTTP/1.1" 200 11
172.17.0.111 - - [08/Dec/2020:10:32:39 +0800] "GET /xingrg/check_reg.html?_=1607394758544 HTTP/1.1" 200 22
172.17.0.111 - - [08/Dec/2020:10:32:39 +0800] "GET /xingrg/javascript/jquery_easy_ui/themes/default/images/panel_tool_expand.gif HTTP/1.1" 304 -
172.17.0.111 - - [08/Dec/2020:10:32:39 +0800] "GET /xingrg/javascript/jquery_easy_ui/themes/default/images/panel_tool_collapse.gif HTTP/1.1" 304 -
172.17.0.111 - - [08/Dec/2020:10:32:39 +0800] "GET /xingrg/javascript/jquery_easy_ui/themes/default/images/tabs_rightarrow.png HTTP/1.1" 304 -
172.17.0.111 - - [08/Dec/2020:10:32:39 +0800] "GET /xingrg/javascript/jquery_easy_ui/themes/default/images/tabs_leftarrow.png HTTP/1.1" 304 -
172.17.0.111 - - [08/Dec/2020:10:32:39 +0800] "GET /xingrg/images/blue/pingpu.png HTTP/1.1" 304 -
172.17.0.111 - - [08/Dec/2020:10:32:39 +0800] "GET /xingrg/javascript/jquery_easy_ui/themes/icons/settle_new.png HTTP/1.1" 304 -
172.17.0.111 - - [08/Dec/2020:10:32:39 +0800] "GET /xingrg/images/blue/navBackgound.jpg HTTP/1.1" 304 -
172.17.0.111 - - [08/Dec/2020:10:32:39 +0800] "POST /xingrg/load_menu.html HTTP/1.1" 200 9924
172.17.0.111 - - [08/Dec/2020:10:32:41 +0800] "GET /xingrg/kc/report/report_main.html HTTP/1.1" 200 7325
172.17.0.111 - - [08/Dec/2020:10:32:41 +0800] "GET /xingrg/javascript/jquery_ui/themes/humanity/humanity.css HTTP/1.1" 304 -
172.17.0.111 - - [08/Dec/2020:10:32:41 +0800] "GET /xingrg/javascript/json2.js HTTP/1.1" 304 -
180.174.56.115 - - [08/Dec/2020:10:32:41 +0800] "GET /xingrg/check_reg.html?_=1607394762422 HTTP/1.1" 200 22
180.174.56.115 - - [08/Dec/2020:10:32:41 +0800] "GET /xingrg/all/function/internal_message.html?_=1607394762424&CODE_STATE=getMsg HTTP/1.1" 200 27
172.17.0.111 - - [08/Dec/2020:10:32:41 +0800] "GET /xingrg/javascript/jquery_easy_ui/themes/icons/back_new.png HTTP/1.1" 304 -
114.88.159.147 - - [08/Dec/2020:10:32:41 +0800] "GET /xingrg/all/function/internal_message.html?_=1607394756895&CODE_STATE=getMsg HTTP/1.1" 200 27
172.17.0.111 - - [08/Dec/2020:10:32:42 +0800] "GET /xingrg/all/report/report_query.html?fileName=kc/buy/gys_amount_category.xml&rh=99999 HTTP/1.1" 200 51803
172.17.0.111 - - [08/Dec/2020:10:32:42 +0800] "GET /xingrg/dwr/interface/AjaxReportQueryService.js HTTP/1.1" 200 13203
172.17.0.111 - - [08/Dec/2020:10:32:42 +0800] "GET /xingrg/dwr/engine.js HTTP/1.1" 200 43631
172.17.0.111 - - [08/Dec/2020:10:32:42 +0800] "GET /xingrg/dwr/util.js HTTP/1.1" 304 -
172.17.0.111 - - [08/Dec/2020:10:32:43 +0800] "POST /xingrg/dwr/call/plaincall/AjaxReportQueryService.getFixDate.dwr HTTP/1.1" 200 111
172.17.0.111 - - [08/Dec/2020:10:32:43 +0800] "POST /xingrg/dwr/call/plaincall/AjaxReportQueryService.getInitString.dwr HTTP/1.1" 200 960
116.228.172.94 - - [08/Dec/2020:10:32:43 +0800] "POST /xingrg/kc/buy/cgsh_order_operate.html HTTP/1.1" 200 37
172.17.0.111 - - [08/Dec/2020:10:32:43 +0800] "POST /xingrg/all/common/load_tree.html?tree=supplier_tree_json&manage=1 HTTP/1.1" 200 53093
172.17.0.111 - - [08/Dec/2020:10:32:43 +0800] "POST /xingrg/all/common/load_tree.html?tree=materiel_sort_tree_json HTTP/1.1" 200 8666
116.232.52.254 - - [08/Dec/2020:10:32:44 +0800] "GET /xingrg/kc/buy/cgsh_order_operate.html?command=get_materiel&rest_code=00109&code=00101008006&supplier_code=00100005&order_time=2020-12-08 HTTP/1.1" 200 416
116.228.172.94 - - [08/Dec/2020:10:32:44 +0800] "POST /xingrg/kc/buy/cgsh_order_operate.html HTTP/1.1" 200 2675
172.17.0.111 - - [08/Dec/2020:10:32:44 +0800] "POST /xingrg/dwr/call/plaincall/AjaxReportQueryService.getFixDate.dwr HTTP/1.1" 200 111
116.228.172.94 - - [08/Dec/2020:10:32:46 +0800] "GET /xingrg/kc/print/load_data.html?order_code=212020120802895&kc_code=cgsh&condition= HTTP/1.1" 200 694
172.17.0.111 - - [08/Dec/2020:10:32:47 +0800] "POST /xingrg/dwr/call/plaincall/AjaxReportQueryService.refreshCache.dwr HTTP/1.1" 200 78
180.174.56.115 - - [08/Dec/2020:10:32:48 +0800] "GET /xingrg/all/function/internal_message.html?_=1607394735822&CODE_STATE=getMsg HTTP/1.1" 200 27
172.17.0.185 - - [08/Dec/2020:10:32:49 +0800] "GET /xingrg/all/function/internal_message.html?_=1607394767152&CODE_STATE=getMsg HTTP/1.1" 200 27
116.228.172.94 - - [08/Dec/2020:10:32:50 +0800] "GET /xingrg/kc/buy/cgsh_order_add.html HTTP/1.1" 200 61027
116.228.172.94 - - [08/Dec/2020:10:32:50 +0800] "GET /xingrg/javascript/easyui/themes/default/validatebox.css HTTP/1.1" 404 1104
116.228.172.94 - - [08/Dec/2020:10:32:50 +0800] "POST /xingrg/kc/buy/cgsh_order_operate.html HTTP/1.1" 200 8245
172.17.0.111 - - [08/Dec/2020:10:32:51 +0800] "POST /xingrg/all/report/load_report_page.html HTTP/1.1" 200 137794
172.17.0.111 - - [08/Dec/2020:10:32:51 +0800] "GET /xingrg/servlets/image?cache=0.9550909851794815&image=px HTTP/1.1" 200 807
116.232.52.254 - - [08/Dec/2020:10:32:52 +0800] "GET /xingrg/kc/buy/cgsh_order_operate.html?command=get_materiel&rest_code=00109&code=00101008131&supplier_code=00100005&order_time=2020-12-08 HTTP/1.1" 200 408
116.228.172.94 - - [08/Dec/2020:10:32:52 +0800] "GET /xingrg/javascript/easyui/themes/default/tree.css HTTP/1.1" 404 1090
172.17.0.111 - - [08/Dec/2020:10:32:52 +0800] "GET /xingrg/javascript/jquery_easy_ui/themes/default/images/button_plain_hover.png HTTP/1.1" 304 -
116.228.172.94 - - [08/Dec/2020:10:32:52 +0800] "POST /xingrg/all/common/load_tree.html?tree=supplier_tree_json&isDelete=1 HTTP/1.1" 200 52361
172.17.200.101 - - [08/Dec/2020:10:32:53 +0800] "GET /xingrg/all/function/internal_message.html?_=1607394773880&CODE_STATE=getMsg HTTP/1.1" 200 27
117.185.32.26 - - [08/Dec/2020:10:32:54 +0800] "GET /xingrg/all/function/internal_message.html?_=1607395232078&CODE_STATE=getMsg HTTP/1.1" 200 27
172.17.0.111 - - [08/Dec/2020:10:32:56 +0800] "POST /xingrg/all/report/report_print.html HTTP/1.1" 200 13333
222.69.132.37 - - [08/Dec/2020:10:32:58 +0800] "GET /xingrg/check_reg.html?_=1607394777317 HTTP/1.1" 200 22
222.69.132.37 - - [08/Dec/2020:10:32:58 +0800] "GET /xingrg/all/function/internal_message.html?_=1607394777321&CODE_STATE=getMsg HTTP/1.1" 200 27
116.232.52.254 - - [08/Dec/2020:10:33:00 +0800] "GET /xingrg/kc/buy/cgsh_order_operate.html?command=get_materiel&rest_code=00109&code=00101008296&supplier_code=00100005&order_time=2020-12-08 HTTP/1.1" 200 416
114.88.163.87 - - [08/Dec/2020:10:33:03 +0800] "GET /xingrg/check_reg.html?_=1607394910139 HTTP/1.1" 200 22
114.88.163.87 - - [08/Dec/2020:10:33:03 +0800] "GET /xingrg/all/function/internal_message.html?_=1607394910141&CODE_STATE=getMsg HTTP/1.1" 200 27
114.88.163.87 - - [08/Dec/2020:10:33:03 +0800] "GET /xingrg/check_reg.html?_=1607394777041 HTTP/1.1" 200 22
222.69.132.37 - - [08/Dec/2020:10:33:04 +0800] "GET /xingrg/all/function/internal_message.html?_=1607394783023&CODE_STATE=getMsg HTTP/1.1" 200 27
116.232.52.254 - - [08/Dec/2020:10:33:06 +0800] "GET /xingrg/kc/buy/cgsh_order_operate.html?command=get_materiel&rest_code=00109&code=00101008353&supplier_code=00100005&order_time=2020-12-08 HTTP/1.1" 200 408
116.232.52.254 - - [08/Dec/2020:10:33:08 +0800] "POST /xingrg/kc/buy/cgsh_order_operate.html HTTP/1.1" 200 2065
116.228.172.94 - - [08/Dec/2020:10:33:08 +0800] "GET /xingrg/kc/buy/cgsh_order_operate.html?command=get_materiel&rest_code=00107&code=00101001168&supplier_code=00100313&order_time=2020-12-08 HTTP/1.1" 200 414
116.232.52.254 - - [08/Dec/2020:10:33:11 +0800] "GET /xingrg/kc/buy/cgsh_order_operate.html?command=get_materiel&rest_code=00109&code=00101008213&supplier_code=00100005&order_time=2020-12-08 HTTP/1.1" 200 412
116.232.52.254 - - [08/Dec/2020:10:33:17 +0800] "GET /xingrg/kc/buy/cgsh_order_operate.html?command=get_materiel&rest_code=00109&code=00101008251&supplier_code=00100005&order_time=2020-12-08 HTTP/1.1" 200 408
101.89.239.232 - - [08/Dec/2020:10:33:21 +0800] "GET /xingrg/all/function/internal_message.html?_=1607394097138&CODE_STATE=getMsg HTTP/1.1" 302 -
58.221.95.50 - - [08/Dec/2020:10:33:22 +0800] "GET /xingrg/all/function/internal_message.html?_=1607394820551&CODE_STATE=getMsg HTTP/1.1" 200 27
116.228.172.94 - - [08/Dec/2020:10:33:22 +0800] "GET /xingrg/all/function/internal_message.html?_=1607394801610&CODE_STATE=getMsg HTTP/1.1" 200 27
180.162.223.42 - - [08/Dec/2020:10:33:23 +0800] "GET /xingrg/all/function/internal_message.html?_=1607394802814&CODE_STATE=getMsg HTTP/1.1" 200 27
101.89.239.232 - - [08/Dec/2020:10:33:24 +0800] "GET /xingrg/login.html HTTP/1.1" 200 7641
116.232.52.254 - - [08/Dec/2020:10:33:26 +0800] "GET /xingrg/kc/buy/cgsh_order_operate.html?command=get_materiel&rest_code=00109&code=00101013179&supplier_code=00100005&order_time=2020-12-08 HTTP/1.1" 200 412
116.228.172.94 - - [08/Dec/2020:10:33:27 +0800] "GET /xingrg/kc/buy/cgsh_order_operate.html?command=get_materiel&rest_code=00107&code=00101001096&supplier_code=00100313&order_time=2020-12-08 HTTP/1.1" 200 428
114.84.32.187 - - [08/Dec/2020:10:33:29 +0800] "GET /xingrg/all/function/internal_message.html?_=1607394816581&CODE_STATE=getMsg HTTP/1.1" 200 27
116.232.52.254 - - [08/Dec/2020:10:33:30 +0800] "GET /xingrg/all/function/internal_message.html?_=1607394809832&CODE_STATE=getMsg HTTP/1.1" 200 27
114.88.163.87 - - [08/Dec/2020:10:33:32 +0800] "GET /xingrg/all/function/internal_message.html?_=1607394805982&CODE_STATE=getMsg HTTP/1.1" 200 27
116.232.52.254 - - [08/Dec/2020:10:33:33 +0800] "GET /xingrg/kc/buy/cgsh_order_operate.html?command=get_materiel&rest_code=00109&code=00101008125&supplier_code=00100005&order_time=2020-12-08 HTTP/1.1" 200 432
114.88.159.147 - - [08/Dec/2020:10:33:35 +0800] "GET /xingrg/all/function/internal_message.html?_=1607394390955&CODE_STATE=getMsg HTTP/1.1" 200 27
172.17.0.111 - - [08/Dec/2020:10:33:39 +0800] "GET /xingrg/all/function/internal_message.html?_=1607394818546&CODE_STATE=getMsg HTTP/1.1" 200 27
116.232.52.254 - - [08/Dec/2020:10:33:39 +0800] "GET /xingrg/kc/buy/cgsh_order_operate.html?command=get_materiel&rest_code=00109&code=00101008306&supplier_code=00100005&order_time=2020-12-08 HTTP/1.1" 200 412
180.174.56.115 - - [08/Dec/2020:10:33:41 +0800] "GET /xingrg/all/function/internal_message.html?_=1607394822426&CODE_STATE=getMsg HTTP/1.1" 200 27
114.88.159.147 - - [08/Dec/2020:10:33:41 +0800] "GET /xingrg/all/function/internal_message.html?_=1607394816870&CODE_STATE=getMsg HTTP/1.1" 200 27
116.232.52.254 - - [08/Dec/2020:10:33:41 +0800] "POST /xingrg/kc/buy/cgsh_order_operate.html HTTP/1.1" 200 2065
116.232.52.254 - - [08/Dec/2020:10:33:45 +0800] "GET /xingrg/kc/buy/cgsh_order_operate.html?command=get_materiel&rest_code=00109&code=00101008298&supplier_code=00100005&order_time=2020-12-08 HTTP/1.1" 200 412
180.174.56.115 - - [08/Dec/2020:10:33:48 +0800] "GET /xingrg/all/function/internal_message.html?_=1607394795833&CODE_STATE=getMsg HTTP/1.1" 200 27
172.17.0.185 - - [08/Dec/2020:10:33:49 +0800] "GET /xingrg/all/function/internal_message.html?_=1607394827156&CODE_STATE=getMsg HTTP/1.1" 200 27
172.17.200.101 - - [08/Dec/2020:10:33:53 +0800] "GET /xingrg/check_reg.html?_=1607394833892 HTTP/1.1" 200 22
172.17.200.101 - - [08/Dec/2020:10:33:53 +0800] "GET /xingrg/all/function/internal_message.html?_=1607394833894&CODE_STATE=getMsg HTTP/1.1" 200 27
116.232.52.254 - - [08/Dec/2020:10:33:53 +0800] "POST /xingrg/kc/buy/cgsh_order_operate.html HTTP/1.1" 200 37
117.185.32.26 - - [08/Dec/2020:10:33:54 +0800] "GET /xingrg/all/function/internal_message.html?_=1607395292077&CODE_STATE=getMsg HTTP/1.1" 200 27
116.232.52.254 - - [08/Dec/2020:10:33:54 +0800] "POST /xingrg/kc/buy/cgsh_order_operate.html HTTP/1.1" 200 26933
117.184.7.26 - - [08/Dec/2020:10:33:55 +0800] "GET /xingrg/login.html HTTP/1.1" 200 7641
116.228.172.94 - - [08/Dec/2020:10:33:56 +0800] "GET /xingrg/kc/buy/cgsh_order_operate.html?command=get_materiel&rest_code=00107&code=00101005066&supplier_code=00100313&order_time=2020-12-08 HTTP/1.1" 200 396
117.184.7.26 - - [08/Dec/2020:10:33:57 +0800] "GET /favicon.ico HTTP/1.1" 404 -
222.69.132.37 - - [08/Dec/2020:10:33:58 +0800] "GET /xingrg/all/function/internal_message.html?_=1607394837314&CODE_STATE=getMsg HTTP/1.1" 200 27
114.88.163.87 - - [08/Dec/2020:10:34:03 +0800] "GET /xingrg/all/function/internal_message.html?_=1607394970140&CODE_STATE=getMsg HTTP/1.1" 200 27
222.69.132.37 - - [08/Dec/2020:10:34:04 +0800] "GET /xingrg/all/function/internal_message.html?_=1607394843020&CODE_STATE=getMsg HTTP/1.1" 200 27
116.228.172.94 - - [08/Dec/2020:10:34:07 +0800] "GET /xingrg/kc/buy/cgsh_order_operate.html?command=get_materiel&rest_code=00107&code=00101005043&supplier_code=00100313&order_time=2020-12-08 HTTP/1.1" 200 417
116.232.52.254 - - [08/Dec/2020:10:34:08 +0800] "GET /xingrg/kc/buy/cgsh_order_operate.html?command=get_materiel&rest_code=00109&code=00101015012&supplier_code=00100005&order_time=2020-12-08 HTTP/1.1" 200 412
116.232.52.254 - - [08/Dec/2020:10:34:15 +0800] "GET /xingrg/kc/buy/cgsh_order_operate.html?command=get_materiel&rest_code=00109&code=00101015068&supplier_code=00100005&order_time=2020-12-08 HTTP/1.1" 200 412
114.88.159.147 - - [08/Dec/2020:10:34:15 +0800] "GET /xingrg/check_reg.html?_=1607394851016 HTTP/1.1" 200 22
180.162.223.42 - - [08/Dec/2020:10:34:21 +0800] "POST /xingrg/services/DataTransmitService HTTP/1.1" 200 524
180.162.223.42 - - [08/Dec/2020:10:34:21 +0800] "POST /xingrg/services/DataTransmitService HTTP/1.1" 200 501
101.227.139.173 - - [08/Dec/2020:10:34:21 +0800] "GET /xingrg/all/function/internal_message.html?_=1607394157115&CODE_STATE=getMsg HTTP/1.1" 302 -
58.221.95.50 - - [08/Dec/2020:10:34:22 +0800] "GET /xingrg/all/function/internal_message.html?_=1607394880552&CODE_STATE=getMsg HTTP/1.1" 200 27
116.232.52.254 - - [08/Dec/2020:10:34:22 +0800] "GET /xingrg/kc/buy/cgsh_order_operate.html?command=get_materiel&rest_code=00109&code=00101008323&supplier_code=00100005&order_time=2020-12-08 HTTP/1.1" 200 408
116.228.172.94 - - [08/Dec/2020:10:34:22 +0800] "GET /xingrg/all/function/internal_message.html?_=1607394861744&CODE_STATE=getMsg HTTP/1.1" 200 27
180.162.223.42 - - [08/Dec/2020:10:34:23 +0800] "GET /xingrg/all/function/internal_message.html?_=1607394862802&CODE_STATE=getMsg HTTP/1.1" 200 27
101.227.139.173 - - [08/Dec/2020:10:34:29 +0800] "GET /xingrg/login.html HTTP/1.1" 200 7641
114.84.32.187 - - [08/Dec/2020:10:34:29 +0800] "GET /xingrg/all/function/internal_message.html?_=1607394876958&CODE_STATE=getMsg HTTP/1.1" 200 27
116.232.52.254 - - [08/Dec/2020:10:34:30 +0800] "GET /xingrg/all/function/internal_message.html?_=1607394869833&CODE_STATE=getMsg HTTP/1.1" 200 27
116.232.52.254 - - [08/Dec/2020:10:34:30 +0800] "GET /xingrg/check_reg.html?_=1607394869834 HTTP/1.1" 200 22
116.232.52.254 - - [08/Dec/2020:10:34:31 +0800] "GET /xingrg/kc/buy/cgsh_order_operate.html?command=get_materiel&rest_code=00109&code=00101008175&supplier_code=00100005&order_time=2020-12-08 HTTP/1.1" 200 412
114.88.163.87 - - [08/Dec/2020:10:34:32 +0800] "GET /xingrg/all/function/internal_message.html?_=1607394865986&CODE_STATE=getMsg HTTP/1.1" 200 27
116.228.172.94 - - [08/Dec/2020:10:34:33 +0800] "POST /xingrg/kc/buy/cgsh_order_operate.html HTTP/1.1" 200 37
116.232.52.254 - - [08/Dec/2020:10:34:33 +0800] "POST /xingrg/kc/buy/cgsh_order_operate.html HTTP/1.1" 200 2065
116.228.172.94 - - [08/Dec/2020:10:34:35 +0800] "POST /xingrg/kc/buy/cgsh_order_operate.html HTTP/1.1" 200 4447
114.88.159.147 - - [08/Dec/2020:10:34:35 +0800] "GET /xingrg/check_reg.html?_=1607394450982 HTTP/1.1" 200 22
114.88.159.147 - - [08/Dec/2020:10:34:35 +0800] "GET /xingrg/all/function/internal_message.html?_=1607394450983&CODE_STATE=getMsg HTTP/1.1" 200 27
116.228.172.94 - - [08/Dec/2020:10:34:36 +0800] "GET /xingrg/kc/print/load_data.html?order_code=212020120802896&kc_code=cgsh&condition= HTTP/1.1" 200 1357
116.232.52.254 - - [08/Dec/2020:10:34:37 +0800] "GET /xingrg/kc/buy/cgsh_order_operate.html?command=get_materiel&rest_code=00109&code=00101008155&supplier_code=00100005&order_time=2020-12-08 HTTP/1.1" 200 408
172.17.0.111 - - [08/Dec/2020:10:34:39 +0800] "GET /xingrg/all/function/internal_message.html?_=1607394878554&CODE_STATE=getMsg HTTP/1.1" 200 27
180.174.56.115 - - [08/Dec/2020:10:34:41 +0800] "GET /xingrg/all/function/internal_message.html?_=1607394882427&CODE_STATE=getMsg HTTP/1.1" 200 27
116.228.172.94 - - [08/Dec/2020:10:34:41 +0800] "GET /xingrg/kc/buy/cgsh_order_add.html HTTP/1.1" 200 61027
114.88.159.147 - - [08/Dec/2020:10:34:41 +0800] "GET /xingrg/all/function/internal_message.html?_=1607394876840&CODE_STATE=getMsg HTTP/1.1" 200 27
116.228.172.94 - - [08/Dec/2020:10:34:41 +0800] "GET /xingrg/javascript/easyui/themes/default/validatebox.css HTTP/1.1" 404 1104
116.228.172.94 - - [08/Dec/2020:10:34:42 +0800] "POST /xingrg/kc/buy/cgsh_order_operate.html HTTP/1.1" 200 8245
116.228.172.94 - - [08/Dec/2020:10:34:43 +0800] "GET /xingrg/javascript/easyui/themes/default/tree.css HTTP/1.1" 404 1090
116.228.172.94 - - [08/Dec/2020:10:34:43 +0800] "POST /xingrg/all/common/load_tree.html?tree=supplier_tree_json&isDelete=1 HTTP/1.1" 200 52361
116.232.52.254 - - [08/Dec/2020:10:34:47 +0800] "GET /xingrg/kc/buy/cgsh_order_operate.html?command=get_materiel&rest_code=00109&code=00101008350&supplier_code=00100005&order_time=2020-12-08 HTTP/1.1" 200 408
101.91.60.11 - - [08/Dec/2020:10:34:47 +0800] "GET /xingrg/all/function/internal_message.html?_=1607394277067&CODE_STATE=getMsg HTTP/1.1" 302 -
180.174.56.115 - - [08/Dec/2020:10:34:48 +0800] "GET /xingrg/check_reg.html?_=1607394855599 HTTP/1.1" 200 22
180.174.56.115 - - [08/Dec/2020:10:34:48 +0800] "GET /xingrg/all/function/internal_message.html?_=1607394855846&CODE_STATE=getMsg HTTP/1.1" 200 27
172.17.0.185 - - [08/Dec/2020:10:34:49 +0800] "GET /xingrg/all/function/internal_message.html?_=1607394887158&CODE_STATE=getMsg HTTP/1.1" 200 27
116.232.52.254 - - [08/Dec/2020:10:34:52 +0800] "GET /xingrg/kc/buy/cgsh_order_operate.html?command=get_materiel&rest_code=00109&code=00101008223&supplier_code=00100005&order_time=2020-12-08 HTTP/1.1" 200 412
172.17.200.101 - - [08/Dec/2020:10:34:53 +0800] "GET /xingrg/all/function/internal_message.html?_=1607394893894&CODE_STATE=getMsg HTTP/1.1" 200 27
117.185.32.26 - - [08/Dec/2020:10:34:54 +0800] "GET /xingrg/all/function/internal_message.html?_=1607395352106&CODE_STATE=getMsg HTTP/1.1" 200 27
117.184.7.26 - - [08/Dec/2020:10:34:54 +0800] "POST /xingrg/login.do HTTP/1.1" 302 -
117.184.7.26 - - [08/Dec/2020:10:34:54 +0800] "GET /xingrg/index.html?sysBaseUrl=http%3A%2F%2F180.169.147.146%3A18081%2Fxingrg%2F&costTime=39×tamp=1607394894479 HTTP/1.1" 200 17179
117.184.7.26 - - [08/Dec/2020:10:34:55 +0800] "POST /xingrg/all/common/load_tree.html?tree=area_rest_tree_json&manage=1 HTTP/1.1" 200 470
117.184.7.26 - - [08/Dec/2020:10:34:55 +0800] "GET /xingrg/all/function/internal_message.html?_=1607394891468&CODE_STATE=count HTTP/1.1" 200 11
117.184.7.26 - - [08/Dec/2020:10:34:55 +0800] "GET /xingrg/check_reg.html?_=1607394891483 HTTP/1.1" 200 22
117.184.7.26 - - [08/Dec/2020:10:34:56 +0800] "GET /favicon.ico HTTP/1.1" 404 -
117.184.7.26 - - [08/Dec/2020:10:34:56 +0800] "POST /xingrg/load_menu.html HTTP/1.1" 200 5138
101.91.60.11 - - [08/Dec/2020:10:34:57 +0800] "GET /xingrg/login.html HTTP/1.1" 200 7641
116.232.52.254 - - [08/Dec/2020:10:34:57 +0800] "GET /xingrg/kc/buy/cgsh_order_operate.html?command=get_materiel&rest_code=00109&code=00101008131&supplier_code=00100005&order_time=2020-12-08 HTTP/1.1" 200 408
222.69.132.37 - - [08/Dec/2020:10:34:58 +0800] "GET /xingrg/all/function/internal_message.html?_=1607394897315&CODE_STATE=getMsg HTTP/1.1" 200 27
117.184.7.26 - - [08/Dec/2020:10:34:59 +0800] "POST /xingrg/all/user/operate.html HTTP/1.1" 200 36
117.184.7.26 - - [08/Dec/2020:10:34:59 +0800] "GET /xingrg/index.html?sysBaseUrl=http%3A%2F%2F180.169.147.146%3A18081%2Fxingrg%2F&costTime=39×tamp=1607394894479 HTTP/1.1" 200 17173
117.184.7.26 - - [08/Dec/2020:10:34:59 +0800] "GET /xingrg/javascript/jquery_easy_ui/themes/default/easyui.css HTTP/1.1" 304 -
117.184.7.26 - - [08/Dec/2020:10:34:59 +0800] "GET /xingrg/javascript/jquery_easy_ui/themes/icon.css HTTP/1.1" 304 -
117.184.7.26 - - [08/Dec/2020:10:34:59 +0800] "GET /xingrg/css/form.css HTTP/1.1" 304 -
117.184.7.26 - - [08/Dec/2020:10:34:59 +0800] "GET /xingrg/javascript/jquery-1.4.2.min.js HTTP/1.1" 304 -
117.184.7.26 - - [08/Dec/2020:10:34:59 +0800] "GET /xingrg/javascript/jquery_easy_ui/jquery.easyui.min.js HTTP/1.1" 304 -
117.184.7.26 - - [08/Dec/2020:10:34:59 +0800] "GET /xingrg/javascript/jquery_easy_ui/easyui-lang-zh_CN.js HTTP/1.1" 304 -
117.184.7.26 - - [08/Dec/2020:10:34:59 +0800] "GET /xingrg/javascript/jquery.form.js HTTP/1.1" 304 -
117.184.7.26 - - [08/Dec/2020:10:34:59 +0800] "GET /xingrg/javascript/jquery.utils.js HTTP/1.1" 304 -
117.184.7.26 - - [08/Dec/2020:10:34:59 +0800] "GET /xingrg/javascript/jquery.timers.js HTTP/1.1" 304 -
117.184.7.26 - - [08/Dec/2020:10:34:59 +0800] "GET /xingrg/images/blue/jxLogo.png HTTP/1.1" 304 -
117.184.7.26 - - [08/Dec/2020:10:34:59 +0800] "GET /xingrg/images/blue/navBackgound.jpg HTTP/1.1" 304 -
117.184.7.26 - - [08/Dec/2020:10:34:59 +0800] "GET /xingrg/javascript/jquery_easy_ui/themes/icons/settle_new.png HTTP/1.1" 304 -
117.184.7.26 - - [08/Dec/2020:10:34:59 +0800] "POST /xingrg/all/common/load_tree.html?tree=area_rest_tree_json&manage=1 HTTP/1.1" 200 470
117.184.7.26 - - [08/Dec/2020:10:34:59 +0800] "GET /xingrg/all/function/internal_message.html?_=1607394895412&CODE_STATE=count HTTP/1.1" 200 11
117.184.7.26 - - [08/Dec/2020:10:34:59 +0800] "GET /xingrg/check_reg.html?_=1607394895413 HTTP/1.1" 200 22
117.184.7.30 - - [08/Dec/2020:10:34:59 +0800] "GET /xingrg/images/blue/pingpu.png HTTP/1.1" 304 -
117.184.7.30 - - [08/Dec/2020:10:34:59 +0800] "GET /xingrg/javascript/jquery_easy_ui/themes/default/images/tabs_leftarrow.png HTTP/1.1" 304 -
117.184.7.30 - - [08/Dec/2020:10:34:59 +0800] "GET /xingrg/javascript/jquery_easy_ui/themes/default/images/tabs_rightarrow.png HTTP/1.1" 304 -
117.184.7.30 - - [08/Dec/2020:10:34:59 +0800] "GET /xingrg/javascript/jquery_easy_ui/themes/default/images/panel_tool_collapse.gif HTTP/1.1" 304 -
117.184.7.26 - - [08/Dec/2020:10:34:59 +0800] "POST /xingrg/load_menu.html HTTP/1.1" 200 5138
117.184.7.26 - - [08/Dec/2020:10:35:00 +0800] "GET /xingrg/kc/buy/buy_main.html HTTP/1.1" 200 12412
117.184.7.26 - - [08/Dec/2020:10:35:00 +0800] "GET /xingrg/css/new_ie.css HTTP/1.1" 404 1036
117.184.7.26 - - [08/Dec/2020:10:35:01 +0800] "GET /xingrg/images/yd/bt.gif HTTP/1.1" 404 1040
117.184.7.26 - - [08/Dec/2020:10:35:01 +0800] "GET /xingrg/kc/buy/cgsh_order_list.html HTTP/1.1" 200 45202
114.88.163.87 - - [08/Dec/2020:10:35:03 +0800] "GET /xingrg/all/function/internal_message.html?_=1607395030141&CODE_STATE=getMsg HTTP/1.1" 200 27
117.184.7.26 - - [08/Dec/2020:10:35:03 +0800] "POST /xingrg/kc/buy/cgsh_list_operate.html HTTP/1.1" 200 876
172.17.200.101 - - [08/Dec/2020:10:35:03 +0800] "POST /xingrg/all/user/operate.html HTTP/1.1" 200 36
172.17.200.101 - - [08/Dec/2020:10:35:03 +0800] "GET /xingrg/javascript/jquery_easy_ui/themes/default/easyui.css HTTP/1.1" 304 -
172.17.200.101 - - [08/Dec/2020:10:35:03 +0800] "GET /xingrg/javascript/jquery_easy_ui/themes/icon.css HTTP/1.1" 304 -
172.17.200.101 - - [08/Dec/2020:10:35:03 +0800] "GET /xingrg/css/form.css HTTP/1.1" 304 -
172.17.200.101 - - [08/Dec/2020:10:35:03 +0800] "GET /xingrg/javascript/jquery-1.4.2.min.js HTTP/1.1" 304 -
172.17.200.101 - - [08/Dec/2020:10:35:03 +0800] "GET /xingrg/index.html?sysBaseUrl=http%3A%2F%2F172.17.0.8%3A18081%2Fxingrg%2F&costTime=40×tamp=1607393633396 HTTP/1.1" 200 17454
172.17.200.101 - - [08/Dec/2020:10:35:03 +0800] "GET /xingrg/javascript/jquery_easy_ui/jquery.easyui.min.js HTTP/1.1" 304 -
172.17.200.101 - - [08/Dec/2020:10:35:03 +0800] "GET /xingrg/javascript/jquery_easy_ui/easyui-lang-zh_CN.js HTTP/1.1" 304 -
172.17.200.101 - - [08/Dec/2020:10:35:03 +0800] "GET /xingrg/javascript/jquery.form.js HTTP/1.1" 304 -
172.17.200.101 - - [08/Dec/2020:10:35:03 +0800] "GET /xingrg/javascript/jquery.utils.js HTTP/1.1" 304 -
172.17.200.101 - - [08/Dec/2020:10:35:03 +0800] "GET /xingrg/javascript/jquery.timers.js HTTP/1.1" 304 -
172.17.200.101 - - [08/Dec/2020:10:35:03 +0800] "GET /xingrg/images/blue/jxLogo.png HTTP/1.1" 304 -
172.17.200.101 - - [08/Dec/2020:10:35:03 +0800] "GET /xingrg/javascript/jquery_easy_ui/themes/icons/settle_new.png HTTP/1.1" 304 -
172.17.200.101 - - [08/Dec/2020:10:35:03 +0800] "GET /xingrg/images/blue/navBackgound.jpg HTTP/1.1" 304 -
172.17.200.101 - - [08/Dec/2020:10:35:03 +0800] "POST /xingrg/all/common/load_tree.html?tree=area_rest_tree_json&manage=1 HTTP/1.1" 200 3222
172.17.200.101 - - [08/Dec/2020:10:35:03 +0800] "GET /xingrg/images/blue/pingpu.png HTTP/1.1" 304 -
172.17.200.101 - - [08/Dec/2020:10:35:03 +0800] "GET /xingrg/all/function/internal_message.html?_=1607394903673&CODE_STATE=count HTTP/1.1" 200 11
172.17.200.101 - - [08/Dec/2020:10:35:03 +0800] "GET /xingrg/check_reg.html?_=1607394903675 HTTP/1.1" 200 22
172.17.200.101 - - [08/Dec/2020:10:35:03 +0800] "GET /xingrg/javascript/jquery_easy_ui/themes/default/images/panel_tool_expand.gif HTTP/1.1" 304 -
172.17.200.101 - - [08/Dec/2020:10:35:03 +0800] "GET /xingrg/javascript/jquery_easy_ui/themes/default/images/panel_tool_collapse.gif HTTP/1.1" 304 -
172.17.200.101 - - [08/Dec/2020:10:35:03 +0800] "GET /xingrg/javascript/jquery_easy_ui/themes/default/images/tabs_leftarrow.png HTTP/1.1" 304 -
172.17.200.101 - - [08/Dec/2020:10:35:03 +0800] "GET /xingrg/javascript/jquery_easy_ui/themes/default/images/tabs_rightarrow.png HTTP/1.1" 304 -
172.17.200.101 - - [08/Dec/2020:10:35:03 +0800] "POST /xingrg/load_menu.html HTTP/1.1" 200 9924
117.184.7.26 - - [08/Dec/2020:10:35:03 +0800] "GET /xingrg/kc/buy/cgsh_order_add.html HTTP/1.1" 200 60898
117.184.7.26 - - [08/Dec/2020:10:35:03 +0800] "GET /xingrg/words/20201207162459_words.js HTTP/1.1" 304 -
116.232.52.254 - - [08/Dec/2020:10:35:04 +0800] "GET /xingrg/kc/buy/cgsh_order_operate.html?command=get_materiel&rest_code=00109&code=00101008098&supplier_code=00100005&order_time=2020-12-08 HTTP/1.1" 200 412
117.184.7.26 - - [08/Dec/2020:10:35:04 +0800] "POST /xingrg/kc/buy/cgsh_order_operate.html HTTP/1.1" 200 8245
116.228.172.94 - - [08/Dec/2020:10:35:04 +0800] "GET /xingrg/kc/buy/cgsh_order_operate.html?command=get_materiel&rest_code=00107&code=00101012046&supplier_code=00100347&order_time=2020-12-08 HTTP/1.1" 200 417
117.184.7.30 - - [08/Dec/2020:10:35:04 +0800] "GET /xingrg/all/common/auto_word.html?type=employee&rest_code=00108 HTTP/1.1" 200 147
117.184.7.30 - - [08/Dec/2020:10:35:04 +0800] "GET /xingrg/javascript/easyui/themes/default/validatebox.css HTTP/1.1" 404 1104
222.69.132.37 - - [08/Dec/2020:10:35:04 +0800] "GET /xingrg/all/function/internal_message.html?_=1607394903027&CODE_STATE=getMsg HTTP/1.1" 200 27
117.184.7.30 - - [08/Dec/2020:10:35:04 +0800] "GET /xingrg/all/common/auto_word.html?type=employee&rest_code=00108 HTTP/1.1" 200 147
172.17.200.101 - - [08/Dec/2020:10:35:05 +0800] "GET /xingrg/kc/report/report_main.html HTTP/1.1" 200 7325
116.232.52.254 - - [08/Dec/2020:10:35:05 +0800] "POST /xingrg/kc/buy/cgsh_order_operate.html HTTP/1.1" 200 2065
172.17.200.101 - - [08/Dec/2020:10:35:06 +0800] "GET /xingrg/kc/base/crk_hz.html HTTP/1.1" 200 11227
172.17.200.101 - - [08/Dec/2020:10:35:06 +0800] "POST /xingrg/kc/cost/cost_operate.html?command=get_base_tree HTTP/1.1" 200 2589
172.17.200.101 - - [08/Dec/2020:10:35:06 +0800] "POST /xingrg/all/common/load_tree.html?tree=materiel_sort_tree_json HTTP/1.1" 200 8666
101.85.52.2 - - [08/Dec/2020:10:35:07 +0800] "GET /favicon.ico HTTP/1.1" 404 -
117.184.7.30 - - [08/Dec/2020:10:35:07 +0800] "GET /xingrg/javascript/auto/indicator.gif HTTP/1.1" 404 1066
117.184.7.26 - - [08/Dec/2020:10:35:08 +0800] "GET /xingrg/javascript/jquery_tools/images/prev.gif HTTP/1.1" 404 1086
117.184.7.26 - - [08/Dec/2020:10:35:08 +0800] "GET /xingrg/javascript/jquery_tools/images/next.gif HTTP/1.1" 404 1086
172.17.200.101 - - [08/Dec/2020:10:35:10 +0800] "GET /xingrg/kc/buy/cgsh_order_list.html HTTP/1.1" 200 45443
116.232.52.254 - - [08/Dec/2020:10:35:11 +0800] "GET /xingrg/kc/buy/cgsh_order_operate.html?command=get_materiel&rest_code=00109&code=00101008168&supplier_code=00100005&order_time=2020-12-08 HTTP/1.1" 200 412
172.17.200.101 - - [08/Dec/2020:10:35:13 +0800] "POST /xingrg/kc/buy/cgsh_list_operate.html HTTP/1.1" 200 5204
116.232.52.254 - - [08/Dec/2020:10:35:17 +0800] "GET /xingrg/kc/buy/cgsh_order_operate.html?command=get_materiel&rest_code=00109&code=00101008165&supplier_code=00100005&order_time=2020-12-08 HTTP/1.1" 200 416
58.221.95.50 - - [08/Dec/2020:10:35:22 +0800] "GET /xingrg/all/function/internal_message.html?_=1607394940553&CODE_STATE=getMsg HTTP/1.1" 200 27
117.184.7.30 - - [08/Dec/2020:10:35:22 +0800] "GET /xingrg/kc/buy/cgsh_order_operate.html?command=get_materiel&rest_code=00108&code=00101008155&supplier_code=00100008&order_time=2020-12-08 HTTP/1.1" 200 408
116.228.172.94 - - [08/Dec/2020:10:35:22 +0800] "GET /xingrg/check_reg.html?_=1607394921605 HTTP/1.1" 200 22
116.228.172.94 - - [08/Dec/2020:10:35:23 +0800] "GET /xingrg/all/function/internal_message.html?_=1607394921750&CODE_STATE=getMsg HTTP/1.1" 200 27
180.162.223.42 - - [08/Dec/2020:10:35:23 +0800] "GET /xingrg/all/function/internal_message.html?_=1607394922818&CODE_STATE=getMsg HTTP/1.1" 200 27
116.232.52.254 - - [08/Dec/2020:10:35:23 +0800] "GET /xingrg/kc/buy/cgsh_order_operate.html?command=get_materiel&rest_code=00109&code=00101008114&supplier_code=00100005&order_time=2020-12-08 HTTP/1.1" 200 412
116.228.172.94 - - [08/Dec/2020:10:35:25 +0800] "GET /xingrg/kc/buy/cgsh_order_operate.html?command=get_materiel&rest_code=00107&code=00101001136&supplier_code=00100347&order_time=2020-12-08 HTTP/1.1" 200 432
114.84.32.187 - - [08/Dec/2020:10:35:29 +0800] "GET /xingrg/all/function/internal_message.html?_=1607394936966&CODE_STATE=getMsg HTTP/1.1" 200 27
116.232.52.254 - - [08/Dec/2020:10:35:30 +0800] "GET /xingrg/kc/buy/cgsh_order_operate.html?command=get_materiel&rest_code=00109&code=00101008061&supplier_code=00100005&order_time=2020-12-08 HTTP/1.1" 200 422
116.232.52.254 - - [08/Dec/2020:10:35:30 +0800] "GET /xingrg/all/function/internal_message.html?_=1607394929836&CODE_STATE=getMsg HTTP/1.1" 200 27
117.184.7.30 - - [08/Dec/2020:10:35:31 +0800] "GET /xingrg/kc/buy/cgsh_order_operate.html?command=get_materiel&rest_code=00108&code=00101008096&supplier_code=00100008&order_time=2020-12-08 HTTP/1.1" 200 413
114.88.163.87 - - [08/Dec/2020:10:35:32 +0800] "GET /xingrg/all/function/internal_message.html?_=1607394926041&CODE_STATE=getMsg HTTP/1.1" 200 27
114.88.159.147 - - [08/Dec/2020:10:35:35 +0800] "GET /xingrg/all/function/internal_message.html?_=1607394510980&CODE_STATE=getMsg HTTP/1.1" 200 27
172.17.0.111 - - [08/Dec/2020:10:35:39 +0800] "GET /xingrg/all/function/internal_message.html?_=1607394938556&CODE_STATE=getMsg HTTP/1.1" 200 27
180.174.56.115 - - [08/Dec/2020:10:35:41 +0800] "GET /xingrg/all/function/internal_message.html?_=1607394942431&CODE_STATE=getMsg HTTP/1.1" 200 27
114.88.159.147 - - [08/Dec/2020:10:35:41 +0800] "GET /xingrg/all/function/internal_message.html?_=1607394936812&CODE_STATE=getMsg HTTP/1.1" 200 27
116.232.52.254 - - [08/Dec/2020:10:35:43 +0800] "POST /xingrg/kc/buy/cgsh_order_operate.html HTTP/1.1" 200 37
117.184.7.30 - - [08/Dec/2020:10:35:43 +0800] "GET /xingrg/kc/buy/cgsh_order_operate.html?command=get_materiel&rest_code=00108&code=00101008358&supplier_code=00100008&order_time=2020-12-08 HTTP/1.1" 200 23
117.184.7.30 - - [08/Dec/2020:10:35:47 +0800] "POST /xingrg/kc/buy/cgsh_order_operate.html HTTP/1.1" 200 37
116.232.52.254 - - [08/Dec/2020:10:35:48 +0800] "POST /xingrg/kc/buy/cgsh_order_operate.html HTTP/1.1" 200 34622
180.174.56.115 - - [08/Dec/2020:10:35:48 +0800] "GET /xingrg/all/function/internal_message.html?_=1607394915860&CODE_STATE=getMsg HTTP/1.1" 200 27
117.184.7.30 - - [08/Dec/2020:10:35:49 +0800] "POST /xingrg/kc/buy/cgsh_order_operate.html HTTP/1.1" 200 3242
172.17.0.185 - - [08/Dec/2020:10:35:49 +0800] "GET /xingrg/all/function/internal_message.html?_=1607394947143&CODE_STATE=getMsg HTTP/1.1" 200 27
116.228.172.94 - - [08/Dec/2020:10:35:52 +0800] "GET /xingrg/kc/buy/cgsh_order_operate.html?command=get_materiel&rest_code=00107&code=00101001023&supplier_code=00100347&order_time=2020-12-08 HTTP/1.1" 200 413
117.185.32.26 - - [08/Dec/2020:10:35:54 +0800] "GET /xingrg/check_reg.html?_=1607395412104 HTTP/1.1" 200 22
117.185.32.26 - - [08/Dec/2020:10:35:54 +0800] "GET /xingrg/all/function/internal_message.html?_=1607395412108&CODE_STATE=getMsg HTTP/1.1" 200 27
117.184.7.26 - - [08/Dec/2020:10:35:55 +0800] "GET /xingrg/login.html HTTP/1.1" 200 7641
114.84.32.187 - - [08/Dec/2020:10:35:55 +0800] "POST /xingrg/services/DataTransmitService HTTP/1.1" 200 524
114.84.32.187 - - [08/Dec/2020:10:35:55 +0800] "POST /xingrg/services/DataTransmitService HTTP/1.1" 200 501
117.184.7.26 - - [08/Dec/2020:10:35:55 +0800] "GET /favicon.ico HTTP/1.1" 404 -
222.69.132.37 - - [08/Dec/2020:10:35:58 +0800] "GET /xingrg/all/function/internal_message.html?_=1607394957314&CODE_STATE=getMsg HTTP/1.1" 200 27
117.184.7.26 - - [08/Dec/2020:10:36:01 +0800] "POST /xingrg/login.do HTTP/1.1" 302 -
117.184.7.26 - - [08/Dec/2020:10:36:01 +0800] "GET /xingrg/index.html?sysBaseUrl=http%3A%2F%2F180.169.147.146%3A18081%2Fxingrg%2F&costTime=39×tamp=1607394961187 HTTP/1.1" 200 17179
117.184.7.26 - - [08/Dec/2020:10:36:01 +0800] "GET /favicon.ico HTTP/1.1" 404 -
117.184.7.26 - - [08/Dec/2020:10:36:01 +0800] "POST /xingrg/all/common/load_tree.html?tree=area_rest_tree_json&manage=1 HTTP/1.1" 200 470
117.184.7.26 - - [08/Dec/2020:10:36:02 +0800] "GET /xingrg/all/function/internal_message.html?_=1607394957889&CODE_STATE=count HTTP/1.1" 200 11
117.184.7.30 - - [08/Dec/2020:10:36:02 +0800] "GET /xingrg/check_reg.html?_=1607394957891 HTTP/1.1" 200 22
117.184.7.26 - - [08/Dec/2020:10:36:02 +0800] "POST /xingrg/load_menu.html HTTP/1.1" 200 5138
114.88.163.87 - - [08/Dec/2020:10:36:03 +0800] "GET /xingrg/all/function/internal_message.html?_=1607395090141&CODE_STATE=getMsg HTTP/1.1" 200 27
172.17.200.101 - - [08/Dec/2020:10:36:03 +0800] "GET /xingrg/all/function/internal_message.html?_=1607394963690&CODE_STATE=getMsg HTTP/1.1" 200 27
222.69.132.37 - - [08/Dec/2020:10:36:04 +0800] "GET /xingrg/all/function/internal_message.html?_=1607394963028&CODE_STATE=getMsg HTTP/1.1" 200 27
222.69.132.37 - - [08/Dec/2020:10:36:04 +0800] "GET /xingrg/check_reg.html?_=1607394963019 HTTP/1.1" 200 22
101.91.60.105 - - [08/Dec/2020:10:36:04 +0800] "GET /xingrg/all/function/internal_message.html?_=1607394337043&CODE_STATE=getMsg HTTP/1.1" 302 -
117.184.7.26 - - [08/Dec/2020:10:36:05 +0800] "POST /xingrg/all/user/operate.html HTTP/1.1" 200 36
117.184.7.26 - - [08/Dec/2020:10:36:05 +0800] "GET /xingrg/index.html?sysBaseUrl=http%3A%2F%2F180.169.147.146%3A18081%2Fxingrg%2F&costTime=39×tamp=1607394961187 HTTP/1.1" 200 17173
117.184.7.26 - - [08/Dec/2020:10:36:05 +0800] "GET /xingrg/javascript/jquery_easy_ui/themes/default/easyui.css HTTP/1.1" 304 -
117.184.7.26 - - [08/Dec/2020:10:36:05 +0800] "GET /xingrg/javascript/jquery_easy_ui/themes/icon.css HTTP/1.1" 304 -
117.184.7.26 - - [08/Dec/2020:10:36:05 +0800] "GET /xingrg/css/form.css HTTP/1.1" 304 -
117.184.7.26 - - [08/Dec/2020:10:36:05 +0800] "GET /xingrg/javascript/jquery-1.4.2.min.js HTTP/1.1" 304 -
117.184.7.26 - - [08/Dec/2020:10:36:05 +0800] "GET /xingrg/javascript/jquery_easy_ui/jquery.easyui.min.js HTTP/1.1" 304 -
117.184.7.26 - - [08/Dec/2020:10:36:05 +0800] "GET /xingrg/javascript/jquery_easy_ui/easyui-lang-zh_CN.js HTTP/1.1" 304 -
117.184.7.26 - - [08/Dec/2020:10:36:05 +0800] "GET /xingrg/javascript/jquery.form.js HTTP/1.1" 304 -
117.184.7.26 - - [08/Dec/2020:10:36:05 +0800] "GET /xingrg/javascript/jquery.utils.js HTTP/1.1" 304 -
117.184.7.26 - - [08/Dec/2020:10:36:05 +0800] "GET /xingrg/javascript/jquery.timers.js HTTP/1.1" 304 -
117.184.7.26 - - [08/Dec/2020:10:36:05 +0800] "GET /xingrg/images/blue/jxLogo.png HTTP/1.1" 304 -
117.184.7.26 - - [08/Dec/2020:10:36:05 +0800] "GET /xingrg/javascript/jquery_easy_ui/themes/icons/settle_new.png HTTP/1.1" 304 -
117.184.7.30 - - [08/Dec/2020:10:36:05 +0800] "GET /xingrg/images/blue/navBackgound.jpg HTTP/1.1" 304 -
117.184.7.26 - - [08/Dec/2020:10:36:05 +0800] "POST /xingrg/all/common/load_tree.html?tree=area_rest_tree_json&manage=1 HTTP/1.1" 200 470
117.184.7.26 - - [08/Dec/2020:10:36:05 +0800] "GET /xingrg/check_reg.html?_=1607394961738 HTTP/1.1" 200 22
117.184.7.30 - - [08/Dec/2020:10:36:05 +0800] "GET /xingrg/all/function/internal_message.html?_=1607394961719&CODE_STATE=count HTTP/1.1" 200 11
117.184.7.30 - - [08/Dec/2020:10:36:05 +0800] "GET /xingrg/javascript/jquery_easy_ui/themes/default/images/tabs_rightarrow.png HTTP/1.1" 304 -
117.184.7.26 - - [08/Dec/2020:10:36:06 +0800] "GET /xingrg/images/blue/pingpu.png HTTP/1.1" 304 -
117.184.7.26 - - [08/Dec/2020:10:36:06 +0800] "GET /xingrg/javascript/jquery_easy_ui/themes/default/images/panel_tool_collapse.gif HTTP/1.1" 304 -
117.184.7.26 - - [08/Dec/2020:10:36:06 +0800] "POST /xingrg/load_menu.html HTTP/1.1" 200 5138
117.184.7.26 - - [08/Dec/2020:10:36:06 +0800] "GET /xingrg/javascript/jquery_easy_ui/themes/default/images/tabs_leftarrow.png HTTP/1.1" 304 -
117.184.7.30 - - [08/Dec/2020:10:36:07 +0800] "GET /xingrg/kc/buy/buy_main.html HTTP/1.1" 200 12412
117.184.7.30 - - [08/Dec/2020:10:36:07 +0800] "GET /xingrg/css/new_ie.css HTTP/1.1" 404 1036
101.91.60.105 - - [08/Dec/2020:10:36:07 +0800] "GET /xingrg/login.html HTTP/1.1" 200 7641
117.184.7.26 - - [08/Dec/2020:10:36:07 +0800] "GET /xingrg/images/yd/bt.gif HTTP/1.1" 404 1040
117.184.7.26 - - [08/Dec/2020:10:36:08 +0800] "GET /xingrg/kc/buy/cgsh_order_list.html HTTP/1.1" 200 45202
117.184.7.26 - - [08/Dec/2020:10:36:09 +0800] "POST /xingrg/kc/buy/cgsh_list_operate.html HTTP/1.1" 200 1677
117.184.7.26 - - [08/Dec/2020:10:36:11 +0800] "POST /xingrg/kc/buy/cgsh_list_operate.html HTTP/1.1" 200 272
117.184.7.26 - - [08/Dec/2020:10:36:11 +0800] "GET /xingrg/kc/buy/cgsh_order_info.html?code=212020120802897 HTTP/1.1" 200 60907
117.184.7.26 - - [08/Dec/2020:10:36:12 +0800] "GET /xingrg/all/common/auto_word.html?type=employee&rest_code=00108 HTTP/1.1" 200 147
117.184.7.26 - - [08/Dec/2020:10:36:12 +0800] "GET /xingrg/all/common/auto_word.html?type=employee&rest_code=00108 HTTP/1.1" 200 147
117.184.7.26 - - [08/Dec/2020:10:36:12 +0800] "GET /xingrg/javascript/easyui/themes/default/validatebox.css HTTP/1.1" 404 1104
117.184.7.26 - - [08/Dec/2020:10:36:12 +0800] "POST /xingrg/kc/buy/cgsh_order_operate.html HTTP/1.1" 200 3242
116.232.52.254 - - [08/Dec/2020:10:36:13 +0800] "GET /xingrg/kc/buy/cgsh_order_operate.html?command=get_materiel&rest_code=00109&code=00101009030&supplier_code=00100005&order_time=2020-12-08 HTTP/1.1" 200 412
117.184.7.26 - - [08/Dec/2020:10:36:15 +0800] "GET /xingrg/javascript/auto/indicator.gif HTTP/1.1" 404 1066
117.184.7.26 - - [08/Dec/2020:10:36:17 +0800] "GET /xingrg/kc/buy/cgsh_order_operate.html?command=get_materiel&rest_code=00108&code=00101009063&supplier_code=00100008&order_time=2020-12-08 HTTP/1.1" 200 409
116.232.52.254 - - [08/Dec/2020:10:36:19 +0800] "GET /xingrg/kc/buy/cgsh_order_operate.html?command=get_materiel&rest_code=00109&code=00101008137&supplier_code=00100005&order_time=2020-12-08 HTTP/1.1" 200 408
117.184.7.26 - - [08/Dec/2020:10:36:22 +0800] "GET /xingrg/kc/buy/cgsh_order_operate.html?command=get_materiel&rest_code=00108&code=00101008358&supplier_code=00100008&order_time=2020-12-08 HTTP/1.1" 200 412
58.221.95.50 - - [08/Dec/2020:10:36:22 +0800] "GET /xingrg/check_reg.html?_=1607395000552 HTTP/1.1" 200 22
58.221.95.50 - - [08/Dec/2020:10:36:22 +0800] "GET /xingrg/all/function/internal_message.html?_=1607395000555&CODE_STATE=getMsg HTTP/1.1" 200 27
116.228.172.94 - - [08/Dec/2020:10:36:22 +0800] "GET /xingrg/all/function/internal_message.html?_=1607394981727&CODE_STATE=getMsg HTTP/1.1" 200 27
180.162.223.42 - - [08/Dec/2020:10:36:23 +0800] "GET /xingrg/check_reg.html?_=1607394982803 HTTP/1.1" 200 22
180.162.223.42 - - [08/Dec/2020:10:36:23 +0800] "GET /xingrg/all/function/internal_message.html?_=1607394982806&CODE_STATE=getMsg HTTP/1.1" 200 27
116.232.52.254 - - [08/Dec/2020:10:36:26 +0800] "GET /xingrg/kc/buy/cgsh_order_operate.html?command=get_materiel&rest_code=00109&code=00101008350&supplier_code=00100005&order_time=2020-12-08 HTTP/1.1" 200 408
114.84.32.187 - - [08/Dec/2020:10:36:29 +0800] "GET /xingrg/all/function/internal_message.html?_=1607394997306&CODE_STATE=getMsg HTTP/1.1" 200 27
117.184.7.26 - - [08/Dec/2020:10:36:29 +0800] "GET /xingrg/kc/buy/cgsh_order_operate.html?command=get_materiel&rest_code=00108&code=00101008355&supplier_code=00100008&order_time=2020-12-08 HTTP/1.1" 200 408
116.232.52.254 - - [08/Dec/2020:10:36:30 +0800] "GET /xingrg/all/function/internal_message.html?_=1607394989839&CODE_STATE=getMsg HTTP/1.1" 200 27
114.88.163.87 - - [08/Dec/2020:10:36:32 +0800] "GET /xingrg/all/function/internal_message.html?_=1607394986054&CODE_STATE=getMsg HTTP/1.1" 200 27
116.232.52.254 - - [08/Dec/2020:10:36:33 +0800] "GET /xingrg/kc/buy/cgsh_order_operate.html?command=get_materiel&rest_code=00109&code=00101008355&supplier_code=00100005&order_time=2020-12-08 HTTP/1.1" 200 408
116.232.52.254 - - [08/Dec/2020:10:36:34 +0800] "POST /xingrg/kc/buy/cgsh_order_operate.html HTTP/1.1" 200 2065
114.88.159.147 - - [08/Dec/2020:10:36:35 +0800] "GET /xingrg/all/function/internal_message.html?_=1607394570978&CODE_STATE=getMsg HTTP/1.1" 200 27
172.17.0.111 - - [08/Dec/2020:10:36:39 +0800] "GET /xingrg/all/function/internal_message.html?_=1607394998560&CODE_STATE=getMsg HTTP/1.1" 200 27
116.232.52.254 - - [08/Dec/2020:10:36:40 +0800] "GET /xingrg/kc/buy/cgsh_order_operate.html?command=get_materiel&rest_code=00109&code=00101008351&supplier_code=00100005&order_time=2020-12-08 HTTP/1.1" 200 408
180.174.56.115 - - [08/Dec/2020:10:36:41 +0800] "GET /xingrg/all/function/internal_message.html?_=1607395002430&CODE_STATE=getMsg HTTP/1.1" 200 27
114.88.159.147 - - [08/Dec/2020:10:36:41 +0800] "GET /xingrg/all/function/internal_message.html?_=1607394996817&CODE_STATE=getMsg HTTP/1.1" 200 27
180.174.56.115 - - [08/Dec/2020:10:36:48 +0800] "GET /xingrg/all/function/internal_message.html?_=1607394975873&CODE_STATE=getMsg HTTP/1.1" 200 27
116.232.52.254 - - [08/Dec/2020:10:36:49 +0800] "GET /xingrg/kc/buy/cgsh_order_operate.html?command=get_materiel&rest_code=00109&code=00101008300&supplier_code=00100005&order_time=2020-12-08 HTTP/1.1" 200 412
172.17.0.185 - - [08/Dec/2020:10:36:49 +0800] "GET /xingrg/all/function/internal_message.html?_=1607395007156&CODE_STATE=getMsg HTTP/1.1" 200 27
172.17.0.185 - - [08/Dec/2020:10:36:49 +0800] "GET /xingrg/check_reg.html?_=1607395007187 HTTP/1.1" 200 22
117.185.32.26 - - [08/Dec/2020:10:36:54 +0800] "GET /xingrg/all/function/internal_message.html?_=1607395472107&CODE_STATE=getMsg HTTP/1.1" 200 27
116.232.52.254 - - [08/Dec/2020:10:36:56 +0800] "POST /xingrg/kc/buy/cgsh_order_operate.html HTTP/1.1" 200 37
116.232.52.254 - - [08/Dec/2020:10:36:57 +0800] "POST /xingrg/kc/buy/cgsh_order_operate.html HTTP/1.1" 200 38181
117.184.7.26 - - [08/Dec/2020:10:36:58 +0800] "GET /xingrg/kc/buy/cgsh_order_operate.html?command=get_materiel&rest_code=00108&code=00101008323&supplier_code=00100008&order_time=2020-12-08 HTTP/1.1" 200 408
222.69.132.37 - - [08/Dec/2020:10:36:58 +0800] "GET /xingrg/all/function/internal_message.html?_=1607395017314&CODE_STATE=getMsg HTTP/1.1" 200 27
101.89.19.197 - - [08/Dec/2020:10:37:01 +0800] "GET /xingrg/all/function/internal_message.html?_=1607394397048&CODE_STATE=getMsg HTTP/1.1" 302 -
