180.174.56.115 - - [08/Dec/2020:10:59:48 +0800] "GET /xingrg/check_reg.html?_=1607396355629 HTTP/1.1" 200 22
114.88.159.147 - - [08/Dec/2020:10:59:48 +0800] "POST /xingrg/kc/buy/cgsh_order_operate.html HTTP/1.1" 200 12
180.174.56.115 - - [08/Dec/2020:10:59:49 +0800] "GET /xingrg/all/function/internal_message.html?_=1607396356187&CODE_STATE=getMsg HTTP/1.1" 200 27
114.88.159.147 - - [08/Dec/2020:10:59:49 +0800] "GET /xingrg/kc/buy/cgsh_order_info.html?code=212020120802918 HTTP/1.1" 200 55846
172.17.0.185 - - [08/Dec/2020:10:59:49 +0800] "GET /xingrg/all/function/internal_message.html?_=1607396387171&CODE_STATE=getMsg HTTP/1.1" 200 27
114.88.159.147 - - [08/Dec/2020:10:59:49 +0800] "GET /xingrg/javascript/easyui/themes/default/validatebox.css HTTP/1.1" 404 1104
114.88.159.147 - - [08/Dec/2020:10:59:50 +0800] "POST /xingrg/kc/buy/cgsh_order_operate.html HTTP/1.1" 200 3551
120.253.135.82 - - [08/Dec/2020:10:59:50 +0800] "POST /xingrg/kc/buy/cgsh_order_operate.html HTTP/1.1" 200 37
114.88.159.147 - - [08/Dec/2020:10:59:51 +0800] "GET /xingrg/kc/print/load_data.html?order_code=212020120802918&kc_code=cgsh&condition= HTTP/1.1" 200 1847
120.253.135.82 - - [08/Dec/2020:10:59:51 +0800] "POST /xingrg/kc/buy/cgsh_order_operate.html HTTP/1.1" 200 2672
180.162.108.15 - - [08/Dec/2020:10:59:52 +0800] "GET /xingrg/kc/buy/cgsh_order_operate.html?command=get_materiel&rest_code=00143&code=00101029003&supplier_code=00100156&order_time=2020-12-08 HTTP/1.1" 200 475
117.185.32.26 - - [08/Dec/2020:10:59:53 +0800] "GET /xingrg/kc/buy/cgsh_order_operate.html?command=get_materiel&rest_code=00106&code=00101008352&supplier_code=00100007&order_time=2020-12-08 HTTP/1.1" 200 412
180.162.223.42 - - [08/Dec/2020:10:59:53 +0800] "POST /xingrg/all/common/load_combo.html?type=employee HTTP/1.1" 200 356
117.185.32.26 - - [08/Dec/2020:10:59:54 +0800] "GET /xingrg/all/function/internal_message.html?_=1607396852199&CODE_STATE=getMsg HTTP/1.1" 200 27
120.253.135.82 - - [08/Dec/2020:10:59:55 +0800] "GET /xingrg/kc/buy/cgsh_order_list.html HTTP/1.1" 200 45202
120.253.135.82 - - [08/Dec/2020:10:59:56 +0800] "POST /xingrg/kc/buy/cgsh_list_operate.html HTTP/1.1" 200 1675
222.69.132.37 - - [08/Dec/2020:10:59:58 +0800] "GET /xingrg/all/function/internal_message.html?_=1607396397360&CODE_STATE=getMsg HTTP/1.1" 200 27
180.162.108.15 - - [08/Dec/2020:10:59:59 +0800] "POST /xingrg/all/common/load_select.html HTTP/1.1" 200 25
172.17.0.123 - - [08/Dec/2020:10:59:59 +0800] "GET /xingrg/all/function/internal_message.html?_=1607396325669&CODE_STATE=getMsg HTTP/1.1" 200 27
120.253.135.82 - - [08/Dec/2020:11:00:00 +0800] "POST /xingrg/kc/buy/cgsh_list_operate.html HTTP/1.1" 200 206
117.185.32.26 - - [08/Dec/2020:11:00:01 +0800] "GET /xingrg/kc/buy/cgsh_order_operate.html?command=get_materiel&rest_code=00106&code=00101008005&supplier_code=00100007&order_time=2020-12-08 HTTP/1.1" 200 412
180.162.223.42 - - [08/Dec/2020:11:00:01 +0800] "POST /xingrg/kc/mdqp/pssh_order_operate.html HTTP/1.1" 200 37
114.88.163.87 - - [08/Dec/2020:11:00:01 +0800] "GET /xingrg/kc/buy/cgsh_order_operate.html?command=get_materiel&rest_code=00111&code=00101012046&supplier_code=00100347&order_time=2020-12-08 HTTP/1.1" 200 417
120.253.135.82 - - [08/Dec/2020:11:00:02 +0800] "GET /xingrg/kc/buy/cgsh_order_info.html?code=212020120802916 HTTP/1.1" 200 59955
180.162.108.15 - - [08/Dec/2020:11:00:02 +0800] "GET /xingrg/kc/buy/cgsh_order_operate.html?command=get_materiel_price&rest_code=00143&code=00101029003&unit_code=00100179&supplier_code=00100156&order_time=2020-12-08 HTTP/1.1" 200 29
180.162.223.42 - - [08/Dec/2020:11:00:02 +0800] "POST /xingrg/kc/mdqp/pssh_order_operate.html HTTP/1.1" 200 10747
120.253.135.82 - - [08/Dec/2020:11:00:02 +0800] "GET /xingrg/javascript/easyui/themes/default/validatebox.css HTTP/1.1" 404 1104
120.253.135.82 - - [08/Dec/2020:11:00:03 +0800] "POST /xingrg/kc/buy/cgsh_order_operate.html HTTP/1.1" 200 2672
180.162.223.42 - - [08/Dec/2020:11:00:03 +0800] "GET /xingrg/all/function/internal_message.html?_=1607396384188&CODE_STATE=getMsg HTTP/1.1" 200 27
114.88.163.87 - - [08/Dec/2020:11:00:03 +0800] "GET /xingrg/all/function/internal_message.html?_=1607396530507&CODE_STATE=getMsg HTTP/1.1" 200 27
172.17.200.101 - - [08/Dec/2020:11:00:03 +0800] "GET /xingrg/check_reg.html?_=1607396403731 HTTP/1.1" 200 22
172.17.200.101 - - [08/Dec/2020:11:00:03 +0800] "GET /xingrg/all/function/internal_message.html?_=1607396403735&CODE_STATE=getMsg HTTP/1.1" 200 27
222.69.132.37 - - [08/Dec/2020:11:00:04 +0800] "GET /xingrg/all/function/internal_message.html?_=1607396403052&CODE_STATE=getMsg HTTP/1.1" 200 27
180.162.223.42 - - [08/Dec/2020:11:00:06 +0800] "POST /xingrg/kc/mdqp/pssh_order_operate.html HTTP/1.1" 200 37
180.162.223.42 - - [08/Dec/2020:11:00:06 +0800] "POST /xingrg/kc/mdqp/pssh_order_operate.html HTTP/1.1" 200 12
180.162.223.42 - - [08/Dec/2020:11:00:07 +0800] "GET /xingrg/kc/mdqp/pssh_order_info.html?code=312020120600140 HTTP/1.1" 200 14386
180.162.223.42 - - [08/Dec/2020:11:00:07 +0800] "GET /xingrg/javascript/jquery_tools/jquery-1.4.2.min.js HTTP/1.1" 404 1094
120.253.135.82 - - [08/Dec/2020:11:00:08 +0800] "GET /xingrg/kc/report/report_main.html HTTP/1.1" 200 9370
180.162.223.42 - - [08/Dec/2020:11:00:08 +0800] "POST /xingrg/kc/mdqp/pssh_order_operate.html HTTP/1.1" 200 10747
180.162.223.42 - - [08/Dec/2020:11:00:08 +0800] "GET /xingrg/javascript/easyui/themes/default/validatebox.css HTTP/1.1" 404 1104
120.253.135.82 - - [08/Dec/2020:11:00:09 +0800] "GET /xingrg/kc/base/kc_stocks.html HTTP/1.1" 200 16386
120.253.135.82 - - [08/Dec/2020:11:00:09 +0800] "GET /xingrg/javascript/easyui/themes/default/tree.css HTTP/1.1" 404 1090
120.253.135.82 - - [08/Dec/2020:11:00:09 +0800] "POST /xingrg/all/common/load_tree.html?tree=materiel_sort_tree_json HTTP/1.1" 200 8666
114.88.163.87 - - [08/Dec/2020:11:00:09 +0800] "GET /xingrg/kc/buy/cgsh_order_operate.html?command=get_materiel&rest_code=00111&code=00101008469&supplier_code=00100347&order_time=2020-12-08 HTTP/1.1" 200 400
172.17.0.240 - - [08/Dec/2020:11:00:10 +0800] "GET /xingrg/index.html?sysBaseUrl=http%3A%2F%2F172.17.0.8%3A18081%2Fxingrg%2F&costTime=213×tamp=1585200360465 HTTP/1.1" 302 -
172.17.0.240 - - [08/Dec/2020:11:00:10 +0800] "GET /xingrg/login.html HTTP/1.1" 200 7636
172.17.0.240 - - [08/Dec/2020:11:00:10 +0800] "GET /xingrg/images/blue/jxLogo.png HTTP/1.1" 200 6156
120.253.135.82 - - [08/Dec/2020:11:00:10 +0800] "POST /xingrg/all/common/load_combo.html?type=base HTTP/1.1" 200 984
180.162.223.42 - - [08/Dec/2020:11:00:10 +0800] "GET /xingrg/kc/print/load_config.html?kc_code=pssh HTTP/1.1" 200 2290
172.17.0.240 - - [08/Dec/2020:11:00:10 +0800] "GET /xingrg/images/blue/login_bg.png HTTP/1.1" 200 22101
172.17.0.240 - - [08/Dec/2020:11:00:10 +0800] "GET /xingrg/images/blue/hj.png HTTP/1.1" 200 1014
172.17.0.240 - - [08/Dec/2020:11:00:10 +0800] "GET /xingrg/images/blue/srbg.png HTTP/1.1" 200 138
180.162.223.42 - - [08/Dec/2020:11:00:10 +0800] "GET /xingrg/kc/print/load_data.html?order_code=312020120600140&kc_code=pssh&condition= HTTP/1.1" 200 4318
172.17.0.240 - - [08/Dec/2020:11:00:10 +0800] "GET /favicon.ico HTTP/1.1" 404 -
172.17.0.240 - - [08/Dec/2020:11:00:12 +0800] "POST /xingrg/login.do HTTP/1.1" 302 -
172.17.0.240 - - [08/Dec/2020:11:00:12 +0800] "GET /xingrg/index.html?sysBaseUrl=http%3A%2F%2F172.17.0.8%3A18081%2Fxingrg%2F&costTime=41×tamp=1607396412226 HTTP/1.1" 200 17448
172.17.0.240 - - [08/Dec/2020:11:00:12 +0800] "GET /xingrg/javascript/jquery_easy_ui/themes/icon.css HTTP/1.1" 200 3949
172.17.0.240 - - [08/Dec/2020:11:00:12 +0800] "GET /xingrg/css/form.css HTTP/1.1" 200 893
172.17.0.240 - - [08/Dec/2020:11:00:12 +0800] "GET /xingrg/javascript/jquery_easy_ui/themes/default/easyui.css HTTP/1.1" 200 26500
172.17.0.240 - - [08/Dec/2020:11:00:12 +0800] "GET /xingrg/javascript/jquery-1.4.2.min.js HTTP/1.1" 200 72205
172.17.0.240 - - [08/Dec/2020:11:00:12 +0800] "GET /xingrg/javascript/jquery_easy_ui/jquery.easyui.min.js HTTP/1.1" 200 213662
172.17.0.240 - - [08/Dec/2020:11:00:12 +0800] "GET /xingrg/javascript/jquery_easy_ui/easyui-lang-zh_CN.js HTTP/1.1" 200 1900
172.17.0.240 - - [08/Dec/2020:11:00:12 +0800] "GET /xingrg/javascript/jquery.form.js HTTP/1.1" 200 23110
172.17.0.240 - - [08/Dec/2020:11:00:12 +0800] "GET /xingrg/javascript/jquery.utils.js HTTP/1.1" 200 11805
172.17.0.240 - - [08/Dec/2020:11:00:12 +0800] "GET /xingrg/javascript/jquery.timers.js HTTP/1.1" 200 3532
172.17.0.240 - - [08/Dec/2020:11:00:12 +0800] "GET /favicon.ico HTTP/1.1" 404 -
172.17.0.240 - - [08/Dec/2020:11:00:12 +0800] "GET /xingrg/javascript/jquery_easy_ui/themes/icons/settle_new.png HTTP/1.1" 200 826
172.17.0.240 - - [08/Dec/2020:11:00:12 +0800] "GET /xingrg/images/blue/navBackgound.jpg HTTP/1.1" 200 12378
172.17.0.240 - - [08/Dec/2020:11:00:12 +0800] "POST /xingrg/all/common/load_tree.html?tree=area_rest_tree_json&manage=1 HTTP/1.1" 200 3350
172.17.0.240 - - [08/Dec/2020:11:00:12 +0800] "GET /xingrg/all/function/internal_message.html?_=1607396409335&CODE_STATE=count HTTP/1.1" 200 11
172.17.0.240 - - [08/Dec/2020:11:00:12 +0800] "GET /xingrg/check_reg.html?_=1607396409337 HTTP/1.1" 200 22
172.17.0.240 - - [08/Dec/2020:11:00:12 +0800] "GET /xingrg/images/blue/pingpu.png HTTP/1.1" 200 231
172.17.0.240 - - [08/Dec/2020:11:00:12 +0800] "GET /xingrg/javascript/jquery_easy_ui/themes/default/images/tabs_leftarrow.png HTTP/1.1" 200 389
172.17.0.240 - - [08/Dec/2020:11:00:12 +0800] "GET /xingrg/javascript/jquery_easy_ui/themes/default/images/tabs_rightarrow.png HTTP/1.1" 200 395
172.17.0.240 - - [08/Dec/2020:11:00:12 +0800] "GET /xingrg/javascript/jquery_easy_ui/themes/default/images/panel_tool_expand.gif HTTP/1.1" 200 247
172.17.0.240 - - [08/Dec/2020:11:00:12 +0800] "GET /xingrg/javascript/jquery_easy_ui/themes/default/images/panel_tool_collapse.gif HTTP/1.1" 200 246
172.17.0.240 - - [08/Dec/2020:11:00:12 +0800] "POST /xingrg/load_menu.html HTTP/1.1" 200 11529
172.17.0.240 - - [08/Dec/2020:11:00:12 +0800] "GET /xingrg/javascript/jquery_easy_ui/themes/default/images/tree_arrows.gif HTTP/1.1" 200 1043
172.17.0.240 - - [08/Dec/2020:11:00:12 +0800] "GET /xingrg/javascript/jquery_easy_ui/themes/default/images/tree_folder_open.gif HTTP/1.1" 200 956
172.17.0.240 - - [08/Dec/2020:11:00:12 +0800] "GET /xingrg/javascript/jquery_easy_ui/themes/icons/search_new.png HTTP/1.1" 200 586
172.17.0.240 - - [08/Dec/2020:11:00:12 +0800] "GET /xingrg/javascript/jquery_easy_ui/themes/icons/delivery_new.png HTTP/1.1" 200 700
172.17.0.240 - - [08/Dec/2020:11:00:12 +0800] "GET /xingrg/javascript/jquery_easy_ui/themes/icons/storage_new.png HTTP/1.1" 200 853
172.17.0.240 - - [08/Dec/2020:11:00:12 +0800] "GET /xingrg/javascript/jquery_easy_ui/themes/icons/checkout_new.png HTTP/1.1" 200 744
172.17.0.240 - - [08/Dec/2020:11:00:12 +0800] "GET /xingrg/javascript/jquery_easy_ui/themes/icons/forms_new.png HTTP/1.1" 200 350
172.17.0.240 - - [08/Dec/2020:11:00:12 +0800] "GET /xingrg/javascript/jquery_easy_ui/themes/icons/setting_new.png HTTP/1.1" 200 450
172.17.0.240 - - [08/Dec/2020:11:00:12 +0800] "GET /xingrg/javascript/jquery_easy_ui/themes/icons/systemset_new.png HTTP/1.1" 200 606
172.17.0.240 - - [08/Dec/2020:11:00:12 +0800] "GET /xingrg/javascript/jquery_easy_ui/themes/default/images/tree_file.gif HTTP/1.1" 200 118
172.17.0.240 - - [08/Dec/2020:11:00:12 +0800] "GET /xingrg/javascript/jquery_easy_ui/themes/default/images/tree_folder.gif HTTP/1.1" 200 952
172.17.0.240 - - [08/Dec/2020:11:00:14 +0800] "POST /xingrg/load_menu.html HTTP/1.1" 200 10512
172.17.0.240 - - [08/Dec/2020:11:00:15 +0800] "GET /xingrg/all/report/report_query.html?fileName=dma/new_5.0/yingye/order_list.xml HTTP/1.1" 200 55206
172.17.0.240 - - [08/Dec/2020:11:00:15 +0800] "GET /xingrg/javascript/jquery_easy_ui/themes/default/images/tabs_close.gif HTTP/1.1" 200 829
172.17.0.240 - - [08/Dec/2020:11:00:15 +0800] "GET /xingrg/css/blue.css HTTP/1.1" 200 15949
172.17.0.240 - - [08/Dec/2020:11:00:15 +0800] "GET /xingrg/javascript/multi_select/jqueryMultiSelect.css HTTP/1.1" 200 951
172.17.0.240 - - [08/Dec/2020:11:00:15 +0800] "GET /xingrg/javascript/calendar/timePicker.css HTTP/1.1" 200 523
172.17.0.240 - - [08/Dec/2020:11:00:15 +0800] "GET /xingrg/javascript/bigrid/fix.css HTTP/1.1" 200 1702
172.17.0.240 - - [08/Dec/2020:11:00:15 +0800] "GET /xingrg/javascript/pic_change.js HTTP/1.1" 200 4739
172.17.0.240 - - [08/Dec/2020:11:00:15 +0800] "GET /xingrg/dwr/interface/AjaxReportQueryService.js HTTP/1.1" 200 13203
172.17.0.240 - - [08/Dec/2020:11:00:15 +0800] "GET /xingrg/dwr/util.js HTTP/1.1" 200 35990
172.17.0.240 - - [08/Dec/2020:11:00:15 +0800] "GET /xingrg/dwr/engine.js HTTP/1.1" 200 43631
172.17.0.240 - - [08/Dec/2020:11:00:15 +0800] "GET /xingrg/javascript/myfunction.js HTTP/1.1" 200 24559
172.17.0.240 - - [08/Dec/2020:11:00:15 +0800] "GET /xingrg/javascript/jqueryMultiSelect.js HTTP/1.1" 200 11866
172.17.0.240 - - [08/Dec/2020:11:00:15 +0800] "GET /xingrg/javascript/calendar/jquery.timePicker.min.js HTTP/1.1" 200 2997
172.17.0.240 - - [08/Dec/2020:11:00:15 +0800] "GET /xingrg/javascript/Calendar.js HTTP/1.1" 200 31561
172.17.0.240 - - [08/Dec/2020:11:00:15 +0800] "GET /xingrg/javascript/bigrid/fix.js HTTP/1.1" 200 6439
172.17.0.240 - - [08/Dec/2020:11:00:15 +0800] "GET /xingrg/images/control/loading.gif HTTP/1.1" 200 13463
172.17.0.240 - - [08/Dec/2020:11:00:15 +0800] "GET /xingrg/images/blue/button/advanceover.gif HTTP/1.1" 200 1347
172.17.0.240 - - [08/Dec/2020:11:00:15 +0800] "GET /xingrg/images/blue/button/advance2over.gif HTTP/1.1" 200 1336
172.17.0.240 - - [08/Dec/2020:11:00:15 +0800] "GET /xingrg/images/blue/button/back2over.gif HTTP/1.1" 200 1335
172.17.0.240 - - [08/Dec/2020:11:00:15 +0800] "GET /xingrg/images/blue/button/backover.gif HTTP/1.1" 200 1348
172.17.0.240 - - [08/Dec/2020:11:00:15 +0800] "GET /xingrg/javascript/jquery_easy_ui/themes/icons/help.png HTTP/1.1" 200 1187
172.17.0.240 - - [08/Dec/2020:11:00:15 +0800] "GET /xingrg/javascript/jquery_easy_ui/themes/default/images/menu_downarrow.png HTTP/1.1" 200 173
172.17.0.240 - - [08/Dec/2020:11:00:15 +0800] "GET /xingrg/javascript/jquery_easy_ui/themes/default/images/button_a_bg.gif HTTP/1.1" 200 1194
172.17.0.240 - - [08/Dec/2020:11:00:15 +0800] "GET /xingrg/javascript/jquery_easy_ui/themes/default/images/menu.gif HTTP/1.1" 200 834
172.17.0.240 - - [08/Dec/2020:11:00:15 +0800] "GET /xingrg/javascript/jquery_easy_ui/themes/icons/print.png HTTP/1.1" 200 1057
172.17.0.240 - - [08/Dec/2020:11:00:15 +0800] "GET /xingrg/javascript/jquery_easy_ui/themes/icons/pencil.png HTTP/1.1" 200 713
172.17.0.240 - - [08/Dec/2020:11:00:15 +0800] "GET /xingrg/javascript/jquery_easy_ui/themes/default/images/menu_rightarrow.png HTTP/1.1" 200 3617
172.17.0.240 - - [08/Dec/2020:11:00:15 +0800] "POST /xingrg/dwr/call/plaincall/AjaxReportQueryService.getFixDate.dwr HTTP/1.1" 200 111
172.17.0.240 - - [08/Dec/2020:11:00:15 +0800] "POST /xingrg/all/common/load_tree.html?tree=area_station_tree_json&manage=1 HTTP/1.1" 200 3246
172.17.0.240 - - [08/Dec/2020:11:00:15 +0800] "GET /xingrg/javascript/jquery_easy_ui/themes/default/images/combo_arrow_dot.gif HTTP/1.1" 200 79
172.17.0.240 - - [08/Dec/2020:11:00:16 +0800] "GET /xingrg/javascript/jquery_easy_ui/themes/default/images/tree_checkbox_0.gif HTTP/1.1" 200 168
172.17.0.240 - - [08/Dec/2020:11:00:16 +0800] "GET /xingrg/javascript/jquery_easy_ui/themes/icons/rest.png HTTP/1.1" 200 695
172.17.0.240 - - [08/Dec/2020:11:00:16 +0800] "POST /xingrg/dwr/call/plaincall/AjaxReportQueryService.getInitString.dwr HTTP/1.1" 200 76
172.17.0.240 - - [08/Dec/2020:11:00:16 +0800] "GET /xingrg/javascript/multi_select/dropdown.gif HTTP/1.1" 200 61
117.184.7.26 - - [08/Dec/2020:11:00:16 +0800] "GET /xingrg/all/function/internal_message.html?_=1607396412677&CODE_STATE=getMsg HTTP/1.1" 200 27
172.17.0.240 - - [08/Dec/2020:11:00:17 +0800] "GET /xingrg/javascript/jquery_easy_ui/themes/icons/area.png HTTP/1.1" 200 262
172.17.0.240 - - [08/Dec/2020:11:00:17 +0800] "GET /xingrg/javascript/jquery_easy_ui/themes/icons/manage.png HTTP/1.1" 200 696
172.17.0.240 - - [08/Dec/2020:11:00:17 +0800] "POST /xingrg/dwr/call/plaincall/AjaxReportQueryService.getFixDate.dwr HTTP/1.1" 200 111
114.88.163.87 - - [08/Dec/2020:11:00:20 +0800] "GET /xingrg/kc/buy/cgsh_order_operate.html?command=get_materiel&rest_code=00111&code=00102002167&supplier_code=00100347&order_time=2020-12-08 HTTP/1.1" 200 409
172.17.0.240 - - [08/Dec/2020:11:00:20 +0800] "GET /xingrg/javascript/jquery_easy_ui/themes/default/images/tree_checkbox_1.gif HTTP/1.1" 200 174
172.17.0.240 - - [08/Dec/2020:11:00:20 +0800] "GET /xingrg/javascript/jquery_easy_ui/themes/default/images/tree_checkbox_2.gif HTTP/1.1" 200 181
172.17.0.240 - - [08/Dec/2020:11:00:20 +0800] "POST /xingrg/dwr/call/plaincall/AjaxReportQueryService.queryInitializeString.dwr HTTP/1.1" 200 253
172.17.0.240 - - [08/Dec/2020:11:00:21 +0800] "POST /xingrg/dwr/call/plaincall/AjaxReportQueryService.refreshCache.dwr HTTP/1.1" 200 78
172.17.0.240 - - [08/Dec/2020:11:00:22 +0800] "POST /xingrg/all/report/load_report_page.html HTTP/1.1" 200 184032
172.17.0.240 - - [08/Dec/2020:11:00:22 +0800] "GET /xingrg/servlets/image?cache=0.8658732290411671&image=px HTTP/1.1" 200 807
58.221.95.50 - - [08/Dec/2020:11:00:22 +0800] "GET /xingrg/all/function/internal_message.html?_=1607396440576&CODE_STATE=getMsg HTTP/1.1" 200 27
120.253.135.82 - - [08/Dec/2020:11:00:22 +0800] "POST /xingrg/kc/base/stock_operate.html HTTP/1.1" 200 1455
116.228.172.94 - - [08/Dec/2020:11:00:22 +0800] "GET /xingrg/check_reg.html?_=1607396421634 HTTP/1.1" 200 22
116.228.172.94 - - [08/Dec/2020:11:00:22 +0800] "GET /xingrg/all/function/internal_message.html?_=1607396421659&CODE_STATE=getMsg HTTP/1.1" 200 27
180.162.223.42 - - [08/Dec/2020:11:00:23 +0800] "GET /xingrg/all/function/internal_message.html?_=1607396422834&CODE_STATE=getMsg HTTP/1.1" 200 27
120.253.135.82 - - [08/Dec/2020:11:00:27 +0800] "POST /xingrg/kc/base/stock_operate.html HTTP/1.1" 200 1455
120.253.135.82 - - [08/Dec/2020:11:00:29 +0800] "GET /xingrg/kc/base/stock_detail.html?m=00102010886 HTTP/1.1" 200 6308
120.253.135.82 - - [08/Dec/2020:11:00:29 +0800] "GET /xingrg/javascript/jquery_easy_ui/themes/default/images/button_a_bg.gif HTTP/1.1" 200 1194
120.253.135.82 - - [08/Dec/2020:11:00:29 +0800] "GET /xingrg/javascript/jquery_easy_ui/themes/default/images/menu.gif HTTP/1.1" 200 834
120.253.135.82 - - [08/Dec/2020:11:00:29 +0800] "GET /xingrg/javascript/jquery_easy_ui/themes/icons/print.png HTTP/1.1" 200 1057
120.253.135.82 - - [08/Dec/2020:11:00:29 +0800] "GET /xingrg/javascript/jquery_easy_ui/themes/default/images/menu_downarrow.png HTTP/1.1" 200 173
120.253.135.82 - - [08/Dec/2020:11:00:29 +0800] "GET /xingrg/javascript/jquery_easy_ui/themes/icons/search.png HTTP/1.1" 200 813
120.253.135.82 - - [08/Dec/2020:11:00:29 +0800] "GET /xingrg/javascript/jquery_easy_ui/themes/default/images/button_span_bg.gif HTTP/1.1" 200 2061
120.253.135.82 - - [08/Dec/2020:11:00:29 +0800] "GET /xingrg/javascript/jquery_easy_ui/themes/default/images/calendar_prevmonth.gif HTTP/1.1" 200 66
120.253.135.82 - - [08/Dec/2020:11:00:29 +0800] "GET /xingrg/javascript/jquery_easy_ui/themes/default/images/calendar_nextmonth.gif HTTP/1.1" 200 64
120.253.135.82 - - [08/Dec/2020:11:00:29 +0800] "GET /xingrg/javascript/jquery_easy_ui/themes/default/images/calendar_prevyear.gif HTTP/1.1" 200 76
120.253.135.82 - - [08/Dec/2020:11:00:29 +0800] "GET /xingrg/javascript/jquery_easy_ui/themes/default/images/calendar_nextyear.gif HTTP/1.1" 200 75
120.253.135.82 - - [08/Dec/2020:11:00:30 +0800] "GET /xingrg/kc/base/stock_operate.html?_=1607396181504&command=get_report_file&start_day=20201201 HTTP/1.1" 200 53
120.253.135.82 - - [08/Dec/2020:11:00:30 +0800] "GET /xingrg/javascript/multi_select/jqueryMultiSelect.css HTTP/1.1" 200 951
120.253.135.82 - - [08/Dec/2020:11:00:30 +0800] "GET /xingrg/javascript/calendar/timePicker.css HTTP/1.1" 200 523
120.253.135.82 - - [08/Dec/2020:11:00:30 +0800] "GET /xingrg/javascript/bigrid/fix.css HTTP/1.1" 200 1702
120.253.135.82 - - [08/Dec/2020:11:00:30 +0800] "GET /xingrg/all/report/report_query.html?isQuery=1&onlyBody=1&rh=2000&fileName=kc/base/kc_stock_detail_new.xml&queryString=(1=1)&queryText=&tableQueryString=init_table$sp1$$sp$crk_table$sp1$order_day%20between%2020201201%20and%2020201231&varString=start_day:20201201,materiel_code:00102010886,cost_id:2917,end_date:20201031 HTTP/1.1" 200 48701
120.253.135.82 - - [08/Dec/2020:11:00:30 +0800] "GET /xingrg/javascript/bigrid/fix.js HTTP/1.1" 200 6439
120.253.135.82 - - [08/Dec/2020:11:00:30 +0800] "GET /xingrg/javascript/calendar/jquery.timePicker.min.js HTTP/1.1" 200 2997
120.253.135.82 - - [08/Dec/2020:11:00:30 +0800] "GET /xingrg/dwr/interface/AjaxReportQueryService.js HTTP/1.1" 200 13203
120.253.135.82 - - [08/Dec/2020:11:00:30 +0800] "GET /xingrg/javascript/jqueryMultiSelect.js HTTP/1.1" 200 11866
180.162.108.15 - - [08/Dec/2020:11:00:30 +0800] "GET /xingrg/kc/buy/cgsh_order_operate.html?command=get_materiel&rest_code=00143&code=00101029002&supplier_code=00100156&order_time=2020-12-08 HTTP/1.1" 200 450
120.253.135.82 - - [08/Dec/2020:11:00:31 +0800] "GET /xingrg/dwr/engine.js HTTP/1.1" 200 43631
120.253.135.82 - - [08/Dec/2020:11:00:31 +0800] "GET /xingrg/images/blue/button/back2over.gif HTTP/1.1" 200 1335
120.253.135.82 - - [08/Dec/2020:11:00:31 +0800] "GET /xingrg/images/blue/button/advance2over.gif HTTP/1.1" 200 1336
120.253.135.82 - - [08/Dec/2020:11:00:31 +0800] "GET /xingrg/images/blue/button/advanceover.gif HTTP/1.1" 200 1347
120.253.135.82 - - [08/Dec/2020:11:00:31 +0800] "GET /xingrg/javascript/jquery_easy_ui/themes/icons/help.png HTTP/1.1" 200 1187
120.253.135.82 - - [08/Dec/2020:11:00:31 +0800] "GET /xingrg/images/blue/button/backover.gif HTTP/1.1" 200 1348
120.253.135.82 - - [08/Dec/2020:11:00:31 +0800] "GET /xingrg/images/control/loading.gif HTTP/1.1" 200 13463
120.253.135.82 - - [08/Dec/2020:11:00:31 +0800] "POST /xingrg/all/report/load_report_page.html HTTP/1.1" 200 25071
120.253.135.82 - - [08/Dec/2020:11:00:31 +0800] "GET /xingrg/servlets/image?cache=0.40274253847835595&image=px HTTP/1.1" 200 807
114.84.32.187 - - [08/Dec/2020:11:00:32 +0800] "GET /xingrg/all/function/internal_message.html?_=1607396439957&CODE_STATE=getMsg HTTP/1.1" 200 27
114.88.163.87 - - [08/Dec/2020:11:00:33 +0800] "GET /xingrg/all/function/internal_message.html?_=1607396426868&CODE_STATE=getMsg HTTP/1.1" 200 27
180.162.223.42 - - [08/Dec/2020:11:00:34 +0800] "GET /xingrg/kc/mdqp/pssh_order_list.html HTTP/1.1" 200 18056
180.162.223.42 - - [08/Dec/2020:11:00:34 +0800] "POST /xingrg/kc/mdqp/pssh_list_operate.html HTTP/1.1" 200 5446
114.88.159.147 - - [08/Dec/2020:11:00:35 +0800] "GET /xingrg/all/function/internal_message.html?_=1607396011053&CODE_STATE=getMsg HTTP/1.1" 200 27
116.232.52.254 - - [08/Dec/2020:11:00:35 +0800] "GET /xingrg/all/function/internal_message.html?_=1607396435086&CODE_STATE=getMsg HTTP/1.1" 200 27
180.162.108.15 - - [08/Dec/2020:11:00:36 +0800] "POST /xingrg/all/common/load_select.html HTTP/1.1" 200 25
114.88.163.87 - - [08/Dec/2020:11:00:38 +0800] "GET /xingrg/kc/buy/cgsh_order_operate.html?command=get_materiel&rest_code=00111&code=00101001135&supplier_code=00100347&order_time=2020-12-08 HTTP/1.1" 200 431
114.88.159.147 - - [08/Dec/2020:11:00:40 +0800] "GET /xingrg/all/function/internal_message.html?_=1607396436317&CODE_STATE=getMsg HTTP/1.1" 200 27
180.174.56.115 - - [08/Dec/2020:11:00:41 +0800] "GET /xingrg/all/function/internal_message.html?_=1607396442486&CODE_STATE=getMsg HTTP/1.1" 200 27
117.185.32.26 - - [08/Dec/2020:11:00:41 +0800] "GET /xingrg/kc/buy/cgsh_order_operate.html?command=get_materiel&rest_code=00106&code=00101008271&supplier_code=00100007&order_time=2020-12-08 HTTP/1.1" 200 408
180.162.108.15 - - [08/Dec/2020:11:00:41 +0800] "GET /xingrg/kc/buy/cgsh_order_operate.html?command=get_materiel_price&rest_code=00143&code=00101029002&unit_code=00100157&supplier_code=00100156&order_time=2020-12-08 HTTP/1.1" 200 29
172.17.0.111 - - [08/Dec/2020:11:00:44 +0800] "GET /xingrg/all/function/internal_message.html?_=1607396443353&CODE_STATE=getMsg HTTP/1.1" 200 27
180.162.108.15 - - [08/Dec/2020:11:00:46 +0800] "GET /xingrg/all/function/internal_message.html?_=1607396355639&CODE_STATE=getMsg HTTP/1.1" 200 27
120.253.135.82 - - [08/Dec/2020:11:00:47 +0800] "GET /xingrg/all/function/internal_message.html?_=1607396197781&CODE_STATE=getMsg HTTP/1.1" 200 27
120.253.135.82 - - [08/Dec/2020:11:00:48 +0800] "GET /xingrg/kc/base/stock_operate.html?_=1607396199265&command=get_report_file&start_day=20200801 HTTP/1.1" 200 53
120.253.135.82 - - [08/Dec/2020:11:00:48 +0800] "GET /xingrg/all/report/report_query.html?isQuery=1&onlyBody=1&rh=2000&fileName=kc/base/kc_stock_detail_new.xml&queryString=(1=1)&queryText=&tableQueryString=init_table$sp1$$sp$crk_table$sp1$order_day%20between%2020200801%20and%2020201231&varString=start_day:20200801,materiel_code:00102010886,cost_id:2798,end_date:20200731 HTTP/1.1" 200 48701
120.253.135.82 - - [08/Dec/2020:11:00:48 +0800] "GET /xingrg/dwr/interface/AjaxReportQueryService.js HTTP/1.1" 200 13203
120.253.135.82 - - [08/Dec/2020:11:00:48 +0800] "GET /xingrg/dwr/engine.js HTTP/1.1" 200 43631
180.174.56.115 - - [08/Dec/2020:11:00:49 +0800] "GET /xingrg/all/function/internal_message.html?_=1607396416200&CODE_STATE=getMsg HTTP/1.1" 200 27
172.17.0.185 - - [08/Dec/2020:11:00:49 +0800] "GET /xingrg/all/function/internal_message.html?_=1607396447172&CODE_STATE=getMsg HTTP/1.1" 200 27
120.253.135.82 - - [08/Dec/2020:11:00:49 +0800] "POST /xingrg/all/report/load_report_page.html HTTP/1.1" 200 54426
120.253.135.82 - - [08/Dec/2020:11:00:49 +0800] "GET /xingrg/servlets/image?cache=0.6524211921690782&image=px HTTP/1.1" 200 807
117.185.32.26 - - [08/Dec/2020:11:00:54 +0800] "GET /xingrg/all/function/internal_message.html?_=1607396912212&CODE_STATE=getMsg HTTP/1.1" 200 27
117.185.32.26 - - [08/Dec/2020:11:00:54 +0800] "GET /xingrg/check_reg.html?_=1607396912215 HTTP/1.1" 200 22
222.69.132.37 - - [08/Dec/2020:11:00:58 +0800] "GET /xingrg/all/function/internal_message.html?_=1607396457364&CODE_STATE=getMsg HTTP/1.1" 200 27
117.185.32.26 - - [08/Dec/2020:11:00:58 +0800] "GET /xingrg/kc/buy/cgsh_order_operate.html?command=get_materiel&rest_code=00106&code=00101008353&supplier_code=00100007&order_time=2020-12-08 HTTP/1.1" 200 408
114.88.163.87 - - [08/Dec/2020:11:00:59 +0800] "GET /xingrg/kc/buy/cgsh_order_operate.html?command=get_materiel&rest_code=00111&code=00101001136&supplier_code=00100347&order_time=2020-12-08 HTTP/1.1" 200 432
172.17.0.123 - - [08/Dec/2020:11:00:59 +0800] "GET /xingrg/all/function/internal_message.html?_=1607396385670&CODE_STATE=getMsg HTTP/1.1" 200 27
120.253.135.82 - - [08/Dec/2020:11:01:01 +0800] "GET /xingrg/kc/base/stock_operate.html?_=1607396212240&command=get_report_file&start_day=20200601 HTTP/1.1" 200 53
120.253.135.82 - - [08/Dec/2020:11:01:01 +0800] "GET /xingrg/all/report/report_query.html?isQuery=1&onlyBody=1&rh=2000&fileName=kc/base/kc_stock_detail_new.xml&queryString=(1=1)&queryText=&tableQueryString=init_table$sp1$$sp$crk_table$sp1$order_day%20between%2020200601%20and%2020201231&varString=start_day:20200601,materiel_code:00102010886,cost_id:2722,end_date:20200531 HTTP/1.1" 200 48701
120.253.135.82 - - [08/Dec/2020:11:01:01 +0800] "GET /xingrg/dwr/interface/AjaxReportQueryService.js HTTP/1.1" 200 13203
120.253.135.82 - - [08/Dec/2020:11:01:01 +0800] "GET /xingrg/dwr/engine.js HTTP/1.1" 200 43631
120.253.135.82 - - [08/Dec/2020:11:01:02 +0800] "POST /xingrg/all/report/load_report_page.html HTTP/1.1" 200 83680
120.253.135.82 - - [08/Dec/2020:11:01:02 +0800] "GET /xingrg/servlets/image?cache=0.781362622001793&image=px HTTP/1.1" 200 807
117.185.32.26 - - [08/Dec/2020:11:01:03 +0800] "POST /xingrg/kc/buy/cgsh_order_operate.html HTTP/1.1" 200 2065
180.162.223.42 - - [08/Dec/2020:11:01:03 +0800] "GET /xingrg/all/function/internal_message.html?_=1607396444190&CODE_STATE=getMsg HTTP/1.1" 200 27
114.88.163.87 - - [08/Dec/2020:11:01:03 +0800] "GET /xingrg/all/function/internal_message.html?_=1607396590492&CODE_STATE=getMsg HTTP/1.1" 200 27
172.17.200.101 - - [08/Dec/2020:11:01:03 +0800] "GET /xingrg/all/function/internal_message.html?_=1607396463721&CODE_STATE=getMsg HTTP/1.1" 200 27
222.69.132.37 - - [08/Dec/2020:11:01:04 +0800] "GET /xingrg/all/function/internal_message.html?_=1607396463067&CODE_STATE=getMsg HTTP/1.1" 200 27
222.69.132.37 - - [08/Dec/2020:11:01:04 +0800] "GET /xingrg/check_reg.html?_=1607396463077 HTTP/1.1" 200 22
117.184.7.26 - - [08/Dec/2020:11:01:06 +0800] "GET /xingrg/check_reg.html?_=1607396461775 HTTP/1.1" 200 22
180.162.108.15 - - [08/Dec/2020:11:01:06 +0800] "GET /xingrg/kc/buy/cgsh_order_operate.html?command=get_materiel&rest_code=00143&code=00101029022&supplier_code=00100156&order_time=2020-12-08 HTTP/1.1" 200 471
180.162.223.42 - - [08/Dec/2020:11:01:07 +0800] "POST /xingrg/kc/mdqp/pssh_order_operate.html HTTP/1.1" 200 12
180.162.223.42 - - [08/Dec/2020:11:01:08 +0800] "GET /xingrg/kc/mdqp/pssh_order_info.html?code=312020120600140 HTTP/1.1" 200 17310
180.162.223.42 - - [08/Dec/2020:11:01:08 +0800] "GET /xingrg/javascript/jquery_tools/jquery-1.4.2.min.js HTTP/1.1" 404 1094
180.162.223.42 - - [08/Dec/2020:11:01:08 +0800] "POST /xingrg/kc/mdqp/pssh_order_operate.html HTTP/1.1" 200 10747
180.162.223.42 - - [08/Dec/2020:11:01:08 +0800] "GET /xingrg/javascript/easyui/themes/default/validatebox.css HTTP/1.1" 404 1104
180.162.223.42 - - [08/Dec/2020:11:01:10 +0800] "GET /xingrg/javascript/jquery_tools/images/prev.gif HTTP/1.1" 404 1086
180.162.223.42 - - [08/Dec/2020:11:01:10 +0800] "GET /xingrg/javascript/jquery_tools/images/next.gif HTTP/1.1" 404 1086
180.162.108.15 - - [08/Dec/2020:11:01:11 +0800] "POST /xingrg/all/common/load_select.html HTTP/1.1" 200 25
117.185.32.26 - - [08/Dec/2020:11:01:12 +0800] "GET /xingrg/kc/buy/cgsh_order_operate.html?command=get_materiel&rest_code=00106&code=00101008213&supplier_code=00100007&order_time=2020-12-08 HTTP/1.1" 200 412
172.17.0.240 - - [08/Dec/2020:11:01:12 +0800] "GET /xingrg/all/function/internal_message.html?_=1607396469344&CODE_STATE=getMsg HTTP/1.1" 200 27
180.162.108.15 - - [08/Dec/2020:11:01:15 +0800] "GET /xingrg/kc/buy/cgsh_order_operate.html?command=get_materiel_price&rest_code=00143&code=00101029022&unit_code=00100157&supplier_code=00100156&order_time=2020-12-08 HTTP/1.1" 200 29
180.162.223.42 - - [08/Dec/2020:11:01:15 +0800] "POST /xingrg/kc/mdqp/pssh_order_operate.html HTTP/1.1" 200 37
180.162.223.42 - - [08/Dec/2020:11:01:15 +0800] "POST /xingrg/kc/mdqp/pssh_order_operate.html HTTP/1.1" 200 10747
117.184.7.26 - - [08/Dec/2020:11:01:16 +0800] "GET /xingrg/all/function/internal_message.html?_=1607396472669&CODE_STATE=getMsg HTTP/1.1" 200 27
180.162.223.42 - - [08/Dec/2020:11:01:19 +0800] "POST /xingrg/kc/mdqp/pssh_order_operate.html HTTP/1.1" 200 37
180.162.223.42 - - [08/Dec/2020:11:01:19 +0800] "POST /xingrg/kc/mdqp/pssh_order_operate.html HTTP/1.1" 200 12
180.162.223.42 - - [08/Dec/2020:11:01:21 +0800] "GET /xingrg/kc/mdqp/pssh_order_info.html?code=312020120600140 HTTP/1.1" 200 14386
180.162.223.42 - - [08/Dec/2020:11:01:21 +0800] "GET /xingrg/javascript/jquery_tools/jquery-1.4.2.min.js HTTP/1.1" 404 1094
180.162.223.42 - - [08/Dec/2020:11:01:21 +0800] "POST /xingrg/kc/mdqp/pssh_order_operate.html HTTP/1.1" 200 10747
180.162.223.42 - - [08/Dec/2020:11:01:21 +0800] "GET /xingrg/javascript/easyui/themes/default/validatebox.css HTTP/1.1" 404 1104
58.221.95.50 - - [08/Dec/2020:11:01:22 +0800] "GET /xingrg/check_reg.html?_=1607396500576 HTTP/1.1" 200 22
58.221.95.50 - - [08/Dec/2020:11:01:22 +0800] "GET /xingrg/all/function/internal_message.html?_=1607396500579&CODE_STATE=getMsg HTTP/1.1" 200 27
116.228.172.94 - - [08/Dec/2020:11:01:22 +0800] "GET /xingrg/all/function/internal_message.html?_=1607396481648&CODE_STATE=getMsg HTTP/1.1" 200 27
180.162.223.42 - - [08/Dec/2020:11:01:23 +0800] "GET /xingrg/check_reg.html?_=1607396482850 HTTP/1.1" 200 22
180.162.223.42 - - [08/Dec/2020:11:01:23 +0800] "GET /xingrg/all/function/internal_message.html?_=1607396482854&CODE_STATE=getMsg HTTP/1.1" 200 27
117.185.32.26 - - [08/Dec/2020:11:01:25 +0800] "GET /xingrg/kc/buy/cgsh_order_operate.html?command=get_materiel&rest_code=00106&code=00101008114&supplier_code=00100007&order_time=2020-12-08 HTTP/1.1" 200 412
120.253.135.82 - - [08/Dec/2020:11:01:26 +0800] "GET /xingrg/kc/base/stock_operate.html?_=1607396237103&command=get_report_file&start_day=20200301 HTTP/1.1" 200 53
120.253.135.82 - - [08/Dec/2020:11:01:26 +0800] "GET /xingrg/all/report/report_query.html?isQuery=1&onlyBody=1&rh=2000&fileName=kc/base/kc_stock_detail_new.xml&queryString=(1=1)&queryText=&tableQueryString=init_table$sp1$$sp$crk_table$sp1$order_day%20between%2020200301%20and%2020201231&varString=start_day:20200301,materiel_code:00102010886,cost_id:2580,end_date:20200229 HTTP/1.1" 200 48701
120.253.135.82 - - [08/Dec/2020:11:01:26 +0800] "GET /xingrg/dwr/interface/AjaxReportQueryService.js HTTP/1.1" 200 13203
120.253.135.82 - - [08/Dec/2020:11:01:26 +0800] "GET /xingrg/dwr/engine.js HTTP/1.1" 200 43631
120.253.135.82 - - [08/Dec/2020:11:01:27 +0800] "POST /xingrg/all/report/load_report_page.html HTTP/1.1" 200 98507
120.253.135.82 - - [08/Dec/2020:11:01:27 +0800] "GET /xingrg/servlets/image?cache=0.23009775760219042&image=px HTTP/1.1" 200 807
114.84.32.187 - - [08/Dec/2020:11:01:32 +0800] "GET /xingrg/all/function/internal_message.html?_=1607396500214&CODE_STATE=getMsg HTTP/1.1" 200 27
114.88.163.87 - - [08/Dec/2020:11:01:33 +0800] "GET /xingrg/all/function/internal_message.html?_=1607396486883&CODE_STATE=getMsg HTTP/1.1" 200 27
114.88.159.147 - - [08/Dec/2020:11:01:35 +0800] "GET /xingrg/all/function/internal_message.html?_=1607396071053&CODE_STATE=getMsg HTTP/1.1" 200 27
116.232.52.254 - - [08/Dec/2020:11:01:35 +0800] "GET /xingrg/all/function/internal_message.html?_=1607396495093&CODE_STATE=getMsg HTTP/1.1" 200 27
117.185.32.26 - - [08/Dec/2020:11:01:37 +0800] "GET /xingrg/kc/buy/cgsh_order_operate.html?command=get_materiel&rest_code=00106&code=00101008003&supplier_code=00100007&order_time=2020-12-08 HTTP/1.1" 200 408
114.88.159.147 - - [08/Dec/2020:11:01:40 +0800] "GET /xingrg/all/function/internal_message.html?_=1607396496297&CODE_STATE=getMsg HTTP/1.1" 200 27
180.174.56.115 - - [08/Dec/2020:11:01:41 +0800] "GET /xingrg/all/function/internal_message.html?_=1607396502489&CODE_STATE=getMsg HTTP/1.1" 200 27
120.253.135.82 - - [08/Dec/2020:11:01:41 +0800] "GET /xingrg/kc/base/stock_operate.html?_=1607396252400&command=get_report_file&start_day=20200101 HTTP/1.1" 200 53
120.253.135.82 - - [08/Dec/2020:11:01:41 +0800] "GET /xingrg/dwr/interface/AjaxReportQueryService.js HTTP/1.1" 200 13203
120.253.135.82 - - [08/Dec/2020:11:01:41 +0800] "GET /xingrg/all/report/report_query.html?isQuery=1&onlyBody=1&rh=2000&fileName=kc/base/kc_stock_detail_new.xml&queryString=(1=1)&queryText=&tableQueryString=init_table$sp1$$sp$crk_table$sp1$order_day%20between%2020200101%20and%2020201231&varString=start_day:20200101,materiel_code:00102010886,cost_id:2523,end_date:20191231 HTTP/1.1" 200 48701
120.253.135.82 - - [08/Dec/2020:11:01:41 +0800] "GET /xingrg/dwr/engine.js HTTP/1.1" 200 43631
120.253.135.82 - - [08/Dec/2020:11:01:42 +0800] "POST /xingrg/all/report/load_report_page.html HTTP/1.1" 200 108216
120.253.135.82 - - [08/Dec/2020:11:01:42 +0800] "GET /xingrg/servlets/image?cache=0.5398050545236794&image=px HTTP/1.1" 200 807
172.17.0.111 - - [08/Dec/2020:11:01:44 +0800] "GET /xingrg/check_reg.html?_=1607396503355 HTTP/1.1" 200 22
172.17.0.111 - - [08/Dec/2020:11:01:44 +0800] "GET /xingrg/all/function/internal_message.html?_=1607396503357&CODE_STATE=getMsg HTTP/1.1" 200 27
180.162.108.15 - - [08/Dec/2020:11:01:45 +0800] "GET /xingrg/kc/buy/cgsh_order_operate.html?command=get_materiel&rest_code=00143&code=00101029023&supplier_code=00100156&order_time=2020-12-08 HTTP/1.1" 200 477
180.162.108.15 - - [08/Dec/2020:11:01:46 +0800] "GET /xingrg/check_reg.html?_=1607396415641 HTTP/1.1" 200 22
180.162.108.15 - - [08/Dec/2020:11:01:46 +0800] "GET /xingrg/all/function/internal_message.html?_=1607396415644&CODE_STATE=getMsg HTTP/1.1" 200 27
120.253.135.82 - - [08/Dec/2020:11:01:47 +0800] "GET /xingrg/check_reg.html?_=1607396257686 HTTP/1.1" 200 22
120.253.135.82 - - [08/Dec/2020:11:01:47 +0800] "GET /xingrg/all/function/internal_message.html?_=1607396257792&CODE_STATE=getMsg HTTP/1.1" 200 27
180.174.56.115 - - [08/Dec/2020:11:01:49 +0800] "GET /xingrg/all/function/internal_message.html?_=1607396476213&CODE_STATE=getMsg HTTP/1.1" 200 27
172.17.0.185 - - [08/Dec/2020:11:01:49 +0800] "GET /xingrg/all/function/internal_message.html?_=1607396507162&CODE_STATE=getMsg HTTP/1.1" 200 27
172.17.0.185 - - [08/Dec/2020:11:01:49 +0800] "GET /xingrg/check_reg.html?_=1607396507192 HTTP/1.1" 200 22
117.185.32.26 - - [08/Dec/2020:11:01:54 +0800] "GET /xingrg/all/function/internal_message.html?_=1607396972276&CODE_STATE=getMsg HTTP/1.1" 200 27
180.162.108.15 - - [08/Dec/2020:11:01:55 +0800] "POST /xingrg/all/common/load_select.html HTTP/1.1" 200 25
120.253.135.82 - - [08/Dec/2020:11:01:57 +0800] "GET /xingrg/kc/base/stock_operate.html?_=1607396268040&command=get_report_file&start_day=20191101 HTTP/1.1" 200 53
120.253.135.82 - - [08/Dec/2020:11:01:57 +0800] "GET /xingrg/all/report/report_query.html?isQuery=1&onlyBody=1&rh=2000&fileName=kc/base/kc_stock_detail_new.xml&queryString=(1=1)&queryText=&tableQueryString=init_table$sp1$$sp$crk_table$sp1$order_day%20between%2020191101%20and%2020201231&varString=start_day:20191101,materiel_code:00102010886,cost_id:2494,end_date:20181231 HTTP/1.1" 200 48701
120.253.135.82 - - [08/Dec/2020:11:01:57 +0800] "GET /xingrg/dwr/interface/AjaxReportQueryService.js HTTP/1.1" 200 13203
120.253.135.82 - - [08/Dec/2020:11:01:57 +0800] "GET /xingrg/dwr/engine.js HTTP/1.1" 200 43631
120.253.135.82 - - [08/Dec/2020:11:01:58 +0800] "POST /xingrg/all/report/load_report_page.html HTTP/1.1" 200 127702
222.69.132.37 - - [08/Dec/2020:11:01:58 +0800] "GET /xingrg/all/function/internal_message.html?_=1607396517366&CODE_STATE=getMsg HTTP/1.1" 200 27
120.253.135.82 - - [08/Dec/2020:11:01:58 +0800] "GET /xingrg/servlets/image?cache=0.740858140160992&image=px HTTP/1.1" 200 807
180.162.108.15 - - [08/Dec/2020:11:01:59 +0800] "GET /xingrg/kc/buy/cgsh_order_operate.html?command=get_materiel_price&rest_code=00143&code=00101029023&unit_code=00100179&supplier_code=00100156&order_time=2020-12-08 HTTP/1.1" 200 29
172.17.0.123 - - [08/Dec/2020:11:01:59 +0800] "GET /xingrg/all/function/internal_message.html?_=1607396445672&CODE_STATE=getMsg HTTP/1.1" 200 27
172.17.0.123 - - [08/Dec/2020:11:01:59 +0800] "GET /xingrg/check_reg.html?_=1607396445674 HTTP/1.1" 200 22
117.185.32.26 - - [08/Dec/2020:11:02:03 +0800] "GET /xingrg/kc/buy/cgsh_order_operate.html?command=get_materiel&rest_code=00106&code=00101008321&supplier_code=00100007&order_time=2020-12-08 HTTP/1.1" 200 412
180.162.223.42 - - [08/Dec/2020:11:02:03 +0800] "GET /xingrg/all/function/internal_message.html?_=1607396504189&CODE_STATE=getMsg HTTP/1.1" 200 27
114.88.163.87 - - [08/Dec/2020:11:02:03 +0800] "GET /xingrg/all/function/internal_message.html?_=1607396650449&CODE_STATE=getMsg HTTP/1.1" 200 27
172.17.200.101 - - [08/Dec/2020:11:02:03 +0800] "GET /xingrg/all/function/internal_message.html?_=1607396523730&CODE_STATE=getMsg HTTP/1.1" 200 27
222.69.132.37 - - [08/Dec/2020:11:02:04 +0800] "GET /xingrg/all/function/internal_message.html?_=1607396523071&CODE_STATE=getMsg HTTP/1.1" 200 27
180.162.223.42 - - [08/Dec/2020:11:02:06 +0800] "POST /xingrg/kc/mdqp/pssh_list_operate.html HTTP/1.1" 200 814
180.162.223.42 - - [08/Dec/2020:11:02:08 +0800] "GET /xingrg/kc/mdqp/pssh_order_list.html?isBack=1 HTTP/1.1" 200 18056
180.162.223.42 - - [08/Dec/2020:11:02:08 +0800] "GET /xingrg/kc/mdqp/pssh_order_list.html HTTP/1.1" 200 18056
180.162.223.42 - - [08/Dec/2020:11:02:08 +0800] "POST /xingrg/kc/mdqp/pssh_list_operate.html HTTP/1.1" 200 5446
180.162.223.42 - - [08/Dec/2020:11:02:08 +0800] "POST /xingrg/kc/mdqp/pssh_list_operate.html HTTP/1.1" 200 5446
172.17.0.240 - - [08/Dec/2020:11:02:12 +0800] "GET /xingrg/all/function/internal_message.html?_=1607396529348&CODE_STATE=getMsg HTTP/1.1" 200 27
120.253.135.82 - - [08/Dec/2020:11:02:13 +0800] "GET /xingrg/javascript/jquery_easy_ui/themes/default/images/tabs_active.png HTTP/1.1" 200 2894
120.253.135.82 - - [08/Dec/2020:11:02:13 +0800] "GET /xingrg/javascript/jquery_easy_ui/themes/default/images/tabs_active.png HTTP/1.1" 200 2894
114.84.32.187 - - [08/Dec/2020:11:02:14 +0800] "GET /xingrg/check_reg.html?_=1607396542247 HTTP/1.1" 200 22
117.184.7.26 - - [08/Dec/2020:11:02:16 +0800] "GET /xingrg/all/function/internal_message.html?_=1607396532654&CODE_STATE=getMsg HTTP/1.1" 200 27
120.253.135.82 - - [08/Dec/2020:11:02:17 +0800] "GET /xingrg/kc/pszx/mdqp_order_list.html?state=10 HTTP/1.1" 200 10175
120.253.135.82 - - [08/Dec/2020:11:02:17 +0800] "GET /xingrg/dwr/interface/AjaxQqpsService.js HTTP/1.1" 200 16326
120.253.135.82 - - [08/Dec/2020:11:02:17 +0800] "GET /xingrg/dwr/interface/AjaxReportQueryService.js HTTP/1.1" 200 13203
120.253.135.82 - - [08/Dec/2020:11:02:17 +0800] "GET /xingrg/dwr/engine.js HTTP/1.1" 200 43631
180.162.223.42 - - [08/Dec/2020:11:02:19 +0800] "POST /xingrg/kc/mdqp/pssh_list_operate.html HTTP/1.1" 200 799
180.162.223.42 - - [08/Dec/2020:11:02:19 +0800] "GET /xingrg/kc/mdqp/pssh_order_info.html?code=312020120600138 HTTP/1.1" 200 17293
180.162.223.42 - - [08/Dec/2020:11:02:19 +0800] "GET /xingrg/javascript/jquery_tools/jquery-1.4.2.min.js HTTP/1.1" 404 1094
180.162.223.42 - - [08/Dec/2020:11:02:19 +0800] "POST /xingrg/kc/mdqp/pssh_order_operate.html HTTP/1.1" 200 5860
180.162.223.42 - - [08/Dec/2020:11:02:19 +0800] "GET /xingrg/javascript/easyui/themes/default/validatebox.css HTTP/1.1" 404 1104
120.253.135.82 - - [08/Dec/2020:11:02:21 +0800] "GET /xingrg/kc/buy/cgsh_order_list.html HTTP/1.1" 200 45202
120.253.135.82 - - [08/Dec/2020:11:02:22 +0800] "POST /xingrg/kc/buy/cgsh_list_operate.html HTTP/1.1" 200 1675
116.228.172.94 - - [08/Dec/2020:11:02:22 +0800] "GET /xingrg/all/function/internal_message.html?_=1607396541641&CODE_STATE=getMsg HTTP/1.1" 200 27
180.162.223.42 - - [08/Dec/2020:11:02:23 +0800] "GET /xingrg/all/function/internal_message.html?_=1607396542840&CODE_STATE=getMsg HTTP/1.1" 200 27
180.162.108.15 - - [08/Dec/2020:11:02:23 +0800] "POST /xingrg/all/common/load_select.html HTTP/1.1" 200 25
120.253.135.82 - - [08/Dec/2020:11:02:24 +0800] "POST /xingrg/kc/buy/cgsh_list_operate.html HTTP/1.1" 200 206
120.253.135.82 - - [08/Dec/2020:11:02:25 +0800] "GET /xingrg/kc/buy/cgsh_order_info.html?code=212020120802916 HTTP/1.1" 200 59955
120.253.135.82 - - [08/Dec/2020:11:02:25 +0800] "GET /xingrg/javascript/easyui/themes/default/validatebox.css HTTP/1.1" 404 1104
117.185.32.26 - - [08/Dec/2020:11:02:25 +0800] "GET /xingrg/kc/buy/cgsh_order_operate.html?command=get_materiel&rest_code=00106&code=00101008293&supplier_code=00100007&order_time=2020-12-08 HTTP/1.1" 200 420
120.253.135.82 - - [08/Dec/2020:11:02:25 +0800] "POST /xingrg/kc/buy/cgsh_order_operate.html HTTP/1.1" 200 2672
117.185.32.26 - - [08/Dec/2020:11:02:31 +0800] "POST /xingrg/kc/buy/cgsh_order_operate.html HTTP/1.1" 200 2065
114.84.32.187 - - [08/Dec/2020:11:02:32 +0800] "GET /xingrg/all/function/internal_message.html?_=1607396560219&CODE_STATE=getMsg HTTP/1.1" 200 27
120.253.135.82 - - [08/Dec/2020:11:02:32 +0800] "POST /xingrg/kc/buy/cgsh_order_operate.html HTTP/1.1" 200 37
114.88.163.87 - - [08/Dec/2020:11:02:33 +0800] "GET /xingrg/all/function/internal_message.html?_=1607396546940&CODE_STATE=getMsg HTTP/1.1" 200 27
180.162.223.42 - - [08/Dec/2020:11:02:34 +0800] "POST /xingrg/all/common/load_combo.html?type=employee HTTP/1.1" 200 356
114.88.159.147 - - [08/Dec/2020:11:02:35 +0800] "GET /xingrg/all/function/internal_message.html?_=1607396131053&CODE_STATE=getMsg HTTP/1.1" 200 27
120.253.135.82 - - [08/Dec/2020:11:02:35 +0800] "POST /xingrg/kc/buy/cgsh_order_operate.html HTTP/1.1" 200 12
116.232.52.254 - - [08/Dec/2020:11:02:35 +0800] "GET /xingrg/all/function/internal_message.html?_=1607396555092&CODE_STATE=getMsg HTTP/1.1" 200 27
120.253.135.82 - - [08/Dec/2020:11:02:36 +0800] "GET /xingrg/kc/buy/cgsh_order_info.html?code=212020120802916 HTTP/1.1" 200 54849
120.253.135.82 - - [08/Dec/2020:11:02:37 +0800] "GET /xingrg/javascript/easyui/themes/default/validatebox.css HTTP/1.1" 404 1104
120.253.135.82 - - [08/Dec/2020:11:02:37 +0800] "POST /xingrg/kc/buy/cgsh_order_operate.html HTTP/1.1" 200 622
180.162.223.42 - - [08/Dec/2020:11:02:39 +0800] "POST /xingrg/kc/mdqp/pssh_order_operate.html HTTP/1.1" 200 37
114.88.159.147 - - [08/Dec/2020:11:02:40 +0800] "GET /xingrg/all/function/internal_message.html?_=1607396556271&CODE_STATE=getMsg HTTP/1.1" 200 27
180.174.56.115 - - [08/Dec/2020:11:02:41 +0800] "GET /xingrg/check_reg.html?_=1607396562489 HTTP/1.1" 200 22
180.174.56.115 - - [08/Dec/2020:11:02:41 +0800] "GET /xingrg/all/function/internal_message.html?_=1607396562492&CODE_STATE=getMsg HTTP/1.1" 200 27
180.162.223.42 - - [08/Dec/2020:11:02:41 +0800] "POST /xingrg/kc/mdqp/pssh_order_operate.html HTTP/1.1" 200 5860
120.253.135.82 - - [08/Dec/2020:11:02:43 +0800] "GET /xingrg/kc/report/report_main.html HTTP/1.1" 200 9370
120.253.135.82 - - [08/Dec/2020:11:02:44 +0800] "POST /xingrg/kc/buy/cgsh_list_operate.html HTTP/1.1" 200 876
172.17.0.111 - - [08/Dec/2020:11:02:44 +0800] "GET /xingrg/all/function/internal_message.html?_=1607396563343&CODE_STATE=getMsg HTTP/1.1" 200 27
120.253.135.82 - - [08/Dec/2020:11:02:44 +0800] "GET /xingrg/kc/base/kc_stocks.html HTTP/1.1" 200 16386
120.253.135.82 - - [08/Dec/2020:11:02:45 +0800] "GET /xingrg/javascript/easyui/themes/default/tree.css HTTP/1.1" 404 1090
120.253.135.82 - - [08/Dec/2020:11:02:45 +0800] "POST /xingrg/all/common/load_tree.html?tree=materiel_sort_tree_json HTTP/1.1" 200 8666
120.253.135.82 - - [08/Dec/2020:11:02:46 +0800] "POST /xingrg/all/common/load_combo.html?type=base HTTP/1.1" 200 984
180.162.108.15 - - [08/Dec/2020:11:02:46 +0800] "GET /xingrg/all/function/internal_message.html?_=1607396475640&CODE_STATE=getMsg HTTP/1.1" 200 27
120.253.135.82 - - [08/Dec/2020:11:02:47 +0800] "GET /xingrg/all/function/internal_message.html?_=1607396317806&CODE_STATE=getMsg HTTP/1.1" 200 27
180.162.223.42 - - [08/Dec/2020:11:02:47 +0800] "POST /xingrg/kc/mdqp/pssh_order_operate.html HTTP/1.1" 200 37
114.88.163.87 - - [08/Dec/2020:11:02:47 +0800] "GET /xingrg/kc/buy/cgsh_order_operate.html?command=get_materiel&rest_code=00111&code=00101001039&supplier_code=00100347&order_time=2020-12-08 HTTP/1.1" 200 424
114.88.159.147 - - [08/Dec/2020:11:02:47 +0800] "GET /xingrg/kc/buy/cgsh_order_add.html HTTP/1.1" 200 60945
180.162.223.42 - - [08/Dec/2020:11:02:47 +0800] "POST /xingrg/kc/mdqp/pssh_order_operate.html HTTP/1.1" 200 12
114.88.159.147 - - [08/Dec/2020:11:02:48 +0800] "GET /xingrg/words/20201207162459_words.js HTTP/1.1" 304 -
114.88.159.147 - - [08/Dec/2020:11:02:48 +0800] "GET /xingrg/all/common/auto_word.html?type=employee&rest_code=00141 HTTP/1.1" 200 201
114.88.159.147 - - [08/Dec/2020:11:02:48 +0800] "GET /xingrg/javascript/easyui/themes/default/validatebox.css HTTP/1.1" 404 1104
114.88.159.147 - - [08/Dec/2020:11:02:48 +0800] "GET /xingrg/all/common/auto_word.html?type=employee&rest_code=00141 HTTP/1.1" 200 201
114.88.159.147 - - [08/Dec/2020:11:02:48 +0800] "POST /xingrg/kc/buy/cgsh_order_operate.html HTTP/1.1" 200 8245
180.162.223.42 - - [08/Dec/2020:11:02:48 +0800] "GET /xingrg/kc/mdqp/pssh_order_info.html?code=312020120600138 HTTP/1.1" 200 14382
180.162.223.42 - - [08/Dec/2020:11:02:48 +0800] "GET /xingrg/javascript/jquery_tools/jquery-1.4.2.min.js HTTP/1.1" 404 1094
180.174.56.115 - - [08/Dec/2020:11:02:49 +0800] "GET /xingrg/all/function/internal_message.html?_=1607396536230&CODE_STATE=getMsg HTTP/1.1" 200 27
180.162.223.42 - - [08/Dec/2020:11:02:49 +0800] "POST /xingrg/kc/mdqp/pssh_order_operate.html HTTP/1.1" 200 5860
180.162.223.42 - - [08/Dec/2020:11:02:49 +0800] "GET /xingrg/javascript/easyui/themes/default/validatebox.css HTTP/1.1" 404 1104
172.17.0.185 - - [08/Dec/2020:11:02:49 +0800] "GET /xingrg/all/function/internal_message.html?_=1607396567157&CODE_STATE=getMsg HTTP/1.1" 200 27
117.185.32.26 - - [08/Dec/2020:11:02:51 +0800] "GET /xingrg/kc/buy/cgsh_order_operate.html?command=get_materiel&rest_code=00106&code=00101008312&supplier_code=00100007&order_time=2020-12-08 HTTP/1.1" 200 412
117.185.32.26 - - [08/Dec/2020:11:02:51 +0800] "POST /xingrg/services/DataTransmitService HTTP/1.1" 200 524
117.185.32.26 - - [08/Dec/2020:11:02:52 +0800] "POST /xingrg/services/DataTransmitService HTTP/1.1" 200 412
117.185.32.26 - - [08/Dec/2020:11:02:54 +0800] "GET /xingrg/all/function/internal_message.html?_=1607397032262&CODE_STATE=getMsg HTTP/1.1" 200 27
61.151.179.84 - - [08/Dec/2020:11:02:55 +0800] "GET /xingrg/all/function/internal_message.html?_=1607395956457&CODE_STATE=getMsg HTTP/1.1" 302 -
120.253.135.82 - - [08/Dec/2020:11:02:56 +0800] "POST /xingrg/kc/base/stock_operate.html HTTP/1.1" 200 1465
222.69.132.37 - - [08/Dec/2020:11:02:58 +0800] "GET /xingrg/all/function/internal_message.html?_=1607396577369&CODE_STATE=getMsg HTTP/1.1" 200 27
222.69.132.37 - - [08/Dec/2020:11:02:58 +0800] "GET /xingrg/check_reg.html?_=1607396577376 HTTP/1.1" 200 22
180.152.104.37 - - [08/Dec/2020:11:02:59 +0800] "GET /xingrg/login.html HTTP/1.1" 200 7641
172.17.0.123 - - [08/Dec/2020:11:02:59 +0800] "GET /xingrg/all/function/internal_message.html?_=1607396505674&CODE_STATE=getMsg HTTP/1.1" 200 27
61.151.179.84 - - [08/Dec/2020:11:02:59 +0800] "GET /xingrg/login.html HTTP/1.1" 200 7641
114.88.159.147 - - [08/Dec/2020:11:03:00 +0800] "GET /xingrg/kc/buy/cgsh_order_operate.html?command=get_materiel&rest_code=00141&code=00101008171&supplier_code=00100327&order_time=2020-12-08 HTTP/1.1" 200 421
180.152.104.37 - - [08/Dec/2020:11:03:00 +0800] "GET /xingrg/images/blue/jxLogo.png HTTP/1.1" 304 -
