172.17.0.123 - - [08/Dec/2020:10:43:59 +0800] "GET /xingrg/all/function/internal_message.html?_=1607395365665&CODE_STATE=getMsg HTTP/1.1" 200 27
114.88.163.87 - - [08/Dec/2020:10:44:03 +0800] "GET /xingrg/all/function/internal_message.html?_=1607395570150&CODE_STATE=getMsg HTTP/1.1" 200 27
172.17.200.101 - - [08/Dec/2020:10:44:03 +0800] "GET /xingrg/all/function/internal_message.html?_=1607395443700&CODE_STATE=getMsg HTTP/1.1" 200 27
222.69.132.37 - - [08/Dec/2020:10:44:04 +0800] "GET /xingrg/all/function/internal_message.html?_=1607395443045&CODE_STATE=getMsg HTTP/1.1" 200 27
114.88.159.147 - - [08/Dec/2020:10:44:15 +0800] "GET /xingrg/check_reg.html?_=1607395451040 HTTP/1.1" 200 22
117.184.7.26 - - [08/Dec/2020:10:44:17 +0800] "GET /xingrg/all/function/internal_message.html?_=1607395452962&CODE_STATE=getMsg HTTP/1.1" 200 27
58.221.95.50 - - [08/Dec/2020:10:44:22 +0800] "GET /xingrg/all/function/internal_message.html?_=1607395480542&CODE_STATE=getMsg HTTP/1.1" 200 27
116.228.172.94 - - [08/Dec/2020:10:44:22 +0800] "GET /xingrg/all/function/internal_message.html?_=1607395461613&CODE_STATE=getMsg HTTP/1.1" 200 27
180.162.223.42 - - [08/Dec/2020:10:44:23 +0800] "GET /xingrg/all/function/internal_message.html?_=1607395462830&CODE_STATE=getMsg HTTP/1.1" 200 27
116.232.52.254 - - [08/Dec/2020:10:44:30 +0800] "GET /xingrg/all/function/internal_message.html?_=1607395469858&CODE_STATE=getMsg HTTP/1.1" 200 27
116.232.52.254 - - [08/Dec/2020:10:44:30 +0800] "GET /xingrg/check_reg.html?_=1607395469858 HTTP/1.1" 200 22
114.84.32.187 - - [08/Dec/2020:10:44:30 +0800] "GET /xingrg/all/function/internal_message.html?_=1607395478295&CODE_STATE=getMsg HTTP/1.1" 200 27
114.88.163.87 - - [08/Dec/2020:10:44:33 +0800] "GET /xingrg/all/function/internal_message.html?_=1607395466326&CODE_STATE=getMsg HTTP/1.1" 200 27
114.88.159.147 - - [08/Dec/2020:10:44:35 +0800] "GET /xingrg/all/function/internal_message.html?_=1607395051011&CODE_STATE=getMsg HTTP/1.1" 200 27
114.88.159.147 - - [08/Dec/2020:10:44:35 +0800] "GET /xingrg/check_reg.html?_=1607395051012 HTTP/1.1" 200 22
172.17.0.111 - - [08/Dec/2020:10:44:37 +0800] "POST /xingrg/all/user/operate.html HTTP/1.1" 200 36
172.17.0.111 - - [08/Dec/2020:10:44:37 +0800] "GET /xingrg/index.html?sysBaseUrl=http%3A%2F%2F172.17.0.8%3A18081%2Fxingrg%2F&costTime=42×tamp=1607394754629 HTTP/1.1" 200 17454
172.17.0.111 - - [08/Dec/2020:10:44:37 +0800] "GET /xingrg/javascript/jquery_easy_ui/themes/default/easyui.css HTTP/1.1" 304 -
172.17.0.111 - - [08/Dec/2020:10:44:37 +0800] "GET /xingrg/javascript/jquery_easy_ui/themes/icon.css HTTP/1.1" 304 -
172.17.0.111 - - [08/Dec/2020:10:44:37 +0800] "GET /xingrg/css/form.css HTTP/1.1" 304 -
172.17.0.111 - - [08/Dec/2020:10:44:37 +0800] "GET /xingrg/javascript/jquery-1.4.2.min.js HTTP/1.1" 304 -
172.17.0.111 - - [08/Dec/2020:10:44:37 +0800] "GET /xingrg/javascript/jquery_easy_ui/jquery.easyui.min.js HTTP/1.1" 304 -
172.17.0.111 - - [08/Dec/2020:10:44:37 +0800] "GET /xingrg/javascript/jquery_easy_ui/easyui-lang-zh_CN.js HTTP/1.1" 304 -
172.17.0.111 - - [08/Dec/2020:10:44:37 +0800] "GET /xingrg/javascript/jquery.form.js HTTP/1.1" 304 -
172.17.0.111 - - [08/Dec/2020:10:44:37 +0800] "GET /xingrg/javascript/jquery.utils.js HTTP/1.1" 304 -
172.17.0.111 - - [08/Dec/2020:10:44:37 +0800] "GET /xingrg/javascript/jquery.timers.js HTTP/1.1" 304 -
172.17.0.111 - - [08/Dec/2020:10:44:37 +0800] "GET /xingrg/images/blue/jxLogo.png HTTP/1.1" 304 -
172.17.0.111 - - [08/Dec/2020:10:44:37 +0800] "POST /xingrg/all/common/load_tree.html?tree=area_rest_tree_json&manage=1 HTTP/1.1" 200 3350
172.17.0.111 - - [08/Dec/2020:10:44:37 +0800] "GET /xingrg/all/function/internal_message.html?_=1607395476541&CODE_STATE=count HTTP/1.1" 200 11
172.17.0.111 - - [08/Dec/2020:10:44:37 +0800] "GET /xingrg/check_reg.html?_=1607395476542 HTTP/1.1" 200 22
172.17.0.111 - - [08/Dec/2020:10:44:37 +0800] "GET /xingrg/javascript/jquery_easy_ui/themes/default/images/panel_tool_collapse.gif HTTP/1.1" 304 -
172.17.0.111 - - [08/Dec/2020:10:44:37 +0800] "GET /xingrg/javascript/jquery_easy_ui/themes/default/images/panel_tool_expand.gif HTTP/1.1" 304 -
172.17.0.111 - - [08/Dec/2020:10:44:37 +0800] "GET /xingrg/images/blue/pingpu.png HTTP/1.1" 304 -
172.17.0.111 - - [08/Dec/2020:10:44:37 +0800] "GET /xingrg/javascript/jquery_easy_ui/themes/icons/settle_new.png HTTP/1.1" 304 -
172.17.0.111 - - [08/Dec/2020:10:44:37 +0800] "GET /xingrg/javascript/jquery_easy_ui/themes/default/images/tabs_rightarrow.png HTTP/1.1" 304 -
172.17.0.111 - - [08/Dec/2020:10:44:37 +0800] "GET /xingrg/javascript/jquery_easy_ui/themes/default/images/tabs_leftarrow.png HTTP/1.1" 304 -
172.17.0.111 - - [08/Dec/2020:10:44:37 +0800] "GET /xingrg/images/blue/navBackgound.jpg HTTP/1.1" 304 -
172.17.0.111 - - [08/Dec/2020:10:44:37 +0800] "POST /xingrg/load_menu.html HTTP/1.1" 200 9924
172.17.0.111 - - [08/Dec/2020:10:44:38 +0800] "GET /xingrg/kc/report/report_main.html HTTP/1.1" 200 7325
172.17.0.111 - - [08/Dec/2020:10:44:40 +0800] "GET /xingrg/all/report/report_query.html?fileName=kc/buy/gys_amount_category.xml&rh=99999 HTTP/1.1" 200 51803
172.17.0.111 - - [08/Dec/2020:10:44:40 +0800] "GET /xingrg/dwr/interface/AjaxReportQueryService.js HTTP/1.1" 200 13203
172.17.0.111 - - [08/Dec/2020:10:44:40 +0800] "GET /xingrg/dwr/engine.js HTTP/1.1" 200 43631
172.17.0.111 - - [08/Dec/2020:10:44:40 +0800] "POST /xingrg/dwr/call/plaincall/AjaxReportQueryService.getFixDate.dwr HTTP/1.1" 200 111
172.17.0.111 - - [08/Dec/2020:10:44:40 +0800] "POST /xingrg/dwr/call/plaincall/AjaxReportQueryService.getInitString.dwr HTTP/1.1" 200 1401
172.17.0.111 - - [08/Dec/2020:10:44:40 +0800] "POST /xingrg/all/common/load_tree.html?tree=supplier_tree_json&manage=1 HTTP/1.1" 200 53093
114.88.159.147 - - [08/Dec/2020:10:44:41 +0800] "GET /xingrg/all/function/internal_message.html?_=1607395476626&CODE_STATE=getMsg HTTP/1.1" 200 27
180.174.56.115 - - [08/Dec/2020:10:44:41 +0800] "GET /xingrg/all/function/internal_message.html?_=1607395482477&CODE_STATE=getMsg HTTP/1.1" 200 27
172.17.0.111 - - [08/Dec/2020:10:44:41 +0800] "POST /xingrg/all/common/load_tree.html?tree=materiel_sort_tree_json HTTP/1.1" 200 8666
61.129.6.225 - - [08/Dec/2020:10:44:41 +0800] "GET /xingrg/check_reg.html?_=1607394851016 HTTP/1.1" 302 -
172.17.0.111 - - [08/Dec/2020:10:44:42 +0800] "POST /xingrg/dwr/call/plaincall/AjaxReportQueryService.getFixDate.dwr HTTP/1.1" 200 111
172.17.0.111 - - [08/Dec/2020:10:44:44 +0800] "POST /xingrg/dwr/call/plaincall/AjaxReportQueryService.getFixDate.dwr HTTP/1.1" 200 111
61.129.6.225 - - [08/Dec/2020:10:44:44 +0800] "GET /xingrg/login.html HTTP/1.1" 200 7641
172.17.0.111 - - [08/Dec/2020:10:44:45 +0800] "POST /xingrg/dwr/call/plaincall/AjaxReportQueryService.refreshCache.dwr HTTP/1.1" 200 78
180.174.56.115 - - [08/Dec/2020:10:44:48 +0800] "GET /xingrg/check_reg.html?_=1607395455611 HTTP/1.1" 200 22
172.17.0.111 - - [08/Dec/2020:10:44:48 +0800] "POST /xingrg/all/report/load_report_page.html HTTP/1.1" 200 142326
172.17.0.111 - - [08/Dec/2020:10:44:48 +0800] "GET /xingrg/servlets/image?cache=0.17115789763252853&image=px HTTP/1.1" 200 807
180.174.56.115 - - [08/Dec/2020:10:44:48 +0800] "GET /xingrg/all/function/internal_message.html?_=1607395455982&CODE_STATE=getMsg HTTP/1.1" 200 27
172.17.0.240 - - [08/Dec/2020:10:44:49 +0800] "GET /favicon.ico HTTP/1.1" 404 -
172.17.0.185 - - [08/Dec/2020:10:44:49 +0800] "GET /xingrg/all/function/internal_message.html?_=1607395487170&CODE_STATE=getMsg HTTP/1.1" 200 27
172.17.0.111 - - [08/Dec/2020:10:44:53 +0800] "POST /xingrg/all/report/report_print.html HTTP/1.1" 200 13333
117.185.32.26 - - [08/Dec/2020:10:44:54 +0800] "GET /xingrg/all/function/internal_message.html?_=1607395952132&CODE_STATE=getMsg HTTP/1.1" 200 27
222.69.132.37 - - [08/Dec/2020:10:44:58 +0800] "GET /xingrg/all/function/internal_message.html?_=1607395497332&CODE_STATE=getMsg HTTP/1.1" 200 27
172.17.0.123 - - [08/Dec/2020:10:44:59 +0800] "GET /xingrg/all/function/internal_message.html?_=1607395425667&CODE_STATE=getMsg HTTP/1.1" 200 27
114.88.163.87 - - [08/Dec/2020:10:45:03 +0800] "GET /xingrg/all/function/internal_message.html?_=1607395630148&CODE_STATE=getMsg HTTP/1.1" 200 27
172.17.200.101 - - [08/Dec/2020:10:45:03 +0800] "GET /xingrg/check_reg.html?_=1607395503706 HTTP/1.1" 200 22
172.17.200.101 - - [08/Dec/2020:10:45:03 +0800] "GET /xingrg/all/function/internal_message.html?_=1607395503712&CODE_STATE=getMsg HTTP/1.1" 200 27
222.69.132.37 - - [08/Dec/2020:10:45:04 +0800] "GET /xingrg/all/function/internal_message.html?_=1607395503036&CODE_STATE=getMsg HTTP/1.1" 200 27
117.184.7.26 - - [08/Dec/2020:10:45:17 +0800] "GET /xingrg/all/function/internal_message.html?_=1607395512945&CODE_STATE=getMsg HTTP/1.1" 200 27
58.221.95.50 - - [08/Dec/2020:10:45:22 +0800] "GET /xingrg/all/function/internal_message.html?_=1607395540543&CODE_STATE=getMsg HTTP/1.1" 200 27
116.228.172.94 - - [08/Dec/2020:10:45:22 +0800] "GET /xingrg/all/function/internal_message.html?_=1607395521613&CODE_STATE=getMsg HTTP/1.1" 200 27
116.228.172.94 - - [08/Dec/2020:10:45:22 +0800] "GET /xingrg/check_reg.html?_=1607395521616 HTTP/1.1" 200 22
180.162.223.42 - - [08/Dec/2020:10:45:23 +0800] "GET /xingrg/all/function/internal_message.html?_=1607395522825&CODE_STATE=getMsg HTTP/1.1" 200 27
116.232.52.254 - - [08/Dec/2020:10:45:30 +0800] "GET /xingrg/all/function/internal_message.html?_=1607395529860&CODE_STATE=getMsg HTTP/1.1" 200 27
114.84.32.187 - - [08/Dec/2020:10:45:30 +0800] "GET /xingrg/all/function/internal_message.html?_=1607395538303&CODE_STATE=getMsg HTTP/1.1" 200 27
114.88.163.87 - - [08/Dec/2020:10:45:32 +0800] "GET /xingrg/kc/buy/cgsh_order_add.html HTTP/1.1" 200 60939
114.88.163.87 - - [08/Dec/2020:10:45:32 +0800] "GET /xingrg/words/20201207162459_words.js HTTP/1.1" 304 -
114.88.163.87 - - [08/Dec/2020:10:45:33 +0800] "GET /xingrg/all/function/internal_message.html?_=1607395526391&CODE_STATE=getMsg HTTP/1.1" 200 27
114.88.163.87 - - [08/Dec/2020:10:45:33 +0800] "POST /xingrg/kc/buy/cgsh_order_operate.html HTTP/1.1" 200 8245
114.88.163.87 - - [08/Dec/2020:10:45:33 +0800] "GET /xingrg/all/common/auto_word.html?type=employee&rest_code=00111 HTTP/1.1" 200 205
114.88.163.87 - - [08/Dec/2020:10:45:33 +0800] "GET /xingrg/all/common/auto_word.html?type=employee&rest_code=00111 HTTP/1.1" 200 205
114.88.163.87 - - [08/Dec/2020:10:45:33 +0800] "GET /xingrg/javascript/easyui/themes/default/validatebox.css HTTP/1.1" 404 1104
114.88.159.147 - - [08/Dec/2020:10:45:35 +0800] "GET /xingrg/all/function/internal_message.html?_=1607395111010&CODE_STATE=getMsg HTTP/1.1" 200 27
114.88.163.87 - - [08/Dec/2020:10:45:36 +0800] "GET /xingrg/javascript/jquery_tools/images/prev.gif HTTP/1.1" 404 1086
114.88.163.87 - - [08/Dec/2020:10:45:36 +0800] "GET /xingrg/javascript/jquery_tools/images/next.gif HTTP/1.1" 404 1086
172.17.0.111 - - [08/Dec/2020:10:45:37 +0800] "GET /xingrg/all/function/internal_message.html?_=1607395536551&CODE_STATE=getMsg HTTP/1.1" 200 27
114.88.163.87 - - [08/Dec/2020:10:45:40 +0800] "GET /xingrg/kc/buy/cgsh_order_operate.html?command=get_materiel&rest_code=00111&code=00101003016&supplier_code=00100094&order_time=2020-12-08 HTTP/1.1" 200 420
114.88.159.147 - - [08/Dec/2020:10:45:41 +0800] "GET /xingrg/all/function/internal_message.html?_=1607395536596&CODE_STATE=getMsg HTTP/1.1" 200 27
180.174.56.115 - - [08/Dec/2020:10:45:41 +0800] "GET /xingrg/all/function/internal_message.html?_=1607395542461&CODE_STATE=getMsg HTTP/1.1" 200 27
180.174.56.115 - - [08/Dec/2020:10:45:48 +0800] "GET /xingrg/all/function/internal_message.html?_=1607395515996&CODE_STATE=getMsg HTTP/1.1" 200 27
114.88.163.87 - - [08/Dec/2020:10:45:49 +0800] "GET /xingrg/kc/buy/cgsh_order_operate.html?command=get_materiel&rest_code=00111&code=00101002018&supplier_code=00100094&order_time=2020-12-08 HTTP/1.1" 200 414
172.17.0.185 - - [08/Dec/2020:10:45:49 +0800] "GET /xingrg/all/function/internal_message.html?_=1607395547143&CODE_STATE=getMsg HTTP/1.1" 200 27
117.185.32.26 - - [08/Dec/2020:10:45:54 +0800] "GET /xingrg/all/function/internal_message.html?_=1607396012131&CODE_STATE=getMsg HTTP/1.1" 200 27
117.185.32.26 - - [08/Dec/2020:10:45:54 +0800] "GET /xingrg/check_reg.html?_=1607396012133 HTTP/1.1" 200 22
114.88.163.87 - - [08/Dec/2020:10:45:57 +0800] "POST /xingrg/kc/buy/cgsh_order_operate.html HTTP/1.1" 200 37
222.69.132.37 - - [08/Dec/2020:10:45:58 +0800] "GET /xingrg/all/function/internal_message.html?_=1607395557333&CODE_STATE=getMsg HTTP/1.1" 200 27
172.17.0.123 - - [08/Dec/2020:10:45:59 +0800] "GET /xingrg/all/function/internal_message.html?_=1607395485669&CODE_STATE=getMsg HTTP/1.1" 200 27
114.88.163.87 - - [08/Dec/2020:10:46:02 +0800] "POST /xingrg/kc/buy/cgsh_order_operate.html HTTP/1.1" 200 3265
114.88.163.87 - - [08/Dec/2020:10:46:03 +0800] "GET /xingrg/all/function/internal_message.html?_=1607395690160&CODE_STATE=getMsg HTTP/1.1" 200 27
172.17.200.101 - - [08/Dec/2020:10:46:03 +0800] "GET /xingrg/all/function/internal_message.html?_=1607395563699&CODE_STATE=getMsg HTTP/1.1" 200 27
114.88.163.87 - - [08/Dec/2020:10:46:04 +0800] "GET /xingrg/kc/print/load_config.html?kc_code=cgsh HTTP/1.1" 200 1845
222.69.132.37 - - [08/Dec/2020:10:46:04 +0800] "GET /xingrg/all/function/internal_message.html?_=1607395563041&CODE_STATE=getMsg HTTP/1.1" 200 27
222.69.132.37 - - [08/Dec/2020:10:46:04 +0800] "GET /xingrg/check_reg.html?_=1607395563049 HTTP/1.1" 200 22
114.88.163.87 - - [08/Dec/2020:10:46:04 +0800] "GET /xingrg/kc/print/load_data.html?order_code=212020120802899&kc_code=cgsh&condition= HTTP/1.1" 200 987
117.184.7.26 - - [08/Dec/2020:10:46:06 +0800] "GET /xingrg/check_reg.html?_=1607395561748 HTTP/1.1" 200 22
114.88.163.87 - - [08/Dec/2020:10:46:15 +0800] "GET /xingrg/kc/buy/cgsh_order_add.html HTTP/1.1" 200 60939
114.88.163.87 - - [08/Dec/2020:10:46:15 +0800] "POST /xingrg/kc/buy/cgsh_order_operate.html HTTP/1.1" 200 8245
114.88.163.87 - - [08/Dec/2020:10:46:15 +0800] "GET /xingrg/javascript/easyui/themes/default/validatebox.css HTTP/1.1" 404 1104
117.184.7.26 - - [08/Dec/2020:10:46:17 +0800] "GET /xingrg/all/function/internal_message.html?_=1607395572927&CODE_STATE=getMsg HTTP/1.1" 200 27
180.162.223.42 - - [08/Dec/2020:10:46:18 +0800] "GET /xingrg/kc/buy/cgsh_order_list.html HTTP/1.1" 200 45202
58.39.70.83 - - [08/Dec/2020:10:46:18 +0800] "GET /favicon.ico HTTP/1.1" 404 -
180.162.223.42 - - [08/Dec/2020:10:46:19 +0800] "POST /xingrg/kc/buy/cgsh_list_operate.html HTTP/1.1" 200 2769
58.221.95.50 - - [08/Dec/2020:10:46:22 +0800] "GET /xingrg/check_reg.html?_=1607395600543 HTTP/1.1" 200 22
58.221.95.50 - - [08/Dec/2020:10:46:22 +0800] "GET /xingrg/all/function/internal_message.html?_=1607395600546&CODE_STATE=getMsg HTTP/1.1" 200 27
114.88.163.87 - - [08/Dec/2020:10:46:22 +0800] "GET /xingrg/kc/buy/cgsh_order_operate.html?command=get_materiel&rest_code=00111&code=00101003033&supplier_code=00100092&order_time=2020-12-08 HTTP/1.1" 200 424
180.162.223.42 - - [08/Dec/2020:10:46:22 +0800] "GET /xingrg/kc/buy/cgsh_order_add.html HTTP/1.1" 200 60986
116.228.172.94 - - [08/Dec/2020:10:46:22 +0800] "GET /xingrg/all/function/internal_message.html?_=1607395581615&CODE_STATE=getMsg HTTP/1.1" 200 27
180.162.223.42 - - [08/Dec/2020:10:46:22 +0800] "POST /xingrg/kc/buy/cgsh_order_operate.html HTTP/1.1" 200 8245
180.162.223.42 - - [08/Dec/2020:10:46:22 +0800] "GET /xingrg/javascript/easyui/themes/default/validatebox.css HTTP/1.1" 404 1104
180.162.223.42 - - [08/Dec/2020:10:46:23 +0800] "GET /xingrg/check_reg.html?_=1607395582822 HTTP/1.1" 200 22
180.162.223.42 - - [08/Dec/2020:10:46:23 +0800] "GET /xingrg/all/function/internal_message.html?_=1607395582825&CODE_STATE=getMsg HTTP/1.1" 200 27
58.39.70.83 - - [08/Dec/2020:10:46:27 +0800] "GET /xingrg/index.html?sysBaseUrl=http%3A%2F%2F180.169.147.146%3A18081%2Fxingrg%2F&costTime=37×tamp=1585291106495 HTTP/1.1" 302 -
58.39.70.83 - - [08/Dec/2020:10:46:27 +0800] "GET /xingrg/login.html HTTP/1.1" 200 7641
58.39.70.83 - - [08/Dec/2020:10:46:28 +0800] "GET /favicon.ico HTTP/1.1" 404 -
116.232.52.254 - - [08/Dec/2020:10:46:30 +0800] "GET /xingrg/all/function/internal_message.html?_=1607395589863&CODE_STATE=getMsg HTTP/1.1" 200 27
114.84.32.187 - - [08/Dec/2020:10:46:31 +0800] "GET /xingrg/all/function/internal_message.html?_=1607395598634&CODE_STATE=getMsg HTTP/1.1" 200 27
114.88.163.87 - - [08/Dec/2020:10:46:31 +0800] "POST /xingrg/kc/buy/cgsh_order_operate.html HTTP/1.1" 200 37
114.88.163.87 - - [08/Dec/2020:10:46:32 +0800] "POST /xingrg/kc/buy/cgsh_order_operate.html HTTP/1.1" 200 2673
114.88.163.87 - - [08/Dec/2020:10:46:33 +0800] "GET /xingrg/kc/print/load_data.html?order_code=212020120802900&kc_code=cgsh&condition= HTTP/1.1" 200 741
114.88.163.87 - - [08/Dec/2020:10:46:33 +0800] "GET /xingrg/all/function/internal_message.html?_=1607395586396&CODE_STATE=getMsg HTTP/1.1" 200 27
114.88.159.147 - - [08/Dec/2020:10:46:35 +0800] "GET /xingrg/all/function/internal_message.html?_=1607395171010&CODE_STATE=getMsg HTTP/1.1" 200 27
172.17.0.111 - - [08/Dec/2020:10:46:37 +0800] "GET /xingrg/all/function/internal_message.html?_=1607395596555&CODE_STATE=getMsg HTTP/1.1" 200 27
180.162.223.42 - - [08/Dec/2020:10:46:38 +0800] "GET /xingrg/kc/buy/cgsh_order_operate.html?command=get_materiel&rest_code=00105&code=00101009062&supplier_code=00100024&order_time=2020-12-08 HTTP/1.1" 200 433
114.88.159.147 - - [08/Dec/2020:10:46:41 +0800] "GET /xingrg/all/function/internal_message.html?_=1607395596596&CODE_STATE=getMsg HTTP/1.1" 200 27
180.174.56.115 - - [08/Dec/2020:10:46:41 +0800] "GET /xingrg/all/function/internal_message.html?_=1607395602455&CODE_STATE=getMsg HTTP/1.1" 200 27
180.174.56.115 - - [08/Dec/2020:10:46:48 +0800] "GET /xingrg/all/function/internal_message.html?_=1607395576010&CODE_STATE=getMsg HTTP/1.1" 200 27
172.17.0.185 - - [08/Dec/2020:10:46:49 +0800] "GET /xingrg/all/function/internal_message.html?_=1607395607157&CODE_STATE=getMsg HTTP/1.1" 200 27
172.17.0.185 - - [08/Dec/2020:10:46:49 +0800] "GET /xingrg/check_reg.html?_=1607395607177 HTTP/1.1" 200 22
58.39.70.83 - - [08/Dec/2020:10:46:49 +0800] "POST /xingrg/login.do HTTP/1.1" 200 2421
58.39.70.83 - - [08/Dec/2020:10:46:49 +0800] "GET /favicon.ico HTTP/1.1" 404 -
58.39.70.83 - - [08/Dec/2020:10:46:51 +0800] "GET /xingrg/login.html HTTP/1.1" 200 7641
58.39.70.83 - - [08/Dec/2020:10:46:51 +0800] "GET /favicon.ico HTTP/1.1" 404 -
117.185.32.26 - - [08/Dec/2020:10:46:54 +0800] "GET /xingrg/all/function/internal_message.html?_=1607396072161&CODE_STATE=getMsg HTTP/1.1" 200 27
120.253.135.82 - - [08/Dec/2020:10:46:54 +0800] "GET /xingrg/check_reg.html?_=1607395357635 HTTP/1.1" 200 22
120.253.135.82 - - [08/Dec/2020:10:46:54 +0800] "GET /xingrg/all/function/internal_message.html?_=1607395357514&CODE_STATE=getMsg HTTP/1.1" 200 27
61.129.6.203 - - [08/Dec/2020:10:46:55 +0800] "GET /xingrg/all/function/internal_message.html?_=1607394996817&CODE_STATE=getMsg HTTP/1.1" 302 -
222.69.132.37 - - [08/Dec/2020:10:46:58 +0800] "GET /xingrg/all/function/internal_message.html?_=1607395617348&CODE_STATE=getMsg HTTP/1.1" 200 27
172.17.0.123 - - [08/Dec/2020:10:46:59 +0800] "GET /xingrg/all/function/internal_message.html?_=1607395545672&CODE_STATE=getMsg HTTP/1.1" 200 27
172.17.0.123 - - [08/Dec/2020:10:46:59 +0800] "GET /xingrg/check_reg.html?_=1607395545670 HTTP/1.1" 200 22
58.39.70.83 - - [08/Dec/2020:10:47:00 +0800] "POST /xingrg/login.do HTTP/1.1" 302 -
58.39.70.83 - - [08/Dec/2020:10:47:00 +0800] "GET /xingrg/index.html?sysBaseUrl=http%3A%2F%2F180.169.147.146%3A18081%2Fxingrg%2F&costTime=43×tamp=1607395620372 HTTP/1.1" 200 17419
58.39.70.83 - - [08/Dec/2020:10:47:00 +0800] "POST /xingrg/all/common/load_tree.html?tree=area_rest_tree_json&manage=1 HTTP/1.1" 200 470
58.39.70.83 - - [08/Dec/2020:10:47:00 +0800] "GET /xingrg/check_reg.html?_=1607395622031 HTTP/1.1" 200 22
58.39.70.83 - - [08/Dec/2020:10:47:00 +0800] "GET /xingrg/all/function/internal_message.html?_=1607395622028&CODE_STATE=count HTTP/1.1" 200 11
58.39.70.83 - - [08/Dec/2020:10:47:00 +0800] "GET /favicon.ico HTTP/1.1" 404 -
58.39.70.83 - - [08/Dec/2020:10:47:00 +0800] "POST /xingrg/load_menu.html HTTP/1.1" 200 9959
180.162.223.42 - - [08/Dec/2020:10:47:02 +0800] "GET /xingrg/kc/buy/cgsh_order_operate.html?command=get_materiel&rest_code=00105&code=00101009019&supplier_code=00100024&order_time=2020-12-08 HTTP/1.1" 200 432
114.88.163.87 - - [08/Dec/2020:10:47:03 +0800] "GET /xingrg/all/function/internal_message.html?_=1607395750154&CODE_STATE=getMsg HTTP/1.1" 200 27
172.17.200.101 - - [08/Dec/2020:10:47:03 +0800] "GET /xingrg/all/function/internal_message.html?_=1607395623699&CODE_STATE=getMsg HTTP/1.1" 200 27
120.253.135.82 - - [08/Dec/2020:10:47:04 +0800] "GET /xingrg/kc/pszx/mdqp_order_list.html?state=10 HTTP/1.1" 200 10175
120.253.135.82 - - [08/Dec/2020:10:47:04 +0800] "GET /xingrg/dwr/interface/AjaxReportQueryService.js HTTP/1.1" 200 13203
120.253.135.82 - - [08/Dec/2020:10:47:04 +0800] "GET /xingrg/dwr/interface/AjaxQqpsService.js HTTP/1.1" 200 16326
120.253.135.82 - - [08/Dec/2020:10:47:04 +0800] "GET /xingrg/dwr/util.js HTTP/1.1" 200 35990
120.253.135.82 - - [08/Dec/2020:10:47:04 +0800] "GET /xingrg/javascript/Calendar.js HTTP/1.1" 200 31561
120.253.135.82 - - [08/Dec/2020:10:47:04 +0800] "GET /xingrg/dwr/engine.js HTTP/1.1" 200 43631
120.253.135.82 - - [08/Dec/2020:10:47:04 +0800] "GET /xingrg/javascript/jquery_easy_ui/themes/icons/uncheck_new.png HTTP/1.1" 200 3197
120.253.135.82 - - [08/Dec/2020:10:47:04 +0800] "GET /xingrg/javascript/jquery_easy_ui/themes/icons/check_new.png HTTP/1.1" 200 3224
222.69.132.37 - - [08/Dec/2020:10:47:04 +0800] "GET /xingrg/all/function/internal_message.html?_=1607395623050&CODE_STATE=getMsg HTTP/1.1" 200 27
61.129.6.203 - - [08/Dec/2020:10:47:05 +0800] "GET /xingrg/login.html HTTP/1.1" 200 7641
180.162.223.42 - - [08/Dec/2020:10:47:08 +0800] "GET /xingrg/kc/buy/cgsh_order_operate.html?command=get_materiel&rest_code=00105&code=00101009039&supplier_code=00100024&order_time=2020-12-08 HTTP/1.1" 200 408
58.39.70.83 - - [08/Dec/2020:10:47:13 +0800] "POST /xingrg/load_menu.html HTTP/1.1" 200 9242
101.91.60.105 - - [08/Dec/2020:10:47:14 +0800] "GET /xingrg/all/function/internal_message.html?_=1607394936812&CODE_STATE=getMsg HTTP/1.1" 302 -
58.39.70.83 - - [08/Dec/2020:10:47:14 +0800] "GET /xingrg/all/report/report_query.html?fileName=dma/new_5.0/yingye/order_list.xml HTTP/1.1" 200 55281
58.39.70.83 - - [08/Dec/2020:10:47:14 +0800] "GET /xingrg/dwr/util.js HTTP/1.1" 304 -
58.39.70.83 - - [08/Dec/2020:10:47:14 +0800] "GET /xingrg/dwr/interface/AjaxReportQueryService.js HTTP/1.1" 200 13203
58.39.70.83 - - [08/Dec/2020:10:47:14 +0800] "GET /xingrg/dwr/engine.js HTTP/1.1" 200 43631
114.84.32.187 - - [08/Dec/2020:10:47:14 +0800] "GET /xingrg/check_reg.html?_=1607395642235 HTTP/1.1" 200 22
58.39.70.83 - - [08/Dec/2020:10:47:14 +0800] "POST /xingrg/dwr/call/plaincall/AjaxReportQueryService.getFixDate.dwr HTTP/1.1" 200 111
58.39.70.83 - - [08/Dec/2020:10:47:14 +0800] "POST /xingrg/all/common/load_tree.html?tree=area_station_tree_json&manage=1 HTTP/1.1" 200 460
58.39.70.83 - - [08/Dec/2020:10:47:15 +0800] "POST /xingrg/dwr/call/plaincall/AjaxReportQueryService.getInitString.dwr HTTP/1.1" 200 76
58.39.70.83 - - [08/Dec/2020:10:47:15 +0800] "GET /xingrg/javascript/multi_select/dropdown.gif HTTP/1.1" 200 61
172.17.0.111 - - [08/Dec/2020:10:47:15 +0800] "POST /xingrg/all/user/operate.html HTTP/1.1" 200 36
172.17.0.111 - - [08/Dec/2020:10:47:15 +0800] "GET /xingrg/index.html?sysBaseUrl=http%3A%2F%2F172.17.0.8%3A18081%2Fxingrg%2F&costTime=42×tamp=1607394754629 HTTP/1.1" 200 17448
172.17.0.111 - - [08/Dec/2020:10:47:15 +0800] "GET /xingrg/javascript/jquery_easy_ui/themes/default/easyui.css HTTP/1.1" 304 -
172.17.0.111 - - [08/Dec/2020:10:47:15 +0800] "GET /xingrg/javascript/jquery_easy_ui/themes/icon.css HTTP/1.1" 304 -
172.17.0.111 - - [08/Dec/2020:10:47:15 +0800] "GET /xingrg/css/form.css HTTP/1.1" 304 -
172.17.0.111 - - [08/Dec/2020:10:47:15 +0800] "GET /xingrg/javascript/jquery-1.4.2.min.js HTTP/1.1" 304 -
172.17.0.111 - - [08/Dec/2020:10:47:15 +0800] "GET /xingrg/javascript/jquery_easy_ui/jquery.easyui.min.js HTTP/1.1" 304 -
172.17.0.111 - - [08/Dec/2020:10:47:15 +0800] "GET /xingrg/javascript/jquery_easy_ui/easyui-lang-zh_CN.js HTTP/1.1" 304 -
172.17.0.111 - - [08/Dec/2020:10:47:15 +0800] "GET /xingrg/javascript/jquery.form.js HTTP/1.1" 304 -
172.17.0.111 - - [08/Dec/2020:10:47:15 +0800] "GET /xingrg/javascript/jquery.utils.js HTTP/1.1" 304 -
172.17.0.111 - - [08/Dec/2020:10:47:15 +0800] "GET /xingrg/javascript/jquery.timers.js HTTP/1.1" 304 -
172.17.0.111 - - [08/Dec/2020:10:47:15 +0800] "GET /xingrg/images/blue/jxLogo.png HTTP/1.1" 304 -
172.17.0.111 - - [08/Dec/2020:10:47:15 +0800] "POST /xingrg/all/common/load_tree.html?tree=area_rest_tree_json&manage=1 HTTP/1.1" 200 3350
172.17.0.111 - - [08/Dec/2020:10:47:15 +0800] "GET /xingrg/all/function/internal_message.html?_=1607395634358&CODE_STATE=count HTTP/1.1" 200 11
172.17.0.111 - - [08/Dec/2020:10:47:15 +0800] "GET /xingrg/check_reg.html?_=1607395634360 HTTP/1.1" 200 22
172.17.0.111 - - [08/Dec/2020:10:47:15 +0800] "GET /xingrg/javascript/jquery_easy_ui/themes/default/images/tabs_leftarrow.png HTTP/1.1" 304 -
172.17.0.111 - - [08/Dec/2020:10:47:15 +0800] "GET /xingrg/images/blue/navBackgound.jpg HTTP/1.1" 304 -
172.17.0.111 - - [08/Dec/2020:10:47:15 +0800] "GET /xingrg/images/blue/pingpu.png HTTP/1.1" 304 -
172.17.0.111 - - [08/Dec/2020:10:47:15 +0800] "GET /xingrg/javascript/jquery_easy_ui/themes/icons/settle_new.png HTTP/1.1" 304 -
172.17.0.111 - - [08/Dec/2020:10:47:15 +0800] "GET /xingrg/javascript/jquery_easy_ui/themes/default/images/panel_tool_expand.gif HTTP/1.1" 304 -
172.17.0.111 - - [08/Dec/2020:10:47:15 +0800] "GET /xingrg/javascript/jquery_easy_ui/themes/default/images/tabs_rightarrow.png HTTP/1.1" 304 -
172.17.0.111 - - [08/Dec/2020:10:47:15 +0800] "GET /xingrg/javascript/jquery_easy_ui/themes/default/images/panel_tool_collapse.gif HTTP/1.1" 304 -
172.17.0.111 - - [08/Dec/2020:10:47:15 +0800] "POST /xingrg/load_menu.html HTTP/1.1" 200 9924
117.184.7.26 - - [08/Dec/2020:10:47:17 +0800] "GET /xingrg/all/function/internal_message.html?_=1607395632912&CODE_STATE=getMsg HTTP/1.1" 200 27
172.17.0.111 - - [08/Dec/2020:10:47:17 +0800] "GET /xingrg/kc/report/report_main.html HTTP/1.1" 200 7325
172.17.0.111 - - [08/Dec/2020:10:47:19 +0800] "GET /xingrg/all/report/report_query.html?fileName=kc/buy/gys_amount_category.xml&rh=99999 HTTP/1.1" 200 51803
172.17.0.111 - - [08/Dec/2020:10:47:19 +0800] "GET /xingrg/dwr/interface/AjaxReportQueryService.js HTTP/1.1" 200 13203
172.17.0.111 - - [08/Dec/2020:10:47:19 +0800] "GET /xingrg/dwr/engine.js HTTP/1.1" 200 43631
172.17.0.111 - - [08/Dec/2020:10:47:19 +0800] "POST /xingrg/dwr/call/plaincall/AjaxReportQueryService.getFixDate.dwr HTTP/1.1" 200 111
172.17.0.111 - - [08/Dec/2020:10:47:20 +0800] "POST /xingrg/dwr/call/plaincall/AjaxReportQueryService.getInitString.dwr HTTP/1.1" 200 993
172.17.0.111 - - [08/Dec/2020:10:47:20 +0800] "POST /xingrg/all/common/load_tree.html?tree=supplier_tree_json&manage=1 HTTP/1.1" 200 53093
172.17.0.111 - - [08/Dec/2020:10:47:20 +0800] "POST /xingrg/all/common/load_tree.html?tree=materiel_sort_tree_json HTTP/1.1" 200 8666
172.17.0.111 - - [08/Dec/2020:10:47:21 +0800] "POST /xingrg/dwr/call/plaincall/AjaxReportQueryService.getFixDate.dwr HTTP/1.1" 200 111
58.221.95.50 - - [08/Dec/2020:10:47:22 +0800] "GET /xingrg/all/function/internal_message.html?_=1607395660545&CODE_STATE=getMsg HTTP/1.1" 200 27
172.17.0.111 - - [08/Dec/2020:10:47:22 +0800] "POST /xingrg/dwr/call/plaincall/AjaxReportQueryService.refreshCache.dwr HTTP/1.1" 200 78
116.228.172.94 - - [08/Dec/2020:10:47:22 +0800] "GET /xingrg/all/function/internal_message.html?_=1607395641626&CODE_STATE=getMsg HTTP/1.1" 200 27
180.162.223.42 - - [08/Dec/2020:10:47:23 +0800] "GET /xingrg/all/function/internal_message.html?_=1607395642870&CODE_STATE=getMsg HTTP/1.1" 200 27
101.91.60.105 - - [08/Dec/2020:10:47:24 +0800] "GET /xingrg/login.html HTTP/1.1" 200 7641
172.17.0.111 - - [08/Dec/2020:10:47:25 +0800] "POST /xingrg/all/report/load_report_page.html HTTP/1.1" 200 144677
172.17.0.111 - - [08/Dec/2020:10:47:25 +0800] "GET /xingrg/servlets/image?cache=0.05936276744079849&image=px HTTP/1.1" 200 807
120.253.135.82 - - [08/Dec/2020:10:47:28 +0800] "GET /xingrg/kc/pszx/mdps_order_list.html?orderType=0 HTTP/1.1" 200 21238
120.253.135.82 - - [08/Dec/2020:10:47:28 +0800] "GET /xingrg/javascript/jquery_tools/table.css HTTP/1.1" 200 1032
120.253.135.82 - - [08/Dec/2020:10:47:28 +0800] "GET /xingrg/javascript/jquery_tools/jquery.tools.table.js HTTP/1.1" 200 6994
120.253.135.82 - - [08/Dec/2020:10:47:28 +0800] "GET /xingrg/javascript/easyui/themes/default/easyui.css HTTP/1.1" 200 30432
120.253.135.82 - - [08/Dec/2020:10:47:28 +0800] "GET /xingrg/javascript/easyui/themes/icons/cance_new.png HTTP/1.1" 200 3986
120.253.135.82 - - [08/Dec/2020:10:47:28 +0800] "GET /xingrg/javascript/easyui/themes/icons/check_new.png HTTP/1.1" 200 3224
120.253.135.82 - - [08/Dec/2020:10:47:28 +0800] "GET /xingrg/javascript/easyui/themes/icons/edit_add_new.png HTTP/1.1" 200 2997
120.253.135.82 - - [08/Dec/2020:10:47:28 +0800] "GET /xingrg/javascript/easyui/themes/icons/uncheck_new.png HTTP/1.1" 200 3197
120.253.135.82 - - [08/Dec/2020:10:47:28 +0800] "POST /xingrg/kc/pszx/mdps_list_operate.html HTTP/1.1" 200 5397
120.253.135.82 - - [08/Dec/2020:10:47:30 +0800] "GET /xingrg/javascript/easyui/themes/default/images/button_plain_hover.png HTTP/1.1" 200 144
120.253.135.82 - - [08/Dec/2020:10:47:30 +0800] "GET /xingrg/javascript/easyui/themes/default/images/button_plain_hover.png HTTP/1.1" 200 144
172.17.0.111 - - [08/Dec/2020:10:47:30 +0800] "POST /xingrg/all/report/report_print.html HTTP/1.1" 200 13845
58.40.7.146 - - [08/Dec/2020:10:47:30 +0800] "POST /xingrg/services/DataTransmitService HTTP/1.1" 200 524
116.232.52.254 - - [08/Dec/2020:10:47:30 +0800] "GET /xingrg/all/function/internal_message.html?_=1607395649866&CODE_STATE=getMsg HTTP/1.1" 200 27
120.253.135.82 - - [08/Dec/2020:10:47:30 +0800] "GET /xingrg/kc/pszx/mdps_order_add.html HTTP/1.1" 200 29216
120.253.135.82 - - [08/Dec/2020:10:47:30 +0800] "GET /xingrg/javascript/print/kc_print.js HTTP/1.1" 200 11415
120.253.135.82 - - [08/Dec/2020:10:47:30 +0800] "GET /xingrg/javascript/jquery_tools/order_manager.js HTTP/1.1" 200 11183
120.253.135.82 - - [08/Dec/2020:10:47:30 +0800] "GET /xingrg/words/20201207162459_words.js HTTP/1.1" 200 779770
120.253.135.82 - - [08/Dec/2020:10:47:30 +0800] "GET /xingrg/javascript/easyui/themes/icons/copy_new.png HTTP/1.1" 200 815
120.253.135.82 - - [08/Dec/2020:10:47:30 +0800] "GET /xingrg/javascript/easyui/themes/icons/ok.png HTTP/1.1" 200 883
120.253.135.82 - - [08/Dec/2020:10:47:30 +0800] "GET /xingrg/javascript/easyui/themes/icons/print.png HTTP/1.1" 200 1057
120.253.135.82 - - [08/Dec/2020:10:47:30 +0800] "GET /xingrg/javascript/easyui/themes/icons/cancel.png HTTP/1.1" 200 1133
120.253.135.82 - - [08/Dec/2020:10:47:30 +0800] "GET /xingrg/javascript/easyui/themes/default/images/menu_downarrow.png HTTP/1.1" 200 173
114.84.32.187 - - [08/Dec/2020:10:47:31 +0800] "GET /xingrg/all/function/internal_message.html?_=1607395658641&CODE_STATE=getMsg HTTP/1.1" 200 27
120.253.135.82 - - [08/Dec/2020:10:47:31 +0800] "POST /xingrg/kc/pszx/mdps_order_operate.html HTTP/1.1" 200 7126
120.253.135.82 - - [08/Dec/2020:10:47:31 +0800] "GET /xingrg/javascript/easyui/themes/icons/edit_remove.png HTTP/1.1" 200 625
120.253.135.82 - - [08/Dec/2020:10:47:31 +0800] "GET /xingrg/javascript/easyui/themes/default/validatebox.css HTTP/1.1" 404 1104
120.253.135.82 - - [08/Dec/2020:10:47:31 +0800] "GET /xingrg/javascript/easyui/plugins/jquery.validatebox.js HTTP/1.1" 200 6103
120.253.135.82 - - [08/Dec/2020:10:47:31 +0800] "GET /xingrg/javascript/easyui/plugins/jquery.numberbox.js HTTP/1.1" 200 5213
120.253.135.82 - - [08/Dec/2020:10:47:32 +0800] "GET /xingrg/javascript/auto/indicator.gif HTTP/1.1" 404 1066
114.88.163.87 - - [08/Dec/2020:10:47:33 +0800] "GET /xingrg/all/function/internal_message.html?_=1607395646461&CODE_STATE=getMsg HTTP/1.1" 200 27
114.88.159.147 - - [08/Dec/2020:10:47:35 +0800] "GET /xingrg/all/function/internal_message.html?_=1607395231009&CODE_STATE=getMsg HTTP/1.1" 200 27
120.253.135.82 - - [08/Dec/2020:10:47:35 +0800] "POST /xingrg/all/common/load_combo.html?type=base HTTP/1.1" 200 984
114.88.163.87 - - [08/Dec/2020:10:47:36 +0800] "GET /xingrg/kc/buy/cgsh_order_add.html HTTP/1.1" 200 60939
114.88.163.87 - - [08/Dec/2020:10:47:37 +0800] "POST /xingrg/kc/buy/cgsh_order_operate.html HTTP/1.1" 200 8245
114.88.163.87 - - [08/Dec/2020:10:47:37 +0800] "GET /xingrg/javascript/easyui/themes/default/validatebox.css HTTP/1.1" 404 1104
114.88.159.147 - - [08/Dec/2020:10:47:41 +0800] "GET /xingrg/all/function/internal_message.html?_=1607395656570&CODE_STATE=getMsg HTTP/1.1" 200 27
180.174.56.115 - - [08/Dec/2020:10:47:41 +0800] "GET /xingrg/all/function/internal_message.html?_=1607395662459&CODE_STATE=getMsg HTTP/1.1" 200 27
180.174.56.115 - - [08/Dec/2020:10:47:41 +0800] "GET /xingrg/check_reg.html?_=1607395662465 HTTP/1.1" 200 22
58.39.70.83 - - [08/Dec/2020:10:47:42 +0800] "POST /xingrg/dwr/call/plaincall/AjaxReportQueryService.getFixDate.dwr HTTP/1.1" 200 111
114.88.163.87 - - [08/Dec/2020:10:47:43 +0800] "GET /xingrg/kc/buy/cgsh_order_operate.html?command=get_materiel&rest_code=00111&code=00101002038&supplier_code=00100087&order_time=2020-12-08 HTTP/1.1" 200 414
58.39.70.83 - - [08/Dec/2020:10:47:45 +0800] "POST /xingrg/dwr/call/plaincall/AjaxReportQueryService.queryInitializeString.dwr HTTP/1.1" 200 76
180.162.223.42 - - [08/Dec/2020:10:47:46 +0800] "POST /xingrg/kc/buy/cgsh_order_operate.html HTTP/1.1" 200 37
120.253.135.82 - - [08/Dec/2020:10:47:46 +0800] "GET /xingrg/all/function/internal_message.html?_=1607395417525&CODE_STATE=getMsg HTTP/1.1" 200 27
180.162.223.42 - - [08/Dec/2020:10:47:47 +0800] "POST /xingrg/kc/buy/cgsh_order_operate.html HTTP/1.1" 200 5012
58.39.70.83 - - [08/Dec/2020:10:47:48 +0800] "POST /xingrg/dwr/call/plaincall/AjaxReportQueryService.refreshCache.dwr HTTP/1.1" 200 78
58.39.70.83 - - [08/Dec/2020:10:47:48 +0800] "POST /xingrg/all/report/load_report_page.html HTTP/1.1" 200 89
180.162.223.42 - - [08/Dec/2020:10:47:48 +0800] "GET /xingrg/kc/print/load_data.html?order_code=212020120802901&kc_code=cgsh&condition= HTTP/1.1" 200 1579
180.174.56.115 - - [08/Dec/2020:10:47:48 +0800] "GET /xingrg/all/function/internal_message.html?_=1607395636026&CODE_STATE=getMsg HTTP/1.1" 200 27
120.253.135.82 - - [08/Dec/2020:10:47:49 +0800] "GET /xingrg/kc/pszx/mdps_order_operate.html?command=get_materiel&pszx_code=00101&rest_code=00102&base_code=0010246&code=00101034100 HTTP/1.1" 200 428
172.17.0.185 - - [08/Dec/2020:10:47:49 +0800] "GET /xingrg/all/function/internal_message.html?_=1607395667162&CODE_STATE=getMsg HTTP/1.1" 200 27
114.88.163.87 - - [08/Dec/2020:10:47:51 +0800] "POST /xingrg/kc/buy/cgsh_order_operate.html HTTP/1.1" 200 37
114.88.163.87 - - [08/Dec/2020:10:47:52 +0800] "POST /xingrg/kc/buy/cgsh_order_operate.html HTTP/1.1" 200 2662
114.88.163.87 - - [08/Dec/2020:10:47:53 +0800] "GET /xingrg/kc/print/load_data.html?order_code=212020120802902&kc_code=cgsh&condition= HTTP/1.1" 200 730
117.185.32.26 - - [08/Dec/2020:10:47:54 +0800] "GET /xingrg/all/function/internal_message.html?_=1607396132159&CODE_STATE=getMsg HTTP/1.1" 200 27
120.253.135.82 - - [08/Dec/2020:10:47:56 +0800] "POST /xingrg/kc/pszx/mdps_order_operate.html HTTP/1.1" 200 37
120.253.135.82 - - [08/Dec/2020:10:47:56 +0800] "GET /xingrg/kc/pszx/mdps_order_info.html?code=312020120800214 HTTP/1.1" 200 23881
120.253.135.82 - - [08/Dec/2020:10:47:57 +0800] "POST /xingrg/kc/pszx/mdps_order_operate.html HTTP/1.1" 200 2285
120.253.135.82 - - [08/Dec/2020:10:47:57 +0800] "GET /xingrg/javascript/easyui/themes/default/validatebox.css HTTP/1.1" 404 1104
114.88.163.87 - - [08/Dec/2020:10:47:58 +0800] "GET /xingrg/kc/buy/cgsh_order_add.html HTTP/1.1" 200 60939
114.88.163.87 - - [08/Dec/2020:10:47:58 +0800] "POST /xingrg/kc/buy/cgsh_order_operate.html HTTP/1.1" 200 8245
222.69.132.37 - - [08/Dec/2020:10:47:58 +0800] "GET /xingrg/check_reg.html?_=1607395677348 HTTP/1.1" 200 22
222.69.132.37 - - [08/Dec/2020:10:47:58 +0800] "GET /xingrg/all/function/internal_message.html?_=1607395677355&CODE_STATE=getMsg HTTP/1.1" 200 27
114.88.163.87 - - [08/Dec/2020:10:47:58 +0800] "GET /xingrg/javascript/easyui/themes/default/validatebox.css HTTP/1.1" 404 1104
172.17.0.123 - - [08/Dec/2020:10:47:59 +0800] "GET /xingrg/all/function/internal_message.html?_=1607395605672&CODE_STATE=getMsg HTTP/1.1" 200 27
58.39.70.83 - - [08/Dec/2020:10:48:00 +0800] "GET /xingrg/all/function/internal_message.html?_=1607395682049&CODE_STATE=getMsg HTTP/1.1" 200 27
114.88.163.87 - - [08/Dec/2020:10:48:03 +0800] "GET /xingrg/all/function/internal_message.html?_=1607395810173&CODE_STATE=getMsg HTTP/1.1" 200 27
114.88.163.87 - - [08/Dec/2020:10:48:03 +0800] "GET /xingrg/check_reg.html?_=1607395810174 HTTP/1.1" 200 22
172.17.200.101 - - [08/Dec/2020:10:48:03 +0800] "GET /xingrg/all/function/internal_message.html?_=1607395683702&CODE_STATE=getMsg HTTP/1.1" 200 27
114.88.163.87 - - [08/Dec/2020:10:48:03 +0800] "GET /xingrg/check_reg.html?_=1607395677055 HTTP/1.1" 200 22
222.69.132.37 - - [08/Dec/2020:10:48:04 +0800] "GET /xingrg/all/function/internal_message.html?_=1607395683043&CODE_STATE=getMsg HTTP/1.1" 200 27
114.88.163.87 - - [08/Dec/2020:10:48:06 +0800] "GET /xingrg/kc/buy/cgsh_order_operate.html?command=get_materiel&rest_code=00111&code=00101004011&supplier_code=00100088&order_time=2020-12-08 HTTP/1.1" 200 433
114.88.163.87 - - [08/Dec/2020:10:48:11 +0800] "POST /xingrg/kc/buy/cgsh_order_operate.html HTTP/1.1" 200 37
114.88.163.87 - - [08/Dec/2020:10:48:12 +0800] "POST /xingrg/kc/buy/cgsh_order_operate.html HTTP/1.1" 200 2660
114.88.163.87 - - [08/Dec/2020:10:48:13 +0800] "GET /xingrg/kc/print/load_data.html?order_code=212020120802903&kc_code=cgsh&condition= HTTP/1.1" 200 744
120.253.135.82 - - [08/Dec/2020:10:48:14 +0800] "POST /xingrg/kc/pszx/mdps_order_operate.html HTTP/1.1" 200 37
172.17.0.111 - - [08/Dec/2020:10:48:15 +0800] "GET /xingrg/all/function/internal_message.html?_=1607395694370&CODE_STATE=getMsg HTTP/1.1" 200 27
120.253.135.82 - - [08/Dec/2020:10:48:15 +0800] "GET /xingrg/kc/pszx/mdps_order_info.html?code=312020120800214 HTTP/1.1" 200 23887
120.253.135.82 - - [08/Dec/2020:10:48:16 +0800] "GET /xingrg/javascript/easyui/themes/default/validatebox.css HTTP/1.1" 404 1104
120.253.135.82 - - [08/Dec/2020:10:48:16 +0800] "POST /xingrg/kc/pszx/mdps_order_operate.html HTTP/1.1" 200 2285
117.184.7.26 - - [08/Dec/2020:10:48:17 +0800] "GET /xingrg/all/function/internal_message.html?_=1607395692897&CODE_STATE=getMsg HTTP/1.1" 200 27
114.88.163.87 - - [08/Dec/2020:10:48:17 +0800] "GET /xingrg/kc/buy/cgsh_order_add.html HTTP/1.1" 200 60939
114.88.163.87 - - [08/Dec/2020:10:48:18 +0800] "GET /xingrg/javascript/easyui/themes/default/validatebox.css HTTP/1.1" 404 1104
114.88.163.87 - - [08/Dec/2020:10:48:18 +0800] "POST /xingrg/kc/buy/cgsh_order_operate.html HTTP/1.1" 200 8245
120.253.135.82 - - [08/Dec/2020:10:48:21 +0800] "GET /xingrg/kc/pszx/mdqp_order_list.html?state=10 HTTP/1.1" 200 10175
120.253.135.82 - - [08/Dec/2020:10:48:21 +0800] "GET /xingrg/dwr/interface/AjaxReportQueryService.js HTTP/1.1" 200 13203
120.253.135.82 - - [08/Dec/2020:10:48:21 +0800] "GET /xingrg/dwr/interface/AjaxQqpsService.js HTTP/1.1" 200 16326
120.253.135.82 - - [08/Dec/2020:10:48:21 +0800] "GET /xingrg/dwr/engine.js HTTP/1.1" 200 43631
58.221.95.50 - - [08/Dec/2020:10:48:22 +0800] "GET /xingrg/all/function/internal_message.html?_=1607395720544&CODE_STATE=getMsg HTTP/1.1" 200 27
116.228.172.94 - - [08/Dec/2020:10:48:22 +0800] "GET /xingrg/all/function/internal_message.html?_=1607395701613&CODE_STATE=getMsg HTTP/1.1" 200 27
180.162.223.42 - - [08/Dec/2020:10:48:23 +0800] "GET /xingrg/all/function/internal_message.html?_=1607395702827&CODE_STATE=getMsg HTTP/1.1" 200 27
114.88.163.87 - - [08/Dec/2020:10:48:23 +0800] "GET /xingrg/kc/buy/cgsh_order_operate.html?command=get_materiel&rest_code=00111&code=00101004065&supplier_code=00100086&order_time=2020-12-08 HTTP/1.1" 200 433
120.253.135.82 - - [08/Dec/2020:10:48:24 +0800] "GET /xingrg/kc/pszx/mdps_order_list.html?orderType=0 HTTP/1.1" 200 21238
120.253.135.82 - - [08/Dec/2020:10:48:24 +0800] "POST /xingrg/kc/pszx/mdps_list_operate.html HTTP/1.1" 200 5458
120.253.135.82 - - [08/Dec/2020:10:48:29 +0800] "POST /xingrg/kc/pszx/mdps_list_operate.html HTTP/1.1" 200 2790
116.232.52.254 - - [08/Dec/2020:10:48:30 +0800] "GET /xingrg/all/function/internal_message.html?_=1607395709871&CODE_STATE=getMsg HTTP/1.1" 200 27
120.253.135.82 - - [08/Dec/2020:10:48:30 +0800] "POST /xingrg/kc/pszx/mdps_list_operate.html HTTP/1.1" 200 426
120.253.135.82 - - [08/Dec/2020:10:48:31 +0800] "GET /xingrg/kc/pszx/mdps_order_info.html?code=312020120500132 HTTP/1.1" 200 23881
114.84.32.187 - - [08/Dec/2020:10:48:31 +0800] "GET /xingrg/all/function/internal_message.html?_=1607395718656&CODE_STATE=getMsg HTTP/1.1" 200 27
120.253.135.82 - - [08/Dec/2020:10:48:31 +0800] "GET /xingrg/javascript/easyui/themes/default/validatebox.css HTTP/1.1" 404 1104
120.253.135.82 - - [08/Dec/2020:10:48:31 +0800] "POST /xingrg/kc/pszx/mdps_order_operate.html HTTP/1.1" 200 3729
117.184.7.30 - - [08/Dec/2020:10:48:32 +0800] "POST /xingrg/services/DataTransmitService HTTP/1.1" 401 565
117.184.7.30 - - [08/Dec/2020:10:48:32 +0800] "POST /xingrg/services/DataTransmitService HTTP/1.1" 200 478
117.184.7.30 - - [08/Dec/2020:10:48:32 +0800] "POST /xingrg/services/DataTransmitService HTTP/1.1" 200 1319
117.184.7.30 - - [08/Dec/2020:10:48:32 +0800] "POST /xingrg/services/DataTransmitService HTTP/1.1" 200 478
117.184.7.30 - - [08/Dec/2020:10:48:32 +0800] "POST /xingrg/services/DataTransmitService HTTP/1.1" 200 1319
117.184.7.30 - - [08/Dec/2020:10:48:32 +0800] "POST /xingrg/services/DataTransmitService HTTP/1.1" 200 524
117.184.7.30 - - [08/Dec/2020:10:48:33 +0800] "POST /xingrg/services/DataTransmitService HTTP/1.1" 200 2095
117.184.7.30 - - [08/Dec/2020:10:48:33 +0800] "POST /xingrg/services/DataTransmitService HTTP/1.1" 200 45454
117.184.7.30 - - [08/Dec/2020:10:48:33 +0800] "POST /xingrg/services/DataTransmitService HTTP/1.1" 200 19237
114.88.163.87 - - [08/Dec/2020:10:48:33 +0800] "GET /xingrg/all/function/internal_message.html?_=1607395706471&CODE_STATE=getMsg HTTP/1.1" 200 27
114.88.159.147 - - [08/Dec/2020:10:48:35 +0800] "GET /xingrg/all/function/internal_message.html?_=1607395291009&CODE_STATE=getMsg HTTP/1.1" 200 27
116.232.52.254 - - [08/Dec/2020:10:48:35 +0800] "GET /xingrg/index.html?sysBaseUrl=http%3A%2F%2F180.169.147.146%3A18081%2Fxingrg%2F&costTime=53×tamp=1607393962997 HTTP/1.1" 200 17173
116.232.52.254 - - [08/Dec/2020:10:48:35 +0800] "POST /xingrg/all/common/load_tree.html?tree=area_rest_tree_json&manage=1 HTTP/1.1" 200 342
116.232.52.254 - - [08/Dec/2020:10:48:35 +0800] "GET /xingrg/all/function/internal_message.html?_=1607395715059&CODE_STATE=count HTTP/1.1" 200 11
116.232.52.254 - - [08/Dec/2020:10:48:35 +0800] "GET /xingrg/check_reg.html?_=1607395715059 HTTP/1.1" 200 22
116.232.52.254 - - [08/Dec/2020:10:48:35 +0800] "POST /xingrg/load_menu.html HTTP/1.1" 200 5138
120.253.135.82 - - [08/Dec/2020:10:48:35 +0800] "GET /xingrg/javascript/jquery_tools/images/prev.gif HTTP/1.1" 404 1086
120.253.135.82 - - [08/Dec/2020:10:48:35 +0800] "GET /xingrg/javascript/jquery_tools/images/next.gif HTTP/1.1" 404 1086
117.184.7.30 - - [08/Dec/2020:10:48:39 +0800] "POST /xingrg/services/DataTransmitService HTTP/1.1" 200 524
117.184.7.30 - - [08/Dec/2020:10:48:40 +0800] "POST /xingrg/services/DataTransmitService HTTP/1.1" 200 501
117.184.7.30 - - [08/Dec/2020:10:48:41 +0800] "POST /xingrg/services/DataTransmitService HTTP/1.1" 200 501
114.88.159.147 - - [08/Dec/2020:10:48:41 +0800] "GET /xingrg/all/function/internal_message.html?_=1607395716540&CODE_STATE=getMsg HTTP/1.1" 200 27
180.174.56.115 - - [08/Dec/2020:10:48:41 +0800] "GET /xingrg/all/function/internal_message.html?_=1607395722465&CODE_STATE=getMsg HTTP/1.1" 200 27
120.253.135.82 - - [08/Dec/2020:10:48:41 +0800] "POST /xingrg/kc/pszx/mdps_order_operate.html HTTP/1.1" 200 37
117.184.7.30 - - [08/Dec/2020:10:48:41 +0800] "POST /xingrg/services/DataTransmitService HTTP/1.1" 200 501
117.184.7.30 - - [08/Dec/2020:10:48:41 +0800] "POST /xingrg/services/DataTransmitService HTTP/1.1" 200 501
117.184.7.30 - - [08/Dec/2020:10:48:41 +0800] "POST /xingrg/services/DataTransmitService HTTP/1.1" 200 501
117.184.7.30 - - [08/Dec/2020:10:48:42 +0800] "POST /xingrg/services/DataTransmitService HTTP/1.1" 200 501
117.184.7.30 - - [08/Dec/2020:10:48:42 +0800] "POST /xingrg/services/DataTransmitService HTTP/1.1" 200 501
117.184.7.30 - - [08/Dec/2020:10:48:42 +0800] "POST /xingrg/services/DataTransmitService HTTP/1.1" 200 501
120.253.135.82 - - [08/Dec/2020:10:48:44 +0800] "GET /xingrg/kc/pszx/mdps_order_info.html?code=312020120500132 HTTP/1.1" 200 23881
120.253.135.82 - - [08/Dec/2020:10:48:44 +0800] "GET /xingrg/javascript/easyui/themes/default/validatebox.css HTTP/1.1" 404 1104
120.253.135.82 - - [08/Dec/2020:10:48:44 +0800] "POST /xingrg/kc/pszx/mdps_order_operate.html HTTP/1.1" 200 3729
117.184.7.30 - - [08/Dec/2020:10:48:44 +0800] "POST /xingrg/services/DataTransmitService HTTP/1.1" 200 412
58.39.70.83 - - [08/Dec/2020:10:48:45 +0800] "POST /xingrg/dwr/call/plaincall/AjaxReportQueryService.refreshCache.dwr HTTP/1.1" 200 78
58.39.70.83 - - [08/Dec/2020:10:48:46 +0800] "POST /xingrg/all/report/load_report_page.html HTTP/1.1" 200 66678
58.39.70.83 - - [08/Dec/2020:10:48:46 +0800] "GET /xingrg/servlets/image?cache=0.9200981161592158&image=px HTTP/1.1" 200 807
120.253.135.82 - - [08/Dec/2020:10:48:46 +0800] "GET /xingrg/all/function/internal_message.html?_=1607395477538&CODE_STATE=getMsg HTTP/1.1" 200 27
114.88.163.87 - - [08/Dec/2020:10:48:47 +0800] "POST /xingrg/kc/buy/cgsh_order_operate.html HTTP/1.1" 200 37
120.253.135.82 - - [08/Dec/2020:10:48:47 +0800] "POST /xingrg/kc/pszx/mdps_list_operate.html HTTP/1.1" 200 205
114.88.163.87 - - [08/Dec/2020:10:48:47 +0800] "POST /xingrg/kc/buy/cgsh_order_operate.html HTTP/1.1" 200 2660
120.253.135.82 - - [08/Dec/2020:10:48:48 +0800] "GET /xingrg/kc/pszx/mdps_order_info.html?code=312020120700194 HTTP/1.1" 200 23887
120.253.135.82 - - [08/Dec/2020:10:48:48 +0800] "POST /xingrg/kc/pszx/mdps_order_operate.html HTTP/1.1" 200 2281
120.253.135.82 - - [08/Dec/2020:10:48:48 +0800] "GET /xingrg/javascript/easyui/themes/default/validatebox.css HTTP/1.1" 404 1104
114.88.163.87 - - [08/Dec/2020:10:48:48 +0800] "GET /xingrg/kc/print/load_data.html?order_code=212020120802904&kc_code=cgsh&condition= HTTP/1.1" 200 739
180.174.56.115 - - [08/Dec/2020:10:48:48 +0800] "GET /xingrg/all/function/internal_message.html?_=1607395696037&CODE_STATE=getMsg HTTP/1.1" 200 27
172.17.0.185 - - [08/Dec/2020:10:48:49 +0800] "GET /xingrg/all/function/internal_message.html?_=1607395727147&CODE_STATE=getMsg HTTP/1.1" 200 27
116.232.52.254 - - [08/Dec/2020:10:48:53 +0800] "GET /xingrg/kc/buy/buy_main.html HTTP/1.1" 200 12412
116.232.52.254 - - [08/Dec/2020:10:48:53 +0800] "GET /xingrg/css/new_ie.css HTTP/1.1" 404 1036
117.185.32.26 - - [08/Dec/2020:10:48:54 +0800] "GET /xingrg/all/function/internal_message.html?_=1607396192158&CODE_STATE=getMsg HTTP/1.1" 200 27
116.232.52.254 - - [08/Dec/2020:10:48:54 +0800] "GET /xingrg/kc/buy/cgsh_order_list.html HTTP/1.1" 200 45202
116.232.52.254 - - [08/Dec/2020:10:48:56 +0800] "POST /xingrg/kc/buy/cgsh_list_operate.html HTTP/1.1" 200 3494
222.69.132.37 - - [08/Dec/2020:10:48:58 +0800] "GET /xingrg/all/function/internal_message.html?_=1607395737339&CODE_STATE=getMsg HTTP/1.1" 200 27
172.17.0.123 - - [08/Dec/2020:10:48:59 +0800] "GET /xingrg/all/function/internal_message.html?_=1607395665675&CODE_STATE=getMsg HTTP/1.1" 200 27
58.39.70.83 - - [08/Dec/2020:10:49:00 +0800] "GET /xingrg/all/function/internal_message.html?_=1607395742036&CODE_STATE=getMsg HTTP/1.1" 200 27
114.88.163.87 - - [08/Dec/2020:10:49:03 +0800] "GET /xingrg/all/function/internal_message.html?_=1607395870164&CODE_STATE=getMsg HTTP/1.1" 200 27
172.17.200.101 - - [08/Dec/2020:10:49:03 +0800] "GET /xingrg/all/function/internal_message.html?_=1607395743704&CODE_STATE=getMsg HTTP/1.1" 200 27
222.69.132.37 - - [08/Dec/2020:10:49:04 +0800] "GET /xingrg/all/function/internal_message.html?_=1607395743052&CODE_STATE=getMsg HTTP/1.1" 200 27
180.162.223.42 - - [08/Dec/2020:10:49:05 +0800] "GET /xingrg/kc/base/wldb_order_list.html HTTP/1.1" 200 19418
180.162.223.42 - - [08/Dec/2020:10:49:05 +0800] "POST /xingrg/kc/base/wldb_list_operate.html HTTP/1.1" 200 928
114.88.159.147 - - [08/Dec/2020:10:49:15 +0800] "GET /xingrg/check_reg.html?_=1607395751077 HTTP/1.1" 200 22
172.17.0.111 - - [08/Dec/2020:10:49:15 +0800] "GET /xingrg/all/function/internal_message.html?_=1607395754372&CODE_STATE=getMsg HTTP/1.1" 200 27
117.184.7.26 - - [08/Dec/2020:10:49:17 +0800] "GET /xingrg/all/function/internal_message.html?_=1607395752872&CODE_STATE=getMsg HTTP/1.1" 200 27
116.232.52.254 - - [08/Dec/2020:10:49:20 +0800] "GET /xingrg/javascript/jquery_tools/images/next.gif HTTP/1.1" 404 1086
116.232.52.254 - - [08/Dec/2020:10:49:20 +0800] "GET /xingrg/javascript/jquery_tools/images/prev.gif HTTP/1.1" 404 1086
58.221.95.50 - - [08/Dec/2020:10:49:22 +0800] "GET /xingrg/all/function/internal_message.html?_=1607395780545&CODE_STATE=getMsg HTTP/1.1" 200 27
116.228.172.94 - - [08/Dec/2020:10:49:22 +0800] "GET /xingrg/all/function/internal_message.html?_=1607395761626&CODE_STATE=getMsg HTTP/1.1" 200 27
180.162.223.42 - - [08/Dec/2020:10:49:23 +0800] "GET /xingrg/all/function/internal_message.html?_=1607395762849&CODE_STATE=getMsg HTTP/1.1" 200 27
116.232.52.254 - - [08/Dec/2020:10:49:27 +0800] "POST /xingrg/kc/buy/cgsh_list_operate.html HTTP/1.1" 200 5793
114.84.32.187 - - [08/Dec/2020:10:49:31 +0800] "GET /xingrg/all/function/internal_message.html?_=1607395778904&CODE_STATE=getMsg HTTP/1.1" 200 27
