114.88.159.147 - - [08/Dec/2020:09:56:42 +0800] "GET /xingrg/all/function/internal_message.html?_=1607392597727&CODE_STATE=getMsg HTTP/1.1" 200 27
61.129.6.174 - - [08/Dec/2020:09:56:44 +0800] "GET /xingrg/kc/buy/cgsh_order_operate.html?command=get_materiel&rest_code=00141&code=00101007071&supplier_code=00100004&order_time=2020-12-08 HTTP/1.1" 302 -
172.17.0.185 - - [08/Dec/2020:09:56:49 +0800] "GET /xingrg/all/function/internal_message.html?_=1607392607144&CODE_STATE=getMsg HTTP/1.1" 200 27
172.17.0.185 - - [08/Dec/2020:09:56:49 +0800] "GET /xingrg/check_reg.html?_=1607392607282 HTTP/1.1" 200 22
61.129.6.174 - - [08/Dec/2020:09:56:49 +0800] "GET /xingrg/login.html HTTP/1.1" 200 7641
117.185.32.26 - - [08/Dec/2020:09:56:53 +0800] "GET /xingrg/all/function/internal_message.html?_=1607393071903&CODE_STATE=getMsg HTTP/1.1" 200 27
222.69.132.37 - - [08/Dec/2020:09:56:58 +0800] "GET /xingrg/all/function/internal_message.html?_=1607392617264&CODE_STATE=getMsg HTTP/1.1" 200 27
114.88.163.87 - - [08/Dec/2020:09:57:03 +0800] "GET /xingrg/all/function/internal_message.html?_=1607392750115&CODE_STATE=getMsg HTTP/1.1" 200 27
222.69.132.37 - - [08/Dec/2020:09:57:04 +0800] "GET /xingrg/all/function/internal_message.html?_=1607392622959&CODE_STATE=getMsg HTTP/1.1" 200 27
180.174.56.115 - - [08/Dec/2020:09:57:05 +0800] "GET /xingrg/all/function/internal_message.html?_=1607392626487&CODE_STATE=getMsg HTTP/1.1" 200 27
124.77.237.88 - - [08/Dec/2020:09:57:06 +0800] "POST /xingrg/services/DataTransmitService HTTP/1.1" 200 524
124.77.237.88 - - [08/Dec/2020:09:57:10 +0800] "POST /xingrg/services/DataTransmitService HTTP/1.1" 200 501
101.89.239.120 - - [08/Dec/2020:09:57:12 +0800] "GET /xingrg/all/function/internal_message.html?_=1607392057925&CODE_STATE=getMsg HTTP/1.1" 302 -
114.84.32.187 - - [08/Dec/2020:09:57:14 +0800] "GET /xingrg/check_reg.html?_=1607392642177 HTTP/1.1" 200 22
101.89.239.120 - - [08/Dec/2020:09:57:19 +0800] "GET /xingrg/login.html HTTP/1.1" 200 7641
116.228.172.94 - - [08/Dec/2020:09:57:22 +0800] "GET /xingrg/all/function/internal_message.html?_=1607392641568&CODE_STATE=getMsg HTTP/1.1" 200 27
180.162.223.42 - - [08/Dec/2020:09:57:23 +0800] "GET /xingrg/all/function/internal_message.html?_=1607392642763&CODE_STATE=getMsg HTTP/1.1" 200 27
114.84.32.187 - - [08/Dec/2020:09:57:25 +0800] "GET /xingrg/all/function/internal_message.html?_=1607392653097&CODE_STATE=getMsg HTTP/1.1" 200 27
172.17.0.123 - - [08/Dec/2020:09:57:30 +0800] "GET /xingrg/check_reg.html?_=1607392576799 HTTP/1.1" 200 22
114.88.163.87 - - [08/Dec/2020:09:57:31 +0800] "GET /xingrg/all/function/internal_message.html?_=1607392644874&CODE_STATE=getMsg HTTP/1.1" 200 27
114.88.159.147 - - [08/Dec/2020:09:57:35 +0800] "GET /xingrg/all/function/internal_message.html?_=1607392230833&CODE_STATE=getMsg HTTP/1.1" 200 27
180.174.56.115 - - [08/Dec/2020:09:57:40 +0800] "GET /xingrg/all/function/internal_message.html?_=1607392628106&CODE_STATE=getMsg HTTP/1.1" 200 27
114.88.159.147 - - [08/Dec/2020:09:57:42 +0800] "GET /xingrg/all/function/internal_message.html?_=1607392657696&CODE_STATE=getMsg HTTP/1.1" 200 27
58.221.95.50 - - [08/Dec/2020:09:57:43 +0800] "GET /xingrg/check_reg.html?_=1607392681420 HTTP/1.1" 302 -
172.17.0.185 - - [08/Dec/2020:09:57:49 +0800] "GET /xingrg/all/function/internal_message.html?_=1607392667142&CODE_STATE=getMsg HTTP/1.1" 200 27
117.185.32.26 - - [08/Dec/2020:09:57:53 +0800] "GET /xingrg/all/function/internal_message.html?_=1607393131902&CODE_STATE=getMsg HTTP/1.1" 200 27
114.84.32.187 - - [08/Dec/2020:09:57:56 +0800] "POST /xingrg/kc/buy/cgsh_order_operate.html HTTP/1.1" 200 37
114.84.32.187 - - [08/Dec/2020:09:57:58 +0800] "POST /xingrg/kc/buy/cgsh_order_operate.html HTTP/1.1" 200 3245
222.69.132.37 - - [08/Dec/2020:09:57:58 +0800] "GET /xingrg/check_reg.html?_=1607392677250 HTTP/1.1" 200 22
222.69.132.37 - - [08/Dec/2020:09:57:58 +0800] "GET /xingrg/all/function/internal_message.html?_=1607392677254&CODE_STATE=getMsg HTTP/1.1" 200 27
114.84.32.187 - - [08/Dec/2020:09:58:02 +0800] "GET /xingrg/kc/buy/cgsh_order_add.html HTTP/1.1" 200 60945
114.88.163.87 - - [08/Dec/2020:09:58:03 +0800] "GET /xingrg/all/function/internal_message.html?_=1607392810115&CODE_STATE=getMsg HTTP/1.1" 200 27
114.88.163.87 - - [08/Dec/2020:09:58:03 +0800] "GET /xingrg/check_reg.html?_=1607392810118 HTTP/1.1" 200 22
114.84.32.187 - - [08/Dec/2020:09:58:03 +0800] "POST /xingrg/kc/buy/cgsh_order_operate.html HTTP/1.1" 200 8245
114.84.32.187 - - [08/Dec/2020:09:58:03 +0800] "GET /xingrg/javascript/easyui/themes/default/validatebox.css HTTP/1.1" 404 1104
114.88.163.87 - - [08/Dec/2020:09:58:03 +0800] "GET /xingrg/check_reg.html?_=1607392677004 HTTP/1.1" 200 22
222.69.132.37 - - [08/Dec/2020:09:58:04 +0800] "GET /xingrg/all/function/internal_message.html?_=1607392682967&CODE_STATE=getMsg HTTP/1.1" 200 27
180.174.56.115 - - [08/Dec/2020:09:58:05 +0800] "GET /xingrg/all/function/internal_message.html?_=1607392686492&CODE_STATE=getMsg HTTP/1.1" 200 27
116.228.172.94 - - [08/Dec/2020:09:58:22 +0800] "GET /xingrg/all/function/internal_message.html?_=1607392701569&CODE_STATE=getMsg HTTP/1.1" 200 27
180.162.223.42 - - [08/Dec/2020:09:58:23 +0800] "GET /xingrg/all/function/internal_message.html?_=1607392702762&CODE_STATE=getMsg HTTP/1.1" 200 27
114.84.32.187 - - [08/Dec/2020:09:58:25 +0800] "GET /xingrg/all/function/internal_message.html?_=1607392713108&CODE_STATE=getMsg HTTP/1.1" 200 27
114.84.32.187 - - [08/Dec/2020:09:58:27 +0800] "GET /xingrg/kc/buy/cgsh_order_operate.html?command=get_materiel&rest_code=00146&code=00101006129&supplier_code=00100012&order_time=2020-12-08 HTTP/1.1" 200 431
114.88.163.87 - - [08/Dec/2020:09:58:31 +0800] "GET /xingrg/all/function/internal_message.html?_=1607392704888&CODE_STATE=getMsg HTTP/1.1" 200 27
114.88.159.147 - - [08/Dec/2020:09:58:35 +0800] "GET /xingrg/all/function/internal_message.html?_=1607392290832&CODE_STATE=getMsg HTTP/1.1" 200 27
180.174.56.115 - - [08/Dec/2020:09:58:40 +0800] "GET /xingrg/check_reg.html?_=1607392687582 HTTP/1.1" 200 22
180.174.56.115 - - [08/Dec/2020:09:58:40 +0800] "GET /xingrg/all/function/internal_message.html?_=1607392688120&CODE_STATE=getMsg HTTP/1.1" 200 27
114.88.159.147 - - [08/Dec/2020:09:58:42 +0800] "GET /xingrg/all/function/internal_message.html?_=1607392717671&CODE_STATE=getMsg HTTP/1.1" 200 27
114.84.32.187 - - [08/Dec/2020:09:58:48 +0800] "GET /xingrg/kc/buy/cgsh_order_operate.html?command=get_materiel&rest_code=00146&code=00101006175&supplier_code=00100012&order_time=2020-12-08 HTTP/1.1" 200 414
172.17.0.185 - - [08/Dec/2020:09:58:49 +0800] "GET /xingrg/all/function/internal_message.html?_=1607392727147&CODE_STATE=getMsg HTTP/1.1" 200 27
117.185.32.26 - - [08/Dec/2020:09:58:53 +0800] "GET /xingrg/all/function/internal_message.html?_=1607393191916&CODE_STATE=getMsg HTTP/1.1" 200 27
222.69.132.37 - - [08/Dec/2020:09:58:58 +0800] "GET /xingrg/all/function/internal_message.html?_=1607392737262&CODE_STATE=getMsg HTTP/1.1" 200 27
114.88.163.87 - - [08/Dec/2020:09:59:03 +0800] "GET /xingrg/all/function/internal_message.html?_=1607392870116&CODE_STATE=getMsg HTTP/1.1" 200 27
114.84.32.187 - - [08/Dec/2020:09:59:04 +0800] "GET /xingrg/kc/buy/cgsh_order_operate.html?command=get_materiel&rest_code=00146&code=00101006174&supplier_code=00100012&order_time=2020-12-08 HTTP/1.1" 200 414
222.69.132.37 - - [08/Dec/2020:09:59:04 +0800] "GET /xingrg/all/function/internal_message.html?_=1607392742959&CODE_STATE=getMsg HTTP/1.1" 200 27
180.174.56.115 - - [08/Dec/2020:09:59:05 +0800] "GET /xingrg/all/function/internal_message.html?_=1607392746496&CODE_STATE=getMsg HTTP/1.1" 200 27
116.232.52.76 - - [08/Dec/2020:09:59:08 +0800] "POST /xingrg/services/DataTransmitService HTTP/1.1" 200 524
116.232.52.76 - - [08/Dec/2020:09:59:08 +0800] "POST /xingrg/services/DataTransmitService HTTP/1.1" 200 2275
116.232.52.76 - - [08/Dec/2020:09:59:10 +0800] "POST /xingrg/services/DataTransmitService HTTP/1.1" 200 164715
114.88.159.147 - - [08/Dec/2020:09:59:15 +0800] "GET /xingrg/check_reg.html?_=1607392750945 HTTP/1.1" 200 22
180.152.104.37 - - [08/Dec/2020:09:59:22 +0800] "POST /xingrg/services/DataTransmitService HTTP/1.1" 200 524
116.228.172.94 - - [08/Dec/2020:09:59:22 +0800] "GET /xingrg/all/function/internal_message.html?_=1607392761561&CODE_STATE=getMsg HTTP/1.1" 200 27
180.162.223.42 - - [08/Dec/2020:09:59:23 +0800] "GET /xingrg/all/function/internal_message.html?_=1607392762763&CODE_STATE=getMsg HTTP/1.1" 200 27
114.84.32.187 - - [08/Dec/2020:09:59:24 +0800] "GET /xingrg/kc/buy/cgsh_order_operate.html?command=get_materiel&rest_code=00146&code=00101006006&supplier_code=00100012&order_time=2020-12-08 HTTP/1.1" 200 409
114.84.32.187 - - [08/Dec/2020:09:59:25 +0800] "GET /xingrg/all/function/internal_message.html?_=1607392773122&CODE_STATE=getMsg HTTP/1.1" 200 27
114.88.163.87 - - [08/Dec/2020:09:59:31 +0800] "GET /xingrg/all/function/internal_message.html?_=1607392764906&CODE_STATE=getMsg HTTP/1.1" 200 27
114.88.159.147 - - [08/Dec/2020:09:59:35 +0800] "GET /xingrg/all/function/internal_message.html?_=1607392350830&CODE_STATE=getMsg HTTP/1.1" 200 27
114.88.159.147 - - [08/Dec/2020:09:59:35 +0800] "GET /xingrg/check_reg.html?_=1607392350832 HTTP/1.1" 200 22
180.174.56.115 - - [08/Dec/2020:09:59:40 +0800] "GET /xingrg/all/function/internal_message.html?_=1607392748133&CODE_STATE=getMsg HTTP/1.1" 200 27
114.84.32.187 - - [08/Dec/2020:09:59:41 +0800] "GET /xingrg/kc/buy/cgsh_order_operate.html?command=get_materiel&rest_code=00146&code=00101006058&supplier_code=00100012&order_time=2020-12-08 HTTP/1.1" 200 413
114.88.159.147 - - [08/Dec/2020:09:59:42 +0800] "GET /xingrg/all/function/internal_message.html?_=1607392777649&CODE_STATE=getMsg HTTP/1.1" 200 27
172.17.0.185 - - [08/Dec/2020:09:59:49 +0800] "GET /xingrg/all/function/internal_message.html?_=1607392787159&CODE_STATE=getMsg HTTP/1.1" 200 27
117.185.32.26 - - [08/Dec/2020:09:59:53 +0800] "GET /xingrg/all/function/internal_message.html?_=1607393251917&CODE_STATE=getMsg HTTP/1.1" 200 27
222.69.132.37 - - [08/Dec/2020:09:59:58 +0800] "GET /xingrg/all/function/internal_message.html?_=1607392797262&CODE_STATE=getMsg HTTP/1.1" 200 27
114.88.163.87 - - [08/Dec/2020:10:00:03 +0800] "GET /xingrg/all/function/internal_message.html?_=1607392930115&CODE_STATE=getMsg HTTP/1.1" 200 27
222.69.132.37 - - [08/Dec/2020:10:00:04 +0800] "GET /xingrg/all/function/internal_message.html?_=1607392802968&CODE_STATE=getMsg HTTP/1.1" 200 27
180.174.56.115 - - [08/Dec/2020:10:00:05 +0800] "GET /xingrg/check_reg.html?_=1607392806496 HTTP/1.1" 200 22
180.174.56.115 - - [08/Dec/2020:10:00:05 +0800] "GET /xingrg/all/function/internal_message.html?_=1607392806498&CODE_STATE=getMsg HTTP/1.1" 200 27
114.84.32.187 - - [08/Dec/2020:10:00:22 +0800] "GET /xingrg/kc/buy/cgsh_order_operate.html?command=get_materiel&rest_code=00146&code=00101006111&supplier_code=00100012&order_time=2020-12-08 HTTP/1.1" 200 409
116.228.172.94 - - [08/Dec/2020:10:00:22 +0800] "GET /xingrg/all/function/internal_message.html?_=1607392821564&CODE_STATE=getMsg HTTP/1.1" 200 27
116.228.172.94 - - [08/Dec/2020:10:00:22 +0800] "GET /xingrg/check_reg.html?_=1607392821593 HTTP/1.1" 200 22
180.162.223.42 - - [08/Dec/2020:10:00:23 +0800] "GET /xingrg/all/function/internal_message.html?_=1607392822762&CODE_STATE=getMsg HTTP/1.1" 200 27
114.84.32.187 - - [08/Dec/2020:10:00:25 +0800] "GET /xingrg/all/function/internal_message.html?_=1607392833135&CODE_STATE=getMsg HTTP/1.1" 200 27
114.88.163.87 - - [08/Dec/2020:10:00:31 +0800] "GET /xingrg/all/function/internal_message.html?_=1607392824973&CODE_STATE=getMsg HTTP/1.1" 200 27
114.88.159.147 - - [08/Dec/2020:10:00:35 +0800] "GET /xingrg/all/function/internal_message.html?_=1607392410845&CODE_STATE=getMsg HTTP/1.1" 200 27
180.174.56.115 - - [08/Dec/2020:10:00:41 +0800] "GET /xingrg/all/function/internal_message.html?_=1607392808147&CODE_STATE=getMsg HTTP/1.1" 200 27
114.88.159.147 - - [08/Dec/2020:10:00:42 +0800] "GET /xingrg/all/function/internal_message.html?_=1607392837625&CODE_STATE=getMsg HTTP/1.1" 200 27
172.17.0.185 - - [08/Dec/2020:10:00:49 +0800] "GET /xingrg/all/function/internal_message.html?_=1607392847162&CODE_STATE=getMsg HTTP/1.1" 200 27
117.185.32.26 - - [08/Dec/2020:10:00:53 +0800] "GET /xingrg/check_reg.html?_=1607393311941 HTTP/1.1" 200 22
117.185.32.26 - - [08/Dec/2020:10:00:53 +0800] "GET /xingrg/all/function/internal_message.html?_=1607393311943&CODE_STATE=getMsg HTTP/1.1" 200 27
222.69.132.37 - - [08/Dec/2020:10:00:58 +0800] "GET /xingrg/all/function/internal_message.html?_=1607392857264&CODE_STATE=getMsg HTTP/1.1" 200 27
101.89.239.230 - - [08/Dec/2020:10:01:01 +0800] "GET /xingrg/all/function/internal_message.html?_=1607392237853&CODE_STATE=getMsg HTTP/1.1" 302 -
114.88.163.87 - - [08/Dec/2020:10:01:03 +0800] "GET /xingrg/all/function/internal_message.html?_=1607392990115&CODE_STATE=getMsg HTTP/1.1" 200 27
222.69.132.37 - - [08/Dec/2020:10:01:04 +0800] "GET /xingrg/check_reg.html?_=1607392862967 HTTP/1.1" 200 22
222.69.132.37 - - [08/Dec/2020:10:01:04 +0800] "GET /xingrg/all/function/internal_message.html?_=1607392862977&CODE_STATE=getMsg HTTP/1.1" 200 27
180.174.56.115 - - [08/Dec/2020:10:01:05 +0800] "GET /xingrg/all/function/internal_message.html?_=1607392866499&CODE_STATE=getMsg HTTP/1.1" 200 27
101.89.239.230 - - [08/Dec/2020:10:01:05 +0800] "GET /xingrg/login.html HTTP/1.1" 200 7641
117.185.32.26 - - [08/Dec/2020:10:01:21 +0800] "GET /xingrg/kc/buy/cgsh_order_add.html HTTP/1.1" 200 60939
117.185.32.26 - - [08/Dec/2020:10:01:22 +0800] "POST /xingrg/kc/buy/cgsh_order_operate.html HTTP/1.1" 200 8245
117.185.32.26 - - [08/Dec/2020:10:01:22 +0800] "GET /xingrg/javascript/easyui/themes/default/validatebox.css HTTP/1.1" 404 1104
116.228.172.94 - - [08/Dec/2020:10:01:22 +0800] "GET /xingrg/all/function/internal_message.html?_=1607392881574&CODE_STATE=getMsg HTTP/1.1" 200 27
180.162.223.42 - - [08/Dec/2020:10:01:23 +0800] "GET /xingrg/check_reg.html?_=1607392882762 HTTP/1.1" 200 22
180.162.223.42 - - [08/Dec/2020:10:01:23 +0800] "GET /xingrg/all/function/internal_message.html?_=1607392882766&CODE_STATE=getMsg HTTP/1.1" 200 27
117.185.32.26 - - [08/Dec/2020:10:01:23 +0800] "GET /xingrg/javascript/easyui/themes/default/tree.css HTTP/1.1" 404 1090
117.185.32.26 - - [08/Dec/2020:10:01:23 +0800] "POST /xingrg/all/common/load_tree.html?tree=supplier_tree_json&isDelete=1 HTTP/1.1" 200 52361
114.84.32.187 - - [08/Dec/2020:10:01:25 +0800] "GET /xingrg/all/function/internal_message.html?_=1607392893149&CODE_STATE=getMsg HTTP/1.1" 200 27
114.88.163.87 - - [08/Dec/2020:10:01:31 +0800] "GET /xingrg/all/function/internal_message.html?_=1607392884978&CODE_STATE=getMsg HTTP/1.1" 200 27
114.88.159.147 - - [08/Dec/2020:10:01:35 +0800] "GET /xingrg/all/function/internal_message.html?_=1607392470844&CODE_STATE=getMsg HTTP/1.1" 200 27
180.174.56.115 - - [08/Dec/2020:10:01:41 +0800] "GET /xingrg/all/function/internal_message.html?_=1607392868184&CODE_STATE=getMsg HTTP/1.1" 200 27
114.88.159.147 - - [08/Dec/2020:10:01:42 +0800] "GET /xingrg/all/function/internal_message.html?_=1607392897595&CODE_STATE=getMsg HTTP/1.1" 200 27
117.185.32.26 - - [08/Dec/2020:10:01:46 +0800] "GET /xingrg/kc/buy/cgsh_order_operate.html?command=get_materiel&rest_code=00106&code=00101006177&supplier_code=00100015&order_time=2020-12-08 HTTP/1.1" 200 411
172.17.0.185 - - [08/Dec/2020:10:01:49 +0800] "GET /xingrg/all/function/internal_message.html?_=1607392907157&CODE_STATE=getMsg HTTP/1.1" 200 27
172.17.0.185 - - [08/Dec/2020:10:01:49 +0800] "GET /xingrg/check_reg.html?_=1607392907257 HTTP/1.1" 200 22
117.185.32.26 - - [08/Dec/2020:10:01:53 +0800] "GET /xingrg/all/function/internal_message.html?_=1607393371934&CODE_STATE=getMsg HTTP/1.1" 200 27
222.69.132.37 - - [08/Dec/2020:10:01:58 +0800] "GET /xingrg/all/function/internal_message.html?_=1607392917268&CODE_STATE=getMsg HTTP/1.1" 200 27
114.88.163.87 - - [08/Dec/2020:10:02:03 +0800] "GET /xingrg/all/function/internal_message.html?_=1607393050115&CODE_STATE=getMsg HTTP/1.1" 200 27
222.69.132.37 - - [08/Dec/2020:10:02:04 +0800] "GET /xingrg/all/function/internal_message.html?_=1607392922963&CODE_STATE=getMsg HTTP/1.1" 200 27
180.174.56.115 - - [08/Dec/2020:10:02:05 +0800] "GET /xingrg/all/function/internal_message.html?_=1607392926500&CODE_STATE=getMsg HTTP/1.1" 200 27
114.84.32.187 - - [08/Dec/2020:10:02:14 +0800] "GET /xingrg/check_reg.html?_=1607392942180 HTTP/1.1" 200 22
116.228.172.94 - - [08/Dec/2020:10:02:22 +0800] "GET /xingrg/all/function/internal_message.html?_=1607392941577&CODE_STATE=getMsg HTTP/1.1" 200 27
117.185.32.26 - - [08/Dec/2020:10:02:23 +0800] "GET /xingrg/kc/buy/cgsh_order_operate.html?command=get_materiel&rest_code=00106&code=00101006129&supplier_code=00100015&order_time=2020-12-08 HTTP/1.1" 200 431
180.162.223.42 - - [08/Dec/2020:10:02:23 +0800] "GET /xingrg/all/function/internal_message.html?_=1607392942751&CODE_STATE=getMsg HTTP/1.1" 200 27
114.84.32.187 - - [08/Dec/2020:10:02:25 +0800] "GET /xingrg/all/function/internal_message.html?_=1607392953163&CODE_STATE=getMsg HTTP/1.1" 200 27
172.17.0.123 - - [08/Dec/2020:10:02:30 +0800] "GET /xingrg/check_reg.html?_=1607392876778 HTTP/1.1" 200 22
114.88.163.87 - - [08/Dec/2020:10:02:31 +0800] "GET /xingrg/all/function/internal_message.html?_=1607392945042&CODE_STATE=getMsg HTTP/1.1" 200 27
114.88.159.147 - - [08/Dec/2020:10:02:35 +0800] "GET /xingrg/all/function/internal_message.html?_=1607392530872&CODE_STATE=getMsg HTTP/1.1" 200 27
114.84.32.187 - - [08/Dec/2020:10:02:40 +0800] "POST /xingrg/kc/buy/cgsh_order_operate.html HTTP/1.1" 200 37
180.174.56.115 - - [08/Dec/2020:10:02:41 +0800] "GET /xingrg/all/function/internal_message.html?_=1607392928189&CODE_STATE=getMsg HTTP/1.1" 200 27
114.84.32.187 - - [08/Dec/2020:10:02:42 +0800] "POST /xingrg/kc/buy/cgsh_order_operate.html HTTP/1.1" 200 5656
114.88.159.147 - - [08/Dec/2020:10:02:42 +0800] "GET /xingrg/all/function/internal_message.html?_=1607392957577&CODE_STATE=getMsg HTTP/1.1" 200 27
58.221.95.50 - - [08/Dec/2020:10:02:43 +0800] "GET /xingrg/check_reg.html?_=1607392981400 HTTP/1.1" 302 -
117.185.32.26 - - [08/Dec/2020:10:02:47 +0800] "GET /xingrg/kc/buy/cgsh_order_operate.html?command=get_materiel&rest_code=00106&code=00101006195&supplier_code=00100015&order_time=2020-12-08 HTTP/1.1" 200 409
114.84.32.187 - - [08/Dec/2020:10:02:48 +0800] "GET /xingrg/kc/print/load_data.html?order_code=212020120802867&kc_code=cgsh&condition= HTTP/1.1" 200 1942
172.17.0.185 - - [08/Dec/2020:10:02:49 +0800] "GET /xingrg/all/function/internal_message.html?_=1607392967162&CODE_STATE=getMsg HTTP/1.1" 200 27
117.185.32.26 - - [08/Dec/2020:10:02:51 +0800] "POST /xingrg/services/DataTransmitService HTTP/1.1" 200 524
117.185.32.26 - - [08/Dec/2020:10:02:53 +0800] "GET /xingrg/all/function/internal_message.html?_=1607393431941&CODE_STATE=getMsg HTTP/1.1" 200 27
222.69.132.37 - - [08/Dec/2020:10:02:58 +0800] "GET /xingrg/check_reg.html?_=1607392977269 HTTP/1.1" 200 22
222.69.132.37 - - [08/Dec/2020:10:02:58 +0800] "GET /xingrg/all/function/internal_message.html?_=1607392977272&CODE_STATE=getMsg HTTP/1.1" 200 27
114.88.163.87 - - [08/Dec/2020:10:03:03 +0800] "GET /xingrg/check_reg.html?_=1607393110116 HTTP/1.1" 200 22
114.88.163.87 - - [08/Dec/2020:10:03:03 +0800] "GET /xingrg/all/function/internal_message.html?_=1607393110115&CODE_STATE=getMsg HTTP/1.1" 200 27
114.88.163.87 - - [08/Dec/2020:10:03:03 +0800] "GET /xingrg/check_reg.html?_=1607392977008 HTTP/1.1" 200 22
222.69.132.37 - - [08/Dec/2020:10:03:04 +0800] "GET /xingrg/all/function/internal_message.html?_=1607392982969&CODE_STATE=getMsg HTTP/1.1" 200 27
180.174.56.115 - - [08/Dec/2020:10:03:05 +0800] "GET /xingrg/all/function/internal_message.html?_=1607392986486&CODE_STATE=getMsg HTTP/1.1" 200 27
114.84.32.187 - - [08/Dec/2020:10:03:06 +0800] "GET /xingrg/kc/buy/cgsh_order_add.html HTTP/1.1" 200 60945
114.84.32.187 - - [08/Dec/2020:10:03:07 +0800] "POST /xingrg/kc/buy/cgsh_order_operate.html HTTP/1.1" 200 8245
114.84.32.187 - - [08/Dec/2020:10:03:07 +0800] "GET /xingrg/javascript/easyui/themes/default/validatebox.css HTTP/1.1" 404 1104
180.174.56.115 - - [08/Dec/2020:10:03:10 +0800] "POST /xingrg/all/user/operate.html HTTP/1.1" 200 36
180.174.56.115 - - [08/Dec/2020:10:03:10 +0800] "GET /xingrg/javascript/jquery_easy_ui/themes/default/easyui.css HTTP/1.1" 304 -
180.174.56.115 - - [08/Dec/2020:10:03:10 +0800] "GET /xingrg/index.html?sysBaseUrl=http%3A%2F%2F180.169.147.146%3A18081%2Fxingrg%2F&costTime=92×tamp=1607389602105 HTTP/1.1" 200 17179
180.174.56.115 - - [08/Dec/2020:10:03:10 +0800] "GET /xingrg/javascript/jquery_easy_ui/themes/icon.css HTTP/1.1" 304 -
180.174.56.115 - - [08/Dec/2020:10:03:10 +0800] "GET /xingrg/css/form.css HTTP/1.1" 304 -
180.174.56.115 - - [08/Dec/2020:10:03:10 +0800] "GET /xingrg/javascript/jquery-1.4.2.min.js HTTP/1.1" 304 -
180.174.56.115 - - [08/Dec/2020:10:03:10 +0800] "GET /xingrg/javascript/jquery_easy_ui/jquery.easyui.min.js HTTP/1.1" 304 -
180.174.56.115 - - [08/Dec/2020:10:03:10 +0800] "GET /xingrg/javascript/jquery_easy_ui/easyui-lang-zh_CN.js HTTP/1.1" 304 -
180.174.56.115 - - [08/Dec/2020:10:03:10 +0800] "GET /xingrg/javascript/jquery.form.js HTTP/1.1" 304 -
180.174.56.115 - - [08/Dec/2020:10:03:10 +0800] "GET /xingrg/javascript/jquery.utils.js HTTP/1.1" 304 -
180.174.56.115 - - [08/Dec/2020:10:03:10 +0800] "GET /xingrg/javascript/jquery.timers.js HTTP/1.1" 304 -
180.174.56.115 - - [08/Dec/2020:10:03:10 +0800] "GET /xingrg/images/blue/jxLogo.png HTTP/1.1" 304 -
180.174.56.115 - - [08/Dec/2020:10:03:10 +0800] "GET /xingrg/images/blue/navBackgound.jpg HTTP/1.1" 304 -
180.174.56.115 - - [08/Dec/2020:10:03:10 +0800] "GET /xingrg/javascript/jquery_easy_ui/themes/icons/settle_new.png HTTP/1.1" 304 -
180.174.56.115 - - [08/Dec/2020:10:03:10 +0800] "POST /xingrg/all/common/load_tree.html?tree=area_rest_tree_json&manage=1 HTTP/1.1" 200 476
180.174.56.115 - - [08/Dec/2020:10:03:10 +0800] "GET /xingrg/images/blue/pingpu.png HTTP/1.1" 304 -
180.174.56.115 - - [08/Dec/2020:10:03:10 +0800] "GET /xingrg/javascript/jquery_easy_ui/themes/default/images/tabs_leftarrow.png HTTP/1.1" 304 -
180.174.56.115 - - [08/Dec/2020:10:03:10 +0800] "GET /xingrg/javascript/jquery_easy_ui/themes/default/images/tabs_rightarrow.png HTTP/1.1" 304 -
180.174.56.115 - - [08/Dec/2020:10:03:10 +0800] "GET /xingrg/javascript/jquery_easy_ui/themes/default/images/panel_tool_collapse.gif HTTP/1.1" 304 -
180.174.56.115 - - [08/Dec/2020:10:03:10 +0800] "GET /xingrg/all/function/internal_message.html?_=1607392957697&CODE_STATE=count HTTP/1.1" 200 11
180.174.56.115 - - [08/Dec/2020:10:03:10 +0800] "GET /xingrg/check_reg.html?_=1607392957697 HTTP/1.1" 200 22
180.174.56.115 - - [08/Dec/2020:10:03:10 +0800] "POST /xingrg/load_menu.html HTTP/1.1" 200 5138
117.185.32.26 - - [08/Dec/2020:10:03:12 +0800] "GET /xingrg/kc/buy/cgsh_order_operate.html?command=get_materiel&rest_code=00106&code=00101006056&supplier_code=00100015&order_time=2020-12-08 HTTP/1.1" 200 413
180.174.56.115 - - [08/Dec/2020:10:03:12 +0800] "GET /xingrg/kc/base/wldb_order_list.html HTTP/1.1" 200 19424
180.174.56.115 - - [08/Dec/2020:10:03:13 +0800] "POST /xingrg/kc/base/wldb_list_operate.html HTTP/1.1" 200 928
180.174.56.115 - - [08/Dec/2020:10:03:18 +0800] "GET /xingrg/kc/base/wldb_order_add.html HTTP/1.1" 200 30601
180.174.56.115 - - [08/Dec/2020:10:03:18 +0800] "POST /xingrg/kc/base/wldb_order_operate.html HTTP/1.1" 200 6806
180.174.56.115 - - [08/Dec/2020:10:03:19 +0800] "GET /xingrg/all/common/auto_word.html?type=base&rest_code=00150 HTTP/1.1" 200 1653
180.174.56.115 - - [08/Dec/2020:10:03:19 +0800] "GET /xingrg/all/common/auto_word.html?type=base&rest_code=00150 HTTP/1.1" 200 1653
180.174.56.115 - - [08/Dec/2020:10:03:19 +0800] "GET /xingrg/javascript/easyui/themes/default/validatebox.css HTTP/1.1" 404 1104
180.174.56.115 - - [08/Dec/2020:10:03:20 +0800] "POST /xingrg/all/common/load_combo.html?type=base HTTP/1.1" 200 2966
116.228.172.94 - - [08/Dec/2020:10:03:22 +0800] "GET /xingrg/all/function/internal_message.html?_=1607393001603&CODE_STATE=getMsg HTTP/1.1" 200 27
180.174.56.115 - - [08/Dec/2020:10:03:23 +0800] "GET /xingrg/javascript/auto/indicator.gif HTTP/1.1" 404 1066
180.162.223.42 - - [08/Dec/2020:10:03:23 +0800] "GET /xingrg/all/function/internal_message.html?_=1607393002753&CODE_STATE=getMsg HTTP/1.1" 200 27
114.84.32.187 - - [08/Dec/2020:10:03:25 +0800] "GET /xingrg/all/function/internal_message.html?_=1607393013176&CODE_STATE=getMsg HTTP/1.1" 200 27
180.174.56.115 - - [08/Dec/2020:10:03:27 +0800] "GET /xingrg/kc/base/wldb_order_operate.html?command=get_materiel&rest_code=00150&base_code=0010445&code=00101019247 HTTP/1.1" 200 442
117.131.5.26 - - [08/Dec/2020:10:03:30 +0800] "POST /xingrg/services/DataTransmitService HTTP/1.1" 200 524
117.185.32.26 - - [08/Dec/2020:10:03:31 +0800] "GET /xingrg/kc/buy/cgsh_order_operate.html?command=get_materiel&rest_code=00106&code=00101006131&supplier_code=00100015&order_time=2020-12-08 HTTP/1.1" 200 417
114.88.163.87 - - [08/Dec/2020:10:03:31 +0800] "GET /xingrg/all/function/internal_message.html?_=1607393005048&CODE_STATE=getMsg HTTP/1.1" 200 27
117.131.5.26 - - [08/Dec/2020:10:03:33 +0800] "POST /xingrg/services/DataTransmitService HTTP/1.1" 200 501
114.84.32.187 - - [08/Dec/2020:10:03:35 +0800] "GET /xingrg/kc/buy/cgsh_order_operate.html?command=get_materiel&rest_code=00146&code=00101012025&supplier_code=00100033&order_time=2020-12-08 HTTP/1.1" 200 412
114.88.159.147 - - [08/Dec/2020:10:03:35 +0800] "GET /xingrg/all/function/internal_message.html?_=1607392590869&CODE_STATE=getMsg HTTP/1.1" 200 27
180.174.56.115 - - [08/Dec/2020:10:03:41 +0800] "POST /xingrg/kc/base/wldb_order_operate.html HTTP/1.1" 200 37
114.88.159.147 - - [08/Dec/2020:10:03:42 +0800] "GET /xingrg/all/function/internal_message.html?_=1607393017554&CODE_STATE=getMsg HTTP/1.1" 200 27
180.174.56.115 - - [08/Dec/2020:10:03:42 +0800] "POST /xingrg/kc/base/wldb_order_operate.html HTTP/1.1" 200 12
180.174.56.115 - - [08/Dec/2020:10:03:42 +0800] "POST /xingrg/kc/base/wldb_order_operate.html HTTP/1.1" 200 2199
180.174.56.115 - - [08/Dec/2020:10:03:43 +0800] "GET /xingrg/kc/base/wldb_order_info.html?code=422020120800832 HTTP/1.1" 200 26483
180.174.56.115 - - [08/Dec/2020:10:03:43 +0800] "POST /xingrg/kc/base/wldb_order_operate.html HTTP/1.1" 200 494
180.174.56.115 - - [08/Dec/2020:10:03:43 +0800] "GET /xingrg/javascript/easyui/themes/default/validatebox.css HTTP/1.1" 404 1104
172.17.0.119 - - [08/Dec/2020:10:03:47 +0800] "GET /favicon.ico HTTP/1.1" 404 -
180.174.56.115 - - [08/Dec/2020:10:03:47 +0800] "GET /xingrg/kc/base/wldb_order_add.html HTTP/1.1" 200 30601
180.174.56.115 - - [08/Dec/2020:10:03:47 +0800] "POST /xingrg/kc/base/wldb_order_operate.html HTTP/1.1" 200 6806
180.174.56.115 - - [08/Dec/2020:10:03:48 +0800] "GET /xingrg/javascript/easyui/themes/default/validatebox.css HTTP/1.1" 404 1104
180.174.56.115 - - [08/Dec/2020:10:03:48 +0800] "POST /xingrg/all/common/load_combo.html?type=base HTTP/1.1" 200 2966
172.17.0.185 - - [08/Dec/2020:10:03:49 +0800] "GET /xingrg/all/function/internal_message.html?_=1607393027156&CODE_STATE=getMsg HTTP/1.1" 200 27
117.185.32.26 - - [08/Dec/2020:10:03:51 +0800] "POST /xingrg/kc/buy/cgsh_order_operate.html HTTP/1.1" 200 37
114.84.32.187 - - [08/Dec/2020:10:03:52 +0800] "GET /xingrg/kc/buy/cgsh_order_operate.html?command=get_materiel&rest_code=00146&code=00101016080&supplier_code=00100033&order_time=2020-12-08 HTTP/1.1" 200 408
117.185.32.26 - - [08/Dec/2020:10:03:52 +0800] "POST /xingrg/kc/buy/cgsh_order_operate.html HTTP/1.1" 200 5041
117.185.32.26 - - [08/Dec/2020:10:03:53 +0800] "GET /xingrg/all/function/internal_message.html?_=1607393491957&CODE_STATE=getMsg HTTP/1.1" 200 27
117.185.32.26 - - [08/Dec/2020:10:03:54 +0800] "GET /xingrg/kc/buy/cgsh_order_add.html HTTP/1.1" 200 60939
117.185.32.26 - - [08/Dec/2020:10:03:54 +0800] "POST /xingrg/kc/buy/cgsh_order_operate.html HTTP/1.1" 200 8245
117.185.32.26 - - [08/Dec/2020:10:03:54 +0800] "GET /xingrg/javascript/easyui/themes/default/validatebox.css HTTP/1.1" 404 1104
180.174.56.115 - - [08/Dec/2020:10:03:56 +0800] "GET /xingrg/kc/base/wldb_order_operate.html?command=get_materiel&rest_code=00150&base_code=0010447&code=00101014041 HTTP/1.1" 200 434
117.185.32.26 - - [08/Dec/2020:10:03:57 +0800] "GET /xingrg/javascript/easyui/themes/default/tree.css HTTP/1.1" 404 1090
117.185.32.26 - - [08/Dec/2020:10:03:57 +0800] "POST /xingrg/all/common/load_tree.html?tree=supplier_tree_json&isDelete=1 HTTP/1.1" 200 52361
222.69.132.37 - - [08/Dec/2020:10:03:58 +0800] "GET /xingrg/all/function/internal_message.html?_=1607393037275&CODE_STATE=getMsg HTTP/1.1" 200 27
114.88.163.87 - - [08/Dec/2020:10:04:03 +0800] "GET /xingrg/all/function/internal_message.html?_=1607393170115&CODE_STATE=getMsg HTTP/1.1" 200 27
114.84.32.187 - - [08/Dec/2020:10:04:03 +0800] "GET /xingrg/kc/buy/cgsh_order_operate.html?command=get_materiel&rest_code=00146&code=00101012051&supplier_code=00100033&order_time=2020-12-08 HTTP/1.1" 200 408
222.69.132.37 - - [08/Dec/2020:10:04:04 +0800] "GET /xingrg/all/function/internal_message.html?_=1607393042977&CODE_STATE=getMsg HTTP/1.1" 200 27
180.174.56.115 - - [08/Dec/2020:10:04:05 +0800] "GET /xingrg/all/function/internal_message.html?_=1607393046486&CODE_STATE=getMsg HTTP/1.1" 200 27
180.174.56.115 - - [08/Dec/2020:10:04:08 +0800] "POST /xingrg/kc/base/wldb_order_operate.html HTTP/1.1" 200 37
180.174.56.115 - - [08/Dec/2020:10:04:09 +0800] "POST /xingrg/kc/base/wldb_order_operate.html HTTP/1.1" 200 12
180.174.56.115 - - [08/Dec/2020:10:04:09 +0800] "POST /xingrg/kc/base/wldb_order_operate.html HTTP/1.1" 200 2184
180.174.56.115 - - [08/Dec/2020:10:04:10 +0800] "GET /xingrg/kc/base/wldb_order_info.html?code=422020120800833 HTTP/1.1" 200 26483
180.174.56.115 - - [08/Dec/2020:10:04:10 +0800] "GET /xingrg/all/function/internal_message.html?_=1607393017795&CODE_STATE=getMsg HTTP/1.1" 200 27
180.174.56.115 - - [08/Dec/2020:10:04:10 +0800] "POST /xingrg/kc/base/wldb_order_operate.html HTTP/1.1" 200 478
180.174.56.115 - - [08/Dec/2020:10:04:10 +0800] "GET /xingrg/javascript/easyui/themes/default/validatebox.css HTTP/1.1" 404 1104
114.84.32.187 - - [08/Dec/2020:10:04:14 +0800] "GET /xingrg/kc/buy/cgsh_order_operate.html?command=get_materiel&rest_code=00146&code=00101016057&supplier_code=00100033&order_time=2020-12-08 HTTP/1.1" 200 408
180.174.56.115 - - [08/Dec/2020:10:04:15 +0800] "GET /xingrg/kc/base/wldb_order_add.html HTTP/1.1" 200 30601
114.88.159.147 - - [08/Dec/2020:10:04:15 +0800] "GET /xingrg/check_reg.html?_=1607393050946 HTTP/1.1" 200 22
180.174.56.115 - - [08/Dec/2020:10:04:15 +0800] "POST /xingrg/kc/base/wldb_order_operate.html HTTP/1.1" 200 6806
180.174.56.115 - - [08/Dec/2020:10:04:15 +0800] "GET /xingrg/javascript/easyui/themes/default/validatebox.css HTTP/1.1" 404 1104
180.174.56.115 - - [08/Dec/2020:10:04:16 +0800] "POST /xingrg/all/common/load_combo.html?type=base HTTP/1.1" 200 2966
101.91.60.11 - - [08/Dec/2020:10:04:18 +0800] "GET /xingrg/check_reg.html?_=1607392450919 HTTP/1.1" 302 -
222.69.132.37 - - [08/Dec/2020:10:04:22 +0800] "GET /xingrg/kc/buy/cgsh_order_operate.html?command=get_materiel&rest_code=00149&code=00101009011&supplier_code=00100201&order_time=2020-12-08 HTTP/1.1" 200 416
116.228.172.94 - - [08/Dec/2020:10:04:22 +0800] "GET /xingrg/all/function/internal_message.html?_=1607393061584&CODE_STATE=getMsg HTTP/1.1" 200 27
180.162.223.42 - - [08/Dec/2020:10:04:23 +0800] "GET /xingrg/all/function/internal_message.html?_=1607393062754&CODE_STATE=getMsg HTTP/1.1" 200 27
101.91.60.11 - - [08/Dec/2020:10:04:24 +0800] "GET /xingrg/login.html HTTP/1.1" 200 7641
180.174.56.115 - - [08/Dec/2020:10:04:24 +0800] "GET /xingrg/kc/base/wldb_order_operate.html?command=get_materiel&rest_code=00150&base_code=0010445&code=00101019258 HTTP/1.1" 200 469
114.84.32.187 - - [08/Dec/2020:10:04:25 +0800] "GET /xingrg/all/function/internal_message.html?_=1607393073191&CODE_STATE=getMsg HTTP/1.1" 200 27
222.69.132.37 - - [08/Dec/2020:10:04:30 +0800] "GET /xingrg/kc/buy/cgsh_order_operate.html?command=get_materiel&rest_code=00149&code=00101009062&supplier_code=00100201&order_time=2020-12-08 HTTP/1.1" 200 433
180.174.56.115 - - [08/Dec/2020:10:04:31 +0800] "GET /xingrg/kc/base/wldb_order_operate.html?command=get_materiel&rest_code=00150&base_code=0010445&code=00101019530 HTTP/1.1" 200 480
114.88.163.87 - - [08/Dec/2020:10:04:31 +0800] "GET /xingrg/all/function/internal_message.html?_=1607393065064&CODE_STATE=getMsg HTTP/1.1" 200 27
114.88.159.147 - - [08/Dec/2020:10:04:35 +0800] "GET /xingrg/check_reg.html?_=1607392650868 HTTP/1.1" 200 22
114.88.159.147 - - [08/Dec/2020:10:04:35 +0800] "GET /xingrg/all/function/internal_message.html?_=1607392650869&CODE_STATE=getMsg HTTP/1.1" 200 27
117.185.32.26 - - [08/Dec/2020:10:04:37 +0800] "GET /xingrg/kc/buy/cgsh_order_operate.html?command=get_materiel&rest_code=00106&code=00101011010&supplier_code=00100050&order_time=2020-12-08 HTTP/1.1" 200 418
114.84.32.187 - - [08/Dec/2020:10:04:39 +0800] "GET /xingrg/kc/buy/cgsh_order_operate.html?command=get_materiel&rest_code=00146&code=00101016025&supplier_code=00100033&order_time=2020-12-08 HTTP/1.1" 200 408
180.174.56.115 - - [08/Dec/2020:10:04:39 +0800] "GET /xingrg/kc/base/wldb_order_operate.html?command=get_materiel&rest_code=00150&base_code=0010445&code=00101027001 HTTP/1.1" 200 469
222.69.132.37 - - [08/Dec/2020:10:04:40 +0800] "GET /xingrg/kc/buy/cgsh_order_operate.html?command=get_materiel&rest_code=00149&code=00101009049&supplier_code=00100201&order_time=2020-12-08 HTTP/1.1" 200 416
114.88.159.147 - - [08/Dec/2020:10:04:42 +0800] "GET /xingrg/all/function/internal_message.html?_=1607393077523&CODE_STATE=getMsg HTTP/1.1" 200 27
180.174.56.115 - - [08/Dec/2020:10:04:48 +0800] "GET /xingrg/kc/base/wldb_order_operate.html?command=get_materiel&rest_code=00150&base_code=0010445&code=00101019133 HTTP/1.1" 200 464
172.17.0.185 - - [08/Dec/2020:10:04:49 +0800] "GET /xingrg/all/function/internal_message.html?_=1607393087185&CODE_STATE=getMsg HTTP/1.1" 200 27
114.84.32.187 - - [08/Dec/2020:10:04:49 +0800] "GET /xingrg/kc/buy/cgsh_order_operate.html?command=get_materiel&rest_code=00146&code=00101012026&supplier_code=00100033&order_time=2020-12-08 HTTP/1.1" 200 408
117.185.32.26 - - [08/Dec/2020:10:04:53 +0800] "GET /xingrg/all/function/internal_message.html?_=1607393551958&CODE_STATE=getMsg HTTP/1.1" 200 27
180.174.56.115 - - [08/Dec/2020:10:04:55 +0800] "GET /xingrg/kc/base/wldb_order_operate.html?command=get_materiel&rest_code=00150&base_code=0010445&code=00101019283 HTTP/1.1" 200 451
222.69.132.37 - - [08/Dec/2020:10:04:58 +0800] "GET /xingrg/all/function/internal_message.html?_=1607393097279&CODE_STATE=getMsg HTTP/1.1" 200 27
222.69.132.37 - - [08/Dec/2020:10:04:59 +0800] "GET /xingrg/kc/buy/cgsh_order_operate.html?command=get_materiel&rest_code=00149&code=00101009019&supplier_code=00100201&order_time=2020-12-08 HTTP/1.1" 200 432
114.88.163.87 - - [08/Dec/2020:10:05:03 +0800] "GET /xingrg/all/function/internal_message.html?_=1607393230123&CODE_STATE=getMsg HTTP/1.1" 200 27
180.174.56.115 - - [08/Dec/2020:10:05:03 +0800] "GET /xingrg/kc/base/wldb_order_operate.html?command=get_materiel&rest_code=00150&base_code=0010445&code=00101019536 HTTP/1.1" 200 470
222.69.132.37 - - [08/Dec/2020:10:05:04 +0800] "GET /xingrg/all/function/internal_message.html?_=1607393102979&CODE_STATE=getMsg HTTP/1.1" 200 27
180.174.56.115 - - [08/Dec/2020:10:05:05 +0800] "GET /xingrg/all/function/internal_message.html?_=1607393106507&CODE_STATE=getMsg HTTP/1.1" 200 27
180.174.56.115 - - [08/Dec/2020:10:05:05 +0800] "GET /xingrg/check_reg.html?_=1607393106512 HTTP/1.1" 200 22
180.174.56.115 - - [08/Dec/2020:10:05:10 +0800] "GET /xingrg/all/function/internal_message.html?_=1607393077810&CODE_STATE=getMsg HTTP/1.1" 200 27
180.174.56.115 - - [08/Dec/2020:10:05:10 +0800] "GET /xingrg/kc/base/wldb_order_operate.html?command=get_materiel&rest_code=00150&base_code=0010445&code=00101019306 HTTP/1.1" 200 465
180.174.56.115 - - [08/Dec/2020:10:05:17 +0800] "GET /xingrg/kc/base/wldb_order_operate.html?command=get_materiel&rest_code=00150&base_code=0010445&code=00101019438 HTTP/1.1" 200 447
222.69.132.37 - - [08/Dec/2020:10:05:18 +0800] "POST /xingrg/kc/buy/cgsh_order_operate.html HTTP/1.1" 200 37
116.228.172.94 - - [08/Dec/2020:10:05:22 +0800] "GET /xingrg/all/function/internal_message.html?_=1607393121583&CODE_STATE=getMsg HTTP/1.1" 200 27
116.228.172.94 - - [08/Dec/2020:10:05:22 +0800] "GET /xingrg/check_reg.html?_=1607393121594 HTTP/1.1" 200 22
180.162.223.42 - - [08/Dec/2020:10:05:23 +0800] "GET /xingrg/all/function/internal_message.html?_=1607393122757&CODE_STATE=getMsg HTTP/1.1" 200 27
222.69.132.37 - - [08/Dec/2020:10:05:24 +0800] "POST /xingrg/kc/buy/cgsh_order_operate.html HTTP/1.1" 200 12
180.174.56.115 - - [08/Dec/2020:10:05:24 +0800] "GET /xingrg/kc/base/wldb_order_operate.html?command=get_materiel&rest_code=00150&base_code=0010445&code=00101013011 HTTP/1.1" 200 451
114.84.32.187 - - [08/Dec/2020:10:05:25 +0800] "GET /xingrg/all/function/internal_message.html?_=1607393133203&CODE_STATE=getMsg HTTP/1.1" 200 27
114.84.32.187 - - [08/Dec/2020:10:05:30 +0800] "GET /xingrg/kc/buy/cgsh_order_operate.html?command=get_materiel&rest_code=00146&code=00101016105&supplier_code=00100033&order_time=2020-12-08 HTTP/1.1" 200 409
222.69.132.37 - - [08/Dec/2020:10:05:31 +0800] "GET /xingrg/kc/buy/cgsh_order_info.html?code=212020120802869 HTTP/1.1" 200 55895
114.88.163.87 - - [08/Dec/2020:10:05:32 +0800] "GET /xingrg/all/function/internal_message.html?_=1607393125129&CODE_STATE=getMsg HTTP/1.1" 200 27
222.69.132.37 - - [08/Dec/2020:10:05:32 +0800] "GET /xingrg/javascript/easyui/themes/default/validatebox.css HTTP/1.1" 404 1104
117.185.32.26 - - [08/Dec/2020:10:05:32 +0800] "GET /xingrg/kc/buy/cgsh_order_operate.html?command=get_materiel&rest_code=00106&code=00101011007&supplier_code=00100050&order_time=2020-12-08 HTTP/1.1" 200 414
222.69.132.37 - - [08/Dec/2020:10:05:32 +0800] "POST /xingrg/kc/buy/cgsh_order_operate.html HTTP/1.1" 200 2980
114.88.159.147 - - [08/Dec/2020:10:05:35 +0800] "GET /xingrg/all/function/internal_message.html?_=1607392710868&CODE_STATE=getMsg HTTP/1.1" 200 27
61.151.178.236 - - [08/Dec/2020:10:05:36 +0800] "GET /xingrg/all/function/internal_message.html?_=1607392537725&CODE_STATE=getMsg HTTP/1.1" 302 -
222.69.132.37 - - [08/Dec/2020:10:05:41 +0800] "GET /xingrg/kc/print/load_data.html?order_code=212020120802869&kc_code=cgsh&condition= HTTP/1.1" 200 1619
114.88.159.147 - - [08/Dec/2020:10:05:42 +0800] "GET /xingrg/all/function/internal_message.html?_=1607393137493&CODE_STATE=getMsg HTTP/1.1" 200 27
180.174.56.115 - - [08/Dec/2020:10:05:42 +0800] "POST /xingrg/kc/base/wldb_order_operate.html HTTP/1.1" 200 37
61.151.178.236 - - [08/Dec/2020:10:05:43 +0800] "GET /xingrg/login.html HTTP/1.1" 200 7641
180.174.56.115 - - [08/Dec/2020:10:05:44 +0800] "POST /xingrg/kc/base/wldb_order_operate.html HTTP/1.1" 200 12
180.174.56.115 - - [08/Dec/2020:10:05:44 +0800] "POST /xingrg/kc/base/wldb_order_operate.html HTTP/1.1" 200 6238
180.174.56.115 - - [08/Dec/2020:10:05:44 +0800] "GET /xingrg/kc/base/wldb_order_info.html?code=422020120800834 HTTP/1.1" 200 26484
180.174.56.115 - - [08/Dec/2020:10:05:45 +0800] "POST /xingrg/kc/base/wldb_order_operate.html HTTP/1.1" 200 4441
180.174.56.115 - - [08/Dec/2020:10:05:45 +0800] "GET /xingrg/javascript/easyui/themes/default/validatebox.css HTTP/1.1" 404 1104
114.84.32.187 - - [08/Dec/2020:10:05:45 +0800] "POST /xingrg/kc/buy/cgsh_order_operate.html HTTP/1.1" 200 37
114.84.32.187 - - [08/Dec/2020:10:05:46 +0800] "POST /xingrg/kc/buy/cgsh_order_operate.html HTTP/1.1" 200 6768
180.174.56.115 - - [08/Dec/2020:10:05:47 +0800] "GET /xingrg/kc/base/wldb_order_add.html HTTP/1.1" 200 30601
180.174.56.115 - - [08/Dec/2020:10:05:48 +0800] "POST /xingrg/kc/base/wldb_order_operate.html HTTP/1.1" 200 6806
180.174.56.115 - - [08/Dec/2020:10:05:48 +0800] "GET /xingrg/javascript/easyui/themes/default/validatebox.css HTTP/1.1" 404 1104
180.174.56.115 - - [08/Dec/2020:10:05:49 +0800] "POST /xingrg/all/common/load_combo.html?type=base HTTP/1.1" 200 2966
172.17.0.185 - - [08/Dec/2020:10:05:49 +0800] "GET /xingrg/all/function/internal_message.html?_=1607393147158&CODE_STATE=getMsg HTTP/1.1" 200 27
114.84.32.187 - - [08/Dec/2020:10:05:51 +0800] "GET /xingrg/kc/print/load_data.html?order_code=212020120802870&kc_code=cgsh&condition= HTTP/1.1" 200 2259
222.69.132.37 - - [08/Dec/2020:10:05:51 +0800] "GET /xingrg/kc/buy/cgsh_order_add.html HTTP/1.1" 200 60992
222.69.132.37 - - [08/Dec/2020:10:05:52 +0800] "POST /xingrg/kc/buy/cgsh_order_operate.html HTTP/1.1" 200 8245
222.69.132.37 - - [08/Dec/2020:10:05:52 +0800] "GET /xingrg/javascript/easyui/themes/default/validatebox.css HTTP/1.1" 404 1104
117.185.32.26 - - [08/Dec/2020:10:05:53 +0800] "GET /xingrg/all/function/internal_message.html?_=1607393611949&CODE_STATE=getMsg HTTP/1.1" 200 27
117.185.32.26 - - [08/Dec/2020:10:05:53 +0800] "GET /xingrg/check_reg.html?_=1607393611950 HTTP/1.1" 200 22
222.69.132.37 - - [08/Dec/2020:10:05:58 +0800] "GET /xingrg/all/function/internal_message.html?_=1607393157280&CODE_STATE=getMsg HTTP/1.1" 200 27
117.185.32.26 - - [08/Dec/2020:10:06:00 +0800] "GET /xingrg/kc/buy/cgsh_order_operate.html?command=get_materiel&rest_code=00106&code=00101011001&supplier_code=00100050&order_time=2020-12-08 HTTP/1.1" 200 423
180.174.56.115 - - [08/Dec/2020:10:06:01 +0800] "GET /xingrg/kc/base/wldb_order_operate.html?command=get_materiel&rest_code=00150&base_code=0010446&code=00102002497 HTTP/1.1" 200 442
114.88.163.87 - - [08/Dec/2020:10:06:03 +0800] "GET /xingrg/all/function/internal_message.html?_=1607393290124&CODE_STATE=getMsg HTTP/1.1" 200 27
222.69.132.37 - - [08/Dec/2020:10:06:04 +0800] "GET /xingrg/check_reg.html?_=1607393162973 HTTP/1.1" 200 22
222.69.132.37 - - [08/Dec/2020:10:06:04 +0800] "GET /xingrg/all/function/internal_message.html?_=1607393162993&CODE_STATE=getMsg HTTP/1.1" 200 27
180.174.56.115 - - [08/Dec/2020:10:06:05 +0800] "GET /xingrg/all/function/internal_message.html?_=1607393166513&CODE_STATE=getMsg HTTP/1.1" 200 27
222.69.132.37 - - [08/Dec/2020:10:06:09 +0800] "GET /xingrg/kc/buy/cgsh_order_operate.html?command=get_materiel&rest_code=00149&code=00101012051&supplier_code=00100036&order_time=2020-12-08 HTTP/1.1" 200 408
180.174.56.115 - - [08/Dec/2020:10:06:10 +0800] "GET /xingrg/all/function/internal_message.html?_=1607393137824&CODE_STATE=getMsg HTTP/1.1" 200 27
180.174.56.115 - - [08/Dec/2020:10:06:10 +0800] "GET /xingrg/kc/base/wldb_order_operate.html?command=get_materiel&rest_code=00150&base_code=0010446&code=00102002143 HTTP/1.1" 200 441
222.69.132.37 - - [08/Dec/2020:10:06:16 +0800] "GET /xingrg/kc/buy/cgsh_order_operate.html?command=get_materiel&rest_code=00149&code=00101016030&supplier_code=00100036&order_time=2020-12-08 HTTP/1.1" 200 412
180.174.56.115 - - [08/Dec/2020:10:06:16 +0800] "GET /xingrg/kc/base/wldb_order_operate.html?command=get_materiel&rest_code=00150&base_code=0010446&code=00102002574 HTTP/1.1" 200 447
180.174.56.115 - - [08/Dec/2020:10:06:22 +0800] "GET /xingrg/kc/base/wldb_order_operate.html?command=get_materiel&rest_code=00150&base_code=0010446&code=00102002025 HTTP/1.1" 200 453
116.228.172.94 - - [08/Dec/2020:10:06:22 +0800] "GET /xingrg/all/function/internal_message.html?_=1607393181596&CODE_STATE=getMsg HTTP/1.1" 200 27
180.162.223.42 - - [08/Dec/2020:10:06:23 +0800] "GET /xingrg/all/function/internal_message.html?_=1607393182758&CODE_STATE=getMsg HTTP/1.1" 200 27
180.162.223.42 - - [08/Dec/2020:10:06:23 +0800] "GET /xingrg/check_reg.html?_=1607393182760 HTTP/1.1" 200 22
222.69.132.37 - - [08/Dec/2020:10:06:24 +0800] "GET /xingrg/kc/buy/cgsh_order_operate.html?command=get_materiel&rest_code=00149&code=00101010092&supplier_code=00100036&order_time=2020-12-08 HTTP/1.1" 200 449
114.84.32.187 - - [08/Dec/2020:10:06:25 +0800] "GET /xingrg/all/function/internal_message.html?_=1607393193427&CODE_STATE=getMsg HTTP/1.1" 200 27
114.88.163.87 - - [08/Dec/2020:10:06:32 +0800] "GET /xingrg/all/function/internal_message.html?_=1607393185140&CODE_STATE=getMsg HTTP/1.1" 200 27
222.69.132.37 - - [08/Dec/2020:10:06:32 +0800] "POST /xingrg/kc/buy/cgsh_order_operate.html HTTP/1.1" 200 37
180.174.56.115 - - [08/Dec/2020:10:06:32 +0800] "GET /xingrg/kc/base/wldb_order_operate.html?command=get_materiel&rest_code=00150&base_code=0010446&code=00102002321 HTTP/1.1" 200 447
114.88.159.147 - - [08/Dec/2020:10:06:35 +0800] "GET /xingrg/all/function/internal_message.html?_=1607392770865&CODE_STATE=getMsg HTTP/1.1" 200 27
222.69.132.37 - - [08/Dec/2020:10:06:38 +0800] "POST /xingrg/kc/buy/cgsh_order_operate.html HTTP/1.1" 200 12
180.174.56.115 - - [08/Dec/2020:10:06:38 +0800] "POST /xingrg/kc/base/wldb_order_operate.html HTTP/1.1" 200 37
180.174.56.115 - - [08/Dec/2020:10:06:39 +0800] "POST /xingrg/kc/base/wldb_order_operate.html HTTP/1.1" 200 12
180.174.56.115 - - [08/Dec/2020:10:06:40 +0800] "POST /xingrg/kc/base/wldb_order_operate.html HTTP/1.1" 200 3165
222.69.132.37 - - [08/Dec/2020:10:06:40 +0800] "GET /xingrg/kc/buy/cgsh_order_info.html?code=212020120802871 HTTP/1.1" 200 55897
222.69.132.37 - - [08/Dec/2020:10:06:40 +0800] "GET /xingrg/javascript/easyui/themes/default/validatebox.css HTTP/1.1" 404 1104
222.69.132.37 - - [08/Dec/2020:10:06:41 +0800] "POST /xingrg/kc/buy/cgsh_order_operate.html HTTP/1.1" 200 1796
180.174.56.115 - - [08/Dec/2020:10:06:41 +0800] "GET /xingrg/kc/base/wldb_order_info.html?code=422020120800835 HTTP/1.1" 200 26482
180.174.56.115 - - [08/Dec/2020:10:06:41 +0800] "GET /xingrg/javascript/easyui/themes/default/validatebox.css HTTP/1.1" 404 1104
180.174.56.115 - - [08/Dec/2020:10:06:41 +0800] "POST /xingrg/kc/base/wldb_order_operate.html HTTP/1.1" 200 1438
114.88.159.147 - - [08/Dec/2020:10:06:42 +0800] "GET /xingrg/all/function/internal_message.html?_=1607393197489&CODE_STATE=getMsg HTTP/1.1" 200 27
222.69.132.37 - - [08/Dec/2020:10:06:44 +0800] "GET /xingrg/kc/print/load_data.html?order_code=212020120802871&kc_code=cgsh&condition= HTTP/1.1" 200 1239
172.17.0.185 - - [08/Dec/2020:10:06:49 +0800] "GET /xingrg/all/function/internal_message.html?_=1607393207155&CODE_STATE=getMsg HTTP/1.1" 200 27
172.17.0.185 - - [08/Dec/2020:10:06:49 +0800] "GET /xingrg/check_reg.html?_=1607393207249 HTTP/1.1" 200 22
180.174.56.115 - - [08/Dec/2020:10:06:50 +0800] "GET /xingrg/kc/base/wldb_order_add.html HTTP/1.1" 200 30601
180.174.56.115 - - [08/Dec/2020:10:06:50 +0800] "POST /xingrg/kc/base/wldb_order_operate.html HTTP/1.1" 200 6806
180.174.56.115 - - [08/Dec/2020:10:06:50 +0800] "GET /xingrg/javascript/easyui/themes/default/validatebox.css HTTP/1.1" 404 1104
180.174.56.115 - - [08/Dec/2020:10:06:51 +0800] "POST /xingrg/all/common/load_combo.html?type=base HTTP/1.1" 200 2966
117.185.32.26 - - [08/Dec/2020:10:06:52 +0800] "GET /xingrg/kc/buy/cgsh_order_operate.html?command=get_materiel&rest_code=00106&code=00101011003&supplier_code=00100050&order_time=2020-12-08 HTTP/1.1" 200 412
117.185.32.26 - - [08/Dec/2020:10:06:53 +0800] "GET /xingrg/all/function/internal_message.html?_=1607393671956&CODE_STATE=getMsg HTTP/1.1" 200 27
222.69.132.37 - - [08/Dec/2020:10:06:58 +0800] "GET /xingrg/all/function/internal_message.html?_=1607393217279&CODE_STATE=getMsg HTTP/1.1" 200 27
180.174.56.115 - - [08/Dec/2020:10:07:01 +0800] "POST /xingrg/services/DataTransmitService HTTP/1.1" 200 524
114.88.163.87 - - [08/Dec/2020:10:07:03 +0800] "GET /xingrg/all/function/internal_message.html?_=1607393350125&CODE_STATE=getMsg HTTP/1.1" 200 27
222.69.132.37 - - [08/Dec/2020:10:07:04 +0800] "GET /xingrg/all/function/internal_message.html?_=1607393222977&CODE_STATE=getMsg HTTP/1.1" 200 27
180.174.56.115 - - [08/Dec/2020:10:07:05 +0800] "GET /xingrg/all/function/internal_message.html?_=1607393226513&CODE_STATE=getMsg HTTP/1.1" 200 27
180.174.56.115 - - [08/Dec/2020:10:07:10 +0800] "GET /xingrg/all/function/internal_message.html?_=1607393197837&CODE_STATE=getMsg HTTP/1.1" 200 27
180.174.56.115 - - [08/Dec/2020:10:07:11 +0800] "GET /xingrg/kc/base/wldb_order_operate.html?command=get_materiel&rest_code=00150&base_code=0010445&code=00101013256 HTTP/1.1" 200 422
114.84.32.187 - - [08/Dec/2020:10:07:14 +0800] "GET /xingrg/check_reg.html?_=1607393242186 HTTP/1.1" 200 22
117.185.32.26 - - [08/Dec/2020:10:07:18 +0800] "POST /xingrg/kc/buy/cgsh_order_operate.html HTTP/1.1" 200 37
117.185.32.26 - - [08/Dec/2020:10:07:19 +0800] "POST /xingrg/kc/buy/cgsh_order_operate.html HTTP/1.1" 200 4448
117.185.32.26 - - [08/Dec/2020:10:07:21 +0800] "GET /xingrg/kc/buy/buy_main.html HTTP/1.1" 200 12412
117.185.32.26 - - [08/Dec/2020:10:07:21 +0800] "GET /xingrg/css/new_ie.css HTTP/1.1" 404 1036
117.185.32.26 - - [08/Dec/2020:10:07:22 +0800] "GET /xingrg/images/yd/bt.gif HTTP/1.1" 404 1040
116.228.172.94 - - [08/Dec/2020:10:07:22 +0800] "GET /xingrg/all/function/internal_message.html?_=1607393241606&CODE_STATE=getMsg HTTP/1.1" 200 27
117.185.32.26 - - [08/Dec/2020:10:07:23 +0800] "GET /xingrg/kc/buy/cgsh_order_list.html HTTP/1.1" 200 45202
180.162.223.42 - - [08/Dec/2020:10:07:23 +0800] "GET /xingrg/all/function/internal_message.html?_=1607393242784&CODE_STATE=getMsg HTTP/1.1" 200 27
114.84.32.187 - - [08/Dec/2020:10:07:26 +0800] "GET /xingrg/all/function/internal_message.html?_=1607393253434&CODE_STATE=getMsg HTTP/1.1" 200 27
117.185.32.26 - - [08/Dec/2020:10:07:26 +0800] "POST /xingrg/kc/buy/cgsh_list_operate.html HTTP/1.1" 200 2773
172.17.0.123 - - [08/Dec/2020:10:07:30 +0800] "GET /xingrg/check_reg.html?_=1607393176764 HTTP/1.1" 200 22
180.174.56.115 - - [08/Dec/2020:10:07:30 +0800] "GET /xingrg/kc/base/wldb_order_operate.html?command=get_materiel&rest_code=00150&base_code=0010445&code=00101019185 HTTP/1.1" 200 455
114.88.163.87 - - [08/Dec/2020:10:07:32 +0800] "GET /xingrg/all/function/internal_message.html?_=1607393245191&CODE_STATE=getMsg HTTP/1.1" 200 27
