180.157.253.48 - - [01/Dec/2020:08:34:43 +0800] "POST /xingrg/dwr/call/plaincall/AjaxCheckService.setItemNumber.dwr HTTP/1.1" 200 77
180.157.253.48 - - [01/Dec/2020:08:34:44 +0800] "POST /xingrg/dwr/call/plaincall/AjaxCheckService.setItemNumber.dwr HTTP/1.1" 200 77
180.157.253.48 - - [01/Dec/2020:08:34:44 +0800] "POST /xingrg/dwr/call/plaincall/AjaxCheckService.setItemNumber.dwr HTTP/1.1" 200 77
120.253.135.82 - - [01/Dec/2020:08:34:45 +0800] "GET /xingrg/check_reg.html?_=1606782998700 HTTP/1.1" 200 22
117.184.7.26 - - [01/Dec/2020:08:34:45 +0800] "GET /xingrg/all/function/internal_message.html?_=1606782883604&CODE_STATE=getMsg HTTP/1.1" 200 27
180.157.253.48 - - [01/Dec/2020:08:34:45 +0800] "POST /xingrg/dwr/call/plaincall/AjaxCheckService.setItemNumber.dwr HTTP/1.1" 200 77
114.84.37.38 - - [01/Dec/2020:08:34:46 +0800] "GET /xingrg/all/function/internal_message.html?_=1606782890734&CODE_STATE=getMsg HTTP/1.1" 200 27
180.157.253.48 - - [01/Dec/2020:08:34:47 +0800] "POST /xingrg/dwr/call/plaincall/AjaxCheckService.setItemNumber.dwr HTTP/1.1" 200 77
180.157.253.48 - - [01/Dec/2020:08:34:47 +0800] "POST /xingrg/dwr/call/plaincall/AjaxCheckService.setItemNumber.dwr HTTP/1.1" 200 77
180.157.253.48 - - [01/Dec/2020:08:34:48 +0800] "POST /xingrg/dwr/call/plaincall/AjaxCheckService.setItemNumber.dwr HTTP/1.1" 200 77
180.162.223.42 - - [01/Dec/2020:08:34:48 +0800] "GET /xingrg/check_reg.html?_=1606782890123 HTTP/1.1" 200 22
180.162.223.42 - - [01/Dec/2020:08:34:48 +0800] "GET /xingrg/all/function/internal_message.html?_=1606782890126&CODE_STATE=getMsg HTTP/1.1" 200 27
180.157.253.48 - - [01/Dec/2020:08:34:49 +0800] "POST /xingrg/dwr/call/plaincall/AjaxCheckService.setItemNumber.dwr HTTP/1.1" 200 77
58.40.7.146 - - [01/Dec/2020:08:34:51 +0800] "GET /xingrg/all/function/internal_message.html?_=1606782890185&CODE_STATE=getMsg HTTP/1.1" 200 27
116.224.233.8 - - [01/Dec/2020:08:34:51 +0800] "GET /xingrg/all/function/internal_message.html?_=1606782890020&CODE_STATE=getMsg HTTP/1.1" 200 27
114.88.175.227 - - [01/Dec/2020:08:34:53 +0800] "GET /xingrg/all/function/internal_message.html?_=1606783013646&CODE_STATE=getMsg HTTP/1.1" 200 27
180.157.253.48 - - [01/Dec/2020:08:34:54 +0800] "POST /xingrg/dwr/call/plaincall/AjaxCheckService.setItemNumber.dwr HTTP/1.1" 200 77
180.157.253.48 - - [01/Dec/2020:08:34:55 +0800] "POST /xingrg/dwr/call/plaincall/AjaxCheckService.setItemNumber.dwr HTTP/1.1" 200 77
180.157.253.48 - - [01/Dec/2020:08:34:55 +0800] "POST /xingrg/dwr/call/plaincall/AjaxCheckService.setItemNumber.dwr HTTP/1.1" 200 77
180.157.253.48 - - [01/Dec/2020:08:34:57 +0800] "POST /xingrg/dwr/call/plaincall/AjaxCheckService.setItemNumber.dwr HTTP/1.1" 200 77
120.253.135.82 - - [01/Dec/2020:08:34:57 +0800] "GET /xingrg/all/function/internal_message.html?_=1606782646431&CODE_STATE=getMsg HTTP/1.1" 200 27
180.157.253.48 - - [01/Dec/2020:08:34:57 +0800] "POST /xingrg/dwr/call/plaincall/AjaxCheckService.setItemNumber.dwr HTTP/1.1" 200 77
180.157.253.48 - - [01/Dec/2020:08:34:58 +0800] "POST /xingrg/dwr/call/plaincall/AjaxCheckService.setItemNumber.dwr HTTP/1.1" 200 77
180.157.253.48 - - [01/Dec/2020:08:34:58 +0800] "POST /xingrg/dwr/call/plaincall/AjaxCheckService.setItemNumber.dwr HTTP/1.1" 200 77
114.88.159.147 - - [01/Dec/2020:08:34:59 +0800] "GET /xingrg/all/function/internal_message.html?_=1606782903060&CODE_STATE=getMsg HTTP/1.1" 200 27
180.157.253.48 - - [01/Dec/2020:08:35:00 +0800] "POST /xingrg/dwr/call/plaincall/AjaxCheckService.setItemNumber.dwr HTTP/1.1" 200 77
180.157.253.48 - - [01/Dec/2020:08:35:03 +0800] "POST /xingrg/dwr/call/plaincall/AjaxCheckService.setItemNumber.dwr HTTP/1.1" 200 77
180.157.253.48 - - [01/Dec/2020:08:35:04 +0800] "POST /xingrg/dwr/call/plaincall/AjaxCheckService.setItemNumber.dwr HTTP/1.1" 200 77
180.157.253.48 - - [01/Dec/2020:08:35:05 +0800] "POST /xingrg/dwr/call/plaincall/AjaxCheckService.setItemNumber.dwr HTTP/1.1" 200 77
180.157.253.48 - - [01/Dec/2020:08:35:06 +0800] "POST /xingrg/dwr/call/plaincall/AjaxCheckService.setItemNumber.dwr HTTP/1.1" 200 77
180.157.253.48 - - [01/Dec/2020:08:35:07 +0800] "POST /xingrg/dwr/call/plaincall/AjaxCheckService.setItemNumber.dwr HTTP/1.1" 200 77
101.93.222.235 - - [01/Dec/2020:08:35:08 +0800] "POST /xingrg/services/DataTransmitService HTTP/1.1" 200 524
180.157.253.48 - - [01/Dec/2020:08:35:12 +0800] "POST /xingrg/dwr/call/plaincall/AjaxCheckService.setItemNumber.dwr HTTP/1.1" 200 77
120.253.135.82 - - [01/Dec/2020:08:35:13 +0800] "GET /xingrg/all/function/internal_message.html?_=1606782957720&CODE_STATE=getMsg HTTP/1.1" 200 27
116.228.172.94 - - [01/Dec/2020:08:35:14 +0800] "GET /xingrg/all/function/internal_message.html?_=1606782912251&CODE_STATE=getMsg HTTP/1.1" 200 27
180.157.253.48 - - [01/Dec/2020:08:35:17 +0800] "POST /xingrg/dwr/call/plaincall/AjaxCheckService.setItemNumber.dwr HTTP/1.1" 200 77
180.157.253.48 - - [01/Dec/2020:08:35:19 +0800] "POST /xingrg/dwr/call/plaincall/AjaxCheckService.setItemNumber.dwr HTTP/1.1" 200 77
180.157.253.48 - - [01/Dec/2020:08:35:20 +0800] "POST /xingrg/dwr/call/plaincall/AjaxCheckService.setItemNumber.dwr HTTP/1.1" 200 77
180.157.253.48 - - [01/Dec/2020:08:35:21 +0800] "POST /xingrg/dwr/call/plaincall/AjaxCheckService.setItemNumber.dwr HTTP/1.1" 200 77
114.88.175.227 - - [01/Dec/2020:08:35:22 +0800] "GET /xingrg/all/function/internal_message.html?_=1606782918614&CODE_STATE=getMsg HTTP/1.1" 200 27
180.157.253.48 - - [01/Dec/2020:08:35:22 +0800] "POST /xingrg/dwr/call/plaincall/AjaxCheckService.setItemNumber.dwr HTTP/1.1" 200 77
180.157.253.48 - - [01/Dec/2020:08:35:23 +0800] "POST /xingrg/dwr/call/plaincall/AjaxCheckService.setItemNumber.dwr HTTP/1.1" 200 77
180.157.253.48 - - [01/Dec/2020:08:35:23 +0800] "POST /xingrg/dwr/call/plaincall/AjaxCheckService.setItemNumber.dwr HTTP/1.1" 200 77
114.88.175.227 - - [01/Dec/2020:08:35:24 +0800] "GET /xingrg/kc/buy/cgsh_order_operate.html?command=get_materiel&rest_code=00111&code=00102003284&supplier_code=00100075&order_time=2020-12-01 HTTP/1.1" 200 408
180.157.253.48 - - [01/Dec/2020:08:35:25 +0800] "GET /xingrg/all/function/internal_message.html?_=1606782927257&CODE_STATE=getMsg HTTP/1.1" 200 27
180.157.253.48 - - [01/Dec/2020:08:35:26 +0800] "POST /xingrg/dwr/call/plaincall/AjaxCheckService.setItemNumber.dwr HTTP/1.1" 200 77
180.157.253.48 - - [01/Dec/2020:08:35:28 +0800] "POST /xingrg/dwr/call/plaincall/AjaxCheckService.setItemNumber.dwr HTTP/1.1" 200 77
180.157.253.48 - - [01/Dec/2020:08:35:29 +0800] "POST /xingrg/dwr/call/plaincall/AjaxCheckService.setItemNumber.dwr HTTP/1.1" 200 77
180.157.253.48 - - [01/Dec/2020:08:35:32 +0800] "POST /xingrg/dwr/call/plaincall/AjaxCheckService.setItemNumber.dwr HTTP/1.1" 200 77
180.157.253.48 - - [01/Dec/2020:08:35:33 +0800] "POST /xingrg/dwr/call/plaincall/AjaxCheckService.setItemNumber.dwr HTTP/1.1" 200 77
180.157.253.48 - - [01/Dec/2020:08:35:34 +0800] "POST /xingrg/dwr/call/plaincall/AjaxCheckService.setItemNumber.dwr HTTP/1.1" 200 77
120.253.135.82 - - [01/Dec/2020:08:35:34 +0800] "GET /xingrg/all/function/internal_message.html?_=1606783048211&CODE_STATE=getMsg HTTP/1.1" 200 27
180.157.253.48 - - [01/Dec/2020:08:35:35 +0800] "POST /xingrg/dwr/call/plaincall/AjaxCheckService.setItemNumber.dwr HTTP/1.1" 200 77
180.174.56.115 - - [01/Dec/2020:08:35:35 +0800] "GET /xingrg/kc/buy/cgsh_order_operate.html?command=get_materiel&rest_code=00150&code=00101008176&supplier_code=00100424&order_time=2020-12-01 HTTP/1.1" 200 412
180.157.253.48 - - [01/Dec/2020:08:35:35 +0800] "POST /xingrg/dwr/call/plaincall/AjaxCheckService.setItemNumber.dwr HTTP/1.1" 200 77
180.157.253.48 - - [01/Dec/2020:08:35:36 +0800] "POST /xingrg/dwr/call/plaincall/AjaxCheckService.setItemNumber.dwr HTTP/1.1" 200 77
180.157.253.48 - - [01/Dec/2020:08:35:37 +0800] "POST /xingrg/dwr/call/plaincall/AjaxCheckService.setItemNumber.dwr HTTP/1.1" 200 77
180.157.253.48 - - [01/Dec/2020:08:35:37 +0800] "POST /xingrg/dwr/call/plaincall/AjaxCheckService.setItemNumber.dwr HTTP/1.1" 200 77
180.157.253.48 - - [01/Dec/2020:08:35:38 +0800] "POST /xingrg/dwr/call/plaincall/AjaxCheckService.setItemNumber.dwr HTTP/1.1" 200 77
180.157.253.48 - - [01/Dec/2020:08:35:38 +0800] "POST /xingrg/dwr/call/plaincall/AjaxCheckService.setItemNumber.dwr HTTP/1.1" 200 77
180.157.253.48 - - [01/Dec/2020:08:35:40 +0800] "POST /xingrg/dwr/call/plaincall/AjaxCheckService.setItemNumber.dwr HTTP/1.1" 200 77
120.253.135.82 - - [01/Dec/2020:08:35:41 +0800] "GET /xingrg/check_reg.html?_=1606782690496 HTTP/1.1" 200 22
180.174.56.115 - - [01/Dec/2020:08:35:42 +0800] "GET /xingrg/kc/buy/cgsh_order_operate.html?command=get_materiel&rest_code=00150&code=00101008248&supplier_code=00100424&order_time=2020-12-01 HTTP/1.1" 200 412
114.88.175.227 - - [01/Dec/2020:08:35:44 +0800] "GET /xingrg/kc/buy/cgsh_order_operate.html?command=get_materiel&rest_code=00111&code=00102013008&supplier_code=00100075&order_time=2020-12-01 HTTP/1.1" 200 420
117.184.7.26 - - [01/Dec/2020:08:35:45 +0800] "GET /xingrg/all/function/internal_message.html?_=1606782943591&CODE_STATE=getMsg HTTP/1.1" 200 27
180.157.253.48 - - [01/Dec/2020:08:35:45 +0800] "POST /xingrg/dwr/call/plaincall/AjaxCheckService.setItemNumber.dwr HTTP/1.1" 200 77
114.84.37.38 - - [01/Dec/2020:08:35:46 +0800] "GET /xingrg/all/function/internal_message.html?_=1606782950755&CODE_STATE=getMsg HTTP/1.1" 200 27
180.157.253.48 - - [01/Dec/2020:08:35:48 +0800] "POST /xingrg/dwr/call/plaincall/AjaxCheckService.setItemNumber.dwr HTTP/1.1" 200 77
180.162.223.42 - - [01/Dec/2020:08:35:48 +0800] "GET /xingrg/all/function/internal_message.html?_=1606782950112&CODE_STATE=getMsg HTTP/1.1" 200 27
180.157.253.48 - - [01/Dec/2020:08:35:49 +0800] "POST /xingrg/dwr/call/plaincall/AjaxCheckService.setItemNumber.dwr HTTP/1.1" 200 77
180.174.56.115 - - [01/Dec/2020:08:35:49 +0800] "GET /xingrg/kc/buy/cgsh_order_operate.html?command=get_materiel&rest_code=00150&code=00101008210&supplier_code=00100424&order_time=2020-12-01 HTTP/1.1" 200 408
180.157.253.48 - - [01/Dec/2020:08:35:49 +0800] "POST /xingrg/dwr/call/plaincall/AjaxCheckService.setItemNumber.dwr HTTP/1.1" 200 77
180.157.253.48 - - [01/Dec/2020:08:35:50 +0800] "POST /xingrg/dwr/call/plaincall/AjaxCheckService.setItemNumber.dwr HTTP/1.1" 200 77
180.157.253.48 - - [01/Dec/2020:08:35:50 +0800] "POST /xingrg/dwr/call/plaincall/AjaxCheckService.setItemNumber.dwr HTTP/1.1" 200 77
58.40.7.146 - - [01/Dec/2020:08:35:51 +0800] "GET /xingrg/all/function/internal_message.html?_=1606782950187&CODE_STATE=getMsg HTTP/1.1" 200 27
116.224.233.8 - - [01/Dec/2020:08:35:51 +0800] "GET /xingrg/all/function/internal_message.html?_=1606782950020&CODE_STATE=getMsg HTTP/1.1" 200 27
180.157.253.48 - - [01/Dec/2020:08:35:51 +0800] "POST /xingrg/dwr/call/plaincall/AjaxCheckService.setItemNumber.dwr HTTP/1.1" 200 77
180.157.253.48 - - [01/Dec/2020:08:35:51 +0800] "POST /xingrg/dwr/call/plaincall/AjaxCheckService.setItemNumber.dwr HTTP/1.1" 200 77
180.157.253.48 - - [01/Dec/2020:08:35:52 +0800] "POST /xingrg/dwr/call/plaincall/AjaxCheckService.setItemNumber.dwr HTTP/1.1" 200 77
114.88.175.227 - - [01/Dec/2020:08:35:53 +0800] "GET /xingrg/all/function/internal_message.html?_=1606783073664&CODE_STATE=getMsg HTTP/1.1" 200 27
114.88.175.227 - - [01/Dec/2020:08:35:53 +0800] "GET /xingrg/check_reg.html?_=1606783073660 HTTP/1.1" 200 22
180.157.253.48 - - [01/Dec/2020:08:35:53 +0800] "POST /xingrg/dwr/call/plaincall/AjaxCheckService.setItemNumber.dwr HTTP/1.1" 200 77
180.157.253.48 - - [01/Dec/2020:08:35:53 +0800] "POST /xingrg/dwr/call/plaincall/AjaxCheckService.setItemNumber.dwr HTTP/1.1" 200 77
180.157.253.48 - - [01/Dec/2020:08:35:54 +0800] "POST /xingrg/dwr/call/plaincall/AjaxCheckService.setItemNumber.dwr HTTP/1.1" 200 77
180.157.253.48 - - [01/Dec/2020:08:35:55 +0800] "POST /xingrg/dwr/call/plaincall/AjaxCheckService.setItemNumber.dwr HTTP/1.1" 200 77
180.174.56.115 - - [01/Dec/2020:08:35:55 +0800] "GET /xingrg/kc/buy/cgsh_order_operate.html?command=get_materiel&rest_code=00150&code=00101008337&supplier_code=00100424&order_time=2020-12-01 HTTP/1.1" 200 408
180.157.253.48 - - [01/Dec/2020:08:35:56 +0800] "POST /xingrg/dwr/call/plaincall/AjaxCheckService.setItemNumber.dwr HTTP/1.1" 200 77
120.253.135.82 - - [01/Dec/2020:08:35:57 +0800] "GET /xingrg/all/function/internal_message.html?_=1606782706437&CODE_STATE=getMsg HTTP/1.1" 200 27
114.88.175.227 - - [01/Dec/2020:08:35:57 +0800] "GET /xingrg/kc/buy/cgsh_order_operate.html?command=get_materiel&rest_code=00111&code=00102003336&supplier_code=00100075&order_time=2020-12-01 HTTP/1.1" 200 413
114.88.159.147 - - [01/Dec/2020:08:35:59 +0800] "GET /xingrg/all/function/internal_message.html?_=1606782963060&CODE_STATE=getMsg HTTP/1.1" 200 27
180.174.56.115 - - [01/Dec/2020:08:36:01 +0800] "GET /xingrg/kc/buy/cgsh_order_operate.html?command=get_materiel&rest_code=00150&code=00101008331&supplier_code=00100424&order_time=2020-12-01 HTTP/1.1" 200 416
180.174.56.115 - - [01/Dec/2020:08:36:09 +0800] "GET /xingrg/kc/buy/cgsh_order_operate.html?command=get_materiel&rest_code=00150&code=00101008096&supplier_code=00100424&order_time=2020-12-01 HTTP/1.1" 200 413
120.253.135.82 - - [01/Dec/2020:08:36:13 +0800] "GET /xingrg/all/function/internal_message.html?_=1606783017734&CODE_STATE=getMsg HTTP/1.1" 200 27
116.228.172.94 - - [01/Dec/2020:08:36:14 +0800] "GET /xingrg/check_reg.html?_=1606782972247 HTTP/1.1" 200 22
116.228.172.94 - - [01/Dec/2020:08:36:14 +0800] "GET /xingrg/all/function/internal_message.html?_=1606782972249&CODE_STATE=getMsg HTTP/1.1" 200 27
180.174.56.115 - - [01/Dec/2020:08:36:17 +0800] "GET /xingrg/kc/buy/cgsh_order_operate.html?command=get_materiel&rest_code=00150&code=00101008038&supplier_code=00100424&order_time=2020-12-01 HTTP/1.1" 200 412
114.88.175.227 - - [01/Dec/2020:08:36:22 +0800] "GET /xingrg/all/function/internal_message.html?_=1606782978640&CODE_STATE=getMsg HTTP/1.1" 200 27
180.174.56.115 - - [01/Dec/2020:08:36:24 +0800] "GET /xingrg/kc/buy/cgsh_order_operate.html?command=get_materiel&rest_code=00150&code=00101008199&supplier_code=00100424&order_time=2020-12-01 HTTP/1.1" 200 408
180.174.56.115 - - [01/Dec/2020:08:36:24 +0800] "GET /xingrg/check_reg.html?_=1606782984619 HTTP/1.1" 200 22
180.157.253.48 - - [01/Dec/2020:08:36:25 +0800] "GET /xingrg/all/function/internal_message.html?_=1606782987270&CODE_STATE=getMsg HTTP/1.1" 200 27
180.174.56.115 - - [01/Dec/2020:08:36:31 +0800] "GET /xingrg/kc/buy/cgsh_order_operate.html?command=get_materiel&rest_code=00150&code=00101008163&supplier_code=00100424&order_time=2020-12-01 HTTP/1.1" 200 409
120.253.135.82 - - [01/Dec/2020:08:36:34 +0800] "GET /xingrg/all/function/internal_message.html?_=1606783108224&CODE_STATE=getMsg HTTP/1.1" 200 27
180.174.56.115 - - [01/Dec/2020:08:36:38 +0800] "GET /xingrg/kc/buy/cgsh_order_operate.html?command=get_materiel&rest_code=00150&code=00101008084&supplier_code=00100424&order_time=2020-12-01 HTTP/1.1" 200 412
180.157.253.48 - - [01/Dec/2020:08:36:41 +0800] "POST /xingrg/dwr/call/plaincall/AjaxCheckService.setItemNumber.dwr HTTP/1.1" 200 77
180.157.253.48 - - [01/Dec/2020:08:36:42 +0800] "POST /xingrg/dwr/call/plaincall/AjaxCheckService.setItemNumber.dwr HTTP/1.1" 200 77
180.157.253.48 - - [01/Dec/2020:08:36:42 +0800] "POST /xingrg/dwr/call/plaincall/AjaxCheckService.setItemNumber.dwr HTTP/1.1" 200 77
180.157.253.48 - - [01/Dec/2020:08:36:43 +0800] "POST /xingrg/dwr/call/plaincall/AjaxCheckService.setItemNumber.dwr HTTP/1.1" 200 77
180.174.56.115 - - [01/Dec/2020:08:36:44 +0800] "GET /xingrg/kc/buy/cgsh_order_operate.html?command=get_materiel&rest_code=00150&code=00101008370&supplier_code=00100424&order_time=2020-12-01 HTTP/1.1" 200 412
180.157.253.48 - - [01/Dec/2020:08:36:44 +0800] "POST /xingrg/dwr/call/plaincall/AjaxCheckService.setItemNumber.dwr HTTP/1.1" 200 77
180.157.253.48 - - [01/Dec/2020:08:36:45 +0800] "POST /xingrg/dwr/call/plaincall/AjaxCheckService.setItemNumber.dwr HTTP/1.1" 200 77
117.184.7.26 - - [01/Dec/2020:08:36:45 +0800] "GET /xingrg/all/function/internal_message.html?_=1606783003576&CODE_STATE=getMsg HTTP/1.1" 200 27
180.157.253.48 - - [01/Dec/2020:08:36:45 +0800] "POST /xingrg/dwr/call/plaincall/AjaxCheckService.setItemNumber.dwr HTTP/1.1" 200 77
114.84.37.38 - - [01/Dec/2020:08:36:46 +0800] "GET /xingrg/all/function/internal_message.html?_=1606783011213&CODE_STATE=getMsg HTTP/1.1" 200 27
180.157.253.48 - - [01/Dec/2020:08:36:46 +0800] "POST /xingrg/dwr/call/plaincall/AjaxCheckService.setItemNumber.dwr HTTP/1.1" 200 77
180.157.253.48 - - [01/Dec/2020:08:36:47 +0800] "POST /xingrg/dwr/call/plaincall/AjaxCheckService.setItemNumber.dwr HTTP/1.1" 200 77
180.157.253.48 - - [01/Dec/2020:08:36:48 +0800] "POST /xingrg/dwr/call/plaincall/AjaxCheckService.setItemNumber.dwr HTTP/1.1" 200 77
180.157.253.48 - - [01/Dec/2020:08:36:48 +0800] "POST /xingrg/dwr/call/plaincall/AjaxCheckService.setItemNumber.dwr HTTP/1.1" 200 77
180.162.223.42 - - [01/Dec/2020:08:36:48 +0800] "GET /xingrg/all/function/internal_message.html?_=1606783010112&CODE_STATE=getMsg HTTP/1.1" 200 27
180.174.56.115 - - [01/Dec/2020:08:36:49 +0800] "GET /xingrg/kc/buy/cgsh_order_operate.html?command=get_materiel&rest_code=00150&code=00101008141&supplier_code=00100424&order_time=2020-12-01 HTTP/1.1" 200 412
58.40.7.146 - - [01/Dec/2020:08:36:51 +0800] "GET /xingrg/all/function/internal_message.html?_=1606783010190&CODE_STATE=getMsg HTTP/1.1" 200 27
58.40.7.146 - - [01/Dec/2020:08:36:51 +0800] "GET /xingrg/check_reg.html?_=1606783010192 HTTP/1.1" 200 22
116.224.233.8 - - [01/Dec/2020:08:36:51 +0800] "GET /xingrg/all/function/internal_message.html?_=1606783010019&CODE_STATE=getMsg HTTP/1.1" 200 27
114.88.175.227 - - [01/Dec/2020:08:36:53 +0800] "GET /xingrg/all/function/internal_message.html?_=1606783133701&CODE_STATE=getMsg HTTP/1.1" 200 27
180.157.253.48 - - [01/Dec/2020:08:36:53 +0800] "POST /xingrg/dwr/call/plaincall/AjaxCheckService.setItemNumber.dwr HTTP/1.1" 200 77
180.157.253.48 - - [01/Dec/2020:08:36:54 +0800] "POST /xingrg/dwr/call/plaincall/AjaxCheckService.setItemNumber.dwr HTTP/1.1" 200 77
180.174.56.115 - - [01/Dec/2020:08:36:55 +0800] "GET /xingrg/kc/buy/cgsh_order_operate.html?command=get_materiel&rest_code=00150&code=00101008126&supplier_code=00100424&order_time=2020-12-01 HTTP/1.1" 200 412
180.157.253.48 - - [01/Dec/2020:08:36:55 +0800] "POST /xingrg/dwr/call/plaincall/AjaxCheckService.setItemNumber.dwr HTTP/1.1" 200 77
180.157.253.48 - - [01/Dec/2020:08:36:56 +0800] "POST /xingrg/dwr/call/plaincall/AjaxCheckService.setItemNumber.dwr HTTP/1.1" 200 77
114.88.175.227 - - [01/Dec/2020:08:36:56 +0800] "GET /xingrg/kc/buy/cgsh_order_operate.html?command=get_materiel&rest_code=00111&code=00102013003&supplier_code=00100075&order_time=2020-12-01 HTTP/1.1" 200 409
120.253.135.82 - - [01/Dec/2020:08:36:57 +0800] "GET /xingrg/all/function/internal_message.html?_=1606782766450&CODE_STATE=getMsg HTTP/1.1" 200 27
114.88.159.147 - - [01/Dec/2020:08:36:59 +0800] "GET /xingrg/check_reg.html?_=1606783023063 HTTP/1.1" 200 22
114.88.159.147 - - [01/Dec/2020:08:36:59 +0800] "GET /xingrg/all/function/internal_message.html?_=1606783023065&CODE_STATE=getMsg HTTP/1.1" 200 27
114.88.175.227 - - [01/Dec/2020:08:37:04 +0800] "GET /xingrg/check_reg.html?_=1606783020686 HTTP/1.1" 200 22
180.157.253.48 - - [01/Dec/2020:08:37:05 +0800] "POST /xingrg/dwr/call/plaincall/AjaxCheckService.setItemNumber.dwr HTTP/1.1" 200 77
180.174.56.115 - - [01/Dec/2020:08:37:06 +0800] "GET /xingrg/kc/buy/cgsh_order_operate.html?command=get_materiel&rest_code=00150&code=00101008361&supplier_code=00100424&order_time=2020-12-01 HTTP/1.1" 200 408
120.253.135.82 - - [01/Dec/2020:08:37:13 +0800] "GET /xingrg/all/function/internal_message.html?_=1606783077754&CODE_STATE=getMsg HTTP/1.1" 200 27
116.228.172.94 - - [01/Dec/2020:08:37:14 +0800] "GET /xingrg/all/function/internal_message.html?_=1606783032251&CODE_STATE=getMsg HTTP/1.1" 200 27
114.88.175.227 - - [01/Dec/2020:08:37:14 +0800] "POST /xingrg/kc/buy/cgsh_order_operate.html HTTP/1.1" 200 37
114.88.175.227 - - [01/Dec/2020:08:37:15 +0800] "POST /xingrg/kc/buy/cgsh_order_operate.html HTTP/1.1" 200 5603
180.174.56.115 - - [01/Dec/2020:08:37:16 +0800] "GET /xingrg/kc/buy/cgsh_order_operate.html?command=get_materiel&rest_code=00150&code=00101008355&supplier_code=00100424&order_time=2020-12-01 HTTP/1.1" 200 408
114.88.175.227 - - [01/Dec/2020:08:37:17 +0800] "GET /xingrg/kc/print/load_data.html?order_code=212020120100028&kc_code=cgsh&condition= HTTP/1.1" 200 1794
114.88.175.227 - - [01/Dec/2020:08:37:22 +0800] "GET /xingrg/all/function/internal_message.html?_=1606783038642&CODE_STATE=getMsg HTTP/1.1" 200 27
180.157.253.48 - - [01/Dec/2020:08:37:25 +0800] "GET /xingrg/check_reg.html?_=1606783047112 HTTP/1.1" 200 22
180.157.253.48 - - [01/Dec/2020:08:37:25 +0800] "GET /xingrg/all/function/internal_message.html?_=1606783047284&CODE_STATE=getMsg HTTP/1.1" 200 27
114.84.37.38 - - [01/Dec/2020:08:37:26 +0800] "GET /xingrg/check_reg.html?_=1606783051101 HTTP/1.1" 200 22
120.253.135.82 - - [01/Dec/2020:08:37:35 +0800] "GET /xingrg/all/function/internal_message.html?_=1606783168434&CODE_STATE=getMsg HTTP/1.1" 200 27
117.184.7.26 - - [01/Dec/2020:08:37:45 +0800] "GET /xingrg/all/function/internal_message.html?_=1606783063561&CODE_STATE=getMsg HTTP/1.1" 200 27
114.84.37.38 - - [01/Dec/2020:08:37:46 +0800] "GET /xingrg/all/function/internal_message.html?_=1606783071222&CODE_STATE=getMsg HTTP/1.1" 200 27
114.92.198.154 - - [01/Dec/2020:08:37:47 +0800] "GET /xingrg/login_supplier.html HTTP/1.1" 200 3208
114.92.198.154 - - [01/Dec/2020:08:37:48 +0800] "GET /favicon.ico HTTP/1.1" 404 -
180.162.223.42 - - [01/Dec/2020:08:37:48 +0800] "GET /xingrg/all/function/internal_message.html?_=1606783070117&CODE_STATE=getMsg HTTP/1.1" 200 27
58.40.7.146 - - [01/Dec/2020:08:37:51 +0800] "GET /xingrg/all/function/internal_message.html?_=1606783070194&CODE_STATE=getMsg HTTP/1.1" 200 27
116.224.233.8 - - [01/Dec/2020:08:37:51 +0800] "GET /xingrg/check_reg.html?_=1606783070020 HTTP/1.1" 200 22
116.224.233.8 - - [01/Dec/2020:08:37:51 +0800] "GET /xingrg/all/function/internal_message.html?_=1606783070018&CODE_STATE=getMsg HTTP/1.1" 200 27
114.88.175.227 - - [01/Dec/2020:08:37:53 +0800] "GET /xingrg/all/function/internal_message.html?_=1606783193684&CODE_STATE=getMsg HTTP/1.1" 200 27
120.253.135.82 - - [01/Dec/2020:08:37:57 +0800] "GET /xingrg/all/function/internal_message.html?_=1606782826465&CODE_STATE=getMsg HTTP/1.1" 200 27
114.92.198.154 - - [01/Dec/2020:08:37:57 +0800] "POST /xingrg/login_supplier.html HTTP/1.1" 302 -
114.92.198.154 - - [01/Dec/2020:08:37:57 +0800] "GET /xingrg/supplier_index.html?sysBaseUrl=http%3A%2F%2F180.169.147.146%3A18081%2Fxingrg%2F&costTime=17×tamp=1606783077806 HTTP/1.1" 200 9061
114.92.198.154 - - [01/Dec/2020:08:37:58 +0800] "GET /favicon.ico HTTP/1.1" 404 -
114.92.198.154 - - [01/Dec/2020:08:37:59 +0800] "GET /xingrg/supplier/cgsh_order_list.html HTTP/1.1" 200 10896
114.88.159.147 - - [01/Dec/2020:08:37:59 +0800] "GET /xingrg/all/function/internal_message.html?_=1606783083064&CODE_STATE=getMsg HTTP/1.1" 200 27
114.92.198.154 - - [01/Dec/2020:08:38:00 +0800] "POST /xingrg/supplier/cgsh_list_operate.html HTTP/1.1" 200 5951
180.174.56.115 - - [01/Dec/2020:08:38:01 +0800] "GET /xingrg/kc/buy/cgsh_order_operate.html?command=get_materiel&rest_code=00150&code=00101008356&supplier_code=00100424&order_time=2020-12-01 HTTP/1.1" 200 408
114.92.198.154 - - [01/Dec/2020:08:38:02 +0800] "GET /xingrg/javascript/jquery_tools/images/prev.gif HTTP/1.1" 404 1086
114.92.198.154 - - [01/Dec/2020:08:38:02 +0800] "GET /xingrg/javascript/jquery_tools/images/next.gif HTTP/1.1" 404 1086
222.69.133.109 - - [01/Dec/2020:08:38:09 +0800] "GET /xingrg/check_reg.html?_=1606783089506 HTTP/1.1" 200 22
180.174.56.115 - - [01/Dec/2020:08:38:09 +0800] "GET /xingrg/kc/buy/cgsh_order_operate.html?command=get_materiel&rest_code=00150&code=00101008251&supplier_code=00100424&order_time=2020-12-01 HTTP/1.1" 200 408
120.253.135.82 - - [01/Dec/2020:08:38:13 +0800] "GET /xingrg/all/function/internal_message.html?_=1606783137760&CODE_STATE=getMsg HTTP/1.1" 200 27
116.228.172.94 - - [01/Dec/2020:08:38:14 +0800] "GET /xingrg/all/function/internal_message.html?_=1606783092248&CODE_STATE=getMsg HTTP/1.1" 200 27
180.174.56.115 - - [01/Dec/2020:08:38:14 +0800] "GET /xingrg/kc/buy/cgsh_order_operate.html?command=get_materiel&rest_code=00150&code=00101008118&supplier_code=00100424&order_time=2020-12-01 HTTP/1.1" 200 418
180.174.56.115 - - [01/Dec/2020:08:38:21 +0800] "GET /xingrg/kc/buy/cgsh_order_operate.html?command=get_materiel&rest_code=00150&code=00101008360&supplier_code=00100424&order_time=2020-12-01 HTTP/1.1" 200 413
114.92.198.154 - - [01/Dec/2020:08:38:21 +0800] "GET /favicon.ico HTTP/1.1" 404 -
114.92.198.154 - - [01/Dec/2020:08:38:21 +0800] "GET /xingrg/index.html HTTP/1.1" 302 -
114.92.198.154 - - [01/Dec/2020:08:38:22 +0800] "GET /xingrg/supplier_index.html?sysBaseUrl=http%3A%2F%2F180.169.147.146%3A18081%2Fxingrg%2F&costTime=0×tamp=1606783101988 HTTP/1.1" 200 9061
114.88.175.227 - - [01/Dec/2020:08:38:22 +0800] "GET /xingrg/all/function/internal_message.html?_=1606783098655&CODE_STATE=getMsg HTTP/1.1" 200 27
114.92.198.154 - - [01/Dec/2020:08:38:22 +0800] "GET /favicon.ico HTTP/1.1" 404 -
180.174.56.115 - - [01/Dec/2020:08:38:24 +0800] "POST /xingrg/kc/buy/cgsh_order_operate.html HTTP/1.1" 200 2065
180.157.253.48 - - [01/Dec/2020:08:38:25 +0800] "GET /xingrg/all/function/internal_message.html?_=1606783107307&CODE_STATE=getMsg HTTP/1.1" 200 27
180.174.56.115 - - [01/Dec/2020:08:38:28 +0800] "GET /xingrg/kc/buy/cgsh_order_operate.html?command=get_materiel&rest_code=00150&code=00101008357&supplier_code=00100424&order_time=2020-12-01 HTTP/1.1" 200 408
180.174.56.115 - - [01/Dec/2020:08:38:34 +0800] "GET /xingrg/kc/buy/cgsh_order_operate.html?command=get_materiel&rest_code=00150&code=00101008230&supplier_code=00100424&order_time=2020-12-01 HTTP/1.1" 200 408
120.253.135.82 - - [01/Dec/2020:08:38:35 +0800] "GET /xingrg/all/function/internal_message.html?_=1606783228438&CODE_STATE=getMsg HTTP/1.1" 200 27
180.174.56.115 - - [01/Dec/2020:08:38:40 +0800] "GET /xingrg/kc/buy/cgsh_order_operate.html?command=get_materiel&rest_code=00150&code=00101008286&supplier_code=00100424&order_time=2020-12-01 HTTP/1.1" 200 408
114.92.198.154 - - [01/Dec/2020:08:38:40 +0800] "POST /xingrg/supplier/cgsh_list_operate.html HTTP/1.1" 200 5528
117.184.7.26 - - [01/Dec/2020:08:38:45 +0800] "GET /xingrg/all/function/internal_message.html?_=1606783123545&CODE_STATE=getMsg HTTP/1.1" 200 27
180.174.56.115 - - [01/Dec/2020:08:38:45 +0800] "GET /xingrg/kc/buy/cgsh_order_operate.html?command=get_materiel&rest_code=00150&code=00101008036&supplier_code=00100424&order_time=2020-12-01 HTTP/1.1" 200 408
114.84.37.38 - - [01/Dec/2020:08:38:46 +0800] "GET /xingrg/all/function/internal_message.html?_=1606783131236&CODE_STATE=getMsg HTTP/1.1" 200 27
180.162.223.42 - - [01/Dec/2020:08:38:48 +0800] "GET /xingrg/all/function/internal_message.html?_=1606783130122&CODE_STATE=getMsg HTTP/1.1" 200 27
58.40.7.146 - - [01/Dec/2020:08:38:51 +0800] "GET /xingrg/all/function/internal_message.html?_=1606783130195&CODE_STATE=getMsg HTTP/1.1" 200 27
116.224.233.8 - - [01/Dec/2020:08:38:51 +0800] "GET /xingrg/all/function/internal_message.html?_=1606783130018&CODE_STATE=getMsg HTTP/1.1" 200 27
180.174.56.115 - - [01/Dec/2020:08:38:51 +0800] "GET /xingrg/kc/buy/cgsh_order_operate.html?command=get_materiel&rest_code=00150&code=00101008131&supplier_code=00100424&order_time=2020-12-01 HTTP/1.1" 200 408
114.92.198.154 - - [01/Dec/2020:08:38:51 +0800] "POST /xingrg/supplier/cgsh_list_operate.html HTTP/1.1" 200 5947
180.174.56.115 - - [01/Dec/2020:08:38:52 +0800] "POST /xingrg/kc/buy/cgsh_order_operate.html HTTP/1.1" 200 2065
114.88.175.227 - - [01/Dec/2020:08:38:53 +0800] "GET /xingrg/all/function/internal_message.html?_=1606783253666&CODE_STATE=getMsg HTTP/1.1" 200 27
120.253.135.82 - - [01/Dec/2020:08:38:57 +0800] "GET /xingrg/all/function/internal_message.html?_=1606782886478&CODE_STATE=getMsg HTTP/1.1" 200 27
180.174.56.115 - - [01/Dec/2020:08:38:58 +0800] "GET /xingrg/kc/buy/cgsh_order_operate.html?command=get_materiel&rest_code=00150&code=00101008352&supplier_code=00100424&order_time=2020-12-01 HTTP/1.1" 200 412
114.88.159.147 - - [01/Dec/2020:08:38:59 +0800] "GET /xingrg/all/function/internal_message.html?_=1606783143063&CODE_STATE=getMsg HTTP/1.1" 200 27
180.174.56.115 - - [01/Dec/2020:08:39:04 +0800] "GET /xingrg/kc/buy/cgsh_order_operate.html?command=get_materiel&rest_code=00150&code=00101008098&supplier_code=00100424&order_time=2020-12-01 HTTP/1.1" 200 412
180.174.56.115 - - [01/Dec/2020:08:39:10 +0800] "GET /xingrg/kc/buy/cgsh_order_operate.html?command=get_materiel&rest_code=00150&code=00101008005&supplier_code=00100424&order_time=2020-12-01 HTTP/1.1" 200 412
120.253.135.82 - - [01/Dec/2020:08:39:12 +0800] "GET /xingrg/check_reg.html?_=1606783197038 HTTP/1.1" 200 22
120.253.135.82 - - [01/Dec/2020:08:39:13 +0800] "GET /xingrg/all/function/internal_message.html?_=1606783197775&CODE_STATE=getMsg HTTP/1.1" 200 27
116.228.172.94 - - [01/Dec/2020:08:39:14 +0800] "GET /xingrg/all/function/internal_message.html?_=1606783152254&CODE_STATE=getMsg HTTP/1.1" 200 27
180.174.56.115 - - [01/Dec/2020:08:39:16 +0800] "GET /xingrg/kc/buy/cgsh_order_operate.html?command=get_materiel&rest_code=00150&code=00101008353&supplier_code=00100424&order_time=2020-12-01 HTTP/1.1" 200 408
114.88.175.227 - - [01/Dec/2020:08:39:22 +0800] "GET /xingrg/all/function/internal_message.html?_=1606783158680&CODE_STATE=getMsg HTTP/1.1" 200 27
180.174.56.115 - - [01/Dec/2020:08:39:23 +0800] "GET /xingrg/kc/buy/cgsh_order_operate.html?command=get_materiel&rest_code=00150&code=00101008213&supplier_code=00100424&order_time=2020-12-01 HTTP/1.1" 200 412
114.92.198.154 - - [01/Dec/2020:08:39:24 +0800] "GET /xingrg/logout.do HTTP/1.1" 302 -
114.92.198.154 - - [01/Dec/2020:08:39:24 +0800] "GET /xingrg/login_supplier.html?sysBaseUrl=http%3A%2F%2F180.169.147.146%3A18081%2Fxingrg%2F&costTime=0×tamp=1606783164610 HTTP/1.1" 200 3208
114.92.198.154 - - [01/Dec/2020:08:39:24 +0800] "GET /favicon.ico HTTP/1.1" 404 -
180.174.56.115 - - [01/Dec/2020:08:39:25 +0800] "POST /xingrg/kc/buy/cgsh_order_operate.html HTTP/1.1" 200 2065
180.157.253.48 - - [01/Dec/2020:08:39:25 +0800] "GET /xingrg/all/function/internal_message.html?_=1606783167327&CODE_STATE=getMsg HTTP/1.1" 200 27
114.92.198.154 - - [01/Dec/2020:08:39:29 +0800] "POST /xingrg/login_supplier.html HTTP/1.1" 200 3224
114.92.198.154 - - [01/Dec/2020:08:39:30 +0800] "GET /favicon.ico HTTP/1.1" 404 -
120.253.135.82 - - [01/Dec/2020:08:39:35 +0800] "GET /xingrg/all/function/internal_message.html?_=1606783288650&CODE_STATE=getMsg HTTP/1.1" 200 27
114.92.198.154 - - [01/Dec/2020:08:39:36 +0800] "POST /xingrg/login_supplier.html HTTP/1.1" 302 -
114.92.198.154 - - [01/Dec/2020:08:39:36 +0800] "GET /xingrg/supplier_index.html?sysBaseUrl=http%3A%2F%2F180.169.147.146%3A18081%2Fxingrg%2F&costTime=10×tamp=1606783176657 HTTP/1.1" 200 9061
117.184.7.26 - - [01/Dec/2020:08:39:36 +0800] "GET /xingrg/check_reg.html?_=1606783174879 HTTP/1.1" 200 22
114.92.198.154 - - [01/Dec/2020:08:39:37 +0800] "GET /favicon.ico HTTP/1.1" 404 -
114.92.198.154 - - [01/Dec/2020:08:39:38 +0800] "GET /xingrg/supplier/cgsh_order_list.html HTTP/1.1" 200 10896
114.92.198.154 - - [01/Dec/2020:08:39:39 +0800] "POST /xingrg/supplier/cgsh_list_operate.html HTTP/1.1" 200 6107
114.92.198.154 - - [01/Dec/2020:08:39:41 +0800] "GET /xingrg/javascript/jquery_tools/images/prev.gif HTTP/1.1" 404 1086
114.92.198.154 - - [01/Dec/2020:08:39:41 +0800] "GET /xingrg/javascript/jquery_tools/images/next.gif HTTP/1.1" 404 1086
180.174.56.115 - - [01/Dec/2020:08:39:42 +0800] "GET /xingrg/kc/buy/cgsh_order_operate.html?command=get_materiel&rest_code=00150&code=00101010118&supplier_code=00100424&order_time=2020-12-01 HTTP/1.1" 200 416
117.184.7.26 - - [01/Dec/2020:08:39:45 +0800] "GET /xingrg/all/function/internal_message.html?_=1606783183524&CODE_STATE=getMsg HTTP/1.1" 200 27
120.253.135.82 - - [01/Dec/2020:08:39:45 +0800] "GET /xingrg/check_reg.html?_=1606783298707 HTTP/1.1" 200 22
114.84.37.38 - - [01/Dec/2020:08:39:47 +0800] "GET /xingrg/all/function/internal_message.html?_=1606783191692&CODE_STATE=getMsg HTTP/1.1" 200 27
180.162.223.42 - - [01/Dec/2020:08:39:48 +0800] "GET /xingrg/check_reg.html?_=1606783190124 HTTP/1.1" 200 22
180.162.223.42 - - [01/Dec/2020:08:39:48 +0800] "GET /xingrg/all/function/internal_message.html?_=1606783190122&CODE_STATE=getMsg HTTP/1.1" 200 27
58.40.7.146 - - [01/Dec/2020:08:39:51 +0800] "GET /xingrg/all/function/internal_message.html?_=1606783190197&CODE_STATE=getMsg HTTP/1.1" 200 27
116.224.233.8 - - [01/Dec/2020:08:39:51 +0800] "GET /xingrg/all/function/internal_message.html?_=1606783190043&CODE_STATE=getMsg HTTP/1.1" 200 27
114.88.175.227 - - [01/Dec/2020:08:39:53 +0800] "GET /xingrg/all/function/internal_message.html?_=1606783313650&CODE_STATE=getMsg HTTP/1.1" 200 27
114.92.198.154 - - [01/Dec/2020:08:39:55 +0800] "POST /xingrg/supplier/cgsh_list_operate.html HTTP/1.1" 200 5743
180.174.56.115 - - [01/Dec/2020:08:39:56 +0800] "GET /xingrg/kc/buy/cgsh_order_operate.html?command=get_materiel&rest_code=00150&code=00101008344&supplier_code=00100424&order_time=2020-12-01 HTTP/1.1" 200 412
120.253.135.82 - - [01/Dec/2020:08:39:57 +0800] "GET /xingrg/all/function/internal_message.html?_=1606782946492&CODE_STATE=getMsg HTTP/1.1" 200 27
114.88.159.147 - - [01/Dec/2020:08:39:59 +0800] "GET /xingrg/all/function/internal_message.html?_=1606783203062&CODE_STATE=getMsg HTTP/1.1" 200 27
180.174.56.115 - - [01/Dec/2020:08:40:03 +0800] "GET /xingrg/kc/buy/cgsh_order_operate.html?command=get_materiel&rest_code=00150&code=00101008221&supplier_code=00100424&order_time=2020-12-01 HTTP/1.1" 200 412
180.174.56.115 - - [01/Dec/2020:08:40:08 +0800] "GET /xingrg/kc/buy/cgsh_order_operate.html?command=get_materiel&rest_code=00150&code=00101008095&supplier_code=00100424&order_time=2020-12-01 HTTP/1.1" 200 412
114.92.198.154 - - [01/Dec/2020:08:40:09 +0800] "POST /xingrg/supplier/cgsh_list_operate.html HTTP/1.1" 200 6103
120.253.135.82 - - [01/Dec/2020:08:40:13 +0800] "GET /xingrg/all/function/internal_message.html?_=1606783257787&CODE_STATE=getMsg HTTP/1.1" 200 27
180.174.56.115 - - [01/Dec/2020:08:40:13 +0800] "GET /xingrg/kc/buy/cgsh_order_operate.html?command=get_materiel&rest_code=00150&code=00101008110&supplier_code=00100424&order_time=2020-12-01 HTTP/1.1" 200 408
116.228.172.94 - - [01/Dec/2020:08:40:14 +0800] "GET /xingrg/all/function/internal_message.html?_=1606783212245&CODE_STATE=getMsg HTTP/1.1" 200 27
114.88.175.227 - - [01/Dec/2020:08:40:22 +0800] "GET /xingrg/all/function/internal_message.html?_=1606783218683&CODE_STATE=getMsg HTTP/1.1" 200 27
180.174.56.115 - - [01/Dec/2020:08:40:23 +0800] "POST /xingrg/kc/buy/cgsh_order_operate.html HTTP/1.1" 200 2065
180.157.253.48 - - [01/Dec/2020:08:40:25 +0800] "GET /xingrg/all/function/internal_message.html?_=1606783227339&CODE_STATE=getMsg HTTP/1.1" 200 27
114.92.198.154 - - [01/Dec/2020:08:40:29 +0800] "GET /favicon.ico HTTP/1.1" 404 -
180.157.253.48 - - [01/Dec/2020:08:40:30 +0800] "GET /xingrg/javascript/jquery_easy_ui/themes/default/images/button_plain_hover.png HTTP/1.1" 304 -
180.174.56.115 - - [01/Dec/2020:08:40:30 +0800] "GET /xingrg/kc/buy/cgsh_order_operate.html?command=get_materiel&rest_code=00150&code=00101008242&supplier_code=00100424&order_time=2020-12-01 HTTP/1.1" 200 408
180.157.253.48 - - [01/Dec/2020:08:40:33 +0800] "POST /xingrg/dwr/call/plaincall/AjaxCheckService.checkOrder.dwr HTTP/1.1" 200 79
120.253.135.82 - - [01/Dec/2020:08:40:35 +0800] "GET /xingrg/all/function/internal_message.html?_=1606783348652&CODE_STATE=getMsg HTTP/1.1" 200 27
180.157.253.48 - - [01/Dec/2020:08:40:39 +0800] "GET /xingrg/kc/base/check_order_info.html?code=452020113000506 HTTP/1.1" 200 22858
180.157.253.48 - - [01/Dec/2020:08:40:39 +0800] "GET /xingrg/css/blue.css HTTP/1.1" 304 -
180.157.253.48 - - [01/Dec/2020:08:40:39 +0800] "GET /xingrg/javascript/Calendar.js HTTP/1.1" 304 -
180.157.253.48 - - [01/Dec/2020:08:40:39 +0800] "GET /xingrg/javascript/myfunction.js HTTP/1.1" 304 -
180.157.253.48 - - [01/Dec/2020:08:40:39 +0800] "GET /xingrg/css/table.css HTTP/1.1" 304 -
180.157.253.48 - - [01/Dec/2020:08:40:39 +0800] "GET /xingrg/javascript/jquery_easy_ui/themes/default/easyui.css HTTP/1.1" 304 -
180.157.253.48 - - [01/Dec/2020:08:40:39 +0800] "GET /xingrg/javascript/jquery-1.4.2.min.js HTTP/1.1" 304 -
180.157.253.48 - - [01/Dec/2020:08:40:39 +0800] "GET /xingrg/javascript/jquery_easy_ui/themes/icon.css HTTP/1.1" 304 -
180.157.253.48 - - [01/Dec/2020:08:40:39 +0800] "GET /xingrg/javascript/pic_change.js HTTP/1.1" 304 -
180.157.253.48 - - [01/Dec/2020:08:40:39 +0800] "GET /xingrg/javascript/jquery.utils.js HTTP/1.1" 304 -
180.157.253.48 - - [01/Dec/2020:08:40:39 +0800] "GET /xingrg/dwr/util.js HTTP/1.1" 304 -
180.157.253.48 - - [01/Dec/2020:08:40:39 +0800] "GET /xingrg/javascript/convert.js HTTP/1.1" 304 -
180.157.253.48 - - [01/Dec/2020:08:40:39 +0800] "GET /xingrg/javascript/AjaxInfoList.js HTTP/1.1" 304 -
180.157.253.48 - - [01/Dec/2020:08:40:39 +0800] "GET /xingrg/javascript/jquery_easy_ui/jquery.easyui.min.js HTTP/1.1" 304 -
180.157.253.48 - - [01/Dec/2020:08:40:39 +0800] "GET /xingrg/javascript/print/kc_print.js HTTP/1.1" 304 -
180.157.253.48 - - [01/Dec/2020:08:40:39 +0800] "GET /xingrg/javascript/print/LodopFuncs.js HTTP/1.1" 304 -
180.157.253.48 - - [01/Dec/2020:08:40:39 +0800] "GET /xingrg/dwr/interface/AjaxComOrderService.js HTTP/1.1" 200 18264
180.157.253.48 - - [01/Dec/2020:08:40:39 +0800] "GET /xingrg/dwr/interface/AjaxCheckService.js HTTP/1.1" 200 14003
180.157.253.48 - - [01/Dec/2020:08:40:39 +0800] "GET /xingrg/dwr/engine.js HTTP/1.1" 200 43631
180.157.253.48 - - [01/Dec/2020:08:40:39 +0800] "GET /xingrg/javascript/jquery_easy_ui/themes/icons/exam_new.png HTTP/1.1" 304 -
180.157.253.48 - - [01/Dec/2020:08:40:39 +0800] "GET /xingrg/javascript/jquery_easy_ui/themes/icons/print.png HTTP/1.1" 304 -
180.157.253.48 - - [01/Dec/2020:08:40:39 +0800] "GET /xingrg/javascript/jquery_easy_ui/themes/default/images/menu_downarrow.png HTTP/1.1" 304 -
180.157.253.48 - - [01/Dec/2020:08:40:39 +0800] "GET /xingrg/javascript/jquery_easy_ui/themes/icons/back_new.png HTTP/1.1" 304 -
180.157.253.48 - - [01/Dec/2020:08:40:40 +0800] "POST /xingrg/dwr/call/plaincall/AjaxCheckService.loadOrderItems.dwr HTTP/1.1" 200 28474
120.253.135.82 - - [01/Dec/2020:08:40:41 +0800] "GET /xingrg/check_reg.html?_=1606782990499 HTTP/1.1" 200 22
180.174.56.115 - - [01/Dec/2020:08:40:43 +0800] "GET /xingrg/kc/buy/cgsh_order_operate.html?command=get_materiel&rest_code=00150&code=00101008027&supplier_code=00100424&order_time=2020-12-01 HTTP/1.1" 200 408
180.157.253.48 - - [01/Dec/2020:08:40:44 +0800] "GET /xingrg/javascript/jquery_easy_ui/themes/default/images/tabs_active.png HTTP/1.1" 304 -
180.157.253.48 - - [01/Dec/2020:08:40:44 +0800] "GET /xingrg/javascript/jquery_easy_ui/themes/default/images/tabs_active.png HTTP/1.1" 304 -
117.184.7.26 - - [01/Dec/2020:08:40:45 +0800] "GET /xingrg/all/function/internal_message.html?_=1606783243518&CODE_STATE=getMsg HTTP/1.1" 200 27
180.157.253.48 - - [01/Dec/2020:08:40:46 +0800] "GET /xingrg/kc/base/check_order_list.html HTTP/1.1" 200 16549
180.157.253.48 - - [01/Dec/2020:08:40:46 +0800] "GET /xingrg/css/site.css HTTP/1.1" 304 -
180.157.253.48 - - [01/Dec/2020:08:40:46 +0800] "GET /xingrg/css/base.css HTTP/1.1" 304 -
180.157.253.48 - - [01/Dec/2020:08:40:46 +0800] "GET /xingrg/javascript/jquery_tools/datebox.css HTTP/1.1" 304 -
180.157.253.48 - - [01/Dec/2020:08:40:46 +0800] "GET /xingrg/javascript/easyui/themes/default/easyui.css HTTP/1.1" 304 -
180.157.253.48 - - [01/Dec/2020:08:40:46 +0800] "GET /xingrg/javascript/jquery_tools/fix.css HTTP/1.1" 304 -
180.157.253.48 - - [01/Dec/2020:08:40:46 +0800] "GET /xingrg/javascript/easyui/themes/icon.css HTTP/1.1" 304 -
180.157.253.48 - - [01/Dec/2020:08:40:46 +0800] "GET /xingrg/javascript/auto/jquery.autocomplete.css HTTP/1.1" 304 -
180.157.253.48 - - [01/Dec/2020:08:40:46 +0800] "GET /xingrg/javascript/jquery_tools/jquery.tools.min.js HTTP/1.1" 304 -
180.157.253.48 - - [01/Dec/2020:08:40:46 +0800] "GET /xingrg/javascript/jquery_tools/table.css HTTP/1.1" 304 -
180.157.253.48 - - [01/Dec/2020:08:40:46 +0800] "GET /xingrg/javascript/jquery_tools/jquery.tools.table.js HTTP/1.1" 304 -
180.157.253.48 - - [01/Dec/2020:08:40:46 +0800] "GET /xingrg/javascript/auto/jquery.autocomplete.js HTTP/1.1" 304 -
180.157.253.48 - - [01/Dec/2020:08:40:46 +0800] "GET /xingrg/javascript/jquery_tools/list_manager.js HTTP/1.1" 304 -
180.157.253.48 - - [01/Dec/2020:08:40:46 +0800] "GET /xingrg/javascript/easyui/easyloader.js HTTP/1.1" 304 -
180.157.253.48 - - [01/Dec/2020:08:40:46 +0800] "GET /xingrg/javascript/jquery_tools/jquery.tools.hotkey.js HTTP/1.1" 304 -
180.157.253.48 - - [01/Dec/2020:08:40:46 +0800] "GET /xingrg/javascript/jquery.utils.js HTTP/1.1" 304 -
180.157.253.48 - - [01/Dec/2020:08:40:46 +0800] "GET /xingrg/javascript/jquery.cookie.js HTTP/1.1" 304 -
180.157.253.48 - - [01/Dec/2020:08:40:46 +0800] "GET /xingrg/javascript/jquery_tools/jquery.tools.extend.js HTTP/1.1" 304 -
180.157.253.48 - - [01/Dec/2020:08:40:46 +0800] "GET /xingrg/javascript/easyui/plugins/jquery.parser.js HTTP/1.1" 304 -
180.157.253.48 - - [01/Dec/2020:08:40:46 +0800] "POST /xingrg/kc/base/check_list_operate.html HTTP/1.1" 200 2901
114.84.37.38 - - [01/Dec/2020:08:40:47 +0800] "GET /xingrg/all/function/internal_message.html?_=1606783251699&CODE_STATE=getMsg HTTP/1.1" 200 27
180.162.223.42 - - [01/Dec/2020:08:40:48 +0800] "GET /xingrg/all/function/internal_message.html?_=1606783250114&CODE_STATE=getMsg HTTP/1.1" 200 27
180.157.253.48 - - [01/Dec/2020:08:40:49 +0800] "GET /xingrg/kc/base/check_order_info.html?code=452020113000486 HTTP/1.1" 200 26440
180.157.253.48 - - [01/Dec/2020:08:40:49 +0800] "GET /xingrg/css/blue.css HTTP/1.1" 304 -
180.157.253.48 - - [01/Dec/2020:08:40:49 +0800] "GET /xingrg/css/table.css HTTP/1.1" 304 -
180.157.253.48 - - [01/Dec/2020:08:40:49 +0800] "GET /xingrg/javascript/jquery_easy_ui/themes/default/easyui.css HTTP/1.1" 304 -
180.157.253.48 - - [01/Dec/2020:08:40:49 +0800] "GET /xingrg/javascript/jquery_easy_ui/themes/icon.css HTTP/1.1" 304 -
180.157.253.48 - - [01/Dec/2020:08:40:49 +0800] "GET /xingrg/javascript/pic_change.js HTTP/1.1" 304 -
180.157.253.48 - - [01/Dec/2020:08:40:49 +0800] "GET /xingrg/dwr/util.js HTTP/1.1" 304 -
180.157.253.48 - - [01/Dec/2020:08:40:49 +0800] "GET /xingrg/javascript/AjaxInfoList.js HTTP/1.1" 304 -
180.157.253.48 - - [01/Dec/2020:08:40:49 +0800] "GET /xingrg/javascript/Calendar.js HTTP/1.1" 304 -
180.157.253.48 - - [01/Dec/2020:08:40:49 +0800] "GET /xingrg/javascript/myfunction.js HTTP/1.1" 304 -
180.157.253.48 - - [01/Dec/2020:08:40:49 +0800] "GET /xingrg/javascript/jquery-1.4.2.min.js HTTP/1.1" 304 -
180.157.253.48 - - [01/Dec/2020:08:40:49 +0800] "GET /xingrg/javascript/jquery_easy_ui/jquery.easyui.min.js HTTP/1.1" 304 -
180.157.253.48 - - [01/Dec/2020:08:40:49 +0800] "GET /xingrg/javascript/jquery.utils.js HTTP/1.1" 304 -
180.157.253.48 - - [01/Dec/2020:08:40:49 +0800] "GET /xingrg/javascript/convert.js HTTP/1.1" 304 -
180.157.253.48 - - [01/Dec/2020:08:40:49 +0800] "GET /xingrg/javascript/print/LodopFuncs.js HTTP/1.1" 304 -
180.157.253.48 - - [01/Dec/2020:08:40:49 +0800] "GET /xingrg/javascript/print/kc_print.js HTTP/1.1" 304 -
180.157.253.48 - - [01/Dec/2020:08:40:50 +0800] "GET /xingrg/dwr/engine.js HTTP/1.1" 200 43631
180.157.253.48 - - [01/Dec/2020:08:40:50 +0800] "GET /xingrg/dwr/interface/AjaxCheckService.js HTTP/1.1" 200 14003
180.157.253.48 - - [01/Dec/2020:08:40:50 +0800] "GET /xingrg/dwr/interface/AjaxComOrderService.js HTTP/1.1" 200 18264
180.157.253.48 - - [01/Dec/2020:08:40:50 +0800] "GET /xingrg/javascript/jquery_easy_ui/themes/icons/check_new.png HTTP/1.1" 304 -
180.157.253.48 - - [01/Dec/2020:08:40:50 +0800] "GET /xingrg/javascript/jquery_easy_ui/themes/icons/cance_new.png HTTP/1.1" 304 -
180.157.253.48 - - [01/Dec/2020:08:40:50 +0800] "POST /xingrg/dwr/call/plaincall/AjaxCheckService.loadOrderItems.dwr HTTP/1.1" 200 98583
180.157.253.48 - - [01/Dec/2020:08:40:50 +0800] "GET /xingrg/javascript/jquery_easy_ui/themes/icons/no.png HTTP/1.1" 304 -
58.40.7.146 - - [01/Dec/2020:08:40:51 +0800] "GET /xingrg/all/function/internal_message.html?_=1606783250199&CODE_STATE=getMsg HTTP/1.1" 200 27
116.224.233.8 - - [01/Dec/2020:08:40:51 +0800] "GET /xingrg/all/function/internal_message.html?_=1606783250041&CODE_STATE=getMsg HTTP/1.1" 200 27
180.174.56.115 - - [01/Dec/2020:08:40:52 +0800] "GET /xingrg/kc/buy/cgsh_order_operate.html?command=get_materiel&rest_code=00150&code=00101008283&supplier_code=00100424&order_time=2020-12-01 HTTP/1.1" 200 408
114.88.175.227 - - [01/Dec/2020:08:40:53 +0800] "GET /xingrg/all/function/internal_message.html?_=1606783373657&CODE_STATE=getMsg HTTP/1.1" 200 27
114.88.175.227 - - [01/Dec/2020:08:40:53 +0800] "GET /xingrg/check_reg.html?_=1606783373660 HTTP/1.1" 200 22
180.157.253.48 - - [01/Dec/2020:08:40:53 +0800] "POST /xingrg/dwr/call/plaincall/AjaxCheckService.setItemNumber.dwr HTTP/1.1" 200 76
180.157.253.48 - - [01/Dec/2020:08:40:53 +0800] "POST /xingrg/dwr/call/plaincall/AjaxCheckService.setItemNumber.dwr HTTP/1.1" 200 76
180.157.253.48 - - [01/Dec/2020:08:40:54 +0800] "POST /xingrg/dwr/call/plaincall/AjaxCheckService.setItemNumber.dwr HTTP/1.1" 200 76
180.157.253.48 - - [01/Dec/2020:08:40:54 +0800] "POST /xingrg/dwr/call/plaincall/AjaxCheckService.setItemNumber.dwr HTTP/1.1" 200 76
180.157.253.48 - - [01/Dec/2020:08:40:55 +0800] "POST /xingrg/dwr/call/plaincall/AjaxCheckService.setItemNumber.dwr HTTP/1.1" 200 76
180.157.253.48 - - [01/Dec/2020:08:40:55 +0800] "POST /xingrg/dwr/call/plaincall/AjaxCheckService.setItemNumber.dwr HTTP/1.1" 200 76
180.157.253.48 - - [01/Dec/2020:08:40:56 +0800] "POST /xingrg/dwr/call/plaincall/AjaxCheckService.setItemNumber.dwr HTTP/1.1" 200 76
180.157.253.48 - - [01/Dec/2020:08:40:56 +0800] "POST /xingrg/dwr/call/plaincall/AjaxCheckService.setItemNumber.dwr HTTP/1.1" 200 76
180.157.253.48 - - [01/Dec/2020:08:40:57 +0800] "POST /xingrg/dwr/call/plaincall/AjaxCheckService.setItemNumber.dwr HTTP/1.1" 200 76
180.157.253.48 - - [01/Dec/2020:08:40:57 +0800] "POST /xingrg/dwr/call/plaincall/AjaxCheckService.setItemNumber.dwr HTTP/1.1" 200 77
120.253.135.82 - - [01/Dec/2020:08:40:57 +0800] "GET /xingrg/all/function/internal_message.html?_=1606783006504&CODE_STATE=getMsg HTTP/1.1" 200 27
180.157.253.48 - - [01/Dec/2020:08:40:57 +0800] "POST /xingrg/dwr/call/plaincall/AjaxCheckService.setItemNumber.dwr HTTP/1.1" 200 77
180.174.56.115 - - [01/Dec/2020:08:40:57 +0800] "GET /xingrg/kc/buy/cgsh_order_operate.html?command=get_materiel&rest_code=00150&code=00101008298&supplier_code=00100424&order_time=2020-12-01 HTTP/1.1" 200 431
180.157.253.48 - - [01/Dec/2020:08:40:58 +0800] "POST /xingrg/dwr/call/plaincall/AjaxCheckService.setItemNumber.dwr HTTP/1.1" 200 77
180.157.253.48 - - [01/Dec/2020:08:40:58 +0800] "POST /xingrg/dwr/call/plaincall/AjaxCheckService.setItemNumber.dwr HTTP/1.1" 200 77
180.157.253.48 - - [01/Dec/2020:08:40:59 +0800] "POST /xingrg/dwr/call/plaincall/AjaxCheckService.setItemNumber.dwr HTTP/1.1" 200 77
180.157.253.48 - - [01/Dec/2020:08:40:59 +0800] "POST /xingrg/dwr/call/plaincall/AjaxCheckService.setItemNumber.dwr HTTP/1.1" 200 77
114.88.159.147 - - [01/Dec/2020:08:40:59 +0800] "GET /xingrg/all/function/internal_message.html?_=1606783263061&CODE_STATE=getMsg HTTP/1.1" 200 27
180.157.253.48 - - [01/Dec/2020:08:40:59 +0800] "POST /xingrg/dwr/call/plaincall/AjaxCheckService.setItemNumber.dwr HTTP/1.1" 200 77
180.157.253.48 - - [01/Dec/2020:08:40:59 +0800] "POST /xingrg/dwr/call/plaincall/AjaxCheckService.setItemNumber.dwr HTTP/1.1" 200 77
180.157.253.48 - - [01/Dec/2020:08:41:00 +0800] "POST /xingrg/dwr/call/plaincall/AjaxCheckService.setItemNumber.dwr HTTP/1.1" 200 77
180.157.253.48 - - [01/Dec/2020:08:41:00 +0800] "POST /xingrg/dwr/call/plaincall/AjaxCheckService.setItemNumber.dwr HTTP/1.1" 200 77
180.157.253.48 - - [01/Dec/2020:08:41:01 +0800] "POST /xingrg/dwr/call/plaincall/AjaxCheckService.setItemNumber.dwr HTTP/1.1" 200 77
180.157.253.48 - - [01/Dec/2020:08:41:01 +0800] "POST /xingrg/dwr/call/plaincall/AjaxCheckService.setItemNumber.dwr HTTP/1.1" 200 77
180.157.253.48 - - [01/Dec/2020:08:41:01 +0800] "POST /xingrg/dwr/call/plaincall/AjaxCheckService.setItemNumber.dwr HTTP/1.1" 200 77
180.157.253.48 - - [01/Dec/2020:08:41:02 +0800] "POST /xingrg/dwr/call/plaincall/AjaxCheckService.setItemNumber.dwr HTTP/1.1" 200 77
180.174.56.115 - - [01/Dec/2020:08:41:05 +0800] "GET /xingrg/kc/buy/cgsh_order_operate.html?command=get_materiel&rest_code=00150&code=00101008089&supplier_code=00100424&order_time=2020-12-01 HTTP/1.1" 200 408
180.157.253.48 - - [01/Dec/2020:08:41:07 +0800] "POST /xingrg/dwr/call/plaincall/AjaxCheckService.setItemNumber.dwr HTTP/1.1" 200 77
180.174.56.115 - - [01/Dec/2020:08:41:08 +0800] "POST /xingrg/kc/buy/cgsh_order_operate.html HTTP/1.1" 200 2065
180.157.253.48 - - [01/Dec/2020:08:41:08 +0800] "POST /xingrg/dwr/call/plaincall/AjaxCheckService.setItemNumber.dwr HTTP/1.1" 200 77
180.157.253.48 - - [01/Dec/2020:08:41:08 +0800] "POST /xingrg/dwr/call/plaincall/AjaxCheckService.setItemNumber.dwr HTTP/1.1" 200 77
180.157.253.48 - - [01/Dec/2020:08:41:09 +0800] "POST /xingrg/dwr/call/plaincall/AjaxCheckService.setItemNumber.dwr HTTP/1.1" 200 77
180.157.253.48 - - [01/Dec/2020:08:41:09 +0800] "POST /xingrg/dwr/call/plaincall/AjaxCheckService.setItemNumber.dwr HTTP/1.1" 200 77
180.157.253.48 - - [01/Dec/2020:08:41:10 +0800] "POST /xingrg/dwr/call/plaincall/AjaxCheckService.setItemNumber.dwr HTTP/1.1" 200 77
180.157.253.48 - - [01/Dec/2020:08:41:11 +0800] "POST /xingrg/dwr/call/plaincall/AjaxCheckService.setItemNumber.dwr HTTP/1.1" 200 77
180.157.253.48 - - [01/Dec/2020:08:41:11 +0800] "POST /xingrg/dwr/call/plaincall/AjaxCheckService.setItemNumber.dwr HTTP/1.1" 200 77
