180.157.253.48 - - [01/Dec/2020:08:23:48 +0800] "GET /xingrg/javascript/jquery_easy_ui/themes/icons/no.png HTTP/1.1" 304 -
180.157.253.48 - - [01/Dec/2020:08:23:50 +0800] "POST /xingrg/dwr/call/plaincall/AjaxCheckService.setItemNumber.dwr HTTP/1.1" 200 76
116.224.233.8 - - [01/Dec/2020:08:23:51 +0800] "GET /xingrg/all/function/internal_message.html?_=1606782230021&CODE_STATE=getMsg HTTP/1.1" 200 27
58.40.7.146 - - [01/Dec/2020:08:23:51 +0800] "GET /xingrg/all/function/internal_message.html?_=1606782230191&CODE_STATE=getMsg HTTP/1.1" 200 27
180.157.253.48 - - [01/Dec/2020:08:23:51 +0800] "POST /xingrg/dwr/call/plaincall/AjaxCheckService.setItemNumber.dwr HTTP/1.1" 200 76
180.157.253.48 - - [01/Dec/2020:08:23:51 +0800] "POST /xingrg/dwr/call/plaincall/AjaxCheckService.setItemNumber.dwr HTTP/1.1" 200 76
180.157.253.48 - - [01/Dec/2020:08:23:54 +0800] "POST /xingrg/dwr/call/plaincall/AjaxCheckService.setItemNumber.dwr HTTP/1.1" 200 76
180.157.253.48 - - [01/Dec/2020:08:23:55 +0800] "POST /xingrg/dwr/call/plaincall/AjaxCheckService.setItemNumber.dwr HTTP/1.1" 200 76
120.253.135.82 - - [01/Dec/2020:08:23:56 +0800] "GET /xingrg/all/function/internal_message.html?_=1606781985213&CODE_STATE=getMsg HTTP/1.1" 200 27
180.157.253.48 - - [01/Dec/2020:08:23:56 +0800] "POST /xingrg/dwr/call/plaincall/AjaxCheckService.setItemNumber.dwr HTTP/1.1" 200 76
180.157.253.48 - - [01/Dec/2020:08:23:57 +0800] "POST /xingrg/dwr/call/plaincall/AjaxCheckService.setItemNumber.dwr HTTP/1.1" 200 76
180.157.253.48 - - [01/Dec/2020:08:23:58 +0800] "POST /xingrg/dwr/call/plaincall/AjaxCheckService.setItemNumber.dwr HTTP/1.1" 200 76
180.157.253.48 - - [01/Dec/2020:08:23:58 +0800] "POST /xingrg/dwr/call/plaincall/AjaxCheckService.setItemNumber.dwr HTTP/1.1" 200 76
114.88.159.147 - - [01/Dec/2020:08:23:59 +0800] "GET /xingrg/all/function/internal_message.html?_=1606782243037&CODE_STATE=getMsg HTTP/1.1" 200 27
180.157.253.48 - - [01/Dec/2020:08:23:59 +0800] "POST /xingrg/dwr/call/plaincall/AjaxCheckService.setItemNumber.dwr HTTP/1.1" 200 77
180.157.253.48 - - [01/Dec/2020:08:24:00 +0800] "POST /xingrg/dwr/call/plaincall/AjaxCheckService.setItemNumber.dwr HTTP/1.1" 200 77
180.157.253.48 - - [01/Dec/2020:08:24:01 +0800] "POST /xingrg/dwr/call/plaincall/AjaxCheckService.setItemNumber.dwr HTTP/1.1" 200 77
180.157.253.48 - - [01/Dec/2020:08:24:01 +0800] "POST /xingrg/dwr/call/plaincall/AjaxCheckService.setItemNumber.dwr HTTP/1.1" 200 77
180.157.253.48 - - [01/Dec/2020:08:24:02 +0800] "POST /xingrg/dwr/call/plaincall/AjaxCheckService.setItemNumber.dwr HTTP/1.1" 200 77
180.157.253.48 - - [01/Dec/2020:08:24:02 +0800] "POST /xingrg/dwr/call/plaincall/AjaxCheckService.setItemNumber.dwr HTTP/1.1" 200 77
120.253.135.82 - - [01/Dec/2020:08:24:12 +0800] "GET /xingrg/check_reg.html?_=1606782297003 HTTP/1.1" 200 22
120.253.135.82 - - [01/Dec/2020:08:24:13 +0800] "GET /xingrg/all/function/internal_message.html?_=1606782297570&CODE_STATE=getMsg HTTP/1.1" 200 27
180.157.253.48 - - [01/Dec/2020:08:24:18 +0800] "GET /xingrg/javascript/jquery_easy_ui/themes/default/images/button_plain_hover.png HTTP/1.1" 304 -
180.157.253.48 - - [01/Dec/2020:08:24:18 +0800] "GET /xingrg/javascript/jquery_easy_ui/themes/default/images/button_plain_hover.png HTTP/1.1" 304 -
114.88.175.227 - - [01/Dec/2020:08:24:22 +0800] "GET /xingrg/all/function/internal_message.html?_=1606782258476&CODE_STATE=getMsg HTTP/1.1" 200 27
180.157.253.48 - - [01/Dec/2020:08:24:22 +0800] "POST /xingrg/dwr/call/plaincall/AjaxCheckService.checkOrder.dwr HTTP/1.1" 200 79
180.157.253.48 - - [01/Dec/2020:08:24:22 +0800] "GET /xingrg/kc/base/check_order_info.html?code=452020113000524 HTTP/1.1" 200 22858
180.157.253.48 - - [01/Dec/2020:08:24:22 +0800] "GET /xingrg/css/blue.css HTTP/1.1" 304 -
180.157.253.48 - - [01/Dec/2020:08:24:22 +0800] "GET /xingrg/css/table.css HTTP/1.1" 304 -
180.157.253.48 - - [01/Dec/2020:08:24:22 +0800] "GET /xingrg/javascript/jquery_easy_ui/themes/default/easyui.css HTTP/1.1" 304 -
180.157.253.48 - - [01/Dec/2020:08:24:22 +0800] "GET /xingrg/javascript/jquery_easy_ui/themes/icon.css HTTP/1.1" 304 -
180.157.253.48 - - [01/Dec/2020:08:24:22 +0800] "GET /xingrg/javascript/pic_change.js HTTP/1.1" 304 -
180.157.253.48 - - [01/Dec/2020:08:24:22 +0800] "GET /xingrg/dwr/util.js HTTP/1.1" 304 -
180.157.253.48 - - [01/Dec/2020:08:24:22 +0800] "GET /xingrg/javascript/AjaxInfoList.js HTTP/1.1" 304 -
180.157.253.48 - - [01/Dec/2020:08:24:22 +0800] "GET /xingrg/javascript/Calendar.js HTTP/1.1" 304 -
180.157.253.48 - - [01/Dec/2020:08:24:22 +0800] "GET /xingrg/javascript/myfunction.js HTTP/1.1" 304 -
180.157.253.48 - - [01/Dec/2020:08:24:22 +0800] "GET /xingrg/javascript/jquery-1.4.2.min.js HTTP/1.1" 304 -
180.157.253.48 - - [01/Dec/2020:08:24:22 +0800] "GET /xingrg/dwr/interface/AjaxCheckService.js HTTP/1.1" 200 14003
180.157.253.48 - - [01/Dec/2020:08:24:22 +0800] "GET /xingrg/javascript/jquery.utils.js HTTP/1.1" 304 -
180.157.253.48 - - [01/Dec/2020:08:24:22 +0800] "GET /xingrg/javascript/jquery_easy_ui/jquery.easyui.min.js HTTP/1.1" 304 -
180.157.253.48 - - [01/Dec/2020:08:24:22 +0800] "GET /xingrg/javascript/convert.js HTTP/1.1" 304 -
180.157.253.48 - - [01/Dec/2020:08:24:22 +0800] "GET /xingrg/javascript/print/kc_print.js HTTP/1.1" 304 -
180.157.253.48 - - [01/Dec/2020:08:24:22 +0800] "GET /xingrg/javascript/print/LodopFuncs.js HTTP/1.1" 304 -
180.157.253.48 - - [01/Dec/2020:08:24:22 +0800] "GET /xingrg/dwr/interface/AjaxComOrderService.js HTTP/1.1" 200 18264
180.157.253.48 - - [01/Dec/2020:08:24:22 +0800] "GET /xingrg/dwr/engine.js HTTP/1.1" 200 43631
180.157.253.48 - - [01/Dec/2020:08:24:23 +0800] "GET /xingrg/javascript/jquery_easy_ui/themes/icons/exam_new.png HTTP/1.1" 304 -
180.157.253.48 - - [01/Dec/2020:08:24:23 +0800] "GET /xingrg/javascript/jquery_easy_ui/themes/icons/print.png HTTP/1.1" 304 -
180.157.253.48 - - [01/Dec/2020:08:24:23 +0800] "GET /xingrg/javascript/jquery_easy_ui/themes/default/images/menu_downarrow.png HTTP/1.1" 304 -
180.157.253.48 - - [01/Dec/2020:08:24:23 +0800] "GET /xingrg/javascript/jquery_easy_ui/themes/icons/back_new.png HTTP/1.1" 304 -
180.157.253.48 - - [01/Dec/2020:08:24:23 +0800] "POST /xingrg/dwr/call/plaincall/AjaxCheckService.loadOrderItems.dwr HTTP/1.1" 200 5076
180.157.253.48 - - [01/Dec/2020:08:24:24 +0800] "GET /xingrg/javascript/jquery_easy_ui/themes/default/images/button_plain_hover.png HTTP/1.1" 304 -
180.157.253.48 - - [01/Dec/2020:08:24:24 +0800] "GET /xingrg/kc/base/check_order_list.html?isBack=1 HTTP/1.1" 200 16549
180.157.253.48 - - [01/Dec/2020:08:24:24 +0800] "GET /xingrg/css/site.css HTTP/1.1" 304 -
180.157.253.48 - - [01/Dec/2020:08:24:24 +0800] "GET /xingrg/css/base.css HTTP/1.1" 304 -
180.157.253.48 - - [01/Dec/2020:08:24:24 +0800] "GET /xingrg/javascript/jquery_tools/datebox.css HTTP/1.1" 304 -
180.157.253.48 - - [01/Dec/2020:08:24:24 +0800] "GET /xingrg/javascript/easyui/themes/default/easyui.css HTTP/1.1" 304 -
180.157.253.48 - - [01/Dec/2020:08:24:24 +0800] "GET /xingrg/javascript/easyui/themes/icon.css HTTP/1.1" 304 -
180.157.253.48 - - [01/Dec/2020:08:24:24 +0800] "GET /xingrg/javascript/auto/jquery.autocomplete.css HTTP/1.1" 304 -
180.157.253.48 - - [01/Dec/2020:08:24:24 +0800] "GET /xingrg/javascript/jquery_tools/fix.css HTTP/1.1" 304 -
180.157.253.48 - - [01/Dec/2020:08:24:24 +0800] "GET /xingrg/javascript/jquery_tools/table.css HTTP/1.1" 304 -
180.157.253.48 - - [01/Dec/2020:08:24:24 +0800] "GET /xingrg/javascript/jquery_tools/jquery.tools.min.js HTTP/1.1" 304 -
180.157.253.48 - - [01/Dec/2020:08:24:24 +0800] "GET /xingrg/javascript/jquery_tools/jquery.tools.extend.js HTTP/1.1" 304 -
180.157.253.48 - - [01/Dec/2020:08:24:24 +0800] "GET /xingrg/javascript/jquery_tools/jquery.tools.table.js HTTP/1.1" 304 -
180.157.253.48 - - [01/Dec/2020:08:24:24 +0800] "GET /xingrg/javascript/jquery_tools/list_manager.js HTTP/1.1" 304 -
180.157.253.48 - - [01/Dec/2020:08:24:24 +0800] "GET /xingrg/javascript/jquery.utils.js HTTP/1.1" 304 -
180.157.253.48 - - [01/Dec/2020:08:24:24 +0800] "GET /xingrg/javascript/jquery.cookie.js HTTP/1.1" 304 -
180.157.253.48 - - [01/Dec/2020:08:24:24 +0800] "GET /xingrg/javascript/jquery_tools/jquery.tools.hotkey.js HTTP/1.1" 304 -
180.157.253.48 - - [01/Dec/2020:08:24:24 +0800] "GET /xingrg/javascript/auto/jquery.autocomplete.js HTTP/1.1" 304 -
180.157.253.48 - - [01/Dec/2020:08:24:24 +0800] "GET /xingrg/javascript/easyui/easyloader.js HTTP/1.1" 304 -
180.157.253.48 - - [01/Dec/2020:08:24:24 +0800] "GET /xingrg/javascript/easyui/plugins/jquery.parser.js HTTP/1.1" 304 -
180.157.253.48 - - [01/Dec/2020:08:24:24 +0800] "POST /xingrg/kc/base/check_list_operate.html HTTP/1.1" 200 3234
180.157.253.48 - - [01/Dec/2020:08:24:24 +0800] "GET /xingrg/javascript/easyui/themes/default/images/button_plain_hover.png HTTP/1.1" 304 -
180.157.253.48 - - [01/Dec/2020:08:24:24 +0800] "GET /xingrg/javascript/easyui/themes/default/images/button_plain_hover.png HTTP/1.1" 304 -
180.157.253.48 - - [01/Dec/2020:08:24:24 +0800] "GET /xingrg/javascript/easyui/themes/default/images/button_plain_hover.png HTTP/1.1" 304 -
180.157.253.48 - - [01/Dec/2020:08:24:25 +0800] "GET /xingrg/all/function/internal_message.html?_=1606782267107&CODE_STATE=getMsg HTTP/1.1" 200 27
180.174.56.115 - - [01/Dec/2020:08:24:26 +0800] "GET /xingrg/check_reg.html?_=1606782238969 HTTP/1.1" 200 22
180.162.223.42 - - [01/Dec/2020:08:24:29 +0800] "GET /favicon.ico HTTP/1.1" 404 -
180.162.223.42 - - [01/Dec/2020:08:24:29 +0800] "GET /xingrg/index.html?sysBaseUrl=http%3A%2F%2F180.169.147.146%3A18081%2Fxingrg%2F&costTime=36×tamp=1585223203754 HTTP/1.1" 302 -
180.162.223.42 - - [01/Dec/2020:08:24:29 +0800] "GET /xingrg/login.html HTTP/1.1" 200 7641
120.253.135.82 - - [01/Dec/2020:08:24:34 +0800] "GET /xingrg/all/function/internal_message.html?_=1606782387378&CODE_STATE=getMsg HTTP/1.1" 200 27
117.184.7.26 - - [01/Dec/2020:08:24:36 +0800] "GET /xingrg/check_reg.html?_=1606782274506 HTTP/1.1" 200 22
180.162.223.42 - - [01/Dec/2020:08:24:39 +0800] "GET /favicon.ico HTTP/1.1" 404 -
180.174.56.115 - - [01/Dec/2020:08:24:40 +0800] "GET /xingrg/all/function/internal_message.html?_=1606782253321&CODE_STATE=getMsg HTTP/1.1" 200 27
114.84.37.38 - - [01/Dec/2020:08:24:44 +0800] "GET /xingrg/all/function/internal_message.html?_=1606782288876&CODE_STATE=getMsg HTTP/1.1" 200 27
101.89.239.245 - - [01/Dec/2020:08:24:45 +0800] "GET /xingrg/all/function/internal_message.html?_=1606782123037&CODE_STATE=getMsg HTTP/1.1" 302 -
120.253.135.82 - - [01/Dec/2020:08:24:45 +0800] "GET /xingrg/check_reg.html?_=1606782398685 HTTP/1.1" 200 22
117.184.7.26 - - [01/Dec/2020:08:24:45 +0800] "GET /xingrg/all/function/internal_message.html?_=1606782283766&CODE_STATE=getMsg HTTP/1.1" 200 27
180.162.223.42 - - [01/Dec/2020:08:24:46 +0800] "POST /xingrg/login.do HTTP/1.1" 302 -
180.162.223.42 - - [01/Dec/2020:08:24:46 +0800] "GET /xingrg/index.html?sysBaseUrl=http%3A%2F%2F180.169.147.146%3A18081%2Fxingrg%2F&costTime=44×tamp=1606782286681 HTTP/1.1" 200 17173
180.162.223.42 - - [01/Dec/2020:08:24:48 +0800] "GET /favicon.ico HTTP/1.1" 404 -
180.162.223.42 - - [01/Dec/2020:08:24:48 +0800] "POST /xingrg/all/common/load_tree.html?tree=area_rest_tree_json&manage=1 HTTP/1.1" 200 3350
180.162.223.42 - - [01/Dec/2020:08:24:48 +0800] "GET /xingrg/check_reg.html?_=1606782290105 HTTP/1.1" 200 22
180.162.223.42 - - [01/Dec/2020:08:24:48 +0800] "GET /xingrg/all/function/internal_message.html?_=1606782290104&CODE_STATE=count HTTP/1.1" 200 11
180.162.223.42 - - [01/Dec/2020:08:24:49 +0800] "POST /xingrg/load_menu.html HTTP/1.1" 200 5138
116.224.233.8 - - [01/Dec/2020:08:24:51 +0800] "GET /xingrg/all/function/internal_message.html?_=1606782290019&CODE_STATE=getMsg HTTP/1.1" 200 27
58.40.7.146 - - [01/Dec/2020:08:24:51 +0800] "GET /xingrg/all/function/internal_message.html?_=1606782290178&CODE_STATE=getMsg HTTP/1.1" 200 27
101.89.239.245 - - [01/Dec/2020:08:24:51 +0800] "GET /xingrg/login.html HTTP/1.1" 200 7641
180.162.223.42 - - [01/Dec/2020:08:24:54 +0800] "GET /xingrg/kc/mdqp/qqps_order_list.html HTTP/1.1" 200 9222
180.162.223.42 - - [01/Dec/2020:08:24:54 +0800] "GET /xingrg/dwr/interface/AjaxQqpsService.js HTTP/1.1" 200 16326
180.162.223.42 - - [01/Dec/2020:08:24:54 +0800] "GET /xingrg/dwr/interface/AjaxReportQueryService.js HTTP/1.1" 200 13203
180.162.223.42 - - [01/Dec/2020:08:24:54 +0800] "GET /xingrg/dwr/engine.js HTTP/1.1" 200 43631
120.253.135.82 - - [01/Dec/2020:08:24:56 +0800] "GET /xingrg/all/function/internal_message.html?_=1606782045227&CODE_STATE=getMsg HTTP/1.1" 200 27
120.253.135.82 - - [01/Dec/2020:08:24:56 +0800] "GET /xingrg/kc/pszx/mdqp_order_list.html?state=10 HTTP/1.1" 200 10175
120.253.135.82 - - [01/Dec/2020:08:24:56 +0800] "GET /xingrg/dwr/interface/AjaxReportQueryService.js HTTP/1.1" 200 13203
120.253.135.82 - - [01/Dec/2020:08:24:56 +0800] "GET /xingrg/dwr/interface/AjaxQqpsService.js HTTP/1.1" 200 16326
120.253.135.82 - - [01/Dec/2020:08:24:56 +0800] "GET /xingrg/dwr/engine.js HTTP/1.1" 200 43631
114.88.159.147 - - [01/Dec/2020:08:24:59 +0800] "GET /xingrg/all/function/internal_message.html?_=1606782303035&CODE_STATE=getMsg HTTP/1.1" 200 27
180.162.223.42 - - [01/Dec/2020:08:25:02 +0800] "GET /xingrg/kc/mdqp/qqps_order_list.html?isQuery=1&timeSelect=1&orderTime=day&startTime=2020-11-30&endTime=2020-12-01&state=all&query=%C8%B7++%B6%A8 HTTP/1.1" 200 11818
180.162.223.42 - - [01/Dec/2020:08:25:02 +0800] "GET /xingrg/dwr/interface/AjaxReportQueryService.js HTTP/1.1" 200 13203
180.162.223.42 - - [01/Dec/2020:08:25:02 +0800] "GET /xingrg/dwr/interface/AjaxQqpsService.js HTTP/1.1" 200 16326
180.162.223.42 - - [01/Dec/2020:08:25:02 +0800] "GET /xingrg/dwr/engine.js HTTP/1.1" 200 43631
120.253.135.82 - - [01/Dec/2020:08:25:05 +0800] "GET /xingrg/kc/pszx/mdqp_order_list.html?state=10 HTTP/1.1" 200 10175
120.253.135.82 - - [01/Dec/2020:08:25:05 +0800] "GET /xingrg/dwr/interface/AjaxQqpsService.js HTTP/1.1" 200 16326
120.253.135.82 - - [01/Dec/2020:08:25:05 +0800] "GET /xingrg/dwr/interface/AjaxReportQueryService.js HTTP/1.1" 200 13203
120.253.135.82 - - [01/Dec/2020:08:25:05 +0800] "GET /xingrg/dwr/engine.js HTTP/1.1" 200 43631
120.253.135.82 - - [01/Dec/2020:08:25:13 +0800] "GET /xingrg/all/function/internal_message.html?_=1606782357584&CODE_STATE=getMsg HTTP/1.1" 200 27
120.253.135.82 - - [01/Dec/2020:08:25:21 +0800] "GET /xingrg/kc/pszx/mdqp_order_list.html?state=10 HTTP/1.1" 200 10175
120.253.135.82 - - [01/Dec/2020:08:25:21 +0800] "GET /xingrg/dwr/interface/AjaxReportQueryService.js HTTP/1.1" 200 13203
120.253.135.82 - - [01/Dec/2020:08:25:21 +0800] "GET /xingrg/dwr/interface/AjaxQqpsService.js HTTP/1.1" 200 16326
120.253.135.82 - - [01/Dec/2020:08:25:21 +0800] "GET /xingrg/dwr/engine.js HTTP/1.1" 200 43631
114.88.175.227 - - [01/Dec/2020:08:25:22 +0800] "GET /xingrg/all/function/internal_message.html?_=1606782318478&CODE_STATE=getMsg HTTP/1.1" 200 27
120.253.135.82 - - [01/Dec/2020:08:25:24 +0800] "GET /xingrg/kc/pszx/mdps_order_list.html?orderType=0 HTTP/1.1" 200 21238
120.253.135.82 - - [01/Dec/2020:08:25:25 +0800] "POST /xingrg/kc/pszx/mdps_list_operate.html HTTP/1.1" 200 5400
180.157.253.48 - - [01/Dec/2020:08:25:25 +0800] "GET /xingrg/all/function/internal_message.html?_=1606782327120&CODE_STATE=getMsg HTTP/1.1" 200 27
120.253.135.82 - - [01/Dec/2020:08:25:34 +0800] "GET /xingrg/all/function/internal_message.html?_=1606782447388&CODE_STATE=getMsg HTTP/1.1" 200 27
180.174.56.115 - - [01/Dec/2020:08:25:40 +0800] "GET /xingrg/all/function/internal_message.html?_=1606782313334&CODE_STATE=getMsg HTTP/1.1" 200 27
120.253.135.82 - - [01/Dec/2020:08:25:41 +0800] "GET /xingrg/check_reg.html?_=1606782090485 HTTP/1.1" 200 22
114.84.37.38 - - [01/Dec/2020:08:25:44 +0800] "GET /xingrg/all/function/internal_message.html?_=1606782348892&CODE_STATE=getMsg HTTP/1.1" 200 27
117.184.7.26 - - [01/Dec/2020:08:25:45 +0800] "GET /xingrg/all/function/internal_message.html?_=1606782343751&CODE_STATE=getMsg HTTP/1.1" 200 27
180.162.223.42 - - [01/Dec/2020:08:25:48 +0800] "GET /xingrg/all/function/internal_message.html?_=1606782350107&CODE_STATE=getMsg HTTP/1.1" 200 27
116.224.233.8 - - [01/Dec/2020:08:25:51 +0800] "GET /xingrg/all/function/internal_message.html?_=1606782350019&CODE_STATE=getMsg HTTP/1.1" 200 27
58.40.7.146 - - [01/Dec/2020:08:25:51 +0800] "GET /xingrg/all/function/internal_message.html?_=1606782350180&CODE_STATE=getMsg HTTP/1.1" 200 27
120.253.135.82 - - [01/Dec/2020:08:25:56 +0800] "GET /xingrg/all/function/internal_message.html?_=1606782105241&CODE_STATE=getMsg HTTP/1.1" 200 27
114.88.159.147 - - [01/Dec/2020:08:25:59 +0800] "GET /xingrg/all/function/internal_message.html?_=1606782363035&CODE_STATE=getMsg HTTP/1.1" 200 27
120.253.135.82 - - [01/Dec/2020:08:26:13 +0800] "GET /xingrg/all/function/internal_message.html?_=1606782417598&CODE_STATE=getMsg HTTP/1.1" 200 27
114.88.175.227 - - [01/Dec/2020:08:26:22 +0800] "GET /xingrg/all/function/internal_message.html?_=1606782378502&CODE_STATE=getMsg HTTP/1.1" 200 27
180.157.253.48 - - [01/Dec/2020:08:26:25 +0800] "GET /xingrg/all/function/internal_message.html?_=1606782387135&CODE_STATE=getMsg HTTP/1.1" 200 27
120.253.135.82 - - [01/Dec/2020:08:26:34 +0800] "GET /xingrg/all/function/internal_message.html?_=1606782507402&CODE_STATE=getMsg HTTP/1.1" 200 27
180.174.56.115 - - [01/Dec/2020:08:26:40 +0800] "GET /xingrg/all/function/internal_message.html?_=1606782373363&CODE_STATE=getMsg HTTP/1.1" 200 27
114.84.37.38 - - [01/Dec/2020:08:26:44 +0800] "GET /xingrg/all/function/internal_message.html?_=1606782409321&CODE_STATE=getMsg HTTP/1.1" 200 27
117.184.7.26 - - [01/Dec/2020:08:26:45 +0800] "GET /xingrg/all/function/internal_message.html?_=1606782403735&CODE_STATE=getMsg HTTP/1.1" 200 27
180.162.223.42 - - [01/Dec/2020:08:26:48 +0800] "GET /xingrg/all/function/internal_message.html?_=1606782410121&CODE_STATE=getMsg HTTP/1.1" 200 27
116.224.233.8 - - [01/Dec/2020:08:26:51 +0800] "GET /xingrg/all/function/internal_message.html?_=1606782410018&CODE_STATE=getMsg HTTP/1.1" 200 27
58.40.7.146 - - [01/Dec/2020:08:26:51 +0800] "GET /xingrg/all/function/internal_message.html?_=1606782410181&CODE_STATE=getMsg HTTP/1.1" 200 27
58.40.7.146 - - [01/Dec/2020:08:26:51 +0800] "GET /xingrg/check_reg.html?_=1606782410183 HTTP/1.1" 200 22
120.253.135.82 - - [01/Dec/2020:08:26:56 +0800] "GET /xingrg/all/function/internal_message.html?_=1606782165254&CODE_STATE=getMsg HTTP/1.1" 200 27
114.88.159.147 - - [01/Dec/2020:08:26:59 +0800] "GET /xingrg/all/function/internal_message.html?_=1606782423034&CODE_STATE=getMsg HTTP/1.1" 200 27
114.88.159.147 - - [01/Dec/2020:08:26:59 +0800] "GET /xingrg/check_reg.html?_=1606782423035 HTTP/1.1" 200 22
114.88.175.227 - - [01/Dec/2020:08:27:04 +0800] "GET /xingrg/check_reg.html?_=1606782420677 HTTP/1.1" 200 22
120.253.135.82 - - [01/Dec/2020:08:27:13 +0800] "GET /xingrg/all/function/internal_message.html?_=1606782477620&CODE_STATE=getMsg HTTP/1.1" 200 27
114.88.175.227 - - [01/Dec/2020:08:27:22 +0800] "GET /xingrg/all/function/internal_message.html?_=1606782438505&CODE_STATE=getMsg HTTP/1.1" 200 27
180.157.253.48 - - [01/Dec/2020:08:27:25 +0800] "GET /xingrg/check_reg.html?_=1606782447099 HTTP/1.1" 200 22
180.157.253.48 - - [01/Dec/2020:08:27:25 +0800] "GET /xingrg/all/function/internal_message.html?_=1606782447147&CODE_STATE=getMsg HTTP/1.1" 200 27
114.84.37.38 - - [01/Dec/2020:08:27:26 +0800] "GET /xingrg/check_reg.html?_=1606782451086 HTTP/1.1" 200 22
120.253.135.82 - - [01/Dec/2020:08:27:34 +0800] "GET /xingrg/all/function/internal_message.html?_=1606782567594&CODE_STATE=getMsg HTTP/1.1" 200 27
114.88.175.227 - - [01/Dec/2020:08:27:35 +0800] "GET /xingrg/check_reg.html?_=1606782575783 HTTP/1.1" 302 -
180.174.56.115 - - [01/Dec/2020:08:27:40 +0800] "GET /xingrg/all/function/internal_message.html?_=1606782433377&CODE_STATE=getMsg HTTP/1.1" 200 27
114.84.37.38 - - [01/Dec/2020:08:27:44 +0800] "GET /xingrg/all/function/internal_message.html?_=1606782469326&CODE_STATE=getMsg HTTP/1.1" 200 27
117.184.7.26 - - [01/Dec/2020:08:27:45 +0800] "GET /xingrg/all/function/internal_message.html?_=1606782463718&CODE_STATE=getMsg HTTP/1.1" 200 27
180.162.223.42 - - [01/Dec/2020:08:27:48 +0800] "GET /xingrg/all/function/internal_message.html?_=1606782470120&CODE_STATE=getMsg HTTP/1.1" 200 27
58.40.7.146 - - [01/Dec/2020:08:27:51 +0800] "GET /xingrg/all/function/internal_message.html?_=1606782470185&CODE_STATE=getMsg HTTP/1.1" 200 27
116.224.233.8 - - [01/Dec/2020:08:27:51 +0800] "GET /xingrg/all/function/internal_message.html?_=1606782470018&CODE_STATE=getMsg HTTP/1.1" 200 27
116.224.233.8 - - [01/Dec/2020:08:27:51 +0800] "GET /xingrg/check_reg.html?_=1606782470023 HTTP/1.1" 200 22
120.253.135.82 - - [01/Dec/2020:08:27:56 +0800] "GET /xingrg/all/function/internal_message.html?_=1606782225540&CODE_STATE=getMsg HTTP/1.1" 200 27
114.88.159.147 - - [01/Dec/2020:08:27:59 +0800] "GET /xingrg/all/function/internal_message.html?_=1606782483033&CODE_STATE=getMsg HTTP/1.1" 200 27
180.162.223.42 - - [01/Dec/2020:08:28:01 +0800] "GET /xingrg/kc/buy/cgsh_order_list.html HTTP/1.1" 200 45069
180.162.223.42 - - [01/Dec/2020:08:28:03 +0800] "POST /xingrg/kc/buy/cgsh_list_operate.html HTTP/1.1" 200 876
180.162.223.42 - - [01/Dec/2020:08:28:08 +0800] "GET /xingrg/javascript/jquery_tools/images/prev.gif HTTP/1.1" 404 1086
180.162.223.42 - - [01/Dec/2020:08:28:08 +0800] "GET /xingrg/javascript/jquery_tools/images/next.gif HTTP/1.1" 404 1086
222.69.133.109 - - [01/Dec/2020:08:28:09 +0800] "GET /xingrg/check_reg.html?_=1606782489480 HTTP/1.1" 200 22
120.253.135.82 - - [01/Dec/2020:08:28:13 +0800] "GET /xingrg/all/function/internal_message.html?_=1606782537625&CODE_STATE=getMsg HTTP/1.1" 200 27
114.88.175.227 - - [01/Dec/2020:08:28:22 +0800] "GET /xingrg/all/function/internal_message.html?_=1606782498519&CODE_STATE=getMsg HTTP/1.1" 200 27
180.157.253.48 - - [01/Dec/2020:08:28:25 +0800] "GET /xingrg/all/function/internal_message.html?_=1606782507161&CODE_STATE=getMsg HTTP/1.1" 200 27
180.162.223.42 - - [01/Dec/2020:08:28:29 +0800] "GET /xingrg/javascript/auto/indicator.gif HTTP/1.1" 404 1066
120.253.135.82 - - [01/Dec/2020:08:28:34 +0800] "GET /xingrg/all/function/internal_message.html?_=1606782627601&CODE_STATE=getMsg HTTP/1.1" 200 27
180.174.56.115 - - [01/Dec/2020:08:28:41 +0800] "GET /xingrg/all/function/internal_message.html?_=1606782493404&CODE_STATE=getMsg HTTP/1.1" 200 27
114.84.37.38 - - [01/Dec/2020:08:28:44 +0800] "GET /xingrg/all/function/internal_message.html?_=1606782529337&CODE_STATE=getMsg HTTP/1.1" 200 27
117.184.7.26 - - [01/Dec/2020:08:28:45 +0800] "GET /xingrg/all/function/internal_message.html?_=1606782523703&CODE_STATE=getMsg HTTP/1.1" 200 27
180.162.223.42 - - [01/Dec/2020:08:28:48 +0800] "GET /xingrg/all/function/internal_message.html?_=1606782530111&CODE_STATE=getMsg HTTP/1.1" 200 27
116.224.233.8 - - [01/Dec/2020:08:28:51 +0800] "GET /xingrg/all/function/internal_message.html?_=1606782530023&CODE_STATE=getMsg HTTP/1.1" 200 27
58.40.7.146 - - [01/Dec/2020:08:28:51 +0800] "GET /xingrg/all/function/internal_message.html?_=1606782530187&CODE_STATE=getMsg HTTP/1.1" 200 27
120.253.135.82 - - [01/Dec/2020:08:28:56 +0800] "GET /xingrg/all/function/internal_message.html?_=1606782285546&CODE_STATE=getMsg HTTP/1.1" 200 27
180.162.223.42 - - [01/Dec/2020:08:28:57 +0800] "POST /xingrg/kc/buy/cgsh_list_operate.html HTTP/1.1" 200 5499
114.88.159.147 - - [01/Dec/2020:08:28:59 +0800] "GET /xingrg/all/function/internal_message.html?_=1606782543034&CODE_STATE=getMsg HTTP/1.1" 200 27
120.253.135.82 - - [01/Dec/2020:08:29:12 +0800] "GET /xingrg/check_reg.html?_=1606782597006 HTTP/1.1" 200 22
120.253.135.82 - - [01/Dec/2020:08:29:13 +0800] "GET /xingrg/all/function/internal_message.html?_=1606782597639&CODE_STATE=getMsg HTTP/1.1" 200 27
114.88.175.227 - - [01/Dec/2020:08:29:22 +0800] "GET /xingrg/all/function/internal_message.html?_=1606782558544&CODE_STATE=getMsg HTTP/1.1" 200 27
180.157.253.48 - - [01/Dec/2020:08:29:25 +0800] "GET /xingrg/all/function/internal_message.html?_=1606782567175&CODE_STATE=getMsg HTTP/1.1" 200 27
180.174.56.115 - - [01/Dec/2020:08:29:26 +0800] "GET /xingrg/check_reg.html?_=1606782538975 HTTP/1.1" 200 22
120.253.135.82 - - [01/Dec/2020:08:29:34 +0800] "GET /xingrg/all/function/internal_message.html?_=1606782687793&CODE_STATE=getMsg HTTP/1.1" 200 27
117.184.7.26 - - [01/Dec/2020:08:29:36 +0800] "GET /xingrg/check_reg.html?_=1606782574523 HTTP/1.1" 200 22
180.174.56.115 - - [01/Dec/2020:08:29:41 +0800] "GET /xingrg/all/function/internal_message.html?_=1606782553420&CODE_STATE=getMsg HTTP/1.1" 200 27
114.84.37.38 - - [01/Dec/2020:08:29:45 +0800] "GET /xingrg/all/function/internal_message.html?_=1606782589808&CODE_STATE=getMsg HTTP/1.1" 200 27
120.253.135.82 - - [01/Dec/2020:08:29:45 +0800] "GET /xingrg/check_reg.html?_=1606782698696 HTTP/1.1" 200 22
117.184.7.26 - - [01/Dec/2020:08:29:45 +0800] "GET /xingrg/all/function/internal_message.html?_=1606782583686&CODE_STATE=getMsg HTTP/1.1" 200 27
180.162.223.42 - - [01/Dec/2020:08:29:48 +0800] "GET /xingrg/all/function/internal_message.html?_=1606782590123&CODE_STATE=getMsg HTTP/1.1" 200 27
180.162.223.42 - - [01/Dec/2020:08:29:48 +0800] "GET /xingrg/check_reg.html?_=1606782590113 HTTP/1.1" 200 22
58.40.7.146 - - [01/Dec/2020:08:29:51 +0800] "GET /xingrg/all/function/internal_message.html?_=1606782590190&CODE_STATE=getMsg HTTP/1.1" 200 27
116.224.233.8 - - [01/Dec/2020:08:29:51 +0800] "GET /xingrg/all/function/internal_message.html?_=1606782590024&CODE_STATE=getMsg HTTP/1.1" 200 27
120.253.135.82 - - [01/Dec/2020:08:29:56 +0800] "GET /xingrg/all/function/internal_message.html?_=1606782345827&CODE_STATE=getMsg HTTP/1.1" 200 27
114.88.159.147 - - [01/Dec/2020:08:29:59 +0800] "GET /xingrg/all/function/internal_message.html?_=1606782603033&CODE_STATE=getMsg HTTP/1.1" 200 27
120.253.135.82 - - [01/Dec/2020:08:30:13 +0800] "GET /xingrg/all/function/internal_message.html?_=1606782657652&CODE_STATE=getMsg HTTP/1.1" 200 27
114.88.175.227 - - [01/Dec/2020:08:30:22 +0800] "GET /xingrg/all/function/internal_message.html?_=1606782618546&CODE_STATE=getMsg HTTP/1.1" 200 27
180.157.253.48 - - [01/Dec/2020:08:30:25 +0800] "GET /xingrg/all/function/internal_message.html?_=1606782627197&CODE_STATE=getMsg HTTP/1.1" 200 27
120.253.135.82 - - [01/Dec/2020:08:30:34 +0800] "GET /xingrg/all/function/internal_message.html?_=1606782747800&CODE_STATE=getMsg HTTP/1.1" 200 27
114.88.175.227 - - [01/Dec/2020:08:30:40 +0800] "GET /xingrg/index.html?sysBaseUrl=http%3A%2F%2F180.169.147.146%3A18081%2Fxingrg%2F&costTime=38×tamp=1588335986102 HTTP/1.1" 302 -
114.88.175.227 - - [01/Dec/2020:08:30:40 +0800] "GET /xingrg/login.html HTTP/1.1" 200 7641
114.88.175.227 - - [01/Dec/2020:08:30:40 +0800] "GET /favicon.ico HTTP/1.1" 404 -
120.253.135.82 - - [01/Dec/2020:08:30:41 +0800] "GET /xingrg/check_reg.html?_=1606782390488 HTTP/1.1" 200 22
116.232.52.76 - - [01/Dec/2020:08:30:41 +0800] "POST /xingrg/services/DataTransmitService HTTP/1.1" 200 524
114.88.175.227 - - [01/Dec/2020:08:30:41 +0800] "GET /favicon.ico HTTP/1.1" 404 -
114.84.37.38 - - [01/Dec/2020:08:30:45 +0800] "GET /xingrg/all/function/internal_message.html?_=1606782649816&CODE_STATE=getMsg HTTP/1.1" 200 27
117.184.7.26 - - [01/Dec/2020:08:30:45 +0800] "GET /xingrg/all/function/internal_message.html?_=1606782643671&CODE_STATE=getMsg HTTP/1.1" 200 27
180.162.223.42 - - [01/Dec/2020:08:30:48 +0800] "GET /xingrg/all/function/internal_message.html?_=1606782650123&CODE_STATE=getMsg HTTP/1.1" 200 27
116.224.233.8 - - [01/Dec/2020:08:30:51 +0800] "GET /xingrg/all/function/internal_message.html?_=1606782650026&CODE_STATE=getMsg HTTP/1.1" 200 27
58.40.7.146 - - [01/Dec/2020:08:30:51 +0800] "GET /xingrg/all/function/internal_message.html?_=1606782650191&CODE_STATE=getMsg HTTP/1.1" 200 27
114.88.175.227 - - [01/Dec/2020:08:30:52 +0800] "POST /xingrg/login.do HTTP/1.1" 302 -
114.88.175.227 - - [01/Dec/2020:08:30:52 +0800] "GET /xingrg/index.html?sysBaseUrl=http%3A%2F%2F180.169.147.146%3A18081%2Fxingrg%2F&costTime=37×tamp=1606782652140 HTTP/1.1" 200 17173
114.88.175.227 - - [01/Dec/2020:08:30:52 +0800] "GET /favicon.ico HTTP/1.1" 404 -
114.88.175.227 - - [01/Dec/2020:08:30:52 +0800] "POST /xingrg/all/common/load_tree.html?tree=area_rest_tree_json&manage=1 HTTP/1.1" 200 342
114.88.175.227 - - [01/Dec/2020:08:30:53 +0800] "GET /xingrg/check_reg.html?_=1606782773642 HTTP/1.1" 200 22
114.88.175.227 - - [01/Dec/2020:08:30:53 +0800] "GET /xingrg/all/function/internal_message.html?_=1606782773641&CODE_STATE=count HTTP/1.1" 200 11
114.88.175.227 - - [01/Dec/2020:08:30:53 +0800] "POST /xingrg/load_menu.html HTTP/1.1" 200 5138
114.88.175.227 - - [01/Dec/2020:08:30:55 +0800] "GET /xingrg/kc/buy/cgsh_order_list.html HTTP/1.1" 200 45069
114.88.175.227 - - [01/Dec/2020:08:30:56 +0800] "POST /xingrg/kc/buy/cgsh_list_operate.html HTTP/1.1" 200 876
120.253.135.82 - - [01/Dec/2020:08:30:56 +0800] "GET /xingrg/all/function/internal_message.html?_=1606782405839&CODE_STATE=getMsg HTTP/1.1" 200 27
114.88.159.147 - - [01/Dec/2020:08:30:59 +0800] "GET /xingrg/all/function/internal_message.html?_=1606782663049&CODE_STATE=getMsg HTTP/1.1" 200 27
116.228.172.94 - - [01/Dec/2020:08:30:59 +0800] "GET /xingrg/login.html HTTP/1.1" 200 7641
116.228.172.94 - - [01/Dec/2020:08:31:04 +0800] "GET /favicon.ico HTTP/1.1" 404 -
116.228.172.94 - - [01/Dec/2020:08:31:10 +0800] "POST /xingrg/login.do HTTP/1.1" 302 -
116.228.172.94 - - [01/Dec/2020:08:31:10 +0800] "GET /xingrg/index.html?sysBaseUrl=http%3A%2F%2F180.169.147.146%3A18081%2Fxingrg%2F&costTime=39×tamp=1606782670641 HTTP/1.1" 200 17179
116.228.172.94 - - [01/Dec/2020:08:31:12 +0800] "GET /favicon.ico HTTP/1.1" 404 -
120.253.135.82 - - [01/Dec/2020:08:31:13 +0800] "GET /xingrg/all/function/internal_message.html?_=1606782717666&CODE_STATE=getMsg HTTP/1.1" 200 27
116.228.172.94 - - [01/Dec/2020:08:31:14 +0800] "POST /xingrg/all/common/load_tree.html?tree=area_rest_tree_json&manage=1 HTTP/1.1" 200 476
116.228.172.94 - - [01/Dec/2020:08:31:14 +0800] "GET /xingrg/all/function/internal_message.html?_=1606782672212&CODE_STATE=count HTTP/1.1" 200 11
116.228.172.94 - - [01/Dec/2020:08:31:14 +0800] "GET /xingrg/check_reg.html?_=1606782672224 HTTP/1.1" 200 22
116.228.172.94 - - [01/Dec/2020:08:31:14 +0800] "POST /xingrg/load_menu.html HTTP/1.1" 200 5138
116.228.172.94 - - [01/Dec/2020:08:31:17 +0800] "GET /xingrg/kc/buy/buy_main.html HTTP/1.1" 200 12412
116.228.172.94 - - [01/Dec/2020:08:31:17 +0800] "GET /xingrg/css/new_ie.css HTTP/1.1" 404 1036
116.228.172.94 - - [01/Dec/2020:08:31:18 +0800] "GET /xingrg/images/yd/bt.gif HTTP/1.1" 404 1040
116.228.172.94 - - [01/Dec/2020:08:31:19 +0800] "GET /xingrg/kc/buy/cgsh_order_list.html HTTP/1.1" 200 45075
114.88.175.227 - - [01/Dec/2020:08:31:22 +0800] "GET /xingrg/all/function/internal_message.html?_=1606782678572&CODE_STATE=getMsg HTTP/1.1" 200 27
116.228.172.94 - - [01/Dec/2020:08:31:23 +0800] "POST /xingrg/kc/buy/cgsh_list_operate.html HTTP/1.1" 200 876
114.88.175.227 - - [01/Dec/2020:08:31:24 +0800] "GET /xingrg/kc/buy/cgsh_order_list.html HTTP/1.1" 200 45069
180.157.253.48 - - [01/Dec/2020:08:31:25 +0800] "GET /xingrg/all/function/internal_message.html?_=1606782687202&CODE_STATE=getMsg HTTP/1.1" 200 27
114.88.175.227 - - [01/Dec/2020:08:31:25 +0800] "POST /xingrg/kc/buy/cgsh_list_operate.html HTTP/1.1" 200 876
114.88.175.227 - - [01/Dec/2020:08:31:26 +0800] "GET /xingrg/kc/base/wldb_order_list.html HTTP/1.1" 200 19418
114.88.175.227 - - [01/Dec/2020:08:31:27 +0800] "POST /xingrg/kc/base/wldb_list_operate.html HTTP/1.1" 200 928
116.228.172.94 - - [01/Dec/2020:08:31:28 +0800] "GET /xingrg/javascript/jquery_tools/images/next.gif HTTP/1.1" 404 1086
116.228.172.94 - - [01/Dec/2020:08:31:28 +0800] "GET /xingrg/javascript/jquery_tools/images/prev.gif HTTP/1.1" 404 1086
114.88.175.227 - - [01/Dec/2020:08:31:30 +0800] "GET /xingrg/kc/buy/cgsh_order_list.html HTTP/1.1" 200 45069
114.88.175.227 - - [01/Dec/2020:08:31:30 +0800] "POST /xingrg/kc/buy/cgsh_list_operate.html HTTP/1.1" 200 876
120.253.135.82 - - [01/Dec/2020:08:31:34 +0800] "GET /xingrg/all/function/internal_message.html?_=1606782807813&CODE_STATE=getMsg HTTP/1.1" 200 27
116.228.172.94 - - [01/Dec/2020:08:31:35 +0800] "GET /xingrg/javascript/easyui/themes/default/tree.css HTTP/1.1" 404 1090
116.228.172.94 - - [01/Dec/2020:08:31:35 +0800] "POST /xingrg/all/common/load_tree.html?tree=supplier_tree_json&manage=1 HTTP/1.1" 200 52837
117.184.7.26 - - [01/Dec/2020:08:31:45 +0800] "GET /xingrg/all/function/internal_message.html?_=1606782703657&CODE_STATE=getMsg HTTP/1.1" 200 27
114.84.37.38 - - [01/Dec/2020:08:31:45 +0800] "GET /xingrg/all/function/internal_message.html?_=1606782710271&CODE_STATE=getMsg HTTP/1.1" 200 27
116.228.172.94 - - [01/Dec/2020:08:31:45 +0800] "POST /xingrg/kc/buy/cgsh_list_operate.html HTTP/1.1" 200 876
180.162.223.42 - - [01/Dec/2020:08:31:48 +0800] "GET /xingrg/all/function/internal_message.html?_=1606782710123&CODE_STATE=getMsg HTTP/1.1" 200 27
116.224.233.8 - - [01/Dec/2020:08:31:51 +0800] "GET /xingrg/all/function/internal_message.html?_=1606782710024&CODE_STATE=getMsg HTTP/1.1" 200 27
58.40.7.146 - - [01/Dec/2020:08:31:51 +0800] "GET /xingrg/check_reg.html?_=1606782710192 HTTP/1.1" 200 22
58.40.7.146 - - [01/Dec/2020:08:31:51 +0800] "GET /xingrg/all/function/internal_message.html?_=1606782710195&CODE_STATE=getMsg HTTP/1.1" 200 27
114.88.175.227 - - [01/Dec/2020:08:31:53 +0800] "GET /xingrg/all/function/internal_message.html?_=1606782833660&CODE_STATE=getMsg HTTP/1.1" 200 27
120.253.135.82 - - [01/Dec/2020:08:31:56 +0800] "GET /xingrg/all/function/internal_message.html?_=1606782465852&CODE_STATE=getMsg HTTP/1.1" 200 27
114.88.159.147 - - [01/Dec/2020:08:31:59 +0800] "GET /xingrg/check_reg.html?_=1606782723061 HTTP/1.1" 200 22
114.88.159.147 - - [01/Dec/2020:08:31:59 +0800] "GET /xingrg/all/function/internal_message.html?_=1606782723062&CODE_STATE=getMsg HTTP/1.1" 200 27
116.228.172.94 - - [01/Dec/2020:08:31:59 +0800] "POST /xingrg/kc/buy/cgsh_list_operate.html HTTP/1.1" 200 1703
116.228.172.94 - - [01/Dec/2020:08:32:01 +0800] "POST /xingrg/kc/buy/cgsh_list_operate.html HTTP/1.1" 200 576
116.228.172.94 - - [01/Dec/2020:08:32:02 +0800] "GET /xingrg/kc/buy/cgsh_order_info.html?code=212020112108313 HTTP/1.1" 200 55796
116.228.172.94 - - [01/Dec/2020:08:32:03 +0800] "GET /xingrg/words/20201130134244_words.js HTTP/1.1" 304 -
116.228.172.94 - - [01/Dec/2020:08:32:03 +0800] "GET /xingrg/javascript/easyui/themes/default/validatebox.css HTTP/1.1" 404 1104
116.228.172.94 - - [01/Dec/2020:08:32:04 +0800] "POST /xingrg/kc/buy/cgsh_order_operate.html HTTP/1.1" 200 8315
114.88.175.227 - - [01/Dec/2020:08:32:04 +0800] "GET /xingrg/check_reg.html?_=1606782720688 HTTP/1.1" 200 22
114.88.175.227 - - [01/Dec/2020:08:32:10 +0800] "GET /xingrg/kc/buy/cgsh_order_add.html HTTP/1.1" 200 60807
114.88.175.227 - - [01/Dec/2020:08:32:10 +0800] "GET /xingrg/words/20201130134244_words.js HTTP/1.1" 304 -
114.88.175.227 - - [01/Dec/2020:08:32:11 +0800] "GET /xingrg/all/common/auto_word.html?type=employee&rest_code=00111 HTTP/1.1" 200 205
114.88.175.227 - - [01/Dec/2020:08:32:11 +0800] "GET /xingrg/all/common/auto_word.html?type=employee&rest_code=00111 HTTP/1.1" 200 205
114.88.175.227 - - [01/Dec/2020:08:32:11 +0800] "GET /xingrg/javascript/easyui/themes/default/validatebox.css HTTP/1.1" 404 1104
114.88.175.227 - - [01/Dec/2020:08:32:11 +0800] "POST /xingrg/kc/buy/cgsh_order_operate.html HTTP/1.1" 200 8245
114.88.175.227 - - [01/Dec/2020:08:32:13 +0800] "GET /xingrg/javascript/auto/indicator.gif HTTP/1.1" 404 1066
120.253.135.82 - - [01/Dec/2020:08:32:13 +0800] "GET /xingrg/all/function/internal_message.html?_=1606782777685&CODE_STATE=getMsg HTTP/1.1" 200 27
116.228.172.94 - - [01/Dec/2020:08:32:14 +0800] "GET /xingrg/all/function/internal_message.html?_=1606782732248&CODE_STATE=getMsg HTTP/1.1" 200 27
114.88.175.227 - - [01/Dec/2020:08:32:15 +0800] "GET /xingrg/javascript/jquery_tools/images/next.gif HTTP/1.1" 404 1086
114.88.175.227 - - [01/Dec/2020:08:32:15 +0800] "GET /xingrg/javascript/jquery_tools/images/prev.gif HTTP/1.1" 404 1086
114.88.175.227 - - [01/Dec/2020:08:32:18 +0800] "GET /xingrg/kc/buy/cgsh_order_operate.html?command=get_materiel&rest_code=00111&code=00101002027&supplier_code=00100199&order_time=2020-12-01 HTTP/1.1" 200 434
114.88.175.227 - - [01/Dec/2020:08:32:22 +0800] "GET /xingrg/all/function/internal_message.html?_=1606782738573&CODE_STATE=getMsg HTTP/1.1" 200 27
180.157.253.48 - - [01/Dec/2020:08:32:25 +0800] "GET /xingrg/check_reg.html?_=1606782747109 HTTP/1.1" 200 22
180.157.253.48 - - [01/Dec/2020:08:32:25 +0800] "GET /xingrg/all/function/internal_message.html?_=1606782747216&CODE_STATE=getMsg HTTP/1.1" 200 27
114.84.37.38 - - [01/Dec/2020:08:32:26 +0800] "GET /xingrg/check_reg.html?_=1606782751096 HTTP/1.1" 200 22
114.88.175.227 - - [01/Dec/2020:08:32:26 +0800] "GET /xingrg/kc/buy/cgsh_order_operate.html?command=get_materiel&rest_code=00111&code=00101002006&supplier_code=00100199&order_time=2020-12-01 HTTP/1.1" 200 435
114.88.175.227 - - [01/Dec/2020:08:32:31 +0800] "POST /xingrg/kc/buy/cgsh_order_operate.html HTTP/1.1" 200 37
114.88.175.227 - - [01/Dec/2020:08:32:32 +0800] "POST /xingrg/kc/buy/cgsh_order_operate.html HTTP/1.1" 200 3256
114.88.175.227 - - [01/Dec/2020:08:32:33 +0800] "GET /xingrg/kc/print/load_config.html?kc_code=cgsh HTTP/1.1" 200 1845
114.88.175.227 - - [01/Dec/2020:08:32:33 +0800] "GET /xingrg/kc/print/load_data.html?order_code=212020120100027&kc_code=cgsh&condition= HTTP/1.1" 200 905
120.253.135.82 - - [01/Dec/2020:08:32:34 +0800] "GET /xingrg/all/function/internal_message.html?_=1606782868009&CODE_STATE=getMsg HTTP/1.1" 200 27
117.184.7.26 - - [01/Dec/2020:08:32:45 +0800] "GET /xingrg/all/function/internal_message.html?_=1606782763643&CODE_STATE=getMsg HTTP/1.1" 200 27
114.84.37.38 - - [01/Dec/2020:08:32:45 +0800] "GET /xingrg/all/function/internal_message.html?_=1606782770281&CODE_STATE=getMsg HTTP/1.1" 200 27
180.162.223.42 - - [01/Dec/2020:08:32:48 +0800] "GET /xingrg/all/function/internal_message.html?_=1606782770122&CODE_STATE=getMsg HTTP/1.1" 200 27
116.224.233.8 - - [01/Dec/2020:08:32:51 +0800] "GET /xingrg/all/function/internal_message.html?_=1606782770023&CODE_STATE=getMsg HTTP/1.1" 200 27
58.40.7.146 - - [01/Dec/2020:08:32:51 +0800] "GET /xingrg/all/function/internal_message.html?_=1606782770196&CODE_STATE=getMsg HTTP/1.1" 200 27
116.224.233.8 - - [01/Dec/2020:08:32:51 +0800] "GET /xingrg/check_reg.html?_=1606782770022 HTTP/1.1" 200 22
114.88.175.227 - - [01/Dec/2020:08:32:53 +0800] "GET /xingrg/all/function/internal_message.html?_=1606782893644&CODE_STATE=getMsg HTTP/1.1" 200 27
116.228.172.94 - - [01/Dec/2020:08:32:55 +0800] "GET /xingrg/kc/base/base_main.html HTTP/1.1" 200 12142
120.253.135.82 - - [01/Dec/2020:08:32:57 +0800] "GET /xingrg/all/function/internal_message.html?_=1606782526140&CODE_STATE=getMsg HTTP/1.1" 200 27
114.88.159.147 - - [01/Dec/2020:08:32:59 +0800] "GET /xingrg/all/function/internal_message.html?_=1606782783061&CODE_STATE=getMsg HTTP/1.1" 200 27
222.69.133.109 - - [01/Dec/2020:08:33:09 +0800] "GET /xingrg/check_reg.html?_=1606782789486 HTTP/1.1" 200 22
120.253.135.82 - - [01/Dec/2020:08:33:13 +0800] "GET /xingrg/all/function/internal_message.html?_=1606782837693&CODE_STATE=getMsg HTTP/1.1" 200 27
116.228.172.94 - - [01/Dec/2020:08:33:14 +0800] "GET /xingrg/all/function/internal_message.html?_=1606782792254&CODE_STATE=getMsg HTTP/1.1" 200 27
114.88.175.227 - - [01/Dec/2020:08:33:22 +0800] "GET /xingrg/all/function/internal_message.html?_=1606782798587&CODE_STATE=getMsg HTTP/1.1" 200 27
180.157.253.48 - - [01/Dec/2020:08:33:25 +0800] "GET /xingrg/all/function/internal_message.html?_=1606782807229&CODE_STATE=getMsg HTTP/1.1" 200 27
120.253.135.82 - - [01/Dec/2020:08:33:34 +0800] "GET /xingrg/all/function/internal_message.html?_=1606782928011&CODE_STATE=getMsg HTTP/1.1" 200 27
114.88.175.227 - - [01/Dec/2020:08:33:45 +0800] "GET /xingrg/kc/buy/cgsh_order_add.html HTTP/1.1" 200 60807
117.184.7.26 - - [01/Dec/2020:08:33:45 +0800] "GET /xingrg/all/function/internal_message.html?_=1606782823630&CODE_STATE=getMsg HTTP/1.1" 200 27
114.88.175.227 - - [01/Dec/2020:08:33:45 +0800] "POST /xingrg/kc/buy/cgsh_order_operate.html HTTP/1.1" 200 8245
114.88.175.227 - - [01/Dec/2020:08:33:45 +0800] "GET /xingrg/javascript/easyui/themes/default/validatebox.css HTTP/1.1" 404 1104
114.84.37.38 - - [01/Dec/2020:08:33:45 +0800] "GET /xingrg/all/function/internal_message.html?_=1606782830294&CODE_STATE=getMsg HTTP/1.1" 200 27
180.162.223.42 - - [01/Dec/2020:08:33:48 +0800] "GET /xingrg/all/function/internal_message.html?_=1606782830123&CODE_STATE=getMsg HTTP/1.1" 200 27
58.40.7.146 - - [01/Dec/2020:08:33:51 +0800] "GET /xingrg/all/function/internal_message.html?_=1606782830181&CODE_STATE=getMsg HTTP/1.1" 200 27
116.224.233.8 - - [01/Dec/2020:08:33:51 +0800] "GET /xingrg/all/function/internal_message.html?_=1606782830021&CODE_STATE=getMsg HTTP/1.1" 200 27
180.174.56.115 - - [01/Dec/2020:08:33:52 +0800] "GET /xingrg/kc/buy/cgsh_order_list.html HTTP/1.1" 200 45075
114.88.175.227 - - [01/Dec/2020:08:33:53 +0800] "GET /xingrg/all/function/internal_message.html?_=1606782953649&CODE_STATE=getMsg HTTP/1.1" 200 27
180.174.56.115 - - [01/Dec/2020:08:33:53 +0800] "POST /xingrg/kc/buy/cgsh_list_operate.html HTTP/1.1" 200 876
180.174.56.115 - - [01/Dec/2020:08:33:54 +0800] "GET /xingrg/kc/buy/cgsh_order_add.html HTTP/1.1" 200 60731
180.174.56.115 - - [01/Dec/2020:08:33:55 +0800] "GET /xingrg/words/20201130134244_words.js HTTP/1.1" 304 -
180.174.56.115 - - [01/Dec/2020:08:33:55 +0800] "POST /xingrg/kc/buy/cgsh_order_operate.html HTTP/1.1" 200 8245
180.174.56.115 - - [01/Dec/2020:08:33:55 +0800] "GET /xingrg/all/common/auto_word.html?type=employee&rest_code=00150 HTTP/1.1" 200 205
180.174.56.115 - - [01/Dec/2020:08:33:55 +0800] "GET /xingrg/all/common/auto_word.html?type=employee&rest_code=00150 HTTP/1.1" 200 205
180.174.56.115 - - [01/Dec/2020:08:33:55 +0800] "GET /xingrg/javascript/easyui/themes/default/validatebox.css HTTP/1.1" 404 1104
120.253.135.82 - - [01/Dec/2020:08:33:57 +0800] "GET /xingrg/all/function/internal_message.html?_=1606782586146&CODE_STATE=getMsg HTTP/1.1" 200 27
114.88.159.147 - - [01/Dec/2020:08:33:59 +0800] "GET /xingrg/all/function/internal_message.html?_=1606782843060&CODE_STATE=getMsg HTTP/1.1" 200 27
114.88.175.227 - - [01/Dec/2020:08:34:04 +0800] "GET /xingrg/kc/buy/cgsh_order_operate.html?command=get_materiel&rest_code=00111&code=00102003086&supplier_code=00100075&order_time=2020-12-01 HTTP/1.1" 200 409
180.174.56.115 - - [01/Dec/2020:08:34:12 +0800] "GET /xingrg/kc/buy/cgsh_order_operate.html?command=get_materiel&rest_code=00150&code=00101008323&supplier_code=00100424&order_time=2020-12-01 HTTP/1.1" 200 408
120.253.135.82 - - [01/Dec/2020:08:34:12 +0800] "GET /xingrg/check_reg.html?_=1606782897017 HTTP/1.1" 200 22
120.253.135.82 - - [01/Dec/2020:08:34:13 +0800] "GET /xingrg/all/function/internal_message.html?_=1606782897706&CODE_STATE=getMsg HTTP/1.1" 200 27
116.228.172.94 - - [01/Dec/2020:08:34:14 +0800] "GET /xingrg/all/function/internal_message.html?_=1606782852243&CODE_STATE=getMsg HTTP/1.1" 200 27
180.157.253.48 - - [01/Dec/2020:08:34:18 +0800] "GET /xingrg/kc/base/check_order_info.html?code=452020113000506 HTTP/1.1" 200 26438
180.157.253.48 - - [01/Dec/2020:08:34:18 +0800] "GET /xingrg/javascript/AjaxInfoList.js HTTP/1.1" 304 -
180.157.253.48 - - [01/Dec/2020:08:34:18 +0800] "GET /xingrg/css/blue.css HTTP/1.1" 304 -
180.157.253.48 - - [01/Dec/2020:08:34:18 +0800] "GET /xingrg/javascript/Calendar.js HTTP/1.1" 304 -
180.157.253.48 - - [01/Dec/2020:08:34:18 +0800] "GET /xingrg/css/table.css HTTP/1.1" 304 -
180.157.253.48 - - [01/Dec/2020:08:34:18 +0800] "GET /xingrg/javascript/jquery_easy_ui/themes/default/easyui.css HTTP/1.1" 304 -
180.157.253.48 - - [01/Dec/2020:08:34:18 +0800] "GET /xingrg/javascript/jquery_easy_ui/themes/icon.css HTTP/1.1" 304 -
180.157.253.48 - - [01/Dec/2020:08:34:18 +0800] "GET /xingrg/javascript/myfunction.js HTTP/1.1" 304 -
180.157.253.48 - - [01/Dec/2020:08:34:18 +0800] "GET /xingrg/javascript/pic_change.js HTTP/1.1" 304 -
180.157.253.48 - - [01/Dec/2020:08:34:18 +0800] "GET /xingrg/javascript/jquery.utils.js HTTP/1.1" 304 -
180.157.253.48 - - [01/Dec/2020:08:34:18 +0800] "GET /xingrg/dwr/util.js HTTP/1.1" 304 -
180.157.253.48 - - [01/Dec/2020:08:34:18 +0800] "GET /xingrg/javascript/jquery-1.4.2.min.js HTTP/1.1" 304 -
180.157.253.48 - - [01/Dec/2020:08:34:18 +0800] "GET /xingrg/javascript/jquery_easy_ui/jquery.easyui.min.js HTTP/1.1" 304 -
180.157.253.48 - - [01/Dec/2020:08:34:18 +0800] "GET /xingrg/javascript/convert.js HTTP/1.1" 304 -
180.157.253.48 - - [01/Dec/2020:08:34:18 +0800] "GET /xingrg/javascript/print/kc_print.js HTTP/1.1" 304 -
180.157.253.48 - - [01/Dec/2020:08:34:18 +0800] "GET /xingrg/javascript/print/LodopFuncs.js HTTP/1.1" 304 -
180.157.253.48 - - [01/Dec/2020:08:34:18 +0800] "GET /xingrg/dwr/interface/AjaxComOrderService.js HTTP/1.1" 200 18264
180.157.253.48 - - [01/Dec/2020:08:34:18 +0800] "GET /xingrg/dwr/interface/AjaxCheckService.js HTTP/1.1" 200 14003
180.157.253.48 - - [01/Dec/2020:08:34:18 +0800] "GET /xingrg/dwr/engine.js HTTP/1.1" 200 43631
180.157.253.48 - - [01/Dec/2020:08:34:18 +0800] "GET /xingrg/javascript/jquery_easy_ui/themes/icons/check_new.png HTTP/1.1" 304 -
180.157.253.48 - - [01/Dec/2020:08:34:18 +0800] "GET /xingrg/javascript/jquery_easy_ui/themes/icons/print.png HTTP/1.1" 304 -
180.157.253.48 - - [01/Dec/2020:08:34:18 +0800] "GET /xingrg/javascript/jquery_easy_ui/themes/icons/cance_new.png HTTP/1.1" 304 -
180.157.253.48 - - [01/Dec/2020:08:34:18 +0800] "GET /xingrg/javascript/jquery_easy_ui/themes/default/images/menu_downarrow.png HTTP/1.1" 304 -
180.157.253.48 - - [01/Dec/2020:08:34:18 +0800] "GET /xingrg/javascript/jquery_easy_ui/themes/icons/back_new.png HTTP/1.1" 304 -
180.157.253.48 - - [01/Dec/2020:08:34:18 +0800] "POST /xingrg/dwr/call/plaincall/AjaxCheckService.loadOrderItems.dwr HTTP/1.1" 200 64454
180.157.253.48 - - [01/Dec/2020:08:34:18 +0800] "GET /xingrg/javascript/jquery_easy_ui/themes/icons/no.png HTTP/1.1" 304 -
114.88.175.227 - - [01/Dec/2020:08:34:22 +0800] "GET /xingrg/all/function/internal_message.html?_=1606782858612&CODE_STATE=getMsg HTTP/1.1" 200 27
180.157.253.48 - - [01/Dec/2020:08:34:24 +0800] "POST /xingrg/dwr/call/plaincall/AjaxCheckService.setItemNumber.dwr HTTP/1.1" 200 76
180.157.253.48 - - [01/Dec/2020:08:34:24 +0800] "POST /xingrg/dwr/call/plaincall/AjaxCheckService.setItemNumber.dwr HTTP/1.1" 200 76
180.157.253.48 - - [01/Dec/2020:08:34:24 +0800] "POST /xingrg/dwr/call/plaincall/AjaxCheckService.setItemNumber.dwr HTTP/1.1" 200 76
180.157.253.48 - - [01/Dec/2020:08:34:25 +0800] "GET /xingrg/all/function/internal_message.html?_=1606782867242&CODE_STATE=getMsg HTTP/1.1" 200 27
180.157.253.48 - - [01/Dec/2020:08:34:27 +0800] "POST /xingrg/dwr/call/plaincall/AjaxCheckService.setItemNumber.dwr HTTP/1.1" 200 76
180.157.253.48 - - [01/Dec/2020:08:34:28 +0800] "POST /xingrg/dwr/call/plaincall/AjaxCheckService.setItemNumber.dwr HTTP/1.1" 200 76
180.157.253.48 - - [01/Dec/2020:08:34:28 +0800] "POST /xingrg/dwr/call/plaincall/AjaxCheckService.setItemNumber.dwr HTTP/1.1" 200 76
180.157.253.48 - - [01/Dec/2020:08:34:29 +0800] "POST /xingrg/dwr/call/plaincall/AjaxCheckService.setItemNumber.dwr HTTP/1.1" 200 76
180.157.253.48 - - [01/Dec/2020:08:34:30 +0800] "POST /xingrg/dwr/call/plaincall/AjaxCheckService.setItemNumber.dwr HTTP/1.1" 200 76
180.157.253.48 - - [01/Dec/2020:08:34:31 +0800] "POST /xingrg/dwr/call/plaincall/AjaxCheckService.setItemNumber.dwr HTTP/1.1" 200 76
180.157.253.48 - - [01/Dec/2020:08:34:31 +0800] "POST /xingrg/dwr/call/plaincall/AjaxCheckService.setItemNumber.dwr HTTP/1.1" 200 77
180.157.253.48 - - [01/Dec/2020:08:34:32 +0800] "POST /xingrg/dwr/call/plaincall/AjaxCheckService.setItemNumber.dwr HTTP/1.1" 200 77
180.157.253.48 - - [01/Dec/2020:08:34:33 +0800] "POST /xingrg/dwr/call/plaincall/AjaxCheckService.setItemNumber.dwr HTTP/1.1" 200 77
180.157.253.48 - - [01/Dec/2020:08:34:33 +0800] "POST /xingrg/dwr/call/plaincall/AjaxCheckService.setItemNumber.dwr HTTP/1.1" 200 77
180.157.253.48 - - [01/Dec/2020:08:34:34 +0800] "POST /xingrg/dwr/call/plaincall/AjaxCheckService.setItemNumber.dwr HTTP/1.1" 200 77
120.253.135.82 - - [01/Dec/2020:08:34:34 +0800] "GET /xingrg/all/function/internal_message.html?_=1606782988207&CODE_STATE=getMsg HTTP/1.1" 200 27
180.157.253.48 - - [01/Dec/2020:08:34:35 +0800] "POST /xingrg/dwr/call/plaincall/AjaxCheckService.setItemNumber.dwr HTTP/1.1" 200 77
180.157.253.48 - - [01/Dec/2020:08:34:35 +0800] "POST /xingrg/dwr/call/plaincall/AjaxCheckService.setItemNumber.dwr HTTP/1.1" 200 77
180.157.253.48 - - [01/Dec/2020:08:34:36 +0800] "POST /xingrg/dwr/call/plaincall/AjaxCheckService.setItemNumber.dwr HTTP/1.1" 200 77
117.184.7.26 - - [01/Dec/2020:08:34:36 +0800] "GET /xingrg/check_reg.html?_=1606782874540 HTTP/1.1" 200 22
180.157.253.48 - - [01/Dec/2020:08:34:37 +0800] "POST /xingrg/dwr/call/plaincall/AjaxCheckService.setItemNumber.dwr HTTP/1.1" 200 77
180.157.253.48 - - [01/Dec/2020:08:34:37 +0800] "POST /xingrg/dwr/call/plaincall/AjaxCheckService.setItemNumber.dwr HTTP/1.1" 200 77
180.157.253.48 - - [01/Dec/2020:08:34:38 +0800] "POST /xingrg/dwr/call/plaincall/AjaxCheckService.setItemNumber.dwr HTTP/1.1" 200 77
180.157.253.48 - - [01/Dec/2020:08:34:39 +0800] "POST /xingrg/dwr/call/plaincall/AjaxCheckService.setItemNumber.dwr HTTP/1.1" 200 77
180.157.253.48 - - [01/Dec/2020:08:34:40 +0800] "POST /xingrg/dwr/call/plaincall/AjaxCheckService.setItemNumber.dwr HTTP/1.1" 200 77
180.157.253.48 - - [01/Dec/2020:08:34:41 +0800] "POST /xingrg/dwr/call/plaincall/AjaxCheckService.setItemNumber.dwr HTTP/1.1" 200 77
180.157.253.48 - - [01/Dec/2020:08:34:42 +0800] "POST /xingrg/dwr/call/plaincall/AjaxCheckService.setItemNumber.dwr HTTP/1.1" 200 77
180.157.253.48 - - [01/Dec/2020:08:34:42 +0800] "POST /xingrg/dwr/call/plaincall/AjaxCheckService.setItemNumber.dwr HTTP/1.1" 200 77
