180.157.253.48 - - [01/Dec/2020:08:47:29 +0800] "GET /xingrg/kc/base/check_order_info.html?code=452020113000483 HTTP/1.1" 200 26440
180.157.253.48 - - [01/Dec/2020:08:47:29 +0800] "GET /xingrg/dwr/interface/AjaxComOrderService.js HTTP/1.1" 200 18264
180.157.253.48 - - [01/Dec/2020:08:47:29 +0800] "GET /xingrg/dwr/engine.js HTTP/1.1" 200 43631
180.157.253.48 - - [01/Dec/2020:08:47:29 +0800] "GET /xingrg/javascript/jquery_easy_ui/themes/icons/check_new.png HTTP/1.1" 304 -
180.157.253.48 - - [01/Dec/2020:08:47:29 +0800] "GET /xingrg/javascript/jquery_easy_ui/themes/icons/cance_new.png HTTP/1.1" 304 -
180.157.253.48 - - [01/Dec/2020:08:47:29 +0800] "GET /xingrg/javascript/jquery_easy_ui/themes/icons/print.png HTTP/1.1" 304 -
180.157.253.48 - - [01/Dec/2020:08:47:29 +0800] "GET /xingrg/javascript/jquery_easy_ui/themes/default/images/menu_downarrow.png HTTP/1.1" 304 -
180.157.253.48 - - [01/Dec/2020:08:47:29 +0800] "GET /xingrg/javascript/jquery_easy_ui/themes/icons/back_new.png HTTP/1.1" 304 -
222.69.137.116 - - [01/Dec/2020:08:47:30 +0800] "GET /xingrg/kc/buy/cgsh_order_operate.html?command=get_materiel&rest_code=00149&code=00101020079&supplier_code=00100019&order_time=2020-12-01 HTTP/1.1" 200 421
114.84.37.38 - - [01/Dec/2020:08:47:30 +0800] "POST /xingrg/dwr/call/plaincall/AjaxCheckService.setItemNumber.dwr HTTP/1.1" 200 77
180.157.253.48 - - [01/Dec/2020:08:47:30 +0800] "POST /xingrg/dwr/call/plaincall/AjaxCheckService.loadOrderItems.dwr HTTP/1.1" 200 135848
180.157.253.48 - - [01/Dec/2020:08:47:30 +0800] "GET /xingrg/javascript/jquery_easy_ui/themes/icons/no.png HTTP/1.1" 304 -
114.84.37.38 - - [01/Dec/2020:08:47:30 +0800] "POST /xingrg/dwr/call/plaincall/AjaxCheckService.setItemNumber.dwr HTTP/1.1" 200 77
180.174.56.115 - - [01/Dec/2020:08:47:31 +0800] "GET /xingrg/kc/buy/cgsh_order_operate.html?command=get_materiel&rest_code=00151&code=00101008114&supplier_code=00100007&order_time=2020-12-01 HTTP/1.1" 200 413
180.157.253.48 - - [01/Dec/2020:08:47:33 +0800] "GET /xingrg/css/blue.css HTTP/1.1" 304 -
180.157.253.48 - - [01/Dec/2020:08:47:33 +0800] "GET /xingrg/css/table.css HTTP/1.1" 304 -
180.157.253.48 - - [01/Dec/2020:08:47:33 +0800] "GET /xingrg/javascript/jquery_easy_ui/themes/default/easyui.css HTTP/1.1" 304 -
180.157.253.48 - - [01/Dec/2020:08:47:33 +0800] "GET /xingrg/javascript/pic_change.js HTTP/1.1" 304 -
180.157.253.48 - - [01/Dec/2020:08:47:33 +0800] "GET /xingrg/javascript/jquery_easy_ui/themes/icon.css HTTP/1.1" 304 -
180.157.253.48 - - [01/Dec/2020:08:47:33 +0800] "GET /xingrg/kc/base/check_order_info.html?code=452020113000308 HTTP/1.1" 200 26440
180.157.253.48 - - [01/Dec/2020:08:47:33 +0800] "GET /xingrg/javascript/AjaxInfoList.js HTTP/1.1" 304 -
180.157.253.48 - - [01/Dec/2020:08:47:33 +0800] "GET /xingrg/dwr/util.js HTTP/1.1" 304 -
180.157.253.48 - - [01/Dec/2020:08:47:33 +0800] "GET /xingrg/javascript/jquery-1.4.2.min.js HTTP/1.1" 304 -
180.157.253.48 - - [01/Dec/2020:08:47:33 +0800] "GET /xingrg/javascript/myfunction.js HTTP/1.1" 304 -
180.157.253.48 - - [01/Dec/2020:08:47:33 +0800] "GET /xingrg/javascript/Calendar.js HTTP/1.1" 304 -
180.157.253.48 - - [01/Dec/2020:08:47:33 +0800] "GET /xingrg/javascript/jquery.utils.js HTTP/1.1" 304 -
180.157.253.48 - - [01/Dec/2020:08:47:33 +0800] "GET /xingrg/javascript/print/kc_print.js HTTP/1.1" 304 -
180.157.253.48 - - [01/Dec/2020:08:47:33 +0800] "GET /xingrg/javascript/print/LodopFuncs.js HTTP/1.1" 304 -
180.157.253.48 - - [01/Dec/2020:08:47:33 +0800] "GET /xingrg/javascript/jquery_easy_ui/jquery.easyui.min.js HTTP/1.1" 304 -
180.157.253.48 - - [01/Dec/2020:08:47:33 +0800] "GET /xingrg/javascript/convert.js HTTP/1.1" 304 -
180.157.253.48 - - [01/Dec/2020:08:47:33 +0800] "GET /xingrg/dwr/interface/AjaxCheckService.js HTTP/1.1" 200 14003
180.157.253.48 - - [01/Dec/2020:08:47:33 +0800] "GET /xingrg/dwr/interface/AjaxComOrderService.js HTTP/1.1" 200 18264
180.157.253.48 - - [01/Dec/2020:08:47:33 +0800] "GET /xingrg/dwr/engine.js HTTP/1.1" 200 43631
180.157.253.48 - - [01/Dec/2020:08:47:33 +0800] "GET /xingrg/javascript/jquery_easy_ui/themes/icons/check_new.png HTTP/1.1" 304 -
180.157.253.48 - - [01/Dec/2020:08:47:33 +0800] "GET /xingrg/javascript/jquery_easy_ui/themes/icons/cance_new.png HTTP/1.1" 304 -
180.157.253.48 - - [01/Dec/2020:08:47:33 +0800] "GET /xingrg/javascript/jquery_easy_ui/themes/icons/print.png HTTP/1.1" 304 -
180.157.253.48 - - [01/Dec/2020:08:47:33 +0800] "GET /xingrg/javascript/jquery_easy_ui/themes/default/images/menu_downarrow.png HTTP/1.1" 304 -
180.157.253.48 - - [01/Dec/2020:08:47:33 +0800] "GET /xingrg/javascript/jquery_easy_ui/themes/icons/back_new.png HTTP/1.1" 304 -
180.157.253.48 - - [01/Dec/2020:08:47:33 +0800] "POST /xingrg/dwr/call/plaincall/AjaxCheckService.loadOrderItems.dwr HTTP/1.1" 200 2360
116.228.172.94 - - [01/Dec/2020:08:47:35 +0800] "POST /xingrg/dwr/call/plaincall/AjaxCheckService.saveOrder.dwr HTTP/1.1" 200 79
120.253.135.82 - - [01/Dec/2020:08:47:36 +0800] "GET /xingrg/all/function/internal_message.html?_=1606783769306&CODE_STATE=getMsg HTTP/1.1" 200 27
180.157.253.48 - - [01/Dec/2020:08:47:36 +0800] "GET /xingrg/javascript/jquery_easy_ui/themes/default/images/button_plain_hover.png HTTP/1.1" 304 -
116.228.172.94 - - [01/Dec/2020:08:47:36 +0800] "POST /xingrg/dwr/call/plaincall/AjaxCheckService.loadOrderItems.dwr HTTP/1.1" 200 60819
180.174.56.115 - - [01/Dec/2020:08:47:37 +0800] "GET /xingrg/kc/buy/cgsh_order_operate.html?command=get_materiel&rest_code=00151&code=00101020152&supplier_code=00100007&order_time=2020-12-01 HTTP/1.1" 200 416
180.162.223.42 - - [01/Dec/2020:08:47:38 +0800] "GET /xingrg/kc/buy/cgsh_order_operate.html?command=get_materiel&rest_code=00105&code=00101006184&supplier_code=00100013&order_time=2020-12-01 HTTP/1.1" 200 408
116.228.172.94 - - [01/Dec/2020:08:47:41 +0800] "POST /xingrg/dwr/call/plaincall/AjaxCheckService.checkOrder.dwr HTTP/1.1" 200 79
180.174.56.115 - - [01/Dec/2020:08:47:42 +0800] "GET /xingrg/kc/buy/cgsh_order_operate.html?command=get_materiel&rest_code=00151&code=00101008350&supplier_code=00100007&order_time=2020-12-01 HTTP/1.1" 200 408
116.228.172.94 - - [01/Dec/2020:08:47:42 +0800] "GET /xingrg/kc/base/check_order_info.html?code=452020113000353 HTTP/1.1" 200 22862
180.157.253.48 - - [01/Dec/2020:08:47:42 +0800] "GET /xingrg/javascript/jquery_easy_ui/themes/default/images/button_plain_hover.png HTTP/1.1" 304 -
116.228.172.94 - - [01/Dec/2020:08:47:42 +0800] "GET /xingrg/dwr/interface/AjaxComOrderService.js HTTP/1.1" 200 18264
116.228.172.94 - - [01/Dec/2020:08:47:42 +0800] "GET /xingrg/dwr/interface/AjaxCheckService.js HTTP/1.1" 200 14003
180.157.253.48 - - [01/Dec/2020:08:47:42 +0800] "GET /xingrg/javascript/jquery_easy_ui/themes/default/images/button_plain_hover.png HTTP/1.1" 304 -
116.228.172.94 - - [01/Dec/2020:08:47:42 +0800] "GET /xingrg/dwr/engine.js HTTP/1.1" 200 43631
116.228.172.94 - - [01/Dec/2020:08:47:42 +0800] "POST /xingrg/dwr/call/plaincall/AjaxCheckService.loadOrderItems.dwr HTTP/1.1" 200 28752
180.157.253.48 - - [01/Dec/2020:08:47:43 +0800] "GET /xingrg/kc/base/check_order_list.html?isBack=1 HTTP/1.1" 200 16549
180.157.253.48 - - [01/Dec/2020:08:47:43 +0800] "GET /xingrg/css/base.css HTTP/1.1" 304 -
180.157.253.48 - - [01/Dec/2020:08:47:43 +0800] "GET /xingrg/css/site.css HTTP/1.1" 304 -
180.157.253.48 - - [01/Dec/2020:08:47:43 +0800] "GET /xingrg/javascript/jquery_tools/datebox.css HTTP/1.1" 304 -
180.157.253.48 - - [01/Dec/2020:08:47:43 +0800] "GET /xingrg/javascript/easyui/themes/icon.css HTTP/1.1" 304 -
180.157.253.48 - - [01/Dec/2020:08:47:43 +0800] "GET /xingrg/javascript/easyui/themes/default/easyui.css HTTP/1.1" 304 -
180.157.253.48 - - [01/Dec/2020:08:47:43 +0800] "GET /xingrg/javascript/auto/jquery.autocomplete.css HTTP/1.1" 304 -
180.157.253.48 - - [01/Dec/2020:08:47:43 +0800] "GET /xingrg/javascript/jquery_tools/jquery.tools.min.js HTTP/1.1" 304 -
180.157.253.48 - - [01/Dec/2020:08:47:43 +0800] "GET /xingrg/javascript/jquery_tools/fix.css HTTP/1.1" 304 -
180.157.253.48 - - [01/Dec/2020:08:47:43 +0800] "GET /xingrg/javascript/jquery_tools/table.css HTTP/1.1" 304 -
180.157.253.48 - - [01/Dec/2020:08:47:43 +0800] "GET /xingrg/javascript/jquery_tools/jquery.tools.table.js HTTP/1.1" 304 -
180.157.253.48 - - [01/Dec/2020:08:47:43 +0800] "GET /xingrg/javascript/jquery_tools/jquery.tools.extend.js HTTP/1.1" 304 -
180.157.253.48 - - [01/Dec/2020:08:47:43 +0800] "GET /xingrg/javascript/jquery_tools/jquery.tools.hotkey.js HTTP/1.1" 304 -
180.157.253.48 - - [01/Dec/2020:08:47:43 +0800] "GET /xingrg/javascript/auto/jquery.autocomplete.js HTTP/1.1" 304 -
180.157.253.48 - - [01/Dec/2020:08:47:43 +0800] "GET /xingrg/javascript/jquery_tools/list_manager.js HTTP/1.1" 304 -
180.157.253.48 - - [01/Dec/2020:08:47:43 +0800] "GET /xingrg/javascript/easyui/easyloader.js HTTP/1.1" 304 -
180.157.253.48 - - [01/Dec/2020:08:47:43 +0800] "GET /xingrg/javascript/jquery.utils.js HTTP/1.1" 304 -
180.157.253.48 - - [01/Dec/2020:08:47:43 +0800] "GET /xingrg/javascript/jquery.cookie.js HTTP/1.1" 304 -
180.157.253.48 - - [01/Dec/2020:08:47:43 +0800] "GET /xingrg/javascript/easyui/plugins/jquery.parser.js HTTP/1.1" 304 -
180.157.253.48 - - [01/Dec/2020:08:47:43 +0800] "POST /xingrg/kc/base/check_list_operate.html HTTP/1.1" 200 2568
180.157.253.48 - - [01/Dec/2020:08:47:43 +0800] "GET /xingrg/javascript/easyui/themes/default/images/button_plain_hover.png HTTP/1.1" 304 -
180.157.253.48 - - [01/Dec/2020:08:47:43 +0800] "GET /xingrg/javascript/easyui/themes/default/images/button_plain_hover.png HTTP/1.1" 304 -
180.157.253.48 - - [01/Dec/2020:08:47:43 +0800] "GET /xingrg/javascript/easyui/themes/default/images/button_plain_hover.png HTTP/1.1" 304 -
116.228.172.94 - - [01/Dec/2020:08:47:44 +0800] "GET /xingrg/kc/base/check_order_list.html?isBack=1 HTTP/1.1" 200 16549
116.228.172.94 - - [01/Dec/2020:08:47:44 +0800] "POST /xingrg/kc/base/check_list_operate.html HTTP/1.1" 200 4676
222.69.137.116 - - [01/Dec/2020:08:47:45 +0800] "GET /xingrg/kc/buy/cgsh_order_operate.html?command=get_materiel&rest_code=00149&code=00101029022&supplier_code=00100019&order_time=2020-12-01 HTTP/1.1" 200 472
117.184.7.26 - - [01/Dec/2020:08:47:45 +0800] "GET /xingrg/all/function/internal_message.html?_=1606783663404&CODE_STATE=getMsg HTTP/1.1" 200 27
180.157.253.48 - - [01/Dec/2020:08:47:45 +0800] "GET /xingrg/css/blue.css HTTP/1.1" 304 -
180.157.253.48 - - [01/Dec/2020:08:47:45 +0800] "GET /xingrg/css/table.css HTTP/1.1" 304 -
180.157.253.48 - - [01/Dec/2020:08:47:45 +0800] "GET /xingrg/javascript/jquery_easy_ui/themes/default/easyui.css HTTP/1.1" 304 -
180.157.253.48 - - [01/Dec/2020:08:47:45 +0800] "GET /xingrg/javascript/pic_change.js HTTP/1.1" 304 -
180.157.253.48 - - [01/Dec/2020:08:47:45 +0800] "GET /xingrg/javascript/jquery_easy_ui/themes/icon.css HTTP/1.1" 304 -
180.157.253.48 - - [01/Dec/2020:08:47:45 +0800] "GET /xingrg/dwr/util.js HTTP/1.1" 304 -
180.157.253.48 - - [01/Dec/2020:08:47:45 +0800] "GET /xingrg/kc/base/check_order_info.html?code=452020113000308 HTTP/1.1" 200 26440
180.157.253.48 - - [01/Dec/2020:08:47:45 +0800] "GET /xingrg/javascript/AjaxInfoList.js HTTP/1.1" 304 -
180.157.253.48 - - [01/Dec/2020:08:47:45 +0800] "GET /xingrg/javascript/Calendar.js HTTP/1.1" 304 -
180.157.253.48 - - [01/Dec/2020:08:47:45 +0800] "GET /xingrg/javascript/jquery-1.4.2.min.js HTTP/1.1" 304 -
180.157.253.48 - - [01/Dec/2020:08:47:45 +0800] "GET /xingrg/javascript/myfunction.js HTTP/1.1" 304 -
180.157.253.48 - - [01/Dec/2020:08:47:45 +0800] "GET /xingrg/javascript/jquery_easy_ui/jquery.easyui.min.js HTTP/1.1" 304 -
180.157.253.48 - - [01/Dec/2020:08:47:45 +0800] "GET /xingrg/dwr/interface/AjaxCheckService.js HTTP/1.1" 200 14003
180.157.253.48 - - [01/Dec/2020:08:47:45 +0800] "GET /xingrg/javascript/jquery.utils.js HTTP/1.1" 304 -
180.157.253.48 - - [01/Dec/2020:08:47:45 +0800] "GET /xingrg/dwr/interface/AjaxComOrderService.js HTTP/1.1" 200 18264
180.157.253.48 - - [01/Dec/2020:08:47:45 +0800] "GET /xingrg/javascript/convert.js HTTP/1.1" 304 -
180.157.253.48 - - [01/Dec/2020:08:47:45 +0800] "GET /xingrg/javascript/print/kc_print.js HTTP/1.1" 304 -
180.157.253.48 - - [01/Dec/2020:08:47:45 +0800] "GET /xingrg/javascript/print/LodopFuncs.js HTTP/1.1" 304 -
180.157.253.48 - - [01/Dec/2020:08:47:45 +0800] "GET /xingrg/dwr/engine.js HTTP/1.1" 200 43631
180.157.253.48 - - [01/Dec/2020:08:47:45 +0800] "GET /xingrg/javascript/jquery_easy_ui/themes/icons/cance_new.png HTTP/1.1" 304 -
180.157.253.48 - - [01/Dec/2020:08:47:45 +0800] "GET /xingrg/javascript/jquery_easy_ui/themes/icons/check_new.png HTTP/1.1" 304 -
180.157.253.48 - - [01/Dec/2020:08:47:45 +0800] "GET /xingrg/javascript/jquery_easy_ui/themes/icons/print.png HTTP/1.1" 304 -
180.157.253.48 - - [01/Dec/2020:08:47:45 +0800] "GET /xingrg/javascript/jquery_easy_ui/themes/default/images/menu_downarrow.png HTTP/1.1" 304 -
180.157.253.48 - - [01/Dec/2020:08:47:45 +0800] "GET /xingrg/javascript/jquery_easy_ui/themes/icons/back_new.png HTTP/1.1" 304 -
114.84.37.38 - - [01/Dec/2020:08:47:45 +0800] "POST /xingrg/dwr/call/plaincall/AjaxCheckService.setItemNumber.dwr HTTP/1.1" 200 77
180.157.253.48 - - [01/Dec/2020:08:47:45 +0800] "POST /xingrg/dwr/call/plaincall/AjaxCheckService.loadOrderItems.dwr HTTP/1.1" 200 2360
180.157.253.48 - - [01/Dec/2020:08:47:45 +0800] "GET /xingrg/javascript/jquery_easy_ui/themes/icons/no.png HTTP/1.1" 304 -
114.84.37.38 - - [01/Dec/2020:08:47:47 +0800] "GET /xingrg/all/function/internal_message.html?_=1606783672465&CODE_STATE=getMsg HTTP/1.1" 200 27
116.228.172.94 - - [01/Dec/2020:08:47:48 +0800] "GET /xingrg/kc/base/check_order_info.html?code=452020113000358 HTTP/1.1" 200 26473
116.228.172.94 - - [01/Dec/2020:08:47:48 +0800] "GET /xingrg/dwr/interface/AjaxComOrderService.js HTTP/1.1" 200 18264
116.228.172.94 - - [01/Dec/2020:08:47:48 +0800] "GET /xingrg/dwr/interface/AjaxCheckService.js HTTP/1.1" 200 14003
116.228.172.94 - - [01/Dec/2020:08:47:48 +0800] "GET /xingrg/dwr/engine.js HTTP/1.1" 200 43631
116.228.172.94 - - [01/Dec/2020:08:47:48 +0800] "POST /xingrg/dwr/call/plaincall/AjaxCheckService.loadOrderItems.dwr HTTP/1.1" 200 4178
180.162.223.42 - - [01/Dec/2020:08:47:48 +0800] "GET /xingrg/all/function/internal_message.html?_=1606783670136&CODE_STATE=getMsg HTTP/1.1" 200 27
180.174.56.115 - - [01/Dec/2020:08:47:50 +0800] "GET /xingrg/kc/buy/cgsh_order_operate.html?command=get_materiel&rest_code=00151&code=00101008450&supplier_code=00100007&order_time=2020-12-01 HTTP/1.1" 200 391
114.84.37.38 - - [01/Dec/2020:08:47:50 +0800] "POST /xingrg/dwr/call/plaincall/AjaxCheckService.setItemNumber.dwr HTTP/1.1" 200 77
58.40.7.146 - - [01/Dec/2020:08:47:51 +0800] "GET /xingrg/all/function/internal_message.html?_=1606783670202&CODE_STATE=getMsg HTTP/1.1" 200 27
116.224.233.8 - - [01/Dec/2020:08:47:51 +0800] "GET /xingrg/check_reg.html?_=1606783670049 HTTP/1.1" 200 22
116.224.233.8 - - [01/Dec/2020:08:47:51 +0800] "GET /xingrg/all/function/internal_message.html?_=1606783670050&CODE_STATE=getMsg HTTP/1.1" 200 27
116.228.172.94 - - [01/Dec/2020:08:47:51 +0800] "POST /xingrg/dwr/call/plaincall/AjaxCheckService.setItemNumber.dwr HTTP/1.1" 200 76
116.228.172.94 - - [01/Dec/2020:08:47:52 +0800] "POST /xingrg/dwr/call/plaincall/AjaxCheckService.setItemNumber.dwr HTTP/1.1" 200 76
116.228.172.94 - - [01/Dec/2020:08:47:52 +0800] "POST /xingrg/dwr/call/plaincall/AjaxCheckService.setItemNumber.dwr HTTP/1.1" 200 76
114.88.175.227 - - [01/Dec/2020:08:47:53 +0800] "GET /xingrg/all/function/internal_message.html?_=1606783793659&CODE_STATE=getMsg HTTP/1.1" 200 27
116.228.172.94 - - [01/Dec/2020:08:47:53 +0800] "POST /xingrg/dwr/call/plaincall/AjaxCheckService.setItemNumber.dwr HTTP/1.1" 200 76
114.84.37.38 - - [01/Dec/2020:08:47:53 +0800] "POST /xingrg/dwr/call/plaincall/AjaxCheckService.setItemNumber.dwr HTTP/1.1" 200 77
114.84.37.38 - - [01/Dec/2020:08:47:54 +0800] "POST /xingrg/dwr/call/plaincall/AjaxCheckService.setItemNumber.dwr HTTP/1.1" 200 77
116.228.172.94 - - [01/Dec/2020:08:47:54 +0800] "POST /xingrg/dwr/call/plaincall/AjaxCheckService.setItemNumber.dwr HTTP/1.1" 200 76
116.228.172.94 - - [01/Dec/2020:08:47:55 +0800] "POST /xingrg/dwr/call/plaincall/AjaxCheckService.setItemNumber.dwr HTTP/1.1" 200 76
114.84.37.38 - - [01/Dec/2020:08:47:55 +0800] "POST /xingrg/dwr/call/plaincall/AjaxCheckService.setItemNumber.dwr HTTP/1.1" 200 77
114.84.37.38 - - [01/Dec/2020:08:47:56 +0800] "POST /xingrg/dwr/call/plaincall/AjaxCheckService.setItemNumber.dwr HTTP/1.1" 200 77
116.228.172.94 - - [01/Dec/2020:08:47:58 +0800] "POST /xingrg/dwr/call/plaincall/AjaxCheckService.saveOrder.dwr HTTP/1.1" 200 78
180.162.223.42 - - [01/Dec/2020:08:47:58 +0800] "GET /xingrg/kc/buy/cgsh_order_operate.html?command=get_materiel&rest_code=00105&code=00101006195&supplier_code=00100013&order_time=2020-12-01 HTTP/1.1" 200 409
120.253.135.82 - - [01/Dec/2020:08:47:58 +0800] "GET /xingrg/all/function/internal_message.html?_=1606783427471&CODE_STATE=getMsg HTTP/1.1" 200 27
114.84.37.38 - - [01/Dec/2020:08:47:58 +0800] "POST /xingrg/dwr/call/plaincall/AjaxCheckService.setItemNumber.dwr HTTP/1.1" 200 77
114.84.37.38 - - [01/Dec/2020:08:47:59 +0800] "POST /xingrg/dwr/call/plaincall/AjaxCheckService.setItemNumber.dwr HTTP/1.1" 200 77
116.228.172.94 - - [01/Dec/2020:08:47:59 +0800] "POST /xingrg/dwr/call/plaincall/AjaxCheckService.loadOrderItems.dwr HTTP/1.1" 200 4184
114.88.159.147 - - [01/Dec/2020:08:47:59 +0800] "GET /xingrg/all/function/internal_message.html?_=1606783683106&CODE_STATE=getMsg HTTP/1.1" 200 27
114.84.37.38 - - [01/Dec/2020:08:48:00 +0800] "POST /xingrg/dwr/call/plaincall/AjaxCheckService.setItemNumber.dwr HTTP/1.1" 200 77
222.69.137.116 - - [01/Dec/2020:08:48:00 +0800] "GET /xingrg/all/function/internal_message.html?_=1606783679256&CODE_STATE=getMsg HTTP/1.1" 200 27
114.84.37.38 - - [01/Dec/2020:08:48:01 +0800] "POST /xingrg/dwr/call/plaincall/AjaxCheckService.setItemNumber.dwr HTTP/1.1" 200 77
114.84.37.38 - - [01/Dec/2020:08:48:02 +0800] "POST /xingrg/dwr/call/plaincall/AjaxCheckService.setItemNumber.dwr HTTP/1.1" 200 77
116.228.172.94 - - [01/Dec/2020:08:48:03 +0800] "POST /xingrg/dwr/call/plaincall/AjaxCheckService.checkOrder.dwr HTTP/1.1" 200 78
114.84.37.38 - - [01/Dec/2020:08:48:03 +0800] "POST /xingrg/dwr/call/plaincall/AjaxCheckService.setItemNumber.dwr HTTP/1.1" 200 77
116.228.172.94 - - [01/Dec/2020:08:48:03 +0800] "GET /xingrg/kc/base/check_order_info.html?code=452020113000358 HTTP/1.1" 200 22862
116.228.172.94 - - [01/Dec/2020:08:48:03 +0800] "GET /xingrg/dwr/interface/AjaxComOrderService.js HTTP/1.1" 200 18264
116.228.172.94 - - [01/Dec/2020:08:48:03 +0800] "GET /xingrg/dwr/interface/AjaxCheckService.js HTTP/1.1" 200 14003
116.228.172.94 - - [01/Dec/2020:08:48:03 +0800] "GET /xingrg/dwr/engine.js HTTP/1.1" 200 43631
114.84.37.38 - - [01/Dec/2020:08:48:04 +0800] "POST /xingrg/dwr/call/plaincall/AjaxCheckService.setItemNumber.dwr HTTP/1.1" 200 77
116.228.172.94 - - [01/Dec/2020:08:48:04 +0800] "POST /xingrg/dwr/call/plaincall/AjaxCheckService.loadOrderItems.dwr HTTP/1.1" 200 2048
114.84.37.38 - - [01/Dec/2020:08:48:05 +0800] "POST /xingrg/dwr/call/plaincall/AjaxCheckService.setItemNumber.dwr HTTP/1.1" 200 77
116.228.172.94 - - [01/Dec/2020:08:48:05 +0800] "GET /xingrg/kc/base/check_order_list.html?isBack=1 HTTP/1.1" 200 16549
116.228.172.94 - - [01/Dec/2020:08:48:05 +0800] "POST /xingrg/kc/base/check_list_operate.html HTTP/1.1" 200 4673
114.84.37.38 - - [01/Dec/2020:08:48:06 +0800] "POST /xingrg/dwr/call/plaincall/AjaxCheckService.setItemNumber.dwr HTTP/1.1" 200 77
114.84.37.38 - - [01/Dec/2020:08:48:07 +0800] "POST /xingrg/dwr/call/plaincall/AjaxCheckService.setItemNumber.dwr HTTP/1.1" 200 77
116.228.172.94 - - [01/Dec/2020:08:48:09 +0800] "GET /xingrg/kc/base/check_order_info.html?code=452020113000357 HTTP/1.1" 200 26473
116.228.172.94 - - [01/Dec/2020:08:48:09 +0800] "GET /xingrg/dwr/interface/AjaxComOrderService.js HTTP/1.1" 200 18264
116.228.172.94 - - [01/Dec/2020:08:48:09 +0800] "GET /xingrg/dwr/interface/AjaxCheckService.js HTTP/1.1" 200 14003
114.84.37.38 - - [01/Dec/2020:08:48:09 +0800] "POST /xingrg/dwr/call/plaincall/AjaxCheckService.setItemNumber.dwr HTTP/1.1" 200 77
116.228.172.94 - - [01/Dec/2020:08:48:09 +0800] "GET /xingrg/dwr/engine.js HTTP/1.1" 200 43631
180.174.56.115 - - [01/Dec/2020:08:48:09 +0800] "GET /xingrg/all/function/internal_message.html?_=1606783689527&CODE_STATE=getMsg HTTP/1.1" 200 27
222.69.133.109 - - [01/Dec/2020:08:48:09 +0800] "GET /xingrg/check_reg.html?_=1606783689527 HTTP/1.1" 200 22
180.174.56.115 - - [01/Dec/2020:08:48:09 +0800] "GET /xingrg/kc/buy/cgsh_order_operate.html?command=get_materiel&rest_code=00151&code=00101008355&supplier_code=00100007&order_time=2020-12-01 HTTP/1.1" 200 408
116.228.172.94 - - [01/Dec/2020:08:48:10 +0800] "POST /xingrg/dwr/call/plaincall/AjaxCheckService.loadOrderItems.dwr HTTP/1.1" 200 1651
114.84.37.38 - - [01/Dec/2020:08:48:10 +0800] "POST /xingrg/dwr/call/plaincall/AjaxCheckService.setItemNumber.dwr HTTP/1.1" 200 77
222.69.137.116 - - [01/Dec/2020:08:48:10 +0800] "GET /xingrg/kc/buy/cgsh_order_operate.html?command=get_materiel&rest_code=00149&code=00101029023&supplier_code=00100019&order_time=2020-12-01 HTTP/1.1" 200 477
114.84.37.38 - - [01/Dec/2020:08:48:11 +0800] "POST /xingrg/dwr/call/plaincall/AjaxCheckService.setItemNumber.dwr HTTP/1.1" 200 77
114.84.37.38 - - [01/Dec/2020:08:48:12 +0800] "POST /xingrg/dwr/call/plaincall/AjaxCheckService.setItemNumber.dwr HTTP/1.1" 200 77
116.228.172.94 - - [01/Dec/2020:08:48:13 +0800] "POST /xingrg/dwr/call/plaincall/AjaxCheckService.setItemNumber.dwr HTTP/1.1" 200 76
120.253.135.82 - - [01/Dec/2020:08:48:13 +0800] "GET /xingrg/all/function/internal_message.html?_=1606783737897&CODE_STATE=getMsg HTTP/1.1" 200 27
114.84.37.38 - - [01/Dec/2020:08:48:14 +0800] "POST /xingrg/dwr/call/plaincall/AjaxCheckService.setItemNumber.dwr HTTP/1.1" 200 77
116.228.172.94 - - [01/Dec/2020:08:48:14 +0800] "POST /xingrg/dwr/call/plaincall/AjaxCheckService.setItemNumber.dwr HTTP/1.1" 200 76
180.174.56.115 - - [01/Dec/2020:08:48:15 +0800] "GET /xingrg/kc/buy/cgsh_order_operate.html?command=get_materiel&rest_code=00151&code=00101008261&supplier_code=00100007&order_time=2020-12-01 HTTP/1.1" 200 408
114.84.37.38 - - [01/Dec/2020:08:48:16 +0800] "POST /xingrg/dwr/call/plaincall/AjaxCheckService.setItemNumber.dwr HTTP/1.1" 200 77
114.84.37.38 - - [01/Dec/2020:08:48:17 +0800] "POST /xingrg/dwr/call/plaincall/AjaxCheckService.setItemNumber.dwr HTTP/1.1" 200 77
116.228.172.94 - - [01/Dec/2020:08:48:18 +0800] "POST /xingrg/dwr/call/plaincall/AjaxCheckService.saveOrder.dwr HTTP/1.1" 200 78
116.228.172.94 - - [01/Dec/2020:08:48:19 +0800] "POST /xingrg/dwr/call/plaincall/AjaxCheckService.loadOrderItems.dwr HTTP/1.1" 200 1653
180.174.56.115 - - [01/Dec/2020:08:48:20 +0800] "GET /xingrg/kc/buy/cgsh_order_operate.html?command=get_materiel&rest_code=00151&code=00101008300&supplier_code=00100007&order_time=2020-12-01 HTTP/1.1" 200 412
114.84.37.38 - - [01/Dec/2020:08:48:21 +0800] "POST /xingrg/dwr/call/plaincall/AjaxCheckService.setItemNumber.dwr HTTP/1.1" 200 77
116.228.172.94 - - [01/Dec/2020:08:48:21 +0800] "GET /xingrg/all/function/internal_message.html?_=1606783699407&CODE_STATE=getMsg HTTP/1.1" 200 27
114.88.175.227 - - [01/Dec/2020:08:48:22 +0800] "GET /xingrg/all/function/internal_message.html?_=1606783698791&CODE_STATE=getMsg HTTP/1.1" 200 27
116.228.172.94 - - [01/Dec/2020:08:48:22 +0800] "POST /xingrg/dwr/call/plaincall/AjaxCheckService.checkOrder.dwr HTTP/1.1" 200 78
114.84.37.38 - - [01/Dec/2020:08:48:22 +0800] "POST /xingrg/dwr/call/plaincall/AjaxCheckService.setItemNumber.dwr HTTP/1.1" 200 77
116.228.172.94 - - [01/Dec/2020:08:48:23 +0800] "GET /xingrg/kc/base/check_order_info.html?code=452020113000357 HTTP/1.1" 200 22858
116.228.172.94 - - [01/Dec/2020:08:48:23 +0800] "GET /xingrg/dwr/interface/AjaxComOrderService.js HTTP/1.1" 200 18264
116.228.172.94 - - [01/Dec/2020:08:48:23 +0800] "GET /xingrg/dwr/interface/AjaxCheckService.js HTTP/1.1" 200 14003
116.228.172.94 - - [01/Dec/2020:08:48:23 +0800] "GET /xingrg/dwr/engine.js HTTP/1.1" 200 43631
114.84.37.38 - - [01/Dec/2020:08:48:23 +0800] "POST /xingrg/dwr/call/plaincall/AjaxCheckService.setItemNumber.dwr HTTP/1.1" 200 77
116.228.172.94 - - [01/Dec/2020:08:48:23 +0800] "POST /xingrg/dwr/call/plaincall/AjaxCheckService.loadOrderItems.dwr HTTP/1.1" 200 941
114.84.37.38 - - [01/Dec/2020:08:48:24 +0800] "POST /xingrg/dwr/call/plaincall/AjaxCheckService.setItemNumber.dwr HTTP/1.1" 200 77
116.228.172.94 - - [01/Dec/2020:08:48:25 +0800] "GET /xingrg/kc/base/check_order_list.html?isBack=1 HTTP/1.1" 200 16549
116.228.172.94 - - [01/Dec/2020:08:48:25 +0800] "POST /xingrg/kc/base/check_list_operate.html HTTP/1.1" 200 4486
114.84.37.38 - - [01/Dec/2020:08:48:25 +0800] "POST /xingrg/dwr/call/plaincall/AjaxCheckService.setItemNumber.dwr HTTP/1.1" 200 77
180.157.253.48 - - [01/Dec/2020:08:48:26 +0800] "GET /xingrg/all/function/internal_message.html?_=1606783707787&CODE_STATE=getMsg HTTP/1.1" 200 27
180.174.56.115 - - [01/Dec/2020:08:48:26 +0800] "GET /xingrg/kc/buy/cgsh_order_operate.html?command=get_materiel&rest_code=00151&code=00101008356&supplier_code=00100007&order_time=2020-12-01 HTTP/1.1" 200 408
114.84.37.38 - - [01/Dec/2020:08:48:26 +0800] "POST /xingrg/dwr/call/plaincall/AjaxCheckService.setItemNumber.dwr HTTP/1.1" 200 77
114.84.37.38 - - [01/Dec/2020:08:48:27 +0800] "POST /xingrg/dwr/call/plaincall/AjaxCheckService.setItemNumber.dwr HTTP/1.1" 200 77
114.84.37.38 - - [01/Dec/2020:08:48:28 +0800] "POST /xingrg/dwr/call/plaincall/AjaxCheckService.setItemNumber.dwr HTTP/1.1" 200 77
180.174.56.115 - - [01/Dec/2020:08:48:30 +0800] "GET /xingrg/kc/buy/cgsh_order_operate.html?command=get_materiel&rest_code=00151&code=00101008286&supplier_code=00100007&order_time=2020-12-01 HTTP/1.1" 200 408
114.84.37.38 - - [01/Dec/2020:08:48:30 +0800] "POST /xingrg/dwr/call/plaincall/AjaxCheckService.setItemNumber.dwr HTTP/1.1" 200 77
114.84.37.38 - - [01/Dec/2020:08:48:32 +0800] "POST /xingrg/dwr/call/plaincall/AjaxCheckService.setItemNumber.dwr HTTP/1.1" 200 77
116.228.172.94 - - [01/Dec/2020:08:48:32 +0800] "GET /xingrg/kc/base/check_order_info.html?code=452020113000356 HTTP/1.1" 200 26473
116.228.172.94 - - [01/Dec/2020:08:48:32 +0800] "GET /xingrg/dwr/interface/AjaxComOrderService.js HTTP/1.1" 200 18264
116.228.172.94 - - [01/Dec/2020:08:48:32 +0800] "GET /xingrg/dwr/interface/AjaxCheckService.js HTTP/1.1" 200 14003
116.228.172.94 - - [01/Dec/2020:08:48:32 +0800] "GET /xingrg/dwr/engine.js HTTP/1.1" 200 43631
116.228.172.94 - - [01/Dec/2020:08:48:33 +0800] "POST /xingrg/dwr/call/plaincall/AjaxCheckService.loadOrderItems.dwr HTTP/1.1" 200 20332
114.84.37.38 - - [01/Dec/2020:08:48:33 +0800] "POST /xingrg/dwr/call/plaincall/AjaxCheckService.setItemNumber.dwr HTTP/1.1" 200 77
116.228.172.94 - - [01/Dec/2020:08:48:35 +0800] "POST /xingrg/dwr/call/plaincall/AjaxCheckService.setItemNumber.dwr HTTP/1.1" 200 76
116.228.172.94 - - [01/Dec/2020:08:48:35 +0800] "POST /xingrg/dwr/call/plaincall/AjaxCheckService.setItemNumber.dwr HTTP/1.1" 200 76
120.253.135.82 - - [01/Dec/2020:08:48:36 +0800] "GET /xingrg/all/function/internal_message.html?_=1606783829308&CODE_STATE=getMsg HTTP/1.1" 200 27
114.84.37.38 - - [01/Dec/2020:08:48:36 +0800] "POST /xingrg/dwr/call/plaincall/AjaxCheckService.setItemNumber.dwr HTTP/1.1" 200 77
116.228.172.94 - - [01/Dec/2020:08:48:36 +0800] "POST /xingrg/dwr/call/plaincall/AjaxCheckService.setItemNumber.dwr HTTP/1.1" 200 76
116.228.172.94 - - [01/Dec/2020:08:48:37 +0800] "POST /xingrg/dwr/call/plaincall/AjaxCheckService.setItemNumber.dwr HTTP/1.1" 200 76
180.174.56.115 - - [01/Dec/2020:08:48:37 +0800] "GET /xingrg/kc/buy/cgsh_order_operate.html?command=get_materiel&rest_code=00151&code=00101012051&supplier_code=00100007&order_time=2020-12-01 HTTP/1.1" 200 408
114.84.37.38 - - [01/Dec/2020:08:48:37 +0800] "POST /xingrg/dwr/call/plaincall/AjaxCheckService.setItemNumber.dwr HTTP/1.1" 200 77
222.69.137.116 - - [01/Dec/2020:08:48:38 +0800] "GET /xingrg/kc/buy/cgsh_order_operate.html?command=get_materiel&rest_code=00149&code=00101029003&supplier_code=00100019&order_time=2020-12-01 HTTP/1.1" 200 475
116.228.172.94 - - [01/Dec/2020:08:48:38 +0800] "POST /xingrg/dwr/call/plaincall/AjaxCheckService.setItemNumber.dwr HTTP/1.1" 200 76
114.84.37.38 - - [01/Dec/2020:08:48:38 +0800] "POST /xingrg/dwr/call/plaincall/AjaxCheckService.setItemNumber.dwr HTTP/1.1" 200 77
116.228.172.94 - - [01/Dec/2020:08:48:39 +0800] "POST /xingrg/dwr/call/plaincall/AjaxCheckService.setItemNumber.dwr HTTP/1.1" 200 76
116.228.172.94 - - [01/Dec/2020:08:48:39 +0800] "POST /xingrg/dwr/call/plaincall/AjaxCheckService.setItemNumber.dwr HTTP/1.1" 200 76
116.228.172.94 - - [01/Dec/2020:08:48:40 +0800] "POST /xingrg/dwr/call/plaincall/AjaxCheckService.setItemNumber.dwr HTTP/1.1" 200 76
114.84.37.38 - - [01/Dec/2020:08:48:40 +0800] "POST /xingrg/dwr/call/plaincall/AjaxCheckService.setItemNumber.dwr HTTP/1.1" 200 77
116.228.172.94 - - [01/Dec/2020:08:48:41 +0800] "POST /xingrg/dwr/call/plaincall/AjaxCheckService.setItemNumber.dwr HTTP/1.1" 200 76
116.228.172.94 - - [01/Dec/2020:08:48:42 +0800] "POST /xingrg/dwr/call/plaincall/AjaxCheckService.setItemNumber.dwr HTTP/1.1" 200 77
114.84.37.38 - - [01/Dec/2020:08:48:42 +0800] "POST /xingrg/dwr/call/plaincall/AjaxCheckService.setItemNumber.dwr HTTP/1.1" 200 77
116.228.172.94 - - [01/Dec/2020:08:48:43 +0800] "POST /xingrg/dwr/call/plaincall/AjaxCheckService.setItemNumber.dwr HTTP/1.1" 200 77
114.84.37.38 - - [01/Dec/2020:08:48:43 +0800] "POST /xingrg/dwr/call/plaincall/AjaxCheckService.setItemNumber.dwr HTTP/1.1" 200 77
116.228.172.94 - - [01/Dec/2020:08:48:44 +0800] "POST /xingrg/dwr/call/plaincall/AjaxCheckService.setItemNumber.dwr HTTP/1.1" 200 77
114.84.37.38 - - [01/Dec/2020:08:48:44 +0800] "POST /xingrg/dwr/call/plaincall/AjaxCheckService.setItemNumber.dwr HTTP/1.1" 200 77
116.228.172.94 - - [01/Dec/2020:08:48:44 +0800] "POST /xingrg/dwr/call/plaincall/AjaxCheckService.setItemNumber.dwr HTTP/1.1" 200 77
117.184.7.26 - - [01/Dec/2020:08:48:45 +0800] "GET /xingrg/all/function/internal_message.html?_=1606783723391&CODE_STATE=getMsg HTTP/1.1" 200 27
114.84.37.38 - - [01/Dec/2020:08:48:45 +0800] "POST /xingrg/dwr/call/plaincall/AjaxCheckService.setItemNumber.dwr HTTP/1.1" 200 77
116.228.172.94 - - [01/Dec/2020:08:48:45 +0800] "POST /xingrg/dwr/call/plaincall/AjaxCheckService.setItemNumber.dwr HTTP/1.1" 200 77
114.84.37.38 - - [01/Dec/2020:08:48:46 +0800] "POST /xingrg/dwr/call/plaincall/AjaxCheckService.setItemNumber.dwr HTTP/1.1" 200 77
116.228.172.94 - - [01/Dec/2020:08:48:46 +0800] "POST /xingrg/dwr/call/plaincall/AjaxCheckService.setItemNumber.dwr HTTP/1.1" 200 77
114.84.37.38 - - [01/Dec/2020:08:48:47 +0800] "POST /xingrg/dwr/call/plaincall/AjaxCheckService.setItemNumber.dwr HTTP/1.1" 200 78
116.228.172.94 - - [01/Dec/2020:08:48:47 +0800] "POST /xingrg/dwr/call/plaincall/AjaxCheckService.setItemNumber.dwr HTTP/1.1" 200 77
114.84.37.38 - - [01/Dec/2020:08:48:48 +0800] "GET /xingrg/all/function/internal_message.html?_=1606783732629&CODE_STATE=getMsg HTTP/1.1" 200 27
116.228.172.94 - - [01/Dec/2020:08:48:48 +0800] "POST /xingrg/dwr/call/plaincall/AjaxCheckService.setItemNumber.dwr HTTP/1.1" 200 77
180.162.223.42 - - [01/Dec/2020:08:48:48 +0800] "GET /xingrg/all/function/internal_message.html?_=1606783730134&CODE_STATE=getMsg HTTP/1.1" 200 27
114.84.37.38 - - [01/Dec/2020:08:48:49 +0800] "POST /xingrg/dwr/call/plaincall/AjaxCheckService.setItemNumber.dwr HTTP/1.1" 200 78
116.228.172.94 - - [01/Dec/2020:08:48:49 +0800] "POST /xingrg/dwr/call/plaincall/AjaxCheckService.setItemNumber.dwr HTTP/1.1" 200 77
114.84.37.38 - - [01/Dec/2020:08:48:50 +0800] "POST /xingrg/dwr/call/plaincall/AjaxCheckService.setItemNumber.dwr HTTP/1.1" 200 78
116.228.172.94 - - [01/Dec/2020:08:48:50 +0800] "POST /xingrg/dwr/call/plaincall/AjaxCheckService.setItemNumber.dwr HTTP/1.1" 200 77
58.40.7.146 - - [01/Dec/2020:08:48:51 +0800] "GET /xingrg/all/function/internal_message.html?_=1606783730190&CODE_STATE=getMsg HTTP/1.1" 200 27
116.224.233.8 - - [01/Dec/2020:08:48:51 +0800] "GET /xingrg/all/function/internal_message.html?_=1606783730050&CODE_STATE=getMsg HTTP/1.1" 200 27
180.174.56.115 - - [01/Dec/2020:08:48:51 +0800] "GET /xingrg/kc/buy/cgsh_order_operate.html?command=get_materiel&rest_code=00151&code=00101008318&supplier_code=00100007&order_time=2020-12-01 HTTP/1.1" 200 408
114.84.37.38 - - [01/Dec/2020:08:48:51 +0800] "POST /xingrg/dwr/call/plaincall/AjaxCheckService.setItemNumber.dwr HTTP/1.1" 200 78
116.228.172.94 - - [01/Dec/2020:08:48:51 +0800] "POST /xingrg/dwr/call/plaincall/AjaxCheckService.setItemNumber.dwr HTTP/1.1" 200 77
114.84.37.38 - - [01/Dec/2020:08:48:52 +0800] "POST /xingrg/dwr/call/plaincall/AjaxCheckService.setItemNumber.dwr HTTP/1.1" 200 78
116.228.172.94 - - [01/Dec/2020:08:48:52 +0800] "POST /xingrg/dwr/call/plaincall/AjaxCheckService.setItemNumber.dwr HTTP/1.1" 200 77
114.88.175.227 - - [01/Dec/2020:08:48:53 +0800] "GET /xingrg/all/function/internal_message.html?_=1606783853660&CODE_STATE=getMsg HTTP/1.1" 200 27
180.174.56.115 - - [01/Dec/2020:08:48:53 +0800] "POST /xingrg/kc/buy/cgsh_order_operate.html HTTP/1.1" 200 2065
116.228.172.94 - - [01/Dec/2020:08:48:53 +0800] "POST /xingrg/dwr/call/plaincall/AjaxCheckService.setItemNumber.dwr HTTP/1.1" 200 77
114.84.37.38 - - [01/Dec/2020:08:48:53 +0800] "POST /xingrg/dwr/call/plaincall/AjaxCheckService.setItemNumber.dwr HTTP/1.1" 200 78
116.228.172.94 - - [01/Dec/2020:08:48:54 +0800] "POST /xingrg/dwr/call/plaincall/AjaxCheckService.setItemNumber.dwr HTTP/1.1" 200 77
114.84.37.38 - - [01/Dec/2020:08:48:54 +0800] "POST /xingrg/dwr/call/plaincall/AjaxCheckService.setItemNumber.dwr HTTP/1.1" 200 78
116.228.172.94 - - [01/Dec/2020:08:48:55 +0800] "POST /xingrg/dwr/call/plaincall/AjaxCheckService.setItemNumber.dwr HTTP/1.1" 200 77
101.91.60.11 - - [01/Dec/2020:08:48:55 +0800] "GET /xingrg/check_reg.html?_=1606783623106 HTTP/1.1" 302 -
114.84.37.38 - - [01/Dec/2020:08:48:56 +0800] "POST /xingrg/dwr/call/plaincall/AjaxCheckService.setItemNumber.dwr HTTP/1.1" 200 78
222.69.137.116 - - [01/Dec/2020:08:48:56 +0800] "GET /xingrg/kc/buy/cgsh_order_operate.html?command=get_materiel&rest_code=00149&code=00101029009&supplier_code=00100019&order_time=2020-12-01 HTTP/1.1" 200 479
116.228.172.94 - - [01/Dec/2020:08:48:56 +0800] "POST /xingrg/dwr/call/plaincall/AjaxCheckService.setItemNumber.dwr HTTP/1.1" 200 77
180.174.56.115 - - [01/Dec/2020:08:48:57 +0800] "GET /xingrg/kc/buy/cgsh_order_operate.html?command=get_materiel&rest_code=00151&code=00101016025&supplier_code=00100007&order_time=2020-12-01 HTTP/1.1" 200 408
116.228.172.94 - - [01/Dec/2020:08:48:57 +0800] "POST /xingrg/dwr/call/plaincall/AjaxCheckService.setItemNumber.dwr HTTP/1.1" 200 77
120.253.135.82 - - [01/Dec/2020:08:48:58 +0800] "GET /xingrg/all/function/internal_message.html?_=1606783487472&CODE_STATE=getMsg HTTP/1.1" 200 27
116.228.172.94 - - [01/Dec/2020:08:48:58 +0800] "POST /xingrg/dwr/call/plaincall/AjaxCheckService.setItemNumber.dwr HTTP/1.1" 200 77
114.88.159.147 - - [01/Dec/2020:08:48:59 +0800] "GET /xingrg/all/function/internal_message.html?_=1606783743103&CODE_STATE=getMsg HTTP/1.1" 200 27
116.228.172.94 - - [01/Dec/2020:08:48:59 +0800] "POST /xingrg/dwr/call/plaincall/AjaxCheckService.setItemNumber.dwr HTTP/1.1" 200 77
222.69.137.116 - - [01/Dec/2020:08:49:00 +0800] "GET /xingrg/check_reg.html?_=1606783739258 HTTP/1.1" 200 22
222.69.137.116 - - [01/Dec/2020:08:49:00 +0800] "GET /xingrg/all/function/internal_message.html?_=1606783739262&CODE_STATE=getMsg HTTP/1.1" 200 27
116.228.172.94 - - [01/Dec/2020:08:49:00 +0800] "POST /xingrg/dwr/call/plaincall/AjaxCheckService.setItemNumber.dwr HTTP/1.1" 200 77
101.91.60.11 - - [01/Dec/2020:08:49:00 +0800] "GET /xingrg/login.html HTTP/1.1" 200 7641
116.228.172.94 - - [01/Dec/2020:08:49:01 +0800] "POST /xingrg/dwr/call/plaincall/AjaxCheckService.setItemNumber.dwr HTTP/1.1" 200 77
180.174.56.115 - - [01/Dec/2020:08:49:03 +0800] "GET /xingrg/kc/buy/cgsh_order_operate.html?command=get_materiel&rest_code=00151&code=00101008288&supplier_code=00100007&order_time=2020-12-01 HTTP/1.1" 200 408
114.84.37.38 - - [01/Dec/2020:08:49:03 +0800] "POST /xingrg/dwr/call/plaincall/AjaxCheckService.setItemNumber.dwr HTTP/1.1" 200 78
180.174.56.115 - - [01/Dec/2020:08:49:08 +0800] "GET /xingrg/kc/buy/cgsh_order_operate.html?command=get_materiel&rest_code=00151&code=00101008234&supplier_code=00100007&order_time=2020-12-01 HTTP/1.1" 200 408
180.174.56.115 - - [01/Dec/2020:08:49:09 +0800] "GET /xingrg/all/function/internal_message.html?_=1606783749546&CODE_STATE=getMsg HTTP/1.1" 200 27
116.228.172.94 - - [01/Dec/2020:08:49:10 +0800] "POST /xingrg/dwr/call/plaincall/AjaxCheckService.saveOrder.dwr HTTP/1.1" 200 79
222.69.137.116 - - [01/Dec/2020:08:49:10 +0800] "GET /xingrg/kc/buy/cgsh_order_operate.html?command=get_materiel&rest_code=00149&code=00101028016&supplier_code=00100019&order_time=2020-12-01 HTTP/1.1" 200 447
114.84.37.38 - - [01/Dec/2020:08:49:10 +0800] "POST /xingrg/dwr/call/plaincall/AjaxCheckService.setItemNumber.dwr HTTP/1.1" 200 78
116.228.172.94 - - [01/Dec/2020:08:49:11 +0800] "POST /xingrg/dwr/call/plaincall/AjaxCheckService.loadOrderItems.dwr HTTP/1.1" 200 20363
120.253.135.82 - - [01/Dec/2020:08:49:12 +0800] "GET /xingrg/check_reg.html?_=1606783797062 HTTP/1.1" 200 22
120.253.135.82 - - [01/Dec/2020:08:49:13 +0800] "GET /xingrg/all/function/internal_message.html?_=1606783797911&CODE_STATE=getMsg HTTP/1.1" 200 27
116.228.172.94 - - [01/Dec/2020:08:49:14 +0800] "POST /xingrg/dwr/call/plaincall/AjaxCheckService.checkOrder.dwr HTTP/1.1" 200 79
116.228.172.94 - - [01/Dec/2020:08:49:15 +0800] "GET /xingrg/kc/base/check_order_info.html?code=452020113000356 HTTP/1.1" 200 22858
180.174.56.115 - - [01/Dec/2020:08:49:15 +0800] "GET /xingrg/kc/buy/cgsh_order_operate.html?command=get_materiel&rest_code=00151&code=00101015046&supplier_code=00100007&order_time=2020-12-01 HTTP/1.1" 200 413
116.228.172.94 - - [01/Dec/2020:08:49:15 +0800] "GET /xingrg/dwr/interface/AjaxComOrderService.js HTTP/1.1" 200 18264
116.228.172.94 - - [01/Dec/2020:08:49:15 +0800] "GET /xingrg/dwr/interface/AjaxCheckService.js HTTP/1.1" 200 14003
116.228.172.94 - - [01/Dec/2020:08:49:15 +0800] "GET /xingrg/dwr/engine.js HTTP/1.1" 200 43631
114.84.37.38 - - [01/Dec/2020:08:49:16 +0800] "POST /xingrg/dwr/call/plaincall/AjaxCheckService.setItemNumber.dwr HTTP/1.1" 200 78
116.228.172.94 - - [01/Dec/2020:08:49:16 +0800] "POST /xingrg/dwr/call/plaincall/AjaxCheckService.loadOrderItems.dwr HTTP/1.1" 200 9674
116.228.172.94 - - [01/Dec/2020:08:49:17 +0800] "GET /xingrg/kc/base/check_order_list.html?isBack=1 HTTP/1.1" 200 16549
114.84.37.38 - - [01/Dec/2020:08:49:18 +0800] "POST /xingrg/dwr/call/plaincall/AjaxCheckService.setItemNumber.dwr HTTP/1.1" 200 78
116.228.172.94 - - [01/Dec/2020:08:49:18 +0800] "POST /xingrg/kc/base/check_list_operate.html HTTP/1.1" 200 4158
180.174.56.115 - - [01/Dec/2020:08:49:19 +0800] "GET /xingrg/kc/buy/cgsh_order_operate.html?command=get_materiel&rest_code=00151&code=00101013175&supplier_code=00100007&order_time=2020-12-01 HTTP/1.1" 200 412
116.228.172.94 - - [01/Dec/2020:08:49:21 +0800] "GET /xingrg/all/function/internal_message.html?_=1606783759389&CODE_STATE=getMsg HTTP/1.1" 200 27
114.88.175.227 - - [01/Dec/2020:08:49:22 +0800] "GET /xingrg/all/function/internal_message.html?_=1606783758817&CODE_STATE=getMsg HTTP/1.1" 200 27
116.228.172.94 - - [01/Dec/2020:08:49:22 +0800] "GET /xingrg/kc/base/check_order_info.html?code=452020113000509 HTTP/1.1" 200 26473
114.84.37.38 - - [01/Dec/2020:08:49:22 +0800] "POST /xingrg/dwr/call/plaincall/AjaxCheckService.setItemNumber.dwr HTTP/1.1" 200 78
116.228.172.94 - - [01/Dec/2020:08:49:22 +0800] "GET /xingrg/dwr/interface/AjaxComOrderService.js HTTP/1.1" 200 18264
116.228.172.94 - - [01/Dec/2020:08:49:22 +0800] "GET /xingrg/dwr/interface/AjaxCheckService.js HTTP/1.1" 200 14003
116.228.172.94 - - [01/Dec/2020:08:49:22 +0800] "GET /xingrg/dwr/engine.js HTTP/1.1" 200 43631
116.228.172.94 - - [01/Dec/2020:08:49:23 +0800] "POST /xingrg/dwr/call/plaincall/AjaxCheckService.loadOrderItems.dwr HTTP/1.1" 200 154385
180.174.56.115 - - [01/Dec/2020:08:49:23 +0800] "POST /xingrg/kc/buy/cgsh_order_operate.html HTTP/1.1" 200 2065
180.157.253.48 - - [01/Dec/2020:08:49:26 +0800] "GET /xingrg/all/function/internal_message.html?_=1606783767806&CODE_STATE=getMsg HTTP/1.1" 200 27
114.84.37.38 - - [01/Dec/2020:08:49:26 +0800] "POST /xingrg/dwr/call/plaincall/AjaxCheckService.setItemNumber.dwr HTTP/1.1" 200 78
114.84.37.38 - - [01/Dec/2020:08:49:27 +0800] "POST /xingrg/dwr/call/plaincall/AjaxCheckService.setItemNumber.dwr HTTP/1.1" 200 78
180.174.56.115 - - [01/Dec/2020:08:49:27 +0800] "GET /xingrg/kc/buy/cgsh_order_operate.html?command=get_materiel&rest_code=00151&code=00101008033&supplier_code=00100007&order_time=2020-12-01 HTTP/1.1" 200 408
114.84.37.38 - - [01/Dec/2020:08:49:27 +0800] "POST /xingrg/dwr/call/plaincall/AjaxCheckService.setItemNumber.dwr HTTP/1.1" 200 78
180.162.223.42 - - [01/Dec/2020:08:49:29 +0800] "POST /xingrg/kc/buy/cgsh_order_operate.html HTTP/1.1" 200 37
114.84.37.38 - - [01/Dec/2020:08:49:30 +0800] "POST /xingrg/dwr/call/plaincall/AjaxCheckService.setItemNumber.dwr HTTP/1.1" 200 78
180.162.223.42 - - [01/Dec/2020:08:49:30 +0800] "POST /xingrg/kc/buy/cgsh_order_operate.html HTTP/1.1" 200 6806
114.84.37.38 - - [01/Dec/2020:08:49:31 +0800] "POST /xingrg/dwr/call/plaincall/AjaxCheckService.setItemNumber.dwr HTTP/1.1" 200 78
222.69.137.116 - - [01/Dec/2020:08:49:32 +0800] "GET /xingrg/kc/buy/cgsh_order_operate.html?command=get_materiel&rest_code=00149&code=00101026072&supplier_code=00100019&order_time=2020-12-01 HTTP/1.1" 200 458
114.84.37.38 - - [01/Dec/2020:08:49:32 +0800] "POST /xingrg/dwr/call/plaincall/AjaxCheckService.setItemNumber.dwr HTTP/1.1" 200 78
180.174.56.115 - - [01/Dec/2020:08:49:33 +0800] "GET /xingrg/kc/buy/cgsh_order_operate.html?command=get_materiel&rest_code=00151&code=00101016030&supplier_code=00100007&order_time=2020-12-01 HTTP/1.1" 200 412
180.162.223.42 - - [01/Dec/2020:08:49:34 +0800] "GET /xingrg/kc/print/load_data.html?order_code=212020120100036&kc_code=cgsh&condition= HTTP/1.1" 200 2306
114.84.37.38 - - [01/Dec/2020:08:49:34 +0800] "POST /xingrg/dwr/call/plaincall/AjaxCheckService.setItemNumber.dwr HTTP/1.1" 200 78
114.84.37.38 - - [01/Dec/2020:08:49:35 +0800] "POST /xingrg/dwr/call/plaincall/AjaxCheckService.setItemNumber.dwr HTTP/1.1" 200 78
114.84.37.38 - - [01/Dec/2020:08:49:35 +0800] "POST /xingrg/dwr/call/plaincall/AjaxCheckService.setItemNumber.dwr HTTP/1.1" 200 78
120.253.135.82 - - [01/Dec/2020:08:49:36 +0800] "GET /xingrg/all/function/internal_message.html?_=1606783889500&CODE_STATE=getMsg HTTP/1.1" 200 27
117.184.7.26 - - [01/Dec/2020:08:49:36 +0800] "GET /xingrg/check_reg.html?_=1606783774983 HTTP/1.1" 200 22
114.84.37.38 - - [01/Dec/2020:08:49:37 +0800] "POST /xingrg/dwr/call/plaincall/AjaxCheckService.setItemNumber.dwr HTTP/1.1" 200 78
114.88.175.227 - - [01/Dec/2020:08:49:37 +0800] "GET /xingrg/kc/buy/cgsh_order_add.html HTTP/1.1" 200 60807
114.84.37.38 - - [01/Dec/2020:08:49:37 +0800] "POST /xingrg/dwr/call/plaincall/AjaxCheckService.setItemNumber.dwr HTTP/1.1" 200 78
114.88.175.227 - - [01/Dec/2020:08:49:38 +0800] "POST /xingrg/kc/buy/cgsh_order_operate.html HTTP/1.1" 200 8245
114.88.175.227 - - [01/Dec/2020:08:49:38 +0800] "GET /xingrg/javascript/easyui/themes/default/validatebox.css HTTP/1.1" 404 1104
114.84.37.38 - - [01/Dec/2020:08:49:38 +0800] "POST /xingrg/dwr/call/plaincall/AjaxCheckService.setItemNumber.dwr HTTP/1.1" 200 78
114.84.37.38 - - [01/Dec/2020:08:49:40 +0800] "POST /xingrg/dwr/call/plaincall/AjaxCheckService.setItemNumber.dwr HTTP/1.1" 200 78
114.84.37.38 - - [01/Dec/2020:08:49:41 +0800] "POST /xingrg/dwr/call/plaincall/AjaxCheckService.setItemNumber.dwr HTTP/1.1" 200 78
114.84.37.38 - - [01/Dec/2020:08:49:44 +0800] "POST /xingrg/dwr/call/plaincall/AjaxCheckService.setItemNumber.dwr HTTP/1.1" 200 78
180.174.56.115 - - [01/Dec/2020:08:49:44 +0800] "GET /xingrg/kc/buy/cgsh_order_operate.html?command=get_materiel&rest_code=00151&code=00101008199&supplier_code=00100007&order_time=2020-12-01 HTTP/1.1" 200 408
117.184.7.26 - - [01/Dec/2020:08:49:45 +0800] "GET /xingrg/all/function/internal_message.html?_=1606783783364&CODE_STATE=getMsg HTTP/1.1" 200 27
120.253.135.82 - - [01/Dec/2020:08:49:45 +0800] "GET /xingrg/check_reg.html?_=1606783898716 HTTP/1.1" 200 22
114.84.37.38 - - [01/Dec/2020:08:49:45 +0800] "POST /xingrg/dwr/call/plaincall/AjaxCheckService.setItemNumber.dwr HTTP/1.1" 200 78
114.84.37.38 - - [01/Dec/2020:08:49:46 +0800] "POST /xingrg/dwr/call/plaincall/AjaxCheckService.setItemNumber.dwr HTTP/1.1" 200 78
114.84.37.38 - - [01/Dec/2020:08:49:46 +0800] "POST /xingrg/dwr/call/plaincall/AjaxCheckService.setItemNumber.dwr HTTP/1.1" 200 78
222.69.137.116 - - [01/Dec/2020:08:49:47 +0800] "POST /xingrg/kc/buy/cgsh_order_operate.html HTTP/1.1" 200 37
114.88.175.227 - - [01/Dec/2020:08:49:47 +0800] "GET /xingrg/kc/buy/cgsh_order_operate.html?command=get_materiel&rest_code=00111&code=00101008261&supplier_code=00100005&order_time=2020-12-01 HTTP/1.1" 200 408
114.84.37.38 - - [01/Dec/2020:08:49:48 +0800] "POST /xingrg/dwr/call/plaincall/AjaxCheckService.setItemNumber.dwr HTTP/1.1" 200 78
180.162.223.42 - - [01/Dec/2020:08:49:48 +0800] "GET /xingrg/all/function/internal_message.html?_=1606783790148&CODE_STATE=getMsg HTTP/1.1" 200 27
180.162.223.42 - - [01/Dec/2020:08:49:48 +0800] "GET /xingrg/check_reg.html?_=1606783790150 HTTP/1.1" 200 22
114.84.37.38 - - [01/Dec/2020:08:49:48 +0800] "GET /xingrg/all/function/internal_message.html?_=1606783793453&CODE_STATE=getMsg HTTP/1.1" 200 27
114.84.37.38 - - [01/Dec/2020:08:49:49 +0800] "POST /xingrg/dwr/call/plaincall/AjaxCheckService.setItemNumber.dwr HTTP/1.1" 200 78
222.69.137.116 - - [01/Dec/2020:08:49:50 +0800] "POST /xingrg/kc/buy/cgsh_order_operate.html HTTP/1.1" 200 12
58.40.7.146 - - [01/Dec/2020:08:49:51 +0800] "GET /xingrg/all/function/internal_message.html?_=1606783790192&CODE_STATE=getMsg HTTP/1.1" 200 27
116.224.233.8 - - [01/Dec/2020:08:49:51 +0800] "GET /xingrg/all/function/internal_message.html?_=1606783790050&CODE_STATE=getMsg HTTP/1.1" 200 27
180.174.56.115 - - [01/Dec/2020:08:49:51 +0800] "GET /xingrg/kc/buy/cgsh_order_operate.html?command=get_materiel&rest_code=00151&code=00101008271&supplier_code=00100007&order_time=2020-12-01 HTTP/1.1" 200 408
114.84.37.38 - - [01/Dec/2020:08:49:51 +0800] "POST /xingrg/dwr/call/plaincall/AjaxCheckService.setItemNumber.dwr HTTP/1.1" 200 78
222.69.137.116 - - [01/Dec/2020:08:49:52 +0800] "GET /xingrg/kc/buy/cgsh_order_info.html?code=212020120100037 HTTP/1.1" 200 55761
222.69.137.116 - - [01/Dec/2020:08:49:52 +0800] "GET /xingrg/javascript/easyui/themes/default/validatebox.css HTTP/1.1" 404 1104
114.88.175.227 - - [01/Dec/2020:08:49:53 +0800] "GET /xingrg/all/function/internal_message.html?_=1606783913664&CODE_STATE=getMsg HTTP/1.1" 200 27
114.88.175.227 - - [01/Dec/2020:08:49:53 +0800] "GET /xingrg/kc/buy/cgsh_order_operate.html?command=get_materiel&rest_code=00111&code=00101008210&supplier_code=00100005&order_time=2020-12-01 HTTP/1.1" 200 408
222.69.137.116 - - [01/Dec/2020:08:49:53 +0800] "POST /xingrg/kc/buy/cgsh_order_operate.html HTTP/1.1" 200 4381
114.84.37.38 - - [01/Dec/2020:08:49:53 +0800] "POST /xingrg/dwr/call/plaincall/AjaxCheckService.setItemNumber.dwr HTTP/1.1" 200 78
114.84.37.38 - - [01/Dec/2020:08:49:55 +0800] "POST /xingrg/dwr/call/plaincall/AjaxCheckService.setItemNumber.dwr HTTP/1.1" 200 78
114.84.37.38 - - [01/Dec/2020:08:49:56 +0800] "POST /xingrg/dwr/call/plaincall/AjaxCheckService.setItemNumber.dwr HTTP/1.1" 200 78
222.69.137.116 - - [01/Dec/2020:08:49:57 +0800] "GET /xingrg/kc/print/load_data.html?order_code=212020120100037&kc_code=cgsh&condition= HTTP/1.1" 200 2348
114.84.37.38 - - [01/Dec/2020:08:49:57 +0800] "POST /xingrg/dwr/call/plaincall/AjaxCheckService.setItemNumber.dwr HTTP/1.1" 200 78
120.253.135.82 - - [01/Dec/2020:08:49:58 +0800] "GET /xingrg/all/function/internal_message.html?_=1606783547798&CODE_STATE=getMsg HTTP/1.1" 200 27
114.88.159.147 - - [01/Dec/2020:08:49:59 +0800] "GET /xingrg/all/function/internal_message.html?_=1606783803101&CODE_STATE=getMsg HTTP/1.1" 200 27
180.174.56.115 - - [01/Dec/2020:08:49:59 +0800] "POST /xingrg/kc/buy/cgsh_order_operate.html HTTP/1.1" 200 2065
222.69.137.116 - - [01/Dec/2020:08:50:00 +0800] "GET /xingrg/all/function/internal_message.html?_=1606783799284&CODE_STATE=getMsg HTTP/1.1" 200 27
114.84.37.38 - - [01/Dec/2020:08:50:00 +0800] "POST /xingrg/dwr/call/plaincall/AjaxCheckService.setItemNumber.dwr HTTP/1.1" 200 78
114.84.37.38 - - [01/Dec/2020:08:50:01 +0800] "POST /xingrg/dwr/call/plaincall/AjaxCheckService.setItemNumber.dwr HTTP/1.1" 200 78
114.84.37.38 - - [01/Dec/2020:08:50:02 +0800] "POST /xingrg/dwr/call/plaincall/AjaxCheckService.setItemNumber.dwr HTTP/1.1" 200 78
114.84.37.38 - - [01/Dec/2020:08:50:03 +0800] "POST /xingrg/dwr/call/plaincall/AjaxCheckService.setItemNumber.dwr HTTP/1.1" 200 78
180.174.56.115 - - [01/Dec/2020:08:50:03 +0800] "GET /xingrg/kc/buy/cgsh_order_operate.html?command=get_materiel&rest_code=00151&code=00101008036&supplier_code=00100007&order_time=2020-12-01 HTTP/1.1" 200 408
114.84.37.38 - - [01/Dec/2020:08:50:04 +0800] "POST /xingrg/dwr/call/plaincall/AjaxCheckService.setItemNumber.dwr HTTP/1.1" 200 78
114.84.37.38 - - [01/Dec/2020:08:50:05 +0800] "POST /xingrg/dwr/call/plaincall/AjaxCheckService.setItemNumber.dwr HTTP/1.1" 200 78
114.84.37.38 - - [01/Dec/2020:08:50:06 +0800] "POST /xingrg/dwr/call/plaincall/AjaxCheckService.setItemNumber.dwr HTTP/1.1" 200 78
114.84.37.38 - - [01/Dec/2020:08:50:07 +0800] "POST /xingrg/dwr/call/plaincall/AjaxCheckService.setItemNumber.dwr HTTP/1.1" 200 78
114.84.37.38 - - [01/Dec/2020:08:50:08 +0800] "POST /xingrg/dwr/call/plaincall/AjaxCheckService.setItemNumber.dwr HTTP/1.1" 200 78
180.174.56.115 - - [01/Dec/2020:08:50:09 +0800] "POST /xingrg/kc/buy/cgsh_order_operate.html HTTP/1.1" 200 37
