116.228.172.94 - - [01/Dec/2020:09:06:44 +0800] "POST /xingrg/dwr/call/plaincall/AjaxCheckService.setItemNumber.dwr HTTP/1.1" 200 77
117.185.32.26 - - [01/Dec/2020:09:06:44 +0800] "POST /xingrg/login.do HTTP/1.1" 302 -
117.185.32.26 - - [01/Dec/2020:09:06:44 +0800] "GET /xingrg/index.html?sysBaseUrl=http%3A%2F%2F180.169.147.146%3A18081%2Fxingrg%2F&costTime=96×tamp=1606784804595 HTTP/1.1" 200 17173
117.184.7.26 - - [01/Dec/2020:09:06:45 +0800] "GET /xingrg/all/function/internal_message.html?_=1606784803143&CODE_STATE=getMsg HTTP/1.1" 200 27
117.185.32.26 - - [01/Dec/2020:09:06:47 +0800] "POST /xingrg/all/common/load_tree.html?tree=area_rest_tree_json&manage=1 HTTP/1.1" 200 342
117.185.32.26 - - [01/Dec/2020:09:06:48 +0800] "GET /xingrg/check_reg.html?_=1606784798080 HTTP/1.1" 200 22
117.185.32.26 - - [01/Dec/2020:09:06:48 +0800] "GET /xingrg/all/function/internal_message.html?_=1606784798079&CODE_STATE=count HTTP/1.1" 200 11
117.185.32.26 - - [01/Dec/2020:09:06:48 +0800] "GET /favicon.ico HTTP/1.1" 404 -
117.185.32.26 - - [01/Dec/2020:09:06:48 +0800] "POST /xingrg/load_menu.html HTTP/1.1" 200 5138
114.88.159.147 - - [01/Dec/2020:09:06:48 +0800] "POST /xingrg/dwr/call/plaincall/AjaxCheckService.checkOrder.dwr HTTP/1.1" 200 80
116.228.172.94 - - [01/Dec/2020:09:06:48 +0800] "POST /xingrg/dwr/call/plaincall/AjaxCheckService.setItemNumber.dwr HTTP/1.1" 200 77
116.228.172.94 - - [01/Dec/2020:09:06:48 +0800] "POST /xingrg/dwr/call/plaincall/AjaxCheckService.setItemNumber.dwr HTTP/1.1" 200 77
116.228.172.94 - - [01/Dec/2020:09:06:48 +0800] "POST /xingrg/dwr/call/plaincall/AjaxCheckService.setItemNumber.dwr HTTP/1.1" 200 77
116.228.172.94 - - [01/Dec/2020:09:06:48 +0800] "POST /xingrg/dwr/call/plaincall/AjaxCheckService.setItemNumber.dwr HTTP/1.1" 200 77
116.228.172.94 - - [01/Dec/2020:09:06:48 +0800] "POST /xingrg/dwr/call/plaincall/AjaxCheckService.setItemNumber.dwr HTTP/1.1" 200 77
180.157.253.48 - - [01/Dec/2020:09:06:48 +0800] "POST /xingrg/dwr/call/plaincall/AjaxCheckService.setItemNumber.dwr HTTP/1.1" 200 78
180.162.223.42 - - [01/Dec/2020:09:06:48 +0800] "GET /xingrg/all/function/internal_message.html?_=1606784810215&CODE_STATE=getMsg HTTP/1.1" 200 27
222.69.137.116 - - [01/Dec/2020:09:06:49 +0800] "GET /xingrg/kc/buy/cgsh_order_operate.html?command=get_materiel&rest_code=00149&code=00101015024&supplier_code=00100005&order_time=2020-12-01 HTTP/1.1" 200 413
114.88.159.147 - - [01/Dec/2020:09:06:49 +0800] "GET /xingrg/kc/base/check_order_info.html?code=452020113000443 HTTP/1.1" 200 22860
114.88.159.147 - - [01/Dec/2020:09:06:50 +0800] "GET /xingrg/dwr/interface/AjaxComOrderService.js HTTP/1.1" 200 18264
114.88.159.147 - - [01/Dec/2020:09:06:50 +0800] "GET /xingrg/dwr/interface/AjaxCheckService.js HTTP/1.1" 200 14003
114.88.159.147 - - [01/Dec/2020:09:06:50 +0800] "GET /xingrg/dwr/engine.js HTTP/1.1" 200 43631
58.40.7.146 - - [01/Dec/2020:09:06:51 +0800] "GET /xingrg/all/function/internal_message.html?_=1606784810202&CODE_STATE=getMsg HTTP/1.1" 200 27
58.40.7.146 - - [01/Dec/2020:09:06:51 +0800] "GET /xingrg/check_reg.html?_=1606784810204 HTTP/1.1" 200 22
116.224.233.8 - - [01/Dec/2020:09:06:51 +0800] "GET /xingrg/all/function/internal_message.html?_=1606784810071&CODE_STATE=getMsg HTTP/1.1" 200 27
222.69.133.109 - - [01/Dec/2020:09:06:51 +0800] "GET /xingrg/kc/buy/cgsh_order_operate.html?command=get_materiel&rest_code=00154&code=00101008005&supplier_code=00100417&order_time=2020-11-30 HTTP/1.1" 200 412
114.88.175.227 - - [01/Dec/2020:09:06:53 +0800] "GET /xingrg/all/function/internal_message.html?_=1606784933669&CODE_STATE=getMsg HTTP/1.1" 200 27
117.185.32.26 - - [01/Dec/2020:09:06:54 +0800] "POST /xingrg/dwr/call/plaincall/AjaxCheckService.checkOrder.dwr HTTP/1.1" 200 78
116.228.172.94 - - [01/Dec/2020:09:06:54 +0800] "POST /xingrg/dwr/call/plaincall/AjaxCheckService.setItemNumber.dwr HTTP/1.1" 200 77
116.228.172.94 - - [01/Dec/2020:09:06:54 +0800] "POST /xingrg/dwr/call/plaincall/AjaxCheckService.setItemNumber.dwr HTTP/1.1" 200 77
116.228.172.94 - - [01/Dec/2020:09:06:54 +0800] "POST /xingrg/dwr/call/plaincall/AjaxCheckService.setItemNumber.dwr HTTP/1.1" 200 77
116.228.172.94 - - [01/Dec/2020:09:06:54 +0800] "POST /xingrg/dwr/call/plaincall/AjaxCheckService.setItemNumber.dwr HTTP/1.1" 200 77
114.88.159.147 - - [01/Dec/2020:09:06:54 +0800] "POST /xingrg/dwr/call/plaincall/AjaxCheckService.loadOrderItems.dwr HTTP/1.1" 200 64801
116.228.172.94 - - [01/Dec/2020:09:06:55 +0800] "POST /xingrg/dwr/call/plaincall/AjaxCheckService.setItemNumber.dwr HTTP/1.1" 200 77
180.162.223.42 - - [01/Dec/2020:09:06:55 +0800] "GET /xingrg/kc/buy/cgsh_order_operate.html?command=get_materiel&rest_code=00105&code=00101008358&supplier_code=00100203&order_time=2020-12-01 HTTP/1.1" 200 412
117.185.32.26 - - [01/Dec/2020:09:06:55 +0800] "GET /xingrg/kc/base/check_order_info.html?code=452020113000517 HTTP/1.1" 200 22862
117.185.32.26 - - [01/Dec/2020:09:06:55 +0800] "GET /xingrg/dwr/interface/AjaxComOrderService.js HTTP/1.1" 200 18264
117.185.32.26 - - [01/Dec/2020:09:06:55 +0800] "GET /xingrg/dwr/interface/AjaxCheckService.js HTTP/1.1" 200 14003
117.185.32.26 - - [01/Dec/2020:09:06:55 +0800] "GET /xingrg/dwr/engine.js HTTP/1.1" 200 43631
116.228.172.94 - - [01/Dec/2020:09:06:56 +0800] "POST /xingrg/dwr/call/plaincall/AjaxCheckService.setItemNumber.dwr HTTP/1.1" 200 77
116.228.172.94 - - [01/Dec/2020:09:06:56 +0800] "POST /xingrg/dwr/call/plaincall/AjaxCheckService.setItemNumber.dwr HTTP/1.1" 200 77
114.84.37.38 - - [01/Dec/2020:09:06:56 +0800] "GET /xingrg/login.html HTTP/1.1" 200 7641
116.228.172.94 - - [01/Dec/2020:09:06:57 +0800] "POST /xingrg/dwr/call/plaincall/AjaxCheckService.setItemNumber.dwr HTTP/1.1" 200 77
117.185.32.26 - - [01/Dec/2020:09:06:57 +0800] "POST /xingrg/dwr/call/plaincall/AjaxCheckService.loadOrderItems.dwr HTTP/1.1" 200 68722
116.228.172.94 - - [01/Dec/2020:09:06:57 +0800] "POST /xingrg/dwr/call/plaincall/AjaxCheckService.setItemNumber.dwr HTTP/1.1" 200 77
116.228.172.94 - - [01/Dec/2020:09:06:58 +0800] "POST /xingrg/dwr/call/plaincall/AjaxCheckService.setItemNumber.dwr HTTP/1.1" 200 77
116.228.172.94 - - [01/Dec/2020:09:06:58 +0800] "POST /xingrg/dwr/call/plaincall/AjaxCheckService.setItemNumber.dwr HTTP/1.1" 200 77
116.228.172.94 - - [01/Dec/2020:09:06:59 +0800] "POST /xingrg/dwr/call/plaincall/AjaxCheckService.setItemNumber.dwr HTTP/1.1" 200 77
114.88.159.147 - - [01/Dec/2020:09:06:59 +0800] "GET /xingrg/all/function/internal_message.html?_=1606784823150&CODE_STATE=getMsg HTTP/1.1" 200 27
114.88.159.147 - - [01/Dec/2020:09:06:59 +0800] "GET /xingrg/check_reg.html?_=1606784823152 HTTP/1.1" 200 22
114.84.37.38 - - [01/Dec/2020:09:06:59 +0800] "GET /favicon.ico HTTP/1.1" 404 -
116.228.172.94 - - [01/Dec/2020:09:06:59 +0800] "POST /xingrg/dwr/call/plaincall/AjaxCheckService.setItemNumber.dwr HTTP/1.1" 200 77
116.228.172.94 - - [01/Dec/2020:09:07:00 +0800] "POST /xingrg/dwr/call/plaincall/AjaxCheckService.setItemNumber.dwr HTTP/1.1" 200 77
222.69.137.116 - - [01/Dec/2020:09:07:00 +0800] "GET /xingrg/all/function/internal_message.html?_=1606784819285&CODE_STATE=getMsg HTTP/1.1" 200 27
116.228.172.94 - - [01/Dec/2020:09:07:00 +0800] "POST /xingrg/dwr/call/plaincall/AjaxCheckService.setItemNumber.dwr HTTP/1.1" 200 77
116.228.172.94 - - [01/Dec/2020:09:07:02 +0800] "POST /xingrg/dwr/call/plaincall/AjaxCheckService.setItemNumber.dwr HTTP/1.1" 200 77
117.185.32.26 - - [01/Dec/2020:09:07:02 +0800] "GET /xingrg/kc/base/check_order_list.html?isBack=1 HTTP/1.1" 200 16543
117.185.32.26 - - [01/Dec/2020:09:07:02 +0800] "POST /xingrg/kc/base/check_list_operate.html HTTP/1.1" 200 1560
116.228.172.94 - - [01/Dec/2020:09:07:03 +0800] "POST /xingrg/dwr/call/plaincall/AjaxCheckService.setItemNumber.dwr HTTP/1.1" 200 77
114.88.159.147 - - [01/Dec/2020:09:07:03 +0800] "GET /xingrg/all/function/internal_message.html?_=1606784406794&CODE_STATE=getMsg HTTP/1.1" 200 27
114.88.175.227 - - [01/Dec/2020:09:07:04 +0800] "GET /xingrg/check_reg.html?_=1606784820718 HTTP/1.1" 200 22
116.228.172.94 - - [01/Dec/2020:09:07:05 +0800] "POST /xingrg/dwr/call/plaincall/AjaxCheckService.setItemNumber.dwr HTTP/1.1" 200 77
222.69.133.109 - - [01/Dec/2020:09:07:05 +0800] "GET /xingrg/kc/buy/cgsh_order_operate.html?command=get_materiel&rest_code=00154&code=00101008323&supplier_code=00100417&order_time=2020-11-30 HTTP/1.1" 200 408
116.228.172.94 - - [01/Dec/2020:09:07:05 +0800] "POST /xingrg/dwr/call/plaincall/AjaxCheckService.setItemNumber.dwr HTTP/1.1" 200 77
180.157.253.48 - - [01/Dec/2020:09:07:05 +0800] "POST /xingrg/dwr/call/plaincall/AjaxCheckService.setItemNumber.dwr HTTP/1.1" 200 78
116.228.172.94 - - [01/Dec/2020:09:07:06 +0800] "POST /xingrg/dwr/call/plaincall/AjaxCheckService.setItemNumber.dwr HTTP/1.1" 200 77
116.228.172.94 - - [01/Dec/2020:09:07:06 +0800] "POST /xingrg/dwr/call/plaincall/AjaxCheckService.setItemNumber.dwr HTTP/1.1" 200 77
116.228.172.94 - - [01/Dec/2020:09:07:07 +0800] "POST /xingrg/dwr/call/plaincall/AjaxCheckService.setItemNumber.dwr HTTP/1.1" 200 77
114.84.37.38 - - [01/Dec/2020:09:07:07 +0800] "POST /xingrg/login.do HTTP/1.1" 200 2421
114.84.37.38 - - [01/Dec/2020:09:07:07 +0800] "GET /xingrg/css/blue.css HTTP/1.1" 304 -
114.84.37.38 - - [01/Dec/2020:09:07:07 +0800] "GET /xingrg/javascript/myfunction.js HTTP/1.1" 304 -
114.84.37.38 - - [01/Dec/2020:09:07:07 +0800] "GET /xingrg/images/blue/pic_top.gif HTTP/1.1" 304 -
114.84.37.38 - - [01/Dec/2020:09:07:07 +0800] "GET /xingrg/images/blue/error_top.gif HTTP/1.1" 304 -
114.84.37.38 - - [01/Dec/2020:09:07:07 +0800] "GET /xingrg/images/blue/error_mid.gif HTTP/1.1" 304 -
114.84.37.38 - - [01/Dec/2020:09:07:07 +0800] "GET /xingrg/images/blue/pic_notice.jpg HTTP/1.1" 304 -
114.84.37.38 - - [01/Dec/2020:09:07:07 +0800] "GET /xingrg/images/blue/error_buttom.gif HTTP/1.1" 304 -
114.84.37.38 - - [01/Dec/2020:09:07:07 +0800] "GET /favicon.ico HTTP/1.1" 404 -
116.228.172.94 - - [01/Dec/2020:09:07:07 +0800] "POST /xingrg/dwr/call/plaincall/AjaxCheckService.setItemNumber.dwr HTTP/1.1" 200 77
116.228.172.94 - - [01/Dec/2020:09:07:08 +0800] "POST /xingrg/dwr/call/plaincall/AjaxCheckService.setItemNumber.dwr HTTP/1.1" 200 77
116.228.172.94 - - [01/Dec/2020:09:07:08 +0800] "POST /xingrg/dwr/call/plaincall/AjaxCheckService.setItemNumber.dwr HTTP/1.1" 200 77
180.174.56.115 - - [01/Dec/2020:09:07:09 +0800] "GET /xingrg/all/function/internal_message.html?_=1606784829571&CODE_STATE=getMsg HTTP/1.1" 200 27
116.228.172.94 - - [01/Dec/2020:09:07:09 +0800] "POST /xingrg/dwr/call/plaincall/AjaxCheckService.setItemNumber.dwr HTTP/1.1" 200 77
114.84.37.38 - - [01/Dec/2020:09:07:09 +0800] "GET /xingrg/login.html HTTP/1.1" 200 7641
114.84.37.38 - - [01/Dec/2020:09:07:10 +0800] "GET /favicon.ico HTTP/1.1" 404 -
116.228.172.94 - - [01/Dec/2020:09:07:10 +0800] "POST /xingrg/dwr/call/plaincall/AjaxCheckService.setItemNumber.dwr HTTP/1.1" 200 77
117.185.32.26 - - [01/Dec/2020:09:07:10 +0800] "GET /xingrg/kc/base/check_order_info.html?code=452020113000518 HTTP/1.1" 200 26446
117.185.32.26 - - [01/Dec/2020:09:07:10 +0800] "GET /xingrg/dwr/interface/AjaxComOrderService.js HTTP/1.1" 200 18264
117.185.32.26 - - [01/Dec/2020:09:07:10 +0800] "GET /xingrg/dwr/interface/AjaxCheckService.js HTTP/1.1" 200 14003
117.185.32.26 - - [01/Dec/2020:09:07:10 +0800] "GET /xingrg/dwr/engine.js HTTP/1.1" 200 43631
116.228.172.94 - - [01/Dec/2020:09:07:10 +0800] "POST /xingrg/dwr/call/plaincall/AjaxCheckService.setItemNumber.dwr HTTP/1.1" 200 77
117.185.32.26 - - [01/Dec/2020:09:07:11 +0800] "POST /xingrg/dwr/call/plaincall/AjaxCheckService.loadOrderItems.dwr HTTP/1.1" 200 223625
116.228.172.94 - - [01/Dec/2020:09:07:11 +0800] "POST /xingrg/dwr/call/plaincall/AjaxCheckService.setItemNumber.dwr HTTP/1.1" 200 77
116.228.172.94 - - [01/Dec/2020:09:07:11 +0800] "POST /xingrg/dwr/call/plaincall/AjaxCheckService.setItemNumber.dwr HTTP/1.1" 200 77
116.228.172.94 - - [01/Dec/2020:09:07:12 +0800] "POST /xingrg/dwr/call/plaincall/AjaxCheckService.setItemNumber.dwr HTTP/1.1" 200 77
116.228.172.94 - - [01/Dec/2020:09:07:12 +0800] "POST /xingrg/dwr/call/plaincall/AjaxCheckService.setItemNumber.dwr HTTP/1.1" 200 77
116.228.172.94 - - [01/Dec/2020:09:07:13 +0800] "POST /xingrg/dwr/call/plaincall/AjaxCheckService.setItemNumber.dwr HTTP/1.1" 200 77
116.228.172.94 - - [01/Dec/2020:09:07:13 +0800] "POST /xingrg/dwr/call/plaincall/AjaxCheckService.setItemNumber.dwr HTTP/1.1" 200 77
120.253.135.82 - - [01/Dec/2020:09:07:13 +0800] "GET /xingrg/all/function/internal_message.html?_=1606784878161&CODE_STATE=getMsg HTTP/1.1" 200 27
117.131.5.26 - - [01/Dec/2020:09:07:17 +0800] "GET /xingrg/all/function/internal_message.html?_=1606784872849&CODE_STATE=getMsg HTTP/1.1" 200 27
116.228.172.94 - - [01/Dec/2020:09:07:17 +0800] "POST /xingrg/dwr/call/plaincall/AjaxCheckService.setItemNumber.dwr HTTP/1.1" 200 77
117.185.32.26 - - [01/Dec/2020:09:07:18 +0800] "GET /xingrg/kc/base/base_main.html HTTP/1.1" 200 12142
116.228.172.94 - - [01/Dec/2020:09:07:19 +0800] "POST /xingrg/dwr/call/plaincall/AjaxCheckService.setItemNumber.dwr HTTP/1.1" 200 77
117.185.32.26 - - [01/Dec/2020:09:07:20 +0800] "GET /xingrg/kc/base/check_order_list.html HTTP/1.1" 200 16543
117.185.32.26 - - [01/Dec/2020:09:07:21 +0800] "POST /xingrg/kc/base/check_list_operate.html HTTP/1.1" 200 1560
116.228.172.94 - - [01/Dec/2020:09:07:21 +0800] "POST /xingrg/dwr/call/plaincall/AjaxCheckService.setItemNumber.dwr HTTP/1.1" 200 77
116.228.172.94 - - [01/Dec/2020:09:07:22 +0800] "POST /xingrg/dwr/call/plaincall/AjaxCheckService.setItemNumber.dwr HTTP/1.1" 200 77
114.88.175.227 - - [01/Dec/2020:09:07:22 +0800] "GET /xingrg/all/function/internal_message.html?_=1606784839064&CODE_STATE=getMsg HTTP/1.1" 200 27
116.228.172.94 - - [01/Dec/2020:09:07:22 +0800] "POST /xingrg/dwr/call/plaincall/AjaxCheckService.setItemNumber.dwr HTTP/1.1" 200 77
116.228.172.94 - - [01/Dec/2020:09:07:23 +0800] "GET /xingrg/all/function/internal_message.html?_=1606784841198&CODE_STATE=getMsg HTTP/1.1" 200 27
116.228.172.94 - - [01/Dec/2020:09:07:23 +0800] "POST /xingrg/dwr/call/plaincall/AjaxCheckService.setItemNumber.dwr HTTP/1.1" 200 77
114.84.37.38 - - [01/Dec/2020:09:07:24 +0800] "POST /xingrg/login.do HTTP/1.1" 302 -
114.84.37.38 - - [01/Dec/2020:09:07:24 +0800] "GET /xingrg/javascript/jquery_easy_ui/themes/default/easyui.css HTTP/1.1" 304 -
114.84.37.38 - - [01/Dec/2020:09:07:24 +0800] "GET /xingrg/javascript/jquery_easy_ui/themes/icon.css HTTP/1.1" 304 -
114.84.37.38 - - [01/Dec/2020:09:07:24 +0800] "GET /xingrg/css/form.css HTTP/1.1" 304 -
114.84.37.38 - - [01/Dec/2020:09:07:24 +0800] "GET /xingrg/index.html?sysBaseUrl=http%3A%2F%2F180.169.147.146%3A18081%2Fxingrg%2F&costTime=109×tamp=1606784844071 HTTP/1.1" 200 17179
114.84.37.38 - - [01/Dec/2020:09:07:24 +0800] "GET /xingrg/javascript/jquery-1.4.2.min.js HTTP/1.1" 304 -
114.84.37.38 - - [01/Dec/2020:09:07:24 +0800] "GET /xingrg/javascript/jquery_easy_ui/jquery.easyui.min.js HTTP/1.1" 304 -
114.84.37.38 - - [01/Dec/2020:09:07:24 +0800] "GET /xingrg/javascript/jquery_easy_ui/easyui-lang-zh_CN.js HTTP/1.1" 304 -
114.84.37.38 - - [01/Dec/2020:09:07:24 +0800] "GET /favicon.ico HTTP/1.1" 404 -
116.228.172.94 - - [01/Dec/2020:09:07:24 +0800] "POST /xingrg/dwr/call/plaincall/AjaxCheckService.setItemNumber.dwr HTTP/1.1" 200 77
114.84.37.38 - - [01/Dec/2020:09:07:24 +0800] "GET /xingrg/javascript/jquery.form.js HTTP/1.1" 304 -
114.84.37.38 - - [01/Dec/2020:09:07:24 +0800] "GET /xingrg/javascript/jquery.utils.js HTTP/1.1" 304 -
114.84.37.38 - - [01/Dec/2020:09:07:24 +0800] "GET /xingrg/javascript/jquery.timers.js HTTP/1.1" 304 -
117.185.32.26 - - [01/Dec/2020:09:07:24 +0800] "GET /xingrg/kc/report/report_main.html HTTP/1.1" 200 7345
114.84.37.38 - - [01/Dec/2020:09:07:24 +0800] "POST /xingrg/all/common/load_tree.html?tree=area_rest_tree_json&manage=1 HTTP/1.1" 200 479
222.69.137.116 - - [01/Dec/2020:09:07:25 +0800] "POST /xingrg/kc/buy/cgsh_order_operate.html HTTP/1.1" 200 37
114.84.37.38 - - [01/Dec/2020:09:07:25 +0800] "GET /xingrg/all/function/internal_message.html?_=1606784849675&CODE_STATE=count HTTP/1.1" 200 11
114.84.37.38 - - [01/Dec/2020:09:07:25 +0800] "GET /xingrg/check_reg.html?_=1606784849676 HTTP/1.1" 200 22
222.69.133.109 - - [01/Dec/2020:09:07:25 +0800] "GET /xingrg/kc/buy/cgsh_order_operate.html?command=get_materiel&rest_code=00154&code=00101008234&supplier_code=00100417&order_time=2020-11-30 HTTP/1.1" 200 408
114.84.37.38 - - [01/Dec/2020:09:07:25 +0800] "POST /xingrg/load_menu.html HTTP/1.1" 200 5138
116.228.172.94 - - [01/Dec/2020:09:07:25 +0800] "POST /xingrg/dwr/call/plaincall/AjaxCheckService.setItemNumber.dwr HTTP/1.1" 200 77
180.157.253.48 - - [01/Dec/2020:09:07:25 +0800] "GET /xingrg/check_reg.html?_=1606784847270 HTTP/1.1" 200 22
116.228.172.94 - - [01/Dec/2020:09:07:26 +0800] "POST /xingrg/dwr/call/plaincall/AjaxCheckService.setItemNumber.dwr HTTP/1.1" 200 77
180.162.223.42 - - [01/Dec/2020:09:07:26 +0800] "GET /xingrg/kc/buy/cgsh_order_operate.html?command=get_materiel&rest_code=00105&code=00101008333&supplier_code=00100203&order_time=2020-12-01 HTTP/1.1" 200 412
117.185.32.26 - - [01/Dec/2020:09:07:27 +0800] "GET /xingrg/all/report/report_query.html?fileName=kc/buy/gys_amount.xml&rh=99999 HTTP/1.1" 200 52006
117.185.32.26 - - [01/Dec/2020:09:07:27 +0800] "GET /xingrg/dwr/interface/AjaxReportQueryService.js HTTP/1.1" 200 13203
117.185.32.26 - - [01/Dec/2020:09:07:27 +0800] "GET /xingrg/dwr/engine.js HTTP/1.1" 200 43631
116.228.172.94 - - [01/Dec/2020:09:07:27 +0800] "POST /xingrg/dwr/call/plaincall/AjaxCheckService.setItemNumber.dwr HTTP/1.1" 200 77
117.185.32.26 - - [01/Dec/2020:09:07:28 +0800] "POST /xingrg/dwr/call/plaincall/AjaxReportQueryService.getFixDate.dwr HTTP/1.1" 200 111
117.185.32.26 - - [01/Dec/2020:09:07:28 +0800] "POST /xingrg/all/common/load_tree.html?tree=materiel_sort_tree_json HTTP/1.1" 200 8666
117.185.32.26 - - [01/Dec/2020:09:07:28 +0800] "POST /xingrg/all/common/load_tree.html?tree=supplier_tree_json&manage=1 HTTP/1.1" 200 52837
116.228.172.94 - - [01/Dec/2020:09:07:28 +0800] "POST /xingrg/dwr/call/plaincall/AjaxCheckService.setItemNumber.dwr HTTP/1.1" 200 77
116.228.172.94 - - [01/Dec/2020:09:07:29 +0800] "POST /xingrg/dwr/call/plaincall/AjaxCheckService.setItemNumber.dwr HTTP/1.1" 200 77
117.185.32.26 - - [01/Dec/2020:09:07:29 +0800] "POST /xingrg/dwr/call/plaincall/AjaxReportQueryService.getInitString.dwr HTTP/1.1" 200 975
114.84.37.38 - - [01/Dec/2020:09:07:29 +0800] "GET /xingrg/kc/base/check_order_list.html HTTP/1.1" 200 16549
114.84.37.38 - - [01/Dec/2020:09:07:29 +0800] "GET /xingrg/css/base.css HTTP/1.1" 304 -
114.84.37.38 - - [01/Dec/2020:09:07:29 +0800] "GET /xingrg/css/site.css HTTP/1.1" 304 -
114.84.37.38 - - [01/Dec/2020:09:07:29 +0800] "GET /xingrg/javascript/jquery_tools/datebox.css HTTP/1.1" 304 -
114.84.37.38 - - [01/Dec/2020:09:07:29 +0800] "GET /xingrg/javascript/easyui/themes/icon.css HTTP/1.1" 304 -
114.84.37.38 - - [01/Dec/2020:09:07:29 +0800] "GET /xingrg/javascript/easyui/themes/default/easyui.css HTTP/1.1" 304 -
114.84.37.38 - - [01/Dec/2020:09:07:29 +0800] "GET /xingrg/javascript/auto/jquery.autocomplete.css HTTP/1.1" 304 -
114.84.37.38 - - [01/Dec/2020:09:07:29 +0800] "GET /xingrg/javascript/jquery_tools/fix.css HTTP/1.1" 304 -
114.84.37.38 - - [01/Dec/2020:09:07:29 +0800] "GET /xingrg/javascript/jquery_tools/jquery.tools.table.js HTTP/1.1" 304 -
114.84.37.38 - - [01/Dec/2020:09:07:29 +0800] "GET /xingrg/javascript/jquery_tools/jquery.tools.hotkey.js HTTP/1.1" 304 -
114.84.37.38 - - [01/Dec/2020:09:07:29 +0800] "GET /xingrg/javascript/jquery_tools/table.css HTTP/1.1" 304 -
114.84.37.38 - - [01/Dec/2020:09:07:29 +0800] "GET /xingrg/javascript/jquery_tools/jquery.tools.min.js HTTP/1.1" 304 -
114.84.37.38 - - [01/Dec/2020:09:07:29 +0800] "GET /xingrg/javascript/auto/jquery.autocomplete.js HTTP/1.1" 304 -
114.84.37.38 - - [01/Dec/2020:09:07:29 +0800] "GET /xingrg/javascript/jquery_tools/jquery.tools.extend.js HTTP/1.1" 304 -
114.84.37.38 - - [01/Dec/2020:09:07:29 +0800] "GET /xingrg/javascript/easyui/easyloader.js HTTP/1.1" 304 -
114.84.37.38 - - [01/Dec/2020:09:07:29 +0800] "GET /xingrg/javascript/jquery.cookie.js HTTP/1.1" 304 -
114.84.37.38 - - [01/Dec/2020:09:07:29 +0800] "GET /xingrg/javascript/jquery_tools/list_manager.js HTTP/1.1" 304 -
117.185.32.26 - - [01/Dec/2020:09:07:29 +0800] "GET /xingrg/javascript/multi_select/dropdown.gif HTTP/1.1" 200 61
116.228.172.94 - - [01/Dec/2020:09:07:30 +0800] "POST /xingrg/dwr/call/plaincall/AjaxCheckService.setItemNumber.dwr HTTP/1.1" 200 77
114.84.37.38 - - [01/Dec/2020:09:07:30 +0800] "GET /xingrg/javascript/easyui/plugins/jquery.parser.js HTTP/1.1" 304 -
114.84.37.38 - - [01/Dec/2020:09:07:30 +0800] "POST /xingrg/kc/base/check_list_operate.html HTTP/1.1" 200 3912
116.228.172.94 - - [01/Dec/2020:09:07:30 +0800] "POST /xingrg/dwr/call/plaincall/AjaxCheckService.setItemNumber.dwr HTTP/1.1" 200 77
222.69.137.116 - - [01/Dec/2020:09:07:31 +0800] "POST /xingrg/kc/buy/cgsh_order_operate.html HTTP/1.1" 200 12
116.228.172.94 - - [01/Dec/2020:09:07:32 +0800] "POST /xingrg/dwr/call/plaincall/AjaxCheckService.setItemNumber.dwr HTTP/1.1" 200 78
117.185.32.26 - - [01/Dec/2020:09:07:32 +0800] "POST /xingrg/dwr/call/plaincall/AjaxReportQueryService.getFixDate.dwr HTTP/1.1" 200 111
180.157.253.48 - - [01/Dec/2020:09:07:33 +0800] "GET /xingrg/all/function/internal_message.html?_=1606784854790&CODE_STATE=getMsg HTTP/1.1" 200 27
222.69.137.116 - - [01/Dec/2020:09:07:33 +0800] "GET /xingrg/kc/buy/cgsh_order_info.html?code=212020120100045 HTTP/1.1" 200 55763
114.84.37.38 - - [01/Dec/2020:09:07:33 +0800] "GET /xingrg/css/table.css HTTP/1.1" 304 -
114.84.37.38 - - [01/Dec/2020:09:07:33 +0800] "GET /xingrg/javascript/pic_change.js HTTP/1.1" 304 -
114.84.37.38 - - [01/Dec/2020:09:07:33 +0800] "GET /xingrg/dwr/util.js HTTP/1.1" 304 -
114.84.37.38 - - [01/Dec/2020:09:07:33 +0800] "GET /xingrg/javascript/AjaxInfoList.js HTTP/1.1" 304 -
114.84.37.38 - - [01/Dec/2020:09:07:33 +0800] "GET /xingrg/kc/base/check_order_info.html?code=452020113000413 HTTP/1.1" 200 26400
114.84.37.38 - - [01/Dec/2020:09:07:33 +0800] "GET /xingrg/javascript/Calendar.js HTTP/1.1" 304 -
114.84.37.38 - - [01/Dec/2020:09:07:33 +0800] "GET /xingrg/javascript/print/kc_print.js HTTP/1.1" 304 -
114.84.37.38 - - [01/Dec/2020:09:07:33 +0800] "GET /xingrg/javascript/print/LodopFuncs.js HTTP/1.1" 304 -
114.84.37.38 - - [01/Dec/2020:09:07:33 +0800] "GET /xingrg/javascript/convert.js HTTP/1.1" 304 -
114.84.37.38 - - [01/Dec/2020:09:07:33 +0800] "GET /xingrg/dwr/interface/AjaxCheckService.js HTTP/1.1" 200 14003
114.84.37.38 - - [01/Dec/2020:09:07:33 +0800] "GET /xingrg/dwr/interface/AjaxComOrderService.js HTTP/1.1" 200 18264
114.84.37.38 - - [01/Dec/2020:09:07:33 +0800] "GET /xingrg/dwr/engine.js HTTP/1.1" 200 43631
222.69.137.116 - - [01/Dec/2020:09:07:33 +0800] "GET /xingrg/javascript/easyui/themes/default/validatebox.css HTTP/1.1" 404 1104
222.69.137.116 - - [01/Dec/2020:09:07:34 +0800] "POST /xingrg/kc/buy/cgsh_order_operate.html HTTP/1.1" 200 25441
116.228.172.94 - - [01/Dec/2020:09:07:35 +0800] "POST /xingrg/dwr/call/plaincall/AjaxCheckService.setItemNumber.dwr HTTP/1.1" 200 78
114.84.37.38 - - [01/Dec/2020:09:07:35 +0800] "POST /xingrg/dwr/call/plaincall/AjaxCheckService.loadOrderItems.dwr HTTP/1.1" 200 123317
114.84.37.38 - - [01/Dec/2020:09:07:35 +0800] "GET /xingrg/javascript/jquery_easy_ui/themes/icons/no.png HTTP/1.1" 304 -
116.228.172.94 - - [01/Dec/2020:09:07:36 +0800] "POST /xingrg/dwr/call/plaincall/AjaxCheckService.setItemNumber.dwr HTTP/1.1" 200 78
114.84.37.38 - - [01/Dec/2020:09:07:36 +0800] "GET /xingrg/all/function/internal_message.html?_=1606784861518&CODE_STATE=getMsg HTTP/1.1" 302 -
116.228.172.94 - - [01/Dec/2020:09:07:36 +0800] "POST /xingrg/dwr/call/plaincall/AjaxCheckService.setItemNumber.dwr HTTP/1.1" 200 78
116.228.172.94 - - [01/Dec/2020:09:07:37 +0800] "POST /xingrg/dwr/call/plaincall/AjaxCheckService.setItemNumber.dwr HTTP/1.1" 200 78
180.162.223.42 - - [01/Dec/2020:09:07:37 +0800] "GET /xingrg/kc/buy/cgsh_order_operate.html?command=get_materiel&rest_code=00105&code=00101008126&supplier_code=00100203&order_time=2020-12-01 HTTP/1.1" 200 412
117.185.32.26 - - [01/Dec/2020:09:07:37 +0800] "GET /xingrg/all/function/internal_message.html?_=1606785287411&CODE_STATE=getMsg HTTP/1.1" 200 27
116.228.172.94 - - [01/Dec/2020:09:07:37 +0800] "POST /xingrg/dwr/call/plaincall/AjaxCheckService.setItemNumber.dwr HTTP/1.1" 200 78
120.253.135.82 - - [01/Dec/2020:09:07:37 +0800] "GET /xingrg/all/function/internal_message.html?_=1606784971044&CODE_STATE=getMsg HTTP/1.1" 200 27
116.228.172.94 - - [01/Dec/2020:09:07:38 +0800] "POST /xingrg/dwr/call/plaincall/AjaxCheckService.setItemNumber.dwr HTTP/1.1" 200 78
116.228.172.94 - - [01/Dec/2020:09:07:39 +0800] "POST /xingrg/dwr/call/plaincall/AjaxCheckService.setItemNumber.dwr HTTP/1.1" 200 78
222.69.137.116 - - [01/Dec/2020:09:07:39 +0800] "GET /xingrg/kc/print/load_data.html?order_code=212020120100045&kc_code=cgsh&condition= HTTP/1.1" 200 10150
116.228.172.94 - - [01/Dec/2020:09:07:39 +0800] "POST /xingrg/dwr/call/plaincall/AjaxCheckService.setItemNumber.dwr HTTP/1.1" 200 78
116.228.172.94 - - [01/Dec/2020:09:07:40 +0800] "POST /xingrg/dwr/call/plaincall/AjaxCheckService.setItemNumber.dwr HTTP/1.1" 200 78
116.228.172.94 - - [01/Dec/2020:09:07:40 +0800] "POST /xingrg/dwr/call/plaincall/AjaxCheckService.setItemNumber.dwr HTTP/1.1" 200 78
116.228.172.94 - - [01/Dec/2020:09:07:41 +0800] "POST /xingrg/dwr/call/plaincall/AjaxCheckService.setItemNumber.dwr HTTP/1.1" 200 78
116.228.172.94 - - [01/Dec/2020:09:07:41 +0800] "POST /xingrg/dwr/call/plaincall/AjaxCheckService.setItemNumber.dwr HTTP/1.1" 200 78
116.228.172.94 - - [01/Dec/2020:09:07:41 +0800] "POST /xingrg/dwr/call/plaincall/AjaxCheckService.setItemNumber.dwr HTTP/1.1" 200 78
116.228.172.94 - - [01/Dec/2020:09:07:42 +0800] "POST /xingrg/dwr/call/plaincall/AjaxCheckService.setItemNumber.dwr HTTP/1.1" 200 78
116.228.172.94 - - [01/Dec/2020:09:07:43 +0800] "POST /xingrg/dwr/call/plaincall/AjaxCheckService.setItemNumber.dwr HTTP/1.1" 200 78
116.228.172.94 - - [01/Dec/2020:09:07:43 +0800] "POST /xingrg/dwr/call/plaincall/AjaxCheckService.setItemNumber.dwr HTTP/1.1" 200 78
114.84.37.38 - - [01/Dec/2020:09:07:44 +0800] "GET /xingrg/javascript/jquery_tools/images/next.gif HTTP/1.1" 404 1086
114.84.37.38 - - [01/Dec/2020:09:07:44 +0800] "GET /xingrg/javascript/jquery_tools/images/prev.gif HTTP/1.1" 404 1086
116.228.172.94 - - [01/Dec/2020:09:07:44 +0800] "POST /xingrg/dwr/call/plaincall/AjaxCheckService.setItemNumber.dwr HTTP/1.1" 200 78
116.228.172.94 - - [01/Dec/2020:09:07:44 +0800] "POST /xingrg/dwr/call/plaincall/AjaxCheckService.setItemNumber.dwr HTTP/1.1" 200 78
117.184.7.26 - - [01/Dec/2020:09:07:45 +0800] "GET /xingrg/all/function/internal_message.html?_=1606784863126&CODE_STATE=getMsg HTTP/1.1" 200 27
116.228.172.94 - - [01/Dec/2020:09:07:45 +0800] "POST /xingrg/dwr/call/plaincall/AjaxCheckService.setItemNumber.dwr HTTP/1.1" 200 78
117.185.32.26 - - [01/Dec/2020:09:07:45 +0800] "POST /xingrg/dwr/call/plaincall/AjaxReportQueryService.refreshCache.dwr HTTP/1.1" 200 78
116.228.172.94 - - [01/Dec/2020:09:07:45 +0800] "POST /xingrg/dwr/call/plaincall/AjaxCheckService.setItemNumber.dwr HTTP/1.1" 200 78
116.228.172.94 - - [01/Dec/2020:09:07:46 +0800] "POST /xingrg/dwr/call/plaincall/AjaxCheckService.setItemNumber.dwr HTTP/1.1" 200 78
116.228.172.94 - - [01/Dec/2020:09:07:46 +0800] "POST /xingrg/dwr/call/plaincall/AjaxCheckService.setItemNumber.dwr HTTP/1.1" 200 78
117.185.32.26 - - [01/Dec/2020:09:07:47 +0800] "POST /xingrg/all/report/load_report_page.html HTTP/1.1" 200 8916
117.185.32.26 - - [01/Dec/2020:09:07:47 +0800] "GET /xingrg/servlets/image?cache=0.580919286304566&image=px HTTP/1.1" 200 807
116.228.172.94 - - [01/Dec/2020:09:07:47 +0800] "POST /xingrg/dwr/call/plaincall/AjaxCheckService.setItemNumber.dwr HTTP/1.1" 200 78
116.228.172.94 - - [01/Dec/2020:09:07:47 +0800] "POST /xingrg/dwr/call/plaincall/AjaxCheckService.setItemNumber.dwr HTTP/1.1" 200 78
117.185.32.26 - - [01/Dec/2020:09:07:48 +0800] "GET /xingrg/all/function/internal_message.html?_=1606784858100&CODE_STATE=getMsg HTTP/1.1" 200 27
116.228.172.94 - - [01/Dec/2020:09:07:48 +0800] "POST /xingrg/dwr/call/plaincall/AjaxCheckService.setItemNumber.dwr HTTP/1.1" 200 78
180.162.223.42 - - [01/Dec/2020:09:07:48 +0800] "GET /xingrg/all/function/internal_message.html?_=1606784870138&CODE_STATE=getMsg HTTP/1.1" 200 27
116.228.172.94 - - [01/Dec/2020:09:07:48 +0800] "POST /xingrg/dwr/call/plaincall/AjaxCheckService.setItemNumber.dwr HTTP/1.1" 200 78
116.228.172.94 - - [01/Dec/2020:09:07:49 +0800] "POST /xingrg/dwr/call/plaincall/AjaxCheckService.setItemNumber.dwr HTTP/1.1" 200 78
222.69.133.109 - - [01/Dec/2020:09:07:49 +0800] "GET /xingrg/kc/buy/cgsh_order_operate.html?command=get_materiel&rest_code=00154&code=00101008264&supplier_code=00100417&order_time=2020-11-30 HTTP/1.1" 200 412
116.228.172.94 - - [01/Dec/2020:09:07:49 +0800] "POST /xingrg/dwr/call/plaincall/AjaxCheckService.setItemNumber.dwr HTTP/1.1" 200 78
116.228.172.94 - - [01/Dec/2020:09:07:50 +0800] "POST /xingrg/dwr/call/plaincall/AjaxCheckService.setItemNumber.dwr HTTP/1.1" 200 78
58.40.7.146 - - [01/Dec/2020:09:07:51 +0800] "GET /xingrg/all/function/internal_message.html?_=1606784870204&CODE_STATE=getMsg HTTP/1.1" 200 27
117.185.32.26 - - [01/Dec/2020:09:07:51 +0800] "GET /xingrg/all/report/report_query.html?isQuery=1&fileName=kc/buy/wlcg_cate_hz.xml&queryString=(CONVERT(char(10)%252Ca.order_time%252C%2520120)%253E%253D'2020-11-01')%2520and%2520(CONVERT(char(10)%252Ca.order_time%252C%2520120)%253C%253D'2020-11-30')%2520and%2520(a.supplier_code%2520in%2520('00100002'))%2520and%2520(a.supplier_code%253D'00100002')&queryText=%25E3%2580%2590%25E9%2587%2587%25E8%25B4%25AD%25E6%2597%25A5%25E6%259C%259F%253A2020-11-01%2520%25E8%2587%25B3%25202020-11-30%25E3%2580%2591%2520%25E5%25B9%25B6%25E4%25B8%2594%2520%2520%25E3%2580%2590%25E4%25BE%259B%25E5%25BA%2594%25E5%2595%2586%2520%253D%2520%25E5%25AE%25B6%25E7%25A6%25BD%25EF%25BC%2588%25E5%2590%25B4%25E9%2582%25A6%25E5%25AE%258F%25EF%25BC%2589%25E3%2580%2591%2520%25E5%25B9%25B6%25E4%25B8%2594%2520%25E3%2580%2590%25E4%25BE%259B%25E5%25BA%2594%25E5%2595%2586%253D%25E5%25AE%25B6%25E7%25A6%25BD%25EF%25BC%2588%25E5%2590%25B4%25E9%2582%25A6%25E5%25AE%258F%25EF%25BC%2589%25E3%2580%2591 HTTP/1.1" 200 54465
116.224.233.8 - - [01/Dec/2020:09:07:51 +0800] "GET /xingrg/all/function/internal_message.html?_=1606784870070&CODE_STATE=getMsg HTTP/1.1" 200 27
116.224.233.8 - - [01/Dec/2020:09:07:51 +0800] "GET /xingrg/check_reg.html?_=1606784870070 HTTP/1.1" 200 22
117.185.32.26 - - [01/Dec/2020:09:07:51 +0800] "GET /xingrg/dwr/interface/AjaxReportQueryService.js HTTP/1.1" 200 13203
116.228.172.94 - - [01/Dec/2020:09:07:51 +0800] "POST /xingrg/dwr/call/plaincall/AjaxCheckService.setItemNumber.dwr HTTP/1.1" 200 78
117.185.32.26 - - [01/Dec/2020:09:07:51 +0800] "GET /xingrg/dwr/engine.js HTTP/1.1" 200 43631
116.228.172.94 - - [01/Dec/2020:09:07:51 +0800] "POST /xingrg/dwr/call/plaincall/AjaxCheckService.setItemNumber.dwr HTTP/1.1" 200 78
116.228.172.94 - - [01/Dec/2020:09:07:52 +0800] "POST /xingrg/dwr/call/plaincall/AjaxCheckService.setItemNumber.dwr HTTP/1.1" 200 78
116.228.172.94 - - [01/Dec/2020:09:07:52 +0800] "POST /xingrg/dwr/call/plaincall/AjaxCheckService.setItemNumber.dwr HTTP/1.1" 200 78
114.88.175.227 - - [01/Dec/2020:09:07:53 +0800] "GET /xingrg/all/function/internal_message.html?_=1606784993666&CODE_STATE=getMsg HTTP/1.1" 200 27
180.162.223.42 - - [01/Dec/2020:09:07:53 +0800] "GET /xingrg/kc/buy/cgsh_order_operate.html?command=get_materiel&rest_code=00105&code=00101008087&supplier_code=00100203&order_time=2020-12-01 HTTP/1.1" 200 412
117.185.32.26 - - [01/Dec/2020:09:07:53 +0800] "POST /xingrg/all/report/load_report_page.html HTTP/1.1" 200 8725
117.185.32.26 - - [01/Dec/2020:09:07:53 +0800] "GET /xingrg/servlets/image?cache=0.24292534993759918&image=px HTTP/1.1" 200 807
116.228.172.94 - - [01/Dec/2020:09:07:53 +0800] "POST /xingrg/dwr/call/plaincall/AjaxCheckService.setItemNumber.dwr HTTP/1.1" 200 78
116.228.172.94 - - [01/Dec/2020:09:07:54 +0800] "POST /xingrg/dwr/call/plaincall/AjaxCheckService.setItemNumber.dwr HTTP/1.1" 200 78
116.228.172.94 - - [01/Dec/2020:09:07:55 +0800] "POST /xingrg/dwr/call/plaincall/AjaxCheckService.setItemNumber.dwr HTTP/1.1" 200 78
116.228.172.94 - - [01/Dec/2020:09:07:57 +0800] "POST /xingrg/dwr/call/plaincall/AjaxCheckService.setItemNumber.dwr HTTP/1.1" 200 78
116.228.172.94 - - [01/Dec/2020:09:07:58 +0800] "POST /xingrg/dwr/call/plaincall/AjaxCheckService.setItemNumber.dwr HTTP/1.1" 200 78
116.228.172.94 - - [01/Dec/2020:09:07:59 +0800] "POST /xingrg/dwr/call/plaincall/AjaxCheckService.setItemNumber.dwr HTTP/1.1" 200 78
114.88.159.147 - - [01/Dec/2020:09:07:59 +0800] "GET /xingrg/all/function/internal_message.html?_=1606784883150&CODE_STATE=getMsg HTTP/1.1" 200 27
116.228.172.94 - - [01/Dec/2020:09:08:00 +0800] "POST /xingrg/dwr/call/plaincall/AjaxCheckService.setItemNumber.dwr HTTP/1.1" 200 78
222.69.137.116 - - [01/Dec/2020:09:08:00 +0800] "GET /xingrg/all/function/internal_message.html?_=1606784879286&CODE_STATE=getMsg HTTP/1.1" 200 27
116.228.172.94 - - [01/Dec/2020:09:08:00 +0800] "POST /xingrg/dwr/call/plaincall/AjaxCheckService.setItemNumber.dwr HTTP/1.1" 200 78
116.228.172.94 - - [01/Dec/2020:09:08:01 +0800] "POST /xingrg/dwr/call/plaincall/AjaxCheckService.setItemNumber.dwr HTTP/1.1" 200 78
116.228.172.94 - - [01/Dec/2020:09:08:02 +0800] "POST /xingrg/dwr/call/plaincall/AjaxCheckService.setItemNumber.dwr HTTP/1.1" 200 78
180.162.223.42 - - [01/Dec/2020:09:08:02 +0800] "GET /xingrg/kc/buy/cgsh_order_operate.html?command=get_materiel&rest_code=00105&code=00101008361&supplier_code=00100203&order_time=2020-12-01 HTTP/1.1" 200 408
180.157.253.48 - - [01/Dec/2020:09:08:03 +0800] "POST /xingrg/dwr/call/plaincall/AjaxCheckService.setItemNumber.dwr HTTP/1.1" 200 78
222.69.133.109 - - [01/Dec/2020:09:08:03 +0800] "GET /xingrg/kc/buy/cgsh_order_operate.html?command=get_materiel&rest_code=00154&code=00101008205&supplier_code=00100417&order_time=2020-11-30 HTTP/1.1" 200 412
114.88.159.147 - - [01/Dec/2020:09:08:03 +0800] "GET /xingrg/all/function/internal_message.html?_=1606784466766&CODE_STATE=getMsg HTTP/1.1" 200 27
116.228.172.94 - - [01/Dec/2020:09:08:06 +0800] "POST /xingrg/dwr/call/plaincall/AjaxCheckService.setItemNumber.dwr HTTP/1.1" 200 78
117.185.32.26 - - [01/Dec/2020:09:08:08 +0800] "POST /xingrg/all/report/load_report_page.html HTTP/1.1" 200 53485
117.185.32.26 - - [01/Dec/2020:09:08:08 +0800] "GET /xingrg/servlets/image?cache=0.061558343132558146&image=px HTTP/1.1" 200 807
180.174.56.115 - - [01/Dec/2020:09:08:09 +0800] "GET /xingrg/all/function/internal_message.html?_=1606784889567&CODE_STATE=getMsg HTTP/1.1" 200 27
116.228.172.94 - - [01/Dec/2020:09:08:09 +0800] "POST /xingrg/dwr/call/plaincall/AjaxCheckService.setItemNumber.dwr HTTP/1.1" 200 78
222.69.133.109 - - [01/Dec/2020:09:08:09 +0800] "GET /xingrg/check_reg.html?_=1606784889655 HTTP/1.1" 200 22
116.228.172.94 - - [01/Dec/2020:09:08:10 +0800] "POST /xingrg/dwr/call/plaincall/AjaxCheckService.setItemNumber.dwr HTTP/1.1" 200 78
116.228.172.94 - - [01/Dec/2020:09:08:10 +0800] "POST /xingrg/dwr/call/plaincall/AjaxCheckService.setItemNumber.dwr HTTP/1.1" 200 78
180.162.223.42 - - [01/Dec/2020:09:08:13 +0800] "GET /xingrg/kc/buy/cgsh_order_operate.html?command=get_materiel&rest_code=00105&code=00101008201&supplier_code=00100203&order_time=2020-12-01 HTTP/1.1" 200 412
120.253.135.82 - - [01/Dec/2020:09:08:13 +0800] "GET /xingrg/all/function/internal_message.html?_=1606784938169&CODE_STATE=getMsg HTTP/1.1" 200 27
116.228.172.94 - - [01/Dec/2020:09:08:14 +0800] "POST /xingrg/dwr/call/plaincall/AjaxCheckService.setItemNumber.dwr HTTP/1.1" 200 78
117.185.32.26 - - [01/Dec/2020:09:08:14 +0800] "POST /xingrg/all/report/report_print.html HTTP/1.1" 200 8724
116.228.172.94 - - [01/Dec/2020:09:08:15 +0800] "POST /xingrg/dwr/call/plaincall/AjaxCheckService.setItemNumber.dwr HTTP/1.1" 200 78
116.228.172.94 - - [01/Dec/2020:09:08:16 +0800] "POST /xingrg/dwr/call/plaincall/AjaxCheckService.setItemNumber.dwr HTTP/1.1" 200 78
117.131.5.26 - - [01/Dec/2020:09:08:17 +0800] "GET /xingrg/all/function/internal_message.html?_=1606784932844&CODE_STATE=getMsg HTTP/1.1" 200 27
116.228.172.94 - - [01/Dec/2020:09:08:17 +0800] "POST /xingrg/dwr/call/plaincall/AjaxCheckService.setItemNumber.dwr HTTP/1.1" 200 78
116.228.172.94 - - [01/Dec/2020:09:08:17 +0800] "POST /xingrg/dwr/call/plaincall/AjaxCheckService.setItemNumber.dwr HTTP/1.1" 200 78
116.228.172.94 - - [01/Dec/2020:09:08:18 +0800] "POST /xingrg/dwr/call/plaincall/AjaxCheckService.setItemNumber.dwr HTTP/1.1" 200 78
116.228.172.94 - - [01/Dec/2020:09:08:18 +0800] "POST /xingrg/dwr/call/plaincall/AjaxCheckService.setItemNumber.dwr HTTP/1.1" 200 78
116.228.172.94 - - [01/Dec/2020:09:08:19 +0800] "POST /xingrg/dwr/call/plaincall/AjaxCheckService.setItemNumber.dwr HTTP/1.1" 200 78
116.228.172.94 - - [01/Dec/2020:09:08:22 +0800] "POST /xingrg/dwr/call/plaincall/AjaxCheckService.setItemNumber.dwr HTTP/1.1" 200 78
114.88.175.227 - - [01/Dec/2020:09:08:22 +0800] "GET /xingrg/all/function/internal_message.html?_=1606784899080&CODE_STATE=getMsg HTTP/1.1" 200 27
116.228.172.94 - - [01/Dec/2020:09:08:22 +0800] "POST /xingrg/dwr/call/plaincall/AjaxCheckService.setItemNumber.dwr HTTP/1.1" 200 78
116.228.172.94 - - [01/Dec/2020:09:08:23 +0800] "POST /xingrg/dwr/call/plaincall/AjaxCheckService.setItemNumber.dwr HTTP/1.1" 200 78
116.228.172.94 - - [01/Dec/2020:09:08:23 +0800] "GET /xingrg/all/function/internal_message.html?_=1606784901229&CODE_STATE=getMsg HTTP/1.1" 200 27
116.228.172.94 - - [01/Dec/2020:09:08:23 +0800] "POST /xingrg/dwr/call/plaincall/AjaxCheckService.setItemNumber.dwr HTTP/1.1" 200 78
116.228.172.94 - - [01/Dec/2020:09:08:24 +0800] "POST /xingrg/dwr/call/plaincall/AjaxCheckService.setItemNumber.dwr HTTP/1.1" 200 78
116.228.172.94 - - [01/Dec/2020:09:08:24 +0800] "POST /xingrg/dwr/call/plaincall/AjaxCheckService.setItemNumber.dwr HTTP/1.1" 200 78
114.84.37.38 - - [01/Dec/2020:09:08:25 +0800] "GET /xingrg/all/function/internal_message.html?_=1606784909678&CODE_STATE=getMsg HTTP/1.1" 200 27
116.228.172.94 - - [01/Dec/2020:09:08:25 +0800] "POST /xingrg/dwr/call/plaincall/AjaxCheckService.setItemNumber.dwr HTTP/1.1" 200 78
116.228.172.94 - - [01/Dec/2020:09:08:25 +0800] "POST /xingrg/dwr/call/plaincall/AjaxCheckService.setItemNumber.dwr HTTP/1.1" 200 78
116.228.172.94 - - [01/Dec/2020:09:08:26 +0800] "POST /xingrg/dwr/call/plaincall/AjaxCheckService.setItemNumber.dwr HTTP/1.1" 200 78
116.228.172.94 - - [01/Dec/2020:09:08:26 +0800] "POST /xingrg/dwr/call/plaincall/AjaxCheckService.setItemNumber.dwr HTTP/1.1" 200 78
180.162.223.42 - - [01/Dec/2020:09:08:27 +0800] "GET /xingrg/kc/buy/cgsh_order_operate.html?command=get_materiel&rest_code=00105&code=00101008357&supplier_code=00100203&order_time=2020-12-01 HTTP/1.1" 200 408
116.228.172.94 - - [01/Dec/2020:09:08:27 +0800] "POST /xingrg/dwr/call/plaincall/AjaxCheckService.setItemNumber.dwr HTTP/1.1" 200 78
116.228.172.94 - - [01/Dec/2020:09:08:28 +0800] "POST /xingrg/dwr/call/plaincall/AjaxCheckService.setItemNumber.dwr HTTP/1.1" 200 78
116.228.172.94 - - [01/Dec/2020:09:08:28 +0800] "POST /xingrg/dwr/call/plaincall/AjaxCheckService.setItemNumber.dwr HTTP/1.1" 200 78
116.228.172.94 - - [01/Dec/2020:09:08:29 +0800] "POST /xingrg/dwr/call/plaincall/AjaxCheckService.setItemNumber.dwr HTTP/1.1" 200 78
116.228.172.94 - - [01/Dec/2020:09:08:29 +0800] "POST /xingrg/dwr/call/plaincall/AjaxCheckService.setItemNumber.dwr HTTP/1.1" 200 78
116.228.172.94 - - [01/Dec/2020:09:08:30 +0800] "POST /xingrg/dwr/call/plaincall/AjaxCheckService.setItemNumber.dwr HTTP/1.1" 200 78
114.84.37.38 - - [01/Dec/2020:09:08:31 +0800] "POST /xingrg/dwr/call/plaincall/AjaxCheckService.setItemNumber.dwr HTTP/1.1" 200 76
116.228.172.94 - - [01/Dec/2020:09:08:31 +0800] "POST /xingrg/dwr/call/plaincall/AjaxCheckService.setItemNumber.dwr HTTP/1.1" 200 78
222.69.133.109 - - [01/Dec/2020:09:08:31 +0800] "POST /xingrg/kc/buy/cgsh_order_operate.html HTTP/1.1" 200 2065
116.228.172.94 - - [01/Dec/2020:09:08:31 +0800] "POST /xingrg/dwr/call/plaincall/AjaxCheckService.setItemNumber.dwr HTTP/1.1" 200 78
116.228.172.94 - - [01/Dec/2020:09:08:32 +0800] "POST /xingrg/dwr/call/plaincall/AjaxCheckService.setItemNumber.dwr HTTP/1.1" 200 78
116.228.172.94 - - [01/Dec/2020:09:08:32 +0800] "POST /xingrg/dwr/call/plaincall/AjaxCheckService.setItemNumber.dwr HTTP/1.1" 200 78
180.157.253.48 - - [01/Dec/2020:09:08:33 +0800] "GET /xingrg/all/function/internal_message.html?_=1606784914802&CODE_STATE=getMsg HTTP/1.1" 200 27
116.228.172.94 - - [01/Dec/2020:09:08:33 +0800] "POST /xingrg/dwr/call/plaincall/AjaxCheckService.setItemNumber.dwr HTTP/1.1" 200 78
116.228.172.94 - - [01/Dec/2020:09:08:33 +0800] "POST /xingrg/dwr/call/plaincall/AjaxCheckService.setItemNumber.dwr HTTP/1.1" 200 78
116.228.172.94 - - [01/Dec/2020:09:08:34 +0800] "POST /xingrg/dwr/call/plaincall/AjaxCheckService.setItemNumber.dwr HTTP/1.1" 200 78
116.228.172.94 - - [01/Dec/2020:09:08:34 +0800] "POST /xingrg/dwr/call/plaincall/AjaxCheckService.setItemNumber.dwr HTTP/1.1" 200 78
117.131.5.26 - - [01/Dec/2020:09:08:35 +0800] "POST /xingrg/dwr/call/plaincall/AjaxCheckService.setItemNumber.dwr HTTP/1.1" 200 77
116.228.172.94 - - [01/Dec/2020:09:08:35 +0800] "POST /xingrg/dwr/call/plaincall/AjaxCheckService.setItemNumber.dwr HTTP/1.1" 200 78
114.84.37.38 - - [01/Dec/2020:09:08:36 +0800] "GET /xingrg/check_reg.html?_=1606784921467 HTTP/1.1" 302 -
114.84.37.38 - - [01/Dec/2020:09:08:36 +0800] "GET /xingrg/all/function/internal_message.html?_=1606784921530&CODE_STATE=getMsg HTTP/1.1" 302 -
117.185.32.26 - - [01/Dec/2020:09:08:37 +0800] "GET /xingrg/all/function/internal_message.html?_=1606785347417&CODE_STATE=getMsg HTTP/1.1" 200 27
120.253.135.82 - - [01/Dec/2020:09:08:37 +0800] "GET /xingrg/all/function/internal_message.html?_=1606785031046&CODE_STATE=getMsg HTTP/1.1" 200 27
116.228.172.94 - - [01/Dec/2020:09:08:37 +0800] "POST /xingrg/dwr/call/plaincall/AjaxCheckService.setItemNumber.dwr HTTP/1.1" 200 78
117.131.5.26 - - [01/Dec/2020:09:08:38 +0800] "POST /xingrg/dwr/call/plaincall/AjaxCheckService.setItemNumber.dwr HTTP/1.1" 200 77
117.131.5.26 - - [01/Dec/2020:09:08:40 +0800] "POST /xingrg/dwr/call/plaincall/AjaxCheckService.setItemNumber.dwr HTTP/1.1" 200 77
114.84.37.38 - - [01/Dec/2020:09:08:40 +0800] "POST /xingrg/dwr/call/plaincall/AjaxCheckService.setItemNumber.dwr HTTP/1.1" 200 76
116.228.172.94 - - [01/Dec/2020:09:08:40 +0800] "POST /xingrg/dwr/call/plaincall/AjaxCheckService.setItemNumber.dwr HTTP/1.1" 200 78
117.131.5.26 - - [01/Dec/2020:09:08:41 +0800] "POST /xingrg/dwr/call/plaincall/AjaxCheckService.setItemNumber.dwr HTTP/1.1" 200 77
116.228.172.94 - - [01/Dec/2020:09:08:41 +0800] "POST /xingrg/dwr/call/plaincall/AjaxCheckService.setItemNumber.dwr HTTP/1.1" 200 78
116.228.172.94 - - [01/Dec/2020:09:08:41 +0800] "POST /xingrg/dwr/call/plaincall/AjaxCheckService.setItemNumber.dwr HTTP/1.1" 200 78
116.228.172.94 - - [01/Dec/2020:09:08:42 +0800] "POST /xingrg/dwr/call/plaincall/AjaxCheckService.setItemNumber.dwr HTTP/1.1" 200 78
116.228.172.94 - - [01/Dec/2020:09:08:42 +0800] "POST /xingrg/dwr/call/plaincall/AjaxCheckService.setItemNumber.dwr HTTP/1.1" 200 78
116.228.172.94 - - [01/Dec/2020:09:08:43 +0800] "POST /xingrg/dwr/call/plaincall/AjaxCheckService.setItemNumber.dwr HTTP/1.1" 200 78
114.84.37.38 - - [01/Dec/2020:09:08:43 +0800] "POST /xingrg/dwr/call/plaincall/AjaxCheckService.setItemNumber.dwr HTTP/1.1" 200 76
116.228.172.94 - - [01/Dec/2020:09:08:43 +0800] "POST /xingrg/dwr/call/plaincall/AjaxCheckService.setItemNumber.dwr HTTP/1.1" 200 78
42.236.10.114 - - [01/Dec/2020:09:08:44 +0800] "GET / HTTP/1.1" 404 -
116.228.172.94 - - [01/Dec/2020:09:08:44 +0800] "POST /xingrg/dwr/call/plaincall/AjaxCheckService.setItemNumber.dwr HTTP/1.1" 200 78
117.184.7.26 - - [01/Dec/2020:09:08:44 +0800] "GET /xingrg/all/function/internal_message.html?_=1606784923115&CODE_STATE=getMsg HTTP/1.1" 200 27
116.228.172.94 - - [01/Dec/2020:09:08:44 +0800] "POST /xingrg/dwr/call/plaincall/AjaxCheckService.setItemNumber.dwr HTTP/1.1" 200 78
116.228.172.94 - - [01/Dec/2020:09:08:45 +0800] "POST /xingrg/dwr/call/plaincall/AjaxCheckService.setItemNumber.dwr HTTP/1.1" 200 78
114.84.37.38 - - [01/Dec/2020:09:08:45 +0800] "POST /xingrg/dwr/call/plaincall/AjaxCheckService.setItemNumber.dwr HTTP/1.1" 200 76
114.84.37.38 - - [01/Dec/2020:09:08:47 +0800] "POST /xingrg/dwr/call/plaincall/AjaxCheckService.setItemNumber.dwr HTTP/1.1" 200 76
180.162.223.42 - - [01/Dec/2020:09:08:47 +0800] "POST /xingrg/kc/buy/cgsh_order_operate.html HTTP/1.1" 200 2065
117.185.32.26 - - [01/Dec/2020:09:08:48 +0800] "GET /xingrg/all/function/internal_message.html?_=1606784918086&CODE_STATE=getMsg HTTP/1.1" 200 27
180.162.223.42 - - [01/Dec/2020:09:08:48 +0800] "GET /xingrg/all/function/internal_message.html?_=1606784930168&CODE_STATE=getMsg HTTP/1.1" 200 27
114.84.37.38 - - [01/Dec/2020:09:08:49 +0800] "POST /xingrg/dwr/call/plaincall/AjaxCheckService.setItemNumber.dwr HTTP/1.1" 200 76
114.84.37.38 - - [01/Dec/2020:09:08:50 +0800] "POST /xingrg/dwr/call/plaincall/AjaxCheckService.setItemNumber.dwr HTTP/1.1" 200 76
42.236.10.114 - - [01/Dec/2020:09:08:50 +0800] "GET / HTTP/1.1" 404 -
222.69.133.109 - - [01/Dec/2020:09:08:50 +0800] "GET /xingrg/kc/buy/cgsh_order_operate.html?command=get_materiel&rest_code=00154&code=00101008356&supplier_code=00100417&order_time=2020-11-30 HTTP/1.1" 200 408
116.228.172.94 - - [01/Dec/2020:09:08:50 +0800] "POST /xingrg/dwr/call/plaincall/AjaxCheckService.setItemNumber.dwr HTTP/1.1" 200 78
58.40.7.146 - - [01/Dec/2020:09:08:51 +0800] "GET /xingrg/all/function/internal_message.html?_=1606784930207&CODE_STATE=getMsg HTTP/1.1" 200 27
114.84.37.38 - - [01/Dec/2020:09:08:51 +0800] "POST /xingrg/dwr/call/plaincall/AjaxCheckService.setItemNumber.dwr HTTP/1.1" 200 76
116.224.233.8 - - [01/Dec/2020:09:08:51 +0800] "GET /xingrg/all/function/internal_message.html?_=1606784930070&CODE_STATE=getMsg HTTP/1.1" 200 27
114.84.37.38 - - [01/Dec/2020:09:08:52 +0800] "POST /xingrg/dwr/call/plaincall/AjaxCheckService.setItemNumber.dwr HTTP/1.1" 200 76
116.228.172.94 - - [01/Dec/2020:09:08:52 +0800] "POST /xingrg/dwr/call/plaincall/AjaxCheckService.setItemNumber.dwr HTTP/1.1" 200 78
114.84.37.38 - - [01/Dec/2020:09:08:52 +0800] "POST /xingrg/dwr/call/plaincall/AjaxCheckService.setItemNumber.dwr HTTP/1.1" 200 77
114.88.175.227 - - [01/Dec/2020:09:08:53 +0800] "GET /xingrg/all/function/internal_message.html?_=1606785053664&CODE_STATE=getMsg HTTP/1.1" 200 27
116.228.172.94 - - [01/Dec/2020:09:08:53 +0800] "POST /xingrg/dwr/call/plaincall/AjaxCheckService.setItemNumber.dwr HTTP/1.1" 200 78
114.84.37.38 - - [01/Dec/2020:09:08:54 +0800] "POST /xingrg/dwr/call/plaincall/AjaxCheckService.setItemNumber.dwr HTTP/1.1" 200 77
114.84.37.38 - - [01/Dec/2020:09:08:55 +0800] "POST /xingrg/dwr/call/plaincall/AjaxCheckService.setItemNumber.dwr HTTP/1.1" 200 77
114.84.37.38 - - [01/Dec/2020:09:08:56 +0800] "POST /xingrg/dwr/call/plaincall/AjaxCheckService.setItemNumber.dwr HTTP/1.1" 200 77
114.84.37.38 - - [01/Dec/2020:09:08:58 +0800] "POST /xingrg/dwr/call/plaincall/AjaxCheckService.setItemNumber.dwr HTTP/1.1" 200 77
114.84.37.38 - - [01/Dec/2020:09:08:59 +0800] "POST /xingrg/dwr/call/plaincall/AjaxCheckService.setItemNumber.dwr HTTP/1.1" 200 77
114.88.159.147 - - [01/Dec/2020:09:08:59 +0800] "GET /xingrg/all/function/internal_message.html?_=1606784943149&CODE_STATE=getMsg HTTP/1.1" 200 27
114.84.37.38 - - [01/Dec/2020:09:09:00 +0800] "POST /xingrg/dwr/call/plaincall/AjaxCheckService.setItemNumber.dwr HTTP/1.1" 200 77
222.69.137.116 - - [01/Dec/2020:09:09:00 +0800] "GET /xingrg/all/function/internal_message.html?_=1606784939294&CODE_STATE=getMsg HTTP/1.1" 200 27
222.69.137.116 - - [01/Dec/2020:09:09:00 +0800] "GET /xingrg/check_reg.html?_=1606784939297 HTTP/1.1" 200 22
114.84.37.38 - - [01/Dec/2020:09:09:01 +0800] "POST /xingrg/dwr/call/plaincall/AjaxCheckService.setItemNumber.dwr HTTP/1.1" 200 77
61.151.178.236 - - [01/Dec/2020:09:09:01 +0800] "GET /xingrg/all/function/internal_message.html?_=1606784463119&CODE_STATE=getMsg HTTP/1.1" 302 -
180.163.220.5 - - [01/Dec/2020:09:09:03 +0800] "GET / HTTP/1.1" 404 -
114.88.159.147 - - [01/Dec/2020:09:09:03 +0800] "GET /xingrg/all/function/internal_message.html?_=1606784526741&CODE_STATE=getMsg HTTP/1.1" 200 27
222.69.133.109 - - [01/Dec/2020:09:09:04 +0800] "GET /xingrg/kc/buy/cgsh_order_operate.html?command=get_materiel&rest_code=00154&code=00101008361&supplier_code=00100417&order_time=2020-11-30 HTTP/1.1" 200 408
114.84.37.38 - - [01/Dec/2020:09:09:07 +0800] "POST /xingrg/dwr/call/plaincall/AjaxCheckService.setItemNumber.dwr HTTP/1.1" 200 77
61.151.178.236 - - [01/Dec/2020:09:09:07 +0800] "GET /xingrg/login.html HTTP/1.1" 200 7641
180.163.220.3 - - [01/Dec/2020:09:09:08 +0800] "GET / HTTP/1.1" 404 -
114.84.37.38 - - [01/Dec/2020:09:09:09 +0800] "POST /xingrg/dwr/call/plaincall/AjaxCheckService.setItemNumber.dwr HTTP/1.1" 200 77
180.174.56.115 - - [01/Dec/2020:09:09:09 +0800] "GET /xingrg/all/function/internal_message.html?_=1606784949579&CODE_STATE=getMsg HTTP/1.1" 200 27
114.84.37.38 - - [01/Dec/2020:09:09:12 +0800] "POST /xingrg/dwr/call/plaincall/AjaxCheckService.setItemNumber.dwr HTTP/1.1" 200 77
120.253.135.82 - - [01/Dec/2020:09:09:12 +0800] "GET /xingrg/check_reg.html?_=1606784997086 HTTP/1.1" 200 22
120.253.135.82 - - [01/Dec/2020:09:09:13 +0800] "GET /xingrg/all/function/internal_message.html?_=1606784998182&CODE_STATE=getMsg HTTP/1.1" 200 27
114.84.37.38 - - [01/Dec/2020:09:09:14 +0800] "POST /xingrg/dwr/call/plaincall/AjaxCheckService.setItemNumber.dwr HTTP/1.1" 200 77
117.131.5.26 - - [01/Dec/2020:09:09:17 +0800] "GET /xingrg/all/function/internal_message.html?_=1606784992844&CODE_STATE=getMsg HTTP/1.1" 200 27
