180.174.56.115 - - [30/Nov/2020:08:55:50 +0800] "GET /xingrg/all/common/auto_word.html?type=employee&rest_code=00151 HTTP/1.1" 200 243
180.174.56.115 - - [30/Nov/2020:08:55:50 +0800] "GET /xingrg/javascript/easyui/themes/default/validatebox.css HTTP/1.1" 404 1104
180.174.56.115 - - [30/Nov/2020:08:55:50 +0800] "POST /xingrg/kc/buy/cgsh_order_operate.html HTTP/1.1" 200 8245
116.228.172.94 - - [30/Nov/2020:08:55:50 +0800] "GET /xingrg/kc/buy/cgsh_order_operate.html?command=get_materiel&rest_code=00107&code=00101007023&supplier_code=00100002&order_time=2020-11-30 HTTP/1.1" 200 409
120.253.135.82 - - [30/Nov/2020:08:55:51 +0800] "GET /xingrg/all/function/internal_message.html?_=1606697865986&CODE_STATE=getMsg HTTP/1.1" 200 27
180.174.56.115 - - [30/Nov/2020:08:55:51 +0800] "GET /xingrg/javascript/auto/indicator.gif HTTP/1.1" 404 1066
172.17.0.102 - - [30/Nov/2020:08:55:52 +0800] "GET /xingrg/all/function/internal_message.html?_=1606697752256&CODE_STATE=getMsg HTTP/1.1" 200 27
180.162.223.42 - - [30/Nov/2020:08:55:55 +0800] "GET /xingrg/kc/buy/cgsh_order_operate.html?command=get_materiel&rest_code=00105&code=00101008248&supplier_code=00100203&order_time=2020-11-30 HTTP/1.1" 200 412
180.174.56.115 - - [30/Nov/2020:08:55:58 +0800] "GET /xingrg/kc/buy/cgsh_order_operate.html?command=get_materiel&rest_code=00151&code=00101012039&supplier_code=00100007&order_time=2020-11-30 HTTP/1.1" 200 408
180.162.223.42 - - [30/Nov/2020:08:55:58 +0800] "POST /xingrg/kc/buy/cgsh_order_operate.html HTTP/1.1" 200 2065
180.162.223.42 - - [30/Nov/2020:08:55:59 +0800] "POST /xingrg/kc/buy/cgsh_order_operate.html HTTP/1.1" 200 2065
222.69.137.175 - - [30/Nov/2020:08:56:04 +0800] "GET /xingrg/kc/buy/cgsh_order_operate.html?command=get_materiel&rest_code=00149&code=00101008059&supplier_code=00100005&order_time=2020-11-30 HTTP/1.1" 200 408
180.174.56.115 - - [30/Nov/2020:08:56:05 +0800] "GET /xingrg/kc/buy/cgsh_order_operate.html?command=get_materiel&rest_code=00151&code=00101016038&supplier_code=00100007&order_time=2020-11-30 HTTP/1.1" 200 408
180.162.223.42 - - [30/Nov/2020:08:56:07 +0800] "GET /xingrg/kc/buy/cgsh_order_operate.html?command=get_materiel&rest_code=00105&code=00101008261&supplier_code=00100203&order_time=2020-11-30 HTTP/1.1" 200 408
116.228.172.94 - - [30/Nov/2020:08:56:08 +0800] "GET /xingrg/kc/buy/cgsh_order_operate.html?command=get_materiel&rest_code=00107&code=00101007022&supplier_code=00100002&order_time=2020-11-30 HTTP/1.1" 200 413
114.84.37.38 - - [30/Nov/2020:08:56:09 +0800] "GET /xingrg/check_reg.html?_=1606697771611 HTTP/1.1" 302 -
120.253.135.82 - - [30/Nov/2020:08:56:11 +0800] "GET /xingrg/all/function/internal_message.html?_=1606697520780&CODE_STATE=getMsg HTTP/1.1" 200 27
180.174.56.115 - - [30/Nov/2020:08:56:13 +0800] "GET /xingrg/kc/buy/cgsh_order_operate.html?command=get_materiel&rest_code=00151&code=00101008372&supplier_code=00100007&order_time=2020-11-30 HTTP/1.1" 200 428
116.228.172.94 - - [30/Nov/2020:08:56:16 +0800] "GET /xingrg/all/function/internal_message.html?_=1606697778868&CODE_STATE=getMsg HTTP/1.1" 200 27
116.228.172.94 - - [30/Nov/2020:08:56:16 +0800] "POST /xingrg/kc/buy/cgsh_order_operate.html HTTP/1.1" 200 37
180.162.223.42 - - [30/Nov/2020:08:56:19 +0800] "GET /xingrg/all/function/internal_message.html?_=1606697780505&CODE_STATE=getMsg HTTP/1.1" 200 27
116.228.172.94 - - [30/Nov/2020:08:56:19 +0800] "POST /xingrg/kc/buy/cgsh_order_operate.html HTTP/1.1" 200 3247
180.174.56.115 - - [30/Nov/2020:08:56:20 +0800] "GET /xingrg/kc/buy/cgsh_order_operate.html?command=get_materiel&rest_code=00151&code=00101016051&supplier_code=00100007&order_time=2020-11-30 HTTP/1.1" 200 428
116.228.172.94 - - [30/Nov/2020:08:56:22 +0800] "GET /xingrg/kc/print/load_data.html?order_code=212020113011794&kc_code=cgsh&condition= HTTP/1.1" 200 964
180.162.223.42 - - [30/Nov/2020:08:56:24 +0800] "GET /xingrg/kc/buy/cgsh_order_operate.html?command=get_materiel&rest_code=00105&code=00101008358&supplier_code=00100203&order_time=2020-11-30 HTTP/1.1" 200 412
117.131.5.26 - - [30/Nov/2020:08:56:24 +0800] "GET /xingrg/all/function/internal_message.html?_=1606697820582&CODE_STATE=getMsg HTTP/1.1" 200 27
222.69.137.175 - - [30/Nov/2020:08:56:24 +0800] "GET /xingrg/kc/buy/cgsh_order_operate.html?command=get_materiel&rest_code=00149&code=00101008357&supplier_code=00100005&order_time=2020-11-30 HTTP/1.1" 200 408
180.174.56.115 - - [30/Nov/2020:08:56:26 +0800] "GET /xingrg/kc/buy/cgsh_order_operate.html?command=get_materiel&rest_code=00151&code=00101008354&supplier_code=00100007&order_time=2020-11-30 HTTP/1.1" 200 412
116.228.172.94 - - [30/Nov/2020:08:56:26 +0800] "GET /xingrg/kc/buy/cgsh_order_add.html HTTP/1.1" 200 60895
116.228.172.94 - - [30/Nov/2020:08:56:27 +0800] "GET /xingrg/javascript/easyui/themes/default/validatebox.css HTTP/1.1" 404 1104
116.228.172.94 - - [30/Nov/2020:08:56:27 +0800] "POST /xingrg/kc/buy/cgsh_order_operate.html HTTP/1.1" 200 8245
116.228.172.94 - - [30/Nov/2020:08:56:28 +0800] "GET /xingrg/javascript/easyui/themes/default/tree.css HTTP/1.1" 404 1090
116.228.172.94 - - [30/Nov/2020:08:56:28 +0800] "POST /xingrg/all/common/load_tree.html?tree=supplier_tree_json&isDelete=1 HTTP/1.1" 200 52105
172.17.0.185 - - [30/Nov/2020:08:56:29 +0800] "GET /xingrg/all/function/internal_message.html?_=1606697788978&CODE_STATE=getMsg HTTP/1.1" 200 27
114.88.175.227 - - [30/Nov/2020:08:56:30 +0800] "GET /xingrg/all/function/internal_message.html?_=1606697911610&CODE_STATE=getMsg HTTP/1.1" 200 27
117.184.7.30 - - [30/Nov/2020:08:56:34 +0800] "GET /xingrg/all/function/internal_message.html?_=1606697792640&CODE_STATE=getMsg HTTP/1.1" 200 27
180.174.56.115 - - [30/Nov/2020:08:56:35 +0800] "GET /xingrg/kc/buy/cgsh_order_operate.html?command=get_materiel&rest_code=00151&code=00101008049&supplier_code=00100007&order_time=2020-11-30 HTTP/1.1" 200 408
180.162.223.42 - - [30/Nov/2020:08:56:38 +0800] "GET /xingrg/kc/buy/cgsh_order_operate.html?command=get_materiel&rest_code=00105&code=00101008321&supplier_code=00100203&order_time=2020-11-30 HTTP/1.1" 200 412
222.69.137.175 - - [30/Nov/2020:08:56:40 +0800] "GET /xingrg/all/function/internal_message.html?_=1606697799678&CODE_STATE=getMsg HTTP/1.1" 200 27
116.228.172.94 - - [30/Nov/2020:08:56:41 +0800] "GET /xingrg/kc/buy/cgsh_order_operate.html?command=get_materiel&rest_code=00107&code=00101007068&supplier_code=00100010&order_time=2020-11-30 HTTP/1.1" 200 409
180.174.56.115 - - [30/Nov/2020:08:56:43 +0800] "GET /xingrg/kc/buy/cgsh_order_operate.html?command=get_materiel&rest_code=00151&code=00101008077&supplier_code=00100007&order_time=2020-11-30 HTTP/1.1" 200 416
101.85.228.137 - - [30/Nov/2020:08:56:43 +0800] "GET /xingrg/all/function/internal_message.html?_=1606698031234&CODE_STATE=getMsg HTTP/1.1" 200 27
180.162.223.42 - - [30/Nov/2020:08:56:43 +0800] "GET /xingrg/all/function/internal_message.html?_=1606697784914&CODE_STATE=getMsg HTTP/1.1" 200 27
180.174.56.115 - - [30/Nov/2020:08:56:45 +0800] "GET /xingrg/all/function/internal_message.html?_=1606697806369&CODE_STATE=getMsg HTTP/1.1" 200 27
180.174.56.115 - - [30/Nov/2020:08:56:48 +0800] "GET /xingrg/kc/buy/cgsh_order_operate.html?command=get_materiel&rest_code=00151&code=00101008095&supplier_code=00100007&order_time=2020-11-30 HTTP/1.1" 200 412
180.162.223.42 - - [30/Nov/2020:08:56:48 +0800] "GET /xingrg/kc/buy/cgsh_order_operate.html?command=get_materiel&rest_code=00105&code=00101008118&supplier_code=00100203&order_time=2020-11-30 HTTP/1.1" 200 418
120.253.135.82 - - [30/Nov/2020:08:56:51 +0800] "GET /xingrg/all/function/internal_message.html?_=1606697926025&CODE_STATE=getMsg HTTP/1.1" 200 27
116.228.172.94 - - [30/Nov/2020:08:56:51 +0800] "GET /xingrg/kc/buy/cgsh_order_operate.html?command=get_materiel&rest_code=00107&code=00101006111&supplier_code=00100010&order_time=2020-11-30 HTTP/1.1" 200 409
172.17.0.102 - - [30/Nov/2020:08:56:52 +0800] "GET /xingrg/all/function/internal_message.html?_=1606697812230&CODE_STATE=getMsg HTTP/1.1" 200 27
180.174.56.115 - - [30/Nov/2020:08:56:52 +0800] "GET /xingrg/kc/buy/cgsh_order_operate.html?command=get_materiel&rest_code=00151&code=00101008221&supplier_code=00100007&order_time=2020-11-30 HTTP/1.1" 200 412
180.174.56.115 - - [30/Nov/2020:08:56:59 +0800] "GET /xingrg/kc/buy/cgsh_order_operate.html?command=get_materiel&rest_code=00151&code=00101008114&supplier_code=00100007&order_time=2020-11-30 HTTP/1.1" 200 413
222.69.137.175 - - [30/Nov/2020:08:56:59 +0800] "GET /xingrg/kc/buy/cgsh_order_operate.html?command=get_materiel&rest_code=00149&code=00101008286&supplier_code=00100005&order_time=2020-11-30 HTTP/1.1" 200 408
222.69.137.175 - - [30/Nov/2020:08:57:03 +0800] "POST /xingrg/kc/buy/cgsh_order_operate.html HTTP/1.1" 200 2065
180.162.223.42 - - [30/Nov/2020:08:57:04 +0800] "POST /xingrg/kc/buy/cgsh_order_operate.html HTTP/1.1" 200 37
180.162.223.42 - - [30/Nov/2020:08:57:05 +0800] "POST /xingrg/kc/buy/cgsh_order_operate.html HTTP/1.1" 200 32827
180.174.56.115 - - [30/Nov/2020:08:57:07 +0800] "GET /xingrg/kc/buy/cgsh_order_operate.html?command=get_materiel&rest_code=00151&code=00101008355&supplier_code=00100007&order_time=2020-11-30 HTTP/1.1" 200 408
120.253.135.82 - - [30/Nov/2020:08:57:11 +0800] "GET /xingrg/all/function/internal_message.html?_=1606697580816&CODE_STATE=getMsg HTTP/1.1" 200 27
180.174.56.115 - - [30/Nov/2020:08:57:11 +0800] "GET /xingrg/kc/buy/cgsh_order_operate.html?command=get_materiel&rest_code=00151&code=00101008098&supplier_code=00100007&order_time=2020-11-30 HTTP/1.1" 200 412
222.69.137.175 - - [30/Nov/2020:08:57:13 +0800] "GET /xingrg/kc/buy/cgsh_order_operate.html?command=get_materiel&rest_code=00149&code=00101008036&supplier_code=00100005&order_time=2020-11-30 HTTP/1.1" 200 408
116.228.172.94 - - [30/Nov/2020:08:57:16 +0800] "GET /xingrg/all/function/internal_message.html?_=1606697838874&CODE_STATE=getMsg HTTP/1.1" 200 27
180.174.56.115 - - [30/Nov/2020:08:57:18 +0800] "GET /xingrg/kc/buy/cgsh_order_operate.html?command=get_materiel&rest_code=00151&code=00101008318&supplier_code=00100007&order_time=2020-11-30 HTTP/1.1" 200 408
180.162.223.42 - - [30/Nov/2020:08:57:18 +0800] "GET /xingrg/all/function/internal_message.html?_=1606697840486&CODE_STATE=getMsg HTTP/1.1" 200 27
116.228.172.94 - - [30/Nov/2020:08:57:21 +0800] "GET /xingrg/kc/buy/cgsh_order_operate.html?command=get_materiel&rest_code=00107&code=00101006109&supplier_code=00100010&order_time=2020-11-30 HTTP/1.1" 200 409
180.174.56.115 - - [30/Nov/2020:08:57:24 +0800] "GET /xingrg/kc/buy/cgsh_order_operate.html?command=get_materiel&rest_code=00151&code=00101008088&supplier_code=00100007&order_time=2020-11-30 HTTP/1.1" 200 408
117.131.5.26 - - [30/Nov/2020:08:57:24 +0800] "GET /xingrg/all/function/internal_message.html?_=1606697880593&CODE_STATE=getMsg HTTP/1.1" 200 27
222.69.137.175 - - [30/Nov/2020:08:57:29 +0800] "GET /xingrg/kc/buy/cgsh_order_operate.html?command=get_materiel&rest_code=00149&code=00101008131&supplier_code=00100005&order_time=2020-11-30 HTTP/1.1" 200 408
172.17.0.185 - - [30/Nov/2020:08:57:29 +0800] "GET /xingrg/all/function/internal_message.html?_=1606697848967&CODE_STATE=getMsg HTTP/1.1" 200 27
114.88.175.227 - - [30/Nov/2020:08:57:30 +0800] "GET /xingrg/all/function/internal_message.html?_=1606697971609&CODE_STATE=getMsg HTTP/1.1" 200 27
117.184.7.30 - - [30/Nov/2020:08:57:34 +0800] "GET /xingrg/all/function/internal_message.html?_=1606697852625&CODE_STATE=getMsg HTTP/1.1" 200 27
222.69.137.175 - - [30/Nov/2020:08:57:39 +0800] "GET /xingrg/check_reg.html?_=1606697858741 HTTP/1.1" 200 22
222.69.137.175 - - [30/Nov/2020:08:57:40 +0800] "GET /xingrg/all/function/internal_message.html?_=1606697859652&CODE_STATE=getMsg HTTP/1.1" 200 27
180.174.56.115 - - [30/Nov/2020:08:57:40 +0800] "GET /xingrg/login.html HTTP/1.1" 200 7641
180.174.56.115 - - [30/Nov/2020:08:57:41 +0800] "GET /favicon.ico HTTP/1.1" 404 -
180.174.56.115 - - [30/Nov/2020:08:57:43 +0800] "POST /xingrg/login.do HTTP/1.1" 302 -
180.174.56.115 - - [30/Nov/2020:08:57:43 +0800] "GET /xingrg/index.html?sysBaseUrl=http%3A%2F%2F180.169.147.146%3A18081%2Fxingrg%2F&costTime=39×tamp=1606697863056 HTTP/1.1" 200 17179
180.174.56.115 - - [30/Nov/2020:08:57:43 +0800] "GET /xingrg/css/form.css HTTP/1.1" 304 -
180.174.56.115 - - [30/Nov/2020:08:57:43 +0800] "GET /xingrg/javascript/jquery_easy_ui/themes/icon.css HTTP/1.1" 304 -
180.174.56.115 - - [30/Nov/2020:08:57:43 +0800] "GET /xingrg/javascript/jquery-1.4.2.min.js HTTP/1.1" 304 -
180.174.56.115 - - [30/Nov/2020:08:57:43 +0800] "GET /xingrg/javascript/jquery_easy_ui/themes/default/easyui.css HTTP/1.1" 304 -
180.174.56.115 - - [30/Nov/2020:08:57:43 +0800] "GET /xingrg/javascript/jquery.form.js HTTP/1.1" 304 -
180.174.56.115 - - [30/Nov/2020:08:57:43 +0800] "GET /xingrg/javascript/jquery.utils.js HTTP/1.1" 304 -
180.174.56.115 - - [30/Nov/2020:08:57:43 +0800] "GET /xingrg/javascript/jquery_easy_ui/jquery.easyui.min.js HTTP/1.1" 304 -
180.174.56.115 - - [30/Nov/2020:08:57:43 +0800] "GET /xingrg/javascript/jquery.timers.js HTTP/1.1" 304 -
180.174.56.115 - - [30/Nov/2020:08:57:43 +0800] "GET /xingrg/javascript/jquery_easy_ui/easyui-lang-zh_CN.js HTTP/1.1" 304 -
101.85.228.137 - - [30/Nov/2020:08:57:43 +0800] "GET /xingrg/all/function/internal_message.html?_=1606698091281&CODE_STATE=getMsg HTTP/1.1" 200 27
180.174.56.115 - - [30/Nov/2020:08:57:43 +0800] "POST /xingrg/all/common/load_tree.html?tree=area_rest_tree_json&manage=1 HTTP/1.1" 200 476
180.174.56.115 - - [30/Nov/2020:08:57:43 +0800] "GET /xingrg/check_reg.html?_=1606697837055 HTTP/1.1" 200 22
180.174.56.115 - - [30/Nov/2020:08:57:43 +0800] "GET /xingrg/all/function/internal_message.html?_=1606697837054&CODE_STATE=count HTTP/1.1" 200 11
180.174.56.115 - - [30/Nov/2020:08:57:43 +0800] "POST /xingrg/load_menu.html HTTP/1.1" 200 5138
180.174.56.115 - - [30/Nov/2020:08:57:43 +0800] "GET /favicon.ico HTTP/1.1" 404 -
180.162.223.42 - - [30/Nov/2020:08:57:43 +0800] "GET /xingrg/all/function/internal_message.html?_=1606697844915&CODE_STATE=getMsg HTTP/1.1" 200 27
180.174.56.115 - - [30/Nov/2020:08:57:45 +0800] "GET /xingrg/all/function/internal_message.html?_=1606697866379&CODE_STATE=getMsg HTTP/1.1" 200 27
117.184.7.30 - - [30/Nov/2020:08:57:45 +0800] "GET /xingrg/check_reg.html?_=1606697863691 HTTP/1.1" 200 22
180.174.56.115 - - [30/Nov/2020:08:57:48 +0800] "GET /xingrg/css/site.css HTTP/1.1" 304 -
180.174.56.115 - - [30/Nov/2020:08:57:48 +0800] "GET /xingrg/css/base.css HTTP/1.1" 304 -
180.174.56.115 - - [30/Nov/2020:08:57:48 +0800] "GET /xingrg/javascript/jquery_tools/datebox.css HTTP/1.1" 304 -
180.174.56.115 - - [30/Nov/2020:08:57:48 +0800] "GET /xingrg/javascript/jquery_tools/fix.css HTTP/1.1" 304 -
180.174.56.115 - - [30/Nov/2020:08:57:48 +0800] "GET /xingrg/javascript/easyui/themes/icon.css HTTP/1.1" 304 -
180.174.56.115 - - [30/Nov/2020:08:57:48 +0800] "GET /xingrg/javascript/auto/jquery.autocomplete.css HTTP/1.1" 304 -
180.174.56.115 - - [30/Nov/2020:08:57:48 +0800] "GET /xingrg/javascript/easyui/themes/default/easyui.css HTTP/1.1" 304 -
180.174.56.115 - - [30/Nov/2020:08:57:48 +0800] "GET /xingrg/javascript/jquery_tools/jquery.tools.min.js HTTP/1.1" 304 -
180.174.56.115 - - [30/Nov/2020:08:57:48 +0800] "GET /xingrg/javascript/jquery_tools/table.css HTTP/1.1" 304 -
180.174.56.115 - - [30/Nov/2020:08:57:48 +0800] "GET /xingrg/javascript/jquery_tools/jquery.tools.extend.js HTTP/1.1" 304 -
180.174.56.115 - - [30/Nov/2020:08:57:48 +0800] "GET /xingrg/javascript/jquery_tools/jquery.tools.hotkey.js HTTP/1.1" 304 -
180.174.56.115 - - [30/Nov/2020:08:57:48 +0800] "GET /xingrg/javascript/auto/jquery.autocomplete.js HTTP/1.1" 304 -
180.174.56.115 - - [30/Nov/2020:08:57:48 +0800] "GET /xingrg/javascript/jquery_tools/list_manager.js HTTP/1.1" 304 -
180.174.56.115 - - [30/Nov/2020:08:57:48 +0800] "GET /xingrg/javascript/jquery_tools/jquery.tools.table.js HTTP/1.1" 304 -
180.174.56.115 - - [30/Nov/2020:08:57:48 +0800] "GET /xingrg/javascript/jquery.cookie.js HTTP/1.1" 304 -
180.174.56.115 - - [30/Nov/2020:08:57:48 +0800] "GET /xingrg/javascript/easyui/easyloader.js HTTP/1.1" 304 -
180.174.56.115 - - [30/Nov/2020:08:57:48 +0800] "GET /xingrg/javascript/print/LodopFuncs.js HTTP/1.1" 304 -
180.174.56.115 - - [30/Nov/2020:08:57:48 +0800] "GET /xingrg/kc/buy/cgsh_order_list.html HTTP/1.1" 200 45075
180.174.56.115 - - [30/Nov/2020:08:57:48 +0800] "GET /xingrg/javascript/easyui/plugins/jquery.parser.js HTTP/1.1" 304 -
180.174.56.115 - - [30/Nov/2020:08:57:49 +0800] "POST /xingrg/kc/buy/cgsh_list_operate.html HTTP/1.1" 200 1690
120.253.135.82 - - [30/Nov/2020:08:57:51 +0800] "GET /xingrg/all/function/internal_message.html?_=1606697986029&CODE_STATE=getMsg HTTP/1.1" 200 27
172.17.0.102 - - [30/Nov/2020:08:57:52 +0800] "GET /xingrg/all/function/internal_message.html?_=1606697872240&CODE_STATE=getMsg HTTP/1.1" 200 27
180.174.56.115 - - [30/Nov/2020:08:57:52 +0800] "GET /xingrg/kc/buy/cgsh_order_operate.html?command=get_materiel&rest_code=00151&code=00101016025&supplier_code=00100007&order_time=2020-11-30 HTTP/1.1" 200 408
180.174.56.115 - - [30/Nov/2020:08:57:52 +0800] "GET /xingrg/javascript/json2.js HTTP/1.1" 304 -
180.174.56.115 - - [30/Nov/2020:08:57:52 +0800] "GET /xingrg/javascript/pic_change.js HTTP/1.1" 304 -
180.174.56.115 - - [30/Nov/2020:08:57:52 +0800] "GET /xingrg/javascript/jquery_tools/order_manager.js HTTP/1.1" 304 -
180.174.56.115 - - [30/Nov/2020:08:57:52 +0800] "GET /xingrg/javascript/print/kc_print.js HTTP/1.1" 304 -
180.174.56.115 - - [30/Nov/2020:08:57:52 +0800] "GET /xingrg/javascript/convert.js HTTP/1.1" 304 -
180.174.56.115 - - [30/Nov/2020:08:57:52 +0800] "GET /xingrg/kc/buy/cgsh_order_add.html HTTP/1.1" 200 60743
180.174.56.115 - - [30/Nov/2020:08:57:52 +0800] "GET /xingrg/words/20201127160732_words.js HTTP/1.1" 304 -
180.174.56.115 - - [30/Nov/2020:08:57:53 +0800] "POST /xingrg/kc/buy/cgsh_order_operate.html HTTP/1.1" 200 8245
180.174.56.115 - - [30/Nov/2020:08:57:53 +0800] "GET /xingrg/all/common/auto_word.html?type=employee&rest_code=00150 HTTP/1.1" 200 205
180.174.56.115 - - [30/Nov/2020:08:57:53 +0800] "GET /xingrg/all/common/auto_word.html?type=employee&rest_code=00150 HTTP/1.1" 200 205
180.174.56.115 - - [30/Nov/2020:08:57:53 +0800] "GET /xingrg/javascript/easyui/themes/default/validatebox.css HTTP/1.1" 404 1104
180.174.56.115 - - [30/Nov/2020:08:57:53 +0800] "GET /xingrg/javascript/easyui/plugins/jquery.validatebox.js HTTP/1.1" 304 -
180.174.56.115 - - [30/Nov/2020:08:57:53 +0800] "GET /xingrg/javascript/easyui/plugins/jquery.numberbox.js HTTP/1.1" 304 -
222.69.137.175 - - [30/Nov/2020:08:57:53 +0800] "GET /xingrg/kc/buy/cgsh_order_operate.html?command=get_materiel&rest_code=00149&code=00101008296&supplier_code=00100005&order_time=2020-11-30 HTTP/1.1" 200 416
180.174.56.115 - - [30/Nov/2020:08:57:55 +0800] "GET /xingrg/javascript/auto/indicator.gif HTTP/1.1" 404 1066
222.69.137.175 - - [30/Nov/2020:08:58:02 +0800] "GET /xingrg/kc/buy/cgsh_order_operate.html?command=get_materiel&rest_code=00149&code=00101008352&supplier_code=00100005&order_time=2020-11-30 HTTP/1.1" 200 412
114.88.175.227 - - [30/Nov/2020:08:58:06 +0800] "GET /xingrg/kc/buy/cgsh_order_list.html HTTP/1.1" 200 45069
114.88.175.227 - - [30/Nov/2020:08:58:07 +0800] "POST /xingrg/kc/buy/cgsh_list_operate.html HTTP/1.1" 200 876
222.69.137.175 - - [30/Nov/2020:08:58:16 +0800] "GET /xingrg/kc/buy/cgsh_order_operate.html?command=get_materiel&rest_code=00149&code=00101008098&supplier_code=00100005&order_time=2020-11-30 HTTP/1.1" 200 412
116.228.172.94 - - [30/Nov/2020:08:58:16 +0800] "GET /xingrg/all/function/internal_message.html?_=1606697898883&CODE_STATE=getMsg HTTP/1.1" 200 27
180.162.223.42 - - [30/Nov/2020:08:58:18 +0800] "GET /xingrg/all/function/internal_message.html?_=1606697900392&CODE_STATE=getMsg HTTP/1.1" 200 27
222.69.137.175 - - [30/Nov/2020:08:58:19 +0800] "POST /xingrg/kc/buy/cgsh_order_operate.html HTTP/1.1" 200 2065
180.174.56.115 - - [30/Nov/2020:08:58:20 +0800] "GET /xingrg/kc/buy/cgsh_order_operate.html?command=get_materiel&rest_code=00150&code=00101011005&supplier_code=00100047&order_time=2020-11-30 HTTP/1.1" 200 429
117.131.5.26 - - [30/Nov/2020:08:58:24 +0800] "GET /xingrg/check_reg.html?_=1606697940591 HTTP/1.1" 200 22
117.131.5.26 - - [30/Nov/2020:08:58:24 +0800] "GET /xingrg/all/function/internal_message.html?_=1606697940592&CODE_STATE=getMsg HTTP/1.1" 200 27
222.69.137.175 - - [30/Nov/2020:08:58:25 +0800] "GET /xingrg/kc/buy/cgsh_order_operate.html?command=get_materiel&rest_code=00149&code=00101008005&supplier_code=00100005&order_time=2020-11-30 HTTP/1.1" 200 412
172.17.0.185 - - [30/Nov/2020:08:58:29 +0800] "GET /xingrg/all/function/internal_message.html?_=1606697908972&CODE_STATE=getMsg HTTP/1.1" 200 27
172.17.0.185 - - [30/Nov/2020:08:58:29 +0800] "GET /xingrg/check_reg.html?_=1606697908976 HTTP/1.1" 200 22
116.228.172.94 - - [30/Nov/2020:08:58:30 +0800] "POST /xingrg/kc/buy/cgsh_order_operate.html HTTP/1.1" 200 37
114.88.175.227 - - [30/Nov/2020:08:58:31 +0800] "GET /xingrg/all/function/internal_message.html?_=1606698031742&CODE_STATE=getMsg HTTP/1.1" 200 27
114.88.175.227 - - [30/Nov/2020:08:58:31 +0800] "GET /xingrg/check_reg.html?_=1606698031740 HTTP/1.1" 200 22
180.174.56.115 - - [30/Nov/2020:08:58:32 +0800] "POST /xingrg/kc/buy/cgsh_order_operate.html HTTP/1.1" 200 37
116.228.172.94 - - [30/Nov/2020:08:58:32 +0800] "POST /xingrg/kc/buy/cgsh_order_operate.html HTTP/1.1" 200 3833
180.174.56.115 - - [30/Nov/2020:08:58:32 +0800] "GET /xingrg/kc/buy/cgsh_order_operate.html?command=get_materiel&rest_code=00151&code=00101008126&supplier_code=00100007&order_time=2020-11-30 HTTP/1.1" 200 412
116.228.172.94 - - [30/Nov/2020:08:58:33 +0800] "GET /xingrg/kc/print/load_data.html?order_code=212020113011796&kc_code=cgsh&condition= HTTP/1.1" 200 1173
222.69.137.175 - - [30/Nov/2020:08:58:34 +0800] "GET /xingrg/kc/buy/cgsh_order_operate.html?command=get_materiel&rest_code=00149&code=00101008353&supplier_code=00100005&order_time=2020-11-30 HTTP/1.1" 200 408
180.174.56.115 - - [30/Nov/2020:08:58:34 +0800] "POST /xingrg/kc/buy/cgsh_order_operate.html HTTP/1.1" 200 12
117.184.7.30 - - [30/Nov/2020:08:58:34 +0800] "GET /xingrg/all/function/internal_message.html?_=1606697912600&CODE_STATE=getMsg HTTP/1.1" 200 27
180.174.56.115 - - [30/Nov/2020:08:58:35 +0800] "GET /xingrg/kc/buy/cgsh_order_info.html?code=212020113011797 HTTP/1.1" 200 55650
180.174.56.115 - - [30/Nov/2020:08:58:35 +0800] "GET /xingrg/javascript/easyui/themes/default/validatebox.css HTTP/1.1" 404 1104
180.174.56.115 - - [30/Nov/2020:08:58:36 +0800] "POST /xingrg/kc/buy/cgsh_order_operate.html HTTP/1.1" 200 606
116.228.172.94 - - [30/Nov/2020:08:58:37 +0800] "GET /xingrg/kc/buy/cgsh_order_add.html HTTP/1.1" 200 60895
116.228.172.94 - - [30/Nov/2020:08:58:38 +0800] "GET /xingrg/javascript/easyui/themes/default/validatebox.css HTTP/1.1" 404 1104
116.228.172.94 - - [30/Nov/2020:08:58:38 +0800] "POST /xingrg/kc/buy/cgsh_order_operate.html HTTP/1.1" 200 8245
180.174.56.115 - - [30/Nov/2020:08:58:38 +0800] "GET /xingrg/kc/print/load_config.html?kc_code=cgsh HTTP/1.1" 200 1845
180.174.56.115 - - [30/Nov/2020:08:58:39 +0800] "GET /xingrg/kc/print/load_data.html?order_code=212020113011797&kc_code=cgsh&condition= HTTP/1.1" 200 783
180.174.56.115 - - [30/Nov/2020:08:58:39 +0800] "GET /xingrg/kc/buy/cgsh_order_operate.html?command=get_materiel&rest_code=00151&code=00101008131&supplier_code=00100007&order_time=2020-11-30 HTTP/1.1" 200 408
116.228.172.94 - - [30/Nov/2020:08:58:39 +0800] "GET /xingrg/javascript/easyui/themes/default/tree.css HTTP/1.1" 404 1090
116.228.172.94 - - [30/Nov/2020:08:58:40 +0800] "POST /xingrg/all/common/load_tree.html?tree=supplier_tree_json&isDelete=1 HTTP/1.1" 200 52105
222.69.137.175 - - [30/Nov/2020:08:58:40 +0800] "GET /xingrg/all/function/internal_message.html?_=1606697919649&CODE_STATE=getMsg HTTP/1.1" 200 27
101.85.228.137 - - [30/Nov/2020:08:58:43 +0800] "GET /xingrg/all/function/internal_message.html?_=1606698151293&CODE_STATE=getMsg HTTP/1.1" 200 27
180.174.56.115 - - [30/Nov/2020:08:58:43 +0800] "GET /xingrg/all/function/internal_message.html?_=1606697897059&CODE_STATE=getMsg HTTP/1.1" 200 27
222.69.137.175 - - [30/Nov/2020:08:58:43 +0800] "GET /xingrg/kc/buy/cgsh_order_operate.html?command=get_materiel&rest_code=00149&code=00101008213&supplier_code=00100005&order_time=2020-11-30 HTTP/1.1" 200 412
180.162.223.42 - - [30/Nov/2020:08:58:43 +0800] "GET /xingrg/check_reg.html?_=1606697904914 HTTP/1.1" 200 22
180.162.223.42 - - [30/Nov/2020:08:58:43 +0800] "GET /xingrg/all/function/internal_message.html?_=1606697904917&CODE_STATE=getMsg HTTP/1.1" 200 27
180.174.56.115 - - [30/Nov/2020:08:58:45 +0800] "GET /xingrg/all/function/internal_message.html?_=1606697926370&CODE_STATE=getMsg HTTP/1.1" 200 27
180.174.56.115 - - [30/Nov/2020:08:58:46 +0800] "GET /xingrg/kc/buy/cgsh_order_operate.html?command=get_materiel&rest_code=00151&code=00101015046&supplier_code=00100007&order_time=2020-11-30 HTTP/1.1" 200 413
120.253.135.82 - - [30/Nov/2020:08:58:51 +0800] "GET /xingrg/all/function/internal_message.html?_=1606698046072&CODE_STATE=getMsg HTTP/1.1" 200 27
172.17.0.102 - - [30/Nov/2020:08:58:52 +0800] "GET /xingrg/all/function/internal_message.html?_=1606697932209&CODE_STATE=getMsg HTTP/1.1" 200 27
180.174.56.115 - - [30/Nov/2020:08:58:52 +0800] "POST /xingrg/all/user/operate.html HTTP/1.1" 200 36
180.174.56.115 - - [30/Nov/2020:08:58:53 +0800] "GET /xingrg/javascript/jquery_easy_ui/themes/default/easyui.css HTTP/1.1" 304 -
180.174.56.115 - - [30/Nov/2020:08:58:53 +0800] "GET /xingrg/index.html?sysBaseUrl=http%3A%2F%2F180.169.147.146%3A18081%2Fxingrg%2F&costTime=39×tamp=1606697863056 HTTP/1.1" 200 17177
180.174.56.115 - - [30/Nov/2020:08:58:53 +0800] "GET /xingrg/javascript/jquery_easy_ui/themes/icon.css HTTP/1.1" 304 -
180.174.56.115 - - [30/Nov/2020:08:58:53 +0800] "GET /xingrg/css/form.css HTTP/1.1" 304 -
180.174.56.115 - - [30/Nov/2020:08:58:53 +0800] "GET /xingrg/javascript/jquery-1.4.2.min.js HTTP/1.1" 304 -
180.174.56.115 - - [30/Nov/2020:08:58:53 +0800] "GET /xingrg/javascript/jquery_easy_ui/jquery.easyui.min.js HTTP/1.1" 304 -
180.174.56.115 - - [30/Nov/2020:08:58:53 +0800] "GET /xingrg/javascript/jquery_easy_ui/easyui-lang-zh_CN.js HTTP/1.1" 304 -
180.174.56.115 - - [30/Nov/2020:08:58:53 +0800] "GET /xingrg/javascript/jquery.form.js HTTP/1.1" 304 -
180.174.56.115 - - [30/Nov/2020:08:58:53 +0800] "GET /xingrg/javascript/jquery.utils.js HTTP/1.1" 304 -
180.174.56.115 - - [30/Nov/2020:08:58:53 +0800] "GET /xingrg/javascript/jquery.timers.js HTTP/1.1" 304 -
180.174.56.115 - - [30/Nov/2020:08:58:53 +0800] "GET /xingrg/images/blue/jxLogo.png HTTP/1.1" 304 -
180.174.56.115 - - [30/Nov/2020:08:58:53 +0800] "GET /xingrg/images/blue/navBackgound.jpg HTTP/1.1" 304 -
180.174.56.115 - - [30/Nov/2020:08:58:53 +0800] "GET /xingrg/javascript/jquery_easy_ui/themes/icons/settle_new.png HTTP/1.1" 304 -
180.174.56.115 - - [30/Nov/2020:08:58:53 +0800] "GET /xingrg/images/blue/pingpu.png HTTP/1.1" 304 -
180.174.56.115 - - [30/Nov/2020:08:58:53 +0800] "POST /xingrg/all/common/load_tree.html?tree=area_rest_tree_json&manage=1 HTTP/1.1" 200 476
180.174.56.115 - - [30/Nov/2020:08:58:53 +0800] "GET /xingrg/javascript/jquery_easy_ui/themes/default/images/tabs_leftarrow.png HTTP/1.1" 304 -
180.174.56.115 - - [30/Nov/2020:08:58:53 +0800] "GET /xingrg/javascript/jquery_easy_ui/themes/default/images/tabs_rightarrow.png HTTP/1.1" 304 -
180.174.56.115 - - [30/Nov/2020:08:58:53 +0800] "GET /xingrg/javascript/jquery_easy_ui/themes/default/images/panel_tool_collapse.gif HTTP/1.1" 304 -
180.174.56.115 - - [30/Nov/2020:08:58:53 +0800] "GET /xingrg/all/function/internal_message.html?_=1606697906926&CODE_STATE=count HTTP/1.1" 200 11
180.174.56.115 - - [30/Nov/2020:08:58:53 +0800] "GET /xingrg/check_reg.html?_=1606697906926 HTTP/1.1" 200 22
180.174.56.115 - - [30/Nov/2020:08:58:53 +0800] "POST /xingrg/load_menu.html HTTP/1.1" 200 5138
180.174.56.115 - - [30/Nov/2020:08:58:53 +0800] "GET /xingrg/kc/buy/cgsh_order_operate.html?command=get_materiel&rest_code=00151&code=00101008036&supplier_code=00100007&order_time=2020-11-30 HTTP/1.1" 200 408
180.162.223.42 - - [30/Nov/2020:08:58:53 +0800] "GET /xingrg/kc/base/kc_stocks.html HTTP/1.1" 200 16386
180.162.223.42 - - [30/Nov/2020:08:58:54 +0800] "GET /xingrg/javascript/easyui/themes/default/tree.css HTTP/1.1" 404 1090
180.162.223.42 - - [30/Nov/2020:08:58:54 +0800] "POST /xingrg/all/common/load_tree.html?tree=materiel_sort_tree_json HTTP/1.1" 200 8666
116.228.172.94 - - [30/Nov/2020:08:58:54 +0800] "GET /xingrg/kc/buy/cgsh_order_operate.html?command=get_materiel&rest_code=00107&code=00101016100&supplier_code=00100033&order_time=2020-11-30 HTTP/1.1" 200 412
180.174.56.115 - - [30/Nov/2020:08:58:56 +0800] "GET /xingrg/kc/buy/cgsh_order_list.html HTTP/1.1" 200 45073
222.69.137.175 - - [30/Nov/2020:08:58:57 +0800] "GET /xingrg/kc/buy/cgsh_order_operate.html?command=get_materiel&rest_code=00149&code=00101008242&supplier_code=00100005&order_time=2020-11-30 HTTP/1.1" 200 408
180.174.56.115 - - [30/Nov/2020:08:58:57 +0800] "POST /xingrg/kc/buy/cgsh_list_operate.html HTTP/1.1" 200 876
180.162.223.42 - - [30/Nov/2020:08:59:03 +0800] "POST /xingrg/kc/base/stock_operate.html HTTP/1.1" 200 4285
116.228.172.94 - - [30/Nov/2020:08:59:07 +0800] "GET /xingrg/kc/buy/cgsh_order_operate.html?command=get_materiel&rest_code=00107&code=00101016080&supplier_code=00100033&order_time=2020-11-30 HTTP/1.1" 200 408
180.174.56.115 - - [30/Nov/2020:08:59:07 +0800] "GET /xingrg/kc/buy/cgsh_order_add.html HTTP/1.1" 200 60461
180.174.56.115 - - [30/Nov/2020:08:59:07 +0800] "POST /xingrg/kc/buy/cgsh_order_operate.html HTTP/1.1" 200 8245
180.174.56.115 - - [30/Nov/2020:08:59:07 +0800] "GET /xingrg/all/common/auto_word.html?type=employee&rest_code=00151 HTTP/1.1" 200 243
180.174.56.115 - - [30/Nov/2020:08:59:07 +0800] "GET /xingrg/all/common/auto_word.html?type=employee&rest_code=00151 HTTP/1.1" 200 243
180.174.56.115 - - [30/Nov/2020:08:59:07 +0800] "GET /xingrg/javascript/easyui/themes/default/validatebox.css HTTP/1.1" 404 1104
180.162.223.42 - - [30/Nov/2020:08:59:07 +0800] "POST /xingrg/all/common/load_combo.html?type=base HTTP/1.1" 200 3236
180.174.56.115 - - [30/Nov/2020:08:59:08 +0800] "GET /xingrg/javascript/auto/indicator.gif HTTP/1.1" 404 1066
222.69.137.175 - - [30/Nov/2020:08:59:10 +0800] "GET /xingrg/kc/buy/cgsh_order_operate.html?command=get_materiel&rest_code=00149&code=00101008330&supplier_code=00100005&order_time=2020-11-30 HTTP/1.1" 200 408
222.69.137.175 - - [30/Nov/2020:08:59:14 +0800] "POST /xingrg/kc/buy/cgsh_order_operate.html HTTP/1.1" 200 2065
116.228.172.94 - - [30/Nov/2020:08:59:16 +0800] "GET /xingrg/all/function/internal_message.html?_=1606697958939&CODE_STATE=getMsg HTTP/1.1" 200 27
180.174.56.115 - - [30/Nov/2020:08:59:16 +0800] "GET /xingrg/kc/buy/cgsh_order_operate.html?command=get_materiel&rest_code=00151&code=00101011005&supplier_code=00100047&order_time=2020-11-30 HTTP/1.1" 200 429
180.174.56.115 - - [30/Nov/2020:08:59:16 +0800] "GET /xingrg/kc/buy/cgsh_order_operate.html?command=get_materiel&rest_code=00151&code=00101008033&supplier_code=00100007&order_time=2020-11-30 HTTP/1.1" 200 408
116.228.172.94 - - [30/Nov/2020:08:59:18 +0800] "GET /xingrg/kc/buy/cgsh_order_operate.html?command=get_materiel&rest_code=00107&code=00101019055&supplier_code=00100033&order_time=2020-11-30 HTTP/1.1" 200 409
180.162.223.42 - - [30/Nov/2020:08:59:18 +0800] "GET /xingrg/all/function/internal_message.html?_=1606697960391&CODE_STATE=getMsg HTTP/1.1" 200 27
180.174.56.115 - - [30/Nov/2020:08:59:19 +0800] "POST /xingrg/kc/buy/cgsh_order_operate.html HTTP/1.1" 200 2065
222.69.137.175 - - [30/Nov/2020:08:59:20 +0800] "GET /xingrg/kc/buy/cgsh_order_operate.html?command=get_materiel&rest_code=00149&code=00101008114&supplier_code=00100005&order_time=2020-11-30 HTTP/1.1" 200 413
172.17.0.102 - - [30/Nov/2020:08:59:23 +0800] "GET /xingrg/check_reg.html?_=1606697963161 HTTP/1.1" 200 22
116.228.172.94 - - [30/Nov/2020:08:59:24 +0800] "GET /xingrg/kc/buy/cgsh_order_operate.html?command=get_materiel&rest_code=00107&code=00101016010&supplier_code=00100033&order_time=2020-11-30 HTTP/1.1" 200 408
117.131.5.26 - - [30/Nov/2020:08:59:24 +0800] "GET /xingrg/all/function/internal_message.html?_=1606698000587&CODE_STATE=getMsg HTTP/1.1" 200 27
58.221.95.50 - - [30/Nov/2020:08:59:25 +0800] "GET /xingrg/check_reg.html?_=1606697978637 HTTP/1.1" 302 -
58.221.95.50 - - [30/Nov/2020:08:59:25 +0800] "GET /xingrg/check_reg.html?_=1606697978640 HTTP/1.1" 302 -
180.174.56.115 - - [30/Nov/2020:08:59:26 +0800] "GET /xingrg/kc/buy/cgsh_order_operate.html?command=get_materiel&rest_code=00151&code=00101016030&supplier_code=00100007&order_time=2020-11-30 HTTP/1.1" 200 412
172.17.0.185 - - [30/Nov/2020:08:59:29 +0800] "GET /xingrg/all/function/internal_message.html?_=1606697968977&CODE_STATE=getMsg HTTP/1.1" 200 27
180.174.56.115 - - [30/Nov/2020:08:59:29 +0800] "GET /xingrg/kc/buy/cgsh_order_operate.html?command=get_materiel&rest_code=00151&code=00101011001&supplier_code=00100047&order_time=2020-11-30 HTTP/1.1" 200 423
114.88.175.227 - - [30/Nov/2020:08:59:31 +0800] "GET /xingrg/all/function/internal_message.html?_=1606698091719&CODE_STATE=getMsg HTTP/1.1" 200 27
222.69.137.175 - - [30/Nov/2020:08:59:31 +0800] "GET /xingrg/kc/buy/cgsh_order_operate.html?command=get_materiel&rest_code=00149&code=00101013165&supplier_code=00100005&order_time=2020-11-30 HTTP/1.1" 200 409
120.253.135.82 - - [30/Nov/2020:08:59:31 +0800] "GET /xingrg/check_reg.html?_=1606698086808 HTTP/1.1" 200 22
180.174.56.115 - - [30/Nov/2020:08:59:33 +0800] "GET /xingrg/kc/buy/cgsh_order_operate.html?command=get_materiel&rest_code=00151&code=00101008213&supplier_code=00100007&order_time=2020-11-30 HTTP/1.1" 200 412
117.184.7.30 - - [30/Nov/2020:08:59:34 +0800] "GET /xingrg/all/function/internal_message.html?_=1606697972585&CODE_STATE=getMsg HTTP/1.1" 200 27
180.174.56.115 - - [30/Nov/2020:08:59:37 +0800] "POST /xingrg/kc/buy/cgsh_order_operate.html HTTP/1.1" 200 37
222.69.137.175 - - [30/Nov/2020:08:59:40 +0800] "GET /xingrg/all/function/internal_message.html?_=1606697979595&CODE_STATE=getMsg HTTP/1.1" 200 27
180.174.56.115 - - [30/Nov/2020:08:59:40 +0800] "POST /xingrg/kc/buy/cgsh_order_operate.html HTTP/1.1" 200 12
180.174.56.115 - - [30/Nov/2020:08:59:41 +0800] "GET /xingrg/kc/buy/cgsh_order_info.html?code=212020113011798 HTTP/1.1" 200 55368
180.174.56.115 - - [30/Nov/2020:08:59:41 +0800] "GET /xingrg/javascript/easyui/themes/default/validatebox.css HTTP/1.1" 404 1104
180.174.56.115 - - [30/Nov/2020:08:59:42 +0800] "POST /xingrg/kc/buy/cgsh_order_operate.html HTTP/1.1" 200 1222
101.85.228.137 - - [30/Nov/2020:08:59:42 +0800] "GET /xingrg/check_reg.html?_=1606698210763 HTTP/1.1" 200 22
116.228.172.94 - - [30/Nov/2020:08:59:42 +0800] "GET /xingrg/kc/buy/cgsh_order_operate.html?command=get_materiel&rest_code=00107&code=00101010136&supplier_code=00100033&order_time=2020-11-30 HTTP/1.1" 200 408
101.85.228.137 - - [30/Nov/2020:08:59:43 +0800] "GET /xingrg/all/function/internal_message.html?_=1606698211306&CODE_STATE=getMsg HTTP/1.1" 200 27
180.162.223.42 - - [30/Nov/2020:08:59:43 +0800] "GET /xingrg/all/function/internal_message.html?_=1606697964913&CODE_STATE=getMsg HTTP/1.1" 200 27
180.174.56.115 - - [30/Nov/2020:08:59:44 +0800] "GET /xingrg/kc/print/load_data.html?order_code=212020113011798&kc_code=cgsh&condition= HTTP/1.1" 200 1029
180.174.56.115 - - [30/Nov/2020:08:59:45 +0800] "GET /xingrg/all/function/internal_message.html?_=1606697986383&CODE_STATE=getMsg HTTP/1.1" 200 27
222.69.137.175 - - [30/Nov/2020:08:59:47 +0800] "GET /xingrg/kc/buy/cgsh_order_operate.html?command=get_materiel&rest_code=00149&code=00101008229&supplier_code=00100005&order_time=2020-11-30 HTTP/1.1" 200 420
116.228.172.94 - - [30/Nov/2020:08:59:49 +0800] "POST /xingrg/kc/buy/cgsh_order_operate.html HTTP/1.1" 200 37
180.174.56.115 - - [30/Nov/2020:08:59:50 +0800] "GET /xingrg/kc/buy/cgsh_order_operate.html?command=get_materiel&rest_code=00151&code=00101008351&supplier_code=00100007&order_time=2020-11-30 HTTP/1.1" 200 408
120.253.135.82 - - [30/Nov/2020:08:59:51 +0800] "GET /xingrg/all/function/internal_message.html?_=1606698106087&CODE_STATE=getMsg HTTP/1.1" 200 27
116.228.172.94 - - [30/Nov/2020:08:59:51 +0800] "POST /xingrg/kc/buy/cgsh_order_operate.html HTTP/1.1" 200 4420
172.17.0.102 - - [30/Nov/2020:08:59:52 +0800] "GET /xingrg/all/function/internal_message.html?_=1606697992186&CODE_STATE=getMsg HTTP/1.1" 200 27
116.228.172.94 - - [30/Nov/2020:08:59:52 +0800] "GET /xingrg/kc/print/load_data.html?order_code=212020113011799&kc_code=cgsh&condition= HTTP/1.1" 200 1367
180.174.56.115 - - [30/Nov/2020:08:59:53 +0800] "GET /xingrg/all/function/internal_message.html?_=1606697966931&CODE_STATE=getMsg HTTP/1.1" 200 27
180.162.223.42 - - [30/Nov/2020:09:00:00 +0800] "POST /xingrg/kc/base/stock_operate.html HTTP/1.1" 200 4276
180.174.56.115 - - [30/Nov/2020:09:00:00 +0800] "GET /xingrg/kc/buy/cgsh_order_operate.html?command=get_materiel&rest_code=00151&code=00101015006&supplier_code=00100007&order_time=2020-11-30 HTTP/1.1" 200 413
222.69.137.175 - - [30/Nov/2020:09:00:01 +0800] "GET /xingrg/kc/buy/cgsh_order_operate.html?command=get_materiel&rest_code=00149&code=00101008039&supplier_code=00100005&order_time=2020-11-30 HTTP/1.1" 200 412
180.174.56.115 - - [30/Nov/2020:09:00:04 +0800] "POST /xingrg/kc/buy/cgsh_order_operate.html HTTP/1.1" 200 2065
114.84.37.38 - - [30/Nov/2020:09:00:05 +0800] "GET /xingrg/check_reg.html?_=1606698006232 HTTP/1.1" 200 22
116.228.172.94 - - [30/Nov/2020:09:00:16 +0800] "GET /xingrg/all/function/internal_message.html?_=1606698018919&CODE_STATE=getMsg HTTP/1.1" 200 27
116.228.172.94 - - [30/Nov/2020:09:00:16 +0800] "GET /xingrg/check_reg.html?_=1606698019039 HTTP/1.1" 200 22
180.162.223.42 - - [30/Nov/2020:09:00:18 +0800] "GET /xingrg/all/function/internal_message.html?_=1606698020391&CODE_STATE=getMsg HTTP/1.1" 200 27
180.162.223.42 - - [30/Nov/2020:09:00:18 +0800] "GET /xingrg/check_reg.html?_=1606698020468 HTTP/1.1" 200 22
180.174.56.115 - - [30/Nov/2020:09:00:22 +0800] "GET /xingrg/kc/buy/cgsh_order_operate.html?command=get_materiel&rest_code=00151&code=00101009030&supplier_code=00100007&order_time=2020-11-30 HTTP/1.1" 200 412
180.162.223.42 - - [30/Nov/2020:09:00:24 +0800] "POST /xingrg/kc/base/stock_operate.html HTTP/1.1" 200 4266
117.131.5.26 - - [30/Nov/2020:09:00:24 +0800] "GET /xingrg/all/function/internal_message.html?_=1606698060599&CODE_STATE=getMsg HTTP/1.1" 200 27
180.162.223.42 - - [30/Nov/2020:09:00:27 +0800] "POST /xingrg/kc/base/stock_operate.html HTTP/1.1" 200 4302
172.17.0.185 - - [30/Nov/2020:09:00:29 +0800] "GET /xingrg/all/function/internal_message.html?_=1606698028979&CODE_STATE=getMsg HTTP/1.1" 200 27
114.88.175.227 - - [30/Nov/2020:09:00:31 +0800] "GET /xingrg/all/function/internal_message.html?_=1606698151693&CODE_STATE=getMsg HTTP/1.1" 200 27
180.174.56.115 - - [30/Nov/2020:09:00:33 +0800] "GET /xingrg/kc/buy/cgsh_order_operate.html?command=get_materiel&rest_code=00151&code=00101008069&supplier_code=00100007&order_time=2020-11-30 HTTP/1.1" 200 412
117.184.7.30 - - [30/Nov/2020:09:00:34 +0800] "GET /xingrg/all/function/internal_message.html?_=1606698032556&CODE_STATE=getMsg HTTP/1.1" 200 27
180.162.223.42 - - [30/Nov/2020:09:00:35 +0800] "POST /xingrg/kc/base/stock_operate.html HTTP/1.1" 200 4288
180.174.56.115 - - [30/Nov/2020:09:00:37 +0800] "POST /xingrg/kc/buy/cgsh_order_operate.html HTTP/1.1" 200 37
180.174.56.115 - - [30/Nov/2020:09:00:38 +0800] "POST /xingrg/kc/buy/cgsh_order_operate.html HTTP/1.1" 200 19375
222.69.137.175 - - [30/Nov/2020:09:00:40 +0800] "GET /xingrg/all/function/internal_message.html?_=1606698039577&CODE_STATE=getMsg HTTP/1.1" 200 27
101.85.228.137 - - [30/Nov/2020:09:00:43 +0800] "GET /xingrg/all/function/internal_message.html?_=1606698271320&CODE_STATE=getMsg HTTP/1.1" 200 27
180.162.223.42 - - [30/Nov/2020:09:00:43 +0800] "GET /xingrg/all/function/internal_message.html?_=1606698024914&CODE_STATE=getMsg HTTP/1.1" 200 27
180.174.56.115 - - [30/Nov/2020:09:00:45 +0800] "GET /xingrg/check_reg.html?_=1606698046375 HTTP/1.1" 200 22
180.174.56.115 - - [30/Nov/2020:09:00:45 +0800] "GET /xingrg/all/function/internal_message.html?_=1606698046378&CODE_STATE=getMsg HTTP/1.1" 200 27
180.162.223.42 - - [30/Nov/2020:09:00:45 +0800] "POST /xingrg/kc/base/stock_operate.html HTTP/1.1" 200 4397
120.253.135.82 - - [30/Nov/2020:09:00:51 +0800] "GET /xingrg/all/function/internal_message.html?_=1606698166101&CODE_STATE=getMsg HTTP/1.1" 200 27
172.17.0.102 - - [30/Nov/2020:09:00:52 +0800] "GET /xingrg/all/function/internal_message.html?_=1606698052158&CODE_STATE=getMsg HTTP/1.1" 200 27
180.174.56.115 - - [30/Nov/2020:09:00:53 +0800] "GET /xingrg/all/function/internal_message.html?_=1606698026945&CODE_STATE=getMsg HTTP/1.1" 200 27
180.162.223.42 - - [30/Nov/2020:09:00:53 +0800] "POST /xingrg/kc/base/stock_operate.html HTTP/1.1" 200 4442
180.162.223.42 - - [30/Nov/2020:09:01:00 +0800] "POST /xingrg/kc/base/stock_operate.html HTTP/1.1" 200 4467
114.84.37.38 - - [30/Nov/2020:09:01:09 +0800] "GET /xingrg/check_reg.html?_=1606698071621 HTTP/1.1" 302 -
116.228.172.94 - - [30/Nov/2020:09:01:16 +0800] "GET /xingrg/all/function/internal_message.html?_=1606698078894&CODE_STATE=getMsg HTTP/1.1" 200 27
180.162.223.42 - - [30/Nov/2020:09:01:18 +0800] "GET /xingrg/all/function/internal_message.html?_=1606698080390&CODE_STATE=getMsg HTTP/1.1" 200 27
117.131.5.26 - - [30/Nov/2020:09:01:24 +0800] "GET /xingrg/all/function/internal_message.html?_=1606698120594&CODE_STATE=getMsg HTTP/1.1" 200 27
172.17.0.185 - - [30/Nov/2020:09:01:29 +0800] "GET /xingrg/all/function/internal_message.html?_=1606698088968&CODE_STATE=getMsg HTTP/1.1" 200 27
114.88.175.227 - - [30/Nov/2020:09:01:31 +0800] "GET /xingrg/all/function/internal_message.html?_=1606698211676&CODE_STATE=getMsg HTTP/1.1" 200 27
117.184.7.30 - - [30/Nov/2020:09:01:34 +0800] "GET /xingrg/all/function/internal_message.html?_=1606698092541&CODE_STATE=getMsg HTTP/1.1" 200 27
222.69.137.175 - - [30/Nov/2020:09:01:40 +0800] "GET /xingrg/all/function/internal_message.html?_=1606698099556&CODE_STATE=getMsg HTTP/1.1" 200 27
101.85.228.137 - - [30/Nov/2020:09:01:43 +0800] "GET /xingrg/all/function/internal_message.html?_=1606698331333&CODE_STATE=getMsg HTTP/1.1" 200 27
180.162.223.42 - - [30/Nov/2020:09:01:43 +0800] "GET /xingrg/all/function/internal_message.html?_=1606698084912&CODE_STATE=getMsg HTTP/1.1" 200 27
180.174.56.115 - - [30/Nov/2020:09:01:45 +0800] "GET /xingrg/all/function/internal_message.html?_=1606698106387&CODE_STATE=getMsg HTTP/1.1" 200 27
120.253.135.82 - - [30/Nov/2020:09:01:51 +0800] "GET /xingrg/all/function/internal_message.html?_=1606698226140&CODE_STATE=getMsg HTTP/1.1" 200 27
180.162.223.42 - - [30/Nov/2020:09:01:51 +0800] "POST /xingrg/kc/base/stock_operate.html HTTP/1.1" 200 4440
172.17.0.102 - - [30/Nov/2020:09:01:52 +0800] "GET /xingrg/all/function/internal_message.html?_=1606698112127&CODE_STATE=getMsg HTTP/1.1" 200 27
180.174.56.115 - - [30/Nov/2020:09:01:53 +0800] "GET /xingrg/all/function/internal_message.html?_=1606698086974&CODE_STATE=getMsg HTTP/1.1" 200 27
180.174.56.115 - - [30/Nov/2020:09:02:10 +0800] "POST /xingrg/services/DataTransmitService HTTP/1.1" 200 524
180.162.223.42 - - [30/Nov/2020:09:02:12 +0800] "POST /xingrg/kc/base/stock_operate.html HTTP/1.1" 200 4443
116.228.172.94 - - [30/Nov/2020:09:02:16 +0800] "GET /xingrg/all/function/internal_message.html?_=1606698138899&CODE_STATE=getMsg HTTP/1.1" 200 27
180.162.223.42 - - [30/Nov/2020:09:02:16 +0800] "POST /xingrg/kc/base/stock_operate.html HTTP/1.1" 200 4561
180.162.223.42 - - [30/Nov/2020:09:02:18 +0800] "GET /xingrg/all/function/internal_message.html?_=1606698140415&CODE_STATE=getMsg HTTP/1.1" 200 27
180.162.223.42 - - [30/Nov/2020:09:02:22 +0800] "POST /xingrg/kc/base/stock_operate.html HTTP/1.1" 200 4648
117.131.5.26 - - [30/Nov/2020:09:02:24 +0800] "GET /xingrg/all/function/internal_message.html?_=1606698180590&CODE_STATE=getMsg HTTP/1.1" 200 27
172.17.0.185 - - [30/Nov/2020:09:02:29 +0800] "GET /xingrg/all/function/internal_message.html?_=1606698148972&CODE_STATE=getMsg HTTP/1.1" 200 27
101.85.228.137 - - [30/Nov/2020:09:02:29 +0800] "GET /xingrg/kc/base/wldb_order_operate.html?command=get_materiel&rest_code=00102&base_code=0010476&code=00101016040 HTTP/1.1" 200 454
114.88.175.227 - - [30/Nov/2020:09:02:30 +0800] "GET /xingrg/all/function/internal_message.html?_=1606698271646&CODE_STATE=getMsg HTTP/1.1" 200 27
180.162.223.42 - - [30/Nov/2020:09:02:33 +0800] "POST /xingrg/kc/base/stock_operate.html HTTP/1.1" 200 4621
101.85.228.137 - - [30/Nov/2020:09:02:33 +0800] "GET /xingrg/kc/base/wldb_order_operate.html?command=get_materiel&rest_code=00102&base_code=0010476&code=00101016095 HTTP/1.1" 200 462
117.184.7.30 - - [30/Nov/2020:09:02:34 +0800] "GET /xingrg/all/function/internal_message.html?_=1606698152520&CODE_STATE=getMsg HTTP/1.1" 200 27
101.85.228.137 - - [30/Nov/2020:09:02:38 +0800] "GET /xingrg/kc/base/wldb_order_operate.html?command=get_materiel&rest_code=00102&base_code=0010476&code=00101016087 HTTP/1.1" 200 463
180.162.223.42 - - [30/Nov/2020:09:02:39 +0800] "POST /xingrg/kc/base/stock_operate.html HTTP/1.1" 200 4613
222.69.137.175 - - [30/Nov/2020:09:02:39 +0800] "GET /xingrg/check_reg.html?_=1606698158737 HTTP/1.1" 200 22
222.69.137.175 - - [30/Nov/2020:09:02:40 +0800] "GET /xingrg/all/function/internal_message.html?_=1606698159532&CODE_STATE=getMsg HTTP/1.1" 200 27
101.85.228.137 - - [30/Nov/2020:09:02:43 +0800] "GET /xingrg/all/function/internal_message.html?_=1606698391347&CODE_STATE=getMsg HTTP/1.1" 200 27
101.85.228.137 - - [30/Nov/2020:09:02:43 +0800] "GET /xingrg/kc/base/wldb_order_operate.html?command=get_materiel&rest_code=00102&base_code=0010476&code=00101016094 HTTP/1.1" 200 466
180.162.223.42 - - [30/Nov/2020:09:02:43 +0800] "GET /xingrg/all/function/internal_message.html?_=1606698144911&CODE_STATE=getMsg HTTP/1.1" 200 27
180.162.223.42 - - [30/Nov/2020:09:02:45 +0800] "POST /xingrg/kc/base/stock_operate.html HTTP/1.1" 200 4646
180.174.56.115 - - [30/Nov/2020:09:02:45 +0800] "GET /xingrg/all/function/internal_message.html?_=1606698166388&CODE_STATE=getMsg HTTP/1.1" 200 27
117.184.7.30 - - [30/Nov/2020:09:02:45 +0800] "GET /xingrg/check_reg.html?_=1606698163661 HTTP/1.1" 200 22
120.253.135.82 - - [30/Nov/2020:09:02:51 +0800] "GET /xingrg/all/function/internal_message.html?_=1606698286145&CODE_STATE=getMsg HTTP/1.1" 200 27
172.17.0.102 - - [30/Nov/2020:09:02:52 +0800] "GET /xingrg/all/function/internal_message.html?_=1606698172099&CODE_STATE=getMsg HTTP/1.1" 200 27
180.162.223.42 - - [30/Nov/2020:09:02:52 +0800] "POST /xingrg/kc/base/stock_operate.html HTTP/1.1" 200 4581
180.174.56.115 - - [30/Nov/2020:09:02:53 +0800] "GET /xingrg/all/function/internal_message.html?_=1606698146987&CODE_STATE=getMsg HTTP/1.1" 200 27
101.85.228.137 - - [30/Nov/2020:09:02:56 +0800] "POST /xingrg/services/DataTransmitService HTTP/1.1" 200 524
180.162.223.42 - - [30/Nov/2020:09:02:57 +0800] "POST /xingrg/kc/base/stock_operate.html HTTP/1.1" 200 4540
180.162.223.42 - - [30/Nov/2020:09:03:01 +0800] "POST /xingrg/kc/base/stock_operate.html HTTP/1.1" 200 4672
180.162.223.42 - - [30/Nov/2020:09:03:06 +0800] "POST /xingrg/kc/base/stock_operate.html HTTP/1.1" 200 4569
116.228.172.94 - - [30/Nov/2020:09:03:11 +0800] "GET /xingrg/kc/base/base_main.html HTTP/1.1" 200 12142
116.228.172.94 - - [30/Nov/2020:09:03:14 +0800] "GET /xingrg/kc/base/wldb_order_list.html HTTP/1.1" 200 19424
116.228.172.94 - - [30/Nov/2020:09:03:15 +0800] "POST /xingrg/kc/base/wldb_list_operate.html HTTP/1.1" 200 928
116.228.172.94 - - [30/Nov/2020:09:03:16 +0800] "GET /xingrg/all/function/internal_message.html?_=1606698198909&CODE_STATE=getMsg HTTP/1.1" 200 27
180.162.223.42 - - [30/Nov/2020:09:03:16 +0800] "POST /xingrg/kc/base/stock_operate.html HTTP/1.1" 200 4539
116.228.172.94 - - [30/Nov/2020:09:03:17 +0800] "GET /xingrg/kc/base/wldb_order_add.html HTTP/1.1" 200 30589
116.228.172.94 - - [30/Nov/2020:09:03:17 +0800] "GET /xingrg/all/common/auto_word.html?type=base&rest_code=00107 HTTP/1.1" 200 1861
116.228.172.94 - - [30/Nov/2020:09:03:17 +0800] "GET /xingrg/all/common/auto_word.html?type=base&rest_code=00107 HTTP/1.1" 200 1861
116.228.172.94 - - [30/Nov/2020:09:03:17 +0800] "GET /xingrg/javascript/easyui/themes/default/validatebox.css HTTP/1.1" 404 1104
116.228.172.94 - - [30/Nov/2020:09:03:18 +0800] "POST /xingrg/kc/base/wldb_order_operate.html HTTP/1.1" 200 6806
180.162.223.42 - - [30/Nov/2020:09:03:18 +0800] "GET /xingrg/all/function/internal_message.html?_=1606698200415&CODE_STATE=getMsg HTTP/1.1" 200 27
116.228.172.94 - - [30/Nov/2020:09:03:19 +0800] "POST /xingrg/all/common/load_combo.html?type=base HTTP/1.1" 200 3324
180.162.223.42 - - [30/Nov/2020:09:03:22 +0800] "POST /xingrg/kc/base/stock_operate.html HTTP/1.1" 200 4545
117.131.5.26 - - [30/Nov/2020:09:03:24 +0800] "GET /xingrg/check_reg.html?_=1606698240573 HTTP/1.1" 200 22
117.131.5.26 - - [30/Nov/2020:09:03:24 +0800] "GET /xingrg/all/function/internal_message.html?_=1606698240574&CODE_STATE=getMsg HTTP/1.1" 200 27
180.162.223.42 - - [30/Nov/2020:09:03:25 +0800] "POST /xingrg/kc/base/stock_operate.html HTTP/1.1" 200 4447
222.69.137.175 - - [30/Nov/2020:09:03:27 +0800] "POST /xingrg/kc/buy/cgsh_order_operate.html HTTP/1.1" 200 37
116.228.172.94 - - [30/Nov/2020:09:03:28 +0800] "POST /xingrg/all/common/load_combo.html?type=base HTTP/1.1" 200 3324
180.162.223.42 - - [30/Nov/2020:09:03:28 +0800] "POST /xingrg/kc/base/stock_operate.html HTTP/1.1" 200 4482
172.17.0.185 - - [30/Nov/2020:09:03:29 +0800] "GET /xingrg/all/function/internal_message.html?_=1606698208973&CODE_STATE=getMsg HTTP/1.1" 200 27
172.17.0.185 - - [30/Nov/2020:09:03:29 +0800] "GET /xingrg/check_reg.html?_=1606698208978 HTTP/1.1" 200 22
114.88.175.227 - - [30/Nov/2020:09:03:30 +0800] "GET /xingrg/check_reg.html?_=1606698331614 HTTP/1.1" 200 22
