117.131.5.26 - - [30/Nov/2020:10:19:25 +0800] "GET /xingrg/all/function/internal_message.html?_=1606702800676&CODE_STATE=getMsg HTTP/1.1" 200 27
116.228.172.94 - - [30/Nov/2020:10:19:25 +0800] "POST /xingrg/kc/buy/cgsh_order_operate.html HTTP/1.1" 200 8245
116.232.52.15 - - [30/Nov/2020:10:19:25 +0800] "POST /xingrg/dwr/call/plaincall/AjaxQqpsService.saveMaterielItem.dwr HTTP/1.1" 200 78
116.232.52.15 - - [30/Nov/2020:10:19:28 +0800] "POST /xingrg/dwr/call/plaincall/AjaxQqpsService.getMaterielByCode.dwr HTTP/1.1" 200 2718
116.228.172.94 - - [30/Nov/2020:10:19:28 +0800] "GET /xingrg/javascript/easyui/themes/default/tree.css HTTP/1.1" 404 1090
116.228.172.94 - - [30/Nov/2020:10:19:28 +0800] "POST /xingrg/all/common/load_tree.html?tree=supplier_tree_json&isDelete=1 HTTP/1.1" 200 52105
172.17.0.185 - - [30/Nov/2020:10:19:29 +0800] "GET /xingrg/all/function/internal_message.html?_=1606702768968&CODE_STATE=getMsg HTTP/1.1" 200 27
116.232.52.15 - - [30/Nov/2020:10:19:31 +0800] "POST /xingrg/dwr/call/plaincall/AjaxQqpsService.saveMaterielItem.dwr HTTP/1.1" 200 79
116.232.52.15 - - [30/Nov/2020:10:19:31 +0800] "GET /xingrg/all/function/internal_message.html?_=1606702773989&CODE_STATE=getMsg HTTP/1.1" 200 27
120.253.135.82 - - [30/Nov/2020:10:19:32 +0800] "GET /xingrg/check_reg.html?_=1606702886898 HTTP/1.1" 200 22
180.162.108.15 - - [30/Nov/2020:10:19:34 +0800] "GET /xingrg/all/function/internal_message.html?_=1606702693567&CODE_STATE=getMsg HTTP/1.1" 200 27
117.184.7.26 - - [30/Nov/2020:10:19:34 +0800] "GET /xingrg/all/function/internal_message.html?_=1606702772223&CODE_STATE=getMsg HTTP/1.1" 200 27
116.232.52.15 - - [30/Nov/2020:10:19:34 +0800] "POST /xingrg/dwr/call/plaincall/AjaxQqpsService.getMaterielByCode.dwr HTTP/1.1" 200 2692
116.232.52.15 - - [30/Nov/2020:10:19:36 +0800] "POST /xingrg/dwr/call/plaincall/AjaxQqpsService.saveMaterielItem.dwr HTTP/1.1" 200 79
222.69.137.175 - - [30/Nov/2020:10:19:38 +0800] "GET /xingrg/all/function/internal_message.html?_=1606702778017&CODE_STATE=getMsg HTTP/1.1" 200 27
116.232.52.15 - - [30/Nov/2020:10:19:39 +0800] "POST /xingrg/dwr/call/plaincall/AjaxQqpsService.getMaterielByCode.dwr HTTP/1.1" 200 2737
116.232.52.15 - - [30/Nov/2020:10:19:40 +0800] "POST /xingrg/dwr/call/plaincall/AjaxQqpsService.saveMaterielItem.dwr HTTP/1.1" 200 79
117.185.32.26 - - [30/Nov/2020:10:19:40 +0800] "GET /xingrg/all/function/internal_message.html?_=1606702772119&CODE_STATE=getMsg HTTP/1.1" 200 27
116.232.52.15 - - [30/Nov/2020:10:19:43 +0800] "POST /xingrg/dwr/call/plaincall/AjaxQqpsService.getMaterielByCode.dwr HTTP/1.1" 200 2699
180.162.223.42 - - [30/Nov/2020:10:19:43 +0800] "GET /xingrg/all/function/internal_message.html?_=1606702764977&CODE_STATE=getMsg HTTP/1.1" 200 27
114.88.175.227 - - [30/Nov/2020:10:19:44 +0800] "GET /xingrg/kc/buy/cgsh_order_add.html HTTP/1.1" 200 60807
101.85.228.137 - - [30/Nov/2020:10:19:44 +0800] "GET /xingrg/check_reg.html?_=1606703012621 HTTP/1.1" 200 22
114.88.175.227 - - [30/Nov/2020:10:19:44 +0800] "GET /xingrg/javascript/easyui/themes/default/validatebox.css HTTP/1.1" 404 1104
114.88.175.227 - - [30/Nov/2020:10:19:44 +0800] "POST /xingrg/kc/buy/cgsh_order_operate.html HTTP/1.1" 200 8245
116.232.52.15 - - [30/Nov/2020:10:19:45 +0800] "POST /xingrg/dwr/call/plaincall/AjaxQqpsService.saveMaterielItem.dwr HTTP/1.1" 200 79
172.17.0.102 - - [30/Nov/2020:10:19:50 +0800] "GET /xingrg/all/function/internal_message.html?_=1606702790520&CODE_STATE=getMsg HTTP/1.1" 200 27
180.162.223.42 - - [30/Nov/2020:10:19:51 +0800] "GET /xingrg/kc/report/report_main.html HTTP/1.1" 200 7345
114.88.175.227 - - [30/Nov/2020:10:19:51 +0800] "GET /xingrg/kc/buy/cgsh_order_operate.html?command=get_materiel&rest_code=00111&code=00101012046&supplier_code=00100347&order_time=2020-11-30 HTTP/1.1" 200 417
114.88.175.227 - - [30/Nov/2020:10:19:51 +0800] "GET /xingrg/all/function/internal_message.html?_=1606702912560&CODE_STATE=getMsg HTTP/1.1" 200 27
120.253.135.82 - - [30/Nov/2020:10:19:53 +0800] "GET /xingrg/all/function/internal_message.html?_=1606702907830&CODE_STATE=getMsg HTTP/1.1" 200 27
101.85.228.137 - - [30/Nov/2020:10:19:53 +0800] "GET /xingrg/all/function/internal_message.html?_=1606703021614&CODE_STATE=getMsg HTTP/1.1" 200 27
180.162.223.42 - - [30/Nov/2020:10:19:53 +0800] "GET /xingrg/kc/base/kc_stocks.html HTTP/1.1" 200 16386
180.162.223.42 - - [30/Nov/2020:10:19:54 +0800] "GET /xingrg/javascript/easyui/themes/default/tree.css HTTP/1.1" 404 1090
180.162.223.42 - - [30/Nov/2020:10:19:54 +0800] "POST /xingrg/all/common/load_tree.html?tree=materiel_sort_tree_json HTTP/1.1" 200 8666
116.232.52.15 - - [30/Nov/2020:10:19:56 +0800] "POST /xingrg/dwr/call/plaincall/AjaxQqpsService.getMaterielByCode.dwr HTTP/1.1" 200 2689
180.162.223.42 - - [30/Nov/2020:10:19:58 +0800] "POST /xingrg/all/common/load_combo.html?type=base HTTP/1.1" 200 3236
114.88.175.227 - - [30/Nov/2020:10:19:58 +0800] "GET /xingrg/kc/buy/cgsh_order_operate.html?command=get_materiel&rest_code=00111&code=00101020225&supplier_code=00100347&order_time=2020-11-30 HTTP/1.1" 200 403
116.232.52.15 - - [30/Nov/2020:10:19:58 +0800] "POST /xingrg/dwr/call/plaincall/AjaxQqpsService.saveMaterielItem.dwr HTTP/1.1" 200 79
222.69.137.175 - - [30/Nov/2020:10:19:58 +0800] "POST /xingrg/kc/buy/cgsh_list_operate.html HTTP/1.1" 200 5413
116.232.52.15 - - [30/Nov/2020:10:20:04 +0800] "POST /xingrg/dwr/call/plaincall/AjaxQqpsService.getMaterielByCode.dwr HTTP/1.1" 200 2706
114.84.37.38 - - [30/Nov/2020:10:20:05 +0800] "GET /xingrg/check_reg.html?_=1606702806431 HTTP/1.1" 200 22
180.174.56.115 - - [30/Nov/2020:10:20:05 +0800] "GET /xingrg/all/function/internal_message.html?_=1606702779047&CODE_STATE=getMsg HTTP/1.1" 200 27
114.88.175.227 - - [30/Nov/2020:10:20:05 +0800] "GET /xingrg/kc/buy/cgsh_order_operate.html?command=get_materiel&rest_code=00111&code=00101008469&supplier_code=00100347&order_time=2020-11-30 HTTP/1.1" 200 398
116.232.52.15 - - [30/Nov/2020:10:20:05 +0800] "POST /xingrg/dwr/call/plaincall/AjaxQqpsService.saveMaterielItem.dwr HTTP/1.1" 200 79
222.69.133.109 - - [30/Nov/2020:10:20:09 +0800] "GET /xingrg/check_reg.html?_=1606702808998 HTTP/1.1" 200 22
222.69.133.109 - - [30/Nov/2020:10:20:09 +0800] "GET /xingrg/all/function/internal_message.html?_=1606702809065&CODE_STATE=getMsg HTTP/1.1" 200 27
116.232.52.15 - - [30/Nov/2020:10:20:09 +0800] "POST /xingrg/dwr/call/plaincall/AjaxQqpsService.getMaterielByCode.dwr HTTP/1.1" 200 2647
114.88.175.227 - - [30/Nov/2020:10:20:10 +0800] "GET /xingrg/all/function/internal_message.html?_=1606702807737&CODE_STATE=getMsg HTTP/1.1" 200 27
101.85.228.137 - - [30/Nov/2020:10:20:10 +0800] "GET /xingrg/all/function/internal_message.html?_=1606702811532&CODE_STATE=getMsg HTTP/1.1" 200 27
180.162.223.42 - - [30/Nov/2020:10:20:12 +0800] "POST /xingrg/kc/base/stock_operate.html HTTP/1.1" 200 4116
114.88.175.227 - - [30/Nov/2020:10:20:14 +0800] "GET /xingrg/kc/buy/cgsh_order_operate.html?command=get_materiel&rest_code=00111&code=00102002167&supplier_code=00100347&order_time=2020-11-30 HTTP/1.1" 200 409
180.174.56.115 - - [30/Nov/2020:10:20:14 +0800] "GET /xingrg/all/function/internal_message.html?_=1606702815684&CODE_STATE=getMsg HTTP/1.1" 200 27
116.232.52.15 - - [30/Nov/2020:10:20:16 +0800] "POST /xingrg/dwr/call/plaincall/AjaxQqpsService.saveMaterielItem.dwr HTTP/1.1" 200 79
116.228.172.94 - - [30/Nov/2020:10:20:16 +0800] "GET /xingrg/check_reg.html?_=1606702819291 HTTP/1.1" 200 22
116.228.172.94 - - [30/Nov/2020:10:20:16 +0800] "GET /xingrg/all/function/internal_message.html?_=1606702819611&CODE_STATE=getMsg HTTP/1.1" 200 27
180.157.253.48 - - [30/Nov/2020:10:20:17 +0800] "GET /xingrg/all/function/internal_message.html?_=1606702817142&CODE_STATE=getMsg HTTP/1.1" 200 27
180.162.108.15 - - [30/Nov/2020:10:20:17 +0800] "POST /xingrg/kc/base/wldb_order_operate.html HTTP/1.1" 200 37
180.162.108.15 - - [30/Nov/2020:10:20:18 +0800] "POST /xingrg/kc/base/wldb_order_operate.html HTTP/1.1" 200 2184
101.85.93.83 - - [30/Nov/2020:10:20:19 +0800] "GET /xingrg/all/function/internal_message.html?_=1606702542604&CODE_STATE=getMsg HTTP/1.1" 200 27
180.162.223.42 - - [30/Nov/2020:10:20:19 +0800] "GET /xingrg/check_reg.html?_=1606702820533 HTTP/1.1" 200 22
180.162.223.42 - - [30/Nov/2020:10:20:19 +0800] "GET /xingrg/all/function/internal_message.html?_=1606702820534&CODE_STATE=getMsg HTTP/1.1" 200 27
114.88.175.227 - - [30/Nov/2020:10:20:19 +0800] "GET /xingrg/kc/buy/cgsh_order_operate.html?command=get_materiel&rest_code=00111&code=00101005022&supplier_code=00100347&order_time=2020-11-30 HTTP/1.1" 200 436
116.232.52.15 - - [30/Nov/2020:10:20:19 +0800] "POST /xingrg/dwr/call/plaincall/AjaxQqpsService.getMaterielByCode.dwr HTTP/1.1" 200 2708
180.162.108.15 - - [30/Nov/2020:10:20:23 +0800] "GET /xingrg/kc/base/wldb_order_info.html?code=422020113003464 HTTP/1.1" 200 30608
180.162.108.15 - - [30/Nov/2020:10:20:23 +0800] "GET /xingrg/javascript/easyui/themes/default/validatebox.css HTTP/1.1" 404 1104
180.162.108.15 - - [30/Nov/2020:10:20:23 +0800] "POST /xingrg/kc/base/wldb_order_operate.html HTTP/1.1" 200 2184
117.131.5.26 - - [30/Nov/2020:10:20:25 +0800] "GET /xingrg/all/function/internal_message.html?_=1606702860690&CODE_STATE=getMsg HTTP/1.1" 200 27
116.232.52.15 - - [30/Nov/2020:10:20:25 +0800] "POST /xingrg/dwr/call/plaincall/AjaxQqpsService.saveMaterielItem.dwr HTTP/1.1" 200 79
114.88.175.227 - - [30/Nov/2020:10:20:28 +0800] "POST /xingrg/kc/buy/cgsh_order_operate.html HTTP/1.1" 200 37
180.162.108.15 - - [30/Nov/2020:10:20:28 +0800] "POST /xingrg/kc/base/wldb_list_operate.html HTTP/1.1" 200 592
116.232.52.15 - - [30/Nov/2020:10:20:28 +0800] "POST /xingrg/dwr/call/plaincall/AjaxQqpsService.getMaterielByCode.dwr HTTP/1.1" 200 2713
180.162.108.15 - - [30/Nov/2020:10:20:28 +0800] "GET /xingrg/kc/base/wldb_order_info.html?code=422020112903399 HTTP/1.1" 200 30610
114.88.175.227 - - [30/Nov/2020:10:20:29 +0800] "POST /xingrg/kc/buy/cgsh_order_operate.html HTTP/1.1" 200 5032
180.162.108.15 - - [30/Nov/2020:10:20:29 +0800] "GET /xingrg/javascript/easyui/themes/default/validatebox.css HTTP/1.1" 404 1104
180.162.108.15 - - [30/Nov/2020:10:20:29 +0800] "POST /xingrg/kc/base/wldb_order_operate.html HTTP/1.1" 200 9392
172.17.0.185 - - [30/Nov/2020:10:20:29 +0800] "GET /xingrg/all/function/internal_message.html?_=1606702828972&CODE_STATE=getMsg HTTP/1.1" 200 27
114.88.175.227 - - [30/Nov/2020:10:20:30 +0800] "GET /xingrg/kc/print/load_data.html?order_code=212020113011856&kc_code=cgsh&condition= HTTP/1.1" 200 1567
116.232.52.15 - - [30/Nov/2020:10:20:30 +0800] "POST /xingrg/dwr/call/plaincall/AjaxQqpsService.saveMaterielItem.dwr HTTP/1.1" 200 79
116.232.52.15 - - [30/Nov/2020:10:20:31 +0800] "GET /xingrg/all/function/internal_message.html?_=1606702833975&CODE_STATE=getMsg HTTP/1.1" 200 27
180.162.108.15 - - [30/Nov/2020:10:20:34 +0800] "GET /xingrg/all/function/internal_message.html?_=1606702753578&CODE_STATE=getMsg HTTP/1.1" 200 27
117.184.7.26 - - [30/Nov/2020:10:20:34 +0800] "GET /xingrg/all/function/internal_message.html?_=1606702832213&CODE_STATE=getMsg HTTP/1.1" 200 27
222.69.137.175 - - [30/Nov/2020:10:20:38 +0800] "GET /xingrg/all/function/internal_message.html?_=1606702837992&CODE_STATE=getMsg HTTP/1.1" 200 27
116.228.172.94 - - [30/Nov/2020:10:20:40 +0800] "GET /xingrg/kc/buy/cgsh_order_operate.html?command=get_materiel&rest_code=00107&code=00101006159&supplier_code=00100344&order_time=2020-11-30 HTTP/1.1" 200 417
117.185.32.26 - - [30/Nov/2020:10:20:40 +0800] "GET /xingrg/all/function/internal_message.html?_=1606702832098&CODE_STATE=getMsg HTTP/1.1" 200 27
180.162.223.42 - - [30/Nov/2020:10:20:43 +0800] "GET /xingrg/all/function/internal_message.html?_=1606702824989&CODE_STATE=getMsg HTTP/1.1" 200 27
180.162.108.15 - - [30/Nov/2020:10:20:48 +0800] "POST /xingrg/kc/base/wldb_order_operate.html HTTP/1.1" 200 37
180.162.223.42 - - [30/Nov/2020:10:20:48 +0800] "POST /xingrg/kc/base/stock_operate.html HTTP/1.1" 200 2640
180.162.108.15 - - [30/Nov/2020:10:20:50 +0800] "POST /xingrg/kc/base/wldb_order_operate.html HTTP/1.1" 200 12
180.162.108.15 - - [30/Nov/2020:10:20:50 +0800] "POST /xingrg/kc/base/wldb_order_operate.html HTTP/1.1" 200 9391
172.17.0.102 - - [30/Nov/2020:10:20:50 +0800] "GET /xingrg/all/function/internal_message.html?_=1606702850491&CODE_STATE=getMsg HTTP/1.1" 200 27
180.162.108.15 - - [30/Nov/2020:10:20:51 +0800] "GET /xingrg/kc/base/wldb_order_info.html?code=422020112903399 HTTP/1.1" 200 26476
180.162.108.15 - - [30/Nov/2020:10:20:51 +0800] "GET /xingrg/javascript/easyui/themes/default/validatebox.css HTTP/1.1" 404 1104
180.162.108.15 - - [30/Nov/2020:10:20:51 +0800] "POST /xingrg/kc/base/wldb_order_operate.html HTTP/1.1" 200 7497
114.88.175.227 - - [30/Nov/2020:10:20:51 +0800] "GET /xingrg/all/function/internal_message.html?_=1606702972566&CODE_STATE=getMsg HTTP/1.1" 200 27
116.232.52.15 - - [30/Nov/2020:10:20:51 +0800] "POST /xingrg/dwr/call/plaincall/AjaxQqpsService.getMaterielByCode.dwr HTTP/1.1" 200 2738
120.253.135.82 - - [30/Nov/2020:10:20:53 +0800] "GET /xingrg/all/function/internal_message.html?_=1606702967842&CODE_STATE=getMsg HTTP/1.1" 200 27
101.85.228.137 - - [30/Nov/2020:10:20:53 +0800] "GET /xingrg/all/function/internal_message.html?_=1606703081626&CODE_STATE=getMsg HTTP/1.1" 200 27
116.228.172.94 - - [30/Nov/2020:10:20:53 +0800] "POST /xingrg/kc/buy/cgsh_order_operate.html HTTP/1.1" 200 37
116.228.172.94 - - [30/Nov/2020:10:20:55 +0800] "POST /xingrg/kc/buy/cgsh_order_operate.html HTTP/1.1" 200 2661
116.228.172.94 - - [30/Nov/2020:10:20:57 +0800] "GET /xingrg/kc/print/load_data.html?order_code=212020113011857&kc_code=cgsh&condition= HTTP/1.1" 200 678
116.232.52.15 - - [30/Nov/2020:10:20:57 +0800] "POST /xingrg/dwr/call/plaincall/AjaxQqpsService.saveMaterielItem.dwr HTTP/1.1" 200 79
222.69.137.175 - - [30/Nov/2020:10:21:00 +0800] "POST /xingrg/kc/buy/cgsh_list_operate.html HTTP/1.1" 200 5441
180.162.108.15 - - [30/Nov/2020:10:21:03 +0800] "GET /xingrg/kc/print/load_config.html?kc_code=wldb HTTP/1.1" 200 2173
180.162.108.15 - - [30/Nov/2020:10:21:04 +0800] "GET /xingrg/kc/print/load_data.html?order_code=422020112903399&kc_code=wldb&condition= HTTP/1.1" 200 2690
180.174.56.115 - - [30/Nov/2020:10:21:05 +0800] "GET /xingrg/all/function/internal_message.html?_=1606702839118&CODE_STATE=getMsg HTTP/1.1" 200 27
222.69.133.109 - - [30/Nov/2020:10:21:09 +0800] "GET /xingrg/all/function/internal_message.html?_=1606702869045&CODE_STATE=getMsg HTTP/1.1" 200 27
114.84.37.38 - - [30/Nov/2020:10:21:09 +0800] "GET /xingrg/check_reg.html?_=1606702871850 HTTP/1.1" 302 -
114.88.175.227 - - [30/Nov/2020:10:21:10 +0800] "GET /xingrg/all/function/internal_message.html?_=1606702867746&CODE_STATE=getMsg HTTP/1.1" 200 27
116.228.172.94 - - [30/Nov/2020:10:21:10 +0800] "GET /xingrg/kc/buy/cgsh_order_add.html HTTP/1.1" 200 60895
101.85.228.137 - - [30/Nov/2020:10:21:10 +0800] "GET /xingrg/all/function/internal_message.html?_=1606702871541&CODE_STATE=getMsg HTTP/1.1" 200 27
116.228.172.94 - - [30/Nov/2020:10:21:11 +0800] "POST /xingrg/kc/buy/cgsh_order_operate.html HTTP/1.1" 200 8245
116.228.172.94 - - [30/Nov/2020:10:21:11 +0800] "GET /xingrg/javascript/easyui/themes/default/validatebox.css HTTP/1.1" 404 1104
116.228.172.94 - - [30/Nov/2020:10:21:12 +0800] "GET /xingrg/javascript/easyui/themes/default/tree.css HTTP/1.1" 404 1090
116.228.172.94 - - [30/Nov/2020:10:21:12 +0800] "POST /xingrg/all/common/load_tree.html?tree=supplier_tree_json&isDelete=1 HTTP/1.1" 200 52105
180.174.56.115 - - [30/Nov/2020:10:21:14 +0800] "GET /xingrg/all/function/internal_message.html?_=1606702875678&CODE_STATE=getMsg HTTP/1.1" 200 27
180.157.253.48 - - [30/Nov/2020:10:21:16 +0800] "GET /xingrg/check_reg.html?_=1606702876026 HTTP/1.1" 200 22
116.228.172.94 - - [30/Nov/2020:10:21:16 +0800] "GET /xingrg/all/function/internal_message.html?_=1606702879618&CODE_STATE=getMsg HTTP/1.1" 200 27
180.157.253.48 - - [30/Nov/2020:10:21:17 +0800] "GET /xingrg/all/function/internal_message.html?_=1606702877155&CODE_STATE=getMsg HTTP/1.1" 200 27
101.85.93.83 - - [30/Nov/2020:10:21:19 +0800] "GET /xingrg/all/function/internal_message.html?_=1606702602603&CODE_STATE=getMsg HTTP/1.1" 200 27
180.162.223.42 - - [30/Nov/2020:10:21:19 +0800] "GET /xingrg/all/function/internal_message.html?_=1606702880532&CODE_STATE=getMsg HTTP/1.1" 200 27
116.232.52.76 - - [30/Nov/2020:10:21:23 +0800] "GET /favicon.ico HTTP/1.1" 404 -
117.131.5.26 - - [30/Nov/2020:10:21:25 +0800] "GET /xingrg/all/function/internal_message.html?_=1606702920689&CODE_STATE=getMsg HTTP/1.1" 200 27
180.162.108.15 - - [30/Nov/2020:10:21:28 +0800] "POST /xingrg/kc/base/wldb_list_operate.html HTTP/1.1" 200 2191
172.17.0.185 - - [30/Nov/2020:10:21:29 +0800] "GET /xingrg/all/function/internal_message.html?_=1606702888975&CODE_STATE=getMsg HTTP/1.1" 200 27
180.162.108.15 - - [30/Nov/2020:10:21:30 +0800] "POST /xingrg/kc/base/wldb_list_operate.html HTTP/1.1" 200 204
180.162.108.15 - - [30/Nov/2020:10:21:30 +0800] "GET /xingrg/kc/base/wldb_order_info.html?code=422020113003464 HTTP/1.1" 200 30608
180.162.108.15 - - [30/Nov/2020:10:21:30 +0800] "GET /xingrg/javascript/easyui/themes/default/validatebox.css HTTP/1.1" 404 1104
180.162.108.15 - - [30/Nov/2020:10:21:30 +0800] "POST /xingrg/kc/base/wldb_order_operate.html HTTP/1.1" 200 2184
116.232.52.15 - - [30/Nov/2020:10:21:31 +0800] "GET /xingrg/all/function/internal_message.html?_=1606702893964&CODE_STATE=getMsg HTTP/1.1" 200 27
180.162.108.15 - - [30/Nov/2020:10:21:34 +0800] "GET /xingrg/all/function/internal_message.html?_=1606702813576&CODE_STATE=getMsg HTTP/1.1" 200 27
117.184.7.26 - - [30/Nov/2020:10:21:34 +0800] "GET /xingrg/all/function/internal_message.html?_=1606702892201&CODE_STATE=getMsg HTTP/1.1" 200 27
222.69.137.175 - - [30/Nov/2020:10:21:38 +0800] "GET /xingrg/all/function/internal_message.html?_=1606702897987&CODE_STATE=getMsg HTTP/1.1" 200 27
117.185.32.26 - - [30/Nov/2020:10:21:40 +0800] "GET /xingrg/all/function/internal_message.html?_=1606702892071&CODE_STATE=getMsg HTTP/1.1" 200 27
222.69.137.175 - - [30/Nov/2020:10:21:41 +0800] "POST /xingrg/kc/buy/cgsh_list_operate.html HTTP/1.1" 200 5447
116.232.52.15 - - [30/Nov/2020:10:21:41 +0800] "POST /xingrg/dwr/call/plaincall/AjaxQqpsService.checkOrder.dwr HTTP/1.1" 200 79
116.232.52.15 - - [30/Nov/2020:10:21:42 +0800] "GET /xingrg/dwr/interface/AjaxComOrderService.js HTTP/1.1" 200 18264
116.232.52.15 - - [30/Nov/2020:10:21:42 +0800] "GET /xingrg/dwr/engine.js HTTP/1.1" 200 43631
116.232.52.15 - - [30/Nov/2020:10:21:42 +0800] "GET /xingrg/kc/mdqp/qqps_order_info.html?code=302020113000643 HTTP/1.1" 200 26735
180.162.223.42 - - [30/Nov/2020:10:21:43 +0800] "GET /xingrg/all/function/internal_message.html?_=1606702884996&CODE_STATE=getMsg HTTP/1.1" 200 27
116.232.52.15 - - [30/Nov/2020:10:21:45 +0800] "GET /xingrg/dwr/interface/AjaxQqpsService.js HTTP/1.1" 200 16326
116.232.52.15 - - [30/Nov/2020:10:21:45 +0800] "POST /xingrg/dwr/call/plaincall/AjaxQqpsService.loadMaterielItems.dwr HTTP/1.1" 200 4216
172.17.0.102 - - [30/Nov/2020:10:21:50 +0800] "GET /xingrg/all/function/internal_message.html?_=1606702910491&CODE_STATE=getMsg HTTP/1.1" 200 27
114.88.175.227 - - [30/Nov/2020:10:21:51 +0800] "GET /xingrg/all/function/internal_message.html?_=1606703032603&CODE_STATE=getMsg HTTP/1.1" 200 27
120.253.135.82 - - [30/Nov/2020:10:21:53 +0800] "GET /xingrg/all/function/internal_message.html?_=1606703027879&CODE_STATE=getMsg HTTP/1.1" 200 27
101.85.228.137 - - [30/Nov/2020:10:21:53 +0800] "GET /xingrg/all/function/internal_message.html?_=1606703142129&CODE_STATE=getMsg HTTP/1.1" 200 27
116.232.52.15 - - [30/Nov/2020:10:21:58 +0800] "GET /xingrg/kc/buy/buy_main.html HTTP/1.1" 200 12412
116.232.52.15 - - [30/Nov/2020:10:21:58 +0800] "GET /xingrg/css/new_ie.css HTTP/1.1" 404 1036
116.232.52.15 - - [30/Nov/2020:10:21:59 +0800] "GET /xingrg/kc/buy/cgsh_order_list.html HTTP/1.1" 200 45069
180.162.108.15 - - [30/Nov/2020:10:22:00 +0800] "GET /xingrg/kc/base/wldb_order_operate.html?command=get_materiel&rest_code=00143&base_code=0010222&code=00102002423 HTTP/1.1" 200 443
116.232.52.15 - - [30/Nov/2020:10:22:00 +0800] "POST /xingrg/kc/buy/cgsh_list_operate.html HTTP/1.1" 200 876
180.174.56.115 - - [30/Nov/2020:10:22:05 +0800] "GET /xingrg/all/function/internal_message.html?_=1606702899122&CODE_STATE=getMsg HTTP/1.1" 200 27
116.228.172.94 - - [30/Nov/2020:10:22:06 +0800] "GET /xingrg/kc/buy/cgsh_order_operate.html?command=get_materiel&rest_code=00107&code=00101001016&supplier_code=00100312&order_time=2020-11-30 HTTP/1.1" 200 433
222.69.133.109 - - [30/Nov/2020:10:22:09 +0800] "GET /xingrg/all/function/internal_message.html?_=1606702929027&CODE_STATE=getMsg HTTP/1.1" 200 27
114.88.175.227 - - [30/Nov/2020:10:22:09 +0800] "GET /xingrg/check_reg.html?_=1606702927114 HTTP/1.1" 200 22
101.85.228.137 - - [30/Nov/2020:10:22:10 +0800] "GET /xingrg/check_reg.html?_=1606702931355 HTTP/1.1" 200 22
114.88.175.227 - - [30/Nov/2020:10:22:10 +0800] "GET /xingrg/all/function/internal_message.html?_=1606702927760&CODE_STATE=getMsg HTTP/1.1" 200 27
101.85.228.137 - - [30/Nov/2020:10:22:10 +0800] "GET /xingrg/all/function/internal_message.html?_=1606702931555&CODE_STATE=getMsg HTTP/1.1" 200 27
180.174.56.115 - - [30/Nov/2020:10:22:14 +0800] "GET /xingrg/all/function/internal_message.html?_=1606702935677&CODE_STATE=getMsg HTTP/1.1" 200 27
116.228.172.94 - - [30/Nov/2020:10:22:16 +0800] "GET /xingrg/all/function/internal_message.html?_=1606702939609&CODE_STATE=getMsg HTTP/1.1" 200 27
180.157.253.48 - - [30/Nov/2020:10:22:17 +0800] "GET /xingrg/all/function/internal_message.html?_=1606702937169&CODE_STATE=getMsg HTTP/1.1" 200 27
180.162.223.42 - - [30/Nov/2020:10:22:19 +0800] "GET /xingrg/all/function/internal_message.html?_=1606702940530&CODE_STATE=getMsg HTTP/1.1" 200 27
101.85.93.83 - - [30/Nov/2020:10:22:19 +0800] "GET /xingrg/all/function/internal_message.html?_=1606702662602&CODE_STATE=getMsg HTTP/1.1" 200 27
117.131.5.26 - - [30/Nov/2020:10:22:25 +0800] "GET /xingrg/all/function/internal_message.html?_=1606702980687&CODE_STATE=getMsg HTTP/1.1" 200 27
116.232.52.15 - - [30/Nov/2020:10:22:25 +0800] "GET /xingrg/javascript/jquery_easy_ui/themes/default/easyui.css HTTP/1.1" 304 -
116.232.52.15 - - [30/Nov/2020:10:22:25 +0800] "GET /xingrg/javascript/jquery_easy_ui/themes/icon.css HTTP/1.1" 304 -
116.232.52.15 - - [30/Nov/2020:10:22:25 +0800] "GET /xingrg/css/form.css HTTP/1.1" 304 -
116.232.52.15 - - [30/Nov/2020:10:22:25 +0800] "GET /xingrg/javascript/jquery-1.4.2.min.js HTTP/1.1" 304 -
116.232.52.15 - - [30/Nov/2020:10:22:25 +0800] "GET /xingrg/index.html?sysBaseUrl=http%3A%2F%2F180.169.147.146%3A18081%2Fxingrg%2F&costTime=54×tamp=1606698992237 HTTP/1.1" 200 17173
116.232.52.15 - - [30/Nov/2020:10:22:25 +0800] "GET /xingrg/images/blue/jxLogo.png HTTP/1.1" 304 -
116.232.52.15 - - [30/Nov/2020:10:22:25 +0800] "GET /xingrg/javascript/jquery.form.js HTTP/1.1" 304 -
116.232.52.15 - - [30/Nov/2020:10:22:25 +0800] "GET /xingrg/javascript/jquery_easy_ui/jquery.easyui.min.js HTTP/1.1" 304 -
116.232.52.15 - - [30/Nov/2020:10:22:25 +0800] "GET /xingrg/javascript/jquery_easy_ui/easyui-lang-zh_CN.js HTTP/1.1" 304 -
116.232.52.15 - - [30/Nov/2020:10:22:25 +0800] "GET /xingrg/javascript/jquery.utils.js HTTP/1.1" 304 -
116.232.52.15 - - [30/Nov/2020:10:22:25 +0800] "GET /xingrg/javascript/jquery.timers.js HTTP/1.1" 304 -
116.232.52.15 - - [30/Nov/2020:10:22:25 +0800] "GET /xingrg/images/blue/navBackgound.jpg HTTP/1.1" 304 -
116.232.52.15 - - [30/Nov/2020:10:22:25 +0800] "GET /xingrg/javascript/jquery_easy_ui/themes/icons/settle_new.png HTTP/1.1" 304 -
116.232.52.15 - - [30/Nov/2020:10:22:25 +0800] "POST /xingrg/all/common/load_tree.html?tree=area_rest_tree_json&manage=1 HTTP/1.1" 200 342
116.232.52.15 - - [30/Nov/2020:10:22:25 +0800] "GET /xingrg/all/function/internal_message.html?_=1606702947432&CODE_STATE=count HTTP/1.1" 200 11
116.232.52.15 - - [30/Nov/2020:10:22:25 +0800] "GET /xingrg/check_reg.html?_=1606702947433 HTTP/1.1" 200 22
116.232.52.15 - - [30/Nov/2020:10:22:25 +0800] "GET /xingrg/images/blue/pingpu.png HTTP/1.1" 304 -
116.232.52.15 - - [30/Nov/2020:10:22:25 +0800] "GET /xingrg/javascript/jquery_easy_ui/themes/default/images/tabs_leftarrow.png HTTP/1.1" 304 -
116.232.52.15 - - [30/Nov/2020:10:22:25 +0800] "GET /xingrg/javascript/jquery_easy_ui/themes/default/images/panel_tool_collapse.gif HTTP/1.1" 304 -
116.232.52.15 - - [30/Nov/2020:10:22:25 +0800] "GET /xingrg/javascript/jquery_easy_ui/themes/default/images/tabs_rightarrow.png HTTP/1.1" 304 -
116.232.52.15 - - [30/Nov/2020:10:22:25 +0800] "POST /xingrg/load_menu.html HTTP/1.1" 200 5138
116.232.52.15 - - [30/Nov/2020:10:22:27 +0800] "GET /xingrg/kc/buy/buy_main.html HTTP/1.1" 200 12412
116.232.52.15 - - [30/Nov/2020:10:22:27 +0800] "GET /xingrg/css/new_ie.css HTTP/1.1" 404 1036
116.228.172.94 - - [30/Nov/2020:10:22:27 +0800] "POST /xingrg/kc/buy/cgsh_order_operate.html HTTP/1.1" 200 37
116.232.52.15 - - [30/Nov/2020:10:22:28 +0800] "GET /xingrg/images/yd/bt.gif HTTP/1.1" 404 1040
116.232.52.15 - - [30/Nov/2020:10:22:28 +0800] "GET /xingrg/kc/buy/cgsh_order_list.html HTTP/1.1" 200 45069
116.228.172.94 - - [30/Nov/2020:10:22:29 +0800] "POST /xingrg/kc/buy/cgsh_order_operate.html HTTP/1.1" 200 2660
116.232.52.15 - - [30/Nov/2020:10:22:29 +0800] "POST /xingrg/kc/buy/cgsh_list_operate.html HTTP/1.1" 200 876
172.17.0.185 - - [30/Nov/2020:10:22:29 +0800] "GET /xingrg/all/function/internal_message.html?_=1606702948964&CODE_STATE=getMsg HTTP/1.1" 200 27
116.228.172.94 - - [30/Nov/2020:10:22:30 +0800] "GET /xingrg/kc/print/load_data.html?order_code=212020113011858&kc_code=cgsh&condition= HTTP/1.1" 200 673
116.232.52.15 - - [30/Nov/2020:10:22:32 +0800] "POST /xingrg/all/common/load_tree.html?tree=area_rest_tree_json&manage=1 HTTP/1.1" 200 342
116.232.52.15 - - [30/Nov/2020:10:22:32 +0800] "GET /xingrg/all/function/internal_message.html?_=1606702954854&CODE_STATE=count HTTP/1.1" 200 11
116.232.52.15 - - [30/Nov/2020:10:22:32 +0800] "GET /xingrg/check_reg.html?_=1606702954854 HTTP/1.1" 200 22
116.232.52.15 - - [30/Nov/2020:10:22:32 +0800] "POST /xingrg/load_menu.html HTTP/1.1" 200 5138
116.228.172.94 - - [30/Nov/2020:10:22:34 +0800] "GET /xingrg/kc/buy/cgsh_order_add.html HTTP/1.1" 200 60895
180.162.108.15 - - [30/Nov/2020:10:22:34 +0800] "GET /xingrg/all/function/internal_message.html?_=1606702873578&CODE_STATE=getMsg HTTP/1.1" 200 27
180.162.108.15 - - [30/Nov/2020:10:22:34 +0800] "GET /xingrg/check_reg.html?_=1606702873581 HTTP/1.1" 200 22
117.184.7.26 - - [30/Nov/2020:10:22:34 +0800] "GET /xingrg/all/function/internal_message.html?_=1606702952180&CODE_STATE=getMsg HTTP/1.1" 200 27
116.228.172.94 - - [30/Nov/2020:10:22:35 +0800] "GET /xingrg/javascript/easyui/themes/default/validatebox.css HTTP/1.1" 404 1104
116.228.172.94 - - [30/Nov/2020:10:22:35 +0800] "POST /xingrg/kc/buy/cgsh_order_operate.html HTTP/1.1" 200 8245
116.228.172.94 - - [30/Nov/2020:10:22:36 +0800] "GET /xingrg/javascript/easyui/themes/default/tree.css HTTP/1.1" 404 1090
116.228.172.94 - - [30/Nov/2020:10:22:36 +0800] "POST /xingrg/all/common/load_tree.html?tree=supplier_tree_json&isDelete=1 HTTP/1.1" 200 52105
222.69.137.175 - - [30/Nov/2020:10:22:38 +0800] "GET /xingrg/all/function/internal_message.html?_=1606702957969&CODE_STATE=getMsg HTTP/1.1" 200 27
222.69.137.175 - - [30/Nov/2020:10:22:39 +0800] "GET /xingrg/check_reg.html?_=1606702958844 HTTP/1.1" 200 22
117.185.32.26 - - [30/Nov/2020:10:22:40 +0800] "GET /xingrg/all/function/internal_message.html?_=1606702952051&CODE_STATE=getMsg HTTP/1.1" 200 27
117.185.32.26 - - [30/Nov/2020:10:22:41 +0800] "GET /xingrg/check_reg.html?_=1606702952186 HTTP/1.1" 200 22
180.162.223.42 - - [30/Nov/2020:10:22:43 +0800] "GET /xingrg/all/function/internal_message.html?_=1606702944997&CODE_STATE=getMsg HTTP/1.1" 200 27
117.184.7.26 - - [30/Nov/2020:10:22:45 +0800] "GET /xingrg/check_reg.html?_=1606702963610 HTTP/1.1" 200 22
172.17.0.102 - - [30/Nov/2020:10:22:50 +0800] "GET /xingrg/all/function/internal_message.html?_=1606702970461&CODE_STATE=getMsg HTTP/1.1" 200 27
114.88.175.227 - - [30/Nov/2020:10:22:51 +0800] "GET /xingrg/all/function/internal_message.html?_=1606703092569&CODE_STATE=getMsg HTTP/1.1" 200 27
114.88.175.227 - - [30/Nov/2020:10:22:51 +0800] "GET /xingrg/check_reg.html?_=1606703092600 HTTP/1.1" 200 22
120.253.135.82 - - [30/Nov/2020:10:22:53 +0800] "GET /xingrg/all/function/internal_message.html?_=1606703087886&CODE_STATE=getMsg HTTP/1.1" 200 27
101.85.228.137 - - [30/Nov/2020:10:22:53 +0800] "GET /xingrg/all/function/internal_message.html?_=1606703202137&CODE_STATE=getMsg HTTP/1.1" 200 27
116.228.172.94 - - [30/Nov/2020:10:22:55 +0800] "GET /xingrg/kc/buy/cgsh_order_operate.html?command=get_materiel&rest_code=00107&code=00101002006&supplier_code=00100091&order_time=2020-11-30 HTTP/1.1" 200 435
180.174.56.115 - - [30/Nov/2020:10:23:04 +0800] "GET /xingrg/check_reg.html?_=1606702958539 HTTP/1.1" 200 22
180.174.56.115 - - [30/Nov/2020:10:23:05 +0800] "GET /xingrg/all/function/internal_message.html?_=1606702959135&CODE_STATE=getMsg HTTP/1.1" 200 27
116.231.61.189 - - [30/Nov/2020:10:23:07 +0800] "GET /favicon.ico HTTP/1.1" 404 -
222.69.133.109 - - [30/Nov/2020:10:23:09 +0800] "GET /xingrg/all/function/internal_message.html?_=1606702989009&CODE_STATE=getMsg HTTP/1.1" 200 27
222.69.133.109 - - [30/Nov/2020:10:23:09 +0800] "GET /xingrg/kc/base/check_order_list.html HTTP/1.1" 200 16549
222.69.133.109 - - [30/Nov/2020:10:23:09 +0800] "POST /xingrg/kc/base/check_list_operate.html HTTP/1.1" 200 781
114.88.175.227 - - [30/Nov/2020:10:23:10 +0800] "GET /xingrg/all/function/internal_message.html?_=1606702987774&CODE_STATE=getMsg HTTP/1.1" 200 27
101.85.228.137 - - [30/Nov/2020:10:23:10 +0800] "GET /xingrg/all/function/internal_message.html?_=1606702991568&CODE_STATE=getMsg HTTP/1.1" 200 27
116.231.61.189 - - [30/Nov/2020:10:23:12 +0800] "GET /favicon.ico HTTP/1.1" 404 -
116.228.172.94 - - [30/Nov/2020:10:23:12 +0800] "GET /xingrg/kc/buy/cgsh_order_operate.html?command=get_materiel&rest_code=00107&code=00101003037&supplier_code=00100091&order_time=2020-11-30 HTTP/1.1" 200 413
180.174.56.115 - - [30/Nov/2020:10:23:14 +0800] "GET /xingrg/all/function/internal_message.html?_=1606702995685&CODE_STATE=getMsg HTTP/1.1" 200 27
116.232.52.15 - - [30/Nov/2020:10:23:15 +0800] "GET /xingrg/kc/buy/buy_main.html HTTP/1.1" 200 12412
116.232.52.15 - - [30/Nov/2020:10:23:15 +0800] "GET /xingrg/css/new_ie.css HTTP/1.1" 404 1036
116.232.52.15 - - [30/Nov/2020:10:23:16 +0800] "GET /xingrg/kc/buy/cgsh_order_list.html HTTP/1.1" 200 45069
116.232.52.15 - - [30/Nov/2020:10:23:16 +0800] "POST /xingrg/kc/buy/cgsh_list_operate.html HTTP/1.1" 200 876
116.228.172.94 - - [30/Nov/2020:10:23:16 +0800] "GET /xingrg/all/function/internal_message.html?_=1606702999617&CODE_STATE=getMsg HTTP/1.1" 200 27
180.157.253.48 - - [30/Nov/2020:10:23:17 +0800] "GET /xingrg/all/function/internal_message.html?_=1606702997183&CODE_STATE=getMsg HTTP/1.1" 200 27
180.162.223.42 - - [30/Nov/2020:10:23:19 +0800] "GET /xingrg/all/function/internal_message.html?_=1606703000530&CODE_STATE=getMsg HTTP/1.1" 200 27
222.69.133.109 - - [30/Nov/2020:10:23:22 +0800] "GET /xingrg/kc/base/check_order_add.html HTTP/1.1" 200 25452
222.69.133.109 - - [30/Nov/2020:10:23:22 +0800] "GET /xingrg/css/table.css HTTP/1.1" 200 3684
222.69.133.109 - - [30/Nov/2020:10:23:22 +0800] "GET /xingrg/dwr/interface/AjaxComOrderService.js HTTP/1.1" 200 18264
222.69.133.109 - - [30/Nov/2020:10:23:22 +0800] "GET /xingrg/dwr/interface/AjaxCheckService.js HTTP/1.1" 200 14003
222.69.133.109 - - [30/Nov/2020:10:23:22 +0800] "GET /xingrg/dwr/engine.js HTTP/1.1" 200 43631
116.232.52.15 - - [30/Nov/2020:10:23:25 +0800] "GET /xingrg/kc/buy/buy_main.html HTTP/1.1" 200 12412
116.232.52.15 - - [30/Nov/2020:10:23:25 +0800] "GET /xingrg/css/new_ie.css HTTP/1.1" 404 1036
117.131.5.26 - - [30/Nov/2020:10:23:25 +0800] "GET /xingrg/check_reg.html?_=1606703040685 HTTP/1.1" 200 22
117.131.5.26 - - [30/Nov/2020:10:23:25 +0800] "GET /xingrg/all/function/internal_message.html?_=1606703040686&CODE_STATE=getMsg HTTP/1.1" 200 27
116.232.52.15 - - [30/Nov/2020:10:23:26 +0800] "GET /xingrg/kc/buy/cgsh_order_list.html HTTP/1.1" 200 45069
116.228.172.94 - - [30/Nov/2020:10:23:27 +0800] "POST /xingrg/kc/buy/cgsh_order_operate.html HTTP/1.1" 200 37
116.232.52.15 - - [30/Nov/2020:10:23:27 +0800] "POST /xingrg/kc/buy/cgsh_list_operate.html HTTP/1.1" 200 876
116.228.172.94 - - [30/Nov/2020:10:23:28 +0800] "POST /xingrg/kc/buy/cgsh_order_operate.html HTTP/1.1" 200 3258
116.232.52.15 - - [30/Nov/2020:10:23:28 +0800] "GET /xingrg/kc/buy/cgsh_order_add.html HTTP/1.1" 200 60854
116.232.52.15 - - [30/Nov/2020:10:23:28 +0800] "POST /xingrg/kc/buy/cgsh_order_operate.html HTTP/1.1" 200 8245
116.232.52.15 - - [30/Nov/2020:10:23:28 +0800] "GET /xingrg/all/common/auto_word.html?type=employee&rest_code=00109 HTTP/1.1" 200 255
116.232.52.15 - - [30/Nov/2020:10:23:28 +0800] "GET /xingrg/javascript/easyui/themes/default/validatebox.css HTTP/1.1" 404 1104
116.232.52.15 - - [30/Nov/2020:10:23:28 +0800] "GET /xingrg/all/common/auto_word.html?type=employee&rest_code=00109 HTTP/1.1" 200 255
114.88.175.227 - - [30/Nov/2020:10:23:29 +0800] "GET /xingrg/kc/buy/cgsh_order_add.html HTTP/1.1" 200 60807
114.88.175.227 - - [30/Nov/2020:10:23:29 +0800] "POST /xingrg/kc/buy/cgsh_order_operate.html HTTP/1.1" 200 8245
114.88.175.227 - - [30/Nov/2020:10:23:29 +0800] "GET /xingrg/javascript/easyui/themes/default/validatebox.css HTTP/1.1" 404 1104
172.17.0.185 - - [30/Nov/2020:10:23:29 +0800] "GET /xingrg/all/function/internal_message.html?_=1606703008971&CODE_STATE=getMsg HTTP/1.1" 200 27
172.17.0.185 - - [30/Nov/2020:10:23:29 +0800] "GET /xingrg/check_reg.html?_=1606703008978 HTTP/1.1" 200 22
116.228.172.94 - - [30/Nov/2020:10:23:30 +0800] "GET /xingrg/kc/print/load_data.html?order_code=212020113011859&kc_code=cgsh&condition= HTTP/1.1" 200 975
116.232.52.15 - - [30/Nov/2020:10:23:32 +0800] "GET /xingrg/all/function/internal_message.html?_=1606703014864&CODE_STATE=getMsg HTTP/1.1" 200 27
116.228.172.94 - - [30/Nov/2020:10:23:34 +0800] "GET /xingrg/kc/buy/cgsh_order_add.html HTTP/1.1" 200 60895
180.162.108.15 - - [30/Nov/2020:10:23:34 +0800] "GET /xingrg/all/function/internal_message.html?_=1606702933610&CODE_STATE=getMsg HTTP/1.1" 200 27
117.184.7.26 - - [30/Nov/2020:10:23:34 +0800] "GET /xingrg/all/function/internal_message.html?_=1606703012160&CODE_STATE=getMsg HTTP/1.1" 200 27
116.228.172.94 - - [30/Nov/2020:10:23:35 +0800] "POST /xingrg/kc/buy/cgsh_order_operate.html HTTP/1.1" 200 8245
116.228.172.94 - - [30/Nov/2020:10:23:35 +0800] "GET /xingrg/javascript/easyui/themes/default/validatebox.css HTTP/1.1" 404 1104
116.228.172.94 - - [30/Nov/2020:10:23:36 +0800] "GET /xingrg/javascript/easyui/themes/default/tree.css HTTP/1.1" 404 1090
116.228.172.94 - - [30/Nov/2020:10:23:36 +0800] "POST /xingrg/all/common/load_tree.html?tree=supplier_tree_json&isDelete=1 HTTP/1.1" 200 52105
114.88.175.227 - - [30/Nov/2020:10:23:37 +0800] "GET /xingrg/kc/buy/cgsh_order_operate.html?command=get_materiel&rest_code=00111&code=00101018019&supplier_code=00100042&order_time=2020-11-30 HTTP/1.1" 200 421
222.69.137.175 - - [30/Nov/2020:10:23:38 +0800] "GET /xingrg/all/function/internal_message.html?_=1606703017952&CODE_STATE=getMsg HTTP/1.1" 200 27
117.185.32.26 - - [30/Nov/2020:10:23:40 +0800] "GET /xingrg/all/function/internal_message.html?_=1606703012025&CODE_STATE=getMsg HTTP/1.1" 200 27
180.162.223.42 - - [30/Nov/2020:10:23:43 +0800] "GET /xingrg/all/function/internal_message.html?_=1606703004996&CODE_STATE=getMsg HTTP/1.1" 200 27
180.162.223.42 - - [30/Nov/2020:10:23:43 +0800] "GET /xingrg/check_reg.html?_=1606703004999 HTTP/1.1" 200 22
114.88.175.227 - - [30/Nov/2020:10:23:44 +0800] "GET /xingrg/kc/buy/cgsh_order_operate.html?command=get_materiel&rest_code=00111&code=00101018007&supplier_code=00100042&order_time=2020-11-30 HTTP/1.1" 200 409
180.162.108.15 - - [30/Nov/2020:10:23:46 +0800] "GET /xingrg/system/info/materiel_import.html?isSelect=1&singleSelect=false HTTP/1.1" 200 5600
180.162.108.15 - - [30/Nov/2020:10:23:47 +0800] "POST /xingrg/all/common/load_tree.html?tree=materiel_sort_tree_json HTTP/1.1" 200 8666
180.162.108.15 - - [30/Nov/2020:10:23:47 +0800] "GET /favicon.ico HTTP/1.1" 404 -
172.17.0.102 - - [30/Nov/2020:10:23:50 +0800] "GET /xingrg/all/function/internal_message.html?_=1606703030437&CODE_STATE=getMsg HTTP/1.1" 200 27
114.88.175.227 - - [30/Nov/2020:10:23:51 +0800] "GET /xingrg/all/function/internal_message.html?_=1606703152567&CODE_STATE=getMsg HTTP/1.1" 200 27
114.88.175.227 - - [30/Nov/2020:10:23:52 +0800] "GET /xingrg/kc/buy/cgsh_order_operate.html?command=get_materiel&rest_code=00111&code=00101001053&supplier_code=00100042&order_time=2020-11-30 HTTP/1.1" 200 409
120.253.135.82 - - [30/Nov/2020:10:23:53 +0800] "GET /xingrg/all/function/internal_message.html?_=1606703147930&CODE_STATE=getMsg HTTP/1.1" 200 27
101.85.228.137 - - [30/Nov/2020:10:23:54 +0800] "GET /xingrg/all/function/internal_message.html?_=1606703262630&CODE_STATE=getMsg HTTP/1.1" 200 27
222.69.133.109 - - [30/Nov/2020:10:23:56 +0800] "POST /xingrg/dwr/call/plaincall/AjaxCheckService.saveOrder.dwr HTTP/1.1" 200 78
116.228.172.94 - - [30/Nov/2020:10:23:58 +0800] "GET /xingrg/kc/buy/cgsh_order_operate.html?command=get_materiel&rest_code=00107&code=00101008061&supplier_code=00100339&order_time=2020-11-30 HTTP/1.1" 200 423
222.69.133.109 - - [30/Nov/2020:10:23:59 +0800] "POST /xingrg/dwr/call/plaincall/AjaxCheckService.loadOrderItems.dwr HTTP/1.1" 200 367
114.88.175.227 - - [30/Nov/2020:10:23:59 +0800] "GET /xingrg/kc/buy/cgsh_order_operate.html?command=get_materiel&rest_code=00111&code=00101001179&supplier_code=00100042&order_time=2020-11-30 HTTP/1.1" 200 420
222.69.133.109 - - [30/Nov/2020:10:24:03 +0800] "GET /xingrg/javascript/jquery_easy_ui/themes/default/images/panel_title.png HTTP/1.1" 200 266
222.69.133.109 - - [30/Nov/2020:10:24:03 +0800] "GET /xingrg/javascript/jquery_easy_ui/themes/default/images/panel_tools.gif HTTP/1.1" 200 737
222.69.133.109 - - [30/Nov/2020:10:24:03 +0800] "GET /xingrg/javascript/jquery_easy_ui/themes/icons/pencil.png HTTP/1.1" 200 713
114.88.175.227 - - [30/Nov/2020:10:24:03 +0800] "GET /xingrg/kc/buy/cgsh_order_operate.html?command=get_materiel&rest_code=00111&code=00101001060&supplier_code=00100042&order_time=2020-11-30 HTTP/1.1" 200 440
180.174.56.115 - - [30/Nov/2020:10:24:05 +0800] "GET /xingrg/all/function/internal_message.html?_=1606703019165&CODE_STATE=getMsg HTTP/1.1" 200 27
222.69.133.109 - - [30/Nov/2020:10:24:09 +0800] "GET /xingrg/all/function/internal_message.html?_=1606703049002&CODE_STATE=getMsg HTTP/1.1" 200 27
180.162.108.15 - - [30/Nov/2020:10:24:09 +0800] "GET /xingrg/kc/base/wldb_order_operate.html?command=get_materiel&rest_code=00143&base_code=0010222&code=00102002422 HTTP/1.1" 200 439
114.88.175.227 - - [30/Nov/2020:10:24:10 +0800] "GET /xingrg/all/function/internal_message.html?_=1606703047787&CODE_STATE=getMsg HTTP/1.1" 200 27
101.85.228.137 - - [30/Nov/2020:10:24:10 +0800] "GET /xingrg/all/function/internal_message.html?_=1606703051586&CODE_STATE=getMsg HTTP/1.1" 200 27
114.88.175.227 - - [30/Nov/2020:10:24:11 +0800] "POST /xingrg/kc/buy/cgsh_order_operate.html HTTP/1.1" 200 37
114.88.175.227 - - [30/Nov/2020:10:24:12 +0800] "POST /xingrg/kc/buy/cgsh_order_operate.html HTTP/1.1" 200 4445
116.228.172.94 - - [30/Nov/2020:10:24:12 +0800] "GET /xingrg/kc/buy/cgsh_order_operate.html?command=get_materiel&rest_code=00107&code=00101008522&supplier_code=00100339&order_time=2020-11-30 HTTP/1.1" 200 400
114.88.175.227 - - [30/Nov/2020:10:24:13 +0800] "GET /xingrg/kc/print/load_data.html?order_code=212020113011860&kc_code=cgsh HTTP/1.1" 200 1393
180.174.56.115 - - [30/Nov/2020:10:24:14 +0800] "GET /xingrg/check_reg.html?_=1606703055687 HTTP/1.1" 200 22
180.174.56.115 - - [30/Nov/2020:10:24:14 +0800] "GET /xingrg/all/function/internal_message.html?_=1606703055690&CODE_STATE=getMsg HTTP/1.1" 200 27
114.88.175.227 - - [30/Nov/2020:10:24:16 +0800] "GET /xingrg/kc/print/load_data.html?order_code=212020113011860&kc_code=cgsh&condition= HTTP/1.1" 200 1393
116.228.172.94 - - [30/Nov/2020:10:24:16 +0800] "GET /xingrg/all/function/internal_message.html?_=1606703059611&CODE_STATE=getMsg HTTP/1.1" 200 27
180.157.253.48 - - [30/Nov/2020:10:24:17 +0800] "GET /xingrg/all/function/internal_message.html?_=1606703057427&CODE_STATE=getMsg HTTP/1.1" 200 27
180.162.223.42 - - [30/Nov/2020:10:24:19 +0800] "GET /xingrg/all/function/internal_message.html?_=1606703060556&CODE_STATE=getMsg HTTP/1.1" 200 27
116.228.172.94 - - [30/Nov/2020:10:24:23 +0800] "POST /xingrg/kc/buy/cgsh_order_operate.html HTTP/1.1" 200 37
172.17.0.102 - - [30/Nov/2020:10:24:23 +0800] "GET /xingrg/check_reg.html?_=1606703063551 HTTP/1.1" 200 22
116.228.172.94 - - [30/Nov/2020:10:24:24 +0800] "POST /xingrg/kc/buy/cgsh_order_operate.html HTTP/1.1" 200 3259
117.131.5.26 - - [30/Nov/2020:10:24:25 +0800] "GET /xingrg/all/function/internal_message.html?_=1606703100684&CODE_STATE=getMsg HTTP/1.1" 200 27
116.228.172.94 - - [30/Nov/2020:10:24:26 +0800] "GET /xingrg/kc/print/load_data.html?order_code=212020113011861&kc_code=cgsh&condition= HTTP/1.1" 200 909
222.69.133.109 - - [30/Nov/2020:10:24:27 +0800] "POST /xingrg/dwr/call/plaincall/AjaxCheckService.importOrderItems.dwr HTTP/1.1" 200 78
222.69.133.109 - - [30/Nov/2020:10:24:29 +0800] "POST /xingrg/dwr/call/plaincall/AjaxCheckService.loadOrderItems.dwr HTTP/1.1" 200 71613
172.17.0.185 - - [30/Nov/2020:10:24:29 +0800] "GET /xingrg/all/function/internal_message.html?_=1606703068979&CODE_STATE=getMsg HTTP/1.1" 200 27
222.69.133.109 - - [30/Nov/2020:10:24:29 +0800] "GET /xingrg/javascript/jquery_easy_ui/themes/icons/no.png HTTP/1.1" 200 922
116.228.172.94 - - [30/Nov/2020:10:24:30 +0800] "GET /xingrg/kc/buy/cgsh_order_add.html HTTP/1.1" 200 60895
116.228.172.94 - - [30/Nov/2020:10:24:31 +0800] "POST /xingrg/kc/buy/cgsh_order_operate.html HTTP/1.1" 200 8245
116.228.172.94 - - [30/Nov/2020:10:24:31 +0800] "GET /xingrg/javascript/easyui/themes/default/validatebox.css HTTP/1.1" 404 1104
120.253.135.82 - - [30/Nov/2020:10:24:32 +0800] "GET /xingrg/check_reg.html?_=1606703186903 HTTP/1.1" 200 22
116.228.172.94 - - [30/Nov/2020:10:24:32 +0800] "GET /xingrg/javascript/easyui/themes/default/tree.css HTTP/1.1" 404 1090
116.228.172.94 - - [30/Nov/2020:10:24:32 +0800] "POST /xingrg/all/common/load_tree.html?tree=supplier_tree_json&isDelete=1 HTTP/1.1" 200 52105
116.232.52.15 - - [30/Nov/2020:10:24:32 +0800] "GET /xingrg/all/function/internal_message.html?_=1606703074857&CODE_STATE=getMsg HTTP/1.1" 200 27
180.162.108.15 - - [30/Nov/2020:10:24:34 +0800] "GET /xingrg/all/function/internal_message.html?_=1606702993588&CODE_STATE=getMsg HTTP/1.1" 200 27
117.184.7.26 - - [30/Nov/2020:10:24:34 +0800] "GET /xingrg/all/function/internal_message.html?_=1606703072148&CODE_STATE=getMsg HTTP/1.1" 200 27
222.69.137.175 - - [30/Nov/2020:10:24:38 +0800] "GET /xingrg/all/function/internal_message.html?_=1606703077936&CODE_STATE=getMsg HTTP/1.1" 200 27
117.185.32.26 - - [30/Nov/2020:10:24:40 +0800] "GET /xingrg/all/function/internal_message.html?_=1606703071997&CODE_STATE=getMsg HTTP/1.1" 200 27
222.69.133.109 - - [30/Nov/2020:10:24:41 +0800] "GET /xingrg/kc/print/load_config.html?_=1606703081601&kc_code=check HTTP/1.1" 200 2411
222.69.133.109 - - [30/Nov/2020:10:24:41 +0800] "GET /xingrg/kc/print/load_data.html?_=1606703081652&order_code=452020113000278&kc_code=check&condition= HTTP/1.1" 200 19246
180.162.223.42 - - [30/Nov/2020:10:24:43 +0800] "GET /xingrg/all/function/internal_message.html?_=1606703064999&CODE_STATE=getMsg HTTP/1.1" 200 27
101.85.228.137 - - [30/Nov/2020:10:24:44 +0800] "GET /xingrg/check_reg.html?_=1606703312623 HTTP/1.1" 200 22
172.17.0.102 - - [30/Nov/2020:10:24:50 +0800] "GET /xingrg/all/function/internal_message.html?_=1606703090419&CODE_STATE=getMsg HTTP/1.1" 200 27
116.228.172.94 - - [30/Nov/2020:10:24:51 +0800] "GET /xingrg/kc/buy/cgsh_order_operate.html?command=get_materiel&rest_code=00107&code=00101010106&supplier_code=00100323&order_time=2020-11-30 HTTP/1.1" 200 411
114.88.175.227 - - [30/Nov/2020:10:24:51 +0800] "GET /xingrg/all/function/internal_message.html?_=1606703212568&CODE_STATE=getMsg HTTP/1.1" 200 27
120.253.135.82 - - [30/Nov/2020:10:24:53 +0800] "GET /xingrg/all/function/internal_message.html?_=1606703207944&CODE_STATE=getMsg HTTP/1.1" 200 27
101.85.228.137 - - [30/Nov/2020:10:24:54 +0800] "GET /xingrg/all/function/internal_message.html?_=1606703322633&CODE_STATE=getMsg HTTP/1.1" 200 27
180.162.108.15 - - [30/Nov/2020:10:24:59 +0800] "GET /xingrg/kc/base/wldb_order_operate.html?command=get_materiel&rest_code=00143&base_code=0010222&code=00102002149 HTTP/1.1" 200 435
114.84.37.38 - - [30/Nov/2020:10:25:05 +0800] "GET /xingrg/check_reg.html?_=1606703106437 HTTP/1.1" 200 22
180.174.56.115 - - [30/Nov/2020:10:25:05 +0800] "GET /xingrg/all/function/internal_message.html?_=1606703079178&CODE_STATE=getMsg HTTP/1.1" 200 27
222.69.133.109 - - [30/Nov/2020:10:25:09 +0800] "GET /xingrg/all/function/internal_message.html?_=1606703109016&CODE_STATE=getMsg HTTP/1.1" 200 27
222.69.133.109 - - [30/Nov/2020:10:25:09 +0800] "GET /xingrg/check_reg.html?_=1606703109020 HTTP/1.1" 200 22
114.88.175.227 - - [30/Nov/2020:10:25:10 +0800] "GET /xingrg/all/function/internal_message.html?_=1606703107811&CODE_STATE=getMsg HTTP/1.1" 200 27
101.85.228.137 - - [30/Nov/2020:10:25:10 +0800] "GET /xingrg/all/function/internal_message.html?_=1606703111596&CODE_STATE=getMsg HTTP/1.1" 200 27
180.174.56.115 - - [30/Nov/2020:10:25:12 +0800] "POST /xingrg/all/user/operate.html HTTP/1.1" 200 36
180.174.56.115 - - [30/Nov/2020:10:25:12 +0800] "GET /xingrg/index.html?sysBaseUrl=http%3A%2F%2F180.169.147.146%3A18081%2Fxingrg%2F&costTime=42×tamp=1606618141965 HTTP/1.1" 200 17179
180.174.56.115 - - [30/Nov/2020:10:25:12 +0800] "GET /xingrg/javascript/jquery_easy_ui/themes/default/easyui.css HTTP/1.1" 304 -
180.174.56.115 - - [30/Nov/2020:10:25:12 +0800] "GET /xingrg/javascript/jquery_easy_ui/themes/icon.css HTTP/1.1" 304 -
180.174.56.115 - - [30/Nov/2020:10:25:12 +0800] "GET /xingrg/css/form.css HTTP/1.1" 304 -
180.174.56.115 - - [30/Nov/2020:10:25:12 +0800] "GET /xingrg/javascript/jquery-1.4.2.min.js HTTP/1.1" 304 -
180.174.56.115 - - [30/Nov/2020:10:25:12 +0800] "GET /xingrg/javascript/jquery_easy_ui/jquery.easyui.min.js HTTP/1.1" 304 -
180.174.56.115 - - [30/Nov/2020:10:25:12 +0800] "GET /xingrg/javascript/jquery_easy_ui/easyui-lang-zh_CN.js HTTP/1.1" 304 -
180.174.56.115 - - [30/Nov/2020:10:25:12 +0800] "GET /xingrg/javascript/jquery.form.js HTTP/1.1" 304 -
180.174.56.115 - - [30/Nov/2020:10:25:12 +0800] "GET /xingrg/javascript/jquery.utils.js HTTP/1.1" 304 -
180.174.56.115 - - [30/Nov/2020:10:25:12 +0800] "GET /xingrg/javascript/jquery.timers.js HTTP/1.1" 304 -
180.174.56.115 - - [30/Nov/2020:10:25:12 +0800] "GET /xingrg/images/blue/jxLogo.png HTTP/1.1" 304 -
180.174.56.115 - - [30/Nov/2020:10:25:12 +0800] "GET /xingrg/javascript/jquery_easy_ui/themes/icons/settle_new.png HTTP/1.1" 304 -
180.174.56.115 - - [30/Nov/2020:10:25:12 +0800] "GET /xingrg/images/blue/navBackgound.jpg HTTP/1.1" 304 -
180.174.56.115 - - [30/Nov/2020:10:25:12 +0800] "POST /xingrg/all/common/load_tree.html?tree=area_rest_tree_json&manage=1 HTTP/1.1" 200 476
180.174.56.115 - - [30/Nov/2020:10:25:12 +0800] "GET /xingrg/all/function/internal_message.html?_=1606703113594&CODE_STATE=count HTTP/1.1" 200 11
180.174.56.115 - - [30/Nov/2020:10:25:12 +0800] "GET /xingrg/check_reg.html?_=1606703113596 HTTP/1.1" 200 22
180.174.56.115 - - [30/Nov/2020:10:25:12 +0800] "GET /xingrg/javascript/jquery_easy_ui/themes/default/images/panel_tool_collapse.gif HTTP/1.1" 304 -
180.174.56.115 - - [30/Nov/2020:10:25:12 +0800] "GET /xingrg/images/blue/pingpu.png HTTP/1.1" 304 -
180.174.56.115 - - [30/Nov/2020:10:25:12 +0800] "GET /xingrg/javascript/jquery_easy_ui/themes/default/images/tabs_leftarrow.png HTTP/1.1" 304 -
180.174.56.115 - - [30/Nov/2020:10:25:12 +0800] "GET /xingrg/javascript/jquery_easy_ui/themes/default/images/tabs_rightarrow.png HTTP/1.1" 304 -
180.174.56.115 - - [30/Nov/2020:10:25:12 +0800] "POST /xingrg/load_menu.html HTTP/1.1" 200 5138
116.228.172.94 - - [30/Nov/2020:10:25:14 +0800] "POST /xingrg/kc/buy/cgsh_order_operate.html HTTP/1.1" 200 37
180.174.56.115 - - [30/Nov/2020:10:25:14 +0800] "GET /xingrg/kc/buy/cgsh_order_list.html HTTP/1.1" 200 45075
116.228.172.94 - - [30/Nov/2020:10:25:15 +0800] "POST /xingrg/kc/buy/cgsh_order_operate.html HTTP/1.1" 200 2656
180.174.56.115 - - [30/Nov/2020:10:25:15 +0800] "POST /xingrg/kc/buy/cgsh_list_operate.html HTTP/1.1" 200 876
180.174.56.115 - - [30/Nov/2020:10:25:16 +0800] "GET /xingrg/kc/buy/cgsh_order_add.html HTTP/1.1" 200 60731
116.228.172.94 - - [30/Nov/2020:10:25:16 +0800] "GET /xingrg/check_reg.html?_=1606703119366 HTTP/1.1" 200 22
180.174.56.115 - - [30/Nov/2020:10:25:16 +0800] "GET /xingrg/javascript/easyui/themes/default/validatebox.css HTTP/1.1" 404 1104
180.174.56.115 - - [30/Nov/2020:10:25:16 +0800] "POST /xingrg/kc/buy/cgsh_order_operate.html HTTP/1.1" 200 8245
116.228.172.94 - - [30/Nov/2020:10:25:16 +0800] "GET /xingrg/kc/print/load_data.html?order_code=212020113011862&kc_code=cgsh&condition= HTTP/1.1" 200 672
180.157.253.48 - - [30/Nov/2020:10:25:17 +0800] "GET /xingrg/all/function/internal_message.html?_=1606703117428&CODE_STATE=getMsg HTTP/1.1" 200 27
116.228.172.94 - - [30/Nov/2020:10:25:17 +0800] "GET /xingrg/all/function/internal_message.html?_=1606703120443&CODE_STATE=getMsg HTTP/1.1" 200 27
180.162.223.42 - - [30/Nov/2020:10:25:19 +0800] "GET /xingrg/all/function/internal_message.html?_=1606703120550&CODE_STATE=getMsg HTTP/1.1" 200 27
180.162.223.42 - - [30/Nov/2020:10:25:19 +0800] "GET /xingrg/check_reg.html?_=1606703120552 HTTP/1.1" 200 22
180.174.56.115 - - [30/Nov/2020:10:25:19 +0800] "GET /xingrg/javascript/auto/indicator.gif HTTP/1.1" 404 1066
180.162.223.42 - - [30/Nov/2020:10:25:20 +0800] "GET /xingrg/kc/buy/cgsh_order_add.html HTTP/1.1" 200 60854
