58.40.7.146 - - [30/Nov/2020:10:36:02 +0800] "GET /xingrg/css/blue.css HTTP/1.1" 200 15949
58.40.7.146 - - [30/Nov/2020:10:36:02 +0800] "GET /xingrg/javascript/json2.js HTTP/1.1" 200 11259
58.40.7.146 - - [30/Nov/2020:10:36:02 +0800] "GET /xingrg/javascript/jquery_ui/themes/humanity/humanity.css HTTP/1.1" 200 27801
58.40.7.146 - - [30/Nov/2020:10:36:02 +0800] "GET /xingrg/javascript/myfunction.js HTTP/1.1" 200 24559
58.40.7.146 - - [30/Nov/2020:10:36:02 +0800] "GET /xingrg/javascript/jquery_easy_ui/themes/icons/back_new.png HTTP/1.1" 200 3414
101.85.228.137 - - [30/Nov/2020:10:36:02 +0800] "GET /xingrg/kc/buy/cgsh_order_list.html HTTP/1.1" 200 45069
116.232.52.15 - - [30/Nov/2020:10:36:03 +0800] "GET /xingrg/kc/buy/cgsh_order_operate.html?command=get_materiel&rest_code=00109&code=00101009007&supplier_code=00100022&order_time=2020-11-30 HTTP/1.1" 200 408
101.85.228.137 - - [30/Nov/2020:10:36:03 +0800] "POST /xingrg/kc/buy/cgsh_list_operate.html HTTP/1.1" 200 876
101.85.228.137 - - [30/Nov/2020:10:36:04 +0800] "GET /xingrg/kc/buy/cgsh_order_add.html HTTP/1.1" 200 60772
101.85.228.137 - - [30/Nov/2020:10:36:04 +0800] "GET /xingrg/javascript/pic_change.js HTTP/1.1" 304 -
101.85.228.137 - - [30/Nov/2020:10:36:04 +0800] "GET /xingrg/javascript/jquery_tools/order_manager.js HTTP/1.1" 304 -
101.85.228.137 - - [30/Nov/2020:10:36:04 +0800] "GET /xingrg/javascript/print/kc_print.js HTTP/1.1" 304 -
101.85.228.137 - - [30/Nov/2020:10:36:04 +0800] "GET /xingrg/javascript/json2.js HTTP/1.1" 304 -
101.85.228.137 - - [30/Nov/2020:10:36:04 +0800] "GET /xingrg/javascript/convert.js HTTP/1.1" 304 -
101.85.228.137 - - [30/Nov/2020:10:36:04 +0800] "GET /xingrg/words/20201127160732_words.js HTTP/1.1" 304 -
101.85.228.137 - - [30/Nov/2020:10:36:04 +0800] "GET /xingrg/javascript/easyui/themes/icons/ok.png HTTP/1.1" 304 -
101.85.228.137 - - [30/Nov/2020:10:36:04 +0800] "GET /xingrg/javascript/easyui/themes/icons/print.png HTTP/1.1" 304 -
101.85.228.137 - - [30/Nov/2020:10:36:04 +0800] "GET /xingrg/javascript/easyui/themes/default/images/menu_downarrow.png HTTP/1.1" 304 -
101.85.228.137 - - [30/Nov/2020:10:36:05 +0800] "GET /xingrg/all/common/auto_word.html?type=employee&rest_code=00102 HTTP/1.1" 200 189
101.85.228.137 - - [30/Nov/2020:10:36:05 +0800] "GET /xingrg/all/common/auto_word.html?type=employee&rest_code=00102 HTTP/1.1" 200 189
58.40.7.146 - - [30/Nov/2020:10:36:05 +0800] "GET /xingrg/kc/base/base_main.html HTTP/1.1" 200 12142
101.85.228.137 - - [30/Nov/2020:10:36:05 +0800] "POST /xingrg/kc/buy/cgsh_order_operate.html HTTP/1.1" 200 8245
58.40.7.146 - - [30/Nov/2020:10:36:05 +0800] "GET /xingrg/images/blue/button/wlsy.gif HTTP/1.1" 200 2536
58.40.7.146 - - [30/Nov/2020:10:36:05 +0800] "GET /xingrg/images/blue/button/ckpd.gif HTTP/1.1" 200 2051
58.40.7.146 - - [30/Nov/2020:10:36:05 +0800] "GET /xingrg/images/blue/button/kc.gif HTTP/1.1" 200 2160
58.40.7.146 - - [30/Nov/2020:10:36:05 +0800] "GET /xingrg/images/blue/button/ckdb.gif HTTP/1.1" 200 1950
58.40.7.146 - - [30/Nov/2020:10:36:05 +0800] "GET /xingrg/images/blue/button/yddb.gif HTTP/1.1" 200 2040
58.40.7.146 - - [30/Nov/2020:10:36:05 +0800] "GET /xingrg/images/blue/pic_form2.gif HTTP/1.1" 200 1853
58.40.7.146 - - [30/Nov/2020:10:36:05 +0800] "GET /xingrg/images/blue/bg_dotted.jpg HTTP/1.1" 200 319
58.40.7.146 - - [30/Nov/2020:10:36:05 +0800] "GET /xingrg/images/blue/button/top_left.jpg HTTP/1.1" 200 1632
58.40.7.146 - - [30/Nov/2020:10:36:05 +0800] "GET /xingrg/images/blue/button/top_right.jpg HTTP/1.1" 200 1708
58.40.7.146 - - [30/Nov/2020:10:36:05 +0800] "GET /xingrg/images/blue/button/down.jpg HTTP/1.1" 200 1560
58.40.7.146 - - [30/Nov/2020:10:36:05 +0800] "GET /xingrg/images/blue/button/right_ah.jpg HTTP/1.1" 200 1744
58.40.7.146 - - [30/Nov/2020:10:36:05 +0800] "GET /xingrg/images/blue/button/left_ah.jpg HTTP/1.1" 200 1643
58.40.7.146 - - [30/Nov/2020:10:36:05 +0800] "GET /xingrg/images/blue/button/bottom_left.jpg HTTP/1.1" 200 1524
58.40.7.146 - - [30/Nov/2020:10:36:05 +0800] "GET /xingrg/images/blue/button/bottom_right.jpg HTTP/1.1" 200 1436
101.85.228.137 - - [30/Nov/2020:10:36:05 +0800] "GET /xingrg/javascript/easyui/themes/default/validatebox.css HTTP/1.1" 404 1104
101.85.228.137 - - [30/Nov/2020:10:36:05 +0800] "GET /xingrg/javascript/easyui/plugins/jquery.validatebox.js HTTP/1.1" 304 -
101.85.228.137 - - [30/Nov/2020:10:36:05 +0800] "GET /xingrg/javascript/easyui/plugins/jquery.numberbox.js HTTP/1.1" 304 -
180.174.56.115 - - [30/Nov/2020:10:36:05 +0800] "GET /xingrg/all/function/internal_message.html?_=1606703739478&CODE_STATE=getMsg HTTP/1.1" 200 27
58.40.7.146 - - [30/Nov/2020:10:36:06 +0800] "GET /xingrg/kc/report/report_main.html HTTP/1.1" 200 7345
172.17.0.240 - - [30/Nov/2020:10:36:07 +0800] "GET /xingrg/check_reg.html?_=1606703766599 HTTP/1.1" 200 22
222.69.133.109 - - [30/Nov/2020:10:36:09 +0800] "GET /xingrg/all/function/internal_message.html?_=1606703769008&CODE_STATE=getMsg HTTP/1.1" 200 27
114.84.37.38 - - [30/Nov/2020:10:36:09 +0800] "GET /xingrg/check_reg.html?_=1606703771909 HTTP/1.1" 302 -
101.85.228.137 - - [30/Nov/2020:10:36:10 +0800] "GET /xingrg/all/function/internal_message.html?_=1606703771745&CODE_STATE=getMsg HTTP/1.1" 200 27
114.88.175.227 - - [30/Nov/2020:10:36:11 +0800] "GET /xingrg/all/function/internal_message.html?_=1606703769276&CODE_STATE=getMsg HTTP/1.1" 200 27
180.174.56.115 - - [30/Nov/2020:10:36:12 +0800] "GET /xingrg/all/function/internal_message.html?_=1606703773630&CODE_STATE=getMsg HTTP/1.1" 200 27
180.162.223.42 - - [30/Nov/2020:10:36:14 +0800] "POST /xingrg/kc/buy/cgsh_order_operate.html HTTP/1.1" 200 37
101.85.228.137 - - [30/Nov/2020:10:36:14 +0800] "GET /xingrg/javascript/auto/indicator.gif HTTP/1.1" 404 1066
58.40.7.146 - - [30/Nov/2020:10:36:14 +0800] "GET /xingrg/kc/base/base_main.html HTTP/1.1" 200 12142
101.85.228.137 - - [30/Nov/2020:10:36:14 +0800] "GET /xingrg/javascript/jquery_tools/images/prev.gif HTTP/1.1" 404 1086
101.85.228.137 - - [30/Nov/2020:10:36:14 +0800] "GET /xingrg/javascript/jquery_tools/images/next.gif HTTP/1.1" 404 1086
116.232.52.15 - - [30/Nov/2020:10:36:15 +0800] "POST /xingrg/kc/buy/cgsh_order_operate.html HTTP/1.1" 200 37
180.162.223.42 - - [30/Nov/2020:10:36:15 +0800] "POST /xingrg/kc/buy/cgsh_order_operate.html HTTP/1.1" 200 2678
116.232.52.15 - - [30/Nov/2020:10:36:16 +0800] "POST /xingrg/kc/buy/cgsh_order_operate.html HTTP/1.1" 200 3258
58.40.7.146 - - [30/Nov/2020:10:36:16 +0800] "GET /xingrg/kc/buy/buy_main.html HTTP/1.1" 200 12412
58.40.7.146 - - [30/Nov/2020:10:36:16 +0800] "GET /xingrg/css/new_ie.css HTTP/1.1" 404 1036
58.40.7.146 - - [30/Nov/2020:10:36:16 +0800] "GET /xingrg/javascript/ToolTips.js HTTP/1.1" 200 5615
58.40.7.146 - - [30/Nov/2020:10:36:16 +0800] "GET /xingrg/javascript/jquery_ui/jquery-ui.min.js HTTP/1.1" 200 186181
58.40.7.146 - - [30/Nov/2020:10:36:16 +0800] "GET /xingrg/images/blue/button/cgxqd.gif HTTP/1.1" 200 2619
58.40.7.146 - - [30/Nov/2020:10:36:16 +0800] "GET /xingrg/images/blue/button/cgydd.gif HTTP/1.1" 200 2712
58.40.7.146 - - [30/Nov/2020:10:36:16 +0800] "GET /xingrg/images/blue/button/cgshd.gif HTTP/1.1" 200 2618
58.40.7.146 - - [30/Nov/2020:10:36:16 +0800] "GET /xingrg/images/blue/button/cgfkd.gif HTTP/1.1" 200 2075
58.40.7.146 - - [30/Nov/2020:10:36:16 +0800] "GET /xingrg/images/blue/button/ckthd.gif HTTP/1.1" 200 2045
180.157.253.48 - - [30/Nov/2020:10:36:16 +0800] "GET /xingrg/check_reg.html?_=1606703776692 HTTP/1.1" 200 22
58.40.7.146 - - [30/Nov/2020:10:36:16 +0800] "GET /xingrg/javascript/jquery_ui/themes/humanity/images/ui-bg_inset-soft_100_f4f0ec_1x100.png HTTP/1.1" 200 141
58.40.7.146 - - [30/Nov/2020:10:36:16 +0800] "GET /xingrg/images/blue/button/down_ah.jpg HTTP/1.1" 200 1732
58.40.7.146 - - [30/Nov/2020:10:36:17 +0800] "GET /xingrg/javascript/jquery_ui/themes/humanity/images/ui-iconsnew.jpg HTTP/1.1" 200 337
58.40.7.146 - - [30/Nov/2020:10:36:17 +0800] "GET /xingrg/javascript/jquery_ui/themes/humanity/images/ui-icons_ffffff_256x240.png HTTP/1.1" 200 4369
58.40.7.146 - - [30/Nov/2020:10:36:17 +0800] "GET /xingrg/javascript/jquery_ui/themes/humanity/images/ui-icons_c47a23_256x240.png HTTP/1.1" 200 5355
58.40.7.146 - - [30/Nov/2020:10:36:17 +0800] "GET /xingrg/javascript/jquery_ui/themes/humanity/images/ui-bg_glass_70_ede4d4_1x400.png HTTP/1.1" 200 161
58.40.7.146 - - [30/Nov/2020:10:36:17 +0800] "GET /xingrg/images/yd/bt.gif HTTP/1.1" 404 1040
180.157.253.48 - - [30/Nov/2020:10:36:18 +0800] "GET /xingrg/all/function/internal_message.html?_=1606703778030&CODE_STATE=getMsg HTTP/1.1" 200 27
101.85.228.137 - - [30/Nov/2020:10:36:18 +0800] "GET /xingrg/kc/buy/cgsh_order_operate.html?command=get_materiel&rest_code=00102&code=00101008349&supplier_code=00100008&order_time=2020-11-30 HTTP/1.1" 200 414
180.162.223.42 - - [30/Nov/2020:10:36:19 +0800] "GET /xingrg/all/function/internal_message.html?_=1606703780802&CODE_STATE=getMsg HTTP/1.1" 200 27
180.162.223.42 - - [30/Nov/2020:10:36:19 +0800] "GET /xingrg/kc/print/load_data.html?order_code=212020113011879&kc_code=cgsh&condition= HTTP/1.1" 200 682
58.40.7.146 - - [30/Nov/2020:10:36:19 +0800] "GET /xingrg/css/base.css HTTP/1.1" 200 2811
58.40.7.146 - - [30/Nov/2020:10:36:19 +0800] "GET /xingrg/css/site.css HTTP/1.1" 200 7541
58.40.7.146 - - [30/Nov/2020:10:36:19 +0800] "GET /xingrg/kc/buy/cgsh_order_list.html HTTP/1.1" 200 45329
58.40.7.146 - - [30/Nov/2020:10:36:19 +0800] "GET /xingrg/javascript/jquery_tools/datebox.css HTTP/1.1" 200 2597
58.40.7.146 - - [30/Nov/2020:10:36:19 +0800] "GET /xingrg/javascript/easyui/themes/icon.css HTTP/1.1" 200 4483
58.40.7.146 - - [30/Nov/2020:10:36:19 +0800] "GET /xingrg/javascript/auto/jquery.autocomplete.css HTTP/1.1" 200 587
58.40.7.146 - - [30/Nov/2020:10:36:19 +0800] "GET /xingrg/javascript/jquery_tools/fix.css HTTP/1.1" 200 1702
58.40.7.146 - - [30/Nov/2020:10:36:19 +0800] "GET /xingrg/javascript/jquery_tools/table.css HTTP/1.1" 200 1032
58.40.7.146 - - [30/Nov/2020:10:36:19 +0800] "GET /xingrg/javascript/jquery_tools/jquery.tools.min.js HTTP/1.1" 200 138801
58.40.7.146 - - [30/Nov/2020:10:36:19 +0800] "GET /xingrg/javascript/easyui/themes/default/easyui.css HTTP/1.1" 200 30432
58.40.7.146 - - [30/Nov/2020:10:36:19 +0800] "GET /xingrg/javascript/jquery_tools/jquery.tools.extend.js HTTP/1.1" 200 15385
58.40.7.146 - - [30/Nov/2020:10:36:19 +0800] "GET /xingrg/javascript/jquery_tools/jquery.tools.hotkey.js HTTP/1.1" 200 3242
58.40.7.146 - - [30/Nov/2020:10:36:19 +0800] "GET /xingrg/javascript/jquery_tools/jquery.tools.table.js HTTP/1.1" 200 6994
58.40.7.146 - - [30/Nov/2020:10:36:19 +0800] "GET /xingrg/javascript/jquery_tools/list_manager.js HTTP/1.1" 200 3652
58.40.7.146 - - [30/Nov/2020:10:36:19 +0800] "GET /xingrg/javascript/easyui/easyloader.js HTTP/1.1" 200 5975
58.40.7.146 - - [30/Nov/2020:10:36:19 +0800] "GET /xingrg/javascript/jquery.cookie.js HTTP/1.1" 200 5513
58.40.7.146 - - [30/Nov/2020:10:36:19 +0800] "GET /xingrg/javascript/auto/jquery.autocomplete.js HTTP/1.1" 200 21624
58.40.7.146 - - [30/Nov/2020:10:36:19 +0800] "GET /xingrg/javascript/print/LodopFuncs.js HTTP/1.1" 200 5121
58.40.7.146 - - [30/Nov/2020:10:36:22 +0800] "GET /xingrg/javascript/easyui/themes/icons/cance_new.png HTTP/1.1" 200 3986
58.40.7.146 - - [30/Nov/2020:10:36:22 +0800] "GET /xingrg/javascript/easyui/themes/icons/check_new.png HTTP/1.1" 200 3224
58.40.7.146 - - [30/Nov/2020:10:36:22 +0800] "GET /xingrg/javascript/easyui/themes/icons/uncheck_new.png HTTP/1.1" 200 3197
58.40.7.146 - - [30/Nov/2020:10:36:22 +0800] "GET /xingrg/javascript/easyui/themes/icons/field_new.png HTTP/1.1" 200 1097
58.40.7.146 - - [30/Nov/2020:10:36:22 +0800] "GET /xingrg/javascript/easyui/themes/icons/import_new.png HTTP/1.1" 200 1247
58.40.7.146 - - [30/Nov/2020:10:36:22 +0800] "GET /xingrg/javascript/easyui/themes/icons/edit_add_new.png HTTP/1.1" 200 2997
58.40.7.146 - - [30/Nov/2020:10:36:22 +0800] "GET /xingrg/javascript/easyui/plugins/jquery.parser.js HTTP/1.1" 200 1142
58.40.7.146 - - [30/Nov/2020:10:36:22 +0800] "GET /xingrg/images/control/ajaxLoader.gif HTTP/1.1" 200 4659
58.40.7.146 - - [30/Nov/2020:10:36:23 +0800] "POST /xingrg/kc/buy/cgsh_list_operate.html HTTP/1.1" 200 876
180.162.223.42 - - [30/Nov/2020:10:36:23 +0800] "GET /xingrg/kc/buy/cgsh_order_add.html HTTP/1.1" 200 60854
180.162.223.42 - - [30/Nov/2020:10:36:23 +0800] "GET /xingrg/javascript/easyui/themes/default/validatebox.css HTTP/1.1" 404 1104
180.162.223.42 - - [30/Nov/2020:10:36:23 +0800] "POST /xingrg/kc/buy/cgsh_order_operate.html HTTP/1.1" 200 8245
58.40.7.146 - - [30/Nov/2020:10:36:25 +0800] "POST /xingrg/kc/buy/cgsh_list_operate.html HTTP/1.1" 200 876
117.131.5.26 - - [30/Nov/2020:10:36:25 +0800] "GET /xingrg/all/function/internal_message.html?_=1606703820703&CODE_STATE=getMsg HTTP/1.1" 200 27
58.40.7.146 - - [30/Nov/2020:10:36:29 +0800] "POST /xingrg/kc/buy/cgsh_list_operate.html HTTP/1.1" 200 5860
172.17.0.185 - - [30/Nov/2020:10:36:29 +0800] "GET /xingrg/all/function/internal_message.html?_=1606703788969&CODE_STATE=getMsg HTTP/1.1" 200 27
116.232.52.15 - - [30/Nov/2020:10:36:32 +0800] "GET /xingrg/all/function/internal_message.html?_=1606703794890&CODE_STATE=getMsg HTTP/1.1" 200 27
180.162.223.42 - - [30/Nov/2020:10:36:32 +0800] "GET /xingrg/kc/buy/cgsh_order_operate.html?command=get_materiel&rest_code=00105&code=00101003013&supplier_code=00100093&order_time=2020-11-30 HTTP/1.1" 200 446
117.184.7.30 - - [30/Nov/2020:10:36:34 +0800] "GET /xingrg/all/function/internal_message.html?_=1606703791934&CODE_STATE=getMsg HTTP/1.1" 200 27
180.162.108.15 - - [30/Nov/2020:10:36:34 +0800] "GET /xingrg/all/function/internal_message.html?_=1606703713575&CODE_STATE=getMsg HTTP/1.1" 200 27
180.162.108.15 - - [30/Nov/2020:10:36:37 +0800] "GET /xingrg/kc/base/wldb_order_operate.html?command=get_materiel&rest_code=00143&base_code=0010222&code=00102002186 HTTP/1.1" 200 448
222.69.137.175 - - [30/Nov/2020:10:36:38 +0800] "GET /xingrg/all/function/internal_message.html?_=1606703797720&CODE_STATE=getMsg HTTP/1.1" 200 27
117.185.32.26 - - [30/Nov/2020:10:36:40 +0800] "GET /xingrg/all/function/internal_message.html?_=1606703791689&CODE_STATE=getMsg HTTP/1.1" 200 27
58.40.7.146 - - [30/Nov/2020:10:36:43 +0800] "POST /xingrg/kc/buy/cgsh_list_operate.html HTTP/1.1" 200 353
180.162.223.42 - - [30/Nov/2020:10:36:43 +0800] "GET /xingrg/kc/buy/cgsh_order_operate.html?command=get_materiel&rest_code=00105&code=00101003031&supplier_code=00100093&order_time=2020-11-30 HTTP/1.1" 200 446
180.162.223.42 - - [30/Nov/2020:10:36:43 +0800] "GET /xingrg/all/function/internal_message.html?_=1606703784992&CODE_STATE=getMsg HTTP/1.1" 200 27
116.228.172.94 - - [30/Nov/2020:10:36:44 +0800] "GET /xingrg/all/function/internal_message.html?_=1606703807588&CODE_STATE=getMsg HTTP/1.1" 200 27
58.40.7.146 - - [30/Nov/2020:10:36:47 +0800] "POST /xingrg/kc/buy/cgsh_list_operate.html HTTP/1.1" 200 290
114.88.175.227 - - [30/Nov/2020:10:36:47 +0800] "GET /xingrg/kc/base/wldb_order_list.html HTTP/1.1" 200 19418
114.88.175.227 - - [30/Nov/2020:10:36:47 +0800] "POST /xingrg/kc/base/wldb_list_operate.html HTTP/1.1" 200 4137
101.85.93.83 - - [30/Nov/2020:10:36:50 +0800] "GET /xingrg/all/function/internal_message.html?_=1606703533292&CODE_STATE=getMsg HTTP/1.1" 200 27
101.85.93.83 - - [30/Nov/2020:10:36:50 +0800] "GET /xingrg/check_reg.html?_=1606703533637 HTTP/1.1" 200 22
58.40.7.146 - - [30/Nov/2020:10:36:50 +0800] "POST /xingrg/kc/buy/cgsh_list_operate.html HTTP/1.1" 200 555
172.17.0.102 - - [30/Nov/2020:10:36:50 +0800] "GET /xingrg/all/function/internal_message.html?_=1606703810197&CODE_STATE=getMsg HTTP/1.1" 200 27
114.88.175.227 - - [30/Nov/2020:10:36:50 +0800] "GET /xingrg/all/function/internal_message.html?_=1606703931472&CODE_STATE=getMsg HTTP/1.1" 200 27
114.88.175.227 - - [30/Nov/2020:10:36:50 +0800] "POST /xingrg/kc/base/wldb_list_operate.html HTTP/1.1" 200 4137
58.40.7.146 - - [30/Nov/2020:10:36:51 +0800] "POST /xingrg/kc/buy/cgsh_list_operate.html HTTP/1.1" 200 274
180.162.108.15 - - [30/Nov/2020:10:36:53 +0800] "GET /xingrg/system/info/materiel_import.html?isSelect=1&singleSelect=false HTTP/1.1" 200 5600
120.253.135.82 - - [30/Nov/2020:10:36:53 +0800] "GET /xingrg/all/function/internal_message.html?_=1606703928215&CODE_STATE=getMsg HTTP/1.1" 200 27
180.162.108.15 - - [30/Nov/2020:10:36:53 +0800] "POST /xingrg/all/common/load_tree.html?tree=materiel_sort_tree_json HTTP/1.1" 200 8666
180.162.108.15 - - [30/Nov/2020:10:36:53 +0800] "GET /favicon.ico HTTP/1.1" 404 -
58.40.7.146 - - [30/Nov/2020:10:36:54 +0800] "POST /xingrg/kc/buy/cgsh_list_operate.html HTTP/1.1" 200 573
101.85.228.137 - - [30/Nov/2020:10:36:56 +0800] "GET /xingrg/all/function/internal_message.html?_=1606704044341&CODE_STATE=getMsg HTTP/1.1" 200 27
117.184.7.30 - - [30/Nov/2020:10:36:57 +0800] "POST /xingrg/services/DataTransmitService HTTP/1.1" 200 524
58.40.7.146 - - [30/Nov/2020:10:36:58 +0800] "GET /xingrg/all/function/internal_message.html?_=1606703817791&CODE_STATE=getMsg HTTP/1.1" 200 27
101.85.228.137 - - [30/Nov/2020:10:36:58 +0800] "GET /xingrg/kc/buy/cgsh_order_operate.html?command=get_materiel&rest_code=00102&code=00101008185&supplier_code=00100008&order_time=2020-11-30 HTTP/1.1" 200 408
58.40.7.146 - - [30/Nov/2020:10:36:59 +0800] "POST /xingrg/kc/buy/cgsh_list_operate.html HTTP/1.1" 200 280
180.162.108.15 - - [30/Nov/2020:10:36:59 +0800] "POST /xingrg/kc/base/wldb_order_operate.html HTTP/1.1" 200 1710
180.162.223.42 - - [30/Nov/2020:10:37:01 +0800] "POST /xingrg/kc/buy/cgsh_order_operate.html HTTP/1.1" 200 37
180.162.223.42 - - [30/Nov/2020:10:37:02 +0800] "POST /xingrg/kc/buy/cgsh_order_operate.html HTTP/1.1" 200 3280
180.162.223.42 - - [30/Nov/2020:10:37:03 +0800] "GET /xingrg/kc/print/load_data.html?order_code=212020113011881&kc_code=cgsh&condition= HTTP/1.1" 200 973
58.40.7.146 - - [30/Nov/2020:10:37:03 +0800] "POST /xingrg/kc/buy/cgsh_list_operate.html HTTP/1.1" 200 5860
180.174.56.115 - - [30/Nov/2020:10:37:05 +0800] "GET /xingrg/all/function/internal_message.html?_=1606703799482&CODE_STATE=getMsg HTTP/1.1" 200 27
180.162.223.42 - - [30/Nov/2020:10:37:06 +0800] "GET /xingrg/kc/buy/cgsh_order_add.html HTTP/1.1" 200 60854
101.85.228.137 - - [30/Nov/2020:10:37:07 +0800] "GET /xingrg/kc/buy/cgsh_order_operate.html?command=get_materiel&rest_code=00102&code=00101008351&supplier_code=00100008&order_time=2020-11-30 HTTP/1.1" 200 408
180.162.223.42 - - [30/Nov/2020:10:37:07 +0800] "POST /xingrg/kc/buy/cgsh_order_operate.html HTTP/1.1" 200 8245
180.162.223.42 - - [30/Nov/2020:10:37:07 +0800] "GET /xingrg/javascript/easyui/themes/default/validatebox.css HTTP/1.1" 404 1104
58.40.7.146 - - [30/Nov/2020:10:37:07 +0800] "GET /xingrg/kc/base/base_main.html HTTP/1.1" 200 12142
222.69.133.109 - - [30/Nov/2020:10:37:09 +0800] "GET /xingrg/all/function/internal_message.html?_=1606703829007&CODE_STATE=getMsg HTTP/1.1" 200 27
58.40.7.146 - - [30/Nov/2020:10:37:09 +0800] "GET /xingrg/kc/base/check_order_list.html HTTP/1.1" 200 16803
58.40.7.146 - - [30/Nov/2020:10:37:09 +0800] "POST /xingrg/kc/base/check_list_operate.html HTTP/1.1" 200 781
114.88.175.227 - - [30/Nov/2020:10:37:09 +0800] "GET /xingrg/check_reg.html?_=1606703827170 HTTP/1.1" 200 22
101.85.228.137 - - [30/Nov/2020:10:37:10 +0800] "GET /xingrg/check_reg.html?_=1606703831372 HTTP/1.1" 200 22
101.85.228.137 - - [30/Nov/2020:10:37:10 +0800] "GET /xingrg/all/function/internal_message.html?_=1606703831869&CODE_STATE=getMsg HTTP/1.1" 200 27
114.88.175.227 - - [30/Nov/2020:10:37:11 +0800] "GET /xingrg/all/function/internal_message.html?_=1606703829290&CODE_STATE=getMsg HTTP/1.1" 200 27
58.40.7.146 - - [30/Nov/2020:10:37:12 +0800] "GET /xingrg/javascript/easyui/themes/default/images/button_plain_hover.png HTTP/1.1" 200 144
58.40.7.146 - - [30/Nov/2020:10:37:12 +0800] "GET /xingrg/kc/base/check_order_add.html HTTP/1.1" 200 26065
58.40.7.146 - - [30/Nov/2020:10:37:12 +0800] "GET /xingrg/css/table.css HTTP/1.1" 200 3684
180.174.56.115 - - [30/Nov/2020:10:37:12 +0800] "GET /xingrg/all/function/internal_message.html?_=1606703833631&CODE_STATE=getMsg HTTP/1.1" 200 27
58.40.7.146 - - [30/Nov/2020:10:37:12 +0800] "GET /xingrg/javascript/AjaxInfoList.js HTTP/1.1" 200 3774
58.40.7.146 - - [30/Nov/2020:10:37:12 +0800] "GET /xingrg/dwr/interface/AjaxComOrderService.js HTTP/1.1" 200 18264
58.40.7.146 - - [30/Nov/2020:10:37:12 +0800] "GET /xingrg/dwr/interface/AjaxCheckService.js HTTP/1.1" 200 14003
58.40.7.146 - - [30/Nov/2020:10:37:12 +0800] "GET /xingrg/dwr/util.js HTTP/1.1" 200 35990
58.40.7.146 - - [30/Nov/2020:10:37:12 +0800] "GET /xingrg/javascript/Calendar.js HTTP/1.1" 200 31561
58.40.7.146 - - [30/Nov/2020:10:37:12 +0800] "GET /xingrg/dwr/engine.js HTTP/1.1" 200 43631
58.40.7.146 - - [30/Nov/2020:10:37:12 +0800] "GET /xingrg/javascript/convert.js HTTP/1.1" 200 1239
58.40.7.146 - - [30/Nov/2020:10:37:12 +0800] "GET /xingrg/javascript/print/kc_print.js HTTP/1.1" 200 11415
58.40.7.146 - - [30/Nov/2020:10:37:13 +0800] "GET /xingrg/javascript/jquery_easy_ui/themes/icons/cance_new.png HTTP/1.1" 200 3986
58.40.7.146 - - [30/Nov/2020:10:37:13 +0800] "GET /xingrg/javascript/jquery_easy_ui/themes/icons/check_new.png HTTP/1.1" 200 3224
58.40.7.146 - - [30/Nov/2020:10:37:13 +0800] "GET /xingrg/javascript/jquery_easy_ui/themes/default/images/menu_downarrow.png HTTP/1.1" 200 173
58.40.7.146 - - [30/Nov/2020:10:37:13 +0800] "GET /xingrg/javascript/jquery_easy_ui/themes/icons/print.png HTTP/1.1" 200 1057
101.85.228.137 - - [30/Nov/2020:10:37:16 +0800] "GET /xingrg/kc/buy/cgsh_order_operate.html?command=get_materiel&rest_code=00102&code=00101008110&supplier_code=00100008&order_time=2020-11-30 HTTP/1.1" 200 408
180.162.108.15 - - [30/Nov/2020:10:37:17 +0800] "GET /xingrg/kc/base/wldb_order_operate.html?command=get_materiel&rest_code=00143&base_code=0010222&code=00102002238 HTTP/1.1" 200 434
180.157.253.48 - - [30/Nov/2020:10:37:18 +0800] "GET /xingrg/all/function/internal_message.html?_=1606703838045&CODE_STATE=getMsg HTTP/1.1" 200 27
58.40.7.146 - - [30/Nov/2020:10:37:18 +0800] "POST /xingrg/dwr/call/plaincall/AjaxCheckService.saveOrder.dwr HTTP/1.1" 200 78
114.88.159.147 - - [30/Nov/2020:10:37:18 +0800] "GET /xingrg/kc/buy/buy_main.html HTTP/1.1" 200 12412
114.88.159.147 - - [30/Nov/2020:10:37:18 +0800] "GET /xingrg/css/new_ie.css HTTP/1.1" 404 1036
114.88.159.147 - - [30/Nov/2020:10:37:19 +0800] "GET /xingrg/images/yd/bt.gif HTTP/1.1" 404 1040
180.162.223.42 - - [30/Nov/2020:10:37:19 +0800] "GET /xingrg/all/function/internal_message.html?_=1606703840774&CODE_STATE=getMsg HTTP/1.1" 200 27
114.88.159.147 - - [30/Nov/2020:10:37:19 +0800] "GET /xingrg/kc/buy/cgsh_order_list.html HTTP/1.1" 200 45075
180.162.223.42 - - [30/Nov/2020:10:37:20 +0800] "GET /xingrg/kc/buy/cgsh_order_operate.html?command=get_materiel&rest_code=00105&code=00101012010&supplier_code=00100323&order_time=2020-11-30 HTTP/1.1" 200 409
58.40.7.146 - - [30/Nov/2020:10:37:20 +0800] "POST /xingrg/dwr/call/plaincall/AjaxCheckService.loadOrderItems.dwr HTTP/1.1" 200 367
58.40.7.146 - - [30/Nov/2020:10:37:20 +0800] "GET /xingrg/javascript/jquery_easy_ui/themes/default/images/button_a_bg.gif HTTP/1.1" 200 1194
58.40.7.146 - - [30/Nov/2020:10:37:20 +0800] "GET /xingrg/javascript/jquery_easy_ui/themes/icons/ok.png HTTP/1.1" 200 883
58.40.7.146 - - [30/Nov/2020:10:37:20 +0800] "GET /xingrg/javascript/jquery_easy_ui/themes/default/images/button_span_bg.gif HTTP/1.1" 200 2061
58.40.7.146 - - [30/Nov/2020:10:37:20 +0800] "GET /xingrg/javascript/jquery_easy_ui/themes/default/images/panel_title.png HTTP/1.1" 200 266
58.40.7.146 - - [30/Nov/2020:10:37:20 +0800] "GET /xingrg/javascript/jquery_easy_ui/themes/icons/pencil.png HTTP/1.1" 200 713
58.40.7.146 - - [30/Nov/2020:10:37:20 +0800] "GET /xingrg/javascript/jquery_easy_ui/themes/default/images/panel_tools.gif HTTP/1.1" 200 737
114.88.159.147 - - [30/Nov/2020:10:37:20 +0800] "POST /xingrg/kc/buy/cgsh_list_operate.html HTTP/1.1" 200 876
222.69.137.175 - - [30/Nov/2020:10:37:20 +0800] "GET /xingrg/kc/base/wldb_order_add.html HTTP/1.1" 200 30593
222.69.137.175 - - [30/Nov/2020:10:37:21 +0800] "GET /xingrg/javascript/easyui/themes/default/validatebox.css HTTP/1.1" 404 1104
222.69.137.175 - - [30/Nov/2020:10:37:21 +0800] "POST /xingrg/kc/base/wldb_order_operate.html HTTP/1.1" 200 6806
101.85.228.137 - - [30/Nov/2020:10:37:22 +0800] "GET /xingrg/kc/buy/cgsh_order_operate.html?command=get_materiel&rest_code=00102&code=00102006034&supplier_code=00100008&order_time=2020-11-30 HTTP/1.1" 200 412
58.40.7.146 - - [30/Nov/2020:10:37:22 +0800] "POST /xingrg/kc/report/common_data.html?type=materiel_category_tree HTTP/1.1" 200 3570
58.40.7.146 - - [30/Nov/2020:10:37:22 +0800] "GET /xingrg/javascript/jquery_easy_ui/themes/default/images/tree_checkbox_0.gif HTTP/1.1" 200 168
116.232.52.15 - - [30/Nov/2020:10:37:23 +0800] "GET /xingrg/login.html HTTP/1.1" 200 7641
116.232.52.15 - - [30/Nov/2020:10:37:23 +0800] "GET /xingrg/images/blue/jxLogo.png HTTP/1.1" 200 6156
116.232.52.15 - - [30/Nov/2020:10:37:23 +0800] "GET /xingrg/images/blue/hj.png HTTP/1.1" 200 1014
116.232.52.15 - - [30/Nov/2020:10:37:23 +0800] "GET /xingrg/images/blue/login_bg.png HTTP/1.1" 200 22101
58.40.7.146 - - [30/Nov/2020:10:37:23 +0800] "GET /xingrg/javascript/jquery_easy_ui/themes/default/images/tree_checkbox_1.gif HTTP/1.1" 200 174
58.40.7.146 - - [30/Nov/2020:10:37:23 +0800] "GET /xingrg/javascript/jquery_easy_ui/themes/default/images/tree_checkbox_2.gif HTTP/1.1" 200 181
116.232.52.15 - - [30/Nov/2020:10:37:23 +0800] "GET /xingrg/images/blue/srbg.png HTTP/1.1" 200 138
116.232.52.15 - - [30/Nov/2020:10:37:23 +0800] "GET /favicon.ico HTTP/1.1" 404 -
117.131.5.26 - - [30/Nov/2020:10:37:25 +0800] "GET /xingrg/all/function/internal_message.html?_=1606703880703&CODE_STATE=getMsg HTTP/1.1" 200 27
101.85.228.137 - - [30/Nov/2020:10:37:25 +0800] "GET /xingrg/kc/buy/cgsh_order_operate.html?command=get_materiel&rest_code=00102&code=00101007030&supplier_code=00100008&order_time=2020-11-30 HTTP/1.1" 200 413
116.232.52.15 - - [30/Nov/2020:10:37:26 +0800] "POST /xingrg/login.do HTTP/1.1" 302 -
58.40.7.146 - - [30/Nov/2020:10:37:26 +0800] "POST /xingrg/dwr/call/plaincall/AjaxCheckService.importOrderItems.dwr HTTP/1.1" 200 78
116.232.52.15 - - [30/Nov/2020:10:37:26 +0800] "GET /xingrg/index.html?sysBaseUrl=http%3A%2F%2F180.169.147.146%3A18081%2Fxingrg%2F&costTime=63×tamp=1606703846532 HTTP/1.1" 200 17173
116.232.52.15 - - [30/Nov/2020:10:37:26 +0800] "GET /xingrg/css/form.css HTTP/1.1" 200 893
116.232.52.15 - - [30/Nov/2020:10:37:26 +0800] "GET /xingrg/javascript/jquery_easy_ui/themes/icon.css HTTP/1.1" 200 3949
116.232.52.15 - - [30/Nov/2020:10:37:26 +0800] "GET /xingrg/javascript/jquery-1.4.2.min.js HTTP/1.1" 200 72205
116.232.52.15 - - [30/Nov/2020:10:37:26 +0800] "GET /xingrg/javascript/jquery_easy_ui/jquery.easyui.min.js HTTP/1.1" 200 213662
116.232.52.15 - - [30/Nov/2020:10:37:26 +0800] "GET /xingrg/javascript/jquery_easy_ui/easyui-lang-zh_CN.js HTTP/1.1" 200 1900
116.232.52.15 - - [30/Nov/2020:10:37:26 +0800] "GET /xingrg/javascript/jquery_easy_ui/themes/default/easyui.css HTTP/1.1" 200 26500
116.232.52.15 - - [30/Nov/2020:10:37:28 +0800] "GET /favicon.ico HTTP/1.1" 404 -
101.85.228.137 - - [30/Nov/2020:10:37:28 +0800] "GET /xingrg/kc/buy/cgsh_order_operate.html?command=get_materiel&rest_code=00102&code=00101008096&supplier_code=00100008&order_time=2020-11-30 HTTP/1.1" 200 413
114.88.159.147 - - [30/Nov/2020:10:37:29 +0800] "GET /xingrg/kc/buy/cgsh_order_add.html HTTP/1.1" 200 60813
114.88.159.147 - - [30/Nov/2020:10:37:29 +0800] "GET /xingrg/words/20201127160732_words.js HTTP/1.1" 304 -
114.88.159.147 - - [30/Nov/2020:10:37:29 +0800] "GET /xingrg/all/common/auto_word.html?type=employee&rest_code=00141 HTTP/1.1" 200 201
114.88.159.147 - - [30/Nov/2020:10:37:29 +0800] "GET /xingrg/all/common/auto_word.html?type=employee&rest_code=00141 HTTP/1.1" 200 201
114.88.159.147 - - [30/Nov/2020:10:37:29 +0800] "GET /xingrg/javascript/easyui/themes/default/validatebox.css HTTP/1.1" 404 1104
114.88.159.147 - - [30/Nov/2020:10:37:29 +0800] "POST /xingrg/kc/buy/cgsh_order_operate.html HTTP/1.1" 200 8245
172.17.0.185 - - [30/Nov/2020:10:37:29 +0800] "GET /xingrg/all/function/internal_message.html?_=1606703848973&CODE_STATE=getMsg HTTP/1.1" 200 27
116.232.52.15 - - [30/Nov/2020:10:37:29 +0800] "GET /xingrg/javascript/jquery.timers.js HTTP/1.1" 200 3532
116.232.52.15 - - [30/Nov/2020:10:37:29 +0800] "GET /xingrg/javascript/jquery.utils.js HTTP/1.1" 200 11805
116.232.52.15 - - [30/Nov/2020:10:37:30 +0800] "GET /xingrg/javascript/jquery.form.js HTTP/1.1" 200 23110
116.232.52.15 - - [30/Nov/2020:10:37:30 +0800] "GET /xingrg/javascript/jquery_easy_ui/themes/icons/settle_new.png HTTP/1.1" 200 826
116.232.52.15 - - [30/Nov/2020:10:37:30 +0800] "GET /xingrg/images/blue/navBackgound.jpg HTTP/1.1" 200 12378
116.232.52.15 - - [30/Nov/2020:10:37:30 +0800] "POST /xingrg/all/common/load_tree.html?tree=area_rest_tree_json&manage=1 HTTP/1.1" 200 342
116.232.52.15 - - [30/Nov/2020:10:37:30 +0800] "GET /xingrg/images/blue/pingpu.png HTTP/1.1" 200 231
116.232.52.15 - - [30/Nov/2020:10:37:30 +0800] "GET /xingrg/javascript/jquery_easy_ui/themes/default/images/tabs_leftarrow.png HTTP/1.1" 200 389
116.232.52.15 - - [30/Nov/2020:10:37:30 +0800] "GET /xingrg/javascript/jquery_easy_ui/themes/default/images/tabs_rightarrow.png HTTP/1.1" 200 395
116.232.52.15 - - [30/Nov/2020:10:37:30 +0800] "GET /xingrg/javascript/jquery_easy_ui/themes/default/images/panel_tool_collapse.gif HTTP/1.1" 200 246
116.232.52.15 - - [30/Nov/2020:10:37:30 +0800] "GET /xingrg/check_reg.html?_=1606703859531 HTTP/1.1" 200 22
116.232.52.15 - - [30/Nov/2020:10:37:30 +0800] "GET /xingrg/all/function/internal_message.html?_=1606703859531&CODE_STATE=count HTTP/1.1" 200 11
116.232.52.15 - - [30/Nov/2020:10:37:30 +0800] "POST /xingrg/load_menu.html HTTP/1.1" 200 5138
116.232.52.15 - - [30/Nov/2020:10:37:30 +0800] "GET /xingrg/javascript/jquery_easy_ui/themes/default/images/tree_arrows.gif HTTP/1.1" 200 1043
116.232.52.15 - - [30/Nov/2020:10:37:30 +0800] "GET /xingrg/javascript/jquery_easy_ui/themes/default/images/tree_folder_open.gif HTTP/1.1" 200 956
116.232.52.15 - - [30/Nov/2020:10:37:30 +0800] "GET /xingrg/javascript/jquery_easy_ui/themes/icons/storage_new.png HTTP/1.1" 200 853
116.232.52.15 - - [30/Nov/2020:10:37:30 +0800] "GET /xingrg/javascript/jquery_easy_ui/themes/default/images/tree_folder.gif HTTP/1.1" 200 952
116.232.52.15 - - [30/Nov/2020:10:37:30 +0800] "GET /xingrg/javascript/jquery_easy_ui/themes/icons/forms_new.png HTTP/1.1" 200 350
116.232.52.15 - - [30/Nov/2020:10:37:30 +0800] "GET /xingrg/javascript/jquery_easy_ui/themes/icons/search_new.png HTTP/1.1" 200 586
116.232.52.15 - - [30/Nov/2020:10:37:30 +0800] "GET /xingrg/javascript/jquery_easy_ui/themes/default/images/tree_file.gif HTTP/1.1" 200 118
116.232.52.15 - - [30/Nov/2020:10:37:31 +0800] "GET /xingrg/javascript/jquery_easy_ui/themes/default/images/tabs_active.png HTTP/1.1" 200 2894
116.232.52.15 - - [30/Nov/2020:10:37:31 +0800] "GET /xingrg/javascript/jquery_easy_ui/themes/default/images/tabs_active.png HTTP/1.1" 200 2894
58.40.7.146 - - [30/Nov/2020:10:37:31 +0800] "POST /xingrg/dwr/call/plaincall/AjaxCheckService.loadOrderItems.dwr HTTP/1.1" 200 279531
116.232.52.15 - - [30/Nov/2020:10:37:31 +0800] "GET /xingrg/kc/report/report_main.html HTTP/1.1" 200 7345
116.232.52.15 - - [30/Nov/2020:10:37:31 +0800] "GET /xingrg/javascript/jquery_easy_ui/themes/default/images/tabs_close.gif HTTP/1.1" 200 829
116.232.52.15 - - [30/Nov/2020:10:37:31 +0800] "GET /xingrg/javascript/pic_change.js HTTP/1.1" 200 4739
116.232.52.15 - - [30/Nov/2020:10:37:31 +0800] "GET /xingrg/javascript/json2.js HTTP/1.1" 200 11259
116.232.52.15 - - [30/Nov/2020:10:37:31 +0800] "GET /xingrg/css/blue.css HTTP/1.1" 200 15949
116.232.52.15 - - [30/Nov/2020:10:37:31 +0800] "GET /xingrg/javascript/jquery_ui/themes/humanity/humanity.css HTTP/1.1" 200 27801
116.232.52.15 - - [30/Nov/2020:10:37:31 +0800] "GET /xingrg/javascript/myfunction.js HTTP/1.1" 200 24559
116.232.52.15 - - [30/Nov/2020:10:37:32 +0800] "GET /xingrg/javascript/jquery_easy_ui/themes/icons/back_new.png HTTP/1.1" 200 3414
116.232.52.15 - - [30/Nov/2020:10:37:32 +0800] "GET /xingrg/all/function/internal_message.html?_=1606703854893&CODE_STATE=getMsg HTTP/1.1" 200 27
116.232.52.15 - - [30/Nov/2020:10:37:32 +0800] "GET /xingrg/check_reg.html?_=1606703854893 HTTP/1.1" 200 22
58.40.7.146 - - [30/Nov/2020:10:37:33 +0800] "GET /xingrg/javascript/jquery_easy_ui/themes/icons/no.png HTTP/1.1" 200 922
101.85.228.137 - - [30/Nov/2020:10:37:33 +0800] "GET /xingrg/kc/buy/cgsh_order_operate.html?command=get_materiel&rest_code=00102&code=00101008355&supplier_code=00100008&order_time=2020-11-30 HTTP/1.1" 200 410
116.232.52.15 - - [30/Nov/2020:10:37:33 +0800] "GET /xingrg/javascript/multi_select/jqueryMultiSelect.css HTTP/1.1" 200 951
116.232.52.15 - - [30/Nov/2020:10:37:33 +0800] "GET /xingrg/javascript/bigrid/fix.css HTTP/1.1" 200 1702
116.232.52.15 - - [30/Nov/2020:10:37:33 +0800] "GET /xingrg/javascript/calendar/timePicker.css HTTP/1.1" 200 523
116.232.52.15 - - [30/Nov/2020:10:37:33 +0800] "GET /xingrg/dwr/interface/AjaxReportQueryService.js HTTP/1.1" 200 13203
116.232.52.15 - - [30/Nov/2020:10:37:33 +0800] "GET /xingrg/javascript/bigrid/fix.js HTTP/1.1" 200 6439
116.232.52.15 - - [30/Nov/2020:10:37:33 +0800] "GET /xingrg/javascript/calendar/jquery.timePicker.min.js HTTP/1.1" 200 2997
116.232.52.15 - - [30/Nov/2020:10:37:33 +0800] "GET /xingrg/all/report/report_query.html?fileName=kc/base/rk_by_base.xml&rh=9999 HTTP/1.1" 200 51953
116.232.52.15 - - [30/Nov/2020:10:37:33 +0800] "GET /xingrg/dwr/util.js HTTP/1.1" 200 35990
116.232.52.15 - - [30/Nov/2020:10:37:33 +0800] "GET /xingrg/javascript/jqueryMultiSelect.js HTTP/1.1" 200 11866
116.232.52.15 - - [30/Nov/2020:10:37:33 +0800] "GET /xingrg/javascript/Calendar.js HTTP/1.1" 200 31561
117.184.7.30 - - [30/Nov/2020:10:37:34 +0800] "GET /xingrg/all/function/internal_message.html?_=1606703851906&CODE_STATE=getMsg HTTP/1.1" 200 27
180.162.108.15 - - [30/Nov/2020:10:37:34 +0800] "GET /xingrg/all/function/internal_message.html?_=1606703773573&CODE_STATE=getMsg HTTP/1.1" 200 27
180.162.108.15 - - [30/Nov/2020:10:37:34 +0800] "GET /xingrg/check_reg.html?_=1606703773577 HTTP/1.1" 200 22
116.232.52.15 - - [30/Nov/2020:10:37:34 +0800] "GET /xingrg/dwr/engine.js HTTP/1.1" 200 43631
116.232.52.15 - - [30/Nov/2020:10:37:34 +0800] "GET /xingrg/images/blue/button/advanceover.gif HTTP/1.1" 200 1347
116.232.52.15 - - [30/Nov/2020:10:37:34 +0800] "GET /xingrg/images/blue/button/advance2over.gif HTTP/1.1" 200 1336
116.232.52.15 - - [30/Nov/2020:10:37:34 +0800] "GET /xingrg/images/blue/button/backover.gif HTTP/1.1" 200 1348
116.232.52.15 - - [30/Nov/2020:10:37:34 +0800] "GET /xingrg/images/blue/button/back2over.gif HTTP/1.1" 200 1335
116.232.52.15 - - [30/Nov/2020:10:37:35 +0800] "GET /xingrg/images/control/loading.gif HTTP/1.1" 200 13463
116.232.52.15 - - [30/Nov/2020:10:37:35 +0800] "GET /xingrg/javascript/jquery_easy_ui/themes/icons/help.png HTTP/1.1" 200 1187
116.232.52.15 - - [30/Nov/2020:10:37:35 +0800] "GET /xingrg/javascript/jquery_easy_ui/themes/default/images/menu_downarrow.png HTTP/1.1" 200 173
116.232.52.15 - - [30/Nov/2020:10:37:35 +0800] "GET /xingrg/javascript/jquery_easy_ui/themes/default/images/button_a_bg.gif HTTP/1.1" 200 1194
116.232.52.15 - - [30/Nov/2020:10:37:35 +0800] "GET /xingrg/javascript/jquery_easy_ui/themes/default/images/menu.gif HTTP/1.1" 200 834
116.232.52.15 - - [30/Nov/2020:10:37:35 +0800] "GET /xingrg/javascript/jquery_easy_ui/themes/icons/print.png HTTP/1.1" 200 1057
116.232.52.15 - - [30/Nov/2020:10:37:35 +0800] "GET /xingrg/javascript/jquery_easy_ui/themes/icons/pencil.png HTTP/1.1" 200 713
116.232.52.15 - - [30/Nov/2020:10:37:35 +0800] "GET /xingrg/javascript/jquery_easy_ui/themes/default/images/menu_rightarrow.png HTTP/1.1" 200 3617
116.232.52.15 - - [30/Nov/2020:10:37:35 +0800] "POST /xingrg/dwr/call/plaincall/AjaxReportQueryService.getFixDate.dwr HTTP/1.1" 200 111
116.232.52.15 - - [30/Nov/2020:10:37:35 +0800] "GET /xingrg/javascript/jquery_easy_ui/themes/default/images/combo_arrow_dot.gif HTTP/1.1" 200 79
116.232.52.15 - - [30/Nov/2020:10:37:35 +0800] "GET /xingrg/javascript/jquery_easy_ui/themes/default/images/tree_checkbox_0.gif HTTP/1.1" 200 168
116.232.52.15 - - [30/Nov/2020:10:37:35 +0800] "POST /xingrg/dwr/call/plaincall/AjaxReportQueryService.getInitString.dwr HTTP/1.1" 200 1014
116.232.52.15 - - [30/Nov/2020:10:37:35 +0800] "GET /xingrg/javascript/multi_select/dropdown.gif HTTP/1.1" 200 61
116.232.52.15 - - [30/Nov/2020:10:37:35 +0800] "POST /xingrg/all/common/load_tree.html?tree=materiel_sort_tree_json HTTP/1.1" 200 8666
222.69.137.175 - - [30/Nov/2020:10:37:36 +0800] "GET /xingrg/kc/base/wldb_order_operate.html?command=get_materiel&rest_code=00149&base_code=0010413&code=00101026179 HTTP/1.1" 200 451
222.69.137.175 - - [30/Nov/2020:10:37:38 +0800] "GET /xingrg/all/function/internal_message.html?_=1606703857693&CODE_STATE=getMsg HTTP/1.1" 200 27
222.69.137.175 - - [30/Nov/2020:10:37:39 +0800] "GET /xingrg/check_reg.html?_=1606703858867 HTTP/1.1" 200 22
180.162.108.15 - - [30/Nov/2020:10:37:39 +0800] "GET /xingrg/kc/base/wldb_order_operate.html?command=get_materiel&rest_code=00143&base_code=0010222&code=00102002187 HTTP/1.1" 200 449
101.85.228.137 - - [30/Nov/2020:10:37:39 +0800] "GET /xingrg/kc/buy/cgsh_order_operate.html?command=get_materiel&rest_code=00102&code=00101008357&supplier_code=00100008&order_time=2020-11-30 HTTP/1.1" 200 410
117.185.32.26 - - [30/Nov/2020:10:37:40 +0800] "GET /xingrg/all/function/internal_message.html?_=1606703851668&CODE_STATE=getMsg HTTP/1.1" 200 27
117.185.32.26 - - [30/Nov/2020:10:37:40 +0800] "GET /xingrg/check_reg.html?_=1606703852117 HTTP/1.1" 200 22
180.162.223.42 - - [30/Nov/2020:10:37:42 +0800] "GET /xingrg/kc/buy/cgsh_order_operate.html?command=get_materiel&rest_code=00105&code=00101010063&supplier_code=00100323&order_time=2020-11-30 HTTP/1.1" 200 409
180.162.223.42 - - [30/Nov/2020:10:37:43 +0800] "GET /xingrg/all/function/internal_message.html?_=1606703844991&CODE_STATE=getMsg HTTP/1.1" 200 27
116.228.172.94 - - [30/Nov/2020:10:37:45 +0800] "GET /xingrg/all/function/internal_message.html?_=1606703867583&CODE_STATE=getMsg HTTP/1.1" 200 27
101.85.228.137 - - [30/Nov/2020:10:37:45 +0800] "GET /xingrg/kc/buy/cgsh_order_operate.html?command=get_materiel&rest_code=00102&code=00101008286&supplier_code=00100008&order_time=2020-11-30 HTTP/1.1" 200 408
117.184.7.30 - - [30/Nov/2020:10:37:45 +0800] "GET /xingrg/check_reg.html?_=1606703863560 HTTP/1.1" 200 22
58.40.7.146 - - [30/Nov/2020:10:37:46 +0800] "GET /xingrg/javascript/jquery_easy_ui/themes/default/images/button_plain_hover.png HTTP/1.1" 200 252
58.40.7.146 - - [30/Nov/2020:10:37:47 +0800] "GET /xingrg/kc/print/load_config.html?_=1606703867549&kc_code=check HTTP/1.1" 200 2411
58.40.7.146 - - [30/Nov/2020:10:37:47 +0800] "GET /xingrg/kc/print/load_data.html?_=1606703867645&order_code=452020113000280&kc_code=check HTTP/1.1" 200 72175
222.69.137.175 - - [30/Nov/2020:10:37:48 +0800] "POST /xingrg/kc/base/wldb_order_operate.html HTTP/1.1" 200 37
222.69.137.175 - - [30/Nov/2020:10:37:48 +0800] "POST /xingrg/kc/base/wldb_order_operate.html HTTP/1.1" 200 2208
114.88.159.147 - - [30/Nov/2020:10:37:48 +0800] "GET /xingrg/kc/buy/cgsh_order_operate.html?command=get_materiel&rest_code=00141&code=00101007049&supplier_code=00100004&order_time=2020-11-30 HTTP/1.1" 200 409
222.69.137.175 - - [30/Nov/2020:10:37:49 +0800] "GET /xingrg/kc/base/wldb_order_info.html?code=422020113003467 HTTP/1.1" 200 30600
222.69.137.175 - - [30/Nov/2020:10:37:49 +0800] "GET /xingrg/javascript/easyui/themes/default/validatebox.css HTTP/1.1" 404 1104
180.162.223.42 - - [30/Nov/2020:10:37:49 +0800] "GET /xingrg/kc/buy/cgsh_order_operate.html?command=get_materiel&rest_code=00105&code=00101001213&supplier_code=00100323&order_time=2020-11-30 HTTP/1.1" 200 424
222.69.137.175 - - [30/Nov/2020:10:37:49 +0800] "POST /xingrg/kc/base/wldb_order_operate.html HTTP/1.1" 200 2208
101.85.93.83 - - [30/Nov/2020:10:37:49 +0800] "GET /xingrg/all/function/internal_message.html?_=1606703593267&CODE_STATE=getMsg HTTP/1.1" 200 27
116.232.52.15 - - [30/Nov/2020:10:37:50 +0800] "GET /xingrg/javascript/jquery_easy_ui/themes/default/images/tree_checkbox_1.gif HTTP/1.1" 200 174
116.232.52.15 - - [30/Nov/2020:10:37:50 +0800] "GET /xingrg/javascript/jquery_easy_ui/themes/default/images/tree_checkbox_2.gif HTTP/1.1" 200 181
172.17.0.102 - - [30/Nov/2020:10:37:50 +0800] "GET /xingrg/all/function/internal_message.html?_=1606703870178&CODE_STATE=getMsg HTTP/1.1" 200 27
101.85.228.137 - - [30/Nov/2020:10:37:50 +0800] "GET /xingrg/kc/buy/cgsh_order_operate.html?command=get_materiel&rest_code=00102&code=00101008036&supplier_code=00100008&order_time=2020-11-30 HTTP/1.1" 200 408
114.88.175.227 - - [30/Nov/2020:10:37:50 +0800] "GET /xingrg/all/function/internal_message.html?_=1606703991467&CODE_STATE=getMsg HTTP/1.1" 200 27
114.88.175.227 - - [30/Nov/2020:10:37:50 +0800] "GET /xingrg/check_reg.html?_=1606703991466 HTTP/1.1" 200 22
116.232.52.15 - - [30/Nov/2020:10:37:50 +0800] "GET /xingrg/javascript/multi_select/dropdown_hover.gif HTTP/1.1" 200 61
116.232.52.15 - - [30/Nov/2020:10:37:51 +0800] "GET /xingrg/javascript/multi_select/dropdown_active.gif HTTP/1.1" 200 61
58.40.7.146 - - [30/Nov/2020:10:37:51 +0800] "GET /xingrg/index.html?sysBaseUrl=http%3A%2F%2F180.169.147.146%3A18081%2Fxingrg%2F&costTime=48×tamp=1606703757599 HTTP/1.1" 200 17507
58.40.7.146 - - [30/Nov/2020:10:37:52 +0800] "POST /xingrg/all/common/load_tree.html?tree=area_rest_tree_json&manage=1 HTTP/1.1" 200 348
58.40.7.146 - - [30/Nov/2020:10:37:52 +0800] "GET /xingrg/all/function/internal_message.html?_=1606703871981&CODE_STATE=count HTTP/1.1" 200 11
58.40.7.146 - - [30/Nov/2020:10:37:52 +0800] "GET /xingrg/check_reg.html?_=1606703871982 HTTP/1.1" 200 22
58.40.7.146 - - [30/Nov/2020:10:37:52 +0800] "POST /xingrg/load_menu.html HTTP/1.1" 200 9959
116.232.52.15 - - [30/Nov/2020:10:37:52 +0800] "POST /xingrg/kc/buy/cgsh_order_operate.html HTTP/1.1" 200 37
222.69.137.175 - - [30/Nov/2020:10:37:53 +0800] "GET /xingrg/kc/base/wldb_order_add.html HTTP/1.1" 200 30593
180.162.223.42 - - [30/Nov/2020:10:37:53 +0800] "GET /xingrg/index.html?sysBaseUrl=http%3A%2F%2F180.169.147.146%3A18081%2Fxingrg%2F&costTime=35×tamp=1585363447539 HTTP/1.1" 302 -
180.162.223.42 - - [30/Nov/2020:10:37:53 +0800] "GET /xingrg/login.html HTTP/1.1" 200 7641
120.253.135.82 - - [30/Nov/2020:10:37:53 +0800] "GET /xingrg/all/function/internal_message.html?_=1606703988229&CODE_STATE=getMsg HTTP/1.1" 200 27
222.69.137.175 - - [30/Nov/2020:10:37:53 +0800] "POST /xingrg/kc/base/wldb_order_operate.html HTTP/1.1" 200 6806
222.69.137.175 - - [30/Nov/2020:10:37:53 +0800] "GET /xingrg/javascript/easyui/themes/default/validatebox.css HTTP/1.1" 404 1104
116.232.52.15 - - [30/Nov/2020:10:37:54 +0800] "POST /xingrg/kc/buy/cgsh_order_operate.html HTTP/1.1" 200 3258
180.162.223.42 - - [30/Nov/2020:10:37:54 +0800] "GET /favicon.ico HTTP/1.1" 404 -
116.232.52.15 - - [30/Nov/2020:10:37:55 +0800] "GET /xingrg/kc/print/load_config.html?kc_code=cgsh HTTP/1.1" 200 1845
101.85.228.137 - - [30/Nov/2020:10:37:55 +0800] "GET /xingrg/kc/buy/cgsh_order_operate.html?command=get_materiel&rest_code=00102&code=00101008098&supplier_code=00100008&order_time=2020-11-30 HTTP/1.1" 200 412
116.232.52.15 - - [30/Nov/2020:10:37:55 +0800] "GET /xingrg/kc/print/load_data.html?order_code=212020113011880&kc_code=cgsh&condition= HTTP/1.1" 200 938
101.85.228.137 - - [30/Nov/2020:10:37:56 +0800] "GET /xingrg/all/function/internal_message.html?_=1606704104352&CODE_STATE=getMsg HTTP/1.1" 200 27
180.162.223.42 - - [30/Nov/2020:10:37:56 +0800] "GET /xingrg/kc/buy/cgsh_order_operate.html?command=get_materiel&rest_code=00105&code=00101010088&supplier_code=00100323&order_time=2020-11-30 HTTP/1.1" 200 418
58.40.7.146 - - [30/Nov/2020:10:37:57 +0800] "GET /xingrg/kc/report/report_main.html HTTP/1.1" 200 7345
180.162.223.42 - - [30/Nov/2020:10:37:59 +0800] "POST /xingrg/login.do HTTP/1.1" 302 -
180.162.223.42 - - [30/Nov/2020:10:37:59 +0800] "GET /xingrg/index.html?sysBaseUrl=http%3A%2F%2F180.169.147.146%3A18081%2Fxingrg%2F&costTime=41×tamp=1606703879152 HTTP/1.1" 200 17503
180.162.223.42 - - [30/Nov/2020:10:37:59 +0800] "GET /favicon.ico HTTP/1.1" 404 -
180.162.223.42 - - [30/Nov/2020:10:37:59 +0800] "POST /xingrg/all/common/load_tree.html?tree=area_rest_tree_json&manage=1 HTTP/1.1" 200 3088
101.85.228.137 - - [30/Nov/2020:10:37:59 +0800] "GET /xingrg/kc/buy/cgsh_order_operate.html?command=get_materiel&rest_code=00102&code=00101008005&supplier_code=00100008&order_time=2020-11-30 HTTP/1.1" 200 412
180.162.223.42 - - [30/Nov/2020:10:37:59 +0800] "GET /xingrg/all/function/internal_message.html?_=1606703881473&CODE_STATE=count HTTP/1.1" 200 11
180.162.223.42 - - [30/Nov/2020:10:37:59 +0800] "GET /xingrg/check_reg.html?_=1606703881474 HTTP/1.1" 200 22
180.162.223.42 - - [30/Nov/2020:10:37:59 +0800] "POST /xingrg/load_menu.html HTTP/1.1" 200 11564
180.162.223.42 - - [30/Nov/2020:10:38:00 +0800] "GET /xingrg/javascript/jquery_easy_ui/themes/icons/delivery_new.png HTTP/1.1" 200 700
114.88.159.147 - - [30/Nov/2020:10:38:00 +0800] "GET /xingrg/kc/buy/cgsh_order_operate.html?command=get_materiel&rest_code=00141&code=00101007038&supplier_code=00100004&order_time=2020-11-30 HTTP/1.1" 200 442
58.40.7.146 - - [30/Nov/2020:10:38:03 +0800] "GET /xingrg/kc/base/base_main.html HTTP/1.1" 200 12142
58.40.7.146 - - [30/Nov/2020:10:38:04 +0800] "GET /xingrg/kc/base/check_order_list.html HTTP/1.1" 200 16803
58.40.7.146 - - [30/Nov/2020:10:38:04 +0800] "POST /xingrg/kc/base/check_list_operate.html HTTP/1.1" 200 1566
180.174.56.115 - - [30/Nov/2020:10:38:05 +0800] "GET /xingrg/check_reg.html?_=1606703858686 HTTP/1.1" 200 22
116.232.52.15 - - [30/Nov/2020:10:38:05 +0800] "POST /xingrg/dwr/call/plaincall/AjaxReportQueryService.refreshCache.dwr HTTP/1.1" 200 78
101.85.228.137 - - [30/Nov/2020:10:38:05 +0800] "GET /xingrg/kc/buy/cgsh_order_operate.html?command=get_materiel&rest_code=00102&code=00101008291&supplier_code=00100008&order_time=2020-11-30 HTTP/1.1" 200 408
116.232.52.15 - - [30/Nov/2020:10:38:05 +0800] "POST /xingrg/all/report/load_report_page.html HTTP/1.1" 200 7461
116.232.52.15 - - [30/Nov/2020:10:38:05 +0800] "GET /xingrg/servlets/image?cache=0.16162692410137414&image=px HTTP/1.1" 200 807
180.174.56.115 - - [30/Nov/2020:10:38:05 +0800] "GET /xingrg/all/function/internal_message.html?_=1606703859494&CODE_STATE=getMsg HTTP/1.1" 200 27
222.69.137.175 - - [30/Nov/2020:10:38:05 +0800] "GET /xingrg/kc/base/wldb_order_operate.html?command=get_materiel&rest_code=00149&base_code=0010413&code=00101026025 HTTP/1.1" 200 489
180.162.223.42 - - [30/Nov/2020:10:38:08 +0800] "GET /xingrg/kc/buy/cgsh_order_operate.html?command=get_materiel&rest_code=00105&code=00101010017&supplier_code=00100323&order_time=2020-11-30 HTTP/1.1" 200 424
116.232.52.15 - - [30/Nov/2020:10:38:09 +0800] "GET /xingrg/kc/buy/cgsh_order_add.html HTTP/1.1" 200 60854
116.232.52.15 - - [30/Nov/2020:10:38:09 +0800] "POST /xingrg/kc/buy/cgsh_order_operate.html HTTP/1.1" 200 8245
116.232.52.15 - - [30/Nov/2020:10:38:09 +0800] "GET /xingrg/all/common/auto_word.html?type=employee&rest_code=00109 HTTP/1.1" 200 255
116.232.52.15 - - [30/Nov/2020:10:38:09 +0800] "GET /xingrg/javascript/easyui/themes/default/validatebox.css HTTP/1.1" 404 1104
116.232.52.15 - - [30/Nov/2020:10:38:09 +0800] "GET /xingrg/all/common/auto_word.html?type=employee&rest_code=00109 HTTP/1.1" 200 255
58.40.7.146 - - [30/Nov/2020:10:38:09 +0800] "GET /xingrg/kc/base/check_order_info.html?code=452020113000280 HTTP/1.1" 200 26107
58.40.7.146 - - [30/Nov/2020:10:38:09 +0800] "GET /xingrg/dwr/interface/AjaxComOrderService.js HTTP/1.1" 200 18264
58.40.7.146 - - [30/Nov/2020:10:38:09 +0800] "GET /xingrg/dwr/interface/AjaxCheckService.js HTTP/1.1" 200 14003
58.40.7.146 - - [30/Nov/2020:10:38:09 +0800] "GET /xingrg/dwr/engine.js HTTP/1.1" 200 43631
222.69.133.109 - - [30/Nov/2020:10:38:09 +0800] "GET /xingrg/all/function/internal_message.html?_=1606703889007&CODE_STATE=getMsg HTTP/1.1" 200 27
58.40.7.146 - - [30/Nov/2020:10:38:10 +0800] "POST /xingrg/dwr/call/plaincall/AjaxCheckService.loadOrderItems.dwr HTTP/1.1" 200 279531
101.85.228.137 - - [30/Nov/2020:10:38:10 +0800] "GET /xingrg/kc/buy/cgsh_order_operate.html?command=get_materiel&rest_code=00102&code=00101008114&supplier_code=00100008&order_time=2020-11-30 HTTP/1.1" 200 412
101.85.228.137 - - [30/Nov/2020:10:38:10 +0800] "GET /xingrg/all/function/internal_message.html?_=1606703891971&CODE_STATE=getMsg HTTP/1.1" 200 27
114.88.175.227 - - [30/Nov/2020:10:38:11 +0800] "GET /xingrg/all/function/internal_message.html?_=1606703889304&CODE_STATE=getMsg HTTP/1.1" 200 27
180.174.56.115 - - [30/Nov/2020:10:38:12 +0800] "GET /xingrg/all/function/internal_message.html?_=1606703893634&CODE_STATE=getMsg HTTP/1.1" 200 27
101.85.228.137 - - [30/Nov/2020:10:38:15 +0800] "GET /xingrg/kc/buy/cgsh_order_operate.html?command=get_materiel&rest_code=00102&code=00101008529&supplier_code=00100008&order_time=2020-11-30 HTTP/1.1" 200 402
222.69.137.175 - - [30/Nov/2020:10:38:15 +0800] "POST /xingrg/kc/base/wldb_order_operate.html HTTP/1.1" 200 37
222.69.137.175 - - [30/Nov/2020:10:38:16 +0800] "POST /xingrg/kc/base/wldb_order_operate.html HTTP/1.1" 200 2231
222.69.137.175 - - [30/Nov/2020:10:38:16 +0800] "GET /xingrg/kc/base/wldb_order_info.html?code=422020113003468 HTTP/1.1" 200 30600
222.69.137.175 - - [30/Nov/2020:10:38:17 +0800] "GET /xingrg/javascript/easyui/themes/default/validatebox.css HTTP/1.1" 404 1104
222.69.137.175 - - [30/Nov/2020:10:38:17 +0800] "POST /xingrg/kc/base/wldb_order_operate.html HTTP/1.1" 200 2231
180.157.253.48 - - [30/Nov/2020:10:38:18 +0800] "GET /xingrg/all/function/internal_message.html?_=1606703898058&CODE_STATE=getMsg HTTP/1.1" 200 27
