117.131.5.26 - - [30/Nov/2020:09:14:24 +0800] "GET /xingrg/all/function/internal_message.html?_=1606698900598&CODE_STATE=getMsg HTTP/1.1" 200 27
180.157.253.48 - - [30/Nov/2020:09:14:24 +0800] "GET /xingrg/kc/buy/cgsh_order_operate.html?command=get_materiel&rest_code=00148&code=00101018008&supplier_code=00100010&order_time=2020-11-30 HTTP/1.1" 200 413
58.221.95.50 - - [30/Nov/2020:09:14:25 +0800] "GET /xingrg/check_reg.html?_=1606698878569 HTTP/1.1" 302 -
58.221.95.50 - - [30/Nov/2020:09:14:25 +0800] "GET /xingrg/check_reg.html?_=1606698878571 HTTP/1.1" 302 -
116.228.172.94 - - [30/Nov/2020:09:14:27 +0800] "GET /xingrg/kc/base/wldb_order_operate.html?command=get_materiel&rest_code=00107&base_code=0010151&code=00101016037 HTTP/1.1" 200 452
172.17.0.185 - - [30/Nov/2020:09:14:29 +0800] "GET /xingrg/all/function/internal_message.html?_=1606698868980&CODE_STATE=getMsg HTTP/1.1" 200 27
114.88.175.227 - - [30/Nov/2020:09:14:31 +0800] "GET /xingrg/all/function/internal_message.html?_=1606698991771&CODE_STATE=getMsg HTTP/1.1" 200 27
120.253.135.82 - - [30/Nov/2020:09:14:31 +0800] "GET /xingrg/check_reg.html?_=1606698986822 HTTP/1.1" 200 22
117.184.7.30 - - [30/Nov/2020:09:14:34 +0800] "GET /xingrg/all/function/internal_message.html?_=1606698872320&CODE_STATE=getMsg HTTP/1.1" 200 27
222.69.137.175 - - [30/Nov/2020:09:14:39 +0800] "GET /xingrg/all/function/internal_message.html?_=1606698879299&CODE_STATE=getMsg HTTP/1.1" 200 27
114.88.175.227 - - [30/Nov/2020:09:14:40 +0800] "POST /xingrg/kc/buy/cgsh_order_operate.html HTTP/1.1" 200 2065
101.85.228.137 - - [30/Nov/2020:09:14:42 +0800] "GET /xingrg/check_reg.html?_=1606699110963 HTTP/1.1" 200 22
180.157.253.48 - - [30/Nov/2020:09:14:43 +0800] "GET /xingrg/javascript/easyui/themes/default/images/button_plain_hover.png HTTP/1.1" 304 -
101.85.228.137 - - [30/Nov/2020:09:14:43 +0800] "GET /xingrg/all/function/internal_message.html?_=1606699111729&CODE_STATE=getMsg HTTP/1.1" 200 27
180.157.253.48 - - [30/Nov/2020:09:14:43 +0800] "GET /xingrg/javascript/easyui/themes/default/images/button_plain_hover.png HTTP/1.1" 304 -
180.157.253.48 - - [30/Nov/2020:09:14:43 +0800] "GET /xingrg/javascript/easyui/themes/default/images/button_plain_hover.png HTTP/1.1" 304 -
180.162.223.42 - - [30/Nov/2020:09:14:43 +0800] "GET /xingrg/all/function/internal_message.html?_=1606698864913&CODE_STATE=getMsg HTTP/1.1" 200 27
180.174.56.115 - - [30/Nov/2020:09:14:45 +0800] "GET /xingrg/all/function/internal_message.html?_=1606698886400&CODE_STATE=getMsg HTTP/1.1" 200 27
116.228.172.94 - - [30/Nov/2020:09:14:45 +0800] "POST /xingrg/kc/base/wldb_order_operate.html HTTP/1.1" 200 37
180.157.253.48 - - [30/Nov/2020:09:14:45 +0800] "POST /xingrg/kc/buy/cgsh_order_operate.html HTTP/1.1" 200 37
114.88.175.227 - - [30/Nov/2020:09:14:45 +0800] "GET /xingrg/kc/buy/cgsh_order_operate.html?command=get_materiel&rest_code=00111&code=00101008305&supplier_code=00100005&order_time=2020-11-30 HTTP/1.1" 200 412
116.228.172.94 - - [30/Nov/2020:09:14:46 +0800] "POST /xingrg/kc/base/wldb_order_operate.html HTTP/1.1" 200 3170
116.228.172.94 - - [30/Nov/2020:09:14:46 +0800] "GET /xingrg/kc/base/wldb_order_info.html?code=422020113003441 HTTP/1.1" 200 30606
180.157.253.48 - - [30/Nov/2020:09:14:46 +0800] "POST /xingrg/kc/buy/cgsh_order_operate.html HTTP/1.1" 200 5608
116.228.172.94 - - [30/Nov/2020:09:14:47 +0800] "GET /xingrg/javascript/easyui/themes/default/validatebox.css HTTP/1.1" 404 1104
116.228.172.94 - - [30/Nov/2020:09:14:47 +0800] "POST /xingrg/kc/base/wldb_order_operate.html HTTP/1.1" 200 3170
120.253.135.82 - - [30/Nov/2020:09:14:51 +0800] "GET /xingrg/all/function/internal_message.html?_=1606699006415&CODE_STATE=getMsg HTTP/1.1" 200 27
172.17.0.102 - - [30/Nov/2020:09:14:52 +0800] "GET /xingrg/all/function/internal_message.html?_=1606698891858&CODE_STATE=getMsg HTTP/1.1" 200 27
114.88.175.227 - - [30/Nov/2020:09:14:52 +0800] "GET /xingrg/kc/buy/cgsh_order_operate.html?command=get_materiel&rest_code=00111&code=00101008304&supplier_code=00100005&order_time=2020-11-30 HTTP/1.1" 200 412
180.174.56.115 - - [30/Nov/2020:09:14:53 +0800] "GET /xingrg/all/function/internal_message.html?_=1606698867167&CODE_STATE=getMsg HTTP/1.1" 200 27
222.69.137.175 - - [30/Nov/2020:09:14:56 +0800] "POST /xingrg/kc/buy/cgsh_list_operate.html HTTP/1.1" 200 3660
114.84.37.38 - - [30/Nov/2020:09:15:05 +0800] "GET /xingrg/check_reg.html?_=1606698906249 HTTP/1.1" 200 22
114.88.175.227 - - [30/Nov/2020:09:15:11 +0800] "GET /xingrg/kc/buy/cgsh_order_operate.html?command=get_materiel&rest_code=00111&code=00101008283&supplier_code=00100005&order_time=2020-11-30 HTTP/1.1" 200 408
180.162.223.42 - - [30/Nov/2020:09:15:13 +0800] "GET /xingrg/all/report/report_query.html?fileName=kc/mdqp/qp_report_mdqp_mx_report.xml HTTP/1.1" 200 51153
180.162.223.42 - - [30/Nov/2020:09:15:13 +0800] "GET /xingrg/javascript/multi_select/jqueryMultiSelect.css HTTP/1.1" 200 951
180.162.223.42 - - [30/Nov/2020:09:15:13 +0800] "GET /xingrg/javascript/calendar/timePicker.css HTTP/1.1" 200 523
180.162.223.42 - - [30/Nov/2020:09:15:13 +0800] "GET /xingrg/javascript/bigrid/fix.css HTTP/1.1" 200 1702
180.162.223.42 - - [30/Nov/2020:09:15:13 +0800] "GET /xingrg/dwr/interface/AjaxReportQueryService.js HTTP/1.1" 200 13203
180.162.223.42 - - [30/Nov/2020:09:15:13 +0800] "GET /xingrg/dwr/util.js HTTP/1.1" 304 -
180.162.223.42 - - [30/Nov/2020:09:15:13 +0800] "GET /xingrg/dwr/engine.js HTTP/1.1" 200 43631
180.162.223.42 - - [30/Nov/2020:09:15:13 +0800] "GET /xingrg/javascript/jqueryMultiSelect.js HTTP/1.1" 200 11866
180.162.223.42 - - [30/Nov/2020:09:15:13 +0800] "GET /xingrg/javascript/bigrid/fix.js HTTP/1.1" 200 6439
180.162.223.42 - - [30/Nov/2020:09:15:13 +0800] "GET /xingrg/javascript/calendar/jquery.timePicker.min.js HTTP/1.1" 200 2997
180.162.223.42 - - [30/Nov/2020:09:15:14 +0800] "GET /xingrg/images/blue/button/advanceover.gif HTTP/1.1" 200 1347
180.162.223.42 - - [30/Nov/2020:09:15:14 +0800] "GET /xingrg/images/blue/button/advance2over.gif HTTP/1.1" 200 1336
180.162.223.42 - - [30/Nov/2020:09:15:14 +0800] "GET /xingrg/images/blue/button/back2over.gif HTTP/1.1" 200 1335
180.162.223.42 - - [30/Nov/2020:09:15:14 +0800] "GET /xingrg/images/blue/button/backover.gif HTTP/1.1" 200 1348
180.162.223.42 - - [30/Nov/2020:09:15:14 +0800] "GET /xingrg/images/control/loading.gif HTTP/1.1" 200 13463
180.162.223.42 - - [30/Nov/2020:09:15:14 +0800] "GET /xingrg/javascript/jquery_easy_ui/themes/default/images/button_a_bg.gif HTTP/1.1" 200 1194
180.162.223.42 - - [30/Nov/2020:09:15:14 +0800] "GET /xingrg/javascript/jquery_easy_ui/themes/icons/help.png HTTP/1.1" 200 1187
180.162.223.42 - - [30/Nov/2020:09:15:14 +0800] "GET /xingrg/javascript/jquery_easy_ui/themes/default/images/menu.gif HTTP/1.1" 200 834
180.162.223.42 - - [30/Nov/2020:09:15:14 +0800] "GET /xingrg/javascript/jquery_easy_ui/themes/icons/pencil.png HTTP/1.1" 200 713
180.162.223.42 - - [30/Nov/2020:09:15:14 +0800] "GET /xingrg/javascript/jquery_easy_ui/themes/default/images/menu_rightarrow.png HTTP/1.1" 200 3617
180.162.223.42 - - [30/Nov/2020:09:15:14 +0800] "POST /xingrg/dwr/call/plaincall/AjaxReportQueryService.getFixDate.dwr HTTP/1.1" 200 111
180.157.253.48 - - [30/Nov/2020:09:15:14 +0800] "GET /xingrg/all/function/internal_message.html?_=1606698913967&CODE_STATE=getMsg HTTP/1.1" 200 27
180.162.223.42 - - [30/Nov/2020:09:15:14 +0800] "POST /xingrg/dwr/call/plaincall/AjaxReportQueryService.getInitString.dwr HTTP/1.1" 200 125
180.162.223.42 - - [30/Nov/2020:09:15:14 +0800] "GET /xingrg/javascript/multi_select/dropdown.gif HTTP/1.1" 200 61
116.228.172.94 - - [30/Nov/2020:09:15:16 +0800] "GET /xingrg/check_reg.html?_=1606698919044 HTTP/1.1" 200 22
114.88.175.227 - - [30/Nov/2020:09:15:16 +0800] "GET /xingrg/kc/buy/cgsh_order_operate.html?command=get_materiel&rest_code=00111&code=00101008298&supplier_code=00100005&order_time=2020-11-30 HTTP/1.1" 200 431
116.228.172.94 - - [30/Nov/2020:09:15:17 +0800] "GET /xingrg/all/function/internal_message.html?_=1606698920092&CODE_STATE=getMsg HTTP/1.1" 200 27
180.162.223.42 - - [30/Nov/2020:09:15:18 +0800] "GET /xingrg/javascript/multi_select/dropdown_hover.gif HTTP/1.1" 200 61
180.162.223.42 - - [30/Nov/2020:09:15:18 +0800] "GET /xingrg/all/function/internal_message.html?_=1606698920408&CODE_STATE=getMsg HTTP/1.1" 200 27
180.162.223.42 - - [30/Nov/2020:09:15:18 +0800] "GET /xingrg/check_reg.html?_=1606698920412 HTTP/1.1" 200 22
180.162.223.42 - - [30/Nov/2020:09:15:19 +0800] "GET /xingrg/javascript/multi_select/dropdown_active.gif HTTP/1.1" 200 61
117.131.5.26 - - [30/Nov/2020:09:15:24 +0800] "GET /xingrg/all/function/internal_message.html?_=1606698960624&CODE_STATE=getMsg HTTP/1.1" 200 27
172.17.0.185 - - [30/Nov/2020:09:15:29 +0800] "GET /xingrg/all/function/internal_message.html?_=1606698928967&CODE_STATE=getMsg HTTP/1.1" 200 27
114.88.175.227 - - [30/Nov/2020:09:15:30 +0800] "GET /xingrg/all/function/internal_message.html?_=1606699051615&CODE_STATE=getMsg HTTP/1.1" 200 27
114.88.175.227 - - [30/Nov/2020:09:15:33 +0800] "GET /xingrg/kc/buy/cgsh_order_operate.html?command=get_materiel&rest_code=00111&code=00101008350&supplier_code=00100005&order_time=2020-11-30 HTTP/1.1" 200 408
117.184.7.30 - - [30/Nov/2020:09:15:34 +0800] "GET /xingrg/all/function/internal_message.html?_=1606698932293&CODE_STATE=getMsg HTTP/1.1" 200 27
180.162.223.42 - - [30/Nov/2020:09:15:35 +0800] "GET /xingrg/all/report/report_query.html?fileName=kc/buy/gys_amount_base.xml&rh=99999 HTTP/1.1" 200 51871
180.162.223.42 - - [30/Nov/2020:09:15:35 +0800] "GET /xingrg/dwr/interface/AjaxReportQueryService.js HTTP/1.1" 200 13203
180.162.223.42 - - [30/Nov/2020:09:15:35 +0800] "GET /xingrg/dwr/engine.js HTTP/1.1" 200 43631
180.162.223.42 - - [30/Nov/2020:09:15:35 +0800] "POST /xingrg/dwr/call/plaincall/AjaxReportQueryService.getFixDate.dwr HTTP/1.1" 200 111
180.162.223.42 - - [30/Nov/2020:09:15:35 +0800] "POST /xingrg/dwr/call/plaincall/AjaxReportQueryService.getInitString.dwr HTTP/1.1" 200 1014
180.162.223.42 - - [30/Nov/2020:09:15:35 +0800] "POST /xingrg/all/common/load_tree.html?tree=supplier_tree_json&manage=1 HTTP/1.1" 200 52837
180.162.223.42 - - [30/Nov/2020:09:15:36 +0800] "GET /xingrg/javascript/jquery_easy_ui/themes/default/images/tree_checkbox_0.gif HTTP/1.1" 200 168
180.162.223.42 - - [30/Nov/2020:09:15:36 +0800] "POST /xingrg/all/common/load_tree.html?tree=materiel_sort_tree_json HTTP/1.1" 200 8666
222.69.137.175 - - [30/Nov/2020:09:15:39 +0800] "GET /xingrg/all/function/internal_message.html?_=1606698939271&CODE_STATE=getMsg HTTP/1.1" 200 27
114.88.175.227 - - [30/Nov/2020:09:15:40 +0800] "POST /xingrg/kc/buy/cgsh_order_operate.html HTTP/1.1" 200 2065
116.228.172.94 - - [30/Nov/2020:09:15:42 +0800] "GET /xingrg/kc/base/wldb_order_add.html HTTP/1.1" 200 30589
101.85.228.137 - - [30/Nov/2020:09:15:43 +0800] "GET /xingrg/all/function/internal_message.html?_=1606699171742&CODE_STATE=getMsg HTTP/1.1" 200 27
116.228.172.94 - - [30/Nov/2020:09:15:43 +0800] "GET /xingrg/javascript/easyui/themes/default/validatebox.css HTTP/1.1" 404 1104
116.228.172.94 - - [30/Nov/2020:09:15:43 +0800] "POST /xingrg/kc/base/wldb_order_operate.html HTTP/1.1" 200 6806
180.162.223.42 - - [30/Nov/2020:09:15:43 +0800] "GET /xingrg/all/function/internal_message.html?_=1606698924936&CODE_STATE=getMsg HTTP/1.1" 200 27
114.88.175.227 - - [30/Nov/2020:09:15:45 +0800] "GET /xingrg/kc/buy/cgsh_order_operate.html?command=get_materiel&rest_code=00111&code=00101008112&supplier_code=00100005&order_time=2020-11-30 HTTP/1.1" 200 412
180.174.56.115 - - [30/Nov/2020:09:15:45 +0800] "GET /xingrg/all/function/internal_message.html?_=1606698946401&CODE_STATE=getMsg HTTP/1.1" 200 27
180.174.56.115 - - [30/Nov/2020:09:15:45 +0800] "GET /xingrg/check_reg.html?_=1606698946402 HTTP/1.1" 200 22
120.253.135.82 - - [30/Nov/2020:09:15:51 +0800] "GET /xingrg/all/function/internal_message.html?_=1606699066430&CODE_STATE=getMsg HTTP/1.1" 200 27
116.228.172.94 - - [30/Nov/2020:09:15:51 +0800] "POST /xingrg/all/common/load_combo.html?type=base HTTP/1.1" 200 3324
172.17.0.102 - - [30/Nov/2020:09:15:52 +0800] "GET /xingrg/all/function/internal_message.html?_=1606698951835&CODE_STATE=getMsg HTTP/1.1" 200 27
180.174.56.115 - - [30/Nov/2020:09:15:53 +0800] "GET /xingrg/all/function/internal_message.html?_=1606698927179&CODE_STATE=getMsg HTTP/1.1" 200 27
116.228.172.94 - - [30/Nov/2020:09:15:54 +0800] "POST /xingrg/all/common/load_combo.html?type=base HTTP/1.1" 200 3324
180.162.223.42 - - [30/Nov/2020:09:15:58 +0800] "GET /xingrg/all/report/report_query.html?fileName=kc/base/kc_pdyk_list.xml HTTP/1.1" 200 51050
180.162.223.42 - - [30/Nov/2020:09:15:58 +0800] "GET /xingrg/dwr/interface/AjaxReportQueryService.js HTTP/1.1" 200 13203
180.162.223.42 - - [30/Nov/2020:09:15:58 +0800] "GET /xingrg/dwr/engine.js HTTP/1.1" 200 43631
180.162.223.42 - - [30/Nov/2020:09:15:58 +0800] "POST /xingrg/dwr/call/plaincall/AjaxReportQueryService.getFixDate.dwr HTTP/1.1" 200 111
180.162.223.42 - - [30/Nov/2020:09:15:58 +0800] "POST /xingrg/dwr/call/plaincall/AjaxReportQueryService.getInitString.dwr HTTP/1.1" 200 1014
180.157.253.48 - - [30/Nov/2020:09:15:59 +0800] "GET /xingrg/javascript/easyui/themes/default/images/button_plain_hover.png HTTP/1.1" 304 -
180.157.253.48 - - [30/Nov/2020:09:15:59 +0800] "GET /xingrg/javascript/easyui/themes/default/images/button_plain_hover.png HTTP/1.1" 304 -
180.157.253.48 - - [30/Nov/2020:09:15:59 +0800] "GET /xingrg/javascript/easyui/themes/default/images/button_plain_hover.png HTTP/1.1" 304 -
180.157.253.48 - - [30/Nov/2020:09:15:59 +0800] "GET /xingrg/javascript/easyui/themes/default/images/button_plain_hover.png HTTP/1.1" 304 -
180.157.253.48 - - [30/Nov/2020:09:16:00 +0800] "GET /xingrg/kc/buy/cgsh_order_add.html HTTP/1.1" 200 60807
180.157.253.48 - - [30/Nov/2020:09:16:00 +0800] "GET /xingrg/css/base.css HTTP/1.1" 304 -
180.157.253.48 - - [30/Nov/2020:09:16:00 +0800] "GET /xingrg/javascript/jquery_tools/datebox.css HTTP/1.1" 304 -
180.157.253.48 - - [30/Nov/2020:09:16:00 +0800] "GET /xingrg/css/site.css HTTP/1.1" 304 -
180.157.253.48 - - [30/Nov/2020:09:16:00 +0800] "GET /xingrg/javascript/easyui/themes/default/easyui.css HTTP/1.1" 304 -
180.157.253.48 - - [30/Nov/2020:09:16:00 +0800] "GET /xingrg/javascript/easyui/themes/icon.css HTTP/1.1" 304 -
180.157.253.48 - - [30/Nov/2020:09:16:00 +0800] "GET /xingrg/javascript/jquery_tools/fix.css HTTP/1.1" 304 -
180.157.253.48 - - [30/Nov/2020:09:16:00 +0800] "GET /xingrg/javascript/jquery_tools/table.css HTTP/1.1" 304 -
180.157.253.48 - - [30/Nov/2020:09:16:00 +0800] "GET /xingrg/javascript/auto/jquery.autocomplete.js HTTP/1.1" 304 -
180.157.253.48 - - [30/Nov/2020:09:16:00 +0800] "GET /xingrg/javascript/pic_change.js HTTP/1.1" 304 -
180.157.253.48 - - [30/Nov/2020:09:16:00 +0800] "GET /xingrg/javascript/auto/jquery.autocomplete.css HTTP/1.1" 304 -
180.157.253.48 - - [30/Nov/2020:09:16:00 +0800] "GET /xingrg/javascript/jquery_tools/jquery.tools.extend.js HTTP/1.1" 304 -
180.157.253.48 - - [30/Nov/2020:09:16:00 +0800] "GET /xingrg/javascript/jquery_tools/jquery.tools.min.js HTTP/1.1" 304 -
180.157.253.48 - - [30/Nov/2020:09:16:00 +0800] "GET /xingrg/javascript/jquery_tools/jquery.tools.hotkey.js HTTP/1.1" 304 -
180.157.253.48 - - [30/Nov/2020:09:16:00 +0800] "GET /xingrg/javascript/jquery_tools/jquery.tools.table.js HTTP/1.1" 304 -
180.157.253.48 - - [30/Nov/2020:09:16:00 +0800] "GET /xingrg/javascript/easyui/easyloader.js HTTP/1.1" 304 -
180.157.253.48 - - [30/Nov/2020:09:16:00 +0800] "GET /xingrg/javascript/convert.js HTTP/1.1" 304 -
180.157.253.48 - - [30/Nov/2020:09:16:00 +0800] "GET /xingrg/javascript/jquery_tools/order_manager.js HTTP/1.1" 304 -
180.157.253.48 - - [30/Nov/2020:09:16:00 +0800] "GET /xingrg/javascript/jquery.utils.js HTTP/1.1" 304 -
180.157.253.48 - - [30/Nov/2020:09:16:00 +0800] "GET /xingrg/javascript/json2.js HTTP/1.1" 304 -
180.157.253.48 - - [30/Nov/2020:09:16:00 +0800] "GET /xingrg/javascript/jquery.cookie.js HTTP/1.1" 304 -
180.157.253.48 - - [30/Nov/2020:09:16:00 +0800] "GET /xingrg/javascript/print/kc_print.js HTTP/1.1" 304 -
180.157.253.48 - - [30/Nov/2020:09:16:00 +0800] "GET /xingrg/javascript/print/LodopFuncs.js HTTP/1.1" 304 -
180.157.253.48 - - [30/Nov/2020:09:16:00 +0800] "GET /xingrg/words/20201127160732_words.js HTTP/1.1" 304 -
180.157.253.48 - - [30/Nov/2020:09:16:00 +0800] "GET /xingrg/javascript/easyui/themes/icons/copy_new.png HTTP/1.1" 304 -
180.157.253.48 - - [30/Nov/2020:09:16:00 +0800] "GET /xingrg/javascript/easyui/themes/icons/template_new.png HTTP/1.1" 304 -
180.157.253.48 - - [30/Nov/2020:09:16:00 +0800] "GET /xingrg/javascript/easyui/themes/icons/ok.png HTTP/1.1" 304 -
180.157.253.48 - - [30/Nov/2020:09:16:00 +0800] "GET /xingrg/javascript/easyui/themes/icons/print.png HTTP/1.1" 304 -
180.157.253.48 - - [30/Nov/2020:09:16:00 +0800] "GET /xingrg/javascript/easyui/themes/default/images/menu_downarrow.png HTTP/1.1" 304 -
180.157.253.48 - - [30/Nov/2020:09:16:00 +0800] "GET /xingrg/javascript/easyui/themes/icons/cancel.png HTTP/1.1" 304 -
180.157.253.48 - - [30/Nov/2020:09:16:00 +0800] "GET /xingrg/javascript/easyui/plugins/jquery.parser.js HTTP/1.1" 304 -
180.157.253.48 - - [30/Nov/2020:09:16:00 +0800] "POST /xingrg/kc/buy/cgsh_order_operate.html HTTP/1.1" 200 8245
180.157.253.48 - - [30/Nov/2020:09:16:00 +0800] "GET /xingrg/javascript/easyui/themes/default/images/button_plain_hover.png HTTP/1.1" 304 -
180.157.253.48 - - [30/Nov/2020:09:16:00 +0800] "GET /xingrg/all/common/auto_word.html?type=employee&rest_code=00148 HTTP/1.1" 200 197
180.157.253.48 - - [30/Nov/2020:09:16:00 +0800] "GET /xingrg/all/common/auto_word.html?type=employee&rest_code=00148 HTTP/1.1" 200 197
180.157.253.48 - - [30/Nov/2020:09:16:00 +0800] "GET /xingrg/javascript/easyui/themes/default/images/button_plain_hover.png HTTP/1.1" 304 -
180.157.253.48 - - [30/Nov/2020:09:16:00 +0800] "GET /xingrg/javascript/easyui/themes/default/validatebox.css HTTP/1.1" 404 1104
180.157.253.48 - - [30/Nov/2020:09:16:00 +0800] "GET /xingrg/javascript/easyui/plugins/jquery.validatebox.js HTTP/1.1" 304 -
180.157.253.48 - - [30/Nov/2020:09:16:00 +0800] "GET /xingrg/javascript/easyui/plugins/jquery.numberbox.js HTTP/1.1" 304 -
180.157.253.48 - - [30/Nov/2020:09:16:03 +0800] "GET /xingrg/javascript/jquery_tools/jquery.tools.extend.js HTTP/1.1" 304 -
180.157.253.48 - - [30/Nov/2020:09:16:03 +0800] "GET /xingrg/javascript/pic_change.js HTTP/1.1" 304 -
180.157.253.48 - - [30/Nov/2020:09:16:03 +0800] "GET /xingrg/javascript/jquery_tools/jquery.tools.min.js HTTP/1.1" 304 -
180.157.253.48 - - [30/Nov/2020:09:16:03 +0800] "GET /xingrg/javascript/jquery_tools/jquery.tools.hotkey.js HTTP/1.1" 304 -
180.157.253.48 - - [30/Nov/2020:09:16:03 +0800] "GET /xingrg/javascript/auto/jquery.autocomplete.js HTTP/1.1" 304 -
180.157.253.48 - - [30/Nov/2020:09:16:03 +0800] "GET /xingrg/javascript/jquery_tools/jquery.tools.table.js HTTP/1.1" 304 -
180.157.253.48 - - [30/Nov/2020:09:16:03 +0800] "GET /xingrg/javascript/easyui/easyloader.js HTTP/1.1" 304 -
180.157.253.48 - - [30/Nov/2020:09:16:03 +0800] "GET /xingrg/javascript/jquery.utils.js HTTP/1.1" 304 -
180.157.253.48 - - [30/Nov/2020:09:16:03 +0800] "GET /xingrg/javascript/jquery_tools/order_manager.js HTTP/1.1" 304 -
180.157.253.48 - - [30/Nov/2020:09:16:03 +0800] "GET /xingrg/javascript/jquery.cookie.js HTTP/1.1" 304 -
180.157.253.48 - - [30/Nov/2020:09:16:03 +0800] "GET /xingrg/javascript/print/kc_print.js HTTP/1.1" 304 -
180.157.253.48 - - [30/Nov/2020:09:16:03 +0800] "GET /xingrg/javascript/print/LodopFuncs.js HTTP/1.1" 304 -
180.157.253.48 - - [30/Nov/2020:09:16:03 +0800] "GET /xingrg/javascript/convert.js HTTP/1.1" 304 -
180.157.253.48 - - [30/Nov/2020:09:16:03 +0800] "GET /xingrg/javascript/easyui/plugins/jquery.parser.js HTTP/1.1" 304 -
180.157.253.48 - - [30/Nov/2020:09:16:03 +0800] "GET /xingrg/javascript/easyui/plugins/jquery.validatebox.js HTTP/1.1" 304 -
180.157.253.48 - - [30/Nov/2020:09:16:03 +0800] "GET /xingrg/words/20201127160732_words.js HTTP/1.1" 304 -
180.157.253.48 - - [30/Nov/2020:09:16:03 +0800] "GET /xingrg/javascript/easyui/plugins/jquery.numberbox.js HTTP/1.1" 304 -
180.157.253.48 - - [30/Nov/2020:09:16:03 +0800] "GET /xingrg/javascript/json2.js HTTP/1.1" 304 -
180.162.223.42 - - [30/Nov/2020:09:16:04 +0800] "POST /xingrg/kc/buy/cgsh_order_operate.html HTTP/1.1" 200 37
114.88.175.227 - - [30/Nov/2020:09:16:04 +0800] "GET /xingrg/kc/buy/cgsh_order_operate.html?command=get_materiel&rest_code=00111&code=00101008165&supplier_code=00100005&order_time=2020-11-30 HTTP/1.1" 200 416
116.228.172.94 - - [30/Nov/2020:09:16:05 +0800] "GET /xingrg/kc/base/wldb_order_operate.html?command=get_materiel&rest_code=00107&base_code=0010151&code=00101016097 HTTP/1.1" 200 470
180.162.223.42 - - [30/Nov/2020:09:16:06 +0800] "POST /xingrg/kc/buy/cgsh_order_operate.html HTTP/1.1" 200 32827
180.157.253.48 - - [30/Nov/2020:09:16:08 +0800] "GET /xingrg/kc/buy/cgsh_order_operate.html?command=get_materiel&rest_code=00148&code=00101016025&supplier_code=00100036&order_time=2020-11-30 HTTP/1.1" 200 408
180.157.253.48 - - [30/Nov/2020:09:16:08 +0800] "GET /xingrg/javascript/easyui/themes/default/images/button_plain_hover.png HTTP/1.1" 304 -
114.84.37.38 - - [30/Nov/2020:09:16:09 +0800] "GET /xingrg/check_reg.html?_=1606698971669 HTTP/1.1" 302 -
222.69.137.175 - - [30/Nov/2020:09:16:09 +0800] "POST /xingrg/services/DataTransmitService HTTP/1.1" 200 501
114.88.175.227 - - [30/Nov/2020:09:16:09 +0800] "GET /xingrg/kc/buy/cgsh_order_operate.html?command=get_materiel&rest_code=00111&code=00101008361&supplier_code=00100005&order_time=2020-11-30 HTTP/1.1" 200 408
180.162.223.42 - - [30/Nov/2020:09:16:11 +0800] "GET /xingrg/kc/buy/cgsh_order_add.html HTTP/1.1" 200 60854
222.69.137.175 - - [30/Nov/2020:09:16:11 +0800] "POST /xingrg/services/DataTransmitService HTTP/1.1" 200 501
180.162.223.42 - - [30/Nov/2020:09:16:11 +0800] "GET /xingrg/javascript/easyui/themes/default/validatebox.css HTTP/1.1" 404 1104
180.162.223.42 - - [30/Nov/2020:09:16:11 +0800] "POST /xingrg/kc/buy/cgsh_order_operate.html HTTP/1.1" 200 8245
180.157.253.48 - - [30/Nov/2020:09:16:14 +0800] "GET /xingrg/check_reg.html?_=1606698973856 HTTP/1.1" 200 22
180.157.253.48 - - [30/Nov/2020:09:16:14 +0800] "GET /xingrg/all/function/internal_message.html?_=1606698973979&CODE_STATE=getMsg HTTP/1.1" 200 27
114.88.175.227 - - [30/Nov/2020:09:16:15 +0800] "GET /xingrg/kc/buy/cgsh_order_operate.html?command=get_materiel&rest_code=00111&code=00101020152&supplier_code=00100005&order_time=2020-11-30 HTTP/1.1" 200 416
116.228.172.94 - - [30/Nov/2020:09:16:17 +0800] "GET /xingrg/all/function/internal_message.html?_=1606698980078&CODE_STATE=getMsg HTTP/1.1" 200 27
180.162.223.42 - - [30/Nov/2020:09:16:18 +0800] "GET /xingrg/all/function/internal_message.html?_=1606698980462&CODE_STATE=getMsg HTTP/1.1" 200 27
180.157.253.48 - - [30/Nov/2020:09:16:22 +0800] "GET /xingrg/kc/buy/cgsh_order_operate.html?command=get_materiel&rest_code=00148&code=00101012019&supplier_code=00100036&order_time=2020-11-30 HTTP/1.1" 200 412
180.157.253.48 - - [30/Nov/2020:09:16:22 +0800] "GET /xingrg/javascript/easyui/themes/default/images/button_plain_hover.png HTTP/1.1" 304 -
117.131.5.26 - - [30/Nov/2020:09:16:24 +0800] "GET /xingrg/all/function/internal_message.html?_=1606699020608&CODE_STATE=getMsg HTTP/1.1" 200 27
116.232.52.15 - - [30/Nov/2020:09:16:25 +0800] "GET /xingrg/login.html HTTP/1.1" 200 7641
114.88.175.227 - - [30/Nov/2020:09:16:25 +0800] "POST /xingrg/kc/buy/cgsh_order_operate.html HTTP/1.1" 200 2065
116.232.52.15 - - [30/Nov/2020:09:16:25 +0800] "GET /favicon.ico HTTP/1.1" 404 -
172.17.0.185 - - [30/Nov/2020:09:16:29 +0800] "GET /xingrg/all/function/internal_message.html?_=1606698988977&CODE_STATE=getMsg HTTP/1.1" 200 27
180.157.253.48 - - [30/Nov/2020:09:16:30 +0800] "GET /xingrg/kc/buy/cgsh_order_operate.html?command=get_materiel&rest_code=00148&code=00101011005&supplier_code=00100036&order_time=2020-11-30 HTTP/1.1" 200 429
180.157.253.48 - - [30/Nov/2020:09:16:30 +0800] "GET /xingrg/javascript/easyui/themes/default/images/button_plain_hover.png HTTP/1.1" 304 -
114.88.175.227 - - [30/Nov/2020:09:16:30 +0800] "GET /xingrg/kc/buy/cgsh_order_operate.html?command=get_materiel&rest_code=00111&code=00101008223&supplier_code=00100005&order_time=2020-11-30 HTTP/1.1" 200 412
114.88.175.227 - - [30/Nov/2020:09:16:30 +0800] "GET /xingrg/all/function/internal_message.html?_=1606699111622&CODE_STATE=getMsg HTTP/1.1" 200 27
116.232.52.15 - - [30/Nov/2020:09:16:32 +0800] "POST /xingrg/login.do HTTP/1.1" 302 -
116.232.52.15 - - [30/Nov/2020:09:16:32 +0800] "GET /xingrg/index.html?sysBaseUrl=http%3A%2F%2F180.169.147.146%3A18081%2Fxingrg%2F&costTime=54×tamp=1606698992237 HTTP/1.1" 200 17173
116.232.52.15 - - [30/Nov/2020:09:16:32 +0800] "POST /xingrg/all/common/load_tree.html?tree=area_rest_tree_json&manage=1 HTTP/1.1" 200 342
116.232.52.15 - - [30/Nov/2020:09:16:32 +0800] "GET /xingrg/all/function/internal_message.html?_=1606698993808&CODE_STATE=count HTTP/1.1" 200 11
116.232.52.15 - - [30/Nov/2020:09:16:32 +0800] "GET /xingrg/check_reg.html?_=1606698993809 HTTP/1.1" 200 22
116.232.52.15 - - [30/Nov/2020:09:16:32 +0800] "POST /xingrg/load_menu.html HTTP/1.1" 200 5138
117.184.7.30 - - [30/Nov/2020:09:16:34 +0800] "GET /xingrg/all/function/internal_message.html?_=1606698992263&CODE_STATE=getMsg HTTP/1.1" 200 27
116.232.52.15 - - [30/Nov/2020:09:16:34 +0800] "GET /xingrg/kc/buy/buy_main.html HTTP/1.1" 200 12412
116.232.52.15 - - [30/Nov/2020:09:16:34 +0800] "GET /xingrg/css/new_ie.css HTTP/1.1" 404 1036
116.232.52.15 - - [30/Nov/2020:09:16:36 +0800] "GET /xingrg/kc/buy/cgsh_order_list.html HTTP/1.1" 200 45069
114.88.175.227 - - [30/Nov/2020:09:16:36 +0800] "GET /xingrg/kc/buy/cgsh_order_operate.html?command=get_materiel&rest_code=00111&code=00101008069&supplier_code=00100005&order_time=2020-11-30 HTTP/1.1" 200 412
116.232.52.15 - - [30/Nov/2020:09:16:36 +0800] "POST /xingrg/kc/buy/cgsh_list_operate.html HTTP/1.1" 200 876
180.157.253.48 - - [30/Nov/2020:09:16:38 +0800] "GET /xingrg/kc/buy/cgsh_order_operate.html?command=get_materiel&rest_code=00148&code=00101010248&supplier_code=00100036&order_time=2020-11-30 HTTP/1.1" 200 430
180.157.253.48 - - [30/Nov/2020:09:16:38 +0800] "GET /xingrg/javascript/easyui/themes/default/images/button_plain_hover.png HTTP/1.1" 304 -
116.232.52.15 - - [30/Nov/2020:09:16:38 +0800] "GET /xingrg/kc/base/base_main.html HTTP/1.1" 200 12142
222.69.137.175 - - [30/Nov/2020:09:16:39 +0800] "GET /xingrg/all/function/internal_message.html?_=1606698999248&CODE_STATE=getMsg HTTP/1.1" 200 27
116.232.52.15 - - [30/Nov/2020:09:16:39 +0800] "GET /xingrg/kc/base/wldb_order_list.html HTTP/1.1" 200 19418
116.232.52.15 - - [30/Nov/2020:09:16:40 +0800] "POST /xingrg/kc/base/wldb_list_operate.html HTTP/1.1" 200 928
101.85.228.137 - - [30/Nov/2020:09:16:43 +0800] "GET /xingrg/all/function/internal_message.html?_=1606699231756&CODE_STATE=getMsg HTTP/1.1" 200 27
180.162.223.42 - - [30/Nov/2020:09:16:43 +0800] "GET /xingrg/all/function/internal_message.html?_=1606698984923&CODE_STATE=getMsg HTTP/1.1" 200 27
222.69.137.175 - - [30/Nov/2020:09:16:43 +0800] "POST /xingrg/services/DataTransmitService HTTP/1.1" 200 501
180.174.56.115 - - [30/Nov/2020:09:16:45 +0800] "GET /xingrg/all/function/internal_message.html?_=1606699006401&CODE_STATE=getMsg HTTP/1.1" 200 27
116.232.52.15 - - [30/Nov/2020:09:16:46 +0800] "GET /xingrg/kc/mdqp/qp_main.html HTTP/1.1" 200 10633
116.232.52.15 - - [30/Nov/2020:09:16:46 +0800] "GET /xingrg/images/blue/button/qqpsd.gif HTTP/1.1" 200 2548
116.232.52.15 - - [30/Nov/2020:09:16:46 +0800] "GET /xingrg/images/blue/button/pszx.gif HTTP/1.1" 200 2648
116.232.52.15 - - [30/Nov/2020:09:16:46 +0800] "GET /xingrg/images/blue/button/psshd.gif HTTP/1.1" 200 2692
116.232.52.15 - - [30/Nov/2020:09:16:48 +0800] "GET /xingrg/kc/mdqp/qqps_order_list.html HTTP/1.1" 200 9222
116.232.52.15 - - [30/Nov/2020:09:16:48 +0800] "GET /xingrg/dwr/interface/AjaxReportQueryService.js HTTP/1.1" 200 13203
116.232.52.15 - - [30/Nov/2020:09:16:48 +0800] "GET /xingrg/dwr/interface/AjaxQqpsService.js HTTP/1.1" 200 16326
116.232.52.15 - - [30/Nov/2020:09:16:48 +0800] "GET /xingrg/dwr/engine.js HTTP/1.1" 200 43631
116.232.52.15 - - [30/Nov/2020:09:16:48 +0800] "GET /xingrg/dwr/util.js HTTP/1.1" 200 35990
116.232.52.15 - - [30/Nov/2020:09:16:48 +0800] "GET /xingrg/javascript/Calendar.js HTTP/1.1" 200 31561
116.232.52.15 - - [30/Nov/2020:09:16:48 +0800] "GET /xingrg/javascript/jquery_easy_ui/themes/icons/edit_add_new.png HTTP/1.1" 200 2997
116.232.52.15 - - [30/Nov/2020:09:16:48 +0800] "GET /xingrg/javascript/jquery_easy_ui/themes/icons/uncheck_new.png HTTP/1.1" 200 3197
116.232.52.15 - - [30/Nov/2020:09:16:48 +0800] "GET /xingrg/javascript/jquery_easy_ui/themes/icons/check_new.png HTTP/1.1" 200 3224
116.232.52.15 - - [30/Nov/2020:09:16:48 +0800] "GET /xingrg/javascript/jquery_easy_ui/themes/icons/cance_new.png HTTP/1.1" 200 3986
116.228.172.94 - - [30/Nov/2020:09:16:49 +0800] "POST /xingrg/kc/base/wldb_order_operate.html HTTP/1.1" 200 37
116.228.172.94 - - [30/Nov/2020:09:16:49 +0800] "POST /xingrg/kc/base/wldb_order_operate.html HTTP/1.1" 200 2213
180.157.253.48 - - [30/Nov/2020:09:16:50 +0800] "GET /xingrg/kc/buy/cgsh_order_operate.html?command=get_materiel&rest_code=00148&code=00101001010&supplier_code=00100036&order_time=2020-11-30 HTTP/1.1" 200 408
180.157.253.48 - - [30/Nov/2020:09:16:50 +0800] "GET /xingrg/javascript/easyui/themes/default/images/button_plain_hover.png HTTP/1.1" 304 -
120.253.135.82 - - [30/Nov/2020:09:16:51 +0800] "GET /xingrg/all/function/internal_message.html?_=1606699126466&CODE_STATE=getMsg HTTP/1.1" 200 27
172.17.0.102 - - [30/Nov/2020:09:16:51 +0800] "GET /xingrg/all/function/internal_message.html?_=1606699011816&CODE_STATE=getMsg HTTP/1.1" 200 27
114.88.175.227 - - [30/Nov/2020:09:16:52 +0800] "POST /xingrg/kc/buy/cgsh_order_operate.html HTTP/1.1" 200 2065
180.174.56.115 - - [30/Nov/2020:09:16:53 +0800] "GET /xingrg/all/function/internal_message.html?_=1606698987209&CODE_STATE=getMsg HTTP/1.1" 200 27
180.157.253.48 - - [30/Nov/2020:09:16:54 +0800] "GET /xingrg/javascript/easyui/themes/default/images/button_plain_hover.png HTTP/1.1" 304 -
180.157.253.48 - - [30/Nov/2020:09:16:54 +0800] "GET /xingrg/javascript/easyui/themes/default/images/button_plain_hover.png HTTP/1.1" 304 -
180.157.253.48 - - [30/Nov/2020:09:16:55 +0800] "GET /xingrg/javascript/easyui/themes/default/images/button_plain_hover.png HTTP/1.1" 304 -
180.157.253.48 - - [30/Nov/2020:09:16:55 +0800] "GET /xingrg/javascript/easyui/themes/default/images/button_plain_hover.png HTTP/1.1" 304 -
180.157.253.48 - - [30/Nov/2020:09:16:56 +0800] "POST /xingrg/kc/buy/cgsh_order_operate.html HTTP/1.1" 200 37
180.157.253.48 - - [30/Nov/2020:09:17:00 +0800] "POST /xingrg/kc/buy/cgsh_order_operate.html HTTP/1.1" 200 5026
180.162.223.42 - - [30/Nov/2020:09:17:08 +0800] "GET /xingrg/kc/buy/cgsh_order_operate.html?command=get_materiel&rest_code=00105&code=00101009023&supplier_code=00100024&order_time=2020-11-30 HTTP/1.1" 200 408
114.88.175.227 - - [30/Nov/2020:09:17:08 +0800] "GET /xingrg/kc/buy/cgsh_order_operate.html?command=get_materiel&rest_code=00111&code=00101008036&supplier_code=00100005&order_time=2020-11-30 HTTP/1.1" 200 408
180.157.253.48 - - [30/Nov/2020:09:17:14 +0800] "GET /xingrg/all/function/internal_message.html?_=1606699033994&CODE_STATE=getMsg HTTP/1.1" 200 27
222.69.137.175 - - [30/Nov/2020:09:17:16 +0800] "POST /xingrg/services/DataTransmitService HTTP/1.1" 200 501
180.162.223.42 - - [30/Nov/2020:09:17:18 +0800] "GET /xingrg/all/function/internal_message.html?_=1606699040434&CODE_STATE=getMsg HTTP/1.1" 200 27
222.69.137.175 - - [30/Nov/2020:09:17:22 +0800] "POST /xingrg/services/DataTransmitService HTTP/1.1" 200 501
222.69.137.175 - - [30/Nov/2020:09:17:23 +0800] "POST /xingrg/services/DataTransmitService HTTP/1.1" 200 501
117.131.5.26 - - [30/Nov/2020:09:17:24 +0800] "GET /xingrg/all/function/internal_message.html?_=1606699080607&CODE_STATE=getMsg HTTP/1.1" 200 27
114.88.175.227 - - [30/Nov/2020:09:17:24 +0800] "POST /xingrg/kc/buy/cgsh_order_operate.html HTTP/1.1" 200 37
114.88.175.227 - - [30/Nov/2020:09:17:26 +0800] "POST /xingrg/kc/buy/cgsh_order_operate.html HTTP/1.1" 200 36372
114.88.175.227 - - [30/Nov/2020:09:17:26 +0800] "GET /xingrg/kc/print/load_config.html?kc_code=cgsh HTTP/1.1" 200 1845
114.88.175.227 - - [30/Nov/2020:09:17:27 +0800] "GET /xingrg/kc/print/load_data.html?order_code=212020113011805&kc_code=cgsh&condition= HTTP/1.1" 200 13455
180.162.223.42 - - [30/Nov/2020:09:17:28 +0800] "GET /xingrg/kc/buy/cgsh_order_operate.html?command=get_materiel&rest_code=00105&code=00101009001&supplier_code=00100024&order_time=2020-11-30 HTTP/1.1" 200 416
180.157.253.48 - - [30/Nov/2020:09:17:29 +0800] "GET /xingrg/javascript/jquery_easy_ui/themes/default/images/tabs_active.png HTTP/1.1" 304 -
180.157.253.48 - - [30/Nov/2020:09:17:29 +0800] "GET /xingrg/javascript/jquery_easy_ui/themes/default/images/tabs_active.png HTTP/1.1" 304 -
172.17.0.185 - - [30/Nov/2020:09:17:29 +0800] "GET /xingrg/all/function/internal_message.html?_=1606699048969&CODE_STATE=getMsg HTTP/1.1" 200 27
116.228.172.94 - - [30/Nov/2020:09:17:30 +0800] "GET /xingrg/kc/base/wldb_order_info.html?code=422020113003449 HTTP/1.1" 200 30607
116.228.172.94 - - [30/Nov/2020:09:17:31 +0800] "GET /xingrg/javascript/easyui/themes/default/validatebox.css HTTP/1.1" 404 1104
116.228.172.94 - - [30/Nov/2020:09:17:31 +0800] "POST /xingrg/kc/base/wldb_order_operate.html HTTP/1.1" 200 2213
114.88.175.227 - - [30/Nov/2020:09:17:31 +0800] "GET /xingrg/all/function/internal_message.html?_=1606699172257&CODE_STATE=getMsg HTTP/1.1" 200 27
116.232.52.15 - - [30/Nov/2020:09:17:32 +0800] "GET /xingrg/all/function/internal_message.html?_=1606699053814&CODE_STATE=getMsg HTTP/1.1" 200 27
117.184.7.30 - - [30/Nov/2020:09:17:34 +0800] "GET /xingrg/all/function/internal_message.html?_=1606699052234&CODE_STATE=getMsg HTTP/1.1" 200 27
180.157.253.48 - - [30/Nov/2020:09:17:35 +0800] "POST /xingrg/kc/buy/cgsh_list_operate.html HTTP/1.1" 200 5765
222.69.137.175 - - [30/Nov/2020:09:17:38 +0800] "POST /xingrg/services/DataTransmitService HTTP/1.1" 200 501
222.69.137.175 - - [30/Nov/2020:09:17:39 +0800] "GET /xingrg/check_reg.html?_=1606699058766 HTTP/1.1" 200 22
222.69.137.175 - - [30/Nov/2020:09:17:39 +0800] "GET /xingrg/all/function/internal_message.html?_=1606699059225&CODE_STATE=getMsg HTTP/1.1" 200 27
222.69.137.175 - - [30/Nov/2020:09:17:42 +0800] "POST /xingrg/services/DataTransmitService HTTP/1.1" 200 501
222.69.137.175 - - [30/Nov/2020:09:17:43 +0800] "POST /xingrg/services/DataTransmitService HTTP/1.1" 200 501
101.85.228.137 - - [30/Nov/2020:09:17:43 +0800] "GET /xingrg/all/function/internal_message.html?_=1606699291867&CODE_STATE=getMsg HTTP/1.1" 200 27
180.162.223.42 - - [30/Nov/2020:09:17:43 +0800] "GET /xingrg/all/function/internal_message.html?_=1606699044925&CODE_STATE=getMsg HTTP/1.1" 200 27
180.157.253.48 - - [30/Nov/2020:09:17:44 +0800] "POST /xingrg/kc/buy/cgsh_list_operate.html HTTP/1.1" 200 5369
116.228.172.94 - - [30/Nov/2020:09:17:44 +0800] "GET /xingrg/kc/base/wldb_order_add.html HTTP/1.1" 200 30589
116.228.172.94 - - [30/Nov/2020:09:17:45 +0800] "GET /xingrg/javascript/easyui/themes/default/validatebox.css HTTP/1.1" 404 1104
116.228.172.94 - - [30/Nov/2020:09:17:45 +0800] "POST /xingrg/kc/base/wldb_order_operate.html HTTP/1.1" 200 6806
180.174.56.115 - - [30/Nov/2020:09:17:45 +0800] "GET /xingrg/all/function/internal_message.html?_=1606699066400&CODE_STATE=getMsg HTTP/1.1" 200 27
117.184.7.30 - - [30/Nov/2020:09:17:45 +0800] "GET /xingrg/check_reg.html?_=1606699063610 HTTP/1.1" 200 22
116.228.172.94 - - [30/Nov/2020:09:17:46 +0800] "POST /xingrg/all/common/load_combo.html?type=base HTTP/1.1" 200 3324
222.69.137.175 - - [30/Nov/2020:09:17:47 +0800] "POST /xingrg/services/DataTransmitService HTTP/1.1" 200 412
114.88.175.227 - - [30/Nov/2020:09:17:47 +0800] "GET /xingrg/index.html?sysBaseUrl=http%3A%2F%2F180.169.147.146%3A18081%2Fxingrg%2F&costTime=38×tamp=1588335986102 HTTP/1.1" 302 -
114.88.175.227 - - [30/Nov/2020:09:17:47 +0800] "GET /xingrg/login.html HTTP/1.1" 200 7641
114.88.175.227 - - [30/Nov/2020:09:17:48 +0800] "GET /favicon.ico HTTP/1.1" 404 -
120.253.135.82 - - [30/Nov/2020:09:17:51 +0800] "GET /xingrg/all/function/internal_message.html?_=1606699186472&CODE_STATE=getMsg HTTP/1.1" 200 27
114.88.175.227 - - [30/Nov/2020:09:17:51 +0800] "POST /xingrg/login.do HTTP/1.1" 302 -
114.88.175.227 - - [30/Nov/2020:09:17:51 +0800] "GET /xingrg/index.html?sysBaseUrl=http%3A%2F%2F180.169.147.146%3A18081%2Fxingrg%2F&costTime=37×tamp=1606699071594 HTTP/1.1" 200 17173
114.88.175.227 - - [30/Nov/2020:09:17:51 +0800] "GET /favicon.ico HTTP/1.1" 404 -
114.88.175.227 - - [30/Nov/2020:09:17:51 +0800] "POST /xingrg/all/common/load_tree.html?tree=area_rest_tree_json&manage=1 HTTP/1.1" 200 342
114.88.175.227 - - [30/Nov/2020:09:17:51 +0800] "GET /xingrg/check_reg.html?_=1606699192523 HTTP/1.1" 200 22
114.88.175.227 - - [30/Nov/2020:09:17:51 +0800] "GET /xingrg/all/function/internal_message.html?_=1606699192522&CODE_STATE=count HTTP/1.1" 200 11
114.88.175.227 - - [30/Nov/2020:09:17:51 +0800] "POST /xingrg/load_menu.html HTTP/1.1" 200 5138
172.17.0.102 - - [30/Nov/2020:09:17:51 +0800] "GET /xingrg/all/function/internal_message.html?_=1606699071824&CODE_STATE=getMsg HTTP/1.1" 200 27
180.174.56.115 - - [30/Nov/2020:09:17:53 +0800] "GET /xingrg/all/function/internal_message.html?_=1606699047223&CODE_STATE=getMsg HTTP/1.1" 200 27
114.88.175.227 - - [30/Nov/2020:09:17:54 +0800] "GET /xingrg/kc/buy/cgsh_order_list.html HTTP/1.1" 200 45069
114.88.175.227 - - [30/Nov/2020:09:17:55 +0800] "POST /xingrg/kc/buy/cgsh_list_operate.html HTTP/1.1" 200 1690
116.228.172.94 - - [30/Nov/2020:09:17:56 +0800] "POST /xingrg/all/common/load_combo.html?type=base HTTP/1.1" 200 3324
114.88.175.227 - - [30/Nov/2020:09:18:04 +0800] "GET /xingrg/kc/buy/cgsh_order_add.html HTTP/1.1" 200 60807
114.88.175.227 - - [30/Nov/2020:09:18:04 +0800] "POST /xingrg/kc/buy/cgsh_order_operate.html HTTP/1.1" 200 8245
114.88.175.227 - - [30/Nov/2020:09:18:04 +0800] "GET /xingrg/javascript/easyui/themes/default/validatebox.css HTTP/1.1" 404 1104
114.88.175.227 - - [30/Nov/2020:09:18:04 +0800] "GET /xingrg/all/common/auto_word.html?type=employee&rest_code=00111 HTTP/1.1" 200 205
114.88.175.227 - - [30/Nov/2020:09:18:04 +0800] "GET /xingrg/all/common/auto_word.html?type=employee&rest_code=00111 HTTP/1.1" 200 205
114.88.175.227 - - [30/Nov/2020:09:18:04 +0800] "GET /xingrg/javascript/auto/indicator.gif HTTP/1.1" 404 1066
114.88.175.227 - - [30/Nov/2020:09:18:06 +0800] "GET /xingrg/javascript/jquery_tools/images/prev.gif HTTP/1.1" 404 1086
114.88.175.227 - - [30/Nov/2020:09:18:06 +0800] "GET /xingrg/javascript/jquery_tools/images/next.gif HTTP/1.1" 404 1086
101.85.93.83 - - [30/Nov/2020:09:18:07 +0800] "GET /xingrg HTTP/1.1" 302 -
101.85.93.83 - - [30/Nov/2020:09:18:07 +0800] "GET /xingrg/ HTTP/1.1" 200 292
101.85.93.83 - - [30/Nov/2020:09:18:08 +0800] "GET /xingrg/index.html HTTP/1.1" 302 -
101.85.93.83 - - [30/Nov/2020:09:18:08 +0800] "GET /favicon.ico HTTP/1.1" 404 -
101.85.93.83 - - [30/Nov/2020:09:18:08 +0800] "GET /xingrg/login.html HTTP/1.1" 200 7641
101.85.93.83 - - [30/Nov/2020:09:18:08 +0800] "GET /xingrg/images/blue/jxLogo.png HTTP/1.1" 200 6156
101.85.93.83 - - [30/Nov/2020:09:18:09 +0800] "GET /xingrg/images/blue/hj.png HTTP/1.1" 200 1014
101.85.93.83 - - [30/Nov/2020:09:18:09 +0800] "GET /xingrg/images/blue/login_bg.png HTTP/1.1" 200 22101
101.85.93.83 - - [30/Nov/2020:09:18:09 +0800] "GET /xingrg/images/blue/srbg.png HTTP/1.1" 200 138
101.85.93.83 - - [30/Nov/2020:09:18:09 +0800] "GET /favicon.ico HTTP/1.1" 404 -
116.228.172.94 - - [30/Nov/2020:09:18:09 +0800] "GET /xingrg/kc/base/wldb_order_operate.html?command=get_materiel&rest_code=00107&base_code=0010152&code=00102002258 HTTP/1.1" 200 433
114.88.175.227 - - [30/Nov/2020:09:18:10 +0800] "GET /xingrg/kc/buy/cgsh_order_operate.html?command=get_materiel&rest_code=00111&code=00101007075&supplier_code=00100037&order_time=2020-11-30 HTTP/1.1" 200 408
180.157.253.48 - - [30/Nov/2020:09:18:14 +0800] "GET /xingrg/all/function/internal_message.html?_=1606699094009&CODE_STATE=getMsg HTTP/1.1" 200 27
180.157.253.48 - - [30/Nov/2020:09:18:14 +0800] "GET /xingrg/css/base.css HTTP/1.1" 304 -
180.157.253.48 - - [30/Nov/2020:09:18:14 +0800] "GET /xingrg/javascript/jquery_tools/datebox.css HTTP/1.1" 304 -
180.157.253.48 - - [30/Nov/2020:09:18:14 +0800] "GET /xingrg/javascript/easyui/themes/default/easyui.css HTTP/1.1" 304 -
180.157.253.48 - - [30/Nov/2020:09:18:14 +0800] "GET /xingrg/javascript/easyui/themes/icon.css HTTP/1.1" 304 -
180.157.253.48 - - [30/Nov/2020:09:18:14 +0800] "GET /xingrg/javascript/jquery_tools/jquery.tools.extend.js HTTP/1.1" 304 -
180.157.253.48 - - [30/Nov/2020:09:18:14 +0800] "GET /xingrg/javascript/jquery_tools/list_manager.js HTTP/1.1" 304 -
180.157.253.48 - - [30/Nov/2020:09:18:14 +0800] "GET /xingrg/javascript/jquery_tools/jquery.tools.hotkey.js HTTP/1.1" 304 -
180.157.253.48 - - [30/Nov/2020:09:18:14 +0800] "GET /xingrg/javascript/auto/jquery.autocomplete.js HTTP/1.1" 304 -
180.157.253.48 - - [30/Nov/2020:09:18:14 +0800] "GET /xingrg/javascript/jquery_tools/jquery.tools.table.js HTTP/1.1" 304 -
180.157.253.48 - - [30/Nov/2020:09:18:14 +0800] "GET /xingrg/javascript/print/LodopFuncs.js HTTP/1.1" 304 -
180.157.253.48 - - [30/Nov/2020:09:18:14 +0800] "GET /xingrg/javascript/jquery.utils.js HTTP/1.1" 304 -
180.157.253.48 - - [30/Nov/2020:09:18:14 +0800] "GET /xingrg/javascript/easyui/easyloader.js HTTP/1.1" 304 -
180.157.253.48 - - [30/Nov/2020:09:18:14 +0800] "GET /xingrg/javascript/auto/jquery.autocomplete.css HTTP/1.1" 304 -
180.157.253.48 - - [30/Nov/2020:09:18:14 +0800] "GET /xingrg/css/site.css HTTP/1.1" 304 -
180.157.253.48 - - [30/Nov/2020:09:18:14 +0800] "GET /xingrg/javascript/jquery_tools/table.css HTTP/1.1" 304 -
180.157.253.48 - - [30/Nov/2020:09:18:14 +0800] "GET /xingrg/javascript/jquery.cookie.js HTTP/1.1" 304 -
180.157.253.48 - - [30/Nov/2020:09:18:14 +0800] "GET /xingrg/javascript/jquery_tools/jquery.tools.min.js HTTP/1.1" 304 -
180.157.253.48 - - [30/Nov/2020:09:18:14 +0800] "GET /xingrg/javascript/jquery_tools/fix.css HTTP/1.1" 304 -
180.157.253.48 - - [30/Nov/2020:09:18:14 +0800] "GET /xingrg/kc/buy/cgsh_order_list.html HTTP/1.1" 200 45075
180.157.253.48 - - [30/Nov/2020:09:18:14 +0800] "GET /xingrg/javascript/easyui/plugins/jquery.parser.js HTTP/1.1" 304 -
180.157.253.48 - - [30/Nov/2020:09:18:15 +0800] "POST /xingrg/kc/buy/cgsh_list_operate.html HTTP/1.1" 200 2036
180.162.223.42 - - [30/Nov/2020:09:18:16 +0800] "GET /xingrg/kc/buy/cgsh_order_operate.html?command=get_materiel&rest_code=00105&code=00101009019&supplier_code=00100024&order_time=2020-11-30 HTTP/1.1" 200 412
116.228.172.94 - - [30/Nov/2020:09:18:17 +0800] "GET /xingrg/all/function/internal_message.html?_=1606699100104&CODE_STATE=getMsg HTTP/1.1" 200 27
114.88.175.227 - - [30/Nov/2020:09:18:17 +0800] "GET /xingrg/kc/buy/cgsh_order_operate.html?command=get_materiel&rest_code=00111&code=00101007061&supplier_code=00100037&order_time=2020-11-30 HTTP/1.1" 200 409
180.157.253.48 - - [30/Nov/2020:09:18:18 +0800] "POST /xingrg/kc/buy/cgsh_list_operate.html HTTP/1.1" 200 494
101.85.93.83 - - [30/Nov/2020:09:18:18 +0800] "POST /xingrg/login.do HTTP/1.1" 302 -
101.85.93.83 - - [30/Nov/2020:09:18:18 +0800] "GET /xingrg/css/form.css HTTP/1.1" 200 893
101.85.93.83 - - [30/Nov/2020:09:18:18 +0800] "GET /xingrg/javascript/jquery_easy_ui/themes/icon.css HTTP/1.1" 200 3949
101.85.93.83 - - [30/Nov/2020:09:18:18 +0800] "GET /xingrg/index.html?sysBaseUrl=http%3A%2F%2F180.169.147.146%3A18081%2Fxingrg%2F&costTime=38×tamp=1606699098426 HTTP/1.1" 200 17179
101.85.93.83 - - [30/Nov/2020:09:18:18 +0800] "GET /xingrg/javascript/jquery-1.4.2.min.js HTTP/1.1" 200 72205
101.85.93.83 - - [30/Nov/2020:09:18:18 +0800] "GET /xingrg/javascript/jquery_easy_ui/jquery.easyui.min.js HTTP/1.1" 200 213662
101.85.93.83 - - [30/Nov/2020:09:18:18 +0800] "GET /xingrg/javascript/jquery_easy_ui/easyui-lang-zh_CN.js HTTP/1.1" 200 1900
101.85.93.83 - - [30/Nov/2020:09:18:18 +0800] "GET /xingrg/javascript/jquery.timers.js HTTP/1.1" 200 3532
101.85.93.83 - - [30/Nov/2020:09:18:18 +0800] "GET /xingrg/javascript/jquery_easy_ui/themes/default/easyui.css HTTP/1.1" 200 26500
101.85.93.83 - - [30/Nov/2020:09:18:18 +0800] "GET /xingrg/javascript/jquery.form.js HTTP/1.1" 200 23110
101.85.93.83 - - [30/Nov/2020:09:18:18 +0800] "GET /xingrg/javascript/jquery.utils.js HTTP/1.1" 200 11805
180.157.253.48 - - [30/Nov/2020:09:18:18 +0800] "GET /xingrg/javascript/jquery_tools/datebox.css HTTP/1.1" 304 -
180.157.253.48 - - [30/Nov/2020:09:18:18 +0800] "GET /xingrg/css/base.css HTTP/1.1" 304 -
180.157.253.48 - - [30/Nov/2020:09:18:18 +0800] "GET /xingrg/css/site.css HTTP/1.1" 304 -
180.157.253.48 - - [30/Nov/2020:09:18:18 +0800] "GET /xingrg/javascript/easyui/themes/default/easyui.css HTTP/1.1" 304 -
180.157.253.48 - - [30/Nov/2020:09:18:18 +0800] "GET /xingrg/javascript/jquery_tools/fix.css HTTP/1.1" 304 -
180.157.253.48 - - [30/Nov/2020:09:18:18 +0800] "GET /xingrg/javascript/pic_change.js HTTP/1.1" 304 -
180.157.253.48 - - [30/Nov/2020:09:18:18 +0800] "GET /xingrg/javascript/jquery_tools/jquery.tools.min.js HTTP/1.1" 304 -
180.157.253.48 - - [30/Nov/2020:09:18:18 +0800] "GET /xingrg/javascript/jquery_tools/jquery.tools.extend.js HTTP/1.1" 304 -
180.157.253.48 - - [30/Nov/2020:09:18:18 +0800] "GET /xingrg/javascript/jquery_tools/jquery.tools.hotkey.js HTTP/1.1" 304 -
180.157.253.48 - - [30/Nov/2020:09:18:18 +0800] "GET /xingrg/javascript/jquery_tools/jquery.tools.table.js HTTP/1.1" 304 -
180.157.253.48 - - [30/Nov/2020:09:18:18 +0800] "GET /xingrg/javascript/auto/jquery.autocomplete.js HTTP/1.1" 304 -
180.157.253.48 - - [30/Nov/2020:09:18:18 +0800] "GET /xingrg/javascript/easyui/easyloader.js HTTP/1.1" 304 -
180.157.253.48 - - [30/Nov/2020:09:18:18 +0800] "GET /xingrg/javascript/jquery.utils.js HTTP/1.1" 304 -
180.157.253.48 - - [30/Nov/2020:09:18:18 +0800] "GET /xingrg/javascript/jquery_tools/order_manager.js HTTP/1.1" 304 -
180.157.253.48 - - [30/Nov/2020:09:18:18 +0800] "GET /xingrg/javascript/convert.js HTTP/1.1" 304 -
180.157.253.48 - - [30/Nov/2020:09:18:18 +0800] "GET /xingrg/javascript/jquery_tools/table.css HTTP/1.1" 304 -
180.157.253.48 - - [30/Nov/2020:09:18:18 +0800] "GET /xingrg/javascript/json2.js HTTP/1.1" 304 -
180.157.253.48 - - [30/Nov/2020:09:18:18 +0800] "GET /xingrg/javascript/print/LodopFuncs.js HTTP/1.1" 304 -
180.157.253.48 - - [30/Nov/2020:09:18:18 +0800] "GET /xingrg/javascript/print/kc_print.js HTTP/1.1" 304 -
180.157.253.48 - - [30/Nov/2020:09:18:18 +0800] "GET /xingrg/javascript/easyui/themes/icon.css HTTP/1.1" 304 -
180.157.253.48 - - [30/Nov/2020:09:18:18 +0800] "GET /xingrg/javascript/auto/jquery.autocomplete.css HTTP/1.1" 304 -
180.157.253.48 - - [30/Nov/2020:09:18:18 +0800] "GET /xingrg/javascript/jquery.cookie.js HTTP/1.1" 304 -
180.157.253.48 - - [30/Nov/2020:09:18:18 +0800] "GET /xingrg/kc/buy/cgsh_order_info.html?code=212020113011804 HTTP/1.1" 200 60818
101.85.93.83 - - [30/Nov/2020:09:18:18 +0800] "GET /favicon.ico HTTP/1.1" 404 -
180.157.253.48 - - [30/Nov/2020:09:18:18 +0800] "GET /xingrg/words/20201127160732_words.js HTTP/1.1" 304 -
101.85.93.83 - - [30/Nov/2020:09:18:18 +0800] "GET /xingrg/javascript/jquery_easy_ui/themes/icons/settle_new.png HTTP/1.1" 200 826
101.85.93.83 - - [30/Nov/2020:09:18:18 +0800] "GET /xingrg/images/blue/navBackgound.jpg HTTP/1.1" 200 12378
180.157.253.48 - - [30/Nov/2020:09:18:18 +0800] "GET /xingrg/javascript/easyui/themes/icons/template_new.png HTTP/1.1" 304 -
180.157.253.48 - - [30/Nov/2020:09:18:18 +0800] "GET /xingrg/javascript/easyui/themes/icons/copy_new.png HTTP/1.1" 304 -
180.157.253.48 - - [30/Nov/2020:09:18:18 +0800] "GET /xingrg/javascript/easyui/themes/icons/ok.png HTTP/1.1" 304 -
180.157.253.48 - - [30/Nov/2020:09:18:18 +0800] "GET /xingrg/javascript/easyui/themes/icons/print.png HTTP/1.1" 304 -
180.157.253.48 - - [30/Nov/2020:09:18:18 +0800] "GET /xingrg/javascript/easyui/themes/icons/cancel.png HTTP/1.1" 304 -
180.157.253.48 - - [30/Nov/2020:09:18:18 +0800] "GET /xingrg/javascript/easyui/themes/default/images/menu_downarrow.png HTTP/1.1" 304 -
180.157.253.48 - - [30/Nov/2020:09:18:18 +0800] "GET /xingrg/javascript/easyui/plugins/jquery.parser.js HTTP/1.1" 304 -
101.85.93.83 - - [30/Nov/2020:09:18:18 +0800] "POST /xingrg/all/common/load_tree.html?tree=area_rest_tree_json&manage=1 HTTP/1.1" 200 351
180.157.253.48 - - [30/Nov/2020:09:18:18 +0800] "GET /xingrg/all/common/auto_word.html?type=employee&rest_code=00148 HTTP/1.1" 200 197
180.157.253.48 - - [30/Nov/2020:09:18:18 +0800] "GET /xingrg/all/common/auto_word.html?type=employee&rest_code=00148 HTTP/1.1" 200 197
101.85.93.83 - - [30/Nov/2020:09:18:18 +0800] "GET /xingrg/all/function/internal_message.html?_=1606698822576&CODE_STATE=count HTTP/1.1" 200 11
101.85.93.83 - - [30/Nov/2020:09:18:18 +0800] "GET /xingrg/check_reg.html?_=1606698822577 HTTP/1.1" 200 22
101.85.93.83 - - [30/Nov/2020:09:18:18 +0800] "GET /xingrg/images/blue/pingpu.png HTTP/1.1" 200 231
101.85.93.83 - - [30/Nov/2020:09:18:18 +0800] "GET /xingrg/javascript/jquery_easy_ui/themes/default/images/tabs_leftarrow.png HTTP/1.1" 200 389
101.85.93.83 - - [30/Nov/2020:09:18:18 +0800] "GET /xingrg/javascript/jquery_easy_ui/themes/default/images/tabs_rightarrow.png HTTP/1.1" 200 395
101.85.93.83 - - [30/Nov/2020:09:18:18 +0800] "GET /xingrg/javascript/jquery_easy_ui/themes/default/images/panel_tool_collapse.gif HTTP/1.1" 200 246
180.157.253.48 - - [30/Nov/2020:09:18:18 +0800] "GET /xingrg/javascript/easyui/themes/default/validatebox.css HTTP/1.1" 404 1104
180.157.253.48 - - [30/Nov/2020:09:18:18 +0800] "GET /xingrg/javascript/easyui/plugins/jquery.validatebox.js HTTP/1.1" 304 -
101.85.93.83 - - [30/Nov/2020:09:18:18 +0800] "POST /xingrg/load_menu.html HTTP/1.1" 200 5138
