101.85.228.137 - - [30/Nov/2020:09:25:40 +0800] "GET /xingrg/javascript/easyui/themes/default/validatebox.css HTTP/1.1" 404 1104
101.85.228.137 - - [30/Nov/2020:09:25:40 +0800] "POST /xingrg/kc/buy/cgsh_order_operate.html HTTP/1.1" 200 2373
101.85.228.137 - - [30/Nov/2020:09:25:41 +0800] "GET /xingrg/kc/print/load_data.html?order_code=212020113011815&kc_code=cgsh&condition= HTTP/1.1" 200 1372
180.162.223.42 - - [30/Nov/2020:09:25:43 +0800] "GET /xingrg/all/function/internal_message.html?_=1606699524935&CODE_STATE=getMsg HTTP/1.1" 200 27
101.85.228.137 - - [30/Nov/2020:09:25:44 +0800] "GET /xingrg/all/function/internal_message.html?_=1606699772269&CODE_STATE=getMsg HTTP/1.1" 200 27
180.174.56.115 - - [30/Nov/2020:09:25:45 +0800] "GET /xingrg/check_reg.html?_=1606699546440 HTTP/1.1" 200 22
180.174.56.115 - - [30/Nov/2020:09:25:45 +0800] "GET /xingrg/all/function/internal_message.html?_=1606699546548&CODE_STATE=getMsg HTTP/1.1" 200 27
116.228.172.94 - - [30/Nov/2020:09:25:47 +0800] "GET /xingrg/kc/base/wldb_order_operate.html?command=get_materiel&rest_code=00107&base_code=0010152&code=00102002511 HTTP/1.1" 200 432
114.84.37.38 - - [30/Nov/2020:09:25:51 +0800] "GET /xingrg/javascript/pic_change.js HTTP/1.1" 304 -
114.84.37.38 - - [30/Nov/2020:09:25:51 +0800] "GET /xingrg/javascript/convert.js HTTP/1.1" 304 -
114.84.37.38 - - [30/Nov/2020:09:25:51 +0800] "GET /xingrg/javascript/print/kc_print.js HTTP/1.1" 304 -
114.84.37.38 - - [30/Nov/2020:09:25:51 +0800] "GET /xingrg/javascript/jquery_tools/order_manager.js HTTP/1.1" 304 -
114.84.37.38 - - [30/Nov/2020:09:25:51 +0800] "GET /xingrg/javascript/json2.js HTTP/1.1" 304 -
114.84.37.38 - - [30/Nov/2020:09:25:51 +0800] "GET /xingrg/kc/buy/cgsh_order_add.html HTTP/1.1" 200 60813
114.84.37.38 - - [30/Nov/2020:09:25:51 +0800] "GET /xingrg/words/20201127160732_words.js HTTP/1.1" 304 -
180.174.56.115 - - [30/Nov/2020:09:25:51 +0800] "POST /xingrg/kc/buy/cgsh_order_operate.html HTTP/1.1" 200 37
114.84.37.38 - - [30/Nov/2020:09:25:51 +0800] "POST /xingrg/kc/buy/cgsh_order_operate.html HTTP/1.1" 200 8245
114.84.37.38 - - [30/Nov/2020:09:25:51 +0800] "GET /xingrg/all/common/auto_word.html?type=employee&rest_code=00146 HTTP/1.1" 200 147
114.84.37.38 - - [30/Nov/2020:09:25:51 +0800] "GET /xingrg/all/common/auto_word.html?type=employee&rest_code=00146 HTTP/1.1" 200 147
114.84.37.38 - - [30/Nov/2020:09:25:51 +0800] "GET /xingrg/javascript/easyui/themes/default/validatebox.css HTTP/1.1" 404 1104
114.84.37.38 - - [30/Nov/2020:09:25:51 +0800] "GET /xingrg/javascript/easyui/plugins/jquery.validatebox.js HTTP/1.1" 304 -
114.84.37.38 - - [30/Nov/2020:09:25:51 +0800] "GET /xingrg/javascript/easyui/plugins/jquery.numberbox.js HTTP/1.1" 304 -
120.253.135.82 - - [30/Nov/2020:09:25:51 +0800] "GET /xingrg/all/function/internal_message.html?_=1606699666658&CODE_STATE=getMsg HTTP/1.1" 200 27
172.17.0.102 - - [30/Nov/2020:09:25:51 +0800] "GET /xingrg/all/function/internal_message.html?_=1606699551644&CODE_STATE=getMsg HTTP/1.1" 200 27
114.88.175.227 - - [30/Nov/2020:09:25:51 +0800] "GET /xingrg/all/function/internal_message.html?_=1606699672570&CODE_STATE=getMsg HTTP/1.1" 200 27
116.228.172.94 - - [30/Nov/2020:09:25:52 +0800] "POST /xingrg/kc/base/wldb_order_operate.html HTTP/1.1" 200 37
116.228.172.94 - - [30/Nov/2020:09:25:52 +0800] "POST /xingrg/kc/base/wldb_order_operate.html HTTP/1.1" 200 5032
116.228.172.94 - - [30/Nov/2020:09:25:53 +0800] "GET /xingrg/kc/base/wldb_order_info.html?code=422020113003455 HTTP/1.1" 200 30603
180.174.56.115 - - [30/Nov/2020:09:25:53 +0800] "GET /xingrg/all/function/internal_message.html?_=1606699527346&CODE_STATE=getMsg HTTP/1.1" 200 27
180.174.56.115 - - [30/Nov/2020:09:25:53 +0800] "POST /xingrg/kc/buy/cgsh_order_operate.html HTTP/1.1" 200 12
101.85.228.137 - - [30/Nov/2020:09:25:54 +0800] "POST /xingrg/kc/buy/cgsh_list_operate.html HTTP/1.1" 200 5762
116.228.172.94 - - [30/Nov/2020:09:25:54 +0800] "GET /xingrg/javascript/easyui/themes/default/validatebox.css HTTP/1.1" 404 1104
116.228.172.94 - - [30/Nov/2020:09:25:54 +0800] "POST /xingrg/kc/base/wldb_order_operate.html HTTP/1.1" 200 5032
180.174.56.115 - - [30/Nov/2020:09:25:55 +0800] "GET /xingrg/kc/buy/cgsh_order_info.html?code=212020113011816 HTTP/1.1" 200 55342
180.174.56.115 - - [30/Nov/2020:09:25:56 +0800] "GET /xingrg/javascript/easyui/themes/default/validatebox.css HTTP/1.1" 404 1104
116.228.172.94 - - [30/Nov/2020:09:25:56 +0800] "GET /xingrg/kc/base/wldb_order_add.html HTTP/1.1" 200 30589
180.174.56.115 - - [30/Nov/2020:09:25:56 +0800] "POST /xingrg/kc/buy/cgsh_order_operate.html HTTP/1.1" 200 7179
116.228.172.94 - - [30/Nov/2020:09:25:57 +0800] "GET /xingrg/javascript/easyui/themes/default/validatebox.css HTTP/1.1" 404 1104
116.228.172.94 - - [30/Nov/2020:09:25:57 +0800] "POST /xingrg/kc/base/wldb_order_operate.html HTTP/1.1" 200 6806
116.228.172.94 - - [30/Nov/2020:09:25:58 +0800] "POST /xingrg/all/common/load_combo.html?type=base HTTP/1.1" 200 3324
116.228.172.94 - - [30/Nov/2020:09:25:59 +0800] "POST /xingrg/all/common/load_combo.html?type=base HTTP/1.1" 200 3324
114.84.37.38 - - [30/Nov/2020:09:26:03 +0800] "GET /xingrg/javascript/jquery_tools/images/prev.gif HTTP/1.1" 404 1086
114.84.37.38 - - [30/Nov/2020:09:26:03 +0800] "GET /xingrg/javascript/jquery_tools/images/next.gif HTTP/1.1" 404 1086
116.228.172.94 - - [30/Nov/2020:09:26:09 +0800] "GET /xingrg/kc/base/wldb_order_operate.html?command=get_materiel&rest_code=00107&base_code=0010152&code=00102001046 HTTP/1.1" 200 440
114.84.37.38 - - [30/Nov/2020:09:26:09 +0800] "GET /xingrg/check_reg.html?_=1606699571691 HTTP/1.1" 302 -
114.84.37.38 - - [30/Nov/2020:09:26:11 +0800] "GET /xingrg/kc/buy/cgsh_order_operate.html?command=get_materiel&rest_code=00146&code=00101008210&supplier_code=00100005&order_time=2020-11-30 HTTP/1.1" 200 408
180.157.253.48 - - [30/Nov/2020:09:26:14 +0800] "GET /xingrg/check_reg.html?_=1606699573966 HTTP/1.1" 200 22
180.157.253.48 - - [30/Nov/2020:09:26:14 +0800] "GET /xingrg/all/function/internal_message.html?_=1606699574115&CODE_STATE=getMsg HTTP/1.1" 200 27
116.228.172.94 - - [30/Nov/2020:09:26:17 +0800] "GET /xingrg/all/function/internal_message.html?_=1606699580121&CODE_STATE=getMsg HTTP/1.1" 200 27
180.162.223.42 - - [30/Nov/2020:09:26:18 +0800] "GET /xingrg/all/function/internal_message.html?_=1606699580455&CODE_STATE=getMsg HTTP/1.1" 200 27
101.85.93.83 - - [30/Nov/2020:09:26:18 +0800] "GET /xingrg/all/function/internal_message.html?_=1606699302587&CODE_STATE=getMsg HTTP/1.1" 200 27
180.174.56.115 - - [30/Nov/2020:09:26:21 +0800] "GET /xingrg/kc/print/load_data.html?order_code=212020113011816&kc_code=cgsh&condition= HTTP/1.1" 200 3222
180.157.253.48 - - [30/Nov/2020:09:26:22 +0800] "GET /xingrg/kc/buy/cgsh_order_operate.html?command=get_materiel&rest_code=00148&code=00101008323&supplier_code=00100007&order_time=2020-11-30 HTTP/1.1" 200 408
117.131.5.26 - - [30/Nov/2020:09:26:24 +0800] "GET /xingrg/all/function/internal_message.html?_=1606699620606&CODE_STATE=getMsg HTTP/1.1" 200 27
114.84.37.38 - - [30/Nov/2020:09:26:25 +0800] "GET /xingrg/kc/buy/cgsh_order_operate.html?command=get_materiel&rest_code=00146&code=00101008207&supplier_code=00100005&order_time=2020-11-30 HTTP/1.1" 200 408
180.157.253.48 - - [30/Nov/2020:09:26:26 +0800] "POST /xingrg/kc/buy/cgsh_order_operate.html HTTP/1.1" 200 2065
172.17.0.185 - - [30/Nov/2020:09:26:29 +0800] "GET /xingrg/all/function/internal_message.html?_=1606699588968&CODE_STATE=getMsg HTTP/1.1" 200 27
180.174.56.115 - - [30/Nov/2020:09:26:29 +0800] "POST /xingrg/all/user/operate.html HTTP/1.1" 200 36
180.174.56.115 - - [30/Nov/2020:09:26:30 +0800] "GET /xingrg/index.html?sysBaseUrl=http%3A%2F%2F180.169.147.146%3A18081%2Fxingrg%2F&costTime=42×tamp=1606618141965 HTTP/1.1" 200 17179
180.174.56.115 - - [30/Nov/2020:09:26:30 +0800] "GET /xingrg/javascript/jquery_easy_ui/themes/default/easyui.css HTTP/1.1" 304 -
180.174.56.115 - - [30/Nov/2020:09:26:30 +0800] "GET /xingrg/javascript/jquery_easy_ui/themes/icon.css HTTP/1.1" 304 -
180.174.56.115 - - [30/Nov/2020:09:26:30 +0800] "GET /xingrg/css/form.css HTTP/1.1" 304 -
180.174.56.115 - - [30/Nov/2020:09:26:30 +0800] "GET /xingrg/javascript/jquery-1.4.2.min.js HTTP/1.1" 304 -
180.174.56.115 - - [30/Nov/2020:09:26:30 +0800] "GET /xingrg/javascript/jquery_easy_ui/jquery.easyui.min.js HTTP/1.1" 304 -
180.174.56.115 - - [30/Nov/2020:09:26:30 +0800] "GET /xingrg/javascript/jquery_easy_ui/easyui-lang-zh_CN.js HTTP/1.1" 304 -
180.174.56.115 - - [30/Nov/2020:09:26:30 +0800] "GET /xingrg/javascript/jquery.form.js HTTP/1.1" 304 -
180.174.56.115 - - [30/Nov/2020:09:26:30 +0800] "GET /xingrg/javascript/jquery.utils.js HTTP/1.1" 304 -
180.174.56.115 - - [30/Nov/2020:09:26:30 +0800] "GET /xingrg/javascript/jquery.timers.js HTTP/1.1" 304 -
180.174.56.115 - - [30/Nov/2020:09:26:30 +0800] "GET /xingrg/images/blue/jxLogo.png HTTP/1.1" 304 -
180.174.56.115 - - [30/Nov/2020:09:26:30 +0800] "GET /xingrg/javascript/jquery_easy_ui/themes/icons/settle_new.png HTTP/1.1" 304 -
180.174.56.115 - - [30/Nov/2020:09:26:30 +0800] "GET /xingrg/images/blue/navBackgound.jpg HTTP/1.1" 304 -
180.174.56.115 - - [30/Nov/2020:09:26:30 +0800] "POST /xingrg/all/common/load_tree.html?tree=area_rest_tree_json&manage=1 HTTP/1.1" 200 476
180.174.56.115 - - [30/Nov/2020:09:26:30 +0800] "GET /xingrg/all/function/internal_message.html?_=1606699591111&CODE_STATE=count HTTP/1.1" 200 11
180.174.56.115 - - [30/Nov/2020:09:26:30 +0800] "GET /xingrg/check_reg.html?_=1606699591112 HTTP/1.1" 200 22
180.174.56.115 - - [30/Nov/2020:09:26:30 +0800] "GET /xingrg/javascript/jquery_easy_ui/themes/default/images/tabs_leftarrow.png HTTP/1.1" 304 -
180.174.56.115 - - [30/Nov/2020:09:26:30 +0800] "GET /xingrg/javascript/jquery_easy_ui/themes/default/images/tabs_rightarrow.png HTTP/1.1" 304 -
180.174.56.115 - - [30/Nov/2020:09:26:30 +0800] "GET /xingrg/images/blue/pingpu.png HTTP/1.1" 304 -
180.174.56.115 - - [30/Nov/2020:09:26:30 +0800] "GET /xingrg/javascript/jquery_easy_ui/themes/default/images/panel_tool_collapse.gif HTTP/1.1" 304 -
180.174.56.115 - - [30/Nov/2020:09:26:30 +0800] "POST /xingrg/load_menu.html HTTP/1.1" 200 5138
116.232.52.15 - - [30/Nov/2020:09:26:32 +0800] "GET /xingrg/all/function/internal_message.html?_=1606699593833&CODE_STATE=getMsg HTTP/1.1" 200 27
116.232.52.15 - - [30/Nov/2020:09:26:32 +0800] "GET /xingrg/check_reg.html?_=1606699593834 HTTP/1.1" 200 22
180.174.56.115 - - [30/Nov/2020:09:26:33 +0800] "GET /xingrg/kc/buy/cgsh_order_list.html HTTP/1.1" 200 45075
117.184.7.26 - - [30/Nov/2020:09:26:34 +0800] "GET /xingrg/all/function/internal_message.html?_=1606699592121&CODE_STATE=getMsg HTTP/1.1" 200 27
180.174.56.115 - - [30/Nov/2020:09:26:35 +0800] "POST /xingrg/kc/buy/cgsh_list_operate.html HTTP/1.1" 200 1690
180.157.253.48 - - [30/Nov/2020:09:26:36 +0800] "GET /xingrg/kc/buy/cgsh_order_operate.html?command=get_materiel&rest_code=00148&code=00101008323&supplier_code=00100007&order_time=2020-11-30 HTTP/1.1" 200 408
180.174.56.115 - - [30/Nov/2020:09:26:36 +0800] "GET /xingrg/kc/buy/cgsh_order_add.html HTTP/1.1" 200 60731
114.84.37.38 - - [30/Nov/2020:09:26:36 +0800] "GET /xingrg/kc/buy/cgsh_order_operate.html?command=get_materiel&rest_code=00146&code=00101008017&supplier_code=00100005&order_time=2020-11-30 HTTP/1.1" 200 416
180.174.56.115 - - [30/Nov/2020:09:26:36 +0800] "POST /xingrg/kc/buy/cgsh_order_operate.html HTTP/1.1" 200 8245
180.174.56.115 - - [30/Nov/2020:09:26:36 +0800] "GET /xingrg/javascript/easyui/themes/default/validatebox.css HTTP/1.1" 404 1104
180.174.56.115 - - [30/Nov/2020:09:26:37 +0800] "GET /xingrg/javascript/auto/indicator.gif HTTP/1.1" 404 1066
116.228.172.94 - - [30/Nov/2020:09:26:37 +0800] "GET /xingrg/kc/base/wldb_order_operate.html?command=get_materiel&rest_code=00107&base_code=0010152&code=00102001111 HTTP/1.1" 200 440
222.69.137.175 - - [30/Nov/2020:09:26:39 +0800] "GET /xingrg/all/function/internal_message.html?_=1606699599048&CODE_STATE=getMsg HTTP/1.1" 200 27
180.162.223.42 - - [30/Nov/2020:09:26:43 +0800] "GET /xingrg/all/function/internal_message.html?_=1606699584936&CODE_STATE=getMsg HTTP/1.1" 200 27
101.85.228.137 - - [30/Nov/2020:09:26:44 +0800] "GET /xingrg/all/function/internal_message.html?_=1606699832484&CODE_STATE=getMsg HTTP/1.1" 200 27
180.157.253.48 - - [30/Nov/2020:09:26:44 +0800] "GET /xingrg/kc/buy/cgsh_order_operate.html?command=get_materiel&rest_code=00148&code=00101008302&supplier_code=00100007&order_time=2020-11-30 HTTP/1.1" 200 412
114.84.37.38 - - [30/Nov/2020:09:26:49 +0800] "GET /xingrg/kc/buy/cgsh_order_operate.html?command=get_materiel&rest_code=00146&code=00101008087&supplier_code=00100005&order_time=2020-11-30 HTTP/1.1" 200 412
180.157.253.48 - - [30/Nov/2020:09:26:51 +0800] "GET /xingrg/kc/buy/cgsh_order_operate.html?command=get_materiel&rest_code=00148&code=00101008027&supplier_code=00100007&order_time=2020-11-30 HTTP/1.1" 200 408
120.253.135.82 - - [30/Nov/2020:09:26:51 +0800] "GET /xingrg/all/function/internal_message.html?_=1606699726696&CODE_STATE=getMsg HTTP/1.1" 200 27
172.17.0.102 - - [30/Nov/2020:09:26:51 +0800] "GET /xingrg/all/function/internal_message.html?_=1606699611628&CODE_STATE=getMsg HTTP/1.1" 200 27
114.88.175.227 - - [30/Nov/2020:09:26:51 +0800] "GET /xingrg/all/function/internal_message.html?_=1606699732537&CODE_STATE=getMsg HTTP/1.1" 200 27
180.174.56.115 - - [30/Nov/2020:09:26:52 +0800] "GET /xingrg/kc/buy/cgsh_order_operate.html?command=get_materiel&rest_code=00150&code=00101006112&supplier_code=00100096&order_time=2020-11-30 HTTP/1.1" 200 409
116.228.172.94 - - [30/Nov/2020:09:26:53 +0800] "GET /xingrg/kc/base/wldb_order_operate.html?command=get_materiel&rest_code=00107&base_code=0010152&code=00102002497 HTTP/1.1" 200 442
180.174.56.115 - - [30/Nov/2020:09:26:53 +0800] "GET /xingrg/all/function/internal_message.html?_=1606699587375&CODE_STATE=getMsg HTTP/1.1" 200 27
180.157.253.48 - - [30/Nov/2020:09:26:56 +0800] "GET /xingrg/kc/buy/cgsh_order_operate.html?command=get_materiel&rest_code=00148&code=00101008257&supplier_code=00100007&order_time=2020-11-30 HTTP/1.1" 200 416
116.228.172.94 - - [30/Nov/2020:09:26:57 +0800] "POST /xingrg/kc/base/wldb_order_operate.html HTTP/1.1" 200 37
116.228.172.94 - - [30/Nov/2020:09:26:57 +0800] "POST /xingrg/kc/base/wldb_order_operate.html HTTP/1.1" 200 4557
116.228.172.94 - - [30/Nov/2020:09:26:58 +0800] "GET /xingrg/kc/base/wldb_order_info.html?code=422020113003456 HTTP/1.1" 200 30603
116.228.172.94 - - [30/Nov/2020:09:27:00 +0800] "GET /xingrg/javascript/easyui/themes/default/validatebox.css HTTP/1.1" 404 1104
116.228.172.94 - - [30/Nov/2020:09:27:00 +0800] "POST /xingrg/kc/base/wldb_order_operate.html HTTP/1.1" 200 4557
180.157.253.48 - - [30/Nov/2020:09:27:01 +0800] "GET /xingrg/kc/buy/cgsh_order_operate.html?command=get_materiel&rest_code=00148&code=00101008186&supplier_code=00100007&order_time=2020-11-30 HTTP/1.1" 200 408
114.84.37.38 - - [30/Nov/2020:09:27:02 +0800] "GET /xingrg/kc/buy/cgsh_order_operate.html?command=get_materiel&rest_code=00146&code=00101008067&supplier_code=00100005&order_time=2020-11-30 HTTP/1.1" 200 416
180.157.253.48 - - [30/Nov/2020:09:27:03 +0800] "POST /xingrg/kc/buy/cgsh_order_operate.html HTTP/1.1" 200 2065
117.185.32.26 - - [30/Nov/2020:09:27:03 +0800] "GET /xingrg/login.html HTTP/1.1" 200 7641
180.157.253.48 - - [30/Nov/2020:09:27:08 +0800] "GET /xingrg/kc/buy/cgsh_order_operate.html?command=get_materiel&rest_code=00148&code=00101008361&supplier_code=00100007&order_time=2020-11-30 HTTP/1.1" 200 408
180.157.253.48 - - [30/Nov/2020:09:27:12 +0800] "GET /xingrg/kc/buy/cgsh_order_operate.html?command=get_materiel&rest_code=00148&code=00101008355&supplier_code=00100007&order_time=2020-11-30 HTTP/1.1" 200 408
180.174.56.115 - - [30/Nov/2020:09:27:13 +0800] "GET /xingrg/kc/buy/cgsh_order_list.html HTTP/1.1" 200 45075
180.157.253.48 - - [30/Nov/2020:09:27:14 +0800] "GET /xingrg/all/function/internal_message.html?_=1606699634129&CODE_STATE=getMsg HTTP/1.1" 200 27
114.84.37.38 - - [30/Nov/2020:09:27:14 +0800] "GET /xingrg/kc/buy/cgsh_order_operate.html?command=get_materiel&rest_code=00146&code=00101008321&supplier_code=00100005&order_time=2020-11-30 HTTP/1.1" 200 412
180.174.56.115 - - [30/Nov/2020:09:27:15 +0800] "POST /xingrg/kc/buy/cgsh_list_operate.html HTTP/1.1" 200 1690
117.185.32.26 - - [30/Nov/2020:09:27:16 +0800] "GET /favicon.ico HTTP/1.1" 404 -
180.174.56.115 - - [30/Nov/2020:09:27:16 +0800] "GET /xingrg/kc/buy/cgsh_order_add.html HTTP/1.1" 200 60731
180.174.56.115 - - [30/Nov/2020:09:27:16 +0800] "POST /xingrg/kc/buy/cgsh_order_operate.html HTTP/1.1" 200 8245
180.174.56.115 - - [30/Nov/2020:09:27:16 +0800] "GET /xingrg/javascript/easyui/themes/default/validatebox.css HTTP/1.1" 404 1104
116.228.172.94 - - [30/Nov/2020:09:27:17 +0800] "GET /xingrg/all/function/internal_message.html?_=1606699640112&CODE_STATE=getMsg HTTP/1.1" 200 27
180.157.253.48 - - [30/Nov/2020:09:27:18 +0800] "GET /xingrg/kc/buy/cgsh_order_operate.html?command=get_materiel&rest_code=00148&code=00101008251&supplier_code=00100007&order_time=2020-11-30 HTTP/1.1" 200 408
180.162.223.42 - - [30/Nov/2020:09:27:18 +0800] "GET /xingrg/all/function/internal_message.html?_=1606699640455&CODE_STATE=getMsg HTTP/1.1" 200 27
101.85.93.83 - - [30/Nov/2020:09:27:18 +0800] "GET /xingrg/all/function/internal_message.html?_=1606699362586&CODE_STATE=getMsg HTTP/1.1" 200 27
117.185.32.26 - - [30/Nov/2020:09:27:20 +0800] "POST /xingrg/login.do HTTP/1.1" 302 -
117.185.32.26 - - [30/Nov/2020:09:27:20 +0800] "GET /xingrg/index.html?sysBaseUrl=http%3A%2F%2F180.169.147.146%3A18081%2Fxingrg%2F&costTime=39×tamp=1606699640229 HTTP/1.1" 200 17173
180.174.56.115 - - [30/Nov/2020:09:27:21 +0800] "GET /xingrg/kc/buy/cgsh_order_operate.html?command=get_materiel&rest_code=00150&code=00101009015&supplier_code=&order_time=2020-11-30 HTTP/1.1" 200 416
117.185.32.26 - - [30/Nov/2020:09:27:22 +0800] "POST /xingrg/all/common/load_tree.html?tree=area_rest_tree_json&manage=1 HTTP/1.1" 200 342
180.174.56.115 - - [30/Nov/2020:09:27:22 +0800] "GET /xingrg/kc/buy/cgsh_order_list.html HTTP/1.1" 200 45075
117.185.32.26 - - [30/Nov/2020:09:27:22 +0800] "GET /xingrg/check_reg.html?_=1606699633872 HTTP/1.1" 200 22
117.185.32.26 - - [30/Nov/2020:09:27:22 +0800] "GET /xingrg/all/function/internal_message.html?_=1606699633871&CODE_STATE=count HTTP/1.1" 200 11
117.185.32.26 - - [30/Nov/2020:09:27:22 +0800] "GET /favicon.ico HTTP/1.1" 404 -
117.185.32.26 - - [30/Nov/2020:09:27:22 +0800] "POST /xingrg/load_menu.html HTTP/1.1" 200 5138
180.174.56.115 - - [30/Nov/2020:09:27:24 +0800] "POST /xingrg/kc/buy/cgsh_list_operate.html HTTP/1.1" 200 1690
117.131.5.26 - - [30/Nov/2020:09:27:24 +0800] "GET /xingrg/all/function/internal_message.html?_=1606699680605&CODE_STATE=getMsg HTTP/1.1" 200 27
180.157.253.48 - - [30/Nov/2020:09:27:26 +0800] "GET /xingrg/kc/buy/cgsh_order_operate.html?command=get_materiel&rest_code=00148&code=00101008286&supplier_code=00100007&order_time=2020-11-30 HTTP/1.1" 200 408
172.17.0.185 - - [30/Nov/2020:09:27:29 +0800] "GET /xingrg/all/function/internal_message.html?_=1606699648973&CODE_STATE=getMsg HTTP/1.1" 200 27
180.174.56.115 - - [30/Nov/2020:09:27:30 +0800] "GET /xingrg/all/function/internal_message.html?_=1606699651124&CODE_STATE=getMsg HTTP/1.1" 200 27
180.157.253.48 - - [30/Nov/2020:09:27:31 +0800] "GET /xingrg/kc/buy/cgsh_order_operate.html?command=get_materiel&rest_code=00148&code=00101008131&supplier_code=00100007&order_time=2020-11-30 HTTP/1.1" 200 408
180.174.56.115 - - [30/Nov/2020:09:27:32 +0800] "POST /xingrg/kc/buy/cgsh_list_operate.html HTTP/1.1" 200 1690
116.232.52.15 - - [30/Nov/2020:09:27:32 +0800] "GET /xingrg/all/function/internal_message.html?_=1606699653835&CODE_STATE=getMsg HTTP/1.1" 200 27
116.228.172.94 - - [30/Nov/2020:09:27:32 +0800] "POST /xingrg/kc/base/wldb_order_operate.html HTTP/1.1" 200 37
180.174.56.115 - - [30/Nov/2020:09:27:32 +0800] "GET /xingrg/kc/buy/cgsh_order_add.html HTTP/1.1" 200 60731
116.228.172.94 - - [30/Nov/2020:09:27:32 +0800] "POST /xingrg/kc/base/wldb_order_operate.html HTTP/1.1" 200 4557
116.228.172.94 - - [30/Nov/2020:09:27:33 +0800] "GET /xingrg/kc/base/wldb_order_info.html?code=422020113003456 HTTP/1.1" 200 30603
180.174.56.115 - - [30/Nov/2020:09:27:33 +0800] "GET /xingrg/javascript/easyui/themes/default/validatebox.css HTTP/1.1" 404 1104
180.157.253.48 - - [30/Nov/2020:09:27:33 +0800] "POST /xingrg/kc/buy/cgsh_order_operate.html HTTP/1.1" 200 2065
180.174.56.115 - - [30/Nov/2020:09:27:33 +0800] "POST /xingrg/kc/buy/cgsh_order_operate.html HTTP/1.1" 200 8245
117.184.7.26 - - [30/Nov/2020:09:27:34 +0800] "GET /xingrg/all/function/internal_message.html?_=1606699652107&CODE_STATE=getMsg HTTP/1.1" 200 27
116.228.172.94 - - [30/Nov/2020:09:27:34 +0800] "GET /xingrg/javascript/easyui/themes/default/validatebox.css HTTP/1.1" 404 1104
116.228.172.94 - - [30/Nov/2020:09:27:34 +0800] "POST /xingrg/kc/base/wldb_order_operate.html HTTP/1.1" 200 4557
222.69.137.175 - - [30/Nov/2020:09:27:39 +0800] "GET /xingrg/check_reg.html?_=1606699658773 HTTP/1.1" 200 22
222.69.137.175 - - [30/Nov/2020:09:27:39 +0800] "GET /xingrg/all/function/internal_message.html?_=1606699659025&CODE_STATE=getMsg HTTP/1.1" 200 27
117.185.32.26 - - [30/Nov/2020:09:27:41 +0800] "GET /xingrg/kc/buy/buy_main.html HTTP/1.1" 200 12412
117.185.32.26 - - [30/Nov/2020:09:27:41 +0800] "GET /xingrg/css/new_ie.css HTTP/1.1" 404 1036
114.84.37.38 - - [30/Nov/2020:09:27:41 +0800] "GET /xingrg/kc/buy/cgsh_order_operate.html?command=get_materiel&rest_code=00146&code=00101008212&supplier_code=00100005&order_time=2020-11-30 HTTP/1.1" 200 412
180.162.223.42 - - [30/Nov/2020:09:27:43 +0800] "GET /xingrg/all/function/internal_message.html?_=1606699644936&CODE_STATE=getMsg HTTP/1.1" 200 27
101.85.228.137 - - [30/Nov/2020:09:27:44 +0800] "GET /xingrg/all/function/internal_message.html?_=1606699892498&CODE_STATE=getMsg HTTP/1.1" 200 27
117.184.7.26 - - [30/Nov/2020:09:27:45 +0800] "GET /xingrg/check_reg.html?_=1606699663616 HTTP/1.1" 200 22
116.228.172.94 - - [30/Nov/2020:09:27:45 +0800] "GET /xingrg/kc/base/wlsy_order_list.html?syType=0 HTTP/1.1" 200 17544
180.157.253.48 - - [30/Nov/2020:09:27:45 +0800] "GET /xingrg/kc/buy/cgsh_order_operate.html?command=get_materiel&rest_code=00148&code=00101008296&supplier_code=00100007&order_time=2020-11-30 HTTP/1.1" 200 416
116.228.172.94 - - [30/Nov/2020:09:27:46 +0800] "POST /xingrg/kc/base/wlsy_list_operate.html?syType=0 HTTP/1.1" 200 862
116.228.172.94 - - [30/Nov/2020:09:27:47 +0800] "GET /xingrg/kc/base/wlsy_order_add.html?syType=0 HTTP/1.1" 200 28797
116.228.172.94 - - [30/Nov/2020:09:27:48 +0800] "GET /xingrg/javascript/easyui/themes/default/validatebox.css HTTP/1.1" 404 1104
116.228.172.94 - - [30/Nov/2020:09:27:48 +0800] "POST /xingrg/kc/base/wlsy_order_operate.html HTTP/1.1" 200 6806
116.228.172.94 - - [30/Nov/2020:09:27:50 +0800] "POST /xingrg/all/common/load_combo.html?type=base HTTP/1.1" 200 3324
172.17.0.102 - - [30/Nov/2020:09:27:51 +0800] "GET /xingrg/all/function/internal_message.html?_=1606699671600&CODE_STATE=getMsg HTTP/1.1" 200 27
120.253.135.82 - - [30/Nov/2020:09:27:51 +0800] "GET /xingrg/all/function/internal_message.html?_=1606699786701&CODE_STATE=getMsg HTTP/1.1" 200 27
114.88.175.227 - - [30/Nov/2020:09:27:51 +0800] "GET /xingrg/all/function/internal_message.html?_=1606699792525&CODE_STATE=getMsg HTTP/1.1" 200 27
114.88.175.227 - - [30/Nov/2020:09:27:51 +0800] "GET /xingrg/check_reg.html?_=1606699792524 HTTP/1.1" 200 22
116.228.172.94 - - [30/Nov/2020:09:27:53 +0800] "GET /xingrg/javascript/easyui/themes/default/tree.css HTTP/1.1" 404 1090
116.228.172.94 - - [30/Nov/2020:09:27:53 +0800] "POST /xingrg/all/common/load_tree.html?tree=employee_tree_json HTTP/1.1" 200 23600
180.157.253.48 - - [30/Nov/2020:09:27:53 +0800] "GET /xingrg/kc/buy/cgsh_order_operate.html?command=get_materiel&rest_code=00148&code=00101008359&supplier_code=00100007&order_time=2020-11-30 HTTP/1.1" 200 408
180.174.56.115 - - [30/Nov/2020:09:27:53 +0800] "GET /xingrg/all/function/internal_message.html?_=1606699647390&CODE_STATE=getMsg HTTP/1.1" 200 27
114.84.37.38 - - [30/Nov/2020:09:27:53 +0800] "GET /xingrg/kc/buy/cgsh_order_operate.html?command=get_materiel&rest_code=00146&code=00101008115&supplier_code=00100005&order_time=2020-11-30 HTTP/1.1" 200 412
116.228.172.94 - - [30/Nov/2020:09:27:54 +0800] "GET /xingrg/javascript/easyui/themes/icons/accept_new.png HTTP/1.1" 200 722
180.157.253.48 - - [30/Nov/2020:09:27:57 +0800] "GET /xingrg/kc/buy/cgsh_order_operate.html?command=get_materiel&rest_code=00148&code=00101008213&supplier_code=00100007&order_time=2020-11-30 HTTP/1.1" 200 412
117.185.32.26 - - [30/Nov/2020:09:28:00 +0800] "GET /xingrg/images/yd/bt.gif HTTP/1.1" 404 1040
117.185.32.26 - - [30/Nov/2020:09:28:01 +0800] "GET /xingrg/kc/buy/cgsh_order_list.html HTTP/1.1" 200 45069
114.84.37.38 - - [30/Nov/2020:09:28:03 +0800] "GET /xingrg/kc/buy/cgsh_order_operate.html?command=get_materiel&rest_code=00146&code=00101008270&supplier_code=00100005&order_time=2020-11-30 HTTP/1.1" 200 412
117.185.32.26 - - [30/Nov/2020:09:28:04 +0800] "POST /xingrg/kc/buy/cgsh_list_operate.html HTTP/1.1" 200 876
180.174.56.115 - - [30/Nov/2020:09:28:04 +0800] "GET /xingrg/kc/buy/cgsh_order_operate.html?command=get_materiel&rest_code=00150&code=00101006111&supplier_code=00100096&order_time=2020-11-30 HTTP/1.1" 200 409
114.88.175.227 - - [30/Nov/2020:09:28:07 +0800] "GET /xingrg/kc/buy/cgsh_order_list.html HTTP/1.1" 200 45069
114.88.175.227 - - [30/Nov/2020:09:28:08 +0800] "POST /xingrg/kc/buy/cgsh_list_operate.html HTTP/1.1" 200 2415
117.185.32.26 - - [30/Nov/2020:09:28:09 +0800] "GET /xingrg/kc/buy/cgsh_order_add.html HTTP/1.1" 200 60813
117.185.32.26 - - [30/Nov/2020:09:28:09 +0800] "GET /xingrg/words/20201127160732_words.js HTTP/1.1" 304 -
117.185.32.26 - - [30/Nov/2020:09:28:09 +0800] "GET /xingrg/javascript/easyui/themes/default/validatebox.css HTTP/1.1" 404 1104
117.185.32.26 - - [30/Nov/2020:09:28:09 +0800] "GET /xingrg/all/common/auto_word.html?type=employee&rest_code=00106 HTTP/1.1" 200 205
117.185.32.26 - - [30/Nov/2020:09:28:09 +0800] "GET /xingrg/all/common/auto_word.html?type=employee&rest_code=00106 HTTP/1.1" 200 205
117.185.32.26 - - [30/Nov/2020:09:28:09 +0800] "POST /xingrg/kc/buy/cgsh_order_operate.html HTTP/1.1" 200 8245
116.228.172.94 - - [30/Nov/2020:09:28:10 +0800] "GET /xingrg/kc/base/wlsy_order_operate.html?command=get_materiel&rest_code=00107&base_code=0010152&code=00102001021 HTTP/1.1" 200 416
117.185.32.26 - - [30/Nov/2020:09:28:11 +0800] "GET /xingrg/javascript/easyui/themes/default/tree.css HTTP/1.1" 404 1090
117.185.32.26 - - [30/Nov/2020:09:28:11 +0800] "POST /xingrg/all/common/load_tree.html?tree=supplier_tree_json&isDelete=1 HTTP/1.1" 200 52105
114.84.37.38 - - [30/Nov/2020:09:28:13 +0800] "GET /xingrg/kc/buy/cgsh_order_operate.html?command=get_materiel&rest_code=00146&code=00101008027&supplier_code=00100005&order_time=2020-11-30 HTTP/1.1" 200 408
180.157.253.48 - - [30/Nov/2020:09:28:14 +0800] "GET /xingrg/all/function/internal_message.html?_=1606699694142&CODE_STATE=getMsg HTTP/1.1" 200 27
116.228.172.94 - - [30/Nov/2020:09:28:17 +0800] "GET /xingrg/all/function/internal_message.html?_=1606699700089&CODE_STATE=getMsg HTTP/1.1" 200 27
180.162.223.42 - - [30/Nov/2020:09:28:18 +0800] "GET /xingrg/all/function/internal_message.html?_=1606699700457&CODE_STATE=getMsg HTTP/1.1" 200 27
101.85.93.83 - - [30/Nov/2020:09:28:18 +0800] "GET /xingrg/all/function/internal_message.html?_=1606699422591&CODE_STATE=getMsg HTTP/1.1" 200 27
101.85.93.83 - - [30/Nov/2020:09:28:18 +0800] "GET /xingrg/check_reg.html?_=1606699422588 HTTP/1.1" 200 22
116.228.172.94 - - [30/Nov/2020:09:28:19 +0800] "GET /xingrg/kc/base/wlsy_order_operate.html?command=get_materiel&rest_code=00107&base_code=0010152&code=00102001052 HTTP/1.1" 200 414
180.157.253.48 - - [30/Nov/2020:09:28:21 +0800] "GET /xingrg/kc/buy/cgsh_order_operate.html?command=get_materiel&rest_code=00148&code=00101008305&supplier_code=00100007&order_time=2020-11-30 HTTP/1.1" 200 412
117.185.32.26 - - [30/Nov/2020:09:28:22 +0800] "GET /xingrg/all/function/internal_message.html?_=1606699693879&CODE_STATE=getMsg HTTP/1.1" 200 27
117.131.5.26 - - [30/Nov/2020:09:28:24 +0800] "GET /xingrg/all/function/internal_message.html?_=1606699740630&CODE_STATE=getMsg HTTP/1.1" 200 27
117.131.5.26 - - [30/Nov/2020:09:28:24 +0800] "GET /xingrg/check_reg.html?_=1606699740630 HTTP/1.1" 200 22
117.185.32.26 - - [30/Nov/2020:09:28:25 +0800] "GET /xingrg/javascript/auto/indicator.gif HTTP/1.1" 404 1066
180.157.253.48 - - [30/Nov/2020:09:28:25 +0800] "GET /xingrg/kc/buy/cgsh_order_operate.html?command=get_materiel&rest_code=00148&code=00101008242&supplier_code=00100007&order_time=2020-11-30 HTTP/1.1" 200 408
116.228.172.94 - - [30/Nov/2020:09:28:27 +0800] "GET /xingrg/kc/base/wlsy_order_operate.html?command=get_materiel&rest_code=00107&base_code=0010152&code=00102016304 HTTP/1.1" 200 419
180.157.253.48 - - [30/Nov/2020:09:28:27 +0800] "POST /xingrg/kc/buy/cgsh_order_operate.html HTTP/1.1" 200 2065
114.84.37.38 - - [30/Nov/2020:09:28:28 +0800] "GET /xingrg/kc/buy/cgsh_order_operate.html?command=get_materiel&rest_code=00146&code=00101008349&supplier_code=00100005&order_time=2020-11-30 HTTP/1.1" 200 412
172.17.0.185 - - [30/Nov/2020:09:28:29 +0800] "GET /xingrg/all/function/internal_message.html?_=1606699708979&CODE_STATE=getMsg HTTP/1.1" 200 27
172.17.0.185 - - [30/Nov/2020:09:28:29 +0800] "GET /xingrg/check_reg.html?_=1606699708983 HTTP/1.1" 200 22
117.185.32.26 - - [30/Nov/2020:09:28:29 +0800] "GET /xingrg/kc/buy/cgsh_order_operate.html?command=get_materiel&rest_code=00106&code=00101008234&supplier_code=00100007&order_time=2020-11-30 HTTP/1.1" 200 408
180.174.56.115 - - [30/Nov/2020:09:28:30 +0800] "GET /xingrg/all/function/internal_message.html?_=1606699711126&CODE_STATE=getMsg HTTP/1.1" 200 27
116.232.52.15 - - [30/Nov/2020:09:28:32 +0800] "GET /xingrg/all/function/internal_message.html?_=1606699713840&CODE_STATE=getMsg HTTP/1.1" 200 27
180.157.253.48 - - [30/Nov/2020:09:28:33 +0800] "GET /xingrg/kc/buy/cgsh_order_operate.html?command=get_materiel&rest_code=00148&code=00101008353&supplier_code=00100007&order_time=2020-11-30 HTTP/1.1" 200 408
117.184.7.26 - - [30/Nov/2020:09:28:34 +0800] "GET /xingrg/all/function/internal_message.html?_=1606699712083&CODE_STATE=getMsg HTTP/1.1" 200 27
116.228.172.94 - - [30/Nov/2020:09:28:35 +0800] "GET /xingrg/kc/base/wlsy_order_operate.html?command=get_materiel&rest_code=00107&base_code=0010152&code=00102002465 HTTP/1.1" 200 417
222.69.137.175 - - [30/Nov/2020:09:28:39 +0800] "GET /xingrg/all/function/internal_message.html?_=1606699719007&CODE_STATE=getMsg HTTP/1.1" 200 27
114.84.37.38 - - [30/Nov/2020:09:28:41 +0800] "GET /xingrg/kc/buy/cgsh_order_operate.html?command=get_materiel&rest_code=00146&code=00101008125&supplier_code=00100005&order_time=2020-11-30 HTTP/1.1" 200 413
117.185.32.26 - - [30/Nov/2020:09:28:41 +0800] "GET /xingrg/kc/buy/cgsh_order_operate.html?command=get_materiel&rest_code=00106&code=00101008350&supplier_code=00100007&order_time=2020-11-30 HTTP/1.1" 200 408
180.157.253.48 - - [30/Nov/2020:09:28:43 +0800] "GET /xingrg/kc/buy/cgsh_order_operate.html?command=get_materiel&rest_code=00148&code=00101008098&supplier_code=00100007&order_time=2020-11-30 HTTP/1.1" 200 412
180.162.223.42 - - [30/Nov/2020:09:28:43 +0800] "GET /xingrg/check_reg.html?_=1606699704937 HTTP/1.1" 200 22
180.162.223.42 - - [30/Nov/2020:09:28:43 +0800] "GET /xingrg/all/function/internal_message.html?_=1606699704939&CODE_STATE=getMsg HTTP/1.1" 200 27
101.85.228.137 - - [30/Nov/2020:09:28:44 +0800] "GET /xingrg/all/function/internal_message.html?_=1606699952717&CODE_STATE=getMsg HTTP/1.1" 200 27
116.228.172.94 - - [30/Nov/2020:09:28:45 +0800] "GET /xingrg/kc/base/wlsy_order_operate.html?command=get_materiel&rest_code=00107&base_code=0010152&code=00102001100 HTTP/1.1" 200 425
117.185.32.26 - - [30/Nov/2020:09:28:49 +0800] "GET /xingrg/kc/buy/cgsh_order_operate.html?command=get_materiel&rest_code=00106&code=00101008312&supplier_code=00100007&order_time=2020-11-30 HTTP/1.1" 200 412
114.84.37.38 - - [30/Nov/2020:09:28:50 +0800] "GET /xingrg/kc/buy/cgsh_order_operate.html?command=get_materiel&rest_code=00146&code=00101008028&supplier_code=00100005&order_time=2020-11-30 HTTP/1.1" 200 412
172.17.0.102 - - [30/Nov/2020:09:28:51 +0800] "GET /xingrg/all/function/internal_message.html?_=1606699731568&CODE_STATE=getMsg HTTP/1.1" 200 27
120.253.135.82 - - [30/Nov/2020:09:28:51 +0800] "GET /xingrg/all/function/internal_message.html?_=1606699846753&CODE_STATE=getMsg HTTP/1.1" 200 27
114.88.175.227 - - [30/Nov/2020:09:28:51 +0800] "GET /xingrg/all/function/internal_message.html?_=1606699852589&CODE_STATE=getMsg HTTP/1.1" 200 27
180.157.253.48 - - [30/Nov/2020:09:28:51 +0800] "GET /xingrg/kc/buy/cgsh_order_operate.html?command=get_materiel&rest_code=00148&code=00101008233&supplier_code=00100007&order_time=2020-11-30 HTTP/1.1" 200 408
180.174.56.115 - - [30/Nov/2020:09:28:53 +0800] "GET /xingrg/check_reg.html?_=1606699707010 HTTP/1.1" 200 22
180.174.56.115 - - [30/Nov/2020:09:28:53 +0800] "GET /xingrg/kc/buy/cgsh_order_operate.html?command=get_materiel&rest_code=00150&code=00101006084&supplier_code=00100096&order_time=2020-11-30 HTTP/1.1" 200 413
180.174.56.115 - - [30/Nov/2020:09:28:53 +0800] "GET /xingrg/all/function/internal_message.html?_=1606699707403&CODE_STATE=getMsg HTTP/1.1" 200 27
180.157.253.48 - - [30/Nov/2020:09:28:56 +0800] "GET /xingrg/kc/buy/cgsh_order_operate.html?command=get_materiel&rest_code=00148&code=00101008069&supplier_code=00100007&order_time=2020-11-30 HTTP/1.1" 200 412
116.228.172.94 - - [30/Nov/2020:09:28:58 +0800] "GET /xingrg/kc/base/wlsy_order_operate.html?command=get_materiel&rest_code=00107&base_code=0010152&code=00102001062 HTTP/1.1" 200 423
117.185.32.26 - - [30/Nov/2020:09:28:58 +0800] "GET /xingrg/kc/buy/cgsh_order_operate.html?command=get_materiel&rest_code=00106&code=00101008010&supplier_code=00100007&order_time=2020-11-30 HTTP/1.1" 200 412
180.157.253.48 - - [30/Nov/2020:09:29:03 +0800] "GET /xingrg/kc/buy/cgsh_order_operate.html?command=get_materiel&rest_code=00148&code=00101008361&supplier_code=00100007&order_time=2020-11-30 HTTP/1.1" 200 408
180.157.253.48 - - [30/Nov/2020:09:29:05 +0800] "POST /xingrg/kc/buy/cgsh_order_operate.html HTTP/1.1" 200 2065
117.185.32.26 - - [30/Nov/2020:09:29:06 +0800] "GET /xingrg/kc/buy/cgsh_order_operate.html?command=get_materiel&rest_code=00106&code=00101008038&supplier_code=00100007&order_time=2020-11-30 HTTP/1.1" 200 412
180.174.56.115 - - [30/Nov/2020:09:29:10 +0800] "GET /xingrg/kc/buy/cgsh_order_operate.html?command=get_materiel&rest_code=00150&code=00101007081&supplier_code=00100096&order_time=2020-11-30 HTTP/1.1" 200 414
180.157.253.48 - - [30/Nov/2020:09:29:11 +0800] "GET /xingrg/kc/buy/cgsh_order_operate.html?command=get_materiel&rest_code=00148&code=00101008155&supplier_code=00100007&order_time=2020-11-30 HTTP/1.1" 200 408
180.157.253.48 - - [30/Nov/2020:09:29:14 +0800] "GET /xingrg/all/function/internal_message.html?_=1606699754157&CODE_STATE=getMsg HTTP/1.1" 200 27
116.228.172.94 - - [30/Nov/2020:09:29:17 +0800] "GET /xingrg/all/function/internal_message.html?_=1606699760078&CODE_STATE=getMsg HTTP/1.1" 200 27
180.162.223.42 - - [30/Nov/2020:09:29:18 +0800] "GET /xingrg/all/function/internal_message.html?_=1606699760458&CODE_STATE=getMsg HTTP/1.1" 200 27
101.85.93.83 - - [30/Nov/2020:09:29:18 +0800] "GET /xingrg/all/function/internal_message.html?_=1606699482591&CODE_STATE=getMsg HTTP/1.1" 200 27
117.185.32.26 - - [30/Nov/2020:09:29:22 +0800] "GET /xingrg/all/function/internal_message.html?_=1606699753903&CODE_STATE=getMsg HTTP/1.1" 200 27
172.17.0.102 - - [30/Nov/2020:09:29:23 +0800] "GET /xingrg/check_reg.html?_=1606699763297 HTTP/1.1" 200 22
116.228.172.94 - - [30/Nov/2020:09:29:24 +0800] "POST /xingrg/kc/base/wlsy_order_operate.html HTTP/1.1" 200 37
117.131.5.26 - - [30/Nov/2020:09:29:24 +0800] "GET /xingrg/all/function/internal_message.html?_=1606699800628&CODE_STATE=getMsg HTTP/1.1" 200 27
116.228.172.94 - - [30/Nov/2020:09:29:25 +0800] "POST /xingrg/kc/base/wlsy_order_operate.html HTTP/1.1" 200 12
116.228.172.94 - - [30/Nov/2020:09:29:25 +0800] "POST /xingrg/kc/base/wlsy_order_operate.html HTTP/1.1" 200 3959
58.221.95.50 - - [30/Nov/2020:09:29:25 +0800] "GET /xingrg/check_reg.html?_=1606699778526 HTTP/1.1" 302 -
58.221.95.50 - - [30/Nov/2020:09:29:25 +0800] "GET /xingrg/check_reg.html?_=1606699778532 HTTP/1.1" 302 -
114.88.175.227 - - [30/Nov/2020:09:29:26 +0800] "GET /xingrg/kc/buy/cgsh_order_add.html HTTP/1.1" 200 60807
114.88.175.227 - - [30/Nov/2020:09:29:27 +0800] "POST /xingrg/kc/buy/cgsh_order_operate.html HTTP/1.1" 200 8245
114.88.175.227 - - [30/Nov/2020:09:29:27 +0800] "GET /xingrg/javascript/easyui/themes/default/validatebox.css HTTP/1.1" 404 1104
116.228.172.94 - - [30/Nov/2020:09:29:27 +0800] "POST /xingrg/kc/base/wlsy_list_operate.html?syType=0 HTTP/1.1" 200 862
180.157.253.48 - - [30/Nov/2020:09:29:27 +0800] "GET /xingrg/kc/buy/cgsh_order_operate.html?command=get_materiel&rest_code=00148&code=00101008350&supplier_code=00100007&order_time=2020-11-30 HTTP/1.1" 200 408
172.17.0.185 - - [30/Nov/2020:09:29:29 +0800] "GET /xingrg/all/function/internal_message.html?_=1606699768968&CODE_STATE=getMsg HTTP/1.1" 200 27
180.174.56.115 - - [30/Nov/2020:09:29:30 +0800] "GET /xingrg/all/function/internal_message.html?_=1606699771120&CODE_STATE=getMsg HTTP/1.1" 200 27
120.253.135.82 - - [30/Nov/2020:09:29:31 +0800] "GET /xingrg/check_reg.html?_=1606699886839 HTTP/1.1" 200 22
116.232.52.15 - - [30/Nov/2020:09:29:32 +0800] "GET /xingrg/all/function/internal_message.html?_=1606699773843&CODE_STATE=getMsg HTTP/1.1" 200 27
117.184.7.26 - - [30/Nov/2020:09:29:34 +0800] "GET /xingrg/all/function/internal_message.html?_=1606699772084&CODE_STATE=getMsg HTTP/1.1" 200 27
116.232.52.76 - - [30/Nov/2020:09:29:34 +0800] "POST /xingrg/services/DataTransmitService HTTP/1.1" 200 524
114.88.175.227 - - [30/Nov/2020:09:29:35 +0800] "GET /xingrg/kc/buy/cgsh_order_operate.html?command=get_materiel&rest_code=00111&code=00101006006&supplier_code=00100012&order_time=2020-11-30 HTTP/1.1" 200 409
116.228.172.94 - - [30/Nov/2020:09:29:37 +0800] "GET /xingrg/kc/base/wldb_order_list.html HTTP/1.1" 200 19424
180.157.253.48 - - [30/Nov/2020:09:29:37 +0800] "GET /xingrg/kc/buy/cgsh_order_operate.html?command=get_materiel&rest_code=00148&code=00101008356&supplier_code=00100007&order_time=2020-11-30 HTTP/1.1" 200 408
116.228.172.94 - - [30/Nov/2020:09:29:37 +0800] "POST /xingrg/kc/base/wldb_list_operate.html HTTP/1.1" 200 5529
222.69.137.175 - - [30/Nov/2020:09:29:39 +0800] "GET /xingrg/all/function/internal_message.html?_=1606699778988&CODE_STATE=getMsg HTTP/1.1" 200 27
114.88.175.227 - - [30/Nov/2020:09:29:41 +0800] "GET /xingrg/kc/buy/cgsh_order_operate.html?command=get_materiel&rest_code=00111&code=00101006111&supplier_code=00100012&order_time=2020-11-30 HTTP/1.1" 200 409
101.85.228.137 - - [30/Nov/2020:09:29:43 +0800] "GET /xingrg/check_reg.html?_=1606700011189 HTTP/1.1" 200 22
180.162.223.42 - - [30/Nov/2020:09:29:43 +0800] "GET /xingrg/all/function/internal_message.html?_=1606699764927&CODE_STATE=getMsg HTTP/1.1" 200 27
101.85.228.137 - - [30/Nov/2020:09:29:44 +0800] "GET /xingrg/all/function/internal_message.html?_=1606700012727&CODE_STATE=getMsg HTTP/1.1" 200 27
180.157.253.48 - - [30/Nov/2020:09:29:46 +0800] "GET /xingrg/kc/buy/cgsh_order_operate.html?command=get_materiel&rest_code=00148&code=00101008223&supplier_code=00100007&order_time=2020-11-30 HTTP/1.1" 200 412
114.88.175.227 - - [30/Nov/2020:09:29:46 +0800] "GET /xingrg/kc/buy/cgsh_order_operate.html?command=get_materiel&rest_code=00111&code=00101006055&supplier_code=00100012&order_time=2020-11-30 HTTP/1.1" 200 409
172.17.0.102 - - [30/Nov/2020:09:29:51 +0800] "GET /xingrg/all/function/internal_message.html?_=1606699791565&CODE_STATE=getMsg HTTP/1.1" 200 27
114.88.175.227 - - [30/Nov/2020:09:29:51 +0800] "GET /xingrg/all/function/internal_message.html?_=1606699912534&CODE_STATE=getMsg HTTP/1.1" 200 27
120.253.135.82 - - [30/Nov/2020:09:29:51 +0800] "GET /xingrg/all/function/internal_message.html?_=1606699906759&CODE_STATE=getMsg HTTP/1.1" 200 27
114.88.175.227 - - [30/Nov/2020:09:29:52 +0800] "GET /xingrg/kc/buy/cgsh_order_operate.html?command=get_materiel&rest_code=00111&code=00101006056&supplier_code=00100012&order_time=2020-11-30 HTTP/1.1" 200 413
180.174.56.115 - - [30/Nov/2020:09:29:53 +0800] "GET /xingrg/all/function/internal_message.html?_=1606699767416&CODE_STATE=getMsg HTTP/1.1" 200 27
180.157.253.48 - - [30/Nov/2020:09:29:55 +0800] "GET /xingrg/kc/buy/cgsh_order_operate.html?command=get_materiel&rest_code=00148&code=00101008131&supplier_code=00100007&order_time=2020-11-30 HTTP/1.1" 200 408
116.228.172.94 - - [30/Nov/2020:09:29:56 +0800] "POST /xingrg/kc/base/wldb_list_operate.html HTTP/1.1" 200 4
180.157.253.48 - - [30/Nov/2020:09:29:57 +0800] "POST /xingrg/kc/buy/cgsh_order_operate.html HTTP/1.1" 200 2065
180.174.56.115 - - [30/Nov/2020:09:29:58 +0800] "GET /xingrg/kc/buy/cgsh_order_operate.html?command=get_materiel&rest_code=00150&code=00101012025&supplier_code=00100096&order_time=2020-11-30 HTTP/1.1" 200 412
114.88.175.227 - - [30/Nov/2020:09:30:00 +0800] "GET /xingrg/kc/buy/cgsh_order_operate.html?command=get_materiel&rest_code=00111&code=00101006065&supplier_code=00100012&order_time=2020-11-30 HTTP/1.1" 200 409
180.157.253.48 - - [30/Nov/2020:09:30:02 +0800] "GET /xingrg/kc/buy/cgsh_order_operate.html?command=get_materiel&rest_code=00148&code=00101009011&supplier_code=00100007&order_time=2020-11-30 HTTP/1.1" 200 416
117.185.32.26 - - [30/Nov/2020:09:30:02 +0800] "GET /xingrg/kc/buy/cgsh_order_operate.html?command=get_materiel&rest_code=00106&code=00101008163&supplier_code=00100007&order_time=2020-11-30 HTTP/1.1" 200 409
114.84.37.38 - - [30/Nov/2020:09:30:05 +0800] "GET /xingrg/check_reg.html?_=1606699806265 HTTP/1.1" 200 22
116.228.172.94 - - [30/Nov/2020:09:30:05 +0800] "POST /xingrg/kc/base/wldb_list_operate.html HTTP/1.1" 200 4138
180.157.253.48 - - [30/Nov/2020:09:30:09 +0800] "GET /xingrg/kc/buy/cgsh_order_operate.html?command=get_materiel&rest_code=00148&code=00101008168&supplier_code=00100007&order_time=2020-11-30 HTTP/1.1" 200 412
114.88.175.227 - - [30/Nov/2020:09:30:12 +0800] "POST /xingrg/kc/buy/cgsh_order_operate.html HTTP/1.1" 200 37
117.185.32.26 - - [30/Nov/2020:09:30:12 +0800] "GET /xingrg/kc/buy/cgsh_order_operate.html?command=get_materiel&rest_code=00106&code=00101008264&supplier_code=00100007&order_time=2020-11-30 HTTP/1.1" 200 412
114.88.175.227 - - [30/Nov/2020:09:30:13 +0800] "POST /xingrg/kc/buy/cgsh_order_operate.html HTTP/1.1" 200 5013
180.157.253.48 - - [30/Nov/2020:09:30:14 +0800] "GET /xingrg/all/function/internal_message.html?_=1606699814170&CODE_STATE=getMsg HTTP/1.1" 200 27
114.88.175.227 - - [30/Nov/2020:09:30:15 +0800] "GET /xingrg/kc/print/load_data.html?order_code=212020113011817&kc_code=cgsh&condition= HTTP/1.1" 200 1649
180.157.253.48 - - [30/Nov/2020:09:30:15 +0800] "GET /xingrg/kc/buy/cgsh_order_operate.html?command=get_materiel&rest_code=00148&code=00101008114&supplier_code=00100007&order_time=2020-11-30 HTTP/1.1" 200 413
114.84.37.38 - - [30/Nov/2020:09:30:15 +0800] "GET /xingrg/kc/buy/cgsh_order_operate.html?command=get_materiel&rest_code=00146&code=00101008358&supplier_code=00100005&order_time=2020-11-30 HTTP/1.1" 200 412
116.228.172.94 - - [30/Nov/2020:09:30:16 +0800] "GET /xingrg/check_reg.html?_=1606699819059 HTTP/1.1" 200 22
116.228.172.94 - - [30/Nov/2020:09:30:17 +0800] "GET /xingrg/all/function/internal_message.html?_=1606699820057&CODE_STATE=getMsg HTTP/1.1" 200 27
180.162.223.42 - - [30/Nov/2020:09:30:18 +0800] "GET /xingrg/check_reg.html?_=1606699820450 HTTP/1.1" 200 22
180.162.223.42 - - [30/Nov/2020:09:30:18 +0800] "GET /xingrg/all/function/internal_message.html?_=1606699820452&CODE_STATE=getMsg HTTP/1.1" 200 27
101.85.93.83 - - [30/Nov/2020:09:30:18 +0800] "GET /xingrg/all/function/internal_message.html?_=1606699542591&CODE_STATE=getMsg HTTP/1.1" 200 27
180.174.56.115 - - [30/Nov/2020:09:30:19 +0800] "GET /xingrg/kc/buy/cgsh_order_operate.html?command=get_materiel&rest_code=00150&code=00101016025&supplier_code=00100096&order_time=2020-11-30 HTTP/1.1" 200 408
117.185.32.26 - - [30/Nov/2020:09:30:22 +0800] "GET /xingrg/all/function/internal_message.html?_=1606699813878&CODE_STATE=getMsg HTTP/1.1" 200 27
117.131.5.26 - - [30/Nov/2020:09:30:24 +0800] "GET /xingrg/all/function/internal_message.html?_=1606699860626&CODE_STATE=getMsg HTTP/1.1" 200 27
117.185.32.26 - - [30/Nov/2020:09:30:25 +0800] "GET /xingrg/kc/buy/cgsh_order_operate.html?command=get_materiel&rest_code=00106&code=00101008356&supplier_code=00100007&order_time=2020-11-30 HTTP/1.1" 200 408
114.84.37.38 - - [30/Nov/2020:09:30:27 +0800] "GET /xingrg/kc/buy/cgsh_order_operate.html?command=get_materiel&rest_code=00146&code=00101008264&supplier_code=00100005&order_time=2020-11-30 HTTP/1.1" 200 412
172.17.0.185 - - [30/Nov/2020:09:30:29 +0800] "GET /xingrg/all/function/internal_message.html?_=1606699828973&CODE_STATE=getMsg HTTP/1.1" 200 27
116.228.172.94 - - [30/Nov/2020:09:30:30 +0800] "POST /xingrg/kc/base/wldb_list_operate.html HTTP/1.1" 200 4
180.174.56.115 - - [30/Nov/2020:09:30:30 +0800] "GET /xingrg/all/function/internal_message.html?_=1606699831128&CODE_STATE=getMsg HTTP/1.1" 200 27
180.157.253.48 - - [30/Nov/2020:09:30:31 +0800] "GET /xingrg/kc/buy/cgsh_order_operate.html?command=get_materiel&rest_code=00148&code=00101009062&supplier_code=00100007&order_time=2020-11-30 HTTP/1.1" 200 412
116.228.172.94 - - [30/Nov/2020:09:30:31 +0800] "POST /xingrg/kc/base/wldb_list_operate.html HTTP/1.1" 200 928
116.232.52.15 - - [30/Nov/2020:09:30:32 +0800] "GET /xingrg/all/function/internal_message.html?_=1606699833843&CODE_STATE=getMsg HTTP/1.1" 200 27
117.185.32.26 - - [30/Nov/2020:09:30:32 +0800] "GET /xingrg/kc/buy/cgsh_order_operate.html?command=get_materiel&rest_code=00106&code=00101008360&supplier_code=00100007&order_time=2020-11-30 HTTP/1.1" 200 413
117.184.7.26 - - [30/Nov/2020:09:30:34 +0800] "GET /xingrg/all/function/internal_message.html?_=1606699832069&CODE_STATE=getMsg HTTP/1.1" 200 27
222.69.137.175 - - [30/Nov/2020:09:30:39 +0800] "GET /xingrg/all/function/internal_message.html?_=1606699838958&CODE_STATE=getMsg HTTP/1.1" 200 27
114.84.37.38 - - [30/Nov/2020:09:30:41 +0800] "GET /xingrg/kc/buy/cgsh_order_operate.html?command=get_materiel&rest_code=00146&code=00101008356&supplier_code=00100005&order_time=2020-11-30 HTTP/1.1" 200 408
180.157.253.48 - - [30/Nov/2020:09:30:43 +0800] "GET /xingrg/kc/buy/cgsh_order_operate.html?command=get_materiel&rest_code=00148&code=00101008261&supplier_code=00100007&order_time=2020-11-30 HTTP/1.1" 200 408
180.162.223.42 - - [30/Nov/2020:09:30:43 +0800] "GET /xingrg/all/function/internal_message.html?_=1606699824930&CODE_STATE=getMsg HTTP/1.1" 200 27
101.85.228.137 - - [30/Nov/2020:09:30:44 +0800] "GET /xingrg/all/function/internal_message.html?_=1606700072742&CODE_STATE=getMsg HTTP/1.1" 200 27
180.157.253.48 - - [30/Nov/2020:09:30:49 +0800] "POST /xingrg/kc/buy/cgsh_order_operate.html HTTP/1.1" 200 2065
172.17.0.102 - - [30/Nov/2020:09:30:51 +0800] "GET /xingrg/all/function/internal_message.html?_=1606699851539&CODE_STATE=getMsg HTTP/1.1" 200 27
114.88.175.227 - - [30/Nov/2020:09:30:51 +0800] "GET /xingrg/all/function/internal_message.html?_=1606699972541&CODE_STATE=getMsg HTTP/1.1" 200 27
120.253.135.82 - - [30/Nov/2020:09:30:51 +0800] "GET /xingrg/all/function/internal_message.html?_=1606699966774&CODE_STATE=getMsg HTTP/1.1" 200 27
180.174.56.115 - - [30/Nov/2020:09:30:53 +0800] "GET /xingrg/all/function/internal_message.html?_=1606699827430&CODE_STATE=getMsg HTTP/1.1" 200 27
117.185.32.26 - - [30/Nov/2020:09:30:53 +0800] "GET /xingrg/kc/buy/cgsh_order_operate.html?command=get_materiel&rest_code=00106&code=00101008336&supplier_code=00100007&order_time=2020-11-30 HTTP/1.1" 200 412
180.157.253.48 - - [30/Nov/2020:09:30:54 +0800] "GET /xingrg/kc/buy/cgsh_order_operate.html?command=get_materiel&rest_code=00148&code=00101008155&supplier_code=00100007&order_time=2020-11-30 HTTP/1.1" 200 408
180.157.253.48 - - [30/Nov/2020:09:30:59 +0800] "GET /xingrg/kc/buy/cgsh_order_operate.html?command=get_materiel&rest_code=00148&code=00101008080&supplier_code=00100007&order_time=2020-11-30 HTTP/1.1" 200 416
114.84.37.38 - - [30/Nov/2020:09:31:01 +0800] "GET /xingrg/kc/buy/cgsh_order_operate.html?command=get_materiel&rest_code=00146&code=00101008251&supplier_code=00100005&order_time=2020-11-30 HTTP/1.1" 200 408
180.157.253.48 - - [30/Nov/2020:09:31:06 +0800] "GET /xingrg/kc/buy/cgsh_order_operate.html?command=get_materiel&rest_code=00148&code=00101008199&supplier_code=00100007&order_time=2020-11-30 HTTP/1.1" 200 408
114.84.37.38 - - [30/Nov/2020:09:31:09 +0800] "GET /xingrg/check_reg.html?_=1606699871701 HTTP/1.1" 302 -
180.157.253.48 - - [30/Nov/2020:09:31:12 +0800] "GET /xingrg/kc/buy/cgsh_order_operate.html?command=get_materiel&rest_code=00148&code=00101008126&supplier_code=00100007&order_time=2020-11-30 HTTP/1.1" 200 412
180.157.253.48 - - [30/Nov/2020:09:31:14 +0800] "GET /xingrg/check_reg.html?_=1606699874201 HTTP/1.1" 200 22
180.157.253.48 - - [30/Nov/2020:09:31:14 +0800] "GET /xingrg/all/function/internal_message.html?_=1606699874202&CODE_STATE=getMsg HTTP/1.1" 200 27
117.185.32.26 - - [30/Nov/2020:09:31:16 +0800] "GET /xingrg/kc/buy/cgsh_order_operate.html?command=get_materiel&rest_code=00106&code=00101008357&supplier_code=00100007&order_time=2020-11-30 HTTP/1.1" 200 408
116.228.172.94 - - [30/Nov/2020:09:31:17 +0800] "GET /xingrg/all/function/internal_message.html?_=1606699880039&CODE_STATE=getMsg HTTP/1.1" 200 27
180.162.223.42 - - [30/Nov/2020:09:31:18 +0800] "GET /xingrg/all/function/internal_message.html?_=1606699880452&CODE_STATE=getMsg HTTP/1.1" 200 27
