101.85.93.83 - - [30/Nov/2020:09:31:18 +0800] "GET /xingrg/all/function/internal_message.html?_=1606699602591&CODE_STATE=getMsg HTTP/1.1" 200 27
114.84.37.38 - - [30/Nov/2020:09:31:20 +0800] "POST /xingrg/kc/buy/cgsh_order_operate.html HTTP/1.1" 200 2065
117.185.32.26 - - [30/Nov/2020:09:31:22 +0800] "GET /xingrg/all/function/internal_message.html?_=1606699873920&CODE_STATE=getMsg HTTP/1.1" 200 27
180.157.253.48 - - [30/Nov/2020:09:31:23 +0800] "GET /xingrg/kc/buy/cgsh_order_operate.html?command=get_materiel&rest_code=00148&code=00101008300&supplier_code=00100007&order_time=2020-11-30 HTTP/1.1" 200 412
117.131.5.26 - - [30/Nov/2020:09:31:24 +0800] "GET /xingrg/all/function/internal_message.html?_=1606699920629&CODE_STATE=getMsg HTTP/1.1" 200 27
180.157.253.48 - - [30/Nov/2020:09:31:25 +0800] "POST /xingrg/kc/buy/cgsh_order_operate.html HTTP/1.1" 200 2065
117.185.32.26 - - [30/Nov/2020:09:31:26 +0800] "GET /xingrg/kc/buy/cgsh_order_operate.html?command=get_materiel&rest_code=00106&code=00101008286&supplier_code=00100007&order_time=2020-11-30 HTTP/1.1" 200 408
114.84.37.38 - - [30/Nov/2020:09:31:27 +0800] "GET /xingrg/kc/buy/cgsh_order_operate.html?command=get_materiel&rest_code=00146&code=00101008196&supplier_code=00100005&order_time=2020-11-30 HTTP/1.1" 200 416
172.17.0.185 - - [30/Nov/2020:09:31:29 +0800] "GET /xingrg/all/function/internal_message.html?_=1606699888973&CODE_STATE=getMsg HTTP/1.1" 200 27
180.157.253.48 - - [30/Nov/2020:09:31:30 +0800] "GET /xingrg/kc/buy/cgsh_order_operate.html?command=get_materiel&rest_code=00148&code=00101008270&supplier_code=00100007&order_time=2020-11-30 HTTP/1.1" 200 412
180.174.56.115 - - [30/Nov/2020:09:31:30 +0800] "GET /xingrg/check_reg.html?_=1606699891137 HTTP/1.1" 200 22
180.174.56.115 - - [30/Nov/2020:09:31:30 +0800] "GET /xingrg/all/function/internal_message.html?_=1606699891141&CODE_STATE=getMsg HTTP/1.1" 200 27
116.232.52.15 - - [30/Nov/2020:09:31:32 +0800] "GET /xingrg/all/function/internal_message.html?_=1606699893844&CODE_STATE=getMsg HTTP/1.1" 200 27
116.232.52.15 - - [30/Nov/2020:09:31:32 +0800] "GET /xingrg/check_reg.html?_=1606699893845 HTTP/1.1" 200 22
117.184.7.26 - - [30/Nov/2020:09:31:34 +0800] "GET /xingrg/all/function/internal_message.html?_=1606699892044&CODE_STATE=getMsg HTTP/1.1" 200 27
117.185.32.26 - - [30/Nov/2020:09:31:34 +0800] "GET /xingrg/kc/buy/cgsh_order_operate.html?command=get_materiel&rest_code=00106&code=00101008036&supplier_code=00100007&order_time=2020-11-30 HTTP/1.1" 200 408
114.84.37.38 - - [30/Nov/2020:09:31:38 +0800] "GET /xingrg/kc/buy/cgsh_order_operate.html?command=get_materiel&rest_code=00146&code=00101008357&supplier_code=00100005&order_time=2020-11-30 HTTP/1.1" 200 408
180.157.253.48 - - [30/Nov/2020:09:31:39 +0800] "GET /xingrg/kc/buy/cgsh_order_operate.html?command=get_materiel&rest_code=00148&code=00101008357&supplier_code=00100007&order_time=2020-11-30 HTTP/1.1" 200 408
222.69.137.175 - - [30/Nov/2020:09:31:39 +0800] "GET /xingrg/all/function/internal_message.html?_=1606699898941&CODE_STATE=getMsg HTTP/1.1" 200 27
114.88.175.227 - - [30/Nov/2020:09:31:39 +0800] "GET /favicon.ico HTTP/1.1" 404 -
117.185.32.26 - - [30/Nov/2020:09:31:42 +0800] "GET /xingrg/kc/buy/cgsh_order_operate.html?command=get_materiel&rest_code=00106&code=00101008131&supplier_code=00100007&order_time=2020-11-30 HTTP/1.1" 200 408
180.162.223.42 - - [30/Nov/2020:09:31:43 +0800] "GET /xingrg/all/function/internal_message.html?_=1606699884930&CODE_STATE=getMsg HTTP/1.1" 200 27
101.85.228.137 - - [30/Nov/2020:09:31:44 +0800] "GET /xingrg/all/function/internal_message.html?_=1606700132755&CODE_STATE=getMsg HTTP/1.1" 200 27
180.157.253.48 - - [30/Nov/2020:09:31:45 +0800] "GET /xingrg/kc/buy/cgsh_order_operate.html?command=get_materiel&rest_code=00148&code=00101008296&supplier_code=00100007&order_time=2020-11-30 HTTP/1.1" 200 416
117.185.32.26 - - [30/Nov/2020:09:31:48 +0800] "GET /xingrg/kc/buy/cgsh_order_operate.html?command=get_materiel&rest_code=00106&code=00101008318&supplier_code=00100007&order_time=2020-11-30 HTTP/1.1" 200 408
114.84.37.38 - - [30/Nov/2020:09:31:48 +0800] "GET /xingrg/kc/buy/cgsh_order_operate.html?command=get_materiel&rest_code=00146&code=00101008036&supplier_code=00100005&order_time=2020-11-30 HTTP/1.1" 200 408
172.17.0.102 - - [30/Nov/2020:09:31:51 +0800] "GET /xingrg/all/function/internal_message.html?_=1606699911515&CODE_STATE=getMsg HTTP/1.1" 200 27
114.88.175.227 - - [30/Nov/2020:09:31:51 +0800] "GET /xingrg/all/function/internal_message.html?_=1606700032546&CODE_STATE=getMsg HTTP/1.1" 200 27
120.253.135.82 - - [30/Nov/2020:09:31:51 +0800] "GET /xingrg/all/function/internal_message.html?_=1606700026815&CODE_STATE=getMsg HTTP/1.1" 200 27
180.157.253.48 - - [30/Nov/2020:09:31:53 +0800] "GET /xingrg/kc/buy/cgsh_order_operate.html?command=get_materiel&rest_code=00148&code=00101020138&supplier_code=00100007&order_time=2020-11-30 HTTP/1.1" 200 426
180.174.56.115 - - [30/Nov/2020:09:31:53 +0800] "GET /xingrg/all/function/internal_message.html?_=1606699887460&CODE_STATE=getMsg HTTP/1.1" 200 27
101.85.93.83 - - [30/Nov/2020:09:31:56 +0800] "GET /xingrg/kc/buy/cgsh_order_add.html HTTP/1.1" 200 59926
117.185.32.26 - - [30/Nov/2020:09:31:56 +0800] "GET /xingrg/kc/buy/cgsh_order_operate.html?command=get_materiel&rest_code=00106&code=00101008352&supplier_code=00100007&order_time=2020-11-30 HTTP/1.1" 200 412
114.84.37.38 - - [30/Nov/2020:09:31:56 +0800] "GET /xingrg/kc/buy/cgsh_order_operate.html?command=get_materiel&rest_code=00146&code=00101008006&supplier_code=00100005&order_time=2020-11-30 HTTP/1.1" 200 416
101.85.93.83 - - [30/Nov/2020:09:31:56 +0800] "GET /xingrg/javascript/easyui/themes/default/validatebox.css HTTP/1.1" 404 1104
101.85.93.83 - - [30/Nov/2020:09:31:56 +0800] "POST /xingrg/kc/buy/cgsh_order_operate.html HTTP/1.1" 200 8245
114.88.175.227 - - [30/Nov/2020:09:32:00 +0800] "GET /xingrg/login.html HTTP/1.1" 200 7641
114.88.175.227 - - [30/Nov/2020:09:32:00 +0800] "GET /xingrg/images/blue/jxLogo.png HTTP/1.1" 304 -
114.88.175.227 - - [30/Nov/2020:09:32:01 +0800] "GET /xingrg/images/blue/login_bg.png HTTP/1.1" 304 -
114.88.175.227 - - [30/Nov/2020:09:32:01 +0800] "GET /xingrg/images/blue/hj.png HTTP/1.1" 304 -
114.88.175.227 - - [30/Nov/2020:09:32:01 +0800] "GET /xingrg/images/blue/srbg.png HTTP/1.1" 304 -
114.88.175.227 - - [30/Nov/2020:09:32:01 +0800] "GET /favicon.ico HTTP/1.1" 404 -
180.157.253.48 - - [30/Nov/2020:09:32:06 +0800] "GET /xingrg/javascript/easyui/themes/default/images/button_plain_hover.png HTTP/1.1" 304 -
117.185.32.26 - - [30/Nov/2020:09:32:06 +0800] "GET /xingrg/kc/buy/cgsh_order_operate.html?command=get_materiel&rest_code=00106&code=00101008005&supplier_code=00100007&order_time=2020-11-30 HTTP/1.1" 200 412
180.157.253.48 - - [30/Nov/2020:09:32:06 +0800] "GET /xingrg/javascript/easyui/themes/default/images/button_plain_hover.png HTTP/1.1" 304 -
180.157.253.48 - - [30/Nov/2020:09:32:06 +0800] "GET /xingrg/javascript/easyui/themes/default/images/button_plain_hover.png HTTP/1.1" 304 -
114.84.37.38 - - [30/Nov/2020:09:32:06 +0800] "GET /xingrg/kc/buy/cgsh_order_operate.html?command=get_materiel&rest_code=00146&code=00101008131&supplier_code=00100005&order_time=2020-11-30 HTTP/1.1" 200 408
114.88.175.227 - - [30/Nov/2020:09:32:08 +0800] "POST /xingrg/login.do HTTP/1.1" 302 -
114.88.175.227 - - [30/Nov/2020:09:32:08 +0800] "GET /xingrg/index.html?sysBaseUrl=http%3A%2F%2F180.169.147.146%3A18081%2Fxingrg%2F&costTime=44×tamp=1606699928124 HTTP/1.1" 200 17173
114.88.175.227 - - [30/Nov/2020:09:32:08 +0800] "GET /xingrg/javascript/jquery_easy_ui/themes/default/easyui.css HTTP/1.1" 304 -
114.88.175.227 - - [30/Nov/2020:09:32:08 +0800] "GET /xingrg/css/form.css HTTP/1.1" 304 -
114.88.175.227 - - [30/Nov/2020:09:32:08 +0800] "GET /xingrg/javascript/jquery_easy_ui/themes/icon.css HTTP/1.1" 304 -
114.88.175.227 - - [30/Nov/2020:09:32:08 +0800] "GET /xingrg/javascript/jquery_easy_ui/jquery.easyui.min.js HTTP/1.1" 304 -
114.88.175.227 - - [30/Nov/2020:09:32:08 +0800] "GET /xingrg/javascript/jquery.utils.js HTTP/1.1" 304 -
114.88.175.227 - - [30/Nov/2020:09:32:08 +0800] "GET /xingrg/javascript/jquery_easy_ui/easyui-lang-zh_CN.js HTTP/1.1" 304 -
114.88.175.227 - - [30/Nov/2020:09:32:08 +0800] "GET /xingrg/javascript/jquery.timers.js HTTP/1.1" 200 3532
114.88.175.227 - - [30/Nov/2020:09:32:08 +0800] "GET /xingrg/javascript/jquery-1.4.2.min.js HTTP/1.1" 304 -
114.88.175.227 - - [30/Nov/2020:09:32:08 +0800] "GET /xingrg/javascript/jquery.form.js HTTP/1.1" 200 23110
114.88.175.227 - - [30/Nov/2020:09:32:08 +0800] "GET /favicon.ico HTTP/1.1" 404 -
114.88.175.227 - - [30/Nov/2020:09:32:08 +0800] "GET /xingrg/images/blue/navBackgound.jpg HTTP/1.1" 304 -
180.157.253.48 - - [30/Nov/2020:09:32:08 +0800] "POST /xingrg/kc/buy/cgsh_order_operate.html HTTP/1.1" 200 37
114.88.175.227 - - [30/Nov/2020:09:32:08 +0800] "GET /xingrg/javascript/jquery_easy_ui/themes/icons/settle_new.png HTTP/1.1" 304 -
114.88.175.227 - - [30/Nov/2020:09:32:08 +0800] "POST /xingrg/all/common/load_tree.html?tree=area_rest_tree_json&manage=1 HTTP/1.1" 200 342
114.88.175.227 - - [30/Nov/2020:09:32:08 +0800] "GET /xingrg/images/blue/pingpu.png HTTP/1.1" 304 -
114.88.175.227 - - [30/Nov/2020:09:32:08 +0800] "GET /xingrg/javascript/jquery_easy_ui/themes/default/images/tabs_leftarrow.png HTTP/1.1" 304 -
114.88.175.227 - - [30/Nov/2020:09:32:08 +0800] "GET /xingrg/javascript/jquery_easy_ui/themes/default/images/tabs_rightarrow.png HTTP/1.1" 304 -
114.88.175.227 - - [30/Nov/2020:09:32:08 +0800] "GET /xingrg/javascript/jquery_easy_ui/themes/default/images/panel_tool_collapse.gif HTTP/1.1" 304 -
114.84.37.38 - - [30/Nov/2020:09:32:09 +0800] "POST /xingrg/kc/buy/cgsh_order_operate.html HTTP/1.1" 200 2065
114.88.175.227 - - [30/Nov/2020:09:32:09 +0800] "GET /xingrg/all/function/internal_message.html?_=1606699926924&CODE_STATE=count HTTP/1.1" 200 11
114.88.175.227 - - [30/Nov/2020:09:32:09 +0800] "GET /xingrg/check_reg.html?_=1606699926925 HTTP/1.1" 200 22
114.88.175.227 - - [30/Nov/2020:09:32:09 +0800] "POST /xingrg/load_menu.html HTTP/1.1" 200 5138
114.88.175.227 - - [30/Nov/2020:09:32:09 +0800] "GET /xingrg/javascript/jquery_easy_ui/themes/default/images/tree_arrows.gif HTTP/1.1" 304 -
180.157.253.48 - - [30/Nov/2020:09:32:09 +0800] "POST /xingrg/kc/buy/cgsh_order_operate.html HTTP/1.1" 200 36335
114.88.175.227 - - [30/Nov/2020:09:32:09 +0800] "GET /xingrg/javascript/jquery_easy_ui/themes/icons/search_new.png HTTP/1.1" 304 -
114.88.175.227 - - [30/Nov/2020:09:32:09 +0800] "GET /xingrg/javascript/jquery_easy_ui/themes/default/images/tree_folder_open.gif HTTP/1.1" 304 -
114.88.175.227 - - [30/Nov/2020:09:32:09 +0800] "GET /xingrg/javascript/jquery_easy_ui/themes/default/images/tree_folder.gif HTTP/1.1" 304 -
114.88.175.227 - - [30/Nov/2020:09:32:09 +0800] "GET /xingrg/javascript/jquery_easy_ui/themes/icons/storage_new.png HTTP/1.1" 304 -
114.88.175.227 - - [30/Nov/2020:09:32:09 +0800] "GET /xingrg/javascript/jquery_easy_ui/themes/icons/forms_new.png HTTP/1.1" 304 -
114.88.175.227 - - [30/Nov/2020:09:32:09 +0800] "GET /xingrg/javascript/jquery_easy_ui/themes/default/images/tree_file.gif HTTP/1.1" 304 -
180.157.253.48 - - [30/Nov/2020:09:32:13 +0800] "GET /xingrg/javascript/easyui/themes/default/images/button_plain_hover.png HTTP/1.1" 304 -
180.157.253.48 - - [30/Nov/2020:09:32:13 +0800] "GET /xingrg/javascript/easyui/themes/default/images/button_plain_hover.png HTTP/1.1" 304 -
180.157.253.48 - - [30/Nov/2020:09:32:13 +0800] "GET /xingrg/javascript/easyui/themes/default/images/button_plain_hover.png HTTP/1.1" 304 -
180.157.253.48 - - [30/Nov/2020:09:32:14 +0800] "GET /xingrg/all/function/internal_message.html?_=1606699934212&CODE_STATE=getMsg HTTP/1.1" 200 27
117.185.32.26 - - [30/Nov/2020:09:32:14 +0800] "GET /xingrg/kc/buy/cgsh_order_operate.html?command=get_materiel&rest_code=00106&code=00101008271&supplier_code=00100007&order_time=2020-11-30 HTTP/1.1" 200 408
114.84.37.38 - - [30/Nov/2020:09:32:15 +0800] "GET /xingrg/kc/buy/cgsh_order_operate.html?command=get_materiel&rest_code=00146&code=00101008296&supplier_code=00100005&order_time=2020-11-30 HTTP/1.1" 200 416
116.228.172.94 - - [30/Nov/2020:09:32:17 +0800] "GET /xingrg/all/function/internal_message.html?_=1606699940025&CODE_STATE=getMsg HTTP/1.1" 200 27
180.162.223.42 - - [30/Nov/2020:09:32:18 +0800] "GET /xingrg/all/function/internal_message.html?_=1606699940464&CODE_STATE=getMsg HTTP/1.1" 200 27
101.85.93.83 - - [30/Nov/2020:09:32:18 +0800] "GET /xingrg/all/function/internal_message.html?_=1606699662596&CODE_STATE=getMsg HTTP/1.1" 200 27
117.185.32.26 - - [30/Nov/2020:09:32:22 +0800] "GET /xingrg/all/function/internal_message.html?_=1606699933887&CODE_STATE=getMsg HTTP/1.1" 200 27
117.185.32.26 - - [30/Nov/2020:09:32:22 +0800] "GET /xingrg/check_reg.html?_=1606699933886 HTTP/1.1" 200 22
101.85.93.83 - - [30/Nov/2020:09:32:23 +0800] "GET /xingrg/kc/buy/cgsh_order_operate.html?command=get_materiel&rest_code=00142&code=00102010599&supplier_code=00100207&order_time=2020-11-30 HTTP/1.1" 200 408
117.131.5.26 - - [30/Nov/2020:09:32:24 +0800] "GET /xingrg/all/function/internal_message.html?_=1606699980627&CODE_STATE=getMsg HTTP/1.1" 200 27
117.185.32.26 - - [30/Nov/2020:09:32:25 +0800] "GET /xingrg/kc/buy/cgsh_order_operate.html?command=get_materiel&rest_code=00106&code=00101008213&supplier_code=00100007&order_time=2020-11-30 HTTP/1.1" 200 412
114.84.37.38 - - [30/Nov/2020:09:32:27 +0800] "GET /xingrg/kc/buy/cgsh_order_operate.html?command=get_materiel&rest_code=00146&code=00101008098&supplier_code=00100005&order_time=2020-11-30 HTTP/1.1" 200 412
172.17.0.185 - - [30/Nov/2020:09:32:29 +0800] "GET /xingrg/all/function/internal_message.html?_=1606699948965&CODE_STATE=getMsg HTTP/1.1" 200 27
180.174.56.115 - - [30/Nov/2020:09:32:30 +0800] "GET /xingrg/all/function/internal_message.html?_=1606699951133&CODE_STATE=getMsg HTTP/1.1" 200 27
116.232.52.15 - - [30/Nov/2020:09:32:32 +0800] "GET /xingrg/all/function/internal_message.html?_=1606699953847&CODE_STATE=getMsg HTTP/1.1" 200 27
117.184.7.26 - - [30/Nov/2020:09:32:34 +0800] "GET /xingrg/all/function/internal_message.html?_=1606699952051&CODE_STATE=getMsg HTTP/1.1" 200 27
114.84.37.38 - - [30/Nov/2020:09:32:37 +0800] "GET /xingrg/kc/buy/cgsh_order_operate.html?command=get_materiel&rest_code=00146&code=00101008353&supplier_code=00100005&order_time=2020-11-30 HTTP/1.1" 200 408
117.185.32.26 - - [30/Nov/2020:09:32:38 +0800] "POST /xingrg/kc/buy/cgsh_order_operate.html HTTP/1.1" 200 2065
222.69.137.175 - - [30/Nov/2020:09:32:39 +0800] "GET /xingrg/check_reg.html?_=1606699958780 HTTP/1.1" 200 22
222.69.137.175 - - [30/Nov/2020:09:32:39 +0800] "GET /xingrg/all/function/internal_message.html?_=1606699958923&CODE_STATE=getMsg HTTP/1.1" 200 27
117.185.32.26 - - [30/Nov/2020:09:32:42 +0800] "GET /xingrg/kc/buy/cgsh_order_operate.html?command=get_materiel&rest_code=00106&code=00101008078&supplier_code=00100007&order_time=2020-11-30 HTTP/1.1" 200 416
114.88.175.227 - - [30/Nov/2020:09:32:42 +0800] "GET /xingrg/kc/buy/cgsh_order_list.html HTTP/1.1" 200 45069
114.88.175.227 - - [30/Nov/2020:09:32:42 +0800] "GET /xingrg/javascript/jquery_easy_ui/themes/default/images/tabs_close.gif HTTP/1.1" 304 -
114.88.175.227 - - [30/Nov/2020:09:32:42 +0800] "GET /xingrg/javascript/jquery_tools/datebox.css HTTP/1.1" 304 -
114.88.175.227 - - [30/Nov/2020:09:32:42 +0800] "GET /xingrg/css/base.css HTTP/1.1" 304 -
114.88.175.227 - - [30/Nov/2020:09:32:42 +0800] "GET /xingrg/css/site.css HTTP/1.1" 304 -
114.88.175.227 - - [30/Nov/2020:09:32:42 +0800] "GET /xingrg/javascript/easyui/themes/default/easyui.css HTTP/1.1" 304 -
114.88.175.227 - - [30/Nov/2020:09:32:42 +0800] "GET /xingrg/javascript/jquery_tools/fix.css HTTP/1.1" 304 -
114.88.175.227 - - [30/Nov/2020:09:32:42 +0800] "GET /xingrg/javascript/easyui/themes/icon.css HTTP/1.1" 304 -
114.88.175.227 - - [30/Nov/2020:09:32:42 +0800] "GET /xingrg/javascript/auto/jquery.autocomplete.css HTTP/1.1" 304 -
114.88.175.227 - - [30/Nov/2020:09:32:42 +0800] "GET /xingrg/javascript/jquery_tools/table.css HTTP/1.1" 304 -
114.88.175.227 - - [30/Nov/2020:09:32:42 +0800] "GET /xingrg/javascript/jquery_tools/jquery.tools.min.js HTTP/1.1" 304 -
114.88.175.227 - - [30/Nov/2020:09:32:42 +0800] "GET /xingrg/javascript/jquery_tools/jquery.tools.extend.js HTTP/1.1" 304 -
114.88.175.227 - - [30/Nov/2020:09:32:42 +0800] "GET /xingrg/javascript/jquery_tools/jquery.tools.hotkey.js HTTP/1.1" 304 -
114.88.175.227 - - [30/Nov/2020:09:32:42 +0800] "GET /xingrg/javascript/jquery_tools/jquery.tools.table.js HTTP/1.1" 304 -
114.88.175.227 - - [30/Nov/2020:09:32:42 +0800] "GET /xingrg/javascript/jquery_tools/list_manager.js HTTP/1.1" 304 -
114.88.175.227 - - [30/Nov/2020:09:32:42 +0800] "GET /xingrg/javascript/auto/jquery.autocomplete.js HTTP/1.1" 304 -
114.88.175.227 - - [30/Nov/2020:09:32:42 +0800] "GET /xingrg/javascript/jquery.cookie.js HTTP/1.1" 304 -
114.88.175.227 - - [30/Nov/2020:09:32:42 +0800] "GET /xingrg/javascript/easyui/easyloader.js HTTP/1.1" 304 -
114.88.175.227 - - [30/Nov/2020:09:32:42 +0800] "GET /xingrg/javascript/print/LodopFuncs.js HTTP/1.1" 304 -
180.162.223.42 - - [30/Nov/2020:09:32:43 +0800] "GET /xingrg/all/function/internal_message.html?_=1606699944930&CODE_STATE=getMsg HTTP/1.1" 200 27
114.88.175.227 - - [30/Nov/2020:09:32:43 +0800] "GET /xingrg/javascript/easyui/themes/icons/edit_add_new.png HTTP/1.1" 304 -
114.88.175.227 - - [30/Nov/2020:09:32:43 +0800] "GET /xingrg/javascript/easyui/themes/icons/cance_new.png HTTP/1.1" 304 -
114.88.175.227 - - [30/Nov/2020:09:32:43 +0800] "GET /xingrg/javascript/easyui/themes/icons/check_new.png HTTP/1.1" 304 -
114.88.175.227 - - [30/Nov/2020:09:32:43 +0800] "GET /xingrg/javascript/easyui/themes/icons/field_new.png HTTP/1.1" 304 -
114.88.175.227 - - [30/Nov/2020:09:32:43 +0800] "GET /xingrg/javascript/easyui/themes/icons/import_new.png HTTP/1.1" 304 -
114.88.175.227 - - [30/Nov/2020:09:32:43 +0800] "GET /xingrg/javascript/easyui/plugins/jquery.parser.js HTTP/1.1" 304 -
114.88.175.227 - - [30/Nov/2020:09:32:43 +0800] "GET /xingrg/images/control/ajaxLoader.gif HTTP/1.1" 304 -
114.88.175.227 - - [30/Nov/2020:09:32:43 +0800] "GET /xingrg/javascript/jquery_easy_ui/themes/icons/area.png HTTP/1.1" 304 -
114.88.175.227 - - [30/Nov/2020:09:32:44 +0800] "GET /xingrg/javascript/jquery_easy_ui/themes/icons/rest.png HTTP/1.1" 304 -
101.85.228.137 - - [30/Nov/2020:09:32:44 +0800] "GET /xingrg/all/function/internal_message.html?_=1606700192977&CODE_STATE=getMsg HTTP/1.1" 200 27
114.88.175.227 - - [30/Nov/2020:09:32:45 +0800] "POST /xingrg/kc/buy/cgsh_list_operate.html HTTP/1.1" 200 2776
114.84.37.38 - - [30/Nov/2020:09:32:45 +0800] "GET /xingrg/kc/buy/cgsh_order_operate.html?command=get_materiel&rest_code=00146&code=00101008213&supplier_code=00100005&order_time=2020-11-30 HTTP/1.1" 200 412
117.184.7.26 - - [30/Nov/2020:09:32:45 +0800] "GET /xingrg/check_reg.html?_=1606699963626 HTTP/1.1" 200 22
101.85.93.83 - - [30/Nov/2020:09:32:47 +0800] "GET /xingrg/kc/buy/cgsh_order_operate.html?command=get_materiel&rest_code=00142&code=00102009488&supplier_code=00100207&order_time=2020-11-30 HTTP/1.1" 200 408
114.88.175.227 - - [30/Nov/2020:09:32:47 +0800] "POST /xingrg/kc/buy/cgsh_list_operate.html HTTP/1.1" 200 577
114.88.175.227 - - [30/Nov/2020:09:32:47 +0800] "GET /xingrg/kc/buy/cgsh_order_info.html?code=212020113011814 HTTP/1.1" 200 60818
114.88.175.227 - - [30/Nov/2020:09:32:47 +0800] "GET /xingrg/javascript/pic_change.js HTTP/1.1" 304 -
114.88.175.227 - - [30/Nov/2020:09:32:47 +0800] "GET /xingrg/javascript/jquery_tools/order_manager.js HTTP/1.1" 304 -
114.88.175.227 - - [30/Nov/2020:09:32:47 +0800] "GET /xingrg/javascript/convert.js HTTP/1.1" 304 -
114.88.175.227 - - [30/Nov/2020:09:32:47 +0800] "GET /xingrg/javascript/json2.js HTTP/1.1" 304 -
114.88.175.227 - - [30/Nov/2020:09:32:47 +0800] "GET /xingrg/javascript/print/kc_print.js HTTP/1.1" 304 -
114.88.175.227 - - [30/Nov/2020:09:32:47 +0800] "GET /xingrg/words/20201127160732_words.js HTTP/1.1" 304 -
114.88.175.227 - - [30/Nov/2020:09:32:48 +0800] "GET /xingrg/javascript/easyui/themes/icons/copy_new.png HTTP/1.1" 304 -
114.88.175.227 - - [30/Nov/2020:09:32:48 +0800] "GET /xingrg/javascript/easyui/themes/icons/template_new.png HTTP/1.1" 304 -
114.88.175.227 - - [30/Nov/2020:09:32:48 +0800] "GET /xingrg/javascript/easyui/themes/icons/ok.png HTTP/1.1" 304 -
114.88.175.227 - - [30/Nov/2020:09:32:48 +0800] "GET /xingrg/javascript/easyui/themes/icons/print.png HTTP/1.1" 304 -
114.88.175.227 - - [30/Nov/2020:09:32:48 +0800] "GET /xingrg/javascript/easyui/themes/default/images/menu_downarrow.png HTTP/1.1" 304 -
114.88.175.227 - - [30/Nov/2020:09:32:48 +0800] "GET /xingrg/javascript/easyui/themes/icons/cancel.png HTTP/1.1" 304 -
114.88.175.227 - - [30/Nov/2020:09:32:48 +0800] "GET /xingrg/all/common/auto_word.html?type=employee&rest_code=00111 HTTP/1.1" 200 205
114.88.175.227 - - [30/Nov/2020:09:32:48 +0800] "GET /xingrg/all/common/auto_word.html?type=employee&rest_code=00111 HTTP/1.1" 200 205
114.88.175.227 - - [30/Nov/2020:09:32:48 +0800] "GET /xingrg/javascript/easyui/themes/default/validatebox.css HTTP/1.1" 404 1104
114.88.175.227 - - [30/Nov/2020:09:32:48 +0800] "GET /xingrg/javascript/easyui/plugins/jquery.validatebox.js HTTP/1.1" 304 -
114.88.175.227 - - [30/Nov/2020:09:32:48 +0800] "GET /xingrg/javascript/easyui/plugins/jquery.numberbox.js HTTP/1.1" 304 -
114.88.175.227 - - [30/Nov/2020:09:32:48 +0800] "POST /xingrg/kc/buy/cgsh_order_operate.html HTTP/1.1" 200 11571
114.88.175.227 - - [30/Nov/2020:09:32:48 +0800] "GET /xingrg/javascript/easyui/themes/icons/edit_remove.png HTTP/1.1" 304 -
114.88.175.227 - - [30/Nov/2020:09:32:49 +0800] "GET /xingrg/javascript/easyui/themes/default/images/button_plain_hover.png HTTP/1.1" 304 -
114.88.175.227 - - [30/Nov/2020:09:32:49 +0800] "GET /xingrg/kc/print/load_config.html?kc_code=cgsh HTTP/1.1" 200 1845
114.88.175.227 - - [30/Nov/2020:09:32:50 +0800] "GET /xingrg/kc/print/load_data.html?order_code=212020113011814&kc_code=cgsh HTTP/1.1" 200 4107
172.17.0.102 - - [30/Nov/2020:09:32:51 +0800] "GET /xingrg/all/function/internal_message.html?_=1606699971484&CODE_STATE=getMsg HTTP/1.1" 200 27
114.88.175.227 - - [30/Nov/2020:09:32:51 +0800] "GET /xingrg/check_reg.html?_=1606700092546 HTTP/1.1" 200 22
114.88.175.227 - - [30/Nov/2020:09:32:51 +0800] "GET /xingrg/all/function/internal_message.html?_=1606700092547&CODE_STATE=getMsg HTTP/1.1" 200 27
120.253.135.82 - - [30/Nov/2020:09:32:51 +0800] "GET /xingrg/all/function/internal_message.html?_=1606700086828&CODE_STATE=getMsg HTTP/1.1" 200 27
180.174.56.115 - - [30/Nov/2020:09:32:53 +0800] "GET /xingrg/all/function/internal_message.html?_=1606699947473&CODE_STATE=getMsg HTTP/1.1" 200 27
117.185.32.26 - - [30/Nov/2020:09:32:56 +0800] "GET /xingrg/kc/buy/cgsh_order_operate.html?command=get_materiel&rest_code=00106&code=00101008331&supplier_code=00100007&order_time=2020-11-30 HTTP/1.1" 200 416
114.88.175.227 - - [30/Nov/2020:09:33:02 +0800] "GET /xingrg/javascript/jquery_easy_ui/themes/default/images/tabs_active.png HTTP/1.1" 304 -
180.174.56.115 - - [30/Nov/2020:09:33:04 +0800] "POST /xingrg/all/user/operate.html HTTP/1.1" 200 36
180.174.56.115 - - [30/Nov/2020:09:33:04 +0800] "GET /xingrg/javascript/jquery_easy_ui/themes/default/easyui.css HTTP/1.1" 304 -
180.174.56.115 - - [30/Nov/2020:09:33:04 +0800] "GET /xingrg/index.html?sysBaseUrl=http%3A%2F%2F180.169.147.146%3A18081%2Fxingrg%2F&costTime=39×tamp=1606697863056 HTTP/1.1" 200 17179
180.174.56.115 - - [30/Nov/2020:09:33:04 +0800] "GET /xingrg/javascript/jquery_easy_ui/themes/icon.css HTTP/1.1" 304 -
180.174.56.115 - - [30/Nov/2020:09:33:04 +0800] "GET /xingrg/css/form.css HTTP/1.1" 304 -
180.174.56.115 - - [30/Nov/2020:09:33:04 +0800] "GET /xingrg/javascript/jquery-1.4.2.min.js HTTP/1.1" 304 -
180.174.56.115 - - [30/Nov/2020:09:33:04 +0800] "GET /xingrg/javascript/jquery_easy_ui/jquery.easyui.min.js HTTP/1.1" 304 -
180.174.56.115 - - [30/Nov/2020:09:33:04 +0800] "GET /xingrg/javascript/jquery_easy_ui/easyui-lang-zh_CN.js HTTP/1.1" 304 -
180.174.56.115 - - [30/Nov/2020:09:33:04 +0800] "GET /xingrg/javascript/jquery.form.js HTTP/1.1" 304 -
180.174.56.115 - - [30/Nov/2020:09:33:04 +0800] "GET /xingrg/javascript/jquery.utils.js HTTP/1.1" 304 -
180.174.56.115 - - [30/Nov/2020:09:33:04 +0800] "GET /xingrg/javascript/jquery.timers.js HTTP/1.1" 304 -
180.174.56.115 - - [30/Nov/2020:09:33:04 +0800] "GET /xingrg/images/blue/jxLogo.png HTTP/1.1" 304 -
180.174.56.115 - - [30/Nov/2020:09:33:04 +0800] "GET /xingrg/images/blue/navBackgound.jpg HTTP/1.1" 304 -
180.174.56.115 - - [30/Nov/2020:09:33:04 +0800] "GET /xingrg/javascript/jquery_easy_ui/themes/icons/settle_new.png HTTP/1.1" 304 -
180.174.56.115 - - [30/Nov/2020:09:33:04 +0800] "GET /xingrg/images/blue/pingpu.png HTTP/1.1" 304 -
180.174.56.115 - - [30/Nov/2020:09:33:04 +0800] "POST /xingrg/all/common/load_tree.html?tree=area_rest_tree_json&manage=1 HTTP/1.1" 200 476
180.174.56.115 - - [30/Nov/2020:09:33:04 +0800] "GET /xingrg/javascript/jquery_easy_ui/themes/default/images/tabs_leftarrow.png HTTP/1.1" 304 -
180.174.56.115 - - [30/Nov/2020:09:33:04 +0800] "GET /xingrg/javascript/jquery_easy_ui/themes/default/images/tabs_rightarrow.png HTTP/1.1" 304 -
180.174.56.115 - - [30/Nov/2020:09:33:04 +0800] "GET /xingrg/javascript/jquery_easy_ui/themes/default/images/panel_tool_collapse.gif HTTP/1.1" 304 -
180.174.56.115 - - [30/Nov/2020:09:33:04 +0800] "GET /xingrg/all/function/internal_message.html?_=1606699958385&CODE_STATE=count HTTP/1.1" 200 11
180.174.56.115 - - [30/Nov/2020:09:33:04 +0800] "GET /xingrg/check_reg.html?_=1606699958386 HTTP/1.1" 200 22
180.174.56.115 - - [30/Nov/2020:09:33:04 +0800] "POST /xingrg/load_menu.html HTTP/1.1" 200 5138
114.88.175.227 - - [30/Nov/2020:09:33:04 +0800] "POST /xingrg/kc/buy/cgsh_list_operate.html HTTP/1.1" 200 416
114.88.175.227 - - [30/Nov/2020:09:33:05 +0800] "GET /xingrg/kc/buy/cgsh_order_info.html?code=212020113011806 HTTP/1.1" 200 60816
114.88.175.227 - - [30/Nov/2020:09:33:05 +0800] "GET /xingrg/javascript/easyui/themes/default/validatebox.css HTTP/1.1" 404 1104
114.88.175.227 - - [30/Nov/2020:09:33:05 +0800] "GET /xingrg/javascript/jquery_tools/images/prev.gif HTTP/1.1" 404 1086
114.88.175.227 - - [30/Nov/2020:09:33:05 +0800] "GET /xingrg/javascript/jquery_tools/images/next.gif HTTP/1.1" 404 1086
114.88.175.227 - - [30/Nov/2020:09:33:05 +0800] "POST /xingrg/kc/buy/cgsh_order_operate.html HTTP/1.1" 200 4419
114.88.175.227 - - [30/Nov/2020:09:33:06 +0800] "POST /xingrg/kc/buy/cgsh_list_operate.html HTTP/1.1" 200 2776
117.185.32.26 - - [30/Nov/2020:09:33:06 +0800] "GET /xingrg/kc/buy/cgsh_order_operate.html?command=get_materiel&rest_code=00106&code=00101008003&supplier_code=00100007&order_time=2020-11-30 HTTP/1.1" 200 408
114.88.175.227 - - [30/Nov/2020:09:33:07 +0800] "GET /xingrg/kc/print/load_data.html?order_code=212020113011806&kc_code=cgsh HTTP/1.1" 200 1382
180.174.56.115 - - [30/Nov/2020:09:33:08 +0800] "GET /xingrg/kc/buy/cgsh_order_list.html HTTP/1.1" 200 45075
114.88.175.227 - - [30/Nov/2020:09:33:09 +0800] "GET /xingrg/all/function/internal_message.html?_=1606699986939&CODE_STATE=getMsg HTTP/1.1" 200 27
180.174.56.115 - - [30/Nov/2020:09:33:09 +0800] "POST /xingrg/kc/buy/cgsh_list_operate.html HTTP/1.1" 200 1690
101.85.93.83 - - [30/Nov/2020:09:33:11 +0800] "GET /xingrg/kc/buy/cgsh_order_operate.html?command=get_materiel&rest_code=00142&code=00102003547&supplier_code=00100207&order_time=2020-11-30 HTTP/1.1" 200 401
180.157.253.48 - - [30/Nov/2020:09:33:14 +0800] "GET /xingrg/all/function/internal_message.html?_=1606699994429&CODE_STATE=getMsg HTTP/1.1" 200 27
117.185.32.26 - - [30/Nov/2020:09:33:14 +0800] "GET /xingrg/kc/buy/cgsh_order_operate.html?command=get_materiel&rest_code=00106&code=00101008024&supplier_code=00100007&order_time=2020-11-30 HTTP/1.1" 200 408
116.228.172.94 - - [30/Nov/2020:09:33:17 +0800] "GET /xingrg/all/function/internal_message.html?_=1606700000019&CODE_STATE=getMsg HTTP/1.1" 200 27
180.174.56.115 - - [30/Nov/2020:09:33:17 +0800] "GET /xingrg/javascript/jquery_tools/images/prev.gif HTTP/1.1" 404 1086
180.174.56.115 - - [30/Nov/2020:09:33:17 +0800] "GET /xingrg/javascript/jquery_tools/images/next.gif HTTP/1.1" 404 1086
114.88.175.227 - - [30/Nov/2020:09:33:18 +0800] "POST /xingrg/kc/buy/cgsh_list_operate.html HTTP/1.1" 200 2776
101.85.93.83 - - [30/Nov/2020:09:33:18 +0800] "GET /xingrg/all/function/internal_message.html?_=1606699722611&CODE_STATE=getMsg HTTP/1.1" 200 27
101.85.93.83 - - [30/Nov/2020:09:33:18 +0800] "GET /xingrg/check_reg.html?_=1606699722609 HTTP/1.1" 200 22
180.162.223.42 - - [30/Nov/2020:09:33:19 +0800] "GET /xingrg/all/function/internal_message.html?_=1606700000524&CODE_STATE=getMsg HTTP/1.1" 200 27
114.88.175.227 - - [30/Nov/2020:09:33:19 +0800] "POST /xingrg/kc/buy/cgsh_list_operate.html HTTP/1.1" 200 576
114.88.175.227 - - [30/Nov/2020:09:33:19 +0800] "GET /xingrg/kc/buy/cgsh_order_info.html?code=212020113011805 HTTP/1.1" 200 60816
114.88.175.227 - - [30/Nov/2020:09:33:20 +0800] "GET /xingrg/javascript/easyui/themes/default/validatebox.css HTTP/1.1" 404 1104
114.88.175.227 - - [30/Nov/2020:09:33:20 +0800] "POST /xingrg/kc/buy/cgsh_order_operate.html HTTP/1.1" 200 36372
114.88.175.227 - - [30/Nov/2020:09:33:20 +0800] "POST /xingrg/kc/buy/cgsh_list_operate.html HTTP/1.1" 200 2776
180.174.56.115 - - [30/Nov/2020:09:33:22 +0800] "POST /xingrg/kc/buy/cgsh_order_operate.html HTTP/1.1" 200 37
114.88.175.227 - - [30/Nov/2020:09:33:22 +0800] "GET /xingrg/kc/print/load_data.html?order_code=212020113011805&kc_code=cgsh HTTP/1.1" 200 13455
117.185.32.26 - - [30/Nov/2020:09:33:22 +0800] "GET /xingrg/all/function/internal_message.html?_=1606699993915&CODE_STATE=getMsg HTTP/1.1" 200 27
222.69.137.175 - - [30/Nov/2020:09:33:23 +0800] "GET /xingrg/kc/buy/cgsh_order_add.html HTTP/1.1" 200 60860
222.69.137.175 - - [30/Nov/2020:09:33:24 +0800] "POST /xingrg/kc/buy/cgsh_order_operate.html HTTP/1.1" 200 8245
222.69.137.175 - - [30/Nov/2020:09:33:24 +0800] "GET /xingrg/javascript/easyui/themes/default/validatebox.css HTTP/1.1" 404 1104
117.131.5.26 - - [30/Nov/2020:09:33:24 +0800] "GET /xingrg/all/function/internal_message.html?_=1606700040626&CODE_STATE=getMsg HTTP/1.1" 200 27
117.131.5.26 - - [30/Nov/2020:09:33:24 +0800] "GET /xingrg/check_reg.html?_=1606700040628 HTTP/1.1" 200 22
117.185.32.26 - - [30/Nov/2020:09:33:25 +0800] "POST /xingrg/kc/buy/cgsh_order_operate.html HTTP/1.1" 200 37
180.174.56.115 - - [30/Nov/2020:09:33:25 +0800] "POST /xingrg/kc/buy/cgsh_order_operate.html HTTP/1.1" 200 12
180.174.56.115 - - [30/Nov/2020:09:33:26 +0800] "GET /xingrg/kc/buy/cgsh_order_info.html?code=212020113011819 HTTP/1.1" 200 55624
180.174.56.115 - - [30/Nov/2020:09:33:26 +0800] "GET /xingrg/javascript/easyui/themes/default/validatebox.css HTTP/1.1" 404 1104
180.174.56.115 - - [30/Nov/2020:09:33:27 +0800] "POST /xingrg/kc/buy/cgsh_order_operate.html HTTP/1.1" 200 3563
117.185.32.26 - - [30/Nov/2020:09:33:27 +0800] "POST /xingrg/kc/buy/cgsh_order_operate.html HTTP/1.1" 200 15656
180.174.56.115 - - [30/Nov/2020:09:33:28 +0800] "GET /xingrg/kc/print/load_data.html?order_code=212020113011819&kc_code=cgsh&condition= HTTP/1.1" 200 1815
172.17.0.185 - - [30/Nov/2020:09:33:29 +0800] "GET /xingrg/all/function/internal_message.html?_=1606700008968&CODE_STATE=getMsg HTTP/1.1" 200 27
172.17.0.185 - - [30/Nov/2020:09:33:29 +0800] "GET /xingrg/check_reg.html?_=1606700008972 HTTP/1.1" 200 22
180.174.56.115 - - [30/Nov/2020:09:33:30 +0800] "GET /xingrg/javascript/auto/indicator.gif HTTP/1.1" 404 1066
180.174.56.115 - - [30/Nov/2020:09:33:30 +0800] "GET /xingrg/all/function/internal_message.html?_=1606700011194&CODE_STATE=getMsg HTTP/1.1" 200 27
222.69.137.175 - - [30/Nov/2020:09:33:31 +0800] "POST /xingrg/kc/buy/cgsh_list_operate.html HTTP/1.1" 200 3660
116.232.52.15 - - [30/Nov/2020:09:33:32 +0800] "GET /xingrg/all/function/internal_message.html?_=1606700013852&CODE_STATE=getMsg HTTP/1.1" 200 27
180.162.223.42 - - [30/Nov/2020:09:33:33 +0800] "GET /xingrg/kc/buy/cgsh_order_operate.html?command=get_materiel&rest_code=00105&code=00101008318&supplier_code=00100203&order_time=2020-11-30 HTTP/1.1" 200 408
117.184.7.26 - - [30/Nov/2020:09:33:34 +0800] "GET /xingrg/all/function/internal_message.html?_=1606700012034&CODE_STATE=getMsg HTTP/1.1" 200 27
114.88.175.227 - - [30/Nov/2020:09:33:34 +0800] "POST /xingrg/kc/buy/cgsh_list_operate.html HTTP/1.1" 200 2776
180.174.56.115 - - [30/Nov/2020:09:33:34 +0800] "POST /xingrg/kc/buy/cgsh_list_operate.html HTTP/1.1" 200 5513
114.88.175.227 - - [30/Nov/2020:09:33:35 +0800] "POST /xingrg/kc/buy/cgsh_list_operate.html HTTP/1.1" 200 490
114.88.175.227 - - [30/Nov/2020:09:33:36 +0800] "GET /xingrg/kc/buy/cgsh_order_info.html?code=212020113011817 HTTP/1.1" 200 60816
114.88.175.227 - - [30/Nov/2020:09:33:36 +0800] "GET /xingrg/javascript/easyui/themes/default/validatebox.css HTTP/1.1" 404 1104
114.88.175.227 - - [30/Nov/2020:09:33:36 +0800] "POST /xingrg/kc/buy/cgsh_order_operate.html HTTP/1.1" 200 5013
114.88.175.227 - - [30/Nov/2020:09:33:37 +0800] "POST /xingrg/kc/buy/cgsh_list_operate.html HTTP/1.1" 200 2776
114.88.175.227 - - [30/Nov/2020:09:33:37 +0800] "GET /xingrg/kc/print/load_data.html?order_code=212020113011817&kc_code=cgsh HTTP/1.1" 200 1649
222.69.137.175 - - [30/Nov/2020:09:33:39 +0800] "GET /xingrg/all/function/internal_message.html?_=1606700018904&CODE_STATE=getMsg HTTP/1.1" 200 27
117.185.32.26 - - [30/Nov/2020:09:33:41 +0800] "GET /xingrg/kc/buy/cgsh_order_operate.html?command=get_materiel&rest_code=00106&code=00101008175&supplier_code=00100007&order_time=2020-11-30 HTTP/1.1" 200 412
180.162.223.42 - - [30/Nov/2020:09:33:43 +0800] "GET /xingrg/all/function/internal_message.html?_=1606700004929&CODE_STATE=getMsg HTTP/1.1" 200 27
180.162.223.42 - - [30/Nov/2020:09:33:43 +0800] "GET /xingrg/check_reg.html?_=1606700004932 HTTP/1.1" 200 22
101.85.228.137 - - [30/Nov/2020:09:33:44 +0800] "GET /xingrg/all/function/internal_message.html?_=1606700252985&CODE_STATE=getMsg HTTP/1.1" 200 27
180.162.223.42 - - [30/Nov/2020:09:33:46 +0800] "POST /xingrg/kc/buy/cgsh_order_operate.html HTTP/1.1" 200 37
180.162.223.42 - - [30/Nov/2020:09:33:47 +0800] "POST /xingrg/kc/buy/cgsh_order_operate.html HTTP/1.1" 200 34006
180.162.223.42 - - [30/Nov/2020:09:33:48 +0800] "GET /xingrg/kc/print/load_data.html?order_code=212020113011795&kc_code=cgsh&condition= HTTP/1.1" 200 12494
172.17.0.102 - - [30/Nov/2020:09:33:51 +0800] "GET /xingrg/all/function/internal_message.html?_=1606700031465&CODE_STATE=getMsg HTTP/1.1" 200 27
114.88.175.227 - - [30/Nov/2020:09:33:51 +0800] "GET /xingrg/all/function/internal_message.html?_=1606700152544&CODE_STATE=getMsg HTTP/1.1" 200 27
120.253.135.82 - - [30/Nov/2020:09:33:51 +0800] "GET /xingrg/all/function/internal_message.html?_=1606700146846&CODE_STATE=getMsg HTTP/1.1" 200 27
101.85.93.83 - - [30/Nov/2020:09:33:53 +0800] "GET /xingrg/kc/buy/cgsh_order_operate.html?command=get_materiel&rest_code=00142&code=00102004113&supplier_code=00100207&order_time=2020-11-30 HTTP/1.1" 200 399
180.174.56.115 - - [30/Nov/2020:09:34:03 +0800] "POST /xingrg/kc/buy/cgsh_list_operate.html HTTP/1.1" 200 3146
180.174.56.115 - - [30/Nov/2020:09:34:04 +0800] "GET /xingrg/all/function/internal_message.html?_=1606700018392&CODE_STATE=getMsg HTTP/1.1" 200 27
114.88.175.227 - - [30/Nov/2020:09:34:09 +0800] "GET /xingrg/all/function/internal_message.html?_=1606700046970&CODE_STATE=getMsg HTTP/1.1" 200 27
180.157.253.48 - - [30/Nov/2020:09:34:14 +0800] "GET /xingrg/all/function/internal_message.html?_=1606700054442&CODE_STATE=getMsg HTTP/1.1" 200 27
116.228.172.94 - - [30/Nov/2020:09:34:17 +0800] "GET /xingrg/all/function/internal_message.html?_=1606700060002&CODE_STATE=getMsg HTTP/1.1" 200 27
101.85.93.83 - - [30/Nov/2020:09:34:18 +0800] "GET /xingrg/all/function/internal_message.html?_=1606699782597&CODE_STATE=getMsg HTTP/1.1" 200 27
180.162.223.42 - - [30/Nov/2020:09:34:19 +0800] "GET /xingrg/all/function/internal_message.html?_=1606700060516&CODE_STATE=getMsg HTTP/1.1" 200 27
117.185.32.26 - - [30/Nov/2020:09:34:19 +0800] "GET /xingrg/kc/buy/cgsh_order_operate.html?command=get_materiel&rest_code=00106&code=00101008017&supplier_code=00100007&order_time=2020-11-30 HTTP/1.1" 200 418
117.185.32.26 - - [30/Nov/2020:09:34:22 +0800] "GET /xingrg/all/function/internal_message.html?_=1606700053937&CODE_STATE=getMsg HTTP/1.1" 200 27
172.17.0.102 - - [30/Nov/2020:09:34:23 +0800] "GET /xingrg/check_reg.html?_=1606700063306 HTTP/1.1" 200 22
117.131.5.26 - - [30/Nov/2020:09:34:24 +0800] "GET /xingrg/all/function/internal_message.html?_=1606700100626&CODE_STATE=getMsg HTTP/1.1" 200 27
58.221.95.50 - - [30/Nov/2020:09:34:25 +0800] "GET /xingrg/check_reg.html?_=1606700078504 HTTP/1.1" 302 -
58.221.95.50 - - [30/Nov/2020:09:34:25 +0800] "GET /xingrg/check_reg.html?_=1606700078507 HTTP/1.1" 302 -
172.17.0.185 - - [30/Nov/2020:09:34:29 +0800] "GET /xingrg/all/function/internal_message.html?_=1606700068975&CODE_STATE=getMsg HTTP/1.1" 200 27
180.174.56.115 - - [30/Nov/2020:09:34:30 +0800] "GET /xingrg/all/function/internal_message.html?_=1606700071162&CODE_STATE=getMsg HTTP/1.1" 200 27
120.253.135.82 - - [30/Nov/2020:09:34:31 +0800] "GET /xingrg/check_reg.html?_=1606700186849 HTTP/1.1" 200 22
116.232.52.15 - - [30/Nov/2020:09:34:32 +0800] "GET /xingrg/all/function/internal_message.html?_=1606700073855&CODE_STATE=getMsg HTTP/1.1" 200 27
222.69.137.175 - - [30/Nov/2020:09:34:32 +0800] "GET /xingrg/kc/buy/cgsh_order_operate.html?command=get_materiel&rest_code=00149&code=00101004067&supplier_code=00100083&order_time=2020-11-30 HTTP/1.1" 200 413
180.174.56.115 - - [30/Nov/2020:09:34:34 +0800] "GET /xingrg/kc/buy/cgsh_order_list.html HTTP/1.1" 200 45075
117.184.7.26 - - [30/Nov/2020:09:34:34 +0800] "GET /xingrg/all/function/internal_message.html?_=1606700072031&CODE_STATE=getMsg HTTP/1.1" 200 27
180.174.56.115 - - [30/Nov/2020:09:34:35 +0800] "POST /xingrg/kc/buy/cgsh_list_operate.html HTTP/1.1" 200 1690
180.174.56.115 - - [30/Nov/2020:09:34:39 +0800] "POST /xingrg/kc/buy/cgsh_list_operate.html HTTP/1.1" 200 564
222.69.137.175 - - [30/Nov/2020:09:34:39 +0800] "GET /xingrg/all/function/internal_message.html?_=1606700078877&CODE_STATE=getMsg HTTP/1.1" 200 27
222.69.137.175 - - [30/Nov/2020:09:34:41 +0800] "GET /xingrg/kc/buy/cgsh_order_operate.html?command=get_materiel&rest_code=00149&code=00101004030&supplier_code=00100083&order_time=2020-11-30 HTTP/1.1" 200 429
180.174.56.115 - - [30/Nov/2020:09:34:42 +0800] "GET /xingrg/kc/buy/cgsh_order_info.html?code=212020113011787 HTTP/1.1" 200 60740
101.85.228.137 - - [30/Nov/2020:09:34:43 +0800] "GET /xingrg/check_reg.html?_=1606700311401 HTTP/1.1" 200 22
180.174.56.115 - - [30/Nov/2020:09:34:43 +0800] "GET /xingrg/javascript/easyui/themes/default/validatebox.css HTTP/1.1" 404 1104
180.174.56.115 - - [30/Nov/2020:09:34:43 +0800] "POST /xingrg/kc/buy/cgsh_order_operate.html HTTP/1.1" 200 24560
180.162.223.42 - - [30/Nov/2020:09:34:43 +0800] "GET /xingrg/all/function/internal_message.html?_=1606700064931&CODE_STATE=getMsg HTTP/1.1" 200 27
101.85.228.137 - - [30/Nov/2020:09:34:44 +0800] "GET /xingrg/all/function/internal_message.html?_=1606700312999&CODE_STATE=getMsg HTTP/1.1" 200 27
222.69.137.175 - - [30/Nov/2020:09:34:49 +0800] "GET /xingrg/kc/buy/cgsh_order_operate.html?command=get_materiel&rest_code=00149&code=00101004027&supplier_code=00100083&order_time=2020-11-30 HTTP/1.1" 200 411
172.17.0.102 - - [30/Nov/2020:09:34:51 +0800] "GET /xingrg/all/function/internal_message.html?_=1606700091466&CODE_STATE=getMsg HTTP/1.1" 200 27
101.85.93.83 - - [30/Nov/2020:09:34:51 +0800] "GET /xingrg/kc/buy/cgsh_order_operate.html?command=get_materiel&rest_code=00142&code=00102002037&supplier_code=00100207&order_time=2020-11-30 HTTP/1.1" 200 431
114.88.175.227 - - [30/Nov/2020:09:34:51 +0800] "GET /xingrg/all/function/internal_message.html?_=1606700212543&CODE_STATE=getMsg HTTP/1.1" 200 27
120.253.135.82 - - [30/Nov/2020:09:34:51 +0800] "GET /xingrg/all/function/internal_message.html?_=1606700206859&CODE_STATE=getMsg HTTP/1.1" 200 27
114.84.4.90 - - [30/Nov/2020:09:34:52 +0800] "POST /xingrg/services/DataTransmitService HTTP/1.1" 200 524
222.69.137.175 - - [30/Nov/2020:09:34:59 +0800] "GET /xingrg/kc/buy/cgsh_order_operate.html?command=get_materiel&rest_code=00149&code=00101004033&supplier_code=00100083&order_time=2020-11-30 HTTP/1.1" 200 460
101.85.93.83 - - [30/Nov/2020:09:35:03 +0800] "GET /xingrg/kc/buy/cgsh_order_operate.html?command=get_materiel&rest_code=00142&code=00102002040&supplier_code=00100207&order_time=2020-11-30 HTTP/1.1" 200 409
180.174.56.115 - - [30/Nov/2020:09:35:04 +0800] "GET /xingrg/all/function/internal_message.html?_=1606700078404&CODE_STATE=getMsg HTTP/1.1" 200 27
114.84.37.38 - - [30/Nov/2020:09:35:05 +0800] "GET /xingrg/check_reg.html?_=1606700106270 HTTP/1.1" 200 22
222.69.137.175 - - [30/Nov/2020:09:35:07 +0800] "POST /xingrg/kc/buy/cgsh_order_operate.html HTTP/1.1" 200 37
114.88.175.227 - - [30/Nov/2020:09:35:09 +0800] "GET /xingrg/all/function/internal_message.html?_=1606700106981&CODE_STATE=getMsg HTTP/1.1" 200 27
222.69.137.175 - - [30/Nov/2020:09:35:12 +0800] "POST /xingrg/kc/buy/cgsh_order_operate.html HTTP/1.1" 200 12
180.157.253.48 - - [30/Nov/2020:09:35:14 +0800] "GET /xingrg/all/function/internal_message.html?_=1606700114676&CODE_STATE=getMsg HTTP/1.1" 200 27
222.69.137.175 - - [30/Nov/2020:09:35:14 +0800] "GET /xingrg/kc/buy/cgsh_order_info.html?code=212020113011821 HTTP/1.1" 200 55761
222.69.137.175 - - [30/Nov/2020:09:35:15 +0800] "GET /xingrg/javascript/easyui/themes/default/validatebox.css HTTP/1.1" 404 1104
222.69.137.175 - - [30/Nov/2020:09:35:15 +0800] "POST /xingrg/kc/buy/cgsh_order_operate.html HTTP/1.1" 200 2410
116.228.172.94 - - [30/Nov/2020:09:35:16 +0800] "GET /xingrg/check_reg.html?_=1606700119058 HTTP/1.1" 200 22
116.228.172.94 - - [30/Nov/2020:09:35:17 +0800] "GET /xingrg/all/function/internal_message.html?_=1606700119996&CODE_STATE=getMsg HTTP/1.1" 200 27
222.69.137.175 - - [30/Nov/2020:09:35:17 +0800] "GET /xingrg/kc/print/load_data.html?order_code=212020113011821&kc_code=cgsh&condition= HTTP/1.1" 200 1418
180.162.223.42 - - [30/Nov/2020:09:35:18 +0800] "GET /xingrg/check_reg.html?_=1606700120467 HTTP/1.1" 200 22
101.85.93.83 - - [30/Nov/2020:09:35:18 +0800] "GET /xingrg/all/function/internal_message.html?_=1606699842595&CODE_STATE=getMsg HTTP/1.1" 200 27
180.162.223.42 - - [30/Nov/2020:09:35:18 +0800] "GET /xingrg/all/function/internal_message.html?_=1606700120484&CODE_STATE=getMsg HTTP/1.1" 200 27
222.69.137.175 - - [30/Nov/2020:09:35:22 +0800] "GET /xingrg/kc/buy/cgsh_order_add.html HTTP/1.1" 200 60860
117.185.32.26 - - [30/Nov/2020:09:35:22 +0800] "POST /xingrg/kc/buy/cgsh_order_operate.html HTTP/1.1" 200 37
222.69.137.175 - - [30/Nov/2020:09:35:22 +0800] "POST /xingrg/kc/buy/cgsh_order_operate.html HTTP/1.1" 200 8245
222.69.137.175 - - [30/Nov/2020:09:35:22 +0800] "GET /xingrg/javascript/easyui/themes/default/validatebox.css HTTP/1.1" 404 1104
117.185.32.26 - - [30/Nov/2020:09:35:23 +0800] "GET /xingrg/all/function/internal_message.html?_=1606700114583&CODE_STATE=getMsg HTTP/1.1" 200 27
117.185.32.26 - - [30/Nov/2020:09:35:23 +0800] "POST /xingrg/kc/buy/cgsh_order_operate.html HTTP/1.1" 200 16856
117.131.5.26 - - [30/Nov/2020:09:35:24 +0800] "GET /xingrg/all/function/internal_message.html?_=1606700160624&CODE_STATE=getMsg HTTP/1.1" 200 27
101.85.93.83 - - [30/Nov/2020:09:35:28 +0800] "POST /xingrg/kc/buy/cgsh_order_operate.html HTTP/1.1" 200 37
172.17.0.185 - - [30/Nov/2020:09:35:29 +0800] "GET /xingrg/all/function/internal_message.html?_=1606700128965&CODE_STATE=getMsg HTTP/1.1" 200 27
101.85.93.83 - - [30/Nov/2020:09:35:30 +0800] "POST /xingrg/kc/buy/cgsh_order_operate.html HTTP/1.1" 200 5606
180.174.56.115 - - [30/Nov/2020:09:35:30 +0800] "GET /xingrg/all/function/internal_message.html?_=1606700131237&CODE_STATE=getMsg HTTP/1.1" 200 27
116.232.52.15 - - [30/Nov/2020:09:35:32 +0800] "GET /xingrg/all/function/internal_message.html?_=1606700133855&CODE_STATE=getMsg HTTP/1.1" 200 27
117.184.7.26 - - [30/Nov/2020:09:35:34 +0800] "GET /xingrg/all/function/internal_message.html?_=1606700132040&CODE_STATE=getMsg HTTP/1.1" 200 27
222.69.137.175 - - [30/Nov/2020:09:35:39 +0800] "GET /xingrg/all/function/internal_message.html?_=1606700138849&CODE_STATE=getMsg HTTP/1.1" 200 27
222.69.137.175 - - [30/Nov/2020:09:35:43 +0800] "GET /xingrg/kc/buy/cgsh_order_operate.html?command=get_materiel&rest_code=00149&code=00101010348&supplier_code=00100036&order_time=2020-11-30 HTTP/1.1" 200 417
180.162.223.42 - - [30/Nov/2020:09:35:43 +0800] "GET /xingrg/all/function/internal_message.html?_=1606700124931&CODE_STATE=getMsg HTTP/1.1" 200 27
101.85.228.137 - - [30/Nov/2020:09:35:44 +0800] "GET /xingrg/all/function/internal_message.html?_=1606700373012&CODE_STATE=getMsg HTTP/1.1" 200 27
222.69.137.175 - - [30/Nov/2020:09:35:50 +0800] "GET /xingrg/kc/buy/cgsh_order_operate.html?command=get_materiel&rest_code=00149&code=00101016030&supplier_code=00100036&order_time=2020-11-30 HTTP/1.1" 200 412
172.17.0.102 - - [30/Nov/2020:09:35:51 +0800] "GET /xingrg/all/function/internal_message.html?_=1606700151435&CODE_STATE=getMsg HTTP/1.1" 200 27
114.88.175.227 - - [30/Nov/2020:09:35:51 +0800] "GET /xingrg/all/function/internal_message.html?_=1606700272542&CODE_STATE=getMsg HTTP/1.1" 200 27
120.253.135.82 - - [30/Nov/2020:09:35:51 +0800] "GET /xingrg/all/function/internal_message.html?_=1606700266872&CODE_STATE=getMsg HTTP/1.1" 200 27
222.69.137.175 - - [30/Nov/2020:09:35:58 +0800] "GET /xingrg/kc/buy/cgsh_order_operate.html?command=get_materiel&rest_code=00149&code=00101012026&supplier_code=00100036&order_time=2020-11-30 HTTP/1.1" 200 408
180.174.56.115 - - [30/Nov/2020:09:36:04 +0800] "GET /xingrg/all/function/internal_message.html?_=1606700138419&CODE_STATE=getMsg HTTP/1.1" 200 27
222.69.137.175 - - [30/Nov/2020:09:36:08 +0800] "POST /xingrg/kc/buy/cgsh_order_operate.html HTTP/1.1" 200 37
114.88.175.227 - - [30/Nov/2020:09:36:09 +0800] "GET /xingrg/all/function/internal_message.html?_=1606700167005&CODE_STATE=getMsg HTTP/1.1" 200 27
114.84.37.38 - - [30/Nov/2020:09:36:09 +0800] "GET /xingrg/check_reg.html?_=1606700171722 HTTP/1.1" 302 -
222.69.137.175 - - [30/Nov/2020:09:36:10 +0800] "POST /xingrg/kc/buy/cgsh_order_operate.html HTTP/1.1" 200 12
222.69.137.175 - - [30/Nov/2020:09:36:11 +0800] "GET /xingrg/kc/buy/cgsh_order_info.html?code=212020113011823 HTTP/1.1" 200 55765
222.69.137.175 - - [30/Nov/2020:09:36:12 +0800] "GET /xingrg/javascript/easyui/themes/default/validatebox.css HTTP/1.1" 404 1104
222.69.137.175 - - [30/Nov/2020:09:36:12 +0800] "POST /xingrg/kc/buy/cgsh_order_operate.html HTTP/1.1" 200 1794
222.69.137.175 - - [30/Nov/2020:09:36:13 +0800] "GET /xingrg/kc/print/load_data.html?order_code=212020113011823&kc_code=cgsh&condition= HTTP/1.1" 200 1231
180.157.253.48 - - [30/Nov/2020:09:36:14 +0800] "GET /xingrg/check_reg.html?_=1606700174206 HTTP/1.1" 200 22
180.174.56.115 - - [30/Nov/2020:09:36:14 +0800] "POST /xingrg/kc/buy/cgsh_list_operate.html HTTP/1.1" 200 5453
180.157.253.48 - - [30/Nov/2020:09:36:15 +0800] "GET /xingrg/all/function/internal_message.html?_=1606700174883&CODE_STATE=getMsg HTTP/1.1" 200 27
101.85.93.83 - - [30/Nov/2020:09:36:17 +0800] "POST /xingrg/kc/buy/cgsh_order_operate.html HTTP/1.1" 200 37
116.228.172.94 - - [30/Nov/2020:09:36:17 +0800] "GET /xingrg/all/function/internal_message.html?_=1606700179990&CODE_STATE=getMsg HTTP/1.1" 200 27
222.69.137.175 - - [30/Nov/2020:09:36:17 +0800] "GET /xingrg/kc/buy/cgsh_order_add.html HTTP/1.1" 200 60860
222.69.137.175 - - [30/Nov/2020:09:36:17 +0800] "POST /xingrg/kc/buy/cgsh_order_operate.html HTTP/1.1" 200 8245
222.69.137.175 - - [30/Nov/2020:09:36:17 +0800] "GET /xingrg/javascript/easyui/themes/default/validatebox.css HTTP/1.1" 404 1104
101.85.93.83 - - [30/Nov/2020:09:36:18 +0800] "GET /xingrg/all/function/internal_message.html?_=1606699902588&CODE_STATE=getMsg HTTP/1.1" 200 27
180.162.223.42 - - [30/Nov/2020:09:36:18 +0800] "GET /xingrg/all/function/internal_message.html?_=1606700180472&CODE_STATE=getMsg HTTP/1.1" 200 27
101.85.93.83 - - [30/Nov/2020:09:36:19 +0800] "POST /xingrg/kc/buy/cgsh_order_operate.html HTTP/1.1" 200 12
101.85.93.83 - - [30/Nov/2020:09:36:19 +0800] "GET /xingrg/kc/buy/cgsh_order_info.html?code=212020113011822 HTTP/1.1" 200 54829
101.85.93.83 - - [30/Nov/2020:09:36:20 +0800] "GET /xingrg/javascript/easyui/themes/default/validatebox.css HTTP/1.1" 404 1104
101.85.93.83 - - [30/Nov/2020:09:36:20 +0800] "POST /xingrg/kc/buy/cgsh_order_operate.html HTTP/1.1" 200 3554
101.85.93.83 - - [30/Nov/2020:09:36:21 +0800] "GET /xingrg/kc/print/load_data.html?order_code=212020113011822&kc_code=cgsh&condition= HTTP/1.1" 200 1816
117.185.32.26 - - [30/Nov/2020:09:36:23 +0800] "GET /xingrg/all/function/internal_message.html?_=1606700174620&CODE_STATE=getMsg HTTP/1.1" 200 27
117.131.5.26 - - [30/Nov/2020:09:36:25 +0800] "GET /xingrg/all/function/internal_message.html?_=1606700220639&CODE_STATE=getMsg HTTP/1.1" 200 27
172.17.0.185 - - [30/Nov/2020:09:36:29 +0800] "GET /xingrg/all/function/internal_message.html?_=1606700188970&CODE_STATE=getMsg HTTP/1.1" 200 27
180.174.56.115 - - [30/Nov/2020:09:36:30 +0800] "GET /xingrg/check_reg.html?_=1606700191137 HTTP/1.1" 200 22
180.174.56.115 - - [30/Nov/2020:09:36:30 +0800] "GET /xingrg/all/function/internal_message.html?_=1606700191218&CODE_STATE=getMsg HTTP/1.1" 200 27
222.69.137.175 - - [30/Nov/2020:09:36:32 +0800] "GET /xingrg/kc/buy/cgsh_order_operate.html?command=get_materiel&rest_code=00149&code=00101006087&supplier_code=00100012&order_time=2020-11-30 HTTP/1.1" 200 409
116.232.52.15 - - [30/Nov/2020:09:36:32 +0800] "GET /xingrg/all/function/internal_message.html?_=1606700193857&CODE_STATE=getMsg HTTP/1.1" 200 27
116.232.52.15 - - [30/Nov/2020:09:36:32 +0800] "GET /xingrg/check_reg.html?_=1606700193861 HTTP/1.1" 200 22
