114.88.175.227 - - [30/Nov/2020:08:28:30 +0800] "GET /xingrg/index.html?sysBaseUrl=http%3A%2F%2F180.169.147.146%3A18081%2Fxingrg%2F&costTime=38×tamp=1606696110277 HTTP/1.1" 200 17173
114.88.175.227 - - [30/Nov/2020:08:28:30 +0800] "POST /xingrg/all/common/load_tree.html?tree=area_rest_tree_json&manage=1 HTTP/1.1" 200 342
114.88.175.227 - - [30/Nov/2020:08:28:30 +0800] "GET /xingrg/all/function/internal_message.html?_=1606696231589&CODE_STATE=count HTTP/1.1" 200 11
114.88.175.227 - - [30/Nov/2020:08:28:30 +0800] "GET /xingrg/check_reg.html?_=1606696231590 HTTP/1.1" 200 22
114.88.175.227 - - [30/Nov/2020:08:28:30 +0800] "GET /favicon.ico HTTP/1.1" 404 -
114.88.175.227 - - [30/Nov/2020:08:28:30 +0800] "POST /xingrg/load_menu.html HTTP/1.1" 200 5138
114.88.175.227 - - [30/Nov/2020:08:28:32 +0800] "GET /xingrg/kc/buy/cgsh_order_list.html HTTP/1.1" 200 45069
114.88.175.227 - - [30/Nov/2020:08:28:34 +0800] "POST /xingrg/kc/buy/cgsh_list_operate.html HTTP/1.1" 200 876
114.88.175.227 - - [30/Nov/2020:08:28:35 +0800] "GET /xingrg/kc/base/wldb_order_list.html HTTP/1.1" 200 19418
117.184.7.30 - - [30/Nov/2020:08:28:35 +0800] "GET /xingrg/all/function/internal_message.html?_=1606696113158&CODE_STATE=getMsg HTTP/1.1" 200 27
114.88.175.227 - - [30/Nov/2020:08:28:35 +0800] "POST /xingrg/kc/base/wldb_list_operate.html HTTP/1.1" 200 928
114.88.175.227 - - [30/Nov/2020:08:28:36 +0800] "GET /xingrg/kc/base/wldb_order_add.html HTTP/1.1" 200 30587
114.88.175.227 - - [30/Nov/2020:08:28:36 +0800] "GET /xingrg/words/20201127160732_words.js HTTP/1.1" 304 -
114.88.175.227 - - [30/Nov/2020:08:28:36 +0800] "GET /xingrg/javascript/easyui/themes/icons/ok.png HTTP/1.1" 200 883
114.88.175.227 - - [30/Nov/2020:08:28:36 +0800] "GET /xingrg/javascript/easyui/themes/icons/cancel.png HTTP/1.1" 200 1133
114.88.175.227 - - [30/Nov/2020:08:28:36 +0800] "GET /xingrg/javascript/easyui/themes/icons/template_new.png HTTP/1.1" 200 3956
114.88.175.227 - - [30/Nov/2020:08:28:36 +0800] "GET /xingrg/all/common/auto_word.html?type=base&rest_code=00111 HTTP/1.1" 200 1753
114.88.175.227 - - [30/Nov/2020:08:28:36 +0800] "GET /xingrg/all/common/auto_word.html?type=base&rest_code=00111 HTTP/1.1" 200 1753
114.88.175.227 - - [30/Nov/2020:08:28:36 +0800] "GET /xingrg/javascript/easyui/themes/default/validatebox.css HTTP/1.1" 404 1104
114.88.175.227 - - [30/Nov/2020:08:28:36 +0800] "POST /xingrg/kc/base/wldb_order_operate.html HTTP/1.1" 200 6806
114.88.175.227 - - [30/Nov/2020:08:28:37 +0800] "GET /xingrg/javascript/easyui/themes/icons/edit_remove.png HTTP/1.1" 200 625
114.88.175.227 - - [30/Nov/2020:08:28:37 +0800] "GET /xingrg/javascript/auto/indicator.gif HTTP/1.1" 404 1066
114.88.175.227 - - [30/Nov/2020:08:28:38 +0800] "GET /xingrg/javascript/jquery_tools/images/prev.gif HTTP/1.1" 404 1086
114.88.175.227 - - [30/Nov/2020:08:28:38 +0800] "GET /xingrg/javascript/jquery_tools/images/next.gif HTTP/1.1" 404 1086
180.174.56.115 - - [30/Nov/2020:08:28:39 +0800] "GET /xingrg/all/function/internal_message.html?_=1606696119780&CODE_STATE=getMsg HTTP/1.1" 200 27
114.88.175.227 - - [30/Nov/2020:08:28:43 +0800] "GET /xingrg/kc/base/wldb_order_operate.html?command=get_materiel&rest_code=00111&base_code=0010283&code=00101013062 HTTP/1.1" 200 433
114.88.175.227 - - [30/Nov/2020:08:28:48 +0800] "GET /xingrg/kc/base/wldb_order_operate.html?command=get_materiel&rest_code=00111&base_code=0010283&code=00101013082 HTTP/1.1" 200 432
120.253.135.82 - - [30/Nov/2020:08:28:50 +0800] "GET /xingrg/all/function/internal_message.html?_=1606696245393&CODE_STATE=getMsg HTTP/1.1" 200 27
172.17.0.102 - - [30/Nov/2020:08:28:52 +0800] "GET /xingrg/all/function/internal_message.html?_=1606696132837&CODE_STATE=getMsg HTTP/1.1" 200 27
114.88.175.227 - - [30/Nov/2020:08:28:53 +0800] "GET /xingrg/kc/base/wldb_order_operate.html?command=get_materiel&rest_code=00111&base_code=0010283&code=00101013133 HTTP/1.1" 200 432
114.88.175.227 - - [30/Nov/2020:08:28:56 +0800] "GET /xingrg/kc/base/wldb_order_operate.html?command=get_materiel&rest_code=00111&base_code=0010283&code=00101016040 HTTP/1.1" 200 459
114.88.175.227 - - [30/Nov/2020:08:29:00 +0800] "GET /xingrg/kc/base/wldb_order_operate.html?command=get_materiel&rest_code=00111&base_code=0010283&code=00101019415 HTTP/1.1" 200 442
114.88.175.227 - - [30/Nov/2020:08:29:03 +0800] "GET /xingrg/kc/base/wldb_order_operate.html?command=get_materiel&rest_code=00111&base_code=0010283&code=00101019425 HTTP/1.1" 200 458
114.88.175.227 - - [30/Nov/2020:08:29:06 +0800] "POST /xingrg/kc/base/wldb_order_operate.html HTTP/1.1" 200 37
114.88.175.227 - - [30/Nov/2020:08:29:06 +0800] "POST /xingrg/kc/base/wldb_order_operate.html HTTP/1.1" 200 4591
114.88.175.227 - - [30/Nov/2020:08:29:07 +0800] "GET /xingrg/kc/base/wldb_order_info.html?code=422020113003431 HTTP/1.1" 200 30602
114.88.175.227 - - [30/Nov/2020:08:29:08 +0800] "GET /xingrg/javascript/easyui/themes/default/validatebox.css HTTP/1.1" 404 1104
114.88.175.227 - - [30/Nov/2020:08:29:08 +0800] "POST /xingrg/kc/base/wldb_order_operate.html HTTP/1.1" 200 4591
120.253.135.82 - - [30/Nov/2020:08:29:10 +0800] "GET /xingrg/check_reg.html?_=1606695899796 HTTP/1.1" 200 22
120.253.135.82 - - [30/Nov/2020:08:29:11 +0800] "GET /xingrg/all/function/internal_message.html?_=1606695900288&CODE_STATE=getMsg HTTP/1.1" 200 27
114.88.175.227 - - [30/Nov/2020:08:29:22 +0800] "GET /xingrg/kc/base/wldb_order_add.html HTTP/1.1" 200 30587
117.131.5.26 - - [30/Nov/2020:08:29:22 +0800] "GET /xingrg/kc/base/wldb_order_list.html HTTP/1.1" 200 19424
114.88.175.227 - - [30/Nov/2020:08:29:22 +0800] "GET /xingrg/javascript/easyui/themes/default/validatebox.css HTTP/1.1" 404 1104
114.88.175.227 - - [30/Nov/2020:08:29:22 +0800] "POST /xingrg/kc/base/wldb_order_operate.html HTTP/1.1" 200 6806
172.17.0.102 - - [30/Nov/2020:08:29:23 +0800] "GET /xingrg/check_reg.html?_=1606696163025 HTTP/1.1" 200 22
117.131.5.26 - - [30/Nov/2020:08:29:23 +0800] "POST /xingrg/kc/base/wldb_list_operate.html HTTP/1.1" 200 928
117.131.5.26 - - [30/Nov/2020:08:29:24 +0800] "GET /xingrg/all/function/internal_message.html?_=1606696200551&CODE_STATE=getMsg HTTP/1.1" 200 27
117.131.5.26 - - [30/Nov/2020:08:29:28 +0800] "GET /xingrg/kc/base/wldb_order_add.html HTTP/1.1" 200 30593
117.131.5.26 - - [30/Nov/2020:08:29:28 +0800] "GET /xingrg/words/20201127160732_words.js HTTP/1.1" 304 -
117.131.5.26 - - [30/Nov/2020:08:29:28 +0800] "GET /xingrg/all/common/auto_word.html?type=base&rest_code=00104 HTTP/1.1" 200 1753
117.131.5.26 - - [30/Nov/2020:08:29:28 +0800] "GET /xingrg/all/common/auto_word.html?type=base&rest_code=00104 HTTP/1.1" 200 1753
117.131.5.26 - - [30/Nov/2020:08:29:28 +0800] "GET /xingrg/javascript/easyui/themes/default/validatebox.css HTTP/1.1" 404 1104
117.131.5.26 - - [30/Nov/2020:08:29:28 +0800] "POST /xingrg/kc/base/wldb_order_operate.html HTTP/1.1" 200 6806
172.17.0.185 - - [30/Nov/2020:08:29:29 +0800] "GET /xingrg/all/function/internal_message.html?_=1606696168967&CODE_STATE=getMsg HTTP/1.1" 200 27
114.88.175.227 - - [30/Nov/2020:08:29:30 +0800] "GET /xingrg/all/function/internal_message.html?_=1606696291603&CODE_STATE=getMsg HTTP/1.1" 200 27
120.253.135.82 - - [30/Nov/2020:08:29:31 +0800] "GET /xingrg/check_reg.html?_=1606696286772 HTTP/1.1" 200 22
117.131.5.26 - - [30/Nov/2020:08:29:32 +0800] "GET /xingrg/kc/base/check_order_list.html HTTP/1.1" 200 16549
117.131.5.26 - - [30/Nov/2020:08:29:32 +0800] "POST /xingrg/kc/base/check_list_operate.html HTTP/1.1" 200 781
114.88.175.227 - - [30/Nov/2020:08:29:32 +0800] "GET /xingrg/kc/base/wldb_order_operate.html?command=get_materiel&rest_code=00111&base_code=0010283&code=00101019223 HTTP/1.1" 200 459
117.131.5.26 - - [30/Nov/2020:08:29:33 +0800] "GET /xingrg/css/table.css HTTP/1.1" 200 3684
117.131.5.26 - - [30/Nov/2020:08:29:33 +0800] "GET /xingrg/kc/base/check_order_add.html HTTP/1.1" 200 26396
117.131.5.26 - - [30/Nov/2020:08:29:33 +0800] "GET /xingrg/css/blue.css HTTP/1.1" 200 15949
117.131.5.26 - - [30/Nov/2020:08:29:33 +0800] "GET /xingrg/javascript/AjaxInfoList.js HTTP/1.1" 200 3774
117.131.5.26 - - [30/Nov/2020:08:29:33 +0800] "GET /xingrg/javascript/Calendar.js HTTP/1.1" 200 31561
117.131.5.26 - - [30/Nov/2020:08:29:33 +0800] "GET /xingrg/javascript/myfunction.js HTTP/1.1" 200 24559
117.131.5.26 - - [30/Nov/2020:08:29:33 +0800] "GET /xingrg/dwr/interface/AjaxCheckService.js HTTP/1.1" 200 14003
117.131.5.26 - - [30/Nov/2020:08:29:33 +0800] "GET /xingrg/dwr/interface/AjaxComOrderService.js HTTP/1.1" 200 18264
117.131.5.26 - - [30/Nov/2020:08:29:33 +0800] "GET /xingrg/dwr/util.js HTTP/1.1" 200 35990
117.131.5.26 - - [30/Nov/2020:08:29:33 +0800] "GET /xingrg/dwr/engine.js HTTP/1.1" 200 43631
117.131.5.26 - - [30/Nov/2020:08:29:34 +0800] "GET /xingrg/javascript/jquery_easy_ui/themes/icons/check_new.png HTTP/1.1" 200 3224
117.131.5.26 - - [30/Nov/2020:08:29:34 +0800] "GET /xingrg/javascript/jquery_easy_ui/themes/icons/print.png HTTP/1.1" 200 1057
117.131.5.26 - - [30/Nov/2020:08:29:34 +0800] "GET /xingrg/javascript/jquery_easy_ui/themes/icons/cance_new.png HTTP/1.1" 200 3986
117.131.5.26 - - [30/Nov/2020:08:29:34 +0800] "GET /xingrg/javascript/jquery_easy_ui/themes/icons/back_new.png HTTP/1.1" 200 3414
117.131.5.26 - - [30/Nov/2020:08:29:34 +0800] "GET /xingrg/javascript/jquery_easy_ui/themes/default/images/menu_downarrow.png HTTP/1.1" 200 173
116.232.52.76 - - [30/Nov/2020:08:29:34 +0800] "POST /xingrg/services/DataTransmitService HTTP/1.1" 200 524
117.184.7.30 - - [30/Nov/2020:08:29:35 +0800] "GET /xingrg/all/function/internal_message.html?_=1606696173142&CODE_STATE=getMsg HTTP/1.1" 200 27
180.174.56.115 - - [30/Nov/2020:08:29:38 +0800] "GET /xingrg/all/function/internal_message.html?_=1606696179764&CODE_STATE=getMsg HTTP/1.1" 200 27
117.131.5.26 - - [30/Nov/2020:08:29:39 +0800] "POST /xingrg/dwr/call/plaincall/AjaxCheckService.saveOrder.dwr HTTP/1.1" 200 78
117.131.5.26 - - [30/Nov/2020:08:29:41 +0800] "POST /xingrg/dwr/call/plaincall/AjaxCheckService.loadOrderItems.dwr HTTP/1.1" 200 367
117.131.5.26 - - [30/Nov/2020:08:29:42 +0800] "GET /xingrg/javascript/jquery_easy_ui/themes/icons/pencil.png HTTP/1.1" 200 713
180.174.56.115 - - [30/Nov/2020:08:29:43 +0800] "GET /xingrg/kc/buy/cgsh_order_list.html HTTP/1.1" 200 45075
180.174.56.115 - - [30/Nov/2020:08:29:44 +0800] "POST /xingrg/kc/buy/cgsh_list_operate.html HTTP/1.1" 200 876
117.131.5.26 - - [30/Nov/2020:08:29:44 +0800] "POST /xingrg/kc/report/common_data.html?type=materiel_category_tree HTTP/1.1" 200 3570
117.131.5.26 - - [30/Nov/2020:08:29:44 +0800] "GET /xingrg/javascript/jquery_easy_ui/themes/default/images/tree_checkbox_0.gif HTTP/1.1" 200 168
180.174.56.115 - - [30/Nov/2020:08:29:45 +0800] "GET /xingrg/kc/buy/cgsh_order_add.html HTTP/1.1" 200 60731
114.88.175.227 - - [30/Nov/2020:08:29:45 +0800] "GET /xingrg/kc/base/wldb_order_operate.html?command=get_materiel&rest_code=00111&base_code=0010283&code=00101019398 HTTP/1.1" 200 471
180.174.56.115 - - [30/Nov/2020:08:29:46 +0800] "GET /xingrg/words/20201127160732_words.js HTTP/1.1" 304 -
180.174.56.115 - - [30/Nov/2020:08:29:46 +0800] "POST /xingrg/kc/buy/cgsh_order_operate.html HTTP/1.1" 200 8245
180.174.56.115 - - [30/Nov/2020:08:29:46 +0800] "GET /xingrg/all/common/auto_word.html?type=employee&rest_code=00150 HTTP/1.1" 200 205
180.174.56.115 - - [30/Nov/2020:08:29:46 +0800] "GET /xingrg/javascript/easyui/themes/default/validatebox.css HTTP/1.1" 404 1104
180.174.56.115 - - [30/Nov/2020:08:29:46 +0800] "GET /xingrg/all/common/auto_word.html?type=employee&rest_code=00150 HTTP/1.1" 200 205
117.131.5.26 - - [30/Nov/2020:08:29:47 +0800] "GET /xingrg/javascript/jquery_easy_ui/themes/default/images/tree_checkbox_1.gif HTTP/1.1" 200 174
117.131.5.26 - - [30/Nov/2020:08:29:47 +0800] "GET /xingrg/javascript/jquery_easy_ui/themes/default/images/tree_checkbox_2.gif HTTP/1.1" 200 181
114.88.175.227 - - [30/Nov/2020:08:29:50 +0800] "POST /xingrg/kc/base/wldb_order_operate.html HTTP/1.1" 200 37
117.131.5.26 - - [30/Nov/2020:08:29:50 +0800] "POST /xingrg/dwr/call/plaincall/AjaxCheckService.importOrderItems.dwr HTTP/1.1" 200 78
120.253.135.82 - - [30/Nov/2020:08:29:50 +0800] "GET /xingrg/all/function/internal_message.html?_=1606696305398&CODE_STATE=getMsg HTTP/1.1" 200 27
114.88.175.227 - - [30/Nov/2020:08:29:50 +0800] "POST /xingrg/kc/base/wldb_order_operate.html HTTP/1.1" 200 3220
114.88.175.227 - - [30/Nov/2020:08:29:51 +0800] "GET /xingrg/kc/base/wldb_order_info.html?code=422020113003432 HTTP/1.1" 200 30602
117.131.5.26 - - [30/Nov/2020:08:29:51 +0800] "POST /xingrg/dwr/call/plaincall/AjaxCheckService.loadOrderItems.dwr HTTP/1.1" 200 62846
117.131.5.26 - - [30/Nov/2020:08:29:51 +0800] "GET /xingrg/javascript/jquery_easy_ui/themes/icons/no.png HTTP/1.1" 200 922
114.88.175.227 - - [30/Nov/2020:08:29:51 +0800] "GET /xingrg/javascript/easyui/themes/default/validatebox.css HTTP/1.1" 404 1104
114.88.175.227 - - [30/Nov/2020:08:29:51 +0800] "POST /xingrg/kc/base/wldb_order_operate.html HTTP/1.1" 200 3220
172.17.0.102 - - [30/Nov/2020:08:29:52 +0800] "GET /xingrg/all/function/internal_message.html?_=1606696192809&CODE_STATE=getMsg HTTP/1.1" 200 27
117.131.5.26 - - [30/Nov/2020:08:29:53 +0800] "GET /xingrg/javascript/jquery_easy_ui/themes/default/images/button_plain_hover.png HTTP/1.1" 200 252
117.131.5.26 - - [30/Nov/2020:08:29:55 +0800] "GET /xingrg/kc/print/load_config.html?_=1606696230704&kc_code=check HTTP/1.1" 200 2411
117.131.5.26 - - [30/Nov/2020:08:29:55 +0800] "GET /xingrg/kc/print/load_data.html?_=1606696230723&order_code=452020113000277&kc_code=check&condition= HTTP/1.1" 200 16503
114.88.175.227 - - [30/Nov/2020:08:30:02 +0800] "GET /xingrg/javascript/jquery_easy_ui/themes/icons/area.png HTTP/1.1" 200 262
114.88.175.227 - - [30/Nov/2020:08:30:02 +0800] "GET /xingrg/javascript/jquery_easy_ui/themes/icons/rest.png HTTP/1.1" 200 695
114.88.175.227 - - [30/Nov/2020:08:30:04 +0800] "GET /xingrg/kc/base/wldb_order_add.html HTTP/1.1" 200 30587
114.88.175.227 - - [30/Nov/2020:08:30:04 +0800] "GET /xingrg/javascript/easyui/themes/default/validatebox.css HTTP/1.1" 404 1104
114.88.175.227 - - [30/Nov/2020:08:30:04 +0800] "POST /xingrg/kc/base/wldb_order_operate.html HTTP/1.1" 200 6806
114.84.37.38 - - [30/Nov/2020:08:30:05 +0800] "GET /xingrg/check_reg.html?_=1606696206204 HTTP/1.1" 200 22
120.253.135.82 - - [30/Nov/2020:08:30:11 +0800] "GET /xingrg/all/function/internal_message.html?_=1606695960302&CODE_STATE=getMsg HTTP/1.1" 200 27
114.88.175.227 - - [30/Nov/2020:08:30:13 +0800] "GET /xingrg/kc/base/wldb_order_operate.html?command=get_materiel&rest_code=00111&base_code=0010283&code=00101016083 HTTP/1.1" 200 448
114.88.175.227 - - [30/Nov/2020:08:30:16 +0800] "GET /xingrg/kc/base/wldb_order_operate.html?command=get_materiel&rest_code=00111&base_code=0010283&code=00101019695 HTTP/1.1" 200 449
180.174.56.115 - - [30/Nov/2020:08:30:16 +0800] "GET /xingrg/javascript/auto/indicator.gif HTTP/1.1" 404 1066
114.88.175.227 - - [30/Nov/2020:08:30:20 +0800] "GET /xingrg/kc/base/wldb_order_operate.html?command=get_materiel&rest_code=00111&base_code=0010283&code=00101019071 HTTP/1.1" 200 455
114.88.175.227 - - [30/Nov/2020:08:30:22 +0800] "GET /xingrg/kc/base/wldb_order_operate.html?command=get_materiel&rest_code=00111&base_code=0010283&code=00101019133 HTTP/1.1" 200 464
117.131.5.26 - - [30/Nov/2020:08:30:24 +0800] "GET /xingrg/all/function/internal_message.html?_=1606696260548&CODE_STATE=getMsg HTTP/1.1" 200 27
114.88.175.227 - - [30/Nov/2020:08:30:25 +0800] "GET /xingrg/kc/base/wldb_order_operate.html?command=get_materiel&rest_code=00111&base_code=0010283&code=00101019183 HTTP/1.1" 200 432
180.174.56.115 - - [30/Nov/2020:08:30:26 +0800] "GET /xingrg/kc/buy/cgsh_order_operate.html?command=get_materiel&rest_code=00150&code=00101008176&supplier_code=00100007&order_time=2020-11-30 HTTP/1.1" 200 412
172.17.0.185 - - [30/Nov/2020:08:30:29 +0800] "GET /xingrg/all/function/internal_message.html?_=1606696228975&CODE_STATE=getMsg HTTP/1.1" 200 27
114.88.175.227 - - [30/Nov/2020:08:30:30 +0800] "GET /xingrg/all/function/internal_message.html?_=1606696351625&CODE_STATE=getMsg HTTP/1.1" 200 27
114.88.175.227 - - [30/Nov/2020:08:30:33 +0800] "GET /xingrg/kc/base/wldb_order_operate.html?command=get_materiel&rest_code=00111&base_code=0010283&code=00101019187 HTTP/1.1" 200 464
180.174.56.115 - - [30/Nov/2020:08:30:34 +0800] "GET /xingrg/kc/buy/cgsh_order_operate.html?command=get_materiel&rest_code=00150&code=00101008331&supplier_code=00100007&order_time=2020-11-30 HTTP/1.1" 200 416
117.184.7.30 - - [30/Nov/2020:08:30:35 +0800] "GET /xingrg/all/function/internal_message.html?_=1606696233128&CODE_STATE=getMsg HTTP/1.1" 200 27
180.174.56.115 - - [30/Nov/2020:08:30:38 +0800] "GET /xingrg/all/function/internal_message.html?_=1606696239748&CODE_STATE=getMsg HTTP/1.1" 200 27
180.174.56.115 - - [30/Nov/2020:08:30:39 +0800] "GET /xingrg/kc/buy/cgsh_order_operate.html?command=get_materiel&rest_code=00150&code=00101008350&supplier_code=00100007&order_time=2020-11-30 HTTP/1.1" 200 408
180.174.56.115 - - [30/Nov/2020:08:30:45 +0800] "GET /xingrg/kc/buy/cgsh_order_operate.html?command=get_materiel&rest_code=00150&code=00101008149&supplier_code=00100007&order_time=2020-11-30 HTTP/1.1" 200 408
120.253.135.82 - - [30/Nov/2020:08:30:50 +0800] "GET /xingrg/all/function/internal_message.html?_=1606696365412&CODE_STATE=getMsg HTTP/1.1" 200 27
114.88.175.227 - - [30/Nov/2020:08:30:52 +0800] "GET /xingrg/kc/base/wldb_order_operate.html?command=get_materiel&rest_code=00111&base_code=0010283&code=00101019193 HTTP/1.1" 200 446
180.174.56.115 - - [30/Nov/2020:08:30:52 +0800] "GET /xingrg/kc/buy/cgsh_order_operate.html?command=get_materiel&rest_code=00150&code=00101008351&supplier_code=00100007&order_time=2020-11-30 HTTP/1.1" 200 408
172.17.0.102 - - [30/Nov/2020:08:30:52 +0800] "GET /xingrg/all/function/internal_message.html?_=1606696252777&CODE_STATE=getMsg HTTP/1.1" 200 27
180.174.56.115 - - [30/Nov/2020:08:30:58 +0800] "GET /xingrg/kc/buy/cgsh_order_operate.html?command=get_materiel&rest_code=00150&code=00101008199&supplier_code=00100007&order_time=2020-11-30 HTTP/1.1" 200 408
180.174.56.115 - - [30/Nov/2020:08:31:07 +0800] "GET /xingrg/kc/buy/cgsh_order_operate.html?command=get_materiel&rest_code=00150&code=00101008163&supplier_code=00100007&order_time=2020-11-30 HTTP/1.1" 200 409
114.84.37.38 - - [30/Nov/2020:08:31:09 +0800] "GET /xingrg/check_reg.html?_=1606696271577 HTTP/1.1" 302 -
120.253.135.82 - - [30/Nov/2020:08:31:11 +0800] "GET /xingrg/all/function/internal_message.html?_=1606696020315&CODE_STATE=getMsg HTTP/1.1" 200 27
180.174.56.115 - - [30/Nov/2020:08:31:12 +0800] "GET /xingrg/kc/buy/cgsh_order_operate.html?command=get_materiel&rest_code=00150&code=00101008224&supplier_code=00100007&order_time=2020-11-30 HTTP/1.1" 200 436
180.174.56.115 - - [30/Nov/2020:08:31:18 +0800] "GET /xingrg/kc/buy/cgsh_order_operate.html?command=get_materiel&rest_code=00150&code=00101008190&supplier_code=00100007&order_time=2020-11-30 HTTP/1.1" 200 412
180.174.56.115 - - [30/Nov/2020:08:31:24 +0800] "GET /xingrg/kc/buy/cgsh_order_operate.html?command=get_materiel&rest_code=00150&code=00101008370&supplier_code=00100007&order_time=2020-11-30 HTTP/1.1" 200 412
117.131.5.26 - - [30/Nov/2020:08:31:24 +0800] "GET /xingrg/all/function/internal_message.html?_=1606696320546&CODE_STATE=getMsg HTTP/1.1" 200 27
172.17.0.185 - - [30/Nov/2020:08:31:29 +0800] "GET /xingrg/all/function/internal_message.html?_=1606696288968&CODE_STATE=getMsg HTTP/1.1" 200 27
180.174.56.115 - - [30/Nov/2020:08:31:30 +0800] "GET /xingrg/kc/buy/cgsh_order_operate.html?command=get_materiel&rest_code=00150&code=00101008126&supplier_code=00100007&order_time=2020-11-30 HTTP/1.1" 200 412
114.88.175.227 - - [30/Nov/2020:08:31:30 +0800] "GET /xingrg/all/function/internal_message.html?_=1606696411645&CODE_STATE=getMsg HTTP/1.1" 200 27
114.88.175.227 - - [30/Nov/2020:08:31:33 +0800] "GET /xingrg/kc/base/wldb_order_operate.html?command=get_materiel&rest_code=00111&base_code=0010283&code=00101019196 HTTP/1.1" 200 468
117.184.7.30 - - [30/Nov/2020:08:31:35 +0800] "GET /xingrg/all/function/internal_message.html?_=1606696293112&CODE_STATE=getMsg HTTP/1.1" 200 27
180.174.56.115 - - [30/Nov/2020:08:31:35 +0800] "GET /xingrg/kc/buy/cgsh_order_operate.html?command=get_materiel&rest_code=00150&code=00101008355&supplier_code=00100007&order_time=2020-11-30 HTTP/1.1" 200 408
180.162.223.42 - - [30/Nov/2020:08:31:37 +0800] "GET /xingrg/index.html?sysBaseUrl=http%3A%2F%2F180.169.147.146%3A18081%2Fxingrg%2F&costTime=32×tamp=1585224308505 HTTP/1.1" 302 -
180.162.223.42 - - [30/Nov/2020:08:31:37 +0800] "GET /xingrg/login.html HTTP/1.1" 200 7641
180.174.56.115 - - [30/Nov/2020:08:31:38 +0800] "GET /xingrg/check_reg.html?_=1606696298887 HTTP/1.1" 200 22
180.174.56.115 - - [30/Nov/2020:08:31:38 +0800] "GET /xingrg/all/function/internal_message.html?_=1606696299726&CODE_STATE=getMsg HTTP/1.1" 200 27
180.174.56.115 - - [30/Nov/2020:08:31:41 +0800] "GET /xingrg/kc/buy/cgsh_order_operate.html?command=get_materiel&rest_code=00150&code=00101008024&supplier_code=00100007&order_time=2020-11-30 HTTP/1.1" 200 408
180.174.56.115 - - [30/Nov/2020:08:31:49 +0800] "GET /xingrg/kc/buy/cgsh_order_operate.html?command=get_materiel&rest_code=00150&code=00101008356&supplier_code=00100007&order_time=2020-11-30 HTTP/1.1" 200 408
120.253.135.82 - - [30/Nov/2020:08:31:50 +0800] "GET /xingrg/all/function/internal_message.html?_=1606696425458&CODE_STATE=getMsg HTTP/1.1" 200 27
180.162.223.42 - - [30/Nov/2020:08:31:52 +0800] "GET /favicon.ico HTTP/1.1" 404 -
172.17.0.102 - - [30/Nov/2020:08:31:52 +0800] "GET /xingrg/all/function/internal_message.html?_=1606696312754&CODE_STATE=getMsg HTTP/1.1" 200 27
180.174.56.115 - - [30/Nov/2020:08:31:55 +0800] "GET /xingrg/kc/buy/cgsh_order_operate.html?command=get_materiel&rest_code=00150&code=00101008251&supplier_code=00100007&order_time=2020-11-30 HTTP/1.1" 200 408
180.174.56.115 - - [30/Nov/2020:08:32:01 +0800] "GET /xingrg/kc/buy/cgsh_order_operate.html?command=get_materiel&rest_code=00150&code=00101008360&supplier_code=00100007&order_time=2020-11-30 HTTP/1.1" 200 413
180.174.56.115 - - [30/Nov/2020:08:32:07 +0800] "GET /xingrg/kc/buy/cgsh_order_operate.html?command=get_materiel&rest_code=00150&code=00101008270&supplier_code=00100007&order_time=2020-11-30 HTTP/1.1" 200 412
120.253.135.82 - - [30/Nov/2020:08:32:11 +0800] "GET /xingrg/all/function/internal_message.html?_=1606696080334&CODE_STATE=getMsg HTTP/1.1" 200 27
117.131.5.26 - - [30/Nov/2020:08:32:24 +0800] "GET /xingrg/all/function/internal_message.html?_=1606696380547&CODE_STATE=getMsg HTTP/1.1" 200 27
172.17.0.185 - - [30/Nov/2020:08:32:29 +0800] "GET /xingrg/all/function/internal_message.html?_=1606696348977&CODE_STATE=getMsg HTTP/1.1" 200 27
114.88.175.227 - - [30/Nov/2020:08:32:30 +0800] "GET /xingrg/all/function/internal_message.html?_=1606696471591&CODE_STATE=getMsg HTTP/1.1" 200 27
117.184.7.30 - - [30/Nov/2020:08:32:35 +0800] "GET /xingrg/all/function/internal_message.html?_=1606696353088&CODE_STATE=getMsg HTTP/1.1" 200 27
180.174.56.115 - - [30/Nov/2020:08:32:38 +0800] "GET /xingrg/all/function/internal_message.html?_=1606696359704&CODE_STATE=getMsg HTTP/1.1" 200 27
117.184.7.30 - - [30/Nov/2020:08:32:45 +0800] "GET /xingrg/check_reg.html?_=1606696363779 HTTP/1.1" 200 22
180.174.56.115 - - [30/Nov/2020:08:32:45 +0800] "GET /xingrg/kc/buy/cgsh_order_operate.html?command=get_materiel&rest_code=00150&code=00101008069&supplier_code=00100007&order_time=2020-11-30 HTTP/1.1" 200 412
180.174.56.115 - - [30/Nov/2020:08:32:50 +0800] "GET /xingrg/kc/buy/cgsh_order_operate.html?command=get_materiel&rest_code=00150&code=00101008286&supplier_code=00100007&order_time=2020-11-30 HTTP/1.1" 200 408
120.253.135.82 - - [30/Nov/2020:08:32:50 +0800] "GET /xingrg/all/function/internal_message.html?_=1606696485470&CODE_STATE=getMsg HTTP/1.1" 200 27
172.17.0.102 - - [30/Nov/2020:08:32:52 +0800] "GET /xingrg/all/function/internal_message.html?_=1606696372728&CODE_STATE=getMsg HTTP/1.1" 200 27
180.174.56.115 - - [30/Nov/2020:08:32:55 +0800] "GET /xingrg/kc/buy/cgsh_order_operate.html?command=get_materiel&rest_code=00150&code=00101008036&supplier_code=00100007&order_time=2020-11-30 HTTP/1.1" 200 408
180.174.56.115 - - [30/Nov/2020:08:33:03 +0800] "POST /xingrg/kc/buy/cgsh_order_operate.html HTTP/1.1" 200 2065
180.174.56.115 - - [30/Nov/2020:08:33:08 +0800] "GET /xingrg/kc/buy/cgsh_order_operate.html?command=get_materiel&rest_code=00150&code=00101008131&supplier_code=00100007&order_time=2020-11-30 HTTP/1.1" 200 408
120.253.135.82 - - [30/Nov/2020:08:33:11 +0800] "GET /xingrg/all/function/internal_message.html?_=1606696140343&CODE_STATE=getMsg HTTP/1.1" 200 27
180.174.56.115 - - [30/Nov/2020:08:33:14 +0800] "GET /xingrg/kc/buy/cgsh_order_operate.html?command=get_materiel&rest_code=00150&code=00101008296&supplier_code=00100007&order_time=2020-11-30 HTTP/1.1" 200 416
180.174.56.115 - - [30/Nov/2020:08:33:19 +0800] "GET /xingrg/kc/buy/cgsh_order_operate.html?command=get_materiel&rest_code=00150&code=00101008353&supplier_code=00100007&order_time=2020-11-30 HTTP/1.1" 200 408
180.174.56.115 - - [30/Nov/2020:08:33:24 +0800] "GET /xingrg/kc/buy/cgsh_order_operate.html?command=get_materiel&rest_code=00150&code=00101008213&supplier_code=00100007&order_time=2020-11-30 HTTP/1.1" 200 412
117.131.5.26 - - [30/Nov/2020:08:33:24 +0800] "GET /xingrg/check_reg.html?_=1606696440546 HTTP/1.1" 200 22
117.131.5.26 - - [30/Nov/2020:08:33:24 +0800] "GET /xingrg/all/function/internal_message.html?_=1606696440547&CODE_STATE=getMsg HTTP/1.1" 200 27
180.174.56.115 - - [30/Nov/2020:08:33:29 +0800] "GET /xingrg/kc/buy/cgsh_order_operate.html?command=get_materiel&rest_code=00150&code=00101008095&supplier_code=00100007&order_time=2020-11-30 HTTP/1.1" 200 412
172.17.0.185 - - [30/Nov/2020:08:33:29 +0800] "GET /xingrg/all/function/internal_message.html?_=1606696408965&CODE_STATE=getMsg HTTP/1.1" 200 27
172.17.0.185 - - [30/Nov/2020:08:33:29 +0800] "GET /xingrg/check_reg.html?_=1606696408970 HTTP/1.1" 200 22
114.88.175.227 - - [30/Nov/2020:08:33:30 +0800] "GET /xingrg/all/function/internal_message.html?_=1606696531605&CODE_STATE=getMsg HTTP/1.1" 200 27
114.88.175.227 - - [30/Nov/2020:08:33:30 +0800] "GET /xingrg/check_reg.html?_=1606696531602 HTTP/1.1" 200 22
180.174.56.115 - - [30/Nov/2020:08:33:31 +0800] "POST /xingrg/kc/buy/cgsh_order_operate.html HTTP/1.1" 200 2065
117.184.7.30 - - [30/Nov/2020:08:33:35 +0800] "GET /xingrg/all/function/internal_message.html?_=1606696413062&CODE_STATE=getMsg HTTP/1.1" 200 27
180.174.56.115 - - [30/Nov/2020:08:33:35 +0800] "GET /xingrg/kc/buy/cgsh_order_operate.html?command=get_materiel&rest_code=00150&code=00101008110&supplier_code=00100007&order_time=2020-11-30 HTTP/1.1" 200 408
180.174.56.115 - - [30/Nov/2020:08:33:38 +0800] "GET /xingrg/all/function/internal_message.html?_=1606696419690&CODE_STATE=getMsg HTTP/1.1" 200 27
114.88.175.227 - - [30/Nov/2020:08:33:39 +0800] "GET /xingrg/kc/base/wldb_order_operate.html?command=get_materiel&rest_code=00111&base_code=0010283&code=00101019270 HTTP/1.1" 200 465
180.174.56.115 - - [30/Nov/2020:08:33:41 +0800] "GET /xingrg/kc/buy/cgsh_order_operate.html?command=get_materiel&rest_code=00150&code=00101008229&supplier_code=00100007&order_time=2020-11-30 HTTP/1.1" 200 420
114.88.175.227 - - [30/Nov/2020:08:33:43 +0800] "GET /xingrg/kc/base/wldb_order_operate.html?command=get_materiel&rest_code=00111&base_code=0010283&code=00101019306 HTTP/1.1" 200 465
180.174.56.115 - - [30/Nov/2020:08:33:45 +0800] "GET /xingrg/kc/buy/cgsh_order_operate.html?command=get_materiel&rest_code=00150&code=00101008242&supplier_code=00100007&order_time=2020-11-30 HTTP/1.1" 200 408
114.88.175.227 - - [30/Nov/2020:08:33:47 +0800] "GET /xingrg/kc/base/wldb_order_operate.html?command=get_materiel&rest_code=00111&base_code=0010283&code=00101019339 HTTP/1.1" 200 454
120.253.135.82 - - [30/Nov/2020:08:33:50 +0800] "GET /xingrg/all/function/internal_message.html?_=1606696545522&CODE_STATE=getMsg HTTP/1.1" 200 27
114.88.175.227 - - [30/Nov/2020:08:33:51 +0800] "GET /xingrg/kc/base/wldb_order_operate.html?command=get_materiel&rest_code=00111&base_code=0010283&code=00101019384 HTTP/1.1" 200 456
172.17.0.102 - - [30/Nov/2020:08:33:52 +0800] "GET /xingrg/all/function/internal_message.html?_=1606696432698&CODE_STATE=getMsg HTTP/1.1" 200 27
114.84.4.90 - - [30/Nov/2020:08:33:54 +0800] "POST /xingrg/services/DataTransmitService HTTP/1.1" 200 524
114.88.175.227 - - [30/Nov/2020:08:33:55 +0800] "GET /xingrg/kc/base/wldb_order_operate.html?command=get_materiel&rest_code=00111&base_code=0010283&code=00101019391 HTTP/1.1" 200 471
114.88.175.227 - - [30/Nov/2020:08:33:58 +0800] "GET /xingrg/kc/base/wldb_order_operate.html?command=get_materiel&rest_code=00111&base_code=0010283&code=00101019400 HTTP/1.1" 200 451
114.88.175.227 - - [30/Nov/2020:08:34:01 +0800] "GET /xingrg/kc/base/wldb_order_operate.html?command=get_materiel&rest_code=00111&base_code=0010283&code=00101019535 HTTP/1.1" 200 475
114.88.175.227 - - [30/Nov/2020:08:34:07 +0800] "GET /xingrg/kc/base/wldb_order_operate.html?command=get_materiel&rest_code=00111&base_code=0010283&code=00101027001 HTTP/1.1" 200 471
120.253.135.82 - - [30/Nov/2020:08:34:10 +0800] "GET /xingrg/check_reg.html?_=1606696199802 HTTP/1.1" 200 22
120.253.135.82 - - [30/Nov/2020:08:34:11 +0800] "GET /xingrg/all/function/internal_message.html?_=1606696200357&CODE_STATE=getMsg HTTP/1.1" 200 27
114.88.175.227 - - [30/Nov/2020:08:34:13 +0800] "POST /xingrg/kc/base/wldb_order_operate.html HTTP/1.1" 200 37
114.88.175.227 - - [30/Nov/2020:08:34:13 +0800] "POST /xingrg/kc/base/wldb_order_operate.html HTTP/1.1" 200 8741
114.88.175.227 - - [30/Nov/2020:08:34:13 +0800] "GET /xingrg/kc/base/wldb_order_info.html?code=422020113003433 HTTP/1.1" 200 30604
114.88.175.227 - - [30/Nov/2020:08:34:14 +0800] "GET /xingrg/javascript/easyui/themes/default/validatebox.css HTTP/1.1" 404 1104
114.88.175.227 - - [30/Nov/2020:08:34:14 +0800] "POST /xingrg/kc/base/wldb_order_operate.html HTTP/1.1" 200 8741
172.17.0.102 - - [30/Nov/2020:08:34:23 +0800] "GET /xingrg/check_reg.html?_=1606696463037 HTTP/1.1" 200 22
117.131.5.26 - - [30/Nov/2020:08:34:24 +0800] "GET /xingrg/all/function/internal_message.html?_=1606696500545&CODE_STATE=getMsg HTTP/1.1" 200 27
172.17.0.185 - - [30/Nov/2020:08:34:29 +0800] "GET /xingrg/all/function/internal_message.html?_=1606696468973&CODE_STATE=getMsg HTTP/1.1" 200 27
114.88.175.227 - - [30/Nov/2020:08:34:30 +0800] "GET /xingrg/all/function/internal_message.html?_=1606696591609&CODE_STATE=getMsg HTTP/1.1" 200 27
120.253.135.82 - - [30/Nov/2020:08:34:31 +0800] "GET /xingrg/check_reg.html?_=1606696586777 HTTP/1.1" 200 22
117.184.7.30 - - [30/Nov/2020:08:34:35 +0800] "GET /xingrg/all/function/internal_message.html?_=1606696473055&CODE_STATE=getMsg HTTP/1.1" 200 27
101.85.228.137 - - [30/Nov/2020:08:34:36 +0800] "GET /xingrg/login.html HTTP/1.1" 200 7641
101.85.228.137 - - [30/Nov/2020:08:34:36 +0800] "GET /xingrg/images/blue/jxLogo.png HTTP/1.1" 304 -
101.85.228.137 - - [30/Nov/2020:08:34:36 +0800] "GET /xingrg/images/blue/login_bg.png HTTP/1.1" 304 -
101.85.228.137 - - [30/Nov/2020:08:34:36 +0800] "GET /xingrg/images/blue/hj.png HTTP/1.1" 304 -
101.85.228.137 - - [30/Nov/2020:08:34:36 +0800] "GET /xingrg/images/blue/srbg.png HTTP/1.1" 304 -
101.85.228.137 - - [30/Nov/2020:08:34:36 +0800] "GET /favicon.ico HTTP/1.1" 404 -
180.174.56.115 - - [30/Nov/2020:08:34:38 +0800] "GET /xingrg/all/function/internal_message.html?_=1606696479672&CODE_STATE=getMsg HTTP/1.1" 200 27
101.85.228.137 - - [30/Nov/2020:08:34:42 +0800] "POST /xingrg/login.do HTTP/1.1" 302 -
101.85.228.137 - - [30/Nov/2020:08:34:42 +0800] "GET /xingrg/index.html?sysBaseUrl=http%3A%2F%2F180.169.147.146%3A18081%2Fxingrg%2F&costTime=39×tamp=1606696482174 HTTP/1.1" 200 17173
101.85.228.137 - - [30/Nov/2020:08:34:42 +0800] "GET /xingrg/javascript/jquery_easy_ui/themes/icon.css HTTP/1.1" 304 -
101.85.228.137 - - [30/Nov/2020:08:34:42 +0800] "GET /xingrg/javascript/jquery_easy_ui/themes/default/easyui.css HTTP/1.1" 304 -
101.85.228.137 - - [30/Nov/2020:08:34:42 +0800] "GET /xingrg/javascript/jquery.timers.js HTTP/1.1" 304 -
101.85.228.137 - - [30/Nov/2020:08:34:42 +0800] "GET /xingrg/javascript/jquery-1.4.2.min.js HTTP/1.1" 304 -
101.85.228.137 - - [30/Nov/2020:08:34:42 +0800] "GET /xingrg/css/form.css HTTP/1.1" 304 -
101.85.228.137 - - [30/Nov/2020:08:34:42 +0800] "GET /xingrg/javascript/jquery_easy_ui/easyui-lang-zh_CN.js HTTP/1.1" 304 -
101.85.228.137 - - [30/Nov/2020:08:34:42 +0800] "GET /xingrg/javascript/jquery_easy_ui/jquery.easyui.min.js HTTP/1.1" 304 -
101.85.228.137 - - [30/Nov/2020:08:34:42 +0800] "GET /xingrg/javascript/jquery.utils.js HTTP/1.1" 304 -
101.85.228.137 - - [30/Nov/2020:08:34:42 +0800] "GET /xingrg/javascript/jquery.form.js HTTP/1.1" 304 -
101.85.228.137 - - [30/Nov/2020:08:34:42 +0800] "GET /xingrg/images/blue/navBackgound.jpg HTTP/1.1" 304 -
101.85.228.137 - - [30/Nov/2020:08:34:42 +0800] "GET /xingrg/javascript/jquery_easy_ui/themes/icons/settle_new.png HTTP/1.1" 304 -
101.85.228.137 - - [30/Nov/2020:08:34:42 +0800] "POST /xingrg/all/common/load_tree.html?tree=area_rest_tree_json&manage=1 HTTP/1.1" 200 342
101.85.228.137 - - [30/Nov/2020:08:34:42 +0800] "GET /xingrg/images/blue/pingpu.png HTTP/1.1" 304 -
101.85.228.137 - - [30/Nov/2020:08:34:42 +0800] "GET /xingrg/javascript/jquery_easy_ui/themes/default/images/tabs_leftarrow.png HTTP/1.1" 304 -
101.85.228.137 - - [30/Nov/2020:08:34:42 +0800] "GET /xingrg/javascript/jquery_easy_ui/themes/default/images/tabs_rightarrow.png HTTP/1.1" 304 -
101.85.228.137 - - [30/Nov/2020:08:34:42 +0800] "GET /xingrg/javascript/jquery_easy_ui/themes/default/images/panel_tool_collapse.gif HTTP/1.1" 304 -
101.85.228.137 - - [30/Nov/2020:08:34:42 +0800] "GET /xingrg/check_reg.html?_=1606696710661 HTTP/1.1" 200 22
101.85.228.137 - - [30/Nov/2020:08:34:42 +0800] "GET /xingrg/all/function/internal_message.html?_=1606696710660&CODE_STATE=count HTTP/1.1" 200 11
101.85.228.137 - - [30/Nov/2020:08:34:42 +0800] "POST /xingrg/load_menu.html HTTP/1.1" 200 5138
101.85.228.137 - - [30/Nov/2020:08:34:42 +0800] "GET /favicon.ico HTTP/1.1" 404 -
101.85.228.137 - - [30/Nov/2020:08:34:42 +0800] "GET /xingrg/javascript/jquery_easy_ui/themes/default/images/tree_arrows.gif HTTP/1.1" 304 -
101.85.228.137 - - [30/Nov/2020:08:34:42 +0800] "GET /xingrg/javascript/jquery_easy_ui/themes/default/images/tree_folder_open.gif HTTP/1.1" 304 -
101.85.228.137 - - [30/Nov/2020:08:34:42 +0800] "GET /xingrg/javascript/jquery_easy_ui/themes/icons/search_new.png HTTP/1.1" 304 -
101.85.228.137 - - [30/Nov/2020:08:34:42 +0800] "GET /xingrg/javascript/jquery_easy_ui/themes/default/images/tree_folder.gif HTTP/1.1" 304 -
101.85.228.137 - - [30/Nov/2020:08:34:42 +0800] "GET /xingrg/javascript/jquery_easy_ui/themes/icons/storage_new.png HTTP/1.1" 304 -
101.85.228.137 - - [30/Nov/2020:08:34:42 +0800] "GET /xingrg/javascript/jquery_easy_ui/themes/icons/forms_new.png HTTP/1.1" 304 -
101.85.228.137 - - [30/Nov/2020:08:34:42 +0800] "GET /xingrg/javascript/jquery_easy_ui/themes/default/images/tree_file.gif HTTP/1.1" 304 -
101.85.228.137 - - [30/Nov/2020:08:34:49 +0800] "GET /xingrg/javascript/jquery_easy_ui/themes/default/images/tabs_close.gif HTTP/1.1" 304 -
101.85.228.137 - - [30/Nov/2020:08:34:49 +0800] "GET /xingrg/kc/base/wldb_order_list.html HTTP/1.1" 200 19418
101.85.228.137 - - [30/Nov/2020:08:34:49 +0800] "GET /xingrg/javascript/jquery_tools/datebox.css HTTP/1.1" 304 -
101.85.228.137 - - [30/Nov/2020:08:34:49 +0800] "GET /xingrg/css/site.css HTTP/1.1" 304 -
101.85.228.137 - - [30/Nov/2020:08:34:49 +0800] "GET /xingrg/javascript/easyui/themes/icon.css HTTP/1.1" 304 -
101.85.228.137 - - [30/Nov/2020:08:34:49 +0800] "GET /xingrg/javascript/jquery_tools/jquery.tools.hotkey.js HTTP/1.1" 304 -
101.85.228.137 - - [30/Nov/2020:08:34:49 +0800] "GET /xingrg/javascript/auto/jquery.autocomplete.js HTTP/1.1" 304 -
101.85.228.137 - - [30/Nov/2020:08:34:49 +0800] "GET /xingrg/javascript/easyui/themes/default/easyui.css HTTP/1.1" 304 -
101.85.228.137 - - [30/Nov/2020:08:34:49 +0800] "GET /xingrg/javascript/jquery_tools/fix.css HTTP/1.1" 304 -
101.85.228.137 - - [30/Nov/2020:08:34:49 +0800] "GET /xingrg/javascript/jquery_tools/table.css HTTP/1.1" 304 -
101.85.228.137 - - [30/Nov/2020:08:34:49 +0800] "GET /xingrg/css/base.css HTTP/1.1" 304 -
101.85.228.137 - - [30/Nov/2020:08:34:49 +0800] "GET /xingrg/javascript/auto/jquery.autocomplete.css HTTP/1.1" 304 -
101.85.228.137 - - [30/Nov/2020:08:34:49 +0800] "GET /xingrg/javascript/jquery_tools/jquery.tools.min.js HTTP/1.1" 304 -
101.85.228.137 - - [30/Nov/2020:08:34:49 +0800] "GET /xingrg/javascript/jquery_tools/jquery.tools.extend.js HTTP/1.1" 304 -
101.85.228.137 - - [30/Nov/2020:08:34:49 +0800] "GET /xingrg/javascript/jquery_tools/jquery.tools.table.js HTTP/1.1" 304 -
101.85.228.137 - - [30/Nov/2020:08:34:49 +0800] "GET /xingrg/javascript/jquery_tools/list_manager.js HTTP/1.1" 304 -
101.85.228.137 - - [30/Nov/2020:08:34:49 +0800] "GET /xingrg/javascript/easyui/easyloader.js HTTP/1.1" 304 -
101.85.228.137 - - [30/Nov/2020:08:34:49 +0800] "GET /xingrg/javascript/jquery.cookie.js HTTP/1.1" 304 -
101.85.228.137 - - [30/Nov/2020:08:34:49 +0800] "GET /xingrg/javascript/print/LodopFuncs.js HTTP/1.1" 304 -
101.85.228.137 - - [30/Nov/2020:08:34:49 +0800] "GET /xingrg/javascript/easyui/themes/icons/edit_add_new.png HTTP/1.1" 304 -
101.85.228.137 - - [30/Nov/2020:08:34:49 +0800] "GET /xingrg/javascript/easyui/themes/icons/cance_new.png HTTP/1.1" 304 -
101.85.228.137 - - [30/Nov/2020:08:34:49 +0800] "GET /xingrg/javascript/easyui/themes/icons/check_new.png HTTP/1.1" 304 -
101.85.228.137 - - [30/Nov/2020:08:34:49 +0800] "GET /xingrg/javascript/easyui/themes/icons/field_new.png HTTP/1.1" 304 -
101.85.228.137 - - [30/Nov/2020:08:34:49 +0800] "GET /xingrg/javascript/easyui/themes/icons/import_new.png HTTP/1.1" 304 -
101.85.228.137 - - [30/Nov/2020:08:34:49 +0800] "GET /xingrg/javascript/easyui/plugins/jquery.parser.js HTTP/1.1" 304 -
101.85.228.137 - - [30/Nov/2020:08:34:49 +0800] "GET /xingrg/images/control/ajaxLoader.gif HTTP/1.1" 304 -
101.85.228.137 - - [30/Nov/2020:08:34:49 +0800] "GET /xingrg/javascript/jquery_easy_ui/themes/icons/rest.png HTTP/1.1" 304 -
101.85.228.137 - - [30/Nov/2020:08:34:49 +0800] "GET /xingrg/javascript/jquery_easy_ui/themes/icons/area.png HTTP/1.1" 304 -
101.85.228.137 - - [30/Nov/2020:08:34:49 +0800] "POST /xingrg/kc/base/wldb_list_operate.html HTTP/1.1" 200 928
120.253.135.82 - - [30/Nov/2020:08:34:50 +0800] "GET /xingrg/all/function/internal_message.html?_=1606696605529&CODE_STATE=getMsg HTTP/1.1" 200 27
114.84.4.90 - - [30/Nov/2020:08:34:52 +0800] "POST /xingrg/services/DataTransmitService HTTP/1.1" 200 524
172.17.0.102 - - [30/Nov/2020:08:34:52 +0800] "GET /xingrg/all/function/internal_message.html?_=1606696492706&CODE_STATE=getMsg HTTP/1.1" 200 27
180.162.223.42 - - [30/Nov/2020:08:35:03 +0800] "GET /xingrg/index.html?sysBaseUrl=http%3A%2F%2F180.169.147.146%3A18081%2Fxingrg%2F&costTime=36×tamp=1585223203754 HTTP/1.1" 302 -
180.162.223.42 - - [30/Nov/2020:08:35:03 +0800] "GET /xingrg/login.html HTTP/1.1" 200 7641
180.162.223.42 - - [30/Nov/2020:08:35:04 +0800] "GET /favicon.ico HTTP/1.1" 404 -
114.84.37.38 - - [30/Nov/2020:08:35:05 +0800] "GET /xingrg/check_reg.html?_=1606696506205 HTTP/1.1" 200 22
180.174.56.115 - - [30/Nov/2020:08:35:06 +0800] "GET /xingrg/kc/buy/cgsh_order_operate.html?command=get_materiel&rest_code=00150&code=00101008323&supplier_code=00100007&order_time=2020-11-30 HTTP/1.1" 200 408
101.85.228.137 - - [30/Nov/2020:08:35:06 +0800] "GET /xingrg/javascript/easyui/themes/default/images/button_plain_hover.png HTTP/1.1" 304 -
101.85.228.137 - - [30/Nov/2020:08:35:07 +0800] "GET /xingrg/kc/base/wldb_order_add.html HTTP/1.1" 200 30583
101.85.228.137 - - [30/Nov/2020:08:35:07 +0800] "GET /xingrg/javascript/pic_change.js HTTP/1.1" 304 -
101.85.228.137 - - [30/Nov/2020:08:35:07 +0800] "GET /xingrg/javascript/convert.js HTTP/1.1" 304 -
101.85.228.137 - - [30/Nov/2020:08:35:07 +0800] "GET /xingrg/javascript/json2.js HTTP/1.1" 304 -
101.85.228.137 - - [30/Nov/2020:08:35:07 +0800] "GET /xingrg/javascript/print/kc_print.js HTTP/1.1" 304 -
101.85.228.137 - - [30/Nov/2020:08:35:07 +0800] "GET /xingrg/javascript/jquery_tools/order_manager.js HTTP/1.1" 304 -
101.85.228.137 - - [30/Nov/2020:08:35:07 +0800] "GET /xingrg/words/20201127160732_words.js HTTP/1.1" 304 -
101.85.228.137 - - [30/Nov/2020:08:35:07 +0800] "GET /xingrg/javascript/easyui/themes/icons/template_new.png HTTP/1.1" 304 -
101.85.228.137 - - [30/Nov/2020:08:35:07 +0800] "GET /xingrg/javascript/easyui/themes/icons/ok.png HTTP/1.1" 304 -
101.85.228.137 - - [30/Nov/2020:08:35:07 +0800] "GET /xingrg/javascript/easyui/themes/icons/print.png HTTP/1.1" 304 -
101.85.228.137 - - [30/Nov/2020:08:35:07 +0800] "GET /xingrg/javascript/easyui/themes/default/images/menu_downarrow.png HTTP/1.1" 304 -
101.85.228.137 - - [30/Nov/2020:08:35:07 +0800] "GET /xingrg/javascript/easyui/themes/icons/cancel.png HTTP/1.1" 304 -
101.85.228.137 - - [30/Nov/2020:08:35:07 +0800] "POST /xingrg/kc/base/wldb_order_operate.html HTTP/1.1" 200 6806
101.85.228.137 - - [30/Nov/2020:08:35:08 +0800] "GET /xingrg/javascript/easyui/themes/icons/edit_remove.png HTTP/1.1" 304 -
101.85.228.137 - - [30/Nov/2020:08:35:08 +0800] "GET /xingrg/all/common/auto_word.html?type=base&rest_code=00102 HTTP/1.1" 200 1711
101.85.228.137 - - [30/Nov/2020:08:35:08 +0800] "GET /xingrg/all/common/auto_word.html?type=base&rest_code=00102 HTTP/1.1" 200 1711
180.162.223.42 - - [30/Nov/2020:08:35:08 +0800] "POST /xingrg/login.do HTTP/1.1" 200 2421
101.85.228.137 - - [30/Nov/2020:08:35:08 +0800] "GET /xingrg/javascript/easyui/themes/default/validatebox.css HTTP/1.1" 404 1104
101.85.228.137 - - [30/Nov/2020:08:35:08 +0800] "GET /xingrg/javascript/easyui/plugins/jquery.validatebox.js HTTP/1.1" 304 -
101.85.228.137 - - [30/Nov/2020:08:35:08 +0800] "GET /xingrg/javascript/easyui/plugins/jquery.numberbox.js HTTP/1.1" 304 -
180.162.223.42 - - [30/Nov/2020:08:35:08 +0800] "GET /favicon.ico HTTP/1.1" 404 -
101.85.228.137 - - [30/Nov/2020:08:35:09 +0800] "GET /xingrg/css/images/panel_loading.gif HTTP/1.1" 304 -
101.85.228.137 - - [30/Nov/2020:08:35:09 +0800] "POST /xingrg/all/common/load_combo.html?type=base HTTP/1.1" 200 3060
120.253.135.82 - - [30/Nov/2020:08:35:11 +0800] "GET /xingrg/all/function/internal_message.html?_=1606696260370&CODE_STATE=getMsg HTTP/1.1" 200 27
180.162.223.42 - - [30/Nov/2020:08:35:16 +0800] "GET /xingrg/index.html?sysBaseUrl=http%3A%2F%2F180.169.147.146%3A18081%2Fxingrg%2F&costTime=36×tamp=1585222720700 HTTP/1.1" 302 -
180.162.223.42 - - [30/Nov/2020:08:35:16 +0800] "GET /xingrg/login.html HTTP/1.1" 200 7641
180.162.223.42 - - [30/Nov/2020:08:35:16 +0800] "GET /favicon.ico HTTP/1.1" 404 -
180.174.56.115 - - [30/Nov/2020:08:35:17 +0800] "POST /xingrg/kc/buy/cgsh_order_operate.html HTTP/1.1" 200 2065
180.162.223.42 - - [30/Nov/2020:08:35:18 +0800] "POST /xingrg/login.do HTTP/1.1" 302 -
180.162.223.42 - - [30/Nov/2020:08:35:18 +0800] "GET /xingrg/index.html?sysBaseUrl=http%3A%2F%2F180.169.147.146%3A18081%2Fxingrg%2F&costTime=44×tamp=1606696518608 HTTP/1.1" 200 17173
180.162.223.42 - - [30/Nov/2020:08:35:18 +0800] "GET /favicon.ico HTTP/1.1" 404 -
180.162.223.42 - - [30/Nov/2020:08:35:18 +0800] "POST /xingrg/all/common/load_tree.html?tree=area_rest_tree_json&manage=1 HTTP/1.1" 200 3350
180.162.223.42 - - [30/Nov/2020:08:35:18 +0800] "GET /xingrg/all/function/internal_message.html?_=1606696520358&CODE_STATE=count HTTP/1.1" 200 11
180.162.223.42 - - [30/Nov/2020:08:35:18 +0800] "GET /xingrg/check_reg.html?_=1606696520359 HTTP/1.1" 200 22
180.162.223.42 - - [30/Nov/2020:08:35:18 +0800] "POST /xingrg/load_menu.html HTTP/1.1" 200 5138
180.162.223.42 - - [30/Nov/2020:08:35:21 +0800] "GET /xingrg/kc/buy/cgsh_order_list.html HTTP/1.1" 200 45069
180.162.223.42 - - [30/Nov/2020:08:35:22 +0800] "POST /xingrg/kc/buy/cgsh_list_operate.html HTTP/1.1" 200 876
117.131.5.26 - - [30/Nov/2020:08:35:24 +0800] "GET /xingrg/all/function/internal_message.html?_=1606696560572&CODE_STATE=getMsg HTTP/1.1" 200 27
180.174.56.115 - - [30/Nov/2020:08:35:27 +0800] "GET /xingrg/kc/buy/cgsh_order_operate.html?command=get_materiel&rest_code=00150&code=00101008223&supplier_code=00100007&order_time=2020-11-30 HTTP/1.1" 200 412
172.17.0.185 - - [30/Nov/2020:08:35:29 +0800] "GET /xingrg/all/function/internal_message.html?_=1606696528978&CODE_STATE=getMsg HTTP/1.1" 200 27
114.88.175.227 - - [30/Nov/2020:08:35:30 +0800] "GET /xingrg/all/function/internal_message.html?_=1606696651596&CODE_STATE=getMsg HTTP/1.1" 200 27
180.162.223.42 - - [30/Nov/2020:08:35:33 +0800] "GET /xingrg/javascript/auto/indicator.gif HTTP/1.1" 404 1066
180.174.56.115 - - [30/Nov/2020:08:35:34 +0800] "GET /xingrg/kc/buy/cgsh_order_operate.html?command=get_materiel&rest_code=00150&code=00101008134&supplier_code=00100007&order_time=2020-11-30 HTTP/1.1" 200 412
117.184.7.30 - - [30/Nov/2020:08:35:35 +0800] "GET /xingrg/all/function/internal_message.html?_=1606696533040&CODE_STATE=getMsg HTTP/1.1" 200 27
180.174.56.115 - - [30/Nov/2020:08:35:38 +0800] "GET /xingrg/all/function/internal_message.html?_=1606696539657&CODE_STATE=getMsg HTTP/1.1" 200 27
180.174.56.115 - - [30/Nov/2020:08:35:39 +0800] "GET /xingrg/kc/buy/cgsh_order_operate.html?command=get_materiel&rest_code=00150&code=00101008168&supplier_code=00100007&order_time=2020-11-30 HTTP/1.1" 200 412
180.162.223.42 - - [30/Nov/2020:08:35:41 +0800] "POST /xingrg/kc/buy/cgsh_list_operate.html HTTP/1.1" 200 5441
101.85.228.137 - - [30/Nov/2020:08:35:42 +0800] "GET /xingrg/all/function/internal_message.html?_=1606696770669&CODE_STATE=getMsg HTTP/1.1" 200 27
180.174.56.115 - - [30/Nov/2020:08:35:43 +0800] "GET /xingrg/kc/buy/cgsh_order_operate.html?command=get_materiel&rest_code=00150&code=00101015038&supplier_code=00100007&order_time=2020-11-30 HTTP/1.1" 200 419
180.174.56.115 - - [30/Nov/2020:08:35:45 +0800] "POST /xingrg/kc/buy/cgsh_order_operate.html HTTP/1.1" 200 2065
120.253.135.82 - - [30/Nov/2020:08:35:50 +0800] "GET /xingrg/all/function/internal_message.html?_=1606696665543&CODE_STATE=getMsg HTTP/1.1" 200 27
180.174.56.115 - - [30/Nov/2020:08:35:50 +0800] "GET /xingrg/kc/buy/cgsh_order_operate.html?command=get_materiel&rest_code=00150&code=00101008236&supplier_code=00100007&order_time=2020-11-30 HTTP/1.1" 200 416
172.17.0.102 - - [30/Nov/2020:08:35:52 +0800] "GET /xingrg/all/function/internal_message.html?_=1606696552681&CODE_STATE=getMsg HTTP/1.1" 200 27
180.174.56.115 - - [30/Nov/2020:08:35:57 +0800] "GET /xingrg/kc/buy/cgsh_order_operate.html?command=get_materiel&rest_code=00150&code=00101008061&supplier_code=00100007&order_time=2020-11-30 HTTP/1.1" 200 422
180.174.56.115 - - [30/Nov/2020:08:36:01 +0800] "GET /xingrg/kc/buy/cgsh_order_operate.html?command=get_materiel&rest_code=00150&code=00101008114&supplier_code=00100007&order_time=2020-11-30 HTTP/1.1" 200 413
180.174.56.115 - - [30/Nov/2020:08:36:08 +0800] "POST /xingrg/kc/buy/cgsh_order_operate.html HTTP/1.1" 200 37
114.84.37.38 - - [30/Nov/2020:08:36:09 +0800] "GET /xingrg/check_reg.html?_=1606696571589 HTTP/1.1" 302 -
180.174.56.115 - - [30/Nov/2020:08:36:10 +0800] "POST /xingrg/kc/buy/cgsh_order_operate.html HTTP/1.1" 200 24560
120.253.135.82 - - [30/Nov/2020:08:36:11 +0800] "GET /xingrg/all/function/internal_message.html?_=1606696320447&CODE_STATE=getMsg HTTP/1.1" 200 27
180.162.223.42 - - [30/Nov/2020:08:36:18 +0800] "GET /xingrg/all/function/internal_message.html?_=1606696580368&CODE_STATE=getMsg HTTP/1.1" 200 27
180.174.56.115 - - [30/Nov/2020:08:36:21 +0800] "POST /xingrg/kc/buy/cgsh_order_operate.html HTTP/1.1" 200 37
180.174.56.115 - - [30/Nov/2020:08:36:22 +0800] "POST /xingrg/kc/buy/cgsh_order_operate.html HTTP/1.1" 200 24560
117.131.5.26 - - [30/Nov/2020:08:36:24 +0800] "GET /xingrg/all/function/internal_message.html?_=1606696620556&CODE_STATE=getMsg HTTP/1.1" 200 27
180.162.223.42 - - [30/Nov/2020:08:36:26 +0800] "POST /xingrg/kc/buy/cgsh_list_operate.html HTTP/1.1" 200 5436
172.17.0.185 - - [30/Nov/2020:08:36:29 +0800] "GET /xingrg/all/function/internal_message.html?_=1606696588966&CODE_STATE=getMsg HTTP/1.1" 200 27
114.88.175.227 - - [30/Nov/2020:08:36:30 +0800] "GET /xingrg/all/function/internal_message.html?_=1606696711596&CODE_STATE=getMsg HTTP/1.1" 200 27
117.184.7.30 - - [30/Nov/2020:08:36:35 +0800] "GET /xingrg/all/function/internal_message.html?_=1606696593025&CODE_STATE=getMsg HTTP/1.1" 200 27
180.174.56.115 - - [30/Nov/2020:08:36:38 +0800] "GET /xingrg/check_reg.html?_=1606696598949 HTTP/1.1" 200 22
180.174.56.115 - - [30/Nov/2020:08:36:38 +0800] "GET /xingrg/all/function/internal_message.html?_=1606696599637&CODE_STATE=getMsg HTTP/1.1" 200 27
101.85.228.137 - - [30/Nov/2020:08:36:42 +0800] "GET /xingrg/all/function/internal_message.html?_=1606696830681&CODE_STATE=getMsg HTTP/1.1" 200 27
120.253.135.82 - - [30/Nov/2020:08:36:50 +0800] "GET /xingrg/all/function/internal_message.html?_=1606696725579&CODE_STATE=getMsg HTTP/1.1" 200 27
172.17.0.102 - - [30/Nov/2020:08:36:52 +0800] "GET /xingrg/all/function/internal_message.html?_=1606696612660&CODE_STATE=getMsg HTTP/1.1" 200 27
117.184.7.26 - - [30/Nov/2020:08:36:56 +0800] "POST /xingrg/services/DataTransmitService HTTP/1.1" 200 524
180.162.223.42 - - [30/Nov/2020:08:37:06 +0800] "POST /xingrg/kc/buy/cgsh_list_operate.html HTTP/1.1" 200 5441
101.85.228.137 - - [30/Nov/2020:08:37:07 +0800] "GET /xingrg/javascript/auto/indicator.gif HTTP/1.1" 404 1066
120.253.135.82 - - [30/Nov/2020:08:37:11 +0800] "GET /xingrg/all/function/internal_message.html?_=1606696380463&CODE_STATE=getMsg HTTP/1.1" 200 27
101.85.228.137 - - [30/Nov/2020:08:37:11 +0800] "GET /xingrg/kc/base/wldb_order_operate.html?command=get_materiel&rest_code=00102&base_code=0010476&code=00101016086 HTTP/1.1" 200 469
180.162.223.42 - - [30/Nov/2020:08:37:18 +0800] "GET /xingrg/all/function/internal_message.html?_=1606696640377&CODE_STATE=getMsg HTTP/1.1" 200 27
