116.228.172.94 - - [30/Nov/2020:09:21:07 +0800] "POST /xingrg/kc/base/wldb_list_operate.html HTTP/1.1" 200 5533
101.85.228.137 - - [30/Nov/2020:09:21:08 +0800] "POST /xingrg/kc/buy/cgsh_order_operate.html HTTP/1.1" 200 12
101.85.93.83 - - [30/Nov/2020:09:21:09 +0800] "POST /xingrg/kc/buy/cgsh_order_operate.html HTTP/1.1" 200 37
114.84.37.38 - - [30/Nov/2020:09:21:09 +0800] "GET /xingrg/check_reg.html?_=1606699271690 HTTP/1.1" 302 -
101.85.228.137 - - [30/Nov/2020:09:21:10 +0800] "GET /xingrg/kc/buy/cgsh_order_info.html?code=212020113011809 HTTP/1.1" 200 55667
101.85.93.83 - - [30/Nov/2020:09:21:10 +0800] "POST /xingrg/kc/buy/cgsh_order_operate.html HTTP/1.1" 200 25156
101.85.228.137 - - [30/Nov/2020:09:21:10 +0800] "GET /xingrg/javascript/easyui/themes/default/validatebox.css HTTP/1.1" 404 1104
180.174.56.115 - - [30/Nov/2020:09:21:10 +0800] "GET /xingrg/kc/buy/cgsh_order_operate.html?command=get_materiel&rest_code=00151&code=00101006109&supplier_code=00100096&order_time=2020-11-30 HTTP/1.1" 200 409
101.85.228.137 - - [30/Nov/2020:09:21:11 +0800] "POST /xingrg/kc/buy/cgsh_order_operate.html HTTP/1.1" 200 1808
101.85.228.137 - - [30/Nov/2020:09:21:12 +0800] "GET /xingrg/kc/print/load_config.html?kc_code=cgsh HTTP/1.1" 200 1845
101.85.228.137 - - [30/Nov/2020:09:21:12 +0800] "GET /xingrg/kc/print/load_data.html?order_code=212020113011809&kc_code=cgsh&condition= HTTP/1.1" 200 1199
180.157.253.48 - - [30/Nov/2020:09:21:14 +0800] "GET /xingrg/check_reg.html?_=1606699273956 HTTP/1.1" 200 22
180.157.253.48 - - [30/Nov/2020:09:21:14 +0800] "GET /xingrg/all/function/internal_message.html?_=1606699274047&CODE_STATE=getMsg HTTP/1.1" 200 27
116.228.172.94 - - [30/Nov/2020:09:21:17 +0800] "GET /xingrg/all/function/internal_message.html?_=1606699280102&CODE_STATE=getMsg HTTP/1.1" 200 27
180.162.223.42 - - [30/Nov/2020:09:21:18 +0800] "GET /xingrg/all/function/internal_message.html?_=1606699280439&CODE_STATE=getMsg HTTP/1.1" 200 27
101.85.93.83 - - [30/Nov/2020:09:21:18 +0800] "GET /xingrg/all/function/internal_message.html?_=1606699002624&CODE_STATE=getMsg HTTP/1.1" 200 27
101.85.228.137 - - [30/Nov/2020:09:21:21 +0800] "GET /xingrg/kc/buy/cgsh_order_add.html HTTP/1.1" 200 60766
101.85.228.137 - - [30/Nov/2020:09:21:22 +0800] "POST /xingrg/kc/buy/cgsh_order_operate.html HTTP/1.1" 200 8245
101.85.228.137 - - [30/Nov/2020:09:21:22 +0800] "GET /xingrg/javascript/easyui/themes/default/validatebox.css HTTP/1.1" 404 1104
101.85.228.137 - - [30/Nov/2020:09:21:23 +0800] "GET /xingrg/javascript/easyui/themes/default/tree.css HTTP/1.1" 404 1090
101.85.228.137 - - [30/Nov/2020:09:21:23 +0800] "POST /xingrg/all/common/load_tree.html?tree=supplier_tree_json&isDelete=1 HTTP/1.1" 200 52105
117.131.5.26 - - [30/Nov/2020:09:21:24 +0800] "GET /xingrg/all/function/internal_message.html?_=1606699320598&CODE_STATE=getMsg HTTP/1.1" 200 27
180.162.223.42 - - [30/Nov/2020:09:21:26 +0800] "POST /xingrg/kc/buy/cgsh_order_operate.html HTTP/1.1" 200 37
180.162.223.42 - - [30/Nov/2020:09:21:28 +0800] "POST /xingrg/kc/buy/cgsh_order_operate.html HTTP/1.1" 200 5618
172.17.0.185 - - [30/Nov/2020:09:21:29 +0800] "GET /xingrg/all/function/internal_message.html?_=1606699288977&CODE_STATE=getMsg HTTP/1.1" 200 27
180.162.223.42 - - [30/Nov/2020:09:21:30 +0800] "GET /xingrg/kc/print/load_data.html?order_code=212020113011810&kc_code=cgsh&condition= HTTP/1.1" 200 1815
116.232.52.15 - - [30/Nov/2020:09:21:32 +0800] "GET /xingrg/all/function/internal_message.html?_=1606699293816&CODE_STATE=getMsg HTTP/1.1" 200 27
116.232.52.15 - - [30/Nov/2020:09:21:32 +0800] "GET /xingrg/check_reg.html?_=1606699293817 HTTP/1.1" 200 22
117.184.7.30 - - [30/Nov/2020:09:21:34 +0800] "GET /xingrg/all/function/internal_message.html?_=1606699292164&CODE_STATE=getMsg HTTP/1.1" 200 27
180.174.56.115 - - [30/Nov/2020:09:21:34 +0800] "GET /xingrg/kc/buy/cgsh_order_operate.html?command=get_materiel&rest_code=00151&code=00101006039&supplier_code=00100096&order_time=2020-11-30 HTTP/1.1" 200 413
222.69.137.175 - - [30/Nov/2020:09:21:39 +0800] "GET /xingrg/all/function/internal_message.html?_=1606699299164&CODE_STATE=getMsg HTTP/1.1" 200 27
180.162.223.42 - - [30/Nov/2020:09:21:43 +0800] "GET /xingrg/all/function/internal_message.html?_=1606699284929&CODE_STATE=getMsg HTTP/1.1" 200 27
101.85.228.137 - - [30/Nov/2020:09:21:44 +0800] "GET /xingrg/all/function/internal_message.html?_=1606699532214&CODE_STATE=getMsg HTTP/1.1" 200 27
101.85.228.137 - - [30/Nov/2020:09:21:45 +0800] "GET /xingrg/kc/buy/cgsh_order_operate.html?command=get_materiel&rest_code=00102&code=00101007048&supplier_code=00100002&order_time=2020-11-30 HTTP/1.1" 200 408
180.174.56.115 - - [30/Nov/2020:09:21:45 +0800] "GET /xingrg/all/function/internal_message.html?_=1606699306425&CODE_STATE=getMsg HTTP/1.1" 200 27
116.228.172.94 - - [30/Nov/2020:09:21:46 +0800] "GET /xingrg/kc/base/wldb_order_add.html HTTP/1.1" 200 30589
116.228.172.94 - - [30/Nov/2020:09:21:47 +0800] "GET /xingrg/javascript/easyui/themes/default/validatebox.css HTTP/1.1" 404 1104
116.228.172.94 - - [30/Nov/2020:09:21:47 +0800] "POST /xingrg/kc/base/wldb_order_operate.html HTTP/1.1" 200 6806
116.228.172.94 - - [30/Nov/2020:09:21:48 +0800] "POST /xingrg/all/common/load_combo.html?type=base HTTP/1.1" 200 3324
116.228.172.94 - - [30/Nov/2020:09:21:51 +0800] "POST /xingrg/all/common/load_combo.html?type=base HTTP/1.1" 200 3324
120.253.135.82 - - [30/Nov/2020:09:21:51 +0800] "GET /xingrg/all/function/internal_message.html?_=1606699426597&CODE_STATE=getMsg HTTP/1.1" 200 27
114.88.175.227 - - [30/Nov/2020:09:21:51 +0800] "GET /xingrg/all/function/internal_message.html?_=1606699432528&CODE_STATE=getMsg HTTP/1.1" 200 27
172.17.0.102 - - [30/Nov/2020:09:21:51 +0800] "GET /xingrg/all/function/internal_message.html?_=1606699311719&CODE_STATE=getMsg HTTP/1.1" 200 27
180.174.56.115 - - [30/Nov/2020:09:21:53 +0800] "GET /xingrg/all/function/internal_message.html?_=1606699287288&CODE_STATE=getMsg HTTP/1.1" 200 27
101.85.228.137 - - [30/Nov/2020:09:21:55 +0800] "GET /xingrg/kc/buy/cgsh_order_operate.html?command=get_materiel&rest_code=00102&code=00101007082&supplier_code=00100002&order_time=2020-11-30 HTTP/1.1" 200 427
180.174.56.115 - - [30/Nov/2020:09:22:01 +0800] "GET /xingrg/kc/buy/cgsh_order_operate.html?command=get_materiel&rest_code=00151&code=00101006055&supplier_code=00100096&order_time=2020-11-30 HTTP/1.1" 200 409
116.228.172.94 - - [30/Nov/2020:09:22:04 +0800] "GET /xingrg/kc/base/wldb_order_operate.html?command=get_materiel&rest_code=00107&base_code=0010152&code=00102002294 HTTP/1.1" 200 436
101.85.228.137 - - [30/Nov/2020:09:22:06 +0800] "POST /xingrg/kc/buy/cgsh_order_operate.html HTTP/1.1" 200 37
116.228.172.94 - - [30/Nov/2020:09:22:09 +0800] "POST /xingrg/kc/base/wldb_order_operate.html HTTP/1.1" 200 37
101.85.228.137 - - [30/Nov/2020:09:22:09 +0800] "POST /xingrg/kc/buy/cgsh_order_operate.html HTTP/1.1" 200 12
116.228.172.94 - - [30/Nov/2020:09:22:10 +0800] "POST /xingrg/kc/base/wldb_order_operate.html HTTP/1.1" 200 2184
116.228.172.94 - - [30/Nov/2020:09:22:10 +0800] "GET /xingrg/kc/base/wldb_order_info.html?code=422020113003452 HTTP/1.1" 200 30604
116.228.172.94 - - [30/Nov/2020:09:22:11 +0800] "GET /xingrg/javascript/easyui/themes/default/validatebox.css HTTP/1.1" 404 1104
116.228.172.94 - - [30/Nov/2020:09:22:11 +0800] "POST /xingrg/kc/base/wldb_order_operate.html HTTP/1.1" 200 2184
116.228.172.94 - - [30/Nov/2020:09:22:13 +0800] "GET /xingrg/kc/base/wldb_order_add.html HTTP/1.1" 200 30589
101.85.228.137 - - [30/Nov/2020:09:22:14 +0800] "GET /xingrg/kc/buy/cgsh_order_info.html?code=212020113011811 HTTP/1.1" 200 55667
180.157.253.48 - - [30/Nov/2020:09:22:14 +0800] "GET /xingrg/all/function/internal_message.html?_=1606699334061&CODE_STATE=getMsg HTTP/1.1" 200 27
116.228.172.94 - - [30/Nov/2020:09:22:14 +0800] "GET /xingrg/javascript/easyui/themes/default/validatebox.css HTTP/1.1" 404 1104
116.228.172.94 - - [30/Nov/2020:09:22:14 +0800] "POST /xingrg/kc/base/wldb_order_operate.html HTTP/1.1" 200 6806
101.85.228.137 - - [30/Nov/2020:09:22:14 +0800] "GET /xingrg/javascript/easyui/themes/default/validatebox.css HTTP/1.1" 404 1104
101.85.228.137 - - [30/Nov/2020:09:22:15 +0800] "POST /xingrg/kc/buy/cgsh_order_operate.html HTTP/1.1" 200 1212
116.228.172.94 - - [30/Nov/2020:09:22:15 +0800] "POST /xingrg/all/common/load_combo.html?type=base HTTP/1.1" 200 3324
116.228.172.94 - - [30/Nov/2020:09:22:16 +0800] "POST /xingrg/all/common/load_combo.html?type=base HTTP/1.1" 200 3324
116.228.172.94 - - [30/Nov/2020:09:22:17 +0800] "GET /xingrg/all/function/internal_message.html?_=1606699340092&CODE_STATE=getMsg HTTP/1.1" 200 27
101.85.228.137 - - [30/Nov/2020:09:22:18 +0800] "GET /xingrg/kc/print/load_data.html?order_code=212020113011811&kc_code=cgsh&condition= HTTP/1.1" 200 995
180.162.223.42 - - [30/Nov/2020:09:22:18 +0800] "GET /xingrg/all/function/internal_message.html?_=1606699340454&CODE_STATE=getMsg HTTP/1.1" 200 27
101.85.93.83 - - [30/Nov/2020:09:22:18 +0800] "GET /xingrg/all/function/internal_message.html?_=1606699062595&CODE_STATE=getMsg HTTP/1.1" 200 27
101.85.228.137 - - [30/Nov/2020:09:22:24 +0800] "GET /xingrg/kc/buy/cgsh_order_add.html HTTP/1.1" 200 60766
101.85.228.137 - - [30/Nov/2020:09:22:24 +0800] "POST /xingrg/kc/buy/cgsh_order_operate.html HTTP/1.1" 200 8245
117.131.5.26 - - [30/Nov/2020:09:22:24 +0800] "GET /xingrg/all/function/internal_message.html?_=1606699380612&CODE_STATE=getMsg HTTP/1.1" 200 27
101.85.228.137 - - [30/Nov/2020:09:22:25 +0800] "GET /xingrg/javascript/easyui/themes/default/validatebox.css HTTP/1.1" 404 1104
101.85.228.137 - - [30/Nov/2020:09:22:26 +0800] "GET /xingrg/javascript/easyui/themes/default/tree.css HTTP/1.1" 404 1090
101.85.228.137 - - [30/Nov/2020:09:22:26 +0800] "POST /xingrg/all/common/load_tree.html?tree=supplier_tree_json&isDelete=1 HTTP/1.1" 200 52105
116.228.172.94 - - [30/Nov/2020:09:22:29 +0800] "GET /xingrg/kc/base/wldb_order_operate.html?command=get_materiel&rest_code=00107&base_code=0010152&code=00102015006 HTTP/1.1" 200 440
172.17.0.185 - - [30/Nov/2020:09:22:29 +0800] "GET /xingrg/all/function/internal_message.html?_=1606699348970&CODE_STATE=getMsg HTTP/1.1" 200 27
116.232.52.15 - - [30/Nov/2020:09:22:32 +0800] "GET /xingrg/all/function/internal_message.html?_=1606699353818&CODE_STATE=getMsg HTTP/1.1" 200 27
180.162.223.42 - - [30/Nov/2020:09:22:33 +0800] "GET /xingrg/kc/buy/cgsh_order_list.html HTTP/1.1" 200 45069
117.184.7.26 - - [30/Nov/2020:09:22:34 +0800] "GET /xingrg/all/function/internal_message.html?_=1606699352160&CODE_STATE=getMsg HTTP/1.1" 200 27
180.162.223.42 - - [30/Nov/2020:09:22:34 +0800] "POST /xingrg/kc/buy/cgsh_list_operate.html HTTP/1.1" 200 3128
114.88.175.227 - - [30/Nov/2020:09:22:34 +0800] "GET /xingrg/kc/buy/cgsh_order_operate.html?command=get_materiel&rest_code=00111&code=00101019074&supplier_code=00100037&order_time=2020-11-30 HTTP/1.1" 200 455
101.85.228.137 - - [30/Nov/2020:09:22:38 +0800] "GET /xingrg/kc/buy/cgsh_order_operate.html?command=get_materiel&rest_code=00102&code=00101006109&supplier_code=00100011&order_time=2020-11-30 HTTP/1.1" 200 409
180.162.223.42 - - [30/Nov/2020:09:22:38 +0800] "POST /xingrg/kc/buy/cgsh_list_operate.html HTTP/1.1" 200 565
222.69.137.175 - - [30/Nov/2020:09:22:39 +0800] "GET /xingrg/check_reg.html?_=1606699358768 HTTP/1.1" 200 22
222.69.137.175 - - [30/Nov/2020:09:22:39 +0800] "GET /xingrg/all/function/internal_message.html?_=1606699359145&CODE_STATE=getMsg HTTP/1.1" 200 27
116.228.172.94 - - [30/Nov/2020:09:22:41 +0800] "GET /xingrg/kc/base/wldb_order_operate.html?command=get_materiel&rest_code=00107&base_code=0010152&code=00102012040 HTTP/1.1" 200 452
180.162.223.42 - - [30/Nov/2020:09:22:43 +0800] "GET /xingrg/kc/buy/cgsh_order_add.html HTTP/1.1" 200 60854
180.162.223.42 - - [30/Nov/2020:09:22:43 +0800] "GET /xingrg/javascript/easyui/themes/default/validatebox.css HTTP/1.1" 404 1104
180.162.223.42 - - [30/Nov/2020:09:22:43 +0800] "POST /xingrg/kc/buy/cgsh_order_operate.html HTTP/1.1" 200 8245
180.162.223.42 - - [30/Nov/2020:09:22:43 +0800] "GET /xingrg/all/function/internal_message.html?_=1606699344928&CODE_STATE=getMsg HTTP/1.1" 200 27
101.85.228.137 - - [30/Nov/2020:09:22:44 +0800] "GET /xingrg/all/function/internal_message.html?_=1606699592226&CODE_STATE=getMsg HTTP/1.1" 200 27
180.174.56.115 - - [30/Nov/2020:09:22:45 +0800] "GET /xingrg/all/function/internal_message.html?_=1606699366428&CODE_STATE=getMsg HTTP/1.1" 200 27
117.184.7.26 - - [30/Nov/2020:09:22:45 +0800] "GET /xingrg/check_reg.html?_=1606699363598 HTTP/1.1" 200 22
180.174.56.115 - - [30/Nov/2020:09:22:46 +0800] "GET /xingrg/kc/buy/cgsh_order_operate.html?command=get_materiel&rest_code=00151&code=00101006131&supplier_code=00100096&order_time=2020-11-30 HTTP/1.1" 200 416
114.88.175.227 - - [30/Nov/2020:09:22:49 +0800] "GET /xingrg/kc/buy/cgsh_order_operate.html?command=get_materiel&rest_code=00111&code=00101011003&supplier_code=00100037&order_time=2020-11-30 HTTP/1.1" 200 412
101.85.228.137 - - [30/Nov/2020:09:22:50 +0800] "GET /xingrg/kc/buy/cgsh_order_operate.html?command=get_materiel&rest_code=00102&code=00101006129&supplier_code=00100011&order_time=2020-11-30 HTTP/1.1" 200 431
116.228.172.94 - - [30/Nov/2020:09:22:50 +0800] "GET /xingrg/kc/base/wldb_order_operate.html?command=get_materiel&rest_code=00107&base_code=0010152&code=00102002041 HTTP/1.1" 200 435
180.162.223.42 - - [30/Nov/2020:09:22:50 +0800] "GET /xingrg/kc/buy/cgsh_order_operate.html?command=get_materiel&rest_code=00105&code=00101002027&supplier_code=00100397&order_time=2020-11-30 HTTP/1.1" 200 434
120.253.135.82 - - [30/Nov/2020:09:22:51 +0800] "GET /xingrg/all/function/internal_message.html?_=1606699486603&CODE_STATE=getMsg HTTP/1.1" 200 27
114.88.175.227 - - [30/Nov/2020:09:22:51 +0800] "GET /xingrg/check_reg.html?_=1606699492534 HTTP/1.1" 200 22
114.88.175.227 - - [30/Nov/2020:09:22:51 +0800] "GET /xingrg/all/function/internal_message.html?_=1606699492535&CODE_STATE=getMsg HTTP/1.1" 200 27
172.17.0.102 - - [30/Nov/2020:09:22:51 +0800] "GET /xingrg/all/function/internal_message.html?_=1606699371697&CODE_STATE=getMsg HTTP/1.1" 200 27
180.174.56.115 - - [30/Nov/2020:09:22:53 +0800] "GET /xingrg/all/function/internal_message.html?_=1606699347307&CODE_STATE=getMsg HTTP/1.1" 200 27
116.228.172.94 - - [30/Nov/2020:09:22:54 +0800] "POST /xingrg/kc/base/wldb_order_operate.html HTTP/1.1" 200 37
116.228.172.94 - - [30/Nov/2020:09:22:54 +0800] "POST /xingrg/kc/base/wldb_order_operate.html HTTP/1.1" 200 3151
114.88.175.227 - - [30/Nov/2020:09:22:55 +0800] "GET /xingrg/kc/buy/cgsh_order_operate.html?command=get_materiel&rest_code=00111&code=00101016025&supplier_code=00100037&order_time=2020-11-30 HTTP/1.1" 200 408
116.228.172.94 - - [30/Nov/2020:09:22:55 +0800] "GET /xingrg/kc/base/wldb_order_info.html?code=422020113003453 HTTP/1.1" 200 30603
116.228.172.94 - - [30/Nov/2020:09:22:56 +0800] "GET /xingrg/javascript/easyui/themes/default/validatebox.css HTTP/1.1" 404 1104
116.228.172.94 - - [30/Nov/2020:09:22:56 +0800] "POST /xingrg/kc/base/wldb_order_operate.html HTTP/1.1" 200 3151
116.228.172.94 - - [30/Nov/2020:09:22:57 +0800] "GET /xingrg/kc/base/wldb_order_add.html HTTP/1.1" 200 30589
116.228.172.94 - - [30/Nov/2020:09:22:58 +0800] "GET /xingrg/javascript/easyui/themes/default/validatebox.css HTTP/1.1" 404 1104
116.228.172.94 - - [30/Nov/2020:09:22:58 +0800] "POST /xingrg/kc/base/wldb_order_operate.html HTTP/1.1" 200 6806
116.228.172.94 - - [30/Nov/2020:09:22:59 +0800] "POST /xingrg/all/common/load_combo.html?type=base HTTP/1.1" 200 3324
116.228.172.94 - - [30/Nov/2020:09:23:01 +0800] "POST /xingrg/all/common/load_combo.html?type=base HTTP/1.1" 200 3324
114.88.175.227 - - [30/Nov/2020:09:23:02 +0800] "GET /xingrg/kc/buy/cgsh_order_operate.html?command=get_materiel&rest_code=00111&code=00101016105&supplier_code=00100037&order_time=2020-11-30 HTTP/1.1" 200 409
101.85.228.137 - - [30/Nov/2020:09:23:03 +0800] "GET /xingrg/kc/buy/cgsh_order_operate.html?command=get_materiel&rest_code=00102&code=00101006112&supplier_code=00100011&order_time=2020-11-30 HTTP/1.1" 200 409
114.88.175.227 - - [30/Nov/2020:09:23:09 +0800] "GET /xingrg/kc/buy/cgsh_order_operate.html?command=get_materiel&rest_code=00111&code=00101007109&supplier_code=00100037&order_time=2020-11-30 HTTP/1.1" 200 408
180.162.223.42 - - [30/Nov/2020:09:23:10 +0800] "GET /xingrg/kc/buy/cgsh_order_operate.html?command=get_materiel&rest_code=00105&code=00101001010&supplier_code=00100397&order_time=2020-11-30 HTTP/1.1" 200 408
180.157.253.48 - - [30/Nov/2020:09:23:14 +0800] "GET /xingrg/all/function/internal_message.html?_=1606699394074&CODE_STATE=getMsg HTTP/1.1" 200 27
114.88.175.227 - - [30/Nov/2020:09:23:15 +0800] "GET /xingrg/kc/buy/cgsh_order_operate.html?command=get_materiel&rest_code=00111&code=00101012025&supplier_code=00100037&order_time=2020-11-30 HTTP/1.1" 200 412
116.228.172.94 - - [30/Nov/2020:09:23:17 +0800] "GET /xingrg/all/function/internal_message.html?_=1606699400088&CODE_STATE=getMsg HTTP/1.1" 200 27
180.162.223.42 - - [30/Nov/2020:09:23:18 +0800] "GET /xingrg/all/function/internal_message.html?_=1606699400448&CODE_STATE=getMsg HTTP/1.1" 200 27
101.85.93.83 - - [30/Nov/2020:09:23:18 +0800] "GET /xingrg/check_reg.html?_=1606699122582 HTTP/1.1" 200 22
101.85.93.83 - - [30/Nov/2020:09:23:18 +0800] "GET /xingrg/all/function/internal_message.html?_=1606699122584&CODE_STATE=getMsg HTTP/1.1" 200 27
116.228.172.94 - - [30/Nov/2020:09:23:21 +0800] "GET /xingrg/kc/base/wldb_order_operate.html?command=get_materiel&rest_code=00107&base_code=0010152&code=00102001083 HTTP/1.1" 200 439
114.88.175.227 - - [30/Nov/2020:09:23:22 +0800] "GET /xingrg/kc/buy/cgsh_order_operate.html?command=get_materiel&rest_code=00111&code=00101016030&supplier_code=00100037&order_time=2020-11-30 HTTP/1.1" 200 412
117.131.5.26 - - [30/Nov/2020:09:23:24 +0800] "GET /xingrg/all/function/internal_message.html?_=1606699440611&CODE_STATE=getMsg HTTP/1.1" 200 27
117.131.5.26 - - [30/Nov/2020:09:23:24 +0800] "GET /xingrg/check_reg.html?_=1606699440612 HTTP/1.1" 200 22
114.88.175.227 - - [30/Nov/2020:09:23:28 +0800] "GET /xingrg/kc/buy/cgsh_order_operate.html?command=get_materiel&rest_code=00111&code=00101016071&supplier_code=00100037&order_time=2020-11-30 HTTP/1.1" 200 416
172.17.0.185 - - [30/Nov/2020:09:23:29 +0800] "GET /xingrg/all/function/internal_message.html?_=1606699408975&CODE_STATE=getMsg HTTP/1.1" 200 27
172.17.0.185 - - [30/Nov/2020:09:23:29 +0800] "GET /xingrg/check_reg.html?_=1606699408982 HTTP/1.1" 200 22
116.228.172.94 - - [30/Nov/2020:09:23:30 +0800] "GET /xingrg/kc/base/wldb_order_operate.html?command=get_materiel&rest_code=00107&base_code=0010152&code=00102001084 HTTP/1.1" 200 432
180.157.253.48 - - [30/Nov/2020:09:23:30 +0800] "GET /xingrg/javascript/jquery_easy_ui/themes/default/images/tabs_active.png HTTP/1.1" 304 -
180.157.253.48 - - [30/Nov/2020:09:23:30 +0800] "GET /xingrg/javascript/jquery_easy_ui/themes/default/images/tabs_active.png HTTP/1.1" 304 -
180.157.253.48 - - [30/Nov/2020:09:23:30 +0800] "GET /xingrg/javascript/jquery_easy_ui/themes/default/images/tabs_active.png HTTP/1.1" 304 -
116.232.52.15 - - [30/Nov/2020:09:23:32 +0800] "GET /xingrg/all/function/internal_message.html?_=1606699413816&CODE_STATE=getMsg HTTP/1.1" 200 27
180.157.253.48 - - [30/Nov/2020:09:23:32 +0800] "GET /xingrg/javascript/easyui/themes/default/images/button_plain_hover.png HTTP/1.1" 304 -
180.157.253.48 - - [30/Nov/2020:09:23:32 +0800] "GET /xingrg/javascript/easyui/themes/default/images/button_plain_hover.png HTTP/1.1" 304 -
180.157.253.48 - - [30/Nov/2020:09:23:32 +0800] "GET /xingrg/javascript/easyui/themes/default/images/button_plain_hover.png HTTP/1.1" 304 -
180.157.253.48 - - [30/Nov/2020:09:23:32 +0800] "GET /xingrg/javascript/easyui/themes/default/images/button_plain_hover.png HTTP/1.1" 304 -
180.157.253.48 - - [30/Nov/2020:09:23:33 +0800] "GET /xingrg/javascript/easyui/themes/default/images/button_plain_hover.png HTTP/1.1" 304 -
180.157.253.48 - - [30/Nov/2020:09:23:33 +0800] "GET /xingrg/javascript/easyui/themes/default/images/button_plain_hover.png HTTP/1.1" 304 -
180.157.253.48 - - [30/Nov/2020:09:23:33 +0800] "GET /xingrg/javascript/easyui/themes/default/images/button_plain_hover.png HTTP/1.1" 304 -
180.157.253.48 - - [30/Nov/2020:09:23:33 +0800] "GET /xingrg/css/base.css HTTP/1.1" 304 -
180.157.253.48 - - [30/Nov/2020:09:23:33 +0800] "GET /xingrg/javascript/easyui/themes/default/easyui.css HTTP/1.1" 304 -
180.157.253.48 - - [30/Nov/2020:09:23:33 +0800] "GET /xingrg/javascript/easyui/themes/icon.css HTTP/1.1" 304 -
180.157.253.48 - - [30/Nov/2020:09:23:33 +0800] "GET /xingrg/javascript/auto/jquery.autocomplete.css HTTP/1.1" 304 -
180.157.253.48 - - [30/Nov/2020:09:23:33 +0800] "GET /xingrg/javascript/jquery_tools/fix.css HTTP/1.1" 304 -
180.157.253.48 - - [30/Nov/2020:09:23:33 +0800] "GET /xingrg/javascript/jquery_tools/table.css HTTP/1.1" 304 -
180.157.253.48 - - [30/Nov/2020:09:23:33 +0800] "GET /xingrg/javascript/pic_change.js HTTP/1.1" 304 -
180.157.253.48 - - [30/Nov/2020:09:23:33 +0800] "GET /xingrg/javascript/jquery_tools/jquery.tools.min.js HTTP/1.1" 304 -
180.157.253.48 - - [30/Nov/2020:09:23:33 +0800] "GET /xingrg/javascript/jquery_tools/jquery.tools.extend.js HTTP/1.1" 304 -
180.157.253.48 - - [30/Nov/2020:09:23:33 +0800] "GET /xingrg/javascript/jquery_tools/jquery.tools.hotkey.js HTTP/1.1" 304 -
180.157.253.48 - - [30/Nov/2020:09:23:33 +0800] "GET /xingrg/javascript/jquery_tools/jquery.tools.table.js HTTP/1.1" 304 -
180.157.253.48 - - [30/Nov/2020:09:23:33 +0800] "GET /xingrg/javascript/auto/jquery.autocomplete.js HTTP/1.1" 304 -
180.157.253.48 - - [30/Nov/2020:09:23:33 +0800] "GET /xingrg/javascript/easyui/easyloader.js HTTP/1.1" 304 -
180.157.253.48 - - [30/Nov/2020:09:23:33 +0800] "GET /xingrg/javascript/jquery_tools/datebox.css HTTP/1.1" 304 -
180.157.253.48 - - [30/Nov/2020:09:23:33 +0800] "GET /xingrg/javascript/jquery.utils.js HTTP/1.1" 304 -
180.157.253.48 - - [30/Nov/2020:09:23:33 +0800] "GET /xingrg/javascript/jquery_tools/order_manager.js HTTP/1.1" 304 -
180.157.253.48 - - [30/Nov/2020:09:23:33 +0800] "GET /xingrg/javascript/convert.js HTTP/1.1" 304 -
180.157.253.48 - - [30/Nov/2020:09:23:33 +0800] "GET /xingrg/javascript/json2.js HTTP/1.1" 304 -
180.157.253.48 - - [30/Nov/2020:09:23:33 +0800] "GET /xingrg/kc/buy/cgsh_order_add.html HTTP/1.1" 200 60807
180.157.253.48 - - [30/Nov/2020:09:23:33 +0800] "GET /xingrg/javascript/jquery.cookie.js HTTP/1.1" 304 -
180.157.253.48 - - [30/Nov/2020:09:23:33 +0800] "GET /xingrg/javascript/print/kc_print.js HTTP/1.1" 304 -
180.157.253.48 - - [30/Nov/2020:09:23:33 +0800] "GET /xingrg/javascript/print/LodopFuncs.js HTTP/1.1" 304 -
180.157.253.48 - - [30/Nov/2020:09:23:33 +0800] "GET /xingrg/css/site.css HTTP/1.1" 304 -
180.157.253.48 - - [30/Nov/2020:09:23:33 +0800] "GET /xingrg/words/20201127160732_words.js HTTP/1.1" 304 -
180.157.253.48 - - [30/Nov/2020:09:23:33 +0800] "GET /xingrg/javascript/easyui/plugins/jquery.parser.js HTTP/1.1" 304 -
180.157.253.48 - - [30/Nov/2020:09:23:33 +0800] "POST /xingrg/kc/buy/cgsh_order_operate.html HTTP/1.1" 200 8245
180.157.253.48 - - [30/Nov/2020:09:23:33 +0800] "GET /xingrg/javascript/easyui/themes/default/images/button_plain_hover.png HTTP/1.1" 304 -
180.157.253.48 - - [30/Nov/2020:09:23:33 +0800] "GET /xingrg/all/common/auto_word.html?type=employee&rest_code=00148 HTTP/1.1" 200 197
180.157.253.48 - - [30/Nov/2020:09:23:33 +0800] "GET /xingrg/all/common/auto_word.html?type=employee&rest_code=00148 HTTP/1.1" 200 197
180.157.253.48 - - [30/Nov/2020:09:23:33 +0800] "GET /xingrg/javascript/easyui/themes/default/images/button_plain_hover.png HTTP/1.1" 304 -
180.157.253.48 - - [30/Nov/2020:09:23:33 +0800] "GET /xingrg/javascript/easyui/themes/default/validatebox.css HTTP/1.1" 404 1104
180.157.253.48 - - [30/Nov/2020:09:23:33 +0800] "GET /xingrg/javascript/easyui/plugins/jquery.validatebox.js HTTP/1.1" 304 -
180.157.253.48 - - [30/Nov/2020:09:23:33 +0800] "GET /xingrg/javascript/easyui/plugins/jquery.numberbox.js HTTP/1.1" 304 -
117.184.7.26 - - [30/Nov/2020:09:23:34 +0800] "GET /xingrg/all/function/internal_message.html?_=1606699412161&CODE_STATE=getMsg HTTP/1.1" 200 27
180.162.223.42 - - [30/Nov/2020:09:23:35 +0800] "POST /xingrg/kc/buy/cgsh_order_operate.html HTTP/1.1" 200 37
101.85.228.137 - - [30/Nov/2020:09:23:36 +0800] "POST /xingrg/kc/buy/cgsh_order_operate.html HTTP/1.1" 200 37
114.88.175.227 - - [30/Nov/2020:09:23:36 +0800] "GET /xingrg/kc/buy/cgsh_order_operate.html?command=get_materiel&rest_code=00111&code=00101012010&supplier_code=00100037&order_time=2020-11-30 HTTP/1.1" 200 409
180.162.223.42 - - [30/Nov/2020:09:23:36 +0800] "POST /xingrg/kc/buy/cgsh_order_operate.html HTTP/1.1" 200 3249
180.157.253.48 - - [30/Nov/2020:09:23:38 +0800] "GET /xingrg/javascript/jquery_tools/jquery.tools.extend.js HTTP/1.1" 304 -
180.157.253.48 - - [30/Nov/2020:09:23:38 +0800] "GET /xingrg/javascript/jquery_tools/jquery.tools.min.js HTTP/1.1" 304 -
180.157.253.48 - - [30/Nov/2020:09:23:38 +0800] "GET /xingrg/javascript/pic_change.js HTTP/1.1" 304 -
180.157.253.48 - - [30/Nov/2020:09:23:38 +0800] "GET /xingrg/javascript/jquery_tools/jquery.tools.hotkey.js HTTP/1.1" 304 -
180.157.253.48 - - [30/Nov/2020:09:23:38 +0800] "GET /xingrg/javascript/jquery_tools/order_manager.js HTTP/1.1" 304 -
180.157.253.48 - - [30/Nov/2020:09:23:38 +0800] "GET /xingrg/javascript/jquery_tools/jquery.tools.table.js HTTP/1.1" 304 -
180.157.253.48 - - [30/Nov/2020:09:23:38 +0800] "GET /xingrg/javascript/auto/jquery.autocomplete.js HTTP/1.1" 304 -
180.157.253.48 - - [30/Nov/2020:09:23:38 +0800] "GET /xingrg/javascript/easyui/easyloader.js HTTP/1.1" 304 -
180.157.253.48 - - [30/Nov/2020:09:23:38 +0800] "GET /xingrg/javascript/jquery.utils.js HTTP/1.1" 304 -
180.157.253.48 - - [30/Nov/2020:09:23:38 +0800] "GET /xingrg/javascript/json2.js HTTP/1.1" 304 -
180.157.253.48 - - [30/Nov/2020:09:23:38 +0800] "GET /xingrg/javascript/jquery.cookie.js HTTP/1.1" 304 -
180.157.253.48 - - [30/Nov/2020:09:23:38 +0800] "GET /xingrg/javascript/print/kc_print.js HTTP/1.1" 304 -
180.157.253.48 - - [30/Nov/2020:09:23:38 +0800] "GET /xingrg/javascript/print/LodopFuncs.js HTTP/1.1" 304 -
180.157.253.48 - - [30/Nov/2020:09:23:38 +0800] "GET /xingrg/words/20201127160732_words.js HTTP/1.1" 304 -
180.157.253.48 - - [30/Nov/2020:09:23:38 +0800] "GET /xingrg/javascript/easyui/plugins/jquery.parser.js HTTP/1.1" 304 -
180.157.253.48 - - [30/Nov/2020:09:23:38 +0800] "GET /xingrg/javascript/easyui/plugins/jquery.numberbox.js HTTP/1.1" 304 -
180.157.253.48 - - [30/Nov/2020:09:23:38 +0800] "GET /xingrg/javascript/easyui/plugins/jquery.validatebox.js HTTP/1.1" 304 -
180.157.253.48 - - [30/Nov/2020:09:23:38 +0800] "GET /xingrg/javascript/convert.js HTTP/1.1" 304 -
101.85.228.137 - - [30/Nov/2020:09:23:39 +0800] "POST /xingrg/kc/buy/cgsh_order_operate.html HTTP/1.1" 200 12
116.228.172.94 - - [30/Nov/2020:09:23:39 +0800] "GET /xingrg/kc/base/wldb_order_operate.html?command=get_materiel&rest_code=00107&base_code=0010152&code=00102004006 HTTP/1.1" 200 444
222.69.137.175 - - [30/Nov/2020:09:23:39 +0800] "GET /xingrg/all/function/internal_message.html?_=1606699419118&CODE_STATE=getMsg HTTP/1.1" 200 27
101.85.228.137 - - [30/Nov/2020:09:23:39 +0800] "GET /xingrg/kc/buy/cgsh_order_info.html?code=212020113011813 HTTP/1.1" 200 55667
101.85.228.137 - - [30/Nov/2020:09:23:40 +0800] "GET /xingrg/javascript/easyui/themes/default/validatebox.css HTTP/1.1" 404 1104
101.85.228.137 - - [30/Nov/2020:09:23:40 +0800] "POST /xingrg/kc/buy/cgsh_order_operate.html HTTP/1.1" 200 1808
180.162.223.42 - - [30/Nov/2020:09:23:41 +0800] "GET /xingrg/kc/buy/cgsh_order_list.html HTTP/1.1" 200 45069
180.157.253.48 - - [30/Nov/2020:09:23:43 +0800] "GET /xingrg/kc/buy/cgsh_order_operate.html?command=get_materiel&rest_code=00148&code=00101008256&supplier_code=00100007&order_time=2020-11-30 HTTP/1.1" 200 413
180.162.223.42 - - [30/Nov/2020:09:23:43 +0800] "POST /xingrg/kc/buy/cgsh_list_operate.html HTTP/1.1" 200 3492
180.157.253.48 - - [30/Nov/2020:09:23:43 +0800] "GET /xingrg/javascript/easyui/themes/default/images/button_plain_hover.png HTTP/1.1" 304 -
180.162.223.42 - - [30/Nov/2020:09:23:43 +0800] "GET /xingrg/all/function/internal_message.html?_=1606699404933&CODE_STATE=getMsg HTTP/1.1" 200 27
180.162.223.42 - - [30/Nov/2020:09:23:43 +0800] "GET /xingrg/check_reg.html?_=1606699404931 HTTP/1.1" 200 22
101.85.228.137 - - [30/Nov/2020:09:23:44 +0800] "GET /xingrg/all/function/internal_message.html?_=1606699652242&CODE_STATE=getMsg HTTP/1.1" 200 27
180.162.223.42 - - [30/Nov/2020:09:23:45 +0800] "POST /xingrg/kc/buy/cgsh_list_operate.html HTTP/1.1" 200 565
180.174.56.115 - - [30/Nov/2020:09:23:45 +0800] "GET /xingrg/all/function/internal_message.html?_=1606699426560&CODE_STATE=getMsg HTTP/1.1" 200 27
101.85.228.137 - - [30/Nov/2020:09:23:46 +0800] "GET /xingrg/kc/print/load_data.html?order_code=212020113011813&kc_code=cgsh&condition= HTTP/1.1" 200 1221
180.162.223.42 - - [30/Nov/2020:09:23:47 +0800] "GET /xingrg/kc/buy/cgsh_order_info.html?code=212020113011795 HTTP/1.1" 200 60857
180.162.223.42 - - [30/Nov/2020:09:23:48 +0800] "GET /xingrg/javascript/easyui/themes/default/validatebox.css HTTP/1.1" 404 1104
180.174.56.115 - - [30/Nov/2020:09:23:48 +0800] "GET /xingrg/kc/buy/cgsh_order_operate.html?command=get_materiel&rest_code=00151&code=00101006056&supplier_code=00100096&order_time=2020-11-30 HTTP/1.1" 200 413
180.162.223.42 - - [30/Nov/2020:09:23:48 +0800] "POST /xingrg/kc/buy/cgsh_order_operate.html HTTP/1.1" 200 32827
180.157.253.48 - - [30/Nov/2020:09:23:49 +0800] "GET /xingrg/kc/buy/cgsh_order_operate.html?command=get_materiel&rest_code=00148&code=00101008045&supplier_code=00100007&order_time=2020-11-30 HTTP/1.1" 200 412
116.228.172.94 - - [30/Nov/2020:09:23:49 +0800] "GET /xingrg/kc/base/wldb_order_operate.html?command=get_materiel&rest_code=00107&base_code=0010152&code=00102004026 HTTP/1.1" 200 444
180.157.253.48 - - [30/Nov/2020:09:23:49 +0800] "GET /xingrg/javascript/easyui/themes/default/images/button_plain_hover.png HTTP/1.1" 304 -
114.88.175.227 - - [30/Nov/2020:09:23:49 +0800] "GET /xingrg/kc/buy/cgsh_order_operate.html?command=get_materiel&rest_code=00111&code=00101015038&supplier_code=00100037&order_time=2020-11-30 HTTP/1.1" 200 418
120.253.135.82 - - [30/Nov/2020:09:23:51 +0800] "GET /xingrg/all/function/internal_message.html?_=1606699546644&CODE_STATE=getMsg HTTP/1.1" 200 27
114.88.175.227 - - [30/Nov/2020:09:23:51 +0800] "GET /xingrg/all/function/internal_message.html?_=1606699552525&CODE_STATE=getMsg HTTP/1.1" 200 27
172.17.0.102 - - [30/Nov/2020:09:23:51 +0800] "GET /xingrg/all/function/internal_message.html?_=1606699431695&CODE_STATE=getMsg HTTP/1.1" 200 27
180.174.56.115 - - [30/Nov/2020:09:23:53 +0800] "GET /xingrg/check_reg.html?_=1606699406994 HTTP/1.1" 200 22
180.174.56.115 - - [30/Nov/2020:09:23:53 +0800] "GET /xingrg/all/function/internal_message.html?_=1606699407320&CODE_STATE=getMsg HTTP/1.1" 200 27
180.157.253.48 - - [30/Nov/2020:09:23:53 +0800] "GET /xingrg/kc/buy/cgsh_order_operate.html?command=get_materiel&rest_code=00148&code=00101008354&supplier_code=00100007&order_time=2020-11-30 HTTP/1.1" 200 412
180.157.253.48 - - [30/Nov/2020:09:23:54 +0800] "GET /xingrg/javascript/easyui/themes/default/images/button_plain_hover.png HTTP/1.1" 304 -
116.228.172.94 - - [30/Nov/2020:09:23:54 +0800] "POST /xingrg/kc/base/wldb_order_operate.html HTTP/1.1" 200 37
116.228.172.94 - - [30/Nov/2020:09:23:54 +0800] "POST /xingrg/kc/base/wldb_order_operate.html HTTP/1.1" 200 3620
116.228.172.94 - - [30/Nov/2020:09:23:55 +0800] "GET /xingrg/kc/base/wldb_order_info.html?code=422020113003454 HTTP/1.1" 200 30603
114.88.175.227 - - [30/Nov/2020:09:23:56 +0800] "GET /xingrg/kc/buy/cgsh_order_operate.html?command=get_materiel&rest_code=00111&code=00101008123&supplier_code=00100037&order_time=2020-11-30 HTTP/1.1" 200 412
116.228.172.94 - - [30/Nov/2020:09:23:56 +0800] "GET /xingrg/javascript/easyui/themes/default/validatebox.css HTTP/1.1" 404 1104
116.228.172.94 - - [30/Nov/2020:09:23:56 +0800] "POST /xingrg/kc/base/wldb_order_operate.html HTTP/1.1" 200 3620
116.228.172.94 - - [30/Nov/2020:09:23:58 +0800] "GET /xingrg/kc/base/wldb_order_add.html HTTP/1.1" 200 30589
180.157.253.48 - - [30/Nov/2020:09:23:58 +0800] "GET /xingrg/kc/buy/cgsh_order_operate.html?command=get_materiel&rest_code=00148&code=00101008028&supplier_code=00100007&order_time=2020-11-30 HTTP/1.1" 200 412
180.157.253.48 - - [30/Nov/2020:09:23:59 +0800] "GET /xingrg/javascript/easyui/themes/default/images/button_plain_hover.png HTTP/1.1" 304 -
116.228.172.94 - - [30/Nov/2020:09:23:59 +0800] "GET /xingrg/javascript/easyui/themes/default/validatebox.css HTTP/1.1" 404 1104
116.228.172.94 - - [30/Nov/2020:09:23:59 +0800] "POST /xingrg/kc/base/wldb_order_operate.html HTTP/1.1" 200 6806
116.228.172.94 - - [30/Nov/2020:09:24:00 +0800] "POST /xingrg/all/common/load_combo.html?type=base HTTP/1.1" 200 3324
114.88.175.227 - - [30/Nov/2020:09:24:01 +0800] "GET /xingrg/kc/buy/cgsh_order_operate.html?command=get_materiel&rest_code=00111&code=00101008324&supplier_code=00100037&order_time=2020-11-30 HTTP/1.1" 200 412
116.228.172.94 - - [30/Nov/2020:09:24:01 +0800] "POST /xingrg/all/common/load_combo.html?type=base HTTP/1.1" 200 3324
180.174.56.115 - - [30/Nov/2020:09:24:04 +0800] "GET /xingrg/kc/buy/cgsh_order_operate.html?command=get_materiel&rest_code=00151&code=00101006006&supplier_code=00100096&order_time=2020-11-30 HTTP/1.1" 200 409
180.157.253.48 - - [30/Nov/2020:09:24:05 +0800] "GET /xingrg/kc/buy/cgsh_order_operate.html?command=get_materiel&rest_code=00148&code=00101008026&supplier_code=00100007&order_time=2020-11-30 HTTP/1.1" 200 409
180.157.253.48 - - [30/Nov/2020:09:24:05 +0800] "GET /xingrg/javascript/easyui/themes/default/images/button_plain_hover.png HTTP/1.1" 304 -
180.157.253.48 - - [30/Nov/2020:09:24:10 +0800] "GET /xingrg/kc/buy/cgsh_order_operate.html?command=get_materiel&rest_code=00148&code=00101008038&supplier_code=00100007&order_time=2020-11-30 HTTP/1.1" 200 412
180.157.253.48 - - [30/Nov/2020:09:24:10 +0800] "GET /xingrg/javascript/easyui/themes/default/images/button_plain_hover.png HTTP/1.1" 304 -
180.162.223.42 - - [30/Nov/2020:09:24:11 +0800] "GET /xingrg/kc/buy/cgsh_order_list.html HTTP/1.1" 200 45069
180.174.56.115 - - [30/Nov/2020:09:24:11 +0800] "GET /xingrg/kc/buy/cgsh_order_operate.html?command=get_materiel&rest_code=00151&code=00101001075&supplier_code=00100096&order_time=2020-11-30 HTTP/1.1" 200 411
114.88.175.227 - - [30/Nov/2020:09:24:12 +0800] "GET /xingrg/kc/buy/cgsh_order_operate.html?command=get_materiel&rest_code=00111&code=00101012002&supplier_code=00100037&order_time=2020-11-30 HTTP/1.1" 200 419
180.162.223.42 - - [30/Nov/2020:09:24:12 +0800] "POST /xingrg/kc/buy/cgsh_list_operate.html HTTP/1.1" 200 3492
101.85.228.137 - - [30/Nov/2020:09:24:13 +0800] "GET /xingrg/kc/buy/cgsh_order_add.html HTTP/1.1" 200 60766
180.157.253.48 - - [30/Nov/2020:09:24:14 +0800] "GET /xingrg/all/function/internal_message.html?_=1606699454089&CODE_STATE=getMsg HTTP/1.1" 200 27
101.85.228.137 - - [30/Nov/2020:09:24:14 +0800] "POST /xingrg/kc/buy/cgsh_order_operate.html HTTP/1.1" 200 8245
101.85.228.137 - - [30/Nov/2020:09:24:15 +0800] "GET /xingrg/javascript/easyui/themes/default/validatebox.css HTTP/1.1" 404 1104
116.228.172.94 - - [30/Nov/2020:09:24:15 +0800] "GET /xingrg/kc/base/wldb_order_operate.html?command=get_materiel&rest_code=00107&base_code=0010152&code=00102001105 HTTP/1.1" 200 432
101.85.93.83 - - [30/Nov/2020:09:24:15 +0800] "POST /xingrg/kc/buy/cgsh_order_operate.html HTTP/1.1" 200 37
180.162.223.42 - - [30/Nov/2020:09:24:15 +0800] "POST /xingrg/kc/buy/cgsh_list_operate.html HTTP/1.1" 200 274
180.157.253.48 - - [30/Nov/2020:09:24:15 +0800] "GET /xingrg/kc/buy/cgsh_order_operate.html?command=get_materiel&rest_code=00148&code=00101008264&supplier_code=00100007&order_time=2020-11-30 HTTP/1.1" 200 412
180.157.253.48 - - [30/Nov/2020:09:24:15 +0800] "GET /xingrg/javascript/easyui/themes/default/images/button_plain_hover.png HTTP/1.1" 304 -
101.85.228.137 - - [30/Nov/2020:09:24:15 +0800] "GET /xingrg/javascript/easyui/themes/default/tree.css HTTP/1.1" 404 1090
101.85.228.137 - - [30/Nov/2020:09:24:16 +0800] "POST /xingrg/all/common/load_tree.html?tree=supplier_tree_json&isDelete=1 HTTP/1.1" 200 52105
180.162.223.42 - - [30/Nov/2020:09:24:16 +0800] "GET /xingrg/kc/buy/cgsh_order_info.html?code=212020113011812 HTTP/1.1" 200 60865
180.162.223.42 - - [30/Nov/2020:09:24:16 +0800] "GET /xingrg/javascript/easyui/themes/default/validatebox.css HTTP/1.1" 404 1104
180.162.223.42 - - [30/Nov/2020:09:24:16 +0800] "POST /xingrg/kc/buy/cgsh_order_operate.html HTTP/1.1" 200 3249
101.85.93.83 - - [30/Nov/2020:09:24:17 +0800] "POST /xingrg/kc/buy/cgsh_order_operate.html HTTP/1.1" 200 12
116.228.172.94 - - [30/Nov/2020:09:24:17 +0800] "GET /xingrg/all/function/internal_message.html?_=1606699460143&CODE_STATE=getMsg HTTP/1.1" 200 27
180.162.223.42 - - [30/Nov/2020:09:24:18 +0800] "GET /xingrg/kc/print/load_data.html?order_code=212020113011812&kc_code=cgsh&condition= HTTP/1.1" 200 892
101.85.93.83 - - [30/Nov/2020:09:24:18 +0800] "GET /xingrg/kc/buy/cgsh_order_info.html?code=212020112811262 HTTP/1.1" 200 54829
101.85.93.83 - - [30/Nov/2020:09:24:18 +0800] "GET /xingrg/javascript/easyui/themes/default/validatebox.css HTTP/1.1" 404 1104
101.85.93.83 - - [30/Nov/2020:09:24:18 +0800] "POST /xingrg/kc/buy/cgsh_order_operate.html HTTP/1.1" 200 23094
114.88.175.227 - - [30/Nov/2020:09:24:18 +0800] "GET /xingrg/kc/buy/cgsh_order_operate.html?command=get_materiel&rest_code=00111&code=00101008183&supplier_code=00100037&order_time=2020-11-30 HTTP/1.1" 200 413
180.162.223.42 - - [30/Nov/2020:09:24:18 +0800] "GET /xingrg/all/function/internal_message.html?_=1606699460480&CODE_STATE=getMsg HTTP/1.1" 200 27
101.85.93.83 - - [30/Nov/2020:09:24:18 +0800] "GET /xingrg/all/function/internal_message.html?_=1606699182639&CODE_STATE=getMsg HTTP/1.1" 200 27
180.174.56.115 - - [30/Nov/2020:09:24:19 +0800] "GET /xingrg/kc/buy/cgsh_order_operate.html?command=get_materiel&rest_code=00151&code=00101012025&supplier_code=00100096&order_time=2020-11-30 HTTP/1.1" 200 412
180.157.253.48 - - [30/Nov/2020:09:24:20 +0800] "GET /xingrg/kc/buy/cgsh_order_operate.html?command=get_materiel&rest_code=00148&code=00101008272&supplier_code=00100007&order_time=2020-11-30 HTTP/1.1" 200 412
180.157.253.48 - - [30/Nov/2020:09:24:20 +0800] "GET /xingrg/javascript/easyui/themes/default/images/button_plain_hover.png HTTP/1.1" 304 -
172.17.0.102 - - [30/Nov/2020:09:24:23 +0800] "GET /xingrg/check_reg.html?_=1606699463285 HTTP/1.1" 200 22
180.162.223.42 - - [30/Nov/2020:09:24:24 +0800] "POST /xingrg/kc/buy/cgsh_list_operate.html HTTP/1.1" 200 3492
180.157.253.48 - - [30/Nov/2020:09:24:24 +0800] "GET /xingrg/kc/buy/cgsh_order_operate.html?command=get_materiel&rest_code=00148&code=00101008270&supplier_code=00100007&order_time=2020-11-30 HTTP/1.1" 200 412
180.157.253.48 - - [30/Nov/2020:09:24:24 +0800] "GET /xingrg/javascript/easyui/themes/default/images/button_plain_hover.png HTTP/1.1" 304 -
180.162.223.42 - - [30/Nov/2020:09:24:24 +0800] "POST /xingrg/kc/buy/cgsh_list_operate.html HTTP/1.1" 200 565
117.131.5.26 - - [30/Nov/2020:09:24:24 +0800] "GET /xingrg/all/function/internal_message.html?_=1606699500610&CODE_STATE=getMsg HTTP/1.1" 200 27
180.162.223.42 - - [30/Nov/2020:09:24:25 +0800] "GET /xingrg/kc/buy/cgsh_order_info.html?code=212020113011795 HTTP/1.1" 200 60857
180.162.223.42 - - [30/Nov/2020:09:24:25 +0800] "GET /xingrg/javascript/easyui/themes/default/validatebox.css HTTP/1.1" 404 1104
180.174.56.115 - - [30/Nov/2020:09:24:25 +0800] "GET /xingrg/kc/buy/cgsh_order_operate.html?command=get_materiel&rest_code=00151&code=00101012029&supplier_code=00100096&order_time=2020-11-30 HTTP/1.1" 200 412
58.221.95.50 - - [30/Nov/2020:09:24:25 +0800] "GET /xingrg/check_reg.html?_=1606699478552 HTTP/1.1" 302 -
58.221.95.50 - - [30/Nov/2020:09:24:25 +0800] "GET /xingrg/check_reg.html?_=1606699478552 HTTP/1.1" 302 -
180.162.223.42 - - [30/Nov/2020:09:24:25 +0800] "POST /xingrg/kc/buy/cgsh_order_operate.html HTTP/1.1" 200 32827
116.228.172.94 - - [30/Nov/2020:09:24:26 +0800] "GET /xingrg/kc/base/wldb_order_operate.html?command=get_materiel&rest_code=00107&base_code=0010152&code=00102002163 HTTP/1.1" 200 436
101.85.93.83 - - [30/Nov/2020:09:24:29 +0800] "GET /xingrg/kc/print/load_config.html?kc_code=cgsh HTTP/1.1" 200 1845
172.17.0.185 - - [30/Nov/2020:09:24:29 +0800] "GET /xingrg/all/function/internal_message.html?_=1606699468971&CODE_STATE=getMsg HTTP/1.1" 200 27
101.85.93.83 - - [30/Nov/2020:09:24:29 +0800] "GET /xingrg/kc/print/load_data.html?order_code=212020112811262&kc_code=cgsh&condition= HTTP/1.1" 200 9178
120.253.135.82 - - [30/Nov/2020:09:24:31 +0800] "GET /xingrg/check_reg.html?_=1606699586834 HTTP/1.1" 200 22
116.232.52.15 - - [30/Nov/2020:09:24:32 +0800] "GET /xingrg/all/function/internal_message.html?_=1606699473840&CODE_STATE=getMsg HTTP/1.1" 200 27
117.184.7.26 - - [30/Nov/2020:09:24:34 +0800] "GET /xingrg/all/function/internal_message.html?_=1606699472138&CODE_STATE=getMsg HTTP/1.1" 200 27
180.157.253.48 - - [30/Nov/2020:09:24:34 +0800] "GET /xingrg/kc/buy/cgsh_order_operate.html?command=get_materiel&rest_code=00148&code=00101008036&supplier_code=00100007&order_time=2020-11-30 HTTP/1.1" 200 408
180.157.253.48 - - [30/Nov/2020:09:24:34 +0800] "GET /xingrg/javascript/easyui/themes/default/images/button_plain_hover.png HTTP/1.1" 304 -
116.228.172.94 - - [30/Nov/2020:09:24:36 +0800] "GET /xingrg/kc/base/wldb_order_operate.html?command=get_materiel&rest_code=00107&base_code=0010152&code=00102002238 HTTP/1.1" 200 434
180.157.253.48 - - [30/Nov/2020:09:24:38 +0800] "GET /xingrg/kc/buy/cgsh_order_operate.html?command=get_materiel&rest_code=00148&code=00101008286&supplier_code=00100007&order_time=2020-11-30 HTTP/1.1" 200 408
180.157.253.48 - - [30/Nov/2020:09:24:39 +0800] "GET /xingrg/javascript/easyui/themes/default/images/button_plain_hover.png HTTP/1.1" 304 -
222.69.137.175 - - [30/Nov/2020:09:24:39 +0800] "GET /xingrg/all/function/internal_message.html?_=1606699479089&CODE_STATE=getMsg HTTP/1.1" 200 27
101.85.228.137 - - [30/Nov/2020:09:24:39 +0800] "GET /xingrg/kc/buy/cgsh_order_operate.html?command=get_materiel&rest_code=00102&code=00101012025&supplier_code=00100031&order_time=2020-11-30 HTTP/1.1" 200 412
101.85.93.83 - - [30/Nov/2020:09:24:40 +0800] "POST /xingrg/kc/buy/cgsh_list_operate.html HTTP/1.1" 200 1699
180.174.56.115 - - [30/Nov/2020:09:24:41 +0800] "GET /xingrg/kc/buy/cgsh_order_operate.html?command=get_materiel&rest_code=00151&code=00101012009&supplier_code=00100096&order_time=2020-11-30 HTTP/1.1" 200 416
101.85.228.137 - - [30/Nov/2020:09:24:42 +0800] "GET /xingrg/check_reg.html?_=1606699710975 HTTP/1.1" 200 22
180.162.223.42 - - [30/Nov/2020:09:24:43 +0800] "GET /xingrg/all/function/internal_message.html?_=1606699464935&CODE_STATE=getMsg HTTP/1.1" 200 27
180.157.253.48 - - [30/Nov/2020:09:24:44 +0800] "GET /xingrg/kc/buy/cgsh_order_operate.html?command=get_materiel&rest_code=00148&code=00101008131&supplier_code=00100007&order_time=2020-11-30 HTTP/1.1" 200 408
101.85.228.137 - - [30/Nov/2020:09:24:44 +0800] "GET /xingrg/all/function/internal_message.html?_=1606699712254&CODE_STATE=getMsg HTTP/1.1" 200 27
180.157.253.48 - - [30/Nov/2020:09:24:44 +0800] "GET /xingrg/javascript/easyui/themes/default/images/button_plain_hover.png HTTP/1.1" 304 -
114.88.175.227 - - [30/Nov/2020:09:24:44 +0800] "GET /xingrg/kc/buy/cgsh_order_operate.html?command=get_materiel&rest_code=00111&code=00101005004&supplier_code=00100037&order_time=2020-11-30 HTTP/1.1" 200 409
180.174.56.115 - - [30/Nov/2020:09:24:45 +0800] "GET /xingrg/all/function/internal_message.html?_=1606699486568&CODE_STATE=getMsg HTTP/1.1" 200 27
180.174.56.115 - - [30/Nov/2020:09:24:48 +0800] "GET /xingrg/kc/buy/cgsh_order_operate.html?command=get_materiel&rest_code=00151&code=00101012059&supplier_code=00100096&order_time=2020-11-30 HTTP/1.1" 200 413
114.88.175.227 - - [30/Nov/2020:09:24:50 +0800] "POST /xingrg/kc/buy/cgsh_order_operate.html HTTP/1.1" 200 37
101.85.228.137 - - [30/Nov/2020:09:24:50 +0800] "GET /xingrg/kc/buy/cgsh_order_operate.html?command=get_materiel&rest_code=00102&code=00101016105&supplier_code=00100031&order_time=2020-11-30 HTTP/1.1" 200 409
114.88.175.227 - - [30/Nov/2020:09:24:51 +0800] "POST /xingrg/kc/buy/cgsh_order_operate.html HTTP/1.1" 200 11571
120.253.135.82 - - [30/Nov/2020:09:24:51 +0800] "GET /xingrg/all/function/internal_message.html?_=1606699606645&CODE_STATE=getMsg HTTP/1.1" 200 27
172.17.0.102 - - [30/Nov/2020:09:24:51 +0800] "GET /xingrg/all/function/internal_message.html?_=1606699491666&CODE_STATE=getMsg HTTP/1.1" 200 27
114.88.175.227 - - [30/Nov/2020:09:24:51 +0800] "GET /xingrg/all/function/internal_message.html?_=1606699612576&CODE_STATE=getMsg HTTP/1.1" 200 27
180.157.253.48 - - [30/Nov/2020:09:24:52 +0800] "GET /xingrg/kc/buy/cgsh_order_operate.html?command=get_materiel&rest_code=00148&code=00101008352&supplier_code=00100007&order_time=2020-11-30 HTTP/1.1" 200 412
180.157.253.48 - - [30/Nov/2020:09:24:52 +0800] "GET /xingrg/javascript/easyui/themes/default/images/button_plain_hover.png HTTP/1.1" 304 -
180.174.56.115 - - [30/Nov/2020:09:24:53 +0800] "GET /xingrg/all/function/internal_message.html?_=1606699467334&CODE_STATE=getMsg HTTP/1.1" 200 27
180.174.56.115 - - [30/Nov/2020:09:24:56 +0800] "GET /xingrg/kc/buy/cgsh_order_operate.html?command=get_materiel&rest_code=00151&code=00101012084&supplier_code=00100096&order_time=2020-11-30 HTTP/1.1" 200 398
180.157.253.48 - - [30/Nov/2020:09:24:57 +0800] "GET /xingrg/kc/buy/cgsh_order_operate.html?command=get_materiel&rest_code=00148&code=00101008371&supplier_code=00100007&order_time=2020-11-30 HTTP/1.1" 200 412
180.157.253.48 - - [30/Nov/2020:09:24:57 +0800] "GET /xingrg/javascript/easyui/themes/default/images/button_plain_hover.png HTTP/1.1" 304 -
180.157.253.48 - - [30/Nov/2020:09:24:59 +0800] "GET /xingrg/javascript/easyui/themes/default/images/button_plain_hover.png HTTP/1.1" 304 -
180.157.253.48 - - [30/Nov/2020:09:25:03 +0800] "GET /xingrg/kc/buy/cgsh_order_operate.html?command=get_materiel&rest_code=00148&code=00101008098&supplier_code=00100007&order_time=2020-11-30 HTTP/1.1" 200 412
101.85.228.137 - - [30/Nov/2020:09:25:04 +0800] "GET /xingrg/kc/buy/cgsh_order_operate.html?command=get_materiel&rest_code=00102&code=00101018008&supplier_code=00100031&order_time=2020-11-30 HTTP/1.1" 200 413
114.84.37.38 - - [30/Nov/2020:09:25:05 +0800] "GET /xingrg/check_reg.html?_=1606699506265 HTTP/1.1" 200 22
180.157.253.48 - - [30/Nov/2020:09:25:09 +0800] "GET /xingrg/kc/buy/cgsh_order_operate.html?command=get_materiel&rest_code=00148&code=00101008005&supplier_code=00100007&order_time=2020-11-30 HTTP/1.1" 200 412
180.157.253.48 - - [30/Nov/2020:09:25:14 +0800] "GET /xingrg/all/function/internal_message.html?_=1606699514102&CODE_STATE=getMsg HTTP/1.1" 200 27
116.228.172.94 - - [30/Nov/2020:09:25:16 +0800] "GET /xingrg/check_reg.html?_=1606699519058 HTTP/1.1" 200 22
180.157.253.48 - - [30/Nov/2020:09:25:16 +0800] "GET /xingrg/kc/buy/cgsh_order_operate.html?command=get_materiel&rest_code=00148&code=00101008353&supplier_code=00100007&order_time=2020-11-30 HTTP/1.1" 200 408
116.228.172.94 - - [30/Nov/2020:09:25:17 +0800] "GET /xingrg/all/function/internal_message.html?_=1606699520128&CODE_STATE=getMsg HTTP/1.1" 200 27
180.162.223.42 - - [30/Nov/2020:09:25:18 +0800] "GET /xingrg/check_reg.html?_=1606699520446 HTTP/1.1" 200 22
180.162.223.42 - - [30/Nov/2020:09:25:18 +0800] "GET /xingrg/all/function/internal_message.html?_=1606699520451&CODE_STATE=getMsg HTTP/1.1" 200 27
101.85.93.83 - - [30/Nov/2020:09:25:19 +0800] "GET /xingrg/all/function/internal_message.html?_=1606699242675&CODE_STATE=getMsg HTTP/1.1" 200 27
180.157.253.48 - - [30/Nov/2020:09:25:24 +0800] "GET /xingrg/kc/buy/cgsh_order_operate.html?command=get_materiel&rest_code=00148&code=00101008283&supplier_code=00100007&order_time=2020-11-30 HTTP/1.1" 200 408
117.131.5.26 - - [30/Nov/2020:09:25:24 +0800] "GET /xingrg/all/function/internal_message.html?_=1606699560608&CODE_STATE=getMsg HTTP/1.1" 200 27
116.228.172.94 - - [30/Nov/2020:09:25:29 +0800] "GET /xingrg/kc/base/wldb_order_operate.html?command=get_materiel&rest_code=00107&base_code=0010152&code=00102002347 HTTP/1.1" 200 441
172.17.0.185 - - [30/Nov/2020:09:25:29 +0800] "GET /xingrg/all/function/internal_message.html?_=1606699528968&CODE_STATE=getMsg HTTP/1.1" 200 27
101.85.228.137 - - [30/Nov/2020:09:25:30 +0800] "POST /xingrg/kc/buy/cgsh_order_operate.html HTTP/1.1" 200 37
101.85.228.137 - - [30/Nov/2020:09:25:31 +0800] "POST /xingrg/kc/buy/cgsh_order_operate.html HTTP/1.1" 200 4423
116.232.52.15 - - [30/Nov/2020:09:25:32 +0800] "GET /xingrg/all/function/internal_message.html?_=1606699533830&CODE_STATE=getMsg HTTP/1.1" 200 27
180.157.253.48 - - [30/Nov/2020:09:25:32 +0800] "GET /xingrg/kc/buy/cgsh_order_operate.html?command=get_materiel&rest_code=00148&code=00101008021&supplier_code=00100007&order_time=2020-11-30 HTTP/1.1" 200 409
117.184.7.26 - - [30/Nov/2020:09:25:34 +0800] "GET /xingrg/all/function/internal_message.html?_=1606699532129&CODE_STATE=getMsg HTTP/1.1" 200 27
116.228.172.94 - - [30/Nov/2020:09:25:35 +0800] "GET /xingrg/kc/base/wldb_order_operate.html?command=get_materiel&rest_code=00107&base_code=0010152&code=00102002362 HTTP/1.1" 200 433
101.85.228.137 - - [30/Nov/2020:09:25:36 +0800] "POST /xingrg/kc/buy/cgsh_order_operate.html HTTP/1.1" 200 37
101.85.228.137 - - [30/Nov/2020:09:25:38 +0800] "POST /xingrg/kc/buy/cgsh_order_operate.html HTTP/1.1" 200 12
101.85.228.137 - - [30/Nov/2020:09:25:39 +0800] "GET /xingrg/kc/buy/cgsh_order_info.html?code=212020113011815 HTTP/1.1" 200 55669
222.69.137.175 - - [30/Nov/2020:09:25:39 +0800] "GET /xingrg/all/function/internal_message.html?_=1606699539065&CODE_STATE=getMsg HTTP/1.1" 200 27
