114.84.145.85 - - [29/Nov/2020:10:52:24 +0800] "GET /xingrg/javascript/easyui/themes/default/validatebox.css HTTP/1.1" 404 1104
120.253.135.82 - - [29/Nov/2020:10:52:24 +0800] "GET /xingrg/check_reg.html?_=1606618089504 HTTP/1.1" 200 22
180.174.56.115 - - [29/Nov/2020:10:52:25 +0800] "GET /xingrg/kc/print/load_data.html?order_code=212020112911458&kc_code=cgsh&condition= HTTP/1.1" 200 948
180.162.223.42 - - [29/Nov/2020:10:52:25 +0800] "GET /xingrg/kc/buy/cgsh_order_operate.html?command=get_materiel&rest_code=00105&code=00101008353&supplier_code=00100203&order_time=2020-11-29 HTTP/1.1" 200 408
222.69.133.109 - - [29/Nov/2020:10:52:27 +0800] "GET /xingrg/all/function/internal_message.html?_=1606618343248&CODE_STATE=getMsg HTTP/1.1" 200 27
222.69.133.109 - - [29/Nov/2020:10:52:27 +0800] "GET /xingrg/check_reg.html?_=1606618343250 HTTP/1.1" 200 22
117.184.7.30 - - [29/Nov/2020:10:52:28 +0800] "GET /xingrg/kc/buy/cgsh_order_operate.html?command=get_materiel&rest_code=00108&code=00101008059&supplier_code=00100008&order_time=2020-11-29 HTTP/1.1" 200 408
180.174.56.115 - - [29/Nov/2020:10:52:28 +0800] "GET /xingrg/kc/buy/cgsh_order_add.html HTTP/1.1" 200 60731
180.174.56.115 - - [29/Nov/2020:10:52:29 +0800] "POST /xingrg/kc/buy/cgsh_order_operate.html HTTP/1.1" 200 8245
180.174.56.115 - - [29/Nov/2020:10:52:29 +0800] "GET /xingrg/javascript/easyui/themes/default/validatebox.css HTTP/1.1" 404 1104
101.85.228.137 - - [29/Nov/2020:10:52:30 +0800] "GET /xingrg/all/function/internal_message.html?_=1606618346823&CODE_STATE=getMsg HTTP/1.1" 200 27
114.88.175.227 - - [29/Nov/2020:10:52:30 +0800] "GET /xingrg/all/function/internal_message.html?_=1606618462442&CODE_STATE=getMsg HTTP/1.1" 200 27
101.85.228.137 - - [29/Nov/2020:10:52:31 +0800] "GET /xingrg/kc/buy/cgsh_order_operate.html?command=get_materiel&rest_code=00102&code=00101008212&supplier_code=00100008&order_time=2020-11-29 HTTP/1.1" 200 414
117.131.5.26 - - [29/Nov/2020:10:52:31 +0800] "GET /xingrg/all/function/internal_message.html?_=1606618383196&CODE_STATE=getMsg HTTP/1.1" 200 27
116.232.51.253 - - [29/Nov/2020:10:52:32 +0800] "GET /xingrg/kc/buy/cgsh_order_operate.html?command=get_materiel&rest_code=00109&code=00101008213&supplier_code=00100005&order_time=2020-11-29 HTTP/1.1" 200 412
117.184.7.30 - - [29/Nov/2020:10:52:34 +0800] "GET /xingrg/kc/buy/cgsh_order_operate.html?command=get_materiel&rest_code=00108&code=00101008230&supplier_code=00100008&order_time=2020-11-29 HTTP/1.1" 200 408
180.162.223.42 - - [29/Nov/2020:10:52:35 +0800] "GET /xingrg/kc/buy/cgsh_order_operate.html?command=get_materiel&rest_code=00105&code=00101008213&supplier_code=00100203&order_time=2020-11-29 HTTP/1.1" 200 412
117.185.32.26 - - [29/Nov/2020:10:52:36 +0800] "GET /xingrg/all/function/internal_message.html?_=1606618784781&CODE_STATE=getMsg HTTP/1.1" 200 27
180.174.56.115 - - [29/Nov/2020:10:52:36 +0800] "GET /xingrg/kc/buy/cgsh_order_operate.html?command=get_materiel&rest_code=00150&code=00101010017&supplier_code=00100323&order_time=2020-11-29 HTTP/1.1" 200 423
180.162.223.42 - - [29/Nov/2020:10:52:37 +0800] "GET /xingrg/check_reg.html?_=1606618353715 HTTP/1.1" 200 22
180.162.223.42 - - [29/Nov/2020:10:52:37 +0800] "GET /xingrg/all/function/internal_message.html?_=1606618353719&CODE_STATE=getMsg HTTP/1.1" 200 27
101.85.228.137 - - [29/Nov/2020:10:52:37 +0800] "GET /xingrg/kc/buy/cgsh_order_operate.html?command=get_materiel&rest_code=00102&code=00101008251&supplier_code=00100008&order_time=2020-11-29 HTTP/1.1" 200 410
114.84.145.85 - - [29/Nov/2020:10:52:37 +0800] "GET /xingrg/kc/buy/cgsh_order_operate.html?command=get_materiel&rest_code=00141&code=00101007032&supplier_code=00100328&order_time=2020-11-29 HTTP/1.1" 200 413
116.232.51.253 - - [29/Nov/2020:10:52:37 +0800] "GET /xingrg/kc/buy/cgsh_order_operate.html?command=get_materiel&rest_code=00109&code=00101008251&supplier_code=00100005&order_time=2020-11-29 HTTP/1.1" 200 408
114.84.37.38 - - [29/Nov/2020:10:52:39 +0800] "GET /xingrg/all/function/internal_message.html?_=1606618354375&CODE_STATE=getMsg HTTP/1.1" 302 -
116.232.51.253 - - [29/Nov/2020:10:52:39 +0800] "POST /xingrg/kc/buy/cgsh_order_operate.html HTTP/1.1" 200 2065
117.184.7.30 - - [29/Nov/2020:10:52:40 +0800] "GET /xingrg/kc/buy/cgsh_order_operate.html?command=get_materiel&rest_code=00108&code=00101008286&supplier_code=00100008&order_time=2020-11-29 HTTP/1.1" 200 408
117.184.7.30 - - [29/Nov/2020:10:52:43 +0800] "POST /xingrg/kc/buy/cgsh_order_operate.html HTTP/1.1" 200 2065
101.85.228.137 - - [29/Nov/2020:10:52:43 +0800] "GET /xingrg/all/function/internal_message.html?_=1606618586291&CODE_STATE=getMsg HTTP/1.1" 200 27
116.232.51.253 - - [29/Nov/2020:10:52:43 +0800] "GET /xingrg/kc/buy/cgsh_order_operate.html?command=get_materiel&rest_code=00109&code=00101008350&supplier_code=00100005&order_time=2020-11-29 HTTP/1.1" 200 408
180.174.56.115 - - [29/Nov/2020:10:52:44 +0800] "GET /xingrg/kc/buy/cgsh_order_operate.html?command=get_materiel&rest_code=00150&code=00101001080&supplier_code=00100323&order_time=2020-11-29 HTTP/1.1" 200 421
222.69.136.133 - - [29/Nov/2020:10:52:44 +0800] "GET /xingrg/all/function/internal_message.html?_=1606618360596&CODE_STATE=getMsg HTTP/1.1" 200 27
117.184.7.30 - - [29/Nov/2020:10:52:47 +0800] "GET /xingrg/kc/buy/cgsh_order_operate.html?command=get_materiel&rest_code=00108&code=00101008131&supplier_code=00100008&order_time=2020-11-29 HTTP/1.1" 200 408
117.185.32.26 - - [29/Nov/2020:10:52:48 +0800] "GET /xingrg/kc/buy/cgsh_order_operate.html?command=get_materiel&rest_code=00106&code=00101002007&supplier_code=00100347&order_time=2020-11-29 HTTP/1.1" 200 409
116.232.51.253 - - [29/Nov/2020:10:52:49 +0800] "GET /xingrg/kc/buy/cgsh_order_operate.html?command=get_materiel&rest_code=00109&code=00101008110&supplier_code=00100005&order_time=2020-11-29 HTTP/1.1" 200 408
101.85.228.137 - - [29/Nov/2020:10:52:49 +0800] "GET /xingrg/kc/buy/cgsh_order_operate.html?command=get_materiel&rest_code=00102&code=00101008286&supplier_code=00100008&order_time=2020-11-29 HTTP/1.1" 200 408
114.84.37.38 - - [29/Nov/2020:10:52:51 +0800] "GET /xingrg/all/function/internal_message.html?_=1606618369350&CODE_STATE=getMsg HTTP/1.1" 200 27
116.232.51.253 - - [29/Nov/2020:10:52:52 +0800] "GET /xingrg/all/function/internal_message.html?_=1606618397049&CODE_STATE=getMsg HTTP/1.1" 200 27
117.184.7.30 - - [29/Nov/2020:10:52:53 +0800] "GET /xingrg/kc/buy/cgsh_order_operate.html?command=get_materiel&rest_code=00108&code=00101008352&supplier_code=00100008&order_time=2020-11-29 HTTP/1.1" 200 412
101.85.228.137 - - [29/Nov/2020:10:52:53 +0800] "POST /xingrg/all/report/load_report_page.html HTTP/1.1" 200 128660
101.85.228.137 - - [29/Nov/2020:10:52:53 +0800] "GET /xingrg/images/blue/button/advance.gif HTTP/1.1" 200 1354
101.85.228.137 - - [29/Nov/2020:10:52:53 +0800] "GET /xingrg/images/blue/button/advance2.gif HTTP/1.1" 200 1338
101.85.228.137 - - [29/Nov/2020:10:52:53 +0800] "GET /xingrg/servlets/image?cache=0.9211818128945475&image=px HTTP/1.1" 200 807
180.174.56.115 - - [29/Nov/2020:10:52:53 +0800] "GET /xingrg/kc/buy/cgsh_order_operate.html?command=get_materiel&rest_code=00150&code=00101011008&supplier_code=00100323&order_time=2020-11-29 HTTP/1.1" 200 438
114.88.175.227 - - [29/Nov/2020:10:52:53 +0800] "GET /xingrg/all/function/internal_message.html?_=1606618366171&CODE_STATE=getMsg HTTP/1.1" 200 27
116.232.51.253 - - [29/Nov/2020:10:52:54 +0800] "GET /xingrg/kc/buy/cgsh_order_operate.html?command=get_materiel&rest_code=00109&code=00101008096&supplier_code=00100005&order_time=2020-11-29 HTTP/1.1" 200 413
114.84.145.85 - - [29/Nov/2020:10:52:54 +0800] "GET /xingrg/kc/buy/cgsh_order_operate.html?command=get_materiel&rest_code=00141&code=00101007077&supplier_code=00100328&order_time=2020-11-29 HTTP/1.1" 200 415
114.84.145.85 - - [29/Nov/2020:10:52:55 +0800] "GET /xingrg/all/function/internal_message.html?_=1606617951586&CODE_STATE=getMsg HTTP/1.1" 200 27
101.85.228.137 - - [29/Nov/2020:10:52:55 +0800] "GET /xingrg/kc/buy/cgsh_order_operate.html?command=get_materiel&rest_code=00102&code=00101008036&supplier_code=00100008&order_time=2020-11-29 HTTP/1.1" 200 408
116.228.172.94 - - [29/Nov/2020:10:52:58 +0800] "GET /xingrg/all/function/internal_message.html?_=1606618371232&CODE_STATE=getMsg HTTP/1.1" 200 27
116.228.172.94 - - [29/Nov/2020:10:52:58 +0800] "GET /xingrg/check_reg.html?_=1606618371389 HTTP/1.1" 200 22
116.232.51.253 - - [29/Nov/2020:10:52:59 +0800] "GET /xingrg/kc/buy/cgsh_order_operate.html?command=get_materiel&rest_code=00109&code=00101008361&supplier_code=00100005&order_time=2020-11-29 HTTP/1.1" 200 408
117.185.32.26 - - [29/Nov/2020:10:52:59 +0800] "GET /xingrg/all/function/internal_message.html?_=1606618367095&CODE_STATE=getMsg HTTP/1.1" 200 27
101.85.93.83 - - [29/Nov/2020:10:53:00 +0800] "GET /xingrg/all/function/internal_message.html?_=1606618101649&CODE_STATE=getMsg HTTP/1.1" 200 27
114.84.145.85 - - [29/Nov/2020:10:53:03 +0800] "POST /xingrg/kc/buy/cgsh_order_operate.html HTTP/1.1" 200 37
117.184.7.30 - - [29/Nov/2020:10:53:03 +0800] "GET /xingrg/kc/buy/cgsh_order_operate.html?command=get_materiel&rest_code=00108&code=00101008098&supplier_code=00100008&order_time=2020-11-29 HTTP/1.1" 200 412
116.232.51.253 - - [29/Nov/2020:10:53:04 +0800] "GET /xingrg/kc/buy/cgsh_order_operate.html?command=get_materiel&rest_code=00109&code=00101008356&supplier_code=00100005&order_time=2020-11-29 HTTP/1.1" 200 408
117.185.32.26 - - [29/Nov/2020:10:53:04 +0800] "GET /xingrg/kc/buy/cgsh_order_operate.html?command=get_materiel&rest_code=00106&code=00101003004&supplier_code=00100347&order_time=2020-11-29 HTTP/1.1" 200 420
180.174.56.115 - - [29/Nov/2020:10:53:05 +0800] "GET /xingrg/all/function/internal_message.html?_=1606618382562&CODE_STATE=getMsg HTTP/1.1" 200 27
117.184.7.30 - - [29/Nov/2020:10:53:06 +0800] "GET /xingrg/all/function/internal_message.html?_=1606618381854&CODE_STATE=getMsg HTTP/1.1" 200 27
114.84.145.85 - - [29/Nov/2020:10:53:06 +0800] "POST /xingrg/kc/buy/cgsh_order_operate.html HTTP/1.1" 200 12
117.184.7.26 - - [29/Nov/2020:10:53:06 +0800] "GET /xingrg/check_reg.html?_=1606618381857 HTTP/1.1" 200 22
116.232.51.253 - - [29/Nov/2020:10:53:06 +0800] "POST /xingrg/kc/buy/cgsh_order_operate.html HTTP/1.1" 200 2065
114.84.145.85 - - [29/Nov/2020:10:53:06 +0800] "GET /xingrg/kc/buy/cgsh_order_info.html?code=212020112911459 HTTP/1.1" 200 55720
114.84.145.85 - - [29/Nov/2020:10:53:07 +0800] "GET /xingrg/javascript/easyui/themes/default/validatebox.css HTTP/1.1" 404 1104
172.17.200.101 - - [29/Nov/2020:10:53:07 +0800] "GET /xingrg/all/function/internal_message.html?_=1606618388128&CODE_STATE=getMsg HTTP/1.1" 200 27
114.84.145.85 - - [29/Nov/2020:10:53:07 +0800] "POST /xingrg/kc/buy/cgsh_order_operate.html HTTP/1.1" 200 1203
183.192.164.97 - - [29/Nov/2020:10:53:08 +0800] "GET /xingrg/kc/buy/cgsh_order_operate.html?command=get_materiel&rest_code=00106&code=00101008091&supplier_code=00100007&order_time=2020-11-29 HTTP/1.1" 302 -
172.17.0.120 - - [29/Nov/2020:10:53:08 +0800] "GET /xingrg/all/function/internal_message.html?_=1606618707770&CODE_STATE=getMsg HTTP/1.1" 200 27
172.17.0.120 - - [29/Nov/2020:10:53:08 +0800] "GET /xingrg/check_reg.html?_=1606618707775 HTTP/1.1" 200 22
114.84.145.85 - - [29/Nov/2020:10:53:08 +0800] "GET /xingrg/kc/print/load_data.html?order_code=212020112911459&kc_code=cgsh&condition= HTTP/1.1" 200 946
116.232.51.253 - - [29/Nov/2020:10:53:09 +0800] "GET /xingrg/kc/buy/cgsh_order_operate.html?command=get_materiel&rest_code=00109&code=00101015060&supplier_code=00100005&order_time=2020-11-29 HTTP/1.1" 200 412
101.85.228.137 - - [29/Nov/2020:10:53:10 +0800] "GET /xingrg/kc/buy/cgsh_order_operate.html?command=get_materiel&rest_code=00102&code=00101008353&supplier_code=00100008&order_time=2020-11-29 HTTP/1.1" 200 408
180.174.56.115 - - [29/Nov/2020:10:53:11 +0800] "GET /xingrg/kc/buy/cgsh_order_operate.html?command=get_materiel&rest_code=00150&code=00101001150&supplier_code=00100323&order_time=2020-11-29 HTTP/1.1" 200 419
114.84.145.85 - - [29/Nov/2020:10:53:12 +0800] "GET /xingrg/kc/buy/cgsh_order_add.html HTTP/1.1" 200 60813
114.84.145.85 - - [29/Nov/2020:10:53:13 +0800] "POST /xingrg/kc/buy/cgsh_order_operate.html HTTP/1.1" 200 8245
114.84.145.85 - - [29/Nov/2020:10:53:13 +0800] "GET /xingrg/javascript/easyui/themes/default/validatebox.css HTTP/1.1" 404 1104
172.17.0.123 - - [29/Nov/2020:10:53:13 +0800] "GET /xingrg/all/function/internal_message.html?_=1606618322858&CODE_STATE=getMsg HTTP/1.1" 200 27
101.85.228.137 - - [29/Nov/2020:10:53:14 +0800] "GET /xingrg/kc/buy/cgsh_order_operate.html?command=get_materiel&rest_code=00102&code=00101008213&supplier_code=00100008&order_time=2020-11-29 HTTP/1.1" 200 412
117.184.7.30 - - [29/Nov/2020:10:53:15 +0800] "GET /xingrg/kc/buy/cgsh_order_operate.html?command=get_materiel&rest_code=00108&code=00101008005&supplier_code=00100008&order_time=2020-11-29 HTTP/1.1" 200 412
116.232.51.253 - - [29/Nov/2020:10:53:16 +0800] "GET /xingrg/kc/buy/cgsh_order_operate.html?command=get_materiel&rest_code=00109&code=00101015006&supplier_code=00100005&order_time=2020-11-29 HTTP/1.1" 200 413
114.84.145.85 - - [29/Nov/2020:10:53:18 +0800] "GET /xingrg/check_reg.html?_=1606618411466 HTTP/1.1" 200 22
183.192.164.97 - - [29/Nov/2020:10:53:18 +0800] "GET /xingrg/login.html HTTP/1.1" 200 7641
172.17.0.102 - - [29/Nov/2020:10:53:19 +0800] "GET /xingrg/all/function/internal_message.html?_=1606618396920&CODE_STATE=getMsg HTTP/1.1" 200 27
101.85.228.137 - - [29/Nov/2020:10:53:21 +0800] "POST /xingrg/dwr/call/plaincall/AjaxReportQueryService.refreshCache.dwr HTTP/1.1" 200 78
114.84.145.85 - - [29/Nov/2020:10:53:21 +0800] "GET /xingrg/kc/buy/cgsh_order_operate.html?command=get_materiel&rest_code=00141&code=00101019216&supplier_code=00100337&order_time=2020-11-29 HTTP/1.1" 200 462
114.84.145.85 - - [29/Nov/2020:10:53:21 +0800] "GET /xingrg/all/function/internal_message.html?_=1606618415150&CODE_STATE=getMsg HTTP/1.1" 200 27
101.85.228.137 - - [29/Nov/2020:10:53:22 +0800] "POST /xingrg/all/report/load_report_page.html HTTP/1.1" 200 128241
117.131.5.26 - - [29/Nov/2020:10:53:23 +0800] "POST /xingrg/services/DataTransmitService HTTP/1.1" 200 524
101.85.228.137 - - [29/Nov/2020:10:53:23 +0800] "GET /xingrg/servlets/image?cache=0.26213700632989945&image=px HTTP/1.1" 200 807
117.131.5.26 - - [29/Nov/2020:10:53:24 +0800] "POST /xingrg/services/DataTransmitService HTTP/1.1" 200 2095
117.131.5.26 - - [29/Nov/2020:10:53:24 +0800] "POST /xingrg/services/DataTransmitService HTTP/1.1" 200 147288
117.184.7.30 - - [29/Nov/2020:10:53:24 +0800] "POST /xingrg/kc/buy/cgsh_order_operate.html HTTP/1.1" 200 2065
180.174.56.115 - - [29/Nov/2020:10:53:25 +0800] "GET /xingrg/kc/buy/cgsh_order_operate.html?command=get_materiel&rest_code=00150&code=00101001109&supplier_code=00100323&order_time=2020-11-29 HTTP/1.1" 200 415
101.85.228.137 - - [29/Nov/2020:10:53:26 +0800] "GET /xingrg/kc/buy/cgsh_order_operate.html?command=get_materiel&rest_code=00102&code=00101008225&supplier_code=00100008&order_time=2020-11-29 HTTP/1.1" 200 416
222.69.133.109 - - [29/Nov/2020:10:53:27 +0800] "GET /xingrg/all/function/internal_message.html?_=1606618403249&CODE_STATE=getMsg HTTP/1.1" 200 27
116.228.172.94 - - [29/Nov/2020:10:53:28 +0800] "GET /xingrg/kc/buy/cgsh_order_add.html HTTP/1.1" 200 60895
114.84.145.85 - - [29/Nov/2020:10:53:29 +0800] "POST /xingrg/kc/buy/cgsh_order_operate.html HTTP/1.1" 200 37
117.185.32.26 - - [29/Nov/2020:10:53:29 +0800] "GET /xingrg/kc/buy/cgsh_order_operate.html?command=get_materiel&rest_code=00106&code=00101008323&supplier_code=00100007&order_time=2020-11-29 HTTP/1.1" 200 408
114.88.175.227 - - [29/Nov/2020:10:53:30 +0800] "GET /xingrg/check_reg.html?_=1606618522441 HTTP/1.1" 200 22
114.88.175.227 - - [29/Nov/2020:10:53:30 +0800] "GET /xingrg/all/function/internal_message.html?_=1606618522441&CODE_STATE=getMsg HTTP/1.1" 200 27
116.228.172.94 - - [29/Nov/2020:10:53:30 +0800] "GET /xingrg/javascript/easyui/themes/default/validatebox.css HTTP/1.1" 404 1104
116.228.172.94 - - [29/Nov/2020:10:53:30 +0800] "POST /xingrg/kc/buy/cgsh_order_operate.html HTTP/1.1" 200 8245
101.85.228.137 - - [29/Nov/2020:10:53:31 +0800] "GET /xingrg/check_reg.html?_=1606618407210 HTTP/1.1" 200 22
116.232.51.253 - - [29/Nov/2020:10:53:31 +0800] "GET /xingrg/kc/buy/cgsh_order_operate.html?command=get_materiel&rest_code=00109&code=00101008006&supplier_code=00100005&order_time=2020-11-29 HTTP/1.1" 200 416
101.85.228.137 - - [29/Nov/2020:10:53:31 +0800] "GET /xingrg/all/function/internal_message.html?_=1606618407530&CODE_STATE=getMsg HTTP/1.1" 200 27
117.131.5.26 - - [29/Nov/2020:10:53:31 +0800] "GET /xingrg/all/function/internal_message.html?_=1606618443194&CODE_STATE=getMsg HTTP/1.1" 200 27
114.84.145.85 - - [29/Nov/2020:10:53:31 +0800] "POST /xingrg/kc/buy/cgsh_order_operate.html HTTP/1.1" 200 12
116.228.172.94 - - [29/Nov/2020:10:53:31 +0800] "GET /xingrg/javascript/easyui/themes/default/tree.css HTTP/1.1" 404 1090
116.228.172.94 - - [29/Nov/2020:10:53:32 +0800] "POST /xingrg/all/common/load_tree.html?tree=supplier_tree_json&isDelete=1 HTTP/1.1" 200 52105
114.84.145.85 - - [29/Nov/2020:10:53:32 +0800] "GET /xingrg/kc/buy/cgsh_order_info.html?code=212020112911460 HTTP/1.1" 200 55718
114.84.145.85 - - [29/Nov/2020:10:53:32 +0800] "GET /xingrg/javascript/easyui/themes/default/validatebox.css HTTP/1.1" 404 1104
117.184.7.30 - - [29/Nov/2020:10:53:33 +0800] "GET /xingrg/kc/buy/cgsh_order_operate.html?command=get_materiel&rest_code=00108&code=00101008271&supplier_code=00100008&order_time=2020-11-29 HTTP/1.1" 200 408
114.84.145.85 - - [29/Nov/2020:10:53:33 +0800] "POST /xingrg/kc/buy/cgsh_order_operate.html HTTP/1.1" 200 644
114.84.145.85 - - [29/Nov/2020:10:53:34 +0800] "GET /xingrg/kc/print/load_data.html?order_code=212020112911460&kc_code=cgsh&condition= HTTP/1.1" 200 741
101.85.228.137 - - [29/Nov/2020:10:53:34 +0800] "GET /xingrg/kc/buy/cgsh_order_operate.html?command=get_materiel&rest_code=00102&code=00101020005&supplier_code=00100008&order_time=2020-11-29 HTTP/1.1" 200 408
117.185.32.26 - - [29/Nov/2020:10:53:36 +0800] "GET /xingrg/all/function/internal_message.html?_=1606618844754&CODE_STATE=getMsg HTTP/1.1" 200 27
101.85.228.137 - - [29/Nov/2020:10:53:36 +0800] "POST /xingrg/kc/buy/cgsh_order_operate.html HTTP/1.1" 200 2065
116.232.51.253 - - [29/Nov/2020:10:53:36 +0800] "GET /xingrg/kc/buy/cgsh_order_operate.html?command=get_materiel&rest_code=00109&code=00101008131&supplier_code=00100005&order_time=2020-11-29 HTTP/1.1" 200 408
180.162.223.42 - - [29/Nov/2020:10:53:37 +0800] "GET /xingrg/all/function/internal_message.html?_=1606618413722&CODE_STATE=getMsg HTTP/1.1" 200 27
117.185.32.26 - - [29/Nov/2020:10:53:38 +0800] "POST /xingrg/kc/buy/cgsh_order_operate.html HTTP/1.1" 200 37
114.84.37.38 - - [29/Nov/2020:10:53:39 +0800] "GET /xingrg/all/function/internal_message.html?_=1606618414377&CODE_STATE=getMsg HTTP/1.1" 302 -
117.185.32.26 - - [29/Nov/2020:10:53:39 +0800] "POST /xingrg/kc/buy/cgsh_order_operate.html HTTP/1.1" 200 18007
117.185.32.26 - - [29/Nov/2020:10:53:39 +0800] "GET /xingrg/kc/buy/cgsh_order_operate.html?command=get_materiel&rest_code=00106&code=00101001060&supplier_code=00100347&order_time=2020-11-29 HTTP/1.1" 200 419
101.85.228.137 - - [29/Nov/2020:10:53:40 +0800] "GET /xingrg/kc/buy/cgsh_order_operate.html?command=get_materiel&rest_code=00102&code=00101008364&supplier_code=00100008&order_time=2020-11-29 HTTP/1.1" 200 413
180.174.56.115 - - [29/Nov/2020:10:53:42 +0800] "POST /xingrg/kc/buy/cgsh_order_operate.html HTTP/1.1" 200 37
116.232.51.253 - - [29/Nov/2020:10:53:42 +0800] "GET /xingrg/kc/buy/cgsh_order_operate.html?command=get_materiel&rest_code=00109&code=00101008353&supplier_code=00100005&order_time=2020-11-29 HTTP/1.1" 200 408
101.85.228.137 - - [29/Nov/2020:10:53:43 +0800] "GET /xingrg/all/function/internal_message.html?_=1606618646305&CODE_STATE=getMsg HTTP/1.1" 200 27
114.84.145.85 - - [29/Nov/2020:10:53:43 +0800] "GET /xingrg/kc/buy/cgsh_order_add.html HTTP/1.1" 200 60813
114.84.145.85 - - [29/Nov/2020:10:53:43 +0800] "POST /xingrg/kc/buy/cgsh_order_operate.html HTTP/1.1" 200 8245
114.84.145.85 - - [29/Nov/2020:10:53:43 +0800] "GET /xingrg/javascript/easyui/themes/default/validatebox.css HTTP/1.1" 404 1104
116.232.51.253 - - [29/Nov/2020:10:53:44 +0800] "POST /xingrg/kc/buy/cgsh_order_operate.html HTTP/1.1" 200 2065
222.69.136.133 - - [29/Nov/2020:10:53:44 +0800] "GET /xingrg/all/function/internal_message.html?_=1606618420596&CODE_STATE=getMsg HTTP/1.1" 200 27
101.85.228.137 - - [29/Nov/2020:10:53:45 +0800] "POST /xingrg/kc/buy/cgsh_order_operate.html HTTP/1.1" 200 37
180.174.56.115 - - [29/Nov/2020:10:53:45 +0800] "POST /xingrg/kc/buy/cgsh_order_operate.html HTTP/1.1" 200 12
117.184.7.30 - - [29/Nov/2020:10:53:45 +0800] "GET /xingrg/kc/buy/cgsh_order_operate.html?command=get_materiel&rest_code=00108&code=00101008353&supplier_code=00100008&order_time=2020-11-29 HTTP/1.1" 200 408
101.85.228.137 - - [29/Nov/2020:10:53:46 +0800] "POST /xingrg/kc/buy/cgsh_order_operate.html HTTP/1.1" 200 13868
116.232.51.253 - - [29/Nov/2020:10:53:47 +0800] "GET /xingrg/kc/buy/cgsh_order_operate.html?command=get_materiel&rest_code=00109&code=00101008095&supplier_code=00100005&order_time=2020-11-29 HTTP/1.1" 200 412
101.85.228.137 - - [29/Nov/2020:10:53:47 +0800] "GET /xingrg/kc/buy/cgsh_order_add.html HTTP/1.1" 200 60772
101.85.228.137 - - [29/Nov/2020:10:53:48 +0800] "POST /xingrg/kc/buy/cgsh_order_operate.html HTTP/1.1" 200 8245
101.85.228.137 - - [29/Nov/2020:10:53:48 +0800] "GET /xingrg/javascript/easyui/themes/default/validatebox.css HTTP/1.1" 404 1104
116.232.51.253 - - [29/Nov/2020:10:53:49 +0800] "GET /xingrg/all/function/internal_message.html?_=1606618457051&CODE_STATE=getMsg HTTP/1.1" 200 27
180.174.56.115 - - [29/Nov/2020:10:53:50 +0800] "GET /xingrg/kc/buy/cgsh_order_info.html?code=212020112911461 HTTP/1.1" 200 55637
180.174.56.115 - - [29/Nov/2020:10:53:50 +0800] "GET /xingrg/javascript/easyui/themes/default/validatebox.css HTTP/1.1" 404 1104
180.174.56.115 - - [29/Nov/2020:10:53:51 +0800] "POST /xingrg/kc/buy/cgsh_order_operate.html HTTP/1.1" 200 3007
114.84.37.38 - - [29/Nov/2020:10:53:51 +0800] "GET /xingrg/all/function/internal_message.html?_=1606618429358&CODE_STATE=getMsg HTTP/1.1" 200 27
117.184.7.30 - - [29/Nov/2020:10:53:52 +0800] "GET /xingrg/kc/buy/cgsh_order_operate.html?command=get_materiel&rest_code=00108&code=00101008275&supplier_code=00100008&order_time=2020-11-29 HTTP/1.1" 200 417
180.174.56.115 - - [29/Nov/2020:10:53:52 +0800] "GET /xingrg/kc/print/load_data.html?order_code=212020112911461&kc_code=cgsh&condition= HTTP/1.1" 200 1641
101.85.228.137 - - [29/Nov/2020:10:53:52 +0800] "POST /xingrg/kc/buy/cgsh_list_operate.html HTTP/1.1" 200 2050
114.88.175.227 - - [29/Nov/2020:10:53:53 +0800] "GET /xingrg/all/function/internal_message.html?_=1606618426293&CODE_STATE=getMsg HTTP/1.1" 200 27
114.84.145.85 - - [29/Nov/2020:10:53:55 +0800] "GET /xingrg/all/function/internal_message.html?_=1606618011574&CODE_STATE=getMsg HTTP/1.1" 200 27
101.85.228.137 - - [29/Nov/2020:10:53:58 +0800] "GET /xingrg/kc/buy/cgsh_order_operate.html?command=get_materiel&rest_code=00102&code=00101008323&supplier_code=00100008&order_time=2020-11-29 HTTP/1.1" 200 408
114.84.145.85 - - [29/Nov/2020:10:53:58 +0800] "GET /xingrg/kc/buy/cgsh_order_operate.html?command=get_materiel&rest_code=00141&code=00101001093&supplier_code=00100319&order_time=2020-11-29 HTTP/1.1" 200 410
116.228.172.94 - - [29/Nov/2020:10:53:58 +0800] "GET /xingrg/all/function/internal_message.html?_=1606618431211&CODE_STATE=getMsg HTTP/1.1" 200 27
117.185.32.26 - - [29/Nov/2020:10:53:59 +0800] "GET /xingrg/all/function/internal_message.html?_=1606618427122&CODE_STATE=getMsg HTTP/1.1" 200 27
101.85.93.83 - - [29/Nov/2020:10:54:00 +0800] "GET /xingrg/all/function/internal_message.html?_=1606618161629&CODE_STATE=getMsg HTTP/1.1" 200 27
172.17.0.102 - - [29/Nov/2020:10:54:01 +0800] "GET /xingrg/kc/buy/cgsh_order_list.html HTTP/1.1" 200 45055
117.131.5.26 - - [29/Nov/2020:10:54:01 +0800] "GET /xingrg/check_reg.html?_=1606618755571 HTTP/1.1" 302 -
117.131.5.26 - - [29/Nov/2020:10:54:01 +0800] "GET /xingrg/login.html HTTP/1.1" 200 7641
172.17.0.102 - - [29/Nov/2020:10:54:03 +0800] "POST /xingrg/kc/buy/cgsh_list_operate.html HTTP/1.1" 200 1690
117.184.7.30 - - [29/Nov/2020:10:54:03 +0800] "GET /xingrg/kc/buy/cgsh_order_operate.html?command=get_materiel&rest_code=00108&code=00101016071&supplier_code=00100008&order_time=2020-11-29 HTTP/1.1" 200 416
117.185.32.26 - - [29/Nov/2020:10:54:03 +0800] "GET /xingrg/kc/buy/cgsh_order_operate.html?command=get_materiel&rest_code=00106&code=00101010646&supplier_code=00100347&order_time=2020-11-29 HTTP/1.1" 200 408
180.174.56.115 - - [29/Nov/2020:10:54:05 +0800] "GET /xingrg/check_reg.html?_=1606618442549 HTTP/1.1" 200 22
180.174.56.115 - - [29/Nov/2020:10:54:05 +0800] "GET /xingrg/all/function/internal_message.html?_=1606618442553&CODE_STATE=getMsg HTTP/1.1" 200 27
117.184.7.30 - - [29/Nov/2020:10:54:06 +0800] "GET /xingrg/all/function/internal_message.html?_=1606618441856&CODE_STATE=getMsg HTTP/1.1" 200 27
180.174.56.115 - - [29/Nov/2020:10:54:07 +0800] "GET /xingrg/kc/buy/cgsh_order_add.html HTTP/1.1" 200 60731
172.17.200.101 - - [29/Nov/2020:10:54:07 +0800] "GET /xingrg/all/function/internal_message.html?_=1606618448141&CODE_STATE=getMsg HTTP/1.1" 200 27
180.174.56.115 - - [29/Nov/2020:10:54:07 +0800] "GET /xingrg/javascript/easyui/themes/default/validatebox.css HTTP/1.1" 404 1104
180.174.56.115 - - [29/Nov/2020:10:54:07 +0800] "POST /xingrg/kc/buy/cgsh_order_operate.html HTTP/1.1" 200 8245
172.17.0.120 - - [29/Nov/2020:10:54:08 +0800] "GET /xingrg/all/function/internal_message.html?_=1606618767766&CODE_STATE=getMsg HTTP/1.1" 200 27
101.85.228.137 - - [29/Nov/2020:10:54:08 +0800] "GET /xingrg/kc/buy/cgsh_order_operate.html?command=get_materiel&rest_code=00102&code=00101015060&supplier_code=00100008&order_time=2020-11-29 HTTP/1.1" 200 412
101.85.228.137 - - [29/Nov/2020:10:54:13 +0800] "GET /xingrg/kc/buy/cgsh_order_operate.html?command=get_materiel&rest_code=00102&code=00101008223&supplier_code=00100008&order_time=2020-11-29 HTTP/1.1" 200 412
172.17.0.123 - - [29/Nov/2020:10:54:13 +0800] "GET /xingrg/all/function/internal_message.html?_=1606618382844&CODE_STATE=getMsg HTTP/1.1" 200 27
117.184.7.30 - - [29/Nov/2020:10:54:16 +0800] "POST /xingrg/kc/buy/cgsh_order_operate.html HTTP/1.1" 200 37
114.84.145.85 - - [29/Nov/2020:10:54:19 +0800] "GET /xingrg/kc/buy/cgsh_order_operate.html?command=get_materiel&rest_code=00141&code=00101001025&supplier_code=00100319&order_time=2020-11-29 HTTP/1.1" 200 419
172.17.0.102 - - [29/Nov/2020:10:54:19 +0800] "GET /xingrg/check_reg.html?_=1606618456952 HTTP/1.1" 200 22
172.17.0.102 - - [29/Nov/2020:10:54:19 +0800] "GET /xingrg/all/function/internal_message.html?_=1606618456955&CODE_STATE=getMsg HTTP/1.1" 200 27
101.85.228.137 - - [29/Nov/2020:10:54:20 +0800] "GET /xingrg/kc/buy/cgsh_order_operate.html?command=get_materiel&rest_code=00102&code=00101008168&supplier_code=00100008&order_time=2020-11-29 HTTP/1.1" 200 413
114.84.145.85 - - [29/Nov/2020:10:54:21 +0800] "GET /xingrg/all/function/internal_message.html?_=1606618475152&CODE_STATE=getMsg HTTP/1.1" 200 27
117.184.7.30 - - [29/Nov/2020:10:54:22 +0800] "POST /xingrg/kc/buy/cgsh_order_operate.html HTTP/1.1" 200 18608
117.185.32.26 - - [29/Nov/2020:10:54:23 +0800] "GET /xingrg/kc/buy/cgsh_order_operate.html?command=get_materiel&rest_code=00106&code=00102002167&supplier_code=00100347&order_time=2020-11-29 HTTP/1.1" 200 409
117.185.32.26 - - [29/Nov/2020:10:54:23 +0800] "POST /xingrg/services/DataTransmitService HTTP/1.1" 200 524
101.85.228.137 - - [29/Nov/2020:10:54:25 +0800] "GET /xingrg/kc/buy/cgsh_order_operate.html?command=get_materiel&rest_code=00102&code=00101008095&supplier_code=00100008&order_time=2020-11-29 HTTP/1.1" 200 412
222.69.133.109 - - [29/Nov/2020:10:54:27 +0800] "GET /xingrg/all/function/internal_message.html?_=1606618463248&CODE_STATE=getMsg HTTP/1.1" 200 27
117.185.32.26 - - [29/Nov/2020:10:54:28 +0800] "POST /xingrg/services/DataTransmitService HTTP/1.1" 200 501
114.88.175.227 - - [29/Nov/2020:10:54:30 +0800] "GET /xingrg/all/function/internal_message.html?_=1606618582439&CODE_STATE=getMsg HTTP/1.1" 200 27
101.85.228.137 - - [29/Nov/2020:10:54:31 +0800] "GET /xingrg/all/function/internal_message.html?_=1606618467537&CODE_STATE=getMsg HTTP/1.1" 200 27
117.131.5.26 - - [29/Nov/2020:10:54:31 +0800] "GET /xingrg/all/function/internal_message.html?_=1606618503193&CODE_STATE=getMsg HTTP/1.1" 200 27
114.84.145.85 - - [29/Nov/2020:10:54:31 +0800] "POST /xingrg/kc/buy/cgsh_order_operate.html HTTP/1.1" 200 37
101.85.228.137 - - [29/Nov/2020:10:54:31 +0800] "GET /xingrg/kc/buy/cgsh_order_operate.html?command=get_materiel&rest_code=00102&code=00101015038&supplier_code=00100008&order_time=2020-11-29 HTTP/1.1" 200 418
114.84.145.85 - - [29/Nov/2020:10:54:34 +0800] "POST /xingrg/kc/buy/cgsh_order_operate.html HTTP/1.1" 200 12
114.84.145.85 - - [29/Nov/2020:10:54:35 +0800] "GET /xingrg/kc/buy/cgsh_order_info.html?code=212020112911464 HTTP/1.1" 200 55720
172.17.0.120 - - [29/Nov/2020:10:54:35 +0800] "GET /xingrg/javascript/jquery_easy_ui/themes/icons/ok.png HTTP/1.1" 200 883
172.17.0.120 - - [29/Nov/2020:10:54:35 +0800] "GET /xingrg/javascript/jquery_easy_ui/themes/icons/manage.png HTTP/1.1" 200 696
172.17.0.120 - - [29/Nov/2020:10:54:35 +0800] "GET /xingrg/javascript/jquery_easy_ui/themes/default/images/panel_tools.gif HTTP/1.1" 200 737
172.17.0.120 - - [29/Nov/2020:10:54:35 +0800] "GET /xingrg/javascript/jquery_easy_ui/themes/default/images/button_a_bg.gif HTTP/1.1" 200 1194
172.17.0.120 - - [29/Nov/2020:10:54:35 +0800] "GET /xingrg/javascript/jquery_easy_ui/themes/icons/area.png HTTP/1.1" 200 262
172.17.0.120 - - [29/Nov/2020:10:54:35 +0800] "GET /xingrg/javascript/jquery_easy_ui/themes/default/images/button_span_bg.gif HTTP/1.1" 200 2061
172.17.0.120 - - [29/Nov/2020:10:54:35 +0800] "GET /xingrg/javascript/jquery_easy_ui/themes/default/images/panel_title.png HTTP/1.1" 200 266
172.17.0.120 - - [29/Nov/2020:10:54:35 +0800] "GET /xingrg/javascript/jquery_easy_ui/themes/icons/rest.png HTTP/1.1" 200 695
114.84.145.85 - - [29/Nov/2020:10:54:35 +0800] "GET /xingrg/javascript/easyui/themes/default/validatebox.css HTTP/1.1" 404 1104
101.85.228.137 - - [29/Nov/2020:10:54:35 +0800] "GET /xingrg/kc/buy/cgsh_order_operate.html?command=get_materiel&rest_code=00102&code=00101015046&supplier_code=00100008&order_time=2020-11-29 HTTP/1.1" 200 412
114.84.145.85 - - [29/Nov/2020:10:54:35 +0800] "POST /xingrg/kc/buy/cgsh_order_operate.html HTTP/1.1" 200 1207
117.185.32.26 - - [29/Nov/2020:10:54:36 +0800] "GET /xingrg/all/function/internal_message.html?_=1606618904729&CODE_STATE=getMsg HTTP/1.1" 200 27
114.84.145.85 - - [29/Nov/2020:10:54:36 +0800] "GET /xingrg/kc/print/load_data.html?order_code=212020112911464&kc_code=cgsh&condition= HTTP/1.1" 200 948
180.162.223.42 - - [29/Nov/2020:10:54:37 +0800] "GET /xingrg/all/function/internal_message.html?_=1606618473715&CODE_STATE=getMsg HTTP/1.1" 200 27
180.174.56.115 - - [29/Nov/2020:10:54:37 +0800] "GET /xingrg/kc/buy/cgsh_order_operate.html?command=get_materiel&rest_code=00150&code=00101010636&supplier_code=00100411&order_time=2020-11-29 HTTP/1.1" 200 419
172.17.0.120 - - [29/Nov/2020:10:54:37 +0800] "POST /xingrg/all/user/operate.html HTTP/1.1" 200 36
172.17.0.120 - - [29/Nov/2020:10:54:38 +0800] "GET /xingrg/index.html?sysBaseUrl=http%3A%2F%2F172.17.0.8%3A18081%2Fxingrg%2F&costTime=145×tamp=1606612637212 HTTP/1.1" 200 17454
172.17.0.120 - - [29/Nov/2020:10:54:38 +0800] "GET /xingrg/javascript/jquery_easy_ui/themes/default/easyui.css HTTP/1.1" 200 26500
172.17.0.120 - - [29/Nov/2020:10:54:38 +0800] "GET /xingrg/javascript/jquery_easy_ui/themes/icon.css HTTP/1.1" 200 3949
172.17.0.120 - - [29/Nov/2020:10:54:38 +0800] "GET /xingrg/css/form.css HTTP/1.1" 200 893
172.17.0.120 - - [29/Nov/2020:10:54:38 +0800] "GET /xingrg/javascript/jquery-1.4.2.min.js HTTP/1.1" 200 72205
172.17.0.120 - - [29/Nov/2020:10:54:38 +0800] "GET /xingrg/javascript/jquery_easy_ui/jquery.easyui.min.js HTTP/1.1" 200 213662
172.17.0.120 - - [29/Nov/2020:10:54:38 +0800] "GET /xingrg/javascript/jquery_easy_ui/easyui-lang-zh_CN.js HTTP/1.1" 200 1900
172.17.0.120 - - [29/Nov/2020:10:54:38 +0800] "GET /xingrg/javascript/jquery.form.js HTTP/1.1" 200 23110
172.17.0.120 - - [29/Nov/2020:10:54:38 +0800] "GET /xingrg/javascript/jquery.utils.js HTTP/1.1" 200 11805
172.17.0.120 - - [29/Nov/2020:10:54:38 +0800] "GET /xingrg/javascript/jquery.timers.js HTTP/1.1" 200 3532
172.17.0.120 - - [29/Nov/2020:10:54:38 +0800] "GET /xingrg/images/blue/jxLogo.png HTTP/1.1" 200 6156
172.17.0.120 - - [29/Nov/2020:10:54:38 +0800] "GET /xingrg/javascript/jquery_easy_ui/themes/icons/settle_new.png HTTP/1.1" 200 826
172.17.0.120 - - [29/Nov/2020:10:54:38 +0800] "GET /xingrg/images/blue/navBackgound.jpg HTTP/1.1" 200 12378
172.17.0.120 - - [29/Nov/2020:10:54:38 +0800] "POST /xingrg/all/common/load_tree.html?tree=area_rest_tree_json&manage=1 HTTP/1.1" 200 3350
172.17.0.120 - - [29/Nov/2020:10:54:38 +0800] "GET /xingrg/all/function/internal_message.html?_=1606618797365&CODE_STATE=count HTTP/1.1" 200 11
172.17.0.120 - - [29/Nov/2020:10:54:38 +0800] "GET /xingrg/check_reg.html?_=1606618797366 HTTP/1.1" 200 22
172.17.0.120 - - [29/Nov/2020:10:54:38 +0800] "GET /xingrg/javascript/jquery_easy_ui/themes/default/images/panel_tool_expand.gif HTTP/1.1" 200 247
172.17.0.120 - - [29/Nov/2020:10:54:38 +0800] "GET /xingrg/javascript/jquery_easy_ui/themes/default/images/tabs_leftarrow.png HTTP/1.1" 200 389
172.17.0.120 - - [29/Nov/2020:10:54:38 +0800] "GET /xingrg/javascript/jquery_easy_ui/themes/default/images/panel_tool_collapse.gif HTTP/1.1" 200 246
172.17.0.120 - - [29/Nov/2020:10:54:38 +0800] "GET /xingrg/images/blue/pingpu.png HTTP/1.1" 200 231
172.17.0.120 - - [29/Nov/2020:10:54:38 +0800] "GET /xingrg/javascript/jquery_easy_ui/themes/default/images/tabs_rightarrow.png HTTP/1.1" 200 395
172.17.0.120 - - [29/Nov/2020:10:54:38 +0800] "POST /xingrg/load_menu.html HTTP/1.1" 200 9924
172.17.0.120 - - [29/Nov/2020:10:54:38 +0800] "GET /xingrg/javascript/jquery_easy_ui/themes/default/images/tree_folder.gif HTTP/1.1" 200 952
172.17.0.120 - - [29/Nov/2020:10:54:38 +0800] "GET /xingrg/javascript/jquery_easy_ui/themes/icons/systemset_new.png HTTP/1.1" 200 606
172.17.0.120 - - [29/Nov/2020:10:54:38 +0800] "GET /xingrg/javascript/jquery_easy_ui/themes/icons/search_new.png HTTP/1.1" 200 586
172.17.0.120 - - [29/Nov/2020:10:54:38 +0800] "GET /xingrg/javascript/jquery_easy_ui/themes/default/images/tree_folder_open.gif HTTP/1.1" 200 956
172.17.0.120 - - [29/Nov/2020:10:54:38 +0800] "GET /xingrg/javascript/jquery_easy_ui/themes/icons/forms_new.png HTTP/1.1" 200 350
172.17.0.120 - - [29/Nov/2020:10:54:38 +0800] "GET /xingrg/javascript/jquery_easy_ui/themes/icons/storage_new.png HTTP/1.1" 200 853
172.17.0.120 - - [29/Nov/2020:10:54:38 +0800] "GET /xingrg/javascript/jquery_easy_ui/themes/default/images/tree_arrows.gif HTTP/1.1" 200 1043
172.17.0.120 - - [29/Nov/2020:10:54:38 +0800] "GET /xingrg/javascript/jquery_easy_ui/themes/icons/setting_new.png HTTP/1.1" 200 450
172.17.0.120 - - [29/Nov/2020:10:54:38 +0800] "GET /xingrg/javascript/jquery_easy_ui/themes/default/images/tree_file.gif HTTP/1.1" 200 118
172.17.0.120 - - [29/Nov/2020:10:54:38 +0800] "GET /xingrg/javascript/jquery_easy_ui/themes/icons/checkout_new.png HTTP/1.1" 200 744
172.17.0.120 - - [29/Nov/2020:10:54:39 +0800] "GET /xingrg/kc/buy/buy_main.html HTTP/1.1" 200 12377
172.17.0.120 - - [29/Nov/2020:10:54:39 +0800] "GET /xingrg/javascript/jquery_easy_ui/themes/default/images/tabs_close.gif HTTP/1.1" 200 829
172.17.0.120 - - [29/Nov/2020:10:54:39 +0800] "GET /xingrg/css/blue.css HTTP/1.1" 200 15949
172.17.0.120 - - [29/Nov/2020:10:54:39 +0800] "GET /xingrg/css/new_ie.css HTTP/1.1" 404 1036
172.17.0.120 - - [29/Nov/2020:10:54:39 +0800] "GET /xingrg/javascript/jquery_ui/themes/humanity/humanity.css HTTP/1.1" 200 27801
172.17.0.120 - - [29/Nov/2020:10:54:39 +0800] "GET /xingrg/javascript/pic_change.js HTTP/1.1" 200 4739
172.17.0.120 - - [29/Nov/2020:10:54:39 +0800] "GET /xingrg/javascript/ToolTips.js HTTP/1.1" 200 5615
172.17.0.120 - - [29/Nov/2020:10:54:39 +0800] "GET /xingrg/javascript/myfunction.js HTTP/1.1" 200 24559
172.17.0.120 - - [29/Nov/2020:10:54:39 +0800] "GET /xingrg/javascript/jquery_ui/jquery-ui.min.js HTTP/1.1" 200 186181
172.17.0.120 - - [29/Nov/2020:10:54:39 +0800] "GET /xingrg/images/blue/button/cgxqd.gif HTTP/1.1" 200 2619
172.17.0.120 - - [29/Nov/2020:10:54:39 +0800] "GET /xingrg/images/blue/button/cgydd.gif HTTP/1.1" 200 2712
172.17.0.120 - - [29/Nov/2020:10:54:39 +0800] "GET /xingrg/images/blue/button/cgshd.gif HTTP/1.1" 200 2618
172.17.0.120 - - [29/Nov/2020:10:54:39 +0800] "GET /xingrg/images/blue/button/cgfkd.gif HTTP/1.1" 200 2075
172.17.0.120 - - [29/Nov/2020:10:54:39 +0800] "GET /xingrg/images/blue/button/kc.gif HTTP/1.1" 200 2160
172.17.0.120 - - [29/Nov/2020:10:54:39 +0800] "GET /xingrg/images/blue/button/ckthd.gif HTTP/1.1" 200 2045
172.17.0.120 - - [29/Nov/2020:10:54:39 +0800] "GET /xingrg/images/blue/pic_form2.gif HTTP/1.1" 200 1853
172.17.0.120 - - [29/Nov/2020:10:54:39 +0800] "GET /xingrg/images/blue/button/down_ah.jpg HTTP/1.1" 200 1732
172.17.0.120 - - [29/Nov/2020:10:54:39 +0800] "GET /xingrg/javascript/jquery_ui/themes/humanity/images/ui-bg_inset-soft_100_f4f0ec_1x100.png HTTP/1.1" 200 141
172.17.0.120 - - [29/Nov/2020:10:54:39 +0800] "GET /xingrg/images/blue/button/right_ah.jpg HTTP/1.1" 200 1744
172.17.0.120 - - [29/Nov/2020:10:54:39 +0800] "GET /xingrg/images/blue/bg_dotted.jpg HTTP/1.1" 200 319
172.17.0.120 - - [29/Nov/2020:10:54:39 +0800] "GET /xingrg/javascript/jquery_ui/themes/humanity/images/ui-iconsnew.jpg HTTP/1.1" 200 337
172.17.0.120 - - [29/Nov/2020:10:54:39 +0800] "GET /xingrg/javascript/jquery_ui/themes/humanity/images/ui-icons_ffffff_256x240.png HTTP/1.1" 200 4369
172.17.0.120 - - [29/Nov/2020:10:54:39 +0800] "GET /xingrg/javascript/jquery_ui/themes/humanity/images/ui-icons_c47a23_256x240.png HTTP/1.1" 200 5355
172.17.0.120 - - [29/Nov/2020:10:54:39 +0800] "GET /xingrg/javascript/jquery_ui/themes/humanity/images/ui-bg_glass_70_ede4d4_1x400.png HTTP/1.1" 200 161
101.85.228.137 - - [29/Nov/2020:10:54:39 +0800] "POST /xingrg/kc/buy/cgsh_order_operate.html HTTP/1.1" 200 37
114.84.37.38 - - [29/Nov/2020:10:54:39 +0800] "GET /xingrg/all/function/internal_message.html?_=1606618474402&CODE_STATE=getMsg HTTP/1.1" 302 -
172.17.0.120 - - [29/Nov/2020:10:54:39 +0800] "GET /xingrg/images/yd/bt.gif HTTP/1.1" 404 1040
172.17.0.120 - - [29/Nov/2020:10:54:39 +0800] "GET /xingrg/kc/buy/cgsh_order_list.html HTTP/1.1" 200 45311
172.17.0.120 - - [29/Nov/2020:10:54:39 +0800] "GET /xingrg/css/base.css HTTP/1.1" 200 2811
172.17.0.120 - - [29/Nov/2020:10:54:39 +0800] "GET /xingrg/css/site.css HTTP/1.1" 200 7541
172.17.0.120 - - [29/Nov/2020:10:54:39 +0800] "GET /xingrg/javascript/jquery_tools/datebox.css HTTP/1.1" 200 2597
172.17.0.120 - - [29/Nov/2020:10:54:39 +0800] "GET /xingrg/javascript/easyui/themes/default/easyui.css HTTP/1.1" 200 30432
172.17.0.120 - - [29/Nov/2020:10:54:39 +0800] "GET /xingrg/javascript/easyui/themes/icon.css HTTP/1.1" 200 4483
172.17.0.120 - - [29/Nov/2020:10:54:39 +0800] "GET /xingrg/javascript/auto/jquery.autocomplete.css HTTP/1.1" 200 587
172.17.0.120 - - [29/Nov/2020:10:54:39 +0800] "GET /xingrg/javascript/jquery_tools/fix.css HTTP/1.1" 200 1702
172.17.0.120 - - [29/Nov/2020:10:54:39 +0800] "GET /xingrg/javascript/jquery_tools/table.css HTTP/1.1" 200 1032
172.17.0.120 - - [29/Nov/2020:10:54:39 +0800] "GET /xingrg/javascript/jquery_tools/jquery.tools.min.js HTTP/1.1" 200 138801
172.17.0.120 - - [29/Nov/2020:10:54:39 +0800] "GET /xingrg/javascript/jquery_tools/jquery.tools.extend.js HTTP/1.1" 200 15385
172.17.0.120 - - [29/Nov/2020:10:54:39 +0800] "GET /xingrg/javascript/jquery_tools/jquery.tools.hotkey.js HTTP/1.1" 200 3242
172.17.0.120 - - [29/Nov/2020:10:54:39 +0800] "GET /xingrg/javascript/jquery_tools/jquery.tools.table.js HTTP/1.1" 200 6994
172.17.0.120 - - [29/Nov/2020:10:54:39 +0800] "GET /xingrg/javascript/jquery_tools/list_manager.js HTTP/1.1" 200 3652
172.17.0.120 - - [29/Nov/2020:10:54:39 +0800] "GET /xingrg/javascript/auto/jquery.autocomplete.js HTTP/1.1" 200 21624
172.17.0.120 - - [29/Nov/2020:10:54:40 +0800] "GET /xingrg/javascript/easyui/easyloader.js HTTP/1.1" 200 5975
172.17.0.120 - - [29/Nov/2020:10:54:40 +0800] "GET /xingrg/javascript/jquery.cookie.js HTTP/1.1" 200 5513
172.17.0.120 - - [29/Nov/2020:10:54:40 +0800] "GET /xingrg/javascript/print/LodopFuncs.js HTTP/1.1" 200 5121
172.17.0.120 - - [29/Nov/2020:10:54:40 +0800] "GET /xingrg/javascript/easyui/themes/icons/edit_add_new.png HTTP/1.1" 200 2997
172.17.0.120 - - [29/Nov/2020:10:54:40 +0800] "GET /xingrg/javascript/easyui/themes/icons/cance_new.png HTTP/1.1" 200 3986
172.17.0.120 - - [29/Nov/2020:10:54:40 +0800] "GET /xingrg/javascript/easyui/themes/icons/uncheck_new.png HTTP/1.1" 200 3197
172.17.0.120 - - [29/Nov/2020:10:54:40 +0800] "GET /xingrg/javascript/easyui/themes/icons/import_new.png HTTP/1.1" 200 1247
172.17.0.120 - - [29/Nov/2020:10:54:40 +0800] "GET /xingrg/javascript/easyui/themes/icons/check_new.png HTTP/1.1" 200 3224
172.17.0.120 - - [29/Nov/2020:10:54:40 +0800] "GET /xingrg/javascript/easyui/themes/icons/field_new.png HTTP/1.1" 200 1097
172.17.0.120 - - [29/Nov/2020:10:54:40 +0800] "GET /xingrg/javascript/easyui/plugins/jquery.parser.js HTTP/1.1" 200 1142
172.17.0.120 - - [29/Nov/2020:10:54:40 +0800] "GET /xingrg/images/control/ajaxLoader.gif HTTP/1.1" 200 4659
172.17.0.120 - - [29/Nov/2020:10:54:41 +0800] "POST /xingrg/kc/buy/cgsh_list_operate.html HTTP/1.1" 200 3787
101.85.228.137 - - [29/Nov/2020:10:54:41 +0800] "POST /xingrg/all/report/load_report_page.html HTTP/1.1" 200 78586
101.85.228.137 - - [29/Nov/2020:10:54:41 +0800] "GET /xingrg/servlets/image?cache=0.2949366034936436&image=px HTTP/1.1" 200 807
101.85.228.137 - - [29/Nov/2020:10:54:43 +0800] "GET /xingrg/all/function/internal_message.html?_=1606618706434&CODE_STATE=getMsg HTTP/1.1" 200 27
101.85.228.137 - - [29/Nov/2020:10:54:43 +0800] "POST /xingrg/kc/buy/cgsh_order_operate.html HTTP/1.1" 200 7377
114.84.145.85 - - [29/Nov/2020:10:54:43 +0800] "GET /xingrg/kc/buy/cgsh_order_add.html HTTP/1.1" 200 60813
114.84.145.85 - - [29/Nov/2020:10:54:43 +0800] "POST /xingrg/kc/buy/cgsh_order_operate.html HTTP/1.1" 200 8245
114.84.145.85 - - [29/Nov/2020:10:54:43 +0800] "GET /xingrg/javascript/easyui/themes/default/validatebox.css HTTP/1.1" 404 1104
172.17.0.120 - - [29/Nov/2020:10:54:44 +0800] "GET /xingrg/javascript/jquery_tools/images/prev.gif HTTP/1.1" 404 1086
172.17.0.120 - - [29/Nov/2020:10:54:44 +0800] "GET /xingrg/javascript/jquery_tools/images/next.gif HTTP/1.1" 404 1086
222.69.136.133 - - [29/Nov/2020:10:54:44 +0800] "GET /xingrg/all/function/internal_message.html?_=1606618480618&CODE_STATE=getMsg HTTP/1.1" 200 27
222.69.136.133 - - [29/Nov/2020:10:54:44 +0800] "GET /xingrg/check_reg.html?_=1606618480619 HTTP/1.1" 200 22
116.232.51.253 - - [29/Nov/2020:10:54:46 +0800] "GET /xingrg/all/function/internal_message.html?_=1606618517037&CODE_STATE=getMsg HTTP/1.1" 200 27
180.174.56.115 - - [29/Nov/2020:10:54:47 +0800] "POST /xingrg/kc/buy/cgsh_order_operate.html HTTP/1.1" 200 37
180.174.56.115 - - [29/Nov/2020:10:54:49 +0800] "POST /xingrg/kc/buy/cgsh_order_operate.html HTTP/1.1" 200 12
101.85.228.137 - - [29/Nov/2020:10:54:50 +0800] "POST /xingrg/kc/buy/cgsh_list_operate.html HTTP/1.1" 200 2411
180.174.56.115 - - [29/Nov/2020:10:54:50 +0800] "GET /xingrg/kc/buy/cgsh_order_info.html?code=212020112911466 HTTP/1.1" 200 55636
172.17.0.120 - - [29/Nov/2020:10:54:50 +0800] "POST /xingrg/kc/buy/cgsh_list_operate.html HTTP/1.1" 200 5344
180.174.56.115 - - [29/Nov/2020:10:54:50 +0800] "GET /xingrg/javascript/easyui/themes/default/validatebox.css HTTP/1.1" 404 1104
180.174.56.115 - - [29/Nov/2020:10:54:51 +0800] "POST /xingrg/kc/buy/cgsh_order_operate.html HTTP/1.1" 200 608
114.84.37.38 - - [29/Nov/2020:10:54:51 +0800] "GET /xingrg/all/function/internal_message.html?_=1606618489555&CODE_STATE=getMsg HTTP/1.1" 200 27
117.185.32.26 - - [29/Nov/2020:10:54:53 +0800] "GET /xingrg/kc/buy/cgsh_order_operate.html?command=get_materiel&rest_code=00106&code=00101012046&supplier_code=00100347&order_time=2020-11-29 HTTP/1.1" 200 417
114.88.175.227 - - [29/Nov/2020:10:54:53 +0800] "GET /xingrg/all/function/internal_message.html?_=1606618486307&CODE_STATE=getMsg HTTP/1.1" 200 27
180.174.56.115 - - [29/Nov/2020:10:54:53 +0800] "GET /xingrg/kc/print/load_data.html?order_code=212020112911466&kc_code=cgsh&condition= HTTP/1.1" 200 706
172.17.0.120 - - [29/Nov/2020:10:54:54 +0800] "POST /xingrg/kc/buy/cgsh_list_operate.html HTTP/1.1" 200 5451
114.84.145.85 - - [29/Nov/2020:10:54:55 +0800] "GET /xingrg/check_reg.html?_=1606618071536 HTTP/1.1" 200 22
114.84.145.85 - - [29/Nov/2020:10:54:55 +0800] "GET /xingrg/all/function/internal_message.html?_=1606618071539&CODE_STATE=getMsg HTTP/1.1" 200 27
101.85.228.137 - - [29/Nov/2020:10:54:56 +0800] "POST /xingrg/kc/buy/cgsh_list_operate.html HTTP/1.1" 200 2411
101.85.228.137 - - [29/Nov/2020:10:54:57 +0800] "POST /xingrg/kc/buy/cgsh_list_operate.html HTTP/1.1" 200 566
101.85.228.137 - - [29/Nov/2020:10:54:57 +0800] "GET /xingrg/kc/buy/cgsh_order_info.html?code=212020112911453 HTTP/1.1" 200 60781
172.17.0.120 - - [29/Nov/2020:10:54:58 +0800] "POST /xingrg/kc/buy/cgsh_list_operate.html HTTP/1.1" 200 2328
116.228.172.94 - - [29/Nov/2020:10:54:58 +0800] "GET /xingrg/all/function/internal_message.html?_=1606618491191&CODE_STATE=getMsg HTTP/1.1" 200 27
101.85.228.137 - - [29/Nov/2020:10:54:58 +0800] "POST /xingrg/kc/buy/cgsh_order_operate.html HTTP/1.1" 200 17450
180.174.56.115 - - [29/Nov/2020:10:54:58 +0800] "GET /xingrg/kc/buy/cgsh_order_add.html HTTP/1.1" 200 60731
180.174.56.115 - - [29/Nov/2020:10:54:59 +0800] "POST /xingrg/kc/buy/cgsh_order_operate.html HTTP/1.1" 200 8245
101.85.228.137 - - [29/Nov/2020:10:54:59 +0800] "GET /xingrg/javascript/easyui/themes/default/validatebox.css HTTP/1.1" 404 1104
180.174.56.115 - - [29/Nov/2020:10:54:59 +0800] "GET /xingrg/javascript/easyui/themes/default/validatebox.css HTTP/1.1" 404 1104
117.185.32.26 - - [29/Nov/2020:10:54:59 +0800] "GET /xingrg/all/function/internal_message.html?_=1606618487049&CODE_STATE=getMsg HTTP/1.1" 200 27
172.17.0.120 - - [29/Nov/2020:10:54:59 +0800] "POST /xingrg/kc/buy/cgsh_list_operate.html HTTP/1.1" 200 558
172.17.0.120 - - [29/Nov/2020:10:54:59 +0800] "GET /xingrg/javascript/easyui/themes/default/images/button_plain_hover.png HTTP/1.1" 200 144
101.85.93.83 - - [29/Nov/2020:10:55:00 +0800] "GET /xingrg/check_reg.html?_=1606618221530 HTTP/1.1" 200 22
101.85.93.83 - - [29/Nov/2020:10:55:00 +0800] "GET /xingrg/all/function/internal_message.html?_=1606618221605&CODE_STATE=getMsg HTTP/1.1" 200 27
172.17.0.120 - - [29/Nov/2020:10:55:01 +0800] "POST /xingrg/kc/buy/cgsh_list_operate.html HTTP/1.1" 200 4
114.84.37.38 - - [29/Nov/2020:10:55:02 +0800] "POST /xingrg/services/DataTransmitService HTTP/1.1" 200 524
172.17.0.120 - - [29/Nov/2020:10:55:03 +0800] "POST /xingrg/kc/buy/cgsh_list_operate.html HTTP/1.1" 200 5344
114.84.37.38 - - [29/Nov/2020:10:55:04 +0800] "POST /xingrg/kc/buy/cgsh_order_operate.html HTTP/1.1" 200 37
180.174.56.115 - - [29/Nov/2020:10:55:05 +0800] "GET /xingrg/all/function/internal_message.html?_=1606618502576&CODE_STATE=getMsg HTTP/1.1" 200 27
117.184.7.30 - - [29/Nov/2020:10:55:06 +0800] "GET /xingrg/all/function/internal_message.html?_=1606618501858&CODE_STATE=getMsg HTTP/1.1" 200 27
172.17.200.101 - - [29/Nov/2020:10:55:07 +0800] "GET /xingrg/check_reg.html?_=1606618508129 HTTP/1.1" 200 22
172.17.200.101 - - [29/Nov/2020:10:55:07 +0800] "GET /xingrg/all/function/internal_message.html?_=1606618508131&CODE_STATE=getMsg HTTP/1.1" 200 27
101.85.228.137 - - [29/Nov/2020:10:55:07 +0800] "POST /xingrg/kc/buy/cgsh_order_operate.html HTTP/1.1" 200 37
114.84.37.38 - - [29/Nov/2020:10:55:08 +0800] "POST /xingrg/kc/buy/cgsh_order_operate.html HTTP/1.1" 200 3247
101.85.228.137 - - [29/Nov/2020:10:55:08 +0800] "POST /xingrg/kc/buy/cgsh_order_operate.html HTTP/1.1" 200 17449
117.185.32.26 - - [29/Nov/2020:10:55:11 +0800] "POST /xingrg/kc/buy/cgsh_order_operate.html HTTP/1.1" 200 37
180.174.56.115 - - [29/Nov/2020:10:55:11 +0800] "GET /xingrg/kc/buy/cgsh_order_operate.html?command=get_materiel&rest_code=00150&code=00101008147&supplier_code=00100347&order_time=2020-11-29 HTTP/1.1" 200 416
117.185.32.26 - - [29/Nov/2020:10:55:13 +0800] "POST /xingrg/kc/buy/cgsh_order_operate.html HTTP/1.1" 200 12
172.17.0.123 - - [29/Nov/2020:10:55:13 +0800] "GET /xingrg/all/function/internal_message.html?_=1606618442846&CODE_STATE=getMsg HTTP/1.1" 200 27
101.85.228.137 - - [29/Nov/2020:10:55:13 +0800] "POST /xingrg/kc/buy/cgsh_list_operate.html HTTP/1.1" 200 2411
117.185.32.26 - - [29/Nov/2020:10:55:14 +0800] "GET /xingrg/kc/buy/cgsh_order_info.html?code=212020112911467 HTTP/1.1" 200 55702
117.185.32.26 - - [29/Nov/2020:10:55:14 +0800] "GET /xingrg/javascript/easyui/themes/default/validatebox.css HTTP/1.1" 404 1104
117.185.32.26 - - [29/Nov/2020:10:55:15 +0800] "POST /xingrg/kc/buy/cgsh_order_operate.html HTTP/1.1" 200 4192
101.85.93.83 - - [29/Nov/2020:10:55:17 +0800] "GET /xingrg/javascript/jquery_easy_ui/themes/default/images/button_plain_hover.png HTTP/1.1" 200 252
180.174.56.115 - - [29/Nov/2020:10:55:19 +0800] "GET /xingrg/kc/buy/cgsh_order_operate.html?command=get_materiel&rest_code=00150&code=00101008037&supplier_code=00100347&order_time=2020-11-29 HTTP/1.1" 200 413
172.17.0.102 - - [29/Nov/2020:10:55:19 +0800] "GET /xingrg/all/function/internal_message.html?_=1606618516939&CODE_STATE=getMsg HTTP/1.1" 200 27
101.85.228.137 - - [29/Nov/2020:10:55:20 +0800] "POST /xingrg/kc/buy/cgsh_list_operate.html HTTP/1.1" 200 4
114.84.145.85 - - [29/Nov/2020:10:55:21 +0800] "GET /xingrg/all/function/internal_message.html?_=1606618535153&CODE_STATE=getMsg HTTP/1.1" 200 27
