117.185.32.26 - - [29/Nov/2020:11:10:53 +0800] "POST /xingrg/kc/buy/cgsh_order_operate.html HTTP/1.1" 200 37
222.69.136.133 - - [29/Nov/2020:11:10:53 +0800] "POST /xingrg/kc/base/yddb_list_operate.html HTTP/1.1" 200 636
180.162.223.42 - - [29/Nov/2020:11:10:53 +0800] "POST /xingrg/kc/buy/cgsh_order_operate.html HTTP/1.1" 200 75
116.228.172.94 - - [29/Nov/2020:11:10:53 +0800] "GET /xingrg/kc/main_page.html HTTP/1.1" 200 2725
180.157.253.48 - - [29/Nov/2020:11:10:53 +0800] "GET /xingrg/kc/buy/cgsh_order_operate.html?command=get_materiel&rest_code=00148&code=00101006129&supplier_code=00100010&order_time=2020-11-29 HTTP/1.1" 200 431
180.157.253.48 - - [29/Nov/2020:11:10:54 +0800] "GET /xingrg/javascript/easyui/themes/default/images/button_plain_hover.png HTTP/1.1" 304 -
116.228.172.94 - - [29/Nov/2020:11:10:54 +0800] "POST /xingrg/kc/main/get_notify_info.html HTTP/1.1" 200 112
116.228.172.94 - - [29/Nov/2020:11:10:54 +0800] "POST /xingrg/kc/main/get_notify_info.html HTTP/1.1" 200 1363
120.253.135.82 - - [29/Nov/2020:11:10:54 +0800] "GET /xingrg/kc/buy/cgsh_order_list.html HTTP/1.1" 200 45069
222.69.136.133 - - [29/Nov/2020:11:10:54 +0800] "GET /xingrg/kc/base/yddb_order_add.html HTTP/1.1" 200 29753
222.69.136.133 - - [29/Nov/2020:11:10:54 +0800] "GET /xingrg/dwr/interface/AjaxComOrderService.js HTTP/1.1" 200 18264
222.69.136.133 - - [29/Nov/2020:11:10:54 +0800] "GET /xingrg/dwr/interface/AjaxYddbService.js HTTP/1.1" 200 13201
222.69.136.133 - - [29/Nov/2020:11:10:54 +0800] "GET /xingrg/dwr/engine.js HTTP/1.1" 200 43631
222.69.136.133 - - [29/Nov/2020:11:10:54 +0800] "GET /xingrg/javascript/checkform.js HTTP/1.1" 200 18351
114.84.37.38 - - [29/Nov/2020:11:10:54 +0800] "GET /xingrg/all/function/internal_message.html?_=1606619452035&CODE_STATE=getMsg HTTP/1.1" 200 27
114.88.175.227 - - [29/Nov/2020:11:10:54 +0800] "GET /xingrg/all/function/internal_message.html?_=1606619447220&CODE_STATE=getMsg HTTP/1.1" 200 27
120.253.135.82 - - [29/Nov/2020:11:10:54 +0800] "POST /xingrg/kc/buy/cgsh_list_operate.html HTTP/1.1" 200 876
116.228.172.94 - - [29/Nov/2020:11:10:55 +0800] "GET /xingrg/kc/buy/buy_main.html HTTP/1.1" 200 12412
116.228.172.94 - - [29/Nov/2020:11:10:55 +0800] "GET /xingrg/css/new_ie.css HTTP/1.1" 404 1036
101.85.228.137 - - [29/Nov/2020:11:10:55 +0800] "GET /xingrg/kc/base/wldb_order_operate.html?command=get_materiel&rest_code=00102&base_code=0010476&code=00101019134 HTTP/1.1" 200 466
116.228.172.94 - - [29/Nov/2020:11:10:56 +0800] "GET /xingrg/images/yd/bt.gif HTTP/1.1" 404 1040
116.228.172.94 - - [29/Nov/2020:11:10:56 +0800] "GET /xingrg/kc/buy/cgsh_order_list.html HTTP/1.1" 200 45075
116.228.172.94 - - [29/Nov/2020:11:10:57 +0800] "POST /xingrg/kc/buy/cgsh_list_operate.html HTTP/1.1" 200 5205
116.228.172.94 - - [29/Nov/2020:11:10:58 +0800] "GET /xingrg/all/function/internal_message.html?_=1606619451100&CODE_STATE=getMsg HTTP/1.1" 200 27
114.84.145.85 - - [29/Nov/2020:11:10:58 +0800] "GET /xingrg/login.html HTTP/1.1" 200 7641
180.157.253.48 - - [29/Nov/2020:11:10:58 +0800] "GET /xingrg/javascript/easyui/themes/default/images/button_plain_hover.png HTTP/1.1" 304 -
222.69.136.133 - - [29/Nov/2020:11:10:58 +0800] "POST /xingrg/dwr/call/plaincall/AjaxYddbService.getRestBases.dwr HTTP/1.1" 200 1046
114.84.145.85 - - [29/Nov/2020:11:10:58 +0800] "GET /favicon.ico HTTP/1.1" 404 -
101.85.228.137 - - [29/Nov/2020:11:10:59 +0800] "GET /xingrg/login.html HTTP/1.1" 200 7641
101.85.228.137 - - [29/Nov/2020:11:10:59 +0800] "GET /favicon.ico HTTP/1.1" 404 -
114.84.145.85 - - [29/Nov/2020:11:10:59 +0800] "POST /xingrg/login.do HTTP/1.1" 302 -
114.84.145.85 - - [29/Nov/2020:11:10:59 +0800] "GET /xingrg/index.html?sysBaseUrl=http%3A%2F%2F180.169.147.146%3A18081%2Fxingrg%2F&costTime=42×tamp=1606619459774 HTTP/1.1" 200 17179
117.184.7.30 - - [29/Nov/2020:11:10:59 +0800] "POST /xingrg/kc/buy/cgsh_order_operate.html HTTP/1.1" 200 37
114.84.145.85 - - [29/Nov/2020:11:11:00 +0800] "POST /xingrg/all/common/load_tree.html?tree=area_rest_tree_json&manage=1 HTTP/1.1" 200 351
114.84.145.85 - - [29/Nov/2020:11:11:00 +0800] "GET /xingrg/all/function/internal_message.html?_=1606619036452&CODE_STATE=count HTTP/1.1" 200 11
114.84.145.85 - - [29/Nov/2020:11:11:00 +0800] "GET /xingrg/check_reg.html?_=1606619036453 HTTP/1.1" 200 22
114.84.145.85 - - [29/Nov/2020:11:11:00 +0800] "GET /favicon.ico HTTP/1.1" 404 -
114.84.145.85 - - [29/Nov/2020:11:11:00 +0800] "POST /xingrg/load_menu.html HTTP/1.1" 200 5138
101.85.228.137 - - [29/Nov/2020:11:11:00 +0800] "POST /xingrg/login.do HTTP/1.1" 302 -
101.85.228.137 - - [29/Nov/2020:11:11:00 +0800] "GET /xingrg/index.html?sysBaseUrl=http%3A%2F%2F180.169.147.146%3A18081%2Fxingrg%2F&costTime=39×tamp=1606619460284 HTTP/1.1" 200 17173
101.85.228.137 - - [29/Nov/2020:11:11:00 +0800] "GET /xingrg/javascript/jquery_easy_ui/themes/default/easyui.css HTTP/1.1" 304 -
101.85.228.137 - - [29/Nov/2020:11:11:00 +0800] "GET /xingrg/javascript/jquery_easy_ui/themes/icon.css HTTP/1.1" 304 -
101.85.228.137 - - [29/Nov/2020:11:11:00 +0800] "GET /xingrg/css/form.css HTTP/1.1" 304 -
101.85.228.137 - - [29/Nov/2020:11:11:00 +0800] "GET /xingrg/javascript/jquery_easy_ui/jquery.easyui.min.js HTTP/1.1" 304 -
101.85.228.137 - - [29/Nov/2020:11:11:00 +0800] "GET /xingrg/javascript/jquery-1.4.2.min.js HTTP/1.1" 304 -
101.85.228.137 - - [29/Nov/2020:11:11:00 +0800] "GET /xingrg/javascript/jquery_easy_ui/easyui-lang-zh_CN.js HTTP/1.1" 304 -
101.85.228.137 - - [29/Nov/2020:11:11:00 +0800] "GET /xingrg/javascript/jquery.timers.js HTTP/1.1" 304 -
101.85.228.137 - - [29/Nov/2020:11:11:00 +0800] "GET /xingrg/javascript/jquery.form.js HTTP/1.1" 304 -
101.85.228.137 - - [29/Nov/2020:11:11:00 +0800] "GET /xingrg/javascript/jquery.utils.js HTTP/1.1" 304 -
101.85.93.83 - - [29/Nov/2020:11:11:00 +0800] "GET /xingrg/all/function/internal_message.html?_=1606619181223&CODE_STATE=getMsg HTTP/1.1" 200 27
101.85.228.137 - - [29/Nov/2020:11:11:00 +0800] "GET /favicon.ico HTTP/1.1" 404 -
101.85.228.137 - - [29/Nov/2020:11:11:00 +0800] "POST /xingrg/all/common/load_tree.html?tree=area_rest_tree_json&manage=1 HTTP/1.1" 200 342
101.85.228.137 - - [29/Nov/2020:11:11:00 +0800] "GET /xingrg/kc/base/wldb_order_operate.html?command=get_materiel&rest_code=00102&base_code=0010476&code=00101019391 HTTP/1.1" 200 471
101.85.228.137 - - [29/Nov/2020:11:11:00 +0800] "GET /xingrg/all/function/internal_message.html?_=1606619456859&CODE_STATE=count HTTP/1.1" 200 11
101.85.228.137 - - [29/Nov/2020:11:11:00 +0800] "GET /xingrg/check_reg.html?_=1606619456861 HTTP/1.1" 200 22
101.85.228.137 - - [29/Nov/2020:11:11:00 +0800] "POST /xingrg/load_menu.html HTTP/1.1" 200 5138
117.184.7.30 - - [29/Nov/2020:11:11:00 +0800] "POST /xingrg/kc/buy/cgsh_order_operate.html HTTP/1.1" 200 27458
114.84.145.85 - - [29/Nov/2020:11:11:01 +0800] "GET /xingrg/kc/buy/buy_main.html HTTP/1.1" 200 12412
114.84.145.85 - - [29/Nov/2020:11:11:01 +0800] "GET /xingrg/css/new_ie.css HTTP/1.1" 404 1036
101.85.228.137 - - [29/Nov/2020:11:11:02 +0800] "GET /xingrg/css/base.css HTTP/1.1" 304 -
101.85.228.137 - - [29/Nov/2020:11:11:02 +0800] "GET /xingrg/css/site.css HTTP/1.1" 304 -
101.85.228.137 - - [29/Nov/2020:11:11:02 +0800] "GET /xingrg/javascript/jquery_tools/datebox.css HTTP/1.1" 304 -
101.85.228.137 - - [29/Nov/2020:11:11:02 +0800] "GET /xingrg/javascript/auto/jquery.autocomplete.css HTTP/1.1" 304 -
101.85.228.137 - - [29/Nov/2020:11:11:02 +0800] "GET /xingrg/kc/buy/cgsh_order_list.html HTTP/1.1" 200 45069
101.85.228.137 - - [29/Nov/2020:11:11:02 +0800] "GET /xingrg/javascript/jquery_tools/fix.css HTTP/1.1" 304 -
101.85.228.137 - - [29/Nov/2020:11:11:02 +0800] "GET /xingrg/javascript/easyui/themes/default/easyui.css HTTP/1.1" 304 -
101.85.228.137 - - [29/Nov/2020:11:11:02 +0800] "GET /xingrg/javascript/easyui/themes/icon.css HTTP/1.1" 304 -
101.85.228.137 - - [29/Nov/2020:11:11:02 +0800] "GET /xingrg/javascript/jquery_tools/table.css HTTP/1.1" 304 -
101.85.228.137 - - [29/Nov/2020:11:11:02 +0800] "GET /xingrg/javascript/jquery_tools/jquery.tools.extend.js HTTP/1.1" 304 -
101.85.228.137 - - [29/Nov/2020:11:11:02 +0800] "GET /xingrg/javascript/jquery_tools/jquery.tools.table.js HTTP/1.1" 304 -
101.85.228.137 - - [29/Nov/2020:11:11:02 +0800] "GET /xingrg/javascript/jquery_tools/jquery.tools.hotkey.js HTTP/1.1" 304 -
101.85.228.137 - - [29/Nov/2020:11:11:02 +0800] "GET /xingrg/javascript/jquery_tools/jquery.tools.min.js HTTP/1.1" 304 -
101.85.228.137 - - [29/Nov/2020:11:11:02 +0800] "GET /xingrg/javascript/jquery_tools/list_manager.js HTTP/1.1" 304 -
101.85.228.137 - - [29/Nov/2020:11:11:02 +0800] "GET /xingrg/javascript/auto/jquery.autocomplete.js HTTP/1.1" 304 -
101.85.228.137 - - [29/Nov/2020:11:11:02 +0800] "GET /xingrg/javascript/easyui/easyloader.js HTTP/1.1" 304 -
101.85.228.137 - - [29/Nov/2020:11:11:02 +0800] "GET /xingrg/javascript/jquery.cookie.js HTTP/1.1" 304 -
101.85.228.137 - - [29/Nov/2020:11:11:02 +0800] "GET /xingrg/javascript/print/LodopFuncs.js HTTP/1.1" 304 -
101.85.228.137 - - [29/Nov/2020:11:11:02 +0800] "GET /xingrg/javascript/easyui/plugins/jquery.parser.js HTTP/1.1" 304 -
114.84.145.85 - - [29/Nov/2020:11:11:03 +0800] "GET /xingrg/images/yd/bt.gif HTTP/1.1" 404 1040
101.85.228.137 - - [29/Nov/2020:11:11:03 +0800] "POST /xingrg/kc/buy/cgsh_list_operate.html HTTP/1.1" 200 1694
101.85.228.137 - - [29/Nov/2020:11:11:04 +0800] "GET /xingrg/javascript/pic_change.js HTTP/1.1" 304 -
101.85.228.137 - - [29/Nov/2020:11:11:04 +0800] "GET /xingrg/kc/buy/cgsh_order_add.html HTTP/1.1" 200 60772
101.85.228.137 - - [29/Nov/2020:11:11:04 +0800] "GET /xingrg/javascript/jquery_tools/order_manager.js HTTP/1.1" 304 -
101.85.228.137 - - [29/Nov/2020:11:11:04 +0800] "GET /xingrg/javascript/convert.js HTTP/1.1" 304 -
101.85.228.137 - - [29/Nov/2020:11:11:04 +0800] "GET /xingrg/javascript/json2.js HTTP/1.1" 304 -
101.85.228.137 - - [29/Nov/2020:11:11:04 +0800] "GET /xingrg/javascript/print/kc_print.js HTTP/1.1" 304 -
101.85.228.137 - - [29/Nov/2020:11:11:04 +0800] "GET /xingrg/words/20201127160732_words.js HTTP/1.1" 304 -
114.84.145.85 - - [29/Nov/2020:11:11:04 +0800] "GET /xingrg/kc/buy/cgsh_order_list.html HTTP/1.1" 200 45075
101.85.228.137 - - [29/Nov/2020:11:11:04 +0800] "POST /xingrg/kc/buy/cgsh_order_operate.html HTTP/1.1" 200 8245
101.85.228.137 - - [29/Nov/2020:11:11:04 +0800] "GET /xingrg/all/common/auto_word.html?type=employee&rest_code=00102 HTTP/1.1" 200 189
101.85.228.137 - - [29/Nov/2020:11:11:04 +0800] "GET /xingrg/all/common/auto_word.html?type=employee&rest_code=00102 HTTP/1.1" 200 189
101.85.228.137 - - [29/Nov/2020:11:11:05 +0800] "GET /xingrg/javascript/easyui/themes/default/validatebox.css HTTP/1.1" 404 1104
101.85.228.137 - - [29/Nov/2020:11:11:05 +0800] "GET /xingrg/javascript/easyui/plugins/jquery.validatebox.js HTTP/1.1" 304 -
101.85.228.137 - - [29/Nov/2020:11:11:05 +0800] "GET /xingrg/javascript/easyui/plugins/jquery.numberbox.js HTTP/1.1" 304 -
101.85.228.137 - - [29/Nov/2020:11:11:05 +0800] "GET /xingrg/kc/base/wldb_order_operate.html?command=get_materiel&rest_code=00102&base_code=0010476&code=00101019079 HTTP/1.1" 200 465
114.84.145.85 - - [29/Nov/2020:11:11:05 +0800] "POST /xingrg/kc/buy/cgsh_list_operate.html HTTP/1.1" 200 876
117.184.7.30 - - [29/Nov/2020:11:11:06 +0800] "GET /xingrg/login.html HTTP/1.1" 200 7641
114.84.145.85 - - [29/Nov/2020:11:11:06 +0800] "GET /xingrg/kc/buy/cgsh_order_add.html HTTP/1.1" 200 60813
117.184.7.30 - - [29/Nov/2020:11:11:06 +0800] "GET /favicon.ico HTTP/1.1" 404 -
114.84.145.85 - - [29/Nov/2020:11:11:06 +0800] "GET /xingrg/all/common/auto_word.html?type=employee&rest_code=00141 HTTP/1.1" 200 201
114.84.145.85 - - [29/Nov/2020:11:11:06 +0800] "GET /xingrg/javascript/easyui/themes/default/validatebox.css HTTP/1.1" 404 1104
114.84.145.85 - - [29/Nov/2020:11:11:06 +0800] "GET /xingrg/all/common/auto_word.html?type=employee&rest_code=00141 HTTP/1.1" 200 201
114.84.145.85 - - [29/Nov/2020:11:11:06 +0800] "POST /xingrg/kc/buy/cgsh_order_operate.html HTTP/1.1" 200 8245
101.85.228.137 - - [29/Nov/2020:11:11:07 +0800] "POST /xingrg/kc/buy/cgsh_list_operate.html HTTP/1.1" 200 278
172.17.200.101 - - [29/Nov/2020:11:11:07 +0800] "GET /xingrg/all/function/internal_message.html?_=1606619468208&CODE_STATE=getMsg HTTP/1.1" 200 27
101.85.228.137 - - [29/Nov/2020:11:11:07 +0800] "GET /xingrg/kc/buy/cgsh_order_info.html?code=212020112911513 HTTP/1.1" 200 60785
101.85.228.137 - - [29/Nov/2020:11:11:08 +0800] "GET /xingrg/javascript/easyui/themes/default/validatebox.css HTTP/1.1" 404 1104
116.228.172.94 - - [29/Nov/2020:11:11:08 +0800] "POST /xingrg/kc/buy/cgsh_list_operate.html HTTP/1.1" 200 9052
101.85.228.137 - - [29/Nov/2020:11:11:08 +0800] "GET /xingrg/all/function/internal_message.html?_=1606619468143&CODE_STATE=getMsg HTTP/1.1" 200 27
180.162.223.42 - - [29/Nov/2020:11:11:09 +0800] "POST /xingrg/kc/buy/cgsh_order_operate.html HTTP/1.1" 200 37
101.85.228.137 - - [29/Nov/2020:11:11:09 +0800] "POST /xingrg/kc/buy/cgsh_order_operate.html HTTP/1.1" 200 3252
114.84.145.85 - - [29/Nov/2020:11:11:10 +0800] "GET /xingrg/javascript/auto/indicator.gif HTTP/1.1" 404 1066
117.184.7.30 - - [29/Nov/2020:11:11:11 +0800] "POST /xingrg/login.do HTTP/1.1" 302 -
117.184.7.30 - - [29/Nov/2020:11:11:11 +0800] "GET /xingrg/index.html?sysBaseUrl=http%3A%2F%2F180.169.147.146%3A18081%2Fxingrg%2F&costTime=40×tamp=1606619471262 HTTP/1.1" 200 17179
114.84.145.85 - - [29/Nov/2020:11:11:11 +0800] "GET /xingrg/javascript/jquery_tools/images/prev.gif HTTP/1.1" 404 1086
114.84.145.85 - - [29/Nov/2020:11:11:11 +0800] "GET /xingrg/javascript/jquery_tools/images/next.gif HTTP/1.1" 404 1086
180.162.223.42 - - [29/Nov/2020:11:11:11 +0800] "POST /xingrg/kc/buy/cgsh_order_operate.html HTTP/1.1" 200 39277
117.184.7.30 - - [29/Nov/2020:11:11:11 +0800] "POST /xingrg/all/common/load_tree.html?tree=area_rest_tree_json&manage=1 HTTP/1.1" 200 470
117.184.7.30 - - [29/Nov/2020:11:11:12 +0800] "GET /xingrg/all/function/internal_message.html?_=1606619467790&CODE_STATE=count HTTP/1.1" 200 11
117.184.7.26 - - [29/Nov/2020:11:11:12 +0800] "GET /xingrg/check_reg.html?_=1606619467792 HTTP/1.1" 200 22
101.85.228.137 - - [29/Nov/2020:11:11:12 +0800] "POST /xingrg/kc/buy/cgsh_order_operate.html HTTP/1.1" 200 37
117.184.7.30 - - [29/Nov/2020:11:11:12 +0800] "POST /xingrg/load_menu.html HTTP/1.1" 200 5138
117.184.7.30 - - [29/Nov/2020:11:11:12 +0800] "GET /favicon.ico HTTP/1.1" 404 -
222.69.136.133 - - [29/Nov/2020:11:11:13 +0800] "POST /xingrg/dwr/call/plaincall/AjaxYddbService.saveOrder.dwr HTTP/1.1" 200 78
101.85.228.137 - - [29/Nov/2020:11:11:13 +0800] "GET /xingrg/kc/base/wldb_order_operate.html?command=get_materiel&rest_code=00102&base_code=0010476&code=00101019066 HTTP/1.1" 200 441
180.162.223.42 - - [29/Nov/2020:11:11:13 +0800] "GET /xingrg/kc/print/load_config.html?kc_code=cgsh HTTP/1.1" 200 1845
172.17.0.123 - - [29/Nov/2020:11:11:13 +0800] "GET /xingrg/check_reg.html?_=1606619402854 HTTP/1.1" 200 22
172.17.0.123 - - [29/Nov/2020:11:11:13 +0800] "GET /xingrg/all/function/internal_message.html?_=1606619402854&CODE_STATE=getMsg HTTP/1.1" 200 27
180.162.223.42 - - [29/Nov/2020:11:11:13 +0800] "GET /xingrg/kc/print/load_data.html?order_code=212020112911420&kc_code=cgsh&condition= HTTP/1.1" 200 14452
101.85.228.137 - - [29/Nov/2020:11:11:14 +0800] "POST /xingrg/kc/buy/cgsh_order_operate.html HTTP/1.1" 200 12
101.85.228.137 - - [29/Nov/2020:11:11:15 +0800] "GET /xingrg/kc/buy/cgsh_order_info.html?code=212020112911513 HTTP/1.1" 200 55679
101.85.228.137 - - [29/Nov/2020:11:11:15 +0800] "GET /xingrg/javascript/easyui/themes/default/validatebox.css HTTP/1.1" 404 1104
180.157.253.48 - - [29/Nov/2020:11:11:15 +0800] "GET /xingrg/check_reg.html?_=1606619482354 HTTP/1.1" 200 22
180.157.253.48 - - [29/Nov/2020:11:11:15 +0800] "GET /xingrg/all/function/internal_message.html?_=1606619482448&CODE_STATE=getMsg HTTP/1.1" 200 27
101.85.228.137 - - [29/Nov/2020:11:11:15 +0800] "POST /xingrg/kc/buy/cgsh_order_operate.html HTTP/1.1" 200 1202
222.69.136.133 - - [29/Nov/2020:11:11:16 +0800] "POST /xingrg/dwr/call/plaincall/AjaxComOrderService.getMaterielSearchList.dwr HTTP/1.1" 200 1388
114.84.145.85 - - [29/Nov/2020:11:11:16 +0800] "GET /xingrg/kc/buy/cgsh_order_operate.html?command=get_materiel&rest_code=00141&code=00101015043&supplier_code=00100055&order_time=2020-11-29 HTTP/1.1" 200 413
101.85.228.137 - - [29/Nov/2020:11:11:16 +0800] "GET /xingrg/kc/buy/cgsh_order_add.html HTTP/1.1" 200 60772
222.69.136.133 - - [29/Nov/2020:11:11:17 +0800] "POST /xingrg/dwr/call/plaincall/AjaxComOrderService.getMaterielSearchList.dwr HTTP/1.1" 200 1388
101.85.228.137 - - [29/Nov/2020:11:11:17 +0800] "POST /xingrg/kc/buy/cgsh_order_operate.html HTTP/1.1" 200 8245
101.85.228.137 - - [29/Nov/2020:11:11:17 +0800] "GET /xingrg/javascript/easyui/themes/default/validatebox.css HTTP/1.1" 404 1104
116.228.172.94 - - [29/Nov/2020:11:11:17 +0800] "POST /xingrg/kc/buy/cgsh_list_operate.html HTTP/1.1" 200 349
101.85.228.137 - - [29/Nov/2020:11:11:18 +0800] "GET /xingrg/javascript/auto/indicator.gif HTTP/1.1" 404 1066
101.85.228.137 - - [29/Nov/2020:11:11:19 +0800] "GET /xingrg/javascript/jquery_tools/images/prev.gif HTTP/1.1" 404 1086
101.85.228.137 - - [29/Nov/2020:11:11:19 +0800] "GET /xingrg/javascript/jquery_tools/images/next.gif HTTP/1.1" 404 1086
172.17.0.102 - - [29/Nov/2020:11:11:20 +0800] "GET /xingrg/all/function/internal_message.html?_=1606619477022&CODE_STATE=getMsg HTTP/1.1" 200 27
101.85.228.137 - - [29/Nov/2020:11:11:20 +0800] "GET /xingrg/kc/base/wldb_order_operate.html?command=get_materiel&rest_code=00102&base_code=0010476&code=00101019535 HTTP/1.1" 200 475
222.69.136.133 - - [29/Nov/2020:11:11:20 +0800] "POST /xingrg/dwr/call/plaincall/AjaxYddbService.getMaterielByMap.dwr HTTP/1.1" 200 2732
114.84.145.85 - - [29/Nov/2020:11:11:21 +0800] "GET /xingrg/all/function/internal_message.html?_=1606619495181&CODE_STATE=getMsg HTTP/1.1" 200 27
101.85.228.137 - - [29/Nov/2020:11:11:23 +0800] "GET /xingrg/kc/buy/cgsh_order_operate.html?command=get_materiel&rest_code=00102&code=00101006166&supplier_code=00100344&order_time=2020-11-29 HTTP/1.1" 200 423
116.228.172.94 - - [29/Nov/2020:11:11:23 +0800] "POST /xingrg/kc/buy/cgsh_list_operate.html HTTP/1.1" 200 495
101.85.228.137 - - [29/Nov/2020:11:11:25 +0800] "GET /xingrg/kc/base/wldb_order_operate.html?command=get_materiel&rest_code=00102&base_code=0010476&code=00101019536 HTTP/1.1" 200 470
120.253.135.82 - - [29/Nov/2020:11:11:25 +0800] "POST /xingrg/kc/buy/cgsh_list_operate.html HTTP/1.1" 200 2122
117.185.32.26 - - [29/Nov/2020:11:11:27 +0800] "GET /xingrg/check_reg.html?_=1606619474869 HTTP/1.1" 200 22
117.185.32.26 - - [29/Nov/2020:11:11:27 +0800] "GET /xingrg/all/function/internal_message.html?_=1606619474869&CODE_STATE=getMsg HTTP/1.1" 200 27
222.69.133.109 - - [29/Nov/2020:11:11:27 +0800] "GET /xingrg/all/function/internal_message.html?_=1606619483286&CODE_STATE=getMsg HTTP/1.1" 200 27
114.88.175.227 - - [29/Nov/2020:11:11:28 +0800] "GET /xingrg/check_reg.html?_=1606619480783 HTTP/1.1" 200 22
117.184.7.30 - - [29/Nov/2020:11:11:28 +0800] "POST /xingrg/all/user/operate.html HTTP/1.1" 200 36
117.185.32.26 - - [29/Nov/2020:11:11:28 +0800] "POST /xingrg/kc/buy/cgsh_order_operate.html HTTP/1.1" 200 12
117.184.7.30 - - [29/Nov/2020:11:11:29 +0800] "GET /xingrg/index.html?sysBaseUrl=http%3A%2F%2F180.169.147.146%3A18081%2Fxingrg%2F&costTime=40×tamp=1606619471262 HTTP/1.1" 200 17173
117.184.7.30 - - [29/Nov/2020:11:11:29 +0800] "GET /xingrg/javascript/jquery_easy_ui/themes/default/easyui.css HTTP/1.1" 304 -
117.184.7.30 - - [29/Nov/2020:11:11:29 +0800] "GET /xingrg/javascript/jquery_easy_ui/themes/icon.css HTTP/1.1" 304 -
117.184.7.30 - - [29/Nov/2020:11:11:29 +0800] "GET /xingrg/css/form.css HTTP/1.1" 304 -
117.184.7.30 - - [29/Nov/2020:11:11:29 +0800] "GET /xingrg/javascript/jquery-1.4.2.min.js HTTP/1.1" 304 -
117.184.7.30 - - [29/Nov/2020:11:11:29 +0800] "GET /xingrg/javascript/jquery_easy_ui/jquery.easyui.min.js HTTP/1.1" 304 -
117.184.7.30 - - [29/Nov/2020:11:11:29 +0800] "GET /xingrg/javascript/jquery_easy_ui/easyui-lang-zh_CN.js HTTP/1.1" 304 -
117.184.7.30 - - [29/Nov/2020:11:11:29 +0800] "GET /xingrg/javascript/jquery.form.js HTTP/1.1" 304 -
117.184.7.30 - - [29/Nov/2020:11:11:29 +0800] "GET /xingrg/javascript/jquery.utils.js HTTP/1.1" 304 -
117.184.7.30 - - [29/Nov/2020:11:11:29 +0800] "GET /xingrg/javascript/jquery.timers.js HTTP/1.1" 304 -
117.184.7.30 - - [29/Nov/2020:11:11:29 +0800] "GET /xingrg/images/blue/jxLogo.png HTTP/1.1" 304 -
117.184.7.30 - - [29/Nov/2020:11:11:29 +0800] "GET /xingrg/images/blue/navBackgound.jpg HTTP/1.1" 304 -
117.184.7.26 - - [29/Nov/2020:11:11:29 +0800] "GET /xingrg/javascript/jquery_easy_ui/themes/icons/settle_new.png HTTP/1.1" 304 -
117.184.7.26 - - [29/Nov/2020:11:11:29 +0800] "POST /xingrg/all/common/load_tree.html?tree=area_rest_tree_json&manage=1 HTTP/1.1" 200 470
117.184.7.30 - - [29/Nov/2020:11:11:29 +0800] "GET /xingrg/all/function/internal_message.html?_=1606619485022&CODE_STATE=count HTTP/1.1" 200 11
117.184.7.30 - - [29/Nov/2020:11:11:29 +0800] "GET /xingrg/check_reg.html?_=1606619485025 HTTP/1.1" 200 22
117.184.7.30 - - [29/Nov/2020:11:11:29 +0800] "GET /xingrg/javascript/jquery_easy_ui/themes/default/images/panel_tool_collapse.gif HTTP/1.1" 304 -
117.184.7.26 - - [29/Nov/2020:11:11:29 +0800] "GET /xingrg/javascript/jquery_easy_ui/themes/default/images/tabs_rightarrow.png HTTP/1.1" 304 -
117.184.7.26 - - [29/Nov/2020:11:11:29 +0800] "GET /xingrg/javascript/jquery_easy_ui/themes/default/images/tabs_leftarrow.png HTTP/1.1" 304 -
117.184.7.26 - - [29/Nov/2020:11:11:29 +0800] "GET /xingrg/images/blue/pingpu.png HTTP/1.1" 304 -
117.184.7.26 - - [29/Nov/2020:11:11:29 +0800] "POST /xingrg/load_menu.html HTTP/1.1" 200 5138
101.85.228.137 - - [29/Nov/2020:11:11:29 +0800] "GET /xingrg/kc/base/wldb_order_operate.html?command=get_materiel&rest_code=00102&base_code=0010476&code=00101013139 HTTP/1.1" 200 450
117.185.32.26 - - [29/Nov/2020:11:11:29 +0800] "GET /xingrg/kc/buy/cgsh_order_info.html?code=212020112911427 HTTP/1.1" 200 55718
101.85.228.137 - - [29/Nov/2020:11:11:30 +0800] "GET /xingrg/kc/buy/cgsh_order_operate.html?command=get_materiel&rest_code=00102&code=00101006152&supplier_code=00100344&order_time=2020-11-29 HTTP/1.1" 200 410
114.88.175.227 - - [29/Nov/2020:11:11:30 +0800] "GET /xingrg/all/function/internal_message.html?_=1606619602380&CODE_STATE=getMsg HTTP/1.1" 200 27
117.184.7.26 - - [29/Nov/2020:11:11:30 +0800] "GET /xingrg/kc/buy/buy_main.html HTTP/1.1" 200 12412
117.184.7.26 - - [29/Nov/2020:11:11:30 +0800] "GET /xingrg/css/new_ie.css HTTP/1.1" 404 1036
117.185.32.26 - - [29/Nov/2020:11:11:31 +0800] "GET /xingrg/javascript/easyui/themes/default/validatebox.css HTTP/1.1" 404 1104
117.184.7.30 - - [29/Nov/2020:11:11:31 +0800] "GET /xingrg/images/yd/bt.gif HTTP/1.1" 404 1040
117.185.32.26 - - [29/Nov/2020:11:11:31 +0800] "POST /xingrg/kc/buy/cgsh_order_operate.html HTTP/1.1" 200 41377
117.131.5.26 - - [29/Nov/2020:11:11:31 +0800] "GET /xingrg/all/function/internal_message.html?_=1606619523183&CODE_STATE=getMsg HTTP/1.1" 200 27
117.184.7.26 - - [29/Nov/2020:11:11:31 +0800] "GET /xingrg/kc/buy/cgsh_order_list.html HTTP/1.1" 200 45069
116.232.51.253 - - [29/Nov/2020:11:11:31 +0800] "GET /xingrg/check_reg.html?_=1606619560069 HTTP/1.1" 200 22
116.232.51.253 - - [29/Nov/2020:11:11:31 +0800] "GET /xingrg/all/function/internal_message.html?_=1606619560069&CODE_STATE=getMsg HTTP/1.1" 200 27
114.84.145.85 - - [29/Nov/2020:11:11:32 +0800] "GET /xingrg/kc/buy/cgsh_order_operate.html?command=get_materiel&rest_code=00141&code=00101015062&supplier_code=00100055&order_time=2020-11-29 HTTP/1.1" 200 412
117.185.32.26 - - [29/Nov/2020:11:11:32 +0800] "GET /xingrg/kc/print/load_config.html?kc_code=cgsh HTTP/1.1" 200 1845
180.162.108.15 - - [29/Nov/2020:11:11:33 +0800] "GET /xingrg/all/function/internal_message.html?_=1606619409808&CODE_STATE=getMsg HTTP/1.1" 200 27
117.185.32.26 - - [29/Nov/2020:11:11:33 +0800] "GET /xingrg/kc/print/load_data.html?order_code=212020112911427&kc_code=cgsh&condition= HTTP/1.1" 200 16132
117.184.7.26 - - [29/Nov/2020:11:11:33 +0800] "POST /xingrg/kc/buy/cgsh_list_operate.html HTTP/1.1" 200 1679
222.69.136.133 - - [29/Nov/2020:11:11:33 +0800] "POST /xingrg/dwr/call/plaincall/AjaxYddbService.saveMaterielItem.dwr HTTP/1.1" 200 78
116.228.172.94 - - [29/Nov/2020:11:11:34 +0800] "POST /xingrg/kc/buy/cgsh_list_operate.html HTTP/1.1" 200 2269
117.184.7.26 - - [29/Nov/2020:11:11:34 +0800] "POST /xingrg/kc/buy/cgsh_list_operate.html HTTP/1.1" 200 567
117.184.7.26 - - [29/Nov/2020:11:11:34 +0800] "GET /xingrg/kc/buy/cgsh_order_info.html?code=212020112911463 HTTP/1.1" 200 60775
117.184.7.26 - - [29/Nov/2020:11:11:35 +0800] "GET /xingrg/all/common/auto_word.html?type=employee&rest_code=00108 HTTP/1.1" 200 147
117.184.7.26 - - [29/Nov/2020:11:11:35 +0800] "GET /xingrg/all/common/auto_word.html?type=employee&rest_code=00108 HTTP/1.1" 200 147
117.184.7.30 - - [29/Nov/2020:11:11:35 +0800] "GET /xingrg/javascript/easyui/themes/default/validatebox.css HTTP/1.1" 404 1104
117.185.32.26 - - [29/Nov/2020:11:11:35 +0800] "GET /xingrg/all/function/internal_message.html?_=1606619924457&CODE_STATE=getMsg HTTP/1.1" 200 27
101.85.228.137 - - [29/Nov/2020:11:11:36 +0800] "POST /xingrg/kc/buy/cgsh_order_operate.html HTTP/1.1" 200 37
117.184.7.26 - - [29/Nov/2020:11:11:36 +0800] "POST /xingrg/kc/buy/cgsh_order_operate.html HTTP/1.1" 200 27458
117.185.32.26 - - [29/Nov/2020:11:11:36 +0800] "GET /xingrg/check_reg.html?_=1606619925128 HTTP/1.1" 200 22
180.162.223.42 - - [29/Nov/2020:11:11:37 +0800] "GET /xingrg/all/function/internal_message.html?_=1606619493750&CODE_STATE=getMsg HTTP/1.1" 200 27
101.85.228.137 - - [29/Nov/2020:11:11:38 +0800] "POST /xingrg/kc/buy/cgsh_order_operate.html HTTP/1.1" 200 12
172.17.0.120 - - [29/Nov/2020:11:11:38 +0800] "GET /xingrg/all/function/internal_message.html?_=1606619817384&CODE_STATE=getMsg HTTP/1.1" 200 27
101.85.228.137 - - [29/Nov/2020:11:11:38 +0800] "GET /xingrg/kc/buy/cgsh_order_info.html?code=212020112911519 HTTP/1.1" 200 55679
101.85.228.137 - - [29/Nov/2020:11:11:38 +0800] "GET /xingrg/kc/base/wldb_order_operate.html?command=get_materiel&rest_code=00102&base_code=0010476&code=00101019063 HTTP/1.1" 200 447
101.85.228.137 - - [29/Nov/2020:11:11:38 +0800] "GET /xingrg/javascript/easyui/themes/default/validatebox.css HTTP/1.1" 404 1104
116.228.172.94 - - [29/Nov/2020:11:11:39 +0800] "POST /xingrg/kc/buy/cgsh_list_operate.html HTTP/1.1" 200 9052
101.85.228.137 - - [29/Nov/2020:11:11:39 +0800] "POST /xingrg/kc/buy/cgsh_order_operate.html HTTP/1.1" 200 1206
114.84.37.38 - - [29/Nov/2020:11:11:39 +0800] "GET /xingrg/all/function/internal_message.html?_=1606619494622&CODE_STATE=getMsg HTTP/1.1" 302 -
101.85.228.137 - - [29/Nov/2020:11:11:39 +0800] "GET /xingrg/kc/print/load_config.html?kc_code=cgsh HTTP/1.1" 200 1845
101.85.228.137 - - [29/Nov/2020:11:11:39 +0800] "GET /xingrg/kc/print/load_data.html?order_code=212020112911519&kc_code=cgsh&condition= HTTP/1.1" 200 945
114.84.145.85 - - [29/Nov/2020:11:11:40 +0800] "GET /xingrg/kc/buy/cgsh_order_operate.html?command=get_materiel&rest_code=00141&code=00101015039&supplier_code=00100055&order_time=2020-11-29 HTTP/1.1" 200 412
222.69.136.133 - - [29/Nov/2020:11:11:43 +0800] "POST /xingrg/dwr/call/plaincall/AjaxYddbService.checkOrder.dwr HTTP/1.1" 200 78
222.69.136.133 - - [29/Nov/2020:11:11:43 +0800] "GET /xingrg/kc/base/yddb_order_info.html?code=482020112900213 HTTP/1.1" 200 29508
222.69.136.133 - - [29/Nov/2020:11:11:43 +0800] "GET /xingrg/dwr/interface/AjaxComOrderService.js HTTP/1.1" 200 18264
222.69.136.133 - - [29/Nov/2020:11:11:43 +0800] "GET /xingrg/dwr/interface/AjaxYddbService.js HTTP/1.1" 200 13201
222.69.136.133 - - [29/Nov/2020:11:11:43 +0800] "GET /xingrg/dwr/engine.js HTTP/1.1" 200 43631
222.69.136.133 - - [29/Nov/2020:11:11:44 +0800] "POST /xingrg/dwr/call/plaincall/AjaxYddbService.loadMaterielItems.dwr HTTP/1.1" 200 395
180.157.253.48 - - [29/Nov/2020:11:11:44 +0800] "GET /xingrg/kc/buy/cgsh_order_operate.html?command=get_materiel&rest_code=00148&code=00101018008&supplier_code=00100010&order_time=2020-11-29 HTTP/1.1" 200 413
117.184.7.26 - - [29/Nov/2020:11:11:44 +0800] "GET /xingrg/javascript/auto/indicator.gif HTTP/1.1" 404 1066
222.69.136.133 - - [29/Nov/2020:11:11:44 +0800] "GET /xingrg/all/function/internal_message.html?_=1606619500438&CODE_STATE=getMsg HTTP/1.1" 200 27
180.174.56.115 - - [29/Nov/2020:11:11:44 +0800] "GET /xingrg/all/function/internal_message.html?_=1606619501403&CODE_STATE=getMsg HTTP/1.1" 200 27
117.185.32.26 - - [29/Nov/2020:11:11:45 +0800] "GET /xingrg/kc/print/load_data.html?order_code=212020112911427&kc_code=cgsh HTTP/1.1" 200 16132
101.85.228.137 - - [29/Nov/2020:11:11:45 +0800] "GET /xingrg/kc/buy/cgsh_order_add.html HTTP/1.1" 200 60772
101.85.228.137 - - [29/Nov/2020:11:11:46 +0800] "POST /xingrg/kc/buy/cgsh_order_operate.html HTTP/1.1" 200 8245
222.69.136.133 - - [29/Nov/2020:11:11:46 +0800] "GET /xingrg/kc/base/yddb_order_report.html?fileType=servlets/html&code=482020112900213&reportName=ck_order_report&subName=yddb HTTP/1.1" 302 -
222.69.136.133 - - [29/Nov/2020:11:11:46 +0800] "GET /xingrg/servlets/html?sysBaseUrl=http%3A%2F%2F180.169.147.146%3A18081%2Fxingrg%2F&costTime=77×tamp=1606619506367 HTTP/1.1" 200 14767
117.184.7.26 - - [29/Nov/2020:11:11:46 +0800] "GET /xingrg/kc/buy/cgsh_order_operate.html?command=get_materiel&rest_code=00108&code=00101008171&supplier_code=00100008&order_time=2020-11-29 HTTP/1.1" 200 421
222.69.136.133 - - [29/Nov/2020:11:11:46 +0800] "GET /xingrg/servlets/image?image=px HTTP/1.1" 200 807
222.69.136.133 - - [29/Nov/2020:11:11:46 +0800] "GET /favicon.ico HTTP/1.1" 404 -
101.85.228.137 - - [29/Nov/2020:11:11:46 +0800] "GET /xingrg/javascript/easyui/themes/default/validatebox.css HTTP/1.1" 404 1104
116.228.172.94 - - [29/Nov/2020:11:11:48 +0800] "POST /xingrg/kc/buy/cgsh_list_operate.html HTTP/1.1" 200 495
101.85.228.137 - - [29/Nov/2020:11:11:48 +0800] "GET /xingrg/all/function/internal_message.html?_=1606619732119&CODE_STATE=getMsg HTTP/1.1" 200 27
117.184.7.26 - - [29/Nov/2020:11:11:52 +0800] "GET /xingrg/kc/buy/cgsh_order_operate.html?command=get_materiel&rest_code=00108&code=00101008498&supplier_code=00100008&order_time=2020-11-29 HTTP/1.1" 200 410
101.85.228.137 - - [29/Nov/2020:11:11:53 +0800] "GET /xingrg/kc/buy/cgsh_order_operate.html?command=get_materiel&rest_code=00102&code=00101007038&supplier_code=00100323&order_time=2020-11-29 HTTP/1.1" 200 443
114.84.37.38 - - [29/Nov/2020:11:11:54 +0800] "GET /xingrg/check_reg.html?_=1606619511814 HTTP/1.1" 200 22
116.228.172.94 - - [29/Nov/2020:11:11:54 +0800] "POST /xingrg/kc/buy/cgsh_list_operate.html HTTP/1.1" 200 280
114.84.37.38 - - [29/Nov/2020:11:11:54 +0800] "GET /xingrg/all/function/internal_message.html?_=1606619512097&CODE_STATE=getMsg HTTP/1.1" 200 27
114.88.175.227 - - [29/Nov/2020:11:11:54 +0800] "GET /xingrg/all/function/internal_message.html?_=1606619507223&CODE_STATE=getMsg HTTP/1.1" 200 27
116.228.172.94 - - [29/Nov/2020:11:11:56 +0800] "POST /xingrg/kc/buy/cgsh_list_operate.html HTTP/1.1" 200 198
116.228.172.94 - - [29/Nov/2020:11:11:58 +0800] "GET /xingrg/all/function/internal_message.html?_=1606619511085&CODE_STATE=getMsg HTTP/1.1" 200 27
116.228.172.94 - - [29/Nov/2020:11:11:58 +0800] "POST /xingrg/kc/buy/cgsh_list_operate.html HTTP/1.1" 200 209
114.84.145.85 - - [29/Nov/2020:11:12:00 +0800] "GET /xingrg/all/function/internal_message.html?_=1606619096487&CODE_STATE=getMsg HTTP/1.1" 200 27
117.184.7.26 - - [29/Nov/2020:11:12:00 +0800] "GET /xingrg/kc/buy/cgsh_order_operate.html?command=get_materiel&rest_code=00108&code=00101008229&supplier_code=00100008&order_time=2020-11-29 HTTP/1.1" 200 420
101.85.93.83 - - [29/Nov/2020:11:12:00 +0800] "GET /xingrg/all/function/internal_message.html?_=1606619241196&CODE_STATE=getMsg HTTP/1.1" 200 27
101.85.228.137 - - [29/Nov/2020:11:12:00 +0800] "GET /xingrg/kc/buy/cgsh_order_operate.html?command=get_materiel&rest_code=00102&code=00101012041&supplier_code=00100323&order_time=2020-11-29 HTTP/1.1" 200 418
101.85.228.137 - - [29/Nov/2020:11:12:00 +0800] "GET /xingrg/all/function/internal_message.html?_=1606619516885&CODE_STATE=getMsg HTTP/1.1" 200 27
180.157.253.48 - - [29/Nov/2020:11:12:01 +0800] "GET /xingrg/kc/buy/cgsh_order_operate.html?command=get_materiel&rest_code=00148&code=00101006129&supplier_code=00100010&order_time=2020-11-29 HTTP/1.1" 200 431
101.85.228.137 - - [29/Nov/2020:11:12:02 +0800] "POST /xingrg/kc/base/wldb_order_operate.html HTTP/1.1" 200 37
101.85.228.137 - - [29/Nov/2020:11:12:04 +0800] "POST /xingrg/kc/base/wldb_order_operate.html HTTP/1.1" 200 12
101.85.228.137 - - [29/Nov/2020:11:12:04 +0800] "POST /xingrg/kc/base/wldb_order_operate.html HTTP/1.1" 200 7697
101.85.228.137 - - [29/Nov/2020:11:12:05 +0800] "GET /xingrg/kc/base/wldb_order_info.html?code=422020112903273 HTTP/1.1" 200 26460
101.85.228.137 - - [29/Nov/2020:11:12:07 +0800] "GET /xingrg/kc/buy/cgsh_order_operate.html?command=get_materiel&rest_code=00102&code=00101010017&supplier_code=00100323&order_time=2020-11-29 HTTP/1.1" 200 423
172.17.200.101 - - [29/Nov/2020:11:12:07 +0800] "GET /xingrg/all/function/internal_message.html?_=1606619528214&CODE_STATE=getMsg HTTP/1.1" 200 27
180.157.253.48 - - [29/Nov/2020:11:12:08 +0800] "GET /xingrg/javascript/easyui/themes/default/images/button_plain_hover.png HTTP/1.1" 304 -
180.157.253.48 - - [29/Nov/2020:11:12:08 +0800] "GET /xingrg/javascript/easyui/themes/default/images/button_plain_hover.png HTTP/1.1" 304 -
180.157.253.48 - - [29/Nov/2020:11:12:08 +0800] "GET /xingrg/javascript/easyui/themes/default/images/button_plain_hover.png HTTP/1.1" 304 -
180.157.253.48 - - [29/Nov/2020:11:12:08 +0800] "GET /xingrg/javascript/easyui/themes/default/images/button_plain_hover.png HTTP/1.1" 304 -
101.85.228.137 - - [29/Nov/2020:11:12:08 +0800] "POST /xingrg/kc/base/wldb_order_operate.html HTTP/1.1" 200 5867
101.85.228.137 - - [29/Nov/2020:11:12:08 +0800] "GET /xingrg/all/function/internal_message.html?_=1606619528143&CODE_STATE=getMsg HTTP/1.1" 200 27
116.228.172.94 - - [29/Nov/2020:11:12:08 +0800] "POST /xingrg/kc/buy/cgsh_list_operate.html HTTP/1.1" 200 349
101.85.228.137 - - [29/Nov/2020:11:12:09 +0800] "GET /xingrg/javascript/easyui/themes/default/validatebox.css HTTP/1.1" 404 1104
180.157.253.48 - - [29/Nov/2020:11:12:10 +0800] "POST /xingrg/kc/buy/cgsh_order_operate.html HTTP/1.1" 200 37
101.85.228.137 - - [29/Nov/2020:11:12:10 +0800] "GET /xingrg/kc/base/wldb_order_add.html HTTP/1.1" 200 30583
117.184.7.26 - - [29/Nov/2020:11:12:10 +0800] "GET /xingrg/kc/buy/cgsh_order_operate.html?command=get_materiel&rest_code=00108&code=00101008150&supplier_code=00100008&order_time=2020-11-29 HTTP/1.1" 200 408
101.85.228.137 - - [29/Nov/2020:11:12:12 +0800] "POST /xingrg/kc/base/wldb_order_operate.html HTTP/1.1" 200 6806
114.84.145.85 - - [29/Nov/2020:11:12:13 +0800] "POST /xingrg/kc/buy/cgsh_order_operate.html HTTP/1.1" 200 37
180.157.253.48 - - [29/Nov/2020:11:12:13 +0800] "POST /xingrg/kc/buy/cgsh_order_operate.html HTTP/1.1" 200 8043
172.17.0.123 - - [29/Nov/2020:11:12:13 +0800] "GET /xingrg/all/function/internal_message.html?_=1606619462856&CODE_STATE=getMsg HTTP/1.1" 200 27
180.157.253.48 - - [29/Nov/2020:11:12:13 +0800] "GET /xingrg/javascript/easyui/themes/default/images/button_plain_hover.png HTTP/1.1" 304 -
180.157.253.48 - - [29/Nov/2020:11:12:13 +0800] "GET /xingrg/javascript/easyui/themes/default/images/button_plain_hover.png HTTP/1.1" 304 -
180.157.253.48 - - [29/Nov/2020:11:12:13 +0800] "GET /xingrg/javascript/easyui/themes/default/images/button_plain_hover.png HTTP/1.1" 304 -
101.85.228.137 - - [29/Nov/2020:11:12:14 +0800] "GET /xingrg/javascript/easyui/themes/default/validatebox.css HTTP/1.1" 404 1104
180.157.253.48 - - [29/Nov/2020:11:12:14 +0800] "GET /xingrg/css/base.css HTTP/1.1" 304 -
180.157.253.48 - - [29/Nov/2020:11:12:14 +0800] "GET /xingrg/css/site.css HTTP/1.1" 304 -
180.157.253.48 - - [29/Nov/2020:11:12:14 +0800] "GET /xingrg/javascript/jquery_tools/jquery.tools.min.js HTTP/1.1" 304 -
180.157.253.48 - - [29/Nov/2020:11:12:14 +0800] "GET /xingrg/javascript/jquery_tools/jquery.tools.hotkey.js HTTP/1.1" 304 -
180.157.253.48 - - [29/Nov/2020:11:12:14 +0800] "GET /xingrg/javascript/auto/jquery.autocomplete.js HTTP/1.1" 304 -
180.157.253.48 - - [29/Nov/2020:11:12:14 +0800] "GET /xingrg/javascript/easyui/easyloader.js HTTP/1.1" 304 -
180.157.253.48 - - [29/Nov/2020:11:12:14 +0800] "GET /xingrg/javascript/jquery_tools/datebox.css HTTP/1.1" 304 -
180.157.253.48 - - [29/Nov/2020:11:12:14 +0800] "GET /xingrg/kc/buy/cgsh_order_add.html HTTP/1.1" 200 60807
180.157.253.48 - - [29/Nov/2020:11:12:14 +0800] "GET /xingrg/javascript/easyui/themes/default/easyui.css HTTP/1.1" 304 -
180.157.253.48 - - [29/Nov/2020:11:12:14 +0800] "GET /xingrg/javascript/jquery_tools/order_manager.js HTTP/1.1" 304 -
180.157.253.48 - - [29/Nov/2020:11:12:14 +0800] "GET /xingrg/javascript/jquery.utils.js HTTP/1.1" 304 -
180.157.253.48 - - [29/Nov/2020:11:12:14 +0800] "GET /xingrg/javascript/easyui/themes/icon.css HTTP/1.1" 304 -
180.157.253.48 - - [29/Nov/2020:11:12:14 +0800] "GET /xingrg/javascript/jquery_tools/fix.css HTTP/1.1" 304 -
180.157.253.48 - - [29/Nov/2020:11:12:14 +0800] "GET /xingrg/javascript/auto/jquery.autocomplete.css HTTP/1.1" 304 -
180.157.253.48 - - [29/Nov/2020:11:12:14 +0800] "GET /xingrg/javascript/jquery.cookie.js HTTP/1.1" 304 -
180.157.253.48 - - [29/Nov/2020:11:12:14 +0800] "GET /xingrg/javascript/jquery_tools/table.css HTTP/1.1" 304 -
180.157.253.48 - - [29/Nov/2020:11:12:14 +0800] "GET /xingrg/javascript/print/kc_print.js HTTP/1.1" 304 -
180.157.253.48 - - [29/Nov/2020:11:12:14 +0800] "GET /xingrg/javascript/pic_change.js HTTP/1.1" 304 -
180.157.253.48 - - [29/Nov/2020:11:12:14 +0800] "GET /xingrg/javascript/json2.js HTTP/1.1" 304 -
180.157.253.48 - - [29/Nov/2020:11:12:14 +0800] "GET /xingrg/javascript/convert.js HTTP/1.1" 304 -
180.157.253.48 - - [29/Nov/2020:11:12:14 +0800] "GET /xingrg/javascript/print/LodopFuncs.js HTTP/1.1" 304 -
180.157.253.48 - - [29/Nov/2020:11:12:14 +0800] "GET /xingrg/javascript/jquery_tools/jquery.tools.extend.js HTTP/1.1" 304 -
180.157.253.48 - - [29/Nov/2020:11:12:14 +0800] "GET /xingrg/javascript/jquery_tools/jquery.tools.table.js HTTP/1.1" 304 -
180.157.253.48 - - [29/Nov/2020:11:12:14 +0800] "GET /xingrg/words/20201127160732_words.js HTTP/1.1" 304 -
101.85.228.137 - - [29/Nov/2020:11:12:14 +0800] "GET /xingrg/kc/buy/cgsh_order_operate.html?command=get_materiel&rest_code=00102&code=00101006150&supplier_code=00100323&order_time=2020-11-29 HTTP/1.1" 200 413
180.157.253.48 - - [29/Nov/2020:11:12:14 +0800] "GET /xingrg/javascript/easyui/themes/icons/copy_new.png HTTP/1.1" 304 -
180.157.253.48 - - [29/Nov/2020:11:12:14 +0800] "GET /xingrg/javascript/easyui/themes/icons/template_new.png HTTP/1.1" 304 -
180.157.253.48 - - [29/Nov/2020:11:12:14 +0800] "GET /xingrg/javascript/easyui/themes/icons/print.png HTTP/1.1" 304 -
180.157.253.48 - - [29/Nov/2020:11:12:14 +0800] "GET /xingrg/javascript/easyui/themes/icons/ok.png HTTP/1.1" 304 -
180.157.253.48 - - [29/Nov/2020:11:12:14 +0800] "GET /xingrg/javascript/easyui/themes/default/images/menu_downarrow.png HTTP/1.1" 304 -
180.157.253.48 - - [29/Nov/2020:11:12:14 +0800] "GET /xingrg/javascript/easyui/themes/icons/cancel.png HTTP/1.1" 304 -
180.157.253.48 - - [29/Nov/2020:11:12:14 +0800] "GET /xingrg/javascript/easyui/plugins/jquery.parser.js HTTP/1.1" 304 -
180.157.253.48 - - [29/Nov/2020:11:12:14 +0800] "POST /xingrg/kc/buy/cgsh_order_operate.html HTTP/1.1" 200 8245
180.157.253.48 - - [29/Nov/2020:11:12:14 +0800] "GET /xingrg/javascript/easyui/themes/default/images/button_plain_hover.png HTTP/1.1" 304 -
180.157.253.48 - - [29/Nov/2020:11:12:14 +0800] "GET /xingrg/all/common/auto_word.html?type=employee&rest_code=00148 HTTP/1.1" 200 197
180.157.253.48 - - [29/Nov/2020:11:12:14 +0800] "GET /xingrg/all/common/auto_word.html?type=employee&rest_code=00148 HTTP/1.1" 200 197
180.157.253.48 - - [29/Nov/2020:11:12:14 +0800] "GET /xingrg/javascript/easyui/themes/default/images/button_plain_hover.png HTTP/1.1" 304 -
180.157.253.48 - - [29/Nov/2020:11:12:14 +0800] "GET /xingrg/javascript/easyui/themes/default/validatebox.css HTTP/1.1" 404 1104
180.157.253.48 - - [29/Nov/2020:11:12:14 +0800] "GET /xingrg/javascript/easyui/plugins/jquery.validatebox.js HTTP/1.1" 304 -
180.157.253.48 - - [29/Nov/2020:11:12:14 +0800] "GET /xingrg/javascript/easyui/plugins/jquery.numberbox.js HTTP/1.1" 304 -
180.157.253.48 - - [29/Nov/2020:11:12:14 +0800] "GET /xingrg/javascript/easyui/themes/default/images/button_plain_hover.png HTTP/1.1" 304 -
101.85.228.137 - - [29/Nov/2020:11:12:15 +0800] "POST /xingrg/all/common/load_combo.html?type=base HTTP/1.1" 200 3060
114.84.145.85 - - [29/Nov/2020:11:12:15 +0800] "POST /xingrg/kc/buy/cgsh_order_operate.html HTTP/1.1" 200 12
180.157.253.48 - - [29/Nov/2020:11:12:15 +0800] "GET /xingrg/all/function/internal_message.html?_=1606619542462&CODE_STATE=getMsg HTTP/1.1" 200 27
114.84.145.85 - - [29/Nov/2020:11:12:16 +0800] "GET /xingrg/kc/buy/cgsh_order_info.html?code=212020112911521 HTTP/1.1" 200 55716
114.84.145.85 - - [29/Nov/2020:11:12:17 +0800] "GET /xingrg/javascript/easyui/themes/default/validatebox.css HTTP/1.1" 404 1104
114.84.145.85 - - [29/Nov/2020:11:12:17 +0800] "POST /xingrg/kc/buy/cgsh_order_operate.html HTTP/1.1" 200 2387
101.85.228.137 - - [29/Nov/2020:11:12:17 +0800] "POST /xingrg/all/common/load_combo.html?type=base HTTP/1.1" 200 3060
117.184.7.26 - - [29/Nov/2020:11:12:17 +0800] "GET /xingrg/kc/buy/cgsh_order_operate.html?command=get_materiel&rest_code=00108&code=00101008307&supplier_code=00100008&order_time=2020-11-29 HTTP/1.1" 200 420
114.84.145.85 - - [29/Nov/2020:11:12:19 +0800] "GET /xingrg/kc/print/load_config.html?kc_code=cgsh HTTP/1.1" 200 1845
114.84.145.85 - - [29/Nov/2020:11:12:19 +0800] "GET /xingrg/kc/print/load_data.html?order_code=212020112911521&kc_code=cgsh&condition= HTTP/1.1" 200 1430
172.17.0.102 - - [29/Nov/2020:11:12:20 +0800] "GET /xingrg/all/function/internal_message.html?_=1606619537024&CODE_STATE=getMsg HTTP/1.1" 200 27
114.84.145.85 - - [29/Nov/2020:11:12:21 +0800] "GET /xingrg/all/function/internal_message.html?_=1606619555176&CODE_STATE=getMsg HTTP/1.1" 200 27
116.228.172.94 - - [29/Nov/2020:11:12:22 +0800] "POST /xingrg/kc/buy/cgsh_list_operate.html HTTP/1.1" 200 359
101.85.228.137 - - [29/Nov/2020:11:12:24 +0800] "GET /xingrg/kc/base/wldb_order_operate.html?command=get_materiel&rest_code=00102&base_code=0010476&code=00101019015 HTTP/1.1" 200 436
101.85.228.137 - - [29/Nov/2020:11:12:24 +0800] "POST /xingrg/kc/buy/cgsh_order_operate.html HTTP/1.1" 200 37
120.253.135.82 - - [29/Nov/2020:11:12:24 +0800] "GET /xingrg/check_reg.html?_=1606619289523 HTTP/1.1" 200 22
180.157.253.48 - - [29/Nov/2020:11:12:25 +0800] "GET /xingrg/javascript/pic_change.js HTTP/1.1" 304 -
180.157.253.48 - - [29/Nov/2020:11:12:25 +0800] "GET /xingrg/javascript/jquery_tools/jquery.tools.min.js HTTP/1.1" 304 -
180.157.253.48 - - [29/Nov/2020:11:12:25 +0800] "GET /xingrg/javascript/jquery_tools/jquery.tools.extend.js HTTP/1.1" 304 -
180.157.253.48 - - [29/Nov/2020:11:12:25 +0800] "GET /xingrg/javascript/jquery_tools/jquery.tools.hotkey.js HTTP/1.1" 304 -
180.157.253.48 - - [29/Nov/2020:11:12:25 +0800] "GET /xingrg/javascript/jquery_tools/jquery.tools.table.js HTTP/1.1" 304 -
180.157.253.48 - - [29/Nov/2020:11:12:25 +0800] "GET /xingrg/javascript/easyui/easyloader.js HTTP/1.1" 304 -
180.157.253.48 - - [29/Nov/2020:11:12:25 +0800] "GET /xingrg/javascript/auto/jquery.autocomplete.js HTTP/1.1" 304 -
180.157.253.48 - - [29/Nov/2020:11:12:25 +0800] "GET /xingrg/javascript/jquery.utils.js HTTP/1.1" 304 -
180.157.253.48 - - [29/Nov/2020:11:12:25 +0800] "GET /xingrg/javascript/jquery_tools/order_manager.js HTTP/1.1" 304 -
180.157.253.48 - - [29/Nov/2020:11:12:25 +0800] "GET /xingrg/javascript/json2.js HTTP/1.1" 304 -
180.157.253.48 - - [29/Nov/2020:11:12:25 +0800] "GET /xingrg/javascript/jquery.cookie.js HTTP/1.1" 304 -
180.157.253.48 - - [29/Nov/2020:11:12:25 +0800] "GET /xingrg/javascript/print/LodopFuncs.js HTTP/1.1" 304 -
180.157.253.48 - - [29/Nov/2020:11:12:25 +0800] "GET /xingrg/javascript/print/kc_print.js HTTP/1.1" 304 -
180.157.253.48 - - [29/Nov/2020:11:12:25 +0800] "GET /xingrg/javascript/easyui/plugins/jquery.parser.js HTTP/1.1" 304 -
180.157.253.48 - - [29/Nov/2020:11:12:25 +0800] "GET /xingrg/javascript/easyui/plugins/jquery.validatebox.js HTTP/1.1" 304 -
180.157.253.48 - - [29/Nov/2020:11:12:25 +0800] "GET /xingrg/javascript/easyui/plugins/jquery.numberbox.js HTTP/1.1" 304 -
180.157.253.48 - - [29/Nov/2020:11:12:25 +0800] "GET /xingrg/words/20201127160732_words.js HTTP/1.1" 304 -
180.157.253.48 - - [29/Nov/2020:11:12:25 +0800] "GET /xingrg/javascript/convert.js HTTP/1.1" 304 -
180.162.223.42 - - [29/Nov/2020:11:12:25 +0800] "GET /xingrg/kc/buy/cgsh_order_add.html HTTP/1.1" 200 60854
180.162.223.42 - - [29/Nov/2020:11:12:26 +0800] "POST /xingrg/kc/buy/cgsh_order_operate.html HTTP/1.1" 200 8245
180.162.223.42 - - [29/Nov/2020:11:12:26 +0800] "GET /xingrg/javascript/easyui/themes/default/validatebox.css HTTP/1.1" 404 1104
101.85.228.137 - - [29/Nov/2020:11:12:26 +0800] "POST /xingrg/kc/buy/cgsh_order_operate.html HTTP/1.1" 200 12
101.85.228.137 - - [29/Nov/2020:11:12:27 +0800] "GET /xingrg/kc/buy/cgsh_order_info.html?code=212020112911522 HTTP/1.1" 200 55678
222.69.133.109 - - [29/Nov/2020:11:12:27 +0800] "GET /xingrg/check_reg.html?_=1606619543285 HTTP/1.1" 200 22
222.69.133.109 - - [29/Nov/2020:11:12:27 +0800] "GET /xingrg/all/function/internal_message.html?_=1606619543287&CODE_STATE=getMsg HTTP/1.1" 200 27
101.85.228.137 - - [29/Nov/2020:11:12:27 +0800] "GET /xingrg/javascript/easyui/themes/default/validatebox.css HTTP/1.1" 404 1104
101.85.228.137 - - [29/Nov/2020:11:12:27 +0800] "POST /xingrg/kc/buy/cgsh_order_operate.html HTTP/1.1" 200 2998
116.228.172.94 - - [29/Nov/2020:11:12:28 +0800] "POST /xingrg/kc/buy/cgsh_list_operate.html HTTP/1.1" 200 8866
101.85.228.137 - - [29/Nov/2020:11:12:29 +0800] "GET /xingrg/kc/print/load_data.html?order_code=212020112911522&kc_code=cgsh&condition= HTTP/1.1" 200 1626
117.184.7.26 - - [29/Nov/2020:11:12:29 +0800] "GET /xingrg/all/function/internal_message.html?_=1606619545040&CODE_STATE=getMsg HTTP/1.1" 200 27
116.232.51.253 - - [29/Nov/2020:11:12:29 +0800] "GET /xingrg/all/function/internal_message.html?_=1606619620082&CODE_STATE=getMsg HTTP/1.1" 200 27
101.85.228.137 - - [29/Nov/2020:11:12:29 +0800] "GET /xingrg/kc/base/wldb_order_operate.html?command=get_materiel&rest_code=00102&base_code=0010476&code=00101019071 HTTP/1.1" 200 455
114.88.175.227 - - [29/Nov/2020:11:12:30 +0800] "GET /xingrg/all/function/internal_message.html?_=1606619662358&CODE_STATE=getMsg HTTP/1.1" 200 27
117.184.7.26 - - [29/Nov/2020:11:12:30 +0800] "POST /xingrg/kc/buy/cgsh_order_operate.html HTTP/1.1" 200 37
117.131.5.26 - - [29/Nov/2020:11:12:31 +0800] "GET /xingrg/all/function/internal_message.html?_=1606619583197&CODE_STATE=getMsg HTTP/1.1" 200 27
117.184.7.26 - - [29/Nov/2020:11:12:32 +0800] "POST /xingrg/kc/buy/cgsh_order_operate.html HTTP/1.1" 200 29844
180.162.108.15 - - [29/Nov/2020:11:12:32 +0800] "GET /xingrg/all/function/internal_message.html?_=1606619469800&CODE_STATE=getMsg HTTP/1.1" 200 27
101.85.228.137 - - [29/Nov/2020:11:12:33 +0800] "GET /xingrg/kc/buy/cgsh_order_add.html HTTP/1.1" 200 60772
101.85.228.137 - - [29/Nov/2020:11:12:33 +0800] "POST /xingrg/kc/buy/cgsh_order_operate.html HTTP/1.1" 200 8245
101.85.228.137 - - [29/Nov/2020:11:12:33 +0800] "GET /xingrg/javascript/easyui/themes/default/validatebox.css HTTP/1.1" 404 1104
180.162.223.42 - - [29/Nov/2020:11:12:34 +0800] "GET /xingrg/kc/buy/cgsh_order_operate.html?command=get_materiel&rest_code=00105&code=00101002027&supplier_code=00100397&order_time=2020-11-29 HTTP/1.1" 200 413
101.85.228.137 - - [29/Nov/2020:11:12:34 +0800] "GET /xingrg/kc/base/wldb_order_operate.html?command=get_materiel&rest_code=00102&base_code=0010476&code=00101016044 HTTP/1.1" 200 464
180.157.253.48 - - [29/Nov/2020:11:12:35 +0800] "GET /xingrg/kc/buy/cgsh_order_operate.html?command=get_materiel&rest_code=00148&code=00101001010&supplier_code=00100036&order_time=2020-11-29 HTTP/1.1" 200 410
117.185.32.26 - - [29/Nov/2020:11:12:35 +0800] "GET /xingrg/all/function/internal_message.html?_=1606619543198&CODE_STATE=getMsg HTTP/1.1" 200 27
117.185.32.26 - - [29/Nov/2020:11:12:35 +0800] "GET /xingrg/all/function/internal_message.html?_=1606619984428&CODE_STATE=getMsg HTTP/1.1" 200 27
180.162.223.42 - - [29/Nov/2020:11:12:37 +0800] "GET /xingrg/all/function/internal_message.html?_=1606619553764&CODE_STATE=getMsg HTTP/1.1" 200 27
180.162.223.42 - - [29/Nov/2020:11:12:37 +0800] "GET /xingrg/check_reg.html?_=1606619553768 HTTP/1.1" 200 22
116.228.172.94 - - [29/Nov/2020:11:12:37 +0800] "POST /xingrg/kc/buy/cgsh_list_operate.html HTTP/1.1" 200 346
172.17.0.120 - - [29/Nov/2020:11:12:38 +0800] "GET /xingrg/all/function/internal_message.html?_=1606619877372&CODE_STATE=getMsg HTTP/1.1" 200 27
117.131.5.26 - - [29/Nov/2020:11:12:38 +0800] "POST /xingrg/services/DataTransmitService HTTP/1.1" 200 524
116.228.172.94 - - [29/Nov/2020:11:12:39 +0800] "POST /xingrg/kc/buy/cgsh_list_operate.html HTTP/1.1" 200 359
114.84.37.38 - - [29/Nov/2020:11:12:39 +0800] "GET /xingrg/all/function/internal_message.html?_=1606619554647&CODE_STATE=getMsg HTTP/1.1" 302 -
101.85.228.137 - - [29/Nov/2020:11:12:41 +0800] "GET /xingrg/kc/buy/cgsh_order_operate.html?command=get_materiel&rest_code=00102&code=00101006038&supplier_code=00100342&order_time=2020-11-29 HTTP/1.1" 200 423
101.85.228.137 - - [29/Nov/2020:11:12:41 +0800] "GET /xingrg/kc/base/wldb_order_operate.html?command=get_materiel&rest_code=00102&base_code=0010476&code=00101013257 HTTP/1.1" 200 429
117.131.5.26 - - [29/Nov/2020:11:12:42 +0800] "POST /xingrg/services/DataTransmitService HTTP/1.1" 200 501
