114.84.37.38 - - [29/Nov/2020:09:26:13 +0800] "POST /xingrg/kc/buy/cgsh_order_operate.html HTTP/1.1" 200 8245
114.84.37.38 - - [29/Nov/2020:09:26:13 +0800] "GET /xingrg/javascript/easyui/themes/default/validatebox.css HTTP/1.1" 404 1104
114.88.175.227 - - [29/Nov/2020:09:26:15 +0800] "GET /xingrg/kc/buy/cgsh_order_operate.html?command=get_materiel&rest_code=00111&code=00101008067&supplier_code=00100005&order_time=2020-11-29 HTTP/1.1" 200 416
172.17.0.102 - - [29/Nov/2020:09:26:19 +0800] "GET /xingrg/all/function/internal_message.html?_=1606613176523&CODE_STATE=getMsg HTTP/1.1" 200 27
117.131.5.26 - - [29/Nov/2020:09:26:19 +0800] "POST /xingrg/services/DataTransmitService HTTP/1.1" 200 524
114.88.175.227 - - [29/Nov/2020:09:26:20 +0800] "GET /xingrg/kc/buy/cgsh_order_operate.html?command=get_materiel&rest_code=00111&code=00101008264&supplier_code=00100005&order_time=2020-11-29 HTTP/1.1" 200 412
114.84.145.85 - - [29/Nov/2020:09:26:22 +0800] "GET /xingrg/all/function/internal_message.html?_=1606613195520&CODE_STATE=getMsg HTTP/1.1" 200 27
116.228.172.94 - - [29/Nov/2020:09:26:22 +0800] "POST /xingrg/kc/buy/cgsh_order_operate.html HTTP/1.1" 200 37
116.228.172.94 - - [29/Nov/2020:09:26:23 +0800] "POST /xingrg/kc/buy/cgsh_order_operate.html HTTP/1.1" 200 5608
114.88.175.227 - - [29/Nov/2020:09:26:26 +0800] "GET /xingrg/kc/buy/cgsh_order_operate.html?command=get_materiel&rest_code=00111&code=00101008356&supplier_code=00100005&order_time=2020-11-29 HTTP/1.1" 200 408
101.85.228.137 - - [29/Nov/2020:09:26:27 +0800] "GET /xingrg/kc/base/wldb_order_operate.html?command=get_materiel&rest_code=00102&base_code=0010476&code=00101016050 HTTP/1.1" 200 465
114.88.175.227 - - [29/Nov/2020:09:26:27 +0800] "GET /xingrg/check_reg.html?_=1606613180573 HTTP/1.1" 200 22
114.84.37.38 - - [29/Nov/2020:09:26:30 +0800] "GET /xingrg/kc/buy/cgsh_order_operate.html?command=get_materiel&rest_code=00146&code=00101006130&supplier_code=00100012&order_time=2020-11-29 HTTP/1.1" 200 449
172.17.200.101 - - [29/Nov/2020:09:26:32 +0800] "GET /xingrg/all/function/internal_message.html?_=1606613192584&CODE_STATE=getMsg HTTP/1.1" 200 27
101.85.228.137 - - [29/Nov/2020:09:26:32 +0800] "GET /xingrg/kc/base/wldb_order_operate.html?command=get_materiel&rest_code=00102&base_code=0010476&code=00101016035 HTTP/1.1" 200 469
116.232.51.253 - - [29/Nov/2020:09:26:37 +0800] "GET /xingrg/check_reg.html?_=1606613225181 HTTP/1.1" 200 22
116.232.51.253 - - [29/Nov/2020:09:26:37 +0800] "GET /xingrg/all/function/internal_message.html?_=1606613225181&CODE_STATE=getMsg HTTP/1.1" 200 27
101.85.228.137 - - [29/Nov/2020:09:26:37 +0800] "GET /xingrg/kc/base/wldb_order_operate.html?command=get_materiel&rest_code=00102&base_code=0010476&code=00101016019 HTTP/1.1" 200 451
114.88.175.227 - - [29/Nov/2020:09:26:38 +0800] "GET /xingrg/kc/buy/cgsh_order_operate.html?command=get_materiel&rest_code=00111&code=00101008360&supplier_code=00100005&order_time=2020-11-29 HTTP/1.1" 200 413
114.84.37.38 - - [29/Nov/2020:09:26:38 +0800] "GET /xingrg/all/function/internal_message.html?_=1606613193190&CODE_STATE=getMsg HTTP/1.1" 302 -
101.85.228.137 - - [29/Nov/2020:09:26:43 +0800] "GET /xingrg/kc/base/wldb_order_operate.html?command=get_materiel&rest_code=00102&base_code=0010476&code=00101019142 HTTP/1.1" 200 449
114.84.37.38 - - [29/Nov/2020:09:26:44 +0800] "GET /xingrg/all/function/internal_message.html?_=1606613201482&CODE_STATE=getMsg HTTP/1.1" 200 27
116.228.172.94 - - [29/Nov/2020:09:26:44 +0800] "POST /xingrg/kc/buy/cgsh_order_operate.html HTTP/1.1" 200 37
101.85.228.137 - - [29/Nov/2020:09:26:45 +0800] "POST /xingrg/kc/base/wldb_order_operate.html HTTP/1.1" 200 1710
222.69.136.133 - - [29/Nov/2020:09:26:46 +0800] "GET /xingrg/all/function/internal_message.html?_=1606613202107&CODE_STATE=getMsg HTTP/1.1" 200 27
116.228.172.94 - - [29/Nov/2020:09:26:46 +0800] "POST /xingrg/kc/buy/cgsh_order_operate.html HTTP/1.1" 200 5608
120.253.135.82 - - [29/Nov/2020:09:26:46 +0800] "GET /xingrg/check_reg.html?_=1606612951171 HTTP/1.1" 200 22
116.228.172.94 - - [29/Nov/2020:09:26:47 +0800] "GET /xingrg/kc/print/load_data.html?order_code=212020112911375&kc_code=cgsh&condition= HTTP/1.1" 200 1837
114.88.175.227 - - [29/Nov/2020:09:26:47 +0800] "GET /xingrg/kc/buy/cgsh_order_operate.html?command=get_materiel&rest_code=00111&code=00101008270&supplier_code=00100005&order_time=2020-11-29 HTTP/1.1" 200 412
101.85.228.137 - - [29/Nov/2020:09:26:48 +0800] "GET /xingrg/all/function/internal_message.html?_=1606613431174&CODE_STATE=getMsg HTTP/1.1" 200 27
120.253.135.82 - - [29/Nov/2020:09:26:49 +0800] "GET /xingrg/all/function/internal_message.html?_=1606612953762&CODE_STATE=getMsg HTTP/1.1" 200 27
114.88.175.227 - - [29/Nov/2020:09:26:49 +0800] "GET /xingrg/all/function/internal_message.html?_=1606613202162&CODE_STATE=getMsg HTTP/1.1" 200 27
114.88.175.227 - - [29/Nov/2020:09:26:52 +0800] "GET /xingrg/kc/buy/cgsh_order_operate.html?command=get_materiel&rest_code=00111&code=00101008069&supplier_code=00100005&order_time=2020-11-29 HTTP/1.1" 200 412
101.85.228.137 - - [29/Nov/2020:09:26:52 +0800] "GET /xingrg/kc/base/wldb_order_operate.html?command=get_materiel&rest_code=00102&base_code=0010476&code=00101019015 HTTP/1.1" 200 436
172.17.200.101 - - [29/Nov/2020:09:26:54 +0800] "POST /xingrg/dwr/call/plaincall/AjaxReportQueryService.refreshCache.dwr HTTP/1.1" 200 78
172.17.200.101 - - [29/Nov/2020:09:26:55 +0800] "POST /xingrg/all/report/load_report_page.html HTTP/1.1" 200 48312
172.17.200.101 - - [29/Nov/2020:09:26:55 +0800] "GET /xingrg/servlets/image?cache=0.32307479571996245&image=px HTTP/1.1" 200 807
114.88.175.227 - - [29/Nov/2020:09:26:56 +0800] "GET /xingrg/kc/buy/cgsh_order_operate.html?command=get_materiel&rest_code=00111&code=00101008006&supplier_code=00100005&order_time=2020-11-29 HTTP/1.1" 200 416
101.85.228.137 - - [29/Nov/2020:09:27:01 +0800] "GET /xingrg/kc/base/wldb_order_add.html HTTP/1.1" 200 30583
114.88.175.227 - - [29/Nov/2020:09:27:01 +0800] "GET /xingrg/kc/buy/cgsh_order_operate.html?command=get_materiel&rest_code=00111&code=00101008036&supplier_code=00100005&order_time=2020-11-29 HTTP/1.1" 200 408
101.85.228.137 - - [29/Nov/2020:09:27:02 +0800] "POST /xingrg/kc/base/wldb_order_operate.html HTTP/1.1" 200 6806
101.85.228.137 - - [29/Nov/2020:09:27:03 +0800] "GET /xingrg/javascript/easyui/themes/default/validatebox.css HTTP/1.1" 404 1104
101.85.228.137 - - [29/Nov/2020:09:27:04 +0800] "POST /xingrg/all/common/load_combo.html?type=base HTTP/1.1" 200 3060
114.88.175.227 - - [29/Nov/2020:09:27:05 +0800] "GET /xingrg/kc/buy/cgsh_order_operate.html?command=get_materiel&rest_code=00111&code=00101008131&supplier_code=00100005&order_time=2020-11-29 HTTP/1.1" 200 408
114.88.175.227 - - [29/Nov/2020:09:27:06 +0800] "POST /xingrg/kc/buy/cgsh_order_operate.html HTTP/1.1" 200 2065
172.17.0.120 - - [29/Nov/2020:09:27:08 +0800] "GET /xingrg/all/function/internal_message.html?_=1606613547766&CODE_STATE=getMsg HTTP/1.1" 200 27
101.85.228.137 - - [29/Nov/2020:09:27:09 +0800] "GET /xingrg/kc/base/wldb_order_operate.html?command=get_materiel&rest_code=00102&base_code=0010476&code=00101019063 HTTP/1.1" 200 447
116.228.172.94 - - [29/Nov/2020:09:27:09 +0800] "GET /xingrg/all/function/internal_message.html?_=1606613222057&CODE_STATE=getMsg HTTP/1.1" 200 27
114.88.175.227 - - [29/Nov/2020:09:27:09 +0800] "GET /xingrg/kc/buy/cgsh_order_operate.html?command=get_materiel&rest_code=00111&code=00101008352&supplier_code=00100005&order_time=2020-11-29 HTTP/1.1" 200 412
172.17.200.101 - - [29/Nov/2020:09:27:11 +0800] "POST /xingrg/dwr/call/plaincall/AjaxReportQueryService.refreshCache.dwr HTTP/1.1" 200 78
114.88.175.227 - - [29/Nov/2020:09:27:12 +0800] "GET /xingrg/all/function/internal_message.html?_=1606613344746&CODE_STATE=getMsg HTTP/1.1" 200 27
180.174.56.115 - - [29/Nov/2020:09:27:13 +0800] "GET /xingrg/check_reg.html?_=1606613230303 HTTP/1.1" 200 22
172.17.200.101 - - [29/Nov/2020:09:27:15 +0800] "POST /xingrg/all/report/load_report_page.html HTTP/1.1" 200 251662
114.88.175.227 - - [29/Nov/2020:09:27:15 +0800] "GET /xingrg/kc/buy/cgsh_order_operate.html?command=get_materiel&rest_code=00111&code=00101008371&supplier_code=00100005&order_time=2020-11-29 HTTP/1.1" 200 412
172.17.200.101 - - [29/Nov/2020:09:27:15 +0800] "GET /xingrg/servlets/image?cache=0.8136464940748458&image=px HTTP/1.1" 200 807
101.85.228.137 - - [29/Nov/2020:09:27:18 +0800] "GET /xingrg/kc/base/wldb_order_operate.html?command=get_materiel&rest_code=00102&base_code=0010476&code=00101022006 HTTP/1.1" 200 454
172.17.200.101 - - [29/Nov/2020:09:27:19 +0800] "POST /xingrg/all/report/report_print.html HTTP/1.1" 200 28709
172.17.0.102 - - [29/Nov/2020:09:27:19 +0800] "GET /xingrg/all/function/internal_message.html?_=1606613236524&CODE_STATE=getMsg HTTP/1.1" 200 27
114.84.145.85 - - [29/Nov/2020:09:27:22 +0800] "GET /xingrg/all/function/internal_message.html?_=1606613255496&CODE_STATE=getMsg HTTP/1.1" 200 27
101.85.228.137 - - [29/Nov/2020:09:27:23 +0800] "GET /xingrg/kc/base/wldb_order_operate.html?command=get_materiel&rest_code=00102&base_code=0010476&code=00101019313 HTTP/1.1" 200 442
114.88.175.227 - - [29/Nov/2020:09:27:26 +0800] "GET /xingrg/kc/buy/cgsh_order_operate.html?command=get_materiel&rest_code=00111&code=00101008005&supplier_code=00100005&order_time=2020-11-29 HTTP/1.1" 200 412
101.85.228.137 - - [29/Nov/2020:09:27:27 +0800] "GET /xingrg/kc/base/wldb_order_operate.html?command=get_materiel&rest_code=00102&base_code=0010476&code=00101013117 HTTP/1.1" 200 431
172.17.200.101 - - [29/Nov/2020:09:27:32 +0800] "GET /xingrg/all/function/internal_message.html?_=1606613252594&CODE_STATE=getMsg HTTP/1.1" 200 27
101.85.228.137 - - [29/Nov/2020:09:27:34 +0800] "GET /xingrg/kc/base/wldb_order_operate.html?command=get_materiel&rest_code=00102&base_code=0010476&code=00101013044 HTTP/1.1" 200 448
116.232.51.253 - - [29/Nov/2020:09:27:34 +0800] "GET /xingrg/all/function/internal_message.html?_=1606613285171&CODE_STATE=getMsg HTTP/1.1" 200 27
114.84.37.38 - - [29/Nov/2020:09:27:38 +0800] "GET /xingrg/all/function/internal_message.html?_=1606613253194&CODE_STATE=getMsg HTTP/1.1" 302 -
101.85.228.137 - - [29/Nov/2020:09:27:41 +0800] "GET /xingrg/kc/base/wldb_order_operate.html?command=get_materiel&rest_code=00102&base_code=0010476&code=00101012056 HTTP/1.1" 200 435
114.88.175.227 - - [29/Nov/2020:09:27:42 +0800] "GET /xingrg/kc/buy/cgsh_order_operate.html?command=get_materiel&rest_code=00111&code=00101008271&supplier_code=00100005&order_time=2020-11-29 HTTP/1.1" 200 408
116.228.172.94 - - [29/Nov/2020:09:27:43 +0800] "GET /xingrg/kc/buy/cgsh_order_add.html HTTP/1.1" 200 60895
114.84.37.38 - - [29/Nov/2020:09:27:44 +0800] "GET /xingrg/all/function/internal_message.html?_=1606613261676&CODE_STATE=getMsg HTTP/1.1" 200 27
116.228.172.94 - - [29/Nov/2020:09:27:44 +0800] "GET /xingrg/javascript/easyui/themes/default/validatebox.css HTTP/1.1" 404 1104
116.228.172.94 - - [29/Nov/2020:09:27:44 +0800] "POST /xingrg/kc/buy/cgsh_order_operate.html HTTP/1.1" 200 8245
101.85.228.137 - - [29/Nov/2020:09:27:45 +0800] "GET /xingrg/kc/base/wldb_order_operate.html?command=get_materiel&rest_code=00102&base_code=0010476&code=00101013193 HTTP/1.1" 200 446
116.228.172.94 - - [29/Nov/2020:09:27:45 +0800] "GET /xingrg/javascript/easyui/themes/default/tree.css HTTP/1.1" 404 1090
116.228.172.94 - - [29/Nov/2020:09:27:45 +0800] "POST /xingrg/all/common/load_tree.html?tree=supplier_tree_json&isDelete=1 HTTP/1.1" 200 52105
222.69.136.133 - - [29/Nov/2020:09:27:46 +0800] "GET /xingrg/all/function/internal_message.html?_=1606613262093&CODE_STATE=getMsg HTTP/1.1" 200 27
101.85.228.137 - - [29/Nov/2020:09:27:48 +0800] "GET /xingrg/all/function/internal_message.html?_=1606613491189&CODE_STATE=getMsg HTTP/1.1" 200 27
114.88.175.227 - - [29/Nov/2020:09:27:48 +0800] "GET /xingrg/kc/buy/cgsh_order_operate.html?command=get_materiel&rest_code=00111&code=00101008353&supplier_code=00100005&order_time=2020-11-29 HTTP/1.1" 200 408
120.253.135.82 - - [29/Nov/2020:09:27:49 +0800] "GET /xingrg/all/function/internal_message.html?_=1606613013776&CODE_STATE=getMsg HTTP/1.1" 200 27
114.88.175.227 - - [29/Nov/2020:09:27:49 +0800] "GET /xingrg/all/function/internal_message.html?_=1606613262177&CODE_STATE=getMsg HTTP/1.1" 200 27
101.85.228.137 - - [29/Nov/2020:09:27:50 +0800] "GET /xingrg/kc/base/wldb_order_operate.html?command=get_materiel&rest_code=00102&base_code=0010476&code=00101013221 HTTP/1.1" 200 432
114.88.175.227 - - [29/Nov/2020:09:27:50 +0800] "POST /xingrg/kc/buy/cgsh_order_operate.html HTTP/1.1" 200 2065
114.88.175.227 - - [29/Nov/2020:09:27:54 +0800] "GET /xingrg/kc/buy/cgsh_order_operate.html?command=get_materiel&rest_code=00111&code=00101008328&supplier_code=00100005&order_time=2020-11-29 HTTP/1.1" 200 408
101.85.228.137 - - [29/Nov/2020:09:27:58 +0800] "GET /xingrg/kc/base/wldb_order_operate.html?command=get_materiel&rest_code=00102&base_code=0010476&code=00101013166 HTTP/1.1" 200 452
114.88.175.227 - - [29/Nov/2020:09:28:01 +0800] "GET /xingrg/kc/buy/cgsh_order_operate.html?command=get_materiel&rest_code=00111&code=00101008089&supplier_code=00100005&order_time=2020-11-29 HTTP/1.1" 200 408
101.85.228.137 - - [29/Nov/2020:09:28:03 +0800] "GET /xingrg/kc/base/wldb_order_operate.html?command=get_materiel&rest_code=00102&base_code=0010476&code=00101013011 HTTP/1.1" 200 451
116.228.172.94 - - [29/Nov/2020:09:28:06 +0800] "GET /xingrg/kc/buy/cgsh_order_operate.html?command=get_materiel&rest_code=00107&code=00101012030&supplier_code=00100033&order_time=2020-11-29 HTTP/1.1" 200 416
172.17.0.120 - - [29/Nov/2020:09:28:08 +0800] "GET /xingrg/check_reg.html?_=1606613607770 HTTP/1.1" 200 22
172.17.0.120 - - [29/Nov/2020:09:28:08 +0800] "GET /xingrg/all/function/internal_message.html?_=1606613607772&CODE_STATE=getMsg HTTP/1.1" 200 27
116.228.172.94 - - [29/Nov/2020:09:28:09 +0800] "GET /xingrg/all/function/internal_message.html?_=1606613282045&CODE_STATE=getMsg HTTP/1.1" 200 27
101.85.228.137 - - [29/Nov/2020:09:28:09 +0800] "GET /xingrg/kc/base/wldb_order_operate.html?command=get_materiel&rest_code=00102&base_code=0010476&code=00101016059 HTTP/1.1" 200 430
114.88.175.227 - - [29/Nov/2020:09:28:12 +0800] "GET /xingrg/all/function/internal_message.html?_=1606613404704&CODE_STATE=getMsg HTTP/1.1" 200 27
116.228.172.94 - - [29/Nov/2020:09:28:18 +0800] "GET /xingrg/kc/buy/cgsh_order_operate.html?command=get_materiel&rest_code=00107&code=00101010248&supplier_code=00100033&order_time=2020-11-29 HTTP/1.1" 200 430
114.84.145.85 - - [29/Nov/2020:09:28:18 +0800] "GET /xingrg/check_reg.html?_=1606613311674 HTTP/1.1" 200 22
172.17.0.102 - - [29/Nov/2020:09:28:19 +0800] "GET /xingrg/all/function/internal_message.html?_=1606613296523&CODE_STATE=getMsg HTTP/1.1" 200 27
114.84.145.85 - - [29/Nov/2020:09:28:22 +0800] "GET /xingrg/all/function/internal_message.html?_=1606613315466&CODE_STATE=getMsg HTTP/1.1" 200 27
114.88.175.227 - - [29/Nov/2020:09:28:25 +0800] "GET /xingrg/kc/buy/cgsh_order_operate.html?command=get_materiel&rest_code=00111&code=00101008283&supplier_code=00100005&order_time=2020-11-29 HTTP/1.1" 200 408
116.228.172.94 - - [29/Nov/2020:09:28:27 +0800] "GET /xingrg/kc/buy/cgsh_order_operate.html?command=get_materiel&rest_code=00107&code=00101016017&supplier_code=00100033&order_time=2020-11-29 HTTP/1.1" 200 408
172.17.200.101 - - [29/Nov/2020:09:28:32 +0800] "GET /xingrg/all/function/internal_message.html?_=1606613312595&CODE_STATE=getMsg HTTP/1.1" 200 27
116.232.51.253 - - [29/Nov/2020:09:28:32 +0800] "GET /xingrg/all/function/internal_message.html?_=1606613345181&CODE_STATE=getMsg HTTP/1.1" 200 27
114.88.175.227 - - [29/Nov/2020:09:28:33 +0800] "GET /xingrg/kc/buy/cgsh_order_operate.html?command=get_materiel&rest_code=00111&code=00101008323&supplier_code=00100005&order_time=2020-11-29 HTTP/1.1" 200 408
114.88.175.227 - - [29/Nov/2020:09:28:36 +0800] "POST /xingrg/kc/buy/cgsh_order_operate.html HTTP/1.1" 200 2065
114.84.37.38 - - [29/Nov/2020:09:28:38 +0800] "GET /xingrg/all/function/internal_message.html?_=1606613313218&CODE_STATE=getMsg HTTP/1.1" 302 -
114.88.175.227 - - [29/Nov/2020:09:28:38 +0800] "GET /xingrg/kc/buy/cgsh_order_operate.html?command=get_materiel&rest_code=00111&code=00101008175&supplier_code=00100005&order_time=2020-11-29 HTTP/1.1" 200 412
114.88.175.227 - - [29/Nov/2020:09:28:43 +0800] "GET /xingrg/kc/buy/cgsh_order_operate.html?command=get_materiel&rest_code=00111&code=00101008027&supplier_code=00100005&order_time=2020-11-29 HTTP/1.1" 200 408
114.84.37.38 - - [29/Nov/2020:09:28:44 +0800] "GET /xingrg/all/function/internal_message.html?_=1606613321683&CODE_STATE=getMsg HTTP/1.1" 200 27
116.228.172.94 - - [29/Nov/2020:09:28:45 +0800] "GET /xingrg/kc/buy/cgsh_order_operate.html?command=get_materiel&rest_code=00107&code=00101012025&supplier_code=00100033&order_time=2020-11-29 HTTP/1.1" 200 412
222.69.136.133 - - [29/Nov/2020:09:28:46 +0800] "GET /xingrg/all/function/internal_message.html?_=1606613322071&CODE_STATE=getMsg HTTP/1.1" 200 27
101.85.228.137 - - [29/Nov/2020:09:28:48 +0800] "GET /xingrg/all/function/internal_message.html?_=1606613551202&CODE_STATE=getMsg HTTP/1.1" 200 27
120.253.135.82 - - [29/Nov/2020:09:28:49 +0800] "GET /xingrg/all/function/internal_message.html?_=1606613073788&CODE_STATE=getMsg HTTP/1.1" 200 27
114.88.175.227 - - [29/Nov/2020:09:28:49 +0800] "GET /xingrg/all/function/internal_message.html?_=1606613322261&CODE_STATE=getMsg HTTP/1.1" 200 27
114.88.175.227 - - [29/Nov/2020:09:28:50 +0800] "GET /xingrg/kc/buy/cgsh_order_operate.html?command=get_materiel&rest_code=00111&code=00101008257&supplier_code=00100005&order_time=2020-11-29 HTTP/1.1" 200 416
116.232.52.76 - - [29/Nov/2020:09:28:52 +0800] "POST /xingrg/services/DataTransmitService HTTP/1.1" 200 524
116.228.172.94 - - [29/Nov/2020:09:28:54 +0800] "GET /xingrg/kc/buy/cgsh_order_operate.html?command=get_materiel&rest_code=00107&code=00101012051&supplier_code=00100033&order_time=2020-11-29 HTTP/1.1" 200 408
114.88.175.227 - - [29/Nov/2020:09:29:02 +0800] "GET /xingrg/kc/buy/cgsh_order_operate.html?command=get_materiel&rest_code=00111&code=00101008290&supplier_code=00100005&order_time=2020-11-29 HTTP/1.1" 200 416
114.88.175.227 - - [29/Nov/2020:09:29:03 +0800] "POST /xingrg/kc/buy/cgsh_order_operate.html HTTP/1.1" 200 2065
116.232.51.253 - - [29/Nov/2020:09:29:05 +0800] "GET /xingrg/kc/buy/cgsh_order_operate.html?command=get_materiel&rest_code=00109&code=00101009016&supplier_code=00100022&order_time=2020-11-29 HTTP/1.1" 200 412
114.88.175.227 - - [29/Nov/2020:09:29:07 +0800] "GET /xingrg/kc/buy/cgsh_order_operate.html?command=get_materiel&rest_code=00111&code=00101008003&supplier_code=00100005&order_time=2020-11-29 HTTP/1.1" 200 408
172.17.0.120 - - [29/Nov/2020:09:29:08 +0800] "GET /xingrg/all/function/internal_message.html?_=1606613667774&CODE_STATE=getMsg HTTP/1.1" 200 27
116.228.172.94 - - [29/Nov/2020:09:29:09 +0800] "GET /xingrg/all/function/internal_message.html?_=1606613342152&CODE_STATE=getMsg HTTP/1.1" 200 27
116.232.51.253 - - [29/Nov/2020:09:29:11 +0800] "GET /xingrg/kc/buy/cgsh_order_operate.html?command=get_materiel&rest_code=00109&code=00101009013&supplier_code=00100022&order_time=2020-11-29 HTTP/1.1" 200 420
114.88.175.227 - - [29/Nov/2020:09:29:12 +0800] "GET /xingrg/kc/buy/cgsh_order_operate.html?command=get_materiel&rest_code=00111&code=00101008126&supplier_code=00100005&order_time=2020-11-29 HTTP/1.1" 200 412
114.88.175.227 - - [29/Nov/2020:09:29:12 +0800] "GET /xingrg/check_reg.html?_=1606613464669 HTTP/1.1" 200 22
114.88.175.227 - - [29/Nov/2020:09:29:12 +0800] "GET /xingrg/all/function/internal_message.html?_=1606613464685&CODE_STATE=getMsg HTTP/1.1" 200 27
114.84.37.38 - - [29/Nov/2020:09:29:13 +0800] "GET /xingrg/kc/buy/cgsh_order_operate.html?command=get_materiel&rest_code=00146&code=00101006129&supplier_code=00100012&order_time=2020-11-29 HTTP/1.1" 200 433
172.17.0.102 - - [29/Nov/2020:09:29:19 +0800] "GET /xingrg/check_reg.html?_=1606613356525 HTTP/1.1" 200 22
172.17.0.102 - - [29/Nov/2020:09:29:19 +0800] "GET /xingrg/all/function/internal_message.html?_=1606613356527&CODE_STATE=getMsg HTTP/1.1" 200 27
114.84.145.85 - - [29/Nov/2020:09:29:22 +0800] "GET /xingrg/all/function/internal_message.html?_=1606613375441&CODE_STATE=getMsg HTTP/1.1" 200 27
116.232.51.253 - - [29/Nov/2020:09:29:26 +0800] "POST /xingrg/kc/buy/cgsh_order_operate.html HTTP/1.1" 200 37
114.88.175.227 - - [29/Nov/2020:09:29:26 +0800] "GET /xingrg/kc/buy/cgsh_order_operate.html?command=get_materiel&rest_code=00111&code=00101008251&supplier_code=00100005&order_time=2020-11-29 HTTP/1.1" 200 408
116.232.51.253 - - [29/Nov/2020:09:29:27 +0800] "POST /xingrg/kc/buy/cgsh_order_operate.html HTTP/1.1" 200 5617
116.232.51.253 - - [29/Nov/2020:09:29:28 +0800] "GET /xingrg/kc/print/report_design.html?orderType=cgsh HTTP/1.1" 200 8625
116.232.51.253 - - [29/Nov/2020:09:29:29 +0800] "GET /xingrg/kc/print/design_operate.html?_=1606613403929&command=load_config&code=cgsh HTTP/1.1" 200 2747
116.232.51.253 - - [29/Nov/2020:09:29:30 +0800] "GET /xingrg/kc/print/load_config.html?kc_code=cgsh HTTP/1.1" 200 1845
116.232.51.253 - - [29/Nov/2020:09:29:30 +0800] "GET /xingrg/kc/print/load_data.html?order_code=212020112911376&kc_code=cgsh&condition= HTTP/1.1" 200 1824
172.17.200.101 - - [29/Nov/2020:09:29:32 +0800] "GET /xingrg/check_reg.html?_=1606613372602 HTTP/1.1" 200 22
172.17.200.101 - - [29/Nov/2020:09:29:32 +0800] "GET /xingrg/all/function/internal_message.html?_=1606613372606&CODE_STATE=getMsg HTTP/1.1" 200 27
116.232.51.253 - - [29/Nov/2020:09:29:33 +0800] "GET /xingrg/all/function/internal_message.html?_=1606613408577&CODE_STATE=getMsg HTTP/1.1" 200 27
116.232.51.253 - - [29/Nov/2020:09:29:34 +0800] "GET /xingrg/kc/buy/cgsh_order_add.html HTTP/1.1" 200 60848
116.232.51.253 - - [29/Nov/2020:09:29:34 +0800] "POST /xingrg/kc/buy/cgsh_order_operate.html HTTP/1.1" 200 8245
116.232.51.253 - - [29/Nov/2020:09:29:34 +0800] "GET /xingrg/all/common/auto_word.html?type=employee&rest_code=00109 HTTP/1.1" 200 255
116.232.51.253 - - [29/Nov/2020:09:29:34 +0800] "GET /xingrg/javascript/easyui/themes/default/validatebox.css HTTP/1.1" 404 1104
116.232.51.253 - - [29/Nov/2020:09:29:34 +0800] "GET /xingrg/all/common/auto_word.html?type=employee&rest_code=00109 HTTP/1.1" 200 255
114.88.175.227 - - [29/Nov/2020:09:29:35 +0800] "GET /xingrg/kc/buy/cgsh_order_operate.html?command=get_materiel&rest_code=00111&code=00101008357&supplier_code=00100005&order_time=2020-11-29 HTTP/1.1" 200 408
114.88.175.227 - - [29/Nov/2020:09:29:36 +0800] "POST /xingrg/kc/buy/cgsh_order_operate.html HTTP/1.1" 200 2065
114.84.37.38 - - [29/Nov/2020:09:29:38 +0800] "GET /xingrg/all/function/internal_message.html?_=1606613373220&CODE_STATE=getMsg HTTP/1.1" 302 -
116.232.51.253 - - [29/Nov/2020:09:29:38 +0800] "GET /xingrg/javascript/jquery_tools/images/prev.gif HTTP/1.1" 404 1086
116.232.51.253 - - [29/Nov/2020:09:29:38 +0800] "GET /xingrg/javascript/jquery_tools/images/next.gif HTTP/1.1" 404 1086
116.228.172.94 - - [29/Nov/2020:09:29:41 +0800] "GET /xingrg/kc/buy/cgsh_order_operate.html?command=get_materiel&rest_code=00107&code=00101011003&supplier_code=00100033&order_time=2020-11-29 HTTP/1.1" 200 413
114.84.37.38 - - [29/Nov/2020:09:29:44 +0800] "GET /xingrg/all/function/internal_message.html?_=1606613381693&CODE_STATE=getMsg HTTP/1.1" 200 27
222.69.136.133 - - [29/Nov/2020:09:29:44 +0800] "GET /xingrg/check_reg.html?_=1606613380464 HTTP/1.1" 200 22
114.88.175.227 - - [29/Nov/2020:09:29:45 +0800] "GET /xingrg/kc/buy/cgsh_order_operate.html?command=get_materiel&rest_code=00111&code=00101008305&supplier_code=00100005&order_time=2020-11-29 HTTP/1.1" 200 412
222.69.136.133 - - [29/Nov/2020:09:29:46 +0800] "GET /xingrg/all/function/internal_message.html?_=1606613382057&CODE_STATE=getMsg HTTP/1.1" 200 27
116.232.51.253 - - [29/Nov/2020:09:29:47 +0800] "GET /xingrg/kc/buy/cgsh_order_operate.html?command=get_materiel&rest_code=00109&code=00101001111&supplier_code=00100038&order_time=2020-11-29 HTTP/1.1" 200 408
101.85.228.137 - - [29/Nov/2020:09:29:48 +0800] "GET /xingrg/all/function/internal_message.html?_=1606613611216&CODE_STATE=getMsg HTTP/1.1" 200 27
120.253.135.82 - - [29/Nov/2020:09:29:49 +0800] "GET /xingrg/all/function/internal_message.html?_=1606613133851&CODE_STATE=getMsg HTTP/1.1" 200 27
114.88.175.227 - - [29/Nov/2020:09:29:49 +0800] "GET /xingrg/all/function/internal_message.html?_=1606613382265&CODE_STATE=getMsg HTTP/1.1" 200 27
114.88.175.227 - - [29/Nov/2020:09:29:50 +0800] "GET /xingrg/kc/buy/cgsh_order_operate.html?command=get_materiel&rest_code=00111&code=00101008304&supplier_code=00100005&order_time=2020-11-29 HTTP/1.1" 200 412
116.232.51.253 - - [29/Nov/2020:09:29:53 +0800] "GET /xingrg/kc/buy/cgsh_order_operate.html?command=get_materiel&rest_code=00109&code=00101002027&supplier_code=00100038&order_time=2020-11-29 HTTP/1.1" 200 413
117.131.5.26 - - [29/Nov/2020:09:29:55 +0800] "GET /xingrg/check_reg.html?_=1606613709735 HTTP/1.1" 302 -
117.131.5.26 - - [29/Nov/2020:09:29:55 +0800] "GET /xingrg/login.html HTTP/1.1" 200 7641
116.228.172.94 - - [29/Nov/2020:09:29:55 +0800] "GET /xingrg/kc/buy/cgsh_order_operate.html?command=get_materiel&rest_code=00107&code=00101012026&supplier_code=00100033&order_time=2020-11-29 HTTP/1.1" 200 408
114.88.175.227 - - [29/Nov/2020:09:29:56 +0800] "GET /xingrg/kc/buy/cgsh_order_operate.html?command=get_materiel&rest_code=00111&code=00101008010&supplier_code=00100005&order_time=2020-11-29 HTTP/1.1" 200 412
114.84.37.38 - - [29/Nov/2020:09:29:58 +0800] "GET /xingrg/kc/buy/cgsh_order_operate.html?command=get_materiel&rest_code=00146&code=00101006109&supplier_code=00100012&order_time=2020-11-29 HTTP/1.1" 200 409
116.232.51.253 - - [29/Nov/2020:09:29:59 +0800] "GET /xingrg/kc/buy/cgsh_order_operate.html?command=get_materiel&rest_code=00109&code=00101002027&supplier_code=00100038&order_time=2020-11-29 HTTP/1.1" 200 413
114.88.175.227 - - [29/Nov/2020:09:30:01 +0800] "GET /xingrg/kc/buy/cgsh_order_operate.html?command=get_materiel&rest_code=00111&code=00101008306&supplier_code=00100005&order_time=2020-11-29 HTTP/1.1" 200 412
114.88.175.227 - - [29/Nov/2020:09:30:03 +0800] "POST /xingrg/kc/buy/cgsh_order_operate.html HTTP/1.1" 200 2065
172.17.0.109 - - [29/Nov/2020:09:30:06 +0800] "GET /favicon.ico HTTP/1.1" 404 -
114.84.37.38 - - [29/Nov/2020:09:30:07 +0800] "GET /xingrg/kc/buy/cgsh_order_operate.html?command=get_materiel&rest_code=00146&code=00101006111&supplier_code=00100012&order_time=2020-11-29 HTTP/1.1" 200 409
172.17.0.120 - - [29/Nov/2020:09:30:08 +0800] "GET /xingrg/all/function/internal_message.html?_=1606613727765&CODE_STATE=getMsg HTTP/1.1" 200 27
114.88.175.227 - - [29/Nov/2020:09:30:09 +0800] "GET /xingrg/kc/buy/cgsh_order_operate.html?command=get_materiel&rest_code=00111&code=00101008350&supplier_code=00100005&order_time=2020-11-29 HTTP/1.1" 200 408
116.228.172.94 - - [29/Nov/2020:09:30:09 +0800] "GET /xingrg/all/function/internal_message.html?_=1606613402183&CODE_STATE=getMsg HTTP/1.1" 200 27
116.228.172.94 - - [29/Nov/2020:09:30:10 +0800] "POST /xingrg/kc/buy/cgsh_order_operate.html HTTP/1.1" 200 37
114.88.175.227 - - [29/Nov/2020:09:30:12 +0800] "GET /xingrg/all/function/internal_message.html?_=1606613524669&CODE_STATE=getMsg HTTP/1.1" 200 27
116.232.51.253 - - [29/Nov/2020:09:30:13 +0800] "POST /xingrg/kc/buy/cgsh_order_operate.html HTTP/1.1" 200 37
116.232.51.253 - - [29/Nov/2020:09:30:14 +0800] "POST /xingrg/kc/buy/cgsh_order_operate.html HTTP/1.1" 200 3843
114.84.37.38 - - [29/Nov/2020:09:30:17 +0800] "POST /xingrg/kc/buy/cgsh_order_operate.html HTTP/1.1" 200 37
114.88.175.227 - - [29/Nov/2020:09:30:18 +0800] "GET /xingrg/kc/buy/cgsh_order_operate.html?command=get_materiel&rest_code=00111&code=00101008112&supplier_code=00100005&order_time=2020-11-29 HTTP/1.1" 200 414
116.228.172.94 - - [29/Nov/2020:09:30:18 +0800] "POST /xingrg/kc/buy/cgsh_order_operate.html HTTP/1.1" 200 6207
114.84.37.38 - - [29/Nov/2020:09:30:18 +0800] "POST /xingrg/kc/buy/cgsh_order_operate.html HTTP/1.1" 200 5079
114.84.37.38 - - [29/Nov/2020:09:30:19 +0800] "GET /xingrg/check_reg.html?_=1606613416591 HTTP/1.1" 200 22
172.17.0.102 - - [29/Nov/2020:09:30:19 +0800] "GET /xingrg/all/function/internal_message.html?_=1606613416527&CODE_STATE=getMsg HTTP/1.1" 200 27
116.232.51.253 - - [29/Nov/2020:09:30:19 +0800] "GET /xingrg/kc/print/load_config.html?kc_code=cgsh HTTP/1.1" 200 1845
116.232.51.253 - - [29/Nov/2020:09:30:20 +0800] "GET /xingrg/kc/print/load_data.html?order_code=212020112911378&kc_code=cgsh&condition= HTTP/1.1" 200 1136
114.84.145.85 - - [29/Nov/2020:09:30:22 +0800] "GET /xingrg/all/function/internal_message.html?_=1606613435412&CODE_STATE=getMsg HTTP/1.1" 200 27
116.228.172.94 - - [29/Nov/2020:09:30:22 +0800] "GET /xingrg/kc/print/load_data.html?order_code=212020112911377&kc_code=cgsh&condition= HTTP/1.1" 200 2063
114.84.37.38 - - [29/Nov/2020:09:30:24 +0800] "GET /xingrg/kc/print/load_data.html?order_code=212020112911379&kc_code=cgsh&condition= HTTP/1.1" 200 1728
116.232.51.253 - - [29/Nov/2020:09:30:24 +0800] "GET /xingrg/kc/buy/cgsh_order_add.html HTTP/1.1" 200 60848
116.232.51.253 - - [29/Nov/2020:09:30:24 +0800] "POST /xingrg/kc/buy/cgsh_order_operate.html HTTP/1.1" 200 8245
116.232.51.253 - - [29/Nov/2020:09:30:24 +0800] "GET /xingrg/all/common/auto_word.html?type=employee&rest_code=00109 HTTP/1.1" 200 255
116.232.51.253 - - [29/Nov/2020:09:30:24 +0800] "GET /xingrg/all/common/auto_word.html?type=employee&rest_code=00109 HTTP/1.1" 200 255
116.232.51.253 - - [29/Nov/2020:09:30:24 +0800] "GET /xingrg/javascript/easyui/themes/default/validatebox.css HTTP/1.1" 404 1104
114.84.37.38 - - [29/Nov/2020:09:30:27 +0800] "GET /xingrg/check_reg.html?_=1606613422121 HTTP/1.1" 302 -
116.228.172.94 - - [29/Nov/2020:09:30:28 +0800] "GET /xingrg/kc/buy/cgsh_order_add.html HTTP/1.1" 200 60895
116.228.172.94 - - [29/Nov/2020:09:30:29 +0800] "GET /xingrg/javascript/easyui/themes/default/validatebox.css HTTP/1.1" 404 1104
116.232.51.253 - - [29/Nov/2020:09:30:29 +0800] "GET /xingrg/javascript/jquery_tools/images/prev.gif HTTP/1.1" 404 1086
116.232.51.253 - - [29/Nov/2020:09:30:29 +0800] "GET /xingrg/javascript/jquery_tools/images/next.gif HTTP/1.1" 404 1086
116.228.172.94 - - [29/Nov/2020:09:30:29 +0800] "POST /xingrg/kc/buy/cgsh_order_operate.html HTTP/1.1" 200 8245
114.88.175.227 - - [29/Nov/2020:09:30:29 +0800] "GET /xingrg/kc/buy/cgsh_order_operate.html?command=get_materiel&rest_code=00111&code=00101008236&supplier_code=00100005&order_time=2020-11-29 HTTP/1.1" 200 416
116.232.51.253 - - [29/Nov/2020:09:30:30 +0800] "GET /xingrg/all/function/internal_message.html?_=1606613468390&CODE_STATE=getMsg HTTP/1.1" 200 27
116.228.172.94 - - [29/Nov/2020:09:30:30 +0800] "GET /xingrg/javascript/easyui/themes/default/tree.css HTTP/1.1" 404 1090
116.228.172.94 - - [29/Nov/2020:09:30:30 +0800] "POST /xingrg/all/common/load_tree.html?tree=supplier_tree_json&isDelete=1 HTTP/1.1" 200 52105
172.17.200.101 - - [29/Nov/2020:09:30:32 +0800] "GET /xingrg/all/function/internal_message.html?_=1606613432612&CODE_STATE=getMsg HTTP/1.1" 200 27
114.88.175.227 - - [29/Nov/2020:09:30:34 +0800] "GET /xingrg/kc/buy/cgsh_order_operate.html?command=get_materiel&rest_code=00111&code=00101008168&supplier_code=00100005&order_time=2020-11-29 HTTP/1.1" 200 412
114.84.37.38 - - [29/Nov/2020:09:30:35 +0800] "GET /xingrg/kc/buy/cgsh_order_add.html HTTP/1.1" 200 60813
114.84.37.38 - - [29/Nov/2020:09:30:36 +0800] "POST /xingrg/kc/buy/cgsh_order_operate.html HTTP/1.1" 200 8245
114.84.37.38 - - [29/Nov/2020:09:30:36 +0800] "GET /xingrg/javascript/easyui/themes/default/validatebox.css HTTP/1.1" 404 1104
114.88.175.227 - - [29/Nov/2020:09:30:36 +0800] "POST /xingrg/kc/buy/cgsh_order_operate.html HTTP/1.1" 200 2065
114.84.37.38 - - [29/Nov/2020:09:30:38 +0800] "GET /xingrg/all/function/internal_message.html?_=1606613433243&CODE_STATE=getMsg HTTP/1.1" 302 -
114.88.175.227 - - [29/Nov/2020:09:30:39 +0800] "GET /xingrg/kc/buy/cgsh_order_operate.html?command=get_materiel&rest_code=00111&code=00101008165&supplier_code=00100005&order_time=2020-11-29 HTTP/1.1" 200 416
116.232.51.253 - - [29/Nov/2020:09:30:42 +0800] "GET /xingrg/kc/buy/cgsh_order_operate.html?command=get_materiel&rest_code=00109&code=00101007049&supplier_code=00100004&order_time=2020-11-29 HTTP/1.1" 200 409
114.88.175.227 - - [29/Nov/2020:09:30:43 +0800] "GET /xingrg/kc/buy/cgsh_order_operate.html?command=get_materiel&rest_code=00111&code=00101008223&supplier_code=00100005&order_time=2020-11-29 HTTP/1.1" 200 412
114.84.37.38 - - [29/Nov/2020:09:30:44 +0800] "GET /xingrg/all/function/internal_message.html?_=1606613441708&CODE_STATE=getMsg HTTP/1.1" 200 27
101.85.228.137 - - [29/Nov/2020:09:30:45 +0800] "GET /xingrg/check_reg.html?_=1606613668294 HTTP/1.1" 200 22
222.69.136.133 - - [29/Nov/2020:09:30:46 +0800] "GET /xingrg/all/function/internal_message.html?_=1606613442051&CODE_STATE=getMsg HTTP/1.1" 200 27
116.232.51.253 - - [29/Nov/2020:09:30:47 +0800] "GET /xingrg/kc/buy/cgsh_order_operate.html?command=get_materiel&rest_code=00109&code=00101007075&supplier_code=00100004&order_time=2020-11-29 HTTP/1.1" 200 408
114.88.175.227 - - [29/Nov/2020:09:30:48 +0800] "GET /xingrg/kc/buy/cgsh_order_operate.html?command=get_materiel&rest_code=00111&code=00101008114&supplier_code=00100005&order_time=2020-11-29 HTTP/1.1" 200 413
101.85.228.137 - - [29/Nov/2020:09:30:48 +0800] "GET /xingrg/all/function/internal_message.html?_=1606613671230&CODE_STATE=getMsg HTTP/1.1" 200 27
120.253.135.82 - - [29/Nov/2020:09:30:49 +0800] "GET /xingrg/all/function/internal_message.html?_=1606613193862&CODE_STATE=getMsg HTTP/1.1" 200 27
114.88.175.227 - - [29/Nov/2020:09:30:49 +0800] "GET /xingrg/all/function/internal_message.html?_=1606613442349&CODE_STATE=getMsg HTTP/1.1" 200 27
114.84.37.38 - - [29/Nov/2020:09:30:50 +0800] "GET /xingrg/kc/buy/cgsh_order_operate.html?command=get_materiel&rest_code=00146&code=00101007081&supplier_code=00100002&order_time=2020-11-29 HTTP/1.1" 200 413
114.88.175.227 - - [29/Nov/2020:09:30:54 +0800] "GET /xingrg/kc/buy/cgsh_order_operate.html?command=get_materiel&rest_code=00111&code=00101008061&supplier_code=00100005&order_time=2020-11-29 HTTP/1.1" 200 422
114.88.175.227 - - [29/Nov/2020:09:30:59 +0800] "GET /xingrg/kc/buy/cgsh_order_operate.html?command=get_materiel&rest_code=00111&code=00101008095&supplier_code=00100005&order_time=2020-11-29 HTTP/1.1" 200 412
172.17.0.123 - - [29/Nov/2020:09:31:01 +0800] "GET /favicon.ico HTTP/1.1" 404 -
114.88.175.227 - - [29/Nov/2020:09:31:01 +0800] "POST /xingrg/kc/buy/cgsh_order_operate.html HTTP/1.1" 200 2065
172.17.0.123 - - [29/Nov/2020:09:31:04 +0800] "GET /xingrg/login.html HTTP/1.1" 200 7636
172.17.0.123 - - [29/Nov/2020:09:31:04 +0800] "GET /favicon.ico HTTP/1.1" 404 -
172.17.0.123 - - [29/Nov/2020:09:31:05 +0800] "GET /favicon.ico HTTP/1.1" 404 -
114.88.175.227 - - [29/Nov/2020:09:31:05 +0800] "GET /xingrg/kc/buy/cgsh_order_operate.html?command=get_materiel&rest_code=00111&code=00101008110&supplier_code=00100005&order_time=2020-11-29 HTTP/1.1" 200 408
114.84.37.38 - - [29/Nov/2020:09:31:07 +0800] "POST /xingrg/kc/buy/cgsh_order_operate.html HTTP/1.1" 200 37
114.84.37.38 - - [29/Nov/2020:09:31:08 +0800] "POST /xingrg/kc/buy/cgsh_order_operate.html HTTP/1.1" 200 2656
172.17.0.120 - - [29/Nov/2020:09:31:08 +0800] "GET /xingrg/all/function/internal_message.html?_=1606613787769&CODE_STATE=getMsg HTTP/1.1" 200 27
116.228.172.94 - - [29/Nov/2020:09:31:09 +0800] "GET /xingrg/all/function/internal_message.html?_=1606613462157&CODE_STATE=getMsg HTTP/1.1" 200 27
116.228.172.94 - - [29/Nov/2020:09:31:10 +0800] "GET /xingrg/check_reg.html?_=1606613463128 HTTP/1.1" 200 22
114.84.37.38 - - [29/Nov/2020:09:31:11 +0800] "GET /xingrg/kc/print/load_data.html?order_code=212020112911380&kc_code=cgsh&condition= HTTP/1.1" 200 744
114.88.175.227 - - [29/Nov/2020:09:31:13 +0800] "GET /xingrg/all/function/internal_message.html?_=1606613584792&CODE_STATE=getMsg HTTP/1.1" 200 27
172.17.0.123 - - [29/Nov/2020:09:31:13 +0800] "POST /xingrg/login.do HTTP/1.1" 302 -
172.17.0.123 - - [29/Nov/2020:09:31:13 +0800] "GET /xingrg/index.html?sysBaseUrl=http%3A%2F%2F172.17.0.8%3A18081%2Fxingrg%2F&costTime=41×tamp=1606613473103 HTTP/1.1" 200 17448
116.228.172.94 - - [29/Nov/2020:09:31:13 +0800] "GET /xingrg/kc/buy/cgsh_order_operate.html?command=get_materiel&rest_code=00107&code=00101020197&supplier_code=00100228&order_time=2020-11-29 HTTP/1.1" 200 418
172.17.0.123 - - [29/Nov/2020:09:31:13 +0800] "GET /favicon.ico HTTP/1.1" 404 -
172.17.0.123 - - [29/Nov/2020:09:31:13 +0800] "POST /xingrg/all/common/load_tree.html?tree=area_rest_tree_json&manage=1 HTTP/1.1" 200 3350
172.17.0.123 - - [29/Nov/2020:09:31:13 +0800] "GET /xingrg/check_reg.html?_=1606613402845 HTTP/1.1" 200 22
172.17.0.123 - - [29/Nov/2020:09:31:13 +0800] "GET /xingrg/all/function/internal_message.html?_=1606613402844&CODE_STATE=count HTTP/1.1" 200 11
172.17.0.123 - - [29/Nov/2020:09:31:13 +0800] "POST /xingrg/load_menu.html HTTP/1.1" 200 11529
172.17.0.123 - - [29/Nov/2020:09:31:17 +0800] "GET /xingrg/kc/base/yddb_order_list.html HTTP/1.1" 200 17004
172.17.0.102 - - [29/Nov/2020:09:31:19 +0800] "GET /xingrg/all/function/internal_message.html?_=1606613476555&CODE_STATE=getMsg HTTP/1.1" 200 27
172.17.0.123 - - [29/Nov/2020:09:31:20 +0800] "POST /xingrg/kc/base/yddb_list_operate.html HTTP/1.1" 200 636
114.84.145.85 - - [29/Nov/2020:09:31:22 +0800] "GET /xingrg/all/function/internal_message.html?_=1606613495383&CODE_STATE=getMsg HTTP/1.1" 200 27
172.17.0.123 - - [29/Nov/2020:09:31:24 +0800] "POST /xingrg/kc/base/yddb_list_operate.html HTTP/1.1" 200 3883
172.17.0.123 - - [29/Nov/2020:09:31:26 +0800] "POST /xingrg/kc/base/yddb_list_operate.html HTTP/1.1" 200 3788
114.88.175.227 - - [29/Nov/2020:09:31:27 +0800] "GET /xingrg/check_reg.html?_=1606613480584 HTTP/1.1" 200 22
172.17.0.123 - - [29/Nov/2020:09:31:28 +0800] "POST /xingrg/kc/base/yddb_list_operate.html HTTP/1.1" 200 206
172.17.0.123 - - [29/Nov/2020:09:31:29 +0800] "POST /xingrg/kc/base/yddb_list_operate.html HTTP/1.1" 200 579
116.228.172.94 - - [29/Nov/2020:09:31:30 +0800] "POST /xingrg/kc/buy/cgsh_order_operate.html HTTP/1.1" 200 37
172.17.0.123 - - [29/Nov/2020:09:31:31 +0800] "POST /xingrg/kc/base/yddb_list_operate.html HTTP/1.1" 200 595
172.17.200.101 - - [29/Nov/2020:09:31:32 +0800] "GET /xingrg/all/function/internal_message.html?_=1606613492598&CODE_STATE=getMsg HTTP/1.1" 200 27
116.228.172.94 - - [29/Nov/2020:09:31:32 +0800] "POST /xingrg/kc/buy/cgsh_order_operate.html HTTP/1.1" 200 2668
114.88.175.227 - - [29/Nov/2020:09:31:33 +0800] "POST /xingrg/kc/buy/cgsh_order_operate.html HTTP/1.1" 200 37
114.88.175.227 - - [29/Nov/2020:09:31:35 +0800] "POST /xingrg/kc/buy/cgsh_order_operate.html HTTP/1.1" 200 35755
114.88.175.227 - - [29/Nov/2020:09:31:35 +0800] "GET /xingrg/kc/print/load_config.html?kc_code=cgsh HTTP/1.1" 200 1845
114.88.175.227 - - [29/Nov/2020:09:31:35 +0800] "GET /xingrg/kc/print/load_data.html?order_code=212020112911382&kc_code=cgsh&condition= HTTP/1.1" 200 13207
116.228.172.94 - - [29/Nov/2020:09:31:36 +0800] "GET /xingrg/kc/print/load_data.html?order_code=212020112911381&kc_code=cgsh&condition= HTTP/1.1" 200 677
114.84.37.38 - - [29/Nov/2020:09:31:38 +0800] "GET /xingrg/all/function/internal_message.html?_=1606613493248&CODE_STATE=getMsg HTTP/1.1" 302 -
172.17.0.123 - - [29/Nov/2020:09:31:39 +0800] "POST /xingrg/kc/base/yddb_list_operate.html HTTP/1.1" 200 208
172.17.0.123 - - [29/Nov/2020:09:31:43 +0800] "POST /xingrg/kc/base/yddb_list_operate.html HTTP/1.1" 200 200
172.17.0.123 - - [29/Nov/2020:09:31:44 +0800] "POST /xingrg/kc/base/yddb_list_operate.html HTTP/1.1" 200 210
114.84.37.38 - - [29/Nov/2020:09:31:44 +0800] "GET /xingrg/all/function/internal_message.html?_=1606613501922&CODE_STATE=getMsg HTTP/1.1" 200 27
222.69.136.133 - - [29/Nov/2020:09:31:46 +0800] "GET /xingrg/all/function/internal_message.html?_=1606613502028&CODE_STATE=getMsg HTTP/1.1" 200 27
120.253.135.82 - - [29/Nov/2020:09:31:46 +0800] "GET /xingrg/check_reg.html?_=1606613251236 HTTP/1.1" 200 22
101.85.228.137 - - [29/Nov/2020:09:31:48 +0800] "GET /xingrg/all/function/internal_message.html?_=1606613731244&CODE_STATE=getMsg HTTP/1.1" 200 27
120.253.135.82 - - [29/Nov/2020:09:31:49 +0800] "GET /xingrg/all/function/internal_message.html?_=1606613253876&CODE_STATE=getMsg HTTP/1.1" 200 27
114.88.175.227 - - [29/Nov/2020:09:31:49 +0800] "GET /xingrg/all/function/internal_message.html?_=1606613502355&CODE_STATE=getMsg HTTP/1.1" 200 27
172.17.0.123 - - [29/Nov/2020:09:31:49 +0800] "POST /xingrg/kc/base/yddb_list_operate.html HTTP/1.1" 200 577
172.17.0.123 - - [29/Nov/2020:09:31:51 +0800] "POST /xingrg/kc/base/yddb_list_operate.html HTTP/1.1" 200 599
172.17.0.123 - - [29/Nov/2020:09:31:52 +0800] "POST /xingrg/kc/base/yddb_list_operate.html HTTP/1.1" 200 579
116.228.172.94 - - [29/Nov/2020:09:32:02 +0800] "GET /xingrg/index.html?sysBaseUrl=http%3A%2F%2F180.169.147.146%3A18081%2Fxingrg%2F&costTime=33×tamp=1585306063269 HTTP/1.1" 302 -
116.228.172.94 - - [29/Nov/2020:09:32:02 +0800] "GET /xingrg/login.html HTTP/1.1" 200 7641
172.17.0.120 - - [29/Nov/2020:09:32:08 +0800] "GET /xingrg/all/function/internal_message.html?_=1606613847773&CODE_STATE=getMsg HTTP/1.1" 200 27
116.228.172.94 - - [29/Nov/2020:09:32:09 +0800] "GET /xingrg/all/function/internal_message.html?_=1606613522132&CODE_STATE=getMsg HTTP/1.1" 200 27
114.88.175.227 - - [29/Nov/2020:09:32:12 +0800] "GET /xingrg/all/function/internal_message.html?_=1606613644767&CODE_STATE=getMsg HTTP/1.1" 200 27
172.17.0.123 - - [29/Nov/2020:09:32:13 +0800] "GET /xingrg/all/function/internal_message.html?_=1606613462847&CODE_STATE=getMsg HTTP/1.1" 200 27
180.174.56.115 - - [29/Nov/2020:09:32:13 +0800] "GET /xingrg/check_reg.html?_=1606613530279 HTTP/1.1" 200 22
116.232.51.253 - - [29/Nov/2020:09:32:14 +0800] "POST /xingrg/kc/buy/cgsh_order_operate.html HTTP/1.1" 200 37
116.232.51.253 - - [29/Nov/2020:09:32:15 +0800] "POST /xingrg/kc/buy/cgsh_order_operate.html HTTP/1.1" 200 3243
116.232.51.253 - - [29/Nov/2020:09:32:16 +0800] "GET /xingrg/kc/print/load_config.html?kc_code=cgsh HTTP/1.1" 200 1845
116.232.51.253 - - [29/Nov/2020:09:32:17 +0800] "GET /xingrg/kc/print/load_data.html?order_code=212020112911383&kc_code=cgsh&condition= HTTP/1.1" 200 937
172.17.0.102 - - [29/Nov/2020:09:32:19 +0800] "GET /xingrg/all/function/internal_message.html?_=1606613536553&CODE_STATE=getMsg HTTP/1.1" 200 27
114.84.145.85 - - [29/Nov/2020:09:32:22 +0800] "GET /xingrg/all/function/internal_message.html?_=1606613555363&CODE_STATE=getMsg HTTP/1.1" 200 27
116.232.51.253 - - [29/Nov/2020:09:32:22 +0800] "GET /xingrg/kc/buy/cgsh_order_add.html HTTP/1.1" 200 60848
116.232.51.253 - - [29/Nov/2020:09:32:22 +0800] "POST /xingrg/kc/buy/cgsh_order_operate.html HTTP/1.1" 200 8245
116.232.51.253 - - [29/Nov/2020:09:32:22 +0800] "GET /xingrg/all/common/auto_word.html?type=employee&rest_code=00109 HTTP/1.1" 200 255
116.232.51.253 - - [29/Nov/2020:09:32:22 +0800] "GET /xingrg/all/common/auto_word.html?type=employee&rest_code=00109 HTTP/1.1" 200 255
116.232.51.253 - - [29/Nov/2020:09:32:22 +0800] "GET /xingrg/javascript/easyui/themes/default/validatebox.css HTTP/1.1" 404 1104
116.232.51.253 - - [29/Nov/2020:09:32:25 +0800] "GET /xingrg/javascript/jquery_tools/images/prev.gif HTTP/1.1" 404 1086
116.232.51.253 - - [29/Nov/2020:09:32:25 +0800] "GET /xingrg/javascript/jquery_tools/images/next.gif HTTP/1.1" 404 1086
114.88.175.227 - - [29/Nov/2020:09:32:25 +0800] "GET /xingrg/css/base.css HTTP/1.1" 304 -
114.88.175.227 - - [29/Nov/2020:09:32:25 +0800] "GET /xingrg/css/site.css HTTP/1.1" 304 -
114.88.175.227 - - [29/Nov/2020:09:32:25 +0800] "GET /xingrg/javascript/jquery_tools/datebox.css HTTP/1.1" 304 -
114.88.175.227 - - [29/Nov/2020:09:32:25 +0800] "GET /xingrg/kc/buy/cgsh_order_list.html HTTP/1.1" 200 45069
114.88.175.227 - - [29/Nov/2020:09:32:25 +0800] "GET /xingrg/javascript/easyui/themes/default/easyui.css HTTP/1.1" 304 -
114.88.175.227 - - [29/Nov/2020:09:32:25 +0800] "GET /xingrg/javascript/easyui/themes/icon.css HTTP/1.1" 304 -
114.88.175.227 - - [29/Nov/2020:09:32:25 +0800] "GET /xingrg/javascript/auto/jquery.autocomplete.css HTTP/1.1" 304 -
114.88.175.227 - - [29/Nov/2020:09:32:25 +0800] "GET /xingrg/javascript/jquery_tools/fix.css HTTP/1.1" 304 -
114.88.175.227 - - [29/Nov/2020:09:32:25 +0800] "GET /xingrg/javascript/jquery_tools/table.css HTTP/1.1" 304 -
114.88.175.227 - - [29/Nov/2020:09:32:25 +0800] "GET /xingrg/javascript/jquery_tools/jquery.tools.min.js HTTP/1.1" 304 -
114.88.175.227 - - [29/Nov/2020:09:32:25 +0800] "GET /xingrg/javascript/jquery.utils.js HTTP/1.1" 304 -
114.88.175.227 - - [29/Nov/2020:09:32:25 +0800] "GET /xingrg/javascript/jquery_tools/jquery.tools.table.js HTTP/1.1" 304 -
114.88.175.227 - - [29/Nov/2020:09:32:25 +0800] "GET /xingrg/javascript/jquery.cookie.js HTTP/1.1" 304 -
114.88.175.227 - - [29/Nov/2020:09:32:25 +0800] "GET /xingrg/javascript/jquery_tools/jquery.tools.extend.js HTTP/1.1" 304 -
114.88.175.227 - - [29/Nov/2020:09:32:25 +0800] "GET /xingrg/javascript/jquery_tools/jquery.tools.hotkey.js HTTP/1.1" 304 -
114.88.175.227 - - [29/Nov/2020:09:32:25 +0800] "GET /xingrg/javascript/jquery_tools/list_manager.js HTTP/1.1" 304 -
114.88.175.227 - - [29/Nov/2020:09:32:25 +0800] "GET /xingrg/javascript/auto/jquery.autocomplete.js HTTP/1.1" 304 -
114.88.175.227 - - [29/Nov/2020:09:32:25 +0800] "GET /xingrg/javascript/easyui/easyloader.js HTTP/1.1" 304 -
114.88.175.227 - - [29/Nov/2020:09:32:25 +0800] "GET /xingrg/javascript/print/LodopFuncs.js HTTP/1.1" 304 -
114.88.175.227 - - [29/Nov/2020:09:32:25 +0800] "GET /xingrg/javascript/easyui/plugins/jquery.parser.js HTTP/1.1" 304 -
114.88.175.227 - - [29/Nov/2020:09:32:27 +0800] "POST /xingrg/kc/buy/cgsh_list_operate.html HTTP/1.1" 200 2784
116.232.51.253 - - [29/Nov/2020:09:32:30 +0800] "GET /xingrg/kc/buy/cgsh_order_operate.html?command=get_materiel&rest_code=00109&code=00101016025&supplier_code=00100035&order_time=2020-11-29 HTTP/1.1" 200 408
114.88.175.227 - - [29/Nov/2020:09:32:30 +0800] "POST /xingrg/kc/buy/cgsh_list_operate.html HTTP/1.1" 200 419
114.88.175.227 - - [29/Nov/2020:09:32:30 +0800] "GET /xingrg/javascript/pic_change.js HTTP/1.1" 304 -
114.88.175.227 - - [29/Nov/2020:09:32:30 +0800] "GET /xingrg/kc/buy/cgsh_order_info.html?code=212020112911361 HTTP/1.1" 200 60816
114.88.175.227 - - [29/Nov/2020:09:32:30 +0800] "GET /xingrg/javascript/jquery_tools/order_manager.js HTTP/1.1" 304 -
114.88.175.227 - - [29/Nov/2020:09:32:30 +0800] "GET /xingrg/javascript/convert.js HTTP/1.1" 304 -
114.88.175.227 - - [29/Nov/2020:09:32:30 +0800] "GET /xingrg/javascript/json2.js HTTP/1.1" 304 -
114.88.175.227 - - [29/Nov/2020:09:32:30 +0800] "GET /xingrg/javascript/print/kc_print.js HTTP/1.1" 304 -
114.88.175.227 - - [29/Nov/2020:09:32:31 +0800] "GET /xingrg/words/20201127160732_words.js HTTP/1.1" 304 -
114.88.175.227 - - [29/Nov/2020:09:32:31 +0800] "GET /xingrg/all/common/auto_word.html?type=employee&rest_code=00111 HTTP/1.1" 200 205
114.88.175.227 - - [29/Nov/2020:09:32:31 +0800] "GET /xingrg/all/common/auto_word.html?type=employee&rest_code=00111 HTTP/1.1" 200 205
114.88.175.227 - - [29/Nov/2020:09:32:31 +0800] "GET /xingrg/javascript/easyui/themes/default/validatebox.css HTTP/1.1" 404 1104
114.88.175.227 - - [29/Nov/2020:09:32:31 +0800] "GET /xingrg/javascript/easyui/plugins/jquery.validatebox.js HTTP/1.1" 304 -
114.88.175.227 - - [29/Nov/2020:09:32:31 +0800] "GET /xingrg/javascript/easyui/plugins/jquery.numberbox.js HTTP/1.1" 304 -
114.88.175.227 - - [29/Nov/2020:09:32:31 +0800] "POST /xingrg/kc/buy/cgsh_order_operate.html HTTP/1.1" 200 4425
114.88.175.227 - - [29/Nov/2020:09:32:31 +0800] "GET /xingrg/javascript/easyui/themes/default/images/button_plain_hover.png HTTP/1.1" 304 -
172.17.200.101 - - [29/Nov/2020:09:32:32 +0800] "GET /xingrg/all/function/internal_message.html?_=1606613552600&CODE_STATE=getMsg HTTP/1.1" 200 27
114.88.175.227 - - [29/Nov/2020:09:32:32 +0800] "GET /xingrg/kc/print/load_config.html?kc_code=cgsh HTTP/1.1" 200 1845
114.88.175.227 - - [29/Nov/2020:09:32:32 +0800] "GET /xingrg/kc/print/load_data.html?order_code=212020112911361&kc_code=cgsh HTTP/1.1" 200 1438
114.84.37.38 - - [29/Nov/2020:09:32:38 +0800] "GET /xingrg/all/function/internal_message.html?_=1606613553273&CODE_STATE=getMsg HTTP/1.1" 302 -
114.88.175.227 - - [29/Nov/2020:09:32:40 +0800] "GET /xingrg/javascript/jquery_easy_ui/themes/default/images/tabs_active.png HTTP/1.1" 304 -
114.88.175.227 - - [29/Nov/2020:09:32:41 +0800] "POST /xingrg/kc/buy/cgsh_list_operate.html HTTP/1.1" 200 2784
114.88.175.227 - - [29/Nov/2020:09:32:43 +0800] "POST /xingrg/kc/buy/cgsh_list_operate.html HTTP/1.1" 200 568
116.232.51.253 - - [29/Nov/2020:09:32:43 +0800] "GET /xingrg/check_reg.html?_=1606613604061 HTTP/1.1" 200 22
116.232.51.253 - - [29/Nov/2020:09:32:43 +0800] "GET /xingrg/all/function/internal_message.html?_=1606613604061&CODE_STATE=getMsg HTTP/1.1" 200 27
114.88.175.227 - - [29/Nov/2020:09:32:43 +0800] "GET /xingrg/kc/buy/cgsh_order_info.html?code=212020112911382 HTTP/1.1" 200 60816
114.88.175.227 - - [29/Nov/2020:09:32:44 +0800] "GET /xingrg/javascript/easyui/themes/default/validatebox.css HTTP/1.1" 404 1104
114.88.175.227 - - [29/Nov/2020:09:32:44 +0800] "POST /xingrg/kc/buy/cgsh_order_operate.html HTTP/1.1" 200 35755
114.84.37.38 - - [29/Nov/2020:09:32:44 +0800] "GET /xingrg/all/function/internal_message.html?_=1606613561936&CODE_STATE=getMsg HTTP/1.1" 200 27
114.88.175.227 - - [29/Nov/2020:09:32:44 +0800] "POST /xingrg/kc/buy/cgsh_list_operate.html HTTP/1.1" 200 2784
116.232.51.253 - - [29/Nov/2020:09:32:44 +0800] "GET /xingrg/kc/buy/cgsh_order_operate.html?command=get_materiel&rest_code=00109&code=00101012026&supplier_code=00100035&order_time=2020-11-29 HTTP/1.1" 200 408
114.88.175.227 - - [29/Nov/2020:09:32:45 +0800] "GET /xingrg/kc/print/load_data.html?order_code=212020112911382&kc_code=cgsh HTTP/1.1" 200 13207
