101.85.228.137 - - [29/Nov/2020:10:34:47 +0800] "GET /xingrg/javascript/multi_select/jqueryMultiSelect.css HTTP/1.1" 304 -
101.85.228.137 - - [29/Nov/2020:10:34:47 +0800] "GET /xingrg/javascript/bigrid/fix.js HTTP/1.1" 304 -
101.85.228.137 - - [29/Nov/2020:10:34:47 +0800] "GET /xingrg/javascript/calendar/jquery.timePicker.min.js HTTP/1.1" 304 -
101.85.228.137 - - [29/Nov/2020:10:34:47 +0800] "GET /xingrg/javascript/jqueryMultiSelect.js HTTP/1.1" 304 -
101.85.228.137 - - [29/Nov/2020:10:34:47 +0800] "GET /xingrg/dwr/util.js HTTP/1.1" 304 -
101.85.228.137 - - [29/Nov/2020:10:34:47 +0800] "GET /xingrg/javascript/Calendar.js HTTP/1.1" 304 -
101.85.228.137 - - [29/Nov/2020:10:34:47 +0800] "GET /xingrg/dwr/interface/AjaxReportQueryService.js HTTP/1.1" 200 13203
101.85.228.137 - - [29/Nov/2020:10:34:47 +0800] "GET /xingrg/dwr/engine.js HTTP/1.1" 200 43631
101.85.228.137 - - [29/Nov/2020:10:34:47 +0800] "GET /xingrg/images/control/loading.gif HTTP/1.1" 304 -
101.85.228.137 - - [29/Nov/2020:10:34:47 +0800] "GET /xingrg/images/blue/button/advanceover.gif HTTP/1.1" 304 -
101.85.228.137 - - [29/Nov/2020:10:34:47 +0800] "GET /xingrg/images/blue/button/advance2over.gif HTTP/1.1" 304 -
101.85.228.137 - - [29/Nov/2020:10:34:47 +0800] "GET /xingrg/images/blue/button/back2over.gif HTTP/1.1" 304 -
101.85.228.137 - - [29/Nov/2020:10:34:47 +0800] "GET /xingrg/images/blue/button/backover.gif HTTP/1.1" 304 -
101.85.228.137 - - [29/Nov/2020:10:34:47 +0800] "GET /xingrg/javascript/jquery_easy_ui/themes/icons/help.png HTTP/1.1" 304 -
101.85.228.137 - - [29/Nov/2020:10:34:47 +0800] "GET /xingrg/javascript/jquery_easy_ui/themes/default/images/menu_downarrow.png HTTP/1.1" 304 -
101.85.228.137 - - [29/Nov/2020:10:34:47 +0800] "GET /xingrg/javascript/jquery_easy_ui/themes/default/images/menu.gif HTTP/1.1" 304 -
101.85.228.137 - - [29/Nov/2020:10:34:48 +0800] "GET /xingrg/javascript/jquery_easy_ui/themes/icons/print.png HTTP/1.1" 304 -
101.85.228.137 - - [29/Nov/2020:10:34:48 +0800] "GET /xingrg/javascript/jquery_easy_ui/themes/icons/pencil.png HTTP/1.1" 200 713
101.85.228.137 - - [29/Nov/2020:10:34:48 +0800] "GET /xingrg/javascript/jquery_easy_ui/themes/default/images/menu_rightarrow.png HTTP/1.1" 200 3617
101.85.228.137 - - [29/Nov/2020:10:34:48 +0800] "POST /xingrg/dwr/call/plaincall/AjaxReportQueryService.getFixDate.dwr HTTP/1.1" 200 111
101.85.228.137 - - [29/Nov/2020:10:34:48 +0800] "POST /xingrg/dwr/call/plaincall/AjaxReportQueryService.getInitString.dwr HTTP/1.1" 200 23285
101.85.228.137 - - [29/Nov/2020:10:34:48 +0800] "GET /xingrg/javascript/multi_select/dropdown.gif HTTP/1.1" 200 61
101.85.228.137 - - [29/Nov/2020:10:34:49 +0800] "POST /xingrg/dwr/call/plaincall/AjaxReportQueryService.getInitString.dwr HTTP/1.1" 200 960
222.69.133.109 - - [29/Nov/2020:10:34:49 +0800] "POST /xingrg/kc/buy/cgsh_order_operate.html HTTP/1.1" 200 12
101.85.228.137 - - [29/Nov/2020:10:34:50 +0800] "POST /xingrg/dwr/call/plaincall/AjaxReportQueryService.getInitString.dwr HTTP/1.1" 200 125
114.84.37.38 - - [29/Nov/2020:10:34:50 +0800] "GET /xingrg/all/function/internal_message.html?_=1606617287746&CODE_STATE=getMsg HTTP/1.1" 200 27
114.88.175.227 - - [29/Nov/2020:10:34:50 +0800] "GET /xingrg/all/function/internal_message.html?_=1606617402295&CODE_STATE=getMsg HTTP/1.1" 200 27
116.228.172.94 - - [29/Nov/2020:10:34:51 +0800] "GET /xingrg/kc/base/wldb_order_operate.html?command=get_materiel&rest_code=00107&base_code=0010151&code=00101019204 HTTP/1.1" 200 438
222.69.133.109 - - [29/Nov/2020:10:34:51 +0800] "GET /xingrg/kc/buy/cgsh_order_info.html?code=212020112911413 HTTP/1.1" 200 54834
222.69.133.109 - - [29/Nov/2020:10:34:51 +0800] "GET /xingrg/javascript/easyui/themes/default/validatebox.css HTTP/1.1" 404 1104
101.85.228.137 - - [29/Nov/2020:10:34:51 +0800] "GET /xingrg/javascript/multi_select/dropdown_hover.gif HTTP/1.1" 200 61
114.84.145.85 - - [29/Nov/2020:10:34:51 +0800] "GET /xingrg/kc/buy/cgsh_order_operate.html?command=get_materiel&rest_code=00141&code=00101008223&supplier_code=00100007&order_time=2020-11-29 HTTP/1.1" 200 412
222.69.133.109 - - [29/Nov/2020:10:34:52 +0800] "POST /xingrg/kc/buy/cgsh_order_operate.html HTTP/1.1" 200 9464
101.85.228.137 - - [29/Nov/2020:10:34:52 +0800] "GET /xingrg/javascript/multi_select/dropdown_active.gif HTTP/1.1" 200 61
114.88.175.227 - - [29/Nov/2020:10:34:52 +0800] "GET /xingrg/all/function/internal_message.html?_=1606617285271&CODE_STATE=getMsg HTTP/1.1" 200 27
222.69.133.109 - - [29/Nov/2020:10:34:54 +0800] "GET /xingrg/kc/print/load_data.html?order_code=212020112911413&kc_code=cgsh&condition= HTTP/1.1" 200 4039
114.84.145.85 - - [29/Nov/2020:10:34:55 +0800] "GET /xingrg/check_reg.html?_=1606616871557 HTTP/1.1" 200 22
114.84.145.85 - - [29/Nov/2020:10:34:55 +0800] "GET /xingrg/all/function/internal_message.html?_=1606616871559&CODE_STATE=getMsg HTTP/1.1" 200 27
101.89.239.120 - - [29/Nov/2020:10:34:56 +0800] "GET /xingrg/all/function/internal_message.html?_=1606617155070&CODE_STATE=getMsg HTTP/1.1" 302 -
114.88.175.227 - - [29/Nov/2020:10:34:56 +0800] "POST /xingrg/kc/buy/cgsh_order_operate.html HTTP/1.1" 200 37
114.88.175.227 - - [29/Nov/2020:10:34:58 +0800] "POST /xingrg/kc/buy/cgsh_order_operate.html HTTP/1.1" 200 3248
116.228.172.94 - - [29/Nov/2020:10:34:59 +0800] "GET /xingrg/all/function/internal_message.html?_=1606617291587&CODE_STATE=getMsg HTTP/1.1" 200 27
180.162.223.42 - - [29/Nov/2020:10:34:59 +0800] "GET /xingrg/kc/buy/cgsh_order_operate.html?command=get_materiel&rest_code=00105&code=00101008212&supplier_code=00100203&order_time=2020-11-29 HTTP/1.1" 200 412
114.88.175.227 - - [29/Nov/2020:10:35:00 +0800] "GET /xingrg/kc/print/load_data.html?order_code=212020112911414&kc_code=cgsh&condition= HTTP/1.1" 200 885
101.89.239.120 - - [29/Nov/2020:10:35:02 +0800] "GET /xingrg/login.html HTTP/1.1" 200 7641
114.88.175.227 - - [29/Nov/2020:10:35:05 +0800] "GET /xingrg/kc/buy/cgsh_order_add.html HTTP/1.1" 200 60807
114.88.175.227 - - [29/Nov/2020:10:35:05 +0800] "GET /xingrg/javascript/easyui/themes/default/validatebox.css HTTP/1.1" 404 1104
114.88.175.227 - - [29/Nov/2020:10:35:05 +0800] "POST /xingrg/kc/buy/cgsh_order_operate.html HTTP/1.1" 200 8245
180.162.223.42 - - [29/Nov/2020:10:35:05 +0800] "GET /xingrg/kc/buy/cgsh_order_operate.html?command=get_materiel&rest_code=00105&code=00101008251&supplier_code=00100203&order_time=2020-11-29 HTTP/1.1" 200 408
117.184.7.30 - - [29/Nov/2020:10:35:06 +0800] "GET /xingrg/all/function/internal_message.html?_=1606617301836&CODE_STATE=getMsg HTTP/1.1" 200 27
172.17.200.101 - - [29/Nov/2020:10:35:07 +0800] "GET /xingrg/check_reg.html?_=1606617308046 HTTP/1.1" 200 22
172.17.200.101 - - [29/Nov/2020:10:35:07 +0800] "GET /xingrg/all/function/internal_message.html?_=1606617308050&CODE_STATE=getMsg HTTP/1.1" 200 27
114.84.145.85 - - [29/Nov/2020:10:35:08 +0800] "GET /xingrg/kc/buy/cgsh_order_operate.html?command=get_materiel&rest_code=00141&code=00101008095&supplier_code=00100007&order_time=2020-11-29 HTTP/1.1" 200 412
172.17.0.120 - - [29/Nov/2020:10:35:08 +0800] "GET /xingrg/all/function/internal_message.html?_=1606617627764&CODE_STATE=getMsg HTTP/1.1" 200 27
180.162.223.42 - - [29/Nov/2020:10:35:09 +0800] "POST /xingrg/kc/buy/cgsh_order_operate.html HTTP/1.1" 200 2065
116.232.51.253 - - [29/Nov/2020:10:35:10 +0800] "GET /xingrg/all/function/internal_message.html?_=1606617317046&CODE_STATE=getMsg HTTP/1.1" 200 27
180.162.223.42 - - [29/Nov/2020:10:35:10 +0800] "POST /xingrg/kc/buy/cgsh_order_operate.html HTTP/1.1" 200 2065
101.85.228.137 - - [29/Nov/2020:10:35:10 +0800] "POST /xingrg/dwr/call/plaincall/AjaxReportQueryService.refreshCache.dwr HTTP/1.1" 200 78
114.88.175.227 - - [29/Nov/2020:10:35:11 +0800] "GET /xingrg/kc/buy/cgsh_order_operate.html?command=get_materiel&rest_code=00111&code=00101004090&supplier_code=00100312&order_time=2020-11-29 HTTP/1.1" 200 412
101.85.228.137 - - [29/Nov/2020:10:35:13 +0800] "POST /xingrg/all/report/load_report_page.html HTTP/1.1" 200 128309
101.85.228.137 - - [29/Nov/2020:10:35:13 +0800] "GET /xingrg/images/blue/button/back2.gif HTTP/1.1" 200 1339
101.85.228.137 - - [29/Nov/2020:10:35:13 +0800] "GET /xingrg/images/blue/button/back.gif HTTP/1.1" 200 1352
101.85.228.137 - - [29/Nov/2020:10:35:13 +0800] "GET /xingrg/servlets/image?cache=0.7669854132981434&image=px HTTP/1.1" 200 807
172.17.0.123 - - [29/Nov/2020:10:35:13 +0800] "GET /xingrg/all/function/internal_message.html?_=1606617242850&CODE_STATE=getMsg HTTP/1.1" 200 27
120.253.135.82 - - [29/Nov/2020:10:35:14 +0800] "GET /xingrg/check_reg.html?_=1606617058727 HTTP/1.1" 200 22
114.84.145.85 - - [29/Nov/2020:10:35:15 +0800] "GET /xingrg/kc/buy/cgsh_order_operate.html?command=get_materiel&rest_code=00141&code=00101009004&supplier_code=00100007&order_time=2020-11-29 HTTP/1.1" 200 409
180.174.56.115 - - [29/Nov/2020:10:35:17 +0800] "GET /xingrg/all/function/internal_message.html?_=1606617313891&CODE_STATE=getMsg HTTP/1.1" 200 27
114.88.175.227 - - [29/Nov/2020:10:35:19 +0800] "GET /xingrg/kc/buy/cgsh_order_operate.html?command=get_materiel&rest_code=00111&code=00101004067&supplier_code=00100312&order_time=2020-11-29 HTTP/1.1" 200 415
114.84.37.38 - - [29/Nov/2020:10:35:19 +0800] "GET /xingrg/check_reg.html?_=1606617316881 HTTP/1.1" 200 22
172.17.0.102 - - [29/Nov/2020:10:35:19 +0800] "GET /xingrg/all/function/internal_message.html?_=1606617316835&CODE_STATE=getMsg HTTP/1.1" 200 27
114.84.145.85 - - [29/Nov/2020:10:35:21 +0800] "GET /xingrg/all/function/internal_message.html?_=1606617335096&CODE_STATE=getMsg HTTP/1.1" 200 27
180.162.223.42 - - [29/Nov/2020:10:35:22 +0800] "GET /xingrg/kc/buy/cgsh_order_operate.html?command=get_materiel&rest_code=00105&code=00101008137&supplier_code=00100203&order_time=2020-11-29 HTTP/1.1" 200 408
116.228.172.94 - - [29/Nov/2020:10:35:25 +0800] "GET /xingrg/kc/base/wldb_order_operate.html?command=get_materiel&rest_code=00107&base_code=0010151&code=00101019505 HTTP/1.1" 200 480
222.69.133.109 - - [29/Nov/2020:10:35:27 +0800] "GET /xingrg/all/function/internal_message.html?_=1606617323249&CODE_STATE=getMsg HTTP/1.1" 200 27
114.84.37.38 - - [29/Nov/2020:10:35:27 +0800] "GET /xingrg/check_reg.html?_=1606617322203 HTTP/1.1" 302 -
114.84.145.85 - - [29/Nov/2020:10:35:27 +0800] "GET /xingrg/kc/buy/cgsh_order_operate.html?command=get_materiel&rest_code=00141&code=00101015046&supplier_code=00100007&order_time=2020-11-29 HTTP/1.1" 200 413
114.84.145.85 - - [29/Nov/2020:10:35:29 +0800] "POST /xingrg/kc/buy/cgsh_order_operate.html HTTP/1.1" 200 2065
180.162.223.42 - - [29/Nov/2020:10:35:29 +0800] "GET /xingrg/all/function/internal_message.html?_=1606617325788&CODE_STATE=getMsg HTTP/1.1" 200 27
117.131.5.26 - - [29/Nov/2020:10:35:31 +0800] "GET /xingrg/all/function/internal_message.html?_=1606617363156&CODE_STATE=getMsg HTTP/1.1" 200 27
117.131.5.26 - - [29/Nov/2020:10:35:31 +0800] "GET /xingrg/check_reg.html?_=1606617363157 HTTP/1.1" 200 22
114.88.175.227 - - [29/Nov/2020:10:35:31 +0800] "GET /xingrg/kc/buy/cgsh_order_operate.html?command=get_materiel&rest_code=00111&code=00101004020&supplier_code=00100312&order_time=2020-11-29 HTTP/1.1" 200 409
114.84.145.85 - - [29/Nov/2020:10:35:34 +0800] "GET /xingrg/kc/buy/cgsh_order_operate.html?command=get_materiel&rest_code=00141&code=00101008255&supplier_code=00100007&order_time=2020-11-29 HTTP/1.1" 200 413
116.228.172.94 - - [29/Nov/2020:10:35:36 +0800] "POST /xingrg/kc/base/wldb_order_operate.html HTTP/1.1" 200 37
116.228.172.94 - - [29/Nov/2020:10:35:37 +0800] "POST /xingrg/kc/base/wldb_order_operate.html HTTP/1.1" 200 6173
116.228.172.94 - - [29/Nov/2020:10:35:37 +0800] "GET /xingrg/kc/base/wldb_order_info.html?code=422020112903270 HTTP/1.1" 200 30604
101.85.228.137 - - [29/Nov/2020:10:35:37 +0800] "GET /xingrg/check_reg.html?_=1606617560837 HTTP/1.1" 200 22
114.88.175.227 - - [29/Nov/2020:10:35:38 +0800] "POST /xingrg/kc/buy/cgsh_order_operate.html HTTP/1.1" 200 37
116.228.172.94 - - [29/Nov/2020:10:35:38 +0800] "GET /xingrg/javascript/easyui/themes/default/validatebox.css HTTP/1.1" 404 1104
116.228.172.94 - - [29/Nov/2020:10:35:39 +0800] "POST /xingrg/kc/base/wldb_order_operate.html HTTP/1.1" 200 6173
114.88.175.227 - - [29/Nov/2020:10:35:39 +0800] "POST /xingrg/kc/buy/cgsh_order_operate.html HTTP/1.1" 200 3838
114.84.37.38 - - [29/Nov/2020:10:35:39 +0800] "GET /xingrg/all/function/internal_message.html?_=1606617334133&CODE_STATE=getMsg HTTP/1.1" 302 -
114.88.175.227 - - [29/Nov/2020:10:35:41 +0800] "GET /xingrg/kc/print/load_data.html?order_code=212020112911415&kc_code=cgsh&condition= HTTP/1.1" 200 1123
114.84.145.85 - - [29/Nov/2020:10:35:42 +0800] "GET /xingrg/kc/buy/cgsh_order_operate.html?command=get_materiel&rest_code=00141&code=00101008324&supplier_code=00100007&order_time=2020-11-29 HTTP/1.1" 200 413
101.85.228.137 - - [29/Nov/2020:10:35:42 +0800] "GET /xingrg/all/function/internal_message.html?_=1606617566060&CODE_STATE=getMsg HTTP/1.1" 200 27
222.69.136.133 - - [29/Nov/2020:10:35:44 +0800] "GET /xingrg/all/function/internal_message.html?_=1606617340843&CODE_STATE=getMsg HTTP/1.1" 200 27
116.228.172.94 - - [29/Nov/2020:10:35:48 +0800] "GET /xingrg/kc/base/wldb_order_operate.html?command=get_materiel&rest_code=00107&base_code=0010151&code=00101016007 HTTP/1.1" 200 450
114.84.145.85 - - [29/Nov/2020:10:35:49 +0800] "GET /xingrg/kc/buy/cgsh_order_operate.html?command=get_materiel&rest_code=00141&code=00101008284&supplier_code=00100007&order_time=2020-11-29 HTTP/1.1" 200 413
114.84.37.38 - - [29/Nov/2020:10:35:50 +0800] "GET /xingrg/all/function/internal_message.html?_=1606617347756&CODE_STATE=getMsg HTTP/1.1" 200 27
114.88.175.227 - - [29/Nov/2020:10:35:50 +0800] "GET /xingrg/check_reg.html?_=1606617462109 HTTP/1.1" 200 22
114.88.175.227 - - [29/Nov/2020:10:35:50 +0800] "GET /xingrg/all/function/internal_message.html?_=1606617462277&CODE_STATE=getMsg HTTP/1.1" 200 27
114.88.175.227 - - [29/Nov/2020:10:35:52 +0800] "GET /xingrg/all/function/internal_message.html?_=1606617345378&CODE_STATE=getMsg HTTP/1.1" 200 27
222.69.133.109 - - [29/Nov/2020:10:35:52 +0800] "POST /xingrg/kc/buy/cgsh_list_operate.html HTTP/1.1" 200 876
222.69.133.109 - - [29/Nov/2020:10:35:54 +0800] "GET /xingrg/kc/buy/cgsh_order_add.html HTTP/1.1" 200 59929
222.69.133.109 - - [29/Nov/2020:10:35:54 +0800] "POST /xingrg/kc/buy/cgsh_order_operate.html HTTP/1.1" 200 8245
222.69.133.109 - - [29/Nov/2020:10:35:54 +0800] "GET /xingrg/javascript/easyui/themes/default/validatebox.css HTTP/1.1" 404 1104
114.88.175.227 - - [29/Nov/2020:10:35:55 +0800] "GET /xingrg/kc/buy/cgsh_order_add.html HTTP/1.1" 200 60807
114.84.145.85 - - [29/Nov/2020:10:35:55 +0800] "GET /xingrg/all/function/internal_message.html?_=1606616931595&CODE_STATE=getMsg HTTP/1.1" 200 27
114.88.175.227 - - [29/Nov/2020:10:35:55 +0800] "GET /xingrg/javascript/easyui/themes/default/validatebox.css HTTP/1.1" 404 1104
114.88.175.227 - - [29/Nov/2020:10:35:55 +0800] "POST /xingrg/kc/buy/cgsh_order_operate.html HTTP/1.1" 200 8245
116.228.172.94 - - [29/Nov/2020:10:35:56 +0800] "POST /xingrg/kc/base/wldb_order_operate.html HTTP/1.1" 200 37
116.228.172.94 - - [29/Nov/2020:10:35:56 +0800] "POST /xingrg/kc/base/wldb_order_operate.html HTTP/1.1" 200 6658
180.162.223.42 - - [29/Nov/2020:10:36:03 +0800] "GET /xingrg/kc/buy/cgsh_order_operate.html?command=get_materiel&rest_code=00105&code=00101008350&supplier_code=00100203&order_time=2020-11-29 HTTP/1.1" 200 408
172.17.0.119 - - [29/Nov/2020:10:36:03 +0800] "GET /favicon.ico HTTP/1.1" 404 -
114.84.145.85 - - [29/Nov/2020:10:36:03 +0800] "GET /xingrg/kc/buy/cgsh_order_operate.html?command=get_materiel&rest_code=00141&code=00101009013&supplier_code=00100007&order_time=2020-11-29 HTTP/1.1" 200 420
114.88.175.227 - - [29/Nov/2020:10:36:05 +0800] "GET /xingrg/kc/buy/cgsh_order_operate.html?command=get_materiel&rest_code=00111&code=00101010549&supplier_code=00100347&order_time=2020-11-29 HTTP/1.1" 200 403
117.184.7.30 - - [29/Nov/2020:10:36:06 +0800] "GET /xingrg/all/function/internal_message.html?_=1606617361838&CODE_STATE=getMsg HTTP/1.1" 200 27
116.228.172.94 - - [29/Nov/2020:10:36:06 +0800] "GET /xingrg/kc/base/wldb_order_info.html?code=422020112903270 HTTP/1.1" 200 30604
116.228.172.94 - - [29/Nov/2020:10:36:07 +0800] "GET /xingrg/javascript/easyui/themes/default/validatebox.css HTTP/1.1" 404 1104
116.228.172.94 - - [29/Nov/2020:10:36:07 +0800] "POST /xingrg/kc/base/wldb_order_operate.html HTTP/1.1" 200 6658
172.17.200.101 - - [29/Nov/2020:10:36:07 +0800] "GET /xingrg/all/function/internal_message.html?_=1606617368052&CODE_STATE=getMsg HTTP/1.1" 200 27
172.17.0.120 - - [29/Nov/2020:10:36:08 +0800] "GET /xingrg/all/function/internal_message.html?_=1606617687768&CODE_STATE=getMsg HTTP/1.1" 200 27
172.17.0.119 - - [29/Nov/2020:10:36:08 +0800] "GET /favicon.ico HTTP/1.1" 404 -
116.228.172.94 - - [29/Nov/2020:10:36:09 +0800] "GET /xingrg/kc/base/wldb_order_add.html HTTP/1.1" 200 30589
116.232.51.253 - - [29/Nov/2020:10:36:09 +0800] "GET /xingrg/all/function/internal_message.html?_=1606617377046&CODE_STATE=getMsg HTTP/1.1" 200 27
116.228.172.94 - - [29/Nov/2020:10:36:10 +0800] "GET /xingrg/javascript/easyui/themes/default/validatebox.css HTTP/1.1" 404 1104
116.228.172.94 - - [29/Nov/2020:10:36:10 +0800] "POST /xingrg/kc/base/wldb_order_operate.html HTTP/1.1" 200 6806
114.84.145.85 - - [29/Nov/2020:10:36:11 +0800] "GET /xingrg/kc/buy/cgsh_order_operate.html?command=get_materiel&rest_code=00141&code=00101009016&supplier_code=00100007&order_time=2020-11-29 HTTP/1.1" 200 412
116.228.172.94 - - [29/Nov/2020:10:36:12 +0800] "POST /xingrg/all/common/load_combo.html?type=base HTTP/1.1" 200 3324
172.17.0.123 - - [29/Nov/2020:10:36:13 +0800] "GET /xingrg/all/function/internal_message.html?_=1606617302852&CODE_STATE=getMsg HTTP/1.1" 200 27
172.17.0.123 - - [29/Nov/2020:10:36:13 +0800] "GET /xingrg/check_reg.html?_=1606617302852 HTTP/1.1" 200 22
116.228.172.94 - - [29/Nov/2020:10:36:14 +0800] "POST /xingrg/all/common/load_combo.html?type=base HTTP/1.1" 200 3324
114.84.145.85 - - [29/Nov/2020:10:36:14 +0800] "POST /xingrg/kc/buy/cgsh_order_operate.html HTTP/1.1" 200 2065
180.174.56.115 - - [29/Nov/2020:10:36:17 +0800] "GET /xingrg/all/function/internal_message.html?_=1606617373893&CODE_STATE=getMsg HTTP/1.1" 200 27
114.88.175.227 - - [29/Nov/2020:10:36:18 +0800] "GET /xingrg/kc/buy/cgsh_order_operate.html?command=get_materiel&rest_code=00111&code=00101003017&supplier_code=00100347&order_time=2020-11-29 HTTP/1.1" 200 424
114.84.145.85 - - [29/Nov/2020:10:36:19 +0800] "GET /xingrg/kc/buy/cgsh_order_operate.html?command=get_materiel&rest_code=00141&code=00101015044&supplier_code=00100007&order_time=2020-11-29 HTTP/1.1" 200 409
172.17.0.102 - - [29/Nov/2020:10:36:19 +0800] "GET /xingrg/all/function/internal_message.html?_=1606617376835&CODE_STATE=getMsg HTTP/1.1" 200 27
114.84.145.85 - - [29/Nov/2020:10:36:21 +0800] "GET /xingrg/all/function/internal_message.html?_=1606617395094&CODE_STATE=getMsg HTTP/1.1" 200 27
116.228.172.94 - - [29/Nov/2020:10:36:22 +0800] "GET /xingrg/kc/base/wldb_order_operate.html?command=get_materiel&rest_code=00107&base_code=0010151&code=00101016044 HTTP/1.1" 200 464
114.84.145.85 - - [29/Nov/2020:10:36:26 +0800] "GET /xingrg/kc/buy/cgsh_order_operate.html?command=get_materiel&rest_code=00141&code=00101008123&supplier_code=00100007&order_time=2020-11-29 HTTP/1.1" 200 413
180.162.223.42 - - [29/Nov/2020:10:36:27 +0800] "GET /xingrg/kc/buy/cgsh_order_operate.html?command=get_materiel&rest_code=00105&code=00101015074&supplier_code=00100203&order_time=2020-11-29 HTTP/1.1" 200 408
222.69.133.109 - - [29/Nov/2020:10:36:27 +0800] "GET /xingrg/all/function/internal_message.html?_=1606617383238&CODE_STATE=getMsg HTTP/1.1" 200 27
114.88.175.227 - - [29/Nov/2020:10:36:28 +0800] "GET /xingrg/check_reg.html?_=1606617380752 HTTP/1.1" 200 22
114.88.175.227 - - [29/Nov/2020:10:36:29 +0800] "GET /xingrg/kc/buy/cgsh_order_operate.html?command=get_materiel&rest_code=00111&code=00101001019&supplier_code=00100347&order_time=2020-11-29 HTTP/1.1" 200 413
180.162.223.42 - - [29/Nov/2020:10:36:29 +0800] "GET /xingrg/all/function/internal_message.html?_=1606617385796&CODE_STATE=getMsg HTTP/1.1" 200 27
117.131.5.26 - - [29/Nov/2020:10:36:31 +0800] "GET /xingrg/all/function/internal_message.html?_=1606617423171&CODE_STATE=getMsg HTTP/1.1" 200 27
222.69.133.109 - - [29/Nov/2020:10:36:31 +0800] "GET /xingrg/kc/buy/cgsh_order_operate.html?command=get_materiel&rest_code=00154&code=00101008283&supplier_code=00100417&order_time=2020-11-29 HTTP/1.1" 200 408
114.84.145.85 - - [29/Nov/2020:10:36:34 +0800] "GET /xingrg/kc/buy/cgsh_order_operate.html?command=get_materiel&rest_code=00141&code=00101015038&supplier_code=00100007&order_time=2020-11-29 HTTP/1.1" 200 419
117.184.7.30 - - [29/Nov/2020:10:36:34 +0800] "POST /xingrg/services/DataTransmitService HTTP/1.1" 200 524
117.185.32.26 - - [29/Nov/2020:10:36:35 +0800] "POST /xingrg/login.do HTTP/1.1" 302 -
117.185.32.26 - - [29/Nov/2020:10:36:35 +0800] "GET /xingrg/index.html?sysBaseUrl=http%3A%2F%2F180.169.147.146%3A18081%2Fxingrg%2F&costTime=39×tamp=1606617395062 HTTP/1.1" 200 17173
117.185.32.26 - - [29/Nov/2020:10:36:35 +0800] "GET /favicon.ico HTTP/1.1" 404 -
117.185.32.26 - - [29/Nov/2020:10:36:36 +0800] "POST /xingrg/all/common/load_tree.html?tree=area_rest_tree_json&manage=1 HTTP/1.1" 200 342
117.185.32.26 - - [29/Nov/2020:10:36:36 +0800] "GET /xingrg/all/function/internal_message.html?_=1606617824967&CODE_STATE=count HTTP/1.1" 200 11
117.185.32.26 - - [29/Nov/2020:10:36:36 +0800] "GET /xingrg/check_reg.html?_=1606617824970 HTTP/1.1" 200 22
117.185.32.26 - - [29/Nov/2020:10:36:36 +0800] "POST /xingrg/load_menu.html HTTP/1.1" 200 5138
117.185.32.26 - - [29/Nov/2020:10:36:38 +0800] "GET /xingrg/kc/buy/buy_main.html HTTP/1.1" 200 12412
117.185.32.26 - - [29/Nov/2020:10:36:38 +0800] "GET /xingrg/css/new_ie.css HTTP/1.1" 404 1036
114.84.37.38 - - [29/Nov/2020:10:36:39 +0800] "GET /xingrg/all/function/internal_message.html?_=1606617394157&CODE_STATE=getMsg HTTP/1.1" 302 -
117.185.32.26 - - [29/Nov/2020:10:36:39 +0800] "GET /xingrg/images/yd/bt.gif HTTP/1.1" 404 1040
114.88.175.227 - - [29/Nov/2020:10:36:40 +0800] "GET /xingrg/kc/buy/cgsh_order_operate.html?command=get_materiel&rest_code=00111&code=00101002013&supplier_code=00100347&order_time=2020-11-29 HTTP/1.1" 200 414
114.84.145.85 - - [29/Nov/2020:10:36:40 +0800] "GET /xingrg/kc/buy/cgsh_order_operate.html?command=get_materiel&rest_code=00141&code=00101008437&supplier_code=00100007&order_time=2020-11-29 HTTP/1.1" 200 396
117.185.32.26 - - [29/Nov/2020:10:36:40 +0800] "GET /xingrg/kc/buy/cgsh_order_list.html HTTP/1.1" 200 45069
101.85.228.137 - - [29/Nov/2020:10:36:42 +0800] "GET /xingrg/all/function/internal_message.html?_=1606617626074&CODE_STATE=getMsg HTTP/1.1" 200 27
117.185.32.26 - - [29/Nov/2020:10:36:43 +0800] "POST /xingrg/kc/buy/cgsh_list_operate.html HTTP/1.1" 200 876
222.69.136.133 - - [29/Nov/2020:10:36:44 +0800] "GET /xingrg/all/function/internal_message.html?_=1606617400827&CODE_STATE=getMsg HTTP/1.1" 200 27
117.185.32.26 - - [29/Nov/2020:10:36:45 +0800] "GET /xingrg/kc/buy/cgsh_order_add.html HTTP/1.1" 200 60807
117.185.32.26 - - [29/Nov/2020:10:36:45 +0800] "GET /xingrg/words/20201127160732_words.js HTTP/1.1" 304 -
117.185.32.26 - - [29/Nov/2020:10:36:46 +0800] "POST /xingrg/kc/buy/cgsh_order_operate.html HTTP/1.1" 200 8245
117.185.32.26 - - [29/Nov/2020:10:36:46 +0800] "GET /xingrg/all/common/auto_word.html?type=employee&rest_code=00106 HTTP/1.1" 200 205
117.185.32.26 - - [29/Nov/2020:10:36:46 +0800] "GET /xingrg/javascript/easyui/themes/default/validatebox.css HTTP/1.1" 404 1104
117.185.32.26 - - [29/Nov/2020:10:36:46 +0800] "GET /xingrg/all/common/auto_word.html?type=employee&rest_code=00106 HTTP/1.1" 200 205
114.84.145.85 - - [29/Nov/2020:10:36:47 +0800] "GET /xingrg/kc/buy/cgsh_order_operate.html?command=get_materiel&rest_code=00141&code=00101008114&supplier_code=00100007&order_time=2020-11-29 HTTP/1.1" 200 414
117.185.32.26 - - [29/Nov/2020:10:36:47 +0800] "GET /xingrg/javascript/easyui/themes/default/tree.css HTTP/1.1" 404 1090
117.185.32.26 - - [29/Nov/2020:10:36:47 +0800] "POST /xingrg/all/common/load_tree.html?tree=supplier_tree_json&isDelete=1 HTTP/1.1" 200 52105
114.88.175.227 - - [29/Nov/2020:10:36:49 +0800] "GET /xingrg/kc/buy/cgsh_order_operate.html?command=get_materiel&rest_code=00111&code=00101005022&supplier_code=00100347&order_time=2020-11-29 HTTP/1.1" 200 436
114.84.37.38 - - [29/Nov/2020:10:36:50 +0800] "GET /xingrg/all/function/internal_message.html?_=1606617407767&CODE_STATE=getMsg HTTP/1.1" 200 27
114.88.175.227 - - [29/Nov/2020:10:36:50 +0800] "GET /xingrg/all/function/internal_message.html?_=1606617522274&CODE_STATE=getMsg HTTP/1.1" 200 27
114.88.175.227 - - [29/Nov/2020:10:36:52 +0800] "GET /xingrg/all/function/internal_message.html?_=1606617405391&CODE_STATE=getMsg HTTP/1.1" 200 27
114.84.145.85 - - [29/Nov/2020:10:36:53 +0800] "POST /xingrg/kc/buy/cgsh_order_operate.html HTTP/1.1" 200 2065
101.89.239.230 - - [29/Nov/2020:10:36:53 +0800] "GET /xingrg/all/function/internal_message.html?_=1606617275097&CODE_STATE=getMsg HTTP/1.1" 302 -
114.84.145.85 - - [29/Nov/2020:10:36:55 +0800] "GET /xingrg/all/function/internal_message.html?_=1606616991587&CODE_STATE=getMsg HTTP/1.1" 200 27
116.228.172.94 - - [29/Nov/2020:10:36:55 +0800] "GET /xingrg/kc/base/wldb_order_operate.html?command=get_materiel&rest_code=00107&base_code=0010151&code=00101019400 HTTP/1.1" 200 451
114.88.175.227 - - [29/Nov/2020:10:36:56 +0800] "GET /xingrg/kc/buy/cgsh_order_operate.html?command=get_materiel&rest_code=00111&code=00101001023&supplier_code=00100347&order_time=2020-11-29 HTTP/1.1" 200 415
114.84.145.85 - - [29/Nov/2020:10:36:57 +0800] "GET /xingrg/kc/buy/cgsh_order_operate.html?command=get_materiel&rest_code=00141&code=00101008236&supplier_code=00100007&order_time=2020-11-29 HTTP/1.1" 200 416
116.228.172.94 - - [29/Nov/2020:10:36:59 +0800] "GET /xingrg/all/function/internal_message.html?_=1606617411595&CODE_STATE=getMsg HTTP/1.1" 200 27
101.89.239.230 - - [29/Nov/2020:10:37:03 +0800] "GET /xingrg/login.html HTTP/1.1" 200 7641
114.88.175.227 - - [29/Nov/2020:10:37:03 +0800] "POST /xingrg/kc/buy/cgsh_order_operate.html HTTP/1.1" 200 37
114.88.175.227 - - [29/Nov/2020:10:37:04 +0800] "POST /xingrg/kc/buy/cgsh_order_operate.html HTTP/1.1" 200 5662
114.88.175.227 - - [29/Nov/2020:10:37:06 +0800] "GET /xingrg/kc/print/report_design.html?orderType=cgsh HTTP/1.1" 200 8625
117.184.7.30 - - [29/Nov/2020:10:37:06 +0800] "GET /xingrg/all/function/internal_message.html?_=1606617421875&CODE_STATE=getMsg HTTP/1.1" 200 27
114.88.175.227 - - [29/Nov/2020:10:37:06 +0800] "GET /xingrg/kc/print/design_operate.html?_=1606617538083&command=load_config&code=cgsh HTTP/1.1" 200 2747
114.88.175.227 - - [29/Nov/2020:10:37:06 +0800] "GET /favicon.ico HTTP/1.1" 404 -
172.17.200.101 - - [29/Nov/2020:10:37:07 +0800] "GET /xingrg/all/function/internal_message.html?_=1606617428055&CODE_STATE=getMsg HTTP/1.1" 200 27
180.162.223.42 - - [29/Nov/2020:10:37:08 +0800] "POST /xingrg/kc/buy/cgsh_order_operate.html HTTP/1.1" 200 2065
172.17.0.120 - - [29/Nov/2020:10:37:08 +0800] "GET /xingrg/all/function/internal_message.html?_=1606617747772&CODE_STATE=getMsg HTTP/1.1" 200 27
114.88.175.227 - - [29/Nov/2020:10:37:08 +0800] "GET /xingrg/kc/print/load_data.html?order_code=212020112911416&kc_code=cgsh&condition= HTTP/1.1" 200 1830
116.232.51.253 - - [29/Nov/2020:10:37:09 +0800] "GET /xingrg/all/function/internal_message.html?_=1606617437045&CODE_STATE=getMsg HTTP/1.1" 200 27
116.232.51.253 - - [29/Nov/2020:10:37:09 +0800] "GET /xingrg/check_reg.html?_=1606617437046 HTTP/1.1" 200 22
180.162.223.42 - - [29/Nov/2020:10:37:09 +0800] "POST /xingrg/kc/buy/cgsh_order_operate.html HTTP/1.1" 200 2065
172.17.0.123 - - [29/Nov/2020:10:37:13 +0800] "GET /xingrg/all/function/internal_message.html?_=1606617362854&CODE_STATE=getMsg HTTP/1.1" 200 27
222.69.133.109 - - [29/Nov/2020:10:37:14 +0800] "GET /xingrg/kc/buy/cgsh_order_operate.html?command=get_materiel&rest_code=00154&code=00101013032&supplier_code=00100417&order_time=2020-11-29 HTTP/1.1" 200 449
180.174.56.115 - - [29/Nov/2020:10:37:17 +0800] "GET /xingrg/all/function/internal_message.html?_=1606617433894&CODE_STATE=getMsg HTTP/1.1" 200 27
172.17.0.102 - - [29/Nov/2020:10:37:19 +0800] "GET /xingrg/all/function/internal_message.html?_=1606617436863&CODE_STATE=getMsg HTTP/1.1" 200 27
114.84.145.85 - - [29/Nov/2020:10:37:21 +0800] "GET /xingrg/all/function/internal_message.html?_=1606617455096&CODE_STATE=getMsg HTTP/1.1" 200 27
117.185.32.26 - - [29/Nov/2020:10:37:22 +0800] "GET /xingrg/javascript/auto/indicator.gif HTTP/1.1" 404 1066
114.88.175.227 - - [29/Nov/2020:10:37:25 +0800] "GET /xingrg/kc/buy/cgsh_order_list.html HTTP/1.1" 200 45069
180.162.223.42 - - [29/Nov/2020:10:37:27 +0800] "GET /xingrg/kc/buy/cgsh_order_operate.html?command=get_materiel&rest_code=00105&code=00101008439&supplier_code=00100203&order_time=2020-11-29 HTTP/1.1" 200 399
222.69.133.109 - - [29/Nov/2020:10:37:27 +0800] "GET /xingrg/all/function/internal_message.html?_=1606617443258&CODE_STATE=getMsg HTTP/1.1" 200 27
222.69.133.109 - - [29/Nov/2020:10:37:27 +0800] "GET /xingrg/check_reg.html?_=1606617443263 HTTP/1.1" 200 22
114.88.175.227 - - [29/Nov/2020:10:37:27 +0800] "POST /xingrg/kc/buy/cgsh_list_operate.html HTTP/1.1" 200 5677
117.185.32.26 - - [29/Nov/2020:10:37:28 +0800] "GET /xingrg/kc/buy/cgsh_order_operate.html?command=get_materiel&rest_code=00106&code=00101001051&supplier_code=00100090&order_time=2020-11-29 HTTP/1.1" 200 442
180.162.223.42 - - [29/Nov/2020:10:37:29 +0800] "GET /xingrg/all/function/internal_message.html?_=1606617445698&CODE_STATE=getMsg HTTP/1.1" 200 27
117.131.5.26 - - [29/Nov/2020:10:37:31 +0800] "GET /xingrg/all/function/internal_message.html?_=1606617483170&CODE_STATE=getMsg HTTP/1.1" 200 27
222.69.133.109 - - [29/Nov/2020:10:37:32 +0800] "GET /xingrg/kc/buy/cgsh_order_operate.html?command=get_materiel&rest_code=00154&code=00101008125&supplier_code=00100417&order_time=2020-11-29 HTTP/1.1" 200 413
116.228.172.94 - - [29/Nov/2020:10:37:33 +0800] "GET /xingrg/kc/base/wldb_order_operate.html?command=get_materiel&rest_code=00107&base_code=0010151&code=00101019183 HTTP/1.1" 200 433
117.185.32.26 - - [29/Nov/2020:10:37:36 +0800] "GET /xingrg/all/function/internal_message.html?_=1606617884979&CODE_STATE=getMsg HTTP/1.1" 200 27
114.84.37.38 - - [29/Nov/2020:10:37:39 +0800] "GET /xingrg/all/function/internal_message.html?_=1606617454160&CODE_STATE=getMsg HTTP/1.1" 302 -
101.85.228.137 - - [29/Nov/2020:10:37:42 +0800] "GET /xingrg/all/function/internal_message.html?_=1606617686088&CODE_STATE=getMsg HTTP/1.1" 200 27
222.69.136.133 - - [29/Nov/2020:10:37:44 +0800] "GET /xingrg/all/function/internal_message.html?_=1606617460815&CODE_STATE=getMsg HTTP/1.1" 200 27
114.88.175.227 - - [29/Nov/2020:10:37:45 +0800] "POST /xingrg/kc/buy/cgsh_list_operate.html HTTP/1.1" 200 569
114.88.175.227 - - [29/Nov/2020:10:37:46 +0800] "GET /xingrg/kc/buy/cgsh_order_info.html?code=212020112911365 HTTP/1.1" 200 60818
114.88.175.227 - - [29/Nov/2020:10:37:46 +0800] "GET /xingrg/javascript/easyui/themes/default/validatebox.css HTTP/1.1" 404 1104
114.88.175.227 - - [29/Nov/2020:10:37:47 +0800] "POST /xingrg/kc/buy/cgsh_order_operate.html HTTP/1.1" 200 19260
116.228.172.94 - - [29/Nov/2020:10:37:48 +0800] "GET /xingrg/kc/base/wldb_order_operate.html?command=get_materiel&rest_code=00107&base_code=0010151&code=00101016094 HTTP/1.1" 200 470
180.162.223.42 - - [29/Nov/2020:10:37:48 +0800] "GET /xingrg/kc/buy/cgsh_order_operate.html?command=get_materiel&rest_code=00105&code=00101015006&supplier_code=00100203&order_time=2020-11-29 HTTP/1.1" 200 413
117.184.7.30 - - [29/Nov/2020:10:37:50 +0800] "GET /xingrg/kc/base/base_main.html HTTP/1.1" 200 12142
114.84.37.38 - - [29/Nov/2020:10:37:50 +0800] "GET /xingrg/all/function/internal_message.html?_=1606617468000&CODE_STATE=getMsg HTTP/1.1" 200 27
114.88.175.227 - - [29/Nov/2020:10:37:50 +0800] "GET /xingrg/all/function/internal_message.html?_=1606617582258&CODE_STATE=getMsg HTTP/1.1" 200 27
117.184.7.30 - - [29/Nov/2020:10:37:51 +0800] "GET /xingrg/kc/base/wldb_order_list.html HTTP/1.1" 200 19418
117.184.7.30 - - [29/Nov/2020:10:37:52 +0800] "POST /xingrg/kc/base/wldb_list_operate.html HTTP/1.1" 200 928
114.88.175.227 - - [29/Nov/2020:10:37:52 +0800] "GET /xingrg/all/function/internal_message.html?_=1606617465405&CODE_STATE=getMsg HTTP/1.1" 200 27
117.184.7.30 - - [29/Nov/2020:10:37:52 +0800] "GET /xingrg/kc/base/wldb_order_add.html HTTP/1.1" 200 30583
117.184.7.30 - - [29/Nov/2020:10:37:53 +0800] "POST /xingrg/kc/base/wldb_order_operate.html HTTP/1.1" 200 6806
117.184.7.30 - - [29/Nov/2020:10:37:53 +0800] "GET /xingrg/all/common/auto_word.html?type=base&rest_code=00108 HTTP/1.1" 200 1711
117.184.7.30 - - [29/Nov/2020:10:37:53 +0800] "GET /xingrg/all/common/auto_word.html?type=base&rest_code=00108 HTTP/1.1" 200 1711
117.184.7.30 - - [29/Nov/2020:10:37:53 +0800] "GET /xingrg/javascript/easyui/themes/default/validatebox.css HTTP/1.1" 404 1104
114.84.145.85 - - [29/Nov/2020:10:37:55 +0800] "GET /xingrg/all/function/internal_message.html?_=1606617051573&CODE_STATE=getMsg HTTP/1.1" 200 27
180.162.223.42 - - [29/Nov/2020:10:37:57 +0800] "GET /xingrg/kc/buy/cgsh_order_operate.html?command=get_materiel&rest_code=00105&code=00101020152&supplier_code=00100203&order_time=2020-11-29 HTTP/1.1" 200 416
116.228.172.94 - - [29/Nov/2020:10:37:58 +0800] "GET /xingrg/check_reg.html?_=1606617471418 HTTP/1.1" 200 22
116.228.172.94 - - [29/Nov/2020:10:37:59 +0800] "GET /xingrg/all/function/internal_message.html?_=1606617471567&CODE_STATE=getMsg HTTP/1.1" 200 27
117.184.7.30 - - [29/Nov/2020:10:38:03 +0800] "GET /xingrg/kc/base/wldb_order_operate.html?command=get_materiel&rest_code=00108&base_code=0010538&code=00101019275 HTTP/1.1" 200 483
117.184.7.30 - - [29/Nov/2020:10:38:06 +0800] "GET /xingrg/check_reg.html?_=1606617481835 HTTP/1.1" 200 22
117.184.7.30 - - [29/Nov/2020:10:38:06 +0800] "GET /xingrg/all/function/internal_message.html?_=1606617481851&CODE_STATE=getMsg HTTP/1.1" 200 27
172.17.200.101 - - [29/Nov/2020:10:38:07 +0800] "GET /xingrg/all/function/internal_message.html?_=1606617488059&CODE_STATE=getMsg HTTP/1.1" 200 27
172.17.0.120 - - [29/Nov/2020:10:38:08 +0800] "GET /xingrg/check_reg.html?_=1606617807775 HTTP/1.1" 200 22
172.17.0.120 - - [29/Nov/2020:10:38:08 +0800] "GET /xingrg/all/function/internal_message.html?_=1606617807776&CODE_STATE=getMsg HTTP/1.1" 200 27
116.232.51.253 - - [29/Nov/2020:10:38:09 +0800] "GET /xingrg/all/function/internal_message.html?_=1606617497046&CODE_STATE=getMsg HTTP/1.1" 200 27
172.17.0.123 - - [29/Nov/2020:10:38:13 +0800] "GET /xingrg/all/function/internal_message.html?_=1606617422854&CODE_STATE=getMsg HTTP/1.1" 200 27
180.162.223.42 - - [29/Nov/2020:10:38:13 +0800] "GET /xingrg/system/info/materiel_import.html?isSelect=1&singleSelect=false HTTP/1.1" 200 5600
180.162.223.42 - - [29/Nov/2020:10:38:14 +0800] "GET /favicon.ico HTTP/1.1" 404 -
180.162.223.42 - - [29/Nov/2020:10:38:14 +0800] "POST /xingrg/all/common/load_tree.html?tree=materiel_sort_tree_json HTTP/1.1" 200 8666
114.88.175.227 - - [29/Nov/2020:10:38:17 +0800] "POST /xingrg/kc/buy/cgsh_order_operate.html HTTP/1.1" 200 37
180.174.56.115 - - [29/Nov/2020:10:38:17 +0800] "GET /xingrg/all/function/internal_message.html?_=1606617493894&CODE_STATE=getMsg HTTP/1.1" 200 27
114.84.145.85 - - [29/Nov/2020:10:38:18 +0800] "GET /xingrg/check_reg.html?_=1606617511489 HTTP/1.1" 200 22
114.88.175.227 - - [29/Nov/2020:10:38:18 +0800] "POST /xingrg/kc/buy/cgsh_order_operate.html HTTP/1.1" 200 18670
222.69.133.109 - - [29/Nov/2020:10:38:18 +0800] "GET /xingrg/kc/buy/cgsh_order_operate.html?command=get_materiel&rest_code=00154&code=00101016057&supplier_code=00100417&order_time=2020-11-29 HTTP/1.1" 200 408
172.17.0.102 - - [29/Nov/2020:10:38:19 +0800] "GET /xingrg/all/function/internal_message.html?_=1606617496873&CODE_STATE=getMsg HTTP/1.1" 200 27
114.84.145.85 - - [29/Nov/2020:10:38:21 +0800] "GET /xingrg/all/function/internal_message.html?_=1606617515096&CODE_STATE=getMsg HTTP/1.1" 200 27
114.88.175.227 - - [29/Nov/2020:10:38:25 +0800] "GET /xingrg/index.html?sysBaseUrl=http%3A%2F%2F180.169.147.146%3A18081%2Fxingrg%2F&costTime=38×tamp=1588335986102 HTTP/1.1" 302 -
114.88.175.227 - - [29/Nov/2020:10:38:25 +0800] "GET /xingrg/login.html HTTP/1.1" 200 7641
116.228.172.94 - - [29/Nov/2020:10:38:26 +0800] "GET /xingrg/kc/base/wldb_order_operate.html?command=get_materiel&rest_code=00107&base_code=0010151&code=00101019535 HTTP/1.1" 200 476
114.88.175.227 - - [29/Nov/2020:10:38:26 +0800] "GET /favicon.ico HTTP/1.1" 404 -
222.69.133.109 - - [29/Nov/2020:10:38:27 +0800] "GET /xingrg/all/function/internal_message.html?_=1606617503250&CODE_STATE=getMsg HTTP/1.1" 200 27
180.162.223.42 - - [29/Nov/2020:10:38:29 +0800] "GET /xingrg/system/info/materiel_import.html?isSelect=1&singleSelect=false HTTP/1.1" 200 5600
114.88.175.227 - - [29/Nov/2020:10:38:30 +0800] "POST /xingrg/login.do HTTP/1.1" 302 -
180.162.223.42 - - [29/Nov/2020:10:38:30 +0800] "POST /xingrg/all/common/load_tree.html?tree=materiel_sort_tree_json HTTP/1.1" 200 8666
114.88.175.227 - - [29/Nov/2020:10:38:30 +0800] "GET /xingrg/index.html?sysBaseUrl=http%3A%2F%2F180.169.147.146%3A18081%2Fxingrg%2F&costTime=46×tamp=1606617510388 HTTP/1.1" 200 17173
180.162.223.42 - - [29/Nov/2020:10:38:30 +0800] "GET /favicon.ico HTTP/1.1" 404 -
180.162.223.42 - - [29/Nov/2020:10:38:30 +0800] "GET /xingrg/all/function/internal_message.html?_=1606617506429&CODE_STATE=getMsg HTTP/1.1" 200 27
180.162.223.42 - - [29/Nov/2020:10:38:30 +0800] "GET /xingrg/check_reg.html?_=1606617506430 HTTP/1.1" 200 22
114.88.175.227 - - [29/Nov/2020:10:38:30 +0800] "GET /favicon.ico HTTP/1.1" 404 -
114.88.175.227 - - [29/Nov/2020:10:38:30 +0800] "POST /xingrg/all/common/load_tree.html?tree=area_rest_tree_json&manage=1 HTTP/1.1" 200 342
114.88.175.227 - - [29/Nov/2020:10:38:30 +0800] "GET /xingrg/check_reg.html?_=1606617622428 HTTP/1.1" 200 22
114.88.175.227 - - [29/Nov/2020:10:38:30 +0800] "GET /xingrg/all/function/internal_message.html?_=1606617622427&CODE_STATE=count HTTP/1.1" 200 11
114.88.175.227 - - [29/Nov/2020:10:38:30 +0800] "POST /xingrg/load_menu.html HTTP/1.1" 200 5138
117.131.5.26 - - [29/Nov/2020:10:38:31 +0800] "GET /xingrg/all/function/internal_message.html?_=1606617543168&CODE_STATE=getMsg HTTP/1.1" 200 27
222.69.133.109 - - [29/Nov/2020:10:38:31 +0800] "GET /xingrg/kc/buy/cgsh_order_operate.html?command=get_materiel&rest_code=00154&code=00101008424&supplier_code=00100417&order_time=2020-11-29 HTTP/1.1" 200 399
101.93.222.235 - - [29/Nov/2020:10:38:31 +0800] "POST /xingrg/services/DataTransmitService HTTP/1.1" 200 524
101.93.222.235 - - [29/Nov/2020:10:38:32 +0800] "POST /xingrg/services/DataTransmitService HTTP/1.1" 200 501
114.88.175.227 - - [29/Nov/2020:10:38:32 +0800] "GET /xingrg/kc/buy/cgsh_order_list.html HTTP/1.1" 200 45069
114.88.175.227 - - [29/Nov/2020:10:38:34 +0800] "POST /xingrg/kc/buy/cgsh_list_operate.html HTTP/1.1" 200 5140
114.88.175.227 - - [29/Nov/2020:10:38:39 +0800] "POST /xingrg/kc/buy/cgsh_list_operate.html HTTP/1.1" 200 5677
114.84.37.38 - - [29/Nov/2020:10:38:39 +0800] "GET /xingrg/all/function/internal_message.html?_=1606617514185&CODE_STATE=getMsg HTTP/1.1" 302 -
116.228.172.94 - - [29/Nov/2020:10:38:42 +0800] "GET /xingrg/kc/base/wldb_order_operate.html?command=get_materiel&rest_code=00107&base_code=0010151&code=00101016029 HTTP/1.1" 200 462
101.85.228.137 - - [29/Nov/2020:10:38:42 +0800] "GET /xingrg/all/function/internal_message.html?_=1606617746100&CODE_STATE=getMsg HTTP/1.1" 200 27
222.69.136.133 - - [29/Nov/2020:10:38:44 +0800] "GET /xingrg/all/function/internal_message.html?_=1606617520799&CODE_STATE=getMsg HTTP/1.1" 200 27
117.185.32.26 - - [29/Nov/2020:10:38:49 +0800] "POST /xingrg/kc/buy/cgsh_order_operate.html HTTP/1.1" 200 37
116.228.172.94 - - [29/Nov/2020:10:38:50 +0800] "GET /xingrg/kc/base/wldb_order_operate.html?command=get_materiel&rest_code=00107&base_code=0010151&code=00101016020 HTTP/1.1" 200 447
114.84.37.38 - - [29/Nov/2020:10:38:50 +0800] "GET /xingrg/all/function/internal_message.html?_=1606617528013&CODE_STATE=getMsg HTTP/1.1" 200 27
180.162.223.42 - - [29/Nov/2020:10:38:51 +0800] "GET /xingrg/system/info/materiel_import.html?isSelect=1&singleSelect=false HTTP/1.1" 200 5600
180.162.223.42 - - [29/Nov/2020:10:38:51 +0800] "POST /xingrg/all/common/load_tree.html?tree=materiel_sort_tree_json HTTP/1.1" 200 8666
180.162.223.42 - - [29/Nov/2020:10:38:51 +0800] "GET /favicon.ico HTTP/1.1" 404 -
114.88.175.227 - - [29/Nov/2020:10:38:52 +0800] "GET /xingrg/all/function/internal_message.html?_=1606617525527&CODE_STATE=getMsg HTTP/1.1" 200 27
117.185.32.26 - - [29/Nov/2020:10:38:54 +0800] "POST /xingrg/kc/buy/cgsh_order_operate.html HTTP/1.1" 200 12
116.228.172.94 - - [29/Nov/2020:10:38:54 +0800] "POST /xingrg/kc/base/wldb_order_operate.html HTTP/1.1" 200 37
116.228.172.94 - - [29/Nov/2020:10:38:54 +0800] "POST /xingrg/kc/base/wldb_order_operate.html HTTP/1.1" 200 7628
114.84.145.85 - - [29/Nov/2020:10:38:55 +0800] "GET /xingrg/all/function/internal_message.html?_=1606617111545&CODE_STATE=getMsg HTTP/1.1" 200 27
116.228.172.94 - - [29/Nov/2020:10:38:55 +0800] "GET /xingrg/kc/base/wldb_order_info.html?code=422020112903271 HTTP/1.1" 200 30606
117.185.32.26 - - [29/Nov/2020:10:38:55 +0800] "GET /xingrg/kc/buy/cgsh_order_info.html?code=212020112911417 HTTP/1.1" 200 55714
117.185.32.26 - - [29/Nov/2020:10:38:56 +0800] "GET /xingrg/javascript/easyui/themes/default/validatebox.css HTTP/1.1" 404 1104
117.185.32.26 - - [29/Nov/2020:10:38:56 +0800] "POST /xingrg/kc/buy/cgsh_order_operate.html HTTP/1.1" 200 621
116.228.172.94 - - [29/Nov/2020:10:38:56 +0800] "GET /xingrg/javascript/easyui/themes/default/validatebox.css HTTP/1.1" 404 1104
116.228.172.94 - - [29/Nov/2020:10:38:56 +0800] "POST /xingrg/kc/base/wldb_order_operate.html HTTP/1.1" 200 7628
117.185.32.26 - - [29/Nov/2020:10:38:58 +0800] "GET /xingrg/kc/print/load_config.html?kc_code=cgsh HTTP/1.1" 200 1845
117.185.32.26 - - [29/Nov/2020:10:38:58 +0800] "GET /xingrg/kc/print/load_data.html?order_code=212020112911417&kc_code=cgsh&condition= HTTP/1.1" 200 780
116.228.172.94 - - [29/Nov/2020:10:38:58 +0800] "GET /xingrg/all/function/internal_message.html?_=1606617531547&CODE_STATE=getMsg HTTP/1.1" 200 27
116.228.172.94 - - [29/Nov/2020:10:39:00 +0800] "GET /xingrg/kc/base/wldb_order_add.html HTTP/1.1" 200 30589
116.228.172.94 - - [29/Nov/2020:10:39:01 +0800] "GET /xingrg/javascript/easyui/themes/default/validatebox.css HTTP/1.1" 404 1104
116.228.172.94 - - [29/Nov/2020:10:39:01 +0800] "POST /xingrg/kc/base/wldb_order_operate.html HTTP/1.1" 200 6806
222.69.133.109 - - [29/Nov/2020:10:39:01 +0800] "GET /xingrg/kc/buy/cgsh_order_operate.html?command=get_materiel&rest_code=00154&code=00101008003&supplier_code=00100417&order_time=2020-11-29 HTTP/1.1" 200 408
116.228.172.94 - - [29/Nov/2020:10:39:01 +0800] "POST /xingrg/all/common/load_combo.html?type=base HTTP/1.1" 200 3324
117.131.5.26 - - [29/Nov/2020:10:39:01 +0800] "GET /xingrg/check_reg.html?_=1606617855556 HTTP/1.1" 302 -
117.131.5.26 - - [29/Nov/2020:10:39:01 +0800] "GET /xingrg/login.html HTTP/1.1" 200 7641
117.184.7.30 - - [29/Nov/2020:10:39:06 +0800] "GET /xingrg/all/function/internal_message.html?_=1606617541838&CODE_STATE=getMsg HTTP/1.1" 200 27
172.17.200.101 - - [29/Nov/2020:10:39:07 +0800] "GET /xingrg/all/function/internal_message.html?_=1606617548073&CODE_STATE=getMsg HTTP/1.1" 200 27
172.17.0.120 - - [29/Nov/2020:10:39:08 +0800] "GET /xingrg/all/function/internal_message.html?_=1606617867765&CODE_STATE=getMsg HTTP/1.1" 200 27
116.232.51.253 - - [29/Nov/2020:10:39:08 +0800] "GET /xingrg/all/function/internal_message.html?_=1606617557042&CODE_STATE=getMsg HTTP/1.1" 200 27
180.162.223.42 - - [29/Nov/2020:10:39:09 +0800] "POST /xingrg/kc/buy/cgsh_order_operate.html HTTP/1.1" 200 75
180.162.223.42 - - [29/Nov/2020:10:39:10 +0800] "POST /xingrg/kc/buy/cgsh_order_operate.html HTTP/1.1" 200 75
116.228.172.94 - - [29/Nov/2020:10:39:12 +0800] "GET /xingrg/kc/buy/buy_main.html HTTP/1.1" 200 12412
116.228.172.94 - - [29/Nov/2020:10:39:12 +0800] "GET /xingrg/css/new_ie.css HTTP/1.1" 404 1036
172.17.0.123 - - [29/Nov/2020:10:39:13 +0800] "GET /xingrg/all/function/internal_message.html?_=1606617482856&CODE_STATE=getMsg HTTP/1.1" 200 27
116.228.172.94 - - [29/Nov/2020:10:39:14 +0800] "GET /xingrg/images/yd/bt.gif HTTP/1.1" 404 1040
116.228.172.94 - - [29/Nov/2020:10:39:15 +0800] "GET /xingrg/kc/buy/cgsh_order_list.html HTTP/1.1" 200 45075
116.228.172.94 - - [29/Nov/2020:10:39:17 +0800] "POST /xingrg/kc/buy/cgsh_list_operate.html HTTP/1.1" 200 3086
180.174.56.115 - - [29/Nov/2020:10:39:17 +0800] "GET /xingrg/check_reg.html?_=1606617553888 HTTP/1.1" 200 22
180.174.56.115 - - [29/Nov/2020:10:39:17 +0800] "GET /xingrg/all/function/internal_message.html?_=1606617553892&CODE_STATE=getMsg HTTP/1.1" 200 27
172.17.0.102 - - [29/Nov/2020:10:39:19 +0800] "GET /xingrg/check_reg.html?_=1606617556859 HTTP/1.1" 200 22
172.17.0.102 - - [29/Nov/2020:10:39:19 +0800] "GET /xingrg/all/function/internal_message.html?_=1606617556862&CODE_STATE=getMsg HTTP/1.1" 200 27
114.84.145.85 - - [29/Nov/2020:10:39:21 +0800] "GET /xingrg/all/function/internal_message.html?_=1606617575106&CODE_STATE=getMsg HTTP/1.1" 200 27
114.84.145.85 - - [29/Nov/2020:10:39:24 +0800] "GET /xingrg/kc/buy/cgsh_order_operate.html?command=get_materiel&rest_code=00141&code=00101015053&supplier_code=00100007&order_time=2020-11-29 HTTP/1.1" 200 413
222.69.133.109 - - [29/Nov/2020:10:39:27 +0800] "GET /xingrg/all/function/internal_message.html?_=1606617563253&CODE_STATE=getMsg HTTP/1.1" 200 27
222.69.133.109 - - [29/Nov/2020:10:39:27 +0800] "GET /xingrg/kc/buy/cgsh_order_operate.html?command=get_materiel&rest_code=00154&code=00101008155&supplier_code=00100417&order_time=2020-11-29 HTTP/1.1" 200 408
114.84.145.85 - - [29/Nov/2020:10:39:28 +0800] "GET /xingrg/kc/buy/cgsh_order_operate.html?command=get_materiel&rest_code=00141&code=00101013165&supplier_code=00100007&order_time=2020-11-29 HTTP/1.1" 200 408
180.162.223.42 - - [29/Nov/2020:10:39:30 +0800] "GET /xingrg/all/function/internal_message.html?_=1606617566399&CODE_STATE=getMsg HTTP/1.1" 200 27
114.88.175.227 - - [29/Nov/2020:10:39:30 +0800] "GET /xingrg/all/function/internal_message.html?_=1606617682456&CODE_STATE=getMsg HTTP/1.1" 200 27
117.131.5.26 - - [29/Nov/2020:10:39:31 +0800] "GET /xingrg/all/function/internal_message.html?_=1606617603166&CODE_STATE=getMsg HTTP/1.1" 200 27
180.162.223.42 - - [29/Nov/2020:10:39:32 +0800] "GET /xingrg/system/info/materiel_import.html?isSelect=1&singleSelect=false HTTP/1.1" 200 5600
180.162.223.42 - - [29/Nov/2020:10:39:32 +0800] "POST /xingrg/all/common/load_tree.html?tree=materiel_sort_tree_json HTTP/1.1" 200 8666
180.162.223.42 - - [29/Nov/2020:10:39:32 +0800] "GET /favicon.ico HTTP/1.1" 404 -
117.185.32.26 - - [29/Nov/2020:10:39:36 +0800] "GET /xingrg/all/function/internal_message.html?_=1606618004999&CODE_STATE=getMsg HTTP/1.1" 200 27
222.69.133.109 - - [29/Nov/2020:10:39:38 +0800] "GET /xingrg/kc/buy/cgsh_order_operate.html?command=get_materiel&rest_code=00154&code=00101008205&supplier_code=00100417&order_time=2020-11-29 HTTP/1.1" 200 412
114.84.37.38 - - [29/Nov/2020:10:39:39 +0800] "GET /xingrg/all/function/internal_message.html?_=1606617574187&CODE_STATE=getMsg HTTP/1.1" 302 -
180.162.223.42 - - [29/Nov/2020:10:39:40 +0800] "POST /xingrg/kc/buy/cgsh_order_operate.html HTTP/1.1" 200 37
114.84.145.85 - - [29/Nov/2020:10:39:41 +0800] "GET /xingrg/kc/buy/cgsh_order_operate.html?command=get_materiel&rest_code=00141&code=00101008199&supplier_code=00100007&order_time=2020-11-29 HTTP/1.1" 200 408
180.162.223.42 - - [29/Nov/2020:10:39:42 +0800] "POST /xingrg/kc/buy/cgsh_order_operate.html HTTP/1.1" 200 29237
101.85.228.137 - - [29/Nov/2020:10:39:42 +0800] "GET /xingrg/all/function/internal_message.html?_=1606617806115&CODE_STATE=getMsg HTTP/1.1" 200 27
116.228.172.94 - - [29/Nov/2020:10:39:44 +0800] "GET /xingrg/kc/buy/cgsh_order_add.html HTTP/1.1" 200 60895
180.162.223.42 - - [29/Nov/2020:10:39:44 +0800] "GET /xingrg/kc/buy/cgsh_order_list.html HTTP/1.1" 200 45069
222.69.136.133 - - [29/Nov/2020:10:39:44 +0800] "GET /xingrg/check_reg.html?_=1606617580575 HTTP/1.1" 200 22
116.228.172.94 - - [29/Nov/2020:10:39:44 +0800] "POST /xingrg/kc/buy/cgsh_order_operate.html HTTP/1.1" 200 8245
116.228.172.94 - - [29/Nov/2020:10:39:44 +0800] "GET /xingrg/javascript/easyui/themes/default/validatebox.css HTTP/1.1" 404 1104
222.69.136.133 - - [29/Nov/2020:10:39:44 +0800] "GET /xingrg/all/function/internal_message.html?_=1606617580783&CODE_STATE=getMsg HTTP/1.1" 200 27
116.228.172.94 - - [29/Nov/2020:10:39:45 +0800] "GET /xingrg/javascript/easyui/themes/default/tree.css HTTP/1.1" 404 1090
180.162.223.42 - - [29/Nov/2020:10:39:45 +0800] "POST /xingrg/kc/buy/cgsh_list_operate.html HTTP/1.1" 200 1681
116.228.172.94 - - [29/Nov/2020:10:39:45 +0800] "POST /xingrg/all/common/load_tree.html?tree=supplier_tree_json&isDelete=1 HTTP/1.1" 200 52105
180.162.223.42 - - [29/Nov/2020:10:39:48 +0800] "POST /xingrg/kc/buy/cgsh_list_operate.html HTTP/1.1" 200 572
180.162.223.42 - - [29/Nov/2020:10:39:49 +0800] "GET /xingrg/kc/buy/cgsh_order_info.html?code=212020112911420 HTTP/1.1" 200 60857
180.162.223.42 - - [29/Nov/2020:10:39:49 +0800] "GET /xingrg/javascript/easyui/themes/default/validatebox.css HTTP/1.1" 404 1104
180.162.223.42 - - [29/Nov/2020:10:39:50 +0800] "POST /xingrg/kc/buy/cgsh_order_operate.html HTTP/1.1" 200 29237
114.84.37.38 - - [29/Nov/2020:10:39:50 +0800] "GET /xingrg/all/function/internal_message.html?_=1606617588221&CODE_STATE=getMsg HTTP/1.1" 200 27
114.88.175.227 - - [29/Nov/2020:10:39:52 +0800] "GET /xingrg/all/function/internal_message.html?_=1606617585540&CODE_STATE=getMsg HTTP/1.1" 200 27
