172.17.0.102 - - [28/Nov/2020:09:16:45 +0800] "GET /xingrg/all/function/internal_message.html?_=1606526203694&CODE_STATE=count HTTP/1.1" 200 11
172.17.0.102 - - [28/Nov/2020:09:16:46 +0800] "GET /xingrg/check_reg.html?_=1606526203695 HTTP/1.1" 200 22
172.17.0.102 - - [28/Nov/2020:09:16:46 +0800] "POST /xingrg/load_menu.html HTTP/1.1" 200 5103
120.253.135.82 - - [28/Nov/2020:09:16:47 +0800] "GET /xingrg/all/function/internal_message.html?_=1606526252668&CODE_STATE=getMsg HTTP/1.1" 302 -
180.162.223.42 - - [28/Nov/2020:09:16:50 +0800] "GET /xingrg/all/function/internal_message.html?_=1606526187852&CODE_STATE=getMsg HTTP/1.1" 200 27
172.17.0.102 - - [28/Nov/2020:09:16:51 +0800] "GET /xingrg/kc/buy/cgsh_order_list.html HTTP/1.1" 200 45055
114.84.37.38 - - [28/Nov/2020:09:16:53 +0800] "GET /xingrg/check_reg.html?_=1606526204777 HTTP/1.1" 302 -
114.84.145.85 - - [28/Nov/2020:09:16:57 +0800] "GET /xingrg/all/function/internal_message.html?_=1606526227630&CODE_STATE=getMsg HTTP/1.1" 200 27
172.17.0.102 - - [28/Nov/2020:09:16:57 +0800] "POST /xingrg/kc/buy/cgsh_list_operate.html HTTP/1.1" 200 5175
61.129.8.179 - - [28/Nov/2020:09:17:01 +0800] "GET /xingrg/all/function/internal_message.html?_=1606526167651&CODE_STATE=getMsg HTTP/1.1" 302 -
114.84.37.38 - - [28/Nov/2020:09:17:03 +0800] "GET /xingrg/all/function/internal_message.html?_=1606526215532&CODE_STATE=getMsg HTTP/1.1" 302 -
222.69.138.163 - - [28/Nov/2020:09:17:04 +0800] "GET /xingrg/check_reg.html?_=1606526216281 HTTP/1.1" 200 22
222.69.138.163 - - [28/Nov/2020:09:17:04 +0800] "GET /xingrg/all/function/internal_message.html?_=1606526216276&CODE_STATE=getMsg HTTP/1.1" 200 27
61.129.8.179 - - [28/Nov/2020:09:17:07 +0800] "GET /xingrg/login.html HTTP/1.1" 200 7641
172.17.0.102 - - [28/Nov/2020:09:17:19 +0800] "POST /xingrg/kc/buy/cgsh_list_operate.html HTTP/1.1" 200 4
172.17.0.102 - - [28/Nov/2020:09:17:22 +0800] "POST /xingrg/kc/buy/cgsh_list_operate.html HTTP/1.1" 200 5157
114.88.175.227 - - [28/Nov/2020:09:17:28 +0800] "GET /xingrg/all/function/internal_message.html?_=1606526360888&CODE_STATE=getMsg HTTP/1.1" 200 27
114.88.175.227 - - [28/Nov/2020:09:17:28 +0800] "GET /xingrg/check_reg.html?_=1606526360890 HTTP/1.1" 200 22
58.221.95.50 - - [28/Nov/2020:09:17:31 +0800] "GET /xingrg/check_reg.html?_=1606526258466 HTTP/1.1" 302 -
180.162.223.42 - - [28/Nov/2020:09:17:37 +0800] "GET /xingrg/all/function/internal_message.html?_=1606526257156&CODE_STATE=getMsg HTTP/1.1" 200 27
114.88.175.227 - - [28/Nov/2020:09:17:45 +0800] "GET /xingrg/all/function/internal_message.html?_=1606526258546&CODE_STATE=getMsg HTTP/1.1" 200 27
172.17.0.102 - - [28/Nov/2020:09:17:45 +0800] "GET /xingrg/all/function/internal_message.html?_=1606526263700&CODE_STATE=getMsg HTTP/1.1" 200 27
120.253.135.82 - - [28/Nov/2020:09:17:47 +0800] "GET /xingrg/all/function/internal_message.html?_=1606526312676&CODE_STATE=getMsg HTTP/1.1" 302 -
172.17.0.102 - - [28/Nov/2020:09:17:47 +0800] "POST /xingrg/kc/buy/cgsh_list_operate.html HTTP/1.1" 200 4
180.162.223.42 - - [28/Nov/2020:09:17:50 +0800] "GET /xingrg/all/function/internal_message.html?_=1606526247852&CODE_STATE=getMsg HTTP/1.1" 200 27
172.17.0.102 - - [28/Nov/2020:09:17:50 +0800] "POST /xingrg/kc/buy/cgsh_list_operate.html HTTP/1.1" 200 2413
114.84.145.85 - - [28/Nov/2020:09:17:53 +0800] "GET /xingrg/login.html HTTP/1.1" 200 7641
114.84.145.85 - - [28/Nov/2020:09:17:53 +0800] "GET /favicon.ico HTTP/1.1" 404 -
114.88.175.227 - - [28/Nov/2020:09:17:55 +0800] "GET /xingrg/kc/buy/cgsh_order_add.html HTTP/1.1" 200 60807
114.88.175.227 - - [28/Nov/2020:09:17:56 +0800] "GET /xingrg/javascript/easyui/themes/default/validatebox.css HTTP/1.1" 404 1104
114.88.175.227 - - [28/Nov/2020:09:17:56 +0800] "POST /xingrg/kc/buy/cgsh_order_operate.html HTTP/1.1" 200 8245
114.84.145.85 - - [28/Nov/2020:09:17:57 +0800] "GET /xingrg/all/function/internal_message.html?_=1606526287610&CODE_STATE=getMsg HTTP/1.1" 200 27
172.17.0.102 - - [28/Nov/2020:09:17:58 +0800] "POST /xingrg/kc/buy/cgsh_list_operate.html HTTP/1.1" 200 4
172.17.0.102 - - [28/Nov/2020:09:17:59 +0800] "POST /xingrg/kc/buy/cgsh_list_operate.html HTTP/1.1" 200 876
172.17.0.102 - - [28/Nov/2020:09:18:03 +0800] "GET /xingrg/kc/base/wldb_order_list.html HTTP/1.1" 200 19404
172.17.0.102 - - [28/Nov/2020:09:18:03 +0800] "POST /xingrg/kc/base/wldb_list_operate.html HTTP/1.1" 200 928
114.84.37.38 - - [28/Nov/2020:09:18:03 +0800] "GET /xingrg/all/function/internal_message.html?_=1606526275538&CODE_STATE=getMsg HTTP/1.1" 302 -
222.69.138.163 - - [28/Nov/2020:09:18:03 +0800] "GET /xingrg/all/function/internal_message.html?_=1606526276274&CODE_STATE=getMsg HTTP/1.1" 200 27
114.84.37.38 - - [28/Nov/2020:09:18:10 +0800] "GET /xingrg/check_reg.html?_=1606526278250 HTTP/1.1" 200 22
114.84.145.85 - - [28/Nov/2020:09:18:24 +0800] "GET /xingrg/check_reg.html?_=1606526314974 HTTP/1.1" 200 22
114.88.175.227 - - [28/Nov/2020:09:18:28 +0800] "GET /xingrg/all/function/internal_message.html?_=1606526420920&CODE_STATE=getMsg HTTP/1.1" 200 27
180.162.223.42 - - [28/Nov/2020:09:18:37 +0800] "GET /xingrg/all/function/internal_message.html?_=1606526317156&CODE_STATE=getMsg HTTP/1.1" 200 27
172.17.0.102 - - [28/Nov/2020:09:18:37 +0800] "GET /xingrg/kc/base/wldb_order_add.html HTTP/1.1" 200 30558
172.17.0.102 - - [28/Nov/2020:09:18:37 +0800] "GET /xingrg/words/20201127160732_words.js HTTP/1.1" 304 -
172.17.0.102 - - [28/Nov/2020:09:18:38 +0800] "POST /xingrg/kc/base/wldb_order_operate.html HTTP/1.1" 200 6806
172.17.0.102 - - [28/Nov/2020:09:18:38 +0800] "GET /xingrg/all/common/auto_word.html?type=base&rest_code=00147 HTTP/1.1" 200 1707
172.17.0.102 - - [28/Nov/2020:09:18:38 +0800] "GET /xingrg/all/common/auto_word.html?type=base&rest_code=00147 HTTP/1.1" 200 1707
172.17.0.102 - - [28/Nov/2020:09:18:38 +0800] "GET /xingrg/javascript/easyui/themes/default/validatebox.css HTTP/1.1" 404 1104
172.17.0.102 - - [28/Nov/2020:09:18:41 +0800] "GET /xingrg/javascript/auto/indicator.gif HTTP/1.1" 404 1066
172.17.0.102 - - [28/Nov/2020:09:18:42 +0800] "GET /xingrg/javascript/jquery_tools/images/prev.gif HTTP/1.1" 404 1086
172.17.0.102 - - [28/Nov/2020:09:18:42 +0800] "GET /xingrg/javascript/jquery_tools/images/next.gif HTTP/1.1" 404 1086
114.88.175.227 - - [28/Nov/2020:09:18:44 +0800] "GET /xingrg/all/function/internal_message.html?_=1606526318638&CODE_STATE=getMsg HTTP/1.1" 200 27
172.17.0.102 - - [28/Nov/2020:09:18:45 +0800] "GET /xingrg/all/function/internal_message.html?_=1606526323714&CODE_STATE=getMsg HTTP/1.1" 200 27
120.253.135.82 - - [28/Nov/2020:09:18:47 +0800] "GET /xingrg/all/function/internal_message.html?_=1606526372708&CODE_STATE=getMsg HTTP/1.1" 302 -
172.17.0.102 - - [28/Nov/2020:09:18:49 +0800] "GET /xingrg/kc/base/wldb_order_operate.html?command=get_materiel&rest_code=00147&base_code=0010287&code=00102002412 HTTP/1.1" 200 453
180.162.223.42 - - [28/Nov/2020:09:18:50 +0800] "GET /xingrg/all/function/internal_message.html?_=1606526307852&CODE_STATE=getMsg HTTP/1.1" 200 27
114.84.145.85 - - [28/Nov/2020:09:18:56 +0800] "GET /xingrg/all/function/internal_message.html?_=1606526347588&CODE_STATE=getMsg HTTP/1.1" 200 27
114.88.175.227 - - [28/Nov/2020:09:18:57 +0800] "GET /xingrg/kc/buy/cgsh_order_operate.html?command=get_materiel&rest_code=00111&code=00101008201&supplier_code=&order_time=2020-11-28 HTTP/1.1" 200 412
222.69.138.163 - - [28/Nov/2020:09:18:58 +0800] "GET /xingrg/kc/report/report_main.html HTTP/1.1" 200 7345
222.69.138.163 - - [28/Nov/2020:09:18:59 +0800] "GET /xingrg/all/report/report_query.html?fileName=kc/buy/wlcg_cate_hz.xml HTTP/1.1" 200 53941
222.69.138.163 - - [28/Nov/2020:09:18:59 +0800] "GET /xingrg/dwr/util.js HTTP/1.1" 304 -
222.69.138.163 - - [28/Nov/2020:09:18:59 +0800] "GET /xingrg/dwr/interface/AjaxReportQueryService.js HTTP/1.1" 200 13203
222.69.138.163 - - [28/Nov/2020:09:18:59 +0800] "GET /xingrg/dwr/engine.js HTTP/1.1" 200 43631
222.69.138.163 - - [28/Nov/2020:09:18:59 +0800] "POST /xingrg/dwr/call/plaincall/AjaxReportQueryService.getFixDate.dwr HTTP/1.1" 200 111
222.69.138.163 - - [28/Nov/2020:09:19:00 +0800] "POST /xingrg/all/common/load_tree.html?tree=supplier_tree_json&manage=1 HTTP/1.1" 200 52837
222.69.138.163 - - [28/Nov/2020:09:19:01 +0800] "POST /xingrg/all/common/load_tree.html?tree=materiel_sort_tree_json HTTP/1.1" 200 8666
222.69.138.163 - - [28/Nov/2020:09:19:01 +0800] "POST /xingrg/all/common/load_tree.html?tree=base_tree_json HTTP/1.1" 200 3769
114.84.37.38 - - [28/Nov/2020:09:19:03 +0800] "GET /xingrg/all/function/internal_message.html?_=1606526335562&CODE_STATE=getMsg HTTP/1.1" 302 -
222.69.138.163 - - [28/Nov/2020:09:19:04 +0800] "GET /xingrg/all/function/internal_message.html?_=1606526336278&CODE_STATE=getMsg HTTP/1.1" 200 27
114.88.175.227 - - [28/Nov/2020:09:19:29 +0800] "GET /xingrg/all/function/internal_message.html?_=1606526480911&CODE_STATE=getMsg HTTP/1.1" 200 27
222.69.138.163 - - [28/Nov/2020:09:19:34 +0800] "POST /xingrg/dwr/call/plaincall/AjaxReportQueryService.refreshCache.dwr HTTP/1.1" 200 78
222.69.138.163 - - [28/Nov/2020:09:19:35 +0800] "POST /xingrg/all/report/load_report_page.html HTTP/1.1" 200 8722
222.69.138.163 - - [28/Nov/2020:09:19:35 +0800] "GET /xingrg/servlets/image?cache=0.43318035648411835&image=px HTTP/1.1" 200 807
180.162.223.42 - - [28/Nov/2020:09:19:37 +0800] "GET /xingrg/check_reg.html?_=1606526377155 HTTP/1.1" 200 22
180.162.223.42 - - [28/Nov/2020:09:19:37 +0800] "GET /xingrg/all/function/internal_message.html?_=1606526377157&CODE_STATE=getMsg HTTP/1.1" 200 27
222.69.138.163 - - [28/Nov/2020:09:19:38 +0800] "POST /xingrg/all/report/load_report_page.html HTTP/1.1" 200 50244
222.69.138.163 - - [28/Nov/2020:09:19:39 +0800] "GET /xingrg/servlets/image?cache=0.6300536133506537&image=px HTTP/1.1" 200 807
114.88.175.227 - - [28/Nov/2020:09:19:44 +0800] "GET /xingrg/kc/buy/cgsh_order_operate.html?command=get_materiel&rest_code=00111&code=00101007125&supplier_code=00100004&order_time=2020-11-28 HTTP/1.1" 200 406
114.88.175.227 - - [28/Nov/2020:09:19:44 +0800] "GET /xingrg/all/function/internal_message.html?_=1606526378653&CODE_STATE=getMsg HTTP/1.1" 200 27
172.17.0.102 - - [28/Nov/2020:09:19:45 +0800] "GET /xingrg/all/function/internal_message.html?_=1606526383704&CODE_STATE=getMsg HTTP/1.1" 200 27
120.253.135.82 - - [28/Nov/2020:09:19:47 +0800] "GET /xingrg/all/function/internal_message.html?_=1606526432724&CODE_STATE=getMsg HTTP/1.1" 302 -
222.69.138.163 - - [28/Nov/2020:09:19:49 +0800] "POST /xingrg/all/report/report_print.html HTTP/1.1" 302 -
222.69.138.163 - - [28/Nov/2020:09:19:49 +0800] "GET /xingrg/servlets/html?sysBaseUrl=http%3A%2F%2F180.169.147.146%3A18081%2Fxingrg%2F&costTime=173×tamp=1606526389336 HTTP/1.1" 200 49193
222.69.138.163 - - [28/Nov/2020:09:19:49 +0800] "GET /xingrg/servlets/image?image=px HTTP/1.1" 200 807
222.69.138.163 - - [28/Nov/2020:09:19:49 +0800] "GET /favicon.ico HTTP/1.1" 404 -
180.162.223.42 - - [28/Nov/2020:09:19:50 +0800] "GET /xingrg/all/function/internal_message.html?_=1606526367852&CODE_STATE=getMsg HTTP/1.1" 200 27
114.84.145.85 - - [28/Nov/2020:09:19:56 +0800] "GET /xingrg/all/function/internal_message.html?_=1606526407583&CODE_STATE=getMsg HTTP/1.1" 200 27
114.84.37.38 - - [28/Nov/2020:09:20:03 +0800] "GET /xingrg/all/function/internal_message.html?_=1606526395565&CODE_STATE=getMsg HTTP/1.1" 302 -
222.69.138.163 - - [28/Nov/2020:09:20:03 +0800] "GET /xingrg/all/function/internal_message.html?_=1606526396281&CODE_STATE=getMsg HTTP/1.1" 200 27
114.88.175.227 - - [28/Nov/2020:09:20:04 +0800] "GET /xingrg/kc/buy/cgsh_order_operate.html?command=get_materiel&rest_code=00111&code=00101007059&supplier_code=00100004&order_time=2020-11-28 HTTP/1.1" 200 409
114.88.175.227 - - [28/Nov/2020:09:20:19 +0800] "GET /xingrg/kc/buy/cgsh_order_operate.html?command=get_materiel&rest_code=00111&code=00101007061&supplier_code=00100004&order_time=2020-11-28 HTTP/1.1" 200 409
114.88.175.227 - - [28/Nov/2020:09:20:31 +0800] "GET /xingrg/all/function/internal_message.html?_=1606526540958&CODE_STATE=getMsg HTTP/1.1" 200 27
114.88.175.227 - - [28/Nov/2020:09:20:32 +0800] "POST /xingrg/kc/buy/cgsh_order_operate.html HTTP/1.1" 200 37
180.162.223.42 - - [28/Nov/2020:09:20:37 +0800] "GET /xingrg/all/function/internal_message.html?_=1606526437156&CODE_STATE=getMsg HTTP/1.1" 200 27
114.88.175.227 - - [28/Nov/2020:09:20:40 +0800] "POST /xingrg/kc/buy/cgsh_order_operate.html HTTP/1.1" 200 3827
114.88.175.227 - - [28/Nov/2020:09:20:44 +0800] "GET /xingrg/all/function/internal_message.html?_=1606526438739&CODE_STATE=getMsg HTTP/1.1" 200 27
172.17.0.102 - - [28/Nov/2020:09:20:45 +0800] "GET /xingrg/all/function/internal_message.html?_=1606526443705&CODE_STATE=getMsg HTTP/1.1" 200 27
120.253.135.82 - - [28/Nov/2020:09:20:47 +0800] "GET /xingrg/all/function/internal_message.html?_=1606526492766&CODE_STATE=getMsg HTTP/1.1" 302 -
180.162.223.42 - - [28/Nov/2020:09:20:50 +0800] "GET /xingrg/check_reg.html?_=1606526427851 HTTP/1.1" 200 22
180.162.223.42 - - [28/Nov/2020:09:20:50 +0800] "GET /xingrg/all/function/internal_message.html?_=1606526427854&CODE_STATE=getMsg HTTP/1.1" 200 27
114.88.175.227 - - [28/Nov/2020:09:20:54 +0800] "GET /xingrg/kc/print/load_config.html?kc_code=cgsh HTTP/1.1" 200 1845
114.88.175.227 - - [28/Nov/2020:09:20:54 +0800] "GET /xingrg/kc/print/load_data.html?order_code=212020112810907&kc_code=cgsh&condition= HTTP/1.1" 200 1160
172.17.0.102 - - [28/Nov/2020:09:20:56 +0800] "POST /xingrg/kc/base/wldb_list_operate.html HTTP/1.1" 200 928
114.84.145.85 - - [28/Nov/2020:09:20:56 +0800] "GET /xingrg/all/function/internal_message.html?_=1606526467557&CODE_STATE=getMsg HTTP/1.1" 200 27
172.17.0.102 - - [28/Nov/2020:09:20:58 +0800] "GET /xingrg/kc/buy/cgsh_order_list.html HTTP/1.1" 200 45055
172.17.0.102 - - [28/Nov/2020:09:20:58 +0800] "POST /xingrg/kc/buy/cgsh_list_operate.html HTTP/1.1" 200 876
114.84.37.38 - - [28/Nov/2020:09:21:03 +0800] "GET /xingrg/all/function/internal_message.html?_=1606526455589&CODE_STATE=getMsg HTTP/1.1" 302 -
222.69.138.163 - - [28/Nov/2020:09:21:04 +0800] "GET /xingrg/all/function/internal_message.html?_=1606526456282&CODE_STATE=getMsg HTTP/1.1" 200 27
120.253.135.82 - - [28/Nov/2020:09:21:10 +0800] "GET /xingrg/check_reg.html?_=1606526515648 HTTP/1.1" 302 -
114.88.175.227 - - [28/Nov/2020:09:21:21 +0800] "GET /xingrg/check_reg.html?_=1606526474943 HTTP/1.1" 200 22
114.88.175.227 - - [28/Nov/2020:09:21:28 +0800] "GET /xingrg/all/function/internal_message.html?_=1606526600939&CODE_STATE=getMsg HTTP/1.1" 200 27
180.162.223.42 - - [28/Nov/2020:09:21:37 +0800] "GET /xingrg/all/function/internal_message.html?_=1606526497157&CODE_STATE=getMsg HTTP/1.1" 200 27
114.88.175.227 - - [28/Nov/2020:09:21:44 +0800] "GET /xingrg/all/function/internal_message.html?_=1606526498742&CODE_STATE=getMsg HTTP/1.1" 200 27
172.17.0.102 - - [28/Nov/2020:09:21:45 +0800] "GET /xingrg/check_reg.html?_=1606526503711 HTTP/1.1" 200 22
172.17.0.102 - - [28/Nov/2020:09:21:45 +0800] "GET /xingrg/all/function/internal_message.html?_=1606526503715&CODE_STATE=getMsg HTTP/1.1" 200 27
120.253.135.82 - - [28/Nov/2020:09:21:47 +0800] "GET /xingrg/all/function/internal_message.html?_=1606526552777&CODE_STATE=getMsg HTTP/1.1" 302 -
180.162.223.42 - - [28/Nov/2020:09:21:50 +0800] "GET /xingrg/all/function/internal_message.html?_=1606526487853&CODE_STATE=getMsg HTTP/1.1" 200 27
114.84.37.38 - - [28/Nov/2020:09:21:53 +0800] "GET /xingrg/check_reg.html?_=1606526504781 HTTP/1.1" 302 -
114.84.145.85 - - [28/Nov/2020:09:21:56 +0800] "GET /xingrg/all/function/internal_message.html?_=1606526527535&CODE_STATE=getMsg HTTP/1.1" 200 27
114.84.37.38 - - [28/Nov/2020:09:22:03 +0800] "GET /xingrg/all/function/internal_message.html?_=1606526515593&CODE_STATE=getMsg HTTP/1.1" 302 -
222.69.138.163 - - [28/Nov/2020:09:22:04 +0800] "GET /xingrg/all/function/internal_message.html?_=1606526516283&CODE_STATE=getMsg HTTP/1.1" 200 27
222.69.138.163 - - [28/Nov/2020:09:22:04 +0800] "GET /xingrg/check_reg.html?_=1606526516286 HTTP/1.1" 200 22
180.162.223.42 - - [28/Nov/2020:09:22:21 +0800] "POST /xingrg/kc/buy/cgsh_list_operate.html HTTP/1.1" 200 572
180.162.223.42 - - [28/Nov/2020:09:22:21 +0800] "GET /xingrg/kc/buy/cgsh_order_info.html?code=212020112810902 HTTP/1.1" 200 60857
180.162.223.42 - - [28/Nov/2020:09:22:22 +0800] "GET /xingrg/javascript/easyui/themes/default/validatebox.css HTTP/1.1" 404 1104
180.162.223.42 - - [28/Nov/2020:09:22:22 +0800] "POST /xingrg/kc/buy/cgsh_order_operate.html HTTP/1.1" 200 51707
114.88.175.227 - - [28/Nov/2020:09:22:28 +0800] "GET /xingrg/check_reg.html?_=1606526660916 HTTP/1.1" 200 22
114.88.175.227 - - [28/Nov/2020:09:22:28 +0800] "GET /xingrg/all/function/internal_message.html?_=1606526660921&CODE_STATE=getMsg HTTP/1.1" 200 27
58.221.95.50 - - [28/Nov/2020:09:22:31 +0800] "GET /xingrg/check_reg.html?_=1606526558451 HTTP/1.1" 302 -
180.162.223.42 - - [28/Nov/2020:09:22:37 +0800] "GET /xingrg/all/function/internal_message.html?_=1606526557167&CODE_STATE=getMsg HTTP/1.1" 200 27
114.88.175.227 - - [28/Nov/2020:09:22:44 +0800] "GET /xingrg/all/function/internal_message.html?_=1606526558755&CODE_STATE=getMsg HTTP/1.1" 200 27
172.17.0.102 - - [28/Nov/2020:09:22:45 +0800] "GET /xingrg/all/function/internal_message.html?_=1606526563700&CODE_STATE=getMsg HTTP/1.1" 200 27
120.253.135.82 - - [28/Nov/2020:09:22:47 +0800] "GET /xingrg/all/function/internal_message.html?_=1606526612807&CODE_STATE=getMsg HTTP/1.1" 302 -
180.162.223.42 - - [28/Nov/2020:09:22:50 +0800] "GET /xingrg/all/function/internal_message.html?_=1606526547879&CODE_STATE=getMsg HTTP/1.1" 200 27
114.84.145.85 - - [28/Nov/2020:09:22:56 +0800] "GET /xingrg/all/function/internal_message.html?_=1606526587515&CODE_STATE=getMsg HTTP/1.1" 200 27
114.84.37.38 - - [28/Nov/2020:09:23:03 +0800] "GET /xingrg/all/function/internal_message.html?_=1606526575615&CODE_STATE=getMsg HTTP/1.1" 302 -
222.69.138.163 - - [28/Nov/2020:09:23:04 +0800] "GET /xingrg/all/function/internal_message.html?_=1606526576286&CODE_STATE=getMsg HTTP/1.1" 200 27
114.84.37.38 - - [28/Nov/2020:09:23:10 +0800] "GET /xingrg/check_reg.html?_=1606526578259 HTTP/1.1" 200 22
222.69.133.109 - - [28/Nov/2020:09:23:22 +0800] "GET /favicon.ico HTTP/1.1" 404 -
114.84.145.85 - - [28/Nov/2020:09:23:24 +0800] "GET /xingrg/check_reg.html?_=1606526614977 HTTP/1.1" 200 22
114.88.175.227 - - [28/Nov/2020:09:23:31 +0800] "GET /xingrg/all/function/internal_message.html?_=1606526720909&CODE_STATE=getMsg HTTP/1.1" 200 27
222.69.133.109 - - [28/Nov/2020:09:23:34 +0800] "GET /xingrg/login.html HTTP/1.1" 200 7641
222.69.133.109 - - [28/Nov/2020:09:23:34 +0800] "GET /favicon.ico HTTP/1.1" 404 -
180.162.223.42 - - [28/Nov/2020:09:23:37 +0800] "GET /xingrg/all/function/internal_message.html?_=1606526617160&CODE_STATE=getMsg HTTP/1.1" 200 27
222.69.138.163 - - [28/Nov/2020:09:23:37 +0800] "GET /xingrg/kc/buy/cgsh_order_list.html HTTP/1.1" 200 45075
222.69.138.163 - - [28/Nov/2020:09:23:38 +0800] "POST /xingrg/kc/buy/cgsh_list_operate.html HTTP/1.1" 200 876
114.88.175.227 - - [28/Nov/2020:09:23:45 +0800] "GET /xingrg/all/function/internal_message.html?_=1606526618818&CODE_STATE=getMsg HTTP/1.1" 200 27
172.17.0.102 - - [28/Nov/2020:09:23:45 +0800] "GET /xingrg/all/function/internal_message.html?_=1606526623700&CODE_STATE=getMsg HTTP/1.1" 200 27
120.253.135.82 - - [28/Nov/2020:09:23:47 +0800] "GET /xingrg/all/function/internal_message.html?_=1606526672819&CODE_STATE=getMsg HTTP/1.1" 302 -
180.162.223.42 - - [28/Nov/2020:09:23:50 +0800] "GET /xingrg/all/function/internal_message.html?_=1606526607870&CODE_STATE=getMsg HTTP/1.1" 200 27
114.84.145.85 - - [28/Nov/2020:09:23:56 +0800] "GET /xingrg/all/function/internal_message.html?_=1606526647495&CODE_STATE=getMsg HTTP/1.1" 200 27
222.69.133.109 - - [28/Nov/2020:09:23:57 +0800] "POST /xingrg/login.do HTTP/1.1" 302 -
222.69.133.109 - - [28/Nov/2020:09:23:57 +0800] "GET /xingrg/index.html?sysBaseUrl=http%3A%2F%2F180.169.147.146%3A18081%2Fxingrg%2F&costTime=38×tamp=1606526637271 HTTP/1.1" 200 17179
222.69.133.109 - - [28/Nov/2020:09:23:57 +0800] "GET /favicon.ico HTTP/1.1" 404 -
222.69.133.109 - - [28/Nov/2020:09:23:57 +0800] "POST /xingrg/all/common/load_tree.html?tree=area_rest_tree_json&manage=1 HTTP/1.1" 200 351
222.69.133.109 - - [28/Nov/2020:09:23:57 +0800] "GET /xingrg/all/function/internal_message.html?_=1606526636134&CODE_STATE=count HTTP/1.1" 200 11
222.69.133.109 - - [28/Nov/2020:09:23:57 +0800] "GET /xingrg/check_reg.html?_=1606526636136 HTTP/1.1" 200 22
222.69.133.109 - - [28/Nov/2020:09:23:57 +0800] "POST /xingrg/load_menu.html HTTP/1.1" 200 5138
222.69.133.109 - - [28/Nov/2020:09:24:03 +0800] "GET /xingrg/kc/buy/cgsh_order_list.html HTTP/1.1" 200 45075
114.84.37.38 - - [28/Nov/2020:09:24:03 +0800] "GET /xingrg/all/function/internal_message.html?_=1606526635620&CODE_STATE=getMsg HTTP/1.1" 302 -
222.69.138.163 - - [28/Nov/2020:09:24:04 +0800] "GET /xingrg/all/function/internal_message.html?_=1606526636295&CODE_STATE=getMsg HTTP/1.1" 200 27
222.69.133.109 - - [28/Nov/2020:09:24:04 +0800] "POST /xingrg/kc/buy/cgsh_list_operate.html HTTP/1.1" 200 876
114.84.145.85 - - [28/Nov/2020:09:24:05 +0800] "POST /xingrg/login.do HTTP/1.1" 302 -
114.84.145.85 - - [28/Nov/2020:09:24:05 +0800] "GET /xingrg/index.html?sysBaseUrl=http%3A%2F%2F180.169.147.146%3A18081%2Fxingrg%2F&costTime=39×tamp=1606526645066 HTTP/1.1" 200 17179
114.84.145.85 - - [28/Nov/2020:09:24:05 +0800] "GET /xingrg/css/form.css HTTP/1.1" 200 893
114.84.145.85 - - [28/Nov/2020:09:24:05 +0800] "GET /xingrg/javascript/jquery_easy_ui/themes/icon.css HTTP/1.1" 200 3949
114.84.145.85 - - [28/Nov/2020:09:24:05 +0800] "GET /xingrg/javascript/jquery-1.4.2.min.js HTTP/1.1" 200 72205
114.84.145.85 - - [28/Nov/2020:09:24:05 +0800] "GET /xingrg/javascript/jquery_easy_ui/jquery.easyui.min.js HTTP/1.1" 200 213662
114.84.145.85 - - [28/Nov/2020:09:24:05 +0800] "GET /xingrg/javascript/jquery_easy_ui/easyui-lang-zh_CN.js HTTP/1.1" 200 1900
114.84.145.85 - - [28/Nov/2020:09:24:05 +0800] "GET /xingrg/javascript/jquery.timers.js HTTP/1.1" 200 3532
114.84.145.85 - - [28/Nov/2020:09:24:05 +0800] "GET /xingrg/images/blue/jxLogo.png HTTP/1.1" 200 6156
114.84.145.85 - - [28/Nov/2020:09:24:05 +0800] "GET /xingrg/javascript/jquery.utils.js HTTP/1.1" 200 11805
114.84.145.85 - - [28/Nov/2020:09:24:05 +0800] "GET /xingrg/javascript/jquery.form.js HTTP/1.1" 200 23110
114.84.145.85 - - [28/Nov/2020:09:24:05 +0800] "GET /xingrg/javascript/jquery_easy_ui/themes/default/easyui.css HTTP/1.1" 200 26500
114.84.145.85 - - [28/Nov/2020:09:24:05 +0800] "GET /favicon.ico HTTP/1.1" 404 -
114.84.145.85 - - [28/Nov/2020:09:24:05 +0800] "GET /xingrg/javascript/jquery_easy_ui/themes/icons/settle_new.png HTTP/1.1" 200 826
114.84.145.85 - - [28/Nov/2020:09:24:05 +0800] "GET /xingrg/images/blue/navBackgound.jpg HTTP/1.1" 200 12378
114.84.145.85 - - [28/Nov/2020:09:24:05 +0800] "POST /xingrg/all/common/load_tree.html?tree=area_rest_tree_json&manage=1 HTTP/1.1" 200 351
114.84.145.85 - - [28/Nov/2020:09:24:05 +0800] "GET /xingrg/all/function/internal_message.html?_=1606526220718&CODE_STATE=count HTTP/1.1" 200 11
114.84.145.85 - - [28/Nov/2020:09:24:05 +0800] "GET /xingrg/check_reg.html?_=1606526220719 HTTP/1.1" 200 22
114.84.145.85 - - [28/Nov/2020:09:24:05 +0800] "GET /xingrg/images/blue/pingpu.png HTTP/1.1" 200 231
114.84.145.85 - - [28/Nov/2020:09:24:05 +0800] "GET /xingrg/javascript/jquery_easy_ui/themes/default/images/tabs_leftarrow.png HTTP/1.1" 200 389
114.84.145.85 - - [28/Nov/2020:09:24:05 +0800] "GET /xingrg/javascript/jquery_easy_ui/themes/default/images/tabs_rightarrow.png HTTP/1.1" 200 395
114.84.145.85 - - [28/Nov/2020:09:24:05 +0800] "GET /xingrg/javascript/jquery_easy_ui/themes/default/images/panel_tool_collapse.gif HTTP/1.1" 200 246
114.84.145.85 - - [28/Nov/2020:09:24:05 +0800] "GET /xingrg/javascript/jquery_easy_ui/themes/default/images/tree_arrows.gif HTTP/1.1" 200 1043
114.84.145.85 - - [28/Nov/2020:09:24:05 +0800] "POST /xingrg/load_menu.html HTTP/1.1" 200 5138
114.84.145.85 - - [28/Nov/2020:09:24:05 +0800] "GET /xingrg/javascript/jquery_easy_ui/themes/default/images/tree_folder_open.gif HTTP/1.1" 200 956
114.84.145.85 - - [28/Nov/2020:09:24:05 +0800] "GET /xingrg/javascript/jquery_easy_ui/themes/icons/search_new.png HTTP/1.1" 200 586
114.84.145.85 - - [28/Nov/2020:09:24:05 +0800] "GET /xingrg/javascript/jquery_easy_ui/themes/default/images/tree_folder.gif HTTP/1.1" 200 952
114.84.145.85 - - [28/Nov/2020:09:24:05 +0800] "GET /xingrg/javascript/jquery_easy_ui/themes/icons/storage_new.png HTTP/1.1" 200 853
114.84.145.85 - - [28/Nov/2020:09:24:05 +0800] "GET /xingrg/javascript/jquery_easy_ui/themes/icons/forms_new.png HTTP/1.1" 200 350
114.84.145.85 - - [28/Nov/2020:09:24:05 +0800] "GET /xingrg/javascript/jquery_easy_ui/themes/default/images/tree_file.gif HTTP/1.1" 200 118
222.69.133.109 - - [28/Nov/2020:09:24:06 +0800] "GET /xingrg/kc/buy/cgsh_order_add.html HTTP/1.1" 200 59929
222.69.133.109 - - [28/Nov/2020:09:24:06 +0800] "GET /xingrg/words/20201127160732_words.js HTTP/1.1" 304 -
222.69.133.109 - - [28/Nov/2020:09:24:06 +0800] "POST /xingrg/kc/buy/cgsh_order_operate.html HTTP/1.1" 200 8245
222.69.133.109 - - [28/Nov/2020:09:24:06 +0800] "GET /xingrg/all/common/auto_word.html?type=employee&rest_code=00154 HTTP/1.1" 200 101
222.69.133.109 - - [28/Nov/2020:09:24:06 +0800] "GET /xingrg/all/common/auto_word.html?type=employee&rest_code=00154 HTTP/1.1" 200 101
222.69.133.109 - - [28/Nov/2020:09:24:06 +0800] "GET /xingrg/javascript/easyui/themes/default/validatebox.css HTTP/1.1" 404 1104
222.69.133.109 - - [28/Nov/2020:09:24:08 +0800] "GET /xingrg/javascript/auto/indicator.gif HTTP/1.1" 404 1066
180.162.223.42 - - [28/Nov/2020:09:24:14 +0800] "GET /xingrg/kc/base/base_main.html HTTP/1.1" 200 12142
222.69.133.109 - - [28/Nov/2020:09:24:16 +0800] "GET /xingrg/javascript/jquery_tools/images/prev.gif HTTP/1.1" 404 1086
222.69.133.109 - - [28/Nov/2020:09:24:16 +0800] "GET /xingrg/javascript/jquery_tools/images/next.gif HTTP/1.1" 404 1086
180.162.223.42 - - [28/Nov/2020:09:24:16 +0800] "GET /xingrg/kc/base/wldb_order_list.html HTTP/1.1" 200 19418
180.162.223.42 - - [28/Nov/2020:09:24:18 +0800] "POST /xingrg/kc/base/wldb_list_operate.html HTTP/1.1" 200 928
180.162.223.42 - - [28/Nov/2020:09:24:20 +0800] "GET /xingrg/kc/base/wldb_order_add.html HTTP/1.1" 200 30587
180.162.223.42 - - [28/Nov/2020:09:24:20 +0800] "GET /xingrg/words/20201127160732_words.js HTTP/1.1" 304 -
180.162.223.42 - - [28/Nov/2020:09:24:21 +0800] "GET /xingrg/all/common/auto_word.html?type=base&rest_code=00105 HTTP/1.1" 200 1811
180.162.223.42 - - [28/Nov/2020:09:24:21 +0800] "GET /xingrg/all/common/auto_word.html?type=base&rest_code=00105 HTTP/1.1" 200 1811
180.162.223.42 - - [28/Nov/2020:09:24:21 +0800] "GET /xingrg/javascript/easyui/themes/default/validatebox.css HTTP/1.1" 404 1104
180.162.223.42 - - [28/Nov/2020:09:24:21 +0800] "POST /xingrg/kc/base/wldb_order_operate.html HTTP/1.1" 200 6806
180.162.223.42 - - [28/Nov/2020:09:24:24 +0800] "POST /xingrg/all/common/load_combo.html?type=base HTTP/1.1" 200 3236
114.84.145.85 - - [28/Nov/2020:09:24:25 +0800] "GET /xingrg/javascript/jquery_easy_ui/themes/default/images/tabs_close.gif HTTP/1.1" 200 829
114.84.145.85 - - [28/Nov/2020:09:24:25 +0800] "GET /xingrg/kc/buy/buy_main.html HTTP/1.1" 200 12412
114.84.145.85 - - [28/Nov/2020:09:24:25 +0800] "GET /xingrg/css/new_ie.css HTTP/1.1" 404 1036
114.84.145.85 - - [28/Nov/2020:09:24:25 +0800] "GET /xingrg/javascript/pic_change.js HTTP/1.1" 200 4739
114.84.145.85 - - [28/Nov/2020:09:24:25 +0800] "GET /xingrg/javascript/ToolTips.js HTTP/1.1" 200 5615
114.84.145.85 - - [28/Nov/2020:09:24:25 +0800] "GET /xingrg/javascript/jquery_ui/jquery-ui.min.js HTTP/1.1" 200 186181
114.84.145.85 - - [28/Nov/2020:09:24:25 +0800] "GET /xingrg/css/blue.css HTTP/1.1" 200 15949
114.84.145.85 - - [28/Nov/2020:09:24:25 +0800] "GET /xingrg/javascript/myfunction.js HTTP/1.1" 200 24559
114.84.145.85 - - [28/Nov/2020:09:24:25 +0800] "GET /xingrg/javascript/jquery_ui/themes/humanity/humanity.css HTTP/1.1" 200 27801
114.84.145.85 - - [28/Nov/2020:09:24:25 +0800] "GET /xingrg/images/blue/button/cgxqd.gif HTTP/1.1" 200 2619
114.84.145.85 - - [28/Nov/2020:09:24:25 +0800] "GET /xingrg/images/blue/button/cgydd.gif HTTP/1.1" 200 2712
114.84.145.85 - - [28/Nov/2020:09:24:25 +0800] "GET /xingrg/images/blue/button/cgshd.gif HTTP/1.1" 200 2618
114.84.145.85 - - [28/Nov/2020:09:24:25 +0800] "GET /xingrg/images/blue/button/cgfkd.gif HTTP/1.1" 200 2075
114.84.145.85 - - [28/Nov/2020:09:24:25 +0800] "GET /xingrg/images/blue/button/kc.gif HTTP/1.1" 200 2160
114.84.145.85 - - [28/Nov/2020:09:24:25 +0800] "GET /xingrg/images/blue/button/ckthd.gif HTTP/1.1" 200 2045
114.84.145.85 - - [28/Nov/2020:09:24:25 +0800] "GET /xingrg/images/blue/pic_form2.gif HTTP/1.1" 200 1853
114.84.145.85 - - [28/Nov/2020:09:24:25 +0800] "GET /xingrg/images/blue/bg_dotted.jpg HTTP/1.1" 200 319
114.84.145.85 - - [28/Nov/2020:09:24:25 +0800] "GET /xingrg/javascript/jquery_ui/themes/humanity/images/ui-bg_inset-soft_100_f4f0ec_1x100.png HTTP/1.1" 200 141
114.84.145.85 - - [28/Nov/2020:09:24:25 +0800] "GET /xingrg/images/blue/button/right_ah.jpg HTTP/1.1" 200 1744
114.84.145.85 - - [28/Nov/2020:09:24:25 +0800] "GET /xingrg/images/blue/button/down_ah.jpg HTTP/1.1" 200 1732
114.84.145.85 - - [28/Nov/2020:09:24:25 +0800] "GET /xingrg/javascript/jquery_ui/themes/humanity/images/ui-iconsnew.jpg HTTP/1.1" 200 337
114.84.145.85 - - [28/Nov/2020:09:24:25 +0800] "GET /xingrg/javascript/jquery_ui/themes/humanity/images/ui-icons_ffffff_256x240.png HTTP/1.1" 200 4369
114.84.145.85 - - [28/Nov/2020:09:24:25 +0800] "GET /xingrg/javascript/jquery_ui/themes/humanity/images/ui-icons_c47a23_256x240.png HTTP/1.1" 200 5355
114.84.145.85 - - [28/Nov/2020:09:24:25 +0800] "GET /xingrg/javascript/jquery_ui/themes/humanity/images/ui-bg_glass_70_ede4d4_1x400.png HTTP/1.1" 200 161
114.84.145.85 - - [28/Nov/2020:09:24:26 +0800] "GET /xingrg/images/yd/bt.gif HTTP/1.1" 404 1040
114.84.145.85 - - [28/Nov/2020:09:24:27 +0800] "GET /xingrg/javascript/jquery_tools/datebox.css HTTP/1.1" 200 2597
114.84.145.85 - - [28/Nov/2020:09:24:27 +0800] "GET /xingrg/javascript/easyui/themes/icon.css HTTP/1.1" 200 4483
114.84.145.85 - - [28/Nov/2020:09:24:27 +0800] "GET /xingrg/javascript/jquery_tools/fix.css HTTP/1.1" 200 1702
114.84.145.85 - - [28/Nov/2020:09:24:27 +0800] "GET /xingrg/javascript/auto/jquery.autocomplete.css HTTP/1.1" 200 587
114.84.145.85 - - [28/Nov/2020:09:24:27 +0800] "GET /xingrg/kc/buy/cgsh_order_list.html HTTP/1.1" 200 45075
114.84.145.85 - - [28/Nov/2020:09:24:27 +0800] "GET /xingrg/javascript/jquery_tools/table.css HTTP/1.1" 200 1032
114.84.145.85 - - [28/Nov/2020:09:24:27 +0800] "GET /xingrg/css/site.css HTTP/1.1" 200 7541
114.84.145.85 - - [28/Nov/2020:09:24:27 +0800] "GET /xingrg/css/base.css HTTP/1.1" 200 2811
114.84.145.85 - - [28/Nov/2020:09:24:27 +0800] "GET /xingrg/javascript/jquery_tools/jquery.tools.min.js HTTP/1.1" 200 138801
114.84.145.85 - - [28/Nov/2020:09:24:27 +0800] "GET /xingrg/javascript/jquery_tools/jquery.tools.hotkey.js HTTP/1.1" 200 3242
114.84.145.85 - - [28/Nov/2020:09:24:27 +0800] "GET /xingrg/javascript/jquery_tools/list_manager.js HTTP/1.1" 200 3652
114.84.145.85 - - [28/Nov/2020:09:24:27 +0800] "GET /xingrg/javascript/easyui/themes/default/easyui.css HTTP/1.1" 200 30432
114.84.145.85 - - [28/Nov/2020:09:24:27 +0800] "GET /xingrg/javascript/jquery_tools/jquery.tools.table.js HTTP/1.1" 200 6994
114.84.145.85 - - [28/Nov/2020:09:24:27 +0800] "GET /xingrg/javascript/easyui/easyloader.js HTTP/1.1" 200 5975
114.84.145.85 - - [28/Nov/2020:09:24:27 +0800] "GET /xingrg/javascript/jquery.cookie.js HTTP/1.1" 200 5513
114.84.145.85 - - [28/Nov/2020:09:24:27 +0800] "GET /xingrg/javascript/print/LodopFuncs.js HTTP/1.1" 200 5121
114.84.145.85 - - [28/Nov/2020:09:24:27 +0800] "GET /xingrg/javascript/jquery_tools/jquery.tools.extend.js HTTP/1.1" 200 15385
114.84.145.85 - - [28/Nov/2020:09:24:27 +0800] "GET /xingrg/javascript/auto/jquery.autocomplete.js HTTP/1.1" 200 21624
114.84.145.85 - - [28/Nov/2020:09:24:27 +0800] "GET /xingrg/javascript/easyui/plugins/jquery.parser.js HTTP/1.1" 200 1142
114.84.145.85 - - [28/Nov/2020:09:24:27 +0800] "GET /xingrg/images/control/ajaxLoader.gif HTTP/1.1" 200 4659
114.84.145.85 - - [28/Nov/2020:09:24:27 +0800] "GET /xingrg/javascript/easyui/themes/icons/import_new.png HTTP/1.1" 200 1247
114.84.145.85 - - [28/Nov/2020:09:24:27 +0800] "GET /xingrg/javascript/easyui/themes/icons/field_new.png HTTP/1.1" 200 1097
114.84.145.85 - - [28/Nov/2020:09:24:27 +0800] "GET /xingrg/javascript/easyui/themes/icons/edit_add_new.png HTTP/1.1" 200 2997
114.84.145.85 - - [28/Nov/2020:09:24:27 +0800] "GET /xingrg/javascript/easyui/themes/icons/check_new.png HTTP/1.1" 200 3224
114.84.145.85 - - [28/Nov/2020:09:24:27 +0800] "GET /xingrg/javascript/easyui/themes/icons/cance_new.png HTTP/1.1" 200 3986
180.162.223.42 - - [28/Nov/2020:09:24:27 +0800] "POST /xingrg/all/common/load_combo.html?type=base HTTP/1.1" 200 3236
114.88.175.227 - - [28/Nov/2020:09:24:28 +0800] "GET /xingrg/all/function/internal_message.html?_=1606526780907&CODE_STATE=getMsg HTTP/1.1" 200 27
114.84.145.85 - - [28/Nov/2020:09:24:28 +0800] "POST /xingrg/kc/buy/cgsh_list_operate.html HTTP/1.1" 200 876
114.84.145.85 - - [28/Nov/2020:09:24:28 +0800] "GET /xingrg/javascript/easyui/themes/default/images/button_plain_hover.png HTTP/1.1" 200 144
114.84.145.85 - - [28/Nov/2020:09:24:29 +0800] "GET /xingrg/javascript/convert.js HTTP/1.1" 200 1239
114.84.145.85 - - [28/Nov/2020:09:24:29 +0800] "GET /xingrg/javascript/jquery_tools/order_manager.js HTTP/1.1" 200 11183
114.84.145.85 - - [28/Nov/2020:09:24:29 +0800] "GET /xingrg/kc/buy/cgsh_order_add.html HTTP/1.1" 200 60813
114.84.145.85 - - [28/Nov/2020:09:24:29 +0800] "GET /xingrg/javascript/print/kc_print.js HTTP/1.1" 200 11415
114.84.145.85 - - [28/Nov/2020:09:24:29 +0800] "GET /xingrg/javascript/json2.js HTTP/1.1" 200 11259
114.84.145.85 - - [28/Nov/2020:09:24:29 +0800] "GET /xingrg/words/20201127160732_words.js HTTP/1.1" 200 777787
114.84.145.85 - - [28/Nov/2020:09:24:29 +0800] "GET /xingrg/javascript/easyui/themes/icons/ok.png HTTP/1.1" 200 883
114.84.145.85 - - [28/Nov/2020:09:24:29 +0800] "GET /xingrg/javascript/easyui/themes/icons/template_new.png HTTP/1.1" 200 3956
114.84.145.85 - - [28/Nov/2020:09:24:29 +0800] "GET /xingrg/javascript/easyui/themes/icons/copy_new.png HTTP/1.1" 200 815
114.84.145.85 - - [28/Nov/2020:09:24:29 +0800] "GET /xingrg/javascript/easyui/themes/icons/print.png HTTP/1.1" 200 1057
114.84.145.85 - - [28/Nov/2020:09:24:29 +0800] "GET /xingrg/javascript/easyui/themes/default/images/menu_downarrow.png HTTP/1.1" 200 173
114.84.145.85 - - [28/Nov/2020:09:24:29 +0800] "GET /xingrg/javascript/easyui/themes/icons/cancel.png HTTP/1.1" 200 1133
114.84.145.85 - - [28/Nov/2020:09:24:29 +0800] "POST /xingrg/kc/buy/cgsh_order_operate.html HTTP/1.1" 200 8245
114.84.145.85 - - [28/Nov/2020:09:24:29 +0800] "GET /xingrg/all/common/auto_word.html?type=employee&rest_code=00141 HTTP/1.1" 200 201
114.84.145.85 - - [28/Nov/2020:09:24:29 +0800] "GET /xingrg/javascript/easyui/themes/default/validatebox.css HTTP/1.1" 404 1104
114.84.145.85 - - [28/Nov/2020:09:24:29 +0800] "GET /xingrg/javascript/easyui/plugins/jquery.validatebox.js HTTP/1.1" 200 6103
114.84.145.85 - - [28/Nov/2020:09:24:29 +0800] "GET /xingrg/all/common/auto_word.html?type=employee&rest_code=00141 HTTP/1.1" 200 201
114.84.145.85 - - [28/Nov/2020:09:24:29 +0800] "GET /xingrg/javascript/easyui/plugins/jquery.numberbox.js HTTP/1.1" 200 5213
114.84.145.85 - - [28/Nov/2020:09:24:29 +0800] "GET /xingrg/javascript/easyui/themes/icons/edit_remove.png HTTP/1.1" 200 625
222.69.133.109 - - [28/Nov/2020:09:24:34 +0800] "GET /xingrg/kc/buy/cgsh_order_operate.html?command=get_materiel&rest_code=00154&code=00101008144&supplier_code=00100417&order_time=2020-11-28 HTTP/1.1" 200 412
180.162.223.42 - - [28/Nov/2020:09:24:37 +0800] "GET /xingrg/all/function/internal_message.html?_=1606526677162&CODE_STATE=getMsg HTTP/1.1" 200 27
180.162.223.42 - - [28/Nov/2020:09:24:37 +0800] "GET /xingrg/check_reg.html?_=1606526677164 HTTP/1.1" 200 22
114.88.175.227 - - [28/Nov/2020:09:24:45 +0800] "GET /xingrg/all/function/internal_message.html?_=1606526678829&CODE_STATE=getMsg HTTP/1.1" 200 27
172.17.0.102 - - [28/Nov/2020:09:24:45 +0800] "GET /xingrg/all/function/internal_message.html?_=1606526683704&CODE_STATE=getMsg HTTP/1.1" 200 27
180.162.223.42 - - [28/Nov/2020:09:24:46 +0800] "GET /xingrg/javascript/auto/indicator.gif HTTP/1.1" 404 1066
120.253.135.82 - - [28/Nov/2020:09:24:47 +0800] "GET /xingrg/all/function/internal_message.html?_=1606526732849&CODE_STATE=getMsg HTTP/1.1" 302 -
180.162.223.42 - - [28/Nov/2020:09:24:50 +0800] "GET /xingrg/all/function/internal_message.html?_=1606526667875&CODE_STATE=getMsg HTTP/1.1" 200 27
180.162.223.42 - - [28/Nov/2020:09:24:51 +0800] "GET /xingrg/kc/base/wldb_order_operate.html?command=get_materiel&rest_code=00105&base_code=0010507&code=00101011005 HTTP/1.1" 200 430
114.84.145.85 - - [28/Nov/2020:09:24:56 +0800] "GET /xingrg/all/function/internal_message.html?_=1606526707464&CODE_STATE=getMsg HTTP/1.1" 200 27
222.69.133.109 - - [28/Nov/2020:09:24:57 +0800] "GET /xingrg/all/function/internal_message.html?_=1606526696140&CODE_STATE=getMsg HTTP/1.1" 200 27
180.162.223.42 - - [28/Nov/2020:09:24:59 +0800] "POST /xingrg/kc/base/wldb_order_operate.html HTTP/1.1" 200 37
180.162.223.42 - - [28/Nov/2020:09:25:00 +0800] "POST /xingrg/kc/base/wldb_order_operate.html HTTP/1.1" 200 2180
180.162.223.42 - - [28/Nov/2020:09:25:00 +0800] "GET /xingrg/kc/base/wldb_order_info.html?code=422020112803118 HTTP/1.1" 200 30603
180.162.223.42 - - [28/Nov/2020:09:25:01 +0800] "GET /xingrg/javascript/easyui/themes/default/validatebox.css HTTP/1.1" 404 1104
180.162.223.42 - - [28/Nov/2020:09:25:01 +0800] "POST /xingrg/kc/base/wldb_order_operate.html HTTP/1.1" 200 2180
114.84.37.38 - - [28/Nov/2020:09:25:03 +0800] "GET /xingrg/all/function/internal_message.html?_=1606526695643&CODE_STATE=getMsg HTTP/1.1" 302 -
222.69.138.163 - - [28/Nov/2020:09:25:04 +0800] "GET /xingrg/all/function/internal_message.html?_=1606526696295&CODE_STATE=getMsg HTTP/1.1" 200 27
114.84.145.85 - - [28/Nov/2020:09:25:05 +0800] "GET /xingrg/all/function/internal_message.html?_=1606526280737&CODE_STATE=getMsg HTTP/1.1" 200 27
114.84.145.85 - - [28/Nov/2020:09:25:13 +0800] "GET /xingrg/javascript/auto/indicator.gif HTTP/1.1" 404 1066
114.84.145.85 - - [28/Nov/2020:09:25:14 +0800] "GET /xingrg/javascript/jquery_tools/images/prev.gif HTTP/1.1" 404 1086
114.84.145.85 - - [28/Nov/2020:09:25:14 +0800] "GET /xingrg/javascript/jquery_tools/images/next.gif HTTP/1.1" 404 1086
101.89.239.232 - - [28/Nov/2020:09:25:16 +0800] "GET /xingrg/check_reg.html?_=1606526614977 HTTP/1.1" 302 -
101.89.239.232 - - [28/Nov/2020:09:25:21 +0800] "GET /xingrg/login.html HTTP/1.1" 200 7641
222.69.133.109 - - [28/Nov/2020:09:25:23 +0800] "GET /xingrg/kc/buy/cgsh_order_operate.html?command=get_materiel&rest_code=00154&code=00101008264&supplier_code=00100417&order_time=2020-11-28 HTTP/1.1" 200 412
114.84.145.85 - - [28/Nov/2020:09:25:23 +0800] "GET /xingrg/kc/buy/cgsh_order_operate.html?command=get_materiel&rest_code=00141&code=00101026183&supplier_code=00100017&order_time=2020-11-28 HTTP/1.1" 200 427
114.88.175.227 - - [28/Nov/2020:09:25:28 +0800] "GET /xingrg/all/function/internal_message.html?_=1606526840907&CODE_STATE=getMsg HTTP/1.1" 200 27
114.84.145.85 - - [28/Nov/2020:09:25:34 +0800] "POST /xingrg/all/common/load_select.html HTTP/1.1" 200 25
180.162.223.42 - - [28/Nov/2020:09:25:37 +0800] "GET /xingrg/all/function/internal_message.html?_=1606526737163&CODE_STATE=getMsg HTTP/1.1" 200 27
114.84.145.85 - - [28/Nov/2020:09:25:37 +0800] "GET /xingrg/kc/buy/cgsh_order_operate.html?command=get_materiel_price&rest_code=00141&code=00101026183&unit_code=00100188&supplier_code=00100017&order_time=2020-11-28 HTTP/1.1" 200 29
117.131.5.26 - - [28/Nov/2020:09:25:40 +0800] "POST /xingrg/services/DataTransmitService HTTP/1.1" 200 524
222.69.133.109 - - [28/Nov/2020:09:25:44 +0800] "GET /xingrg/kc/buy/cgsh_order_operate.html?command=get_materiel&rest_code=00154&code=00101008205&supplier_code=00100417&order_time=2020-11-28 HTTP/1.1" 200 412
114.88.175.227 - - [28/Nov/2020:09:25:45 +0800] "GET /xingrg/all/function/internal_message.html?_=1606526738906&CODE_STATE=getMsg HTTP/1.1" 200 27
172.17.0.102 - - [28/Nov/2020:09:25:45 +0800] "GET /xingrg/all/function/internal_message.html?_=1606526743705&CODE_STATE=getMsg HTTP/1.1" 200 27
120.253.135.82 - - [28/Nov/2020:09:25:47 +0800] "GET /xingrg/all/function/internal_message.html?_=1606526792861&CODE_STATE=getMsg HTTP/1.1" 302 -
180.162.223.42 - - [28/Nov/2020:09:25:50 +0800] "GET /xingrg/all/function/internal_message.html?_=1606526727876&CODE_STATE=getMsg HTTP/1.1" 200 27
180.162.223.42 - - [28/Nov/2020:09:25:50 +0800] "GET /xingrg/check_reg.html?_=1606526727880 HTTP/1.1" 200 22
114.84.145.85 - - [28/Nov/2020:09:25:56 +0800] "GET /xingrg/all/function/internal_message.html?_=1606526767438&CODE_STATE=getMsg HTTP/1.1" 200 27
222.69.133.109 - - [28/Nov/2020:09:25:57 +0800] "GET /xingrg/all/function/internal_message.html?_=1606526756155&CODE_STATE=getMsg HTTP/1.1" 200 27
114.84.145.85 - - [28/Nov/2020:09:26:01 +0800] "GET /xingrg/kc/buy/cgsh_order_operate.html?command=get_materiel&rest_code=00141&code=00101027034&supplier_code=00100017&order_time=2020-11-28 HTTP/1.1" 200 449
114.84.37.38 - - [28/Nov/2020:09:26:03 +0800] "GET /xingrg/all/function/internal_message.html?_=1606526755647&CODE_STATE=getMsg HTTP/1.1" 302 -
222.69.138.163 - - [28/Nov/2020:09:26:04 +0800] "GET /xingrg/all/function/internal_message.html?_=1606526756292&CODE_STATE=getMsg HTTP/1.1" 200 27
222.69.133.109 - - [28/Nov/2020:09:26:04 +0800] "GET /xingrg/kc/buy/cgsh_order_operate.html?command=get_materiel&rest_code=00154&code=00101008356&supplier_code=00100417&order_time=2020-11-28 HTTP/1.1" 200 408
114.84.145.85 - - [28/Nov/2020:09:26:05 +0800] "GET /xingrg/all/function/internal_message.html?_=1606526340735&CODE_STATE=getMsg HTTP/1.1" 200 27
120.253.135.82 - - [28/Nov/2020:09:26:10 +0800] "GET /xingrg/check_reg.html?_=1606526815681 HTTP/1.1" 302 -
114.84.145.85 - - [28/Nov/2020:09:26:19 +0800] "GET /xingrg/kc/buy/cgsh_order_operate.html?command=get_materiel&rest_code=00141&code=00101027009&supplier_code=00100017&order_time=2020-11-28 HTTP/1.1" 200 459
114.88.175.227 - - [28/Nov/2020:09:26:21 +0800] "GET /xingrg/check_reg.html?_=1606526774940 HTTP/1.1" 200 22
222.69.133.109 - - [28/Nov/2020:09:26:23 +0800] "GET /xingrg/kc/buy/cgsh_order_operate.html?command=get_materiel&rest_code=00154&code=00101008361&supplier_code=00100417&order_time=2020-11-28 HTTP/1.1" 200 408
114.88.175.227 - - [28/Nov/2020:09:26:24 +0800] "POST /xingrg/kc/buy/cgsh_order_operate.html HTTP/1.1" 200 37
114.88.175.227 - - [28/Nov/2020:09:26:25 +0800] "POST /xingrg/kc/buy/cgsh_order_operate.html HTTP/1.1" 200 3827
116.228.172.94 - - [28/Nov/2020:09:26:26 +0800] "POST /xingrg/login.do HTTP/1.1" 302 -
116.228.172.94 - - [28/Nov/2020:09:26:27 +0800] "GET /xingrg/index.html?sysBaseUrl=http%3A%2F%2F180.169.147.146%3A18081%2Fxingrg%2F&costTime=39×tamp=1606526786978 HTTP/1.1" 200 17179
114.84.145.85 - - [28/Nov/2020:09:26:27 +0800] "GET /xingrg/kc/buy/cgsh_order_operate.html?command=get_materiel&rest_code=00141&code=00101028012&supplier_code=00100017&order_time=2020-11-28 HTTP/1.1" 200 456
114.88.175.227 - - [28/Nov/2020:09:26:27 +0800] "GET /xingrg/kc/buy/cgsh_order_add.html HTTP/1.1" 200 60807
114.88.175.227 - - [28/Nov/2020:09:26:27 +0800] "POST /xingrg/kc/buy/cgsh_order_operate.html HTTP/1.1" 200 8245
114.88.175.227 - - [28/Nov/2020:09:26:28 +0800] "GET /xingrg/all/function/internal_message.html?_=1606526900925&CODE_STATE=getMsg HTTP/1.1" 200 27
116.228.172.94 - - [28/Nov/2020:09:26:28 +0800] "GET /favicon.ico HTTP/1.1" 404 -
116.228.172.94 - - [28/Nov/2020:09:26:29 +0800] "POST /xingrg/all/common/load_tree.html?tree=area_rest_tree_json&manage=1 HTTP/1.1" 200 476
116.228.172.94 - - [28/Nov/2020:09:26:29 +0800] "GET /xingrg/check_reg.html?_=1606526780199 HTTP/1.1" 200 22
116.228.172.94 - - [28/Nov/2020:09:26:29 +0800] "GET /xingrg/all/function/internal_message.html?_=1606526780195&CODE_STATE=count HTTP/1.1" 200 11
116.228.172.94 - - [28/Nov/2020:09:26:30 +0800] "POST /xingrg/load_menu.html HTTP/1.1" 200 5138
114.88.175.227 - - [28/Nov/2020:09:26:30 +0800] "POST /xingrg/kc/buy/cgsh_list_operate.html HTTP/1.1" 200 5603
114.88.175.227 - - [28/Nov/2020:09:26:30 +0800] "GET /xingrg/javascript/easyui/themes/default/validatebox.css HTTP/1.1" 404 1104
114.88.175.227 - - [28/Nov/2020:09:26:34 +0800] "POST /xingrg/kc/buy/cgsh_list_operate.html HTTP/1.1" 200 1688
114.88.175.227 - - [28/Nov/2020:09:26:36 +0800] "POST /xingrg/kc/buy/cgsh_list_operate.html HTTP/1.1" 200 343
114.84.145.85 - - [28/Nov/2020:09:26:36 +0800] "GET /xingrg/kc/buy/cgsh_order_operate.html?command=get_materiel&rest_code=00141&code=00101029003&supplier_code=00100017&order_time=2020-11-28 HTTP/1.1" 200 476
180.162.223.42 - - [28/Nov/2020:09:26:37 +0800] "GET /xingrg/all/function/internal_message.html?_=1606526797173&CODE_STATE=getMsg HTTP/1.1" 200 27
114.88.175.227 - - [28/Nov/2020:09:26:45 +0800] "GET /xingrg/all/function/internal_message.html?_=1606526798919&CODE_STATE=getMsg HTTP/1.1" 200 27
172.17.0.102 - - [28/Nov/2020:09:26:45 +0800] "GET /xingrg/all/function/internal_message.html?_=1606526803706&CODE_STATE=getMsg HTTP/1.1" 200 27
172.17.0.102 - - [28/Nov/2020:09:26:45 +0800] "GET /xingrg/check_reg.html?_=1606526803704 HTTP/1.1" 200 22
120.253.135.82 - - [28/Nov/2020:09:26:47 +0800] "GET /xingrg/all/function/internal_message.html?_=1606526852898&CODE_STATE=getMsg HTTP/1.1" 302 -
114.84.145.85 - - [28/Nov/2020:09:26:48 +0800] "GET /xingrg/kc/buy/cgsh_order_operate.html?command=get_materiel&rest_code=00141&code=00101029002&supplier_code=00100017&order_time=2020-11-28 HTTP/1.1" 200 470
180.162.223.42 - - [28/Nov/2020:09:26:50 +0800] "GET /xingrg/all/function/internal_message.html?_=1606526787882&CODE_STATE=getMsg HTTP/1.1" 200 27
114.84.37.38 - - [28/Nov/2020:09:26:53 +0800] "GET /xingrg/check_reg.html?_=1606526804797 HTTP/1.1" 302 -
114.84.145.85 - - [28/Nov/2020:09:26:56 +0800] "GET /xingrg/all/function/internal_message.html?_=1606526827416&CODE_STATE=getMsg HTTP/1.1" 200 27
222.69.133.109 - - [28/Nov/2020:09:26:57 +0800] "GET /xingrg/all/function/internal_message.html?_=1606526816151&CODE_STATE=getMsg HTTP/1.1" 200 27
114.84.145.85 - - [28/Nov/2020:09:27:00 +0800] "GET /xingrg/kc/buy/cgsh_order_operate.html?command=get_materiel&rest_code=00141&code=00101029005&supplier_code=00100017&order_time=2020-11-28 HTTP/1.1" 200 435
114.84.37.38 - - [28/Nov/2020:09:27:03 +0800] "GET /xingrg/all/function/internal_message.html?_=1606526815668&CODE_STATE=getMsg HTTP/1.1" 302 -
222.69.138.163 - - [28/Nov/2020:09:27:04 +0800] "GET /xingrg/all/function/internal_message.html?_=1606526816292&CODE_STATE=getMsg HTTP/1.1" 200 27
222.69.138.163 - - [28/Nov/2020:09:27:04 +0800] "GET /xingrg/check_reg.html?_=1606526816297 HTTP/1.1" 200 22
114.84.145.85 - - [28/Nov/2020:09:27:05 +0800] "GET /xingrg/all/function/internal_message.html?_=1606526400747&CODE_STATE=getMsg HTTP/1.1" 200 27
114.84.145.85 - - [28/Nov/2020:09:27:08 +0800] "GET /xingrg/kc/buy/cgsh_order_operate.html?command=get_materiel&rest_code=00141&code=00101029017&supplier_code=00100017&order_time=2020-11-28 HTTP/1.1" 200 467
114.84.145.85 - - [28/Nov/2020:09:27:20 +0800] "GET /xingrg/kc/buy/cgsh_order_operate.html?command=get_materiel&rest_code=00141&code=00101028009&supplier_code=00100017&order_time=2020-11-28 HTTP/1.1" 200 440
114.88.175.227 - - [28/Nov/2020:09:27:28 +0800] "GET /xingrg/all/function/internal_message.html?_=1606526960919&CODE_STATE=getMsg HTTP/1.1" 200 27
114.88.175.227 - - [28/Nov/2020:09:27:28 +0800] "GET /xingrg/check_reg.html?_=1606526960915 HTTP/1.1" 200 22
116.228.172.94 - - [28/Nov/2020:09:27:29 +0800] "GET /xingrg/all/function/internal_message.html?_=1606526840227&CODE_STATE=getMsg HTTP/1.1" 200 27
58.221.95.50 - - [28/Nov/2020:09:27:31 +0800] "GET /xingrg/check_reg.html?_=1606526858425 HTTP/1.1" 302 -
180.162.223.42 - - [28/Nov/2020:09:27:37 +0800] "GET /xingrg/all/function/internal_message.html?_=1606526857167&CODE_STATE=getMsg HTTP/1.1" 200 27
114.84.145.85 - - [28/Nov/2020:09:27:40 +0800] "POST /xingrg/kc/buy/cgsh_order_operate.html HTTP/1.1" 200 37
114.84.145.85 - - [28/Nov/2020:09:27:43 +0800] "POST /xingrg/kc/buy/cgsh_order_operate.html HTTP/1.1" 200 12
114.84.145.85 - - [28/Nov/2020:09:27:43 +0800] "GET /xingrg/kc/buy/cgsh_order_info.html?code=212020112810908 HTTP/1.1" 200 55714
114.84.145.85 - - [28/Nov/2020:09:27:44 +0800] "GET /xingrg/javascript/easyui/themes/default/validatebox.css HTTP/1.1" 404 1104
114.84.145.85 - - [28/Nov/2020:09:27:44 +0800] "POST /xingrg/kc/buy/cgsh_order_operate.html HTTP/1.1" 200 5618
114.88.175.227 - - [28/Nov/2020:09:27:45 +0800] "GET /xingrg/all/function/internal_message.html?_=1606526858932&CODE_STATE=getMsg HTTP/1.1" 200 27
114.84.145.85 - - [28/Nov/2020:09:27:45 +0800] "GET /xingrg/kc/print/load_config.html?kc_code=cgsh HTTP/1.1" 200 1845
172.17.0.102 - - [28/Nov/2020:09:27:45 +0800] "GET /xingrg/all/function/internal_message.html?_=1606526863713&CODE_STATE=getMsg HTTP/1.1" 200 27
114.84.145.85 - - [28/Nov/2020:09:27:45 +0800] "GET /xingrg/kc/print/load_data.html?order_code=212020112810908&kc_code=cgsh&condition= HTTP/1.1" 200 2852
120.253.135.82 - - [28/Nov/2020:09:27:47 +0800] "GET /xingrg/all/function/internal_message.html?_=1606526912905&CODE_STATE=getMsg HTTP/1.1" 302 -
180.162.223.42 - - [28/Nov/2020:09:27:50 +0800] "GET /xingrg/all/function/internal_message.html?_=1606526847882&CODE_STATE=getMsg HTTP/1.1" 200 27
114.84.145.85 - - [28/Nov/2020:09:27:54 +0800] "GET /xingrg/kc/buy/cgsh_order_add.html HTTP/1.1" 200 60813
114.84.145.85 - - [28/Nov/2020:09:27:54 +0800] "POST /xingrg/kc/buy/cgsh_order_operate.html HTTP/1.1" 200 8245
