120.253.135.82 - - [24/Nov/2020:10:40:30 +0800] "GET /xingrg/all/function/internal_message.html?_=1606185675168&CODE_STATE=getMsg HTTP/1.1" 200 27
58.35.246.33 - - [24/Nov/2020:10:40:31 +0800] "POST /xingrg/kc/buy/cgsh_order_operate.html HTTP/1.1" 200 2660
222.69.134.41 - - [24/Nov/2020:10:40:32 +0800] "GET /xingrg/kc/buy/cgsh_order_operate.html?command=get_materiel&rest_code=00149&code=00101029034&supplier_code=00100151&order_time=2020-11-24 HTTP/1.1" 200 423
180.174.56.115 - - [24/Nov/2020:10:40:36 +0800] "GET /xingrg/kc/base/wldb_order_list.html HTTP/1.1" 200 19424
58.35.246.33 - - [24/Nov/2020:10:40:36 +0800] "GET /xingrg/kc/print/load_data.html?order_code=212020112409462&kc_code=cgsh&condition= HTTP/1.1" 200 682
180.174.56.115 - - [24/Nov/2020:10:40:36 +0800] "POST /xingrg/kc/base/wldb_list_operate.html HTTP/1.1" 200 928
180.174.56.115 - - [24/Nov/2020:10:40:37 +0800] "GET /xingrg/kc/base/wldb_order_add.html HTTP/1.1" 200 30593
180.174.56.115 - - [24/Nov/2020:10:40:38 +0800] "GET /xingrg/words/20201123125902_words.js HTTP/1.1" 304 -
180.174.56.115 - - [24/Nov/2020:10:40:38 +0800] "POST /xingrg/kc/base/wldb_order_operate.html HTTP/1.1" 200 6806
180.174.56.115 - - [24/Nov/2020:10:40:38 +0800] "GET /xingrg/all/common/auto_word.html?type=base&rest_code=00150 HTTP/1.1" 200 1653
180.174.56.115 - - [24/Nov/2020:10:40:38 +0800] "GET /xingrg/all/common/auto_word.html?type=base&rest_code=00150 HTTP/1.1" 200 1653
114.84.37.38 - - [24/Nov/2020:10:40:38 +0800] "GET /xingrg/all/function/internal_message.html?_=1606185673501&CODE_STATE=getMsg HTTP/1.1" 200 27
180.174.56.115 - - [24/Nov/2020:10:40:38 +0800] "GET /xingrg/javascript/easyui/themes/default/validatebox.css HTTP/1.1" 404 1104
120.204.17.70 - - [24/Nov/2020:10:40:39 +0800] "GET /xingrg/login.html HTTP/1.1" 200 7641
120.253.135.82 - - [24/Nov/2020:10:40:40 +0800] "GET /xingrg/all/function/internal_message.html?_=1606185387250&CODE_STATE=getMsg HTTP/1.1" 200 27
101.85.228.137 - - [24/Nov/2020:10:40:40 +0800] "GET /xingrg/all/function/internal_message.html?_=1606185865632&CODE_STATE=getMsg HTTP/1.1" 200 27
172.17.0.120 - - [24/Nov/2020:10:40:41 +0800] "GET /xingrg/all/function/internal_message.html?_=1606185874253&CODE_STATE=getMsg HTTP/1.1" 200 27
58.35.246.33 - - [24/Nov/2020:10:40:42 +0800] "GET /xingrg/kc/buy/cgsh_order_add.html HTTP/1.1" 200 60742
58.35.246.33 - - [24/Nov/2020:10:40:43 +0800] "POST /xingrg/kc/buy/cgsh_order_operate.html HTTP/1.1" 200 8245
58.35.246.33 - - [24/Nov/2020:10:40:43 +0800] "GET /xingrg/javascript/easyui/themes/default/validatebox.css HTTP/1.1" 404 1104
180.174.56.115 - - [24/Nov/2020:10:40:45 +0800] "GET /xingrg/kc/base/wldb_order_operate.html?command=get_materiel&rest_code=00150&base_code=0010445&code=00101013027 HTTP/1.1" 200 428
58.40.7.146 - - [24/Nov/2020:10:40:46 +0800] "GET /xingrg/all/function/internal_message.html?_=1606185645149&CODE_STATE=getMsg HTTP/1.1" 200 27
222.69.134.41 - - [24/Nov/2020:10:40:46 +0800] "GET /xingrg/all/function/internal_message.html?_=1606185644829&CODE_STATE=getMsg HTTP/1.1" 200 27
58.35.246.33 - - [24/Nov/2020:10:40:50 +0800] "GET /xingrg/kc/buy/cgsh_order_operate.html?command=get_materiel&rest_code=00111&code=00101008314&supplier_code=00100339&order_time=2020-11-24 HTTP/1.1" 200 413
58.40.7.146 - - [24/Nov/2020:10:40:52 +0800] "GET /xingrg/all/function/internal_message.html?_=1606185651438&CODE_STATE=getMsg HTTP/1.1" 200 27
180.174.56.115 - - [24/Nov/2020:10:40:53 +0800] "GET /xingrg/kc/base/wldb_order_operate.html?command=get_materiel&rest_code=00150&base_code=0010445&code=00101019262 HTTP/1.1" 200 462
114.84.145.85 - - [24/Nov/2020:10:40:55 +0800] "GET /xingrg/all/function/internal_message.html?_=1606185655409&CODE_STATE=getMsg HTTP/1.1" 200 27
58.35.246.33 - - [24/Nov/2020:10:40:56 +0800] "POST /xingrg/kc/buy/cgsh_order_operate.html HTTP/1.1" 200 37
58.35.246.33 - - [24/Nov/2020:10:40:57 +0800] "POST /xingrg/kc/buy/cgsh_order_operate.html HTTP/1.1" 200 2656
172.17.0.102 - - [24/Nov/2020:10:40:57 +0800] "GET /xingrg/all/function/internal_message.html?_=1606185657903&CODE_STATE=getMsg HTTP/1.1" 200 27
172.17.0.102 - - [24/Nov/2020:10:40:57 +0800] "GET /xingrg/check_reg.html?_=1606185657906 HTTP/1.1" 200 22
58.35.246.33 - - [24/Nov/2020:10:40:58 +0800] "GET /xingrg/kc/print/load_data.html?order_code=212020112409463&kc_code=cgsh&condition= HTTP/1.1" 200 666
116.228.172.94 - - [24/Nov/2020:10:40:59 +0800] "GET /xingrg/all/function/internal_message.html?_=1606185657838&CODE_STATE=getMsg HTTP/1.1" 200 27
117.185.32.26 - - [24/Nov/2020:10:40:59 +0800] "GET /xingrg/all/function/internal_message.html?_=1606185652820&CODE_STATE=getMsg HTTP/1.1" 200 27
117.185.32.26 - - [24/Nov/2020:10:40:59 +0800] "GET /xingrg/check_reg.html?_=1606185652818 HTTP/1.1" 200 22
58.35.246.33 - - [24/Nov/2020:10:41:00 +0800] "GET /xingrg/all/function/internal_message.html?_=1606185775398&CODE_STATE=getMsg HTTP/1.1" 200 27
58.40.7.146 - - [24/Nov/2020:10:41:00 +0800] "GET /xingrg/javascript/auto/indicator.gif HTTP/1.1" 404 1066
58.35.246.33 - - [24/Nov/2020:10:41:03 +0800] "GET /xingrg/kc/buy/cgsh_order_add.html HTTP/1.1" 200 60742
58.35.246.33 - - [24/Nov/2020:10:41:03 +0800] "POST /xingrg/kc/buy/cgsh_order_operate.html HTTP/1.1" 200 8245
58.35.246.33 - - [24/Nov/2020:10:41:03 +0800] "GET /xingrg/javascript/easyui/themes/default/validatebox.css HTTP/1.1" 404 1104
101.85.228.137 - - [24/Nov/2020:10:41:05 +0800] "GET /xingrg/all/function/internal_message.html?_=1606185665776&CODE_STATE=getMsg HTTP/1.1" 200 27
58.40.7.146 - - [24/Nov/2020:10:41:05 +0800] "POST /xingrg/kc/buy/cgsh_list_operate.html HTTP/1.1" 200 876
180.157.253.48 - - [24/Nov/2020:10:41:06 +0800] "GET /xingrg/all/function/internal_message.html?_=1606185668205&CODE_STATE=getMsg HTTP/1.1" 200 27
120.253.135.82 - - [24/Nov/2020:10:41:09 +0800] "GET /xingrg/check_reg.html?_=1606185713537 HTTP/1.1" 200 22
114.84.145.85 - - [24/Nov/2020:10:41:09 +0800] "GET /xingrg/check_reg.html?_=1606185249386 HTTP/1.1" 302 -
180.174.56.115 - - [24/Nov/2020:10:41:10 +0800] "GET /xingrg/check_reg.html?_=1606185669497 HTTP/1.1" 200 22
180.174.56.115 - - [24/Nov/2020:10:41:10 +0800] "GET /xingrg/all/function/internal_message.html?_=1606185669498&CODE_STATE=getMsg HTTP/1.1" 200 27
58.40.7.146 - - [24/Nov/2020:10:41:10 +0800] "POST /xingrg/kc/buy/cgsh_list_operate.html HTTP/1.1" 200 876
180.174.56.115 - - [24/Nov/2020:10:41:12 +0800] "GET /xingrg/all/function/internal_message.html?_=1606185649725&CODE_STATE=getMsg HTTP/1.1" 200 27
222.69.134.41 - - [24/Nov/2020:10:41:13 +0800] "POST /xingrg/kc/buy/cgsh_order_operate.html HTTP/1.1" 200 37
58.40.7.146 - - [24/Nov/2020:10:41:13 +0800] "POST /xingrg/kc/buy/cgsh_list_operate.html HTTP/1.1" 200 876
101.83.145.44 - - [24/Nov/2020:10:41:16 +0800] "GET /xingrg/all/function/internal_message.html?_=1606185676312&CODE_STATE=getMsg HTTP/1.1" 200 27
222.69.134.41 - - [24/Nov/2020:10:41:16 +0800] "POST /xingrg/kc/buy/cgsh_order_operate.html HTTP/1.1" 200 12
222.69.134.41 - - [24/Nov/2020:10:41:17 +0800] "GET /xingrg/kc/buy/cgsh_order_info.html?code=212020112409464 HTTP/1.1" 200 55688
222.69.134.41 - - [24/Nov/2020:10:41:18 +0800] "GET /xingrg/javascript/easyui/themes/default/validatebox.css HTTP/1.1" 404 1104
222.69.134.41 - - [24/Nov/2020:10:41:18 +0800] "POST /xingrg/kc/buy/cgsh_order_operate.html HTTP/1.1" 200 1809
172.17.200.101 - - [24/Nov/2020:10:41:21 +0800] "GET /xingrg/all/function/internal_message.html?_=1606185681977&CODE_STATE=getMsg HTTP/1.1" 302 -
120.253.135.82 - - [24/Nov/2020:10:41:27 +0800] "GET /xingrg/check_reg.html?_=1606185434267 HTTP/1.1" 200 22
58.35.246.33 - - [24/Nov/2020:10:41:30 +0800] "GET /xingrg/check_reg.html?_=1606185687029 HTTP/1.1" 200 22
120.253.135.82 - - [24/Nov/2020:10:41:30 +0800] "GET /xingrg/all/function/internal_message.html?_=1606185735176&CODE_STATE=getMsg HTTP/1.1" 200 27
222.69.134.41 - - [24/Nov/2020:10:41:31 +0800] "GET /xingrg/kc/print/load_data.html?order_code=212020112409464&kc_code=cgsh&condition= HTTP/1.1" 200 1153
114.84.37.38 - - [24/Nov/2020:10:41:38 +0800] "GET /xingrg/all/function/internal_message.html?_=1606185733515&CODE_STATE=getMsg HTTP/1.1" 200 27
101.85.228.137 - - [24/Nov/2020:10:41:39 +0800] "GET /xingrg/check_reg.html?_=1606185924178 HTTP/1.1" 200 22
120.253.135.82 - - [24/Nov/2020:10:41:40 +0800] "GET /xingrg/all/function/internal_message.html?_=1606185447264&CODE_STATE=getMsg HTTP/1.1" 200 27
101.85.228.137 - - [24/Nov/2020:10:41:40 +0800] "GET /xingrg/all/function/internal_message.html?_=1606185925662&CODE_STATE=getMsg HTTP/1.1" 200 27
172.17.0.120 - - [24/Nov/2020:10:41:41 +0800] "GET /xingrg/all/function/internal_message.html?_=1606185934257&CODE_STATE=getMsg HTTP/1.1" 200 27
172.17.0.120 - - [24/Nov/2020:10:41:41 +0800] "GET /xingrg/check_reg.html?_=1606185934261 HTTP/1.1" 200 22
58.35.246.33 - - [24/Nov/2020:10:41:42 +0800] "GET /xingrg/kc/buy/cgsh_order_operate.html?command=get_materiel&rest_code=00111&code=00101010501&supplier_code=00100326&order_time=2020-11-24 HTTP/1.1" 200 396
58.40.7.146 - - [24/Nov/2020:10:41:46 +0800] "GET /xingrg/all/function/internal_message.html?_=1606185705151&CODE_STATE=getMsg HTTP/1.1" 200 27
222.69.134.41 - - [24/Nov/2020:10:41:46 +0800] "GET /xingrg/all/function/internal_message.html?_=1606185704809&CODE_STATE=getMsg HTTP/1.1" 200 27
124.77.237.88 - - [24/Nov/2020:10:41:47 +0800] "POST /xingrg/services/DataTransmitService HTTP/1.1" 200 524
124.77.237.88 - - [24/Nov/2020:10:41:47 +0800] "POST /xingrg/services/DataTransmitService HTTP/1.1" 200 501
124.77.237.88 - - [24/Nov/2020:10:41:47 +0800] "POST /xingrg/services/DataTransmitService HTTP/1.1" 200 501
124.77.237.88 - - [24/Nov/2020:10:41:48 +0800] "POST /xingrg/services/DataTransmitService HTTP/1.1" 200 501
124.77.237.88 - - [24/Nov/2020:10:41:48 +0800] "POST /xingrg/services/DataTransmitService HTTP/1.1" 200 501
58.35.246.33 - - [24/Nov/2020:10:41:50 +0800] "POST /xingrg/kc/buy/cgsh_order_operate.html HTTP/1.1" 200 37
124.77.237.88 - - [24/Nov/2020:10:41:50 +0800] "POST /xingrg/services/DataTransmitService HTTP/1.1" 200 412
58.35.246.33 - - [24/Nov/2020:10:41:50 +0800] "POST /xingrg/kc/buy/cgsh_order_operate.html HTTP/1.1" 200 2653
58.40.7.146 - - [24/Nov/2020:10:41:50 +0800] "POST /xingrg/all/user/operate.html HTTP/1.1" 200 36
58.40.7.146 - - [24/Nov/2020:10:41:50 +0800] "GET /xingrg/index.html?sysBaseUrl=http%3A%2F%2F180.169.147.146%3A18081%2Fxingrg%2F&costTime=40×tamp=1606185525075 HTTP/1.1" 200 17179
58.40.7.146 - - [24/Nov/2020:10:41:50 +0800] "GET /xingrg/javascript/jquery_easy_ui/themes/default/easyui.css HTTP/1.1" 304 -
58.40.7.146 - - [24/Nov/2020:10:41:50 +0800] "GET /xingrg/javascript/jquery_easy_ui/themes/icon.css HTTP/1.1" 304 -
58.40.7.146 - - [24/Nov/2020:10:41:50 +0800] "GET /xingrg/css/form.css HTTP/1.1" 304 -
58.40.7.146 - - [24/Nov/2020:10:41:50 +0800] "GET /xingrg/javascript/jquery-1.4.2.min.js HTTP/1.1" 304 -
58.40.7.146 - - [24/Nov/2020:10:41:51 +0800] "GET /xingrg/javascript/jquery_easy_ui/jquery.easyui.min.js HTTP/1.1" 304 -
58.40.7.146 - - [24/Nov/2020:10:41:51 +0800] "GET /xingrg/javascript/jquery_easy_ui/easyui-lang-zh_CN.js HTTP/1.1" 304 -
58.40.7.146 - - [24/Nov/2020:10:41:51 +0800] "GET /xingrg/javascript/jquery.form.js HTTP/1.1" 304 -
58.40.7.146 - - [24/Nov/2020:10:41:51 +0800] "GET /xingrg/javascript/jquery.utils.js HTTP/1.1" 304 -
58.40.7.146 - - [24/Nov/2020:10:41:51 +0800] "GET /xingrg/javascript/jquery.timers.js HTTP/1.1" 304 -
58.40.7.146 - - [24/Nov/2020:10:41:51 +0800] "GET /xingrg/images/blue/jxLogo.png HTTP/1.1" 304 -
58.40.7.146 - - [24/Nov/2020:10:41:51 +0800] "POST /xingrg/all/common/load_tree.html?tree=area_rest_tree_json&manage=1 HTTP/1.1" 200 3350
58.40.7.146 - - [24/Nov/2020:10:41:51 +0800] "GET /xingrg/all/function/internal_message.html?_=1606185710207&CODE_STATE=count HTTP/1.1" 200 11
58.40.7.146 - - [24/Nov/2020:10:41:51 +0800] "GET /xingrg/check_reg.html?_=1606185710209 HTTP/1.1" 200 22
58.40.7.146 - - [24/Nov/2020:10:41:51 +0800] "GET /xingrg/javascript/jquery_easy_ui/themes/default/images/tabs_leftarrow.png HTTP/1.1" 304 -
58.40.7.146 - - [24/Nov/2020:10:41:51 +0800] "GET /xingrg/javascript/jquery_easy_ui/themes/default/images/panel_tool_collapse.gif HTTP/1.1" 304 -
58.40.7.146 - - [24/Nov/2020:10:41:51 +0800] "GET /xingrg/images/blue/pingpu.png HTTP/1.1" 304 -
58.40.7.146 - - [24/Nov/2020:10:41:51 +0800] "GET /xingrg/javascript/jquery_easy_ui/themes/default/images/tabs_rightarrow.png HTTP/1.1" 304 -
58.40.7.146 - - [24/Nov/2020:10:41:51 +0800] "GET /xingrg/images/blue/navBackgound.jpg HTTP/1.1" 304 -
58.40.7.146 - - [24/Nov/2020:10:41:51 +0800] "GET /xingrg/javascript/jquery_easy_ui/themes/icons/settle_new.png HTTP/1.1" 304 -
58.40.7.146 - - [24/Nov/2020:10:41:51 +0800] "POST /xingrg/load_menu.html HTTP/1.1" 200 5138
58.35.246.33 - - [24/Nov/2020:10:41:51 +0800] "GET /xingrg/kc/print/load_data.html?order_code=212020112409465&kc_code=cgsh&condition= HTTP/1.1" 200 665
183.192.164.214 - - [24/Nov/2020:10:41:51 +0800] "GET /xingrg/kc/print/load_config.html?kc_code=cgsh HTTP/1.1" 302 -
58.40.7.146 - - [24/Nov/2020:10:41:53 +0800] "GET /xingrg/kc/buy/buy_main.html HTTP/1.1" 200 12412
58.40.7.146 - - [24/Nov/2020:10:41:53 +0800] "GET /xingrg/css/new_ie.css HTTP/1.1" 404 1036
58.40.7.146 - - [24/Nov/2020:10:41:54 +0800] "GET /xingrg/kc/buy/cgsh_order_list.html HTTP/1.1" 200 45010
114.84.145.85 - - [24/Nov/2020:10:41:55 +0800] "GET /xingrg/all/function/internal_message.html?_=1606185715407&CODE_STATE=getMsg HTTP/1.1" 200 27
58.40.7.146 - - [24/Nov/2020:10:41:55 +0800] "POST /xingrg/kc/buy/cgsh_list_operate.html HTTP/1.1" 200 876
58.35.246.33 - - [24/Nov/2020:10:41:56 +0800] "GET /xingrg/kc/buy/cgsh_order_add.html HTTP/1.1" 200 60742
58.35.246.33 - - [24/Nov/2020:10:41:56 +0800] "GET /xingrg/javascript/easyui/themes/default/validatebox.css HTTP/1.1" 404 1104
58.35.246.33 - - [24/Nov/2020:10:41:56 +0800] "POST /xingrg/kc/buy/cgsh_order_operate.html HTTP/1.1" 200 8245
172.17.0.102 - - [24/Nov/2020:10:41:57 +0800] "GET /xingrg/all/function/internal_message.html?_=1606185717904&CODE_STATE=getMsg HTTP/1.1" 200 27
183.192.164.214 - - [24/Nov/2020:10:41:57 +0800] "GET /xingrg/login.html HTTP/1.1" 200 7641
116.228.172.94 - - [24/Nov/2020:10:41:59 +0800] "GET /xingrg/all/function/internal_message.html?_=1606185717823&CODE_STATE=getMsg HTTP/1.1" 200 27
117.185.32.26 - - [24/Nov/2020:10:41:59 +0800] "GET /xingrg/all/function/internal_message.html?_=1606185712818&CODE_STATE=getMsg HTTP/1.1" 200 27
58.35.246.33 - - [24/Nov/2020:10:42:00 +0800] "GET /xingrg/all/function/internal_message.html?_=1606185835401&CODE_STATE=getMsg HTTP/1.1" 200 27
58.40.7.146 - - [24/Nov/2020:10:42:01 +0800] "GET /xingrg/javascript/auto/indicator.gif HTTP/1.1" 404 1066
101.91.60.11 - - [24/Nov/2020:10:42:02 +0800] "GET /xingrg/check_reg.html?_=1606184995390 HTTP/1.1" 302 -
58.35.246.33 - - [24/Nov/2020:10:42:04 +0800] "GET /xingrg/kc/buy/cgsh_order_operate.html?command=get_materiel&rest_code=00111&code=00101010111&supplier_code=00100327&order_time=2020-11-24 HTTP/1.1" 200 417
101.85.228.137 - - [24/Nov/2020:10:42:05 +0800] "GET /xingrg/all/function/internal_message.html?_=1606185725791&CODE_STATE=getMsg HTTP/1.1" 200 27
180.157.253.48 - - [24/Nov/2020:10:42:05 +0800] "GET /xingrg/check_reg.html?_=1606185727175 HTTP/1.1" 200 22
180.157.253.48 - - [24/Nov/2020:10:42:06 +0800] "GET /xingrg/all/function/internal_message.html?_=1606185728218&CODE_STATE=getMsg HTTP/1.1" 200 27
101.91.60.11 - - [24/Nov/2020:10:42:06 +0800] "GET /xingrg/login.html HTTP/1.1" 200 7641
58.40.7.146 - - [24/Nov/2020:10:42:07 +0800] "POST /xingrg/kc/buy/cgsh_list_operate.html HTTP/1.1" 200 1719
180.174.56.115 - - [24/Nov/2020:10:42:10 +0800] "GET /xingrg/all/function/internal_message.html?_=1606185729494&CODE_STATE=getMsg HTTP/1.1" 200 27
58.35.246.33 - - [24/Nov/2020:10:42:10 +0800] "GET /xingrg/kc/buy/cgsh_order_operate.html?command=get_materiel&rest_code=00111&code=00101010263&supplier_code=00100327&order_time=2020-11-24 HTTP/1.1" 200 409
180.174.56.115 - - [24/Nov/2020:10:42:12 +0800] "GET /xingrg/all/function/internal_message.html?_=1606185709752&CODE_STATE=getMsg HTTP/1.1" 200 27
101.83.145.44 - - [24/Nov/2020:10:42:16 +0800] "GET /xingrg/all/function/internal_message.html?_=1606185736292&CODE_STATE=getMsg HTTP/1.1" 200 27
58.35.246.33 - - [24/Nov/2020:10:42:16 +0800] "POST /xingrg/kc/buy/cgsh_order_operate.html HTTP/1.1" 200 37
58.35.246.33 - - [24/Nov/2020:10:42:18 +0800] "POST /xingrg/kc/buy/cgsh_order_operate.html HTTP/1.1" 200 3251
58.35.246.33 - - [24/Nov/2020:10:42:20 +0800] "GET /xingrg/kc/print/load_data.html?order_code=212020112409466&kc_code=cgsh&condition= HTTP/1.1" 200 894
172.17.200.101 - - [24/Nov/2020:10:42:21 +0800] "GET /xingrg/all/function/internal_message.html?_=1606185741979&CODE_STATE=getMsg HTTP/1.1" 302 -
120.204.17.71 - - [24/Nov/2020:10:42:27 +0800] "GET /xingrg/kc/buy/cgsh_order_operate.html?command=get_materiel&rest_code=00106&code=00101006133&supplier_code=00100015&order_time=2020-11-24 HTTP/1.1" 302 -
58.35.246.33 - - [24/Nov/2020:10:42:28 +0800] "GET /xingrg/kc/buy/cgsh_order_add.html HTTP/1.1" 200 60742
58.35.246.33 - - [24/Nov/2020:10:42:28 +0800] "GET /xingrg/javascript/easyui/themes/default/validatebox.css HTTP/1.1" 404 1104
58.35.246.33 - - [24/Nov/2020:10:42:29 +0800] "POST /xingrg/kc/buy/cgsh_order_operate.html HTTP/1.1" 200 8245
120.253.135.82 - - [24/Nov/2020:10:42:30 +0800] "GET /xingrg/all/function/internal_message.html?_=1606185795189&CODE_STATE=getMsg HTTP/1.1" 200 27
120.204.17.71 - - [24/Nov/2020:10:42:31 +0800] "GET /xingrg/login.html HTTP/1.1" 200 7641
58.35.246.33 - - [24/Nov/2020:10:42:36 +0800] "GET /xingrg/kc/buy/cgsh_order_operate.html?command=get_materiel&rest_code=00111&code=00101001138&supplier_code=00100313&order_time=2020-11-24 HTTP/1.1" 200 415
114.84.37.38 - - [24/Nov/2020:10:42:38 +0800] "GET /xingrg/all/function/internal_message.html?_=1606185793857&CODE_STATE=getMsg HTTP/1.1" 200 27
120.253.135.82 - - [24/Nov/2020:10:42:40 +0800] "GET /xingrg/all/function/internal_message.html?_=1606185507278&CODE_STATE=getMsg HTTP/1.1" 200 27
101.85.228.137 - - [24/Nov/2020:10:42:40 +0800] "GET /xingrg/all/function/internal_message.html?_=1606185985674&CODE_STATE=getMsg HTTP/1.1" 200 27
172.17.0.120 - - [24/Nov/2020:10:42:41 +0800] "GET /xingrg/all/function/internal_message.html?_=1606185994249&CODE_STATE=getMsg HTTP/1.1" 200 27
58.40.7.146 - - [24/Nov/2020:10:42:46 +0800] "GET /xingrg/all/function/internal_message.html?_=1606185765154&CODE_STATE=getMsg HTTP/1.1" 200 27
222.69.134.41 - - [24/Nov/2020:10:42:46 +0800] "GET /xingrg/all/function/internal_message.html?_=1606185764790&CODE_STATE=getMsg HTTP/1.1" 200 27
58.35.246.33 - - [24/Nov/2020:10:42:46 +0800] "GET /xingrg/kc/buy/cgsh_order_operate.html?command=get_materiel&rest_code=00111&code=00101001096&supplier_code=00100313&order_time=2020-11-24 HTTP/1.1" 200 413
222.69.134.41 - - [24/Nov/2020:10:42:47 +0800] "GET /xingrg/check_reg.html?_=1606185766110 HTTP/1.1" 200 22
58.40.7.146 - - [24/Nov/2020:10:42:51 +0800] "GET /xingrg/all/function/internal_message.html?_=1606185770210&CODE_STATE=getMsg HTTP/1.1" 200 27
183.192.164.71 - - [24/Nov/2020:10:42:53 +0800] "GET /xingrg/kc/buy/cgsh_order_operate.html?command=get_materiel&rest_code=00106&code=00101006111&supplier_code=00100015&order_time=2020-11-24 HTTP/1.1" 302 -
114.84.145.85 - - [24/Nov/2020:10:42:55 +0800] "GET /xingrg/all/function/internal_message.html?_=1606185775406&CODE_STATE=getMsg HTTP/1.1" 200 27
172.17.0.102 - - [24/Nov/2020:10:42:57 +0800] "GET /xingrg/all/function/internal_message.html?_=1606185777903&CODE_STATE=getMsg HTTP/1.1" 200 27
116.228.172.94 - - [24/Nov/2020:10:42:59 +0800] "GET /xingrg/all/function/internal_message.html?_=1606185777808&CODE_STATE=getMsg HTTP/1.1" 200 27
117.185.32.26 - - [24/Nov/2020:10:42:59 +0800] "GET /xingrg/all/function/internal_message.html?_=1606185772817&CODE_STATE=getMsg HTTP/1.1" 200 27
58.35.246.33 - - [24/Nov/2020:10:42:59 +0800] "GET /xingrg/kc/buy/cgsh_order_operate.html?command=get_materiel&rest_code=00111&code=00101001136&supplier_code=00100313&order_time=2020-11-24 HTTP/1.1" 200 415
58.35.246.33 - - [24/Nov/2020:10:43:00 +0800] "GET /xingrg/all/function/internal_message.html?_=1606185895388&CODE_STATE=getMsg HTTP/1.1" 200 27
183.192.164.71 - - [24/Nov/2020:10:43:01 +0800] "GET /xingrg/login.html HTTP/1.1" 200 7641
101.85.228.137 - - [24/Nov/2020:10:43:05 +0800] "GET /xingrg/check_reg.html?_=1606185785724 HTTP/1.1" 200 22
101.85.228.137 - - [24/Nov/2020:10:43:05 +0800] "GET /xingrg/all/function/internal_message.html?_=1606185785796&CODE_STATE=getMsg HTTP/1.1" 200 27
58.35.246.33 - - [24/Nov/2020:10:43:06 +0800] "GET /xingrg/kc/buy/cgsh_order_operate.html?command=get_materiel&rest_code=00111&code=00102026001&supplier_code=00100313&order_time=2020-11-24 HTTP/1.1" 200 409
180.157.253.48 - - [24/Nov/2020:10:43:06 +0800] "GET /xingrg/all/function/internal_message.html?_=1606185788232&CODE_STATE=getMsg HTTP/1.1" 200 27
180.174.56.115 - - [24/Nov/2020:10:43:10 +0800] "GET /xingrg/all/function/internal_message.html?_=1606185789493&CODE_STATE=getMsg HTTP/1.1" 200 27
180.174.56.115 - - [24/Nov/2020:10:43:12 +0800] "GET /xingrg/all/function/internal_message.html?_=1606185769752&CODE_STATE=getMsg HTTP/1.1" 200 27
58.35.246.33 - - [24/Nov/2020:10:43:14 +0800] "POST /xingrg/kc/buy/cgsh_order_operate.html HTTP/1.1" 200 37
58.35.246.33 - - [24/Nov/2020:10:43:14 +0800] "POST /xingrg/kc/buy/cgsh_order_operate.html HTTP/1.1" 200 4440
58.35.246.33 - - [24/Nov/2020:10:43:15 +0800] "GET /xingrg/kc/print/load_data.html?order_code=212020112409467&kc_code=cgsh&condition= HTTP/1.1" 200 1356
101.83.145.44 - - [24/Nov/2020:10:43:16 +0800] "GET /xingrg/all/function/internal_message.html?_=1606185796267&CODE_STATE=getMsg HTTP/1.1" 200 27
120.204.17.73 - - [24/Nov/2020:10:43:16 +0800] "GET /xingrg/all/function/internal_message.html?_=1606184965939&CODE_STATE=getMsg HTTP/1.1" 302 -
58.35.246.33 - - [24/Nov/2020:10:43:20 +0800] "GET /xingrg/kc/buy/cgsh_order_add.html HTTP/1.1" 200 60742
58.35.246.33 - - [24/Nov/2020:10:43:20 +0800] "POST /xingrg/kc/buy/cgsh_order_operate.html HTTP/1.1" 200 8245
58.35.246.33 - - [24/Nov/2020:10:43:20 +0800] "GET /xingrg/javascript/easyui/themes/default/validatebox.css HTTP/1.1" 404 1104
172.17.200.101 - - [24/Nov/2020:10:43:21 +0800] "GET /xingrg/all/function/internal_message.html?_=1606185801981&CODE_STATE=getMsg HTTP/1.1" 302 -
120.204.17.73 - - [24/Nov/2020:10:43:23 +0800] "GET /xingrg/login.html HTTP/1.1" 200 7641
58.35.246.33 - - [24/Nov/2020:10:43:25 +0800] "GET /xingrg/kc/buy/cgsh_order_operate.html?command=get_materiel&rest_code=00111&code=00101004046&supplier_code=00100312&order_time=2020-11-24 HTTP/1.1" 200 417
120.253.135.82 - - [24/Nov/2020:10:43:30 +0800] "GET /xingrg/all/function/internal_message.html?_=1606185855223&CODE_STATE=getMsg HTTP/1.1" 200 27
101.89.19.149 - - [24/Nov/2020:10:43:34 +0800] "GET /xingrg/all/function/internal_message.html?_=1606184995389&CODE_STATE=getMsg HTTP/1.1" 302 -
114.84.37.38 - - [24/Nov/2020:10:43:39 +0800] "GET /xingrg/all/function/internal_message.html?_=1606185853868&CODE_STATE=getMsg HTTP/1.1" 200 27
120.253.135.82 - - [24/Nov/2020:10:43:40 +0800] "GET /xingrg/all/function/internal_message.html?_=1606185567351&CODE_STATE=getMsg HTTP/1.1" 200 27
101.85.228.137 - - [24/Nov/2020:10:43:40 +0800] "GET /xingrg/all/function/internal_message.html?_=1606186045708&CODE_STATE=getMsg HTTP/1.1" 200 27
172.17.0.120 - - [24/Nov/2020:10:43:41 +0800] "GET /xingrg/all/function/internal_message.html?_=1606186054256&CODE_STATE=getMsg HTTP/1.1" 200 27
58.35.246.33 - - [24/Nov/2020:10:43:41 +0800] "GET /xingrg/kc/buy/cgsh_order_operate.html?command=get_materiel&rest_code=00111&code=00101004067&supplier_code=00100312&order_time=2020-11-24 HTTP/1.1" 200 413
101.89.19.149 - - [24/Nov/2020:10:43:43 +0800] "GET /xingrg/login.html HTTP/1.1" 200 7641
120.204.17.71 - - [24/Nov/2020:10:43:44 +0800] "GET /xingrg/all/function/internal_message.html?_=1606185085885&CODE_STATE=getMsg HTTP/1.1" 302 -
58.40.7.146 - - [24/Nov/2020:10:43:46 +0800] "GET /xingrg/all/function/internal_message.html?_=1606185825158&CODE_STATE=getMsg HTTP/1.1" 200 27
58.40.7.146 - - [24/Nov/2020:10:43:46 +0800] "GET /xingrg/check_reg.html?_=1606185825160 HTTP/1.1" 200 22
222.69.134.41 - - [24/Nov/2020:10:43:46 +0800] "GET /xingrg/all/function/internal_message.html?_=1606185824775&CODE_STATE=getMsg HTTP/1.1" 200 27
58.35.246.33 - - [24/Nov/2020:10:43:48 +0800] "GET /xingrg/kc/buy/cgsh_order_operate.html?command=get_materiel&rest_code=00111&code=00101001029&supplier_code=00100312&order_time=2020-11-24 HTTP/1.1" 200 413
58.40.7.146 - - [24/Nov/2020:10:43:51 +0800] "GET /xingrg/all/function/internal_message.html?_=1606185830212&CODE_STATE=getMsg HTTP/1.1" 200 27
120.204.17.71 - - [24/Nov/2020:10:43:53 +0800] "GET /xingrg/login.html HTTP/1.1" 200 7641
114.84.145.85 - - [24/Nov/2020:10:43:55 +0800] "GET /xingrg/all/function/internal_message.html?_=1606185835406&CODE_STATE=getMsg HTTP/1.1" 200 27
172.17.0.102 - - [24/Nov/2020:10:43:57 +0800] "GET /xingrg/all/function/internal_message.html?_=1606185837933&CODE_STATE=getMsg HTTP/1.1" 200 27
180.174.56.115 - - [24/Nov/2020:10:43:57 +0800] "GET /xingrg/kc/mdqp/qqps_order_list.html HTTP/1.1" 200 10867
180.174.56.115 - - [24/Nov/2020:10:43:57 +0800] "GET /xingrg/dwr/interface/AjaxReportQueryService.js HTTP/1.1" 200 13203
180.174.56.115 - - [24/Nov/2020:10:43:57 +0800] "GET /xingrg/dwr/interface/AjaxQqpsService.js HTTP/1.1" 200 16326
180.174.56.115 - - [24/Nov/2020:10:43:57 +0800] "GET /xingrg/dwr/engine.js HTTP/1.1" 200 43631
116.228.172.94 - - [24/Nov/2020:10:43:59 +0800] "GET /xingrg/all/function/internal_message.html?_=1606185837800&CODE_STATE=getMsg HTTP/1.1" 200 27
117.185.32.26 - - [24/Nov/2020:10:43:59 +0800] "GET /xingrg/all/function/internal_message.html?_=1606185832816&CODE_STATE=getMsg HTTP/1.1" 200 27
58.35.246.33 - - [24/Nov/2020:10:44:00 +0800] "GET /xingrg/all/function/internal_message.html?_=1606185955384&CODE_STATE=getMsg HTTP/1.1" 200 27
58.35.246.33 - - [24/Nov/2020:10:44:00 +0800] "GET /xingrg/check_reg.html?_=1606185955386 HTTP/1.1" 200 22
58.35.246.33 - - [24/Nov/2020:10:44:00 +0800] "GET /xingrg/kc/buy/cgsh_order_operate.html?command=get_materiel&rest_code=00111&code=00101004023&supplier_code=00100312&order_time=2020-11-24 HTTP/1.1" 200 409
61.151.178.174 - - [24/Nov/2020:10:44:00 +0800] "GET /xingrg/all/function/internal_message.html?_=1606185115385&CODE_STATE=getMsg HTTP/1.1" 302 -
180.174.56.115 - - [24/Nov/2020:10:44:03 +0800] "GET /xingrg/kc/mdqp/qqps_order_add.html HTTP/1.1" 200 27998
180.174.56.115 - - [24/Nov/2020:10:44:03 +0800] "GET /xingrg/dwr/interface/AjaxComOrderService.js HTTP/1.1" 200 18264
180.174.56.115 - - [24/Nov/2020:10:44:03 +0800] "GET /xingrg/dwr/interface/AjaxQqpsService.js HTTP/1.1" 200 16326
180.174.56.115 - - [24/Nov/2020:10:44:03 +0800] "GET /xingrg/dwr/engine.js HTTP/1.1" 200 43631
101.85.228.137 - - [24/Nov/2020:10:44:05 +0800] "GET /xingrg/all/function/internal_message.html?_=1606185845811&CODE_STATE=getMsg HTTP/1.1" 200 27
180.157.253.48 - - [24/Nov/2020:10:44:06 +0800] "GET /xingrg/all/function/internal_message.html?_=1606185848245&CODE_STATE=getMsg HTTP/1.1" 200 27
183.192.164.85 - - [24/Nov/2020:10:44:08 +0800] "GET /xingrg/kc/buy/cgsh_order_operate.html?command=get_materiel&rest_code=00106&code=00101006177&supplier_code=00100015&order_time=2020-11-24 HTTP/1.1" 302 -
61.151.178.174 - - [24/Nov/2020:10:44:09 +0800] "GET /xingrg/login.html HTTP/1.1" 200 7641
180.174.56.115 - - [24/Nov/2020:10:44:10 +0800] "GET /xingrg/all/function/internal_message.html?_=1606185849509&CODE_STATE=getMsg HTTP/1.1" 200 27
180.174.56.115 - - [24/Nov/2020:10:44:11 +0800] "GET /xingrg/check_reg.html?_=1606185828860 HTTP/1.1" 200 22
180.174.56.115 - - [24/Nov/2020:10:44:12 +0800] "GET /xingrg/all/function/internal_message.html?_=1606185829766&CODE_STATE=getMsg HTTP/1.1" 200 27
183.192.164.85 - - [24/Nov/2020:10:44:14 +0800] "GET /xingrg/login.html HTTP/1.1" 200 7641
180.174.56.115 - - [24/Nov/2020:10:44:15 +0800] "POST /xingrg/dwr/call/plaincall/AjaxQqpsService.saveOrder.dwr HTTP/1.1" 200 78
58.35.246.33 - - [24/Nov/2020:10:44:15 +0800] "POST /xingrg/kc/buy/cgsh_order_operate.html HTTP/1.1" 200 37
101.83.145.44 - - [24/Nov/2020:10:44:16 +0800] "GET /xingrg/all/function/internal_message.html?_=1606185856246&CODE_STATE=getMsg HTTP/1.1" 200 27
58.35.246.33 - - [24/Nov/2020:10:44:16 +0800] "POST /xingrg/kc/buy/cgsh_order_operate.html HTTP/1.1" 200 4448
58.35.246.33 - - [24/Nov/2020:10:44:18 +0800] "GET /xingrg/kc/print/load_data.html?order_code=212020112409468&kc_code=cgsh&condition= HTTP/1.1" 200 1362
101.83.145.44 - - [24/Nov/2020:10:44:19 +0800] "GET /xingrg/check_reg.html?_=1606185859374 HTTP/1.1" 200 22
172.17.200.101 - - [24/Nov/2020:10:44:21 +0800] "GET /xingrg/all/function/internal_message.html?_=1606185862005&CODE_STATE=getMsg HTTP/1.1" 302 -
180.174.56.115 - - [24/Nov/2020:10:44:23 +0800] "POST /xingrg/dwr/call/plaincall/AjaxQqpsService.getMaterielByCode.dwr HTTP/1.1" 200 3622
120.253.135.82 - - [24/Nov/2020:10:44:30 +0800] "GET /xingrg/all/function/internal_message.html?_=1606185915232&CODE_STATE=getMsg HTTP/1.1" 200 27
183.192.164.214 - - [24/Nov/2020:10:44:37 +0800] "GET /xingrg/all/function/internal_message.html?_=1606185145862&CODE_STATE=getMsg HTTP/1.1" 302 -
114.84.37.38 - - [24/Nov/2020:10:44:39 +0800] "GET /xingrg/all/function/internal_message.html?_=1606185914227&CODE_STATE=getMsg HTTP/1.1" 200 27
183.192.164.214 - - [24/Nov/2020:10:44:40 +0800] "GET /xingrg/login.html HTTP/1.1" 200 7641
120.253.135.82 - - [24/Nov/2020:10:44:40 +0800] "GET /xingrg/all/function/internal_message.html?_=1606185627352&CODE_STATE=getMsg HTTP/1.1" 200 27
172.17.0.120 - - [24/Nov/2020:10:44:41 +0800] "GET /xingrg/all/function/internal_message.html?_=1606186114244&CODE_STATE=getMsg HTTP/1.1" 200 27
101.85.228.137 - - [24/Nov/2020:10:44:41 +0800] "GET /xingrg/all/function/internal_message.html?_=1606186106204&CODE_STATE=getMsg HTTP/1.1" 200 27
58.35.246.33 - - [24/Nov/2020:10:44:45 +0800] "GET /xingrg/kc/buy/cgsh_order_add.html HTTP/1.1" 200 60742
58.35.246.33 - - [24/Nov/2020:10:44:45 +0800] "GET /xingrg/javascript/easyui/themes/default/validatebox.css HTTP/1.1" 404 1104
58.40.7.146 - - [24/Nov/2020:10:44:46 +0800] "GET /xingrg/all/function/internal_message.html?_=1606185885161&CODE_STATE=getMsg HTTP/1.1" 200 27
222.69.134.41 - - [24/Nov/2020:10:44:46 +0800] "GET /xingrg/all/function/internal_message.html?_=1606185884750&CODE_STATE=getMsg HTTP/1.1" 200 27
58.35.246.33 - - [24/Nov/2020:10:44:46 +0800] "POST /xingrg/kc/buy/cgsh_order_operate.html HTTP/1.1" 200 8245
101.85.228.137 - - [24/Nov/2020:10:44:50 +0800] "GET /xingrg/kc/base/wldb_order_list.html HTTP/1.1" 200 19418
58.40.7.146 - - [24/Nov/2020:10:44:51 +0800] "GET /xingrg/all/function/internal_message.html?_=1606185890215&CODE_STATE=getMsg HTTP/1.1" 200 27
180.174.56.115 - - [24/Nov/2020:10:44:51 +0800] "POST /xingrg/dwr/call/plaincall/AjaxQqpsService.saveMaterielItem.dwr HTTP/1.1" 200 78
116.228.172.94 - - [24/Nov/2020:10:44:52 +0800] "GET /xingrg/check_reg.html?_=1606185890886 HTTP/1.1" 200 22
114.84.37.38 - - [24/Nov/2020:10:44:53 +0800] "GET /xingrg/check_reg.html?_=1606185928457 HTTP/1.1" 200 22
101.85.228.137 - - [24/Nov/2020:10:44:53 +0800] "POST /xingrg/kc/base/wldb_list_operate.html HTTP/1.1" 200 928
58.35.246.33 - - [24/Nov/2020:10:44:54 +0800] "GET /xingrg/kc/buy/cgsh_order_operate.html?command=get_materiel&rest_code=00111&code=00101008469&supplier_code=00100347&order_time=2020-11-24 HTTP/1.1" 200 400
114.84.145.85 - - [24/Nov/2020:10:44:55 +0800] "GET /xingrg/all/function/internal_message.html?_=1606185895406&CODE_STATE=getMsg HTTP/1.1" 200 27
114.84.145.85 - - [24/Nov/2020:10:44:55 +0800] "GET /xingrg/check_reg.html?_=1606185895407 HTTP/1.1" 200 22
172.17.0.102 - - [24/Nov/2020:10:44:57 +0800] "GET /xingrg/all/function/internal_message.html?_=1606185897932&CODE_STATE=getMsg HTTP/1.1" 200 27
116.228.172.94 - - [24/Nov/2020:10:44:59 +0800] "GET /xingrg/all/function/internal_message.html?_=1606185897783&CODE_STATE=getMsg HTTP/1.1" 200 27
117.185.32.26 - - [24/Nov/2020:10:44:59 +0800] "GET /xingrg/all/function/internal_message.html?_=1606185892831&CODE_STATE=getMsg HTTP/1.1" 200 27
58.35.246.33 - - [24/Nov/2020:10:45:00 +0800] "GET /xingrg/all/function/internal_message.html?_=1606186015436&CODE_STATE=getMsg HTTP/1.1" 200 27
58.35.246.33 - - [24/Nov/2020:10:45:04 +0800] "GET /xingrg/kc/buy/cgsh_order_operate.html?command=get_materiel&rest_code=00111&code=00102002167&supplier_code=00100347&order_time=2020-11-24 HTTP/1.1" 200 409
101.85.228.137 - - [24/Nov/2020:10:45:05 +0800] "GET /xingrg/all/function/internal_message.html?_=1606185905826&CODE_STATE=getMsg HTTP/1.1" 200 27
180.157.253.48 - - [24/Nov/2020:10:45:06 +0800] "GET /xingrg/all/function/internal_message.html?_=1606185908303&CODE_STATE=getMsg HTTP/1.1" 200 27
180.174.56.115 - - [24/Nov/2020:10:45:10 +0800] "GET /xingrg/all/function/internal_message.html?_=1606185909496&CODE_STATE=getMsg HTTP/1.1" 200 27
180.174.56.115 - - [24/Nov/2020:10:45:12 +0800] "GET /xingrg/all/function/internal_message.html?_=1606185889780&CODE_STATE=getMsg HTTP/1.1" 200 27
58.35.246.33 - - [24/Nov/2020:10:45:14 +0800] "GET /xingrg/kc/buy/cgsh_order_operate.html?command=get_materiel&rest_code=00111&code=00101010563&supplier_code=00100347&order_time=2020-11-24 HTTP/1.1" 200 398
101.83.145.44 - - [24/Nov/2020:10:45:16 +0800] "GET /xingrg/all/function/internal_message.html?_=1606185916216&CODE_STATE=getMsg HTTP/1.1" 200 27
172.17.200.101 - - [24/Nov/2020:10:45:21 +0800] "GET /xingrg/check_reg.html?_=1606185921993 HTTP/1.1" 302 -
172.17.200.101 - - [24/Nov/2020:10:45:21 +0800] "GET /xingrg/all/function/internal_message.html?_=1606185921997&CODE_STATE=getMsg HTTP/1.1" 302 -
101.83.145.44 - - [24/Nov/2020:10:45:26 +0800] "GET /xingrg/kc/buy/cgsh_order_operate.html?command=get_materiel&rest_code=00105&code=00101001029&supplier_code=00100024&order_time=2020-11-24 HTTP/1.1" 200 415
120.253.135.82 - - [24/Nov/2020:10:45:31 +0800] "GET /xingrg/all/function/internal_message.html?_=1606185975273&CODE_STATE=getMsg HTTP/1.1" 200 27
117.185.32.26 - - [24/Nov/2020:10:45:33 +0800] "GET /xingrg/login.html HTTP/1.1" 200 7641
117.185.32.26 - - [24/Nov/2020:10:45:33 +0800] "GET /xingrg/images/blue/jxLogo.png HTTP/1.1" 304 -
117.185.32.26 - - [24/Nov/2020:10:45:35 +0800] "GET /xingrg/images/blue/login_bg.png HTTP/1.1" 304 -
117.185.32.26 - - [24/Nov/2020:10:45:35 +0800] "GET /xingrg/images/blue/hj.png HTTP/1.1" 304 -
117.185.32.26 - - [24/Nov/2020:10:45:35 +0800] "GET /xingrg/images/blue/srbg.png HTTP/1.1" 304 -
117.185.32.26 - - [24/Nov/2020:10:45:37 +0800] "GET /favicon.ico HTTP/1.1" 404 -
114.84.37.38 - - [24/Nov/2020:10:45:39 +0800] "GET /xingrg/all/function/internal_message.html?_=1606185974245&CODE_STATE=getMsg HTTP/1.1" 200 27
180.174.56.115 - - [24/Nov/2020:10:45:39 +0800] "POST /xingrg/dwr/call/plaincall/AjaxQqpsService.saveMaterielItem.dwr HTTP/1.1" 200 78
117.185.32.26 - - [24/Nov/2020:10:45:39 +0800] "POST /xingrg/login.do HTTP/1.1" 302 -
117.185.32.26 - - [24/Nov/2020:10:45:40 +0800] "GET /xingrg/index.html?sysBaseUrl=http%3A%2F%2F180.169.147.146%3A18081%2Fxingrg%2F&costTime=39×tamp=1606185939950 HTTP/1.1" 200 17173
117.185.32.26 - - [24/Nov/2020:10:45:40 +0800] "GET /xingrg/css/form.css HTTP/1.1" 304 -
117.185.32.26 - - [24/Nov/2020:10:45:40 +0800] "GET /xingrg/javascript/jquery.form.js HTTP/1.1" 304 -
117.185.32.26 - - [24/Nov/2020:10:45:40 +0800] "GET /xingrg/javascript/jquery.timers.js HTTP/1.1" 304 -
120.253.135.82 - - [24/Nov/2020:10:45:40 +0800] "GET /xingrg/all/function/internal_message.html?_=1606185687444&CODE_STATE=getMsg HTTP/1.1" 200 27
117.185.32.26 - - [24/Nov/2020:10:45:40 +0800] "GET /favicon.ico HTTP/1.1" 404 -
117.185.32.26 - - [24/Nov/2020:10:45:40 +0800] "GET /xingrg/javascript/jquery_easy_ui/themes/icons/settle_new.png HTTP/1.1" 304 -
117.185.32.26 - - [24/Nov/2020:10:45:40 +0800] "GET /xingrg/images/blue/navBackgound.jpg HTTP/1.1" 304 -
180.174.56.115 - - [24/Nov/2020:10:45:41 +0800] "POST /xingrg/dwr/call/plaincall/AjaxQqpsService.checkOrder.dwr HTTP/1.1" 200 78
172.17.0.120 - - [24/Nov/2020:10:45:41 +0800] "GET /xingrg/all/function/internal_message.html?_=1606186174249&CODE_STATE=getMsg HTTP/1.1" 200 27
101.85.228.137 - - [24/Nov/2020:10:45:41 +0800] "GET /xingrg/all/function/internal_message.html?_=1606186166338&CODE_STATE=getMsg HTTP/1.1" 200 27
180.174.56.115 - - [24/Nov/2020:10:45:41 +0800] "GET /xingrg/kc/mdqp/qqps_order_info.html?code=302020112400508 HTTP/1.1" 200 26401
117.185.32.26 - - [24/Nov/2020:10:45:41 +0800] "POST /xingrg/all/common/load_tree.html?tree=area_rest_tree_json&manage=1 HTTP/1.1" 200 342
180.174.56.115 - - [24/Nov/2020:10:45:41 +0800] "GET /xingrg/dwr/interface/AjaxComOrderService.js HTTP/1.1" 200 18264
180.174.56.115 - - [24/Nov/2020:10:45:41 +0800] "GET /xingrg/dwr/interface/AjaxQqpsService.js HTTP/1.1" 200 16326
180.174.56.115 - - [24/Nov/2020:10:45:41 +0800] "GET /xingrg/dwr/engine.js HTTP/1.1" 200 43631
117.185.32.26 - - [24/Nov/2020:10:45:42 +0800] "GET /xingrg/all/function/internal_message.html?_=1606186379266&CODE_STATE=count HTTP/1.1" 200 11
117.185.32.26 - - [24/Nov/2020:10:45:42 +0800] "GET /xingrg/check_reg.html?_=1606186379267 HTTP/1.1" 200 22
117.185.32.26 - - [24/Nov/2020:10:45:42 +0800] "GET /xingrg/images/blue/pingpu.png HTTP/1.1" 304 -
117.185.32.26 - - [24/Nov/2020:10:45:42 +0800] "GET /xingrg/javascript/jquery_easy_ui/themes/default/images/tabs_leftarrow.png HTTP/1.1" 304 -
117.185.32.26 - - [24/Nov/2020:10:45:42 +0800] "GET /xingrg/javascript/jquery_easy_ui/themes/default/images/tabs_rightarrow.png HTTP/1.1" 304 -
117.185.32.26 - - [24/Nov/2020:10:45:42 +0800] "GET /xingrg/javascript/jquery_easy_ui/themes/default/images/panel_tool_collapse.gif HTTP/1.1" 304 -
117.185.32.26 - - [24/Nov/2020:10:45:42 +0800] "POST /xingrg/load_menu.html HTTP/1.1" 200 5138
180.174.56.115 - - [24/Nov/2020:10:45:42 +0800] "POST /xingrg/dwr/call/plaincall/AjaxQqpsService.loadMaterielItems.dwr HTTP/1.1" 200 403
117.185.32.26 - - [24/Nov/2020:10:45:45 +0800] "GET /xingrg/kc/buy/buy_main.html HTTP/1.1" 200 12412
117.185.32.26 - - [24/Nov/2020:10:45:45 +0800] "GET /xingrg/css/new_ie.css HTTP/1.1" 404 1036
117.185.32.26 - - [24/Nov/2020:10:45:45 +0800] "GET /xingrg/javascript/jquery_ui/themes/humanity/humanity.css HTTP/1.1" 304 -
117.185.32.26 - - [24/Nov/2020:10:45:45 +0800] "GET /xingrg/javascript/jquery_ui/jquery-ui.min.js HTTP/1.1" 304 -
117.185.32.26 - - [24/Nov/2020:10:45:45 +0800] "GET /xingrg/images/blue/button/cgxqd.gif HTTP/1.1" 304 -
117.185.32.26 - - [24/Nov/2020:10:45:45 +0800] "GET /xingrg/javascript/jquery_ui/themes/humanity/images/ui-bg_inset-soft_100_f4f0ec_1x100.png HTTP/1.1" 304 -
58.40.7.146 - - [24/Nov/2020:10:45:46 +0800] "GET /xingrg/all/function/internal_message.html?_=1606185945163&CODE_STATE=getMsg HTTP/1.1" 200 27
117.185.32.26 - - [24/Nov/2020:10:45:46 +0800] "GET /xingrg/images/blue/button/down_ah.jpg HTTP/1.1" 304 -
222.69.134.41 - - [24/Nov/2020:10:45:46 +0800] "GET /xingrg/all/function/internal_message.html?_=1606185944726&CODE_STATE=getMsg HTTP/1.1" 200 27
117.185.32.26 - - [24/Nov/2020:10:45:46 +0800] "GET /xingrg/javascript/jquery_ui/themes/humanity/images/ui-iconsnew.jpg HTTP/1.1" 304 -
117.185.32.26 - - [24/Nov/2020:10:45:46 +0800] "GET /xingrg/javascript/jquery_ui/themes/humanity/images/ui-icons_ffffff_256x240.png HTTP/1.1" 304 -
117.185.32.26 - - [24/Nov/2020:10:45:46 +0800] "GET /xingrg/javascript/jquery_ui/themes/humanity/images/ui-icons_c47a23_256x240.png HTTP/1.1" 304 -
117.185.32.26 - - [24/Nov/2020:10:45:46 +0800] "GET /xingrg/javascript/jquery_ui/themes/humanity/images/ui-bg_glass_70_ede4d4_1x400.png HTTP/1.1" 304 -
117.185.32.26 - - [24/Nov/2020:10:45:49 +0800] "GET /xingrg/images/yd/bt.gif HTTP/1.1" 404 1040
117.185.32.26 - - [24/Nov/2020:10:45:49 +0800] "GET /xingrg/kc/buy/cgsh_order_list.html HTTP/1.1" 200 45004
58.35.246.33 - - [24/Nov/2020:10:45:50 +0800] "GET /xingrg/kc/buy/cgsh_order_operate.html?command=get_materiel&rest_code=00111&code=00101010618&supplier_code=00100347&order_time=2020-11-24 HTTP/1.1" 200 400
58.40.7.146 - - [24/Nov/2020:10:45:51 +0800] "GET /xingrg/all/function/internal_message.html?_=1606185950218&CODE_STATE=getMsg HTTP/1.1" 200 27
120.253.135.82 - - [24/Nov/2020:10:45:54 +0800] "GET /xingrg/javascript/jquery_easy_ui/themes/default/images/tabs_active.png HTTP/1.1" 200 2894
114.84.145.85 - - [24/Nov/2020:10:45:55 +0800] "GET /xingrg/all/function/internal_message.html?_=1606185955406&CODE_STATE=getMsg HTTP/1.1" 200 27
183.192.164.85 - - [24/Nov/2020:10:45:55 +0800] "GET /xingrg/kc/buy/cgsh_order_info.html?code=212020112409445 HTTP/1.1" 302 -
120.253.135.82 - - [24/Nov/2020:10:45:57 +0800] "GET /xingrg/kc/pszx/mdqp_order_list.html?state=10 HTTP/1.1" 200 10615
120.253.135.82 - - [24/Nov/2020:10:45:57 +0800] "GET /xingrg/dwr/interface/AjaxReportQueryService.js HTTP/1.1" 200 13203
120.253.135.82 - - [24/Nov/2020:10:45:57 +0800] "GET /xingrg/dwr/interface/AjaxQqpsService.js HTTP/1.1" 200 16326
120.253.135.82 - - [24/Nov/2020:10:45:57 +0800] "GET /xingrg/dwr/engine.js HTTP/1.1" 200 43631
172.17.0.102 - - [24/Nov/2020:10:45:57 +0800] "GET /xingrg/all/function/internal_message.html?_=1606185957931&CODE_STATE=getMsg HTTP/1.1" 200 27
172.17.0.102 - - [24/Nov/2020:10:45:57 +0800] "GET /xingrg/check_reg.html?_=1606185957934 HTTP/1.1" 200 22
183.192.164.85 - - [24/Nov/2020:10:45:57 +0800] "GET /xingrg/login.html HTTP/1.1" 200 7641
116.228.172.94 - - [24/Nov/2020:10:45:59 +0800] "GET /xingrg/all/function/internal_message.html?_=1606185957767&CODE_STATE=getMsg HTTP/1.1" 200 27
117.185.32.26 - - [24/Nov/2020:10:45:59 +0800] "GET /xingrg/check_reg.html?_=1606185952830 HTTP/1.1" 200 22
117.185.32.26 - - [24/Nov/2020:10:45:59 +0800] "GET /xingrg/all/function/internal_message.html?_=1606185952831&CODE_STATE=getMsg HTTP/1.1" 200 27
120.253.135.82 - - [24/Nov/2020:10:45:59 +0800] "GET /xingrg/kc/pszx/mdqp_order_info.html?code=302020112400508 HTTP/1.1" 200 13350
120.253.135.82 - - [24/Nov/2020:10:45:59 +0800] "GET /xingrg/dwr/interface/AjaxQqpsService.js HTTP/1.1" 200 16326
120.253.135.82 - - [24/Nov/2020:10:45:59 +0800] "GET /xingrg/dwr/interface/AjaxComOrderService.js HTTP/1.1" 200 18264
120.253.135.82 - - [24/Nov/2020:10:45:59 +0800] "GET /xingrg/dwr/engine.js HTTP/1.1" 200 43631
117.185.32.26 - - [24/Nov/2020:10:46:00 +0800] "GET /xingrg/kc/buy/buy_main.html HTTP/1.1" 200 12412
117.185.32.26 - - [24/Nov/2020:10:46:00 +0800] "GET /xingrg/css/new_ie.css HTTP/1.1" 404 1036
58.35.246.33 - - [24/Nov/2020:10:46:00 +0800] "GET /xingrg/all/function/internal_message.html?_=1606186075396&CODE_STATE=getMsg HTTP/1.1" 200 27
120.253.135.82 - - [24/Nov/2020:10:46:00 +0800] "POST /xingrg/dwr/call/plaincall/AjaxQqpsService.loadMaterielItems.dwr HTTP/1.1" 200 403
117.185.32.26 - - [24/Nov/2020:10:46:00 +0800] "POST /xingrg/kc/buy/cgsh_list_operate.html HTTP/1.1" 200 876
58.35.246.33 - - [24/Nov/2020:10:46:01 +0800] "GET /xingrg/kc/buy/cgsh_order_operate.html?command=get_materiel&rest_code=00111&code=00101007165&supplier_code=00100347&order_time=2020-11-24 HTTP/1.1" 200 419
101.85.228.137 - - [24/Nov/2020:10:46:05 +0800] "GET /xingrg/all/function/internal_message.html?_=1606185965866&CODE_STATE=getMsg HTTP/1.1" 200 27
180.157.253.48 - - [24/Nov/2020:10:46:06 +0800] "GET /xingrg/all/function/internal_message.html?_=1606185968320&CODE_STATE=getMsg HTTP/1.1" 200 27
120.253.135.82 - - [24/Nov/2020:10:46:09 +0800] "GET /xingrg/check_reg.html?_=1606186013547 HTTP/1.1" 200 22
114.84.145.85 - - [24/Nov/2020:10:46:09 +0800] "GET /xingrg/check_reg.html?_=1606185549362 HTTP/1.1" 302 -
180.174.56.115 - - [24/Nov/2020:10:46:10 +0800] "GET /xingrg/all/function/internal_message.html?_=1606185969503&CODE_STATE=getMsg HTTP/1.1" 200 27
180.174.56.115 - - [24/Nov/2020:10:46:10 +0800] "GET /xingrg/check_reg.html?_=1606185969506 HTTP/1.1" 200 22
101.83.145.44 - - [24/Nov/2020:10:46:10 +0800] "POST /xingrg/kc/buy/cgsh_order_operate.html HTTP/1.1" 200 37
180.174.56.115 - - [24/Nov/2020:10:46:12 +0800] "GET /xingrg/all/function/internal_message.html?_=1606185949794&CODE_STATE=getMsg HTTP/1.1" 200 27
58.35.246.33 - - [24/Nov/2020:10:46:12 +0800] "GET /xingrg/kc/buy/cgsh_order_operate.html?command=get_materiel&rest_code=00111&code=00101005022&supplier_code=00100347&order_time=2020-11-24 HTTP/1.1" 200 417
101.83.145.44 - - [24/Nov/2020:10:46:14 +0800] "POST /xingrg/kc/buy/cgsh_order_operate.html HTTP/1.1" 200 6802
101.83.145.44 - - [24/Nov/2020:10:46:16 +0800] "GET /xingrg/kc/print/load_data.html?order_code=212020112409469&kc_code=cgsh&condition= HTTP/1.1" 200 2254
101.83.145.44 - - [24/Nov/2020:10:46:16 +0800] "GET /xingrg/all/function/internal_message.html?_=1606185976620&CODE_STATE=getMsg HTTP/1.1" 200 27
172.17.200.101 - - [24/Nov/2020:10:46:21 +0800] "GET /xingrg/all/function/internal_message.html?_=1606185981998&CODE_STATE=getMsg HTTP/1.1" 302 -
101.83.145.44 - - [24/Nov/2020:10:46:22 +0800] "GET /xingrg/kc/buy/cgsh_order_add.html HTTP/1.1" 200 60789
101.83.145.44 - - [24/Nov/2020:10:46:22 +0800] "GET /xingrg/javascript/easyui/themes/default/validatebox.css HTTP/1.1" 404 1104
101.83.145.44 - - [24/Nov/2020:10:46:22 +0800] "POST /xingrg/kc/buy/cgsh_order_operate.html HTTP/1.1" 200 8245
58.35.246.33 - - [24/Nov/2020:10:46:27 +0800] "GET /xingrg/kc/buy/cgsh_order_operate.html?command=get_materiel&rest_code=00111&code=00101002013&supplier_code=00100347&order_time=2020-11-24 HTTP/1.1" 200 416
120.253.135.82 - - [24/Nov/2020:10:46:27 +0800] "GET /xingrg/check_reg.html?_=1606185734261 HTTP/1.1" 200 22
58.35.246.33 - - [24/Nov/2020:10:46:30 +0800] "GET /xingrg/check_reg.html?_=1606185987032 HTTP/1.1" 200 22
120.253.135.82 - - [24/Nov/2020:10:46:31 +0800] "GET /xingrg/all/function/internal_message.html?_=1606186035290&CODE_STATE=getMsg HTTP/1.1" 200 27
101.83.145.44 - - [24/Nov/2020:10:46:32 +0800] "GET /xingrg/kc/buy/cgsh_order_operate.html?command=get_materiel&rest_code=00105&code=00101004011&supplier_code=00100086&order_time=2020-11-24 HTTP/1.1" 200 435
58.35.246.33 - - [24/Nov/2020:10:46:37 +0800] "GET /xingrg/kc/buy/cgsh_order_operate.html?command=get_materiel&rest_code=00111&code=00101020073&supplier_code=00100347&order_time=2020-11-24 HTTP/1.1" 200 414
114.84.37.38 - - [24/Nov/2020:10:46:39 +0800] "GET /xingrg/all/function/internal_message.html?_=1606186034253&CODE_STATE=getMsg HTTP/1.1" 200 27
101.85.228.137 - - [24/Nov/2020:10:46:39 +0800] "GET /xingrg/check_reg.html?_=1606186224184 HTTP/1.1" 200 22
101.83.145.44 - - [24/Nov/2020:10:46:39 +0800] "POST /xingrg/kc/buy/cgsh_order_operate.html HTTP/1.1" 200 37
101.83.145.44 - - [24/Nov/2020:10:46:40 +0800] "POST /xingrg/kc/buy/cgsh_order_operate.html HTTP/1.1" 200 2662
120.253.135.82 - - [24/Nov/2020:10:46:40 +0800] "GET /xingrg/all/function/internal_message.html?_=1606185747457&CODE_STATE=getMsg HTTP/1.1" 200 27
172.17.0.120 - - [24/Nov/2020:10:46:41 +0800] "GET /xingrg/all/function/internal_message.html?_=1606186234254&CODE_STATE=getMsg HTTP/1.1" 200 27
172.17.0.120 - - [24/Nov/2020:10:46:41 +0800] "GET /xingrg/check_reg.html?_=1606186234258 HTTP/1.1" 200 22
101.85.228.137 - - [24/Nov/2020:10:46:41 +0800] "GET /xingrg/all/function/internal_message.html?_=1606186226352&CODE_STATE=getMsg HTTP/1.1" 200 27
101.83.145.44 - - [24/Nov/2020:10:46:41 +0800] "GET /xingrg/kc/print/load_data.html?order_code=212020112409470&kc_code=cgsh&condition= HTTP/1.1" 200 736
117.185.32.26 - - [24/Nov/2020:10:46:42 +0800] "GET /xingrg/all/function/internal_message.html?_=1606186439285&CODE_STATE=getMsg HTTP/1.1" 200 27
101.83.145.44 - - [24/Nov/2020:10:46:45 +0800] "GET /xingrg/kc/buy/cgsh_order_add.html HTTP/1.1" 200 60789
101.83.145.44 - - [24/Nov/2020:10:46:45 +0800] "GET /xingrg/javascript/easyui/themes/default/validatebox.css HTTP/1.1" 404 1104
101.83.145.44 - - [24/Nov/2020:10:46:45 +0800] "POST /xingrg/kc/buy/cgsh_order_operate.html HTTP/1.1" 200 8245
58.40.7.146 - - [24/Nov/2020:10:46:46 +0800] "GET /xingrg/all/function/internal_message.html?_=1606186005151&CODE_STATE=getMsg HTTP/1.1" 200 27
222.69.134.41 - - [24/Nov/2020:10:46:46 +0800] "GET /xingrg/all/function/internal_message.html?_=1606186004709&CODE_STATE=getMsg HTTP/1.1" 200 27
58.35.246.33 - - [24/Nov/2020:10:46:50 +0800] "POST /xingrg/kc/buy/cgsh_order_operate.html HTTP/1.1" 200 37
58.40.7.146 - - [24/Nov/2020:10:46:51 +0800] "GET /xingrg/check_reg.html?_=1606186010222 HTTP/1.1" 200 22
58.40.7.146 - - [24/Nov/2020:10:46:51 +0800] "GET /xingrg/all/function/internal_message.html?_=1606186010224&CODE_STATE=getMsg HTTP/1.1" 200 27
58.35.246.33 - - [24/Nov/2020:10:46:51 +0800] "POST /xingrg/kc/buy/cgsh_order_operate.html HTTP/1.1" 200 6838
58.35.246.33 - - [24/Nov/2020:10:46:53 +0800] "GET /xingrg/kc/print/load_data.html?order_code=212020112409471&kc_code=cgsh&condition= HTTP/1.1" 200 2272
114.84.145.85 - - [24/Nov/2020:10:46:55 +0800] "GET /xingrg/all/function/internal_message.html?_=1606186015404&CODE_STATE=getMsg HTTP/1.1" 200 27
172.17.0.102 - - [24/Nov/2020:10:46:57 +0800] "GET /xingrg/all/function/internal_message.html?_=1606186017933&CODE_STATE=getMsg HTTP/1.1" 200 27
116.228.172.94 - - [24/Nov/2020:10:46:59 +0800] "GET /xingrg/all/function/internal_message.html?_=1606186017753&CODE_STATE=getMsg HTTP/1.1" 200 27
117.185.32.26 - - [24/Nov/2020:10:46:59 +0800] "GET /xingrg/all/function/internal_message.html?_=1606186012829&CODE_STATE=getMsg HTTP/1.1" 200 27
117.185.32.26 - - [24/Nov/2020:10:46:59 +0800] "GET /xingrg/images/yd/bt.gif HTTP/1.1" 404 1040
117.185.32.26 - - [24/Nov/2020:10:47:00 +0800] "GET /xingrg/kc/buy/cgsh_order_list.html HTTP/1.1" 200 45004
117.185.32.26 - - [24/Nov/2020:10:47:01 +0800] "POST /xingrg/kc/buy/cgsh_list_operate.html HTTP/1.1" 200 876
117.185.32.26 - - [24/Nov/2020:10:47:03 +0800] "GET /xingrg/kc/buy/cgsh_order_add.html HTTP/1.1" 200 60742
117.185.32.26 - - [24/Nov/2020:10:47:04 +0800] "GET /xingrg/words/20201123125902_words.js HTTP/1.1" 304 -
