180.174.56.115 - - [24/Nov/2020:11:17:21 +0800] "POST /xingrg/kc/buy/cgsh_order_operate.html HTTP/1.1" 200 12
180.174.56.115 - - [24/Nov/2020:11:17:22 +0800] "GET /xingrg/kc/buy/cgsh_order_info.html?code=212020112409545 HTTP/1.1" 200 55569
180.174.56.115 - - [24/Nov/2020:11:17:23 +0800] "GET /xingrg/javascript/easyui/themes/default/validatebox.css HTTP/1.1" 404 1104
180.174.56.115 - - [24/Nov/2020:11:17:23 +0800] "POST /xingrg/kc/buy/cgsh_order_operate.html HTTP/1.1" 200 619
180.174.56.115 - - [24/Nov/2020:11:17:26 +0800] "GET /xingrg/kc/print/load_data.html?order_code=212020112409545&kc_code=cgsh&condition= HTTP/1.1" 200 791
120.253.135.82 - - [24/Nov/2020:11:17:28 +0800] "POST /xingrg/kc/buy/cgsh_order_operate.html HTTP/1.1" 200 37
120.253.135.82 - - [24/Nov/2020:11:17:29 +0800] "POST /xingrg/kc/buy/cgsh_order_operate.html HTTP/1.1" 200 2668
120.253.135.82 - - [24/Nov/2020:11:17:31 +0800] "GET /xingrg/all/function/internal_message.html?_=1606187895930&CODE_STATE=getMsg HTTP/1.1" 200 27
180.174.56.115 - - [24/Nov/2020:11:17:33 +0800] "GET /xingrg/kc/buy/cgsh_order_add.html HTTP/1.1" 200 60666
120.253.135.82 - - [24/Nov/2020:11:17:33 +0800] "GET /xingrg/kc/print/load_config.html?kc_code=cgsh HTTP/1.1" 200 1845
120.253.135.82 - - [24/Nov/2020:11:17:33 +0800] "GET /xingrg/kc/print/load_data.html?order_code=212020112409546&kc_code=cgsh&condition= HTTP/1.1" 200 660
180.174.56.115 - - [24/Nov/2020:11:17:33 +0800] "GET /xingrg/javascript/easyui/themes/default/validatebox.css HTTP/1.1" 404 1104
180.174.56.115 - - [24/Nov/2020:11:17:33 +0800] "POST /xingrg/kc/buy/cgsh_order_operate.html HTTP/1.1" 200 8245
101.83.145.44 - - [24/Nov/2020:11:17:34 +0800] "GET /xingrg/kc/base/wldb_order_operate.html?command=get_materiel&rest_code=00105&base_code=0010507&code=00101019400 HTTP/1.1" 200 451
222.69.134.41 - - [24/Nov/2020:11:17:35 +0800] "GET /xingrg/kc/buy/cgsh_order_operate.html?command=get_materiel&rest_code=00149&code=00101001140&supplier_code=00100090&order_time=2020-11-24 HTTP/1.1" 200 415
172.17.0.120 - - [24/Nov/2020:11:17:36 +0800] "GET /xingrg/all/function/internal_message.html?_=1606188089557&CODE_STATE=getMsg HTTP/1.1" 200 27
101.227.139.173 - - [24/Nov/2020:11:17:39 +0800] "GET /xingrg/all/function/internal_message.html?_=1606187035463&CODE_STATE=getMsg HTTP/1.1" 302 -
117.185.32.26 - - [24/Nov/2020:11:17:41 +0800] "GET /xingrg/all/function/internal_message.html?_=1606188298900&CODE_STATE=getMsg HTTP/1.1" 200 27
120.253.135.82 - - [24/Nov/2020:11:17:42 +0800] "GET /xingrg/all/function/internal_message.html?_=1606187609315&CODE_STATE=getMsg HTTP/1.1" 200 27
114.84.37.38 - - [24/Nov/2020:11:17:43 +0800] "GET /xingrg/all/function/internal_message.html?_=1606187898270&CODE_STATE=getMsg HTTP/1.1" 200 27
120.253.135.82 - - [24/Nov/2020:11:17:43 +0800] "POST /xingrg/kc/buy/cgsh_order_operate.html HTTP/1.1" 200 37
101.227.139.173 - - [24/Nov/2020:11:17:43 +0800] "GET /xingrg/login.html HTTP/1.1" 200 7641
120.253.135.82 - - [24/Nov/2020:11:17:45 +0800] "POST /xingrg/kc/buy/cgsh_order_operate.html HTTP/1.1" 200 12
222.69.134.41 - - [24/Nov/2020:11:17:45 +0800] "GET /xingrg/all/function/internal_message.html?_=1606187864074&CODE_STATE=getMsg HTTP/1.1" 200 27
58.40.7.146 - - [24/Nov/2020:11:17:46 +0800] "GET /xingrg/all/function/internal_message.html?_=1606187865165&CODE_STATE=getMsg HTTP/1.1" 200 27
120.253.135.82 - - [24/Nov/2020:11:17:47 +0800] "GET /xingrg/kc/buy/cgsh_order_info.html?code=212020112409546 HTTP/1.1" 200 54654
120.253.135.82 - - [24/Nov/2020:11:17:47 +0800] "GET /xingrg/javascript/jquery_easy_ui/themes/icons/area.png HTTP/1.1" 304 -
120.253.135.82 - - [24/Nov/2020:11:17:47 +0800] "GET /xingrg/javascript/jquery_easy_ui/themes/icons/manage.png HTTP/1.1" 304 -
120.253.135.82 - - [24/Nov/2020:11:17:47 +0800] "GET /xingrg/javascript/easyui/themes/default/validatebox.css HTTP/1.1" 404 1104
117.185.32.26 - - [24/Nov/2020:11:17:47 +0800] "GET /xingrg/kc/buy/cgsh_order_operate.html?command=get_materiel&rest_code=00106&code=00101004061&supplier_code=00100312&order_time=2020-11-24 HTTP/1.1" 200 409
222.69.134.41 - - [24/Nov/2020:11:17:47 +0800] "GET /xingrg/check_reg.html?_=1606187866158 HTTP/1.1" 200 22
120.253.135.82 - - [24/Nov/2020:11:17:47 +0800] "POST /xingrg/kc/buy/cgsh_order_operate.html HTTP/1.1" 200 618
101.85.228.137 - - [24/Nov/2020:11:17:48 +0800] "GET /xingrg/all/function/internal_message.html?_=1606188093200&CODE_STATE=getMsg HTTP/1.1" 200 27
222.69.134.41 - - [24/Nov/2020:11:17:48 +0800] "GET /xingrg/kc/buy/cgsh_order_operate.html?command=get_materiel&rest_code=00149&code=00101001125&supplier_code=00100090&order_time=2020-11-24 HTTP/1.1" 200 413
180.157.253.48 - - [24/Nov/2020:11:17:49 +0800] "GET /xingrg/check_reg.html?_=1606187871507 HTTP/1.1" 302 -
58.40.7.146 - - [24/Nov/2020:11:17:51 +0800] "GET /xingrg/all/function/internal_message.html?_=1606187870222&CODE_STATE=getMsg HTTP/1.1" 200 27
114.84.145.85 - - [24/Nov/2020:11:17:55 +0800] "GET /xingrg/all/function/internal_message.html?_=1606187875494&CODE_STATE=getMsg HTTP/1.1" 200 27
117.184.7.30 - - [24/Nov/2020:11:17:55 +0800] "GET /xingrg/all/function/internal_message.html?_=1606187874619&CODE_STATE=getMsg HTTP/1.1" 200 27
101.83.145.44 - - [24/Nov/2020:11:17:57 +0800] "GET /xingrg/all/function/internal_message.html?_=1606187857249&CODE_STATE=getMsg HTTP/1.1" 200 27
172.17.0.102 - - [24/Nov/2020:11:17:57 +0800] "GET /xingrg/all/function/internal_message.html?_=1606187878071&CODE_STATE=getMsg HTTP/1.1" 200 27
117.185.32.26 - - [24/Nov/2020:11:17:59 +0800] "GET /xingrg/all/function/internal_message.html?_=1606187872846&CODE_STATE=getMsg HTTP/1.1" 200 27
58.35.246.33 - - [24/Nov/2020:11:18:00 +0800] "GET /xingrg/all/function/internal_message.html?_=1606187995435&CODE_STATE=getMsg HTTP/1.1" 200 27
101.83.145.44 - - [24/Nov/2020:11:18:00 +0800] "GET /xingrg/kc/buy/cgsh_order_operate.html?command=get_materiel&rest_code=00105&code=00102010585&supplier_code=00100151&order_time=2020-11-24 HTTP/1.1" 200 412
222.69.134.41 - - [24/Nov/2020:11:18:00 +0800] "GET /xingrg/kc/buy/cgsh_order_operate.html?command=get_materiel&rest_code=00149&code=00101001093&supplier_code=00100090&order_time=2020-11-24 HTTP/1.1" 200 411
120.204.17.72 - - [24/Nov/2020:11:18:01 +0800] "GET /xingrg/all/function/internal_message.html?_=1606187152848&CODE_STATE=getMsg HTTP/1.1" 302 -
120.204.17.70 - - [24/Nov/2020:11:18:01 +0800] "GET /xingrg/check_reg.html?_=1606187152849 HTTP/1.1" 302 -
116.228.172.94 - - [24/Nov/2020:11:18:02 +0800] "GET /xingrg/all/function/internal_message.html?_=1606187881572&CODE_STATE=getMsg HTTP/1.1" 200 27
180.174.56.115 - - [24/Nov/2020:11:18:05 +0800] "GET /xingrg/kc/buy/cgsh_order_operate.html?command=get_materiel&rest_code=00150&code=00101007038&supplier_code=00100323&order_time=2020-11-24 HTTP/1.1" 200 442
101.83.145.44 - - [24/Nov/2020:11:18:05 +0800] "GET /xingrg/kc/base/wldb_order_operate.html?command=get_materiel&rest_code=00105&base_code=0010507&code=00101019222 HTTP/1.1" 200 453
180.157.253.48 - - [24/Nov/2020:11:18:07 +0800] "GET /xingrg/all/function/internal_message.html?_=1606187888973&CODE_STATE=getMsg HTTP/1.1" 200 27
120.204.17.70 - - [24/Nov/2020:11:18:10 +0800] "GET /xingrg/login.html HTTP/1.1" 200 7641
120.204.17.72 - - [24/Nov/2020:11:18:10 +0800] "GET /xingrg/login.html HTTP/1.1" 200 7641
180.174.56.115 - - [24/Nov/2020:11:18:10 +0800] "GET /xingrg/all/function/internal_message.html?_=1606187890135&CODE_STATE=getMsg HTTP/1.1" 200 27
101.85.95.39 - - [24/Nov/2020:11:18:12 +0800] "GET /xingrg/all/function/internal_message.html?_=1606187623158&CODE_STATE=getMsg HTTP/1.1" 200 27
180.174.56.115 - - [24/Nov/2020:11:18:12 +0800] "GET /xingrg/all/function/internal_message.html?_=1606187870275&CODE_STATE=getMsg HTTP/1.1" 200 27
222.69.134.41 - - [24/Nov/2020:11:18:12 +0800] "POST /xingrg/kc/buy/cgsh_order_operate.html HTTP/1.1" 200 37
222.69.134.41 - - [24/Nov/2020:11:18:15 +0800] "POST /xingrg/kc/buy/cgsh_order_operate.html HTTP/1.1" 200 12
101.83.145.44 - - [24/Nov/2020:11:18:16 +0800] "GET /xingrg/all/function/internal_message.html?_=1606187896095&CODE_STATE=getMsg HTTP/1.1" 200 27
101.83.145.44 - - [24/Nov/2020:11:18:16 +0800] "GET /xingrg/kc/buy/cgsh_order_operate.html?command=get_materiel&rest_code=00105&code=00102008084&supplier_code=00100151&order_time=2020-11-24 HTTP/1.1" 200 413
101.83.145.44 - - [24/Nov/2020:11:18:18 +0800] "GET /xingrg/kc/base/wldb_order_operate.html?command=get_materiel&rest_code=00105&base_code=0010507&code=00101019015 HTTP/1.1" 200 437
114.84.145.85 - - [24/Nov/2020:11:18:21 +0800] "GET /xingrg/all/function/internal_message.html?_=1606187481040&CODE_STATE=getMsg HTTP/1.1" 200 27
222.69.134.41 - - [24/Nov/2020:11:18:21 +0800] "GET /xingrg/kc/buy/cgsh_order_info.html?code=212020112409547 HTTP/1.1" 200 55702
172.17.200.101 - - [24/Nov/2020:11:18:21 +0800] "GET /xingrg/all/function/internal_message.html?_=1606187902082&CODE_STATE=getMsg HTTP/1.1" 302 -
222.69.134.41 - - [24/Nov/2020:11:18:21 +0800] "GET /xingrg/javascript/easyui/themes/default/validatebox.css HTTP/1.1" 404 1104
180.174.56.115 - - [24/Nov/2020:11:18:21 +0800] "POST /xingrg/all/common/load_select.html HTTP/1.1" 200 25
222.69.134.41 - - [24/Nov/2020:11:18:21 +0800] "POST /xingrg/kc/buy/cgsh_order_operate.html HTTP/1.1" 200 1802
222.69.134.41 - - [24/Nov/2020:11:18:23 +0800] "GET /xingrg/kc/print/load_data.html?order_code=212020112409547&kc_code=cgsh&condition= HTTP/1.1" 200 1241
180.174.56.115 - - [24/Nov/2020:11:18:24 +0800] "GET /xingrg/kc/buy/cgsh_order_operate.html?command=get_materiel_price&rest_code=00150&code=00101007038&unit_code=00100025&supplier_code=00100323&order_time=2020-11-24 HTTP/1.1" 200 29
117.185.32.26 - - [24/Nov/2020:11:18:27 +0800] "GET /xingrg/kc/buy/cgsh_order_operate.html?command=get_materiel&rest_code=00106&code=00101004071&supplier_code=00100312&order_time=2020-11-24 HTTP/1.1" 200 409
117.131.5.26 - - [24/Nov/2020:11:18:31 +0800] "POST /xingrg/services/DataTransmitService HTTP/1.1" 200 524
117.131.5.26 - - [24/Nov/2020:11:18:31 +0800] "POST /xingrg/services/DataTransmitService HTTP/1.1" 200 501
117.131.5.26 - - [24/Nov/2020:11:18:31 +0800] "POST /xingrg/services/DataTransmitService HTTP/1.1" 200 501
117.131.5.26 - - [24/Nov/2020:11:18:31 +0800] "POST /xingrg/services/DataTransmitService HTTP/1.1" 200 501
117.131.5.26 - - [24/Nov/2020:11:18:31 +0800] "POST /xingrg/services/DataTransmitService HTTP/1.1" 200 501
120.253.135.82 - - [24/Nov/2020:11:18:31 +0800] "GET /xingrg/all/function/internal_message.html?_=1606187955969&CODE_STATE=getMsg HTTP/1.1" 200 27
101.83.145.44 - - [24/Nov/2020:11:18:33 +0800] "POST /xingrg/kc/buy/cgsh_order_operate.html HTTP/1.1" 200 37
117.131.5.26 - - [24/Nov/2020:11:18:34 +0800] "POST /xingrg/services/DataTransmitService HTTP/1.1" 200 412
101.83.145.44 - - [24/Nov/2020:11:18:34 +0800] "POST /xingrg/kc/buy/cgsh_order_operate.html HTTP/1.1" 200 2659
101.83.145.44 - - [24/Nov/2020:11:18:36 +0800] "GET /xingrg/kc/print/load_data.html?order_code=212020112409548&kc_code=cgsh&condition= HTTP/1.1" 200 644
172.17.0.120 - - [24/Nov/2020:11:18:36 +0800] "GET /xingrg/all/function/internal_message.html?_=1606188149562&CODE_STATE=getMsg HTTP/1.1" 200 27
117.185.32.26 - - [24/Nov/2020:11:18:41 +0800] "GET /xingrg/all/function/internal_message.html?_=1606188358880&CODE_STATE=getMsg HTTP/1.1" 200 27
120.253.135.82 - - [24/Nov/2020:11:18:42 +0800] "GET /xingrg/all/function/internal_message.html?_=1606187669327&CODE_STATE=getMsg HTTP/1.1" 200 27
101.83.145.44 - - [24/Nov/2020:11:18:42 +0800] "GET /xingrg/kc/buy/cgsh_order_add.html HTTP/1.1" 200 60789
114.84.37.38 - - [24/Nov/2020:11:18:43 +0800] "GET /xingrg/all/function/internal_message.html?_=1606187958277&CODE_STATE=getMsg HTTP/1.1" 200 27
101.83.145.44 - - [24/Nov/2020:11:18:43 +0800] "GET /xingrg/javascript/easyui/themes/default/validatebox.css HTTP/1.1" 404 1104
101.83.145.44 - - [24/Nov/2020:11:18:43 +0800] "POST /xingrg/kc/buy/cgsh_order_operate.html HTTP/1.1" 200 8245
180.174.56.115 - - [24/Nov/2020:11:18:43 +0800] "POST /xingrg/kc/buy/cgsh_order_operate.html HTTP/1.1" 200 37
222.69.134.41 - - [24/Nov/2020:11:18:45 +0800] "GET /xingrg/all/function/internal_message.html?_=1606187924035&CODE_STATE=getMsg HTTP/1.1" 200 27
180.174.56.115 - - [24/Nov/2020:11:18:45 +0800] "POST /xingrg/kc/buy/cgsh_order_operate.html HTTP/1.1" 200 12
58.40.7.146 - - [24/Nov/2020:11:18:46 +0800] "GET /xingrg/all/function/internal_message.html?_=1606187925168&CODE_STATE=getMsg HTTP/1.1" 200 27
58.40.7.146 - - [24/Nov/2020:11:18:46 +0800] "GET /xingrg/check_reg.html?_=1606187925169 HTTP/1.1" 200 22
101.83.145.44 - - [24/Nov/2020:11:18:46 +0800] "GET /xingrg/kc/base/wldb_order_operate.html?command=get_materiel&rest_code=00105&base_code=0010507&code=00101019390 HTTP/1.1" 200 456
117.185.32.26 - - [24/Nov/2020:11:18:46 +0800] "GET /xingrg/kc/buy/cgsh_order_operate.html?command=get_materiel&rest_code=00106&code=00101004049&supplier_code=00100312&order_time=2020-11-24 HTTP/1.1" 200 413
180.174.56.115 - - [24/Nov/2020:11:18:47 +0800] "GET /xingrg/kc/buy/cgsh_order_info.html?code=212020112409549 HTTP/1.1" 200 55572
180.174.56.115 - - [24/Nov/2020:11:18:47 +0800] "GET /xingrg/javascript/easyui/themes/default/validatebox.css HTTP/1.1" 404 1104
180.174.56.115 - - [24/Nov/2020:11:18:48 +0800] "POST /xingrg/kc/buy/cgsh_order_operate.html HTTP/1.1" 200 608
101.85.228.137 - - [24/Nov/2020:11:18:48 +0800] "GET /xingrg/all/function/internal_message.html?_=1606188153842&CODE_STATE=getMsg HTTP/1.1" 200 27
180.174.56.115 - - [24/Nov/2020:11:18:49 +0800] "GET /xingrg/kc/print/load_data.html?order_code=212020112409549&kc_code=cgsh&condition= HTTP/1.1" 200 707
58.40.7.146 - - [24/Nov/2020:11:18:51 +0800] "GET /xingrg/all/function/internal_message.html?_=1606187930224&CODE_STATE=getMsg HTTP/1.1" 200 27
222.69.134.41 - - [24/Nov/2020:11:18:51 +0800] "GET /xingrg/kc/buy/cgsh_order_add.html HTTP/1.1" 200 60795
222.69.134.41 - - [24/Nov/2020:11:18:52 +0800] "POST /xingrg/kc/buy/cgsh_order_operate.html HTTP/1.1" 200 8245
222.69.134.41 - - [24/Nov/2020:11:18:52 +0800] "GET /xingrg/javascript/easyui/themes/default/validatebox.css HTTP/1.1" 404 1104
101.83.145.44 - - [24/Nov/2020:11:18:53 +0800] "POST /xingrg/kc/base/wldb_order_operate.html HTTP/1.1" 200 37
180.174.56.115 - - [24/Nov/2020:11:18:54 +0800] "GET /xingrg/kc/buy/cgsh_order_add.html HTTP/1.1" 200 60666
101.83.145.44 - - [24/Nov/2020:11:18:54 +0800] "POST /xingrg/kc/base/wldb_order_operate.html HTTP/1.1" 200 3676
101.83.145.44 - - [24/Nov/2020:11:18:54 +0800] "GET /xingrg/kc/base/wldb_order_info.html?code=422020112402667 HTTP/1.1" 200 30601
180.174.56.115 - - [24/Nov/2020:11:18:54 +0800] "POST /xingrg/kc/buy/cgsh_order_operate.html HTTP/1.1" 200 8245
180.174.56.115 - - [24/Nov/2020:11:18:54 +0800] "GET /xingrg/javascript/easyui/themes/default/validatebox.css HTTP/1.1" 404 1104
101.83.145.44 - - [24/Nov/2020:11:18:54 +0800] "GET /xingrg/javascript/easyui/themes/default/validatebox.css HTTP/1.1" 404 1104
101.83.145.44 - - [24/Nov/2020:11:18:55 +0800] "POST /xingrg/kc/base/wldb_order_operate.html HTTP/1.1" 200 3676
114.84.145.85 - - [24/Nov/2020:11:18:55 +0800] "GET /xingrg/all/function/internal_message.html?_=1606187935504&CODE_STATE=getMsg HTTP/1.1" 200 27
117.184.7.30 - - [24/Nov/2020:11:18:55 +0800] "GET /xingrg/all/function/internal_message.html?_=1606187934619&CODE_STATE=getMsg HTTP/1.1" 200 27
101.83.145.44 - - [24/Nov/2020:11:18:57 +0800] "GET /xingrg/all/function/internal_message.html?_=1606187917245&CODE_STATE=getMsg HTTP/1.1" 200 27
172.17.0.102 - - [24/Nov/2020:11:18:57 +0800] "GET /xingrg/all/function/internal_message.html?_=1606187938071&CODE_STATE=getMsg HTTP/1.1" 200 27
117.185.32.26 - - [24/Nov/2020:11:18:59 +0800] "GET /xingrg/all/function/internal_message.html?_=1606187932844&CODE_STATE=getMsg HTTP/1.1" 200 27
58.35.246.33 - - [24/Nov/2020:11:19:00 +0800] "GET /xingrg/check_reg.html?_=1606188055431 HTTP/1.1" 200 22
58.35.246.33 - - [24/Nov/2020:11:19:00 +0800] "GET /xingrg/all/function/internal_message.html?_=1606188055434&CODE_STATE=getMsg HTTP/1.1" 200 27
120.253.135.82 - - [24/Nov/2020:11:19:01 +0800] "GET /xingrg/kc/buy/cgth_order_list.html HTTP/1.1" 200 44407
120.253.135.82 - - [24/Nov/2020:11:19:01 +0800] "POST /xingrg/kc/buy/cgth_list_operate.html HTTP/1.1" 200 1919
101.89.29.78 - - [24/Nov/2020:11:19:02 +0800] "GET /xingrg/all/function/internal_message.html?_=1606187215461&CODE_STATE=getMsg HTTP/1.1" 302 -
116.228.172.94 - - [24/Nov/2020:11:19:02 +0800] "GET /xingrg/all/function/internal_message.html?_=1606187941545&CODE_STATE=getMsg HTTP/1.1" 200 27
180.174.56.115 - - [24/Nov/2020:11:19:03 +0800] "GET /xingrg/kc/buy/cgsh_order_operate.html?command=get_materiel&rest_code=00150&code=00101008147&supplier_code=00100347&order_time=2020-11-24 HTTP/1.1" 200 416
183.192.164.71 - - [24/Nov/2020:11:19:03 +0800] "GET /xingrg/all/function/internal_message.html?_=1606187212848&CODE_STATE=getMsg HTTP/1.1" 302 -
120.253.135.82 - - [24/Nov/2020:11:19:04 +0800] "POST /xingrg/kc/buy/cgth_list_operate.html HTTP/1.1" 200 292
120.253.135.82 - - [24/Nov/2020:11:19:05 +0800] "GET /xingrg/css/blue.css HTTP/1.1" 304 -
120.253.135.82 - - [24/Nov/2020:11:19:05 +0800] "GET /xingrg/javascript/tools/jquery.qtip-1.0.0-rc3.min.js HTTP/1.1" 304 -
120.253.135.82 - - [24/Nov/2020:11:19:05 +0800] "GET /xingrg/javascript/Calendar.js HTTP/1.1" 304 -
120.253.135.82 - - [24/Nov/2020:11:19:05 +0800] "GET /xingrg/javascript/AjaxInfoList.js HTTP/1.1" 304 -
120.253.135.82 - - [24/Nov/2020:11:19:05 +0800] "GET /xingrg/dwr/util.js HTTP/1.1" 304 -
120.253.135.82 - - [24/Nov/2020:11:19:05 +0800] "GET /xingrg/javascript/myfunction.js HTTP/1.1" 304 -
120.253.135.82 - - [24/Nov/2020:11:19:05 +0800] "GET /xingrg/javascript/Grid.js HTTP/1.1" 304 -
120.253.135.82 - - [24/Nov/2020:11:19:05 +0800] "GET /xingrg/kc/buy/cgth_order_info.html?code=232020112400016 HTTP/1.1" 200 62224
120.253.135.82 - - [24/Nov/2020:11:19:05 +0800] "GET /xingrg/dwr/interface/AjaxCgthService.js HTTP/1.1" 200 14519
120.253.135.82 - - [24/Nov/2020:11:19:05 +0800] "GET /xingrg/javascript/ToolTips.js HTTP/1.1" 304 -
120.253.135.82 - - [24/Nov/2020:11:19:05 +0800] "GET /xingrg/dwr/engine.js HTTP/1.1" 200 43631
120.253.135.82 - - [24/Nov/2020:11:19:05 +0800] "GET /xingrg/dwr/interface/AjaxComOrderService.js HTTP/1.1" 200 18264
120.253.135.82 - - [24/Nov/2020:11:19:05 +0800] "GET /xingrg/javascript/jquery_easy_ui/themes/icons/edit_add_new.png HTTP/1.1" 304 -
120.253.135.82 - - [24/Nov/2020:11:19:05 +0800] "GET /xingrg/javascript/jquery_easy_ui/themes/icons/check_new.png HTTP/1.1" 304 -
120.253.135.82 - - [24/Nov/2020:11:19:05 +0800] "GET /xingrg/javascript/jquery_easy_ui/themes/icons/ok.png HTTP/1.1" 304 -
120.253.135.82 - - [24/Nov/2020:11:19:05 +0800] "GET /xingrg/javascript/jquery_easy_ui/themes/icons/cance_new.png HTTP/1.1" 304 -
120.253.135.82 - - [24/Nov/2020:11:19:05 +0800] "GET /xingrg/javascript/jquery_easy_ui/themes/icons/print.png HTTP/1.1" 304 -
120.253.135.82 - - [24/Nov/2020:11:19:05 +0800] "GET /xingrg/javascript/jquery_easy_ui/themes/default/images/menu_downarrow.png HTTP/1.1" 304 -
120.253.135.82 - - [24/Nov/2020:11:19:05 +0800] "GET /xingrg/javascript/jquery_easy_ui/themes/icons/back_new.png HTTP/1.1" 304 -
120.253.135.82 - - [24/Nov/2020:11:19:05 +0800] "GET /xingrg/javascript/jquery_easy_ui/themes/default/images/combo_arrow_dot.gif HTTP/1.1" 304 -
120.253.135.82 - - [24/Nov/2020:11:19:06 +0800] "GET /xingrg/javascript/jquery_easy_ui/themes/default/images/calendar_prevmonth.gif HTTP/1.1" 304 -
120.253.135.82 - - [24/Nov/2020:11:19:06 +0800] "GET /xingrg/javascript/jquery_easy_ui/themes/default/images/calendar_nextmonth.gif HTTP/1.1" 304 -
120.253.135.82 - - [24/Nov/2020:11:19:06 +0800] "GET /xingrg/javascript/jquery_easy_ui/themes/default/images/calendar_nextyear.gif HTTP/1.1" 304 -
120.253.135.82 - - [24/Nov/2020:11:19:06 +0800] "GET /xingrg/javascript/jquery_easy_ui/themes/default/images/calendar_prevyear.gif HTTP/1.1" 304 -
120.253.135.82 - - [24/Nov/2020:11:19:06 +0800] "POST /xingrg/all/common/load_tree.html?tree=supplier_tree_json&isDelete=1 HTTP/1.1" 200 51980
120.253.135.82 - - [24/Nov/2020:11:19:06 +0800] "GET /xingrg/images/blue/button/kc_tab_add.gif HTTP/1.1" 304 -
120.253.135.82 - - [24/Nov/2020:11:19:06 +0800] "GET /xingrg/images/blue/button/kc_tab_edit.gif HTTP/1.1" 304 -
120.253.135.82 - - [24/Nov/2020:11:19:06 +0800] "GET /xingrg/images/blue/button/kc_tab_del.gif HTTP/1.1" 304 -
120.253.135.82 - - [24/Nov/2020:11:19:06 +0800] "GET /xingrg/images/blue/button/kc_tab_save.gif HTTP/1.1" 304 -
120.253.135.82 - - [24/Nov/2020:11:19:06 +0800] "GET /xingrg/images/blue/kc_tab_left.gif HTTP/1.1" 304 -
120.253.135.82 - - [24/Nov/2020:11:19:06 +0800] "GET /xingrg/images/blue/kc_tab_mid.gif HTTP/1.1" 304 -
120.253.135.82 - - [24/Nov/2020:11:19:06 +0800] "GET /xingrg/images/blue/kc_tab_right.gif HTTP/1.1" 304 -
120.253.135.82 - - [24/Nov/2020:11:19:06 +0800] "GET /xingrg/images/blue/kc_tab2_right.gif HTTP/1.1" 304 -
120.253.135.82 - - [24/Nov/2020:11:19:06 +0800] "GET /xingrg/images/blue/kc_tab2_left.gif HTTP/1.1" 304 -
120.253.135.82 - - [24/Nov/2020:11:19:06 +0800] "GET /xingrg/images/blue/wait.gif HTTP/1.1" 304 -
222.69.134.41 - - [24/Nov/2020:11:19:06 +0800] "GET /xingrg/kc/buy/cgsh_order_operate.html?command=get_materiel&rest_code=00149&code=00101002006&supplier_code=00100091&order_time=2020-11-24 HTTP/1.1" 200 414
120.253.135.82 - - [24/Nov/2020:11:19:06 +0800] "POST /xingrg/dwr/call/plaincall/AjaxCgthService.loadMaterielItems.dwr HTTP/1.1" 200 1529
180.157.253.48 - - [24/Nov/2020:11:19:07 +0800] "GET /xingrg/all/function/internal_message.html?_=1606187948987&CODE_STATE=getMsg HTTP/1.1" 200 27
120.253.135.82 - - [24/Nov/2020:11:19:07 +0800] "GET /xingrg/images/yd/bt.gif HTTP/1.1" 404 1040
183.192.164.71 - - [24/Nov/2020:11:19:08 +0800] "GET /xingrg/login.html HTTP/1.1" 200 7641
120.253.135.82 - - [24/Nov/2020:11:19:09 +0800] "GET /xingrg/javascript/jquery_easy_ui/themes/default/images/button_plain_hover.png HTTP/1.1" 304 -
180.174.56.115 - - [24/Nov/2020:11:19:10 +0800] "GET /xingrg/all/function/internal_message.html?_=1606187950127&CODE_STATE=getMsg HTTP/1.1" 200 27
180.174.56.115 - - [24/Nov/2020:11:19:11 +0800] "GET /xingrg/check_reg.html?_=1606187928992 HTTP/1.1" 200 22
101.89.29.78 - - [24/Nov/2020:11:19:11 +0800] "GET /xingrg/login.html HTTP/1.1" 200 7641
101.85.95.39 - - [24/Nov/2020:11:19:12 +0800] "GET /xingrg/all/function/internal_message.html?_=1606187683158&CODE_STATE=getMsg HTTP/1.1" 200 27
101.85.95.39 - - [24/Nov/2020:11:19:12 +0800] "GET /xingrg/check_reg.html?_=1606187683157 HTTP/1.1" 200 22
101.83.145.44 - - [24/Nov/2020:11:19:12 +0800] "GET /xingrg/kc/base/wldb_order_add.html HTTP/1.1" 200 30587
180.174.56.115 - - [24/Nov/2020:11:19:12 +0800] "GET /xingrg/all/function/internal_message.html?_=1606187930289&CODE_STATE=getMsg HTTP/1.1" 200 27
101.83.145.44 - - [24/Nov/2020:11:19:12 +0800] "POST /xingrg/kc/base/wldb_order_operate.html HTTP/1.1" 200 6806
101.83.145.44 - - [24/Nov/2020:11:19:13 +0800] "GET /xingrg/javascript/easyui/themes/default/validatebox.css HTTP/1.1" 404 1104
120.253.135.82 - - [24/Nov/2020:11:19:13 +0800] "POST /xingrg/dwr/call/plaincall/AjaxCgthService.checkOrder.dwr HTTP/1.1" 200 78
180.174.56.115 - - [24/Nov/2020:11:19:13 +0800] "GET /xingrg/kc/buy/cgsh_order_operate.html?command=get_materiel&rest_code=00150&code=00101008146&supplier_code=00100347&order_time=2020-11-24 HTTP/1.1" 200 416
120.253.135.82 - - [24/Nov/2020:11:19:14 +0800] "GET /xingrg/dwr/interface/AjaxComOrderService.js HTTP/1.1" 200 18264
101.83.145.44 - - [24/Nov/2020:11:19:14 +0800] "POST /xingrg/all/common/load_combo.html?type=base HTTP/1.1" 200 3236
120.253.135.82 - - [24/Nov/2020:11:19:14 +0800] "GET /xingrg/kc/buy/cgth_order_info.html?code=232020112400016&part=buyck HTTP/1.1" 200 59970
120.253.135.82 - - [24/Nov/2020:11:19:15 +0800] "GET /xingrg/dwr/interface/AjaxCgthService.js HTTP/1.1" 200 14519
120.253.135.82 - - [24/Nov/2020:11:19:15 +0800] "GET /xingrg/dwr/engine.js HTTP/1.1" 200 43631
120.253.135.82 - - [24/Nov/2020:11:19:15 +0800] "POST /xingrg/all/common/load_tree.html?tree=supplier_tree_json&isDelete=1 HTTP/1.1" 200 51980
101.83.145.44 - - [24/Nov/2020:11:19:15 +0800] "GET /xingrg/all/function/internal_message.html?_=1606187956074&CODE_STATE=getMsg HTTP/1.1" 200 27
120.253.135.82 - - [24/Nov/2020:11:19:16 +0800] "POST /xingrg/dwr/call/plaincall/AjaxCgthService.loadMaterielItems.dwr HTTP/1.1" 200 1349
180.174.56.115 - - [24/Nov/2020:11:19:18 +0800] "GET /xingrg/kc/buy/cgsh_order_operate.html?command=get_materiel&rest_code=00150&code=00101008037&supplier_code=00100347&order_time=2020-11-24 HTTP/1.1" 200 414
101.83.145.44 - - [24/Nov/2020:11:19:19 +0800] "GET /xingrg/check_reg.html?_=1606187959426 HTTP/1.1" 200 22
101.83.145.44 - - [24/Nov/2020:11:19:19 +0800] "POST /xingrg/all/common/load_combo.html?type=base HTTP/1.1" 200 3236
120.253.135.82 - - [24/Nov/2020:11:19:20 +0800] "GET /xingrg/kc/buy/cgth_order_list.html?isBack=1 HTTP/1.1" 200 44407
222.69.134.41 - - [24/Nov/2020:11:19:20 +0800] "GET /xingrg/kc/buy/cgsh_order_operate.html?command=get_materiel&rest_code=00149&code=00101002034&supplier_code=00100091&order_time=2020-11-24 HTTP/1.1" 200 409
120.253.135.82 - - [24/Nov/2020:11:19:20 +0800] "POST /xingrg/kc/buy/cgth_list_operate.html HTTP/1.1" 200 1035
114.84.145.85 - - [24/Nov/2020:11:19:21 +0800] "GET /xingrg/all/function/internal_message.html?_=1606187541041&CODE_STATE=getMsg HTTP/1.1" 200 27
172.17.200.101 - - [24/Nov/2020:11:19:21 +0800] "GET /xingrg/all/function/internal_message.html?_=1606187962084&CODE_STATE=getMsg HTTP/1.1" 302 -
58.35.246.33 - - [24/Nov/2020:11:19:24 +0800] "GET /xingrg/kc/buy/cgsh_order_list.html HTTP/1.1" 200 45004
58.35.246.33 - - [24/Nov/2020:11:19:25 +0800] "POST /xingrg/kc/buy/cgsh_list_operate.html HTTP/1.1" 200 5216
180.174.56.115 - - [24/Nov/2020:11:19:27 +0800] "GET /xingrg/kc/buy/cgsh_order_operate.html?command=get_materiel&rest_code=00150&code=00101010312&supplier_code=00100347&order_time=2020-11-24 HTTP/1.1" 200 418
58.35.246.33 - - [24/Nov/2020:11:19:30 +0800] "POST /xingrg/kc/buy/cgsh_list_operate.html HTTP/1.1" 200 8807
120.253.135.82 - - [24/Nov/2020:11:19:31 +0800] "GET /xingrg/all/function/internal_message.html?_=1606188015972&CODE_STATE=getMsg HTTP/1.1" 200 27
58.35.246.33 - - [24/Nov/2020:11:19:31 +0800] "POST /xingrg/kc/buy/cgsh_list_operate.html HTTP/1.1" 200 590
58.35.246.33 - - [24/Nov/2020:11:19:32 +0800] "GET /xingrg/kc/buy/cgsh_order_info.html?code=212020112409408 HTTP/1.1" 200 60751
58.35.246.33 - - [24/Nov/2020:11:19:33 +0800] "GET /xingrg/javascript/easyui/themes/default/validatebox.css HTTP/1.1" 404 1104
58.35.246.33 - - [24/Nov/2020:11:19:33 +0800] "POST /xingrg/kc/buy/cgsh_order_operate.html HTTP/1.1" 200 6828
58.35.246.33 - - [24/Nov/2020:11:19:34 +0800] "GET /xingrg/kc/print/load_data.html?order_code=212020112409408&kc_code=cgsh HTTP/1.1" 200 2369
222.69.134.41 - - [24/Nov/2020:11:19:36 +0800] "POST /xingrg/kc/buy/cgsh_order_operate.html HTTP/1.1" 200 37
172.17.0.120 - - [24/Nov/2020:11:19:36 +0800] "GET /xingrg/all/function/internal_message.html?_=1606188209549&CODE_STATE=getMsg HTTP/1.1" 200 27
180.174.56.115 - - [24/Nov/2020:11:19:38 +0800] "GET /xingrg/kc/buy/cgsh_order_operate.html?command=get_materiel&rest_code=00150&code=00101001045&supplier_code=00100347&order_time=2020-11-24 HTTP/1.1" 200 421
101.83.145.44 - - [24/Nov/2020:11:19:38 +0800] "GET /xingrg/kc/base/wldb_order_operate.html?command=get_materiel&rest_code=00105&base_code=0010507&code=00101019306 HTTP/1.1" 200 465
117.185.32.26 - - [24/Nov/2020:11:19:41 +0800] "GET /xingrg/all/function/internal_message.html?_=1606188418857&CODE_STATE=getMsg HTTP/1.1" 200 27
222.69.134.41 - - [24/Nov/2020:11:19:42 +0800] "POST /xingrg/kc/buy/cgsh_order_operate.html HTTP/1.1" 200 12
120.253.135.82 - - [24/Nov/2020:11:19:42 +0800] "GET /xingrg/all/function/internal_message.html?_=1606187729340&CODE_STATE=getMsg HTTP/1.1" 200 27
222.69.134.41 - - [24/Nov/2020:11:19:42 +0800] "GET /xingrg/kc/buy/cgsh_order_info.html?code=212020112409550 HTTP/1.1" 200 55702
222.69.134.41 - - [24/Nov/2020:11:19:43 +0800] "GET /xingrg/javascript/easyui/themes/default/validatebox.css HTTP/1.1" 404 1104
114.84.37.38 - - [24/Nov/2020:11:19:43 +0800] "GET /xingrg/all/function/internal_message.html?_=1606188018642&CODE_STATE=getMsg HTTP/1.1" 200 27
222.69.134.41 - - [24/Nov/2020:11:19:43 +0800] "POST /xingrg/kc/buy/cgsh_order_operate.html HTTP/1.1" 200 1204
58.35.246.33 - - [24/Nov/2020:11:19:43 +0800] "POST /xingrg/kc/buy/cgsh_list_operate.html HTTP/1.1" 200 8807
117.185.32.26 - - [24/Nov/2020:11:19:44 +0800] "GET /xingrg/kc/buy/cgsh_order_operate.html?command=get_materiel&rest_code=00106&code=00101001138&supplier_code=00100312&order_time=2020-11-24 HTTP/1.1" 200 413
222.69.134.41 - - [24/Nov/2020:11:19:44 +0800] "GET /xingrg/kc/print/load_data.html?order_code=212020112409550&kc_code=cgsh&condition= HTTP/1.1" 200 1011
58.35.246.33 - - [24/Nov/2020:11:19:45 +0800] "POST /xingrg/kc/buy/cgsh_list_operate.html HTTP/1.1" 200 201
222.69.134.41 - - [24/Nov/2020:11:19:45 +0800] "GET /xingrg/all/function/internal_message.html?_=1606187984028&CODE_STATE=getMsg HTTP/1.1" 200 27
58.35.246.33 - - [24/Nov/2020:11:19:45 +0800] "GET /xingrg/kc/buy/cgsh_order_info.html?code=212020112409454 HTTP/1.1" 200 60755
58.35.246.33 - - [24/Nov/2020:11:19:46 +0800] "GET /xingrg/javascript/easyui/themes/default/validatebox.css HTTP/1.1" 404 1104
58.40.7.146 - - [24/Nov/2020:11:19:46 +0800] "GET /xingrg/all/function/internal_message.html?_=1606187985171&CODE_STATE=getMsg HTTP/1.1" 200 27
58.35.246.33 - - [24/Nov/2020:11:19:46 +0800] "POST /xingrg/kc/buy/cgsh_order_operate.html HTTP/1.1" 200 2662
58.35.246.33 - - [24/Nov/2020:11:19:46 +0800] "POST /xingrg/kc/buy/cgsh_list_operate.html HTTP/1.1" 200 8807
58.35.246.33 - - [24/Nov/2020:11:19:47 +0800] "GET /xingrg/kc/print/load_data.html?order_code=212020112409454&kc_code=cgsh HTTP/1.1" 200 739
101.85.228.137 - - [24/Nov/2020:11:19:49 +0800] "GET /xingrg/all/function/internal_message.html?_=1606188214310&CODE_STATE=getMsg HTTP/1.1" 200 27
101.83.145.44 - - [24/Nov/2020:11:19:49 +0800] "GET /xingrg/kc/base/wldb_order_operate.html?command=get_materiel&rest_code=00105&base_code=0010507&code=00101019133 HTTP/1.1" 200 464
58.40.7.146 - - [24/Nov/2020:11:19:51 +0800] "GET /xingrg/all/function/internal_message.html?_=1606187990210&CODE_STATE=getMsg HTTP/1.1" 200 27
114.84.37.38 - - [24/Nov/2020:11:19:54 +0800] "GET /xingrg/check_reg.html?_=1606188029617 HTTP/1.1" 200 22
114.84.145.85 - - [24/Nov/2020:11:19:55 +0800] "GET /xingrg/all/function/internal_message.html?_=1606187995503&CODE_STATE=getMsg HTTP/1.1" 200 27
114.84.145.85 - - [24/Nov/2020:11:19:55 +0800] "GET /xingrg/check_reg.html?_=1606187995510 HTTP/1.1" 200 22
101.85.228.137 - - [24/Nov/2020:11:19:55 +0800] "GET /xingrg/kc/buy/cgsh_order_list.html HTTP/1.1" 200 45004
117.184.7.30 - - [24/Nov/2020:11:19:55 +0800] "GET /xingrg/all/function/internal_message.html?_=1606187994620&CODE_STATE=getMsg HTTP/1.1" 200 27
117.184.7.30 - - [24/Nov/2020:11:19:55 +0800] "GET /xingrg/check_reg.html?_=1606187994622 HTTP/1.1" 200 22
117.185.32.26 - - [24/Nov/2020:11:19:56 +0800] "GET /xingrg/kc/buy/cgsh_order_operate.html?command=get_materiel&rest_code=00106&code=00101001096&supplier_code=00100312&order_time=2020-11-24 HTTP/1.1" 200 413
101.85.228.137 - - [24/Nov/2020:11:19:56 +0800] "POST /xingrg/kc/buy/cgsh_list_operate.html HTTP/1.1" 200 876
101.83.145.44 - - [24/Nov/2020:11:19:57 +0800] "GET /xingrg/all/function/internal_message.html?_=1606187977244&CODE_STATE=getMsg HTTP/1.1" 200 27
58.35.246.33 - - [24/Nov/2020:11:19:57 +0800] "POST /xingrg/kc/buy/cgsh_list_operate.html HTTP/1.1" 200 8807
172.17.0.102 - - [24/Nov/2020:11:19:57 +0800] "GET /xingrg/all/function/internal_message.html?_=1606187998101&CODE_STATE=getMsg HTTP/1.1" 200 27
101.83.145.44 - - [24/Nov/2020:11:19:57 +0800] "GET /xingrg/kc/base/wldb_order_operate.html?command=get_materiel&rest_code=00105&base_code=0010507&code=00101019315 HTTP/1.1" 200 463
117.185.32.26 - - [24/Nov/2020:11:19:59 +0800] "GET /xingrg/all/function/internal_message.html?_=1606187992843&CODE_STATE=getMsg HTTP/1.1" 200 27
58.35.246.33 - - [24/Nov/2020:11:19:59 +0800] "POST /xingrg/kc/buy/cgsh_list_operate.html HTTP/1.1" 200 432
58.35.246.33 - - [24/Nov/2020:11:20:00 +0800] "GET /xingrg/all/function/internal_message.html?_=1606188115433&CODE_STATE=getMsg HTTP/1.1" 200 27
58.35.246.33 - - [24/Nov/2020:11:20:00 +0800] "GET /xingrg/kc/buy/cgsh_order_info.html?code=212020112409539 HTTP/1.1" 200 60751
222.69.134.41 - - [24/Nov/2020:11:20:00 +0800] "GET /xingrg/kc/buy/cgsh_order_add.html HTTP/1.1" 200 60795
101.85.228.137 - - [24/Nov/2020:11:20:00 +0800] "POST /xingrg/kc/buy/cgsh_list_operate.html HTTP/1.1" 200 5788
58.35.246.33 - - [24/Nov/2020:11:20:00 +0800] "GET /xingrg/javascript/easyui/themes/default/validatebox.css HTTP/1.1" 404 1104
222.69.134.41 - - [24/Nov/2020:11:20:01 +0800] "POST /xingrg/kc/buy/cgsh_order_operate.html HTTP/1.1" 200 8245
222.69.134.41 - - [24/Nov/2020:11:20:01 +0800] "GET /xingrg/javascript/easyui/themes/default/validatebox.css HTTP/1.1" 404 1104
58.35.246.33 - - [24/Nov/2020:11:20:01 +0800] "POST /xingrg/kc/buy/cgsh_order_operate.html HTTP/1.1" 200 4441
58.35.246.33 - - [24/Nov/2020:11:20:01 +0800] "POST /xingrg/kc/buy/cgsh_list_operate.html HTTP/1.1" 200 8807
116.228.172.94 - - [24/Nov/2020:11:20:02 +0800] "GET /xingrg/all/function/internal_message.html?_=1606188001520&CODE_STATE=getMsg HTTP/1.1" 200 27
116.228.172.94 - - [24/Nov/2020:11:20:02 +0800] "GET /xingrg/check_reg.html?_=1606188001572 HTTP/1.1" 200 22
180.174.56.115 - - [24/Nov/2020:11:20:03 +0800] "POST /xingrg/kc/buy/cgsh_order_operate.html HTTP/1.1" 200 37
58.35.246.33 - - [24/Nov/2020:11:20:03 +0800] "GET /xingrg/kc/print/load_data.html?order_code=212020112409539&kc_code=cgsh HTTP/1.1" 200 1389
180.174.56.115 - - [24/Nov/2020:11:20:06 +0800] "POST /xingrg/kc/buy/cgsh_order_operate.html HTTP/1.1" 200 12
101.83.145.44 - - [24/Nov/2020:11:20:06 +0800] "GET /xingrg/kc/buy/cgsh_order_operate.html?command=get_materiel&rest_code=00105&code=00102002818&supplier_code=00100151&order_time=2020-11-24 HTTP/1.1" 200 403
180.174.56.115 - - [24/Nov/2020:11:20:06 +0800] "GET /xingrg/kc/buy/cgsh_order_info.html?code=212020112409551 HTTP/1.1" 200 55561
180.174.56.115 - - [24/Nov/2020:11:20:07 +0800] "GET /xingrg/javascript/easyui/themes/default/validatebox.css HTTP/1.1" 404 1104
180.157.253.48 - - [24/Nov/2020:11:20:07 +0800] "GET /xingrg/all/function/internal_message.html?_=1606188009028&CODE_STATE=getMsg HTTP/1.1" 200 27
180.174.56.115 - - [24/Nov/2020:11:20:07 +0800] "POST /xingrg/kc/buy/cgsh_order_operate.html HTTP/1.1" 200 3003
180.174.56.115 - - [24/Nov/2020:11:20:08 +0800] "GET /xingrg/kc/print/load_data.html?order_code=212020112409551&kc_code=cgsh&condition= HTTP/1.1" 200 1631
180.174.56.115 - - [24/Nov/2020:11:20:10 +0800] "GET /xingrg/all/function/internal_message.html?_=1606188010244&CODE_STATE=getMsg HTTP/1.1" 200 27
101.85.95.39 - - [24/Nov/2020:11:20:12 +0800] "GET /xingrg/all/function/internal_message.html?_=1606187743156&CODE_STATE=getMsg HTTP/1.1" 200 27
117.185.32.26 - - [24/Nov/2020:11:20:12 +0800] "POST /xingrg/kc/buy/cgsh_order_operate.html HTTP/1.1" 200 37
180.174.56.115 - - [24/Nov/2020:11:20:12 +0800] "GET /xingrg/all/function/internal_message.html?_=1606187990303&CODE_STATE=getMsg HTTP/1.1" 200 27
180.174.56.115 - - [24/Nov/2020:11:20:13 +0800] "GET /xingrg/kc/buy/cgsh_order_add.html HTTP/1.1" 200 60666
180.174.56.115 - - [24/Nov/2020:11:20:14 +0800] "POST /xingrg/kc/buy/cgsh_order_operate.html HTTP/1.1" 200 8245
180.174.56.115 - - [24/Nov/2020:11:20:14 +0800] "GET /xingrg/javascript/easyui/themes/default/validatebox.css HTTP/1.1" 404 1104
101.83.145.44 - - [24/Nov/2020:11:20:14 +0800] "GET /xingrg/kc/base/wldb_order_operate.html?command=get_materiel&rest_code=00105&base_code=0010507&code=00101019529 HTTP/1.1" 200 475
120.253.135.82 - - [24/Nov/2020:11:20:15 +0800] "GET /xingrg/kc/pszx/mdqp_order_list.html?state=10 HTTP/1.1" 200 10175
120.253.135.82 - - [24/Nov/2020:11:20:15 +0800] "GET /xingrg/dwr/interface/AjaxQqpsService.js HTTP/1.1" 200 16326
120.253.135.82 - - [24/Nov/2020:11:20:15 +0800] "GET /xingrg/dwr/interface/AjaxReportQueryService.js HTTP/1.1" 200 13203
120.253.135.82 - - [24/Nov/2020:11:20:15 +0800] "GET /xingrg/dwr/engine.js HTTP/1.1" 200 43631
120.253.135.82 - - [24/Nov/2020:11:20:15 +0800] "GET /xingrg/javascript/jquery_easy_ui/themes/icons/uncheck_new.png HTTP/1.1" 304 -
101.83.145.44 - - [24/Nov/2020:11:20:15 +0800] "GET /xingrg/all/function/internal_message.html?_=1606188016043&CODE_STATE=getMsg HTTP/1.1" 200 27
120.253.135.82 - - [24/Nov/2020:11:20:17 +0800] "GET /xingrg/kc/pszx/mdps_order_list.html?orderType=0 HTTP/1.1" 200 21238
120.253.135.82 - - [24/Nov/2020:11:20:17 +0800] "GET /xingrg/javascript/easyui/themes/icons/uncheck_new.png HTTP/1.1" 304 -
120.253.135.82 - - [24/Nov/2020:11:20:17 +0800] "POST /xingrg/kc/pszx/mdps_list_operate.html HTTP/1.1" 200 5354
101.85.228.137 - - [24/Nov/2020:11:20:17 +0800] "POST /xingrg/kc/buy/cgsh_list_operate.html HTTP/1.1" 200 575
222.69.134.41 - - [24/Nov/2020:11:20:19 +0800] "GET /xingrg/kc/buy/cgsh_order_operate.html?command=get_materiel&rest_code=00149&code=00101003013&supplier_code=00100093&order_time=2020-11-24 HTTP/1.1" 200 443
114.84.145.85 - - [24/Nov/2020:11:20:21 +0800] "GET /xingrg/all/function/internal_message.html?_=1606187601021&CODE_STATE=getMsg HTTP/1.1" 200 27
114.84.145.85 - - [24/Nov/2020:11:20:21 +0800] "GET /xingrg/check_reg.html?_=1606187601069 HTTP/1.1" 200 22
172.17.200.101 - - [24/Nov/2020:11:20:21 +0800] "GET /xingrg/check_reg.html?_=1606188022070 HTTP/1.1" 302 -
172.17.200.101 - - [24/Nov/2020:11:20:21 +0800] "GET /xingrg/all/function/internal_message.html?_=1606188022073&CODE_STATE=getMsg HTTP/1.1" 302 -
101.85.228.137 - - [24/Nov/2020:11:20:21 +0800] "POST /xingrg/kc/buy/cgsh_list_operate.html HTTP/1.1" 200 563
117.185.32.26 - - [24/Nov/2020:11:20:22 +0800] "POST /xingrg/kc/buy/cgsh_order_operate.html HTTP/1.1" 200 12
101.83.145.44 - - [24/Nov/2020:11:20:23 +0800] "GET /xingrg/kc/buy/cgsh_order_operate.html?command=get_materiel&rest_code=00105&code=00102002838&supplier_code=00100151&order_time=2020-11-24 HTTP/1.1" 200 407
101.85.228.137 - - [24/Nov/2020:11:20:23 +0800] "GET /xingrg/kc/buy/cgsh_order_info.html?code=212020112409428 HTTP/1.1" 200 55610
101.85.228.137 - - [24/Nov/2020:11:20:23 +0800] "GET /xingrg/javascript/easyui/themes/default/validatebox.css HTTP/1.1" 404 1104
117.185.32.26 - - [24/Nov/2020:11:20:23 +0800] "GET /xingrg/kc/buy/cgsh_order_info.html?code=212020112409552 HTTP/1.1" 200 55649
58.35.246.33 - - [24/Nov/2020:11:20:23 +0800] "POST /xingrg/kc/buy/cgsh_list_operate.html HTTP/1.1" 200 8807
58.35.246.33 - - [24/Nov/2020:11:20:24 +0800] "POST /xingrg/kc/buy/cgsh_list_operate.html HTTP/1.1" 200 8807
101.85.228.137 - - [24/Nov/2020:11:20:24 +0800] "POST /xingrg/kc/buy/cgsh_order_operate.html HTTP/1.1" 200 5893
117.185.32.26 - - [24/Nov/2020:11:20:24 +0800] "GET /xingrg/javascript/easyui/themes/default/validatebox.css HTTP/1.1" 404 1104
117.185.32.26 - - [24/Nov/2020:11:20:25 +0800] "POST /xingrg/kc/buy/cgsh_order_operate.html HTTP/1.1" 200 4170
58.35.246.33 - - [24/Nov/2020:11:20:26 +0800] "POST /xingrg/kc/buy/cgsh_list_operate.html HTTP/1.1" 200 206
58.35.246.33 - - [24/Nov/2020:11:20:27 +0800] "GET /xingrg/kc/buy/cgsh_order_info.html?code=212020112409453 HTTP/1.1" 200 60753
58.35.246.33 - - [24/Nov/2020:11:20:28 +0800] "GET /xingrg/javascript/easyui/themes/default/validatebox.css HTTP/1.1" 404 1104
58.35.246.33 - - [24/Nov/2020:11:20:28 +0800] "POST /xingrg/kc/buy/cgsh_order_operate.html HTTP/1.1" 200 2667
117.185.32.26 - - [24/Nov/2020:11:20:28 +0800] "GET /xingrg/kc/print/load_data.html?order_code=212020112409552&kc_code=cgsh&condition= HTTP/1.1" 200 2064
120.253.135.82 - - [24/Nov/2020:11:20:28 +0800] "POST /xingrg/kc/pszx/mdps_list_operate.html HTTP/1.1" 200 5037
58.35.246.33 - - [24/Nov/2020:11:20:29 +0800] "POST /xingrg/kc/buy/cgsh_list_operate.html HTTP/1.1" 200 8807
58.35.246.33 - - [24/Nov/2020:11:20:29 +0800] "GET /xingrg/kc/print/load_data.html?order_code=212020112409453&kc_code=cgsh HTTP/1.1" 200 737
101.83.145.44 - - [24/Nov/2020:11:20:30 +0800] "GET /xingrg/kc/base/wldb_order_operate.html?command=get_materiel&rest_code=00105&base_code=0010507&code=00101019551 HTTP/1.1" 200 465
120.253.135.82 - - [24/Nov/2020:11:20:31 +0800] "GET /xingrg/all/function/internal_message.html?_=1606188076016&CODE_STATE=getMsg HTTP/1.1" 200 27
58.35.246.33 - - [24/Nov/2020:11:20:34 +0800] "POST /xingrg/kc/buy/cgsh_list_operate.html HTTP/1.1" 200 8807
172.17.0.120 - - [24/Nov/2020:11:20:36 +0800] "GET /xingrg/all/function/internal_message.html?_=1606188269546&CODE_STATE=getMsg HTTP/1.1" 200 27
172.17.0.120 - - [24/Nov/2020:11:20:36 +0800] "GET /xingrg/check_reg.html?_=1606188269550 HTTP/1.1" 200 22
58.35.246.33 - - [24/Nov/2020:11:20:37 +0800] "POST /xingrg/kc/buy/cgsh_list_operate.html HTTP/1.1" 200 426
101.85.228.137 - - [24/Nov/2020:11:20:38 +0800] "POST /xingrg/kc/buy/cgsh_list_operate.html HTTP/1.1" 200 561
58.35.246.33 - - [24/Nov/2020:11:20:38 +0800] "GET /xingrg/kc/buy/cgsh_order_info.html?code=212020112409468 HTTP/1.1" 200 60755
58.35.246.33 - - [24/Nov/2020:11:20:38 +0800] "GET /xingrg/javascript/easyui/themes/default/validatebox.css HTTP/1.1" 404 1104
58.35.246.33 - - [24/Nov/2020:11:20:38 +0800] "POST /xingrg/kc/buy/cgsh_order_operate.html HTTP/1.1" 200 4448
58.35.246.33 - - [24/Nov/2020:11:20:39 +0800] "POST /xingrg/kc/buy/cgsh_list_operate.html HTTP/1.1" 200 8807
101.85.228.137 - - [24/Nov/2020:11:20:39 +0800] "GET /xingrg/kc/buy/cgsh_order_info.html?code=212020112409426 HTTP/1.1" 200 55610
101.85.228.137 - - [24/Nov/2020:11:20:40 +0800] "GET /xingrg/javascript/easyui/themes/default/validatebox.css HTTP/1.1" 404 1104
101.85.228.137 - - [24/Nov/2020:11:20:40 +0800] "POST /xingrg/kc/buy/cgsh_order_operate.html HTTP/1.1" 200 5306
58.35.246.33 - - [24/Nov/2020:11:20:41 +0800] "GET /xingrg/kc/print/load_data.html?order_code=212020112409468&kc_code=cgsh HTTP/1.1" 200 1362
117.185.32.26 - - [24/Nov/2020:11:20:41 +0800] "GET /xingrg/all/function/internal_message.html?_=1606188478859&CODE_STATE=getMsg HTTP/1.1" 200 27
117.185.32.26 - - [24/Nov/2020:11:20:42 +0800] "GET /xingrg/check_reg.html?_=1606188479438 HTTP/1.1" 200 22
120.253.135.82 - - [24/Nov/2020:11:20:42 +0800] "GET /xingrg/all/function/internal_message.html?_=1606187789354&CODE_STATE=getMsg HTTP/1.1" 200 27
120.253.135.82 - - [24/Nov/2020:11:20:43 +0800] "POST /xingrg/kc/pszx/mdps_list_operate.html HTTP/1.1" 200 294
114.84.37.38 - - [24/Nov/2020:11:20:43 +0800] "GET /xingrg/all/function/internal_message.html?_=1606188078648&CODE_STATE=getMsg HTTP/1.1" 200 27
120.253.135.82 - - [24/Nov/2020:11:20:44 +0800] "GET /xingrg/kc/pszx/mdps_order_info.html?code=312020112300622 HTTP/1.1" 200 23887
120.253.135.82 - - [24/Nov/2020:11:20:44 +0800] "GET /xingrg/all/common/auto_word.html?type=base&rest_code=00101 HTTP/1.1" 200 559
120.253.135.82 - - [24/Nov/2020:11:20:44 +0800] "GET /xingrg/javascript/easyui/themes/default/validatebox.css HTTP/1.1" 404 1104
120.253.135.82 - - [24/Nov/2020:11:20:44 +0800] "POST /xingrg/kc/pszx/mdps_order_operate.html HTTP/1.1" 200 2807
222.69.134.41 - - [24/Nov/2020:11:20:45 +0800] "GET /xingrg/kc/buy/cgsh_order_operate.html?command=get_materiel&rest_code=00149&code=00101003031&supplier_code=00100093&order_time=2020-11-24 HTTP/1.1" 200 442
101.83.145.44 - - [24/Nov/2020:11:20:45 +0800] "GET /xingrg/kc/base/wldb_order_operate.html?command=get_materiel&rest_code=00105&base_code=0010507&code=00101019199 HTTP/1.1" 200 459
222.69.134.41 - - [24/Nov/2020:11:20:45 +0800] "GET /xingrg/all/function/internal_message.html?_=1606188044014&CODE_STATE=getMsg HTTP/1.1" 200 27
58.40.7.146 - - [24/Nov/2020:11:20:46 +0800] "GET /xingrg/all/function/internal_message.html?_=1606188045176&CODE_STATE=getMsg HTTP/1.1" 200 27
101.85.228.137 - - [24/Nov/2020:11:20:46 +0800] "POST /xingrg/kc/buy/cgsh_list_operate.html HTTP/1.1" 200 5788
117.185.32.26 - - [24/Nov/2020:11:20:49 +0800] "GET /xingrg/kc/buy/cgsh_order_add.html HTTP/1.1" 200 60742
101.85.228.137 - - [24/Nov/2020:11:20:49 +0800] "GET /xingrg/all/function/internal_message.html?_=1606188274319&CODE_STATE=getMsg HTTP/1.1" 200 27
120.253.135.82 - - [24/Nov/2020:11:20:49 +0800] "POST /xingrg/kc/pszx/mdps_order_operate.html HTTP/1.1" 200 37
117.185.32.26 - - [24/Nov/2020:11:20:49 +0800] "POST /xingrg/kc/buy/cgsh_order_operate.html HTTP/1.1" 200 8245
120.253.135.82 - - [24/Nov/2020:11:20:51 +0800] "POST /xingrg/kc/pszx/mdps_order_operate.html HTTP/1.1" 200 12
58.40.7.146 - - [24/Nov/2020:11:20:51 +0800] "GET /xingrg/all/function/internal_message.html?_=1606188050211&CODE_STATE=getMsg HTTP/1.1" 200 27
117.185.32.26 - - [24/Nov/2020:11:20:51 +0800] "GET /xingrg/javascript/easyui/themes/default/tree.css HTTP/1.1" 404 1090
117.185.32.26 - - [24/Nov/2020:11:20:51 +0800] "POST /xingrg/all/common/load_tree.html?tree=supplier_tree_json&isDelete=1 HTTP/1.1" 200 51980
101.83.145.44 - - [24/Nov/2020:11:20:51 +0800] "POST /xingrg/kc/buy/cgsh_order_operate.html HTTP/1.1" 200 37
101.83.145.44 - - [24/Nov/2020:11:20:52 +0800] "POST /xingrg/kc/buy/cgsh_order_operate.html HTTP/1.1" 200 2664
117.185.32.26 - - [24/Nov/2020:11:20:52 +0800] "GET /xingrg/javascript/easyui/themes/default/validatebox.css HTTP/1.1" 404 1104
101.83.145.44 - - [24/Nov/2020:11:20:53 +0800] "GET /xingrg/kc/print/load_data.html?order_code=212020112409553&kc_code=cgsh&condition= HTTP/1.1" 200 649
120.253.135.82 - - [24/Nov/2020:11:20:55 +0800] "GET /xingrg/kc/pszx/mdps_order_info.html?code=312020112300622 HTTP/1.1" 200 19547
114.84.145.85 - - [24/Nov/2020:11:20:55 +0800] "GET /xingrg/all/function/internal_message.html?_=1606188055509&CODE_STATE=getMsg HTTP/1.1" 200 27
101.83.145.44 - - [24/Nov/2020:11:20:55 +0800] "GET /xingrg/kc/base/wldb_order_operate.html?command=get_materiel&rest_code=00105&base_code=0010507&code=00101013012 HTTP/1.1" 200 431
120.253.135.82 - - [24/Nov/2020:11:20:55 +0800] "POST /xingrg/kc/pszx/mdps_order_operate.html HTTP/1.1" 200 1021
120.253.135.82 - - [24/Nov/2020:11:20:55 +0800] "GET /xingrg/javascript/easyui/themes/default/validatebox.css HTTP/1.1" 404 1104
117.184.7.30 - - [24/Nov/2020:11:20:55 +0800] "GET /xingrg/all/function/internal_message.html?_=1606188054622&CODE_STATE=getMsg HTTP/1.1" 200 27
101.83.145.44 - - [24/Nov/2020:11:20:57 +0800] "GET /xingrg/all/function/internal_message.html?_=1606188037246&CODE_STATE=getMsg HTTP/1.1" 200 27
101.83.145.44 - - [24/Nov/2020:11:20:57 +0800] "GET /xingrg/check_reg.html?_=1606188037249 HTTP/1.1" 200 22
172.17.0.102 - - [24/Nov/2020:11:20:57 +0800] "GET /xingrg/check_reg.html?_=1606188058102 HTTP/1.1" 200 22
172.17.0.102 - - [24/Nov/2020:11:20:57 +0800] "GET /xingrg/all/function/internal_message.html?_=1606188058104&CODE_STATE=getMsg HTTP/1.1" 200 27
222.69.134.41 - - [24/Nov/2020:11:20:58 +0800] "POST /xingrg/kc/buy/cgsh_order_operate.html HTTP/1.1" 200 37
117.185.32.26 - - [24/Nov/2020:11:20:59 +0800] "GET /xingrg/all/function/internal_message.html?_=1606188052843&CODE_STATE=getMsg HTTP/1.1" 200 27
117.185.32.26 - - [24/Nov/2020:11:20:59 +0800] "GET /xingrg/check_reg.html?_=1606188052847 HTTP/1.1" 200 22
58.35.246.33 - - [24/Nov/2020:11:21:00 +0800] "GET /xingrg/all/function/internal_message.html?_=1606188175433&CODE_STATE=getMsg HTTP/1.1" 200 27
222.69.134.41 - - [24/Nov/2020:11:21:01 +0800] "POST /xingrg/kc/buy/cgsh_order_operate.html HTTP/1.1" 200 12
116.228.172.94 - - [24/Nov/2020:11:21:02 +0800] "GET /xingrg/all/function/internal_message.html?_=1606188061516&CODE_STATE=getMsg HTTP/1.1" 200 27
222.69.134.41 - - [24/Nov/2020:11:21:03 +0800] "GET /xingrg/kc/buy/cgsh_order_info.html?code=212020112409554 HTTP/1.1" 200 55700
222.69.134.41 - - [24/Nov/2020:11:21:03 +0800] "GET /xingrg/javascript/easyui/themes/default/validatebox.css HTTP/1.1" 404 1104
222.69.134.41 - - [24/Nov/2020:11:21:04 +0800] "POST /xingrg/kc/buy/cgsh_order_operate.html HTTP/1.1" 200 1232
222.69.134.41 - - [24/Nov/2020:11:21:05 +0800] "GET /xingrg/kc/print/load_data.html?order_code=212020112409554&kc_code=cgsh&condition= HTTP/1.1" 200 1011
180.157.253.48 - - [24/Nov/2020:11:21:07 +0800] "GET /xingrg/all/function/internal_message.html?_=1606188069029&CODE_STATE=getMsg HTTP/1.1" 200 27
120.253.135.82 - - [24/Nov/2020:11:21:09 +0800] "GET /xingrg/check_reg.html?_=1606188113587 HTTP/1.1" 200 22
222.69.134.41 - - [24/Nov/2020:11:21:10 +0800] "GET /xingrg/kc/buy/cgsh_order_add.html HTTP/1.1" 200 60795
114.84.145.85 - - [24/Nov/2020:11:21:10 +0800] "GET /xingrg/kc/base/base_main.html HTTP/1.1" 200 12142
180.174.56.115 - - [24/Nov/2020:11:21:10 +0800] "GET /xingrg/check_reg.html?_=1606188069611 HTTP/1.1" 200 22
222.69.134.41 - - [24/Nov/2020:11:21:10 +0800] "POST /xingrg/kc/buy/cgsh_order_operate.html HTTP/1.1" 200 8245
222.69.134.41 - - [24/Nov/2020:11:21:10 +0800] "GET /xingrg/javascript/easyui/themes/default/validatebox.css HTTP/1.1" 404 1104
180.174.56.115 - - [24/Nov/2020:11:21:10 +0800] "GET /xingrg/all/function/internal_message.html?_=1606188070222&CODE_STATE=getMsg HTTP/1.1" 200 27
101.85.95.39 - - [24/Nov/2020:11:21:12 +0800] "GET /xingrg/all/function/internal_message.html?_=1606187803154&CODE_STATE=getMsg HTTP/1.1" 200 27
180.174.56.115 - - [24/Nov/2020:11:21:12 +0800] "GET /xingrg/all/function/internal_message.html?_=1606188050315&CODE_STATE=getMsg HTTP/1.1" 200 27
117.185.32.26 - - [24/Nov/2020:11:21:14 +0800] "GET /xingrg/kc/buy/cgsh_order_operate.html?command=get_materiel&rest_code=00106&code=00101001138&supplier_code=00100313&order_time=2020-11-24 HTTP/1.1" 200 413
101.83.145.44 - - [24/Nov/2020:11:21:15 +0800] "GET /xingrg/all/function/internal_message.html?_=1606188076021&CODE_STATE=getMsg HTTP/1.1" 200 27
183.195.131.162 - - [24/Nov/2020:11:21:20 +0800] "GET /favicon.ico HTTP/1.1" 404 -
120.253.135.82 - - [24/Nov/2020:11:21:20 +0800] "POST /xingrg/kc/pszx/mdps_list_operate.html HTTP/1.1" 200 449
