120.253.135.82 - - [24/Nov/2020:08:17:51 +0800] "GET /xingrg/javascript/jquery.cookie.js HTTP/1.1" 200 5513
120.253.135.82 - - [24/Nov/2020:08:17:51 +0800] "GET /xingrg/javascript/jquery_tools/jquery.tools.extend.js HTTP/1.1" 200 15385
120.253.135.82 - - [24/Nov/2020:08:17:51 +0800] "GET /xingrg/javascript/print/LodopFuncs.js HTTP/1.1" 200 5121
120.253.135.82 - - [24/Nov/2020:08:17:51 +0800] "GET /xingrg/javascript/easyui/easyloader.js HTTP/1.1" 200 5975
120.253.135.82 - - [24/Nov/2020:08:17:51 +0800] "GET /xingrg/javascript/easyui/themes/sunny/easyui.css HTTP/1.1" 200 34304
120.253.135.82 - - [24/Nov/2020:08:17:51 +0800] "GET /xingrg/javascript/auto/jquery.autocomplete.js HTTP/1.1" 200 21624
120.253.135.82 - - [24/Nov/2020:08:17:52 +0800] "GET /xingrg/javascript/easyui/themes/icons/print_new.png HTTP/1.1" 200 3580
120.253.135.82 - - [24/Nov/2020:08:17:52 +0800] "GET /xingrg/javascript/easyui/themes/icons/refresh_new.png HTTP/1.1" 200 685
120.253.135.82 - - [24/Nov/2020:08:17:52 +0800] "GET /xingrg/javascript/easyui/themes/icons/filter_new.png HTTP/1.1" 200 795
120.253.135.82 - - [24/Nov/2020:08:17:52 +0800] "GET /xingrg/javascript/easyui/themes/icons/field_new.png HTTP/1.1" 200 1097
120.253.135.82 - - [24/Nov/2020:08:17:52 +0800] "GET /xingrg/javascript/easyui/themes/icons/import_new.png HTTP/1.1" 200 1247
120.253.135.82 - - [24/Nov/2020:08:17:52 +0800] "GET /xingrg/javascript/easyui/plugins/jquery.parser.js HTTP/1.1" 200 1142
120.253.135.82 - - [24/Nov/2020:08:17:52 +0800] "GET /xingrg/images/control/ajaxLoader.gif HTTP/1.1" 200 4659
120.253.135.82 - - [24/Nov/2020:08:17:52 +0800] "GET /xingrg/javascript/jquery_easy_ui/themes/icons/area.png HTTP/1.1" 304 -
120.253.135.82 - - [24/Nov/2020:08:17:52 +0800] "GET /xingrg/javascript/jquery_easy_ui/themes/icons/manage.png HTTP/1.1" 304 -
120.253.135.82 - - [24/Nov/2020:08:17:52 +0800] "GET /xingrg/javascript/easyui/plugins/jquery.draggable.js HTTP/1.1" 200 6121
120.253.135.82 - - [24/Nov/2020:08:17:52 +0800] "GET /xingrg/javascript/easyui/plugins/jquery.droppable.js HTTP/1.1" 200 1167
120.253.135.82 - - [24/Nov/2020:08:17:52 +0800] "GET /xingrg/all/common/auto_word.html?type=base&rest_code=00101 HTTP/1.1" 200 559
120.253.135.82 - - [24/Nov/2020:08:17:52 +0800] "GET /xingrg/javascript/easyui/themes/default/tree.css HTTP/1.1" 404 1090
120.253.135.82 - - [24/Nov/2020:08:17:52 +0800] "GET /xingrg/javascript/easyui/plugins/jquery.tree.js HTTP/1.1" 200 20874
120.253.135.82 - - [24/Nov/2020:08:17:52 +0800] "POST /xingrg/all/common/load_tree.html?tree=materiel_sort_tree_json HTTP/1.1" 200 8666
120.253.135.82 - - [24/Nov/2020:08:17:52 +0800] "GET /xingrg/javascript/easyui/themes/sunny/images/tree_arrows.gif HTTP/1.1" 200 617
120.253.135.82 - - [24/Nov/2020:08:17:52 +0800] "GET /xingrg/javascript/easyui/themes/sunny/images/tree_folder_open.gif HTTP/1.1" 200 956
120.253.135.82 - - [24/Nov/2020:08:17:52 +0800] "GET /xingrg/javascript/easyui/themes/sunny/images/tree_file.gif HTTP/1.1" 200 118
120.253.135.82 - - [24/Nov/2020:08:17:52 +0800] "GET /xingrg/javascript/easyui/themes/sunny/images/tree_folder.gif HTTP/1.1" 200 952
120.253.135.82 - - [24/Nov/2020:08:17:53 +0800] "GET /xingrg/css/images/panel_loading.gif HTTP/1.1" 200 1737
120.253.135.82 - - [24/Nov/2020:08:17:53 +0800] "POST /xingrg/all/common/load_combo.html?type=base HTTP/1.1" 200 984
114.84.145.85 - - [24/Nov/2020:08:17:55 +0800] "GET /xingrg/all/function/internal_message.html?_=1606177075027&CODE_STATE=getMsg HTTP/1.1" 200 27
120.253.135.82 - - [24/Nov/2020:08:18:02 +0800] "POST /xingrg/kc/base/stock_operate.html HTTP/1.1" 200 1473
120.253.135.82 - - [24/Nov/2020:08:18:02 +0800] "GET /xingrg/javascript/jquery_tools/fix_table.js HTTP/1.1" 200 6528
114.84.37.38 - - [24/Nov/2020:08:18:22 +0800] "GET /xingrg/all/function/internal_message.html?_=1606177137656&CODE_STATE=getMsg HTTP/1.1" 200 27
120.253.135.82 - - [24/Nov/2020:08:18:27 +0800] "GET /xingrg/all/function/internal_message.html?_=1606177152222&CODE_STATE=getMsg HTTP/1.1" 200 27
117.131.5.26 - - [24/Nov/2020:08:18:30 +0800] "POST /xingrg/services/DataTransmitService HTTP/1.1" 200 524
172.17.0.123 - - [24/Nov/2020:08:18:39 +0800] "GET /xingrg/all/function/internal_message.html?_=1606177056595&CODE_STATE=getMsg HTTP/1.1" 200 27
58.40.7.146 - - [24/Nov/2020:08:18:45 +0800] "GET /xingrg/all/function/internal_message.html?_=1606177125101&CODE_STATE=getMsg HTTP/1.1" 200 27
58.40.7.146 - - [24/Nov/2020:08:18:45 +0800] "GET /xingrg/check_reg.html?_=1606177125102 HTTP/1.1" 200 22
180.174.56.115 - - [24/Nov/2020:08:18:47 +0800] "GET /xingrg/all/function/internal_message.html?_=1606177126655&CODE_STATE=getMsg HTTP/1.1" 200 27
114.84.145.85 - - [24/Nov/2020:08:18:55 +0800] "GET /xingrg/all/function/internal_message.html?_=1606177135025&CODE_STATE=getMsg HTTP/1.1" 200 27
114.84.37.38 - - [24/Nov/2020:08:19:23 +0800] "GET /xingrg/all/function/internal_message.html?_=1606177197890&CODE_STATE=getMsg HTTP/1.1" 200 27
120.253.135.82 - - [24/Nov/2020:08:19:27 +0800] "GET /xingrg/all/function/internal_message.html?_=1606177212232&CODE_STATE=getMsg HTTP/1.1" 200 27
172.17.0.123 - - [24/Nov/2020:08:19:39 +0800] "GET /xingrg/all/function/internal_message.html?_=1606177116595&CODE_STATE=getMsg HTTP/1.1" 200 27
58.40.7.146 - - [24/Nov/2020:08:19:45 +0800] "GET /xingrg/all/function/internal_message.html?_=1606177185105&CODE_STATE=getMsg HTTP/1.1" 200 27
180.174.56.115 - - [24/Nov/2020:08:19:47 +0800] "GET /xingrg/all/function/internal_message.html?_=1606177186653&CODE_STATE=getMsg HTTP/1.1" 200 27
117.185.32.26 - - [24/Nov/2020:08:19:50 +0800] "GET /xingrg/check_reg.html?_=1606177627996 HTTP/1.1" 200 22
114.84.37.38 - - [24/Nov/2020:08:19:53 +0800] "GET /xingrg/check_reg.html?_=1606177227889 HTTP/1.1" 200 22
114.84.145.85 - - [24/Nov/2020:08:19:55 +0800] "GET /xingrg/all/function/internal_message.html?_=1606177195053&CODE_STATE=getMsg HTTP/1.1" 200 27
114.84.145.85 - - [24/Nov/2020:08:19:55 +0800] "GET /xingrg/check_reg.html?_=1606177195054 HTTP/1.1" 200 22
114.84.37.38 - - [24/Nov/2020:08:20:23 +0800] "GET /xingrg/all/function/internal_message.html?_=1606177257913&CODE_STATE=getMsg HTTP/1.1" 200 27
120.253.135.82 - - [24/Nov/2020:08:20:27 +0800] "GET /xingrg/all/function/internal_message.html?_=1606177272259&CODE_STATE=getMsg HTTP/1.1" 200 27
172.17.0.123 - - [24/Nov/2020:08:20:39 +0800] "GET /xingrg/all/function/internal_message.html?_=1606177176597&CODE_STATE=getMsg HTTP/1.1" 200 27
58.40.7.146 - - [24/Nov/2020:08:20:45 +0800] "GET /xingrg/all/function/internal_message.html?_=1606177245092&CODE_STATE=getMsg HTTP/1.1" 200 27
180.174.56.115 - - [24/Nov/2020:08:20:47 +0800] "GET /xingrg/all/function/internal_message.html?_=1606177246658&CODE_STATE=getMsg HTTP/1.1" 200 27
114.84.145.85 - - [24/Nov/2020:08:20:55 +0800] "GET /xingrg/all/function/internal_message.html?_=1606177255052&CODE_STATE=getMsg HTTP/1.1" 200 27
61.151.207.205 - - [24/Nov/2020:08:21:02 +0800] "GET /xingrg/all/function/internal_message.html?_=1606177195053&CODE_STATE=getMsg HTTP/1.1" 302 -
61.151.207.205 - - [24/Nov/2020:08:21:08 +0800] "GET /xingrg/login.html HTTP/1.1" 200 7641
120.253.135.82 - - [24/Nov/2020:08:21:08 +0800] "GET /xingrg/check_reg.html?_=1606177313384 HTTP/1.1" 200 22
222.69.134.41 - - [24/Nov/2020:08:21:22 +0800] "POST /xingrg/services/DataTransmitService HTTP/1.1" 200 524
114.84.37.38 - - [24/Nov/2020:08:21:23 +0800] "GET /xingrg/all/function/internal_message.html?_=1606177317919&CODE_STATE=getMsg HTTP/1.1" 200 27
120.253.135.82 - - [24/Nov/2020:08:21:27 +0800] "GET /xingrg/all/function/internal_message.html?_=1606177332275&CODE_STATE=getMsg HTTP/1.1" 200 27
101.93.222.235 - - [24/Nov/2020:08:21:29 +0800] "POST /xingrg/services/DataTransmitService HTTP/1.1" 200 524
58.35.246.33 - - [24/Nov/2020:08:21:30 +0800] "GET /xingrg/check_reg.html?_=1606177286837 HTTP/1.1" 200 22
172.17.0.123 - - [24/Nov/2020:08:21:39 +0800] "GET /xingrg/all/function/internal_message.html?_=1606177236601&CODE_STATE=getMsg HTTP/1.1" 200 27
58.40.7.146 - - [24/Nov/2020:08:21:45 +0800] "GET /xingrg/all/function/internal_message.html?_=1606177305095&CODE_STATE=getMsg HTTP/1.1" 200 27
180.174.56.115 - - [24/Nov/2020:08:21:47 +0800] "GET /xingrg/all/function/internal_message.html?_=1606177306660&CODE_STATE=getMsg HTTP/1.1" 200 27
114.84.145.85 - - [24/Nov/2020:08:21:55 +0800] "GET /xingrg/all/function/internal_message.html?_=1606177315052&CODE_STATE=getMsg HTTP/1.1" 200 27
114.84.37.38 - - [24/Nov/2020:08:22:23 +0800] "GET /xingrg/all/function/internal_message.html?_=1606177378137&CODE_STATE=getMsg HTTP/1.1" 200 27
120.253.135.82 - - [24/Nov/2020:08:22:27 +0800] "GET /xingrg/all/function/internal_message.html?_=1606177392289&CODE_STATE=getMsg HTTP/1.1" 200 27
172.17.0.123 - - [24/Nov/2020:08:22:39 +0800] "GET /xingrg/check_reg.html?_=1606177296589 HTTP/1.1" 200 22
172.17.0.123 - - [24/Nov/2020:08:22:39 +0800] "GET /xingrg/all/function/internal_message.html?_=1606177296591&CODE_STATE=getMsg HTTP/1.1" 200 27
58.40.7.146 - - [24/Nov/2020:08:22:45 +0800] "GET /xingrg/all/function/internal_message.html?_=1606177365099&CODE_STATE=getMsg HTTP/1.1" 200 27
180.174.56.115 - - [24/Nov/2020:08:22:47 +0800] "GET /xingrg/all/function/internal_message.html?_=1606177366659&CODE_STATE=getMsg HTTP/1.1" 200 27
180.174.56.115 - - [24/Nov/2020:08:22:47 +0800] "GET /xingrg/check_reg.html?_=1606177366660 HTTP/1.1" 200 22
114.84.145.85 - - [24/Nov/2020:08:22:55 +0800] "GET /xingrg/all/function/internal_message.html?_=1606177375052&CODE_STATE=getMsg HTTP/1.1" 200 27
114.84.37.38 - - [24/Nov/2020:08:23:23 +0800] "GET /xingrg/all/function/internal_message.html?_=1606177438146&CODE_STATE=getMsg HTTP/1.1" 200 27
120.253.135.82 - - [24/Nov/2020:08:23:27 +0800] "GET /xingrg/all/function/internal_message.html?_=1606177452315&CODE_STATE=getMsg HTTP/1.1" 200 27
172.17.0.123 - - [24/Nov/2020:08:23:39 +0800] "GET /xingrg/all/function/internal_message.html?_=1606177356593&CODE_STATE=getMsg HTTP/1.1" 200 27
58.40.7.146 - - [24/Nov/2020:08:23:45 +0800] "GET /xingrg/all/function/internal_message.html?_=1606177425103&CODE_STATE=getMsg HTTP/1.1" 200 27
58.40.7.146 - - [24/Nov/2020:08:23:45 +0800] "GET /xingrg/check_reg.html?_=1606177425105 HTTP/1.1" 200 22
180.174.56.115 - - [24/Nov/2020:08:23:47 +0800] "GET /xingrg/all/function/internal_message.html?_=1606177426660&CODE_STATE=getMsg HTTP/1.1" 200 27
114.84.145.85 - - [24/Nov/2020:08:23:55 +0800] "GET /xingrg/all/function/internal_message.html?_=1606177435052&CODE_STATE=getMsg HTTP/1.1" 200 27
114.84.37.38 - - [24/Nov/2020:08:24:23 +0800] "GET /xingrg/all/function/internal_message.html?_=1606177498361&CODE_STATE=getMsg HTTP/1.1" 200 27
120.253.135.82 - - [24/Nov/2020:08:24:27 +0800] "GET /xingrg/all/function/internal_message.html?_=1606177512332&CODE_STATE=getMsg HTTP/1.1" 200 27
172.17.0.123 - - [24/Nov/2020:08:24:39 +0800] "GET /xingrg/all/function/internal_message.html?_=1606177416595&CODE_STATE=getMsg HTTP/1.1" 200 27
58.40.7.146 - - [24/Nov/2020:08:24:45 +0800] "GET /xingrg/all/function/internal_message.html?_=1606177485108&CODE_STATE=getMsg HTTP/1.1" 200 27
180.174.56.115 - - [24/Nov/2020:08:24:47 +0800] "GET /xingrg/all/function/internal_message.html?_=1606177486668&CODE_STATE=getMsg HTTP/1.1" 200 27
117.185.32.26 - - [24/Nov/2020:08:24:50 +0800] "GET /xingrg/check_reg.html?_=1606177927971 HTTP/1.1" 200 22
114.84.37.38 - - [24/Nov/2020:08:24:53 +0800] "GET /xingrg/check_reg.html?_=1606177527892 HTTP/1.1" 200 22
114.84.145.85 - - [24/Nov/2020:08:24:55 +0800] "GET /xingrg/all/function/internal_message.html?_=1606177495050&CODE_STATE=getMsg HTTP/1.1" 200 27
114.84.145.85 - - [24/Nov/2020:08:24:55 +0800] "GET /xingrg/check_reg.html?_=1606177495052 HTTP/1.1" 200 22
114.84.37.38 - - [24/Nov/2020:08:25:23 +0800] "GET /xingrg/all/function/internal_message.html?_=1606177558376&CODE_STATE=getMsg HTTP/1.1" 200 27
120.253.135.82 - - [24/Nov/2020:08:25:27 +0800] "GET /xingrg/all/function/internal_message.html?_=1606177572361&CODE_STATE=getMsg HTTP/1.1" 200 27
172.17.0.123 - - [24/Nov/2020:08:25:39 +0800] "GET /xingrg/all/function/internal_message.html?_=1606177476597&CODE_STATE=getMsg HTTP/1.1" 200 27
58.40.7.146 - - [24/Nov/2020:08:25:45 +0800] "GET /xingrg/all/function/internal_message.html?_=1606177545096&CODE_STATE=getMsg HTTP/1.1" 200 27
180.174.56.115 - - [24/Nov/2020:08:25:47 +0800] "GET /xingrg/all/function/internal_message.html?_=1606177546667&CODE_STATE=getMsg HTTP/1.1" 200 27
114.84.145.85 - - [24/Nov/2020:08:25:55 +0800] "GET /xingrg/all/function/internal_message.html?_=1606177555054&CODE_STATE=getMsg HTTP/1.1" 200 27
120.253.135.82 - - [24/Nov/2020:08:26:08 +0800] "GET /xingrg/check_reg.html?_=1606177613393 HTTP/1.1" 200 22
117.185.32.26 - - [24/Nov/2020:08:26:10 +0800] "POST /xingrg/services/DataTransmitService HTTP/1.1" 200 524
114.84.37.38 - - [24/Nov/2020:08:26:23 +0800] "GET /xingrg/all/function/internal_message.html?_=1606177618389&CODE_STATE=getMsg HTTP/1.1" 200 27
120.253.135.82 - - [24/Nov/2020:08:26:27 +0800] "GET /xingrg/all/function/internal_message.html?_=1606177632374&CODE_STATE=getMsg HTTP/1.1" 200 27
58.35.246.33 - - [24/Nov/2020:08:26:30 +0800] "GET /xingrg/check_reg.html?_=1606177586845 HTTP/1.1" 200 22
172.17.0.123 - - [24/Nov/2020:08:26:39 +0800] "GET /xingrg/all/function/internal_message.html?_=1606177536599&CODE_STATE=getMsg HTTP/1.1" 200 27
58.40.7.146 - - [24/Nov/2020:08:26:45 +0800] "GET /xingrg/all/function/internal_message.html?_=1606177605098&CODE_STATE=getMsg HTTP/1.1" 200 27
180.174.56.115 - - [24/Nov/2020:08:26:47 +0800] "GET /xingrg/all/function/internal_message.html?_=1606177606668&CODE_STATE=getMsg HTTP/1.1" 200 27
114.84.145.85 - - [24/Nov/2020:08:26:55 +0800] "GET /xingrg/all/function/internal_message.html?_=1606177615053&CODE_STATE=getMsg HTTP/1.1" 200 27
114.84.37.38 - - [24/Nov/2020:08:27:23 +0800] "GET /xingrg/all/function/internal_message.html?_=1606177678612&CODE_STATE=getMsg HTTP/1.1" 200 27
120.253.135.82 - - [24/Nov/2020:08:27:27 +0800] "GET /xingrg/all/function/internal_message.html?_=1606177692388&CODE_STATE=getMsg HTTP/1.1" 200 27
172.17.0.123 - - [24/Nov/2020:08:27:39 +0800] "GET /xingrg/check_reg.html?_=1606177596587 HTTP/1.1" 200 22
172.17.0.123 - - [24/Nov/2020:08:27:39 +0800] "GET /xingrg/all/function/internal_message.html?_=1606177596589&CODE_STATE=getMsg HTTP/1.1" 200 27
58.40.7.146 - - [24/Nov/2020:08:27:45 +0800] "GET /xingrg/all/function/internal_message.html?_=1606177665100&CODE_STATE=getMsg HTTP/1.1" 200 27
180.174.56.115 - - [24/Nov/2020:08:27:47 +0800] "GET /xingrg/all/function/internal_message.html?_=1606177666674&CODE_STATE=getMsg HTTP/1.1" 200 27
180.174.56.115 - - [24/Nov/2020:08:27:47 +0800] "GET /xingrg/check_reg.html?_=1606177666677 HTTP/1.1" 200 22
114.84.145.85 - - [24/Nov/2020:08:27:55 +0800] "GET /xingrg/all/function/internal_message.html?_=1606177675052&CODE_STATE=getMsg HTTP/1.1" 200 27
61.151.178.236 - - [24/Nov/2020:08:28:04 +0800] "GET /xingrg/all/function/internal_message.html?_=1606177615053&CODE_STATE=getMsg HTTP/1.1" 302 -
180.174.56.115 - - [24/Nov/2020:08:28:07 +0800] "GET /xingrg/kc/base/wldb_order_list.html HTTP/1.1" 200 19424
180.174.56.115 - - [24/Nov/2020:08:28:07 +0800] "POST /xingrg/kc/base/wldb_list_operate.html HTTP/1.1" 200 928
61.151.178.236 - - [24/Nov/2020:08:28:08 +0800] "GET /xingrg/login.html HTTP/1.1" 200 7641
180.174.56.115 - - [24/Nov/2020:08:28:11 +0800] "GET /xingrg/kc/buy/cgsh_order_list.html HTTP/1.1" 200 45010
180.174.56.115 - - [24/Nov/2020:08:28:12 +0800] "POST /xingrg/kc/buy/cgsh_list_operate.html HTTP/1.1" 200 876
180.174.56.115 - - [24/Nov/2020:08:28:13 +0800] "GET /xingrg/kc/buy/cgsh_order_add.html HTTP/1.1" 200 60666
180.174.56.115 - - [24/Nov/2020:08:28:13 +0800] "GET /xingrg/words/20201123125902_words.js HTTP/1.1" 304 -
180.174.56.115 - - [24/Nov/2020:08:28:13 +0800] "POST /xingrg/kc/buy/cgsh_order_operate.html HTTP/1.1" 200 8245
180.174.56.115 - - [24/Nov/2020:08:28:13 +0800] "GET /xingrg/all/common/auto_word.html?type=employee&rest_code=00150 HTTP/1.1" 200 205
180.174.56.115 - - [24/Nov/2020:08:28:13 +0800] "GET /xingrg/javascript/easyui/themes/default/validatebox.css HTTP/1.1" 404 1104
180.174.56.115 - - [24/Nov/2020:08:28:13 +0800] "GET /xingrg/all/common/auto_word.html?type=employee&rest_code=00150 HTTP/1.1" 200 205
114.84.37.38 - - [24/Nov/2020:08:28:23 +0800] "GET /xingrg/all/function/internal_message.html?_=1606177738619&CODE_STATE=getMsg HTTP/1.1" 200 27
120.253.135.82 - - [24/Nov/2020:08:28:28 +0800] "GET /xingrg/all/function/internal_message.html?_=1606177752413&CODE_STATE=getMsg HTTP/1.1" 200 27
172.17.0.123 - - [24/Nov/2020:08:28:39 +0800] "GET /xingrg/all/function/internal_message.html?_=1606177656589&CODE_STATE=getMsg HTTP/1.1" 200 27
58.40.7.146 - - [24/Nov/2020:08:28:45 +0800] "GET /xingrg/all/function/internal_message.html?_=1606177725103&CODE_STATE=getMsg HTTP/1.1" 200 27
58.40.7.146 - - [24/Nov/2020:08:28:45 +0800] "GET /xingrg/check_reg.html?_=1606177725106 HTTP/1.1" 200 22
180.174.56.115 - - [24/Nov/2020:08:28:47 +0800] "GET /xingrg/all/function/internal_message.html?_=1606177726775&CODE_STATE=getMsg HTTP/1.1" 200 27
180.174.56.115 - - [24/Nov/2020:08:28:50 +0800] "GET /xingrg/kc/buy/cgsh_order_operate.html?command=get_materiel&rest_code=00150&code=00101008261&supplier_code=00100007&order_time=2020-11-24 HTTP/1.1" 200 408
114.84.145.85 - - [24/Nov/2020:08:28:55 +0800] "GET /xingrg/all/function/internal_message.html?_=1606177735050&CODE_STATE=getMsg HTTP/1.1" 200 27
180.174.56.115 - - [24/Nov/2020:08:28:59 +0800] "GET /xingrg/kc/buy/cgsh_order_operate.html?command=get_materiel&rest_code=00150&code=00101008210&supplier_code=00100007&order_time=2020-11-24 HTTP/1.1" 200 408
180.174.56.115 - - [24/Nov/2020:08:29:04 +0800] "GET /xingrg/kc/buy/cgsh_order_operate.html?command=get_materiel&rest_code=00150&code=00101008027&supplier_code=00100007&order_time=2020-11-24 HTTP/1.1" 200 408
180.174.56.115 - - [24/Nov/2020:08:29:15 +0800] "GET /xingrg/kc/buy/cgsh_order_operate.html?command=get_materiel&rest_code=00150&code=00101008100&supplier_code=00100007&order_time=2020-11-24 HTTP/1.1" 200 408
117.131.5.26 - - [24/Nov/2020:08:29:20 +0800] "GET /xingrg/login.html HTTP/1.1" 200 7641
117.131.5.26 - - [24/Nov/2020:08:29:20 +0800] "GET /xingrg/images/blue/jxLogo.png HTTP/1.1" 200 6156
117.131.5.26 - - [24/Nov/2020:08:29:21 +0800] "GET /xingrg/images/blue/hj.png HTTP/1.1" 200 1014
117.131.5.26 - - [24/Nov/2020:08:29:21 +0800] "GET /xingrg/images/blue/login_bg.png HTTP/1.1" 200 22101
117.131.5.26 - - [24/Nov/2020:08:29:21 +0800] "GET /xingrg/images/blue/srbg.png HTTP/1.1" 200 138
117.131.5.26 - - [24/Nov/2020:08:29:21 +0800] "GET /favicon.ico HTTP/1.1" 404 -
180.174.56.115 - - [24/Nov/2020:08:29:21 +0800] "GET /xingrg/kc/buy/cgsh_order_operate.html?command=get_materiel&rest_code=00150&code=00101008096&supplier_code=00100007&order_time=2020-11-24 HTTP/1.1" 200 413
114.84.37.38 - - [24/Nov/2020:08:29:24 +0800] "GET /xingrg/all/function/internal_message.html?_=1606177798844&CODE_STATE=getMsg HTTP/1.1" 200 27
180.174.56.115 - - [24/Nov/2020:08:29:26 +0800] "GET /xingrg/kc/buy/cgsh_order_operate.html?command=get_materiel&rest_code=00150&code=00101008038&supplier_code=00100007&order_time=2020-11-24 HTTP/1.1" 200 412
120.253.135.82 - - [24/Nov/2020:08:29:28 +0800] "GET /xingrg/all/function/internal_message.html?_=1606177812432&CODE_STATE=getMsg HTTP/1.1" 200 27
180.174.56.115 - - [24/Nov/2020:08:29:33 +0800] "GET /xingrg/kc/buy/cgsh_order_operate.html?command=get_materiel&rest_code=00150&code=00101008358&supplier_code=00100007&order_time=2020-11-24 HTTP/1.1" 200 412
180.174.56.115 - - [24/Nov/2020:08:29:39 +0800] "GET /xingrg/kc/buy/cgsh_order_operate.html?command=get_materiel&rest_code=00150&code=00101008163&supplier_code=00100007&order_time=2020-11-24 HTTP/1.1" 200 409
172.17.0.123 - - [24/Nov/2020:08:29:39 +0800] "GET /xingrg/all/function/internal_message.html?_=1606177716591&CODE_STATE=getMsg HTTP/1.1" 200 27
180.174.56.115 - - [24/Nov/2020:08:29:45 +0800] "GET /xingrg/kc/buy/cgsh_order_operate.html?command=get_materiel&rest_code=00150&code=00101008141&supplier_code=00100007&order_time=2020-11-24 HTTP/1.1" 200 412
58.40.7.146 - - [24/Nov/2020:08:29:45 +0800] "GET /xingrg/all/function/internal_message.html?_=1606177785108&CODE_STATE=getMsg HTTP/1.1" 200 27
180.174.56.115 - - [24/Nov/2020:08:29:47 +0800] "GET /xingrg/all/function/internal_message.html?_=1606177786752&CODE_STATE=getMsg HTTP/1.1" 200 27
117.185.32.26 - - [24/Nov/2020:08:29:50 +0800] "GET /xingrg/check_reg.html?_=1606178227995 HTTP/1.1" 200 22
180.174.56.115 - - [24/Nov/2020:08:29:51 +0800] "GET /xingrg/kc/buy/cgsh_order_operate.html?command=get_materiel&rest_code=00150&code=00101008087&supplier_code=00100007&order_time=2020-11-24 HTTP/1.1" 200 412
114.84.37.38 - - [24/Nov/2020:08:29:53 +0800] "GET /xingrg/check_reg.html?_=1606177827899 HTTP/1.1" 200 22
114.84.145.85 - - [24/Nov/2020:08:29:55 +0800] "GET /xingrg/all/function/internal_message.html?_=1606177795075&CODE_STATE=getMsg HTTP/1.1" 200 27
114.84.145.85 - - [24/Nov/2020:08:29:55 +0800] "GET /xingrg/check_reg.html?_=1606177795076 HTTP/1.1" 200 22
180.174.56.115 - - [24/Nov/2020:08:29:57 +0800] "GET /xingrg/kc/buy/cgsh_order_operate.html?command=get_materiel&rest_code=00150&code=00101008024&supplier_code=00100007&order_time=2020-11-24 HTTP/1.1" 200 408
58.35.246.33 - - [24/Nov/2020:08:29:59 +0800] "GET /xingrg/all/function/internal_message.html?_=1606177868848&CODE_STATE=getMsg HTTP/1.1" 302 -
58.35.246.33 - - [24/Nov/2020:08:29:59 +0800] "GET /xingrg/check_reg.html?_=1606177868849 HTTP/1.1" 302 -
58.35.246.33 - - [24/Nov/2020:08:30:00 +0800] "GET /xingrg/login.html HTTP/1.1" 200 7641
58.35.246.33 - - [24/Nov/2020:08:30:00 +0800] "GET /xingrg/login.html HTTP/1.1" 200 7641
180.174.56.115 - - [24/Nov/2020:08:30:02 +0800] "GET /xingrg/kc/buy/cgsh_order_operate.html?command=get_materiel&rest_code=00150&code=00101008251&supplier_code=00100007&order_time=2020-11-24 HTTP/1.1" 200 408
180.174.56.115 - - [24/Nov/2020:08:30:08 +0800] "GET /xingrg/kc/buy/cgsh_order_operate.html?command=get_materiel&rest_code=00150&code=00101008272&supplier_code=00100007&order_time=2020-11-24 HTTP/1.1" 200 412
180.174.56.115 - - [24/Nov/2020:08:30:13 +0800] "GET /xingrg/kc/buy/cgsh_order_operate.html?command=get_materiel&rest_code=00150&code=00101008230&supplier_code=00100007&order_time=2020-11-24 HTTP/1.1" 200 408
180.174.56.115 - - [24/Nov/2020:08:30:18 +0800] "GET /xingrg/kc/buy/cgsh_order_operate.html?command=get_materiel&rest_code=00150&code=00101008296&supplier_code=00100007&order_time=2020-11-24 HTTP/1.1" 200 416
180.174.56.115 - - [24/Nov/2020:08:30:23 +0800] "GET /xingrg/kc/buy/cgsh_order_operate.html?command=get_materiel&rest_code=00150&code=00101008318&supplier_code=00100007&order_time=2020-11-24 HTTP/1.1" 200 408
114.84.37.38 - - [24/Nov/2020:08:30:24 +0800] "GET /xingrg/all/function/internal_message.html?_=1606177858848&CODE_STATE=getMsg HTTP/1.1" 200 27
58.35.246.33 - - [24/Nov/2020:08:30:27 +0800] "GET /xingrg/all/function/internal_message.html?_=1606177928827&CODE_STATE=getMsg HTTP/1.1" 302 -
120.253.135.82 - - [24/Nov/2020:08:30:28 +0800] "GET /xingrg/all/function/internal_message.html?_=1606177872458&CODE_STATE=getMsg HTTP/1.1" 200 27
180.174.56.115 - - [24/Nov/2020:08:30:29 +0800] "GET /xingrg/kc/buy/cgsh_order_operate.html?command=get_materiel&rest_code=00150&code=00101008005&supplier_code=00100007&order_time=2020-11-24 HTTP/1.1" 200 412
180.174.56.115 - - [24/Nov/2020:08:30:34 +0800] "GET /xingrg/kc/buy/cgsh_order_operate.html?command=get_materiel&rest_code=00150&code=00101008344&supplier_code=00100007&order_time=2020-11-24 HTTP/1.1" 200 412
180.174.56.115 - - [24/Nov/2020:08:30:39 +0800] "GET /xingrg/kc/buy/cgsh_order_operate.html?command=get_materiel&rest_code=00150&code=00101008242&supplier_code=00100007&order_time=2020-11-24 HTTP/1.1" 200 408
172.17.0.123 - - [24/Nov/2020:08:30:39 +0800] "GET /xingrg/all/function/internal_message.html?_=1606177776591&CODE_STATE=getMsg HTTP/1.1" 200 27
180.174.56.115 - - [24/Nov/2020:08:30:44 +0800] "GET /xingrg/kc/buy/cgsh_order_operate.html?command=get_materiel&rest_code=00150&code=00101008283&supplier_code=00100007&order_time=2020-11-24 HTTP/1.1" 200 408
58.40.7.146 - - [24/Nov/2020:08:30:45 +0800] "GET /xingrg/all/function/internal_message.html?_=1606177845097&CODE_STATE=getMsg HTTP/1.1" 200 27
180.174.56.115 - - [24/Nov/2020:08:30:47 +0800] "GET /xingrg/all/function/internal_message.html?_=1606177846822&CODE_STATE=getMsg HTTP/1.1" 200 27
114.84.145.85 - - [24/Nov/2020:08:30:55 +0800] "GET /xingrg/all/function/internal_message.html?_=1606177855074&CODE_STATE=getMsg HTTP/1.1" 200 27
120.253.135.82 - - [24/Nov/2020:08:31:09 +0800] "GET /xingrg/check_reg.html?_=1606177913395 HTTP/1.1" 200 22
58.35.246.33 - - [24/Nov/2020:08:31:13 +0800] "GET /xingrg/all/function/internal_message.html?_=1606177988808&CODE_STATE=getMsg HTTP/1.1" 302 -
114.84.37.38 - - [24/Nov/2020:08:31:24 +0800] "GET /xingrg/all/function/internal_message.html?_=1606177918863&CODE_STATE=getMsg HTTP/1.1" 200 27
120.253.135.82 - - [24/Nov/2020:08:31:28 +0800] "GET /xingrg/all/function/internal_message.html?_=1606177932473&CODE_STATE=getMsg HTTP/1.1" 200 27
58.35.246.33 - - [24/Nov/2020:08:31:30 +0800] "GET /xingrg/check_reg.html?_=1606177886856 HTTP/1.1" 200 22
172.17.0.123 - - [24/Nov/2020:08:31:39 +0800] "GET /xingrg/all/function/internal_message.html?_=1606177836595&CODE_STATE=getMsg HTTP/1.1" 200 27
58.40.7.146 - - [24/Nov/2020:08:31:45 +0800] "GET /xingrg/all/function/internal_message.html?_=1606177905100&CODE_STATE=getMsg HTTP/1.1" 200 27
180.174.56.115 - - [24/Nov/2020:08:31:47 +0800] "GET /xingrg/all/function/internal_message.html?_=1606177906807&CODE_STATE=getMsg HTTP/1.1" 200 27
114.84.145.85 - - [24/Nov/2020:08:31:55 +0800] "GET /xingrg/all/function/internal_message.html?_=1606177915073&CODE_STATE=getMsg HTTP/1.1" 200 27
58.35.246.33 - - [24/Nov/2020:08:32:13 +0800] "GET /xingrg/all/function/internal_message.html?_=1606178048783&CODE_STATE=getMsg HTTP/1.1" 302 -
180.174.56.115 - - [24/Nov/2020:08:32:19 +0800] "POST /xingrg/kc/buy/cgsh_order_operate.html HTTP/1.1" 200 2065
114.84.37.38 - - [24/Nov/2020:08:32:24 +0800] "GET /xingrg/all/function/internal_message.html?_=1606177979082&CODE_STATE=getMsg HTTP/1.1" 200 27
180.174.56.115 - - [24/Nov/2020:08:32:26 +0800] "GET /xingrg/kc/buy/cgsh_order_operate.html?command=get_materiel&rest_code=00150&code=00101008350&supplier_code=00100007&order_time=2020-11-24 HTTP/1.1" 200 408
120.253.135.82 - - [24/Nov/2020:08:32:28 +0800] "GET /xingrg/all/function/internal_message.html?_=1606177992486&CODE_STATE=getMsg HTTP/1.1" 200 27
180.174.56.115 - - [24/Nov/2020:08:32:35 +0800] "GET /xingrg/kc/buy/cgsh_order_operate.html?command=get_materiel&rest_code=00150&code=00101008090&supplier_code=00100007&order_time=2020-11-24 HTTP/1.1" 200 409
172.17.0.123 - - [24/Nov/2020:08:32:39 +0800] "GET /xingrg/check_reg.html?_=1606177896595 HTTP/1.1" 200 22
172.17.0.123 - - [24/Nov/2020:08:32:39 +0800] "GET /xingrg/all/function/internal_message.html?_=1606177896597&CODE_STATE=getMsg HTTP/1.1" 200 27
180.174.56.115 - - [24/Nov/2020:08:32:40 +0800] "GET /xingrg/kc/buy/cgsh_order_operate.html?command=get_materiel&rest_code=00150&code=00101015038&supplier_code=00100007&order_time=2020-11-24 HTTP/1.1" 200 419
58.40.7.146 - - [24/Nov/2020:08:32:45 +0800] "GET /xingrg/all/function/internal_message.html?_=1606177965102&CODE_STATE=getMsg HTTP/1.1" 200 27
180.174.56.115 - - [24/Nov/2020:08:32:46 +0800] "POST /xingrg/kc/buy/cgsh_order_operate.html HTTP/1.1" 200 37
180.174.56.115 - - [24/Nov/2020:08:32:47 +0800] "POST /xingrg/kc/buy/cgsh_order_operate.html HTTP/1.1" 200 15664
114.84.145.85 - - [24/Nov/2020:08:32:55 +0800] "GET /xingrg/all/function/internal_message.html?_=1606177975072&CODE_STATE=getMsg HTTP/1.1" 200 27
58.35.246.33 - - [24/Nov/2020:08:33:13 +0800] "GET /xingrg/all/function/internal_message.html?_=1606178108759&CODE_STATE=getMsg HTTP/1.1" 302 -
114.84.37.38 - - [24/Nov/2020:08:33:24 +0800] "GET /xingrg/all/function/internal_message.html?_=1606178039092&CODE_STATE=getMsg HTTP/1.1" 200 27
120.253.135.82 - - [24/Nov/2020:08:33:28 +0800] "GET /xingrg/all/function/internal_message.html?_=1606178052517&CODE_STATE=getMsg HTTP/1.1" 200 27
172.17.0.123 - - [24/Nov/2020:08:33:39 +0800] "GET /xingrg/all/function/internal_message.html?_=1606177956599&CODE_STATE=getMsg HTTP/1.1" 200 27
58.40.7.146 - - [24/Nov/2020:08:33:45 +0800] "GET /xingrg/check_reg.html?_=1606178025108 HTTP/1.1" 200 22
58.40.7.146 - - [24/Nov/2020:08:33:45 +0800] "GET /xingrg/all/function/internal_message.html?_=1606178025106&CODE_STATE=getMsg HTTP/1.1" 200 27
180.174.56.115 - - [24/Nov/2020:08:33:47 +0800] "GET /xingrg/all/function/internal_message.html?_=1606178026844&CODE_STATE=getMsg HTTP/1.1" 200 27
101.83.145.44 - - [24/Nov/2020:08:33:48 +0800] "GET /favicon.ico HTTP/1.1" 404 -
101.83.145.44 - - [24/Nov/2020:08:33:49 +0800] "GET /xingrg/index.html?sysBaseUrl=http%3A%2F%2F180.169.147.146%3A18081%2Fxingrg%2F&costTime=36×tamp=1585223203754 HTTP/1.1" 302 -
101.83.145.44 - - [24/Nov/2020:08:33:49 +0800] "GET /xingrg/login.html HTTP/1.1" 200 7641
180.174.56.115 - - [24/Nov/2020:08:33:50 +0800] "POST /xingrg/kc/buy/cgsh_order_operate.html HTTP/1.1" 200 37
180.174.56.115 - - [24/Nov/2020:08:33:51 +0800] "POST /xingrg/kc/buy/cgsh_order_operate.html HTTP/1.1" 200 15664
114.84.145.85 - - [24/Nov/2020:08:33:55 +0800] "GET /xingrg/all/function/internal_message.html?_=1606178035071&CODE_STATE=getMsg HTTP/1.1" 200 27
180.174.56.115 - - [24/Nov/2020:08:33:55 +0800] "POST /xingrg/all/user/operate.html HTTP/1.1" 200 36
180.174.56.115 - - [24/Nov/2020:08:33:55 +0800] "GET /xingrg/index.html?sysBaseUrl=http%3A%2F%2F180.169.147.146%3A18081%2Fxingrg%2F&costTime=76×tamp=1606100748879 HTTP/1.1" 200 17177
180.174.56.115 - - [24/Nov/2020:08:33:55 +0800] "GET /xingrg/javascript/jquery_easy_ui/themes/default/easyui.css HTTP/1.1" 304 -
180.174.56.115 - - [24/Nov/2020:08:33:55 +0800] "GET /xingrg/javascript/jquery_easy_ui/themes/icon.css HTTP/1.1" 304 -
180.174.56.115 - - [24/Nov/2020:08:33:55 +0800] "GET /xingrg/css/form.css HTTP/1.1" 304 -
180.174.56.115 - - [24/Nov/2020:08:33:55 +0800] "GET /xingrg/javascript/jquery-1.4.2.min.js HTTP/1.1" 304 -
180.174.56.115 - - [24/Nov/2020:08:33:55 +0800] "GET /xingrg/javascript/jquery_easy_ui/jquery.easyui.min.js HTTP/1.1" 304 -
180.174.56.115 - - [24/Nov/2020:08:33:55 +0800] "GET /xingrg/javascript/jquery_easy_ui/easyui-lang-zh_CN.js HTTP/1.1" 304 -
180.174.56.115 - - [24/Nov/2020:08:33:55 +0800] "GET /xingrg/javascript/jquery.form.js HTTP/1.1" 304 -
180.174.56.115 - - [24/Nov/2020:08:33:55 +0800] "GET /xingrg/javascript/jquery.utils.js HTTP/1.1" 304 -
180.174.56.115 - - [24/Nov/2020:08:33:55 +0800] "GET /xingrg/javascript/jquery.timers.js HTTP/1.1" 304 -
180.174.56.115 - - [24/Nov/2020:08:33:55 +0800] "GET /xingrg/images/blue/jxLogo.png HTTP/1.1" 304 -
180.174.56.115 - - [24/Nov/2020:08:33:55 +0800] "GET /xingrg/javascript/jquery_easy_ui/themes/icons/settle_new.png HTTP/1.1" 304 -
180.174.56.115 - - [24/Nov/2020:08:33:55 +0800] "GET /xingrg/images/blue/navBackgound.jpg HTTP/1.1" 304 -
180.174.56.115 - - [24/Nov/2020:08:33:55 +0800] "POST /xingrg/all/common/load_tree.html?tree=area_rest_tree_json&manage=1 HTTP/1.1" 200 476
180.174.56.115 - - [24/Nov/2020:08:33:55 +0800] "GET /xingrg/all/function/internal_message.html?_=1606178035139&CODE_STATE=count HTTP/1.1" 200 11
180.174.56.115 - - [24/Nov/2020:08:33:55 +0800] "GET /xingrg/check_reg.html?_=1606178035141 HTTP/1.1" 200 22
180.174.56.115 - - [24/Nov/2020:08:33:55 +0800] "GET /xingrg/javascript/jquery_easy_ui/themes/default/images/tabs_rightarrow.png HTTP/1.1" 304 -
180.174.56.115 - - [24/Nov/2020:08:33:55 +0800] "GET /xingrg/images/blue/pingpu.png HTTP/1.1" 304 -
180.174.56.115 - - [24/Nov/2020:08:33:55 +0800] "GET /xingrg/javascript/jquery_easy_ui/themes/default/images/panel_tool_collapse.gif HTTP/1.1" 304 -
180.174.56.115 - - [24/Nov/2020:08:33:55 +0800] "GET /xingrg/javascript/jquery_easy_ui/themes/default/images/tabs_leftarrow.png HTTP/1.1" 304 -
180.174.56.115 - - [24/Nov/2020:08:33:55 +0800] "POST /xingrg/load_menu.html HTTP/1.1" 200 5138
180.174.56.115 - - [24/Nov/2020:08:33:58 +0800] "GET /xingrg/kc/buy/cgsh_order_list.html HTTP/1.1" 200 45008
180.174.56.115 - - [24/Nov/2020:08:33:59 +0800] "POST /xingrg/kc/buy/cgsh_list_operate.html HTTP/1.1" 200 876
180.174.56.115 - - [24/Nov/2020:08:34:00 +0800] "GET /xingrg/kc/buy/cgsh_order_add.html HTTP/1.1" 200 60384
180.174.56.115 - - [24/Nov/2020:08:34:00 +0800] "POST /xingrg/kc/buy/cgsh_order_operate.html HTTP/1.1" 200 8245
180.174.56.115 - - [24/Nov/2020:08:34:00 +0800] "GET /xingrg/all/common/auto_word.html?type=employee&rest_code=00151 HTTP/1.1" 200 243
180.174.56.115 - - [24/Nov/2020:08:34:00 +0800] "GET /xingrg/javascript/easyui/themes/default/validatebox.css HTTP/1.1" 404 1104
180.174.56.115 - - [24/Nov/2020:08:34:00 +0800] "GET /xingrg/all/common/auto_word.html?type=employee&rest_code=00151 HTTP/1.1" 200 243
101.83.145.44 - - [24/Nov/2020:08:34:00 +0800] "GET /favicon.ico HTTP/1.1" 404 -
180.174.56.115 - - [24/Nov/2020:08:34:02 +0800] "GET /xingrg/javascript/auto/indicator.gif HTTP/1.1" 404 1066
180.174.56.115 - - [24/Nov/2020:08:34:10 +0800] "GET /xingrg/kc/buy/cgsh_order_operate.html?command=get_materiel&rest_code=00151&code=00101012039&supplier_code=00100007&order_time=2020-11-24 HTTP/1.1" 200 408
58.35.246.33 - - [24/Nov/2020:08:34:13 +0800] "GET /xingrg/all/function/internal_message.html?_=1606178168738&CODE_STATE=getMsg HTTP/1.1" 302 -
58.35.246.33 - - [24/Nov/2020:08:34:13 +0800] "GET /xingrg/check_reg.html?_=1606178168828 HTTP/1.1" 302 -
101.83.145.44 - - [24/Nov/2020:08:34:18 +0800] "POST /xingrg/login.do HTTP/1.1" 302 -
101.83.145.44 - - [24/Nov/2020:08:34:18 +0800] "GET /xingrg/index.html?sysBaseUrl=http%3A%2F%2F180.169.147.146%3A18081%2Fxingrg%2F&costTime=44×tamp=1606178058266 HTTP/1.1" 200 17173
101.83.145.44 - - [24/Nov/2020:08:34:18 +0800] "GET /favicon.ico HTTP/1.1" 404 -
101.83.145.44 - - [24/Nov/2020:08:34:18 +0800] "POST /xingrg/all/common/load_tree.html?tree=area_rest_tree_json&manage=1 HTTP/1.1" 200 3350
101.83.145.44 - - [24/Nov/2020:08:34:19 +0800] "GET /xingrg/check_reg.html?_=1606178059202 HTTP/1.1" 200 22
101.83.145.44 - - [24/Nov/2020:08:34:19 +0800] "GET /xingrg/all/function/internal_message.html?_=1606178059201&CODE_STATE=count HTTP/1.1" 200 11
101.83.145.44 - - [24/Nov/2020:08:34:19 +0800] "POST /xingrg/load_menu.html HTTP/1.1" 200 5138
101.83.145.44 - - [24/Nov/2020:08:34:22 +0800] "GET /xingrg/kc/base/wldb_order_list.html HTTP/1.1" 200 19418
101.83.145.44 - - [24/Nov/2020:08:34:24 +0800] "POST /xingrg/kc/base/wldb_list_operate.html HTTP/1.1" 200 928
180.174.56.115 - - [24/Nov/2020:08:34:24 +0800] "GET /xingrg/kc/buy/cgsh_order_operate.html?command=get_materiel&rest_code=00151&code=00101016038&supplier_code=00100007&order_time=2020-11-24 HTTP/1.1" 200 408
114.84.37.38 - - [24/Nov/2020:08:34:24 +0800] "GET /xingrg/all/function/internal_message.html?_=1606178099323&CODE_STATE=getMsg HTTP/1.1" 200 27
101.83.145.44 - - [24/Nov/2020:08:34:25 +0800] "GET /xingrg/kc/base/wldb_order_add.html HTTP/1.1" 200 30587
101.83.145.44 - - [24/Nov/2020:08:34:25 +0800] "GET /xingrg/words/20201123125902_words.js HTTP/1.1" 304 -
101.83.145.44 - - [24/Nov/2020:08:34:26 +0800] "GET /xingrg/all/common/auto_word.html?type=base&rest_code=00105 HTTP/1.1" 200 1811
101.83.145.44 - - [24/Nov/2020:08:34:26 +0800] "GET /xingrg/all/common/auto_word.html?type=base&rest_code=00105 HTTP/1.1" 200 1811
101.83.145.44 - - [24/Nov/2020:08:34:26 +0800] "GET /xingrg/javascript/easyui/themes/default/validatebox.css HTTP/1.1" 404 1104
101.83.145.44 - - [24/Nov/2020:08:34:26 +0800] "POST /xingrg/kc/base/wldb_order_operate.html HTTP/1.1" 200 6806
101.83.145.44 - - [24/Nov/2020:08:34:27 +0800] "POST /xingrg/all/common/load_combo.html?type=base HTTP/1.1" 200 3236
120.253.135.82 - - [24/Nov/2020:08:34:28 +0800] "GET /xingrg/all/function/internal_message.html?_=1606178112530&CODE_STATE=getMsg HTTP/1.1" 200 27
101.83.145.44 - - [24/Nov/2020:08:34:30 +0800] "GET /xingrg/javascript/auto/indicator.gif HTTP/1.1" 404 1066
180.174.56.115 - - [24/Nov/2020:08:34:31 +0800] "GET /xingrg/kc/buy/cgsh_order_operate.html?command=get_materiel&rest_code=00151&code=00101008323&supplier_code=00100007&order_time=2020-11-24 HTTP/1.1" 200 408
101.83.145.44 - - [24/Nov/2020:08:34:39 +0800] "GET /xingrg/kc/base/wldb_order_operate.html?command=get_materiel&rest_code=00105&base_code=0010508&code=00102012050 HTTP/1.1" 200 441
172.17.0.123 - - [24/Nov/2020:08:34:39 +0800] "GET /xingrg/all/function/internal_message.html?_=1606178016587&CODE_STATE=getMsg HTTP/1.1" 200 27
58.40.7.146 - - [24/Nov/2020:08:34:45 +0800] "GET /xingrg/all/function/internal_message.html?_=1606178085112&CODE_STATE=getMsg HTTP/1.1" 200 27
101.83.145.44 - - [24/Nov/2020:08:34:46 +0800] "GET /xingrg/kc/buy/cgsh_order_list.html HTTP/1.1" 200 45004
101.83.145.44 - - [24/Nov/2020:08:34:47 +0800] "POST /xingrg/kc/buy/cgsh_list_operate.html HTTP/1.1" 200 876
101.83.145.44 - - [24/Nov/2020:08:34:48 +0800] "GET /xingrg/kc/buy/cgsh_order_add.html HTTP/1.1" 200 60789
101.83.145.44 - - [24/Nov/2020:08:34:48 +0800] "GET /xingrg/all/common/auto_word.html?type=employee&rest_code=00105 HTTP/1.1" 200 193
101.83.145.44 - - [24/Nov/2020:08:34:48 +0800] "GET /xingrg/all/common/auto_word.html?type=employee&rest_code=00105 HTTP/1.1" 200 193
101.83.145.44 - - [24/Nov/2020:08:34:48 +0800] "GET /xingrg/javascript/easyui/themes/default/validatebox.css HTTP/1.1" 404 1104
101.83.145.44 - - [24/Nov/2020:08:34:48 +0800] "POST /xingrg/kc/buy/cgsh_order_operate.html HTTP/1.1" 200 8245
117.185.32.26 - - [24/Nov/2020:08:34:50 +0800] "GET /xingrg/check_reg.html?_=1606178527971 HTTP/1.1" 200 22
101.83.145.44 - - [24/Nov/2020:08:34:51 +0800] "GET /xingrg/javascript/auto/indicator.gif HTTP/1.1" 404 1066
114.84.37.38 - - [24/Nov/2020:08:34:53 +0800] "GET /xingrg/check_reg.html?_=1606178127907 HTTP/1.1" 200 22
180.174.56.115 - - [24/Nov/2020:08:34:54 +0800] "GET /xingrg/kc/buy/cgsh_order_operate.html?command=get_materiel&rest_code=00151&code=00101008347&supplier_code=00100007&order_time=2020-11-24 HTTP/1.1" 200 408
114.84.145.85 - - [24/Nov/2020:08:34:55 +0800] "GET /xingrg/all/function/internal_message.html?_=1606178095070&CODE_STATE=getMsg HTTP/1.1" 200 27
114.84.145.85 - - [24/Nov/2020:08:34:55 +0800] "GET /xingrg/check_reg.html?_=1606178095072 HTTP/1.1" 200 22
180.174.56.115 - - [24/Nov/2020:08:34:55 +0800] "GET /xingrg/all/function/internal_message.html?_=1606178095146&CODE_STATE=getMsg HTTP/1.1" 200 27
61.151.178.236 - - [24/Nov/2020:08:35:03 +0800] "GET /xingrg/all/function/internal_message.html?_=1606177915073&CODE_STATE=getMsg HTTP/1.1" 302 -
180.174.56.115 - - [24/Nov/2020:08:35:04 +0800] "GET /xingrg/kc/buy/cgsh_order_operate.html?command=get_materiel&rest_code=00151&code=00101008372&supplier_code=00100007&order_time=2020-11-24 HTTP/1.1" 200 428
101.83.145.44 - - [24/Nov/2020:08:35:07 +0800] "GET /xingrg/kc/buy/cgsh_order_operate.html?command=get_materiel&rest_code=00105&code=00101006109&supplier_code=00100013&order_time=2020-11-24 HTTP/1.1" 200 409
180.174.56.115 - - [24/Nov/2020:08:35:12 +0800] "GET /xingrg/kc/buy/cgsh_order_operate.html?command=get_materiel&rest_code=00151&code=00101008083&supplier_code=00100007&order_time=2020-11-24 HTTP/1.1" 200 427
58.35.246.33 - - [24/Nov/2020:08:35:13 +0800] "GET /xingrg/all/function/internal_message.html?_=1606178228725&CODE_STATE=getMsg HTTP/1.1" 302 -
61.151.178.236 - - [24/Nov/2020:08:35:13 +0800] "GET /xingrg/login.html HTTP/1.1" 200 7641
180.174.56.115 - - [24/Nov/2020:08:35:13 +0800] "POST /xingrg/all/common/load_select.html HTTP/1.1" 200 25
180.174.56.115 - - [24/Nov/2020:08:35:16 +0800] "GET /xingrg/kc/buy/cgsh_order_operate.html?command=get_materiel_price&rest_code=00151&code=00101008083&unit_code=00100026&supplier_code=00100007&order_time=2020-11-24 HTTP/1.1" 200 27
101.83.145.44 - - [24/Nov/2020:08:35:19 +0800] "GET /xingrg/all/function/internal_message.html?_=1606178119217&CODE_STATE=getMsg HTTP/1.1" 200 27
101.83.145.44 - - [24/Nov/2020:08:35:20 +0800] "GET /xingrg/kc/buy/cgsh_order_operate.html?command=get_materiel&rest_code=00105&code=00101010248&supplier_code=00100013&order_time=2020-11-24 HTTP/1.1" 200 430
101.83.145.44 - - [24/Nov/2020:08:35:22 +0800] "POST /xingrg/all/common/load_select.html HTTP/1.1" 200 25
114.84.37.38 - - [24/Nov/2020:08:35:24 +0800] "GET /xingrg/all/function/internal_message.html?_=1606178159338&CODE_STATE=getMsg HTTP/1.1" 200 27
101.83.145.44 - - [24/Nov/2020:08:35:27 +0800] "GET /xingrg/kc/buy/cgsh_order_operate.html?command=get_materiel_price&rest_code=00105&code=00101010248&unit_code=00100043&supplier_code=00100013&order_time=2020-11-24 HTTP/1.1" 200 29
180.174.56.115 - - [24/Nov/2020:08:35:27 +0800] "GET /xingrg/kc/buy/cgsh_order_operate.html?command=get_materiel&rest_code=00151&code=00101008318&supplier_code=00100007&order_time=2020-11-24 HTTP/1.1" 200 408
120.253.135.82 - - [24/Nov/2020:08:35:28 +0800] "GET /xingrg/all/function/internal_message.html?_=1606178172558&CODE_STATE=getMsg HTTP/1.1" 200 27
180.174.56.115 - - [24/Nov/2020:08:35:34 +0800] "GET /xingrg/kc/buy/cgsh_order_operate.html?command=get_materiel&rest_code=00151&code=00101016051&supplier_code=00100007&order_time=2020-11-24 HTTP/1.1" 200 408
172.17.0.123 - - [24/Nov/2020:08:35:39 +0800] "GET /xingrg/all/function/internal_message.html?_=1606178076589&CODE_STATE=getMsg HTTP/1.1" 200 27
180.174.56.115 - - [24/Nov/2020:08:35:41 +0800] "GET /xingrg/kc/buy/cgsh_order_operate.html?command=get_materiel&rest_code=00151&code=00101008349&supplier_code=00100007&order_time=2020-11-24 HTTP/1.1" 200 412
58.40.7.146 - - [24/Nov/2020:08:35:45 +0800] "GET /xingrg/all/function/internal_message.html?_=1606178145100&CODE_STATE=getMsg HTTP/1.1" 200 27
114.84.145.85 - - [24/Nov/2020:08:35:55 +0800] "GET /xingrg/all/function/internal_message.html?_=1606178155070&CODE_STATE=getMsg HTTP/1.1" 200 27
180.174.56.115 - - [24/Nov/2020:08:35:55 +0800] "GET /xingrg/all/function/internal_message.html?_=1606178155150&CODE_STATE=getMsg HTTP/1.1" 200 27
114.84.37.38 - - [24/Nov/2020:08:35:58 +0800] "POST /xingrg/services/DataTransmitService HTTP/1.1" 200 524
120.253.135.82 - - [24/Nov/2020:08:36:09 +0800] "GET /xingrg/check_reg.html?_=1606178213404 HTTP/1.1" 200 22
58.35.246.33 - - [24/Nov/2020:08:36:13 +0800] "GET /xingrg/all/function/internal_message.html?_=1606178288691&CODE_STATE=getMsg HTTP/1.1" 302 -
101.83.145.44 - - [24/Nov/2020:08:36:19 +0800] "GET /xingrg/all/function/internal_message.html?_=1606178179219&CODE_STATE=getMsg HTTP/1.1" 200 27
114.84.37.38 - - [24/Nov/2020:08:36:24 +0800] "GET /xingrg/all/function/internal_message.html?_=1606178219352&CODE_STATE=getMsg HTTP/1.1" 200 27
120.253.135.82 - - [24/Nov/2020:08:36:28 +0800] "GET /xingrg/all/function/internal_message.html?_=1606178232572&CODE_STATE=getMsg HTTP/1.1" 200 27
58.35.246.33 - - [24/Nov/2020:08:36:30 +0800] "GET /xingrg/check_reg.html?_=1606178186856 HTTP/1.1" 200 22
101.83.145.44 - - [24/Nov/2020:08:36:32 +0800] "GET /xingrg/kc/buy/cgsh_order_operate.html?command=get_materiel&rest_code=00105&code=00101006112&supplier_code=00100013&order_time=2020-11-24 HTTP/1.1" 200 409
180.174.56.115 - - [24/Nov/2020:08:36:34 +0800] "GET /xingrg/kc/buy/cgsh_order_operate.html?command=get_materiel&rest_code=00151&code=00101008049&supplier_code=00100007&order_time=2020-11-24 HTTP/1.1" 200 408
172.17.0.123 - - [24/Nov/2020:08:36:39 +0800] "GET /xingrg/all/function/internal_message.html?_=1606178136591&CODE_STATE=getMsg HTTP/1.1" 200 27
180.174.56.115 - - [24/Nov/2020:08:36:44 +0800] "GET /xingrg/kc/buy/cgsh_order_operate.html?command=get_materiel&rest_code=00151&code=00101008077&supplier_code=00100007&order_time=2020-11-24 HTTP/1.1" 200 416
101.83.145.44 - - [24/Nov/2020:08:36:44 +0800] "GET /xingrg/kc/buy/cgsh_order_operate.html?command=get_materiel&rest_code=00105&code=00101010136&supplier_code=00100013&order_time=2020-11-24 HTTP/1.1" 200 408
58.40.7.146 - - [24/Nov/2020:08:36:45 +0800] "GET /xingrg/all/function/internal_message.html?_=1606178205103&CODE_STATE=getMsg HTTP/1.1" 200 27
180.174.56.115 - - [24/Nov/2020:08:36:51 +0800] "GET /xingrg/kc/buy/cgsh_order_operate.html?command=get_materiel&rest_code=00151&code=00101008095&supplier_code=00100007&order_time=2020-11-24 HTTP/1.1" 200 412
114.84.145.85 - - [24/Nov/2020:08:36:55 +0800] "GET /xingrg/all/function/internal_message.html?_=1606178215069&CODE_STATE=getMsg HTTP/1.1" 200 27
180.174.56.115 - - [24/Nov/2020:08:36:55 +0800] "GET /xingrg/all/function/internal_message.html?_=1606178215168&CODE_STATE=getMsg HTTP/1.1" 200 27
180.174.56.115 - - [24/Nov/2020:08:36:56 +0800] "GET /xingrg/kc/buy/cgsh_order_operate.html?command=get_materiel&rest_code=00151&code=00101008221&supplier_code=00100007&order_time=2020-11-24 HTTP/1.1" 200 412
180.174.56.115 - - [24/Nov/2020:08:37:04 +0800] "GET /xingrg/kc/buy/cgsh_order_operate.html?command=get_materiel&rest_code=00151&code=00101008370&supplier_code=00100007&order_time=2020-11-24 HTTP/1.1" 200 412
101.83.145.44 - - [24/Nov/2020:08:37:05 +0800] "POST /xingrg/kc/buy/cgsh_order_operate.html HTTP/1.1" 200 37
180.174.56.115 - - [24/Nov/2020:08:37:10 +0800] "GET /xingrg/kc/buy/cgsh_order_operate.html?command=get_materiel&rest_code=00151&code=00101008114&supplier_code=00100007&order_time=2020-11-24 HTTP/1.1" 200 413
58.35.246.33 - - [24/Nov/2020:08:37:13 +0800] "GET /xingrg/all/function/internal_message.html?_=1606178348668&CODE_STATE=getMsg HTTP/1.1" 302 -
180.174.56.115 - - [24/Nov/2020:08:37:17 +0800] "GET /xingrg/kc/buy/cgsh_order_operate.html?command=get_materiel&rest_code=00151&code=00101008441&supplier_code=00100007&order_time=2020-11-24 HTTP/1.1" 200 407
180.174.56.115 - - [24/Nov/2020:08:37:24 +0800] "GET /xingrg/kc/buy/cgsh_order_operate.html?command=get_materiel&rest_code=00151&code=00101008150&supplier_code=00100007&order_time=2020-11-24 HTTP/1.1" 200 409
114.84.37.38 - - [24/Nov/2020:08:37:24 +0800] "GET /xingrg/all/function/internal_message.html?_=1606178279563&CODE_STATE=getMsg HTTP/1.1" 200 27
120.253.135.82 - - [24/Nov/2020:08:37:28 +0800] "GET /xingrg/all/function/internal_message.html?_=1606178292586&CODE_STATE=getMsg HTTP/1.1" 200 27
180.174.56.115 - - [24/Nov/2020:08:37:32 +0800] "GET /xingrg/kc/buy/cgsh_order_operate.html?command=get_materiel&rest_code=00151&code=00101008165&supplier_code=00100007&order_time=2020-11-24 HTTP/1.1" 200 416
180.174.56.115 - - [24/Nov/2020:08:37:38 +0800] "GET /xingrg/kc/buy/cgsh_order_operate.html?command=get_materiel&rest_code=00151&code=00101008223&supplier_code=00100007&order_time=2020-11-24 HTTP/1.1" 200 412
172.17.0.123 - - [24/Nov/2020:08:37:39 +0800] "GET /xingrg/all/function/internal_message.html?_=1606178196591&CODE_STATE=getMsg HTTP/1.1" 200 27
172.17.0.123 - - [24/Nov/2020:08:37:39 +0800] "GET /xingrg/check_reg.html?_=1606178196593 HTTP/1.1" 200 22
101.83.145.44 - - [24/Nov/2020:08:37:40 +0800] "POST /xingrg/kc/buy/cgsh_order_operate.html HTTP/1.1" 200 4435
180.174.56.115 - - [24/Nov/2020:08:37:43 +0800] "GET /xingrg/kc/buy/cgsh_order_operate.html?command=get_materiel&rest_code=00151&code=00101008350&supplier_code=00100007&order_time=2020-11-24 HTTP/1.1" 200 408
58.40.7.146 - - [24/Nov/2020:08:37:45 +0800] "GET /xingrg/all/function/internal_message.html?_=1606178265105&CODE_STATE=getMsg HTTP/1.1" 200 27
101.83.145.44 - - [24/Nov/2020:08:37:48 +0800] "GET /xingrg/kc/print/load_config.html?kc_code=cgsh HTTP/1.1" 200 1845
101.83.145.44 - - [24/Nov/2020:08:37:48 +0800] "GET /xingrg/kc/print/load_data.html?order_code=212020112409376&kc_code=cgsh&condition= HTTP/1.1" 200 1398
180.174.56.115 - - [24/Nov/2020:08:37:49 +0800] "POST /xingrg/kc/buy/cgsh_order_operate.html HTTP/1.1" 200 2065
180.174.56.115 - - [24/Nov/2020:08:37:53 +0800] "GET /xingrg/kc/buy/cgsh_order_operate.html?command=get_materiel&rest_code=00151&code=00101008264&supplier_code=00100007&order_time=2020-11-24 HTTP/1.1" 200 412
114.84.145.85 - - [24/Nov/2020:08:37:55 +0800] "GET /xingrg/all/function/internal_message.html?_=1606178275067&CODE_STATE=getMsg HTTP/1.1" 200 27
180.174.56.115 - - [24/Nov/2020:08:37:55 +0800] "GET /xingrg/all/function/internal_message.html?_=1606178275167&CODE_STATE=getMsg HTTP/1.1" 200 27
180.174.56.115 - - [24/Nov/2020:08:38:04 +0800] "GET /xingrg/kc/buy/cgsh_order_operate.html?command=get_materiel&rest_code=00151&code=00101008302&supplier_code=00100007&order_time=2020-11-24 HTTP/1.1" 200 412
58.35.246.33 - - [24/Nov/2020:08:38:13 +0800] "GET /xingrg/all/function/internal_message.html?_=1606178408645&CODE_STATE=getMsg HTTP/1.1" 302 -
180.174.56.115 - - [24/Nov/2020:08:38:14 +0800] "GET /xingrg/kc/buy/cgsh_order_operate.html?command=get_materiel&rest_code=00151&code=00101008355&supplier_code=00100007&order_time=2020-11-24 HTTP/1.1" 200 408
101.83.145.44 - - [24/Nov/2020:08:38:19 +0800] "GET /xingrg/all/function/internal_message.html?_=1606178299233&CODE_STATE=getMsg HTTP/1.1" 200 27
180.174.56.115 - - [24/Nov/2020:08:38:19 +0800] "GET /xingrg/kc/buy/cgsh_order_operate.html?command=get_materiel&rest_code=00151&code=00101008005&supplier_code=00100007&order_time=2020-11-24 HTTP/1.1" 200 412
61.151.178.174 - - [24/Nov/2020:08:38:24 +0800] "GET /xingrg/all/function/internal_message.html?_=1606178095070&CODE_STATE=getMsg HTTP/1.1" 302 -
114.84.37.38 - - [24/Nov/2020:08:38:24 +0800] "GET /xingrg/all/function/internal_message.html?_=1606178339566&CODE_STATE=getMsg HTTP/1.1" 200 27
180.174.56.115 - - [24/Nov/2020:08:38:26 +0800] "GET /xingrg/kc/buy/cgsh_order_operate.html?command=get_materiel&rest_code=00151&code=00101008357&supplier_code=00100007&order_time=2020-11-24 HTTP/1.1" 200 408
120.253.135.82 - - [24/Nov/2020:08:38:28 +0800] "GET /xingrg/all/function/internal_message.html?_=1606178352611&CODE_STATE=getMsg HTTP/1.1" 200 27
61.151.178.174 - - [24/Nov/2020:08:38:30 +0800] "GET /xingrg/login.html HTTP/1.1" 200 7641
