101.83.145.44 - - [24/Nov/2020:09:37:17 +0800] "GET /xingrg/all/function/internal_message.html?_=1606181837833&CODE_STATE=getMsg HTTP/1.1" 200 27
172.17.200.101 - - [24/Nov/2020:09:37:21 +0800] "GET /xingrg/all/function/internal_message.html?_=1606181841823&CODE_STATE=getMsg HTTP/1.1" 200 27
120.253.135.82 - - [24/Nov/2020:09:37:27 +0800] "GET /xingrg/all/function/internal_message.html?_=1606181594242&CODE_STATE=getMsg HTTP/1.1" 200 27
120.253.135.82 - - [24/Nov/2020:09:37:29 +0800] "GET /xingrg/all/function/internal_message.html?_=1606181893760&CODE_STATE=getMsg HTTP/1.1" 200 27
114.84.37.38 - - [24/Nov/2020:09:37:30 +0800] "GET /xingrg/all/function/internal_message.html?_=1606181885509&CODE_STATE=getMsg HTTP/1.1" 200 27
101.85.228.137 - - [24/Nov/2020:09:37:31 +0800] "GET /xingrg/all/function/internal_message.html?_=1606182076040&CODE_STATE=getMsg HTTP/1.1" 200 27
172.17.0.123 - - [24/Nov/2020:09:37:39 +0800] "GET /xingrg/all/function/internal_message.html?_=1606181796589&CODE_STATE=getMsg HTTP/1.1" 200 27
172.17.0.123 - - [24/Nov/2020:09:37:39 +0800] "GET /xingrg/check_reg.html?_=1606181796591 HTTP/1.1" 200 22
172.17.0.120 - - [24/Nov/2020:09:37:41 +0800] "GET /xingrg/all/function/internal_message.html?_=1606182094254&CODE_STATE=getMsg HTTP/1.1" 200 27
58.40.7.146 - - [24/Nov/2020:09:37:45 +0800] "GET /xingrg/all/function/internal_message.html?_=1606181865128&CODE_STATE=getMsg HTTP/1.1" 200 27
222.69.134.41 - - [24/Nov/2020:09:37:47 +0800] "GET /xingrg/all/function/internal_message.html?_=1606181865993&CODE_STATE=getMsg HTTP/1.1" 200 27
222.69.134.41 - - [24/Nov/2020:09:37:47 +0800] "GET /xingrg/check_reg.html?_=1606181866043 HTTP/1.1" 200 22
114.84.145.85 - - [24/Nov/2020:09:37:55 +0800] "GET /xingrg/all/function/internal_message.html?_=1606181875228&CODE_STATE=getMsg HTTP/1.1" 200 27
172.17.0.102 - - [24/Nov/2020:09:37:56 +0800] "GET /xingrg/all/function/internal_message.html?_=1606181877608&CODE_STATE=getMsg HTTP/1.1" 200 27
116.228.172.94 - - [24/Nov/2020:09:37:58 +0800] "GET /xingrg/all/function/internal_message.html?_=1606181877349&CODE_STATE=getMsg HTTP/1.1" 200 27
58.35.246.33 - - [24/Nov/2020:09:38:00 +0800] "GET /xingrg/all/function/internal_message.html?_=1606181995310&CODE_STATE=getMsg HTTP/1.1" 200 27
180.157.253.48 - - [24/Nov/2020:09:38:05 +0800] "GET /xingrg/all/function/internal_message.html?_=1606181886881&CODE_STATE=getMsg HTTP/1.1" 200 27
180.174.56.115 - - [24/Nov/2020:09:38:09 +0800] "GET /xingrg/all/function/internal_message.html?_=1606181889339&CODE_STATE=getMsg HTTP/1.1" 200 27
180.174.56.115 - - [24/Nov/2020:09:38:11 +0800] "GET /xingrg/all/function/internal_message.html?_=1606181868776&CODE_STATE=getMsg HTTP/1.1" 200 27
101.83.145.44 - - [24/Nov/2020:09:38:17 +0800] "GET /xingrg/all/function/internal_message.html?_=1606181897807&CODE_STATE=getMsg HTTP/1.1" 200 27
172.17.200.101 - - [24/Nov/2020:09:38:21 +0800] "GET /xingrg/all/function/internal_message.html?_=1606181901838&CODE_STATE=getMsg HTTP/1.1" 200 27
120.253.135.82 - - [24/Nov/2020:09:38:27 +0800] "GET /xingrg/all/function/internal_message.html?_=1606181654255&CODE_STATE=getMsg HTTP/1.1" 200 27
120.253.135.82 - - [24/Nov/2020:09:38:29 +0800] "GET /xingrg/all/function/internal_message.html?_=1606181953808&CODE_STATE=getMsg HTTP/1.1" 200 27
114.84.37.38 - - [24/Nov/2020:09:38:30 +0800] "GET /xingrg/all/function/internal_message.html?_=1606181945513&CODE_STATE=getMsg HTTP/1.1" 200 27
101.85.228.137 - - [24/Nov/2020:09:38:31 +0800] "GET /xingrg/check_reg.html?_=1606182135758 HTTP/1.1" 200 22
101.85.228.137 - - [24/Nov/2020:09:38:31 +0800] "GET /xingrg/all/function/internal_message.html?_=1606182136053&CODE_STATE=getMsg HTTP/1.1" 200 27
172.17.0.123 - - [24/Nov/2020:09:38:39 +0800] "GET /xingrg/all/function/internal_message.html?_=1606181856591&CODE_STATE=getMsg HTTP/1.1" 200 27
172.17.0.120 - - [24/Nov/2020:09:38:41 +0800] "GET /xingrg/all/function/internal_message.html?_=1606182154258&CODE_STATE=getMsg HTTP/1.1" 200 27
116.228.172.94 - - [24/Nov/2020:09:38:41 +0800] "GET /xingrg/kc/base/base_main.html HTTP/1.1" 200 12142
58.40.7.146 - - [24/Nov/2020:09:38:45 +0800] "GET /xingrg/all/function/internal_message.html?_=1606181925132&CODE_STATE=getMsg HTTP/1.1" 200 27
58.40.7.146 - - [24/Nov/2020:09:38:45 +0800] "GET /xingrg/check_reg.html?_=1606181925134 HTTP/1.1" 200 22
222.69.134.41 - - [24/Nov/2020:09:38:47 +0800] "GET /xingrg/all/function/internal_message.html?_=1606181925976&CODE_STATE=getMsg HTTP/1.1" 200 27
114.84.145.85 - - [24/Nov/2020:09:38:55 +0800] "GET /xingrg/all/function/internal_message.html?_=1606181935227&CODE_STATE=getMsg HTTP/1.1" 200 27
172.17.0.102 - - [24/Nov/2020:09:38:56 +0800] "GET /xingrg/all/function/internal_message.html?_=1606181937597&CODE_STATE=getMsg HTTP/1.1" 200 27
116.228.172.94 - - [24/Nov/2020:09:38:58 +0800] "GET /xingrg/all/function/internal_message.html?_=1606181937325&CODE_STATE=getMsg HTTP/1.1" 200 27
58.35.246.33 - - [24/Nov/2020:09:39:00 +0800] "GET /xingrg/all/function/internal_message.html?_=1606182055312&CODE_STATE=getMsg HTTP/1.1" 200 27
58.35.246.33 - - [24/Nov/2020:09:39:00 +0800] "GET /xingrg/check_reg.html?_=1606182055310 HTTP/1.1" 200 22
116.228.172.94 - - [24/Nov/2020:09:39:04 +0800] "GET /xingrg/kc/base/wldb_order_list.html HTTP/1.1" 200 19424
180.157.253.48 - - [24/Nov/2020:09:39:05 +0800] "GET /xingrg/all/function/internal_message.html?_=1606181946895&CODE_STATE=getMsg HTTP/1.1" 200 27
58.35.246.33 - - [24/Nov/2020:09:39:05 +0800] "GET /xingrg/kc/buy/cgyd_order_list.html HTTP/1.1" 200 44471
116.228.172.94 - - [24/Nov/2020:09:39:05 +0800] "POST /xingrg/kc/base/wldb_list_operate.html HTTP/1.1" 200 1777
58.35.246.33 - - [24/Nov/2020:09:39:05 +0800] "GET /favicon.ico HTTP/1.1" 404 -
58.35.246.33 - - [24/Nov/2020:09:39:06 +0800] "POST /xingrg/kc/buy/cgyd_list_operate.html HTTP/1.1" 200 976
180.174.56.115 - - [24/Nov/2020:09:39:09 +0800] "GET /xingrg/all/function/internal_message.html?_=1606181949340&CODE_STATE=getMsg HTTP/1.1" 200 27
180.174.56.115 - - [24/Nov/2020:09:39:10 +0800] "GET /xingrg/check_reg.html?_=1606181928646 HTTP/1.1" 200 22
180.174.56.115 - - [24/Nov/2020:09:39:11 +0800] "GET /xingrg/all/function/internal_message.html?_=1606181928790&CODE_STATE=getMsg HTTP/1.1" 200 27
101.83.145.44 - - [24/Nov/2020:09:39:17 +0800] "GET /xingrg/all/function/internal_message.html?_=1606181957785&CODE_STATE=getMsg HTTP/1.1" 200 27
101.83.145.44 - - [24/Nov/2020:09:39:19 +0800] "GET /xingrg/check_reg.html?_=1606181959435 HTTP/1.1" 200 22
172.17.200.101 - - [24/Nov/2020:09:39:21 +0800] "GET /xingrg/all/function/internal_message.html?_=1606181961824&CODE_STATE=getMsg HTTP/1.1" 200 27
120.253.135.82 - - [24/Nov/2020:09:39:27 +0800] "GET /xingrg/all/function/internal_message.html?_=1606181714287&CODE_STATE=getMsg HTTP/1.1" 200 27
120.253.135.82 - - [24/Nov/2020:09:39:29 +0800] "GET /xingrg/all/function/internal_message.html?_=1606182013819&CODE_STATE=getMsg HTTP/1.1" 200 27
114.84.37.38 - - [24/Nov/2020:09:39:30 +0800] "GET /xingrg/all/function/internal_message.html?_=1606182005847&CODE_STATE=getMsg HTTP/1.1" 200 27
101.85.228.137 - - [24/Nov/2020:09:39:31 +0800] "GET /xingrg/all/function/internal_message.html?_=1606182196067&CODE_STATE=getMsg HTTP/1.1" 200 27
172.17.0.123 - - [24/Nov/2020:09:39:39 +0800] "GET /xingrg/all/function/internal_message.html?_=1606181916593&CODE_STATE=getMsg HTTP/1.1" 200 27
172.17.0.120 - - [24/Nov/2020:09:39:41 +0800] "GET /xingrg/all/function/internal_message.html?_=1606182214248&CODE_STATE=getMsg HTTP/1.1" 200 27
58.40.7.146 - - [24/Nov/2020:09:39:45 +0800] "GET /xingrg/all/function/internal_message.html?_=1606181985138&CODE_STATE=getMsg HTTP/1.1" 200 27
222.69.134.41 - - [24/Nov/2020:09:39:47 +0800] "GET /xingrg/all/function/internal_message.html?_=1606181985961&CODE_STATE=getMsg HTTP/1.1" 200 27
116.228.172.94 - - [24/Nov/2020:09:39:52 +0800] "GET /xingrg/check_reg.html?_=1606181990899 HTTP/1.1" 200 22
114.84.37.38 - - [24/Nov/2020:09:39:53 +0800] "GET /xingrg/check_reg.html?_=1606182028022 HTTP/1.1" 200 22
114.84.145.85 - - [24/Nov/2020:09:39:55 +0800] "GET /xingrg/all/function/internal_message.html?_=1606181995228&CODE_STATE=getMsg HTTP/1.1" 200 27
114.84.145.85 - - [24/Nov/2020:09:39:55 +0800] "GET /xingrg/check_reg.html?_=1606181995254 HTTP/1.1" 200 22
172.17.0.102 - - [24/Nov/2020:09:39:56 +0800] "GET /xingrg/all/function/internal_message.html?_=1606181997602&CODE_STATE=getMsg HTTP/1.1" 200 27
116.228.172.94 - - [24/Nov/2020:09:39:58 +0800] "GET /xingrg/all/function/internal_message.html?_=1606181997294&CODE_STATE=getMsg HTTP/1.1" 200 27
58.35.246.33 - - [24/Nov/2020:09:40:00 +0800] "GET /xingrg/all/function/internal_message.html?_=1606182115309&CODE_STATE=getMsg HTTP/1.1" 200 27
180.157.253.48 - - [24/Nov/2020:09:40:05 +0800] "GET /xingrg/all/function/internal_message.html?_=1606182006953&CODE_STATE=getMsg HTTP/1.1" 200 27
180.174.56.115 - - [24/Nov/2020:09:40:09 +0800] "GET /xingrg/all/function/internal_message.html?_=1606182009340&CODE_STATE=getMsg HTTP/1.1" 200 27
180.174.56.115 - - [24/Nov/2020:09:40:11 +0800] "GET /xingrg/all/function/internal_message.html?_=1606181988803&CODE_STATE=getMsg HTTP/1.1" 200 27
101.83.145.44 - - [24/Nov/2020:09:40:17 +0800] "GET /xingrg/all/function/internal_message.html?_=1606182017760&CODE_STATE=getMsg HTTP/1.1" 200 27
114.84.37.38 - - [24/Nov/2020:09:40:18 +0800] "POST /xingrg/services/DataTransmitService HTTP/1.1" 200 524
172.17.200.101 - - [24/Nov/2020:09:40:21 +0800] "GET /xingrg/check_reg.html?_=1606182021834 HTTP/1.1" 200 22
172.17.200.101 - - [24/Nov/2020:09:40:21 +0800] "GET /xingrg/all/function/internal_message.html?_=1606182021836&CODE_STATE=getMsg HTTP/1.1" 200 27
120.253.135.82 - - [24/Nov/2020:09:40:27 +0800] "GET /xingrg/all/function/internal_message.html?_=1606181774298&CODE_STATE=getMsg HTTP/1.1" 200 27
120.253.135.82 - - [24/Nov/2020:09:40:29 +0800] "GET /xingrg/all/function/internal_message.html?_=1606182073867&CODE_STATE=getMsg HTTP/1.1" 200 27
114.84.37.38 - - [24/Nov/2020:09:40:30 +0800] "GET /xingrg/all/function/internal_message.html?_=1606182065853&CODE_STATE=getMsg HTTP/1.1" 200 27
101.85.228.137 - - [24/Nov/2020:09:40:31 +0800] "GET /xingrg/all/function/internal_message.html?_=1606182256081&CODE_STATE=getMsg HTTP/1.1" 200 27
172.17.0.123 - - [24/Nov/2020:09:40:39 +0800] "GET /xingrg/all/function/internal_message.html?_=1606181976593&CODE_STATE=getMsg HTTP/1.1" 200 27
172.17.0.120 - - [24/Nov/2020:09:40:41 +0800] "GET /xingrg/all/function/internal_message.html?_=1606182274253&CODE_STATE=getMsg HTTP/1.1" 200 27
58.40.7.146 - - [24/Nov/2020:09:40:45 +0800] "GET /xingrg/all/function/internal_message.html?_=1606182045124&CODE_STATE=getMsg HTTP/1.1" 200 27
222.69.134.41 - - [24/Nov/2020:09:40:47 +0800] "GET /xingrg/all/function/internal_message.html?_=1606182045935&CODE_STATE=getMsg HTTP/1.1" 200 27
114.84.145.85 - - [24/Nov/2020:09:40:55 +0800] "GET /xingrg/all/function/internal_message.html?_=1606182055252&CODE_STATE=getMsg HTTP/1.1" 200 27
172.17.0.102 - - [24/Nov/2020:09:40:56 +0800] "GET /xingrg/check_reg.html?_=1606182057603 HTTP/1.1" 200 22
172.17.0.102 - - [24/Nov/2020:09:40:56 +0800] "GET /xingrg/all/function/internal_message.html?_=1606182057605&CODE_STATE=getMsg HTTP/1.1" 200 27
116.228.172.94 - - [24/Nov/2020:09:40:58 +0800] "GET /xingrg/all/function/internal_message.html?_=1606182057265&CODE_STATE=getMsg HTTP/1.1" 200 27
58.35.246.33 - - [24/Nov/2020:09:41:00 +0800] "GET /xingrg/all/function/internal_message.html?_=1606182175312&CODE_STATE=getMsg HTTP/1.1" 200 27
180.157.253.48 - - [24/Nov/2020:09:41:05 +0800] "GET /xingrg/all/function/internal_message.html?_=1606182066968&CODE_STATE=getMsg HTTP/1.1" 200 27
120.253.135.82 - - [24/Nov/2020:09:41:09 +0800] "GET /xingrg/check_reg.html?_=1606182113473 HTTP/1.1" 200 22
114.84.145.85 - - [24/Nov/2020:09:41:09 +0800] "GET /xingrg/check_reg.html?_=1606181649522 HTTP/1.1" 302 -
180.174.56.115 - - [24/Nov/2020:09:41:09 +0800] "GET /xingrg/check_reg.html?_=1606182069339 HTTP/1.1" 200 22
180.174.56.115 - - [24/Nov/2020:09:41:09 +0800] "GET /xingrg/all/function/internal_message.html?_=1606182069351&CODE_STATE=getMsg HTTP/1.1" 200 27
180.174.56.115 - - [24/Nov/2020:09:41:11 +0800] "GET /xingrg/all/function/internal_message.html?_=1606182048817&CODE_STATE=getMsg HTTP/1.1" 200 27
101.83.145.44 - - [24/Nov/2020:09:41:17 +0800] "GET /xingrg/all/function/internal_message.html?_=1606182077733&CODE_STATE=getMsg HTTP/1.1" 200 27
172.17.200.101 - - [24/Nov/2020:09:41:21 +0800] "GET /xingrg/all/function/internal_message.html?_=1606182081834&CODE_STATE=getMsg HTTP/1.1" 200 27
120.253.135.82 - - [24/Nov/2020:09:41:27 +0800] "GET /xingrg/check_reg.html?_=1606181833928 HTTP/1.1" 200 22
120.253.135.82 - - [24/Nov/2020:09:41:27 +0800] "GET /xingrg/all/function/internal_message.html?_=1606181834312&CODE_STATE=getMsg HTTP/1.1" 200 27
120.253.135.82 - - [24/Nov/2020:09:41:29 +0800] "GET /xingrg/all/function/internal_message.html?_=1606182133876&CODE_STATE=getMsg HTTP/1.1" 200 27
114.84.37.38 - - [24/Nov/2020:09:41:30 +0800] "GET /xingrg/all/function/internal_message.html?_=1606182125866&CODE_STATE=getMsg HTTP/1.1" 200 27
58.35.246.33 - - [24/Nov/2020:09:41:30 +0800] "GET /xingrg/check_reg.html?_=1606182086928 HTTP/1.1" 200 22
101.89.29.92 - - [24/Nov/2020:09:41:31 +0800] "GET /xingrg/all/function/internal_message.html?_=1606181395226&CODE_STATE=getMsg HTTP/1.1" 302 -
101.85.228.137 - - [24/Nov/2020:09:41:31 +0800] "GET /xingrg/all/function/internal_message.html?_=1606182316099&CODE_STATE=getMsg HTTP/1.1" 200 27
101.89.29.92 - - [24/Nov/2020:09:41:33 +0800] "GET /xingrg/login.html HTTP/1.1" 200 7641
172.17.0.120 - - [24/Nov/2020:09:41:41 +0800] "GET /xingrg/check_reg.html?_=1606182334257 HTTP/1.1" 200 22
172.17.0.120 - - [24/Nov/2020:09:41:41 +0800] "GET /xingrg/all/function/internal_message.html?_=1606182334260&CODE_STATE=getMsg HTTP/1.1" 200 27
58.40.7.146 - - [24/Nov/2020:09:41:45 +0800] "GET /xingrg/all/function/internal_message.html?_=1606182105127&CODE_STATE=getMsg HTTP/1.1" 200 27
222.69.134.41 - - [24/Nov/2020:09:41:47 +0800] "GET /xingrg/all/function/internal_message.html?_=1606182105919&CODE_STATE=getMsg HTTP/1.1" 200 27
124.77.237.88 - - [24/Nov/2020:09:41:47 +0800] "POST /xingrg/services/DataTransmitService HTTP/1.1" 200 524
114.84.145.85 - - [24/Nov/2020:09:41:55 +0800] "GET /xingrg/all/function/internal_message.html?_=1606182115250&CODE_STATE=getMsg HTTP/1.1" 200 27
172.17.0.102 - - [24/Nov/2020:09:41:56 +0800] "GET /xingrg/all/function/internal_message.html?_=1606182117632&CODE_STATE=getMsg HTTP/1.1" 200 27
116.228.172.94 - - [24/Nov/2020:09:41:58 +0800] "GET /xingrg/all/function/internal_message.html?_=1606182117240&CODE_STATE=getMsg HTTP/1.1" 200 27
58.35.246.33 - - [24/Nov/2020:09:42:00 +0800] "GET /xingrg/all/function/internal_message.html?_=1606182235311&CODE_STATE=getMsg HTTP/1.1" 200 27
180.157.253.48 - - [24/Nov/2020:09:42:05 +0800] "GET /xingrg/check_reg.html?_=1606182126696 HTTP/1.1" 200 22
180.157.253.48 - - [24/Nov/2020:09:42:05 +0800] "GET /xingrg/all/function/internal_message.html?_=1606182126982&CODE_STATE=getMsg HTTP/1.1" 200 27
180.174.56.115 - - [24/Nov/2020:09:42:09 +0800] "GET /xingrg/all/function/internal_message.html?_=1606182129351&CODE_STATE=getMsg HTTP/1.1" 200 27
180.174.56.115 - - [24/Nov/2020:09:42:11 +0800] "GET /xingrg/all/function/internal_message.html?_=1606182108839&CODE_STATE=getMsg HTTP/1.1" 200 27
101.83.145.44 - - [24/Nov/2020:09:42:17 +0800] "GET /xingrg/all/function/internal_message.html?_=1606182137710&CODE_STATE=getMsg HTTP/1.1" 200 27
172.17.200.101 - - [24/Nov/2020:09:42:21 +0800] "GET /xingrg/all/function/internal_message.html?_=1606182141834&CODE_STATE=getMsg HTTP/1.1" 200 27
120.253.135.82 - - [24/Nov/2020:09:42:27 +0800] "GET /xingrg/all/function/internal_message.html?_=1606181894326&CODE_STATE=getMsg HTTP/1.1" 200 27
120.253.135.82 - - [24/Nov/2020:09:42:29 +0800] "GET /xingrg/all/function/internal_message.html?_=1606182193890&CODE_STATE=getMsg HTTP/1.1" 200 27
114.84.37.38 - - [24/Nov/2020:09:42:31 +0800] "GET /xingrg/all/function/internal_message.html?_=1606182186200&CODE_STATE=getMsg HTTP/1.1" 200 27
101.85.228.137 - - [24/Nov/2020:09:42:31 +0800] "GET /xingrg/all/function/internal_message.html?_=1606182376106&CODE_STATE=getMsg HTTP/1.1" 200 27
172.17.0.120 - - [24/Nov/2020:09:42:41 +0800] "GET /xingrg/all/function/internal_message.html?_=1606182394249&CODE_STATE=getMsg HTTP/1.1" 200 27
58.40.7.146 - - [24/Nov/2020:09:42:45 +0800] "GET /xingrg/all/function/internal_message.html?_=1606182165130&CODE_STATE=getMsg HTTP/1.1" 200 27
222.69.134.41 - - [24/Nov/2020:09:42:47 +0800] "GET /xingrg/all/function/internal_message.html?_=1606182165902&CODE_STATE=getMsg HTTP/1.1" 200 27
222.69.134.41 - - [24/Nov/2020:09:42:47 +0800] "GET /xingrg/check_reg.html?_=1606182166034 HTTP/1.1" 200 22
114.84.145.85 - - [24/Nov/2020:09:42:55 +0800] "GET /xingrg/all/function/internal_message.html?_=1606182175251&CODE_STATE=getMsg HTTP/1.1" 200 27
172.17.0.102 - - [24/Nov/2020:09:42:56 +0800] "GET /xingrg/all/function/internal_message.html?_=1606182177641&CODE_STATE=getMsg HTTP/1.1" 200 27
116.228.172.94 - - [24/Nov/2020:09:42:58 +0800] "GET /xingrg/all/function/internal_message.html?_=1606182177223&CODE_STATE=getMsg HTTP/1.1" 200 27
58.35.246.33 - - [24/Nov/2020:09:43:00 +0800] "GET /xingrg/all/function/internal_message.html?_=1606182295309&CODE_STATE=getMsg HTTP/1.1" 200 27
172.17.0.102 - - [24/Nov/2020:09:43:01 +0800] "GET /xingrg/kc/base/yddb_order_list.html HTTP/1.1" 200 17010
172.17.0.102 - - [24/Nov/2020:09:43:01 +0800] "POST /xingrg/kc/base/yddb_list_operate.html HTTP/1.1" 200 636
172.17.0.102 - - [24/Nov/2020:09:43:03 +0800] "POST /xingrg/kc/base/yddb_list_operate.html HTTP/1.1" 200 4296
180.157.253.48 - - [24/Nov/2020:09:43:05 +0800] "GET /xingrg/all/function/internal_message.html?_=1606182186999&CODE_STATE=getMsg HTTP/1.1" 200 27
172.17.0.102 - - [24/Nov/2020:09:43:06 +0800] "POST /xingrg/kc/base/yddb_list_operate.html HTTP/1.1" 200 212
180.174.56.115 - - [24/Nov/2020:09:43:09 +0800] "GET /xingrg/all/function/internal_message.html?_=1606182189351&CODE_STATE=getMsg HTTP/1.1" 200 27
180.174.56.115 - - [24/Nov/2020:09:43:11 +0800] "GET /xingrg/all/function/internal_message.html?_=1606182168844&CODE_STATE=getMsg HTTP/1.1" 200 27
172.17.0.102 - - [24/Nov/2020:09:43:14 +0800] "POST /xingrg/kc/base/yddb_list_operate.html HTTP/1.1" 200 4453
101.83.145.44 - - [24/Nov/2020:09:43:17 +0800] "GET /xingrg/all/function/internal_message.html?_=1606182197684&CODE_STATE=getMsg HTTP/1.1" 200 27
172.17.0.102 - - [24/Nov/2020:09:43:18 +0800] "POST /xingrg/kc/base/yddb_list_operate.html HTTP/1.1" 200 202
172.17.200.101 - - [24/Nov/2020:09:43:21 +0800] "GET /xingrg/all/function/internal_message.html?_=1606182201841&CODE_STATE=getMsg HTTP/1.1" 200 27
172.17.0.102 - - [24/Nov/2020:09:43:22 +0800] "POST /xingrg/kc/base/yddb_list_operate.html HTTP/1.1" 200 4296
120.253.135.82 - - [24/Nov/2020:09:43:27 +0800] "GET /xingrg/all/function/internal_message.html?_=1606181954339&CODE_STATE=getMsg HTTP/1.1" 200 27
120.253.135.82 - - [24/Nov/2020:09:43:29 +0800] "GET /xingrg/all/function/internal_message.html?_=1606182253937&CODE_STATE=getMsg HTTP/1.1" 200 27
101.85.228.137 - - [24/Nov/2020:09:43:30 +0800] "GET /xingrg/check_reg.html?_=1606182435775 HTTP/1.1" 200 22
114.84.37.38 - - [24/Nov/2020:09:43:31 +0800] "GET /xingrg/all/function/internal_message.html?_=1606182246206&CODE_STATE=getMsg HTTP/1.1" 200 27
101.85.228.137 - - [24/Nov/2020:09:43:31 +0800] "GET /xingrg/all/function/internal_message.html?_=1606182436121&CODE_STATE=getMsg HTTP/1.1" 200 27
172.17.0.120 - - [24/Nov/2020:09:43:41 +0800] "GET /xingrg/all/function/internal_message.html?_=1606182454245&CODE_STATE=getMsg HTTP/1.1" 200 27
58.40.7.146 - - [24/Nov/2020:09:43:45 +0800] "GET /xingrg/all/function/internal_message.html?_=1606182225134&CODE_STATE=getMsg HTTP/1.1" 200 27
58.40.7.146 - - [24/Nov/2020:09:43:45 +0800] "GET /xingrg/check_reg.html?_=1606182225136 HTTP/1.1" 200 22
222.69.134.41 - - [24/Nov/2020:09:43:47 +0800] "GET /xingrg/all/function/internal_message.html?_=1606182225875&CODE_STATE=getMsg HTTP/1.1" 200 27
114.84.145.85 - - [24/Nov/2020:09:43:55 +0800] "GET /xingrg/all/function/internal_message.html?_=1606182235251&CODE_STATE=getMsg HTTP/1.1" 200 27
172.17.0.102 - - [24/Nov/2020:09:43:56 +0800] "GET /xingrg/all/function/internal_message.html?_=1606182237633&CODE_STATE=getMsg HTTP/1.1" 200 27
116.228.172.94 - - [24/Nov/2020:09:43:58 +0800] "GET /xingrg/all/function/internal_message.html?_=1606182237197&CODE_STATE=getMsg HTTP/1.1" 200 27
58.35.246.33 - - [24/Nov/2020:09:44:00 +0800] "GET /xingrg/check_reg.html?_=1606182355312 HTTP/1.1" 200 22
58.35.246.33 - - [24/Nov/2020:09:44:00 +0800] "GET /xingrg/all/function/internal_message.html?_=1606182355309&CODE_STATE=getMsg HTTP/1.1" 200 27
180.157.253.48 - - [24/Nov/2020:09:44:05 +0800] "GET /xingrg/all/function/internal_message.html?_=1606182247009&CODE_STATE=getMsg HTTP/1.1" 200 27
101.89.239.230 - - [24/Nov/2020:09:44:07 +0800] "GET /xingrg/all/function/internal_message.html?_=1606181515226&CODE_STATE=getMsg HTTP/1.1" 302 -
180.174.56.115 - - [24/Nov/2020:09:44:09 +0800] "GET /xingrg/all/function/internal_message.html?_=1606182249350&CODE_STATE=getMsg HTTP/1.1" 200 27
180.174.56.115 - - [24/Nov/2020:09:44:10 +0800] "GET /xingrg/check_reg.html?_=1606182228669 HTTP/1.1" 200 22
180.174.56.115 - - [24/Nov/2020:09:44:11 +0800] "GET /xingrg/all/function/internal_message.html?_=1606182228858&CODE_STATE=getMsg HTTP/1.1" 200 27
101.89.239.230 - - [24/Nov/2020:09:44:13 +0800] "GET /xingrg/login.html HTTP/1.1" 200 7641
101.83.145.44 - - [24/Nov/2020:09:44:17 +0800] "GET /xingrg/all/function/internal_message.html?_=1606182257660&CODE_STATE=getMsg HTTP/1.1" 200 27
101.83.145.44 - - [24/Nov/2020:09:44:19 +0800] "GET /xingrg/check_reg.html?_=1606182259406 HTTP/1.1" 200 22
172.17.200.101 - - [24/Nov/2020:09:44:21 +0800] "GET /xingrg/all/function/internal_message.html?_=1606182261841&CODE_STATE=getMsg HTTP/1.1" 200 27
120.253.135.82 - - [24/Nov/2020:09:44:27 +0800] "GET /xingrg/all/function/internal_message.html?_=1606182014370&CODE_STATE=getMsg HTTP/1.1" 200 27
120.253.135.82 - - [24/Nov/2020:09:44:29 +0800] "GET /xingrg/all/function/internal_message.html?_=1606182313948&CODE_STATE=getMsg HTTP/1.1" 200 27
101.85.228.137 - - [24/Nov/2020:09:44:31 +0800] "GET /xingrg/all/function/internal_message.html?_=1606182496135&CODE_STATE=getMsg HTTP/1.1" 200 27
114.84.37.38 - - [24/Nov/2020:09:44:31 +0800] "GET /xingrg/all/function/internal_message.html?_=1606182306530&CODE_STATE=getMsg HTTP/1.1" 200 27
101.85.228.137 - - [24/Nov/2020:09:44:31 +0800] "GET /xingrg/javascript/jquery_easy_ui/themes/default/images/button_plain_hover.png HTTP/1.1" 200 252
101.85.228.137 - - [24/Nov/2020:09:44:32 +0800] "GET /xingrg/javascript/jquery_easy_ui/themes/default/images/button_plain_hover.png HTTP/1.1" 200 252
172.17.0.120 - - [24/Nov/2020:09:44:41 +0800] "GET /xingrg/all/function/internal_message.html?_=1606182514250&CODE_STATE=getMsg HTTP/1.1" 200 27
58.40.7.146 - - [24/Nov/2020:09:44:45 +0800] "GET /xingrg/all/function/internal_message.html?_=1606182285139&CODE_STATE=getMsg HTTP/1.1" 200 27
222.69.134.41 - - [24/Nov/2020:09:44:47 +0800] "GET /xingrg/all/function/internal_message.html?_=1606182285861&CODE_STATE=getMsg HTTP/1.1" 200 27
116.228.172.94 - - [24/Nov/2020:09:44:52 +0800] "GET /xingrg/check_reg.html?_=1606182290886 HTTP/1.1" 200 22
114.84.37.38 - - [24/Nov/2020:09:44:53 +0800] "GET /xingrg/check_reg.html?_=1606182328035 HTTP/1.1" 200 22
101.85.228.137 - - [24/Nov/2020:09:44:54 +0800] "GET /xingrg/javascript/jquery_easy_ui/themes/default/images/tabs_close.gif HTTP/1.1" 304 -
101.85.228.137 - - [24/Nov/2020:09:44:54 +0800] "GET /xingrg/css/base.css HTTP/1.1" 304 -
101.85.228.137 - - [24/Nov/2020:09:44:54 +0800] "GET /xingrg/css/site.css HTTP/1.1" 304 -
101.85.228.137 - - [24/Nov/2020:09:44:54 +0800] "GET /xingrg/javascript/jquery_tools/datebox.css HTTP/1.1" 304 -
101.85.228.137 - - [24/Nov/2020:09:44:54 +0800] "GET /xingrg/javascript/jquery_tools/jquery.tools.extend.js HTTP/1.1" 304 -
101.85.228.137 - - [24/Nov/2020:09:44:54 +0800] "GET /xingrg/javascript/easyui/themes/default/easyui.css HTTP/1.1" 304 -
101.85.228.137 - - [24/Nov/2020:09:44:54 +0800] "GET /xingrg/javascript/jquery_tools/jquery.tools.min.js HTTP/1.1" 304 -
101.85.228.137 - - [24/Nov/2020:09:44:54 +0800] "GET /xingrg/javascript/easyui/themes/icon.css HTTP/1.1" 304 -
101.85.228.137 - - [24/Nov/2020:09:44:54 +0800] "GET /xingrg/javascript/auto/jquery.autocomplete.css HTTP/1.1" 304 -
101.85.228.137 - - [24/Nov/2020:09:44:54 +0800] "GET /xingrg/javascript/jquery_tools/fix.css HTTP/1.1" 304 -
101.85.228.137 - - [24/Nov/2020:09:44:54 +0800] "GET /xingrg/javascript/jquery_tools/table.css HTTP/1.1" 304 -
101.85.228.137 - - [24/Nov/2020:09:44:54 +0800] "GET /xingrg/kc/buy/cgsh_order_list.html HTTP/1.1" 200 45004
101.85.228.137 - - [24/Nov/2020:09:44:54 +0800] "GET /xingrg/javascript/jquery_tools/jquery.tools.hotkey.js HTTP/1.1" 304 -
101.85.228.137 - - [24/Nov/2020:09:44:54 +0800] "GET /xingrg/javascript/jquery_tools/jquery.tools.table.js HTTP/1.1" 304 -
101.85.228.137 - - [24/Nov/2020:09:44:54 +0800] "GET /xingrg/javascript/jquery_tools/list_manager.js HTTP/1.1" 304 -
101.85.228.137 - - [24/Nov/2020:09:44:54 +0800] "GET /xingrg/javascript/easyui/easyloader.js HTTP/1.1" 304 -
101.85.228.137 - - [24/Nov/2020:09:44:54 +0800] "GET /xingrg/javascript/jquery.cookie.js HTTP/1.1" 304 -
101.85.228.137 - - [24/Nov/2020:09:44:54 +0800] "GET /xingrg/javascript/print/LodopFuncs.js HTTP/1.1" 304 -
101.85.228.137 - - [24/Nov/2020:09:44:54 +0800] "GET /xingrg/javascript/auto/jquery.autocomplete.js HTTP/1.1" 304 -
114.84.145.85 - - [24/Nov/2020:09:44:55 +0800] "GET /xingrg/all/function/internal_message.html?_=1606182295250&CODE_STATE=getMsg HTTP/1.1" 200 27
114.84.145.85 - - [24/Nov/2020:09:44:55 +0800] "GET /xingrg/check_reg.html?_=1606182295252 HTTP/1.1" 200 22
172.17.0.102 - - [24/Nov/2020:09:44:56 +0800] "GET /xingrg/all/function/internal_message.html?_=1606182297619&CODE_STATE=getMsg HTTP/1.1" 200 27
101.85.228.137 - - [24/Nov/2020:09:44:57 +0800] "GET /xingrg/javascript/easyui/themes/icons/edit_add_new.png HTTP/1.1" 304 -
101.85.228.137 - - [24/Nov/2020:09:44:57 +0800] "GET /xingrg/javascript/easyui/themes/icons/cance_new.png HTTP/1.1" 304 -
101.85.228.137 - - [24/Nov/2020:09:44:57 +0800] "GET /xingrg/javascript/easyui/themes/icons/check_new.png HTTP/1.1" 304 -
101.85.228.137 - - [24/Nov/2020:09:44:57 +0800] "GET /xingrg/javascript/easyui/themes/icons/field_new.png HTTP/1.1" 304 -
101.85.228.137 - - [24/Nov/2020:09:44:57 +0800] "GET /xingrg/javascript/easyui/themes/icons/import_new.png HTTP/1.1" 304 -
101.85.228.137 - - [24/Nov/2020:09:44:57 +0800] "GET /xingrg/javascript/easyui/plugins/jquery.parser.js HTTP/1.1" 304 -
101.85.228.137 - - [24/Nov/2020:09:44:57 +0800] "GET /xingrg/images/control/ajaxLoader.gif HTTP/1.1" 304 -
101.85.228.137 - - [24/Nov/2020:09:44:58 +0800] "POST /xingrg/kc/buy/cgsh_list_operate.html HTTP/1.1" 200 876
116.228.172.94 - - [24/Nov/2020:09:44:58 +0800] "GET /xingrg/all/function/internal_message.html?_=1606182297171&CODE_STATE=getMsg HTTP/1.1" 200 27
58.35.246.33 - - [24/Nov/2020:09:45:00 +0800] "GET /xingrg/all/function/internal_message.html?_=1606182415313&CODE_STATE=getMsg HTTP/1.1" 200 27
101.85.228.137 - - [24/Nov/2020:09:45:00 +0800] "GET /xingrg/javascript/easyui/themes/default/images/button_plain_hover.png HTTP/1.1" 304 -
101.85.228.137 - - [24/Nov/2020:09:45:01 +0800] "GET /xingrg/javascript/pic_change.js HTTP/1.1" 304 -
101.85.228.137 - - [24/Nov/2020:09:45:01 +0800] "GET /xingrg/javascript/jquery_tools/order_manager.js HTTP/1.1" 304 -
101.85.228.137 - - [24/Nov/2020:09:45:01 +0800] "GET /xingrg/javascript/convert.js HTTP/1.1" 304 -
101.85.228.137 - - [24/Nov/2020:09:45:01 +0800] "GET /xingrg/javascript/json2.js HTTP/1.1" 304 -
101.85.228.137 - - [24/Nov/2020:09:45:01 +0800] "GET /xingrg/javascript/print/kc_print.js HTTP/1.1" 304 -
101.85.228.137 - - [24/Nov/2020:09:45:01 +0800] "GET /xingrg/kc/buy/cgsh_order_add.html HTTP/1.1" 200 60701
101.85.228.137 - - [24/Nov/2020:09:45:02 +0800] "GET /xingrg/words/20201123125902_words.js HTTP/1.1" 200 777224
101.85.228.137 - - [24/Nov/2020:09:45:02 +0800] "GET /xingrg/javascript/easyui/themes/icons/copy_new.png HTTP/1.1" 304 -
101.85.228.137 - - [24/Nov/2020:09:45:02 +0800] "GET /xingrg/javascript/easyui/themes/icons/template_new.png HTTP/1.1" 304 -
101.85.228.137 - - [24/Nov/2020:09:45:02 +0800] "GET /xingrg/javascript/easyui/themes/icons/ok.png HTTP/1.1" 304 -
101.85.228.137 - - [24/Nov/2020:09:45:02 +0800] "GET /xingrg/javascript/easyui/themes/icons/print.png HTTP/1.1" 304 -
101.85.228.137 - - [24/Nov/2020:09:45:02 +0800] "GET /xingrg/javascript/easyui/themes/default/images/menu_downarrow.png HTTP/1.1" 304 -
101.85.228.137 - - [24/Nov/2020:09:45:02 +0800] "GET /xingrg/javascript/easyui/themes/icons/cancel.png HTTP/1.1" 304 -
101.85.228.137 - - [24/Nov/2020:09:45:04 +0800] "POST /xingrg/kc/buy/cgsh_order_operate.html HTTP/1.1" 200 8245
101.85.228.137 - - [24/Nov/2020:09:45:04 +0800] "GET /xingrg/javascript/easyui/themes/icons/edit_remove.png HTTP/1.1" 304 -
101.85.228.137 - - [24/Nov/2020:09:45:04 +0800] "GET /xingrg/all/common/auto_word.html?type=employee&rest_code=00102 HTTP/1.1" 200 189
101.85.228.137 - - [24/Nov/2020:09:45:04 +0800] "GET /xingrg/all/common/auto_word.html?type=employee&rest_code=00102 HTTP/1.1" 200 189
101.85.228.137 - - [24/Nov/2020:09:45:05 +0800] "GET /xingrg/javascript/easyui/themes/default/validatebox.css HTTP/1.1" 404 1104
101.85.228.137 - - [24/Nov/2020:09:45:05 +0800] "GET /xingrg/javascript/easyui/plugins/jquery.validatebox.js HTTP/1.1" 304 -
101.85.228.137 - - [24/Nov/2020:09:45:05 +0800] "GET /xingrg/javascript/easyui/plugins/jquery.numberbox.js HTTP/1.1" 304 -
180.157.253.48 - - [24/Nov/2020:09:45:05 +0800] "GET /xingrg/all/function/internal_message.html?_=1606182307067&CODE_STATE=getMsg HTTP/1.1" 200 27
101.85.228.137 - - [24/Nov/2020:09:45:07 +0800] "GET /xingrg/javascript/easyui/plugins/jquery.draggable.js HTTP/1.1" 304 -
101.85.228.137 - - [24/Nov/2020:09:45:07 +0800] "GET /xingrg/css/images/panel_loading.gif HTTP/1.1" 304 -
101.85.228.137 - - [24/Nov/2020:09:45:07 +0800] "GET /xingrg/javascript/easyui/plugins/jquery.droppable.js HTTP/1.1" 304 -
101.85.228.137 - - [24/Nov/2020:09:45:07 +0800] "GET /xingrg/javascript/easyui/themes/default/tree.css HTTP/1.1" 404 1090
101.85.228.137 - - [24/Nov/2020:09:45:07 +0800] "GET /xingrg/javascript/easyui/plugins/jquery.tree.js HTTP/1.1" 304 -
101.85.228.137 - - [24/Nov/2020:09:45:08 +0800] "POST /xingrg/all/common/load_tree.html?tree=supplier_tree_json&isDelete=1 HTTP/1.1" 200 51980
180.174.56.115 - - [24/Nov/2020:09:45:09 +0800] "GET /xingrg/all/function/internal_message.html?_=1606182309350&CODE_STATE=getMsg HTTP/1.1" 200 27
180.174.56.115 - - [24/Nov/2020:09:45:11 +0800] "GET /xingrg/all/function/internal_message.html?_=1606182288871&CODE_STATE=getMsg HTTP/1.1" 200 27
101.85.228.137 - - [24/Nov/2020:09:45:11 +0800] "GET /xingrg/javascript/easyui/themes/default/images/tree_arrows.gif HTTP/1.1" 304 -
101.85.228.137 - - [24/Nov/2020:09:45:11 +0800] "GET /xingrg/javascript/easyui/themes/default/images/tree_folder_open.gif HTTP/1.1" 304 -
101.85.228.137 - - [24/Nov/2020:09:45:11 +0800] "GET /xingrg/javascript/easyui/themes/default/images/tree_folder.gif HTTP/1.1" 304 -
101.85.228.137 - - [24/Nov/2020:09:45:11 +0800] "GET /xingrg/javascript/easyui/themes/default/images/tree_file.gif HTTP/1.1" 304 -
101.83.145.44 - - [24/Nov/2020:09:45:17 +0800] "GET /xingrg/all/function/internal_message.html?_=1606182317636&CODE_STATE=getMsg HTTP/1.1" 200 27
172.17.200.101 - - [24/Nov/2020:09:45:21 +0800] "GET /xingrg/check_reg.html?_=1606182321841 HTTP/1.1" 200 22
172.17.200.101 - - [24/Nov/2020:09:45:21 +0800] "GET /xingrg/all/function/internal_message.html?_=1606182321850&CODE_STATE=getMsg HTTP/1.1" 200 27
101.85.228.137 - - [24/Nov/2020:09:45:26 +0800] "GET /xingrg/javascript/auto/indicator.gif HTTP/1.1" 404 1066
120.253.135.82 - - [24/Nov/2020:09:45:27 +0800] "GET /xingrg/all/function/internal_message.html?_=1606182074382&CODE_STATE=getMsg HTTP/1.1" 200 27
120.253.135.82 - - [24/Nov/2020:09:45:29 +0800] "GET /xingrg/all/function/internal_message.html?_=1606182373986&CODE_STATE=getMsg HTTP/1.1" 200 27
101.85.228.137 - - [24/Nov/2020:09:45:30 +0800] "GET /xingrg/kc/buy/cgsh_order_operate.html?command=get_materiel&rest_code=00102&code=00101009011&supplier_code=00100424&order_time=2020-11-24 HTTP/1.1" 200 418
101.85.228.137 - - [24/Nov/2020:09:45:31 +0800] "GET /xingrg/all/function/internal_message.html?_=1606182556147&CODE_STATE=getMsg HTTP/1.1" 200 27
114.84.37.38 - - [24/Nov/2020:09:45:31 +0800] "GET /xingrg/all/function/internal_message.html?_=1606182366544&CODE_STATE=getMsg HTTP/1.1" 200 27
172.17.0.120 - - [24/Nov/2020:09:45:41 +0800] "GET /xingrg/all/function/internal_message.html?_=1606182574253&CODE_STATE=getMsg HTTP/1.1" 200 27
58.40.7.146 - - [24/Nov/2020:09:45:45 +0800] "GET /xingrg/all/function/internal_message.html?_=1606182345125&CODE_STATE=getMsg HTTP/1.1" 200 27
58.35.246.33 - - [24/Nov/2020:09:45:46 +0800] "GET /xingrg/kc/buy/cgsh_order_add.html HTTP/1.1" 200 60742
58.35.246.33 - - [24/Nov/2020:09:45:47 +0800] "POST /xingrg/kc/buy/cgsh_order_operate.html HTTP/1.1" 200 8245
58.35.246.33 - - [24/Nov/2020:09:45:47 +0800] "GET /xingrg/all/common/auto_word.html?type=employee&rest_code=00111 HTTP/1.1" 200 205
58.35.246.33 - - [24/Nov/2020:09:45:47 +0800] "GET /xingrg/all/common/auto_word.html?type=employee&rest_code=00111 HTTP/1.1" 200 205
58.35.246.33 - - [24/Nov/2020:09:45:47 +0800] "GET /xingrg/javascript/easyui/themes/default/validatebox.css HTTP/1.1" 404 1104
222.69.134.41 - - [24/Nov/2020:09:45:47 +0800] "GET /xingrg/all/function/internal_message.html?_=1606182345840&CODE_STATE=getMsg HTTP/1.1" 200 27
58.35.246.33 - - [24/Nov/2020:09:45:47 +0800] "GET /xingrg/javascript/auto/indicator.gif HTTP/1.1" 404 1066
58.35.246.33 - - [24/Nov/2020:09:45:49 +0800] "GET /xingrg/javascript/jquery_tools/images/prev.gif HTTP/1.1" 404 1086
58.35.246.33 - - [24/Nov/2020:09:45:49 +0800] "GET /xingrg/javascript/jquery_tools/images/next.gif HTTP/1.1" 404 1086
58.35.246.33 - - [24/Nov/2020:09:45:53 +0800] "GET /xingrg/kc/buy/cgsh_order_operate.html?command=get_materiel&rest_code=00111&code=00101006112&supplier_code=00100012&order_time=2020-11-24 HTTP/1.1" 200 409
114.84.145.85 - - [24/Nov/2020:09:45:55 +0800] "GET /xingrg/all/function/internal_message.html?_=1606182355250&CODE_STATE=getMsg HTTP/1.1" 200 27
172.17.0.102 - - [24/Nov/2020:09:45:56 +0800] "GET /xingrg/all/function/internal_message.html?_=1606182357620&CODE_STATE=getMsg HTTP/1.1" 200 27
172.17.0.102 - - [24/Nov/2020:09:45:56 +0800] "GET /xingrg/check_reg.html?_=1606182357622 HTTP/1.1" 200 22
116.228.172.94 - - [24/Nov/2020:09:45:58 +0800] "GET /xingrg/all/function/internal_message.html?_=1606182357143&CODE_STATE=getMsg HTTP/1.1" 200 27
58.35.246.33 - - [24/Nov/2020:09:46:00 +0800] "GET /xingrg/all/function/internal_message.html?_=1606182475335&CODE_STATE=getMsg HTTP/1.1" 200 27
58.35.246.33 - - [24/Nov/2020:09:46:01 +0800] "GET /xingrg/kc/buy/cgsh_order_operate.html?command=get_materiel&rest_code=00111&code=00101006129&supplier_code=00100012&order_time=2020-11-24 HTTP/1.1" 200 431
180.157.253.48 - - [24/Nov/2020:09:46:05 +0800] "GET /xingrg/all/function/internal_message.html?_=1606182367068&CODE_STATE=getMsg HTTP/1.1" 200 27
58.35.246.33 - - [24/Nov/2020:09:46:08 +0800] "GET /xingrg/kc/buy/cgsh_order_operate.html?command=get_materiel&rest_code=00111&code=00101006056&supplier_code=00100012&order_time=2020-11-24 HTTP/1.1" 200 415
120.253.135.82 - - [24/Nov/2020:09:46:09 +0800] "GET /xingrg/check_reg.html?_=1606182413478 HTTP/1.1" 200 22
114.84.145.85 - - [24/Nov/2020:09:46:09 +0800] "GET /xingrg/check_reg.html?_=1606181949500 HTTP/1.1" 302 -
101.85.228.137 - - [24/Nov/2020:09:46:09 +0800] "GET /xingrg/kc/buy/cgsh_order_operate.html?command=get_materiel&rest_code=00102&code=00101009109&supplier_code=00100424&order_time=2020-11-24 HTTP/1.1" 200 399
180.174.56.115 - - [24/Nov/2020:09:46:09 +0800] "GET /xingrg/check_reg.html?_=1606182369351 HTTP/1.1" 200 22
180.174.56.115 - - [24/Nov/2020:09:46:09 +0800] "GET /xingrg/all/function/internal_message.html?_=1606182369365&CODE_STATE=getMsg HTTP/1.1" 200 27
180.174.56.115 - - [24/Nov/2020:09:46:11 +0800] "GET /xingrg/all/function/internal_message.html?_=1606182348885&CODE_STATE=getMsg HTTP/1.1" 200 27
101.83.145.44 - - [24/Nov/2020:09:46:17 +0800] "GET /xingrg/all/function/internal_message.html?_=1606182377618&CODE_STATE=getMsg HTTP/1.1" 200 27
58.35.246.33 - - [24/Nov/2020:09:46:20 +0800] "GET /xingrg/kc/buy/cgsh_order_operate.html?command=get_materiel&rest_code=00111&code=00101006038&supplier_code=00100012&order_time=2020-11-24 HTTP/1.1" 200 421
172.17.200.101 - - [24/Nov/2020:09:46:21 +0800] "GET /xingrg/all/function/internal_message.html?_=1606182381850&CODE_STATE=getMsg HTTP/1.1" 200 27
120.253.135.82 - - [24/Nov/2020:09:46:27 +0800] "GET /xingrg/check_reg.html?_=1606182133956 HTTP/1.1" 200 22
58.35.246.33 - - [24/Nov/2020:09:46:27 +0800] "GET /xingrg/kc/buy/cgsh_order_operate.html?command=get_materiel&rest_code=00111&code=00101006113&supplier_code=00100012&order_time=2020-11-24 HTTP/1.1" 200 413
120.253.135.82 - - [24/Nov/2020:09:46:27 +0800] "GET /xingrg/all/function/internal_message.html?_=1606182134396&CODE_STATE=getMsg HTTP/1.1" 200 27
120.253.135.82 - - [24/Nov/2020:09:46:29 +0800] "GET /xingrg/all/function/internal_message.html?_=1606182433992&CODE_STATE=getMsg HTTP/1.1" 200 27
58.35.246.33 - - [24/Nov/2020:09:46:30 +0800] "GET /xingrg/check_reg.html?_=1606182386932 HTTP/1.1" 200 22
101.85.228.137 - - [24/Nov/2020:09:46:31 +0800] "GET /xingrg/all/function/internal_message.html?_=1606182616162&CODE_STATE=getMsg HTTP/1.1" 200 27
114.84.37.38 - - [24/Nov/2020:09:46:31 +0800] "GET /xingrg/all/function/internal_message.html?_=1606182426559&CODE_STATE=getMsg HTTP/1.1" 200 27
58.35.246.33 - - [24/Nov/2020:09:46:34 +0800] "GET /xingrg/kc/buy/cgsh_order_operate.html?command=get_materiel&rest_code=00111&code=00101006055&supplier_code=00100012&order_time=2020-11-24 HTTP/1.1" 200 411
172.17.0.120 - - [24/Nov/2020:09:46:41 +0800] "GET /xingrg/all/function/internal_message.html?_=1606182634255&CODE_STATE=getMsg HTTP/1.1" 200 27
172.17.0.120 - - [24/Nov/2020:09:46:41 +0800] "GET /xingrg/check_reg.html?_=1606182634257 HTTP/1.1" 200 22
58.40.7.146 - - [24/Nov/2020:09:46:45 +0800] "GET /xingrg/all/function/internal_message.html?_=1606182405129&CODE_STATE=getMsg HTTP/1.1" 200 27
222.69.134.41 - - [24/Nov/2020:09:46:47 +0800] "GET /xingrg/all/function/internal_message.html?_=1606182405825&CODE_STATE=getMsg HTTP/1.1" 200 27
58.35.246.33 - - [24/Nov/2020:09:46:48 +0800] "GET /xingrg/kc/buy/cgsh_order_operate.html?command=get_materiel&rest_code=00111&code=00101006065&supplier_code=00100012&order_time=2020-11-24 HTTP/1.1" 200 409
58.35.246.33 - - [24/Nov/2020:09:46:54 +0800] "POST /xingrg/kc/buy/cgsh_order_operate.html HTTP/1.1" 200 37
114.84.145.85 - - [24/Nov/2020:09:46:55 +0800] "GET /xingrg/all/function/internal_message.html?_=1606182415248&CODE_STATE=getMsg HTTP/1.1" 200 27
58.35.246.33 - - [24/Nov/2020:09:46:55 +0800] "POST /xingrg/kc/buy/cgsh_order_operate.html HTTP/1.1" 200 6828
101.85.228.137 - - [24/Nov/2020:09:46:55 +0800] "GET /xingrg/kc/buy/cgsh_order_operate.html?command=get_materiel&rest_code=00102&code=00101009016&supplier_code=00100424&order_time=2020-11-24 HTTP/1.1" 200 412
58.35.246.33 - - [24/Nov/2020:09:46:55 +0800] "GET /xingrg/kc/print/load_config.html?kc_code=cgsh HTTP/1.1" 200 1845
58.35.246.33 - - [24/Nov/2020:09:46:56 +0800] "GET /xingrg/kc/print/load_data.html?order_code=212020112409408&kc_code=cgsh&condition= HTTP/1.1" 200 2369
172.17.0.102 - - [24/Nov/2020:09:46:56 +0800] "GET /xingrg/all/function/internal_message.html?_=1606182417648&CODE_STATE=getMsg HTTP/1.1" 200 27
116.228.172.94 - - [24/Nov/2020:09:46:58 +0800] "GET /xingrg/all/function/internal_message.html?_=1606182417123&CODE_STATE=getMsg HTTP/1.1" 200 27
58.35.246.33 - - [24/Nov/2020:09:47:00 +0800] "GET /xingrg/all/function/internal_message.html?_=1606182535326&CODE_STATE=getMsg HTTP/1.1" 200 27
180.157.253.48 - - [24/Nov/2020:09:47:05 +0800] "GET /xingrg/check_reg.html?_=1606182426723 HTTP/1.1" 200 22
180.157.253.48 - - [24/Nov/2020:09:47:05 +0800] "GET /xingrg/all/function/internal_message.html?_=1606182427082&CODE_STATE=getMsg HTTP/1.1" 200 27
180.174.56.115 - - [24/Nov/2020:09:47:09 +0800] "GET /xingrg/all/function/internal_message.html?_=1606182429362&CODE_STATE=getMsg HTTP/1.1" 200 27
180.174.56.115 - - [24/Nov/2020:09:47:11 +0800] "GET /xingrg/all/function/internal_message.html?_=1606182408907&CODE_STATE=getMsg HTTP/1.1" 200 27
101.83.145.44 - - [24/Nov/2020:09:47:17 +0800] "GET /xingrg/all/function/internal_message.html?_=1606182437600&CODE_STATE=getMsg HTTP/1.1" 200 27
172.17.200.101 - - [24/Nov/2020:09:47:21 +0800] "GET /xingrg/all/function/internal_message.html?_=1606182441850&CODE_STATE=getMsg HTTP/1.1" 200 27
120.253.135.82 - - [24/Nov/2020:09:47:25 +0800] "GET /xingrg/kc/pszx/mdqp_order_list.html?state=10 HTTP/1.1" 200 10613
120.253.135.82 - - [24/Nov/2020:09:47:25 +0800] "GET /xingrg/dwr/interface/AjaxReportQueryService.js HTTP/1.1" 200 13203
120.253.135.82 - - [24/Nov/2020:09:47:25 +0800] "GET /xingrg/dwr/interface/AjaxQqpsService.js HTTP/1.1" 200 16326
120.253.135.82 - - [24/Nov/2020:09:47:25 +0800] "GET /xingrg/dwr/engine.js HTTP/1.1" 200 43631
120.253.135.82 - - [24/Nov/2020:09:47:27 +0800] "GET /xingrg/kc/pszx/mdqp_order_info.html?code=302020112400503 HTTP/1.1" 200 13346
120.253.135.82 - - [24/Nov/2020:09:47:27 +0800] "GET /xingrg/dwr/interface/AjaxComOrderService.js HTTP/1.1" 200 18264
120.253.135.82 - - [24/Nov/2020:09:47:27 +0800] "GET /xingrg/dwr/interface/AjaxQqpsService.js HTTP/1.1" 200 16326
120.253.135.82 - - [24/Nov/2020:09:47:27 +0800] "GET /xingrg/dwr/engine.js HTTP/1.1" 200 43631
120.253.135.82 - - [24/Nov/2020:09:47:27 +0800] "POST /xingrg/dwr/call/plaincall/AjaxQqpsService.loadMaterielItems.dwr HTTP/1.1" 200 644
120.253.135.82 - - [24/Nov/2020:09:47:27 +0800] "GET /xingrg/all/function/internal_message.html?_=1606182194409&CODE_STATE=getMsg HTTP/1.1" 200 27
120.253.135.82 - - [24/Nov/2020:09:47:29 +0800] "GET /xingrg/all/function/internal_message.html?_=1606182494004&CODE_STATE=getMsg HTTP/1.1" 200 27
120.253.135.82 - - [24/Nov/2020:09:47:31 +0800] "GET /xingrg/kc/pszx/mdqp_order_list.html?isBack=1 HTTP/1.1" 302 -
120.253.135.82 - - [24/Nov/2020:09:47:31 +0800] "GET /xingrg/kc/pszx/mdqp_order_list.html?state=10 HTTP/1.1" 200 10613
120.253.135.82 - - [24/Nov/2020:09:47:31 +0800] "GET /xingrg/dwr/interface/AjaxQqpsService.js HTTP/1.1" 200 16326
120.253.135.82 - - [24/Nov/2020:09:47:31 +0800] "GET /xingrg/dwr/interface/AjaxReportQueryService.js HTTP/1.1" 200 13203
120.253.135.82 - - [24/Nov/2020:09:47:31 +0800] "GET /xingrg/dwr/engine.js HTTP/1.1" 200 43631
101.85.228.137 - - [24/Nov/2020:09:47:31 +0800] "GET /xingrg/all/function/internal_message.html?_=1606182676175&CODE_STATE=getMsg HTTP/1.1" 200 27
114.84.37.38 - - [24/Nov/2020:09:47:31 +0800] "GET /xingrg/all/function/internal_message.html?_=1606182486866&CODE_STATE=getMsg HTTP/1.1" 200 27
120.253.135.82 - - [24/Nov/2020:09:47:38 +0800] "GET /xingrg/kc/pszx/mdqp_order_info.html?code=302020112400503 HTTP/1.1" 200 13346
120.253.135.82 - - [24/Nov/2020:09:47:38 +0800] "GET /xingrg/dwr/interface/AjaxComOrderService.js HTTP/1.1" 200 18264
120.253.135.82 - - [24/Nov/2020:09:47:38 +0800] "GET /xingrg/dwr/interface/AjaxQqpsService.js HTTP/1.1" 200 16326
120.253.135.82 - - [24/Nov/2020:09:47:38 +0800] "GET /xingrg/dwr/engine.js HTTP/1.1" 200 43631
120.253.135.82 - - [24/Nov/2020:09:47:38 +0800] "POST /xingrg/dwr/call/plaincall/AjaxQqpsService.loadMaterielItems.dwr HTTP/1.1" 200 644
120.253.135.82 - - [24/Nov/2020:09:47:40 +0800] "GET /xingrg/kc/pszx/mdqp_order_list.html?isBack=1 HTTP/1.1" 302 -
120.253.135.82 - - [24/Nov/2020:09:47:40 +0800] "GET /xingrg/kc/pszx/mdqp_order_list.html?state=10 HTTP/1.1" 200 10613
120.253.135.82 - - [24/Nov/2020:09:47:40 +0800] "GET /xingrg/dwr/interface/AjaxQqpsService.js HTTP/1.1" 200 16326
120.253.135.82 - - [24/Nov/2020:09:47:40 +0800] "GET /xingrg/dwr/interface/AjaxReportQueryService.js HTTP/1.1" 200 13203
120.253.135.82 - - [24/Nov/2020:09:47:40 +0800] "GET /xingrg/dwr/engine.js HTTP/1.1" 200 43631
172.17.0.120 - - [24/Nov/2020:09:47:41 +0800] "GET /xingrg/all/function/internal_message.html?_=1606182694243&CODE_STATE=getMsg HTTP/1.1" 200 27
120.253.135.82 - - [24/Nov/2020:09:47:43 +0800] "GET /xingrg/kc/pszx/jzcl_ps.html HTTP/1.1" 200 7683
120.253.135.82 - - [24/Nov/2020:09:47:43 +0800] "GET /xingrg/javascript/step/step.css HTTP/1.1" 200 999
120.253.135.82 - - [24/Nov/2020:09:47:43 +0800] "GET /xingrg/css/table.css HTTP/1.1" 200 3684
120.253.135.82 - - [24/Nov/2020:09:47:43 +0800] "GET /xingrg/javascript/step/images/navCurrentBtn.gif HTTP/1.1" 200 557
120.253.135.82 - - [24/Nov/2020:09:47:43 +0800] "GET /xingrg/javascript/jquery_easy_ui/themes/default/images/button_a_bg.gif HTTP/1.1" 200 1194
120.253.135.82 - - [24/Nov/2020:09:47:43 +0800] "GET /xingrg/javascript/jquery_easy_ui/themes/icons/search.png HTTP/1.1" 200 813
120.253.135.82 - - [24/Nov/2020:09:47:43 +0800] "GET /xingrg/javascript/jquery_easy_ui/themes/default/images/button_span_bg.gif HTTP/1.1" 200 2061
120.253.135.82 - - [24/Nov/2020:09:47:43 +0800] "GET /xingrg/javascript/jquery_easy_ui/themes/default/images/combo_arrow_dot.gif HTTP/1.1" 200 79
120.253.135.82 - - [24/Nov/2020:09:47:43 +0800] "POST /xingrg/all/common/load_tree.html?tree=area_rest_tree_json HTTP/1.1" 200 3350
120.253.135.82 - - [24/Nov/2020:09:47:43 +0800] "GET /xingrg/javascript/jquery_easy_ui/themes/default/images/calendar_prevmonth.gif HTTP/1.1" 200 66
120.253.135.82 - - [24/Nov/2020:09:47:43 +0800] "GET /xingrg/javascript/jquery_easy_ui/themes/default/images/calendar_nextmonth.gif HTTP/1.1" 200 64
120.253.135.82 - - [24/Nov/2020:09:47:43 +0800] "GET /xingrg/javascript/jquery_easy_ui/themes/default/images/calendar_prevyear.gif HTTP/1.1" 200 76
120.253.135.82 - - [24/Nov/2020:09:47:43 +0800] "GET /xingrg/javascript/jquery_easy_ui/themes/default/images/calendar_nextyear.gif HTTP/1.1" 200 75
120.253.135.82 - - [24/Nov/2020:09:47:43 +0800] "GET /xingrg/javascript/jquery_easy_ui/themes/default/images/datagrid_header_bg.gif HTTP/1.1" 200 97
120.253.135.82 - - [24/Nov/2020:09:47:43 +0800] "GET /xingrg/javascript/jquery_easy_ui/themes/default/images/pagination_loading.gif HTTP/1.1" 200 1737
120.253.135.82 - - [24/Nov/2020:09:47:43 +0800] "GET /xingrg/javascript/jquery_easy_ui/themes/default/images/tree_checkbox_0.gif HTTP/1.1" 200 168
120.253.135.82 - - [24/Nov/2020:09:47:43 +0800] "POST /xingrg/kc/pszx/jzcl_ps_operate.html HTTP/1.1" 200 412
120.253.135.82 - - [24/Nov/2020:09:47:43 +0800] "POST /xingrg/kc/pszx/jzcl_ps_operate.html HTTP/1.1" 200 412
120.253.135.82 - - [24/Nov/2020:09:47:44 +0800] "GET /xingrg/javascript/jquery_easy_ui/themes/icons/rest.png HTTP/1.1" 200 695
58.40.7.146 - - [24/Nov/2020:09:47:45 +0800] "GET /xingrg/all/function/internal_message.html?_=1606182465132&CODE_STATE=getMsg HTTP/1.1" 200 27
222.69.134.41 - - [24/Nov/2020:09:47:47 +0800] "GET /xingrg/all/function/internal_message.html?_=1606182465798&CODE_STATE=getMsg HTTP/1.1" 200 27
222.69.134.41 - - [24/Nov/2020:09:47:47 +0800] "GET /xingrg/check_reg.html?_=1606182466022 HTTP/1.1" 200 22
120.253.135.82 - - [24/Nov/2020:09:47:48 +0800] "POST /xingrg/kc/pszx/jzcl_ps_operate.html HTTP/1.1" 200 4
120.253.135.82 - - [24/Nov/2020:09:47:48 +0800] "GET /xingrg/javascript/step/images/navDoneBtn.gif HTTP/1.1" 200 394
120.253.135.82 - - [24/Nov/2020:09:47:48 +0800] "GET /xingrg/javascript/step/images/navLastDoneBtn.gif HTTP/1.1" 200 552
120.253.135.82 - - [24/Nov/2020:09:47:49 +0800] "GET /xingrg/kc/pszx/mdps_order_list.html HTTP/1.1" 200 21238
120.253.135.82 - - [24/Nov/2020:09:47:49 +0800] "POST /xingrg/kc/pszx/mdps_list_operate.html HTTP/1.1" 200 5354
114.84.145.85 - - [24/Nov/2020:09:47:55 +0800] "GET /xingrg/all/function/internal_message.html?_=1606182475246&CODE_STATE=getMsg HTTP/1.1" 200 27
120.253.135.82 - - [24/Nov/2020:09:47:55 +0800] "POST /xingrg/kc/pszx/mdps_list_operate.html HTTP/1.1" 200 1687
172.17.0.102 - - [24/Nov/2020:09:47:56 +0800] "GET /xingrg/all/function/internal_message.html?_=1606182477646&CODE_STATE=getMsg HTTP/1.1" 200 27
120.253.135.82 - - [24/Nov/2020:09:47:57 +0800] "POST /xingrg/kc/pszx/mdps_list_operate.html HTTP/1.1" 200 283
120.253.135.82 - - [24/Nov/2020:09:47:58 +0800] "GET /xingrg/kc/pszx/mdps_order_info.html?code=312020112400634 HTTP/1.1" 200 23885
116.228.172.94 - - [24/Nov/2020:09:47:58 +0800] "GET /xingrg/all/function/internal_message.html?_=1606182477104&CODE_STATE=getMsg HTTP/1.1" 200 27
120.253.135.82 - - [24/Nov/2020:09:47:58 +0800] "GET /xingrg/javascript/easyui/themes/default/validatebox.css HTTP/1.1" 404 1104
120.253.135.82 - - [24/Nov/2020:09:47:58 +0800] "POST /xingrg/kc/pszx/mdps_order_operate.html HTTP/1.1" 200 2769
58.35.246.33 - - [24/Nov/2020:09:48:00 +0800] "GET /xingrg/all/function/internal_message.html?_=1606182595324&CODE_STATE=getMsg HTTP/1.1" 200 27
120.253.135.82 - - [24/Nov/2020:09:48:01 +0800] "POST /xingrg/all/common/load_combo.html?type=base HTTP/1.1" 200 984
180.157.253.48 - - [24/Nov/2020:09:48:05 +0800] "GET /xingrg/all/function/internal_message.html?_=1606182487096&CODE_STATE=getMsg HTTP/1.1" 200 27
120.253.135.82 - - [24/Nov/2020:09:48:06 +0800] "POST /xingrg/kc/pszx/mdps_order_operate.html HTTP/1.1" 200 37
120.253.135.82 - - [24/Nov/2020:09:48:07 +0800] "GET /xingrg/kc/pszx/mdps_order_info.html?code=312020112400634 HTTP/1.1" 200 23885
120.253.135.82 - - [24/Nov/2020:09:48:07 +0800] "GET /xingrg/javascript/easyui/themes/default/validatebox.css HTTP/1.1" 404 1104
