114.84.37.38 - - [23/Nov/2020:06:34:59 +0800] "GET /xingrg/all/function/internal_message.html?_=1606084531047&CODE_STATE=getMsg HTTP/1.1" 200 27
120.253.135.82 - - [23/Nov/2020:06:35:00 +0800] "GET /xingrg/kc/pszx/mdps_order_operate.html?command=get_materiel_price&pszx_code=00101&rest_code=00144&base_code=0010246&code=00101019400&unit_code=00100111&order_time=2020-11-23 HTTP/1.1" 200 35
114.84.145.85 - - [23/Nov/2020:06:35:13 +0800] "GET /xingrg/all/function/internal_message.html?_=1606084095622&CODE_STATE=getMsg HTTP/1.1" 200 27
120.253.135.82 - - [23/Nov/2020:06:35:15 +0800] "POST /xingrg/all/common/load_select.html HTTP/1.1" 200 25
120.253.135.82 - - [23/Nov/2020:06:35:18 +0800] "GET /xingrg/kc/pszx/mdps_order_operate.html?command=get_materiel_price&pszx_code=00101&rest_code=00144&base_code=0010246&code=00101019074&unit_code=00100157&order_time=2020-11-23 HTTP/1.1" 200 34
58.35.246.33 - - [23/Nov/2020:06:35:24 +0800] "GET /xingrg/check_reg.html?_=1606084522403 HTTP/1.1" 200 22
180.162.245.190 - - [23/Nov/2020:06:35:30 +0800] "GET /xingrg/all/function/internal_message.html?_=1606084511235&CODE_STATE=getMsg HTTP/1.1" 200 27
120.253.135.82 - - [23/Nov/2020:06:35:30 +0800] "POST /xingrg/all/common/load_select.html HTTP/1.1" 200 25
117.185.32.26 - - [23/Nov/2020:06:35:31 +0800] "GET /xingrg/all/function/internal_message.html?_=1606084970670&CODE_STATE=getMsg HTTP/1.1" 200 27
120.253.135.82 - - [23/Nov/2020:06:35:32 +0800] "GET /xingrg/kc/pszx/mdps_order_operate.html?command=get_materiel_price&pszx_code=00101&rest_code=00144&base_code=0010246&code=00101019133&unit_code=00100189&order_time=2020-11-23 HTTP/1.1" 200 34
58.35.246.33 - - [23/Nov/2020:06:35:38 +0800] "GET /xingrg/all/function/internal_message.html?_=1606084535678&CODE_STATE=getMsg HTTP/1.1" 200 27
120.253.135.82 - - [23/Nov/2020:06:35:40 +0800] "POST /xingrg/kc/pszx/mdps_order_operate.html HTTP/1.1" 200 37
120.253.135.82 - - [23/Nov/2020:06:35:41 +0800] "GET /xingrg/kc/pszx/mdps_order_info.html?code=312020112300612 HTTP/1.1" 200 23887
120.253.135.82 - - [23/Nov/2020:06:35:41 +0800] "GET /xingrg/javascript/easyui/themes/default/validatebox.css HTTP/1.1" 404 1104
120.253.135.82 - - [23/Nov/2020:06:35:41 +0800] "POST /xingrg/kc/pszx/mdps_order_operate.html HTTP/1.1" 200 11957
180.174.56.115 - - [23/Nov/2020:06:35:45 +0800] "GET /xingrg/all/function/internal_message.html?_=1606084545548&CODE_STATE=getMsg HTTP/1.1" 200 27
117.184.7.26 - - [23/Nov/2020:06:35:58 +0800] "GET /xingrg/all/function/internal_message.html?_=1606085549435&CODE_STATE=getMsg HTTP/1.1" 200 27
120.253.135.82 - - [23/Nov/2020:06:35:58 +0800] "POST /xingrg/kc/pszx/mdps_order_operate.html HTTP/1.1" 200 37
120.253.135.82 - - [23/Nov/2020:06:35:59 +0800] "GET /xingrg/kc/pszx/mdps_order_info.html?code=312020112300612 HTTP/1.1" 200 23887
120.253.135.82 - - [23/Nov/2020:06:35:59 +0800] "GET /xingrg/javascript/easyui/themes/default/validatebox.css HTTP/1.1" 404 1104
120.253.135.82 - - [23/Nov/2020:06:35:59 +0800] "POST /xingrg/kc/pszx/mdps_order_operate.html HTTP/1.1" 200 11957
114.84.37.38 - - [23/Nov/2020:06:35:59 +0800] "GET /xingrg/all/function/internal_message.html?_=1606084591061&CODE_STATE=getMsg HTTP/1.1" 200 27
120.253.135.82 - - [23/Nov/2020:06:36:00 +0800] "GET /xingrg/all/function/internal_message.html?_=1606084307744&CODE_STATE=getMsg HTTP/1.1" 200 27
120.253.135.82 - - [23/Nov/2020:06:36:04 +0800] "POST /xingrg/kc/pszx/mdps_list_operate.html HTTP/1.1" 200 1694
120.253.135.82 - - [23/Nov/2020:06:36:08 +0800] "POST /xingrg/kc/pszx/mdps_list_operate.html HTTP/1.1" 200 602
120.253.135.82 - - [23/Nov/2020:06:36:08 +0800] "GET /xingrg/kc/pszx/mdps_order_info.html?code=312020112300612 HTTP/1.1" 200 23887
120.253.135.82 - - [23/Nov/2020:06:36:09 +0800] "GET /xingrg/javascript/easyui/themes/default/validatebox.css HTTP/1.1" 404 1104
120.253.135.82 - - [23/Nov/2020:06:36:09 +0800] "POST /xingrg/kc/pszx/mdps_order_operate.html HTTP/1.1" 200 11957
114.84.145.85 - - [23/Nov/2020:06:36:13 +0800] "GET /xingrg/all/function/internal_message.html?_=1606084155601&CODE_STATE=getMsg HTTP/1.1" 200 27
180.162.245.190 - - [23/Nov/2020:06:36:30 +0800] "GET /xingrg/all/function/internal_message.html?_=1606084571219&CODE_STATE=getMsg HTTP/1.1" 200 27
117.185.32.26 - - [23/Nov/2020:06:36:31 +0800] "GET /xingrg/all/function/internal_message.html?_=1606085030640&CODE_STATE=getMsg HTTP/1.1" 200 27
120.253.135.82 - - [23/Nov/2020:06:36:34 +0800] "POST /xingrg/kc/pszx/mdps_list_operate.html HTTP/1.1" 200 1694
58.35.246.33 - - [23/Nov/2020:06:36:38 +0800] "GET /xingrg/all/function/internal_message.html?_=1606084595691&CODE_STATE=getMsg HTTP/1.1" 200 27
180.174.56.115 - - [23/Nov/2020:06:36:45 +0800] "GET /xingrg/all/function/internal_message.html?_=1606084605553&CODE_STATE=getMsg HTTP/1.1" 200 27
120.253.135.82 - - [23/Nov/2020:06:36:49 +0800] "GET /xingrg/kc/pszx/mdqp_order_list.html?state=10 HTTP/1.1" 200 15449
120.253.135.82 - - [23/Nov/2020:06:36:49 +0800] "GET /xingrg/dwr/engine.js HTTP/1.1" 200 43631
120.253.135.82 - - [23/Nov/2020:06:36:49 +0800] "GET /xingrg/dwr/interface/AjaxReportQueryService.js HTTP/1.1" 200 13203
120.253.135.82 - - [23/Nov/2020:06:36:49 +0800] "GET /xingrg/dwr/interface/AjaxQqpsService.js HTTP/1.1" 200 16326
180.162.245.190 - - [23/Nov/2020:06:36:50 +0800] "GET /xingrg/check_reg.html?_=1606084591453 HTTP/1.1" 200 22
120.253.135.82 - - [23/Nov/2020:06:36:56 +0800] "GET /xingrg/check_reg.html?_=1606084364497 HTTP/1.1" 200 22
117.184.7.26 - - [23/Nov/2020:06:36:58 +0800] "GET /xingrg/all/function/internal_message.html?_=1606085609434&CODE_STATE=getMsg HTTP/1.1" 200 27
114.84.37.38 - - [23/Nov/2020:06:37:00 +0800] "GET /xingrg/all/function/internal_message.html?_=1606084651125&CODE_STATE=getMsg HTTP/1.1" 200 27
120.253.135.82 - - [23/Nov/2020:06:37:00 +0800] "GET /xingrg/all/function/internal_message.html?_=1606084367757&CODE_STATE=getMsg HTTP/1.1" 200 27
120.253.135.82 - - [23/Nov/2020:06:37:12 +0800] "GET /xingrg/kc/pszx/jzcl_ps.html HTTP/1.1" 200 7683
120.253.135.82 - - [23/Nov/2020:06:37:12 +0800] "GET /xingrg/javascript/step/step.css HTTP/1.1" 304 -
120.253.135.82 - - [23/Nov/2020:06:37:12 +0800] "GET /xingrg/css/table.css HTTP/1.1" 304 -
120.253.135.82 - - [23/Nov/2020:06:37:12 +0800] "GET /xingrg/javascript/tools/jquery.qtip-1.0.0-rc3.min.js HTTP/1.1" 304 -
120.253.135.82 - - [23/Nov/2020:06:37:12 +0800] "GET /xingrg/javascript/step/images/navCurrentBtn.gif HTTP/1.1" 304 -
120.253.135.82 - - [23/Nov/2020:06:37:12 +0800] "GET /xingrg/javascript/jquery_easy_ui/themes/default/images/button_a_bg.gif HTTP/1.1" 304 -
120.253.135.82 - - [23/Nov/2020:06:37:12 +0800] "GET /xingrg/javascript/jquery_easy_ui/themes/default/images/button_span_bg.gif HTTP/1.1" 304 -
120.253.135.82 - - [23/Nov/2020:06:37:12 +0800] "GET /xingrg/javascript/jquery_easy_ui/themes/icons/search.png HTTP/1.1" 304 -
120.253.135.82 - - [23/Nov/2020:06:37:12 +0800] "GET /xingrg/javascript/jquery_easy_ui/themes/default/images/combo_arrow_dot.gif HTTP/1.1" 304 -
120.253.135.82 - - [23/Nov/2020:06:37:12 +0800] "POST /xingrg/all/common/load_tree.html?tree=area_rest_tree_json HTTP/1.1" 200 3350
120.253.135.82 - - [23/Nov/2020:06:37:12 +0800] "GET /xingrg/javascript/jquery_easy_ui/themes/default/images/calendar_prevmonth.gif HTTP/1.1" 304 -
120.253.135.82 - - [23/Nov/2020:06:37:12 +0800] "GET /xingrg/javascript/jquery_easy_ui/themes/default/images/calendar_prevyear.gif HTTP/1.1" 304 -
120.253.135.82 - - [23/Nov/2020:06:37:12 +0800] "GET /xingrg/javascript/jquery_easy_ui/themes/default/images/calendar_nextmonth.gif HTTP/1.1" 304 -
120.253.135.82 - - [23/Nov/2020:06:37:12 +0800] "GET /xingrg/javascript/jquery_easy_ui/themes/default/images/calendar_nextyear.gif HTTP/1.1" 304 -
120.253.135.82 - - [23/Nov/2020:06:37:12 +0800] "GET /xingrg/javascript/jquery_easy_ui/themes/default/images/datagrid_header_bg.gif HTTP/1.1" 304 -
120.253.135.82 - - [23/Nov/2020:06:37:13 +0800] "GET /xingrg/javascript/jquery_easy_ui/themes/default/images/pagination_loading.gif HTTP/1.1" 304 -
120.253.135.82 - - [23/Nov/2020:06:37:13 +0800] "GET /xingrg/javascript/jquery_easy_ui/themes/default/images/tree_checkbox_0.gif HTTP/1.1" 304 -
120.253.135.82 - - [23/Nov/2020:06:37:13 +0800] "POST /xingrg/kc/pszx/jzcl_ps_operate.html HTTP/1.1" 200 5490
114.84.145.85 - - [23/Nov/2020:06:37:13 +0800] "GET /xingrg/all/function/internal_message.html?_=1606084215569&CODE_STATE=getMsg HTTP/1.1" 200 27
120.253.135.82 - - [23/Nov/2020:06:37:13 +0800] "POST /xingrg/kc/pszx/jzcl_ps_operate.html HTTP/1.1" 200 5490
120.253.135.82 - - [23/Nov/2020:06:37:16 +0800] "GET /xingrg/kc/pszx/mdqp_order_list.html?state=10 HTTP/1.1" 200 15449
120.253.135.82 - - [23/Nov/2020:06:37:16 +0800] "GET /xingrg/dwr/interface/AjaxQqpsService.js HTTP/1.1" 200 16326
120.253.135.82 - - [23/Nov/2020:06:37:16 +0800] "GET /xingrg/dwr/interface/AjaxReportQueryService.js HTTP/1.1" 200 13203
120.253.135.82 - - [23/Nov/2020:06:37:16 +0800] "GET /xingrg/dwr/engine.js HTTP/1.1" 200 43631
120.253.135.82 - - [23/Nov/2020:06:37:19 +0800] "GET /xingrg/kc/pszx/jzcl_ps.html HTTP/1.1" 200 7683
120.253.135.82 - - [23/Nov/2020:06:37:19 +0800] "POST /xingrg/all/common/load_tree.html?tree=area_rest_tree_json HTTP/1.1" 200 3350
120.253.135.82 - - [23/Nov/2020:06:37:19 +0800] "POST /xingrg/kc/pszx/jzcl_ps_operate.html HTTP/1.1" 200 5490
120.253.135.82 - - [23/Nov/2020:06:37:19 +0800] "POST /xingrg/kc/pszx/jzcl_ps_operate.html HTTP/1.1" 200 5490
120.253.135.82 - - [23/Nov/2020:06:37:20 +0800] "GET /xingrg/javascript/jquery_easy_ui/themes/icons/rest.png HTTP/1.1" 304 -
114.84.145.85 - - [23/Nov/2020:06:37:29 +0800] "GET /xingrg/check_reg.html?_=1606084232030 HTTP/1.1" 200 22
180.162.245.190 - - [23/Nov/2020:06:37:30 +0800] "GET /xingrg/all/function/internal_message.html?_=1606084631202&CODE_STATE=getMsg HTTP/1.1" 200 27
117.185.32.26 - - [23/Nov/2020:06:37:31 +0800] "GET /xingrg/all/function/internal_message.html?_=1606085090624&CODE_STATE=getMsg HTTP/1.1" 200 27
58.35.246.33 - - [23/Nov/2020:06:37:38 +0800] "GET /xingrg/all/function/internal_message.html?_=1606084655721&CODE_STATE=getMsg HTTP/1.1" 200 27
180.174.56.115 - - [23/Nov/2020:06:37:45 +0800] "GET /xingrg/all/function/internal_message.html?_=1606084665554&CODE_STATE=getMsg HTTP/1.1" 200 27
120.253.135.82 - - [23/Nov/2020:06:37:52 +0800] "POST /xingrg/kc/pszx/jzcl_ps_operate.html HTTP/1.1" 200 4
120.253.135.82 - - [23/Nov/2020:06:37:52 +0800] "GET /xingrg/javascript/step/images/navDoneBtn.gif HTTP/1.1" 304 -
120.253.135.82 - - [23/Nov/2020:06:37:52 +0800] "GET /xingrg/javascript/step/images/navLastDoneBtn.gif HTTP/1.1" 304 -
120.253.135.82 - - [23/Nov/2020:06:37:54 +0800] "GET /xingrg/kc/pszx/mdps_order_list.html HTTP/1.1" 200 21238
120.253.135.82 - - [23/Nov/2020:06:37:54 +0800] "POST /xingrg/kc/pszx/mdps_list_operate.html HTTP/1.1" 200 5471
117.184.7.26 - - [23/Nov/2020:06:37:58 +0800] "GET /xingrg/all/function/internal_message.html?_=1606085669476&CODE_STATE=getMsg HTTP/1.1" 200 27
114.84.37.38 - - [23/Nov/2020:06:38:00 +0800] "GET /xingrg/all/function/internal_message.html?_=1606084711136&CODE_STATE=getMsg HTTP/1.1" 200 27
120.253.135.82 - - [23/Nov/2020:06:38:00 +0800] "GET /xingrg/all/function/internal_message.html?_=1606084427771&CODE_STATE=getMsg HTTP/1.1" 200 27
114.84.145.85 - - [23/Nov/2020:06:38:01 +0800] "POST /xingrg/services/DataTransmitService HTTP/1.1" 200 524
114.84.145.85 - - [23/Nov/2020:06:38:02 +0800] "POST /xingrg/services/DataTransmitService HTTP/1.1" 200 501
114.84.145.85 - - [23/Nov/2020:06:38:02 +0800] "POST /xingrg/services/DataTransmitService HTTP/1.1" 200 501
114.84.145.85 - - [23/Nov/2020:06:38:03 +0800] "POST /xingrg/services/DataTransmitService HTTP/1.1" 200 501
114.84.145.85 - - [23/Nov/2020:06:38:04 +0800] "POST /xingrg/services/DataTransmitService HTTP/1.1" 200 501
114.84.145.85 - - [23/Nov/2020:06:38:04 +0800] "POST /xingrg/services/DataTransmitService HTTP/1.1" 200 501
114.84.145.85 - - [23/Nov/2020:06:38:04 +0800] "POST /xingrg/services/DataTransmitService HTTP/1.1" 200 501
114.84.145.85 - - [23/Nov/2020:06:38:04 +0800] "POST /xingrg/services/DataTransmitService HTTP/1.1" 200 501
114.84.145.85 - - [23/Nov/2020:06:38:04 +0800] "POST /xingrg/services/DataTransmitService HTTP/1.1" 200 501
114.84.145.85 - - [23/Nov/2020:06:38:05 +0800] "POST /xingrg/services/DataTransmitService HTTP/1.1" 200 501
114.84.145.85 - - [23/Nov/2020:06:38:07 +0800] "POST /xingrg/services/DataTransmitService HTTP/1.1" 200 412
120.253.135.82 - - [23/Nov/2020:06:38:07 +0800] "POST /xingrg/kc/pszx/mdps_list_operate.html HTTP/1.1" 200 868
114.84.145.85 - - [23/Nov/2020:06:38:13 +0800] "GET /xingrg/all/function/internal_message.html?_=1606084275573&CODE_STATE=getMsg HTTP/1.1" 200 27
120.253.135.82 - - [23/Nov/2020:06:38:15 +0800] "POST /xingrg/kc/pszx/mdps_list_operate.html HTTP/1.1" 200 4665
120.253.135.82 - - [23/Nov/2020:06:38:18 +0800] "POST /xingrg/kc/pszx/mdps_list_operate.html HTTP/1.1" 200 205
120.253.135.82 - - [23/Nov/2020:06:38:20 +0800] "POST /xingrg/kc/pszx/mdps_list_operate.html HTTP/1.1" 200 233
120.253.135.82 - - [23/Nov/2020:06:38:21 +0800] "GET /xingrg/kc/pszx/mdps_order_info.html?code=312020112300617 HTTP/1.1" 200 23887
120.253.135.82 - - [23/Nov/2020:06:38:21 +0800] "GET /xingrg/javascript/easyui/themes/default/validatebox.css HTTP/1.1" 404 1104
120.253.135.82 - - [23/Nov/2020:06:38:21 +0800] "POST /xingrg/kc/pszx/mdps_order_operate.html HTTP/1.1" 200 2323
120.253.135.82 - - [23/Nov/2020:06:38:24 +0800] "POST /xingrg/kc/pszx/mdps_order_operate.html HTTP/1.1" 200 37
120.253.135.82 - - [23/Nov/2020:06:38:25 +0800] "GET /xingrg/kc/pszx/mdps_order_info.html?code=312020112300617 HTTP/1.1" 200 23887
120.253.135.82 - - [23/Nov/2020:06:38:26 +0800] "GET /xingrg/javascript/easyui/themes/default/validatebox.css HTTP/1.1" 404 1104
120.253.135.82 - - [23/Nov/2020:06:38:26 +0800] "POST /xingrg/kc/pszx/mdps_order_operate.html HTTP/1.1" 200 2332
120.253.135.82 - - [23/Nov/2020:06:38:29 +0800] "POST /xingrg/kc/pszx/mdps_list_operate.html HTTP/1.1" 200 202
120.253.135.82 - - [23/Nov/2020:06:38:30 +0800] "GET /xingrg/kc/pszx/mdps_order_info.html?code=312020112300618 HTTP/1.1" 200 23887
180.162.245.190 - - [23/Nov/2020:06:38:30 +0800] "GET /xingrg/all/function/internal_message.html?_=1606084691172&CODE_STATE=getMsg HTTP/1.1" 200 27
120.253.135.82 - - [23/Nov/2020:06:38:30 +0800] "GET /xingrg/javascript/easyui/themes/default/validatebox.css HTTP/1.1" 404 1104
120.253.135.82 - - [23/Nov/2020:06:38:30 +0800] "POST /xingrg/kc/pszx/mdps_order_operate.html HTTP/1.1" 200 2271
117.185.32.26 - - [23/Nov/2020:06:38:31 +0800] "GET /xingrg/all/function/internal_message.html?_=1606085150613&CODE_STATE=getMsg HTTP/1.1" 200 27
120.253.135.82 - - [23/Nov/2020:06:38:32 +0800] "GET /xingrg/css/images/panel_loading.gif HTTP/1.1" 304 -
58.40.7.146 - - [23/Nov/2020:06:38:33 +0800] "GET /xingrg/check_reg.html?_=1606084712941 HTTP/1.1" 302 -
120.253.135.82 - - [23/Nov/2020:06:38:33 +0800] "POST /xingrg/all/common/load_combo.html?type=base HTTP/1.1" 200 984
120.253.135.82 - - [23/Nov/2020:06:38:36 +0800] "POST /xingrg/kc/pszx/mdps_order_operate.html HTTP/1.1" 200 37
120.253.135.82 - - [23/Nov/2020:06:38:37 +0800] "GET /xingrg/kc/pszx/mdps_order_info.html?code=312020112300618 HTTP/1.1" 200 23887
120.253.135.82 - - [23/Nov/2020:06:38:37 +0800] "POST /xingrg/kc/pszx/mdps_order_operate.html HTTP/1.1" 200 2279
120.253.135.82 - - [23/Nov/2020:06:38:38 +0800] "GET /xingrg/javascript/easyui/themes/default/validatebox.css HTTP/1.1" 404 1104
58.35.246.33 - - [23/Nov/2020:06:38:38 +0800] "GET /xingrg/all/function/internal_message.html?_=1606084715734&CODE_STATE=getMsg HTTP/1.1" 200 27
120.253.135.82 - - [23/Nov/2020:06:38:45 +0800] "POST /xingrg/kc/pszx/mdps_order_operate.html HTTP/1.1" 200 37
180.174.56.115 - - [23/Nov/2020:06:38:45 +0800] "GET /xingrg/all/function/internal_message.html?_=1606084725560&CODE_STATE=getMsg HTTP/1.1" 200 27
180.174.56.115 - - [23/Nov/2020:06:38:45 +0800] "GET /xingrg/check_reg.html?_=1606084725562 HTTP/1.1" 200 22
120.253.135.82 - - [23/Nov/2020:06:38:45 +0800] "GET /xingrg/kc/pszx/mdps_order_info.html?code=312020112300618 HTTP/1.1" 200 23887
120.253.135.82 - - [23/Nov/2020:06:38:46 +0800] "GET /xingrg/javascript/easyui/themes/default/validatebox.css HTTP/1.1" 404 1104
120.253.135.82 - - [23/Nov/2020:06:38:46 +0800] "POST /xingrg/kc/pszx/mdps_order_operate.html HTTP/1.1" 200 2279
120.253.135.82 - - [23/Nov/2020:06:38:47 +0800] "POST /xingrg/kc/pszx/mdps_list_operate.html HTTP/1.1" 200 4665
120.253.135.82 - - [23/Nov/2020:06:38:49 +0800] "POST /xingrg/kc/pszx/mdps_list_operate.html HTTP/1.1" 200 606
120.253.135.82 - - [23/Nov/2020:06:38:50 +0800] "GET /xingrg/kc/pszx/mdps_order_info.html?code=312020112300619 HTTP/1.1" 200 23887
120.253.135.82 - - [23/Nov/2020:06:38:51 +0800] "GET /xingrg/javascript/easyui/themes/default/validatebox.css HTTP/1.1" 404 1104
120.253.135.82 - - [23/Nov/2020:06:38:51 +0800] "POST /xingrg/kc/pszx/mdps_order_operate.html HTTP/1.1" 200 6179
120.253.135.82 - - [23/Nov/2020:06:38:57 +0800] "POST /xingrg/kc/pszx/mdps_order_operate.html HTTP/1.1" 200 37
120.253.135.82 - - [23/Nov/2020:06:38:57 +0800] "GET /xingrg/kc/pszx/mdps_order_info.html?code=312020112300619 HTTP/1.1" 200 23887
117.184.7.26 - - [23/Nov/2020:06:38:58 +0800] "GET /xingrg/check_reg.html?_=1606085729466 HTTP/1.1" 200 22
117.184.7.30 - - [23/Nov/2020:06:38:58 +0800] "GET /xingrg/all/function/internal_message.html?_=1606085729469&CODE_STATE=getMsg HTTP/1.1" 200 27
120.253.135.82 - - [23/Nov/2020:06:38:58 +0800] "GET /xingrg/javascript/easyui/themes/default/validatebox.css HTTP/1.1" 404 1104
120.253.135.82 - - [23/Nov/2020:06:38:58 +0800] "POST /xingrg/kc/pszx/mdps_order_operate.html HTTP/1.1" 200 6246
114.84.37.38 - - [23/Nov/2020:06:39:00 +0800] "GET /xingrg/all/function/internal_message.html?_=1606084771211&CODE_STATE=getMsg HTTP/1.1" 200 27
120.253.135.82 - - [23/Nov/2020:06:39:00 +0800] "GET /xingrg/all/function/internal_message.html?_=1606084487785&CODE_STATE=getMsg HTTP/1.1" 200 27
114.84.145.85 - - [23/Nov/2020:06:39:13 +0800] "GET /xingrg/all/function/internal_message.html?_=1606084335546&CODE_STATE=getMsg HTTP/1.1" 200 27
120.253.135.82 - - [23/Nov/2020:06:39:16 +0800] "GET /xingrg/kc/pszx/mdps_order_operate.html?command=get_materiel&pszx_code=00101&rest_code=00107&base_code=0010246&code=00101013037 HTTP/1.1" 200 423
114.84.37.38 - - [23/Nov/2020:06:39:24 +0800] "GET /xingrg/check_reg.html?_=1606084795957 HTTP/1.1" 200 22
180.162.245.190 - - [23/Nov/2020:06:39:30 +0800] "GET /xingrg/all/function/internal_message.html?_=1606084751156&CODE_STATE=getMsg HTTP/1.1" 200 27
117.185.32.26 - - [23/Nov/2020:06:39:31 +0800] "GET /xingrg/all/function/internal_message.html?_=1606085210627&CODE_STATE=getMsg HTTP/1.1" 200 27
180.174.56.115 - - [23/Nov/2020:06:39:33 +0800] "GET /xingrg/check_reg.html?_=1606084752826 HTTP/1.1" 200 22
120.253.135.82 - - [23/Nov/2020:06:39:35 +0800] "GET /xingrg/kc/pszx/mdps_order_operate.html?command=get_materiel&pszx_code=00101&rest_code=00107&base_code=0010246&code=00101010222 HTTP/1.1" 200 447
58.35.246.33 - - [23/Nov/2020:06:39:41 +0800] "GET /xingrg/all/function/internal_message.html?_=1606084775769&CODE_STATE=getMsg HTTP/1.1" 200 27
120.253.135.82 - - [23/Nov/2020:06:39:44 +0800] "GET /xingrg/kc/pszx/mdps_order_operate.html?command=get_materiel&pszx_code=00101&rest_code=00107&base_code=0010246&code=00101013117 HTTP/1.1" 200 432
180.174.56.115 - - [23/Nov/2020:06:39:45 +0800] "GET /xingrg/all/function/internal_message.html?_=1606084785562&CODE_STATE=getMsg HTTP/1.1" 200 27
117.185.32.26 - - [23/Nov/2020:06:39:47 +0800] "GET /xingrg/check_reg.html?_=1606085226180 HTTP/1.1" 200 22
114.84.37.38 - - [23/Nov/2020:06:39:51 +0800] "POST /xingrg/services/DataTransmitService HTTP/1.1" 200 524
120.253.135.82 - - [23/Nov/2020:06:39:52 +0800] "POST /xingrg/kc/pszx/mdps_order_operate.html HTTP/1.1" 200 37
120.253.135.82 - - [23/Nov/2020:06:39:56 +0800] "GET /xingrg/kc/pszx/mdps_order_info.html?code=312020112300619 HTTP/1.1" 200 23887
120.253.135.82 - - [23/Nov/2020:06:39:57 +0800] "GET /xingrg/javascript/easyui/themes/default/validatebox.css HTTP/1.1" 404 1104
120.253.135.82 - - [23/Nov/2020:06:39:57 +0800] "POST /xingrg/kc/pszx/mdps_order_operate.html HTTP/1.1" 200 6268
117.184.7.26 - - [23/Nov/2020:06:39:58 +0800] "GET /xingrg/all/function/internal_message.html?_=1606085789470&CODE_STATE=getMsg HTTP/1.1" 200 27
114.84.37.38 - - [23/Nov/2020:06:40:00 +0800] "GET /xingrg/all/function/internal_message.html?_=1606084831225&CODE_STATE=getMsg HTTP/1.1" 200 27
120.253.135.82 - - [23/Nov/2020:06:40:00 +0800] "GET /xingrg/all/function/internal_message.html?_=1606084547798&CODE_STATE=getMsg HTTP/1.1" 200 27
114.84.145.85 - - [23/Nov/2020:06:40:13 +0800] "GET /xingrg/all/function/internal_message.html?_=1606084395515&CODE_STATE=getMsg HTTP/1.1" 200 27
120.253.135.82 - - [23/Nov/2020:06:40:17 +0800] "POST /xingrg/kc/pszx/mdps_order_operate.html HTTP/1.1" 200 37
120.253.135.82 - - [23/Nov/2020:06:40:18 +0800] "GET /xingrg/kc/pszx/mdps_order_info.html?code=312020112300619 HTTP/1.1" 200 23887
120.253.135.82 - - [23/Nov/2020:06:40:18 +0800] "GET /xingrg/javascript/easyui/themes/default/validatebox.css HTTP/1.1" 404 1104
120.253.135.82 - - [23/Nov/2020:06:40:18 +0800] "POST /xingrg/kc/pszx/mdps_order_operate.html HTTP/1.1" 200 6268
58.35.246.33 - - [23/Nov/2020:06:40:24 +0800] "GET /xingrg/check_reg.html?_=1606084822408 HTTP/1.1" 200 22
180.162.245.190 - - [23/Nov/2020:06:40:30 +0800] "GET /xingrg/all/function/internal_message.html?_=1606084811141&CODE_STATE=getMsg HTTP/1.1" 200 27
117.185.32.26 - - [23/Nov/2020:06:40:31 +0800] "GET /xingrg/all/function/internal_message.html?_=1606085270609&CODE_STATE=getMsg HTTP/1.1" 200 27
120.253.135.82 - - [23/Nov/2020:06:40:38 +0800] "POST /xingrg/kc/pszx/mdps_order_operate.html HTTP/1.1" 200 37
120.253.135.82 - - [23/Nov/2020:06:40:39 +0800] "GET /xingrg/kc/pszx/mdps_order_info.html?code=312020112300619 HTTP/1.1" 200 23887
120.253.135.82 - - [23/Nov/2020:06:40:39 +0800] "GET /xingrg/javascript/easyui/themes/default/validatebox.css HTTP/1.1" 404 1104
120.253.135.82 - - [23/Nov/2020:06:40:39 +0800] "POST /xingrg/kc/pszx/mdps_order_operate.html HTTP/1.1" 200 6268
120.253.135.82 - - [23/Nov/2020:06:40:42 +0800] "POST /xingrg/kc/pszx/mdps_list_operate.html HTTP/1.1" 200 4665
180.174.56.115 - - [23/Nov/2020:06:40:45 +0800] "GET /xingrg/all/function/internal_message.html?_=1606084845561&CODE_STATE=getMsg HTTP/1.1" 200 27
120.253.135.82 - - [23/Nov/2020:06:40:45 +0800] "POST /xingrg/kc/pszx/mdps_list_operate.html HTTP/1.1" 200 434
120.253.135.82 - - [23/Nov/2020:06:40:46 +0800] "GET /xingrg/kc/pszx/mdps_order_info.html?code=312020112300620 HTTP/1.1" 200 23887
120.253.135.82 - - [23/Nov/2020:06:40:46 +0800] "GET /xingrg/javascript/easyui/themes/default/validatebox.css HTTP/1.1" 404 1104
120.253.135.82 - - [23/Nov/2020:06:40:46 +0800] "POST /xingrg/kc/pszx/mdps_order_operate.html HTTP/1.1" 200 3742
58.35.246.33 - - [23/Nov/2020:06:40:47 +0800] "GET /xingrg/all/function/internal_message.html?_=1606084835778&CODE_STATE=getMsg HTTP/1.1" 200 27
120.253.135.82 - - [23/Nov/2020:06:40:54 +0800] "POST /xingrg/kc/pszx/mdps_order_operate.html HTTP/1.1" 200 37
120.253.135.82 - - [23/Nov/2020:06:40:55 +0800] "GET /xingrg/kc/pszx/mdps_order_info.html?code=312020112300620 HTTP/1.1" 200 23887
120.253.135.82 - - [23/Nov/2020:06:40:55 +0800] "POST /xingrg/kc/pszx/mdps_order_operate.html HTTP/1.1" 200 3773
120.253.135.82 - - [23/Nov/2020:06:40:55 +0800] "GET /xingrg/javascript/easyui/themes/default/validatebox.css HTTP/1.1" 404 1104
117.184.7.26 - - [23/Nov/2020:06:40:58 +0800] "GET /xingrg/all/function/internal_message.html?_=1606085849468&CODE_STATE=getMsg HTTP/1.1" 200 27
114.84.37.38 - - [23/Nov/2020:06:41:00 +0800] "GET /xingrg/all/function/internal_message.html?_=1606084891240&CODE_STATE=getMsg HTTP/1.1" 200 27
120.253.135.82 - - [23/Nov/2020:06:41:00 +0800] "GET /xingrg/all/function/internal_message.html?_=1606084607812&CODE_STATE=getMsg HTTP/1.1" 200 27
120.253.135.82 - - [23/Nov/2020:06:41:04 +0800] "POST /xingrg/kc/pszx/mdps_list_operate.html HTTP/1.1" 200 4665
120.253.135.82 - - [23/Nov/2020:06:41:06 +0800] "POST /xingrg/kc/pszx/mdps_list_operate.html HTTP/1.1" 200 434
114.84.145.85 - - [23/Nov/2020:06:41:13 +0800] "GET /xingrg/all/function/internal_message.html?_=1606084455494&CODE_STATE=getMsg HTTP/1.1" 200 27
120.253.135.82 - - [23/Nov/2020:06:41:13 +0800] "POST /xingrg/kc/pszx/mdps_list_operate.html HTTP/1.1" 200 454
120.253.135.82 - - [23/Nov/2020:06:41:14 +0800] "GET /xingrg/kc/pszx/mdps_order_info.html?code=312020112300621 HTTP/1.1" 200 23887
120.253.135.82 - - [23/Nov/2020:06:41:14 +0800] "POST /xingrg/kc/pszx/mdps_order_operate.html HTTP/1.1" 200 3760
120.253.135.82 - - [23/Nov/2020:06:41:14 +0800] "GET /xingrg/javascript/easyui/themes/default/validatebox.css HTTP/1.1" 404 1104
120.253.135.82 - - [23/Nov/2020:06:41:17 +0800] "POST /xingrg/kc/pszx/mdps_order_operate.html HTTP/1.1" 200 37
120.253.135.82 - - [23/Nov/2020:06:41:18 +0800] "GET /xingrg/kc/pszx/mdps_order_info.html?code=312020112300621 HTTP/1.1" 200 23887
120.253.135.82 - - [23/Nov/2020:06:41:18 +0800] "POST /xingrg/kc/pszx/mdps_order_operate.html HTTP/1.1" 200 3789
120.253.135.82 - - [23/Nov/2020:06:41:18 +0800] "GET /xingrg/javascript/easyui/themes/default/validatebox.css HTTP/1.1" 404 1104
124.77.237.88 - - [23/Nov/2020:06:41:23 +0800] "POST /xingrg/services/DataTransmitService HTTP/1.1" 200 524
180.162.245.190 - - [23/Nov/2020:06:41:30 +0800] "GET /xingrg/all/function/internal_message.html?_=1606084871125&CODE_STATE=getMsg HTTP/1.1" 200 27
117.185.32.26 - - [23/Nov/2020:06:41:31 +0800] "GET /xingrg/all/function/internal_message.html?_=1606085330592&CODE_STATE=getMsg HTTP/1.1" 200 27
120.253.135.82 - - [23/Nov/2020:06:41:35 +0800] "GET /xingrg/kc/pszx/mdps_order_operate.html?command=get_materiel&pszx_code=00101&rest_code=00107&base_code=0010246&code=00101018006 HTTP/1.1" 200 445
120.253.135.82 - - [23/Nov/2020:06:41:37 +0800] "POST /xingrg/all/common/load_select.html HTTP/1.1" 200 25
58.35.246.33 - - [23/Nov/2020:06:41:38 +0800] "GET /xingrg/all/function/internal_message.html?_=1606084895792&CODE_STATE=getMsg HTTP/1.1" 200 27
120.253.135.82 - - [23/Nov/2020:06:41:40 +0800] "GET /xingrg/kc/pszx/mdps_order_operate.html?command=get_materiel_price&pszx_code=00101&rest_code=00107&base_code=0010246&code=00101018006&unit_code=00100169&order_time=2020-11-24 HTTP/1.1" 200 36
180.174.56.115 - - [23/Nov/2020:06:41:45 +0800] "GET /xingrg/all/function/internal_message.html?_=1606084905560&CODE_STATE=getMsg HTTP/1.1" 200 27
120.253.135.82 - - [23/Nov/2020:06:41:46 +0800] "POST /xingrg/kc/pszx/mdps_order_operate.html HTTP/1.1" 200 37
120.253.135.82 - - [23/Nov/2020:06:41:47 +0800] "GET /xingrg/kc/pszx/mdps_order_info.html?code=312020112300621 HTTP/1.1" 200 23887
120.253.135.82 - - [23/Nov/2020:06:41:48 +0800] "POST /xingrg/kc/pszx/mdps_order_operate.html HTTP/1.1" 200 3783
120.253.135.82 - - [23/Nov/2020:06:41:48 +0800] "GET /xingrg/javascript/easyui/themes/default/validatebox.css HTTP/1.1" 404 1104
180.162.245.190 - - [23/Nov/2020:06:41:50 +0800] "GET /xingrg/check_reg.html?_=1606084891453 HTTP/1.1" 200 22
120.253.135.82 - - [23/Nov/2020:06:41:55 +0800] "POST /xingrg/kc/pszx/mdps_list_operate.html HTTP/1.1" 200 4665
120.253.135.82 - - [23/Nov/2020:06:41:57 +0800] "GET /xingrg/check_reg.html?_=1606084664502 HTTP/1.1" 200 22
120.253.135.82 - - [23/Nov/2020:06:41:57 +0800] "POST /xingrg/kc/pszx/mdps_list_operate.html HTTP/1.1" 200 449
117.184.7.26 - - [23/Nov/2020:06:41:58 +0800] "GET /xingrg/all/function/internal_message.html?_=1606085909467&CODE_STATE=getMsg HTTP/1.1" 200 27
120.253.135.82 - - [23/Nov/2020:06:41:58 +0800] "POST /xingrg/kc/pszx/mdps_list_operate.html HTTP/1.1" 200 294
114.84.37.38 - - [23/Nov/2020:06:42:00 +0800] "GET /xingrg/all/function/internal_message.html?_=1606084951312&CODE_STATE=getMsg HTTP/1.1" 200 27
120.253.135.82 - - [23/Nov/2020:06:42:00 +0800] "GET /xingrg/all/function/internal_message.html?_=1606084667825&CODE_STATE=getMsg HTTP/1.1" 200 27
120.253.135.82 - - [23/Nov/2020:06:42:01 +0800] "GET /xingrg/kc/pszx/mdps_order_info.html?code=312020112300622 HTTP/1.1" 200 23887
120.253.135.82 - - [23/Nov/2020:06:42:01 +0800] "GET /xingrg/javascript/easyui/themes/default/validatebox.css HTTP/1.1" 404 1104
120.253.135.82 - - [23/Nov/2020:06:42:01 +0800] "POST /xingrg/kc/pszx/mdps_order_operate.html HTTP/1.1" 200 2788
120.253.135.82 - - [23/Nov/2020:06:42:04 +0800] "POST /xingrg/all/common/load_combo.html?type=base HTTP/1.1" 200 984
120.253.135.82 - - [23/Nov/2020:06:42:08 +0800] "POST /xingrg/kc/pszx/mdps_order_operate.html HTTP/1.1" 200 37
120.253.135.82 - - [23/Nov/2020:06:42:10 +0800] "GET /xingrg/kc/pszx/mdps_order_info.html?code=312020112300622 HTTP/1.1" 200 23887
120.253.135.82 - - [23/Nov/2020:06:42:10 +0800] "GET /xingrg/javascript/easyui/themes/default/validatebox.css HTTP/1.1" 404 1104
120.253.135.82 - - [23/Nov/2020:06:42:10 +0800] "POST /xingrg/kc/pszx/mdps_order_operate.html HTTP/1.1" 200 2807
114.84.145.85 - - [23/Nov/2020:06:42:13 +0800] "GET /xingrg/all/function/internal_message.html?_=1606084515472&CODE_STATE=getMsg HTTP/1.1" 200 27
120.253.135.82 - - [23/Nov/2020:06:42:23 +0800] "POST /xingrg/kc/pszx/mdps_order_operate.html HTTP/1.1" 200 37
120.253.135.82 - - [23/Nov/2020:06:42:24 +0800] "GET /xingrg/kc/pszx/mdps_order_info.html?code=312020112300622 HTTP/1.1" 200 23887
120.253.135.82 - - [23/Nov/2020:06:42:24 +0800] "POST /xingrg/kc/pszx/mdps_order_operate.html HTTP/1.1" 200 2807
120.253.135.82 - - [23/Nov/2020:06:42:24 +0800] "GET /xingrg/javascript/easyui/themes/default/validatebox.css HTTP/1.1" 404 1104
120.253.135.82 - - [23/Nov/2020:06:42:26 +0800] "POST /xingrg/kc/pszx/mdps_list_operate.html HTTP/1.1" 200 4665
120.253.135.82 - - [23/Nov/2020:06:42:29 +0800] "POST /xingrg/kc/pszx/mdps_list_operate.html HTTP/1.1" 200 644
114.84.145.85 - - [23/Nov/2020:06:42:29 +0800] "GET /xingrg/check_reg.html?_=1606084531999 HTTP/1.1" 200 22
120.253.135.82 - - [23/Nov/2020:06:42:29 +0800] "GET /xingrg/kc/pszx/mdps_order_info.html?code=312020112300623 HTTP/1.1" 200 23887
120.253.135.82 - - [23/Nov/2020:06:42:30 +0800] "GET /xingrg/javascript/easyui/themes/default/validatebox.css HTTP/1.1" 404 1104
120.253.135.82 - - [23/Nov/2020:06:42:30 +0800] "POST /xingrg/kc/pszx/mdps_order_operate.html HTTP/1.1" 200 11025
180.162.245.190 - - [23/Nov/2020:06:42:30 +0800] "GET /xingrg/all/function/internal_message.html?_=1606084931095&CODE_STATE=getMsg HTTP/1.1" 200 27
117.185.32.26 - - [23/Nov/2020:06:42:31 +0800] "GET /xingrg/all/function/internal_message.html?_=1606085390577&CODE_STATE=getMsg HTTP/1.1" 200 27
120.253.135.82 - - [23/Nov/2020:06:42:33 +0800] "POST /xingrg/kc/pszx/mdps_order_operate.html HTTP/1.1" 200 37
120.253.135.82 - - [23/Nov/2020:06:42:35 +0800] "GET /xingrg/kc/pszx/mdps_order_info.html?code=312020112300623 HTTP/1.1" 200 23887
120.253.135.82 - - [23/Nov/2020:06:42:35 +0800] "GET /xingrg/javascript/easyui/themes/default/validatebox.css HTTP/1.1" 404 1104
120.253.135.82 - - [23/Nov/2020:06:42:35 +0800] "POST /xingrg/kc/pszx/mdps_order_operate.html HTTP/1.1" 200 11170
58.35.246.33 - - [23/Nov/2020:06:42:38 +0800] "GET /xingrg/all/function/internal_message.html?_=1606084955824&CODE_STATE=getMsg HTTP/1.1" 200 27
180.174.56.115 - - [23/Nov/2020:06:42:45 +0800] "GET /xingrg/all/function/internal_message.html?_=1606084965559&CODE_STATE=getMsg HTTP/1.1" 200 27
117.184.7.26 - - [23/Nov/2020:06:42:58 +0800] "GET /xingrg/all/function/internal_message.html?_=1606085969469&CODE_STATE=getMsg HTTP/1.1" 200 27
114.84.37.38 - - [23/Nov/2020:06:43:00 +0800] "GET /xingrg/all/function/internal_message.html?_=1606085011312&CODE_STATE=getMsg HTTP/1.1" 200 27
120.253.135.82 - - [23/Nov/2020:06:43:00 +0800] "GET /xingrg/all/function/internal_message.html?_=1606084727906&CODE_STATE=getMsg HTTP/1.1" 200 27
114.84.145.85 - - [23/Nov/2020:06:43:13 +0800] "GET /xingrg/all/function/internal_message.html?_=1606084575444&CODE_STATE=getMsg HTTP/1.1" 200 27
120.253.135.82 - - [23/Nov/2020:06:43:27 +0800] "POST /xingrg/kc/pszx/mdps_order_operate.html HTTP/1.1" 200 37
120.253.135.82 - - [23/Nov/2020:06:43:28 +0800] "GET /xingrg/kc/pszx/mdps_order_info.html?code=312020112300623 HTTP/1.1" 200 23887
120.253.135.82 - - [23/Nov/2020:06:43:29 +0800] "POST /xingrg/kc/pszx/mdps_order_operate.html HTTP/1.1" 200 11170
120.253.135.82 - - [23/Nov/2020:06:43:29 +0800] "GET /xingrg/javascript/easyui/themes/default/validatebox.css HTTP/1.1" 404 1104
180.162.245.190 - - [23/Nov/2020:06:43:30 +0800] "GET /xingrg/all/function/internal_message.html?_=1606084991079&CODE_STATE=getMsg HTTP/1.1" 200 27
120.253.135.82 - - [23/Nov/2020:06:43:31 +0800] "POST /xingrg/kc/pszx/mdps_list_operate.html HTTP/1.1" 200 4665
117.185.32.26 - - [23/Nov/2020:06:43:31 +0800] "GET /xingrg/all/function/internal_message.html?_=1606085450561&CODE_STATE=getMsg HTTP/1.1" 200 27
58.40.7.146 - - [23/Nov/2020:06:43:33 +0800] "GET /xingrg/check_reg.html?_=1606085012914 HTTP/1.1" 302 -
120.253.135.82 - - [23/Nov/2020:06:43:34 +0800] "POST /xingrg/kc/pszx/mdps_list_operate.html HTTP/1.1" 200 475
120.253.135.82 - - [23/Nov/2020:06:43:37 +0800] "GET /xingrg/kc/pszx/mdps_order_info.html?code=312020112300624 HTTP/1.1" 200 23887
120.253.135.82 - - [23/Nov/2020:06:43:37 +0800] "POST /xingrg/kc/pszx/mdps_order_operate.html HTTP/1.1" 200 3812
120.253.135.82 - - [23/Nov/2020:06:43:37 +0800] "GET /xingrg/javascript/easyui/themes/default/validatebox.css HTTP/1.1" 404 1104
58.35.246.33 - - [23/Nov/2020:06:43:38 +0800] "GET /xingrg/all/function/internal_message.html?_=1606085015833&CODE_STATE=getMsg HTTP/1.1" 200 27
120.253.135.82 - - [23/Nov/2020:06:43:40 +0800] "POST /xingrg/kc/pszx/mdps_order_operate.html HTTP/1.1" 200 37
120.253.135.82 - - [23/Nov/2020:06:43:41 +0800] "GET /xingrg/kc/pszx/mdps_order_info.html?code=312020112300624 HTTP/1.1" 200 23887
120.253.135.82 - - [23/Nov/2020:06:43:42 +0800] "POST /xingrg/kc/pszx/mdps_order_operate.html HTTP/1.1" 200 3841
120.253.135.82 - - [23/Nov/2020:06:43:42 +0800] "GET /xingrg/javascript/easyui/themes/default/validatebox.css HTTP/1.1" 404 1104
180.174.56.115 - - [23/Nov/2020:06:43:45 +0800] "GET /xingrg/all/function/internal_message.html?_=1606085025570&CODE_STATE=getMsg HTTP/1.1" 200 27
180.174.56.115 - - [23/Nov/2020:06:43:45 +0800] "GET /xingrg/check_reg.html?_=1606085025575 HTTP/1.1" 200 22
117.184.7.26 - - [23/Nov/2020:06:43:58 +0800] "GET /xingrg/check_reg.html?_=1606086029470 HTTP/1.1" 200 22
117.184.7.26 - - [23/Nov/2020:06:43:58 +0800] "GET /xingrg/all/function/internal_message.html?_=1606086029476&CODE_STATE=getMsg HTTP/1.1" 200 27
120.253.135.82 - - [23/Nov/2020:06:43:58 +0800] "GET /xingrg/kc/pszx/mdps_order_operate.html?command=get_materiel&pszx_code=00101&rest_code=00107&base_code=0010246&code=00101016050 HTTP/1.1" 200 464
114.84.37.38 - - [23/Nov/2020:06:44:00 +0800] "GET /xingrg/all/function/internal_message.html?_=1606085071379&CODE_STATE=getMsg HTTP/1.1" 200 27
120.253.135.82 - - [23/Nov/2020:06:44:00 +0800] "GET /xingrg/all/function/internal_message.html?_=1606084787915&CODE_STATE=getMsg HTTP/1.1" 200 27
120.253.135.82 - - [23/Nov/2020:06:44:00 +0800] "POST /xingrg/all/common/load_select.html HTTP/1.1" 200 25
120.253.135.82 - - [23/Nov/2020:06:44:03 +0800] "GET /xingrg/kc/pszx/mdps_order_operate.html?command=get_materiel_price&pszx_code=00101&rest_code=00107&base_code=0010246&code=00101016050&unit_code=00100088&order_time=2020-11-24 HTTP/1.1" 200 34
120.253.135.82 - - [23/Nov/2020:06:44:10 +0800] "POST /xingrg/kc/pszx/mdps_order_operate.html HTTP/1.1" 200 37
120.253.135.82 - - [23/Nov/2020:06:44:11 +0800] "GET /xingrg/kc/pszx/mdps_order_info.html?code=312020112300624 HTTP/1.1" 200 23887
120.253.135.82 - - [23/Nov/2020:06:44:11 +0800] "POST /xingrg/kc/pszx/mdps_order_operate.html HTTP/1.1" 200 3838
120.253.135.82 - - [23/Nov/2020:06:44:11 +0800] "GET /xingrg/javascript/easyui/themes/default/validatebox.css HTTP/1.1" 404 1104
114.84.145.85 - - [23/Nov/2020:06:44:13 +0800] "GET /xingrg/all/function/internal_message.html?_=1606084635413&CODE_STATE=getMsg HTTP/1.1" 200 27
114.84.37.38 - - [23/Nov/2020:06:44:24 +0800] "GET /xingrg/check_reg.html?_=1606085095958 HTTP/1.1" 200 22
180.162.245.190 - - [23/Nov/2020:06:44:30 +0800] "GET /xingrg/all/function/internal_message.html?_=1606085051071&CODE_STATE=getMsg HTTP/1.1" 200 27
117.185.32.26 - - [23/Nov/2020:06:44:31 +0800] "GET /xingrg/all/function/internal_message.html?_=1606085510547&CODE_STATE=getMsg HTTP/1.1" 200 27
180.174.56.115 - - [23/Nov/2020:06:44:33 +0800] "GET /xingrg/check_reg.html?_=1606085052825 HTTP/1.1" 200 22
58.35.246.33 - - [23/Nov/2020:06:44:38 +0800] "GET /xingrg/all/function/internal_message.html?_=1606085075867&CODE_STATE=getMsg HTTP/1.1" 200 27
180.174.56.115 - - [23/Nov/2020:06:44:45 +0800] "GET /xingrg/all/function/internal_message.html?_=1606085085573&CODE_STATE=getMsg HTTP/1.1" 200 27
117.185.32.26 - - [23/Nov/2020:06:44:47 +0800] "GET /xingrg/check_reg.html?_=1606085526177 HTTP/1.1" 200 22
120.253.135.82 - - [23/Nov/2020:06:44:54 +0800] "POST /xingrg/kc/pszx/mdps_order_operate.html HTTP/1.1" 200 37
120.253.135.82 - - [23/Nov/2020:06:44:55 +0800] "GET /xingrg/kc/pszx/mdps_order_info.html?code=312020112300624 HTTP/1.1" 200 23887
120.253.135.82 - - [23/Nov/2020:06:44:55 +0800] "POST /xingrg/kc/pszx/mdps_order_operate.html HTTP/1.1" 200 3838
120.253.135.82 - - [23/Nov/2020:06:44:55 +0800] "GET /xingrg/javascript/easyui/themes/default/validatebox.css HTTP/1.1" 404 1104
120.253.135.82 - - [23/Nov/2020:06:44:57 +0800] "POST /xingrg/kc/pszx/mdps_list_operate.html HTTP/1.1" 200 4665
117.184.7.26 - - [23/Nov/2020:06:44:58 +0800] "GET /xingrg/all/function/internal_message.html?_=1606086089467&CODE_STATE=getMsg HTTP/1.1" 200 27
120.253.135.82 - - [23/Nov/2020:06:44:58 +0800] "POST /xingrg/kc/pszx/mdps_list_operate.html HTTP/1.1" 200 205
114.84.37.38 - - [23/Nov/2020:06:45:00 +0800] "GET /xingrg/all/function/internal_message.html?_=1606085131387&CODE_STATE=getMsg HTTP/1.1" 200 27
120.253.135.82 - - [23/Nov/2020:06:45:00 +0800] "GET /xingrg/all/function/internal_message.html?_=1606084847929&CODE_STATE=getMsg HTTP/1.1" 200 27
120.253.135.82 - - [23/Nov/2020:06:45:11 +0800] "POST /xingrg/kc/pszx/mdps_list_operate.html HTTP/1.1" 200 294
120.253.135.82 - - [23/Nov/2020:06:45:12 +0800] "GET /xingrg/kc/pszx/mdps_order_info.html?code=312020112300622 HTTP/1.1" 200 23887
120.253.135.82 - - [23/Nov/2020:06:45:13 +0800] "POST /xingrg/kc/pszx/mdps_order_operate.html HTTP/1.1" 200 2807
120.253.135.82 - - [23/Nov/2020:06:45:13 +0800] "GET /xingrg/javascript/easyui/themes/default/validatebox.css HTTP/1.1" 404 1104
114.84.145.85 - - [23/Nov/2020:06:45:13 +0800] "GET /xingrg/all/function/internal_message.html?_=1606084695388&CODE_STATE=getMsg HTTP/1.1" 200 27
117.131.5.26 - - [23/Nov/2020:06:45:21 +0800] "POST /xingrg/services/DataTransmitService HTTP/1.1" 200 524
120.253.135.82 - - [23/Nov/2020:06:45:21 +0800] "GET /xingrg/kc/pszx/mdps_order_operate.html?command=get_materiel&pszx_code=00101&rest_code=00107&base_code=0010250&code=00102015055 HTTP/1.1" 200 436
58.35.246.33 - - [23/Nov/2020:06:45:24 +0800] "GET /xingrg/check_reg.html?_=1606085122414 HTTP/1.1" 200 22
180.162.245.190 - - [23/Nov/2020:06:45:30 +0800] "GET /xingrg/all/function/internal_message.html?_=1606085111055&CODE_STATE=getMsg HTTP/1.1" 200 27
117.185.32.26 - - [23/Nov/2020:06:45:31 +0800] "GET /xingrg/all/function/internal_message.html?_=1606085570545&CODE_STATE=getMsg HTTP/1.1" 200 27
120.253.135.82 - - [23/Nov/2020:06:45:34 +0800] "POST /xingrg/kc/pszx/mdps_order_operate.html HTTP/1.1" 200 37
120.253.135.82 - - [23/Nov/2020:06:45:35 +0800] "GET /xingrg/kc/pszx/mdps_order_info.html?code=312020112300622 HTTP/1.1" 200 23887
120.253.135.82 - - [23/Nov/2020:06:45:35 +0800] "POST /xingrg/kc/pszx/mdps_order_operate.html HTTP/1.1" 200 3295
120.253.135.82 - - [23/Nov/2020:06:45:35 +0800] "GET /xingrg/javascript/easyui/themes/default/validatebox.css HTTP/1.1" 404 1104
120.253.135.82 - - [23/Nov/2020:06:45:37 +0800] "POST /xingrg/kc/pszx/mdps_list_operate.html HTTP/1.1" 200 4665
58.35.246.33 - - [23/Nov/2020:06:45:38 +0800] "GET /xingrg/all/function/internal_message.html?_=1606085135876&CODE_STATE=getMsg HTTP/1.1" 200 27
120.253.135.82 - - [23/Nov/2020:06:45:38 +0800] "POST /xingrg/kc/pszx/mdps_list_operate.html HTTP/1.1" 200 205
120.253.135.82 - - [23/Nov/2020:06:45:41 +0800] "GET /xingrg/kc/pszx/mdps_order_info.html?code=312020111800493 HTTP/1.1" 200 23887
120.253.135.82 - - [23/Nov/2020:06:45:41 +0800] "POST /xingrg/kc/pszx/mdps_order_operate.html HTTP/1.1" 200 2278
120.253.135.82 - - [23/Nov/2020:06:45:41 +0800] "GET /xingrg/javascript/easyui/themes/default/validatebox.css HTTP/1.1" 404 1104
180.174.56.115 - - [23/Nov/2020:06:45:45 +0800] "GET /xingrg/all/function/internal_message.html?_=1606085145582&CODE_STATE=getMsg HTTP/1.1" 200 27
120.253.135.82 - - [23/Nov/2020:06:45:55 +0800] "POST /xingrg/kc/pszx/mdps_list_operate.html HTTP/1.1" 200 4665
120.253.135.82 - - [23/Nov/2020:06:45:57 +0800] "POST /xingrg/kc/pszx/mdps_list_operate.html HTTP/1.1" 200 205
117.184.7.26 - - [23/Nov/2020:06:45:58 +0800] "GET /xingrg/all/function/internal_message.html?_=1606086149466&CODE_STATE=getMsg HTTP/1.1" 200 27
114.84.37.38 - - [23/Nov/2020:06:46:00 +0800] "GET /xingrg/all/function/internal_message.html?_=1606085191403&CODE_STATE=getMsg HTTP/1.1" 200 27
120.253.135.82 - - [23/Nov/2020:06:46:00 +0800] "GET /xingrg/kc/report/report_main.html HTTP/1.1" 200 9370
120.253.135.82 - - [23/Nov/2020:06:46:00 +0800] "GET /xingrg/all/function/internal_message.html?_=1606084907942&CODE_STATE=getMsg HTTP/1.1" 200 27
120.253.135.82 - - [23/Nov/2020:06:46:00 +0800] "GET /xingrg/javascript/jquery_ui/themes/humanity/humanity.css HTTP/1.1" 200 27801
120.253.135.82 - - [23/Nov/2020:06:46:01 +0800] "GET /xingrg/kc/base/kc_stocks.html HTTP/1.1" 200 16386
120.253.135.82 - - [23/Nov/2020:06:46:01 +0800] "GET /xingrg/javascript/easyui/themes/sunny/easyui.css HTTP/1.1" 200 34304
120.253.135.82 - - [23/Nov/2020:06:46:01 +0800] "GET /xingrg/javascript/easyui/themes/icons/print_new.png HTTP/1.1" 200 3580
120.253.135.82 - - [23/Nov/2020:06:46:01 +0800] "GET /xingrg/javascript/easyui/themes/icons/filter_new.png HTTP/1.1" 200 795
120.253.135.82 - - [23/Nov/2020:06:46:01 +0800] "GET /xingrg/javascript/easyui/themes/icons/refresh_new.png HTTP/1.1" 200 685
120.253.135.82 - - [23/Nov/2020:06:46:01 +0800] "GET /xingrg/javascript/easyui/plugins/jquery.draggable.js HTTP/1.1" 200 6121
120.253.135.82 - - [23/Nov/2020:06:46:01 +0800] "GET /xingrg/javascript/easyui/plugins/jquery.droppable.js HTTP/1.1" 200 1167
120.253.135.82 - - [23/Nov/2020:06:46:01 +0800] "GET /xingrg/javascript/easyui/themes/default/tree.css HTTP/1.1" 404 1090
120.253.135.82 - - [23/Nov/2020:06:46:01 +0800] "GET /xingrg/javascript/easyui/plugins/jquery.tree.js HTTP/1.1" 200 20874
120.253.135.82 - - [23/Nov/2020:06:46:01 +0800] "POST /xingrg/all/common/load_tree.html?tree=materiel_sort_tree_json HTTP/1.1" 200 8666
120.253.135.82 - - [23/Nov/2020:06:46:01 +0800] "GET /xingrg/javascript/easyui/themes/sunny/images/tree_arrows.gif HTTP/1.1" 200 617
120.253.135.82 - - [23/Nov/2020:06:46:01 +0800] "GET /xingrg/javascript/easyui/themes/sunny/images/tree_folder_open.gif HTTP/1.1" 200 956
120.253.135.82 - - [23/Nov/2020:06:46:01 +0800] "GET /xingrg/javascript/easyui/themes/sunny/images/tree_folder.gif HTTP/1.1" 200 952
120.253.135.82 - - [23/Nov/2020:06:46:01 +0800] "GET /xingrg/javascript/easyui/themes/sunny/images/tree_file.gif HTTP/1.1" 200 118
120.253.135.82 - - [23/Nov/2020:06:46:02 +0800] "POST /xingrg/all/common/load_combo.html?type=base HTTP/1.1" 200 984
120.253.135.82 - - [23/Nov/2020:06:46:10 +0800] "POST /xingrg/kc/base/stock_operate.html HTTP/1.1" 200 1460
120.253.135.82 - - [23/Nov/2020:06:46:10 +0800] "GET /xingrg/javascript/jquery_tools/fix_table.js HTTP/1.1" 200 6528
114.84.145.85 - - [23/Nov/2020:06:46:13 +0800] "GET /xingrg/all/function/internal_message.html?_=1606084755389&CODE_STATE=getMsg HTTP/1.1" 200 27
120.253.135.82 - - [23/Nov/2020:06:46:29 +0800] "GET /xingrg/kc/base/stock_detail.html?m=00102015055 HTTP/1.1" 200 6307
120.253.135.82 - - [23/Nov/2020:06:46:29 +0800] "GET /xingrg/javascript/jquery_easy_ui/themes/default/images/menu_downarrow.png HTTP/1.1" 304 -
120.253.135.82 - - [23/Nov/2020:06:46:29 +0800] "GET /xingrg/javascript/jquery_easy_ui/themes/default/images/menu.gif HTTP/1.1" 200 834
120.253.135.82 - - [23/Nov/2020:06:46:29 +0800] "GET /xingrg/javascript/jquery_easy_ui/themes/icons/print.png HTTP/1.1" 304 -
180.162.245.190 - - [23/Nov/2020:06:46:30 +0800] "GET /xingrg/all/function/internal_message.html?_=1606085171038&CODE_STATE=getMsg HTTP/1.1" 200 27
120.253.135.82 - - [23/Nov/2020:06:46:31 +0800] "GET /xingrg/kc/base/stock_operate.html?_=1606084938625&command=get_report_file&start_day=20201101 HTTP/1.1" 200 53
120.253.135.82 - - [23/Nov/2020:06:46:31 +0800] "GET /xingrg/javascript/calendar/timePicker.css HTTP/1.1" 200 523
120.253.135.82 - - [23/Nov/2020:06:46:31 +0800] "GET /xingrg/javascript/multi_select/jqueryMultiSelect.css HTTP/1.1" 200 951
120.253.135.82 - - [23/Nov/2020:06:46:31 +0800] "GET /xingrg/all/report/report_query.html?isQuery=1&onlyBody=1&rh=2000&fileName=kc/base/kc_stock_detail_new.xml&queryString=(1=1)&queryText=&tableQueryString=init_table$sp1$$sp$crk_table$sp1$order_day%20between%2020201101%20and%2020201130&varString=start_day:20201101,materiel_code:00102015055,cost_id:2917,end_date:20201031 HTTP/1.1" 200 48701
120.253.135.82 - - [23/Nov/2020:06:46:31 +0800] "GET /xingrg/javascript/bigrid/fix.css HTTP/1.1" 200 1702
120.253.135.82 - - [23/Nov/2020:06:46:31 +0800] "GET /xingrg/javascript/calendar/jquery.timePicker.min.js HTTP/1.1" 200 2997
120.253.135.82 - - [23/Nov/2020:06:46:31 +0800] "GET /xingrg/javascript/bigrid/fix.js HTTP/1.1" 200 6439
120.253.135.82 - - [23/Nov/2020:06:46:31 +0800] "GET /xingrg/dwr/interface/AjaxReportQueryService.js HTTP/1.1" 200 13203
120.253.135.82 - - [23/Nov/2020:06:46:31 +0800] "GET /xingrg/javascript/jqueryMultiSelect.js HTTP/1.1" 200 11866
120.253.135.82 - - [23/Nov/2020:06:46:31 +0800] "GET /xingrg/dwr/engine.js HTTP/1.1" 200 43631
120.253.135.82 - - [23/Nov/2020:06:46:31 +0800] "GET /xingrg/images/blue/button/advanceover.gif HTTP/1.1" 200 1347
120.253.135.82 - - [23/Nov/2020:06:46:31 +0800] "GET /xingrg/images/blue/button/advance2over.gif HTTP/1.1" 200 1336
120.253.135.82 - - [23/Nov/2020:06:46:31 +0800] "GET /xingrg/images/blue/button/back2over.gif HTTP/1.1" 200 1335
120.253.135.82 - - [23/Nov/2020:06:46:31 +0800] "GET /xingrg/images/blue/button/backover.gif HTTP/1.1" 200 1348
120.253.135.82 - - [23/Nov/2020:06:46:31 +0800] "GET /xingrg/javascript/jquery_easy_ui/themes/icons/help.png HTTP/1.1" 200 1187
120.253.135.82 - - [23/Nov/2020:06:46:31 +0800] "GET /xingrg/images/control/loading.gif HTTP/1.1" 200 13463
117.185.32.26 - - [23/Nov/2020:06:46:31 +0800] "GET /xingrg/all/function/internal_message.html?_=1606085630529&CODE_STATE=getMsg HTTP/1.1" 200 27
120.253.135.82 - - [23/Nov/2020:06:46:31 +0800] "POST /xingrg/all/report/load_report_page.html HTTP/1.1" 200 34780
120.253.135.82 - - [23/Nov/2020:06:46:31 +0800] "GET /xingrg/servlets/image?cache=0.5940434211637734&image=px HTTP/1.1" 200 807
120.253.135.82 - - [23/Nov/2020:06:46:36 +0800] "GET /xingrg/kc/guide/show_order.html?code=212020112007953&type=21 HTTP/1.1" 302 -
120.253.135.82 - - [23/Nov/2020:06:46:36 +0800] "GET /xingrg/kc/buy/cgsh_order_info.html?code=212020112007953&sysBaseUrl=http%3A%2F%2F180.169.147.146%3A18081%2Fxingrg%2F&costTime=1×tamp=1606085196488 HTTP/1.1" 200 54659
120.253.135.82 - - [23/Nov/2020:06:46:36 +0800] "GET /favicon.ico HTTP/1.1" 404 -
120.253.135.82 - - [23/Nov/2020:06:46:37 +0800] "GET /xingrg/javascript/easyui/themes/default/validatebox.css HTTP/1.1" 404 1104
120.253.135.82 - - [23/Nov/2020:06:46:37 +0800] "POST /xingrg/kc/buy/cgsh_order_operate.html HTTP/1.1" 200 1228
58.35.246.33 - - [23/Nov/2020:06:46:38 +0800] "GET /xingrg/all/function/internal_message.html?_=1606085195891&CODE_STATE=getMsg HTTP/1.1" 200 27
180.174.56.115 - - [23/Nov/2020:06:46:45 +0800] "GET /xingrg/all/function/internal_message.html?_=1606085205583&CODE_STATE=getMsg HTTP/1.1" 200 27
180.162.245.190 - - [23/Nov/2020:06:46:50 +0800] "GET /xingrg/check_reg.html?_=1606085191460 HTTP/1.1" 200 22
120.253.135.82 - - [23/Nov/2020:06:46:57 +0800] "GET /xingrg/check_reg.html?_=1606084964592 HTTP/1.1" 200 22
117.184.7.26 - - [23/Nov/2020:06:46:58 +0800] "GET /xingrg/all/function/internal_message.html?_=1606086209475&CODE_STATE=getMsg HTTP/1.1" 200 27
114.84.37.38 - - [23/Nov/2020:06:47:00 +0800] "GET /xingrg/all/function/internal_message.html?_=1606085251487&CODE_STATE=getMsg HTTP/1.1" 200 27
120.253.135.82 - - [23/Nov/2020:06:47:00 +0800] "GET /xingrg/all/function/internal_message.html?_=1606084967956&CODE_STATE=getMsg HTTP/1.1" 200 27
114.84.145.85 - - [23/Nov/2020:06:47:13 +0800] "GET /xingrg/all/function/internal_message.html?_=1606084815366&CODE_STATE=getMsg HTTP/1.1" 200 27
58.40.7.146 - - [23/Nov/2020:06:47:19 +0800] "POST /xingrg/services/DataTransmitService HTTP/1.1" 200 524
120.253.135.82 - - [23/Nov/2020:06:47:23 +0800] "GET /xingrg/javascript/jquery_easy_ui/themes/default/images/tabs_active.png HTTP/1.1" 200 2894
120.253.135.82 - - [23/Nov/2020:06:47:26 +0800] "GET /xingrg/javascript/easyui/themes/sunny/images/ui-bg_gloss-wave_60_fece2f_500x100.png HTTP/1.1" 200 3512
114.84.145.85 - - [23/Nov/2020:06:47:29 +0800] "GET /xingrg/check_reg.html?_=1606084832003 HTTP/1.1" 200 22
180.162.245.190 - - [23/Nov/2020:06:47:30 +0800] "GET /xingrg/all/function/internal_message.html?_=1606085231048&CODE_STATE=getMsg HTTP/1.1" 200 27
117.185.32.26 - - [23/Nov/2020:06:47:31 +0800] "GET /xingrg/all/function/internal_message.html?_=1606085690521&CODE_STATE=getMsg HTTP/1.1" 200 27
120.253.135.82 - - [23/Nov/2020:06:47:32 +0800] "GET /xingrg/kc/pszx/mdps_order_list.html?orderType=0 HTTP/1.1" 200 21238
