117.184.7.26 - - [23/Nov/2020:09:46:58 +0800] "GET /xingrg/all/function/internal_message.html?_=1606097009884&CODE_STATE=getMsg HTTP/1.1" 200 27
180.162.245.190 - - [23/Nov/2020:09:47:01 +0800] "GET /xingrg/all/function/internal_message.html?_=1606096021432&CODE_STATE=getMsg HTTP/1.1" 200 27
180.174.56.115 - - [23/Nov/2020:09:47:02 +0800] "GET /xingrg/all/function/internal_message.html?_=1606096022469&CODE_STATE=getMsg HTTP/1.1" 200 27
58.35.246.33 - - [23/Nov/2020:09:47:04 +0800] "GET /xingrg/check_reg.html?_=1606096138746 HTTP/1.1" 200 22
58.35.246.33 - - [23/Nov/2020:09:47:04 +0800] "GET /xingrg/all/function/internal_message.html?_=1606096138744&CODE_STATE=getMsg HTTP/1.1" 200 27
180.174.56.115 - - [23/Nov/2020:09:47:04 +0800] "GET /xingrg/kc/buy/cgsh_order_operate.html?command=get_materiel&rest_code=00151&code=00101006084&supplier_code=00100012&order_time=2020-11-23 HTTP/1.1" 200 413
172.17.0.120 - - [23/Nov/2020:09:47:06 +0800] "GET /xingrg/all/function/internal_message.html?_=1606096242799&CODE_STATE=getMsg HTTP/1.1" 200 27
114.84.37.38 - - [23/Nov/2020:09:47:08 +0800] "GET /xingrg/all/function/internal_message.html?_=1606096060388&CODE_STATE=getMsg HTTP/1.1" 200 27
117.131.5.26 - - [23/Nov/2020:09:47:10 +0800] "GET /xingrg/login.html HTTP/1.1" 200 7641
117.131.5.26 - - [23/Nov/2020:09:47:10 +0800] "GET /favicon.ico HTTP/1.1" 404 -
172.17.200.101 - - [23/Nov/2020:09:47:11 +0800] "GET /xingrg/check_reg.html?_=1606096032379 HTTP/1.1" 200 22
172.17.200.101 - - [23/Nov/2020:09:47:11 +0800] "GET /xingrg/all/function/internal_message.html?_=1606096032384&CODE_STATE=getMsg HTTP/1.1" 200 27
116.232.55.88 - - [23/Nov/2020:09:47:13 +0800] "GET /xingrg/all/function/internal_message.html?_=1606096075828&CODE_STATE=getMsg HTTP/1.1" 200 27
58.35.246.33 - - [23/Nov/2020:09:47:14 +0800] "GET /xingrg/kc/buy/cgsh_order_operate.html?command=get_materiel&rest_code=00111&code=00101015052&supplier_code=00100037&order_time=2020-11-23 HTTP/1.1" 200 413
172.17.0.102 - - [23/Nov/2020:09:47:19 +0800] "GET /xingrg/all/function/internal_message.html?_=1606096040066&CODE_STATE=getMsg HTTP/1.1" 200 27
101.85.95.39 - - [23/Nov/2020:09:47:21 +0800] "GET /xingrg/all/function/internal_message.html?_=1606095773732&CODE_STATE=getMsg HTTP/1.1" 200 27
117.131.5.26 - - [23/Nov/2020:09:47:21 +0800] "POST /xingrg/login.do HTTP/1.1" 302 -
117.131.5.26 - - [23/Nov/2020:09:47:21 +0800] "GET /xingrg/index.html?sysBaseUrl=http%3A%2F%2F180.169.147.146%3A18081%2Fxingrg%2F&costTime=147×tamp=1606096041591 HTTP/1.1" 200 17179
117.131.5.26 - - [23/Nov/2020:09:47:21 +0800] "GET /favicon.ico HTTP/1.1" 404 -
117.131.5.26 - - [23/Nov/2020:09:47:22 +0800] "POST /xingrg/all/common/load_tree.html?tree=area_rest_tree_json&manage=1 HTTP/1.1" 200 351
117.131.5.26 - - [23/Nov/2020:09:47:22 +0800] "GET /xingrg/all/function/internal_message.html?_=1606096076201&CODE_STATE=count HTTP/1.1" 200 11
117.131.5.26 - - [23/Nov/2020:09:47:22 +0800] "GET /xingrg/check_reg.html?_=1606096076201 HTTP/1.1" 200 22
117.131.5.26 - - [23/Nov/2020:09:47:22 +0800] "POST /xingrg/load_menu.html HTTP/1.1" 200 5138
180.174.56.115 - - [23/Nov/2020:09:47:24 +0800] "GET /xingrg/kc/buy/cgsh_order_operate.html?command=get_materiel&rest_code=00151&code=00101006055&supplier_code=00100012&order_time=2020-11-23 HTTP/1.1" 200 409
58.35.246.33 - - [23/Nov/2020:09:47:25 +0800] "GET /xingrg/kc/buy/cgsh_order_operate.html?command=get_materiel&rest_code=00111&code=00101015046&supplier_code=00100037&order_time=2020-11-23 HTTP/1.1" 200 412
117.131.5.26 - - [23/Nov/2020:09:47:26 +0800] "GET /xingrg/kc/base/check_order_list.html HTTP/1.1" 200 16549
117.131.5.26 - - [23/Nov/2020:09:47:27 +0800] "POST /xingrg/kc/base/check_list_operate.html HTTP/1.1" 200 2913
180.162.245.190 - - [23/Nov/2020:09:47:27 +0800] "GET /xingrg/all/function/internal_message.html?_=1606096028077&CODE_STATE=getMsg HTTP/1.1" 200 27
172.17.0.123 - - [23/Nov/2020:09:47:31 +0800] "GET /xingrg/all/function/internal_message.html?_=1606095989870&CODE_STATE=getMsg HTTP/1.1" 200 27
117.131.5.26 - - [23/Nov/2020:09:47:32 +0800] "GET /xingrg/kc/base/check_order_info.html?code=452020112200218 HTTP/1.1" 200 26438
117.131.5.26 - - [23/Nov/2020:09:47:32 +0800] "GET /xingrg/dwr/interface/AjaxComOrderService.js HTTP/1.1" 200 18264
117.131.5.26 - - [23/Nov/2020:09:47:32 +0800] "GET /xingrg/dwr/interface/AjaxCheckService.js HTTP/1.1" 200 14003
117.131.5.26 - - [23/Nov/2020:09:47:32 +0800] "GET /xingrg/dwr/util.js HTTP/1.1" 304 -
117.131.5.26 - - [23/Nov/2020:09:47:32 +0800] "GET /xingrg/dwr/engine.js HTTP/1.1" 200 43631
58.35.246.33 - - [23/Nov/2020:09:47:33 +0800] "GET /xingrg/kc/buy/cgsh_order_operate.html?command=get_materiel&rest_code=00111&code=00101015044&supplier_code=00100037&order_time=2020-11-23 HTTP/1.1" 200 408
117.131.5.26 - - [23/Nov/2020:09:47:34 +0800] "POST /xingrg/dwr/call/plaincall/AjaxCheckService.loadOrderItems.dwr HTTP/1.1" 200 147636
180.174.56.115 - - [23/Nov/2020:09:47:38 +0800] "GET /xingrg/kc/buy/cgsh_order_operate.html?command=get_materiel&rest_code=00151&code=00101006112&supplier_code=00100012&order_time=2020-11-23 HTTP/1.1" 200 409
101.85.228.137 - - [23/Nov/2020:09:47:40 +0800] "GET /xingrg/check_reg.html?_=1606096285256 HTTP/1.1" 200 22
101.85.228.137 - - [23/Nov/2020:09:47:40 +0800] "GET /xingrg/all/function/internal_message.html?_=1606096285689&CODE_STATE=getMsg HTTP/1.1" 200 27
58.35.246.33 - - [23/Nov/2020:09:47:41 +0800] "GET /xingrg/all/function/internal_message.html?_=1606096059305&CODE_STATE=getMsg HTTP/1.1" 200 27
58.35.246.33 - - [23/Nov/2020:09:47:42 +0800] "GET /xingrg/kc/buy/cgsh_order_operate.html?command=get_materiel&rest_code=00111&code=00101008418&supplier_code=00100037&order_time=2020-11-23 HTTP/1.1" 200 398
180.157.253.48 - - [23/Nov/2020:09:47:44 +0800] "GET /xingrg/check_reg.html?_=1606096064730 HTTP/1.1" 200 22
114.84.145.85 - - [23/Nov/2020:09:47:45 +0800] "GET /xingrg/all/function/internal_message.html?_=1606096062756&CODE_STATE=getMsg HTTP/1.1" 200 27
180.157.253.48 - - [23/Nov/2020:09:47:45 +0800] "GET /xingrg/all/function/internal_message.html?_=1606096066459&CODE_STATE=getMsg HTTP/1.1" 200 27
58.35.246.33 - - [23/Nov/2020:09:47:45 +0800] "GET /xingrg/kc/buy/cgsh_order_operate.html?command=get_materiel&rest_code=00111&code=00101009011&supplier_code=00100037&order_time=2020-11-23 HTTP/1.1" 200 416
58.35.246.33 - - [23/Nov/2020:09:47:47 +0800] "POST /xingrg/kc/buy/cgsh_order_operate.html HTTP/1.1" 200 2065
116.228.172.94 - - [23/Nov/2020:09:47:53 +0800] "GET /xingrg/all/function/internal_message.html?_=1606096073042&CODE_STATE=getMsg HTTP/1.1" 200 27
222.69.135.118 - - [23/Nov/2020:09:47:55 +0800] "GET /xingrg/all/function/internal_message.html?_=1606096074198&CODE_STATE=getMsg HTTP/1.1" 200 27
116.232.52.76 - - [23/Nov/2020:09:47:55 +0800] "POST /xingrg/services/DataTransmitService HTTP/1.1" 200 524
180.174.56.115 - - [23/Nov/2020:09:47:55 +0800] "POST /xingrg/kc/buy/cgsh_order_operate.html HTTP/1.1" 200 37
58.35.246.33 - - [23/Nov/2020:09:47:55 +0800] "GET /xingrg/kc/buy/cgsh_order_operate.html?command=get_materiel&rest_code=00111&code=00101012026&supplier_code=00100037&order_time=2020-11-23 HTTP/1.1" 200 408
180.174.56.115 - - [23/Nov/2020:09:47:56 +0800] "POST /xingrg/kc/buy/cgsh_order_operate.html HTTP/1.1" 200 5072
117.184.7.26 - - [23/Nov/2020:09:47:58 +0800] "GET /xingrg/all/function/internal_message.html?_=1606097069883&CODE_STATE=getMsg HTTP/1.1" 200 27
180.162.245.190 - - [23/Nov/2020:09:48:01 +0800] "GET /xingrg/all/function/internal_message.html?_=1606096081431&CODE_STATE=getMsg HTTP/1.1" 200 27
180.174.56.115 - - [23/Nov/2020:09:48:02 +0800] "GET /xingrg/all/function/internal_message.html?_=1606096082477&CODE_STATE=getMsg HTTP/1.1" 200 27
58.35.246.33 - - [23/Nov/2020:09:48:04 +0800] "GET /xingrg/all/function/internal_message.html?_=1606096198739&CODE_STATE=getMsg HTTP/1.1" 200 27
58.35.246.33 - - [23/Nov/2020:09:48:05 +0800] "GET /xingrg/kc/buy/cgsh_order_operate.html?command=get_materiel&rest_code=00111&code=00101008092&supplier_code=00100037&order_time=2020-11-23 HTTP/1.1" 200 412
172.17.0.120 - - [23/Nov/2020:09:48:06 +0800] "GET /xingrg/all/function/internal_message.html?_=1606096302787&CODE_STATE=getMsg HTTP/1.1" 200 27
114.84.37.38 - - [23/Nov/2020:09:48:09 +0800] "GET /xingrg/all/function/internal_message.html?_=1606096120593&CODE_STATE=getMsg HTTP/1.1" 200 27
114.84.37.38 - - [23/Nov/2020:09:48:10 +0800] "GET /xingrg/check_reg.html?_=1606096109124 HTTP/1.1" 200 22
172.17.200.101 - - [23/Nov/2020:09:48:11 +0800] "GET /xingrg/all/function/internal_message.html?_=1606096092370&CODE_STATE=getMsg HTTP/1.1" 200 27
114.84.37.38 - - [23/Nov/2020:09:48:11 +0800] "GET /xingrg/kc/buy/cgsh_order_add.html HTTP/1.1" 200 60748
114.84.37.38 - - [23/Nov/2020:09:48:12 +0800] "POST /xingrg/kc/buy/cgsh_order_operate.html HTTP/1.1" 200 8245
114.84.37.38 - - [23/Nov/2020:09:48:12 +0800] "GET /xingrg/javascript/easyui/themes/default/validatebox.css HTTP/1.1" 404 1104
116.232.55.88 - - [23/Nov/2020:09:48:13 +0800] "GET /xingrg/all/function/internal_message.html?_=1606096135828&CODE_STATE=getMsg HTTP/1.1" 200 27
172.17.0.102 - - [23/Nov/2020:09:48:19 +0800] "GET /xingrg/all/function/internal_message.html?_=1606096100072&CODE_STATE=getMsg HTTP/1.1" 200 27
58.35.246.33 - - [23/Nov/2020:09:48:21 +0800] "GET /xingrg/kc/buy/cgsh_order_operate.html?command=get_materiel&rest_code=00111&code=00101016071&supplier_code=00100037&order_time=2020-11-23 HTTP/1.1" 200 416
101.85.95.39 - - [23/Nov/2020:09:48:21 +0800] "GET /xingrg/all/function/internal_message.html?_=1606095833730&CODE_STATE=getMsg HTTP/1.1" 200 27
117.131.5.26 - - [23/Nov/2020:09:48:22 +0800] "GET /xingrg/all/function/internal_message.html?_=1606096136204&CODE_STATE=getMsg HTTP/1.1" 200 27
180.162.245.190 - - [23/Nov/2020:09:48:27 +0800] "GET /xingrg/all/function/internal_message.html?_=1606096088063&CODE_STATE=getMsg HTTP/1.1" 200 27
114.84.37.38 - - [23/Nov/2020:09:48:30 +0800] "GET /xingrg/kc/buy/cgsh_order_operate.html?command=get_materiel&rest_code=00146&code=00101018019&supplier_code=00100041&order_time=2020-11-23 HTTP/1.1" 200 421
172.17.0.123 - - [23/Nov/2020:09:48:31 +0800] "GET /xingrg/check_reg.html?_=1606096049870 HTTP/1.1" 200 22
172.17.0.123 - - [23/Nov/2020:09:48:31 +0800] "GET /xingrg/all/function/internal_message.html?_=1606096049872&CODE_STATE=getMsg HTTP/1.1" 200 27
58.40.7.146 - - [23/Nov/2020:09:48:32 +0800] "GET /xingrg/check_reg.html?_=1606096111992 HTTP/1.1" 302 -
58.35.246.33 - - [23/Nov/2020:09:48:32 +0800] "POST /xingrg/kc/buy/cgsh_order_operate.html HTTP/1.1" 200 2065
101.85.228.137 - - [23/Nov/2020:09:48:40 +0800] "GET /xingrg/all/function/internal_message.html?_=1606096345703&CODE_STATE=getMsg HTTP/1.1" 200 27
58.35.246.33 - - [23/Nov/2020:09:48:41 +0800] "GET /xingrg/all/function/internal_message.html?_=1606096119328&CODE_STATE=getMsg HTTP/1.1" 200 27
58.35.246.33 - - [23/Nov/2020:09:48:44 +0800] "GET /xingrg/kc/buy/cgsh_order_operate.html?command=get_materiel&rest_code=00111&code=00101005004&supplier_code=00100037&order_time=2020-11-23 HTTP/1.1" 200 409
61.151.179.84 - - [23/Nov/2020:09:48:44 +0800] "GET /xingrg/all/function/internal_message.html?_=1606095402727&CODE_STATE=getMsg HTTP/1.1" 302 -
114.84.145.85 - - [23/Nov/2020:09:48:45 +0800] "GET /xingrg/all/function/internal_message.html?_=1606096122756&CODE_STATE=getMsg HTTP/1.1" 200 27
180.157.253.48 - - [23/Nov/2020:09:48:45 +0800] "GET /xingrg/all/function/internal_message.html?_=1606096126471&CODE_STATE=getMsg HTTP/1.1" 200 27
116.228.172.94 - - [23/Nov/2020:09:48:48 +0800] "GET /xingrg/kc/base/check_order_list.html?isBack=1 HTTP/1.1" 200 16549
116.228.172.94 - - [23/Nov/2020:09:48:48 +0800] "POST /xingrg/kc/base/check_list_operate.html HTTP/1.1" 200 2526
61.151.179.84 - - [23/Nov/2020:09:48:49 +0800] "GET /xingrg/login.html HTTP/1.1" 200 7641
116.228.172.94 - - [23/Nov/2020:09:48:51 +0800] "GET /xingrg/kc/base/check_order_info.html?code=452020112200162 HTTP/1.1" 200 26473
116.228.172.94 - - [23/Nov/2020:09:48:51 +0800] "GET /xingrg/dwr/interface/AjaxComOrderService.js HTTP/1.1" 200 18264
116.228.172.94 - - [23/Nov/2020:09:48:51 +0800] "GET /xingrg/dwr/interface/AjaxCheckService.js HTTP/1.1" 200 14003
116.228.172.94 - - [23/Nov/2020:09:48:51 +0800] "GET /xingrg/dwr/engine.js HTTP/1.1" 200 43631
58.35.246.33 - - [23/Nov/2020:09:48:51 +0800] "POST /xingrg/kc/buy/cgsh_order_operate.html HTTP/1.1" 200 37
116.228.172.94 - - [23/Nov/2020:09:48:52 +0800] "POST /xingrg/dwr/call/plaincall/AjaxCheckService.loadOrderItems.dwr HTTP/1.1" 200 191316
58.35.246.33 - - [23/Nov/2020:09:48:53 +0800] "POST /xingrg/kc/buy/cgsh_order_operate.html HTTP/1.1" 200 16852
180.174.56.115 - - [23/Nov/2020:09:48:53 +0800] "GET /xingrg/all/function/internal_message.html?_=1606096113143&CODE_STATE=getMsg HTTP/1.1" 200 27
58.35.246.33 - - [23/Nov/2020:09:48:54 +0800] "GET /xingrg/kc/print/load_config.html?kc_code=cgsh HTTP/1.1" 200 1845
58.35.246.33 - - [23/Nov/2020:09:48:54 +0800] "GET /xingrg/kc/print/load_data.html?order_code=212020112309059&kc_code=cgsh&condition= HTTP/1.1" 200 6066
116.228.172.94 - - [23/Nov/2020:09:48:55 +0800] "GET /xingrg/all/function/internal_message.html?_=1606096134942&CODE_STATE=getMsg HTTP/1.1" 200 27
222.69.135.118 - - [23/Nov/2020:09:48:55 +0800] "GET /xingrg/all/function/internal_message.html?_=1606096134205&CODE_STATE=getMsg HTTP/1.1" 200 27
116.228.172.94 - - [23/Nov/2020:09:48:57 +0800] "POST /xingrg/dwr/call/plaincall/AjaxCheckService.setItemNumber.dwr HTTP/1.1" 200 76
117.184.7.26 - - [23/Nov/2020:09:48:58 +0800] "GET /xingrg/all/function/internal_message.html?_=1606097129885&CODE_STATE=getMsg HTTP/1.1" 200 27
117.184.7.26 - - [23/Nov/2020:09:48:58 +0800] "GET /xingrg/check_reg.html?_=1606097129887 HTTP/1.1" 200 22
116.228.172.94 - - [23/Nov/2020:09:49:00 +0800] "POST /xingrg/dwr/call/plaincall/AjaxCheckService.setItemNumber.dwr HTTP/1.1" 200 76
116.228.172.94 - - [23/Nov/2020:09:49:01 +0800] "POST /xingrg/dwr/call/plaincall/AjaxCheckService.setItemNumber.dwr HTTP/1.1" 200 76
180.162.245.190 - - [23/Nov/2020:09:49:01 +0800] "GET /xingrg/all/function/internal_message.html?_=1606096141431&CODE_STATE=getMsg HTTP/1.1" 200 27
116.228.172.94 - - [23/Nov/2020:09:49:01 +0800] "POST /xingrg/dwr/call/plaincall/AjaxCheckService.setItemNumber.dwr HTTP/1.1" 200 76
116.228.172.94 - - [23/Nov/2020:09:49:02 +0800] "POST /xingrg/dwr/call/plaincall/AjaxCheckService.setItemNumber.dwr HTTP/1.1" 200 76
180.174.56.115 - - [23/Nov/2020:09:49:02 +0800] "GET /xingrg/all/function/internal_message.html?_=1606096142475&CODE_STATE=getMsg HTTP/1.1" 200 27
114.84.37.38 - - [23/Nov/2020:09:49:03 +0800] "GET /xingrg/kc/buy/cgsh_order_operate.html?command=get_materiel&rest_code=00146&code=00101001075&supplier_code=00100041&order_time=2020-11-23 HTTP/1.1" 200 409
58.35.246.33 - - [23/Nov/2020:09:49:04 +0800] "GET /xingrg/all/function/internal_message.html?_=1606096258740&CODE_STATE=getMsg HTTP/1.1" 200 27
116.228.172.94 - - [23/Nov/2020:09:49:04 +0800] "POST /xingrg/dwr/call/plaincall/AjaxCheckService.setItemNumber.dwr HTTP/1.1" 200 76
116.228.172.94 - - [23/Nov/2020:09:49:05 +0800] "POST /xingrg/dwr/call/plaincall/AjaxCheckService.setItemNumber.dwr HTTP/1.1" 200 76
172.17.0.120 - - [23/Nov/2020:09:49:06 +0800] "GET /xingrg/all/function/internal_message.html?_=1606096362792&CODE_STATE=getMsg HTTP/1.1" 200 27
116.228.172.94 - - [23/Nov/2020:09:49:07 +0800] "POST /xingrg/dwr/call/plaincall/AjaxCheckService.setItemNumber.dwr HTTP/1.1" 200 76
116.228.172.94 - - [23/Nov/2020:09:49:08 +0800] "POST /xingrg/dwr/call/plaincall/AjaxCheckService.setItemNumber.dwr HTTP/1.1" 200 76
114.84.37.38 - - [23/Nov/2020:09:49:09 +0800] "GET /xingrg/all/function/internal_message.html?_=1606096180594&CODE_STATE=getMsg HTTP/1.1" 200 27
116.228.172.94 - - [23/Nov/2020:09:49:09 +0800] "POST /xingrg/dwr/call/plaincall/AjaxCheckService.setItemNumber.dwr HTTP/1.1" 200 77
116.228.172.94 - - [23/Nov/2020:09:49:09 +0800] "POST /xingrg/dwr/call/plaincall/AjaxCheckService.setItemNumber.dwr HTTP/1.1" 200 77
116.228.172.94 - - [23/Nov/2020:09:49:10 +0800] "POST /xingrg/dwr/call/plaincall/AjaxCheckService.setItemNumber.dwr HTTP/1.1" 200 77
172.17.200.101 - - [23/Nov/2020:09:49:11 +0800] "GET /xingrg/all/function/internal_message.html?_=1606096152371&CODE_STATE=getMsg HTTP/1.1" 200 27
116.228.172.94 - - [23/Nov/2020:09:49:11 +0800] "POST /xingrg/dwr/call/plaincall/AjaxCheckService.setItemNumber.dwr HTTP/1.1" 200 77
116.228.172.94 - - [23/Nov/2020:09:49:12 +0800] "POST /xingrg/dwr/call/plaincall/AjaxCheckService.setItemNumber.dwr HTTP/1.1" 200 77
116.228.172.94 - - [23/Nov/2020:09:49:12 +0800] "POST /xingrg/dwr/call/plaincall/AjaxCheckService.setItemNumber.dwr HTTP/1.1" 200 77
116.232.55.88 - - [23/Nov/2020:09:49:13 +0800] "GET /xingrg/all/function/internal_message.html?_=1606096195843&CODE_STATE=getMsg HTTP/1.1" 200 27
116.228.172.94 - - [23/Nov/2020:09:49:13 +0800] "POST /xingrg/dwr/call/plaincall/AjaxCheckService.setItemNumber.dwr HTTP/1.1" 200 77
116.228.172.94 - - [23/Nov/2020:09:49:14 +0800] "POST /xingrg/dwr/call/plaincall/AjaxCheckService.setItemNumber.dwr HTTP/1.1" 200 77
116.228.172.94 - - [23/Nov/2020:09:49:15 +0800] "POST /xingrg/dwr/call/plaincall/AjaxCheckService.setItemNumber.dwr HTTP/1.1" 200 77
116.228.172.94 - - [23/Nov/2020:09:49:15 +0800] "POST /xingrg/dwr/call/plaincall/AjaxCheckService.setItemNumber.dwr HTTP/1.1" 200 77
116.228.172.94 - - [23/Nov/2020:09:49:16 +0800] "POST /xingrg/dwr/call/plaincall/AjaxCheckService.setItemNumber.dwr HTTP/1.1" 200 77
180.174.56.115 - - [23/Nov/2020:09:49:17 +0800] "POST /xingrg/kc/buy/cgsh_order_operate.html HTTP/1.1" 200 37
116.228.172.94 - - [23/Nov/2020:09:49:18 +0800] "POST /xingrg/dwr/call/plaincall/AjaxCheckService.setItemNumber.dwr HTTP/1.1" 200 77
172.17.0.102 - - [23/Nov/2020:09:49:19 +0800] "GET /xingrg/all/function/internal_message.html?_=1606096160058&CODE_STATE=getMsg HTTP/1.1" 200 27
116.228.172.94 - - [23/Nov/2020:09:49:19 +0800] "POST /xingrg/dwr/call/plaincall/AjaxCheckService.setItemNumber.dwr HTTP/1.1" 200 77
116.228.172.94 - - [23/Nov/2020:09:49:19 +0800] "POST /xingrg/dwr/call/plaincall/AjaxCheckService.setItemNumber.dwr HTTP/1.1" 200 77
180.174.56.115 - - [23/Nov/2020:09:49:20 +0800] "POST /xingrg/kc/buy/cgsh_order_operate.html HTTP/1.1" 200 12
116.228.172.94 - - [23/Nov/2020:09:49:20 +0800] "POST /xingrg/dwr/call/plaincall/AjaxCheckService.setItemNumber.dwr HTTP/1.1" 200 77
180.174.56.115 - - [23/Nov/2020:09:49:21 +0800] "GET /xingrg/kc/buy/cgsh_order_info.html?code=212020112309045 HTTP/1.1" 200 55287
101.85.95.39 - - [23/Nov/2020:09:49:21 +0800] "GET /xingrg/all/function/internal_message.html?_=1606095893731&CODE_STATE=getMsg HTTP/1.1" 200 27
180.174.56.115 - - [23/Nov/2020:09:49:21 +0800] "GET /xingrg/javascript/easyui/themes/default/validatebox.css HTTP/1.1" 404 1104
116.228.172.94 - - [23/Nov/2020:09:49:21 +0800] "POST /xingrg/dwr/call/plaincall/AjaxCheckService.setItemNumber.dwr HTTP/1.1" 200 77
180.174.56.115 - - [23/Nov/2020:09:49:21 +0800] "POST /xingrg/kc/buy/cgsh_order_operate.html HTTP/1.1" 200 13158
116.228.172.94 - - [23/Nov/2020:09:49:22 +0800] "POST /xingrg/dwr/call/plaincall/AjaxCheckService.setItemNumber.dwr HTTP/1.1" 200 77
117.131.5.26 - - [23/Nov/2020:09:49:22 +0800] "GET /xingrg/all/function/internal_message.html?_=1606096196203&CODE_STATE=getMsg HTTP/1.1" 200 27
116.228.172.94 - - [23/Nov/2020:09:49:22 +0800] "POST /xingrg/dwr/call/plaincall/AjaxCheckService.setItemNumber.dwr HTTP/1.1" 200 77
116.228.172.94 - - [23/Nov/2020:09:49:23 +0800] "POST /xingrg/dwr/call/plaincall/AjaxCheckService.setItemNumber.dwr HTTP/1.1" 200 77
116.228.172.94 - - [23/Nov/2020:09:49:24 +0800] "POST /xingrg/dwr/call/plaincall/AjaxCheckService.setItemNumber.dwr HTTP/1.1" 200 77
116.228.172.94 - - [23/Nov/2020:09:49:24 +0800] "POST /xingrg/dwr/call/plaincall/AjaxCheckService.setItemNumber.dwr HTTP/1.1" 200 77
114.84.37.38 - - [23/Nov/2020:09:49:24 +0800] "GET /xingrg/check_reg.html?_=1606096196431 HTTP/1.1" 200 22
180.174.56.115 - - [23/Nov/2020:09:49:25 +0800] "GET /xingrg/kc/print/load_data.html?order_code=212020112309045&kc_code=cgsh&condition= HTTP/1.1" 200 5585
116.228.172.94 - - [23/Nov/2020:09:49:27 +0800] "POST /xingrg/dwr/call/plaincall/AjaxCheckService.setItemNumber.dwr HTTP/1.1" 200 77
180.162.245.190 - - [23/Nov/2020:09:49:27 +0800] "GET /xingrg/all/function/internal_message.html?_=1606096148036&CODE_STATE=getMsg HTTP/1.1" 200 27
114.84.37.38 - - [23/Nov/2020:09:49:27 +0800] "POST /xingrg/kc/buy/cgsh_order_operate.html HTTP/1.1" 200 37
116.228.172.94 - - [23/Nov/2020:09:49:29 +0800] "POST /xingrg/dwr/call/plaincall/AjaxCheckService.setItemNumber.dwr HTTP/1.1" 200 77
116.228.172.94 - - [23/Nov/2020:09:49:30 +0800] "POST /xingrg/dwr/call/plaincall/AjaxCheckService.setItemNumber.dwr HTTP/1.1" 200 77
116.228.172.94 - - [23/Nov/2020:09:49:31 +0800] "POST /xingrg/dwr/call/plaincall/AjaxCheckService.setItemNumber.dwr HTTP/1.1" 200 77
172.17.0.123 - - [23/Nov/2020:09:49:31 +0800] "GET /xingrg/all/function/internal_message.html?_=1606096109856&CODE_STATE=getMsg HTTP/1.1" 200 27
116.228.172.94 - - [23/Nov/2020:09:49:33 +0800] "POST /xingrg/dwr/call/plaincall/AjaxCheckService.setItemNumber.dwr HTTP/1.1" 200 77
114.84.37.38 - - [23/Nov/2020:09:49:33 +0800] "POST /xingrg/kc/buy/cgsh_order_operate.html HTTP/1.1" 200 3251
116.228.172.94 - - [23/Nov/2020:09:49:33 +0800] "POST /xingrg/dwr/call/plaincall/AjaxCheckService.setItemNumber.dwr HTTP/1.1" 200 77
116.228.172.94 - - [23/Nov/2020:09:49:34 +0800] "POST /xingrg/dwr/call/plaincall/AjaxCheckService.setItemNumber.dwr HTTP/1.1" 200 77
116.228.172.94 - - [23/Nov/2020:09:49:35 +0800] "POST /xingrg/dwr/call/plaincall/AjaxCheckService.setItemNumber.dwr HTTP/1.1" 200 77
116.228.172.94 - - [23/Nov/2020:09:49:36 +0800] "POST /xingrg/dwr/call/plaincall/AjaxCheckService.setItemNumber.dwr HTTP/1.1" 200 77
116.228.172.94 - - [23/Nov/2020:09:49:36 +0800] "POST /xingrg/dwr/call/plaincall/AjaxCheckService.setItemNumber.dwr HTTP/1.1" 200 77
116.228.172.94 - - [23/Nov/2020:09:49:37 +0800] "POST /xingrg/dwr/call/plaincall/AjaxCheckService.setItemNumber.dwr HTTP/1.1" 200 77
116.228.172.94 - - [23/Nov/2020:09:49:38 +0800] "POST /xingrg/dwr/call/plaincall/AjaxCheckService.setItemNumber.dwr HTTP/1.1" 200 77
114.84.37.38 - - [23/Nov/2020:09:49:39 +0800] "POST /xingrg/kc/buy/cgsh_order_operate.html HTTP/1.1" 200 37
101.85.228.137 - - [23/Nov/2020:09:49:40 +0800] "GET /xingrg/all/function/internal_message.html?_=1606096405716&CODE_STATE=getMsg HTTP/1.1" 200 27
114.84.37.38 - - [23/Nov/2020:09:49:41 +0800] "POST /xingrg/kc/buy/cgsh_order_operate.html HTTP/1.1" 200 3251
58.35.246.33 - - [23/Nov/2020:09:49:41 +0800] "GET /xingrg/all/function/internal_message.html?_=1606096179367&CODE_STATE=getMsg HTTP/1.1" 200 27
114.84.37.38 - - [23/Nov/2020:09:49:44 +0800] "GET /xingrg/kc/print/load_data.html?order_code=212020112309060&kc_code=cgsh&condition= HTTP/1.1" 200 920
114.84.145.85 - - [23/Nov/2020:09:49:45 +0800] "GET /xingrg/all/function/internal_message.html?_=1606096182754&CODE_STATE=getMsg HTTP/1.1" 200 27
116.228.172.94 - - [23/Nov/2020:09:49:45 +0800] "POST /xingrg/dwr/call/plaincall/AjaxCheckService.setItemNumber.dwr HTTP/1.1" 200 77
180.157.253.48 - - [23/Nov/2020:09:49:45 +0800] "GET /xingrg/all/function/internal_message.html?_=1606096186500&CODE_STATE=getMsg HTTP/1.1" 200 27
116.228.172.94 - - [23/Nov/2020:09:49:46 +0800] "POST /xingrg/dwr/call/plaincall/AjaxCheckService.setItemNumber.dwr HTTP/1.1" 200 77
117.185.32.26 - - [23/Nov/2020:09:49:47 +0800] "GET /xingrg/check_reg.html?_=1606096626527 HTTP/1.1" 200 22
58.35.246.33 - - [23/Nov/2020:09:49:51 +0800] "GET /xingrg/kc/buy/cgsh_order_list.html HTTP/1.1" 200 45004
116.228.172.94 - - [23/Nov/2020:09:49:52 +0800] "POST /xingrg/dwr/call/plaincall/AjaxCheckService.setItemNumber.dwr HTTP/1.1" 200 77
58.35.246.33 - - [23/Nov/2020:09:49:52 +0800] "POST /xingrg/kc/buy/cgsh_list_operate.html HTTP/1.1" 200 2777
101.89.239.230 - - [23/Nov/2020:09:49:53 +0800] "GET /xingrg/all/function/internal_message.html?_=1606095462725&CODE_STATE=getMsg HTTP/1.1" 302 -
180.174.56.115 - - [23/Nov/2020:09:49:53 +0800] "GET /xingrg/all/function/internal_message.html?_=1606096173153&CODE_STATE=getMsg HTTP/1.1" 200 27
58.35.246.33 - - [23/Nov/2020:09:49:54 +0800] "POST /xingrg/kc/buy/cgsh_list_operate.html HTTP/1.1" 200 565
116.228.172.94 - - [23/Nov/2020:09:49:54 +0800] "GET /xingrg/all/function/internal_message.html?_=1606096194821&CODE_STATE=getMsg HTTP/1.1" 200 27
116.228.172.94 - - [23/Nov/2020:09:49:55 +0800] "POST /xingrg/dwr/call/plaincall/AjaxCheckService.setItemNumber.dwr HTTP/1.1" 200 77
58.35.246.33 - - [23/Nov/2020:09:49:55 +0800] "GET /xingrg/kc/buy/cgsh_order_info.html?code=212020112309059 HTTP/1.1" 200 60753
222.69.135.118 - - [23/Nov/2020:09:49:55 +0800] "GET /xingrg/all/function/internal_message.html?_=1606096194205&CODE_STATE=getMsg HTTP/1.1" 200 27
101.89.239.230 - - [23/Nov/2020:09:49:55 +0800] "GET /xingrg/login.html HTTP/1.1" 200 7641
58.35.246.33 - - [23/Nov/2020:09:49:55 +0800] "GET /xingrg/javascript/easyui/themes/default/validatebox.css HTTP/1.1" 404 1104
58.35.246.33 - - [23/Nov/2020:09:49:55 +0800] "POST /xingrg/kc/buy/cgsh_order_operate.html HTTP/1.1" 200 16852
116.228.172.94 - - [23/Nov/2020:09:49:55 +0800] "POST /xingrg/dwr/call/plaincall/AjaxCheckService.setItemNumber.dwr HTTP/1.1" 200 77
58.40.7.146 - - [23/Nov/2020:09:49:56 +0800] "POST /xingrg/services/DataTransmitService HTTP/1.1" 200 524
116.228.172.94 - - [23/Nov/2020:09:49:56 +0800] "POST /xingrg/dwr/call/plaincall/AjaxCheckService.setItemNumber.dwr HTTP/1.1" 200 77
58.35.246.33 - - [23/Nov/2020:09:49:56 +0800] "GET /xingrg/kc/print/load_data.html?order_code=212020112309059&kc_code=cgsh HTTP/1.1" 200 6066
117.184.7.26 - - [23/Nov/2020:09:49:58 +0800] "GET /xingrg/all/function/internal_message.html?_=1606097189888&CODE_STATE=getMsg HTTP/1.1" 200 27
116.228.172.94 - - [23/Nov/2020:09:49:58 +0800] "POST /xingrg/dwr/call/plaincall/AjaxCheckService.setItemNumber.dwr HTTP/1.1" 200 77
114.84.37.38 - - [23/Nov/2020:09:49:59 +0800] "GET /xingrg/kc/buy/cgsh_order_add.html HTTP/1.1" 200 60748
116.228.172.94 - - [23/Nov/2020:09:49:59 +0800] "POST /xingrg/dwr/call/plaincall/AjaxCheckService.setItemNumber.dwr HTTP/1.1" 200 77
114.84.37.38 - - [23/Nov/2020:09:49:59 +0800] "POST /xingrg/kc/buy/cgsh_order_operate.html HTTP/1.1" 200 8245
114.84.37.38 - - [23/Nov/2020:09:49:59 +0800] "GET /xingrg/javascript/easyui/themes/default/validatebox.css HTTP/1.1" 404 1104
116.228.172.94 - - [23/Nov/2020:09:50:00 +0800] "POST /xingrg/dwr/call/plaincall/AjaxCheckService.setItemNumber.dwr HTTP/1.1" 200 77
116.228.172.94 - - [23/Nov/2020:09:50:00 +0800] "POST /xingrg/dwr/call/plaincall/AjaxCheckService.setItemNumber.dwr HTTP/1.1" 200 77
180.162.245.190 - - [23/Nov/2020:09:50:01 +0800] "GET /xingrg/all/function/internal_message.html?_=1606096201435&CODE_STATE=getMsg HTTP/1.1" 200 27
116.228.172.94 - - [23/Nov/2020:09:50:01 +0800] "POST /xingrg/dwr/call/plaincall/AjaxCheckService.setItemNumber.dwr HTTP/1.1" 200 77
116.228.172.94 - - [23/Nov/2020:09:50:02 +0800] "POST /xingrg/dwr/call/plaincall/AjaxCheckService.setItemNumber.dwr HTTP/1.1" 200 77
180.174.56.115 - - [23/Nov/2020:09:50:02 +0800] "GET /xingrg/check_reg.html?_=1606096202483 HTTP/1.1" 200 22
180.174.56.115 - - [23/Nov/2020:09:50:02 +0800] "GET /xingrg/all/function/internal_message.html?_=1606096202489&CODE_STATE=getMsg HTTP/1.1" 200 27
116.228.172.94 - - [23/Nov/2020:09:50:03 +0800] "POST /xingrg/dwr/call/plaincall/AjaxCheckService.setItemNumber.dwr HTTP/1.1" 200 77
116.228.172.94 - - [23/Nov/2020:09:50:03 +0800] "POST /xingrg/dwr/call/plaincall/AjaxCheckService.setItemNumber.dwr HTTP/1.1" 200 77
58.35.246.33 - - [23/Nov/2020:09:50:04 +0800] "GET /xingrg/all/function/internal_message.html?_=1606096318741&CODE_STATE=getMsg HTTP/1.1" 200 27
116.228.172.94 - - [23/Nov/2020:09:50:04 +0800] "POST /xingrg/dwr/call/plaincall/AjaxCheckService.setItemNumber.dwr HTTP/1.1" 200 77
116.228.172.94 - - [23/Nov/2020:09:50:05 +0800] "POST /xingrg/dwr/call/plaincall/AjaxCheckService.setItemNumber.dwr HTTP/1.1" 200 77
116.228.172.94 - - [23/Nov/2020:09:50:05 +0800] "POST /xingrg/dwr/call/plaincall/AjaxCheckService.setItemNumber.dwr HTTP/1.1" 200 77
116.228.172.94 - - [23/Nov/2020:09:50:06 +0800] "POST /xingrg/dwr/call/plaincall/AjaxCheckService.setItemNumber.dwr HTTP/1.1" 200 77
172.17.0.120 - - [23/Nov/2020:09:50:06 +0800] "GET /xingrg/check_reg.html?_=1606096422797 HTTP/1.1" 200 22
172.17.0.120 - - [23/Nov/2020:09:50:06 +0800] "GET /xingrg/all/function/internal_message.html?_=1606096422801&CODE_STATE=getMsg HTTP/1.1" 200 27
116.228.172.94 - - [23/Nov/2020:09:50:07 +0800] "POST /xingrg/dwr/call/plaincall/AjaxCheckService.setItemNumber.dwr HTTP/1.1" 200 77
116.228.172.94 - - [23/Nov/2020:09:50:07 +0800] "POST /xingrg/dwr/call/plaincall/AjaxCheckService.setItemNumber.dwr HTTP/1.1" 200 77
116.228.172.94 - - [23/Nov/2020:09:50:08 +0800] "POST /xingrg/dwr/call/plaincall/AjaxCheckService.setItemNumber.dwr HTTP/1.1" 200 77
114.84.37.38 - - [23/Nov/2020:09:50:09 +0800] "GET /xingrg/all/function/internal_message.html?_=1606096240619&CODE_STATE=getMsg HTTP/1.1" 200 27
116.228.172.94 - - [23/Nov/2020:09:50:09 +0800] "POST /xingrg/dwr/call/plaincall/AjaxCheckService.setItemNumber.dwr HTTP/1.1" 200 77
116.228.172.94 - - [23/Nov/2020:09:50:10 +0800] "POST /xingrg/dwr/call/plaincall/AjaxCheckService.setItemNumber.dwr HTTP/1.1" 200 77
116.228.172.94 - - [23/Nov/2020:09:50:10 +0800] "POST /xingrg/dwr/call/plaincall/AjaxCheckService.setItemNumber.dwr HTTP/1.1" 200 77
172.17.200.101 - - [23/Nov/2020:09:50:11 +0800] "GET /xingrg/all/function/internal_message.html?_=1606096212374&CODE_STATE=getMsg HTTP/1.1" 200 27
116.228.172.94 - - [23/Nov/2020:09:50:11 +0800] "POST /xingrg/dwr/call/plaincall/AjaxCheckService.setItemNumber.dwr HTTP/1.1" 200 77
116.232.55.88 - - [23/Nov/2020:09:50:13 +0800] "GET /xingrg/all/function/internal_message.html?_=1606096255843&CODE_STATE=getMsg HTTP/1.1" 200 27
116.228.172.94 - - [23/Nov/2020:09:50:18 +0800] "POST /xingrg/dwr/call/plaincall/AjaxCheckService.setItemNumber.dwr HTTP/1.1" 200 77
116.228.172.94 - - [23/Nov/2020:09:50:19 +0800] "POST /xingrg/dwr/call/plaincall/AjaxCheckService.setItemNumber.dwr HTTP/1.1" 200 77
172.17.0.102 - - [23/Nov/2020:09:50:19 +0800] "GET /xingrg/all/function/internal_message.html?_=1606096220058&CODE_STATE=getMsg HTTP/1.1" 200 27
116.228.172.94 - - [23/Nov/2020:09:50:19 +0800] "POST /xingrg/dwr/call/plaincall/AjaxCheckService.setItemNumber.dwr HTTP/1.1" 200 77
114.84.37.38 - - [23/Nov/2020:09:50:20 +0800] "GET /xingrg/kc/buy/cgsh_order_operate.html?command=get_materiel&rest_code=00146&code=00101006129&supplier_code=00100012&order_time=2020-11-23 HTTP/1.1" 200 431
116.228.172.94 - - [23/Nov/2020:09:50:20 +0800] "POST /xingrg/dwr/call/plaincall/AjaxCheckService.setItemNumber.dwr HTTP/1.1" 200 77
101.85.95.39 - - [23/Nov/2020:09:50:21 +0800] "GET /xingrg/all/function/internal_message.html?_=1606095953730&CODE_STATE=getMsg HTTP/1.1" 200 27
116.228.172.94 - - [23/Nov/2020:09:50:21 +0800] "POST /xingrg/dwr/call/plaincall/AjaxCheckService.setItemNumber.dwr HTTP/1.1" 200 77
116.228.172.94 - - [23/Nov/2020:09:50:21 +0800] "POST /xingrg/dwr/call/plaincall/AjaxCheckService.setItemNumber.dwr HTTP/1.1" 200 77
117.131.5.26 - - [23/Nov/2020:09:50:22 +0800] "GET /xingrg/all/function/internal_message.html?_=1606096256217&CODE_STATE=getMsg HTTP/1.1" 200 27
116.228.172.94 - - [23/Nov/2020:09:50:22 +0800] "POST /xingrg/dwr/call/plaincall/AjaxCheckService.setItemNumber.dwr HTTP/1.1" 200 77
116.228.172.94 - - [23/Nov/2020:09:50:23 +0800] "POST /xingrg/dwr/call/plaincall/AjaxCheckService.setItemNumber.dwr HTTP/1.1" 200 77
116.228.172.94 - - [23/Nov/2020:09:50:23 +0800] "POST /xingrg/dwr/call/plaincall/AjaxCheckService.setItemNumber.dwr HTTP/1.1" 200 77
180.162.245.190 - - [23/Nov/2020:09:50:24 +0800] "POST /xingrg/services/DataTransmitService HTTP/1.1" 200 524
116.228.172.94 - - [23/Nov/2020:09:50:24 +0800] "POST /xingrg/dwr/call/plaincall/AjaxCheckService.setItemNumber.dwr HTTP/1.1" 200 77
116.228.172.94 - - [23/Nov/2020:09:50:25 +0800] "POST /xingrg/dwr/call/plaincall/AjaxCheckService.setItemNumber.dwr HTTP/1.1" 200 77
116.228.172.94 - - [23/Nov/2020:09:50:25 +0800] "POST /xingrg/dwr/call/plaincall/AjaxCheckService.setItemNumber.dwr HTTP/1.1" 200 77
58.35.246.33 - - [23/Nov/2020:09:50:26 +0800] "GET /xingrg/check_reg.html?_=1606096222620 HTTP/1.1" 200 22
116.228.172.94 - - [23/Nov/2020:09:50:26 +0800] "POST /xingrg/dwr/call/plaincall/AjaxCheckService.setItemNumber.dwr HTTP/1.1" 200 77
116.228.172.94 - - [23/Nov/2020:09:50:27 +0800] "POST /xingrg/dwr/call/plaincall/AjaxCheckService.setItemNumber.dwr HTTP/1.1" 200 77
180.162.245.190 - - [23/Nov/2020:09:50:27 +0800] "GET /xingrg/all/function/internal_message.html?_=1606096208021&CODE_STATE=getMsg HTTP/1.1" 200 27
116.228.172.94 - - [23/Nov/2020:09:50:28 +0800] "POST /xingrg/dwr/call/plaincall/AjaxCheckService.setItemNumber.dwr HTTP/1.1" 200 77
116.228.172.94 - - [23/Nov/2020:09:50:28 +0800] "POST /xingrg/dwr/call/plaincall/AjaxCheckService.setItemNumber.dwr HTTP/1.1" 200 77
116.228.172.94 - - [23/Nov/2020:09:50:29 +0800] "POST /xingrg/dwr/call/plaincall/AjaxCheckService.setItemNumber.dwr HTTP/1.1" 200 77
116.228.172.94 - - [23/Nov/2020:09:50:30 +0800] "POST /xingrg/dwr/call/plaincall/AjaxCheckService.setItemNumber.dwr HTTP/1.1" 200 77
172.17.0.123 - - [23/Nov/2020:09:50:31 +0800] "GET /xingrg/all/function/internal_message.html?_=1606096169858&CODE_STATE=getMsg HTTP/1.1" 200 27
116.228.172.94 - - [23/Nov/2020:09:50:32 +0800] "POST /xingrg/dwr/call/plaincall/AjaxCheckService.setItemNumber.dwr HTTP/1.1" 200 77
114.84.37.38 - - [23/Nov/2020:09:50:33 +0800] "GET /xingrg/kc/buy/cgsh_order_operate.html?command=get_materiel&rest_code=00146&code=00101006109&supplier_code=00100012&order_time=2020-11-23 HTTP/1.1" 200 409
116.228.172.94 - - [23/Nov/2020:09:50:34 +0800] "POST /xingrg/dwr/call/plaincall/AjaxCheckService.setItemNumber.dwr HTTP/1.1" 200 77
116.228.172.94 - - [23/Nov/2020:09:50:37 +0800] "POST /xingrg/dwr/call/plaincall/AjaxCheckService.setItemNumber.dwr HTTP/1.1" 200 77
116.228.172.94 - - [23/Nov/2020:09:50:39 +0800] "POST /xingrg/dwr/call/plaincall/AjaxCheckService.setItemNumber.dwr HTTP/1.1" 200 77
116.228.172.94 - - [23/Nov/2020:09:50:40 +0800] "POST /xingrg/dwr/call/plaincall/AjaxCheckService.setItemNumber.dwr HTTP/1.1" 200 77
101.85.228.137 - - [23/Nov/2020:09:50:40 +0800] "GET /xingrg/all/function/internal_message.html?_=1606096465732&CODE_STATE=getMsg HTTP/1.1" 200 27
116.228.172.94 - - [23/Nov/2020:09:50:41 +0800] "POST /xingrg/dwr/call/plaincall/AjaxCheckService.setItemNumber.dwr HTTP/1.1" 200 77
116.228.172.94 - - [23/Nov/2020:09:50:41 +0800] "POST /xingrg/dwr/call/plaincall/AjaxCheckService.setItemNumber.dwr HTTP/1.1" 200 77
58.35.246.33 - - [23/Nov/2020:09:50:41 +0800] "GET /xingrg/all/function/internal_message.html?_=1606096239383&CODE_STATE=getMsg HTTP/1.1" 200 27
116.228.172.94 - - [23/Nov/2020:09:50:42 +0800] "POST /xingrg/dwr/call/plaincall/AjaxCheckService.setItemNumber.dwr HTTP/1.1" 200 77
116.228.172.94 - - [23/Nov/2020:09:50:43 +0800] "POST /xingrg/dwr/call/plaincall/AjaxCheckService.setItemNumber.dwr HTTP/1.1" 200 77
116.228.172.94 - - [23/Nov/2020:09:50:43 +0800] "POST /xingrg/dwr/call/plaincall/AjaxCheckService.setItemNumber.dwr HTTP/1.1" 200 77
114.84.145.85 - - [23/Nov/2020:09:50:45 +0800] "GET /xingrg/check_reg.html?_=1606096242779 HTTP/1.1" 200 22
114.84.145.85 - - [23/Nov/2020:09:50:45 +0800] "GET /xingrg/all/function/internal_message.html?_=1606096242780&CODE_STATE=getMsg HTTP/1.1" 200 27
116.228.172.94 - - [23/Nov/2020:09:50:45 +0800] "POST /xingrg/dwr/call/plaincall/AjaxCheckService.setItemNumber.dwr HTTP/1.1" 200 77
180.157.253.48 - - [23/Nov/2020:09:50:46 +0800] "GET /xingrg/all/function/internal_message.html?_=1606096246795&CODE_STATE=getMsg HTTP/1.1" 200 27
114.84.37.38 - - [23/Nov/2020:09:50:46 +0800] "GET /xingrg/kc/buy/cgsh_order_operate.html?command=get_materiel&rest_code=00146&code=00101006111&supplier_code=00100012&order_time=2020-11-23 HTTP/1.1" 200 409
116.228.172.94 - - [23/Nov/2020:09:50:47 +0800] "POST /xingrg/dwr/call/plaincall/AjaxCheckService.setItemNumber.dwr HTTP/1.1" 200 77
116.228.172.94 - - [23/Nov/2020:09:50:48 +0800] "POST /xingrg/dwr/call/plaincall/AjaxCheckService.setItemNumber.dwr HTTP/1.1" 200 77
116.228.172.94 - - [23/Nov/2020:09:50:49 +0800] "POST /xingrg/dwr/call/plaincall/AjaxCheckService.setItemNumber.dwr HTTP/1.1" 200 77
116.228.172.94 - - [23/Nov/2020:09:50:49 +0800] "POST /xingrg/dwr/call/plaincall/AjaxCheckService.setItemNumber.dwr HTTP/1.1" 200 78
116.228.172.94 - - [23/Nov/2020:09:50:50 +0800] "POST /xingrg/dwr/call/plaincall/AjaxCheckService.setItemNumber.dwr HTTP/1.1" 200 78
116.228.172.94 - - [23/Nov/2020:09:50:51 +0800] "POST /xingrg/dwr/call/plaincall/AjaxCheckService.setItemNumber.dwr HTTP/1.1" 200 78
116.228.172.94 - - [23/Nov/2020:09:50:51 +0800] "POST /xingrg/dwr/call/plaincall/AjaxCheckService.setItemNumber.dwr HTTP/1.1" 200 78
116.228.172.94 - - [23/Nov/2020:09:50:52 +0800] "POST /xingrg/dwr/call/plaincall/AjaxCheckService.setItemNumber.dwr HTTP/1.1" 200 78
116.228.172.94 - - [23/Nov/2020:09:50:53 +0800] "POST /xingrg/dwr/call/plaincall/AjaxCheckService.setItemNumber.dwr HTTP/1.1" 200 78
180.174.56.115 - - [23/Nov/2020:09:50:53 +0800] "GET /xingrg/check_reg.html?_=1606096233101 HTTP/1.1" 200 22
116.228.172.94 - - [23/Nov/2020:09:50:53 +0800] "POST /xingrg/dwr/call/plaincall/AjaxCheckService.setItemNumber.dwr HTTP/1.1" 200 78
180.174.56.115 - - [23/Nov/2020:09:50:53 +0800] "GET /xingrg/all/function/internal_message.html?_=1606096233166&CODE_STATE=getMsg HTTP/1.1" 200 27
116.228.172.94 - - [23/Nov/2020:09:50:54 +0800] "POST /xingrg/dwr/call/plaincall/AjaxCheckService.setItemNumber.dwr HTTP/1.1" 200 78
116.228.172.94 - - [23/Nov/2020:09:50:55 +0800] "GET /xingrg/all/function/internal_message.html?_=1606096255038&CODE_STATE=getMsg HTTP/1.1" 200 27
116.228.172.94 - - [23/Nov/2020:09:50:55 +0800] "POST /xingrg/dwr/call/plaincall/AjaxCheckService.setItemNumber.dwr HTTP/1.1" 200 78
222.69.135.118 - - [23/Nov/2020:09:50:55 +0800] "GET /xingrg/all/function/internal_message.html?_=1606096254212&CODE_STATE=getMsg HTTP/1.1" 200 27
222.69.135.118 - - [23/Nov/2020:09:50:55 +0800] "GET /xingrg/check_reg.html?_=1606096254233 HTTP/1.1" 200 22
114.84.37.38 - - [23/Nov/2020:09:50:55 +0800] "GET /xingrg/kc/buy/cgsh_order_operate.html?command=get_materiel&rest_code=00146&code=00101006177&supplier_code=00100012&order_time=2020-11-23 HTTP/1.1" 200 409
116.228.172.94 - - [23/Nov/2020:09:50:55 +0800] "POST /xingrg/dwr/call/plaincall/AjaxCheckService.setItemNumber.dwr HTTP/1.1" 200 78
116.228.172.94 - - [23/Nov/2020:09:50:56 +0800] "POST /xingrg/dwr/call/plaincall/AjaxCheckService.setItemNumber.dwr HTTP/1.1" 200 78
116.228.172.94 - - [23/Nov/2020:09:50:57 +0800] "POST /xingrg/dwr/call/plaincall/AjaxCheckService.setItemNumber.dwr HTTP/1.1" 200 78
116.228.172.94 - - [23/Nov/2020:09:50:58 +0800] "POST /xingrg/dwr/call/plaincall/AjaxCheckService.setItemNumber.dwr HTTP/1.1" 200 78
117.184.7.26 - - [23/Nov/2020:09:50:58 +0800] "GET /xingrg/all/function/internal_message.html?_=1606097249887&CODE_STATE=getMsg HTTP/1.1" 200 27
116.228.172.94 - - [23/Nov/2020:09:50:58 +0800] "POST /xingrg/dwr/call/plaincall/AjaxCheckService.setItemNumber.dwr HTTP/1.1" 200 78
116.228.172.94 - - [23/Nov/2020:09:51:00 +0800] "POST /xingrg/dwr/call/plaincall/AjaxCheckService.setItemNumber.dwr HTTP/1.1" 200 78
61.129.6.174 - - [23/Nov/2020:09:51:00 +0800] "GET /xingrg/all/function/internal_message.html?_=1606095582722&CODE_STATE=getMsg HTTP/1.1" 302 -
180.162.245.190 - - [23/Nov/2020:09:51:01 +0800] "GET /xingrg/check_reg.html?_=1606096261436 HTTP/1.1" 200 22
180.162.245.190 - - [23/Nov/2020:09:51:01 +0800] "GET /xingrg/all/function/internal_message.html?_=1606096261442&CODE_STATE=getMsg HTTP/1.1" 200 27
116.228.172.94 - - [23/Nov/2020:09:51:01 +0800] "POST /xingrg/dwr/call/plaincall/AjaxCheckService.setItemNumber.dwr HTTP/1.1" 200 78
116.228.172.94 - - [23/Nov/2020:09:51:02 +0800] "POST /xingrg/dwr/call/plaincall/AjaxCheckService.setItemNumber.dwr HTTP/1.1" 200 78
180.174.56.115 - - [23/Nov/2020:09:51:02 +0800] "GET /xingrg/all/function/internal_message.html?_=1606096262477&CODE_STATE=getMsg HTTP/1.1" 200 27
116.228.172.94 - - [23/Nov/2020:09:51:03 +0800] "POST /xingrg/dwr/call/plaincall/AjaxCheckService.setItemNumber.dwr HTTP/1.1" 200 78
116.228.172.94 - - [23/Nov/2020:09:51:03 +0800] "POST /xingrg/dwr/call/plaincall/AjaxCheckService.setItemNumber.dwr HTTP/1.1" 200 78
58.35.246.33 - - [23/Nov/2020:09:51:04 +0800] "GET /xingrg/all/function/internal_message.html?_=1606096378742&CODE_STATE=getMsg HTTP/1.1" 200 27
116.228.172.94 - - [23/Nov/2020:09:51:04 +0800] "POST /xingrg/dwr/call/plaincall/AjaxCheckService.setItemNumber.dwr HTTP/1.1" 200 78
61.129.6.174 - - [23/Nov/2020:09:51:05 +0800] "GET /xingrg/login.html HTTP/1.1" 200 7641
172.17.0.120 - - [23/Nov/2020:09:51:06 +0800] "GET /xingrg/all/function/internal_message.html?_=1606096482790&CODE_STATE=getMsg HTTP/1.1" 200 27
114.84.37.38 - - [23/Nov/2020:09:51:07 +0800] "GET /xingrg/kc/buy/cgsh_order_operate.html?command=get_materiel&rest_code=00146&code=00101006058&supplier_code=00100012&order_time=2020-11-23 HTTP/1.1" 200 413
116.228.172.94 - - [23/Nov/2020:09:51:08 +0800] "POST /xingrg/dwr/call/plaincall/AjaxCheckService.setItemNumber.dwr HTTP/1.1" 200 78
114.84.37.38 - - [23/Nov/2020:09:51:09 +0800] "GET /xingrg/all/function/internal_message.html?_=1606096300622&CODE_STATE=getMsg HTTP/1.1" 200 27
116.228.172.94 - - [23/Nov/2020:09:51:09 +0800] "POST /xingrg/dwr/call/plaincall/AjaxCheckService.setItemNumber.dwr HTTP/1.1" 200 78
116.228.172.94 - - [23/Nov/2020:09:51:10 +0800] "POST /xingrg/dwr/call/plaincall/AjaxCheckService.setItemNumber.dwr HTTP/1.1" 200 78
116.228.172.94 - - [23/Nov/2020:09:51:10 +0800] "POST /xingrg/dwr/call/plaincall/AjaxCheckService.setItemNumber.dwr HTTP/1.1" 200 78
172.17.200.101 - - [23/Nov/2020:09:51:11 +0800] "GET /xingrg/all/function/internal_message.html?_=1606096272381&CODE_STATE=getMsg HTTP/1.1" 200 27
116.228.172.94 - - [23/Nov/2020:09:51:12 +0800] "POST /xingrg/dwr/call/plaincall/AjaxCheckService.setItemNumber.dwr HTTP/1.1" 200 78
116.228.172.94 - - [23/Nov/2020:09:51:12 +0800] "POST /xingrg/dwr/call/plaincall/AjaxCheckService.setItemNumber.dwr HTTP/1.1" 200 78
116.232.55.88 - - [23/Nov/2020:09:51:13 +0800] "GET /xingrg/check_reg.html?_=1606096315828 HTTP/1.1" 200 22
116.232.55.88 - - [23/Nov/2020:09:51:13 +0800] "GET /xingrg/all/function/internal_message.html?_=1606096315843&CODE_STATE=getMsg HTTP/1.1" 200 27
116.228.172.94 - - [23/Nov/2020:09:51:13 +0800] "POST /xingrg/dwr/call/plaincall/AjaxCheckService.setItemNumber.dwr HTTP/1.1" 200 78
116.228.172.94 - - [23/Nov/2020:09:51:14 +0800] "POST /xingrg/dwr/call/plaincall/AjaxCheckService.setItemNumber.dwr HTTP/1.1" 200 78
116.228.172.94 - - [23/Nov/2020:09:51:15 +0800] "POST /xingrg/dwr/call/plaincall/AjaxCheckService.setItemNumber.dwr HTTP/1.1" 200 78
116.228.172.94 - - [23/Nov/2020:09:51:15 +0800] "POST /xingrg/dwr/call/plaincall/AjaxCheckService.setItemNumber.dwr HTTP/1.1" 200 78
114.84.37.38 - - [23/Nov/2020:09:51:17 +0800] "GET /xingrg/kc/buy/cgsh_order_operate.html?command=get_materiel&rest_code=00146&code=00101006006&supplier_code=00100012&order_time=2020-11-23 HTTP/1.1" 200 409
116.228.172.94 - - [23/Nov/2020:09:51:18 +0800] "POST /xingrg/dwr/call/plaincall/AjaxCheckService.setItemNumber.dwr HTTP/1.1" 200 78
172.17.0.102 - - [23/Nov/2020:09:51:19 +0800] "GET /xingrg/all/function/internal_message.html?_=1606096280058&CODE_STATE=getMsg HTTP/1.1" 200 27
172.17.0.102 - - [23/Nov/2020:09:51:19 +0800] "GET /xingrg/check_reg.html?_=1606096280060 HTTP/1.1" 200 22
116.228.172.94 - - [23/Nov/2020:09:51:20 +0800] "POST /xingrg/dwr/call/plaincall/AjaxCheckService.setItemNumber.dwr HTTP/1.1" 200 78
116.228.172.94 - - [23/Nov/2020:09:51:20 +0800] "POST /xingrg/dwr/call/plaincall/AjaxCheckService.setItemNumber.dwr HTTP/1.1" 200 78
101.85.95.39 - - [23/Nov/2020:09:51:21 +0800] "GET /xingrg/all/function/internal_message.html?_=1606096013728&CODE_STATE=getMsg HTTP/1.1" 200 27
101.85.95.39 - - [23/Nov/2020:09:51:21 +0800] "GET /xingrg/check_reg.html?_=1606096013730 HTTP/1.1" 200 22
116.228.172.94 - - [23/Nov/2020:09:51:21 +0800] "POST /xingrg/dwr/call/plaincall/AjaxCheckService.setItemNumber.dwr HTTP/1.1" 200 78
116.228.172.94 - - [23/Nov/2020:09:51:22 +0800] "POST /xingrg/dwr/call/plaincall/AjaxCheckService.setItemNumber.dwr HTTP/1.1" 200 78
117.131.5.26 - - [23/Nov/2020:09:51:22 +0800] "GET /xingrg/all/function/internal_message.html?_=1606096316207&CODE_STATE=getMsg HTTP/1.1" 200 27
116.228.172.94 - - [23/Nov/2020:09:51:22 +0800] "POST /xingrg/dwr/call/plaincall/AjaxCheckService.setItemNumber.dwr HTTP/1.1" 200 78
116.228.172.94 - - [23/Nov/2020:09:51:23 +0800] "POST /xingrg/dwr/call/plaincall/AjaxCheckService.setItemNumber.dwr HTTP/1.1" 200 78
116.228.172.94 - - [23/Nov/2020:09:51:24 +0800] "POST /xingrg/dwr/call/plaincall/AjaxCheckService.setItemNumber.dwr HTTP/1.1" 200 78
116.228.172.94 - - [23/Nov/2020:09:51:25 +0800] "POST /xingrg/dwr/call/plaincall/AjaxCheckService.setItemNumber.dwr HTTP/1.1" 200 78
116.228.172.94 - - [23/Nov/2020:09:51:25 +0800] "POST /xingrg/dwr/call/plaincall/AjaxCheckService.setItemNumber.dwr HTTP/1.1" 200 78
116.228.172.94 - - [23/Nov/2020:09:51:26 +0800] "POST /xingrg/dwr/call/plaincall/AjaxCheckService.setItemNumber.dwr HTTP/1.1" 200 78
116.228.172.94 - - [23/Nov/2020:09:51:27 +0800] "POST /xingrg/dwr/call/plaincall/AjaxCheckService.setItemNumber.dwr HTTP/1.1" 200 78
180.162.245.190 - - [23/Nov/2020:09:51:27 +0800] "GET /xingrg/all/function/internal_message.html?_=1606096268005&CODE_STATE=getMsg HTTP/1.1" 200 27
116.228.172.94 - - [23/Nov/2020:09:51:27 +0800] "POST /xingrg/dwr/call/plaincall/AjaxCheckService.setItemNumber.dwr HTTP/1.1" 200 78
116.228.172.94 - - [23/Nov/2020:09:51:28 +0800] "POST /xingrg/dwr/call/plaincall/AjaxCheckService.setItemNumber.dwr HTTP/1.1" 200 78
114.84.37.38 - - [23/Nov/2020:09:51:28 +0800] "POST /xingrg/kc/buy/cgsh_order_operate.html HTTP/1.1" 200 37
114.84.37.38 - - [23/Nov/2020:09:51:29 +0800] "POST /xingrg/kc/buy/cgsh_order_operate.html HTTP/1.1" 200 5629
116.228.172.94 - - [23/Nov/2020:09:51:30 +0800] "POST /xingrg/dwr/call/plaincall/AjaxCheckService.setItemNumber.dwr HTTP/1.1" 200 78
172.17.0.123 - - [23/Nov/2020:09:51:31 +0800] "GET /xingrg/all/function/internal_message.html?_=1606096229858&CODE_STATE=getMsg HTTP/1.1" 200 27
116.228.172.94 - - [23/Nov/2020:09:51:32 +0800] "POST /xingrg/dwr/call/plaincall/AjaxCheckService.setItemNumber.dwr HTTP/1.1" 200 78
116.228.172.94 - - [23/Nov/2020:09:51:33 +0800] "POST /xingrg/dwr/call/plaincall/AjaxCheckService.setItemNumber.dwr HTTP/1.1" 200 78
116.228.172.94 - - [23/Nov/2020:09:51:34 +0800] "POST /xingrg/dwr/call/plaincall/AjaxCheckService.setItemNumber.dwr HTTP/1.1" 200 78
114.84.37.38 - - [23/Nov/2020:09:51:34 +0800] "GET /xingrg/kc/print/load_data.html?order_code=212020112309061&kc_code=cgsh&condition= HTTP/1.1" 200 1912
116.228.172.94 - - [23/Nov/2020:09:51:34 +0800] "POST /xingrg/dwr/call/plaincall/AjaxCheckService.setItemNumber.dwr HTTP/1.1" 200 78
116.228.172.94 - - [23/Nov/2020:09:51:35 +0800] "POST /xingrg/dwr/call/plaincall/AjaxCheckService.setItemNumber.dwr HTTP/1.1" 200 78
116.228.172.94 - - [23/Nov/2020:09:51:36 +0800] "POST /xingrg/dwr/call/plaincall/AjaxCheckService.setItemNumber.dwr HTTP/1.1" 200 78
116.228.172.94 - - [23/Nov/2020:09:51:36 +0800] "POST /xingrg/dwr/call/plaincall/AjaxCheckService.setItemNumber.dwr HTTP/1.1" 200 78
116.228.172.94 - - [23/Nov/2020:09:51:37 +0800] "POST /xingrg/dwr/call/plaincall/AjaxCheckService.setItemNumber.dwr HTTP/1.1" 200 78
117.131.5.26 - - [23/Nov/2020:09:51:39 +0800] "POST /xingrg/dwr/call/plaincall/AjaxCheckService.setItemNumber.dwr HTTP/1.1" 200 76
101.85.228.137 - - [23/Nov/2020:09:51:40 +0800] "GET /xingrg/all/function/internal_message.html?_=1606096525744&CODE_STATE=getMsg HTTP/1.1" 200 27
58.35.246.33 - - [23/Nov/2020:09:51:42 +0800] "GET /xingrg/all/function/internal_message.html?_=1606096299400&CODE_STATE=getMsg HTTP/1.1" 200 27
117.131.5.26 - - [23/Nov/2020:09:51:43 +0800] "POST /xingrg/dwr/call/plaincall/AjaxCheckService.setItemNumber.dwr HTTP/1.1" 200 76
114.84.145.85 - - [23/Nov/2020:09:51:45 +0800] "GET /xingrg/all/function/internal_message.html?_=1606096302779&CODE_STATE=getMsg HTTP/1.1" 200 27
180.157.253.48 - - [23/Nov/2020:09:51:46 +0800] "GET /xingrg/all/function/internal_message.html?_=1606096306809&CODE_STATE=getMsg HTTP/1.1" 200 27
101.89.239.245 - - [23/Nov/2020:09:51:47 +0800] "GET /xingrg/all/function/internal_message.html?_=1606095522724&CODE_STATE=getMsg HTTP/1.1" 302 -
116.228.172.94 - - [23/Nov/2020:09:51:47 +0800] "POST /xingrg/dwr/call/plaincall/AjaxCheckService.setItemNumber.dwr HTTP/1.1" 200 78
101.89.239.245 - - [23/Nov/2020:09:51:49 +0800] "GET /xingrg/login.html HTTP/1.1" 200 7641
116.228.172.94 - - [23/Nov/2020:09:51:51 +0800] "GET /xingrg/check_reg.html?_=1606096311121 HTTP/1.1" 200 22
180.162.245.190 - - [23/Nov/2020:09:51:51 +0800] "GET /xingrg/check_reg.html?_=1606096291705 HTTP/1.1" 200 22
180.174.56.115 - - [23/Nov/2020:09:51:54 +0800] "GET /xingrg/all/function/internal_message.html?_=1606096293179&CODE_STATE=getMsg HTTP/1.1" 200 27
116.228.172.94 - - [23/Nov/2020:09:51:55 +0800] "GET /xingrg/all/function/internal_message.html?_=1606096315019&CODE_STATE=getMsg HTTP/1.1" 200 27
222.69.135.118 - - [23/Nov/2020:09:51:55 +0800] "GET /xingrg/all/function/internal_message.html?_=1606096314218&CODE_STATE=getMsg HTTP/1.1" 200 27
117.184.7.26 - - [23/Nov/2020:09:51:58 +0800] "GET /xingrg/all/function/internal_message.html?_=1606097309885&CODE_STATE=getMsg HTTP/1.1" 200 27
116.228.172.94 - - [23/Nov/2020:09:51:58 +0800] "POST /xingrg/dwr/call/plaincall/AjaxCheckService.setItemNumber.dwr HTTP/1.1" 200 78
