117.184.7.26 - - [23/Nov/2020:07:00:58 +0800] "GET /xingrg/all/function/internal_message.html?_=1606087049512&CODE_STATE=getMsg HTTP/1.1" 200 27
120.253.135.82 - - [23/Nov/2020:07:00:59 +0800] "GET /xingrg/kc/buy/cgsh_order_add.html HTTP/1.1" 200 59759
120.253.135.82 - - [23/Nov/2020:07:00:59 +0800] "GET /xingrg/javascript/easyui/themes/icons/template_new.png HTTP/1.1" 200 3956
120.253.135.82 - - [23/Nov/2020:07:00:59 +0800] "POST /xingrg/kc/buy/cgsh_order_operate.html HTTP/1.1" 200 8245
120.253.135.82 - - [23/Nov/2020:07:00:59 +0800] "GET /xingrg/all/common/auto_word.html?type=employee&rest_code=00101 HTTP/1.1" 200 1173
120.253.135.82 - - [23/Nov/2020:07:00:59 +0800] "GET /xingrg/all/common/auto_word.html?type=employee&rest_code=00101 HTTP/1.1" 200 1173
120.253.135.82 - - [23/Nov/2020:07:00:59 +0800] "GET /xingrg/javascript/easyui/themes/default/validatebox.css HTTP/1.1" 404 1104
114.84.37.38 - - [23/Nov/2020:07:01:00 +0800] "GET /xingrg/all/function/internal_message.html?_=1606086091931&CODE_STATE=getMsg HTTP/1.1" 200 27
120.253.135.82 - - [23/Nov/2020:07:01:01 +0800] "GET /xingrg/all/function/internal_message.html?_=1606085809441&CODE_STATE=getMsg HTTP/1.1" 200 27
120.253.135.82 - - [23/Nov/2020:07:01:07 +0800] "GET /xingrg/kc/buy/cgsh_order_operate.html?command=get_materiel&rest_code=00101&code=00102002192&supplier_code=&order_time=2020-11-23 HTTP/1.1" 200 434
114.84.145.85 - - [23/Nov/2020:07:01:12 +0800] "GET /xingrg/all/function/internal_message.html?_=1606085655037&CODE_STATE=getMsg HTTP/1.1" 200 27
120.253.135.82 - - [23/Nov/2020:07:01:19 +0800] "GET /xingrg/kc/pszx/mdps_order_list.html?orderType=0 HTTP/1.1" 200 21238
120.253.135.82 - - [23/Nov/2020:07:01:19 +0800] "POST /xingrg/kc/pszx/mdps_list_operate.html HTTP/1.1" 200 5523
180.162.245.190 - - [23/Nov/2020:07:01:30 +0800] "GET /xingrg/all/function/internal_message.html?_=1606086070821&CODE_STATE=getMsg HTTP/1.1" 200 27
117.185.32.26 - - [23/Nov/2020:07:01:31 +0800] "GET /xingrg/all/function/internal_message.html?_=1606086530357&CODE_STATE=getMsg HTTP/1.1" 200 27
120.253.135.82 - - [23/Nov/2020:07:01:33 +0800] "POST /xingrg/kc/pszx/mdps_list_operate.html HTTP/1.1" 200 3190
120.253.135.82 - - [23/Nov/2020:07:01:35 +0800] "POST /xingrg/kc/pszx/mdps_list_operate.html HTTP/1.1" 200 601
120.253.135.82 - - [23/Nov/2020:07:01:37 +0800] "POST /xingrg/kc/pszx/mdps_list_operate.html HTTP/1.1" 200 592
120.253.135.82 - - [23/Nov/2020:07:01:38 +0800] "GET /xingrg/kc/pszx/mdps_order_info.html?code=312020112300626 HTTP/1.1" 200 23887
58.35.246.33 - - [23/Nov/2020:07:01:38 +0800] "GET /xingrg/all/function/internal_message.html?_=1606086096204&CODE_STATE=getMsg HTTP/1.1" 200 27
120.253.135.82 - - [23/Nov/2020:07:01:38 +0800] "POST /xingrg/kc/pszx/mdps_order_operate.html HTTP/1.1" 200 6732
120.253.135.82 - - [23/Nov/2020:07:01:38 +0800] "GET /xingrg/javascript/easyui/themes/default/validatebox.css HTTP/1.1" 404 1104
180.174.56.115 - - [23/Nov/2020:07:01:45 +0800] "GET /xingrg/all/function/internal_message.html?_=1606086105618&CODE_STATE=getMsg HTTP/1.1" 200 27
180.162.245.190 - - [23/Nov/2020:07:01:50 +0800] "GET /xingrg/check_reg.html?_=1606086091477 HTTP/1.1" 200 22
120.253.135.82 - - [23/Nov/2020:07:01:51 +0800] "POST /xingrg/kc/pszx/mdps_order_operate.html HTTP/1.1" 200 37
120.253.135.82 - - [23/Nov/2020:07:01:52 +0800] "GET /xingrg/kc/pszx/mdps_order_info.html?code=312020112300626 HTTP/1.1" 200 23887
120.253.135.82 - - [23/Nov/2020:07:01:53 +0800] "POST /xingrg/kc/pszx/mdps_order_operate.html HTTP/1.1" 200 6732
120.253.135.82 - - [23/Nov/2020:07:01:53 +0800] "GET /xingrg/javascript/easyui/themes/default/validatebox.css HTTP/1.1" 404 1104
120.253.135.82 - - [23/Nov/2020:07:01:55 +0800] "POST /xingrg/kc/pszx/mdps_list_operate.html HTTP/1.1" 200 278
120.253.135.82 - - [23/Nov/2020:07:01:56 +0800] "GET /xingrg/kc/pszx/mdps_order_info.html?code=312020112300627 HTTP/1.1" 200 23887
120.253.135.82 - - [23/Nov/2020:07:01:57 +0800] "GET /xingrg/javascript/easyui/themes/default/validatebox.css HTTP/1.1" 404 1104
120.253.135.82 - - [23/Nov/2020:07:01:57 +0800] "POST /xingrg/kc/pszx/mdps_order_operate.html HTTP/1.1" 200 2769
120.253.135.82 - - [23/Nov/2020:07:01:57 +0800] "GET /xingrg/check_reg.html?_=1606085864621 HTTP/1.1" 200 22
117.184.7.26 - - [23/Nov/2020:07:01:58 +0800] "GET /xingrg/all/function/internal_message.html?_=1606087109527&CODE_STATE=getMsg HTTP/1.1" 200 27
120.253.135.82 - - [23/Nov/2020:07:01:59 +0800] "POST /xingrg/all/common/load_combo.html?type=base HTTP/1.1" 200 984
114.84.37.38 - - [23/Nov/2020:07:02:00 +0800] "GET /xingrg/all/function/internal_message.html?_=1606086152004&CODE_STATE=getMsg HTTP/1.1" 200 27
120.253.135.82 - - [23/Nov/2020:07:02:01 +0800] "GET /xingrg/all/function/internal_message.html?_=1606085869455&CODE_STATE=getMsg HTTP/1.1" 200 27
120.253.135.82 - - [23/Nov/2020:07:02:04 +0800] "POST /xingrg/kc/pszx/mdps_order_operate.html HTTP/1.1" 200 37
101.85.228.137 - - [23/Nov/2020:07:02:06 +0800] "POST /xingrg/services/DataTransmitService HTTP/1.1" 200 524
120.253.135.82 - - [23/Nov/2020:07:02:06 +0800] "GET /xingrg/kc/pszx/mdps_order_info.html?code=312020112300627 HTTP/1.1" 200 23885
120.253.135.82 - - [23/Nov/2020:07:02:06 +0800] "GET /xingrg/javascript/easyui/themes/default/validatebox.css HTTP/1.1" 404 1104
120.253.135.82 - - [23/Nov/2020:07:02:06 +0800] "POST /xingrg/kc/pszx/mdps_order_operate.html HTTP/1.1" 200 2787
114.84.145.85 - - [23/Nov/2020:07:02:12 +0800] "GET /xingrg/all/function/internal_message.html?_=1606085715014&CODE_STATE=getMsg HTTP/1.1" 200 27
114.84.145.85 - - [23/Nov/2020:07:02:29 +0800] "GET /xingrg/check_reg.html?_=1606085731964 HTTP/1.1" 200 22
180.162.245.190 - - [23/Nov/2020:07:02:30 +0800] "GET /xingrg/all/function/internal_message.html?_=1606086130805&CODE_STATE=getMsg HTTP/1.1" 200 27
117.185.32.26 - - [23/Nov/2020:07:02:31 +0800] "GET /xingrg/all/function/internal_message.html?_=1606086590370&CODE_STATE=getMsg HTTP/1.1" 200 27
120.253.135.82 - - [23/Nov/2020:07:02:35 +0800] "POST /xingrg/kc/pszx/mdps_order_operate.html HTTP/1.1" 200 37
120.253.135.82 - - [23/Nov/2020:07:02:36 +0800] "GET /xingrg/kc/pszx/mdps_order_info.html?code=312020112300627 HTTP/1.1" 200 23885
120.253.135.82 - - [23/Nov/2020:07:02:36 +0800] "GET /xingrg/javascript/easyui/themes/default/validatebox.css HTTP/1.1" 404 1104
120.253.135.82 - - [23/Nov/2020:07:02:36 +0800] "POST /xingrg/kc/pszx/mdps_order_operate.html HTTP/1.1" 200 2787
58.35.246.33 - - [23/Nov/2020:07:02:38 +0800] "GET /xingrg/all/function/internal_message.html?_=1606086156238&CODE_STATE=getMsg HTTP/1.1" 200 27
120.253.135.82 - - [23/Nov/2020:07:02:38 +0800] "POST /xingrg/kc/pszx/mdps_list_operate.html HTTP/1.1" 200 3187
120.253.135.82 - - [23/Nov/2020:07:02:42 +0800] "GET /xingrg/kc/report/report_main.html HTTP/1.1" 200 9370
120.253.135.82 - - [23/Nov/2020:07:02:42 +0800] "POST /xingrg/kc/pszx/mdps_list_operate.html HTTP/1.1" 200 3187
120.253.135.82 - - [23/Nov/2020:07:02:43 +0800] "GET /xingrg/kc/base/kc_stocks.html HTTP/1.1" 200 16386
120.253.135.82 - - [23/Nov/2020:07:02:43 +0800] "GET /xingrg/javascript/easyui/themes/default/tree.css HTTP/1.1" 404 1090
120.253.135.82 - - [23/Nov/2020:07:02:43 +0800] "POST /xingrg/all/common/load_tree.html?tree=materiel_sort_tree_json HTTP/1.1" 200 8666
120.253.135.82 - - [23/Nov/2020:07:02:45 +0800] "POST /xingrg/all/common/load_combo.html?type=base HTTP/1.1" 200 984
180.174.56.115 - - [23/Nov/2020:07:02:45 +0800] "GET /xingrg/all/function/internal_message.html?_=1606086165625&CODE_STATE=getMsg HTTP/1.1" 200 27
120.253.135.82 - - [23/Nov/2020:07:02:56 +0800] "POST /xingrg/kc/base/stock_operate.html HTTP/1.1" 200 1713
117.184.7.26 - - [23/Nov/2020:07:02:58 +0800] "GET /xingrg/all/function/internal_message.html?_=1606087169515&CODE_STATE=getMsg HTTP/1.1" 200 27
114.84.37.38 - - [23/Nov/2020:07:03:00 +0800] "GET /xingrg/all/function/internal_message.html?_=1606086212005&CODE_STATE=getMsg HTTP/1.1" 200 27
120.253.135.82 - - [23/Nov/2020:07:03:01 +0800] "GET /xingrg/kc/base/stock_detail.html?m=00101026177 HTTP/1.1" 200 6306
120.253.135.82 - - [23/Nov/2020:07:03:02 +0800] "GET /xingrg/all/function/internal_message.html?_=1606085929521&CODE_STATE=getMsg HTTP/1.1" 200 27
120.253.135.82 - - [23/Nov/2020:07:03:05 +0800] "GET /xingrg/kc/base/stock_operate.html?_=1606085932599&command=get_report_file&start_day=20201101 HTTP/1.1" 200 53
120.253.135.82 - - [23/Nov/2020:07:03:05 +0800] "GET /xingrg/all/report/report_query.html?isQuery=1&onlyBody=1&rh=2000&fileName=kc/base/kc_stock_detail_new.xml&queryString=(1=1)&queryText=&tableQueryString=init_table$sp1$$sp$crk_table$sp1$order_day%20between%2020201101%20and%2020201130&varString=start_day:20201101,materiel_code:00101026177,cost_id:2917,end_date:20201031 HTTP/1.1" 200 48701
120.253.135.82 - - [23/Nov/2020:07:03:05 +0800] "GET /xingrg/dwr/interface/AjaxReportQueryService.js HTTP/1.1" 200 13203
120.253.135.82 - - [23/Nov/2020:07:03:05 +0800] "GET /xingrg/dwr/engine.js HTTP/1.1" 200 43631
120.253.135.82 - - [23/Nov/2020:07:03:05 +0800] "POST /xingrg/all/report/load_report_page.html HTTP/1.1" 200 20206
120.253.135.82 - - [23/Nov/2020:07:03:05 +0800] "GET /xingrg/servlets/image?cache=0.305336466619921&image=px HTTP/1.1" 200 807
114.84.145.85 - - [23/Nov/2020:07:03:12 +0800] "GET /xingrg/all/function/internal_message.html?_=1606085774986&CODE_STATE=getMsg HTTP/1.1" 200 27
120.253.135.82 - - [23/Nov/2020:07:03:16 +0800] "GET /xingrg/kc/base/stock_operate.html?_=1606085944192&command=get_report_file&start_day=20200501 HTTP/1.1" 200 53
120.253.135.82 - - [23/Nov/2020:07:03:16 +0800] "GET /xingrg/all/report/report_query.html?isQuery=1&onlyBody=1&rh=2000&fileName=kc/base/kc_stock_detail_new.xml&queryString=(1=1)&queryText=&tableQueryString=init_table$sp1$$sp$crk_table$sp1$order_day%20between%2020200501%20and%2020201130&varString=start_day:20200501,materiel_code:00101026177,cost_id:2721,end_date:20200430 HTTP/1.1" 200 48701
120.253.135.82 - - [23/Nov/2020:07:03:16 +0800] "GET /xingrg/dwr/interface/AjaxReportQueryService.js HTTP/1.1" 200 13203
120.253.135.82 - - [23/Nov/2020:07:03:16 +0800] "GET /xingrg/dwr/engine.js HTTP/1.1" 200 43631
120.253.135.82 - - [23/Nov/2020:07:03:17 +0800] "POST /xingrg/all/report/load_report_page.html HTTP/1.1" 200 93770
120.253.135.82 - - [23/Nov/2020:07:03:17 +0800] "GET /xingrg/servlets/image?cache=0.5359485195192771&image=px HTTP/1.1" 200 807
180.162.245.190 - - [23/Nov/2020:07:03:30 +0800] "GET /xingrg/all/function/internal_message.html?_=1606086190789&CODE_STATE=getMsg HTTP/1.1" 200 27
117.185.32.26 - - [23/Nov/2020:07:03:31 +0800] "GET /xingrg/all/function/internal_message.html?_=1606086650353&CODE_STATE=getMsg HTTP/1.1" 200 27
58.40.7.146 - - [23/Nov/2020:07:03:32 +0800] "GET /xingrg/check_reg.html?_=1606086212813 HTTP/1.1" 302 -
58.35.246.33 - - [23/Nov/2020:07:03:38 +0800] "GET /xingrg/all/function/internal_message.html?_=1606086216247&CODE_STATE=getMsg HTTP/1.1" 200 27
180.174.56.115 - - [23/Nov/2020:07:03:45 +0800] "GET /xingrg/all/function/internal_message.html?_=1606086225631&CODE_STATE=getMsg HTTP/1.1" 200 27
180.174.56.115 - - [23/Nov/2020:07:03:45 +0800] "GET /xingrg/check_reg.html?_=1606086225625 HTTP/1.1" 200 22
120.253.135.82 - - [23/Nov/2020:07:03:49 +0800] "GET /xingrg/kc/pszx/mdps_order_list.html?orderType=0 HTTP/1.1" 200 21238
120.253.135.82 - - [23/Nov/2020:07:03:50 +0800] "POST /xingrg/kc/pszx/mdps_list_operate.html HTTP/1.1" 200 5523
117.184.7.26 - - [23/Nov/2020:07:03:58 +0800] "GET /xingrg/all/function/internal_message.html?_=1606087229513&CODE_STATE=getMsg HTTP/1.1" 200 27
117.184.7.26 - - [23/Nov/2020:07:03:58 +0800] "GET /xingrg/check_reg.html?_=1606087229515 HTTP/1.1" 200 22
120.253.135.82 - - [23/Nov/2020:07:04:00 +0800] "POST /xingrg/kc/pszx/mdps_list_operate.html HTTP/1.1" 200 3187
114.84.37.38 - - [23/Nov/2020:07:04:00 +0800] "GET /xingrg/all/function/internal_message.html?_=1606086272087&CODE_STATE=getMsg HTTP/1.1" 200 27
120.253.135.82 - - [23/Nov/2020:07:04:02 +0800] "GET /xingrg/all/function/internal_message.html?_=1606085989530&CODE_STATE=getMsg HTTP/1.1" 200 27
120.253.135.82 - - [23/Nov/2020:07:04:02 +0800] "POST /xingrg/kc/pszx/mdps_list_operate.html HTTP/1.1" 200 278
120.253.135.82 - - [23/Nov/2020:07:04:02 +0800] "GET /xingrg/kc/pszx/mdps_order_info.html?code=312020112300627 HTTP/1.1" 200 23885
120.253.135.82 - - [23/Nov/2020:07:04:03 +0800] "POST /xingrg/kc/pszx/mdps_order_operate.html HTTP/1.1" 200 2787
120.253.135.82 - - [23/Nov/2020:07:04:03 +0800] "GET /xingrg/javascript/easyui/themes/default/validatebox.css HTTP/1.1" 404 1104
114.84.145.85 - - [23/Nov/2020:07:04:12 +0800] "GET /xingrg/all/function/internal_message.html?_=1606085834986&CODE_STATE=getMsg HTTP/1.1" 200 27
114.84.37.38 - - [23/Nov/2020:07:04:24 +0800] "GET /xingrg/check_reg.html?_=1606086295986 HTTP/1.1" 200 22
180.162.245.190 - - [23/Nov/2020:07:04:30 +0800] "GET /xingrg/all/function/internal_message.html?_=1606086250772&CODE_STATE=getMsg HTTP/1.1" 200 27
117.185.32.26 - - [23/Nov/2020:07:04:31 +0800] "GET /xingrg/all/function/internal_message.html?_=1606086710337&CODE_STATE=getMsg HTTP/1.1" 200 27
120.253.135.82 - - [23/Nov/2020:07:04:32 +0800] "POST /xingrg/kc/pszx/mdps_order_operate.html HTTP/1.1" 200 37
120.253.135.82 - - [23/Nov/2020:07:04:32 +0800] "GET /xingrg/kc/pszx/mdps_order_info.html?code=312020112300627 HTTP/1.1" 200 23885
120.253.135.82 - - [23/Nov/2020:07:04:33 +0800] "POST /xingrg/kc/pszx/mdps_order_operate.html HTTP/1.1" 200 2787
120.253.135.82 - - [23/Nov/2020:07:04:33 +0800] "GET /xingrg/javascript/easyui/themes/default/validatebox.css HTTP/1.1" 404 1104
180.174.56.115 - - [23/Nov/2020:07:04:33 +0800] "GET /xingrg/check_reg.html?_=1606086252848 HTTP/1.1" 200 22
58.35.246.33 - - [23/Nov/2020:07:04:38 +0800] "GET /xingrg/all/function/internal_message.html?_=1606086276270&CODE_STATE=getMsg HTTP/1.1" 200 27
120.253.135.82 - - [23/Nov/2020:07:04:41 +0800] "POST /xingrg/kc/pszx/mdps_list_operate.html HTTP/1.1" 200 649
120.253.135.82 - - [23/Nov/2020:07:04:43 +0800] "GET /xingrg/kc/pszx/mdps_order_info.html?code=312020112300628 HTTP/1.1" 200 23887
120.253.135.82 - - [23/Nov/2020:07:04:44 +0800] "GET /xingrg/javascript/easyui/themes/default/validatebox.css HTTP/1.1" 404 1104
120.253.135.82 - - [23/Nov/2020:07:04:44 +0800] "POST /xingrg/kc/pszx/mdps_order_operate.html HTTP/1.1" 200 14889
180.174.56.115 - - [23/Nov/2020:07:04:45 +0800] "GET /xingrg/all/function/internal_message.html?_=1606086285632&CODE_STATE=getMsg HTTP/1.1" 200 27
120.253.135.82 - - [23/Nov/2020:07:04:46 +0800] "POST /xingrg/kc/pszx/mdps_order_operate.html HTTP/1.1" 200 37
117.185.32.26 - - [23/Nov/2020:07:04:47 +0800] "GET /xingrg/check_reg.html?_=1606086726186 HTTP/1.1" 200 22
120.253.135.82 - - [23/Nov/2020:07:04:48 +0800] "GET /xingrg/kc/pszx/mdps_order_info.html?code=312020112300628 HTTP/1.1" 200 23887
120.253.135.82 - - [23/Nov/2020:07:04:49 +0800] "POST /xingrg/kc/pszx/mdps_order_operate.html HTTP/1.1" 200 15095
120.253.135.82 - - [23/Nov/2020:07:04:49 +0800] "GET /xingrg/javascript/easyui/themes/default/validatebox.css HTTP/1.1" 404 1104
117.184.7.26 - - [23/Nov/2020:07:04:58 +0800] "GET /xingrg/all/function/internal_message.html?_=1606087289513&CODE_STATE=getMsg HTTP/1.1" 200 27
114.84.37.38 - - [23/Nov/2020:07:05:00 +0800] "GET /xingrg/all/function/internal_message.html?_=1606086332095&CODE_STATE=getMsg HTTP/1.1" 200 27
120.253.135.82 - - [23/Nov/2020:07:05:05 +0800] "POST /xingrg/kc/pszx/mdps_order_operate.html HTTP/1.1" 200 37
120.253.135.82 - - [23/Nov/2020:07:05:06 +0800] "GET /xingrg/kc/pszx/mdps_order_info.html?code=312020112300628 HTTP/1.1" 200 23887
120.253.135.82 - - [23/Nov/2020:07:05:06 +0800] "POST /xingrg/kc/pszx/mdps_order_operate.html HTTP/1.1" 200 15095
120.253.135.82 - - [23/Nov/2020:07:05:06 +0800] "GET /xingrg/javascript/easyui/themes/default/validatebox.css HTTP/1.1" 404 1104
120.253.135.82 - - [23/Nov/2020:07:05:06 +0800] "GET /xingrg/all/function/internal_message.html?_=1606086054440&CODE_STATE=getMsg HTTP/1.1" 200 27
114.84.145.85 - - [23/Nov/2020:07:05:12 +0800] "GET /xingrg/all/function/internal_message.html?_=1606085894953&CODE_STATE=getMsg HTTP/1.1" 200 27
58.35.246.33 - - [23/Nov/2020:07:05:24 +0800] "GET /xingrg/check_reg.html?_=1606086322436 HTTP/1.1" 200 22
180.157.253.48 - - [23/Nov/2020:07:05:28 +0800] "POST /xingrg/services/DataTransmitService HTTP/1.1" 200 524
180.162.245.190 - - [23/Nov/2020:07:05:30 +0800] "GET /xingrg/all/function/internal_message.html?_=1606086310755&CODE_STATE=getMsg HTTP/1.1" 200 27
120.253.135.82 - - [23/Nov/2020:07:05:31 +0800] "POST /xingrg/all/common/load_select.html HTTP/1.1" 200 25
117.185.32.26 - - [23/Nov/2020:07:05:31 +0800] "GET /xingrg/all/function/internal_message.html?_=1606086770320&CODE_STATE=getMsg HTTP/1.1" 200 27
120.253.135.82 - - [23/Nov/2020:07:05:33 +0800] "GET /xingrg/kc/pszx/mdps_order_operate.html?command=get_materiel_price&pszx_code=00101&rest_code=00148&base_code=0010246&code=00101019133&unit_code=00100189&order_time=2020-11-24 HTTP/1.1" 200 34
117.184.7.26 - - [23/Nov/2020:07:05:36 +0800] "POST /xingrg/services/DataTransmitService HTTP/1.1" 200 524
58.35.246.33 - - [23/Nov/2020:07:05:38 +0800] "GET /xingrg/all/function/internal_message.html?_=1606086336273&CODE_STATE=getMsg HTTP/1.1" 200 27
180.174.56.115 - - [23/Nov/2020:07:05:45 +0800] "GET /xingrg/all/function/internal_message.html?_=1606086345633&CODE_STATE=getMsg HTTP/1.1" 200 27
117.184.7.26 - - [23/Nov/2020:07:05:58 +0800] "GET /xingrg/all/function/internal_message.html?_=1606087349514&CODE_STATE=getMsg HTTP/1.1" 200 27
114.84.37.38 - - [23/Nov/2020:07:06:00 +0800] "GET /xingrg/all/function/internal_message.html?_=1606086392109&CODE_STATE=getMsg HTTP/1.1" 200 27
120.253.135.82 - - [23/Nov/2020:07:06:06 +0800] "GET /xingrg/all/function/internal_message.html?_=1606086114454&CODE_STATE=getMsg HTTP/1.1" 200 27
114.84.145.85 - - [23/Nov/2020:07:06:12 +0800] "GET /xingrg/all/function/internal_message.html?_=1606085954929&CODE_STATE=getMsg HTTP/1.1" 200 27
180.162.245.190 - - [23/Nov/2020:07:06:30 +0800] "GET /xingrg/all/function/internal_message.html?_=1606086370764&CODE_STATE=getMsg HTTP/1.1" 200 27
117.185.32.26 - - [23/Nov/2020:07:06:31 +0800] "GET /xingrg/all/function/internal_message.html?_=1606086830304&CODE_STATE=getMsg HTTP/1.1" 200 27
120.253.135.82 - - [23/Nov/2020:07:06:33 +0800] "POST /xingrg/kc/pszx/mdps_order_operate.html HTTP/1.1" 200 37
120.253.135.82 - - [23/Nov/2020:07:06:34 +0800] "GET /xingrg/kc/pszx/mdps_order_info.html?code=312020112300628 HTTP/1.1" 200 23887
120.253.135.82 - - [23/Nov/2020:07:06:35 +0800] "POST /xingrg/kc/pszx/mdps_order_operate.html HTTP/1.1" 200 15091
120.253.135.82 - - [23/Nov/2020:07:06:35 +0800] "GET /xingrg/javascript/easyui/themes/default/validatebox.css HTTP/1.1" 404 1104
58.35.246.33 - - [23/Nov/2020:07:06:38 +0800] "GET /xingrg/all/function/internal_message.html?_=1606086396287&CODE_STATE=getMsg HTTP/1.1" 200 27
180.174.56.115 - - [23/Nov/2020:07:06:45 +0800] "GET /xingrg/all/function/internal_message.html?_=1606086405632&CODE_STATE=getMsg HTTP/1.1" 200 27
180.162.245.190 - - [23/Nov/2020:07:06:50 +0800] "GET /xingrg/check_reg.html?_=1606086391497 HTTP/1.1" 200 22
120.253.135.82 - - [23/Nov/2020:07:06:57 +0800] "POST /xingrg/kc/pszx/mdps_order_operate.html HTTP/1.1" 200 37
117.184.7.26 - - [23/Nov/2020:07:06:58 +0800] "GET /xingrg/all/function/internal_message.html?_=1606087409515&CODE_STATE=getMsg HTTP/1.1" 200 27
120.253.135.82 - - [23/Nov/2020:07:06:58 +0800] "GET /xingrg/kc/pszx/mdps_order_info.html?code=312020112300628 HTTP/1.1" 200 23887
120.253.135.82 - - [23/Nov/2020:07:06:59 +0800] "POST /xingrg/kc/pszx/mdps_order_operate.html HTTP/1.1" 200 15091
120.253.135.82 - - [23/Nov/2020:07:06:59 +0800] "GET /xingrg/javascript/easyui/themes/default/validatebox.css HTTP/1.1" 404 1104
120.253.135.82 - - [23/Nov/2020:07:06:59 +0800] "GET /xingrg/check_reg.html?_=1606086166842 HTTP/1.1" 200 22
114.84.37.38 - - [23/Nov/2020:07:07:01 +0800] "GET /xingrg/all/function/internal_message.html?_=1606086452196&CODE_STATE=getMsg HTTP/1.1" 200 27
120.253.135.82 - - [23/Nov/2020:07:07:06 +0800] "GET /xingrg/all/function/internal_message.html?_=1606086174468&CODE_STATE=getMsg HTTP/1.1" 200 27
114.84.145.85 - - [23/Nov/2020:07:07:12 +0800] "GET /xingrg/all/function/internal_message.html?_=1606086014907&CODE_STATE=getMsg HTTP/1.1" 200 27
114.84.145.85 - - [23/Nov/2020:07:07:29 +0800] "GET /xingrg/check_reg.html?_=1606086031972 HTTP/1.1" 200 22
180.162.245.190 - - [23/Nov/2020:07:07:30 +0800] "GET /xingrg/all/function/internal_message.html?_=1606086430748&CODE_STATE=getMsg HTTP/1.1" 200 27
117.185.32.26 - - [23/Nov/2020:07:07:31 +0800] "GET /xingrg/all/function/internal_message.html?_=1606086890287&CODE_STATE=getMsg HTTP/1.1" 200 27
58.35.246.33 - - [23/Nov/2020:07:07:38 +0800] "GET /xingrg/all/function/internal_message.html?_=1606086456309&CODE_STATE=getMsg HTTP/1.1" 200 27
180.174.56.115 - - [23/Nov/2020:07:07:45 +0800] "GET /xingrg/all/function/internal_message.html?_=1606086465639&CODE_STATE=getMsg HTTP/1.1" 200 27
117.184.7.26 - - [23/Nov/2020:07:07:58 +0800] "GET /xingrg/all/function/internal_message.html?_=1606087469516&CODE_STATE=getMsg HTTP/1.1" 200 27
114.84.37.38 - - [23/Nov/2020:07:08:00 +0800] "GET /xingrg/all/function/internal_message.html?_=1606086512198&CODE_STATE=getMsg HTTP/1.1" 200 27
120.253.135.82 - - [23/Nov/2020:07:08:07 +0800] "GET /xingrg/all/function/internal_message.html?_=1606086234481&CODE_STATE=getMsg HTTP/1.1" 200 27
114.84.145.85 - - [23/Nov/2020:07:08:12 +0800] "GET /xingrg/all/function/internal_message.html?_=1606086074886&CODE_STATE=getMsg HTTP/1.1" 200 27
180.162.245.190 - - [23/Nov/2020:07:08:30 +0800] "GET /xingrg/all/function/internal_message.html?_=1606086490732&CODE_STATE=getMsg HTTP/1.1" 200 27
117.185.32.26 - - [23/Nov/2020:07:08:31 +0800] "GET /xingrg/all/function/internal_message.html?_=1606086950301&CODE_STATE=getMsg HTTP/1.1" 200 27
58.40.7.146 - - [23/Nov/2020:07:08:32 +0800] "GET /xingrg/check_reg.html?_=1606086512787 HTTP/1.1" 302 -
58.35.246.33 - - [23/Nov/2020:07:08:38 +0800] "GET /xingrg/all/function/internal_message.html?_=1606086516314&CODE_STATE=getMsg HTTP/1.1" 200 27
180.174.56.115 - - [23/Nov/2020:07:08:45 +0800] "GET /xingrg/check_reg.html?_=1606086525638 HTTP/1.1" 200 22
180.174.56.115 - - [23/Nov/2020:07:08:45 +0800] "GET /xingrg/all/function/internal_message.html?_=1606086525640&CODE_STATE=getMsg HTTP/1.1" 200 27
117.184.7.26 - - [23/Nov/2020:07:08:58 +0800] "GET /xingrg/check_reg.html?_=1606087529515 HTTP/1.1" 200 22
117.184.7.30 - - [23/Nov/2020:07:08:58 +0800] "GET /xingrg/all/function/internal_message.html?_=1606087529517&CODE_STATE=getMsg HTTP/1.1" 200 27
114.84.37.38 - - [23/Nov/2020:07:09:01 +0800] "GET /xingrg/all/function/internal_message.html?_=1606086572288&CODE_STATE=getMsg HTTP/1.1" 200 27
120.253.135.82 - - [23/Nov/2020:07:09:07 +0800] "GET /xingrg/all/function/internal_message.html?_=1606086294626&CODE_STATE=getMsg HTTP/1.1" 200 27
114.84.145.85 - - [23/Nov/2020:07:09:12 +0800] "GET /xingrg/all/function/internal_message.html?_=1606086134862&CODE_STATE=getMsg HTTP/1.1" 200 27
114.84.37.38 - - [23/Nov/2020:07:09:24 +0800] "GET /xingrg/check_reg.html?_=1606086595988 HTTP/1.1" 200 22
120.253.135.82 - - [23/Nov/2020:07:09:27 +0800] "POST /xingrg/kc/pszx/mdps_order_operate.html HTTP/1.1" 200 37
120.253.135.82 - - [23/Nov/2020:07:09:28 +0800] "GET /xingrg/kc/pszx/mdps_order_info.html?code=312020112300628 HTTP/1.1" 200 23887
120.253.135.82 - - [23/Nov/2020:07:09:29 +0800] "POST /xingrg/kc/pszx/mdps_order_operate.html HTTP/1.1" 200 15091
120.253.135.82 - - [23/Nov/2020:07:09:29 +0800] "GET /xingrg/javascript/easyui/themes/default/validatebox.css HTTP/1.1" 404 1104
180.162.245.190 - - [23/Nov/2020:07:09:30 +0800] "GET /xingrg/all/function/internal_message.html?_=1606086550703&CODE_STATE=getMsg HTTP/1.1" 200 27
120.253.135.82 - - [23/Nov/2020:07:09:30 +0800] "POST /xingrg/kc/pszx/mdps_list_operate.html HTTP/1.1" 200 3186
117.185.32.26 - - [23/Nov/2020:07:09:31 +0800] "GET /xingrg/all/function/internal_message.html?_=1606087010284&CODE_STATE=getMsg HTTP/1.1" 200 27
120.253.135.82 - - [23/Nov/2020:07:09:32 +0800] "POST /xingrg/kc/pszx/mdps_list_operate.html HTTP/1.1" 200 648
180.174.56.115 - - [23/Nov/2020:07:09:33 +0800] "GET /xingrg/check_reg.html?_=1606086552851 HTTP/1.1" 200 22
120.253.135.82 - - [23/Nov/2020:07:09:33 +0800] "POST /xingrg/kc/pszx/mdps_list_operate.html HTTP/1.1" 200 278
120.253.135.82 - - [23/Nov/2020:07:09:35 +0800] "POST /xingrg/kc/pszx/mdps_list_operate.html HTTP/1.1" 200 592
120.253.135.82 - - [23/Nov/2020:07:09:37 +0800] "POST /xingrg/kc/pszx/mdps_list_operate.html HTTP/1.1" 200 601
120.253.135.82 - - [23/Nov/2020:07:09:39 +0800] "GET /xingrg/kc/pszx/mdps_order_info.html?code=312020112300625 HTTP/1.1" 200 23887
120.253.135.82 - - [23/Nov/2020:07:09:40 +0800] "GET /xingrg/javascript/easyui/themes/default/validatebox.css HTTP/1.1" 404 1104
120.253.135.82 - - [23/Nov/2020:07:09:40 +0800] "POST /xingrg/kc/pszx/mdps_order_operate.html HTTP/1.1" 200 9246
58.35.246.33 - - [23/Nov/2020:07:09:40 +0800] "GET /xingrg/all/function/internal_message.html?_=1606086576339&CODE_STATE=getMsg HTTP/1.1" 200 27
180.174.56.115 - - [23/Nov/2020:07:09:45 +0800] "GET /xingrg/all/function/internal_message.html?_=1606086585641&CODE_STATE=getMsg HTTP/1.1" 200 27
117.185.32.26 - - [23/Nov/2020:07:09:47 +0800] "GET /xingrg/check_reg.html?_=1606087026198 HTTP/1.1" 200 22
114.84.37.38 - - [23/Nov/2020:07:09:48 +0800] "POST /xingrg/kc/buy/cgsh_list_operate.html HTTP/1.1" 200 876
114.84.37.38 - - [23/Nov/2020:07:09:52 +0800] "GET /xingrg/kc/buy/cgsh_order_list.html HTTP/1.1" 200 45010
114.84.37.38 - - [23/Nov/2020:07:09:53 +0800] "POST /xingrg/kc/buy/cgsh_list_operate.html HTTP/1.1" 200 876
120.253.135.82 - - [23/Nov/2020:07:09:57 +0800] "POST /xingrg/kc/pszx/mdps_list_operate.html HTTP/1.1" 200 3186
117.184.7.26 - - [23/Nov/2020:07:09:58 +0800] "GET /xingrg/all/function/internal_message.html?_=1606087589515&CODE_STATE=getMsg HTTP/1.1" 200 27
120.253.135.82 - - [23/Nov/2020:07:09:58 +0800] "POST /xingrg/kc/pszx/mdps_list_operate.html HTTP/1.1" 200 205
114.84.37.38 - - [23/Nov/2020:07:10:01 +0800] "GET /xingrg/all/function/internal_message.html?_=1606086632303&CODE_STATE=getMsg HTTP/1.1" 200 27
120.253.135.82 - - [23/Nov/2020:07:10:05 +0800] "GET /xingrg/kc/pszx/mdqp_order_list.html?state=10 HTTP/1.1" 200 10175
120.253.135.82 - - [23/Nov/2020:07:10:05 +0800] "POST /xingrg/kc/pszx/mdps_list_operate.html HTTP/1.1" 200 3186
120.253.135.82 - - [23/Nov/2020:07:10:05 +0800] "GET /xingrg/dwr/interface/AjaxReportQueryService.js HTTP/1.1" 200 13203
120.253.135.82 - - [23/Nov/2020:07:10:05 +0800] "GET /xingrg/dwr/interface/AjaxQqpsService.js HTTP/1.1" 200 16326
120.253.135.82 - - [23/Nov/2020:07:10:05 +0800] "GET /xingrg/dwr/engine.js HTTP/1.1" 200 43631
120.253.135.82 - - [23/Nov/2020:07:10:07 +0800] "GET /xingrg/all/function/internal_message.html?_=1606086354665&CODE_STATE=getMsg HTTP/1.1" 200 27
120.253.135.82 - - [23/Nov/2020:07:10:07 +0800] "GET /xingrg/kc/report/report_main.html HTTP/1.1" 200 9370
120.253.135.82 - - [23/Nov/2020:07:10:09 +0800] "GET /xingrg/kc/base/kc_stocks.html HTTP/1.1" 200 16386
120.253.135.82 - - [23/Nov/2020:07:10:09 +0800] "GET /xingrg/javascript/easyui/themes/default/tree.css HTTP/1.1" 404 1090
120.253.135.82 - - [23/Nov/2020:07:10:09 +0800] "POST /xingrg/all/common/load_tree.html?tree=materiel_sort_tree_json HTTP/1.1" 200 8666
120.253.135.82 - - [23/Nov/2020:07:10:10 +0800] "POST /xingrg/all/common/load_combo.html?type=base HTTP/1.1" 200 984
114.84.145.85 - - [23/Nov/2020:07:10:12 +0800] "GET /xingrg/all/function/internal_message.html?_=1606086194830&CODE_STATE=getMsg HTTP/1.1" 200 27
58.35.246.33 - - [23/Nov/2020:07:10:24 +0800] "GET /xingrg/check_reg.html?_=1606086622442 HTTP/1.1" 200 22
180.162.245.190 - - [23/Nov/2020:07:10:30 +0800] "GET /xingrg/all/function/internal_message.html?_=1606086610687&CODE_STATE=getMsg HTTP/1.1" 200 27
117.185.32.26 - - [23/Nov/2020:07:10:31 +0800] "GET /xingrg/all/function/internal_message.html?_=1606087070270&CODE_STATE=getMsg HTTP/1.1" 200 27
120.253.135.82 - - [23/Nov/2020:07:10:37 +0800] "POST /xingrg/kc/base/stock_operate.html HTTP/1.1" 200 1740
180.174.56.115 - - [23/Nov/2020:07:10:45 +0800] "GET /xingrg/all/function/internal_message.html?_=1606086645640&CODE_STATE=getMsg HTTP/1.1" 200 27
58.35.246.33 - - [23/Nov/2020:07:10:48 +0800] "GET /xingrg/all/function/internal_message.html?_=1606086636341&CODE_STATE=getMsg HTTP/1.1" 200 27
117.184.7.26 - - [23/Nov/2020:07:10:58 +0800] "GET /xingrg/all/function/internal_message.html?_=1606087649514&CODE_STATE=getMsg HTTP/1.1" 200 27
114.84.37.38 - - [23/Nov/2020:07:11:01 +0800] "GET /xingrg/all/function/internal_message.html?_=1606086692316&CODE_STATE=getMsg HTTP/1.1" 200 27
120.253.135.82 - - [23/Nov/2020:07:11:07 +0800] "GET /xingrg/all/function/internal_message.html?_=1606086414678&CODE_STATE=getMsg HTTP/1.1" 200 27
114.84.145.85 - - [23/Nov/2020:07:11:12 +0800] "GET /xingrg/all/function/internal_message.html?_=1606086254806&CODE_STATE=getMsg HTTP/1.1" 200 27
58.35.246.33 - - [23/Nov/2020:07:11:14 +0800] "POST /xingrg/services/DataTransmitService HTTP/1.1" 200 524
180.162.245.190 - - [23/Nov/2020:07:11:30 +0800] "GET /xingrg/all/function/internal_message.html?_=1606086670671&CODE_STATE=getMsg HTTP/1.1" 200 27
117.185.32.26 - - [23/Nov/2020:07:11:31 +0800] "GET /xingrg/all/function/internal_message.html?_=1606087130253&CODE_STATE=getMsg HTTP/1.1" 200 27
58.35.246.33 - - [23/Nov/2020:07:11:38 +0800] "GET /xingrg/all/function/internal_message.html?_=1606086696355&CODE_STATE=getMsg HTTP/1.1" 200 27
180.174.56.115 - - [23/Nov/2020:07:11:45 +0800] "GET /xingrg/all/function/internal_message.html?_=1606086705640&CODE_STATE=getMsg HTTP/1.1" 200 27
180.162.245.190 - - [23/Nov/2020:07:11:50 +0800] "GET /xingrg/check_reg.html?_=1606086691500 HTTP/1.1" 200 22
120.253.135.82 - - [23/Nov/2020:07:11:52 +0800] "POST /xingrg/kc/base/stock_operate.html HTTP/1.1" 200 1731
117.184.7.26 - - [23/Nov/2020:07:11:58 +0800] "GET /xingrg/all/function/internal_message.html?_=1606087709514&CODE_STATE=getMsg HTTP/1.1" 200 27
120.253.135.82 - - [23/Nov/2020:07:11:59 +0800] "GET /xingrg/check_reg.html?_=1606086466848 HTTP/1.1" 200 22
114.84.37.38 - - [23/Nov/2020:07:12:01 +0800] "GET /xingrg/all/function/internal_message.html?_=1606086752403&CODE_STATE=getMsg HTTP/1.1" 200 27
120.253.135.82 - - [23/Nov/2020:07:12:01 +0800] "POST /xingrg/kc/base/stock_operate.html HTTP/1.1" 200 1754
120.253.135.82 - - [23/Nov/2020:07:12:07 +0800] "GET /xingrg/all/function/internal_message.html?_=1606086474692&CODE_STATE=getMsg HTTP/1.1" 200 27
114.84.145.85 - - [23/Nov/2020:07:12:12 +0800] "GET /xingrg/all/function/internal_message.html?_=1606086314785&CODE_STATE=getMsg HTTP/1.1" 200 27
114.84.145.85 - - [23/Nov/2020:07:12:29 +0800] "GET /xingrg/check_reg.html?_=1606086331966 HTTP/1.1" 200 22
180.162.245.190 - - [23/Nov/2020:07:12:30 +0800] "GET /xingrg/all/function/internal_message.html?_=1606086730642&CODE_STATE=getMsg HTTP/1.1" 200 27
117.185.32.26 - - [23/Nov/2020:07:12:31 +0800] "GET /xingrg/all/function/internal_message.html?_=1606087190236&CODE_STATE=getMsg HTTP/1.1" 200 27
58.35.246.33 - - [23/Nov/2020:07:12:38 +0800] "GET /xingrg/all/function/internal_message.html?_=1606086756378&CODE_STATE=getMsg HTTP/1.1" 200 27
180.174.56.115 - - [23/Nov/2020:07:12:45 +0800] "GET /xingrg/all/function/internal_message.html?_=1606086765648&CODE_STATE=getMsg HTTP/1.1" 200 27
120.253.135.82 - - [23/Nov/2020:07:12:56 +0800] "POST /xingrg/kc/base/stock_operate.html HTTP/1.1" 200 1494
117.184.7.26 - - [23/Nov/2020:07:12:58 +0800] "GET /xingrg/all/function/internal_message.html?_=1606087769540&CODE_STATE=getMsg HTTP/1.1" 200 27
114.84.37.38 - - [23/Nov/2020:07:13:01 +0800] "GET /xingrg/all/function/internal_message.html?_=1606086812407&CODE_STATE=getMsg HTTP/1.1" 200 27
120.253.135.82 - - [23/Nov/2020:07:13:07 +0800] "GET /xingrg/all/function/internal_message.html?_=1606086534705&CODE_STATE=getMsg HTTP/1.1" 200 27
114.84.37.38 - - [23/Nov/2020:07:13:10 +0800] "GET /xingrg/check_reg.html?_=1606086808960 HTTP/1.1" 200 22
114.84.145.85 - - [23/Nov/2020:07:13:12 +0800] "GET /xingrg/all/function/internal_message.html?_=1606086374792&CODE_STATE=getMsg HTTP/1.1" 200 27
120.253.135.82 - - [23/Nov/2020:07:13:28 +0800] "POST /xingrg/kc/base/stock_operate.html HTTP/1.1" 200 1456
180.162.245.190 - - [23/Nov/2020:07:13:30 +0800] "GET /xingrg/all/function/internal_message.html?_=1606086790627&CODE_STATE=getMsg HTTP/1.1" 200 27
117.185.32.26 - - [23/Nov/2020:07:13:31 +0800] "GET /xingrg/all/function/internal_message.html?_=1606087250221&CODE_STATE=getMsg HTTP/1.1" 200 27
58.40.7.146 - - [23/Nov/2020:07:13:32 +0800] "GET /xingrg/check_reg.html?_=1606086812765 HTTP/1.1" 302 -
58.35.246.33 - - [23/Nov/2020:07:13:38 +0800] "GET /xingrg/all/function/internal_message.html?_=1606086816382&CODE_STATE=getMsg HTTP/1.1" 200 27
180.174.56.115 - - [23/Nov/2020:07:13:45 +0800] "GET /xingrg/all/function/internal_message.html?_=1606086825651&CODE_STATE=getMsg HTTP/1.1" 200 27
180.174.56.115 - - [23/Nov/2020:07:13:45 +0800] "GET /xingrg/check_reg.html?_=1606086825654 HTTP/1.1" 200 22
117.184.7.26 - - [23/Nov/2020:07:13:58 +0800] "GET /xingrg/all/function/internal_message.html?_=1606087829542&CODE_STATE=getMsg HTTP/1.1" 200 27
117.184.7.30 - - [23/Nov/2020:07:13:58 +0800] "GET /xingrg/check_reg.html?_=1606087829543 HTTP/1.1" 200 22
114.84.37.38 - - [23/Nov/2020:07:14:01 +0800] "GET /xingrg/all/function/internal_message.html?_=1606086872495&CODE_STATE=getMsg HTTP/1.1" 200 27
120.253.135.82 - - [23/Nov/2020:07:14:07 +0800] "GET /xingrg/all/function/internal_message.html?_=1606086594719&CODE_STATE=getMsg HTTP/1.1" 200 27
114.84.145.85 - - [23/Nov/2020:07:14:12 +0800] "GET /xingrg/all/function/internal_message.html?_=1606086434765&CODE_STATE=getMsg HTTP/1.1" 200 27
114.84.37.38 - - [23/Nov/2020:07:14:24 +0800] "GET /xingrg/check_reg.html?_=1606086895997 HTTP/1.1" 200 22
120.253.135.82 - - [23/Nov/2020:07:14:27 +0800] "POST /xingrg/kc/base/stock_operate.html HTTP/1.1" 200 1457
180.162.245.190 - - [23/Nov/2020:07:14:30 +0800] "GET /xingrg/all/function/internal_message.html?_=1606086850597&CODE_STATE=getMsg HTTP/1.1" 200 27
117.185.32.26 - - [23/Nov/2020:07:14:31 +0800] "GET /xingrg/all/function/internal_message.html?_=1606087310235&CODE_STATE=getMsg HTTP/1.1" 200 27
180.174.56.115 - - [23/Nov/2020:07:14:33 +0800] "GET /xingrg/check_reg.html?_=1606086852857 HTTP/1.1" 200 22
58.35.246.33 - - [23/Nov/2020:07:14:38 +0800] "GET /xingrg/all/function/internal_message.html?_=1606086876413&CODE_STATE=getMsg HTTP/1.1" 200 27
180.174.56.115 - - [23/Nov/2020:07:14:45 +0800] "GET /xingrg/all/function/internal_message.html?_=1606086885652&CODE_STATE=getMsg HTTP/1.1" 200 27
117.185.32.26 - - [23/Nov/2020:07:14:47 +0800] "GET /xingrg/check_reg.html?_=1606087326209 HTTP/1.1" 200 22
120.253.135.82 - - [23/Nov/2020:07:14:50 +0800] "POST /xingrg/kc/base/stock_operate.html HTTP/1.1" 200 1462
117.184.7.30 - - [23/Nov/2020:07:14:58 +0800] "GET /xingrg/all/function/internal_message.html?_=1606087889541&CODE_STATE=getMsg HTTP/1.1" 200 27
114.84.37.38 - - [23/Nov/2020:07:15:01 +0800] "GET /xingrg/all/function/internal_message.html?_=1606086932496&CODE_STATE=getMsg HTTP/1.1" 200 27
120.253.135.82 - - [23/Nov/2020:07:15:07 +0800] "GET /xingrg/all/function/internal_message.html?_=1606086654732&CODE_STATE=getMsg HTTP/1.1" 200 27
114.84.145.85 - - [23/Nov/2020:07:15:12 +0800] "GET /xingrg/all/function/internal_message.html?_=1606086494743&CODE_STATE=getMsg HTTP/1.1" 200 27
58.35.246.33 - - [23/Nov/2020:07:15:24 +0800] "GET /xingrg/check_reg.html?_=1606086922452 HTTP/1.1" 200 22
180.162.245.190 - - [23/Nov/2020:07:15:29 +0800] "GET /xingrg/all/function/internal_message.html?_=1606086910580&CODE_STATE=getMsg HTTP/1.1" 200 27
117.185.32.26 - - [23/Nov/2020:07:15:31 +0800] "GET /xingrg/all/function/internal_message.html?_=1606087370218&CODE_STATE=getMsg HTTP/1.1" 200 27
58.35.246.33 - - [23/Nov/2020:07:15:38 +0800] "GET /xingrg/all/function/internal_message.html?_=1606086936424&CODE_STATE=getMsg HTTP/1.1" 200 27
180.174.56.115 - - [23/Nov/2020:07:15:45 +0800] "GET /xingrg/all/function/internal_message.html?_=1606086945652&CODE_STATE=getMsg HTTP/1.1" 200 27
120.253.135.82 - - [23/Nov/2020:07:15:57 +0800] "POST /xingrg/kc/base/stock_operate.html HTTP/1.1" 200 1472
117.184.7.30 - - [23/Nov/2020:07:15:58 +0800] "GET /xingrg/all/function/internal_message.html?_=1606087949542&CODE_STATE=getMsg HTTP/1.1" 200 27
114.84.37.38 - - [23/Nov/2020:07:16:01 +0800] "GET /xingrg/all/function/internal_message.html?_=1606086992509&CODE_STATE=getMsg HTTP/1.1" 200 27
120.253.135.82 - - [23/Nov/2020:07:16:07 +0800] "GET /xingrg/all/function/internal_message.html?_=1606086714745&CODE_STATE=getMsg HTTP/1.1" 200 27
114.84.145.85 - - [23/Nov/2020:07:16:12 +0800] "GET /xingrg/all/function/internal_message.html?_=1606086554721&CODE_STATE=getMsg HTTP/1.1" 200 27
180.162.245.190 - - [23/Nov/2020:07:16:29 +0800] "GET /xingrg/all/function/internal_message.html?_=1606086970563&CODE_STATE=getMsg HTTP/1.1" 200 27
117.185.32.26 - - [23/Nov/2020:07:16:31 +0800] "GET /xingrg/all/function/internal_message.html?_=1606087430201&CODE_STATE=getMsg HTTP/1.1" 200 27
58.35.246.33 - - [23/Nov/2020:07:16:38 +0800] "GET /xingrg/all/function/internal_message.html?_=1606086996439&CODE_STATE=getMsg HTTP/1.1" 200 27
180.174.56.115 - - [23/Nov/2020:07:16:45 +0800] "GET /xingrg/all/function/internal_message.html?_=1606087005653&CODE_STATE=getMsg HTTP/1.1" 200 27
180.162.245.190 - - [23/Nov/2020:07:16:50 +0800] "GET /xingrg/check_reg.html?_=1606086991500 HTTP/1.1" 200 22
117.184.7.30 - - [23/Nov/2020:07:16:58 +0800] "GET /xingrg/all/function/internal_message.html?_=1606088009542&CODE_STATE=getMsg HTTP/1.1" 200 27
120.253.135.82 - - [23/Nov/2020:07:16:59 +0800] "GET /xingrg/check_reg.html?_=1606086766849 HTTP/1.1" 200 22
114.84.37.38 - - [23/Nov/2020:07:17:01 +0800] "GET /xingrg/all/function/internal_message.html?_=1606087052594&CODE_STATE=getMsg HTTP/1.1" 200 27
120.253.135.82 - - [23/Nov/2020:07:17:07 +0800] "GET /xingrg/all/function/internal_message.html?_=1606086774760&CODE_STATE=getMsg HTTP/1.1" 200 27
114.93.82.151 - - [23/Nov/2020:07:17:09 +0800] "GET /favicon.ico HTTP/1.1" 404 -
114.84.145.85 - - [23/Nov/2020:07:17:12 +0800] "GET /xingrg/all/function/internal_message.html?_=1606086614699&CODE_STATE=getMsg HTTP/1.1" 200 27
114.84.145.85 - - [23/Nov/2020:07:17:29 +0800] "GET /xingrg/check_reg.html?_=1606086631938 HTTP/1.1" 200 22
180.162.245.190 - - [23/Nov/2020:07:17:29 +0800] "GET /xingrg/all/function/internal_message.html?_=1606087030548&CODE_STATE=getMsg HTTP/1.1" 200 27
117.185.32.26 - - [23/Nov/2020:07:17:31 +0800] "GET /xingrg/all/function/internal_message.html?_=1606087490185&CODE_STATE=getMsg HTTP/1.1" 200 27
58.35.246.33 - - [23/Nov/2020:07:17:38 +0800] "GET /xingrg/all/function/internal_message.html?_=1606087056461&CODE_STATE=getMsg HTTP/1.1" 200 27
180.174.56.115 - - [23/Nov/2020:07:17:45 +0800] "GET /xingrg/all/function/internal_message.html?_=1606087065663&CODE_STATE=getMsg HTTP/1.1" 200 27
120.253.135.82 - - [23/Nov/2020:07:17:57 +0800] "POST /xingrg/kc/base/stock_operate.html HTTP/1.1" 200 1475
117.184.7.30 - - [23/Nov/2020:07:17:58 +0800] "GET /xingrg/all/function/internal_message.html?_=1606088069545&CODE_STATE=getMsg HTTP/1.1" 200 27
114.84.37.38 - - [23/Nov/2020:07:18:01 +0800] "GET /xingrg/all/function/internal_message.html?_=1606087112600&CODE_STATE=getMsg HTTP/1.1" 200 27
120.253.135.82 - - [23/Nov/2020:07:18:07 +0800] "GET /xingrg/all/function/internal_message.html?_=1606086834772&CODE_STATE=getMsg HTTP/1.1" 200 27
114.84.37.38 - - [23/Nov/2020:07:18:10 +0800] "GET /xingrg/check_reg.html?_=1606087108967 HTTP/1.1" 200 22
114.84.145.85 - - [23/Nov/2020:07:18:12 +0800] "GET /xingrg/all/function/internal_message.html?_=1606086674667&CODE_STATE=getMsg HTTP/1.1" 200 27
180.162.245.190 - - [23/Nov/2020:07:18:29 +0800] "GET /xingrg/all/function/internal_message.html?_=1606087090531&CODE_STATE=getMsg HTTP/1.1" 200 27
117.185.32.26 - - [23/Nov/2020:07:18:31 +0800] "GET /xingrg/all/function/internal_message.html?_=1606087550169&CODE_STATE=getMsg HTTP/1.1" 200 27
58.40.7.146 - - [23/Nov/2020:07:18:32 +0800] "GET /xingrg/check_reg.html?_=1606087112738 HTTP/1.1" 302 -
58.35.246.33 - - [23/Nov/2020:07:18:38 +0800] "GET /xingrg/all/function/internal_message.html?_=1606087116466&CODE_STATE=getMsg HTTP/1.1" 200 27
180.174.56.115 - - [23/Nov/2020:07:18:45 +0800] "GET /xingrg/check_reg.html?_=1606087125663 HTTP/1.1" 200 22
180.174.56.115 - - [23/Nov/2020:07:18:45 +0800] "GET /xingrg/all/function/internal_message.html?_=1606087125665&CODE_STATE=getMsg HTTP/1.1" 200 27
117.184.7.30 - - [23/Nov/2020:07:18:58 +0800] "GET /xingrg/check_reg.html?_=1606088129545 HTTP/1.1" 200 22
117.184.7.26 - - [23/Nov/2020:07:18:58 +0800] "GET /xingrg/all/function/internal_message.html?_=1606088129547&CODE_STATE=getMsg HTTP/1.1" 200 27
114.84.37.38 - - [23/Nov/2020:07:19:01 +0800] "GET /xingrg/all/function/internal_message.html?_=1606087172683&CODE_STATE=getMsg HTTP/1.1" 200 27
120.253.135.82 - - [23/Nov/2020:07:19:02 +0800] "POST /xingrg/kc/base/stock_operate.html HTTP/1.1" 200 1485
120.253.135.82 - - [23/Nov/2020:07:19:07 +0800] "GET /xingrg/all/function/internal_message.html?_=1606086894787&CODE_STATE=getMsg HTTP/1.1" 200 27
114.84.145.85 - - [23/Nov/2020:07:19:12 +0800] "GET /xingrg/all/function/internal_message.html?_=1606086734646&CODE_STATE=getMsg HTTP/1.1" 200 27
114.84.37.38 - - [23/Nov/2020:07:19:24 +0800] "GET /xingrg/check_reg.html?_=1606087195997 HTTP/1.1" 200 22
180.162.245.190 - - [23/Nov/2020:07:19:29 +0800] "GET /xingrg/all/function/internal_message.html?_=1606087150514&CODE_STATE=getMsg HTTP/1.1" 200 27
117.185.32.26 - - [23/Nov/2020:07:19:31 +0800] "GET /xingrg/all/function/internal_message.html?_=1606087610157&CODE_STATE=getMsg HTTP/1.1" 200 27
120.253.135.82 - - [23/Nov/2020:07:19:32 +0800] "POST /xingrg/kc/base/stock_operate.html HTTP/1.1" 200 1478
180.174.56.115 - - [23/Nov/2020:07:19:33 +0800] "GET /xingrg/check_reg.html?_=1606087152871 HTTP/1.1" 200 22
58.35.246.33 - - [23/Nov/2020:07:19:43 +0800] "GET /xingrg/all/function/internal_message.html?_=1606087176493&CODE_STATE=getMsg HTTP/1.1" 200 27
180.174.56.115 - - [23/Nov/2020:07:19:45 +0800] "GET /xingrg/all/function/internal_message.html?_=1606087185664&CODE_STATE=getMsg HTTP/1.1" 200 27
117.185.32.26 - - [23/Nov/2020:07:19:47 +0800] "GET /xingrg/check_reg.html?_=1606087626210 HTTP/1.1" 200 22
117.184.7.30 - - [23/Nov/2020:07:19:58 +0800] "GET /xingrg/all/function/internal_message.html?_=1606088189547&CODE_STATE=getMsg HTTP/1.1" 200 27
114.84.37.38 - - [23/Nov/2020:07:20:01 +0800] "GET /xingrg/all/function/internal_message.html?_=1606087232688&CODE_STATE=getMsg HTTP/1.1" 200 27
120.253.135.82 - - [23/Nov/2020:07:20:07 +0800] "GET /xingrg/all/function/internal_message.html?_=1606086954800&CODE_STATE=getMsg HTTP/1.1" 200 27
114.84.145.85 - - [23/Nov/2020:07:20:12 +0800] "GET /xingrg/all/function/internal_message.html?_=1606086794624&CODE_STATE=getMsg HTTP/1.1" 200 27
58.35.246.33 - - [23/Nov/2020:07:20:24 +0800] "GET /xingrg/check_reg.html?_=1606087222460 HTTP/1.1" 200 22
180.162.245.190 - - [23/Nov/2020:07:20:29 +0800] "GET /xingrg/all/function/internal_message.html?_=1606087210498&CODE_STATE=getMsg HTTP/1.1" 200 27
117.185.32.26 - - [23/Nov/2020:07:20:31 +0800] "GET /xingrg/all/function/internal_message.html?_=1606087670156&CODE_STATE=getMsg HTTP/1.1" 200 27
180.174.56.115 - - [23/Nov/2020:07:20:45 +0800] "GET /xingrg/all/function/internal_message.html?_=1606087245663&CODE_STATE=getMsg HTTP/1.1" 200 27
58.35.246.33 - - [23/Nov/2020:07:20:57 +0800] "GET /xingrg/all/function/internal_message.html?_=1606087236508&CODE_STATE=getMsg HTTP/1.1" 200 27
117.184.7.30 - - [23/Nov/2020:07:20:58 +0800] "GET /xingrg/all/function/internal_message.html?_=1606088249545&CODE_STATE=getMsg HTTP/1.1" 200 27
114.84.37.38 - - [23/Nov/2020:07:21:01 +0800] "GET /xingrg/all/function/internal_message.html?_=1606087292702&CODE_STATE=getMsg HTTP/1.1" 200 27
101.93.222.235 - - [23/Nov/2020:07:21:01 +0800] "POST /xingrg/services/DataTransmitService HTTP/1.1" 200 524
120.253.135.82 - - [23/Nov/2020:07:21:07 +0800] "GET /xingrg/all/function/internal_message.html?_=1606087014814&CODE_STATE=getMsg HTTP/1.1" 200 27
114.84.145.85 - - [23/Nov/2020:07:21:12 +0800] "GET /xingrg/all/function/internal_message.html?_=1606086854632&CODE_STATE=getMsg HTTP/1.1" 200 27
180.162.245.190 - - [23/Nov/2020:07:21:29 +0800] "GET /xingrg/all/function/internal_message.html?_=1606087270485&CODE_STATE=getMsg HTTP/1.1" 200 27
117.185.32.26 - - [23/Nov/2020:07:21:31 +0800] "GET /xingrg/all/function/internal_message.html?_=1606087730139&CODE_STATE=getMsg HTTP/1.1" 200 27
120.253.135.82 - - [23/Nov/2020:07:21:33 +0800] "POST /xingrg/kc/base/stock_operate.html HTTP/1.1" 200 1467
58.35.246.33 - - [23/Nov/2020:07:21:39 +0800] "GET /xingrg/all/function/internal_message.html?_=1606087296522&CODE_STATE=getMsg HTTP/1.1" 200 27
180.174.56.115 - - [23/Nov/2020:07:21:45 +0800] "GET /xingrg/all/function/internal_message.html?_=1606087305655&CODE_STATE=getMsg HTTP/1.1" 200 27
180.162.245.190 - - [23/Nov/2020:07:21:50 +0800] "GET /xingrg/check_reg.html?_=1606087291500 HTTP/1.1" 200 22
117.184.7.30 - - [23/Nov/2020:07:21:58 +0800] "GET /xingrg/all/function/internal_message.html?_=1606088309544&CODE_STATE=getMsg HTTP/1.1" 200 27
120.253.135.82 - - [23/Nov/2020:07:21:59 +0800] "GET /xingrg/check_reg.html?_=1606087066860 HTTP/1.1" 200 22
114.84.37.38 - - [23/Nov/2020:07:22:01 +0800] "GET /xingrg/all/function/internal_message.html?_=1606087352787&CODE_STATE=getMsg HTTP/1.1" 200 27
120.253.135.82 - - [23/Nov/2020:07:22:07 +0800] "GET /xingrg/all/function/internal_message.html?_=1606087074827&CODE_STATE=getMsg HTTP/1.1" 200 27
114.84.145.85 - - [23/Nov/2020:07:22:12 +0800] "GET /xingrg/all/function/internal_message.html?_=1606086914607&CODE_STATE=getMsg HTTP/1.1" 200 27
120.253.135.82 - - [23/Nov/2020:07:22:13 +0800] "POST /xingrg/kc/base/stock_operate.html HTTP/1.1" 200 1769
114.84.145.85 - - [23/Nov/2020:07:22:29 +0800] "GET /xingrg/check_reg.html?_=1606086931934 HTTP/1.1" 200 22
180.162.245.190 - - [23/Nov/2020:07:22:29 +0800] "GET /xingrg/all/function/internal_message.html?_=1606087330455&CODE_STATE=getMsg HTTP/1.1" 200 27
117.185.32.26 - - [23/Nov/2020:07:22:31 +0800] "GET /xingrg/all/function/internal_message.html?_=1606087790137&CODE_STATE=getMsg HTTP/1.1" 200 27
58.35.246.33 - - [23/Nov/2020:07:22:39 +0800] "GET /xingrg/all/function/internal_message.html?_=1606087356544&CODE_STATE=getMsg HTTP/1.1" 200 27
180.174.56.115 - - [23/Nov/2020:07:22:45 +0800] "GET /xingrg/all/function/internal_message.html?_=1606087365657&CODE_STATE=getMsg HTTP/1.1" 200 27
117.184.7.30 - - [23/Nov/2020:07:22:58 +0800] "GET /xingrg/all/function/internal_message.html?_=1606088369544&CODE_STATE=getMsg HTTP/1.1" 200 27
114.84.37.38 - - [23/Nov/2020:07:23:01 +0800] "GET /xingrg/all/function/internal_message.html?_=1606087412792&CODE_STATE=getMsg HTTP/1.1" 200 27
120.253.135.82 - - [23/Nov/2020:07:23:07 +0800] "GET /xingrg/all/function/internal_message.html?_=1606087134894&CODE_STATE=getMsg HTTP/1.1" 200 27
120.253.135.82 - - [23/Nov/2020:07:23:09 +0800] "POST /xingrg/kc/base/stock_operate.html HTTP/1.1" 200 765
114.84.37.38 - - [23/Nov/2020:07:23:10 +0800] "GET /xingrg/check_reg.html?_=1606087408964 HTTP/1.1" 200 22
114.84.145.85 - - [23/Nov/2020:07:23:12 +0800] "GET /xingrg/all/function/internal_message.html?_=1606086974584&CODE_STATE=getMsg HTTP/1.1" 200 27
120.253.135.82 - - [23/Nov/2020:07:23:15 +0800] "POST /xingrg/kc/base/stock_operate.html HTTP/1.1" 200 1769
180.162.245.190 - - [23/Nov/2020:07:23:29 +0800] "GET /xingrg/all/function/internal_message.html?_=1606087390439&CODE_STATE=getMsg HTTP/1.1" 200 27
117.185.32.26 - - [23/Nov/2020:07:23:31 +0800] "GET /xingrg/all/function/internal_message.html?_=1606087850121&CODE_STATE=getMsg HTTP/1.1" 200 27
58.40.7.146 - - [23/Nov/2020:07:23:32 +0800] "GET /xingrg/check_reg.html?_=1606087412712 HTTP/1.1" 302 -
58.35.246.33 - - [23/Nov/2020:07:23:39 +0800] "GET /xingrg/all/function/internal_message.html?_=1606087416549&CODE_STATE=getMsg HTTP/1.1" 200 27
180.174.56.115 - - [23/Nov/2020:07:23:45 +0800] "GET /xingrg/all/function/internal_message.html?_=1606087425657&CODE_STATE=getMsg HTTP/1.1" 200 27
180.174.56.115 - - [23/Nov/2020:07:23:45 +0800] "GET /xingrg/check_reg.html?_=1606087425660 HTTP/1.1" 200 22
117.184.7.30 - - [23/Nov/2020:07:23:58 +0800] "GET /xingrg/all/function/internal_message.html?_=1606088429544&CODE_STATE=getMsg HTTP/1.1" 200 27
117.184.7.30 - - [23/Nov/2020:07:23:58 +0800] "GET /xingrg/check_reg.html?_=1606088429546 HTTP/1.1" 200 22
120.253.135.82 - - [23/Nov/2020:07:23:59 +0800] "POST /xingrg/kc/base/stock_operate.html HTTP/1.1" 200 1490
114.84.37.38 - - [23/Nov/2020:07:24:01 +0800] "GET /xingrg/all/function/internal_message.html?_=1606087472805&CODE_STATE=getMsg HTTP/1.1" 200 27
120.253.135.82 - - [23/Nov/2020:07:24:07 +0800] "GET /xingrg/all/function/internal_message.html?_=1606087194901&CODE_STATE=getMsg HTTP/1.1" 200 27
114.84.145.85 - - [23/Nov/2020:07:24:12 +0800] "GET /xingrg/all/function/internal_message.html?_=1606087034554&CODE_STATE=getMsg HTTP/1.1" 200 27
120.253.135.82 - - [23/Nov/2020:07:24:23 +0800] "POST /xingrg/kc/base/stock_operate.html HTTP/1.1" 200 1484
114.84.37.38 - - [23/Nov/2020:07:24:24 +0800] "GET /xingrg/check_reg.html?_=1606087496004 HTTP/1.1" 200 22
180.162.245.190 - - [23/Nov/2020:07:24:29 +0800] "GET /xingrg/all/function/internal_message.html?_=1606087450423&CODE_STATE=getMsg HTTP/1.1" 200 27
117.185.32.26 - - [23/Nov/2020:07:24:31 +0800] "GET /xingrg/all/function/internal_message.html?_=1606087910106&CODE_STATE=getMsg HTTP/1.1" 200 27
180.174.56.115 - - [23/Nov/2020:07:24:33 +0800] "GET /xingrg/check_reg.html?_=1606087452876 HTTP/1.1" 200 22
