116.228.172.94 - - [23/Nov/2020:09:03:21 +0800] "GET /xingrg/kc/buy/cgsh_order_operate.html?command=get_materiel&rest_code=00107&code=00101008246&supplier_code=00100006&order_time=2020-11-23 HTTP/1.1" 200 408
114.84.37.38 - - [23/Nov/2020:09:03:21 +0800] "GET /xingrg/kc/buy/cgsh_order_operate.html?command=get_materiel&rest_code=00146&code=00101008210&supplier_code=00100005&order_time=2020-11-23 HTTP/1.1" 200 408
180.157.253.48 - - [23/Nov/2020:09:03:23 +0800] "GET /xingrg/kc/buy/cgsh_order_operate.html?command=get_materiel&rest_code=00148&code=00101008356&supplier_code=00100007&order_time=2020-11-23 HTTP/1.1" 200 408
180.174.56.115 - - [23/Nov/2020:09:03:24 +0800] "GET /xingrg/kc/buy/cgsh_order_operate.html?command=get_materiel&rest_code=00150&code=00101008331&supplier_code=00100007&order_time=2020-11-23 HTTP/1.1" 200 416
58.35.246.33 - - [23/Nov/2020:09:03:24 +0800] "GET /xingrg/all/function/internal_message.html?_=1606093519240&CODE_STATE=getMsg HTTP/1.1" 200 27
180.162.245.190 - - [23/Nov/2020:09:03:28 +0800] "GET /xingrg/all/function/internal_message.html?_=1606093388786&CODE_STATE=getMsg HTTP/1.1" 200 27
116.228.172.94 - - [23/Nov/2020:09:03:30 +0800] "GET /xingrg/kc/buy/cgsh_order_operate.html?command=get_materiel&rest_code=00107&code=00101008242&supplier_code=00100006&order_time=2020-11-23 HTTP/1.1" 200 408
114.84.37.38 - - [23/Nov/2020:09:03:32 +0800] "GET /xingrg/kc/buy/cgsh_order_operate.html?command=get_materiel&rest_code=00146&code=00101008126&supplier_code=00100005&order_time=2020-11-23 HTTP/1.1" 200 412
58.40.7.146 - - [23/Nov/2020:09:03:32 +0800] "GET /xingrg/check_reg.html?_=1606093412209 HTTP/1.1" 302 -
116.228.172.94 - - [23/Nov/2020:09:03:41 +0800] "GET /xingrg/kc/buy/cgsh_order_operate.html?command=get_materiel&rest_code=00107&code=00101008141&supplier_code=00100006&order_time=2020-11-23 HTTP/1.1" 200 412
114.84.37.38 - - [23/Nov/2020:09:03:42 +0800] "GET /xingrg/kc/buy/cgsh_order_operate.html?command=get_materiel&rest_code=00146&code=00101008087&supplier_code=00100005&order_time=2020-11-23 HTTP/1.1" 200 412
180.157.253.48 - - [23/Nov/2020:09:03:42 +0800] "GET /xingrg/all/function/internal_message.html?_=1606093423396&CODE_STATE=getMsg HTTP/1.1" 200 27
116.228.172.94 - - [23/Nov/2020:09:03:44 +0800] "POST /xingrg/kc/buy/cgsh_order_operate.html HTTP/1.1" 200 2065
180.174.56.115 - - [23/Nov/2020:09:03:46 +0800] "GET /xingrg/all/function/internal_message.html?_=1606093425928&CODE_STATE=getMsg HTTP/1.1" 200 27
180.174.56.115 - - [23/Nov/2020:09:03:46 +0800] "GET /xingrg/check_reg.html?_=1606093425930 HTTP/1.1" 200 22
180.157.253.48 - - [23/Nov/2020:09:03:47 +0800] "GET /xingrg/kc/buy/cgsh_order_operate.html?command=get_materiel&rest_code=00148&code=00101008353&supplier_code=00100007&order_time=2020-11-23 HTTP/1.1" 200 408
120.253.135.82 - - [23/Nov/2020:09:03:47 +0800] "GET /xingrg/check_reg.html?_=1606093175184 HTTP/1.1" 200 22
120.253.135.82 - - [23/Nov/2020:09:03:47 +0800] "GET /xingrg/all/function/internal_message.html?_=1606093175716&CODE_STATE=getMsg HTTP/1.1" 200 27
58.35.246.33 - - [23/Nov/2020:09:03:50 +0800] "GET /xingrg/all/function/internal_message.html?_=1606093418235&CODE_STATE=getMsg HTTP/1.1" 200 27
114.84.37.38 - - [23/Nov/2020:09:03:52 +0800] "GET /xingrg/kc/buy/cgsh_order_operate.html?command=get_materiel&rest_code=00146&code=00101008270&supplier_code=00100005&order_time=2020-11-23 HTTP/1.1" 200 412
116.228.172.94 - - [23/Nov/2020:09:03:52 +0800] "GET /xingrg/all/function/internal_message.html?_=1606093432644&CODE_STATE=getMsg HTTP/1.1" 200 27
222.69.135.118 - - [23/Nov/2020:09:03:55 +0800] "GET /xingrg/all/function/internal_message.html?_=1606093434142&CODE_STATE=getMsg HTTP/1.1" 200 27
117.184.7.26 - - [23/Nov/2020:09:03:58 +0800] "GET /xingrg/all/function/internal_message.html?_=1606094429784&CODE_STATE=getMsg HTTP/1.1" 200 27
117.184.7.26 - - [23/Nov/2020:09:03:58 +0800] "GET /xingrg/check_reg.html?_=1606094429790 HTTP/1.1" 200 22
180.162.245.190 - - [23/Nov/2020:09:04:01 +0800] "GET /xingrg/all/function/internal_message.html?_=1606093441386&CODE_STATE=getMsg HTTP/1.1" 200 27
116.228.172.94 - - [23/Nov/2020:09:04:01 +0800] "GET /xingrg/kc/buy/cgsh_order_operate.html?command=get_materiel&rest_code=00107&code=00101008225&supplier_code=00100006&order_time=2020-11-23 HTTP/1.1" 200 416
114.84.37.38 - - [23/Nov/2020:09:04:03 +0800] "GET /xingrg/kc/buy/cgsh_order_operate.html?command=get_materiel&rest_code=00146&code=00101008115&supplier_code=00100005&order_time=2020-11-23 HTTP/1.1" 200 412
114.84.37.38 - - [23/Nov/2020:09:04:06 +0800] "GET /xingrg/all/function/internal_message.html?_=1606093477625&CODE_STATE=getMsg HTTP/1.1" 200 27
114.84.37.38 - - [23/Nov/2020:09:04:12 +0800] "GET /xingrg/kc/buy/cgsh_order_operate.html?command=get_materiel&rest_code=00146&code=00101008017&supplier_code=00100005&order_time=2020-11-23 HTTP/1.1" 200 416
116.228.172.94 - - [23/Nov/2020:09:04:12 +0800] "GET /xingrg/kc/buy/cgsh_order_operate.html?command=get_materiel&rest_code=00107&code=00101008296&supplier_code=00100006&order_time=2020-11-23 HTTP/1.1" 200 416
180.157.253.48 - - [23/Nov/2020:09:04:13 +0800] "GET /xingrg/kc/buy/cgsh_order_operate.html?command=get_materiel&rest_code=00148&code=00101008112&supplier_code=00100007&order_time=2020-11-23 HTTP/1.1" 200 412
101.85.95.39 - - [23/Nov/2020:09:04:21 +0800] "GET /xingrg/all/function/internal_message.html?_=1606093193659&CODE_STATE=getMsg HTTP/1.1" 200 27
116.228.172.94 - - [23/Nov/2020:09:04:22 +0800] "GET /xingrg/kc/buy/cgsh_order_operate.html?command=get_materiel&rest_code=00107&code=00101008323&supplier_code=00100006&order_time=2020-11-23 HTTP/1.1" 200 408
58.35.246.33 - - [23/Nov/2020:09:04:24 +0800] "GET /xingrg/all/function/internal_message.html?_=1606093579217&CODE_STATE=getMsg HTTP/1.1" 200 27
114.84.37.38 - - [23/Nov/2020:09:04:24 +0800] "GET /xingrg/check_reg.html?_=1606093496176 HTTP/1.1" 200 22
180.162.245.190 - - [23/Nov/2020:09:04:28 +0800] "GET /xingrg/all/function/internal_message.html?_=1606093448771&CODE_STATE=getMsg HTTP/1.1" 200 27
117.185.32.26 - - [23/Nov/2020:09:04:31 +0800] "GET /xingrg/css/new_ie.css HTTP/1.1" 404 1036
117.185.32.26 - - [23/Nov/2020:09:04:31 +0800] "GET /xingrg/kc/buy/buy_main.html HTTP/1.1" 200 12412
117.185.32.26 - - [23/Nov/2020:09:04:32 +0800] "GET /xingrg/images/yd/bt.gif HTTP/1.1" 404 1040
180.174.56.115 - - [23/Nov/2020:09:04:33 +0800] "GET /xingrg/check_reg.html?_=1606093452986 HTTP/1.1" 200 22
117.185.32.26 - - [23/Nov/2020:09:04:33 +0800] "GET /xingrg/kc/buy/cgsh_order_list.html HTTP/1.1" 200 45004
114.84.37.38 - - [23/Nov/2020:09:04:34 +0800] "GET /xingrg/kc/buy/cgsh_order_operate.html?command=get_materiel&rest_code=00146&code=00101008027&supplier_code=00100005&order_time=2020-11-23 HTTP/1.1" 200 408
117.185.32.26 - - [23/Nov/2020:09:04:36 +0800] "POST /xingrg/kc/buy/cgsh_list_operate.html HTTP/1.1" 200 1688
180.157.253.48 - - [23/Nov/2020:09:04:36 +0800] "GET /xingrg/kc/buy/cgsh_order_operate.html?command=get_materiel&rest_code=00148&code=00101008224&supplier_code=00100007&order_time=2020-11-23 HTTP/1.1" 200 416
116.228.172.94 - - [23/Nov/2020:09:04:37 +0800] "GET /xingrg/kc/buy/cgsh_order_operate.html?command=get_materiel&rest_code=00107&code=00101008350&supplier_code=00100006&order_time=2020-11-23 HTTP/1.1" 200 408
180.157.253.48 - - [23/Nov/2020:09:04:38 +0800] "POST /xingrg/kc/buy/cgsh_order_operate.html HTTP/1.1" 200 2065
117.185.32.26 - - [23/Nov/2020:09:04:39 +0800] "GET /xingrg/kc/buy/cgsh_order_add.html HTTP/1.1" 200 60742
117.185.32.26 - - [23/Nov/2020:09:04:39 +0800] "POST /xingrg/kc/buy/cgsh_order_operate.html HTTP/1.1" 200 8245
117.185.32.26 - - [23/Nov/2020:09:04:39 +0800] "GET /xingrg/javascript/easyui/themes/default/validatebox.css HTTP/1.1" 404 1104
58.35.246.33 - - [23/Nov/2020:09:04:40 +0800] "GET /xingrg/all/function/internal_message.html?_=1606093478259&CODE_STATE=getMsg HTTP/1.1" 200 27
116.228.172.94 - - [23/Nov/2020:09:04:42 +0800] "POST /xingrg/kc/buy/cgsh_order_operate.html HTTP/1.1" 200 2065
180.157.253.48 - - [23/Nov/2020:09:04:42 +0800] "GET /xingrg/all/function/internal_message.html?_=1606093483409&CODE_STATE=getMsg HTTP/1.1" 200 27
117.185.32.26 - - [23/Nov/2020:09:04:43 +0800] "GET /xingrg/javascript/easyui/themes/default/tree.css HTTP/1.1" 404 1090
117.185.32.26 - - [23/Nov/2020:09:04:43 +0800] "POST /xingrg/all/common/load_tree.html?tree=supplier_tree_json&isDelete=1 HTTP/1.1" 200 51980
180.157.253.48 - - [23/Nov/2020:09:04:45 +0800] "GET /xingrg/kc/buy/cgsh_order_operate.html?command=get_materiel&rest_code=00148&code=00101008356&supplier_code=00100007&order_time=2020-11-23 HTTP/1.1" 200 408
116.232.55.88 - - [23/Nov/2020:09:04:45 +0800] "GET /xingrg/login.html HTTP/1.1" 200 7641
180.174.56.115 - - [23/Nov/2020:09:04:46 +0800] "GET /xingrg/all/function/internal_message.html?_=1606093485926&CODE_STATE=getMsg HTTP/1.1" 200 27
116.232.55.88 - - [23/Nov/2020:09:04:46 +0800] "GET /favicon.ico HTTP/1.1" 404 -
117.185.32.26 - - [23/Nov/2020:09:04:47 +0800] "GET /xingrg/check_reg.html?_=1606093926530 HTTP/1.1" 200 22
120.253.135.82 - - [23/Nov/2020:09:04:47 +0800] "GET /xingrg/all/function/internal_message.html?_=1606093235727&CODE_STATE=getMsg HTTP/1.1" 200 27
116.228.172.94 - - [23/Nov/2020:09:04:50 +0800] "GET /xingrg/kc/buy/cgsh_order_operate.html?command=get_materiel&rest_code=00107&code=00101008286&supplier_code=00100006&order_time=2020-11-23 HTTP/1.1" 200 408
114.84.37.38 - - [23/Nov/2020:09:04:50 +0800] "GET /xingrg/kc/buy/cgsh_order_operate.html?command=get_materiel&rest_code=00146&code=00101008112&supplier_code=00100005&order_time=2020-11-23 HTTP/1.1" 200 414
180.157.253.48 - - [23/Nov/2020:09:04:51 +0800] "GET /xingrg/kc/buy/cgsh_order_operate.html?command=get_materiel&rest_code=00148&code=00101008223&supplier_code=00100007&order_time=2020-11-23 HTTP/1.1" 200 412
116.228.172.94 - - [23/Nov/2020:09:04:52 +0800] "GET /xingrg/all/function/internal_message.html?_=1606093492620&CODE_STATE=getMsg HTTP/1.1" 200 27
222.69.135.118 - - [23/Nov/2020:09:04:55 +0800] "GET /xingrg/all/function/internal_message.html?_=1606093494126&CODE_STATE=getMsg HTTP/1.1" 200 27
116.232.55.88 - - [23/Nov/2020:09:04:56 +0800] "POST /xingrg/login.do HTTP/1.1" 302 -
116.232.55.88 - - [23/Nov/2020:09:04:56 +0800] "GET /xingrg/index.html?sysBaseUrl=http%3A%2F%2F180.169.147.146%3A18081%2Fxingrg%2F&costTime=144×tamp=1606093496510 HTTP/1.1" 200 17173
116.232.55.88 - - [23/Nov/2020:09:04:56 +0800] "POST /xingrg/all/common/load_tree.html?tree=area_rest_tree_json&manage=1 HTTP/1.1" 200 342
116.232.55.88 - - [23/Nov/2020:09:04:56 +0800] "GET /xingrg/all/function/internal_message.html?_=1606093504466&CODE_STATE=count HTTP/1.1" 200 11
116.232.55.88 - - [23/Nov/2020:09:04:56 +0800] "GET /xingrg/check_reg.html?_=1606093504467 HTTP/1.1" 200 22
116.232.55.88 - - [23/Nov/2020:09:04:57 +0800] "POST /xingrg/load_menu.html HTTP/1.1" 200 5138
117.184.7.26 - - [23/Nov/2020:09:04:58 +0800] "GET /xingrg/all/function/internal_message.html?_=1606094489782&CODE_STATE=getMsg HTTP/1.1" 200 27
180.162.245.190 - - [23/Nov/2020:09:05:01 +0800] "GET /xingrg/all/function/internal_message.html?_=1606093501387&CODE_STATE=getMsg HTTP/1.1" 200 27
180.157.253.48 - - [23/Nov/2020:09:05:01 +0800] "GET /xingrg/kc/buy/cgsh_order_operate.html?command=get_materiel&rest_code=00148&code=00101008168&supplier_code=00100007&order_time=2020-11-23 HTTP/1.1" 200 413
116.232.55.88 - - [23/Nov/2020:09:05:02 +0800] "GET /xingrg/kc/buy/buy_main.html HTTP/1.1" 200 12412
116.232.55.88 - - [23/Nov/2020:09:05:02 +0800] "GET /xingrg/css/new_ie.css HTTP/1.1" 404 1036
117.185.32.26 - - [23/Nov/2020:09:05:02 +0800] "GET /xingrg/javascript/auto/indicator.gif HTTP/1.1" 404 1066
116.228.172.94 - - [23/Nov/2020:09:05:03 +0800] "GET /xingrg/kc/buy/cgsh_order_operate.html?command=get_materiel&rest_code=00107&code=00101008091&supplier_code=00100006&order_time=2020-11-23 HTTP/1.1" 200 413
114.84.37.38 - - [23/Nov/2020:09:05:06 +0800] "GET /xingrg/all/function/internal_message.html?_=1606093537645&CODE_STATE=getMsg HTTP/1.1" 200 27
116.232.55.88 - - [23/Nov/2020:09:05:06 +0800] "GET /xingrg/kc/mdqp/qp_main.html HTTP/1.1" 200 10633
116.232.55.88 - - [23/Nov/2020:09:05:07 +0800] "GET /xingrg/kc/mdqp/qqps_order_list.html HTTP/1.1" 200 9222
116.232.55.88 - - [23/Nov/2020:09:05:07 +0800] "GET /xingrg/dwr/interface/AjaxQqpsService.js HTTP/1.1" 200 16326
116.232.55.88 - - [23/Nov/2020:09:05:07 +0800] "GET /xingrg/dwr/interface/AjaxReportQueryService.js HTTP/1.1" 200 13203
116.232.55.88 - - [23/Nov/2020:09:05:07 +0800] "GET /xingrg/dwr/util.js HTTP/1.1" 304 -
116.232.55.88 - - [23/Nov/2020:09:05:07 +0800] "GET /xingrg/dwr/engine.js HTTP/1.1" 200 43631
116.232.55.88 - - [23/Nov/2020:09:05:07 +0800] "GET /xingrg/javascript/jquery_easy_ui/themes/icons/check_new.png HTTP/1.1" 200 3224
116.232.55.88 - - [23/Nov/2020:09:05:07 +0800] "GET /xingrg/javascript/jquery_easy_ui/themes/icons/uncheck_new.png HTTP/1.1" 200 3197
116.232.55.88 - - [23/Nov/2020:09:05:07 +0800] "GET /xingrg/javascript/jquery_easy_ui/themes/icons/cance_new.png HTTP/1.1" 200 3986
116.232.55.88 - - [23/Nov/2020:09:05:07 +0800] "GET /xingrg/javascript/jquery_easy_ui/themes/icons/edit_add_new.png HTTP/1.1" 200 2997
172.17.200.101 - - [23/Nov/2020:09:05:08 +0800] "GET /xingrg/login.html HTTP/1.1" 200 7636
114.84.37.38 - - [23/Nov/2020:09:05:08 +0800] "GET /xingrg/kc/buy/cgsh_order_operate.html?command=get_materiel&rest_code=00146&code=00101008351&supplier_code=00100005&order_time=2020-11-23 HTTP/1.1" 200 408
117.185.32.26 - - [23/Nov/2020:09:05:08 +0800] "GET /xingrg/kc/buy/cgsh_order_operate.html?command=get_materiel&rest_code=00106&code=00101014040&supplier_code=&order_time=2020-11-23 HTTP/1.1" 200 412
116.228.172.94 - - [23/Nov/2020:09:05:10 +0800] "GET /xingrg/kc/buy/cgsh_order_operate.html?command=get_materiel&rest_code=00107&code=00101008092&supplier_code=00100006&order_time=2020-11-23 HTTP/1.1" 200 412
116.232.55.88 - - [23/Nov/2020:09:05:10 +0800] "GET /xingrg/kc/base/base_main.html HTTP/1.1" 200 12142
172.17.200.101 - - [23/Nov/2020:09:05:10 +0800] "GET /favicon.ico HTTP/1.1" 404 -
180.157.253.48 - - [23/Nov/2020:09:05:10 +0800] "GET /xingrg/kc/buy/cgsh_order_operate.html?command=get_materiel&rest_code=00148&code=00101008167&supplier_code=00100007&order_time=2020-11-23 HTTP/1.1" 200 412
172.17.200.101 - - [23/Nov/2020:09:05:12 +0800] "POST /xingrg/login.do HTTP/1.1" 302 -
172.17.200.101 - - [23/Nov/2020:09:05:12 +0800] "GET /xingrg/index.html?sysBaseUrl=http%3A%2F%2F172.17.0.8%3A18081%2Fxingrg%2F&costTime=97×tamp=1606093512394 HTTP/1.1" 200 17448
116.232.55.88 - - [23/Nov/2020:09:05:12 +0800] "GET /xingrg/kc/base/check_order_list.html HTTP/1.1" 200 16543
172.17.200.101 - - [23/Nov/2020:09:05:13 +0800] "POST /xingrg/all/common/load_tree.html?tree=area_rest_tree_json&manage=1 HTTP/1.1" 200 3088
172.17.200.101 - - [23/Nov/2020:09:05:13 +0800] "GET /xingrg/all/function/internal_message.html?_=1606093514122&CODE_STATE=count HTTP/1.1" 200 11
172.17.200.101 - - [23/Nov/2020:09:05:13 +0800] "GET /xingrg/check_reg.html?_=1606093514125 HTTP/1.1" 200 22
172.17.200.101 - - [23/Nov/2020:09:05:13 +0800] "GET /favicon.ico HTTP/1.1" 404 -
116.232.55.88 - - [23/Nov/2020:09:05:13 +0800] "POST /xingrg/kc/base/check_list_operate.html HTTP/1.1" 200 3522
172.17.200.101 - - [23/Nov/2020:09:05:13 +0800] "POST /xingrg/load_menu.html HTTP/1.1" 200 11529
117.185.32.26 - - [23/Nov/2020:09:05:14 +0800] "GET /xingrg/kc/base/base_main.html HTTP/1.1" 200 12142
180.157.253.48 - - [23/Nov/2020:09:05:16 +0800] "GET /xingrg/javascript/easyui/themes/default/images/button_plain_hover.png HTTP/1.1" 304 -
180.157.253.48 - - [23/Nov/2020:09:05:16 +0800] "GET /xingrg/javascript/easyui/themes/default/images/button_plain_hover.png HTTP/1.1" 304 -
180.157.253.48 - - [23/Nov/2020:09:05:16 +0800] "GET /xingrg/javascript/easyui/themes/default/images/button_plain_hover.png HTTP/1.1" 304 -
180.157.253.48 - - [23/Nov/2020:09:05:16 +0800] "GET /xingrg/javascript/easyui/themes/default/images/button_plain_hover.png HTTP/1.1" 304 -
117.185.32.26 - - [23/Nov/2020:09:05:17 +0800] "GET /xingrg/kc/base/wldb_order_list.html HTTP/1.1" 200 19418
117.185.32.26 - - [23/Nov/2020:09:05:18 +0800] "POST /xingrg/kc/base/wldb_list_operate.html HTTP/1.1" 200 928
114.84.37.38 - - [23/Nov/2020:09:05:18 +0800] "GET /xingrg/kc/buy/cgsh_order_operate.html?command=get_materiel&rest_code=00146&code=00101008290&supplier_code=00100005&order_time=2020-11-23 HTTP/1.1" 200 416
117.185.32.26 - - [23/Nov/2020:09:05:20 +0800] "GET /xingrg/kc/base/wldb_order_add.html HTTP/1.1" 200 30587
101.85.95.39 - - [23/Nov/2020:09:05:21 +0800] "GET /xingrg/all/function/internal_message.html?_=1606093253658&CODE_STATE=getMsg HTTP/1.1" 200 27
117.185.32.26 - - [23/Nov/2020:09:05:21 +0800] "POST /xingrg/kc/base/wldb_order_operate.html HTTP/1.1" 200 6806
117.185.32.26 - - [23/Nov/2020:09:05:21 +0800] "GET /xingrg/all/common/auto_word.html?type=base&rest_code=00106 HTTP/1.1" 200 1753
117.185.32.26 - - [23/Nov/2020:09:05:21 +0800] "GET /xingrg/all/common/auto_word.html?type=base&rest_code=00106 HTTP/1.1" 200 1753
117.185.32.26 - - [23/Nov/2020:09:05:21 +0800] "GET /xingrg/javascript/easyui/themes/default/validatebox.css HTTP/1.1" 404 1104
172.17.200.101 - - [23/Nov/2020:09:05:21 +0800] "GET /xingrg/kc/report/report_main.html HTTP/1.1" 200 9350
180.157.253.48 - - [23/Nov/2020:09:05:21 +0800] "POST /xingrg/kc/buy/cgsh_order_operate.html HTTP/1.1" 200 37
114.84.145.85 - - [23/Nov/2020:09:05:22 +0800] "GET /xingrg/check_reg.html?_=1606093519451 HTTP/1.1" 302 -
180.157.253.48 - - [23/Nov/2020:09:05:22 +0800] "POST /xingrg/kc/buy/cgsh_order_operate.html HTTP/1.1" 200 27454
172.17.200.101 - - [23/Nov/2020:09:05:24 +0800] "GET /xingrg/all/report/report_query.html?fileName=kc/buy/gys_amount_base_rest.xml HTTP/1.1" 200 51589
172.17.200.101 - - [23/Nov/2020:09:05:24 +0800] "GET /xingrg/dwr/interface/AjaxReportQueryService.js HTTP/1.1" 200 13203
172.17.200.101 - - [23/Nov/2020:09:05:24 +0800] "GET /xingrg/dwr/engine.js HTTP/1.1" 200 43631
172.17.200.101 - - [23/Nov/2020:09:05:24 +0800] "GET /xingrg/dwr/util.js HTTP/1.1" 304 -
58.35.246.33 - - [23/Nov/2020:09:05:24 +0800] "GET /xingrg/all/function/internal_message.html?_=1606093639186&CODE_STATE=getMsg HTTP/1.1" 200 27
172.17.200.101 - - [23/Nov/2020:09:05:24 +0800] "POST /xingrg/dwr/call/plaincall/AjaxReportQueryService.getFixDate.dwr HTTP/1.1" 200 111
172.17.200.101 - - [23/Nov/2020:09:05:24 +0800] "POST /xingrg/all/common/load_tree.html?tree=area_rest_tree_json&manage=1 HTTP/1.1" 200 3088
172.17.200.101 - - [23/Nov/2020:09:05:25 +0800] "POST /xingrg/all/common/load_tree.html?tree=supplier_tree_json&manage=1 HTTP/1.1" 200 52712
58.35.246.33 - - [23/Nov/2020:09:05:25 +0800] "GET /xingrg/check_reg.html?_=1606093522569 HTTP/1.1" 200 22
116.228.172.94 - - [23/Nov/2020:09:05:25 +0800] "GET /xingrg/kc/buy/cgsh_order_operate.html?command=get_materiel&rest_code=00107&code=00101008236&supplier_code=00100006&order_time=2020-11-23 HTTP/1.1" 200 416
117.185.32.26 - - [23/Nov/2020:09:05:26 +0800] "GET /xingrg/javascript/auto/indicator.gif HTTP/1.1" 404 1066
180.157.253.48 - - [23/Nov/2020:09:05:27 +0800] "GET /xingrg/kc/base/kc_stocks.html HTTP/1.1" 200 16392
180.157.253.48 - - [23/Nov/2020:09:05:27 +0800] "GET /xingrg/css/base.css HTTP/1.1" 304 -
180.157.253.48 - - [23/Nov/2020:09:05:27 +0800] "GET /xingrg/css/site.css HTTP/1.1" 304 -
180.157.253.48 - - [23/Nov/2020:09:05:27 +0800] "GET /xingrg/javascript/jquery_tools/datebox.css HTTP/1.1" 304 -
180.157.253.48 - - [23/Nov/2020:09:05:27 +0800] "GET /xingrg/javascript/easyui/themes/sunny/easyui.css HTTP/1.1" 304 -
180.157.253.48 - - [23/Nov/2020:09:05:27 +0800] "GET /xingrg/javascript/easyui/themes/icon.css HTTP/1.1" 304 -
180.157.253.48 - - [23/Nov/2020:09:05:27 +0800] "GET /xingrg/javascript/jquery.utils.js HTTP/1.1" 304 -
180.157.253.48 - - [23/Nov/2020:09:05:27 +0800] "GET /xingrg/javascript/jquery.cookie.js HTTP/1.1" 304 -
180.157.253.48 - - [23/Nov/2020:09:05:27 +0800] "GET /xingrg/javascript/jquery_tools/list_manager.js HTTP/1.1" 304 -
180.157.253.48 - - [23/Nov/2020:09:05:27 +0800] "GET /xingrg/javascript/print/LodopFuncs.js HTTP/1.1" 304 -
180.157.253.48 - - [23/Nov/2020:09:05:27 +0800] "GET /xingrg/javascript/json2.js HTTP/1.1" 304 -
180.157.253.48 - - [23/Nov/2020:09:05:27 +0800] "GET /xingrg/javascript/auto/jquery.autocomplete.css HTTP/1.1" 304 -
180.157.253.48 - - [23/Nov/2020:09:05:27 +0800] "GET /xingrg/javascript/jquery_tools/fix.css HTTP/1.1" 304 -
180.157.253.48 - - [23/Nov/2020:09:05:27 +0800] "GET /xingrg/javascript/jquery_tools/jquery.tools.min.js HTTP/1.1" 304 -
180.157.253.48 - - [23/Nov/2020:09:05:27 +0800] "GET /xingrg/javascript/jquery_tools/jquery.tools.extend.js HTTP/1.1" 304 -
180.157.253.48 - - [23/Nov/2020:09:05:27 +0800] "GET /xingrg/javascript/jquery_tools/jquery.tools.hotkey.js HTTP/1.1" 304 -
180.157.253.48 - - [23/Nov/2020:09:05:27 +0800] "GET /xingrg/javascript/auto/jquery.autocomplete.js HTTP/1.1" 304 -
180.157.253.48 - - [23/Nov/2020:09:05:27 +0800] "GET /xingrg/javascript/easyui/easyloader.js HTTP/1.1" 304 -
180.157.253.48 - - [23/Nov/2020:09:05:27 +0800] "GET /xingrg/javascript/convert.js HTTP/1.1" 304 -
180.157.253.48 - - [23/Nov/2020:09:05:27 +0800] "GET /xingrg/javascript/easyui/themes/icons/print_new.png HTTP/1.1" 304 -
180.157.253.48 - - [23/Nov/2020:09:05:27 +0800] "GET /xingrg/javascript/easyui/themes/icons/filter_new.png HTTP/1.1" 304 -
180.157.253.48 - - [23/Nov/2020:09:05:27 +0800] "GET /xingrg/javascript/easyui/themes/icons/refresh_new.png HTTP/1.1" 304 -
180.157.253.48 - - [23/Nov/2020:09:05:27 +0800] "GET /xingrg/javascript/easyui/plugins/jquery.parser.js HTTP/1.1" 304 -
180.157.253.48 - - [23/Nov/2020:09:05:27 +0800] "GET /xingrg/javascript/easyui/plugins/jquery.draggable.js HTTP/1.1" 304 -
180.157.253.48 - - [23/Nov/2020:09:05:27 +0800] "GET /xingrg/javascript/easyui/plugins/jquery.droppable.js HTTP/1.1" 304 -
180.157.253.48 - - [23/Nov/2020:09:05:27 +0800] "GET /xingrg/javascript/easyui/themes/default/tree.css HTTP/1.1" 404 1090
180.157.253.48 - - [23/Nov/2020:09:05:27 +0800] "GET /xingrg/javascript/easyui/plugins/jquery.tree.js HTTP/1.1" 304 -
180.157.253.48 - - [23/Nov/2020:09:05:27 +0800] "GET /xingrg/all/common/auto_word.html?type=base&rest_code=00148 HTTP/1.1" 200 1753
180.157.253.48 - - [23/Nov/2020:09:05:27 +0800] "POST /xingrg/all/common/load_tree.html?tree=materiel_sort_tree_json HTTP/1.1" 200 8666
116.232.55.88 - - [23/Nov/2020:09:05:27 +0800] "GET /xingrg/kc/base/check_order_info.html?code=452020112200200 HTTP/1.1" 200 26528
116.232.55.88 - - [23/Nov/2020:09:05:27 +0800] "GET /xingrg/css/table.css HTTP/1.1" 200 3684
116.232.55.88 - - [23/Nov/2020:09:05:27 +0800] "GET /xingrg/javascript/AjaxInfoList.js HTTP/1.1" 200 3774
116.232.55.88 - - [23/Nov/2020:09:05:27 +0800] "GET /xingrg/dwr/interface/AjaxCheckService.js HTTP/1.1" 200 14003
116.232.55.88 - - [23/Nov/2020:09:05:27 +0800] "GET /xingrg/dwr/interface/AjaxComOrderService.js HTTP/1.1" 200 18264
180.157.253.48 - - [23/Nov/2020:09:05:27 +0800] "GET /xingrg/javascript/easyui/themes/sunny/images/tree_arrows.gif HTTP/1.1" 304 -
180.157.253.48 - - [23/Nov/2020:09:05:27 +0800] "GET /xingrg/javascript/easyui/themes/sunny/images/tree_folder_open.gif HTTP/1.1" 304 -
180.157.253.48 - - [23/Nov/2020:09:05:27 +0800] "GET /xingrg/javascript/easyui/themes/sunny/images/tree_folder.gif HTTP/1.1" 304 -
180.157.253.48 - - [23/Nov/2020:09:05:27 +0800] "GET /xingrg/javascript/easyui/themes/sunny/images/tree_file.gif HTTP/1.1" 304 -
116.232.55.88 - - [23/Nov/2020:09:05:27 +0800] "GET /xingrg/javascript/jquery_easy_ui/themes/icons/print.png HTTP/1.1" 200 1057
116.232.55.88 - - [23/Nov/2020:09:05:27 +0800] "GET /xingrg/javascript/jquery_easy_ui/themes/default/images/menu_downarrow.png HTTP/1.1" 200 173
180.162.245.190 - - [23/Nov/2020:09:05:28 +0800] "GET /xingrg/all/function/internal_message.html?_=1606093508756&CODE_STATE=getMsg HTTP/1.1" 200 27
172.17.200.101 - - [23/Nov/2020:09:05:28 +0800] "POST /xingrg/dwr/call/plaincall/AjaxReportQueryService.getFixDate.dwr HTTP/1.1" 200 111
114.84.37.38 - - [23/Nov/2020:09:05:28 +0800] "GET /xingrg/kc/buy/cgsh_order_operate.html?command=get_materiel&rest_code=00146&code=00101008361&supplier_code=00100005&order_time=2020-11-23 HTTP/1.1" 200 408
180.157.253.48 - - [23/Nov/2020:09:05:29 +0800] "POST /xingrg/services/DataTransmitService HTTP/1.1" 200 524
117.185.32.26 - - [23/Nov/2020:09:05:30 +0800] "GET /xingrg/kc/base/wldb_order_operate.html?command=get_materiel&rest_code=00106&base_code=&code=00101014040 HTTP/1.1" 200 434
180.157.253.48 - - [23/Nov/2020:09:05:36 +0800] "POST /xingrg/kc/base/stock_operate.html HTTP/1.1" 200 1922
180.157.253.48 - - [23/Nov/2020:09:05:36 +0800] "GET /xingrg/javascript/jquery_tools/fix_table.js HTTP/1.1" 304 -
117.184.7.30 - - [23/Nov/2020:09:05:36 +0800] "POST /xingrg/services/DataTransmitService HTTP/1.1" 200 524
172.17.200.101 - - [23/Nov/2020:09:05:37 +0800] "POST /xingrg/dwr/call/plaincall/AjaxReportQueryService.refreshCache.dwr HTTP/1.1" 200 78
116.232.55.88 - - [23/Nov/2020:09:05:38 +0800] "GET /xingrg/index.html?sysBaseUrl=http%3A%2F%2F180.169.147.146%3A18081%2Fxingrg%2F&costTime=144×tamp=1606093496510 HTTP/1.1" 200 17173
116.232.55.88 - - [23/Nov/2020:09:05:38 +0800] "GET /xingrg/css/form.css HTTP/1.1" 200 893
116.232.55.88 - - [23/Nov/2020:09:05:38 +0800] "GET /xingrg/javascript/jquery_easy_ui/themes/icon.css HTTP/1.1" 200 3949
116.232.55.88 - - [23/Nov/2020:09:05:38 +0800] "GET /xingrg/javascript/jquery-1.4.2.min.js HTTP/1.1" 200 72205
116.232.55.88 - - [23/Nov/2020:09:05:38 +0800] "GET /xingrg/javascript/jquery_easy_ui/jquery.easyui.min.js HTTP/1.1" 200 213662
116.232.55.88 - - [23/Nov/2020:09:05:38 +0800] "GET /xingrg/javascript/jquery_easy_ui/easyui-lang-zh_CN.js HTTP/1.1" 200 1900
116.232.55.88 - - [23/Nov/2020:09:05:38 +0800] "GET /xingrg/javascript/jquery.timers.js HTTP/1.1" 200 3532
116.232.55.88 - - [23/Nov/2020:09:05:38 +0800] "GET /xingrg/javascript/jquery_easy_ui/themes/default/easyui.css HTTP/1.1" 200 26500
116.232.55.88 - - [23/Nov/2020:09:05:38 +0800] "GET /xingrg/javascript/jquery.utils.js HTTP/1.1" 200 11805
116.232.55.88 - - [23/Nov/2020:09:05:38 +0800] "GET /xingrg/javascript/jquery.form.js HTTP/1.1" 200 23110
114.84.37.38 - - [23/Nov/2020:09:05:38 +0800] "GET /xingrg/kc/buy/cgsh_order_operate.html?command=get_materiel&rest_code=00146&code=00101008067&supplier_code=00100005&order_time=2020-11-23 HTTP/1.1" 200 416
116.232.55.88 - - [23/Nov/2020:09:05:38 +0800] "GET /xingrg/images/blue/jxLogo.png HTTP/1.1" 200 6156
116.232.55.88 - - [23/Nov/2020:09:05:38 +0800] "GET /xingrg/images/blue/navBackgound.jpg HTTP/1.1" 200 12378
116.232.55.88 - - [23/Nov/2020:09:05:38 +0800] "GET /xingrg/javascript/jquery_easy_ui/themes/icons/settle_new.png HTTP/1.1" 200 826
116.232.55.88 - - [23/Nov/2020:09:05:38 +0800] "GET /xingrg/images/blue/pingpu.png HTTP/1.1" 200 231
116.232.55.88 - - [23/Nov/2020:09:05:38 +0800] "POST /xingrg/all/common/load_tree.html?tree=area_rest_tree_json&manage=1 HTTP/1.1" 200 342
116.232.55.88 - - [23/Nov/2020:09:05:38 +0800] "GET /xingrg/javascript/jquery_easy_ui/themes/default/images/tabs_leftarrow.png HTTP/1.1" 200 389
116.232.55.88 - - [23/Nov/2020:09:05:38 +0800] "GET /xingrg/javascript/jquery_easy_ui/themes/default/images/tabs_rightarrow.png HTTP/1.1" 200 395
116.232.55.88 - - [23/Nov/2020:09:05:38 +0800] "GET /xingrg/javascript/jquery_easy_ui/themes/default/images/panel_tool_collapse.gif HTTP/1.1" 200 246
116.232.55.88 - - [23/Nov/2020:09:05:38 +0800] "GET /xingrg/all/function/internal_message.html?_=1606093548062&CODE_STATE=count HTTP/1.1" 200 11
116.232.55.88 - - [23/Nov/2020:09:05:38 +0800] "GET /xingrg/check_reg.html?_=1606093548062 HTTP/1.1" 200 22
116.232.55.88 - - [23/Nov/2020:09:05:38 +0800] "GET /xingrg/javascript/jquery_easy_ui/themes/default/images/tree_arrows.gif HTTP/1.1" 200 1043
116.232.55.88 - - [23/Nov/2020:09:05:39 +0800] "POST /xingrg/load_menu.html HTTP/1.1" 200 5138
116.232.55.88 - - [23/Nov/2020:09:05:39 +0800] "GET /xingrg/javascript/jquery_easy_ui/themes/default/images/tree_folder_open.gif HTTP/1.1" 200 956
116.232.55.88 - - [23/Nov/2020:09:05:39 +0800] "GET /xingrg/javascript/jquery_easy_ui/themes/icons/search_new.png HTTP/1.1" 200 586
116.232.55.88 - - [23/Nov/2020:09:05:39 +0800] "GET /xingrg/javascript/jquery_easy_ui/themes/default/images/tree_folder.gif HTTP/1.1" 200 952
116.232.55.88 - - [23/Nov/2020:09:05:39 +0800] "GET /xingrg/javascript/jquery_easy_ui/themes/icons/storage_new.png HTTP/1.1" 200 853
116.232.55.88 - - [23/Nov/2020:09:05:39 +0800] "GET /xingrg/javascript/jquery_easy_ui/themes/icons/forms_new.png HTTP/1.1" 200 350
172.17.200.101 - - [23/Nov/2020:09:05:39 +0800] "POST /xingrg/all/report/load_report_page.html HTTP/1.1" 200 48300
172.17.200.101 - - [23/Nov/2020:09:05:39 +0800] "GET /xingrg/servlets/image?cache=0.21804508365442743&image=px HTTP/1.1" 200 807
180.174.56.115 - - [23/Nov/2020:09:05:40 +0800] "GET /xingrg/kc/buy/cgsh_order_operate.html?command=get_materiel&rest_code=00150&code=00101008379&supplier_code=00100007&order_time=2020-11-23 HTTP/1.1" 200 408
180.157.253.48 - - [23/Nov/2020:09:05:40 +0800] "GET /xingrg/kc/base/stock_detail.html?m=00101008167 HTTP/1.1" 200 7277
180.157.253.48 - - [23/Nov/2020:09:05:40 +0800] "GET /xingrg/javascript/jquery_easy_ui/themes/icon.css HTTP/1.1" 304 -
180.157.253.48 - - [23/Nov/2020:09:05:40 +0800] "GET /xingrg/javascript/jquery_easy_ui/themes/default/easyui.css HTTP/1.1" 304 -
180.157.253.48 - - [23/Nov/2020:09:05:40 +0800] "GET /xingrg/css/blue.css HTTP/1.1" 304 -
180.157.253.48 - - [23/Nov/2020:09:05:40 +0800] "GET /xingrg/javascript/jquery-1.4.2.min.js HTTP/1.1" 304 -
180.157.253.48 - - [23/Nov/2020:09:05:40 +0800] "GET /xingrg/javascript/jquery_easy_ui/jquery.easyui.min.js HTTP/1.1" 304 -
180.157.253.48 - - [23/Nov/2020:09:05:40 +0800] "GET /xingrg/javascript/jquery.utils.js HTTP/1.1" 304 -
180.157.253.48 - - [23/Nov/2020:09:05:40 +0800] "GET /xingrg/javascript/jquery_easy_ui/easyui-lang-zh_CN.js HTTP/1.1" 304 -
180.157.253.48 - - [23/Nov/2020:09:05:40 +0800] "GET /xingrg/javascript/jquery_easy_ui/themes/default/images/button_a_bg.gif HTTP/1.1" 304 -
180.157.253.48 - - [23/Nov/2020:09:05:40 +0800] "GET /xingrg/javascript/jquery_easy_ui/themes/icons/search.png HTTP/1.1" 304 -
180.157.253.48 - - [23/Nov/2020:09:05:40 +0800] "GET /xingrg/javascript/jquery_easy_ui/themes/default/images/button_span_bg.gif HTTP/1.1" 304 -
180.157.253.48 - - [23/Nov/2020:09:05:40 +0800] "GET /xingrg/javascript/jquery_easy_ui/themes/default/images/menu_downarrow.png HTTP/1.1" 304 -
180.157.253.48 - - [23/Nov/2020:09:05:40 +0800] "GET /xingrg/javascript/jquery_easy_ui/themes/icons/print.png HTTP/1.1" 304 -
180.157.253.48 - - [23/Nov/2020:09:05:40 +0800] "GET /xingrg/javascript/jquery_easy_ui/themes/default/images/menu.gif HTTP/1.1" 304 -
180.157.253.48 - - [23/Nov/2020:09:05:40 +0800] "GET /xingrg/javascript/jquery_easy_ui/themes/default/images/calendar_prevmonth.gif HTTP/1.1" 304 -
180.157.253.48 - - [23/Nov/2020:09:05:40 +0800] "GET /xingrg/javascript/jquery_easy_ui/themes/default/images/calendar_prevyear.gif HTTP/1.1" 304 -
180.157.253.48 - - [23/Nov/2020:09:05:40 +0800] "GET /xingrg/javascript/jquery_easy_ui/themes/default/images/calendar_nextyear.gif HTTP/1.1" 304 -
180.157.253.48 - - [23/Nov/2020:09:05:40 +0800] "GET /xingrg/javascript/jquery_easy_ui/themes/default/images/calendar_nextmonth.gif HTTP/1.1" 304 -
58.35.246.33 - - [23/Nov/2020:09:05:40 +0800] "GET /xingrg/all/function/internal_message.html?_=1606093538262&CODE_STATE=getMsg HTTP/1.1" 200 27
180.157.253.48 - - [23/Nov/2020:09:05:41 +0800] "GET /xingrg/kc/base/stock_operate.html?_=1606093542287&command=get_report_file&start_day=20201101 HTTP/1.1" 200 53
180.157.253.48 - - [23/Nov/2020:09:05:41 +0800] "GET /xingrg/all/report/report_query.html?isQuery=1&onlyBody=1&rh=2000&fileName=kc/base/kc_stock_detail_new.xml&queryString=(1=1)&queryText=&tableQueryString=init_table$sp1$$sp$crk_table$sp1$order_day%20between%2020201101%20and%2020201130&varString=start_day:20201101,materiel_code:00101008167,cost_id:2897,end_date:20201031 HTTP/1.1" 200 48701
180.157.253.48 - - [23/Nov/2020:09:05:41 +0800] "GET /xingrg/css/blue.css HTTP/1.1" 304 -
180.157.253.48 - - [23/Nov/2020:09:05:41 +0800] "GET /xingrg/javascript/jquery_easy_ui/themes/icon.css HTTP/1.1" 304 -
180.157.253.48 - - [23/Nov/2020:09:05:41 +0800] "GET /xingrg/css/form.css HTTP/1.1" 304 -
180.157.253.48 - - [23/Nov/2020:09:05:41 +0800] "GET /xingrg/javascript/jquery_easy_ui/themes/default/easyui.css HTTP/1.1" 304 -
180.157.253.48 - - [23/Nov/2020:09:05:41 +0800] "GET /xingrg/javascript/pic_change.js HTTP/1.1" 304 -
180.157.253.48 - - [23/Nov/2020:09:05:41 +0800] "GET /xingrg/javascript/multi_select/jqueryMultiSelect.css HTTP/1.1" 304 -
180.157.253.48 - - [23/Nov/2020:09:05:41 +0800] "GET /xingrg/javascript/calendar/timePicker.css HTTP/1.1" 304 -
180.157.253.48 - - [23/Nov/2020:09:05:41 +0800] "GET /xingrg/javascript/bigrid/fix.css HTTP/1.1" 304 -
180.157.253.48 - - [23/Nov/2020:09:05:41 +0800] "GET /xingrg/dwr/interface/AjaxReportQueryService.js HTTP/1.1" 200 13203
180.157.253.48 - - [23/Nov/2020:09:05:41 +0800] "GET /xingrg/dwr/util.js HTTP/1.1" 304 -
180.157.253.48 - - [23/Nov/2020:09:05:41 +0800] "GET /xingrg/javascript/jquery-1.4.2.min.js HTTP/1.1" 304 -
180.157.253.48 - - [23/Nov/2020:09:05:41 +0800] "GET /xingrg/javascript/jquery.utils.js HTTP/1.1" 304 -
180.157.253.48 - - [23/Nov/2020:09:05:41 +0800] "GET /xingrg/javascript/myfunction.js HTTP/1.1" 304 -
180.157.253.48 - - [23/Nov/2020:09:05:41 +0800] "GET /xingrg/javascript/jquery_easy_ui/jquery.easyui.min.js HTTP/1.1" 304 -
180.157.253.48 - - [23/Nov/2020:09:05:41 +0800] "GET /xingrg/dwr/engine.js HTTP/1.1" 200 43631
180.157.253.48 - - [23/Nov/2020:09:05:41 +0800] "GET /xingrg/javascript/jqueryMultiSelect.js HTTP/1.1" 304 -
180.157.253.48 - - [23/Nov/2020:09:05:41 +0800] "GET /xingrg/javascript/bigrid/fix.js HTTP/1.1" 304 -
180.157.253.48 - - [23/Nov/2020:09:05:41 +0800] "GET /xingrg/javascript/calendar/jquery.timePicker.min.js HTTP/1.1" 304 -
180.157.253.48 - - [23/Nov/2020:09:05:41 +0800] "GET /xingrg/javascript/Calendar.js HTTP/1.1" 304 -
180.157.253.48 - - [23/Nov/2020:09:05:41 +0800] "GET /xingrg/images/control/loading.gif HTTP/1.1" 304 -
180.157.253.48 - - [23/Nov/2020:09:05:41 +0800] "GET /xingrg/images/blue/button/advanceover.gif HTTP/1.1" 304 -
180.157.253.48 - - [23/Nov/2020:09:05:41 +0800] "GET /xingrg/images/blue/button/advance2over.gif HTTP/1.1" 304 -
180.157.253.48 - - [23/Nov/2020:09:05:41 +0800] "GET /xingrg/images/blue/button/back2over.gif HTTP/1.1" 304 -
180.157.253.48 - - [23/Nov/2020:09:05:41 +0800] "GET /xingrg/images/blue/button/backover.gif HTTP/1.1" 304 -
180.157.253.48 - - [23/Nov/2020:09:05:41 +0800] "GET /xingrg/javascript/jquery_easy_ui/themes/icons/help.png HTTP/1.1" 304 -
116.232.55.88 - - [23/Nov/2020:09:05:42 +0800] "GET /xingrg/index.html?sysBaseUrl=http%3A%2F%2F180.169.147.146%3A18081%2Fxingrg%2F&costTime=144×tamp=1606093496510 HTTP/1.1" 200 17173
116.232.55.88 - - [23/Nov/2020:09:05:42 +0800] "GET /xingrg/javascript/jquery_easy_ui/themes/default/easyui.css HTTP/1.1" 304 -
116.232.55.88 - - [23/Nov/2020:09:05:42 +0800] "GET /xingrg/css/form.css HTTP/1.1" 304 -
116.232.55.88 - - [23/Nov/2020:09:05:42 +0800] "GET /xingrg/javascript/jquery_easy_ui/jquery.easyui.min.js HTTP/1.1" 304 -
116.232.55.88 - - [23/Nov/2020:09:05:42 +0800] "GET /xingrg/javascript/jquery_easy_ui/easyui-lang-zh_CN.js HTTP/1.1" 304 -
116.232.55.88 - - [23/Nov/2020:09:05:42 +0800] "GET /xingrg/javascript/jquery-1.4.2.min.js HTTP/1.1" 304 -
116.232.55.88 - - [23/Nov/2020:09:05:42 +0800] "GET /xingrg/javascript/jquery_easy_ui/themes/icon.css HTTP/1.1" 304 -
116.232.55.88 - - [23/Nov/2020:09:05:42 +0800] "GET /xingrg/javascript/jquery.form.js HTTP/1.1" 304 -
116.232.55.88 - - [23/Nov/2020:09:05:42 +0800] "GET /xingrg/javascript/jquery.utils.js HTTP/1.1" 304 -
116.232.55.88 - - [23/Nov/2020:09:05:42 +0800] "GET /xingrg/javascript/jquery.timers.js HTTP/1.1" 304 -
116.232.55.88 - - [23/Nov/2020:09:05:42 +0800] "GET /xingrg/images/blue/jxLogo.png HTTP/1.1" 304 -
116.232.55.88 - - [23/Nov/2020:09:05:42 +0800] "GET /xingrg/images/blue/navBackgound.jpg HTTP/1.1" 304 -
116.232.55.88 - - [23/Nov/2020:09:05:42 +0800] "GET /xingrg/javascript/jquery_easy_ui/themes/icons/settle_new.png HTTP/1.1" 304 -
116.232.55.88 - - [23/Nov/2020:09:05:42 +0800] "POST /xingrg/all/common/load_tree.html?tree=area_rest_tree_json&manage=1 HTTP/1.1" 200 342
116.232.55.88 - - [23/Nov/2020:09:05:42 +0800] "GET /xingrg/images/blue/pingpu.png HTTP/1.1" 304 -
116.232.55.88 - - [23/Nov/2020:09:05:42 +0800] "GET /xingrg/javascript/jquery_easy_ui/themes/default/images/tabs_leftarrow.png HTTP/1.1" 304 -
116.232.55.88 - - [23/Nov/2020:09:05:42 +0800] "GET /xingrg/javascript/jquery_easy_ui/themes/default/images/tabs_rightarrow.png HTTP/1.1" 304 -
116.232.55.88 - - [23/Nov/2020:09:05:42 +0800] "GET /xingrg/javascript/jquery_easy_ui/themes/default/images/panel_tool_collapse.gif HTTP/1.1" 304 -
116.232.55.88 - - [23/Nov/2020:09:05:42 +0800] "GET /xingrg/all/function/internal_message.html?_=1606093551609&CODE_STATE=count HTTP/1.1" 200 11
116.232.55.88 - - [23/Nov/2020:09:05:42 +0800] "GET /xingrg/check_reg.html?_=1606093551609 HTTP/1.1" 200 22
116.232.55.88 - - [23/Nov/2020:09:05:42 +0800] "GET /xingrg/javascript/jquery_easy_ui/themes/default/images/tree_arrows.gif HTTP/1.1" 304 -
116.232.55.88 - - [23/Nov/2020:09:05:42 +0800] "POST /xingrg/load_menu.html HTTP/1.1" 200 5138
116.232.55.88 - - [23/Nov/2020:09:05:42 +0800] "GET /xingrg/javascript/jquery_easy_ui/themes/default/images/tree_folder_open.gif HTTP/1.1" 304 -
116.232.55.88 - - [23/Nov/2020:09:05:42 +0800] "GET /xingrg/javascript/jquery_easy_ui/themes/icons/search_new.png HTTP/1.1" 304 -
116.232.55.88 - - [23/Nov/2020:09:05:42 +0800] "GET /xingrg/javascript/jquery_easy_ui/themes/default/images/tree_folder.gif HTTP/1.1" 304 -
116.232.55.88 - - [23/Nov/2020:09:05:42 +0800] "GET /xingrg/javascript/jquery_easy_ui/themes/icons/storage_new.png HTTP/1.1" 304 -
116.232.55.88 - - [23/Nov/2020:09:05:42 +0800] "GET /xingrg/javascript/jquery_easy_ui/themes/icons/forms_new.png HTTP/1.1" 304 -
116.232.55.88 - - [23/Nov/2020:09:05:42 +0800] "GET /xingrg/javascript/jquery_easy_ui/themes/default/images/tree_file.gif HTTP/1.1" 200 118
180.157.253.48 - - [23/Nov/2020:09:05:42 +0800] "POST /xingrg/all/report/load_report_page.html HTTP/1.1" 200 122815
180.157.253.48 - - [23/Nov/2020:09:05:42 +0800] "GET /xingrg/servlets/image?cache=0.07267161103251063&image=px HTTP/1.1" 200 807
180.157.253.48 - - [23/Nov/2020:09:05:42 +0800] "GET /xingrg/all/function/internal_message.html?_=1606093543560&CODE_STATE=getMsg HTTP/1.1" 200 27
116.232.55.88 - - [23/Nov/2020:09:05:43 +0800] "GET /xingrg/kc/base/base_main.html HTTP/1.1" 200 12142
116.232.55.88 - - [23/Nov/2020:09:05:43 +0800] "GET /xingrg/javascript/jquery_easy_ui/themes/default/images/tabs_close.gif HTTP/1.1" 200 829
116.232.55.88 - - [23/Nov/2020:09:05:43 +0800] "GET /xingrg/javascript/pic_change.js HTTP/1.1" 200 4739
116.232.55.88 - - [23/Nov/2020:09:05:43 +0800] "GET /xingrg/css/blue.css HTTP/1.1" 200 15949
116.232.55.88 - - [23/Nov/2020:09:05:43 +0800] "GET /xingrg/javascript/myfunction.js HTTP/1.1" 200 24559
116.232.55.88 - - [23/Nov/2020:09:05:43 +0800] "GET /xingrg/images/blue/button/wlsy.gif HTTP/1.1" 200 2536
116.232.55.88 - - [23/Nov/2020:09:05:43 +0800] "GET /xingrg/images/blue/button/ckpd.gif HTTP/1.1" 200 2051
116.232.55.88 - - [23/Nov/2020:09:05:43 +0800] "GET /xingrg/images/blue/button/kc.gif HTTP/1.1" 200 2160
116.232.55.88 - - [23/Nov/2020:09:05:43 +0800] "GET /xingrg/images/blue/button/ckdb.gif HTTP/1.1" 200 1950
116.232.55.88 - - [23/Nov/2020:09:05:43 +0800] "GET /xingrg/images/blue/button/yddb.gif HTTP/1.1" 200 2040
116.232.55.88 - - [23/Nov/2020:09:05:43 +0800] "GET /xingrg/images/blue/pic_form2.gif HTTP/1.1" 200 1853
116.232.55.88 - - [23/Nov/2020:09:05:43 +0800] "GET /xingrg/images/blue/bg_dotted.jpg HTTP/1.1" 200 319
116.232.55.88 - - [23/Nov/2020:09:05:43 +0800] "GET /xingrg/images/blue/button/top_left.jpg HTTP/1.1" 200 1632
116.232.55.88 - - [23/Nov/2020:09:05:43 +0800] "GET /xingrg/images/blue/button/top_right.jpg HTTP/1.1" 200 1708
116.232.55.88 - - [23/Nov/2020:09:05:43 +0800] "GET /xingrg/images/blue/button/down.jpg HTTP/1.1" 200 1560
116.232.55.88 - - [23/Nov/2020:09:05:43 +0800] "GET /xingrg/images/blue/button/left_ah.jpg HTTP/1.1" 200 1643
116.232.55.88 - - [23/Nov/2020:09:05:43 +0800] "GET /xingrg/images/blue/button/right_ah.jpg HTTP/1.1" 200 1744
116.232.55.88 - - [23/Nov/2020:09:05:43 +0800] "GET /xingrg/images/blue/button/bottom_left.jpg HTTP/1.1" 200 1524
116.232.55.88 - - [23/Nov/2020:09:05:43 +0800] "GET /xingrg/images/blue/button/bottom_right.jpg HTTP/1.1" 200 1436
180.157.253.48 - - [23/Nov/2020:09:05:44 +0800] "GET /xingrg/javascript/jquery_easy_ui/themes/default/images/tabs_active.png HTTP/1.1" 304 -
117.185.32.26 - - [23/Nov/2020:09:05:45 +0800] "GET /xingrg/kc/buy/buy_main.html HTTP/1.1" 200 12412
117.185.32.26 - - [23/Nov/2020:09:05:45 +0800] "GET /xingrg/css/new_ie.css HTTP/1.1" 404 1036
116.232.55.88 - - [23/Nov/2020:09:05:45 +0800] "GET /xingrg/css/base.css HTTP/1.1" 200 2811
116.232.55.88 - - [23/Nov/2020:09:05:45 +0800] "GET /xingrg/css/site.css HTTP/1.1" 200 7541
116.232.55.88 - - [23/Nov/2020:09:05:45 +0800] "GET /xingrg/javascript/jquery_tools/datebox.css HTTP/1.1" 200 2597
116.232.55.88 - - [23/Nov/2020:09:05:45 +0800] "GET /xingrg/javascript/easyui/themes/icon.css HTTP/1.1" 200 4483
116.232.55.88 - - [23/Nov/2020:09:05:45 +0800] "GET /xingrg/javascript/auto/jquery.autocomplete.css HTTP/1.1" 200 587
116.232.55.88 - - [23/Nov/2020:09:05:45 +0800] "GET /xingrg/javascript/jquery_tools/fix.css HTTP/1.1" 200 1702
116.232.55.88 - - [23/Nov/2020:09:05:45 +0800] "GET /xingrg/javascript/jquery_tools/table.css HTTP/1.1" 200 1032
116.232.55.88 - - [23/Nov/2020:09:05:45 +0800] "GET /xingrg/kc/base/check_order_list.html HTTP/1.1" 200 16543
116.232.55.88 - - [23/Nov/2020:09:05:45 +0800] "GET /xingrg/javascript/jquery_tools/jquery.tools.min.js HTTP/1.1" 200 138801
116.232.55.88 - - [23/Nov/2020:09:05:45 +0800] "GET /xingrg/javascript/jquery_tools/jquery.tools.extend.js HTTP/1.1" 200 15385
116.232.55.88 - - [23/Nov/2020:09:05:45 +0800] "GET /xingrg/javascript/easyui/themes/default/easyui.css HTTP/1.1" 200 30432
116.232.55.88 - - [23/Nov/2020:09:05:45 +0800] "GET /xingrg/javascript/jquery_tools/jquery.tools.hotkey.js HTTP/1.1" 200 3242
116.232.55.88 - - [23/Nov/2020:09:05:45 +0800] "GET /xingrg/javascript/jquery_tools/jquery.tools.table.js HTTP/1.1" 200 6994
116.232.55.88 - - [23/Nov/2020:09:05:45 +0800] "GET /xingrg/javascript/easyui/easyloader.js HTTP/1.1" 200 5975
116.232.55.88 - - [23/Nov/2020:09:05:45 +0800] "GET /xingrg/javascript/jquery.cookie.js HTTP/1.1" 200 5513
116.232.55.88 - - [23/Nov/2020:09:05:45 +0800] "GET /xingrg/javascript/auto/jquery.autocomplete.js HTTP/1.1" 200 21624
116.232.55.88 - - [23/Nov/2020:09:05:45 +0800] "GET /xingrg/javascript/jquery_tools/list_manager.js HTTP/1.1" 200 3652
180.174.56.115 - - [23/Nov/2020:09:05:46 +0800] "GET /xingrg/all/function/internal_message.html?_=1606093545920&CODE_STATE=getMsg HTTP/1.1" 200 27
116.232.55.88 - - [23/Nov/2020:09:05:46 +0800] "GET /xingrg/javascript/easyui/themes/icons/cance_new.png HTTP/1.1" 200 3986
116.232.55.88 - - [23/Nov/2020:09:05:46 +0800] "GET /xingrg/javascript/easyui/themes/icons/edit_add_new.png HTTP/1.1" 200 2997
116.232.55.88 - - [23/Nov/2020:09:05:46 +0800] "GET /xingrg/javascript/easyui/themes/icons/check_new.png HTTP/1.1" 200 3224
116.232.55.88 - - [23/Nov/2020:09:05:46 +0800] "GET /xingrg/javascript/easyui/themes/icons/field_new.png HTTP/1.1" 200 1097
116.232.55.88 - - [23/Nov/2020:09:05:46 +0800] "GET /xingrg/javascript/easyui/plugins/jquery.parser.js HTTP/1.1" 200 1142
116.232.55.88 - - [23/Nov/2020:09:05:46 +0800] "GET /xingrg/images/control/ajaxLoader.gif HTTP/1.1" 200 4659
116.232.55.88 - - [23/Nov/2020:09:05:46 +0800] "POST /xingrg/kc/base/check_list_operate.html HTTP/1.1" 200 3522
180.157.253.48 - - [23/Nov/2020:09:05:46 +0800] "GET /xingrg/kc/base/stock_detail.html?m=00101008168 HTTP/1.1" 200 7277
180.157.253.48 - - [23/Nov/2020:09:05:46 +0800] "GET /xingrg/javascript/jquery_easy_ui/themes/icon.css HTTP/1.1" 304 -
180.157.253.48 - - [23/Nov/2020:09:05:46 +0800] "GET /xingrg/javascript/jquery-1.4.2.min.js HTTP/1.1" 304 -
180.157.253.48 - - [23/Nov/2020:09:05:46 +0800] "GET /xingrg/css/blue.css HTTP/1.1" 304 -
180.157.253.48 - - [23/Nov/2020:09:05:46 +0800] "GET /xingrg/javascript/jquery_easy_ui/easyui-lang-zh_CN.js HTTP/1.1" 304 -
180.157.253.48 - - [23/Nov/2020:09:05:46 +0800] "GET /xingrg/javascript/jquery_easy_ui/themes/default/easyui.css HTTP/1.1" 304 -
180.157.253.48 - - [23/Nov/2020:09:05:46 +0800] "GET /xingrg/javascript/jquery_easy_ui/jquery.easyui.min.js HTTP/1.1" 304 -
180.157.253.48 - - [23/Nov/2020:09:05:46 +0800] "GET /xingrg/javascript/jquery.utils.js HTTP/1.1" 304 -
180.157.253.48 - - [23/Nov/2020:09:05:47 +0800] "GET /xingrg/kc/base/stock_operate.html?_=1606093548345&command=get_report_file&start_day=20201101 HTTP/1.1" 200 53
120.253.135.82 - - [23/Nov/2020:09:05:47 +0800] "GET /xingrg/all/function/internal_message.html?_=1606093295742&CODE_STATE=getMsg HTTP/1.1" 200 27
180.157.253.48 - - [23/Nov/2020:09:05:47 +0800] "GET /xingrg/css/blue.css HTTP/1.1" 304 -
180.157.253.48 - - [23/Nov/2020:09:05:47 +0800] "GET /xingrg/javascript/jquery_easy_ui/themes/default/easyui.css HTTP/1.1" 304 -
180.157.253.48 - - [23/Nov/2020:09:05:47 +0800] "GET /xingrg/javascript/jquery_easy_ui/themes/icon.css HTTP/1.1" 304 -
180.157.253.48 - - [23/Nov/2020:09:05:47 +0800] "GET /xingrg/javascript/multi_select/jqueryMultiSelect.css HTTP/1.1" 304 -
180.157.253.48 - - [23/Nov/2020:09:05:47 +0800] "GET /xingrg/javascript/calendar/timePicker.css HTTP/1.1" 304 -
180.157.253.48 - - [23/Nov/2020:09:05:47 +0800] "GET /xingrg/css/form.css HTTP/1.1" 304 -
180.157.253.48 - - [23/Nov/2020:09:05:47 +0800] "GET /xingrg/javascript/pic_change.js HTTP/1.1" 304 -
180.157.253.48 - - [23/Nov/2020:09:05:47 +0800] "GET /xingrg/dwr/util.js HTTP/1.1" 304 -
180.157.253.48 - - [23/Nov/2020:09:05:47 +0800] "GET /xingrg/javascript/jquery-1.4.2.min.js HTTP/1.1" 304 -
180.157.253.48 - - [23/Nov/2020:09:05:47 +0800] "GET /xingrg/javascript/jquery_easy_ui/jquery.easyui.min.js HTTP/1.1" 304 -
180.157.253.48 - - [23/Nov/2020:09:05:47 +0800] "GET /xingrg/javascript/jquery.utils.js HTTP/1.1" 304 -
180.157.253.48 - - [23/Nov/2020:09:05:47 +0800] "GET /xingrg/javascript/jqueryMultiSelect.js HTTP/1.1" 304 -
180.157.253.48 - - [23/Nov/2020:09:05:47 +0800] "GET /xingrg/all/report/report_query.html?isQuery=1&onlyBody=1&rh=2000&fileName=kc/base/kc_stock_detail_new.xml&queryString=(1=1)&queryText=&tableQueryString=init_table$sp1$$sp$crk_table$sp1$order_day%20between%2020201101%20and%2020201130&varString=start_day:20201101,materiel_code:00101008168,cost_id:2897,end_date:20201031 HTTP/1.1" 200 48701
180.157.253.48 - - [23/Nov/2020:09:05:47 +0800] "GET /xingrg/javascript/bigrid/fix.css HTTP/1.1" 304 -
180.157.253.48 - - [23/Nov/2020:09:05:47 +0800] "GET /xingrg/javascript/calendar/jquery.timePicker.min.js HTTP/1.1" 304 -
180.157.253.48 - - [23/Nov/2020:09:05:47 +0800] "GET /xingrg/javascript/myfunction.js HTTP/1.1" 304 -
180.157.253.48 - - [23/Nov/2020:09:05:47 +0800] "GET /xingrg/javascript/Calendar.js HTTP/1.1" 304 -
180.157.253.48 - - [23/Nov/2020:09:05:47 +0800] "GET /xingrg/javascript/bigrid/fix.js HTTP/1.1" 304 -
180.157.253.48 - - [23/Nov/2020:09:05:47 +0800] "GET /xingrg/dwr/interface/AjaxReportQueryService.js HTTP/1.1" 200 13203
180.157.253.48 - - [23/Nov/2020:09:05:47 +0800] "GET /xingrg/dwr/engine.js HTTP/1.1" 200 43631
116.232.55.88 - - [23/Nov/2020:09:05:48 +0800] "GET /xingrg/kc/base/check_order_info.html?code=452020112200200 HTTP/1.1" 200 26528
116.232.55.88 - - [23/Nov/2020:09:05:48 +0800] "GET /xingrg/css/table.css HTTP/1.1" 200 3684
116.232.55.88 - - [23/Nov/2020:09:05:48 +0800] "GET /xingrg/javascript/AjaxInfoList.js HTTP/1.1" 200 3774
116.232.55.88 - - [23/Nov/2020:09:05:48 +0800] "GET /xingrg/dwr/interface/AjaxCheckService.js HTTP/1.1" 200 14003
116.232.55.88 - - [23/Nov/2020:09:05:48 +0800] "GET /xingrg/dwr/interface/AjaxComOrderService.js HTTP/1.1" 200 18264
116.232.55.88 - - [23/Nov/2020:09:05:48 +0800] "GET /xingrg/dwr/util.js HTTP/1.1" 200 35990
116.232.55.88 - - [23/Nov/2020:09:05:48 +0800] "GET /xingrg/dwr/engine.js HTTP/1.1" 200 43631
116.232.55.88 - - [23/Nov/2020:09:05:48 +0800] "GET /xingrg/javascript/convert.js HTTP/1.1" 200 1239
116.232.55.88 - - [23/Nov/2020:09:05:48 +0800] "GET /xingrg/javascript/print/LodopFuncs.js HTTP/1.1" 200 5121
116.232.55.88 - - [23/Nov/2020:09:05:48 +0800] "GET /xingrg/javascript/print/kc_print.js HTTP/1.1" 200 11415
116.232.55.88 - - [23/Nov/2020:09:05:48 +0800] "GET /xingrg/javascript/Calendar.js HTTP/1.1" 200 31561
116.232.55.88 - - [23/Nov/2020:09:05:48 +0800] "GET /xingrg/javascript/jquery_easy_ui/themes/icons/check_new.png HTTP/1.1" 200 3224
116.232.55.88 - - [23/Nov/2020:09:05:48 +0800] "GET /xingrg/javascript/jquery_easy_ui/themes/icons/cance_new.png HTTP/1.1" 200 3986
116.232.55.88 - - [23/Nov/2020:09:05:48 +0800] "GET /xingrg/javascript/jquery_easy_ui/themes/icons/print.png HTTP/1.1" 200 1057
116.232.55.88 - - [23/Nov/2020:09:05:48 +0800] "GET /xingrg/javascript/jquery_easy_ui/themes/default/images/menu_downarrow.png HTTP/1.1" 200 173
116.232.55.88 - - [23/Nov/2020:09:05:48 +0800] "GET /xingrg/javascript/jquery_easy_ui/themes/icons/back_new.png HTTP/1.1" 200 3414
180.157.253.48 - - [23/Nov/2020:09:05:48 +0800] "POST /xingrg/all/report/load_report_page.html HTTP/1.1" 200 25039
180.157.253.48 - - [23/Nov/2020:09:05:48 +0800] "GET /xingrg/servlets/image?cache=0.5378348316243715&image=px HTTP/1.1" 200 807
116.232.55.88 - - [23/Nov/2020:09:05:48 +0800] "POST /xingrg/dwr/call/plaincall/AjaxCheckService.loadOrderItems.dwr HTTP/1.1" 200 85523
