222.69.132.253 - - [21/Nov/2020:10:28:50 +0800] "GET /xingrg/kc/buy/cgsh_order_info.html?code=212020112108139 HTTP/1.1" 200 55698
222.69.132.253 - - [21/Nov/2020:10:28:51 +0800] "GET /xingrg/javascript/easyui/themes/default/validatebox.css HTTP/1.1" 404 1104
114.84.37.38 - - [21/Nov/2020:10:28:52 +0800] "POST /xingrg/kc/buy/cgsh_order_operate.html HTTP/1.1" 200 37
222.69.132.253 - - [21/Nov/2020:10:28:52 +0800] "POST /xingrg/kc/buy/cgsh_order_operate.html HTTP/1.1" 200 3566
222.69.132.253 - - [21/Nov/2020:10:28:53 +0800] "GET /xingrg/kc/print/load_data.html?order_code=212020112108139&kc_code=cgsh&condition= HTTP/1.1" 200 1843
58.35.246.33 - - [21/Nov/2020:10:28:54 +0800] "GET /xingrg/all/function/internal_message.html?_=1605925843959&CODE_STATE=getMsg HTTP/1.1" 200 27
180.162.245.190 - - [21/Nov/2020:10:28:55 +0800] "GET /xingrg/all/function/internal_message.html?_=1605925733642&CODE_STATE=getMsg HTTP/1.1" 200 27
180.162.245.190 - - [21/Nov/2020:10:28:55 +0800] "GET /xingrg/check_reg.html?_=1605925733646 HTTP/1.1" 200 22
114.84.37.38 - - [21/Nov/2020:10:28:55 +0800] "POST /xingrg/kc/buy/cgsh_order_operate.html HTTP/1.1" 200 7999
114.84.37.38 - - [21/Nov/2020:10:28:58 +0800] "GET /xingrg/kc/print/load_data.html?order_code=212020112108140&kc_code=cgsh&condition= HTTP/1.1" 200 2805
222.69.132.253 - - [21/Nov/2020:10:28:59 +0800] "GET /xingrg/kc/buy/cgsh_order_add.html HTTP/1.1" 200 60795
116.228.172.94 - - [21/Nov/2020:10:28:59 +0800] "GET /xingrg/all/function/internal_message.html?_=1605925727540&CODE_STATE=getMsg HTTP/1.1" 200 27
222.69.132.253 - - [21/Nov/2020:10:28:59 +0800] "POST /xingrg/kc/buy/cgsh_order_operate.html HTTP/1.1" 200 8245
117.184.7.30 - - [21/Nov/2020:10:28:59 +0800] "GET /xingrg/all/function/internal_message.html?_=1605925728750&CODE_STATE=getMsg HTTP/1.1" 200 27
222.69.132.253 - - [21/Nov/2020:10:29:00 +0800] "GET /xingrg/javascript/easyui/themes/default/validatebox.css HTTP/1.1" 404 1104
114.84.37.38 - - [21/Nov/2020:10:29:10 +0800] "GET /xingrg/all/function/internal_message.html?_=1605925758541&CODE_STATE=getMsg HTTP/1.1" 200 27
120.253.135.82 - - [21/Nov/2020:10:29:10 +0800] "GET /xingrg/all/function/internal_message.html?_=1605925795747&CODE_STATE=getMsg HTTP/1.1" 200 27
172.17.0.102 - - [21/Nov/2020:10:29:11 +0800] "GET /xingrg/all/function/internal_message.html?_=1605925750376&CODE_STATE=getMsg HTTP/1.1" 200 27
58.40.7.146 - - [21/Nov/2020:10:29:16 +0800] "GET /xingrg/all/function/internal_message.html?_=1605925752598&CODE_STATE=getMsg HTTP/1.1" 200 27
222.69.132.253 - - [21/Nov/2020:10:29:16 +0800] "GET /xingrg/kc/buy/cgsh_order_operate.html?command=get_materiel&rest_code=00149&code=00101012025&supplier_code=00100036&order_time=2020-11-21 HTTP/1.1" 200 412
114.84.37.38 - - [21/Nov/2020:10:29:16 +0800] "GET /xingrg/kc/buy/cgsh_order_add.html HTTP/1.1" 200 60748
222.69.132.253 - - [21/Nov/2020:10:29:17 +0800] "GET /xingrg/all/function/internal_message.html?_=1605925748487&CODE_STATE=getMsg HTTP/1.1" 200 27
120.253.135.82 - - [21/Nov/2020:10:29:17 +0800] "GET /xingrg/all/function/internal_message.html?_=1605925500814&CODE_STATE=getMsg HTTP/1.1" 200 27
114.84.37.38 - - [21/Nov/2020:10:29:18 +0800] "POST /xingrg/kc/buy/cgsh_order_operate.html HTTP/1.1" 200 8245
114.84.37.38 - - [21/Nov/2020:10:29:18 +0800] "GET /xingrg/javascript/easyui/themes/default/validatebox.css HTTP/1.1" 404 1104
58.35.246.33 - - [21/Nov/2020:10:29:23 +0800] "GET /xingrg/kc/buy/cgsh_order_add.html HTTP/1.1" 200 60742
58.35.246.33 - - [21/Nov/2020:10:29:23 +0800] "GET /xingrg/javascript/easyui/themes/default/validatebox.css HTTP/1.1" 404 1104
58.35.246.33 - - [21/Nov/2020:10:29:23 +0800] "POST /xingrg/kc/buy/cgsh_order_operate.html HTTP/1.1" 200 8245
117.185.32.26 - - [21/Nov/2020:10:29:24 +0800] "GET /xingrg/all/function/internal_message.html?_=1605925756710&CODE_STATE=getMsg HTTP/1.1" 200 27
180.174.56.115 - - [21/Nov/2020:10:29:30 +0800] "GET /xingrg/all/function/internal_message.html?_=1605925736999&CODE_STATE=getMsg HTTP/1.1" 200 27
114.84.145.85 - - [21/Nov/2020:10:29:41 +0800] "GET /xingrg/all/function/internal_message.html?_=1605925778285&CODE_STATE=getMsg HTTP/1.1" 200 27
58.35.246.33 - - [21/Nov/2020:10:29:43 +0800] "GET /xingrg/kc/buy/cgsh_order_operate.html?command=get_materiel&rest_code=00111&code=00101010275&supplier_code=00100329&order_time=2020-11-21 HTTP/1.1" 200 427
180.174.56.115 - - [21/Nov/2020:10:29:44 +0800] "GET /xingrg/all/function/internal_message.html?_=1605925781122&CODE_STATE=getMsg HTTP/1.1" 200 27
114.84.37.38 - - [21/Nov/2020:10:29:45 +0800] "GET /xingrg/kc/buy/cgsh_order_operate.html?command=get_materiel&rest_code=00146&code=00101007081&supplier_code=00100002&order_time=2020-11-21 HTTP/1.1" 200 413
114.84.145.85 - - [21/Nov/2020:10:29:47 +0800] "GET /xingrg/all/function/internal_message.html?_=1605925379442&CODE_STATE=getMsg HTTP/1.1" 200 27
58.35.246.33 - - [21/Nov/2020:10:29:54 +0800] "GET /xingrg/all/function/internal_message.html?_=1605925903972&CODE_STATE=getMsg HTTP/1.1" 200 27
58.35.246.33 - - [21/Nov/2020:10:29:55 +0800] "GET /xingrg/kc/buy/cgsh_order_operate.html?command=get_materiel&rest_code=00111&code=00101010537&supplier_code=00100329&order_time=2020-11-21 HTTP/1.1" 200 422
180.162.245.190 - - [21/Nov/2020:10:29:55 +0800] "GET /xingrg/all/function/internal_message.html?_=1605925793656&CODE_STATE=getMsg HTTP/1.1" 200 27
116.228.172.94 - - [21/Nov/2020:10:29:59 +0800] "GET /xingrg/all/function/internal_message.html?_=1605925787539&CODE_STATE=getMsg HTTP/1.1" 200 27
117.184.7.30 - - [21/Nov/2020:10:29:59 +0800] "GET /xingrg/all/function/internal_message.html?_=1605925788752&CODE_STATE=getMsg HTTP/1.1" 200 27
58.35.246.33 - - [21/Nov/2020:10:30:04 +0800] "POST /xingrg/kc/buy/cgsh_order_operate.html HTTP/1.1" 200 37
58.35.246.33 - - [21/Nov/2020:10:30:04 +0800] "POST /xingrg/kc/buy/cgsh_order_operate.html HTTP/1.1" 200 3279
58.35.246.33 - - [21/Nov/2020:10:30:05 +0800] "GET /xingrg/kc/print/load_data.html?order_code=212020112108141&kc_code=cgsh&condition= HTTP/1.1" 200 934
120.253.135.82 - - [21/Nov/2020:10:30:09 +0800] "GET /xingrg/check_reg.html?_=1605925854705 HTTP/1.1" 200 22
58.35.246.33 - - [21/Nov/2020:10:30:09 +0800] "GET /xingrg/kc/buy/cgsh_order_add.html HTTP/1.1" 200 60742
114.84.37.38 - - [21/Nov/2020:10:30:10 +0800] "GET /xingrg/all/function/internal_message.html?_=1605925818542&CODE_STATE=getMsg HTTP/1.1" 200 27
58.35.246.33 - - [21/Nov/2020:10:30:10 +0800] "POST /xingrg/kc/buy/cgsh_order_operate.html HTTP/1.1" 200 8245
58.35.246.33 - - [21/Nov/2020:10:30:10 +0800] "GET /xingrg/javascript/easyui/themes/default/validatebox.css HTTP/1.1" 404 1104
120.253.135.82 - - [21/Nov/2020:10:30:10 +0800] "GET /xingrg/all/function/internal_message.html?_=1605925855761&CODE_STATE=getMsg HTTP/1.1" 200 27
172.17.0.102 - - [21/Nov/2020:10:30:11 +0800] "GET /xingrg/check_reg.html?_=1605925810366 HTTP/1.1" 200 22
172.17.0.102 - - [21/Nov/2020:10:30:11 +0800] "GET /xingrg/all/function/internal_message.html?_=1605925810369&CODE_STATE=getMsg HTTP/1.1" 200 27
114.84.37.38 - - [21/Nov/2020:10:30:15 +0800] "GET /xingrg/check_reg.html?_=1605925835772 HTTP/1.1" 200 22
58.40.7.146 - - [21/Nov/2020:10:30:16 +0800] "GET /xingrg/all/function/internal_message.html?_=1605925812601&CODE_STATE=getMsg HTTP/1.1" 200 27
222.69.132.253 - - [21/Nov/2020:10:30:17 +0800] "GET /xingrg/all/function/internal_message.html?_=1605925808473&CODE_STATE=getMsg HTTP/1.1" 200 27
120.253.135.82 - - [21/Nov/2020:10:30:17 +0800] "GET /xingrg/all/function/internal_message.html?_=1605925560828&CODE_STATE=getMsg HTTP/1.1" 200 27
58.35.246.33 - - [21/Nov/2020:10:30:20 +0800] "GET /xingrg/kc/buy/cgsh_order_operate.html?command=get_materiel&rest_code=00111&code=00101014104&supplier_code=00100211&order_time=2020-11-21 HTTP/1.1" 200 401
183.192.164.214 - - [21/Nov/2020:10:30:23 +0800] "GET /xingrg/all/function/internal_message.html?_=1605925096689&CODE_STATE=getMsg HTTP/1.1" 302 -
114.84.37.38 - - [21/Nov/2020:10:30:23 +0800] "GET /xingrg/kc/buy/cgsh_order_operate.html?command=get_materiel&rest_code=00146&code=00101007076&supplier_code=00100002&order_time=2020-11-21 HTTP/1.1" 200 408
117.185.32.26 - - [21/Nov/2020:10:30:24 +0800] "GET /xingrg/all/function/internal_message.html?_=1605925816717&CODE_STATE=getMsg HTTP/1.1" 200 27
180.174.56.115 - - [21/Nov/2020:10:30:30 +0800] "GET /xingrg/all/function/internal_message.html?_=1605925797013&CODE_STATE=getMsg HTTP/1.1" 200 27
183.192.164.214 - - [21/Nov/2020:10:30:32 +0800] "GET /xingrg/login.html HTTP/1.1" 200 7641
222.69.132.253 - - [21/Nov/2020:10:30:38 +0800] "GET /xingrg/kc/buy/cgsh_order_operate.html?command=get_materiel&rest_code=00149&code=00101010092&supplier_code=00100036&order_time=2020-11-21 HTTP/1.1" 200 450
114.84.145.85 - - [21/Nov/2020:10:30:41 +0800] "GET /xingrg/all/function/internal_message.html?_=1605925838279&CODE_STATE=getMsg HTTP/1.1" 200 27
180.174.56.115 - - [21/Nov/2020:10:30:44 +0800] "GET /xingrg/all/function/internal_message.html?_=1605925841121&CODE_STATE=getMsg HTTP/1.1" 200 27
114.84.37.38 - - [21/Nov/2020:10:30:45 +0800] "GET /xingrg/kc/buy/cgsh_order_operate.html?command=get_materiel&rest_code=00146&code=00101007063&supplier_code=00100002&order_time=2020-11-21 HTTP/1.1" 200 409
114.84.145.85 - - [21/Nov/2020:10:30:47 +0800] "GET /xingrg/all/function/internal_message.html?_=1605925439441&CODE_STATE=getMsg HTTP/1.1" 200 27
58.35.246.33 - - [21/Nov/2020:10:30:49 +0800] "GET /xingrg/kc/buy/cgsh_order_operate.html?command=get_materiel&rest_code=00111&code=00101014017&supplier_code=00100211&order_time=2020-11-21 HTTP/1.1" 200 419
222.69.132.253 - - [21/Nov/2020:10:30:54 +0800] "GET /xingrg/kc/buy/cgsh_order_operate.html?command=get_materiel&rest_code=00149&code=00101012026&supplier_code=00100036&order_time=2020-11-21 HTTP/1.1" 200 408
58.35.246.33 - - [21/Nov/2020:10:30:54 +0800] "GET /xingrg/all/function/internal_message.html?_=1605925964001&CODE_STATE=getMsg HTTP/1.1" 200 27
58.35.246.33 - - [21/Nov/2020:10:30:54 +0800] "GET /xingrg/check_reg.html?_=1605925964003 HTTP/1.1" 200 22
180.162.245.190 - - [21/Nov/2020:10:30:55 +0800] "GET /xingrg/all/function/internal_message.html?_=1605925853642&CODE_STATE=getMsg HTTP/1.1" 200 27
116.228.172.94 - - [21/Nov/2020:10:30:59 +0800] "GET /xingrg/all/function/internal_message.html?_=1605925847540&CODE_STATE=getMsg HTTP/1.1" 200 27
117.184.7.30 - - [21/Nov/2020:10:30:59 +0800] "GET /xingrg/all/function/internal_message.html?_=1605925848752&CODE_STATE=getMsg HTTP/1.1" 200 27
117.184.7.26 - - [21/Nov/2020:10:30:59 +0800] "GET /xingrg/check_reg.html?_=1605925848756 HTTP/1.1" 200 22
222.69.132.253 - - [21/Nov/2020:10:31:05 +0800] "POST /xingrg/kc/buy/cgsh_order_operate.html HTTP/1.1" 200 37
114.84.37.38 - - [21/Nov/2020:10:31:05 +0800] "POST /xingrg/kc/buy/cgsh_order_operate.html HTTP/1.1" 200 88
114.84.37.38 - - [21/Nov/2020:10:31:08 +0800] "GET /xingrg/check_reg.html?_=1605925876680 HTTP/1.1" 200 22
222.69.132.253 - - [21/Nov/2020:10:31:10 +0800] "POST /xingrg/kc/buy/cgsh_order_operate.html HTTP/1.1" 200 12
114.84.37.38 - - [21/Nov/2020:10:31:10 +0800] "GET /xingrg/all/function/internal_message.html?_=1605925878556&CODE_STATE=getMsg HTTP/1.1" 200 27
120.253.135.82 - - [21/Nov/2020:10:31:10 +0800] "GET /xingrg/all/function/internal_message.html?_=1605925915774&CODE_STATE=getMsg HTTP/1.1" 200 27
172.17.0.102 - - [21/Nov/2020:10:31:11 +0800] "GET /xingrg/all/function/internal_message.html?_=1605925870374&CODE_STATE=getMsg HTTP/1.1" 200 27
222.69.132.253 - - [21/Nov/2020:10:31:15 +0800] "GET /xingrg/kc/buy/cgsh_order_info.html?code=212020112108142 HTTP/1.1" 200 55700
222.69.132.253 - - [21/Nov/2020:10:31:15 +0800] "GET /xingrg/javascript/easyui/themes/default/validatebox.css HTTP/1.1" 404 1104
58.40.7.146 - - [21/Nov/2020:10:31:16 +0800] "GET /xingrg/check_reg.html?_=1605925872607 HTTP/1.1" 200 22
58.40.7.146 - - [21/Nov/2020:10:31:16 +0800] "GET /xingrg/all/function/internal_message.html?_=1605925872610&CODE_STATE=getMsg HTTP/1.1" 200 27
222.69.132.253 - - [21/Nov/2020:10:31:17 +0800] "GET /xingrg/all/function/internal_message.html?_=1605925868447&CODE_STATE=getMsg HTTP/1.1" 200 27
120.253.135.82 - - [21/Nov/2020:10:31:17 +0800] "GET /xingrg/all/function/internal_message.html?_=1605925620855&CODE_STATE=getMsg HTTP/1.1" 200 27
58.35.246.33 - - [21/Nov/2020:10:31:18 +0800] "POST /xingrg/kc/buy/cgsh_order_operate.html HTTP/1.1" 200 64
114.84.37.38 - - [21/Nov/2020:10:31:19 +0800] "POST /xingrg/kc/buy/cgsh_order_operate.html HTTP/1.1" 200 37
222.69.132.253 - - [21/Nov/2020:10:31:19 +0800] "POST /xingrg/kc/buy/cgsh_order_operate.html HTTP/1.1" 200 1792
180.174.56.115 - - [21/Nov/2020:10:31:23 +0800] "POST /xingrg/kc/buy/cgsh_order_operate.html HTTP/1.1" 200 64
117.185.32.26 - - [21/Nov/2020:10:31:24 +0800] "GET /xingrg/check_reg.html?_=1605925876702 HTTP/1.1" 200 22
117.185.32.26 - - [21/Nov/2020:10:31:24 +0800] "GET /xingrg/all/function/internal_message.html?_=1605925876704&CODE_STATE=getMsg HTTP/1.1" 200 27
58.35.246.33 - - [21/Nov/2020:10:31:24 +0800] "POST /xingrg/kc/buy/cgsh_order_operate.html HTTP/1.1" 200 37
58.35.246.33 - - [21/Nov/2020:10:31:26 +0800] "POST /xingrg/kc/buy/cgsh_order_operate.html HTTP/1.1" 200 3260
120.253.135.82 - - [21/Nov/2020:10:31:26 +0800] "GET /xingrg/check_reg.html?_=1605925931693 HTTP/1.1" 200 22
58.35.246.33 - - [21/Nov/2020:10:31:27 +0800] "GET /xingrg/kc/print/load_data.html?order_code=212020112108146&kc_code=cgsh&condition= HTTP/1.1" 200 898
114.84.37.38 - - [21/Nov/2020:10:31:27 +0800] "POST /xingrg/kc/buy/cgsh_order_operate.html HTTP/1.1" 200 4427
183.192.164.214 - - [21/Nov/2020:10:31:28 +0800] "GET /xingrg/all/function/internal_message.html?_=1605925156680&CODE_STATE=getMsg HTTP/1.1" 302 -
180.174.56.115 - - [21/Nov/2020:10:31:30 +0800] "GET /xingrg/all/function/internal_message.html?_=1605925857027&CODE_STATE=getMsg HTTP/1.1" 200 27
114.84.37.38 - - [21/Nov/2020:10:31:30 +0800] "GET /xingrg/kc/print/load_data.html?order_code=212020112108144&kc_code=cgsh&condition= HTTP/1.1" 200 1424
183.192.164.214 - - [21/Nov/2020:10:31:31 +0800] "GET /xingrg/login.html HTTP/1.1" 200 7641
58.35.246.33 - - [21/Nov/2020:10:31:31 +0800] "GET /xingrg/kc/buy/cgsh_order_add.html HTTP/1.1" 200 60742
58.35.246.33 - - [21/Nov/2020:10:31:31 +0800] "POST /xingrg/kc/buy/cgsh_order_operate.html HTTP/1.1" 200 8245
58.35.246.33 - - [21/Nov/2020:10:31:31 +0800] "GET /xingrg/javascript/easyui/themes/default/validatebox.css HTTP/1.1" 404 1104
180.174.56.115 - - [21/Nov/2020:10:31:33 +0800] "POST /xingrg/kc/buy/cgsh_order_operate.html HTTP/1.1" 200 37
180.174.56.115 - - [21/Nov/2020:10:31:35 +0800] "POST /xingrg/kc/buy/cgsh_order_operate.html HTTP/1.1" 200 25980
58.35.246.33 - - [21/Nov/2020:10:31:36 +0800] "GET /xingrg/kc/buy/cgsh_order_operate.html?command=get_materiel&rest_code=00111&code=00101006001&supplier_code=00100404&order_time=2020-11-21 HTTP/1.1" 200 428
114.84.145.85 - - [21/Nov/2020:10:31:41 +0800] "GET /xingrg/all/function/internal_message.html?_=1605925898279&CODE_STATE=getMsg HTTP/1.1" 200 27
180.174.56.115 - - [21/Nov/2020:10:31:44 +0800] "GET /xingrg/all/function/internal_message.html?_=1605925901120&CODE_STATE=getMsg HTTP/1.1" 200 27
114.84.145.85 - - [21/Nov/2020:10:31:47 +0800] "GET /xingrg/all/function/internal_message.html?_=1605925499440&CODE_STATE=getMsg HTTP/1.1" 200 27
114.84.145.85 - - [21/Nov/2020:10:31:48 +0800] "GET /xingrg/check_reg.html?_=1605925499441 HTTP/1.1" 200 22
114.84.37.38 - - [21/Nov/2020:10:31:51 +0800] "GET /xingrg/kc/buy/cgsh_order_add.html HTTP/1.1" 200 60748
114.84.37.38 - - [21/Nov/2020:10:31:52 +0800] "POST /xingrg/kc/buy/cgsh_order_operate.html HTTP/1.1" 200 8245
114.84.37.38 - - [21/Nov/2020:10:31:53 +0800] "GET /xingrg/javascript/easyui/themes/default/validatebox.css HTTP/1.1" 404 1104
222.69.132.253 - - [21/Nov/2020:10:31:53 +0800] "GET /xingrg/kc/print/load_data.html?order_code=212020112108142&kc_code=cgsh&condition= HTTP/1.1" 200 1241
58.35.246.33 - - [21/Nov/2020:10:31:54 +0800] "GET /xingrg/all/function/internal_message.html?_=1605926023988&CODE_STATE=getMsg HTTP/1.1" 200 27
180.162.245.190 - - [21/Nov/2020:10:31:55 +0800] "GET /xingrg/all/function/internal_message.html?_=1605925913643&CODE_STATE=getMsg HTTP/1.1" 200 27
180.174.56.115 - - [21/Nov/2020:10:31:57 +0800] "POST /xingrg/kc/buy/cgsh_order_operate.html HTTP/1.1" 200 37
222.69.132.253 - - [21/Nov/2020:10:31:59 +0800] "GET /xingrg/kc/buy/cgsh_order_add.html HTTP/1.1" 200 60795
116.228.172.94 - - [21/Nov/2020:10:31:59 +0800] "GET /xingrg/all/function/internal_message.html?_=1605925907548&CODE_STATE=getMsg HTTP/1.1" 200 27
222.69.132.253 - - [21/Nov/2020:10:31:59 +0800] "POST /xingrg/kc/buy/cgsh_order_operate.html HTTP/1.1" 200 8245
222.69.132.253 - - [21/Nov/2020:10:31:59 +0800] "GET /xingrg/javascript/easyui/themes/default/validatebox.css HTTP/1.1" 404 1104
117.184.7.30 - - [21/Nov/2020:10:31:59 +0800] "GET /xingrg/all/function/internal_message.html?_=1605925908758&CODE_STATE=getMsg HTTP/1.1" 200 27
180.174.56.115 - - [21/Nov/2020:10:32:00 +0800] "POST /xingrg/kc/buy/cgsh_order_operate.html HTTP/1.1" 200 12
180.174.56.115 - - [21/Nov/2020:10:32:01 +0800] "GET /xingrg/kc/buy/cgsh_order_info.html?code=212020112108101 HTTP/1.1" 200 55303
180.174.56.115 - - [21/Nov/2020:10:32:02 +0800] "GET /xingrg/javascript/easyui/themes/default/validatebox.css HTTP/1.1" 404 1104
180.174.56.115 - - [21/Nov/2020:10:32:02 +0800] "POST /xingrg/kc/buy/cgsh_order_operate.html HTTP/1.1" 200 23918
180.174.56.115 - - [21/Nov/2020:10:32:04 +0800] "GET /xingrg/kc/print/load_data.html?order_code=212020112108101&kc_code=cgsh&condition= HTTP/1.1" 200 9757
114.84.37.38 - - [21/Nov/2020:10:32:10 +0800] "GET /xingrg/all/function/internal_message.html?_=1605925938569&CODE_STATE=getMsg HTTP/1.1" 200 27
120.253.135.82 - - [21/Nov/2020:10:32:10 +0800] "GET /xingrg/all/function/internal_message.html?_=1605925975789&CODE_STATE=getMsg HTTP/1.1" 200 27
114.84.145.85 - - [21/Nov/2020:10:32:11 +0800] "GET /xingrg/javascript/auto/indicator.gif HTTP/1.1" 404 1066
172.17.0.102 - - [21/Nov/2020:10:32:11 +0800] "GET /xingrg/all/function/internal_message.html?_=1605925930359&CODE_STATE=getMsg HTTP/1.1" 200 27
58.35.246.33 - - [21/Nov/2020:10:32:13 +0800] "POST /xingrg/kc/buy/cgsh_order_operate.html HTTP/1.1" 200 37
58.35.246.33 - - [21/Nov/2020:10:32:14 +0800] "POST /xingrg/kc/buy/cgsh_order_operate.html HTTP/1.1" 200 2675
58.35.246.33 - - [21/Nov/2020:10:32:14 +0800] "GET /xingrg/kc/print/load_data.html?order_code=212020112108147&kc_code=cgsh&condition= HTTP/1.1" 200 706
58.40.7.146 - - [21/Nov/2020:10:32:16 +0800] "GET /xingrg/all/function/internal_message.html?_=1605925932598&CODE_STATE=getMsg HTTP/1.1" 200 27
222.69.132.253 - - [21/Nov/2020:10:32:17 +0800] "GET /xingrg/all/function/internal_message.html?_=1605925928502&CODE_STATE=getMsg HTTP/1.1" 200 27
120.253.135.82 - - [21/Nov/2020:10:32:17 +0800] "GET /xingrg/all/function/internal_message.html?_=1605925680870&CODE_STATE=getMsg HTTP/1.1" 200 27
114.84.145.85 - - [21/Nov/2020:10:32:17 +0800] "GET /xingrg/javascript/jquery_tools/images/prev.gif HTTP/1.1" 404 1086
114.84.145.85 - - [21/Nov/2020:10:32:17 +0800] "GET /xingrg/javascript/jquery_tools/images/next.gif HTTP/1.1" 404 1086
117.185.32.26 - - [21/Nov/2020:10:32:24 +0800] "GET /xingrg/all/function/internal_message.html?_=1605925936710&CODE_STATE=getMsg HTTP/1.1" 200 27
58.35.246.33 - - [21/Nov/2020:10:32:24 +0800] "GET /xingrg/kc/buy/cgsh_order_add.html HTTP/1.1" 200 60742
58.35.246.33 - - [21/Nov/2020:10:32:24 +0800] "GET /xingrg/javascript/easyui/themes/default/validatebox.css HTTP/1.1" 404 1104
58.35.246.33 - - [21/Nov/2020:10:32:24 +0800] "POST /xingrg/kc/buy/cgsh_order_operate.html HTTP/1.1" 200 8245
114.84.145.85 - - [21/Nov/2020:10:32:26 +0800] "GET /xingrg/kc/buy/cgsh_order_operate.html?command=get_materiel&rest_code=00141&code=00101006062&supplier_code=00100012&order_time=2020-11-21 HTTP/1.1" 200 409
58.35.246.33 - - [21/Nov/2020:10:32:29 +0800] "GET /xingrg/kc/buy/cgsh_order_operate.html?command=get_materiel&rest_code=00111&code=00101003013&supplier_code=00100093&order_time=2020-11-21 HTTP/1.1" 200 441
180.174.56.115 - - [21/Nov/2020:10:32:29 +0800] "GET /xingrg/check_reg.html?_=1605925916904 HTTP/1.1" 200 22
180.174.56.115 - - [21/Nov/2020:10:32:30 +0800] "GET /xingrg/all/function/internal_message.html?_=1605925917040&CODE_STATE=getMsg HTTP/1.1" 200 27
114.84.37.38 - - [21/Nov/2020:10:32:34 +0800] "GET /xingrg/kc/buy/cgsh_order_operate.html?command=get_materiel&rest_code=00146&code=00101012025&supplier_code=00100002&order_time=2020-11-21 HTTP/1.1" 200 412
58.35.246.33 - - [21/Nov/2020:10:32:38 +0800] "POST /xingrg/kc/buy/cgsh_order_operate.html HTTP/1.1" 200 37
58.35.246.33 - - [21/Nov/2020:10:32:39 +0800] "POST /xingrg/kc/buy/cgsh_order_operate.html HTTP/1.1" 200 2674
58.35.246.33 - - [21/Nov/2020:10:32:40 +0800] "GET /xingrg/kc/print/load_data.html?order_code=212020112108148&kc_code=cgsh&condition= HTTP/1.1" 200 732
114.84.145.85 - - [21/Nov/2020:10:32:41 +0800] "GET /xingrg/check_reg.html?_=1605925958287 HTTP/1.1" 200 22
114.84.145.85 - - [21/Nov/2020:10:32:41 +0800] "GET /xingrg/all/function/internal_message.html?_=1605925958288&CODE_STATE=getMsg HTTP/1.1" 200 27
114.84.145.85 - - [21/Nov/2020:10:32:41 +0800] "GET /xingrg/kc/buy/cgsh_order_operate.html?command=get_materiel&rest_code=00141&code=00101006168&supplier_code=00100012&order_time=2020-11-21 HTTP/1.1" 200 421
180.174.56.115 - - [21/Nov/2020:10:32:44 +0800] "GET /xingrg/check_reg.html?_=1605925961127 HTTP/1.1" 200 22
180.174.56.115 - - [21/Nov/2020:10:32:44 +0800] "GET /xingrg/all/function/internal_message.html?_=1605925961131&CODE_STATE=getMsg HTTP/1.1" 200 27
58.35.246.33 - - [21/Nov/2020:10:32:45 +0800] "GET /xingrg/kc/buy/cgsh_order_add.html HTTP/1.1" 200 60742
58.35.246.33 - - [21/Nov/2020:10:32:45 +0800] "POST /xingrg/kc/buy/cgsh_order_operate.html HTTP/1.1" 200 8245
58.35.246.33 - - [21/Nov/2020:10:32:45 +0800] "GET /xingrg/javascript/easyui/themes/default/validatebox.css HTTP/1.1" 404 1104
222.69.132.253 - - [21/Nov/2020:10:32:45 +0800] "GET /xingrg/kc/buy/cgsh_order_add.html HTTP/1.1" 200 60795
114.84.37.38 - - [21/Nov/2020:10:32:45 +0800] "GET /xingrg/kc/buy/cgsh_order_operate.html?command=get_materiel&rest_code=00146&code=00101016025&supplier_code=00100002&order_time=2020-11-21 HTTP/1.1" 200 408
222.69.132.253 - - [21/Nov/2020:10:32:46 +0800] "POST /xingrg/kc/buy/cgsh_order_operate.html HTTP/1.1" 200 8245
222.69.132.253 - - [21/Nov/2020:10:32:46 +0800] "GET /xingrg/javascript/easyui/themes/default/validatebox.css HTTP/1.1" 404 1104
114.84.145.85 - - [21/Nov/2020:10:32:47 +0800] "GET /xingrg/all/function/internal_message.html?_=1605925559440&CODE_STATE=getMsg HTTP/1.1" 200 27
180.171.240.175 - - [21/Nov/2020:10:32:49 +0800] "GET /favicon.ico HTTP/1.1" 404 -
58.35.246.33 - - [21/Nov/2020:10:32:49 +0800] "GET /xingrg/kc/buy/cgsh_order_operate.html?command=get_materiel&rest_code=00111&code=00101004034&supplier_code=00100085&order_time=2020-11-21 HTTP/1.1" 200 416
180.171.240.175 - - [21/Nov/2020:10:32:54 +0800] "GET /xingrg/login.html HTTP/1.1" 200 7641
180.171.240.175 - - [21/Nov/2020:10:32:54 +0800] "GET /xingrg/images/blue/jxLogo.png HTTP/1.1" 304 -
180.171.240.175 - - [21/Nov/2020:10:32:54 +0800] "GET /xingrg/images/blue/login_bg.png HTTP/1.1" 304 -
180.171.240.175 - - [21/Nov/2020:10:32:54 +0800] "GET /xingrg/images/blue/hj.png HTTP/1.1" 304 -
180.171.240.175 - - [21/Nov/2020:10:32:54 +0800] "GET /xingrg/images/blue/srbg.png HTTP/1.1" 304 -
58.35.246.33 - - [21/Nov/2020:10:32:54 +0800] "GET /xingrg/all/function/internal_message.html?_=1605926083976&CODE_STATE=getMsg HTTP/1.1" 200 27
180.171.240.175 - - [21/Nov/2020:10:32:54 +0800] "GET /favicon.ico HTTP/1.1" 404 -
180.162.245.190 - - [21/Nov/2020:10:32:55 +0800] "GET /xingrg/all/function/internal_message.html?_=1605925973643&CODE_STATE=getMsg HTTP/1.1" 200 27
116.228.172.94 - - [21/Nov/2020:10:32:59 +0800] "GET /xingrg/all/function/internal_message.html?_=1605925967548&CODE_STATE=getMsg HTTP/1.1" 200 27
58.35.246.33 - - [21/Nov/2020:10:32:59 +0800] "POST /xingrg/kc/buy/cgsh_order_operate.html HTTP/1.1" 200 37
222.69.132.253 - - [21/Nov/2020:10:32:59 +0800] "GET /xingrg/kc/buy/cgsh_order_operate.html?command=get_materiel&rest_code=00149&code=00101006057&supplier_code=00100012&order_time=2020-11-21 HTTP/1.1" 200 413
116.228.172.94 - - [21/Nov/2020:10:32:59 +0800] "GET /xingrg/check_reg.html?_=1605925967655 HTTP/1.1" 200 22
117.184.7.30 - - [21/Nov/2020:10:32:59 +0800] "GET /xingrg/all/function/internal_message.html?_=1605925968758&CODE_STATE=getMsg HTTP/1.1" 200 27
114.84.145.85 - - [21/Nov/2020:10:33:00 +0800] "GET /xingrg/kc/buy/cgsh_order_operate.html?command=get_materiel&rest_code=00141&code=00101006229&supplier_code=00100012&order_time=2020-11-21 HTTP/1.1" 200 412
58.35.246.33 - - [21/Nov/2020:10:33:00 +0800] "POST /xingrg/kc/buy/cgsh_order_operate.html HTTP/1.1" 200 2663
58.35.246.33 - - [21/Nov/2020:10:33:01 +0800] "GET /xingrg/kc/print/load_data.html?order_code=212020112108149&kc_code=cgsh&condition= HTTP/1.1" 200 724
222.69.132.253 - - [21/Nov/2020:10:33:08 +0800] "GET /xingrg/kc/buy/cgsh_order_operate.html?command=get_materiel&rest_code=00149&code=00101006177&supplier_code=00100012&order_time=2020-11-21 HTTP/1.1" 200 409
114.84.37.38 - - [21/Nov/2020:10:33:10 +0800] "GET /xingrg/all/function/internal_message.html?_=1605925998583&CODE_STATE=getMsg HTTP/1.1" 200 27
120.253.135.82 - - [21/Nov/2020:10:33:10 +0800] "GET /xingrg/all/function/internal_message.html?_=1605926035806&CODE_STATE=getMsg HTTP/1.1" 200 27
172.17.0.102 - - [21/Nov/2020:10:33:11 +0800] "GET /xingrg/all/function/internal_message.html?_=1605925990360&CODE_STATE=getMsg HTTP/1.1" 200 27
114.84.145.85 - - [21/Nov/2020:10:33:13 +0800] "GET /xingrg/kc/buy/cgsh_order_operate.html?command=get_materiel&rest_code=00141&code=00101006038&supplier_code=00100012&order_time=2020-11-21 HTTP/1.1" 200 421
58.35.246.33 - - [21/Nov/2020:10:33:14 +0800] "GET /xingrg/kc/buy/cgsh_order_add.html HTTP/1.1" 200 60742
58.35.246.33 - - [21/Nov/2020:10:33:14 +0800] "GET /xingrg/javascript/easyui/themes/default/validatebox.css HTTP/1.1" 404 1104
58.35.246.33 - - [21/Nov/2020:10:33:14 +0800] "POST /xingrg/kc/buy/cgsh_order_operate.html HTTP/1.1" 200 8245
120.253.135.82 - - [21/Nov/2020:10:33:15 +0800] "GET /xingrg/check_reg.html?_=1605925738923 HTTP/1.1" 200 22
58.40.7.146 - - [21/Nov/2020:10:33:16 +0800] "GET /xingrg/all/function/internal_message.html?_=1605925992601&CODE_STATE=getMsg HTTP/1.1" 200 27
222.69.132.253 - - [21/Nov/2020:10:33:16 +0800] "GET /xingrg/kc/buy/cgsh_order_operate.html?command=get_materiel&rest_code=00149&code=00101006087&supplier_code=00100012&order_time=2020-11-21 HTTP/1.1" 200 409
222.69.132.253 - - [21/Nov/2020:10:33:17 +0800] "GET /xingrg/check_reg.html?_=1605925988455 HTTP/1.1" 200 22
222.69.132.253 - - [21/Nov/2020:10:33:17 +0800] "GET /xingrg/all/function/internal_message.html?_=1605925988475&CODE_STATE=getMsg HTTP/1.1" 200 27
120.253.135.82 - - [21/Nov/2020:10:33:17 +0800] "GET /xingrg/all/function/internal_message.html?_=1605925740884&CODE_STATE=getMsg HTTP/1.1" 200 27
183.192.164.214 - - [21/Nov/2020:10:33:17 +0800] "GET /xingrg/check_reg.html?_=1605925276681 HTTP/1.1" 302 -
58.35.246.33 - - [21/Nov/2020:10:33:20 +0800] "GET /xingrg/kc/buy/cgsh_order_operate.html?command=get_materiel&rest_code=00111&code=00101003035&supplier_code=00100092&order_time=2020-11-21 HTTP/1.1" 200 411
114.84.145.85 - - [21/Nov/2020:10:33:21 +0800] "GET /xingrg/kc/buy/cgsh_order_operate.html?command=get_materiel&rest_code=00141&code=00101006136&supplier_code=00100012&order_time=2020-11-21 HTTP/1.1" 200 417
117.185.32.26 - - [21/Nov/2020:10:33:24 +0800] "GET /xingrg/all/function/internal_message.html?_=1605925996712&CODE_STATE=getMsg HTTP/1.1" 200 27
114.84.37.38 - - [21/Nov/2020:10:33:25 +0800] "GET /xingrg/kc/buy/cgsh_order_operate.html?command=get_materiel&rest_code=00146&code=00101011007&supplier_code=00100002&order_time=2020-11-21 HTTP/1.1" 200 414
183.192.164.214 - - [21/Nov/2020:10:33:27 +0800] "GET /xingrg/login.html HTTP/1.1" 200 7641
183.192.164.85 - - [21/Nov/2020:10:33:29 +0800] "GET /xingrg/all/function/internal_message.html?_=1605925276679&CODE_STATE=getMsg HTTP/1.1" 302 -
222.69.132.253 - - [21/Nov/2020:10:33:29 +0800] "POST /xingrg/kc/buy/cgsh_order_operate.html HTTP/1.1" 200 37
180.174.56.115 - - [21/Nov/2020:10:33:30 +0800] "GET /xingrg/all/function/internal_message.html?_=1605925977054&CODE_STATE=getMsg HTTP/1.1" 200 27
58.35.246.33 - - [21/Nov/2020:10:33:32 +0800] "POST /xingrg/kc/buy/cgsh_order_operate.html HTTP/1.1" 200 37
114.84.145.85 - - [21/Nov/2020:10:33:32 +0800] "GET /xingrg/kc/buy/cgsh_order_operate.html?command=get_materiel&rest_code=00141&code=00101006134&supplier_code=00100012&order_time=2020-11-21 HTTP/1.1" 200 417
58.35.246.33 - - [21/Nov/2020:10:33:33 +0800] "POST /xingrg/kc/buy/cgsh_order_operate.html HTTP/1.1" 200 2660
58.35.246.33 - - [21/Nov/2020:10:33:34 +0800] "GET /xingrg/kc/print/load_data.html?order_code=212020112108151&kc_code=cgsh&condition= HTTP/1.1" 200 728
222.69.132.253 - - [21/Nov/2020:10:33:36 +0800] "POST /xingrg/kc/buy/cgsh_order_operate.html HTTP/1.1" 200 12
183.192.164.85 - - [21/Nov/2020:10:33:37 +0800] "GET /xingrg/login.html HTTP/1.1" 200 7641
222.69.132.253 - - [21/Nov/2020:10:33:38 +0800] "GET /xingrg/kc/buy/cgsh_order_info.html?code=212020112108150 HTTP/1.1" 200 55698
58.35.246.33 - - [21/Nov/2020:10:33:38 +0800] "GET /xingrg/kc/buy/cgsh_order_add.html HTTP/1.1" 200 60742
222.69.132.253 - - [21/Nov/2020:10:33:38 +0800] "GET /xingrg/javascript/easyui/themes/default/validatebox.css HTTP/1.1" 404 1104
58.35.246.33 - - [21/Nov/2020:10:33:38 +0800] "POST /xingrg/kc/buy/cgsh_order_operate.html HTTP/1.1" 200 8245
58.35.246.33 - - [21/Nov/2020:10:33:38 +0800] "GET /xingrg/javascript/easyui/themes/default/validatebox.css HTTP/1.1" 404 1104
222.69.132.253 - - [21/Nov/2020:10:33:39 +0800] "POST /xingrg/kc/buy/cgsh_order_operate.html HTTP/1.1" 200 1789
114.84.145.85 - - [21/Nov/2020:10:33:40 +0800] "GET /xingrg/kc/buy/cgsh_order_operate.html?command=get_materiel&rest_code=00141&code=00101006113&supplier_code=00100012&order_time=2020-11-21 HTTP/1.1" 200 413
114.84.37.38 - - [21/Nov/2020:10:33:41 +0800] "GET /xingrg/kc/buy/cgsh_order_operate.html?command=get_materiel&rest_code=00146&code=00101016105&supplier_code=00100002&order_time=2020-11-21 HTTP/1.1" 200 409
114.84.145.85 - - [21/Nov/2020:10:33:41 +0800] "GET /xingrg/all/function/internal_message.html?_=1605926018279&CODE_STATE=getMsg HTTP/1.1" 200 27
222.69.132.253 - - [21/Nov/2020:10:33:44 +0800] "GET /xingrg/kc/print/load_data.html?order_code=212020112108150&kc_code=cgsh&condition= HTTP/1.1" 200 1244
180.174.56.115 - - [21/Nov/2020:10:33:44 +0800] "GET /xingrg/all/function/internal_message.html?_=1605926021134&CODE_STATE=getMsg HTTP/1.1" 200 27
58.35.246.33 - - [21/Nov/2020:10:33:45 +0800] "GET /xingrg/kc/buy/cgsh_order_operate.html?command=get_materiel&rest_code=00111&code=00101003041&supplier_code=00100088&order_time=2020-11-21 HTTP/1.1" 200 415
114.84.145.85 - - [21/Nov/2020:10:33:47 +0800] "GET /xingrg/all/function/internal_message.html?_=1605925619440&CODE_STATE=getMsg HTTP/1.1" 200 27
180.162.245.190 - - [21/Nov/2020:10:33:48 +0800] "GET /xingrg/kc/buy/cgsh_order_add.html HTTP/1.1" 200 60789
180.162.245.190 - - [21/Nov/2020:10:33:48 +0800] "POST /xingrg/kc/buy/cgsh_order_operate.html HTTP/1.1" 200 8245
180.162.245.190 - - [21/Nov/2020:10:33:48 +0800] "GET /xingrg/javascript/easyui/themes/default/validatebox.css HTTP/1.1" 404 1104
114.84.145.85 - - [21/Nov/2020:10:33:51 +0800] "GET /xingrg/kc/buy/cgsh_order_operate.html?command=get_materiel&rest_code=00141&code=00101006057&supplier_code=00100012&order_time=2020-11-21 HTTP/1.1" 200 413
114.84.37.38 - - [21/Nov/2020:10:33:54 +0800] "GET /xingrg/kc/buy/cgsh_order_operate.html?command=get_materiel&rest_code=00146&code=00101016080&supplier_code=00100002&order_time=2020-11-21 HTTP/1.1" 200 408
58.35.246.33 - - [21/Nov/2020:10:33:54 +0800] "GET /xingrg/all/function/internal_message.html?_=1605926143985&CODE_STATE=getMsg HTTP/1.1" 200 27
180.162.245.190 - - [21/Nov/2020:10:33:55 +0800] "GET /xingrg/all/function/internal_message.html?_=1605926033655&CODE_STATE=getMsg HTTP/1.1" 200 27
180.162.245.190 - - [21/Nov/2020:10:33:55 +0800] "GET /xingrg/check_reg.html?_=1605926033658 HTTP/1.1" 200 22
116.228.172.94 - - [21/Nov/2020:10:33:59 +0800] "GET /xingrg/all/function/internal_message.html?_=1605926027548&CODE_STATE=getMsg HTTP/1.1" 200 27
117.184.7.30 - - [21/Nov/2020:10:33:59 +0800] "GET /xingrg/all/function/internal_message.html?_=1605926028758&CODE_STATE=getMsg HTTP/1.1" 200 27
114.84.145.85 - - [21/Nov/2020:10:34:05 +0800] "GET /xingrg/kc/buy/cgsh_order_operate.html?command=get_materiel&rest_code=00141&code=00101006111&supplier_code=00100012&order_time=2020-11-21 HTTP/1.1" 200 409
114.84.37.38 - - [21/Nov/2020:10:34:10 +0800] "GET /xingrg/all/function/internal_message.html?_=1605926058623&CODE_STATE=getMsg HTTP/1.1" 200 27
120.253.135.82 - - [21/Nov/2020:10:34:10 +0800] "GET /xingrg/all/function/internal_message.html?_=1605926095816&CODE_STATE=getMsg HTTP/1.1" 200 27
180.157.253.48 - - [21/Nov/2020:10:34:10 +0800] "POST /xingrg/services/DataTransmitService HTTP/1.1" 200 524
180.157.253.48 - - [21/Nov/2020:10:34:11 +0800] "POST /xingrg/services/DataTransmitService HTTP/1.1" 200 1955
180.157.253.48 - - [21/Nov/2020:10:34:11 +0800] "POST /xingrg/services/DataTransmitService HTTP/1.1" 200 150479
172.17.0.102 - - [21/Nov/2020:10:34:11 +0800] "GET /xingrg/all/function/internal_message.html?_=1605926050392&CODE_STATE=getMsg HTTP/1.1" 200 27
180.162.245.190 - - [21/Nov/2020:10:34:13 +0800] "GET /xingrg/kc/buy/cgsh_order_operate.html?command=get_materiel&rest_code=00105&code=00101001167&supplier_code=00100314&order_time=2020-11-21 HTTP/1.1" 200 411
58.40.7.146 - - [21/Nov/2020:10:34:16 +0800] "GET /xingrg/all/function/internal_message.html?_=1605926052601&CODE_STATE=getMsg HTTP/1.1" 200 27
222.69.132.253 - - [21/Nov/2020:10:34:17 +0800] "GET /xingrg/all/function/internal_message.html?_=1605926048454&CODE_STATE=getMsg HTTP/1.1" 200 27
120.253.135.82 - - [21/Nov/2020:10:34:17 +0800] "GET /xingrg/all/function/internal_message.html?_=1605925800901&CODE_STATE=getMsg HTTP/1.1" 200 27
58.35.246.33 - - [21/Nov/2020:10:34:23 +0800] "POST /xingrg/kc/buy/cgsh_order_operate.html HTTP/1.1" 200 37
117.185.32.26 - - [21/Nov/2020:10:34:24 +0800] "GET /xingrg/all/function/internal_message.html?_=1605926056708&CODE_STATE=getMsg HTTP/1.1" 200 27
180.174.56.115 - - [21/Nov/2020:10:34:24 +0800] "GET /xingrg/kc/buy/cgsh_order_add.html HTTP/1.1" 200 60396
58.35.246.33 - - [21/Nov/2020:10:34:24 +0800] "POST /xingrg/kc/buy/cgsh_order_operate.html HTTP/1.1" 200 2663
180.174.56.115 - - [21/Nov/2020:10:34:24 +0800] "POST /xingrg/kc/buy/cgsh_order_operate.html HTTP/1.1" 200 8245
180.174.56.115 - - [21/Nov/2020:10:34:24 +0800] "GET /xingrg/javascript/easyui/themes/default/validatebox.css HTTP/1.1" 404 1104
180.174.56.115 - - [21/Nov/2020:10:34:30 +0800] "GET /xingrg/all/function/internal_message.html?_=1605926037067&CODE_STATE=getMsg HTTP/1.1" 200 27
180.162.245.190 - - [21/Nov/2020:10:34:33 +0800] "POST /xingrg/kc/buy/cgsh_order_operate.html HTTP/1.1" 200 37
58.35.246.33 - - [21/Nov/2020:10:34:33 +0800] "GET /xingrg/kc/print/load_data.html?order_code=212020112108152&kc_code=cgsh&condition= HTTP/1.1" 200 750
180.162.245.190 - - [21/Nov/2020:10:34:34 +0800] "POST /xingrg/kc/buy/cgsh_order_operate.html HTTP/1.1" 200 2658
58.35.246.33 - - [21/Nov/2020:10:34:38 +0800] "GET /xingrg/kc/buy/cgsh_order_add.html HTTP/1.1" 200 60742
58.35.246.33 - - [21/Nov/2020:10:34:38 +0800] "POST /xingrg/kc/buy/cgsh_order_operate.html HTTP/1.1" 200 8245
58.35.246.33 - - [21/Nov/2020:10:34:38 +0800] "GET /xingrg/javascript/easyui/themes/default/validatebox.css HTTP/1.1" 404 1104
114.84.145.85 - - [21/Nov/2020:10:34:41 +0800] "GET /xingrg/all/function/internal_message.html?_=1605926078295&CODE_STATE=getMsg HTTP/1.1" 200 27
180.162.245.190 - - [21/Nov/2020:10:34:43 +0800] "GET /xingrg/kc/print/load_data.html?order_code=212020112108153&kc_code=cgsh&condition= HTTP/1.1" 200 669
114.84.145.85 - - [21/Nov/2020:10:34:43 +0800] "GET /xingrg/kc/buy/cgsh_order_operate.html?command=get_materiel&rest_code=00141&code=00101006055&supplier_code=00100012&order_time=2020-11-21 HTTP/1.1" 200 409
114.84.37.38 - - [21/Nov/2020:10:34:44 +0800] "GET /xingrg/kc/buy/cgsh_order_operate.html?command=get_materiel&rest_code=00146&code=00101012051&supplier_code=00100002&order_time=2020-11-21 HTTP/1.1" 200 408
180.174.56.115 - - [21/Nov/2020:10:34:44 +0800] "GET /xingrg/all/function/internal_message.html?_=1605926081136&CODE_STATE=getMsg HTTP/1.1" 200 27
114.84.145.85 - - [21/Nov/2020:10:34:47 +0800] "GET /xingrg/all/function/internal_message.html?_=1605925679439&CODE_STATE=getMsg HTTP/1.1" 200 27
180.162.245.190 - - [21/Nov/2020:10:34:48 +0800] "GET /xingrg/kc/buy/cgsh_order_add.html HTTP/1.1" 200 60789
180.162.245.190 - - [21/Nov/2020:10:34:48 +0800] "POST /xingrg/kc/buy/cgsh_order_operate.html HTTP/1.1" 200 8245
180.162.245.190 - - [21/Nov/2020:10:34:48 +0800] "GET /xingrg/javascript/easyui/themes/default/validatebox.css HTTP/1.1" 404 1104
172.17.0.101 - - [21/Nov/2020:10:34:52 +0800] "GET /xingrg/login.html HTTP/1.1" 200 7636
172.17.0.101 - - [21/Nov/2020:10:34:52 +0800] "GET /favicon.ico HTTP/1.1" 404 -
114.84.37.38 - - [21/Nov/2020:10:34:53 +0800] "GET /xingrg/kc/buy/cgsh_order_operate.html?command=get_materiel&rest_code=00146&code=00101012051&supplier_code=00100002&order_time=2020-11-21 HTTP/1.1" 200 408
172.17.0.101 - - [21/Nov/2020:10:34:54 +0800] "POST /xingrg/login.do HTTP/1.1" 302 -
58.35.246.33 - - [21/Nov/2020:10:34:54 +0800] "GET /xingrg/all/function/internal_message.html?_=1605926203989&CODE_STATE=getMsg HTTP/1.1" 200 27
172.17.0.101 - - [21/Nov/2020:10:34:54 +0800] "GET /xingrg/index.html?sysBaseUrl=http%3A%2F%2F172.17.0.8%3A18081%2Fxingrg%2F&costTime=72×tamp=1605926094620 HTTP/1.1" 200 17448
172.17.0.101 - - [21/Nov/2020:10:34:55 +0800] "GET /favicon.ico HTTP/1.1" 404 -
172.17.0.101 - - [21/Nov/2020:10:34:55 +0800] "POST /xingrg/all/common/load_tree.html?tree=area_rest_tree_json&manage=1 HTTP/1.1" 200 3350
172.17.0.101 - - [21/Nov/2020:10:34:55 +0800] "GET /xingrg/all/function/internal_message.html?_=1605926136792&CODE_STATE=count HTTP/1.1" 200 11
172.17.0.101 - - [21/Nov/2020:10:34:55 +0800] "GET /xingrg/check_reg.html?_=1605926136794 HTTP/1.1" 200 22
172.17.0.101 - - [21/Nov/2020:10:34:55 +0800] "POST /xingrg/load_menu.html HTTP/1.1" 200 11408
180.162.245.190 - - [21/Nov/2020:10:34:55 +0800] "GET /xingrg/all/function/internal_message.html?_=1605926093657&CODE_STATE=getMsg HTTP/1.1" 200 27
172.17.0.101 - - [21/Nov/2020:10:34:59 +0800] "POST /xingrg/load_menu.html HTTP/1.1" 200 9445
116.228.172.94 - - [21/Nov/2020:10:34:59 +0800] "GET /xingrg/all/function/internal_message.html?_=1605926087548&CODE_STATE=getMsg HTTP/1.1" 200 27
117.184.7.30 - - [21/Nov/2020:10:34:59 +0800] "GET /xingrg/all/function/internal_message.html?_=1605926088760&CODE_STATE=getMsg HTTP/1.1" 200 27
172.17.0.101 - - [21/Nov/2020:10:35:02 +0800] "GET /xingrg/all/report/report_query.html?fileName=dma/new_5.0/yingye/pay_ment_hz.xml HTTP/1.1" 200 51612
172.17.0.101 - - [21/Nov/2020:10:35:02 +0800] "GET /xingrg/dwr/interface/AjaxReportQueryService.js HTTP/1.1" 200 13203
172.17.0.101 - - [21/Nov/2020:10:35:02 +0800] "GET /xingrg/dwr/engine.js HTTP/1.1" 200 43631
172.17.0.101 - - [21/Nov/2020:10:35:02 +0800] "GET /xingrg/dwr/util.js HTTP/1.1" 200 35990
172.17.0.101 - - [21/Nov/2020:10:35:03 +0800] "POST /xingrg/dwr/call/plaincall/AjaxReportQueryService.getFixDate.dwr HTTP/1.1" 200 111
172.17.0.101 - - [21/Nov/2020:10:35:03 +0800] "POST /xingrg/all/common/load_tree.html?tree=area_station_tree_json&manage=1 HTTP/1.1" 200 3246
180.174.56.115 - - [21/Nov/2020:10:35:03 +0800] "GET /xingrg/kc/buy/cgsh_order_operate.html?command=get_materiel&rest_code=00151&code=00101006168&supplier_code=00100012&order_time=2020-11-21 HTTP/1.1" 200 421
172.17.0.101 - - [21/Nov/2020:10:35:05 +0800] "GET /xingrg/all/report/report_query.html?fileName=dma/yingye_new/pay_ment_day_hz.xml HTTP/1.1" 200 50928
172.17.0.101 - - [21/Nov/2020:10:35:05 +0800] "GET /xingrg/dwr/interface/AjaxReportQueryService.js HTTP/1.1" 200 13203
172.17.0.101 - - [21/Nov/2020:10:35:05 +0800] "GET /xingrg/dwr/engine.js HTTP/1.1" 200 43631
172.17.0.101 - - [21/Nov/2020:10:35:05 +0800] "POST /xingrg/dwr/call/plaincall/AjaxReportQueryService.getFixDate.dwr HTTP/1.1" 200 111
172.17.0.101 - - [21/Nov/2020:10:35:05 +0800] "POST /xingrg/all/common/load_tree.html?tree=area_station_tree_json&manage=1 HTTP/1.1" 200 3246
120.253.135.82 - - [21/Nov/2020:10:35:09 +0800] "GET /xingrg/check_reg.html?_=1605926154713 HTTP/1.1" 200 22
172.17.0.101 - - [21/Nov/2020:10:35:10 +0800] "POST /xingrg/dwr/call/plaincall/AjaxReportQueryService.getFixDate.dwr HTTP/1.1" 200 111
114.84.37.38 - - [21/Nov/2020:10:35:10 +0800] "GET /xingrg/all/function/internal_message.html?_=1605926118626&CODE_STATE=getMsg HTTP/1.1" 200 27
120.253.135.82 - - [21/Nov/2020:10:35:10 +0800] "GET /xingrg/all/function/internal_message.html?_=1605926155829&CODE_STATE=getMsg HTTP/1.1" 200 27
172.17.0.102 - - [21/Nov/2020:10:35:11 +0800] "GET /xingrg/check_reg.html?_=1605926110407 HTTP/1.1" 200 22
172.17.0.102 - - [21/Nov/2020:10:35:11 +0800] "GET /xingrg/all/function/internal_message.html?_=1605926110409&CODE_STATE=getMsg HTTP/1.1" 200 27
114.84.37.38 - - [21/Nov/2020:10:35:15 +0800] "GET /xingrg/check_reg.html?_=1605926135783 HTTP/1.1" 200 22
58.40.7.146 - - [21/Nov/2020:10:35:16 +0800] "GET /xingrg/all/function/internal_message.html?_=1605926112606&CODE_STATE=getMsg HTTP/1.1" 200 27
222.69.132.253 - - [21/Nov/2020:10:35:17 +0800] "GET /xingrg/all/function/internal_message.html?_=1605926108456&CODE_STATE=getMsg HTTP/1.1" 200 27
120.253.135.82 - - [21/Nov/2020:10:35:17 +0800] "GET /xingrg/all/function/internal_message.html?_=1605925860911&CODE_STATE=getMsg HTTP/1.1" 200 27
180.174.56.115 - - [21/Nov/2020:10:35:17 +0800] "GET /xingrg/login.html HTTP/1.1" 200 7641
180.174.56.115 - - [21/Nov/2020:10:35:18 +0800] "GET /favicon.ico HTTP/1.1" 404 -
180.174.56.115 - - [21/Nov/2020:10:35:19 +0800] "POST /xingrg/login.do HTTP/1.1" 302 -
180.174.56.115 - - [21/Nov/2020:10:35:19 +0800] "GET /xingrg/index.html?sysBaseUrl=http%3A%2F%2F180.169.147.146%3A18081%2Fxingrg%2F&costTime=56×tamp=1605926119612 HTTP/1.1" 200 17179
180.174.56.115 - - [21/Nov/2020:10:35:19 +0800] "GET /xingrg/css/form.css HTTP/1.1" 304 -
180.174.56.115 - - [21/Nov/2020:10:35:19 +0800] "GET /xingrg/javascript/jquery_easy_ui/jquery.easyui.min.js HTTP/1.1" 304 -
180.174.56.115 - - [21/Nov/2020:10:35:19 +0800] "GET /xingrg/javascript/jquery-1.4.2.min.js HTTP/1.1" 304 -
180.174.56.115 - - [21/Nov/2020:10:35:19 +0800] "GET /xingrg/javascript/jquery.utils.js HTTP/1.1" 304 -
180.174.56.115 - - [21/Nov/2020:10:35:19 +0800] "GET /xingrg/javascript/jquery_easy_ui/themes/default/easyui.css HTTP/1.1" 304 -
180.174.56.115 - - [21/Nov/2020:10:35:19 +0800] "GET /xingrg/javascript/jquery_easy_ui/themes/icon.css HTTP/1.1" 304 -
180.174.56.115 - - [21/Nov/2020:10:35:19 +0800] "GET /xingrg/javascript/jquery_easy_ui/easyui-lang-zh_CN.js HTTP/1.1" 304 -
180.174.56.115 - - [21/Nov/2020:10:35:19 +0800] "GET /xingrg/javascript/jquery.form.js HTTP/1.1" 304 -
180.174.56.115 - - [21/Nov/2020:10:35:19 +0800] "GET /xingrg/javascript/jquery.timers.js HTTP/1.1" 304 -
180.174.56.115 - - [21/Nov/2020:10:35:19 +0800] "GET /favicon.ico HTTP/1.1" 404 -
180.174.56.115 - - [21/Nov/2020:10:35:19 +0800] "POST /xingrg/all/common/load_tree.html?tree=area_rest_tree_json&manage=1 HTTP/1.1" 200 476
180.174.56.115 - - [21/Nov/2020:10:35:19 +0800] "GET /xingrg/all/function/internal_message.html?_=1605926086841&CODE_STATE=count HTTP/1.1" 200 11
180.174.56.115 - - [21/Nov/2020:10:35:19 +0800] "GET /xingrg/check_reg.html?_=1605926086842 HTTP/1.1" 200 22
180.174.56.115 - - [21/Nov/2020:10:35:19 +0800] "POST /xingrg/load_menu.html HTTP/1.1" 200 5138
172.17.0.101 - - [21/Nov/2020:10:35:21 +0800] "POST /xingrg/dwr/call/plaincall/AjaxReportQueryService.refreshCache.dwr HTTP/1.1" 200 78
172.17.0.101 - - [21/Nov/2020:10:35:22 +0800] "POST /xingrg/all/report/load_report_page.html HTTP/1.1" 200 124019
172.17.0.101 - - [21/Nov/2020:10:35:22 +0800] "GET /xingrg/servlets/image?cache=0.0983943963356303&image=px HTTP/1.1" 200 807
117.185.32.26 - - [21/Nov/2020:10:35:24 +0800] "GET /xingrg/all/function/internal_message.html?_=1605926116707&CODE_STATE=getMsg HTTP/1.1" 200 27
180.174.56.115 - - [21/Nov/2020:10:35:25 +0800] "POST /xingrg/all/user/operate.html HTTP/1.1" 200 36
180.174.56.115 - - [21/Nov/2020:10:35:25 +0800] "GET /xingrg/javascript/jquery_easy_ui/themes/default/easyui.css HTTP/1.1" 304 -
180.174.56.115 - - [21/Nov/2020:10:35:25 +0800] "GET /xingrg/index.html?sysBaseUrl=http%3A%2F%2F180.169.147.146%3A18081%2Fxingrg%2F&costTime=56×tamp=1605926119612 HTTP/1.1" 200 17177
180.174.56.115 - - [21/Nov/2020:10:35:25 +0800] "GET /xingrg/javascript/jquery_easy_ui/themes/icon.css HTTP/1.1" 304 -
180.174.56.115 - - [21/Nov/2020:10:35:25 +0800] "GET /xingrg/css/form.css HTTP/1.1" 304 -
180.174.56.115 - - [21/Nov/2020:10:35:25 +0800] "GET /xingrg/javascript/jquery-1.4.2.min.js HTTP/1.1" 304 -
180.174.56.115 - - [21/Nov/2020:10:35:25 +0800] "GET /xingrg/javascript/jquery_easy_ui/jquery.easyui.min.js HTTP/1.1" 304 -
180.174.56.115 - - [21/Nov/2020:10:35:25 +0800] "GET /xingrg/javascript/jquery_easy_ui/easyui-lang-zh_CN.js HTTP/1.1" 304 -
180.174.56.115 - - [21/Nov/2020:10:35:25 +0800] "GET /xingrg/javascript/jquery.form.js HTTP/1.1" 304 -
180.174.56.115 - - [21/Nov/2020:10:35:25 +0800] "GET /xingrg/javascript/jquery.utils.js HTTP/1.1" 304 -
180.174.56.115 - - [21/Nov/2020:10:35:25 +0800] "GET /xingrg/javascript/jquery.timers.js HTTP/1.1" 304 -
180.174.56.115 - - [21/Nov/2020:10:35:25 +0800] "GET /xingrg/images/blue/jxLogo.png HTTP/1.1" 304 -
180.174.56.115 - - [21/Nov/2020:10:35:25 +0800] "GET /xingrg/images/blue/navBackgound.jpg HTTP/1.1" 304 -
180.174.56.115 - - [21/Nov/2020:10:35:25 +0800] "GET /xingrg/javascript/jquery_easy_ui/themes/icons/settle_new.png HTTP/1.1" 304 -
180.174.56.115 - - [21/Nov/2020:10:35:26 +0800] "GET /xingrg/images/blue/pingpu.png HTTP/1.1" 304 -
180.174.56.115 - - [21/Nov/2020:10:35:26 +0800] "POST /xingrg/all/common/load_tree.html?tree=area_rest_tree_json&manage=1 HTTP/1.1" 200 476
180.174.56.115 - - [21/Nov/2020:10:35:26 +0800] "GET /xingrg/javascript/jquery_easy_ui/themes/default/images/tabs_leftarrow.png HTTP/1.1" 304 -
180.174.56.115 - - [21/Nov/2020:10:35:26 +0800] "GET /xingrg/javascript/jquery_easy_ui/themes/default/images/tabs_rightarrow.png HTTP/1.1" 304 -
180.174.56.115 - - [21/Nov/2020:10:35:26 +0800] "GET /xingrg/javascript/jquery_easy_ui/themes/default/images/panel_tool_collapse.gif HTTP/1.1" 304 -
180.174.56.115 - - [21/Nov/2020:10:35:26 +0800] "GET /xingrg/check_reg.html?_=1605926093016 HTTP/1.1" 200 22
180.174.56.115 - - [21/Nov/2020:10:35:26 +0800] "GET /xingrg/all/function/internal_message.html?_=1605926093015&CODE_STATE=count HTTP/1.1" 200 11
180.174.56.115 - - [21/Nov/2020:10:35:26 +0800] "POST /xingrg/load_menu.html HTTP/1.1" 200 5138
172.17.0.101 - - [21/Nov/2020:10:35:26 +0800] "POST /xingrg/all/report/report_print.html HTTP/1.1" 200 23581
180.174.56.115 - - [21/Nov/2020:10:35:29 +0800] "GET /xingrg/css/base.css HTTP/1.1" 304 -
180.174.56.115 - - [21/Nov/2020:10:35:29 +0800] "GET /xingrg/css/site.css HTTP/1.1" 304 -
180.174.56.115 - - [21/Nov/2020:10:35:29 +0800] "GET /xingrg/javascript/jquery_tools/datebox.css HTTP/1.1" 304 -
180.174.56.115 - - [21/Nov/2020:10:35:29 +0800] "GET /xingrg/javascript/easyui/themes/default/easyui.css HTTP/1.1" 304 -
180.174.56.115 - - [21/Nov/2020:10:35:29 +0800] "GET /xingrg/javascript/jquery_tools/jquery.tools.extend.js HTTP/1.1" 304 -
180.174.56.115 - - [21/Nov/2020:10:35:29 +0800] "GET /xingrg/javascript/easyui/themes/icon.css HTTP/1.1" 304 -
180.174.56.115 - - [21/Nov/2020:10:35:29 +0800] "GET /xingrg/javascript/jquery_tools/jquery.tools.hotkey.js HTTP/1.1" 304 -
180.174.56.115 - - [21/Nov/2020:10:35:29 +0800] "GET /xingrg/javascript/jquery_tools/jquery.tools.table.js HTTP/1.1" 304 -
180.174.56.115 - - [21/Nov/2020:10:35:29 +0800] "GET /xingrg/javascript/auto/jquery.autocomplete.css HTTP/1.1" 304 -
180.174.56.115 - - [21/Nov/2020:10:35:29 +0800] "GET /xingrg/javascript/jquery_tools/table.css HTTP/1.1" 304 -
180.174.56.115 - - [21/Nov/2020:10:35:29 +0800] "GET /xingrg/javascript/jquery_tools/fix.css HTTP/1.1" 304 -
180.174.56.115 - - [21/Nov/2020:10:35:29 +0800] "GET /xingrg/javascript/jquery_tools/jquery.tools.min.js HTTP/1.1" 304 -
180.174.56.115 - - [21/Nov/2020:10:35:29 +0800] "GET /xingrg/kc/buy/cgsh_order_list.html HTTP/1.1" 200 45008
180.174.56.115 - - [21/Nov/2020:10:35:29 +0800] "GET /xingrg/javascript/auto/jquery.autocomplete.js HTTP/1.1" 304 -
180.174.56.115 - - [21/Nov/2020:10:35:29 +0800] "GET /xingrg/javascript/jquery.cookie.js HTTP/1.1" 304 -
180.174.56.115 - - [21/Nov/2020:10:35:29 +0800] "GET /xingrg/javascript/print/LodopFuncs.js HTTP/1.1" 304 -
180.174.56.115 - - [21/Nov/2020:10:35:29 +0800] "GET /xingrg/javascript/easyui/easyloader.js HTTP/1.1" 304 -
180.174.56.115 - - [21/Nov/2020:10:35:29 +0800] "GET /xingrg/javascript/jquery_tools/list_manager.js HTTP/1.1" 304 -
180.174.56.115 - - [21/Nov/2020:10:35:29 +0800] "GET /xingrg/javascript/easyui/plugins/jquery.parser.js HTTP/1.1" 304 -
58.35.246.33 - - [21/Nov/2020:10:35:32 +0800] "GET /xingrg/index.html?sysBaseUrl=http%3A%2F%2F180.169.147.146%3A18081%2Fxingrg%2F&costTime=38×tamp=1588335986102 HTTP/1.1" 302 -
58.35.246.33 - - [21/Nov/2020:10:35:32 +0800] "GET /xingrg/login.html HTTP/1.1" 200 7641
114.84.145.85 - - [21/Nov/2020:10:35:33 +0800] "POST /xingrg/kc/buy/cgsh_order_operate.html HTTP/1.1" 200 37
