58.35.246.33 - - [21/Nov/2020:11:20:13 +0800] "POST /xingrg/kc/base/wldb_order_operate.html HTTP/1.1" 200 6194
58.35.246.33 - - [21/Nov/2020:11:20:13 +0800] "GET /xingrg/kc/base/wldb_order_info.html?code=422020112102290 HTTP/1.1" 200 30602
101.93.222.235 - - [21/Nov/2020:11:20:13 +0800] "POST /xingrg/services/DataTransmitService HTTP/1.1" 200 524
101.93.222.235 - - [21/Nov/2020:11:20:13 +0800] "POST /xingrg/services/DataTransmitService HTTP/1.1" 200 501
101.93.222.235 - - [21/Nov/2020:11:20:13 +0800] "POST /xingrg/services/DataTransmitService HTTP/1.1" 200 501
58.35.246.33 - - [21/Nov/2020:11:20:14 +0800] "GET /xingrg/javascript/easyui/themes/default/validatebox.css HTTP/1.1" 404 1104
101.93.222.235 - - [21/Nov/2020:11:20:14 +0800] "POST /xingrg/services/DataTransmitService HTTP/1.1" 200 501
101.93.222.235 - - [21/Nov/2020:11:20:14 +0800] "POST /xingrg/services/DataTransmitService HTTP/1.1" 200 501
58.35.246.33 - - [21/Nov/2020:11:20:14 +0800] "POST /xingrg/kc/base/wldb_order_operate.html HTTP/1.1" 200 6194
180.162.245.190 - - [21/Nov/2020:11:20:14 +0800] "GET /xingrg/kc/base/wldb_order_operate.html?command=get_materiel&rest_code=00105&base_code=0010507&code=00101019390 HTTP/1.1" 200 456
101.93.222.235 - - [21/Nov/2020:11:20:15 +0800] "POST /xingrg/services/DataTransmitService HTTP/1.1" 200 412
114.84.37.38 - - [21/Nov/2020:11:20:16 +0800] "GET /xingrg/check_reg.html?_=1605928836547 HTTP/1.1" 200 22
58.40.7.146 - - [21/Nov/2020:11:20:16 +0800] "GET /xingrg/all/function/internal_message.html?_=1605928812620&CODE_STATE=getMsg HTTP/1.1" 200 27
180.162.245.190 - - [21/Nov/2020:11:20:17 +0800] "GET /xingrg/all/function/internal_message.html?_=1605928795062&CODE_STATE=getMsg HTTP/1.1" 200 27
117.185.32.26 - - [21/Nov/2020:11:20:18 +0800] "GET /xingrg/kc/buy/cgsh_order_operate.html?command=get_materiel&rest_code=00106&code=00101006150&supplier_code=00100323&order_time=2020-11-21 HTTP/1.1" 200 413
101.85.228.137 - - [21/Nov/2020:11:20:22 +0800] "GET /xingrg/kc/buy/cgsh_order_operate.html?command=get_materiel&rest_code=00102&code=00101008088&supplier_code=00100008&order_time=2020-11-21 HTTP/1.1" 200 408
117.185.32.26 - - [21/Nov/2020:11:20:24 +0800] "GET /xingrg/all/function/internal_message.html?_=1605928816747&CODE_STATE=getMsg HTTP/1.1" 200 27
101.85.228.137 - - [21/Nov/2020:11:20:26 +0800] "GET /xingrg/kc/buy/cgsh_order_operate.html?command=get_materiel&rest_code=00102&code=00101009088&supplier_code=00100424&order_time=2020-11-21 HTTP/1.1" 200 391
120.253.135.82 - - [21/Nov/2020:11:20:26 +0800] "GET /xingrg/all/function/internal_message.html?_=1605928570368&CODE_STATE=getMsg HTTP/1.1" 200 27
101.85.228.137 - - [21/Nov/2020:11:20:30 +0800] "GET /xingrg/kc/buy/cgsh_order_operate.html?command=get_materiel&rest_code=00102&code=00101008003&supplier_code=00100008&order_time=2020-11-21 HTTP/1.1" 200 408
180.162.245.190 - - [21/Nov/2020:11:20:30 +0800] "GET /xingrg/kc/base/wldb_order_operate.html?command=get_materiel&rest_code=00105&base_code=0010507&code=00101019493 HTTP/1.1" 200 474
180.174.56.115 - - [21/Nov/2020:11:20:32 +0800] "POST /xingrg/kc/buy/cgsh_order_operate.html HTTP/1.1" 200 37
101.85.228.137 - - [21/Nov/2020:11:20:33 +0800] "GET /xingrg/check_reg.html?_=1605928830496 HTTP/1.1" 200 22
101.85.228.137 - - [21/Nov/2020:11:20:34 +0800] "GET /xingrg/all/function/internal_message.html?_=1605928831475&CODE_STATE=getMsg HTTP/1.1" 200 27
116.228.172.94 - - [21/Nov/2020:11:20:36 +0800] "POST /xingrg/kc/buy/cgsh_order_operate.html HTTP/1.1" 200 37
180.174.56.115 - - [21/Nov/2020:11:20:36 +0800] "POST /xingrg/kc/buy/cgsh_order_operate.html HTTP/1.1" 200 12
101.85.228.137 - - [21/Nov/2020:11:20:37 +0800] "GET /xingrg/kc/buy/cgsh_order_operate.html?command=get_materiel&rest_code=00102&code=00101008361&supplier_code=00100008&order_time=2020-11-21 HTTP/1.1" 200 408
116.228.172.94 - - [21/Nov/2020:11:20:37 +0800] "POST /xingrg/kc/buy/cgsh_order_operate.html HTTP/1.1" 200 48738
180.174.56.115 - - [21/Nov/2020:11:20:37 +0800] "GET /xingrg/kc/buy/cgsh_order_info.html?code=212020112108272 HTTP/1.1" 200 55589
180.174.56.115 - - [21/Nov/2020:11:20:38 +0800] "GET /xingrg/javascript/easyui/themes/default/validatebox.css HTTP/1.1" 404 1104
180.174.56.115 - - [21/Nov/2020:11:20:38 +0800] "POST /xingrg/kc/buy/cgsh_order_operate.html HTTP/1.1" 200 614
180.174.56.115 - - [21/Nov/2020:11:20:40 +0800] "GET /xingrg/all/function/internal_message.html?_=1605928807146&CODE_STATE=getMsg HTTP/1.1" 200 27
114.84.37.38 - - [21/Nov/2020:11:20:40 +0800] "POST /xingrg/kc/buy/cgsh_order_operate.html HTTP/1.1" 200 37
180.174.56.115 - - [21/Nov/2020:11:20:40 +0800] "GET /xingrg/kc/print/load_data.html?order_code=212020112108272&kc_code=cgsh&condition= HTTP/1.1" 200 746
180.162.245.190 - - [21/Nov/2020:11:20:40 +0800] "POST /xingrg/kc/base/wldb_order_operate.html HTTP/1.1" 200 37
180.162.245.190 - - [21/Nov/2020:11:20:41 +0800] "POST /xingrg/kc/base/wldb_order_operate.html HTTP/1.1" 200 2718
180.162.245.190 - - [21/Nov/2020:11:20:41 +0800] "GET /xingrg/kc/base/wldb_order_info.html?code=422020112102291 HTTP/1.1" 200 30603
180.162.245.190 - - [21/Nov/2020:11:20:42 +0800] "GET /xingrg/javascript/easyui/themes/default/validatebox.css HTTP/1.1" 404 1104
180.162.245.190 - - [21/Nov/2020:11:20:42 +0800] "POST /xingrg/kc/base/wldb_order_operate.html HTTP/1.1" 200 2718
101.85.228.137 - - [21/Nov/2020:11:20:42 +0800] "GET /xingrg/kc/buy/cgsh_order_operate.html?command=get_materiel&rest_code=00102&code=00101008067&supplier_code=00100008&order_time=2020-11-21 HTTP/1.1" 200 416
114.84.37.38 - - [21/Nov/2020:11:20:43 +0800] "POST /xingrg/kc/buy/cgsh_order_operate.html HTTP/1.1" 200 6830
117.185.32.26 - - [21/Nov/2020:11:20:44 +0800] "GET /xingrg/kc/buy/buy_main.html HTTP/1.1" 200 12412
117.185.32.26 - - [21/Nov/2020:11:20:44 +0800] "GET /xingrg/css/new_ie.css HTTP/1.1" 404 1036
180.174.56.115 - - [21/Nov/2020:11:20:44 +0800] "GET /xingrg/all/function/internal_message.html?_=1605928841246&CODE_STATE=getMsg HTTP/1.1" 200 27
180.174.56.115 - - [21/Nov/2020:11:20:45 +0800] "GET /xingrg/kc/buy/cgsh_order_add.html HTTP/1.1" 200 60678
114.84.37.38 - - [21/Nov/2020:11:20:45 +0800] "GET /xingrg/kc/buy/cgsh_order_add.html HTTP/1.1" 200 60748
117.185.32.26 - - [21/Nov/2020:11:20:45 +0800] "GET /xingrg/kc/buy/cgsh_order_list.html HTTP/1.1" 200 45004
180.174.56.115 - - [21/Nov/2020:11:20:45 +0800] "POST /xingrg/kc/buy/cgsh_order_operate.html HTTP/1.1" 200 8245
180.174.56.115 - - [21/Nov/2020:11:20:45 +0800] "GET /xingrg/javascript/easyui/themes/default/validatebox.css HTTP/1.1" 404 1104
117.184.7.26 - - [21/Nov/2020:11:20:46 +0800] "GET /xingrg/kc/buy/cgsh_order_operate.html?command=get_materiel&rest_code=00108&code=00101008095&supplier_code=00100008&order_time=2020-11-21 HTTP/1.1" 200 412
114.84.37.38 - - [21/Nov/2020:11:20:47 +0800] "POST /xingrg/kc/buy/cgsh_order_operate.html HTTP/1.1" 200 8245
117.185.32.26 - - [21/Nov/2020:11:20:47 +0800] "POST /xingrg/kc/buy/cgsh_list_operate.html HTTP/1.1" 200 1682
114.84.37.38 - - [21/Nov/2020:11:20:47 +0800] "GET /xingrg/javascript/easyui/themes/default/validatebox.css HTTP/1.1" 404 1104
114.84.145.85 - - [21/Nov/2020:11:20:47 +0800] "GET /xingrg/all/function/internal_message.html?_=1605928439510&CODE_STATE=getMsg HTTP/1.1" 200 27
101.85.95.39 - - [21/Nov/2020:11:20:47 +0800] "GET /xingrg/all/function/internal_message.html?_=1605928580509&CODE_STATE=getMsg HTTP/1.1" 200 27
101.85.228.137 - - [21/Nov/2020:11:20:49 +0800] "GET /xingrg/kc/buy/cgsh_order_operate.html?command=get_materiel&rest_code=00102&code=00101008356&supplier_code=00100008&order_time=2020-11-21 HTTP/1.1" 200 408
114.84.145.85 - - [21/Nov/2020:11:20:49 +0800] "GET /xingrg/all/function/internal_message.html?_=1605928846153&CODE_STATE=getMsg HTTP/1.1" 200 27
117.185.32.26 - - [21/Nov/2020:11:20:50 +0800] "GET /xingrg/kc/buy/cgsh_order_operate.html?command=get_materiel&rest_code=00106&code=00101005056&supplier_code=00100323&order_time=2020-11-21 HTTP/1.1" 200 411
117.185.32.26 - - [21/Nov/2020:11:20:50 +0800] "POST /xingrg/kc/buy/cgsh_list_operate.html HTTP/1.1" 200 5904
117.184.7.26 - - [21/Nov/2020:11:20:51 +0800] "POST /xingrg/kc/buy/cgsh_order_operate.html HTTP/1.1" 200 2065
116.228.172.94 - - [21/Nov/2020:11:20:52 +0800] "GET /xingrg/kc/buy/cgsh_order_add.html HTTP/1.1" 200 60830
180.174.56.115 - - [21/Nov/2020:11:20:52 +0800] "GET /xingrg/kc/buy/cgsh_order_operate.html?command=get_materiel&rest_code=00150&code=00101007085&supplier_code=00100328&order_time=2020-11-21 HTTP/1.1" 200 413
101.85.228.137 - - [21/Nov/2020:11:20:54 +0800] "GET /xingrg/kc/buy/cgsh_order_operate.html?command=get_materiel&rest_code=00102&code=00101008300&supplier_code=00100008&order_time=2020-11-21 HTTP/1.1" 200 412
116.228.172.94 - - [21/Nov/2020:11:20:54 +0800] "POST /xingrg/kc/buy/cgsh_order_operate.html HTTP/1.1" 200 8245
116.228.172.94 - - [21/Nov/2020:11:20:54 +0800] "GET /xingrg/javascript/easyui/themes/default/validatebox.css HTTP/1.1" 404 1104
117.185.32.26 - - [21/Nov/2020:11:20:55 +0800] "GET /xingrg/all/function/internal_message.html?_=1605929293026&CODE_STATE=getMsg HTTP/1.1" 200 27
117.184.7.26 - - [21/Nov/2020:11:20:55 +0800] "GET /xingrg/check_reg.html?_=1605928844573 HTTP/1.1" 200 22
101.85.228.137 - - [21/Nov/2020:11:20:55 +0800] "GET /xingrg/all/function/internal_message.html?_=1605929077054&CODE_STATE=getMsg HTTP/1.1" 200 27
117.184.7.26 - - [21/Nov/2020:11:20:56 +0800] "GET /xingrg/all/function/internal_message.html?_=1605928844761&CODE_STATE=getMsg HTTP/1.1" 200 27
180.162.245.190 - - [21/Nov/2020:11:20:56 +0800] "GET /xingrg/kc/base/wldb_order_add.html HTTP/1.1" 200 30587
180.162.245.190 - - [21/Nov/2020:11:20:56 +0800] "POST /xingrg/kc/base/wldb_order_operate.html HTTP/1.1" 200 6806
180.162.245.190 - - [21/Nov/2020:11:20:56 +0800] "GET /xingrg/javascript/easyui/themes/default/validatebox.css HTTP/1.1" 404 1104
117.185.32.26 - - [21/Nov/2020:11:20:57 +0800] "POST /xingrg/kc/buy/cgsh_list_operate.html HTTP/1.1" 200 6014
180.162.245.190 - - [21/Nov/2020:11:20:58 +0800] "POST /xingrg/all/common/load_combo.html?type=base HTTP/1.1" 200 3236
101.85.228.137 - - [21/Nov/2020:11:20:59 +0800] "GET /xingrg/kc/buy/cgsh_order_operate.html?command=get_materiel&rest_code=00102&code=00101008251&supplier_code=00100008&order_time=2020-11-21 HTTP/1.1" 200 408
116.228.172.94 - - [21/Nov/2020:11:21:00 +0800] "GET /xingrg/all/function/internal_message.html?_=1605928848051&CODE_STATE=getMsg HTTP/1.1" 200 27
180.162.245.190 - - [21/Nov/2020:11:21:01 +0800] "POST /xingrg/all/common/load_combo.html?type=base HTTP/1.1" 200 3236
117.185.32.26 - - [21/Nov/2020:11:21:01 +0800] "POST /xingrg/kc/buy/cgsh_list_operate.html HTTP/1.1" 200 6040
114.84.37.38 - - [21/Nov/2020:11:21:01 +0800] "GET /xingrg/kc/buy/cgsh_order_operate.html?command=get_materiel&rest_code=00146&code=00101004011&supplier_code=00100086&order_time=2020-11-21 HTTP/1.1" 200 433
180.174.56.115 - - [21/Nov/2020:11:21:03 +0800] "POST /xingrg/kc/buy/cgsh_order_operate.html HTTP/1.1" 200 37
101.85.228.137 - - [21/Nov/2020:11:21:04 +0800] "GET /xingrg/kc/buy/cgsh_order_operate.html?command=get_materiel&rest_code=00102&code=00101008137&supplier_code=00100008&order_time=2020-11-21 HTTP/1.1" 200 408
180.174.56.115 - - [21/Nov/2020:11:21:05 +0800] "POST /xingrg/kc/buy/cgsh_order_operate.html HTTP/1.1" 200 12
180.174.56.115 - - [21/Nov/2020:11:21:06 +0800] "GET /xingrg/kc/buy/cgsh_order_info.html?code=212020112108273 HTTP/1.1" 200 55589
180.174.56.115 - - [21/Nov/2020:11:21:07 +0800] "GET /xingrg/javascript/easyui/themes/default/validatebox.css HTTP/1.1" 404 1104
180.174.56.115 - - [21/Nov/2020:11:21:07 +0800] "POST /xingrg/kc/buy/cgsh_order_operate.html HTTP/1.1" 200 606
117.185.32.26 - - [21/Nov/2020:11:21:08 +0800] "POST /xingrg/kc/buy/cgsh_list_operate.html HTTP/1.1" 200 5904
114.84.37.38 - - [21/Nov/2020:11:21:08 +0800] "GET /xingrg/check_reg.html?_=1605928876938 HTTP/1.1" 200 22
180.174.56.115 - - [21/Nov/2020:11:21:08 +0800] "GET /xingrg/kc/print/load_data.html?order_code=212020112108273&kc_code=cgsh&condition= HTTP/1.1" 200 730
101.85.228.137 - - [21/Nov/2020:11:21:09 +0800] "GET /xingrg/kc/buy/cgsh_order_operate.html?command=get_materiel&rest_code=00102&code=00101008343&supplier_code=00100008&order_time=2020-11-21 HTTP/1.1" 200 412
114.84.37.38 - - [21/Nov/2020:11:21:10 +0800] "GET /xingrg/all/function/internal_message.html?_=1605928879391&CODE_STATE=getMsg HTTP/1.1" 200 27
180.162.245.190 - - [21/Nov/2020:11:21:11 +0800] "GET /xingrg/kc/base/wldb_order_operate.html?command=get_materiel&rest_code=00105&base_code=0010507&code=00101011005 HTTP/1.1" 200 430
172.17.0.102 - - [21/Nov/2020:11:21:12 +0800] "GET /xingrg/all/function/internal_message.html?_=1605928870575&CODE_STATE=getMsg HTTP/1.1" 200 27
58.35.246.33 - - [21/Nov/2020:11:21:12 +0800] "GET /xingrg/check_reg.html?_=1605928981751 HTTP/1.1" 200 22
58.35.246.33 - - [21/Nov/2020:11:21:12 +0800] "GET /xingrg/all/function/internal_message.html?_=1605928981752&CODE_STATE=getMsg HTTP/1.1" 200 27
180.174.56.115 - - [21/Nov/2020:11:21:14 +0800] "GET /xingrg/kc/buy/cgsh_order_add.html HTTP/1.1" 200 60678
180.174.56.115 - - [21/Nov/2020:11:21:14 +0800] "GET /xingrg/javascript/easyui/themes/default/validatebox.css HTTP/1.1" 404 1104
180.174.56.115 - - [21/Nov/2020:11:21:14 +0800] "POST /xingrg/kc/buy/cgsh_order_operate.html HTTP/1.1" 200 8245
58.40.7.146 - - [21/Nov/2020:11:21:16 +0800] "GET /xingrg/check_reg.html?_=1605928872622 HTTP/1.1" 200 22
58.40.7.146 - - [21/Nov/2020:11:21:16 +0800] "GET /xingrg/all/function/internal_message.html?_=1605928872625&CODE_STATE=getMsg HTTP/1.1" 200 27
117.185.32.26 - - [21/Nov/2020:11:21:16 +0800] "POST /xingrg/kc/buy/cgsh_list_operate.html HTTP/1.1" 200 6014
101.85.228.137 - - [21/Nov/2020:11:21:16 +0800] "GET /xingrg/kc/buy/cgsh_order_operate.html?command=get_materiel&rest_code=00102&code=00101008069&supplier_code=00100008&order_time=2020-11-21 HTTP/1.1" 200 412
180.162.245.190 - - [21/Nov/2020:11:21:17 +0800] "GET /xingrg/all/function/internal_message.html?_=1605928855057&CODE_STATE=getMsg HTTP/1.1" 200 27
117.184.7.26 - - [21/Nov/2020:11:21:17 +0800] "GET /xingrg/kc/buy/cgsh_order_operate.html?command=get_materiel&rest_code=00108&code=00101008223&supplier_code=00100008&order_time=2020-11-21 HTTP/1.1" 200 412
180.162.245.190 - - [21/Nov/2020:11:21:19 +0800] "POST /xingrg/kc/base/wldb_order_operate.html HTTP/1.1" 200 37
180.162.245.190 - - [21/Nov/2020:11:21:19 +0800] "POST /xingrg/kc/base/wldb_order_operate.html HTTP/1.1" 200 2180
180.162.245.190 - - [21/Nov/2020:11:21:20 +0800] "GET /xingrg/kc/base/wldb_order_info.html?code=422020112102292 HTTP/1.1" 200 30601
180.162.245.190 - - [21/Nov/2020:11:21:20 +0800] "GET /xingrg/javascript/easyui/themes/default/validatebox.css HTTP/1.1" 404 1104
180.162.245.190 - - [21/Nov/2020:11:21:20 +0800] "POST /xingrg/kc/base/wldb_order_operate.html HTTP/1.1" 200 2180
117.185.32.26 - - [21/Nov/2020:11:21:21 +0800] "POST /xingrg/kc/buy/cgsh_list_operate.html HTTP/1.1" 200 6040
117.185.32.26 - - [21/Nov/2020:11:21:21 +0800] "GET /xingrg/kc/buy/cgsh_order_operate.html?command=get_materiel&rest_code=00106&code=00101007112&supplier_code=00100323&order_time=2020-11-21 HTTP/1.1" 200 409
117.185.32.26 - - [21/Nov/2020:11:21:24 +0800] "GET /xingrg/all/function/internal_message.html?_=1605928876721&CODE_STATE=getMsg HTTP/1.1" 200 27
117.185.32.26 - - [21/Nov/2020:11:21:24 +0800] "GET /xingrg/check_reg.html?_=1605928876900 HTTP/1.1" 200 22
101.85.228.137 - - [21/Nov/2020:11:21:24 +0800] "POST /xingrg/kc/buy/cgsh_order_operate.html HTTP/1.1" 200 2065
116.228.172.94 - - [21/Nov/2020:11:21:24 +0800] "GET /xingrg/kc/buy/cgsh_order_operate.html?command=get_materiel&rest_code=00107&code=00101011010&supplier_code=00100049&order_time=2020-11-21 HTTP/1.1" 200 418
117.184.7.26 - - [21/Nov/2020:11:21:26 +0800] "POST /xingrg/kc/buy/cgsh_order_operate.html HTTP/1.1" 200 37
120.253.135.82 - - [21/Nov/2020:11:21:26 +0800] "GET /xingrg/check_reg.html?_=1605928931757 HTTP/1.1" 200 22
120.253.135.82 - - [21/Nov/2020:11:21:26 +0800] "GET /xingrg/all/function/internal_message.html?_=1605928630415&CODE_STATE=getMsg HTTP/1.1" 200 27
117.184.7.26 - - [21/Nov/2020:11:21:27 +0800] "POST /xingrg/kc/buy/cgsh_order_operate.html HTTP/1.1" 200 36283
101.85.228.137 - - [21/Nov/2020:11:21:28 +0800] "GET /xingrg/kc/buy/cgsh_order_operate.html?command=get_materiel&rest_code=00102&code=00101008296&supplier_code=00100008&order_time=2020-11-21 HTTP/1.1" 200 416
117.185.32.26 - - [21/Nov/2020:11:21:31 +0800] "POST /xingrg/kc/buy/cgsh_list_operate.html HTTP/1.1" 200 6029
101.85.228.137 - - [21/Nov/2020:11:21:34 +0800] "GET /xingrg/all/function/internal_message.html?_=1605928891486&CODE_STATE=getMsg HTTP/1.1" 200 27
117.185.32.26 - - [21/Nov/2020:11:21:34 +0800] "POST /xingrg/kc/buy/cgsh_list_operate.html HTTP/1.1" 200 6060
180.174.56.115 - - [21/Nov/2020:11:21:39 +0800] "GET /xingrg/kc/buy/cgsh_order_operate.html?command=get_materiel&rest_code=00150&code=00101007069&supplier_code=00100324&order_time=2020-11-21 HTTP/1.1" 200 415
180.174.56.115 - - [21/Nov/2020:11:21:40 +0800] "GET /xingrg/all/function/internal_message.html?_=1605928867159&CODE_STATE=getMsg HTTP/1.1" 200 27
116.228.172.94 - - [21/Nov/2020:11:21:40 +0800] "GET /xingrg/kc/buy/cgsh_order_operate.html?command=get_materiel&rest_code=00107&code=00101011001&supplier_code=00100049&order_time=2020-11-21 HTTP/1.1" 200 423
117.185.32.26 - - [21/Nov/2020:11:21:43 +0800] "GET /xingrg/kc/buy/cgsh_order_operate.html?command=get_materiel&rest_code=00106&code=00101010082&supplier_code=00100323&order_time=2020-11-21 HTTP/1.1" 200 425
120.253.135.82 - - [21/Nov/2020:11:21:43 +0800] "GET /xingrg/javascript/jquery_easy_ui/themes/default/images/tabs_active.png HTTP/1.1" 200 2894
180.162.245.190 - - [21/Nov/2020:11:21:44 +0800] "GET /xingrg/kc/base/wldb_order_add.html HTTP/1.1" 200 30587
180.162.245.190 - - [21/Nov/2020:11:21:44 +0800] "POST /xingrg/kc/base/wldb_order_operate.html HTTP/1.1" 200 6806
180.162.245.190 - - [21/Nov/2020:11:21:44 +0800] "GET /xingrg/javascript/easyui/themes/default/validatebox.css HTTP/1.1" 404 1104
180.174.56.115 - - [21/Nov/2020:11:21:44 +0800] "GET /xingrg/all/function/internal_message.html?_=1605928901242&CODE_STATE=getMsg HTTP/1.1" 200 27
180.162.245.190 - - [21/Nov/2020:11:21:45 +0800] "POST /xingrg/all/common/load_combo.html?type=base HTTP/1.1" 200 3236
114.84.145.85 - - [21/Nov/2020:11:21:47 +0800] "GET /xingrg/check_reg.html?_=1605928499510 HTTP/1.1" 200 22
101.85.95.39 - - [21/Nov/2020:11:21:47 +0800] "GET /xingrg/all/function/internal_message.html?_=1605928640483&CODE_STATE=getMsg HTTP/1.1" 200 27
114.84.145.85 - - [21/Nov/2020:11:21:48 +0800] "GET /xingrg/all/function/internal_message.html?_=1605928499509&CODE_STATE=getMsg HTTP/1.1" 200 27
101.85.95.39 - - [21/Nov/2020:11:21:48 +0800] "GET /xingrg/check_reg.html?_=1605928640828 HTTP/1.1" 200 22
114.84.145.85 - - [21/Nov/2020:11:21:49 +0800] "GET /xingrg/all/function/internal_message.html?_=1605928906128&CODE_STATE=getMsg HTTP/1.1" 200 27
180.162.245.190 - - [21/Nov/2020:11:21:50 +0800] "POST /xingrg/all/common/load_combo.html?type=base HTTP/1.1" 200 3236
101.85.228.137 - - [21/Nov/2020:11:21:50 +0800] "GET /xingrg/check_reg.html?_=1605929131996 HTTP/1.1" 200 22
116.228.172.94 - - [21/Nov/2020:11:21:51 +0800] "GET /xingrg/kc/buy/cgsh_order_operate.html?command=get_materiel&rest_code=00107&code=00101011002&supplier_code=00100049&order_time=2020-11-21 HTTP/1.1" 200 426
114.84.37.38 - - [21/Nov/2020:11:21:51 +0800] "GET /xingrg/kc/buy/cgsh_order_operate.html?command=get_materiel&rest_code=00146&code=00101004065&supplier_code=00100086&order_time=2020-11-21 HTTP/1.1" 200 435
101.85.228.137 - - [21/Nov/2020:11:21:51 +0800] "GET /xingrg/kc/buy/cgsh_order_operate.html?command=get_materiel&rest_code=00102&code=00101008298&supplier_code=00100008&order_time=2020-11-21 HTTP/1.1" 200 412
101.85.228.137 - - [21/Nov/2020:11:21:55 +0800] "GET /xingrg/all/function/internal_message.html?_=1605929137066&CODE_STATE=getMsg HTTP/1.1" 200 27
117.184.7.26 - - [21/Nov/2020:11:21:56 +0800] "GET /xingrg/all/function/internal_message.html?_=1605928904743&CODE_STATE=getMsg HTTP/1.1" 200 27
120.253.135.82 - - [21/Nov/2020:11:21:57 +0800] "GET /xingrg/javascript/jquery_easy_ui/themes/default/images/tabs_active.png HTTP/1.1" 200 2894
117.185.32.26 - - [21/Nov/2020:11:21:58 +0800] "POST /xingrg/kc/buy/cgsh_order_operate.html HTTP/1.1" 200 37
101.85.228.137 - - [21/Nov/2020:11:21:58 +0800] "GET /xingrg/kc/buy/cgsh_order_operate.html?command=get_materiel&rest_code=00102&code=00101008225&supplier_code=00100008&order_time=2020-11-21 HTTP/1.1" 200 416
116.228.172.94 - - [21/Nov/2020:11:22:00 +0800] "GET /xingrg/all/function/internal_message.html?_=1605928908036&CODE_STATE=getMsg HTTP/1.1" 200 27
117.185.32.26 - - [21/Nov/2020:11:22:00 +0800] "POST /xingrg/kc/buy/cgsh_order_operate.html HTTP/1.1" 200 12
117.185.32.26 - - [21/Nov/2020:11:22:00 +0800] "GET /xingrg/kc/buy/cgsh_order_info.html?code=212020112108274 HTTP/1.1" 200 55648
58.35.246.33 - - [21/Nov/2020:11:22:01 +0800] "GET /xingrg/kc/base/wldb_order_operate.html?command=get_materiel&rest_code=00111&base_code=0010283&code=00101019062 HTTP/1.1" 200 450
117.185.32.26 - - [21/Nov/2020:11:22:01 +0800] "GET /xingrg/javascript/easyui/themes/default/validatebox.css HTTP/1.1" 404 1104
117.185.32.26 - - [21/Nov/2020:11:22:01 +0800] "POST /xingrg/kc/buy/cgsh_order_operate.html HTTP/1.1" 200 2405
180.174.56.115 - - [21/Nov/2020:11:22:05 +0800] "POST /xingrg/kc/buy/cgsh_order_operate.html HTTP/1.1" 200 64
101.85.228.137 - - [21/Nov/2020:11:22:06 +0800] "POST /xingrg/kc/buy/cgsh_order_operate.html HTTP/1.1" 200 37
117.185.32.26 - - [21/Nov/2020:11:22:06 +0800] "GET /xingrg/kc/print/load_data.html?order_code=212020112108274&kc_code=cgsh&condition= HTTP/1.1" 200 1402
101.85.228.137 - - [21/Nov/2020:11:22:06 +0800] "POST /xingrg/kc/buy/cgsh_order_operate.html HTTP/1.1" 200 16246
101.85.228.137 - - [21/Nov/2020:11:22:07 +0800] "GET /xingrg/kc/buy/cgsh_order_add.html HTTP/1.1" 200 60707
180.162.245.190 - - [21/Nov/2020:11:22:08 +0800] "GET /xingrg/kc/base/wldb_order_operate.html?command=get_materiel&rest_code=00105&base_code=0010507&code=00101016044 HTTP/1.1" 200 464
101.85.228.137 - - [21/Nov/2020:11:22:08 +0800] "POST /xingrg/kc/buy/cgsh_order_operate.html HTTP/1.1" 200 8245
101.85.228.137 - - [21/Nov/2020:11:22:09 +0800] "GET /xingrg/javascript/easyui/themes/default/validatebox.css HTTP/1.1" 404 1104
114.84.37.38 - - [21/Nov/2020:11:22:10 +0800] "POST /xingrg/kc/buy/cgsh_order_operate.html HTTP/1.1" 200 37
180.174.56.115 - - [21/Nov/2020:11:22:10 +0800] "POST /xingrg/kc/buy/cgsh_order_operate.html HTTP/1.1" 200 88
114.84.37.38 - - [21/Nov/2020:11:22:10 +0800] "GET /xingrg/all/function/internal_message.html?_=1605928939404&CODE_STATE=getMsg HTTP/1.1" 200 27
114.84.37.38 - - [21/Nov/2020:11:22:11 +0800] "POST /xingrg/kc/buy/cgsh_order_operate.html HTTP/1.1" 200 3257
172.17.0.102 - - [21/Nov/2020:11:22:12 +0800] "GET /xingrg/all/function/internal_message.html?_=1605928930601&CODE_STATE=getMsg HTTP/1.1" 200 27
58.35.246.33 - - [21/Nov/2020:11:22:12 +0800] "GET /xingrg/all/function/internal_message.html?_=1605929041801&CODE_STATE=getMsg HTTP/1.1" 200 27
180.174.56.115 - - [21/Nov/2020:11:22:14 +0800] "POST /xingrg/kc/buy/cgsh_order_operate.html HTTP/1.1" 200 37
114.84.37.38 - - [21/Nov/2020:11:22:14 +0800] "GET /xingrg/kc/print/load_data.html?order_code=212020112108277&kc_code=cgsh&condition= HTTP/1.1" 200 967
180.174.56.115 - - [21/Nov/2020:11:22:15 +0800] "POST /xingrg/kc/buy/cgsh_order_operate.html HTTP/1.1" 200 2662
58.40.7.146 - - [21/Nov/2020:11:22:16 +0800] "GET /xingrg/all/function/internal_message.html?_=1605928932629&CODE_STATE=getMsg HTTP/1.1" 200 27
180.162.245.190 - - [21/Nov/2020:11:22:17 +0800] "GET /xingrg/check_reg.html?_=1605928915403 HTTP/1.1" 200 22
180.162.245.190 - - [21/Nov/2020:11:22:17 +0800] "GET /xingrg/all/function/internal_message.html?_=1605928915212&CODE_STATE=getMsg HTTP/1.1" 200 27
117.185.32.26 - - [21/Nov/2020:11:22:19 +0800] "GET /xingrg/kc/buy/cgsh_order_add.html HTTP/1.1" 200 60742
180.162.245.190 - - [21/Nov/2020:11:22:20 +0800] "GET /xingrg/kc/base/wldb_order_operate.html?command=get_materiel&rest_code=00105&base_code=0010507&code=00101019542 HTTP/1.1" 200 447
117.185.32.26 - - [21/Nov/2020:11:22:20 +0800] "GET /xingrg/javascript/easyui/themes/default/validatebox.css HTTP/1.1" 404 1104
117.185.32.26 - - [21/Nov/2020:11:22:20 +0800] "POST /xingrg/kc/buy/cgsh_order_operate.html HTTP/1.1" 200 8245
114.84.145.85 - - [21/Nov/2020:11:22:20 +0800] "POST /xingrg/kc/buy/cgsh_order_operate.html HTTP/1.1" 200 37
180.174.56.115 - - [21/Nov/2020:11:22:21 +0800] "POST /xingrg/kc/buy/cgsh_order_operate.html HTTP/1.1" 200 37
117.185.32.26 - - [21/Nov/2020:11:22:22 +0800] "GET /xingrg/javascript/easyui/themes/default/tree.css HTTP/1.1" 404 1090
117.185.32.26 - - [21/Nov/2020:11:22:22 +0800] "POST /xingrg/all/common/load_tree.html?tree=supplier_tree_json&isDelete=1 HTTP/1.1" 200 51980
117.185.32.26 - - [21/Nov/2020:11:22:24 +0800] "GET /xingrg/all/function/internal_message.html?_=1605928936710&CODE_STATE=getMsg HTTP/1.1" 200 27
180.174.56.115 - - [21/Nov/2020:11:22:24 +0800] "POST /xingrg/kc/buy/cgsh_order_operate.html HTTP/1.1" 200 12
114.84.145.85 - - [21/Nov/2020:11:22:26 +0800] "POST /xingrg/kc/buy/cgsh_order_operate.html HTTP/1.1" 200 12
180.174.56.115 - - [21/Nov/2020:11:22:26 +0800] "GET /xingrg/kc/buy/cgsh_order_info.html?code=212020112108279 HTTP/1.1" 200 55589
180.174.56.115 - - [21/Nov/2020:11:22:26 +0800] "GET /xingrg/javascript/easyui/themes/default/validatebox.css HTTP/1.1" 404 1104
114.84.145.85 - - [21/Nov/2020:11:22:26 +0800] "GET /xingrg/kc/buy/cgsh_order_info.html?code=212020112108190 HTTP/1.1" 200 55651
180.174.56.115 - - [21/Nov/2020:11:22:27 +0800] "POST /xingrg/kc/buy/cgsh_order_operate.html HTTP/1.1" 200 612
120.253.135.82 - - [21/Nov/2020:11:22:27 +0800] "GET /xingrg/all/function/internal_message.html?_=1605928690457&CODE_STATE=getMsg HTTP/1.1" 200 27
114.84.145.85 - - [21/Nov/2020:11:22:27 +0800] "GET /xingrg/javascript/easyui/themes/default/validatebox.css HTTP/1.1" 404 1104
114.84.145.85 - - [21/Nov/2020:11:22:27 +0800] "POST /xingrg/kc/buy/cgsh_order_operate.html HTTP/1.1" 200 48469
180.174.56.115 - - [21/Nov/2020:11:22:28 +0800] "GET /xingrg/kc/print/load_data.html?order_code=212020112108279&kc_code=cgsh&condition= HTTP/1.1" 200 747
114.84.145.85 - - [21/Nov/2020:11:22:28 +0800] "GET /xingrg/kc/print/load_data.html?order_code=212020112108190&kc_code=cgsh&condition= HTTP/1.1" 200 18798
114.84.37.38 - - [21/Nov/2020:11:22:32 +0800] "GET /xingrg/kc/buy/cgsh_order_add.html HTTP/1.1" 200 60748
180.174.56.115 - - [21/Nov/2020:11:22:34 +0800] "GET /xingrg/kc/buy/cgsh_order_add.html HTTP/1.1" 200 60678
180.174.56.115 - - [21/Nov/2020:11:22:34 +0800] "POST /xingrg/kc/buy/cgsh_order_operate.html HTTP/1.1" 200 8245
180.174.56.115 - - [21/Nov/2020:11:22:34 +0800] "GET /xingrg/javascript/easyui/themes/default/validatebox.css HTTP/1.1" 404 1104
114.84.37.38 - - [21/Nov/2020:11:22:34 +0800] "POST /xingrg/kc/buy/cgsh_order_operate.html HTTP/1.1" 200 8245
101.85.228.137 - - [21/Nov/2020:11:22:34 +0800] "GET /xingrg/all/function/internal_message.html?_=1605928951899&CODE_STATE=getMsg HTTP/1.1" 200 27
114.84.37.38 - - [21/Nov/2020:11:22:34 +0800] "GET /xingrg/javascript/easyui/themes/default/validatebox.css HTTP/1.1" 404 1104
116.228.172.94 - - [21/Nov/2020:11:22:39 +0800] "POST /xingrg/kc/buy/cgsh_order_operate.html HTTP/1.1" 200 37
117.185.32.26 - - [21/Nov/2020:11:22:39 +0800] "GET /xingrg/kc/buy/cgsh_order_operate.html?command=get_materiel&rest_code=00106&code=00101004051&supplier_code=00100312&order_time=2020-11-21 HTTP/1.1" 200 408
180.174.56.115 - - [21/Nov/2020:11:22:40 +0800] "GET /xingrg/all/function/internal_message.html?_=1605928927173&CODE_STATE=getMsg HTTP/1.1" 200 27
116.228.172.94 - - [21/Nov/2020:11:22:40 +0800] "POST /xingrg/kc/buy/cgsh_order_operate.html HTTP/1.1" 200 3265
114.84.145.85 - - [21/Nov/2020:11:22:40 +0800] "GET /xingrg/kc/buy/cgsh_order_add.html HTTP/1.1" 200 60748
114.84.145.85 - - [21/Nov/2020:11:22:41 +0800] "POST /xingrg/kc/buy/cgsh_order_operate.html HTTP/1.1" 200 8245
114.84.145.85 - - [21/Nov/2020:11:22:41 +0800] "GET /xingrg/javascript/easyui/themes/default/validatebox.css HTTP/1.1" 404 1104
180.162.245.190 - - [21/Nov/2020:11:22:42 +0800] "GET /xingrg/kc/base/wldb_order_operate.html?command=get_materiel&rest_code=00105&base_code=0010507&code=00101019133 HTTP/1.1" 200 464
180.174.56.115 - - [21/Nov/2020:11:22:43 +0800] "GET /xingrg/kc/buy/cgsh_order_operate.html?command=get_materiel&rest_code=00150&code=00101006001&supplier_code=00100404&order_time=2020-11-21 HTTP/1.1" 200 428
180.174.56.115 - - [21/Nov/2020:11:22:44 +0800] "GET /xingrg/check_reg.html?_=1605928961252 HTTP/1.1" 200 22
180.174.56.115 - - [21/Nov/2020:11:22:44 +0800] "GET /xingrg/all/function/internal_message.html?_=1605928961256&CODE_STATE=getMsg HTTP/1.1" 200 27
101.85.95.39 - - [21/Nov/2020:11:22:47 +0800] "GET /xingrg/all/function/internal_message.html?_=1605928700453&CODE_STATE=getMsg HTTP/1.1" 200 27
114.84.145.85 - - [21/Nov/2020:11:22:47 +0800] "GET /xingrg/all/function/internal_message.html?_=1605928559524&CODE_STATE=getMsg HTTP/1.1" 200 27
114.84.145.85 - - [21/Nov/2020:11:22:49 +0800] "GET /xingrg/all/function/internal_message.html?_=1605928966127&CODE_STATE=getMsg HTTP/1.1" 200 27
114.84.145.85 - - [21/Nov/2020:11:22:50 +0800] "GET /xingrg/check_reg.html?_=1605928966761 HTTP/1.1" 200 22
114.84.145.85 - - [21/Nov/2020:11:22:50 +0800] "GET /xingrg/kc/buy/cgsh_order_operate.html?command=get_materiel&rest_code=00141&code=00101009050&supplier_code=00100022&order_time=2020-11-21 HTTP/1.1" 200 408
117.185.32.26 - - [21/Nov/2020:11:22:55 +0800] "GET /xingrg/all/function/internal_message.html?_=1605929413043&CODE_STATE=getMsg HTTP/1.1" 200 27
101.85.228.137 - - [21/Nov/2020:11:22:55 +0800] "GET /xingrg/all/function/internal_message.html?_=1605929197080&CODE_STATE=getMsg HTTP/1.1" 200 27
117.184.7.26 - - [21/Nov/2020:11:22:56 +0800] "GET /xingrg/all/function/internal_message.html?_=1605928964742&CODE_STATE=getMsg HTTP/1.1" 200 27
180.174.56.115 - - [21/Nov/2020:11:22:58 +0800] "POST /xingrg/kc/buy/cgsh_order_operate.html HTTP/1.1" 200 37
116.228.172.94 - - [21/Nov/2020:11:22:59 +0800] "GET /xingrg/check_reg.html?_=1605928967641 HTTP/1.1" 200 22
117.185.32.26 - - [21/Nov/2020:11:22:59 +0800] "GET /xingrg/kc/buy/cgsh_order_operate.html?command=get_materiel&rest_code=00106&code=00101004046&supplier_code=00100312&order_time=2020-11-21 HTTP/1.1" 200 417
116.228.172.94 - - [21/Nov/2020:11:22:59 +0800] "GET /xingrg/all/function/internal_message.html?_=1605928968008&CODE_STATE=getMsg HTTP/1.1" 200 27
180.162.245.190 - - [21/Nov/2020:11:23:00 +0800] "GET /xingrg/kc/base/wldb_order_operate.html?command=get_materiel&rest_code=00105&base_code=0010507&code=00101019276 HTTP/1.1" 200 459
180.174.56.115 - - [21/Nov/2020:11:23:01 +0800] "POST /xingrg/kc/buy/cgsh_order_operate.html HTTP/1.1" 200 12
180.174.56.115 - - [21/Nov/2020:11:23:03 +0800] "GET /xingrg/kc/buy/cgsh_order_info.html?code=212020112108281 HTTP/1.1" 200 55591
180.174.56.115 - - [21/Nov/2020:11:23:03 +0800] "GET /xingrg/javascript/easyui/themes/default/validatebox.css HTTP/1.1" 404 1104
180.174.56.115 - - [21/Nov/2020:11:23:03 +0800] "POST /xingrg/kc/buy/cgsh_order_operate.html HTTP/1.1" 200 625
180.174.56.115 - - [21/Nov/2020:11:23:05 +0800] "GET /xingrg/kc/print/load_data.html?order_code=212020112108281&kc_code=cgsh&condition= HTTP/1.1" 200 765
114.84.145.85 - - [21/Nov/2020:11:23:05 +0800] "GET /xingrg/kc/buy/cgsh_order_operate.html?command=get_materiel&rest_code=00141&code=00101009062&supplier_code=00100022&order_time=2020-11-21 HTTP/1.1" 200 412
101.85.228.137 - - [21/Nov/2020:11:23:07 +0800] "POST /xingrg/kc/buy/cgsh_order_operate.html HTTP/1.1" 200 37
101.85.228.137 - - [21/Nov/2020:11:23:10 +0800] "POST /xingrg/kc/buy/cgsh_order_operate.html HTTP/1.1" 200 9189
114.84.37.38 - - [21/Nov/2020:11:23:10 +0800] "GET /xingrg/all/function/internal_message.html?_=1605928999418&CODE_STATE=getMsg HTTP/1.1" 200 27
172.17.0.102 - - [21/Nov/2020:11:23:12 +0800] "GET /xingrg/all/function/internal_message.html?_=1605928990600&CODE_STATE=getMsg HTTP/1.1" 200 27
58.35.246.33 - - [21/Nov/2020:11:23:12 +0800] "GET /xingrg/all/function/internal_message.html?_=1605929101713&CODE_STATE=getMsg HTTP/1.1" 200 27
114.84.37.38 - - [21/Nov/2020:11:23:14 +0800] "GET /xingrg/kc/buy/cgsh_order_operate.html?command=get_materiel&rest_code=00146&code=00101002038&supplier_code=00100087&order_time=2020-11-21 HTTP/1.1" 200 416
120.253.135.82 - - [21/Nov/2020:11:23:15 +0800] "GET /xingrg/check_reg.html?_=1605928739069 HTTP/1.1" 200 22
180.174.56.115 - - [21/Nov/2020:11:23:15 +0800] "GET /xingrg/kc/buy/cgsh_order_add.html HTTP/1.1" 200 60678
58.40.7.146 - - [21/Nov/2020:11:23:16 +0800] "GET /xingrg/all/function/internal_message.html?_=1605928992617&CODE_STATE=getMsg HTTP/1.1" 200 27
180.174.56.115 - - [21/Nov/2020:11:23:16 +0800] "POST /xingrg/kc/buy/cgsh_order_operate.html HTTP/1.1" 200 8245
180.174.56.115 - - [21/Nov/2020:11:23:16 +0800] "GET /xingrg/javascript/easyui/themes/default/validatebox.css HTTP/1.1" 404 1104
117.185.32.26 - - [21/Nov/2020:11:23:17 +0800] "GET /xingrg/kc/buy/cgsh_order_operate.html?command=get_materiel&rest_code=00106&code=00101004067&supplier_code=00100312&order_time=2020-11-21 HTTP/1.1" 200 413
180.162.245.190 - - [21/Nov/2020:11:23:17 +0800] "GET /xingrg/all/function/internal_message.html?_=1605928975190&CODE_STATE=getMsg HTTP/1.1" 200 27
114.84.145.85 - - [21/Nov/2020:11:23:18 +0800] "GET /xingrg/kc/buy/cgsh_order_operate.html?command=get_materiel&rest_code=00141&code=00101009019&supplier_code=00100022&order_time=2020-11-21 HTTP/1.1" 200 412
180.157.253.48 - - [21/Nov/2020:11:23:20 +0800] "GET /xingrg/check_reg.html?_=1605929000478 HTTP/1.1" 200 22
101.85.228.137 - - [21/Nov/2020:11:23:21 +0800] "POST /xingrg/kc/buy/cgsh_order_operate.html HTTP/1.1" 200 37
101.85.228.137 - - [21/Nov/2020:11:23:23 +0800] "POST /xingrg/kc/buy/cgsh_order_operate.html HTTP/1.1" 200 12
116.228.172.94 - - [21/Nov/2020:11:23:23 +0800] "GET /xingrg/kc/print/load_config.html?kc_code=cgsh HTTP/1.1" 200 1845
116.228.172.94 - - [21/Nov/2020:11:23:23 +0800] "GET /xingrg/kc/print/load_data.html?order_code=212020112108280&kc_code=cgsh&condition= HTTP/1.1" 200 958
117.185.32.26 - - [21/Nov/2020:11:23:24 +0800] "GET /xingrg/all/function/internal_message.html?_=1605928996674&CODE_STATE=getMsg HTTP/1.1" 200 27
180.174.56.115 - - [21/Nov/2020:11:23:24 +0800] "GET /xingrg/kc/buy/cgsh_order_operate.html?command=get_materiel&rest_code=00150&code=00101004065&supplier_code=00100086&order_time=2020-11-21 HTTP/1.1" 200 433
101.85.228.137 - - [21/Nov/2020:11:23:26 +0800] "GET /xingrg/kc/buy/cgsh_order_info.html?code=212020112108282 HTTP/1.1" 200 55602
120.253.135.82 - - [21/Nov/2020:11:23:27 +0800] "GET /xingrg/all/function/internal_message.html?_=1605928750502&CODE_STATE=getMsg HTTP/1.1" 200 27
101.85.228.137 - - [21/Nov/2020:11:23:29 +0800] "GET /xingrg/javascript/easyui/themes/default/validatebox.css HTTP/1.1" 404 1104
101.85.228.137 - - [21/Nov/2020:11:23:29 +0800] "POST /xingrg/kc/buy/cgsh_order_operate.html HTTP/1.1" 200 7114
117.185.32.26 - - [21/Nov/2020:11:23:29 +0800] "GET /xingrg/kc/buy/cgsh_order_operate.html?command=get_materiel&rest_code=00106&code=00101004027&supplier_code=00100312&order_time=2020-11-21 HTTP/1.1" 200 409
101.85.228.137 - - [21/Nov/2020:11:23:30 +0800] "GET /xingrg/kc/print/load_data.html?order_code=212020112108282&kc_code=cgsh&condition= HTTP/1.1" 200 3162
114.84.145.85 - - [21/Nov/2020:11:23:30 +0800] "GET /xingrg/kc/buy/cgsh_order_operate.html?command=get_materiel&rest_code=00141&code=00101009006&supplier_code=00100022&order_time=2020-11-21 HTTP/1.1" 200 408
101.85.228.137 - - [21/Nov/2020:11:23:34 +0800] "GET /xingrg/all/function/internal_message.html?_=1605929011906&CODE_STATE=getMsg HTTP/1.1" 200 27
180.162.245.190 - - [21/Nov/2020:11:23:35 +0800] "GET /xingrg/kc/base/wldb_order_operate.html?command=get_materiel&rest_code=00105&base_code=0010507&code=00101019536 HTTP/1.1" 200 470
114.84.37.38 - - [21/Nov/2020:11:23:36 +0800] "POST /xingrg/kc/buy/cgsh_order_operate.html HTTP/1.1" 200 37
114.84.37.38 - - [21/Nov/2020:11:23:37 +0800] "POST /xingrg/kc/buy/cgsh_order_operate.html HTTP/1.1" 200 2662
180.174.56.115 - - [21/Nov/2020:11:23:40 +0800] "GET /xingrg/check_reg.html?_=1605928986894 HTTP/1.1" 200 22
180.174.56.115 - - [21/Nov/2020:11:23:40 +0800] "GET /xingrg/all/function/internal_message.html?_=1605928987209&CODE_STATE=getMsg HTTP/1.1" 200 27
114.84.37.38 - - [21/Nov/2020:11:23:40 +0800] "GET /xingrg/kc/print/load_data.html?order_code=212020112108283&kc_code=cgsh&condition= HTTP/1.1" 200 728
116.228.172.94 - - [21/Nov/2020:11:23:42 +0800] "POST /xingrg/kc/buy/cgsh_list_operate.html HTTP/1.1" 200 2033
117.185.32.26 - - [21/Nov/2020:11:23:44 +0800] "GET /xingrg/kc/buy/cgsh_order_operate.html?command=get_materiel&rest_code=00106&code=00101004061&supplier_code=00100312&order_time=2020-11-21 HTTP/1.1" 200 409
116.228.172.94 - - [21/Nov/2020:11:23:44 +0800] "POST /xingrg/kc/buy/cgsh_list_operate.html HTTP/1.1" 200 288
180.174.56.115 - - [21/Nov/2020:11:23:44 +0800] "GET /xingrg/all/function/internal_message.html?_=1605929021245&CODE_STATE=getMsg HTTP/1.1" 200 27
116.228.172.94 - - [21/Nov/2020:11:23:45 +0800] "POST /xingrg/kc/buy/cgsh_list_operate.html HTTP/1.1" 200 575
180.174.56.115 - - [21/Nov/2020:11:23:47 +0800] "POST /xingrg/kc/buy/cgsh_order_operate.html HTTP/1.1" 200 37
101.85.95.39 - - [21/Nov/2020:11:23:47 +0800] "GET /xingrg/all/function/internal_message.html?_=1605928760430&CODE_STATE=getMsg HTTP/1.1" 200 27
114.84.145.85 - - [21/Nov/2020:11:23:47 +0800] "GET /xingrg/all/function/internal_message.html?_=1605928619522&CODE_STATE=getMsg HTTP/1.1" 200 27
114.84.145.85 - - [21/Nov/2020:11:23:48 +0800] "GET /xingrg/kc/buy/cgsh_order_operate.html?command=get_materiel&rest_code=00141&code=00101009088&supplier_code=00100022&order_time=2020-11-21 HTTP/1.1" 200 391
116.228.172.94 - - [21/Nov/2020:11:23:48 +0800] "GET /xingrg/kc/buy/cgsh_order_info.html?code=212020112108128 HTTP/1.1" 200 60839
114.84.145.85 - - [21/Nov/2020:11:23:49 +0800] "GET /xingrg/all/function/internal_message.html?_=1605929026105&CODE_STATE=getMsg HTTP/1.1" 200 27
180.174.56.115 - - [21/Nov/2020:11:23:49 +0800] "POST /xingrg/kc/buy/cgsh_order_operate.html HTTP/1.1" 200 12
116.228.172.94 - - [21/Nov/2020:11:23:50 +0800] "GET /xingrg/javascript/easyui/themes/default/validatebox.css HTTP/1.1" 404 1104
180.174.56.115 - - [21/Nov/2020:11:23:50 +0800] "GET /xingrg/kc/buy/cgsh_order_info.html?code=212020112108284 HTTP/1.1" 200 55589
116.228.172.94 - - [21/Nov/2020:11:23:50 +0800] "POST /xingrg/kc/buy/cgsh_order_operate.html HTTP/1.1" 200 48738
180.174.56.115 - - [21/Nov/2020:11:23:50 +0800] "GET /xingrg/javascript/easyui/themes/default/validatebox.css HTTP/1.1" 404 1104
180.174.56.115 - - [21/Nov/2020:11:23:51 +0800] "POST /xingrg/kc/buy/cgsh_order_operate.html HTTP/1.1" 200 609
180.174.56.115 - - [21/Nov/2020:11:23:53 +0800] "GET /xingrg/kc/print/load_data.html?order_code=212020112108284&kc_code=cgsh&condition= HTTP/1.1" 200 795
116.228.172.94 - - [21/Nov/2020:11:23:53 +0800] "GET /xingrg/kc/print/load_data.html?order_code=212020112108128&kc_code=cgsh&condition= HTTP/1.1" 200 18066
117.185.32.26 - - [21/Nov/2020:11:23:55 +0800] "GET /xingrg/check_reg.html?_=1605929472980 HTTP/1.1" 200 22
117.185.32.26 - - [21/Nov/2020:11:23:55 +0800] "GET /xingrg/all/function/internal_message.html?_=1605929473013&CODE_STATE=getMsg HTTP/1.1" 200 27
101.85.228.137 - - [21/Nov/2020:11:23:55 +0800] "GET /xingrg/all/function/internal_message.html?_=1605929257094&CODE_STATE=getMsg HTTP/1.1" 200 27
117.184.7.26 - - [21/Nov/2020:11:23:56 +0800] "GET /xingrg/all/function/internal_message.html?_=1605929024713&CODE_STATE=getMsg HTTP/1.1" 200 27
117.185.32.26 - - [21/Nov/2020:11:23:56 +0800] "GET /xingrg/kc/buy/cgsh_order_operate.html?command=get_materiel&rest_code=00106&code=00101004071&supplier_code=00100312&order_time=2020-11-21 HTTP/1.1" 200 409
114.84.37.38 - - [21/Nov/2020:11:23:57 +0800] "GET /xingrg/kc/buy/cgsh_order_add.html HTTP/1.1" 200 60748
114.84.37.38 - - [21/Nov/2020:11:23:58 +0800] "POST /xingrg/kc/buy/cgsh_order_operate.html HTTP/1.1" 200 8245
114.84.37.38 - - [21/Nov/2020:11:23:58 +0800] "GET /xingrg/javascript/easyui/themes/default/validatebox.css HTTP/1.1" 404 1104
116.228.172.94 - - [21/Nov/2020:11:24:00 +0800] "GET /xingrg/all/function/internal_message.html?_=1605929028018&CODE_STATE=getMsg HTTP/1.1" 200 27
180.174.56.115 - - [21/Nov/2020:11:24:01 +0800] "GET /xingrg/kc/buy/cgsh_order_add.html HTTP/1.1" 200 60678
180.174.56.115 - - [21/Nov/2020:11:24:01 +0800] "POST /xingrg/kc/buy/cgsh_order_operate.html HTTP/1.1" 200 8245
180.174.56.115 - - [21/Nov/2020:11:24:01 +0800] "GET /xingrg/javascript/easyui/themes/default/validatebox.css HTTP/1.1" 404 1104
114.84.145.85 - - [21/Nov/2020:11:24:03 +0800] "POST /xingrg/kc/buy/cgsh_order_operate.html HTTP/1.1" 200 37
114.84.145.85 - - [21/Nov/2020:11:24:05 +0800] "POST /xingrg/kc/buy/cgsh_order_operate.html HTTP/1.1" 200 12
114.84.145.85 - - [21/Nov/2020:11:24:05 +0800] "GET /xingrg/kc/buy/cgsh_order_info.html?code=212020112108285 HTTP/1.1" 200 55649
114.84.145.85 - - [21/Nov/2020:11:24:06 +0800] "GET /xingrg/javascript/easyui/themes/default/validatebox.css HTTP/1.1" 404 1104
116.228.172.94 - - [21/Nov/2020:11:24:06 +0800] "POST /xingrg/kc/buy/cgsh_list_operate.html HTTP/1.1" 200 2033
114.84.145.85 - - [21/Nov/2020:11:24:06 +0800] "POST /xingrg/kc/buy/cgsh_order_operate.html HTTP/1.1" 200 2955
116.228.172.94 - - [21/Nov/2020:11:24:06 +0800] "GET /xingrg/kc/buy/cgsh_order_add.html HTTP/1.1" 200 60830
114.84.145.85 - - [21/Nov/2020:11:24:07 +0800] "GET /xingrg/kc/print/load_data.html?order_code=212020112108285&kc_code=cgsh&condition= HTTP/1.1" 200 1626
116.228.172.94 - - [21/Nov/2020:11:24:08 +0800] "GET /xingrg/javascript/easyui/themes/default/validatebox.css HTTP/1.1" 404 1104
116.228.172.94 - - [21/Nov/2020:11:24:08 +0800] "POST /xingrg/kc/buy/cgsh_order_operate.html HTTP/1.1" 200 8245
117.185.32.26 - - [21/Nov/2020:11:24:09 +0800] "GET /xingrg/kc/buy/cgsh_order_operate.html?command=get_materiel&rest_code=00106&code=00101004049&supplier_code=00100312&order_time=2020-11-21 HTTP/1.1" 200 413
117.185.32.26 - - [21/Nov/2020:11:24:10 +0800] "POST /xingrg/services/DataTransmitService HTTP/1.1" 200 524
117.185.32.26 - - [21/Nov/2020:11:24:10 +0800] "POST /xingrg/services/DataTransmitService HTTP/1.1" 200 501
117.185.32.26 - - [21/Nov/2020:11:24:10 +0800] "POST /xingrg/services/DataTransmitService HTTP/1.1" 200 501
117.185.32.26 - - [21/Nov/2020:11:24:10 +0800] "POST /xingrg/services/DataTransmitService HTTP/1.1" 200 501
117.185.32.26 - - [21/Nov/2020:11:24:10 +0800] "POST /xingrg/services/DataTransmitService HTTP/1.1" 200 501
114.84.37.38 - - [21/Nov/2020:11:24:11 +0800] "GET /xingrg/all/function/internal_message.html?_=1605929059460&CODE_STATE=getMsg HTTP/1.1" 200 27
117.185.32.26 - - [21/Nov/2020:11:24:11 +0800] "POST /xingrg/services/DataTransmitService HTTP/1.1" 200 501
172.17.0.102 - - [21/Nov/2020:11:24:12 +0800] "GET /xingrg/all/function/internal_message.html?_=1605929050600&CODE_STATE=getMsg HTTP/1.1" 200 27
117.185.32.26 - - [21/Nov/2020:11:24:12 +0800] "POST /xingrg/services/DataTransmitService HTTP/1.1" 200 501
58.35.246.33 - - [21/Nov/2020:11:24:12 +0800] "GET /xingrg/all/function/internal_message.html?_=1605929161690&CODE_STATE=getMsg HTTP/1.1" 200 27
117.185.32.26 - - [21/Nov/2020:11:24:13 +0800] "POST /xingrg/services/DataTransmitService HTTP/1.1" 200 412
180.162.245.190 - - [21/Nov/2020:11:24:14 +0800] "GET /xingrg/system/info/materiel_import.html?isSelect=1&singleSelect=false HTTP/1.1" 200 5600
180.162.245.190 - - [21/Nov/2020:11:24:14 +0800] "GET /xingrg/css/xtree.css HTTP/1.1" 304 -
180.162.245.190 - - [21/Nov/2020:11:24:14 +0800] "GET /xingrg/javascript/jquery_ui/themes/base/base.css HTTP/1.1" 304 -
180.162.245.190 - - [21/Nov/2020:11:24:14 +0800] "POST /xingrg/all/common/load_tree.html?tree=materiel_sort_tree_json HTTP/1.1" 200 8666
180.162.245.190 - - [21/Nov/2020:11:24:14 +0800] "GET /xingrg/javascript/jquery_easy_ui/themes/icons/edit_add.png HTTP/1.1" 200 1088
180.162.245.190 - - [21/Nov/2020:11:24:14 +0800] "GET /xingrg/javascript/jquery_easy_ui/themes/default/images/datagrid_header_bg.gif HTTP/1.1" 200 97
180.162.245.190 - - [21/Nov/2020:11:24:14 +0800] "GET /xingrg/javascript/jquery_easy_ui/themes/default/images/pagination_first.gif HTTP/1.1" 200 925
180.162.245.190 - - [21/Nov/2020:11:24:14 +0800] "GET /xingrg/javascript/jquery_easy_ui/themes/default/images/pagination_next.gif HTTP/1.1" 200 875
180.162.245.190 - - [21/Nov/2020:11:24:14 +0800] "GET /xingrg/javascript/jquery_easy_ui/themes/default/images/pagination_prev.gif HTTP/1.1" 200 879
180.162.245.190 - - [21/Nov/2020:11:24:14 +0800] "GET /xingrg/javascript/jquery_easy_ui/themes/default/images/pagination_last.gif HTTP/1.1" 200 923
180.162.245.190 - - [21/Nov/2020:11:24:14 +0800] "GET /xingrg/javascript/jquery_easy_ui/themes/default/images/pagination_load.png HTTP/1.1" 200 827
180.162.245.190 - - [21/Nov/2020:11:24:14 +0800] "GET /favicon.ico HTTP/1.1" 404 -
58.40.7.146 - - [21/Nov/2020:11:24:16 +0800] "GET /xingrg/all/function/internal_message.html?_=1605929052621&CODE_STATE=getMsg HTTP/1.1" 200 27
114.84.145.85 - - [21/Nov/2020:11:24:16 +0800] "GET /xingrg/kc/buy/cgsh_order_add.html HTTP/1.1" 200 60748
114.84.145.85 - - [21/Nov/2020:11:24:17 +0800] "POST /xingrg/kc/buy/cgsh_order_operate.html HTTP/1.1" 200 8245
114.84.145.85 - - [21/Nov/2020:11:24:17 +0800] "GET /xingrg/javascript/easyui/themes/default/validatebox.css HTTP/1.1" 404 1104
180.162.245.190 - - [21/Nov/2020:11:24:17 +0800] "GET /xingrg/all/function/internal_message.html?_=1605929035168&CODE_STATE=getMsg HTTP/1.1" 200 27
114.84.37.38 - - [21/Nov/2020:11:24:18 +0800] "GET /xingrg/kc/buy/cgsh_order_operate.html?command=get_materiel&rest_code=00146&code=00101006001&supplier_code=00100404&order_time=2020-11-21 HTTP/1.1" 200 428
180.174.56.115 - - [21/Nov/2020:11:24:22 +0800] "GET /xingrg/kc/buy/cgsh_order_operate.html?command=get_materiel&rest_code=00150&code=00101008314&supplier_code=00100339&order_time=2020-11-21 HTTP/1.1" 200 413
180.162.245.190 - - [21/Nov/2020:11:24:24 +0800] "GET /xingrg/kc/base/wldb_order_operate.html?command=get_materiel&rest_code=00105&base_code=0010507&code=00101019535 HTTP/1.1" 200 476
117.185.32.26 - - [21/Nov/2020:11:24:24 +0800] "GET /xingrg/all/function/internal_message.html?_=1605929056650&CODE_STATE=getMsg HTTP/1.1" 200 27
117.185.32.26 - - [21/Nov/2020:11:24:26 +0800] "GET /xingrg/kc/buy/cgsh_order_operate.html?command=get_materiel&rest_code=00106&code=00101004079&supplier_code=00100312&order_time=2020-11-21 HTTP/1.1" 200 399
120.253.135.82 - - [21/Nov/2020:11:24:27 +0800] "GET /xingrg/all/function/internal_message.html?_=1605928810515&CODE_STATE=getMsg HTTP/1.1" 200 27
180.174.56.115 - - [21/Nov/2020:11:24:29 +0800] "POST /xingrg/kc/buy/cgsh_order_operate.html HTTP/1.1" 200 37
180.174.56.115 - - [21/Nov/2020:11:24:33 +0800] "POST /xingrg/kc/buy/cgsh_order_operate.html HTTP/1.1" 200 12
180.174.56.115 - - [21/Nov/2020:11:24:34 +0800] "GET /xingrg/kc/buy/cgsh_order_info.html?code=212020112108286 HTTP/1.1" 200 55588
101.85.228.137 - - [21/Nov/2020:11:24:34 +0800] "GET /xingrg/all/function/internal_message.html?_=1605929071925&CODE_STATE=getMsg HTTP/1.1" 200 27
180.174.56.115 - - [21/Nov/2020:11:24:34 +0800] "GET /xingrg/javascript/easyui/themes/default/validatebox.css HTTP/1.1" 404 1104
180.174.56.115 - - [21/Nov/2020:11:24:35 +0800] "POST /xingrg/kc/buy/cgsh_order_operate.html HTTP/1.1" 200 606
101.85.228.137 - - [21/Nov/2020:11:24:35 +0800] "GET /xingrg/kc/buy/cgsh_order_operate.html?command=get_materiel&rest_code=00102&code=00101008323&supplier_code=00100008&order_time=2020-11-21 HTTP/1.1" 200 408
116.228.172.94 - - [21/Nov/2020:11:24:36 +0800] "GET /xingrg/kc/buy/cgsh_order_operate.html?command=get_materiel&rest_code=00107&code=00101010211&supplier_code=00100041&order_time=2020-11-21 HTTP/1.1" 200 408
180.174.56.115 - - [21/Nov/2020:11:24:36 +0800] "GET /xingrg/kc/print/load_data.html?order_code=212020112108286&kc_code=cgsh&condition= HTTP/1.1" 200 728
117.185.32.26 - - [21/Nov/2020:11:24:39 +0800] "GET /xingrg/kc/buy/cgsh_order_operate.html?command=get_materiel&rest_code=00106&code=00101004030&supplier_code=00100312&order_time=2020-11-21 HTTP/1.1" 200 408
180.174.56.115 - - [21/Nov/2020:11:24:40 +0800] "GET /xingrg/all/function/internal_message.html?_=1605929047216&CODE_STATE=getMsg HTTP/1.1" 200 27
114.84.145.85 - - [21/Nov/2020:11:24:40 +0800] "GET /xingrg/kc/buy/cgsh_order_operate.html?command=get_materiel&rest_code=00141&code=00101015043&supplier_code=00100055&order_time=2020-11-21 HTTP/1.1" 200 413
180.174.56.115 - - [21/Nov/2020:11:24:42 +0800] "GET /xingrg/kc/buy/cgsh_order_add.html HTTP/1.1" 200 60678
114.84.37.38 - - [21/Nov/2020:11:24:42 +0800] "POST /xingrg/kc/buy/cgsh_order_operate.html HTTP/1.1" 200 37
180.174.56.115 - - [21/Nov/2020:11:24:42 +0800] "POST /xingrg/kc/buy/cgsh_order_operate.html HTTP/1.1" 200 8245
180.174.56.115 - - [21/Nov/2020:11:24:42 +0800] "GET /xingrg/javascript/easyui/themes/default/validatebox.css HTTP/1.1" 404 1104
114.84.37.38 - - [21/Nov/2020:11:24:44 +0800] "POST /xingrg/kc/buy/cgsh_order_operate.html HTTP/1.1" 200 2675
180.174.56.115 - - [21/Nov/2020:11:24:44 +0800] "GET /xingrg/all/function/internal_message.html?_=1605929081245&CODE_STATE=getMsg HTTP/1.1" 200 27
116.228.172.94 - - [21/Nov/2020:11:24:45 +0800] "GET /xingrg/kc/buy/cgsh_order_operate.html?command=get_materiel&rest_code=00107&code=00101018019&supplier_code=00100041&order_time=2020-11-21 HTTP/1.1" 200 421
114.84.37.38 - - [21/Nov/2020:11:24:46 +0800] "GET /xingrg/kc/print/load_data.html?order_code=212020112108287&kc_code=cgsh&condition= HTTP/1.1" 200 712
