120.253.135.82 - - [21/Nov/2020:10:51:10 +0800] "POST /xingrg/kc/pszx/mdps_order_operate.html HTTP/1.1" 200 14651
114.84.37.38 - - [21/Nov/2020:10:51:10 +0800] "GET /xingrg/all/function/internal_message.html?_=1605927078890&CODE_STATE=getMsg HTTP/1.1" 200 27
120.253.135.82 - - [21/Nov/2020:10:51:11 +0800] "GET /xingrg/all/function/internal_message.html?_=1605927116047&CODE_STATE=getMsg HTTP/1.1" 200 27
172.17.0.102 - - [21/Nov/2020:10:51:11 +0800] "GET /xingrg/all/function/internal_message.html?_=1605927070443&CODE_STATE=getMsg HTTP/1.1" 200 27
117.185.32.26 - - [21/Nov/2020:10:51:13 +0800] "GET /xingrg/kc/buy/cgsh_order_operate.html?command=get_materiel&rest_code=00106&code=00101008036&supplier_code=00100007&order_time=2020-11-21 HTTP/1.1" 200 408
58.35.246.33 - - [21/Nov/2020:10:51:14 +0800] "GET /xingrg/kc/buy/cgsh_order_add.html HTTP/1.1" 200 60742
58.35.246.33 - - [21/Nov/2020:10:51:14 +0800] "GET /xingrg/javascript/easyui/themes/default/validatebox.css HTTP/1.1" 404 1104
58.35.246.33 - - [21/Nov/2020:10:51:14 +0800] "POST /xingrg/kc/buy/cgsh_order_operate.html HTTP/1.1" 200 8245
120.253.135.82 - - [21/Nov/2020:10:51:15 +0800] "POST /xingrg/kc/pszx/mdps_order_operate.html HTTP/1.1" 200 37
180.157.253.48 - - [21/Nov/2020:10:51:15 +0800] "GET /xingrg/kc/buy/cgsh_order_operate.html?command=get_materiel&rest_code=00148&code=00101006164&supplier_code=00100326&order_time=2020-11-21 HTTP/1.1" 200 415
117.185.32.26 - - [21/Nov/2020:10:51:15 +0800] "POST /xingrg/kc/buy/cgsh_order_operate.html HTTP/1.1" 200 2065
58.40.7.146 - - [21/Nov/2020:10:51:16 +0800] "GET /xingrg/all/function/internal_message.html?_=1605927072612&CODE_STATE=getMsg HTTP/1.1" 200 27
58.40.7.146 - - [21/Nov/2020:10:51:16 +0800] "GET /xingrg/check_reg.html?_=1605927072614 HTTP/1.1" 200 22
120.253.135.82 - - [21/Nov/2020:10:51:16 +0800] "POST /xingrg/kc/pszx/mdps_order_operate.html HTTP/1.1" 200 12
117.185.32.26 - - [21/Nov/2020:10:51:19 +0800] "POST /xingrg/kc/buy/cgsh_order_operate.html HTTP/1.1" 200 37
117.185.32.26 - - [21/Nov/2020:10:51:19 +0800] "GET /xingrg/kc/buy/cgsh_order_operate.html?command=get_materiel&rest_code=00106&code=00102002167&supplier_code=00100347&order_time=2020-11-21 HTTP/1.1" 200 409
180.162.245.190 - - [21/Nov/2020:10:51:21 +0800] "GET /xingrg/kc/buy/cgsh_order_operate.html?command=get_materiel&rest_code=00105&code=00101010468&supplier_code=00100323&order_time=2020-11-21 HTTP/1.1" 200 400
117.185.32.26 - - [21/Nov/2020:10:51:21 +0800] "POST /xingrg/kc/buy/cgsh_order_operate.html HTTP/1.1" 200 16235
58.35.246.33 - - [21/Nov/2020:10:51:21 +0800] "GET /xingrg/kc/buy/cgsh_order_operate.html?command=get_materiel&rest_code=00111&code=00101007032&supplier_code=00100328&order_time=2020-11-21 HTTP/1.1" 200 413
117.185.32.26 - - [21/Nov/2020:10:51:24 +0800] "GET /xingrg/check_reg.html?_=1605927076811 HTTP/1.1" 200 22
117.185.32.26 - - [21/Nov/2020:10:51:24 +0800] "GET /xingrg/all/function/internal_message.html?_=1605927076812&CODE_STATE=getMsg HTTP/1.1" 200 27
120.253.135.82 - - [21/Nov/2020:10:51:25 +0800] "GET /xingrg/kc/pszx/mdps_order_info.html?code=312020112000521 HTTP/1.1" 200 19547
120.253.135.82 - - [21/Nov/2020:10:51:25 +0800] "GET /xingrg/javascript/easyui/themes/default/validatebox.css HTTP/1.1" 404 1104
120.253.135.82 - - [21/Nov/2020:10:51:25 +0800] "POST /xingrg/kc/pszx/mdps_order_operate.html HTTP/1.1" 200 12774
58.35.246.33 - - [21/Nov/2020:10:51:26 +0800] "POST /xingrg/kc/buy/cgsh_order_operate.html HTTP/1.1" 200 37
120.253.135.82 - - [21/Nov/2020:10:51:26 +0800] "GET /xingrg/all/function/internal_message.html?_=1605926829739&CODE_STATE=getMsg HTTP/1.1" 200 27
120.253.135.82 - - [21/Nov/2020:10:51:26 +0800] "GET /xingrg/check_reg.html?_=1605927131715 HTTP/1.1" 200 22
58.35.246.33 - - [21/Nov/2020:10:51:27 +0800] "POST /xingrg/kc/buy/cgsh_order_operate.html HTTP/1.1" 200 2658
180.157.253.48 - - [21/Nov/2020:10:51:27 +0800] "GET /xingrg/kc/buy/cgsh_order_operate.html?command=get_materiel&rest_code=00148&code=00101010567&supplier_code=00100326&order_time=2020-11-21 HTTP/1.1" 200 399
120.253.135.82 - - [21/Nov/2020:10:51:27 +0800] "POST /xingrg/kc/pszx/mdps_list_operate.html HTTP/1.1" 200 3547
58.35.246.33 - - [21/Nov/2020:10:51:27 +0800] "GET /xingrg/kc/print/load_data.html?order_code=212020112108199&kc_code=cgsh&condition= HTTP/1.1" 200 671
117.185.32.26 - - [21/Nov/2020:10:51:30 +0800] "GET /xingrg/kc/buy/cgsh_order_operate.html?command=get_materiel&rest_code=00106&code=00101008027&supplier_code=00100007&order_time=2020-11-21 HTTP/1.1" 200 408
58.35.246.33 - - [21/Nov/2020:10:51:31 +0800] "GET /xingrg/kc/buy/cgsh_order_add.html HTTP/1.1" 200 60742
58.35.246.33 - - [21/Nov/2020:10:51:32 +0800] "POST /xingrg/kc/buy/cgsh_order_operate.html HTTP/1.1" 200 8245
58.35.246.33 - - [21/Nov/2020:10:51:32 +0800] "GET /xingrg/javascript/easyui/themes/default/validatebox.css HTTP/1.1" 404 1104
180.174.56.115 - - [21/Nov/2020:10:51:35 +0800] "GET /xingrg/all/function/internal_message.html?_=1605927062259&CODE_STATE=getMsg HTTP/1.1" 200 27
58.35.246.33 - - [21/Nov/2020:10:51:41 +0800] "GET /xingrg/kc/buy/cgsh_order_operate.html?command=get_materiel&rest_code=00111&code=00101006101&supplier_code=00100324&order_time=2020-11-21 HTTP/1.1" 200 421
180.162.245.190 - - [21/Nov/2020:10:51:41 +0800] "GET /xingrg/kc/buy/cgsh_order_operate.html?command=get_materiel&rest_code=00105&code=00101006150&supplier_code=00100323&order_time=2020-11-21 HTTP/1.1" 200 413
117.185.32.26 - - [21/Nov/2020:10:51:43 +0800] "GET /xingrg/kc/buy/cgsh_order_operate.html?command=get_materiel&rest_code=00106&code=00101008349&supplier_code=00100007&order_time=2020-11-21 HTTP/1.1" 200 412
180.174.56.115 - - [21/Nov/2020:10:51:44 +0800] "GET /xingrg/all/function/internal_message.html?_=1605927101164&CODE_STATE=getMsg HTTP/1.1" 200 27
180.157.253.48 - - [21/Nov/2020:10:51:45 +0800] "GET /xingrg/kc/buy/cgsh_order_operate.html?command=get_materiel&rest_code=00148&code=00101007111&supplier_code=00100326&order_time=2020-11-21 HTTP/1.1" 200 417
58.35.246.33 - - [21/Nov/2020:10:51:46 +0800] "GET /xingrg/all/function/internal_message.html?_=1605927215483&CODE_STATE=getMsg HTTP/1.1" 200 27
114.84.145.85 - - [21/Nov/2020:10:51:47 +0800] "GET /xingrg/check_reg.html?_=1605926699472 HTTP/1.1" 200 22
114.84.145.85 - - [21/Nov/2020:10:51:48 +0800] "GET /xingrg/all/function/internal_message.html?_=1605926699473&CODE_STATE=getMsg HTTP/1.1" 200 27
58.35.246.33 - - [21/Nov/2020:10:51:48 +0800] "POST /xingrg/kc/buy/cgsh_order_operate.html HTTP/1.1" 200 37
117.185.32.26 - - [21/Nov/2020:10:51:49 +0800] "GET /xingrg/kc/buy/cgsh_order_operate.html?command=get_materiel&rest_code=00106&code=00101010619&supplier_code=00100347&order_time=2020-11-21 HTTP/1.1" 200 399
101.85.228.137 - - [21/Nov/2020:10:51:49 +0800] "GET /xingrg/check_reg.html?_=1605927330778 HTTP/1.1" 200 22
58.35.246.33 - - [21/Nov/2020:10:51:49 +0800] "POST /xingrg/kc/buy/cgsh_order_operate.html HTTP/1.1" 200 2667
114.84.145.85 - - [21/Nov/2020:10:51:49 +0800] "GET /xingrg/all/function/internal_message.html?_=1605927106553&CODE_STATE=getMsg HTTP/1.1" 200 27
58.35.246.33 - - [21/Nov/2020:10:51:50 +0800] "GET /xingrg/kc/print/load_data.html?order_code=212020112108200&kc_code=cgsh&condition= HTTP/1.1" 200 683
120.253.135.82 - - [21/Nov/2020:10:51:51 +0800] "POST /xingrg/kc/pszx/mdps_list_operate.html HTTP/1.1" 200 202
117.185.32.26 - - [21/Nov/2020:10:51:51 +0800] "GET /xingrg/kc/buy/cgsh_order_operate.html?command=get_materiel&rest_code=00106&code=00101008067&supplier_code=00100007&order_time=2020-11-21 HTTP/1.1" 200 416
101.85.228.137 - - [21/Nov/2020:10:51:51 +0800] "GET /xingrg/all/function/internal_message.html?_=1605927332868&CODE_STATE=getMsg HTTP/1.1" 200 27
180.162.245.190 - - [21/Nov/2020:10:51:52 +0800] "GET /xingrg/kc/buy/cgsh_order_operate.html?command=get_materiel&rest_code=00105&code=00101010063&supplier_code=00100323&order_time=2020-11-21 HTTP/1.1" 200 409
117.185.32.26 - - [21/Nov/2020:10:51:55 +0800] "GET /xingrg/all/function/internal_message.html?_=1605927552828&CODE_STATE=getMsg HTTP/1.1" 200 27
58.35.246.33 - - [21/Nov/2020:10:51:55 +0800] "GET /xingrg/kc/buy/cgsh_order_add.html HTTP/1.1" 200 60742
172.17.0.101 - - [21/Nov/2020:10:51:55 +0800] "GET /xingrg/all/function/internal_message.html?_=1605927156828&CODE_STATE=getMsg HTTP/1.1" 200 27
180.162.245.190 - - [21/Nov/2020:10:51:55 +0800] "GET /xingrg/all/function/internal_message.html?_=1605927113706&CODE_STATE=getMsg HTTP/1.1" 200 27
58.35.246.33 - - [21/Nov/2020:10:51:55 +0800] "GET /xingrg/javascript/easyui/themes/default/validatebox.css HTTP/1.1" 404 1104
58.35.246.33 - - [21/Nov/2020:10:51:55 +0800] "POST /xingrg/kc/buy/cgsh_order_operate.html HTTP/1.1" 200 8245
180.157.253.48 - - [21/Nov/2020:10:51:57 +0800] "GET /xingrg/kc/buy/cgsh_order_operate.html?command=get_materiel&rest_code=00148&code=00101006053&supplier_code=00100326&order_time=2020-11-21 HTTP/1.1" 200 423
101.89.239.238 - - [21/Nov/2020:10:51:58 +0800] "GET /xingrg/kc/buy/cgsh_order_operate.html?command=get_materiel&rest_code=00141&code=00101020144&supplier_code=00100036&order_time=2020-11-21 HTTP/1.1" 302 -
116.228.172.94 - - [21/Nov/2020:10:51:59 +0800] "GET /xingrg/all/function/internal_message.html?_=1605927107585&CODE_STATE=getMsg HTTP/1.1" 200 27
117.184.7.30 - - [21/Nov/2020:10:52:00 +0800] "GET /xingrg/all/function/internal_message.html?_=1605927108762&CODE_STATE=getMsg HTTP/1.1" 200 27
101.89.239.238 - - [21/Nov/2020:10:52:00 +0800] "GET /xingrg/login.html HTTP/1.1" 200 7641
58.35.246.33 - - [21/Nov/2020:10:52:01 +0800] "GET /xingrg/kc/buy/cgsh_order_operate.html?command=get_materiel&rest_code=00111&code=00101008328&supplier_code=00100338&order_time=2020-11-21 HTTP/1.1" 200 408
114.84.145.85 - - [21/Nov/2020:10:52:01 +0800] "GET /xingrg/kc/buy/cgsh_order_operate.html?command=get_materiel&rest_code=00141&code=00101008354&supplier_code=00100007&order_time=2020-11-21 HTTP/1.1" 200 412
180.162.245.190 - - [21/Nov/2020:10:52:01 +0800] "GET /xingrg/kc/buy/cgsh_order_operate.html?command=get_materiel&rest_code=00105&code=00101020113&supplier_code=00100323&order_time=2020-11-21 HTTP/1.1" 200 409
120.253.135.82 - - [21/Nov/2020:10:52:04 +0800] "POST /xingrg/kc/pszx/mdps_list_operate.html HTTP/1.1" 200 205
114.84.145.85 - - [21/Nov/2020:10:52:04 +0800] "POST /xingrg/kc/buy/cgsh_order_operate.html HTTP/1.1" 200 2065
120.253.135.82 - - [21/Nov/2020:10:52:04 +0800] "GET /xingrg/kc/pszx/mdps_order_info.html?code=312020112100530 HTTP/1.1" 200 23887
117.185.32.26 - - [21/Nov/2020:10:52:04 +0800] "POST /xingrg/kc/buy/cgsh_order_operate.html HTTP/1.1" 200 2065
120.253.135.82 - - [21/Nov/2020:10:52:05 +0800] "POST /xingrg/kc/pszx/mdps_order_operate.html HTTP/1.1" 200 2289
120.253.135.82 - - [21/Nov/2020:10:52:05 +0800] "GET /xingrg/javascript/easyui/themes/default/validatebox.css HTTP/1.1" 404 1104
114.84.145.85 - - [21/Nov/2020:10:52:07 +0800] "GET /xingrg/kc/buy/cgsh_order_operate.html?command=get_materiel&rest_code=00141&code=00102033010&supplier_code=00100007&order_time=2020-11-21 HTTP/1.1" 200 422
180.162.245.190 - - [21/Nov/2020:10:52:07 +0800] "GET /xingrg/kc/buy/cgsh_order_operate.html?command=get_materiel&rest_code=00105&code=00101008214&supplier_code=00100323&order_time=2020-11-21 HTTP/1.1" 200 409
120.253.135.82 - - [21/Nov/2020:10:52:08 +0800] "POST /xingrg/kc/pszx/mdps_order_operate.html HTTP/1.1" 200 37
58.35.246.33 - - [21/Nov/2020:10:52:09 +0800] "POST /xingrg/kc/buy/cgsh_order_operate.html HTTP/1.1" 200 37
58.35.246.33 - - [21/Nov/2020:10:52:10 +0800] "POST /xingrg/kc/buy/cgsh_order_operate.html HTTP/1.1" 200 2653
120.253.135.82 - - [21/Nov/2020:10:52:10 +0800] "POST /xingrg/kc/pszx/mdps_order_operate.html HTTP/1.1" 200 12
117.185.32.26 - - [21/Nov/2020:10:52:10 +0800] "GET /xingrg/kc/buy/cgsh_order_operate.html?command=get_materiel&rest_code=00106&code=00101008300&supplier_code=00100007&order_time=2020-11-21 HTTP/1.1" 200 413
114.84.37.38 - - [21/Nov/2020:10:52:10 +0800] "GET /xingrg/all/function/internal_message.html?_=1605927138903&CODE_STATE=getMsg HTTP/1.1" 200 27
58.35.246.33 - - [21/Nov/2020:10:52:10 +0800] "GET /xingrg/kc/print/load_data.html?order_code=212020112108201&kc_code=cgsh&condition= HTTP/1.1" 200 666
120.253.135.82 - - [21/Nov/2020:10:52:10 +0800] "GET /xingrg/kc/pszx/mdps_order_info.html?code=312020112100530 HTTP/1.1" 200 19547
120.253.135.82 - - [21/Nov/2020:10:52:11 +0800] "GET /xingrg/javascript/easyui/themes/default/validatebox.css HTTP/1.1" 404 1104
120.253.135.82 - - [21/Nov/2020:10:52:11 +0800] "POST /xingrg/kc/pszx/mdps_order_operate.html HTTP/1.1" 200 509
114.84.145.85 - - [21/Nov/2020:10:52:11 +0800] "GET /xingrg/kc/buy/cgsh_order_operate.html?command=get_materiel&rest_code=00141&code=00101008010&supplier_code=00100007&order_time=2020-11-21 HTTP/1.1" 200 412
172.17.0.102 - - [21/Nov/2020:10:52:11 +0800] "GET /xingrg/all/function/internal_message.html?_=1605927130469&CODE_STATE=getMsg HTTP/1.1" 200 27
120.253.135.82 - - [21/Nov/2020:10:52:12 +0800] "POST /xingrg/kc/pszx/mdps_list_operate.html HTTP/1.1" 200 3176
117.185.32.26 - - [21/Nov/2020:10:52:13 +0800] "GET /xingrg/kc/buy/cgsh_order_operate.html?command=get_materiel&rest_code=00106&code=00101007160&supplier_code=00100347&order_time=2020-11-21 HTTP/1.1" 200 403
58.35.246.33 - - [21/Nov/2020:10:52:14 +0800] "GET /xingrg/kc/buy/cgsh_order_add.html HTTP/1.1" 200 60742
58.35.246.33 - - [21/Nov/2020:10:52:14 +0800] "POST /xingrg/kc/buy/cgsh_order_operate.html HTTP/1.1" 200 8245
58.35.246.33 - - [21/Nov/2020:10:52:14 +0800] "GET /xingrg/javascript/easyui/themes/default/validatebox.css HTTP/1.1" 404 1104
58.40.7.146 - - [21/Nov/2020:10:52:16 +0800] "GET /xingrg/all/function/internal_message.html?_=1605927132618&CODE_STATE=getMsg HTTP/1.1" 200 27
114.84.145.85 - - [21/Nov/2020:10:52:18 +0800] "GET /xingrg/kc/buy/cgsh_order_operate.html?command=get_materiel&rest_code=00141&code=00101008351&supplier_code=00100007&order_time=2020-11-21 HTTP/1.1" 200 408
117.185.32.26 - - [21/Nov/2020:10:52:19 +0800] "GET /xingrg/kc/buy/cgsh_order_operate.html?command=get_materiel&rest_code=00106&code=00101008251&supplier_code=00100007&order_time=2020-11-21 HTTP/1.1" 200 408
180.162.245.190 - - [21/Nov/2020:10:52:20 +0800] "GET /xingrg/kc/buy/cgsh_order_operate.html?command=get_materiel&rest_code=00105&code=00101008187&supplier_code=00100323&order_time=2020-11-21 HTTP/1.1" 200 413
180.157.253.48 - - [21/Nov/2020:10:52:21 +0800] "GET /xingrg/kc/buy/cgsh_order_operate.html?command=get_materiel&rest_code=00148&code=00101010501&supplier_code=00100326&order_time=2020-11-21 HTTP/1.1" 200 396
58.35.246.33 - - [21/Nov/2020:10:52:23 +0800] "GET /xingrg/kc/buy/cgsh_order_operate.html?command=get_materiel&rest_code=00111&code=00101010108&supplier_code=00100336&order_time=2020-11-21 HTTP/1.1" 200 421
117.185.32.26 - - [21/Nov/2020:10:52:24 +0800] "GET /xingrg/all/function/internal_message.html?_=1605927136780&CODE_STATE=getMsg HTTP/1.1" 200 27
114.84.145.85 - - [21/Nov/2020:10:52:24 +0800] "GET /xingrg/kc/buy/cgsh_order_operate.html?command=get_materiel&rest_code=00141&code=00101008026&supplier_code=00100007&order_time=2020-11-21 HTTP/1.1" 200 409
120.253.135.82 - - [21/Nov/2020:10:52:26 +0800] "GET /xingrg/all/function/internal_message.html?_=1605926889773&CODE_STATE=getMsg HTTP/1.1" 200 27
180.162.245.190 - - [21/Nov/2020:10:52:26 +0800] "GET /xingrg/kc/buy/cgsh_order_operate.html?command=get_materiel&rest_code=00105&code=00101007039&supplier_code=00100323&order_time=2020-11-21 HTTP/1.1" 200 413
58.35.246.33 - - [21/Nov/2020:10:52:28 +0800] "POST /xingrg/kc/buy/cgsh_order_operate.html HTTP/1.1" 200 37
58.35.246.33 - - [21/Nov/2020:10:52:29 +0800] "POST /xingrg/kc/buy/cgsh_order_operate.html HTTP/1.1" 200 2665
58.35.246.33 - - [21/Nov/2020:10:52:30 +0800] "GET /xingrg/kc/print/load_data.html?order_code=212020112108202&kc_code=cgsh&condition= HTTP/1.1" 200 678
120.253.135.82 - - [21/Nov/2020:10:52:30 +0800] "POST /xingrg/kc/pszx/mdps_list_operate.html HTTP/1.1" 200 595
114.84.145.85 - - [21/Nov/2020:10:52:31 +0800] "GET /xingrg/kc/buy/cgsh_order_operate.html?command=get_materiel&rest_code=00141&code=00101008096&supplier_code=00100007&order_time=2020-11-21 HTTP/1.1" 200 413
120.253.135.82 - - [21/Nov/2020:10:52:31 +0800] "GET /xingrg/kc/pszx/mdps_order_info.html?code=312020112000510 HTTP/1.1" 200 23887
120.253.135.82 - - [21/Nov/2020:10:52:31 +0800] "POST /xingrg/kc/pszx/mdps_order_operate.html HTTP/1.1" 200 8284
120.253.135.82 - - [21/Nov/2020:10:52:31 +0800] "GET /xingrg/javascript/easyui/themes/default/validatebox.css HTTP/1.1" 404 1104
58.35.246.33 - - [21/Nov/2020:10:52:34 +0800] "GET /xingrg/kc/buy/cgsh_order_add.html HTTP/1.1" 200 60742
117.185.32.26 - - [21/Nov/2020:10:52:34 +0800] "GET /xingrg/kc/buy/cgsh_order_operate.html?command=get_materiel&rest_code=00106&code=00101001060&supplier_code=00100347&order_time=2020-11-21 HTTP/1.1" 200 421
58.35.246.33 - - [21/Nov/2020:10:52:35 +0800] "POST /xingrg/kc/buy/cgsh_order_operate.html HTTP/1.1" 200 8245
58.35.246.33 - - [21/Nov/2020:10:52:35 +0800] "GET /xingrg/javascript/easyui/themes/default/validatebox.css HTTP/1.1" 404 1104
120.253.135.82 - - [21/Nov/2020:10:52:35 +0800] "POST /xingrg/kc/pszx/mdps_order_operate.html HTTP/1.1" 200 37
180.174.56.115 - - [21/Nov/2020:10:52:35 +0800] "GET /xingrg/all/function/internal_message.html?_=1605927122324&CODE_STATE=getMsg HTTP/1.1" 200 27
180.162.245.190 - - [21/Nov/2020:10:52:35 +0800] "GET /xingrg/kc/buy/cgsh_order_operate.html?command=get_materiel&rest_code=00105&code=00101012010&supplier_code=00100323&order_time=2020-11-21 HTTP/1.1" 200 409
120.253.135.82 - - [21/Nov/2020:10:52:36 +0800] "POST /xingrg/kc/pszx/mdps_order_operate.html HTTP/1.1" 200 12
120.253.135.82 - - [21/Nov/2020:10:52:38 +0800] "GET /xingrg/kc/pszx/mdps_order_info.html?code=312020112000510 HTTP/1.1" 200 19547
114.84.145.85 - - [21/Nov/2020:10:52:38 +0800] "GET /xingrg/kc/buy/cgsh_order_operate.html?command=get_materiel&rest_code=00141&code=00101008017&supplier_code=00100007&order_time=2020-11-21 HTTP/1.1" 200 416
120.253.135.82 - - [21/Nov/2020:10:52:38 +0800] "POST /xingrg/kc/pszx/mdps_order_operate.html HTTP/1.1" 200 6430
120.253.135.82 - - [21/Nov/2020:10:52:38 +0800] "GET /xingrg/javascript/easyui/themes/default/validatebox.css HTTP/1.1" 404 1104
120.253.135.82 - - [21/Nov/2020:10:52:39 +0800] "POST /xingrg/kc/pszx/mdps_list_operate.html HTTP/1.1" 200 2804
58.35.246.33 - - [21/Nov/2020:10:52:41 +0800] "GET /xingrg/kc/buy/cgsh_order_operate.html?command=get_materiel&rest_code=00111&code=00101006166&supplier_code=00100344&order_time=2020-11-21 HTTP/1.1" 200 423
114.84.145.85 - - [21/Nov/2020:10:52:42 +0800] "POST /xingrg/kc/buy/cgsh_order_operate.html HTTP/1.1" 200 2065
180.162.245.190 - - [21/Nov/2020:10:52:42 +0800] "POST /xingrg/kc/buy/cgsh_order_operate.html HTTP/1.1" 200 37
180.162.245.190 - - [21/Nov/2020:10:52:43 +0800] "POST /xingrg/kc/buy/cgsh_order_operate.html HTTP/1.1" 200 9203
180.174.56.115 - - [21/Nov/2020:10:52:44 +0800] "GET /xingrg/check_reg.html?_=1605927161164 HTTP/1.1" 200 22
180.174.56.115 - - [21/Nov/2020:10:52:44 +0800] "GET /xingrg/all/function/internal_message.html?_=1605927161174&CODE_STATE=getMsg HTTP/1.1" 200 27
180.162.245.190 - - [21/Nov/2020:10:52:44 +0800] "GET /xingrg/kc/print/load_data.html?order_code=212020112108203&kc_code=cgsh&condition= HTTP/1.1" 200 3160
58.35.246.33 - - [21/Nov/2020:10:52:46 +0800] "GET /xingrg/all/function/internal_message.html?_=1605927275484&CODE_STATE=getMsg HTTP/1.1" 200 27
114.84.145.85 - - [21/Nov/2020:10:52:47 +0800] "GET /xingrg/all/function/internal_message.html?_=1605926759471&CODE_STATE=getMsg HTTP/1.1" 200 27
114.84.145.85 - - [21/Nov/2020:10:52:48 +0800] "GET /xingrg/kc/buy/cgsh_order_operate.html?command=get_materiel&rest_code=00141&code=00101008163&supplier_code=00100007&order_time=2020-11-21 HTTP/1.1" 200 409
120.253.135.82 - - [21/Nov/2020:10:52:48 +0800] "POST /xingrg/kc/pszx/mdps_list_operate.html HTTP/1.1" 200 206
180.162.245.190 - - [21/Nov/2020:10:52:48 +0800] "GET /xingrg/kc/buy/cgsh_order_add.html HTTP/1.1" 200 60789
58.35.246.33 - - [21/Nov/2020:10:52:48 +0800] "GET /xingrg/kc/buy/cgsh_order_operate.html?command=get_materiel&rest_code=00111&code=00101006160&supplier_code=00100344&order_time=2020-11-21 HTTP/1.1" 200 415
180.162.245.190 - - [21/Nov/2020:10:52:49 +0800] "POST /xingrg/kc/buy/cgsh_order_operate.html HTTP/1.1" 200 8245
120.253.135.82 - - [21/Nov/2020:10:52:49 +0800] "GET /xingrg/kc/pszx/mdps_order_info.html?code=312020112100531 HTTP/1.1" 200 23887
180.162.245.190 - - [21/Nov/2020:10:52:49 +0800] "GET /xingrg/javascript/easyui/themes/default/validatebox.css HTTP/1.1" 404 1104
120.253.135.82 - - [21/Nov/2020:10:52:49 +0800] "POST /xingrg/kc/pszx/mdps_order_operate.html HTTP/1.1" 200 2288
120.253.135.82 - - [21/Nov/2020:10:52:49 +0800] "GET /xingrg/javascript/easyui/themes/default/validatebox.css HTTP/1.1" 404 1104
114.84.145.85 - - [21/Nov/2020:10:52:49 +0800] "GET /xingrg/all/function/internal_message.html?_=1605927166556&CODE_STATE=getMsg HTTP/1.1" 200 27
114.84.145.85 - - [21/Nov/2020:10:52:50 +0800] "GET /xingrg/check_reg.html?_=1605927166871 HTTP/1.1" 200 22
180.157.253.48 - - [21/Nov/2020:10:52:51 +0800] "POST /xingrg/kc/buy/cgsh_order_operate.html HTTP/1.1" 200 37
101.85.228.137 - - [21/Nov/2020:10:52:51 +0800] "GET /xingrg/all/function/internal_message.html?_=1605927392882&CODE_STATE=getMsg HTTP/1.1" 200 27
117.185.32.26 - - [21/Nov/2020:10:52:52 +0800] "GET /xingrg/kc/buy/cgsh_order_operate.html?command=get_materiel&rest_code=00106&code=00101008295&supplier_code=00100007&order_time=2020-11-21 HTTP/1.1" 200 412
180.157.253.48 - - [21/Nov/2020:10:52:53 +0800] "POST /xingrg/kc/buy/cgsh_order_operate.html HTTP/1.1" 200 5632
114.84.145.85 - - [21/Nov/2020:10:52:54 +0800] "GET /xingrg/kc/buy/cgsh_order_operate.html?command=get_materiel&rest_code=00141&code=00101008355&supplier_code=00100007&order_time=2020-11-21 HTTP/1.1" 200 408
120.253.135.82 - - [21/Nov/2020:10:52:54 +0800] "POST /xingrg/kc/pszx/mdps_order_operate.html HTTP/1.1" 200 37
58.35.246.33 - - [21/Nov/2020:10:52:54 +0800] "GET /xingrg/kc/buy/cgsh_order_operate.html?command=get_materiel&rest_code=00111&code=00101006153&supplier_code=00100344&order_time=2020-11-21 HTTP/1.1" 200 416
117.185.32.26 - - [21/Nov/2020:10:52:55 +0800] "POST /xingrg/kc/buy/cgsh_order_operate.html HTTP/1.1" 200 2065
117.185.32.26 - - [21/Nov/2020:10:52:55 +0800] "GET /xingrg/all/function/internal_message.html?_=1605927612807&CODE_STATE=getMsg HTTP/1.1" 200 27
172.17.0.101 - - [21/Nov/2020:10:52:55 +0800] "GET /xingrg/all/function/internal_message.html?_=1605927216830&CODE_STATE=getMsg HTTP/1.1" 200 27
120.253.135.82 - - [21/Nov/2020:10:52:55 +0800] "POST /xingrg/kc/pszx/mdps_order_operate.html HTTP/1.1" 200 12
180.162.245.190 - - [21/Nov/2020:10:52:55 +0800] "GET /xingrg/all/function/internal_message.html?_=1605927173642&CODE_STATE=getMsg HTTP/1.1" 200 27
101.85.228.137 - - [21/Nov/2020:10:52:56 +0800] "GET /xingrg/kc/base/wldb_order_list.html HTTP/1.1" 200 19418
101.85.228.137 - - [21/Nov/2020:10:52:56 +0800] "POST /xingrg/kc/base/wldb_list_operate.html HTTP/1.1" 200 928
101.85.228.137 - - [21/Nov/2020:10:52:58 +0800] "GET /xingrg/kc/base/wldb_order_add.html HTTP/1.1" 200 30583
101.85.228.137 - - [21/Nov/2020:10:52:59 +0800] "POST /xingrg/kc/base/wldb_order_operate.html HTTP/1.1" 200 6806
114.84.145.85 - - [21/Nov/2020:10:52:59 +0800] "GET /xingrg/kc/buy/cgsh_order_operate.html?command=get_materiel&rest_code=00141&code=00101008264&supplier_code=00100007&order_time=2020-11-21 HTTP/1.1" 200 412
101.85.228.137 - - [21/Nov/2020:10:52:59 +0800] "GET /xingrg/all/common/auto_word.html?type=base&rest_code=00102 HTTP/1.1" 200 1711
101.85.228.137 - - [21/Nov/2020:10:52:59 +0800] "GET /xingrg/all/common/auto_word.html?type=base&rest_code=00102 HTTP/1.1" 200 1711
116.228.172.94 - - [21/Nov/2020:10:52:59 +0800] "GET /xingrg/check_reg.html?_=1605927167619 HTTP/1.1" 200 22
116.228.172.94 - - [21/Nov/2020:10:52:59 +0800] "GET /xingrg/all/function/internal_message.html?_=1605927167589&CODE_STATE=getMsg HTTP/1.1" 200 27
101.85.228.137 - - [21/Nov/2020:10:52:59 +0800] "GET /xingrg/javascript/easyui/themes/default/validatebox.css HTTP/1.1" 404 1104
101.85.228.137 - - [21/Nov/2020:10:52:59 +0800] "POST /xingrg/all/common/load_combo.html?type=base HTTP/1.1" 200 3060
117.184.7.30 - - [21/Nov/2020:10:53:00 +0800] "GET /xingrg/all/function/internal_message.html?_=1605927168763&CODE_STATE=getMsg HTTP/1.1" 200 27
58.35.246.33 - - [21/Nov/2020:10:53:00 +0800] "POST /xingrg/kc/buy/cgsh_order_operate.html HTTP/1.1" 200 37
120.253.135.82 - - [21/Nov/2020:10:53:01 +0800] "GET /xingrg/kc/pszx/mdps_order_info.html?code=312020112100531 HTTP/1.1" 200 19547
58.35.246.33 - - [21/Nov/2020:10:53:01 +0800] "POST /xingrg/kc/buy/cgsh_order_operate.html HTTP/1.1" 200 3857
120.253.135.82 - - [21/Nov/2020:10:53:01 +0800] "POST /xingrg/kc/pszx/mdps_order_operate.html HTTP/1.1" 200 507
120.253.135.82 - - [21/Nov/2020:10:53:01 +0800] "GET /xingrg/javascript/easyui/themes/default/validatebox.css HTTP/1.1" 404 1104
101.85.228.137 - - [21/Nov/2020:10:53:02 +0800] "POST /xingrg/all/common/load_combo.html?type=base HTTP/1.1" 200 3060
58.35.246.33 - - [21/Nov/2020:10:53:02 +0800] "GET /xingrg/kc/print/report_design.html?orderType=cgsh HTTP/1.1" 200 8625
58.35.246.33 - - [21/Nov/2020:10:53:02 +0800] "GET /xingrg/kc/print/design_operate.html?_=1605927292169&command=load_config&code=cgsh HTTP/1.1" 200 2747
58.35.246.33 - - [21/Nov/2020:10:53:02 +0800] "GET /favicon.ico HTTP/1.1" 404 -
58.35.246.33 - - [21/Nov/2020:10:53:05 +0800] "GET /xingrg/kc/print/load_data.html?order_code=212020112108205&kc_code=cgsh&condition= HTTP/1.1" 200 1148
114.84.145.85 - - [21/Nov/2020:10:53:06 +0800] "GET /xingrg/kc/buy/cgsh_order_operate.html?command=get_materiel&rest_code=00141&code=00101008272&supplier_code=00100007&order_time=2020-11-21 HTTP/1.1" 200 412
120.253.135.82 - - [21/Nov/2020:10:53:07 +0800] "POST /xingrg/kc/pszx/mdps_list_operate.html HTTP/1.1" 200 2434
124.77.237.88 - - [21/Nov/2020:10:53:08 +0800] "POST /xingrg/services/DataTransmitService HTTP/1.1" 200 524
124.77.237.88 - - [21/Nov/2020:10:53:08 +0800] "POST /xingrg/services/DataTransmitService HTTP/1.1" 200 501
101.85.228.137 - - [21/Nov/2020:10:53:08 +0800] "GET /xingrg/kc/base/wldb_order_operate.html?command=get_materiel&rest_code=00102&base_code=0010476&code=00101019373 HTTP/1.1" 200 452
124.77.237.88 - - [21/Nov/2020:10:53:09 +0800] "POST /xingrg/services/DataTransmitService HTTP/1.1" 200 501
124.77.237.88 - - [21/Nov/2020:10:53:09 +0800] "POST /xingrg/services/DataTransmitService HTTP/1.1" 200 501
124.77.237.88 - - [21/Nov/2020:10:53:10 +0800] "POST /xingrg/services/DataTransmitService HTTP/1.1" 200 501
114.84.37.38 - - [21/Nov/2020:10:53:10 +0800] "GET /xingrg/all/function/internal_message.html?_=1605927198917&CODE_STATE=getMsg HTTP/1.1" 200 27
58.35.246.33 - - [21/Nov/2020:10:53:10 +0800] "GET /xingrg/kc/buy/cgsh_order_add.html HTTP/1.1" 200 60742
58.35.246.33 - - [21/Nov/2020:10:53:10 +0800] "GET /xingrg/javascript/easyui/themes/default/validatebox.css HTTP/1.1" 404 1104
58.35.246.33 - - [21/Nov/2020:10:53:10 +0800] "POST /xingrg/kc/buy/cgsh_order_operate.html HTTP/1.1" 200 8245
180.162.245.190 - - [21/Nov/2020:10:53:11 +0800] "GET /xingrg/kc/buy/cgsh_order_operate.html?command=get_materiel&rest_code=00105&code=00101020276&supplier_code=00100322&order_time=2020-11-21 HTTP/1.1" 200 402
172.17.0.102 - - [21/Nov/2020:10:53:11 +0800] "GET /xingrg/all/function/internal_message.html?_=1605927190479&CODE_STATE=getMsg HTTP/1.1" 200 27
114.84.145.85 - - [21/Nov/2020:10:53:13 +0800] "GET /xingrg/kc/buy/cgsh_order_operate.html?command=get_materiel&rest_code=00141&code=00101008137&supplier_code=00100007&order_time=2020-11-21 HTTP/1.1" 200 408
124.77.237.88 - - [21/Nov/2020:10:53:13 +0800] "POST /xingrg/services/DataTransmitService HTTP/1.1" 200 412
120.253.135.82 - - [21/Nov/2020:10:53:15 +0800] "GET /xingrg/check_reg.html?_=1605926939007 HTTP/1.1" 200 22
114.84.145.85 - - [21/Nov/2020:10:53:15 +0800] "POST /xingrg/kc/buy/cgsh_order_operate.html HTTP/1.1" 200 2065
101.85.228.137 - - [21/Nov/2020:10:53:15 +0800] "GET /xingrg/kc/base/wldb_order_operate.html?command=get_materiel&rest_code=00102&base_code=0010476&code=00101019374 HTTP/1.1" 200 455
58.40.7.146 - - [21/Nov/2020:10:53:16 +0800] "GET /xingrg/all/function/internal_message.html?_=1605927192606&CODE_STATE=getMsg HTTP/1.1" 200 27
58.35.246.33 - - [21/Nov/2020:10:53:16 +0800] "GET /xingrg/kc/buy/cgsh_order_operate.html?command=get_materiel&rest_code=00111&code=00101006164&supplier_code=00100326&order_time=2020-11-21 HTTP/1.1" 200 415
117.185.32.26 - - [21/Nov/2020:10:53:17 +0800] "GET /xingrg/kc/buy/cgsh_order_operate.html?command=get_materiel&rest_code=00106&code=00101005037&supplier_code=00100007&order_time=2020-11-21 HTTP/1.1" 200 409
114.84.145.85 - - [21/Nov/2020:10:53:19 +0800] "GET /xingrg/kc/buy/cgsh_order_operate.html?command=get_materiel&rest_code=00141&code=00101008360&supplier_code=00100007&order_time=2020-11-21 HTTP/1.1" 200 413
180.157.253.48 - - [21/Nov/2020:10:53:19 +0800] "GET /xingrg/check_reg.html?_=1605927199641 HTTP/1.1" 200 22
101.85.95.39 - - [21/Nov/2020:10:53:21 +0800] "GET /xingrg HTTP/1.1" 302 -
101.85.95.39 - - [21/Nov/2020:10:53:21 +0800] "GET /xingrg/ HTTP/1.1" 200 292
58.35.246.33 - - [21/Nov/2020:10:53:21 +0800] "POST /xingrg/kc/buy/cgsh_order_operate.html HTTP/1.1" 200 37
180.162.245.190 - - [21/Nov/2020:10:53:21 +0800] "GET /xingrg/kc/buy/cgsh_order_operate.html?command=get_materiel&rest_code=00105&code=00101009032&supplier_code=00100322&order_time=2020-11-21 HTTP/1.1" 200 412
101.85.95.39 - - [21/Nov/2020:10:53:21 +0800] "GET /xingrg/index.html HTTP/1.1" 302 -
101.85.95.39 - - [21/Nov/2020:10:53:22 +0800] "GET /xingrg/login.html HTTP/1.1" 200 7641
101.85.95.39 - - [21/Nov/2020:10:53:22 +0800] "GET /xingrg/images/blue/jxLogo.png HTTP/1.1" 200 6156
58.35.246.33 - - [21/Nov/2020:10:53:22 +0800] "POST /xingrg/kc/buy/cgsh_order_operate.html HTTP/1.1" 200 2658
101.85.95.39 - - [21/Nov/2020:10:53:22 +0800] "GET /xingrg/images/blue/login_bg.png HTTP/1.1" 200 22101
101.85.95.39 - - [21/Nov/2020:10:53:22 +0800] "GET /xingrg/images/blue/srbg.png HTTP/1.1" 200 138
101.85.95.39 - - [21/Nov/2020:10:53:22 +0800] "GET /xingrg/images/blue/hj.png HTTP/1.1" 200 1014
117.185.32.26 - - [21/Nov/2020:10:53:22 +0800] "GET /xingrg/kc/buy/cgsh_order_operate.html?command=get_materiel&rest_code=00106&code=00101012046&supplier_code=00100347&order_time=2020-11-21 HTTP/1.1" 200 417
58.35.246.33 - - [21/Nov/2020:10:53:22 +0800] "GET /xingrg/kc/print/load_data.html?order_code=212020112108206&kc_code=cgsh&condition= HTTP/1.1" 200 670
101.85.95.39 - - [21/Nov/2020:10:53:23 +0800] "GET /favicon.ico HTTP/1.1" 404 -
117.185.32.26 - - [21/Nov/2020:10:53:24 +0800] "GET /xingrg/all/function/internal_message.html?_=1605927196852&CODE_STATE=getMsg HTTP/1.1" 200 27
101.85.228.137 - - [21/Nov/2020:10:53:24 +0800] "POST /xingrg/kc/base/wldb_order_operate.html HTTP/1.1" 200 37
114.84.145.85 - - [21/Nov/2020:10:53:25 +0800] "GET /xingrg/kc/buy/cgsh_order_operate.html?command=get_materiel&rest_code=00141&code=00101008357&supplier_code=00100007&order_time=2020-11-21 HTTP/1.1" 200 408
120.253.135.82 - - [21/Nov/2020:10:53:26 +0800] "GET /xingrg/all/function/internal_message.html?_=1605926949782&CODE_STATE=getMsg HTTP/1.1" 200 27
58.35.246.33 - - [21/Nov/2020:10:53:26 +0800] "GET /xingrg/kc/buy/cgsh_order_add.html HTTP/1.1" 200 60742
101.85.228.137 - - [21/Nov/2020:10:53:26 +0800] "POST /xingrg/kc/base/wldb_order_operate.html HTTP/1.1" 200 12
101.85.228.137 - - [21/Nov/2020:10:53:26 +0800] "POST /xingrg/kc/base/wldb_order_operate.html HTTP/1.1" 200 2709
58.35.246.33 - - [21/Nov/2020:10:53:26 +0800] "GET /xingrg/javascript/easyui/themes/default/validatebox.css HTTP/1.1" 404 1104
58.35.246.33 - - [21/Nov/2020:10:53:27 +0800] "POST /xingrg/kc/buy/cgsh_order_operate.html HTTP/1.1" 200 8245
117.185.32.26 - - [21/Nov/2020:10:53:28 +0800] "GET /xingrg/kc/buy/cgsh_order_operate.html?command=get_materiel&rest_code=00106&code=00101008283&supplier_code=00100007&order_time=2020-11-21 HTTP/1.1" 200 408
101.85.228.137 - - [21/Nov/2020:10:53:30 +0800] "GET /xingrg/kc/base/wldb_order_info.html?code=422020112102277 HTTP/1.1" 200 26460
114.84.145.85 - - [21/Nov/2020:10:53:31 +0800] "GET /xingrg/kc/buy/cgsh_order_operate.html?command=get_materiel&rest_code=00141&code=00101008069&supplier_code=00100007&order_time=2020-11-21 HTTP/1.1" 200 412
101.85.228.137 - - [21/Nov/2020:10:53:31 +0800] "POST /xingrg/kc/base/wldb_order_operate.html HTTP/1.1" 200 993
180.157.253.48 - - [21/Nov/2020:10:53:32 +0800] "POST /xingrg/kc/buy/cgsh_order_operate.html HTTP/1.1" 200 37
101.85.228.137 - - [21/Nov/2020:10:53:32 +0800] "GET /xingrg/javascript/easyui/themes/default/validatebox.css HTTP/1.1" 404 1104
180.157.253.48 - - [21/Nov/2020:10:53:33 +0800] "POST /xingrg/kc/buy/cgsh_order_operate.html HTTP/1.1" 200 5632
58.35.246.33 - - [21/Nov/2020:10:53:34 +0800] "GET /xingrg/kc/buy/cgsh_order_operate.html?command=get_materiel&rest_code=00111&code=00101010111&supplier_code=00100327&order_time=2020-11-21 HTTP/1.1" 200 417
180.157.253.48 - - [21/Nov/2020:10:53:34 +0800] "GET /xingrg/kc/buy/cgsh_order_add.html HTTP/1.1" 200 60748
117.185.32.26 - - [21/Nov/2020:10:53:34 +0800] "GET /xingrg/kc/buy/cgsh_order_operate.html?command=get_materiel&rest_code=00106&code=00101008323&supplier_code=00100007&order_time=2020-11-21 HTTP/1.1" 200 408
180.157.253.48 - - [21/Nov/2020:10:53:35 +0800] "POST /xingrg/kc/buy/cgsh_order_operate.html HTTP/1.1" 200 8245
180.174.56.115 - - [21/Nov/2020:10:53:35 +0800] "GET /xingrg/all/function/internal_message.html?_=1605927182333&CODE_STATE=getMsg HTTP/1.1" 200 27
180.157.253.48 - - [21/Nov/2020:10:53:35 +0800] "GET /xingrg/javascript/easyui/themes/default/validatebox.css HTTP/1.1" 404 1104
117.185.32.26 - - [21/Nov/2020:10:53:38 +0800] "GET /xingrg/kc/buy/cgsh_order_operate.html?command=get_materiel&rest_code=00106&code=00101005022&supplier_code=00100347&order_time=2020-11-21 HTTP/1.1" 200 417
180.162.245.190 - - [21/Nov/2020:10:53:40 +0800] "GET /xingrg/kc/buy/cgsh_order_operate.html?command=get_materiel&rest_code=00105&code=00101009020&supplier_code=00100322&order_time=2020-11-21 HTTP/1.1" 200 420
58.35.246.33 - - [21/Nov/2020:10:53:43 +0800] "GET /xingrg/kc/buy/cgsh_order_operate.html?command=get_materiel&rest_code=00111&code=00101010628&supplier_code=00100327&order_time=2020-11-21 HTTP/1.1" 200 412
180.174.56.115 - - [21/Nov/2020:10:53:44 +0800] "GET /xingrg/all/function/internal_message.html?_=1605927221173&CODE_STATE=getMsg HTTP/1.1" 200 27
58.35.246.33 - - [21/Nov/2020:10:53:46 +0800] "GET /xingrg/all/function/internal_message.html?_=1605927335480&CODE_STATE=getMsg HTTP/1.1" 200 27
61.129.6.227 - - [21/Nov/2020:10:53:46 +0800] "GET /xingrg/all/function/internal_message.html?_=1605926506723&CODE_STATE=getMsg HTTP/1.1" 302 -
117.185.32.26 - - [21/Nov/2020:10:53:46 +0800] "POST /xingrg/kc/buy/cgsh_order_operate.html HTTP/1.1" 200 37
114.84.145.85 - - [21/Nov/2020:10:53:47 +0800] "GET /xingrg/all/function/internal_message.html?_=1605926819471&CODE_STATE=getMsg HTTP/1.1" 200 27
58.35.246.33 - - [21/Nov/2020:10:53:48 +0800] "POST /xingrg/kc/buy/cgsh_order_operate.html HTTP/1.1" 200 37
117.185.32.26 - - [21/Nov/2020:10:53:48 +0800] "POST /xingrg/kc/buy/cgsh_order_operate.html HTTP/1.1" 200 24486
58.35.246.33 - - [21/Nov/2020:10:53:49 +0800] "POST /xingrg/kc/buy/cgsh_order_operate.html HTTP/1.1" 200 3266
114.84.145.85 - - [21/Nov/2020:10:53:49 +0800] "GET /xingrg/all/function/internal_message.html?_=1605927226556&CODE_STATE=getMsg HTTP/1.1" 200 27
58.35.246.33 - - [21/Nov/2020:10:53:49 +0800] "GET /xingrg/kc/print/load_data.html?order_code=212020112108207&kc_code=cgsh&condition= HTTP/1.1" 200 909
180.162.245.190 - - [21/Nov/2020:10:53:50 +0800] "GET /xingrg/kc/buy/cgsh_order_operate.html?command=get_materiel&rest_code=00105&code=00101020272&supplier_code=00100322&order_time=2020-11-21 HTTP/1.1" 200 414
61.129.6.227 - - [21/Nov/2020:10:53:50 +0800] "GET /xingrg/login.html HTTP/1.1" 200 7641
114.84.145.85 - - [21/Nov/2020:10:53:51 +0800] "POST /xingrg/kc/buy/cgsh_order_operate.html HTTP/1.1" 200 2065
101.85.228.137 - - [21/Nov/2020:10:53:51 +0800] "GET /xingrg/all/function/internal_message.html?_=1605927452895&CODE_STATE=getMsg HTTP/1.1" 200 27
114.84.145.85 - - [21/Nov/2020:10:53:54 +0800] "GET /xingrg/kc/buy/cgsh_order_operate.html?command=get_materiel&rest_code=00141&code=00101008131&supplier_code=00100007&order_time=2020-11-21 HTTP/1.1" 200 408
117.185.32.26 - - [21/Nov/2020:10:53:55 +0800] "GET /xingrg/all/function/internal_message.html?_=1605927672777&CODE_STATE=getMsg HTTP/1.1" 200 27
117.185.32.26 - - [21/Nov/2020:10:53:55 +0800] "GET /xingrg/check_reg.html?_=1605927672834 HTTP/1.1" 200 22
172.17.0.101 - - [21/Nov/2020:10:53:55 +0800] "GET /xingrg/all/function/internal_message.html?_=1605927276831&CODE_STATE=getMsg HTTP/1.1" 200 27
180.162.245.190 - - [21/Nov/2020:10:53:55 +0800] "GET /xingrg/all/function/internal_message.html?_=1605927233666&CODE_STATE=getMsg HTTP/1.1" 200 27
180.162.245.190 - - [21/Nov/2020:10:53:55 +0800] "GET /xingrg/check_reg.html?_=1605927233676 HTTP/1.1" 200 22
180.157.253.48 - - [21/Nov/2020:10:53:56 +0800] "GET /xingrg/kc/buy/cgsh_order_operate.html?command=get_materiel&rest_code=00148&code=00101001125&supplier_code=00100090&order_time=2020-11-21 HTTP/1.1" 200 413
58.35.246.33 - - [21/Nov/2020:10:53:58 +0800] "GET /xingrg/kc/buy/cgsh_order_add.html HTTP/1.1" 200 60742
58.35.246.33 - - [21/Nov/2020:10:53:59 +0800] "GET /xingrg/javascript/easyui/themes/default/validatebox.css HTTP/1.1" 404 1104
58.35.246.33 - - [21/Nov/2020:10:53:59 +0800] "POST /xingrg/kc/buy/cgsh_order_operate.html HTTP/1.1" 200 8245
116.228.172.94 - - [21/Nov/2020:10:53:59 +0800] "GET /xingrg/all/function/internal_message.html?_=1605927227589&CODE_STATE=getMsg HTTP/1.1" 200 27
117.184.7.30 - - [21/Nov/2020:10:54:00 +0800] "GET /xingrg/all/function/internal_message.html?_=1605927228762&CODE_STATE=getMsg HTTP/1.1" 200 27
114.84.145.85 - - [21/Nov/2020:10:54:01 +0800] "GET /xingrg/kc/buy/cgsh_order_operate.html?command=get_materiel&rest_code=00141&code=00101008318&supplier_code=00100007&order_time=2020-11-21 HTTP/1.1" 200 408
58.35.246.33 - - [21/Nov/2020:10:54:06 +0800] "GET /xingrg/kc/buy/cgsh_order_operate.html?command=get_materiel&rest_code=00111&code=00101018011&supplier_code=00100330&order_time=2020-11-21 HTTP/1.1" 200 415
114.84.145.85 - - [21/Nov/2020:10:54:07 +0800] "GET /xingrg/kc/buy/cgsh_order_operate.html?command=get_materiel&rest_code=00141&code=00101008352&supplier_code=00100007&order_time=2020-11-21 HTTP/1.1" 200 412
117.185.32.26 - - [21/Nov/2020:10:54:08 +0800] "GET /xingrg/kc/buy/cgsh_order_operate.html?command=get_materiel&rest_code=00106&code=00101008439&supplier_code=00100007&order_time=2020-11-21 HTTP/1.1" 200 399
120.253.135.82 - - [21/Nov/2020:10:54:10 +0800] "POST /xingrg/kc/pszx/mdps_list_operate.html HTTP/1.1" 200 447
180.162.245.190 - - [21/Nov/2020:10:54:10 +0800] "POST /xingrg/kc/buy/cgsh_order_operate.html HTTP/1.1" 200 37
114.84.37.38 - - [21/Nov/2020:10:54:10 +0800] "GET /xingrg/all/function/internal_message.html?_=1605927258959&CODE_STATE=getMsg HTTP/1.1" 200 27
180.162.245.190 - - [21/Nov/2020:10:54:11 +0800] "POST /xingrg/kc/buy/cgsh_order_operate.html HTTP/1.1" 200 2667
172.17.0.102 - - [21/Nov/2020:10:54:11 +0800] "GET /xingrg/all/function/internal_message.html?_=1605927250470&CODE_STATE=getMsg HTTP/1.1" 200 27
180.162.245.190 - - [21/Nov/2020:10:54:12 +0800] "GET /xingrg/kc/print/load_data.html?order_code=212020112108208&kc_code=cgsh&condition= HTTP/1.1" 200 679
120.253.135.82 - - [21/Nov/2020:10:54:12 +0800] "POST /xingrg/kc/pszx/mdps_list_operate.html HTTP/1.1" 200 202
120.253.135.82 - - [21/Nov/2020:10:54:14 +0800] "POST /xingrg/kc/pszx/mdps_list_operate.html HTTP/1.1" 200 538
58.35.246.33 - - [21/Nov/2020:10:54:15 +0800] "POST /xingrg/kc/buy/cgsh_order_operate.html HTTP/1.1" 200 37
58.40.7.146 - - [21/Nov/2020:10:54:16 +0800] "GET /xingrg/all/function/internal_message.html?_=1605927252608&CODE_STATE=getMsg HTTP/1.1" 200 27
117.185.32.26 - - [21/Nov/2020:10:54:16 +0800] "GET /xingrg/kc/buy/cgsh_order_operate.html?command=get_materiel&rest_code=00106&code=00101008223&supplier_code=00100007&order_time=2020-11-21 HTTP/1.1" 200 412
180.162.245.190 - - [21/Nov/2020:10:54:16 +0800] "GET /xingrg/kc/buy/cgsh_order_add.html HTTP/1.1" 200 60789
180.162.245.190 - - [21/Nov/2020:10:54:16 +0800] "POST /xingrg/kc/buy/cgsh_order_operate.html HTTP/1.1" 200 8245
114.84.145.85 - - [21/Nov/2020:10:54:16 +0800] "GET /xingrg/kc/buy/cgsh_order_operate.html?command=get_materiel&rest_code=00141&code=00101008005&supplier_code=00100007&order_time=2020-11-21 HTTP/1.1" 200 412
180.162.245.190 - - [21/Nov/2020:10:54:16 +0800] "GET /xingrg/javascript/easyui/themes/default/validatebox.css HTTP/1.1" 404 1104
58.35.246.33 - - [21/Nov/2020:10:54:16 +0800] "POST /xingrg/kc/buy/cgsh_order_operate.html HTTP/1.1" 200 2658
58.35.246.33 - - [21/Nov/2020:10:54:18 +0800] "GET /xingrg/kc/print/report_design.html?orderType=cgsh HTTP/1.1" 200 8625
58.35.246.33 - - [21/Nov/2020:10:54:18 +0800] "GET /xingrg/kc/print/design_operate.html?_=1605927367599&command=load_config&code=cgsh HTTP/1.1" 200 2747
58.35.246.33 - - [21/Nov/2020:10:54:18 +0800] "GET /favicon.ico HTTP/1.1" 404 -
58.35.246.33 - - [21/Nov/2020:10:54:21 +0800] "GET /xingrg/kc/print/load_data.html?order_code=212020112108209&kc_code=cgsh&condition= HTTP/1.1" 200 671
183.192.164.85 - - [21/Nov/2020:10:54:21 +0800] "GET /xingrg/all/function/internal_message.html?_=1605926536707&CODE_STATE=getMsg HTTP/1.1" 302 -
117.185.32.26 - - [21/Nov/2020:10:54:22 +0800] "GET /xingrg/kc/buy/cgsh_order_operate.html?command=get_materiel&rest_code=00106&code=00101008069&supplier_code=00100007&order_time=2020-11-21 HTTP/1.1" 200 412
117.185.32.26 - - [21/Nov/2020:10:54:24 +0800] "GET /xingrg/all/function/internal_message.html?_=1605927256748&CODE_STATE=getMsg HTTP/1.1" 200 27
114.84.145.85 - - [21/Nov/2020:10:54:24 +0800] "GET /xingrg/kc/buy/cgsh_order_operate.html?command=get_materiel&rest_code=00141&code=00101008271&supplier_code=00100007&order_time=2020-11-21 HTTP/1.1" 200 408
58.35.246.33 - - [21/Nov/2020:10:54:25 +0800] "GET /xingrg/kc/buy/cgsh_order_add.html HTTP/1.1" 200 60742
58.35.246.33 - - [21/Nov/2020:10:54:26 +0800] "GET /xingrg/javascript/easyui/themes/default/validatebox.css HTTP/1.1" 404 1104
180.162.245.190 - - [21/Nov/2020:10:54:26 +0800] "GET /xingrg/kc/buy/cgsh_order_operate.html?command=get_materiel&rest_code=00105&code=00101001169&supplier_code=00100319&order_time=2020-11-21 HTTP/1.1" 200 415
58.35.246.33 - - [21/Nov/2020:10:54:26 +0800] "POST /xingrg/kc/buy/cgsh_order_operate.html HTTP/1.1" 200 8245
120.253.135.82 - - [21/Nov/2020:10:54:26 +0800] "GET /xingrg/all/function/internal_message.html?_=1605927009822&CODE_STATE=getMsg HTTP/1.1" 200 27
117.185.32.26 - - [21/Nov/2020:10:54:26 +0800] "POST /xingrg/kc/buy/cgsh_order_operate.html HTTP/1.1" 200 2065
114.84.145.85 - - [21/Nov/2020:10:54:27 +0800] "POST /xingrg/kc/buy/cgsh_order_operate.html HTTP/1.1" 200 2065
183.192.164.85 - - [21/Nov/2020:10:54:31 +0800] "GET /xingrg/login.html HTTP/1.1" 200 7641
58.35.246.33 - - [21/Nov/2020:10:54:31 +0800] "GET /xingrg/kc/buy/cgsh_order_operate.html?command=get_materiel&rest_code=00111&code=00101001093&supplier_code=00100319&order_time=2020-11-21 HTTP/1.1" 200 410
114.84.145.85 - - [21/Nov/2020:10:54:31 +0800] "GET /xingrg/kc/buy/cgsh_order_operate.html?command=get_materiel&rest_code=00141&code=00101008353&supplier_code=00100007&order_time=2020-11-21 HTTP/1.1" 200 408
117.185.32.26 - - [21/Nov/2020:10:54:33 +0800] "GET /xingrg/kc/buy/cgsh_order_operate.html?command=get_materiel&rest_code=00106&code=00101002007&supplier_code=00100347&order_time=2020-11-21 HTTP/1.1" 200 409
180.174.56.115 - - [21/Nov/2020:10:54:35 +0800] "GET /xingrg/all/function/internal_message.html?_=1605927242392&CODE_STATE=getMsg HTTP/1.1" 200 27
114.84.145.85 - - [21/Nov/2020:10:54:37 +0800] "GET /xingrg/kc/buy/cgsh_order_operate.html?command=get_materiel&rest_code=00141&code=00101008213&supplier_code=00100007&order_time=2020-11-21 HTTP/1.1" 200 412
117.185.32.26 - - [21/Nov/2020:10:54:37 +0800] "GET /xingrg/kc/buy/cgsh_order_operate.html?command=get_materiel&rest_code=00106&code=00101008236&supplier_code=00100007&order_time=2020-11-21 HTTP/1.1" 200 416
58.35.246.33 - - [21/Nov/2020:10:54:39 +0800] "POST /xingrg/kc/buy/cgsh_order_operate.html HTTP/1.1" 200 37
58.35.246.33 - - [21/Nov/2020:10:54:40 +0800] "POST /xingrg/kc/buy/cgsh_order_operate.html HTTP/1.1" 200 2659
58.35.246.33 - - [21/Nov/2020:10:54:41 +0800] "GET /xingrg/kc/print/load_data.html?order_code=212020112108210&kc_code=cgsh&condition= HTTP/1.1" 200 676
114.84.145.85 - - [21/Nov/2020:10:54:44 +0800] "GET /xingrg/kc/buy/cgsh_order_operate.html?command=get_materiel&rest_code=00141&code=00101008312&supplier_code=00100007&order_time=2020-11-21 HTTP/1.1" 200 412
180.162.245.190 - - [21/Nov/2020:10:54:44 +0800] "GET /xingrg/kc/buy/cgsh_order_operate.html?command=get_materiel&rest_code=00105&code=00101001125&supplier_code=00100319&order_time=2020-11-21 HTTP/1.1" 200 414
180.174.56.115 - - [21/Nov/2020:10:54:44 +0800] "GET /xingrg/all/function/internal_message.html?_=1605927281171&CODE_STATE=getMsg HTTP/1.1" 200 27
58.35.246.33 - - [21/Nov/2020:10:54:45 +0800] "GET /xingrg/kc/buy/cgsh_order_add.html HTTP/1.1" 200 60742
58.35.246.33 - - [21/Nov/2020:10:54:45 +0800] "POST /xingrg/kc/buy/cgsh_order_operate.html HTTP/1.1" 200 8245
58.35.246.33 - - [21/Nov/2020:10:54:45 +0800] "GET /xingrg/javascript/easyui/themes/default/validatebox.css HTTP/1.1" 404 1104
58.35.246.33 - - [21/Nov/2020:10:54:46 +0800] "GET /xingrg/all/function/internal_message.html?_=1605927395488&CODE_STATE=getMsg HTTP/1.1" 200 27
114.84.145.85 - - [21/Nov/2020:10:54:47 +0800] "GET /xingrg/all/function/internal_message.html?_=1605926879470&CODE_STATE=getMsg HTTP/1.1" 200 27
114.84.145.85 - - [21/Nov/2020:10:54:49 +0800] "GET /xingrg/kc/buy/cgsh_order_operate.html?command=get_materiel&rest_code=00141&code=00101008039&supplier_code=00100007&order_time=2020-11-21 HTTP/1.1" 200 412
114.84.145.85 - - [21/Nov/2020:10:54:49 +0800] "GET /xingrg/all/function/internal_message.html?_=1605927286631&CODE_STATE=getMsg HTTP/1.1" 200 27
58.35.246.33 - - [21/Nov/2020:10:54:50 +0800] "GET /xingrg/kc/buy/cgsh_order_operate.html?command=get_materiel&rest_code=00111&code=00101001019&supplier_code=00100318&order_time=2020-11-21 HTTP/1.1" 200 414
180.162.245.190 - - [21/Nov/2020:10:54:50 +0800] "GET /xingrg/kc/buy/cgsh_order_operate.html?command=get_materiel&rest_code=00105&code=00101001044&supplier_code=00100319&order_time=2020-11-21 HTTP/1.1" 200 411
117.185.32.26 - - [21/Nov/2020:10:54:51 +0800] "GET /xingrg/kc/buy/cgsh_order_operate.html?command=get_materiel&rest_code=00106&code=00101008095&supplier_code=00100007&order_time=2020-11-21 HTTP/1.1" 200 412
101.85.228.137 - - [21/Nov/2020:10:54:51 +0800] "GET /xingrg/all/function/internal_message.html?_=1605927512910&CODE_STATE=getMsg HTTP/1.1" 200 27
117.185.32.26 - - [21/Nov/2020:10:54:55 +0800] "GET /xingrg/all/function/internal_message.html?_=1605927732763&CODE_STATE=getMsg HTTP/1.1" 200 27
58.35.246.33 - - [21/Nov/2020:10:54:55 +0800] "POST /xingrg/kc/buy/cgsh_order_operate.html HTTP/1.1" 200 37
172.17.0.101 - - [21/Nov/2020:10:54:55 +0800] "GET /xingrg/all/function/internal_message.html?_=1605927336834&CODE_STATE=getMsg HTTP/1.1" 200 27
172.17.0.101 - - [21/Nov/2020:10:54:55 +0800] "GET /xingrg/check_reg.html?_=1605927336838 HTTP/1.1" 200 22
180.162.245.190 - - [21/Nov/2020:10:54:55 +0800] "GET /xingrg/all/function/internal_message.html?_=1605927293641&CODE_STATE=getMsg HTTP/1.1" 200 27
117.185.32.26 - - [21/Nov/2020:10:54:55 +0800] "GET /xingrg/kc/buy/cgsh_order_operate.html?command=get_materiel&rest_code=00106&code=00101001023&supplier_code=00100347&order_time=2020-11-21 HTTP/1.1" 200 413
58.35.246.33 - - [21/Nov/2020:10:54:56 +0800] "POST /xingrg/kc/buy/cgsh_order_operate.html HTTP/1.1" 200 2661
180.162.245.190 - - [21/Nov/2020:10:54:56 +0800] "GET /xingrg/kc/buy/cgsh_order_operate.html?command=get_materiel&rest_code=00105&code=00101001140&supplier_code=00100319&order_time=2020-11-21 HTTP/1.1" 200 415
58.35.246.33 - - [21/Nov/2020:10:54:57 +0800] "GET /xingrg/kc/print/load_data.html?order_code=212020112108211&kc_code=cgsh&condition= HTTP/1.1" 200 680
117.185.32.26 - - [21/Nov/2020:10:54:57 +0800] "GET /xingrg/kc/buy/cgsh_order_operate.html?command=get_materiel&rest_code=00106&code=00101008110&supplier_code=00100007&order_time=2020-11-21 HTTP/1.1" 200 408
116.228.172.94 - - [21/Nov/2020:10:54:59 +0800] "GET /xingrg/all/function/internal_message.html?_=1605927287604&CODE_STATE=getMsg HTTP/1.1" 200 27
114.84.145.85 - - [21/Nov/2020:10:55:00 +0800] "POST /xingrg/kc/buy/cgsh_order_operate.html HTTP/1.1" 200 2065
117.184.7.30 - - [21/Nov/2020:10:55:00 +0800] "GET /xingrg/all/function/internal_message.html?_=1605927288766&CODE_STATE=getMsg HTTP/1.1" 200 27
117.185.32.26 - - [21/Nov/2020:10:55:00 +0800] "POST /xingrg/kc/buy/cgsh_order_operate.html HTTP/1.1" 200 2065
58.35.246.33 - - [21/Nov/2020:10:55:00 +0800] "GET /xingrg/kc/buy/cgsh_order_add.html HTTP/1.1" 200 60742
58.35.246.33 - - [21/Nov/2020:10:55:00 +0800] "POST /xingrg/kc/buy/cgsh_order_operate.html HTTP/1.1" 200 8245
58.35.246.33 - - [21/Nov/2020:10:55:01 +0800] "GET /xingrg/javascript/easyui/themes/default/validatebox.css HTTP/1.1" 404 1104
117.185.32.26 - - [21/Nov/2020:10:55:03 +0800] "GET /xingrg/kc/buy/cgsh_order_operate.html?command=get_materiel&rest_code=00106&code=00101008114&supplier_code=00100007&order_time=2020-11-21 HTTP/1.1" 200 413
114.84.145.85 - - [21/Nov/2020:10:55:04 +0800] "GET /xingrg/kc/buy/cgsh_order_operate.html?command=get_materiel&rest_code=00141&code=00101008261&supplier_code=00100007&order_time=2020-11-21 HTTP/1.1" 200 408
