114.84.145.85 - - [21/Nov/2020:11:12:50 +0800] "GET /xingrg/check_reg.html?_=1605928366785 HTTP/1.1" 200 22
180.157.253.48 - - [21/Nov/2020:11:12:50 +0800] "GET /xingrg/kc/buy/cgsh_order_add.html HTTP/1.1" 200 60748
114.84.37.38 - - [21/Nov/2020:11:12:51 +0800] "GET /xingrg/kc/buy/cgsh_order_operate.html?command=get_materiel&rest_code=00146&code=00101001140&supplier_code=00100090&order_time=2020-11-21 HTTP/1.1" 200 415
180.157.253.48 - - [21/Nov/2020:11:12:51 +0800] "POST /xingrg/kc/buy/cgsh_order_operate.html HTTP/1.1" 200 8245
180.157.253.48 - - [21/Nov/2020:11:12:51 +0800] "GET /xingrg/javascript/easyui/themes/default/validatebox.css HTTP/1.1" 404 1104
117.184.7.26 - - [21/Nov/2020:11:12:52 +0800] "GET /xingrg/kc/buy/cgsh_order_operate.html?command=get_materiel&rest_code=00108&code=00101008355&supplier_code=00100008&order_time=2020-11-21 HTTP/1.1" 200 408
117.184.7.26 - - [21/Nov/2020:11:12:53 +0800] "GET /xingrg/all/function/internal_message.html?_=1605928362304&CODE_STATE=getMsg HTTP/1.1" 200 27
101.85.228.137 - - [21/Nov/2020:11:12:54 +0800] "GET /xingrg/all/function/internal_message.html?_=1605928595384&CODE_STATE=getMsg HTTP/1.1" 200 27
180.162.245.190 - - [21/Nov/2020:11:12:55 +0800] "GET /xingrg/all/function/internal_message.html?_=1605928373286&CODE_STATE=getMsg HTTP/1.1" 200 27
117.185.32.26 - - [21/Nov/2020:11:12:55 +0800] "GET /xingrg/all/function/internal_message.html?_=1605928813129&CODE_STATE=getMsg HTTP/1.1" 200 27
172.17.0.101 - - [21/Nov/2020:11:12:55 +0800] "GET /xingrg/all/function/internal_message.html?_=1605928416857&CODE_STATE=getMsg HTTP/1.1" 200 27
101.85.228.137 - - [21/Nov/2020:11:12:56 +0800] "GET /xingrg/kc/base/wldb_order_list.html HTTP/1.1" 200 19418
101.85.228.137 - - [21/Nov/2020:11:12:57 +0800] "POST /xingrg/kc/base/wldb_list_operate.html HTTP/1.1" 200 928
101.85.228.137 - - [21/Nov/2020:11:12:58 +0800] "GET /xingrg/kc/base/wldb_order_operate.html?command=get_materiel&rest_code=00102&base_code=0010476&code=00101019313 HTTP/1.1" 200 442
101.85.228.137 - - [21/Nov/2020:11:12:58 +0800] "GET /xingrg/kc/base/wldb_order_add.html HTTP/1.1" 200 30587
101.85.228.137 - - [21/Nov/2020:11:12:59 +0800] "POST /xingrg/kc/base/wldb_order_operate.html HTTP/1.1" 200 6806
116.228.172.94 - - [21/Nov/2020:11:12:59 +0800] "GET /xingrg/all/function/internal_message.html?_=1605928367629&CODE_STATE=getMsg HTTP/1.1" 200 27
116.228.172.94 - - [21/Nov/2020:11:12:59 +0800] "GET /xingrg/check_reg.html?_=1605928367644 HTTP/1.1" 200 22
101.85.228.137 - - [21/Nov/2020:11:12:59 +0800] "GET /xingrg/javascript/easyui/themes/default/validatebox.css HTTP/1.1" 404 1104
180.174.56.115 - - [21/Nov/2020:11:13:00 +0800] "GET /xingrg/kc/buy/cgsh_order_operate.html?command=get_materiel&rest_code=00150&code=00101002013&supplier_code=00100347&order_time=2020-11-21 HTTP/1.1" 200 414
117.184.7.26 - - [21/Nov/2020:11:13:02 +0800] "GET /xingrg/kc/buy/cgsh_order_operate.html?command=get_materiel&rest_code=00108&code=00101008372&supplier_code=00100008&order_time=2020-11-21 HTTP/1.1" 200 408
101.85.228.137 - - [21/Nov/2020:11:13:03 +0800] "GET /xingrg/kc/base/wldb_order_operate.html?command=get_materiel&rest_code=00102&base_code=0010476&code=00101019535 HTTP/1.1" 200 475
101.85.228.137 - - [21/Nov/2020:11:13:06 +0800] "GET /xingrg/kc/base/wldb_order_operate.html?command=get_materiel&rest_code=00102&base_code=&code=00101006037 HTTP/1.1" 200 436
114.84.37.38 - - [21/Nov/2020:11:13:07 +0800] "GET /xingrg/kc/buy/cgsh_order_operate.html?command=get_materiel&rest_code=00146&code=00101001125&supplier_code=00100090&order_time=2020-11-21 HTTP/1.1" 200 415
117.184.7.26 - - [21/Nov/2020:11:13:10 +0800] "GET /xingrg/kc/buy/cgsh_order_operate.html?command=get_materiel&rest_code=00108&code=00101008264&supplier_code=00100008&order_time=2020-11-21 HTTP/1.1" 200 412
101.85.228.137 - - [21/Nov/2020:11:13:10 +0800] "GET /xingrg/kc/base/wldb_order_operate.html?command=get_materiel&rest_code=00102&base_code=0010476&code=00101019306 HTTP/1.1" 200 464
114.84.37.38 - - [21/Nov/2020:11:13:10 +0800] "GET /xingrg/all/function/internal_message.html?_=1605928399251&CODE_STATE=getMsg HTTP/1.1" 200 27
172.17.0.102 - - [21/Nov/2020:11:13:11 +0800] "GET /xingrg/all/function/internal_message.html?_=1605928390550&CODE_STATE=getMsg HTTP/1.1" 200 27
58.35.246.33 - - [21/Nov/2020:11:13:12 +0800] "GET /xingrg/all/function/internal_message.html?_=1605928501679&CODE_STATE=getMsg HTTP/1.1" 200 27
101.85.228.137 - - [21/Nov/2020:11:13:13 +0800] "GET /xingrg/kc/base/wldb_order_list.html HTTP/1.1" 200 19418
101.85.228.137 - - [21/Nov/2020:11:13:13 +0800] "POST /xingrg/kc/base/wldb_list_operate.html HTTP/1.1" 200 928
120.253.135.82 - - [21/Nov/2020:11:13:15 +0800] "GET /xingrg/check_reg.html?_=1605928139061 HTTP/1.1" 200 22
58.40.7.146 - - [21/Nov/2020:11:13:16 +0800] "GET /xingrg/all/function/internal_message.html?_=1605928392620&CODE_STATE=getMsg HTTP/1.1" 200 27
117.184.7.26 - - [21/Nov/2020:11:13:18 +0800] "GET /xingrg/kc/buy/cgsh_order_operate.html?command=get_materiel&rest_code=00108&code=00101008212&supplier_code=00100008&order_time=2020-11-21 HTTP/1.1" 200 412
180.157.253.48 - - [21/Nov/2020:11:13:19 +0800] "GET /xingrg/check_reg.html?_=1605928399632 HTTP/1.1" 200 22
114.84.37.38 - - [21/Nov/2020:11:13:23 +0800] "GET /xingrg/kc/buy/cgsh_order_operate.html?command=get_materiel&rest_code=00146&code=00101001044&supplier_code=00100090&order_time=2020-11-21 HTTP/1.1" 200 411
117.185.32.26 - - [21/Nov/2020:11:13:24 +0800] "GET /xingrg/all/function/internal_message.html?_=1605928396758&CODE_STATE=getMsg HTTP/1.1" 200 27
117.184.7.26 - - [21/Nov/2020:11:13:26 +0800] "GET /xingrg/kc/buy/cgsh_order_operate.html?command=get_materiel&rest_code=00108&code=00101008272&supplier_code=00100008&order_time=2020-11-21 HTTP/1.1" 200 412
120.253.135.82 - - [21/Nov/2020:11:13:26 +0800] "GET /xingrg/all/function/internal_message.html?_=1605928150211&CODE_STATE=getMsg HTTP/1.1" 200 27
180.174.56.115 - - [21/Nov/2020:11:13:26 +0800] "GET /xingrg/kc/buy/cgsh_order_operate.html?command=get_materiel&rest_code=00150&code=00101001045&supplier_code=00100347&order_time=2020-11-21 HTTP/1.1" 200 423
117.184.7.26 - - [21/Nov/2020:11:13:28 +0800] "POST /xingrg/kc/buy/cgsh_order_operate.html HTTP/1.1" 200 2065
117.184.7.26 - - [21/Nov/2020:11:13:32 +0800] "GET /xingrg/kc/buy/cgsh_order_operate.html?command=get_materiel&rest_code=00108&code=00101015004&supplier_code=00100008&order_time=2020-11-21 HTTP/1.1" 200 408
101.85.228.137 - - [21/Nov/2020:11:13:33 +0800] "GET /xingrg/all/function/internal_message.html?_=1605928411076&CODE_STATE=getMsg HTTP/1.1" 200 27
117.185.32.26 - - [21/Nov/2020:11:13:38 +0800] "POST /xingrg/kc/buy/cgsh_order_operate.html HTTP/1.1" 200 37
114.84.37.38 - - [21/Nov/2020:11:13:38 +0800] "GET /xingrg/kc/buy/cgsh_order_operate.html?command=get_materiel&rest_code=00146&code=00101001040&supplier_code=00100090&order_time=2020-11-21 HTTP/1.1" 200 413
117.184.7.26 - - [21/Nov/2020:11:13:39 +0800] "GET /xingrg/kc/buy/cgsh_order_operate.html?command=get_materiel&rest_code=00108&code=00101008137&supplier_code=00100008&order_time=2020-11-21 HTTP/1.1" 200 408
180.174.56.115 - - [21/Nov/2020:11:13:39 +0800] "GET /xingrg/check_reg.html?_=1605928386800 HTTP/1.1" 200 22
180.174.56.115 - - [21/Nov/2020:11:13:39 +0800] "GET /xingrg/all/function/internal_message.html?_=1605928386831&CODE_STATE=getMsg HTTP/1.1" 200 27
117.185.32.26 - - [21/Nov/2020:11:13:41 +0800] "POST /xingrg/kc/buy/cgsh_order_operate.html HTTP/1.1" 200 12
117.185.32.26 - - [21/Nov/2020:11:13:42 +0800] "GET /xingrg/kc/buy/cgsh_order_info.html?code=212020112108252 HTTP/1.1" 200 55649
101.85.228.137 - - [21/Nov/2020:11:13:42 +0800] "POST /xingrg/kc/base/wldb_order_operate.html HTTP/1.1" 200 37
117.185.32.26 - - [21/Nov/2020:11:13:42 +0800] "GET /xingrg/javascript/easyui/themes/default/validatebox.css HTTP/1.1" 404 1104
117.185.32.26 - - [21/Nov/2020:11:13:43 +0800] "POST /xingrg/kc/buy/cgsh_order_operate.html HTTP/1.1" 200 604
180.174.56.115 - - [21/Nov/2020:11:13:44 +0800] "GET /xingrg/all/function/internal_message.html?_=1605928421213&CODE_STATE=getMsg HTTP/1.1" 200 27
101.85.228.137 - - [21/Nov/2020:11:13:45 +0800] "POST /xingrg/kc/base/wldb_order_operate.html HTTP/1.1" 200 12
101.85.228.137 - - [21/Nov/2020:11:13:45 +0800] "POST /xingrg/kc/base/wldb_order_operate.html HTTP/1.1" 200 6227
117.185.32.26 - - [21/Nov/2020:11:13:46 +0800] "GET /xingrg/kc/print/load_data.html?order_code=212020112108252&kc_code=cgsh&condition= HTTP/1.1" 200 705
180.157.253.48 - - [21/Nov/2020:11:13:46 +0800] "GET /xingrg/kc/buy/cgsh_order_operate.html?command=get_materiel&rest_code=00148&code=00101007039&supplier_code=00100323&order_time=2020-11-21 HTTP/1.1" 200 413
101.85.228.137 - - [21/Nov/2020:11:13:46 +0800] "GET /xingrg/kc/base/wldb_order_info.html?code=422020112102282 HTTP/1.1" 200 26460
117.184.7.26 - - [21/Nov/2020:11:13:47 +0800] "GET /xingrg/kc/buy/cgsh_order_operate.html?command=get_materiel&rest_code=00108&code=00101008059&supplier_code=00100008&order_time=2020-11-21 HTTP/1.1" 200 408
114.84.145.85 - - [21/Nov/2020:11:13:47 +0800] "GET /xingrg/all/function/internal_message.html?_=1605928019515&CODE_STATE=getMsg HTTP/1.1" 200 27
101.85.95.39 - - [21/Nov/2020:11:13:48 +0800] "GET /xingrg/all/function/internal_message.html?_=1605928160653&CODE_STATE=getMsg HTTP/1.1" 200 27
114.84.145.85 - - [21/Nov/2020:11:13:49 +0800] "GET /xingrg/all/function/internal_message.html?_=1605928426373&CODE_STATE=getMsg HTTP/1.1" 200 27
116.228.172.94 - - [21/Nov/2020:11:13:49 +0800] "GET /xingrg/kc/buy/cgsh_order_operate.html?command=get_materiel&rest_code=00107&code=00101008371&supplier_code=00100006&order_time=2020-11-21 HTTP/1.1" 200 412
101.85.228.137 - - [21/Nov/2020:11:13:49 +0800] "POST /xingrg/kc/base/wldb_order_operate.html HTTP/1.1" 200 4431
101.85.228.137 - - [21/Nov/2020:11:13:50 +0800] "GET /xingrg/javascript/easyui/themes/default/validatebox.css HTTP/1.1" 404 1104
101.85.228.137 - - [21/Nov/2020:11:13:52 +0800] "GET /xingrg/kc/base/wldb_order_add.html HTTP/1.1" 200 30583
180.174.56.115 - - [21/Nov/2020:11:13:52 +0800] "POST /xingrg/kc/buy/cgsh_order_operate.html HTTP/1.1" 200 37
117.184.7.26 - - [21/Nov/2020:11:13:53 +0800] "GET /xingrg/all/function/internal_message.html?_=1605928422309&CODE_STATE=getMsg HTTP/1.1" 200 27
116.228.172.94 - - [21/Nov/2020:11:13:53 +0800] "POST /xingrg/kc/buy/cgsh_order_operate.html HTTP/1.1" 200 2065
114.84.37.38 - - [21/Nov/2020:11:13:55 +0800] "POST /xingrg/kc/buy/cgsh_order_operate.html HTTP/1.1" 200 37
117.185.32.26 - - [21/Nov/2020:11:13:55 +0800] "GET /xingrg/check_reg.html?_=1605928872937 HTTP/1.1" 200 22
180.162.245.190 - - [21/Nov/2020:11:13:55 +0800] "GET /xingrg/all/function/internal_message.html?_=1605928433264&CODE_STATE=getMsg HTTP/1.1" 200 27
101.85.228.137 - - [21/Nov/2020:11:13:55 +0800] "POST /xingrg/kc/base/wldb_order_operate.html HTTP/1.1" 200 6806
117.185.32.26 - - [21/Nov/2020:11:13:55 +0800] "GET /xingrg/all/function/internal_message.html?_=1605928873121&CODE_STATE=getMsg HTTP/1.1" 200 27
172.17.0.101 - - [21/Nov/2020:11:13:55 +0800] "GET /xingrg/all/function/internal_message.html?_=1605928476865&CODE_STATE=getMsg HTTP/1.1" 200 27
101.85.228.137 - - [21/Nov/2020:11:13:55 +0800] "GET /xingrg/all/function/internal_message.html?_=1605928656869&CODE_STATE=getMsg HTTP/1.1" 200 27
180.162.245.190 - - [21/Nov/2020:11:13:55 +0800] "GET /xingrg/check_reg.html?_=1605928433702 HTTP/1.1" 200 22
101.85.228.137 - - [21/Nov/2020:11:13:56 +0800] "GET /xingrg/javascript/easyui/themes/default/validatebox.css HTTP/1.1" 404 1104
114.84.37.38 - - [21/Nov/2020:11:13:56 +0800] "POST /xingrg/kc/buy/cgsh_order_operate.html HTTP/1.1" 200 5044
101.85.228.137 - - [21/Nov/2020:11:13:56 +0800] "POST /xingrg/all/common/load_combo.html?type=base HTTP/1.1" 200 3060
117.185.32.26 - - [21/Nov/2020:11:13:56 +0800] "GET /xingrg/kc/buy/cgsh_order_add.html HTTP/1.1" 200 60742
180.174.56.115 - - [21/Nov/2020:11:13:56 +0800] "POST /xingrg/kc/buy/cgsh_order_operate.html HTTP/1.1" 200 12
117.185.32.26 - - [21/Nov/2020:11:13:57 +0800] "POST /xingrg/kc/buy/cgsh_order_operate.html HTTP/1.1" 200 8245
117.185.32.26 - - [21/Nov/2020:11:13:57 +0800] "GET /xingrg/javascript/easyui/themes/default/validatebox.css HTTP/1.1" 404 1104
180.174.56.115 - - [21/Nov/2020:11:13:58 +0800] "GET /xingrg/kc/buy/cgsh_order_info.html?code=212020112108253 HTTP/1.1" 200 55577
180.174.56.115 - - [21/Nov/2020:11:13:58 +0800] "GET /xingrg/javascript/easyui/themes/default/validatebox.css HTTP/1.1" 404 1104
180.174.56.115 - - [21/Nov/2020:11:13:58 +0800] "POST /xingrg/kc/buy/cgsh_order_operate.html HTTP/1.1" 200 4797
114.84.37.38 - - [21/Nov/2020:11:13:59 +0800] "GET /xingrg/kc/print/load_data.html?order_code=212020112108254&kc_code=cgsh&condition= HTTP/1.1" 200 1666
101.85.228.137 - - [21/Nov/2020:11:13:59 +0800] "POST /xingrg/all/common/load_combo.html?type=base HTTP/1.1" 200 3060
116.228.172.94 - - [21/Nov/2020:11:13:59 +0800] "GET /xingrg/all/function/internal_message.html?_=1605928427631&CODE_STATE=getMsg HTTP/1.1" 200 27
117.185.32.26 - - [21/Nov/2020:11:13:59 +0800] "GET /xingrg/javascript/easyui/themes/default/tree.css HTTP/1.1" 404 1090
117.185.32.26 - - [21/Nov/2020:11:13:59 +0800] "POST /xingrg/all/common/load_tree.html?tree=supplier_tree_json&isDelete=1 HTTP/1.1" 200 51980
180.174.56.115 - - [21/Nov/2020:11:14:01 +0800] "GET /xingrg/kc/print/load_data.html?order_code=212020112108253&kc_code=cgsh&condition= HTTP/1.1" 200 2346
117.184.7.26 - - [21/Nov/2020:11:14:02 +0800] "GET /xingrg/kc/buy/cgsh_order_operate.html?command=get_materiel&rest_code=00108&code=00101008230&supplier_code=00100008&order_time=2020-11-21 HTTP/1.1" 200 408
101.85.228.137 - - [21/Nov/2020:11:14:05 +0800] "GET /xingrg/kc/base/wldb_order_operate.html?command=get_materiel&rest_code=00102&base_code=0010476&code=00101013225 HTTP/1.1" 200 448
117.184.7.26 - - [21/Nov/2020:11:14:09 +0800] "GET /xingrg/kc/buy/cgsh_order_operate.html?command=get_materiel&rest_code=00108&code=00101008286&supplier_code=00100008&order_time=2020-11-21 HTTP/1.1" 200 408
114.84.37.38 - - [21/Nov/2020:11:14:10 +0800] "GET /xingrg/all/function/internal_message.html?_=1605928459293&CODE_STATE=getMsg HTTP/1.1" 200 27
114.84.37.38 - - [21/Nov/2020:11:14:11 +0800] "GET /xingrg/kc/buy/cgsh_order_add.html HTTP/1.1" 200 60748
117.184.7.26 - - [21/Nov/2020:11:14:11 +0800] "POST /xingrg/kc/buy/cgsh_order_operate.html HTTP/1.1" 200 2065
172.17.0.102 - - [21/Nov/2020:11:14:11 +0800] "GET /xingrg/all/function/internal_message.html?_=1605928450551&CODE_STATE=getMsg HTTP/1.1" 200 27
114.84.37.38 - - [21/Nov/2020:11:14:12 +0800] "POST /xingrg/kc/buy/cgsh_order_operate.html HTTP/1.1" 200 8245
58.35.246.33 - - [21/Nov/2020:11:14:12 +0800] "GET /xingrg/all/function/internal_message.html?_=1605928561679&CODE_STATE=getMsg HTTP/1.1" 200 27
114.84.37.38 - - [21/Nov/2020:11:14:12 +0800] "GET /xingrg/javascript/easyui/themes/default/validatebox.css HTTP/1.1" 404 1104
101.85.228.137 - - [21/Nov/2020:11:14:14 +0800] "GET /xingrg/kc/base/wldb_order_operate.html?command=get_materiel&rest_code=00102&base_code=0010476&code=00101019450 HTTP/1.1" 200 468
117.184.7.26 - - [21/Nov/2020:11:14:15 +0800] "GET /xingrg/kc/buy/cgsh_order_operate.html?command=get_materiel&rest_code=00108&code=00101008131&supplier_code=00100008&order_time=2020-11-21 HTTP/1.1" 200 408
58.40.7.146 - - [21/Nov/2020:11:14:16 +0800] "GET /xingrg/all/function/internal_message.html?_=1605928452622&CODE_STATE=getMsg HTTP/1.1" 200 27
180.174.56.115 - - [21/Nov/2020:11:14:19 +0800] "GET /xingrg/kc/buy/cgsh_order_add.html HTTP/1.1" 200 60678
180.174.56.115 - - [21/Nov/2020:11:14:19 +0800] "POST /xingrg/kc/buy/cgsh_order_operate.html HTTP/1.1" 200 8245
180.174.56.115 - - [21/Nov/2020:11:14:19 +0800] "GET /xingrg/javascript/easyui/themes/default/validatebox.css HTTP/1.1" 404 1104
101.85.228.137 - - [21/Nov/2020:11:14:20 +0800] "POST /xingrg/kc/base/wldb_order_operate.html HTTP/1.1" 200 37
101.85.228.137 - - [21/Nov/2020:11:14:22 +0800] "POST /xingrg/kc/base/wldb_order_operate.html HTTP/1.1" 200 12
101.85.228.137 - - [21/Nov/2020:11:14:22 +0800] "POST /xingrg/kc/base/wldb_order_operate.html HTTP/1.1" 200 2704
101.85.228.137 - - [21/Nov/2020:11:14:23 +0800] "GET /xingrg/kc/base/wldb_order_info.html?code=422020112102283 HTTP/1.1" 200 26460
117.185.32.26 - - [21/Nov/2020:11:14:24 +0800] "GET /xingrg/all/function/internal_message.html?_=1605928456747&CODE_STATE=getMsg HTTP/1.1" 200 27
180.157.253.48 - - [21/Nov/2020:11:14:24 +0800] "GET /xingrg/kc/buy/cgsh_order_operate.html?command=get_materiel&rest_code=00148&code=00101007014&supplier_code=00100323&order_time=2020-11-21 HTTP/1.1" 200 420
117.184.7.26 - - [21/Nov/2020:11:14:24 +0800] "GET /xingrg/kc/buy/cgsh_order_operate.html?command=get_materiel&rest_code=00108&code=00101008352&supplier_code=00100008&order_time=2020-11-21 HTTP/1.1" 200 412
101.85.228.137 - - [21/Nov/2020:11:14:26 +0800] "POST /xingrg/kc/base/wldb_order_operate.html HTTP/1.1" 200 988
120.253.135.82 - - [21/Nov/2020:11:14:26 +0800] "GET /xingrg/all/function/internal_message.html?_=1605928210223&CODE_STATE=getMsg HTTP/1.1" 200 27
117.185.32.26 - - [21/Nov/2020:11:14:27 +0800] "GET /xingrg/kc/buy/cgsh_order_operate.html?command=get_materiel&rest_code=00106&code=00101007032&supplier_code=00100328&order_time=2020-11-21 HTTP/1.1" 200 413
101.85.228.137 - - [21/Nov/2020:11:14:27 +0800] "GET /xingrg/javascript/easyui/themes/default/validatebox.css HTTP/1.1" 404 1104
114.84.37.38 - - [21/Nov/2020:11:14:30 +0800] "GET /xingrg/kc/buy/cgsh_order_operate.html?command=get_materiel&rest_code=00146&code=00101010079&supplier_code=00100336&order_time=2020-11-21 HTTP/1.1" 200 413
101.85.228.137 - - [21/Nov/2020:11:14:31 +0800] "GET /xingrg/kc/base/wldb_order_add.html HTTP/1.1" 200 30583
117.184.7.26 - - [21/Nov/2020:11:14:32 +0800] "GET /xingrg/kc/buy/cgsh_order_operate.html?command=get_materiel&rest_code=00108&code=00101008005&supplier_code=00100008&order_time=2020-11-21 HTTP/1.1" 200 412
101.85.228.137 - - [21/Nov/2020:11:14:33 +0800] "GET /xingrg/all/function/internal_message.html?_=1605928471080&CODE_STATE=getMsg HTTP/1.1" 200 27
180.174.56.115 - - [21/Nov/2020:11:14:34 +0800] "GET /xingrg/kc/buy/cgsh_order_operate.html?command=get_materiel&rest_code=00150&code=00101010653&supplier_code=00100337&order_time=2020-11-21 HTTP/1.1" 200 400
101.85.228.137 - - [21/Nov/2020:11:14:34 +0800] "POST /xingrg/kc/base/wldb_order_operate.html HTTP/1.1" 200 6806
101.85.228.137 - - [21/Nov/2020:11:14:35 +0800] "GET /xingrg/javascript/easyui/themes/default/validatebox.css HTTP/1.1" 404 1104
101.85.228.137 - - [21/Nov/2020:11:14:38 +0800] "POST /xingrg/all/common/load_combo.html?type=base HTTP/1.1" 200 3060
180.174.56.115 - - [21/Nov/2020:11:14:39 +0800] "GET /xingrg/all/function/internal_message.html?_=1605928446845&CODE_STATE=getMsg HTTP/1.1" 200 27
117.184.7.26 - - [21/Nov/2020:11:14:40 +0800] "GET /xingrg/kc/buy/cgsh_order_operate.html?command=get_materiel&rest_code=00108&code=00101008353&supplier_code=00100008&order_time=2020-11-21 HTTP/1.1" 200 408
120.253.135.82 - - [21/Nov/2020:11:14:40 +0800] "GET /xingrg/kc/pszx/mdqp_order_list.html?state=10 HTTP/1.1" 200 11411
120.253.135.82 - - [21/Nov/2020:11:14:40 +0800] "POST /xingrg/kc/pszx/mdps_list_operate.html HTTP/1.1" 200 2434
120.253.135.82 - - [21/Nov/2020:11:14:40 +0800] "GET /xingrg/dwr/interface/AjaxReportQueryService.js HTTP/1.1" 200 13203
120.253.135.82 - - [21/Nov/2020:11:14:40 +0800] "GET /xingrg/dwr/interface/AjaxQqpsService.js HTTP/1.1" 200 16326
120.253.135.82 - - [21/Nov/2020:11:14:40 +0800] "GET /xingrg/dwr/engine.js HTTP/1.1" 200 43631
101.85.228.137 - - [21/Nov/2020:11:14:42 +0800] "POST /xingrg/all/common/load_combo.html?type=base HTTP/1.1" 200 3060
180.174.56.115 - - [21/Nov/2020:11:14:44 +0800] "GET /xingrg/all/function/internal_message.html?_=1605928481213&CODE_STATE=getMsg HTTP/1.1" 200 27
120.253.135.82 - - [21/Nov/2020:11:14:45 +0800] "GET /xingrg/kc/pszx/mdqp_order_info.html?code=302020112100430 HTTP/1.1" 200 13338
120.253.135.82 - - [21/Nov/2020:11:14:45 +0800] "GET /xingrg/dwr/interface/AjaxQqpsService.js HTTP/1.1" 200 16326
120.253.135.82 - - [21/Nov/2020:11:14:45 +0800] "GET /xingrg/dwr/interface/AjaxComOrderService.js HTTP/1.1" 200 18264
120.253.135.82 - - [21/Nov/2020:11:14:45 +0800] "GET /xingrg/dwr/engine.js HTTP/1.1" 200 43631
120.253.135.82 - - [21/Nov/2020:11:14:46 +0800] "POST /xingrg/dwr/call/plaincall/AjaxQqpsService.loadMaterielItems.dwr HTTP/1.1" 200 346
114.84.37.38 - - [21/Nov/2020:11:14:46 +0800] "POST /xingrg/kc/buy/cgsh_order_operate.html HTTP/1.1" 200 37
180.174.56.115 - - [21/Nov/2020:11:14:46 +0800] "POST /xingrg/kc/buy/cgsh_order_operate.html HTTP/1.1" 200 88
114.84.145.85 - - [21/Nov/2020:11:14:47 +0800] "GET /xingrg/all/function/internal_message.html?_=1605928079512&CODE_STATE=getMsg HTTP/1.1" 200 27
114.84.37.38 - - [21/Nov/2020:11:14:47 +0800] "POST /xingrg/kc/buy/cgsh_order_operate.html HTTP/1.1" 200 2658
101.85.95.39 - - [21/Nov/2020:11:14:47 +0800] "GET /xingrg/all/function/internal_message.html?_=1605928220631&CODE_STATE=getMsg HTTP/1.1" 200 27
101.85.228.137 - - [21/Nov/2020:11:14:48 +0800] "GET /xingrg/kc/base/wldb_order_operate.html?command=get_materiel&rest_code=00102&base_code=0010478&code=00101014061 HTTP/1.1" 200 435
117.184.7.26 - - [21/Nov/2020:11:14:48 +0800] "GET /xingrg/kc/buy/cgsh_order_operate.html?command=get_materiel&rest_code=00108&code=00101008213&supplier_code=00100008&order_time=2020-11-21 HTTP/1.1" 200 412
120.253.135.82 - - [21/Nov/2020:11:14:49 +0800] "GET /xingrg/kc/pszx/mdqp_order_list.html?isBack=1 HTTP/1.1" 302 -
120.253.135.82 - - [21/Nov/2020:11:14:49 +0800] "GET /xingrg/kc/pszx/mdqp_order_list.html?state=10 HTTP/1.1" 200 11411
120.253.135.82 - - [21/Nov/2020:11:14:49 +0800] "GET /xingrg/dwr/interface/AjaxQqpsService.js HTTP/1.1" 200 16326
120.253.135.82 - - [21/Nov/2020:11:14:49 +0800] "GET /xingrg/dwr/interface/AjaxReportQueryService.js HTTP/1.1" 200 13203
120.253.135.82 - - [21/Nov/2020:11:14:49 +0800] "GET /xingrg/dwr/engine.js HTTP/1.1" 200 43631
114.84.145.85 - - [21/Nov/2020:11:14:49 +0800] "GET /xingrg/all/function/internal_message.html?_=1605928486284&CODE_STATE=getMsg HTTP/1.1" 200 27
120.253.135.82 - - [21/Nov/2020:11:14:50 +0800] "GET /xingrg/kc/pszx/mdqp_order_info.html?code=302020112100429 HTTP/1.1" 200 13338
120.253.135.82 - - [21/Nov/2020:11:14:50 +0800] "GET /xingrg/dwr/interface/AjaxComOrderService.js HTTP/1.1" 200 18264
120.253.135.82 - - [21/Nov/2020:11:14:50 +0800] "GET /xingrg/dwr/interface/AjaxQqpsService.js HTTP/1.1" 200 16326
120.253.135.82 - - [21/Nov/2020:11:14:50 +0800] "GET /xingrg/dwr/engine.js HTTP/1.1" 200 43631
180.174.56.115 - - [21/Nov/2020:11:14:50 +0800] "POST /xingrg/kc/buy/cgsh_order_operate.html HTTP/1.1" 200 37
114.84.37.38 - - [21/Nov/2020:11:14:51 +0800] "GET /xingrg/kc/print/load_data.html?order_code=212020112108255&kc_code=cgsh&condition= HTTP/1.1" 200 674
120.253.135.82 - - [21/Nov/2020:11:14:51 +0800] "POST /xingrg/dwr/call/plaincall/AjaxQqpsService.loadMaterielItems.dwr HTTP/1.1" 200 399
117.184.7.26 - - [21/Nov/2020:11:14:51 +0800] "POST /xingrg/kc/buy/cgsh_order_operate.html HTTP/1.1" 200 2065
180.174.56.115 - - [21/Nov/2020:11:14:51 +0800] "POST /xingrg/kc/buy/cgsh_order_operate.html HTTP/1.1" 200 2658
117.184.7.26 - - [21/Nov/2020:11:14:53 +0800] "GET /xingrg/all/function/internal_message.html?_=1605928482317&CODE_STATE=getMsg HTTP/1.1" 200 27
101.85.228.137 - - [21/Nov/2020:11:14:54 +0800] "POST /xingrg/kc/base/wldb_order_operate.html HTTP/1.1" 200 37
180.162.245.190 - - [21/Nov/2020:11:14:55 +0800] "GET /xingrg/all/function/internal_message.html?_=1605928493232&CODE_STATE=getMsg HTTP/1.1" 200 27
117.184.7.26 - - [21/Nov/2020:11:14:55 +0800] "GET /xingrg/kc/buy/cgsh_order_operate.html?command=get_materiel&rest_code=00108&code=00101008154&supplier_code=00100008&order_time=2020-11-21 HTTP/1.1" 200 413
117.185.32.26 - - [21/Nov/2020:11:14:55 +0800] "GET /xingrg/all/function/internal_message.html?_=1605928933101&CODE_STATE=getMsg HTTP/1.1" 200 27
172.17.0.101 - - [21/Nov/2020:11:14:55 +0800] "GET /xingrg/check_reg.html?_=1605928536853 HTTP/1.1" 200 22
172.17.0.101 - - [21/Nov/2020:11:14:55 +0800] "GET /xingrg/all/function/internal_message.html?_=1605928536859&CODE_STATE=getMsg HTTP/1.1" 200 27
101.85.228.137 - - [21/Nov/2020:11:14:55 +0800] "GET /xingrg/all/function/internal_message.html?_=1605928716879&CODE_STATE=getMsg HTTP/1.1" 200 27
101.85.228.137 - - [21/Nov/2020:11:14:56 +0800] "POST /xingrg/kc/base/wldb_order_operate.html HTTP/1.1" 200 12
180.174.56.115 - - [21/Nov/2020:11:14:56 +0800] "POST /xingrg/kc/buy/cgsh_order_operate.html HTTP/1.1" 200 37
101.85.228.137 - - [21/Nov/2020:11:14:56 +0800] "POST /xingrg/kc/base/wldb_order_operate.html HTTP/1.1" 200 2186
180.174.56.115 - - [21/Nov/2020:11:14:58 +0800] "POST /xingrg/kc/buy/cgsh_order_operate.html HTTP/1.1" 200 12
116.228.172.94 - - [21/Nov/2020:11:14:59 +0800] "GET /xingrg/all/function/internal_message.html?_=1605928487679&CODE_STATE=getMsg HTTP/1.1" 200 27
180.174.56.115 - - [21/Nov/2020:11:14:59 +0800] "GET /xingrg/kc/buy/cgsh_order_info.html?code=212020112108257 HTTP/1.1" 200 55587
180.174.56.115 - - [21/Nov/2020:11:15:00 +0800] "GET /xingrg/javascript/easyui/themes/default/validatebox.css HTTP/1.1" 404 1104
180.174.56.115 - - [21/Nov/2020:11:15:00 +0800] "POST /xingrg/kc/buy/cgsh_order_operate.html HTTP/1.1" 200 608
120.253.135.82 - - [21/Nov/2020:11:15:02 +0800] "GET /xingrg/kc/pszx/mdqp_order_list.html?isBack=1 HTTP/1.1" 302 -
120.253.135.82 - - [21/Nov/2020:11:15:02 +0800] "GET /xingrg/kc/pszx/mdqp_order_list.html?state=10 HTTP/1.1" 200 11411
120.253.135.82 - - [21/Nov/2020:11:15:02 +0800] "GET /xingrg/dwr/interface/AjaxReportQueryService.js HTTP/1.1" 200 13203
120.253.135.82 - - [21/Nov/2020:11:15:02 +0800] "GET /xingrg/dwr/interface/AjaxQqpsService.js HTTP/1.1" 200 16326
120.253.135.82 - - [21/Nov/2020:11:15:02 +0800] "GET /xingrg/dwr/engine.js HTTP/1.1" 200 43631
180.157.253.48 - - [21/Nov/2020:11:15:02 +0800] "GET /xingrg/kc/buy/cgsh_order_operate.html?command=get_materiel&rest_code=00148&code=00101010190&supplier_code=00100323&order_time=2020-11-21 HTTP/1.1" 200 409
117.184.7.26 - - [21/Nov/2020:11:15:02 +0800] "GET /xingrg/kc/buy/cgsh_order_operate.html?command=get_materiel&rest_code=00108&code=00101008125&supplier_code=00100008&order_time=2020-11-21 HTTP/1.1" 200 413
180.174.56.115 - - [21/Nov/2020:11:15:03 +0800] "GET /xingrg/kc/print/load_data.html?order_code=212020112108257&kc_code=cgsh&condition= HTTP/1.1" 200 736
120.204.17.73 - - [21/Nov/2020:11:15:05 +0800] "GET /xingrg/all/function/internal_message.html?_=1605927796843&CODE_STATE=getMsg HTTP/1.1" 302 -
101.85.228.137 - - [21/Nov/2020:11:15:06 +0800] "GET /xingrg/kc/base/wldb_order_info.html?code=422020112102284 HTTP/1.1" 200 26462
101.85.228.137 - - [21/Nov/2020:11:15:09 +0800] "POST /xingrg/kc/base/wldb_order_operate.html HTTP/1.1" 200 481
101.85.228.137 - - [21/Nov/2020:11:15:09 +0800] "GET /xingrg/javascript/easyui/themes/default/validatebox.css HTTP/1.1" 404 1104
116.228.172.94 - - [21/Nov/2020:11:15:09 +0800] "GET /xingrg/kc/buy/cgsh_order_operate.html?command=get_materiel&rest_code=00107&code=00101008223&supplier_code=00100006&order_time=2020-11-21 HTTP/1.1" 200 412
114.84.37.38 - - [21/Nov/2020:11:15:10 +0800] "GET /xingrg/all/function/internal_message.html?_=1605928519294&CODE_STATE=getMsg HTTP/1.1" 200 27
180.174.56.115 - - [21/Nov/2020:11:15:11 +0800] "GET /xingrg/kc/buy/cgsh_order_add.html HTTP/1.1" 200 60678
180.174.56.115 - - [21/Nov/2020:11:15:11 +0800] "POST /xingrg/kc/buy/cgsh_order_operate.html HTTP/1.1" 200 8245
180.174.56.115 - - [21/Nov/2020:11:15:11 +0800] "GET /xingrg/javascript/easyui/themes/default/validatebox.css HTTP/1.1" 404 1104
172.17.0.102 - - [21/Nov/2020:11:15:11 +0800] "GET /xingrg/all/function/internal_message.html?_=1605928510552&CODE_STATE=getMsg HTTP/1.1" 200 27
172.17.0.102 - - [21/Nov/2020:11:15:11 +0800] "GET /xingrg/check_reg.html?_=1605928510549 HTTP/1.1" 200 22
58.35.246.33 - - [21/Nov/2020:11:15:12 +0800] "GET /xingrg/all/function/internal_message.html?_=1605928621677&CODE_STATE=getMsg HTTP/1.1" 200 27
120.204.17.73 - - [21/Nov/2020:11:15:15 +0800] "GET /xingrg/login.html HTTP/1.1" 200 7641
114.84.37.38 - - [21/Nov/2020:11:15:16 +0800] "GET /xingrg/check_reg.html?_=1605928536545 HTTP/1.1" 200 22
58.40.7.146 - - [21/Nov/2020:11:15:16 +0800] "GET /xingrg/all/function/internal_message.html?_=1605928512627&CODE_STATE=getMsg HTTP/1.1" 200 27
117.184.7.26 - - [21/Nov/2020:11:15:16 +0800] "GET /xingrg/kc/buy/cgsh_order_operate.html?command=get_materiel&rest_code=00108&code=00101008275&supplier_code=00100008&order_time=2020-11-21 HTTP/1.1" 200 417
116.228.172.94 - - [21/Nov/2020:11:15:18 +0800] "POST /xingrg/kc/buy/cgsh_order_operate.html HTTP/1.1" 200 2065
101.85.228.137 - - [21/Nov/2020:11:15:20 +0800] "GET /xingrg/kc/buy/cgsh_order_list.html HTTP/1.1" 200 45004
101.85.228.137 - - [21/Nov/2020:11:15:21 +0800] "POST /xingrg/kc/buy/cgsh_list_operate.html HTTP/1.1" 200 1690
180.174.56.115 - - [21/Nov/2020:11:15:23 +0800] "GET /xingrg/kc/buy/cgsh_order_operate.html?command=get_materiel&rest_code=00150&code=00101007144&supplier_code=00100322&order_time=2020-11-21 HTTP/1.1" 200 428
117.185.32.26 - - [21/Nov/2020:11:15:24 +0800] "GET /xingrg/all/function/internal_message.html?_=1605928516748&CODE_STATE=getMsg HTTP/1.1" 200 27
117.184.7.26 - - [21/Nov/2020:11:15:25 +0800] "GET /xingrg/kc/buy/cgsh_order_operate.html?command=get_materiel&rest_code=00108&code=00101008243&supplier_code=00100008&order_time=2020-11-21 HTTP/1.1" 200 409
120.253.135.82 - - [21/Nov/2020:11:15:26 +0800] "GET /xingrg/all/function/internal_message.html?_=1605928270267&CODE_STATE=getMsg HTTP/1.1" 200 27
114.84.37.38 - - [21/Nov/2020:11:15:27 +0800] "GET /xingrg/kc/buy/cgsh_order_add.html HTTP/1.1" 200 60748
180.157.253.48 - - [21/Nov/2020:11:15:28 +0800] "GET /xingrg/kc/buy/cgsh_order_operate.html?command=get_materiel&rest_code=00148&code=00101001095&supplier_code=00100323&order_time=2020-11-21 HTTP/1.1" 200 413
114.84.37.38 - - [21/Nov/2020:11:15:29 +0800] "POST /xingrg/kc/buy/cgsh_order_operate.html HTTP/1.1" 200 8245
114.84.37.38 - - [21/Nov/2020:11:15:29 +0800] "GET /xingrg/javascript/easyui/themes/default/validatebox.css HTTP/1.1" 404 1104
101.85.228.137 - - [21/Nov/2020:11:15:31 +0800] "GET /xingrg/kc/buy/cgsh_order_add.html HTTP/1.1" 200 60701
101.85.228.137 - - [21/Nov/2020:11:15:32 +0800] "POST /xingrg/kc/buy/cgsh_order_operate.html HTTP/1.1" 200 8245
101.91.62.99 - - [21/Nov/2020:11:15:32 +0800] "GET /xingrg/all/function/internal_message.html?_=1605927826505&CODE_STATE=getMsg HTTP/1.1" 302 -
101.85.228.137 - - [21/Nov/2020:11:15:32 +0800] "GET /xingrg/javascript/easyui/themes/default/validatebox.css HTTP/1.1" 404 1104
101.85.228.137 - - [21/Nov/2020:11:15:33 +0800] "GET /xingrg/check_reg.html?_=1605928530497 HTTP/1.1" 200 22
180.174.56.115 - - [21/Nov/2020:11:15:33 +0800] "GET /xingrg/kc/buy/cgsh_order_operate.html?command=get_materiel&rest_code=00150&code=00101010536&supplier_code=00100322&order_time=2020-11-21 HTTP/1.1" 200 443
101.85.228.137 - - [21/Nov/2020:11:15:33 +0800] "GET /xingrg/all/function/internal_message.html?_=1605928531094&CODE_STATE=getMsg HTTP/1.1" 200 27
101.85.228.137 - - [21/Nov/2020:11:15:34 +0800] "GET /xingrg/javascript/easyui/themes/default/tree.css HTTP/1.1" 404 1090
101.85.228.137 - - [21/Nov/2020:11:15:34 +0800] "POST /xingrg/all/common/load_tree.html?tree=supplier_tree_json&isDelete=1 HTTP/1.1" 200 51980
116.228.172.94 - - [21/Nov/2020:11:15:36 +0800] "GET /xingrg/kc/buy/cgsh_order_operate.html?command=get_materiel&rest_code=00107&code=00101008114&supplier_code=00100006&order_time=2020-11-21 HTTP/1.1" 200 413
101.91.62.99 - - [21/Nov/2020:11:15:39 +0800] "GET /xingrg/login.html HTTP/1.1" 200 7641
180.174.56.115 - - [21/Nov/2020:11:15:39 +0800] "GET /xingrg/all/function/internal_message.html?_=1605928506859&CODE_STATE=getMsg HTTP/1.1" 200 27
114.84.37.38 - - [21/Nov/2020:11:15:44 +0800] "GET /xingrg/kc/buy/cgsh_order_operate.html?command=get_materiel&rest_code=00146&code=00101002034&supplier_code=00100091&order_time=2020-11-21 HTTP/1.1" 200 409
180.174.56.115 - - [21/Nov/2020:11:15:44 +0800] "GET /xingrg/all/function/internal_message.html?_=1605928541213&CODE_STATE=getMsg HTTP/1.1" 200 27
180.157.253.48 - - [21/Nov/2020:11:15:45 +0800] "GET /xingrg/kc/buy/cgsh_order_operate.html?command=get_materiel&rest_code=00148&code=00101010123&supplier_code=00100323&order_time=2020-11-21 HTTP/1.1" 200 417
114.84.145.85 - - [21/Nov/2020:11:15:47 +0800] "GET /xingrg/all/function/internal_message.html?_=1605928139511&CODE_STATE=getMsg HTTP/1.1" 200 27
101.85.95.39 - - [21/Nov/2020:11:15:47 +0800] "GET /xingrg/all/function/internal_message.html?_=1605928280629&CODE_STATE=getMsg HTTP/1.1" 200 27
114.84.145.85 - - [21/Nov/2020:11:15:49 +0800] "GET /xingrg/all/function/internal_message.html?_=1605928546254&CODE_STATE=getMsg HTTP/1.1" 200 27
117.184.7.26 - - [21/Nov/2020:11:15:50 +0800] "POST /xingrg/kc/buy/cgsh_order_operate.html HTTP/1.1" 200 37
117.185.32.26 - - [21/Nov/2020:11:15:54 +0800] "POST /xingrg/kc/buy/cgsh_order_operate.html HTTP/1.1" 200 37
101.85.228.137 - - [21/Nov/2020:11:15:55 +0800] "GET /xingrg/kc/buy/cgsh_order_operate.html?command=get_materiel&rest_code=00102&code=00101009019&supplier_code=00100424&order_time=2020-11-21 HTTP/1.1" 200 412
180.162.245.190 - - [21/Nov/2020:11:15:55 +0800] "GET /xingrg/all/function/internal_message.html?_=1605928553210&CODE_STATE=getMsg HTTP/1.1" 200 27
117.185.32.26 - - [21/Nov/2020:11:15:55 +0800] "GET /xingrg/all/function/internal_message.html?_=1605928993077&CODE_STATE=getMsg HTTP/1.1" 200 27
172.17.0.101 - - [21/Nov/2020:11:15:55 +0800] "GET /xingrg/all/function/internal_message.html?_=1605928596860&CODE_STATE=getMsg HTTP/1.1" 200 27
101.85.228.137 - - [21/Nov/2020:11:15:55 +0800] "GET /xingrg/all/function/internal_message.html?_=1605928776893&CODE_STATE=getMsg HTTP/1.1" 200 27
116.228.172.94 - - [21/Nov/2020:11:15:56 +0800] "GET /xingrg/kc/buy/cgsh_order_operate.html?command=get_materiel&rest_code=00107&code=00101009016&supplier_code=00100006&order_time=2020-11-21 HTTP/1.1" 200 412
117.184.7.26 - - [21/Nov/2020:11:15:56 +0800] "GET /xingrg/check_reg.html?_=1605928544588 HTTP/1.1" 200 22
117.184.7.26 - - [21/Nov/2020:11:15:56 +0800] "GET /xingrg/all/function/internal_message.html?_=1605928544857&CODE_STATE=getMsg HTTP/1.1" 200 27
117.184.7.26 - - [21/Nov/2020:11:15:56 +0800] "POST /xingrg/kc/buy/cgsh_order_operate.html HTTP/1.1" 200 21553
117.185.32.26 - - [21/Nov/2020:11:15:56 +0800] "POST /xingrg/kc/buy/cgsh_order_operate.html HTTP/1.1" 200 12
117.185.32.26 - - [21/Nov/2020:11:15:57 +0800] "GET /xingrg/kc/buy/cgsh_order_info.html?code=212020112108259 HTTP/1.1" 200 55649
117.185.32.26 - - [21/Nov/2020:11:15:57 +0800] "GET /xingrg/javascript/easyui/themes/default/validatebox.css HTTP/1.1" 404 1104
116.228.172.94 - - [21/Nov/2020:11:15:59 +0800] "GET /xingrg/all/function/internal_message.html?_=1605928547790&CODE_STATE=getMsg HTTP/1.1" 200 27
117.185.32.26 - - [21/Nov/2020:11:16:03 +0800] "POST /xingrg/kc/buy/cgsh_order_operate.html HTTP/1.1" 200 15
114.84.37.38 - - [21/Nov/2020:11:16:08 +0800] "GET /xingrg/check_reg.html?_=1605928576917 HTTP/1.1" 200 22
114.84.37.38 - - [21/Nov/2020:11:16:08 +0800] "POST /xingrg/kc/buy/cgsh_order_operate.html HTTP/1.1" 200 37
180.174.56.115 - - [21/Nov/2020:11:16:08 +0800] "POST /xingrg/kc/buy/cgsh_order_operate.html HTTP/1.1" 200 88
114.84.37.38 - - [21/Nov/2020:11:16:10 +0800] "GET /xingrg/all/function/internal_message.html?_=1605928579307&CODE_STATE=getMsg HTTP/1.1" 200 27
114.84.37.38 - - [21/Nov/2020:11:16:11 +0800] "POST /xingrg/kc/buy/cgsh_order_operate.html HTTP/1.1" 200 2656
117.184.7.26 - - [21/Nov/2020:11:16:11 +0800] "GET /xingrg/kc/buy/cgsh_order_operate.html?command=get_materiel&rest_code=00108&code=00101008350&supplier_code=00100008&order_time=2020-11-21 HTTP/1.1" 200 408
120.253.135.82 - - [21/Nov/2020:11:16:11 +0800] "GET /xingrg/kc/pszx/mdps_order_list.html?orderType=0 HTTP/1.1" 200 21238
120.253.135.82 - - [21/Nov/2020:11:16:11 +0800] "POST /xingrg/kc/pszx/mdps_list_operate.html HTTP/1.1" 200 5402
172.17.0.102 - - [21/Nov/2020:11:16:11 +0800] "GET /xingrg/all/function/internal_message.html?_=1605928570578&CODE_STATE=getMsg HTTP/1.1" 200 27
58.35.246.33 - - [21/Nov/2020:11:16:12 +0800] "GET /xingrg/all/function/internal_message.html?_=1605928681676&CODE_STATE=getMsg HTTP/1.1" 200 27
58.35.246.33 - - [21/Nov/2020:11:16:12 +0800] "GET /xingrg/check_reg.html?_=1605928681677 HTTP/1.1" 200 22
180.174.56.115 - - [21/Nov/2020:11:16:13 +0800] "POST /xingrg/kc/buy/cgsh_order_operate.html HTTP/1.1" 200 37
114.84.37.38 - - [21/Nov/2020:11:16:14 +0800] "GET /xingrg/kc/print/load_data.html?order_code=212020112108260&kc_code=cgsh&condition= HTTP/1.1" 200 747
116.228.172.94 - - [21/Nov/2020:11:16:14 +0800] "GET /xingrg/kc/buy/cgsh_order_operate.html?command=get_materiel&rest_code=00107&code=00101009013&supplier_code=00100006&order_time=2020-11-21 HTTP/1.1" 200 422
117.185.32.26 - - [21/Nov/2020:11:16:14 +0800] "GET /xingrg/kc/print/load_data.html?order_code=212020112108259&kc_code=cgsh&condition= HTTP/1.1" 200 925
180.174.56.115 - - [21/Nov/2020:11:16:14 +0800] "POST /xingrg/kc/buy/cgsh_order_operate.html HTTP/1.1" 200 3286
58.40.7.146 - - [21/Nov/2020:11:16:16 +0800] "GET /xingrg/check_reg.html?_=1605928572617 HTTP/1.1" 200 22
58.40.7.146 - - [21/Nov/2020:11:16:16 +0800] "GET /xingrg/all/function/internal_message.html?_=1605928572619&CODE_STATE=getMsg HTTP/1.1" 200 27
180.174.56.115 - - [21/Nov/2020:11:16:18 +0800] "POST /xingrg/kc/buy/cgsh_order_operate.html HTTP/1.1" 200 37
117.184.7.26 - - [21/Nov/2020:11:16:19 +0800] "GET /xingrg/kc/buy/cgsh_order_operate.html?command=get_materiel&rest_code=00108&code=00101008112&supplier_code=00100008&order_time=2020-11-21 HTTP/1.1" 200 412
180.174.56.115 - - [21/Nov/2020:11:16:21 +0800] "POST /xingrg/kc/buy/cgsh_order_operate.html HTTP/1.1" 200 12
180.174.56.115 - - [21/Nov/2020:11:16:21 +0800] "GET /xingrg/kc/buy/cgsh_order_info.html?code=212020112108262 HTTP/1.1" 200 55579
180.174.56.115 - - [21/Nov/2020:11:16:22 +0800] "GET /xingrg/javascript/easyui/themes/default/validatebox.css HTTP/1.1" 404 1104
180.174.56.115 - - [21/Nov/2020:11:16:22 +0800] "POST /xingrg/kc/buy/cgsh_order_operate.html HTTP/1.1" 200 1236
101.85.228.137 - - [21/Nov/2020:11:16:23 +0800] "GET /xingrg/kc/buy/cgsh_order_operate.html?command=get_materiel&rest_code=00102&code=00101009011&supplier_code=00100424&order_time=2020-11-21 HTTP/1.1" 200 416
180.174.56.115 - - [21/Nov/2020:11:16:23 +0800] "GET /xingrg/kc/print/load_data.html?order_code=212020112108262&kc_code=cgsh&condition= HTTP/1.1" 200 998
117.185.32.26 - - [21/Nov/2020:11:16:24 +0800] "GET /xingrg/all/function/internal_message.html?_=1605928576748&CODE_STATE=getMsg HTTP/1.1" 200 27
117.185.32.26 - - [21/Nov/2020:11:16:24 +0800] "GET /xingrg/kc/buy/cgsh_order_add.html HTTP/1.1" 200 60742
117.185.32.26 - - [21/Nov/2020:11:16:24 +0800] "GET /xingrg/check_reg.html?_=1605928576902 HTTP/1.1" 200 22
117.185.32.26 - - [21/Nov/2020:11:16:24 +0800] "POST /xingrg/kc/buy/cgsh_order_operate.html HTTP/1.1" 200 8245
117.185.32.26 - - [21/Nov/2020:11:16:24 +0800] "GET /xingrg/javascript/easyui/themes/default/validatebox.css HTTP/1.1" 404 1104
120.253.135.82 - - [21/Nov/2020:11:16:24 +0800] "POST /xingrg/kc/pszx/mdps_list_operate.html HTTP/1.1" 200 4592
117.185.32.26 - - [21/Nov/2020:11:16:26 +0800] "GET /xingrg/javascript/easyui/themes/default/tree.css HTTP/1.1" 404 1090
117.185.32.26 - - [21/Nov/2020:11:16:26 +0800] "POST /xingrg/all/common/load_tree.html?tree=supplier_tree_json&isDelete=1 HTTP/1.1" 200 51980
117.184.7.26 - - [21/Nov/2020:11:16:26 +0800] "GET /xingrg/kc/buy/cgsh_order_operate.html?command=get_materiel&rest_code=00108&code=00101008207&supplier_code=00100008&order_time=2020-11-21 HTTP/1.1" 200 408
120.253.135.82 - - [21/Nov/2020:11:16:26 +0800] "GET /xingrg/all/function/internal_message.html?_=1605928330282&CODE_STATE=getMsg HTTP/1.1" 200 27
120.253.135.82 - - [21/Nov/2020:11:16:26 +0800] "GET /xingrg/check_reg.html?_=1605928631754 HTTP/1.1" 200 22
114.84.37.38 - - [21/Nov/2020:11:16:28 +0800] "GET /xingrg/kc/buy/cgsh_order_add.html HTTP/1.1" 200 60748
117.184.7.26 - - [21/Nov/2020:11:16:29 +0800] "POST /xingrg/kc/buy/cgsh_order_operate.html HTTP/1.1" 200 2065
114.84.37.38 - - [21/Nov/2020:11:16:29 +0800] "POST /xingrg/kc/buy/cgsh_order_operate.html HTTP/1.1" 200 8245
114.84.37.38 - - [21/Nov/2020:11:16:29 +0800] "GET /xingrg/javascript/easyui/themes/default/validatebox.css HTTP/1.1" 404 1104
120.253.135.82 - - [21/Nov/2020:11:16:30 +0800] "POST /xingrg/kc/pszx/mdps_list_operate.html HTTP/1.1" 200 205
116.228.172.94 - - [21/Nov/2020:11:16:31 +0800] "GET /xingrg/kc/buy/cgsh_order_operate.html?command=get_materiel&rest_code=00107&code=00102014046&supplier_code=00100006&order_time=2020-11-21 HTTP/1.1" 200 409
120.253.135.82 - - [21/Nov/2020:11:16:31 +0800] "GET /xingrg/kc/pszx/mdps_order_info.html?code=312020112000516 HTTP/1.1" 200 23887
120.253.135.82 - - [21/Nov/2020:11:16:31 +0800] "POST /xingrg/kc/pszx/mdps_order_operate.html HTTP/1.1" 200 2280
120.253.135.82 - - [21/Nov/2020:11:16:31 +0800] "GET /xingrg/javascript/easyui/themes/default/validatebox.css HTTP/1.1" 404 1104
101.85.228.137 - - [21/Nov/2020:11:16:33 +0800] "GET /xingrg/all/function/internal_message.html?_=1605928591106&CODE_STATE=getMsg HTTP/1.1" 200 27
180.157.253.48 - - [21/Nov/2020:11:16:34 +0800] "GET /xingrg/kc/buy/cgsh_order_operate.html?command=get_materiel&rest_code=00148&code=00101010082&supplier_code=00100323&order_time=2020-11-21 HTTP/1.1" 200 425
180.174.56.115 - - [21/Nov/2020:11:16:34 +0800] "GET /xingrg/kc/buy/cgsh_order_add.html HTTP/1.1" 200 60678
180.174.56.115 - - [21/Nov/2020:11:16:35 +0800] "POST /xingrg/kc/buy/cgsh_order_operate.html HTTP/1.1" 200 8245
101.85.228.137 - - [21/Nov/2020:11:16:35 +0800] "GET /xingrg/kc/buy/cgsh_order_operate.html?command=get_materiel&rest_code=00102&code=00101009006&supplier_code=00100424&order_time=2020-11-21 HTTP/1.1" 200 408
180.174.56.115 - - [21/Nov/2020:11:16:35 +0800] "GET /xingrg/javascript/easyui/themes/default/validatebox.css HTTP/1.1" 404 1104
116.228.172.94 - - [21/Nov/2020:11:16:36 +0800] "POST /xingrg/kc/buy/cgsh_order_operate.html HTTP/1.1" 200 2065
120.253.135.82 - - [21/Nov/2020:11:16:36 +0800] "POST /xingrg/kc/pszx/mdps_order_operate.html HTTP/1.1" 200 37
120.253.135.82 - - [21/Nov/2020:11:16:37 +0800] "POST /xingrg/kc/pszx/mdps_order_operate.html HTTP/1.1" 200 12
180.174.56.115 - - [21/Nov/2020:11:16:40 +0800] "GET /xingrg/all/function/internal_message.html?_=1605928566919&CODE_STATE=getMsg HTTP/1.1" 200 27
114.84.37.38 - - [21/Nov/2020:11:16:41 +0800] "GET /xingrg/kc/buy/cgsh_order_operate.html?command=get_materiel&rest_code=00146&code=00101004067&supplier_code=00100312&order_time=2020-11-21 HTTP/1.1" 200 413
116.228.172.94 - - [21/Nov/2020:11:16:41 +0800] "GET /xingrg/kc/buy/cgsh_order_operate.html?command=get_materiel&rest_code=00107&code=00101008176&supplier_code=00100006&order_time=2020-11-21 HTTP/1.1" 200 412
180.174.56.115 - - [21/Nov/2020:11:16:43 +0800] "GET /xingrg/kc/buy/cgsh_order_operate.html?command=get_materiel&rest_code=00150&code=00101006026&supplier_code=00100323&order_time=2020-11-21 HTTP/1.1" 200 409
180.174.56.115 - - [21/Nov/2020:11:16:44 +0800] "GET /xingrg/all/function/internal_message.html?_=1605928601212&CODE_STATE=getMsg HTTP/1.1" 200 27
117.185.32.26 - - [21/Nov/2020:11:16:46 +0800] "GET /xingrg/kc/buy/cgsh_order_operate.html?command=get_materiel&rest_code=00106&code=00101009034&supplier_code=00100335&order_time=2020-11-21 HTTP/1.1" 200 428
114.84.145.85 - - [21/Nov/2020:11:16:47 +0800] "GET /xingrg/all/function/internal_message.html?_=1605928199511&CODE_STATE=getMsg HTTP/1.1" 200 27
114.84.145.85 - - [21/Nov/2020:11:16:47 +0800] "GET /xingrg/check_reg.html?_=1605928199512 HTTP/1.1" 200 22
101.85.95.39 - - [21/Nov/2020:11:16:47 +0800] "GET /xingrg/all/function/internal_message.html?_=1605928340607&CODE_STATE=getMsg HTTP/1.1" 200 27
101.85.95.39 - - [21/Nov/2020:11:16:48 +0800] "GET /xingrg/check_reg.html?_=1605928340829 HTTP/1.1" 200 22
120.253.135.82 - - [21/Nov/2020:11:16:49 +0800] "GET /xingrg/kc/pszx/mdps_order_info.html?code=312020112000516 HTTP/1.1" 200 19547
114.84.145.85 - - [21/Nov/2020:11:16:49 +0800] "GET /xingrg/all/function/internal_message.html?_=1605928606229&CODE_STATE=getMsg HTTP/1.1" 200 27
120.253.135.82 - - [21/Nov/2020:11:16:49 +0800] "POST /xingrg/kc/pszx/mdps_order_operate.html HTTP/1.1" 200 501
120.253.135.82 - - [21/Nov/2020:11:16:49 +0800] "GET /xingrg/javascript/easyui/themes/default/validatebox.css HTTP/1.1" 404 1104
101.85.228.137 - - [21/Nov/2020:11:16:49 +0800] "GET /xingrg/check_reg.html?_=1605928831122 HTTP/1.1" 200 22
180.162.245.190 - - [21/Nov/2020:11:16:52 +0800] "GET /xingrg/index.html?sysBaseUrl=http%3A%2F%2F180.169.147.146%3A18081%2Fxingrg%2F&costTime=32×tamp=1585224308505 HTTP/1.1" 302 -
180.162.245.190 - - [21/Nov/2020:11:16:52 +0800] "GET /xingrg/login.html HTTP/1.1" 200 7641
120.253.135.82 - - [21/Nov/2020:11:16:54 +0800] "POST /xingrg/kc/pszx/mdps_list_operate.html HTTP/1.1" 200 218
180.162.245.190 - - [21/Nov/2020:11:16:55 +0800] "GET /xingrg/all/function/internal_message.html?_=1605928613190&CODE_STATE=getMsg HTTP/1.1" 200 27
117.185.32.26 - - [21/Nov/2020:11:16:55 +0800] "GET /xingrg/all/function/internal_message.html?_=1605929053064&CODE_STATE=getMsg HTTP/1.1" 200 27
101.85.228.137 - - [21/Nov/2020:11:16:55 +0800] "GET /xingrg/all/function/internal_message.html?_=1605928837012&CODE_STATE=getMsg HTTP/1.1" 200 27
120.253.135.82 - - [21/Nov/2020:11:16:55 +0800] "GET /xingrg/kc/pszx/mdps_order_info.html?code=312020112000518 HTTP/1.1" 200 23879
117.184.7.26 - - [21/Nov/2020:11:16:56 +0800] "GET /xingrg/all/function/internal_message.html?_=1605928604856&CODE_STATE=getMsg HTTP/1.1" 200 27
120.253.135.82 - - [21/Nov/2020:11:16:56 +0800] "POST /xingrg/kc/pszx/mdps_order_operate.html HTTP/1.1" 200 2303
120.253.135.82 - - [21/Nov/2020:11:16:56 +0800] "GET /xingrg/javascript/easyui/themes/default/validatebox.css HTTP/1.1" 404 1104
180.162.245.190 - - [21/Nov/2020:11:16:56 +0800] "GET /favicon.ico HTTP/1.1" 404 -
114.84.37.38 - - [21/Nov/2020:11:16:57 +0800] "GET /xingrg/kc/buy/cgsh_order_operate.html?command=get_materiel&rest_code=00146&code=00101004029&supplier_code=00100312&order_time=2020-11-21 HTTP/1.1" 200 413
116.228.172.94 - - [21/Nov/2020:11:17:00 +0800] "GET /xingrg/all/function/internal_message.html?_=1605928608020&CODE_STATE=getMsg HTTP/1.1" 200 27
120.253.135.82 - - [21/Nov/2020:11:17:00 +0800] "POST /xingrg/kc/pszx/mdps_order_operate.html HTTP/1.1" 200 37
120.253.135.82 - - [21/Nov/2020:11:17:01 +0800] "POST /xingrg/kc/pszx/mdps_order_operate.html HTTP/1.1" 200 12
180.174.56.115 - - [21/Nov/2020:11:17:02 +0800] "GET /xingrg/kc/buy/cgsh_order_operate.html?command=get_materiel&rest_code=00150&code=00101006047&supplier_code=00100323&order_time=2020-11-21 HTTP/1.1" 200 432
117.185.32.26 - - [21/Nov/2020:11:17:05 +0800] "POST /xingrg/kc/buy/cgsh_order_operate.html HTTP/1.1" 200 37
180.157.253.48 - - [21/Nov/2020:11:17:05 +0800] "GET /xingrg/kc/buy/cgsh_order_operate.html?command=get_materiel&rest_code=00148&code=00101008214&supplier_code=00100323&order_time=2020-11-21 HTTP/1.1" 200 409
117.184.7.26 - - [21/Nov/2020:11:17:05 +0800] "GET /xingrg/kc/buy/cgsh_order_operate.html?command=get_materiel&rest_code=00108&code=00101008356&supplier_code=00100008&order_time=2020-11-21 HTTP/1.1" 200 408
117.185.32.26 - - [21/Nov/2020:11:17:07 +0800] "POST /xingrg/kc/buy/cgsh_order_operate.html HTTP/1.1" 200 12
117.185.32.26 - - [21/Nov/2020:11:17:07 +0800] "GET /xingrg/kc/buy/cgsh_order_info.html?code=212020112108263 HTTP/1.1" 200 55645
117.185.32.26 - - [21/Nov/2020:11:17:07 +0800] "GET /xingrg/javascript/easyui/themes/default/validatebox.css HTTP/1.1" 404 1104
117.185.32.26 - - [21/Nov/2020:11:17:08 +0800] "POST /xingrg/kc/buy/cgsh_order_operate.html HTTP/1.1" 200 616
114.84.37.38 - - [21/Nov/2020:11:17:10 +0800] "GET /xingrg/kc/buy/cgsh_order_operate.html?command=get_materiel&rest_code=00146&code=00101004010&supplier_code=00100312&order_time=2020-11-21 HTTP/1.1" 200 409
117.185.32.26 - - [21/Nov/2020:11:17:10 +0800] "GET /xingrg/kc/print/load_data.html?order_code=212020112108263&kc_code=cgsh&condition= HTTP/1.1" 200 702
114.84.37.38 - - [21/Nov/2020:11:17:10 +0800] "GET /xingrg/all/function/internal_message.html?_=1605928639321&CODE_STATE=getMsg HTTP/1.1" 200 27
172.17.0.102 - - [21/Nov/2020:11:17:11 +0800] "GET /xingrg/all/function/internal_message.html?_=1605928630577&CODE_STATE=getMsg HTTP/1.1" 200 27
58.35.246.33 - - [21/Nov/2020:11:17:12 +0800] "GET /xingrg/all/function/internal_message.html?_=1605928741676&CODE_STATE=getMsg HTTP/1.1" 200 27
180.174.56.115 - - [21/Nov/2020:11:17:13 +0800] "GET /xingrg/kc/buy/cgsh_order_operate.html?command=get_materiel&rest_code=00150&code=00101008113&supplier_code=00100323&order_time=2020-11-21 HTTP/1.1" 200 413
120.253.135.82 - - [21/Nov/2020:11:17:14 +0800] "GET /xingrg/kc/pszx/mdps_order_info.html?code=312020112000518 HTTP/1.1" 200 19539
120.253.135.82 - - [21/Nov/2020:11:17:15 +0800] "POST /xingrg/kc/pszx/mdps_order_operate.html HTTP/1.1" 200 524
120.253.135.82 - - [21/Nov/2020:11:17:15 +0800] "GET /xingrg/javascript/easyui/themes/default/validatebox.css HTTP/1.1" 404 1104
58.40.7.146 - - [21/Nov/2020:11:17:16 +0800] "GET /xingrg/all/function/internal_message.html?_=1605928632627&CODE_STATE=getMsg HTTP/1.1" 200 27
180.162.245.190 - - [21/Nov/2020:11:17:16 +0800] "POST /xingrg/login.do HTTP/1.1" 302 -
180.162.245.190 - - [21/Nov/2020:11:17:16 +0800] "GET /xingrg/index.html?sysBaseUrl=http%3A%2F%2F180.169.147.146%3A18081%2Fxingrg%2F&costTime=39×tamp=1605928636521 HTTP/1.1" 200 17173
120.253.135.82 - - [21/Nov/2020:11:17:16 +0800] "POST /xingrg/kc/pszx/mdps_list_operate.html HTTP/1.1" 200 3860
180.162.245.190 - - [21/Nov/2020:11:17:16 +0800] "GET /favicon.ico HTTP/1.1" 404 -
