180.162.245.190 - - [21/Nov/2020:11:17:17 +0800] "POST /xingrg/all/common/load_tree.html?tree=area_rest_tree_json&manage=1 HTTP/1.1" 200 342
180.162.245.190 - - [21/Nov/2020:11:17:17 +0800] "GET /xingrg/all/function/internal_message.html?_=1605928615052&CODE_STATE=count HTTP/1.1" 200 11
180.162.245.190 - - [21/Nov/2020:11:17:17 +0800] "GET /xingrg/check_reg.html?_=1605928615054 HTTP/1.1" 200 22
180.162.245.190 - - [21/Nov/2020:11:17:17 +0800] "POST /xingrg/load_menu.html HTTP/1.1" 200 5138
120.253.135.82 - - [21/Nov/2020:11:17:18 +0800] "POST /xingrg/kc/pszx/mdps_list_operate.html HTTP/1.1" 200 233
120.253.135.82 - - [21/Nov/2020:11:17:19 +0800] "GET /xingrg/kc/pszx/mdps_order_info.html?code=312020112000514 HTTP/1.1" 200 23881
120.253.135.82 - - [21/Nov/2020:11:17:20 +0800] "POST /xingrg/kc/pszx/mdps_order_operate.html HTTP/1.1" 200 2332
120.253.135.82 - - [21/Nov/2020:11:17:20 +0800] "GET /xingrg/javascript/easyui/themes/default/validatebox.css HTTP/1.1" 404 1104
117.185.32.26 - - [21/Nov/2020:11:17:20 +0800] "GET /xingrg/kc/buy/cgsh_order_add.html HTTP/1.1" 200 60742
117.185.32.26 - - [21/Nov/2020:11:17:20 +0800] "POST /xingrg/kc/buy/cgsh_order_operate.html HTTP/1.1" 200 8245
117.185.32.26 - - [21/Nov/2020:11:17:20 +0800] "GET /xingrg/javascript/easyui/themes/default/validatebox.css HTTP/1.1" 404 1104
180.174.56.115 - - [21/Nov/2020:11:17:20 +0800] "GET /xingrg/kc/buy/cgsh_order_operate.html?command=get_materiel&rest_code=00150&code=00101006023&supplier_code=00100323&order_time=2020-11-21 HTTP/1.1" 200 420
117.184.7.26 - - [21/Nov/2020:11:17:21 +0800] "POST /xingrg/kc/buy/cgsh_order_operate.html HTTP/1.1" 200 2065
117.185.32.26 - - [21/Nov/2020:11:17:22 +0800] "GET /xingrg/javascript/easyui/themes/default/tree.css HTTP/1.1" 404 1090
117.185.32.26 - - [21/Nov/2020:11:17:22 +0800] "POST /xingrg/all/common/load_tree.html?tree=supplier_tree_json&isDelete=1 HTTP/1.1" 200 51980
120.253.135.82 - - [21/Nov/2020:11:17:23 +0800] "POST /xingrg/kc/pszx/mdps_order_operate.html HTTP/1.1" 200 37
114.84.37.38 - - [21/Nov/2020:11:17:23 +0800] "GET /xingrg/kc/buy/cgsh_order_operate.html?command=get_materiel&rest_code=00146&code=00101004026&supplier_code=00100312&order_time=2020-11-21 HTTP/1.1" 200 414
180.162.245.190 - - [21/Nov/2020:11:17:24 +0800] "GET /xingrg/kc/buy/buy_main.html HTTP/1.1" 200 12412
117.185.32.26 - - [21/Nov/2020:11:17:24 +0800] "GET /xingrg/all/function/internal_message.html?_=1605928636745&CODE_STATE=getMsg HTTP/1.1" 200 27
180.162.245.190 - - [21/Nov/2020:11:17:24 +0800] "GET /xingrg/css/new_ie.css HTTP/1.1" 404 1036
120.253.135.82 - - [21/Nov/2020:11:17:24 +0800] "POST /xingrg/kc/pszx/mdps_order_operate.html HTTP/1.1" 200 12
117.184.7.26 - - [21/Nov/2020:11:17:25 +0800] "GET /xingrg/kc/buy/cgsh_order_operate.html?command=get_materiel&rest_code=00108&code=00101008251&supplier_code=00100008&order_time=2020-11-21 HTTP/1.1" 200 408
180.162.245.190 - - [21/Nov/2020:11:17:25 +0800] "GET /xingrg/images/yd/bt.gif HTTP/1.1" 404 1040
180.162.245.190 - - [21/Nov/2020:11:17:25 +0800] "GET /xingrg/kc/buy/cgsh_order_list.html HTTP/1.1" 200 45004
120.253.135.82 - - [21/Nov/2020:11:17:25 +0800] "GET /xingrg/kc/pszx/mdps_order_info.html?code=312020112000514 HTTP/1.1" 200 19541
120.253.135.82 - - [21/Nov/2020:11:17:26 +0800] "POST /xingrg/kc/pszx/mdps_order_operate.html HTTP/1.1" 200 552
120.253.135.82 - - [21/Nov/2020:11:17:26 +0800] "GET /xingrg/javascript/easyui/themes/default/validatebox.css HTTP/1.1" 404 1104
120.253.135.82 - - [21/Nov/2020:11:17:26 +0800] "GET /xingrg/all/function/internal_message.html?_=1605928390297&CODE_STATE=getMsg HTTP/1.1" 200 27
120.253.135.82 - - [21/Nov/2020:11:17:27 +0800] "POST /xingrg/kc/pszx/mdps_list_operate.html HTTP/1.1" 200 3498
180.162.245.190 - - [21/Nov/2020:11:17:30 +0800] "POST /xingrg/kc/buy/cgsh_list_operate.html HTTP/1.1" 200 5214
180.174.56.115 - - [21/Nov/2020:11:17:31 +0800] "GET /xingrg/kc/buy/cgsh_order_operate.html?command=get_materiel&rest_code=00150&code=00101010017&supplier_code=00100323&order_time=2020-11-21 HTTP/1.1" 200 423
117.184.7.26 - - [21/Nov/2020:11:17:32 +0800] "GET /xingrg/kc/buy/cgsh_order_operate.html?command=get_materiel&rest_code=00108&code=00101008069&supplier_code=00100008&order_time=2020-11-21 HTTP/1.1" 200 412
114.84.37.38 - - [21/Nov/2020:11:17:32 +0800] "GET /xingrg/kc/buy/cgsh_order_operate.html?command=get_materiel&rest_code=00146&code=00101004044&supplier_code=00100312&order_time=2020-11-21 HTTP/1.1" 200 413
180.162.245.190 - - [21/Nov/2020:11:17:33 +0800] "GET /xingrg/kc/buy/cgsh_order_add.html HTTP/1.1" 200 60789
180.162.245.190 - - [21/Nov/2020:11:17:33 +0800] "GET /xingrg/words/20201120115644_words.js HTTP/1.1" 304 -
101.85.228.137 - - [21/Nov/2020:11:17:33 +0800] "GET /xingrg/all/function/internal_message.html?_=1605928651120&CODE_STATE=getMsg HTTP/1.1" 200 27
180.162.245.190 - - [21/Nov/2020:11:17:34 +0800] "GET /xingrg/all/common/auto_word.html?type=employee&rest_code=00105 HTTP/1.1" 200 193
180.162.245.190 - - [21/Nov/2020:11:17:34 +0800] "GET /xingrg/javascript/easyui/themes/default/validatebox.css HTTP/1.1" 404 1104
180.162.245.190 - - [21/Nov/2020:11:17:34 +0800] "GET /xingrg/all/common/auto_word.html?type=employee&rest_code=00105 HTTP/1.1" 200 193
180.162.245.190 - - [21/Nov/2020:11:17:34 +0800] "POST /xingrg/kc/buy/cgsh_order_operate.html HTTP/1.1" 200 8245
180.162.245.190 - - [21/Nov/2020:11:17:35 +0800] "GET /xingrg/javascript/easyui/themes/default/tree.css HTTP/1.1" 404 1090
180.162.245.190 - - [21/Nov/2020:11:17:35 +0800] "POST /xingrg/all/common/load_tree.html?tree=supplier_tree_json&isDelete=1 HTTP/1.1" 200 51980
180.162.245.190 - - [21/Nov/2020:11:17:37 +0800] "GET /xingrg/javascript/easyui/themes/default/images/tree_arrows.gif HTTP/1.1" 304 -
180.162.245.190 - - [21/Nov/2020:11:17:37 +0800] "GET /xingrg/javascript/easyui/themes/default/images/tree_folder_open.gif HTTP/1.1" 304 -
180.162.245.190 - - [21/Nov/2020:11:17:37 +0800] "GET /xingrg/javascript/easyui/themes/default/images/tree_folder.gif HTTP/1.1" 304 -
180.162.245.190 - - [21/Nov/2020:11:17:37 +0800] "GET /xingrg/javascript/easyui/themes/default/images/tree_file.gif HTTP/1.1" 304 -
120.253.135.82 - - [21/Nov/2020:11:17:37 +0800] "POST /xingrg/kc/pszx/mdps_list_operate.html HTTP/1.1" 200 213
180.157.253.48 - - [21/Nov/2020:11:17:37 +0800] "GET /xingrg/kc/buy/cgsh_order_operate.html?command=get_materiel&rest_code=00148&code=00101013176&supplier_code=00100323&order_time=2020-11-21 HTTP/1.1" 200 420
120.253.135.82 - - [21/Nov/2020:11:17:38 +0800] "GET /xingrg/kc/pszx/mdps_order_info.html?code=312020112000515 HTTP/1.1" 200 23881
120.253.135.82 - - [21/Nov/2020:11:17:38 +0800] "POST /xingrg/kc/pszx/mdps_order_operate.html HTTP/1.1" 200 2304
120.253.135.82 - - [21/Nov/2020:11:17:38 +0800] "GET /xingrg/javascript/easyui/themes/default/validatebox.css HTTP/1.1" 404 1104
180.174.56.115 - - [21/Nov/2020:11:17:40 +0800] "GET /xingrg/all/function/internal_message.html?_=1605928626934&CODE_STATE=getMsg HTTP/1.1" 200 27
120.253.135.82 - - [21/Nov/2020:11:17:42 +0800] "POST /xingrg/kc/pszx/mdps_order_operate.html HTTP/1.1" 200 37
117.185.32.26 - - [21/Nov/2020:11:17:43 +0800] "GET /xingrg/kc/buy/buy_main.html HTTP/1.1" 200 12412
120.253.135.82 - - [21/Nov/2020:11:17:43 +0800] "POST /xingrg/kc/pszx/mdps_order_operate.html HTTP/1.1" 200 12
117.185.32.26 - - [21/Nov/2020:11:17:43 +0800] "GET /xingrg/css/new_ie.css HTTP/1.1" 404 1036
117.185.32.26 - - [21/Nov/2020:11:17:44 +0800] "GET /xingrg/kc/buy/cgsh_order_operate.html?command=get_materiel&rest_code=00106&code=00101010653&supplier_code=00100337&order_time=2020-11-21 HTTP/1.1" 200 400
117.185.32.26 - - [21/Nov/2020:11:17:44 +0800] "GET /xingrg/kc/base/base_main.html HTTP/1.1" 200 12142
180.174.56.115 - - [21/Nov/2020:11:17:44 +0800] "GET /xingrg/check_reg.html?_=1605928661235 HTTP/1.1" 200 22
180.174.56.115 - - [21/Nov/2020:11:17:44 +0800] "GET /xingrg/all/function/internal_message.html?_=1605928661238&CODE_STATE=getMsg HTTP/1.1" 200 27
117.185.32.26 - - [21/Nov/2020:11:17:45 +0800] "GET /xingrg/kc/base/wldb_order_list.html HTTP/1.1" 200 19418
117.185.32.26 - - [21/Nov/2020:11:17:46 +0800] "POST /xingrg/kc/base/wldb_list_operate.html HTTP/1.1" 200 928
114.84.37.38 - - [21/Nov/2020:11:17:46 +0800] "GET /xingrg/kc/buy/cgsh_order_operate.html?command=get_materiel&rest_code=00146&code=00101001036&supplier_code=00100312&order_time=2020-11-21 HTTP/1.1" 200 421
180.174.56.115 - - [21/Nov/2020:11:17:47 +0800] "GET /xingrg/kc/buy/cgsh_order_operate.html?command=get_materiel&rest_code=00150&code=00101010654&supplier_code=00100323&order_time=2020-11-21 HTTP/1.1" 200 392
114.84.145.85 - - [21/Nov/2020:11:17:47 +0800] "GET /xingrg/all/function/internal_message.html?_=1605928259511&CODE_STATE=getMsg HTTP/1.1" 200 27
117.185.32.26 - - [21/Nov/2020:11:17:47 +0800] "GET /xingrg/kc/base/wldb_order_add.html HTTP/1.1" 200 30591
101.85.95.39 - - [21/Nov/2020:11:17:47 +0800] "GET /xingrg/all/function/internal_message.html?_=1605928400576&CODE_STATE=getMsg HTTP/1.1" 200 27
117.185.32.26 - - [21/Nov/2020:11:17:48 +0800] "GET /xingrg/all/common/auto_word.html?type=base&rest_code=00106 HTTP/1.1" 200 1753
117.185.32.26 - - [21/Nov/2020:11:17:48 +0800] "GET /xingrg/all/common/auto_word.html?type=base&rest_code=00106 HTTP/1.1" 200 1753
117.185.32.26 - - [21/Nov/2020:11:17:48 +0800] "GET /xingrg/javascript/easyui/themes/default/validatebox.css HTTP/1.1" 404 1104
117.185.32.26 - - [21/Nov/2020:11:17:49 +0800] "POST /xingrg/kc/base/wldb_order_operate.html HTTP/1.1" 200 6806
114.84.145.85 - - [21/Nov/2020:11:17:49 +0800] "GET /xingrg/all/function/internal_message.html?_=1605928666206&CODE_STATE=getMsg HTTP/1.1" 200 27
114.84.145.85 - - [21/Nov/2020:11:17:50 +0800] "GET /xingrg/check_reg.html?_=1605928666758 HTTP/1.1" 200 22
117.185.32.26 - - [21/Nov/2020:11:17:50 +0800] "POST /xingrg/all/common/load_combo.html?type=base HTTP/1.1" 200 3142
120.253.135.82 - - [21/Nov/2020:11:17:51 +0800] "GET /xingrg/kc/pszx/mdps_order_info.html?code=312020112000515 HTTP/1.1" 200 19541
120.253.135.82 - - [21/Nov/2020:11:17:51 +0800] "POST /xingrg/kc/pszx/mdps_order_operate.html HTTP/1.1" 200 525
120.253.135.82 - - [21/Nov/2020:11:17:51 +0800] "GET /xingrg/javascript/easyui/themes/default/validatebox.css HTTP/1.1" 404 1104
101.85.228.137 - - [21/Nov/2020:11:17:52 +0800] "GET /xingrg/kc/buy/cgsh_order_operate.html?command=get_materiel&rest_code=00102&code=00101009049&supplier_code=00100424&order_time=2020-11-21 HTTP/1.1" 200 416
117.185.32.26 - - [21/Nov/2020:11:17:52 +0800] "POST /xingrg/all/common/load_combo.html?type=base HTTP/1.1" 200 3142
120.253.135.82 - - [21/Nov/2020:11:17:53 +0800] "POST /xingrg/kc/pszx/mdps_list_operate.html HTTP/1.1" 200 3136
116.228.172.94 - - [21/Nov/2020:11:17:54 +0800] "POST /xingrg/kc/buy/cgsh_order_operate.html HTTP/1.1" 200 2065
180.162.245.190 - - [21/Nov/2020:11:17:55 +0800] "GET /xingrg/all/function/internal_message.html?_=1605928673160&CODE_STATE=getMsg HTTP/1.1" 200 27
101.85.228.137 - - [21/Nov/2020:11:17:55 +0800] "GET /xingrg/all/function/internal_message.html?_=1605928897013&CODE_STATE=getMsg HTTP/1.1" 200 27
117.184.7.26 - - [21/Nov/2020:11:17:56 +0800] "GET /xingrg/all/function/internal_message.html?_=1605928664826&CODE_STATE=getMsg HTTP/1.1" 200 27
117.185.32.26 - - [21/Nov/2020:11:17:56 +0800] "GET /xingrg/javascript/auto/indicator.gif HTTP/1.1" 404 1066
180.162.245.190 - - [21/Nov/2020:11:17:56 +0800] "GET /xingrg/javascript/auto/indicator.gif HTTP/1.1" 404 1066
120.253.135.82 - - [21/Nov/2020:11:17:56 +0800] "POST /xingrg/kc/pszx/mdps_list_operate.html HTTP/1.1" 200 202
120.253.135.82 - - [21/Nov/2020:11:17:56 +0800] "GET /xingrg/kc/pszx/mdps_order_info.html?code=312020112100527 HTTP/1.1" 200 23881
117.185.32.26 - - [21/Nov/2020:11:17:57 +0800] "POST /xingrg/kc/buy/cgsh_order_operate.html HTTP/1.1" 200 37
120.253.135.82 - - [21/Nov/2020:11:17:57 +0800] "GET /xingrg/javascript/easyui/themes/default/validatebox.css HTTP/1.1" 404 1104
120.253.135.82 - - [21/Nov/2020:11:17:57 +0800] "POST /xingrg/kc/pszx/mdps_order_operate.html HTTP/1.1" 200 2285
117.185.32.26 - - [21/Nov/2020:11:17:58 +0800] "GET /xingrg/kc/base/wldb_order_operate.html?command=get_materiel&rest_code=00106&base_code=0010397&code=00102002549 HTTP/1.1" 200 449
117.185.32.26 - - [21/Nov/2020:11:17:59 +0800] "POST /xingrg/kc/buy/cgsh_order_operate.html HTTP/1.1" 200 12
180.174.56.115 - - [21/Nov/2020:11:17:59 +0800] "GET /xingrg/kc/buy/cgsh_order_operate.html?command=get_materiel&rest_code=00150&code=00101004017&supplier_code=00100323&order_time=2020-11-21 HTTP/1.1" 200 413
114.84.37.38 - - [21/Nov/2020:11:17:59 +0800] "GET /xingrg/kc/buy/cgsh_order_operate.html?command=get_materiel&rest_code=00146&code=00101001156&supplier_code=00100312&order_time=2020-11-21 HTTP/1.1" 200 409
116.228.172.94 - - [21/Nov/2020:11:17:59 +0800] "GET /xingrg/check_reg.html?_=1605928667633 HTTP/1.1" 200 22
117.185.32.26 - - [21/Nov/2020:11:17:59 +0800] "GET /xingrg/kc/buy/cgsh_order_info.html?code=212020112108264 HTTP/1.1" 200 55647
116.228.172.94 - - [21/Nov/2020:11:18:00 +0800] "GET /xingrg/all/function/internal_message.html?_=1605928668102&CODE_STATE=getMsg HTTP/1.1" 200 27
117.185.32.26 - - [21/Nov/2020:11:18:00 +0800] "GET /xingrg/javascript/easyui/themes/default/validatebox.css HTTP/1.1" 404 1104
117.185.32.26 - - [21/Nov/2020:11:18:00 +0800] "POST /xingrg/kc/buy/cgsh_order_operate.html HTTP/1.1" 200 608
120.253.135.82 - - [21/Nov/2020:11:18:01 +0800] "POST /xingrg/kc/pszx/mdps_order_operate.html HTTP/1.1" 200 37
117.185.32.26 - - [21/Nov/2020:11:18:02 +0800] "POST /xingrg/all/common/load_select.html HTTP/1.1" 200 25
117.185.32.26 - - [21/Nov/2020:11:18:02 +0800] "GET /xingrg/kc/base/wldb_order_operate.html?command=get_materiel_price&rest_code=00106&base_code=0010397&code=00102002549&unit_code=00100275 HTTP/1.1" 200 37
120.253.135.82 - - [21/Nov/2020:11:18:02 +0800] "POST /xingrg/kc/pszx/mdps_order_operate.html HTTP/1.1" 200 12
117.185.32.26 - - [21/Nov/2020:11:18:02 +0800] "GET /xingrg/kc/print/load_data.html?order_code=212020112108264&kc_code=cgsh&condition= HTTP/1.1" 200 703
180.162.245.190 - - [21/Nov/2020:11:18:03 +0800] "GET /xingrg/kc/buy/cgsh_order_operate.html?command=get_materiel&rest_code=00105&code=00101029002&supplier_code=00100017&order_time=2020-11-21 HTTP/1.1" 200 450
117.185.32.26 - - [21/Nov/2020:11:18:04 +0800] "GET /xingrg/kc/base/wldb_order_operate.html?command=get_materiel_price&rest_code=00106&base_code=0010397&code=00102002549&unit_code=00100276 HTTP/1.1" 200 35
58.35.246.33 - - [21/Nov/2020:11:18:06 +0800] "GET /xingrg/kc/base/wldb_order_list.html HTTP/1.1" 200 19418
58.35.246.33 - - [21/Nov/2020:11:18:06 +0800] "POST /xingrg/kc/base/wldb_list_operate.html HTTP/1.1" 200 928
114.84.37.38 - - [21/Nov/2020:11:18:07 +0800] "GET /xingrg/kc/buy/cgsh_order_operate.html?command=get_materiel&rest_code=00146&code=00101001096&supplier_code=00100312&order_time=2020-11-21 HTTP/1.1" 200 413
58.35.246.33 - - [21/Nov/2020:11:18:08 +0800] "GET /xingrg/kc/base/wldb_order_add.html HTTP/1.1" 200 30587
120.253.135.82 - - [21/Nov/2020:11:18:08 +0800] "GET /xingrg/kc/pszx/mdps_order_info.html?code=312020112100527 HTTP/1.1" 200 19541
58.35.246.33 - - [21/Nov/2020:11:18:08 +0800] "GET /xingrg/all/common/auto_word.html?type=base&rest_code=00111 HTTP/1.1" 200 1753
58.35.246.33 - - [21/Nov/2020:11:18:08 +0800] "GET /xingrg/all/common/auto_word.html?type=base&rest_code=00111 HTTP/1.1" 200 1753
58.35.246.33 - - [21/Nov/2020:11:18:08 +0800] "GET /xingrg/javascript/easyui/themes/default/validatebox.css HTTP/1.1" 404 1104
120.253.135.82 - - [21/Nov/2020:11:18:08 +0800] "GET /xingrg/javascript/easyui/themes/default/validatebox.css HTTP/1.1" 404 1104
58.35.246.33 - - [21/Nov/2020:11:18:08 +0800] "POST /xingrg/kc/base/wldb_order_operate.html HTTP/1.1" 200 6806
120.253.135.82 - - [21/Nov/2020:11:18:08 +0800] "POST /xingrg/kc/pszx/mdps_order_operate.html HTTP/1.1" 200 506
120.253.135.82 - - [21/Nov/2020:11:18:10 +0800] "POST /xingrg/kc/pszx/mdps_list_operate.html HTTP/1.1" 200 2774
117.185.32.26 - - [21/Nov/2020:11:18:10 +0800] "GET /xingrg/kc/base/wldb_order_operate.html?command=get_materiel&rest_code=00106&base_code=0010397&code=00102002304 HTTP/1.1" 200 449
114.84.37.38 - - [21/Nov/2020:11:18:10 +0800] "GET /xingrg/all/function/internal_message.html?_=1605928699335&CODE_STATE=getMsg HTTP/1.1" 200 27
101.85.228.137 - - [21/Nov/2020:11:18:11 +0800] "GET /xingrg/kc/buy/cgsh_order_operate.html?command=get_materiel&rest_code=00102&code=00101009016&supplier_code=00100424&order_time=2020-11-21 HTTP/1.1" 200 412
172.17.0.102 - - [21/Nov/2020:11:18:12 +0800] "GET /xingrg/all/function/internal_message.html?_=1605928690577&CODE_STATE=getMsg HTTP/1.1" 200 27
117.185.32.26 - - [21/Nov/2020:11:18:12 +0800] "GET /xingrg/kc/buy/cgsh_order_add.html HTTP/1.1" 200 60742
58.35.246.33 - - [21/Nov/2020:11:18:12 +0800] "GET /xingrg/all/function/internal_message.html?_=1605928801744&CODE_STATE=getMsg HTTP/1.1" 200 27
120.253.135.82 - - [21/Nov/2020:11:18:12 +0800] "POST /xingrg/kc/pszx/mdps_list_operate.html HTTP/1.1" 200 641
117.185.32.26 - - [21/Nov/2020:11:18:12 +0800] "POST /xingrg/kc/buy/cgsh_order_operate.html HTTP/1.1" 200 8245
117.185.32.26 - - [21/Nov/2020:11:18:12 +0800] "GET /xingrg/javascript/easyui/themes/default/validatebox.css HTTP/1.1" 404 1104
120.253.135.82 - - [21/Nov/2020:11:18:13 +0800] "GET /xingrg/kc/pszx/mdps_order_info.html?code=312020112000499 HTTP/1.1" 200 23881
120.253.135.82 - - [21/Nov/2020:11:18:13 +0800] "GET /xingrg/javascript/easyui/themes/default/validatebox.css HTTP/1.1" 404 1104
120.253.135.82 - - [21/Nov/2020:11:18:13 +0800] "POST /xingrg/kc/pszx/mdps_order_operate.html HTTP/1.1" 200 7847
120.204.17.70 - - [21/Nov/2020:11:18:14 +0800] "GET /xingrg/check_reg.html?_=1605927976948 HTTP/1.1" 302 -
117.185.32.26 - - [21/Nov/2020:11:18:15 +0800] "GET /xingrg/javascript/easyui/themes/default/tree.css HTTP/1.1" 404 1090
117.185.32.26 - - [21/Nov/2020:11:18:15 +0800] "POST /xingrg/all/common/load_tree.html?tree=supplier_tree_json&isDelete=1 HTTP/1.1" 200 51980
117.185.32.26 - - [21/Nov/2020:11:18:15 +0800] "GET /xingrg/kc/base/wldb_order_operate.html?command=get_materiel&rest_code=00106&base_code=0010397&code=00102002204 HTTP/1.1" 200 433
120.253.135.82 - - [21/Nov/2020:11:18:15 +0800] "GET /xingrg/check_reg.html?_=1605928439061 HTTP/1.1" 200 22
180.157.253.48 - - [21/Nov/2020:11:18:15 +0800] "POST /xingrg/kc/buy/cgsh_order_operate.html HTTP/1.1" 200 37
58.40.7.146 - - [21/Nov/2020:11:18:16 +0800] "GET /xingrg/all/function/internal_message.html?_=1605928692613&CODE_STATE=getMsg HTTP/1.1" 200 27
180.162.245.190 - - [21/Nov/2020:11:18:17 +0800] "GET /xingrg/all/function/internal_message.html?_=1605928675066&CODE_STATE=getMsg HTTP/1.1" 200 27
120.204.17.70 - - [21/Nov/2020:11:18:17 +0800] "GET /xingrg/login.html HTTP/1.1" 200 7641
180.157.253.48 - - [21/Nov/2020:11:18:20 +0800] "GET /xingrg/check_reg.html?_=1605928700501 HTTP/1.1" 200 22
120.253.135.82 - - [21/Nov/2020:11:18:20 +0800] "POST /xingrg/kc/pszx/mdps_order_operate.html HTTP/1.1" 200 37
180.157.253.48 - - [21/Nov/2020:11:18:21 +0800] "POST /xingrg/kc/buy/cgsh_order_operate.html HTTP/1.1" 200 6228
117.185.32.26 - - [21/Nov/2020:11:18:21 +0800] "POST /xingrg/kc/base/wldb_order_operate.html HTTP/1.1" 200 37
117.185.32.26 - - [21/Nov/2020:11:18:22 +0800] "GET /xingrg/kc/base/wldb_order_info.html?code=422020112102285 HTTP/1.1" 200 30605
120.253.135.82 - - [21/Nov/2020:11:18:22 +0800] "POST /xingrg/kc/pszx/mdps_order_operate.html HTTP/1.1" 200 12
117.185.32.26 - - [21/Nov/2020:11:18:22 +0800] "POST /xingrg/kc/base/wldb_order_operate.html HTTP/1.1" 200 3169
180.174.56.115 - - [21/Nov/2020:11:18:23 +0800] "POST /xingrg/kc/buy/cgsh_order_operate.html HTTP/1.1" 200 37
117.185.32.26 - - [21/Nov/2020:11:18:23 +0800] "GET /xingrg/javascript/easyui/themes/default/validatebox.css HTTP/1.1" 404 1104
117.185.32.26 - - [21/Nov/2020:11:18:23 +0800] "POST /xingrg/kc/base/wldb_order_operate.html HTTP/1.1" 200 3169
116.228.172.94 - - [21/Nov/2020:11:18:23 +0800] "GET /xingrg/kc/buy/cgsh_order_operate.html?command=get_materiel&rest_code=00107&code=00101008305&supplier_code=00100006&order_time=2020-11-21 HTTP/1.1" 200 412
120.253.135.82 - - [21/Nov/2020:11:18:24 +0800] "GET /xingrg/kc/pszx/mdps_order_info.html?code=312020112000499 HTTP/1.1" 200 19541
120.253.135.82 - - [21/Nov/2020:11:18:24 +0800] "GET /xingrg/javascript/easyui/themes/default/validatebox.css HTTP/1.1" 404 1104
120.253.135.82 - - [21/Nov/2020:11:18:25 +0800] "POST /xingrg/kc/pszx/mdps_order_operate.html HTTP/1.1" 200 6016
117.185.32.26 - - [21/Nov/2020:11:18:25 +0800] "GET /xingrg/kc/base/wldb_order_add.html HTTP/1.1" 200 30591
114.84.37.38 - - [21/Nov/2020:11:18:26 +0800] "POST /xingrg/kc/buy/cgsh_order_operate.html HTTP/1.1" 200 37
58.35.246.33 - - [21/Nov/2020:11:18:26 +0800] "GET /xingrg/kc/base/wldb_order_operate.html?command=get_materiel&rest_code=00111&base_code=0010283&code=00101019339 HTTP/1.1" 200 455
117.185.32.26 - - [21/Nov/2020:11:18:26 +0800] "GET /xingrg/javascript/easyui/themes/default/validatebox.css HTTP/1.1" 404 1104
120.253.135.82 - - [21/Nov/2020:11:18:26 +0800] "POST /xingrg/kc/pszx/mdps_list_operate.html HTTP/1.1" 200 2411
180.157.253.48 - - [21/Nov/2020:11:18:26 +0800] "GET /xingrg/kc/buy/cgsh_order_add.html HTTP/1.1" 200 60748
117.185.32.26 - - [21/Nov/2020:11:18:26 +0800] "POST /xingrg/kc/base/wldb_order_operate.html HTTP/1.1" 200 6806
180.174.56.115 - - [21/Nov/2020:11:18:26 +0800] "POST /xingrg/kc/buy/cgsh_order_operate.html HTTP/1.1" 200 12
120.253.135.82 - - [21/Nov/2020:11:18:26 +0800] "GET /xingrg/all/function/internal_message.html?_=1605928450310&CODE_STATE=getMsg HTTP/1.1" 200 27
180.157.253.48 - - [21/Nov/2020:11:18:27 +0800] "POST /xingrg/kc/buy/cgsh_order_operate.html HTTP/1.1" 200 8245
180.157.253.48 - - [21/Nov/2020:11:18:27 +0800] "GET /xingrg/javascript/easyui/themes/default/validatebox.css HTTP/1.1" 404 1104
117.185.32.26 - - [21/Nov/2020:11:18:27 +0800] "POST /xingrg/all/common/load_combo.html?type=base HTTP/1.1" 200 3142
101.85.228.137 - - [21/Nov/2020:11:18:29 +0800] "GET /xingrg/kc/buy/cgsh_order_operate.html?command=get_materiel&rest_code=00102&code=00101009013&supplier_code=00100424&order_time=2020-11-21 HTTP/1.1" 200 420
180.162.245.190 - - [21/Nov/2020:11:18:29 +0800] "GET /xingrg/kc/buy/cgsh_order_operate.html?command=get_materiel&rest_code=00105&code=00101029022&supplier_code=00100017&order_time=2020-11-21 HTTP/1.1" 200 452
117.185.32.26 - - [21/Nov/2020:11:18:29 +0800] "POST /xingrg/all/common/load_combo.html?type=base HTTP/1.1" 200 3142
101.85.228.137 - - [21/Nov/2020:11:18:34 +0800] "GET /xingrg/all/function/internal_message.html?_=1605928711391&CODE_STATE=getMsg HTTP/1.1" 200 27
117.185.32.26 - - [21/Nov/2020:11:18:34 +0800] "GET /xingrg/kc/base/wldb_order_operate.html?command=get_materiel&rest_code=00106&base_code=0010397&code=00102002315 HTTP/1.1" 200 447
114.84.37.38 - - [21/Nov/2020:11:18:36 +0800] "POST /xingrg/kc/buy/cgsh_order_operate.html HTTP/1.1" 200 6830
120.253.135.82 - - [21/Nov/2020:11:18:38 +0800] "POST /xingrg/kc/pszx/mdps_list_operate.html HTTP/1.1" 200 654
114.84.37.38 - - [21/Nov/2020:11:18:39 +0800] "GET /xingrg/kc/print/load_data.html?order_code=212020112108267&kc_code=cgsh&condition= HTTP/1.1" 200 2290
120.253.135.82 - - [21/Nov/2020:11:18:39 +0800] "GET /xingrg/kc/pszx/mdps_order_info.html?code=312020112000513 HTTP/1.1" 200 23881
180.174.56.115 - - [21/Nov/2020:11:18:39 +0800] "GET /xingrg/kc/buy/cgsh_order_info.html?code=212020112108266 HTTP/1.1" 200 55588
117.185.32.26 - - [21/Nov/2020:11:18:39 +0800] "GET /xingrg/kc/buy/cgsh_order_operate.html?command=get_materiel&rest_code=00106&code=00101008061&supplier_code=00100339&order_time=2020-11-21 HTTP/1.1" 200 423
120.253.135.82 - - [21/Nov/2020:11:18:39 +0800] "GET /xingrg/javascript/easyui/themes/default/validatebox.css HTTP/1.1" 404 1104
180.174.56.115 - - [21/Nov/2020:11:18:40 +0800] "GET /xingrg/check_reg.html?_=1605928686883 HTTP/1.1" 200 22
120.253.135.82 - - [21/Nov/2020:11:18:40 +0800] "POST /xingrg/kc/pszx/mdps_order_operate.html HTTP/1.1" 200 13106
180.174.56.115 - - [21/Nov/2020:11:18:40 +0800] "GET /xingrg/javascript/easyui/themes/default/validatebox.css HTTP/1.1" 404 1104
180.174.56.115 - - [21/Nov/2020:11:18:40 +0800] "GET /xingrg/all/function/internal_message.html?_=1605928687123&CODE_STATE=getMsg HTTP/1.1" 200 27
180.174.56.115 - - [21/Nov/2020:11:18:40 +0800] "POST /xingrg/kc/buy/cgsh_order_operate.html HTTP/1.1" 200 4166
180.174.56.115 - - [21/Nov/2020:11:18:42 +0800] "GET /xingrg/kc/print/load_data.html?order_code=212020112108266&kc_code=cgsh&condition= HTTP/1.1" 200 2104
101.85.228.137 - - [21/Nov/2020:11:18:42 +0800] "GET /xingrg/kc/buy/cgsh_order_operate.html?command=get_materiel&rest_code=00102&code=00101009007&supplier_code=00100424&order_time=2020-11-21 HTTP/1.1" 200 408
117.185.32.26 - - [21/Nov/2020:11:18:43 +0800] "GET /xingrg/kc/base/wldb_order_operate.html?command=get_materiel&rest_code=00106&base_code=0010397&code=00102002551 HTTP/1.1" 200 440
180.174.56.115 - - [21/Nov/2020:11:18:44 +0800] "GET /xingrg/all/function/internal_message.html?_=1605928721237&CODE_STATE=getMsg HTTP/1.1" 200 27
120.253.135.82 - - [21/Nov/2020:11:18:45 +0800] "POST /xingrg/kc/pszx/mdps_order_operate.html HTTP/1.1" 200 37
116.228.172.94 - - [21/Nov/2020:11:18:46 +0800] "GET /xingrg/kc/buy/cgsh_order_operate.html?command=get_materiel&rest_code=00107&code=00101008406&supplier_code=00100006&order_time=2020-11-21 HTTP/1.1" 200 409
120.253.135.82 - - [21/Nov/2020:11:18:47 +0800] "POST /xingrg/kc/pszx/mdps_order_operate.html HTTP/1.1" 200 12
114.84.145.85 - - [21/Nov/2020:11:18:47 +0800] "GET /xingrg/all/function/internal_message.html?_=1605928319510&CODE_STATE=getMsg HTTP/1.1" 200 27
101.85.95.39 - - [21/Nov/2020:11:18:47 +0800] "GET /xingrg/all/function/internal_message.html?_=1605928460555&CODE_STATE=getMsg HTTP/1.1" 200 27
117.185.32.26 - - [21/Nov/2020:11:18:48 +0800] "POST /xingrg/kc/base/wldb_order_operate.html HTTP/1.1" 200 37
117.185.32.26 - - [21/Nov/2020:11:18:48 +0800] "POST /xingrg/kc/base/wldb_order_operate.html HTTP/1.1" 200 2689
117.185.32.26 - - [21/Nov/2020:11:18:49 +0800] "GET /xingrg/kc/base/wldb_order_info.html?code=422020112102286 HTTP/1.1" 200 30605
114.84.145.85 - - [21/Nov/2020:11:18:49 +0800] "GET /xingrg/all/function/internal_message.html?_=1605928726177&CODE_STATE=getMsg HTTP/1.1" 200 27
117.185.32.26 - - [21/Nov/2020:11:18:49 +0800] "GET /xingrg/javascript/easyui/themes/default/validatebox.css HTTP/1.1" 404 1104
117.185.32.26 - - [21/Nov/2020:11:18:50 +0800] "POST /xingrg/kc/base/wldb_order_operate.html HTTP/1.1" 200 2689
120.253.135.82 - - [21/Nov/2020:11:18:50 +0800] "GET /xingrg/kc/pszx/mdps_order_info.html?code=312020112000513 HTTP/1.1" 200 19541
117.185.32.26 - - [21/Nov/2020:11:18:51 +0800] "POST /xingrg/kc/buy/cgsh_order_operate.html HTTP/1.1" 200 37
120.253.135.82 - - [21/Nov/2020:11:18:51 +0800] "GET /xingrg/javascript/easyui/themes/default/validatebox.css HTTP/1.1" 404 1104
120.253.135.82 - - [21/Nov/2020:11:18:51 +0800] "POST /xingrg/kc/pszx/mdps_order_operate.html HTTP/1.1" 200 11241
180.162.245.190 - - [21/Nov/2020:11:18:52 +0800] "GET /xingrg/kc/buy/cgsh_order_operate.html?command=get_materiel&rest_code=00105&code=00101028011&supplier_code=00100017&order_time=2020-11-21 HTTP/1.1" 200 452
117.185.32.26 - - [21/Nov/2020:11:18:53 +0800] "POST /xingrg/kc/buy/cgsh_order_operate.html HTTP/1.1" 200 12
117.185.32.26 - - [21/Nov/2020:11:18:53 +0800] "GET /xingrg/kc/buy/cgsh_order_info.html?code=212020112108268 HTTP/1.1" 200 55648
117.185.32.26 - - [21/Nov/2020:11:18:54 +0800] "GET /xingrg/javascript/easyui/themes/default/validatebox.css HTTP/1.1" 404 1104
117.185.32.26 - - [21/Nov/2020:11:18:54 +0800] "GET /xingrg/kc/base/wldb_order_add.html HTTP/1.1" 200 30591
117.185.32.26 - - [21/Nov/2020:11:18:54 +0800] "POST /xingrg/kc/buy/cgsh_order_operate.html HTTP/1.1" 200 616
117.185.32.26 - - [21/Nov/2020:11:18:55 +0800] "GET /xingrg/javascript/easyui/themes/default/validatebox.css HTTP/1.1" 404 1104
117.185.32.26 - - [21/Nov/2020:11:18:55 +0800] "POST /xingrg/kc/base/wldb_order_operate.html HTTP/1.1" 200 6806
180.174.56.115 - - [21/Nov/2020:11:18:55 +0800] "GET /xingrg/kc/buy/cgsh_order_add.html HTTP/1.1" 200 60678
180.162.245.190 - - [21/Nov/2020:11:18:55 +0800] "GET /xingrg/all/function/internal_message.html?_=1605928733131&CODE_STATE=getMsg HTTP/1.1" 200 27
117.185.32.26 - - [21/Nov/2020:11:18:55 +0800] "GET /xingrg/check_reg.html?_=1605929173014 HTTP/1.1" 200 22
117.185.32.26 - - [21/Nov/2020:11:18:55 +0800] "GET /xingrg/all/function/internal_message.html?_=1605929173076&CODE_STATE=getMsg HTTP/1.1" 200 27
180.174.56.115 - - [21/Nov/2020:11:18:55 +0800] "POST /xingrg/kc/buy/cgsh_order_operate.html HTTP/1.1" 200 8245
180.174.56.115 - - [21/Nov/2020:11:18:55 +0800] "GET /xingrg/javascript/easyui/themes/default/validatebox.css HTTP/1.1" 404 1104
180.162.245.190 - - [21/Nov/2020:11:18:55 +0800] "GET /xingrg/check_reg.html?_=1605928733694 HTTP/1.1" 200 22
101.85.228.137 - - [21/Nov/2020:11:18:55 +0800] "GET /xingrg/all/function/internal_message.html?_=1605928957027&CODE_STATE=getMsg HTTP/1.1" 200 27
117.184.7.26 - - [21/Nov/2020:11:18:56 +0800] "GET /xingrg/all/function/internal_message.html?_=1605928724806&CODE_STATE=getMsg HTTP/1.1" 200 27
117.185.32.26 - - [21/Nov/2020:11:18:56 +0800] "GET /xingrg/kc/print/load_data.html?order_code=212020112108268&kc_code=cgsh&condition= HTTP/1.1" 200 705
117.185.32.26 - - [21/Nov/2020:11:18:58 +0800] "POST /xingrg/kc/base/wldb_list_operate.html HTTP/1.1" 200 2174
117.184.7.26 - - [21/Nov/2020:11:18:59 +0800] "GET /xingrg/kc/buy/cgsh_order_operate.html?command=get_materiel&rest_code=00108&code=00102013018&supplier_code=00100008&order_time=2020-11-21 HTTP/1.1" 200 414
116.228.172.94 - - [21/Nov/2020:11:19:00 +0800] "GET /xingrg/all/function/internal_message.html?_=1605928728088&CODE_STATE=getMsg HTTP/1.1" 200 27
117.185.32.26 - - [21/Nov/2020:11:19:00 +0800] "POST /xingrg/all/common/load_combo.html?type=base HTTP/1.1" 200 3142
117.185.32.26 - - [21/Nov/2020:11:19:03 +0800] "POST /xingrg/all/common/load_combo.html?type=base HTTP/1.1" 200 3142
120.253.135.82 - - [21/Nov/2020:11:19:03 +0800] "POST /xingrg/kc/pszx/mdps_list_operate.html HTTP/1.1" 200 2048
180.174.56.115 - - [21/Nov/2020:11:19:05 +0800] "GET /xingrg/kc/buy/cgsh_order_operate.html?command=get_materiel&rest_code=00150&code=00101001115&supplier_code=00100089&order_time=2020-11-21 HTTP/1.1" 200 415
117.185.32.26 - - [21/Nov/2020:11:19:05 +0800] "GET /xingrg/kc/buy/cgsh_order_add.html HTTP/1.1" 200 60742
117.185.32.26 - - [21/Nov/2020:11:19:05 +0800] "POST /xingrg/kc/buy/cgsh_order_operate.html HTTP/1.1" 200 8245
117.185.32.26 - - [21/Nov/2020:11:19:05 +0800] "GET /xingrg/javascript/easyui/themes/default/validatebox.css HTTP/1.1" 404 1104
120.253.135.82 - - [21/Nov/2020:11:19:06 +0800] "POST /xingrg/kc/pszx/mdps_list_operate.html HTTP/1.1" 200 610
117.185.32.26 - - [21/Nov/2020:11:19:08 +0800] "GET /xingrg/javascript/easyui/themes/default/tree.css HTTP/1.1" 404 1090
117.185.32.26 - - [21/Nov/2020:11:19:08 +0800] "POST /xingrg/all/common/load_tree.html?tree=supplier_tree_json&isDelete=1 HTTP/1.1" 200 51980
101.85.228.137 - - [21/Nov/2020:11:19:08 +0800] "GET /xingrg/kc/buy/cgsh_order_operate.html?command=get_materiel&rest_code=00102&code=00101009109&supplier_code=00100424&order_time=2020-11-21 HTTP/1.1" 200 399
120.253.135.82 - - [21/Nov/2020:11:19:10 +0800] "GET /xingrg/kc/pszx/mdps_order_info.html?code=312020112100528 HTTP/1.1" 200 23881
120.253.135.82 - - [21/Nov/2020:11:19:10 +0800] "GET /xingrg/javascript/easyui/themes/default/validatebox.css HTTP/1.1" 404 1104
114.84.37.38 - - [21/Nov/2020:11:19:10 +0800] "GET /xingrg/all/function/internal_message.html?_=1605928759376&CODE_STATE=getMsg HTTP/1.1" 200 27
120.253.135.82 - - [21/Nov/2020:11:19:11 +0800] "POST /xingrg/kc/pszx/mdps_order_operate.html HTTP/1.1" 200 9286
172.17.0.102 - - [21/Nov/2020:11:19:12 +0800] "GET /xingrg/all/function/internal_message.html?_=1605928750577&CODE_STATE=getMsg HTTP/1.1" 200 27
58.35.246.33 - - [21/Nov/2020:11:19:12 +0800] "GET /xingrg/all/function/internal_message.html?_=1605928861756&CODE_STATE=getMsg HTTP/1.1" 200 27
180.162.245.190 - - [21/Nov/2020:11:19:12 +0800] "POST /xingrg/kc/buy/cgsh_order_operate.html HTTP/1.1" 200 37
117.185.32.26 - - [21/Nov/2020:11:19:13 +0800] "GET /xingrg/kc/base/wldb_order_operate.html?command=get_materiel&rest_code=00106&base_code=0010397&code=00102002448 HTTP/1.1" 200 426
180.162.245.190 - - [21/Nov/2020:11:19:13 +0800] "POST /xingrg/kc/buy/cgsh_order_operate.html HTTP/1.1" 200 3940
120.253.135.82 - - [21/Nov/2020:11:19:14 +0800] "POST /xingrg/kc/pszx/mdps_order_operate.html HTTP/1.1" 200 37
180.162.245.190 - - [21/Nov/2020:11:19:15 +0800] "GET /xingrg/kc/print/load_config.html?kc_code=cgsh HTTP/1.1" 200 1845
120.253.135.82 - - [21/Nov/2020:11:19:15 +0800] "POST /xingrg/kc/pszx/mdps_order_operate.html HTTP/1.1" 200 12
180.162.245.190 - - [21/Nov/2020:11:19:15 +0800] "GET /xingrg/kc/print/load_data.html?order_code=212020112108269&kc_code=cgsh&condition= HTTP/1.1" 200 1278
58.40.7.146 - - [21/Nov/2020:11:19:16 +0800] "GET /xingrg/all/function/internal_message.html?_=1605928752618&CODE_STATE=getMsg HTTP/1.1" 200 27
120.253.135.82 - - [21/Nov/2020:11:19:16 +0800] "GET /xingrg/kc/pszx/mdps_order_info.html?code=312020112100528 HTTP/1.1" 200 19541
120.253.135.82 - - [21/Nov/2020:11:19:17 +0800] "GET /xingrg/javascript/easyui/themes/default/validatebox.css HTTP/1.1" 404 1104
120.253.135.82 - - [21/Nov/2020:11:19:17 +0800] "POST /xingrg/kc/pszx/mdps_order_operate.html HTTP/1.1" 200 7415
180.162.245.190 - - [21/Nov/2020:11:19:17 +0800] "GET /xingrg/all/function/internal_message.html?_=1605928735085&CODE_STATE=getMsg HTTP/1.1" 200 27
117.185.32.26 - - [21/Nov/2020:11:19:18 +0800] "POST /xingrg/kc/base/wldb_order_operate.html HTTP/1.1" 200 37
117.185.32.26 - - [21/Nov/2020:11:19:18 +0800] "POST /xingrg/kc/base/wldb_order_operate.html HTTP/1.1" 200 2675
120.253.135.82 - - [21/Nov/2020:11:19:18 +0800] "POST /xingrg/kc/pszx/mdps_list_operate.html HTTP/1.1" 200 1684
117.185.32.26 - - [21/Nov/2020:11:19:19 +0800] "GET /xingrg/kc/base/wldb_order_info.html?code=422020112102287 HTTP/1.1" 200 30605
117.184.7.26 - - [21/Nov/2020:11:19:19 +0800] "GET /xingrg/kc/buy/cgsh_order_operate.html?command=get_materiel&rest_code=00108&code=00101008296&supplier_code=00100008&order_time=2020-11-21 HTTP/1.1" 200 416
117.185.32.26 - - [21/Nov/2020:11:19:19 +0800] "GET /xingrg/javascript/easyui/themes/default/validatebox.css HTTP/1.1" 404 1104
117.185.32.26 - - [21/Nov/2020:11:19:20 +0800] "POST /xingrg/kc/base/wldb_order_operate.html HTTP/1.1" 200 2675
120.253.135.82 - - [21/Nov/2020:11:19:20 +0800] "POST /xingrg/kc/pszx/mdps_list_operate.html HTTP/1.1" 200 592
117.185.32.26 - - [21/Nov/2020:11:19:21 +0800] "GET /xingrg/kc/base/wldb_order_add.html HTTP/1.1" 200 30591
180.157.253.48 - - [21/Nov/2020:11:19:21 +0800] "GET /xingrg/kc/buy/cgsh_order_operate.html?command=get_materiel&rest_code=00148&code=00101010616&supplier_code=00100322&order_time=2020-11-21 HTTP/1.1" 200 395
117.184.7.26 - - [21/Nov/2020:11:19:22 +0800] "POST /xingrg/kc/buy/cgsh_order_operate.html HTTP/1.1" 200 2065
117.185.32.26 - - [21/Nov/2020:11:19:22 +0800] "GET /xingrg/javascript/easyui/themes/default/validatebox.css HTTP/1.1" 404 1104
117.185.32.26 - - [21/Nov/2020:11:19:22 +0800] "POST /xingrg/kc/base/wldb_order_operate.html HTTP/1.1" 200 6806
180.174.56.115 - - [21/Nov/2020:11:19:22 +0800] "POST /xingrg/kc/buy/cgsh_order_operate.html HTTP/1.1" 200 37
117.185.32.26 - - [21/Nov/2020:11:19:23 +0800] "POST /xingrg/all/common/load_combo.html?type=base HTTP/1.1" 200 3142
117.185.32.26 - - [21/Nov/2020:11:19:24 +0800] "GET /xingrg/all/function/internal_message.html?_=1605928756768&CODE_STATE=getMsg HTTP/1.1" 200 27
101.85.228.137 - - [21/Nov/2020:11:19:24 +0800] "GET /xingrg/kc/buy/cgsh_order_list.html HTTP/1.1" 200 45004
180.174.56.115 - - [21/Nov/2020:11:19:24 +0800] "POST /xingrg/kc/buy/cgsh_order_operate.html HTTP/1.1" 200 12
117.185.32.26 - - [21/Nov/2020:11:19:25 +0800] "POST /xingrg/all/common/load_combo.html?type=base HTTP/1.1" 200 3142
180.174.56.115 - - [21/Nov/2020:11:19:25 +0800] "GET /xingrg/kc/buy/cgsh_order_info.html?code=212020112108270 HTTP/1.1" 200 55587
101.85.228.137 - - [21/Nov/2020:11:19:26 +0800] "POST /xingrg/kc/buy/cgsh_list_operate.html HTTP/1.1" 200 1690
180.174.56.115 - - [21/Nov/2020:11:19:26 +0800] "GET /xingrg/javascript/easyui/themes/default/validatebox.css HTTP/1.1" 404 1104
180.174.56.115 - - [21/Nov/2020:11:19:26 +0800] "POST /xingrg/kc/buy/cgsh_order_operate.html HTTP/1.1" 200 609
120.253.135.82 - - [21/Nov/2020:11:19:26 +0800] "GET /xingrg/all/function/internal_message.html?_=1605928510359&CODE_STATE=getMsg HTTP/1.1" 200 27
101.85.228.137 - - [21/Nov/2020:11:19:27 +0800] "GET /xingrg/kc/buy/cgsh_order_add.html HTTP/1.1" 200 60707
180.174.56.115 - - [21/Nov/2020:11:19:28 +0800] "GET /xingrg/kc/print/load_data.html?order_code=212020112108270&kc_code=cgsh&condition= HTTP/1.1" 200 804
117.185.32.26 - - [21/Nov/2020:11:19:28 +0800] "GET /xingrg/kc/buy/cgsh_order_operate.html?command=get_materiel&rest_code=00106&code=00101010535&supplier_code=00100322&order_time=2020-11-21 HTTP/1.1" 200 428
101.85.228.137 - - [21/Nov/2020:11:19:28 +0800] "POST /xingrg/kc/buy/cgsh_order_operate.html HTTP/1.1" 200 8245
101.85.228.137 - - [21/Nov/2020:11:19:28 +0800] "GET /xingrg/javascript/easyui/themes/default/validatebox.css HTTP/1.1" 404 1104
117.185.32.26 - - [21/Nov/2020:11:19:31 +0800] "GET /xingrg/kc/base/wldb_order_operate.html?command=get_materiel&rest_code=00106&base_code=0010397&code=00102001031 HTTP/1.1" 200 440
58.35.246.33 - - [21/Nov/2020:11:19:32 +0800] "GET /xingrg/kc/base/wldb_order_operate.html?command=get_materiel&rest_code=00111&base_code=0010283&code=00101019175 HTTP/1.1" 200 439
180.174.56.115 - - [21/Nov/2020:11:19:33 +0800] "GET /xingrg/kc/buy/cgsh_order_add.html HTTP/1.1" 200 60678
180.174.56.115 - - [21/Nov/2020:11:19:33 +0800] "POST /xingrg/kc/buy/cgsh_order_operate.html HTTP/1.1" 200 8245
180.174.56.115 - - [21/Nov/2020:11:19:34 +0800] "GET /xingrg/javascript/easyui/themes/default/validatebox.css HTTP/1.1" 404 1104
101.85.228.137 - - [21/Nov/2020:11:19:34 +0800] "GET /xingrg/all/function/internal_message.html?_=1605928771396&CODE_STATE=getMsg HTTP/1.1" 200 27
117.184.7.26 - - [21/Nov/2020:11:19:37 +0800] "GET /xingrg/kc/buy/cgsh_order_operate.html?command=get_materiel&rest_code=00108&code=00101008242&supplier_code=00100008&order_time=2020-11-21 HTTP/1.1" 200 408
117.185.32.26 - - [21/Nov/2020:11:19:37 +0800] "POST /xingrg/kc/base/wldb_order_operate.html HTTP/1.1" 200 37
117.185.32.26 - - [21/Nov/2020:11:19:37 +0800] "POST /xingrg/kc/base/wldb_order_operate.html HTTP/1.1" 200 2187
101.85.228.137 - - [21/Nov/2020:11:19:37 +0800] "GET /xingrg/kc/buy/cgsh_order_operate.html?command=get_materiel&rest_code=00102&code=00101008175&supplier_code=00100008&order_time=2020-11-21 HTTP/1.1" 200 412
117.185.32.26 - - [21/Nov/2020:11:19:37 +0800] "GET /xingrg/kc/base/wldb_order_info.html?code=422020112102288 HTTP/1.1" 200 30601
117.185.32.26 - - [21/Nov/2020:11:19:38 +0800] "GET /xingrg/javascript/easyui/themes/default/validatebox.css HTTP/1.1" 404 1104
117.185.32.26 - - [21/Nov/2020:11:19:38 +0800] "POST /xingrg/kc/base/wldb_order_operate.html HTTP/1.1" 200 2187
117.185.32.26 - - [21/Nov/2020:11:19:40 +0800] "POST /xingrg/kc/buy/cgsh_order_operate.html HTTP/1.1" 200 37
180.174.56.115 - - [21/Nov/2020:11:19:40 +0800] "GET /xingrg/all/function/internal_message.html?_=1605928747132&CODE_STATE=getMsg HTTP/1.1" 200 27
117.185.32.26 - - [21/Nov/2020:11:19:42 +0800] "POST /xingrg/kc/buy/cgsh_order_operate.html HTTP/1.1" 200 12
180.162.245.190 - - [21/Nov/2020:11:19:42 +0800] "GET /xingrg/kc/base/base_main.html HTTP/1.1" 200 12142
117.185.32.26 - - [21/Nov/2020:11:19:42 +0800] "GET /xingrg/kc/buy/cgsh_order_info.html?code=212020112108271 HTTP/1.1" 200 55639
117.185.32.26 - - [21/Nov/2020:11:19:42 +0800] "GET /xingrg/kc/base/wldb_order_add.html HTTP/1.1" 200 30591
58.35.246.33 - - [21/Nov/2020:11:19:42 +0800] "GET /xingrg/kc/base/wldb_order_operate.html?command=get_materiel&rest_code=00111&base_code=0010283&code=00101019289 HTTP/1.1" 200 455
117.185.32.26 - - [21/Nov/2020:11:19:43 +0800] "GET /xingrg/javascript/easyui/themes/default/validatebox.css HTTP/1.1" 404 1104
117.185.32.26 - - [21/Nov/2020:11:19:43 +0800] "POST /xingrg/kc/buy/cgsh_order_operate.html HTTP/1.1" 200 629
117.185.32.26 - - [21/Nov/2020:11:19:43 +0800] "GET /xingrg/javascript/easyui/themes/default/validatebox.css HTTP/1.1" 404 1104
117.185.32.26 - - [21/Nov/2020:11:19:43 +0800] "POST /xingrg/kc/base/wldb_order_operate.html HTTP/1.1" 200 6806
180.162.245.190 - - [21/Nov/2020:11:19:43 +0800] "GET /xingrg/kc/base/wldb_order_list.html HTTP/1.1" 200 19418
117.184.7.26 - - [21/Nov/2020:11:19:43 +0800] "GET /xingrg/kc/buy/cgsh_order_operate.html?command=get_materiel&rest_code=00108&code=00101008298&supplier_code=00100008&order_time=2020-11-21 HTTP/1.1" 200 412
117.185.32.26 - - [21/Nov/2020:11:19:44 +0800] "POST /xingrg/all/common/load_combo.html?type=base HTTP/1.1" 200 3142
180.162.245.190 - - [21/Nov/2020:11:19:44 +0800] "POST /xingrg/kc/base/wldb_list_operate.html HTTP/1.1" 200 2162
180.174.56.115 - - [21/Nov/2020:11:19:44 +0800] "GET /xingrg/all/function/internal_message.html?_=1605928781245&CODE_STATE=getMsg HTTP/1.1" 200 27
101.85.228.137 - - [21/Nov/2020:11:19:45 +0800] "GET /xingrg/kc/buy/cgsh_order_operate.html?command=get_materiel&rest_code=00102&code=00101009062&supplier_code=00100424&order_time=2020-11-21 HTTP/1.1" 200 412
180.162.245.190 - - [21/Nov/2020:11:19:45 +0800] "GET /xingrg/kc/base/wldb_order_list.html HTTP/1.1" 200 19418
180.174.56.115 - - [21/Nov/2020:11:19:45 +0800] "GET /xingrg/kc/buy/cgsh_order_operate.html?command=get_materiel&rest_code=00150&code=00101005045&supplier_code=00100334&order_time=2020-11-21 HTTP/1.1" 200 411
117.185.32.26 - - [21/Nov/2020:11:19:46 +0800] "GET /xingrg/kc/print/load_data.html?order_code=212020112108271&kc_code=cgsh&condition= HTTP/1.1" 200 711
180.162.245.190 - - [21/Nov/2020:11:19:46 +0800] "POST /xingrg/kc/base/wldb_list_operate.html HTTP/1.1" 200 2162
101.85.228.137 - - [21/Nov/2020:11:19:46 +0800] "GET /xingrg/kc/buy/cgsh_order_operate.html?command=get_materiel&rest_code=00102&code=00101008027&supplier_code=00100008&order_time=2020-11-21 HTTP/1.1" 200 408
180.162.245.190 - - [21/Nov/2020:11:19:46 +0800] "GET /xingrg/kc/base/wldb_order_add.html HTTP/1.1" 200 30587
117.185.32.26 - - [21/Nov/2020:11:19:46 +0800] "POST /xingrg/all/common/load_combo.html?type=base HTTP/1.1" 200 3142
58.35.246.33 - - [21/Nov/2020:11:19:47 +0800] "GET /xingrg/kc/base/wldb_order_operate.html?command=get_materiel&rest_code=00111&base_code=0010283&code=00101016029 HTTP/1.1" 200 460
180.162.245.190 - - [21/Nov/2020:11:19:47 +0800] "POST /xingrg/kc/base/wldb_order_operate.html HTTP/1.1" 200 6806
180.162.245.190 - - [21/Nov/2020:11:19:47 +0800] "GET /xingrg/all/common/auto_word.html?type=base&rest_code=00105 HTTP/1.1" 200 1811
180.162.245.190 - - [21/Nov/2020:11:19:47 +0800] "GET /xingrg/all/common/auto_word.html?type=base&rest_code=00105 HTTP/1.1" 200 1811
180.162.245.190 - - [21/Nov/2020:11:19:47 +0800] "GET /xingrg/javascript/easyui/themes/default/validatebox.css HTTP/1.1" 404 1104
114.84.145.85 - - [21/Nov/2020:11:19:47 +0800] "GET /xingrg/all/function/internal_message.html?_=1605928379509&CODE_STATE=getMsg HTTP/1.1" 200 27
101.85.95.39 - - [21/Nov/2020:11:19:47 +0800] "GET /xingrg/all/function/internal_message.html?_=1605928520533&CODE_STATE=getMsg HTTP/1.1" 200 27
114.84.145.85 - - [21/Nov/2020:11:19:49 +0800] "GET /xingrg/all/function/internal_message.html?_=1605928786152&CODE_STATE=getMsg HTTP/1.1" 200 27
180.162.245.190 - - [21/Nov/2020:11:19:49 +0800] "POST /xingrg/all/common/load_combo.html?type=base HTTP/1.1" 200 3236
101.85.228.137 - - [21/Nov/2020:11:19:50 +0800] "GET /xingrg/kc/buy/cgsh_order_operate.html?command=get_materiel&rest_code=00102&code=00101008080&supplier_code=00100008&order_time=2020-11-21 HTTP/1.1" 200 416
117.184.7.26 - - [21/Nov/2020:11:19:51 +0800] "GET /xingrg/kc/buy/cgsh_order_operate.html?command=get_materiel&rest_code=00108&code=00101008313&supplier_code=00100008&order_time=2020-11-21 HTTP/1.1" 200 412
58.35.246.33 - - [21/Nov/2020:11:19:51 +0800] "GET /xingrg/kc/base/wldb_order_operate.html?command=get_materiel&rest_code=00111&base_code=0010283&code=00101027001 HTTP/1.1" 200 471
180.162.245.190 - - [21/Nov/2020:11:19:52 +0800] "POST /xingrg/all/common/load_combo.html?type=base HTTP/1.1" 200 3236
180.174.56.115 - - [21/Nov/2020:11:19:53 +0800] "GET /xingrg/kc/buy/cgsh_order_operate.html?command=get_materiel&rest_code=00150&code=00101005040&supplier_code=00100334&order_time=2020-11-21 HTTP/1.1" 200 417
180.162.245.190 - - [21/Nov/2020:11:19:55 +0800] "GET /xingrg/all/function/internal_message.html?_=1605928793118&CODE_STATE=getMsg HTTP/1.1" 200 27
117.185.32.26 - - [21/Nov/2020:11:19:55 +0800] "GET /xingrg/all/function/internal_message.html?_=1605929233050&CODE_STATE=getMsg HTTP/1.1" 200 27
101.85.228.137 - - [21/Nov/2020:11:19:55 +0800] "GET /xingrg/kc/buy/cgsh_order_operate.html?command=get_materiel&rest_code=00102&code=00101008349&supplier_code=00100008&order_time=2020-11-21 HTTP/1.1" 200 414
101.85.228.137 - - [21/Nov/2020:11:19:55 +0800] "GET /xingrg/all/function/internal_message.html?_=1605929017039&CODE_STATE=getMsg HTTP/1.1" 200 27
117.184.7.26 - - [21/Nov/2020:11:19:56 +0800] "GET /xingrg/all/function/internal_message.html?_=1605928784782&CODE_STATE=getMsg HTTP/1.1" 200 27
58.35.246.33 - - [21/Nov/2020:11:19:56 +0800] "GET /xingrg/kc/base/wldb_order_operate.html?command=get_materiel&rest_code=00111&base_code=0010283&code=00101019313 HTTP/1.1" 200 443
180.162.245.190 - - [21/Nov/2020:11:19:56 +0800] "GET /xingrg/index.html?sysBaseUrl=http%3A%2F%2F180.169.147.146%3A18081%2Fxingrg%2F&costTime=36×tamp=1585223203754 HTTP/1.1" 200 17173
117.185.32.26 - - [21/Nov/2020:11:19:56 +0800] "GET /xingrg/kc/base/wldb_order_operate.html?command=get_materiel&rest_code=00106&base_code=0010397&code=00102002118 HTTP/1.1" 200 452
180.162.245.190 - - [21/Nov/2020:11:19:56 +0800] "POST /xingrg/all/common/load_tree.html?tree=area_rest_tree_json&manage=1 HTTP/1.1" 200 3350
180.162.245.190 - - [21/Nov/2020:11:19:57 +0800] "GET /xingrg/check_reg.html?_=1605928794870 HTTP/1.1" 200 22
180.162.245.190 - - [21/Nov/2020:11:19:57 +0800] "GET /xingrg/all/function/internal_message.html?_=1605928794869&CODE_STATE=count HTTP/1.1" 200 11
180.162.245.190 - - [21/Nov/2020:11:19:57 +0800] "GET /favicon.ico HTTP/1.1" 404 -
117.185.32.26 - - [21/Nov/2020:11:19:57 +0800] "GET /xingrg/kc/buy/cgsh_order_add.html HTTP/1.1" 200 60742
180.162.245.190 - - [21/Nov/2020:11:19:57 +0800] "POST /xingrg/load_menu.html HTTP/1.1" 200 5138
117.185.32.26 - - [21/Nov/2020:11:19:57 +0800] "POST /xingrg/kc/buy/cgsh_order_operate.html HTTP/1.1" 200 8245
117.185.32.26 - - [21/Nov/2020:11:19:57 +0800] "GET /xingrg/javascript/easyui/themes/default/validatebox.css HTTP/1.1" 404 1104
117.185.32.26 - - [21/Nov/2020:11:19:57 +0800] "POST /xingrg/all/common/load_select.html HTTP/1.1" 200 38
117.185.32.26 - - [21/Nov/2020:11:19:59 +0800] "GET /xingrg/kc/base/wldb_order_operate.html?command=get_materiel_price&rest_code=00106&base_code=0010397&code=00102002118&unit_code=00100339 HTTP/1.1" 200 36
117.185.32.26 - - [21/Nov/2020:11:19:59 +0800] "GET /xingrg/javascript/easyui/themes/default/tree.css HTTP/1.1" 404 1090
117.185.32.26 - - [21/Nov/2020:11:19:59 +0800] "POST /xingrg/all/common/load_tree.html?tree=supplier_tree_json&isDelete=1 HTTP/1.1" 200 51980
116.228.172.94 - - [21/Nov/2020:11:20:00 +0800] "GET /xingrg/all/function/internal_message.html?_=1605928788069&CODE_STATE=getMsg HTTP/1.1" 200 27
58.35.246.33 - - [21/Nov/2020:11:20:02 +0800] "GET /xingrg/kc/base/wldb_order_operate.html?command=get_materiel&rest_code=00111&base_code=0010283&code=00101019400 HTTP/1.1" 200 451
117.185.32.26 - - [21/Nov/2020:11:20:03 +0800] "POST /xingrg/kc/base/wldb_order_operate.html HTTP/1.1" 200 37
117.185.32.26 - - [21/Nov/2020:11:20:03 +0800] "POST /xingrg/kc/base/wldb_order_operate.html HTTP/1.1" 200 2686
117.185.32.26 - - [21/Nov/2020:11:20:04 +0800] "GET /xingrg/kc/base/wldb_order_info.html?code=422020112102289 HTTP/1.1" 200 30605
117.185.32.26 - - [21/Nov/2020:11:20:04 +0800] "GET /xingrg/javascript/easyui/themes/default/validatebox.css HTTP/1.1" 404 1104
117.184.7.26 - - [21/Nov/2020:11:20:04 +0800] "POST /xingrg/kc/buy/cgsh_order_operate.html HTTP/1.1" 200 37
117.185.32.26 - - [21/Nov/2020:11:20:05 +0800] "POST /xingrg/kc/base/wldb_order_operate.html HTTP/1.1" 200 2686
58.35.246.33 - - [21/Nov/2020:11:20:05 +0800] "GET /xingrg/kc/base/wldb_order_operate.html?command=get_materiel&rest_code=00111&base_code=0010283&code=00101019498 HTTP/1.1" 200 476
117.184.7.26 - - [21/Nov/2020:11:20:06 +0800] "POST /xingrg/kc/buy/cgsh_order_operate.html HTTP/1.1" 200 32746
58.35.246.33 - - [21/Nov/2020:11:20:08 +0800] "GET /xingrg/kc/base/wldb_order_operate.html?command=get_materiel&rest_code=00111&base_code=0010283&code=00101019476 HTTP/1.1" 200 478
117.185.32.26 - - [21/Nov/2020:11:20:08 +0800] "POST /xingrg/kc/base/wldb_list_operate.html HTTP/1.1" 200 3368
114.84.37.38 - - [21/Nov/2020:11:20:10 +0800] "GET /xingrg/all/function/internal_message.html?_=1605928819377&CODE_STATE=getMsg HTTP/1.1" 200 27
172.17.0.102 - - [21/Nov/2020:11:20:12 +0800] "GET /xingrg/check_reg.html?_=1605928810583 HTTP/1.1" 200 22
172.17.0.102 - - [21/Nov/2020:11:20:12 +0800] "GET /xingrg/all/function/internal_message.html?_=1605928810585&CODE_STATE=getMsg HTTP/1.1" 200 27
117.184.7.26 - - [21/Nov/2020:11:20:12 +0800] "GET /xingrg/kc/buy/cgsh_order_operate.html?command=get_materiel&rest_code=00108&code=00101008323&supplier_code=00100008&order_time=2020-11-21 HTTP/1.1" 200 408
58.35.246.33 - - [21/Nov/2020:11:20:12 +0800] "POST /xingrg/kc/base/wldb_order_operate.html HTTP/1.1" 200 37
