101.85.95.39 - - [21/Nov/2020:11:04:54 +0800] "POST /xingrg/kc/buy/cgsh_order_operate.html HTTP/1.1" 200 37
180.162.245.190 - - [21/Nov/2020:11:04:55 +0800] "GET /xingrg/all/function/internal_message.html?_=1605927893471&CODE_STATE=getMsg HTTP/1.1" 200 27
172.17.0.101 - - [21/Nov/2020:11:04:55 +0800] "GET /xingrg/all/function/internal_message.html?_=1605927936832&CODE_STATE=getMsg HTTP/1.1" 200 27
172.17.0.101 - - [21/Nov/2020:11:04:55 +0800] "GET /xingrg/check_reg.html?_=1605927936836 HTTP/1.1" 200 22
117.185.32.26 - - [21/Nov/2020:11:04:55 +0800] "GET /xingrg/all/function/internal_message.html?_=1605928333255&CODE_STATE=getMsg HTTP/1.1" 200 27
101.85.95.39 - - [21/Nov/2020:11:04:56 +0800] "POST /xingrg/kc/buy/cgsh_order_operate.html HTTP/1.1" 200 21542
180.157.253.48 - - [21/Nov/2020:11:04:57 +0800] "GET /xingrg/kc/buy/cgsh_order_operate.html?command=get_materiel&rest_code=00148&code=00101001016&supplier_code=00100312&order_time=2020-11-21 HTTP/1.1" 200 413
58.35.246.33 - - [21/Nov/2020:11:04:58 +0800] "GET /xingrg/kc/buy/cgsh_order_operate.html?command=get_materiel&rest_code=00111&code=00101010331&supplier_code=00100347&order_time=2020-11-21 HTTP/1.1" 200 409
101.89.19.197 - - [21/Nov/2020:11:04:58 +0800] "GET /xingrg/kc/buy/cgsh_order_operate.html?command=get_materiel&rest_code=00141&code=00101008355&supplier_code=00100007&order_time=2020-11-21 HTTP/1.1" 302 -
101.85.95.39 - - [21/Nov/2020:11:04:59 +0800] "POST /xingrg/kc/buy/cgsh_order_operate.html HTTP/1.1" 200 37
116.228.172.94 - - [21/Nov/2020:11:04:59 +0800] "GET /xingrg/all/function/internal_message.html?_=1605927887602&CODE_STATE=getMsg HTTP/1.1" 200 27
117.184.7.26 - - [21/Nov/2020:11:05:00 +0800] "GET /xingrg/all/function/internal_message.html?_=1605927888770&CODE_STATE=getMsg HTTP/1.1" 200 27
101.85.95.39 - - [21/Nov/2020:11:05:00 +0800] "POST /xingrg/kc/buy/cgsh_order_operate.html HTTP/1.1" 200 21542
101.89.19.197 - - [21/Nov/2020:11:05:01 +0800] "GET /xingrg/login.html HTTP/1.1" 200 7641
101.85.95.39 - - [21/Nov/2020:11:05:02 +0800] "GET /xingrg/javascript/jquery_easy_ui/themes/default/images/tabs_active.png HTTP/1.1" 200 2894
180.162.245.190 - - [21/Nov/2020:11:05:04 +0800] "GET /xingrg/kc/base/wldb_order_add.html HTTP/1.1" 200 30587
180.162.245.190 - - [21/Nov/2020:11:05:05 +0800] "GET /xingrg/javascript/easyui/themes/default/validatebox.css HTTP/1.1" 404 1104
180.162.245.190 - - [21/Nov/2020:11:05:05 +0800] "POST /xingrg/kc/base/wldb_order_operate.html HTTP/1.1" 200 6806
101.85.95.39 - - [21/Nov/2020:11:05:05 +0800] "POST /xingrg/kc/buy/cgsh_list_operate.html HTTP/1.1" 200 1690
180.162.245.190 - - [21/Nov/2020:11:05:06 +0800] "POST /xingrg/all/common/load_combo.html?type=base HTTP/1.1" 200 3236
101.85.95.39 - - [21/Nov/2020:11:05:07 +0800] "POST /xingrg/kc/buy/cgsh_list_operate.html HTTP/1.1" 200 1690
180.157.253.48 - - [21/Nov/2020:11:05:08 +0800] "GET /xingrg/kc/buy/cgsh_order_operate.html?command=get_materiel&rest_code=00148&code=00101005017&supplier_code=00100312&order_time=2020-11-21 HTTP/1.1" 200 409
114.84.37.38 - - [21/Nov/2020:11:05:10 +0800] "GET /xingrg/all/function/internal_message.html?_=1605927919127&CODE_STATE=getMsg HTTP/1.1" 200 27
172.17.0.102 - - [21/Nov/2020:11:05:11 +0800] "GET /xingrg/check_reg.html?_=1605927910524 HTTP/1.1" 200 22
172.17.0.102 - - [21/Nov/2020:11:05:11 +0800] "GET /xingrg/all/function/internal_message.html?_=1605927910526&CODE_STATE=getMsg HTTP/1.1" 200 27
58.35.246.33 - - [21/Nov/2020:11:05:12 +0800] "GET /xingrg/all/function/internal_message.html?_=1605928021694&CODE_STATE=getMsg HTTP/1.1" 200 27
180.162.245.190 - - [21/Nov/2020:11:05:15 +0800] "GET /xingrg/kc/base/wldb_order_operate.html?command=get_materiel&rest_code=00105&base_code=0010508&code=00102002439 HTTP/1.1" 200 458
114.84.37.38 - - [21/Nov/2020:11:05:15 +0800] "GET /xingrg/check_reg.html?_=1605927936152 HTTP/1.1" 200 22
58.40.7.146 - - [21/Nov/2020:11:05:16 +0800] "GET /xingrg/all/function/internal_message.html?_=1605927912622&CODE_STATE=getMsg HTTP/1.1" 200 27
58.35.246.33 - - [21/Nov/2020:11:05:17 +0800] "GET /xingrg/kc/buy/cgsh_order_operate.html?command=get_materiel&rest_code=00111&code=00101002013&supplier_code=00100347&order_time=2020-11-21 HTTP/1.1" 200 415
180.162.245.190 - - [21/Nov/2020:11:05:20 +0800] "GET /xingrg/kc/base/wldb_order_operate.html?command=get_materiel&rest_code=00105&base_code=0010508&code=00102002610 HTTP/1.1" 200 431
180.174.56.115 - - [21/Nov/2020:11:05:22 +0800] "GET /xingrg/kc/buy/cgsh_order_operate.html?command=get_materiel&rest_code=00151&code=00101008113&supplier_code=00100266&order_time=2020-11-21 HTTP/1.1" 200 413
117.185.32.26 - - [21/Nov/2020:11:05:24 +0800] "GET /xingrg/all/function/internal_message.html?_=1605927916791&CODE_STATE=getMsg HTTP/1.1" 200 27
180.174.56.115 - - [21/Nov/2020:11:05:26 +0800] "GET /xingrg/check_reg.html?_=1605927893047 HTTP/1.1" 200 22
120.253.135.82 - - [21/Nov/2020:11:05:26 +0800] "GET /xingrg/all/function/internal_message.html?_=1605927670040&CODE_STATE=getMsg HTTP/1.1" 200 27
117.185.32.26 - - [21/Nov/2020:11:05:29 +0800] "GET /xingrg/kc/report/report_main.html HTTP/1.1" 200 7345
101.85.228.137 - - [21/Nov/2020:11:05:31 +0800] "GET /xingrg/login.html HTTP/1.1" 200 7641
101.85.228.137 - - [21/Nov/2020:11:05:31 +0800] "GET /xingrg/images/blue/jxLogo.png HTTP/1.1" 304 -
101.85.228.137 - - [21/Nov/2020:11:05:31 +0800] "GET /xingrg/images/blue/login_bg.png HTTP/1.1" 304 -
101.85.228.137 - - [21/Nov/2020:11:05:31 +0800] "GET /xingrg/images/blue/hj.png HTTP/1.1" 304 -
101.85.228.137 - - [21/Nov/2020:11:05:31 +0800] "GET /xingrg/images/blue/srbg.png HTTP/1.1" 304 -
101.85.228.137 - - [21/Nov/2020:11:05:31 +0800] "GET /xingrg/kc/base/wldb_order_operate.html?command=get_materiel&rest_code=00102&base_code=0010476&code=00101019391 HTTP/1.1" 200 471
101.85.228.137 - - [21/Nov/2020:11:05:31 +0800] "GET /favicon.ico HTTP/1.1" 404 -
101.85.228.137 - - [21/Nov/2020:11:05:32 +0800] "POST /xingrg/login.do HTTP/1.1" 302 -
101.85.228.137 - - [21/Nov/2020:11:05:32 +0800] "GET /xingrg/javascript/jquery_easy_ui/themes/default/easyui.css HTTP/1.1" 304 -
101.85.228.137 - - [21/Nov/2020:11:05:32 +0800] "GET /xingrg/javascript/jquery_easy_ui/themes/icon.css HTTP/1.1" 304 -
101.85.228.137 - - [21/Nov/2020:11:05:32 +0800] "GET /xingrg/index.html?sysBaseUrl=http%3A%2F%2F180.169.147.146%3A18081%2Fxingrg%2F&costTime=39×tamp=1605927932397 HTTP/1.1" 200 17173
101.85.228.137 - - [21/Nov/2020:11:05:32 +0800] "GET /xingrg/css/form.css HTTP/1.1" 304 -
101.85.228.137 - - [21/Nov/2020:11:05:32 +0800] "GET /xingrg/javascript/jquery-1.4.2.min.js HTTP/1.1" 304 -
101.85.228.137 - - [21/Nov/2020:11:05:32 +0800] "GET /xingrg/javascript/jquery_easy_ui/jquery.easyui.min.js HTTP/1.1" 304 -
101.85.228.137 - - [21/Nov/2020:11:05:32 +0800] "GET /xingrg/javascript/jquery.utils.js HTTP/1.1" 304 -
101.85.228.137 - - [21/Nov/2020:11:05:32 +0800] "GET /xingrg/javascript/jquery.timers.js HTTP/1.1" 304 -
101.85.228.137 - - [21/Nov/2020:11:05:32 +0800] "GET /xingrg/javascript/jquery_easy_ui/easyui-lang-zh_CN.js HTTP/1.1" 304 -
101.85.228.137 - - [21/Nov/2020:11:05:32 +0800] "GET /xingrg/javascript/jquery.form.js HTTP/1.1" 304 -
101.85.228.137 - - [21/Nov/2020:11:05:32 +0800] "GET /xingrg/images/blue/navBackgound.jpg HTTP/1.1" 304 -
101.85.228.137 - - [21/Nov/2020:11:05:32 +0800] "GET /xingrg/javascript/jquery_easy_ui/themes/icons/settle_new.png HTTP/1.1" 304 -
101.85.228.137 - - [21/Nov/2020:11:05:32 +0800] "GET /favicon.ico HTTP/1.1" 404 -
101.85.228.137 - - [21/Nov/2020:11:05:32 +0800] "POST /xingrg/all/common/load_tree.html?tree=area_rest_tree_json&manage=1 HTTP/1.1" 200 342
101.85.228.137 - - [21/Nov/2020:11:05:32 +0800] "GET /xingrg/images/blue/pingpu.png HTTP/1.1" 304 -
101.85.228.137 - - [21/Nov/2020:11:05:32 +0800] "GET /xingrg/javascript/jquery_easy_ui/themes/default/images/tabs_leftarrow.png HTTP/1.1" 304 -
101.85.228.137 - - [21/Nov/2020:11:05:32 +0800] "GET /xingrg/javascript/jquery_easy_ui/themes/default/images/tabs_rightarrow.png HTTP/1.1" 304 -
101.85.228.137 - - [21/Nov/2020:11:05:32 +0800] "GET /xingrg/javascript/jquery_easy_ui/themes/default/images/panel_tool_collapse.gif HTTP/1.1" 304 -
101.85.228.137 - - [21/Nov/2020:11:05:32 +0800] "GET /xingrg/all/function/internal_message.html?_=1605927930015&CODE_STATE=count HTTP/1.1" 200 11
101.85.228.137 - - [21/Nov/2020:11:05:32 +0800] "GET /xingrg/check_reg.html?_=1605927930017 HTTP/1.1" 200 22
101.85.228.137 - - [21/Nov/2020:11:05:32 +0800] "POST /xingrg/load_menu.html HTTP/1.1" 200 5138
101.85.228.137 - - [21/Nov/2020:11:05:32 +0800] "GET /xingrg/javascript/jquery_easy_ui/themes/default/images/tree_arrows.gif HTTP/1.1" 304 -
101.85.228.137 - - [21/Nov/2020:11:05:33 +0800] "GET /xingrg/javascript/jquery_easy_ui/themes/default/images/tree_folder_open.gif HTTP/1.1" 304 -
101.85.228.137 - - [21/Nov/2020:11:05:33 +0800] "GET /xingrg/javascript/jquery_easy_ui/themes/icons/search_new.png HTTP/1.1" 304 -
101.85.228.137 - - [21/Nov/2020:11:05:33 +0800] "GET /xingrg/javascript/jquery_easy_ui/themes/default/images/tree_folder.gif HTTP/1.1" 304 -
101.85.228.137 - - [21/Nov/2020:11:05:33 +0800] "GET /xingrg/javascript/jquery_easy_ui/themes/icons/storage_new.png HTTP/1.1" 304 -
101.85.228.137 - - [21/Nov/2020:11:05:33 +0800] "GET /xingrg/javascript/jquery_easy_ui/themes/icons/forms_new.png HTTP/1.1" 304 -
101.85.228.137 - - [21/Nov/2020:11:05:33 +0800] "GET /xingrg/javascript/jquery_easy_ui/themes/default/images/tree_file.gif HTTP/1.1" 304 -
117.185.32.26 - - [21/Nov/2020:11:05:33 +0800] "GET /xingrg/all/report/report_query.html?fileName=kc/buy/gys_amount.xml&rh=99999 HTTP/1.1" 200 52006
117.185.32.26 - - [21/Nov/2020:11:05:33 +0800] "GET /xingrg/dwr/interface/AjaxReportQueryService.js HTTP/1.1" 200 13203
117.185.32.26 - - [21/Nov/2020:11:05:33 +0800] "GET /xingrg/dwr/engine.js HTTP/1.1" 200 43631
117.185.32.26 - - [21/Nov/2020:11:05:33 +0800] "POST /xingrg/dwr/call/plaincall/AjaxReportQueryService.getFixDate.dwr HTTP/1.1" 200 111
117.185.32.26 - - [21/Nov/2020:11:05:34 +0800] "POST /xingrg/all/common/load_tree.html?tree=supplier_tree_json&manage=1 HTTP/1.1" 200 52712
101.85.228.137 - - [21/Nov/2020:11:05:34 +0800] "GET /xingrg/javascript/jquery_easy_ui/themes/default/images/tabs_close.gif HTTP/1.1" 304 -
101.85.228.137 - - [21/Nov/2020:11:05:34 +0800] "GET /xingrg/kc/base/wldb_order_list.html HTTP/1.1" 200 19418
101.85.228.137 - - [21/Nov/2020:11:05:34 +0800] "GET /xingrg/css/base.css HTTP/1.1" 304 -
101.85.228.137 - - [21/Nov/2020:11:05:34 +0800] "GET /xingrg/css/site.css HTTP/1.1" 304 -
101.85.228.137 - - [21/Nov/2020:11:05:34 +0800] "GET /xingrg/javascript/jquery_tools/datebox.css HTTP/1.1" 304 -
101.85.228.137 - - [21/Nov/2020:11:05:34 +0800] "GET /xingrg/javascript/easyui/themes/default/easyui.css HTTP/1.1" 304 -
101.85.228.137 - - [21/Nov/2020:11:05:34 +0800] "GET /xingrg/javascript/easyui/themes/icon.css HTTP/1.1" 304 -
101.85.228.137 - - [21/Nov/2020:11:05:34 +0800] "GET /xingrg/javascript/auto/jquery.autocomplete.css HTTP/1.1" 304 -
101.85.228.137 - - [21/Nov/2020:11:05:34 +0800] "GET /xingrg/javascript/jquery_tools/jquery.tools.min.js HTTP/1.1" 304 -
101.85.228.137 - - [21/Nov/2020:11:05:34 +0800] "GET /xingrg/javascript/jquery_tools/table.css HTTP/1.1" 304 -
101.85.228.137 - - [21/Nov/2020:11:05:34 +0800] "GET /xingrg/javascript/jquery_tools/jquery.tools.extend.js HTTP/1.1" 304 -
101.85.228.137 - - [21/Nov/2020:11:05:34 +0800] "GET /xingrg/javascript/jquery_tools/fix.css HTTP/1.1" 304 -
101.85.228.137 - - [21/Nov/2020:11:05:34 +0800] "GET /xingrg/javascript/jquery_tools/jquery.tools.table.js HTTP/1.1" 304 -
101.85.228.137 - - [21/Nov/2020:11:05:34 +0800] "GET /xingrg/javascript/jquery_tools/jquery.tools.hotkey.js HTTP/1.1" 304 -
101.85.228.137 - - [21/Nov/2020:11:05:34 +0800] "GET /xingrg/javascript/auto/jquery.autocomplete.js HTTP/1.1" 304 -
101.85.228.137 - - [21/Nov/2020:11:05:34 +0800] "GET /xingrg/javascript/jquery_tools/list_manager.js HTTP/1.1" 304 -
101.85.228.137 - - [21/Nov/2020:11:05:34 +0800] "GET /xingrg/javascript/easyui/easyloader.js HTTP/1.1" 304 -
101.85.228.137 - - [21/Nov/2020:11:05:34 +0800] "GET /xingrg/javascript/jquery.cookie.js HTTP/1.1" 304 -
101.85.228.137 - - [21/Nov/2020:11:05:34 +0800] "GET /xingrg/javascript/print/LodopFuncs.js HTTP/1.1" 304 -
101.85.228.137 - - [21/Nov/2020:11:05:34 +0800] "GET /xingrg/javascript/easyui/themes/icons/edit_add_new.png HTTP/1.1" 304 -
101.85.228.137 - - [21/Nov/2020:11:05:34 +0800] "GET /xingrg/javascript/easyui/themes/icons/cance_new.png HTTP/1.1" 304 -
101.85.228.137 - - [21/Nov/2020:11:05:34 +0800] "GET /xingrg/javascript/easyui/themes/icons/check_new.png HTTP/1.1" 304 -
101.85.228.137 - - [21/Nov/2020:11:05:34 +0800] "GET /xingrg/javascript/easyui/themes/icons/field_new.png HTTP/1.1" 304 -
101.85.228.137 - - [21/Nov/2020:11:05:34 +0800] "GET /xingrg/javascript/easyui/themes/icons/import_new.png HTTP/1.1" 304 -
101.85.228.137 - - [21/Nov/2020:11:05:34 +0800] "GET /xingrg/javascript/easyui/plugins/jquery.parser.js HTTP/1.1" 304 -
101.85.228.137 - - [21/Nov/2020:11:05:34 +0800] "GET /xingrg/images/control/ajaxLoader.gif HTTP/1.1" 304 -
101.85.228.137 - - [21/Nov/2020:11:05:34 +0800] "GET /xingrg/javascript/jquery_easy_ui/themes/icons/area.png HTTP/1.1" 304 -
101.85.228.137 - - [21/Nov/2020:11:05:34 +0800] "GET /xingrg/javascript/jquery_easy_ui/themes/icons/rest.png HTTP/1.1" 304 -
101.85.228.137 - - [21/Nov/2020:11:05:34 +0800] "POST /xingrg/kc/base/wldb_list_operate.html HTTP/1.1" 200 928
117.185.32.26 - - [21/Nov/2020:11:05:35 +0800] "POST /xingrg/all/common/load_tree.html?tree=materiel_sort_tree_json HTTP/1.1" 200 8666
58.35.246.33 - - [21/Nov/2020:11:05:35 +0800] "GET /xingrg/kc/buy/cgsh_order_operate.html?command=get_materiel&rest_code=00111&code=00102002195&supplier_code=00100347&order_time=2020-11-21 HTTP/1.1" 200 413
117.185.32.26 - - [21/Nov/2020:11:05:35 +0800] "POST /xingrg/dwr/call/plaincall/AjaxReportQueryService.getInitString.dwr HTTP/1.1" 200 975
117.185.32.26 - - [21/Nov/2020:11:05:35 +0800] "GET /xingrg/javascript/multi_select/dropdown.gif HTTP/1.1" 200 61
101.85.228.137 - - [21/Nov/2020:11:05:35 +0800] "GET /xingrg/javascript/easyui/themes/default/images/button_plain_hover.png HTTP/1.1" 304 -
101.85.228.137 - - [21/Nov/2020:11:05:35 +0800] "GET /xingrg/kc/base/wldb_order_add.html HTTP/1.1" 200 30587
101.85.228.137 - - [21/Nov/2020:11:05:35 +0800] "GET /xingrg/javascript/pic_change.js HTTP/1.1" 304 -
101.85.228.137 - - [21/Nov/2020:11:05:35 +0800] "GET /xingrg/javascript/jquery_tools/order_manager.js HTTP/1.1" 304 -
101.85.228.137 - - [21/Nov/2020:11:05:35 +0800] "GET /xingrg/javascript/convert.js HTTP/1.1" 304 -
101.85.228.137 - - [21/Nov/2020:11:05:35 +0800] "GET /xingrg/javascript/json2.js HTTP/1.1" 304 -
101.85.228.137 - - [21/Nov/2020:11:05:35 +0800] "GET /xingrg/javascript/print/kc_print.js HTTP/1.1" 304 -
101.85.228.137 - - [21/Nov/2020:11:05:35 +0800] "GET /xingrg/words/20201120115644_words.js HTTP/1.1" 304 -
101.85.228.137 - - [21/Nov/2020:11:05:36 +0800] "GET /xingrg/javascript/easyui/themes/icons/template_new.png HTTP/1.1" 304 -
101.85.228.137 - - [21/Nov/2020:11:05:36 +0800] "GET /xingrg/javascript/easyui/themes/icons/ok.png HTTP/1.1" 304 -
101.85.228.137 - - [21/Nov/2020:11:05:36 +0800] "GET /xingrg/javascript/easyui/themes/icons/print.png HTTP/1.1" 304 -
101.85.228.137 - - [21/Nov/2020:11:05:36 +0800] "GET /xingrg/javascript/easyui/themes/default/images/menu_downarrow.png HTTP/1.1" 304 -
101.85.228.137 - - [21/Nov/2020:11:05:36 +0800] "GET /xingrg/javascript/easyui/themes/icons/cancel.png HTTP/1.1" 304 -
101.85.228.137 - - [21/Nov/2020:11:05:36 +0800] "POST /xingrg/kc/base/wldb_order_operate.html HTTP/1.1" 200 6806
101.85.228.137 - - [21/Nov/2020:11:05:36 +0800] "GET /xingrg/javascript/easyui/themes/icons/edit_remove.png HTTP/1.1" 304 -
101.85.228.137 - - [21/Nov/2020:11:05:36 +0800] "GET /xingrg/all/common/auto_word.html?type=base&rest_code=00102 HTTP/1.1" 200 1711
101.85.228.137 - - [21/Nov/2020:11:05:36 +0800] "GET /xingrg/all/common/auto_word.html?type=base&rest_code=00102 HTTP/1.1" 200 1711
101.85.228.137 - - [21/Nov/2020:11:05:36 +0800] "GET /xingrg/javascript/easyui/themes/default/validatebox.css HTTP/1.1" 404 1104
101.85.228.137 - - [21/Nov/2020:11:05:36 +0800] "GET /xingrg/javascript/easyui/plugins/jquery.validatebox.js HTTP/1.1" 304 -
101.85.228.137 - - [21/Nov/2020:11:05:36 +0800] "GET /xingrg/javascript/easyui/plugins/jquery.numberbox.js HTTP/1.1" 304 -
180.174.56.115 - - [21/Nov/2020:11:05:37 +0800] "POST /xingrg/kc/buy/cgsh_order_operate.html HTTP/1.1" 200 37
117.185.32.26 - - [21/Nov/2020:11:05:37 +0800] "POST /xingrg/dwr/call/plaincall/AjaxReportQueryService.getFixDate.dwr HTTP/1.1" 200 111
101.85.228.137 - - [21/Nov/2020:11:05:37 +0800] "GET /xingrg/javascript/auto/indicator.gif HTTP/1.1" 404 1066
101.85.228.137 - - [21/Nov/2020:11:05:39 +0800] "GET /xingrg/kc/base/wldb_order_operate.html?command=get_materiel&rest_code=00102&base_code=0010476&code=00101019185 HTTP/1.1" 200 455
180.174.56.115 - - [21/Nov/2020:11:05:39 +0800] "POST /xingrg/kc/buy/cgsh_order_operate.html HTTP/1.1" 200 12
101.85.228.137 - - [21/Nov/2020:11:05:39 +0800] "GET /xingrg/kc/base/wldb_order_operate.html?command=get_materiel&rest_code=00102&base_code=&code=00102002011 HTTP/1.1" 200 440
180.174.56.115 - - [21/Nov/2020:11:05:40 +0800] "GET /xingrg/kc/buy/cgsh_order_info.html?code=212020112108231 HTTP/1.1" 200 55309
180.174.56.115 - - [21/Nov/2020:11:05:40 +0800] "GET /xingrg/javascript/easyui/themes/default/validatebox.css HTTP/1.1" 404 1104
180.174.56.115 - - [21/Nov/2020:11:05:41 +0800] "POST /xingrg/kc/buy/cgsh_order_operate.html HTTP/1.1" 200 3637
180.174.56.115 - - [21/Nov/2020:11:05:41 +0800] "GET /xingrg/all/function/internal_message.html?_=1605927908185&CODE_STATE=getMsg HTTP/1.1" 200 27
58.35.246.33 - - [21/Nov/2020:11:05:41 +0800] "GET /xingrg/kc/buy/cgsh_order_operate.html?command=get_materiel&rest_code=00111&code=00101005022&supplier_code=00100347&order_time=2020-11-21 HTTP/1.1" 200 417
180.174.56.115 - - [21/Nov/2020:11:05:44 +0800] "GET /xingrg/kc/print/load_data.html?order_code=212020112108231&kc_code=cgsh&condition= HTTP/1.1" 200 1919
180.174.56.115 - - [21/Nov/2020:11:05:44 +0800] "GET /xingrg/all/function/internal_message.html?_=1605927941204&CODE_STATE=getMsg HTTP/1.1" 200 27
117.185.32.26 - - [21/Nov/2020:11:05:44 +0800] "POST /xingrg/dwr/call/plaincall/AjaxReportQueryService.refreshCache.dwr HTTP/1.1" 200 78
117.185.32.26 - - [21/Nov/2020:11:05:45 +0800] "POST /xingrg/all/report/load_report_page.html HTTP/1.1" 200 8924
117.185.32.26 - - [21/Nov/2020:11:05:45 +0800] "GET /xingrg/servlets/image?cache=0.9345016741343439&image=px HTTP/1.1" 200 807
101.85.228.137 - - [21/Nov/2020:11:05:47 +0800] "GET /xingrg/kc/base/wldb_order_operate.html?command=get_materiel&rest_code=00102&base_code=0010476&code=00101019127 HTTP/1.1" 200 466
114.84.145.85 - - [21/Nov/2020:11:05:47 +0800] "GET /xingrg/all/function/internal_message.html?_=1605927539491&CODE_STATE=getMsg HTTP/1.1" 200 27
101.85.95.39 - - [21/Nov/2020:11:05:48 +0800] "GET /xingrg/all/function/internal_message.html?_=1605927680852&CODE_STATE=getMsg HTTP/1.1" 200 27
117.185.32.26 - - [21/Nov/2020:11:05:48 +0800] "GET /xingrg/all/report/report_query.html?isQuery=1&fileName=kc/buy/wlcg_cate_hz.xml&queryString=(CONVERT(char(10)%252Ca.order_time%252C%2520120)%253E%253D'2020-10-01')%2520and%2520(CONVERT(char(10)%252Ca.order_time%252C%2520120)%253C%253D'2020-10-31')%2520and%2520(a.supplier_code%2520in%2520('00100007'))%2520and%2520(a.supplier_code%253D'00100007')&queryText=%25E3%2580%2590%25E9%2587%2587%25E8%25B4%25AD%25E6%2597%25A5%25E6%259C%259F%253A2020-10-01%2520%25E8%2587%25B3%25202020-10-31%25E3%2580%2591%2520%25E5%25B9%25B6%25E4%25B8%2594%2520%2520%25E3%2580%2590%25E4%25BE%259B%25E5%25BA%2594%25E5%2595%2586%2520%253D%2520%25E8%2594%25AC%25E8%258F%259C%25EF%25BC%2588%25E6%25AD%25A6%25E9%2587%2591%25E7%25BA%25A2%25EF%25BC%2589%25E3%2580%2591%2520%25E5%25B9%25B6%25E4%25B8%2594%2520%25E3%2580%2590%25E4%25BE%259B%25E5%25BA%2594%25E5%2595%2586%253D%25E8%2594%25AC%25E8%258F%259C%25EF%25BC%2588%25E6%25AD%25A6%25E9%2587%2591%25E7%25BA%25A2%25EF%25BC%2589%25E3%2580%2591 HTTP/1.1" 200 54465
117.185.32.26 - - [21/Nov/2020:11:05:48 +0800] "GET /xingrg/dwr/interface/AjaxReportQueryService.js HTTP/1.1" 200 13203
117.185.32.26 - - [21/Nov/2020:11:05:48 +0800] "GET /xingrg/dwr/engine.js HTTP/1.1" 200 43631
101.91.60.11 - - [21/Nov/2020:11:05:48 +0800] "GET /xingrg/all/function/internal_message.html?_=1605927226556&CODE_STATE=getMsg HTTP/1.1" 302 -
58.35.246.33 - - [21/Nov/2020:11:05:49 +0800] "GET /xingrg/kc/buy/cgsh_order_operate.html?command=get_materiel&rest_code=00111&code=00101001023&supplier_code=00100347&order_time=2020-11-21 HTTP/1.1" 200 413
114.84.145.85 - - [21/Nov/2020:11:05:49 +0800] "GET /xingrg/all/function/internal_message.html?_=1605927946439&CODE_STATE=getMsg HTTP/1.1" 200 27
117.185.32.26 - - [21/Nov/2020:11:05:49 +0800] "POST /xingrg/all/report/load_report_page.html HTTP/1.1" 200 8718
117.185.32.26 - - [21/Nov/2020:11:05:49 +0800] "GET /xingrg/servlets/image?cache=0.3474235551630772&image=px HTTP/1.1" 200 807
180.174.56.115 - - [21/Nov/2020:11:05:51 +0800] "GET /xingrg/kc/buy/cgsh_order_add.html HTTP/1.1" 200 60396
180.162.245.190 - - [21/Nov/2020:11:05:52 +0800] "POST /xingrg/kc/base/wldb_order_operate.html HTTP/1.1" 200 37
180.174.56.115 - - [21/Nov/2020:11:05:52 +0800] "POST /xingrg/kc/buy/cgsh_order_operate.html HTTP/1.1" 200 8245
180.174.56.115 - - [21/Nov/2020:11:05:52 +0800] "GET /xingrg/javascript/easyui/themes/default/validatebox.css HTTP/1.1" 404 1104
180.162.245.190 - - [21/Nov/2020:11:05:52 +0800] "POST /xingrg/kc/base/wldb_order_operate.html HTTP/1.1" 200 2213
180.162.245.190 - - [21/Nov/2020:11:05:52 +0800] "GET /xingrg/kc/base/wldb_order_info.html?code=422020112102279 HTTP/1.1" 200 30601
101.85.228.137 - - [21/Nov/2020:11:05:53 +0800] "GET /xingrg/kc/base/wldb_order_operate.html?command=get_materiel&rest_code=00102&base_code=0010476&code=00101019183 HTTP/1.1" 200 433
180.162.245.190 - - [21/Nov/2020:11:05:53 +0800] "GET /xingrg/javascript/easyui/themes/default/validatebox.css HTTP/1.1" 404 1104
180.162.245.190 - - [21/Nov/2020:11:05:53 +0800] "POST /xingrg/kc/base/wldb_order_operate.html HTTP/1.1" 200 2213
117.185.32.26 - - [21/Nov/2020:11:05:53 +0800] "POST /xingrg/all/report/load_report_page.html HTTP/1.1" 200 96773
117.185.32.26 - - [21/Nov/2020:11:05:53 +0800] "GET /xingrg/servlets/image?cache=0.4891565230774243&image=px HTTP/1.1" 200 807
101.85.228.137 - - [21/Nov/2020:11:05:54 +0800] "GET /xingrg/all/function/internal_message.html?_=1605928175287&CODE_STATE=getMsg HTTP/1.1" 200 27
180.162.245.190 - - [21/Nov/2020:11:05:55 +0800] "GET /xingrg/all/function/internal_message.html?_=1605927953440&CODE_STATE=getMsg HTTP/1.1" 200 27
172.17.0.101 - - [21/Nov/2020:11:05:55 +0800] "GET /xingrg/all/function/internal_message.html?_=1605927996836&CODE_STATE=getMsg HTTP/1.1" 200 27
117.185.32.26 - - [21/Nov/2020:11:05:55 +0800] "GET /xingrg/all/function/internal_message.html?_=1605928393237&CODE_STATE=getMsg HTTP/1.1" 200 27
101.85.52.2 - - [21/Nov/2020:11:05:56 +0800] "GET /xingrg/login.html HTTP/1.1" 200 7641
101.85.52.2 - - [21/Nov/2020:11:05:57 +0800] "GET /favicon.ico HTTP/1.1" 404 -
101.85.52.2 - - [21/Nov/2020:11:05:58 +0800] "POST /xingrg/login.do HTTP/1.1" 302 -
101.85.52.2 - - [21/Nov/2020:11:05:58 +0800] "GET /xingrg/index.html?sysBaseUrl=http%3A%2F%2F180.169.147.146%3A18081%2Fxingrg%2F&costTime=44×tamp=1605927958325 HTTP/1.1" 200 17419
101.85.52.2 - - [21/Nov/2020:11:05:58 +0800] "GET /favicon.ico HTTP/1.1" 404 -
101.85.52.2 - - [21/Nov/2020:11:05:58 +0800] "POST /xingrg/all/common/load_tree.html?tree=area_rest_tree_json&manage=1 HTTP/1.1" 200 351
101.91.60.11 - - [21/Nov/2020:11:05:58 +0800] "GET /xingrg/login.html HTTP/1.1" 200 7641
101.85.52.2 - - [21/Nov/2020:11:05:58 +0800] "GET /xingrg/check_reg.html?_=1605927952213 HTTP/1.1" 200 22
101.85.52.2 - - [21/Nov/2020:11:05:58 +0800] "GET /xingrg/all/function/internal_message.html?_=1605927952211&CODE_STATE=count HTTP/1.1" 200 11
101.85.52.2 - - [21/Nov/2020:11:05:58 +0800] "POST /xingrg/load_menu.html HTTP/1.1" 200 9959
101.85.228.137 - - [21/Nov/2020:11:05:59 +0800] "GET /xingrg/kc/base/wldb_order_operate.html?command=get_materiel&rest_code=00102&base_code=0010476&code=00101019249 HTTP/1.1" 200 470
116.228.172.94 - - [21/Nov/2020:11:05:59 +0800] "GET /xingrg/all/function/internal_message.html?_=1605927947614&CODE_STATE=getMsg HTTP/1.1" 200 27
117.184.7.26 - - [21/Nov/2020:11:06:00 +0800] "GET /xingrg/check_reg.html?_=1605927948766 HTTP/1.1" 200 22
117.184.7.30 - - [21/Nov/2020:11:06:00 +0800] "GET /xingrg/all/function/internal_message.html?_=1605927948763&CODE_STATE=getMsg HTTP/1.1" 200 27
58.35.246.33 - - [21/Nov/2020:11:06:00 +0800] "POST /xingrg/kc/buy/cgsh_order_operate.html HTTP/1.1" 200 37
58.35.246.33 - - [21/Nov/2020:11:06:01 +0800] "POST /xingrg/kc/buy/cgsh_order_operate.html HTTP/1.1" 200 6840
58.35.246.33 - - [21/Nov/2020:11:06:02 +0800] "GET /xingrg/kc/print/load_data.html?order_code=212020112108232&kc_code=cgsh&condition= HTTP/1.1" 200 2271
101.85.228.137 - - [21/Nov/2020:11:06:06 +0800] "GET /xingrg/kc/base/wldb_order_operate.html?command=get_materiel&rest_code=00102&base_code=0010476&code=00101019130 HTTP/1.1" 200 471
101.85.52.2 - - [21/Nov/2020:11:06:06 +0800] "GET /xingrg/javascript/jquery_easy_ui/themes/default/images/tabs_active.png HTTP/1.1" 200 2894
180.157.253.48 - - [21/Nov/2020:11:06:07 +0800] "POST /xingrg/kc/buy/cgsh_order_operate.html HTTP/1.1" 200 37
114.84.37.38 - - [21/Nov/2020:11:06:08 +0800] "GET /xingrg/check_reg.html?_=1605927976861 HTTP/1.1" 200 22
180.157.253.48 - - [21/Nov/2020:11:06:10 +0800] "POST /xingrg/kc/buy/cgsh_order_operate.html HTTP/1.1" 200 9211
114.84.37.38 - - [21/Nov/2020:11:06:10 +0800] "GET /xingrg/all/function/internal_message.html?_=1605927979140&CODE_STATE=getMsg HTTP/1.1" 200 27
172.17.0.102 - - [21/Nov/2020:11:06:11 +0800] "GET /xingrg/all/function/internal_message.html?_=1605927970526&CODE_STATE=getMsg HTTP/1.1" 200 27
180.157.253.48 - - [21/Nov/2020:11:06:12 +0800] "GET /xingrg/kc/buy/cgsh_order_add.html HTTP/1.1" 200 60748
58.35.246.33 - - [21/Nov/2020:11:06:12 +0800] "GET /xingrg/check_reg.html?_=1605928081670 HTTP/1.1" 200 22
58.35.246.33 - - [21/Nov/2020:11:06:12 +0800] "GET /xingrg/all/function/internal_message.html?_=1605928081671&CODE_STATE=getMsg HTTP/1.1" 200 27
180.157.253.48 - - [21/Nov/2020:11:06:12 +0800] "GET /xingrg/words/20201120115644_words.js HTTP/1.1" 304 -
180.157.253.48 - - [21/Nov/2020:11:06:12 +0800] "POST /xingrg/kc/buy/cgsh_order_operate.html HTTP/1.1" 200 8245
180.157.253.48 - - [21/Nov/2020:11:06:13 +0800] "GET /xingrg/javascript/easyui/themes/default/validatebox.css HTTP/1.1" 404 1104
101.85.228.137 - - [21/Nov/2020:11:06:14 +0800] "GET /xingrg/javascript/jquery_easy_ui/themes/default/images/tabs_active.png HTTP/1.1" 304 -
58.40.7.146 - - [21/Nov/2020:11:06:16 +0800] "GET /xingrg/all/function/internal_message.html?_=1605927972611&CODE_STATE=getMsg HTTP/1.1" 200 27
58.40.7.146 - - [21/Nov/2020:11:06:16 +0800] "GET /xingrg/check_reg.html?_=1605927972613 HTTP/1.1" 200 22
101.85.228.137 - - [21/Nov/2020:11:06:16 +0800] "GET /xingrg/kc/buy/cgsh_order_list.html HTTP/1.1" 200 45004
101.85.228.137 - - [21/Nov/2020:11:06:17 +0800] "POST /xingrg/kc/buy/cgsh_list_operate.html HTTP/1.1" 200 876
101.85.228.137 - - [21/Nov/2020:11:06:18 +0800] "GET /xingrg/kc/buy/cgsh_order_add.html HTTP/1.1" 200 60707
101.85.228.137 - - [21/Nov/2020:11:06:18 +0800] "GET /xingrg/javascript/easyui/themes/icons/copy_new.png HTTP/1.1" 304 -
101.85.228.137 - - [21/Nov/2020:11:06:18 +0800] "POST /xingrg/kc/buy/cgsh_order_operate.html HTTP/1.1" 200 8245
101.85.228.137 - - [21/Nov/2020:11:06:18 +0800] "GET /xingrg/all/common/auto_word.html?type=employee&rest_code=00102 HTTP/1.1" 200 189
101.85.228.137 - - [21/Nov/2020:11:06:18 +0800] "GET /xingrg/all/common/auto_word.html?type=employee&rest_code=00102 HTTP/1.1" 200 189
101.85.228.137 - - [21/Nov/2020:11:06:19 +0800] "GET /xingrg/javascript/easyui/themes/default/validatebox.css HTTP/1.1" 404 1104
101.85.228.137 - - [21/Nov/2020:11:06:21 +0800] "GET /xingrg/javascript/jquery_tools/images/prev.gif HTTP/1.1" 404 1086
101.85.228.137 - - [21/Nov/2020:11:06:21 +0800] "GET /xingrg/javascript/jquery_tools/images/next.gif HTTP/1.1" 404 1086
117.185.32.26 - - [21/Nov/2020:11:06:24 +0800] "GET /xingrg/all/function/internal_message.html?_=1605927976770&CODE_STATE=getMsg HTTP/1.1" 200 27
117.185.32.26 - - [21/Nov/2020:11:06:24 +0800] "GET /xingrg/check_reg.html?_=1605927976948 HTTP/1.1" 200 22
117.185.32.26 - - [21/Nov/2020:11:06:25 +0800] "POST /xingrg/kc/buy/cgsh_order_operate.html HTTP/1.1" 200 37
120.253.135.82 - - [21/Nov/2020:11:06:26 +0800] "GET /xingrg/all/function/internal_message.html?_=1605927730069&CODE_STATE=getMsg HTTP/1.1" 200 27
120.253.135.82 - - [21/Nov/2020:11:06:26 +0800] "GET /xingrg/check_reg.html?_=1605928031729 HTTP/1.1" 200 22
101.89.29.78 - - [21/Nov/2020:11:06:28 +0800] "GET /xingrg/kc/buy/cgsh_order_operate.html?command=get_materiel&rest_code=00141&code=00101008271&supplier_code=00100007&order_time=2020-11-21 HTTP/1.1" 302 -
117.185.32.26 - - [21/Nov/2020:11:06:28 +0800] "POST /xingrg/kc/buy/cgsh_order_operate.html HTTP/1.1" 200 12
117.185.32.26 - - [21/Nov/2020:11:06:29 +0800] "GET /xingrg/kc/buy/cgsh_order_info.html?code=212020112108234 HTTP/1.1" 200 55645
117.185.32.26 - - [21/Nov/2020:11:06:29 +0800] "GET /xingrg/javascript/easyui/themes/default/validatebox.css HTTP/1.1" 404 1104
117.185.32.26 - - [21/Nov/2020:11:06:29 +0800] "POST /xingrg/kc/buy/cgsh_order_operate.html HTTP/1.1" 200 608
101.89.29.78 - - [21/Nov/2020:11:06:30 +0800] "GET /xingrg/login.html HTTP/1.1" 200 7641
101.85.228.137 - - [21/Nov/2020:11:06:32 +0800] "GET /xingrg/all/function/internal_message.html?_=1605927990020&CODE_STATE=getMsg HTTP/1.1" 200 27
117.185.32.26 - - [21/Nov/2020:11:06:33 +0800] "GET /xingrg/kc/print/load_data.html?order_code=212020112108234&kc_code=cgsh&condition= HTTP/1.1" 200 700
101.85.228.137 - - [21/Nov/2020:11:06:34 +0800] "GET /xingrg/kc/buy/cgsh_order_operate.html?command=get_materiel&rest_code=00102&code=00101008219&supplier_code=00100008&order_time=2020-11-21 HTTP/1.1" 200 412
58.35.246.33 - - [21/Nov/2020:11:06:37 +0800] "GET /xingrg/kc/buy/cgsh_order_add.html HTTP/1.1" 200 60742
58.35.246.33 - - [21/Nov/2020:11:06:37 +0800] "POST /xingrg/kc/buy/cgsh_order_operate.html HTTP/1.1" 200 8245
58.35.246.33 - - [21/Nov/2020:11:06:38 +0800] "GET /xingrg/javascript/easyui/themes/default/validatebox.css HTTP/1.1" 404 1104
117.185.32.26 - - [21/Nov/2020:11:06:39 +0800] "POST /xingrg/all/report/report_print.html HTTP/1.1" 200 41524
101.85.228.137 - - [21/Nov/2020:11:06:40 +0800] "GET /xingrg/kc/buy/cgsh_order_operate.html?command=get_materiel&rest_code=00102&code=00101008257&supplier_code=00100008&order_time=2020-11-21 HTTP/1.1" 200 416
180.174.56.115 - - [21/Nov/2020:11:06:41 +0800] "GET /xingrg/all/function/internal_message.html?_=1605927968203&CODE_STATE=getMsg HTTP/1.1" 200 27
183.192.164.214 - - [21/Nov/2020:11:06:41 +0800] "GET /xingrg/kc/buy/cgsh_order_operate.html?command=get_materiel&rest_code=00106&code=00101008095&supplier_code=00100007&order_time=2020-11-21 HTTP/1.1" 302 -
183.192.164.85 - - [21/Nov/2020:11:06:42 +0800] "GET /xingrg/kc/buy/cgsh_order_operate.html?command=get_materiel&rest_code=00106&code=00101008283&supplier_code=00100007&order_time=2020-11-21 HTTP/1.1" 302 -
101.85.228.137 - - [21/Nov/2020:11:06:44 +0800] "GET /xingrg/kc/buy/cgsh_order_operate.html?command=get_materiel&rest_code=00102&code=00101008155&supplier_code=00100008&order_time=2020-11-21 HTTP/1.1" 200 408
180.174.56.115 - - [21/Nov/2020:11:06:44 +0800] "GET /xingrg/all/function/internal_message.html?_=1605928001203&CODE_STATE=getMsg HTTP/1.1" 200 27
117.185.32.26 - - [21/Nov/2020:11:06:47 +0800] "GET /xingrg/kc/buy/cgsh_order_add.html HTTP/1.1" 200 60742
114.84.145.85 - - [21/Nov/2020:11:06:47 +0800] "GET /xingrg/all/function/internal_message.html?_=1605927599490&CODE_STATE=getMsg HTTP/1.1" 200 27
114.84.145.85 - - [21/Nov/2020:11:06:47 +0800] "GET /xingrg/check_reg.html?_=1605927599492 HTTP/1.1" 200 22
117.185.32.26 - - [21/Nov/2020:11:06:47 +0800] "GET /xingrg/javascript/easyui/themes/default/validatebox.css HTTP/1.1" 404 1104
117.185.32.26 - - [21/Nov/2020:11:06:48 +0800] "POST /xingrg/kc/buy/cgsh_order_operate.html HTTP/1.1" 200 8245
101.85.95.39 - - [21/Nov/2020:11:06:48 +0800] "GET /xingrg/check_reg.html?_=1605927740804 HTTP/1.1" 200 22
101.85.95.39 - - [21/Nov/2020:11:06:48 +0800] "GET /xingrg/all/function/internal_message.html?_=1605927740820&CODE_STATE=getMsg HTTP/1.1" 200 27
58.35.246.33 - - [21/Nov/2020:11:06:48 +0800] "GET /xingrg/kc/buy/cgsh_order_operate.html?command=get_materiel&rest_code=00111&code=00101018019&supplier_code=00100042&order_time=2020-11-21 HTTP/1.1" 200 421
114.84.145.85 - - [21/Nov/2020:11:06:49 +0800] "GET /xingrg/all/function/internal_message.html?_=1605928006421&CODE_STATE=getMsg HTTP/1.1" 200 27
101.85.228.137 - - [21/Nov/2020:11:06:49 +0800] "GET /xingrg/check_reg.html?_=1605928231114 HTTP/1.1" 200 22
117.185.32.26 - - [21/Nov/2020:11:06:50 +0800] "GET /xingrg/javascript/easyui/themes/default/tree.css HTTP/1.1" 404 1090
117.185.32.26 - - [21/Nov/2020:11:06:50 +0800] "POST /xingrg/all/common/load_tree.html?tree=supplier_tree_json&isDelete=1 HTTP/1.1" 200 51980
183.192.164.214 - - [21/Nov/2020:11:06:51 +0800] "GET /xingrg/login.html HTTP/1.1" 200 7641
183.192.164.85 - - [21/Nov/2020:11:06:52 +0800] "GET /xingrg/login.html HTTP/1.1" 200 7641
58.35.246.33 - - [21/Nov/2020:11:06:54 +0800] "GET /xingrg/kc/buy/cgsh_order_operate.html?command=get_materiel&rest_code=00111&code=00101005037&supplier_code=00100042&order_time=2020-11-21 HTTP/1.1" 200 409
101.85.228.137 - - [21/Nov/2020:11:06:54 +0800] "GET /xingrg/all/function/internal_message.html?_=1605928235303&CODE_STATE=getMsg HTTP/1.1" 200 27
180.162.245.190 - - [21/Nov/2020:11:06:55 +0800] "GET /xingrg/all/function/internal_message.html?_=1605928013455&CODE_STATE=getMsg HTTP/1.1" 200 27
172.17.0.101 - - [21/Nov/2020:11:06:55 +0800] "GET /xingrg/all/function/internal_message.html?_=1605928056848&CODE_STATE=getMsg HTTP/1.1" 200 27
117.185.32.26 - - [21/Nov/2020:11:06:55 +0800] "GET /xingrg/all/function/internal_message.html?_=1605928453230&CODE_STATE=getMsg HTTP/1.1" 200 27
116.228.172.94 - - [21/Nov/2020:11:06:59 +0800] "GET /xingrg/all/function/internal_message.html?_=1605928007643&CODE_STATE=getMsg HTTP/1.1" 200 27
117.184.7.30 - - [21/Nov/2020:11:07:00 +0800] "GET /xingrg/all/function/internal_message.html?_=1605928008766&CODE_STATE=getMsg HTTP/1.1" 200 27
58.35.246.33 - - [21/Nov/2020:11:07:02 +0800] "GET /xingrg/kc/buy/cgsh_order_operate.html?command=get_materiel&rest_code=00111&code=00101001060&supplier_code=00100042&order_time=2020-11-21 HTTP/1.1" 200 419
114.84.37.38 - - [21/Nov/2020:11:07:10 +0800] "GET /xingrg/all/function/internal_message.html?_=1605928039154&CODE_STATE=getMsg HTTP/1.1" 200 27
101.85.228.137 - - [21/Nov/2020:11:07:10 +0800] "GET /xingrg/kc/buy/cgsh_order_operate.html?command=get_materiel&rest_code=00102&code=00101008350&supplier_code=00100008&order_time=2020-11-21 HTTP/1.1" 200 408
172.17.0.102 - - [21/Nov/2020:11:07:11 +0800] "GET /xingrg/all/function/internal_message.html?_=1605928030530&CODE_STATE=getMsg HTTP/1.1" 200 27
58.35.246.33 - - [21/Nov/2020:11:07:12 +0800] "GET /xingrg/all/function/internal_message.html?_=1605928141682&CODE_STATE=getMsg HTTP/1.1" 200 27
58.35.246.33 - - [21/Nov/2020:11:07:15 +0800] "GET /xingrg/kc/buy/cgsh_order_operate.html?command=get_materiel&rest_code=00111&code=00101003025&supplier_code=00100042&order_time=2020-11-21 HTTP/1.1" 200 409
58.40.7.146 - - [21/Nov/2020:11:07:16 +0800] "GET /xingrg/all/function/internal_message.html?_=1605928032614&CODE_STATE=getMsg HTTP/1.1" 200 27
117.185.32.26 - - [21/Nov/2020:11:07:20 +0800] "GET /xingrg/kc/buy/cgsh_order_operate.html?command=get_materiel&rest_code=00106&code=00101006101&supplier_code=00100324&order_time=2020-11-21 HTTP/1.1" 200 421
58.35.246.33 - - [21/Nov/2020:11:07:20 +0800] "GET /xingrg/kc/buy/cgsh_order_operate.html?command=get_materiel&rest_code=00111&code=00101003063&supplier_code=00100042&order_time=2020-11-21 HTTP/1.1" 200 399
101.85.228.137 - - [21/Nov/2020:11:07:23 +0800] "GET /xingrg/kc/buy/cgsh_order_operate.html?command=get_materiel&rest_code=00102&code=00101008185&supplier_code=00100008&order_time=2020-11-21 HTTP/1.1" 200 408
117.185.32.26 - - [21/Nov/2020:11:07:24 +0800] "GET /xingrg/all/function/internal_message.html?_=1605928036752&CODE_STATE=getMsg HTTP/1.1" 200 27
61.151.178.236 - - [21/Nov/2020:11:07:25 +0800] "GET /xingrg/kc/buy/cgsh_order_operate.html?command=get_materiel&rest_code=00141&code=00101008352&supplier_code=00100007&order_time=2020-11-21 HTTP/1.1" 302 -
120.253.135.82 - - [21/Nov/2020:11:07:26 +0800] "GET /xingrg/all/function/internal_message.html?_=1605927790081&CODE_STATE=getMsg HTTP/1.1" 200 27
58.35.246.33 - - [21/Nov/2020:11:07:27 +0800] "GET /xingrg/kc/buy/cgsh_order_operate.html?command=get_materiel&rest_code=00111&code=00101001111&supplier_code=00100042&order_time=2020-11-21 HTTP/1.1" 200 410
180.174.56.115 - - [21/Nov/2020:11:07:30 +0800] "GET /xingrg/kc/buy/cgsh_order_operate.html?command=get_materiel&rest_code=00151&code=00101001138&supplier_code=00100312&order_time=2020-11-21 HTTP/1.1" 200 413
180.157.253.48 - - [21/Nov/2020:11:07:31 +0800] "GET /xingrg/kc/buy/cgsh_order_operate.html?command=get_materiel&rest_code=00148&code=00101004065&supplier_code=00100086&order_time=2020-11-21 HTTP/1.1" 200 433
101.85.228.137 - - [21/Nov/2020:11:07:31 +0800] "GET /xingrg/kc/buy/cgsh_order_operate.html?command=get_materiel&rest_code=00102&code=00101008354&supplier_code=00100008&order_time=2020-11-21 HTTP/1.1" 200 412
101.85.228.137 - - [21/Nov/2020:11:07:32 +0800] "GET /xingrg/all/function/internal_message.html?_=1605928050032&CODE_STATE=getMsg HTTP/1.1" 200 27
61.151.178.236 - - [21/Nov/2020:11:07:35 +0800] "GET /xingrg/login.html HTTP/1.1" 200 7641
180.174.56.115 - - [21/Nov/2020:11:07:41 +0800] "GET /xingrg/all/function/internal_message.html?_=1605928028216&CODE_STATE=getMsg HTTP/1.1" 200 27
180.157.253.48 - - [21/Nov/2020:11:07:44 +0800] "POST /xingrg/kc/buy/cgsh_order_operate.html HTTP/1.1" 200 37
180.174.56.115 - - [21/Nov/2020:11:07:44 +0800] "GET /xingrg/all/function/internal_message.html?_=1605928061207&CODE_STATE=getMsg HTTP/1.1" 200 27
180.174.56.115 - - [21/Nov/2020:11:07:44 +0800] "GET /xingrg/check_reg.html?_=1605928061208 HTTP/1.1" 200 22
180.174.56.115 - - [21/Nov/2020:11:07:45 +0800] "POST /xingrg/kc/buy/cgsh_order_operate.html HTTP/1.1" 200 37
180.157.253.48 - - [21/Nov/2020:11:07:47 +0800] "POST /xingrg/kc/buy/cgsh_order_operate.html HTTP/1.1" 200 2661
114.84.145.85 - - [21/Nov/2020:11:07:47 +0800] "GET /xingrg/all/function/internal_message.html?_=1605927659491&CODE_STATE=getMsg HTTP/1.1" 200 27
180.174.56.115 - - [21/Nov/2020:11:07:47 +0800] "POST /xingrg/kc/buy/cgsh_order_operate.html HTTP/1.1" 200 12
101.85.95.39 - - [21/Nov/2020:11:07:48 +0800] "GET /xingrg/all/function/internal_message.html?_=1605927800793&CODE_STATE=getMsg HTTP/1.1" 200 27
180.174.56.115 - - [21/Nov/2020:11:07:49 +0800] "GET /xingrg/kc/buy/cgsh_order_info.html?code=212020112108236 HTTP/1.1" 200 55307
114.84.145.85 - - [21/Nov/2020:11:07:49 +0800] "GET /xingrg/all/function/internal_message.html?_=1605928066399&CODE_STATE=getMsg HTTP/1.1" 200 27
180.174.56.115 - - [21/Nov/2020:11:07:49 +0800] "GET /xingrg/javascript/easyui/themes/default/validatebox.css HTTP/1.1" 404 1104
114.84.145.85 - - [21/Nov/2020:11:07:50 +0800] "GET /xingrg/check_reg.html?_=1605928066789 HTTP/1.1" 200 22
180.174.56.115 - - [21/Nov/2020:11:07:50 +0800] "POST /xingrg/kc/buy/cgsh_order_operate.html HTTP/1.1" 200 617
180.157.253.48 - - [21/Nov/2020:11:07:50 +0800] "GET /xingrg/kc/buy/cgsh_order_add.html HTTP/1.1" 200 60748
180.157.253.48 - - [21/Nov/2020:11:07:51 +0800] "POST /xingrg/kc/buy/cgsh_order_operate.html HTTP/1.1" 200 8245
180.157.253.48 - - [21/Nov/2020:11:07:51 +0800] "GET /xingrg/javascript/easyui/themes/default/validatebox.css HTTP/1.1" 404 1104
180.174.56.115 - - [21/Nov/2020:11:07:52 +0800] "GET /xingrg/kc/print/load_data.html?order_code=212020112108236&kc_code=cgsh&condition= HTTP/1.1" 200 739
101.85.228.137 - - [21/Nov/2020:11:07:54 +0800] "GET /xingrg/all/function/internal_message.html?_=1605928295317&CODE_STATE=getMsg HTTP/1.1" 200 27
180.162.245.190 - - [21/Nov/2020:11:07:55 +0800] "GET /xingrg/all/function/internal_message.html?_=1605928073401&CODE_STATE=getMsg HTTP/1.1" 200 27
117.185.32.26 - - [21/Nov/2020:11:07:55 +0800] "GET /xingrg/all/function/internal_message.html?_=1605928513211&CODE_STATE=getMsg HTTP/1.1" 200 27
172.17.0.101 - - [21/Nov/2020:11:07:55 +0800] "GET /xingrg/all/function/internal_message.html?_=1605928116849&CODE_STATE=getMsg HTTP/1.1" 200 27
116.228.172.94 - - [21/Nov/2020:11:07:59 +0800] "GET /xingrg/check_reg.html?_=1605928067643 HTTP/1.1" 200 22
116.228.172.94 - - [21/Nov/2020:11:07:59 +0800] "GET /xingrg/all/function/internal_message.html?_=1605928067686&CODE_STATE=getMsg HTTP/1.1" 200 27
117.184.7.30 - - [21/Nov/2020:11:08:00 +0800] "GET /xingrg/all/function/internal_message.html?_=1605928068767&CODE_STATE=getMsg HTTP/1.1" 200 27
180.174.56.115 - - [21/Nov/2020:11:08:00 +0800] "GET /xingrg/kc/buy/cgsh_order_add.html HTTP/1.1" 200 60396
180.174.56.115 - - [21/Nov/2020:11:08:00 +0800] "POST /xingrg/kc/buy/cgsh_order_operate.html HTTP/1.1" 200 8245
180.174.56.115 - - [21/Nov/2020:11:08:00 +0800] "GET /xingrg/javascript/easyui/themes/default/validatebox.css HTTP/1.1" 404 1104
58.35.246.33 - - [21/Nov/2020:11:08:02 +0800] "POST /xingrg/kc/buy/cgsh_order_operate.html HTTP/1.1" 200 37
58.35.246.33 - - [21/Nov/2020:11:08:03 +0800] "POST /xingrg/kc/buy/cgsh_order_operate.html HTTP/1.1" 200 6808
101.85.228.137 - - [21/Nov/2020:11:08:03 +0800] "GET /xingrg/kc/buy/cgsh_order_operate.html?command=get_materiel&rest_code=00102&code=00101008312&supplier_code=00100008&order_time=2020-11-21 HTTP/1.1" 200 412
58.35.246.33 - - [21/Nov/2020:11:08:03 +0800] "GET /xingrg/kc/print/load_data.html?order_code=212020112108237&kc_code=cgsh&condition= HTTP/1.1" 200 2287
180.157.253.48 - - [21/Nov/2020:11:08:04 +0800] "GET /xingrg/kc/buy/cgsh_order_operate.html?command=get_materiel&rest_code=00148&code=00101002038&supplier_code=00100087&order_time=2020-11-21 HTTP/1.1" 200 416
101.85.228.137 - - [21/Nov/2020:11:08:08 +0800] "GET /xingrg/kc/buy/cgsh_order_operate.html?command=get_materiel&rest_code=00102&code=00101008026&supplier_code=00100008&order_time=2020-11-21 HTTP/1.1" 200 409
180.174.56.115 - - [21/Nov/2020:11:08:09 +0800] "GET /xingrg/kc/buy/cgsh_order_operate.html?command=get_materiel&rest_code=00151&code=00101010079&supplier_code=00100336&order_time=2020-11-21 HTTP/1.1" 200 413
114.84.37.38 - - [21/Nov/2020:11:08:10 +0800] "GET /xingrg/all/function/internal_message.html?_=1605928099167&CODE_STATE=getMsg HTTP/1.1" 200 27
172.17.0.102 - - [21/Nov/2020:11:08:11 +0800] "GET /xingrg/all/function/internal_message.html?_=1605928090515&CODE_STATE=getMsg HTTP/1.1" 200 27
58.35.246.33 - - [21/Nov/2020:11:08:12 +0800] "GET /xingrg/all/function/internal_message.html?_=1605928201708&CODE_STATE=getMsg HTTP/1.1" 200 27
101.85.228.137 - - [21/Nov/2020:11:08:14 +0800] "GET /xingrg/kc/buy/cgsh_order_operate.html?command=get_materiel&rest_code=00102&code=00101008110&supplier_code=00100008&order_time=2020-11-21 HTTP/1.1" 200 408
120.253.135.82 - - [21/Nov/2020:11:08:15 +0800] "GET /xingrg/check_reg.html?_=1605927839053 HTTP/1.1" 200 22
58.40.7.146 - - [21/Nov/2020:11:08:16 +0800] "GET /xingrg/all/function/internal_message.html?_=1605928092617&CODE_STATE=getMsg HTTP/1.1" 200 27
180.174.56.115 - - [21/Nov/2020:11:08:18 +0800] "POST /xingrg/kc/buy/cgsh_order_operate.html HTTP/1.1" 200 37
180.157.253.48 - - [21/Nov/2020:11:08:19 +0800] "GET /xingrg/check_reg.html?_=1605928099629 HTTP/1.1" 200 22
101.85.228.137 - - [21/Nov/2020:11:08:19 +0800] "GET /xingrg/kc/buy/cgsh_order_operate.html?command=get_materiel&rest_code=00102&code=00101008096&supplier_code=00100008&order_time=2020-11-21 HTTP/1.1" 200 413
180.157.253.48 - - [21/Nov/2020:11:08:21 +0800] "POST /xingrg/kc/buy/cgsh_order_operate.html HTTP/1.1" 200 37
180.174.56.115 - - [21/Nov/2020:11:08:21 +0800] "POST /xingrg/kc/buy/cgsh_order_operate.html HTTP/1.1" 200 12
180.174.56.115 - - [21/Nov/2020:11:08:22 +0800] "GET /xingrg/kc/buy/cgsh_order_info.html?code=212020112108238 HTTP/1.1" 200 55303
117.185.32.26 - - [21/Nov/2020:11:08:23 +0800] "POST /xingrg/kc/buy/cgsh_order_operate.html HTTP/1.1" 200 37
180.174.56.115 - - [21/Nov/2020:11:08:23 +0800] "GET /xingrg/javascript/easyui/themes/default/validatebox.css HTTP/1.1" 404 1104
180.157.253.48 - - [21/Nov/2020:11:08:23 +0800] "POST /xingrg/kc/buy/cgsh_order_operate.html HTTP/1.1" 200 2661
180.174.56.115 - - [21/Nov/2020:11:08:23 +0800] "POST /xingrg/kc/buy/cgsh_order_operate.html HTTP/1.1" 200 618
117.185.32.26 - - [21/Nov/2020:11:08:24 +0800] "GET /xingrg/all/function/internal_message.html?_=1605928096739&CODE_STATE=getMsg HTTP/1.1" 200 27
180.174.56.115 - - [21/Nov/2020:11:08:24 +0800] "GET /xingrg/kc/print/load_data.html?order_code=212020112108238&kc_code=cgsh&condition= HTTP/1.1" 200 747
117.185.32.26 - - [21/Nov/2020:11:08:25 +0800] "POST /xingrg/kc/buy/cgsh_order_operate.html HTTP/1.1" 200 12
180.157.253.48 - - [21/Nov/2020:11:08:25 +0800] "GET /xingrg/kc/buy/cgsh_order_add.html HTTP/1.1" 200 60748
101.85.228.137 - - [21/Nov/2020:11:08:25 +0800] "GET /xingrg/kc/base/wldb_order_operate.html?command=get_materiel&rest_code=00102&base_code=0010476&code=00101016081 HTTP/1.1" 200 466
180.157.253.48 - - [21/Nov/2020:11:08:25 +0800] "POST /xingrg/kc/buy/cgsh_order_operate.html HTTP/1.1" 200 8245
180.157.253.48 - - [21/Nov/2020:11:08:26 +0800] "GET /xingrg/javascript/easyui/themes/default/validatebox.css HTTP/1.1" 404 1104
117.185.32.26 - - [21/Nov/2020:11:08:26 +0800] "GET /xingrg/kc/buy/cgsh_order_info.html?code=212020112108240 HTTP/1.1" 200 55649
117.185.32.26 - - [21/Nov/2020:11:08:26 +0800] "GET /xingrg/javascript/easyui/themes/default/validatebox.css HTTP/1.1" 404 1104
120.253.135.82 - - [21/Nov/2020:11:08:26 +0800] "GET /xingrg/all/function/internal_message.html?_=1605927850110&CODE_STATE=getMsg HTTP/1.1" 200 27
117.185.32.26 - - [21/Nov/2020:11:08:26 +0800] "POST /xingrg/kc/buy/cgsh_order_operate.html HTTP/1.1" 200 617
117.185.32.26 - - [21/Nov/2020:11:08:29 +0800] "GET /xingrg/kc/print/load_data.html?order_code=212020112108240&kc_code=cgsh&condition= HTTP/1.1" 200 723
101.85.228.137 - - [21/Nov/2020:11:08:32 +0800] "GET /xingrg/all/function/internal_message.html?_=1605928110046&CODE_STATE=getMsg HTTP/1.1" 200 27
101.85.228.137 - - [21/Nov/2020:11:08:35 +0800] "GET /xingrg/kc/base/wldb_order_operate.html?command=get_materiel&rest_code=00102&base_code=0010476&code=00101016075 HTTP/1.1" 200 464
101.85.228.137 - - [21/Nov/2020:11:08:38 +0800] "GET /xingrg/kc/buy/cgsh_order_operate.html?command=get_materiel&rest_code=00102&code=00101008038&supplier_code=00100008&order_time=2020-11-21 HTTP/1.1" 200 412
117.131.5.26 - - [21/Nov/2020:11:08:38 +0800] "POST /xingrg/services/DataTransmitService HTTP/1.1" 200 524
180.174.56.115 - - [21/Nov/2020:11:08:38 +0800] "POST /xingrg/all/user/operate.html HTTP/1.1" 200 36
117.131.5.26 - - [21/Nov/2020:11:08:39 +0800] "POST /xingrg/services/DataTransmitService HTTP/1.1" 200 2099
180.174.56.115 - - [21/Nov/2020:11:08:39 +0800] "GET /xingrg/javascript/jquery_easy_ui/themes/default/easyui.css HTTP/1.1" 304 -
180.174.56.115 - - [21/Nov/2020:11:08:39 +0800] "GET /xingrg/index.html?sysBaseUrl=http%3A%2F%2F180.169.147.146%3A18081%2Fxingrg%2F&costTime=56×tamp=1605926119612 HTTP/1.1" 200 17179
180.174.56.115 - - [21/Nov/2020:11:08:39 +0800] "GET /xingrg/javascript/jquery_easy_ui/themes/icon.css HTTP/1.1" 304 -
180.174.56.115 - - [21/Nov/2020:11:08:39 +0800] "GET /xingrg/css/form.css HTTP/1.1" 304 -
180.174.56.115 - - [21/Nov/2020:11:08:39 +0800] "GET /xingrg/javascript/jquery-1.4.2.min.js HTTP/1.1" 304 -
180.174.56.115 - - [21/Nov/2020:11:08:39 +0800] "GET /xingrg/javascript/jquery_easy_ui/jquery.easyui.min.js HTTP/1.1" 304 -
180.174.56.115 - - [21/Nov/2020:11:08:39 +0800] "GET /xingrg/javascript/jquery_easy_ui/easyui-lang-zh_CN.js HTTP/1.1" 304 -
180.174.56.115 - - [21/Nov/2020:11:08:39 +0800] "GET /xingrg/javascript/jquery.form.js HTTP/1.1" 304 -
180.174.56.115 - - [21/Nov/2020:11:08:39 +0800] "GET /xingrg/javascript/jquery.utils.js HTTP/1.1" 304 -
180.174.56.115 - - [21/Nov/2020:11:08:39 +0800] "GET /xingrg/javascript/jquery.timers.js HTTP/1.1" 304 -
180.174.56.115 - - [21/Nov/2020:11:08:39 +0800] "GET /xingrg/images/blue/navBackgound.jpg HTTP/1.1" 304 -
180.174.56.115 - - [21/Nov/2020:11:08:39 +0800] "GET /xingrg/images/blue/jxLogo.png HTTP/1.1" 304 -
180.174.56.115 - - [21/Nov/2020:11:08:39 +0800] "GET /xingrg/javascript/jquery_easy_ui/themes/icons/settle_new.png HTTP/1.1" 304 -
180.174.56.115 - - [21/Nov/2020:11:08:39 +0800] "GET /xingrg/images/blue/pingpu.png HTTP/1.1" 304 -
180.174.56.115 - - [21/Nov/2020:11:08:39 +0800] "POST /xingrg/all/common/load_tree.html?tree=area_rest_tree_json&manage=1 HTTP/1.1" 200 476
180.174.56.115 - - [21/Nov/2020:11:08:39 +0800] "GET /xingrg/javascript/jquery_easy_ui/themes/default/images/tabs_leftarrow.png HTTP/1.1" 304 -
180.174.56.115 - - [21/Nov/2020:11:08:39 +0800] "GET /xingrg/javascript/jquery_easy_ui/themes/default/images/tabs_rightarrow.png HTTP/1.1" 304 -
180.174.56.115 - - [21/Nov/2020:11:08:39 +0800] "GET /xingrg/javascript/jquery_easy_ui/themes/default/images/panel_tool_collapse.gif HTTP/1.1" 304 -
180.174.56.115 - - [21/Nov/2020:11:08:39 +0800] "GET /xingrg/check_reg.html?_=1605928086772 HTTP/1.1" 200 22
180.174.56.115 - - [21/Nov/2020:11:08:39 +0800] "GET /xingrg/all/function/internal_message.html?_=1605928086771&CODE_STATE=count HTTP/1.1" 200 11
