180.157.253.48 - - [21/Nov/2020:09:05:07 +0800] "GET /xingrg/check_reg.html?_=1605920708201 HTTP/1.1" 200 22
180.157.253.48 - - [21/Nov/2020:09:05:07 +0800] "GET /xingrg/all/function/internal_message.html?_=1605920708205&CODE_STATE=getMsg HTTP/1.1" 200 27
120.253.135.82 - - [21/Nov/2020:09:05:08 +0800] "GET /xingrg/index.html?sysBaseUrl=http%3A%2F%2F180.169.147.146%3A18081%2Fxingrg%2F&costTime=34×tamp=1585631483848 HTTP/1.1" 200 17173
120.253.135.82 - - [21/Nov/2020:09:05:08 +0800] "GET /xingrg/javascript/jquery_easy_ui/themes/icon.css HTTP/1.1" 200 3949
120.253.135.82 - - [21/Nov/2020:09:05:08 +0800] "GET /xingrg/css/form.css HTTP/1.1" 200 893
120.253.135.82 - - [21/Nov/2020:09:05:08 +0800] "GET /xingrg/javascript/jquery_easy_ui/jquery.easyui.min.js HTTP/1.1" 200 213662
120.253.135.82 - - [21/Nov/2020:09:05:08 +0800] "GET /xingrg/javascript/jquery-1.4.2.min.js HTTP/1.1" 200 72205
120.253.135.82 - - [21/Nov/2020:09:05:08 +0800] "GET /xingrg/javascript/jquery_easy_ui/easyui-lang-zh_CN.js HTTP/1.1" 200 1900
120.253.135.82 - - [21/Nov/2020:09:05:08 +0800] "GET /xingrg/javascript/jquery_easy_ui/themes/default/easyui.css HTTP/1.1" 200 26500
120.253.135.82 - - [21/Nov/2020:09:05:08 +0800] "GET /xingrg/javascript/jquery.timers.js HTTP/1.1" 200 3532
120.253.135.82 - - [21/Nov/2020:09:05:08 +0800] "GET /xingrg/javascript/jquery.utils.js HTTP/1.1" 200 11805
120.253.135.82 - - [21/Nov/2020:09:05:08 +0800] "GET /xingrg/javascript/jquery.form.js HTTP/1.1" 200 23110
58.35.246.33 - - [21/Nov/2020:09:05:08 +0800] "GET /xingrg/all/function/internal_message.html?_=1605920818077&CODE_STATE=getMsg HTTP/1.1" 200 27
114.84.37.38 - - [21/Nov/2020:09:05:08 +0800] "GET /xingrg/all/function/internal_message.html?_=1605920717107&CODE_STATE=getMsg HTTP/1.1" 200 27
180.162.245.190 - - [21/Nov/2020:09:05:08 +0800] "GET /xingrg/kc/buy/cgsh_order_operate.html?command=get_materiel&rest_code=00105&code=00101008088&supplier_code=00100203&order_time=2020-11-21 HTTP/1.1" 200 408
120.253.135.82 - - [21/Nov/2020:09:05:09 +0800] "GET /xingrg/images/blue/jxLogo.png HTTP/1.1" 200 6156
120.253.135.82 - - [21/Nov/2020:09:05:09 +0800] "GET /xingrg/javascript/jquery_easy_ui/themes/icons/settle_new.png HTTP/1.1" 200 826
120.253.135.82 - - [21/Nov/2020:09:05:09 +0800] "GET /xingrg/images/blue/navBackgound.jpg HTTP/1.1" 200 12378
120.253.135.82 - - [21/Nov/2020:09:05:09 +0800] "GET /xingrg/images/blue/pingpu.png HTTP/1.1" 200 231
120.253.135.82 - - [21/Nov/2020:09:05:09 +0800] "POST /xingrg/all/common/load_tree.html?tree=area_rest_tree_json&manage=1 HTTP/1.1" 200 344
120.253.135.82 - - [21/Nov/2020:09:05:09 +0800] "GET /xingrg/javascript/jquery_easy_ui/themes/default/images/tabs_leftarrow.png HTTP/1.1" 200 389
120.253.135.82 - - [21/Nov/2020:09:05:09 +0800] "GET /xingrg/javascript/jquery_easy_ui/themes/default/images/tabs_rightarrow.png HTTP/1.1" 200 395
120.253.135.82 - - [21/Nov/2020:09:05:09 +0800] "GET /xingrg/javascript/jquery_easy_ui/themes/default/images/panel_tool_collapse.gif HTTP/1.1" 200 246
120.253.135.82 - - [21/Nov/2020:09:05:09 +0800] "GET /xingrg/all/function/internal_message.html?_=1605920754604&CODE_STATE=count HTTP/1.1" 200 11
120.253.135.82 - - [21/Nov/2020:09:05:09 +0800] "GET /xingrg/check_reg.html?_=1605920754606 HTTP/1.1" 200 22
120.253.135.82 - - [21/Nov/2020:09:05:09 +0800] "GET /favicon.ico HTTP/1.1" 404 -
120.253.135.82 - - [21/Nov/2020:09:05:09 +0800] "GET /xingrg/javascript/jquery_easy_ui/themes/default/images/tree_arrows.gif HTTP/1.1" 200 1043
120.253.135.82 - - [21/Nov/2020:09:05:09 +0800] "POST /xingrg/load_menu.html HTTP/1.1" 200 6743
120.253.135.82 - - [21/Nov/2020:09:05:09 +0800] "GET /xingrg/javascript/jquery_easy_ui/themes/icons/delivery_new.png HTTP/1.1" 200 700
120.253.135.82 - - [21/Nov/2020:09:05:09 +0800] "GET /xingrg/javascript/jquery_easy_ui/themes/default/images/tree_folder_open.gif HTTP/1.1" 200 956
120.253.135.82 - - [21/Nov/2020:09:05:09 +0800] "GET /xingrg/javascript/jquery_easy_ui/themes/icons/search_new.png HTTP/1.1" 200 586
120.253.135.82 - - [21/Nov/2020:09:05:09 +0800] "GET /xingrg/javascript/jquery_easy_ui/themes/default/images/tree_file.gif HTTP/1.1" 200 118
120.253.135.82 - - [21/Nov/2020:09:05:09 +0800] "GET /xingrg/javascript/jquery_easy_ui/themes/icons/storage_new.png HTTP/1.1" 200 853
120.253.135.82 - - [21/Nov/2020:09:05:09 +0800] "GET /xingrg/javascript/jquery_easy_ui/themes/icons/forms_new.png HTTP/1.1" 200 350
120.253.135.82 - - [21/Nov/2020:09:05:09 +0800] "GET /xingrg/javascript/jquery_easy_ui/themes/default/images/tree_folder.gif HTTP/1.1" 200 952
222.69.132.253 - - [21/Nov/2020:09:05:10 +0800] "GET /xingrg/kc/buy/cgsh_order_operate.html?command=get_materiel&rest_code=00149&code=00101008345&supplier_code=00100005&order_time=2020-11-21 HTTP/1.1" 200 413
114.84.37.38 - - [21/Nov/2020:09:05:14 +0800] "GET /xingrg/check_reg.html?_=1605920735067 HTTP/1.1" 200 22
180.174.56.115 - - [21/Nov/2020:09:05:15 +0800] "GET /xingrg/all/function/internal_message.html?_=1605920682505&CODE_STATE=getMsg HTTP/1.1" 200 27
120.253.135.82 - - [21/Nov/2020:09:05:15 +0800] "GET /xingrg/all/function/internal_message.html?_=1605920459314&CODE_STATE=getMsg HTTP/1.1" 200 27
222.69.132.253 - - [21/Nov/2020:09:05:16 +0800] "GET /xingrg/all/function/internal_message.html?_=1605920708316&CODE_STATE=getMsg HTTP/1.1" 200 27
180.162.245.190 - - [21/Nov/2020:09:05:17 +0800] "GET /xingrg/kc/buy/cgsh_order_operate.html?command=get_materiel&rest_code=00105&code=00101008224&supplier_code=00100203&order_time=2020-11-21 HTTP/1.1" 200 416
120.253.135.82 - - [21/Nov/2020:09:05:18 +0800] "GET /xingrg/javascript/jquery_easy_ui/themes/default/images/tabs_close.gif HTTP/1.1" 200 829
120.253.135.82 - - [21/Nov/2020:09:05:18 +0800] "GET /xingrg/css/base.css HTTP/1.1" 200 2811
120.253.135.82 - - [21/Nov/2020:09:05:18 +0800] "GET /xingrg/css/site.css HTTP/1.1" 200 7541
120.253.135.82 - - [21/Nov/2020:09:05:18 +0800] "GET /xingrg/javascript/jquery_tools/datebox.css HTTP/1.1" 200 2597
120.253.135.82 - - [21/Nov/2020:09:05:18 +0800] "GET /xingrg/javascript/auto/jquery.autocomplete.css HTTP/1.1" 200 587
120.253.135.82 - - [21/Nov/2020:09:05:18 +0800] "GET /xingrg/javascript/easyui/themes/icon.css HTTP/1.1" 200 4483
120.253.135.82 - - [21/Nov/2020:09:05:18 +0800] "GET /xingrg/javascript/jquery_tools/fix.css HTTP/1.1" 200 1702
120.253.135.82 - - [21/Nov/2020:09:05:18 +0800] "GET /xingrg/javascript/jquery_tools/table.css HTTP/1.1" 200 1032
120.253.135.82 - - [21/Nov/2020:09:05:18 +0800] "GET /xingrg/javascript/jquery_tools/jquery.tools.min.js HTTP/1.1" 200 138801
120.253.135.82 - - [21/Nov/2020:09:05:18 +0800] "GET /xingrg/javascript/jquery_tools/jquery.tools.hotkey.js HTTP/1.1" 200 3242
120.253.135.82 - - [21/Nov/2020:09:05:18 +0800] "GET /xingrg/javascript/jquery_tools/jquery.tools.table.js HTTP/1.1" 200 6994
120.253.135.82 - - [21/Nov/2020:09:05:18 +0800] "GET /xingrg/javascript/jquery_tools/list_manager.js HTTP/1.1" 200 3652
120.253.135.82 - - [21/Nov/2020:09:05:18 +0800] "GET /xingrg/kc/buy/cgsh_order_list.html HTTP/1.1" 200 45004
120.253.135.82 - - [21/Nov/2020:09:05:18 +0800] "GET /xingrg/javascript/easyui/easyloader.js HTTP/1.1" 200 5975
120.253.135.82 - - [21/Nov/2020:09:05:18 +0800] "GET /xingrg/javascript/jquery_tools/jquery.tools.extend.js HTTP/1.1" 200 15385
120.253.135.82 - - [21/Nov/2020:09:05:18 +0800] "GET /xingrg/javascript/jquery.cookie.js HTTP/1.1" 200 5513
120.253.135.82 - - [21/Nov/2020:09:05:18 +0800] "GET /xingrg/javascript/print/LodopFuncs.js HTTP/1.1" 200 5121
120.253.135.82 - - [21/Nov/2020:09:05:18 +0800] "GET /xingrg/javascript/easyui/themes/default/easyui.css HTTP/1.1" 200 30432
120.253.135.82 - - [21/Nov/2020:09:05:18 +0800] "GET /xingrg/javascript/auto/jquery.autocomplete.js HTTP/1.1" 200 21624
120.253.135.82 - - [21/Nov/2020:09:05:18 +0800] "GET /xingrg/javascript/easyui/themes/icons/check_new.png HTTP/1.1" 200 3224
120.253.135.82 - - [21/Nov/2020:09:05:18 +0800] "GET /xingrg/javascript/easyui/themes/icons/edit_add_new.png HTTP/1.1" 200 2997
120.253.135.82 - - [21/Nov/2020:09:05:18 +0800] "GET /xingrg/javascript/easyui/themes/icons/field_new.png HTTP/1.1" 200 1097
120.253.135.82 - - [21/Nov/2020:09:05:18 +0800] "GET /xingrg/javascript/easyui/themes/icons/cance_new.png HTTP/1.1" 200 3986
120.253.135.82 - - [21/Nov/2020:09:05:18 +0800] "GET /xingrg/javascript/easyui/themes/icons/import_new.png HTTP/1.1" 200 1247
120.253.135.82 - - [21/Nov/2020:09:05:18 +0800] "GET /xingrg/javascript/easyui/plugins/jquery.parser.js HTTP/1.1" 200 1142
120.253.135.82 - - [21/Nov/2020:09:05:18 +0800] "GET /xingrg/images/control/ajaxLoader.gif HTTP/1.1" 200 4659
120.253.135.82 - - [21/Nov/2020:09:05:19 +0800] "POST /xingrg/kc/buy/cgsh_list_operate.html HTTP/1.1" 200 876
116.228.172.94 - - [21/Nov/2020:09:05:21 +0800] "GET /xingrg/all/function/internal_message.html?_=1605920709676&CODE_STATE=getMsg HTTP/1.1" 200 27
120.253.135.82 - - [21/Nov/2020:09:05:22 +0800] "GET /xingrg/kc/report/report_main.html HTTP/1.1" 200 9370
120.253.135.82 - - [21/Nov/2020:09:05:22 +0800] "GET /xingrg/javascript/pic_change.js HTTP/1.1" 200 4739
120.253.135.82 - - [21/Nov/2020:09:05:22 +0800] "GET /xingrg/css/blue.css HTTP/1.1" 200 15949
120.253.135.82 - - [21/Nov/2020:09:05:22 +0800] "GET /xingrg/javascript/json2.js HTTP/1.1" 200 11259
120.253.135.82 - - [21/Nov/2020:09:05:22 +0800] "GET /xingrg/javascript/jquery_ui/themes/humanity/humanity.css HTTP/1.1" 200 27801
120.253.135.82 - - [21/Nov/2020:09:05:22 +0800] "GET /xingrg/javascript/myfunction.js HTTP/1.1" 200 24559
120.253.135.82 - - [21/Nov/2020:09:05:22 +0800] "GET /xingrg/javascript/jquery_easy_ui/themes/icons/back_new.png HTTP/1.1" 200 3414
117.185.32.26 - - [21/Nov/2020:09:05:23 +0800] "GET /xingrg/all/function/internal_message.html?_=1605920716620&CODE_STATE=getMsg HTTP/1.1" 200 27
222.69.132.253 - - [21/Nov/2020:09:05:24 +0800] "GET /xingrg/kc/buy/cgsh_order_operate.html?command=get_materiel&rest_code=00149&code=00101013179&supplier_code=00100005&order_time=2020-11-21 HTTP/1.1" 200 412
180.162.245.190 - - [21/Nov/2020:09:05:29 +0800] "GET /xingrg/kc/buy/cgsh_order_operate.html?command=get_materiel&rest_code=00105&code=00101008246&supplier_code=00100203&order_time=2020-11-21 HTTP/1.1" 200 408
222.69.132.253 - - [21/Nov/2020:09:05:32 +0800] "POST /xingrg/kc/buy/cgsh_order_operate.html HTTP/1.1" 200 2065
120.253.135.82 - - [21/Nov/2020:09:05:32 +0800] "GET /xingrg/kc/base/kc_stocks.html HTTP/1.1" 200 16386
120.253.135.82 - - [21/Nov/2020:09:05:32 +0800] "GET /xingrg/javascript/convert.js HTTP/1.1" 200 1239
120.253.135.82 - - [21/Nov/2020:09:05:32 +0800] "GET /xingrg/javascript/easyui/themes/sunny/easyui.css HTTP/1.1" 200 34304
120.253.135.82 - - [21/Nov/2020:09:05:32 +0800] "GET /xingrg/javascript/easyui/themes/icons/refresh_new.png HTTP/1.1" 200 685
120.253.135.82 - - [21/Nov/2020:09:05:32 +0800] "GET /xingrg/javascript/easyui/themes/icons/print_new.png HTTP/1.1" 200 3580
120.253.135.82 - - [21/Nov/2020:09:05:32 +0800] "GET /xingrg/javascript/easyui/themes/icons/filter_new.png HTTP/1.1" 200 795
120.253.135.82 - - [21/Nov/2020:09:05:32 +0800] "GET /xingrg/javascript/easyui/plugins/jquery.draggable.js HTTP/1.1" 200 6121
120.253.135.82 - - [21/Nov/2020:09:05:32 +0800] "GET /xingrg/all/common/auto_word.html?type=base&rest_code=00101 HTTP/1.1" 200 559
120.253.135.82 - - [21/Nov/2020:09:05:32 +0800] "GET /xingrg/javascript/easyui/plugins/jquery.droppable.js HTTP/1.1" 200 1167
120.253.135.82 - - [21/Nov/2020:09:05:32 +0800] "GET /xingrg/javascript/easyui/themes/default/tree.css HTTP/1.1" 404 1090
120.253.135.82 - - [21/Nov/2020:09:05:32 +0800] "GET /xingrg/javascript/easyui/plugins/jquery.tree.js HTTP/1.1" 200 20874
120.253.135.82 - - [21/Nov/2020:09:05:32 +0800] "POST /xingrg/all/common/load_tree.html?tree=materiel_sort_tree_json HTTP/1.1" 200 8666
120.253.135.82 - - [21/Nov/2020:09:05:33 +0800] "GET /xingrg/javascript/easyui/themes/sunny/images/tree_arrows.gif HTTP/1.1" 200 617
120.253.135.82 - - [21/Nov/2020:09:05:33 +0800] "GET /xingrg/javascript/easyui/themes/sunny/images/tree_folder.gif HTTP/1.1" 200 952
120.253.135.82 - - [21/Nov/2020:09:05:33 +0800] "GET /xingrg/javascript/easyui/themes/sunny/images/tree_file.gif HTTP/1.1" 200 118
120.253.135.82 - - [21/Nov/2020:09:05:33 +0800] "GET /xingrg/javascript/easyui/themes/sunny/images/tree_folder_open.gif HTTP/1.1" 200 956
180.157.253.48 - - [21/Nov/2020:09:05:34 +0800] "GET /xingrg/kc/buy/cgsh_order_operate.html?command=get_materiel&rest_code=00148&code=00101006055&supplier_code=00100010&order_time=2020-11-21 HTTP/1.1" 200 409
180.162.245.190 - - [21/Nov/2020:09:05:38 +0800] "GET /xingrg/kc/buy/cgsh_order_operate.html?command=get_materiel&rest_code=00105&code=00101008118&supplier_code=00100203&order_time=2020-11-21 HTTP/1.1" 200 418
101.85.228.137 - - [21/Nov/2020:09:05:39 +0800] "GET /xingrg/all/function/internal_message.html?_=1605920730532&CODE_STATE=getMsg HTTP/1.1" 200 27
114.84.145.85 - - [21/Nov/2020:09:05:40 +0800] "GET /xingrg/all/function/internal_message.html?_=1605920741631&CODE_STATE=getMsg HTTP/1.1" 200 27
222.69.132.253 - - [21/Nov/2020:09:05:40 +0800] "GET /xingrg/kc/buy/cgsh_order_operate.html?command=get_materiel&rest_code=00149&code=00101008010&supplier_code=00100005&order_time=2020-11-21 HTTP/1.1" 200 412
180.174.56.115 - - [21/Nov/2020:09:05:44 +0800] "GET /xingrg/all/function/internal_message.html?_=1605920740912&CODE_STATE=getMsg HTTP/1.1" 200 27
120.253.135.82 - - [21/Nov/2020:09:05:45 +0800] "POST /xingrg/kc/base/stock_operate.html HTTP/1.1" 200 1695
120.253.135.82 - - [21/Nov/2020:09:05:45 +0800] "GET /xingrg/javascript/jquery_tools/fix_table.js HTTP/1.1" 200 6528
114.84.145.85 - - [21/Nov/2020:09:05:47 +0800] "GET /xingrg/all/function/internal_message.html?_=1605920339310&CODE_STATE=getMsg HTTP/1.1" 200 27
180.162.245.190 - - [21/Nov/2020:09:05:50 +0800] "GET /xingrg/kc/buy/cgsh_order_operate.html?command=get_materiel&rest_code=00105&code=00101008211&supplier_code=00100203&order_time=2020-11-21 HTTP/1.1" 200 412
222.69.132.253 - - [21/Nov/2020:09:05:51 +0800] "GET /xingrg/kc/buy/cgsh_order_operate.html?command=get_materiel&rest_code=00149&code=00101008306&supplier_code=00100005&order_time=2020-11-21 HTTP/1.1" 200 412
120.204.17.73 - - [21/Nov/2020:09:05:52 +0800] "GET /xingrg/kc/buy/cgsh_order_list.html HTTP/1.1" 302 -
180.157.253.48 - - [21/Nov/2020:09:05:53 +0800] "GET /xingrg/kc/buy/cgsh_order_operate.html?command=get_materiel&rest_code=00148&code=00101007069&supplier_code=00100010&order_time=2020-11-21 HTTP/1.1" 200 413
114.84.145.85 - - [21/Nov/2020:09:05:55 +0800] "GET /xingrg/check_reg.html?_=1605920756632 HTTP/1.1" 200 22
180.162.245.190 - - [21/Nov/2020:09:05:55 +0800] "GET /xingrg/all/function/internal_message.html?_=1605920753554&CODE_STATE=getMsg HTTP/1.1" 200 27
180.162.245.190 - - [21/Nov/2020:09:05:57 +0800] "GET /xingrg/kc/buy/cgsh_order_operate.html?command=get_materiel&rest_code=00105&code=00101008003&supplier_code=00100203&order_time=2020-11-21 HTTP/1.1" 200 408
120.204.17.73 - - [21/Nov/2020:09:05:59 +0800] "GET /xingrg/login.html HTTP/1.1" 200 7641
101.85.228.137 - - [21/Nov/2020:09:05:59 +0800] "GET /xingrg/all/function/internal_message.html?_=1605920980682&CODE_STATE=getMsg HTTP/1.1" 200 27
180.162.245.190 - - [21/Nov/2020:09:06:02 +0800] "POST /xingrg/kc/buy/cgsh_order_operate.html HTTP/1.1" 200 2065
180.162.245.190 - - [21/Nov/2020:09:06:04 +0800] "POST /xingrg/kc/buy/cgsh_order_operate.html HTTP/1.1" 200 2065
180.157.253.48 - - [21/Nov/2020:09:06:06 +0800] "GET /xingrg/kc/buy/cgsh_order_operate.html?command=get_materiel&rest_code=00148&code=00101006065&supplier_code=00100010&order_time=2020-11-21 HTTP/1.1" 200 409
180.157.253.48 - - [21/Nov/2020:09:06:07 +0800] "GET /xingrg/all/function/internal_message.html?_=1605920768197&CODE_STATE=getMsg HTTP/1.1" 200 27
120.253.135.82 - - [21/Nov/2020:09:06:07 +0800] "GET /xingrg/javascript/easyui/themes/sunny/images/ui-bg_gloss-wave_70_ffdd57_500x100.png HTTP/1.1" 200 3830
120.253.135.82 - - [21/Nov/2020:09:06:07 +0800] "GET /xingrg/javascript/easyui/themes/sunny/images/ui-bg_gloss-wave_70_ffdd57_500x100.png HTTP/1.1" 200 3830
114.84.37.38 - - [21/Nov/2020:09:06:07 +0800] "GET /xingrg/check_reg.html?_=1605920776204 HTTP/1.1" 200 22
120.253.135.82 - - [21/Nov/2020:09:06:08 +0800] "GET /xingrg/javascript/jquery_easy_ui/themes/icons/manage.png HTTP/1.1" 200 696
120.253.135.82 - - [21/Nov/2020:09:06:08 +0800] "GET /xingrg/javascript/jquery_easy_ui/themes/icons/area.png HTTP/1.1" 200 262
58.35.246.33 - - [21/Nov/2020:09:06:08 +0800] "GET /xingrg/all/function/internal_message.html?_=1605920878076&CODE_STATE=getMsg HTTP/1.1" 200 27
114.84.37.38 - - [21/Nov/2020:09:06:08 +0800] "GET /xingrg/all/function/internal_message.html?_=1605920777120&CODE_STATE=getMsg HTTP/1.1" 200 27
222.69.132.253 - - [21/Nov/2020:09:06:09 +0800] "GET /xingrg/kc/buy/cgsh_order_operate.html?command=get_materiel&rest_code=00149&code=00101008330&supplier_code=00100005&order_time=2020-11-21 HTTP/1.1" 200 408
120.253.135.82 - - [21/Nov/2020:09:06:09 +0800] "GET /xingrg/all/function/internal_message.html?_=1605920814620&CODE_STATE=getMsg HTTP/1.1" 200 27
180.174.56.115 - - [21/Nov/2020:09:06:14 +0800] "GET /xingrg/check_reg.html?_=1605920741819 HTTP/1.1" 200 22
180.174.56.115 - - [21/Nov/2020:09:06:15 +0800] "GET /xingrg/all/function/internal_message.html?_=1605920742517&CODE_STATE=getMsg HTTP/1.1" 200 27
120.253.135.82 - - [21/Nov/2020:09:06:15 +0800] "GET /xingrg/all/function/internal_message.html?_=1605920519340&CODE_STATE=getMsg HTTP/1.1" 200 27
222.69.132.253 - - [21/Nov/2020:09:06:16 +0800] "GET /xingrg/all/function/internal_message.html?_=1605920768333&CODE_STATE=getMsg HTTP/1.1" 200 27
180.162.245.190 - - [21/Nov/2020:09:06:17 +0800] "GET /xingrg/kc/buy/cgsh_order_operate.html?command=get_materiel&rest_code=00105&code=00101008361&supplier_code=00100203&order_time=2020-11-21 HTTP/1.1" 200 408
222.69.132.253 - - [21/Nov/2020:09:06:21 +0800] "GET /xingrg/kc/buy/cgsh_order_operate.html?command=get_materiel&rest_code=00149&code=00101015024&supplier_code=00100005&order_time=2020-11-21 HTTP/1.1" 200 413
116.228.172.94 - - [21/Nov/2020:09:06:21 +0800] "GET /xingrg/all/function/internal_message.html?_=1605920769676&CODE_STATE=getMsg HTTP/1.1" 200 27
117.185.32.26 - - [21/Nov/2020:09:06:23 +0800] "GET /xingrg/all/function/internal_message.html?_=1605920776625&CODE_STATE=getMsg HTTP/1.1" 200 27
117.185.32.26 - - [21/Nov/2020:09:06:23 +0800] "GET /xingrg/check_reg.html?_=1605920776622 HTTP/1.1" 200 22
180.162.245.190 - - [21/Nov/2020:09:06:24 +0800] "GET /xingrg/kc/buy/cgsh_order_operate.html?command=get_materiel&rest_code=00105&code=00101008201&supplier_code=00100203&order_time=2020-11-21 HTTP/1.1" 200 412
120.253.135.82 - - [21/Nov/2020:09:06:26 +0800] "GET /xingrg/check_reg.html?_=1605920831603 HTTP/1.1" 200 22
180.162.245.190 - - [21/Nov/2020:09:06:33 +0800] "GET /xingrg/kc/buy/cgsh_order_operate.html?command=get_materiel&rest_code=00105&code=00101008067&supplier_code=00100203&order_time=2020-11-21 HTTP/1.1" 200 416
101.85.228.137 - - [21/Nov/2020:09:06:39 +0800] "GET /xingrg/all/function/internal_message.html?_=1605920790530&CODE_STATE=getMsg HTTP/1.1" 200 27
222.69.132.253 - - [21/Nov/2020:09:06:39 +0800] "GET /xingrg/kc/buy/cgsh_order_operate.html?command=get_materiel&rest_code=00149&code=00101008168&supplier_code=00100005&order_time=2020-11-21 HTTP/1.1" 200 412
114.84.145.85 - - [21/Nov/2020:09:06:40 +0800] "GET /xingrg/all/function/internal_message.html?_=1605920801612&CODE_STATE=getMsg HTTP/1.1" 200 27
180.157.253.48 - - [21/Nov/2020:09:06:40 +0800] "GET /xingrg/kc/buy/cgsh_order_operate.html?command=get_materiel&rest_code=00148&code=00101006130&supplier_code=00100010&order_time=2020-11-21 HTTP/1.1" 200 429
180.162.245.190 - - [21/Nov/2020:09:06:41 +0800] "GET /xingrg/kc/buy/cgsh_order_operate.html?command=get_materiel&rest_code=00105&code=00101008356&supplier_code=00100203&order_time=2020-11-21 HTTP/1.1" 200 408
180.174.56.115 - - [21/Nov/2020:09:06:44 +0800] "GET /xingrg/all/function/internal_message.html?_=1605920800911&CODE_STATE=getMsg HTTP/1.1" 200 27
114.84.145.85 - - [21/Nov/2020:09:06:47 +0800] "GET /xingrg/all/function/internal_message.html?_=1605920399310&CODE_STATE=getMsg HTTP/1.1" 200 27
114.84.145.85 - - [21/Nov/2020:09:06:47 +0800] "GET /xingrg/check_reg.html?_=1605920399311 HTTP/1.1" 200 22
180.162.245.190 - - [21/Nov/2020:09:06:49 +0800] "GET /xingrg/kc/buy/cgsh_order_operate.html?command=get_materiel&rest_code=00105&code=00101008212&supplier_code=00100203&order_time=2020-11-21 HTTP/1.1" 200 412
222.69.132.253 - - [21/Nov/2020:09:06:50 +0800] "POST /xingrg/kc/buy/cgsh_order_operate.html HTTP/1.1" 200 2065
180.162.245.190 - - [21/Nov/2020:09:06:55 +0800] "GET /xingrg/all/function/internal_message.html?_=1605920813632&CODE_STATE=getMsg HTTP/1.1" 200 27
180.162.245.190 - - [21/Nov/2020:09:06:58 +0800] "GET /xingrg/kc/buy/cgsh_order_operate.html?command=get_materiel&rest_code=00105&code=00101008063&supplier_code=00100203&order_time=2020-11-21 HTTP/1.1" 200 412
101.85.228.137 - - [21/Nov/2020:09:06:59 +0800] "GET /xingrg/all/function/internal_message.html?_=1605921040694&CODE_STATE=getMsg HTTP/1.1" 200 27
180.162.245.190 - - [21/Nov/2020:09:07:05 +0800] "GET /xingrg/kc/buy/cgsh_order_operate.html?command=get_materiel&rest_code=00105&code=00101008137&supplier_code=00100203&order_time=2020-11-21 HTTP/1.1" 200 408
117.185.32.26 - - [21/Nov/2020:09:07:06 +0800] "GET /xingrg/kc/buy/cgsh_order_operate.html?command=get_materiel&rest_code=00106&code=00102003444&supplier_code=00100151&order_time=2020-11-21 HTTP/1.1" 200 401
180.157.253.48 - - [21/Nov/2020:09:07:07 +0800] "GET /xingrg/all/function/internal_message.html?_=1605920828179&CODE_STATE=getMsg HTTP/1.1" 200 27
58.35.246.33 - - [21/Nov/2020:09:07:08 +0800] "GET /xingrg/all/function/internal_message.html?_=1605920938075&CODE_STATE=getMsg HTTP/1.1" 200 27
114.84.37.38 - - [21/Nov/2020:09:07:08 +0800] "GET /xingrg/all/function/internal_message.html?_=1605920837134&CODE_STATE=getMsg HTTP/1.1" 200 27
222.69.132.253 - - [21/Nov/2020:09:07:09 +0800] "GET /xingrg/kc/buy/cgsh_order_operate.html?command=get_materiel&rest_code=00149&code=00101008458&supplier_code=00100005&order_time=2020-11-21 HTTP/1.1" 200 395
120.253.135.82 - - [21/Nov/2020:09:07:09 +0800] "GET /xingrg/all/function/internal_message.html?_=1605920874639&CODE_STATE=getMsg HTTP/1.1" 200 27
180.174.56.115 - - [21/Nov/2020:09:07:15 +0800] "GET /xingrg/all/function/internal_message.html?_=1605920802531&CODE_STATE=getMsg HTTP/1.1" 200 27
120.253.135.82 - - [21/Nov/2020:09:07:15 +0800] "GET /xingrg/all/function/internal_message.html?_=1605920579342&CODE_STATE=getMsg HTTP/1.1" 200 27
222.69.132.253 - - [21/Nov/2020:09:07:16 +0800] "GET /xingrg/all/function/internal_message.html?_=1605920828308&CODE_STATE=getMsg HTTP/1.1" 200 27
116.228.172.94 - - [21/Nov/2020:09:07:21 +0800] "GET /xingrg/all/function/internal_message.html?_=1605920829676&CODE_STATE=getMsg HTTP/1.1" 200 27
116.228.172.94 - - [21/Nov/2020:09:07:21 +0800] "GET /xingrg/check_reg.html?_=1605920829678 HTTP/1.1" 200 22
180.157.253.48 - - [21/Nov/2020:09:07:23 +0800] "POST /xingrg/kc/buy/cgsh_order_operate.html HTTP/1.1" 200 37
117.185.32.26 - - [21/Nov/2020:09:07:23 +0800] "GET /xingrg/all/function/internal_message.html?_=1605920836653&CODE_STATE=getMsg HTTP/1.1" 200 27
180.157.253.48 - - [21/Nov/2020:09:07:25 +0800] "POST /xingrg/kc/buy/cgsh_order_operate.html HTTP/1.1" 200 4441
222.69.132.253 - - [21/Nov/2020:09:07:25 +0800] "GET /xingrg/kc/buy/cgsh_order_operate.html?command=get_materiel&rest_code=00149&code=00101008043&supplier_code=00100005&order_time=2020-11-21 HTTP/1.1" 200 416
222.69.132.253 - - [21/Nov/2020:09:07:39 +0800] "GET /xingrg/kc/buy/cgsh_order_operate.html?command=get_materiel&rest_code=00149&code=00101008471&supplier_code=00100005&order_time=2020-11-21 HTTP/1.1" 200 394
101.85.228.137 - - [21/Nov/2020:09:07:39 +0800] "GET /xingrg/all/function/internal_message.html?_=1605920850528&CODE_STATE=getMsg HTTP/1.1" 200 27
114.84.145.85 - - [21/Nov/2020:09:07:40 +0800] "GET /xingrg/all/function/internal_message.html?_=1605920861586&CODE_STATE=getMsg HTTP/1.1" 200 27
180.174.56.115 - - [21/Nov/2020:09:07:44 +0800] "GET /xingrg/check_reg.html?_=1605920860911 HTTP/1.1" 200 22
180.174.56.115 - - [21/Nov/2020:09:07:44 +0800] "GET /xingrg/all/function/internal_message.html?_=1605920860923&CODE_STATE=getMsg HTTP/1.1" 200 27
180.162.245.190 - - [21/Nov/2020:09:07:45 +0800] "GET /xingrg/kc/buy/cgsh_order_operate.html?command=get_materiel&rest_code=00105&code=00101008166&supplier_code=00100203&order_time=2020-11-21 HTTP/1.1" 200 412
101.85.228.137 - - [21/Nov/2020:09:07:46 +0800] "GET /xingrg/javascript/easyui/plugins/jquery.draggable.js HTTP/1.1" 304 -
101.85.228.137 - - [21/Nov/2020:09:07:46 +0800] "GET /xingrg/css/images/panel_loading.gif HTTP/1.1" 304 -
101.85.228.137 - - [21/Nov/2020:09:07:46 +0800] "GET /xingrg/javascript/easyui/plugins/jquery.droppable.js HTTP/1.1" 304 -
101.85.228.137 - - [21/Nov/2020:09:07:46 +0800] "GET /xingrg/javascript/easyui/themes/default/tree.css HTTP/1.1" 404 1090
101.85.228.137 - - [21/Nov/2020:09:07:46 +0800] "GET /xingrg/javascript/easyui/plugins/jquery.tree.js HTTP/1.1" 304 -
101.85.228.137 - - [21/Nov/2020:09:07:47 +0800] "POST /xingrg/all/common/load_tree.html?tree=supplier_tree_json&isDelete=1 HTTP/1.1" 200 51980
114.84.145.85 - - [21/Nov/2020:09:07:47 +0800] "GET /xingrg/all/function/internal_message.html?_=1605920459310&CODE_STATE=getMsg HTTP/1.1" 200 27
101.85.228.137 - - [21/Nov/2020:09:07:49 +0800] "GET /xingrg/javascript/easyui/themes/default/images/tree_arrows.gif HTTP/1.1" 304 -
101.85.228.137 - - [21/Nov/2020:09:07:49 +0800] "GET /xingrg/javascript/easyui/themes/default/images/tree_folder_open.gif HTTP/1.1" 304 -
101.85.228.137 - - [21/Nov/2020:09:07:49 +0800] "GET /xingrg/javascript/easyui/themes/default/images/tree_folder.gif HTTP/1.1" 304 -
101.85.228.137 - - [21/Nov/2020:09:07:49 +0800] "GET /xingrg/javascript/easyui/themes/default/images/tree_file.gif HTTP/1.1" 304 -
222.69.132.253 - - [21/Nov/2020:09:07:53 +0800] "GET /xingrg/kc/buy/cgsh_order_operate.html?command=get_materiel&rest_code=00149&code=00101008114&supplier_code=00100005&order_time=2020-11-21 HTTP/1.1" 200 413
180.162.245.190 - - [21/Nov/2020:09:07:53 +0800] "GET /xingrg/kc/buy/cgsh_order_operate.html?command=get_materiel&rest_code=00105&code=00101008276&supplier_code=00100203&order_time=2020-11-21 HTTP/1.1" 200 412
180.162.245.190 - - [21/Nov/2020:09:07:55 +0800] "GET /xingrg/all/function/internal_message.html?_=1605920873638&CODE_STATE=getMsg HTTP/1.1" 200 27
101.85.228.137 - - [21/Nov/2020:09:07:56 +0800] "GET /xingrg/javascript/auto/indicator.gif HTTP/1.1" 404 1066
101.85.228.137 - - [21/Nov/2020:09:07:59 +0800] "GET /xingrg/all/function/internal_message.html?_=1605921100707&CODE_STATE=getMsg HTTP/1.1" 200 27
180.162.245.190 - - [21/Nov/2020:09:07:59 +0800] "GET /xingrg/kc/buy/cgsh_order_operate.html?command=get_materiel&rest_code=00105&code=00101008305&supplier_code=00100203&order_time=2020-11-21 HTTP/1.1" 200 412
101.85.228.137 - - [21/Nov/2020:09:08:00 +0800] "GET /xingrg/kc/buy/cgsh_order_operate.html?command=get_materiel&rest_code=00102&code=00101007059&supplier_code=00100002&order_time=2020-11-21 HTTP/1.1" 200 409
180.162.245.190 - - [21/Nov/2020:09:08:04 +0800] "POST /xingrg/kc/buy/cgsh_order_operate.html HTTP/1.1" 200 2065
180.162.245.190 - - [21/Nov/2020:09:08:06 +0800] "POST /xingrg/kc/buy/cgsh_order_operate.html HTTP/1.1" 200 2065
222.69.132.253 - - [21/Nov/2020:09:08:06 +0800] "GET /xingrg/kc/buy/cgsh_order_operate.html?command=get_materiel&rest_code=00149&code=00101008314&supplier_code=00100005&order_time=2020-11-21 HTTP/1.1" 200 413
180.157.253.48 - - [21/Nov/2020:09:08:07 +0800] "GET /xingrg/all/function/internal_message.html?_=1605920888156&CODE_STATE=getMsg HTTP/1.1" 200 27
180.162.245.190 - - [21/Nov/2020:09:08:08 +0800] "POST /xingrg/kc/buy/cgsh_order_operate.html HTTP/1.1" 200 2065
58.35.246.33 - - [21/Nov/2020:09:08:08 +0800] "GET /xingrg/all/function/internal_message.html?_=1605920998076&CODE_STATE=getMsg HTTP/1.1" 200 27
58.35.246.33 - - [21/Nov/2020:09:08:08 +0800] "GET /xingrg/check_reg.html?_=1605920998078 HTTP/1.1" 200 22
114.84.37.38 - - [21/Nov/2020:09:08:08 +0800] "GET /xingrg/all/function/internal_message.html?_=1605920897147&CODE_STATE=getMsg HTTP/1.1" 200 27
120.253.135.82 - - [21/Nov/2020:09:08:09 +0800] "GET /xingrg/all/function/internal_message.html?_=1605920934647&CODE_STATE=getMsg HTTP/1.1" 200 27
120.253.135.82 - - [21/Nov/2020:09:08:15 +0800] "GET /xingrg/check_reg.html?_=1605920638739 HTTP/1.1" 200 22
180.174.56.115 - - [21/Nov/2020:09:08:15 +0800] "GET /xingrg/all/function/internal_message.html?_=1605920862545&CODE_STATE=getMsg HTTP/1.1" 200 27
120.253.135.82 - - [21/Nov/2020:09:08:15 +0800] "GET /xingrg/all/function/internal_message.html?_=1605920639355&CODE_STATE=getMsg HTTP/1.1" 200 27
222.69.132.253 - - [21/Nov/2020:09:08:16 +0800] "GET /xingrg/check_reg.html?_=1605920888353 HTTP/1.1" 200 22
222.69.132.253 - - [21/Nov/2020:09:08:16 +0800] "GET /xingrg/all/function/internal_message.html?_=1605920888353&CODE_STATE=getMsg HTTP/1.1" 200 27
222.69.132.253 - - [21/Nov/2020:09:08:17 +0800] "GET /xingrg/kc/buy/cgsh_order_operate.html?command=get_materiel&rest_code=00149&code=00101013165&supplier_code=00100005&order_time=2020-11-21 HTTP/1.1" 200 409
222.69.132.253 - - [21/Nov/2020:09:08:21 +0800] "POST /xingrg/kc/buy/cgsh_order_operate.html HTTP/1.1" 200 2065
117.185.32.26 - - [21/Nov/2020:09:08:23 +0800] "GET /xingrg/all/function/internal_message.html?_=1605920896612&CODE_STATE=getMsg HTTP/1.1" 200 27
117.185.32.26 - - [21/Nov/2020:09:08:28 +0800] "POST /xingrg/kc/buy/cgsh_order_operate.html HTTP/1.1" 200 37
222.69.132.253 - - [21/Nov/2020:09:08:31 +0800] "GET /xingrg/kc/buy/cgsh_order_operate.html?command=get_materiel&rest_code=00149&code=00101020152&supplier_code=00100005&order_time=2020-11-21 HTTP/1.1" 200 416
117.185.32.26 - - [21/Nov/2020:09:08:31 +0800] "POST /xingrg/kc/buy/cgsh_order_operate.html HTTP/1.1" 200 5020
180.162.245.190 - - [21/Nov/2020:09:08:34 +0800] "GET /xingrg/kc/buy/cgsh_order_operate.html?command=get_materiel&rest_code=00105&code=00101008357&supplier_code=00100203&order_time=2020-11-21 HTTP/1.1" 200 408
101.85.228.137 - - [21/Nov/2020:09:08:39 +0800] "GET /xingrg/all/function/internal_message.html?_=1605920910527&CODE_STATE=getMsg HTTP/1.1" 200 27
114.84.145.85 - - [21/Nov/2020:09:08:40 +0800] "GET /xingrg/all/function/internal_message.html?_=1605920921562&CODE_STATE=getMsg HTTP/1.1" 200 27
180.174.56.115 - - [21/Nov/2020:09:08:44 +0800] "GET /xingrg/all/function/internal_message.html?_=1605920920921&CODE_STATE=getMsg HTTP/1.1" 200 27
117.185.32.26 - - [21/Nov/2020:09:08:46 +0800] "POST /xingrg/kc/buy/cgsh_order_operate.html HTTP/1.1" 200 37
114.84.145.85 - - [21/Nov/2020:09:08:47 +0800] "GET /xingrg/all/function/internal_message.html?_=1605920519309&CODE_STATE=getMsg HTTP/1.1" 200 27
117.185.32.26 - - [21/Nov/2020:09:08:47 +0800] "POST /xingrg/kc/buy/cgsh_order_operate.html HTTP/1.1" 200 5020
117.185.32.26 - - [21/Nov/2020:09:08:55 +0800] "POST /xingrg/kc/buy/cgsh_list_operate.html HTTP/1.1" 200 1682
180.162.245.190 - - [21/Nov/2020:09:08:55 +0800] "GET /xingrg/check_reg.html?_=1605920933550 HTTP/1.1" 200 22
180.162.245.190 - - [21/Nov/2020:09:08:55 +0800] "GET /xingrg/all/function/internal_message.html?_=1605920933610&CODE_STATE=getMsg HTTP/1.1" 200 27
117.185.32.26 - - [21/Nov/2020:09:08:57 +0800] "POST /xingrg/kc/buy/cgsh_list_operate.html HTTP/1.1" 200 499
101.85.228.137 - - [21/Nov/2020:09:08:59 +0800] "GET /xingrg/all/function/internal_message.html?_=1605921160721&CODE_STATE=getMsg HTTP/1.1" 200 27
183.192.164.85 - - [21/Nov/2020:09:09:02 +0800] "GET /xingrg/kc/buy/cgsh_order_operate.html?command=get_materiel&rest_code=00106&code=00102001127&supplier_code=00100151&order_time=2020-11-21 HTTP/1.1" 302 -
117.185.32.26 - - [21/Nov/2020:09:09:06 +0800] "GET /xingrg/javascript/easyui/themes/default/tree.css HTTP/1.1" 404 1090
117.185.32.26 - - [21/Nov/2020:09:09:06 +0800] "POST /xingrg/all/common/load_tree.html?tree=supplier_tree_json&manage=1 HTTP/1.1" 200 52712
180.157.253.48 - - [21/Nov/2020:09:09:07 +0800] "GET /xingrg/all/function/internal_message.html?_=1605920948136&CODE_STATE=getMsg HTTP/1.1" 200 27
183.192.164.85 - - [21/Nov/2020:09:09:08 +0800] "GET /xingrg/login.html HTTP/1.1" 200 7641
58.35.246.33 - - [21/Nov/2020:09:09:08 +0800] "GET /xingrg/all/function/internal_message.html?_=1605921058077&CODE_STATE=getMsg HTTP/1.1" 200 27
114.84.37.38 - - [21/Nov/2020:09:09:08 +0800] "GET /xingrg/all/function/internal_message.html?_=1605920957188&CODE_STATE=getMsg HTTP/1.1" 200 27
120.253.135.82 - - [21/Nov/2020:09:09:09 +0800] "GET /xingrg/all/function/internal_message.html?_=1605920994666&CODE_STATE=getMsg HTTP/1.1" 200 27
117.185.32.26 - - [21/Nov/2020:09:09:14 +0800] "POST /xingrg/kc/buy/cgsh_list_operate.html HTTP/1.1" 200 5798
180.174.56.115 - - [21/Nov/2020:09:09:15 +0800] "GET /xingrg/all/function/internal_message.html?_=1605920922575&CODE_STATE=getMsg HTTP/1.1" 200 27
120.253.135.82 - - [21/Nov/2020:09:09:15 +0800] "GET /xingrg/all/function/internal_message.html?_=1605920699368&CODE_STATE=getMsg HTTP/1.1" 200 27
117.185.32.26 - - [21/Nov/2020:09:09:15 +0800] "POST /xingrg/kc/buy/cgsh_list_operate.html HTTP/1.1" 200 352
222.69.132.253 - - [21/Nov/2020:09:09:16 +0800] "GET /xingrg/all/function/internal_message.html?_=1605920948318&CODE_STATE=getMsg HTTP/1.1" 200 27
117.185.32.26 - - [21/Nov/2020:09:09:19 +0800] "POST /xingrg/kc/buy/cgsh_list_operate.html HTTP/1.1" 200 499
117.185.32.26 - - [21/Nov/2020:09:09:23 +0800] "GET /xingrg/all/function/internal_message.html?_=1605920956618&CODE_STATE=getMsg HTTP/1.1" 200 27
120.204.17.72 - - [21/Nov/2020:09:09:29 +0800] "GET /xingrg/all/function/internal_message.html?_=1605920836653&CODE_STATE=getMsg HTTP/1.1" 302 -
117.185.32.26 - - [21/Nov/2020:09:09:30 +0800] "GET /xingrg/kc/buy/cgsh_order_info.html?code=212020112108111 HTTP/1.1" 200 60747
117.185.32.26 - - [21/Nov/2020:09:09:31 +0800] "GET /xingrg/javascript/easyui/themes/default/validatebox.css HTTP/1.1" 404 1104
117.185.32.26 - - [21/Nov/2020:09:09:31 +0800] "POST /xingrg/kc/buy/cgsh_order_operate.html HTTP/1.1" 200 5020
58.221.95.50 - - [21/Nov/2020:09:09:32 +0800] "GET /xingrg/check_reg.html?_=1605920975515 HTTP/1.1" 302 -
120.204.17.72 - - [21/Nov/2020:09:09:34 +0800] "GET /xingrg/login.html HTTP/1.1" 200 7641
101.85.228.137 - - [21/Nov/2020:09:09:39 +0800] "GET /xingrg/all/function/internal_message.html?_=1605920970529&CODE_STATE=getMsg HTTP/1.1" 200 27
101.85.228.137 - - [21/Nov/2020:09:09:39 +0800] "GET /xingrg/check_reg.html?_=1605920970531 HTTP/1.1" 200 22
114.84.145.85 - - [21/Nov/2020:09:09:40 +0800] "GET /xingrg/all/function/internal_message.html?_=1605920981536&CODE_STATE=getMsg HTTP/1.1" 200 27
180.174.56.115 - - [21/Nov/2020:09:09:44 +0800] "GET /xingrg/all/function/internal_message.html?_=1605920980924&CODE_STATE=getMsg HTTP/1.1" 200 27
114.84.145.85 - - [21/Nov/2020:09:09:47 +0800] "GET /xingrg/all/function/internal_message.html?_=1605920579308&CODE_STATE=getMsg HTTP/1.1" 200 27
180.162.245.190 - - [21/Nov/2020:09:09:55 +0800] "GET /xingrg/all/function/internal_message.html?_=1605920993714&CODE_STATE=getMsg HTTP/1.1" 200 27
180.162.245.190 - - [21/Nov/2020:09:09:56 +0800] "GET /xingrg/kc/buy/cgsh_order_operate.html?command=get_materiel&rest_code=00105&code=00101008098&supplier_code=00100203&order_time=2020-11-21 HTTP/1.1" 200 412
101.85.228.137 - - [21/Nov/2020:09:09:58 +0800] "GET /xingrg/kc/buy/cgsh_order_operate.html?command=get_materiel&rest_code=00102&code=00101007082&supplier_code=00100002&order_time=2020-11-21 HTTP/1.1" 200 427
101.85.228.137 - - [21/Nov/2020:09:09:59 +0800] "GET /xingrg/check_reg.html?_=1605921219938 HTTP/1.1" 200 22
180.162.245.190 - - [21/Nov/2020:09:09:59 +0800] "POST /xingrg/kc/buy/cgsh_order_operate.html HTTP/1.1" 200 2065
101.85.228.137 - - [21/Nov/2020:09:09:59 +0800] "GET /xingrg/all/function/internal_message.html?_=1605921220733&CODE_STATE=getMsg HTTP/1.1" 200 27
180.162.245.190 - - [21/Nov/2020:09:10:01 +0800] "POST /xingrg/kc/buy/cgsh_order_operate.html HTTP/1.1" 200 2065
180.157.253.48 - - [21/Nov/2020:09:10:07 +0800] "GET /xingrg/all/function/internal_message.html?_=1605921008130&CODE_STATE=getMsg HTTP/1.1" 200 27
180.157.253.48 - - [21/Nov/2020:09:10:07 +0800] "GET /xingrg/check_reg.html?_=1605921008191 HTTP/1.1" 200 22
58.35.246.33 - - [21/Nov/2020:09:10:08 +0800] "GET /xingrg/all/function/internal_message.html?_=1605921118077&CODE_STATE=getMsg HTTP/1.1" 200 27
114.84.37.38 - - [21/Nov/2020:09:10:08 +0800] "GET /xingrg/all/function/internal_message.html?_=1605921017190&CODE_STATE=getMsg HTTP/1.1" 200 27
120.253.135.82 - - [21/Nov/2020:09:10:09 +0800] "GET /xingrg/check_reg.html?_=1605921054616 HTTP/1.1" 200 22
120.253.135.82 - - [21/Nov/2020:09:10:09 +0800] "GET /xingrg/all/function/internal_message.html?_=1605921054676&CODE_STATE=getMsg HTTP/1.1" 200 27
114.84.37.38 - - [21/Nov/2020:09:10:14 +0800] "GET /xingrg/check_reg.html?_=1605921035079 HTTP/1.1" 200 22
180.174.56.115 - - [21/Nov/2020:09:10:15 +0800] "GET /xingrg/all/function/internal_message.html?_=1605920982588&CODE_STATE=getMsg HTTP/1.1" 200 27
101.85.228.137 - - [21/Nov/2020:09:10:15 +0800] "GET /xingrg/kc/buy/cgsh_order_operate.html?command=get_materiel&rest_code=00102&code=00101007044&supplier_code=00100002&order_time=2020-11-21 HTTP/1.1" 200 424
120.253.135.82 - - [21/Nov/2020:09:10:15 +0800] "GET /xingrg/all/function/internal_message.html?_=1605920759382&CODE_STATE=getMsg HTTP/1.1" 200 27
222.69.132.253 - - [21/Nov/2020:09:10:16 +0800] "GET /xingrg/all/function/internal_message.html?_=1605921008318&CODE_STATE=getMsg HTTP/1.1" 200 27
117.185.32.26 - - [21/Nov/2020:09:10:23 +0800] "GET /xingrg/all/function/internal_message.html?_=1605921016626&CODE_STATE=getMsg HTTP/1.1" 200 27
180.162.245.190 - - [21/Nov/2020:09:10:28 +0800] "GET /xingrg/kc/buy/cgsh_order_operate.html?command=get_materiel&rest_code=00105&code=00101008114&supplier_code=00100203&order_time=2020-11-21 HTTP/1.1" 200 413
180.162.245.190 - - [21/Nov/2020:09:10:35 +0800] "GET /xingrg/kc/buy/cgsh_order_operate.html?command=get_materiel&rest_code=00105&code=00101015046&supplier_code=00100203&order_time=2020-11-21 HTTP/1.1" 200 412
101.85.228.137 - - [21/Nov/2020:09:10:39 +0800] "GET /xingrg/all/function/internal_message.html?_=1605921030530&CODE_STATE=getMsg HTTP/1.1" 200 27
114.84.145.85 - - [21/Nov/2020:09:10:40 +0800] "GET /xingrg/all/function/internal_message.html?_=1605921041518&CODE_STATE=getMsg HTTP/1.1" 200 27
180.162.245.190 - - [21/Nov/2020:09:10:41 +0800] "GET /xingrg/kc/buy/cgsh_order_operate.html?command=get_materiel&rest_code=00105&code=00101008236&supplier_code=00100203&order_time=2020-11-21 HTTP/1.1" 200 416
180.174.56.115 - - [21/Nov/2020:09:10:44 +0800] "GET /xingrg/all/function/internal_message.html?_=1605921040924&CODE_STATE=getMsg HTTP/1.1" 200 27
180.174.56.115 - - [21/Nov/2020:09:10:45 +0800] "GET /xingrg/kc/buy/cgsh_order_list.html HTTP/1.1" 200 45010
180.174.56.115 - - [21/Nov/2020:09:10:47 +0800] "POST /xingrg/kc/buy/cgsh_list_operate.html HTTP/1.1" 200 1708
114.84.145.85 - - [21/Nov/2020:09:10:47 +0800] "GET /xingrg/all/function/internal_message.html?_=1605920639307&CODE_STATE=getMsg HTTP/1.1" 200 27
180.162.245.190 - - [21/Nov/2020:09:10:49 +0800] "GET /xingrg/kc/buy/cgsh_order_operate.html?command=get_materiel&rest_code=00105&code=00101008233&supplier_code=00100203&order_time=2020-11-21 HTTP/1.1" 200 408
180.174.56.115 - - [21/Nov/2020:09:10:49 +0800] "POST /xingrg/kc/buy/cgsh_list_operate.html HTTP/1.1" 200 570
180.174.56.115 - - [21/Nov/2020:09:10:50 +0800] "GET /xingrg/kc/buy/cgsh_order_info.html?code=212020112108100 HTTP/1.1" 200 60687
180.174.56.115 - - [21/Nov/2020:09:10:51 +0800] "GET /xingrg/javascript/easyui/themes/default/validatebox.css HTTP/1.1" 404 1104
180.174.56.115 - - [21/Nov/2020:09:10:51 +0800] "POST /xingrg/kc/buy/cgsh_order_operate.html HTTP/1.1" 200 27502
114.84.145.85 - - [21/Nov/2020:09:10:55 +0800] "GET /xingrg/check_reg.html?_=1605921056614 HTTP/1.1" 200 22
180.162.245.190 - - [21/Nov/2020:09:10:55 +0800] "GET /xingrg/all/function/internal_message.html?_=1605921053561&CODE_STATE=getMsg HTTP/1.1" 200 27
101.85.228.137 - - [21/Nov/2020:09:10:59 +0800] "GET /xingrg/all/function/internal_message.html?_=1605921280747&CODE_STATE=getMsg HTTP/1.1" 200 27
222.69.132.253 - - [21/Nov/2020:09:11:07 +0800] "POST /xingrg/kc/buy/cgsh_order_operate.html HTTP/1.1" 200 37
180.157.253.48 - - [21/Nov/2020:09:11:07 +0800] "GET /xingrg/all/function/internal_message.html?_=1605921068137&CODE_STATE=getMsg HTTP/1.1" 200 27
114.84.37.38 - - [21/Nov/2020:09:11:07 +0800] "GET /xingrg/check_reg.html?_=1605921076232 HTTP/1.1" 200 22
180.162.245.190 - - [21/Nov/2020:09:11:08 +0800] "GET /xingrg/kc/buy/cgsh_order_operate.html?command=get_materiel&rest_code=00105&code=00101008248&supplier_code=00100203&order_time=2020-11-21 HTTP/1.1" 200 412
58.35.246.33 - - [21/Nov/2020:09:11:08 +0800] "GET /xingrg/all/function/internal_message.html?_=1605921178078&CODE_STATE=getMsg HTTP/1.1" 200 27
114.84.37.38 - - [21/Nov/2020:09:11:08 +0800] "GET /xingrg/all/function/internal_message.html?_=1605921077204&CODE_STATE=getMsg HTTP/1.1" 200 27
120.253.135.82 - - [21/Nov/2020:09:11:09 +0800] "GET /xingrg/all/function/internal_message.html?_=1605921114688&CODE_STATE=getMsg HTTP/1.1" 200 27
180.174.56.115 - - [21/Nov/2020:09:11:14 +0800] "GET /xingrg/check_reg.html?_=1605921041853 HTTP/1.1" 200 22
180.174.56.115 - - [21/Nov/2020:09:11:15 +0800] "GET /xingrg/all/function/internal_message.html?_=1605921042602&CODE_STATE=getMsg HTTP/1.1" 200 27
120.253.135.82 - - [21/Nov/2020:09:11:15 +0800] "GET /xingrg/all/function/internal_message.html?_=1605920819403&CODE_STATE=getMsg HTTP/1.1" 200 27
180.162.245.190 - - [21/Nov/2020:09:11:16 +0800] "GET /xingrg/kc/buy/cgsh_order_operate.html?command=get_materiel&rest_code=00105&code=00101008049&supplier_code=00100203&order_time=2020-11-21 HTTP/1.1" 200 408
222.69.132.253 - - [21/Nov/2020:09:11:16 +0800] "GET /xingrg/all/function/internal_message.html?_=1605921068322&CODE_STATE=getMsg HTTP/1.1" 200 27
222.69.132.253 - - [21/Nov/2020:09:11:18 +0800] "POST /xingrg/kc/buy/cgsh_order_operate.html HTTP/1.1" 200 12
222.69.132.253 - - [21/Nov/2020:09:11:20 +0800] "GET /xingrg/kc/buy/cgsh_order_info.html?code=212020112108114 HTTP/1.1" 200 55698
222.69.132.253 - - [21/Nov/2020:09:11:20 +0800] "GET /xingrg/javascript/easyui/themes/default/validatebox.css HTTP/1.1" 404 1104
222.69.132.253 - - [21/Nov/2020:09:11:21 +0800] "POST /xingrg/kc/buy/cgsh_order_operate.html HTTP/1.1" 200 35497
222.69.132.253 - - [21/Nov/2020:09:11:23 +0800] "GET /xingrg/kc/print/load_data.html?order_code=212020112108114&kc_code=cgsh&condition= HTTP/1.1" 200 13943
117.185.32.26 - - [21/Nov/2020:09:11:23 +0800] "GET /xingrg/check_reg.html?_=1605921076633 HTTP/1.1" 200 22
117.185.32.26 - - [21/Nov/2020:09:11:23 +0800] "GET /xingrg/all/function/internal_message.html?_=1605921076631&CODE_STATE=getMsg HTTP/1.1" 200 27
120.253.135.82 - - [21/Nov/2020:09:11:26 +0800] "GET /xingrg/check_reg.html?_=1605921131598 HTTP/1.1" 200 22
101.85.228.137 - - [21/Nov/2020:09:11:39 +0800] "GET /xingrg/all/function/internal_message.html?_=1605921090528&CODE_STATE=getMsg HTTP/1.1" 200 27
114.84.145.85 - - [21/Nov/2020:09:11:40 +0800] "GET /xingrg/all/function/internal_message.html?_=1605921101492&CODE_STATE=getMsg HTTP/1.1" 200 27
180.174.56.115 - - [21/Nov/2020:09:11:44 +0800] "GET /xingrg/all/function/internal_message.html?_=1605921100923&CODE_STATE=getMsg HTTP/1.1" 200 27
114.84.145.85 - - [21/Nov/2020:09:11:47 +0800] "GET /xingrg/all/function/internal_message.html?_=1605920699308&CODE_STATE=getMsg HTTP/1.1" 200 27
114.84.145.85 - - [21/Nov/2020:09:11:48 +0800] "GET /xingrg/check_reg.html?_=1605920699310 HTTP/1.1" 200 22
180.162.245.190 - - [21/Nov/2020:09:11:55 +0800] "GET /xingrg/kc/buy/cgsh_order_operate.html?command=get_materiel&rest_code=00105&code=00101008321&supplier_code=00100203&order_time=2020-11-21 HTTP/1.1" 200 412
180.162.245.190 - - [21/Nov/2020:09:11:55 +0800] "GET /xingrg/all/function/internal_message.html?_=1605921113649&CODE_STATE=getMsg HTTP/1.1" 200 27
101.85.228.137 - - [21/Nov/2020:09:11:59 +0800] "GET /xingrg/all/function/internal_message.html?_=1605921340760&CODE_STATE=getMsg HTTP/1.1" 200 27
180.162.245.190 - - [21/Nov/2020:09:12:01 +0800] "POST /xingrg/kc/buy/cgsh_order_operate.html HTTP/1.1" 200 2065
180.162.245.190 - - [21/Nov/2020:09:12:01 +0800] "POST /xingrg/kc/buy/cgsh_order_operate.html HTTP/1.1" 200 2065
180.157.253.48 - - [21/Nov/2020:09:12:07 +0800] "GET /xingrg/all/function/internal_message.html?_=1605921128134&CODE_STATE=getMsg HTTP/1.1" 200 27
58.35.246.33 - - [21/Nov/2020:09:12:08 +0800] "GET /xingrg/all/function/internal_message.html?_=1605921238073&CODE_STATE=getMsg HTTP/1.1" 200 27
114.84.37.38 - - [21/Nov/2020:09:12:08 +0800] "GET /xingrg/all/function/internal_message.html?_=1605921137217&CODE_STATE=getMsg HTTP/1.1" 200 27
120.253.135.82 - - [21/Nov/2020:09:12:09 +0800] "GET /xingrg/all/function/internal_message.html?_=1605921174701&CODE_STATE=getMsg HTTP/1.1" 200 27
101.85.228.137 - - [21/Nov/2020:09:12:14 +0800] "GET /xingrg/kc/buy/cgsh_order_operate.html?command=get_materiel&rest_code=00102&code=00101007001&supplier_code=00100002&order_time=2020-11-21 HTTP/1.1" 200 409
180.174.56.115 - - [21/Nov/2020:09:12:15 +0800] "GET /xingrg/all/function/internal_message.html?_=1605921102614&CODE_STATE=getMsg HTTP/1.1" 200 27
120.253.135.82 - - [21/Nov/2020:09:12:15 +0800] "GET /xingrg/all/function/internal_message.html?_=1605920879409&CODE_STATE=getMsg HTTP/1.1" 200 27
222.69.132.253 - - [21/Nov/2020:09:12:16 +0800] "GET /xingrg/all/function/internal_message.html?_=1605921128325&CODE_STATE=getMsg HTTP/1.1" 200 27
117.185.32.26 - - [21/Nov/2020:09:12:23 +0800] "GET /xingrg/all/function/internal_message.html?_=1605921136636&CODE_STATE=getMsg HTTP/1.1" 200 27
101.85.228.137 - - [21/Nov/2020:09:12:29 +0800] "GET /xingrg/kc/buy/cgsh_order_operate.html?command=get_materiel&rest_code=00102&code=00101007077&supplier_code=00100002&order_time=2020-11-21 HTTP/1.1" 200 415
101.85.228.137 - - [21/Nov/2020:09:12:39 +0800] "GET /xingrg/all/function/internal_message.html?_=1605921150525&CODE_STATE=getMsg HTTP/1.1" 200 27
114.84.145.85 - - [21/Nov/2020:09:12:40 +0800] "GET /xingrg/all/function/internal_message.html?_=1605921161468&CODE_STATE=getMsg HTTP/1.1" 200 27
101.85.228.137 - - [21/Nov/2020:09:12:43 +0800] "GET /xingrg/kc/buy/cgsh_order_operate.html?command=get_materiel&rest_code=00102&code=00101007048&supplier_code=00100002&order_time=2020-11-21 HTTP/1.1" 200 408
180.174.56.115 - - [21/Nov/2020:09:12:44 +0800] "GET /xingrg/all/function/internal_message.html?_=1605921160929&CODE_STATE=getMsg HTTP/1.1" 200 27
180.174.56.115 - - [21/Nov/2020:09:12:44 +0800] "GET /xingrg/check_reg.html?_=1605921160931 HTTP/1.1" 200 22
114.84.145.85 - - [21/Nov/2020:09:12:47 +0800] "GET /xingrg/all/function/internal_message.html?_=1605920759309&CODE_STATE=getMsg HTTP/1.1" 200 27
180.162.245.190 - - [21/Nov/2020:09:12:49 +0800] "GET /xingrg/kc/buy/cgsh_order_operate.html?command=get_materiel&rest_code=00105&code=00101008239&supplier_code=00100203&order_time=2020-11-21 HTTP/1.1" 200 416
180.162.245.190 - - [21/Nov/2020:09:12:54 +0800] "POST /xingrg/kc/buy/cgsh_order_operate.html HTTP/1.1" 200 75
101.85.228.137 - - [21/Nov/2020:09:12:54 +0800] "GET /xingrg/kc/buy/cgsh_order_operate.html?command=get_materiel&rest_code=00102&code=00101007085&supplier_code=00100002&order_time=2020-11-21 HTTP/1.1" 200 413
180.162.245.190 - - [21/Nov/2020:09:12:55 +0800] "GET /xingrg/all/function/internal_message.html?_=1605921173645&CODE_STATE=getMsg HTTP/1.1" 200 27
101.85.228.137 - - [21/Nov/2020:09:12:59 +0800] "GET /xingrg/all/function/internal_message.html?_=1605921400774&CODE_STATE=getMsg HTTP/1.1" 200 27
180.162.245.190 - - [21/Nov/2020:09:13:04 +0800] "POST /xingrg/kc/buy/cgsh_order_operate.html HTTP/1.1" 200 37
180.162.245.190 - - [21/Nov/2020:09:13:06 +0800] "POST /xingrg/kc/buy/cgsh_order_operate.html HTTP/1.1" 200 52902
180.157.253.48 - - [21/Nov/2020:09:13:07 +0800] "GET /xingrg/all/function/internal_message.html?_=1605921188110&CODE_STATE=getMsg HTTP/1.1" 200 27
58.35.246.33 - - [21/Nov/2020:09:13:08 +0800] "GET /xingrg/all/function/internal_message.html?_=1605921298071&CODE_STATE=getMsg HTTP/1.1" 200 27
58.35.246.33 - - [21/Nov/2020:09:13:08 +0800] "GET /xingrg/check_reg.html?_=1605921298075 HTTP/1.1" 200 22
114.84.37.38 - - [21/Nov/2020:09:13:08 +0800] "GET /xingrg/all/function/internal_message.html?_=1605921197231&CODE_STATE=getMsg HTTP/1.1" 200 27
120.253.135.82 - - [21/Nov/2020:09:13:09 +0800] "GET /xingrg/all/function/internal_message.html?_=1605921234720&CODE_STATE=getMsg HTTP/1.1" 200 27
120.253.135.82 - - [21/Nov/2020:09:13:15 +0800] "GET /xingrg/check_reg.html?_=1605920938747 HTTP/1.1" 200 22
180.174.56.115 - - [21/Nov/2020:09:13:15 +0800] "GET /xingrg/all/function/internal_message.html?_=1605921162628&CODE_STATE=getMsg HTTP/1.1" 200 27
120.253.135.82 - - [21/Nov/2020:09:13:15 +0800] "GET /xingrg/all/function/internal_message.html?_=1605920939422&CODE_STATE=getMsg HTTP/1.1" 200 27
222.69.132.253 - - [21/Nov/2020:09:13:16 +0800] "GET /xingrg/all/function/internal_message.html?_=1605921188318&CODE_STATE=getMsg HTTP/1.1" 200 27
222.69.132.253 - - [21/Nov/2020:09:13:16 +0800] "GET /xingrg/check_reg.html?_=1605921188340 HTTP/1.1" 200 22
101.85.228.137 - - [21/Nov/2020:09:13:18 +0800] "GET /xingrg/kc/buy/cgsh_order_operate.html?command=get_materiel&rest_code=00102&code=00101007038&supplier_code=00100002&order_time=2020-11-21 HTTP/1.1" 200 442
117.185.32.26 - - [21/Nov/2020:09:13:23 +0800] "GET /xingrg/all/function/internal_message.html?_=1605921196637&CODE_STATE=getMsg HTTP/1.1" 200 27
