114.84.37.38 - - [20/Nov/2020:10:04:44 +0800] "GET /xingrg/all/function/internal_message.html?_=1605837889936&CODE_STATE=getMsg HTTP/1.1" 200 27
180.157.253.48 - - [20/Nov/2020:10:04:45 +0800] "GET /xingrg/all/function/internal_message.html?_=1605837886330&CODE_STATE=getMsg HTTP/1.1" 200 27
180.174.56.115 - - [20/Nov/2020:10:04:48 +0800] "GET /xingrg/kc/buy/cgsh_order_operate.html?command=get_materiel&rest_code=00150&code=00101009011&supplier_code=00100424&order_time=2020-11-20 HTTP/1.1" 200 416
101.85.228.137 - - [20/Nov/2020:10:04:49 +0800] "GET /xingrg/all/function/internal_message.html?_=1605838110490&CODE_STATE=getMsg HTTP/1.1" 200 27
172.17.0.102 - - [20/Nov/2020:10:04:49 +0800] "GET /xingrg/check_reg.html?_=1605837889374 HTTP/1.1" 200 22
172.17.0.102 - - [20/Nov/2020:10:04:49 +0800] "GET /xingrg/all/function/internal_message.html?_=1605837889376&CODE_STATE=getMsg HTTP/1.1" 200 27
120.253.135.82 - - [20/Nov/2020:10:04:53 +0800] "GET /xingrg/javascript/jquery_easy_ui/themes/default/images/tree_checkbox_1.gif HTTP/1.1" 200 174
120.253.135.82 - - [20/Nov/2020:10:04:53 +0800] "GET /xingrg/javascript/jquery_easy_ui/themes/default/images/tree_checkbox_2.gif HTTP/1.1" 200 181
172.17.200.101 - - [20/Nov/2020:10:04:54 +0800] "GET /xingrg/all/function/internal_message.html?_=1605837894241&CODE_STATE=getMsg HTTP/1.1" 200 27
116.233.72.251 - - [20/Nov/2020:10:04:54 +0800] "GET /xingrg/check_reg.html?_=1605837993102 HTTP/1.1" 200 22
116.233.72.251 - - [20/Nov/2020:10:04:54 +0800] "GET /xingrg/all/function/internal_message.html?_=1605837993102&CODE_STATE=getMsg HTTP/1.1" 200 27
180.174.56.115 - - [20/Nov/2020:10:04:56 +0800] "GET /xingrg/kc/buy/cgsh_order_operate.html?command=get_materiel&rest_code=00150&code=00101009045&supplier_code=00100424&order_time=2020-11-20 HTTP/1.1" 200 412
120.253.135.82 - - [20/Nov/2020:10:04:56 +0800] "GET /xingrg/javascript/jquery_easy_ui/themes/default/images/tabs_active.png HTTP/1.1" 200 2894
101.85.228.137 - - [20/Nov/2020:10:04:57 +0800] "GET /xingrg/kc/buy/cgsh_order_operate.html?command=get_materiel&rest_code=00102&code=00101006115&supplier_code=00100011&order_time=2020-11-20 HTTP/1.1" 200 409
120.253.135.82 - - [20/Nov/2020:10:04:58 +0800] "GET /xingrg/javascript/multi_select/jqueryMultiSelect.css HTTP/1.1" 200 951
120.253.135.82 - - [20/Nov/2020:10:04:58 +0800] "GET /xingrg/javascript/calendar/timePicker.css HTTP/1.1" 200 523
120.253.135.82 - - [20/Nov/2020:10:04:58 +0800] "GET /xingrg/javascript/bigrid/fix.css HTTP/1.1" 200 1702
120.253.135.82 - - [20/Nov/2020:10:04:58 +0800] "GET /xingrg/all/report/report_query.html?fileName=kc/base/rk_by_base.xml&rh=9999 HTTP/1.1" 200 51953
120.253.135.82 - - [20/Nov/2020:10:04:58 +0800] "GET /xingrg/javascript/calendar/jquery.timePicker.min.js HTTP/1.1" 200 2997
120.253.135.82 - - [20/Nov/2020:10:04:58 +0800] "GET /xingrg/dwr/interface/AjaxReportQueryService.js HTTP/1.1" 200 13203
120.253.135.82 - - [20/Nov/2020:10:04:58 +0800] "GET /xingrg/javascript/bigrid/fix.js HTTP/1.1" 200 6439
120.253.135.82 - - [20/Nov/2020:10:04:58 +0800] "GET /xingrg/javascript/jqueryMultiSelect.js HTTP/1.1" 200 11866
120.253.135.82 - - [20/Nov/2020:10:04:58 +0800] "GET /xingrg/dwr/util.js HTTP/1.1" 200 35990
120.253.135.82 - - [20/Nov/2020:10:04:58 +0800] "GET /xingrg/javascript/Calendar.js HTTP/1.1" 200 31561
120.253.135.82 - - [20/Nov/2020:10:04:58 +0800] "GET /xingrg/dwr/engine.js HTTP/1.1" 200 43631
120.253.135.82 - - [20/Nov/2020:10:04:58 +0800] "GET /xingrg/images/blue/button/advanceover.gif HTTP/1.1" 200 1347
120.253.135.82 - - [20/Nov/2020:10:04:58 +0800] "GET /xingrg/images/blue/button/advance2over.gif HTTP/1.1" 200 1336
120.253.135.82 - - [20/Nov/2020:10:04:58 +0800] "GET /xingrg/images/blue/button/back2over.gif HTTP/1.1" 200 1335
120.253.135.82 - - [20/Nov/2020:10:04:58 +0800] "GET /xingrg/images/blue/button/backover.gif HTTP/1.1" 200 1348
120.253.135.82 - - [20/Nov/2020:10:04:58 +0800] "GET /xingrg/images/control/loading.gif HTTP/1.1" 200 13463
120.253.135.82 - - [20/Nov/2020:10:04:58 +0800] "GET /xingrg/javascript/jquery_easy_ui/themes/icons/help.png HTTP/1.1" 200 1187
120.253.135.82 - - [20/Nov/2020:10:04:58 +0800] "GET /xingrg/javascript/jquery_easy_ui/themes/icons/pencil.png HTTP/1.1" 200 713
120.253.135.82 - - [20/Nov/2020:10:04:58 +0800] "GET /xingrg/javascript/jquery_easy_ui/themes/default/images/menu_rightarrow.png HTTP/1.1" 200 3617
120.253.135.82 - - [20/Nov/2020:10:04:59 +0800] "POST /xingrg/all/common/load_tree.html?tree=materiel_sort_tree_json HTTP/1.1" 200 8666
120.253.135.82 - - [20/Nov/2020:10:04:59 +0800] "POST /xingrg/dwr/call/plaincall/AjaxReportQueryService.getFixDate.dwr HTTP/1.1" 200 111
120.253.135.82 - - [20/Nov/2020:10:04:59 +0800] "POST /xingrg/dwr/call/plaincall/AjaxReportQueryService.getInitString.dwr HTTP/1.1" 200 384
120.253.135.82 - - [20/Nov/2020:10:04:59 +0800] "GET /xingrg/javascript/multi_select/dropdown.gif HTTP/1.1" 200 61
180.174.56.115 - - [20/Nov/2020:10:05:00 +0800] "POST /xingrg/kc/buy/cgsh_order_operate.html HTTP/1.1" 200 37
172.17.0.120 - - [20/Nov/2020:10:05:00 +0800] "GET /xingrg/check_reg.html?_=1605838069018 HTTP/1.1" 200 22
172.17.0.120 - - [20/Nov/2020:10:05:00 +0800] "GET /xingrg/all/function/internal_message.html?_=1605838069022&CODE_STATE=getMsg HTTP/1.1" 200 27
180.174.56.115 - - [20/Nov/2020:10:05:01 +0800] "POST /xingrg/kc/buy/cgsh_order_operate.html HTTP/1.1" 200 5029
101.85.95.39 - - [20/Nov/2020:10:05:04 +0800] "GET /xingrg/all/function/internal_message.html?_=1605837637988&CODE_STATE=getMsg HTTP/1.1" 200 27
120.253.135.82 - - [20/Nov/2020:10:05:05 +0800] "GET /xingrg/all/function/internal_message.html?_=1605837952084&CODE_STATE=getMsg HTTP/1.1" 200 27
180.174.56.115 - - [20/Nov/2020:10:05:06 +0800] "GET /xingrg/check_reg.html?_=1605837903374 HTTP/1.1" 200 22
180.174.56.115 - - [20/Nov/2020:10:05:06 +0800] "GET /xingrg/all/function/internal_message.html?_=1605837903376&CODE_STATE=getMsg HTTP/1.1" 200 27
117.131.5.26 - - [20/Nov/2020:10:05:06 +0800] "POST /xingrg/services/DataTransmitService HTTP/1.1" 200 524
222.69.129.82 - - [20/Nov/2020:10:05:09 +0800] "GET /xingrg/all/function/internal_message.html?_=1605837902109&CODE_STATE=getMsg HTTP/1.1" 200 27
114.84.145.85 - - [20/Nov/2020:10:05:12 +0800] "GET /xingrg/all/function/internal_message.html?_=1605837502812&CODE_STATE=getMsg HTTP/1.1" 200 27
114.84.145.85 - - [20/Nov/2020:10:05:12 +0800] "GET /xingrg/check_reg.html?_=1605837911835 HTTP/1.1" 200 22
114.84.145.85 - - [20/Nov/2020:10:05:12 +0800] "GET /xingrg/all/function/internal_message.html?_=1605837911837&CODE_STATE=getMsg HTTP/1.1" 200 27
180.174.56.115 - - [20/Nov/2020:10:05:13 +0800] "GET /xingrg/kc/buy/cgsh_order_list.html HTTP/1.1" 200 45010
58.35.246.33 - - [20/Nov/2020:10:05:14 +0800] "GET /xingrg/all/function/internal_message.html?_=1605838023282&CODE_STATE=getMsg HTTP/1.1" 200 27
114.84.37.38 - - [20/Nov/2020:10:05:15 +0800] "GET /xingrg/all/function/internal_message.html?_=1605837932045&CODE_STATE=getMsg HTTP/1.1" 200 27
180.174.56.115 - - [20/Nov/2020:10:05:15 +0800] "POST /xingrg/kc/buy/cgsh_list_operate.html HTTP/1.1" 200 2413
172.17.0.103 - - [20/Nov/2020:10:05:17 +0800] "GET /xingrg/all/function/internal_message.html?_=1605837913954&CODE_STATE=getMsg HTTP/1.1" 200 27
180.174.56.115 - - [20/Nov/2020:10:05:19 +0800] "POST /xingrg/kc/buy/cgsh_list_operate.html HTTP/1.1" 200 575
180.174.56.115 - - [20/Nov/2020:10:05:22 +0800] "GET /xingrg/kc/buy/cgsh_order_info.html?code=212020112007674 HTTP/1.1" 200 60675
180.174.56.115 - - [20/Nov/2020:10:05:22 +0800] "GET /xingrg/javascript/easyui/themes/default/validatebox.css HTTP/1.1" 404 1104
180.174.56.115 - - [20/Nov/2020:10:05:22 +0800] "POST /xingrg/kc/buy/cgsh_order_operate.html HTTP/1.1" 200 42901
172.17.0.123 - - [20/Nov/2020:10:05:36 +0800] "GET /xingrg/all/function/internal_message.html?_=1605837874471&CODE_STATE=getMsg HTTP/1.1" 200 27
116.228.172.94 - - [20/Nov/2020:10:05:40 +0800] "GET /xingrg/kc/base/wldb_order_info.html?code=422020112002166 HTTP/1.1" 200 30604
120.253.135.82 - - [20/Nov/2020:10:05:40 +0800] "GET /xingrg/all/function/internal_message.html?_=1605837685385&CODE_STATE=getMsg HTTP/1.1" 200 27
180.162.245.190 - - [20/Nov/2020:10:05:41 +0800] "GET /xingrg/all/function/internal_message.html?_=1605837938902&CODE_STATE=getMsg HTTP/1.1" 200 27
116.228.172.94 - - [20/Nov/2020:10:05:41 +0800] "GET /xingrg/words/20201120093203_words.js HTTP/1.1" 200 776778
116.228.172.94 - - [20/Nov/2020:10:05:42 +0800] "GET /xingrg/javascript/easyui/themes/default/validatebox.css HTTP/1.1" 404 1104
116.228.172.94 - - [20/Nov/2020:10:05:43 +0800] "POST /xingrg/kc/base/wldb_order_operate.html HTTP/1.1" 200 2684
116.228.172.94 - - [20/Nov/2020:10:05:43 +0800] "GET /xingrg/kc/buy/buy_main.html HTTP/1.1" 200 12412
116.228.172.94 - - [20/Nov/2020:10:05:43 +0800] "GET /xingrg/css/new_ie.css HTTP/1.1" 404 1036
114.84.37.38 - - [20/Nov/2020:10:05:44 +0800] "GET /xingrg/all/function/internal_message.html?_=1605837949967&CODE_STATE=getMsg HTTP/1.1" 200 27
116.228.172.94 - - [20/Nov/2020:10:05:44 +0800] "GET /xingrg/kc/buy/cgsh_order_list.html HTTP/1.1" 200 45010
180.157.253.48 - - [20/Nov/2020:10:05:45 +0800] "GET /xingrg/all/function/internal_message.html?_=1605837946328&CODE_STATE=getMsg HTTP/1.1" 200 27
180.157.253.48 - - [20/Nov/2020:10:05:45 +0800] "GET /xingrg/check_reg.html?_=1605837946336 HTTP/1.1" 200 22
116.228.172.94 - - [20/Nov/2020:10:05:46 +0800] "POST /xingrg/kc/buy/cgsh_list_operate.html HTTP/1.1" 200 2737
101.85.228.137 - - [20/Nov/2020:10:05:49 +0800] "GET /xingrg/all/function/internal_message.html?_=1605838170688&CODE_STATE=getMsg HTTP/1.1" 200 27
116.228.172.94 - - [20/Nov/2020:10:05:49 +0800] "GET /xingrg/kc/buy/cgsh_order_add.html HTTP/1.1" 200 60830
172.17.0.102 - - [20/Nov/2020:10:05:49 +0800] "GET /xingrg/all/function/internal_message.html?_=1605837949376&CODE_STATE=getMsg HTTP/1.1" 200 27
116.228.172.94 - - [20/Nov/2020:10:05:50 +0800] "GET /xingrg/javascript/easyui/themes/default/validatebox.css HTTP/1.1" 404 1104
116.228.172.94 - - [20/Nov/2020:10:05:50 +0800] "POST /xingrg/kc/buy/cgsh_order_operate.html HTTP/1.1" 200 8245
116.228.172.94 - - [20/Nov/2020:10:05:52 +0800] "GET /xingrg/javascript/easyui/themes/default/tree.css HTTP/1.1" 404 1090
116.228.172.94 - - [20/Nov/2020:10:05:52 +0800] "POST /xingrg/all/common/load_tree.html?tree=supplier_tree_json&isDelete=1 HTTP/1.1" 200 51980
120.253.135.82 - - [20/Nov/2020:10:05:52 +0800] "GET /xingrg/kc/base/kc_stocks.html HTTP/1.1" 200 16386
120.253.135.82 - - [20/Nov/2020:10:05:52 +0800] "GET /xingrg/javascript/easyui/themes/default/tree.css HTTP/1.1" 404 1090
116.233.72.251 - - [20/Nov/2020:10:05:52 +0800] "GET /xingrg/all/function/internal_message.html?_=1605838053115&CODE_STATE=getMsg HTTP/1.1" 200 27
120.253.135.82 - - [20/Nov/2020:10:05:52 +0800] "POST /xingrg/all/common/load_tree.html?tree=materiel_sort_tree_json HTTP/1.1" 200 8666
120.253.135.82 - - [20/Nov/2020:10:05:54 +0800] "POST /xingrg/all/common/load_combo.html?type=base HTTP/1.1" 200 984
172.17.200.101 - - [20/Nov/2020:10:05:54 +0800] "GET /xingrg/all/function/internal_message.html?_=1605837954241&CODE_STATE=getMsg HTTP/1.1" 200 27
101.85.228.137 - - [20/Nov/2020:10:05:58 +0800] "GET /xingrg/kc/buy/cgsh_order_operate.html?command=get_materiel&rest_code=00102&code=00101016104&supplier_code=00100011&order_time=2020-11-20 HTTP/1.1" 200 409
172.17.0.120 - - [20/Nov/2020:10:06:01 +0800] "GET /xingrg/all/function/internal_message.html?_=1605838129027&CODE_STATE=getMsg HTTP/1.1" 200 27
101.85.95.39 - - [20/Nov/2020:10:06:04 +0800] "GET /xingrg/all/function/internal_message.html?_=1605837697987&CODE_STATE=getMsg HTTP/1.1" 200 27
120.253.135.82 - - [20/Nov/2020:10:06:05 +0800] "GET /xingrg/all/function/internal_message.html?_=1605838012097&CODE_STATE=getMsg HTTP/1.1" 200 27
180.174.56.115 - - [20/Nov/2020:10:06:06 +0800] "GET /xingrg/all/function/internal_message.html?_=1605837963377&CODE_STATE=getMsg HTTP/1.1" 200 27
120.253.135.82 - - [20/Nov/2020:10:06:06 +0800] "POST /xingrg/kc/base/stock_operate.html HTTP/1.1" 200 1457
114.84.37.38 - - [20/Nov/2020:10:06:08 +0800] "GET /xingrg/check_reg.html?_=1605837974325 HTTP/1.1" 200 22
222.69.129.82 - - [20/Nov/2020:10:06:09 +0800] "GET /xingrg/all/function/internal_message.html?_=1605837962081&CODE_STATE=getMsg HTTP/1.1" 200 27
58.35.246.33 - - [20/Nov/2020:10:06:09 +0800] "GET /xingrg/check_reg.html?_=1605837964194 HTTP/1.1" 200 22
114.84.145.85 - - [20/Nov/2020:10:06:12 +0800] "GET /xingrg/all/function/internal_message.html?_=1605837562781&CODE_STATE=getMsg HTTP/1.1" 200 27
114.84.145.85 - - [20/Nov/2020:10:06:12 +0800] "GET /xingrg/all/function/internal_message.html?_=1605837971846&CODE_STATE=getMsg HTTP/1.1" 200 27
58.35.246.33 - - [20/Nov/2020:10:06:14 +0800] "GET /xingrg/all/function/internal_message.html?_=1605838083283&CODE_STATE=getMsg HTTP/1.1" 200 27
114.84.37.38 - - [20/Nov/2020:10:06:15 +0800] "GET /xingrg/all/function/internal_message.html?_=1605837992774&CODE_STATE=getMsg HTTP/1.1" 200 27
172.17.0.103 - - [20/Nov/2020:10:06:17 +0800] "GET /xingrg/all/function/internal_message.html?_=1605837973953&CODE_STATE=getMsg HTTP/1.1" 200 27
116.228.172.94 - - [20/Nov/2020:10:06:18 +0800] "GET /xingrg/kc/buy/cgsh_order_operate.html?command=get_materiel&rest_code=00107&code=00101018019&supplier_code=00100041&order_time=2020-11-20 HTTP/1.1" 200 421
116.228.172.94 - - [20/Nov/2020:10:06:20 +0800] "GET /xingrg/all/function/internal_message.html?_=1605837974700&CODE_STATE=getMsg HTTP/1.1" 200 27
101.85.228.137 - - [20/Nov/2020:10:06:25 +0800] "GET /xingrg/kc/buy/cgsh_order_operate.html?command=get_materiel&rest_code=00102&code=00101006133&supplier_code=00100011&order_time=2020-11-20 HTTP/1.1" 200 413
116.228.172.94 - - [20/Nov/2020:10:06:30 +0800] "GET /xingrg/kc/buy/cgsh_order_operate.html?command=get_materiel&rest_code=00107&code=00101010161&supplier_code=00100041&order_time=2020-11-20 HTTP/1.1" 200 409
172.17.0.123 - - [20/Nov/2020:10:06:36 +0800] "GET /xingrg/all/function/internal_message.html?_=1605837934471&CODE_STATE=getMsg HTTP/1.1" 200 27
120.253.135.82 - - [20/Nov/2020:10:06:40 +0800] "GET /xingrg/all/function/internal_message.html?_=1605837745400&CODE_STATE=getMsg HTTP/1.1" 200 27
180.162.245.190 - - [20/Nov/2020:10:06:41 +0800] "GET /xingrg/all/function/internal_message.html?_=1605837998902&CODE_STATE=getMsg HTTP/1.1" 200 27
114.84.37.38 - - [20/Nov/2020:10:06:44 +0800] "GET /xingrg/all/function/internal_message.html?_=1605838009978&CODE_STATE=getMsg HTTP/1.1" 200 27
180.157.253.48 - - [20/Nov/2020:10:06:45 +0800] "GET /xingrg/all/function/internal_message.html?_=1605838006328&CODE_STATE=getMsg HTTP/1.1" 200 27
114.84.145.85 - - [20/Nov/2020:10:06:46 +0800] "GET /xingrg/check_reg.html?_=1605837597227 HTTP/1.1" 200 22
114.84.37.38 - - [20/Nov/2020:10:06:48 +0800] "GET /xingrg/check_reg.html?_=1605838024954 HTTP/1.1" 200 22
116.228.172.94 - - [20/Nov/2020:10:06:48 +0800] "GET /xingrg/kc/buy/cgsh_order_operate.html?command=get_materiel&rest_code=00107&code=00101001010&supplier_code=00100041&order_time=2020-11-20 HTTP/1.1" 200 408
101.85.228.137 - - [20/Nov/2020:10:06:49 +0800] "GET /xingrg/all/function/internal_message.html?_=1605838230724&CODE_STATE=getMsg HTTP/1.1" 200 27
172.17.0.102 - - [20/Nov/2020:10:06:49 +0800] "GET /xingrg/all/function/internal_message.html?_=1605838009375&CODE_STATE=getMsg HTTP/1.1" 200 27
116.233.72.251 - - [20/Nov/2020:10:06:50 +0800] "GET /xingrg/all/function/internal_message.html?_=1605838113122&CODE_STATE=getMsg HTTP/1.1" 200 27
172.17.200.101 - - [20/Nov/2020:10:06:54 +0800] "GET /xingrg/all/function/internal_message.html?_=1605838014241&CODE_STATE=getMsg HTTP/1.1" 200 27
172.17.0.120 - - [20/Nov/2020:10:07:01 +0800] "GET /xingrg/all/function/internal_message.html?_=1605838189023&CODE_STATE=getMsg HTTP/1.1" 200 27
101.85.95.39 - - [20/Nov/2020:10:07:04 +0800] "GET /xingrg/check_reg.html?_=1605837757992 HTTP/1.1" 200 22
101.85.95.39 - - [20/Nov/2020:10:07:04 +0800] "GET /xingrg/all/function/internal_message.html?_=1605837757987&CODE_STATE=getMsg HTTP/1.1" 200 27
120.253.135.82 - - [20/Nov/2020:10:07:05 +0800] "GET /xingrg/all/function/internal_message.html?_=1605838072112&CODE_STATE=getMsg HTTP/1.1" 200 27
116.228.172.94 - - [20/Nov/2020:10:07:05 +0800] "POST /xingrg/kc/buy/cgsh_order_operate.html HTTP/1.1" 200 37
180.174.56.115 - - [20/Nov/2020:10:07:06 +0800] "GET /xingrg/all/function/internal_message.html?_=1605838023451&CODE_STATE=getMsg HTTP/1.1" 200 27
116.228.172.94 - - [20/Nov/2020:10:07:07 +0800] "POST /xingrg/kc/buy/cgsh_order_operate.html HTTP/1.1" 200 3841
116.228.172.94 - - [20/Nov/2020:10:07:08 +0800] "GET /xingrg/kc/print/load_data.html?order_code=212020112007708&kc_code=cgsh&condition= HTTP/1.1" 200 1137
222.69.129.82 - - [20/Nov/2020:10:07:09 +0800] "GET /xingrg/all/function/internal_message.html?_=1605838022065&CODE_STATE=getMsg HTTP/1.1" 200 27
222.69.129.82 - - [20/Nov/2020:10:07:10 +0800] "GET /xingrg/check_reg.html?_=1605838023321 HTTP/1.1" 200 22
114.84.145.85 - - [20/Nov/2020:10:07:12 +0800] "GET /xingrg/all/function/internal_message.html?_=1605837622759&CODE_STATE=getMsg HTTP/1.1" 200 27
114.84.145.85 - - [20/Nov/2020:10:07:12 +0800] "GET /xingrg/all/function/internal_message.html?_=1605838031834&CODE_STATE=getMsg HTTP/1.1" 200 27
58.35.246.33 - - [20/Nov/2020:10:07:14 +0800] "GET /xingrg/all/function/internal_message.html?_=1605838143282&CODE_STATE=getMsg HTTP/1.1" 200 27
114.84.37.38 - - [20/Nov/2020:10:07:15 +0800] "GET /xingrg/all/function/internal_message.html?_=1605838052853&CODE_STATE=getMsg HTTP/1.1" 200 27
114.84.145.85 - - [20/Nov/2020:10:07:16 +0800] "GET /xingrg/kc/buy/cgsh_order_operate.html?command=get_materiel&rest_code=00141&code=00101016025&supplier_code=00100036&order_time=2020-11-20 HTTP/1.1" 200 408
172.17.0.103 - - [20/Nov/2020:10:07:17 +0800] "GET /xingrg/all/function/internal_message.html?_=1605838033952&CODE_STATE=getMsg HTTP/1.1" 200 27
101.91.60.11 - - [20/Nov/2020:10:07:19 +0800] "GET /xingrg/kc/print/load_config.html?kc_code=cgsh HTTP/1.1" 302 -
116.228.172.94 - - [20/Nov/2020:10:07:20 +0800] "GET /xingrg/all/function/internal_message.html?_=1605838034682&CODE_STATE=getMsg HTTP/1.1" 200 27
101.91.60.11 - - [20/Nov/2020:10:07:23 +0800] "GET /xingrg/login.html HTTP/1.1" 200 7641
114.84.145.85 - - [20/Nov/2020:10:07:24 +0800] "GET /xingrg/kc/buy/cgsh_order_operate.html?command=get_materiel&rest_code=00141&code=00101012019&supplier_code=00100036&order_time=2020-11-20 HTTP/1.1" 200 412
172.17.0.123 - - [20/Nov/2020:10:07:36 +0800] "GET /xingrg/all/function/internal_message.html?_=1605837994473&CODE_STATE=getMsg HTTP/1.1" 200 27
172.17.0.123 - - [20/Nov/2020:10:07:36 +0800] "GET /xingrg/check_reg.html?_=1605837994477 HTTP/1.1" 200 22
120.253.135.82 - - [20/Nov/2020:10:07:40 +0800] "GET /xingrg/all/function/internal_message.html?_=1605837805580&CODE_STATE=getMsg HTTP/1.1" 200 27
180.162.245.190 - - [20/Nov/2020:10:07:41 +0800] "GET /xingrg/all/function/internal_message.html?_=1605838058891&CODE_STATE=getMsg HTTP/1.1" 200 27
114.84.145.85 - - [20/Nov/2020:10:07:41 +0800] "GET /xingrg/kc/buy/cgsh_order_operate.html?command=get_materiel&rest_code=00141&code=00101019670&supplier_code=00100036&order_time=2020-11-20 HTTP/1.1" 200 422
114.84.37.38 - - [20/Nov/2020:10:07:44 +0800] "GET /xingrg/all/function/internal_message.html?_=1605838069992&CODE_STATE=getMsg HTTP/1.1" 200 27
180.157.253.48 - - [20/Nov/2020:10:07:45 +0800] "GET /xingrg/all/function/internal_message.html?_=1605838066319&CODE_STATE=getMsg HTTP/1.1" 200 27
116.233.72.251 - - [20/Nov/2020:10:07:48 +0800] "GET /xingrg/all/function/internal_message.html?_=1605838173117&CODE_STATE=getMsg HTTP/1.1" 200 27
101.85.228.137 - - [20/Nov/2020:10:07:49 +0800] "GET /xingrg/all/function/internal_message.html?_=1605838290750&CODE_STATE=getMsg HTTP/1.1" 200 27
172.17.0.102 - - [20/Nov/2020:10:07:49 +0800] "GET /xingrg/all/function/internal_message.html?_=1605838069376&CODE_STATE=getMsg HTTP/1.1" 200 27
114.84.145.85 - - [20/Nov/2020:10:07:51 +0800] "GET /xingrg/kc/buy/cgsh_order_operate.html?command=get_materiel&rest_code=00141&code=00101016105&supplier_code=00100036&order_time=2020-11-20 HTTP/1.1" 200 409
116.228.172.94 - - [20/Nov/2020:10:07:53 +0800] "GET /xingrg/kc/buy/cgsh_order_add.html HTTP/1.1" 200 60830
116.228.172.94 - - [20/Nov/2020:10:07:54 +0800] "POST /xingrg/kc/buy/cgsh_order_operate.html HTTP/1.1" 200 8245
116.228.172.94 - - [20/Nov/2020:10:07:54 +0800] "GET /xingrg/javascript/easyui/themes/default/validatebox.css HTTP/1.1" 404 1104
172.17.200.101 - - [20/Nov/2020:10:07:54 +0800] "GET /xingrg/check_reg.html?_=1605838074240 HTTP/1.1" 200 22
172.17.200.101 - - [20/Nov/2020:10:07:54 +0800] "GET /xingrg/all/function/internal_message.html?_=1605838074245&CODE_STATE=getMsg HTTP/1.1" 200 27
116.228.172.94 - - [20/Nov/2020:10:07:57 +0800] "GET /xingrg/javascript/easyui/themes/default/tree.css HTTP/1.1" 404 1090
116.228.172.94 - - [20/Nov/2020:10:07:57 +0800] "POST /xingrg/all/common/load_tree.html?tree=supplier_tree_json&isDelete=1 HTTP/1.1" 200 51980
58.221.95.50 - - [20/Nov/2020:10:07:58 +0800] "GET /xingrg/check_reg.html?_=1605838081216 HTTP/1.1" 302 -
114.84.145.85 - - [20/Nov/2020:10:07:59 +0800] "GET /xingrg/kc/buy/cgsh_order_operate.html?command=get_materiel&rest_code=00141&code=00101016053&supplier_code=00100036&order_time=2020-11-20 HTTP/1.1" 200 408
172.17.0.120 - - [20/Nov/2020:10:08:00 +0800] "GET /xingrg/all/function/internal_message.html?_=1605838249015&CODE_STATE=getMsg HTTP/1.1" 200 27
101.85.95.39 - - [20/Nov/2020:10:08:04 +0800] "GET /xingrg/all/function/internal_message.html?_=1605837817991&CODE_STATE=getMsg HTTP/1.1" 200 27
120.253.135.82 - - [20/Nov/2020:10:08:05 +0800] "GET /xingrg/all/function/internal_message.html?_=1605838132125&CODE_STATE=getMsg HTTP/1.1" 200 27
180.174.56.115 - - [20/Nov/2020:10:08:06 +0800] "GET /xingrg/all/function/internal_message.html?_=1605838083384&CODE_STATE=getMsg HTTP/1.1" 200 27
114.84.145.85 - - [20/Nov/2020:10:08:09 +0800] "GET /xingrg/kc/buy/cgsh_order_operate.html?command=get_materiel&rest_code=00141&code=00101012051&supplier_code=00100036&order_time=2020-11-20 HTTP/1.1" 200 408
222.69.129.82 - - [20/Nov/2020:10:08:09 +0800] "GET /xingrg/all/function/internal_message.html?_=1605838082045&CODE_STATE=getMsg HTTP/1.1" 200 27
114.84.145.85 - - [20/Nov/2020:10:08:12 +0800] "GET /xingrg/all/function/internal_message.html?_=1605837682735&CODE_STATE=getMsg HTTP/1.1" 200 27
114.84.145.85 - - [20/Nov/2020:10:08:12 +0800] "GET /xingrg/all/function/internal_message.html?_=1605838091865&CODE_STATE=getMsg HTTP/1.1" 200 27
58.35.246.33 - - [20/Nov/2020:10:08:14 +0800] "GET /xingrg/all/function/internal_message.html?_=1605838203276&CODE_STATE=getMsg HTTP/1.1" 200 27
116.228.172.94 - - [20/Nov/2020:10:08:15 +0800] "GET /xingrg/kc/buy/cgsh_order_operate.html?command=get_materiel&rest_code=00107&code=00101012045&supplier_code=00100326&order_time=2020-11-20 HTTP/1.1" 200 409
114.84.37.38 - - [20/Nov/2020:10:08:15 +0800] "GET /xingrg/all/function/internal_message.html?_=1605838112877&CODE_STATE=getMsg HTTP/1.1" 200 27
172.17.0.103 - - [20/Nov/2020:10:08:17 +0800] "GET /xingrg/all/function/internal_message.html?_=1605838093951&CODE_STATE=getMsg HTTP/1.1" 200 27
172.17.0.103 - - [20/Nov/2020:10:08:17 +0800] "GET /xingrg/check_reg.html?_=1605838093955 HTTP/1.1" 200 22
116.228.172.94 - - [20/Nov/2020:10:08:20 +0800] "GET /xingrg/all/function/internal_message.html?_=1605838094655&CODE_STATE=getMsg HTTP/1.1" 200 27
116.228.172.94 - - [20/Nov/2020:10:08:23 +0800] "POST /xingrg/kc/buy/cgsh_order_operate.html HTTP/1.1" 200 37
114.84.145.85 - - [20/Nov/2020:10:08:23 +0800] "GET /xingrg/kc/buy/cgsh_order_operate.html?command=get_materiel&rest_code=00141&code=00101012002&supplier_code=00100036&order_time=2020-11-20 HTTP/1.1" 200 419
58.35.246.33 - - [20/Nov/2020:10:08:24 +0800] "GET /xingrg/kc/buy/cgsh_order_add.html HTTP/1.1" 200 60742
58.35.246.33 - - [20/Nov/2020:10:08:24 +0800] "GET /xingrg/words/20201120093203_words.js HTTP/1.1" 200 776778
58.35.246.33 - - [20/Nov/2020:10:08:24 +0800] "POST /xingrg/kc/buy/cgsh_order_operate.html HTTP/1.1" 200 8245
58.35.246.33 - - [20/Nov/2020:10:08:24 +0800] "GET /xingrg/javascript/easyui/themes/default/validatebox.css HTTP/1.1" 404 1104
116.228.172.94 - - [20/Nov/2020:10:08:25 +0800] "POST /xingrg/kc/buy/cgsh_order_operate.html HTTP/1.1" 200 2654
116.228.172.94 - - [20/Nov/2020:10:08:26 +0800] "GET /xingrg/kc/print/load_data.html?order_code=212020112007709&kc_code=cgsh&condition= HTTP/1.1" 200 673
120.253.135.82 - - [20/Nov/2020:10:08:28 +0800] "GET /xingrg/check_reg.html?_=1605837853183 HTTP/1.1" 200 22
116.228.172.94 - - [20/Nov/2020:10:08:33 +0800] "GET /xingrg/kc/buy/cgsh_order_add.html HTTP/1.1" 200 60830
116.228.172.94 - - [20/Nov/2020:10:08:34 +0800] "GET /xingrg/javascript/easyui/themes/default/validatebox.css HTTP/1.1" 404 1104
116.228.172.94 - - [20/Nov/2020:10:08:34 +0800] "POST /xingrg/kc/buy/cgsh_order_operate.html HTTP/1.1" 200 8245
116.228.172.94 - - [20/Nov/2020:10:08:36 +0800] "GET /xingrg/javascript/easyui/themes/default/tree.css HTTP/1.1" 404 1090
116.228.172.94 - - [20/Nov/2020:10:08:36 +0800] "POST /xingrg/all/common/load_tree.html?tree=supplier_tree_json&isDelete=1 HTTP/1.1" 200 51980
114.84.145.85 - - [20/Nov/2020:10:08:36 +0800] "POST /xingrg/kc/buy/cgsh_order_operate.html HTTP/1.1" 200 37
172.17.0.123 - - [20/Nov/2020:10:08:37 +0800] "GET /xingrg/all/function/internal_message.html?_=1605838054477&CODE_STATE=getMsg HTTP/1.1" 200 27
114.84.145.85 - - [20/Nov/2020:10:08:38 +0800] "POST /xingrg/kc/buy/cgsh_order_operate.html HTTP/1.1" 200 12
101.85.228.137 - - [20/Nov/2020:10:08:39 +0800] "GET /xingrg/check_reg.html?_=1605838340093 HTTP/1.1" 200 22
114.84.145.85 - - [20/Nov/2020:10:08:39 +0800] "GET /xingrg/kc/buy/cgsh_order_info.html?code=212020112007710 HTTP/1.1" 200 55653
114.84.145.85 - - [20/Nov/2020:10:08:39 +0800] "GET /xingrg/javascript/easyui/themes/default/validatebox.css HTTP/1.1" 404 1104
114.84.145.85 - - [20/Nov/2020:10:08:39 +0800] "POST /xingrg/kc/buy/cgsh_order_operate.html HTTP/1.1" 200 4742
114.84.145.85 - - [20/Nov/2020:10:08:40 +0800] "GET /xingrg/kc/print/load_data.html?order_code=212020112007710&kc_code=cgsh&condition= HTTP/1.1" 200 2351
120.253.135.82 - - [20/Nov/2020:10:08:40 +0800] "GET /xingrg/all/function/internal_message.html?_=1605837865583&CODE_STATE=getMsg HTTP/1.1" 200 27
180.162.245.190 - - [20/Nov/2020:10:08:41 +0800] "GET /xingrg/all/function/internal_message.html?_=1605838118889&CODE_STATE=getMsg HTTP/1.1" 200 27
114.84.37.38 - - [20/Nov/2020:10:08:44 +0800] "GET /xingrg/all/function/internal_message.html?_=1605838130025&CODE_STATE=getMsg HTTP/1.1" 200 27
180.157.253.48 - - [20/Nov/2020:10:08:45 +0800] "GET /xingrg/all/function/internal_message.html?_=1605838126336&CODE_STATE=getMsg HTTP/1.1" 200 27
116.233.72.251 - - [20/Nov/2020:10:08:46 +0800] "GET /xingrg/all/function/internal_message.html?_=1605838233119&CODE_STATE=getMsg HTTP/1.1" 200 27
114.84.145.85 - - [20/Nov/2020:10:08:47 +0800] "GET /xingrg/kc/buy/cgsh_order_add.html HTTP/1.1" 200 60748
114.84.145.85 - - [20/Nov/2020:10:08:48 +0800] "POST /xingrg/kc/buy/cgsh_order_operate.html HTTP/1.1" 200 8245
114.84.145.85 - - [20/Nov/2020:10:08:48 +0800] "GET /xingrg/javascript/easyui/themes/default/validatebox.css HTTP/1.1" 404 1104
101.85.228.137 - - [20/Nov/2020:10:08:49 +0800] "GET /xingrg/all/function/internal_message.html?_=1605838350762&CODE_STATE=getMsg HTTP/1.1" 200 27
172.17.0.102 - - [20/Nov/2020:10:08:49 +0800] "GET /xingrg/all/function/internal_message.html?_=1605838129375&CODE_STATE=getMsg HTTP/1.1" 200 27
172.17.200.101 - - [20/Nov/2020:10:08:54 +0800] "GET /xingrg/all/function/internal_message.html?_=1605838134240&CODE_STATE=getMsg HTTP/1.1" 200 27
114.84.145.85 - - [20/Nov/2020:10:08:55 +0800] "GET /xingrg/kc/buy/cgsh_order_operate.html?command=get_materiel&rest_code=00141&code=00101006111&supplier_code=00100012&order_time=2020-11-20 HTTP/1.1" 200 409
58.35.246.33 - - [20/Nov/2020:10:08:59 +0800] "GET /xingrg/kc/buy/cgsh_order_operate.html?command=get_materiel&rest_code=00111&code=00101010537&supplier_code=00100329&order_time=2020-11-20 HTTP/1.1" 200 422
172.17.0.120 - - [20/Nov/2020:10:09:00 +0800] "GET /xingrg/all/function/internal_message.html?_=1605838309017&CODE_STATE=getMsg HTTP/1.1" 200 27
101.85.95.39 - - [20/Nov/2020:10:09:04 +0800] "GET /xingrg/all/function/internal_message.html?_=1605837877990&CODE_STATE=getMsg HTTP/1.1" 200 27
120.253.135.82 - - [20/Nov/2020:10:09:05 +0800] "GET /xingrg/check_reg.html?_=1605838192075 HTTP/1.1" 200 22
120.253.135.82 - - [20/Nov/2020:10:09:05 +0800] "GET /xingrg/all/function/internal_message.html?_=1605838192139&CODE_STATE=getMsg HTTP/1.1" 200 27
180.174.56.115 - - [20/Nov/2020:10:09:06 +0800] "GET /xingrg/all/function/internal_message.html?_=1605838143379&CODE_STATE=getMsg HTTP/1.1" 200 27
114.84.145.85 - - [20/Nov/2020:10:09:06 +0800] "GET /xingrg/kc/buy/cgsh_order_operate.html?command=get_materiel&rest_code=00141&code=00101006057&supplier_code=00100012&order_time=2020-11-20 HTTP/1.1" 200 413
116.228.172.94 - - [20/Nov/2020:10:09:07 +0800] "GET /xingrg/kc/buy/cgsh_order_operate.html?command=get_materiel&rest_code=00107&code=00101006038&supplier_code=00100342&order_time=2020-11-20 HTTP/1.1" 200 421
101.227.139.173 - - [20/Nov/2020:10:09:08 +0800] "GET /xingrg/all/function/internal_message.html?_=1605837431819&CODE_STATE=getMsg HTTP/1.1" 302 -
222.69.129.82 - - [20/Nov/2020:10:09:09 +0800] "GET /xingrg/all/function/internal_message.html?_=1605838142032&CODE_STATE=getMsg HTTP/1.1" 200 27
101.85.228.137 - - [20/Nov/2020:10:09:11 +0800] "POST /xingrg/kc/buy/cgsh_order_operate.html HTTP/1.1" 200 37
114.84.145.85 - - [20/Nov/2020:10:09:12 +0800] "GET /xingrg/all/function/internal_message.html?_=1605837742705&CODE_STATE=getMsg HTTP/1.1" 200 27
114.84.145.85 - - [20/Nov/2020:10:09:12 +0800] "GET /xingrg/all/function/internal_message.html?_=1605838151866&CODE_STATE=getMsg HTTP/1.1" 200 27
101.227.139.173 - - [20/Nov/2020:10:09:13 +0800] "GET /xingrg/login.html HTTP/1.1" 200 7641
58.35.246.33 - - [20/Nov/2020:10:09:14 +0800] "GET /xingrg/check_reg.html?_=1605838263307 HTTP/1.1" 200 22
58.35.246.33 - - [20/Nov/2020:10:09:14 +0800] "GET /xingrg/all/function/internal_message.html?_=1605838263304&CODE_STATE=getMsg HTTP/1.1" 200 27
101.85.228.137 - - [20/Nov/2020:10:09:14 +0800] "POST /xingrg/kc/buy/cgsh_order_operate.html HTTP/1.1" 200 12
114.84.37.38 - - [20/Nov/2020:10:09:16 +0800] "GET /xingrg/all/function/internal_message.html?_=1605838173542&CODE_STATE=getMsg HTTP/1.1" 200 27
172.17.0.103 - - [20/Nov/2020:10:09:17 +0800] "GET /xingrg/all/function/internal_message.html?_=1605838153955&CODE_STATE=getMsg HTTP/1.1" 200 27
180.174.56.115 - - [20/Nov/2020:10:09:17 +0800] "POST /xingrg/services/DataTransmitService HTTP/1.1" 200 524
180.174.56.115 - - [20/Nov/2020:10:09:17 +0800] "POST /xingrg/services/DataTransmitService HTTP/1.1" 200 1863
180.174.56.115 - - [20/Nov/2020:10:09:18 +0800] "POST /xingrg/services/DataTransmitService HTTP/1.1" 200 87356
101.85.228.137 - - [20/Nov/2020:10:09:18 +0800] "GET /xingrg/kc/buy/cgsh_order_info.html?code=212020112007711 HTTP/1.1" 200 55602
101.85.228.137 - - [20/Nov/2020:10:09:19 +0800] "GET /xingrg/javascript/easyui/themes/default/validatebox.css HTTP/1.1" 404 1104
114.84.145.85 - - [20/Nov/2020:10:09:19 +0800] "GET /xingrg/kc/buy/cgsh_order_operate.html?command=get_materiel&rest_code=00141&code=00101006055&supplier_code=00100012&order_time=2020-11-20 HTTP/1.1" 200 409
101.85.228.137 - - [20/Nov/2020:10:09:19 +0800] "POST /xingrg/kc/buy/cgsh_order_operate.html HTTP/1.1" 200 4799
116.228.172.94 - - [20/Nov/2020:10:09:20 +0800] "GET /xingrg/all/function/internal_message.html?_=1605838154631&CODE_STATE=getMsg HTTP/1.1" 200 27
116.228.172.94 - - [20/Nov/2020:10:09:26 +0800] "POST /xingrg/kc/buy/cgsh_order_operate.html HTTP/1.1" 200 37
116.228.172.94 - - [20/Nov/2020:10:09:28 +0800] "POST /xingrg/kc/buy/cgsh_order_operate.html HTTP/1.1" 200 2668
101.85.228.137 - - [20/Nov/2020:10:09:29 +0800] "GET /xingrg/kc/print/load_config.html?kc_code=cgsh HTTP/1.1" 200 1845
101.85.228.137 - - [20/Nov/2020:10:09:29 +0800] "GET /xingrg/kc/print/load_data.html?order_code=212020112007711&kc_code=cgsh&condition= HTTP/1.1" 200 2388
116.228.172.94 - - [20/Nov/2020:10:09:30 +0800] "GET /xingrg/kc/print/load_data.html?order_code=212020112007712&kc_code=cgsh&condition= HTTP/1.1" 200 688
114.84.145.85 - - [20/Nov/2020:10:09:30 +0800] "GET /xingrg/kc/buy/cgsh_order_operate.html?command=get_materiel&rest_code=00141&code=00101006062&supplier_code=00100012&order_time=2020-11-20 HTTP/1.1" 200 409
116.228.172.94 - - [20/Nov/2020:10:09:36 +0800] "GET /xingrg/kc/buy/cgsh_order_add.html HTTP/1.1" 200 60830
116.228.172.94 - - [20/Nov/2020:10:09:36 +0800] "GET /xingrg/words/20201120093203_words.js HTTP/1.1" 304 -
172.17.0.123 - - [20/Nov/2020:10:09:37 +0800] "GET /xingrg/all/function/internal_message.html?_=1605838114479&CODE_STATE=getMsg HTTP/1.1" 200 27
116.228.172.94 - - [20/Nov/2020:10:09:37 +0800] "GET /xingrg/javascript/easyui/themes/default/validatebox.css HTTP/1.1" 404 1104
116.228.172.94 - - [20/Nov/2020:10:09:37 +0800] "POST /xingrg/kc/buy/cgsh_order_operate.html HTTP/1.1" 200 8245
58.35.246.33 - - [20/Nov/2020:10:09:38 +0800] "POST /xingrg/kc/buy/cgsh_order_operate.html HTTP/1.1" 200 37
116.228.172.94 - - [20/Nov/2020:10:09:39 +0800] "GET /xingrg/javascript/easyui/themes/default/tree.css HTTP/1.1" 404 1090
116.228.172.94 - - [20/Nov/2020:10:09:39 +0800] "POST /xingrg/all/common/load_tree.html?tree=supplier_tree_json&isDelete=1 HTTP/1.1" 200 51980
58.35.246.33 - - [20/Nov/2020:10:09:39 +0800] "POST /xingrg/kc/buy/cgsh_order_operate.html HTTP/1.1" 200 2673
58.35.246.33 - - [20/Nov/2020:10:09:40 +0800] "GET /xingrg/kc/print/load_data.html?order_code=212020112007713&kc_code=cgsh&condition= HTTP/1.1" 200 691
120.253.135.82 - - [20/Nov/2020:10:09:40 +0800] "GET /xingrg/all/function/internal_message.html?_=1605837925596&CODE_STATE=getMsg HTTP/1.1" 200 27
180.162.245.190 - - [20/Nov/2020:10:09:41 +0800] "GET /xingrg/all/function/internal_message.html?_=1605838178904&CODE_STATE=getMsg HTTP/1.1" 200 27
180.162.245.190 - - [20/Nov/2020:10:09:41 +0800] "GET /xingrg/check_reg.html?_=1605838178907 HTTP/1.1" 200 22
116.233.72.251 - - [20/Nov/2020:10:09:44 +0800] "GET /xingrg/check_reg.html?_=1605838293113 HTTP/1.1" 200 22
116.233.72.251 - - [20/Nov/2020:10:09:44 +0800] "GET /xingrg/all/function/internal_message.html?_=1605838293113&CODE_STATE=getMsg HTTP/1.1" 200 27
114.84.37.38 - - [20/Nov/2020:10:09:44 +0800] "GET /xingrg/all/function/internal_message.html?_=1605838190035&CODE_STATE=getMsg HTTP/1.1" 200 27
114.84.145.85 - - [20/Nov/2020:10:09:45 +0800] "GET /xingrg/kc/buy/cgsh_order_operate.html?command=get_materiel&rest_code=00141&code=00101006038&supplier_code=00100012&order_time=2020-11-20 HTTP/1.1" 200 421
180.157.253.48 - - [20/Nov/2020:10:09:45 +0800] "GET /xingrg/all/function/internal_message.html?_=1605838186350&CODE_STATE=getMsg HTTP/1.1" 200 27
58.35.246.33 - - [20/Nov/2020:10:09:48 +0800] "GET /xingrg/kc/buy/cgsh_order_add.html HTTP/1.1" 200 60742
58.35.246.33 - - [20/Nov/2020:10:09:48 +0800] "GET /xingrg/javascript/easyui/themes/default/validatebox.css HTTP/1.1" 404 1104
58.35.246.33 - - [20/Nov/2020:10:09:48 +0800] "POST /xingrg/kc/buy/cgsh_order_operate.html HTTP/1.1" 200 8245
101.85.228.137 - - [20/Nov/2020:10:09:49 +0800] "GET /xingrg/all/function/internal_message.html?_=1605838410776&CODE_STATE=getMsg HTTP/1.1" 200 27
172.17.0.102 - - [20/Nov/2020:10:09:49 +0800] "GET /xingrg/check_reg.html?_=1605838189376 HTTP/1.1" 200 22
172.17.0.102 - - [20/Nov/2020:10:09:49 +0800] "GET /xingrg/all/function/internal_message.html?_=1605838189378&CODE_STATE=getMsg HTTP/1.1" 200 27
172.17.200.101 - - [20/Nov/2020:10:09:54 +0800] "GET /xingrg/all/function/internal_message.html?_=1605838194241&CODE_STATE=getMsg HTTP/1.1" 200 27
114.84.145.85 - - [20/Nov/2020:10:09:57 +0800] "GET /xingrg/kc/buy/cgsh_order_operate.html?command=get_materiel&rest_code=00141&code=00101006138&supplier_code=00100012&order_time=2020-11-20 HTTP/1.1" 200 409
101.85.228.137 - - [20/Nov/2020:10:09:58 +0800] "GET /xingrg/kc/buy/cgsh_order_add.html HTTP/1.1" 200 60701
58.35.246.33 - - [20/Nov/2020:10:09:58 +0800] "GET /xingrg/kc/buy/cgsh_order_operate.html?command=get_materiel&rest_code=00111&code=00101006001&supplier_code=00100404&order_time=2020-11-20 HTTP/1.1" 200 428
101.85.228.137 - - [20/Nov/2020:10:09:59 +0800] "POST /xingrg/kc/buy/cgsh_order_operate.html HTTP/1.1" 200 8245
101.85.228.137 - - [20/Nov/2020:10:09:59 +0800] "GET /xingrg/javascript/easyui/themes/default/validatebox.css HTTP/1.1" 404 1104
172.17.0.120 - - [20/Nov/2020:10:10:01 +0800] "GET /xingrg/all/function/internal_message.html?_=1605838369021&CODE_STATE=getMsg HTTP/1.1" 200 27
172.17.0.120 - - [20/Nov/2020:10:10:01 +0800] "GET /xingrg/check_reg.html?_=1605838369023 HTTP/1.1" 200 22
101.85.95.39 - - [20/Nov/2020:10:10:04 +0800] "GET /xingrg/all/function/internal_message.html?_=1605837937989&CODE_STATE=getMsg HTTP/1.1" 200 27
101.85.228.137 - - [20/Nov/2020:10:10:04 +0800] "GET /xingrg/javascript/easyui/themes/default/tree.css HTTP/1.1" 404 1090
101.85.228.137 - - [20/Nov/2020:10:10:04 +0800] "POST /xingrg/all/common/load_tree.html?tree=supplier_tree_json&isDelete=1 HTTP/1.1" 200 51980
116.228.172.94 - - [20/Nov/2020:10:10:04 +0800] "GET /xingrg/kc/buy/cgsh_order_operate.html?command=get_materiel&rest_code=00107&code=00101007032&supplier_code=00100328&order_time=2020-11-20 HTTP/1.1" 200 413
120.253.135.82 - - [20/Nov/2020:10:10:05 +0800] "GET /xingrg/all/function/internal_message.html?_=1605838252152&CODE_STATE=getMsg HTTP/1.1" 200 27
180.174.56.115 - - [20/Nov/2020:10:10:06 +0800] "GET /xingrg/check_reg.html?_=1605838203383 HTTP/1.1" 200 22
180.174.56.115 - - [20/Nov/2020:10:10:06 +0800] "GET /xingrg/all/function/internal_message.html?_=1605838203384&CODE_STATE=getMsg HTTP/1.1" 200 27
222.69.129.82 - - [20/Nov/2020:10:10:09 +0800] "GET /xingrg/all/function/internal_message.html?_=1605838202016&CODE_STATE=getMsg HTTP/1.1" 200 27
58.35.246.33 - - [20/Nov/2020:10:10:10 +0800] "POST /xingrg/kc/buy/cgsh_order_operate.html HTTP/1.1" 200 37
58.35.246.33 - - [20/Nov/2020:10:10:11 +0800] "POST /xingrg/kc/buy/cgsh_order_operate.html HTTP/1.1" 200 2675
114.84.145.85 - - [20/Nov/2020:10:10:12 +0800] "GET /xingrg/all/function/internal_message.html?_=1605837802685&CODE_STATE=getMsg HTTP/1.1" 200 27
58.35.246.33 - - [20/Nov/2020:10:10:12 +0800] "GET /xingrg/kc/print/load_data.html?order_code=212020112007714&kc_code=cgsh&condition= HTTP/1.1" 200 703
114.84.145.85 - - [20/Nov/2020:10:10:12 +0800] "GET /xingrg/check_reg.html?_=1605838211876 HTTP/1.1" 200 22
114.84.145.85 - - [20/Nov/2020:10:10:12 +0800] "GET /xingrg/all/function/internal_message.html?_=1605838211878&CODE_STATE=getMsg HTTP/1.1" 200 27
58.35.246.33 - - [20/Nov/2020:10:10:14 +0800] "GET /xingrg/all/function/internal_message.html?_=1605838323324&CODE_STATE=getMsg HTTP/1.1" 200 27
114.84.37.38 - - [20/Nov/2020:10:10:16 +0800] "GET /xingrg/all/function/internal_message.html?_=1605838233550&CODE_STATE=getMsg HTTP/1.1" 200 27
172.17.0.103 - - [20/Nov/2020:10:10:17 +0800] "GET /xingrg/all/function/internal_message.html?_=1605838213969&CODE_STATE=getMsg HTTP/1.1" 200 27
58.35.246.33 - - [20/Nov/2020:10:10:18 +0800] "GET /xingrg/kc/buy/cgsh_order_add.html HTTP/1.1" 200 60742
58.35.246.33 - - [20/Nov/2020:10:10:18 +0800] "GET /xingrg/javascript/easyui/themes/default/validatebox.css HTTP/1.1" 404 1104
58.35.246.33 - - [20/Nov/2020:10:10:18 +0800] "POST /xingrg/kc/buy/cgsh_order_operate.html HTTP/1.1" 200 8245
116.228.172.94 - - [20/Nov/2020:10:10:19 +0800] "POST /xingrg/kc/buy/cgsh_order_operate.html HTTP/1.1" 200 37
116.228.172.94 - - [20/Nov/2020:10:10:20 +0800] "GET /xingrg/check_reg.html?_=1605838215028 HTTP/1.1" 200 22
116.228.172.94 - - [20/Nov/2020:10:10:20 +0800] "POST /xingrg/kc/buy/cgsh_order_operate.html HTTP/1.1" 200 2657
101.85.228.137 - - [20/Nov/2020:10:10:24 +0800] "GET /xingrg/kc/buy/cgsh_order_operate.html?command=get_materiel&rest_code=00102&code=00101007085&supplier_code=00100002&order_time=2020-11-20 HTTP/1.1" 200 413
116.228.172.94 - - [20/Nov/2020:10:10:25 +0800] "GET /xingrg/kc/print/load_data.html?order_code=212020112007715&kc_code=cgsh&condition= HTTP/1.1" 200 670
58.35.246.33 - - [20/Nov/2020:10:10:26 +0800] "GET /xingrg/kc/buy/cgsh_order_operate.html?command=get_materiel&rest_code=00111&code=00101003013&supplier_code=00100093&order_time=2020-11-20 HTTP/1.1" 200 443
116.228.172.94 - - [20/Nov/2020:10:10:30 +0800] "GET /xingrg/kc/buy/cgsh_order_add.html HTTP/1.1" 200 60830
116.228.172.94 - - [20/Nov/2020:10:10:31 +0800] "GET /xingrg/javascript/easyui/themes/default/validatebox.css HTTP/1.1" 404 1104
116.228.172.94 - - [20/Nov/2020:10:10:31 +0800] "POST /xingrg/kc/buy/cgsh_order_operate.html HTTP/1.1" 200 8245
116.228.172.94 - - [20/Nov/2020:10:10:32 +0800] "GET /xingrg/javascript/easyui/themes/default/tree.css HTTP/1.1" 404 1090
116.228.172.94 - - [20/Nov/2020:10:10:32 +0800] "POST /xingrg/all/common/load_tree.html?tree=supplier_tree_json&isDelete=1 HTTP/1.1" 200 51980
114.84.145.85 - - [20/Nov/2020:10:10:33 +0800] "GET /xingrg/kc/buy/cgsh_order_operate.html?command=get_materiel&rest_code=00141&code=00101006129&supplier_code=00100012&order_time=2020-11-20 HTTP/1.1" 200 431
172.17.0.123 - - [20/Nov/2020:10:10:37 +0800] "GET /xingrg/all/function/internal_message.html?_=1605838174479&CODE_STATE=getMsg HTTP/1.1" 200 27
180.162.245.190 - - [20/Nov/2020:10:10:41 +0800] "GET /xingrg/all/function/internal_message.html?_=1605838238891&CODE_STATE=getMsg HTTP/1.1" 200 27
120.253.135.82 - - [20/Nov/2020:10:10:41 +0800] "GET /xingrg/all/function/internal_message.html?_=1605837985780&CODE_STATE=getMsg HTTP/1.1" 200 27
116.233.72.251 - - [20/Nov/2020:10:10:42 +0800] "GET /xingrg/all/function/internal_message.html?_=1605838353116&CODE_STATE=getMsg HTTP/1.1" 200 27
101.85.228.137 - - [20/Nov/2020:10:10:43 +0800] "GET /xingrg/kc/buy/cgsh_order_operate.html?command=get_materiel&rest_code=00102&code=00101007048&supplier_code=00100002&order_time=2020-11-20 HTTP/1.1" 200 408
114.84.37.38 - - [20/Nov/2020:10:10:44 +0800] "GET /xingrg/all/function/internal_message.html?_=1605838250067&CODE_STATE=getMsg HTTP/1.1" 200 27
180.157.253.48 - - [20/Nov/2020:10:10:45 +0800] "GET /xingrg/check_reg.html?_=1605838246349 HTTP/1.1" 200 22
180.157.253.48 - - [20/Nov/2020:10:10:45 +0800] "GET /xingrg/all/function/internal_message.html?_=1605838246355&CODE_STATE=getMsg HTTP/1.1" 200 27
101.85.228.137 - - [20/Nov/2020:10:10:49 +0800] "GET /xingrg/all/function/internal_message.html?_=1605838470790&CODE_STATE=getMsg HTTP/1.1" 200 27
172.17.0.102 - - [20/Nov/2020:10:10:49 +0800] "GET /xingrg/all/function/internal_message.html?_=1605838249408&CODE_STATE=getMsg HTTP/1.1" 200 27
116.228.172.94 - - [20/Nov/2020:10:10:50 +0800] "GET /xingrg/kc/buy/cgsh_order_operate.html?command=get_materiel&rest_code=00107&code=00101020144&supplier_code=00100323&order_time=2020-11-20 HTTP/1.1" 200 449
172.17.200.101 - - [20/Nov/2020:10:10:54 +0800] "GET /xingrg/all/function/internal_message.html?_=1605838254242&CODE_STATE=getMsg HTTP/1.1" 200 27
58.35.246.33 - - [20/Nov/2020:10:10:59 +0800] "GET /xingrg/kc/buy/cgsh_order_operate.html?command=get_materiel&rest_code=00111&code=00101003031&supplier_code=00100093&order_time=2020-11-20 HTTP/1.1" 200 442
172.17.0.120 - - [20/Nov/2020:10:11:01 +0800] "GET /xingrg/all/function/internal_message.html?_=1605838429024&CODE_STATE=getMsg HTTP/1.1" 200 27
180.174.56.115 - - [20/Nov/2020:10:11:01 +0800] "GET /xingrg/login.html HTTP/1.1" 200 7641
180.174.56.115 - - [20/Nov/2020:10:11:01 +0800] "GET /favicon.ico HTTP/1.1" 404 -
101.85.95.39 - - [20/Nov/2020:10:11:04 +0800] "GET /xingrg/all/function/internal_message.html?_=1605837997991&CODE_STATE=getMsg HTTP/1.1" 200 27
120.253.135.82 - - [20/Nov/2020:10:11:05 +0800] "GET /xingrg/all/function/internal_message.html?_=1605838312165&CODE_STATE=getMsg HTTP/1.1" 200 27
180.174.56.115 - - [20/Nov/2020:10:11:06 +0800] "GET /xingrg/all/function/internal_message.html?_=1605838263397&CODE_STATE=getMsg HTTP/1.1" 200 27
58.35.246.33 - - [20/Nov/2020:10:11:06 +0800] "POST /xingrg/kc/buy/cgsh_order_operate.html HTTP/1.1" 200 37
58.35.246.33 - - [20/Nov/2020:10:11:07 +0800] "POST /xingrg/kc/buy/cgsh_order_operate.html HTTP/1.1" 200 3280
114.84.37.38 - - [20/Nov/2020:10:11:08 +0800] "GET /xingrg/check_reg.html?_=1605838274322 HTTP/1.1" 200 22
114.84.145.85 - - [20/Nov/2020:10:11:09 +0800] "POST /xingrg/kc/buy/cgsh_order_operate.html HTTP/1.1" 200 37
58.35.246.33 - - [20/Nov/2020:10:11:09 +0800] "GET /xingrg/kc/print/load_data.html?order_code=212020112007716&kc_code=cgsh&condition= HTTP/1.1" 200 977
222.69.129.82 - - [20/Nov/2020:10:11:09 +0800] "GET /xingrg/all/function/internal_message.html?_=1605838262018&CODE_STATE=getMsg HTTP/1.1" 200 27
58.35.246.33 - - [20/Nov/2020:10:11:09 +0800] "GET /xingrg/check_reg.html?_=1605838264202 HTTP/1.1" 200 22
114.84.145.85 - - [20/Nov/2020:10:11:11 +0800] "POST /xingrg/kc/buy/cgsh_order_operate.html HTTP/1.1" 200 12
114.84.145.85 - - [20/Nov/2020:10:11:12 +0800] "GET /xingrg/all/function/internal_message.html?_=1605837862655&CODE_STATE=getMsg HTTP/1.1" 200 27
114.84.145.85 - - [20/Nov/2020:10:11:12 +0800] "GET /xingrg/kc/buy/cgsh_order_info.html?code=212020112007717 HTTP/1.1" 200 55651
114.84.145.85 - - [20/Nov/2020:10:11:12 +0800] "GET /xingrg/javascript/easyui/themes/default/validatebox.css HTTP/1.1" 404 1104
114.84.145.85 - - [20/Nov/2020:10:11:12 +0800] "GET /xingrg/all/function/internal_message.html?_=1605838271859&CODE_STATE=getMsg HTTP/1.1" 200 27
114.84.145.85 - - [20/Nov/2020:10:11:13 +0800] "POST /xingrg/kc/buy/cgsh_order_operate.html HTTP/1.1" 200 4176
114.84.145.85 - - [20/Nov/2020:10:11:14 +0800] "GET /xingrg/kc/print/load_data.html?order_code=212020112007717&kc_code=cgsh&condition= HTTP/1.1" 200 2174
58.35.246.33 - - [20/Nov/2020:10:11:14 +0800] "GET /xingrg/all/function/internal_message.html?_=1605838383305&CODE_STATE=getMsg HTTP/1.1" 200 27
172.17.0.103 - - [20/Nov/2020:10:11:17 +0800] "GET /xingrg/all/function/internal_message.html?_=1605838273970&CODE_STATE=getMsg HTTP/1.1" 200 27
114.84.37.38 - - [20/Nov/2020:10:11:17 +0800] "GET /xingrg/all/function/internal_message.html?_=1605838294271&CODE_STATE=getMsg HTTP/1.1" 200 27
58.35.246.33 - - [20/Nov/2020:10:11:19 +0800] "GET /xingrg/kc/buy/cgsh_order_add.html HTTP/1.1" 200 60742
116.228.172.94 - - [20/Nov/2020:10:11:20 +0800] "GET /xingrg/all/function/internal_message.html?_=1605838274641&CODE_STATE=getMsg HTTP/1.1" 200 27
58.35.246.33 - - [20/Nov/2020:10:11:20 +0800] "POST /xingrg/kc/buy/cgsh_order_operate.html HTTP/1.1" 200 8245
58.35.246.33 - - [20/Nov/2020:10:11:20 +0800] "GET /xingrg/javascript/easyui/themes/default/validatebox.css HTTP/1.1" 404 1104
116.228.172.94 - - [20/Nov/2020:10:11:20 +0800] "GET /xingrg/kc/buy/cgsh_order_operate.html?command=get_materiel&rest_code=00107&code=00101008214&supplier_code=00100323&order_time=2020-11-20 HTTP/1.1" 200 409
58.35.246.33 - - [20/Nov/2020:10:11:28 +0800] "GET /xingrg/kc/buy/cgsh_order_operate.html?command=get_materiel&rest_code=00111&code=00101004065&supplier_code=00100086&order_time=2020-11-20 HTTP/1.1" 200 433
58.35.246.33 - - [20/Nov/2020:10:11:33 +0800] "POST /xingrg/kc/buy/cgsh_order_operate.html HTTP/1.1" 200 37
58.35.246.33 - - [20/Nov/2020:10:11:34 +0800] "POST /xingrg/kc/buy/cgsh_order_operate.html HTTP/1.1" 200 2660
58.35.246.33 - - [20/Nov/2020:10:11:35 +0800] "GET /xingrg/kc/print/load_data.html?order_code=212020112007718&kc_code=cgsh&condition= HTTP/1.1" 200 739
116.228.172.94 - - [20/Nov/2020:10:11:35 +0800] "GET /xingrg/kc/buy/cgsh_order_operate.html?command=get_materiel&rest_code=00107&code=00101006026&supplier_code=00100323&order_time=2020-11-20 HTTP/1.1" 200 409
172.17.0.123 - - [20/Nov/2020:10:11:37 +0800] "GET /xingrg/all/function/internal_message.html?_=1605838234483&CODE_STATE=getMsg HTTP/1.1" 200 27
180.174.56.115 - - [20/Nov/2020:10:11:37 +0800] "POST /xingrg/login.do HTTP/1.1" 302 -
180.174.56.115 - - [20/Nov/2020:10:11:37 +0800] "GET /xingrg/javascript/jquery_easy_ui/themes/default/easyui.css HTTP/1.1" 304 -
180.174.56.115 - - [20/Nov/2020:10:11:37 +0800] "GET /xingrg/css/form.css HTTP/1.1" 304 -
180.174.56.115 - - [20/Nov/2020:10:11:37 +0800] "GET /xingrg/javascript/jquery_easy_ui/themes/icon.css HTTP/1.1" 304 -
180.174.56.115 - - [20/Nov/2020:10:11:37 +0800] "GET /xingrg/index.html?sysBaseUrl=http%3A%2F%2F180.169.147.146%3A18081%2Fxingrg%2F&costTime=39×tamp=1605838297132 HTTP/1.1" 200 17179
180.174.56.115 - - [20/Nov/2020:10:11:37 +0800] "GET /xingrg/javascript/jquery-1.4.2.min.js HTTP/1.1" 304 -
180.174.56.115 - - [20/Nov/2020:10:11:37 +0800] "GET /xingrg/javascript/jquery.utils.js HTTP/1.1" 304 -
180.174.56.115 - - [20/Nov/2020:10:11:37 +0800] "GET /xingrg/javascript/jquery.timers.js HTTP/1.1" 304 -
180.174.56.115 - - [20/Nov/2020:10:11:37 +0800] "GET /xingrg/javascript/jquery.form.js HTTP/1.1" 304 -
180.174.56.115 - - [20/Nov/2020:10:11:37 +0800] "GET /xingrg/javascript/jquery_easy_ui/jquery.easyui.min.js HTTP/1.1" 304 -
180.174.56.115 - - [20/Nov/2020:10:11:37 +0800] "GET /xingrg/javascript/jquery_easy_ui/easyui-lang-zh_CN.js HTTP/1.1" 304 -
180.174.56.115 - - [20/Nov/2020:10:11:37 +0800] "POST /xingrg/all/common/load_tree.html?tree=area_rest_tree_json&manage=1 HTTP/1.1" 200 476
180.174.56.115 - - [20/Nov/2020:10:11:37 +0800] "GET /xingrg/all/function/internal_message.html?_=1605838265989&CODE_STATE=count HTTP/1.1" 200 11
180.174.56.115 - - [20/Nov/2020:10:11:37 +0800] "GET /xingrg/check_reg.html?_=1605838265990 HTTP/1.1" 200 22
180.174.56.115 - - [20/Nov/2020:10:11:37 +0800] "POST /xingrg/load_menu.html HTTP/1.1" 200 5138
180.174.56.115 - - [20/Nov/2020:10:11:37 +0800] "GET /favicon.ico HTTP/1.1" 404 -
116.233.72.251 - - [20/Nov/2020:10:11:39 +0800] "GET /xingrg/all/function/internal_message.html?_=1605838413100&CODE_STATE=getMsg HTTP/1.1" 200 27
