58.35.246.33 - - [20/Nov/2020:09:46:09 +0800] "GET /xingrg/check_reg.html?_=1605836764172 HTTP/1.1" 200 22
114.84.37.38 - - [20/Nov/2020:09:46:09 +0800] "GET /xingrg/all/function/internal_message.html?_=1605836786673&CODE_STATE=getMsg HTTP/1.1" 200 27
222.69.129.82 - - [20/Nov/2020:09:46:09 +0800] "GET /xingrg/all/function/internal_message.html?_=1605836762456&CODE_STATE=getMsg HTTP/1.1" 200 27
114.84.145.85 - - [20/Nov/2020:09:46:12 +0800] "GET /xingrg/all/function/internal_message.html?_=1605836363272&CODE_STATE=getMsg HTTP/1.1" 200 27
114.84.145.85 - - [20/Nov/2020:09:46:12 +0800] "GET /xingrg/all/function/internal_message.html?_=1605836771774&CODE_STATE=getMsg HTTP/1.1" 200 27
58.35.246.33 - - [20/Nov/2020:09:46:14 +0800] "GET /xingrg/all/function/internal_message.html?_=1605836883247&CODE_STATE=getMsg HTTP/1.1" 200 27
180.157.253.48 - - [20/Nov/2020:09:46:17 +0800] "POST /xingrg/kc/buy/cgsh_order_operate.html HTTP/1.1" 200 37
172.17.0.103 - - [20/Nov/2020:09:46:17 +0800] "GET /xingrg/all/function/internal_message.html?_=1605836773949&CODE_STATE=getMsg HTTP/1.1" 200 27
180.157.253.48 - - [20/Nov/2020:09:46:18 +0800] "POST /xingrg/kc/buy/cgsh_order_operate.html HTTP/1.1" 200 5628
101.85.228.137 - - [20/Nov/2020:09:46:25 +0800] "GET /xingrg/kc/mdqp/qqps_order_list.html HTTP/1.1" 200 9222
101.85.228.137 - - [20/Nov/2020:09:46:25 +0800] "GET /xingrg/dwr/interface/AjaxReportQueryService.js HTTP/1.1" 200 13203
101.85.228.137 - - [20/Nov/2020:09:46:25 +0800] "GET /xingrg/dwr/interface/AjaxQqpsService.js HTTP/1.1" 200 16326
101.85.228.137 - - [20/Nov/2020:09:46:25 +0800] "GET /xingrg/dwr/engine.js HTTP/1.1" 200 43631
172.17.200.101 - - [20/Nov/2020:09:46:26 +0800] "GET /xingrg/all/function/internal_message.html?_=1605836785663&CODE_STATE=getMsg HTTP/1.1" 200 27
116.233.72.251 - - [20/Nov/2020:09:46:28 +0800] "GET /xingrg/all/function/internal_message.html?_=1605836853108&CODE_STATE=getMsg HTTP/1.1" 200 27
101.85.228.137 - - [20/Nov/2020:09:46:33 +0800] "GET /xingrg/kc/mdqp/qqps_order_list.html?isQuery=1&timeSelect=1&orderTime=day&startTime=2020-11-19&endTime=2020-11-19&state=all&query=%C8%B7++%B6%A8 HTTP/1.1" 200 10986
101.85.228.137 - - [20/Nov/2020:09:46:33 +0800] "GET /xingrg/dwr/interface/AjaxReportQueryService.js HTTP/1.1" 200 13203
101.85.228.137 - - [20/Nov/2020:09:46:33 +0800] "GET /xingrg/dwr/interface/AjaxQqpsService.js HTTP/1.1" 200 16326
101.85.228.137 - - [20/Nov/2020:09:46:33 +0800] "GET /xingrg/dwr/engine.js HTTP/1.1" 200 43631
180.174.56.115 - - [20/Nov/2020:09:46:36 +0800] "POST /xingrg/all/user/operate.html HTTP/1.1" 200 36
180.174.56.115 - - [20/Nov/2020:09:46:36 +0800] "GET /xingrg/index.html?sysBaseUrl=http%3A%2F%2F180.169.147.146%3A18081%2Fxingrg%2F&costTime=4725×tamp=1605582200095 HTTP/1.1" 200 17179
180.174.56.115 - - [20/Nov/2020:09:46:36 +0800] "GET /xingrg/javascript/jquery_easy_ui/themes/default/easyui.css HTTP/1.1" 304 -
180.174.56.115 - - [20/Nov/2020:09:46:36 +0800] "GET /xingrg/javascript/jquery_easy_ui/themes/icon.css HTTP/1.1" 304 -
180.174.56.115 - - [20/Nov/2020:09:46:36 +0800] "GET /xingrg/css/form.css HTTP/1.1" 304 -
180.174.56.115 - - [20/Nov/2020:09:46:36 +0800] "GET /xingrg/javascript/jquery-1.4.2.min.js HTTP/1.1" 304 -
180.174.56.115 - - [20/Nov/2020:09:46:36 +0800] "GET /xingrg/javascript/jquery_easy_ui/jquery.easyui.min.js HTTP/1.1" 304 -
180.174.56.115 - - [20/Nov/2020:09:46:36 +0800] "GET /xingrg/javascript/jquery_easy_ui/easyui-lang-zh_CN.js HTTP/1.1" 304 -
180.174.56.115 - - [20/Nov/2020:09:46:36 +0800] "GET /xingrg/javascript/jquery.form.js HTTP/1.1" 304 -
180.174.56.115 - - [20/Nov/2020:09:46:36 +0800] "GET /xingrg/javascript/jquery.utils.js HTTP/1.1" 304 -
180.174.56.115 - - [20/Nov/2020:09:46:36 +0800] "GET /xingrg/javascript/jquery.timers.js HTTP/1.1" 304 -
180.174.56.115 - - [20/Nov/2020:09:46:36 +0800] "GET /xingrg/images/blue/jxLogo.png HTTP/1.1" 304 -
180.174.56.115 - - [20/Nov/2020:09:46:36 +0800] "GET /xingrg/images/blue/navBackgound.jpg HTTP/1.1" 304 -
180.174.56.115 - - [20/Nov/2020:09:46:36 +0800] "GET /xingrg/javascript/jquery_easy_ui/themes/icons/settle_new.png HTTP/1.1" 304 -
180.174.56.115 - - [20/Nov/2020:09:46:36 +0800] "POST /xingrg/all/common/load_tree.html?tree=area_rest_tree_json&manage=1 HTTP/1.1" 200 476
180.174.56.115 - - [20/Nov/2020:09:46:36 +0800] "GET /xingrg/all/function/internal_message.html?_=1605836793970&CODE_STATE=count HTTP/1.1" 200 11
180.174.56.115 - - [20/Nov/2020:09:46:36 +0800] "GET /xingrg/check_reg.html?_=1605836793971 HTTP/1.1" 200 22
180.174.56.115 - - [20/Nov/2020:09:46:36 +0800] "GET /xingrg/javascript/jquery_easy_ui/themes/default/images/tabs_rightarrow.png HTTP/1.1" 304 -
180.174.56.115 - - [20/Nov/2020:09:46:36 +0800] "GET /xingrg/javascript/jquery_easy_ui/themes/default/images/tabs_leftarrow.png HTTP/1.1" 304 -
180.174.56.115 - - [20/Nov/2020:09:46:36 +0800] "GET /xingrg/javascript/jquery_easy_ui/themes/default/images/panel_tool_collapse.gif HTTP/1.1" 304 -
180.174.56.115 - - [20/Nov/2020:09:46:36 +0800] "GET /xingrg/images/blue/pingpu.png HTTP/1.1" 304 -
180.174.56.115 - - [20/Nov/2020:09:46:36 +0800] "POST /xingrg/load_menu.html HTTP/1.1" 200 5138
172.17.0.123 - - [20/Nov/2020:09:46:36 +0800] "GET /xingrg/all/function/internal_message.html?_=1605836734483&CODE_STATE=getMsg HTTP/1.1" 200 27
120.253.135.82 - - [20/Nov/2020:09:46:39 +0800] "GET /xingrg/all/function/internal_message.html?_=1605836543833&CODE_STATE=getMsg HTTP/1.1" 200 27
180.162.245.190 - - [20/Nov/2020:09:46:41 +0800] "GET /xingrg/all/function/internal_message.html?_=1605836798918&CODE_STATE=getMsg HTTP/1.1" 200 27
114.84.37.38 - - [20/Nov/2020:09:46:44 +0800] "GET /xingrg/all/function/internal_message.html?_=1605836809582&CODE_STATE=getMsg HTTP/1.1" 200 27
180.157.253.48 - - [20/Nov/2020:09:46:45 +0800] "GET /xingrg/all/function/internal_message.html?_=1605836806320&CODE_STATE=getMsg HTTP/1.1" 200 27
114.84.145.85 - - [20/Nov/2020:09:46:46 +0800] "GET /xingrg/check_reg.html?_=1605836397205 HTTP/1.1" 200 22
114.84.37.38 - - [20/Nov/2020:09:46:47 +0800] "GET /xingrg/check_reg.html?_=1605836824835 HTTP/1.1" 200 22
101.85.228.137 - - [20/Nov/2020:09:46:48 +0800] "GET /xingrg/all/function/internal_message.html?_=1605837029606&CODE_STATE=getMsg HTTP/1.1" 200 27
172.17.0.102 - - [20/Nov/2020:09:46:49 +0800] "GET /xingrg/all/function/internal_message.html?_=1605836809297&CODE_STATE=getMsg HTTP/1.1" 200 27
180.162.245.190 - - [20/Nov/2020:09:46:52 +0800] "GET /xingrg/kc/buy/cgsh_order_operate.html?command=get_materiel&rest_code=00105&code=00102013011&supplier_code=00100151&order_time=2020-11-20 HTTP/1.1" 200 416
172.17.0.120 - - [20/Nov/2020:09:47:00 +0800] "GET /xingrg/all/function/internal_message.html?_=1605836989020&CODE_STATE=getMsg HTTP/1.1" 200 27
101.85.95.39 - - [20/Nov/2020:09:47:04 +0800] "GET /xingrg/check_reg.html?_=1605836558041 HTTP/1.1" 200 22
101.85.95.39 - - [20/Nov/2020:09:47:04 +0800] "GET /xingrg/all/function/internal_message.html?_=1605836558042&CODE_STATE=getMsg HTTP/1.1" 200 27
180.174.56.115 - - [20/Nov/2020:09:47:07 +0800] "GET /xingrg/kc/buy/cgsh_order_list.html HTTP/1.1" 200 45010
180.174.56.115 - - [20/Nov/2020:09:47:08 +0800] "POST /xingrg/kc/buy/cgsh_list_operate.html HTTP/1.1" 200 2413
114.84.37.38 - - [20/Nov/2020:09:47:09 +0800] "GET /xingrg/all/function/internal_message.html?_=1605836846732&CODE_STATE=getMsg HTTP/1.1" 200 27
222.69.129.82 - - [20/Nov/2020:09:47:09 +0800] "GET /xingrg/all/function/internal_message.html?_=1605836822439&CODE_STATE=getMsg HTTP/1.1" 200 27
222.69.129.82 - - [20/Nov/2020:09:47:10 +0800] "GET /xingrg/check_reg.html?_=1605836823382 HTTP/1.1" 200 22
114.84.145.85 - - [20/Nov/2020:09:47:12 +0800] "GET /xingrg/all/function/internal_message.html?_=1605836831773&CODE_STATE=getMsg HTTP/1.1" 200 27
114.84.145.85 - - [20/Nov/2020:09:47:12 +0800] "GET /xingrg/all/function/internal_message.html?_=1605836423253&CODE_STATE=getMsg HTTP/1.1" 200 27
58.35.246.33 - - [20/Nov/2020:09:47:14 +0800] "GET /xingrg/all/function/internal_message.html?_=1605836943263&CODE_STATE=getMsg HTTP/1.1" 200 27
172.17.0.103 - - [20/Nov/2020:09:47:17 +0800] "GET /xingrg/all/function/internal_message.html?_=1605836833950&CODE_STATE=getMsg HTTP/1.1" 200 27
180.174.56.115 - - [20/Nov/2020:09:47:22 +0800] "POST /xingrg/kc/buy/cgsh_list_operate.html HTTP/1.1" 200 575
180.174.56.115 - - [20/Nov/2020:09:47:23 +0800] "GET /xingrg/kc/buy/cgsh_order_info.html?code=212020112007674 HTTP/1.1" 200 60675
180.174.56.115 - - [20/Nov/2020:09:47:23 +0800] "GET /xingrg/words/20201120093203_words.js HTTP/1.1" 304 -
180.174.56.115 - - [20/Nov/2020:09:47:23 +0800] "GET /xingrg/javascript/easyui/themes/default/validatebox.css HTTP/1.1" 404 1104
180.174.56.115 - - [20/Nov/2020:09:47:24 +0800] "POST /xingrg/kc/buy/cgsh_order_operate.html HTTP/1.1" 200 40519
172.17.200.101 - - [20/Nov/2020:09:47:26 +0800] "GET /xingrg/all/function/internal_message.html?_=1605836845654&CODE_STATE=getMsg HTTP/1.1" 200 27
61.151.178.197 - - [20/Nov/2020:09:47:26 +0800] "GET /xingrg/check_reg.html?_=1605836111743 HTTP/1.1" 302 -
116.233.72.251 - - [20/Nov/2020:09:47:26 +0800] "GET /xingrg/all/function/internal_message.html?_=1605836913111&CODE_STATE=getMsg HTTP/1.1" 200 27
61.151.178.197 - - [20/Nov/2020:09:47:29 +0800] "GET /xingrg/login.html HTTP/1.1" 200 7641
180.174.56.115 - - [20/Nov/2020:09:47:36 +0800] "GET /xingrg/all/function/internal_message.html?_=1605836853991&CODE_STATE=getMsg HTTP/1.1" 200 27
172.17.0.123 - - [20/Nov/2020:09:47:36 +0800] "GET /xingrg/check_reg.html?_=1605836794485 HTTP/1.1" 200 22
172.17.0.123 - - [20/Nov/2020:09:47:36 +0800] "GET /xingrg/all/function/internal_message.html?_=1605836794487&CODE_STATE=getMsg HTTP/1.1" 200 27
120.253.135.82 - - [20/Nov/2020:09:47:39 +0800] "GET /xingrg/all/function/internal_message.html?_=1605836604000&CODE_STATE=getMsg HTTP/1.1" 200 27
180.162.245.190 - - [20/Nov/2020:09:47:41 +0800] "GET /xingrg/all/function/internal_message.html?_=1605836858916&CODE_STATE=getMsg HTTP/1.1" 200 27
114.84.37.38 - - [20/Nov/2020:09:47:44 +0800] "GET /xingrg/all/function/internal_message.html?_=1605836869596&CODE_STATE=getMsg HTTP/1.1" 200 27
180.157.253.48 - - [20/Nov/2020:09:47:45 +0800] "GET /xingrg/all/function/internal_message.html?_=1605836866320&CODE_STATE=getMsg HTTP/1.1" 200 27
101.85.228.137 - - [20/Nov/2020:09:47:48 +0800] "GET /xingrg/all/function/internal_message.html?_=1605837089686&CODE_STATE=getMsg HTTP/1.1" 200 27
172.17.0.102 - - [20/Nov/2020:09:47:49 +0800] "GET /xingrg/all/function/internal_message.html?_=1605836869297&CODE_STATE=getMsg HTTP/1.1" 200 27
172.17.200.101 - - [20/Nov/2020:09:47:54 +0800] "POST /xingrg/all/user/operate.html HTTP/1.1" 200 36
172.17.200.101 - - [20/Nov/2020:09:47:54 +0800] "GET /xingrg/index.html?sysBaseUrl=http%3A%2F%2F172.17.0.8%3A18081%2Fxingrg%2F&costTime=41×tamp=1605836662204 HTTP/1.1" 200 17448
172.17.200.101 - - [20/Nov/2020:09:47:54 +0800] "GET /xingrg/javascript/jquery_easy_ui/themes/default/easyui.css HTTP/1.1" 304 -
172.17.200.101 - - [20/Nov/2020:09:47:54 +0800] "GET /xingrg/javascript/jquery_easy_ui/themes/icon.css HTTP/1.1" 304 -
172.17.200.101 - - [20/Nov/2020:09:47:54 +0800] "GET /xingrg/css/form.css HTTP/1.1" 304 -
172.17.200.101 - - [20/Nov/2020:09:47:54 +0800] "GET /xingrg/javascript/jquery-1.4.2.min.js HTTP/1.1" 304 -
172.17.200.101 - - [20/Nov/2020:09:47:54 +0800] "GET /xingrg/javascript/jquery_easy_ui/jquery.easyui.min.js HTTP/1.1" 304 -
172.17.200.101 - - [20/Nov/2020:09:47:54 +0800] "GET /xingrg/javascript/jquery_easy_ui/easyui-lang-zh_CN.js HTTP/1.1" 304 -
172.17.200.101 - - [20/Nov/2020:09:47:54 +0800] "GET /xingrg/javascript/jquery.form.js HTTP/1.1" 304 -
172.17.200.101 - - [20/Nov/2020:09:47:54 +0800] "GET /xingrg/javascript/jquery.utils.js HTTP/1.1" 304 -
172.17.200.101 - - [20/Nov/2020:09:47:54 +0800] "GET /xingrg/javascript/jquery.timers.js HTTP/1.1" 304 -
172.17.200.101 - - [20/Nov/2020:09:47:54 +0800] "GET /xingrg/images/blue/jxLogo.png HTTP/1.1" 304 -
172.17.200.101 - - [20/Nov/2020:09:47:54 +0800] "POST /xingrg/all/common/load_tree.html?tree=area_rest_tree_json&manage=1 HTTP/1.1" 200 3088
172.17.200.101 - - [20/Nov/2020:09:47:54 +0800] "GET /xingrg/all/function/internal_message.html?_=1605836874201&CODE_STATE=count HTTP/1.1" 200 11
172.17.200.101 - - [20/Nov/2020:09:47:54 +0800] "GET /xingrg/check_reg.html?_=1605836874204 HTTP/1.1" 200 22
172.17.200.101 - - [20/Nov/2020:09:47:54 +0800] "GET /xingrg/javascript/jquery_easy_ui/themes/default/images/tabs_rightarrow.png HTTP/1.1" 304 -
172.17.200.101 - - [20/Nov/2020:09:47:54 +0800] "GET /xingrg/javascript/jquery_easy_ui/themes/default/images/panel_tool_collapse.gif HTTP/1.1" 304 -
172.17.200.101 - - [20/Nov/2020:09:47:54 +0800] "GET /xingrg/javascript/jquery_easy_ui/themes/default/images/panel_tool_expand.gif HTTP/1.1" 304 -
172.17.200.101 - - [20/Nov/2020:09:47:54 +0800] "GET /xingrg/javascript/jquery_easy_ui/themes/default/images/tabs_leftarrow.png HTTP/1.1" 304 -
172.17.200.101 - - [20/Nov/2020:09:47:54 +0800] "GET /xingrg/images/blue/pingpu.png HTTP/1.1" 304 -
172.17.200.101 - - [20/Nov/2020:09:47:54 +0800] "GET /xingrg/javascript/jquery_easy_ui/themes/icons/settle_new.png HTTP/1.1" 304 -
172.17.200.101 - - [20/Nov/2020:09:47:54 +0800] "GET /xingrg/images/blue/navBackgound.jpg HTTP/1.1" 304 -
172.17.200.101 - - [20/Nov/2020:09:47:54 +0800] "POST /xingrg/load_menu.html HTTP/1.1" 200 11529
58.221.95.50 - - [20/Nov/2020:09:47:58 +0800] "GET /xingrg/check_reg.html?_=1605836881293 HTTP/1.1" 302 -
172.17.0.120 - - [20/Nov/2020:09:48:00 +0800] "GET /xingrg/all/function/internal_message.html?_=1605837049026&CODE_STATE=getMsg HTTP/1.1" 200 27
101.85.95.39 - - [20/Nov/2020:09:48:04 +0800] "GET /xingrg/all/function/internal_message.html?_=1605836618022&CODE_STATE=getMsg HTTP/1.1" 200 27
222.69.129.82 - - [20/Nov/2020:09:48:09 +0800] "GET /xingrg/all/function/internal_message.html?_=1605836882419&CODE_STATE=getMsg HTTP/1.1" 200 27
114.84.37.38 - - [20/Nov/2020:09:48:09 +0800] "GET /xingrg/all/function/internal_message.html?_=1605836906746&CODE_STATE=getMsg HTTP/1.1" 200 27
114.84.145.85 - - [20/Nov/2020:09:48:12 +0800] "GET /xingrg/all/function/internal_message.html?_=1605836483225&CODE_STATE=getMsg HTTP/1.1" 200 27
114.84.145.85 - - [20/Nov/2020:09:48:12 +0800] "GET /xingrg/all/function/internal_message.html?_=1605836891799&CODE_STATE=getMsg HTTP/1.1" 200 27
58.35.246.33 - - [20/Nov/2020:09:48:14 +0800] "GET /xingrg/all/function/internal_message.html?_=1605837003287&CODE_STATE=getMsg HTTP/1.1" 200 27
180.174.56.115 - - [20/Nov/2020:09:48:15 +0800] "GET /xingrg/javascript/auto/indicator.gif HTTP/1.1" 404 1066
172.17.0.103 - - [20/Nov/2020:09:48:17 +0800] "GET /xingrg/check_reg.html?_=1605836893950 HTTP/1.1" 200 22
172.17.0.103 - - [20/Nov/2020:09:48:17 +0800] "GET /xingrg/all/function/internal_message.html?_=1605836893953&CODE_STATE=getMsg HTTP/1.1" 200 27
172.17.200.101 - - [20/Nov/2020:09:48:17 +0800] "GET /xingrg/kc/report/report_main.html HTTP/1.1" 200 9350
172.17.200.101 - - [20/Nov/2020:09:48:19 +0800] "GET /xingrg/all/report/report_query.html?fileName=kc/buy/gys_amount_base_rest.xml HTTP/1.1" 200 51589
172.17.200.101 - - [20/Nov/2020:09:48:19 +0800] "GET /xingrg/dwr/interface/AjaxReportQueryService.js HTTP/1.1" 200 13203
172.17.200.101 - - [20/Nov/2020:09:48:19 +0800] "GET /xingrg/dwr/engine.js HTTP/1.1" 200 43631
172.17.200.101 - - [20/Nov/2020:09:48:19 +0800] "POST /xingrg/dwr/call/plaincall/AjaxReportQueryService.getFixDate.dwr HTTP/1.1" 200 111
172.17.200.101 - - [20/Nov/2020:09:48:20 +0800] "POST /xingrg/all/common/load_tree.html?tree=area_rest_tree_json&manage=1 HTTP/1.1" 200 3088
172.17.200.101 - - [20/Nov/2020:09:48:20 +0800] "POST /xingrg/all/common/load_tree.html?tree=supplier_tree_json&manage=1 HTTP/1.1" 200 52712
172.17.200.101 - - [20/Nov/2020:09:48:22 +0800] "POST /xingrg/dwr/call/plaincall/AjaxReportQueryService.getFixDate.dwr HTTP/1.1" 200 111
180.162.245.190 - - [20/Nov/2020:09:48:25 +0800] "POST /xingrg/services/DataTransmitService HTTP/1.1" 200 524
116.233.72.251 - - [20/Nov/2020:09:48:25 +0800] "GET /xingrg/all/function/internal_message.html?_=1605836973107&CODE_STATE=getMsg HTTP/1.1" 200 27
120.253.135.82 - - [20/Nov/2020:09:48:28 +0800] "GET /xingrg/check_reg.html?_=1605836653158 HTTP/1.1" 200 22
172.17.200.101 - - [20/Nov/2020:09:48:28 +0800] "POST /xingrg/dwr/call/plaincall/AjaxReportQueryService.refreshCache.dwr HTTP/1.1" 200 78
172.17.200.101 - - [20/Nov/2020:09:48:29 +0800] "POST /xingrg/all/report/load_report_page.html HTTP/1.1" 200 48256
172.17.200.101 - - [20/Nov/2020:09:48:29 +0800] "GET /xingrg/servlets/image?cache=0.6217852311601944&image=px HTTP/1.1" 200 807
180.174.56.115 - - [20/Nov/2020:09:48:36 +0800] "GET /xingrg/all/function/internal_message.html?_=1605836913979&CODE_STATE=getMsg HTTP/1.1" 200 27
172.17.0.123 - - [20/Nov/2020:09:48:36 +0800] "GET /xingrg/all/function/internal_message.html?_=1605836854471&CODE_STATE=getMsg HTTP/1.1" 200 27
101.85.228.137 - - [20/Nov/2020:09:48:38 +0800] "GET /xingrg/check_reg.html?_=1605837139930 HTTP/1.1" 200 22
120.253.135.82 - - [20/Nov/2020:09:48:39 +0800] "GET /xingrg/all/function/internal_message.html?_=1605836664016&CODE_STATE=getMsg HTTP/1.1" 200 27
180.162.245.190 - - [20/Nov/2020:09:48:41 +0800] "GET /xingrg/all/function/internal_message.html?_=1605836918899&CODE_STATE=getMsg HTTP/1.1" 200 27
114.84.37.38 - - [20/Nov/2020:09:48:44 +0800] "GET /xingrg/all/function/internal_message.html?_=1605836929628&CODE_STATE=getMsg HTTP/1.1" 200 27
180.157.253.48 - - [20/Nov/2020:09:48:45 +0800] "GET /xingrg/all/function/internal_message.html?_=1605836926318&CODE_STATE=getMsg HTTP/1.1" 200 27
101.85.228.137 - - [20/Nov/2020:09:48:48 +0800] "GET /xingrg/all/function/internal_message.html?_=1605837149695&CODE_STATE=getMsg HTTP/1.1" 200 27
172.17.0.102 - - [20/Nov/2020:09:48:49 +0800] "GET /xingrg/all/function/internal_message.html?_=1605836929298&CODE_STATE=getMsg HTTP/1.1" 200 27
172.17.200.101 - - [20/Nov/2020:09:48:54 +0800] "GET /xingrg/all/function/internal_message.html?_=1605836934213&CODE_STATE=getMsg HTTP/1.1" 200 27
172.17.0.120 - - [20/Nov/2020:09:49:00 +0800] "GET /xingrg/all/function/internal_message.html?_=1605837109018&CODE_STATE=getMsg HTTP/1.1" 200 27
101.85.95.39 - - [20/Nov/2020:09:49:04 +0800] "GET /xingrg/all/function/internal_message.html?_=1605836677992&CODE_STATE=getMsg HTTP/1.1" 200 27
222.69.129.82 - - [20/Nov/2020:09:49:09 +0800] "GET /xingrg/all/function/internal_message.html?_=1605836942394&CODE_STATE=getMsg HTTP/1.1" 200 27
114.84.37.38 - - [20/Nov/2020:09:49:10 +0800] "GET /xingrg/all/function/internal_message.html?_=1605836967389&CODE_STATE=getMsg HTTP/1.1" 200 27
114.84.145.85 - - [20/Nov/2020:09:49:12 +0800] "GET /xingrg/all/function/internal_message.html?_=1605836543194&CODE_STATE=getMsg HTTP/1.1" 200 27
114.84.145.85 - - [20/Nov/2020:09:49:12 +0800] "GET /xingrg/all/function/internal_message.html?_=1605836951799&CODE_STATE=getMsg HTTP/1.1" 200 27
58.35.246.33 - - [20/Nov/2020:09:49:14 +0800] "GET /xingrg/check_reg.html?_=1605837063286 HTTP/1.1" 200 22
58.35.246.33 - - [20/Nov/2020:09:49:14 +0800] "GET /xingrg/all/function/internal_message.html?_=1605837063288&CODE_STATE=getMsg HTTP/1.1" 200 27
124.78.11.148 - - [20/Nov/2020:09:49:15 +0800] "GET /favicon.ico HTTP/1.1" 404 -
172.17.0.103 - - [20/Nov/2020:09:49:17 +0800] "GET /xingrg/all/function/internal_message.html?_=1605836953951&CODE_STATE=getMsg HTTP/1.1" 200 27
116.233.72.251 - - [20/Nov/2020:09:49:23 +0800] "GET /xingrg/all/function/internal_message.html?_=1605837033118&CODE_STATE=getMsg HTTP/1.1" 200 27
180.162.245.190 - - [20/Nov/2020:09:49:29 +0800] "GET /xingrg/kc/buy/cgsh_order_operate.html?command=get_materiel&rest_code=00105&code=00102009623&supplier_code=00100151&order_time=2020-11-20 HTTP/1.1" 200 412
180.174.56.115 - - [20/Nov/2020:09:49:36 +0800] "GET /xingrg/all/function/internal_message.html?_=1605836973981&CODE_STATE=getMsg HTTP/1.1" 200 27
172.17.0.123 - - [20/Nov/2020:09:49:36 +0800] "GET /xingrg/all/function/internal_message.html?_=1605836914475&CODE_STATE=getMsg HTTP/1.1" 200 27
120.253.135.82 - - [20/Nov/2020:09:49:39 +0800] "GET /xingrg/all/function/internal_message.html?_=1605836724030&CODE_STATE=getMsg HTTP/1.1" 200 27
180.162.245.190 - - [20/Nov/2020:09:49:41 +0800] "GET /xingrg/check_reg.html?_=1605836978926 HTTP/1.1" 200 22
180.162.245.190 - - [20/Nov/2020:09:49:41 +0800] "GET /xingrg/all/function/internal_message.html?_=1605836978928&CODE_STATE=getMsg HTTP/1.1" 200 27
114.84.37.38 - - [20/Nov/2020:09:49:44 +0800] "GET /xingrg/all/function/internal_message.html?_=1605836989638&CODE_STATE=getMsg HTTP/1.1" 200 27
180.157.253.48 - - [20/Nov/2020:09:49:45 +0800] "GET /xingrg/all/function/internal_message.html?_=1605836986319&CODE_STATE=getMsg HTTP/1.1" 200 27
180.162.245.190 - - [20/Nov/2020:09:49:46 +0800] "GET /xingrg/kc/buy/cgsh_order_operate.html?command=get_materiel&rest_code=00105&code=00102009404&supplier_code=00100151&order_time=2020-11-20 HTTP/1.1" 200 414
101.85.228.137 - - [20/Nov/2020:09:49:48 +0800] "GET /xingrg/all/function/internal_message.html?_=1605837209709&CODE_STATE=getMsg HTTP/1.1" 200 27
172.17.0.102 - - [20/Nov/2020:09:49:49 +0800] "GET /xingrg/check_reg.html?_=1605836989307 HTTP/1.1" 200 22
172.17.0.102 - - [20/Nov/2020:09:49:49 +0800] "GET /xingrg/all/function/internal_message.html?_=1605836989309&CODE_STATE=getMsg HTTP/1.1" 200 27
172.17.200.101 - - [20/Nov/2020:09:49:54 +0800] "GET /xingrg/all/function/internal_message.html?_=1605836994214&CODE_STATE=getMsg HTTP/1.1" 200 27
172.17.0.120 - - [20/Nov/2020:09:50:00 +0800] "GET /xingrg/check_reg.html?_=1605837169022 HTTP/1.1" 200 22
172.17.0.120 - - [20/Nov/2020:09:50:00 +0800] "GET /xingrg/all/function/internal_message.html?_=1605837169024&CODE_STATE=getMsg HTTP/1.1" 200 27
101.85.95.39 - - [20/Nov/2020:09:50:04 +0800] "GET /xingrg/all/function/internal_message.html?_=1605836737961&CODE_STATE=getMsg HTTP/1.1" 200 27
180.162.245.190 - - [20/Nov/2020:09:50:07 +0800] "POST /xingrg/kc/buy/cgsh_order_operate.html HTTP/1.1" 200 37
180.162.245.190 - - [20/Nov/2020:09:50:08 +0800] "POST /xingrg/kc/buy/cgsh_order_operate.html HTTP/1.1" 200 4447
180.162.245.190 - - [20/Nov/2020:09:50:09 +0800] "GET /xingrg/kc/print/load_data.html?order_code=212020112007703&kc_code=cgsh&condition= HTTP/1.1" 200 1342
222.69.129.82 - - [20/Nov/2020:09:50:09 +0800] "GET /xingrg/all/function/internal_message.html?_=1605837002379&CODE_STATE=getMsg HTTP/1.1" 200 27
114.84.37.38 - - [20/Nov/2020:09:50:10 +0800] "GET /xingrg/all/function/internal_message.html?_=1605837027412&CODE_STATE=getMsg HTTP/1.1" 200 27
114.84.145.85 - - [20/Nov/2020:09:50:12 +0800] "GET /xingrg/all/function/internal_message.html?_=1605836603166&CODE_STATE=getMsg HTTP/1.1" 200 27
114.84.145.85 - - [20/Nov/2020:09:50:12 +0800] "GET /xingrg/all/function/internal_message.html?_=1605837011797&CODE_STATE=getMsg HTTP/1.1" 200 27
114.84.145.85 - - [20/Nov/2020:09:50:12 +0800] "GET /xingrg/check_reg.html?_=1605837011801 HTTP/1.1" 200 22
58.35.246.33 - - [20/Nov/2020:09:50:14 +0800] "GET /xingrg/all/function/internal_message.html?_=1605837123286&CODE_STATE=getMsg HTTP/1.1" 200 27
172.17.0.103 - - [20/Nov/2020:09:50:17 +0800] "GET /xingrg/all/function/internal_message.html?_=1605837013950&CODE_STATE=getMsg HTTP/1.1" 200 27
116.233.72.251 - - [20/Nov/2020:09:50:21 +0800] "GET /xingrg/check_reg.html?_=1605837093120 HTTP/1.1" 200 22
116.233.72.251 - - [20/Nov/2020:09:50:21 +0800] "GET /xingrg/all/function/internal_message.html?_=1605837093120&CODE_STATE=getMsg HTTP/1.1" 200 27
180.174.56.115 - - [20/Nov/2020:09:50:36 +0800] "GET /xingrg/all/function/internal_message.html?_=1605837033977&CODE_STATE=getMsg HTTP/1.1" 200 27
172.17.0.123 - - [20/Nov/2020:09:50:36 +0800] "GET /xingrg/all/function/internal_message.html?_=1605836974475&CODE_STATE=getMsg HTTP/1.1" 200 27
120.253.135.82 - - [20/Nov/2020:09:50:39 +0800] "GET /xingrg/all/function/internal_message.html?_=1605836784198&CODE_STATE=getMsg HTTP/1.1" 200 27
180.162.245.190 - - [20/Nov/2020:09:50:41 +0800] "GET /xingrg/all/function/internal_message.html?_=1605837038916&CODE_STATE=getMsg HTTP/1.1" 200 27
114.84.37.38 - - [20/Nov/2020:09:50:44 +0800] "GET /xingrg/all/function/internal_message.html?_=1605837049671&CODE_STATE=getMsg HTTP/1.1" 200 27
180.157.253.48 - - [20/Nov/2020:09:50:45 +0800] "GET /xingrg/all/function/internal_message.html?_=1605837046328&CODE_STATE=getMsg HTTP/1.1" 200 27
180.157.253.48 - - [20/Nov/2020:09:50:45 +0800] "GET /xingrg/check_reg.html?_=1605837046334 HTTP/1.1" 200 22
101.85.228.137 - - [20/Nov/2020:09:50:48 +0800] "GET /xingrg/all/function/internal_message.html?_=1605837269785&CODE_STATE=getMsg HTTP/1.1" 200 27
172.17.0.102 - - [20/Nov/2020:09:50:49 +0800] "GET /xingrg/all/function/internal_message.html?_=1605837049293&CODE_STATE=getMsg HTTP/1.1" 200 27
172.17.200.101 - - [20/Nov/2020:09:50:54 +0800] "GET /xingrg/all/function/internal_message.html?_=1605837054216&CODE_STATE=getMsg HTTP/1.1" 200 27
180.174.56.115 - - [20/Nov/2020:09:50:57 +0800] "GET /xingrg/kc/buy/cgsh_order_operate.html?command=get_materiel&rest_code=00150&code=00101008318&supplier_code=00100007&order_time=2020-11-20 HTTP/1.1" 200 408
172.17.0.120 - - [20/Nov/2020:09:51:00 +0800] "GET /xingrg/all/function/internal_message.html?_=1605837229027&CODE_STATE=getMsg HTTP/1.1" 200 27
101.85.95.39 - - [20/Nov/2020:09:51:04 +0800] "GET /xingrg/all/function/internal_message.html?_=1605836797970&CODE_STATE=getMsg HTTP/1.1" 200 27
114.84.37.38 - - [20/Nov/2020:09:51:08 +0800] "GET /xingrg/check_reg.html?_=1605837074300 HTTP/1.1" 200 22
58.35.246.33 - - [20/Nov/2020:09:51:09 +0800] "GET /xingrg/check_reg.html?_=1605837064182 HTTP/1.1" 200 22
222.69.129.82 - - [20/Nov/2020:09:51:09 +0800] "GET /xingrg/all/function/internal_message.html?_=1605837062363&CODE_STATE=getMsg HTTP/1.1" 200 27
114.84.37.38 - - [20/Nov/2020:09:51:11 +0800] "GET /xingrg/all/function/internal_message.html?_=1605837088085&CODE_STATE=getMsg HTTP/1.1" 200 27
114.84.145.85 - - [20/Nov/2020:09:51:12 +0800] "GET /xingrg/all/function/internal_message.html?_=1605836663137&CODE_STATE=getMsg HTTP/1.1" 200 27
114.84.145.85 - - [20/Nov/2020:09:51:12 +0800] "GET /xingrg/all/function/internal_message.html?_=1605837071798&CODE_STATE=getMsg HTTP/1.1" 200 27
58.35.246.33 - - [20/Nov/2020:09:51:14 +0800] "GET /xingrg/all/function/internal_message.html?_=1605837183286&CODE_STATE=getMsg HTTP/1.1" 200 27
172.17.0.103 - - [20/Nov/2020:09:51:17 +0800] "GET /xingrg/all/function/internal_message.html?_=1605837073949&CODE_STATE=getMsg HTTP/1.1" 200 27
116.233.72.251 - - [20/Nov/2020:09:51:19 +0800] "GET /xingrg/all/function/internal_message.html?_=1605837153112&CODE_STATE=getMsg HTTP/1.1" 200 27
114.84.145.85 - - [20/Nov/2020:09:51:34 +0800] "GET /xingrg/kc/buy/buy_main.html HTTP/1.1" 200 12412
114.84.145.85 - - [20/Nov/2020:09:51:34 +0800] "GET /xingrg/css/new_ie.css HTTP/1.1" 404 1036
114.84.145.85 - - [20/Nov/2020:09:51:34 +0800] "GET /xingrg/images/yd/bt.gif HTTP/1.1" 404 1040
114.84.145.85 - - [20/Nov/2020:09:51:35 +0800] "GET /xingrg/kc/buy/cgsh_order_list.html HTTP/1.1" 200 45010
114.84.145.85 - - [20/Nov/2020:09:51:36 +0800] "POST /xingrg/kc/buy/cgsh_list_operate.html HTTP/1.1" 200 876
180.174.56.115 - - [20/Nov/2020:09:51:36 +0800] "GET /xingrg/check_reg.html?_=1605837093991 HTTP/1.1" 200 22
180.174.56.115 - - [20/Nov/2020:09:51:36 +0800] "GET /xingrg/all/function/internal_message.html?_=1605837093994&CODE_STATE=getMsg HTTP/1.1" 200 27
172.17.0.123 - - [20/Nov/2020:09:51:36 +0800] "GET /xingrg/all/function/internal_message.html?_=1605837034477&CODE_STATE=getMsg HTTP/1.1" 200 27
114.84.145.85 - - [20/Nov/2020:09:51:37 +0800] "GET /xingrg/kc/buy/cgsh_order_add.html HTTP/1.1" 200 60748
114.84.145.85 - - [20/Nov/2020:09:51:37 +0800] "GET /xingrg/words/20201120093203_words.js HTTP/1.1" 200 776778
114.84.145.85 - - [20/Nov/2020:09:51:37 +0800] "GET /xingrg/all/common/auto_word.html?type=employee&rest_code=00141 HTTP/1.1" 200 201
114.84.145.85 - - [20/Nov/2020:09:51:37 +0800] "GET /xingrg/all/common/auto_word.html?type=employee&rest_code=00141 HTTP/1.1" 200 201
114.84.145.85 - - [20/Nov/2020:09:51:37 +0800] "GET /xingrg/javascript/easyui/themes/default/validatebox.css HTTP/1.1" 404 1104
114.84.145.85 - - [20/Nov/2020:09:51:37 +0800] "POST /xingrg/kc/buy/cgsh_order_operate.html HTTP/1.1" 200 8245
120.253.135.82 - - [20/Nov/2020:09:51:39 +0800] "GET /xingrg/all/function/internal_message.html?_=1605836844197&CODE_STATE=getMsg HTTP/1.1" 200 27
180.162.245.190 - - [20/Nov/2020:09:51:41 +0800] "GET /xingrg/all/function/internal_message.html?_=1605837098893&CODE_STATE=getMsg HTTP/1.1" 200 27
114.84.37.38 - - [20/Nov/2020:09:51:44 +0800] "GET /xingrg/all/function/internal_message.html?_=1605837109681&CODE_STATE=getMsg HTTP/1.1" 200 27
180.157.253.48 - - [20/Nov/2020:09:51:45 +0800] "GET /xingrg/all/function/internal_message.html?_=1605837106323&CODE_STATE=getMsg HTTP/1.1" 200 27
114.84.145.85 - - [20/Nov/2020:09:51:46 +0800] "GET /xingrg/check_reg.html?_=1605836697207 HTTP/1.1" 200 22
114.84.37.38 - - [20/Nov/2020:09:51:48 +0800] "GET /xingrg/check_reg.html?_=1605837124853 HTTP/1.1" 200 22
114.84.145.85 - - [20/Nov/2020:09:51:48 +0800] "GET /xingrg/javascript/jquery_tools/images/prev.gif HTTP/1.1" 404 1086
114.84.145.85 - - [20/Nov/2020:09:51:48 +0800] "GET /xingrg/javascript/jquery_tools/images/next.gif HTTP/1.1" 404 1086
101.85.228.137 - - [20/Nov/2020:09:51:48 +0800] "GET /xingrg/all/function/internal_message.html?_=1605837329799&CODE_STATE=getMsg HTTP/1.1" 200 27
172.17.0.102 - - [20/Nov/2020:09:51:49 +0800] "GET /xingrg/all/function/internal_message.html?_=1605837109308&CODE_STATE=getMsg HTTP/1.1" 200 27
114.84.145.85 - - [20/Nov/2020:09:51:53 +0800] "GET /xingrg/kc/buy/cgsh_order_operate.html?command=get_materiel&rest_code=00141&code=00101005037&supplier_code=00100040&order_time=2020-11-20 HTTP/1.1" 200 409
172.17.200.101 - - [20/Nov/2020:09:51:54 +0800] "GET /xingrg/all/function/internal_message.html?_=1605837114217&CODE_STATE=getMsg HTTP/1.1" 200 27
172.17.0.120 - - [20/Nov/2020:09:52:00 +0800] "GET /xingrg/all/function/internal_message.html?_=1605837289017&CODE_STATE=getMsg HTTP/1.1" 200 27
101.85.95.39 - - [20/Nov/2020:09:52:04 +0800] "GET /xingrg/check_reg.html?_=1605836857957 HTTP/1.1" 200 22
114.84.145.85 - - [20/Nov/2020:09:52:05 +0800] "GET /xingrg/kc/buy/cgsh_order_operate.html?command=get_materiel&rest_code=00141&code=00101005036&supplier_code=00100040&order_time=2020-11-20 HTTP/1.1" 200 409
101.85.95.39 - - [20/Nov/2020:09:52:07 +0800] "GET /xingrg/all/function/internal_message.html?_=1605836857959&CODE_STATE=getMsg HTTP/1.1" 200 27
222.69.129.82 - - [20/Nov/2020:09:52:09 +0800] "GET /xingrg/all/function/internal_message.html?_=1605837122347&CODE_STATE=getMsg HTTP/1.1" 200 27
222.69.129.82 - - [20/Nov/2020:09:52:10 +0800] "GET /xingrg/check_reg.html?_=1605837123371 HTTP/1.1" 200 22
114.84.37.38 - - [20/Nov/2020:09:52:11 +0800] "GET /xingrg/all/function/internal_message.html?_=1605837148115&CODE_STATE=getMsg HTTP/1.1" 200 27
114.84.145.85 - - [20/Nov/2020:09:52:12 +0800] "GET /xingrg/all/function/internal_message.html?_=1605836723119&CODE_STATE=getMsg HTTP/1.1" 200 27
114.84.145.85 - - [20/Nov/2020:09:52:12 +0800] "GET /xingrg/all/function/internal_message.html?_=1605837131824&CODE_STATE=getMsg HTTP/1.1" 200 27
58.35.246.33 - - [20/Nov/2020:09:52:14 +0800] "GET /xingrg/all/function/internal_message.html?_=1605837243284&CODE_STATE=getMsg HTTP/1.1" 200 27
172.17.0.103 - - [20/Nov/2020:09:52:17 +0800] "GET /xingrg/all/function/internal_message.html?_=1605837133950&CODE_STATE=getMsg HTTP/1.1" 200 27
116.233.72.251 - - [20/Nov/2020:09:52:17 +0800] "GET /xingrg/all/function/internal_message.html?_=1605837213116&CODE_STATE=getMsg HTTP/1.1" 200 27
114.84.145.85 - - [20/Nov/2020:09:52:20 +0800] "GET /xingrg/kc/buy/cgsh_order_operate.html?command=get_materiel&rest_code=00141&code=00101003013&supplier_code=00100040&order_time=2020-11-20 HTTP/1.1" 200 443
180.174.56.115 - - [20/Nov/2020:09:52:33 +0800] "GET /xingrg/kc/buy/cgsh_order_operate.html?command=get_materiel&rest_code=00150&code=00101008300&supplier_code=00100007&order_time=2020-11-20 HTTP/1.1" 200 412
172.17.200.101 - - [20/Nov/2020:09:52:34 +0800] "POST /xingrg/dwr/call/plaincall/AjaxReportQueryService.refreshCache.dwr HTTP/1.1" 200 78
180.174.56.115 - - [20/Nov/2020:09:52:36 +0800] "GET /xingrg/all/function/internal_message.html?_=1605837154002&CODE_STATE=getMsg HTTP/1.1" 200 27
172.17.0.123 - - [20/Nov/2020:09:52:36 +0800] "GET /xingrg/all/function/internal_message.html?_=1605837094477&CODE_STATE=getMsg HTTP/1.1" 200 27
172.17.0.123 - - [20/Nov/2020:09:52:36 +0800] "GET /xingrg/check_reg.html?_=1605837094479 HTTP/1.1" 200 22
172.17.200.101 - - [20/Nov/2020:09:52:38 +0800] "POST /xingrg/all/report/load_report_page.html HTTP/1.1" 200 266735
172.17.200.101 - - [20/Nov/2020:09:52:38 +0800] "GET /xingrg/servlets/image?cache=0.23372199579101793&image=px HTTP/1.1" 200 807
120.253.135.82 - - [20/Nov/2020:09:52:39 +0800] "GET /xingrg/all/function/internal_message.html?_=1605836904369&CODE_STATE=getMsg HTTP/1.1" 200 27
180.174.56.115 - - [20/Nov/2020:09:52:40 +0800] "GET /xingrg/kc/buy/cgsh_order_operate.html?command=get_materiel&rest_code=00150&code=00101008238&supplier_code=00100007&order_time=2020-11-20 HTTP/1.1" 200 416
180.162.245.190 - - [20/Nov/2020:09:52:41 +0800] "GET /xingrg/all/function/internal_message.html?_=1605837158894&CODE_STATE=getMsg HTTP/1.1" 200 27
114.84.145.85 - - [20/Nov/2020:09:52:42 +0800] "GET /xingrg/kc/buy/cgsh_order_operate.html?command=get_materiel&rest_code=00141&code=00101003011&supplier_code=00100040&order_time=2020-11-20 HTTP/1.1" 200 425
114.84.37.38 - - [20/Nov/2020:09:52:44 +0800] "GET /xingrg/all/function/internal_message.html?_=1605837169694&CODE_STATE=getMsg HTTP/1.1" 200 27
180.157.253.48 - - [20/Nov/2020:09:52:45 +0800] "GET /xingrg/all/function/internal_message.html?_=1605837166312&CODE_STATE=getMsg HTTP/1.1" 200 27
101.85.228.137 - - [20/Nov/2020:09:52:48 +0800] "GET /xingrg/all/function/internal_message.html?_=1605837389924&CODE_STATE=getMsg HTTP/1.1" 200 27
172.17.0.102 - - [20/Nov/2020:09:52:49 +0800] "GET /xingrg/all/function/internal_message.html?_=1605837169321&CODE_STATE=getMsg HTTP/1.1" 200 27
172.17.200.101 - - [20/Nov/2020:09:52:50 +0800] "POST /xingrg/all/report/report_print.html HTTP/1.1" 200 28196
180.174.56.115 - - [20/Nov/2020:09:52:52 +0800] "POST /xingrg/kc/buy/cgsh_order_operate.html HTTP/1.1" 200 37
180.174.56.115 - - [20/Nov/2020:09:52:53 +0800] "POST /xingrg/kc/buy/cgsh_order_operate.html HTTP/1.1" 200 42901
172.17.200.101 - - [20/Nov/2020:09:52:54 +0800] "GET /xingrg/check_reg.html?_=1605837174228 HTTP/1.1" 200 22
172.17.200.101 - - [20/Nov/2020:09:52:54 +0800] "GET /xingrg/all/function/internal_message.html?_=1605837174229&CODE_STATE=getMsg HTTP/1.1" 200 27
58.221.95.50 - - [20/Nov/2020:09:52:58 +0800] "GET /xingrg/check_reg.html?_=1605837181264 HTTP/1.1" 302 -
101.91.60.105 - - [20/Nov/2020:09:52:59 +0800] "GET /xingrg/all/function/internal_message.html?_=1605836471779&CODE_STATE=getMsg HTTP/1.1" 302 -
172.17.0.120 - - [20/Nov/2020:09:53:00 +0800] "GET /xingrg/all/function/internal_message.html?_=1605837349016&CODE_STATE=getMsg HTTP/1.1" 200 27
101.85.95.39 - - [20/Nov/2020:09:53:04 +0800] "GET /xingrg/all/function/internal_message.html?_=1605836917959&CODE_STATE=getMsg HTTP/1.1" 200 27
101.91.60.105 - - [20/Nov/2020:09:53:07 +0800] "GET /xingrg/login.html HTTP/1.1" 200 7641
222.69.129.82 - - [20/Nov/2020:09:53:09 +0800] "GET /xingrg/all/function/internal_message.html?_=1605837182324&CODE_STATE=getMsg HTTP/1.1" 200 27
114.84.37.38 - - [20/Nov/2020:09:53:11 +0800] "GET /xingrg/all/function/internal_message.html?_=1605837208158&CODE_STATE=getMsg HTTP/1.1" 200 27
114.84.145.85 - - [20/Nov/2020:09:53:12 +0800] "GET /xingrg/all/function/internal_message.html?_=1605836783099&CODE_STATE=getMsg HTTP/1.1" 200 27
114.84.145.85 - - [20/Nov/2020:09:53:12 +0800] "GET /xingrg/all/function/internal_message.html?_=1605837191826&CODE_STATE=getMsg HTTP/1.1" 200 27
58.35.246.33 - - [20/Nov/2020:09:53:14 +0800] "GET /xingrg/all/function/internal_message.html?_=1605837303283&CODE_STATE=getMsg HTTP/1.1" 200 27
116.233.72.251 - - [20/Nov/2020:09:53:14 +0800] "GET /xingrg/all/function/internal_message.html?_=1605837273110&CODE_STATE=getMsg HTTP/1.1" 200 27
172.17.0.103 - - [20/Nov/2020:09:53:17 +0800] "GET /xingrg/all/function/internal_message.html?_=1605837193949&CODE_STATE=getMsg HTTP/1.1" 200 27
172.17.0.103 - - [20/Nov/2020:09:53:17 +0800] "GET /xingrg/check_reg.html?_=1605837193952 HTTP/1.1" 200 22
120.253.135.82 - - [20/Nov/2020:09:53:28 +0800] "GET /xingrg/check_reg.html?_=1605836953164 HTTP/1.1" 200 22
114.84.145.85 - - [20/Nov/2020:09:53:33 +0800] "POST /xingrg/kc/buy/cgsh_order_operate.html HTTP/1.1" 200 37
180.174.56.115 - - [20/Nov/2020:09:53:36 +0800] "GET /xingrg/all/function/internal_message.html?_=1605837213993&CODE_STATE=getMsg HTTP/1.1" 200 27
172.17.0.123 - - [20/Nov/2020:09:53:36 +0800] "GET /xingrg/all/function/internal_message.html?_=1605837154479&CODE_STATE=getMsg HTTP/1.1" 200 27
114.84.145.85 - - [20/Nov/2020:09:53:37 +0800] "POST /xingrg/kc/buy/cgsh_order_operate.html HTTP/1.1" 200 12
114.84.145.85 - - [20/Nov/2020:09:53:38 +0800] "GET /xingrg/kc/buy/cgsh_order_info.html?code=212020112007704 HTTP/1.1" 200 55651
114.84.145.85 - - [20/Nov/2020:09:53:38 +0800] "GET /xingrg/javascript/easyui/themes/default/validatebox.css HTTP/1.1" 404 1104
101.85.228.137 - - [20/Nov/2020:09:53:38 +0800] "GET /xingrg/check_reg.html?_=1605837439937 HTTP/1.1" 200 22
114.84.145.85 - - [20/Nov/2020:09:53:39 +0800] "POST /xingrg/kc/buy/cgsh_order_operate.html HTTP/1.1" 200 1795
120.253.135.82 - - [20/Nov/2020:09:53:39 +0800] "GET /xingrg/all/function/internal_message.html?_=1605836964412&CODE_STATE=getMsg HTTP/1.1" 200 27
114.84.145.85 - - [20/Nov/2020:09:53:39 +0800] "GET /xingrg/kc/print/load_config.html?kc_code=cgsh HTTP/1.1" 200 1845
114.84.145.85 - - [20/Nov/2020:09:53:40 +0800] "GET /xingrg/kc/print/load_data.html?order_code=212020112007704&kc_code=cgsh&condition= HTTP/1.1" 200 1236
180.162.245.190 - - [20/Nov/2020:09:53:41 +0800] "GET /xingrg/all/function/internal_message.html?_=1605837218894&CODE_STATE=getMsg HTTP/1.1" 200 27
114.84.37.38 - - [20/Nov/2020:09:53:44 +0800] "GET /xingrg/all/function/internal_message.html?_=1605837229727&CODE_STATE=getMsg HTTP/1.1" 200 27
180.157.253.48 - - [20/Nov/2020:09:53:45 +0800] "GET /xingrg/all/function/internal_message.html?_=1605837226326&CODE_STATE=getMsg HTTP/1.1" 200 27
114.84.145.85 - - [20/Nov/2020:09:53:48 +0800] "GET /xingrg/kc/buy/cgsh_order_add.html HTTP/1.1" 200 60748
114.84.145.85 - - [20/Nov/2020:09:53:48 +0800] "POST /xingrg/kc/buy/cgsh_order_operate.html HTTP/1.1" 200 8245
101.85.228.137 - - [20/Nov/2020:09:53:48 +0800] "GET /xingrg/all/function/internal_message.html?_=1605837449936&CODE_STATE=getMsg HTTP/1.1" 200 27
114.84.145.85 - - [20/Nov/2020:09:53:48 +0800] "GET /xingrg/javascript/easyui/themes/default/validatebox.css HTTP/1.1" 404 1104
172.17.0.102 - - [20/Nov/2020:09:53:49 +0800] "GET /xingrg/all/function/internal_message.html?_=1605837229330&CODE_STATE=getMsg HTTP/1.1" 200 27
172.17.200.101 - - [20/Nov/2020:09:53:54 +0800] "GET /xingrg/all/function/internal_message.html?_=1605837234229&CODE_STATE=getMsg HTTP/1.1" 200 27
172.17.0.120 - - [20/Nov/2020:09:54:00 +0800] "GET /xingrg/all/function/internal_message.html?_=1605837409021&CODE_STATE=getMsg HTTP/1.1" 200 27
101.85.95.39 - - [20/Nov/2020:09:54:04 +0800] "GET /xingrg/all/function/internal_message.html?_=1605836977959&CODE_STATE=getMsg HTTP/1.1" 200 27
222.69.129.82 - - [20/Nov/2020:09:54:09 +0800] "GET /xingrg/all/function/internal_message.html?_=1605837242310&CODE_STATE=getMsg HTTP/1.1" 200 27
114.84.37.38 - - [20/Nov/2020:09:54:12 +0800] "GET /xingrg/all/function/internal_message.html?_=1605837268954&CODE_STATE=getMsg HTTP/1.1" 200 27
114.84.145.85 - - [20/Nov/2020:09:54:12 +0800] "GET /xingrg/all/function/internal_message.html?_=1605836843079&CODE_STATE=getMsg HTTP/1.1" 200 27
116.233.72.251 - - [20/Nov/2020:09:54:12 +0800] "GET /xingrg/all/function/internal_message.html?_=1605837333122&CODE_STATE=getMsg HTTP/1.1" 200 27
114.84.145.85 - - [20/Nov/2020:09:54:12 +0800] "GET /xingrg/all/function/internal_message.html?_=1605837251812&CODE_STATE=getMsg HTTP/1.1" 200 27
58.35.246.33 - - [20/Nov/2020:09:54:14 +0800] "GET /xingrg/check_reg.html?_=1605837363285 HTTP/1.1" 200 22
58.35.246.33 - - [20/Nov/2020:09:54:14 +0800] "GET /xingrg/all/function/internal_message.html?_=1605837363283&CODE_STATE=getMsg HTTP/1.1" 200 27
172.17.0.103 - - [20/Nov/2020:09:54:17 +0800] "GET /xingrg/all/function/internal_message.html?_=1605837253957&CODE_STATE=getMsg HTTP/1.1" 200 27
180.174.56.115 - - [20/Nov/2020:09:54:36 +0800] "GET /xingrg/all/function/internal_message.html?_=1605837273992&CODE_STATE=getMsg HTTP/1.1" 200 27
172.17.0.123 - - [20/Nov/2020:09:54:36 +0800] "GET /xingrg/all/function/internal_message.html?_=1605837214481&CODE_STATE=getMsg HTTP/1.1" 200 27
120.253.135.82 - - [20/Nov/2020:09:54:39 +0800] "GET /xingrg/all/function/internal_message.html?_=1605837024426&CODE_STATE=getMsg HTTP/1.1" 200 27
180.162.245.190 - - [20/Nov/2020:09:54:41 +0800] "GET /xingrg/all/function/internal_message.html?_=1605837278893&CODE_STATE=getMsg HTTP/1.1" 200 27
180.162.245.190 - - [20/Nov/2020:09:54:41 +0800] "GET /xingrg/check_reg.html?_=1605837278894 HTTP/1.1" 200 22
114.84.37.38 - - [20/Nov/2020:09:54:44 +0800] "GET /xingrg/all/function/internal_message.html?_=1605837289738&CODE_STATE=getMsg HTTP/1.1" 200 27
180.157.253.48 - - [20/Nov/2020:09:54:45 +0800] "GET /xingrg/all/function/internal_message.html?_=1605837286324&CODE_STATE=getMsg HTTP/1.1" 200 27
101.85.228.137 - - [20/Nov/2020:09:54:48 +0800] "GET /xingrg/all/function/internal_message.html?_=1605837509949&CODE_STATE=getMsg HTTP/1.1" 200 27
172.17.0.102 - - [20/Nov/2020:09:54:49 +0800] "GET /xingrg/all/function/internal_message.html?_=1605837289316&CODE_STATE=getMsg HTTP/1.1" 200 27
172.17.0.102 - - [20/Nov/2020:09:54:49 +0800] "GET /xingrg/check_reg.html?_=1605837289320 HTTP/1.1" 200 22
172.17.200.101 - - [20/Nov/2020:09:54:54 +0800] "GET /xingrg/all/function/internal_message.html?_=1605837294230&CODE_STATE=getMsg HTTP/1.1" 200 27
172.17.0.120 - - [20/Nov/2020:09:55:00 +0800] "GET /xingrg/all/function/internal_message.html?_=1605837469016&CODE_STATE=getMsg HTTP/1.1" 200 27
172.17.0.120 - - [20/Nov/2020:09:55:01 +0800] "GET /xingrg/check_reg.html?_=1605837469028 HTTP/1.1" 200 22
101.85.95.39 - - [20/Nov/2020:09:55:04 +0800] "GET /xingrg/all/function/internal_message.html?_=1605837037958&CODE_STATE=getMsg HTTP/1.1" 200 27
222.69.129.82 - - [20/Nov/2020:09:55:09 +0800] "GET /xingrg/all/function/internal_message.html?_=1605837302294&CODE_STATE=getMsg HTTP/1.1" 200 27
116.233.72.251 - - [20/Nov/2020:09:55:10 +0800] "GET /xingrg/check_reg.html?_=1605837393113 HTTP/1.1" 200 22
116.233.72.251 - - [20/Nov/2020:09:55:10 +0800] "GET /xingrg/all/function/internal_message.html?_=1605837393113&CODE_STATE=getMsg HTTP/1.1" 200 27
114.84.37.38 - - [20/Nov/2020:09:55:12 +0800] "GET /xingrg/all/function/internal_message.html?_=1605837328977&CODE_STATE=getMsg HTTP/1.1" 200 27
114.84.145.85 - - [20/Nov/2020:09:55:12 +0800] "GET /xingrg/all/function/internal_message.html?_=1605836903052&CODE_STATE=getMsg HTTP/1.1" 200 27
114.84.145.85 - - [20/Nov/2020:09:55:12 +0800] "GET /xingrg/all/function/internal_message.html?_=1605837311817&CODE_STATE=getMsg HTTP/1.1" 200 27
114.84.145.85 - - [20/Nov/2020:09:55:12 +0800] "GET /xingrg/check_reg.html?_=1605837311822 HTTP/1.1" 200 22
58.35.246.33 - - [20/Nov/2020:09:55:14 +0800] "GET /xingrg/all/function/internal_message.html?_=1605837423285&CODE_STATE=getMsg HTTP/1.1" 200 27
180.174.56.115 - - [20/Nov/2020:09:55:14 +0800] "GET /xingrg/kc/buy/cgsh_order_list.html HTTP/1.1" 200 45010
180.174.56.115 - - [20/Nov/2020:09:55:16 +0800] "POST /xingrg/kc/buy/cgsh_list_operate.html HTTP/1.1" 200 2413
172.17.0.103 - - [20/Nov/2020:09:55:17 +0800] "GET /xingrg/all/function/internal_message.html?_=1605837313957&CODE_STATE=getMsg HTTP/1.1" 200 27
180.174.56.115 - - [20/Nov/2020:09:55:22 +0800] "POST /xingrg/kc/buy/cgsh_list_operate.html HTTP/1.1" 200 349
180.174.56.115 - - [20/Nov/2020:09:55:24 +0800] "GET /xingrg/kc/buy/cgsh_order_info.html?code=212020112007699 HTTP/1.1" 200 60675
180.174.56.115 - - [20/Nov/2020:09:55:24 +0800] "GET /xingrg/words/20201120093203_words.js HTTP/1.1" 304 -
180.174.56.115 - - [20/Nov/2020:09:55:24 +0800] "GET /xingrg/javascript/easyui/themes/default/validatebox.css HTTP/1.1" 404 1104
180.174.56.115 - - [20/Nov/2020:09:55:24 +0800] "POST /xingrg/kc/buy/cgsh_order_operate.html HTTP/1.1" 200 3840
172.17.0.123 - - [20/Nov/2020:09:55:36 +0800] "GET /xingrg/all/function/internal_message.html?_=1605837274483&CODE_STATE=getMsg HTTP/1.1" 200 27
120.253.135.82 - - [20/Nov/2020:09:55:39 +0800] "GET /xingrg/all/function/internal_message.html?_=1605837084601&CODE_STATE=getMsg HTTP/1.1" 200 27
180.162.245.190 - - [20/Nov/2020:09:55:41 +0800] "GET /xingrg/all/function/internal_message.html?_=1605837338892&CODE_STATE=getMsg HTTP/1.1" 200 27
180.174.56.115 - - [20/Nov/2020:09:55:43 +0800] "POST /xingrg/kc/buy/cgsh_order_operate.html HTTP/1.1" 200 37
114.84.37.38 - - [20/Nov/2020:09:55:44 +0800] "GET /xingrg/all/function/internal_message.html?_=1605837349770&CODE_STATE=getMsg HTTP/1.1" 200 27
180.174.56.115 - - [20/Nov/2020:09:55:45 +0800] "POST /xingrg/kc/buy/cgsh_order_operate.html HTTP/1.1" 200 12
180.157.253.48 - - [20/Nov/2020:09:55:45 +0800] "GET /xingrg/all/function/internal_message.html?_=1605837346324&CODE_STATE=getMsg HTTP/1.1" 200 27
180.157.253.48 - - [20/Nov/2020:09:55:45 +0800] "GET /xingrg/check_reg.html?_=1605837346330 HTTP/1.1" 200 22
180.174.56.115 - - [20/Nov/2020:09:55:45 +0800] "GET /xingrg/kc/buy/cgsh_order_info.html?code=212020112007699 HTTP/1.1" 200 55569
180.174.56.115 - - [20/Nov/2020:09:55:46 +0800] "GET /xingrg/javascript/easyui/themes/default/validatebox.css HTTP/1.1" 404 1104
180.174.56.115 - - [20/Nov/2020:09:55:46 +0800] "POST /xingrg/kc/buy/cgsh_order_operate.html HTTP/1.1" 200 1793
180.174.56.115 - - [20/Nov/2020:09:55:48 +0800] "GET /xingrg/kc/print/load_data.html?order_code=212020112007699&kc_code=cgsh&condition= HTTP/1.1" 200 1212
101.85.228.137 - - [20/Nov/2020:09:55:49 +0800] "GET /xingrg/all/function/internal_message.html?_=1605837570057&CODE_STATE=getMsg HTTP/1.1" 200 27
172.17.0.102 - - [20/Nov/2020:09:55:49 +0800] "GET /xingrg/all/function/internal_message.html?_=1605837349318&CODE_STATE=getMsg HTTP/1.1" 200 27
172.17.200.101 - - [20/Nov/2020:09:55:54 +0800] "GET /xingrg/all/function/internal_message.html?_=1605837354217&CODE_STATE=getMsg HTTP/1.1" 200 27
172.17.0.120 - - [20/Nov/2020:09:56:00 +0800] "GET /xingrg/all/function/internal_message.html?_=1605837529024&CODE_STATE=getMsg HTTP/1.1" 200 27
101.85.95.39 - - [20/Nov/2020:09:56:04 +0800] "GET /xingrg/all/function/internal_message.html?_=1605837097958&CODE_STATE=getMsg HTTP/1.1" 200 27
116.233.72.251 - - [20/Nov/2020:09:56:08 +0800] "GET /xingrg/all/function/internal_message.html?_=1605837453109&CODE_STATE=getMsg HTTP/1.1" 200 27
114.84.37.38 - - [20/Nov/2020:09:56:08 +0800] "GET /xingrg/check_reg.html?_=1605837374306 HTTP/1.1" 200 22
58.35.246.33 - - [20/Nov/2020:09:56:09 +0800] "GET /xingrg/check_reg.html?_=1605837364182 HTTP/1.1" 200 22
222.69.129.82 - - [20/Nov/2020:09:56:09 +0800] "GET /xingrg/all/function/internal_message.html?_=1605837362282&CODE_STATE=getMsg HTTP/1.1" 200 27
114.84.145.85 - - [20/Nov/2020:09:56:12 +0800] "GET /xingrg/all/function/internal_message.html?_=1605836963022&CODE_STATE=getMsg HTTP/1.1" 200 27
114.84.37.38 - - [20/Nov/2020:09:56:12 +0800] "GET /xingrg/all/function/internal_message.html?_=1605837389698&CODE_STATE=getMsg HTTP/1.1" 200 27
114.84.145.85 - - [20/Nov/2020:09:56:12 +0800] "GET /xingrg/all/function/internal_message.html?_=1605837371822&CODE_STATE=getMsg HTTP/1.1" 200 27
58.35.246.33 - - [20/Nov/2020:09:56:14 +0800] "GET /xingrg/all/function/internal_message.html?_=1605837483284&CODE_STATE=getMsg HTTP/1.1" 200 27
172.17.0.103 - - [20/Nov/2020:09:56:17 +0800] "GET /xingrg/all/function/internal_message.html?_=1605837373957&CODE_STATE=getMsg HTTP/1.1" 200 27
180.174.56.115 - - [20/Nov/2020:09:56:36 +0800] "GET /xingrg/all/function/internal_message.html?_=1605837394007&CODE_STATE=getMsg HTTP/1.1" 200 27
180.174.56.115 - - [20/Nov/2020:09:56:36 +0800] "GET /xingrg/check_reg.html?_=1605837394012 HTTP/1.1" 200 22
172.17.0.123 - - [20/Nov/2020:09:56:36 +0800] "GET /xingrg/all/function/internal_message.html?_=1605837334483&CODE_STATE=getMsg HTTP/1.1" 200 27
120.253.135.82 - - [20/Nov/2020:09:56:39 +0800] "GET /xingrg/all/function/internal_message.html?_=1605837144609&CODE_STATE=getMsg HTTP/1.1" 200 27
180.162.245.190 - - [20/Nov/2020:09:56:41 +0800] "GET /xingrg/all/function/internal_message.html?_=1605837398893&CODE_STATE=getMsg HTTP/1.1" 200 27
114.84.37.38 - - [20/Nov/2020:09:56:44 +0800] "GET /xingrg/all/function/internal_message.html?_=1605837409780&CODE_STATE=getMsg HTTP/1.1" 200 27
180.157.253.48 - - [20/Nov/2020:09:56:45 +0800] "GET /xingrg/all/function/internal_message.html?_=1605837406317&CODE_STATE=getMsg HTTP/1.1" 200 27
180.174.56.115 - - [20/Nov/2020:09:56:45 +0800] "GET /xingrg/kc/buy/cgsh_order_add.html HTTP/1.1" 200 60666
180.174.56.115 - - [20/Nov/2020:09:56:46 +0800] "POST /xingrg/kc/buy/cgsh_order_operate.html HTTP/1.1" 200 8245
180.174.56.115 - - [20/Nov/2020:09:56:46 +0800] "GET /xingrg/javascript/easyui/themes/default/validatebox.css HTTP/1.1" 404 1104
114.84.145.85 - - [20/Nov/2020:09:56:46 +0800] "GET /xingrg/check_reg.html?_=1605836997203 HTTP/1.1" 200 22
114.84.37.38 - - [20/Nov/2020:09:56:48 +0800] "GET /xingrg/check_reg.html?_=1605837424871 HTTP/1.1" 200 22
101.85.228.137 - - [20/Nov/2020:09:56:49 +0800] "GET /xingrg/all/function/internal_message.html?_=1605837630070&CODE_STATE=getMsg HTTP/1.1" 200 27
