172.17.0.123 - - [20/Nov/2020:09:32:48 +0800] "GET /xingrg/javascript/checkform.js HTTP/1.1" 200 18351
172.17.0.123 - - [20/Nov/2020:09:32:48 +0800] "GET /xingrg/javascript/AjaxInfoList.js HTTP/1.1" 200 3774
172.17.0.123 - - [20/Nov/2020:09:32:48 +0800] "GET /xingrg/javascript/Grid.js HTTP/1.1" 200 58908
172.17.0.123 - - [20/Nov/2020:09:32:48 +0800] "GET /xingrg/javascript/ToolTips.js HTTP/1.1" 200 5615
172.17.0.123 - - [20/Nov/2020:09:32:48 +0800] "GET /xingrg/javascript/jquery_easy_ui/themes/icons/edit_add_new.png HTTP/1.1" 200 2997
172.17.0.123 - - [20/Nov/2020:09:32:48 +0800] "GET /xingrg/javascript/jquery_easy_ui/themes/icons/uncheck_new.png HTTP/1.1" 200 3197
172.17.0.123 - - [20/Nov/2020:09:32:48 +0800] "GET /xingrg/javascript/jquery_easy_ui/themes/icons/check_new.png HTTP/1.1" 304 -
172.17.0.123 - - [20/Nov/2020:09:32:48 +0800] "GET /xingrg/images/blue/wait.gif HTTP/1.1" 200 1100
172.17.0.123 - - [20/Nov/2020:09:32:48 +0800] "GET /xingrg/images/blue/kc_tab_left.gif HTTP/1.1" 200 188
172.17.0.123 - - [20/Nov/2020:09:32:48 +0800] "GET /xingrg/images/blue/kc_tab_mid.gif HTTP/1.1" 200 44
172.17.0.123 - - [20/Nov/2020:09:32:48 +0800] "GET /xingrg/images/blue/kc_tab_right.gif HTTP/1.1" 200 643
172.17.0.123 - - [20/Nov/2020:09:32:48 +0800] "POST /xingrg/dwr/call/plaincall/AjaxYddbService.loadMaterielItems.dwr HTTP/1.1" 200 717
172.17.0.102 - - [20/Nov/2020:09:32:49 +0800] "GET /xingrg/all/function/internal_message.html?_=1605835969220&CODE_STATE=getMsg HTTP/1.1" 200 27
101.85.95.39 - - [20/Nov/2020:09:32:50 +0800] "POST /xingrg/kc/buy/cgsh_list_operate.html HTTP/1.1" 200 561
101.85.95.39 - - [20/Nov/2020:09:32:51 +0800] "GET /xingrg/kc/buy/cgsh_order_info.html?code=212020111706789 HTTP/1.1" 200 59866
101.85.95.39 - - [20/Nov/2020:09:32:51 +0800] "GET /xingrg/javascript/easyui/themes/default/validatebox.css HTTP/1.1" 404 1104
101.85.95.39 - - [20/Nov/2020:09:32:52 +0800] "POST /xingrg/kc/buy/cgsh_order_operate.html HTTP/1.1" 200 21509
180.174.56.115 - - [20/Nov/2020:09:32:52 +0800] "GET /xingrg/kc/buy/cgsh_order_operate.html?command=get_materiel&rest_code=00151&code=00102032038&supplier_code=&order_time=2020-11-20 HTTP/1.1" 200 426
116.233.72.251 - - [20/Nov/2020:09:32:54 +0800] "GET /xingrg/kc/buy/cgsh_order_operate.html?command=get_materiel&rest_code=00109&code=00101008225&supplier_code=00100005&order_time=2020-11-20 HTTP/1.1" 200 416
172.17.0.120 - - [20/Nov/2020:09:32:56 +0800] "GET /xingrg/all/function/internal_message.html?_=1605836144814&CODE_STATE=getMsg HTTP/1.1" 200 27
58.221.95.50 - - [20/Nov/2020:09:32:58 +0800] "GET /xingrg/check_reg.html?_=1605835981374 HTTP/1.1" 302 -
116.233.72.251 - - [20/Nov/2020:09:33:03 +0800] "GET /xingrg/kc/buy/cgsh_order_operate.html?command=get_materiel&rest_code=00109&code=00101008175&supplier_code=00100005&order_time=2020-11-20 HTTP/1.1" 200 412
101.85.95.39 - - [20/Nov/2020:09:33:04 +0800] "GET /xingrg/all/function/internal_message.html?_=1605835718007&CODE_STATE=getMsg HTTP/1.1" 200 27
172.17.0.123 - - [20/Nov/2020:09:33:04 +0800] "GET /xingrg/javascript/jquery_easy_ui/themes/default/images/button_plain_hover.png HTTP/1.1" 200 252
114.84.37.38 - - [20/Nov/2020:09:33:05 +0800] "GET /xingrg/all/function/internal_message.html?_=1605836002376&CODE_STATE=getMsg HTTP/1.1" 200 27
172.17.0.103 - - [20/Nov/2020:09:33:06 +0800] "GET /xingrg/login.html HTTP/1.1" 200 7636
172.17.0.103 - - [20/Nov/2020:09:33:06 +0800] "GET /xingrg/images/blue/jxLogo.png HTTP/1.1" 200 6156
172.17.0.123 - - [20/Nov/2020:09:33:07 +0800] "POST /xingrg/dwr/call/plaincall/AjaxYddbService.saveOrder.dwr HTTP/1.1" 200 78
172.17.0.103 - - [20/Nov/2020:09:33:07 +0800] "GET /xingrg/images/blue/hj.png HTTP/1.1" 200 1014
172.17.0.103 - - [20/Nov/2020:09:33:07 +0800] "GET /xingrg/images/blue/login_bg.png HTTP/1.1" 200 22101
172.17.0.103 - - [20/Nov/2020:09:33:07 +0800] "GET /xingrg/images/blue/srbg.png HTTP/1.1" 200 138
172.17.0.103 - - [20/Nov/2020:09:33:07 +0800] "GET /favicon.ico HTTP/1.1" 404 -
172.17.0.123 - - [20/Nov/2020:09:33:09 +0800] "POST /xingrg/dwr/call/plaincall/AjaxYddbService.objCheckOrder.dwr HTTP/1.1" 200 78
222.69.129.82 - - [20/Nov/2020:09:33:10 +0800] "GET /xingrg/all/function/internal_message.html?_=1605835982690&CODE_STATE=getMsg HTTP/1.1" 200 27
172.17.0.123 - - [20/Nov/2020:09:33:10 +0800] "GET /xingrg/kc/base/yddb_order_info.html?code=482020110400024 HTTP/1.1" 200 30734
172.17.0.123 - - [20/Nov/2020:09:33:10 +0800] "GET /xingrg/dwr/interface/AjaxComOrderService.js HTTP/1.1" 200 18264
172.17.0.123 - - [20/Nov/2020:09:33:10 +0800] "GET /xingrg/dwr/interface/AjaxYddbService.js HTTP/1.1" 200 13201
172.17.0.123 - - [20/Nov/2020:09:33:10 +0800] "GET /xingrg/dwr/engine.js HTTP/1.1" 200 43631
172.17.0.123 - - [20/Nov/2020:09:33:10 +0800] "POST /xingrg/dwr/call/plaincall/AjaxYddbService.loadMaterielItems.dwr HTTP/1.1" 200 717
116.233.72.251 - - [20/Nov/2020:09:33:10 +0800] "GET /xingrg/kc/buy/cgsh_order_operate.html?command=get_materiel&rest_code=00109&code=00101008155&supplier_code=00100005&order_time=2020-11-20 HTTP/1.1" 200 408
172.17.0.123 - - [20/Nov/2020:09:33:12 +0800] "POST /xingrg/kc/base/yddb_list_operate.html HTTP/1.1" 200 567
172.17.0.123 - - [20/Nov/2020:09:33:12 +0800] "GET /xingrg/dwr/interface/AjaxComOrderService.js HTTP/1.1" 200 18264
172.17.0.123 - - [20/Nov/2020:09:33:12 +0800] "GET /xingrg/dwr/interface/AjaxYddbService.js HTTP/1.1" 200 13201
172.17.0.123 - - [20/Nov/2020:09:33:12 +0800] "GET /xingrg/dwr/engine.js HTTP/1.1" 200 43631
172.17.0.123 - - [20/Nov/2020:09:33:12 +0800] "GET /xingrg/kc/base/yddb_order_info.html?code=482020111000078 HTTP/1.1" 200 30734
172.17.0.123 - - [20/Nov/2020:09:33:12 +0800] "POST /xingrg/dwr/call/plaincall/AjaxYddbService.loadMaterielItems.dwr HTTP/1.1" 200 4540
114.84.145.85 - - [20/Nov/2020:09:33:12 +0800] "GET /xingrg/all/function/internal_message.html?_=1605835991740&CODE_STATE=getMsg HTTP/1.1" 200 27
114.84.145.85 - - [20/Nov/2020:09:33:12 +0800] "GET /xingrg/all/function/internal_message.html?_=1605835583590&CODE_STATE=getMsg HTTP/1.1" 200 27
180.174.56.115 - - [20/Nov/2020:09:33:13 +0800] "POST /xingrg/kc/buy/cgsh_order_operate.html HTTP/1.1" 200 37
58.35.246.33 - - [20/Nov/2020:09:33:14 +0800] "GET /xingrg/all/function/internal_message.html?_=1605836103249&CODE_STATE=getMsg HTTP/1.1" 200 27
116.233.72.251 - - [20/Nov/2020:09:33:15 +0800] "GET /xingrg/kc/buy/cgsh_order_operate.html?command=get_materiel&rest_code=00109&code=00101008331&supplier_code=00100005&order_time=2020-11-20 HTTP/1.1" 200 416
172.17.0.103 - - [20/Nov/2020:09:33:16 +0800] "POST /xingrg/login.do HTTP/1.1" 302 -
172.17.0.103 - - [20/Nov/2020:09:33:16 +0800] "GET /xingrg/javascript/jquery_easy_ui/themes/icon.css HTTP/1.1" 200 3949
172.17.0.103 - - [20/Nov/2020:09:33:16 +0800] "GET /xingrg/css/form.css HTTP/1.1" 200 893
172.17.0.103 - - [20/Nov/2020:09:33:16 +0800] "GET /xingrg/javascript/jquery_easy_ui/themes/default/easyui.css HTTP/1.1" 200 26500
172.17.0.103 - - [20/Nov/2020:09:33:16 +0800] "GET /xingrg/javascript/jquery-1.4.2.min.js HTTP/1.1" 200 72205
172.17.0.103 - - [20/Nov/2020:09:33:16 +0800] "GET /xingrg/javascript/jquery_easy_ui/easyui-lang-zh_CN.js HTTP/1.1" 200 1900
172.17.0.103 - - [20/Nov/2020:09:33:16 +0800] "GET /xingrg/javascript/jquery_easy_ui/jquery.easyui.min.js HTTP/1.1" 200 213662
172.17.0.103 - - [20/Nov/2020:09:33:16 +0800] "GET /xingrg/javascript/jquery.timers.js HTTP/1.1" 200 3532
172.17.0.103 - - [20/Nov/2020:09:33:16 +0800] "GET /xingrg/javascript/jquery.form.js HTTP/1.1" 200 23110
172.17.0.103 - - [20/Nov/2020:09:33:16 +0800] "GET /xingrg/javascript/jquery.utils.js HTTP/1.1" 200 11805
172.17.0.103 - - [20/Nov/2020:09:33:16 +0800] "GET /xingrg/index.html?sysBaseUrl=http%3A%2F%2F172.17.0.8%3A18081%2Fxingrg%2F&costTime=287×tamp=1605835996618 HTTP/1.1" 200 17448
172.17.0.103 - - [20/Nov/2020:09:33:16 +0800] "GET /favicon.ico HTTP/1.1" 404 -
172.17.0.103 - - [20/Nov/2020:09:33:16 +0800] "POST /xingrg/all/common/load_tree.html?tree=area_rest_tree_json&manage=1 HTTP/1.1" 200 3350
172.17.0.103 - - [20/Nov/2020:09:33:16 +0800] "GET /xingrg/check_reg.html?_=1605835993927 HTTP/1.1" 200 22
172.17.0.103 - - [20/Nov/2020:09:33:16 +0800] "GET /xingrg/javascript/jquery_easy_ui/themes/icons/settle_new.png HTTP/1.1" 200 826
172.17.0.103 - - [20/Nov/2020:09:33:16 +0800] "GET /xingrg/images/blue/navBackgound.jpg HTTP/1.1" 200 12378
172.17.0.103 - - [20/Nov/2020:09:33:16 +0800] "GET /xingrg/images/blue/pingpu.png HTTP/1.1" 200 231
172.17.0.103 - - [20/Nov/2020:09:33:16 +0800] "GET /xingrg/all/function/internal_message.html?_=1605835993925&CODE_STATE=count HTTP/1.1" 200 11
172.17.0.103 - - [20/Nov/2020:09:33:16 +0800] "GET /xingrg/javascript/jquery_easy_ui/themes/default/images/tabs_leftarrow.png HTTP/1.1" 200 389
172.17.0.103 - - [20/Nov/2020:09:33:16 +0800] "GET /xingrg/javascript/jquery_easy_ui/themes/default/images/tabs_rightarrow.png HTTP/1.1" 200 395
172.17.0.103 - - [20/Nov/2020:09:33:17 +0800] "GET /xingrg/javascript/jquery_easy_ui/themes/default/images/panel_tool_collapse.gif HTTP/1.1" 200 246
172.17.0.103 - - [20/Nov/2020:09:33:17 +0800] "GET /xingrg/javascript/jquery_easy_ui/themes/default/images/panel_tool_expand.gif HTTP/1.1" 200 247
172.17.0.103 - - [20/Nov/2020:09:33:17 +0800] "POST /xingrg/load_menu.html HTTP/1.1" 200 11408
172.17.0.103 - - [20/Nov/2020:09:33:17 +0800] "GET /xingrg/javascript/jquery_easy_ui/themes/default/images/tree_arrows.gif HTTP/1.1" 200 1043
172.17.0.103 - - [20/Nov/2020:09:33:17 +0800] "GET /xingrg/javascript/jquery_easy_ui/themes/default/images/tree_folder_open.gif HTTP/1.1" 200 956
172.17.0.103 - - [20/Nov/2020:09:33:17 +0800] "GET /xingrg/javascript/jquery_easy_ui/themes/icons/search_new.png HTTP/1.1" 200 586
172.17.0.103 - - [20/Nov/2020:09:33:17 +0800] "GET /xingrg/javascript/jquery_easy_ui/themes/icons/delivery_new.png HTTP/1.1" 200 700
172.17.0.103 - - [20/Nov/2020:09:33:17 +0800] "GET /xingrg/javascript/jquery_easy_ui/themes/icons/storage_new.png HTTP/1.1" 200 853
172.17.0.103 - - [20/Nov/2020:09:33:17 +0800] "GET /xingrg/javascript/jquery_easy_ui/themes/icons/checkout_new.png HTTP/1.1" 200 744
172.17.0.103 - - [20/Nov/2020:09:33:17 +0800] "GET /xingrg/javascript/jquery_easy_ui/themes/icons/forms_new.png HTTP/1.1" 200 350
172.17.0.103 - - [20/Nov/2020:09:33:17 +0800] "GET /xingrg/javascript/jquery_easy_ui/themes/icons/setting_new.png HTTP/1.1" 200 450
172.17.0.103 - - [20/Nov/2020:09:33:17 +0800] "GET /xingrg/javascript/jquery_easy_ui/themes/icons/systemset_new.png HTTP/1.1" 200 606
172.17.0.103 - - [20/Nov/2020:09:33:17 +0800] "GET /xingrg/javascript/jquery_easy_ui/themes/default/images/tree_file.gif HTTP/1.1" 200 118
172.17.0.103 - - [20/Nov/2020:09:33:17 +0800] "GET /xingrg/javascript/jquery_easy_ui/themes/default/images/tree_folder.gif HTTP/1.1" 200 952
172.17.0.103 - - [20/Nov/2020:09:33:17 +0800] "GET /xingrg/javascript/jquery_easy_ui/themes/icons/area.png HTTP/1.1" 200 262
172.17.0.103 - - [20/Nov/2020:09:33:17 +0800] "GET /xingrg/javascript/jquery_easy_ui/themes/icons/manage.png HTTP/1.1" 200 696
172.17.0.103 - - [20/Nov/2020:09:33:17 +0800] "GET /xingrg/javascript/jquery_easy_ui/themes/icons/rest.png HTTP/1.1" 200 695
180.174.56.115 - - [20/Nov/2020:09:33:17 +0800] "POST /xingrg/kc/buy/cgsh_order_operate.html HTTP/1.1" 200 12
116.233.72.251 - - [20/Nov/2020:09:33:17 +0800] "GET /xingrg/all/function/internal_message.html?_=1605836033502&CODE_STATE=getMsg HTTP/1.1" 200 27
180.174.56.115 - - [20/Nov/2020:09:33:18 +0800] "GET /xingrg/kc/buy/cgsh_order_info.html?code=212020112007695 HTTP/1.1" 200 55289
180.174.56.115 - - [20/Nov/2020:09:33:18 +0800] "GET /xingrg/words/20201120093203_words.js HTTP/1.1" 304 -
180.174.56.115 - - [20/Nov/2020:09:33:18 +0800] "GET /xingrg/javascript/easyui/themes/default/validatebox.css HTTP/1.1" 404 1104
180.174.56.115 - - [20/Nov/2020:09:33:18 +0800] "POST /xingrg/kc/buy/cgsh_order_operate.html HTTP/1.1" 200 1275
180.174.56.115 - - [20/Nov/2020:09:33:20 +0800] "GET /xingrg/kc/print/load_data.html?order_code=212020112007695&kc_code=cgsh&condition= HTTP/1.1" 200 1056
172.17.0.103 - - [20/Nov/2020:09:33:20 +0800] "GET /xingrg/javascript/jquery_easy_ui/themes/default/images/tabs_close.gif HTTP/1.1" 200 829
172.17.0.123 - - [20/Nov/2020:09:33:20 +0800] "POST /xingrg/dwr/call/plaincall/AjaxYddbService.saveOrder.dwr HTTP/1.1" 200 78
172.17.0.103 - - [20/Nov/2020:09:33:20 +0800] "GET /xingrg/kc/report/report_main.html HTTP/1.1" 200 9350
172.17.0.103 - - [20/Nov/2020:09:33:20 +0800] "GET /xingrg/javascript/pic_change.js HTTP/1.1" 200 4739
172.17.0.103 - - [20/Nov/2020:09:33:20 +0800] "GET /xingrg/css/blue.css HTTP/1.1" 200 15949
172.17.0.103 - - [20/Nov/2020:09:33:20 +0800] "GET /xingrg/javascript/jquery_ui/themes/humanity/humanity.css HTTP/1.1" 200 27801
172.17.0.103 - - [20/Nov/2020:09:33:20 +0800] "GET /xingrg/javascript/myfunction.js HTTP/1.1" 200 24559
172.17.0.103 - - [20/Nov/2020:09:33:20 +0800] "GET /xingrg/javascript/json2.js HTTP/1.1" 200 11259
172.17.0.103 - - [20/Nov/2020:09:33:20 +0800] "GET /xingrg/javascript/jquery_easy_ui/themes/icons/back_new.png HTTP/1.1" 200 3414
116.233.72.251 - - [20/Nov/2020:09:33:22 +0800] "GET /xingrg/kc/buy/cgsh_order_operate.html?command=get_materiel&rest_code=00109&code=00101008350&supplier_code=00100005&order_time=2020-11-20 HTTP/1.1" 200 408
172.17.0.103 - - [20/Nov/2020:09:33:23 +0800] "POST /xingrg/load_menu.html HTTP/1.1" 200 9445
180.174.56.115 - - [20/Nov/2020:09:33:23 +0800] "GET /xingrg/all/function/internal_message.html?_=1605836000524&CODE_STATE=getMsg HTTP/1.1" 200 27
116.233.72.251 - - [20/Nov/2020:09:33:24 +0800] "POST /xingrg/kc/buy/cgsh_order_operate.html HTTP/1.1" 200 2065
172.17.0.103 - - [20/Nov/2020:09:33:24 +0800] "GET /xingrg/all/report/report_query.html?fileName=dma/new_5.0/yingye/order_list.xml HTTP/1.1" 200 55206
172.17.0.103 - - [20/Nov/2020:09:33:24 +0800] "GET /xingrg/javascript/multi_select/jqueryMultiSelect.css HTTP/1.1" 200 951
172.17.0.103 - - [20/Nov/2020:09:33:24 +0800] "GET /xingrg/javascript/calendar/timePicker.css HTTP/1.1" 200 523
172.17.0.103 - - [20/Nov/2020:09:33:24 +0800] "GET /xingrg/javascript/bigrid/fix.css HTTP/1.1" 200 1702
172.17.0.103 - - [20/Nov/2020:09:33:24 +0800] "GET /xingrg/dwr/interface/AjaxReportQueryService.js HTTP/1.1" 200 13203
172.17.0.103 - - [20/Nov/2020:09:33:24 +0800] "GET /xingrg/dwr/util.js HTTP/1.1" 200 35990
172.17.0.103 - - [20/Nov/2020:09:33:24 +0800] "GET /xingrg/dwr/engine.js HTTP/1.1" 200 43631
172.17.0.103 - - [20/Nov/2020:09:33:24 +0800] "GET /xingrg/javascript/jqueryMultiSelect.js HTTP/1.1" 200 11866
172.17.0.103 - - [20/Nov/2020:09:33:24 +0800] "GET /xingrg/javascript/Calendar.js HTTP/1.1" 200 31561
172.17.0.103 - - [20/Nov/2020:09:33:24 +0800] "GET /xingrg/javascript/calendar/jquery.timePicker.min.js HTTP/1.1" 200 2997
172.17.0.103 - - [20/Nov/2020:09:33:24 +0800] "GET /xingrg/javascript/bigrid/fix.js HTTP/1.1" 200 6439
172.17.0.103 - - [20/Nov/2020:09:33:24 +0800] "GET /xingrg/images/blue/button/advanceover.gif HTTP/1.1" 200 1347
172.17.0.103 - - [20/Nov/2020:09:33:24 +0800] "GET /xingrg/images/control/loading.gif HTTP/1.1" 200 13463
172.17.0.103 - - [20/Nov/2020:09:33:24 +0800] "GET /xingrg/images/blue/button/advance2over.gif HTTP/1.1" 200 1336
172.17.0.103 - - [20/Nov/2020:09:33:24 +0800] "GET /xingrg/images/blue/button/back2over.gif HTTP/1.1" 200 1335
172.17.0.103 - - [20/Nov/2020:09:33:24 +0800] "GET /xingrg/images/blue/button/backover.gif HTTP/1.1" 200 1348
172.17.0.103 - - [20/Nov/2020:09:33:24 +0800] "GET /xingrg/javascript/jquery_easy_ui/themes/icons/help.png HTTP/1.1" 200 1187
172.17.0.103 - - [20/Nov/2020:09:33:24 +0800] "GET /xingrg/javascript/jquery_easy_ui/themes/default/images/menu_downarrow.png HTTP/1.1" 200 173
172.17.0.103 - - [20/Nov/2020:09:33:24 +0800] "GET /xingrg/javascript/jquery_easy_ui/themes/default/images/menu.gif HTTP/1.1" 200 834
172.17.0.103 - - [20/Nov/2020:09:33:24 +0800] "GET /xingrg/javascript/jquery_easy_ui/themes/icons/print.png HTTP/1.1" 200 1057
172.17.0.103 - - [20/Nov/2020:09:33:24 +0800] "GET /xingrg/javascript/jquery_easy_ui/themes/icons/pencil.png HTTP/1.1" 200 713
172.17.0.103 - - [20/Nov/2020:09:33:24 +0800] "GET /xingrg/javascript/jquery_easy_ui/themes/default/images/menu_rightarrow.png HTTP/1.1" 200 3617
172.17.0.103 - - [20/Nov/2020:09:33:24 +0800] "POST /xingrg/dwr/call/plaincall/AjaxReportQueryService.getFixDate.dwr HTTP/1.1" 200 111
172.17.0.123 - - [20/Nov/2020:09:33:24 +0800] "POST /xingrg/dwr/call/plaincall/AjaxYddbService.objCheckOrder.dwr HTTP/1.1" 200 78
172.17.0.103 - - [20/Nov/2020:09:33:24 +0800] "GET /xingrg/javascript/jquery_easy_ui/themes/default/images/combo_arrow_dot.gif HTTP/1.1" 200 79
172.17.0.103 - - [20/Nov/2020:09:33:24 +0800] "POST /xingrg/all/common/load_tree.html?tree=area_station_tree_json&manage=1 HTTP/1.1" 200 3246
172.17.0.103 - - [20/Nov/2020:09:33:24 +0800] "GET /xingrg/javascript/jquery_easy_ui/themes/default/images/tree_checkbox_0.gif HTTP/1.1" 200 168
172.17.0.103 - - [20/Nov/2020:09:33:24 +0800] "POST /xingrg/dwr/call/plaincall/AjaxReportQueryService.getInitString.dwr HTTP/1.1" 200 76
172.17.0.103 - - [20/Nov/2020:09:33:24 +0800] "GET /xingrg/javascript/multi_select/dropdown.gif HTTP/1.1" 200 61
172.17.0.123 - - [20/Nov/2020:09:33:24 +0800] "GET /xingrg/kc/base/yddb_order_info.html?code=482020111000078 HTTP/1.1" 200 30852
172.17.0.123 - - [20/Nov/2020:09:33:25 +0800] "GET /xingrg/dwr/interface/AjaxComOrderService.js HTTP/1.1" 200 18264
172.17.0.123 - - [20/Nov/2020:09:33:25 +0800] "GET /xingrg/dwr/interface/AjaxYddbService.js HTTP/1.1" 200 13201
172.17.0.123 - - [20/Nov/2020:09:33:25 +0800] "GET /xingrg/dwr/engine.js HTTP/1.1" 200 43631
172.17.0.123 - - [20/Nov/2020:09:33:25 +0800] "POST /xingrg/dwr/call/plaincall/AjaxYddbService.loadMaterielItems.dwr HTTP/1.1" 200 4540
120.253.135.82 - - [20/Nov/2020:09:33:28 +0800] "GET /xingrg/check_reg.html?_=1605835753146 HTTP/1.1" 200 22
116.233.72.251 - - [20/Nov/2020:09:33:29 +0800] "GET /xingrg/kc/buy/cgsh_order_operate.html?command=get_materiel&rest_code=00109&code=00101008006&supplier_code=00100005&order_time=2020-11-20 HTTP/1.1" 200 416
116.233.72.251 - - [20/Nov/2020:09:33:36 +0800] "GET /xingrg/kc/buy/cgsh_order_operate.html?command=get_materiel&rest_code=00109&code=00101008096&supplier_code=00100005&order_time=2020-11-20 HTTP/1.1" 200 413
172.17.0.123 - - [20/Nov/2020:09:33:36 +0800] "GET /xingrg/all/function/internal_message.html?_=1605835954483&CODE_STATE=getMsg HTTP/1.1" 200 27
120.253.135.82 - - [20/Nov/2020:09:33:38 +0800] "GET /xingrg/all/function/internal_message.html?_=1605835762861&CODE_STATE=getMsg HTTP/1.1" 200 27
101.85.228.137 - - [20/Nov/2020:09:33:38 +0800] "GET /xingrg/check_reg.html?_=1605836239916 HTTP/1.1" 200 22
180.162.245.190 - - [20/Nov/2020:09:33:41 +0800] "GET /xingrg/all/function/internal_message.html?_=1605836018879&CODE_STATE=getMsg HTTP/1.1" 200 27
116.233.72.251 - - [20/Nov/2020:09:33:41 +0800] "GET /xingrg/kc/buy/cgsh_order_operate.html?command=get_materiel&rest_code=00109&code=00101008168&supplier_code=00100005&order_time=2020-11-20 HTTP/1.1" 200 412
172.17.0.103 - - [20/Nov/2020:09:33:43 +0800] "GET /xingrg/javascript/jquery_easy_ui/themes/default/images/tree_checkbox_1.gif HTTP/1.1" 200 174
172.17.0.103 - - [20/Nov/2020:09:33:43 +0800] "GET /xingrg/javascript/jquery_easy_ui/themes/default/images/tree_checkbox_2.gif HTTP/1.1" 200 181
172.17.0.103 - - [20/Nov/2020:09:33:43 +0800] "POST /xingrg/dwr/call/plaincall/AjaxReportQueryService.queryInitializeString.dwr HTTP/1.1" 200 379
172.17.0.103 - - [20/Nov/2020:09:33:43 +0800] "GET /xingrg/javascript/jquery_easy_ui/themes/default/images/button_plain_hover.png HTTP/1.1" 200 252
114.84.37.38 - - [20/Nov/2020:09:33:43 +0800] "GET /xingrg/all/function/internal_message.html?_=1605836029331&CODE_STATE=getMsg HTTP/1.1" 200 27
172.17.0.103 - - [20/Nov/2020:09:33:44 +0800] "POST /xingrg/dwr/call/plaincall/AjaxReportQueryService.refreshCache.dwr HTTP/1.1" 200 78
180.157.253.48 - - [20/Nov/2020:09:33:45 +0800] "GET /xingrg/all/function/internal_message.html?_=1605836026304&CODE_STATE=getMsg HTTP/1.1" 200 27
101.85.228.137 - - [20/Nov/2020:09:33:47 +0800] "GET /xingrg/all/function/internal_message.html?_=1605836248981&CODE_STATE=getMsg HTTP/1.1" 200 27
116.233.72.251 - - [20/Nov/2020:09:33:48 +0800] "GET /xingrg/kc/buy/cgsh_order_operate.html?command=get_materiel&rest_code=00109&code=00101008061&supplier_code=00100005&order_time=2020-11-20 HTTP/1.1" 200 422
172.17.0.102 - - [20/Nov/2020:09:33:49 +0800] "GET /xingrg/all/function/internal_message.html?_=1605836029206&CODE_STATE=getMsg HTTP/1.1" 200 27
116.233.72.251 - - [20/Nov/2020:09:33:53 +0800] "GET /xingrg/kc/buy/cgsh_order_operate.html?command=get_materiel&rest_code=00109&code=00101008114&supplier_code=00100005&order_time=2020-11-20 HTTP/1.1" 200 413
172.17.0.103 - - [20/Nov/2020:09:33:53 +0800] "POST /xingrg/all/report/load_report_page.html HTTP/1.1" 200 159129
172.17.0.103 - - [20/Nov/2020:09:33:53 +0800] "GET /xingrg/images/blue/button/back2.gif HTTP/1.1" 200 1339
172.17.0.103 - - [20/Nov/2020:09:33:53 +0800] "GET /xingrg/images/blue/button/back.gif HTTP/1.1" 200 1352
172.17.0.103 - - [20/Nov/2020:09:33:53 +0800] "GET /xingrg/servlets/image?cache=0.6049384979552935&image=px HTTP/1.1" 200 807
116.233.72.251 - - [20/Nov/2020:09:33:55 +0800] "POST /xingrg/kc/buy/cgsh_order_operate.html HTTP/1.1" 200 2065
172.17.0.120 - - [20/Nov/2020:09:33:56 +0800] "GET /xingrg/all/function/internal_message.html?_=1605836204803&CODE_STATE=getMsg HTTP/1.1" 200 27
116.233.72.251 - - [20/Nov/2020:09:33:59 +0800] "GET /xingrg/kc/buy/cgsh_order_operate.html?command=get_materiel&rest_code=00109&code=00101015046&supplier_code=00100005&order_time=2020-11-20 HTTP/1.1" 200 412
101.85.95.39 - - [20/Nov/2020:09:34:04 +0800] "GET /xingrg/all/function/internal_message.html?_=1605835777982&CODE_STATE=getMsg HTTP/1.1" 200 27
116.233.72.251 - - [20/Nov/2020:09:34:05 +0800] "GET /xingrg/kc/buy/cgsh_order_operate.html?command=get_materiel&rest_code=00109&code=00101015038&supplier_code=00100005&order_time=2020-11-20 HTTP/1.1" 200 418
114.84.37.38 - - [20/Nov/2020:09:34:06 +0800] "GET /xingrg/all/function/internal_message.html?_=1605836062943&CODE_STATE=getMsg HTTP/1.1" 200 27
222.69.129.82 - - [20/Nov/2020:09:34:10 +0800] "GET /xingrg/all/function/internal_message.html?_=1605836042673&CODE_STATE=getMsg HTTP/1.1" 200 27
116.233.72.251 - - [20/Nov/2020:09:34:11 +0800] "GET /xingrg/kc/buy/cgsh_order_operate.html?command=get_materiel&rest_code=00109&code=00101008350&supplier_code=00100005&order_time=2020-11-20 HTTP/1.1" 200 408
114.84.145.85 - - [20/Nov/2020:09:34:12 +0800] "GET /xingrg/all/function/internal_message.html?_=1605836051741&CODE_STATE=getMsg HTTP/1.1" 200 27
114.84.145.85 - - [20/Nov/2020:09:34:12 +0800] "GET /xingrg/all/function/internal_message.html?_=1605835643561&CODE_STATE=getMsg HTTP/1.1" 200 27
172.17.0.103 - - [20/Nov/2020:09:34:13 +0800] "POST /xingrg/all/report/load_report_page.html HTTP/1.1" 200 157484
172.17.0.103 - - [20/Nov/2020:09:34:13 +0800] "GET /xingrg/servlets/image?cache=0.043727720976356355&image=px HTTP/1.1" 200 807
116.233.72.251 - - [20/Nov/2020:09:34:13 +0800] "GET /xingrg/all/function/internal_message.html?_=1605836093533&CODE_STATE=getMsg HTTP/1.1" 200 27
58.35.246.33 - - [20/Nov/2020:09:34:14 +0800] "GET /xingrg/check_reg.html?_=1605836163262 HTTP/1.1" 200 22
58.35.246.33 - - [20/Nov/2020:09:34:14 +0800] "GET /xingrg/all/function/internal_message.html?_=1605836163260&CODE_STATE=getMsg HTTP/1.1" 200 27
172.17.0.103 - - [20/Nov/2020:09:34:17 +0800] "GET /xingrg/all/function/internal_message.html?_=1605836053937&CODE_STATE=getMsg HTTP/1.1" 200 27
116.233.72.251 - - [20/Nov/2020:09:34:19 +0800] "GET /xingrg/kc/buy/cgsh_order_operate.html?command=get_materiel&rest_code=00109&code=00101008355&supplier_code=00100005&order_time=2020-11-20 HTTP/1.1" 200 408
180.174.56.115 - - [20/Nov/2020:09:34:23 +0800] "GET /xingrg/all/function/internal_message.html?_=1605836060523&CODE_STATE=getMsg HTTP/1.1" 200 27
172.17.0.103 - - [20/Nov/2020:09:34:23 +0800] "POST /xingrg/all/report/load_report_page.html HTTP/1.1" 200 122539
172.17.0.103 - - [20/Nov/2020:09:34:23 +0800] "GET /xingrg/servlets/image?cache=0.9197990816089775&image=px HTTP/1.1" 200 807
116.233.72.251 - - [20/Nov/2020:09:34:31 +0800] "GET /xingrg/kc/buy/cgsh_order_operate.html?command=get_materiel&rest_code=00109&code=00101008323&supplier_code=00100005&order_time=2020-11-20 HTTP/1.1" 200 408
116.233.72.251 - - [20/Nov/2020:09:34:35 +0800] "POST /xingrg/kc/buy/cgsh_order_operate.html HTTP/1.1" 200 2065
172.17.0.123 - - [20/Nov/2020:09:34:36 +0800] "GET /xingrg/all/function/internal_message.html?_=1605836014485&CODE_STATE=getMsg HTTP/1.1" 200 27
120.253.135.82 - - [20/Nov/2020:09:34:38 +0800] "GET /xingrg/all/function/internal_message.html?_=1605835822875&CODE_STATE=getMsg HTTP/1.1" 200 27
116.233.72.251 - - [20/Nov/2020:09:34:39 +0800] "GET /xingrg/kc/buy/cgsh_order_operate.html?command=get_materiel&rest_code=00109&code=00101008355&supplier_code=00100005&order_time=2020-11-20 HTTP/1.1" 200 408
172.17.0.103 - - [20/Nov/2020:09:34:40 +0800] "POST /xingrg/all/report/report_print.html HTTP/1.1" 200 4131269
180.162.245.190 - - [20/Nov/2020:09:34:41 +0800] "GET /xingrg/all/function/internal_message.html?_=1605836078879&CODE_STATE=getMsg HTTP/1.1" 200 27
180.162.245.190 - - [20/Nov/2020:09:34:41 +0800] "GET /xingrg/check_reg.html?_=1605836078898 HTTP/1.1" 200 22
114.84.37.38 - - [20/Nov/2020:09:34:43 +0800] "GET /xingrg/all/function/internal_message.html?_=1605836089341&CODE_STATE=getMsg HTTP/1.1" 200 27
180.157.253.48 - - [20/Nov/2020:09:34:45 +0800] "GET /xingrg/all/function/internal_message.html?_=1605836086300&CODE_STATE=getMsg HTTP/1.1" 200 27
116.233.72.251 - - [20/Nov/2020:09:34:46 +0800] "GET /xingrg/kc/buy/cgsh_order_operate.html?command=get_materiel&rest_code=00109&code=00101008332&supplier_code=00100005&order_time=2020-11-20 HTTP/1.1" 200 412
101.85.228.137 - - [20/Nov/2020:09:34:48 +0800] "GET /xingrg/all/function/internal_message.html?_=1605836308989&CODE_STATE=getMsg HTTP/1.1" 200 27
172.17.0.102 - - [20/Nov/2020:09:34:49 +0800] "GET /xingrg/all/function/internal_message.html?_=1605836089233&CODE_STATE=getMsg HTTP/1.1" 200 27
172.17.0.102 - - [20/Nov/2020:09:34:49 +0800] "GET /xingrg/check_reg.html?_=1605836089235 HTTP/1.1" 200 22
116.233.72.251 - - [20/Nov/2020:09:34:53 +0800] "POST /xingrg/kc/buy/cgsh_order_operate.html HTTP/1.1" 200 37
116.233.72.251 - - [20/Nov/2020:09:34:56 +0800] "POST /xingrg/kc/buy/cgsh_order_operate.html HTTP/1.1" 200 45855
172.17.0.120 - - [20/Nov/2020:09:34:56 +0800] "GET /xingrg/check_reg.html?_=1605836264805 HTTP/1.1" 200 22
172.17.0.120 - - [20/Nov/2020:09:34:56 +0800] "GET /xingrg/all/function/internal_message.html?_=1605836264806&CODE_STATE=getMsg HTTP/1.1" 200 27
116.233.72.251 - - [20/Nov/2020:09:34:58 +0800] "GET /xingrg/kc/print/load_config.html?kc_code=cgsh HTTP/1.1" 200 1845
101.85.95.39 - - [20/Nov/2020:09:34:58 +0800] "POST /xingrg/kc/buy/cgsh_order_operate.html HTTP/1.1" 200 37
116.233.72.251 - - [20/Nov/2020:09:34:59 +0800] "GET /xingrg/kc/print/load_data.html?order_code=212020112007677&kc_code=cgsh&condition= HTTP/1.1" 200 17042
101.85.95.39 - - [20/Nov/2020:09:35:02 +0800] "POST /xingrg/kc/buy/cgsh_order_operate.html HTTP/1.1" 200 12
101.85.95.39 - - [20/Nov/2020:09:35:02 +0800] "GET /xingrg/kc/buy/cgsh_order_info.html?code=212020111706789 HTTP/1.1" 200 54762
101.85.95.39 - - [20/Nov/2020:09:35:03 +0800] "GET /xingrg/javascript/easyui/themes/default/validatebox.css HTTP/1.1" 404 1104
101.85.95.39 - - [20/Nov/2020:09:35:03 +0800] "POST /xingrg/kc/buy/cgsh_order_operate.html HTTP/1.1" 200 19475
101.85.95.39 - - [20/Nov/2020:09:35:03 +0800] "GET /xingrg/all/function/internal_message.html?_=1605835837950&CODE_STATE=getMsg HTTP/1.1" 200 27
101.85.95.39 - - [20/Nov/2020:09:35:06 +0800] "GET /xingrg/kc/print/load_data.html?order_code=212020111706789&kc_code=cgsh&condition= HTTP/1.1" 200 7838
114.84.37.38 - - [20/Nov/2020:09:35:06 +0800] "GET /xingrg/all/function/internal_message.html?_=1605836122950&CODE_STATE=getMsg HTTP/1.1" 200 27
222.69.129.82 - - [20/Nov/2020:09:35:10 +0800] "GET /xingrg/all/function/internal_message.html?_=1605836102657&CODE_STATE=getMsg HTTP/1.1" 200 27
101.85.95.39 - - [20/Nov/2020:09:35:11 +0800] "POST /xingrg/kc/buy/cgsh_list_operate.html HTTP/1.1" 200 2053
114.84.145.85 - - [20/Nov/2020:09:35:12 +0800] "GET /xingrg/check_reg.html?_=1605836111743 HTTP/1.1" 200 22
114.84.145.85 - - [20/Nov/2020:09:35:12 +0800] "GET /xingrg/all/function/internal_message.html?_=1605836111740&CODE_STATE=getMsg HTTP/1.1" 200 27
114.84.145.85 - - [20/Nov/2020:09:35:12 +0800] "GET /xingrg/all/function/internal_message.html?_=1605835703533&CODE_STATE=getMsg HTTP/1.1" 200 27
116.233.72.251 - - [20/Nov/2020:09:35:13 +0800] "GET /xingrg/check_reg.html?_=1605836156737 HTTP/1.1" 200 22
116.233.72.251 - - [20/Nov/2020:09:35:13 +0800] "GET /xingrg/all/function/internal_message.html?_=1605836156737&CODE_STATE=getMsg HTTP/1.1" 200 27
58.35.246.33 - - [20/Nov/2020:09:35:14 +0800] "GET /xingrg/all/function/internal_message.html?_=1605836223262&CODE_STATE=getMsg HTTP/1.1" 200 27
101.85.95.39 - - [20/Nov/2020:09:35:14 +0800] "POST /xingrg/kc/buy/cgsh_list_operate.html HTTP/1.1" 200 560
101.85.95.39 - - [20/Nov/2020:09:35:15 +0800] "GET /xingrg/kc/buy/cgsh_order_info.html?code=212020111807223 HTTP/1.1" 200 59866
101.85.95.39 - - [20/Nov/2020:09:35:15 +0800] "GET /xingrg/javascript/easyui/themes/default/validatebox.css HTTP/1.1" 404 1104
116.233.72.251 - - [20/Nov/2020:09:35:15 +0800] "GET /xingrg/kc/buy/cgsh_order_add.html HTTP/1.1" 200 60783
116.233.72.251 - - [20/Nov/2020:09:35:15 +0800] "GET /xingrg/words/20201120093203_words.js HTTP/1.1" 200 776778
101.85.95.39 - - [20/Nov/2020:09:35:15 +0800] "POST /xingrg/kc/buy/cgsh_order_operate.html HTTP/1.1" 200 22092
172.17.0.103 - - [20/Nov/2020:09:35:16 +0800] "GET /xingrg/all/function/internal_message.html?_=1605836113929&CODE_STATE=getMsg HTTP/1.1" 200 27
116.233.72.251 - - [20/Nov/2020:09:35:18 +0800] "POST /xingrg/kc/buy/cgsh_order_operate.html HTTP/1.1" 200 8245
116.233.72.251 - - [20/Nov/2020:09:35:18 +0800] "GET /xingrg/all/common/auto_word.html?type=employee&rest_code=00109 HTTP/1.1" 200 255
116.233.72.251 - - [20/Nov/2020:09:35:18 +0800] "GET /xingrg/all/common/auto_word.html?type=employee&rest_code=00109 HTTP/1.1" 200 255
116.233.72.251 - - [20/Nov/2020:09:35:18 +0800] "GET /xingrg/javascript/easyui/themes/default/validatebox.css HTTP/1.1" 404 1104
180.174.56.115 - - [20/Nov/2020:09:35:23 +0800] "GET /xingrg/all/function/internal_message.html?_=1605836120521&CODE_STATE=getMsg HTTP/1.1" 200 27
116.233.72.251 - - [20/Nov/2020:09:35:23 +0800] "GET /xingrg/javascript/jquery_tools/images/prev.gif HTTP/1.1" 404 1086
116.233.72.251 - - [20/Nov/2020:09:35:23 +0800] "GET /xingrg/javascript/jquery_tools/images/next.gif HTTP/1.1" 404 1086
116.233.72.251 - - [20/Nov/2020:09:35:29 +0800] "GET /xingrg/kc/buy/cgsh_order_operate.html?command=get_materiel&rest_code=00109&code=00101001111&supplier_code=00100038&order_time=2020-11-20 HTTP/1.1" 200 408
116.233.72.251 - - [20/Nov/2020:09:35:35 +0800] "GET /xingrg/kc/buy/cgsh_order_operate.html?command=get_materiel&rest_code=00109&code=00101005037&supplier_code=00100038&order_time=2020-11-20 HTTP/1.1" 200 409
172.17.0.123 - - [20/Nov/2020:09:35:36 +0800] "GET /xingrg/all/function/internal_message.html?_=1605836074471&CODE_STATE=getMsg HTTP/1.1" 200 27
120.253.135.82 - - [20/Nov/2020:09:35:38 +0800] "GET /xingrg/all/function/internal_message.html?_=1605835883058&CODE_STATE=getMsg HTTP/1.1" 200 27
180.162.245.190 - - [20/Nov/2020:09:35:41 +0800] "GET /xingrg/all/function/internal_message.html?_=1605836138885&CODE_STATE=getMsg HTTP/1.1" 200 27
114.84.37.38 - - [20/Nov/2020:09:35:43 +0800] "GET /xingrg/all/function/internal_message.html?_=1605836149374&CODE_STATE=getMsg HTTP/1.1" 200 27
116.233.72.251 - - [20/Nov/2020:09:35:44 +0800] "POST /xingrg/kc/buy/cgsh_order_operate.html HTTP/1.1" 200 37
180.157.253.48 - - [20/Nov/2020:09:35:45 +0800] "GET /xingrg/all/function/internal_message.html?_=1605836146312&CODE_STATE=getMsg HTTP/1.1" 200 27
180.157.253.48 - - [20/Nov/2020:09:35:45 +0800] "GET /xingrg/check_reg.html?_=1605836146318 HTTP/1.1" 200 22
101.85.228.137 - - [20/Nov/2020:09:35:48 +0800] "GET /xingrg/all/function/internal_message.html?_=1605836369100&CODE_STATE=getMsg HTTP/1.1" 200 27
172.17.0.102 - - [20/Nov/2020:09:35:49 +0800] "GET /xingrg/all/function/internal_message.html?_=1605836149234&CODE_STATE=getMsg HTTP/1.1" 200 27
172.17.0.120 - - [20/Nov/2020:09:35:56 +0800] "GET /xingrg/all/function/internal_message.html?_=1605836324808&CODE_STATE=getMsg HTTP/1.1" 200 27
101.85.95.39 - - [20/Nov/2020:09:36:03 +0800] "GET /xingrg/all/function/internal_message.html?_=1605835897958&CODE_STATE=getMsg HTTP/1.1" 200 27
114.84.37.38 - - [20/Nov/2020:09:36:06 +0800] "GET /xingrg/all/function/internal_message.html?_=1605836183476&CODE_STATE=getMsg HTTP/1.1" 200 27
114.84.37.38 - - [20/Nov/2020:09:36:08 +0800] "GET /xingrg/check_reg.html?_=1605836174292 HTTP/1.1" 200 22
58.35.246.33 - - [20/Nov/2020:09:36:09 +0800] "GET /xingrg/check_reg.html?_=1605836164153 HTTP/1.1" 200 22
222.69.129.82 - - [20/Nov/2020:09:36:10 +0800] "GET /xingrg/all/function/internal_message.html?_=1605836162636&CODE_STATE=getMsg HTTP/1.1" 200 27
114.84.145.85 - - [20/Nov/2020:09:36:12 +0800] "GET /xingrg/all/function/internal_message.html?_=1605836171742&CODE_STATE=getMsg HTTP/1.1" 200 27
114.84.145.85 - - [20/Nov/2020:09:36:12 +0800] "GET /xingrg/all/function/internal_message.html?_=1605835763515&CODE_STATE=getMsg HTTP/1.1" 200 27
58.35.246.33 - - [20/Nov/2020:09:36:14 +0800] "GET /xingrg/all/function/internal_message.html?_=1605836283255&CODE_STATE=getMsg HTTP/1.1" 200 27
116.233.72.251 - - [20/Nov/2020:09:36:15 +0800] "POST /xingrg/kc/buy/cgsh_order_operate.html HTTP/1.1" 200 3242
172.17.0.103 - - [20/Nov/2020:09:36:17 +0800] "GET /xingrg/all/function/internal_message.html?_=1605836173943&CODE_STATE=getMsg HTTP/1.1" 200 27
180.162.245.190 - - [20/Nov/2020:09:36:17 +0800] "POST /xingrg/services/DataTransmitService HTTP/1.1" 200 524
116.233.72.251 - - [20/Nov/2020:09:36:18 +0800] "GET /xingrg/kc/print/load_config.html?kc_code=cgsh HTTP/1.1" 200 1845
116.233.72.251 - - [20/Nov/2020:09:36:18 +0800] "GET /xingrg/kc/print/load_data.html?order_code=212020112007696&kc_code=cgsh&condition= HTTP/1.1" 200 904
116.233.72.251 - - [20/Nov/2020:09:36:22 +0800] "GET /xingrg/kc/buy/cgsh_order_add.html HTTP/1.1" 200 60783
116.233.72.251 - - [20/Nov/2020:09:36:22 +0800] "GET /xingrg/words/20201120093203_words.js HTTP/1.1" 304 -
116.233.72.251 - - [20/Nov/2020:09:36:22 +0800] "POST /xingrg/kc/buy/cgsh_order_operate.html HTTP/1.1" 200 8245
116.233.72.251 - - [20/Nov/2020:09:36:22 +0800] "GET /xingrg/all/common/auto_word.html?type=employee&rest_code=00109 HTTP/1.1" 200 255
116.233.72.251 - - [20/Nov/2020:09:36:22 +0800] "GET /xingrg/all/common/auto_word.html?type=employee&rest_code=00109 HTTP/1.1" 200 255
116.233.72.251 - - [20/Nov/2020:09:36:22 +0800] "GET /xingrg/javascript/easyui/themes/default/validatebox.css HTTP/1.1" 404 1104
180.174.56.115 - - [20/Nov/2020:09:36:23 +0800] "GET /xingrg/all/function/internal_message.html?_=1605836180520&CODE_STATE=getMsg HTTP/1.1" 200 27
180.174.56.115 - - [20/Nov/2020:09:36:23 +0800] "GET /xingrg/check_reg.html?_=1605836180606 HTTP/1.1" 200 22
116.233.72.251 - - [20/Nov/2020:09:36:24 +0800] "GET /xingrg/javascript/jquery_tools/images/prev.gif HTTP/1.1" 404 1086
116.233.72.251 - - [20/Nov/2020:09:36:24 +0800] "GET /xingrg/javascript/jquery_tools/images/next.gif HTTP/1.1" 404 1086
116.233.72.251 - - [20/Nov/2020:09:36:28 +0800] "GET /xingrg/kc/buy/cgsh_order_operate.html?command=get_materiel&rest_code=00109&code=00101007059&supplier_code=00100004&order_time=2020-11-20 HTTP/1.1" 200 409
180.174.56.115 - - [20/Nov/2020:09:36:32 +0800] "POST /xingrg/all/user/operate.html HTTP/1.1" 200 36
180.174.56.115 - - [20/Nov/2020:09:36:32 +0800] "GET /xingrg/index.html?sysBaseUrl=http%3A%2F%2F180.169.147.146%3A18081%2Fxingrg%2F&costTime=4725×tamp=1605582200095 HTTP/1.1" 200 17179
180.174.56.115 - - [20/Nov/2020:09:36:32 +0800] "GET /xingrg/javascript/jquery_easy_ui/themes/default/easyui.css HTTP/1.1" 304 -
180.174.56.115 - - [20/Nov/2020:09:36:32 +0800] "GET /xingrg/javascript/jquery_easy_ui/themes/icon.css HTTP/1.1" 304 -
180.174.56.115 - - [20/Nov/2020:09:36:32 +0800] "GET /xingrg/css/form.css HTTP/1.1" 304 -
180.174.56.115 - - [20/Nov/2020:09:36:32 +0800] "GET /xingrg/javascript/jquery-1.4.2.min.js HTTP/1.1" 304 -
180.174.56.115 - - [20/Nov/2020:09:36:32 +0800] "GET /xingrg/javascript/jquery_easy_ui/jquery.easyui.min.js HTTP/1.1" 304 -
180.174.56.115 - - [20/Nov/2020:09:36:33 +0800] "GET /xingrg/javascript/jquery_easy_ui/easyui-lang-zh_CN.js HTTP/1.1" 304 -
180.174.56.115 - - [20/Nov/2020:09:36:33 +0800] "GET /xingrg/javascript/jquery.form.js HTTP/1.1" 304 -
180.174.56.115 - - [20/Nov/2020:09:36:33 +0800] "GET /xingrg/javascript/jquery.utils.js HTTP/1.1" 304 -
180.174.56.115 - - [20/Nov/2020:09:36:33 +0800] "GET /xingrg/javascript/jquery.timers.js HTTP/1.1" 304 -
180.174.56.115 - - [20/Nov/2020:09:36:33 +0800] "GET /xingrg/images/blue/jxLogo.png HTTP/1.1" 304 -
180.174.56.115 - - [20/Nov/2020:09:36:33 +0800] "GET /xingrg/images/blue/navBackgound.jpg HTTP/1.1" 304 -
180.174.56.115 - - [20/Nov/2020:09:36:33 +0800] "GET /xingrg/javascript/jquery_easy_ui/themes/icons/settle_new.png HTTP/1.1" 304 -
180.174.56.115 - - [20/Nov/2020:09:36:33 +0800] "POST /xingrg/all/common/load_tree.html?tree=area_rest_tree_json&manage=1 HTTP/1.1" 200 476
180.174.56.115 - - [20/Nov/2020:09:36:33 +0800] "GET /xingrg/all/function/internal_message.html?_=1605836190304&CODE_STATE=count HTTP/1.1" 200 11
180.174.56.115 - - [20/Nov/2020:09:36:33 +0800] "GET /xingrg/check_reg.html?_=1605836190305 HTTP/1.1" 200 22
180.174.56.115 - - [20/Nov/2020:09:36:33 +0800] "GET /xingrg/javascript/jquery_easy_ui/themes/default/images/tabs_rightarrow.png HTTP/1.1" 304 -
180.174.56.115 - - [20/Nov/2020:09:36:33 +0800] "GET /xingrg/javascript/jquery_easy_ui/themes/default/images/tabs_leftarrow.png HTTP/1.1" 304 -
180.174.56.115 - - [20/Nov/2020:09:36:33 +0800] "GET /xingrg/images/blue/pingpu.png HTTP/1.1" 304 -
180.174.56.115 - - [20/Nov/2020:09:36:33 +0800] "GET /xingrg/javascript/jquery_easy_ui/themes/default/images/panel_tool_collapse.gif HTTP/1.1" 304 -
180.174.56.115 - - [20/Nov/2020:09:36:33 +0800] "POST /xingrg/load_menu.html HTTP/1.1" 200 5138
116.233.72.251 - - [20/Nov/2020:09:36:33 +0800] "GET /xingrg/kc/buy/cgsh_order_operate.html?command=get_materiel&rest_code=00109&code=00101007081&supplier_code=00100004&order_time=2020-11-20 HTTP/1.1" 200 413
180.174.56.115 - - [20/Nov/2020:09:36:35 +0800] "GET /xingrg/kc/base/wldb_order_list.html HTTP/1.1" 200 19424
180.174.56.115 - - [20/Nov/2020:09:36:35 +0800] "POST /xingrg/kc/base/wldb_list_operate.html HTTP/1.1" 200 928
180.174.56.115 - - [20/Nov/2020:09:36:36 +0800] "GET /xingrg/kc/base/wldb_order_add.html HTTP/1.1" 200 30593
180.174.56.115 - - [20/Nov/2020:09:36:36 +0800] "GET /xingrg/words/20201120093203_words.js HTTP/1.1" 304 -
172.17.0.123 - - [20/Nov/2020:09:36:36 +0800] "GET /xingrg/all/function/internal_message.html?_=1605836134477&CODE_STATE=getMsg HTTP/1.1" 200 27
180.174.56.115 - - [20/Nov/2020:09:36:37 +0800] "POST /xingrg/kc/base/wldb_order_operate.html HTTP/1.1" 200 6806
180.174.56.115 - - [20/Nov/2020:09:36:37 +0800] "GET /xingrg/all/common/auto_word.html?type=base&rest_code=00150 HTTP/1.1" 200 1653
180.174.56.115 - - [20/Nov/2020:09:36:37 +0800] "GET /xingrg/all/common/auto_word.html?type=base&rest_code=00150 HTTP/1.1" 200 1653
180.174.56.115 - - [20/Nov/2020:09:36:37 +0800] "GET /xingrg/javascript/easyui/themes/default/validatebox.css HTTP/1.1" 404 1104
120.253.135.82 - - [20/Nov/2020:09:36:38 +0800] "GET /xingrg/all/function/internal_message.html?_=1605835943073&CODE_STATE=getMsg HTTP/1.1" 200 27
116.233.72.251 - - [20/Nov/2020:09:36:38 +0800] "GET /xingrg/kc/buy/cgsh_order_operate.html?command=get_materiel&rest_code=00109&code=00101007049&supplier_code=00100004&order_time=2020-11-20 HTTP/1.1" 200 409
180.162.245.190 - - [20/Nov/2020:09:36:41 +0800] "GET /xingrg/all/function/internal_message.html?_=1605836198897&CODE_STATE=getMsg HTTP/1.1" 200 27
116.233.72.251 - - [20/Nov/2020:09:36:41 +0800] "GET /xingrg/all/function/internal_message.html?_=1605836248328&CODE_STATE=getMsg HTTP/1.1" 200 27
180.174.56.115 - - [20/Nov/2020:09:36:41 +0800] "GET /xingrg/javascript/auto/indicator.gif HTTP/1.1" 404 1066
114.84.37.38 - - [20/Nov/2020:09:36:43 +0800] "GET /xingrg/all/function/internal_message.html?_=1605836209384&CODE_STATE=getMsg HTTP/1.1" 200 27
116.233.72.251 - - [20/Nov/2020:09:36:44 +0800] "GET /xingrg/kc/buy/cgsh_order_operate.html?command=get_materiel&rest_code=00109&code=00101007076&supplier_code=00100004&order_time=2020-11-20 HTTP/1.1" 200 408
180.157.253.48 - - [20/Nov/2020:09:36:45 +0800] "GET /xingrg/all/function/internal_message.html?_=1605836206303&CODE_STATE=getMsg HTTP/1.1" 200 27
114.84.145.85 - - [20/Nov/2020:09:36:46 +0800] "GET /xingrg/check_reg.html?_=1605835797180 HTTP/1.1" 200 22
114.84.37.38 - - [20/Nov/2020:09:36:47 +0800] "GET /xingrg/check_reg.html?_=1605836224804 HTTP/1.1" 200 22
101.85.228.137 - - [20/Nov/2020:09:36:48 +0800] "GET /xingrg/all/function/internal_message.html?_=1605836429113&CODE_STATE=getMsg HTTP/1.1" 200 27
172.17.0.102 - - [20/Nov/2020:09:36:49 +0800] "GET /xingrg/all/function/internal_message.html?_=1605836209234&CODE_STATE=getMsg HTTP/1.1" 200 27
180.174.56.115 - - [20/Nov/2020:09:36:52 +0800] "GET /xingrg/kc/base/wldb_order_operate.html?command=get_materiel&rest_code=00150&base_code=0010446&code=00102007006 HTTP/1.1" 200 428
172.17.0.120 - - [20/Nov/2020:09:36:56 +0800] "GET /xingrg/all/function/internal_message.html?_=1605836384817&CODE_STATE=getMsg HTTP/1.1" 200 27
180.162.245.190 - - [20/Nov/2020:09:36:59 +0800] "POST /xingrg/kc/buy/cgsh_order_operate.html HTTP/1.1" 200 37
180.162.245.190 - - [20/Nov/2020:09:37:00 +0800] "POST /xingrg/kc/buy/cgsh_order_operate.html HTTP/1.1" 200 35745
180.162.245.190 - - [20/Nov/2020:09:37:03 +0800] "GET /xingrg/kc/print/load_data.html?order_code=212020112007675&kc_code=cgsh&condition= HTTP/1.1" 200 13126
101.85.95.39 - - [20/Nov/2020:09:37:04 +0800] "GET /xingrg/check_reg.html?_=1605835957969 HTTP/1.1" 200 22
101.85.95.39 - - [20/Nov/2020:09:37:04 +0800] "GET /xingrg/all/function/internal_message.html?_=1605835957973&CODE_STATE=getMsg HTTP/1.1" 200 27
114.84.37.38 - - [20/Nov/2020:09:37:06 +0800] "GET /xingrg/all/function/internal_message.html?_=1605836243491&CODE_STATE=getMsg HTTP/1.1" 200 27
180.162.245.190 - - [20/Nov/2020:09:37:09 +0800] "GET /xingrg/kc/buy/cgsh_order_list.html HTTP/1.1" 200 45004
222.69.129.82 - - [20/Nov/2020:09:37:10 +0800] "GET /xingrg/all/function/internal_message.html?_=1605836222620&CODE_STATE=getMsg HTTP/1.1" 200 27
180.162.245.190 - - [20/Nov/2020:09:37:10 +0800] "POST /xingrg/kc/buy/cgsh_list_operate.html HTTP/1.1" 200 3130
222.69.129.82 - - [20/Nov/2020:09:37:10 +0800] "GET /xingrg/check_reg.html?_=1605836223407 HTTP/1.1" 200 22
114.84.145.85 - - [20/Nov/2020:09:37:12 +0800] "GET /xingrg/all/function/internal_message.html?_=1605835823485&CODE_STATE=getMsg HTTP/1.1" 200 27
114.84.145.85 - - [20/Nov/2020:09:37:12 +0800] "GET /xingrg/all/function/internal_message.html?_=1605836231741&CODE_STATE=getMsg HTTP/1.1" 200 27
116.233.72.251 - - [20/Nov/2020:09:37:14 +0800] "POST /xingrg/kc/buy/cgsh_order_operate.html HTTP/1.1" 200 37
58.35.246.33 - - [20/Nov/2020:09:37:14 +0800] "GET /xingrg/all/function/internal_message.html?_=1605836343247&CODE_STATE=getMsg HTTP/1.1" 200 27
101.85.95.39 - - [20/Nov/2020:09:37:15 +0800] "POST /xingrg/kc/buy/cgsh_order_operate.html HTTP/1.1" 200 37
180.162.245.190 - - [20/Nov/2020:09:37:15 +0800] "POST /xingrg/kc/buy/cgsh_list_operate.html HTTP/1.1" 200 577
116.233.72.251 - - [20/Nov/2020:09:37:15 +0800] "POST /xingrg/kc/buy/cgsh_order_operate.html HTTP/1.1" 200 4424
116.233.72.251 - - [20/Nov/2020:09:37:16 +0800] "GET /xingrg/kc/print/load_config.html?kc_code=cgsh HTTP/1.1" 200 1845
180.162.245.190 - - [20/Nov/2020:09:37:16 +0800] "GET /xingrg/kc/buy/cgsh_order_info.html?code=212020112007694 HTTP/1.1" 200 60798
180.162.245.190 - - [20/Nov/2020:09:37:16 +0800] "GET /xingrg/words/20201120093203_words.js HTTP/1.1" 200 776778
116.233.72.251 - - [20/Nov/2020:09:37:16 +0800] "GET /xingrg/kc/print/load_data.html?order_code=212020112007697&kc_code=cgsh&condition= HTTP/1.1" 200 1386
172.17.0.103 - - [20/Nov/2020:09:37:17 +0800] "GET /xingrg/all/function/internal_message.html?_=1605836233943&CODE_STATE=getMsg HTTP/1.1" 200 27
180.162.245.190 - - [20/Nov/2020:09:37:17 +0800] "GET /xingrg/javascript/easyui/themes/default/validatebox.css HTTP/1.1" 404 1104
180.162.245.190 - - [20/Nov/2020:09:37:17 +0800] "POST /xingrg/kc/buy/cgsh_order_operate.html HTTP/1.1" 200 6802
101.85.95.39 - - [20/Nov/2020:09:37:17 +0800] "POST /xingrg/kc/buy/cgsh_order_operate.html HTTP/1.1" 200 12
101.85.95.39 - - [20/Nov/2020:09:37:18 +0800] "GET /xingrg/kc/buy/cgsh_order_info.html?code=212020111807223 HTTP/1.1" 200 54762
101.85.95.39 - - [20/Nov/2020:09:37:19 +0800] "GET /xingrg/javascript/easyui/themes/default/validatebox.css HTTP/1.1" 404 1104
101.85.95.39 - - [20/Nov/2020:09:37:19 +0800] "POST /xingrg/kc/buy/cgsh_order_operate.html HTTP/1.1" 200 20057
116.233.72.251 - - [20/Nov/2020:09:37:19 +0800] "GET /xingrg/kc/buy/cgsh_order_add.html HTTP/1.1" 200 60783
116.233.72.251 - - [20/Nov/2020:09:37:19 +0800] "GET /xingrg/words/20201120093203_words.js HTTP/1.1" 304 -
116.233.72.251 - - [20/Nov/2020:09:37:20 +0800] "POST /xingrg/kc/buy/cgsh_order_operate.html HTTP/1.1" 200 8245
116.233.72.251 - - [20/Nov/2020:09:37:20 +0800] "GET /xingrg/all/common/auto_word.html?type=employee&rest_code=00109 HTTP/1.1" 200 255
116.233.72.251 - - [20/Nov/2020:09:37:20 +0800] "GET /xingrg/javascript/easyui/themes/default/validatebox.css HTTP/1.1" 404 1104
116.233.72.251 - - [20/Nov/2020:09:37:20 +0800] "GET /xingrg/all/common/auto_word.html?type=employee&rest_code=00109 HTTP/1.1" 200 255
101.85.95.39 - - [20/Nov/2020:09:37:21 +0800] "GET /xingrg/kc/print/load_data.html?order_code=212020111807223&kc_code=cgsh&condition= HTTP/1.1" 200 8052
116.233.72.251 - - [20/Nov/2020:09:37:24 +0800] "GET /xingrg/javascript/jquery_tools/images/next.gif HTTP/1.1" 404 1086
116.233.72.251 - - [20/Nov/2020:09:37:24 +0800] "GET /xingrg/javascript/jquery_tools/images/prev.gif HTTP/1.1" 404 1086
180.174.56.115 - - [20/Nov/2020:09:37:27 +0800] "GET /xingrg/kc/report/report_main.html HTTP/1.1" 200 7345
101.85.95.39 - - [20/Nov/2020:09:37:28 +0800] "POST /xingrg/kc/buy/cgsh_list_operate.html HTTP/1.1" 200 1690
116.233.72.251 - - [20/Nov/2020:09:37:29 +0800] "GET /xingrg/kc/buy/cgsh_order_operate.html?command=get_materiel&rest_code=00109&code=00101006144&supplier_code=00100015&order_time=2020-11-20 HTTP/1.1" 200 409
180.174.56.115 - - [20/Nov/2020:09:37:30 +0800] "GET /xingrg/kc/base/kc_stocks.html HTTP/1.1" 200 16392
180.174.56.115 - - [20/Nov/2020:09:37:30 +0800] "GET /xingrg/javascript/easyui/themes/icons/filter_new.png HTTP/1.1" 304 -
180.174.56.115 - - [20/Nov/2020:09:37:30 +0800] "GET /xingrg/javascript/easyui/themes/icons/refresh_new.png HTTP/1.1" 304 -
180.174.56.115 - - [20/Nov/2020:09:37:30 +0800] "GET /xingrg/javascript/easyui/themes/icons/print_new.png HTTP/1.1" 304 -
180.174.56.115 - - [20/Nov/2020:09:37:30 +0800] "GET /xingrg/javascript/easyui/plugins/jquery.draggable.js HTTP/1.1" 304 -
180.174.56.115 - - [20/Nov/2020:09:37:30 +0800] "GET /xingrg/javascript/easyui/plugins/jquery.droppable.js HTTP/1.1" 304 -
180.174.56.115 - - [20/Nov/2020:09:37:30 +0800] "GET /xingrg/javascript/easyui/themes/default/tree.css HTTP/1.1" 404 1090
180.174.56.115 - - [20/Nov/2020:09:37:30 +0800] "GET /xingrg/javascript/easyui/plugins/jquery.tree.js HTTP/1.1" 304 -
180.174.56.115 - - [20/Nov/2020:09:37:30 +0800] "POST /xingrg/all/common/load_tree.html?tree=materiel_sort_tree_json HTTP/1.1" 200 8666
180.174.56.115 - - [20/Nov/2020:09:37:30 +0800] "GET /xingrg/javascript/easyui/themes/sunny/images/tree_folder_open.gif HTTP/1.1" 304 -
180.174.56.115 - - [20/Nov/2020:09:37:30 +0800] "GET /xingrg/javascript/easyui/themes/sunny/images/tree_file.gif HTTP/1.1" 304 -
180.174.56.115 - - [20/Nov/2020:09:37:30 +0800] "GET /xingrg/javascript/easyui/themes/sunny/images/tree_folder.gif HTTP/1.1" 304 -
180.174.56.115 - - [20/Nov/2020:09:37:30 +0800] "GET /xingrg/javascript/easyui/themes/sunny/images/tree_arrows.gif HTTP/1.1" 304 -
101.85.95.39 - - [20/Nov/2020:09:37:32 +0800] "POST /xingrg/kc/buy/cgsh_list_operate.html HTTP/1.1" 200 564
101.85.95.39 - - [20/Nov/2020:09:37:32 +0800] "GET /xingrg/kc/buy/cgsh_order_info.html?code=212020111907584 HTTP/1.1" 200 59866
101.85.95.39 - - [20/Nov/2020:09:37:33 +0800] "GET /xingrg/javascript/easyui/themes/default/validatebox.css HTTP/1.1" 404 1104
180.174.56.115 - - [20/Nov/2020:09:37:33 +0800] "GET /xingrg/all/function/internal_message.html?_=1605836250321&CODE_STATE=getMsg HTTP/1.1" 200 27
101.85.95.39 - - [20/Nov/2020:09:37:33 +0800] "POST /xingrg/kc/buy/cgsh_order_operate.html HTTP/1.1" 200 17971
180.174.56.115 - - [20/Nov/2020:09:37:34 +0800] "POST /xingrg/kc/base/stock_operate.html HTTP/1.1" 200 4347
180.174.56.115 - - [20/Nov/2020:09:37:34 +0800] "GET /xingrg/javascript/jquery_tools/fix_table.js HTTP/1.1" 304 -
172.17.0.123 - - [20/Nov/2020:09:37:36 +0800] "GET /xingrg/check_reg.html?_=1605836194479 HTTP/1.1" 200 22
172.17.0.123 - - [20/Nov/2020:09:37:36 +0800] "GET /xingrg/all/function/internal_message.html?_=1605836194481&CODE_STATE=getMsg HTTP/1.1" 200 27
120.253.135.82 - - [20/Nov/2020:09:37:38 +0800] "GET /xingrg/all/function/internal_message.html?_=1605836003247&CODE_STATE=getMsg HTTP/1.1" 200 27
180.174.56.115 - - [20/Nov/2020:09:37:39 +0800] "POST /xingrg/kc/base/stock_operate.html HTTP/1.1" 200 4414
