114.84.37.38 - - [20/Nov/2020:10:28:29 +0800] "GET /xingrg/all/function/internal_message.html?_=1605839326855&CODE_STATE=getMsg HTTP/1.1" 200 27
116.233.72.251 - - [20/Nov/2020:10:28:30 +0800] "GET /xingrg/kc/buy/cgsh_order_operate.html?command=get_materiel&rest_code=00109&code=00101012019&supplier_code=00100035&order_time=2020-11-20 HTTP/1.1" 200 412
222.69.129.82 - - [20/Nov/2020:10:28:30 +0800] "POST /xingrg/kc/buy/cgsh_list_operate.html HTTP/1.1" 200 5864
222.69.129.82 - - [20/Nov/2020:10:28:32 +0800] "POST /xingrg/kc/buy/cgsh_list_operate.html HTTP/1.1" 200 572
222.69.129.82 - - [20/Nov/2020:10:28:34 +0800] "POST /xingrg/kc/buy/cgsh_list_operate.html HTTP/1.1" 200 570
116.228.172.94 - - [20/Nov/2020:10:28:35 +0800] "POST /xingrg/dwr/call/plaincall/AjaxYddbService.checkOrder.dwr HTTP/1.1" 200 79
116.233.72.251 - - [20/Nov/2020:10:28:36 +0800] "GET /xingrg/kc/buy/cgsh_order_operate.html?command=get_materiel&rest_code=00109&code=00101016010&supplier_code=00100035&order_time=2020-11-20 HTTP/1.1" 200 408
116.228.172.94 - - [20/Nov/2020:10:28:36 +0800] "GET /xingrg/kc/base/yddb_order_info.html?code=482020112000141 HTTP/1.1" 200 29542
116.228.172.94 - - [20/Nov/2020:10:28:36 +0800] "GET /xingrg/dwr/interface/AjaxComOrderService.js HTTP/1.1" 200 18264
116.228.172.94 - - [20/Nov/2020:10:28:36 +0800] "GET /xingrg/dwr/interface/AjaxYddbService.js HTTP/1.1" 200 13201
116.228.172.94 - - [20/Nov/2020:10:28:36 +0800] "GET /xingrg/dwr/engine.js HTTP/1.1" 200 43631
172.17.0.123 - - [20/Nov/2020:10:28:37 +0800] "GET /xingrg/all/function/internal_message.html?_=1605839254485&CODE_STATE=getMsg HTTP/1.1" 200 27
116.228.172.94 - - [20/Nov/2020:10:28:37 +0800] "POST /xingrg/dwr/call/plaincall/AjaxYddbService.loadMaterielItems.dwr HTTP/1.1" 200 717
222.69.129.82 - - [20/Nov/2020:10:28:37 +0800] "POST /xingrg/kc/buy/cgsh_list_operate.html HTTP/1.1" 200 573
180.174.56.115 - - [20/Nov/2020:10:28:37 +0800] "GET /xingrg/all/function/internal_message.html?_=1605839286252&CODE_STATE=getMsg HTTP/1.1" 200 27
222.69.129.82 - - [20/Nov/2020:10:28:40 +0800] "POST /xingrg/kc/buy/cgsh_list_operate.html HTTP/1.1" 200 496
116.228.172.94 - - [20/Nov/2020:10:28:40 +0800] "GET /xingrg/kc/base/base_main.html HTTP/1.1" 200 12142
180.162.245.190 - - [20/Nov/2020:10:28:41 +0800] "GET /xingrg/all/function/internal_message.html?_=1605839318930&CODE_STATE=getMsg HTTP/1.1" 200 27
116.233.72.251 - - [20/Nov/2020:10:28:42 +0800] "GET /xingrg/kc/buy/cgsh_order_operate.html?command=get_materiel&rest_code=00109&code=00101012025&supplier_code=00100035&order_time=2020-11-20 HTTP/1.1" 200 412
120.253.135.82 - - [20/Nov/2020:10:28:42 +0800] "GET /xingrg/all/function/internal_message.html?_=1605839067165&CODE_STATE=getMsg HTTP/1.1" 200 27
116.228.172.94 - - [20/Nov/2020:10:28:42 +0800] "GET /xingrg/kc/base/yddb_order_list.html HTTP/1.1" 200 17030
222.69.129.82 - - [20/Nov/2020:10:28:42 +0800] "POST /xingrg/kc/buy/cgsh_list_operate.html HTTP/1.1" 200 351
116.228.172.94 - - [20/Nov/2020:10:28:43 +0800] "POST /xingrg/kc/base/yddb_list_operate.html HTTP/1.1" 200 636
180.162.245.190 - - [20/Nov/2020:10:28:44 +0800] "GET /xingrg/kc/buy/cgsh_order_operate.html?command=get_materiel&rest_code=00105&code=00101002034&supplier_code=00100091&order_time=2020-11-20 HTTP/1.1" 200 409
114.84.37.38 - - [20/Nov/2020:10:28:44 +0800] "GET /xingrg/all/function/internal_message.html?_=1605839330421&CODE_STATE=getMsg HTTP/1.1" 200 27
180.157.253.48 - - [20/Nov/2020:10:28:45 +0800] "GET /xingrg/all/function/internal_message.html?_=1605839326349&CODE_STATE=getMsg HTTP/1.1" 200 27
222.69.129.82 - - [20/Nov/2020:10:28:46 +0800] "POST /xingrg/kc/buy/cgsh_list_operate.html HTTP/1.1" 200 5993
116.233.72.251 - - [20/Nov/2020:10:28:48 +0800] "GET /xingrg/kc/buy/cgsh_order_operate.html?command=get_materiel&rest_code=00109&code=00101016105&supplier_code=00100035&order_time=2020-11-20 HTTP/1.1" 200 409
116.228.172.94 - - [20/Nov/2020:10:28:48 +0800] "POST /xingrg/kc/base/yddb_list_operate.html HTTP/1.1" 200 4379
222.69.129.82 - - [20/Nov/2020:10:28:49 +0800] "POST /xingrg/kc/buy/cgsh_list_operate.html HTTP/1.1" 200 572
172.17.0.102 - - [20/Nov/2020:10:28:50 +0800] "GET /xingrg/all/function/internal_message.html?_=1605839329485&CODE_STATE=getMsg HTTP/1.1" 200 27
114.84.37.38 - - [20/Nov/2020:10:28:50 +0800] "GET /xingrg/kc/buy/cgsh_order_operate.html?command=get_materiel&rest_code=00146&code=00101012025&supplier_code=00100033&order_time=2020-11-20 HTTP/1.1" 200 412
180.162.245.190 - - [20/Nov/2020:10:28:50 +0800] "GET /xingrg/kc/buy/cgsh_order_operate.html?command=get_materiel&rest_code=00105&code=00101003066&supplier_code=00100091&order_time=2020-11-20 HTTP/1.1" 200 414
222.69.129.82 - - [20/Nov/2020:10:28:52 +0800] "POST /xingrg/kc/buy/cgsh_list_operate.html HTTP/1.1" 200 509
116.228.172.94 - - [20/Nov/2020:10:28:53 +0800] "POST /xingrg/kc/base/yddb_list_operate.html HTTP/1.1" 200 199
172.17.200.101 - - [20/Nov/2020:10:28:54 +0800] "GET /xingrg/all/function/internal_message.html?_=1605839334277&CODE_STATE=getMsg HTTP/1.1" 200 27
222.69.129.82 - - [20/Nov/2020:10:28:55 +0800] "POST /xingrg/kc/buy/cgsh_list_operate.html HTTP/1.1" 200 499
101.85.228.137 - - [20/Nov/2020:10:28:58 +0800] "GET /xingrg/check_reg.html?_=1605839559258 HTTP/1.1" 200 22
101.85.228.137 - - [20/Nov/2020:10:28:58 +0800] "GET /xingrg/all/function/internal_message.html?_=1605839559380&CODE_STATE=getMsg HTTP/1.1" 200 27
222.69.129.82 - - [20/Nov/2020:10:29:00 +0800] "POST /xingrg/kc/buy/cgsh_list_operate.html HTTP/1.1" 200 494
116.233.72.251 - - [20/Nov/2020:10:29:00 +0800] "GET /xingrg/check_reg.html?_=1605839371112 HTTP/1.1" 200 22
116.233.72.251 - - [20/Nov/2020:10:29:00 +0800] "GET /xingrg/all/function/internal_message.html?_=1605839371112&CODE_STATE=getMsg HTTP/1.1" 200 27
172.17.0.120 - - [20/Nov/2020:10:29:01 +0800] "GET /xingrg/all/function/internal_message.html?_=1605839509026&CODE_STATE=getMsg HTTP/1.1" 200 27
222.69.129.82 - - [20/Nov/2020:10:29:04 +0800] "POST /xingrg/kc/buy/cgsh_list_operate.html HTTP/1.1" 200 273
101.85.95.39 - - [20/Nov/2020:10:29:04 +0800] "GET /xingrg/all/function/internal_message.html?_=1605839078019&CODE_STATE=getMsg HTTP/1.1" 200 27
120.253.135.82 - - [20/Nov/2020:10:29:05 +0800] "GET /xingrg/check_reg.html?_=1605839392104 HTTP/1.1" 200 22
120.253.135.82 - - [20/Nov/2020:10:29:05 +0800] "GET /xingrg/all/function/internal_message.html?_=1605839392409&CODE_STATE=getMsg HTTP/1.1" 200 27
116.233.72.251 - - [20/Nov/2020:10:29:06 +0800] "POST /xingrg/kc/buy/cgsh_order_operate.html HTTP/1.1" 200 37
180.174.56.115 - - [20/Nov/2020:10:29:06 +0800] "GET /xingrg/all/function/internal_message.html?_=1605839343426&CODE_STATE=getMsg HTTP/1.1" 200 27
222.69.129.82 - - [20/Nov/2020:10:29:06 +0800] "POST /xingrg/kc/buy/cgsh_list_operate.html HTTP/1.1" 200 496
116.233.72.251 - - [20/Nov/2020:10:29:07 +0800] "POST /xingrg/kc/buy/cgsh_order_operate.html HTTP/1.1" 200 5599
172.17.0.120 - - [20/Nov/2020:10:29:08 +0800] "POST /xingrg/all/user/operate.html HTTP/1.1" 200 36
172.17.0.120 - - [20/Nov/2020:10:29:08 +0800] "GET /xingrg/javascript/jquery_easy_ui/themes/default/easyui.css HTTP/1.1" 304 -
172.17.0.120 - - [20/Nov/2020:10:29:08 +0800] "GET /xingrg/index.html?sysBaseUrl=http%3A%2F%2F172.17.0.8%3A18081%2Fxingrg%2F&costTime=161×tamp=1605835792880 HTTP/1.1" 200 17448
172.17.0.120 - - [20/Nov/2020:10:29:08 +0800] "GET /xingrg/javascript/jquery_easy_ui/themes/icon.css HTTP/1.1" 304 -
172.17.0.120 - - [20/Nov/2020:10:29:08 +0800] "GET /xingrg/css/form.css HTTP/1.1" 304 -
172.17.0.120 - - [20/Nov/2020:10:29:08 +0800] "GET /xingrg/javascript/jquery-1.4.2.min.js HTTP/1.1" 304 -
172.17.0.120 - - [20/Nov/2020:10:29:08 +0800] "GET /xingrg/javascript/jquery_easy_ui/jquery.easyui.min.js HTTP/1.1" 304 -
172.17.0.120 - - [20/Nov/2020:10:29:08 +0800] "GET /xingrg/javascript/jquery_easy_ui/easyui-lang-zh_CN.js HTTP/1.1" 304 -
172.17.0.120 - - [20/Nov/2020:10:29:08 +0800] "GET /xingrg/javascript/jquery.form.js HTTP/1.1" 304 -
172.17.0.120 - - [20/Nov/2020:10:29:08 +0800] "GET /xingrg/javascript/jquery.utils.js HTTP/1.1" 304 -
172.17.0.120 - - [20/Nov/2020:10:29:08 +0800] "GET /xingrg/javascript/jquery.timers.js HTTP/1.1" 304 -
172.17.0.120 - - [20/Nov/2020:10:29:08 +0800] "GET /xingrg/images/blue/jxLogo.png HTTP/1.1" 304 -
172.17.0.120 - - [20/Nov/2020:10:29:08 +0800] "GET /xingrg/javascript/jquery_easy_ui/themes/icons/settle_new.png HTTP/1.1" 304 -
172.17.0.120 - - [20/Nov/2020:10:29:08 +0800] "GET /xingrg/images/blue/navBackgound.jpg HTTP/1.1" 304 -
172.17.0.120 - - [20/Nov/2020:10:29:08 +0800] "POST /xingrg/all/common/load_tree.html?tree=area_rest_tree_json&manage=1 HTTP/1.1" 200 3350
172.17.0.120 - - [20/Nov/2020:10:29:08 +0800] "GET /xingrg/all/function/internal_message.html?_=1605839516473&CODE_STATE=count HTTP/1.1" 200 11
172.17.0.120 - - [20/Nov/2020:10:29:08 +0800] "GET /xingrg/check_reg.html?_=1605839516474 HTTP/1.1" 200 22
172.17.0.120 - - [20/Nov/2020:10:29:08 +0800] "GET /xingrg/images/blue/pingpu.png HTTP/1.1" 304 -
172.17.0.120 - - [20/Nov/2020:10:29:08 +0800] "GET /xingrg/javascript/jquery_easy_ui/themes/default/images/tabs_leftarrow.png HTTP/1.1" 304 -
172.17.0.120 - - [20/Nov/2020:10:29:08 +0800] "GET /xingrg/javascript/jquery_easy_ui/themes/default/images/panel_tool_expand.gif HTTP/1.1" 304 -
172.17.0.120 - - [20/Nov/2020:10:29:08 +0800] "GET /xingrg/javascript/jquery_easy_ui/themes/default/images/tabs_rightarrow.png HTTP/1.1" 304 -
172.17.0.120 - - [20/Nov/2020:10:29:08 +0800] "GET /xingrg/javascript/jquery_easy_ui/themes/default/images/panel_tool_collapse.gif HTTP/1.1" 304 -
172.17.0.120 - - [20/Nov/2020:10:29:08 +0800] "POST /xingrg/load_menu.html HTTP/1.1" 200 9924
116.233.72.251 - - [20/Nov/2020:10:29:08 +0800] "GET /xingrg/kc/print/load_config.html?kc_code=cgsh HTTP/1.1" 200 1845
222.69.129.82 - - [20/Nov/2020:10:29:09 +0800] "GET /xingrg/all/function/internal_message.html?_=1605839342058&CODE_STATE=getMsg HTTP/1.1" 200 27
180.162.245.190 - - [20/Nov/2020:10:29:09 +0800] "POST /xingrg/kc/buy/cgsh_order_operate.html HTTP/1.1" 200 37
222.69.129.82 - - [20/Nov/2020:10:29:09 +0800] "POST /xingrg/kc/buy/cgsh_list_operate.html HTTP/1.1" 200 500
116.233.72.251 - - [20/Nov/2020:10:29:09 +0800] "GET /xingrg/kc/print/load_data.html?order_code=212020112007759&kc_code=cgsh&condition= HTTP/1.1" 200 1794
172.17.0.120 - - [20/Nov/2020:10:29:10 +0800] "GET /xingrg/kc/buy/buy_main.html HTTP/1.1" 200 12377
172.17.0.120 - - [20/Nov/2020:10:29:10 +0800] "GET /xingrg/css/new_ie.css HTTP/1.1" 404 1036
172.17.0.120 - - [20/Nov/2020:10:29:10 +0800] "GET /xingrg/javascript/jquery_ui/jquery-ui.min.js HTTP/1.1" 200 186181
172.17.0.120 - - [20/Nov/2020:10:29:10 +0800] "GET /xingrg/images/blue/button/cgydd.gif HTTP/1.1" 200 2712
172.17.0.120 - - [20/Nov/2020:10:29:10 +0800] "GET /xingrg/images/blue/button/cgshd.gif HTTP/1.1" 200 2618
172.17.0.120 - - [20/Nov/2020:10:29:10 +0800] "GET /xingrg/images/blue/button/cgfkd.gif HTTP/1.1" 200 2075
172.17.0.120 - - [20/Nov/2020:10:29:10 +0800] "GET /xingrg/images/blue/button/kc.gif HTTP/1.1" 200 2160
172.17.0.120 - - [20/Nov/2020:10:29:10 +0800] "GET /xingrg/images/blue/button/ckthd.gif HTTP/1.1" 200 2045
172.17.0.120 - - [20/Nov/2020:10:29:10 +0800] "GET /xingrg/images/blue/pic_form2.gif HTTP/1.1" 200 1853
172.17.0.120 - - [20/Nov/2020:10:29:10 +0800] "GET /xingrg/images/blue/bg_dotted.jpg HTTP/1.1" 200 319
172.17.0.120 - - [20/Nov/2020:10:29:10 +0800] "GET /xingrg/images/blue/button/down_ah.jpg HTTP/1.1" 200 1732
172.17.0.120 - - [20/Nov/2020:10:29:10 +0800] "GET /xingrg/images/blue/button/right_ah.jpg HTTP/1.1" 200 1744
172.17.0.120 - - [20/Nov/2020:10:29:10 +0800] "GET /xingrg/javascript/jquery_ui/themes/humanity/images/ui-bg_inset-soft_100_f4f0ec_1x100.png HTTP/1.1" 200 141
172.17.0.120 - - [20/Nov/2020:10:29:10 +0800] "GET /xingrg/javascript/jquery_ui/themes/humanity/images/ui-icons_c47a23_256x240.png HTTP/1.1" 200 5355
172.17.0.120 - - [20/Nov/2020:10:29:10 +0800] "GET /xingrg/javascript/jquery_ui/themes/humanity/images/ui-iconsnew.jpg HTTP/1.1" 200 337
172.17.0.120 - - [20/Nov/2020:10:29:10 +0800] "GET /xingrg/javascript/jquery_ui/themes/humanity/images/ui-icons_ffffff_256x240.png HTTP/1.1" 200 4369
172.17.0.120 - - [20/Nov/2020:10:29:10 +0800] "GET /xingrg/javascript/jquery_ui/themes/humanity/images/ui-bg_glass_70_ede4d4_1x400.png HTTP/1.1" 200 161
172.17.0.120 - - [20/Nov/2020:10:29:11 +0800] "GET /xingrg/images/yd/bt.gif HTTP/1.1" 404 1040
180.162.245.190 - - [20/Nov/2020:10:29:11 +0800] "POST /xingrg/kc/buy/cgsh_order_operate.html HTTP/1.1" 200 3862
172.17.0.120 - - [20/Nov/2020:10:29:11 +0800] "GET /xingrg/kc/buy/cgsh_order_list.html HTTP/1.1" 200 45240
172.17.0.120 - - [20/Nov/2020:10:29:11 +0800] "GET /xingrg/css/base.css HTTP/1.1" 200 2811
172.17.0.120 - - [20/Nov/2020:10:29:11 +0800] "GET /xingrg/css/site.css HTTP/1.1" 200 7541
172.17.0.120 - - [20/Nov/2020:10:29:11 +0800] "GET /xingrg/javascript/jquery_tools/datebox.css HTTP/1.1" 200 2597
172.17.0.120 - - [20/Nov/2020:10:29:11 +0800] "GET /xingrg/javascript/easyui/themes/default/easyui.css HTTP/1.1" 200 30432
172.17.0.120 - - [20/Nov/2020:10:29:11 +0800] "GET /xingrg/javascript/easyui/themes/icon.css HTTP/1.1" 200 4483
172.17.0.120 - - [20/Nov/2020:10:29:11 +0800] "GET /xingrg/javascript/auto/jquery.autocomplete.css HTTP/1.1" 200 587
172.17.0.120 - - [20/Nov/2020:10:29:11 +0800] "GET /xingrg/javascript/jquery_tools/fix.css HTTP/1.1" 200 1702
172.17.0.120 - - [20/Nov/2020:10:29:11 +0800] "GET /xingrg/javascript/jquery_tools/table.css HTTP/1.1" 200 1032
172.17.0.120 - - [20/Nov/2020:10:29:11 +0800] "GET /xingrg/javascript/jquery_tools/jquery.tools.min.js HTTP/1.1" 200 138801
172.17.0.120 - - [20/Nov/2020:10:29:11 +0800] "GET /xingrg/javascript/jquery_tools/jquery.tools.extend.js HTTP/1.1" 200 15385
172.17.0.120 - - [20/Nov/2020:10:29:11 +0800] "GET /xingrg/javascript/jquery_tools/jquery.tools.hotkey.js HTTP/1.1" 200 3242
172.17.0.120 - - [20/Nov/2020:10:29:11 +0800] "GET /xingrg/javascript/jquery_tools/jquery.tools.table.js HTTP/1.1" 200 6994
172.17.0.120 - - [20/Nov/2020:10:29:11 +0800] "GET /xingrg/javascript/jquery_tools/list_manager.js HTTP/1.1" 200 3652
172.17.0.120 - - [20/Nov/2020:10:29:11 +0800] "GET /xingrg/javascript/auto/jquery.autocomplete.js HTTP/1.1" 200 21624
172.17.0.120 - - [20/Nov/2020:10:29:11 +0800] "GET /xingrg/javascript/easyui/easyloader.js HTTP/1.1" 200 5975
172.17.0.120 - - [20/Nov/2020:10:29:11 +0800] "GET /xingrg/javascript/jquery.cookie.js HTTP/1.1" 200 5513
114.84.145.85 - - [20/Nov/2020:10:29:11 +0800] "GET /xingrg/all/function/internal_message.html?_=1605838942267&CODE_STATE=getMsg HTTP/1.1" 200 27
172.17.0.120 - - [20/Nov/2020:10:29:11 +0800] "GET /xingrg/javascript/easyui/themes/icons/cance_new.png HTTP/1.1" 200 3986
172.17.0.120 - - [20/Nov/2020:10:29:11 +0800] "GET /xingrg/javascript/easyui/themes/icons/check_new.png HTTP/1.1" 200 3224
172.17.0.120 - - [20/Nov/2020:10:29:11 +0800] "GET /xingrg/javascript/easyui/themes/icons/edit_add_new.png HTTP/1.1" 200 2997
172.17.0.120 - - [20/Nov/2020:10:29:11 +0800] "GET /xingrg/javascript/easyui/themes/icons/field_new.png HTTP/1.1" 200 1097
172.17.0.120 - - [20/Nov/2020:10:29:11 +0800] "GET /xingrg/javascript/easyui/themes/icons/uncheck_new.png HTTP/1.1" 200 3197
172.17.0.120 - - [20/Nov/2020:10:29:11 +0800] "GET /xingrg/javascript/easyui/themes/icons/import_new.png HTTP/1.1" 200 1247
172.17.0.120 - - [20/Nov/2020:10:29:11 +0800] "GET /xingrg/javascript/easyui/plugins/jquery.parser.js HTTP/1.1" 200 1142
172.17.0.120 - - [20/Nov/2020:10:29:12 +0800] "POST /xingrg/kc/buy/cgsh_list_operate.html HTTP/1.1" 200 876
180.162.245.190 - - [20/Nov/2020:10:29:12 +0800] "GET /xingrg/kc/print/load_data.html?order_code=212020112007760&kc_code=cgsh&condition= HTTP/1.1" 200 1212
222.69.129.82 - - [20/Nov/2020:10:29:12 +0800] "POST /xingrg/kc/buy/cgsh_list_operate.html HTTP/1.1" 200 578
114.84.145.85 - - [20/Nov/2020:10:29:12 +0800] "GET /xingrg/all/function/internal_message.html?_=1605839351885&CODE_STATE=getMsg HTTP/1.1" 200 27
58.35.246.33 - - [20/Nov/2020:10:29:13 +0800] "GET /xingrg/all/function/internal_message.html?_=1605839462984&CODE_STATE=getMsg HTTP/1.1" 200 27
116.233.72.251 - - [20/Nov/2020:10:29:14 +0800] "GET /xingrg/kc/buy/cgsh_order_add.html HTTP/1.1" 200 60783
172.17.0.120 - - [20/Nov/2020:10:29:14 +0800] "GET /xingrg/javascript/jquery_tools/images/prev.gif HTTP/1.1" 404 1086
116.233.72.251 - - [20/Nov/2020:10:29:14 +0800] "GET /xingrg/words/20201120093203_words.js HTTP/1.1" 304 -
172.17.0.120 - - [20/Nov/2020:10:29:14 +0800] "GET /xingrg/javascript/jquery_tools/images/next.gif HTTP/1.1" 404 1086
116.233.72.251 - - [20/Nov/2020:10:29:14 +0800] "POST /xingrg/kc/buy/cgsh_order_operate.html HTTP/1.1" 200 8245
116.233.72.251 - - [20/Nov/2020:10:29:14 +0800] "GET /xingrg/all/common/auto_word.html?type=employee&rest_code=00109 HTTP/1.1" 200 255
116.233.72.251 - - [20/Nov/2020:10:29:14 +0800] "GET /xingrg/all/common/auto_word.html?type=employee&rest_code=00109 HTTP/1.1" 200 255
58.35.246.33 - - [20/Nov/2020:10:29:14 +0800] "GET /xingrg/check_reg.html?_=1605839463314 HTTP/1.1" 200 22
116.233.72.251 - - [20/Nov/2020:10:29:14 +0800] "GET /xingrg/javascript/easyui/themes/default/validatebox.css HTTP/1.1" 404 1104
180.162.245.190 - - [20/Nov/2020:10:29:16 +0800] "GET /xingrg/kc/buy/cgsh_order_add.html HTTP/1.1" 200 60789
180.162.245.190 - - [20/Nov/2020:10:29:17 +0800] "POST /xingrg/kc/buy/cgsh_order_operate.html HTTP/1.1" 200 8245
172.17.0.103 - - [20/Nov/2020:10:29:17 +0800] "GET /xingrg/all/function/internal_message.html?_=1605839353983&CODE_STATE=getMsg HTTP/1.1" 200 27
222.69.129.82 - - [20/Nov/2020:10:29:17 +0800] "POST /xingrg/kc/buy/cgsh_list_operate.html HTTP/1.1" 200 582
180.162.245.190 - - [20/Nov/2020:10:29:17 +0800] "GET /xingrg/javascript/easyui/themes/default/validatebox.css HTTP/1.1" 404 1104
172.17.0.120 - - [20/Nov/2020:10:29:20 +0800] "POST /xingrg/kc/buy/cgsh_list_operate.html HTTP/1.1" 200 5407
222.69.129.82 - - [20/Nov/2020:10:29:20 +0800] "POST /xingrg/kc/buy/cgsh_list_operate.html HTTP/1.1" 200 488
222.69.129.82 - - [20/Nov/2020:10:29:24 +0800] "POST /xingrg/kc/buy/cgsh_list_operate.html HTTP/1.1" 200 5988
222.69.129.82 - - [20/Nov/2020:10:29:25 +0800] "POST /xingrg/kc/buy/cgsh_list_operate.html HTTP/1.1" 200 201
172.17.0.120 - - [20/Nov/2020:10:29:26 +0800] "POST /xingrg/kc/buy/cgsh_list_operate.html HTTP/1.1" 200 2826
222.69.129.82 - - [20/Nov/2020:10:29:27 +0800] "POST /xingrg/kc/buy/cgsh_list_operate.html HTTP/1.1" 200 271
116.233.72.251 - - [20/Nov/2020:10:29:29 +0800] "GET /xingrg/javascript/jquery_tools/images/prev.gif HTTP/1.1" 404 1086
116.233.72.251 - - [20/Nov/2020:10:29:29 +0800] "GET /xingrg/javascript/jquery_tools/images/next.gif HTTP/1.1" 404 1086
180.162.245.190 - - [20/Nov/2020:10:29:29 +0800] "GET /xingrg/kc/buy/cgsh_order_operate.html?command=get_materiel&rest_code=00105&code=00101005036&supplier_code=00100334&order_time=2020-11-20 HTTP/1.1" 200 409
222.69.129.82 - - [20/Nov/2020:10:29:29 +0800] "POST /xingrg/kc/buy/cgsh_list_operate.html HTTP/1.1" 200 350
114.84.37.38 - - [20/Nov/2020:10:29:29 +0800] "GET /xingrg/all/function/internal_message.html?_=1605839386865&CODE_STATE=getMsg HTTP/1.1" 200 27
222.69.129.82 - - [20/Nov/2020:10:29:30 +0800] "POST /xingrg/kc/buy/cgsh_list_operate.html HTTP/1.1" 200 347
116.228.172.94 - - [20/Nov/2020:10:29:31 +0800] "GET /xingrg/all/function/internal_message.html?_=1605839365930&CODE_STATE=getMsg HTTP/1.1" 200 27
222.69.129.82 - - [20/Nov/2020:10:29:32 +0800] "POST /xingrg/kc/buy/cgsh_list_operate.html HTTP/1.1" 200 572
116.233.72.251 - - [20/Nov/2020:10:29:33 +0800] "GET /xingrg/kc/buy/cgsh_order_operate.html?command=get_materiel&rest_code=00109&code=00101011005&supplier_code=00100046&order_time=2020-11-20 HTTP/1.1" 200 429
222.69.129.82 - - [20/Nov/2020:10:29:36 +0800] "POST /xingrg/kc/buy/cgsh_list_operate.html HTTP/1.1" 200 572
172.17.0.123 - - [20/Nov/2020:10:29:37 +0800] "GET /xingrg/all/function/internal_message.html?_=1605839314469&CODE_STATE=getMsg HTTP/1.1" 200 27
180.174.56.115 - - [20/Nov/2020:10:29:37 +0800] "GET /xingrg/all/function/internal_message.html?_=1605839346318&CODE_STATE=getMsg HTTP/1.1" 200 27
222.69.129.82 - - [20/Nov/2020:10:29:38 +0800] "POST /xingrg/kc/buy/cgsh_list_operate.html HTTP/1.1" 200 570
180.162.245.190 - - [20/Nov/2020:10:29:41 +0800] "GET /xingrg/all/function/internal_message.html?_=1605839378947&CODE_STATE=getMsg HTTP/1.1" 200 27
180.162.245.190 - - [20/Nov/2020:10:29:41 +0800] "GET /xingrg/check_reg.html?_=1605839378949 HTTP/1.1" 200 22
120.253.135.82 - - [20/Nov/2020:10:29:42 +0800] "GET /xingrg/all/function/internal_message.html?_=1605839127179&CODE_STATE=getMsg HTTP/1.1" 200 27
116.233.72.251 - - [20/Nov/2020:10:29:42 +0800] "POST /xingrg/kc/buy/cgsh_order_operate.html HTTP/1.1" 200 37
222.69.129.82 - - [20/Nov/2020:10:29:42 +0800] "POST /xingrg/kc/buy/cgsh_list_operate.html HTTP/1.1" 200 273
116.233.72.251 - - [20/Nov/2020:10:29:43 +0800] "POST /xingrg/kc/buy/cgsh_order_operate.html HTTP/1.1" 200 2656
222.69.129.82 - - [20/Nov/2020:10:29:44 +0800] "POST /xingrg/kc/buy/cgsh_list_operate.html HTTP/1.1" 200 499
114.84.37.38 - - [20/Nov/2020:10:29:44 +0800] "GET /xingrg/all/function/internal_message.html?_=1605839390431&CODE_STATE=getMsg HTTP/1.1" 200 27
180.157.253.48 - - [20/Nov/2020:10:29:45 +0800] "GET /xingrg/all/function/internal_message.html?_=1605839386343&CODE_STATE=getMsg HTTP/1.1" 200 27
222.69.129.82 - - [20/Nov/2020:10:29:47 +0800] "POST /xingrg/kc/buy/cgsh_list_operate.html HTTP/1.1" 200 426
116.233.72.251 - - [20/Nov/2020:10:29:49 +0800] "GET /xingrg/kc/print/load_config.html?kc_code=cgsh HTTP/1.1" 200 1845
172.17.0.102 - - [20/Nov/2020:10:29:50 +0800] "GET /xingrg/all/function/internal_message.html?_=1605839389484&CODE_STATE=getMsg HTTP/1.1" 200 27
172.17.0.102 - - [20/Nov/2020:10:29:50 +0800] "GET /xingrg/check_reg.html?_=1605839389486 HTTP/1.1" 200 22
180.162.245.190 - - [20/Nov/2020:10:29:50 +0800] "POST /xingrg/kc/buy/cgsh_order_operate.html HTTP/1.1" 200 37
116.233.72.251 - - [20/Nov/2020:10:29:50 +0800] "GET /xingrg/kc/print/load_data.html?order_code=212020112007761&kc_code=cgsh&condition= HTTP/1.1" 200 677
180.162.245.190 - - [20/Nov/2020:10:29:51 +0800] "POST /xingrg/kc/buy/cgsh_order_operate.html HTTP/1.1" 200 2652
222.69.129.82 - - [20/Nov/2020:10:29:51 +0800] "POST /xingrg/kc/buy/cgsh_list_operate.html HTTP/1.1" 200 5992
180.162.245.190 - - [20/Nov/2020:10:29:53 +0800] "GET /xingrg/kc/print/load_data.html?order_code=212020112007762&kc_code=cgsh&condition= HTTP/1.1" 200 664
222.69.129.82 - - [20/Nov/2020:10:29:53 +0800] "POST /xingrg/kc/buy/cgsh_list_operate.html HTTP/1.1" 200 573
172.17.200.101 - - [20/Nov/2020:10:29:54 +0800] "GET /xingrg/all/function/internal_message.html?_=1605839394278&CODE_STATE=getMsg HTTP/1.1" 200 27
222.69.129.82 - - [20/Nov/2020:10:29:55 +0800] "GET /xingrg/kc/buy/cgsh_order_info.html?code=212020101807385 HTTP/1.1" 200 55698
222.69.129.82 - - [20/Nov/2020:10:29:56 +0800] "GET /xingrg/javascript/easyui/themes/default/validatebox.css HTTP/1.1" 404 1104
222.69.129.82 - - [20/Nov/2020:10:29:56 +0800] "POST /xingrg/kc/buy/cgsh_order_operate.html HTTP/1.1" 200 4170
180.162.245.190 - - [20/Nov/2020:10:29:56 +0800] "GET /xingrg/kc/buy/cgsh_order_add.html HTTP/1.1" 200 60789
222.69.129.82 - - [20/Nov/2020:10:29:56 +0800] "POST /xingrg/kc/buy/cgsh_list_operate.html HTTP/1.1" 200 5992
180.162.245.190 - - [20/Nov/2020:10:29:57 +0800] "GET /xingrg/javascript/easyui/themes/default/validatebox.css HTTP/1.1" 404 1104
180.162.245.190 - - [20/Nov/2020:10:29:57 +0800] "POST /xingrg/kc/buy/cgsh_order_operate.html HTTP/1.1" 200 8245
101.85.228.137 - - [20/Nov/2020:10:29:58 +0800] "GET /xingrg/all/function/internal_message.html?_=1605839619395&CODE_STATE=getMsg HTTP/1.1" 200 27
116.233.72.251 - - [20/Nov/2020:10:30:02 +0800] "GET /xingrg/all/function/internal_message.html?_=1605839435664&CODE_STATE=getMsg HTTP/1.1" 200 27
101.85.95.39 - - [20/Nov/2020:10:30:04 +0800] "GET /xingrg/all/function/internal_message.html?_=1605839138011&CODE_STATE=getMsg HTTP/1.1" 200 27
120.253.135.82 - - [20/Nov/2020:10:30:05 +0800] "GET /xingrg/all/function/internal_message.html?_=1605839452424&CODE_STATE=getMsg HTTP/1.1" 200 27
61.129.6.225 - - [20/Nov/2020:10:30:05 +0800] "GET /xingrg/all/function/internal_message.html?_=1605838691861&CODE_STATE=getMsg HTTP/1.1" 302 -
180.174.56.115 - - [20/Nov/2020:10:30:06 +0800] "GET /xingrg/all/function/internal_message.html?_=1605839403452&CODE_STATE=getMsg HTTP/1.1" 200 27
180.174.56.115 - - [20/Nov/2020:10:30:06 +0800] "GET /xingrg/check_reg.html?_=1605839403457 HTTP/1.1" 200 22
180.162.245.190 - - [20/Nov/2020:10:30:07 +0800] "GET /xingrg/kc/buy/cgsh_order_operate.html?command=get_materiel&rest_code=00105&code=00101006159&supplier_code=00100344&order_time=2020-11-20 HTTP/1.1" 200 417
172.17.0.120 - - [20/Nov/2020:10:30:08 +0800] "GET /xingrg/all/function/internal_message.html?_=1605839576481&CODE_STATE=getMsg HTTP/1.1" 200 27
222.69.129.82 - - [20/Nov/2020:10:30:09 +0800] "GET /xingrg/all/function/internal_message.html?_=1605839402042&CODE_STATE=getMsg HTTP/1.1" 200 27
180.174.56.115 - - [20/Nov/2020:10:30:11 +0800] "POST /xingrg/kc/buy/cgsh_order_operate.html HTTP/1.1" 200 37
114.84.145.85 - - [20/Nov/2020:10:30:11 +0800] "GET /xingrg/all/function/internal_message.html?_=1605839002244&CODE_STATE=getMsg HTTP/1.1" 200 27
180.174.56.115 - - [20/Nov/2020:10:30:12 +0800] "POST /xingrg/kc/buy/cgsh_order_operate.html HTTP/1.1" 200 9781
114.84.145.85 - - [20/Nov/2020:10:30:12 +0800] "GET /xingrg/all/function/internal_message.html?_=1605839411896&CODE_STATE=getMsg HTTP/1.1" 200 27
114.84.145.85 - - [20/Nov/2020:10:30:12 +0800] "GET /xingrg/check_reg.html?_=1605839411899 HTTP/1.1" 200 22
61.129.6.225 - - [20/Nov/2020:10:30:13 +0800] "GET /xingrg/login.html HTTP/1.1" 200 7641
58.35.246.33 - - [20/Nov/2020:10:30:13 +0800] "GET /xingrg/all/function/internal_message.html?_=1605839522960&CODE_STATE=getMsg HTTP/1.1" 200 27
172.17.0.103 - - [20/Nov/2020:10:30:17 +0800] "GET /xingrg/all/function/internal_message.html?_=1605839413983&CODE_STATE=getMsg HTTP/1.1" 200 27
222.69.129.82 - - [20/Nov/2020:10:30:20 +0800] "POST /xingrg/kc/buy/cgsh_list_operate.html HTTP/1.1" 200 5992
222.69.129.82 - - [20/Nov/2020:10:30:22 +0800] "GET /xingrg/kc/buy/cgsh_order_list.html HTTP/1.1" 200 45010
222.69.129.82 - - [20/Nov/2020:10:30:23 +0800] "POST /xingrg/kc/buy/cgsh_list_operate.html HTTP/1.1" 200 876
180.162.245.190 - - [20/Nov/2020:10:30:26 +0800] "GET /xingrg/kc/buy/cgsh_order_operate.html?command=get_materiel&rest_code=00105&code=00101006152&supplier_code=00100344&order_time=2020-11-20 HTTP/1.1" 200 409
116.233.74.74 - - [20/Nov/2020:10:30:28 +0800] "GET /favicon.ico HTTP/1.1" 404 -
114.84.37.38 - - [20/Nov/2020:10:30:30 +0800] "GET /xingrg/all/function/internal_message.html?_=1605839447387&CODE_STATE=getMsg HTTP/1.1" 200 27
116.228.172.94 - - [20/Nov/2020:10:30:31 +0800] "GET /xingrg/all/function/internal_message.html?_=1605839425905&CODE_STATE=getMsg HTTP/1.1" 200 27
180.171.125.150 - - [20/Nov/2020:10:30:32 +0800] "GET /xingrg/login.html HTTP/1.1" 200 7641
180.171.125.150 - - [20/Nov/2020:10:30:32 +0800] "GET /xingrg/images/blue/jxLogo.png HTTP/1.1" 200 6156
180.171.125.150 - - [20/Nov/2020:10:30:32 +0800] "GET /xingrg/images/blue/hj.png HTTP/1.1" 200 1014
180.171.125.150 - - [20/Nov/2020:10:30:32 +0800] "GET /xingrg/images/blue/login_bg.png HTTP/1.1" 200 22101
180.171.125.150 - - [20/Nov/2020:10:30:32 +0800] "GET /xingrg/images/blue/srbg.png HTTP/1.1" 200 138
180.171.125.150 - - [20/Nov/2020:10:30:32 +0800] "GET /favicon.ico HTTP/1.1" 404 -
180.162.245.190 - - [20/Nov/2020:10:30:32 +0800] "POST /xingrg/kc/buy/cgsh_order_operate.html HTTP/1.1" 200 37
180.162.245.190 - - [20/Nov/2020:10:30:33 +0800] "POST /xingrg/kc/buy/cgsh_order_operate.html HTTP/1.1" 200 3248
172.17.0.123 - - [20/Nov/2020:10:30:37 +0800] "GET /xingrg/all/function/internal_message.html?_=1605839374471&CODE_STATE=getMsg HTTP/1.1" 200 27
180.174.56.115 - - [20/Nov/2020:10:30:37 +0800] "GET /xingrg/all/function/internal_message.html?_=1605839406326&CODE_STATE=getMsg HTTP/1.1" 200 27
180.162.245.190 - - [20/Nov/2020:10:30:41 +0800] "GET /xingrg/all/function/internal_message.html?_=1605839438955&CODE_STATE=getMsg HTTP/1.1" 200 27
120.253.135.82 - - [20/Nov/2020:10:30:42 +0800] "GET /xingrg/all/function/internal_message.html?_=1605839187358&CODE_STATE=getMsg HTTP/1.1" 200 27
180.162.245.190 - - [20/Nov/2020:10:30:43 +0800] "GET /xingrg/kc/print/load_data.html?order_code=212020112007764&kc_code=cgsh&condition= HTTP/1.1" 200 898
114.84.37.38 - - [20/Nov/2020:10:30:44 +0800] "GET /xingrg/all/function/internal_message.html?_=1605839450464&CODE_STATE=getMsg HTTP/1.1" 200 27
180.162.245.190 - - [20/Nov/2020:10:30:46 +0800] "GET /xingrg/kc/buy/cgsh_order_add.html HTTP/1.1" 200 60789
180.162.245.190 - - [20/Nov/2020:10:30:47 +0800] "GET /xingrg/javascript/easyui/themes/default/validatebox.css HTTP/1.1" 404 1104
180.162.245.190 - - [20/Nov/2020:10:30:47 +0800] "POST /xingrg/kc/buy/cgsh_order_operate.html HTTP/1.1" 200 8245
172.17.0.102 - - [20/Nov/2020:10:30:50 +0800] "GET /xingrg/all/function/internal_message.html?_=1605839449485&CODE_STATE=getMsg HTTP/1.1" 200 27
172.17.200.101 - - [20/Nov/2020:10:30:54 +0800] "GET /xingrg/all/function/internal_message.html?_=1605839454279&CODE_STATE=getMsg HTTP/1.1" 200 27
180.162.245.190 - - [20/Nov/2020:10:30:55 +0800] "GET /xingrg/kc/buy/cgsh_order_operate.html?command=get_materiel&rest_code=00105&code=00101010079&supplier_code=00100336&order_time=2020-11-20 HTTP/1.1" 200 413
101.85.228.137 - - [20/Nov/2020:10:30:58 +0800] "GET /xingrg/all/function/internal_message.html?_=1605839679407&CODE_STATE=getMsg HTTP/1.1" 200 27
180.162.245.190 - - [20/Nov/2020:10:31:00 +0800] "GET /xingrg/javascript/jquery_tools/images/prev.gif HTTP/1.1" 404 1086
180.162.245.190 - - [20/Nov/2020:10:31:00 +0800] "GET /xingrg/javascript/jquery_tools/images/next.gif HTTP/1.1" 404 1086
116.233.72.251 - - [20/Nov/2020:10:31:01 +0800] "GET /xingrg/all/function/internal_message.html?_=1605839495656&CODE_STATE=getMsg HTTP/1.1" 200 27
180.162.245.190 - - [20/Nov/2020:10:31:04 +0800] "POST /xingrg/kc/buy/cgsh_order_operate.html HTTP/1.1" 200 37
101.85.95.39 - - [20/Nov/2020:10:31:04 +0800] "GET /xingrg/all/function/internal_message.html?_=1605839198011&CODE_STATE=getMsg HTTP/1.1" 200 27
180.162.245.190 - - [20/Nov/2020:10:31:05 +0800] "POST /xingrg/kc/buy/cgsh_order_operate.html HTTP/1.1" 200 2657
120.253.135.82 - - [20/Nov/2020:10:31:05 +0800] "GET /xingrg/all/function/internal_message.html?_=1605839512439&CODE_STATE=getMsg HTTP/1.1" 200 27
180.174.56.115 - - [20/Nov/2020:10:31:06 +0800] "GET /xingrg/all/function/internal_message.html?_=1605839463449&CODE_STATE=getMsg HTTP/1.1" 200 27
180.162.245.190 - - [20/Nov/2020:10:31:07 +0800] "GET /xingrg/kc/print/load_data.html?order_code=212020112007765&kc_code=cgsh&condition= HTTP/1.1" 200 670
172.17.0.120 - - [20/Nov/2020:10:31:08 +0800] "GET /xingrg/all/function/internal_message.html?_=1605839636478&CODE_STATE=getMsg HTTP/1.1" 200 27
114.84.37.38 - - [20/Nov/2020:10:31:08 +0800] "GET /xingrg/check_reg.html?_=1605839474344 HTTP/1.1" 200 22
222.69.129.82 - - [20/Nov/2020:10:31:09 +0800] "GET /xingrg/all/function/internal_message.html?_=1605839462040&CODE_STATE=getMsg HTTP/1.1" 200 27
58.35.246.33 - - [20/Nov/2020:10:31:09 +0800] "GET /xingrg/check_reg.html?_=1605839464246 HTTP/1.1" 200 22
114.84.145.85 - - [20/Nov/2020:10:31:11 +0800] "GET /xingrg/all/function/internal_message.html?_=1605839062215&CODE_STATE=getMsg HTTP/1.1" 200 27
114.84.145.85 - - [20/Nov/2020:10:31:12 +0800] "GET /xingrg/all/function/internal_message.html?_=1605839471917&CODE_STATE=getMsg HTTP/1.1" 200 27
58.35.246.33 - - [20/Nov/2020:10:31:13 +0800] "GET /xingrg/all/function/internal_message.html?_=1605839582932&CODE_STATE=getMsg HTTP/1.1" 200 27
172.17.0.103 - - [20/Nov/2020:10:31:17 +0800] "GET /xingrg/all/function/internal_message.html?_=1605839473982&CODE_STATE=getMsg HTTP/1.1" 200 27
114.84.37.38 - - [20/Nov/2020:10:31:21 +0800] "GET /xingrg/kc/buy/cgsh_order_operate.html?command=get_materiel&rest_code=00146&code=00101016105&supplier_code=00100033&order_time=2020-11-20 HTTP/1.1" 200 409
180.162.245.190 - - [20/Nov/2020:10:31:24 +0800] "GET /xingrg/kc/buy/cgsh_order_add.html HTTP/1.1" 200 60789
180.162.245.190 - - [20/Nov/2020:10:31:24 +0800] "POST /xingrg/kc/buy/cgsh_order_operate.html HTTP/1.1" 200 8245
180.162.245.190 - - [20/Nov/2020:10:31:24 +0800] "GET /xingrg/javascript/easyui/themes/default/validatebox.css HTTP/1.1" 404 1104
114.84.37.38 - - [20/Nov/2020:10:31:30 +0800] "GET /xingrg/all/function/internal_message.html?_=1605839507390&CODE_STATE=getMsg HTTP/1.1" 200 27
116.228.172.94 - - [20/Nov/2020:10:31:31 +0800] "GET /xingrg/all/function/internal_message.html?_=1605839485890&CODE_STATE=getMsg HTTP/1.1" 200 27
116.228.172.94 - - [20/Nov/2020:10:31:31 +0800] "GET /xingrg/check_reg.html?_=1605839485923 HTTP/1.1" 200 22
172.17.0.123 - - [20/Nov/2020:10:31:37 +0800] "GET /xingrg/all/function/internal_message.html?_=1605839434473&CODE_STATE=getMsg HTTP/1.1" 200 27
180.174.56.115 - - [20/Nov/2020:10:31:37 +0800] "GET /xingrg/check_reg.html?_=1605839466043 HTTP/1.1" 200 22
180.174.56.115 - - [20/Nov/2020:10:31:37 +0800] "GET /xingrg/all/function/internal_message.html?_=1605839466339&CODE_STATE=getMsg HTTP/1.1" 200 27
180.162.245.190 - - [20/Nov/2020:10:31:39 +0800] "GET /xingrg/kc/buy/cgsh_order_add.html HTTP/1.1" 200 60789
180.162.245.190 - - [20/Nov/2020:10:31:40 +0800] "POST /xingrg/kc/buy/cgsh_order_operate.html HTTP/1.1" 200 8245
180.162.245.190 - - [20/Nov/2020:10:31:40 +0800] "GET /xingrg/javascript/easyui/themes/default/validatebox.css HTTP/1.1" 404 1104
180.162.245.190 - - [20/Nov/2020:10:31:41 +0800] "GET /xingrg/all/function/internal_message.html?_=1605839498934&CODE_STATE=getMsg HTTP/1.1" 200 27
120.253.135.82 - - [20/Nov/2020:10:31:42 +0800] "GET /xingrg/all/function/internal_message.html?_=1605839247362&CODE_STATE=getMsg HTTP/1.1" 200 27
114.84.37.38 - - [20/Nov/2020:10:31:44 +0800] "GET /xingrg/all/function/internal_message.html?_=1605839510474&CODE_STATE=getMsg HTTP/1.1" 200 27
114.84.145.85 - - [20/Nov/2020:10:31:46 +0800] "GET /xingrg/check_reg.html?_=1605839097255 HTTP/1.1" 200 22
114.84.37.38 - - [20/Nov/2020:10:31:48 +0800] "GET /xingrg/check_reg.html?_=1605839525083 HTTP/1.1" 200 22
172.17.0.102 - - [20/Nov/2020:10:31:50 +0800] "GET /xingrg/all/function/internal_message.html?_=1605839509485&CODE_STATE=getMsg HTTP/1.1" 200 27
101.85.228.137 - - [20/Nov/2020:10:31:58 +0800] "GET /xingrg/all/function/internal_message.html?_=1605839739484&CODE_STATE=getMsg HTTP/1.1" 200 27
116.233.72.251 - - [20/Nov/2020:10:31:59 +0800] "GET /xingrg/all/function/internal_message.html?_=1605839555653&CODE_STATE=getMsg HTTP/1.1" 200 27
101.85.95.39 - - [20/Nov/2020:10:32:04 +0800] "GET /xingrg/all/function/internal_message.html?_=1605839258037&CODE_STATE=getMsg HTTP/1.1" 200 27
101.85.95.39 - - [20/Nov/2020:10:32:04 +0800] "GET /xingrg/check_reg.html?_=1605839258041 HTTP/1.1" 200 22
120.253.135.82 - - [20/Nov/2020:10:32:05 +0800] "GET /xingrg/all/function/internal_message.html?_=1605839572455&CODE_STATE=getMsg HTTP/1.1" 200 27
180.174.56.115 - - [20/Nov/2020:10:32:06 +0800] "GET /xingrg/all/function/internal_message.html?_=1605839523451&CODE_STATE=getMsg HTTP/1.1" 200 27
180.162.245.190 - - [20/Nov/2020:10:32:06 +0800] "GET /xingrg/kc/buy/cgsh_order_operate.html?command=get_materiel&rest_code=00105&code=00101004067&supplier_code=00100312&order_time=2020-11-20 HTTP/1.1" 200 413
180.174.56.115 - - [20/Nov/2020:10:32:07 +0800] "GET /xingrg/kc/buy/cgsh_order_operate.html?command=get_materiel&rest_code=00150&code=00101006168&supplier_code=00100012&order_time=2020-11-20 HTTP/1.1" 200 421
172.17.0.120 - - [20/Nov/2020:10:32:08 +0800] "GET /xingrg/all/function/internal_message.html?_=1605839696483&CODE_STATE=getMsg HTTP/1.1" 200 27
222.69.129.82 - - [20/Nov/2020:10:32:09 +0800] "GET /xingrg/all/function/internal_message.html?_=1605839522055&CODE_STATE=getMsg HTTP/1.1" 200 27
222.69.129.82 - - [20/Nov/2020:10:32:10 +0800] "GET /xingrg/check_reg.html?_=1605839523249 HTTP/1.1" 200 22
114.84.145.85 - - [20/Nov/2020:10:32:11 +0800] "GET /xingrg/all/function/internal_message.html?_=1605839122185&CODE_STATE=getMsg HTTP/1.1" 200 27
114.84.145.85 - - [20/Nov/2020:10:32:12 +0800] "GET /xingrg/all/function/internal_message.html?_=1605839531917&CODE_STATE=getMsg HTTP/1.1" 200 27
58.35.246.33 - - [20/Nov/2020:10:32:14 +0800] "GET /xingrg/all/function/internal_message.html?_=1605839642912&CODE_STATE=getMsg HTTP/1.1" 200 27
172.17.0.103 - - [20/Nov/2020:10:32:17 +0800] "GET /xingrg/all/function/internal_message.html?_=1605839533980&CODE_STATE=getMsg HTTP/1.1" 200 27
180.162.245.190 - - [20/Nov/2020:10:32:20 +0800] "POST /xingrg/kc/buy/cgsh_order_operate.html HTTP/1.1" 200 37
180.162.245.190 - - [20/Nov/2020:10:32:22 +0800] "POST /xingrg/kc/buy/cgsh_order_operate.html HTTP/1.1" 200 2660
180.162.245.190 - - [20/Nov/2020:10:32:23 +0800] "GET /xingrg/kc/print/load_data.html?order_code=212020112007766&kc_code=cgsh&condition= HTTP/1.1" 200 679
180.162.245.190 - - [20/Nov/2020:10:32:28 +0800] "GET /xingrg/kc/buy/cgsh_order_add.html HTTP/1.1" 200 60789
180.162.245.190 - - [20/Nov/2020:10:32:28 +0800] "GET /xingrg/javascript/easyui/themes/default/validatebox.css HTTP/1.1" 404 1104
180.162.245.190 - - [20/Nov/2020:10:32:28 +0800] "POST /xingrg/kc/buy/cgsh_order_operate.html HTTP/1.1" 200 8245
114.84.37.38 - - [20/Nov/2020:10:32:30 +0800] "GET /xingrg/all/function/internal_message.html?_=1605839567404&CODE_STATE=getMsg HTTP/1.1" 200 27
116.228.172.94 - - [20/Nov/2020:10:32:31 +0800] "GET /xingrg/all/function/internal_message.html?_=1605839545860&CODE_STATE=getMsg HTTP/1.1" 200 27
114.84.37.38 - - [20/Nov/2020:10:32:34 +0800] "GET /xingrg/kc/buy/cgsh_order_operate.html?command=get_materiel&rest_code=00146&code=00101016080&supplier_code=00100033&order_time=2020-11-20 HTTP/1.1" 200 408
172.17.0.123 - - [20/Nov/2020:10:32:37 +0800] "GET /xingrg/all/function/internal_message.html?_=1605839494479&CODE_STATE=getMsg HTTP/1.1" 200 27
172.17.0.123 - - [20/Nov/2020:10:32:37 +0800] "GET /xingrg/check_reg.html?_=1605839494481 HTTP/1.1" 200 22
180.174.56.115 - - [20/Nov/2020:10:32:39 +0800] "POST /xingrg/kc/buy/cgsh_order_operate.html HTTP/1.1" 200 37
180.162.245.190 - - [20/Nov/2020:10:32:40 +0800] "GET /xingrg/kc/buy/cgsh_order_operate.html?command=get_materiel&rest_code=00105&code=00101003041&supplier_code=00100088&order_time=2020-11-20 HTTP/1.1" 200 414
180.162.245.190 - - [20/Nov/2020:10:32:41 +0800] "GET /xingrg/all/function/internal_message.html?_=1605839558943&CODE_STATE=getMsg HTTP/1.1" 200 27
180.174.56.115 - - [20/Nov/2020:10:32:41 +0800] "POST /xingrg/kc/buy/cgsh_order_operate.html HTTP/1.1" 200 9793
120.253.135.82 - - [20/Nov/2020:10:32:42 +0800] "GET /xingrg/all/function/internal_message.html?_=1605839307546&CODE_STATE=getMsg HTTP/1.1" 200 27
114.84.37.38 - - [20/Nov/2020:10:32:44 +0800] "GET /xingrg/all/function/internal_message.html?_=1605839570488&CODE_STATE=getMsg HTTP/1.1" 200 27
114.84.37.38 - - [20/Nov/2020:10:32:47 +0800] "GET /xingrg/kc/buy/cgsh_order_operate.html?command=get_materiel&rest_code=00146&code=00101007109&supplier_code=00100033&order_time=2020-11-20 HTTP/1.1" 200 408
172.17.0.102 - - [20/Nov/2020:10:32:50 +0800] "GET /xingrg/all/function/internal_message.html?_=1605839569485&CODE_STATE=getMsg HTTP/1.1" 200 27
101.85.228.137 - - [20/Nov/2020:10:32:58 +0800] "GET /xingrg/all/function/internal_message.html?_=1605839799497&CODE_STATE=getMsg HTTP/1.1" 200 27
58.221.95.50 - - [20/Nov/2020:10:32:58 +0800] "GET /xingrg/check_reg.html?_=1605839581091 HTTP/1.1" 302 -
116.233.72.251 - - [20/Nov/2020:10:32:59 +0800] "GET /xingrg/all/function/internal_message.html?_=1605839615666&CODE_STATE=getMsg HTTP/1.1" 200 27
101.85.95.39 - - [20/Nov/2020:10:33:04 +0800] "GET /xingrg/all/function/internal_message.html?_=1605839318041&CODE_STATE=getMsg HTTP/1.1" 200 27
120.253.135.82 - - [20/Nov/2020:10:33:05 +0800] "GET /xingrg/all/function/internal_message.html?_=1605839632465&CODE_STATE=getMsg HTTP/1.1" 200 27
180.174.56.115 - - [20/Nov/2020:10:33:06 +0800] "GET /xingrg/all/function/internal_message.html?_=1605839583457&CODE_STATE=getMsg HTTP/1.1" 200 27
180.162.245.190 - - [20/Nov/2020:10:33:07 +0800] "POST /xingrg/kc/buy/cgsh_order_operate.html HTTP/1.1" 200 37
172.17.0.120 - - [20/Nov/2020:10:33:08 +0800] "GET /xingrg/all/function/internal_message.html?_=1605839756488&CODE_STATE=getMsg HTTP/1.1" 200 27
180.162.245.190 - - [20/Nov/2020:10:33:08 +0800] "POST /xingrg/kc/buy/cgsh_order_operate.html HTTP/1.1" 200 2664
222.69.129.82 - - [20/Nov/2020:10:33:09 +0800] "GET /xingrg/all/function/internal_message.html?_=1605839582048&CODE_STATE=getMsg HTTP/1.1" 200 27
180.162.245.190 - - [20/Nov/2020:10:33:10 +0800] "GET /xingrg/kc/print/load_data.html?order_code=212020112007767&kc_code=cgsh&condition= HTTP/1.1" 200 750
114.84.145.85 - - [20/Nov/2020:10:33:11 +0800] "GET /xingrg/all/function/internal_message.html?_=1605839182156&CODE_STATE=getMsg HTTP/1.1" 200 27
114.84.145.85 - - [20/Nov/2020:10:33:12 +0800] "GET /xingrg/all/function/internal_message.html?_=1605839591920&CODE_STATE=getMsg HTTP/1.1" 200 27
58.35.246.33 - - [20/Nov/2020:10:33:13 +0800] "GET /xingrg/all/function/internal_message.html?_=1605839702890&CODE_STATE=getMsg HTTP/1.1" 200 27
180.162.245.190 - - [20/Nov/2020:10:33:13 +0800] "GET /xingrg/kc/buy/cgsh_order_add.html HTTP/1.1" 200 60789
180.162.245.190 - - [20/Nov/2020:10:33:14 +0800] "POST /xingrg/kc/buy/cgsh_order_operate.html HTTP/1.1" 200 8245
180.162.245.190 - - [20/Nov/2020:10:33:14 +0800] "GET /xingrg/javascript/easyui/themes/default/validatebox.css HTTP/1.1" 404 1104
172.17.0.103 - - [20/Nov/2020:10:33:17 +0800] "GET /xingrg/all/function/internal_message.html?_=1605839593979&CODE_STATE=getMsg HTTP/1.1" 200 27
172.17.0.103 - - [20/Nov/2020:10:33:17 +0800] "GET /xingrg/check_reg.html?_=1605839593982 HTTP/1.1" 200 22
180.162.245.190 - - [20/Nov/2020:10:33:24 +0800] "GET /xingrg/kc/buy/cgsh_order_operate.html?command=get_materiel&rest_code=00105&code=00101001169&supplier_code=00100319&order_time=2020-11-20 HTTP/1.1" 200 415
120.253.135.82 - - [20/Nov/2020:10:33:28 +0800] "GET /xingrg/check_reg.html?_=1605839353208 HTTP/1.1" 200 22
114.84.37.38 - - [20/Nov/2020:10:33:29 +0800] "GET /xingrg/kc/buy/cgsh_order_operate.html?command=get_materiel&rest_code=00146&code=00101018007&supplier_code=00100033&order_time=2020-11-20 HTTP/1.1" 200 409
114.84.37.38 - - [20/Nov/2020:10:33:30 +0800] "GET /xingrg/all/function/internal_message.html?_=1605839627418&CODE_STATE=getMsg HTTP/1.1" 200 27
116.228.172.94 - - [20/Nov/2020:10:33:31 +0800] "GET /xingrg/all/function/internal_message.html?_=1605839605844&CODE_STATE=getMsg HTTP/1.1" 200 27
172.17.0.123 - - [20/Nov/2020:10:33:37 +0800] "GET /xingrg/all/function/internal_message.html?_=1605839554481&CODE_STATE=getMsg HTTP/1.1" 200 27
180.174.56.115 - - [20/Nov/2020:10:33:37 +0800] "GET /xingrg/all/function/internal_message.html?_=1605839586414&CODE_STATE=getMsg HTTP/1.1" 200 27
180.162.245.190 - - [20/Nov/2020:10:33:41 +0800] "GET /xingrg/all/function/internal_message.html?_=1605839618937&CODE_STATE=getMsg HTTP/1.1" 200 27
120.253.135.82 - - [20/Nov/2020:10:33:42 +0800] "GET /xingrg/all/function/internal_message.html?_=1605839367561&CODE_STATE=getMsg HTTP/1.1" 200 27
114.84.37.38 - - [20/Nov/2020:10:33:44 +0800] "GET /xingrg/all/function/internal_message.html?_=1605839630520&CODE_STATE=getMsg HTTP/1.1" 200 27
172.17.0.102 - - [20/Nov/2020:10:33:50 +0800] "GET /xingrg/all/function/internal_message.html?_=1605839629486&CODE_STATE=getMsg HTTP/1.1" 200 27
180.162.245.190 - - [20/Nov/2020:10:33:51 +0800] "GET /xingrg/kc/buy/cgsh_order_operate.html?command=get_materiel&rest_code=00105&code=00101001044&supplier_code=00100319&order_time=2020-11-20 HTTP/1.1" 200 409
101.85.228.137 - - [20/Nov/2020:10:33:58 +0800] "GET /xingrg/check_reg.html?_=1605839859313 HTTP/1.1" 200 22
116.233.72.251 - - [20/Nov/2020:10:33:58 +0800] "GET /xingrg/check_reg.html?_=1605839675659 HTTP/1.1" 200 22
116.233.72.251 - - [20/Nov/2020:10:33:58 +0800] "GET /xingrg/all/function/internal_message.html?_=1605839675659&CODE_STATE=getMsg HTTP/1.1" 200 27
101.85.228.137 - - [20/Nov/2020:10:33:58 +0800] "GET /xingrg/all/function/internal_message.html?_=1605839859517&CODE_STATE=getMsg HTTP/1.1" 200 27
180.162.245.190 - - [20/Nov/2020:10:34:03 +0800] "GET /xingrg/kc/buy/cgsh_order_operate.html?command=get_materiel&rest_code=00105&code=00101001125&supplier_code=00100319&order_time=2020-11-20 HTTP/1.1" 200 415
101.85.95.39 - - [20/Nov/2020:10:34:04 +0800] "GET /xingrg/all/function/internal_message.html?_=1605839378042&CODE_STATE=getMsg HTTP/1.1" 200 27
120.253.135.82 - - [20/Nov/2020:10:34:05 +0800] "GET /xingrg/check_reg.html?_=1605839692110 HTTP/1.1" 200 22
120.253.135.82 - - [20/Nov/2020:10:34:05 +0800] "GET /xingrg/all/function/internal_message.html?_=1605839692477&CODE_STATE=getMsg HTTP/1.1" 200 27
114.84.37.38 - - [20/Nov/2020:10:34:06 +0800] "GET /xingrg/kc/buy/cgsh_order_operate.html?command=get_materiel&rest_code=00146&code=00101012051&supplier_code=00100033&order_time=2020-11-20 HTTP/1.1" 200 408
180.174.56.115 - - [20/Nov/2020:10:34:06 +0800] "GET /xingrg/all/function/internal_message.html?_=1605839643572&CODE_STATE=getMsg HTTP/1.1" 200 27
172.17.0.120 - - [20/Nov/2020:10:34:08 +0800] "GET /xingrg/check_reg.html?_=1605839816476 HTTP/1.1" 200 22
172.17.0.120 - - [20/Nov/2020:10:34:08 +0800] "GET /xingrg/all/function/internal_message.html?_=1605839816476&CODE_STATE=getMsg HTTP/1.1" 200 27
222.69.129.82 - - [20/Nov/2020:10:34:09 +0800] "GET /xingrg/all/function/internal_message.html?_=1605839642050&CODE_STATE=getMsg HTTP/1.1" 200 27
114.84.145.85 - - [20/Nov/2020:10:34:11 +0800] "GET /xingrg/all/function/internal_message.html?_=1605839242128&CODE_STATE=getMsg HTTP/1.1" 200 27
114.84.145.85 - - [20/Nov/2020:10:34:12 +0800] "GET /xingrg/all/function/internal_message.html?_=1605839651917&CODE_STATE=getMsg HTTP/1.1" 200 27
180.162.245.190 - - [20/Nov/2020:10:34:13 +0800] "POST /xingrg/kc/buy/cgsh_order_operate.html HTTP/1.1" 200 37
58.35.246.33 - - [20/Nov/2020:10:34:13 +0800] "GET /xingrg/all/function/internal_message.html?_=1605839762859&CODE_STATE=getMsg HTTP/1.1" 200 27
58.35.246.33 - - [20/Nov/2020:10:34:14 +0800] "GET /xingrg/check_reg.html?_=1605839763314 HTTP/1.1" 200 22
180.162.245.190 - - [20/Nov/2020:10:34:14 +0800] "POST /xingrg/kc/buy/cgsh_order_operate.html HTTP/1.1" 200 3850
180.162.245.190 - - [20/Nov/2020:10:34:15 +0800] "GET /xingrg/kc/print/load_data.html?order_code=212020112007768&kc_code=cgsh&condition= HTTP/1.1" 200 1130
114.84.145.85 - - [20/Nov/2020:10:34:16 +0800] "POST /xingrg/services/DataTransmitService HTTP/1.1" 200 524
114.84.145.85 - - [20/Nov/2020:10:34:16 +0800] "POST /xingrg/services/DataTransmitService HTTP/1.1" 200 2031
114.84.145.85 - - [20/Nov/2020:10:34:16 +0800] "POST /xingrg/services/DataTransmitService HTTP/1.1" 200 186288
172.17.0.103 - - [20/Nov/2020:10:34:17 +0800] "GET /xingrg/all/function/internal_message.html?_=1605839653982&CODE_STATE=getMsg HTTP/1.1" 200 27
180.162.245.190 - - [20/Nov/2020:10:34:18 +0800] "GET /xingrg/kc/buy/cgsh_order_add.html HTTP/1.1" 200 60789
180.162.245.190 - - [20/Nov/2020:10:34:19 +0800] "POST /xingrg/kc/buy/cgsh_order_operate.html HTTP/1.1" 200 8245
180.162.245.190 - - [20/Nov/2020:10:34:19 +0800] "GET /xingrg/javascript/easyui/themes/default/validatebox.css HTTP/1.1" 404 1104
180.174.56.115 - - [20/Nov/2020:10:34:24 +0800] "POST /xingrg/kc/buy/cgsh_order_operate.html HTTP/1.1" 200 37
114.84.37.38 - - [20/Nov/2020:10:34:26 +0800] "GET /xingrg/kc/buy/cgsh_order_operate.html?command=get_materiel&rest_code=00146&code=00101012026&supplier_code=00100033&order_time=2020-11-20 HTTP/1.1" 200 408
180.174.56.115 - - [20/Nov/2020:10:34:26 +0800] "POST /xingrg/kc/buy/cgsh_order_operate.html HTTP/1.1" 200 12
180.162.245.190 - - [20/Nov/2020:10:34:27 +0800] "GET /xingrg/kc/buy/cgsh_order_operate.html?command=get_materiel&rest_code=00105&code=00101004065&supplier_code=00100086&order_time=2020-11-20 HTTP/1.1" 200 435
180.174.56.115 - - [20/Nov/2020:10:34:28 +0800] "GET /xingrg/kc/buy/cgsh_order_info.html?code=212020112007763 HTTP/1.1" 200 55585
180.174.56.115 - - [20/Nov/2020:10:34:28 +0800] "GET /xingrg/javascript/easyui/themes/default/validatebox.css HTTP/1.1" 404 1104
180.174.56.115 - - [20/Nov/2020:10:34:29 +0800] "POST /xingrg/kc/buy/cgsh_order_operate.html HTTP/1.1" 200 7718
114.84.37.38 - - [20/Nov/2020:10:34:30 +0800] "GET /xingrg/all/function/internal_message.html?_=1605839687432&CODE_STATE=getMsg HTTP/1.1" 200 27
180.174.56.115 - - [20/Nov/2020:10:34:30 +0800] "GET /xingrg/kc/print/load_config.html?kc_code=cgsh HTTP/1.1" 200 1845
180.174.56.115 - - [20/Nov/2020:10:34:30 +0800] "GET /xingrg/kc/print/load_data.html?order_code=212020112007763&kc_code=cgsh&condition= HTTP/1.1" 200 3537
116.228.172.94 - - [20/Nov/2020:10:34:31 +0800] "GET /xingrg/all/function/internal_message.html?_=1605839665820&CODE_STATE=getMsg HTTP/1.1" 200 27
172.17.0.120 - - [20/Nov/2020:10:34:31 +0800] "GET /xingrg/javascript/easyui/themes/default/images/button_plain_hover.png HTTP/1.1" 200 144
172.17.0.120 - - [20/Nov/2020:10:34:33 +0800] "POST /xingrg/kc/buy/cgsh_list_operate.html HTTP/1.1" 200 2826
117.185.32.26 - - [20/Nov/2020:10:34:34 +0800] "GET /xingrg/login.html HTTP/1.1" 200 7641
172.17.0.123 - - [20/Nov/2020:10:34:37 +0800] "GET /xingrg/all/function/internal_message.html?_=1605839614483&CODE_STATE=getMsg HTTP/1.1" 200 27
172.17.0.120 - - [20/Nov/2020:10:34:37 +0800] "POST /xingrg/all/user/operate.html HTTP/1.1" 200 36
172.17.0.120 - - [20/Nov/2020:10:34:37 +0800] "GET /xingrg/index.html?sysBaseUrl=http%3A%2F%2F172.17.0.8%3A18081%2Fxingrg%2F&costTime=161×tamp=1605835792880 HTTP/1.1" 200 17454
172.17.0.120 - - [20/Nov/2020:10:34:37 +0800] "GET /xingrg/javascript/jquery_easy_ui/themes/default/easyui.css HTTP/1.1" 304 -
