180.157.253.48 - - [18/Nov/2020:10:30:58 +0800] "GET /xingrg/kc/buy/cgsh_order_add.html HTTP/1.1" 200 60748
180.157.253.48 - - [18/Nov/2020:10:30:59 +0800] "POST /xingrg/kc/buy/cgsh_order_operate.html HTTP/1.1" 200 8245
180.157.253.48 - - [18/Nov/2020:10:30:59 +0800] "GET /xingrg/javascript/easyui/themes/default/validatebox.css HTTP/1.1" 404 1104
172.17.0.185 - - [18/Nov/2020:10:31:02 +0800] "GET /xingrg/check_reg.html?_=1605666660328 HTTP/1.1" 200 22
114.84.145.85 - - [18/Nov/2020:10:31:06 +0800] "GET /xingrg/all/function/internal_message.html?_=1605666660688&CODE_STATE=getMsg HTTP/1.1" 200 27
180.174.56.115 - - [18/Nov/2020:10:31:09 +0800] "GET /xingrg/kc/base/wldb_order_operate.html?command=get_materiel&rest_code=00150&base_code=0010446&code=00102002439 HTTP/1.1" 200 458
114.88.166.242 - - [18/Nov/2020:10:31:10 +0800] "GET /xingrg/kc/buy/cgsh_order_add.html HTTP/1.1" 200 60742
114.88.166.242 - - [18/Nov/2020:10:31:10 +0800] "POST /xingrg/kc/buy/cgsh_order_operate.html HTTP/1.1" 200 8245
114.88.166.242 - - [18/Nov/2020:10:31:10 +0800] "GET /xingrg/javascript/easyui/themes/default/validatebox.css HTTP/1.1" 404 1104
116.228.172.94 - - [18/Nov/2020:10:31:11 +0800] "GET /xingrg/all/function/internal_message.html?_=1605666665716&CODE_STATE=getMsg HTTP/1.1" 200 27
116.233.74.74 - - [18/Nov/2020:10:31:11 +0800] "GET /xingrg/check_reg.html?_=1605666672947 HTTP/1.1" 302 -
101.85.228.137 - - [18/Nov/2020:10:31:13 +0800] "GET /xingrg/check_reg.html?_=1605666895195 HTTP/1.1" 200 22
180.174.56.115 - - [18/Nov/2020:10:31:14 +0800] "GET /xingrg/all/function/internal_message.html?_=1605666672544&CODE_STATE=getMsg HTTP/1.1" 200 27
180.157.253.48 - - [18/Nov/2020:10:31:17 +0800] "GET /xingrg/kc/buy/cgsh_order_operate.html?command=get_materiel&rest_code=00148&code=00101004046&supplier_code=00100312&order_time=2020-11-18 HTTP/1.1" 200 417
114.88.166.242 - - [18/Nov/2020:10:31:20 +0800] "GET /xingrg/kc/buy/cgsh_order_operate.html?command=get_materiel&rest_code=00111&code=00101006150&supplier_code=00100325&order_time=2020-11-18 HTTP/1.1" 200 413
101.85.228.137 - - [18/Nov/2020:10:31:24 +0800] "GET /xingrg/all/function/internal_message.html?_=1605666687488&CODE_STATE=getMsg HTTP/1.1" 200 27
114.88.166.242 - - [18/Nov/2020:10:31:27 +0800] "GET /xingrg/kc/buy/cgsh_order_operate.html?command=get_materiel&rest_code=00111&code=00101007105&supplier_code=00100325&order_time=2020-11-18 HTTP/1.1" 200 412
120.253.135.82 - - [18/Nov/2020:10:31:29 +0800] "GET /xingrg/all/function/internal_message.html?_=1605666739320&CODE_STATE=getMsg HTTP/1.1" 200 27
180.157.253.48 - - [18/Nov/2020:10:31:31 +0800] "GET /xingrg/kc/buy/cgsh_order_operate.html?command=get_materiel&rest_code=00148&code=00101004067&supplier_code=00100312&order_time=2020-11-18 HTTP/1.1" 200 415
101.85.228.137 - - [18/Nov/2020:10:31:33 +0800] "GET /xingrg/all/function/internal_message.html?_=1605666915269&CODE_STATE=getMsg HTTP/1.1" 200 27
114.88.166.242 - - [18/Nov/2020:10:31:35 +0800] "GET /xingrg/kc/buy/cgsh_order_operate.html?command=get_materiel&rest_code=00111&code=00101007016&supplier_code=00100325&order_time=2020-11-18 HTTP/1.1" 200 411
114.84.145.85 - - [18/Nov/2020:10:31:44 +0800] "GET /xingrg/all/function/internal_message.html?_=1605666292922&CODE_STATE=getMsg HTTP/1.1" 200 27
114.84.145.85 - - [18/Nov/2020:10:31:44 +0800] "GET /xingrg/check_reg.html?_=1605666292923 HTTP/1.1" 200 22
120.253.135.82 - - [18/Nov/2020:10:31:44 +0800] "GET /xingrg/check_reg.html?_=1605666451228 HTTP/1.1" 200 22
114.88.166.242 - - [18/Nov/2020:10:31:44 +0800] "GET /xingrg/kc/buy/cgsh_order_operate.html?command=get_materiel&rest_code=00111&code=00101001109&supplier_code=00100325&order_time=2020-11-18 HTTP/1.1" 200 413
120.253.135.82 - - [18/Nov/2020:10:31:44 +0800] "GET /xingrg/all/function/internal_message.html?_=1605666451279&CODE_STATE=getMsg HTTP/1.1" 200 27
114.84.37.38 - - [18/Nov/2020:10:31:49 +0800] "GET /xingrg/all/function/internal_message.html?_=1605666719641&CODE_STATE=getMsg HTTP/1.1" 200 27
172.17.0.120 - - [18/Nov/2020:10:31:52 +0800] "GET /xingrg/all/function/internal_message.html?_=1605666856989&CODE_STATE=getMsg HTTP/1.1" 200 27
172.17.0.120 - - [18/Nov/2020:10:31:52 +0800] "GET /xingrg/check_reg.html?_=1605666856993 HTTP/1.1" 200 22
222.69.138.88 - - [18/Nov/2020:10:31:52 +0800] "GET /xingrg/all/function/internal_message.html?_=1605666708557&CODE_STATE=getMsg HTTP/1.1" 200 27
172.17.0.123 - - [18/Nov/2020:10:31:52 +0800] "GET /xingrg/all/function/internal_message.html?_=1605666653277&CODE_STATE=getMsg HTTP/1.1" 200 27
114.88.166.242 - - [18/Nov/2020:10:31:54 +0800] "GET /xingrg/all/function/internal_message.html?_=1605666824122&CODE_STATE=getMsg HTTP/1.1" 200 27
172.16.0.211 - - [18/Nov/2020:10:31:55 +0800] "GET /xingrg/all/function/internal_message.html?_=1605666715310&CODE_STATE=getMsg HTTP/1.1" 200 27
180.157.253.48 - - [18/Nov/2020:10:31:56 +0800] "GET /xingrg/kc/buy/cgsh_order_operate.html?command=get_materiel&rest_code=00148&code=00101004027&supplier_code=00100312&order_time=2020-11-18 HTTP/1.1" 200 409
180.162.245.190 - - [18/Nov/2020:10:31:56 +0800] "GET /xingrg/all/function/internal_message.html?_=1605666715161&CODE_STATE=getMsg HTTP/1.1" 200 27
180.162.245.190 - - [18/Nov/2020:10:31:56 +0800] "GET /xingrg/check_reg.html?_=1605666715462 HTTP/1.1" 200 22
114.88.166.242 - - [18/Nov/2020:10:31:57 +0800] "GET /xingrg/all/function/internal_message.html?_=1605666715152&CODE_STATE=getMsg HTTP/1.1" 200 27
114.88.166.242 - - [18/Nov/2020:10:32:06 +0800] "GET /xingrg/kc/buy/cgsh_order_operate.html?command=get_materiel&rest_code=00111&code=00101010394&supplier_code=00100325&order_time=2020-11-18 HTTP/1.1" 200 418
114.84.145.85 - - [18/Nov/2020:10:32:06 +0800] "GET /xingrg/all/function/internal_message.html?_=1605666720670&CODE_STATE=getMsg HTTP/1.1" 200 27
180.157.253.48 - - [18/Nov/2020:10:32:08 +0800] "GET /xingrg/kc/buy/cgsh_order_operate.html?command=get_materiel&rest_code=00148&code=00101004030&supplier_code=00100312&order_time=2020-11-18 HTTP/1.1" 200 408
116.228.172.94 - - [18/Nov/2020:10:32:11 +0800] "GET /xingrg/all/function/internal_message.html?_=1605666725703&CODE_STATE=getMsg HTTP/1.1" 200 27
180.174.56.115 - - [18/Nov/2020:10:32:14 +0800] "GET /xingrg/all/function/internal_message.html?_=1605666732534&CODE_STATE=getMsg HTTP/1.1" 200 27
114.88.166.242 - - [18/Nov/2020:10:32:14 +0800] "POST /xingrg/kc/buy/cgsh_order_operate.html HTTP/1.1" 200 37
114.88.166.242 - - [18/Nov/2020:10:32:15 +0800] "POST /xingrg/kc/buy/cgsh_order_operate.html HTTP/1.1" 200 5038
114.88.166.242 - - [18/Nov/2020:10:32:15 +0800] "GET /xingrg/kc/print/load_data.html?order_code=212020111806981&kc_code=cgsh&condition= HTTP/1.1" 200 1598
101.85.228.137 - - [18/Nov/2020:10:32:19 +0800] "GET /xingrg/kc/buy/cgsh_order_list.html HTTP/1.1" 200 45004
101.85.228.137 - - [18/Nov/2020:10:32:19 +0800] "GET /xingrg/javascript/easyui/themes/icons/edit_add_new.png HTTP/1.1" 304 -
101.85.228.137 - - [18/Nov/2020:10:32:19 +0800] "GET /xingrg/javascript/easyui/themes/icons/cance_new.png HTTP/1.1" 304 -
101.85.228.137 - - [18/Nov/2020:10:32:19 +0800] "GET /xingrg/javascript/easyui/themes/icons/check_new.png HTTP/1.1" 304 -
101.85.228.137 - - [18/Nov/2020:10:32:19 +0800] "GET /xingrg/javascript/easyui/themes/icons/import_new.png HTTP/1.1" 304 -
101.85.228.137 - - [18/Nov/2020:10:32:20 +0800] "POST /xingrg/kc/buy/cgsh_list_operate.html HTTP/1.1" 200 876
114.88.166.242 - - [18/Nov/2020:10:32:20 +0800] "GET /xingrg/kc/buy/cgsh_order_add.html HTTP/1.1" 200 60742
114.88.166.242 - - [18/Nov/2020:10:32:20 +0800] "POST /xingrg/kc/buy/cgsh_order_operate.html HTTP/1.1" 200 8245
114.88.166.242 - - [18/Nov/2020:10:32:20 +0800] "GET /xingrg/javascript/easyui/themes/default/validatebox.css HTTP/1.1" 404 1104
180.157.253.48 - - [18/Nov/2020:10:32:22 +0800] "GET /xingrg/kc/buy/cgsh_order_operate.html?command=get_materiel&rest_code=00148&code=00101005015&supplier_code=00100312&order_time=2020-11-18 HTTP/1.1" 200 409
101.85.228.137 - - [18/Nov/2020:10:32:24 +0800] "GET /xingrg/all/function/internal_message.html?_=1605666747503&CODE_STATE=getMsg HTTP/1.1" 200 27
114.88.166.242 - - [18/Nov/2020:10:32:27 +0800] "GET /xingrg/kc/buy/cgsh_order_operate.html?command=get_materiel&rest_code=00111&code=00101008314&supplier_code=00100339&order_time=2020-11-18 HTTP/1.1" 200 413
120.253.135.82 - - [18/Nov/2020:10:32:29 +0800] "GET /xingrg/all/function/internal_message.html?_=1605666799331&CODE_STATE=getMsg HTTP/1.1" 200 27
114.88.166.242 - - [18/Nov/2020:10:32:32 +0800] "POST /xingrg/kc/buy/cgsh_order_operate.html HTTP/1.1" 200 37
114.88.166.242 - - [18/Nov/2020:10:32:33 +0800] "POST /xingrg/kc/buy/cgsh_order_operate.html HTTP/1.1" 200 2656
101.85.228.137 - - [18/Nov/2020:10:32:34 +0800] "GET /xingrg/all/function/internal_message.html?_=1605666975986&CODE_STATE=getMsg HTTP/1.1" 200 27
114.88.166.242 - - [18/Nov/2020:10:32:34 +0800] "GET /xingrg/kc/print/load_data.html?order_code=212020111806982&kc_code=cgsh&condition= HTTP/1.1" 200 666
180.157.253.48 - - [18/Nov/2020:10:32:34 +0800] "GET /xingrg/kc/buy/cgsh_order_operate.html?command=get_materiel&rest_code=00148&code=00101004004&supplier_code=00100312&order_time=2020-11-18 HTTP/1.1" 200 413
114.88.166.242 - - [18/Nov/2020:10:32:41 +0800] "GET /xingrg/kc/buy/cgsh_order_add.html HTTP/1.1" 200 60742
114.88.166.242 - - [18/Nov/2020:10:32:41 +0800] "GET /xingrg/javascript/easyui/themes/default/validatebox.css HTTP/1.1" 404 1104
114.88.166.242 - - [18/Nov/2020:10:32:41 +0800] "POST /xingrg/kc/buy/cgsh_order_operate.html HTTP/1.1" 200 8245
114.84.145.85 - - [18/Nov/2020:10:32:44 +0800] "GET /xingrg/all/function/internal_message.html?_=1605666352906&CODE_STATE=getMsg HTTP/1.1" 200 27
180.157.253.48 - - [18/Nov/2020:10:32:44 +0800] "GET /xingrg/kc/buy/cgsh_order_operate.html?command=get_materiel&rest_code=00148&code=00101001029&supplier_code=00100312&order_time=2020-11-18 HTTP/1.1" 200 413
120.253.135.82 - - [18/Nov/2020:10:32:44 +0800] "GET /xingrg/all/function/internal_message.html?_=1605666511292&CODE_STATE=getMsg HTTP/1.1" 200 27
114.88.166.242 - - [18/Nov/2020:10:32:48 +0800] "GET /xingrg/kc/buy/cgsh_order_operate.html?command=get_materiel&rest_code=00111&code=00101007032&supplier_code=00100328&order_time=2020-11-18 HTTP/1.1" 200 413
114.84.37.38 - - [18/Nov/2020:10:32:49 +0800] "GET /xingrg/all/function/internal_message.html?_=1605666780014&CODE_STATE=getMsg HTTP/1.1" 200 27
172.17.0.120 - - [18/Nov/2020:10:32:52 +0800] "GET /xingrg/all/function/internal_message.html?_=1605666916982&CODE_STATE=getMsg HTTP/1.1" 200 27
222.69.138.88 - - [18/Nov/2020:10:32:52 +0800] "GET /xingrg/all/function/internal_message.html?_=1605666768527&CODE_STATE=getMsg HTTP/1.1" 200 27
172.17.0.123 - - [18/Nov/2020:10:32:52 +0800] "GET /xingrg/all/function/internal_message.html?_=1605666713279&CODE_STATE=getMsg HTTP/1.1" 200 27
114.88.166.242 - - [18/Nov/2020:10:32:53 +0800] "POST /xingrg/kc/buy/cgsh_order_operate.html HTTP/1.1" 200 37
114.88.166.242 - - [18/Nov/2020:10:32:54 +0800] "GET /xingrg/all/function/internal_message.html?_=1605666884121&CODE_STATE=getMsg HTTP/1.1" 200 27
114.88.166.242 - - [18/Nov/2020:10:32:54 +0800] "POST /xingrg/kc/buy/cgsh_order_operate.html HTTP/1.1" 200 2658
172.16.0.211 - - [18/Nov/2020:10:32:55 +0800] "GET /xingrg/all/function/internal_message.html?_=1605666775306&CODE_STATE=getMsg HTTP/1.1" 200 27
180.162.245.190 - - [18/Nov/2020:10:32:56 +0800] "GET /xingrg/all/function/internal_message.html?_=1605666775143&CODE_STATE=getMsg HTTP/1.1" 200 27
114.88.166.242 - - [18/Nov/2020:10:32:57 +0800] "GET /xingrg/all/function/internal_message.html?_=1605666775154&CODE_STATE=getMsg HTTP/1.1" 200 27
114.88.166.242 - - [18/Nov/2020:10:32:57 +0800] "GET /xingrg/kc/buy/cgsh_order_add.html HTTP/1.1" 200 60742
114.88.166.242 - - [18/Nov/2020:10:32:58 +0800] "GET /xingrg/javascript/easyui/themes/default/validatebox.css HTTP/1.1" 404 1104
114.88.166.242 - - [18/Nov/2020:10:32:58 +0800] "POST /xingrg/kc/buy/cgsh_order_operate.html HTTP/1.1" 200 8245
180.157.253.48 - - [18/Nov/2020:10:33:03 +0800] "GET /xingrg/kc/buy/cgsh_order_operate.html?command=get_materiel&rest_code=00148&code=00101001096&supplier_code=00100312&order_time=2020-11-18 HTTP/1.1" 200 413
114.88.166.242 - - [18/Nov/2020:10:33:04 +0800] "GET /xingrg/kc/buy/cgsh_order_operate.html?command=get_materiel&rest_code=00111&code=00101010108&supplier_code=00100336&order_time=2020-11-18 HTTP/1.1" 200 421
114.84.145.85 - - [18/Nov/2020:10:33:06 +0800] "GET /xingrg/all/function/internal_message.html?_=1605666780644&CODE_STATE=getMsg HTTP/1.1" 200 27
114.88.166.242 - - [18/Nov/2020:10:33:08 +0800] "POST /xingrg/kc/buy/cgsh_order_operate.html HTTP/1.1" 200 37
114.88.166.242 - - [18/Nov/2020:10:33:09 +0800] "POST /xingrg/kc/buy/cgsh_order_operate.html HTTP/1.1" 200 2665
114.88.166.242 - - [18/Nov/2020:10:33:10 +0800] "GET /xingrg/kc/print/load_data.html?order_code=212020111806984&kc_code=cgsh&condition= HTTP/1.1" 200 678
116.228.172.94 - - [18/Nov/2020:10:33:11 +0800] "GET /xingrg/all/function/internal_message.html?_=1605666785688&CODE_STATE=getMsg HTTP/1.1" 200 27
180.174.56.115 - - [18/Nov/2020:10:33:14 +0800] "GET /xingrg/all/function/internal_message.html?_=1605666792542&CODE_STATE=getMsg HTTP/1.1" 200 27
114.88.166.242 - - [18/Nov/2020:10:33:16 +0800] "GET /xingrg/kc/buy/cgsh_order_add.html HTTP/1.1" 200 60742
114.88.166.242 - - [18/Nov/2020:10:33:17 +0800] "GET /xingrg/javascript/easyui/themes/default/validatebox.css HTTP/1.1" 404 1104
114.88.166.242 - - [18/Nov/2020:10:33:17 +0800] "POST /xingrg/kc/buy/cgsh_order_operate.html HTTP/1.1" 200 8245
114.84.37.38 - - [18/Nov/2020:10:33:22 +0800] "GET /xingrg/check_reg.html?_=1605666812665 HTTP/1.1" 200 22
101.85.228.137 - - [18/Nov/2020:10:33:24 +0800] "POST /xingrg/kc/buy/cgsh_list_operate.html HTTP/1.1" 200 876
114.88.166.242 - - [18/Nov/2020:10:33:24 +0800] "GET /xingrg/kc/buy/cgsh_order_operate.html?command=get_materiel&rest_code=00111&code=00101006153&supplier_code=00100344&order_time=2020-11-18 HTTP/1.1" 200 415
101.85.228.137 - - [18/Nov/2020:10:33:24 +0800] "GET /xingrg/kc/mdqp/pssh_order_list.html HTTP/1.1" 200 17976
101.85.228.137 - - [18/Nov/2020:10:33:24 +0800] "POST /xingrg/kc/mdqp/pssh_list_operate.html HTTP/1.1" 200 5379
101.85.228.137 - - [18/Nov/2020:10:33:24 +0800] "GET /xingrg/all/function/internal_message.html?_=1605666807516&CODE_STATE=getMsg HTTP/1.1" 200 27
101.85.228.137 - - [18/Nov/2020:10:33:25 +0800] "POST /xingrg/kc/mdqp/pssh_list_operate.html HTTP/1.1" 200 271
101.85.228.137 - - [18/Nov/2020:10:33:26 +0800] "GET /xingrg/kc/mdqp/pssh_order_info.html?code=312020111700442 HTTP/1.1" 200 17271
101.85.228.137 - - [18/Nov/2020:10:33:26 +0800] "GET /xingrg/javascript/jquery_tools/jquery-1.4.2.min.js HTTP/1.1" 404 1094
101.85.228.137 - - [18/Nov/2020:10:33:26 +0800] "GET /xingrg/javascript/easyui/themes/icons/ok.png HTTP/1.1" 304 -
101.85.228.137 - - [18/Nov/2020:10:33:26 +0800] "POST /xingrg/kc/mdqp/pssh_order_operate.html HTTP/1.1" 200 572
101.85.228.137 - - [18/Nov/2020:10:33:26 +0800] "GET /xingrg/all/common/auto_word.html?type=base&rest_code=00102&rest_code=00102 HTTP/1.1" 200 1711
101.85.228.137 - - [18/Nov/2020:10:33:26 +0800] "GET /xingrg/all/common/auto_word.html?type=employee&rest_code=00102 HTTP/1.1" 200 189
101.85.228.137 - - [18/Nov/2020:10:33:26 +0800] "GET /xingrg/javascript/easyui/themes/default/validatebox.css HTTP/1.1" 404 1104
180.157.253.48 - - [18/Nov/2020:10:33:27 +0800] "POST /xingrg/kc/buy/cgsh_order_operate.html HTTP/1.1" 200 37
120.253.135.82 - - [18/Nov/2020:10:33:28 +0800] "GET /xingrg/check_reg.html?_=1605666858741 HTTP/1.1" 200 22
120.253.135.82 - - [18/Nov/2020:10:33:29 +0800] "GET /xingrg/all/function/internal_message.html?_=1605666859345&CODE_STATE=getMsg HTTP/1.1" 200 27
180.157.253.48 - - [18/Nov/2020:10:33:29 +0800] "POST /xingrg/kc/buy/cgsh_order_operate.html HTTP/1.1" 200 6821
101.85.228.137 - - [18/Nov/2020:10:33:29 +0800] "GET /xingrg/kc/mdqp/pssh_order_list.html?isBack=1 HTTP/1.1" 200 17976
101.85.228.137 - - [18/Nov/2020:10:33:30 +0800] "POST /xingrg/kc/mdqp/pssh_list_operate.html HTTP/1.1" 200 5379
101.85.228.137 - - [18/Nov/2020:10:33:30 +0800] "POST /xingrg/kc/mdqp/pssh_list_operate.html HTTP/1.1" 200 252
101.85.228.137 - - [18/Nov/2020:10:33:31 +0800] "GET /xingrg/kc/mdqp/pssh_order_info.html?code=312020111600440 HTTP/1.1" 200 17244
101.85.228.137 - - [18/Nov/2020:10:33:31 +0800] "GET /xingrg/javascript/jquery_tools/jquery-1.4.2.min.js HTTP/1.1" 404 1094
180.157.253.48 - - [18/Nov/2020:10:33:31 +0800] "GET /xingrg/kc/buy/cgsh_order_add.html HTTP/1.1" 200 60748
101.85.228.137 - - [18/Nov/2020:10:33:31 +0800] "POST /xingrg/kc/mdqp/pssh_order_operate.html HTTP/1.1" 200 520
180.157.253.48 - - [18/Nov/2020:10:33:31 +0800] "GET /xingrg/words/20201117165825_words.js HTTP/1.1" 304 -
101.85.228.137 - - [18/Nov/2020:10:33:31 +0800] "GET /xingrg/javascript/easyui/themes/default/validatebox.css HTTP/1.1" 404 1104
180.157.253.48 - - [18/Nov/2020:10:33:32 +0800] "POST /xingrg/kc/buy/cgsh_order_operate.html HTTP/1.1" 200 8245
180.157.253.48 - - [18/Nov/2020:10:33:32 +0800] "GET /xingrg/javascript/easyui/themes/default/validatebox.css HTTP/1.1" 404 1104
101.85.228.137 - - [18/Nov/2020:10:33:32 +0800] "GET /xingrg/kc/mdqp/pssh_order_list.html?isBack=1 HTTP/1.1" 200 17976
101.85.228.137 - - [18/Nov/2020:10:33:32 +0800] "POST /xingrg/kc/mdqp/pssh_list_operate.html HTTP/1.1" 200 5379
114.88.166.242 - - [18/Nov/2020:10:33:33 +0800] "POST /xingrg/kc/buy/cgsh_order_operate.html HTTP/1.1" 200 37
101.85.228.137 - - [18/Nov/2020:10:33:34 +0800] "GET /xingrg/all/function/internal_message.html?_=1605667035999&CODE_STATE=getMsg HTTP/1.1" 200 27
114.88.166.242 - - [18/Nov/2020:10:33:34 +0800] "POST /xingrg/kc/buy/cgsh_order_operate.html HTTP/1.1" 200 2659
101.85.228.137 - - [18/Nov/2020:10:33:34 +0800] "POST /xingrg/kc/mdqp/pssh_list_operate.html HTTP/1.1" 200 2198
114.88.166.242 - - [18/Nov/2020:10:33:35 +0800] "GET /xingrg/kc/print/load_data.html?order_code=212020111806986&kc_code=cgsh&condition= HTTP/1.1" 200 670
101.85.228.137 - - [18/Nov/2020:10:33:38 +0800] "POST /xingrg/kc/mdqp/pssh_list_operate.html HTTP/1.1" 200 8849
114.88.166.242 - - [18/Nov/2020:10:33:39 +0800] "GET /xingrg/kc/buy/cgsh_order_add.html HTTP/1.1" 200 60742
114.88.166.242 - - [18/Nov/2020:10:33:40 +0800] "POST /xingrg/kc/buy/cgsh_order_operate.html HTTP/1.1" 200 8245
114.88.166.242 - - [18/Nov/2020:10:33:40 +0800] "GET /xingrg/javascript/easyui/themes/default/validatebox.css HTTP/1.1" 404 1104
101.85.228.137 - - [18/Nov/2020:10:33:40 +0800] "POST /xingrg/kc/mdqp/pssh_list_operate.html HTTP/1.1" 200 581
101.85.228.137 - - [18/Nov/2020:10:33:40 +0800] "GET /xingrg/kc/mdqp/pssh_order_info.html?code=312020111500406 HTTP/1.1" 200 17244
101.85.228.137 - - [18/Nov/2020:10:33:40 +0800] "GET /xingrg/javascript/jquery_tools/jquery-1.4.2.min.js HTTP/1.1" 404 1094
101.85.228.137 - - [18/Nov/2020:10:33:40 +0800] "POST /xingrg/kc/mdqp/pssh_list_operate.html HTTP/1.1" 200 2198
101.85.228.137 - - [18/Nov/2020:10:33:40 +0800] "POST /xingrg/kc/mdqp/pssh_order_operate.html HTTP/1.1" 200 2122
101.85.228.137 - - [18/Nov/2020:10:33:40 +0800] "GET /xingrg/javascript/easyui/themes/default/validatebox.css HTTP/1.1" 404 1104
101.85.228.137 - - [18/Nov/2020:10:33:42 +0800] "GET /xingrg/kc/mdqp/pssh_order_list.html?isBack=1 HTTP/1.1" 200 17976
101.85.228.137 - - [18/Nov/2020:10:33:42 +0800] "POST /xingrg/kc/mdqp/pssh_list_operate.html HTTP/1.1" 200 8849
180.174.56.115 - - [18/Nov/2020:10:33:42 +0800] "GET /xingrg/kc/base/wldb_order_operate.html?command=get_materiel&rest_code=00150&base_code=0010446&code=00102002082 HTTP/1.1" 200 438
114.84.145.85 - - [18/Nov/2020:10:33:44 +0800] "GET /xingrg/all/function/internal_message.html?_=1605666412921&CODE_STATE=getMsg HTTP/1.1" 200 27
58.40.7.146 - - [18/Nov/2020:10:33:44 +0800] "GET /xingrg/check_reg.html?_=1605666823260 HTTP/1.1" 200 22
120.253.135.82 - - [18/Nov/2020:10:33:44 +0800] "GET /xingrg/all/function/internal_message.html?_=1605666571306&CODE_STATE=getMsg HTTP/1.1" 200 27
101.85.228.137 - - [18/Nov/2020:10:33:44 +0800] "GET /xingrg/kc/mdqp/pssh_order_list.html HTTP/1.1" 200 17976
101.85.228.137 - - [18/Nov/2020:10:33:45 +0800] "POST /xingrg/kc/mdqp/pssh_list_operate.html HTTP/1.1" 200 8849
101.85.228.137 - - [18/Nov/2020:10:33:45 +0800] "GET /xingrg/kc/buy/cgsh_order_list.html HTTP/1.1" 200 45004
101.85.228.137 - - [18/Nov/2020:10:33:46 +0800] "POST /xingrg/kc/buy/cgsh_list_operate.html HTTP/1.1" 200 876
180.157.253.48 - - [18/Nov/2020:10:33:48 +0800] "GET /xingrg/kc/buy/cgsh_order_operate.html?command=get_materiel&rest_code=00148&code=00101007085&supplier_code=00100328&order_time=2020-11-18 HTTP/1.1" 200 413
114.88.166.242 - - [18/Nov/2020:10:33:49 +0800] "GET /xingrg/kc/buy/cgsh_order_operate.html?command=get_materiel&rest_code=00111&code=00101006167&supplier_code=00100340&order_time=2020-11-18 HTTP/1.1" 200 413
114.84.37.38 - - [18/Nov/2020:10:33:49 +0800] "GET /xingrg/all/function/internal_message.html?_=1605666840025&CODE_STATE=getMsg HTTP/1.1" 200 27
172.17.0.120 - - [18/Nov/2020:10:33:52 +0800] "GET /xingrg/all/function/internal_message.html?_=1605666976987&CODE_STATE=getMsg HTTP/1.1" 200 27
222.69.138.88 - - [18/Nov/2020:10:33:52 +0800] "GET /xingrg/all/function/internal_message.html?_=1605666828510&CODE_STATE=getMsg HTTP/1.1" 200 27
172.17.0.123 - - [18/Nov/2020:10:33:52 +0800] "GET /xingrg/all/function/internal_message.html?_=1605666773282&CODE_STATE=getMsg HTTP/1.1" 200 27
222.69.138.88 - - [18/Nov/2020:10:33:53 +0800] "GET /xingrg/check_reg.html?_=1605666830116 HTTP/1.1" 200 22
114.88.166.242 - - [18/Nov/2020:10:33:54 +0800] "GET /xingrg/all/function/internal_message.html?_=1605666944120&CODE_STATE=getMsg HTTP/1.1" 200 27
172.16.0.211 - - [18/Nov/2020:10:33:55 +0800] "GET /xingrg/all/function/internal_message.html?_=1605666835292&CODE_STATE=getMsg HTTP/1.1" 200 27
180.162.245.190 - - [18/Nov/2020:10:33:56 +0800] "GET /xingrg/all/function/internal_message.html?_=1605666835119&CODE_STATE=getMsg HTTP/1.1" 200 27
114.88.166.242 - - [18/Nov/2020:10:33:57 +0800] "GET /xingrg/kc/buy/cgsh_order_operate.html?command=get_materiel&rest_code=00111&code=00101005020&supplier_code=00100340&order_time=2020-11-18 HTTP/1.1" 200 413
114.88.166.242 - - [18/Nov/2020:10:33:58 +0800] "GET /xingrg/all/function/internal_message.html?_=1605666835224&CODE_STATE=getMsg HTTP/1.1" 200 27
101.85.228.137 - - [18/Nov/2020:10:33:58 +0800] "POST /xingrg/kc/buy/cgsh_list_operate.html HTTP/1.1" 200 876
101.85.228.137 - - [18/Nov/2020:10:33:59 +0800] "GET /xingrg/kc/buy/cgsh_order_add.html HTTP/1.1" 200 60707
101.85.228.137 - - [18/Nov/2020:10:33:59 +0800] "GET /xingrg/javascript/easyui/themes/icons/copy_new.png HTTP/1.1" 304 -
101.85.228.137 - - [18/Nov/2020:10:33:59 +0800] "GET /xingrg/javascript/easyui/themes/icons/template_new.png HTTP/1.1" 304 -
101.85.228.137 - - [18/Nov/2020:10:33:59 +0800] "GET /xingrg/javascript/easyui/themes/icons/cancel.png HTTP/1.1" 304 -
101.85.228.137 - - [18/Nov/2020:10:33:59 +0800] "POST /xingrg/kc/buy/cgsh_order_operate.html HTTP/1.1" 200 8245
101.85.228.137 - - [18/Nov/2020:10:34:00 +0800] "GET /xingrg/javascript/easyui/themes/icons/edit_remove.png HTTP/1.1" 304 -
101.85.228.137 - - [18/Nov/2020:10:34:00 +0800] "GET /xingrg/javascript/easyui/themes/default/validatebox.css HTTP/1.1" 404 1104
114.88.166.242 - - [18/Nov/2020:10:34:02 +0800] "POST /xingrg/kc/buy/cgsh_order_operate.html HTTP/1.1" 200 37
114.88.166.242 - - [18/Nov/2020:10:34:03 +0800] "POST /xingrg/kc/buy/cgsh_order_operate.html HTTP/1.1" 200 3250
114.88.166.242 - - [18/Nov/2020:10:34:03 +0800] "GET /xingrg/kc/print/load_data.html?order_code=212020111806987&kc_code=cgsh&condition= HTTP/1.1" 200 896
114.84.145.85 - - [18/Nov/2020:10:34:06 +0800] "GET /xingrg/all/function/internal_message.html?_=1605666840637&CODE_STATE=getMsg HTTP/1.1" 200 27
180.174.56.115 - - [18/Nov/2020:10:34:08 +0800] "POST /xingrg/kc/base/wldb_order_operate.html HTTP/1.1" 200 37
114.88.166.242 - - [18/Nov/2020:10:34:08 +0800] "GET /xingrg/kc/buy/cgsh_order_add.html HTTP/1.1" 200 60742
114.88.166.242 - - [18/Nov/2020:10:34:08 +0800] "POST /xingrg/kc/buy/cgsh_order_operate.html HTTP/1.1" 200 8245
114.88.166.242 - - [18/Nov/2020:10:34:08 +0800] "GET /xingrg/javascript/easyui/themes/default/validatebox.css HTTP/1.1" 404 1104
180.174.56.115 - - [18/Nov/2020:10:34:10 +0800] "POST /xingrg/kc/base/wldb_order_operate.html HTTP/1.1" 200 12
180.174.56.115 - - [18/Nov/2020:10:34:10 +0800] "POST /xingrg/kc/base/wldb_order_operate.html HTTP/1.1" 200 3677
116.228.172.94 - - [18/Nov/2020:10:34:10 +0800] "GET /xingrg/all/function/internal_message.html?_=1605666845672&CODE_STATE=getMsg HTTP/1.1" 200 27
116.228.172.94 - - [18/Nov/2020:10:34:11 +0800] "GET /xingrg/check_reg.html?_=1605666845923 HTTP/1.1" 200 22
180.174.56.115 - - [18/Nov/2020:10:34:12 +0800] "GET /xingrg/kc/base/wldb_order_info.html?code=422020111801969 HTTP/1.1" 200 26472
180.174.56.115 - - [18/Nov/2020:10:34:12 +0800] "GET /xingrg/javascript/easyui/themes/default/validatebox.css HTTP/1.1" 404 1104
180.174.56.115 - - [18/Nov/2020:10:34:12 +0800] "POST /xingrg/kc/base/wldb_order_operate.html HTTP/1.1" 200 1936
180.174.56.115 - - [18/Nov/2020:10:34:14 +0800] "GET /xingrg/all/function/internal_message.html?_=1605666852544&CODE_STATE=getMsg HTTP/1.1" 200 27
114.88.166.242 - - [18/Nov/2020:10:34:15 +0800] "GET /xingrg/kc/buy/cgsh_order_operate.html?command=get_materiel&rest_code=00111&code=00101010628&supplier_code=00100327&order_time=2020-11-18 HTTP/1.1" 200 412
180.174.56.115 - - [18/Nov/2020:10:34:22 +0800] "GET /xingrg/kc/base/wldb_order_add.html HTTP/1.1" 200 30593
114.88.166.242 - - [18/Nov/2020:10:34:22 +0800] "POST /xingrg/kc/buy/cgsh_order_operate.html HTTP/1.1" 200 37
180.174.56.115 - - [18/Nov/2020:10:34:22 +0800] "POST /xingrg/kc/base/wldb_order_operate.html HTTP/1.1" 200 6806
180.174.56.115 - - [18/Nov/2020:10:34:22 +0800] "GET /xingrg/javascript/easyui/themes/default/validatebox.css HTTP/1.1" 404 1104
114.88.166.242 - - [18/Nov/2020:10:34:22 +0800] "GET /xingrg/check_reg.html?_=1605666859992 HTTP/1.1" 200 22
114.88.166.242 - - [18/Nov/2020:10:34:23 +0800] "POST /xingrg/kc/buy/cgsh_order_operate.html HTTP/1.1" 200 2671
114.88.166.242 - - [18/Nov/2020:10:34:24 +0800] "GET /xingrg/kc/print/load_data.html?order_code=212020111806988&kc_code=cgsh&condition= HTTP/1.1" 200 675
101.85.228.137 - - [18/Nov/2020:10:34:24 +0800] "GET /xingrg/check_reg.html?_=1605666867495 HTTP/1.1" 200 22
101.85.228.137 - - [18/Nov/2020:10:34:24 +0800] "GET /xingrg/all/function/internal_message.html?_=1605666867535&CODE_STATE=getMsg HTTP/1.1" 200 27
120.253.135.82 - - [18/Nov/2020:10:34:29 +0800] "GET /xingrg/all/function/internal_message.html?_=1605666919357&CODE_STATE=getMsg HTTP/1.1" 200 27
114.88.166.242 - - [18/Nov/2020:10:34:29 +0800] "GET /xingrg/kc/buy/cgsh_order_add.html HTTP/1.1" 200 60742
114.88.166.242 - - [18/Nov/2020:10:34:29 +0800] "GET /xingrg/javascript/easyui/themes/default/validatebox.css HTTP/1.1" 404 1104
114.88.166.242 - - [18/Nov/2020:10:34:29 +0800] "POST /xingrg/kc/buy/cgsh_order_operate.html HTTP/1.1" 200 8245
180.174.56.115 - - [18/Nov/2020:10:34:33 +0800] "GET /xingrg/kc/base/wldb_order_operate.html?command=get_materiel&rest_code=00150&base_code=0010445&code=00101020144 HTTP/1.1" 200 447
101.85.228.137 - - [18/Nov/2020:10:34:34 +0800] "GET /xingrg/all/function/internal_message.html?_=1605667096547&CODE_STATE=getMsg HTTP/1.1" 200 27
114.88.166.242 - - [18/Nov/2020:10:34:39 +0800] "GET /xingrg/kc/buy/cgsh_order_operate.html?command=get_materiel&rest_code=00111&code=00101018011&supplier_code=00100330&order_time=2020-11-18 HTTP/1.1" 200 415
114.84.145.85 - - [18/Nov/2020:10:34:44 +0800] "GET /xingrg/all/function/internal_message.html?_=1605666472919&CODE_STATE=getMsg HTTP/1.1" 200 27
120.253.135.82 - - [18/Nov/2020:10:34:45 +0800] "GET /xingrg/all/function/internal_message.html?_=1605666631502&CODE_STATE=getMsg HTTP/1.1" 200 27
114.88.166.242 - - [18/Nov/2020:10:34:45 +0800] "POST /xingrg/kc/buy/cgsh_order_operate.html HTTP/1.1" 200 37
114.88.166.242 - - [18/Nov/2020:10:34:45 +0800] "POST /xingrg/kc/buy/cgsh_order_operate.html HTTP/1.1" 200 2658
114.88.166.242 - - [18/Nov/2020:10:34:46 +0800] "GET /xingrg/kc/print/load_data.html?order_code=212020111806989&kc_code=cgsh&condition= HTTP/1.1" 200 671
180.174.56.115 - - [18/Nov/2020:10:34:46 +0800] "POST /xingrg/kc/base/wldb_order_operate.html HTTP/1.1" 200 37
180.157.253.48 - - [18/Nov/2020:10:34:47 +0800] "GET /xingrg/kc/buy/cgsh_order_operate.html?command=get_materiel&rest_code=00148&code=00101007077&supplier_code=00100328&order_time=2020-11-18 HTTP/1.1" 200 415
180.174.56.115 - - [18/Nov/2020:10:34:48 +0800] "POST /xingrg/kc/base/wldb_order_operate.html HTTP/1.1" 200 12
180.174.56.115 - - [18/Nov/2020:10:34:48 +0800] "POST /xingrg/kc/base/wldb_order_operate.html HTTP/1.1" 200 2188
114.84.37.38 - - [18/Nov/2020:10:34:49 +0800] "GET /xingrg/all/function/internal_message.html?_=1605666900039&CODE_STATE=getMsg HTTP/1.1" 200 27
114.88.166.242 - - [18/Nov/2020:10:34:50 +0800] "GET /xingrg/kc/buy/cgsh_order_add.html HTTP/1.1" 200 60742
114.88.166.242 - - [18/Nov/2020:10:34:50 +0800] "GET /xingrg/javascript/easyui/themes/default/validatebox.css HTTP/1.1" 404 1104
114.88.166.242 - - [18/Nov/2020:10:34:50 +0800] "POST /xingrg/kc/buy/cgsh_order_operate.html HTTP/1.1" 200 8245
180.174.56.115 - - [18/Nov/2020:10:34:51 +0800] "GET /xingrg/kc/base/wldb_order_info.html?code=422020111801970 HTTP/1.1" 200 26467
180.174.56.115 - - [18/Nov/2020:10:34:51 +0800] "GET /xingrg/javascript/easyui/themes/default/validatebox.css HTTP/1.1" 404 1104
180.174.56.115 - - [18/Nov/2020:10:34:51 +0800] "POST /xingrg/kc/base/wldb_order_operate.html HTTP/1.1" 200 483
172.17.0.120 - - [18/Nov/2020:10:34:52 +0800] "GET /xingrg/all/function/internal_message.html?_=1605667036992&CODE_STATE=getMsg HTTP/1.1" 200 27
222.69.138.88 - - [18/Nov/2020:10:34:52 +0800] "GET /xingrg/all/function/internal_message.html?_=1605666888497&CODE_STATE=getMsg HTTP/1.1" 200 27
172.17.0.123 - - [18/Nov/2020:10:34:52 +0800] "GET /xingrg/all/function/internal_message.html?_=1605666833284&CODE_STATE=getMsg HTTP/1.1" 200 27
172.17.0.123 - - [18/Nov/2020:10:34:52 +0800] "GET /xingrg/check_reg.html?_=1605666833286 HTTP/1.1" 200 22
114.88.166.242 - - [18/Nov/2020:10:34:54 +0800] "GET /xingrg/check_reg.html?_=1605667004121 HTTP/1.1" 200 22
114.88.166.242 - - [18/Nov/2020:10:34:54 +0800] "GET /xingrg/all/function/internal_message.html?_=1605667004120&CODE_STATE=getMsg HTTP/1.1" 200 27
114.88.166.242 - - [18/Nov/2020:10:34:55 +0800] "GET /xingrg/kc/buy/cgsh_order_operate.html?command=get_materiel&rest_code=00111&code=00101001019&supplier_code=00100318&order_time=2020-11-18 HTTP/1.1" 200 414
172.16.0.211 - - [18/Nov/2020:10:34:55 +0800] "GET /xingrg/all/function/internal_message.html?_=1605666895305&CODE_STATE=getMsg HTTP/1.1" 200 27
180.162.245.190 - - [18/Nov/2020:10:34:56 +0800] "GET /xingrg/all/function/internal_message.html?_=1605666895087&CODE_STATE=getMsg HTTP/1.1" 200 27
114.88.166.242 - - [18/Nov/2020:10:34:58 +0800] "GET /xingrg/all/function/internal_message.html?_=1605666895228&CODE_STATE=getMsg HTTP/1.1" 200 27
114.88.166.242 - - [18/Nov/2020:10:35:00 +0800] "POST /xingrg/kc/buy/cgsh_order_operate.html HTTP/1.1" 200 37
114.88.166.242 - - [18/Nov/2020:10:35:01 +0800] "POST /xingrg/kc/buy/cgsh_order_operate.html HTTP/1.1" 200 2661
114.88.166.242 - - [18/Nov/2020:10:35:02 +0800] "GET /xingrg/kc/print/load_data.html?order_code=212020111806990&kc_code=cgsh&condition= HTTP/1.1" 200 680
114.84.145.85 - - [18/Nov/2020:10:35:06 +0800] "GET /xingrg/all/function/internal_message.html?_=1605666900613&CODE_STATE=getMsg HTTP/1.1" 200 27
114.88.166.242 - - [18/Nov/2020:10:35:07 +0800] "GET /xingrg/kc/buy/cgsh_order_add.html HTTP/1.1" 200 60742
114.88.166.242 - - [18/Nov/2020:10:35:07 +0800] "POST /xingrg/kc/buy/cgsh_order_operate.html HTTP/1.1" 200 8245
114.88.166.242 - - [18/Nov/2020:10:35:07 +0800] "GET /xingrg/javascript/easyui/themes/default/validatebox.css HTTP/1.1" 404 1104
116.228.172.94 - - [18/Nov/2020:10:35:10 +0800] "GET /xingrg/all/function/internal_message.html?_=1605666905660&CODE_STATE=getMsg HTTP/1.1" 200 27
101.85.228.137 - - [18/Nov/2020:10:35:12 +0800] "GET /xingrg/javascript/auto/indicator.gif HTTP/1.1" 404 1066
101.85.228.137 - - [18/Nov/2020:10:35:13 +0800] "GET /xingrg/javascript/jquery_tools/images/prev.gif HTTP/1.1" 404 1086
101.85.228.137 - - [18/Nov/2020:10:35:13 +0800] "GET /xingrg/javascript/jquery_tools/images/next.gif HTTP/1.1" 404 1086
180.174.56.115 - - [18/Nov/2020:10:35:14 +0800] "GET /xingrg/check_reg.html?_=1605666912556 HTTP/1.1" 200 22
180.174.56.115 - - [18/Nov/2020:10:35:14 +0800] "GET /xingrg/all/function/internal_message.html?_=1605666912563&CODE_STATE=getMsg HTTP/1.1" 200 27
114.88.166.242 - - [18/Nov/2020:10:35:14 +0800] "GET /xingrg/kc/buy/cgsh_order_operate.html?command=get_materiel&rest_code=00111&code=00101004046&supplier_code=00100312&order_time=2020-11-18 HTTP/1.1" 200 417
101.85.228.137 - - [18/Nov/2020:10:35:17 +0800] "GET /xingrg/kc/buy/cgsh_order_operate.html?command=get_materiel&rest_code=00102&code=00101008219&supplier_code=00100008&order_time=2020-11-18 HTTP/1.1" 200 414
114.88.166.242 - - [18/Nov/2020:10:35:22 +0800] "GET /xingrg/kc/buy/cgsh_order_operate.html?command=get_materiel&rest_code=00111&code=00101004067&supplier_code=00100312&order_time=2020-11-18 HTTP/1.1" 200 413
101.85.228.137 - - [18/Nov/2020:10:35:23 +0800] "GET /xingrg/kc/buy/cgsh_order_operate.html?command=get_materiel&rest_code=00102&code=00101008185&supplier_code=00100008&order_time=2020-11-18 HTTP/1.1" 200 408
101.85.228.137 - - [18/Nov/2020:10:35:25 +0800] "GET /xingrg/all/function/internal_message.html?_=1605666927545&CODE_STATE=getMsg HTTP/1.1" 200 27
114.84.145.85 - - [18/Nov/2020:10:35:26 +0800] "GET /xingrg/check_reg.html?_=1605666920800 HTTP/1.1" 200 22
180.157.253.48 - - [18/Nov/2020:10:35:26 +0800] "POST /xingrg/kc/buy/cgsh_order_operate.html HTTP/1.1" 200 37
180.157.253.48 - - [18/Nov/2020:10:35:28 +0800] "POST /xingrg/kc/buy/cgsh_order_operate.html HTTP/1.1" 200 3844
180.174.56.115 - - [18/Nov/2020:10:35:28 +0800] "GET /xingrg/kc/base/wldb_order_add.html HTTP/1.1" 200 30593
114.88.166.242 - - [18/Nov/2020:10:35:28 +0800] "GET /xingrg/kc/buy/cgsh_order_operate.html?command=get_materiel&rest_code=00111&code=00101004027&supplier_code=00100312&order_time=2020-11-18 HTTP/1.1" 200 409
180.174.56.115 - - [18/Nov/2020:10:35:28 +0800] "POST /xingrg/kc/base/wldb_order_operate.html HTTP/1.1" 200 6806
180.174.56.115 - - [18/Nov/2020:10:35:29 +0800] "GET /xingrg/javascript/easyui/themes/default/validatebox.css HTTP/1.1" 404 1104
120.253.135.82 - - [18/Nov/2020:10:35:29 +0800] "GET /xingrg/all/function/internal_message.html?_=1605666979371&CODE_STATE=getMsg HTTP/1.1" 200 27
101.85.228.137 - - [18/Nov/2020:10:35:29 +0800] "GET /xingrg/kc/buy/cgsh_order_operate.html?command=get_materiel&rest_code=00102&code=00101008351&supplier_code=00100008&order_time=2020-11-18 HTTP/1.1" 200 408
180.157.253.48 - - [18/Nov/2020:10:35:29 +0800] "GET /xingrg/kc/buy/cgsh_order_add.html HTTP/1.1" 200 60748
180.157.253.48 - - [18/Nov/2020:10:35:30 +0800] "POST /xingrg/kc/buy/cgsh_order_operate.html HTTP/1.1" 200 8245
180.157.253.48 - - [18/Nov/2020:10:35:30 +0800] "GET /xingrg/javascript/easyui/themes/default/validatebox.css HTTP/1.1" 404 1104
101.85.228.137 - - [18/Nov/2020:10:35:34 +0800] "GET /xingrg/kc/buy/cgsh_order_operate.html?command=get_materiel&rest_code=00102&code=00101008283&supplier_code=00100008&order_time=2020-11-18 HTTP/1.1" 200 408
101.85.228.137 - - [18/Nov/2020:10:35:34 +0800] "GET /xingrg/all/function/internal_message.html?_=1605667156555&CODE_STATE=getMsg HTTP/1.1" 200 27
114.88.166.242 - - [18/Nov/2020:10:35:35 +0800] "GET /xingrg/kc/buy/cgsh_order_operate.html?command=get_materiel&rest_code=00111&code=00101004030&supplier_code=00100312&order_time=2020-11-18 HTTP/1.1" 200 408
101.85.228.137 - - [18/Nov/2020:10:35:39 +0800] "GET /xingrg/kc/buy/cgsh_order_operate.html?command=get_materiel&rest_code=00102&code=00101008096&supplier_code=00100008&order_time=2020-11-18 HTTP/1.1" 200 412
180.174.56.115 - - [18/Nov/2020:10:35:40 +0800] "GET /xingrg/kc/base/wldb_order_operate.html?command=get_materiel&rest_code=00150&base_code=0010446&code=00102002321 HTTP/1.1" 200 447
114.88.166.242 - - [18/Nov/2020:10:35:41 +0800] "GET /xingrg/kc/buy/cgsh_order_operate.html?command=get_materiel&rest_code=00111&code=00101001029&supplier_code=00100312&order_time=2020-11-18 HTTP/1.1" 200 415
101.85.228.137 - - [18/Nov/2020:10:35:44 +0800] "GET /xingrg/kc/buy/cgsh_order_operate.html?command=get_materiel&rest_code=00102&code=00101008038&supplier_code=00100008&order_time=2020-11-18 HTTP/1.1" 200 412
114.84.145.85 - - [18/Nov/2020:10:35:44 +0800] "GET /xingrg/all/function/internal_message.html?_=1605666532917&CODE_STATE=getMsg HTTP/1.1" 200 27
120.253.135.82 - - [18/Nov/2020:10:35:45 +0800] "GET /xingrg/all/function/internal_message.html?_=1605666691507&CODE_STATE=getMsg HTTP/1.1" 200 27
180.157.253.48 - - [18/Nov/2020:10:35:46 +0800] "GET /xingrg/kc/buy/cgsh_order_operate.html?command=get_materiel&rest_code=00148&code=00101004065&supplier_code=00100086&order_time=2020-11-18 HTTP/1.1" 200 433
180.157.253.48 - - [18/Nov/2020:10:35:47 +0800] "GET /xingrg/check_reg.html?_=1605666948598 HTTP/1.1" 200 22
180.174.56.115 - - [18/Nov/2020:10:35:48 +0800] "POST /xingrg/kc/base/wldb_order_operate.html HTTP/1.1" 200 37
114.88.166.242 - - [18/Nov/2020:10:35:49 +0800] "POST /xingrg/kc/buy/cgsh_order_operate.html HTTP/1.1" 200 37
114.88.166.242 - - [18/Nov/2020:10:35:49 +0800] "POST /xingrg/kc/buy/cgsh_order_operate.html HTTP/1.1" 200 5038
180.174.56.115 - - [18/Nov/2020:10:35:50 +0800] "POST /xingrg/kc/base/wldb_order_operate.html HTTP/1.1" 200 12
180.174.56.115 - - [18/Nov/2020:10:35:50 +0800] "POST /xingrg/kc/base/wldb_order_operate.html HTTP/1.1" 200 2195
114.84.37.38 - - [18/Nov/2020:10:35:50 +0800] "GET /xingrg/all/function/internal_message.html?_=1605666960410&CODE_STATE=getMsg HTTP/1.1" 200 27
101.85.228.137 - - [18/Nov/2020:10:35:50 +0800] "GET /xingrg/kc/buy/cgsh_order_operate.html?command=get_materiel&rest_code=00102&code=00101008355&supplier_code=00100008&order_time=2020-11-18 HTTP/1.1" 200 410
114.88.166.242 - - [18/Nov/2020:10:35:50 +0800] "GET /xingrg/kc/print/load_data.html?order_code=212020111806992&kc_code=cgsh&condition= HTTP/1.1" 200 1593
180.174.56.115 - - [18/Nov/2020:10:35:51 +0800] "GET /xingrg/kc/base/wldb_order_info.html?code=422020111801971 HTTP/1.1" 200 26468
180.174.56.115 - - [18/Nov/2020:10:35:51 +0800] "GET /xingrg/javascript/easyui/themes/default/validatebox.css HTTP/1.1" 404 1104
180.174.56.115 - - [18/Nov/2020:10:35:51 +0800] "POST /xingrg/kc/base/wldb_order_operate.html HTTP/1.1" 200 489
172.17.0.120 - - [18/Nov/2020:10:35:52 +0800] "GET /xingrg/all/function/internal_message.html?_=1605667096990&CODE_STATE=getMsg HTTP/1.1" 200 27
222.69.138.88 - - [18/Nov/2020:10:35:52 +0800] "GET /xingrg/all/function/internal_message.html?_=1605666948466&CODE_STATE=getMsg HTTP/1.1" 200 27
172.17.0.123 - - [18/Nov/2020:10:35:52 +0800] "GET /xingrg/all/function/internal_message.html?_=1605666893288&CODE_STATE=getMsg HTTP/1.1" 200 27
114.88.166.242 - - [18/Nov/2020:10:35:54 +0800] "GET /xingrg/all/function/internal_message.html?_=1605667064124&CODE_STATE=getMsg HTTP/1.1" 200 27
101.85.228.137 - - [18/Nov/2020:10:35:54 +0800] "GET /xingrg/kc/buy/cgsh_order_operate.html?command=get_materiel&rest_code=00102&code=00101008264&supplier_code=00100008&order_time=2020-11-18 HTTP/1.1" 200 412
114.88.166.242 - - [18/Nov/2020:10:35:54 +0800] "GET /xingrg/kc/buy/cgsh_order_add.html HTTP/1.1" 200 60742
114.88.166.242 - - [18/Nov/2020:10:35:55 +0800] "GET /xingrg/javascript/easyui/themes/default/validatebox.css HTTP/1.1" 404 1104
114.88.166.242 - - [18/Nov/2020:10:35:55 +0800] "POST /xingrg/kc/buy/cgsh_order_operate.html HTTP/1.1" 200 8245
172.16.0.211 - - [18/Nov/2020:10:35:55 +0800] "GET /xingrg/all/function/internal_message.html?_=1605666955305&CODE_STATE=getMsg HTTP/1.1" 200 27
172.16.0.211 - - [18/Nov/2020:10:35:55 +0800] "GET /xingrg/check_reg.html?_=1605666955306 HTTP/1.1" 200 22
180.162.245.190 - - [18/Nov/2020:10:35:56 +0800] "GET /xingrg/all/function/internal_message.html?_=1605666955062&CODE_STATE=getMsg HTTP/1.1" 200 27
114.88.166.242 - - [18/Nov/2020:10:35:58 +0800] "GET /xingrg/all/function/internal_message.html?_=1605666955243&CODE_STATE=getMsg HTTP/1.1" 200 27
101.85.228.137 - - [18/Nov/2020:10:35:59 +0800] "GET /xingrg/kc/buy/cgsh_order_operate.html?command=get_materiel&rest_code=00102&code=00101008300&supplier_code=00100008&order_time=2020-11-18 HTTP/1.1" 200 412
172.17.0.185 - - [18/Nov/2020:10:36:02 +0800] "GET /xingrg/check_reg.html?_=1605666960291 HTTP/1.1" 200 22
180.157.253.48 - - [18/Nov/2020:10:36:04 +0800] "POST /xingrg/kc/buy/cgsh_order_operate.html HTTP/1.1" 200 37
101.85.228.137 - - [18/Nov/2020:10:36:04 +0800] "GET /xingrg/kc/buy/cgsh_order_operate.html?command=get_materiel&rest_code=00102&code=00101008272&supplier_code=00100008&order_time=2020-11-18 HTTP/1.1" 200 412
180.157.253.48 - - [18/Nov/2020:10:36:05 +0800] "POST /xingrg/kc/buy/cgsh_order_operate.html HTTP/1.1" 200 2660
114.84.145.85 - - [18/Nov/2020:10:36:06 +0800] "GET /xingrg/all/function/internal_message.html?_=1605666960595&CODE_STATE=getMsg HTTP/1.1" 200 27
101.85.228.137 - - [18/Nov/2020:10:36:10 +0800] "GET /xingrg/kc/buy/cgsh_order_operate.html?command=get_materiel&rest_code=00102&code=00101008270&supplier_code=00100008&order_time=2020-11-18 HTTP/1.1" 200 412
116.228.172.94 - - [18/Nov/2020:10:36:10 +0800] "GET /xingrg/all/function/internal_message.html?_=1605666965645&CODE_STATE=getMsg HTTP/1.1" 200 27
116.233.74.74 - - [18/Nov/2020:10:36:11 +0800] "GET /xingrg/check_reg.html?_=1605666972924 HTTP/1.1" 302 -
180.157.253.48 - - [18/Nov/2020:10:36:11 +0800] "GET /xingrg/kc/buy/cgsh_order_add.html HTTP/1.1" 200 60748
180.157.253.48 - - [18/Nov/2020:10:36:12 +0800] "POST /xingrg/kc/buy/cgsh_order_operate.html HTTP/1.1" 200 8245
180.157.253.48 - - [18/Nov/2020:10:36:12 +0800] "GET /xingrg/javascript/easyui/themes/default/validatebox.css HTTP/1.1" 404 1104
101.85.228.137 - - [18/Nov/2020:10:36:14 +0800] "GET /xingrg/check_reg.html?_=1605667196098 HTTP/1.1" 200 22
180.174.56.115 - - [18/Nov/2020:10:36:14 +0800] "GET /xingrg/all/function/internal_message.html?_=1605666972551&CODE_STATE=getMsg HTTP/1.1" 200 27
101.85.228.137 - - [18/Nov/2020:10:36:15 +0800] "GET /xingrg/kc/buy/cgsh_order_operate.html?command=get_materiel&rest_code=00102&code=00101008357&supplier_code=00100008&order_time=2020-11-18 HTTP/1.1" 200 408
114.88.166.242 - - [18/Nov/2020:10:36:19 +0800] "GET /xingrg/kc/buy/cgsh_order_operate.html?command=get_materiel&rest_code=00111&code=00101012046&supplier_code=00100347&order_time=2020-11-18 HTTP/1.1" 200 417
101.85.228.137 - - [18/Nov/2020:10:36:21 +0800] "GET /xingrg/kc/buy/cgsh_order_operate.html?command=get_materiel&rest_code=00102&code=00101008286&supplier_code=00100008&order_time=2020-11-18 HTTP/1.1" 200 408
101.85.228.137 - - [18/Nov/2020:10:36:25 +0800] "GET /xingrg/all/function/internal_message.html?_=1605666987561&CODE_STATE=getMsg HTTP/1.1" 200 27
101.85.228.137 - - [18/Nov/2020:10:36:26 +0800] "GET /xingrg/kc/buy/cgsh_order_operate.html?command=get_materiel&rest_code=00102&code=00101008036&supplier_code=00100008&order_time=2020-11-18 HTTP/1.1" 200 408
114.88.166.242 - - [18/Nov/2020:10:36:29 +0800] "GET /xingrg/kc/buy/cgsh_order_operate.html?command=get_materiel&rest_code=00111&code=00101007161&supplier_code=00100347&order_time=2020-11-18 HTTP/1.1" 200 403
120.253.135.82 - - [18/Nov/2020:10:36:29 +0800] "GET /xingrg/all/function/internal_message.html?_=1605667039390&CODE_STATE=getMsg HTTP/1.1" 200 27
180.157.253.48 - - [18/Nov/2020:10:36:31 +0800] "GET /xingrg/kc/buy/cgsh_order_operate.html?command=get_materiel&rest_code=00148&code=00101001115&supplier_code=00100089&order_time=2020-11-18 HTTP/1.1" 200 413
101.85.228.137 - - [18/Nov/2020:10:36:31 +0800] "GET /xingrg/kc/buy/cgsh_order_operate.html?command=get_materiel&rest_code=00102&code=00101008131&supplier_code=00100008&order_time=2020-11-18 HTTP/1.1" 200 408
101.85.228.137 - - [18/Nov/2020:10:36:34 +0800] "GET /xingrg/all/function/internal_message.html?_=1605667216571&CODE_STATE=getMsg HTTP/1.1" 200 27
114.84.145.85 - - [18/Nov/2020:10:36:35 +0800] "POST /xingrg/services/DataTransmitService HTTP/1.1" 200 524
114.88.166.242 - - [18/Nov/2020:10:36:38 +0800] "GET /xingrg/kc/buy/cgsh_order_operate.html?command=get_materiel&rest_code=00111&code=00101007165&supplier_code=00100347&order_time=2020-11-18 HTTP/1.1" 200 419
114.84.145.85 - - [18/Nov/2020:10:36:44 +0800] "GET /xingrg/all/function/internal_message.html?_=1605666592915&CODE_STATE=getMsg HTTP/1.1" 200 27
114.84.145.85 - - [18/Nov/2020:10:36:44 +0800] "GET /xingrg/check_reg.html?_=1605666592917 HTTP/1.1" 200 22
120.253.135.82 - - [18/Nov/2020:10:36:44 +0800] "GET /xingrg/check_reg.html?_=1605666751396 HTTP/1.1" 200 22
120.253.135.82 - - [18/Nov/2020:10:36:45 +0800] "GET /xingrg/all/function/internal_message.html?_=1605666751518&CODE_STATE=getMsg HTTP/1.1" 200 27
114.88.166.242 - - [18/Nov/2020:10:36:46 +0800] "GET /xingrg/kc/buy/cgsh_order_operate.html?command=get_materiel&rest_code=00111&code=00101010619&supplier_code=00100347&order_time=2020-11-18 HTTP/1.1" 200 399
101.85.228.137 - - [18/Nov/2020:10:36:46 +0800] "GET /xingrg/kc/buy/cgsh_order_operate.html?command=get_materiel&rest_code=00102&code=00101008352&supplier_code=00100008&order_time=2020-11-18 HTTP/1.1" 200 412
114.84.37.38 - - [18/Nov/2020:10:36:50 +0800] "GET /xingrg/all/function/internal_message.html?_=1605667020424&CODE_STATE=getMsg HTTP/1.1" 200 27
101.85.228.137 - - [18/Nov/2020:10:36:51 +0800] "GET /xingrg/kc/buy/cgsh_order_operate.html?command=get_materiel&rest_code=00102&code=00101008098&supplier_code=00100008&order_time=2020-11-18 HTTP/1.1" 200 412
172.17.0.120 - - [18/Nov/2020:10:36:52 +0800] "GET /xingrg/all/function/internal_message.html?_=1605667156993&CODE_STATE=getMsg HTTP/1.1" 200 27
172.17.0.120 - - [18/Nov/2020:10:36:52 +0800] "GET /xingrg/check_reg.html?_=1605667156997 HTTP/1.1" 200 22
222.69.138.88 - - [18/Nov/2020:10:36:52 +0800] "GET /xingrg/all/function/internal_message.html?_=1605667008449&CODE_STATE=getMsg HTTP/1.1" 200 27
172.17.0.123 - - [18/Nov/2020:10:36:52 +0800] "GET /xingrg/all/function/internal_message.html?_=1605666953276&CODE_STATE=getMsg HTTP/1.1" 200 27
114.88.166.242 - - [18/Nov/2020:10:36:53 +0800] "GET /xingrg/kc/buy/cgsh_order_operate.html?command=get_materiel&rest_code=00111&code=00101010618&supplier_code=00100347&order_time=2020-11-18 HTTP/1.1" 200 400
114.88.166.242 - - [18/Nov/2020:10:36:54 +0800] "GET /xingrg/all/function/internal_message.html?_=1605667124121&CODE_STATE=getMsg HTTP/1.1" 200 27
172.16.0.211 - - [18/Nov/2020:10:36:55 +0800] "GET /xingrg/all/function/internal_message.html?_=1605667015302&CODE_STATE=getMsg HTTP/1.1" 200 27
180.157.253.48 - - [18/Nov/2020:10:36:56 +0800] "POST /xingrg/kc/buy/cgsh_order_operate.html HTTP/1.1" 200 37
101.85.52.2 - - [18/Nov/2020:10:36:56 +0800] "GET /xingrg/login.html HTTP/1.1" 200 7641
180.162.245.190 - - [18/Nov/2020:10:36:56 +0800] "GET /xingrg/all/function/internal_message.html?_=1605667015030&CODE_STATE=getMsg HTTP/1.1" 200 27
180.162.245.190 - - [18/Nov/2020:10:36:56 +0800] "GET /xingrg/check_reg.html?_=1605667015452 HTTP/1.1" 200 22
101.85.228.137 - - [18/Nov/2020:10:36:56 +0800] "GET /xingrg/kc/buy/cgsh_order_operate.html?command=get_materiel&rest_code=00102&code=00101008005&supplier_code=00100008&order_time=2020-11-18 HTTP/1.1" 200 412
180.157.253.48 - - [18/Nov/2020:10:36:57 +0800] "POST /xingrg/kc/buy/cgsh_order_operate.html HTTP/1.1" 200 2659
114.88.166.242 - - [18/Nov/2020:10:36:58 +0800] "GET /xingrg/all/function/internal_message.html?_=1605667015310&CODE_STATE=getMsg HTTP/1.1" 200 27
101.85.52.2 - - [18/Nov/2020:10:36:58 +0800] "GET /favicon.ico HTTP/1.1" 404 -
180.157.253.48 - - [18/Nov/2020:10:37:00 +0800] "GET /xingrg/kc/buy/cgsh_order_add.html HTTP/1.1" 200 60748
180.157.253.48 - - [18/Nov/2020:10:37:00 +0800] "POST /xingrg/kc/buy/cgsh_order_operate.html HTTP/1.1" 200 8245
180.157.253.48 - - [18/Nov/2020:10:37:00 +0800] "GET /xingrg/javascript/easyui/themes/default/validatebox.css HTTP/1.1" 404 1104
101.85.228.137 - - [18/Nov/2020:10:37:02 +0800] "GET /xingrg/kc/buy/cgsh_order_operate.html?command=get_materiel&rest_code=00102&code=00101008271&supplier_code=00100008&order_time=2020-11-18 HTTP/1.1" 200 408
101.85.228.137 - - [18/Nov/2020:10:37:04 +0800] "POST /xingrg/kc/buy/cgsh_order_operate.html HTTP/1.1" 200 2065
114.84.145.85 - - [18/Nov/2020:10:37:06 +0800] "GET /xingrg/all/function/internal_message.html?_=1605667020571&CODE_STATE=getMsg HTTP/1.1" 200 27
101.85.228.137 - - [18/Nov/2020:10:37:06 +0800] "GET /xingrg/kc/buy/cgsh_order_operate.html?command=get_materiel&rest_code=00102&code=00101019224&supplier_code=00100008&order_time=2020-11-18 HTTP/1.1" 200 408
114.88.166.242 - - [18/Nov/2020:10:37:09 +0800] "GET /xingrg/kc/buy/cgsh_order_operate.html?command=get_materiel&rest_code=00111&code=00101003003&supplier_code=00100347&order_time=2020-11-18 HTTP/1.1" 200 414
116.228.172.94 - - [18/Nov/2020:10:37:10 +0800] "GET /xingrg/all/function/internal_message.html?_=1605667025628&CODE_STATE=getMsg HTTP/1.1" 200 27
101.85.228.137 - - [18/Nov/2020:10:37:11 +0800] "GET /xingrg/kc/buy/cgsh_order_operate.html?command=get_materiel&rest_code=00102&code=00101008010&supplier_code=00100008&order_time=2020-11-18 HTTP/1.1" 200 412
180.174.56.115 - - [18/Nov/2020:10:37:14 +0800] "GET /xingrg/all/function/internal_message.html?_=1605667032557&CODE_STATE=getMsg HTTP/1.1" 200 27
101.85.228.137 - - [18/Nov/2020:10:37:16 +0800] "GET /xingrg/kc/buy/cgsh_order_operate.html?command=get_materiel&rest_code=00102&code=00102003383&supplier_code=00100008&order_time=2020-11-18 HTTP/1.1" 200 412
