114.88.166.242 - - [18/Nov/2020:09:19:33 +0800] "GET /xingrg/kc/buy/cgsh_order_operate.html?command=get_materiel&rest_code=00111&code=00101008305&supplier_code=00100005&order_time=2020-11-18 HTTP/1.1" 200 412
101.85.228.137 - - [18/Nov/2020:09:19:33 +0800] "GET /xingrg/javascript/easyui/themes/default/validatebox.css HTTP/1.1" 404 1104
101.85.228.137 - - [18/Nov/2020:09:19:33 +0800] "GET /xingrg/javascript/easyui/themes/default/tree.css HTTP/1.1" 404 1090
101.85.228.137 - - [18/Nov/2020:09:19:34 +0800] "POST /xingrg/all/common/load_tree.html?tree=supplier_tree_json&isDelete=1 HTTP/1.1" 200 51980
114.84.37.38 - - [18/Nov/2020:09:19:36 +0800] "GET /xingrg/kc/buy/cgsh_order_operate.html?command=get_materiel&rest_code=00146&code=00101015074&supplier_code=00100005&order_time=2020-11-18 HTTP/1.1" 200 408
180.157.253.48 - - [18/Nov/2020:09:19:37 +0800] "GET /xingrg/kc/buy/cgsh_order_operate.html?command=get_materiel&rest_code=00148&code=00101006129&supplier_code=00100010&order_time=2020-11-18 HTTP/1.1" 200 431
180.157.253.48 - - [18/Nov/2020:09:19:37 +0800] "GET /xingrg/all/function/internal_message.html?_=1605662378275&CODE_STATE=getMsg HTTP/1.1" 200 27
172.17.0.100 - - [18/Nov/2020:09:19:37 +0800] "POST /xingrg/kc/buy/cgsh_list_operate.html HTTP/1.1" 200 4
114.88.166.242 - - [18/Nov/2020:09:19:39 +0800] "GET /xingrg/kc/buy/cgsh_order_operate.html?command=get_materiel&rest_code=00111&code=00101008304&supplier_code=00100005&order_time=2020-11-18 HTTP/1.1" 200 412
114.84.37.38 - - [18/Nov/2020:09:19:40 +0800] "GET /xingrg/all/function/internal_message.html?_=1605662390407&CODE_STATE=getMsg HTTP/1.1" 200 27
172.17.0.100 - - [18/Nov/2020:09:19:41 +0800] "POST /xingrg/kc/buy/cgsh_list_operate.html HTTP/1.1" 200 5140
114.84.145.85 - - [18/Nov/2020:09:19:44 +0800] "GET /xingrg/all/function/internal_message.html?_=1605661972779&CODE_STATE=getMsg HTTP/1.1" 200 27
114.88.166.242 - - [18/Nov/2020:09:19:45 +0800] "GET /xingrg/kc/buy/cgsh_order_operate.html?command=get_materiel&rest_code=00111&code=00101008283&supplier_code=00100005&order_time=2020-11-18 HTTP/1.1" 200 408
114.88.166.242 - - [18/Nov/2020:09:19:47 +0800] "POST /xingrg/kc/buy/cgsh_order_operate.html HTTP/1.1" 200 2065
114.88.166.242 - - [18/Nov/2020:09:19:49 +0800] "GET /xingrg/all/function/internal_message.html?_=1605662499071&CODE_STATE=getMsg HTTP/1.1" 200 27
180.174.56.115 - - [18/Nov/2020:09:19:49 +0800] "GET /xingrg/javascript/auto/indicator.gif HTTP/1.1" 404 1066
61.151.178.236 - - [18/Nov/2020:09:19:50 +0800] "GET /xingrg/all/function/internal_message.html?_=1605661682609&CODE_STATE=getMsg HTTP/1.1" 302 -
114.88.166.242 - - [18/Nov/2020:09:19:51 +0800] "GET /xingrg/kc/buy/cgsh_order_operate.html?command=get_materiel&rest_code=00111&code=00101008010&supplier_code=00100005&order_time=2020-11-18 HTTP/1.1" 200 412
180.174.56.115 - - [18/Nov/2020:09:19:52 +0800] "GET /xingrg/kc/buy/cgsh_order_operate.html?command=get_materiel&rest_code=00150&code=00101008360&supplier_code=00100007&order_time=2020-11-18 HTTP/1.1" 200 413
172.17.0.123 - - [18/Nov/2020:09:19:52 +0800] "POST /xingrg/login.do HTTP/1.1" 302 -
172.17.0.123 - - [18/Nov/2020:09:19:52 +0800] "GET /xingrg/index.html?sysBaseUrl=http%3A%2F%2F172.17.0.8%3A18081%2Fxingrg%2F&costTime=41×tamp=1605662392500 HTTP/1.1" 200 17448
172.17.0.123 - - [18/Nov/2020:09:19:52 +0800] "GET /favicon.ico HTTP/1.1" 404 -
172.17.0.123 - - [18/Nov/2020:09:19:52 +0800] "POST /xingrg/all/common/load_tree.html?tree=area_rest_tree_json&manage=1 HTTP/1.1" 200 3350
172.17.0.123 - - [18/Nov/2020:09:19:52 +0800] "GET /xingrg/all/function/internal_message.html?_=1605662333272&CODE_STATE=count HTTP/1.1" 200 11
172.17.0.123 - - [18/Nov/2020:09:19:52 +0800] "GET /xingrg/check_reg.html?_=1605662333273 HTTP/1.1" 200 22
172.17.0.123 - - [18/Nov/2020:09:19:52 +0800] "POST /xingrg/load_menu.html HTTP/1.1" 200 11529
222.69.138.88 - - [18/Nov/2020:09:19:53 +0800] "GET /xingrg/all/function/internal_message.html?_=1605662389987&CODE_STATE=getMsg HTTP/1.1" 200 27
114.86.224.23 - - [18/Nov/2020:09:19:55 +0800] "GET /xingrg/all/function/internal_message.html?_=1605662413531&CODE_STATE=getMsg HTTP/1.1" 200 27
61.151.178.236 - - [18/Nov/2020:09:19:55 +0800] "GET /xingrg/login.html HTTP/1.1" 200 7641
114.88.166.242 - - [18/Nov/2020:09:19:55 +0800] "GET /xingrg/all/function/internal_message.html?_=1605662392805&CODE_STATE=getMsg HTTP/1.1" 200 27
180.162.245.190 - - [18/Nov/2020:09:19:56 +0800] "GET /xingrg/all/function/internal_message.html?_=1605662395368&CODE_STATE=getMsg HTTP/1.1" 200 27
172.17.0.100 - - [18/Nov/2020:09:19:58 +0800] "POST /xingrg/kc/buy/cgsh_list_operate.html HTTP/1.1" 200 4
101.85.228.137 - - [18/Nov/2020:09:20:01 +0800] "GET /xingrg/kc/buy/cgsh_order_operate.html?command=get_materiel&rest_code=00102&code=00101015040&supplier_code=00100054&order_time=2020-11-18 HTTP/1.1" 200 408
222.69.138.88 - - [18/Nov/2020:09:20:07 +0800] "POST /xingrg/services/DataTransmitService HTTP/1.1" 200 501
172.17.0.100 - - [18/Nov/2020:09:20:07 +0800] "POST /xingrg/kc/buy/cgsh_list_operate.html HTTP/1.1" 200 2778
180.157.253.48 - - [18/Nov/2020:09:20:08 +0800] "GET /xingrg/kc/buy/cgsh_order_operate.html?command=get_materiel&rest_code=00148&code=00101006130&supplier_code=00100010&order_time=2020-11-18 HTTP/1.1" 200 427
222.69.138.88 - - [18/Nov/2020:09:20:08 +0800] "POST /xingrg/services/DataTransmitService HTTP/1.1" 200 501
114.84.145.85 - - [18/Nov/2020:09:20:08 +0800] "GET /xingrg/all/function/internal_message.html?_=1605662402344&CODE_STATE=getMsg HTTP/1.1" 200 27
180.162.245.190 - - [18/Nov/2020:09:20:09 +0800] "POST /xingrg/kc/buy/cgsh_order_operate.html HTTP/1.1" 200 37
180.162.245.190 - - [18/Nov/2020:09:20:10 +0800] "POST /xingrg/kc/buy/cgsh_order_operate.html HTTP/1.1" 200 45227
114.88.166.242 - - [18/Nov/2020:09:20:10 +0800] "GET /xingrg/kc/buy/cgsh_order_operate.html?command=get_materiel&rest_code=00111&code=00101008114&supplier_code=00100005&order_time=2020-11-18 HTTP/1.1" 200 413
101.85.228.137 - - [18/Nov/2020:09:20:10 +0800] "GET /xingrg/kc/buy/cgsh_order_operate.html?command=get_materiel&rest_code=00102&code=00101015057&supplier_code=00100054&order_time=2020-11-18 HTTP/1.1" 200 408
180.162.245.190 - - [18/Nov/2020:09:20:11 +0800] "GET /xingrg/kc/buy/cgsh_order_add.html HTTP/1.1" 200 60789
116.228.172.94 - - [18/Nov/2020:09:20:11 +0800] "GET /xingrg/all/function/internal_message.html?_=1605662405955&CODE_STATE=getMsg HTTP/1.1" 200 27
172.17.0.100 - - [18/Nov/2020:09:20:11 +0800] "GET /xingrg/all/function/internal_message.html?_=1605662411825&CODE_STATE=getMsg HTTP/1.1" 200 27
180.162.245.190 - - [18/Nov/2020:09:20:11 +0800] "POST /xingrg/kc/buy/cgsh_order_operate.html HTTP/1.1" 200 8245
180.162.245.190 - - [18/Nov/2020:09:20:11 +0800] "GET /xingrg/javascript/easyui/themes/default/validatebox.css HTTP/1.1" 404 1104
114.84.37.38 - - [18/Nov/2020:09:20:12 +0800] "GET /xingrg/kc/buy/cgsh_order_operate.html?command=get_materiel&rest_code=00146&code=00101008230&supplier_code=00100005&order_time=2020-11-18 HTTP/1.1" 200 408
114.88.166.242 - - [18/Nov/2020:09:20:16 +0800] "GET /xingrg/kc/buy/cgsh_order_operate.html?command=get_materiel&rest_code=00111&code=00101008168&supplier_code=00100005&order_time=2020-11-18 HTTP/1.1" 200 412
101.85.228.137 - - [18/Nov/2020:09:20:17 +0800] "GET /xingrg/kc/buy/cgsh_order_operate.html?command=get_materiel&rest_code=00102&code=00101015029&supplier_code=00100054&order_time=2020-11-18 HTTP/1.1" 200 412
114.88.166.242 - - [18/Nov/2020:09:20:19 +0800] "POST /xingrg/kc/buy/cgsh_order_operate.html HTTP/1.1" 200 2065
101.85.228.137 - - [18/Nov/2020:09:20:21 +0800] "GET /xingrg/all/function/internal_message.html?_=1605662643114&CODE_STATE=getMsg HTTP/1.1" 200 27
114.84.37.38 - - [18/Nov/2020:09:20:23 +0800] "GET /xingrg/kc/buy/cgsh_order_operate.html?command=get_materiel&rest_code=00146&code=00101008114&supplier_code=00100005&order_time=2020-11-18 HTTP/1.1" 200 413
114.88.166.242 - - [18/Nov/2020:09:20:23 +0800] "GET /xingrg/kc/buy/cgsh_order_operate.html?command=get_materiel&rest_code=00111&code=00101008165&supplier_code=00100005&order_time=2020-11-18 HTTP/1.1" 200 416
180.174.56.115 - - [18/Nov/2020:09:20:24 +0800] "GET /xingrg/all/function/internal_message.html?_=1605662422411&CODE_STATE=getMsg HTTP/1.1" 200 27
222.69.138.88 - - [18/Nov/2020:09:20:25 +0800] "POST /xingrg/services/DataTransmitService HTTP/1.1" 200 501
114.84.37.38 - - [18/Nov/2020:09:20:26 +0800] "POST /xingrg/kc/buy/cgsh_order_operate.html HTTP/1.1" 200 2065
101.85.228.137 - - [18/Nov/2020:09:20:26 +0800] "GET /xingrg/kc/buy/cgsh_order_operate.html?command=get_materiel&rest_code=00102&code=00101015042&supplier_code=00100054&order_time=2020-11-18 HTTP/1.1" 200 408
114.84.145.85 - - [18/Nov/2020:09:20:27 +0800] "GET /xingrg/check_reg.html?_=1605662420924 HTTP/1.1" 200 22
180.162.245.190 - - [18/Nov/2020:09:20:33 +0800] "GET /xingrg/kc/buy/cgsh_order_operate.html?command=get_materiel&rest_code=00105&code=00101007081&supplier_code=00100002&order_time=2020-11-18 HTTP/1.1" 200 413
114.88.166.242 - - [18/Nov/2020:09:20:34 +0800] "GET /xingrg/kc/buy/cgsh_order_operate.html?command=get_materiel&rest_code=00111&code=00101008288&supplier_code=00100005&order_time=2020-11-18 HTTP/1.1" 200 408
114.84.37.38 - - [18/Nov/2020:09:20:35 +0800] "GET /xingrg/kc/buy/cgsh_order_operate.html?command=get_materiel&rest_code=00146&code=00101008350&supplier_code=00100005&order_time=2020-11-18 HTTP/1.1" 200 408
101.85.228.137 - - [18/Nov/2020:09:20:36 +0800] "GET /xingrg/kc/buy/cgsh_order_operate.html?command=get_materiel&rest_code=00102&code=00101015037&supplier_code=00100054&order_time=2020-11-18 HTTP/1.1" 200 412
180.157.253.48 - - [18/Nov/2020:09:20:37 +0800] "GET /xingrg/all/function/internal_message.html?_=1605662438270&CODE_STATE=getMsg HTTP/1.1" 200 27
172.17.0.100 - - [18/Nov/2020:09:20:39 +0800] "POST /xingrg/kc/buy/cgsh_list_operate.html HTTP/1.1" 200 4
114.84.37.38 - - [18/Nov/2020:09:20:40 +0800] "GET /xingrg/all/function/internal_message.html?_=1605662450421&CODE_STATE=getMsg HTTP/1.1" 200 27
222.69.138.88 - - [18/Nov/2020:09:20:42 +0800] "POST /xingrg/services/DataTransmitService HTTP/1.1" 200 501
180.174.56.115 - - [18/Nov/2020:09:20:42 +0800] "POST /xingrg/services/DataTransmitService HTTP/1.1" 200 524
172.17.0.100 - - [18/Nov/2020:09:20:43 +0800] "POST /xingrg/kc/buy/cgsh_list_operate.html HTTP/1.1" 200 876
114.84.37.38 - - [18/Nov/2020:09:20:43 +0800] "GET /xingrg/kc/buy/cgsh_order_operate.html?command=get_materiel&rest_code=00146&code=00101008223&supplier_code=00100005&order_time=2020-11-18 HTTP/1.1" 200 412
114.84.145.85 - - [18/Nov/2020:09:20:44 +0800] "GET /xingrg/all/function/internal_message.html?_=1605662032780&CODE_STATE=getMsg HTTP/1.1" 200 27
222.69.138.88 - - [18/Nov/2020:09:20:45 +0800] "POST /xingrg/services/DataTransmitService HTTP/1.1" 200 501
222.69.138.88 - - [18/Nov/2020:09:20:46 +0800] "POST /xingrg/services/DataTransmitService HTTP/1.1" 200 501
180.162.245.190 - - [18/Nov/2020:09:20:46 +0800] "GET /xingrg/kc/buy/cgsh_order_operate.html?command=get_materiel&rest_code=00105&code=00101007061&supplier_code=00100002&order_time=2020-11-18 HTTP/1.1" 200 409
114.88.166.242 - - [18/Nov/2020:09:20:49 +0800] "GET /xingrg/kc/buy/cgsh_order_operate.html?command=get_materiel&rest_code=00111&code=00101008223&supplier_code=00100005&order_time=2020-11-18 HTTP/1.1" 200 412
114.88.166.242 - - [18/Nov/2020:09:20:49 +0800] "GET /xingrg/all/function/internal_message.html?_=1605662559009&CODE_STATE=getMsg HTTP/1.1" 200 27
114.88.166.242 - - [18/Nov/2020:09:20:51 +0800] "POST /xingrg/kc/buy/cgsh_order_operate.html HTTP/1.1" 200 2065
172.17.0.123 - - [18/Nov/2020:09:20:52 +0800] "GET /xingrg/all/function/internal_message.html?_=1605662393291&CODE_STATE=getMsg HTTP/1.1" 200 27
222.69.138.88 - - [18/Nov/2020:09:20:53 +0800] "GET /xingrg/all/function/internal_message.html?_=1605662449970&CODE_STATE=getMsg HTTP/1.1" 200 27
222.69.138.88 - - [18/Nov/2020:09:20:54 +0800] "POST /xingrg/services/DataTransmitService HTTP/1.1" 200 501
114.86.224.23 - - [18/Nov/2020:09:20:55 +0800] "GET /xingrg/all/function/internal_message.html?_=1605662473531&CODE_STATE=getMsg HTTP/1.1" 200 27
114.88.166.242 - - [18/Nov/2020:09:20:55 +0800] "GET /xingrg/all/function/internal_message.html?_=1605662452819&CODE_STATE=getMsg HTTP/1.1" 200 27
180.162.245.190 - - [18/Nov/2020:09:20:56 +0800] "GET /xingrg/all/function/internal_message.html?_=1605662455399&CODE_STATE=getMsg HTTP/1.1" 200 27
222.69.138.88 - - [18/Nov/2020:09:20:57 +0800] "POST /xingrg/services/DataTransmitService HTTP/1.1" 200 501
222.69.138.88 - - [18/Nov/2020:09:20:57 +0800] "POST /xingrg/services/DataTransmitService HTTP/1.1" 200 501
180.157.253.48 - - [18/Nov/2020:09:20:58 +0800] "GET /xingrg/kc/buy/cgsh_order_operate.html?command=get_materiel&rest_code=00148&code=00101006062&supplier_code=00100010&order_time=2020-11-18 HTTP/1.1" 200 409
222.69.138.88 - - [18/Nov/2020:09:21:01 +0800] "POST /xingrg/services/DataTransmitService HTTP/1.1" 200 412
172.17.0.185 - - [18/Nov/2020:09:21:02 +0800] "GET /xingrg/check_reg.html?_=1605662460633 HTTP/1.1" 200 22
180.162.245.190 - - [18/Nov/2020:09:21:08 +0800] "POST /xingrg/kc/buy/cgsh_order_operate.html HTTP/1.1" 200 37
114.84.145.85 - - [18/Nov/2020:09:21:08 +0800] "GET /xingrg/all/function/internal_message.html?_=1605662462317&CODE_STATE=getMsg HTTP/1.1" 200 27
114.84.37.38 - - [18/Nov/2020:09:21:08 +0800] "GET /xingrg/kc/buy/cgsh_order_operate.html?command=get_materiel&rest_code=00146&code=00101008168&supplier_code=00100005&order_time=2020-11-18 HTTP/1.1" 200 412
114.88.166.242 - - [18/Nov/2020:09:21:09 +0800] "GET /xingrg/kc/buy/cgsh_order_operate.html?command=get_materiel&rest_code=00111&code=00101008061&supplier_code=00100005&order_time=2020-11-18 HTTP/1.1" 200 422
180.162.245.190 - - [18/Nov/2020:09:21:09 +0800] "POST /xingrg/kc/buy/cgsh_order_operate.html HTTP/1.1" 200 3244
180.162.245.190 - - [18/Nov/2020:09:21:10 +0800] "GET /xingrg/kc/print/load_data.html?order_code=212020111806908&kc_code=cgsh&condition= HTTP/1.1" 200 966
116.228.172.94 - - [18/Nov/2020:09:21:11 +0800] "GET /xingrg/all/function/internal_message.html?_=1605662465956&CODE_STATE=getMsg HTTP/1.1" 200 27
172.17.0.100 - - [18/Nov/2020:09:21:11 +0800] "GET /xingrg/all/function/internal_message.html?_=1605662471828&CODE_STATE=getMsg HTTP/1.1" 200 27
117.185.32.26 - - [18/Nov/2020:09:21:11 +0800] "POST /xingrg/services/DataTransmitService HTTP/1.1" 200 524
101.85.228.137 - - [18/Nov/2020:09:21:12 +0800] "GET /xingrg/check_reg.html?_=1605662694524 HTTP/1.1" 200 22
172.17.0.100 - - [18/Nov/2020:09:21:15 +0800] "GET /xingrg/kc/base/wldb_order_list.html HTTP/1.1" 200 19404
172.17.0.100 - - [18/Nov/2020:09:21:16 +0800] "POST /xingrg/kc/base/wldb_list_operate.html HTTP/1.1" 200 928
114.88.166.242 - - [18/Nov/2020:09:21:16 +0800] "GET /xingrg/kc/buy/cgsh_order_operate.html?command=get_materiel&rest_code=00111&code=00101008095&supplier_code=00100005&order_time=2020-11-18 HTTP/1.1" 200 413
114.88.166.242 - - [18/Nov/2020:09:21:20 +0800] "POST /xingrg/kc/buy/cgsh_order_operate.html HTTP/1.1" 200 2065
101.85.228.137 - - [18/Nov/2020:09:21:21 +0800] "GET /xingrg/all/function/internal_message.html?_=1605662703118&CODE_STATE=getMsg HTTP/1.1" 200 27
114.84.37.38 - - [18/Nov/2020:09:21:22 +0800] "GET /xingrg/kc/buy/cgsh_order_operate.html?command=get_materiel&rest_code=00146&code=00101008323&supplier_code=00100005&order_time=2020-11-18 HTTP/1.1" 200 408
180.157.253.48 - - [18/Nov/2020:09:21:24 +0800] "GET /xingrg/kc/buy/cgsh_order_operate.html?command=get_materiel&rest_code=00148&code=00101006055&supplier_code=00100010&order_time=2020-11-18 HTTP/1.1" 200 409
180.174.56.115 - - [18/Nov/2020:09:21:26 +0800] "POST /xingrg/kc/buy/cgsh_order_operate.html HTTP/1.1" 200 37
180.174.56.115 - - [18/Nov/2020:09:21:26 +0800] "POST /xingrg/kc/buy/cgsh_order_operate.html HTTP/1.1" 200 16861
114.88.166.242 - - [18/Nov/2020:09:21:27 +0800] "GET /xingrg/kc/buy/cgsh_order_operate.html?command=get_materiel&rest_code=00111&code=00101008092&supplier_code=00100005&order_time=2020-11-18 HTTP/1.1" 200 412
101.85.228.137 - - [18/Nov/2020:09:21:28 +0800] "POST /xingrg/kc/buy/cgsh_order_operate.html HTTP/1.1" 200 37
101.85.228.137 - - [18/Nov/2020:09:21:30 +0800] "POST /xingrg/kc/buy/cgsh_order_operate.html HTTP/1.1" 200 12
101.85.228.137 - - [18/Nov/2020:09:21:31 +0800] "GET /xingrg/kc/buy/cgsh_order_info.html?code=212020111806909 HTTP/1.1" 200 55600
101.85.228.137 - - [18/Nov/2020:09:21:32 +0800] "GET /xingrg/javascript/easyui/themes/default/validatebox.css HTTP/1.1" 404 1104
101.85.228.137 - - [18/Nov/2020:09:21:33 +0800] "POST /xingrg/kc/buy/cgsh_order_operate.html HTTP/1.1" 200 4123
114.84.37.38 - - [18/Nov/2020:09:21:33 +0800] "GET /xingrg/kc/buy/cgsh_order_operate.html?command=get_materiel&rest_code=00146&code=00101008061&supplier_code=00100005&order_time=2020-11-18 HTTP/1.1" 200 422
101.85.228.137 - - [18/Nov/2020:09:21:35 +0800] "GET /xingrg/kc/print/load_data.html?order_code=212020111806909&kc_code=cgsh&condition= HTTP/1.1" 200 2000
114.88.166.242 - - [18/Nov/2020:09:21:35 +0800] "GET /xingrg/kc/buy/cgsh_order_operate.html?command=get_materiel&rest_code=00111&code=00101008041&supplier_code=00100005&order_time=2020-11-18 HTTP/1.1" 200 408
114.84.37.38 - - [18/Nov/2020:09:21:36 +0800] "POST /xingrg/kc/buy/cgsh_order_operate.html HTTP/1.1" 200 2065
180.157.253.48 - - [18/Nov/2020:09:21:36 +0800] "GET /xingrg/check_reg.html?_=1605662496880 HTTP/1.1" 200 22
180.157.253.48 - - [18/Nov/2020:09:21:37 +0800] "GET /xingrg/all/function/internal_message.html?_=1605662498431&CODE_STATE=getMsg HTTP/1.1" 200 27
180.157.253.48 - - [18/Nov/2020:09:21:38 +0800] "GET /xingrg/kc/buy/cgsh_order_operate.html?command=get_materiel&rest_code=00148&code=00101006065&supplier_code=00100010&order_time=2020-11-18 HTTP/1.1" 200 409
114.84.37.38 - - [18/Nov/2020:09:21:40 +0800] "GET /xingrg/all/function/internal_message.html?_=1605662510435&CODE_STATE=getMsg HTTP/1.1" 200 27
114.88.166.242 - - [18/Nov/2020:09:21:41 +0800] "GET /xingrg/kc/buy/cgsh_order_operate.html?command=get_materiel&rest_code=00111&code=00101009030&supplier_code=00100005&order_time=2020-11-18 HTTP/1.1" 200 412
114.84.145.85 - - [18/Nov/2020:09:21:44 +0800] "GET /xingrg/all/function/internal_message.html?_=1605662092779&CODE_STATE=getMsg HTTP/1.1" 200 27
114.84.145.85 - - [18/Nov/2020:09:21:44 +0800] "GET /xingrg/check_reg.html?_=1605662092781 HTTP/1.1" 200 22
114.88.166.242 - - [18/Nov/2020:09:21:49 +0800] "GET /xingrg/all/function/internal_message.html?_=1605662619108&CODE_STATE=getMsg HTTP/1.1" 200 27
114.88.166.242 - - [18/Nov/2020:09:21:49 +0800] "GET /xingrg/check_reg.html?_=1605662619107 HTTP/1.1" 200 22
114.88.166.242 - - [18/Nov/2020:09:21:51 +0800] "GET /xingrg/kc/buy/cgsh_order_operate.html?command=get_materiel&rest_code=00111&code=00101008137&supplier_code=00100005&order_time=2020-11-18 HTTP/1.1" 200 408
172.17.0.123 - - [18/Nov/2020:09:21:52 +0800] "GET /xingrg/all/function/internal_message.html?_=1605662453283&CODE_STATE=getMsg HTTP/1.1" 200 27
222.69.138.88 - - [18/Nov/2020:09:21:53 +0800] "GET /xingrg/all/function/internal_message.html?_=1605662509952&CODE_STATE=getMsg HTTP/1.1" 200 27
114.88.166.242 - - [18/Nov/2020:09:21:53 +0800] "POST /xingrg/kc/buy/cgsh_order_operate.html HTTP/1.1" 200 2065
114.86.224.23 - - [18/Nov/2020:09:21:55 +0800] "GET /xingrg/all/function/internal_message.html?_=1605662533531&CODE_STATE=getMsg HTTP/1.1" 200 27
114.88.166.242 - - [18/Nov/2020:09:21:55 +0800] "GET /xingrg/all/function/internal_message.html?_=1605662512864&CODE_STATE=getMsg HTTP/1.1" 200 27
180.162.245.190 - - [18/Nov/2020:09:21:56 +0800] "GET /xingrg/all/function/internal_message.html?_=1605662515378&CODE_STATE=getMsg HTTP/1.1" 200 27
180.162.245.190 - - [18/Nov/2020:09:21:56 +0800] "GET /xingrg/check_reg.html?_=1605662515440 HTTP/1.1" 200 22
114.84.37.38 - - [18/Nov/2020:09:21:57 +0800] "GET /xingrg/kc/buy/cgsh_order_operate.html?command=get_materiel&rest_code=00146&code=00101008418&supplier_code=00100005&order_time=2020-11-18 HTTP/1.1" 200 398
180.174.56.115 - - [18/Nov/2020:09:21:59 +0800] "POST /xingrg/kc/buy/cgsh_order_operate.html HTTP/1.1" 200 37
180.157.253.48 - - [18/Nov/2020:09:22:00 +0800] "GET /xingrg/kc/buy/cgsh_order_operate.html?command=get_materiel&rest_code=00148&code=00101006180&supplier_code=00100010&order_time=2020-11-18 HTTP/1.1" 200 423
114.88.166.242 - - [18/Nov/2020:09:22:01 +0800] "GET /xingrg/kc/buy/cgsh_order_operate.html?command=get_materiel&rest_code=00111&code=00101020138&supplier_code=00100005&order_time=2020-11-18 HTTP/1.1" 200 426
180.174.56.115 - - [18/Nov/2020:09:22:01 +0800] "POST /xingrg/kc/buy/cgsh_order_operate.html HTTP/1.1" 200 12
180.174.56.115 - - [18/Nov/2020:09:22:03 +0800] "GET /xingrg/kc/buy/cgsh_order_info.html?code=212020111806877 HTTP/1.1" 200 55569
180.174.56.115 - - [18/Nov/2020:09:22:03 +0800] "GET /xingrg/javascript/easyui/themes/default/validatebox.css HTTP/1.1" 404 1104
180.174.56.115 - - [18/Nov/2020:09:22:03 +0800] "POST /xingrg/kc/buy/cgsh_order_operate.html HTTP/1.1" 200 14799
222.69.138.88 - - [18/Nov/2020:09:22:04 +0800] "GET /xingrg/kc/buy/cgsh_order_add.html HTTP/1.1" 200 60795
222.69.138.88 - - [18/Nov/2020:09:22:04 +0800] "POST /xingrg/kc/buy/cgsh_order_operate.html HTTP/1.1" 200 8245
222.69.138.88 - - [18/Nov/2020:09:22:04 +0800] "GET /xingrg/javascript/easyui/themes/default/validatebox.css HTTP/1.1" 404 1104
180.174.56.115 - - [18/Nov/2020:09:22:05 +0800] "GET /xingrg/kc/print/load_data.html?order_code=212020111806877&kc_code=cgsh&condition= HTTP/1.1" 200 6120
114.84.145.85 - - [18/Nov/2020:09:22:08 +0800] "GET /xingrg/all/function/internal_message.html?_=1605662522293&CODE_STATE=getMsg HTTP/1.1" 200 27
114.84.37.38 - - [18/Nov/2020:09:22:10 +0800] "GET /xingrg/kc/buy/cgsh_order_operate.html?command=get_materiel&rest_code=00146&code=00101009015&supplier_code=00100005&order_time=2020-11-18 HTTP/1.1" 200 417
116.228.172.94 - - [18/Nov/2020:09:22:11 +0800] "GET /xingrg/all/function/internal_message.html?_=1605662525954&CODE_STATE=getMsg HTTP/1.1" 200 27
180.174.56.115 - - [18/Nov/2020:09:22:11 +0800] "POST /xingrg/all/user/operate.html HTTP/1.1" 200 36
172.17.0.100 - - [18/Nov/2020:09:22:11 +0800] "GET /xingrg/check_reg.html?_=1605662531837 HTTP/1.1" 200 22
172.17.0.100 - - [18/Nov/2020:09:22:11 +0800] "GET /xingrg/all/function/internal_message.html?_=1605662531840&CODE_STATE=getMsg HTTP/1.1" 200 27
180.174.56.115 - - [18/Nov/2020:09:22:11 +0800] "GET /xingrg/index.html?sysBaseUrl=http%3A%2F%2F180.169.147.146%3A18081%2Fxingrg%2F&costTime=4725×tamp=1605582200095 HTTP/1.1" 200 17177
180.174.56.115 - - [18/Nov/2020:09:22:11 +0800] "GET /xingrg/javascript/jquery_easy_ui/themes/default/easyui.css HTTP/1.1" 304 -
180.174.56.115 - - [18/Nov/2020:09:22:11 +0800] "GET /xingrg/javascript/jquery_easy_ui/themes/icon.css HTTP/1.1" 304 -
180.174.56.115 - - [18/Nov/2020:09:22:11 +0800] "GET /xingrg/css/form.css HTTP/1.1" 304 -
180.174.56.115 - - [18/Nov/2020:09:22:11 +0800] "GET /xingrg/javascript/jquery-1.4.2.min.js HTTP/1.1" 304 -
180.174.56.115 - - [18/Nov/2020:09:22:11 +0800] "GET /xingrg/javascript/jquery_easy_ui/jquery.easyui.min.js HTTP/1.1" 304 -
180.174.56.115 - - [18/Nov/2020:09:22:11 +0800] "GET /xingrg/javascript/jquery_easy_ui/easyui-lang-zh_CN.js HTTP/1.1" 304 -
180.174.56.115 - - [18/Nov/2020:09:22:11 +0800] "GET /xingrg/javascript/jquery.form.js HTTP/1.1" 304 -
180.174.56.115 - - [18/Nov/2020:09:22:11 +0800] "GET /xingrg/javascript/jquery.utils.js HTTP/1.1" 304 -
180.174.56.115 - - [18/Nov/2020:09:22:11 +0800] "GET /xingrg/javascript/jquery.timers.js HTTP/1.1" 304 -
180.174.56.115 - - [18/Nov/2020:09:22:11 +0800] "GET /xingrg/images/blue/jxLogo.png HTTP/1.1" 304 -
180.174.56.115 - - [18/Nov/2020:09:22:11 +0800] "GET /xingrg/javascript/jquery_easy_ui/themes/icons/settle_new.png HTTP/1.1" 304 -
180.174.56.115 - - [18/Nov/2020:09:22:11 +0800] "GET /xingrg/images/blue/navBackgound.jpg HTTP/1.1" 304 -
180.174.56.115 - - [18/Nov/2020:09:22:11 +0800] "POST /xingrg/all/common/load_tree.html?tree=area_rest_tree_json&manage=1 HTTP/1.1" 200 476
180.174.56.115 - - [18/Nov/2020:09:22:12 +0800] "GET /xingrg/check_reg.html?_=1605662530429 HTTP/1.1" 200 22
180.174.56.115 - - [18/Nov/2020:09:22:12 +0800] "GET /xingrg/all/function/internal_message.html?_=1605662530427&CODE_STATE=count HTTP/1.1" 200 11
180.174.56.115 - - [18/Nov/2020:09:22:12 +0800] "GET /xingrg/javascript/jquery_easy_ui/themes/default/images/panel_tool_collapse.gif HTTP/1.1" 304 -
180.174.56.115 - - [18/Nov/2020:09:22:12 +0800] "GET /xingrg/javascript/jquery_easy_ui/themes/default/images/tabs_leftarrow.png HTTP/1.1" 304 -
180.174.56.115 - - [18/Nov/2020:09:22:12 +0800] "GET /xingrg/images/blue/pingpu.png HTTP/1.1" 304 -
180.174.56.115 - - [18/Nov/2020:09:22:12 +0800] "GET /xingrg/javascript/jquery_easy_ui/themes/default/images/tabs_rightarrow.png HTTP/1.1" 304 -
180.174.56.115 - - [18/Nov/2020:09:22:12 +0800] "POST /xingrg/load_menu.html HTTP/1.1" 200 5138
180.174.56.115 - - [18/Nov/2020:09:22:13 +0800] "GET /xingrg/kc/buy/cgsh_order_list.html HTTP/1.1" 200 45008
114.88.166.242 - - [18/Nov/2020:09:22:15 +0800] "POST /xingrg/kc/buy/cgsh_order_operate.html HTTP/1.1" 200 37
114.88.166.242 - - [18/Nov/2020:09:22:15 +0800] "POST /xingrg/kc/buy/cgsh_order_operate.html HTTP/1.1" 200 46960
222.69.138.88 - - [18/Nov/2020:09:22:16 +0800] "GET /xingrg/kc/buy/cgsh_order_operate.html?command=get_materiel&rest_code=00149&code=00101011003&supplier_code=00100051&order_time=2020-11-18 HTTP/1.1" 200 413
180.157.253.48 - - [18/Nov/2020:09:22:16 +0800] "GET /xingrg/kc/buy/cgsh_order_operate.html?command=get_materiel&rest_code=00148&code=00101006194&supplier_code=00100010&order_time=2020-11-18 HTTP/1.1" 200 413
180.174.56.115 - - [18/Nov/2020:09:22:16 +0800] "POST /xingrg/kc/buy/cgsh_list_operate.html HTTP/1.1" 200 1689
180.174.56.115 - - [18/Nov/2020:09:22:17 +0800] "POST /xingrg/kc/buy/cgsh_list_operate.html HTTP/1.1" 200 553
180.174.56.115 - - [18/Nov/2020:09:22:18 +0800] "GET /xingrg/kc/buy/cgsh_order_add.html HTTP/1.1" 200 60384
180.174.56.115 - - [18/Nov/2020:09:22:19 +0800] "GET /xingrg/javascript/easyui/themes/default/validatebox.css HTTP/1.1" 404 1104
180.174.56.115 - - [18/Nov/2020:09:22:19 +0800] "POST /xingrg/kc/buy/cgsh_order_operate.html HTTP/1.1" 200 8245
172.17.0.101 - - [18/Nov/2020:09:22:20 +0800] "GET /xingrg/check_reg.html?_=1605662581217 HTTP/1.1" 200 22
180.174.56.115 - - [18/Nov/2020:09:22:20 +0800] "GET /xingrg/javascript/auto/indicator.gif HTTP/1.1" 404 1066
101.85.228.137 - - [18/Nov/2020:09:22:21 +0800] "GET /xingrg/all/function/internal_message.html?_=1605662763130&CODE_STATE=getMsg HTTP/1.1" 200 27
222.69.138.88 - - [18/Nov/2020:09:22:22 +0800] "GET /xingrg/kc/buy/cgsh_order_operate.html?command=get_materiel&rest_code=00149&code=00101011005&supplier_code=00100051&order_time=2020-11-18 HTTP/1.1" 200 429
222.69.138.88 - - [18/Nov/2020:09:22:30 +0800] "POST /xingrg/kc/buy/cgsh_order_operate.html HTTP/1.1" 200 37
180.174.56.115 - - [18/Nov/2020:09:22:31 +0800] "GET /xingrg/kc/buy/cgsh_order_operate.html?command=get_materiel&rest_code=00151&code=00101009001&supplier_code=00100424&order_time=2020-11-18 HTTP/1.1" 200 416
222.69.138.88 - - [18/Nov/2020:09:22:33 +0800] "POST /xingrg/kc/buy/cgsh_order_operate.html HTTP/1.1" 200 12
114.84.37.38 - - [18/Nov/2020:09:22:34 +0800] "GET /xingrg/kc/buy/cgsh_order_operate.html?command=get_materiel&rest_code=00146&code=00101015066&supplier_code=00100005&order_time=2020-11-18 HTTP/1.1" 200 413
222.69.138.88 - - [18/Nov/2020:09:22:35 +0800] "GET /xingrg/kc/buy/cgsh_order_info.html?code=212020111806911 HTTP/1.1" 200 55698
222.69.138.88 - - [18/Nov/2020:09:22:35 +0800] "GET /xingrg/javascript/easyui/themes/default/validatebox.css HTTP/1.1" 404 1104
222.69.138.88 - - [18/Nov/2020:09:22:36 +0800] "POST /xingrg/kc/buy/cgsh_order_operate.html HTTP/1.1" 200 1197
222.69.138.88 - - [18/Nov/2020:09:22:37 +0800] "GET /xingrg/kc/print/load_data.html?order_code=212020111806911&kc_code=cgsh&condition= HTTP/1.1" 200 948
114.84.37.38 - - [18/Nov/2020:09:22:37 +0800] "POST /xingrg/kc/buy/cgsh_order_operate.html HTTP/1.1" 200 2065
180.157.253.48 - - [18/Nov/2020:09:22:37 +0800] "GET /xingrg/all/function/internal_message.html?_=1605662558415&CODE_STATE=getMsg HTTP/1.1" 200 27
114.84.37.38 - - [18/Nov/2020:09:22:40 +0800] "GET /xingrg/all/function/internal_message.html?_=1605662570448&CODE_STATE=getMsg HTTP/1.1" 200 27
180.174.56.115 - - [18/Nov/2020:09:22:43 +0800] "GET /xingrg/kc/buy/cgsh_order_operate.html?command=get_materiel&rest_code=00151&code=00101009031&supplier_code=00100424&order_time=2020-11-18 HTTP/1.1" 200 408
180.162.245.190 - - [18/Nov/2020:09:22:43 +0800] "GET /xingrg/kc/buy/cgsh_order_add.html HTTP/1.1" 200 60789
180.162.245.190 - - [18/Nov/2020:09:22:43 +0800] "POST /xingrg/kc/buy/cgsh_order_operate.html HTTP/1.1" 200 8245
180.162.245.190 - - [18/Nov/2020:09:22:43 +0800] "GET /xingrg/javascript/easyui/themes/default/validatebox.css HTTP/1.1" 404 1104
114.84.145.85 - - [18/Nov/2020:09:22:44 +0800] "GET /xingrg/all/function/internal_message.html?_=1605662152779&CODE_STATE=getMsg HTTP/1.1" 200 27
114.84.37.38 - - [18/Nov/2020:09:22:45 +0800] "GET /xingrg/kc/buy/cgsh_order_operate.html?command=get_materiel&rest_code=00146&code=00101008284&supplier_code=00100005&order_time=2020-11-18 HTTP/1.1" 200 412
114.88.166.242 - - [18/Nov/2020:09:22:49 +0800] "GET /xingrg/all/function/internal_message.html?_=1605662679090&CODE_STATE=getMsg HTTP/1.1" 200 27
180.162.245.190 - - [18/Nov/2020:09:22:51 +0800] "GET /xingrg/kc/buy/cgsh_order_operate.html?command=get_materiel&rest_code=00105&code=00101002027&supplier_code=00100397&order_time=2020-11-18 HTTP/1.1" 200 413
172.17.0.123 - - [18/Nov/2020:09:22:52 +0800] "GET /xingrg/all/function/internal_message.html?_=1605662513278&CODE_STATE=getMsg HTTP/1.1" 200 27
222.69.138.88 - - [18/Nov/2020:09:22:53 +0800] "GET /xingrg/all/function/internal_message.html?_=1605662569929&CODE_STATE=getMsg HTTP/1.1" 200 27
114.88.166.242 - - [18/Nov/2020:09:22:55 +0800] "GET /xingrg/all/function/internal_message.html?_=1605662572878&CODE_STATE=getMsg HTTP/1.1" 200 27
180.162.245.190 - - [18/Nov/2020:09:22:56 +0800] "GET /xingrg/all/function/internal_message.html?_=1605662575422&CODE_STATE=getMsg HTTP/1.1" 200 27
114.84.37.38 - - [18/Nov/2020:09:22:57 +0800] "GET /xingrg/kc/buy/cgsh_order_operate.html?command=get_materiel&rest_code=00146&code=00101008509&supplier_code=00100005&order_time=2020-11-18 HTTP/1.1" 200 395
222.69.138.88 - - [18/Nov/2020:09:23:03 +0800] "GET /xingrg/kc/buy/cgsh_order_add.html HTTP/1.1" 200 60795
222.69.138.88 - - [18/Nov/2020:09:23:03 +0800] "POST /xingrg/kc/buy/cgsh_order_operate.html HTTP/1.1" 200 8245
222.69.138.88 - - [18/Nov/2020:09:23:03 +0800] "GET /xingrg/javascript/easyui/themes/default/validatebox.css HTTP/1.1" 404 1104
180.162.245.190 - - [18/Nov/2020:09:23:04 +0800] "GET /xingrg/kc/buy/cgsh_order_operate.html?command=get_materiel&rest_code=00105&code=00101005037&supplier_code=00100397&order_time=2020-11-18 HTTP/1.1" 200 409
114.84.37.38 - - [18/Nov/2020:09:23:05 +0800] "GET /xingrg/kc/buy/cgsh_order_operate.html?command=get_materiel&rest_code=00146&code=00101008324&supplier_code=00100005&order_time=2020-11-18 HTTP/1.1" 200 412
114.84.145.85 - - [18/Nov/2020:09:23:08 +0800] "GET /xingrg/all/function/internal_message.html?_=1605662582267&CODE_STATE=getMsg HTTP/1.1" 200 27
180.162.245.190 - - [18/Nov/2020:09:23:10 +0800] "POST /xingrg/kc/buy/cgsh_order_operate.html HTTP/1.1" 200 37
180.162.245.190 - - [18/Nov/2020:09:23:11 +0800] "POST /xingrg/kc/buy/cgsh_order_operate.html HTTP/1.1" 200 3249
116.228.172.94 - - [18/Nov/2020:09:23:11 +0800] "GET /xingrg/all/function/internal_message.html?_=1605662585959&CODE_STATE=getMsg HTTP/1.1" 200 27
172.17.0.100 - - [18/Nov/2020:09:23:11 +0800] "GET /xingrg/all/function/internal_message.html?_=1605662591838&CODE_STATE=getMsg HTTP/1.1" 200 27
180.174.56.115 - - [18/Nov/2020:09:23:12 +0800] "GET /xingrg/all/function/internal_message.html?_=1605662590437&CODE_STATE=getMsg HTTP/1.1" 200 27
180.162.245.190 - - [18/Nov/2020:09:23:12 +0800] "GET /xingrg/kc/print/load_data.html?order_code=212020111806912&kc_code=cgsh&condition= HTTP/1.1" 200 892
101.85.228.137 - - [18/Nov/2020:09:23:21 +0800] "GET /xingrg/all/function/internal_message.html?_=1605662823564&CODE_STATE=getMsg HTTP/1.1" 200 27
114.84.37.38 - - [18/Nov/2020:09:23:22 +0800] "GET /xingrg/check_reg.html?_=1605662612586 HTTP/1.1" 200 22
114.84.37.38 - - [18/Nov/2020:09:23:23 +0800] "GET /xingrg/kc/buy/cgsh_order_operate.html?command=get_materiel&rest_code=00146&code=00101008102&supplier_code=00100005&order_time=2020-11-18 HTTP/1.1" 200 412
172.17.200.101 - - [18/Nov/2020:09:23:27 +0800] "POST /xingrg/login.do HTTP/1.1" 302 -
172.17.200.101 - - [18/Nov/2020:09:23:27 +0800] "GET /xingrg/index.html?sysBaseUrl=http%3A%2F%2F172.17.0.8%3A18081%2Fxingrg%2F&costTime=41×tamp=1605662607909 HTTP/1.1" 200 17448
114.84.37.38 - - [18/Nov/2020:09:23:30 +0800] "GET /xingrg/kc/buy/cgsh_order_operate.html?command=get_materiel&rest_code=00146&code=00101008123&supplier_code=00100005&order_time=2020-11-18 HTTP/1.1" 200 412
180.162.245.190 - - [18/Nov/2020:09:23:31 +0800] "GET /xingrg/kc/buy/cgsh_order_list.html HTTP/1.1" 200 45004
180.162.245.190 - - [18/Nov/2020:09:23:32 +0800] "POST /xingrg/kc/buy/cgsh_list_operate.html HTTP/1.1" 200 3130
180.162.245.190 - - [18/Nov/2020:09:23:35 +0800] "POST /xingrg/kc/buy/cgsh_list_operate.html HTTP/1.1" 200 573
180.162.245.190 - - [18/Nov/2020:09:23:36 +0800] "GET /xingrg/kc/buy/cgsh_order_info.html?code=212020111806890 HTTP/1.1" 200 60792
180.162.245.190 - - [18/Nov/2020:09:23:36 +0800] "GET /xingrg/javascript/easyui/themes/default/validatebox.css HTTP/1.1" 404 1104
180.162.245.190 - - [18/Nov/2020:09:23:37 +0800] "POST /xingrg/kc/buy/cgsh_order_operate.html HTTP/1.1" 200 45227
180.157.253.48 - - [18/Nov/2020:09:23:37 +0800] "GET /xingrg/all/function/internal_message.html?_=1605662618394&CODE_STATE=getMsg HTTP/1.1" 200 27
114.84.37.38 - - [18/Nov/2020:09:23:39 +0800] "GET /xingrg/kc/buy/cgsh_order_operate.html?command=get_materiel&rest_code=00146&code=00101015044&supplier_code=00100005&order_time=2020-11-18 HTTP/1.1" 200 408
114.84.37.38 - - [18/Nov/2020:09:23:40 +0800] "GET /xingrg/all/function/internal_message.html?_=1605662630461&CODE_STATE=getMsg HTTP/1.1" 200 27
114.84.145.85 - - [18/Nov/2020:09:23:44 +0800] "GET /xingrg/all/function/internal_message.html?_=1605662212804&CODE_STATE=getMsg HTTP/1.1" 200 27
114.84.37.38 - - [18/Nov/2020:09:23:44 +0800] "POST /xingrg/kc/buy/cgsh_order_operate.html HTTP/1.1" 200 2065
114.88.166.242 - - [18/Nov/2020:09:23:49 +0800] "GET /xingrg/all/function/internal_message.html?_=1605662739069&CODE_STATE=getMsg HTTP/1.1" 200 27
114.84.37.38 - - [18/Nov/2020:09:23:51 +0800] "GET /xingrg/kc/buy/cgsh_order_operate.html?command=get_materiel&rest_code=00146&code=00101015061&supplier_code=00100005&order_time=2020-11-18 HTTP/1.1" 200 412
172.17.0.123 - - [18/Nov/2020:09:23:52 +0800] "GET /xingrg/all/function/internal_message.html?_=1605662573281&CODE_STATE=getMsg HTTP/1.1" 200 27
222.69.138.88 - - [18/Nov/2020:09:23:53 +0800] "GET /xingrg/all/function/internal_message.html?_=1605662629914&CODE_STATE=getMsg HTTP/1.1" 200 27
222.69.138.88 - - [18/Nov/2020:09:23:53 +0800] "GET /xingrg/check_reg.html?_=1605662630013 HTTP/1.1" 200 22
114.88.166.242 - - [18/Nov/2020:09:23:55 +0800] "GET /xingrg/all/function/internal_message.html?_=1605662632922&CODE_STATE=getMsg HTTP/1.1" 200 27
180.174.56.115 - - [18/Nov/2020:09:23:56 +0800] "POST /xingrg/kc/buy/cgsh_order_operate.html HTTP/1.1" 200 37
180.162.245.190 - - [18/Nov/2020:09:23:56 +0800] "GET /xingrg/all/function/internal_message.html?_=1605662635407&CODE_STATE=getMsg HTTP/1.1" 200 27
180.174.56.115 - - [18/Nov/2020:09:23:58 +0800] "POST /xingrg/kc/buy/cgsh_order_operate.html HTTP/1.1" 200 12
180.174.56.115 - - [18/Nov/2020:09:23:59 +0800] "GET /xingrg/kc/buy/cgsh_order_info.html?code=212020111806913 HTTP/1.1" 200 55287
180.174.56.115 - - [18/Nov/2020:09:23:59 +0800] "GET /xingrg/javascript/easyui/themes/default/validatebox.css HTTP/1.1" 404 1104
180.174.56.115 - - [18/Nov/2020:09:24:00 +0800] "POST /xingrg/kc/buy/cgsh_order_operate.html HTTP/1.1" 200 1208
180.174.56.115 - - [18/Nov/2020:09:24:02 +0800] "GET /xingrg/kc/print/load_data.html?order_code=212020111806913&kc_code=cgsh&condition= HTTP/1.1" 200 939
114.84.145.85 - - [18/Nov/2020:09:24:08 +0800] "GET /xingrg/all/function/internal_message.html?_=1605662642236&CODE_STATE=getMsg HTTP/1.1" 200 27
180.174.56.115 - - [18/Nov/2020:09:24:09 +0800] "GET /xingrg/kc/buy/cgsh_order_info.html?code=212020111806881 HTTP/1.1" 200 60393
180.174.56.115 - - [18/Nov/2020:09:24:09 +0800] "GET /xingrg/javascript/easyui/themes/default/validatebox.css HTTP/1.1" 404 1104
180.174.56.115 - - [18/Nov/2020:09:24:10 +0800] "POST /xingrg/kc/buy/cgsh_order_operate.html HTTP/1.1" 200 18209
116.228.172.94 - - [18/Nov/2020:09:24:11 +0800] "GET /xingrg/all/function/internal_message.html?_=1605662645958&CODE_STATE=getMsg HTTP/1.1" 200 27
116.228.172.94 - - [18/Nov/2020:09:24:11 +0800] "GET /xingrg/check_reg.html?_=1605662645991 HTTP/1.1" 200 22
172.17.0.100 - - [18/Nov/2020:09:24:11 +0800] "GET /xingrg/all/function/internal_message.html?_=1605662651824&CODE_STATE=getMsg HTTP/1.1" 200 27
180.174.56.115 - - [18/Nov/2020:09:24:12 +0800] "GET /xingrg/all/function/internal_message.html?_=1605662650439&CODE_STATE=getMsg HTTP/1.1" 200 27
114.84.37.38 - - [18/Nov/2020:09:24:15 +0800] "GET /xingrg/kc/buy/cgsh_order_operate.html?command=get_materiel&rest_code=00146&code=00101008041&supplier_code=00100005&order_time=2020-11-18 HTTP/1.1" 200 408
101.85.228.137 - - [18/Nov/2020:09:24:21 +0800] "GET /xingrg/all/function/internal_message.html?_=1605662883578&CODE_STATE=getMsg HTTP/1.1" 200 27
114.88.166.242 - - [18/Nov/2020:09:24:22 +0800] "GET /xingrg/check_reg.html?_=1605662659914 HTTP/1.1" 200 22
114.84.37.38 - - [18/Nov/2020:09:24:25 +0800] "GET /xingrg/kc/buy/cgsh_order_operate.html?command=get_materiel&rest_code=00146&code=00101015062&supplier_code=00100005&order_time=2020-11-18 HTTP/1.1" 200 412
172.17.0.100 - - [18/Nov/2020:09:24:31 +0800] "GET /xingrg/kc/buy/cgsh_order_list.html HTTP/1.1" 200 44990
172.17.0.100 - - [18/Nov/2020:09:24:31 +0800] "POST /xingrg/kc/buy/cgsh_list_operate.html HTTP/1.1" 200 876
172.17.0.100 - - [18/Nov/2020:09:24:34 +0800] "GET /xingrg/javascript/jquery_tools/images/prev.gif HTTP/1.1" 404 1086
172.17.0.100 - - [18/Nov/2020:09:24:34 +0800] "GET /xingrg/javascript/jquery_tools/images/next.gif HTTP/1.1" 404 1086
180.157.253.48 - - [18/Nov/2020:09:24:37 +0800] "GET /xingrg/all/function/internal_message.html?_=1605662678377&CODE_STATE=getMsg HTTP/1.1" 200 27
114.84.37.38 - - [18/Nov/2020:09:24:38 +0800] "GET /xingrg/kc/buy/cgsh_order_operate.html?command=get_materiel&rest_code=00146&code=00101015017&supplier_code=00100005&order_time=2020-11-18 HTTP/1.1" 200 412
114.84.37.38 - - [18/Nov/2020:09:24:40 +0800] "GET /xingrg/all/function/internal_message.html?_=1605662690476&CODE_STATE=getMsg HTTP/1.1" 200 27
114.84.145.85 - - [18/Nov/2020:09:24:44 +0800] "GET /xingrg/all/function/internal_message.html?_=1605662272818&CODE_STATE=getMsg HTTP/1.1" 200 27
114.84.37.38 - - [18/Nov/2020:09:24:44 +0800] "POST /xingrg/kc/buy/cgsh_order_operate.html HTTP/1.1" 200 2065
172.17.0.100 - - [18/Nov/2020:09:24:44 +0800] "GET /xingrg/javascript/auto/indicator.gif HTTP/1.1" 404 1066
172.17.0.100 - - [18/Nov/2020:09:24:48 +0800] "POST /xingrg/kc/buy/cgsh_list_operate.html HTTP/1.1" 200 3187
114.88.166.242 - - [18/Nov/2020:09:24:49 +0800] "GET /xingrg/all/function/internal_message.html?_=1605662799048&CODE_STATE=getMsg HTTP/1.1" 200 27
172.17.0.100 - - [18/Nov/2020:09:24:51 +0800] "POST /xingrg/kc/buy/cgsh_list_operate.html HTTP/1.1" 200 573
172.17.0.123 - - [18/Nov/2020:09:24:52 +0800] "GET /xingrg/check_reg.html?_=1605662633285 HTTP/1.1" 200 22
172.17.0.123 - - [18/Nov/2020:09:24:52 +0800] "GET /xingrg/all/function/internal_message.html?_=1605662633286&CODE_STATE=getMsg HTTP/1.1" 200 27
222.69.138.88 - - [18/Nov/2020:09:24:53 +0800] "GET /xingrg/all/function/internal_message.html?_=1605662689892&CODE_STATE=getMsg HTTP/1.1" 200 27
172.17.0.100 - - [18/Nov/2020:09:24:53 +0800] "GET /xingrg/kc/buy/cgsh_order_info.html?code=212020110501958 HTTP/1.1" 200 55573
172.17.0.100 - - [18/Nov/2020:09:24:53 +0800] "GET /xingrg/words/20201117165825_words.js HTTP/1.1" 304 -
172.17.0.100 - - [18/Nov/2020:09:24:54 +0800] "GET /xingrg/javascript/easyui/themes/default/validatebox.css HTTP/1.1" 404 1104
172.17.0.100 - - [18/Nov/2020:09:24:54 +0800] "POST /xingrg/kc/buy/cgsh_order_operate.html HTTP/1.1" 200 6504
114.88.166.242 - - [18/Nov/2020:09:24:55 +0800] "GET /xingrg/all/function/internal_message.html?_=1605662692936&CODE_STATE=getMsg HTTP/1.1" 200 27
180.162.245.190 - - [18/Nov/2020:09:24:56 +0800] "GET /xingrg/all/function/internal_message.html?_=1605662695380&CODE_STATE=getMsg HTTP/1.1" 200 27
114.84.145.85 - - [18/Nov/2020:09:25:08 +0800] "GET /xingrg/all/function/internal_message.html?_=1605662702218&CODE_STATE=getMsg HTTP/1.1" 200 27
172.17.0.100 - - [18/Nov/2020:09:25:10 +0800] "POST /xingrg/kc/buy/cgsh_list_operate.html HTTP/1.1" 200 202
116.228.172.94 - - [18/Nov/2020:09:25:11 +0800] "GET /xingrg/all/function/internal_message.html?_=1605662705962&CODE_STATE=getMsg HTTP/1.1" 200 27
172.17.0.100 - - [18/Nov/2020:09:25:11 +0800] "GET /xingrg/all/function/internal_message.html?_=1605662711846&CODE_STATE=getMsg HTTP/1.1" 200 27
180.174.56.115 - - [18/Nov/2020:09:25:12 +0800] "GET /xingrg/all/function/internal_message.html?_=1605662710448&CODE_STATE=getMsg HTTP/1.1" 200 27
172.17.0.100 - - [18/Nov/2020:09:25:12 +0800] "POST /xingrg/kc/buy/cgsh_list_operate.html HTTP/1.1" 200 201
172.17.0.100 - - [18/Nov/2020:09:25:14 +0800] "POST /xingrg/kc/buy/cgsh_list_operate.html HTTP/1.1" 200 279
172.17.0.100 - - [18/Nov/2020:09:25:17 +0800] "POST /xingrg/kc/buy/cgsh_list_operate.html HTTP/1.1" 200 285
101.85.228.137 - - [18/Nov/2020:09:25:22 +0800] "GET /xingrg/all/function/internal_message.html?_=1605662943978&CODE_STATE=getMsg HTTP/1.1" 200 27
114.84.145.85 - - [18/Nov/2020:09:25:27 +0800] "GET /xingrg/check_reg.html?_=1605662720899 HTTP/1.1" 200 22
101.91.60.11 - - [18/Nov/2020:09:25:35 +0800] "GET /xingrg/all/function/internal_message.html?_=1605661922524&CODE_STATE=getMsg HTTP/1.1" 302 -
180.174.56.115 - - [18/Nov/2020:09:25:37 +0800] "POST /xingrg/kc/buy/cgsh_order_operate.html HTTP/1.1" 200 37
180.157.253.48 - - [18/Nov/2020:09:25:37 +0800] "GET /xingrg/all/function/internal_message.html?_=1605662738362&CODE_STATE=getMsg HTTP/1.1" 200 27
180.174.56.115 - - [18/Nov/2020:09:25:39 +0800] "POST /xingrg/kc/buy/cgsh_order_operate.html HTTP/1.1" 200 12
180.174.56.115 - - [18/Nov/2020:09:25:39 +0800] "GET /xingrg/kc/buy/cgsh_order_info.html?code=212020111806881 HTTP/1.1" 200 55287
180.174.56.115 - - [18/Nov/2020:09:25:40 +0800] "GET /xingrg/javascript/easyui/themes/default/validatebox.css HTTP/1.1" 404 1104
114.84.37.38 - - [18/Nov/2020:09:25:40 +0800] "GET /xingrg/all/function/internal_message.html?_=1605662750489&CODE_STATE=getMsg HTTP/1.1" 200 27
180.174.56.115 - - [18/Nov/2020:09:25:40 +0800] "POST /xingrg/kc/buy/cgsh_order_operate.html HTTP/1.1" 200 16145
180.174.56.115 - - [18/Nov/2020:09:25:42 +0800] "GET /xingrg/kc/print/load_data.html?order_code=212020111806881&kc_code=cgsh&condition= HTTP/1.1" 200 6732
101.91.60.11 - - [18/Nov/2020:09:25:42 +0800] "GET /xingrg/login.html HTTP/1.1" 200 7641
114.84.145.85 - - [18/Nov/2020:09:25:44 +0800] "GET /xingrg/all/function/internal_message.html?_=1605662332817&CODE_STATE=getMsg HTTP/1.1" 200 27
114.88.166.242 - - [18/Nov/2020:09:25:49 +0800] "GET /xingrg/all/function/internal_message.html?_=1605662859021&CODE_STATE=getMsg HTTP/1.1" 200 27
180.174.56.115 - - [18/Nov/2020:09:25:50 +0800] "POST /xingrg/all/user/operate.html HTTP/1.1" 200 36
180.174.56.115 - - [18/Nov/2020:09:25:50 +0800] "GET /xingrg/index.html?sysBaseUrl=http%3A%2F%2F180.169.147.146%3A18081%2Fxingrg%2F&costTime=4725×tamp=1605582200095 HTTP/1.1" 200 17179
180.174.56.115 - - [18/Nov/2020:09:25:50 +0800] "GET /xingrg/javascript/jquery_easy_ui/themes/default/easyui.css HTTP/1.1" 304 -
180.174.56.115 - - [18/Nov/2020:09:25:50 +0800] "GET /xingrg/javascript/jquery_easy_ui/themes/icon.css HTTP/1.1" 304 -
180.174.56.115 - - [18/Nov/2020:09:25:50 +0800] "GET /xingrg/css/form.css HTTP/1.1" 304 -
180.174.56.115 - - [18/Nov/2020:09:25:50 +0800] "GET /xingrg/javascript/jquery-1.4.2.min.js HTTP/1.1" 304 -
180.174.56.115 - - [18/Nov/2020:09:25:50 +0800] "GET /xingrg/javascript/jquery_easy_ui/jquery.easyui.min.js HTTP/1.1" 304 -
180.174.56.115 - - [18/Nov/2020:09:25:50 +0800] "GET /xingrg/javascript/jquery_easy_ui/easyui-lang-zh_CN.js HTTP/1.1" 304 -
180.174.56.115 - - [18/Nov/2020:09:25:50 +0800] "GET /xingrg/javascript/jquery.form.js HTTP/1.1" 304 -
180.174.56.115 - - [18/Nov/2020:09:25:50 +0800] "GET /xingrg/javascript/jquery.utils.js HTTP/1.1" 304 -
180.174.56.115 - - [18/Nov/2020:09:25:50 +0800] "GET /xingrg/javascript/jquery.timers.js HTTP/1.1" 304 -
180.174.56.115 - - [18/Nov/2020:09:25:50 +0800] "GET /xingrg/images/blue/jxLogo.png HTTP/1.1" 304 -
180.174.56.115 - - [18/Nov/2020:09:25:50 +0800] "GET /xingrg/images/blue/navBackgound.jpg HTTP/1.1" 304 -
180.174.56.115 - - [18/Nov/2020:09:25:50 +0800] "GET /xingrg/javascript/jquery_easy_ui/themes/icons/settle_new.png HTTP/1.1" 304 -
180.174.56.115 - - [18/Nov/2020:09:25:50 +0800] "POST /xingrg/all/common/load_tree.html?tree=area_rest_tree_json&manage=1 HTTP/1.1" 200 476
180.174.56.115 - - [18/Nov/2020:09:25:50 +0800] "GET /xingrg/all/function/internal_message.html?_=1605662749156&CODE_STATE=count HTTP/1.1" 200 11
180.174.56.115 - - [18/Nov/2020:09:25:50 +0800] "GET /xingrg/check_reg.html?_=1605662749158 HTTP/1.1" 200 22
180.174.56.115 - - [18/Nov/2020:09:25:50 +0800] "GET /xingrg/images/blue/pingpu.png HTTP/1.1" 304 -
180.174.56.115 - - [18/Nov/2020:09:25:50 +0800] "GET /xingrg/javascript/jquery_easy_ui/themes/default/images/panel_tool_collapse.gif HTTP/1.1" 304 -
180.174.56.115 - - [18/Nov/2020:09:25:50 +0800] "GET /xingrg/javascript/jquery_easy_ui/themes/default/images/tabs_leftarrow.png HTTP/1.1" 304 -
180.174.56.115 - - [18/Nov/2020:09:25:50 +0800] "GET /xingrg/javascript/jquery_easy_ui/themes/default/images/tabs_rightarrow.png HTTP/1.1" 304 -
180.174.56.115 - - [18/Nov/2020:09:25:50 +0800] "POST /xingrg/load_menu.html HTTP/1.1" 200 5138
172.17.0.123 - - [18/Nov/2020:09:25:52 +0800] "GET /xingrg/all/function/internal_message.html?_=1605662693293&CODE_STATE=getMsg HTTP/1.1" 200 27
180.174.56.115 - - [18/Nov/2020:09:25:52 +0800] "GET /xingrg/kc/base/wldb_order_list.html HTTP/1.1" 200 19424
180.174.56.115 - - [18/Nov/2020:09:25:53 +0800] "POST /xingrg/kc/base/wldb_list_operate.html HTTP/1.1" 200 928
222.69.138.88 - - [18/Nov/2020:09:25:53 +0800] "GET /xingrg/all/function/internal_message.html?_=1605662749877&CODE_STATE=getMsg HTTP/1.1" 200 27
180.174.56.115 - - [18/Nov/2020:09:25:54 +0800] "GET /xingrg/kc/base/wldb_order_add.html HTTP/1.1" 200 30593
114.84.37.38 - - [18/Nov/2020:09:25:54 +0800] "GET /xingrg/kc/buy/cgsh_order_operate.html?command=get_materiel&rest_code=00146&code=00101009062&supplier_code=00100005&order_time=2020-11-18 HTTP/1.1" 200 412
180.174.56.115 - - [18/Nov/2020:09:25:54 +0800] "POST /xingrg/kc/base/wldb_order_operate.html HTTP/1.1" 200 6806
180.174.56.115 - - [18/Nov/2020:09:25:54 +0800] "GET /xingrg/all/common/auto_word.html?type=base&rest_code=00150 HTTP/1.1" 200 1653
180.174.56.115 - - [18/Nov/2020:09:25:54 +0800] "GET /xingrg/all/common/auto_word.html?type=base&rest_code=00150 HTTP/1.1" 200 1653
180.174.56.115 - - [18/Nov/2020:09:25:54 +0800] "GET /xingrg/javascript/easyui/themes/default/validatebox.css HTTP/1.1" 404 1104
114.88.166.242 - - [18/Nov/2020:09:25:55 +0800] "GET /xingrg/all/function/internal_message.html?_=1605662752949&CODE_STATE=getMsg HTTP/1.1" 200 27
180.162.245.190 - - [18/Nov/2020:09:25:56 +0800] "GET /xingrg/all/function/internal_message.html?_=1605662755381&CODE_STATE=getMsg HTTP/1.1" 200 27
180.174.56.115 - - [18/Nov/2020:09:25:58 +0800] "GET /xingrg/javascript/auto/indicator.gif HTTP/1.1" 404 1066
172.17.0.185 - - [18/Nov/2020:09:26:02 +0800] "GET /xingrg/check_reg.html?_=1605662760609 HTTP/1.1" 200 22
180.174.56.115 - - [18/Nov/2020:09:26:03 +0800] "GET /xingrg/kc/base/wldb_order_operate.html?command=get_materiel&rest_code=00150&base_code=0010450&code=00101004065 HTTP/1.1" 200 435
114.84.145.85 - - [18/Nov/2020:09:26:08 +0800] "GET /xingrg/all/function/internal_message.html?_=1605662762189&CODE_STATE=getMsg HTTP/1.1" 200 27
180.174.56.115 - - [18/Nov/2020:09:26:08 +0800] "POST /xingrg/kc/base/wldb_order_operate.html HTTP/1.1" 200 37
180.174.56.115 - - [18/Nov/2020:09:26:10 +0800] "POST /xingrg/kc/base/wldb_order_operate.html HTTP/1.1" 200 12
180.174.56.115 - - [18/Nov/2020:09:26:10 +0800] "POST /xingrg/kc/base/wldb_order_operate.html HTTP/1.1" 200 2183
116.228.172.94 - - [18/Nov/2020:09:26:11 +0800] "GET /xingrg/all/function/internal_message.html?_=1605662765962&CODE_STATE=getMsg HTTP/1.1" 200 27
172.17.0.100 - - [18/Nov/2020:09:26:11 +0800] "GET /xingrg/all/function/internal_message.html?_=1605662771859&CODE_STATE=getMsg HTTP/1.1" 200 27
101.85.228.137 - - [18/Nov/2020:09:26:12 +0800] "GET /xingrg/check_reg.html?_=1605662994531 HTTP/1.1" 200 22
180.174.56.115 - - [18/Nov/2020:09:26:14 +0800] "GET /xingrg/kc/base/wldb_order_info.html?code=422020111801966 HTTP/1.1" 200 26468
180.174.56.115 - - [18/Nov/2020:09:26:15 +0800] "GET /xingrg/javascript/easyui/themes/default/validatebox.css HTTP/1.1" 404 1104
180.174.56.115 - - [18/Nov/2020:09:26:15 +0800] "POST /xingrg/kc/base/wldb_order_operate.html HTTP/1.1" 200 477
101.85.228.137 - - [18/Nov/2020:09:26:22 +0800] "GET /xingrg/all/function/internal_message.html?_=1605663003980&CODE_STATE=getMsg HTTP/1.1" 200 27
180.174.56.115 - - [18/Nov/2020:09:26:23 +0800] "GET /xingrg/kc/base/yddb_order_list.html HTTP/1.1" 200 17030
