114.84.37.38 - - [18/Nov/2020:08:49:38 +0800] "GET /xingrg/all/function/internal_message.html?_=1605660588536&CODE_STATE=getMsg HTTP/1.1" 200 27
180.174.56.115 - - [18/Nov/2020:08:49:43 +0800] "GET /xingrg/all/function/internal_message.html?_=1605660582357&CODE_STATE=getMsg HTTP/1.1" 200 27
114.84.145.85 - - [18/Nov/2020:08:49:44 +0800] "GET /xingrg/all/function/internal_message.html?_=1605660172762&CODE_STATE=getMsg HTTP/1.1" 200 27
114.88.166.242 - - [18/Nov/2020:08:49:49 +0800] "GET /xingrg/all/function/internal_message.html?_=1605660698917&CODE_STATE=getMsg HTTP/1.1" 200 27
116.228.172.94 - - [18/Nov/2020:08:49:49 +0800] "GET /xingrg/kc/buy/cgsh_order_operate.html?command=get_materiel&rest_code=00107&code=00101008114&supplier_code=00100006&order_time=2020-11-18 HTTP/1.1" 200 413
114.88.166.242 - - [18/Nov/2020:08:49:54 +0800] "GET /xingrg/all/function/internal_message.html?_=1605660592040&CODE_STATE=getMsg HTTP/1.1" 200 27
180.162.245.190 - - [18/Nov/2020:08:49:56 +0800] "GET /xingrg/all/function/internal_message.html?_=1605660595335&CODE_STATE=getMsg HTTP/1.1" 200 27
116.228.172.94 - - [18/Nov/2020:08:49:59 +0800] "GET /xingrg/kc/buy/cgsh_order_operate.html?command=get_materiel&rest_code=00107&code=00101009011&supplier_code=00100006&order_time=2020-11-18 HTTP/1.1" 200 416
114.86.224.23 - - [18/Nov/2020:08:50:01 +0800] "GET /xingrg/all/function/internal_message.html?_=1605660613531&CODE_STATE=getMsg HTTP/1.1" 200 27
180.174.56.115 - - [18/Nov/2020:08:50:07 +0800] "GET /xingrg/check_reg.html?_=1605660605852 HTTP/1.1" 200 22
114.84.145.85 - - [18/Nov/2020:08:50:09 +0800] "GET /xingrg/all/function/internal_message.html?_=1605660602996&CODE_STATE=getMsg HTTP/1.1" 200 27
116.228.172.94 - - [18/Nov/2020:08:50:11 +0800] "GET /xingrg/all/function/internal_message.html?_=1605660606074&CODE_STATE=getMsg HTTP/1.1" 200 27
101.85.228.137 - - [18/Nov/2020:08:50:12 +0800] "GET /xingrg/all/function/internal_message.html?_=1605660833975&CODE_STATE=getMsg HTTP/1.1" 200 27
120.253.135.82 - - [18/Nov/2020:08:50:21 +0800] "GET /xingrg/check_reg.html?_=1605660368518 HTTP/1.1" 200 22
116.228.172.94 - - [18/Nov/2020:08:50:24 +0800] "GET /xingrg/kc/buy/cgsh_order_operate.html?command=get_materiel&rest_code=00107&code=00101008350&supplier_code=00100006&order_time=2020-11-18 HTTP/1.1" 200 408
180.162.245.190 - - [18/Nov/2020:08:50:25 +0800] "GET /xingrg/kc/buy/cgsh_order_add.html HTTP/1.1" 200 60789
180.162.245.190 - - [18/Nov/2020:08:50:26 +0800] "GET /xingrg/javascript/easyui/themes/default/validatebox.css HTTP/1.1" 404 1104
180.162.245.190 - - [18/Nov/2020:08:50:26 +0800] "POST /xingrg/kc/buy/cgsh_order_operate.html HTTP/1.1" 200 8245
120.253.135.82 - - [18/Nov/2020:08:50:26 +0800] "GET /xingrg/all/function/internal_message.html?_=1605660373402&CODE_STATE=getMsg HTTP/1.1" 200 27
114.84.145.85 - - [18/Nov/2020:08:50:27 +0800] "GET /xingrg/check_reg.html?_=1605660621004 HTTP/1.1" 200 22
116.228.172.94 - - [18/Nov/2020:08:50:27 +0800] "POST /xingrg/kc/buy/cgsh_order_operate.html HTTP/1.1" 200 2065
116.228.172.94 - - [18/Nov/2020:08:50:33 +0800] "GET /xingrg/kc/buy/cgsh_order_operate.html?command=get_materiel&rest_code=00107&code=00101008038&supplier_code=00100006&order_time=2020-11-18 HTTP/1.1" 200 412
101.227.139.173 - - [18/Nov/2020:08:50:36 +0800] "GET /xingrg/all/function/internal_message.html?_=1605659943249&CODE_STATE=getMsg HTTP/1.1" 302 -
114.84.37.38 - - [18/Nov/2020:08:50:38 +0800] "GET /xingrg/all/function/internal_message.html?_=1605660648722&CODE_STATE=getMsg HTTP/1.1" 200 27
180.162.245.190 - - [18/Nov/2020:08:50:42 +0800] "GET /xingrg/kc/buy/cgsh_order_operate.html?command=get_materiel&rest_code=00105&code=00101008323&supplier_code=00100203&order_time=2020-11-18 HTTP/1.1" 200 408
180.174.56.115 - - [18/Nov/2020:08:50:43 +0800] "GET /xingrg/all/function/internal_message.html?_=1605660642342&CODE_STATE=getMsg HTTP/1.1" 200 27
114.84.145.85 - - [18/Nov/2020:08:50:44 +0800] "GET /xingrg/all/function/internal_message.html?_=1605660232760&CODE_STATE=getMsg HTTP/1.1" 200 27
101.227.139.173 - - [18/Nov/2020:08:50:45 +0800] "GET /xingrg/login.html HTTP/1.1" 200 7641
114.88.166.242 - - [18/Nov/2020:08:50:49 +0800] "GET /xingrg/all/function/internal_message.html?_=1605660758917&CODE_STATE=getMsg HTTP/1.1" 200 27
114.88.166.242 - - [18/Nov/2020:08:50:54 +0800] "GET /xingrg/all/function/internal_message.html?_=1605660652053&CODE_STATE=getMsg HTTP/1.1" 200 27
180.162.245.190 - - [18/Nov/2020:08:50:56 +0800] "GET /xingrg/all/function/internal_message.html?_=1605660655350&CODE_STATE=getMsg HTTP/1.1" 200 27
114.86.224.23 - - [18/Nov/2020:08:51:01 +0800] "GET /xingrg/all/function/internal_message.html?_=1605660673531&CODE_STATE=getMsg HTTP/1.1" 200 27
180.162.245.190 - - [18/Nov/2020:08:51:05 +0800] "GET /xingrg/kc/buy/cgsh_order_operate.html?command=get_materiel&rest_code=00105&code=00101008256&supplier_code=00100203&order_time=2020-11-18 HTTP/1.1" 200 413
116.228.172.94 - - [18/Nov/2020:08:51:06 +0800] "GET /xingrg/kc/buy/cgsh_order_operate.html?command=get_materiel&rest_code=00107&code=00101008067&supplier_code=00100006&order_time=2020-11-18 HTTP/1.1" 200 416
114.84.145.85 - - [18/Nov/2020:08:51:09 +0800] "GET /xingrg/all/function/internal_message.html?_=1605660662974&CODE_STATE=getMsg HTTP/1.1" 200 27
116.228.172.94 - - [18/Nov/2020:08:51:11 +0800] "GET /xingrg/all/function/internal_message.html?_=1605660666050&CODE_STATE=getMsg HTTP/1.1" 200 27
101.85.228.137 - - [18/Nov/2020:08:51:11 +0800] "GET /xingrg/check_reg.html?_=1605660893673 HTTP/1.1" 200 22
101.85.228.137 - - [18/Nov/2020:08:51:12 +0800] "GET /xingrg/all/function/internal_message.html?_=1605660893989&CODE_STATE=getMsg HTTP/1.1" 200 27
180.162.245.190 - - [18/Nov/2020:08:51:18 +0800] "GET /xingrg/kc/buy/cgsh_order_operate.html?command=get_materiel&rest_code=00105&code=00101008257&supplier_code=00100203&order_time=2020-11-18 HTTP/1.1" 200 416
180.162.245.190 - - [18/Nov/2020:08:51:25 +0800] "GET /xingrg/kc/buy/cgsh_order_operate.html?command=get_materiel&rest_code=00105&code=00101008354&supplier_code=00100203&order_time=2020-11-18 HTTP/1.1" 200 412
120.253.135.82 - - [18/Nov/2020:08:51:26 +0800] "GET /xingrg/all/function/internal_message.html?_=1605660433415&CODE_STATE=getMsg HTTP/1.1" 200 27
180.162.245.190 - - [18/Nov/2020:08:51:33 +0800] "GET /xingrg/kc/buy/cgsh_order_operate.html?command=get_materiel&rest_code=00105&code=00101008312&supplier_code=00100203&order_time=2020-11-18 HTTP/1.1" 200 412
116.228.172.94 - - [18/Nov/2020:08:51:33 +0800] "GET /xingrg/kc/buy/cgsh_order_operate.html?command=get_materiel&rest_code=00107&code=00101008293&supplier_code=00100006&order_time=2020-11-18 HTTP/1.1" 200 420
114.84.37.38 - - [18/Nov/2020:08:51:38 +0800] "GET /xingrg/all/function/internal_message.html?_=1605660708733&CODE_STATE=getMsg HTTP/1.1" 200 27
116.228.172.94 - - [18/Nov/2020:08:51:39 +0800] "POST /xingrg/kc/buy/cgsh_order_operate.html HTTP/1.1" 200 2065
180.162.245.190 - - [18/Nov/2020:08:51:41 +0800] "GET /xingrg/kc/buy/cgsh_order_operate.html?command=get_materiel&rest_code=00105&code=00101008221&supplier_code=00100203&order_time=2020-11-18 HTTP/1.1" 200 412
180.174.56.115 - - [18/Nov/2020:08:51:43 +0800] "GET /xingrg/all/function/internal_message.html?_=1605660702326&CODE_STATE=getMsg HTTP/1.1" 200 27
114.84.145.85 - - [18/Nov/2020:08:51:44 +0800] "GET /xingrg/all/function/internal_message.html?_=1605660292760&CODE_STATE=getMsg HTTP/1.1" 200 27
114.84.145.85 - - [18/Nov/2020:08:51:44 +0800] "GET /xingrg/check_reg.html?_=1605660292761 HTTP/1.1" 200 22
180.162.245.190 - - [18/Nov/2020:08:51:47 +0800] "GET /xingrg/kc/buy/cgsh_order_operate.html?command=get_materiel&rest_code=00105&code=00101008088&supplier_code=00100203&order_time=2020-11-18 HTTP/1.1" 200 408
114.88.166.242 - - [18/Nov/2020:08:51:49 +0800] "GET /xingrg/check_reg.html?_=1605660818916 HTTP/1.1" 200 22
114.88.166.242 - - [18/Nov/2020:08:51:49 +0800] "GET /xingrg/all/function/internal_message.html?_=1605660818921&CODE_STATE=getMsg HTTP/1.1" 200 27
180.162.245.190 - - [18/Nov/2020:08:51:54 +0800] "GET /xingrg/kc/buy/cgsh_order_operate.html?command=get_materiel&rest_code=00105&code=00101008163&supplier_code=00100203&order_time=2020-11-18 HTTP/1.1" 200 409
114.88.166.242 - - [18/Nov/2020:08:51:54 +0800] "GET /xingrg/all/function/internal_message.html?_=1605660712097&CODE_STATE=getMsg HTTP/1.1" 200 27
180.162.245.190 - - [18/Nov/2020:08:51:56 +0800] "GET /xingrg/check_reg.html?_=1605660715348 HTTP/1.1" 200 22
180.162.245.190 - - [18/Nov/2020:08:51:56 +0800] "GET /xingrg/all/function/internal_message.html?_=1605660715350&CODE_STATE=getMsg HTTP/1.1" 200 27
114.86.224.23 - - [18/Nov/2020:08:52:01 +0800] "GET /xingrg/all/function/internal_message.html?_=1605660733531&CODE_STATE=getMsg HTTP/1.1" 200 27
61.129.8.179 - - [18/Nov/2020:08:52:01 +0800] "GET /xingrg/check_reg.html?_=1605660021034 HTTP/1.1" 302 -
180.162.245.190 - - [18/Nov/2020:08:52:03 +0800] "GET /xingrg/kc/buy/cgsh_order_operate.html?command=get_materiel&rest_code=00105&code=00101008355&supplier_code=00100203&order_time=2020-11-18 HTTP/1.1" 200 408
114.84.145.85 - - [18/Nov/2020:08:52:09 +0800] "GET /xingrg/all/function/internal_message.html?_=1605660722947&CODE_STATE=getMsg HTTP/1.1" 200 27
61.129.8.179 - - [18/Nov/2020:08:52:10 +0800] "GET /xingrg/login.html HTTP/1.1" 200 7641
116.228.172.94 - - [18/Nov/2020:08:52:11 +0800] "GET /xingrg/all/function/internal_message.html?_=1605660726035&CODE_STATE=getMsg HTTP/1.1" 200 27
101.85.228.137 - - [18/Nov/2020:08:52:12 +0800] "GET /xingrg/all/function/internal_message.html?_=1605660954003&CODE_STATE=getMsg HTTP/1.1" 200 27
180.162.245.190 - - [18/Nov/2020:08:52:16 +0800] "GET /xingrg/kc/buy/cgsh_order_operate.html?command=get_materiel&rest_code=00105&code=00101008264&supplier_code=00100203&order_time=2020-11-18 HTTP/1.1" 200 412
116.228.172.94 - - [18/Nov/2020:08:52:18 +0800] "GET /xingrg/kc/buy/cgsh_order_operate.html?command=get_materiel&rest_code=00107&code=00101008344&supplier_code=00100006&order_time=2020-11-18 HTTP/1.1" 200 412
180.162.245.190 - - [18/Nov/2020:08:52:26 +0800] "GET /xingrg/kc/buy/cgsh_order_operate.html?command=get_materiel&rest_code=00105&code=00101008196&supplier_code=00100203&order_time=2020-11-18 HTTP/1.1" 200 416
120.253.135.82 - - [18/Nov/2020:08:52:26 +0800] "GET /xingrg/all/function/internal_message.html?_=1605660493565&CODE_STATE=getMsg HTTP/1.1" 200 27
180.162.245.190 - - [18/Nov/2020:08:52:33 +0800] "GET /xingrg/kc/buy/cgsh_order_operate.html?command=get_materiel&rest_code=00105&code=00101008136&supplier_code=00100203&order_time=2020-11-18 HTTP/1.1" 200 413
114.84.37.38 - - [18/Nov/2020:08:52:38 +0800] "GET /xingrg/all/function/internal_message.html?_=1605660768917&CODE_STATE=getMsg HTTP/1.1" 200 27
116.228.172.94 - - [18/Nov/2020:08:52:40 +0800] "POST /xingrg/kc/buy/cgsh_order_operate.html HTTP/1.1" 200 37
180.162.245.190 - - [18/Nov/2020:08:52:41 +0800] "GET /xingrg/kc/buy/cgsh_order_operate.html?command=get_materiel&rest_code=00105&code=00101008197&supplier_code=00100203&order_time=2020-11-18 HTTP/1.1" 200 416
116.228.172.94 - - [18/Nov/2020:08:52:42 +0800] "POST /xingrg/kc/buy/cgsh_order_operate.html HTTP/1.1" 200 24523
180.174.56.115 - - [18/Nov/2020:08:52:43 +0800] "GET /xingrg/all/function/internal_message.html?_=1605660762325&CODE_STATE=getMsg HTTP/1.1" 200 27
114.84.145.85 - - [18/Nov/2020:08:52:44 +0800] "GET /xingrg/all/function/internal_message.html?_=1605660352760&CODE_STATE=getMsg HTTP/1.1" 200 27
180.162.245.190 - - [18/Nov/2020:08:52:47 +0800] "POST /xingrg/kc/buy/cgsh_order_operate.html HTTP/1.1" 200 2065
114.88.166.242 - - [18/Nov/2020:08:52:49 +0800] "GET /xingrg/all/function/internal_message.html?_=1605660878921&CODE_STATE=getMsg HTTP/1.1" 200 27
114.88.166.242 - - [18/Nov/2020:08:52:54 +0800] "GET /xingrg/all/function/internal_message.html?_=1605660772111&CODE_STATE=getMsg HTTP/1.1" 200 27
180.162.245.190 - - [18/Nov/2020:08:52:55 +0800] "GET /xingrg/kc/buy/cgsh_order_operate.html?command=get_materiel&rest_code=00105&code=00101008069&supplier_code=00100203&order_time=2020-11-18 HTTP/1.1" 200 412
180.162.245.190 - - [18/Nov/2020:08:52:56 +0800] "GET /xingrg/all/function/internal_message.html?_=1605660775405&CODE_STATE=getMsg HTTP/1.1" 200 27
180.162.245.190 - - [18/Nov/2020:08:53:00 +0800] "GET /xingrg/kc/buy/cgsh_order_operate.html?command=get_materiel&rest_code=00105&code=00101008036&supplier_code=00100203&order_time=2020-11-18 HTTP/1.1" 200 408
114.86.224.23 - - [18/Nov/2020:08:53:01 +0800] "GET /xingrg/check_reg.html?_=1605660793500 HTTP/1.1" 200 22
114.86.224.23 - - [18/Nov/2020:08:53:01 +0800] "GET /xingrg/all/function/internal_message.html?_=1605660793531&CODE_STATE=getMsg HTTP/1.1" 200 27
180.162.245.190 - - [18/Nov/2020:08:53:08 +0800] "GET /xingrg/kc/buy/cgsh_order_operate.html?command=get_materiel&rest_code=00105&code=00101008286&supplier_code=00100203&order_time=2020-11-18 HTTP/1.1" 200 408
114.84.145.85 - - [18/Nov/2020:08:53:09 +0800] "GET /xingrg/all/function/internal_message.html?_=1605660782922&CODE_STATE=getMsg HTTP/1.1" 200 27
116.228.172.94 - - [18/Nov/2020:08:53:11 +0800] "GET /xingrg/all/function/internal_message.html?_=1605660786012&CODE_STATE=getMsg HTTP/1.1" 200 27
101.85.228.137 - - [18/Nov/2020:08:53:12 +0800] "GET /xingrg/all/function/internal_message.html?_=1605661014015&CODE_STATE=getMsg HTTP/1.1" 200 27
180.162.245.190 - - [18/Nov/2020:08:53:16 +0800] "GET /xingrg/kc/buy/cgsh_order_operate.html?command=get_materiel&rest_code=00105&code=00101008131&supplier_code=00100203&order_time=2020-11-18 HTTP/1.1" 200 408
114.84.37.38 - - [18/Nov/2020:08:53:22 +0800] "GET /xingrg/check_reg.html?_=1605660812550 HTTP/1.1" 200 22
180.162.245.190 - - [18/Nov/2020:08:53:23 +0800] "GET /xingrg/kc/buy/cgsh_order_operate.html?command=get_materiel&rest_code=00105&code=00101008108&supplier_code=00100203&order_time=2020-11-18 HTTP/1.1" 200 412
120.253.135.82 - - [18/Nov/2020:08:53:26 +0800] "GET /xingrg/all/function/internal_message.html?_=1605660553567&CODE_STATE=getMsg HTTP/1.1" 200 27
180.162.245.190 - - [18/Nov/2020:08:53:29 +0800] "GET /xingrg/kc/buy/cgsh_order_operate.html?command=get_materiel&rest_code=00105&code=00101008318&supplier_code=00100203&order_time=2020-11-18 HTTP/1.1" 200 408
180.174.56.115 - - [18/Nov/2020:08:53:33 +0800] "POST /xingrg/kc/buy/cgsh_order_operate.html HTTP/1.1" 200 37
180.174.56.115 - - [18/Nov/2020:08:53:36 +0800] "POST /xingrg/kc/buy/cgsh_order_operate.html HTTP/1.1" 200 18041
180.162.245.190 - - [18/Nov/2020:08:53:38 +0800] "GET /xingrg/kc/buy/cgsh_order_operate.html?command=get_materiel&rest_code=00105&code=00101008005&supplier_code=00100203&order_time=2020-11-18 HTTP/1.1" 200 412
114.84.37.38 - - [18/Nov/2020:08:53:38 +0800] "GET /xingrg/all/function/internal_message.html?_=1605660828933&CODE_STATE=getMsg HTTP/1.1" 200 27
180.174.56.115 - - [18/Nov/2020:08:53:41 +0800] "POST /xingrg/all/user/operate.html HTTP/1.1" 200 36
180.174.56.115 - - [18/Nov/2020:08:53:41 +0800] "GET /xingrg/index.html?sysBaseUrl=http%3A%2F%2F180.169.147.146%3A18081%2Fxingrg%2F&costTime=4725×tamp=1605582200095 HTTP/1.1" 200 17177
180.174.56.115 - - [18/Nov/2020:08:53:41 +0800] "GET /xingrg/javascript/jquery_easy_ui/themes/default/easyui.css HTTP/1.1" 304 -
180.174.56.115 - - [18/Nov/2020:08:53:41 +0800] "GET /xingrg/javascript/jquery_easy_ui/themes/icon.css HTTP/1.1" 304 -
180.174.56.115 - - [18/Nov/2020:08:53:41 +0800] "GET /xingrg/css/form.css HTTP/1.1" 304 -
180.174.56.115 - - [18/Nov/2020:08:53:41 +0800] "GET /xingrg/javascript/jquery-1.4.2.min.js HTTP/1.1" 304 -
180.174.56.115 - - [18/Nov/2020:08:53:42 +0800] "GET /xingrg/javascript/jquery_easy_ui/jquery.easyui.min.js HTTP/1.1" 304 -
180.174.56.115 - - [18/Nov/2020:08:53:42 +0800] "GET /xingrg/javascript/jquery_easy_ui/easyui-lang-zh_CN.js HTTP/1.1" 304 -
180.174.56.115 - - [18/Nov/2020:08:53:42 +0800] "GET /xingrg/javascript/jquery.form.js HTTP/1.1" 304 -
180.174.56.115 - - [18/Nov/2020:08:53:42 +0800] "GET /xingrg/javascript/jquery.utils.js HTTP/1.1" 304 -
180.174.56.115 - - [18/Nov/2020:08:53:42 +0800] "GET /xingrg/javascript/jquery.timers.js HTTP/1.1" 304 -
180.174.56.115 - - [18/Nov/2020:08:53:42 +0800] "GET /xingrg/images/blue/jxLogo.png HTTP/1.1" 304 -
180.174.56.115 - - [18/Nov/2020:08:53:42 +0800] "GET /xingrg/javascript/jquery_easy_ui/themes/icons/settle_new.png HTTP/1.1" 304 -
180.174.56.115 - - [18/Nov/2020:08:53:42 +0800] "GET /xingrg/images/blue/navBackgound.jpg HTTP/1.1" 304 -
180.174.56.115 - - [18/Nov/2020:08:53:42 +0800] "POST /xingrg/all/common/load_tree.html?tree=area_rest_tree_json&manage=1 HTTP/1.1" 200 476
180.174.56.115 - - [18/Nov/2020:08:53:42 +0800] "GET /xingrg/all/function/internal_message.html?_=1605660820618&CODE_STATE=count HTTP/1.1" 200 11
180.174.56.115 - - [18/Nov/2020:08:53:42 +0800] "GET /xingrg/check_reg.html?_=1605660820619 HTTP/1.1" 200 22
180.174.56.115 - - [18/Nov/2020:08:53:42 +0800] "GET /xingrg/javascript/jquery_easy_ui/themes/default/images/panel_tool_collapse.gif HTTP/1.1" 304 -
180.174.56.115 - - [18/Nov/2020:08:53:42 +0800] "GET /xingrg/javascript/jquery_easy_ui/themes/default/images/tabs_leftarrow.png HTTP/1.1" 304 -
180.174.56.115 - - [18/Nov/2020:08:53:42 +0800] "GET /xingrg/images/blue/pingpu.png HTTP/1.1" 304 -
180.174.56.115 - - [18/Nov/2020:08:53:42 +0800] "GET /xingrg/javascript/jquery_easy_ui/themes/default/images/tabs_rightarrow.png HTTP/1.1" 304 -
180.174.56.115 - - [18/Nov/2020:08:53:42 +0800] "POST /xingrg/load_menu.html HTTP/1.1" 200 5138
114.84.145.85 - - [18/Nov/2020:08:53:44 +0800] "GET /xingrg/all/function/internal_message.html?_=1605660412760&CODE_STATE=getMsg HTTP/1.1" 200 27
180.174.56.115 - - [18/Nov/2020:08:53:45 +0800] "GET /xingrg/kc/buy/cgsh_order_list.html HTTP/1.1" 200 45008
180.174.56.115 - - [18/Nov/2020:08:53:46 +0800] "POST /xingrg/kc/buy/cgsh_list_operate.html HTTP/1.1" 200 876
180.162.245.190 - - [18/Nov/2020:08:53:46 +0800] "GET /xingrg/kc/buy/cgsh_order_operate.html?command=get_materiel&rest_code=00105&code=00101008105&supplier_code=00100203&order_time=2020-11-18 HTTP/1.1" 200 412
114.88.166.242 - - [18/Nov/2020:08:53:49 +0800] "GET /xingrg/all/function/internal_message.html?_=1605660938922&CODE_STATE=getMsg HTTP/1.1" 200 27
222.69.138.88 - - [18/Nov/2020:08:53:51 +0800] "GET /xingrg/index.html?sysBaseUrl=http%3A%2F%2F180.169.147.146%3A18081%2Fxingrg%2F&costTime=52×tamp=1591679117969 HTTP/1.1" 302 -
222.69.138.88 - - [18/Nov/2020:08:53:51 +0800] "GET /xingrg/login.html HTTP/1.1" 200 7641
180.162.245.190 - - [18/Nov/2020:08:53:51 +0800] "GET /xingrg/kc/buy/cgsh_order_operate.html?command=get_materiel&rest_code=00105&code=00101008119&supplier_code=00100203&order_time=2020-11-18 HTTP/1.1" 200 412
222.69.138.88 - - [18/Nov/2020:08:53:51 +0800] "GET /favicon.ico HTTP/1.1" 404 -
222.69.138.88 - - [18/Nov/2020:08:53:53 +0800] "POST /xingrg/login.do HTTP/1.1" 302 -
222.69.138.88 - - [18/Nov/2020:08:53:53 +0800] "GET /xingrg/index.html?sysBaseUrl=http%3A%2F%2F180.169.147.146%3A18081%2Fxingrg%2F&costTime=52×tamp=1605660833245 HTTP/1.1" 200 17179
222.69.138.88 - - [18/Nov/2020:08:53:53 +0800] "GET /favicon.ico HTTP/1.1" 404 -
222.69.138.88 - - [18/Nov/2020:08:53:53 +0800] "POST /xingrg/all/common/load_tree.html?tree=area_rest_tree_json&manage=1 HTTP/1.1" 200 351
222.69.138.88 - - [18/Nov/2020:08:53:53 +0800] "GET /xingrg/all/function/internal_message.html?_=1605660829951&CODE_STATE=count HTTP/1.1" 200 11
222.69.138.88 - - [18/Nov/2020:08:53:53 +0800] "GET /xingrg/check_reg.html?_=1605660829952 HTTP/1.1" 200 22
222.69.138.88 - - [18/Nov/2020:08:53:53 +0800] "POST /xingrg/load_menu.html HTTP/1.1" 200 5138
114.88.166.242 - - [18/Nov/2020:08:53:54 +0800] "GET /xingrg/all/function/internal_message.html?_=1605660832155&CODE_STATE=getMsg HTTP/1.1" 200 27
180.162.245.190 - - [18/Nov/2020:08:53:56 +0800] "GET /xingrg/kc/buy/cgsh_order_operate.html?command=get_materiel&rest_code=00105&code=00101015074&supplier_code=00100203&order_time=2020-11-18 HTTP/1.1" 200 408
180.162.245.190 - - [18/Nov/2020:08:53:56 +0800] "GET /xingrg/all/function/internal_message.html?_=1605660835429&CODE_STATE=getMsg HTTP/1.1" 200 27
114.86.224.23 - - [18/Nov/2020:08:54:00 +0800] "GET /xingrg/all/function/internal_message.html?_=1605660853531&CODE_STATE=getMsg HTTP/1.1" 200 27
180.174.56.115 - - [18/Nov/2020:08:54:01 +0800] "GET /xingrg/kc/buy/cgsh_order_add.html HTTP/1.1" 200 60384
180.174.56.115 - - [18/Nov/2020:08:54:02 +0800] "POST /xingrg/kc/buy/cgsh_order_operate.html HTTP/1.1" 200 8245
180.174.56.115 - - [18/Nov/2020:08:54:02 +0800] "GET /xingrg/javascript/easyui/themes/default/validatebox.css HTTP/1.1" 404 1104
180.174.56.115 - - [18/Nov/2020:08:54:02 +0800] "GET /xingrg/all/common/auto_word.html?type=employee&rest_code=00151 HTTP/1.1" 200 243
180.174.56.115 - - [18/Nov/2020:08:54:02 +0800] "GET /xingrg/all/common/auto_word.html?type=employee&rest_code=00151 HTTP/1.1" 200 243
180.174.56.115 - - [18/Nov/2020:08:54:03 +0800] "GET /xingrg/javascript/auto/indicator.gif HTTP/1.1" 404 1066
180.162.245.190 - - [18/Nov/2020:08:54:03 +0800] "GET /xingrg/kc/buy/cgsh_order_operate.html?command=get_materiel&rest_code=00105&code=00101008101&supplier_code=00100203&order_time=2020-11-18 HTTP/1.1" 200 412
114.84.145.85 - - [18/Nov/2020:08:54:09 +0800] "GET /xingrg/all/function/internal_message.html?_=1605660842895&CODE_STATE=getMsg HTTP/1.1" 200 27
116.228.172.94 - - [18/Nov/2020:08:54:11 +0800] "GET /xingrg/check_reg.html?_=1605660845916 HTTP/1.1" 200 22
116.228.172.94 - - [18/Nov/2020:08:54:11 +0800] "GET /xingrg/all/function/internal_message.html?_=1605660845988&CODE_STATE=getMsg HTTP/1.1" 200 27
180.174.56.115 - - [18/Nov/2020:08:54:11 +0800] "GET /xingrg/kc/buy/cgsh_order_operate.html?command=get_materiel&rest_code=00151&code=00101012039&supplier_code=00100007&order_time=2020-11-18 HTTP/1.1" 200 408
101.85.228.137 - - [18/Nov/2020:08:54:12 +0800] "GET /xingrg/all/function/internal_message.html?_=1605661074072&CODE_STATE=getMsg HTTP/1.1" 200 27
180.162.245.190 - - [18/Nov/2020:08:54:19 +0800] "POST /xingrg/kc/buy/cgsh_order_operate.html HTTP/1.1" 200 2065
180.162.245.190 - - [18/Nov/2020:08:54:20 +0800] "POST /xingrg/kc/buy/cgsh_order_operate.html HTTP/1.1" 200 2065
180.174.56.115 - - [18/Nov/2020:08:54:21 +0800] "GET /xingrg/kc/buy/cgsh_order_operate.html?command=get_materiel&rest_code=00151&code=00101008323&supplier_code=00100007&order_time=2020-11-18 HTTP/1.1" 200 408
180.162.245.190 - - [18/Nov/2020:08:54:22 +0800] "POST /xingrg/kc/buy/cgsh_order_operate.html HTTP/1.1" 200 2065
114.88.166.242 - - [18/Nov/2020:08:54:22 +0800] "GET /xingrg/check_reg.html?_=1605660859852 HTTP/1.1" 200 22
120.253.135.82 - - [18/Nov/2020:08:54:26 +0800] "GET /xingrg/all/function/internal_message.html?_=1605660613708&CODE_STATE=getMsg HTTP/1.1" 200 27
180.174.56.115 - - [18/Nov/2020:08:54:27 +0800] "GET /xingrg/kc/buy/cgsh_order_operate.html?command=get_materiel&rest_code=00151&code=00101008347&supplier_code=00100007&order_time=2020-11-18 HTTP/1.1" 200 408
180.162.245.190 - - [18/Nov/2020:08:54:30 +0800] "GET /xingrg/kc/buy/cgsh_order_operate.html?command=get_materiel&rest_code=00105&code=00101008302&supplier_code=00100203&order_time=2020-11-18 HTTP/1.1" 200 412
180.174.56.115 - - [18/Nov/2020:08:54:32 +0800] "GET /xingrg/kc/buy/cgsh_order_operate.html?command=get_materiel&rest_code=00151&code=00101008372&supplier_code=00100007&order_time=2020-11-18 HTTP/1.1" 200 408
116.228.172.94 - - [18/Nov/2020:08:54:33 +0800] "POST /xingrg/kc/buy/cgsh_order_operate.html HTTP/1.1" 200 37
116.228.172.94 - - [18/Nov/2020:08:54:34 +0800] "POST /xingrg/kc/buy/cgsh_order_operate.html HTTP/1.1" 200 24523
180.174.56.115 - - [18/Nov/2020:08:54:36 +0800] "GET /xingrg/kc/buy/cgsh_order_operate.html?command=get_materiel&rest_code=00151&code=00101008318&supplier_code=00100007&order_time=2020-11-18 HTTP/1.1" 200 408
114.84.37.38 - - [18/Nov/2020:08:54:38 +0800] "GET /xingrg/all/function/internal_message.html?_=1605660888946&CODE_STATE=getMsg HTTP/1.1" 200 27
180.162.245.190 - - [18/Nov/2020:08:54:40 +0800] "GET /xingrg/kc/buy/cgsh_order_operate.html?command=get_materiel&rest_code=00105&code=00101008210&supplier_code=00100203&order_time=2020-11-18 HTTP/1.1" 200 408
180.174.56.115 - - [18/Nov/2020:08:54:42 +0800] "GET /xingrg/all/function/internal_message.html?_=1605660880629&CODE_STATE=getMsg HTTP/1.1" 200 27
180.174.56.115 - - [18/Nov/2020:08:54:43 +0800] "GET /xingrg/kc/buy/cgsh_order_operate.html?command=get_materiel&rest_code=00151&code=00101008049&supplier_code=00100007&order_time=2020-11-18 HTTP/1.1" 200 408
114.84.145.85 - - [18/Nov/2020:08:54:44 +0800] "GET /xingrg/all/function/internal_message.html?_=1605660472761&CODE_STATE=getMsg HTTP/1.1" 200 27
180.162.245.190 - - [18/Nov/2020:08:54:45 +0800] "GET /xingrg/kc/buy/cgsh_order_operate.html?command=get_materiel&rest_code=00105&code=00101008027&supplier_code=00100203&order_time=2020-11-18 HTTP/1.1" 200 408
116.228.172.94 - - [18/Nov/2020:08:54:48 +0800] "POST /xingrg/kc/buy/cgsh_order_operate.html HTTP/1.1" 200 37
180.174.56.115 - - [18/Nov/2020:08:54:49 +0800] "GET /xingrg/kc/buy/cgsh_order_operate.html?command=get_materiel&rest_code=00151&code=00101008095&supplier_code=00100007&order_time=2020-11-18 HTTP/1.1" 200 412
114.88.166.242 - - [18/Nov/2020:08:54:49 +0800] "GET /xingrg/all/function/internal_message.html?_=1605660998924&CODE_STATE=getMsg HTTP/1.1" 200 27
116.228.172.94 - - [18/Nov/2020:08:54:50 +0800] "POST /xingrg/kc/buy/cgsh_order_operate.html HTTP/1.1" 200 24523
116.228.172.94 - - [18/Nov/2020:08:54:51 +0800] "GET /xingrg/kc/print/load_config.html?kc_code=cgsh HTTP/1.1" 200 1845
116.228.172.94 - - [18/Nov/2020:08:54:52 +0800] "GET /xingrg/kc/print/load_data.html?order_code=212020111806880&kc_code=cgsh&condition= HTTP/1.1" 200 8950
180.174.56.115 - - [18/Nov/2020:08:54:53 +0800] "GET /xingrg/kc/buy/cgsh_order_operate.html?command=get_materiel&rest_code=00151&code=00101008221&supplier_code=00100007&order_time=2020-11-18 HTTP/1.1" 200 412
222.69.138.88 - - [18/Nov/2020:08:54:53 +0800] "GET /xingrg/all/function/internal_message.html?_=1605660889971&CODE_STATE=getMsg HTTP/1.1" 200 27
114.88.166.242 - - [18/Nov/2020:08:54:54 +0800] "GET /xingrg/all/function/internal_message.html?_=1605660892169&CODE_STATE=getMsg HTTP/1.1" 200 27
180.162.245.190 - - [18/Nov/2020:08:54:56 +0800] "GET /xingrg/kc/buy/cgsh_order_operate.html?command=get_materiel&rest_code=00105&code=00101008112&supplier_code=00100203&order_time=2020-11-18 HTTP/1.1" 200 412
180.162.245.190 - - [18/Nov/2020:08:54:56 +0800] "GET /xingrg/all/function/internal_message.html?_=1605660895407&CODE_STATE=getMsg HTTP/1.1" 200 27
180.174.56.115 - - [18/Nov/2020:08:54:58 +0800] "GET /xingrg/kc/buy/cgsh_order_operate.html?command=get_materiel&rest_code=00151&code=00101008355&supplier_code=00100007&order_time=2020-11-18 HTTP/1.1" 200 408
114.86.224.23 - - [18/Nov/2020:08:55:00 +0800] "GET /xingrg/all/function/internal_message.html?_=1605660913531&CODE_STATE=getMsg HTTP/1.1" 200 27
101.89.19.197 - - [18/Nov/2020:08:55:01 +0800] "GET /xingrg/all/function/internal_message.html?_=1605660123178&CODE_STATE=getMsg HTTP/1.1" 302 -
180.174.56.115 - - [18/Nov/2020:08:55:04 +0800] "GET /xingrg/kc/buy/cgsh_order_operate.html?command=get_materiel&rest_code=00151&code=00101008302&supplier_code=00100007&order_time=2020-11-18 HTTP/1.1" 200 412
180.162.245.190 - - [18/Nov/2020:08:55:05 +0800] "GET /xingrg/kc/buy/cgsh_order_operate.html?command=get_materiel&rest_code=00105&code=00101008351&supplier_code=00100203&order_time=2020-11-18 HTTP/1.1" 200 408
114.84.145.85 - - [18/Nov/2020:08:55:09 +0800] "GET /xingrg/all/function/internal_message.html?_=1605660902864&CODE_STATE=getMsg HTTP/1.1" 200 27
180.174.56.115 - - [18/Nov/2020:08:55:09 +0800] "GET /xingrg/kc/buy/cgsh_order_operate.html?command=get_materiel&rest_code=00151&code=00101008357&supplier_code=00100007&order_time=2020-11-18 HTTP/1.1" 200 408
101.89.19.197 - - [18/Nov/2020:08:55:10 +0800] "GET /xingrg/login.html HTTP/1.1" 200 7641
116.228.172.94 - - [18/Nov/2020:08:55:11 +0800] "GET /xingrg/all/function/internal_message.html?_=1605660905973&CODE_STATE=getMsg HTTP/1.1" 200 27
180.162.245.190 - - [18/Nov/2020:08:55:12 +0800] "GET /xingrg/kc/buy/cgsh_order_operate.html?command=get_materiel&rest_code=00105&code=00101008038&supplier_code=00100203&order_time=2020-11-18 HTTP/1.1" 200 412
101.85.228.137 - - [18/Nov/2020:08:55:12 +0800] "GET /xingrg/all/function/internal_message.html?_=1605661134074&CODE_STATE=getMsg HTTP/1.1" 200 27
180.174.56.115 - - [18/Nov/2020:08:55:15 +0800] "GET /xingrg/kc/buy/cgsh_order_operate.html?command=get_materiel&rest_code=00151&code=00101008270&supplier_code=00100007&order_time=2020-11-18 HTTP/1.1" 200 412
180.174.56.115 - - [18/Nov/2020:08:55:20 +0800] "GET /xingrg/kc/buy/cgsh_order_operate.html?command=get_materiel&rest_code=00151&code=00101008098&supplier_code=00100007&order_time=2020-11-18 HTTP/1.1" 200 412
120.253.135.82 - - [18/Nov/2020:08:55:21 +0800] "GET /xingrg/check_reg.html?_=1605660668555 HTTP/1.1" 200 22
120.253.135.82 - - [18/Nov/2020:08:55:26 +0800] "GET /xingrg/all/function/internal_message.html?_=1605660673719&CODE_STATE=getMsg HTTP/1.1" 200 27
114.84.145.85 - - [18/Nov/2020:08:55:27 +0800] "GET /xingrg/check_reg.html?_=1605660920981 HTTP/1.1" 200 22
180.174.56.115 - - [18/Nov/2020:08:55:27 +0800] "GET /xingrg/kc/buy/cgsh_order_operate.html?command=get_materiel&rest_code=00151&code=00101016030&supplier_code=00100007&order_time=2020-11-18 HTTP/1.1" 200 412
180.162.245.190 - - [18/Nov/2020:08:55:31 +0800] "GET /xingrg/kc/buy/cgsh_order_operate.html?command=get_materiel&rest_code=00105&code=00101008003&supplier_code=00100203&order_time=2020-11-18 HTTP/1.1" 200 408
180.174.56.115 - - [18/Nov/2020:08:55:33 +0800] "GET /xingrg/kc/buy/cgsh_order_operate.html?command=get_materiel&rest_code=00151&code=00101015046&supplier_code=00100007&order_time=2020-11-18 HTTP/1.1" 200 413
180.174.56.115 - - [18/Nov/2020:08:55:37 +0800] "GET /xingrg/kc/buy/cgsh_order_operate.html?command=get_materiel&rest_code=00151&code=00101008286&supplier_code=00100007&order_time=2020-11-18 HTTP/1.1" 200 408
114.84.37.38 - - [18/Nov/2020:08:55:39 +0800] "GET /xingrg/all/function/internal_message.html?_=1605660949126&CODE_STATE=getMsg HTTP/1.1" 200 27
180.174.56.115 - - [18/Nov/2020:08:55:42 +0800] "GET /xingrg/all/function/internal_message.html?_=1605660940640&CODE_STATE=getMsg HTTP/1.1" 200 27
114.84.145.85 - - [18/Nov/2020:08:55:44 +0800] "GET /xingrg/all/function/internal_message.html?_=1605660532761&CODE_STATE=getMsg HTTP/1.1" 200 27
180.174.56.115 - - [18/Nov/2020:08:55:45 +0800] "GET /xingrg/kc/buy/cgsh_order_operate.html?command=get_materiel&rest_code=00151&code=00101008069&supplier_code=00100007&order_time=2020-11-18 HTTP/1.1" 200 412
114.88.166.242 - - [18/Nov/2020:08:55:49 +0800] "GET /xingrg/all/function/internal_message.html?_=1605661058925&CODE_STATE=getMsg HTTP/1.1" 200 27
180.174.56.115 - - [18/Nov/2020:08:55:51 +0800] "GET /xingrg/kc/buy/cgsh_order_operate.html?command=get_materiel&rest_code=00151&code=00101008036&supplier_code=00100007&order_time=2020-11-18 HTTP/1.1" 200 408
222.69.138.88 - - [18/Nov/2020:08:55:53 +0800] "GET /xingrg/all/function/internal_message.html?_=1605660949964&CODE_STATE=getMsg HTTP/1.1" 200 27
114.88.166.242 - - [18/Nov/2020:08:55:54 +0800] "GET /xingrg/all/function/internal_message.html?_=1605660952183&CODE_STATE=getMsg HTTP/1.1" 200 27
180.162.245.190 - - [18/Nov/2020:08:55:56 +0800] "GET /xingrg/all/function/internal_message.html?_=1605660955465&CODE_STATE=getMsg HTTP/1.1" 200 27
180.174.56.115 - - [18/Nov/2020:08:55:57 +0800] "GET /xingrg/kc/buy/cgsh_order_operate.html?command=get_materiel&rest_code=00151&code=00101008033&supplier_code=00100007&order_time=2020-11-18 HTTP/1.1" 200 408
114.86.224.23 - - [18/Nov/2020:08:55:59 +0800] "GET /xingrg/all/function/internal_message.html?_=1605660973531&CODE_STATE=getMsg HTTP/1.1" 200 27
180.174.56.115 - - [18/Nov/2020:08:56:02 +0800] "GET /xingrg/kc/buy/cgsh_order_operate.html?command=get_materiel&rest_code=00151&code=00101008213&supplier_code=00100007&order_time=2020-11-18 HTTP/1.1" 200 412
180.174.56.115 - - [18/Nov/2020:08:56:04 +0800] "POST /xingrg/kc/buy/cgsh_order_operate.html HTTP/1.1" 200 2065
114.84.145.85 - - [18/Nov/2020:08:56:09 +0800] "GET /xingrg/all/function/internal_message.html?_=1605660962840&CODE_STATE=getMsg HTTP/1.1" 200 27
180.174.56.115 - - [18/Nov/2020:08:56:10 +0800] "GET /xingrg/kc/buy/cgsh_order_operate.html?command=get_materiel&rest_code=00151&code=00101008353&supplier_code=00100007&order_time=2020-11-18 HTTP/1.1" 200 408
116.228.172.94 - - [18/Nov/2020:08:56:11 +0800] "GET /xingrg/all/function/internal_message.html?_=1605660965945&CODE_STATE=getMsg HTTP/1.1" 200 27
101.85.228.137 - - [18/Nov/2020:08:56:11 +0800] "GET /xingrg/check_reg.html?_=1605661193707 HTTP/1.1" 200 22
101.85.228.137 - - [18/Nov/2020:08:56:12 +0800] "GET /xingrg/all/function/internal_message.html?_=1605661194090&CODE_STATE=getMsg HTTP/1.1" 200 27
180.174.56.115 - - [18/Nov/2020:08:56:15 +0800] "GET /xingrg/kc/buy/cgsh_order_operate.html?command=get_materiel&rest_code=00151&code=00102002200&supplier_code=00100007&order_time=2020-11-18 HTTP/1.1" 200 408
180.157.253.48 - - [18/Nov/2020:08:56:18 +0800] "GET /favicon.ico HTTP/1.1" 404 -
180.174.56.115 - - [18/Nov/2020:08:56:18 +0800] "GET /xingrg/kc/buy/cgsh_order_operate.html?command=get_materiel&rest_code=00151&code=00101016025&supplier_code=00100007&order_time=2020-11-18 HTTP/1.1" 200 408
180.162.245.190 - - [18/Nov/2020:08:56:22 +0800] "GET /xingrg/kc/buy/cgsh_order_operate.html?command=get_materiel&rest_code=00105&code=00101008356&supplier_code=00100203&order_time=2020-11-18 HTTP/1.1" 200 408
180.174.56.115 - - [18/Nov/2020:08:56:23 +0800] "GET /xingrg/kc/buy/cgsh_order_operate.html?command=get_materiel&rest_code=00151&code=00101008137&supplier_code=00100007&order_time=2020-11-18 HTTP/1.1" 200 408
180.157.253.48 - - [18/Nov/2020:08:56:27 +0800] "GET /xingrg/login.html HTTP/1.1" 200 7641
180.157.253.48 - - [18/Nov/2020:08:56:27 +0800] "GET /xingrg/login.html HTTP/1.1" 200 7641
180.157.253.48 - - [18/Nov/2020:08:56:27 +0800] "GET /favicon.ico HTTP/1.1" 404 -
180.157.253.48 - - [18/Nov/2020:08:56:27 +0800] "GET /favicon.ico HTTP/1.1" 404 -
180.174.56.115 - - [18/Nov/2020:08:56:29 +0800] "GET /xingrg/kc/buy/cgsh_order_operate.html?command=get_materiel&rest_code=00151&code=00101008096&supplier_code=00100007&order_time=2020-11-18 HTTP/1.1" 200 413
180.162.245.190 - - [18/Nov/2020:08:56:30 +0800] "GET /xingrg/kc/buy/cgsh_order_operate.html?command=get_materiel&rest_code=00105&code=00101008212&supplier_code=00100203&order_time=2020-11-18 HTTP/1.1" 200 412
180.157.253.48 - - [18/Nov/2020:08:56:35 +0800] "POST /xingrg/login.do HTTP/1.1" 302 -
180.157.253.48 - - [18/Nov/2020:08:56:35 +0800] "GET /xingrg/index.html?sysBaseUrl=http%3A%2F%2F180.169.147.146%3A18081%2Fxingrg%2F&costTime=39×tamp=1605660995647 HTTP/1.1" 200 17179
180.157.253.48 - - [18/Nov/2020:08:56:35 +0800] "GET /favicon.ico HTTP/1.1" 404 -
180.157.253.48 - - [18/Nov/2020:08:56:36 +0800] "POST /xingrg/all/common/load_tree.html?tree=area_rest_tree_json&manage=1 HTTP/1.1" 200 351
180.174.56.115 - - [18/Nov/2020:08:56:36 +0800] "GET /xingrg/kc/buy/cgsh_order_operate.html?command=get_materiel&rest_code=00151&code=00101008144&supplier_code=00100007&order_time=2020-11-18 HTTP/1.1" 200 412
180.157.253.48 - - [18/Nov/2020:08:56:36 +0800] "GET /xingrg/all/function/internal_message.html?_=1605660996814&CODE_STATE=count HTTP/1.1" 200 11
180.157.253.48 - - [18/Nov/2020:08:56:36 +0800] "GET /xingrg/check_reg.html?_=1605660996816 HTTP/1.1" 200 22
180.157.253.48 - - [18/Nov/2020:08:56:36 +0800] "POST /xingrg/load_menu.html HTTP/1.1" 200 5138
114.84.37.38 - - [18/Nov/2020:08:56:39 +0800] "GET /xingrg/all/function/internal_message.html?_=1605661009128&CODE_STATE=getMsg HTTP/1.1" 200 27
180.162.245.190 - - [18/Nov/2020:08:56:39 +0800] "GET /xingrg/kc/buy/cgsh_order_operate.html?command=get_materiel&rest_code=00105&code=00101008137&supplier_code=00100203&order_time=2020-11-18 HTTP/1.1" 200 408
180.157.253.48 - - [18/Nov/2020:08:56:40 +0800] "GET /xingrg/kc/buy/cgsh_order_list.html HTTP/1.1" 200 45010
180.157.253.48 - - [18/Nov/2020:08:56:41 +0800] "POST /xingrg/kc/buy/cgsh_list_operate.html HTTP/1.1" 200 876
180.174.56.115 - - [18/Nov/2020:08:56:42 +0800] "GET /xingrg/all/function/internal_message.html?_=1605661000635&CODE_STATE=getMsg HTTP/1.1" 200 27
180.157.253.48 - - [18/Nov/2020:08:56:42 +0800] "GET /xingrg/kc/buy/cgsh_order_add.html HTTP/1.1" 200 60748
180.157.253.48 - - [18/Nov/2020:08:56:42 +0800] "GET /xingrg/words/20201117165825_words.js HTTP/1.1" 304 -
180.157.253.48 - - [18/Nov/2020:08:56:43 +0800] "GET /xingrg/javascript/easyui/themes/default/validatebox.css HTTP/1.1" 404 1104
180.157.253.48 - - [18/Nov/2020:08:56:43 +0800] "GET /xingrg/all/common/auto_word.html?type=employee&rest_code=00148 HTTP/1.1" 200 197
180.157.253.48 - - [18/Nov/2020:08:56:43 +0800] "GET /xingrg/all/common/auto_word.html?type=employee&rest_code=00148 HTTP/1.1" 200 197
180.157.253.48 - - [18/Nov/2020:08:56:43 +0800] "POST /xingrg/kc/buy/cgsh_order_operate.html HTTP/1.1" 200 8245
114.84.145.85 - - [18/Nov/2020:08:56:44 +0800] "GET /xingrg/all/function/internal_message.html?_=1605660592760&CODE_STATE=getMsg HTTP/1.1" 200 27
114.84.145.85 - - [18/Nov/2020:08:56:44 +0800] "GET /xingrg/check_reg.html?_=1605660592761 HTTP/1.1" 200 22
180.162.245.190 - - [18/Nov/2020:08:56:44 +0800] "POST /xingrg/kc/buy/cgsh_order_operate.html HTTP/1.1" 200 2065
180.157.253.48 - - [18/Nov/2020:08:56:45 +0800] "GET /xingrg/javascript/auto/indicator.gif HTTP/1.1" 404 1066
180.162.245.190 - - [18/Nov/2020:08:56:45 +0800] "POST /xingrg/kc/buy/cgsh_order_operate.html HTTP/1.1" 200 2065
180.174.56.115 - - [18/Nov/2020:08:56:46 +0800] "POST /xingrg/kc/buy/cgsh_order_operate.html HTTP/1.1" 200 2065
114.88.166.242 - - [18/Nov/2020:08:56:49 +0800] "GET /xingrg/check_reg.html?_=1605661118926 HTTP/1.1" 200 22
114.88.166.242 - - [18/Nov/2020:08:56:49 +0800] "GET /xingrg/all/function/internal_message.html?_=1605661118929&CODE_STATE=getMsg HTTP/1.1" 200 27
222.69.138.88 - - [18/Nov/2020:08:56:53 +0800] "GET /xingrg/all/function/internal_message.html?_=1605661009965&CODE_STATE=getMsg HTTP/1.1" 200 27
114.88.166.242 - - [18/Nov/2020:08:56:54 +0800] "GET /xingrg/all/function/internal_message.html?_=1605661012197&CODE_STATE=getMsg HTTP/1.1" 200 27
180.162.245.190 - - [18/Nov/2020:08:56:56 +0800] "GET /xingrg/check_reg.html?_=1605661015447 HTTP/1.1" 200 22
180.162.245.190 - - [18/Nov/2020:08:56:56 +0800] "GET /xingrg/all/function/internal_message.html?_=1605661015448&CODE_STATE=getMsg HTTP/1.1" 200 27
180.157.253.48 - - [18/Nov/2020:08:56:56 +0800] "GET /xingrg/kc/buy/cgsh_order_operate.html?command=get_materiel&rest_code=00148&code=00101015044&supplier_code=00100059&order_time=2020-11-18 HTTP/1.1" 200 408
114.86.224.23 - - [18/Nov/2020:08:56:59 +0800] "GET /xingrg/all/function/internal_message.html?_=1605661033531&CODE_STATE=getMsg HTTP/1.1" 200 27
180.174.56.115 - - [18/Nov/2020:08:57:01 +0800] "POST /xingrg/kc/buy/cgsh_order_operate.html HTTP/1.1" 200 37
180.174.56.115 - - [18/Nov/2020:08:57:02 +0800] "POST /xingrg/kc/buy/cgsh_order_operate.html HTTP/1.1" 200 18209
114.84.145.85 - - [18/Nov/2020:08:57:09 +0800] "GET /xingrg/all/function/internal_message.html?_=1605661022812&CODE_STATE=getMsg HTTP/1.1" 200 27
116.228.172.94 - - [18/Nov/2020:08:57:11 +0800] "GET /xingrg/all/function/internal_message.html?_=1605661025930&CODE_STATE=getMsg HTTP/1.1" 200 27
101.85.228.137 - - [18/Nov/2020:08:57:12 +0800] "GET /xingrg/all/function/internal_message.html?_=1605661254102&CODE_STATE=getMsg HTTP/1.1" 200 27
222.69.138.88 - - [18/Nov/2020:08:57:12 +0800] "GET /xingrg/kc/buy/cgsh_order_list.html HTTP/1.1" 200 45010
222.69.138.88 - - [18/Nov/2020:08:57:13 +0800] "POST /xingrg/kc/buy/cgsh_list_operate.html HTTP/1.1" 200 1701
222.69.138.88 - - [18/Nov/2020:08:57:14 +0800] "GET /xingrg/kc/buy/cgsh_order_add.html HTTP/1.1" 200 60795
222.69.138.88 - - [18/Nov/2020:08:57:14 +0800] "GET /xingrg/words/20201117165825_words.js HTTP/1.1" 200 776403
222.69.138.88 - - [18/Nov/2020:08:57:15 +0800] "POST /xingrg/kc/buy/cgsh_order_operate.html HTTP/1.1" 200 8245
222.69.138.88 - - [18/Nov/2020:08:57:15 +0800] "GET /xingrg/all/common/auto_word.html?type=employee&rest_code=00149 HTTP/1.1" 200 197
222.69.138.88 - - [18/Nov/2020:08:57:15 +0800] "GET /xingrg/all/common/auto_word.html?type=employee&rest_code=00149 HTTP/1.1" 200 197
222.69.138.88 - - [18/Nov/2020:08:57:15 +0800] "GET /xingrg/javascript/easyui/themes/default/validatebox.css HTTP/1.1" 404 1104
180.162.245.190 - - [18/Nov/2020:08:57:16 +0800] "GET /xingrg/kc/buy/cgsh_order_operate.html?command=get_materiel&rest_code=00105&code=00101008353&supplier_code=00100203&order_time=2020-11-18 HTTP/1.1" 200 408
222.69.138.88 - - [18/Nov/2020:08:57:16 +0800] "GET /xingrg/javascript/auto/indicator.gif HTTP/1.1" 404 1066
180.174.56.115 - - [18/Nov/2020:08:57:16 +0800] "GET /xingrg/kc/buy/cgsh_order_list.html HTTP/1.1" 200 45008
222.69.138.88 - - [18/Nov/2020:08:57:18 +0800] "GET /xingrg/javascript/jquery_tools/images/prev.gif HTTP/1.1" 404 1086
222.69.138.88 - - [18/Nov/2020:08:57:18 +0800] "GET /xingrg/javascript/jquery_tools/images/next.gif HTTP/1.1" 404 1086
180.174.56.115 - - [18/Nov/2020:08:57:18 +0800] "POST /xingrg/kc/buy/cgsh_list_operate.html HTTP/1.1" 200 1689
180.162.245.190 - - [18/Nov/2020:08:57:18 +0800] "GET /xingrg/system/info/materiel_import.html?isSelect=1&singleSelect=false HTTP/1.1" 200 5600
180.162.245.190 - - [18/Nov/2020:08:57:18 +0800] "GET /xingrg/css/xtree.css HTTP/1.1" 200 880
180.162.245.190 - - [18/Nov/2020:08:57:18 +0800] "GET /xingrg/javascript/jquery_ui/themes/base/base.css HTTP/1.1" 200 28568
180.162.245.190 - - [18/Nov/2020:08:57:18 +0800] "GET /xingrg/javascript/jquery_easy_ui/themes/default/images/button_a_bg.gif HTTP/1.1" 200 1194
180.162.245.190 - - [18/Nov/2020:08:57:18 +0800] "GET /xingrg/javascript/jquery_easy_ui/themes/default/images/button_span_bg.gif HTTP/1.1" 200 2061
180.162.245.190 - - [18/Nov/2020:08:57:18 +0800] "POST /xingrg/all/common/load_tree.html?tree=materiel_sort_tree_json HTTP/1.1" 200 8666
180.162.245.190 - - [18/Nov/2020:08:57:18 +0800] "GET /xingrg/javascript/jquery_easy_ui/themes/default/images/pagination_last.gif HTTP/1.1" 200 923
180.162.245.190 - - [18/Nov/2020:08:57:18 +0800] "GET /xingrg/javascript/jquery_easy_ui/themes/icons/edit_add.png HTTP/1.1" 200 1088
180.162.245.190 - - [18/Nov/2020:08:57:18 +0800] "GET /xingrg/javascript/jquery_easy_ui/themes/icons/search.png HTTP/1.1" 200 813
180.162.245.190 - - [18/Nov/2020:08:57:18 +0800] "GET /xingrg/javascript/jquery_easy_ui/themes/default/images/datagrid_header_bg.gif HTTP/1.1" 200 97
180.162.245.190 - - [18/Nov/2020:08:57:18 +0800] "GET /xingrg/javascript/jquery_easy_ui/themes/default/images/pagination_first.gif HTTP/1.1" 200 925
180.162.245.190 - - [18/Nov/2020:08:57:18 +0800] "GET /xingrg/javascript/jquery_easy_ui/themes/default/images/pagination_prev.gif HTTP/1.1" 200 879
180.162.245.190 - - [18/Nov/2020:08:57:18 +0800] "GET /xingrg/javascript/jquery_easy_ui/themes/default/images/pagination_next.gif HTTP/1.1" 200 875
180.162.245.190 - - [18/Nov/2020:08:57:18 +0800] "GET /xingrg/javascript/jquery_easy_ui/themes/default/images/pagination_load.png HTTP/1.1" 200 827
180.162.245.190 - - [18/Nov/2020:08:57:18 +0800] "GET /favicon.ico HTTP/1.1" 404 -
180.157.253.48 - - [18/Nov/2020:08:57:23 +0800] "GET /xingrg/kc/buy/cgsh_order_operate.html?command=get_materiel&rest_code=00148&code=00101008284&supplier_code=00100059&order_time=2020-11-18 HTTP/1.1" 200 413
222.69.138.88 - - [18/Nov/2020:08:57:26 +0800] "GET /xingrg/kc/buy/cgsh_order_operate.html?command=get_materiel&rest_code=00149&code=00101007077&supplier_code=00100205&order_time=2020-11-18 HTTP/1.1" 200 415
180.162.245.190 - - [18/Nov/2020:08:57:27 +0800] "GET /xingrg/kc/buy/cgsh_order_operate.html?command=get_materiel&rest_code=00105&code=00101008213&supplier_code=00100203&order_time=2020-11-18 HTTP/1.1" 200 412
180.157.253.48 - - [18/Nov/2020:08:57:34 +0800] "POST /xingrg/kc/buy/cgsh_order_operate.html HTTP/1.1" 200 37
180.162.245.190 - - [18/Nov/2020:08:57:35 +0800] "GET /xingrg/kc/buy/cgsh_order_operate.html?command=get_materiel&rest_code=00105&code=00101008298&supplier_code=00100203&order_time=2020-11-18 HTTP/1.1" 200 412
222.69.138.88 - - [18/Nov/2020:08:57:37 +0800] "GET /xingrg/kc/buy/cgsh_order_operate.html?command=get_materiel&rest_code=00149&code=00101007082&supplier_code=00100205&order_time=2020-11-18 HTTP/1.1" 200 427
180.157.253.48 - - [18/Nov/2020:08:57:38 +0800] "GET /xingrg/all/function/internal_message.html?_=1605661058627&CODE_STATE=getMsg HTTP/1.1" 200 27
180.157.253.48 - - [18/Nov/2020:08:57:38 +0800] "POST /xingrg/kc/buy/cgsh_order_operate.html HTTP/1.1" 200 3242
114.84.37.38 - - [18/Nov/2020:08:57:39 +0800] "GET /xingrg/all/function/internal_message.html?_=1605661069315&CODE_STATE=getMsg HTTP/1.1" 200 27
180.157.253.48 - - [18/Nov/2020:08:57:40 +0800] "GET /xingrg/kc/buy/cgsh_order_add.html HTTP/1.1" 200 60748
180.157.253.48 - - [18/Nov/2020:08:57:40 +0800] "POST /xingrg/kc/buy/cgsh_order_operate.html HTTP/1.1" 200 8245
180.157.253.48 - - [18/Nov/2020:08:57:40 +0800] "GET /xingrg/javascript/easyui/themes/default/validatebox.css HTTP/1.1" 404 1104
180.174.56.115 - - [18/Nov/2020:08:57:42 +0800] "GET /xingrg/all/function/internal_message.html?_=1605661060644&CODE_STATE=getMsg HTTP/1.1" 200 27
180.162.245.190 - - [18/Nov/2020:08:57:42 +0800] "GET /xingrg/kc/buy/cgsh_order_operate.html?command=get_materiel&rest_code=00105&code=00101008276&supplier_code=00100203&order_time=2020-11-18 HTTP/1.1" 200 412
114.84.145.85 - - [18/Nov/2020:08:57:44 +0800] "GET /xingrg/all/function/internal_message.html?_=1605660652759&CODE_STATE=getMsg HTTP/1.1" 200 27
180.162.245.190 - - [18/Nov/2020:08:57:49 +0800] "GET /xingrg/kc/buy/cgsh_order_operate.html?command=get_materiel&rest_code=00105&code=00101008305&supplier_code=00100203&order_time=2020-11-18 HTTP/1.1" 200 412
114.88.166.242 - - [18/Nov/2020:08:57:49 +0800] "GET /xingrg/all/function/internal_message.html?_=1605661178913&CODE_STATE=getMsg HTTP/1.1" 200 27
222.69.138.88 - - [18/Nov/2020:08:57:52 +0800] "GET /xingrg/kc/buy/cgsh_order_operate.html?command=get_materiel&rest_code=00149&code=00101007061&supplier_code=00100205&order_time=2020-11-18 HTTP/1.1" 200 411
222.69.138.88 - - [18/Nov/2020:08:57:53 +0800] "GET /xingrg/all/function/internal_message.html?_=1605661069968&CODE_STATE=getMsg HTTP/1.1" 200 27
114.88.166.242 - - [18/Nov/2020:08:57:54 +0800] "GET /xingrg/all/function/internal_message.html?_=1605661072243&CODE_STATE=getMsg HTTP/1.1" 200 27
180.162.245.190 - - [18/Nov/2020:08:57:56 +0800] "GET /xingrg/all/function/internal_message.html?_=1605661075420&CODE_STATE=getMsg HTTP/1.1" 200 27
180.162.245.190 - - [18/Nov/2020:08:57:57 +0800] "GET /xingrg/kc/buy/cgsh_order_operate.html?command=get_materiel&rest_code=00105&code=00101008350&supplier_code=00100203&order_time=2020-11-18 HTTP/1.1" 200 408
114.86.224.23 - - [18/Nov/2020:08:57:59 +0800] "GET /xingrg/check_reg.html?_=1605661093500 HTTP/1.1" 200 22
114.86.224.23 - - [18/Nov/2020:08:57:59 +0800] "GET /xingrg/all/function/internal_message.html?_=1605661093531&CODE_STATE=getMsg HTTP/1.1" 200 27
180.162.245.190 - - [18/Nov/2020:08:58:04 +0800] "POST /xingrg/kc/buy/cgsh_order_operate.html HTTP/1.1" 200 2065
180.162.245.190 - - [18/Nov/2020:08:58:05 +0800] "POST /xingrg/kc/buy/cgsh_order_operate.html HTTP/1.1" 200 2065
114.84.145.85 - - [18/Nov/2020:08:58:08 +0800] "GET /xingrg/all/function/internal_message.html?_=1605661082819&CODE_STATE=getMsg HTTP/1.1" 200 27
116.228.172.94 - - [18/Nov/2020:08:58:11 +0800] "GET /xingrg/all/function/internal_message.html?_=1605661085915&CODE_STATE=getMsg HTTP/1.1" 200 27
101.85.228.137 - - [18/Nov/2020:08:58:12 +0800] "GET /xingrg/all/function/internal_message.html?_=1605661314116&CODE_STATE=getMsg HTTP/1.1" 200 27
114.84.37.38 - - [18/Nov/2020:08:58:22 +0800] "GET /xingrg/check_reg.html?_=1605661112560 HTTP/1.1" 200 22
114.88.166.242 - - [18/Nov/2020:08:58:37 +0800] "GET /xingrg/kc/buy/cgsh_order_add.html HTTP/1.1" 200 60742
180.157.253.48 - - [18/Nov/2020:08:58:38 +0800] "GET /xingrg/all/function/internal_message.html?_=1605661118606&CODE_STATE=getMsg HTTP/1.1" 200 27
114.88.166.242 - - [18/Nov/2020:08:58:38 +0800] "POST /xingrg/kc/buy/cgsh_order_operate.html HTTP/1.1" 200 8245
114.88.166.242 - - [18/Nov/2020:08:58:38 +0800] "GET /xingrg/javascript/easyui/themes/default/validatebox.css HTTP/1.1" 404 1104
114.84.37.38 - - [18/Nov/2020:08:58:39 +0800] "GET /xingrg/all/function/internal_message.html?_=1605661129326&CODE_STATE=getMsg HTTP/1.1" 200 27
180.162.245.190 - - [18/Nov/2020:08:58:41 +0800] "GET /xingrg/kc/buy/cgsh_order_operate.html?command=get_materiel&rest_code=00105&code=00101008357&supplier_code=00100203&order_time=2020-11-18 HTTP/1.1" 200 408
180.174.56.115 - - [18/Nov/2020:08:58:42 +0800] "GET /xingrg/check_reg.html?_=1605661120643 HTTP/1.1" 200 22
180.174.56.115 - - [18/Nov/2020:08:58:42 +0800] "GET /xingrg/all/function/internal_message.html?_=1605661120645&CODE_STATE=getMsg HTTP/1.1" 200 27
114.84.145.85 - - [18/Nov/2020:08:58:44 +0800] "GET /xingrg/all/function/internal_message.html?_=1605660712757&CODE_STATE=getMsg HTTP/1.1" 200 27
114.88.166.242 - - [18/Nov/2020:08:58:48 +0800] "GET /xingrg/kc/buy/cgsh_order_operate.html?command=get_materiel&rest_code=00111&code=00101006038&supplier_code=00100012&order_time=2020-11-18 HTTP/1.1" 200 421
114.88.166.242 - - [18/Nov/2020:08:58:49 +0800] "GET /xingrg/all/function/internal_message.html?_=1605661238925&CODE_STATE=getMsg HTTP/1.1" 200 27
222.69.138.88 - - [18/Nov/2020:08:58:53 +0800] "GET /xingrg/check_reg.html?_=1605661129971 HTTP/1.1" 200 22
222.69.138.88 - - [18/Nov/2020:08:58:53 +0800] "GET /xingrg/all/function/internal_message.html?_=1605661129973&CODE_STATE=getMsg HTTP/1.1" 200 27
