180.174.56.115 - - [18/Nov/2020:09:26:23 +0800] "POST /xingrg/kc/base/yddb_list_operate.html HTTP/1.1" 200 636
180.174.56.115 - - [18/Nov/2020:09:26:24 +0800] "GET /xingrg/kc/base/yddb_order_add.html HTTP/1.1" 200 29753
180.174.56.115 - - [18/Nov/2020:09:26:24 +0800] "GET /xingrg/dwr/interface/AjaxComOrderService.js HTTP/1.1" 200 18264
180.174.56.115 - - [18/Nov/2020:09:26:24 +0800] "GET /xingrg/dwr/interface/AjaxYddbService.js HTTP/1.1" 200 13201
180.174.56.115 - - [18/Nov/2020:09:26:24 +0800] "GET /xingrg/dwr/engine.js HTTP/1.1" 200 43631
180.174.56.115 - - [18/Nov/2020:09:26:26 +0800] "POST /xingrg/dwr/call/plaincall/AjaxYddbService.getRestBases.dwr HTTP/1.1" 200 1514
180.174.56.115 - - [18/Nov/2020:09:26:34 +0800] "POST /xingrg/dwr/call/plaincall/AjaxYddbService.saveOrder.dwr HTTP/1.1" 200 78
180.174.56.115 - - [18/Nov/2020:09:26:34 +0800] "GET /xingrg/images/yd/bt.gif HTTP/1.1" 404 1040
180.157.253.48 - - [18/Nov/2020:09:26:36 +0800] "GET /xingrg/check_reg.html?_=1605662796857 HTTP/1.1" 200 22
180.174.56.115 - - [18/Nov/2020:09:26:36 +0800] "POST /xingrg/dwr/call/plaincall/AjaxComOrderService.getMaterielSearchList.dwr HTTP/1.1" 200 1281
172.17.0.120 - - [18/Nov/2020:09:26:36 +0800] "GET /xingrg/index.html HTTP/1.1" 302 -
172.17.0.120 - - [18/Nov/2020:09:26:36 +0800] "GET /xingrg/login.html HTTP/1.1" 200 7636
172.17.0.120 - - [18/Nov/2020:09:26:37 +0800] "GET /xingrg/images/blue/login_bg.png HTTP/1.1" 200 22101
172.17.0.120 - - [18/Nov/2020:09:26:37 +0800] "GET /xingrg/images/blue/hj.png HTTP/1.1" 200 1014
172.17.0.120 - - [18/Nov/2020:09:26:37 +0800] "GET /xingrg/images/blue/srbg.png HTTP/1.1" 200 138
172.17.0.120 - - [18/Nov/2020:09:26:37 +0800] "GET /favicon.ico HTTP/1.1" 404 -
180.157.253.48 - - [18/Nov/2020:09:26:37 +0800] "GET /xingrg/all/function/internal_message.html?_=1605662798343&CODE_STATE=getMsg HTTP/1.1" 200 27
180.174.56.115 - - [18/Nov/2020:09:26:38 +0800] "POST /xingrg/dwr/call/plaincall/AjaxYddbService.getMaterielByMap.dwr HTTP/1.1" 200 3740
114.84.37.38 - - [18/Nov/2020:09:26:40 +0800] "GET /xingrg/all/function/internal_message.html?_=1605662810503&CODE_STATE=getMsg HTTP/1.1" 200 27
180.174.56.115 - - [18/Nov/2020:09:26:41 +0800] "POST /xingrg/dwr/call/plaincall/AjaxYddbService.removeMaterielItem.dwr HTTP/1.1" 200 78
172.17.0.120 - - [18/Nov/2020:09:26:42 +0800] "POST /xingrg/login.do HTTP/1.1" 302 -
172.17.0.120 - - [18/Nov/2020:09:26:42 +0800] "GET /xingrg/index.html?sysBaseUrl=http%3A%2F%2F172.17.0.8%3A18081%2Fxingrg%2F&costTime=40×tamp=1605662802923 HTTP/1.1" 200 17448
172.17.0.120 - - [18/Nov/2020:09:26:43 +0800] "GET /favicon.ico HTTP/1.1" 404 -
172.17.0.120 - - [18/Nov/2020:09:26:43 +0800] "POST /xingrg/all/common/load_tree.html?tree=area_rest_tree_json&manage=1 HTTP/1.1" 200 3350
172.17.0.120 - - [18/Nov/2020:09:26:43 +0800] "GET /xingrg/all/function/internal_message.html?_=1605662948287&CODE_STATE=count HTTP/1.1" 200 11
172.17.0.120 - - [18/Nov/2020:09:26:43 +0800] "GET /xingrg/check_reg.html?_=1605662948288 HTTP/1.1" 200 22
172.17.0.120 - - [18/Nov/2020:09:26:43 +0800] "GET /xingrg/images/blue/pingpu.png HTTP/1.1" 304 -
172.17.0.120 - - [18/Nov/2020:09:26:43 +0800] "GET /xingrg/javascript/jquery_easy_ui/themes/default/images/panel_tool_expand.gif HTTP/1.1" 304 -
172.17.0.120 - - [18/Nov/2020:09:26:43 +0800] "GET /xingrg/javascript/jquery_easy_ui/themes/default/images/panel_tool_collapse.gif HTTP/1.1" 304 -
172.17.0.120 - - [18/Nov/2020:09:26:43 +0800] "POST /xingrg/load_menu.html HTTP/1.1" 200 11408
172.17.0.120 - - [18/Nov/2020:09:26:43 +0800] "GET /xingrg/javascript/jquery_easy_ui/themes/icons/delivery_new.png HTTP/1.1" 200 700
114.84.145.85 - - [18/Nov/2020:09:26:44 +0800] "GET /xingrg/all/function/internal_message.html?_=1605662392819&CODE_STATE=getMsg HTTP/1.1" 200 27
114.84.145.85 - - [18/Nov/2020:09:26:44 +0800] "GET /xingrg/check_reg.html?_=1605662392818 HTTP/1.1" 200 22
180.174.56.115 - - [18/Nov/2020:09:26:44 +0800] "POST /xingrg/dwr/call/plaincall/AjaxComOrderService.getMaterielSearchList.dwr HTTP/1.1" 200 1281
180.174.56.115 - - [18/Nov/2020:09:26:45 +0800] "POST /xingrg/dwr/call/plaincall/AjaxYddbService.getMaterielByMap.dwr HTTP/1.1" 200 3678
180.174.56.115 - - [18/Nov/2020:09:26:48 +0800] "POST /xingrg/dwr/call/plaincall/AjaxYddbService.saveMaterielItem.dwr HTTP/1.1" 200 78
114.88.166.242 - - [18/Nov/2020:09:26:49 +0800] "GET /xingrg/check_reg.html?_=1605662918953 HTTP/1.1" 200 22
114.88.166.242 - - [18/Nov/2020:09:26:49 +0800] "GET /xingrg/all/function/internal_message.html?_=1605662919002&CODE_STATE=getMsg HTTP/1.1" 200 27
180.174.56.115 - - [18/Nov/2020:09:26:50 +0800] "GET /xingrg/all/function/internal_message.html?_=1605662809165&CODE_STATE=getMsg HTTP/1.1" 200 27
180.174.56.115 - - [18/Nov/2020:09:26:51 +0800] "POST /xingrg/dwr/call/plaincall/AjaxYddbService.checkOrder.dwr HTTP/1.1" 200 78
172.17.0.120 - - [18/Nov/2020:09:26:51 +0800] "POST /xingrg/all/user/operate.html HTTP/1.1" 200 36
172.17.0.120 - - [18/Nov/2020:09:26:51 +0800] "GET /xingrg/index.html?sysBaseUrl=http%3A%2F%2F172.17.0.8%3A18081%2Fxingrg%2F&costTime=40×tamp=1605662802923 HTTP/1.1" 200 17454
172.17.0.120 - - [18/Nov/2020:09:26:51 +0800] "GET /xingrg/javascript/jquery_easy_ui/themes/default/easyui.css HTTP/1.1" 304 -
172.17.0.120 - - [18/Nov/2020:09:26:51 +0800] "GET /xingrg/javascript/jquery_easy_ui/themes/icon.css HTTP/1.1" 304 -
172.17.0.120 - - [18/Nov/2020:09:26:51 +0800] "GET /xingrg/css/form.css HTTP/1.1" 304 -
172.17.0.120 - - [18/Nov/2020:09:26:51 +0800] "GET /xingrg/javascript/jquery-1.4.2.min.js HTTP/1.1" 304 -
172.17.0.120 - - [18/Nov/2020:09:26:51 +0800] "GET /xingrg/javascript/jquery_easy_ui/jquery.easyui.min.js HTTP/1.1" 304 -
172.17.0.120 - - [18/Nov/2020:09:26:51 +0800] "GET /xingrg/javascript/jquery_easy_ui/easyui-lang-zh_CN.js HTTP/1.1" 304 -
172.17.0.120 - - [18/Nov/2020:09:26:51 +0800] "GET /xingrg/javascript/jquery.form.js HTTP/1.1" 304 -
172.17.0.120 - - [18/Nov/2020:09:26:51 +0800] "GET /xingrg/javascript/jquery.utils.js HTTP/1.1" 304 -
172.17.0.120 - - [18/Nov/2020:09:26:51 +0800] "GET /xingrg/javascript/jquery.timers.js HTTP/1.1" 304 -
172.17.0.120 - - [18/Nov/2020:09:26:51 +0800] "GET /xingrg/images/blue/jxLogo.png HTTP/1.1" 304 -
172.17.0.120 - - [18/Nov/2020:09:26:51 +0800] "GET /xingrg/images/blue/navBackgound.jpg HTTP/1.1" 304 -
172.17.0.120 - - [18/Nov/2020:09:26:51 +0800] "GET /xingrg/javascript/jquery_easy_ui/themes/icons/settle_new.png HTTP/1.1" 304 -
172.17.0.120 - - [18/Nov/2020:09:26:51 +0800] "POST /xingrg/all/common/load_tree.html?tree=area_rest_tree_json&manage=1 HTTP/1.1" 200 3350
172.17.0.120 - - [18/Nov/2020:09:26:51 +0800] "GET /xingrg/all/function/internal_message.html?_=1605662956979&CODE_STATE=count HTTP/1.1" 200 11
172.17.0.120 - - [18/Nov/2020:09:26:51 +0800] "GET /xingrg/check_reg.html?_=1605662956980 HTTP/1.1" 200 22
172.17.0.120 - - [18/Nov/2020:09:26:51 +0800] "GET /xingrg/javascript/jquery_easy_ui/themes/default/images/tabs_leftarrow.png HTTP/1.1" 304 -
172.17.0.120 - - [18/Nov/2020:09:26:51 +0800] "GET /xingrg/javascript/jquery_easy_ui/themes/default/images/panel_tool_expand.gif HTTP/1.1" 304 -
172.17.0.120 - - [18/Nov/2020:09:26:51 +0800] "GET /xingrg/javascript/jquery_easy_ui/themes/default/images/panel_tool_collapse.gif HTTP/1.1" 304 -
172.17.0.120 - - [18/Nov/2020:09:26:51 +0800] "GET /xingrg/javascript/jquery_easy_ui/themes/default/images/tabs_rightarrow.png HTTP/1.1" 304 -
172.17.0.120 - - [18/Nov/2020:09:26:51 +0800] "GET /xingrg/images/blue/pingpu.png HTTP/1.1" 200 231
172.17.0.120 - - [18/Nov/2020:09:26:51 +0800] "POST /xingrg/load_menu.html HTTP/1.1" 200 9924
180.174.56.115 - - [18/Nov/2020:09:26:52 +0800] "GET /xingrg/kc/base/yddb_order_info.html?code=482020111800127 HTTP/1.1" 200 29382
180.174.56.115 - - [18/Nov/2020:09:26:52 +0800] "GET /xingrg/dwr/interface/AjaxComOrderService.js HTTP/1.1" 200 18264
180.174.56.115 - - [18/Nov/2020:09:26:52 +0800] "GET /xingrg/dwr/interface/AjaxYddbService.js HTTP/1.1" 200 13201
180.174.56.115 - - [18/Nov/2020:09:26:52 +0800] "GET /xingrg/dwr/engine.js HTTP/1.1" 200 43631
180.174.56.115 - - [18/Nov/2020:09:26:52 +0800] "POST /xingrg/dwr/call/plaincall/AjaxYddbService.loadMaterielItems.dwr HTTP/1.1" 200 406
172.17.0.123 - - [18/Nov/2020:09:26:52 +0800] "GET /xingrg/all/function/internal_message.html?_=1605662753286&CODE_STATE=getMsg HTTP/1.1" 200 27
222.69.138.88 - - [18/Nov/2020:09:26:53 +0800] "GET /xingrg/all/function/internal_message.html?_=1605662809858&CODE_STATE=getMsg HTTP/1.1" 200 27
172.17.0.120 - - [18/Nov/2020:09:26:54 +0800] "GET /xingrg/kc/mdqp/qp_main.html HTTP/1.1" 200 10613
172.17.0.120 - - [18/Nov/2020:09:26:54 +0800] "GET /xingrg/images/blue/button/qqpsd.gif HTTP/1.1" 200 2548
172.17.0.120 - - [18/Nov/2020:09:26:54 +0800] "GET /xingrg/images/blue/button/pszx.gif HTTP/1.1" 200 2648
172.17.0.120 - - [18/Nov/2020:09:26:54 +0800] "GET /xingrg/images/blue/button/psshd.gif HTTP/1.1" 200 2692
172.17.0.120 - - [18/Nov/2020:09:26:55 +0800] "GET /xingrg/kc/buy/buy_main.html HTTP/1.1" 200 12377
172.17.0.120 - - [18/Nov/2020:09:26:55 +0800] "GET /xingrg/css/new_ie.css HTTP/1.1" 404 1036
172.17.0.120 - - [18/Nov/2020:09:26:55 +0800] "GET /xingrg/images/yd/bt.gif HTTP/1.1" 404 1040
114.88.166.242 - - [18/Nov/2020:09:26:55 +0800] "GET /xingrg/all/function/internal_message.html?_=1605662812993&CODE_STATE=getMsg HTTP/1.1" 200 27
172.17.0.120 - - [18/Nov/2020:09:26:55 +0800] "GET /xingrg/kc/buy/cgsh_order_list.html HTTP/1.1" 200 45246
180.162.245.190 - - [18/Nov/2020:09:26:56 +0800] "GET /xingrg/all/function/internal_message.html?_=1605662815385&CODE_STATE=getMsg HTTP/1.1" 200 27
180.162.245.190 - - [18/Nov/2020:09:26:56 +0800] "GET /xingrg/check_reg.html?_=1605662815419 HTTP/1.1" 200 22
172.17.0.120 - - [18/Nov/2020:09:26:57 +0800] "POST /xingrg/kc/buy/cgsh_list_operate.html HTTP/1.1" 200 876
172.17.0.120 - - [18/Nov/2020:09:26:59 +0800] "GET /xingrg/javascript/jquery_tools/images/next.gif HTTP/1.1" 404 1086
172.17.0.120 - - [18/Nov/2020:09:26:59 +0800] "GET /xingrg/javascript/jquery_tools/images/prev.gif HTTP/1.1" 404 1086
180.174.56.115 - - [18/Nov/2020:09:26:59 +0800] "GET /xingrg/kc/base/yddb_order_add.html HTTP/1.1" 200 29753
180.174.56.115 - - [18/Nov/2020:09:26:59 +0800] "GET /xingrg/dwr/interface/AjaxComOrderService.js HTTP/1.1" 200 18264
180.174.56.115 - - [18/Nov/2020:09:26:59 +0800] "GET /xingrg/dwr/interface/AjaxYddbService.js HTTP/1.1" 200 13201
180.174.56.115 - - [18/Nov/2020:09:26:59 +0800] "GET /xingrg/dwr/engine.js HTTP/1.1" 200 43631
180.174.56.115 - - [18/Nov/2020:09:27:02 +0800] "POST /xingrg/dwr/call/plaincall/AjaxYddbService.getRestBases.dwr HTTP/1.1" 200 1514
172.17.0.120 - - [18/Nov/2020:09:27:04 +0800] "POST /xingrg/kc/buy/cgsh_list_operate.html HTTP/1.1" 200 5477
180.174.56.115 - - [18/Nov/2020:09:27:08 +0800] "POST /xingrg/dwr/call/plaincall/AjaxYddbService.saveOrder.dwr HTTP/1.1" 200 78
114.84.145.85 - - [18/Nov/2020:09:27:08 +0800] "GET /xingrg/all/function/internal_message.html?_=1605662822189&CODE_STATE=getMsg HTTP/1.1" 200 27
172.17.0.120 - - [18/Nov/2020:09:27:08 +0800] "POST /xingrg/kc/buy/cgsh_list_operate.html HTTP/1.1" 200 5534
172.17.0.120 - - [18/Nov/2020:09:27:11 +0800] "POST /xingrg/kc/buy/cgsh_list_operate.html HTTP/1.1" 200 279
116.228.172.94 - - [18/Nov/2020:09:27:11 +0800] "GET /xingrg/all/function/internal_message.html?_=1605662825963&CODE_STATE=getMsg HTTP/1.1" 200 27
172.17.0.100 - - [18/Nov/2020:09:27:11 +0800] "GET /xingrg/all/function/internal_message.html?_=1605662831848&CODE_STATE=getMsg HTTP/1.1" 200 27
172.17.0.100 - - [18/Nov/2020:09:27:11 +0800] "GET /xingrg/check_reg.html?_=1605662831850 HTTP/1.1" 200 22
180.157.253.48 - - [18/Nov/2020:09:27:13 +0800] "POST /xingrg/kc/buy/cgsh_order_operate.html HTTP/1.1" 200 37
172.17.0.120 - - [18/Nov/2020:09:27:13 +0800] "POST /xingrg/kc/buy/cgsh_list_operate.html HTTP/1.1" 200 4
180.174.56.115 - - [18/Nov/2020:09:27:14 +0800] "POST /xingrg/dwr/call/plaincall/AjaxComOrderService.getMaterielSearchList.dwr HTTP/1.1" 200 382761
180.174.56.115 - - [18/Nov/2020:09:27:14 +0800] "POST /xingrg/dwr/call/plaincall/AjaxComOrderService.getMaterielSearchList.dwr HTTP/1.1" 200 1094
180.157.253.48 - - [18/Nov/2020:09:27:14 +0800] "POST /xingrg/kc/buy/cgsh_order_operate.html HTTP/1.1" 200 9202
180.174.56.115 - - [18/Nov/2020:09:27:15 +0800] "POST /xingrg/dwr/call/plaincall/AjaxComOrderService.getMaterielSearchList.dwr HTTP/1.1" 200 1094
172.17.0.120 - - [18/Nov/2020:09:27:15 +0800] "POST /xingrg/kc/buy/cgsh_list_operate.html HTTP/1.1" 200 5477
180.174.56.115 - - [18/Nov/2020:09:27:17 +0800] "POST /xingrg/dwr/call/plaincall/AjaxYddbService.getMaterielByMap.dwr HTTP/1.1" 200 3714
172.17.0.101 - - [18/Nov/2020:09:27:20 +0800] "GET /xingrg/check_reg.html?_=1605662881195 HTTP/1.1" 200 22
180.174.56.115 - - [18/Nov/2020:09:27:20 +0800] "POST /xingrg/dwr/call/plaincall/AjaxYddbService.getUnitPrice.dwr HTTP/1.1" 200 86
101.85.228.137 - - [18/Nov/2020:09:27:22 +0800] "GET /xingrg/all/function/internal_message.html?_=1605663063995&CODE_STATE=getMsg HTTP/1.1" 200 27
180.174.56.115 - - [18/Nov/2020:09:27:23 +0800] "POST /xingrg/dwr/call/plaincall/AjaxYddbService.saveMaterielItem.dwr HTTP/1.1" 200 78
180.174.56.115 - - [18/Nov/2020:09:27:25 +0800] "POST /xingrg/dwr/call/plaincall/AjaxComOrderService.getMaterielSearchList.dwr HTTP/1.1" 200 15689
172.17.0.100 - - [18/Nov/2020:09:27:33 +0800] "GET /xingrg/kc/buy/cgsh_order_list.html HTTP/1.1" 200 44990
172.17.0.100 - - [18/Nov/2020:09:27:34 +0800] "POST /xingrg/kc/buy/cgsh_list_operate.html HTTP/1.1" 200 1675
180.174.56.115 - - [18/Nov/2020:09:27:34 +0800] "POST /xingrg/dwr/call/plaincall/AjaxYddbService.getMaterielByMap.dwr HTTP/1.1" 200 3654
172.17.0.100 - - [18/Nov/2020:09:27:36 +0800] "POST /xingrg/kc/buy/cgsh_list_operate.html HTTP/1.1" 200 279
180.174.56.115 - - [18/Nov/2020:09:27:37 +0800] "POST /xingrg/dwr/call/plaincall/AjaxYddbService.saveMaterielItem.dwr HTTP/1.1" 200 79
180.157.253.48 - - [18/Nov/2020:09:27:37 +0800] "GET /xingrg/all/function/internal_message.html?_=1605662858328&CODE_STATE=getMsg HTTP/1.1" 200 27
172.17.0.100 - - [18/Nov/2020:09:27:39 +0800] "POST /xingrg/kc/buy/cgsh_list_operate.html HTTP/1.1" 200 4
114.84.37.38 - - [18/Nov/2020:09:27:40 +0800] "GET /xingrg/all/function/internal_message.html?_=1605662870516&CODE_STATE=getMsg HTTP/1.1" 200 27
172.17.0.100 - - [18/Nov/2020:09:27:41 +0800] "POST /xingrg/kc/buy/cgsh_list_operate.html HTTP/1.1" 200 876
180.174.56.115 - - [18/Nov/2020:09:27:41 +0800] "POST /xingrg/dwr/call/plaincall/AjaxYddbService.checkOrder.dwr HTTP/1.1" 200 79
180.174.56.115 - - [18/Nov/2020:09:27:42 +0800] "GET /xingrg/dwr/interface/AjaxComOrderService.js HTTP/1.1" 200 18264
180.174.56.115 - - [18/Nov/2020:09:27:42 +0800] "GET /xingrg/dwr/interface/AjaxYddbService.js HTTP/1.1" 200 13201
180.174.56.115 - - [18/Nov/2020:09:27:42 +0800] "GET /xingrg/kc/base/yddb_order_info.html?code=482020111800128 HTTP/1.1" 200 29383
180.174.56.115 - - [18/Nov/2020:09:27:42 +0800] "GET /xingrg/dwr/engine.js HTTP/1.1" 200 43631
180.174.56.115 - - [18/Nov/2020:09:27:42 +0800] "POST /xingrg/dwr/call/plaincall/AjaxYddbService.loadMaterielItems.dwr HTTP/1.1" 200 732
114.84.145.85 - - [18/Nov/2020:09:27:44 +0800] "GET /xingrg/all/function/internal_message.html?_=1605662452817&CODE_STATE=getMsg HTTP/1.1" 200 27
180.157.253.48 - - [18/Nov/2020:09:27:45 +0800] "POST /xingrg/kc/buy/cgsh_order_operate.html HTTP/1.1" 200 37
180.157.253.48 - - [18/Nov/2020:09:27:47 +0800] "POST /xingrg/kc/buy/cgsh_order_operate.html HTTP/1.1" 200 9202
114.88.166.242 - - [18/Nov/2020:09:27:49 +0800] "GET /xingrg/all/function/internal_message.html?_=1605662978977&CODE_STATE=getMsg HTTP/1.1" 200 27
180.174.56.115 - - [18/Nov/2020:09:27:50 +0800] "GET /xingrg/all/function/internal_message.html?_=1605662869178&CODE_STATE=getMsg HTTP/1.1" 200 27
172.17.0.120 - - [18/Nov/2020:09:27:51 +0800] "GET /xingrg/all/function/internal_message.html?_=1605663016985&CODE_STATE=getMsg HTTP/1.1" 200 27
180.174.56.115 - - [18/Nov/2020:09:27:52 +0800] "POST /xingrg/all/user/operate.html HTTP/1.1" 200 36
180.174.56.115 - - [18/Nov/2020:09:27:52 +0800] "GET /xingrg/index.html?sysBaseUrl=http%3A%2F%2F180.169.147.146%3A18081%2Fxingrg%2F&costTime=4725×tamp=1605582200095 HTTP/1.1" 200 17177
180.174.56.115 - - [18/Nov/2020:09:27:52 +0800] "GET /xingrg/javascript/jquery_easy_ui/themes/default/easyui.css HTTP/1.1" 304 -
180.174.56.115 - - [18/Nov/2020:09:27:52 +0800] "GET /xingrg/javascript/jquery_easy_ui/themes/icon.css HTTP/1.1" 304 -
180.174.56.115 - - [18/Nov/2020:09:27:52 +0800] "GET /xingrg/css/form.css HTTP/1.1" 304 -
180.174.56.115 - - [18/Nov/2020:09:27:52 +0800] "GET /xingrg/javascript/jquery-1.4.2.min.js HTTP/1.1" 304 -
180.174.56.115 - - [18/Nov/2020:09:27:52 +0800] "GET /xingrg/javascript/jquery_easy_ui/jquery.easyui.min.js HTTP/1.1" 304 -
180.174.56.115 - - [18/Nov/2020:09:27:52 +0800] "GET /xingrg/javascript/jquery_easy_ui/easyui-lang-zh_CN.js HTTP/1.1" 304 -
180.174.56.115 - - [18/Nov/2020:09:27:52 +0800] "GET /xingrg/javascript/jquery.form.js HTTP/1.1" 304 -
180.174.56.115 - - [18/Nov/2020:09:27:52 +0800] "GET /xingrg/javascript/jquery.utils.js HTTP/1.1" 304 -
180.174.56.115 - - [18/Nov/2020:09:27:52 +0800] "GET /xingrg/javascript/jquery.timers.js HTTP/1.1" 304 -
180.174.56.115 - - [18/Nov/2020:09:27:52 +0800] "GET /xingrg/images/blue/jxLogo.png HTTP/1.1" 304 -
180.174.56.115 - - [18/Nov/2020:09:27:52 +0800] "GET /xingrg/images/blue/navBackgound.jpg HTTP/1.1" 304 -
180.174.56.115 - - [18/Nov/2020:09:27:52 +0800] "GET /xingrg/javascript/jquery_easy_ui/themes/icons/settle_new.png HTTP/1.1" 304 -
180.174.56.115 - - [18/Nov/2020:09:27:52 +0800] "POST /xingrg/all/common/load_tree.html?tree=area_rest_tree_json&manage=1 HTTP/1.1" 200 476
180.174.56.115 - - [18/Nov/2020:09:27:52 +0800] "GET /xingrg/check_reg.html?_=1605662871030 HTTP/1.1" 200 22
180.174.56.115 - - [18/Nov/2020:09:27:52 +0800] "GET /xingrg/all/function/internal_message.html?_=1605662871029&CODE_STATE=count HTTP/1.1" 200 11
180.174.56.115 - - [18/Nov/2020:09:27:52 +0800] "GET /xingrg/javascript/jquery_easy_ui/themes/default/images/tabs_leftarrow.png HTTP/1.1" 304 -
180.174.56.115 - - [18/Nov/2020:09:27:52 +0800] "GET /xingrg/javascript/jquery_easy_ui/themes/default/images/panel_tool_collapse.gif HTTP/1.1" 304 -
180.174.56.115 - - [18/Nov/2020:09:27:52 +0800] "GET /xingrg/javascript/jquery_easy_ui/themes/default/images/tabs_rightarrow.png HTTP/1.1" 304 -
180.174.56.115 - - [18/Nov/2020:09:27:52 +0800] "GET /xingrg/images/blue/pingpu.png HTTP/1.1" 304 -
180.174.56.115 - - [18/Nov/2020:09:27:52 +0800] "POST /xingrg/load_menu.html HTTP/1.1" 200 5138
172.17.0.123 - - [18/Nov/2020:09:27:52 +0800] "GET /xingrg/all/function/internal_message.html?_=1605662813281&CODE_STATE=getMsg HTTP/1.1" 200 27
222.69.138.88 - - [18/Nov/2020:09:27:53 +0800] "GET /xingrg/all/function/internal_message.html?_=1605662869839&CODE_STATE=getMsg HTTP/1.1" 200 27
180.174.56.115 - - [18/Nov/2020:09:27:55 +0800] "GET /xingrg/kc/base/yddb_order_list.html HTTP/1.1" 200 17028
114.88.166.242 - - [18/Nov/2020:09:27:55 +0800] "GET /xingrg/all/function/internal_message.html?_=1605662873007&CODE_STATE=getMsg HTTP/1.1" 200 27
180.174.56.115 - - [18/Nov/2020:09:27:55 +0800] "POST /xingrg/kc/base/yddb_list_operate.html HTTP/1.1" 200 636
180.162.245.190 - - [18/Nov/2020:09:27:56 +0800] "GET /xingrg/all/function/internal_message.html?_=1605662875384&CODE_STATE=getMsg HTTP/1.1" 200 27
180.174.56.115 - - [18/Nov/2020:09:27:58 +0800] "POST /xingrg/kc/base/yddb_list_operate.html HTTP/1.1" 200 1605
180.174.56.115 - - [18/Nov/2020:09:27:59 +0800] "POST /xingrg/kc/base/yddb_list_operate.html HTTP/1.1" 200 275
180.174.56.115 - - [18/Nov/2020:09:27:59 +0800] "GET /xingrg/kc/base/yddb_order_info.html?code=482020111800128 HTTP/1.1" 200 30948
180.174.56.115 - - [18/Nov/2020:09:27:59 +0800] "GET /xingrg/dwr/interface/AjaxComOrderService.js HTTP/1.1" 200 18264
180.174.56.115 - - [18/Nov/2020:09:27:59 +0800] "GET /xingrg/dwr/interface/AjaxYddbService.js HTTP/1.1" 200 13201
180.174.56.115 - - [18/Nov/2020:09:27:59 +0800] "GET /xingrg/dwr/engine.js HTTP/1.1" 200 43631
180.174.56.115 - - [18/Nov/2020:09:27:59 +0800] "POST /xingrg/dwr/call/plaincall/AjaxYddbService.loadMaterielItems.dwr HTTP/1.1" 200 732
180.174.56.115 - - [18/Nov/2020:09:28:03 +0800] "POST /xingrg/dwr/call/plaincall/AjaxYddbService.saveOrder.dwr HTTP/1.1" 200 78
180.174.56.115 - - [18/Nov/2020:09:28:05 +0800] "POST /xingrg/dwr/call/plaincall/AjaxYddbService.objCheckOrder.dwr HTTP/1.1" 200 78
180.174.56.115 - - [18/Nov/2020:09:28:06 +0800] "GET /xingrg/kc/base/yddb_order_info.html?code=482020111800128 HTTP/1.1" 200 31069
180.174.56.115 - - [18/Nov/2020:09:28:06 +0800] "GET /xingrg/dwr/interface/AjaxComOrderService.js HTTP/1.1" 200 18264
180.174.56.115 - - [18/Nov/2020:09:28:06 +0800] "GET /xingrg/dwr/interface/AjaxYddbService.js HTTP/1.1" 200 13201
180.174.56.115 - - [18/Nov/2020:09:28:06 +0800] "GET /xingrg/dwr/engine.js HTTP/1.1" 200 43631
180.174.56.115 - - [18/Nov/2020:09:28:06 +0800] "POST /xingrg/dwr/call/plaincall/AjaxYddbService.loadMaterielItems.dwr HTTP/1.1" 200 732
180.174.56.115 - - [18/Nov/2020:09:28:07 +0800] "GET /xingrg/kc/base/yddb_order_list.html?isBack=1 HTTP/1.1" 200 17028
180.174.56.115 - - [18/Nov/2020:09:28:07 +0800] "POST /xingrg/kc/base/yddb_list_operate.html HTTP/1.1" 200 636
114.84.145.85 - - [18/Nov/2020:09:28:08 +0800] "GET /xingrg/all/function/internal_message.html?_=1605662882158&CODE_STATE=getMsg HTTP/1.1" 200 27
180.174.56.115 - - [18/Nov/2020:09:28:09 +0800] "POST /xingrg/kc/base/yddb_list_operate.html HTTP/1.1" 200 1345
180.174.56.115 - - [18/Nov/2020:09:28:10 +0800] "POST /xingrg/kc/base/yddb_list_operate.html HTTP/1.1" 200 203
180.174.56.115 - - [18/Nov/2020:09:28:11 +0800] "GET /xingrg/kc/base/yddb_order_info.html?code=482020111800127 HTTP/1.1" 200 30947
180.174.56.115 - - [18/Nov/2020:09:28:11 +0800] "GET /xingrg/dwr/interface/AjaxYddbService.js HTTP/1.1" 200 13201
180.174.56.115 - - [18/Nov/2020:09:28:11 +0800] "GET /xingrg/dwr/interface/AjaxComOrderService.js HTTP/1.1" 200 18264
180.174.56.115 - - [18/Nov/2020:09:28:11 +0800] "GET /xingrg/dwr/engine.js HTTP/1.1" 200 43631
180.174.56.115 - - [18/Nov/2020:09:28:11 +0800] "POST /xingrg/dwr/call/plaincall/AjaxYddbService.loadMaterielItems.dwr HTTP/1.1" 200 406
116.228.172.94 - - [18/Nov/2020:09:28:11 +0800] "GET /xingrg/all/function/internal_message.html?_=1605662885964&CODE_STATE=getMsg HTTP/1.1" 200 27
172.17.0.100 - - [18/Nov/2020:09:28:11 +0800] "GET /xingrg/all/function/internal_message.html?_=1605662891873&CODE_STATE=getMsg HTTP/1.1" 200 27
114.84.37.38 - - [18/Nov/2020:09:28:15 +0800] "POST /xingrg/kc/buy/cgsh_order_operate.html HTTP/1.1" 200 37
114.84.37.38 - - [18/Nov/2020:09:28:17 +0800] "POST /xingrg/kc/buy/cgsh_order_operate.html HTTP/1.1" 200 48149
180.174.56.115 - - [18/Nov/2020:09:28:18 +0800] "POST /xingrg/dwr/call/plaincall/AjaxYddbService.saveOrder.dwr HTTP/1.1" 200 78
172.17.200.101 - - [18/Nov/2020:09:28:19 +0800] "GET /favicon.ico HTTP/1.1" 404 -
180.174.56.115 - - [18/Nov/2020:09:28:21 +0800] "POST /xingrg/dwr/call/plaincall/AjaxYddbService.objCheckOrder.dwr HTTP/1.1" 200 78
101.85.228.137 - - [18/Nov/2020:09:28:22 +0800] "GET /xingrg/all/function/internal_message.html?_=1605663124358&CODE_STATE=getMsg HTTP/1.1" 200 27
114.84.37.38 - - [18/Nov/2020:09:28:22 +0800] "GET /xingrg/check_reg.html?_=1605662912594 HTTP/1.1" 200 22
180.174.56.115 - - [18/Nov/2020:09:28:22 +0800] "GET /xingrg/kc/base/yddb_order_info.html?code=482020111800127 HTTP/1.1" 200 31068
180.174.56.115 - - [18/Nov/2020:09:28:22 +0800] "GET /xingrg/dwr/interface/AjaxYddbService.js HTTP/1.1" 200 13201
180.174.56.115 - - [18/Nov/2020:09:28:22 +0800] "GET /xingrg/dwr/interface/AjaxComOrderService.js HTTP/1.1" 200 18264
180.174.56.115 - - [18/Nov/2020:09:28:22 +0800] "GET /xingrg/dwr/engine.js HTTP/1.1" 200 43631
180.174.56.115 - - [18/Nov/2020:09:28:22 +0800] "POST /xingrg/dwr/call/plaincall/AjaxYddbService.loadMaterielItems.dwr HTTP/1.1" 200 406
114.84.37.38 - - [18/Nov/2020:09:28:26 +0800] "POST /xingrg/kc/buy/cgsh_order_operate.html HTTP/1.1" 200 37
114.84.37.38 - - [18/Nov/2020:09:28:27 +0800] "POST /xingrg/kc/buy/cgsh_order_operate.html HTTP/1.1" 200 48149
114.84.37.38 - - [18/Nov/2020:09:28:34 +0800] "GET /xingrg/kc/print/load_data.html?order_code=212020111806915&kc_code=cgsh&condition= HTTP/1.1" 200 17881
180.157.253.48 - - [18/Nov/2020:09:28:37 +0800] "GET /xingrg/all/function/internal_message.html?_=1605662918312&CODE_STATE=getMsg HTTP/1.1" 200 27
114.84.37.38 - - [18/Nov/2020:09:28:40 +0800] "GET /xingrg/all/function/internal_message.html?_=1605662930530&CODE_STATE=getMsg HTTP/1.1" 200 27
114.84.145.85 - - [18/Nov/2020:09:28:44 +0800] "GET /xingrg/all/function/internal_message.html?_=1605662512816&CODE_STATE=getMsg HTTP/1.1" 200 27
114.88.166.242 - - [18/Nov/2020:09:28:49 +0800] "GET /xingrg/all/function/internal_message.html?_=1605663038949&CODE_STATE=getMsg HTTP/1.1" 200 27
172.17.0.120 - - [18/Nov/2020:09:28:51 +0800] "GET /xingrg/all/function/internal_message.html?_=1605663076987&CODE_STATE=getMsg HTTP/1.1" 200 27
180.174.56.115 - - [18/Nov/2020:09:28:52 +0800] "GET /xingrg/all/function/internal_message.html?_=1605662931047&CODE_STATE=getMsg HTTP/1.1" 200 27
172.17.0.123 - - [18/Nov/2020:09:28:52 +0800] "GET /xingrg/all/function/internal_message.html?_=1605662873284&CODE_STATE=getMsg HTTP/1.1" 200 27
222.69.138.88 - - [18/Nov/2020:09:28:53 +0800] "GET /xingrg/all/function/internal_message.html?_=1605662929821&CODE_STATE=getMsg HTTP/1.1" 200 27
222.69.138.88 - - [18/Nov/2020:09:28:53 +0800] "GET /xingrg/check_reg.html?_=1605662930012 HTTP/1.1" 200 22
114.88.166.242 - - [18/Nov/2020:09:28:55 +0800] "GET /xingrg/all/function/internal_message.html?_=1605662933051&CODE_STATE=getMsg HTTP/1.1" 200 27
180.162.245.190 - - [18/Nov/2020:09:28:56 +0800] "GET /xingrg/all/function/internal_message.html?_=1605662935387&CODE_STATE=getMsg HTTP/1.1" 200 27
114.84.145.85 - - [18/Nov/2020:09:29:08 +0800] "GET /xingrg/all/function/internal_message.html?_=1605662942127&CODE_STATE=getMsg HTTP/1.1" 200 27
116.228.172.94 - - [18/Nov/2020:09:29:11 +0800] "GET /xingrg/all/function/internal_message.html?_=1605662945965&CODE_STATE=getMsg HTTP/1.1" 200 27
116.228.172.94 - - [18/Nov/2020:09:29:11 +0800] "GET /xingrg/check_reg.html?_=1605662945981 HTTP/1.1" 200 22
172.17.0.100 - - [18/Nov/2020:09:29:11 +0800] "GET /xingrg/all/function/internal_message.html?_=1605662951859&CODE_STATE=getMsg HTTP/1.1" 200 27
101.85.228.137 - - [18/Nov/2020:09:29:22 +0800] "GET /xingrg/all/function/internal_message.html?_=1605663184365&CODE_STATE=getMsg HTTP/1.1" 200 27
114.88.166.242 - - [18/Nov/2020:09:29:22 +0800] "GET /xingrg/check_reg.html?_=1605662959915 HTTP/1.1" 200 22
114.84.37.38 - - [18/Nov/2020:09:29:29 +0800] "GET /xingrg/kc/buy/cgsh_order_add.html HTTP/1.1" 200 60748
114.84.37.38 - - [18/Nov/2020:09:29:30 +0800] "POST /xingrg/kc/buy/cgsh_order_operate.html HTTP/1.1" 200 8245
114.84.37.38 - - [18/Nov/2020:09:29:31 +0800] "GET /xingrg/javascript/easyui/themes/default/validatebox.css HTTP/1.1" 404 1104
180.157.253.48 - - [18/Nov/2020:09:29:37 +0800] "GET /xingrg/all/function/internal_message.html?_=1605662978303&CODE_STATE=getMsg HTTP/1.1" 200 27
114.84.37.38 - - [18/Nov/2020:09:29:40 +0800] "GET /xingrg/all/function/internal_message.html?_=1605662990544&CODE_STATE=getMsg HTTP/1.1" 200 27
114.84.145.85 - - [18/Nov/2020:09:29:44 +0800] "GET /xingrg/all/function/internal_message.html?_=1605662572817&CODE_STATE=getMsg HTTP/1.1" 200 27
114.88.166.242 - - [18/Nov/2020:09:29:49 +0800] "GET /xingrg/all/function/internal_message.html?_=1605663098947&CODE_STATE=getMsg HTTP/1.1" 200 27
172.17.0.120 - - [18/Nov/2020:09:29:51 +0800] "GET /xingrg/all/function/internal_message.html?_=1605663136989&CODE_STATE=getMsg HTTP/1.1" 200 27
180.174.56.115 - - [18/Nov/2020:09:29:52 +0800] "GET /xingrg/all/function/internal_message.html?_=1605662991048&CODE_STATE=getMsg HTTP/1.1" 200 27
172.17.0.123 - - [18/Nov/2020:09:29:52 +0800] "GET /xingrg/all/function/internal_message.html?_=1605662933277&CODE_STATE=getMsg HTTP/1.1" 200 27
172.17.0.123 - - [18/Nov/2020:09:29:52 +0800] "GET /xingrg/check_reg.html?_=1605662933279 HTTP/1.1" 200 22
222.69.138.88 - - [18/Nov/2020:09:29:53 +0800] "GET /xingrg/all/function/internal_message.html?_=1605662989800&CODE_STATE=getMsg HTTP/1.1" 200 27
114.88.166.242 - - [18/Nov/2020:09:29:55 +0800] "GET /xingrg/all/function/internal_message.html?_=1605662993066&CODE_STATE=getMsg HTTP/1.1" 200 27
180.162.245.190 - - [18/Nov/2020:09:29:56 +0800] "GET /xingrg/all/function/internal_message.html?_=1605662995382&CODE_STATE=getMsg HTTP/1.1" 200 27
114.84.145.85 - - [18/Nov/2020:09:30:08 +0800] "GET /xingrg/all/function/internal_message.html?_=1605663002099&CODE_STATE=getMsg HTTP/1.1" 200 27
116.228.172.94 - - [18/Nov/2020:09:30:11 +0800] "GET /xingrg/all/function/internal_message.html?_=1605663005966&CODE_STATE=getMsg HTTP/1.1" 200 27
172.17.0.100 - - [18/Nov/2020:09:30:11 +0800] "GET /xingrg/all/function/internal_message.html?_=1605663011858&CODE_STATE=getMsg HTTP/1.1" 200 27
101.85.228.137 - - [18/Nov/2020:09:30:22 +0800] "GET /xingrg/all/function/internal_message.html?_=1605663244713&CODE_STATE=getMsg HTTP/1.1" 200 27
114.84.145.85 - - [18/Nov/2020:09:30:27 +0800] "GET /xingrg/check_reg.html?_=1605663020908 HTTP/1.1" 200 22
180.157.253.48 - - [18/Nov/2020:09:30:37 +0800] "GET /xingrg/all/function/internal_message.html?_=1605663038287&CODE_STATE=getMsg HTTP/1.1" 200 27
114.84.37.38 - - [18/Nov/2020:09:30:40 +0800] "GET /xingrg/all/function/internal_message.html?_=1605663050557&CODE_STATE=getMsg HTTP/1.1" 200 27
114.84.37.38 - - [18/Nov/2020:09:30:41 +0800] "GET /xingrg/kc/buy/cgsh_order_operate.html?command=get_materiel&rest_code=00146&code=00101007081&supplier_code=00100002&order_time=2020-11-18 HTTP/1.1" 200 413
114.84.145.85 - - [18/Nov/2020:09:30:44 +0800] "GET /xingrg/all/function/internal_message.html?_=1605662632816&CODE_STATE=getMsg HTTP/1.1" 200 27
114.88.166.242 - - [18/Nov/2020:09:30:49 +0800] "GET /xingrg/all/function/internal_message.html?_=1605663158948&CODE_STATE=getMsg HTTP/1.1" 200 27
172.17.0.120 - - [18/Nov/2020:09:30:51 +0800] "GET /xingrg/all/function/internal_message.html?_=1605663196994&CODE_STATE=getMsg HTTP/1.1" 200 27
180.174.56.115 - - [18/Nov/2020:09:30:52 +0800] "GET /xingrg/all/function/internal_message.html?_=1605663051047&CODE_STATE=getMsg HTTP/1.1" 200 27
172.17.0.123 - - [18/Nov/2020:09:30:52 +0800] "GET /xingrg/all/function/internal_message.html?_=1605662993277&CODE_STATE=getMsg HTTP/1.1" 200 27
222.69.138.88 - - [18/Nov/2020:09:30:53 +0800] "GET /xingrg/all/function/internal_message.html?_=1605663049787&CODE_STATE=getMsg HTTP/1.1" 200 27
114.84.37.38 - - [18/Nov/2020:09:30:55 +0800] "GET /xingrg/kc/buy/cgsh_order_operate.html?command=get_materiel&rest_code=00146&code=00101007059&supplier_code=00100002&order_time=2020-11-18 HTTP/1.1" 200 409
114.88.166.242 - - [18/Nov/2020:09:30:55 +0800] "GET /xingrg/all/function/internal_message.html?_=1605663053081&CODE_STATE=getMsg HTTP/1.1" 200 27
180.162.245.190 - - [18/Nov/2020:09:30:56 +0800] "GET /xingrg/all/function/internal_message.html?_=1605663055382&CODE_STATE=getMsg HTTP/1.1" 200 27
172.17.0.185 - - [18/Nov/2020:09:31:02 +0800] "GET /xingrg/check_reg.html?_=1605663060588 HTTP/1.1" 200 22
114.84.145.85 - - [18/Nov/2020:09:31:08 +0800] "GET /xingrg/all/function/internal_message.html?_=1605663062076&CODE_STATE=getMsg HTTP/1.1" 200 27
116.228.172.94 - - [18/Nov/2020:09:31:11 +0800] "GET /xingrg/all/function/internal_message.html?_=1605663065966&CODE_STATE=getMsg HTTP/1.1" 200 27
172.17.0.100 - - [18/Nov/2020:09:31:11 +0800] "GET /xingrg/all/function/internal_message.html?_=1605663071856&CODE_STATE=getMsg HTTP/1.1" 200 27
114.84.37.38 - - [18/Nov/2020:09:31:12 +0800] "GET /xingrg/kc/buy/cgsh_order_operate.html?command=get_materiel&rest_code=00146&code=00101007090&supplier_code=00100002&order_time=2020-11-18 HTTP/1.1" 200 413
101.85.228.137 - - [18/Nov/2020:09:31:12 +0800] "GET /xingrg/check_reg.html?_=1605663294535 HTTP/1.1" 200 22
101.85.228.137 - - [18/Nov/2020:09:31:22 +0800] "GET /xingrg/all/function/internal_message.html?_=1605663304720&CODE_STATE=getMsg HTTP/1.1" 200 27
114.84.37.38 - - [18/Nov/2020:09:31:27 +0800] "POST /xingrg/kc/buy/cgsh_order_operate.html HTTP/1.1" 200 37
114.84.37.38 - - [18/Nov/2020:09:31:29 +0800] "POST /xingrg/kc/buy/cgsh_order_operate.html HTTP/1.1" 200 3841
114.84.37.38 - - [18/Nov/2020:09:31:32 +0800] "GET /xingrg/kc/print/load_data.html?order_code=212020111806916&kc_code=cgsh&condition= HTTP/1.1" 200 1205
180.157.253.48 - - [18/Nov/2020:09:31:36 +0800] "GET /xingrg/check_reg.html?_=1605663096873 HTTP/1.1" 200 22
180.157.253.48 - - [18/Nov/2020:09:31:37 +0800] "GET /xingrg/all/function/internal_message.html?_=1605663098281&CODE_STATE=getMsg HTTP/1.1" 200 27
114.84.37.38 - - [18/Nov/2020:09:31:40 +0800] "GET /xingrg/all/function/internal_message.html?_=1605663110570&CODE_STATE=getMsg HTTP/1.1" 200 27
114.84.145.85 - - [18/Nov/2020:09:31:44 +0800] "GET /xingrg/all/function/internal_message.html?_=1605662692833&CODE_STATE=getMsg HTTP/1.1" 200 27
114.84.145.85 - - [18/Nov/2020:09:31:44 +0800] "GET /xingrg/check_reg.html?_=1605662692834 HTTP/1.1" 200 22
114.88.166.242 - - [18/Nov/2020:09:31:49 +0800] "GET /xingrg/all/function/internal_message.html?_=1605663218947&CODE_STATE=getMsg HTTP/1.1" 200 27
114.88.166.242 - - [18/Nov/2020:09:31:49 +0800] "GET /xingrg/check_reg.html?_=1605663218949 HTTP/1.1" 200 22
172.17.0.120 - - [18/Nov/2020:09:31:51 +0800] "GET /xingrg/check_reg.html?_=1605663256983 HTTP/1.1" 200 22
172.17.0.120 - - [18/Nov/2020:09:31:51 +0800] "GET /xingrg/all/function/internal_message.html?_=1605663256988&CODE_STATE=getMsg HTTP/1.1" 200 27
180.174.56.115 - - [18/Nov/2020:09:31:52 +0800] "GET /xingrg/all/function/internal_message.html?_=1605663111044&CODE_STATE=getMsg HTTP/1.1" 200 27
172.17.0.123 - - [18/Nov/2020:09:31:52 +0800] "GET /xingrg/all/function/internal_message.html?_=1605663053289&CODE_STATE=getMsg HTTP/1.1" 200 27
222.69.138.88 - - [18/Nov/2020:09:31:53 +0800] "GET /xingrg/all/function/internal_message.html?_=1605663109767&CODE_STATE=getMsg HTTP/1.1" 200 27
114.84.37.38 - - [18/Nov/2020:09:31:54 +0800] "GET /xingrg/kc/buy/cgsh_order_add.html HTTP/1.1" 200 60748
114.88.166.242 - - [18/Nov/2020:09:31:55 +0800] "GET /xingrg/all/function/internal_message.html?_=1605663113126&CODE_STATE=getMsg HTTP/1.1" 200 27
114.84.37.38 - - [18/Nov/2020:09:31:56 +0800] "POST /xingrg/kc/buy/cgsh_order_operate.html HTTP/1.1" 200 8245
114.84.37.38 - - [18/Nov/2020:09:31:56 +0800] "GET /xingrg/javascript/easyui/themes/default/validatebox.css HTTP/1.1" 404 1104
180.162.245.190 - - [18/Nov/2020:09:31:56 +0800] "GET /xingrg/all/function/internal_message.html?_=1605663115381&CODE_STATE=getMsg HTTP/1.1" 200 27
180.162.245.190 - - [18/Nov/2020:09:31:56 +0800] "GET /xingrg/check_reg.html?_=1605663115398 HTTP/1.1" 200 22
114.84.145.85 - - [18/Nov/2020:09:32:08 +0800] "GET /xingrg/all/function/internal_message.html?_=1605663122057&CODE_STATE=getMsg HTTP/1.1" 200 27
116.228.172.94 - - [18/Nov/2020:09:32:11 +0800] "GET /xingrg/all/function/internal_message.html?_=1605663125966&CODE_STATE=getMsg HTTP/1.1" 200 27
172.17.0.100 - - [18/Nov/2020:09:32:11 +0800] "GET /xingrg/all/function/internal_message.html?_=1605663131855&CODE_STATE=getMsg HTTP/1.1" 200 27
172.17.0.100 - - [18/Nov/2020:09:32:11 +0800] "GET /xingrg/check_reg.html?_=1605663131857 HTTP/1.1" 200 22
114.84.37.38 - - [18/Nov/2020:09:32:12 +0800] "GET /xingrg/kc/buy/cgsh_order_operate.html?command=get_materiel&rest_code=00146&code=00101016105&supplier_code=00100033&order_time=2020-11-18 HTTP/1.1" 200 409
172.17.0.101 - - [18/Nov/2020:09:32:20 +0800] "GET /xingrg/check_reg.html?_=1605663181203 HTTP/1.1" 200 22
101.85.228.137 - - [18/Nov/2020:09:32:22 +0800] "GET /xingrg/all/function/internal_message.html?_=1605663364733&CODE_STATE=getMsg HTTP/1.1" 200 27
114.84.37.38 - - [18/Nov/2020:09:32:25 +0800] "GET /xingrg/kc/buy/cgsh_order_operate.html?command=get_materiel&rest_code=00146&code=00101016080&supplier_code=00100033&order_time=2020-11-18 HTTP/1.1" 200 408
180.157.253.48 - - [18/Nov/2020:09:32:37 +0800] "GET /xingrg/all/function/internal_message.html?_=1605663158262&CODE_STATE=getMsg HTTP/1.1" 200 27
114.84.37.38 - - [18/Nov/2020:09:32:40 +0800] "GET /xingrg/all/function/internal_message.html?_=1605663170584&CODE_STATE=getMsg HTTP/1.1" 200 27
114.84.37.38 - - [18/Nov/2020:09:32:41 +0800] "GET /xingrg/kc/buy/cgsh_order_operate.html?command=get_materiel&rest_code=00146&code=00101016071&supplier_code=00100033&order_time=2020-11-18 HTTP/1.1" 200 416
114.84.145.85 - - [18/Nov/2020:09:32:44 +0800] "GET /xingrg/all/function/internal_message.html?_=1605662752817&CODE_STATE=getMsg HTTP/1.1" 200 27
114.88.166.242 - - [18/Nov/2020:09:32:49 +0800] "GET /xingrg/all/function/internal_message.html?_=1605663278948&CODE_STATE=getMsg HTTP/1.1" 200 27
114.84.37.38 - - [18/Nov/2020:09:32:50 +0800] "GET /xingrg/kc/buy/cgsh_order_operate.html?command=get_materiel&rest_code=00146&code=00101012025&supplier_code=00100033&order_time=2020-11-18 HTTP/1.1" 200 412
172.17.0.120 - - [18/Nov/2020:09:32:51 +0800] "GET /xingrg/all/function/internal_message.html?_=1605663316992&CODE_STATE=getMsg HTTP/1.1" 200 27
180.174.56.115 - - [18/Nov/2020:09:32:52 +0800] "GET /xingrg/check_reg.html?_=1605663171044 HTTP/1.1" 200 22
180.174.56.115 - - [18/Nov/2020:09:32:52 +0800] "GET /xingrg/all/function/internal_message.html?_=1605663171045&CODE_STATE=getMsg HTTP/1.1" 200 27
172.17.0.123 - - [18/Nov/2020:09:32:52 +0800] "GET /xingrg/all/function/internal_message.html?_=1605663113283&CODE_STATE=getMsg HTTP/1.1" 200 27
222.69.138.88 - - [18/Nov/2020:09:32:53 +0800] "GET /xingrg/all/function/internal_message.html?_=1605663169752&CODE_STATE=getMsg HTTP/1.1" 200 27
114.88.166.242 - - [18/Nov/2020:09:32:55 +0800] "GET /xingrg/all/function/internal_message.html?_=1605663173138&CODE_STATE=getMsg HTTP/1.1" 200 27
180.162.245.190 - - [18/Nov/2020:09:32:56 +0800] "GET /xingrg/all/function/internal_message.html?_=1605663175383&CODE_STATE=getMsg HTTP/1.1" 200 27
114.84.37.38 - - [18/Nov/2020:09:33:03 +0800] "GET /xingrg/kc/buy/cgsh_order_operate.html?command=get_materiel&rest_code=00146&code=00101016025&supplier_code=00100033&order_time=2020-11-18 HTTP/1.1" 200 408
114.84.145.85 - - [18/Nov/2020:09:33:08 +0800] "GET /xingrg/all/function/internal_message.html?_=1605663182030&CODE_STATE=getMsg HTTP/1.1" 200 27
116.228.172.94 - - [18/Nov/2020:09:33:11 +0800] "GET /xingrg/all/function/internal_message.html?_=1605663185970&CODE_STATE=getMsg HTTP/1.1" 200 27
172.17.0.100 - - [18/Nov/2020:09:33:11 +0800] "GET /xingrg/all/function/internal_message.html?_=1605663191856&CODE_STATE=getMsg HTTP/1.1" 200 27
114.84.37.38 - - [18/Nov/2020:09:33:14 +0800] "POST /xingrg/kc/buy/cgsh_order_operate.html HTTP/1.1" 200 37
114.84.37.38 - - [18/Nov/2020:09:33:15 +0800] "POST /xingrg/kc/buy/cgsh_order_operate.html HTTP/1.1" 200 5010
114.84.37.38 - - [18/Nov/2020:09:33:22 +0800] "GET /xingrg/check_reg.html?_=1605663212597 HTTP/1.1" 200 22
101.85.228.137 - - [18/Nov/2020:09:33:23 +0800] "GET /xingrg/all/function/internal_message.html?_=1605663425080&CODE_STATE=getMsg HTTP/1.1" 200 27
180.157.253.48 - - [18/Nov/2020:09:33:37 +0800] "GET /xingrg/all/function/internal_message.html?_=1605663218249&CODE_STATE=getMsg HTTP/1.1" 200 27
114.84.37.38 - - [18/Nov/2020:09:33:40 +0800] "GET /xingrg/all/function/internal_message.html?_=1605663230598&CODE_STATE=getMsg HTTP/1.1" 200 27
114.84.145.85 - - [18/Nov/2020:09:33:44 +0800] "GET /xingrg/all/function/internal_message.html?_=1605662812815&CODE_STATE=getMsg HTTP/1.1" 200 27
114.88.166.242 - - [18/Nov/2020:09:33:49 +0800] "GET /xingrg/all/function/internal_message.html?_=1605663338974&CODE_STATE=getMsg HTTP/1.1" 200 27
172.17.0.120 - - [18/Nov/2020:09:33:51 +0800] "GET /xingrg/all/function/internal_message.html?_=1605663376996&CODE_STATE=getMsg HTTP/1.1" 200 27
180.174.56.115 - - [18/Nov/2020:09:33:52 +0800] "GET /xingrg/all/function/internal_message.html?_=1605663231055&CODE_STATE=getMsg HTTP/1.1" 200 27
172.17.0.123 - - [18/Nov/2020:09:33:52 +0800] "GET /xingrg/all/function/internal_message.html?_=1605663173289&CODE_STATE=getMsg HTTP/1.1" 200 27
222.69.138.88 - - [18/Nov/2020:09:33:53 +0800] "GET /xingrg/all/function/internal_message.html?_=1605663229732&CODE_STATE=getMsg HTTP/1.1" 200 27
222.69.138.88 - - [18/Nov/2020:09:33:53 +0800] "GET /xingrg/check_reg.html?_=1605663230019 HTTP/1.1" 200 22
114.88.166.242 - - [18/Nov/2020:09:33:55 +0800] "GET /xingrg/all/function/internal_message.html?_=1605663233183&CODE_STATE=getMsg HTTP/1.1" 200 27
180.162.245.190 - - [18/Nov/2020:09:33:56 +0800] "GET /xingrg/all/function/internal_message.html?_=1605663235383&CODE_STATE=getMsg HTTP/1.1" 200 27
114.84.145.85 - - [18/Nov/2020:09:34:08 +0800] "GET /xingrg/all/function/internal_message.html?_=1605663242011&CODE_STATE=getMsg HTTP/1.1" 200 27
116.228.172.94 - - [18/Nov/2020:09:34:11 +0800] "GET /xingrg/all/function/internal_message.html?_=1605663245971&CODE_STATE=getMsg HTTP/1.1" 200 27
116.228.172.94 - - [18/Nov/2020:09:34:11 +0800] "GET /xingrg/check_reg.html?_=1605663245973 HTTP/1.1" 200 22
172.17.0.100 - - [18/Nov/2020:09:34:11 +0800] "GET /xingrg/all/function/internal_message.html?_=1605663251884&CODE_STATE=getMsg HTTP/1.1" 200 27
114.88.166.242 - - [18/Nov/2020:09:34:22 +0800] "GET /xingrg/check_reg.html?_=1605663259921 HTTP/1.1" 200 22
101.85.228.137 - - [18/Nov/2020:09:34:23 +0800] "GET /xingrg/all/function/internal_message.html?_=1605663485088&CODE_STATE=getMsg HTTP/1.1" 200 27
180.157.253.48 - - [18/Nov/2020:09:34:37 +0800] "GET /xingrg/all/function/internal_message.html?_=1605663278237&CODE_STATE=getMsg HTTP/1.1" 200 27
114.84.37.38 - - [18/Nov/2020:09:34:40 +0800] "GET /xingrg/all/function/internal_message.html?_=1605663290612&CODE_STATE=getMsg HTTP/1.1" 200 27
114.84.145.85 - - [18/Nov/2020:09:34:44 +0800] "GET /xingrg/all/function/internal_message.html?_=1605662872814&CODE_STATE=getMsg HTTP/1.1" 200 27
114.88.166.242 - - [18/Nov/2020:09:34:49 +0800] "GET /xingrg/all/function/internal_message.html?_=1605663398973&CODE_STATE=getMsg HTTP/1.1" 200 27
172.17.0.120 - - [18/Nov/2020:09:34:51 +0800] "GET /xingrg/all/function/internal_message.html?_=1605663436985&CODE_STATE=getMsg HTTP/1.1" 200 27
180.174.56.115 - - [18/Nov/2020:09:34:52 +0800] "GET /xingrg/all/function/internal_message.html?_=1605663291058&CODE_STATE=getMsg HTTP/1.1" 200 27
172.17.0.123 - - [18/Nov/2020:09:34:52 +0800] "GET /xingrg/check_reg.html?_=1605663233291 HTTP/1.1" 200 22
172.17.0.123 - - [18/Nov/2020:09:34:52 +0800] "GET /xingrg/all/function/internal_message.html?_=1605663233292&CODE_STATE=getMsg HTTP/1.1" 200 27
222.69.138.88 - - [18/Nov/2020:09:34:53 +0800] "GET /xingrg/all/function/internal_message.html?_=1605663289718&CODE_STATE=getMsg HTTP/1.1" 200 27
114.88.166.242 - - [18/Nov/2020:09:34:55 +0800] "GET /xingrg/all/function/internal_message.html?_=1605663293197&CODE_STATE=getMsg HTTP/1.1" 200 27
180.162.245.190 - - [18/Nov/2020:09:34:56 +0800] "GET /xingrg/all/function/internal_message.html?_=1605663295384&CODE_STATE=getMsg HTTP/1.1" 200 27
114.84.145.85 - - [18/Nov/2020:09:35:08 +0800] "GET /xingrg/all/function/internal_message.html?_=1605663301981&CODE_STATE=getMsg HTTP/1.1" 200 27
116.228.172.94 - - [18/Nov/2020:09:35:11 +0800] "GET /xingrg/all/function/internal_message.html?_=1605663305976&CODE_STATE=getMsg HTTP/1.1" 200 27
172.17.0.100 - - [18/Nov/2020:09:35:11 +0800] "GET /xingrg/all/function/internal_message.html?_=1605663311883&CODE_STATE=getMsg HTTP/1.1" 200 27
101.85.228.137 - - [18/Nov/2020:09:35:23 +0800] "GET /xingrg/all/function/internal_message.html?_=1605663545479&CODE_STATE=getMsg HTTP/1.1" 200 27
114.84.145.85 - - [18/Nov/2020:09:35:27 +0800] "GET /xingrg/check_reg.html?_=1605663320885 HTTP/1.1" 200 22
180.162.245.190 - - [18/Nov/2020:09:35:34 +0800] "GET /xingrg/kc/buy/cgsh_order_add.html HTTP/1.1" 200 60789
180.162.245.190 - - [18/Nov/2020:09:35:34 +0800] "POST /xingrg/kc/buy/cgsh_order_operate.html HTTP/1.1" 200 8245
180.162.245.190 - - [18/Nov/2020:09:35:34 +0800] "GET /xingrg/javascript/easyui/themes/default/validatebox.css HTTP/1.1" 404 1104
180.157.253.48 - - [18/Nov/2020:09:35:37 +0800] "GET /xingrg/all/function/internal_message.html?_=1605663338220&CODE_STATE=getMsg HTTP/1.1" 200 27
114.84.37.38 - - [18/Nov/2020:09:35:40 +0800] "GET /xingrg/all/function/internal_message.html?_=1605663351013&CODE_STATE=getMsg HTTP/1.1" 200 27
114.84.145.85 - - [18/Nov/2020:09:35:44 +0800] "GET /xingrg/all/function/internal_message.html?_=1605662932812&CODE_STATE=getMsg HTTP/1.1" 200 27
114.88.166.242 - - [18/Nov/2020:09:35:49 +0800] "GET /xingrg/all/function/internal_message.html?_=1605663458973&CODE_STATE=getMsg HTTP/1.1" 200 27
172.17.0.120 - - [18/Nov/2020:09:35:51 +0800] "GET /xingrg/all/function/internal_message.html?_=1605663496981&CODE_STATE=getMsg HTTP/1.1" 200 27
180.174.56.115 - - [18/Nov/2020:09:35:52 +0800] "GET /xingrg/all/function/internal_message.html?_=1605663351057&CODE_STATE=getMsg HTTP/1.1" 200 27
172.17.0.123 - - [18/Nov/2020:09:35:52 +0800] "GET /xingrg/all/function/internal_message.html?_=1605663293278&CODE_STATE=getMsg HTTP/1.1" 200 27
222.69.138.88 - - [18/Nov/2020:09:35:53 +0800] "GET /xingrg/all/function/internal_message.html?_=1605663349691&CODE_STATE=getMsg HTTP/1.1" 200 27
180.162.245.190 - - [18/Nov/2020:09:35:55 +0800] "GET /xingrg/kc/buy/cgsh_order_operate.html?command=get_materiel&rest_code=00105&code=00101009001&supplier_code=00100024&order_time=2020-11-18 HTTP/1.1" 200 416
114.88.166.242 - - [18/Nov/2020:09:35:55 +0800] "GET /xingrg/all/function/internal_message.html?_=1605663353211&CODE_STATE=getMsg HTTP/1.1" 200 27
180.162.245.190 - - [18/Nov/2020:09:35:56 +0800] "GET /xingrg/all/function/internal_message.html?_=1605663355393&CODE_STATE=getMsg HTTP/1.1" 200 27
172.17.0.185 - - [18/Nov/2020:09:36:02 +0800] "GET /xingrg/check_reg.html?_=1605663360562 HTTP/1.1" 200 22
114.84.145.85 - - [18/Nov/2020:09:36:08 +0800] "GET /xingrg/all/function/internal_message.html?_=1605663361959&CODE_STATE=getMsg HTTP/1.1" 200 27
180.162.245.190 - - [18/Nov/2020:09:36:10 +0800] "GET /xingrg/kc/buy/cgsh_order_operate.html?command=get_materiel&rest_code=00105&code=00101009011&supplier_code=00100024&order_time=2020-11-18 HTTP/1.1" 200 416
116.228.172.94 - - [18/Nov/2020:09:36:11 +0800] "GET /xingrg/all/function/internal_message.html?_=1605663365975&CODE_STATE=getMsg HTTP/1.1" 200 27
172.17.0.100 - - [18/Nov/2020:09:36:11 +0800] "GET /xingrg/all/function/internal_message.html?_=1605663371882&CODE_STATE=getMsg HTTP/1.1" 200 27
101.85.228.137 - - [18/Nov/2020:09:36:12 +0800] "GET /xingrg/check_reg.html?_=1605663594543 HTTP/1.1" 200 22
180.162.245.190 - - [18/Nov/2020:09:36:20 +0800] "GET /xingrg/kc/buy/cgsh_order_operate.html?command=get_materiel&rest_code=00105&code=00101009062&supplier_code=00100024&order_time=2020-11-18 HTTP/1.1" 200 412
101.85.228.137 - - [18/Nov/2020:09:36:23 +0800] "GET /xingrg/all/function/internal_message.html?_=1605663605492&CODE_STATE=getMsg HTTP/1.1" 200 27
180.162.245.190 - - [18/Nov/2020:09:36:28 +0800] "GET /xingrg/kc/buy/cgsh_order_operate.html?command=get_materiel&rest_code=00105&code=00101009039&supplier_code=00100024&order_time=2020-11-18 HTTP/1.1" 200 408
180.162.245.190 - - [18/Nov/2020:09:36:30 +0800] "GET /xingrg/system/info/materiel_import.html?isSelect=1&singleSelect=false HTTP/1.1" 200 5600
180.162.245.190 - - [18/Nov/2020:09:36:30 +0800] "GET /favicon.ico HTTP/1.1" 404 -
180.162.245.190 - - [18/Nov/2020:09:36:30 +0800] "POST /xingrg/all/common/load_tree.html?tree=materiel_sort_tree_json HTTP/1.1" 200 8666
101.91.60.105 - - [18/Nov/2020:09:36:35 +0800] "GET /xingrg/all/function/internal_message.html?_=1605662582267&CODE_STATE=getMsg HTTP/1.1" 302 -
180.157.253.48 - - [18/Nov/2020:09:36:36 +0800] "GET /xingrg/check_reg.html?_=1605663396895 HTTP/1.1" 200 22
180.157.253.48 - - [18/Nov/2020:09:36:37 +0800] "GET /xingrg/all/function/internal_message.html?_=1605663398198&CODE_STATE=getMsg HTTP/1.1" 200 27
180.162.245.190 - - [18/Nov/2020:09:36:38 +0800] "GET /xingrg/kc/buy/cgsh_order_operate.html?command=get_materiel&rest_code=00105&code=00101009019&supplier_code=00100024&order_time=2020-11-18 HTTP/1.1" 200 414
114.84.37.38 - - [18/Nov/2020:09:36:40 +0800] "GET /xingrg/all/function/internal_message.html?_=1605663411013&CODE_STATE=getMsg HTTP/1.1" 200 27
101.91.60.105 - - [18/Nov/2020:09:36:41 +0800] "GET /xingrg/login.html HTTP/1.1" 200 7641
114.84.145.85 - - [18/Nov/2020:09:36:44 +0800] "GET /xingrg/check_reg.html?_=1605662992813 HTTP/1.1" 200 22
114.84.145.85 - - [18/Nov/2020:09:36:44 +0800] "GET /xingrg/all/function/internal_message.html?_=1605662992811&CODE_STATE=getMsg HTTP/1.1" 200 27
114.88.166.242 - - [18/Nov/2020:09:36:49 +0800] "GET /xingrg/check_reg.html?_=1605663518975 HTTP/1.1" 200 22
114.88.166.242 - - [18/Nov/2020:09:36:49 +0800] "GET /xingrg/all/function/internal_message.html?_=1605663518973&CODE_STATE=getMsg HTTP/1.1" 200 27
172.17.0.120 - - [18/Nov/2020:09:36:51 +0800] "GET /xingrg/all/function/internal_message.html?_=1605663556988&CODE_STATE=getMsg HTTP/1.1" 200 27
172.17.0.120 - - [18/Nov/2020:09:36:51 +0800] "GET /xingrg/check_reg.html?_=1605663556989 HTTP/1.1" 200 22
180.174.56.115 - - [18/Nov/2020:09:36:52 +0800] "GET /xingrg/all/function/internal_message.html?_=1605663411059&CODE_STATE=getMsg HTTP/1.1" 200 27
172.17.0.123 - - [18/Nov/2020:09:36:52 +0800] "GET /xingrg/all/function/internal_message.html?_=1605663353284&CODE_STATE=getMsg HTTP/1.1" 200 27
222.69.138.88 - - [18/Nov/2020:09:36:53 +0800] "GET /xingrg/all/function/internal_message.html?_=1605663409679&CODE_STATE=getMsg HTTP/1.1" 200 27
114.88.166.242 - - [18/Nov/2020:09:36:56 +0800] "GET /xingrg/all/function/internal_message.html?_=1605663413254&CODE_STATE=getMsg HTTP/1.1" 200 27
