117.185.32.26 - - [17/Nov/2020:10:32:40 +0800] "GET /xingrg/javascript/easyui/themes/default/tree.css HTTP/1.1" 404 1090
180.171.125.150 - - [17/Nov/2020:10:32:40 +0800] "POST /xingrg/dwr/call/plaincall/AjaxReportQueryService.refreshCache.dwr HTTP/1.1" 200 78
117.185.32.26 - - [17/Nov/2020:10:32:40 +0800] "POST /xingrg/all/common/load_tree.html?tree=supplier_tree_json&isDelete=1 HTTP/1.1" 200 51980
180.171.125.150 - - [17/Nov/2020:10:32:40 +0800] "POST /xingrg/all/report/load_report_page.html HTTP/1.1" 200 89
180.174.56.115 - - [17/Nov/2020:10:32:40 +0800] "GET /xingrg/all/function/internal_message.html?_=1605580334405&CODE_STATE=getMsg HTTP/1.1" 200 27
172.17.0.240 - - [17/Nov/2020:10:32:42 +0800] "GET /xingrg/all/function/internal_message.html?_=1605580358921&CODE_STATE=getMsg HTTP/1.1" 200 27
180.171.125.150 - - [17/Nov/2020:10:32:42 +0800] "GET /xingrg/javascript/multi_select/dropdown_hover.gif HTTP/1.1" 200 61
101.85.228.137 - - [17/Nov/2020:10:32:43 +0800] "GET /xingrg/all/function/internal_message.html?_=1605580585949&CODE_STATE=getMsg HTTP/1.1" 200 27
114.84.145.85 - - [17/Nov/2020:10:32:45 +0800] "GET /xingrg/all/function/internal_message.html?_=1605580356511&CODE_STATE=getMsg HTTP/1.1" 200 27
117.185.32.26 - - [17/Nov/2020:10:32:45 +0800] "GET /xingrg/check_reg.html?_=1605580363012 HTTP/1.1" 200 22
180.171.125.150 - - [17/Nov/2020:10:32:45 +0800] "POST /xingrg/dwr/call/plaincall/AjaxReportQueryService.getFixDate.dwr HTTP/1.1" 200 111
117.185.32.26 - - [17/Nov/2020:10:32:46 +0800] "GET /xingrg/all/function/internal_message.html?_=1605580363772&CODE_STATE=getMsg HTTP/1.1" 200 27
180.171.125.150 - - [17/Nov/2020:10:32:47 +0800] "POST /xingrg/dwr/call/plaincall/AjaxReportQueryService.refreshCache.dwr HTTP/1.1" 200 78
180.171.125.150 - - [17/Nov/2020:10:32:47 +0800] "POST /xingrg/all/report/load_report_page.html HTTP/1.1" 200 152821
180.171.125.150 - - [17/Nov/2020:10:32:47 +0800] "GET /xingrg/images/blue/button/back2.gif HTTP/1.1" 200 1339
180.171.125.150 - - [17/Nov/2020:10:32:47 +0800] "GET /xingrg/images/blue/button/back.gif HTTP/1.1" 200 1352
180.171.125.150 - - [17/Nov/2020:10:32:47 +0800] "GET /xingrg/servlets/image?cache=0.706406970207396&image=px HTTP/1.1" 200 807
172.17.0.116 - - [17/Nov/2020:10:32:48 +0800] "GET /xingrg/all/function/internal_message.html?_=1605580369648&CODE_STATE=getMsg HTTP/1.1" 200 27
101.85.228.137 - - [17/Nov/2020:10:32:49 +0800] "GET /xingrg/kc/base/wldb_order_operate.html?command=get_materiel&rest_code=00102&base_code=0010477&code=00102002332 HTTP/1.1" 200 429
180.171.125.150 - - [17/Nov/2020:10:32:49 +0800] "POST /xingrg/all/report/load_report_page.html HTTP/1.1" 200 41831
180.171.125.150 - - [17/Nov/2020:10:32:49 +0800] "GET /xingrg/images/blue/button/advance.gif HTTP/1.1" 200 1354
180.171.125.150 - - [17/Nov/2020:10:32:49 +0800] "GET /xingrg/images/blue/button/advance2.gif HTTP/1.1" 200 1338
180.171.125.150 - - [17/Nov/2020:10:32:49 +0800] "GET /xingrg/servlets/image?cache=0.23192048740129478&image=px HTTP/1.1" 200 807
117.185.32.26 - - [17/Nov/2020:10:32:50 +0800] "GET /xingrg/kc/buy/cgsh_order_add.html HTTP/1.1" 200 60748
117.185.32.26 - - [17/Nov/2020:10:32:51 +0800] "POST /xingrg/kc/buy/cgsh_order_operate.html HTTP/1.1" 200 8245
117.185.32.26 - - [17/Nov/2020:10:32:51 +0800] "GET /xingrg/javascript/easyui/themes/default/validatebox.css HTTP/1.1" 404 1104
180.157.253.48 - - [17/Nov/2020:10:32:51 +0800] "GET /xingrg/all/function/internal_message.html?_=1605580372526&CODE_STATE=getMsg HTTP/1.1" 200 27
114.84.37.38 - - [17/Nov/2020:10:32:52 +0800] "GET /xingrg/check_reg.html?_=1605580379527 HTTP/1.1" 200 22
117.185.32.26 - - [17/Nov/2020:10:32:52 +0800] "GET /xingrg/javascript/easyui/themes/default/tree.css HTTP/1.1" 404 1090
117.185.32.26 - - [17/Nov/2020:10:32:53 +0800] "POST /xingrg/all/common/load_tree.html?tree=supplier_tree_json&isDelete=1 HTTP/1.1" 200 51980
116.233.75.33 - - [17/Nov/2020:10:32:53 +0800] "GET /xingrg/all/function/internal_message.html?_=1605580398125&CODE_STATE=getMsg HTTP/1.1" 200 27
180.157.253.48 - - [17/Nov/2020:10:32:54 +0800] "GET /xingrg/kc/buy/cgsh_order_operate.html?command=get_materiel&rest_code=00148&code=00101001125&supplier_code=00100090&order_time=2020-11-17 HTTP/1.1" 200 413
172.17.0.101 - - [17/Nov/2020:10:32:55 +0800] "GET /xingrg/all/function/internal_message.html?_=1605580417135&CODE_STATE=getMsg HTTP/1.1" 200 27
180.174.56.115 - - [17/Nov/2020:10:32:59 +0800] "POST /xingrg/all/user/operate.html HTTP/1.1" 200 36
117.185.32.26 - - [17/Nov/2020:10:32:59 +0800] "GET /xingrg/kc/buy/cgsh_order_operate.html?command=get_materiel&rest_code=00106&code=00101002039&supplier_code=00100087&order_time=2020-11-17 HTTP/1.1" 200 419
180.174.56.115 - - [17/Nov/2020:10:32:59 +0800] "GET /xingrg/index.html?sysBaseUrl=http%3A%2F%2F180.169.147.146%3A18081%2Fxingrg%2F&costTime=43×tamp=1605526660497 HTTP/1.1" 200 17179
180.174.56.115 - - [17/Nov/2020:10:32:59 +0800] "GET /xingrg/javascript/jquery_easy_ui/themes/default/easyui.css HTTP/1.1" 304 -
180.174.56.115 - - [17/Nov/2020:10:32:59 +0800] "GET /xingrg/javascript/jquery_easy_ui/themes/icon.css HTTP/1.1" 304 -
180.174.56.115 - - [17/Nov/2020:10:32:59 +0800] "GET /xingrg/css/form.css HTTP/1.1" 304 -
180.174.56.115 - - [17/Nov/2020:10:32:59 +0800] "GET /xingrg/javascript/jquery-1.4.2.min.js HTTP/1.1" 304 -
180.174.56.115 - - [17/Nov/2020:10:32:59 +0800] "GET /xingrg/javascript/jquery_easy_ui/jquery.easyui.min.js HTTP/1.1" 304 -
180.174.56.115 - - [17/Nov/2020:10:32:59 +0800] "GET /xingrg/javascript/jquery_easy_ui/easyui-lang-zh_CN.js HTTP/1.1" 304 -
180.174.56.115 - - [17/Nov/2020:10:32:59 +0800] "GET /xingrg/javascript/jquery.form.js HTTP/1.1" 304 -
180.174.56.115 - - [17/Nov/2020:10:32:59 +0800] "GET /xingrg/javascript/jquery.utils.js HTTP/1.1" 304 -
180.174.56.115 - - [17/Nov/2020:10:32:59 +0800] "GET /xingrg/javascript/jquery.timers.js HTTP/1.1" 304 -
180.174.56.115 - - [17/Nov/2020:10:32:59 +0800] "GET /xingrg/images/blue/jxLogo.png HTTP/1.1" 304 -
180.174.56.115 - - [17/Nov/2020:10:32:59 +0800] "GET /xingrg/images/blue/navBackgound.jpg HTTP/1.1" 304 -
180.174.56.115 - - [17/Nov/2020:10:32:59 +0800] "GET /xingrg/javascript/jquery_easy_ui/themes/icons/settle_new.png HTTP/1.1" 304 -
180.174.56.115 - - [17/Nov/2020:10:32:59 +0800] "POST /xingrg/all/common/load_tree.html?tree=area_rest_tree_json&manage=1 HTTP/1.1" 200 476
180.174.56.115 - - [17/Nov/2020:10:32:59 +0800] "GET /xingrg/all/function/internal_message.html?_=1605580378812&CODE_STATE=count HTTP/1.1" 200 11
180.174.56.115 - - [17/Nov/2020:10:32:59 +0800] "GET /xingrg/check_reg.html?_=1605580378812 HTTP/1.1" 200 22
180.174.56.115 - - [17/Nov/2020:10:32:59 +0800] "GET /xingrg/javascript/jquery_easy_ui/themes/default/images/panel_tool_collapse.gif HTTP/1.1" 304 -
180.174.56.115 - - [17/Nov/2020:10:32:59 +0800] "GET /xingrg/images/blue/pingpu.png HTTP/1.1" 304 -
180.174.56.115 - - [17/Nov/2020:10:32:59 +0800] "GET /xingrg/javascript/jquery_easy_ui/themes/default/images/tabs_rightarrow.png HTTP/1.1" 304 -
180.174.56.115 - - [17/Nov/2020:10:32:59 +0800] "GET /xingrg/javascript/jquery_easy_ui/themes/default/images/tabs_leftarrow.png HTTP/1.1" 304 -
180.174.56.115 - - [17/Nov/2020:10:32:59 +0800] "POST /xingrg/load_menu.html HTTP/1.1" 200 5138
180.174.56.115 - - [17/Nov/2020:10:33:01 +0800] "GET /xingrg/kc/buy/cgsh_order_list.html HTTP/1.1" 200 45010
116.228.172.94 - - [17/Nov/2020:10:33:02 +0800] "POST /xingrg/kc/buy/cgsh_order_operate.html HTTP/1.1" 200 37
180.174.56.115 - - [17/Nov/2020:10:33:03 +0800] "POST /xingrg/kc/buy/cgsh_list_operate.html HTTP/1.1" 200 876
180.174.56.115 - - [17/Nov/2020:10:33:03 +0800] "GET /xingrg/kc/buy/cgsh_order_add.html HTTP/1.1" 200 60666
180.174.56.115 - - [17/Nov/2020:10:33:03 +0800] "GET /xingrg/words/20201116161439_words.js HTTP/1.1" 304 -
180.174.56.115 - - [17/Nov/2020:10:33:04 +0800] "GET /xingrg/javascript/easyui/themes/default/validatebox.css HTTP/1.1" 404 1104
180.174.56.115 - - [17/Nov/2020:10:33:04 +0800] "POST /xingrg/kc/buy/cgsh_order_operate.html HTTP/1.1" 200 8245
116.228.172.94 - - [17/Nov/2020:10:33:04 +0800] "POST /xingrg/kc/buy/cgsh_order_operate.html HTTP/1.1" 200 3251
180.174.56.115 - - [17/Nov/2020:10:33:04 +0800] "GET /xingrg/javascript/auto/indicator.gif HTTP/1.1" 404 1066
116.228.172.94 - - [17/Nov/2020:10:33:04 +0800] "GET /xingrg/all/function/internal_message.html?_=1605580381258&CODE_STATE=getMsg HTTP/1.1" 200 27
117.185.32.26 - - [17/Nov/2020:10:33:06 +0800] "GET /xingrg/kc/buy/cgsh_order_operate.html?command=get_materiel&rest_code=00106&code=00101012029&supplier_code=00100032&order_time=2020-11-17 HTTP/1.1" 200 412
116.228.172.94 - - [17/Nov/2020:10:33:06 +0800] "GET /xingrg/kc/print/load_data.html?order_code=212020111706593&kc_code=cgsh&condition= HTTP/1.1" 200 887
116.228.172.94 - - [17/Nov/2020:10:33:10 +0800] "GET /xingrg/kc/buy/cgsh_order_add.html HTTP/1.1" 200 60830
117.185.32.26 - - [17/Nov/2020:10:33:11 +0800] "GET /xingrg/check_reg.html?_=1605580835558 HTTP/1.1" 200 22
117.185.32.26 - - [17/Nov/2020:10:33:11 +0800] "GET /xingrg/all/function/internal_message.html?_=1605580835560&CODE_STATE=getMsg HTTP/1.1" 200 27
116.228.172.94 - - [17/Nov/2020:10:33:11 +0800] "GET /xingrg/javascript/easyui/themes/default/validatebox.css HTTP/1.1" 404 1104
116.228.172.94 - - [17/Nov/2020:10:33:11 +0800] "POST /xingrg/kc/buy/cgsh_order_operate.html HTTP/1.1" 200 8245
180.157.253.48 - - [17/Nov/2020:10:33:11 +0800] "POST /xingrg/kc/buy/cgsh_order_operate.html HTTP/1.1" 200 37
180.174.56.115 - - [17/Nov/2020:10:33:11 +0800] "GET /xingrg/kc/buy/cgsh_order_operate.html?command=get_materiel&rest_code=00150&code=00101002041&supplier_code=00100151&order_time=2020-11-17 HTTP/1.1" 200 409
116.228.172.94 - - [17/Nov/2020:10:33:12 +0800] "GET /xingrg/javascript/easyui/themes/default/tree.css HTTP/1.1" 404 1090
116.228.172.94 - - [17/Nov/2020:10:33:12 +0800] "POST /xingrg/all/common/load_tree.html?tree=supplier_tree_json&isDelete=1 HTTP/1.1" 200 51980
101.85.228.137 - - [17/Nov/2020:10:33:14 +0800] "GET /xingrg/kc/base/wldb_order_operate.html?command=get_materiel&rest_code=00102&base_code=0010477&code=00102003516 HTTP/1.1" 200 420
117.185.32.26 - - [17/Nov/2020:10:33:14 +0800] "GET /xingrg/kc/buy/cgsh_order_operate.html?command=get_materiel&rest_code=00106&code=00101012025&supplier_code=00100032&order_time=2020-11-17 HTTP/1.1" 200 412
180.157.253.48 - - [17/Nov/2020:10:33:15 +0800] "POST /xingrg/kc/buy/cgsh_order_operate.html HTTP/1.1" 200 3851
114.88.166.242 - - [17/Nov/2020:10:33:16 +0800] "GET /xingrg/all/function/internal_message.html?_=1605580505694&CODE_STATE=getMsg HTTP/1.1" 200 27
180.157.253.48 - - [17/Nov/2020:10:33:17 +0800] "GET /xingrg/kc/buy/cgsh_order_add.html HTTP/1.1" 200 60748
180.171.125.150 - - [17/Nov/2020:10:33:17 +0800] "GET /xingrg/javascript/jquery_easy_ui/themes/default/images/tabs_active.png HTTP/1.1" 200 2894
180.171.125.150 - - [17/Nov/2020:10:33:17 +0800] "GET /xingrg/javascript/jquery_easy_ui/themes/default/images/tabs_active.png HTTP/1.1" 200 2894
180.157.253.48 - - [17/Nov/2020:10:33:18 +0800] "GET /xingrg/javascript/easyui/themes/default/validatebox.css HTTP/1.1" 404 1104
180.157.253.48 - - [17/Nov/2020:10:33:18 +0800] "POST /xingrg/kc/buy/cgsh_order_operate.html HTTP/1.1" 200 8245
222.69.134.136 - - [17/Nov/2020:10:33:19 +0800] "GET /xingrg/check_reg.html?_=1605580396718 HTTP/1.1" 200 22
222.69.134.136 - - [17/Nov/2020:10:33:19 +0800] "GET /xingrg/all/function/internal_message.html?_=1605580396708&CODE_STATE=getMsg HTTP/1.1" 200 27
114.84.37.38 - - [17/Nov/2020:10:33:22 +0800] "GET /xingrg/all/function/internal_message.html?_=1605580409152&CODE_STATE=getMsg HTTP/1.1" 200 27
180.174.56.115 - - [17/Nov/2020:10:33:22 +0800] "POST /xingrg/kc/buy/cgsh_order_operate.html HTTP/1.1" 200 37
180.174.56.115 - - [17/Nov/2020:10:33:24 +0800] "POST /xingrg/kc/buy/cgsh_order_operate.html HTTP/1.1" 200 12
180.174.56.115 - - [17/Nov/2020:10:33:25 +0800] "GET /xingrg/kc/buy/cgsh_order_info.html?code=212020111706595 HTTP/1.1" 200 55559
180.174.56.115 - - [17/Nov/2020:10:33:26 +0800] "GET /xingrg/javascript/easyui/themes/default/validatebox.css HTTP/1.1" 404 1104
101.85.228.137 - - [17/Nov/2020:10:33:26 +0800] "GET /xingrg/all/function/internal_message.html?_=1605580408795&CODE_STATE=getMsg HTTP/1.1" 200 27
180.174.56.115 - - [17/Nov/2020:10:33:26 +0800] "POST /xingrg/kc/buy/cgsh_order_operate.html HTTP/1.1" 200 603
180.174.56.115 - - [17/Nov/2020:10:33:28 +0800] "GET /xingrg/kc/print/load_data.html?order_code=212020111706595&kc_code=cgsh&condition= HTTP/1.1" 200 680
117.185.32.26 - - [17/Nov/2020:10:33:28 +0800] "GET /xingrg/kc/buy/cgsh_order_operate.html?command=get_materiel&rest_code=00106&code=00101002002&supplier_code=00100087&order_time=2020-11-17 HTTP/1.1" 200 420
180.171.125.150 - - [17/Nov/2020:10:33:30 +0800] "GET /xingrg/all/function/internal_message.html?_=1605580410861&CODE_STATE=getMsg HTTP/1.1" 200 27
172.17.0.123 - - [17/Nov/2020:10:33:31 +0800] "GET /xingrg/all/function/internal_message.html?_=1605580352850&CODE_STATE=getMsg HTTP/1.1" 200 27
172.17.0.123 - - [17/Nov/2020:10:33:31 +0800] "GET /xingrg/check_reg.html?_=1605580352851 HTTP/1.1" 200 22
101.85.52.2 - - [17/Nov/2020:10:33:33 +0800] "GET /xingrg/all/function/internal_message.html?_=1605580409984&CODE_STATE=getMsg HTTP/1.1" 200 27
117.185.32.26 - - [17/Nov/2020:10:33:35 +0800] "GET /xingrg/kc/buy/cgsh_order_operate.html?command=get_materiel&rest_code=00106&code=00101012040&supplier_code=00100032&order_time=2020-11-17 HTTP/1.1" 200 412
180.162.245.190 - - [17/Nov/2020:10:33:36 +0800] "GET /xingrg/check_reg.html?_=1605580417606 HTTP/1.1" 200 22
180.162.245.190 - - [17/Nov/2020:10:33:36 +0800] "GET /xingrg/all/function/internal_message.html?_=1605580417608&CODE_STATE=getMsg HTTP/1.1" 200 27
116.228.172.94 - - [17/Nov/2020:10:33:38 +0800] "GET /xingrg/kc/buy/cgsh_order_operate.html?command=get_materiel&rest_code=00107&code=00101011005&supplier_code=00100049&order_time=2020-11-17 HTTP/1.1" 200 427
114.84.145.85 - - [17/Nov/2020:10:33:38 +0800] "GET /xingrg/all/function/internal_message.html?_=1605580006289&CODE_STATE=getMsg HTTP/1.1" 200 27
61.129.6.203 - - [17/Nov/2020:10:33:39 +0800] "GET /xingrg/all/function/internal_message.html?_=1605579696487&CODE_STATE=getMsg HTTP/1.1" 302 -
180.174.56.115 - - [17/Nov/2020:10:33:40 +0800] "GET /xingrg/all/function/internal_message.html?_=1605580394419&CODE_STATE=getMsg HTTP/1.1" 200 27
172.17.0.240 - - [17/Nov/2020:10:33:42 +0800] "GET /xingrg/all/function/internal_message.html?_=1605580418925&CODE_STATE=getMsg HTTP/1.1" 200 27
101.85.228.137 - - [17/Nov/2020:10:33:43 +0800] "GET /xingrg/check_reg.html?_=1605580645655 HTTP/1.1" 200 22
101.85.228.137 - - [17/Nov/2020:10:33:43 +0800] "GET /xingrg/all/function/internal_message.html?_=1605580646019&CODE_STATE=getMsg HTTP/1.1" 200 27
117.185.32.26 - - [17/Nov/2020:10:33:44 +0800] "GET /xingrg/kc/buy/cgsh_order_operate.html?command=get_materiel&rest_code=00106&code=00101010161&supplier_code=00100032&order_time=2020-11-17 HTTP/1.1" 200 409
114.84.145.85 - - [17/Nov/2020:10:33:45 +0800] "GET /xingrg/all/function/internal_message.html?_=1605580416511&CODE_STATE=getMsg HTTP/1.1" 200 27
61.129.6.203 - - [17/Nov/2020:10:33:45 +0800] "GET /xingrg/login.html HTTP/1.1" 200 7641
117.185.32.26 - - [17/Nov/2020:10:33:46 +0800] "GET /xingrg/all/function/internal_message.html?_=1605580423747&CODE_STATE=getMsg HTTP/1.1" 200 27
172.17.0.116 - - [17/Nov/2020:10:33:48 +0800] "GET /xingrg/all/function/internal_message.html?_=1605580429647&CODE_STATE=getMsg HTTP/1.1" 200 27
172.17.0.185 - - [17/Nov/2020:10:33:49 +0800] "GET /xingrg/check_reg.html?_=1605580427444 HTTP/1.1" 200 22
180.157.253.48 - - [17/Nov/2020:10:33:51 +0800] "GET /xingrg/check_reg.html?_=1605580432511 HTTP/1.1" 200 22
180.157.253.48 - - [17/Nov/2020:10:33:51 +0800] "GET /xingrg/all/function/internal_message.html?_=1605580432519&CODE_STATE=getMsg HTTP/1.1" 200 27
116.233.75.33 - - [17/Nov/2020:10:33:53 +0800] "GET /xingrg/all/function/internal_message.html?_=1605580458140&CODE_STATE=getMsg HTTP/1.1" 200 27
116.228.172.94 - - [17/Nov/2020:10:33:55 +0800] "GET /xingrg/kc/buy/cgsh_order_operate.html?command=get_materiel&rest_code=00107&code=00101011010&supplier_code=00100049&order_time=2020-11-17 HTTP/1.1" 200 418
172.17.0.101 - - [17/Nov/2020:10:33:55 +0800] "GET /xingrg/all/function/internal_message.html?_=1605580477139&CODE_STATE=getMsg HTTP/1.1" 200 27
172.17.0.101 - - [17/Nov/2020:10:33:55 +0800] "GET /xingrg/check_reg.html?_=1605580477143 HTTP/1.1" 200 22
180.174.56.115 - - [17/Nov/2020:10:33:59 +0800] "GET /xingrg/all/function/internal_message.html?_=1605580438815&CODE_STATE=getMsg HTTP/1.1" 200 27
117.185.32.26 - - [17/Nov/2020:10:34:01 +0800] "POST /xingrg/kc/buy/cgsh_order_operate.html HTTP/1.1" 200 37
117.185.32.26 - - [17/Nov/2020:10:34:01 +0800] "GET /xingrg/kc/buy/cgsh_order_operate.html?command=get_materiel&rest_code=00106&code=00101001111&supplier_code=00100032&order_time=2020-11-17 HTTP/1.1" 200 410
180.162.245.190 - - [17/Nov/2020:10:34:02 +0800] "GET /xingrg/kc/buy/cgsh_order_operate.html?command=get_materiel&rest_code=00105&code=00101009062&supplier_code=00100361&order_time=2020-11-17 HTTP/1.1" 200 412
117.185.32.26 - - [17/Nov/2020:10:34:02 +0800] "POST /xingrg/kc/buy/cgsh_order_operate.html HTTP/1.1" 200 3269
116.228.172.94 - - [17/Nov/2020:10:34:05 +0800] "GET /xingrg/all/function/internal_message.html?_=1605580441267&CODE_STATE=getMsg HTTP/1.1" 200 27
101.85.228.137 - - [17/Nov/2020:10:34:05 +0800] "POST /xingrg/kc/base/wldb_order_operate.html HTTP/1.1" 200 37
116.228.172.94 - - [17/Nov/2020:10:34:06 +0800] "POST /xingrg/kc/buy/cgsh_order_operate.html HTTP/1.1" 200 37
116.228.172.94 - - [17/Nov/2020:10:34:07 +0800] "POST /xingrg/kc/buy/cgsh_order_operate.html HTTP/1.1" 200 3259
101.85.228.137 - - [17/Nov/2020:10:34:07 +0800] "POST /xingrg/kc/base/wldb_order_operate.html HTTP/1.1" 200 12
101.85.228.137 - - [17/Nov/2020:10:34:07 +0800] "POST /xingrg/kc/base/wldb_order_operate.html HTTP/1.1" 200 2178
101.85.228.137 - - [17/Nov/2020:10:34:07 +0800] "GET /xingrg/kc/base/wldb_order_info.html?code=422020111701875 HTTP/1.1" 200 26463
101.85.228.137 - - [17/Nov/2020:10:34:08 +0800] "POST /xingrg/kc/base/wldb_order_operate.html HTTP/1.1" 200 473
101.85.228.137 - - [17/Nov/2020:10:34:08 +0800] "GET /xingrg/javascript/easyui/themes/default/validatebox.css HTTP/1.1" 404 1104
116.228.172.94 - - [17/Nov/2020:10:34:08 +0800] "GET /xingrg/kc/print/load_data.html?order_code=212020111706597&kc_code=cgsh&condition= HTTP/1.1" 200 952
101.85.228.137 - - [17/Nov/2020:10:34:09 +0800] "GET /xingrg/kc/print/load_config.html?kc_code=wldb HTTP/1.1" 200 2173
101.85.228.137 - - [17/Nov/2020:10:34:09 +0800] "GET /xingrg/kc/print/load_data.html?order_code=422020111701875&kc_code=wldb&condition= HTTP/1.1" 200 570
117.185.32.26 - - [17/Nov/2020:10:34:10 +0800] "POST /xingrg/kc/buy/cgsh_order_operate.html HTTP/1.1" 200 37
114.88.166.242 - - [17/Nov/2020:10:34:11 +0800] "GET /xingrg/check_reg.html?_=1605580450025 HTTP/1.1" 200 22
117.185.32.26 - - [17/Nov/2020:10:34:12 +0800] "GET /xingrg/all/function/internal_message.html?_=1605580896617&CODE_STATE=getMsg HTTP/1.1" 200 27
117.185.32.26 - - [17/Nov/2020:10:34:12 +0800] "GET /xingrg/kc/buy/cgsh_order_operate.html?command=get_materiel&rest_code=00106&code=00101012026&supplier_code=00100032&order_time=2020-11-17 HTTP/1.1" 200 408
117.185.32.26 - - [17/Nov/2020:10:34:12 +0800] "POST /xingrg/kc/buy/cgsh_order_operate.html HTTP/1.1" 200 3269
180.162.245.190 - - [17/Nov/2020:10:34:12 +0800] "GET /xingrg/system/info/materiel_import.html?isSelect=1&singleSelect=false HTTP/1.1" 200 5600
180.162.245.190 - - [17/Nov/2020:10:34:12 +0800] "GET /favicon.ico HTTP/1.1" 404 -
180.162.245.190 - - [17/Nov/2020:10:34:12 +0800] "POST /xingrg/all/common/load_tree.html?tree=materiel_sort_tree_json HTTP/1.1" 200 8666
117.185.32.26 - - [17/Nov/2020:10:34:14 +0800] "GET /xingrg/kc/buy/cgsh_order_add.html HTTP/1.1" 200 60742
117.185.32.26 - - [17/Nov/2020:10:34:14 +0800] "POST /xingrg/kc/buy/cgsh_order_operate.html HTTP/1.1" 200 8245
117.185.32.26 - - [17/Nov/2020:10:34:14 +0800] "GET /xingrg/javascript/easyui/themes/default/validatebox.css HTTP/1.1" 404 1104
101.85.228.137 - - [17/Nov/2020:10:34:15 +0800] "GET /xingrg/kc/base/wldb_order_add.html HTTP/1.1" 200 30587
180.157.253.48 - - [17/Nov/2020:10:34:15 +0800] "GET /xingrg/kc/buy/cgsh_order_operate.html?command=get_materiel&rest_code=00148&code=00101006152&supplier_code=00100344&order_time=2020-11-17 HTTP/1.1" 200 409
101.85.228.137 - - [17/Nov/2020:10:34:15 +0800] "POST /xingrg/kc/base/wldb_order_operate.html HTTP/1.1" 200 6806
101.85.228.137 - - [17/Nov/2020:10:34:16 +0800] "GET /xingrg/javascript/easyui/themes/default/validatebox.css HTTP/1.1" 404 1104
117.185.32.26 - - [17/Nov/2020:10:34:16 +0800] "GET /xingrg/javascript/easyui/themes/default/tree.css HTTP/1.1" 404 1090
117.185.32.26 - - [17/Nov/2020:10:34:16 +0800] "POST /xingrg/all/common/load_tree.html?tree=supplier_tree_json&isDelete=1 HTTP/1.1" 200 51980
114.88.166.242 - - [17/Nov/2020:10:34:16 +0800] "GET /xingrg/all/function/internal_message.html?_=1605580565674&CODE_STATE=getMsg HTTP/1.1" 200 27
222.69.134.136 - - [17/Nov/2020:10:34:19 +0800] "GET /xingrg/all/function/internal_message.html?_=1605580456722&CODE_STATE=getMsg HTTP/1.1" 200 27
114.84.37.38 - - [17/Nov/2020:10:34:22 +0800] "GET /xingrg/all/function/internal_message.html?_=1605580469165&CODE_STATE=getMsg HTTP/1.1" 200 27
117.185.32.26 - - [17/Nov/2020:10:34:23 +0800] "POST /xingrg/kc/buy/cgsh_order_operate.html HTTP/1.1" 200 37
117.185.32.26 - - [17/Nov/2020:10:34:25 +0800] "POST /xingrg/kc/buy/cgsh_order_operate.html HTTP/1.1" 200 12
101.85.228.137 - - [17/Nov/2020:10:34:26 +0800] "GET /xingrg/all/function/internal_message.html?_=1605580468815&CODE_STATE=getMsg HTTP/1.1" 200 27
117.185.32.26 - - [17/Nov/2020:10:34:26 +0800] "GET /xingrg/kc/buy/cgsh_order_info.html?code=212020111706598 HTTP/1.1" 200 55655
117.185.32.26 - - [17/Nov/2020:10:34:27 +0800] "GET /xingrg/javascript/easyui/themes/default/validatebox.css HTTP/1.1" 404 1104
117.185.32.26 - - [17/Nov/2020:10:34:27 +0800] "POST /xingrg/kc/buy/cgsh_order_operate.html HTTP/1.1" 200 4144
117.185.32.26 - - [17/Nov/2020:10:34:28 +0800] "GET /xingrg/kc/print/load_data.html?order_code=212020111706598&kc_code=cgsh&condition= HTTP/1.1" 200 2064
180.171.125.150 - - [17/Nov/2020:10:34:30 +0800] "GET /xingrg/all/function/internal_message.html?_=1605580470871&CODE_STATE=getMsg HTTP/1.1" 200 27
172.17.0.123 - - [17/Nov/2020:10:34:31 +0800] "GET /xingrg/all/function/internal_message.html?_=1605580412854&CODE_STATE=getMsg HTTP/1.1" 200 27
101.85.52.2 - - [17/Nov/2020:10:34:33 +0800] "GET /xingrg/all/function/internal_message.html?_=1605580469985&CODE_STATE=getMsg HTTP/1.1" 200 27
117.185.32.26 - - [17/Nov/2020:10:34:34 +0800] "GET /xingrg/kc/print/load_data.html?order_code=212020111706598&kc_code=cgsh HTTP/1.1" 200 2064
58.40.7.146 - - [17/Nov/2020:10:34:35 +0800] "GET /xingrg/check_reg.html?_=1605580474525 HTTP/1.1" 200 22
101.85.228.137 - - [17/Nov/2020:10:34:35 +0800] "GET /xingrg/kc/base/wldb_order_operate.html?command=get_materiel&rest_code=00102&base_code=0010477&code=00102010171 HTTP/1.1" 200 431
180.162.245.190 - - [17/Nov/2020:10:34:36 +0800] "GET /xingrg/all/function/internal_message.html?_=1605580477607&CODE_STATE=getMsg HTTP/1.1" 200 27
114.84.145.85 - - [17/Nov/2020:10:34:38 +0800] "GET /xingrg/all/function/internal_message.html?_=1605580066263&CODE_STATE=getMsg HTTP/1.1" 200 27
61.129.6.251 - - [17/Nov/2020:10:34:39 +0800] "GET /xingrg/all/function/internal_message.html?_=1605579756487&CODE_STATE=getMsg HTTP/1.1" 302 -
180.157.253.48 - - [17/Nov/2020:10:34:39 +0800] "POST /xingrg/kc/buy/cgsh_order_operate.html HTTP/1.1" 200 37
180.174.56.115 - - [17/Nov/2020:10:34:40 +0800] "GET /xingrg/all/function/internal_message.html?_=1605580454432&CODE_STATE=getMsg HTTP/1.1" 200 27
180.157.253.48 - - [17/Nov/2020:10:34:40 +0800] "POST /xingrg/kc/buy/cgsh_order_operate.html HTTP/1.1" 200 2654
117.185.32.26 - - [17/Nov/2020:10:34:42 +0800] "GET /xingrg/kc/buy/cgsh_order_operate.html?command=get_materiel&rest_code=00106&code=00101010607&supplier_code=00100404&order_time=2020-11-17 HTTP/1.1" 200 407
172.17.0.240 - - [17/Nov/2020:10:34:42 +0800] "GET /xingrg/all/function/internal_message.html?_=1605580478915&CODE_STATE=getMsg HTTP/1.1" 200 27
101.85.228.137 - - [17/Nov/2020:10:34:43 +0800] "GET /xingrg/all/function/internal_message.html?_=1605580706021&CODE_STATE=getMsg HTTP/1.1" 200 27
180.157.253.48 - - [17/Nov/2020:10:34:44 +0800] "GET /xingrg/kc/buy/cgsh_order_add.html HTTP/1.1" 200 60748
180.157.253.48 - - [17/Nov/2020:10:34:44 +0800] "GET /xingrg/words/20201116161439_words.js HTTP/1.1" 304 -
180.157.253.48 - - [17/Nov/2020:10:34:44 +0800] "POST /xingrg/kc/buy/cgsh_order_operate.html HTTP/1.1" 200 8245
180.157.253.48 - - [17/Nov/2020:10:34:45 +0800] "GET /xingrg/javascript/easyui/themes/default/validatebox.css HTTP/1.1" 404 1104
114.84.145.85 - - [17/Nov/2020:10:34:45 +0800] "GET /xingrg/check_reg.html?_=1605580476511 HTTP/1.1" 200 22
114.84.145.85 - - [17/Nov/2020:10:34:45 +0800] "GET /xingrg/all/function/internal_message.html?_=1605580476509&CODE_STATE=getMsg HTTP/1.1" 200 27
61.129.6.251 - - [17/Nov/2020:10:34:46 +0800] "GET /xingrg/login.html HTTP/1.1" 200 7641
172.17.0.116 - - [17/Nov/2020:10:34:48 +0800] "GET /xingrg/all/function/internal_message.html?_=1605580489647&CODE_STATE=getMsg HTTP/1.1" 200 27
117.185.32.26 - - [17/Nov/2020:10:34:50 +0800] "GET /xingrg/all/function/internal_message.html?_=1605580487798&CODE_STATE=getMsg HTTP/1.1" 200 27
180.157.253.48 - - [17/Nov/2020:10:34:51 +0800] "GET /xingrg/all/function/internal_message.html?_=1605580492538&CODE_STATE=getMsg HTTP/1.1" 200 27
101.85.228.137 - - [17/Nov/2020:10:34:52 +0800] "GET /xingrg/kc/base/wldb_order_operate.html?command=get_materiel&rest_code=00102&base_code=0010477&code=00102003187 HTTP/1.1" 200 439
116.233.75.33 - - [17/Nov/2020:10:34:53 +0800] "GET /xingrg/all/function/internal_message.html?_=1605580518140&CODE_STATE=getMsg HTTP/1.1" 200 27
172.17.0.101 - - [17/Nov/2020:10:34:55 +0800] "GET /xingrg/all/function/internal_message.html?_=1605580537142&CODE_STATE=getMsg HTTP/1.1" 200 27
117.185.32.26 - - [17/Nov/2020:10:34:56 +0800] "POST /xingrg/kc/buy/cgsh_order_operate.html HTTP/1.1" 200 37
117.185.32.26 - - [17/Nov/2020:10:34:57 +0800] "POST /xingrg/kc/buy/cgsh_order_operate.html HTTP/1.1" 200 2665
180.174.56.115 - - [17/Nov/2020:10:34:59 +0800] "GET /xingrg/all/function/internal_message.html?_=1605580498817&CODE_STATE=getMsg HTTP/1.1" 200 27
117.185.32.26 - - [17/Nov/2020:10:34:59 +0800] "GET /xingrg/kc/buy/cgsh_order_add.html HTTP/1.1" 200 60742
117.185.32.26 - - [17/Nov/2020:10:35:00 +0800] "GET /xingrg/kc/buy/cgsh_order_add.html HTTP/1.1" 200 60748
117.185.32.26 - - [17/Nov/2020:10:35:00 +0800] "POST /xingrg/kc/buy/cgsh_order_operate.html HTTP/1.1" 200 8245
117.185.32.26 - - [17/Nov/2020:10:35:00 +0800] "GET /xingrg/javascript/easyui/themes/default/validatebox.css HTTP/1.1" 404 1104
117.185.32.26 - - [17/Nov/2020:10:35:00 +0800] "POST /xingrg/kc/buy/cgsh_order_operate.html HTTP/1.1" 200 8245
117.185.32.26 - - [17/Nov/2020:10:35:00 +0800] "GET /xingrg/javascript/easyui/themes/default/validatebox.css HTTP/1.1" 404 1104
117.185.32.26 - - [17/Nov/2020:10:35:01 +0800] "GET /xingrg/javascript/easyui/themes/default/tree.css HTTP/1.1" 404 1090
117.185.32.26 - - [17/Nov/2020:10:35:01 +0800] "POST /xingrg/all/common/load_tree.html?tree=supplier_tree_json&isDelete=1 HTTP/1.1" 200 51980
117.185.32.26 - - [17/Nov/2020:10:35:02 +0800] "GET /xingrg/javascript/easyui/themes/default/tree.css HTTP/1.1" 404 1090
117.185.32.26 - - [17/Nov/2020:10:35:02 +0800] "POST /xingrg/all/common/load_tree.html?tree=supplier_tree_json&isDelete=1 HTTP/1.1" 200 51980
116.228.172.94 - - [17/Nov/2020:10:35:05 +0800] "GET /xingrg/all/function/internal_message.html?_=1605580501271&CODE_STATE=getMsg HTTP/1.1" 200 27
180.157.253.48 - - [17/Nov/2020:10:35:07 +0800] "GET /xingrg/kc/buy/cgsh_order_operate.html?command=get_materiel&rest_code=00148&code=00102002195&supplier_code=00100093&order_time=2020-11-17 HTTP/1.1" 200 413
117.185.32.26 - - [17/Nov/2020:10:35:12 +0800] "GET /xingrg/all/function/internal_message.html?_=1605580956605&CODE_STATE=getMsg HTTP/1.1" 200 27
114.84.145.85 - - [17/Nov/2020:10:35:12 +0800] "GET /xingrg/check_reg.html?_=1605580100720 HTTP/1.1" 200 22
180.162.245.190 - - [17/Nov/2020:10:35:15 +0800] "GET /xingrg/index.html?sysBaseUrl=http%3A%2F%2F180.169.147.146%3A18081%2Fxingrg%2F&costTime=32×tamp=1585224308505 HTTP/1.1" 302 -
180.162.245.190 - - [17/Nov/2020:10:35:15 +0800] "GET /xingrg/login.html HTTP/1.1" 200 7641
117.185.32.26 - - [17/Nov/2020:10:35:16 +0800] "GET /xingrg/kc/buy/cgsh_order_operate.html?command=get_materiel&rest_code=00106&code=00101009050&supplier_code=00100022&order_time=2020-11-17 HTTP/1.1" 200 410
117.185.32.26 - - [17/Nov/2020:10:35:16 +0800] "GET /xingrg/kc/buy/cgsh_order_operate.html?command=get_materiel&rest_code=00106&code=00101001115&supplier_code=00100089&order_time=2020-11-17 HTTP/1.1" 200 415
114.88.166.242 - - [17/Nov/2020:10:35:16 +0800] "GET /xingrg/all/function/internal_message.html?_=1605580625655&CODE_STATE=getMsg HTTP/1.1" 200 27
180.162.245.190 - - [17/Nov/2020:10:35:17 +0800] "GET /favicon.ico HTTP/1.1" 404 -
222.69.134.136 - - [17/Nov/2020:10:35:19 +0800] "GET /xingrg/all/function/internal_message.html?_=1605580516714&CODE_STATE=getMsg HTTP/1.1" 200 27
114.84.37.38 - - [17/Nov/2020:10:35:22 +0800] "GET /xingrg/all/function/internal_message.html?_=1605580529851&CODE_STATE=getMsg HTTP/1.1" 200 27
116.228.172.94 - - [17/Nov/2020:10:35:25 +0800] "GET /xingrg/kc/mdqp/qp_main.html HTTP/1.1" 200 10633
101.85.228.137 - - [17/Nov/2020:10:35:26 +0800] "GET /xingrg/all/function/internal_message.html?_=1605580528824&CODE_STATE=getMsg HTTP/1.1" 200 27
116.228.172.94 - - [17/Nov/2020:10:35:26 +0800] "GET /xingrg/images/yd/bt.gif HTTP/1.1" 404 1040
116.228.172.94 - - [17/Nov/2020:10:35:27 +0800] "GET /xingrg/kc/mdqp/qqps_order_list.html HTTP/1.1" 200 9222
116.228.172.94 - - [17/Nov/2020:10:35:27 +0800] "GET /xingrg/dwr/interface/AjaxQqpsService.js HTTP/1.1" 200 16326
116.228.172.94 - - [17/Nov/2020:10:35:27 +0800] "GET /xingrg/dwr/interface/AjaxReportQueryService.js HTTP/1.1" 200 13203
116.228.172.94 - - [17/Nov/2020:10:35:27 +0800] "GET /xingrg/dwr/engine.js HTTP/1.1" 200 43631
116.228.172.94 - - [17/Nov/2020:10:35:27 +0800] "GET /xingrg/dwr/util.js HTTP/1.1" 304 -
180.162.245.190 - - [17/Nov/2020:10:35:27 +0800] "POST /xingrg/login.do HTTP/1.1" 302 -
180.162.245.190 - - [17/Nov/2020:10:35:27 +0800] "GET /xingrg/index.html?sysBaseUrl=http%3A%2F%2F180.169.147.146%3A18081%2Fxingrg%2F&costTime=38×tamp=1605580527905 HTTP/1.1" 200 17173
180.162.245.190 - - [17/Nov/2020:10:35:29 +0800] "GET /favicon.ico HTTP/1.1" 404 -
180.162.245.190 - - [17/Nov/2020:10:35:30 +0800] "POST /xingrg/all/common/load_tree.html?tree=area_rest_tree_json&manage=1 HTTP/1.1" 200 342
180.162.245.190 - - [17/Nov/2020:10:35:30 +0800] "GET /xingrg/all/function/internal_message.html?_=1605580510932&CODE_STATE=count HTTP/1.1" 200 11
180.162.245.190 - - [17/Nov/2020:10:35:30 +0800] "GET /xingrg/check_reg.html?_=1605580510937 HTTP/1.1" 200 22
117.185.32.26 - - [17/Nov/2020:10:35:30 +0800] "POST /xingrg/kc/buy/cgsh_order_operate.html HTTP/1.1" 200 37
180.162.245.190 - - [17/Nov/2020:10:35:30 +0800] "POST /xingrg/load_menu.html HTTP/1.1" 200 5138
180.171.125.150 - - [17/Nov/2020:10:35:30 +0800] "GET /xingrg/all/function/internal_message.html?_=1605580530886&CODE_STATE=getMsg HTTP/1.1" 200 27
172.17.0.123 - - [17/Nov/2020:10:35:31 +0800] "GET /xingrg/all/function/internal_message.html?_=1605580472840&CODE_STATE=getMsg HTTP/1.1" 200 27
117.185.32.26 - - [17/Nov/2020:10:35:31 +0800] "POST /xingrg/kc/buy/cgsh_order_operate.html HTTP/1.1" 200 2659
116.228.172.94 - - [17/Nov/2020:10:35:32 +0800] "GET /xingrg/kc/mdqp/qqps_order_add.html HTTP/1.1" 200 28239
116.228.172.94 - - [17/Nov/2020:10:35:33 +0800] "GET /xingrg/dwr/interface/AjaxComOrderService.js HTTP/1.1" 200 18264
116.228.172.94 - - [17/Nov/2020:10:35:33 +0800] "GET /xingrg/dwr/interface/AjaxQqpsService.js HTTP/1.1" 200 16326
116.228.172.94 - - [17/Nov/2020:10:35:33 +0800] "GET /xingrg/dwr/engine.js HTTP/1.1" 200 43631
101.85.52.2 - - [17/Nov/2020:10:35:33 +0800] "GET /xingrg/all/function/internal_message.html?_=1605580529984&CODE_STATE=getMsg HTTP/1.1" 200 27
117.185.32.26 - - [17/Nov/2020:10:35:34 +0800] "GET /xingrg/kc/buy/cgsh_order_add.html HTTP/1.1" 200 60742
117.185.32.26 - - [17/Nov/2020:10:35:34 +0800] "GET /xingrg/javascript/easyui/themes/default/validatebox.css HTTP/1.1" 404 1104
117.185.32.26 - - [17/Nov/2020:10:35:34 +0800] "POST /xingrg/kc/buy/cgsh_order_operate.html HTTP/1.1" 200 8245
180.162.245.190 - - [17/Nov/2020:10:35:36 +0800] "GET /xingrg/all/function/internal_message.html?_=1605580537613&CODE_STATE=getMsg HTTP/1.1" 200 27
117.185.32.26 - - [17/Nov/2020:10:35:37 +0800] "GET /xingrg/javascript/easyui/themes/default/tree.css HTTP/1.1" 404 1090
117.185.32.26 - - [17/Nov/2020:10:35:37 +0800] "POST /xingrg/all/common/load_tree.html?tree=supplier_tree_json&isDelete=1 HTTP/1.1" 200 51980
114.84.145.85 - - [17/Nov/2020:10:35:38 +0800] "GET /xingrg/all/function/internal_message.html?_=1605580126232&CODE_STATE=getMsg HTTP/1.1" 200 27
180.174.56.115 - - [17/Nov/2020:10:35:40 +0800] "GET /xingrg/all/function/internal_message.html?_=1605580514501&CODE_STATE=getMsg HTTP/1.1" 200 27
172.17.0.240 - - [17/Nov/2020:10:35:42 +0800] "GET /xingrg/all/function/internal_message.html?_=1605580538920&CODE_STATE=getMsg HTTP/1.1" 200 27
172.17.0.240 - - [17/Nov/2020:10:35:42 +0800] "GET /xingrg/check_reg.html?_=1605580538923 HTTP/1.1" 200 22
101.85.228.137 - - [17/Nov/2020:10:35:43 +0800] "GET /xingrg/all/function/internal_message.html?_=1605580766035&CODE_STATE=getMsg HTTP/1.1" 200 27
117.184.7.30 - - [17/Nov/2020:10:35:43 +0800] "GET /favicon.ico HTTP/1.1" 404 -
114.84.145.85 - - [17/Nov/2020:10:35:45 +0800] "GET /xingrg/all/function/internal_message.html?_=1605580536510&CODE_STATE=getMsg HTTP/1.1" 200 27
172.17.0.116 - - [17/Nov/2020:10:35:48 +0800] "GET /xingrg/all/function/internal_message.html?_=1605580549646&CODE_STATE=getMsg HTTP/1.1" 200 27
117.185.32.26 - - [17/Nov/2020:10:35:50 +0800] "GET /xingrg/all/function/internal_message.html?_=1605580547769&CODE_STATE=getMsg HTTP/1.1" 200 27
180.157.253.48 - - [17/Nov/2020:10:35:51 +0800] "GET /xingrg/all/function/internal_message.html?_=1605580552593&CODE_STATE=getMsg HTTP/1.1" 200 27
116.233.75.33 - - [17/Nov/2020:10:35:53 +0800] "GET /xingrg/all/function/internal_message.html?_=1605580578140&CODE_STATE=getMsg HTTP/1.1" 200 27
117.185.32.26 - - [17/Nov/2020:10:35:54 +0800] "GET /xingrg/kc/buy/cgsh_order_operate.html?command=get_materiel&rest_code=00106&code=00101003003&supplier_code=00100094&order_time=2020-11-17 HTTP/1.1" 200 414
172.17.0.101 - - [17/Nov/2020:10:35:55 +0800] "GET /xingrg/all/function/internal_message.html?_=1605580597144&CODE_STATE=getMsg HTTP/1.1" 200 27
101.85.228.137 - - [17/Nov/2020:10:35:57 +0800] "GET /xingrg/kc/base/wldb_order_operate.html?command=get_materiel&rest_code=00102&base_code=0010477&code=00102003188 HTTP/1.1" 200 439
180.174.56.115 - - [17/Nov/2020:10:35:59 +0800] "GET /xingrg/all/function/internal_message.html?_=1605580558816&CODE_STATE=getMsg HTTP/1.1" 200 27
101.85.228.137 - - [17/Nov/2020:10:36:01 +0800] "GET /xingrg/kc/base/wldb_order_operate.html?command=get_materiel&rest_code=00102&base_code=0010477&code=00102003595 HTTP/1.1" 200 423
116.228.172.94 - - [17/Nov/2020:10:36:05 +0800] "GET /xingrg/all/function/internal_message.html?_=1605580561278&CODE_STATE=getMsg HTTP/1.1" 200 27
116.228.172.94 - - [17/Nov/2020:10:36:05 +0800] "GET /xingrg/check_reg.html?_=1605580561537 HTTP/1.1" 200 22
101.85.228.137 - - [17/Nov/2020:10:36:08 +0800] "GET /xingrg/kc/base/wldb_order_operate.html?command=get_materiel&rest_code=00102&base_code=0010477&code=00102003599 HTTP/1.1" 200 415
116.228.172.94 - - [17/Nov/2020:10:36:09 +0800] "POST /xingrg/dwr/call/plaincall/AjaxQqpsService.saveOrder.dwr HTTP/1.1" 200 78
117.185.32.26 - - [17/Nov/2020:10:36:12 +0800] "GET /xingrg/all/function/internal_message.html?_=1605581016606&CODE_STATE=getMsg HTTP/1.1" 200 27
114.84.145.85 - - [17/Nov/2020:10:36:15 +0800] "POST /xingrg/services/DataTransmitService HTTP/1.1" 200 524
114.88.166.242 - - [17/Nov/2020:10:36:16 +0800] "GET /xingrg/all/function/internal_message.html?_=1605580685626&CODE_STATE=getMsg HTTP/1.1" 200 27
117.185.32.26 - - [17/Nov/2020:10:36:17 +0800] "POST /xingrg/kc/buy/cgsh_order_operate.html HTTP/1.1" 200 37
116.233.74.74 - - [17/Nov/2020:10:36:17 +0800] "GET /xingrg/check_reg.html?_=1605580578386 HTTP/1.1" 302 -
117.185.32.26 - - [17/Nov/2020:10:36:18 +0800] "POST /xingrg/kc/buy/cgsh_order_operate.html HTTP/1.1" 200 2065
222.69.134.136 - - [17/Nov/2020:10:36:19 +0800] "GET /xingrg/all/function/internal_message.html?_=1605580576721&CODE_STATE=getMsg HTTP/1.1" 200 27
180.157.253.48 - - [17/Nov/2020:10:36:19 +0800] "GET /xingrg/kc/buy/cgsh_order_add.html HTTP/1.1" 200 60748
114.84.145.85 - - [17/Nov/2020:10:36:19 +0800] "POST /xingrg/services/DataTransmitService HTTP/1.1" 200 501
180.157.253.48 - - [17/Nov/2020:10:36:20 +0800] "POST /xingrg/kc/buy/cgsh_order_operate.html HTTP/1.1" 200 8245
180.157.253.48 - - [17/Nov/2020:10:36:20 +0800] "GET /xingrg/javascript/easyui/themes/default/validatebox.css HTTP/1.1" 404 1104
117.185.32.26 - - [17/Nov/2020:10:36:21 +0800] "GET /xingrg/kc/buy/cgsh_order_add.html HTTP/1.1" 200 60742
117.185.32.26 - - [17/Nov/2020:10:36:21 +0800] "POST /xingrg/kc/buy/cgsh_order_operate.html HTTP/1.1" 200 8245
117.185.32.26 - - [17/Nov/2020:10:36:21 +0800] "GET /xingrg/javascript/easyui/themes/default/validatebox.css HTTP/1.1" 404 1104
116.228.172.94 - - [17/Nov/2020:10:36:22 +0800] "POST /xingrg/dwr/call/plaincall/AjaxQqpsService.getMaterielByCode.dwr HTTP/1.1" 200 3503
114.84.37.38 - - [17/Nov/2020:10:36:22 +0800] "GET /xingrg/all/function/internal_message.html?_=1605580589864&CODE_STATE=getMsg HTTP/1.1" 200 27
117.185.32.26 - - [17/Nov/2020:10:36:23 +0800] "GET /xingrg/javascript/easyui/themes/default/tree.css HTTP/1.1" 404 1090
117.185.32.26 - - [17/Nov/2020:10:36:23 +0800] "POST /xingrg/all/common/load_tree.html?tree=supplier_tree_json&isDelete=1 HTTP/1.1" 200 51980
101.85.228.137 - - [17/Nov/2020:10:36:25 +0800] "GET /xingrg/check_reg.html?_=1605580588779 HTTP/1.1" 200 22
101.85.228.137 - - [17/Nov/2020:10:36:26 +0800] "GET /xingrg/all/function/internal_message.html?_=1605580588839&CODE_STATE=getMsg HTTP/1.1" 200 27
116.228.172.94 - - [17/Nov/2020:10:36:28 +0800] "POST /xingrg/dwr/call/plaincall/AjaxQqpsService.saveMaterielItem.dwr HTTP/1.1" 200 78
180.162.245.190 - - [17/Nov/2020:10:36:30 +0800] "GET /xingrg/all/function/internal_message.html?_=1605580570965&CODE_STATE=getMsg HTTP/1.1" 200 27
180.171.125.150 - - [17/Nov/2020:10:36:30 +0800] "GET /xingrg/all/function/internal_message.html?_=1605580590897&CODE_STATE=getMsg HTTP/1.1" 200 27
172.17.0.123 - - [17/Nov/2020:10:36:31 +0800] "GET /xingrg/all/function/internal_message.html?_=1605580532840&CODE_STATE=getMsg HTTP/1.1" 200 27
101.85.52.2 - - [17/Nov/2020:10:36:33 +0800] "GET /xingrg/all/function/internal_message.html?_=1605580589983&CODE_STATE=getMsg HTTP/1.1" 200 27
101.85.52.2 - - [17/Nov/2020:10:36:33 +0800] "GET /xingrg/check_reg.html?_=1605580589986 HTTP/1.1" 200 22
180.162.245.190 - - [17/Nov/2020:10:36:36 +0800] "GET /xingrg/all/function/internal_message.html?_=1605580597606&CODE_STATE=getMsg HTTP/1.1" 200 27
114.84.145.85 - - [17/Nov/2020:10:36:38 +0800] "GET /xingrg/all/function/internal_message.html?_=1605580186212&CODE_STATE=getMsg HTTP/1.1" 200 27
180.157.253.48 - - [17/Nov/2020:10:36:40 +0800] "GET /xingrg/kc/buy/cgsh_order_operate.html?command=get_materiel&rest_code=00148&code=00101004046&supplier_code=00100312&order_time=2020-11-17 HTTP/1.1" 200 417
180.174.56.115 - - [17/Nov/2020:10:36:40 +0800] "GET /xingrg/all/function/internal_message.html?_=1605580574507&CODE_STATE=getMsg HTTP/1.1" 200 27
116.228.172.94 - - [17/Nov/2020:10:36:41 +0800] "POST /xingrg/dwr/call/plaincall/AjaxQqpsService.getMaterielByCode.dwr HTTP/1.1" 200 3429
172.17.0.240 - - [17/Nov/2020:10:36:42 +0800] "GET /xingrg/all/function/internal_message.html?_=1605580598923&CODE_STATE=getMsg HTTP/1.1" 200 27
101.85.228.137 - - [17/Nov/2020:10:36:43 +0800] "GET /xingrg/all/function/internal_message.html?_=1605580826111&CODE_STATE=getMsg HTTP/1.1" 200 27
117.185.32.26 - - [17/Nov/2020:10:36:44 +0800] "GET /xingrg/kc/buy/cgsh_order_operate.html?command=get_materiel&rest_code=00106&code=00101009006&supplier_code=00100022&order_time=2020-11-17 HTTP/1.1" 200 410
114.84.145.85 - - [17/Nov/2020:10:36:45 +0800] "GET /xingrg/all/function/internal_message.html?_=1605580596534&CODE_STATE=getMsg HTTP/1.1" 200 27
116.228.172.94 - - [17/Nov/2020:10:36:46 +0800] "POST /xingrg/dwr/call/plaincall/AjaxQqpsService.saveMaterielItem.dwr HTTP/1.1" 200 78
101.85.228.137 - - [17/Nov/2020:10:36:47 +0800] "POST /xingrg/kc/base/wldb_order_operate.html HTTP/1.1" 200 37
172.17.0.116 - - [17/Nov/2020:10:36:48 +0800] "GET /xingrg/check_reg.html?_=1605580609664 HTTP/1.1" 200 22
172.17.0.116 - - [17/Nov/2020:10:36:48 +0800] "GET /xingrg/all/function/internal_message.html?_=1605580609661&CODE_STATE=getMsg HTTP/1.1" 200 27
101.85.228.137 - - [17/Nov/2020:10:36:48 +0800] "POST /xingrg/kc/base/wldb_order_operate.html HTTP/1.1" 200 12
101.85.228.137 - - [17/Nov/2020:10:36:48 +0800] "POST /xingrg/kc/base/wldb_order_operate.html HTTP/1.1" 200 4553
101.85.228.137 - - [17/Nov/2020:10:36:49 +0800] "GET /xingrg/kc/base/wldb_order_info.html?code=422020111701876 HTTP/1.1" 200 26470
101.85.228.137 - - [17/Nov/2020:10:36:49 +0800] "POST /xingrg/kc/base/wldb_order_operate.html HTTP/1.1" 200 2796
101.85.228.137 - - [17/Nov/2020:10:36:50 +0800] "GET /xingrg/javascript/easyui/themes/default/validatebox.css HTTP/1.1" 404 1104
117.185.32.26 - - [17/Nov/2020:10:36:50 +0800] "GET /xingrg/all/function/internal_message.html?_=1605580607742&CODE_STATE=getMsg HTTP/1.1" 200 27
117.185.32.26 - - [17/Nov/2020:10:36:50 +0800] "GET /xingrg/kc/buy/cgsh_order_operate.html?command=get_materiel&rest_code=00106&code=00101005022&supplier_code=00100347&order_time=2020-11-17 HTTP/1.1" 200 417
180.157.253.48 - - [17/Nov/2020:10:36:51 +0800] "GET /xingrg/all/function/internal_message.html?_=1605580612562&CODE_STATE=getMsg HTTP/1.1" 200 27
101.85.228.137 - - [17/Nov/2020:10:36:51 +0800] "GET /xingrg/kc/print/load_data.html?order_code=422020111701876&kc_code=wldb&condition= HTTP/1.1" 200 1283
117.185.32.26 - - [17/Nov/2020:10:36:52 +0800] "GET /xingrg/kc/buy/cgsh_order_operate.html?command=get_materiel&rest_code=00106&code=00101009062&supplier_code=00100022&order_time=2020-11-17 HTTP/1.1" 200 412
116.233.75.33 - - [17/Nov/2020:10:36:53 +0800] "GET /xingrg/check_reg.html?_=1605580638109 HTTP/1.1" 200 22
116.233.75.33 - - [17/Nov/2020:10:36:53 +0800] "GET /xingrg/all/function/internal_message.html?_=1605580638140&CODE_STATE=getMsg HTTP/1.1" 200 27
172.17.0.101 - - [17/Nov/2020:10:36:55 +0800] "GET /xingrg/all/function/internal_message.html?_=1605580657171&CODE_STATE=getMsg HTTP/1.1" 200 27
101.85.228.137 - - [17/Nov/2020:10:36:55 +0800] "GET /xingrg/kc/base/wldb_order_add.html HTTP/1.1" 200 30587
101.85.228.137 - - [17/Nov/2020:10:36:56 +0800] "POST /xingrg/kc/base/wldb_order_operate.html HTTP/1.1" 200 6806
101.85.228.137 - - [17/Nov/2020:10:36:57 +0800] "GET /xingrg/javascript/easyui/themes/default/validatebox.css HTTP/1.1" 404 1104
180.157.253.48 - - [17/Nov/2020:10:36:58 +0800] "GET /xingrg/kc/buy/cgsh_order_operate.html?command=get_materiel&rest_code=00148&code=00101004067&supplier_code=00100312&order_time=2020-11-17 HTTP/1.1" 200 413
180.174.56.115 - - [17/Nov/2020:10:36:59 +0800] "GET /xingrg/all/function/internal_message.html?_=1605580618825&CODE_STATE=getMsg HTTP/1.1" 200 27
116.228.172.94 - - [17/Nov/2020:10:37:02 +0800] "POST /xingrg/dwr/call/plaincall/AjaxQqpsService.getMaterielByCode.dwr HTTP/1.1" 200 3500
101.85.228.137 - - [17/Nov/2020:10:37:04 +0800] "GET /xingrg/kc/base/wldb_order_operate.html?command=get_materiel&rest_code=00102&base_code=0010477&code=00102003399 HTTP/1.1" 200 436
116.228.172.94 - - [17/Nov/2020:10:37:05 +0800] "GET /xingrg/all/function/internal_message.html?_=1605580621288&CODE_STATE=getMsg HTTP/1.1" 200 27
116.228.172.94 - - [17/Nov/2020:10:37:05 +0800] "POST /xingrg/dwr/call/plaincall/AjaxQqpsService.saveMaterielItem.dwr HTTP/1.1" 200 78
180.157.253.48 - - [17/Nov/2020:10:37:09 +0800] "GET /xingrg/kc/buy/cgsh_order_operate.html?command=get_materiel&rest_code=00148&code=00101004013&supplier_code=00100312&order_time=2020-11-17 HTTP/1.1" 200 415
117.185.32.26 - - [17/Nov/2020:10:37:12 +0800] "GET /xingrg/all/function/internal_message.html?_=1605581076581&CODE_STATE=getMsg HTTP/1.1" 200 27
117.185.32.26 - - [17/Nov/2020:10:37:13 +0800] "GET /xingrg/kc/buy/cgsh_order_operate.html?command=get_materiel&rest_code=00106&code=00101009019&supplier_code=00100022&order_time=2020-11-17 HTTP/1.1" 200 412
114.88.166.242 - - [17/Nov/2020:10:37:16 +0800] "GET /xingrg/all/function/internal_message.html?_=1605580745602&CODE_STATE=getMsg HTTP/1.1" 200 27
116.228.172.94 - - [17/Nov/2020:10:37:17 +0800] "POST /xingrg/dwr/call/plaincall/AjaxQqpsService.getMaterielByCode.dwr HTTP/1.1" 200 3429
114.88.166.242 - - [17/Nov/2020:10:37:17 +0800] "GET /xingrg/check_reg.html?_=1605580746384 HTTP/1.1" 200 22
222.69.134.136 - - [17/Nov/2020:10:37:19 +0800] "GET /xingrg/all/function/internal_message.html?_=1605580636712&CODE_STATE=getMsg HTTP/1.1" 200 27
180.157.253.48 - - [17/Nov/2020:10:37:22 +0800] "GET /xingrg/kc/buy/cgsh_order_operate.html?command=get_materiel&rest_code=00148&code=00101004004&supplier_code=00100312&order_time=2020-11-17 HTTP/1.1" 200 413
116.228.172.94 - - [17/Nov/2020:10:37:22 +0800] "POST /xingrg/dwr/call/plaincall/AjaxQqpsService.saveMaterielItem.dwr HTTP/1.1" 200 78
117.185.32.26 - - [17/Nov/2020:10:37:22 +0800] "GET /xingrg/kc/buy/cgsh_order_operate.html?command=get_materiel&rest_code=00106&code=00101009007&supplier_code=00100022&order_time=2020-11-17 HTTP/1.1" 200 410
114.84.37.38 - - [17/Nov/2020:10:37:23 +0800] "GET /xingrg/all/function/internal_message.html?_=1605580650542&CODE_STATE=getMsg HTTP/1.1" 200 27
101.85.228.137 - - [17/Nov/2020:10:37:26 +0800] "GET /xingrg/all/function/internal_message.html?_=1605580648857&CODE_STATE=getMsg HTTP/1.1" 200 27
117.185.32.26 - - [17/Nov/2020:10:37:28 +0800] "GET /xingrg/kc/buy/cgsh_order_operate.html?command=get_materiel&rest_code=00106&code=00101002007&supplier_code=00100347&order_time=2020-11-17 HTTP/1.1" 200 409
116.228.172.94 - - [17/Nov/2020:10:37:29 +0800] "POST /xingrg/dwr/call/plaincall/AjaxQqpsService.getMaterielByCode.dwr HTTP/1.1" 200 3491
180.162.245.190 - - [17/Nov/2020:10:37:30 +0800] "GET /xingrg/all/function/internal_message.html?_=1605580630967&CODE_STATE=getMsg HTTP/1.1" 200 27
180.171.125.150 - - [17/Nov/2020:10:37:30 +0800] "GET /xingrg/check_reg.html?_=1605580650858 HTTP/1.1" 200 22
180.171.125.150 - - [17/Nov/2020:10:37:30 +0800] "GET /xingrg/all/function/internal_message.html?_=1605580650911&CODE_STATE=getMsg HTTP/1.1" 200 27
172.17.0.123 - - [17/Nov/2020:10:37:31 +0800] "GET /xingrg/all/function/internal_message.html?_=1605580592843&CODE_STATE=getMsg HTTP/1.1" 200 27
117.185.32.26 - - [17/Nov/2020:10:37:31 +0800] "GET /xingrg/kc/buy/cgsh_order_operate.html?command=get_materiel&rest_code=00106&code=00101009043&supplier_code=00100022&order_time=2020-11-17 HTTP/1.1" 200 412
101.85.52.2 - - [17/Nov/2020:10:37:33 +0800] "GET /xingrg/all/function/internal_message.html?_=1605580650008&CODE_STATE=getMsg HTTP/1.1" 200 27
180.162.245.190 - - [17/Nov/2020:10:37:36 +0800] "GET /xingrg/all/function/internal_message.html?_=1605580657609&CODE_STATE=getMsg HTTP/1.1" 200 27
116.228.172.94 - - [17/Nov/2020:10:37:37 +0800] "POST /xingrg/dwr/call/plaincall/AjaxQqpsService.saveMaterielItem.dwr HTTP/1.1" 200 79
180.157.253.48 - - [17/Nov/2020:10:37:37 +0800] "GET /xingrg/kc/buy/cgsh_order_operate.html?command=get_materiel&rest_code=00148&code=00101001029&supplier_code=00100312&order_time=2020-11-17 HTTP/1.1" 200 415
114.84.145.85 - - [17/Nov/2020:10:37:38 +0800] "GET /xingrg/all/function/internal_message.html?_=1605580246188&CODE_STATE=getMsg HTTP/1.1" 200 27
180.174.56.115 - - [17/Nov/2020:10:37:40 +0800] "GET /xingrg/check_reg.html?_=1605580633674 HTTP/1.1" 200 22
180.174.56.115 - - [17/Nov/2020:10:37:40 +0800] "GET /xingrg/all/function/internal_message.html?_=1605580634520&CODE_STATE=getMsg HTTP/1.1" 200 27
172.17.0.240 - - [17/Nov/2020:10:37:42 +0800] "GET /xingrg/all/function/internal_message.html?_=1605580658915&CODE_STATE=getMsg HTTP/1.1" 200 27
101.85.228.137 - - [17/Nov/2020:10:37:43 +0800] "GET /xingrg/all/function/internal_message.html?_=1605580886125&CODE_STATE=getMsg HTTP/1.1" 200 27
114.84.145.85 - - [17/Nov/2020:10:37:45 +0800] "GET /xingrg/all/function/internal_message.html?_=1605580656533&CODE_STATE=getMsg HTTP/1.1" 200 27
117.185.32.26 - - [17/Nov/2020:10:37:45 +0800] "GET /xingrg/check_reg.html?_=1605580663029 HTTP/1.1" 200 22
172.17.0.116 - - [17/Nov/2020:10:37:48 +0800] "GET /xingrg/all/function/internal_message.html?_=1605580669649&CODE_STATE=getMsg HTTP/1.1" 200 27
117.185.32.26 - - [17/Nov/2020:10:37:50 +0800] "GET /xingrg/all/function/internal_message.html?_=1605580667717&CODE_STATE=getMsg HTTP/1.1" 200 27
180.157.253.48 - - [17/Nov/2020:10:37:51 +0800] "GET /xingrg/all/function/internal_message.html?_=1605580672532&CODE_STATE=getMsg HTTP/1.1" 200 27
114.84.37.38 - - [17/Nov/2020:10:37:52 +0800] "GET /xingrg/check_reg.html?_=1605580679532 HTTP/1.1" 200 22
116.228.172.94 - - [17/Nov/2020:10:37:53 +0800] "POST /xingrg/dwr/call/plaincall/AjaxQqpsService.getMaterielByCode.dwr HTTP/1.1" 200 3481
