117.185.32.26 - - [17/Nov/2020:10:28:41 +0800] "GET /xingrg/kc/print/load_config.html?kc_code=cgsh HTTP/1.1" 200 1845
117.185.32.26 - - [17/Nov/2020:10:28:41 +0800] "GET /xingrg/kc/print/load_data.html?order_code=212020111706586&kc_code=cgsh&condition= HTTP/1.1" 200 1245
172.17.0.240 - - [17/Nov/2020:10:28:42 +0800] "GET /xingrg/all/function/internal_message.html?_=1605580118927&CODE_STATE=getMsg HTTP/1.1" 200 27
101.85.228.137 - - [17/Nov/2020:10:28:43 +0800] "GET /xingrg/check_reg.html?_=1605580345649 HTTP/1.1" 200 22
101.85.228.137 - - [17/Nov/2020:10:28:43 +0800] "GET /xingrg/all/function/internal_message.html?_=1605580345768&CODE_STATE=getMsg HTTP/1.1" 200 27
114.84.145.85 - - [17/Nov/2020:10:28:45 +0800] "GET /xingrg/all/function/internal_message.html?_=1605580116510&CODE_STATE=getMsg HTTP/1.1" 200 27
117.185.32.26 - - [17/Nov/2020:10:28:45 +0800] "GET /xingrg/all/function/internal_message.html?_=1605580123464&CODE_STATE=getMsg HTTP/1.1" 200 27
172.17.0.116 - - [17/Nov/2020:10:28:48 +0800] "GET /xingrg/all/function/internal_message.html?_=1605580129648&CODE_STATE=getMsg HTTP/1.1" 200 27
172.17.0.185 - - [17/Nov/2020:10:28:49 +0800] "GET /xingrg/check_reg.html?_=1605580127453 HTTP/1.1" 200 22
117.185.32.26 - - [17/Nov/2020:10:28:50 +0800] "GET /xingrg/javascript/auto/indicator.gif HTTP/1.1" 404 1066
180.157.253.48 - - [17/Nov/2020:10:28:51 +0800] "GET /xingrg/all/function/internal_message.html?_=1605580132512&CODE_STATE=getMsg HTTP/1.1" 200 27
180.157.253.48 - - [17/Nov/2020:10:28:51 +0800] "GET /xingrg/check_reg.html?_=1605580132524 HTTP/1.1" 200 22
116.233.75.33 - - [17/Nov/2020:10:28:53 +0800] "GET /xingrg/all/function/internal_message.html?_=1605580158125&CODE_STATE=getMsg HTTP/1.1" 200 27
117.185.32.26 - - [17/Nov/2020:10:28:54 +0800] "GET /xingrg/kc/print/load_data.html?order_code=212020111706586&kc_code=cgsh HTTP/1.1" 200 1245
172.17.0.101 - - [17/Nov/2020:10:28:55 +0800] "GET /xingrg/all/function/internal_message.html?_=1605580177145&CODE_STATE=getMsg HTTP/1.1" 200 27
172.17.0.101 - - [17/Nov/2020:10:28:55 +0800] "GET /xingrg/check_reg.html?_=1605580177150 HTTP/1.1" 200 22
117.185.32.26 - - [17/Nov/2020:10:28:56 +0800] "GET /xingrg/kc/buy/cgsh_order_operate.html?command=get_materiel&rest_code=00106&code=00101001051&supplier_code=00100090&order_time=2020-11-17 HTTP/1.1" 200 424
101.85.228.137 - - [17/Nov/2020:10:28:57 +0800] "POST /xingrg/kc/buy/cgsh_list_operate.html HTTP/1.1" 200 280
116.228.172.94 - - [17/Nov/2020:10:29:05 +0800] "GET /xingrg/all/function/internal_message.html?_=1605580141318&CODE_STATE=getMsg HTTP/1.1" 200 27
117.185.32.26 - - [17/Nov/2020:10:29:10 +0800] "GET /xingrg/all/function/internal_message.html?_=1605580595533&CODE_STATE=getMsg HTTP/1.1" 200 27
114.88.166.242 - - [17/Nov/2020:10:29:11 +0800] "GET /xingrg/check_reg.html?_=1605580150014 HTTP/1.1" 200 22
114.88.166.242 - - [17/Nov/2020:10:29:16 +0800] "GET /xingrg/all/function/internal_message.html?_=1605580265793&CODE_STATE=getMsg HTTP/1.1" 200 27
222.69.134.136 - - [17/Nov/2020:10:29:19 +0800] "GET /xingrg/all/function/internal_message.html?_=1605580156699&CODE_STATE=getMsg HTTP/1.1" 200 27
180.174.56.115 - - [17/Nov/2020:10:29:20 +0800] "GET /xingrg/all/function/internal_message.html?_=1605580159005&CODE_STATE=getMsg HTTP/1.1" 200 27
114.84.37.38 - - [17/Nov/2020:10:29:20 +0800] "GET /xingrg/all/function/internal_message.html?_=1605580167741&CODE_STATE=getMsg HTTP/1.1" 200 27
172.17.0.123 - - [17/Nov/2020:10:29:31 +0800] "GET /xingrg/all/function/internal_message.html?_=1605580112850&CODE_STATE=getMsg HTTP/1.1" 200 27
180.157.253.48 - - [17/Nov/2020:10:29:31 +0800] "POST /xingrg/services/DataTransmitService HTTP/1.1" 200 524
101.85.52.2 - - [17/Nov/2020:10:29:33 +0800] "GET /xingrg/all/function/internal_message.html?_=1605580169991&CODE_STATE=getMsg HTTP/1.1" 200 27
101.85.228.137 - - [17/Nov/2020:10:29:34 +0800] "GET /xingrg/all/function/internal_message.html?_=1605580177679&CODE_STATE=getMsg HTTP/1.1" 200 27
58.40.7.146 - - [17/Nov/2020:10:29:35 +0800] "GET /xingrg/check_reg.html?_=1605580174550 HTTP/1.1" 200 22
117.185.32.26 - - [17/Nov/2020:10:29:35 +0800] "GET /xingrg/kc/buy/cgsh_order_operate.html?command=get_materiel&rest_code=00106&code=00101001140&supplier_code=00100090&order_time=2020-11-17 HTTP/1.1" 200 415
180.162.245.190 - - [17/Nov/2020:10:29:36 +0800] "GET /xingrg/all/function/internal_message.html?_=1605580177588&CODE_STATE=getMsg HTTP/1.1" 200 27
180.157.253.48 - - [17/Nov/2020:10:29:37 +0800] "POST /xingrg/services/DataTransmitService HTTP/1.1" 200 501
101.85.228.137 - - [17/Nov/2020:10:29:38 +0800] "GET /xingrg/kc/buy/cgsh_order_operate.html?command=get_materiel&rest_code=00102&code=00102013013&supplier_code=00100073&order_time=2020-11-17 HTTP/1.1" 200 409
114.84.145.85 - - [17/Nov/2020:10:29:38 +0800] "GET /xingrg/all/function/internal_message.html?_=1605579766388&CODE_STATE=getMsg HTTP/1.1" 200 27
117.185.32.26 - - [17/Nov/2020:10:29:38 +0800] "GET /xingrg/kc/buy/cgsh_order_add.html HTTP/1.1" 200 60748
117.185.32.26 - - [17/Nov/2020:10:29:39 +0800] "GET /xingrg/javascript/easyui/themes/default/validatebox.css HTTP/1.1" 404 1104
117.185.32.26 - - [17/Nov/2020:10:29:39 +0800] "POST /xingrg/kc/buy/cgsh_order_operate.html HTTP/1.1" 200 8245
180.174.56.115 - - [17/Nov/2020:10:29:40 +0800] "GET /xingrg/all/function/internal_message.html?_=1605580154318&CODE_STATE=getMsg HTTP/1.1" 200 27
172.17.0.240 - - [17/Nov/2020:10:29:42 +0800] "GET /xingrg/all/function/internal_message.html?_=1605580178913&CODE_STATE=getMsg HTTP/1.1" 200 27
61.129.7.235 - - [17/Nov/2020:10:29:42 +0800] "GET /xingrg/all/function/internal_message.html?_=1605579456489&CODE_STATE=getMsg HTTP/1.1" 302 -
101.85.228.137 - - [17/Nov/2020:10:29:43 +0800] "GET /xingrg/all/function/internal_message.html?_=1605580405782&CODE_STATE=getMsg HTTP/1.1" 200 27
117.185.32.26 - - [17/Nov/2020:10:29:44 +0800] "GET /xingrg/javascript/easyui/themes/default/tree.css HTTP/1.1" 404 1090
117.185.32.26 - - [17/Nov/2020:10:29:44 +0800] "POST /xingrg/all/common/load_tree.html?tree=supplier_tree_json&isDelete=1 HTTP/1.1" 200 51980
114.84.145.85 - - [17/Nov/2020:10:29:45 +0800] "GET /xingrg/check_reg.html?_=1605580176512 HTTP/1.1" 200 22
114.84.145.85 - - [17/Nov/2020:10:29:45 +0800] "GET /xingrg/all/function/internal_message.html?_=1605580176510&CODE_STATE=getMsg HTTP/1.1" 200 27
117.185.32.26 - - [17/Nov/2020:10:29:45 +0800] "GET /xingrg/all/function/internal_message.html?_=1605580183516&CODE_STATE=getMsg HTTP/1.1" 200 27
61.129.7.235 - - [17/Nov/2020:10:29:47 +0800] "GET /xingrg/login.html HTTP/1.1" 200 7641
101.85.228.137 - - [17/Nov/2020:10:29:48 +0800] "POST /xingrg/kc/buy/cgsh_order_operate.html HTTP/1.1" 200 37
172.17.0.116 - - [17/Nov/2020:10:29:48 +0800] "GET /xingrg/all/function/internal_message.html?_=1605580189664&CODE_STATE=getMsg HTTP/1.1" 200 27
117.185.32.26 - - [17/Nov/2020:10:29:49 +0800] "GET /xingrg/kc/buy/cgsh_order_operate.html?command=get_materiel&rest_code=00106&code=00101001125&supplier_code=00100090&order_time=2020-11-17 HTTP/1.1" 200 413
101.85.228.137 - - [17/Nov/2020:10:29:50 +0800] "POST /xingrg/kc/buy/cgsh_order_operate.html HTTP/1.1" 200 12
101.85.228.137 - - [17/Nov/2020:10:29:51 +0800] "GET /xingrg/kc/buy/cgsh_order_info.html?code=212020111706587 HTTP/1.1" 200 55612
180.157.253.48 - - [17/Nov/2020:10:29:51 +0800] "GET /xingrg/all/function/internal_message.html?_=1605580192515&CODE_STATE=getMsg HTTP/1.1" 200 27
101.85.228.137 - - [17/Nov/2020:10:29:52 +0800] "GET /xingrg/javascript/easyui/themes/default/validatebox.css HTTP/1.1" 404 1104
101.85.228.137 - - [17/Nov/2020:10:29:52 +0800] "POST /xingrg/kc/buy/cgsh_order_operate.html HTTP/1.1" 200 603
101.85.228.137 - - [17/Nov/2020:10:29:53 +0800] "GET /xingrg/kc/print/load_config.html?kc_code=cgsh HTTP/1.1" 200 1845
101.85.228.137 - - [17/Nov/2020:10:29:53 +0800] "GET /xingrg/kc/print/load_data.html?order_code=212020111706587&kc_code=cgsh&condition= HTTP/1.1" 200 738
116.233.75.33 - - [17/Nov/2020:10:29:53 +0800] "GET /xingrg/all/function/internal_message.html?_=1605580218125&CODE_STATE=getMsg HTTP/1.1" 200 27
172.17.0.101 - - [17/Nov/2020:10:29:55 +0800] "GET /xingrg/all/function/internal_message.html?_=1605580237135&CODE_STATE=getMsg HTTP/1.1" 200 27
117.185.32.26 - - [17/Nov/2020:10:29:58 +0800] "GET /xingrg/kc/buy/cgsh_order_operate.html?command=get_materiel&rest_code=00106&code=00101006133&supplier_code=00100015&order_time=2020-11-17 HTTP/1.1" 200 413
117.185.32.26 - - [17/Nov/2020:10:30:02 +0800] "GET /xingrg/kc/buy/cgsh_order_operate.html?command=get_materiel&rest_code=00106&code=00101001044&supplier_code=00100090&order_time=2020-11-17 HTTP/1.1" 200 411
116.228.172.94 - - [17/Nov/2020:10:30:05 +0800] "GET /xingrg/all/function/internal_message.html?_=1605580201299&CODE_STATE=getMsg HTTP/1.1" 200 27
117.185.32.26 - - [17/Nov/2020:10:30:06 +0800] "GET /xingrg/kc/buy/cgsh_order_operate.html?command=get_materiel&rest_code=00106&code=00101006111&supplier_code=00100015&order_time=2020-11-17 HTTP/1.1" 200 409
117.185.32.26 - - [17/Nov/2020:10:30:10 +0800] "GET /xingrg/all/function/internal_message.html?_=1605580655537&CODE_STATE=getMsg HTTP/1.1" 200 27
114.84.145.85 - - [17/Nov/2020:10:30:12 +0800] "GET /xingrg/check_reg.html?_=1605579800720 HTTP/1.1" 200 22
114.88.166.242 - - [17/Nov/2020:10:30:16 +0800] "GET /xingrg/all/function/internal_message.html?_=1605580325765&CODE_STATE=getMsg HTTP/1.1" 200 27
101.85.228.137 - - [17/Nov/2020:10:30:18 +0800] "GET /xingrg/kc/buy/cgsh_order_list.html HTTP/1.1" 200 45004
101.85.228.137 - - [17/Nov/2020:10:30:18 +0800] "POST /xingrg/kc/buy/cgsh_list_operate.html HTTP/1.1" 200 876
222.69.134.136 - - [17/Nov/2020:10:30:19 +0800] "GET /xingrg/all/function/internal_message.html?_=1605580216690&CODE_STATE=getMsg HTTP/1.1" 200 27
101.85.228.137 - - [17/Nov/2020:10:30:19 +0800] "GET /xingrg/kc/buy/cgsh_order_add.html HTTP/1.1" 200 60707
180.174.56.115 - - [17/Nov/2020:10:30:20 +0800] "GET /xingrg/all/function/internal_message.html?_=1605580219004&CODE_STATE=getMsg HTTP/1.1" 200 27
101.85.228.137 - - [17/Nov/2020:10:30:20 +0800] "POST /xingrg/kc/buy/cgsh_order_operate.html HTTP/1.1" 200 8245
117.185.32.26 - - [17/Nov/2020:10:30:20 +0800] "GET /xingrg/kc/buy/cgsh_order_operate.html?command=get_materiel&rest_code=00106&code=00101006058&supplier_code=00100015&order_time=2020-11-17 HTTP/1.1" 200 413
101.85.228.137 - - [17/Nov/2020:10:30:20 +0800] "GET /xingrg/javascript/easyui/themes/default/validatebox.css HTTP/1.1" 404 1104
114.84.37.38 - - [17/Nov/2020:10:30:21 +0800] "GET /xingrg/all/function/internal_message.html?_=1605580228448&CODE_STATE=getMsg HTTP/1.1" 200 27
117.185.32.26 - - [17/Nov/2020:10:30:28 +0800] "POST /xingrg/kc/buy/cgsh_order_operate.html HTTP/1.1" 200 37
117.185.32.26 - - [17/Nov/2020:10:30:30 +0800] "POST /xingrg/kc/buy/cgsh_order_operate.html HTTP/1.1" 200 4453
172.17.0.123 - - [17/Nov/2020:10:30:31 +0800] "GET /xingrg/all/function/internal_message.html?_=1605580172852&CODE_STATE=getMsg HTTP/1.1" 200 27
101.85.52.2 - - [17/Nov/2020:10:30:33 +0800] "GET /xingrg/all/function/internal_message.html?_=1605580229996&CODE_STATE=getMsg HTTP/1.1" 200 27
101.85.228.137 - - [17/Nov/2020:10:30:33 +0800] "GET /xingrg/check_reg.html?_=1605580236694 HTTP/1.1" 200 22
101.85.228.137 - - [17/Nov/2020:10:30:34 +0800] "GET /xingrg/all/function/internal_message.html?_=1605580237693&CODE_STATE=getMsg HTTP/1.1" 200 27
180.162.245.190 - - [17/Nov/2020:10:30:36 +0800] "GET /xingrg/all/function/internal_message.html?_=1605580237596&CODE_STATE=getMsg HTTP/1.1" 200 27
117.185.32.26 - - [17/Nov/2020:10:30:36 +0800] "POST /xingrg/kc/buy/cgsh_order_operate.html HTTP/1.1" 200 37
117.185.32.26 - - [17/Nov/2020:10:30:37 +0800] "POST /xingrg/kc/buy/cgsh_order_operate.html HTTP/1.1" 200 37
117.185.32.26 - - [17/Nov/2020:10:30:38 +0800] "POST /xingrg/kc/buy/cgsh_order_operate.html HTTP/1.1" 200 4453
114.84.145.85 - - [17/Nov/2020:10:30:38 +0800] "GET /xingrg/all/function/internal_message.html?_=1605579826371&CODE_STATE=getMsg HTTP/1.1" 200 27
117.185.32.26 - - [17/Nov/2020:10:30:39 +0800] "POST /xingrg/kc/buy/cgsh_order_operate.html HTTP/1.1" 200 12
117.185.32.26 - - [17/Nov/2020:10:30:39 +0800] "GET /xingrg/kc/buy/cgsh_order_info.html?code=212020111706589 HTTP/1.1" 200 55653
117.185.32.26 - - [17/Nov/2020:10:30:40 +0800] "GET /xingrg/javascript/easyui/themes/default/validatebox.css HTTP/1.1" 404 1104
117.185.32.26 - - [17/Nov/2020:10:30:40 +0800] "GET /xingrg/kc/buy/cgsh_order_add.html HTTP/1.1" 200 60742
180.174.56.115 - - [17/Nov/2020:10:30:40 +0800] "GET /xingrg/all/function/internal_message.html?_=1605580214381&CODE_STATE=getMsg HTTP/1.1" 200 27
117.185.32.26 - - [17/Nov/2020:10:30:40 +0800] "POST /xingrg/kc/buy/cgsh_order_operate.html HTTP/1.1" 200 1791
117.185.32.26 - - [17/Nov/2020:10:30:41 +0800] "POST /xingrg/kc/buy/cgsh_order_operate.html HTTP/1.1" 200 8245
117.185.32.26 - - [17/Nov/2020:10:30:41 +0800] "GET /xingrg/javascript/easyui/themes/default/validatebox.css HTTP/1.1" 404 1104
117.185.32.26 - - [17/Nov/2020:10:30:42 +0800] "GET /xingrg/kc/print/load_data.html?order_code=212020111706589&kc_code=cgsh&condition= HTTP/1.1" 200 1247
172.17.0.240 - - [17/Nov/2020:10:30:42 +0800] "GET /xingrg/all/function/internal_message.html?_=1605580238917&CODE_STATE=getMsg HTTP/1.1" 200 27
172.17.0.240 - - [17/Nov/2020:10:30:42 +0800] "GET /xingrg/check_reg.html?_=1605580238919 HTTP/1.1" 200 22
101.85.228.137 - - [17/Nov/2020:10:30:43 +0800] "GET /xingrg/all/function/internal_message.html?_=1605580465856&CODE_STATE=getMsg HTTP/1.1" 200 27
117.185.32.26 - - [17/Nov/2020:10:30:44 +0800] "GET /xingrg/javascript/easyui/themes/default/tree.css HTTP/1.1" 404 1090
114.84.145.85 - - [17/Nov/2020:10:30:45 +0800] "GET /xingrg/all/function/internal_message.html?_=1605580236511&CODE_STATE=getMsg HTTP/1.1" 200 27
117.185.32.26 - - [17/Nov/2020:10:30:45 +0800] "POST /xingrg/all/common/load_tree.html?tree=supplier_tree_json&isDelete=1 HTTP/1.1" 200 51980
117.185.32.26 - - [17/Nov/2020:10:30:46 +0800] "GET /xingrg/all/function/internal_message.html?_=1605580243812&CODE_STATE=getMsg HTTP/1.1" 200 27
117.185.32.26 - - [17/Nov/2020:10:30:47 +0800] "GET /xingrg/kc/print/load_data.html?order_code=212020111706589&kc_code=cgsh HTTP/1.1" 200 1247
172.17.0.116 - - [17/Nov/2020:10:30:48 +0800] "GET /xingrg/all/function/internal_message.html?_=1605580249651&CODE_STATE=getMsg HTTP/1.1" 200 27
180.157.253.48 - - [17/Nov/2020:10:30:51 +0800] "GET /xingrg/all/function/internal_message.html?_=1605580252523&CODE_STATE=getMsg HTTP/1.1" 200 27
116.233.75.33 - - [17/Nov/2020:10:30:53 +0800] "GET /xingrg/all/function/internal_message.html?_=1605580278125&CODE_STATE=getMsg HTTP/1.1" 200 27
172.17.0.101 - - [17/Nov/2020:10:30:55 +0800] "GET /xingrg/all/function/internal_message.html?_=1605580297137&CODE_STATE=getMsg HTTP/1.1" 200 27
101.85.228.137 - - [17/Nov/2020:10:30:58 +0800] "GET /xingrg/kc/buy/cgsh_order_list.html HTTP/1.1" 200 45004
101.85.228.137 - - [17/Nov/2020:10:30:59 +0800] "POST /xingrg/kc/buy/cgsh_list_operate.html HTTP/1.1" 200 876
180.162.245.190 - - [17/Nov/2020:10:31:03 +0800] "GET /xingrg/kc/buy/cgsh_order_list.html HTTP/1.1" 200 45004
117.185.32.26 - - [17/Nov/2020:10:31:04 +0800] "GET /xingrg/kc/buy/cgsh_order_operate.html?command=get_materiel&rest_code=00106&code=00101002035&supplier_code=00100088&order_time=2020-11-17 HTTP/1.1" 200 415
180.162.245.190 - - [17/Nov/2020:10:31:04 +0800] "POST /xingrg/kc/buy/cgsh_list_operate.html HTTP/1.1" 200 3131
116.228.172.94 - - [17/Nov/2020:10:31:05 +0800] "GET /xingrg/all/function/internal_message.html?_=1605580261283&CODE_STATE=getMsg HTTP/1.1" 200 27
116.228.172.94 - - [17/Nov/2020:10:31:05 +0800] "GET /xingrg/check_reg.html?_=1605580261532 HTTP/1.1" 200 22
180.162.245.190 - - [17/Nov/2020:10:31:08 +0800] "GET /xingrg/kc/buy/cgsh_order_add.html HTTP/1.1" 200 60789
180.162.245.190 - - [17/Nov/2020:10:31:08 +0800] "POST /xingrg/kc/buy/cgsh_order_operate.html HTTP/1.1" 200 8245
180.162.245.190 - - [17/Nov/2020:10:31:08 +0800] "GET /xingrg/javascript/easyui/themes/default/validatebox.css HTTP/1.1" 404 1104
117.185.32.26 - - [17/Nov/2020:10:31:10 +0800] "GET /xingrg/all/function/internal_message.html?_=1605580715546&CODE_STATE=getMsg HTTP/1.1" 200 27
114.88.166.242 - - [17/Nov/2020:10:31:16 +0800] "GET /xingrg/all/function/internal_message.html?_=1605580385745&CODE_STATE=getMsg HTTP/1.1" 200 27
116.233.74.74 - - [17/Nov/2020:10:31:17 +0800] "GET /xingrg/check_reg.html?_=1605580278410 HTTP/1.1" 302 -
222.69.134.136 - - [17/Nov/2020:10:31:19 +0800] "GET /xingrg/all/function/internal_message.html?_=1605580276698&CODE_STATE=getMsg HTTP/1.1" 200 27
180.174.56.115 - - [17/Nov/2020:10:31:20 +0800] "GET /xingrg/all/function/internal_message.html?_=1605580279005&CODE_STATE=getMsg HTTP/1.1" 200 27
180.174.56.115 - - [17/Nov/2020:10:31:20 +0800] "GET /xingrg/check_reg.html?_=1605580279008 HTTP/1.1" 200 22
114.84.37.38 - - [17/Nov/2020:10:31:21 +0800] "GET /xingrg/all/function/internal_message.html?_=1605580288456&CODE_STATE=getMsg HTTP/1.1" 200 27
101.85.228.137 - - [17/Nov/2020:10:31:22 +0800] "GET /xingrg/login.html HTTP/1.1" 200 7641
101.85.228.137 - - [17/Nov/2020:10:31:22 +0800] "GET /favicon.ico HTTP/1.1" 404 -
117.185.32.26 - - [17/Nov/2020:10:31:22 +0800] "GET /xingrg/kc/buy/cgsh_order_add.html HTTP/1.1" 200 60748
117.185.32.26 - - [17/Nov/2020:10:31:23 +0800] "POST /xingrg/kc/buy/cgsh_order_operate.html HTTP/1.1" 200 8245
117.185.32.26 - - [17/Nov/2020:10:31:23 +0800] "GET /xingrg/javascript/easyui/themes/default/validatebox.css HTTP/1.1" 404 1104
117.185.32.26 - - [17/Nov/2020:10:31:24 +0800] "GET /xingrg/javascript/easyui/themes/default/tree.css HTTP/1.1" 404 1090
101.85.228.137 - - [17/Nov/2020:10:31:24 +0800] "GET /xingrg/login.html HTTP/1.1" 200 7641
117.185.32.26 - - [17/Nov/2020:10:31:24 +0800] "POST /xingrg/all/common/load_tree.html?tree=supplier_tree_json&isDelete=1 HTTP/1.1" 200 51980
101.85.228.137 - - [17/Nov/2020:10:31:25 +0800] "GET /favicon.ico HTTP/1.1" 404 -
101.85.228.137 - - [17/Nov/2020:10:31:25 +0800] "POST /xingrg/login.do HTTP/1.1" 302 -
101.85.228.137 - - [17/Nov/2020:10:31:25 +0800] "GET /xingrg/index.html?sysBaseUrl=http%3A%2F%2F180.169.147.146%3A18081%2Fxingrg%2F&costTime=37×tamp=1605580285582 HTTP/1.1" 200 17173
101.85.228.137 - - [17/Nov/2020:10:31:25 +0800] "GET /xingrg/javascript/jquery_easy_ui/themes/default/easyui.css HTTP/1.1" 304 -
101.85.228.137 - - [17/Nov/2020:10:31:25 +0800] "GET /xingrg/javascript/jquery-1.4.2.min.js HTTP/1.1" 304 -
101.85.228.137 - - [17/Nov/2020:10:31:25 +0800] "GET /xingrg/javascript/jquery_easy_ui/themes/icon.css HTTP/1.1" 304 -
101.85.228.137 - - [17/Nov/2020:10:31:25 +0800] "GET /xingrg/css/form.css HTTP/1.1" 304 -
101.85.228.137 - - [17/Nov/2020:10:31:25 +0800] "GET /xingrg/javascript/jquery_easy_ui/jquery.easyui.min.js HTTP/1.1" 304 -
101.85.228.137 - - [17/Nov/2020:10:31:25 +0800] "GET /xingrg/javascript/jquery.form.js HTTP/1.1" 304 -
101.85.228.137 - - [17/Nov/2020:10:31:25 +0800] "GET /xingrg/javascript/jquery_easy_ui/easyui-lang-zh_CN.js HTTP/1.1" 304 -
101.85.228.137 - - [17/Nov/2020:10:31:25 +0800] "GET /xingrg/javascript/jquery.timers.js HTTP/1.1" 304 -
101.85.228.137 - - [17/Nov/2020:10:31:25 +0800] "GET /xingrg/javascript/jquery.utils.js HTTP/1.1" 304 -
101.85.228.137 - - [17/Nov/2020:10:31:25 +0800] "GET /favicon.ico HTTP/1.1" 404 -
101.85.228.137 - - [17/Nov/2020:10:31:25 +0800] "POST /xingrg/all/common/load_tree.html?tree=area_rest_tree_json&manage=1 HTTP/1.1" 200 342
101.85.228.137 - - [17/Nov/2020:10:31:26 +0800] "GET /xingrg/all/function/internal_message.html?_=1605580288776&CODE_STATE=count HTTP/1.1" 200 11
101.85.228.137 - - [17/Nov/2020:10:31:26 +0800] "GET /xingrg/check_reg.html?_=1605580288779 HTTP/1.1" 200 22
101.85.228.137 - - [17/Nov/2020:10:31:26 +0800] "POST /xingrg/load_menu.html HTTP/1.1" 200 5138
101.85.228.137 - - [17/Nov/2020:10:31:27 +0800] "GET /xingrg/kc/mdqp/psth_order_list1.html HTTP/1.1" 200 18158
101.85.228.137 - - [17/Nov/2020:10:31:27 +0800] "GET /xingrg/css/base.css HTTP/1.1" 304 -
101.85.228.137 - - [17/Nov/2020:10:31:27 +0800] "GET /xingrg/css/site.css HTTP/1.1" 304 -
101.85.228.137 - - [17/Nov/2020:10:31:27 +0800] "GET /xingrg/javascript/jquery_tools/datebox.css HTTP/1.1" 304 -
101.85.228.137 - - [17/Nov/2020:10:31:27 +0800] "GET /xingrg/javascript/easyui/themes/icon.css HTTP/1.1" 304 -
101.85.228.137 - - [17/Nov/2020:10:31:27 +0800] "GET /xingrg/javascript/easyui/themes/default/easyui.css HTTP/1.1" 304 -
101.85.228.137 - - [17/Nov/2020:10:31:27 +0800] "GET /xingrg/javascript/auto/jquery.autocomplete.css HTTP/1.1" 304 -
101.85.228.137 - - [17/Nov/2020:10:31:27 +0800] "GET /xingrg/javascript/jquery_tools/fix.css HTTP/1.1" 304 -
101.85.228.137 - - [17/Nov/2020:10:31:27 +0800] "GET /xingrg/javascript/jquery_tools/table.css HTTP/1.1" 304 -
101.85.228.137 - - [17/Nov/2020:10:31:27 +0800] "GET /xingrg/javascript/jquery_tools/jquery.tools.min.js HTTP/1.1" 304 -
101.85.228.137 - - [17/Nov/2020:10:31:27 +0800] "GET /xingrg/javascript/jquery_tools/jquery.tools.extend.js HTTP/1.1" 304 -
101.85.228.137 - - [17/Nov/2020:10:31:27 +0800] "GET /xingrg/javascript/jquery_tools/jquery.tools.table.js HTTP/1.1" 304 -
101.85.228.137 - - [17/Nov/2020:10:31:27 +0800] "GET /xingrg/javascript/jquery_tools/list_manager.js HTTP/1.1" 304 -
101.85.228.137 - - [17/Nov/2020:10:31:27 +0800] "GET /xingrg/javascript/auto/jquery.autocomplete.js HTTP/1.1" 304 -
101.85.228.137 - - [17/Nov/2020:10:31:27 +0800] "GET /xingrg/javascript/easyui/easyloader.js HTTP/1.1" 304 -
101.85.228.137 - - [17/Nov/2020:10:31:27 +0800] "GET /xingrg/javascript/jquery.cookie.js HTTP/1.1" 304 -
101.85.228.137 - - [17/Nov/2020:10:31:27 +0800] "GET /xingrg/javascript/jquery_tools/jquery.tools.hotkey.js HTTP/1.1" 304 -
101.85.228.137 - - [17/Nov/2020:10:31:27 +0800] "GET /xingrg/javascript/easyui/themes/icons/uncheck_new.png HTTP/1.1" 304 -
101.85.228.137 - - [17/Nov/2020:10:31:27 +0800] "GET /xingrg/javascript/easyui/plugins/jquery.parser.js HTTP/1.1" 304 -
101.85.228.137 - - [17/Nov/2020:10:31:27 +0800] "POST /xingrg/kc/mdqp/psth_list_operate.html HTTP/1.1" 200 749
101.85.228.137 - - [17/Nov/2020:10:31:27 +0800] "GET /xingrg/kc/mdqp/pssh_order_list.html HTTP/1.1" 200 17976
101.85.228.137 - - [17/Nov/2020:10:31:28 +0800] "POST /xingrg/kc/mdqp/pssh_list_operate.html HTTP/1.1" 200 5379
172.17.0.123 - - [17/Nov/2020:10:31:31 +0800] "GET /xingrg/all/function/internal_message.html?_=1605580232854&CODE_STATE=getMsg HTTP/1.1" 200 27
101.85.228.137 - - [17/Nov/2020:10:31:33 +0800] "POST /xingrg/kc/mdqp/pssh_list_operate.html HTTP/1.1" 200 8849
101.85.52.2 - - [17/Nov/2020:10:31:33 +0800] "GET /xingrg/check_reg.html?_=1605580289997 HTTP/1.1" 200 22
101.85.52.2 - - [17/Nov/2020:10:31:33 +0800] "GET /xingrg/all/function/internal_message.html?_=1605580289999&CODE_STATE=getMsg HTTP/1.1" 200 27
117.185.32.26 - - [17/Nov/2020:10:31:33 +0800] "GET /xingrg/kc/buy/cgsh_order_operate.html?command=get_materiel&rest_code=00106&code=00101007048&supplier_code=00100002&order_time=2020-11-17 HTTP/1.1" 200 410
180.157.253.48 - - [17/Nov/2020:10:31:35 +0800] "GET /xingrg/kc/buy/cgsh_order_add.html HTTP/1.1" 200 60748
180.157.253.48 - - [17/Nov/2020:10:31:36 +0800] "POST /xingrg/kc/buy/cgsh_order_operate.html HTTP/1.1" 200 8245
180.157.253.48 - - [17/Nov/2020:10:31:36 +0800] "GET /xingrg/javascript/easyui/themes/default/validatebox.css HTTP/1.1" 404 1104
180.162.245.190 - - [17/Nov/2020:10:31:36 +0800] "GET /xingrg/all/function/internal_message.html?_=1605580297619&CODE_STATE=getMsg HTTP/1.1" 200 27
117.185.32.26 - - [17/Nov/2020:10:31:36 +0800] "POST /xingrg/kc/buy/cgsh_order_operate.html HTTP/1.1" 200 37
101.85.228.137 - - [17/Nov/2020:10:31:37 +0800] "POST /xingrg/kc/mdqp/pssh_list_operate.html HTTP/1.1" 200 581
180.162.245.190 - - [17/Nov/2020:10:31:37 +0800] "GET /xingrg/kc/buy/cgsh_order_operate.html?command=get_materiel&rest_code=00105&code=00101009094&supplier_code=00100361&order_time=2020-11-17 HTTP/1.1" 200 400
183.195.131.162 - - [17/Nov/2020:10:31:38 +0800] "GET /favicon.ico HTTP/1.1" 404 -
114.84.145.85 - - [17/Nov/2020:10:31:38 +0800] "GET /xingrg/all/function/internal_message.html?_=1605579886345&CODE_STATE=getMsg HTTP/1.1" 200 27
101.85.228.137 - - [17/Nov/2020:10:31:38 +0800] "GET /xingrg/kc/mdqp/pssh_order_info.html?code=312020111500406 HTTP/1.1" 200 17244
101.85.228.137 - - [17/Nov/2020:10:31:38 +0800] "GET /xingrg/javascript/pic_change.js HTTP/1.1" 304 -
101.85.228.137 - - [17/Nov/2020:10:31:38 +0800] "GET /xingrg/javascript/jquery_tools/jquery-1.4.2.min.js HTTP/1.1" 404 1094
101.85.228.137 - - [17/Nov/2020:10:31:38 +0800] "GET /xingrg/javascript/convert.js HTTP/1.1" 304 -
101.85.228.137 - - [17/Nov/2020:10:31:38 +0800] "GET /xingrg/javascript/jquery_tools/order_manager.js HTTP/1.1" 304 -
101.85.228.137 - - [17/Nov/2020:10:31:38 +0800] "GET /xingrg/javascript/json2.js HTTP/1.1" 304 -
101.85.228.137 - - [17/Nov/2020:10:31:38 +0800] "GET /xingrg/javascript/print/kc_print.js HTTP/1.1" 304 -
101.85.228.137 - - [17/Nov/2020:10:31:38 +0800] "GET /xingrg/javascript/print/LodopFuncs.js HTTP/1.1" 304 -
101.85.228.137 - - [17/Nov/2020:10:31:38 +0800] "GET /xingrg/words/20201116161439_words.js HTTP/1.1" 304 -
116.228.172.94 - - [17/Nov/2020:10:31:39 +0800] "GET /xingrg/kc/buy/cgsh_order_add.html HTTP/1.1" 200 60830
101.85.228.137 - - [17/Nov/2020:10:31:39 +0800] "POST /xingrg/kc/mdqp/pssh_order_operate.html HTTP/1.1" 200 2122
101.85.228.137 - - [17/Nov/2020:10:31:39 +0800] "GET /xingrg/all/common/auto_word.html?type=base&rest_code=00102&rest_code=00102 HTTP/1.1" 200 1711
101.85.228.137 - - [17/Nov/2020:10:31:39 +0800] "GET /xingrg/all/common/auto_word.html?type=employee&rest_code=00102 HTTP/1.1" 200 189
116.228.172.94 - - [17/Nov/2020:10:31:39 +0800] "GET /xingrg/words/20201116161439_words.js HTTP/1.1" 304 -
101.85.228.137 - - [17/Nov/2020:10:31:39 +0800] "GET /xingrg/javascript/easyui/themes/default/validatebox.css HTTP/1.1" 404 1104
101.85.228.137 - - [17/Nov/2020:10:31:39 +0800] "GET /xingrg/javascript/easyui/plugins/jquery.validatebox.js HTTP/1.1" 304 -
101.85.228.137 - - [17/Nov/2020:10:31:39 +0800] "GET /xingrg/javascript/easyui/plugins/jquery.numberbox.js HTTP/1.1" 304 -
116.228.172.94 - - [17/Nov/2020:10:31:39 +0800] "GET /xingrg/javascript/easyui/themes/default/validatebox.css HTTP/1.1" 404 1104
116.228.172.94 - - [17/Nov/2020:10:31:39 +0800] "POST /xingrg/kc/buy/cgsh_order_operate.html HTTP/1.1" 200 8245
117.185.32.26 - - [17/Nov/2020:10:31:39 +0800] "POST /xingrg/kc/buy/cgsh_order_operate.html HTTP/1.1" 200 2664
101.85.228.137 - - [17/Nov/2020:10:31:40 +0800] "GET /xingrg/kc/mdqp/pssh_order_list.html?isBack=1 HTTP/1.1" 200 17976
101.85.228.137 - - [17/Nov/2020:10:31:40 +0800] "POST /xingrg/kc/mdqp/pssh_list_operate.html HTTP/1.1" 200 8849
180.174.56.115 - - [17/Nov/2020:10:31:40 +0800] "GET /xingrg/all/function/internal_message.html?_=1605580274391&CODE_STATE=getMsg HTTP/1.1" 200 27
101.85.228.137 - - [17/Nov/2020:10:31:42 +0800] "POST /xingrg/kc/mdqp/pssh_list_operate.html HTTP/1.1" 200 252
116.228.172.94 - - [17/Nov/2020:10:31:42 +0800] "GET /xingrg/javascript/easyui/themes/default/tree.css HTTP/1.1" 404 1090
172.17.0.240 - - [17/Nov/2020:10:31:42 +0800] "GET /xingrg/all/function/internal_message.html?_=1605580298920&CODE_STATE=getMsg HTTP/1.1" 200 27
116.228.172.94 - - [17/Nov/2020:10:31:42 +0800] "POST /xingrg/all/common/load_tree.html?tree=supplier_tree_json&isDelete=1 HTTP/1.1" 200 51980
101.85.228.137 - - [17/Nov/2020:10:31:42 +0800] "GET /xingrg/kc/mdqp/pssh_order_info.html?code=312020111600440 HTTP/1.1" 200 17244
101.85.228.137 - - [17/Nov/2020:10:31:42 +0800] "GET /xingrg/javascript/jquery_tools/jquery-1.4.2.min.js HTTP/1.1" 404 1094
117.185.32.26 - - [17/Nov/2020:10:31:42 +0800] "GET /xingrg/kc/buy/cgsh_order_add.html HTTP/1.1" 200 60742
180.157.253.48 - - [17/Nov/2020:10:31:42 +0800] "GET /xingrg/javascript/jquery_tools/images/prev.gif HTTP/1.1" 404 1086
180.157.253.48 - - [17/Nov/2020:10:31:42 +0800] "GET /xingrg/javascript/jquery_tools/images/next.gif HTTP/1.1" 404 1086
101.85.228.137 - - [17/Nov/2020:10:31:43 +0800] "POST /xingrg/kc/mdqp/pssh_order_operate.html HTTP/1.1" 200 520
101.85.228.137 - - [17/Nov/2020:10:31:43 +0800] "GET /xingrg/javascript/easyui/themes/default/validatebox.css HTTP/1.1" 404 1104
117.185.32.26 - - [17/Nov/2020:10:31:43 +0800] "POST /xingrg/kc/buy/cgsh_order_operate.html HTTP/1.1" 200 8245
101.85.228.137 - - [17/Nov/2020:10:31:43 +0800] "GET /xingrg/all/function/internal_message.html?_=1605580525872&CODE_STATE=getMsg HTTP/1.1" 200 27
117.185.32.26 - - [17/Nov/2020:10:31:43 +0800] "GET /xingrg/javascript/easyui/themes/default/validatebox.css HTTP/1.1" 404 1104
101.85.228.137 - - [17/Nov/2020:10:31:43 +0800] "GET /xingrg/kc/mdqp/pssh_order_list.html?isBack=1 HTTP/1.1" 200 17976
101.85.228.137 - - [17/Nov/2020:10:31:43 +0800] "POST /xingrg/kc/mdqp/pssh_list_operate.html HTTP/1.1" 200 8849
117.185.32.26 - - [17/Nov/2020:10:31:44 +0800] "GET /xingrg/javascript/easyui/themes/default/tree.css HTTP/1.1" 404 1090
117.185.32.26 - - [17/Nov/2020:10:31:44 +0800] "POST /xingrg/all/common/load_tree.html?tree=supplier_tree_json&isDelete=1 HTTP/1.1" 200 51980
101.85.228.137 - - [17/Nov/2020:10:31:44 +0800] "POST /xingrg/kc/mdqp/pssh_list_operate.html HTTP/1.1" 200 271
114.84.145.85 - - [17/Nov/2020:10:31:45 +0800] "GET /xingrg/all/function/internal_message.html?_=1605580296512&CODE_STATE=getMsg HTTP/1.1" 200 27
101.85.228.137 - - [17/Nov/2020:10:31:45 +0800] "GET /xingrg/kc/mdqp/pssh_order_info.html?code=312020111700442 HTTP/1.1" 200 17271
101.85.228.137 - - [17/Nov/2020:10:31:45 +0800] "GET /xingrg/javascript/jquery_tools/jquery-1.4.2.min.js HTTP/1.1" 404 1094
101.85.228.137 - - [17/Nov/2020:10:31:45 +0800] "POST /xingrg/kc/mdqp/pssh_list_operate.html HTTP/1.1" 200 8849
101.85.228.137 - - [17/Nov/2020:10:31:45 +0800] "POST /xingrg/kc/mdqp/pssh_order_operate.html HTTP/1.1" 200 572
101.85.228.137 - - [17/Nov/2020:10:31:45 +0800] "GET /xingrg/javascript/easyui/themes/default/validatebox.css HTTP/1.1" 404 1104
117.185.32.26 - - [17/Nov/2020:10:31:46 +0800] "GET /xingrg/all/function/internal_message.html?_=1605580303788&CODE_STATE=getMsg HTTP/1.1" 200 27
101.85.228.137 - - [17/Nov/2020:10:31:46 +0800] "GET /xingrg/kc/mdqp/pssh_order_list.html?isBack=1 HTTP/1.1" 200 17976
101.85.228.137 - - [17/Nov/2020:10:31:46 +0800] "POST /xingrg/kc/mdqp/pssh_list_operate.html HTTP/1.1" 200 8849
117.185.32.26 - - [17/Nov/2020:10:31:47 +0800] "GET /xingrg/kc/buy/cgsh_order_operate.html?command=get_materiel&rest_code=00106&code=00101007077&supplier_code=00100002&order_time=2020-11-17 HTTP/1.1" 200 415
101.85.228.137 - - [17/Nov/2020:10:31:47 +0800] "POST /xingrg/kc/mdqp/pssh_list_operate.html HTTP/1.1" 200 2198
172.17.0.116 - - [17/Nov/2020:10:31:48 +0800] "GET /xingrg/check_reg.html?_=1605580309661 HTTP/1.1" 200 22
172.17.0.116 - - [17/Nov/2020:10:31:48 +0800] "GET /xingrg/all/function/internal_message.html?_=1605580309663&CODE_STATE=getMsg HTTP/1.1" 200 27
101.85.228.137 - - [17/Nov/2020:10:31:50 +0800] "POST /xingrg/kc/mdqp/pssh_list_operate.html HTTP/1.1" 200 8849
180.157.253.48 - - [17/Nov/2020:10:31:51 +0800] "GET /xingrg/all/function/internal_message.html?_=1605580312526&CODE_STATE=getMsg HTTP/1.1" 200 27
101.85.228.137 - - [17/Nov/2020:10:31:52 +0800] "POST /xingrg/kc/mdqp/pssh_list_operate.html HTTP/1.1" 200 9109
116.233.75.33 - - [17/Nov/2020:10:31:53 +0800] "GET /xingrg/check_reg.html?_=1605580338093 HTTP/1.1" 200 22
101.85.228.137 - - [17/Nov/2020:10:31:53 +0800] "POST /xingrg/kc/mdqp/pssh_list_operate.html HTTP/1.1" 200 742
116.233.75.33 - - [17/Nov/2020:10:31:53 +0800] "GET /xingrg/all/function/internal_message.html?_=1605580338125&CODE_STATE=getMsg HTTP/1.1" 200 27
180.157.253.48 - - [17/Nov/2020:10:31:53 +0800] "GET /xingrg/kc/buy/cgsh_order_operate.html?command=get_materiel&rest_code=00148&code=00101001140&supplier_code=00100090&order_time=2020-11-17 HTTP/1.1" 200 415
101.85.228.137 - - [17/Nov/2020:10:31:55 +0800] "GET /xingrg/kc/mdqp/pssh_order_info.html?code=312020110400098 HTTP/1.1" 200 17266
101.85.228.137 - - [17/Nov/2020:10:31:55 +0800] "GET /xingrg/javascript/jquery_tools/jquery-1.4.2.min.js HTTP/1.1" 404 1094
101.85.228.137 - - [17/Nov/2020:10:31:55 +0800] "POST /xingrg/kc/mdqp/pssh_list_operate.html HTTP/1.1" 200 8849
172.17.0.101 - - [17/Nov/2020:10:31:55 +0800] "GET /xingrg/all/function/internal_message.html?_=1605580357136&CODE_STATE=getMsg HTTP/1.1" 200 27
101.85.228.137 - - [17/Nov/2020:10:31:55 +0800] "POST /xingrg/kc/mdqp/pssh_order_operate.html HTTP/1.1" 200 7719
117.185.32.26 - - [17/Nov/2020:10:31:55 +0800] "GET /xingrg/kc/buy/cgsh_order_operate.html?command=get_materiel&rest_code=00106&code=00101007031&supplier_code=00100002&order_time=2020-11-17 HTTP/1.1" 200 413
101.85.228.137 - - [17/Nov/2020:10:31:56 +0800] "GET /xingrg/javascript/easyui/themes/default/validatebox.css HTTP/1.1" 404 1104
101.85.228.137 - - [17/Nov/2020:10:31:56 +0800] "GET /xingrg/css/images/panel_loading.gif HTTP/1.1" 304 -
101.85.228.137 - - [17/Nov/2020:10:31:57 +0800] "POST /xingrg/all/common/load_combo.html?type=employee HTTP/1.1" 200 353
117.185.32.26 - - [17/Nov/2020:10:31:57 +0800] "GET /xingrg/kc/buy/cgsh_order_operate.html?command=get_materiel&rest_code=00106&code=00101002006&supplier_code=00100091&order_time=2020-11-17 HTTP/1.1" 200 414
101.85.228.137 - - [17/Nov/2020:10:31:59 +0800] "POST /xingrg/all/common/load_combo.html?type=base&rest_code=00102 HTTP/1.1" 200 3060
101.85.228.137 - - [17/Nov/2020:10:32:00 +0800] "GET /xingrg/javascript/jquery_tools/images/prev.gif HTTP/1.1" 404 1086
101.85.228.137 - - [17/Nov/2020:10:32:00 +0800] "GET /xingrg/javascript/jquery_tools/images/next.gif HTTP/1.1" 404 1086
116.228.172.94 - - [17/Nov/2020:10:32:02 +0800] "GET /xingrg/kc/buy/cgsh_order_operate.html?command=get_materiel&rest_code=00107&code=00101002027&supplier_code=00100199&order_time=2020-11-17 HTTP/1.1" 200 415
101.85.228.137 - - [17/Nov/2020:10:32:04 +0800] "POST /xingrg/kc/mdqp/pssh_order_operate.html HTTP/1.1" 200 37
116.228.172.94 - - [17/Nov/2020:10:32:05 +0800] "GET /xingrg/all/function/internal_message.html?_=1605580321279&CODE_STATE=getMsg HTTP/1.1" 200 27
101.85.228.137 - - [17/Nov/2020:10:32:05 +0800] "POST /xingrg/kc/mdqp/pssh_order_operate.html HTTP/1.1" 200 12
101.85.228.137 - - [17/Nov/2020:10:32:05 +0800] "GET /xingrg/kc/mdqp/pssh_order_info.html?code=312020110400098 HTTP/1.1" 200 14386
101.85.228.137 - - [17/Nov/2020:10:32:05 +0800] "GET /xingrg/javascript/jquery_tools/jquery-1.4.2.min.js HTTP/1.1" 404 1094
101.85.228.137 - - [17/Nov/2020:10:32:05 +0800] "POST /xingrg/kc/mdqp/pssh_order_operate.html HTTP/1.1" 200 7719
101.85.228.137 - - [17/Nov/2020:10:32:06 +0800] "GET /xingrg/javascript/easyui/themes/default/validatebox.css HTTP/1.1" 404 1104
117.185.32.26 - - [17/Nov/2020:10:32:06 +0800] "GET /xingrg/kc/buy/cgsh_order_operate.html?command=get_materiel&rest_code=00106&code=00101007059&supplier_code=00100002&order_time=2020-11-17 HTTP/1.1" 200 411
101.85.228.137 - - [17/Nov/2020:10:32:09 +0800] "GET /xingrg/kc/base/wldb_order_list.html HTTP/1.1" 200 19418
101.85.228.137 - - [17/Nov/2020:10:32:09 +0800] "POST /xingrg/kc/base/wldb_list_operate.html HTTP/1.1" 200 928
101.85.228.137 - - [17/Nov/2020:10:32:10 +0800] "GET /xingrg/kc/base/wldb_order_add.html HTTP/1.1" 200 30587
117.185.32.26 - - [17/Nov/2020:10:32:10 +0800] "GET /xingrg/all/function/internal_message.html?_=1605580775548&CODE_STATE=getMsg HTTP/1.1" 200 27
101.85.228.137 - - [17/Nov/2020:10:32:11 +0800] "POST /xingrg/kc/base/wldb_order_operate.html HTTP/1.1" 200 6806
101.85.228.137 - - [17/Nov/2020:10:32:11 +0800] "GET /xingrg/all/common/auto_word.html?type=base&rest_code=00102 HTTP/1.1" 200 1711
101.85.228.137 - - [17/Nov/2020:10:32:11 +0800] "GET /xingrg/all/common/auto_word.html?type=base&rest_code=00102 HTTP/1.1" 200 1711
101.85.228.137 - - [17/Nov/2020:10:32:11 +0800] "GET /xingrg/javascript/easyui/themes/default/validatebox.css HTTP/1.1" 404 1104
101.85.228.137 - - [17/Nov/2020:10:32:11 +0800] "GET /xingrg/javascript/auto/indicator.gif HTTP/1.1" 404 1066
114.88.166.242 - - [17/Nov/2020:10:32:16 +0800] "GET /xingrg/all/function/internal_message.html?_=1605580445723&CODE_STATE=getMsg HTTP/1.1" 200 27
114.88.166.242 - - [17/Nov/2020:10:32:17 +0800] "GET /xingrg/check_reg.html?_=1605580446395 HTTP/1.1" 200 22
117.185.32.26 - - [17/Nov/2020:10:32:17 +0800] "POST /xingrg/kc/buy/cgsh_order_operate.html HTTP/1.1" 200 37
222.69.134.136 - - [17/Nov/2020:10:32:19 +0800] "GET /xingrg/all/function/internal_message.html?_=1605580336719&CODE_STATE=getMsg HTTP/1.1" 200 27
117.185.32.26 - - [17/Nov/2020:10:32:19 +0800] "POST /xingrg/kc/buy/cgsh_order_operate.html HTTP/1.1" 200 12
180.174.56.115 - - [17/Nov/2020:10:32:20 +0800] "GET /xingrg/all/function/internal_message.html?_=1605580339008&CODE_STATE=getMsg HTTP/1.1" 200 27
117.185.32.26 - - [17/Nov/2020:10:32:20 +0800] "GET /xingrg/kc/buy/cgsh_order_info.html?code=212020111706591 HTTP/1.1" 200 55653
117.185.32.26 - - [17/Nov/2020:10:32:20 +0800] "GET /xingrg/javascript/easyui/themes/default/validatebox.css HTTP/1.1" 404 1104
117.185.32.26 - - [17/Nov/2020:10:32:21 +0800] "POST /xingrg/kc/buy/cgsh_order_operate.html HTTP/1.1" 200 2380
117.185.32.26 - - [17/Nov/2020:10:32:22 +0800] "GET /xingrg/kc/print/load_data.html?order_code=212020111706591&kc_code=cgsh&condition= HTTP/1.1" 200 1448
180.162.245.190 - - [17/Nov/2020:10:32:23 +0800] "GET /xingrg/kc/buy/cgsh_order_operate.html?command=get_materiel&rest_code=00105&code=00101034052&supplier_code=00100361&order_time=2020-11-17 HTTP/1.1" 200 407
117.185.32.26 - - [17/Nov/2020:10:32:23 +0800] "GET /xingrg/kc/buy/cgsh_order_operate.html?command=get_materiel&rest_code=00106&code=00101010309&supplier_code=00100091&order_time=2020-11-17 HTTP/1.1" 200 423
180.171.125.150 - - [17/Nov/2020:10:32:25 +0800] "GET /xingrg/login.html HTTP/1.1" 200 7641
114.84.37.38 - - [17/Nov/2020:10:32:25 +0800] "GET /xingrg/all/function/internal_message.html?_=1605580349142&CODE_STATE=getMsg HTTP/1.1" 200 27
180.171.125.150 - - [17/Nov/2020:10:32:25 +0800] "GET /xingrg/images/blue/jxLogo.png HTTP/1.1" 200 6156
180.171.125.150 - - [17/Nov/2020:10:32:25 +0800] "GET /xingrg/images/blue/hj.png HTTP/1.1" 200 1014
180.171.125.150 - - [17/Nov/2020:10:32:25 +0800] "GET /xingrg/images/blue/login_bg.png HTTP/1.1" 200 22101
180.171.125.150 - - [17/Nov/2020:10:32:25 +0800] "GET /xingrg/images/blue/srbg.png HTTP/1.1" 200 138
180.171.125.150 - - [17/Nov/2020:10:32:25 +0800] "GET /favicon.ico HTTP/1.1" 404 -
101.85.228.137 - - [17/Nov/2020:10:32:26 +0800] "GET /xingrg/all/function/internal_message.html?_=1605580348789&CODE_STATE=getMsg HTTP/1.1" 200 27
117.185.32.26 - - [17/Nov/2020:10:32:27 +0800] "GET /xingrg/kc/print/load_data.html?order_code=212020111706591&kc_code=cgsh HTTP/1.1" 200 1448
180.157.253.48 - - [17/Nov/2020:10:32:27 +0800] "GET /xingrg/kc/buy/cgsh_order_operate.html?command=get_materiel&rest_code=00148&code=00101001233&supplier_code=00100090&order_time=2020-11-17 HTTP/1.1" 200 396
180.171.125.150 - - [17/Nov/2020:10:32:30 +0800] "POST /xingrg/login.do HTTP/1.1" 302 -
180.171.125.150 - - [17/Nov/2020:10:32:30 +0800] "GET /xingrg/index.html?sysBaseUrl=http%3A%2F%2F180.169.147.146%3A18081%2Fxingrg%2F&costTime=42×tamp=1605580350335 HTTP/1.1" 200 17413
180.171.125.150 - - [17/Nov/2020:10:32:30 +0800] "GET /xingrg/javascript/jquery_easy_ui/jquery.easyui.min.js HTTP/1.1" 200 213662
180.171.125.150 - - [17/Nov/2020:10:32:30 +0800] "GET /xingrg/javascript/jquery_easy_ui/themes/icon.css HTTP/1.1" 200 3949
180.171.125.150 - - [17/Nov/2020:10:32:30 +0800] "GET /xingrg/css/form.css HTTP/1.1" 200 893
180.171.125.150 - - [17/Nov/2020:10:32:30 +0800] "GET /xingrg/javascript/jquery-1.4.2.min.js HTTP/1.1" 200 72205
180.171.125.150 - - [17/Nov/2020:10:32:30 +0800] "GET /xingrg/javascript/jquery.timers.js HTTP/1.1" 200 3532
180.171.125.150 - - [17/Nov/2020:10:32:30 +0800] "GET /xingrg/javascript/jquery_easy_ui/easyui-lang-zh_CN.js HTTP/1.1" 200 1900
180.171.125.150 - - [17/Nov/2020:10:32:30 +0800] "GET /xingrg/javascript/jquery_easy_ui/themes/default/easyui.css HTTP/1.1" 200 26500
180.171.125.150 - - [17/Nov/2020:10:32:30 +0800] "GET /favicon.ico HTTP/1.1" 404 -
180.171.125.150 - - [17/Nov/2020:10:32:30 +0800] "GET /xingrg/javascript/jquery.utils.js HTTP/1.1" 200 11805
180.171.125.150 - - [17/Nov/2020:10:32:30 +0800] "GET /xingrg/javascript/jquery.form.js HTTP/1.1" 200 23110
180.171.125.150 - - [17/Nov/2020:10:32:30 +0800] "GET /xingrg/javascript/jquery_easy_ui/themes/icons/settle_new.png HTTP/1.1" 200 826
180.171.125.150 - - [17/Nov/2020:10:32:30 +0800] "GET /xingrg/images/blue/navBackgound.jpg HTTP/1.1" 200 12378
180.171.125.150 - - [17/Nov/2020:10:32:30 +0800] "GET /xingrg/images/blue/pingpu.png HTTP/1.1" 200 231
180.171.125.150 - - [17/Nov/2020:10:32:30 +0800] "GET /xingrg/javascript/jquery_easy_ui/themes/default/images/tabs_leftarrow.png HTTP/1.1" 200 389
180.171.125.150 - - [17/Nov/2020:10:32:30 +0800] "GET /xingrg/javascript/jquery_easy_ui/themes/default/images/tabs_rightarrow.png HTTP/1.1" 200 395
180.171.125.150 - - [17/Nov/2020:10:32:30 +0800] "GET /xingrg/javascript/jquery_easy_ui/themes/default/images/panel_tool_expand.gif HTTP/1.1" 200 247
180.171.125.150 - - [17/Nov/2020:10:32:30 +0800] "POST /xingrg/all/common/load_tree.html?tree=area_rest_tree_json&manage=1 HTTP/1.1" 200 342
180.171.125.150 - - [17/Nov/2020:10:32:30 +0800] "GET /xingrg/javascript/jquery_easy_ui/themes/default/images/panel_tool_collapse.gif HTTP/1.1" 200 246
180.171.125.150 - - [17/Nov/2020:10:32:30 +0800] "GET /xingrg/all/function/internal_message.html?_=1605580350842&CODE_STATE=count HTTP/1.1" 200 11
180.171.125.150 - - [17/Nov/2020:10:32:30 +0800] "GET /xingrg/check_reg.html?_=1605580350844 HTTP/1.1" 200 22
180.171.125.150 - - [17/Nov/2020:10:32:30 +0800] "GET /xingrg/javascript/jquery_easy_ui/themes/default/images/tree_arrows.gif HTTP/1.1" 200 1043
180.171.125.150 - - [17/Nov/2020:10:32:30 +0800] "POST /xingrg/load_menu.html HTTP/1.1" 200 9959
172.17.0.123 - - [17/Nov/2020:10:32:31 +0800] "GET /xingrg/all/function/internal_message.html?_=1605580292842&CODE_STATE=getMsg HTTP/1.1" 200 27
180.171.125.150 - - [17/Nov/2020:10:32:31 +0800] "GET /xingrg/javascript/jquery_easy_ui/themes/default/images/tree_folder_open.gif HTTP/1.1" 200 956
180.171.125.150 - - [17/Nov/2020:10:32:31 +0800] "GET /xingrg/javascript/jquery_easy_ui/themes/default/images/tree_folder.gif HTTP/1.1" 200 952
180.171.125.150 - - [17/Nov/2020:10:32:31 +0800] "GET /xingrg/javascript/jquery_easy_ui/themes/icons/search_new.png HTTP/1.1" 200 586
180.171.125.150 - - [17/Nov/2020:10:32:31 +0800] "GET /xingrg/javascript/jquery_easy_ui/themes/icons/storage_new.png HTTP/1.1" 200 853
180.171.125.150 - - [17/Nov/2020:10:32:31 +0800] "GET /xingrg/javascript/jquery_easy_ui/themes/icons/checkout_new.png HTTP/1.1" 200 744
180.171.125.150 - - [17/Nov/2020:10:32:31 +0800] "GET /xingrg/javascript/jquery_easy_ui/themes/icons/forms_new.png HTTP/1.1" 200 350
180.171.125.150 - - [17/Nov/2020:10:32:31 +0800] "GET /xingrg/javascript/jquery_easy_ui/themes/icons/setting_new.png HTTP/1.1" 200 450
180.171.125.150 - - [17/Nov/2020:10:32:31 +0800] "GET /xingrg/javascript/jquery_easy_ui/themes/icons/systemset_new.png HTTP/1.1" 200 606
117.185.32.26 - - [17/Nov/2020:10:32:32 +0800] "POST /xingrg/kc/buy/cgsh_order_operate.html HTTP/1.1" 200 37
116.228.172.94 - - [17/Nov/2020:10:32:32 +0800] "GET /xingrg/kc/buy/cgsh_order_operate.html?command=get_materiel&rest_code=00107&code=00101002007&supplier_code=00100199&order_time=2020-11-17 HTTP/1.1" 200 409
180.162.245.190 - - [17/Nov/2020:10:32:32 +0800] "GET /xingrg/kc/buy/cgsh_order_operate.html?command=get_materiel&rest_code=00105&code=00101034055&supplier_code=00100361&order_time=2020-11-17 HTTP/1.1" 200 404
117.185.32.26 - - [17/Nov/2020:10:32:32 +0800] "POST /xingrg/kc/buy/cgsh_order_operate.html HTTP/1.1" 200 3266
180.171.125.150 - - [17/Nov/2020:10:32:33 +0800] "POST /xingrg/load_menu.html HTTP/1.1" 200 9242
101.85.52.2 - - [17/Nov/2020:10:32:33 +0800] "GET /xingrg/all/function/internal_message.html?_=1605580349985&CODE_STATE=getMsg HTTP/1.1" 200 27
180.171.125.150 - - [17/Nov/2020:10:32:33 +0800] "GET /xingrg/javascript/jquery_easy_ui/themes/default/images/tree_file.gif HTTP/1.1" 200 118
180.171.125.150 - - [17/Nov/2020:10:32:34 +0800] "GET /xingrg/javascript/jquery_easy_ui/themes/default/images/tabs_close.gif HTTP/1.1" 200 829
180.171.125.150 - - [17/Nov/2020:10:32:34 +0800] "GET /xingrg/all/report/report_query.html?fileName=dma/new_5.0/yingye/order_list.xml HTTP/1.1" 200 55281
180.171.125.150 - - [17/Nov/2020:10:32:34 +0800] "GET /xingrg/javascript/multi_select/jqueryMultiSelect.css HTTP/1.1" 200 951
180.171.125.150 - - [17/Nov/2020:10:32:34 +0800] "GET /xingrg/javascript/calendar/timePicker.css HTTP/1.1" 200 523
180.171.125.150 - - [17/Nov/2020:10:32:34 +0800] "GET /xingrg/javascript/bigrid/fix.css HTTP/1.1" 200 1702
180.171.125.150 - - [17/Nov/2020:10:32:34 +0800] "GET /xingrg/javascript/pic_change.js HTTP/1.1" 200 4739
180.171.125.150 - - [17/Nov/2020:10:32:34 +0800] "GET /xingrg/css/blue.css HTTP/1.1" 200 15949
180.171.125.150 - - [17/Nov/2020:10:32:34 +0800] "GET /xingrg/dwr/interface/AjaxReportQueryService.js HTTP/1.1" 200 13203
180.171.125.150 - - [17/Nov/2020:10:32:34 +0800] "GET /xingrg/javascript/myfunction.js HTTP/1.1" 200 24559
180.171.125.150 - - [17/Nov/2020:10:32:34 +0800] "GET /xingrg/dwr/util.js HTTP/1.1" 200 35990
180.171.125.150 - - [17/Nov/2020:10:32:34 +0800] "GET /xingrg/dwr/engine.js HTTP/1.1" 200 43631
180.171.125.150 - - [17/Nov/2020:10:32:34 +0800] "GET /xingrg/javascript/calendar/jquery.timePicker.min.js HTTP/1.1" 200 2997
180.171.125.150 - - [17/Nov/2020:10:32:34 +0800] "GET /xingrg/javascript/bigrid/fix.js HTTP/1.1" 200 6439
180.171.125.150 - - [17/Nov/2020:10:32:34 +0800] "GET /xingrg/javascript/jqueryMultiSelect.js HTTP/1.1" 200 11866
180.171.125.150 - - [17/Nov/2020:10:32:34 +0800] "GET /xingrg/javascript/Calendar.js HTTP/1.1" 200 31561
180.171.125.150 - - [17/Nov/2020:10:32:34 +0800] "GET /xingrg/images/blue/button/advanceover.gif HTTP/1.1" 200 1347
180.171.125.150 - - [17/Nov/2020:10:32:34 +0800] "GET /xingrg/images/blue/button/advance2over.gif HTTP/1.1" 200 1336
180.171.125.150 - - [17/Nov/2020:10:32:34 +0800] "GET /xingrg/images/blue/button/back2over.gif HTTP/1.1" 200 1335
180.171.125.150 - - [17/Nov/2020:10:32:34 +0800] "GET /xingrg/images/control/loading.gif HTTP/1.1" 200 13463
180.171.125.150 - - [17/Nov/2020:10:32:34 +0800] "GET /xingrg/images/blue/button/backover.gif HTTP/1.1" 200 1348
180.171.125.150 - - [17/Nov/2020:10:32:34 +0800] "GET /xingrg/javascript/jquery_easy_ui/themes/icons/help.png HTTP/1.1" 200 1187
180.171.125.150 - - [17/Nov/2020:10:32:34 +0800] "GET /xingrg/javascript/jquery_easy_ui/themes/default/images/menu_downarrow.png HTTP/1.1" 200 173
180.171.125.150 - - [17/Nov/2020:10:32:34 +0800] "GET /xingrg/javascript/jquery_easy_ui/themes/default/images/menu.gif HTTP/1.1" 200 834
180.171.125.150 - - [17/Nov/2020:10:32:34 +0800] "GET /xingrg/javascript/jquery_easy_ui/themes/default/images/menu_downarrow.png HTTP/1.1" 200 173
180.171.125.150 - - [17/Nov/2020:10:32:34 +0800] "GET /xingrg/javascript/jquery_easy_ui/themes/icons/print.png HTTP/1.1" 200 1057
180.171.125.150 - - [17/Nov/2020:10:32:34 +0800] "GET /xingrg/javascript/jquery_easy_ui/themes/icons/pencil.png HTTP/1.1" 200 713
180.171.125.150 - - [17/Nov/2020:10:32:34 +0800] "GET /xingrg/javascript/jquery_easy_ui/themes/default/images/menu_rightarrow.png HTTP/1.1" 200 3617
180.171.125.150 - - [17/Nov/2020:10:32:34 +0800] "POST /xingrg/dwr/call/plaincall/AjaxReportQueryService.getFixDate.dwr HTTP/1.1" 200 111
180.171.125.150 - - [17/Nov/2020:10:32:34 +0800] "GET /xingrg/javascript/jquery_easy_ui/themes/default/images/combo_arrow_dot.gif HTTP/1.1" 200 79
180.171.125.150 - - [17/Nov/2020:10:32:35 +0800] "POST /xingrg/all/common/load_tree.html?tree=area_station_tree_json&manage=1 HTTP/1.1" 200 338
180.171.125.150 - - [17/Nov/2020:10:32:35 +0800] "GET /xingrg/javascript/jquery_easy_ui/themes/default/images/tree_checkbox_0.gif HTTP/1.1" 200 168
180.171.125.150 - - [17/Nov/2020:10:32:35 +0800] "GET /xingrg/javascript/jquery_easy_ui/themes/icons/rest.png HTTP/1.1" 200 695
117.185.32.26 - - [17/Nov/2020:10:32:35 +0800] "GET /xingrg/kc/buy/cgsh_order_add.html HTTP/1.1" 200 60742
180.171.125.150 - - [17/Nov/2020:10:32:35 +0800] "POST /xingrg/dwr/call/plaincall/AjaxReportQueryService.getInitString.dwr HTTP/1.1" 200 76
180.171.125.150 - - [17/Nov/2020:10:32:35 +0800] "GET /xingrg/javascript/multi_select/dropdown.gif HTTP/1.1" 200 61
117.185.32.26 - - [17/Nov/2020:10:32:35 +0800] "POST /xingrg/kc/buy/cgsh_order_operate.html HTTP/1.1" 200 8245
117.185.32.26 - - [17/Nov/2020:10:32:35 +0800] "GET /xingrg/javascript/easyui/themes/default/validatebox.css HTTP/1.1" 404 1104
180.162.245.190 - - [17/Nov/2020:10:32:36 +0800] "GET /xingrg/all/function/internal_message.html?_=1605580357644&CODE_STATE=getMsg HTTP/1.1" 200 27
180.171.125.150 - - [17/Nov/2020:10:32:38 +0800] "GET /xingrg/javascript/jquery_easy_ui/themes/icons/area.png HTTP/1.1" 200 262
101.85.228.137 - - [17/Nov/2020:10:32:38 +0800] "GET /xingrg/kc/base/wldb_order_operate.html?command=get_materiel&rest_code=00102&base_code=0010477&code=00101015054 HTTP/1.1" 200 423
114.84.145.85 - - [17/Nov/2020:10:32:38 +0800] "GET /xingrg/all/function/internal_message.html?_=1605579946320&CODE_STATE=getMsg HTTP/1.1" 200 27
180.171.125.150 - - [17/Nov/2020:10:32:39 +0800] "GET /xingrg/javascript/jquery_easy_ui/themes/default/images/tree_checkbox_1.gif HTTP/1.1" 200 174
180.171.125.150 - - [17/Nov/2020:10:32:39 +0800] "POST /xingrg/dwr/call/plaincall/AjaxReportQueryService.queryInitializeString.dwr HTTP/1.1" 200 76
180.171.125.150 - - [17/Nov/2020:10:32:39 +0800] "GET /xingrg/javascript/jquery_easy_ui/themes/default/images/button_plain_hover.png HTTP/1.1" 200 252
180.174.56.115 - - [17/Nov/2020:10:32:40 +0800] "GET /xingrg/check_reg.html?_=1605580333612 HTTP/1.1" 200 22
