222.69.137.205 - - [15/Nov/2020:10:51:36 +0800] "GET /xingrg/all/function/internal_message.html?_=1605408692901&CODE_STATE=getMsg HTTP/1.1" 200 27
116.228.172.94 - - [15/Nov/2020:10:51:37 +0800] "GET /xingrg/all/function/internal_message.html?_=1605408693551&CODE_STATE=getMsg HTTP/1.1" 200 27
101.85.228.137 - - [15/Nov/2020:10:51:37 +0800] "GET /xingrg/kc/buy/cgsh_order_operate.html?command=get_materiel&rest_code=00102&code=00101009063&supplier_code=00100424&order_time=2020-11-15 HTTP/1.1" 200 409
180.157.253.48 - - [15/Nov/2020:10:51:38 +0800] "GET /xingrg/kc/buy/cgsh_order_add.html HTTP/1.1" 200 60685
222.69.133.109 - - [15/Nov/2020:10:51:39 +0800] "GET /xingrg/all/function/internal_message.html?_=1605408696766&CODE_STATE=getMsg HTTP/1.1" 200 27
180.157.253.48 - - [15/Nov/2020:10:51:39 +0800] "POST /xingrg/kc/buy/cgsh_order_operate.html HTTP/1.1" 200 8245
180.157.253.48 - - [15/Nov/2020:10:51:39 +0800] "GET /xingrg/javascript/easyui/themes/default/validatebox.css HTTP/1.1" 404 1104
114.88.166.242 - - [15/Nov/2020:10:51:44 +0800] "GET /xingrg/all/function/internal_message.html?_=1605408809296&CODE_STATE=getMsg HTTP/1.1" 200 27
101.85.228.137 - - [15/Nov/2020:10:51:44 +0800] "GET /xingrg/all/function/internal_message.html?_=1605408702527&CODE_STATE=getMsg HTTP/1.1" 200 27
101.85.228.137 - - [15/Nov/2020:10:51:46 +0800] "GET /xingrg/kc/buy/cgsh_order_operate.html?command=get_materiel&rest_code=00102&code=00101010209&supplier_code=00100322&order_time=2020-11-15 HTTP/1.1" 200 439
114.84.37.38 - - [15/Nov/2020:10:51:50 +0800] "POST /xingrg/kc/buy/cgsh_order_operate.html HTTP/1.1" 200 37
101.85.228.137 - - [15/Nov/2020:10:51:53 +0800] "POST /xingrg/kc/buy/cgsh_order_operate.html HTTP/1.1" 200 37
114.84.37.38 - - [15/Nov/2020:10:51:53 +0800] "POST /xingrg/kc/buy/cgsh_order_operate.html HTTP/1.1" 200 12
180.162.245.190 - - [15/Nov/2020:10:51:54 +0800] "GET /xingrg/all/function/internal_message.html?_=1605408712173&CODE_STATE=getMsg HTTP/1.1" 200 27
101.85.228.137 - - [15/Nov/2020:10:51:54 +0800] "POST /xingrg/kc/buy/cgsh_order_operate.html HTTP/1.1" 200 12
114.84.37.38 - - [15/Nov/2020:10:51:55 +0800] "GET /xingrg/kc/buy/cgsh_order_info.html?code=212020111505912 HTTP/1.1" 200 55592
101.85.228.137 - - [15/Nov/2020:10:51:55 +0800] "GET /xingrg/kc/buy/cgsh_order_info.html?code=212020111505913 HTTP/1.1" 200 55541
101.85.228.137 - - [15/Nov/2020:10:51:56 +0800] "GET /xingrg/javascript/easyui/themes/default/validatebox.css HTTP/1.1" 404 1104
114.84.37.38 - - [15/Nov/2020:10:51:56 +0800] "GET /xingrg/javascript/easyui/themes/default/validatebox.css HTTP/1.1" 404 1104
101.85.228.137 - - [15/Nov/2020:10:51:56 +0800] "POST /xingrg/kc/buy/cgsh_order_operate.html HTTP/1.1" 200 630
114.84.37.38 - - [15/Nov/2020:10:51:56 +0800] "POST /xingrg/kc/buy/cgsh_order_operate.html HTTP/1.1" 200 4168
101.85.228.137 - - [15/Nov/2020:10:51:57 +0800] "GET /xingrg/kc/print/load_data.html?order_code=212020111505913&kc_code=cgsh&condition= HTTP/1.1" 200 723
180.157.253.48 - - [15/Nov/2020:10:51:58 +0800] "GET /xingrg/kc/buy/cgsh_order_operate.html?command=get_materiel&rest_code=00148&code=00101004011&supplier_code=00100086&order_time=2020-11-15 HTTP/1.1" 200 433
172.17.200.101 - - [15/Nov/2020:10:51:58 +0800] "GET /xingrg/all/function/internal_message.html?_=1605408715138&CODE_STATE=getMsg HTTP/1.1" 200 27
114.84.37.38 - - [15/Nov/2020:10:51:58 +0800] "GET /xingrg/kc/print/load_data.html?order_code=212020111505912&kc_code=cgsh&condition= HTTP/1.1" 200 2078
116.232.50.120 - - [15/Nov/2020:10:51:59 +0800] "GET /xingrg/all/function/internal_message.html?_=1605408768500&CODE_STATE=getMsg HTTP/1.1" 200 27
101.85.228.137 - - [15/Nov/2020:10:52:00 +0800] "GET /xingrg/kc/buy/cgsh_order_add.html HTTP/1.1" 200 60644
101.85.228.137 - - [15/Nov/2020:10:52:01 +0800] "POST /xingrg/kc/buy/cgsh_order_operate.html HTTP/1.1" 200 8245
101.85.228.137 - - [15/Nov/2020:10:52:01 +0800] "GET /xingrg/javascript/easyui/themes/default/validatebox.css HTTP/1.1" 404 1104
101.85.228.137 - - [15/Nov/2020:10:52:02 +0800] "GET /xingrg/kc/buy/cgsh_order_operate.html?command=get_materiel&rest_code=00102&code=00101009088&supplier_code=00100424&order_time=2020-11-15 HTTP/1.1" 200 391
117.131.5.26 - - [15/Nov/2020:10:52:03 +0800] "GET /xingrg/check_reg.html?_=1605408751342 HTTP/1.1" 200 22
117.131.5.26 - - [15/Nov/2020:10:52:03 +0800] "GET /xingrg/all/function/internal_message.html?_=1605408751343&CODE_STATE=getMsg HTTP/1.1" 200 27
101.85.228.137 - - [15/Nov/2020:10:52:08 +0800] "GET /xingrg/kc/buy/cgsh_order_operate.html?command=get_materiel&rest_code=00102&code=00101006101&supplier_code=00100324&order_time=2020-11-15 HTTP/1.1" 200 420
116.228.172.94 - - [15/Nov/2020:10:52:08 +0800] "GET /xingrg/kc/buy/cgsh_order_operate.html?command=get_materiel&rest_code=00107&code=00102010154&supplier_code=00100212&order_time=2020-11-15 HTTP/1.1" 200 417
180.171.125.150 - - [15/Nov/2020:10:52:13 +0800] "GET /xingrg/all/function/internal_message.html?_=1605408729021&CODE_STATE=getMsg HTTP/1.1" 200 27
180.174.56.115 - - [15/Nov/2020:10:52:16 +0800] "GET /xingrg/all/function/internal_message.html?_=1605408731770&CODE_STATE=getMsg HTTP/1.1" 200 27
101.85.228.137 - - [15/Nov/2020:10:52:16 +0800] "POST /xingrg/kc/buy/cgsh_order_operate.html HTTP/1.1" 200 37
180.157.253.48 - - [15/Nov/2020:10:52:18 +0800] "POST /xingrg/kc/buy/cgsh_order_operate.html HTTP/1.1" 200 37
114.84.37.38 - - [15/Nov/2020:10:52:18 +0800] "GET /xingrg/kc/buy/cgsh_order_add.html HTTP/1.1" 200 60685
116.228.172.94 - - [15/Nov/2020:10:52:19 +0800] "GET /xingrg/kc/buy/cgsh_order_operate.html?command=get_materiel&rest_code=00107&code=00102010409&supplier_code=00100212&order_time=2020-11-15 HTTP/1.1" 200 409
101.85.228.137 - - [15/Nov/2020:10:52:19 +0800] "POST /xingrg/kc/buy/cgsh_order_operate.html HTTP/1.1" 200 12
101.85.228.137 - - [15/Nov/2020:10:52:20 +0800] "GET /xingrg/kc/buy/cgsh_order_info.html?code=212020111505914 HTTP/1.1" 200 55551
180.157.253.48 - - [15/Nov/2020:10:52:20 +0800] "POST /xingrg/kc/buy/cgsh_order_operate.html HTTP/1.1" 200 2660
114.84.37.38 - - [15/Nov/2020:10:52:20 +0800] "POST /xingrg/kc/buy/cgsh_order_operate.html HTTP/1.1" 200 8245
114.84.37.38 - - [15/Nov/2020:10:52:20 +0800] "GET /xingrg/javascript/easyui/themes/default/validatebox.css HTTP/1.1" 404 1104
101.85.228.137 - - [15/Nov/2020:10:52:20 +0800] "GET /xingrg/javascript/easyui/themes/default/validatebox.css HTTP/1.1" 404 1104
101.85.228.137 - - [15/Nov/2020:10:52:21 +0800] "POST /xingrg/kc/buy/cgsh_order_operate.html HTTP/1.1" 200 618
114.88.166.242 - - [15/Nov/2020:10:52:21 +0800] "GET /xingrg/all/function/internal_message.html?_=1605408731328&CODE_STATE=getMsg HTTP/1.1" 200 27
117.184.7.26 - - [15/Nov/2020:10:52:21 +0800] "GET /xingrg/all/function/internal_message.html?_=1605408737450&CODE_STATE=getMsg HTTP/1.1" 200 27
180.157.253.48 - - [15/Nov/2020:10:52:22 +0800] "GET /xingrg/kc/buy/cgsh_order_add.html HTTP/1.1" 200 60685
101.85.228.137 - - [15/Nov/2020:10:52:22 +0800] "GET /xingrg/kc/print/load_data.html?order_code=212020111505914&kc_code=cgsh&condition= HTTP/1.1" 200 720
180.157.253.48 - - [15/Nov/2020:10:52:22 +0800] "POST /xingrg/kc/buy/cgsh_order_operate.html HTTP/1.1" 200 8245
180.157.253.48 - - [15/Nov/2020:10:52:22 +0800] "GET /xingrg/javascript/easyui/themes/default/validatebox.css HTTP/1.1" 404 1104
117.185.32.26 - - [15/Nov/2020:10:52:23 +0800] "GET /xingrg/check_reg.html?_=1605408739022 HTTP/1.1" 200 22
117.185.32.26 - - [15/Nov/2020:10:52:24 +0800] "GET /xingrg/all/function/internal_message.html?_=1605408739965&CODE_STATE=getMsg HTTP/1.1" 200 27
120.253.135.82 - - [15/Nov/2020:10:52:25 +0800] "GET /xingrg/all/function/internal_message.html?_=1605408783297&CODE_STATE=getMsg HTTP/1.1" 200 27
101.85.228.137 - - [15/Nov/2020:10:52:26 +0800] "GET /xingrg/kc/buy/cgsh_order_add.html HTTP/1.1" 200 60644
101.85.228.137 - - [15/Nov/2020:10:52:26 +0800] "GET /xingrg/kc/buy/cgsh_order_operate.html?command=get_materiel&rest_code=00102&code=00101009046&supplier_code=00100424&order_time=2020-11-15 HTTP/1.1" 200 408
114.88.166.242 - - [15/Nov/2020:10:52:27 +0800] "GET /xingrg/all/function/internal_message.html?_=1605408742702&CODE_STATE=getMsg HTTP/1.1" 200 27
101.85.228.137 - - [15/Nov/2020:10:52:27 +0800] "POST /xingrg/kc/buy/cgsh_order_operate.html HTTP/1.1" 200 8245
101.85.228.137 - - [15/Nov/2020:10:52:27 +0800] "GET /xingrg/javascript/easyui/themes/default/validatebox.css HTTP/1.1" 404 1104
101.85.228.137 - - [15/Nov/2020:10:52:31 +0800] "GET /xingrg/all/function/internal_message.html?_=1605408970011&CODE_STATE=getMsg HTTP/1.1" 200 27
101.85.228.137 - - [15/Nov/2020:10:52:32 +0800] "GET /xingrg/kc/buy/cgsh_order_operate.html?command=get_materiel&rest_code=00102&code=00101008171&supplier_code=00100327&order_time=2020-11-15 HTTP/1.1" 200 421
172.17.0.100 - - [15/Nov/2020:10:52:36 +0800] "GET /xingrg/all/function/internal_message.html?_=1605408753411&CODE_STATE=getMsg HTTP/1.1" 200 27
222.69.137.205 - - [15/Nov/2020:10:52:36 +0800] "GET /xingrg/all/function/internal_message.html?_=1605408752912&CODE_STATE=getMsg HTTP/1.1" 200 27
116.228.172.94 - - [15/Nov/2020:10:52:37 +0800] "GET /xingrg/all/function/internal_message.html?_=1605408753520&CODE_STATE=getMsg HTTP/1.1" 200 27
101.85.228.137 - - [15/Nov/2020:10:52:38 +0800] "POST /xingrg/kc/buy/cgsh_order_operate.html HTTP/1.1" 200 37
117.185.32.26 - - [15/Nov/2020:10:52:38 +0800] "GET /xingrg/kc/buy/cgsh_order_add.html HTTP/1.1" 200 60685
222.69.133.109 - - [15/Nov/2020:10:52:39 +0800] "GET /xingrg/check_reg.html?_=1605408756754 HTTP/1.1" 200 22
222.69.133.109 - - [15/Nov/2020:10:52:39 +0800] "GET /xingrg/all/function/internal_message.html?_=1605408756758&CODE_STATE=getMsg HTTP/1.1" 200 27
117.185.32.26 - - [15/Nov/2020:10:52:39 +0800] "GET /xingrg/javascript/easyui/themes/default/validatebox.css HTTP/1.1" 404 1104
117.185.32.26 - - [15/Nov/2020:10:52:39 +0800] "POST /xingrg/kc/buy/cgsh_order_operate.html HTTP/1.1" 200 8245
101.85.228.137 - - [15/Nov/2020:10:52:39 +0800] "POST /xingrg/kc/buy/cgsh_order_operate.html HTTP/1.1" 200 12
117.185.32.26 - - [15/Nov/2020:10:52:40 +0800] "GET /xingrg/javascript/easyui/themes/default/tree.css HTTP/1.1" 404 1090
101.85.228.137 - - [15/Nov/2020:10:52:40 +0800] "GET /xingrg/kc/buy/cgsh_order_info.html?code=212020111505916 HTTP/1.1" 200 55547
117.185.32.26 - - [15/Nov/2020:10:52:40 +0800] "POST /xingrg/all/common/load_tree.html?tree=supplier_tree_json&isDelete=1 HTTP/1.1" 200 51855
101.85.228.137 - - [15/Nov/2020:10:52:40 +0800] "GET /xingrg/javascript/easyui/themes/default/validatebox.css HTTP/1.1" 404 1104
101.85.228.137 - - [15/Nov/2020:10:52:41 +0800] "POST /xingrg/kc/buy/cgsh_order_operate.html HTTP/1.1" 200 614
101.85.228.137 - - [15/Nov/2020:10:52:42 +0800] "GET /xingrg/kc/print/load_data.html?order_code=212020111505916&kc_code=cgsh&condition= HTTP/1.1" 200 699
114.88.166.242 - - [15/Nov/2020:10:52:44 +0800] "GET /xingrg/all/function/internal_message.html?_=1605408869273&CODE_STATE=getMsg HTTP/1.1" 200 27
101.85.228.137 - - [15/Nov/2020:10:52:44 +0800] "GET /xingrg/all/function/internal_message.html?_=1605408762538&CODE_STATE=getMsg HTTP/1.1" 200 27
101.85.228.137 - - [15/Nov/2020:10:52:44 +0800] "GET /xingrg/kc/buy/cgsh_order_operate.html?command=get_materiel&rest_code=00102&code=00101009050&supplier_code=00100424&order_time=2020-11-15 HTTP/1.1" 200 408
101.85.228.137 - - [15/Nov/2020:10:52:46 +0800] "GET /xingrg/kc/buy/cgsh_order_add.html HTTP/1.1" 200 60644
101.85.228.137 - - [15/Nov/2020:10:52:47 +0800] "POST /xingrg/kc/buy/cgsh_order_operate.html HTTP/1.1" 200 8245
101.85.228.137 - - [15/Nov/2020:10:52:47 +0800] "GET /xingrg/javascript/easyui/themes/default/validatebox.css HTTP/1.1" 404 1104
114.88.166.242 - - [15/Nov/2020:10:52:49 +0800] "GET /xingrg/check_reg.html?_=1605408759740 HTTP/1.1" 200 22
180.162.245.190 - - [15/Nov/2020:10:52:54 +0800] "GET /xingrg/all/function/internal_message.html?_=1605408772146&CODE_STATE=getMsg HTTP/1.1" 200 27
101.85.228.137 - - [15/Nov/2020:10:52:55 +0800] "GET /xingrg/kc/buy/cgsh_order_operate.html?command=get_materiel&rest_code=00102&code=00101014098&supplier_code=00100411&order_time=2020-11-15 HTTP/1.1" 200 403
180.162.245.190 - - [15/Nov/2020:10:52:55 +0800] "GET /xingrg/check_reg.html?_=1605408773751 HTTP/1.1" 200 22
116.228.172.94 - - [15/Nov/2020:10:52:56 +0800] "GET /xingrg/kc/buy/cgsh_order_operate.html?command=get_materiel&rest_code=00107&code=00102016480&supplier_code=00100212&order_time=2020-11-15 HTTP/1.1" 200 422
116.232.50.120 - - [15/Nov/2020:10:52:56 +0800] "GET /xingrg/check_reg.html?_=1605408828453 HTTP/1.1" 200 22
116.232.50.120 - - [15/Nov/2020:10:52:56 +0800] "GET /xingrg/all/function/internal_message.html?_=1605408828500&CODE_STATE=getMsg HTTP/1.1" 200 27
172.17.200.101 - - [15/Nov/2020:10:52:58 +0800] "GET /xingrg/check_reg.html?_=1605408775137 HTTP/1.1" 200 22
172.17.200.101 - - [15/Nov/2020:10:52:58 +0800] "GET /xingrg/all/function/internal_message.html?_=1605408775141&CODE_STATE=getMsg HTTP/1.1" 200 27
101.85.228.137 - - [15/Nov/2020:10:52:59 +0800] "GET /xingrg/kc/buy/cgsh_order_operate.html?command=get_materiel&rest_code=00102&code=00101010638&supplier_code=00100411&order_time=2020-11-15 HTTP/1.1" 200 399
101.85.228.137 - - [15/Nov/2020:10:53:01 +0800] "POST /xingrg/kc/buy/cgsh_order_operate.html HTTP/1.1" 200 37
114.84.37.38 - - [15/Nov/2020:10:53:02 +0800] "GET /xingrg/kc/buy/cgsh_order_operate.html?command=get_materiel&rest_code=00146&code=00101010079&supplier_code=00100336&order_time=2020-11-15 HTTP/1.1" 200 413
117.131.5.26 - - [15/Nov/2020:10:53:03 +0800] "GET /xingrg/all/function/internal_message.html?_=1605408811342&CODE_STATE=getMsg HTTP/1.1" 200 27
101.85.228.137 - - [15/Nov/2020:10:53:03 +0800] "POST /xingrg/kc/buy/cgsh_order_operate.html HTTP/1.1" 200 12
101.85.228.137 - - [15/Nov/2020:10:53:04 +0800] "GET /xingrg/kc/buy/cgsh_order_info.html?code=212020111505917 HTTP/1.1" 200 55539
101.85.228.137 - - [15/Nov/2020:10:53:05 +0800] "GET /xingrg/javascript/easyui/themes/default/validatebox.css HTTP/1.1" 404 1104
180.174.56.115 - - [15/Nov/2020:10:53:07 +0800] "POST /xingrg/kc/buy/cgsh_order_operate.html HTTP/1.1" 200 37
101.85.228.137 - - [15/Nov/2020:10:53:07 +0800] "POST /xingrg/kc/buy/cgsh_order_operate.html HTTP/1.1" 200 5324
101.85.228.137 - - [15/Nov/2020:10:53:08 +0800] "POST /xingrg/kc/buy/cgsh_order_operate.html HTTP/1.1" 200 88
117.185.32.26 - - [15/Nov/2020:10:53:08 +0800] "GET /xingrg/kc/buy/cgsh_order_operate.html?command=get_materiel&rest_code=00106&code=00101008091&supplier_code=00100007&order_time=2020-11-15 HTTP/1.1" 200 413
101.85.228.137 - - [15/Nov/2020:10:53:11 +0800] "POST /xingrg/kc/buy/cgsh_order_operate.html HTTP/1.1" 200 37
101.85.228.137 - - [15/Nov/2020:10:53:11 +0800] "GET /xingrg/kc/print/load_data.html?order_code=212020111505917&kc_code=cgsh&condition= HTTP/1.1" 200 2470
180.174.56.115 - - [15/Nov/2020:10:53:12 +0800] "POST /xingrg/kc/buy/cgsh_order_operate.html HTTP/1.1" 200 12
180.171.125.150 - - [15/Nov/2020:10:53:13 +0800] "GET /xingrg/all/function/internal_message.html?_=1605408789035&CODE_STATE=getMsg HTTP/1.1" 200 27
180.174.56.115 - - [15/Nov/2020:10:53:13 +0800] "GET /xingrg/kc/buy/cgsh_order_info.html?code=212020111505918 HTTP/1.1" 200 55509
101.85.228.137 - - [15/Nov/2020:10:53:13 +0800] "POST /xingrg/kc/buy/cgsh_order_operate.html HTTP/1.1" 200 2659
180.174.56.115 - - [15/Nov/2020:10:53:13 +0800] "GET /xingrg/javascript/easyui/themes/default/validatebox.css HTTP/1.1" 404 1104
180.174.56.115 - - [15/Nov/2020:10:53:13 +0800] "POST /xingrg/kc/buy/cgsh_order_operate.html HTTP/1.1" 200 1213
180.174.56.115 - - [15/Nov/2020:10:53:15 +0800] "GET /xingrg/kc/print/load_data.html?order_code=212020111505918&kc_code=cgsh&condition= HTTP/1.1" 200 950
180.174.56.115 - - [15/Nov/2020:10:53:16 +0800] "GET /xingrg/all/function/internal_message.html?_=1605408791894&CODE_STATE=getMsg HTTP/1.1" 200 27
114.84.37.38 - - [15/Nov/2020:10:53:19 +0800] "POST /xingrg/kc/buy/cgsh_order_operate.html HTTP/1.1" 200 37
180.174.56.115 - - [15/Nov/2020:10:53:19 +0800] "GET /xingrg/kc/buy/cgsh_order_add.html HTTP/1.1" 200 60603
180.174.56.115 - - [15/Nov/2020:10:53:20 +0800] "GET /xingrg/javascript/easyui/themes/default/validatebox.css HTTP/1.1" 404 1104
180.174.56.115 - - [15/Nov/2020:10:53:20 +0800] "POST /xingrg/kc/buy/cgsh_order_operate.html HTTP/1.1" 200 8245
117.185.32.26 - - [15/Nov/2020:10:53:20 +0800] "GET /xingrg/kc/buy/cgsh_order_operate.html?command=get_materiel&rest_code=00106&code=00101008059&supplier_code=00100007&order_time=2020-11-15 HTTP/1.1" 200 408
101.85.228.137 - - [15/Nov/2020:10:53:21 +0800] "GET /xingrg/login.html HTTP/1.1" 200 7641
114.88.166.242 - - [15/Nov/2020:10:53:21 +0800] "GET /xingrg/all/function/internal_message.html?_=1605408791330&CODE_STATE=getMsg HTTP/1.1" 200 27
101.85.228.137 - - [15/Nov/2020:10:53:21 +0800] "GET /favicon.ico HTTP/1.1" 404 -
117.184.7.26 - - [15/Nov/2020:10:53:21 +0800] "GET /xingrg/all/function/internal_message.html?_=1605408797435&CODE_STATE=getMsg HTTP/1.1" 200 27
101.85.228.137 - - [15/Nov/2020:10:53:22 +0800] "POST /xingrg/login.do HTTP/1.1" 302 -
101.85.228.137 - - [15/Nov/2020:10:53:22 +0800] "GET /xingrg/index.html?sysBaseUrl=http%3A%2F%2F180.169.147.146%3A18081%2Fxingrg%2F&costTime=41×tamp=1605408802617 HTTP/1.1" 200 17173
101.85.228.137 - - [15/Nov/2020:10:53:22 +0800] "GET /xingrg/javascript/jquery_easy_ui/themes/icon.css HTTP/1.1" 304 -
101.85.228.137 - - [15/Nov/2020:10:53:22 +0800] "GET /xingrg/javascript/jquery_easy_ui/themes/default/easyui.css HTTP/1.1" 304 -
101.85.228.137 - - [15/Nov/2020:10:53:22 +0800] "GET /xingrg/javascript/jquery-1.4.2.min.js HTTP/1.1" 304 -
101.85.228.137 - - [15/Nov/2020:10:53:22 +0800] "GET /xingrg/css/form.css HTTP/1.1" 304 -
101.85.228.137 - - [15/Nov/2020:10:53:22 +0800] "GET /xingrg/javascript/jquery_easy_ui/jquery.easyui.min.js HTTP/1.1" 304 -
101.85.228.137 - - [15/Nov/2020:10:53:22 +0800] "GET /xingrg/javascript/jquery_easy_ui/easyui-lang-zh_CN.js HTTP/1.1" 304 -
101.85.228.137 - - [15/Nov/2020:10:53:22 +0800] "GET /xingrg/javascript/jquery.form.js HTTP/1.1" 304 -
101.85.228.137 - - [15/Nov/2020:10:53:22 +0800] "GET /xingrg/javascript/jquery.utils.js HTTP/1.1" 304 -
101.85.228.137 - - [15/Nov/2020:10:53:22 +0800] "GET /xingrg/javascript/jquery.timers.js HTTP/1.1" 304 -
101.85.228.137 - - [15/Nov/2020:10:53:22 +0800] "GET /favicon.ico HTTP/1.1" 404 -
101.85.228.137 - - [15/Nov/2020:10:53:22 +0800] "POST /xingrg/all/common/load_tree.html?tree=area_rest_tree_json&manage=1 HTTP/1.1" 200 342
101.85.228.137 - - [15/Nov/2020:10:53:23 +0800] "GET /xingrg/all/function/internal_message.html?_=1605408801158&CODE_STATE=count HTTP/1.1" 200 11
101.85.228.137 - - [15/Nov/2020:10:53:23 +0800] "GET /xingrg/check_reg.html?_=1605408801161 HTTP/1.1" 200 22
101.85.228.137 - - [15/Nov/2020:10:53:23 +0800] "POST /xingrg/load_menu.html HTTP/1.1" 200 5138
117.185.32.26 - - [15/Nov/2020:10:53:24 +0800] "GET /xingrg/all/function/internal_message.html?_=1605408799939&CODE_STATE=getMsg HTTP/1.1" 200 27
114.84.37.38 - - [15/Nov/2020:10:53:24 +0800] "POST /xingrg/kc/buy/cgsh_order_operate.html HTTP/1.1" 200 12
101.85.228.137 - - [15/Nov/2020:10:53:25 +0800] "GET /xingrg/css/base.css HTTP/1.1" 304 -
101.85.228.137 - - [15/Nov/2020:10:53:25 +0800] "GET /xingrg/css/site.css HTTP/1.1" 304 -
101.85.228.137 - - [15/Nov/2020:10:53:25 +0800] "GET /xingrg/kc/buy/cgsh_order_list.html HTTP/1.1" 200 44941
101.85.228.137 - - [15/Nov/2020:10:53:25 +0800] "GET /xingrg/javascript/jquery_tools/datebox.css HTTP/1.1" 304 -
101.85.228.137 - - [15/Nov/2020:10:53:25 +0800] "GET /xingrg/javascript/easyui/themes/default/easyui.css HTTP/1.1" 304 -
101.85.228.137 - - [15/Nov/2020:10:53:25 +0800] "GET /xingrg/javascript/easyui/themes/icon.css HTTP/1.1" 304 -
101.85.228.137 - - [15/Nov/2020:10:53:25 +0800] "GET /xingrg/javascript/auto/jquery.autocomplete.css HTTP/1.1" 304 -
101.85.228.137 - - [15/Nov/2020:10:53:25 +0800] "GET /xingrg/javascript/jquery_tools/fix.css HTTP/1.1" 304 -
101.85.228.137 - - [15/Nov/2020:10:53:25 +0800] "GET /xingrg/javascript/jquery_tools/jquery.tools.min.js HTTP/1.1" 304 -
101.85.228.137 - - [15/Nov/2020:10:53:25 +0800] "GET /xingrg/javascript/jquery_tools/table.css HTTP/1.1" 304 -
101.85.228.137 - - [15/Nov/2020:10:53:25 +0800] "GET /xingrg/javascript/jquery_tools/jquery.tools.extend.js HTTP/1.1" 304 -
101.85.228.137 - - [15/Nov/2020:10:53:25 +0800] "GET /xingrg/javascript/jquery_tools/jquery.tools.hotkey.js HTTP/1.1" 304 -
101.85.228.137 - - [15/Nov/2020:10:53:25 +0800] "GET /xingrg/javascript/jquery_tools/jquery.tools.table.js HTTP/1.1" 304 -
101.85.228.137 - - [15/Nov/2020:10:53:25 +0800] "GET /xingrg/javascript/jquery_tools/list_manager.js HTTP/1.1" 304 -
101.85.228.137 - - [15/Nov/2020:10:53:25 +0800] "GET /xingrg/javascript/auto/jquery.autocomplete.js HTTP/1.1" 304 -
101.85.228.137 - - [15/Nov/2020:10:53:25 +0800] "GET /xingrg/javascript/easyui/easyloader.js HTTP/1.1" 304 -
101.85.228.137 - - [15/Nov/2020:10:53:25 +0800] "GET /xingrg/javascript/jquery.cookie.js HTTP/1.1" 304 -
101.85.228.137 - - [15/Nov/2020:10:53:25 +0800] "GET /xingrg/javascript/print/LodopFuncs.js HTTP/1.1" 304 -
101.85.228.137 - - [15/Nov/2020:10:53:25 +0800] "GET /xingrg/javascript/easyui/plugins/jquery.parser.js HTTP/1.1" 304 -
120.253.135.82 - - [15/Nov/2020:10:53:25 +0800] "GET /xingrg/all/function/internal_message.html?_=1605408843315&CODE_STATE=getMsg HTTP/1.1" 200 27
116.228.172.94 - - [15/Nov/2020:10:53:26 +0800] "GET /xingrg/kc/buy/cgsh_order_operate.html?command=get_materiel&rest_code=00107&code=00102010441&supplier_code=00100212&order_time=2020-11-15 HTTP/1.1" 200 416
114.84.37.38 - - [15/Nov/2020:10:53:26 +0800] "GET /xingrg/kc/buy/cgsh_order_info.html?code=212020111505921 HTTP/1.1" 200 55588
101.85.228.137 - - [15/Nov/2020:10:53:26 +0800] "POST /xingrg/kc/buy/cgsh_list_operate.html HTTP/1.1" 200 1691
114.88.166.242 - - [15/Nov/2020:10:53:27 +0800] "GET /xingrg/all/function/internal_message.html?_=1605408802700&CODE_STATE=getMsg HTTP/1.1" 200 27
114.88.166.242 - - [15/Nov/2020:10:53:27 +0800] "GET /xingrg/check_reg.html?_=1605408802703 HTTP/1.1" 200 22
222.69.133.109 - - [15/Nov/2020:10:53:27 +0800] "GET /xingrg/kc/buy/cgsh_order_operate.html?command=get_materiel_price&rest_code=00154&code=00101002032&unit_code=00100001&supplier_code=00100151&order_time=2020-11-15 HTTP/1.1" 200 28
117.185.32.26 - - [15/Nov/2020:10:53:28 +0800] "GET /xingrg/kc/buy/cgsh_order_operate.html?command=get_materiel&rest_code=00106&code=00101008234&supplier_code=00100007&order_time=2020-11-15 HTTP/1.1" 200 408
222.69.133.109 - - [15/Nov/2020:10:53:28 +0800] "GET /xingrg/kc/buy/cgsh_order_operate.html?command=get_materiel_price&rest_code=00154&code=00101002032&unit_code=00100001&supplier_code=00100151&order_time=2020-11-15 HTTP/1.1" 200 28
114.84.37.38 - - [15/Nov/2020:10:53:28 +0800] "GET /xingrg/javascript/easyui/themes/default/validatebox.css HTTP/1.1" 404 1104
101.85.228.137 - - [15/Nov/2020:10:53:28 +0800] "POST /xingrg/kc/buy/cgsh_list_operate.html HTTP/1.1" 200 205
114.84.37.38 - - [15/Nov/2020:10:53:28 +0800] "POST /xingrg/kc/buy/cgsh_order_operate.html HTTP/1.1" 200 608
180.174.56.115 - - [15/Nov/2020:10:53:28 +0800] "GET /xingrg/kc/buy/cgsh_order_operate.html?command=get_materiel&rest_code=00150&code=00101010209&supplier_code=00100322&order_time=2020-11-15 HTTP/1.1" 200 439
101.85.228.137 - - [15/Nov/2020:10:53:28 +0800] "GET /xingrg/kc/buy/cgsh_order_info.html?code=212020111505920 HTTP/1.1" 200 60655
101.85.228.137 - - [15/Nov/2020:10:53:28 +0800] "GET /xingrg/javascript/pic_change.js HTTP/1.1" 304 -
101.85.228.137 - - [15/Nov/2020:10:53:28 +0800] "GET /xingrg/javascript/jquery_tools/order_manager.js HTTP/1.1" 304 -
101.85.228.137 - - [15/Nov/2020:10:53:28 +0800] "GET /xingrg/javascript/convert.js HTTP/1.1" 304 -
101.85.228.137 - - [15/Nov/2020:10:53:28 +0800] "GET /xingrg/javascript/json2.js HTTP/1.1" 304 -
101.85.228.137 - - [15/Nov/2020:10:53:28 +0800] "GET /xingrg/javascript/print/kc_print.js HTTP/1.1" 304 -
101.85.228.137 - - [15/Nov/2020:10:53:28 +0800] "GET /xingrg/words/20201114125748_words.js HTTP/1.1" 304 -
101.85.228.137 - - [15/Nov/2020:10:53:29 +0800] "GET /xingrg/all/common/auto_word.html?type=employee&rest_code=00102 HTTP/1.1" 200 189
101.85.228.137 - - [15/Nov/2020:10:53:29 +0800] "GET /xingrg/all/common/auto_word.html?type=employee&rest_code=00102 HTTP/1.1" 200 189
101.85.228.137 - - [15/Nov/2020:10:53:29 +0800] "GET /xingrg/javascript/easyui/themes/default/validatebox.css HTTP/1.1" 404 1104
101.85.228.137 - - [15/Nov/2020:10:53:29 +0800] "GET /xingrg/javascript/easyui/plugins/jquery.validatebox.js HTTP/1.1" 304 -
101.85.228.137 - - [15/Nov/2020:10:53:29 +0800] "GET /xingrg/javascript/easyui/plugins/jquery.numberbox.js HTTP/1.1" 304 -
101.85.228.137 - - [15/Nov/2020:10:53:29 +0800] "POST /xingrg/kc/buy/cgsh_order_operate.html HTTP/1.1" 200 2659
114.84.37.38 - - [15/Nov/2020:10:53:30 +0800] "GET /xingrg/kc/print/load_data.html?order_code=212020111505921&kc_code=cgsh&condition= HTTP/1.1" 200 703
101.85.228.137 - - [15/Nov/2020:10:53:31 +0800] "GET /xingrg/all/function/internal_message.html?_=1605409030024&CODE_STATE=getMsg HTTP/1.1" 200 27
101.85.228.137 - - [15/Nov/2020:10:53:33 +0800] "POST /xingrg/kc/buy/cgsh_order_operate.html HTTP/1.1" 200 37
101.85.228.137 - - [15/Nov/2020:10:53:35 +0800] "POST /xingrg/kc/buy/cgsh_order_operate.html HTTP/1.1" 200 12
117.185.32.26 - - [15/Nov/2020:10:53:35 +0800] "GET /xingrg/kc/buy/cgsh_order_operate.html?command=get_materiel&rest_code=00106&code=00101008155&supplier_code=00100007&order_time=2020-11-15 HTTP/1.1" 200 408
172.17.0.100 - - [15/Nov/2020:10:53:36 +0800] "GET /xingrg/all/function/internal_message.html?_=1605408813436&CODE_STATE=getMsg HTTP/1.1" 200 27
101.85.228.137 - - [15/Nov/2020:10:53:36 +0800] "GET /xingrg/kc/buy/cgsh_order_info.html?code=212020111505920 HTTP/1.1" 200 55549
116.228.172.94 - - [15/Nov/2020:10:53:36 +0800] "GET /xingrg/check_reg.html?_=1605408812479 HTTP/1.1" 200 22
101.85.95.39 - - [15/Nov/2020:10:53:36 +0800] "GET /xingrg HTTP/1.1" 302 -
222.69.137.205 - - [15/Nov/2020:10:53:36 +0800] "GET /xingrg/all/function/internal_message.html?_=1605408812911&CODE_STATE=getMsg HTTP/1.1" 200 27
222.69.137.205 - - [15/Nov/2020:10:53:36 +0800] "GET /xingrg/check_reg.html?_=1605408812914 HTTP/1.1" 200 22
101.85.95.39 - - [15/Nov/2020:10:53:36 +0800] "GET /xingrg/index.html HTTP/1.1" 302 -
101.85.228.137 - - [15/Nov/2020:10:53:36 +0800] "GET /xingrg/javascript/easyui/themes/default/validatebox.css HTTP/1.1" 404 1104
101.85.95.39 - - [15/Nov/2020:10:53:36 +0800] "GET /favicon.ico HTTP/1.1" 404 -
101.85.95.39 - - [15/Nov/2020:10:53:36 +0800] "GET /xingrg/login.html HTTP/1.1" 200 7641
116.228.172.94 - - [15/Nov/2020:10:53:37 +0800] "GET /xingrg/all/function/internal_message.html?_=1605408813503&CODE_STATE=getMsg HTTP/1.1" 200 27
101.85.228.137 - - [15/Nov/2020:10:53:37 +0800] "POST /xingrg/kc/buy/cgsh_order_operate.html HTTP/1.1" 200 609
101.85.95.39 - - [15/Nov/2020:10:53:37 +0800] "GET /favicon.ico HTTP/1.1" 404 -
101.85.228.137 - - [15/Nov/2020:10:53:37 +0800] "GET /xingrg/kc/print/load_config.html?kc_code=cgsh HTTP/1.1" 200 1845
101.85.228.137 - - [15/Nov/2020:10:53:38 +0800] "GET /xingrg/kc/print/load_data.html?order_code=212020111505920&kc_code=cgsh&condition= HTTP/1.1" 200 695
222.69.133.109 - - [15/Nov/2020:10:53:39 +0800] "GET /xingrg/all/function/internal_message.html?_=1605408816768&CODE_STATE=getMsg HTTP/1.1" 200 27
101.85.228.137 - - [15/Nov/2020:10:53:41 +0800] "GET /xingrg/kc/buy/cgsh_order_add.html HTTP/1.1" 200 60644
172.17.0.123 - - [15/Nov/2020:10:53:42 +0800] "GET /xingrg/check_reg.html?_=1605408762464 HTTP/1.1" 200 22
101.85.228.137 - - [15/Nov/2020:10:53:42 +0800] "GET /xingrg/javascript/easyui/themes/default/validatebox.css HTTP/1.1" 404 1104
101.85.228.137 - - [15/Nov/2020:10:53:42 +0800] "POST /xingrg/kc/buy/cgsh_order_operate.html HTTP/1.1" 200 8245
101.85.228.137 - - [15/Nov/2020:10:53:43 +0800] "GET /xingrg/javascript/auto/indicator.gif HTTP/1.1" 404 1066
101.85.228.137 - - [15/Nov/2020:10:53:43 +0800] "GET /xingrg/javascript/jquery_tools/images/prev.gif HTTP/1.1" 404 1086
101.85.228.137 - - [15/Nov/2020:10:53:43 +0800] "GET /xingrg/javascript/jquery_tools/images/next.gif HTTP/1.1" 404 1086
114.88.166.242 - - [15/Nov/2020:10:53:44 +0800] "GET /xingrg/all/function/internal_message.html?_=1605408929244&CODE_STATE=getMsg HTTP/1.1" 200 27
114.84.37.38 - - [15/Nov/2020:10:53:44 +0800] "GET /xingrg/kc/buy/cgsh_order_add.html HTTP/1.1" 200 60685
117.185.32.26 - - [15/Nov/2020:10:53:45 +0800] "GET /xingrg/kc/buy/cgsh_order_operate.html?command=get_materiel&rest_code=00106&code=00101008149&supplier_code=00100007&order_time=2020-11-15 HTTP/1.1" 200 408
116.228.172.94 - - [15/Nov/2020:10:53:46 +0800] "GET /xingrg/kc/buy/cgsh_order_operate.html?command=get_materiel&rest_code=00107&code=00102010839&supplier_code=00100212&order_time=2020-11-15 HTTP/1.1" 200 420
180.174.56.115 - - [15/Nov/2020:10:53:46 +0800] "GET /xingrg/kc/buy/cgsh_order_operate.html?command=get_materiel&rest_code=00150&code=00101010534&supplier_code=00100322&order_time=2020-11-15 HTTP/1.1" 200 428
114.84.37.38 - - [15/Nov/2020:10:53:46 +0800] "POST /xingrg/kc/buy/cgsh_order_operate.html HTTP/1.1" 200 8245
114.84.37.38 - - [15/Nov/2020:10:53:47 +0800] "GET /xingrg/javascript/easyui/themes/default/validatebox.css HTTP/1.1" 404 1104
101.85.228.137 - - [15/Nov/2020:10:53:49 +0800] "GET /xingrg/kc/buy/cgsh_order_operate.html?command=get_materiel&rest_code=00102&code=00101001127&supplier_code=00100347&order_time=2020-11-15 HTTP/1.1" 200 450
101.85.228.137 - - [15/Nov/2020:10:53:50 +0800] "POST /xingrg/kc/buy/cgsh_list_operate.html HTTP/1.1" 200 5869
117.185.32.26 - - [15/Nov/2020:10:53:52 +0800] "GET /xingrg/kc/buy/cgsh_order_operate.html?command=get_materiel&rest_code=00106&code=00101008010&supplier_code=00100007&order_time=2020-11-15 HTTP/1.1" 200 412
116.232.50.120 - - [15/Nov/2020:10:53:54 +0800] "GET /xingrg/all/function/internal_message.html?_=1605408888500&CODE_STATE=getMsg HTTP/1.1" 200 27
180.162.245.190 - - [15/Nov/2020:10:53:54 +0800] "GET /xingrg/all/function/internal_message.html?_=1605408832124&CODE_STATE=getMsg HTTP/1.1" 200 27
180.174.56.115 - - [15/Nov/2020:10:53:54 +0800] "POST /xingrg/kc/buy/cgsh_order_operate.html HTTP/1.1" 200 37
172.17.200.101 - - [15/Nov/2020:10:53:58 +0800] "GET /xingrg/all/function/internal_message.html?_=1605408835140&CODE_STATE=getMsg HTTP/1.1" 200 27
117.185.32.26 - - [15/Nov/2020:10:54:00 +0800] "GET /xingrg/kc/buy/cgsh_order_operate.html?command=get_materiel&rest_code=00106&code=00101008351&supplier_code=00100007&order_time=2020-11-15 HTTP/1.1" 200 427
114.84.37.38 - - [15/Nov/2020:10:54:01 +0800] "GET /xingrg/kc/buy/cgsh_order_operate.html?command=get_materiel&rest_code=00146&code=00101002034&supplier_code=00100091&order_time=2020-11-15 HTTP/1.1" 200 409
101.85.228.137 - - [15/Nov/2020:10:54:02 +0800] "GET /xingrg/kc/buy/cgsh_order_operate.html?command=get_materiel&rest_code=00102&code=00101007074&supplier_code=00100347&order_time=2020-11-15 HTTP/1.1" 200 417
180.174.56.115 - - [15/Nov/2020:10:54:03 +0800] "POST /xingrg/kc/buy/cgsh_order_operate.html HTTP/1.1" 200 12
117.131.5.26 - - [15/Nov/2020:10:54:03 +0800] "GET /xingrg/all/function/internal_message.html?_=1605408871341&CODE_STATE=getMsg HTTP/1.1" 200 27
180.174.56.115 - - [15/Nov/2020:10:54:03 +0800] "GET /xingrg/kc/buy/cgsh_order_info.html?code=212020111505922 HTTP/1.1" 200 55500
180.174.56.115 - - [15/Nov/2020:10:54:04 +0800] "GET /xingrg/javascript/easyui/themes/default/validatebox.css HTTP/1.1" 404 1104
172.17.0.185 - - [15/Nov/2020:10:54:04 +0800] "GET /xingrg/check_reg.html?_=1605408839058 HTTP/1.1" 200 22
180.174.56.115 - - [15/Nov/2020:10:54:04 +0800] "POST /xingrg/kc/buy/cgsh_order_operate.html HTTP/1.1" 200 1243
101.85.95.39 - - [15/Nov/2020:10:54:04 +0800] "POST /xingrg/login.do HTTP/1.1" 302 -
101.85.95.39 - - [15/Nov/2020:10:54:04 +0800] "GET /xingrg/index.html?sysBaseUrl=http%3A%2F%2F180.169.147.146%3A18081%2Fxingrg%2F&costTime=42×tamp=1605408844734 HTTP/1.1" 200 17179
101.85.95.39 - - [15/Nov/2020:10:54:05 +0800] "POST /xingrg/all/common/load_tree.html?tree=area_rest_tree_json&manage=1 HTTP/1.1" 200 351
101.85.95.39 - - [15/Nov/2020:10:54:05 +0800] "GET /xingrg/all/function/internal_message.html?_=1605408584579&CODE_STATE=count HTTP/1.1" 200 11
101.85.95.39 - - [15/Nov/2020:10:54:05 +0800] "GET /xingrg/check_reg.html?_=1605408584581 HTTP/1.1" 200 22
101.85.95.39 - - [15/Nov/2020:10:54:05 +0800] "GET /favicon.ico HTTP/1.1" 404 -
101.85.95.39 - - [15/Nov/2020:10:54:05 +0800] "POST /xingrg/load_menu.html HTTP/1.1" 200 5138
180.157.253.48 - - [15/Nov/2020:10:54:05 +0800] "GET /xingrg/kc/buy/cgsh_order_operate.html?command=get_materiel&rest_code=00148&code=00101006050&supplier_code=00100324&order_time=2020-11-15 HTTP/1.1" 200 449
180.174.56.115 - - [15/Nov/2020:10:54:06 +0800] "GET /xingrg/kc/print/report_design.html?orderType=cgsh HTTP/1.1" 200 8625
180.174.56.115 - - [15/Nov/2020:10:54:06 +0800] "GET /xingrg/kc/print/design_operate.html?_=1605408842189&command=load_config&code=cgsh HTTP/1.1" 200 2747
180.174.56.115 - - [15/Nov/2020:10:54:06 +0800] "GET /favicon.ico HTTP/1.1" 404 -
117.185.32.26 - - [15/Nov/2020:10:54:08 +0800] "GET /xingrg/kc/buy/cgsh_order_operate.html?command=get_materiel&rest_code=00106&code=00101008110&supplier_code=00100007&order_time=2020-11-15 HTTP/1.1" 200 409
180.174.56.115 - - [15/Nov/2020:10:54:08 +0800] "GET /xingrg/kc/print/load_data.html?order_code=212020111505922&kc_code=cgsh&condition= HTTP/1.1" 200 977
101.85.228.137 - - [15/Nov/2020:10:54:10 +0800] "POST /xingrg/kc/buy/cgsh_order_operate.html HTTP/1.1" 200 37
180.174.56.115 - - [15/Nov/2020:10:54:12 +0800] "GET /xingrg/kc/buy/cgsh_order_add.html HTTP/1.1" 200 60603
180.174.56.115 - - [15/Nov/2020:10:54:12 +0800] "GET /xingrg/javascript/easyui/themes/default/validatebox.css HTTP/1.1" 404 1104
101.85.95.39 - - [15/Nov/2020:10:54:12 +0800] "GET /xingrg/kc/base/wldb_order_list.html HTTP/1.1" 200 19424
180.174.56.115 - - [15/Nov/2020:10:54:13 +0800] "POST /xingrg/kc/buy/cgsh_order_operate.html HTTP/1.1" 200 8245
180.171.125.150 - - [15/Nov/2020:10:54:13 +0800] "GET /xingrg/all/function/internal_message.html?_=1605408849052&CODE_STATE=getMsg HTTP/1.1" 200 27
101.85.95.39 - - [15/Nov/2020:10:54:13 +0800] "POST /xingrg/kc/base/wldb_list_operate.html HTTP/1.1" 200 2192
116.228.172.94 - - [15/Nov/2020:10:54:14 +0800] "POST /xingrg/kc/buy/cgsh_order_operate.html HTTP/1.1" 200 37
101.85.228.137 - - [15/Nov/2020:10:54:14 +0800] "POST /xingrg/kc/buy/cgsh_order_operate.html HTTP/1.1" 200 12
114.84.37.38 - - [15/Nov/2020:10:54:15 +0800] "GET /xingrg/kc/buy/cgsh_order_operate.html?command=get_materiel&rest_code=00146&code=00101003037&supplier_code=00100091&order_time=2020-11-15 HTTP/1.1" 200 415
117.185.32.26 - - [15/Nov/2020:10:54:16 +0800] "GET /xingrg/kc/buy/cgsh_order_operate.html?command=get_materiel&rest_code=00106&code=00101008096&supplier_code=00100007&order_time=2020-11-15 HTTP/1.1" 200 413
180.174.56.115 - - [15/Nov/2020:10:54:16 +0800] "GET /xingrg/check_reg.html?_=1605408851830 HTTP/1.1" 200 22
180.174.56.115 - - [15/Nov/2020:10:54:16 +0800] "GET /xingrg/all/function/internal_message.html?_=1605408851878&CODE_STATE=getMsg HTTP/1.1" 200 27
116.228.172.94 - - [15/Nov/2020:10:54:16 +0800] "POST /xingrg/kc/buy/cgsh_order_operate.html HTTP/1.1" 200 12
101.85.228.137 - - [15/Nov/2020:10:54:16 +0800] "GET /xingrg/kc/buy/cgsh_order_info.html?code=212020111505923 HTTP/1.1" 200 55539
101.85.228.137 - - [15/Nov/2020:10:54:16 +0800] "GET /xingrg/javascript/easyui/themes/default/validatebox.css HTTP/1.1" 404 1104
101.85.228.137 - - [15/Nov/2020:10:54:17 +0800] "POST /xingrg/kc/buy/cgsh_order_operate.html HTTP/1.1" 200 1223
116.228.172.94 - - [15/Nov/2020:10:54:17 +0800] "GET /xingrg/kc/buy/cgsh_order_info.html?code=212020111505924 HTTP/1.1" 200 55660
116.228.172.94 - - [15/Nov/2020:10:54:18 +0800] "GET /xingrg/javascript/easyui/themes/default/validatebox.css HTTP/1.1" 404 1104
101.85.228.137 - - [15/Nov/2020:10:54:18 +0800] "GET /xingrg/kc/print/load_data.html?order_code=212020111505923&kc_code=cgsh&condition= HTTP/1.1" 200 934
116.228.172.94 - - [15/Nov/2020:10:54:18 +0800] "POST /xingrg/kc/buy/cgsh_order_operate.html HTTP/1.1" 200 4809
180.174.56.115 - - [15/Nov/2020:10:54:20 +0800] "GET /xingrg/kc/buy/cgsh_order_operate.html?command=get_materiel&rest_code=00150&code=00101008147&supplier_code=00100347&order_time=2020-11-15 HTTP/1.1" 200 416
116.228.172.94 - - [15/Nov/2020:10:54:20 +0800] "GET /xingrg/kc/print/load_data.html?order_code=212020111505924&kc_code=cgsh&condition= HTTP/1.1" 200 2315
114.88.166.242 - - [15/Nov/2020:10:54:21 +0800] "GET /xingrg/all/function/internal_message.html?_=1605408851344&CODE_STATE=getMsg HTTP/1.1" 200 27
117.184.7.26 - - [15/Nov/2020:10:54:21 +0800] "GET /xingrg/all/function/internal_message.html?_=1605408857421&CODE_STATE=getMsg HTTP/1.1" 200 27
101.85.228.137 - - [15/Nov/2020:10:54:21 +0800] "POST /xingrg/kc/buy/cgsh_list_operate.html HTTP/1.1" 200 5869
117.184.7.26 - - [15/Nov/2020:10:54:22 +0800] "GET /xingrg/check_reg.html?_=1605408858206 HTTP/1.1" 200 22
101.85.228.137 - - [15/Nov/2020:10:54:23 +0800] "GET /xingrg/all/function/internal_message.html?_=1605408861229&CODE_STATE=getMsg HTTP/1.1" 200 27
117.185.32.26 - - [15/Nov/2020:10:54:23 +0800] "GET /xingrg/kc/buy/cgsh_order_operate.html?command=get_materiel&rest_code=00106&code=00101008038&supplier_code=00100007&order_time=2020-11-15 HTTP/1.1" 200 413
117.185.32.26 - - [15/Nov/2020:10:54:24 +0800] "GET /xingrg/all/function/internal_message.html?_=1605408859921&CODE_STATE=getMsg HTTP/1.1" 200 27
120.253.135.82 - - [15/Nov/2020:10:54:25 +0800] "GET /xingrg/all/function/internal_message.html?_=1605408903336&CODE_STATE=getMsg HTTP/1.1" 200 27
101.85.228.137 - - [15/Nov/2020:10:54:26 +0800] "POST /xingrg/kc/buy/cgsh_list_operate.html HTTP/1.1" 200 6031
180.174.56.115 - - [15/Nov/2020:10:54:27 +0800] "GET /xingrg/kc/buy/cgsh_order_operate.html?command=get_materiel&rest_code=00150&code=00101008037&supplier_code=00100347&order_time=2020-11-15 HTTP/1.1" 200 413
114.88.166.242 - - [15/Nov/2020:10:54:27 +0800] "GET /xingrg/all/function/internal_message.html?_=1605408862702&CODE_STATE=getMsg HTTP/1.1" 200 27
101.85.228.137 - - [15/Nov/2020:10:54:31 +0800] "GET /xingrg/all/function/internal_message.html?_=1605409090038&CODE_STATE=getMsg HTTP/1.1" 200 27
114.84.37.38 - - [15/Nov/2020:10:54:31 +0800] "POST /xingrg/kc/buy/cgsh_order_operate.html HTTP/1.1" 200 37
117.185.32.26 - - [15/Nov/2020:10:54:32 +0800] "GET /xingrg/kc/buy/cgsh_order_operate.html?command=get_materiel&rest_code=00106&code=00101008163&supplier_code=00100007&order_time=2020-11-15 HTTP/1.1" 200 409
101.85.228.137 - - [15/Nov/2020:10:54:32 +0800] "POST /xingrg/kc/buy/cgsh_list_operate.html HTTP/1.1" 200 213
114.84.37.38 - - [15/Nov/2020:10:54:34 +0800] "POST /xingrg/kc/buy/cgsh_order_operate.html HTTP/1.1" 200 12
114.84.37.38 - - [15/Nov/2020:10:54:35 +0800] "GET /xingrg/kc/buy/cgsh_order_info.html?code=212020111505925 HTTP/1.1" 200 55592
172.17.0.100 - - [15/Nov/2020:10:54:36 +0800] "GET /xingrg/all/function/internal_message.html?_=1605408873447&CODE_STATE=getMsg HTTP/1.1" 200 27
222.69.137.205 - - [15/Nov/2020:10:54:36 +0800] "GET /xingrg/all/function/internal_message.html?_=1605408872913&CODE_STATE=getMsg HTTP/1.1" 200 27
180.174.56.115 - - [15/Nov/2020:10:54:36 +0800] "GET /xingrg/kc/buy/cgsh_order_operate.html?command=get_materiel&rest_code=00150&code=00101008030&supplier_code=00100347&order_time=2020-11-15 HTTP/1.1" 200 416
114.84.37.38 - - [15/Nov/2020:10:54:36 +0800] "GET /xingrg/javascript/easyui/themes/default/validatebox.css HTTP/1.1" 404 1104
116.228.172.94 - - [15/Nov/2020:10:54:37 +0800] "GET /xingrg/all/function/internal_message.html?_=1605408873476&CODE_STATE=getMsg HTTP/1.1" 200 27
114.84.37.38 - - [15/Nov/2020:10:54:37 +0800] "POST /xingrg/kc/buy/cgsh_order_operate.html HTTP/1.1" 200 1205
222.69.133.109 - - [15/Nov/2020:10:54:39 +0800] "GET /xingrg/all/function/internal_message.html?_=1605408876756&CODE_STATE=getMsg HTTP/1.1" 200 27
114.84.37.38 - - [15/Nov/2020:10:54:40 +0800] "GET /xingrg/kc/print/load_data.html?order_code=212020111505925&kc_code=cgsh&condition= HTTP/1.1" 200 1013
101.85.228.137 - - [15/Nov/2020:10:54:42 +0800] "POST /xingrg/kc/buy/cgsh_list_operate.html HTTP/1.1" 200 5923
114.88.166.242 - - [15/Nov/2020:10:54:44 +0800] "GET /xingrg/all/function/internal_message.html?_=1605408989227&CODE_STATE=getMsg HTTP/1.1" 200 27
114.88.166.242 - - [15/Nov/2020:10:54:44 +0800] "GET /xingrg/check_reg.html?_=1605408989635 HTTP/1.1" 200 22
101.85.228.137 - - [15/Nov/2020:10:54:44 +0800] "GET /xingrg/kc/buy/cgsh_order_list.html HTTP/1.1" 200 44941
101.85.228.137 - - [15/Nov/2020:10:54:45 +0800] "POST /xingrg/kc/buy/cgsh_list_operate.html HTTP/1.1" 200 876
180.174.56.115 - - [15/Nov/2020:10:54:47 +0800] "GET /xingrg/kc/buy/cgsh_order_operate.html?command=get_materiel&rest_code=00150&code=00101001045&supplier_code=00100347&order_time=2020-11-15 HTTP/1.1" 200 423
101.85.228.137 - - [15/Nov/2020:10:54:48 +0800] "GET /xingrg/kc/base/check_order_list.html HTTP/1.1" 200 16543
101.85.228.137 - - [15/Nov/2020:10:54:48 +0800] "POST /xingrg/kc/base/check_list_operate.html HTTP/1.1" 200 781
101.85.228.137 - - [15/Nov/2020:10:54:48 +0800] "POST /xingrg/kc/buy/cgsh_list_operate.html HTTP/1.1" 200 205
101.85.228.137 - - [15/Nov/2020:10:54:49 +0800] "GET /xingrg/kc/base/wldb_order_list.html HTTP/1.1" 200 19418
101.85.228.137 - - [15/Nov/2020:10:54:49 +0800] "POST /xingrg/kc/base/wldb_list_operate.html HTTP/1.1" 200 928
180.157.253.48 - - [15/Nov/2020:10:54:49 +0800] "GET /xingrg/check_reg.html?_=1605408885397 HTTP/1.1" 200 22
117.185.32.26 - - [15/Nov/2020:10:54:49 +0800] "GET /xingrg/kc/buy/cgsh_order_operate.html?command=get_materiel&rest_code=00106&code=00101008355&supplier_code=00100007&order_time=2020-11-15 HTTP/1.1" 200 408
116.232.50.120 - - [15/Nov/2020:10:54:51 +0800] "GET /xingrg/all/function/internal_message.html?_=1605408948500&CODE_STATE=getMsg HTTP/1.1" 200 27
180.162.245.190 - - [15/Nov/2020:10:54:54 +0800] "GET /xingrg/all/function/internal_message.html?_=1605408892101&CODE_STATE=getMsg HTTP/1.1" 200 27
101.85.228.137 - - [15/Nov/2020:10:54:54 +0800] "POST /xingrg/kc/base/wldb_list_operate.html HTTP/1.1" 200 928
101.85.228.137 - - [15/Nov/2020:10:54:54 +0800] "POST /xingrg/kc/buy/cgsh_list_operate.html HTTP/1.1" 200 293
101.85.228.137 - - [15/Nov/2020:10:54:55 +0800] "POST /xingrg/kc/base/wldb_list_operate.html HTTP/1.1" 200 928
117.185.32.26 - - [15/Nov/2020:10:54:57 +0800] "GET /xingrg/kc/buy/cgsh_order_operate.html?command=get_materiel&rest_code=00106&code=00101008264&supplier_code=00100007&order_time=2020-11-15 HTTP/1.1" 200 412
101.85.228.137 - - [15/Nov/2020:10:54:57 +0800] "POST /xingrg/kc/base/wldb_list_operate.html HTTP/1.1" 200 928
172.17.200.101 - - [15/Nov/2020:10:54:58 +0800] "GET /xingrg/all/function/internal_message.html?_=1605408895138&CODE_STATE=getMsg HTTP/1.1" 200 27
101.85.228.137 - - [15/Nov/2020:10:55:00 +0800] "GET /xingrg/kc/buy/cgsh_order_list.html HTTP/1.1" 200 44941
180.174.56.115 - - [15/Nov/2020:10:55:02 +0800] "POST /xingrg/kc/buy/cgsh_order_operate.html HTTP/1.1" 200 37
117.131.5.26 - - [15/Nov/2020:10:55:03 +0800] "GET /xingrg/all/function/internal_message.html?_=1605408931338&CODE_STATE=getMsg HTTP/1.1" 200 27
180.157.253.48 - - [15/Nov/2020:10:55:03 +0800] "POST /xingrg/kc/buy/cgsh_order_operate.html HTTP/1.1" 200 37
101.85.228.137 - - [15/Nov/2020:10:55:03 +0800] "POST /xingrg/kc/buy/cgsh_list_operate.html HTTP/1.1" 200 876
117.185.32.26 - - [15/Nov/2020:10:55:04 +0800] "GET /xingrg/kc/buy/cgsh_order_operate.html?command=get_materiel&rest_code=00106&code=00101008024&supplier_code=00100007&order_time=2020-11-15 HTTP/1.1" 200 408
101.85.95.39 - - [15/Nov/2020:10:55:05 +0800] "GET /xingrg/all/function/internal_message.html?_=1605408644605&CODE_STATE=getMsg HTTP/1.1" 200 27
180.174.56.115 - - [15/Nov/2020:10:55:05 +0800] "POST /xingrg/kc/buy/cgsh_order_operate.html HTTP/1.1" 200 12
180.157.253.48 - - [15/Nov/2020:10:55:05 +0800] "POST /xingrg/kc/buy/cgsh_order_operate.html HTTP/1.1" 200 2694
114.84.37.38 - - [15/Nov/2020:10:55:05 +0800] "GET /xingrg/kc/buy/cgsh_order_add.html HTTP/1.1" 200 60685
180.174.56.115 - - [15/Nov/2020:10:55:05 +0800] "GET /xingrg/kc/buy/cgsh_order_info.html?code=212020111505926 HTTP/1.1" 200 55498
101.85.228.137 - - [15/Nov/2020:10:55:06 +0800] "POST /xingrg/kc/buy/cgsh_list_operate.html HTTP/1.1" 200 6031
180.174.56.115 - - [15/Nov/2020:10:55:06 +0800] "GET /xingrg/javascript/easyui/themes/default/validatebox.css HTTP/1.1" 404 1104
180.174.56.115 - - [15/Nov/2020:10:55:06 +0800] "POST /xingrg/kc/buy/cgsh_order_operate.html HTTP/1.1" 200 2403
114.84.37.38 - - [15/Nov/2020:10:55:07 +0800] "GET /xingrg/check_reg.html?_=1605408933573 HTTP/1.1" 200 22
114.84.37.38 - - [15/Nov/2020:10:55:07 +0800] "POST /xingrg/kc/buy/cgsh_order_operate.html HTTP/1.1" 200 8245
114.84.37.38 - - [15/Nov/2020:10:55:07 +0800] "GET /xingrg/javascript/easyui/themes/default/validatebox.css HTTP/1.1" 404 1104
180.157.253.48 - - [15/Nov/2020:10:55:07 +0800] "GET /xingrg/kc/buy/cgsh_order_add.html HTTP/1.1" 200 60685
180.174.56.115 - - [15/Nov/2020:10:55:07 +0800] "GET /xingrg/kc/print/load_data.html?order_code=212020111505926&kc_code=cgsh&condition= HTTP/1.1" 200 1392
180.157.253.48 - - [15/Nov/2020:10:55:08 +0800] "POST /xingrg/kc/buy/cgsh_order_operate.html HTTP/1.1" 200 8245
180.157.253.48 - - [15/Nov/2020:10:55:08 +0800] "GET /xingrg/javascript/easyui/themes/default/validatebox.css HTTP/1.1" 404 1104
117.185.32.26 - - [15/Nov/2020:10:55:10 +0800] "GET /xingrg/kc/buy/cgsh_order_operate.html?command=get_materiel&rest_code=00106&code=00101008356&supplier_code=00100007&order_time=2020-11-15 HTTP/1.1" 200 408
120.253.135.82 - - [15/Nov/2020:10:55:10 +0800] "GET /xingrg/check_reg.html?_=1605408948507 HTTP/1.1" 200 22
101.85.228.137 - - [15/Nov/2020:10:55:11 +0800] "POST /xingrg/kc/buy/cgsh_list_operate.html HTTP/1.1" 200 5869
180.171.125.150 - - [15/Nov/2020:10:55:13 +0800] "GET /xingrg/all/function/internal_message.html?_=1605408909062&CODE_STATE=getMsg HTTP/1.1" 200 27
180.174.56.115 - - [15/Nov/2020:10:55:14 +0800] "POST /xingrg/all/user/operate.html HTTP/1.1" 200 36
180.174.56.115 - - [15/Nov/2020:10:55:14 +0800] "GET /xingrg/index.html?sysBaseUrl=http%3A%2F%2F180.169.147.146%3A18081%2Fxingrg%2F&costTime=43×tamp=1605401827448 HTTP/1.1" 200 17177
180.174.56.115 - - [15/Nov/2020:10:55:14 +0800] "GET /xingrg/javascript/jquery_easy_ui/themes/default/easyui.css HTTP/1.1" 304 -
180.174.56.115 - - [15/Nov/2020:10:55:14 +0800] "GET /xingrg/javascript/jquery_easy_ui/themes/icon.css HTTP/1.1" 304 -
180.174.56.115 - - [15/Nov/2020:10:55:14 +0800] "GET /xingrg/css/form.css HTTP/1.1" 304 -
180.174.56.115 - - [15/Nov/2020:10:55:14 +0800] "GET /xingrg/javascript/jquery-1.4.2.min.js HTTP/1.1" 304 -
180.174.56.115 - - [15/Nov/2020:10:55:14 +0800] "GET /xingrg/javascript/jquery_easy_ui/jquery.easyui.min.js HTTP/1.1" 304 -
180.174.56.115 - - [15/Nov/2020:10:55:14 +0800] "GET /xingrg/javascript/jquery_easy_ui/easyui-lang-zh_CN.js HTTP/1.1" 304 -
180.174.56.115 - - [15/Nov/2020:10:55:14 +0800] "GET /xingrg/javascript/jquery.form.js HTTP/1.1" 304 -
180.174.56.115 - - [15/Nov/2020:10:55:14 +0800] "GET /xingrg/javascript/jquery.utils.js HTTP/1.1" 304 -
180.174.56.115 - - [15/Nov/2020:10:55:14 +0800] "GET /xingrg/javascript/jquery.timers.js HTTP/1.1" 304 -
180.174.56.115 - - [15/Nov/2020:10:55:14 +0800] "GET /xingrg/images/blue/jxLogo.png HTTP/1.1" 304 -
180.174.56.115 - - [15/Nov/2020:10:55:14 +0800] "GET /xingrg/images/blue/navBackgound.jpg HTTP/1.1" 304 -
180.174.56.115 - - [15/Nov/2020:10:55:14 +0800] "GET /xingrg/javascript/jquery_easy_ui/themes/icons/settle_new.png HTTP/1.1" 304 -
180.174.56.115 - - [15/Nov/2020:10:55:14 +0800] "POST /xingrg/all/common/load_tree.html?tree=area_rest_tree_json&manage=1 HTTP/1.1" 200 476
180.174.56.115 - - [15/Nov/2020:10:55:14 +0800] "GET /xingrg/all/function/internal_message.html?_=1605408910385&CODE_STATE=count HTTP/1.1" 200 11
180.174.56.115 - - [15/Nov/2020:10:55:14 +0800] "GET /xingrg/check_reg.html?_=1605408910386 HTTP/1.1" 200 22
180.174.56.115 - - [15/Nov/2020:10:55:14 +0800] "GET /xingrg/javascript/jquery_easy_ui/themes/default/images/tabs_leftarrow.png HTTP/1.1" 304 -
180.174.56.115 - - [15/Nov/2020:10:55:14 +0800] "GET /xingrg/javascript/jquery_easy_ui/themes/default/images/tabs_rightarrow.png HTTP/1.1" 304 -
180.174.56.115 - - [15/Nov/2020:10:55:14 +0800] "GET /xingrg/images/blue/pingpu.png HTTP/1.1" 304 -
180.174.56.115 - - [15/Nov/2020:10:55:14 +0800] "GET /xingrg/javascript/jquery_easy_ui/themes/default/images/panel_tool_collapse.gif HTTP/1.1" 304 -
180.174.56.115 - - [15/Nov/2020:10:55:14 +0800] "POST /xingrg/load_menu.html HTTP/1.1" 200 5138
180.174.56.115 - - [15/Nov/2020:10:55:16 +0800] "GET /xingrg/kc/buy/cgsh_order_list.html HTTP/1.1" 200 44945
117.185.32.26 - - [15/Nov/2020:10:55:16 +0800] "GET /xingrg/kc/buy/cgsh_order_operate.html?command=get_materiel&rest_code=00106&code=00101008272&supplier_code=00100007&order_time=2020-11-15 HTTP/1.1" 200 412
180.174.56.115 - - [15/Nov/2020:10:55:17 +0800] "POST /xingrg/kc/buy/cgsh_list_operate.html HTTP/1.1" 200 876
180.174.56.115 - - [15/Nov/2020:10:55:17 +0800] "GET /xingrg/kc/buy/cgsh_order_add.html HTTP/1.1" 200 60321
180.174.56.115 - - [15/Nov/2020:10:55:18 +0800] "POST /xingrg/kc/buy/cgsh_order_operate.html HTTP/1.1" 200 8245
180.174.56.115 - - [15/Nov/2020:10:55:18 +0800] "GET /xingrg/javascript/easyui/themes/default/validatebox.css HTTP/1.1" 404 1104
180.174.56.115 - - [15/Nov/2020:10:55:19 +0800] "GET /xingrg/javascript/auto/indicator.gif HTTP/1.1" 404 1066
114.88.166.242 - - [15/Nov/2020:10:55:21 +0800] "GET /xingrg/all/function/internal_message.html?_=1605408911405&CODE_STATE=getMsg HTTP/1.1" 200 27
117.184.7.26 - - [15/Nov/2020:10:55:21 +0800] "GET /xingrg/all/function/internal_message.html?_=1605408917396&CODE_STATE=getMsg HTTP/1.1" 200 27
