180.157.253.48 - - [15/Nov/2020:09:03:10 +0800] "GET /xingrg/all/function/internal_message.html?_=1605402186816&CODE_STATE=getMsg HTTP/1.1" 200 27
180.174.56.115 - - [15/Nov/2020:09:03:11 +0800] "GET /xingrg/all/function/internal_message.html?_=1605402187274&CODE_STATE=getMsg HTTP/1.1" 200 27
114.88.166.242 - - [15/Nov/2020:09:03:13 +0800] "GET /xingrg/kc/buy/cgsh_order_operate.html?command=get_materiel&rest_code=00111&code=00101009011&supplier_code=00100037&order_time=2020-11-15 HTTP/1.1" 200 416
114.88.166.242 - - [15/Nov/2020:09:03:18 +0800] "GET /xingrg/all/function/internal_message.html?_=1605402188276&CODE_STATE=getMsg HTTP/1.1" 200 27
120.253.135.82 - - [15/Nov/2020:09:03:18 +0800] "GET /xingrg/all/function/internal_message.html?_=1605401942671&CODE_STATE=getMsg HTTP/1.1" 200 27
180.162.245.190 - - [15/Nov/2020:09:03:18 +0800] "GET /xingrg/kc/buy/cgsh_order_operate.html?command=get_materiel&rest_code=00105&code=00101008137&supplier_code=00100203&order_time=2020-11-15 HTTP/1.1" 200 408
101.85.228.137 - - [15/Nov/2020:09:03:19 +0800] "POST /xingrg/services/DataTransmitService HTTP/1.1" 200 524
116.228.172.94 - - [15/Nov/2020:09:03:20 +0800] "GET /xingrg/kc/buy/cgsh_order_operate.html?command=get_materiel&rest_code=00107&code=00101008312&supplier_code=00100006&order_time=2020-11-15 HTTP/1.1" 200 412
120.253.135.82 - - [15/Nov/2020:09:03:23 +0800] "GET /xingrg/all/function/internal_message.html?_=1605402241666&CODE_STATE=getMsg HTTP/1.1" 200 27
114.88.166.242 - - [15/Nov/2020:09:03:24 +0800] "GET /xingrg/kc/buy/cgsh_order_operate.html?command=get_materiel&rest_code=00111&code=00101008200&supplier_code=00100037&order_time=2020-11-15 HTTP/1.1" 200 412
180.162.245.190 - - [15/Nov/2020:09:03:25 +0800] "GET /xingrg/kc/buy/cgsh_order_operate.html?command=get_materiel&rest_code=00105&code=00101008059&supplier_code=00100203&order_time=2020-11-15 HTTP/1.1" 200 408
114.88.166.242 - - [15/Nov/2020:09:03:26 +0800] "GET /xingrg/check_reg.html?_=1605402202571 HTTP/1.1" 200 22
114.88.166.242 - - [15/Nov/2020:09:03:27 +0800] "GET /xingrg/all/function/internal_message.html?_=1605402202599&CODE_STATE=getMsg HTTP/1.1" 200 27
101.85.228.137 - - [15/Nov/2020:09:03:27 +0800] "GET /xingrg/all/function/internal_message.html?_=1605402425816&CODE_STATE=getMsg HTTP/1.1" 200 27
222.69.137.205 - - [15/Nov/2020:09:03:32 +0800] "GET /xingrg/index.html?sysBaseUrl=http%3A%2F%2F180.169.147.146%3A18081%2Fxingrg%2F&costTime=52×tamp=1591679117969 HTTP/1.1" 302 -
222.69.137.205 - - [15/Nov/2020:09:03:32 +0800] "GET /xingrg/login.html HTTP/1.1" 200 7641
222.69.137.205 - - [15/Nov/2020:09:03:32 +0800] "GET /favicon.ico HTTP/1.1" 404 -
180.174.56.115 - - [15/Nov/2020:09:03:34 +0800] "POST /xingrg/kc/buy/cgsh_order_operate.html HTTP/1.1" 200 2065
222.69.137.205 - - [15/Nov/2020:09:03:36 +0800] "POST /xingrg/login.do HTTP/1.1" 302 -
116.228.172.94 - - [15/Nov/2020:09:03:36 +0800] "GET /xingrg/check_reg.html?_=1605402212318 HTTP/1.1" 200 22
222.69.137.205 - - [15/Nov/2020:09:03:36 +0800] "GET /xingrg/index.html?sysBaseUrl=http%3A%2F%2F180.169.147.146%3A18081%2Fxingrg%2F&costTime=163×tamp=1605402216243 HTTP/1.1" 200 17179
222.69.137.205 - - [15/Nov/2020:09:03:36 +0800] "GET /favicon.ico HTTP/1.1" 404 -
222.69.137.205 - - [15/Nov/2020:09:03:36 +0800] "POST /xingrg/all/common/load_tree.html?tree=area_rest_tree_json&manage=1 HTTP/1.1" 200 351
222.69.137.205 - - [15/Nov/2020:09:03:36 +0800] "GET /xingrg/all/function/internal_message.html?_=1605402212744&CODE_STATE=count HTTP/1.1" 200 11
222.69.137.205 - - [15/Nov/2020:09:03:36 +0800] "GET /xingrg/check_reg.html?_=1605402212746 HTTP/1.1" 200 22
222.69.137.205 - - [15/Nov/2020:09:03:36 +0800] "POST /xingrg/load_menu.html HTTP/1.1" 200 5138
116.228.172.94 - - [15/Nov/2020:09:03:37 +0800] "GET /xingrg/all/function/internal_message.html?_=1605402213478&CODE_STATE=getMsg HTTP/1.1" 200 27
114.88.166.242 - - [15/Nov/2020:09:03:40 +0800] "GET /xingrg/kc/buy/cgsh_order_operate.html?command=get_materiel&rest_code=00111&code=00101008123&supplier_code=00100037&order_time=2020-11-15 HTTP/1.1" 200 412
116.228.172.94 - - [15/Nov/2020:09:03:41 +0800] "GET /xingrg/kc/buy/cgsh_order_operate.html?command=get_materiel&rest_code=00107&code=00101008358&supplier_code=00100006&order_time=2020-11-15 HTTP/1.1" 200 412
180.162.245.190 - - [15/Nov/2020:09:03:49 +0800] "POST /xingrg/services/DataTransmitService HTTP/1.1" 200 524
180.174.56.115 - - [15/Nov/2020:09:03:50 +0800] "GET /xingrg/kc/buy/cgsh_order_operate.html?command=get_materiel&rest_code=00150&code=00101008337&supplier_code=00100007&order_time=2020-11-15 HTTP/1.1" 200 408
114.88.166.242 - - [15/Nov/2020:09:03:51 +0800] "GET /xingrg/kc/buy/cgsh_order_operate.html?command=get_materiel&rest_code=00111&code=00101008284&supplier_code=00100037&order_time=2020-11-15 HTTP/1.1" 200 412
180.162.245.190 - - [15/Nov/2020:09:03:56 +0800] "GET /xingrg/all/function/internal_message.html?_=1605402233825&CODE_STATE=getMsg HTTP/1.1" 200 27
180.174.56.115 - - [15/Nov/2020:09:03:57 +0800] "GET /xingrg/kc/buy/cgsh_order_operate.html?command=get_materiel&rest_code=00150&code=00101008350&supplier_code=00100007&order_time=2020-11-15 HTTP/1.1" 200 408
114.88.166.242 - - [15/Nov/2020:09:03:59 +0800] "GET /xingrg/all/function/internal_message.html?_=1605402344020&CODE_STATE=getMsg HTTP/1.1" 200 27
180.162.245.190 - - [15/Nov/2020:09:03:59 +0800] "POST /xingrg/kc/buy/cgsh_order_operate.html HTTP/1.1" 200 2065
114.88.166.242 - - [15/Nov/2020:09:03:59 +0800] "GET /xingrg/kc/buy/cgsh_order_operate.html?command=get_materiel&rest_code=00111&code=00101015044&supplier_code=00100037&order_time=2020-11-15 HTTP/1.1" 200 408
180.162.245.190 - - [15/Nov/2020:09:04:01 +0800] "POST /xingrg/kc/buy/cgsh_order_operate.html HTTP/1.1" 200 2065
180.162.245.190 - - [15/Nov/2020:09:04:02 +0800] "POST /xingrg/kc/buy/cgsh_order_operate.html HTTP/1.1" 200 2065
172.17.0.185 - - [15/Nov/2020:09:04:04 +0800] "GET /xingrg/check_reg.html?_=1605402239527 HTTP/1.1" 200 22
222.69.137.205 - - [15/Nov/2020:09:04:05 +0800] "GET /xingrg/kc/buy/cgsh_order_list.html HTTP/1.1" 200 44947
180.174.56.115 - - [15/Nov/2020:09:04:06 +0800] "GET /xingrg/kc/buy/cgsh_order_operate.html?command=get_materiel&rest_code=00150&code=00101008041&supplier_code=00100007&order_time=2020-11-15 HTTP/1.1" 200 408
222.69.137.205 - - [15/Nov/2020:09:04:06 +0800] "POST /xingrg/kc/buy/cgsh_list_operate.html HTTP/1.1" 200 876
114.88.166.242 - - [15/Nov/2020:09:04:08 +0800] "GET /xingrg/kc/buy/cgsh_order_operate.html?command=get_materiel&rest_code=00111&code=00102014046&supplier_code=00100037&order_time=2020-11-15 HTTP/1.1" 200 409
180.162.245.190 - - [15/Nov/2020:09:04:10 +0800] "GET /xingrg/kc/buy/cgsh_order_operate.html?command=get_materiel&rest_code=00105&code=00101008353&supplier_code=00100203&order_time=2020-11-15 HTTP/1.1" 200 408
180.157.253.48 - - [15/Nov/2020:09:04:10 +0800] "GET /xingrg/all/function/internal_message.html?_=1605402246815&CODE_STATE=getMsg HTTP/1.1" 200 27
180.174.56.115 - - [15/Nov/2020:09:04:11 +0800] "GET /xingrg/all/function/internal_message.html?_=1605402247256&CODE_STATE=getMsg HTTP/1.1" 200 27
180.162.245.190 - - [15/Nov/2020:09:04:16 +0800] "GET /xingrg/kc/buy/cgsh_order_operate.html?command=get_materiel&rest_code=00105&code=00101008213&supplier_code=00100203&order_time=2020-11-15 HTTP/1.1" 200 412
114.88.166.242 - - [15/Nov/2020:09:04:18 +0800] "GET /xingrg/all/function/internal_message.html?_=1605402248290&CODE_STATE=getMsg HTTP/1.1" 200 27
120.253.135.82 - - [15/Nov/2020:09:04:18 +0800] "GET /xingrg/all/function/internal_message.html?_=1605402002684&CODE_STATE=getMsg HTTP/1.1" 200 27
114.84.37.38 - - [15/Nov/2020:09:04:20 +0800] "POST /xingrg/kc/buy/cgsh_order_operate.html HTTP/1.1" 200 37
180.157.253.48 - - [15/Nov/2020:09:04:21 +0800] "GET /xingrg/kc/buy/cgsh_order_operate.html?command=get_materiel&rest_code=00148&code=00101020051&supplier_code=00100010&order_time=2020-11-15 HTTP/1.1" 200 424
114.84.37.38 - - [15/Nov/2020:09:04:23 +0800] "POST /xingrg/kc/buy/cgsh_order_operate.html HTTP/1.1" 200 48184
120.253.135.82 - - [15/Nov/2020:09:04:23 +0800] "GET /xingrg/all/function/internal_message.html?_=1605402301685&CODE_STATE=getMsg HTTP/1.1" 200 27
114.88.166.242 - - [15/Nov/2020:09:04:26 +0800] "GET /xingrg/all/function/internal_message.html?_=1605402262599&CODE_STATE=getMsg HTTP/1.1" 200 27
101.85.228.137 - - [15/Nov/2020:09:04:27 +0800] "GET /xingrg/all/function/internal_message.html?_=1605402485834&CODE_STATE=getMsg HTTP/1.1" 200 27
180.162.245.190 - - [15/Nov/2020:09:04:28 +0800] "GET /xingrg/kc/buy/cgsh_order_operate.html?command=get_materiel&rest_code=00105&code=00101008350&supplier_code=00100203&order_time=2020-11-15 HTTP/1.1" 200 408
114.84.37.38 - - [15/Nov/2020:09:04:30 +0800] "GET /xingrg/kc/print/load_data.html?order_code=212020111505768&kc_code=cgsh&condition= HTTP/1.1" 200 17909
180.174.56.115 - - [15/Nov/2020:09:04:34 +0800] "POST /xingrg/kc/buy/cgsh_order_operate.html HTTP/1.1" 200 37
180.157.253.48 - - [15/Nov/2020:09:04:36 +0800] "GET /xingrg/kc/buy/cgsh_order_operate.html?command=get_materiel&rest_code=00148&code=00101020136&supplier_code=00100010&order_time=2020-11-15 HTTP/1.1" 200 409
114.88.166.242 - - [15/Nov/2020:09:04:36 +0800] "GET /xingrg/kc/buy/cgsh_order_operate.html?command=get_materiel&rest_code=00111&code=00101012026&supplier_code=00100037&order_time=2020-11-15 HTTP/1.1" 200 408
180.174.56.115 - - [15/Nov/2020:09:04:36 +0800] "POST /xingrg/kc/buy/cgsh_order_operate.html HTTP/1.1" 200 25100
222.69.137.205 - - [15/Nov/2020:09:04:36 +0800] "GET /xingrg/all/function/internal_message.html?_=1605402272756&CODE_STATE=getMsg HTTP/1.1" 200 27
116.228.172.94 - - [15/Nov/2020:09:04:37 +0800] "GET /xingrg/all/function/internal_message.html?_=1605402273453&CODE_STATE=getMsg HTTP/1.1" 200 27
114.88.166.242 - - [15/Nov/2020:09:04:38 +0800] "POST /xingrg/kc/buy/cgsh_order_operate.html HTTP/1.1" 200 2065
180.162.245.190 - - [15/Nov/2020:09:04:38 +0800] "GET /xingrg/kc/buy/cgsh_order_operate.html?command=get_materiel&rest_code=00105&code=00101008323&supplier_code=00100203&order_time=2020-11-15 HTTP/1.1" 200 408
180.162.245.190 - - [15/Nov/2020:09:04:46 +0800] "GET /xingrg/kc/buy/cgsh_order_operate.html?command=get_materiel&rest_code=00105&code=00101008112&supplier_code=00100203&order_time=2020-11-15 HTTP/1.1" 200 412
180.174.56.115 - - [15/Nov/2020:09:04:47 +0800] "GET /xingrg/kc/buy/cgsh_order_add.html HTTP/1.1" 200 60603
180.174.56.115 - - [15/Nov/2020:09:04:47 +0800] "POST /xingrg/kc/buy/cgsh_order_operate.html HTTP/1.1" 200 8245
180.174.56.115 - - [15/Nov/2020:09:04:47 +0800] "GET /xingrg/javascript/easyui/themes/default/validatebox.css HTTP/1.1" 404 1104
114.88.166.242 - - [15/Nov/2020:09:04:48 +0800] "GET /xingrg/kc/buy/cgsh_order_operate.html?command=get_materiel&rest_code=00111&code=00101008041&supplier_code=00100037&order_time=2020-11-15 HTTP/1.1" 200 408
222.69.137.205 - - [15/Nov/2020:09:04:50 +0800] "GET /xingrg/kc/buy/cgsh_order_add.html HTTP/1.1" 200 60732
222.69.137.205 - - [15/Nov/2020:09:04:50 +0800] "GET /xingrg/words/20201114125748_words.js HTTP/1.1" 200 775639
222.69.137.205 - - [15/Nov/2020:09:04:51 +0800] "POST /xingrg/kc/buy/cgsh_order_operate.html HTTP/1.1" 200 8245
222.69.137.205 - - [15/Nov/2020:09:04:51 +0800] "GET /xingrg/javascript/easyui/themes/default/validatebox.css HTTP/1.1" 404 1104
222.69.137.205 - - [15/Nov/2020:09:04:51 +0800] "GET /xingrg/all/common/auto_word.html?type=employee&rest_code=00149 HTTP/1.1" 200 197
222.69.137.205 - - [15/Nov/2020:09:04:51 +0800] "GET /xingrg/all/common/auto_word.html?type=employee&rest_code=00149 HTTP/1.1" 200 197
222.69.137.205 - - [15/Nov/2020:09:04:53 +0800] "GET /xingrg/javascript/auto/indicator.gif HTTP/1.1" 404 1066
222.69.137.205 - - [15/Nov/2020:09:04:55 +0800] "GET /xingrg/javascript/jquery_tools/images/prev.gif HTTP/1.1" 404 1086
222.69.137.205 - - [15/Nov/2020:09:04:55 +0800] "GET /xingrg/javascript/jquery_tools/images/next.gif HTTP/1.1" 404 1086
180.162.245.190 - - [15/Nov/2020:09:04:56 +0800] "GET /xingrg/all/function/internal_message.html?_=1605402293835&CODE_STATE=getMsg HTTP/1.1" 200 27
114.84.37.38 - - [15/Nov/2020:09:04:56 +0800] "GET /xingrg/kc/buy/cgsh_order_add.html HTTP/1.1" 200 60685
116.228.172.94 - - [15/Nov/2020:09:04:57 +0800] "GET /xingrg/kc/buy/cgsh_order_operate.html?command=get_materiel&rest_code=00107&code=00101008360&supplier_code=00100006&order_time=2020-11-15 HTTP/1.1" 200 413
114.88.166.242 - - [15/Nov/2020:09:04:57 +0800] "GET /xingrg/kc/buy/cgsh_order_operate.html?command=get_materiel&rest_code=00111&code=00101015070&supplier_code=00100037&order_time=2020-11-15 HTTP/1.1" 200 413
114.84.37.38 - - [15/Nov/2020:09:04:58 +0800] "POST /xingrg/kc/buy/cgsh_order_operate.html HTTP/1.1" 200 8245
114.84.37.38 - - [15/Nov/2020:09:04:58 +0800] "GET /xingrg/javascript/easyui/themes/default/validatebox.css HTTP/1.1" 404 1104
114.88.166.242 - - [15/Nov/2020:09:04:59 +0800] "GET /xingrg/all/function/internal_message.html?_=1605402404002&CODE_STATE=getMsg HTTP/1.1" 200 27
180.174.56.115 - - [15/Nov/2020:09:05:00 +0800] "GET /xingrg/kc/buy/cgsh_order_operate.html?command=get_materiel&rest_code=00150&code=00101015014&supplier_code=00100054&order_time=2020-11-15 HTTP/1.1" 200 412
180.157.253.48 - - [15/Nov/2020:09:05:06 +0800] "GET /xingrg/kc/buy/cgsh_order_operate.html?command=get_materiel&rest_code=00148&code=00101006111&supplier_code=00100010&order_time=2020-11-15 HTTP/1.1" 200 409
114.84.37.38 - - [15/Nov/2020:09:05:06 +0800] "GET /xingrg/check_reg.html?_=1605402332367 HTTP/1.1" 200 22
114.88.166.242 - - [15/Nov/2020:09:05:08 +0800] "POST /xingrg/kc/buy/cgsh_order_operate.html HTTP/1.1" 200 37
114.88.166.242 - - [15/Nov/2020:09:05:10 +0800] "POST /xingrg/kc/buy/cgsh_order_operate.html HTTP/1.1" 200 14473
180.174.56.115 - - [15/Nov/2020:09:05:10 +0800] "GET /xingrg/kc/buy/cgsh_order_operate.html?command=get_materiel&rest_code=00150&code=00101015062&supplier_code=00100054&order_time=2020-11-15 HTTP/1.1" 200 412
116.228.172.94 - - [15/Nov/2020:09:05:10 +0800] "GET /xingrg/kc/buy/cgsh_order_operate.html?command=get_materiel&rest_code=00107&code=00101008146&supplier_code=00100006&order_time=2020-11-15 HTTP/1.1" 200 416
114.84.37.38 - - [15/Nov/2020:09:05:10 +0800] "GET /xingrg/kc/buy/cgsh_order_operate.html?command=get_materiel&rest_code=00146&code=00101007076&supplier_code=00100002&order_time=2020-11-15 HTTP/1.1" 200 408
120.253.135.82 - - [15/Nov/2020:09:05:10 +0800] "GET /xingrg/check_reg.html?_=1605402348388 HTTP/1.1" 200 22
180.157.253.48 - - [15/Nov/2020:09:05:10 +0800] "GET /xingrg/all/function/internal_message.html?_=1605402306821&CODE_STATE=getMsg HTTP/1.1" 200 27
180.174.56.115 - - [15/Nov/2020:09:05:11 +0800] "GET /xingrg/all/function/internal_message.html?_=1605402307245&CODE_STATE=getMsg HTTP/1.1" 200 27
180.162.245.190 - - [15/Nov/2020:09:05:11 +0800] "GET /xingrg/kc/buy/cgsh_order_operate.html?command=get_materiel&rest_code=00105&code=00101008168&supplier_code=00100203&order_time=2020-11-15 HTTP/1.1" 200 412
180.174.56.115 - - [15/Nov/2020:09:05:15 +0800] "GET /xingrg/kc/buy/cgsh_order_operate.html?command=get_materiel&rest_code=00150&code=00101015026&supplier_code=00100054&order_time=2020-11-15 HTTP/1.1" 200 412
222.69.137.205 - - [15/Nov/2020:09:05:16 +0800] "GET /xingrg/kc/buy/cgsh_order_operate.html?command=get_materiel&rest_code=00149&code=00101007125&supplier_code=00100205&order_time=2020-11-15 HTTP/1.1" 200 406
114.88.166.242 - - [15/Nov/2020:09:05:18 +0800] "GET /xingrg/all/function/internal_message.html?_=1605402308328&CODE_STATE=getMsg HTTP/1.1" 200 27
120.253.135.82 - - [15/Nov/2020:09:05:18 +0800] "GET /xingrg/all/function/internal_message.html?_=1605402062704&CODE_STATE=getMsg HTTP/1.1" 200 27
180.174.56.115 - - [15/Nov/2020:09:05:22 +0800] "POST /xingrg/kc/buy/cgsh_order_operate.html HTTP/1.1" 200 37
116.228.172.94 - - [15/Nov/2020:09:05:23 +0800] "GET /xingrg/kc/buy/cgsh_order_operate.html?command=get_materiel&rest_code=00107&code=00101008223&supplier_code=00100006&order_time=2020-11-15 HTTP/1.1" 200 412
120.253.135.82 - - [15/Nov/2020:09:05:23 +0800] "GET /xingrg/all/function/internal_message.html?_=1605402361693&CODE_STATE=getMsg HTTP/1.1" 200 27
114.88.166.242 - - [15/Nov/2020:09:05:26 +0800] "GET /xingrg/all/function/internal_message.html?_=1605402322598&CODE_STATE=getMsg HTTP/1.1" 200 27
101.85.228.137 - - [15/Nov/2020:09:05:27 +0800] "GET /xingrg/all/function/internal_message.html?_=1605402545848&CODE_STATE=getMsg HTTP/1.1" 200 27
114.84.37.38 - - [15/Nov/2020:09:05:27 +0800] "POST /xingrg/kc/buy/cgsh_order_operate.html HTTP/1.1" 200 37
180.174.56.115 - - [15/Nov/2020:09:05:27 +0800] "POST /xingrg/kc/buy/cgsh_order_operate.html HTTP/1.1" 200 12
180.174.56.115 - - [15/Nov/2020:09:05:28 +0800] "GET /xingrg/kc/buy/cgsh_order_info.html?code=212020111505771 HTTP/1.1" 200 55504
180.174.56.115 - - [15/Nov/2020:09:05:28 +0800] "GET /xingrg/javascript/easyui/themes/default/validatebox.css HTTP/1.1" 404 1104
114.84.37.38 - - [15/Nov/2020:09:05:29 +0800] "POST /xingrg/kc/buy/cgsh_order_operate.html HTTP/1.1" 200 2653
180.174.56.115 - - [15/Nov/2020:09:05:29 +0800] "POST /xingrg/kc/buy/cgsh_order_operate.html HTTP/1.1" 200 1786
222.69.137.205 - - [15/Nov/2020:09:05:36 +0800] "GET /xingrg/all/function/internal_message.html?_=1605402332764&CODE_STATE=getMsg HTTP/1.1" 200 27
116.228.172.94 - - [15/Nov/2020:09:05:37 +0800] "GET /xingrg/all/function/internal_message.html?_=1605402333434&CODE_STATE=getMsg HTTP/1.1" 200 27
180.174.56.115 - - [15/Nov/2020:09:05:37 +0800] "GET /xingrg/kc/print/load_config.html?kc_code=cgsh HTTP/1.1" 200 1845
180.174.56.115 - - [15/Nov/2020:09:05:38 +0800] "GET /xingrg/kc/print/load_data.html?order_code=212020111505771&kc_code=cgsh&condition= HTTP/1.1" 200 1152
180.162.245.190 - - [15/Nov/2020:09:05:40 +0800] "POST /xingrg/kc/buy/cgsh_order_operate.html HTTP/1.1" 200 2065
180.157.253.48 - - [15/Nov/2020:09:05:44 +0800] "GET /xingrg/kc/buy/cgsh_order_operate.html?command=get_materiel&rest_code=00148&code=00101006055&supplier_code=00100010&order_time=2020-11-15 HTTP/1.1" 200 409
116.228.172.94 - - [15/Nov/2020:09:05:45 +0800] "GET /xingrg/kc/buy/cgsh_order_operate.html?command=get_materiel&rest_code=00107&code=00101008069&supplier_code=00100006&order_time=2020-11-15 HTTP/1.1" 200 412
180.162.245.190 - - [15/Nov/2020:09:05:49 +0800] "GET /xingrg/kc/buy/cgsh_order_operate.html?command=get_materiel&rest_code=00105&code=00101008361&supplier_code=00100203&order_time=2020-11-15 HTTP/1.1" 200 408
222.69.137.205 - - [15/Nov/2020:09:05:52 +0800] "GET /xingrg/kc/buy/cgsh_order_operate.html?command=get_materiel&rest_code=00149&code=00101007085&supplier_code=00100205&order_time=2020-11-15 HTTP/1.1" 200 413
180.162.245.190 - - [15/Nov/2020:09:05:56 +0800] "GET /xingrg/all/function/internal_message.html?_=1605402353826&CODE_STATE=getMsg HTTP/1.1" 200 27
114.88.166.242 - - [15/Nov/2020:09:05:58 +0800] "GET /xingrg/all/function/internal_message.html?_=1605402463972&CODE_STATE=getMsg HTTP/1.1" 200 27
116.228.172.94 - - [15/Nov/2020:09:05:59 +0800] "GET /xingrg/kc/buy/cgsh_order_operate.html?command=get_materiel&rest_code=00107&code=00101008352&supplier_code=00100006&order_time=2020-11-15 HTTP/1.1" 200 412
222.69.137.205 - - [15/Nov/2020:09:06:00 +0800] "GET /xingrg/kc/buy/cgsh_order_operate.html?command=get_materiel&rest_code=00149&code=00101007055&supplier_code=00100205&order_time=2020-11-15 HTTP/1.1" 200 409
180.162.245.190 - - [15/Nov/2020:09:06:04 +0800] "GET /xingrg/kc/buy/cgsh_order_operate.html?command=get_materiel&rest_code=00105&code=00101008321&supplier_code=00100203&order_time=2020-11-15 HTTP/1.1" 200 412
180.157.253.48 - - [15/Nov/2020:09:06:10 +0800] "GET /xingrg/all/function/internal_message.html?_=1605402366831&CODE_STATE=getMsg HTTP/1.1" 200 27
180.157.253.48 - - [15/Nov/2020:09:06:10 +0800] "GET /xingrg/check_reg.html?_=1605402366837 HTTP/1.1" 200 22
180.157.253.48 - - [15/Nov/2020:09:06:11 +0800] "GET /xingrg/kc/buy/cgsh_order_operate.html?command=get_materiel&rest_code=00148&code=00101006065&supplier_code=00100010&order_time=2020-11-15 HTTP/1.1" 200 409
180.174.56.115 - - [15/Nov/2020:09:06:11 +0800] "GET /xingrg/all/function/internal_message.html?_=1605402367225&CODE_STATE=getMsg HTTP/1.1" 200 27
222.69.137.205 - - [15/Nov/2020:09:06:13 +0800] "POST /xingrg/kc/buy/cgsh_order_operate.html HTTP/1.1" 200 37
116.228.172.94 - - [15/Nov/2020:09:06:13 +0800] "GET /xingrg/kc/buy/cgsh_order_operate.html?command=get_materiel&rest_code=00107&code=00101008005&supplier_code=00100006&order_time=2020-11-15 HTTP/1.1" 200 412
222.69.137.205 - - [15/Nov/2020:09:06:17 +0800] "POST /xingrg/kc/buy/cgsh_order_operate.html HTTP/1.1" 200 12
114.88.166.242 - - [15/Nov/2020:09:06:18 +0800] "GET /xingrg/all/function/internal_message.html?_=1605402368334&CODE_STATE=getMsg HTTP/1.1" 200 27
120.253.135.82 - - [15/Nov/2020:09:06:18 +0800] "GET /xingrg/all/function/internal_message.html?_=1605402122711&CODE_STATE=getMsg HTTP/1.1" 200 27
222.69.137.205 - - [15/Nov/2020:09:06:18 +0800] "GET /xingrg/kc/buy/cgsh_order_info.html?code=212020111505773 HTTP/1.1" 200 55633
222.69.137.205 - - [15/Nov/2020:09:06:18 +0800] "GET /xingrg/javascript/easyui/themes/default/validatebox.css HTTP/1.1" 404 1104
222.69.137.205 - - [15/Nov/2020:09:06:19 +0800] "POST /xingrg/kc/buy/cgsh_order_operate.html HTTP/1.1" 200 2375
180.162.245.190 - - [15/Nov/2020:09:06:19 +0800] "GET /xingrg/kc/buy/cgsh_order_operate.html?command=get_materiel&rest_code=00105&code=00101008357&supplier_code=00100203&order_time=2020-11-15 HTTP/1.1" 200 408
222.69.137.205 - - [15/Nov/2020:09:06:20 +0800] "GET /xingrg/kc/print/load_config.html?kc_code=cgsh HTTP/1.1" 200 1845
222.69.137.205 - - [15/Nov/2020:09:06:20 +0800] "GET /xingrg/kc/print/load_data.html?order_code=212020111505773&kc_code=cgsh&condition= HTTP/1.1" 200 1360
120.253.135.82 - - [15/Nov/2020:09:06:23 +0800] "GET /xingrg/all/function/internal_message.html?_=1605402421706&CODE_STATE=getMsg HTTP/1.1" 200 27
114.88.166.242 - - [15/Nov/2020:09:06:26 +0800] "GET /xingrg/all/function/internal_message.html?_=1605402382598&CODE_STATE=getMsg HTTP/1.1" 200 27
101.85.228.137 - - [15/Nov/2020:09:06:27 +0800] "GET /xingrg/check_reg.html?_=1605402605498 HTTP/1.1" 200 22
101.85.228.137 - - [15/Nov/2020:09:06:27 +0800] "GET /xingrg/all/function/internal_message.html?_=1605402605856&CODE_STATE=getMsg HTTP/1.1" 200 27
180.157.253.48 - - [15/Nov/2020:09:06:27 +0800] "POST /xingrg/kc/buy/cgsh_order_operate.html HTTP/1.1" 200 37
116.228.172.94 - - [15/Nov/2020:09:06:27 +0800] "GET /xingrg/kc/buy/cgsh_order_operate.html?command=get_materiel&rest_code=00107&code=00101008353&supplier_code=00100006&order_time=2020-11-15 HTTP/1.1" 200 408
124.77.237.88 - - [15/Nov/2020:09:06:28 +0800] "POST /xingrg/services/DataTransmitService HTTP/1.1" 200 524
180.162.245.190 - - [15/Nov/2020:09:06:30 +0800] "GET /xingrg/kc/buy/cgsh_order_operate.html?command=get_materiel&rest_code=00105&code=00101008169&supplier_code=00100203&order_time=2020-11-15 HTTP/1.1" 200 412
222.69.137.205 - - [15/Nov/2020:09:06:30 +0800] "GET /xingrg/kc/buy/cgsh_order_add.html HTTP/1.1" 200 60732
222.69.137.205 - - [15/Nov/2020:09:06:30 +0800] "POST /xingrg/kc/buy/cgsh_order_operate.html HTTP/1.1" 200 8245
222.69.137.205 - - [15/Nov/2020:09:06:30 +0800] "GET /xingrg/javascript/easyui/themes/default/validatebox.css HTTP/1.1" 404 1104
222.69.137.205 - - [15/Nov/2020:09:06:36 +0800] "GET /xingrg/all/function/internal_message.html?_=1605402392763&CODE_STATE=getMsg HTTP/1.1" 200 27
116.228.172.94 - - [15/Nov/2020:09:06:37 +0800] "GET /xingrg/all/function/internal_message.html?_=1605402393427&CODE_STATE=getMsg HTTP/1.1" 200 27
116.228.172.94 - - [15/Nov/2020:09:06:42 +0800] "GET /xingrg/kc/buy/cgsh_order_operate.html?command=get_materiel&rest_code=00107&code=00101008085&supplier_code=00100006&order_time=2020-11-15 HTTP/1.1" 200 412
222.69.137.205 - - [15/Nov/2020:09:06:46 +0800] "GET /xingrg/kc/buy/cgsh_order_operate.html?command=get_materiel&rest_code=00149&code=00101011003&supplier_code=00100051&order_time=2020-11-15 HTTP/1.1" 200 413
116.228.172.94 - - [15/Nov/2020:09:06:53 +0800] "GET /xingrg/kc/buy/cgsh_order_operate.html?command=get_materiel&rest_code=00107&code=00101008323&supplier_code=00100006&order_time=2020-11-15 HTTP/1.1" 200 408
180.162.245.190 - - [15/Nov/2020:09:06:56 +0800] "GET /xingrg/all/function/internal_message.html?_=1605402413836&CODE_STATE=getMsg HTTP/1.1" 200 27
222.69.137.205 - - [15/Nov/2020:09:06:57 +0800] "GET /xingrg/kc/buy/cgsh_order_operate.html?command=get_materiel&rest_code=00149&code=00101011005&supplier_code=00100051&order_time=2020-11-15 HTTP/1.1" 200 428
114.88.166.242 - - [15/Nov/2020:09:06:58 +0800] "GET /xingrg/all/function/internal_message.html?_=1605402523957&CODE_STATE=getMsg HTTP/1.1" 200 27
114.88.166.242 - - [15/Nov/2020:09:06:58 +0800] "GET /xingrg/check_reg.html?_=1605402523989 HTTP/1.1" 200 22
180.157.253.48 - - [15/Nov/2020:09:07:10 +0800] "GET /xingrg/all/function/internal_message.html?_=1605402426811&CODE_STATE=getMsg HTTP/1.1" 200 27
116.228.172.94 - - [15/Nov/2020:09:07:10 +0800] "GET /xingrg/kc/buy/cgsh_order_operate.html?command=get_materiel&rest_code=00107&code=00101008261&supplier_code=00100006&order_time=2020-11-15 HTTP/1.1" 200 408
180.157.253.48 - - [15/Nov/2020:09:07:11 +0800] "POST /xingrg/kc/buy/cgsh_order_operate.html HTTP/1.1" 200 5012
180.174.56.115 - - [15/Nov/2020:09:07:11 +0800] "GET /xingrg/all/function/internal_message.html?_=1605402427216&CODE_STATE=getMsg HTTP/1.1" 200 27
180.174.56.115 - - [15/Nov/2020:09:07:11 +0800] "GET /xingrg/check_reg.html?_=1605402427289 HTTP/1.1" 200 22
222.69.137.205 - - [15/Nov/2020:09:07:12 +0800] "GET /xingrg/kc/buy/cgsh_order_operate.html?command=get_materiel&rest_code=00149&code=00101011010&supplier_code=00100051&order_time=2020-11-15 HTTP/1.1" 200 418
180.162.245.190 - - [15/Nov/2020:09:07:13 +0800] "GET /xingrg/kc/buy/cgsh_order_operate.html?command=get_materiel&rest_code=00105&code=00101008233&supplier_code=00100203&order_time=2020-11-15 HTTP/1.1" 200 427
120.253.135.82 - - [15/Nov/2020:09:07:17 +0800] "GET /xingrg/check_reg.html?_=1605402182348 HTTP/1.1" 200 22
114.88.166.242 - - [15/Nov/2020:09:07:18 +0800] "GET /xingrg/all/function/internal_message.html?_=1605402428380&CODE_STATE=getMsg HTTP/1.1" 200 27
120.253.135.82 - - [15/Nov/2020:09:07:18 +0800] "GET /xingrg/all/function/internal_message.html?_=1605402182725&CODE_STATE=getMsg HTTP/1.1" 200 27
180.162.245.190 - - [15/Nov/2020:09:07:21 +0800] "POST /xingrg/kc/buy/cgsh_order_operate.html HTTP/1.1" 200 37
222.69.137.205 - - [15/Nov/2020:09:07:23 +0800] "POST /xingrg/kc/buy/cgsh_order_operate.html HTTP/1.1" 200 37
120.253.135.82 - - [15/Nov/2020:09:07:23 +0800] "GET /xingrg/all/function/internal_message.html?_=1605402481724&CODE_STATE=getMsg HTTP/1.1" 200 27
116.228.172.94 - - [15/Nov/2020:09:07:24 +0800] "GET /xingrg/kc/buy/cgsh_order_operate.html?command=get_materiel&rest_code=00107&code=00101008199&supplier_code=00100006&order_time=2020-11-15 HTTP/1.1" 200 408
114.88.166.242 - - [15/Nov/2020:09:07:26 +0800] "GET /xingrg/all/function/internal_message.html?_=1605402442597&CODE_STATE=getMsg HTTP/1.1" 200 27
222.69.137.205 - - [15/Nov/2020:09:07:27 +0800] "POST /xingrg/kc/buy/cgsh_order_operate.html HTTP/1.1" 200 12
101.85.228.137 - - [15/Nov/2020:09:07:27 +0800] "GET /xingrg/all/function/internal_message.html?_=1605402665878&CODE_STATE=getMsg HTTP/1.1" 200 27
222.69.137.205 - - [15/Nov/2020:09:07:28 +0800] "GET /xingrg/kc/buy/cgsh_order_info.html?code=212020111505776 HTTP/1.1" 200 55635
222.69.137.205 - - [15/Nov/2020:09:07:29 +0800] "GET /xingrg/javascript/easyui/themes/default/validatebox.css HTTP/1.1" 404 1104
222.69.137.205 - - [15/Nov/2020:09:07:29 +0800] "POST /xingrg/kc/buy/cgsh_order_operate.html HTTP/1.1" 200 1799
180.162.245.190 - - [15/Nov/2020:09:07:30 +0800] "POST /xingrg/kc/buy/cgsh_order_operate.html HTTP/1.1" 200 31608
116.228.172.94 - - [15/Nov/2020:09:07:36 +0800] "GET /xingrg/kc/buy/cgsh_order_operate.html?command=get_materiel&rest_code=00107&code=00101008141&supplier_code=00100006&order_time=2020-11-15 HTTP/1.1" 200 412
222.69.137.205 - - [15/Nov/2020:09:07:36 +0800] "GET /xingrg/all/function/internal_message.html?_=1605402452771&CODE_STATE=getMsg HTTP/1.1" 200 27
116.228.172.94 - - [15/Nov/2020:09:07:37 +0800] "GET /xingrg/all/function/internal_message.html?_=1605402453402&CODE_STATE=getMsg HTTP/1.1" 200 27
180.174.56.115 - - [15/Nov/2020:09:07:43 +0800] "GET /xingrg/kc/buy/cgsh_order_add.html HTTP/1.1" 200 60603
180.174.56.115 - - [15/Nov/2020:09:07:43 +0800] "POST /xingrg/kc/buy/cgsh_order_operate.html HTTP/1.1" 200 8245
180.174.56.115 - - [15/Nov/2020:09:07:43 +0800] "GET /xingrg/javascript/easyui/themes/default/validatebox.css HTTP/1.1" 404 1104
116.228.172.94 - - [15/Nov/2020:09:07:45 +0800] "GET /xingrg/kc/buy/cgsh_order_operate.html?command=get_materiel&rest_code=00107&code=00101008355&supplier_code=00100006&order_time=2020-11-15 HTTP/1.1" 200 408
222.69.137.205 - - [15/Nov/2020:09:07:45 +0800] "GET /xingrg/kc/print/load_data.html?order_code=212020111505776&kc_code=cgsh&condition= HTTP/1.1" 200 1183
114.88.166.242 - - [15/Nov/2020:09:07:49 +0800] "GET /xingrg/check_reg.html?_=1605402459624 HTTP/1.1" 200 22
180.162.245.190 - - [15/Nov/2020:09:07:56 +0800] "GET /xingrg/check_reg.html?_=1605402473925 HTTP/1.1" 200 22
180.162.245.190 - - [15/Nov/2020:09:07:56 +0800] "GET /xingrg/all/function/internal_message.html?_=1605402473926&CODE_STATE=getMsg HTTP/1.1" 200 27
180.174.56.115 - - [15/Nov/2020:09:07:57 +0800] "GET /xingrg/kc/buy/cgsh_order_operate.html?command=get_materiel&rest_code=00150&code=00101031012&supplier_code=00100054&order_time=2020-11-15 HTTP/1.1" 200 417
114.88.166.242 - - [15/Nov/2020:09:07:58 +0800] "GET /xingrg/all/function/internal_message.html?_=1605402583968&CODE_STATE=getMsg HTTP/1.1" 200 27
116.228.172.94 - - [15/Nov/2020:09:08:01 +0800] "GET /xingrg/kc/buy/cgsh_order_operate.html?command=get_materiel&rest_code=00107&code=00101008270&supplier_code=00100006&order_time=2020-11-15 HTTP/1.1" 200 412
114.88.166.242 - - [15/Nov/2020:09:08:01 +0800] "GET /xingrg/kc/buy/cgsh_order_add.html HTTP/1.1" 200 60679
114.88.166.242 - - [15/Nov/2020:09:08:02 +0800] "GET /xingrg/javascript/easyui/themes/default/validatebox.css HTTP/1.1" 404 1104
114.88.166.242 - - [15/Nov/2020:09:08:02 +0800] "POST /xingrg/kc/buy/cgsh_order_operate.html HTTP/1.1" 200 8245
180.174.56.115 - - [15/Nov/2020:09:08:06 +0800] "POST /xingrg/kc/buy/cgsh_order_operate.html HTTP/1.1" 200 37
114.88.166.242 - - [15/Nov/2020:09:08:09 +0800] "GET /xingrg/kc/buy/cgsh_order_operate.html?command=get_materiel&rest_code=00111&code=00101007061&supplier_code=00100004&order_time=2020-11-15 HTTP/1.1" 200 409
180.174.56.115 - - [15/Nov/2020:09:08:10 +0800] "POST /xingrg/kc/buy/cgsh_order_operate.html HTTP/1.1" 200 12
180.157.253.48 - - [15/Nov/2020:09:08:10 +0800] "GET /xingrg/all/function/internal_message.html?_=1605402486817&CODE_STATE=getMsg HTTP/1.1" 200 27
180.174.56.115 - - [15/Nov/2020:09:08:11 +0800] "GET /xingrg/all/function/internal_message.html?_=1605402487223&CODE_STATE=getMsg HTTP/1.1" 200 27
180.174.56.115 - - [15/Nov/2020:09:08:11 +0800] "GET /xingrg/kc/buy/cgsh_order_info.html?code=212020111505777 HTTP/1.1" 200 55504
180.174.56.115 - - [15/Nov/2020:09:08:12 +0800] "GET /xingrg/javascript/easyui/themes/default/validatebox.css HTTP/1.1" 404 1104
180.174.56.115 - - [15/Nov/2020:09:08:12 +0800] "POST /xingrg/kc/buy/cgsh_order_operate.html HTTP/1.1" 200 614
116.228.172.94 - - [15/Nov/2020:09:08:13 +0800] "POST /xingrg/kc/buy/cgsh_order_operate.html HTTP/1.1" 200 2065
180.174.56.115 - - [15/Nov/2020:09:08:14 +0800] "GET /xingrg/kc/print/load_data.html?order_code=212020111505777&kc_code=cgsh&condition= HTTP/1.1" 200 712
114.88.166.242 - - [15/Nov/2020:09:08:17 +0800] "POST /xingrg/kc/buy/cgsh_order_operate.html HTTP/1.1" 200 37
114.88.166.242 - - [15/Nov/2020:09:08:18 +0800] "GET /xingrg/all/function/internal_message.html?_=1605402488392&CODE_STATE=getMsg HTTP/1.1" 200 27
120.253.135.82 - - [15/Nov/2020:09:08:18 +0800] "GET /xingrg/all/function/internal_message.html?_=1605402242738&CODE_STATE=getMsg HTTP/1.1" 200 27
114.88.166.242 - - [15/Nov/2020:09:08:18 +0800] "POST /xingrg/kc/buy/cgsh_order_operate.html HTTP/1.1" 200 2654
114.88.166.242 - - [15/Nov/2020:09:08:19 +0800] "GET /xingrg/kc/print/load_data.html?order_code=212020111505778&kc_code=cgsh&condition= HTTP/1.1" 200 718
120.253.135.82 - - [15/Nov/2020:09:08:23 +0800] "GET /xingrg/all/function/internal_message.html?_=1605402541734&CODE_STATE=getMsg HTTP/1.1" 200 27
114.88.166.242 - - [15/Nov/2020:09:08:27 +0800] "GET /xingrg/all/function/internal_message.html?_=1605402502600&CODE_STATE=getMsg HTTP/1.1" 200 27
114.88.166.242 - - [15/Nov/2020:09:08:27 +0800] "GET /xingrg/check_reg.html?_=1605402502597 HTTP/1.1" 200 22
101.85.228.137 - - [15/Nov/2020:09:08:27 +0800] "GET /xingrg/all/function/internal_message.html?_=1605402725884&CODE_STATE=getMsg HTTP/1.1" 200 27
117.184.7.26 - - [15/Nov/2020:09:08:33 +0800] "POST /xingrg/services/DataTransmitService HTTP/1.1" 200 524
116.228.172.94 - - [15/Nov/2020:09:08:33 +0800] "GET /xingrg/kc/buy/cgsh_order_operate.html?command=get_materiel&rest_code=00107&code=00101008302&supplier_code=00100006&order_time=2020-11-15 HTTP/1.1" 200 412
116.228.172.94 - - [15/Nov/2020:09:08:36 +0800] "GET /xingrg/check_reg.html?_=1605402512392 HTTP/1.1" 200 22
222.69.137.205 - - [15/Nov/2020:09:08:36 +0800] "GET /xingrg/check_reg.html?_=1605402512754 HTTP/1.1" 200 22
222.69.137.205 - - [15/Nov/2020:09:08:36 +0800] "GET /xingrg/all/function/internal_message.html?_=1605402512759&CODE_STATE=getMsg HTTP/1.1" 200 27
116.228.172.94 - - [15/Nov/2020:09:08:37 +0800] "GET /xingrg/all/function/internal_message.html?_=1605402513382&CODE_STATE=getMsg HTTP/1.1" 200 27
116.228.172.94 - - [15/Nov/2020:09:08:43 +0800] "GET /xingrg/kc/buy/cgsh_order_operate.html?command=get_materiel&rest_code=00107&code=00101008210&supplier_code=00100006&order_time=2020-11-15 HTTP/1.1" 200 408
180.174.56.115 - - [15/Nov/2020:09:08:44 +0800] "GET /xingrg/kc/buy/cgsh_order_list.html HTTP/1.1" 200 44947
180.174.56.115 - - [15/Nov/2020:09:08:47 +0800] "POST /xingrg/kc/buy/cgsh_list_operate.html HTTP/1.1" 200 1690
180.162.245.190 - - [15/Nov/2020:09:08:56 +0800] "GET /xingrg/all/function/internal_message.html?_=1605402533906&CODE_STATE=getMsg HTTP/1.1" 200 27
116.228.172.94 - - [15/Nov/2020:09:08:57 +0800] "GET /xingrg/kc/buy/cgsh_order_operate.html?command=get_materiel&rest_code=00107&code=00101008027&supplier_code=00100006&order_time=2020-11-15 HTTP/1.1" 200 408
172.17.200.101 - - [15/Nov/2020:09:08:58 +0800] "GET /favicon.ico HTTP/1.1" 404 -
114.88.166.242 - - [15/Nov/2020:09:08:58 +0800] "GET /xingrg/all/function/internal_message.html?_=1605402643977&CODE_STATE=getMsg HTTP/1.1" 200 27
180.174.56.115 - - [15/Nov/2020:09:09:03 +0800] "POST /xingrg/kc/buy/cgsh_list_operate.html HTTP/1.1" 200 565
172.17.0.185 - - [15/Nov/2020:09:09:04 +0800] "GET /xingrg/check_reg.html?_=1605402539506 HTTP/1.1" 200 22
180.174.56.115 - - [15/Nov/2020:09:09:05 +0800] "GET /xingrg/kc/buy/cgsh_order_info.html?code=212020111505769 HTTP/1.1" 200 60612
180.174.56.115 - - [15/Nov/2020:09:09:05 +0800] "GET /xingrg/javascript/easyui/themes/default/validatebox.css HTTP/1.1" 404 1104
180.174.56.115 - - [15/Nov/2020:09:09:06 +0800] "POST /xingrg/kc/buy/cgsh_order_operate.html HTTP/1.1" 200 25100
180.157.253.48 - - [15/Nov/2020:09:09:10 +0800] "GET /xingrg/all/function/internal_message.html?_=1605402546823&CODE_STATE=getMsg HTTP/1.1" 200 27
180.174.56.115 - - [15/Nov/2020:09:09:11 +0800] "GET /xingrg/all/function/internal_message.html?_=1605402547228&CODE_STATE=getMsg HTTP/1.1" 200 27
116.228.172.94 - - [15/Nov/2020:09:09:11 +0800] "GET /xingrg/kc/buy/cgsh_order_operate.html?command=get_materiel&rest_code=00107&code=00101008257&supplier_code=00100006&order_time=2020-11-15 HTTP/1.1" 200 416
116.228.172.94 - - [15/Nov/2020:09:09:14 +0800] "POST /xingrg/kc/buy/cgsh_order_operate.html HTTP/1.1" 200 2065
114.88.166.242 - - [15/Nov/2020:09:09:18 +0800] "GET /xingrg/all/function/internal_message.html?_=1605402548404&CODE_STATE=getMsg HTTP/1.1" 200 27
120.253.135.82 - - [15/Nov/2020:09:09:18 +0800] "GET /xingrg/all/function/internal_message.html?_=1605402302752&CODE_STATE=getMsg HTTP/1.1" 200 27
180.174.56.115 - - [15/Nov/2020:09:09:23 +0800] "GET /xingrg/kc/buy/cgsh_order_operate.html?command=get_materiel&rest_code=00150&code=00101008229&supplier_code=00100007&order_time=2020-11-15 HTTP/1.1" 200 420
116.228.172.94 - - [15/Nov/2020:09:09:23 +0800] "GET /xingrg/kc/buy/cgsh_order_operate.html?command=get_materiel&rest_code=00107&code=00101008350&supplier_code=00100006&order_time=2020-11-15 HTTP/1.1" 200 408
120.253.135.82 - - [15/Nov/2020:09:09:23 +0800] "GET /xingrg/all/function/internal_message.html?_=1605402601756&CODE_STATE=getMsg HTTP/1.1" 200 27
114.88.166.242 - - [15/Nov/2020:09:09:27 +0800] "GET /xingrg/all/function/internal_message.html?_=1605402562599&CODE_STATE=getMsg HTTP/1.1" 200 27
101.85.228.137 - - [15/Nov/2020:09:09:27 +0800] "GET /xingrg/all/function/internal_message.html?_=1605402785897&CODE_STATE=getMsg HTTP/1.1" 200 27
222.69.137.205 - - [15/Nov/2020:09:09:32 +0800] "GET /xingrg/kc/buy/cgsh_order_add.html HTTP/1.1" 200 60732
222.69.137.205 - - [15/Nov/2020:09:09:32 +0800] "POST /xingrg/kc/buy/cgsh_order_operate.html HTTP/1.1" 200 8245
222.69.137.205 - - [15/Nov/2020:09:09:32 +0800] "GET /xingrg/javascript/easyui/themes/default/validatebox.css HTTP/1.1" 404 1104
114.88.166.242 - - [15/Nov/2020:09:09:33 +0800] "GET /xingrg/kc/buy/cgsh_order_add.html HTTP/1.1" 200 60679
114.88.166.242 - - [15/Nov/2020:09:09:34 +0800] "POST /xingrg/kc/buy/cgsh_order_operate.html HTTP/1.1" 200 8245
114.88.166.242 - - [15/Nov/2020:09:09:34 +0800] "GET /xingrg/javascript/easyui/themes/default/validatebox.css HTTP/1.1" 404 1104
222.69.137.205 - - [15/Nov/2020:09:09:36 +0800] "GET /xingrg/all/function/internal_message.html?_=1605402572766&CODE_STATE=getMsg HTTP/1.1" 200 27
116.228.172.94 - - [15/Nov/2020:09:09:37 +0800] "GET /xingrg/all/function/internal_message.html?_=1605402573365&CODE_STATE=getMsg HTTP/1.1" 200 27
116.228.172.94 - - [15/Nov/2020:09:09:38 +0800] "GET /xingrg/kc/buy/cgsh_order_operate.html?command=get_materiel&rest_code=00107&code=00101008028&supplier_code=00100006&order_time=2020-11-15 HTTP/1.1" 200 412
222.69.137.205 - - [15/Nov/2020:09:09:41 +0800] "GET /xingrg/kc/buy/cgsh_order_operate.html?command=get_materiel&rest_code=00149&code=00101008323&supplier_code=00100005&order_time=2020-11-15 HTTP/1.1" 200 408
114.88.166.242 - - [15/Nov/2020:09:09:42 +0800] "GET /xingrg/kc/buy/cgsh_order_operate.html?command=get_materiel&rest_code=00111&code=00101008261&supplier_code=00100005&order_time=2020-11-15 HTTP/1.1" 200 408
114.88.166.242 - - [15/Nov/2020:09:09:51 +0800] "GET /xingrg/kc/buy/cgsh_order_operate.html?command=get_materiel&rest_code=00111&code=00101008358&supplier_code=00100005&order_time=2020-11-15 HTTP/1.1" 200 412
116.228.172.94 - - [15/Nov/2020:09:09:54 +0800] "GET /xingrg/kc/buy/cgsh_order_operate.html?command=get_materiel&rest_code=00107&code=00101008096&supplier_code=00100006&order_time=2020-11-15 HTTP/1.1" 200 413
180.162.245.190 - - [15/Nov/2020:09:09:56 +0800] "GET /xingrg/all/function/internal_message.html?_=1605402593888&CODE_STATE=getMsg HTTP/1.1" 200 27
114.88.166.242 - - [15/Nov/2020:09:09:57 +0800] "GET /xingrg/kc/buy/cgsh_order_operate.html?command=get_materiel&rest_code=00111&code=00101008126&supplier_code=00100005&order_time=2020-11-15 HTTP/1.1" 200 412
114.88.166.242 - - [15/Nov/2020:09:09:58 +0800] "GET /xingrg/all/function/internal_message.html?_=1605402703973&CODE_STATE=getMsg HTTP/1.1" 200 27
114.88.166.242 - - [15/Nov/2020:09:10:04 +0800] "GET /xingrg/kc/buy/cgsh_order_operate.html?command=get_materiel&rest_code=00111&code=00101008096&supplier_code=00100005&order_time=2020-11-15 HTTP/1.1" 200 413
114.84.37.38 - - [15/Nov/2020:09:10:06 +0800] "GET /xingrg/check_reg.html?_=1605402632373 HTTP/1.1" 200 22
222.69.137.205 - - [15/Nov/2020:09:10:09 +0800] "GET /xingrg/kc/buy/cgsh_order_operate.html?command=get_materiel&rest_code=00149&code=00101008091&supplier_code=00100005&order_time=2020-11-15 HTTP/1.1" 200 413
120.253.135.82 - - [15/Nov/2020:09:10:10 +0800] "GET /xingrg/check_reg.html?_=1605402648391 HTTP/1.1" 200 22
180.157.253.48 - - [15/Nov/2020:09:10:10 +0800] "GET /xingrg/all/function/internal_message.html?_=1605402606825&CODE_STATE=getMsg HTTP/1.1" 200 27
180.174.56.115 - - [15/Nov/2020:09:10:11 +0800] "GET /xingrg/all/function/internal_message.html?_=1605402607230&CODE_STATE=getMsg HTTP/1.1" 200 27
114.88.166.242 - - [15/Nov/2020:09:10:11 +0800] "GET /xingrg/kc/buy/cgsh_order_operate.html?command=get_materiel&rest_code=00111&code=00101008355&supplier_code=00100005&order_time=2020-11-15 HTTP/1.1" 200 408
116.228.172.94 - - [15/Nov/2020:09:10:14 +0800] "GET /xingrg/kc/buy/cgsh_order_operate.html?command=get_materiel&rest_code=00107&code=00101008038&supplier_code=00100006&order_time=2020-11-15 HTTP/1.1" 200 413
114.88.166.242 - - [15/Nov/2020:09:10:18 +0800] "GET /xingrg/all/function/internal_message.html?_=1605402608460&CODE_STATE=getMsg HTTP/1.1" 200 27
120.253.135.82 - - [15/Nov/2020:09:10:18 +0800] "GET /xingrg/all/function/internal_message.html?_=1605402362766&CODE_STATE=getMsg HTTP/1.1" 200 27
114.88.166.242 - - [15/Nov/2020:09:10:18 +0800] "GET /xingrg/kc/buy/cgsh_order_operate.html?command=get_materiel&rest_code=00111&code=00101008067&supplier_code=00100005&order_time=2020-11-15 HTTP/1.1" 200 416
222.69.137.205 - - [15/Nov/2020:09:10:19 +0800] "GET /xingrg/kc/buy/cgsh_order_operate.html?command=get_materiel&rest_code=00149&code=00101008302&supplier_code=00100005&order_time=2020-11-15 HTTP/1.1" 200 412
120.253.135.82 - - [15/Nov/2020:09:10:23 +0800] "GET /xingrg/all/function/internal_message.html?_=1605402661760&CODE_STATE=getMsg HTTP/1.1" 200 27
114.88.166.242 - - [15/Nov/2020:09:10:26 +0800] "GET /xingrg/kc/buy/cgsh_order_operate.html?command=get_materiel&rest_code=00111&code=00101008080&supplier_code=00100005&order_time=2020-11-15 HTTP/1.1" 200 416
114.88.166.242 - - [15/Nov/2020:09:10:27 +0800] "GET /xingrg/all/function/internal_message.html?_=1605402622598&CODE_STATE=getMsg HTTP/1.1" 200 27
101.85.228.137 - - [15/Nov/2020:09:10:27 +0800] "GET /xingrg/all/function/internal_message.html?_=1605402845910&CODE_STATE=getMsg HTTP/1.1" 200 27
222.69.137.205 - - [15/Nov/2020:09:10:31 +0800] "GET /xingrg/kc/buy/cgsh_order_operate.html?command=get_materiel&rest_code=00149&code=00101008210&supplier_code=00100005&order_time=2020-11-15 HTTP/1.1" 200 408
116.228.172.94 - - [15/Nov/2020:09:10:34 +0800] "GET /xingrg/kc/buy/cgsh_order_operate.html?command=get_materiel&rest_code=00107&code=00101008283&supplier_code=00100006&order_time=2020-11-15 HTTP/1.1" 200 408
114.88.166.242 - - [15/Nov/2020:09:10:35 +0800] "GET /xingrg/kc/buy/cgsh_order_operate.html?command=get_materiel&rest_code=00111&code=00101008351&supplier_code=00100005&order_time=2020-11-15 HTTP/1.1" 200 427
222.69.137.205 - - [15/Nov/2020:09:10:36 +0800] "GET /xingrg/all/function/internal_message.html?_=1605402632762&CODE_STATE=getMsg HTTP/1.1" 200 27
116.228.172.94 - - [15/Nov/2020:09:10:36 +0800] "POST /xingrg/kc/buy/cgsh_order_operate.html HTTP/1.1" 200 2065
116.228.172.94 - - [15/Nov/2020:09:10:37 +0800] "GET /xingrg/all/function/internal_message.html?_=1605402633344&CODE_STATE=getMsg HTTP/1.1" 200 27
222.69.137.205 - - [15/Nov/2020:09:10:39 +0800] "GET /xingrg/kc/buy/cgsh_order_operate.html?command=get_materiel&rest_code=00149&code=00101008027&supplier_code=00100005&order_time=2020-11-15 HTTP/1.1" 200 408
114.88.166.242 - - [15/Nov/2020:09:10:42 +0800] "GET /xingrg/kc/buy/cgsh_order_operate.html?command=get_materiel&rest_code=00111&code=00101008163&supplier_code=00100005&order_time=2020-11-15 HTTP/1.1" 200 409
116.228.172.94 - - [15/Nov/2020:09:10:46 +0800] "GET /xingrg/kc/buy/cgsh_order_operate.html?command=get_materiel&rest_code=00107&code=00101008242&supplier_code=00100006&order_time=2020-11-15 HTTP/1.1" 200 408
114.92.198.154 - - [15/Nov/2020:09:10:50 +0800] "GET /xingrg/login_supplier.html HTTP/1.1" 200 3208
114.92.198.154 - - [15/Nov/2020:09:10:50 +0800] "GET /favicon.ico HTTP/1.1" 404 -
114.88.166.242 - - [15/Nov/2020:09:10:55 +0800] "GET /xingrg/kc/buy/cgsh_order_operate.html?command=get_materiel&rest_code=00111&code=00101008264&supplier_code=00100005&order_time=2020-11-15 HTTP/1.1" 200 412
180.162.245.190 - - [15/Nov/2020:09:10:56 +0800] "GET /xingrg/all/function/internal_message.html?_=1605402653859&CODE_STATE=getMsg HTTP/1.1" 200 27
114.92.198.154 - - [15/Nov/2020:09:10:56 +0800] "POST /xingrg/login_supplier.html HTTP/1.1" 302 -
114.92.198.154 - - [15/Nov/2020:09:10:56 +0800] "GET /xingrg/supplier_index.html?sysBaseUrl=http%3A%2F%2F180.169.147.146%3A18081%2Fxingrg%2F&costTime=28×tamp=1605402656352 HTTP/1.1" 200 9061
114.92.198.154 - - [15/Nov/2020:09:10:56 +0800] "GET /favicon.ico HTTP/1.1" 404 -
116.228.172.94 - - [15/Nov/2020:09:10:57 +0800] "GET /xingrg/kc/buy/cgsh_order_operate.html?command=get_materiel&rest_code=00107&code=00101008003&supplier_code=00100006&order_time=2020-11-15 HTTP/1.1" 200 408
114.92.198.154 - - [15/Nov/2020:09:10:57 +0800] "GET /xingrg/supplier/cgsh_order_list.html HTTP/1.1" 200 10896
114.88.166.242 - - [15/Nov/2020:09:10:59 +0800] "GET /xingrg/all/function/internal_message.html?_=1605402764004&CODE_STATE=getMsg HTTP/1.1" 200 27
114.92.198.154 - - [15/Nov/2020:09:11:00 +0800] "POST /xingrg/supplier/cgsh_list_operate.html HTTP/1.1" 200 5971
114.92.198.154 - - [15/Nov/2020:09:11:02 +0800] "GET /xingrg/javascript/jquery_tools/images/prev.gif HTTP/1.1" 404 1086
114.92.198.154 - - [15/Nov/2020:09:11:02 +0800] "GET /xingrg/javascript/jquery_tools/images/next.gif HTTP/1.1" 404 1086
114.88.166.242 - - [15/Nov/2020:09:11:03 +0800] "GET /xingrg/kc/buy/cgsh_order_operate.html?command=get_materiel&rest_code=00111&code=00101008137&supplier_code=00100005&order_time=2020-11-15 HTTP/1.1" 200 408
114.88.166.242 - - [15/Nov/2020:09:11:09 +0800] "GET /xingrg/kc/buy/cgsh_order_operate.html?command=get_materiel&rest_code=00111&code=00101008362&supplier_code=00100005&order_time=2020-11-15 HTTP/1.1" 200 408
180.157.253.48 - - [15/Nov/2020:09:11:10 +0800] "GET /xingrg/all/function/internal_message.html?_=1605402666811&CODE_STATE=getMsg HTTP/1.1" 200 27
180.157.253.48 - - [15/Nov/2020:09:11:10 +0800] "GET /xingrg/check_reg.html?_=1605402666826 HTTP/1.1" 200 22
180.174.56.115 - - [15/Nov/2020:09:11:11 +0800] "GET /xingrg/all/function/internal_message.html?_=1605402667241&CODE_STATE=getMsg HTTP/1.1" 200 27
114.92.198.154 - - [15/Nov/2020:09:11:11 +0800] "POST /xingrg/supplier/cgsh_list_operate.html HTTP/1.1" 200 5547
114.88.166.242 - - [15/Nov/2020:09:11:16 +0800] "GET /xingrg/kc/buy/cgsh_order_operate.html?command=get_materiel&rest_code=00111&code=00101008360&supplier_code=00100005&order_time=2020-11-15 HTTP/1.1" 200 412
222.69.137.205 - - [15/Nov/2020:09:11:17 +0800] "GET /xingrg/kc/buy/cgsh_order_operate.html?command=get_materiel&rest_code=00149&code=00101008257&supplier_code=00100005&order_time=2020-11-15 HTTP/1.1" 200 416
114.88.166.242 - - [15/Nov/2020:09:11:18 +0800] "GET /xingrg/all/function/internal_message.html?_=1605402668464&CODE_STATE=getMsg HTTP/1.1" 200 27
120.253.135.82 - - [15/Nov/2020:09:11:18 +0800] "GET /xingrg/all/function/internal_message.html?_=1605402422779&CODE_STATE=getMsg HTTP/1.1" 200 27
116.228.172.94 - - [15/Nov/2020:09:11:22 +0800] "GET /xingrg/kc/buy/cgsh_order_operate.html?command=get_materiel&rest_code=00107&code=00101008067&supplier_code=00100006&order_time=2020-11-15 HTTP/1.1" 200 416
120.253.135.82 - - [15/Nov/2020:09:11:24 +0800] "GET /xingrg/all/function/internal_message.html?_=1605402721775&CODE_STATE=getMsg HTTP/1.1" 200 27
114.88.166.242 - - [15/Nov/2020:09:11:27 +0800] "GET /xingrg/all/function/internal_message.html?_=1605402682598&CODE_STATE=getMsg HTTP/1.1" 200 27
101.85.228.137 - - [15/Nov/2020:09:11:27 +0800] "GET /xingrg/check_reg.html?_=1605402905505 HTTP/1.1" 200 22
101.85.228.137 - - [15/Nov/2020:09:11:27 +0800] "GET /xingrg/all/function/internal_message.html?_=1605402905924&CODE_STATE=getMsg HTTP/1.1" 200 27
222.69.137.205 - - [15/Nov/2020:09:11:36 +0800] "GET /xingrg/all/function/internal_message.html?_=1605402692763&CODE_STATE=getMsg HTTP/1.1" 200 27
222.69.137.205 - - [15/Nov/2020:09:11:36 +0800] "GET /xingrg/kc/buy/cgsh_order_operate.html?command=get_materiel&rest_code=00149&code=00101008155&supplier_code=00100005&order_time=2020-11-15 HTTP/1.1" 200 408
116.228.172.94 - - [15/Nov/2020:09:11:37 +0800] "GET /xingrg/all/function/internal_message.html?_=1605402693314&CODE_STATE=getMsg HTTP/1.1" 200 27
116.228.172.94 - - [15/Nov/2020:09:11:37 +0800] "GET /xingrg/kc/buy/cgsh_order_operate.html?command=get_materiel&rest_code=00107&code=00101008300&supplier_code=00100006&order_time=2020-11-15 HTTP/1.1" 200 412
116.228.172.94 - - [15/Nov/2020:09:11:41 +0800] "POST /xingrg/kc/buy/cgsh_order_operate.html HTTP/1.1" 200 2065
114.88.166.242 - - [15/Nov/2020:09:11:43 +0800] "GET /xingrg/kc/buy/cgsh_order_operate.html?command=get_materiel&rest_code=00111&code=00101008313&supplier_code=00100005&order_time=2020-11-15 HTTP/1.1" 200 412
222.69.137.205 - - [15/Nov/2020:09:11:47 +0800] "GET /xingrg/kc/buy/cgsh_order_operate.html?command=get_materiel&rest_code=00149&code=00101008331&supplier_code=00100005&order_time=2020-11-15 HTTP/1.1" 200 416
116.228.172.94 - - [15/Nov/2020:09:11:50 +0800] "GET /xingrg/kc/buy/cgsh_order_operate.html?command=get_materiel&rest_code=00107&code=00101008251&supplier_code=00100006&order_time=2020-11-15 HTTP/1.1" 200 408
114.88.166.242 - - [15/Nov/2020:09:11:54 +0800] "GET /xingrg/kc/buy/cgsh_order_operate.html?command=get_materiel&rest_code=00111&code=00101008270&supplier_code=00100005&order_time=2020-11-15 HTTP/1.1" 200 412
