222.69.137.205 - - [15/Nov/2020:10:18:36 +0800] "GET /xingrg/check_reg.html?_=1605406712879 HTTP/1.1" 200 22
116.228.172.94 - - [15/Nov/2020:10:18:36 +0800] "GET /xingrg/all/function/internal_message.html?_=1605406713138&CODE_STATE=getMsg HTTP/1.1" 200 27
101.85.228.137 - - [15/Nov/2020:10:18:37 +0800] "GET /xingrg/kc/buy/cgsh_order_operate.html?command=get_materiel&rest_code=00102&code=00101008131&supplier_code=00100008&order_time=2020-11-15 HTTP/1.1" 200 408
222.69.133.109 - - [15/Nov/2020:10:18:38 +0800] "GET /xingrg/all/function/internal_message.html?_=1605406716720&CODE_STATE=getMsg HTTP/1.1" 200 27
117.185.32.26 - - [15/Nov/2020:10:18:40 +0800] "POST /xingrg/services/DataTransmitService HTTP/1.1" 200 524
117.185.32.26 - - [15/Nov/2020:10:18:40 +0800] "POST /xingrg/services/DataTransmitService HTTP/1.1" 200 501
117.185.32.26 - - [15/Nov/2020:10:18:40 +0800] "POST /xingrg/services/DataTransmitService HTTP/1.1" 200 501
117.185.32.26 - - [15/Nov/2020:10:18:40 +0800] "POST /xingrg/services/DataTransmitService HTTP/1.1" 200 501
117.185.32.26 - - [15/Nov/2020:10:18:40 +0800] "POST /xingrg/services/DataTransmitService HTTP/1.1" 200 501
101.85.228.137 - - [15/Nov/2020:10:18:41 +0800] "GET /xingrg/javascript/auto/indicator.gif HTTP/1.1" 404 1066
222.69.137.205 - - [15/Nov/2020:10:18:43 +0800] "GET /xingrg/kc/buy/cgsh_order_operate.html?command=get_materiel&rest_code=00149&code=00101016053&supplier_code=00100036&order_time=2020-11-15 HTTP/1.1" 200 408
101.85.228.137 - - [15/Nov/2020:10:18:44 +0800] "GET /xingrg/kc/buy/cgsh_order_operate.html?command=get_materiel&rest_code=00102&code=00101011005&supplier_code=00100047&order_time=2020-11-15 HTTP/1.1" 200 428
114.88.166.242 - - [15/Nov/2020:10:18:44 +0800] "GET /xingrg/all/function/internal_message.html?_=1605406829612&CODE_STATE=getMsg HTTP/1.1" 200 27
117.185.32.26 - - [15/Nov/2020:10:18:44 +0800] "POST /xingrg/services/DataTransmitService HTTP/1.1" 200 412
101.85.228.137 - - [15/Nov/2020:10:18:47 +0800] "GET /xingrg/kc/buy/cgsh_order_operate.html?command=get_materiel&rest_code=00102&code=00101008352&supplier_code=00100008&order_time=2020-11-15 HTTP/1.1" 200 412
101.85.228.137 - - [15/Nov/2020:10:18:49 +0800] "GET /xingrg/all/function/internal_message.html?_=1605406727649&CODE_STATE=getMsg HTTP/1.1" 200 27
101.85.95.39 - - [15/Nov/2020:10:18:51 +0800] "GET /xingrg/all/function/internal_message.html?_=1605406470913&CODE_STATE=getMsg HTTP/1.1" 200 27
101.85.228.137 - - [15/Nov/2020:10:18:52 +0800] "GET /xingrg/kc/buy/cgsh_order_operate.html?command=get_materiel&rest_code=00102&code=00101008098&supplier_code=00100008&order_time=2020-11-15 HTTP/1.1" 200 412
222.69.137.205 - - [15/Nov/2020:10:18:54 +0800] "POST /xingrg/kc/buy/cgsh_order_operate.html HTTP/1.1" 200 37
180.162.245.190 - - [15/Nov/2020:10:18:54 +0800] "GET /xingrg/all/function/internal_message.html?_=1605406732602&CODE_STATE=getMsg HTTP/1.1" 200 27
101.85.228.137 - - [15/Nov/2020:10:18:55 +0800] "POST /xingrg/kc/buy/cgsh_order_operate.html HTTP/1.1" 200 2065
222.69.137.205 - - [15/Nov/2020:10:18:57 +0800] "POST /xingrg/kc/buy/cgsh_order_operate.html HTTP/1.1" 200 12
222.69.137.205 - - [15/Nov/2020:10:18:58 +0800] "GET /xingrg/kc/buy/cgsh_order_info.html?code=212020111505820 HTTP/1.1" 200 55637
222.69.137.205 - - [15/Nov/2020:10:18:58 +0800] "GET /xingrg/javascript/easyui/themes/default/validatebox.css HTTP/1.1" 404 1104
222.69.137.205 - - [15/Nov/2020:10:18:59 +0800] "POST /xingrg/kc/buy/cgsh_order_operate.html HTTP/1.1" 200 1188
101.85.228.137 - - [15/Nov/2020:10:19:00 +0800] "GET /xingrg/kc/buy/cgsh_order_operate.html?command=get_materiel&rest_code=00102&code=00101008005&supplier_code=00100008&order_time=2020-11-15 HTTP/1.1" 200 412
222.69.137.205 - - [15/Nov/2020:10:19:00 +0800] "GET /xingrg/kc/print/load_data.html?order_code=212020111505820&kc_code=cgsh&condition= HTTP/1.1" 200 992
172.17.0.185 - - [15/Nov/2020:10:19:04 +0800] "GET /xingrg/check_reg.html?_=1605406739190 HTTP/1.1" 200 22
222.69.137.205 - - [15/Nov/2020:10:19:04 +0800] "GET /xingrg/kc/buy/cgsh_order_add.html HTTP/1.1" 200 60732
222.69.137.205 - - [15/Nov/2020:10:19:05 +0800] "POST /xingrg/kc/buy/cgsh_order_operate.html HTTP/1.1" 200 8245
222.69.137.205 - - [15/Nov/2020:10:19:05 +0800] "GET /xingrg/javascript/easyui/themes/default/validatebox.css HTTP/1.1" 404 1104
114.88.166.242 - - [15/Nov/2020:10:19:06 +0800] "POST /xingrg/kc/base/stock_operate.html HTTP/1.1" 200 1472
101.85.228.137 - - [15/Nov/2020:10:19:07 +0800] "GET /xingrg/kc/buy/cgsh_order_operate.html?command=get_materiel&rest_code=00102&code=00101008353&supplier_code=00100008&order_time=2020-11-15 HTTP/1.1" 200 408
101.85.228.137 - - [15/Nov/2020:10:19:10 +0800] "POST /xingrg/kc/buy/cgsh_order_operate.html HTTP/1.1" 200 37
101.85.228.137 - - [15/Nov/2020:10:19:11 +0800] "GET /xingrg/kc/buy/cgsh_order_operate.html?command=get_materiel&rest_code=00102&code=00101008213&supplier_code=00100008&order_time=2020-11-15 HTTP/1.1" 200 412
101.85.228.137 - - [15/Nov/2020:10:19:13 +0800] "POST /xingrg/kc/buy/cgsh_order_operate.html HTTP/1.1" 200 12
101.85.228.137 - - [15/Nov/2020:10:19:15 +0800] "GET /xingrg/kc/buy/cgsh_order_info.html?code=212020111505821 HTTP/1.1" 200 55539
101.85.228.137 - - [15/Nov/2020:10:19:15 +0800] "GET /xingrg/kc/buy/cgsh_order_operate.html?command=get_materiel&rest_code=00102&code=00101008140&supplier_code=00100008&order_time=2020-11-15 HTTP/1.1" 200 416
101.85.228.137 - - [15/Nov/2020:10:19:15 +0800] "GET /xingrg/javascript/easyui/themes/default/validatebox.css HTTP/1.1" 404 1104
101.85.228.137 - - [15/Nov/2020:10:19:15 +0800] "POST /xingrg/kc/buy/cgsh_order_operate.html HTTP/1.1" 200 609
180.174.56.115 - - [15/Nov/2020:10:19:16 +0800] "GET /xingrg/all/function/internal_message.html?_=1605406751683&CODE_STATE=getMsg HTTP/1.1" 200 27
180.174.56.115 - - [15/Nov/2020:10:19:16 +0800] "GET /xingrg/check_reg.html?_=1605406751685 HTTP/1.1" 200 22
116.232.50.120 - - [15/Nov/2020:10:19:19 +0800] "GET /xingrg/all/function/internal_message.html?_=1605406788421&CODE_STATE=getMsg HTTP/1.1" 200 27
114.88.166.242 - - [15/Nov/2020:10:19:20 +0800] "GET /xingrg/all/function/internal_message.html?_=1605406750323&CODE_STATE=getMsg HTTP/1.1" 200 27
101.85.228.137 - - [15/Nov/2020:10:19:21 +0800] "GET /xingrg/kc/buy/cgsh_order_operate.html?command=get_materiel&rest_code=00102&code=00101008114&supplier_code=00100008&order_time=2020-11-15 HTTP/1.1" 200 413
117.184.7.26 - - [15/Nov/2020:10:19:22 +0800] "GET /xingrg/all/function/internal_message.html?_=1605406758100&CODE_STATE=getMsg HTTP/1.1" 200 27
117.184.7.26 - - [15/Nov/2020:10:19:22 +0800] "GET /xingrg/check_reg.html?_=1605406758228 HTTP/1.1" 200 22
101.85.228.137 - - [15/Nov/2020:10:19:24 +0800] "POST /xingrg/kc/buy/cgsh_order_operate.html HTTP/1.1" 200 2065
120.253.135.82 - - [15/Nov/2020:10:19:25 +0800] "GET /xingrg/all/function/internal_message.html?_=1605406802782&CODE_STATE=getMsg HTTP/1.1" 200 27
101.85.228.137 - - [15/Nov/2020:10:19:25 +0800] "GET /xingrg/kc/print/load_config.html?kc_code=cgsh HTTP/1.1" 200 1845
101.85.228.137 - - [15/Nov/2020:10:19:25 +0800] "GET /xingrg/kc/print/load_data.html?order_code=212020111505821&kc_code=cgsh&condition= HTTP/1.1" 200 741
114.88.166.242 - - [15/Nov/2020:10:19:27 +0800] "GET /xingrg/all/function/internal_message.html?_=1605406762645&CODE_STATE=getMsg HTTP/1.1" 200 27
101.85.228.137 - - [15/Nov/2020:10:19:27 +0800] "GET /xingrg/kc/buy/cgsh_order_operate.html?command=get_materiel&rest_code=00102&code=00101008125&supplier_code=00100008&order_time=2020-11-15 HTTP/1.1" 200 413
101.85.228.137 - - [15/Nov/2020:10:19:29 +0800] "GET /xingrg/all/function/internal_message.html?_=1605406988228&CODE_STATE=getMsg HTTP/1.1" 200 27
117.131.5.26 - - [15/Nov/2020:10:19:31 +0800] "POST /xingrg/services/DataTransmitService HTTP/1.1" 200 524
101.85.228.137 - - [15/Nov/2020:10:19:32 +0800] "POST /xingrg/kc/buy/cgsh_order_operate.html HTTP/1.1" 200 37
101.85.228.137 - - [15/Nov/2020:10:19:33 +0800] "POST /xingrg/kc/buy/cgsh_order_operate.html HTTP/1.1" 200 16841
172.17.0.100 - - [15/Nov/2020:10:19:35 +0800] "GET /xingrg/all/function/internal_message.html?_=1605406773270&CODE_STATE=getMsg HTTP/1.1" 200 27
222.69.137.205 - - [15/Nov/2020:10:19:36 +0800] "GET /xingrg/all/function/internal_message.html?_=1605406772870&CODE_STATE=getMsg HTTP/1.1" 200 27
116.228.172.94 - - [15/Nov/2020:10:19:36 +0800] "GET /xingrg/all/function/internal_message.html?_=1605406773123&CODE_STATE=getMsg HTTP/1.1" 200 27
101.85.228.137 - - [15/Nov/2020:10:19:37 +0800] "GET /xingrg/kc/buy/cgsh_order_add.html HTTP/1.1" 200 60638
101.85.228.137 - - [15/Nov/2020:10:19:37 +0800] "POST /xingrg/kc/buy/cgsh_order_operate.html HTTP/1.1" 200 8245
101.85.228.137 - - [15/Nov/2020:10:19:37 +0800] "GET /xingrg/javascript/easyui/themes/default/validatebox.css HTTP/1.1" 404 1104
222.69.133.109 - - [15/Nov/2020:10:19:38 +0800] "GET /xingrg/all/function/internal_message.html?_=1605406776716&CODE_STATE=getMsg HTTP/1.1" 200 27
101.85.228.137 - - [15/Nov/2020:10:19:41 +0800] "POST /xingrg/kc/buy/cgsh_order_operate.html HTTP/1.1" 200 37
101.85.228.137 - - [15/Nov/2020:10:19:42 +0800] "POST /xingrg/kc/buy/cgsh_order_operate.html HTTP/1.1" 200 16841
222.69.137.205 - - [15/Nov/2020:10:19:43 +0800] "GET /xingrg/kc/buy/cgsh_order_operate.html?command=get_materiel&rest_code=00149&code=00101006193&supplier_code=00100012&order_time=2020-11-15 HTTP/1.1" 200 409
114.88.166.242 - - [15/Nov/2020:10:19:44 +0800] "GET /xingrg/check_reg.html?_=1605406889617 HTTP/1.1" 200 22
114.88.166.242 - - [15/Nov/2020:10:19:44 +0800] "GET /xingrg/all/function/internal_message.html?_=1605406889612&CODE_STATE=getMsg HTTP/1.1" 200 27
101.85.228.137 - - [15/Nov/2020:10:19:46 +0800] "GET /xingrg/kc/buy/cgsh_order_add.html HTTP/1.1" 200 60644
101.85.228.137 - - [15/Nov/2020:10:19:47 +0800] "POST /xingrg/kc/buy/cgsh_order_operate.html HTTP/1.1" 200 8245
101.85.228.137 - - [15/Nov/2020:10:19:47 +0800] "GET /xingrg/javascript/easyui/themes/default/validatebox.css HTTP/1.1" 404 1104
101.85.228.137 - - [15/Nov/2020:10:19:49 +0800] "GET /xingrg/all/function/internal_message.html?_=1605406787659&CODE_STATE=getMsg HTTP/1.1" 200 27
101.85.228.137 - - [15/Nov/2020:10:19:50 +0800] "GET /xingrg/javascript/easyui/themes/default/tree.css HTTP/1.1" 404 1090
101.85.228.137 - - [15/Nov/2020:10:19:50 +0800] "POST /xingrg/all/common/load_tree.html?tree=supplier_tree_json&isDelete=1 HTTP/1.1" 200 51855
101.85.95.39 - - [15/Nov/2020:10:19:51 +0800] "GET /xingrg/all/function/internal_message.html?_=1605406530913&CODE_STATE=getMsg HTTP/1.1" 200 27
101.85.228.137 - - [15/Nov/2020:10:19:53 +0800] "GET /xingrg/kc/buy/cgsh_order_operate.html?command=get_materiel&rest_code=00102&code=00101008175&supplier_code=00100008&order_time=2020-11-15 HTTP/1.1" 200 412
222.69.137.205 - - [15/Nov/2020:10:19:54 +0800] "GET /xingrg/kc/buy/cgsh_order_operate.html?command=get_materiel&rest_code=00149&code=00101006133&supplier_code=00100012&order_time=2020-11-15 HTTP/1.1" 200 413
180.162.245.190 - - [15/Nov/2020:10:19:54 +0800] "GET /xingrg/all/function/internal_message.html?_=1605406792572&CODE_STATE=getMsg HTTP/1.1" 200 27
180.157.253.48 - - [15/Nov/2020:10:19:58 +0800] "GET /xingrg/kc/buy/cgsh_order_add.html HTTP/1.1" 200 60685
180.157.253.48 - - [15/Nov/2020:10:19:59 +0800] "GET /xingrg/javascript/easyui/themes/default/validatebox.css HTTP/1.1" 404 1104
180.157.253.48 - - [15/Nov/2020:10:19:59 +0800] "POST /xingrg/kc/buy/cgsh_order_operate.html HTTP/1.1" 200 8245
101.85.228.137 - - [15/Nov/2020:10:20:00 +0800] "GET /xingrg/kc/buy/cgsh_order_operate.html?command=get_materiel&rest_code=00102&code=00101008096&supplier_code=00100008&order_time=2020-11-15 HTTP/1.1" 200 412
222.69.137.205 - - [15/Nov/2020:10:20:05 +0800] "GET /xingrg/kc/buy/cgsh_order_operate.html?command=get_materiel&rest_code=00149&code=00101006112&supplier_code=00100012&order_time=2020-11-15 HTTP/1.1" 200 409
101.85.228.137 - - [15/Nov/2020:10:20:05 +0800] "GET /xingrg/kc/buy/cgsh_order_operate.html?command=get_materiel&rest_code=00102&code=00101008356&supplier_code=00100008&order_time=2020-11-15 HTTP/1.1" 200 408
114.84.37.38 - - [15/Nov/2020:10:20:06 +0800] "GET /xingrg/check_reg.html?_=1605406832457 HTTP/1.1" 200 22
101.85.228.137 - - [15/Nov/2020:10:20:08 +0800] "GET /xingrg/kc/buy/cgsh_order_operate.html?command=get_materiel&rest_code=00102&code=00101012025&supplier_code=00100031&order_time=2020-11-15 HTTP/1.1" 200 412
120.253.135.82 - - [15/Nov/2020:10:20:10 +0800] "GET /xingrg/check_reg.html?_=1605406848469 HTTP/1.1" 200 22
101.85.228.137 - - [15/Nov/2020:10:20:11 +0800] "GET /xingrg/kc/buy/cgsh_order_operate.html?command=get_materiel&rest_code=00102&code=00101008251&supplier_code=00100008&order_time=2020-11-15 HTTP/1.1" 200 408
180.174.56.115 - - [15/Nov/2020:10:20:16 +0800] "GET /xingrg/all/function/internal_message.html?_=1605406811686&CODE_STATE=getMsg HTTP/1.1" 200 27
116.232.50.120 - - [15/Nov/2020:10:20:19 +0800] "GET /xingrg/all/function/internal_message.html?_=1605406848421&CODE_STATE=getMsg HTTP/1.1" 200 27
101.85.228.137 - - [15/Nov/2020:10:20:19 +0800] "GET /xingrg/kc/buy/cgsh_order_operate.html?command=get_materiel&rest_code=00102&code=00101008296&supplier_code=00100008&order_time=2020-11-15 HTTP/1.1" 200 416
114.88.166.242 - - [15/Nov/2020:10:20:20 +0800] "GET /xingrg/all/function/internal_message.html?_=1605406810384&CODE_STATE=getMsg HTTP/1.1" 200 27
117.184.7.26 - - [15/Nov/2020:10:20:22 +0800] "GET /xingrg/all/function/internal_message.html?_=1605406818072&CODE_STATE=getMsg HTTP/1.1" 200 27
120.253.135.82 - - [15/Nov/2020:10:20:25 +0800] "GET /xingrg/all/function/internal_message.html?_=1605406862790&CODE_STATE=getMsg HTTP/1.1" 200 27
114.88.166.242 - - [15/Nov/2020:10:20:27 +0800] "GET /xingrg/all/function/internal_message.html?_=1605406822669&CODE_STATE=getMsg HTTP/1.1" 200 27
222.69.137.205 - - [15/Nov/2020:10:20:27 +0800] "GET /xingrg/kc/buy/cgsh_order_operate.html?command=get_materiel&rest_code=00149&code=00101006144&supplier_code=00100012&order_time=2020-11-15 HTTP/1.1" 200 409
101.85.228.137 - - [15/Nov/2020:10:20:29 +0800] "GET /xingrg/all/function/internal_message.html?_=1605407048298&CODE_STATE=getMsg HTTP/1.1" 200 27
101.85.228.137 - - [15/Nov/2020:10:20:30 +0800] "GET /xingrg/kc/buy/cgsh_order_operate.html?command=get_materiel&rest_code=00102&code=00101013179&supplier_code=00100008&order_time=2020-11-15 HTTP/1.1" 200 412
101.85.228.137 - - [15/Nov/2020:10:20:34 +0800] "GET /xingrg/kc/buy/cgsh_order_operate.html?command=get_materiel&rest_code=00102&code=00101008225&supplier_code=00100008&order_time=2020-11-15 HTTP/1.1" 200 416
222.69.137.205 - - [15/Nov/2020:10:20:35 +0800] "GET /xingrg/kc/buy/cgsh_order_operate.html?command=get_materiel&rest_code=00149&code=00101006109&supplier_code=00100012&order_time=2020-11-15 HTTP/1.1" 200 409
172.17.0.100 - - [15/Nov/2020:10:20:35 +0800] "GET /xingrg/all/function/internal_message.html?_=1605406833270&CODE_STATE=getMsg HTTP/1.1" 200 27
222.69.137.205 - - [15/Nov/2020:10:20:36 +0800] "GET /xingrg/all/function/internal_message.html?_=1605406832919&CODE_STATE=getMsg HTTP/1.1" 200 27
116.228.172.94 - - [15/Nov/2020:10:20:36 +0800] "GET /xingrg/all/function/internal_message.html?_=1605406833099&CODE_STATE=getMsg HTTP/1.1" 200 27
116.228.172.94 - - [15/Nov/2020:10:20:37 +0800] "POST /xingrg/kc/buy/cgsh_order_operate.html HTTP/1.1" 200 37
116.228.172.94 - - [15/Nov/2020:10:20:38 +0800] "POST /xingrg/kc/buy/cgsh_order_operate.html HTTP/1.1" 200 38136
222.69.133.109 - - [15/Nov/2020:10:20:39 +0800] "GET /xingrg/all/function/internal_message.html?_=1605406836729&CODE_STATE=getMsg HTTP/1.1" 200 27
116.228.172.94 - - [15/Nov/2020:10:20:40 +0800] "GET /xingrg/kc/buy/cgsh_order_add.html HTTP/1.1" 200 60767
101.85.228.137 - - [15/Nov/2020:10:20:42 +0800] "POST /xingrg/kc/buy/cgsh_order_operate.html HTTP/1.1" 200 37
101.85.228.137 - - [15/Nov/2020:10:20:42 +0800] "GET /xingrg/kc/buy/cgsh_order_operate.html?command=get_materiel&rest_code=00102&code=00101016038&supplier_code=00100031&order_time=2020-11-15 HTTP/1.1" 200 408
116.228.172.94 - - [15/Nov/2020:10:20:42 +0800] "GET /xingrg/javascript/easyui/themes/default/validatebox.css HTTP/1.1" 404 1104
116.228.172.94 - - [15/Nov/2020:10:20:42 +0800] "POST /xingrg/kc/buy/cgsh_order_operate.html HTTP/1.1" 200 8245
101.85.228.137 - - [15/Nov/2020:10:20:43 +0800] "POST /xingrg/kc/buy/cgsh_order_operate.html HTTP/1.1" 200 7965
222.69.137.205 - - [15/Nov/2020:10:20:44 +0800] "GET /xingrg/kc/buy/cgsh_order_operate.html?command=get_materiel&rest_code=00149&code=00101006108&supplier_code=00100012&order_time=2020-11-15 HTTP/1.1" 200 421
114.88.166.242 - - [15/Nov/2020:10:20:44 +0800] "GET /xingrg/all/function/internal_message.html?_=1605406949599&CODE_STATE=getMsg HTTP/1.1" 200 27
101.85.228.137 - - [15/Nov/2020:10:20:45 +0800] "GET /xingrg/kc/buy/cgsh_order_add.html HTTP/1.1" 200 60644
101.85.228.137 - - [15/Nov/2020:10:20:45 +0800] "POST /xingrg/kc/buy/cgsh_order_operate.html HTTP/1.1" 200 8245
101.85.228.137 - - [15/Nov/2020:10:20:46 +0800] "GET /xingrg/javascript/easyui/themes/default/validatebox.css HTTP/1.1" 404 1104
116.228.172.94 - - [15/Nov/2020:10:20:46 +0800] "GET /xingrg/javascript/easyui/themes/default/tree.css HTTP/1.1" 404 1090
116.228.172.94 - - [15/Nov/2020:10:20:46 +0800] "POST /xingrg/all/common/load_tree.html?tree=supplier_tree_json&isDelete=1 HTTP/1.1" 200 51855
101.85.228.137 - - [15/Nov/2020:10:20:49 +0800] "GET /xingrg/all/function/internal_message.html?_=1605406847813&CODE_STATE=getMsg HTTP/1.1" 200 27
101.85.95.39 - - [15/Nov/2020:10:20:51 +0800] "GET /xingrg/all/function/internal_message.html?_=1605406590911&CODE_STATE=getMsg HTTP/1.1" 200 27
101.85.228.137 - - [15/Nov/2020:10:20:53 +0800] "GET /xingrg/kc/buy/cgsh_order_operate.html?command=get_materiel&rest_code=00102&code=00101008323&supplier_code=00100008&order_time=2020-11-15 HTTP/1.1" 200 408
101.85.228.137 - - [15/Nov/2020:10:20:53 +0800] "GET /xingrg/kc/buy/cgsh_order_operate.html?command=get_materiel&rest_code=00102&code=00101005037&supplier_code=00100031&order_time=2020-11-15 HTTP/1.1" 200 409
180.162.245.190 - - [15/Nov/2020:10:20:54 +0800] "GET /xingrg/all/function/internal_message.html?_=1605406852554&CODE_STATE=getMsg HTTP/1.1" 200 27
222.69.137.205 - - [15/Nov/2020:10:20:57 +0800] "GET /xingrg/kc/buy/cgsh_order_operate.html?command=get_materiel&rest_code=00149&code=00101006184&supplier_code=00100012&order_time=2020-11-15 HTTP/1.1" 200 408
101.85.228.137 - - [15/Nov/2020:10:21:02 +0800] "GET /xingrg/kc/buy/cgsh_order_operate.html?command=get_materiel&rest_code=00102&code=00101008155&supplier_code=00100008&order_time=2020-11-15 HTTP/1.1" 200 408
116.228.172.94 - - [15/Nov/2020:10:21:07 +0800] "GET /xingrg/kc/buy/cgsh_order_operate.html?command=get_materiel&rest_code=00107&code=00101018011&supplier_code=00100330&order_time=2020-11-15 HTTP/1.1" 200 413
101.85.228.137 - - [15/Nov/2020:10:21:10 +0800] "GET /xingrg/kc/buy/cgsh_order_operate.html?command=get_materiel&rest_code=00102&code=00101018008&supplier_code=00100031&order_time=2020-11-15 HTTP/1.1" 200 413
222.69.137.205 - - [15/Nov/2020:10:21:13 +0800] "POST /xingrg/kc/buy/cgsh_order_operate.html HTTP/1.1" 200 37
101.85.228.137 - - [15/Nov/2020:10:21:13 +0800] "GET /xingrg/kc/buy/cgsh_order_operate.html?command=get_materiel&rest_code=00102&code=00101008223&supplier_code=00100008&order_time=2020-11-15 HTTP/1.1" 200 412
180.174.56.115 - - [15/Nov/2020:10:21:16 +0800] "GET /xingrg/all/function/internal_message.html?_=1605406871687&CODE_STATE=getMsg HTTP/1.1" 200 27
116.228.172.94 - - [15/Nov/2020:10:21:16 +0800] "POST /xingrg/kc/buy/cgsh_order_operate.html HTTP/1.1" 200 37
222.69.137.205 - - [15/Nov/2020:10:21:16 +0800] "POST /xingrg/kc/buy/cgsh_order_operate.html HTTP/1.1" 200 12
222.69.137.205 - - [15/Nov/2020:10:21:17 +0800] "GET /xingrg/kc/buy/cgsh_order_info.html?code=212020111505824 HTTP/1.1" 200 55635
116.228.172.94 - - [15/Nov/2020:10:21:17 +0800] "POST /xingrg/kc/buy/cgsh_order_operate.html HTTP/1.1" 200 2657
222.69.137.205 - - [15/Nov/2020:10:21:17 +0800] "GET /xingrg/javascript/easyui/themes/default/validatebox.css HTTP/1.1" 404 1104
222.69.137.205 - - [15/Nov/2020:10:21:18 +0800] "POST /xingrg/kc/buy/cgsh_order_operate.html HTTP/1.1" 200 4154
116.232.50.120 - - [15/Nov/2020:10:21:19 +0800] "GET /xingrg/all/function/internal_message.html?_=1605406908421&CODE_STATE=getMsg HTTP/1.1" 200 27
222.69.137.205 - - [15/Nov/2020:10:21:19 +0800] "GET /xingrg/kc/print/load_data.html?order_code=212020111505824&kc_code=cgsh&condition= HTTP/1.1" 200 2145
114.88.166.242 - - [15/Nov/2020:10:21:20 +0800] "GET /xingrg/all/function/internal_message.html?_=1605406870397&CODE_STATE=getMsg HTTP/1.1" 200 27
117.184.7.26 - - [15/Nov/2020:10:21:22 +0800] "GET /xingrg/all/function/internal_message.html?_=1605406878051&CODE_STATE=getMsg HTTP/1.1" 200 27
101.85.228.137 - - [15/Nov/2020:10:21:23 +0800] "GET /xingrg/kc/buy/cgsh_order_operate.html?command=get_materiel&rest_code=00102&code=00101008168&supplier_code=00100008&order_time=2020-11-15 HTTP/1.1" 200 412
120.253.135.82 - - [15/Nov/2020:10:21:25 +0800] "GET /xingrg/all/function/internal_message.html?_=1605406922804&CODE_STATE=getMsg HTTP/1.1" 200 27
114.88.166.242 - - [15/Nov/2020:10:21:27 +0800] "GET /xingrg/all/function/internal_message.html?_=1605406882666&CODE_STATE=getMsg HTTP/1.1" 200 27
101.85.228.137 - - [15/Nov/2020:10:21:27 +0800] "GET /xingrg/check_reg.html?_=1605407105646 HTTP/1.1" 200 22
101.85.228.137 - - [15/Nov/2020:10:21:29 +0800] "GET /xingrg/all/function/internal_message.html?_=1605407108311&CODE_STATE=getMsg HTTP/1.1" 200 27
116.228.172.94 - - [15/Nov/2020:10:21:29 +0800] "GET /xingrg/kc/print/load_data.html?order_code=212020111505825&kc_code=cgsh&condition= HTTP/1.1" 200 682
101.85.228.137 - - [15/Nov/2020:10:21:31 +0800] "GET /xingrg/kc/buy/cgsh_order_operate.html?command=get_materiel&rest_code=00102&code=00101015046&supplier_code=00100008&order_time=2020-11-15 HTTP/1.1" 200 412
116.228.172.94 - - [15/Nov/2020:10:21:34 +0800] "GET /xingrg/kc/buy/cgsh_order_add.html HTTP/1.1" 200 60767
116.228.172.94 - - [15/Nov/2020:10:21:35 +0800] "GET /xingrg/javascript/easyui/themes/default/validatebox.css HTTP/1.1" 404 1104
116.228.172.94 - - [15/Nov/2020:10:21:35 +0800] "POST /xingrg/kc/buy/cgsh_order_operate.html HTTP/1.1" 200 8245
172.17.0.100 - - [15/Nov/2020:10:21:35 +0800] "GET /xingrg/check_reg.html?_=1605406893270 HTTP/1.1" 200 22
172.17.0.100 - - [15/Nov/2020:10:21:35 +0800] "GET /xingrg/all/function/internal_message.html?_=1605406893273&CODE_STATE=getMsg HTTP/1.1" 200 27
101.85.228.137 - - [15/Nov/2020:10:21:36 +0800] "GET /xingrg/kc/buy/cgsh_order_operate.html?command=get_materiel&rest_code=00102&code=00101015038&supplier_code=00100008&order_time=2020-11-15 HTTP/1.1" 200 418
222.69.137.205 - - [15/Nov/2020:10:21:36 +0800] "GET /xingrg/all/function/internal_message.html?_=1605406892901&CODE_STATE=getMsg HTTP/1.1" 200 27
116.228.172.94 - - [15/Nov/2020:10:21:36 +0800] "GET /xingrg/all/function/internal_message.html?_=1605406893157&CODE_STATE=getMsg HTTP/1.1" 200 27
116.228.172.94 - - [15/Nov/2020:10:21:37 +0800] "GET /xingrg/javascript/easyui/themes/default/tree.css HTTP/1.1" 404 1090
116.228.172.94 - - [15/Nov/2020:10:21:37 +0800] "POST /xingrg/all/common/load_tree.html?tree=supplier_tree_json&isDelete=1 HTTP/1.1" 200 51855
222.69.133.109 - - [15/Nov/2020:10:21:39 +0800] "GET /xingrg/all/function/internal_message.html?_=1605406896731&CODE_STATE=getMsg HTTP/1.1" 200 27
101.85.228.137 - - [15/Nov/2020:10:21:42 +0800] "GET /xingrg/kc/buy/cgsh_order_operate.html?command=get_materiel&rest_code=00102&code=00101015044&supplier_code=00100008&order_time=2020-11-15 HTTP/1.1" 200 408
114.88.166.242 - - [15/Nov/2020:10:21:44 +0800] "GET /xingrg/all/function/internal_message.html?_=1605407009604&CODE_STATE=getMsg HTTP/1.1" 200 27
101.85.228.137 - - [15/Nov/2020:10:21:49 +0800] "GET /xingrg/check_reg.html?_=1605406907548 HTTP/1.1" 200 22
101.85.228.137 - - [15/Nov/2020:10:21:49 +0800] "GET /xingrg/all/function/internal_message.html?_=1605406907827&CODE_STATE=getMsg HTTP/1.1" 200 27
101.85.95.39 - - [15/Nov/2020:10:21:51 +0800] "GET /xingrg/all/function/internal_message.html?_=1605406650926&CODE_STATE=getMsg HTTP/1.1" 200 27
101.85.95.39 - - [15/Nov/2020:10:21:54 +0800] "GET /xingrg/check_reg.html?_=1605406650929 HTTP/1.1" 200 22
180.162.245.190 - - [15/Nov/2020:10:21:54 +0800] "GET /xingrg/all/function/internal_message.html?_=1605406912526&CODE_STATE=getMsg HTTP/1.1" 200 27
116.228.172.94 - - [15/Nov/2020:10:21:58 +0800] "GET /xingrg/kc/buy/cgsh_order_operate.html?command=get_materiel&rest_code=00107&code=00101006038&supplier_code=00100342&order_time=2020-11-15 HTTP/1.1" 200 423
101.85.228.137 - - [15/Nov/2020:10:22:05 +0800] "GET /xingrg/kc/buy/cgsh_order_operate.html?command=get_materiel&rest_code=00102&code=00101008314&supplier_code=00100008&order_time=2020-11-15 HTTP/1.1" 200 413
180.174.56.115 - - [15/Nov/2020:10:22:07 +0800] "GET /xingrg/kc/base/wldb_order_list.html HTTP/1.1" 200 19424
180.174.56.115 - - [15/Nov/2020:10:22:07 +0800] "POST /xingrg/kc/base/wldb_list_operate.html HTTP/1.1" 200 928
116.228.172.94 - - [15/Nov/2020:10:22:07 +0800] "POST /xingrg/kc/buy/cgsh_order_operate.html HTTP/1.1" 200 37
116.228.172.94 - - [15/Nov/2020:10:22:08 +0800] "POST /xingrg/kc/buy/cgsh_order_operate.html HTTP/1.1" 200 2666
180.174.56.115 - - [15/Nov/2020:10:22:09 +0800] "GET /xingrg/kc/base/wldb_order_add.html HTTP/1.1" 200 30593
180.174.56.115 - - [15/Nov/2020:10:22:09 +0800] "POST /xingrg/kc/base/wldb_order_operate.html HTTP/1.1" 200 6806
180.174.56.115 - - [15/Nov/2020:10:22:09 +0800] "GET /xingrg/javascript/easyui/themes/default/validatebox.css HTTP/1.1" 404 1104
116.228.172.94 - - [15/Nov/2020:10:22:09 +0800] "GET /xingrg/kc/print/load_data.html?order_code=212020111505826&kc_code=cgsh&condition= HTTP/1.1" 200 685
101.85.228.137 - - [15/Nov/2020:10:22:11 +0800] "POST /xingrg/kc/buy/cgsh_order_operate.html HTTP/1.1" 200 37
180.174.56.115 - - [15/Nov/2020:10:22:11 +0800] "GET /xingrg/javascript/auto/indicator.gif HTTP/1.1" 404 1066
101.85.228.137 - - [15/Nov/2020:10:22:13 +0800] "GET /xingrg/kc/buy/cgsh_order_operate.html?command=get_materiel&rest_code=00102&code=00101015066&supplier_code=00100008&order_time=2020-11-15 HTTP/1.1" 200 413
101.85.228.137 - - [15/Nov/2020:10:22:13 +0800] "POST /xingrg/kc/buy/cgsh_order_operate.html HTTP/1.1" 200 12
116.228.172.94 - - [15/Nov/2020:10:22:14 +0800] "GET /xingrg/kc/buy/cgsh_order_add.html HTTP/1.1" 200 60767
101.85.228.137 - - [15/Nov/2020:10:22:14 +0800] "GET /xingrg/kc/buy/cgsh_order_info.html?code=212020111505827 HTTP/1.1" 200 55541
116.228.172.94 - - [15/Nov/2020:10:22:15 +0800] "GET /xingrg/javascript/easyui/themes/default/validatebox.css HTTP/1.1" 404 1104
116.228.172.94 - - [15/Nov/2020:10:22:15 +0800] "POST /xingrg/kc/buy/cgsh_order_operate.html HTTP/1.1" 200 8245
101.85.228.137 - - [15/Nov/2020:10:22:15 +0800] "GET /xingrg/javascript/easyui/themes/default/validatebox.css HTTP/1.1" 404 1104
101.85.228.137 - - [15/Nov/2020:10:22:15 +0800] "POST /xingrg/kc/buy/cgsh_order_operate.html HTTP/1.1" 200 2371
180.174.56.115 - - [15/Nov/2020:10:22:16 +0800] "GET /xingrg/all/function/internal_message.html?_=1605406931713&CODE_STATE=getMsg HTTP/1.1" 200 27
116.228.172.94 - - [15/Nov/2020:10:22:16 +0800] "GET /xingrg/javascript/easyui/themes/default/tree.css HTTP/1.1" 404 1090
116.228.172.94 - - [15/Nov/2020:10:22:16 +0800] "POST /xingrg/all/common/load_tree.html?tree=supplier_tree_json&isDelete=1 HTTP/1.1" 200 51855
101.85.228.137 - - [15/Nov/2020:10:22:16 +0800] "POST /xingrg/kc/buy/cgsh_order_operate.html HTTP/1.1" 200 37
101.85.228.137 - - [15/Nov/2020:10:22:17 +0800] "POST /xingrg/kc/buy/cgsh_order_operate.html HTTP/1.1" 200 9161
180.174.56.115 - - [15/Nov/2020:10:22:18 +0800] "GET /xingrg/kc/base/yddb_order_list.html HTTP/1.1" 200 17030
180.174.56.115 - - [15/Nov/2020:10:22:18 +0800] "POST /xingrg/kc/base/yddb_list_operate.html HTTP/1.1" 200 636
101.85.228.137 - - [15/Nov/2020:10:22:19 +0800] "GET /xingrg/kc/print/load_data.html?order_code=212020111505827&kc_code=cgsh&condition= HTTP/1.1" 200 1374
116.232.50.120 - - [15/Nov/2020:10:22:19 +0800] "GET /xingrg/all/function/internal_message.html?_=1605406968421&CODE_STATE=getMsg HTTP/1.1" 200 27
180.174.56.115 - - [15/Nov/2020:10:22:19 +0800] "GET /xingrg/kc/base/yddb_order_add.html HTTP/1.1" 200 29753
180.174.56.115 - - [15/Nov/2020:10:22:19 +0800] "GET /xingrg/dwr/interface/AjaxComOrderService.js HTTP/1.1" 200 18264
180.174.56.115 - - [15/Nov/2020:10:22:19 +0800] "GET /xingrg/dwr/interface/AjaxYddbService.js HTTP/1.1" 200 13201
180.174.56.115 - - [15/Nov/2020:10:22:19 +0800] "GET /xingrg/dwr/engine.js HTTP/1.1" 200 43631
114.88.166.242 - - [15/Nov/2020:10:22:20 +0800] "GET /xingrg/all/function/internal_message.html?_=1605406930452&CODE_STATE=getMsg HTTP/1.1" 200 27
117.184.7.26 - - [15/Nov/2020:10:22:22 +0800] "GET /xingrg/all/function/internal_message.html?_=1605406938038&CODE_STATE=getMsg HTTP/1.1" 200 27
180.174.56.115 - - [15/Nov/2020:10:22:22 +0800] "POST /xingrg/dwr/call/plaincall/AjaxYddbService.getRestBases.dwr HTTP/1.1" 200 1514
120.253.135.82 - - [15/Nov/2020:10:22:25 +0800] "GET /xingrg/all/function/internal_message.html?_=1605406982822&CODE_STATE=getMsg HTTP/1.1" 200 27
101.85.228.137 - - [15/Nov/2020:10:22:25 +0800] "GET /xingrg/kc/buy/cgsh_order_add.html HTTP/1.1" 200 60638
101.85.228.137 - - [15/Nov/2020:10:22:25 +0800] "GET /xingrg/kc/buy/cgsh_order_operate.html?command=get_materiel&rest_code=00102&code=00101008209&supplier_code=00100008&order_time=2020-11-15 HTTP/1.1" 200 408
101.85.228.137 - - [15/Nov/2020:10:22:26 +0800] "POST /xingrg/kc/buy/cgsh_order_operate.html HTTP/1.1" 200 8245
101.85.228.137 - - [15/Nov/2020:10:22:26 +0800] "GET /xingrg/javascript/easyui/themes/default/validatebox.css HTTP/1.1" 404 1104
114.88.166.242 - - [15/Nov/2020:10:22:27 +0800] "GET /xingrg/all/function/internal_message.html?_=1605406942680&CODE_STATE=getMsg HTTP/1.1" 200 27
180.174.56.115 - - [15/Nov/2020:10:22:28 +0800] "POST /xingrg/dwr/call/plaincall/AjaxYddbService.saveOrder.dwr HTTP/1.1" 200 78
180.174.56.115 - - [15/Nov/2020:10:22:29 +0800] "GET /xingrg/images/yd/bt.gif HTTP/1.1" 404 1040
101.85.228.137 - - [15/Nov/2020:10:22:29 +0800] "GET /xingrg/all/function/internal_message.html?_=1605407168324&CODE_STATE=getMsg HTTP/1.1" 200 27
180.174.56.115 - - [15/Nov/2020:10:22:31 +0800] "POST /xingrg/dwr/call/plaincall/AjaxComOrderService.getMaterielSearchList.dwr HTTP/1.1" 200 835
180.174.56.115 - - [15/Nov/2020:10:22:33 +0800] "POST /xingrg/dwr/call/plaincall/AjaxYddbService.getMaterielByMap.dwr HTTP/1.1" 200 3669
101.85.228.137 - - [15/Nov/2020:10:22:34 +0800] "GET /xingrg/kc/buy/cgsh_order_operate.html?command=get_materiel&rest_code=00102&code=00101008072&supplier_code=00100008&order_time=2020-11-15 HTTP/1.1" 200 408
180.174.56.115 - - [15/Nov/2020:10:22:35 +0800] "POST /xingrg/dwr/call/plaincall/AjaxYddbService.saveMaterielItem.dwr HTTP/1.1" 200 78
172.17.0.100 - - [15/Nov/2020:10:22:35 +0800] "GET /xingrg/all/function/internal_message.html?_=1605406953272&CODE_STATE=getMsg HTTP/1.1" 200 27
222.69.137.205 - - [15/Nov/2020:10:22:36 +0800] "GET /xingrg/all/function/internal_message.html?_=1605406952881&CODE_STATE=getMsg HTTP/1.1" 200 27
116.228.172.94 - - [15/Nov/2020:10:22:37 +0800] "GET /xingrg/all/function/internal_message.html?_=1605406953240&CODE_STATE=getMsg HTTP/1.1" 200 27
180.174.56.115 - - [15/Nov/2020:10:22:38 +0800] "POST /xingrg/dwr/call/plaincall/AjaxComOrderService.getMaterielSearchList.dwr HTTP/1.1" 200 2245
222.69.133.109 - - [15/Nov/2020:10:22:38 +0800] "GET /xingrg/check_reg.html?_=1605406956723 HTTP/1.1" 200 22
222.69.133.109 - - [15/Nov/2020:10:22:39 +0800] "GET /xingrg/all/function/internal_message.html?_=1605406956727&CODE_STATE=getMsg HTTP/1.1" 200 27
180.174.56.115 - - [15/Nov/2020:10:22:40 +0800] "POST /xingrg/dwr/call/plaincall/AjaxYddbService.getMaterielByMap.dwr HTTP/1.1" 200 3670
180.174.56.115 - - [15/Nov/2020:10:22:42 +0800] "POST /xingrg/dwr/call/plaincall/AjaxYddbService.saveMaterielItem.dwr HTTP/1.1" 200 78
101.85.228.137 - - [15/Nov/2020:10:22:43 +0800] "GET /xingrg/kc/buy/cgsh_order_operate.html?command=get_materiel&rest_code=00102&code=00101008351&supplier_code=00100008&order_time=2020-11-15 HTTP/1.1" 200 427
114.88.166.242 - - [15/Nov/2020:10:22:44 +0800] "GET /xingrg/all/function/internal_message.html?_=1605407069600&CODE_STATE=getMsg HTTP/1.1" 200 27
180.174.56.115 - - [15/Nov/2020:10:22:46 +0800] "POST /xingrg/dwr/call/plaincall/AjaxComOrderService.getMaterielSearchList.dwr HTTP/1.1" 200 1854
101.85.228.137 - - [15/Nov/2020:10:22:47 +0800] "GET /xingrg/kc/buy/cgsh_order_operate.html?command=get_materiel&rest_code=00102&code=00101008361&supplier_code=00100008&order_time=2020-11-15 HTTP/1.1" 200 408
116.228.172.94 - - [15/Nov/2020:10:22:47 +0800] "GET /xingrg/kc/buy/cgsh_order_operate.html?command=get_materiel&rest_code=00107&code=00101010628&supplier_code=00100327&order_time=2020-11-15 HTTP/1.1" 200 412
101.85.228.137 - - [15/Nov/2020:10:22:48 +0800] "POST /xingrg/kc/buy/cgsh_order_operate.html HTTP/1.1" 200 2065
114.88.166.242 - - [15/Nov/2020:10:22:49 +0800] "GET /xingrg/check_reg.html?_=1605406959706 HTTP/1.1" 200 22
101.85.228.137 - - [15/Nov/2020:10:22:49 +0800] "GET /xingrg/all/function/internal_message.html?_=1605406967939&CODE_STATE=getMsg HTTP/1.1" 200 27
101.85.228.137 - - [15/Nov/2020:10:22:51 +0800] "GET /xingrg/kc/buy/cgsh_order_operate.html?command=get_materiel&rest_code=00102&code=00101008321&supplier_code=00100008&order_time=2020-11-15 HTTP/1.1" 200 412
101.85.95.39 - - [15/Nov/2020:10:22:51 +0800] "GET /xingrg/all/function/internal_message.html?_=1605406710913&CODE_STATE=getMsg HTTP/1.1" 200 27
180.157.253.48 - - [15/Nov/2020:10:22:51 +0800] "GET /xingrg/kc/buy/cgsh_order_operate.html?command=get_materiel&rest_code=00148&code=00101006172&supplier_code=00100331&order_time=2020-11-15 HTTP/1.1" 200 415
180.174.56.115 - - [15/Nov/2020:10:22:52 +0800] "POST /xingrg/dwr/call/plaincall/AjaxYddbService.getMaterielByMap.dwr HTTP/1.1" 200 3670
180.174.56.115 - - [15/Nov/2020:10:22:54 +0800] "POST /xingrg/dwr/call/plaincall/AjaxYddbService.saveMaterielItem.dwr HTTP/1.1" 200 79
180.162.245.190 - - [15/Nov/2020:10:22:54 +0800] "GET /xingrg/all/function/internal_message.html?_=1605406972499&CODE_STATE=getMsg HTTP/1.1" 200 27
180.162.245.190 - - [15/Nov/2020:10:22:56 +0800] "GET /xingrg/check_reg.html?_=1605406973849 HTTP/1.1" 200 22
180.174.56.115 - - [15/Nov/2020:10:22:57 +0800] "POST /xingrg/dwr/call/plaincall/AjaxComOrderService.getMaterielSearchList.dwr HTTP/1.1" 200 410046
180.174.56.115 - - [15/Nov/2020:10:22:58 +0800] "POST /xingrg/dwr/call/plaincall/AjaxComOrderService.getMaterielSearchList.dwr HTTP/1.1" 200 1753
116.228.172.94 - - [15/Nov/2020:10:22:59 +0800] "GET /xingrg/kc/buy/cgsh_order_operate.html?command=get_materiel&rest_code=00107&code=00101001141&supplier_code=00100327&order_time=2020-11-15 HTTP/1.1" 200 413
180.174.56.115 - - [15/Nov/2020:10:23:00 +0800] "POST /xingrg/dwr/call/plaincall/AjaxYddbService.getMaterielByMap.dwr HTTP/1.1" 200 3684
180.174.56.115 - - [15/Nov/2020:10:23:02 +0800] "POST /xingrg/dwr/call/plaincall/AjaxYddbService.saveMaterielItem.dwr HTTP/1.1" 200 79
101.85.228.137 - - [15/Nov/2020:10:23:03 +0800] "POST /xingrg/kc/buy/cgsh_order_operate.html HTTP/1.1" 200 37
101.85.228.137 - - [15/Nov/2020:10:23:04 +0800] "POST /xingrg/kc/buy/cgsh_order_operate.html HTTP/1.1" 200 13308
101.85.228.137 - - [15/Nov/2020:10:23:05 +0800] "GET /xingrg/javascript/jquery_easy_ui/themes/default/images/tabs_active.png HTTP/1.1" 304 -
101.85.228.137 - - [15/Nov/2020:10:23:05 +0800] "GET /xingrg/kc/buy/cgsh_order_operate.html?command=get_materiel&rest_code=00102&code=00101001010&supplier_code=00100151&order_time=2020-11-15 HTTP/1.1" 200 410
180.174.56.115 - - [15/Nov/2020:10:23:06 +0800] "POST /xingrg/dwr/call/plaincall/AjaxComOrderService.getMaterielSearchList.dwr HTTP/1.1" 200 33375
180.174.56.115 - - [15/Nov/2020:10:23:07 +0800] "POST /xingrg/dwr/call/plaincall/AjaxComOrderService.getMaterielSearchList.dwr HTTP/1.1" 200 1658
101.85.228.137 - - [15/Nov/2020:10:23:08 +0800] "POST /xingrg/kc/buy/cgsh_list_operate.html HTTP/1.1" 200 2411
180.174.56.115 - - [15/Nov/2020:10:23:08 +0800] "POST /xingrg/dwr/call/plaincall/AjaxYddbService.getMaterielByMap.dwr HTTP/1.1" 200 3738
116.228.172.94 - - [15/Nov/2020:10:23:09 +0800] "GET /xingrg/kc/buy/cgsh_order_operate.html?command=get_materiel&rest_code=00107&code=00101020215&supplier_code=00100327&order_time=2020-11-15 HTTP/1.1" 200 391
180.174.56.115 - - [15/Nov/2020:10:23:10 +0800] "POST /xingrg/dwr/call/plaincall/AjaxYddbService.getUnitPrice.dwr HTTP/1.1" 200 87
180.174.56.115 - - [15/Nov/2020:10:23:12 +0800] "POST /xingrg/dwr/call/plaincall/AjaxYddbService.saveMaterielItem.dwr HTTP/1.1" 200 79
101.85.228.137 - - [15/Nov/2020:10:23:13 +0800] "POST /xingrg/kc/buy/cgsh_list_operate.html HTTP/1.1" 200 565
101.85.228.137 - - [15/Nov/2020:10:23:14 +0800] "POST /xingrg/kc/buy/cgsh_list_operate.html HTTP/1.1" 200 569
180.174.56.115 - - [15/Nov/2020:10:23:14 +0800] "POST /xingrg/dwr/call/plaincall/AjaxComOrderService.getMaterielSearchList.dwr HTTP/1.1" 200 1282
180.174.56.115 - - [15/Nov/2020:10:23:16 +0800] "GET /xingrg/all/function/internal_message.html?_=1605406991718&CODE_STATE=getMsg HTTP/1.1" 200 27
222.69.137.205 - - [15/Nov/2020:10:23:16 +0800] "POST /xingrg/services/DataTransmitService HTTP/1.1" 200 524
180.174.56.115 - - [15/Nov/2020:10:23:16 +0800] "POST /xingrg/dwr/call/plaincall/AjaxYddbService.getMaterielByMap.dwr HTTP/1.1" 200 3679
101.85.228.137 - - [15/Nov/2020:10:23:17 +0800] "GET /xingrg/kc/buy/cgsh_order_info.html?code=212020111505822 HTTP/1.1" 200 60653
101.85.228.137 - - [15/Nov/2020:10:23:18 +0800] "GET /xingrg/javascript/easyui/themes/default/validatebox.css HTTP/1.1" 404 1104
101.85.228.137 - - [15/Nov/2020:10:23:18 +0800] "POST /xingrg/kc/buy/cgsh_order_operate.html HTTP/1.1" 200 16841
101.85.228.137 - - [15/Nov/2020:10:23:18 +0800] "POST /xingrg/kc/buy/cgsh_list_operate.html HTTP/1.1" 200 2411
180.174.56.115 - - [15/Nov/2020:10:23:19 +0800] "POST /xingrg/dwr/call/plaincall/AjaxYddbService.saveMaterielItem.dwr HTTP/1.1" 200 79
116.232.50.120 - - [15/Nov/2020:10:23:19 +0800] "GET /xingrg/check_reg.html?_=1605407028390 HTTP/1.1" 200 22
116.232.50.120 - - [15/Nov/2020:10:23:19 +0800] "GET /xingrg/all/function/internal_message.html?_=1605407028421&CODE_STATE=getMsg HTTP/1.1" 200 27
114.88.166.242 - - [15/Nov/2020:10:23:20 +0800] "GET /xingrg/all/function/internal_message.html?_=1605406990454&CODE_STATE=getMsg HTTP/1.1" 200 27
117.184.7.26 - - [15/Nov/2020:10:23:22 +0800] "GET /xingrg/all/function/internal_message.html?_=1605406998024&CODE_STATE=getMsg HTTP/1.1" 200 27
120.253.135.82 - - [15/Nov/2020:10:23:25 +0800] "GET /xingrg/all/function/internal_message.html?_=1605407042831&CODE_STATE=getMsg HTTP/1.1" 200 27
116.228.172.94 - - [15/Nov/2020:10:23:25 +0800] "GET /xingrg/kc/buy/cgsh_order_operate.html?command=get_materiel&rest_code=00107&code=00101010263&supplier_code=00100327&order_time=2020-11-15 HTTP/1.1" 200 409
114.88.166.242 - - [15/Nov/2020:10:23:27 +0800] "GET /xingrg/check_reg.html?_=1605407002678 HTTP/1.1" 200 22
114.88.166.242 - - [15/Nov/2020:10:23:27 +0800] "GET /xingrg/all/function/internal_message.html?_=1605407002679&CODE_STATE=getMsg HTTP/1.1" 200 27
101.85.228.137 - - [15/Nov/2020:10:23:29 +0800] "GET /xingrg/all/function/internal_message.html?_=1605407228337&CODE_STATE=getMsg HTTP/1.1" 200 27
117.185.32.26 - - [15/Nov/2020:10:23:30 +0800] "POST /xingrg/services/DataTransmitService HTTP/1.1" 200 524
172.17.0.100 - - [15/Nov/2020:10:23:35 +0800] "GET /xingrg/all/function/internal_message.html?_=1605407013272&CODE_STATE=getMsg HTTP/1.1" 200 27
116.228.172.94 - - [15/Nov/2020:10:23:36 +0800] "GET /xingrg/check_reg.html?_=1605407012451 HTTP/1.1" 200 22
116.228.172.94 - - [15/Nov/2020:10:23:36 +0800] "GET /xingrg/kc/buy/cgsh_order_operate.html?command=get_materiel&rest_code=00107&code=00101010143&supplier_code=00100327&order_time=2020-11-15 HTTP/1.1" 200 413
222.69.137.205 - - [15/Nov/2020:10:23:36 +0800] "GET /xingrg/all/function/internal_message.html?_=1605407012867&CODE_STATE=getMsg HTTP/1.1" 200 27
222.69.137.205 - - [15/Nov/2020:10:23:36 +0800] "GET /xingrg/check_reg.html?_=1605407012872 HTTP/1.1" 200 22
180.174.56.115 - - [15/Nov/2020:10:23:36 +0800] "POST /xingrg/dwr/call/plaincall/AjaxYddbService.checkOrder.dwr HTTP/1.1" 200 79
116.228.172.94 - - [15/Nov/2020:10:23:37 +0800] "GET /xingrg/all/function/internal_message.html?_=1605407013218&CODE_STATE=getMsg HTTP/1.1" 200 27
180.174.56.115 - - [15/Nov/2020:10:23:37 +0800] "GET /xingrg/kc/base/yddb_order_info.html?code=482020111500108 HTTP/1.1" 200 29383
180.174.56.115 - - [15/Nov/2020:10:23:38 +0800] "GET /xingrg/dwr/interface/AjaxYddbService.js HTTP/1.1" 200 13201
180.174.56.115 - - [15/Nov/2020:10:23:38 +0800] "GET /xingrg/dwr/interface/AjaxComOrderService.js HTTP/1.1" 200 18264
180.174.56.115 - - [15/Nov/2020:10:23:38 +0800] "GET /xingrg/dwr/engine.js HTTP/1.1" 200 43631
180.174.56.115 - - [15/Nov/2020:10:23:38 +0800] "POST /xingrg/dwr/call/plaincall/AjaxYddbService.loadMaterielItems.dwr HTTP/1.1" 200 2055
222.69.133.109 - - [15/Nov/2020:10:23:39 +0800] "GET /xingrg/all/function/internal_message.html?_=1605407016729&CODE_STATE=getMsg HTTP/1.1" 200 27
180.157.253.48 - - [15/Nov/2020:10:23:42 +0800] "GET /xingrg/kc/buy/cgsh_order_operate.html?command=get_materiel&rest_code=00148&code=00101006028&supplier_code=00100331&order_time=2020-11-15 HTTP/1.1" 200 415
114.88.166.242 - - [15/Nov/2020:10:23:44 +0800] "GET /xingrg/all/function/internal_message.html?_=1605407129602&CODE_STATE=getMsg HTTP/1.1" 200 27
116.228.172.94 - - [15/Nov/2020:10:23:46 +0800] "GET /xingrg/kc/buy/cgsh_order_operate.html?command=get_materiel&rest_code=00107&code=00101008394&supplier_code=00100327&order_time=2020-11-15 HTTP/1.1" 200 413
101.85.228.137 - - [15/Nov/2020:10:23:49 +0800] "GET /xingrg/all/function/internal_message.html?_=1605407027991&CODE_STATE=getMsg HTTP/1.1" 200 27
101.85.95.39 - - [15/Nov/2020:10:23:51 +0800] "GET /xingrg/all/function/internal_message.html?_=1605406770912&CODE_STATE=getMsg HTTP/1.1" 200 27
180.162.245.190 - - [15/Nov/2020:10:23:54 +0800] "GET /xingrg/all/function/internal_message.html?_=1605407032475&CODE_STATE=getMsg HTTP/1.1" 200 27
116.228.172.94 - - [15/Nov/2020:10:23:55 +0800] "POST /xingrg/kc/buy/cgsh_order_operate.html HTTP/1.1" 200 37
116.228.172.94 - - [15/Nov/2020:10:23:56 +0800] "POST /xingrg/kc/buy/cgsh_order_operate.html HTTP/1.1" 200 5035
116.228.172.94 - - [15/Nov/2020:10:23:58 +0800] "GET /xingrg/kc/print/load_data.html?order_code=212020111505829&kc_code=cgsh&condition= HTTP/1.1" 200 1576
101.85.228.137 - - [15/Nov/2020:10:24:01 +0800] "POST /xingrg/kc/buy/cgsh_list_operate.html HTTP/1.1" 200 2411
116.228.172.94 - - [15/Nov/2020:10:24:02 +0800] "GET /xingrg/kc/buy/cgsh_order_add.html HTTP/1.1" 200 60767
101.85.228.137 - - [15/Nov/2020:10:24:02 +0800] "POST /xingrg/kc/buy/cgsh_list_operate.html HTTP/1.1" 200 565
116.228.172.94 - - [15/Nov/2020:10:24:03 +0800] "GET /xingrg/javascript/easyui/themes/default/validatebox.css HTTP/1.1" 404 1104
116.228.172.94 - - [15/Nov/2020:10:24:03 +0800] "POST /xingrg/kc/buy/cgsh_order_operate.html HTTP/1.1" 200 8245
101.85.228.137 - - [15/Nov/2020:10:24:04 +0800] "GET /xingrg/kc/buy/cgsh_order_info.html?code=212020111505823 HTTP/1.1" 200 60653
172.17.0.185 - - [15/Nov/2020:10:24:04 +0800] "GET /xingrg/check_reg.html?_=1605407039172 HTTP/1.1" 200 22
101.85.228.137 - - [15/Nov/2020:10:24:04 +0800] "GET /xingrg/javascript/easyui/themes/default/validatebox.css HTTP/1.1" 404 1104
101.85.228.137 - - [15/Nov/2020:10:24:05 +0800] "POST /xingrg/kc/buy/cgsh_order_operate.html HTTP/1.1" 200 7965
116.228.172.94 - - [15/Nov/2020:10:24:06 +0800] "GET /xingrg/javascript/easyui/themes/default/tree.css HTTP/1.1" 404 1090
116.228.172.94 - - [15/Nov/2020:10:24:06 +0800] "POST /xingrg/all/common/load_tree.html?tree=supplier_tree_json&isDelete=1 HTTP/1.1" 200 51855
180.174.56.115 - - [15/Nov/2020:10:24:16 +0800] "GET /xingrg/check_reg.html?_=1605407051715 HTTP/1.1" 200 22
180.174.56.115 - - [15/Nov/2020:10:24:16 +0800] "GET /xingrg/all/function/internal_message.html?_=1605407051717&CODE_STATE=getMsg HTTP/1.1" 200 27
101.85.228.137 - - [15/Nov/2020:10:24:16 +0800] "POST /xingrg/kc/buy/cgsh_list_operate.html HTTP/1.1" 200 2411
101.85.228.137 - - [15/Nov/2020:10:24:17 +0800] "GET /xingrg/kc/buy/cgsh_order_info.html?code=212020111505828 HTTP/1.1" 200 60653
101.85.228.137 - - [15/Nov/2020:10:24:17 +0800] "GET /xingrg/javascript/easyui/themes/default/validatebox.css HTTP/1.1" 404 1104
101.85.228.137 - - [15/Nov/2020:10:24:17 +0800] "POST /xingrg/kc/buy/cgsh_order_operate.html HTTP/1.1" 200 13308
116.228.172.94 - - [15/Nov/2020:10:24:19 +0800] "GET /xingrg/kc/buy/cgsh_order_operate.html?command=get_materiel&rest_code=00107&code=00101006164&supplier_code=00100326&order_time=2020-11-15 HTTP/1.1" 200 415
116.232.50.120 - - [15/Nov/2020:10:24:19 +0800] "GET /xingrg/all/function/internal_message.html?_=1605407088421&CODE_STATE=getMsg HTTP/1.1" 200 27
114.88.166.242 - - [15/Nov/2020:10:24:20 +0800] "GET /xingrg/all/function/internal_message.html?_=1605407050469&CODE_STATE=getMsg HTTP/1.1" 200 27
117.184.7.26 - - [15/Nov/2020:10:24:22 +0800] "GET /xingrg/all/function/internal_message.html?_=1605407058008&CODE_STATE=getMsg HTTP/1.1" 200 27
117.184.7.26 - - [15/Nov/2020:10:24:22 +0800] "GET /xingrg/check_reg.html?_=1605407058216 HTTP/1.1" 200 22
120.253.135.82 - - [15/Nov/2020:10:24:25 +0800] "GET /xingrg/all/function/internal_message.html?_=1605407102850&CODE_STATE=getMsg HTTP/1.1" 200 27
114.88.166.242 - - [15/Nov/2020:10:24:27 +0800] "GET /xingrg/all/function/internal_message.html?_=1605407062676&CODE_STATE=getMsg HTTP/1.1" 200 27
101.85.228.137 - - [15/Nov/2020:10:24:29 +0800] "GET /xingrg/all/function/internal_message.html?_=1605407288351&CODE_STATE=getMsg HTTP/1.1" 200 27
101.85.228.137 - - [15/Nov/2020:10:24:31 +0800] "GET /xingrg/kc/buy/cgsh_order_operate.html?command=get_materiel&rest_code=00102&code=00101008041&supplier_code=00100008&order_time=2020-11-15 HTTP/1.1" 200 408
116.228.172.94 - - [15/Nov/2020:10:24:34 +0800] "GET /xingrg/kc/buy/cgsh_order_operate.html?command=get_materiel&rest_code=00107&code=00101010567&supplier_code=00100326&order_time=2020-11-15 HTTP/1.1" 200 399
172.17.0.100 - - [15/Nov/2020:10:24:35 +0800] "GET /xingrg/all/function/internal_message.html?_=1605407073297&CODE_STATE=getMsg HTTP/1.1" 200 27
222.69.137.205 - - [15/Nov/2020:10:24:36 +0800] "GET /xingrg/all/function/internal_message.html?_=1605407072872&CODE_STATE=getMsg HTTP/1.1" 200 27
116.228.172.94 - - [15/Nov/2020:10:24:37 +0800] "GET /xingrg/all/function/internal_message.html?_=1605407073955&CODE_STATE=getMsg HTTP/1.1" 200 27
101.85.228.137 - - [15/Nov/2020:10:24:37 +0800] "POST /xingrg/kc/buy/cgsh_order_operate.html HTTP/1.1" 200 37
101.85.228.137 - - [15/Nov/2020:10:24:38 +0800] "POST /xingrg/kc/buy/cgsh_order_operate.html HTTP/1.1" 200 13894
222.69.133.109 - - [15/Nov/2020:10:24:39 +0800] "GET /xingrg/all/function/internal_message.html?_=1605407076730&CODE_STATE=getMsg HTTP/1.1" 200 27
116.228.172.94 - - [15/Nov/2020:10:24:40 +0800] "POST /xingrg/kc/buy/cgsh_order_operate.html HTTP/1.1" 200 37
114.84.37.38 - - [15/Nov/2020:10:24:41 +0800] "POST /xingrg/kc/buy/cgsh_order_operate.html HTTP/1.1" 200 37
116.228.172.94 - - [15/Nov/2020:10:24:41 +0800] "POST /xingrg/kc/buy/cgsh_order_operate.html HTTP/1.1" 200 3253
101.85.228.137 - - [15/Nov/2020:10:24:42 +0800] "POST /xingrg/kc/buy/cgsh_list_operate.html HTTP/1.1" 200 2411
114.84.37.38 - - [15/Nov/2020:10:24:42 +0800] "POST /xingrg/kc/buy/cgsh_order_operate.html HTTP/1.1" 200 2653
116.228.172.94 - - [15/Nov/2020:10:24:42 +0800] "GET /xingrg/kc/print/load_data.html?order_code=212020111505830&kc_code=cgsh&condition= HTTP/1.1" 200 905
180.157.253.48 - - [15/Nov/2020:10:24:44 +0800] "POST /xingrg/kc/buy/cgsh_order_operate.html HTTP/1.1" 200 37
114.88.166.242 - - [15/Nov/2020:10:24:44 +0800] "GET /xingrg/all/function/internal_message.html?_=1605407189598&CODE_STATE=getMsg HTTP/1.1" 200 27
114.88.166.242 - - [15/Nov/2020:10:24:44 +0800] "GET /xingrg/check_reg.html?_=1605407189615 HTTP/1.1" 200 22
116.228.172.94 - - [15/Nov/2020:10:24:46 +0800] "GET /xingrg/kc/buy/cgsh_order_add.html HTTP/1.1" 200 60767
116.228.172.94 - - [15/Nov/2020:10:24:47 +0800] "GET /xingrg/javascript/easyui/themes/default/validatebox.css HTTP/1.1" 404 1104
116.228.172.94 - - [15/Nov/2020:10:24:47 +0800] "POST /xingrg/kc/buy/cgsh_order_operate.html HTTP/1.1" 200 8245
116.228.172.94 - - [15/Nov/2020:10:24:48 +0800] "GET /xingrg/javascript/easyui/themes/default/tree.css HTTP/1.1" 404 1090
116.228.172.94 - - [15/Nov/2020:10:24:48 +0800] "POST /xingrg/all/common/load_tree.html?tree=supplier_tree_json&isDelete=1 HTTP/1.1" 200 51855
180.157.253.48 - - [15/Nov/2020:10:24:49 +0800] "GET /xingrg/check_reg.html?_=1605407085471 HTTP/1.1" 200 22
101.85.228.137 - - [15/Nov/2020:10:24:49 +0800] "GET /xingrg/all/function/internal_message.html?_=1605407087992&CODE_STATE=getMsg HTTP/1.1" 200 27
101.85.228.137 - - [15/Nov/2020:10:24:50 +0800] "POST /xingrg/kc/buy/cgsh_list_operate.html HTTP/1.1" 200 4
180.157.253.48 - - [15/Nov/2020:10:24:50 +0800] "POST /xingrg/kc/buy/cgsh_order_operate.html HTTP/1.1" 200 3255
101.85.95.39 - - [15/Nov/2020:10:24:51 +0800] "GET /xingrg/all/function/internal_message.html?_=1605406830912&CODE_STATE=getMsg HTTP/1.1" 200 27
180.157.253.48 - - [15/Nov/2020:10:24:51 +0800] "GET /xingrg/kc/buy/cgsh_order_add.html HTTP/1.1" 200 60685
180.157.253.48 - - [15/Nov/2020:10:24:52 +0800] "POST /xingrg/kc/buy/cgsh_order_operate.html HTTP/1.1" 200 8245
180.157.253.48 - - [15/Nov/2020:10:24:52 +0800] "GET /xingrg/javascript/easyui/themes/default/validatebox.css HTTP/1.1" 404 1104
180.162.245.190 - - [15/Nov/2020:10:24:54 +0800] "GET /xingrg/all/function/internal_message.html?_=1605407092449&CODE_STATE=getMsg HTTP/1.1" 200 27
