180.162.245.190 - - [15/Nov/2020:10:09:55 +0800] "GET /xingrg/all/function/internal_message.html?_=1605406192797&CODE_STATE=getMsg HTTP/1.1" 200 27
114.84.37.38 - - [15/Nov/2020:10:10:06 +0800] "GET /xingrg/check_reg.html?_=1605406232445 HTTP/1.1" 200 22
222.69.137.205 - - [15/Nov/2020:10:10:09 +0800] "GET /xingrg/kc/buy/cgsh_order_operate.html?command=get_materiel&rest_code=00149&code=00101009016&supplier_code=00100201&order_time=2020-11-15 HTTP/1.1" 200 412
120.253.135.82 - - [15/Nov/2020:10:10:10 +0800] "GET /xingrg/check_reg.html?_=1605406248461 HTTP/1.1" 200 22
180.162.245.190 - - [15/Nov/2020:10:10:12 +0800] "POST /xingrg/kc/buy/cgsh_order_operate.html HTTP/1.1" 200 37
180.162.245.190 - - [15/Nov/2020:10:10:13 +0800] "POST /xingrg/kc/buy/cgsh_order_operate.html HTTP/1.1" 200 2679
180.162.245.190 - - [15/Nov/2020:10:10:14 +0800] "GET /xingrg/kc/print/load_data.html?order_code=212020111505816&kc_code=cgsh&condition= HTTP/1.1" 200 684
180.174.56.115 - - [15/Nov/2020:10:10:15 +0800] "GET /xingrg/all/function/internal_message.html?_=1605406211652&CODE_STATE=getMsg HTTP/1.1" 200 27
116.232.50.120 - - [15/Nov/2020:10:10:19 +0800] "GET /xingrg/all/function/internal_message.html?_=1605406248421&CODE_STATE=getMsg HTTP/1.1" 200 27
114.88.166.242 - - [15/Nov/2020:10:10:19 +0800] "GET /xingrg/all/function/internal_message.html?_=1605406210102&CODE_STATE=getMsg HTTP/1.1" 200 27
180.162.245.190 - - [15/Nov/2020:10:10:20 +0800] "GET /xingrg/kc/buy/cgsh_order_add.html HTTP/1.1" 200 60726
180.162.245.190 - - [15/Nov/2020:10:10:20 +0800] "GET /xingrg/javascript/easyui/themes/default/validatebox.css HTTP/1.1" 404 1104
180.162.245.190 - - [15/Nov/2020:10:10:20 +0800] "POST /xingrg/kc/buy/cgsh_order_operate.html HTTP/1.1" 200 8245
117.184.7.26 - - [15/Nov/2020:10:10:22 +0800] "GET /xingrg/all/function/internal_message.html?_=1605406218219&CODE_STATE=getMsg HTTP/1.1" 200 27
120.253.135.82 - - [15/Nov/2020:10:10:24 +0800] "GET /xingrg/all/function/internal_message.html?_=1605406262653&CODE_STATE=getMsg HTTP/1.1" 200 27
114.88.166.242 - - [15/Nov/2020:10:10:27 +0800] "GET /xingrg/all/function/internal_message.html?_=1605406222646&CODE_STATE=getMsg HTTP/1.1" 200 27
101.85.228.137 - - [15/Nov/2020:10:10:28 +0800] "GET /xingrg/all/function/internal_message.html?_=1605406446772&CODE_STATE=getMsg HTTP/1.1" 200 27
180.174.56.115 - - [15/Nov/2020:10:10:30 +0800] "GET /xingrg/all/function/internal_message.html?_=1605406202813&CODE_STATE=getMsg HTTP/1.1" 200 27
180.162.245.190 - - [15/Nov/2020:10:10:30 +0800] "GET /xingrg/kc/buy/cgsh_order_operate.html?command=get_materiel&rest_code=00105&code=00101008055&supplier_code=00100347&order_time=2020-11-15 HTTP/1.1" 200 409
172.17.0.100 - - [15/Nov/2020:10:10:35 +0800] "GET /xingrg/all/function/internal_message.html?_=1605406233213&CODE_STATE=getMsg HTTP/1.1" 200 27
222.69.137.205 - - [15/Nov/2020:10:10:36 +0800] "GET /xingrg/all/function/internal_message.html?_=1605406232864&CODE_STATE=getMsg HTTP/1.1" 200 27
116.228.172.94 - - [15/Nov/2020:10:10:37 +0800] "GET /xingrg/all/function/internal_message.html?_=1605406233224&CODE_STATE=getMsg HTTP/1.1" 200 27
222.69.133.109 - - [15/Nov/2020:10:10:38 +0800] "GET /xingrg/all/function/internal_message.html?_=1605406236717&CODE_STATE=getMsg HTTP/1.1" 200 27
114.88.166.242 - - [15/Nov/2020:10:10:44 +0800] "GET /xingrg/all/function/internal_message.html?_=1605406349587&CODE_STATE=getMsg HTTP/1.1" 200 27
101.85.95.39 - - [15/Nov/2020:10:10:51 +0800] "GET /xingrg/all/function/internal_message.html?_=1605405990886&CODE_STATE=getMsg HTTP/1.1" 200 27
180.162.245.190 - - [15/Nov/2020:10:10:55 +0800] "GET /xingrg/all/function/internal_message.html?_=1605406252781&CODE_STATE=getMsg HTTP/1.1" 200 27
180.162.245.190 - - [15/Nov/2020:10:10:56 +0800] "GET /xingrg/kc/buy/cgsh_order_operate.html?command=get_materiel&rest_code=00105&code=00101001060&supplier_code=00100347&order_time=2020-11-15 HTTP/1.1" 200 421
180.162.245.190 - - [15/Nov/2020:10:11:06 +0800] "GET /xingrg/kc/buy/cgsh_order_operate.html?command=get_materiel&rest_code=00105&code=00102002167&supplier_code=00100347&order_time=2020-11-15 HTTP/1.1" 200 409
222.69.137.205 - - [15/Nov/2020:10:11:09 +0800] "GET /xingrg/kc/buy/cgsh_order_operate.html?command=get_materiel&rest_code=00149&code=00101009031&supplier_code=00100201&order_time=2020-11-15 HTTP/1.1" 200 408
180.174.56.115 - - [15/Nov/2020:10:11:15 +0800] "GET /xingrg/all/function/internal_message.html?_=1605406271656&CODE_STATE=getMsg HTTP/1.1" 200 27
180.162.245.190 - - [15/Nov/2020:10:11:18 +0800] "GET /xingrg/kc/buy/cgsh_order_operate.html?command=get_materiel&rest_code=00105&code=00101005022&supplier_code=00100347&order_time=2020-11-15 HTTP/1.1" 200 417
116.232.50.120 - - [15/Nov/2020:10:11:19 +0800] "GET /xingrg/all/function/internal_message.html?_=1605406308421&CODE_STATE=getMsg HTTP/1.1" 200 27
114.88.166.242 - - [15/Nov/2020:10:11:19 +0800] "GET /xingrg/all/function/internal_message.html?_=1605406270105&CODE_STATE=getMsg HTTP/1.1" 200 27
117.184.7.26 - - [15/Nov/2020:10:11:22 +0800] "GET /xingrg/all/function/internal_message.html?_=1605406278218&CODE_STATE=getMsg HTTP/1.1" 200 27
120.253.135.82 - - [15/Nov/2020:10:11:24 +0800] "GET /xingrg/all/function/internal_message.html?_=1605406322668&CODE_STATE=getMsg HTTP/1.1" 200 27
114.88.166.242 - - [15/Nov/2020:10:11:27 +0800] "GET /xingrg/all/function/internal_message.html?_=1605406282645&CODE_STATE=getMsg HTTP/1.1" 200 27
101.85.228.137 - - [15/Nov/2020:10:11:27 +0800] "GET /xingrg/check_reg.html?_=1605406505619 HTTP/1.1" 200 22
101.85.228.137 - - [15/Nov/2020:10:11:28 +0800] "GET /xingrg/all/function/internal_message.html?_=1605406506785&CODE_STATE=getMsg HTTP/1.1" 200 27
180.162.245.190 - - [15/Nov/2020:10:11:30 +0800] "GET /xingrg/kc/buy/cgsh_order_operate.html?command=get_materiel&rest_code=00105&code=00101001045&supplier_code=00100347&order_time=2020-11-15 HTTP/1.1" 200 423
180.174.56.115 - - [15/Nov/2020:10:11:30 +0800] "GET /xingrg/all/function/internal_message.html?_=1605406262826&CODE_STATE=getMsg HTTP/1.1" 200 27
172.17.0.100 - - [15/Nov/2020:10:11:35 +0800] "GET /xingrg/check_reg.html?_=1605406293223 HTTP/1.1" 200 22
172.17.0.100 - - [15/Nov/2020:10:11:35 +0800] "GET /xingrg/all/function/internal_message.html?_=1605406293225&CODE_STATE=getMsg HTTP/1.1" 200 27
222.69.137.205 - - [15/Nov/2020:10:11:36 +0800] "GET /xingrg/all/function/internal_message.html?_=1605406292862&CODE_STATE=getMsg HTTP/1.1" 200 27
116.228.172.94 - - [15/Nov/2020:10:11:37 +0800] "GET /xingrg/all/function/internal_message.html?_=1605406293202&CODE_STATE=getMsg HTTP/1.1" 200 27
222.69.133.109 - - [15/Nov/2020:10:11:38 +0800] "GET /xingrg/all/function/internal_message.html?_=1605406296719&CODE_STATE=getMsg HTTP/1.1" 200 27
180.162.245.190 - - [15/Nov/2020:10:11:39 +0800] "POST /xingrg/kc/buy/cgsh_order_operate.html HTTP/1.1" 200 37
180.162.245.190 - - [15/Nov/2020:10:11:40 +0800] "POST /xingrg/kc/buy/cgsh_order_operate.html HTTP/1.1" 200 5040
180.162.245.190 - - [15/Nov/2020:10:11:41 +0800] "GET /xingrg/kc/print/load_data.html?order_code=212020111505817&kc_code=cgsh&condition= HTTP/1.1" 200 1573
114.88.166.242 - - [15/Nov/2020:10:11:44 +0800] "GET /xingrg/all/function/internal_message.html?_=1605406409587&CODE_STATE=getMsg HTTP/1.1" 200 27
101.85.95.39 - - [15/Nov/2020:10:11:51 +0800] "GET /xingrg/all/function/internal_message.html?_=1605406050886&CODE_STATE=getMsg HTTP/1.1" 200 27
101.85.95.39 - - [15/Nov/2020:10:11:51 +0800] "GET /xingrg/check_reg.html?_=1605406050888 HTTP/1.1" 200 22
180.162.245.190 - - [15/Nov/2020:10:11:54 +0800] "GET /xingrg/all/function/internal_message.html?_=1605406312757&CODE_STATE=getMsg HTTP/1.1" 200 27
180.162.245.190 - - [15/Nov/2020:10:12:04 +0800] "GET /xingrg/kc/buy/cgsh_order_add.html HTTP/1.1" 200 60726
180.162.245.190 - - [15/Nov/2020:10:12:04 +0800] "POST /xingrg/kc/buy/cgsh_order_operate.html HTTP/1.1" 200 8245
180.162.245.190 - - [15/Nov/2020:10:12:04 +0800] "GET /xingrg/javascript/easyui/themes/default/validatebox.css HTTP/1.1" 404 1104
180.174.56.115 - - [15/Nov/2020:10:12:15 +0800] "GET /xingrg/all/function/internal_message.html?_=1605406331661&CODE_STATE=getMsg HTTP/1.1" 200 27
116.232.50.120 - - [15/Nov/2020:10:12:19 +0800] "GET /xingrg/all/function/internal_message.html?_=1605406368421&CODE_STATE=getMsg HTTP/1.1" 200 27
114.88.166.242 - - [15/Nov/2020:10:12:19 +0800] "GET /xingrg/all/function/internal_message.html?_=1605406330160&CODE_STATE=getMsg HTTP/1.1" 200 27
222.69.137.205 - - [15/Nov/2020:10:12:21 +0800] "POST /xingrg/kc/buy/cgsh_order_operate.html HTTP/1.1" 200 37
117.184.7.26 - - [15/Nov/2020:10:12:22 +0800] "GET /xingrg/all/function/internal_message.html?_=1605406338200&CODE_STATE=getMsg HTTP/1.1" 200 27
222.69.137.205 - - [15/Nov/2020:10:12:24 +0800] "POST /xingrg/kc/buy/cgsh_order_operate.html HTTP/1.1" 200 12
222.69.137.205 - - [15/Nov/2020:10:12:24 +0800] "GET /xingrg/kc/buy/cgsh_order_info.html?code=212020111505818 HTTP/1.1" 200 55635
120.253.135.82 - - [15/Nov/2020:10:12:24 +0800] "GET /xingrg/all/function/internal_message.html?_=1605406382688&CODE_STATE=getMsg HTTP/1.1" 200 27
222.69.137.205 - - [15/Nov/2020:10:12:25 +0800] "GET /xingrg/javascript/easyui/themes/default/validatebox.css HTTP/1.1" 404 1104
222.69.137.205 - - [15/Nov/2020:10:12:25 +0800] "POST /xingrg/kc/buy/cgsh_order_operate.html HTTP/1.1" 200 4156
114.88.166.242 - - [15/Nov/2020:10:12:27 +0800] "GET /xingrg/all/function/internal_message.html?_=1605406342642&CODE_STATE=getMsg HTTP/1.1" 200 27
101.85.228.137 - - [15/Nov/2020:10:12:28 +0800] "GET /xingrg/all/function/internal_message.html?_=1605406566800&CODE_STATE=getMsg HTTP/1.1" 200 27
180.174.56.115 - - [15/Nov/2020:10:12:30 +0800] "GET /xingrg/all/function/internal_message.html?_=1605406322868&CODE_STATE=getMsg HTTP/1.1" 200 27
222.69.137.205 - - [15/Nov/2020:10:12:31 +0800] "GET /xingrg/kc/print/load_data.html?order_code=212020111505818&kc_code=cgsh&condition= HTTP/1.1" 200 2064
172.17.0.100 - - [15/Nov/2020:10:12:35 +0800] "GET /xingrg/all/function/internal_message.html?_=1605406353239&CODE_STATE=getMsg HTTP/1.1" 200 27
222.69.137.205 - - [15/Nov/2020:10:12:36 +0800] "GET /xingrg/all/function/internal_message.html?_=1605406352857&CODE_STATE=getMsg HTTP/1.1" 200 27
116.228.172.94 - - [15/Nov/2020:10:12:37 +0800] "GET /xingrg/all/function/internal_message.html?_=1605406353273&CODE_STATE=getMsg HTTP/1.1" 200 27
222.69.133.109 - - [15/Nov/2020:10:12:38 +0800] "GET /xingrg/check_reg.html?_=1605406356720 HTTP/1.1" 200 22
222.69.133.109 - - [15/Nov/2020:10:12:39 +0800] "GET /xingrg/all/function/internal_message.html?_=1605406356724&CODE_STATE=getMsg HTTP/1.1" 200 27
114.88.166.242 - - [15/Nov/2020:10:12:44 +0800] "GET /xingrg/all/function/internal_message.html?_=1605406469587&CODE_STATE=getMsg HTTP/1.1" 200 27
114.88.166.242 - - [15/Nov/2020:10:12:49 +0800] "GET /xingrg/check_reg.html?_=1605406359704 HTTP/1.1" 200 22
101.85.95.39 - - [15/Nov/2020:10:12:51 +0800] "GET /xingrg/all/function/internal_message.html?_=1605406110887&CODE_STATE=getMsg HTTP/1.1" 200 27
180.162.245.190 - - [15/Nov/2020:10:12:54 +0800] "GET /xingrg/all/function/internal_message.html?_=1605406372756&CODE_STATE=getMsg HTTP/1.1" 200 27
180.162.245.190 - - [15/Nov/2020:10:12:56 +0800] "GET /xingrg/check_reg.html?_=1605406373909 HTTP/1.1" 200 22
180.174.56.115 - - [15/Nov/2020:10:13:15 +0800] "GET /xingrg/all/function/internal_message.html?_=1605406391662&CODE_STATE=getMsg HTTP/1.1" 200 27
116.232.50.120 - - [15/Nov/2020:10:13:19 +0800] "GET /xingrg/check_reg.html?_=1605406428375 HTTP/1.1" 200 22
116.232.50.120 - - [15/Nov/2020:10:13:19 +0800] "GET /xingrg/all/function/internal_message.html?_=1605406428421&CODE_STATE=getMsg HTTP/1.1" 200 27
114.88.166.242 - - [15/Nov/2020:10:13:19 +0800] "GET /xingrg/all/function/internal_message.html?_=1605406390163&CODE_STATE=getMsg HTTP/1.1" 200 27
117.184.7.26 - - [15/Nov/2020:10:13:22 +0800] "GET /xingrg/all/function/internal_message.html?_=1605406398187&CODE_STATE=getMsg HTTP/1.1" 200 27
120.253.135.82 - - [15/Nov/2020:10:13:24 +0800] "GET /xingrg/all/function/internal_message.html?_=1605406442695&CODE_STATE=getMsg HTTP/1.1" 200 27
114.88.166.242 - - [15/Nov/2020:10:13:27 +0800] "GET /xingrg/check_reg.html?_=1605406402657 HTTP/1.1" 200 22
114.88.166.242 - - [15/Nov/2020:10:13:27 +0800] "GET /xingrg/all/function/internal_message.html?_=1605406402656&CODE_STATE=getMsg HTTP/1.1" 200 27
101.85.228.137 - - [15/Nov/2020:10:13:28 +0800] "GET /xingrg/all/function/internal_message.html?_=1605406626813&CODE_STATE=getMsg HTTP/1.1" 200 27
180.174.56.115 - - [15/Nov/2020:10:13:30 +0800] "GET /xingrg/all/function/internal_message.html?_=1605406382885&CODE_STATE=getMsg HTTP/1.1" 200 27
172.17.0.100 - - [15/Nov/2020:10:13:35 +0800] "GET /xingrg/all/function/internal_message.html?_=1605406413238&CODE_STATE=getMsg HTTP/1.1" 200 27
116.228.172.94 - - [15/Nov/2020:10:13:36 +0800] "GET /xingrg/check_reg.html?_=1605406412471 HTTP/1.1" 200 22
222.69.137.205 - - [15/Nov/2020:10:13:36 +0800] "GET /xingrg/all/function/internal_message.html?_=1605406412862&CODE_STATE=getMsg HTTP/1.1" 200 27
222.69.137.205 - - [15/Nov/2020:10:13:36 +0800] "GET /xingrg/check_reg.html?_=1605406412867 HTTP/1.1" 200 22
116.228.172.94 - - [15/Nov/2020:10:13:37 +0800] "GET /xingrg/all/function/internal_message.html?_=1605406413254&CODE_STATE=getMsg HTTP/1.1" 200 27
222.69.133.109 - - [15/Nov/2020:10:13:38 +0800] "GET /xingrg/all/function/internal_message.html?_=1605406416725&CODE_STATE=getMsg HTTP/1.1" 200 27
101.93.222.235 - - [15/Nov/2020:10:13:43 +0800] "POST /xingrg/services/DataTransmitService HTTP/1.1" 200 524
114.88.166.242 - - [15/Nov/2020:10:13:44 +0800] "GET /xingrg/all/function/internal_message.html?_=1605406529590&CODE_STATE=getMsg HTTP/1.1" 200 27
101.85.95.39 - - [15/Nov/2020:10:13:51 +0800] "GET /xingrg/all/function/internal_message.html?_=1605406170914&CODE_STATE=getMsg HTTP/1.1" 200 27
180.162.245.190 - - [15/Nov/2020:10:13:54 +0800] "GET /xingrg/all/function/internal_message.html?_=1605406432721&CODE_STATE=getMsg HTTP/1.1" 200 27
116.228.172.94 - - [15/Nov/2020:10:13:55 +0800] "POST /xingrg/kc/buy/cgsh_order_operate.html HTTP/1.1" 200 37
116.228.172.94 - - [15/Nov/2020:10:13:56 +0800] "POST /xingrg/kc/buy/cgsh_order_operate.html HTTP/1.1" 200 38136
116.228.172.94 - - [15/Nov/2020:10:13:58 +0800] "GET /xingrg/kc/print/load_data.html?order_code=212020111505788&kc_code=cgsh&condition= HTTP/1.1" 200 14089
172.17.0.185 - - [15/Nov/2020:10:14:04 +0800] "GET /xingrg/check_reg.html?_=1605406439206 HTTP/1.1" 200 22
180.174.56.115 - - [15/Nov/2020:10:14:06 +0800] "POST /xingrg/services/DataTransmitService HTTP/1.1" 200 524
180.174.56.115 - - [15/Nov/2020:10:14:15 +0800] "GET /xingrg/check_reg.html?_=1605406451661 HTTP/1.1" 200 22
180.174.56.115 - - [15/Nov/2020:10:14:16 +0800] "GET /xingrg/all/function/internal_message.html?_=1605406451665&CODE_STATE=getMsg HTTP/1.1" 200 27
116.232.50.120 - - [15/Nov/2020:10:14:19 +0800] "GET /xingrg/all/function/internal_message.html?_=1605406488421&CODE_STATE=getMsg HTTP/1.1" 200 27
222.69.137.205 - - [15/Nov/2020:10:14:19 +0800] "GET /xingrg/kc/buy/cgsh_order_add.html HTTP/1.1" 200 60732
222.69.137.205 - - [15/Nov/2020:10:14:19 +0800] "POST /xingrg/kc/buy/cgsh_order_operate.html HTTP/1.1" 200 8245
222.69.137.205 - - [15/Nov/2020:10:14:19 +0800] "GET /xingrg/javascript/easyui/themes/default/validatebox.css HTTP/1.1" 404 1104
114.88.166.242 - - [15/Nov/2020:10:14:20 +0800] "GET /xingrg/all/function/internal_message.html?_=1605406450177&CODE_STATE=getMsg HTTP/1.1" 200 27
117.184.7.26 - - [15/Nov/2020:10:14:22 +0800] "GET /xingrg/all/function/internal_message.html?_=1605406458172&CODE_STATE=getMsg HTTP/1.1" 200 27
117.184.7.26 - - [15/Nov/2020:10:14:22 +0800] "GET /xingrg/check_reg.html?_=1605406458243 HTTP/1.1" 200 22
120.253.135.82 - - [15/Nov/2020:10:14:25 +0800] "GET /xingrg/all/function/internal_message.html?_=1605406502714&CODE_STATE=getMsg HTTP/1.1" 200 27
114.88.166.242 - - [15/Nov/2020:10:14:27 +0800] "GET /xingrg/all/function/internal_message.html?_=1605406462655&CODE_STATE=getMsg HTTP/1.1" 200 27
222.69.137.205 - - [15/Nov/2020:10:14:27 +0800] "GET /xingrg/kc/buy/cgsh_order_operate.html?command=get_materiel&rest_code=00149&code=00101002027&supplier_code=00100039&order_time=2020-11-15 HTTP/1.1" 200 415
101.85.228.137 - - [15/Nov/2020:10:14:28 +0800] "GET /xingrg/all/function/internal_message.html?_=1605406686842&CODE_STATE=getMsg HTTP/1.1" 200 27
180.174.56.115 - - [15/Nov/2020:10:14:29 +0800] "GET /xingrg/check_reg.html?_=1605406442369 HTTP/1.1" 200 22
180.174.56.115 - - [15/Nov/2020:10:14:30 +0800] "GET /xingrg/all/function/internal_message.html?_=1605406442898&CODE_STATE=getMsg HTTP/1.1" 200 27
172.17.0.100 - - [15/Nov/2020:10:14:35 +0800] "GET /xingrg/all/function/internal_message.html?_=1605406473253&CODE_STATE=getMsg HTTP/1.1" 200 27
222.69.137.205 - - [15/Nov/2020:10:14:36 +0800] "GET /xingrg/all/function/internal_message.html?_=1605406472860&CODE_STATE=getMsg HTTP/1.1" 200 27
116.228.172.94 - - [15/Nov/2020:10:14:37 +0800] "GET /xingrg/all/function/internal_message.html?_=1605406473227&CODE_STATE=getMsg HTTP/1.1" 200 27
222.69.133.109 - - [15/Nov/2020:10:14:38 +0800] "GET /xingrg/all/function/internal_message.html?_=1605406476727&CODE_STATE=getMsg HTTP/1.1" 200 27
114.88.166.242 - - [15/Nov/2020:10:14:44 +0800] "GET /xingrg/all/function/internal_message.html?_=1605406589590&CODE_STATE=getMsg HTTP/1.1" 200 27
114.88.166.242 - - [15/Nov/2020:10:14:44 +0800] "GET /xingrg/check_reg.html?_=1605406589598 HTTP/1.1" 200 22
101.85.95.39 - - [15/Nov/2020:10:14:51 +0800] "GET /xingrg/all/function/internal_message.html?_=1605406230915&CODE_STATE=getMsg HTTP/1.1" 200 27
180.157.253.48 - - [15/Nov/2020:10:14:53 +0800] "GET /favicon.ico HTTP/1.1" 404 -
180.162.245.190 - - [15/Nov/2020:10:14:54 +0800] "GET /xingrg/all/function/internal_message.html?_=1605406492698&CODE_STATE=getMsg HTTP/1.1" 200 27
222.69.137.205 - - [15/Nov/2020:10:14:55 +0800] "GET /xingrg/kc/buy/cgsh_order_operate.html?command=get_materiel&rest_code=00149&code=00101001044&supplier_code=00100039&order_time=2020-11-15 HTTP/1.1" 200 409
222.69.137.205 - - [15/Nov/2020:10:15:04 +0800] "GET /xingrg/kc/buy/cgsh_order_operate.html?command=get_materiel&rest_code=00149&code=00101001060&supplier_code=00100039&order_time=2020-11-15 HTTP/1.1" 200 419
114.84.37.38 - - [15/Nov/2020:10:15:06 +0800] "GET /xingrg/check_reg.html?_=1605406532445 HTTP/1.1" 200 22
120.253.135.82 - - [15/Nov/2020:10:15:10 +0800] "GET /xingrg/check_reg.html?_=1605406548463 HTTP/1.1" 200 22
180.174.56.115 - - [15/Nov/2020:10:15:15 +0800] "GET /xingrg/all/function/internal_message.html?_=1605406511664&CODE_STATE=getMsg HTTP/1.1" 200 27
116.232.50.120 - - [15/Nov/2020:10:15:19 +0800] "GET /xingrg/all/function/internal_message.html?_=1605406548421&CODE_STATE=getMsg HTTP/1.1" 200 27
222.69.137.205 - - [15/Nov/2020:10:15:19 +0800] "POST /xingrg/kc/buy/cgsh_order_operate.html HTTP/1.1" 200 37
114.88.166.242 - - [15/Nov/2020:10:15:20 +0800] "GET /xingrg/all/function/internal_message.html?_=1605406510237&CODE_STATE=getMsg HTTP/1.1" 200 27
117.184.7.26 - - [15/Nov/2020:10:15:22 +0800] "GET /xingrg/all/function/internal_message.html?_=1605406518150&CODE_STATE=getMsg HTTP/1.1" 200 27
222.69.137.205 - - [15/Nov/2020:10:15:23 +0800] "POST /xingrg/kc/buy/cgsh_order_operate.html HTTP/1.1" 200 12
222.69.137.205 - - [15/Nov/2020:10:15:24 +0800] "GET /xingrg/kc/buy/cgsh_order_info.html?code=212020111505819 HTTP/1.1" 200 55635
222.69.137.205 - - [15/Nov/2020:10:15:24 +0800] "GET /xingrg/javascript/easyui/themes/default/validatebox.css HTTP/1.1" 404 1104
120.253.135.82 - - [15/Nov/2020:10:15:25 +0800] "GET /xingrg/all/function/internal_message.html?_=1605406562722&CODE_STATE=getMsg HTTP/1.1" 200 27
222.69.137.205 - - [15/Nov/2020:10:15:25 +0800] "POST /xingrg/kc/buy/cgsh_order_operate.html HTTP/1.1" 200 1801
114.88.166.242 - - [15/Nov/2020:10:15:27 +0800] "GET /xingrg/all/function/internal_message.html?_=1605406522653&CODE_STATE=getMsg HTTP/1.1" 200 27
101.85.228.137 - - [15/Nov/2020:10:15:28 +0800] "GET /xingrg/all/function/internal_message.html?_=1605406746855&CODE_STATE=getMsg HTTP/1.1" 200 27
222.69.137.205 - - [15/Nov/2020:10:15:29 +0800] "GET /xingrg/kc/print/load_data.html?order_code=212020111505819&kc_code=cgsh&condition= HTTP/1.1" 200 1183
180.174.56.115 - - [15/Nov/2020:10:15:30 +0800] "GET /xingrg/all/function/internal_message.html?_=1605406502912&CODE_STATE=getMsg HTTP/1.1" 200 27
172.17.0.100 - - [15/Nov/2020:10:15:35 +0800] "GET /xingrg/all/function/internal_message.html?_=1605406533238&CODE_STATE=getMsg HTTP/1.1" 200 27
222.69.137.205 - - [15/Nov/2020:10:15:36 +0800] "GET /xingrg/all/function/internal_message.html?_=1605406532860&CODE_STATE=getMsg HTTP/1.1" 200 27
116.228.172.94 - - [15/Nov/2020:10:15:37 +0800] "GET /xingrg/all/function/internal_message.html?_=1605406533198&CODE_STATE=getMsg HTTP/1.1" 200 27
222.69.133.109 - - [15/Nov/2020:10:15:38 +0800] "GET /xingrg/all/function/internal_message.html?_=1605406536728&CODE_STATE=getMsg HTTP/1.1" 200 27
114.88.166.242 - - [15/Nov/2020:10:15:44 +0800] "GET /xingrg/all/function/internal_message.html?_=1605406649584&CODE_STATE=getMsg HTTP/1.1" 200 27
101.85.95.39 - - [15/Nov/2020:10:15:51 +0800] "GET /xingrg/all/function/internal_message.html?_=1605406290913&CODE_STATE=getMsg HTTP/1.1" 200 27
180.174.56.115 - - [15/Nov/2020:10:15:52 +0800] "GET /xingrg/css/blue.css HTTP/1.1" 304 -
180.174.56.115 - - [15/Nov/2020:10:15:52 +0800] "GET /xingrg/kc/mdqp/qqps_order_list.html HTTP/1.1" 200 9222
180.174.56.115 - - [15/Nov/2020:10:15:52 +0800] "GET /xingrg/dwr/util.js HTTP/1.1" 304 -
180.174.56.115 - - [15/Nov/2020:10:15:52 +0800] "GET /xingrg/javascript/Calendar.js HTTP/1.1" 304 -
180.174.56.115 - - [15/Nov/2020:10:15:52 +0800] "GET /xingrg/javascript/myfunction.js HTTP/1.1" 304 -
180.174.56.115 - - [15/Nov/2020:10:15:52 +0800] "GET /xingrg/javascript/ToolTips.js HTTP/1.1" 304 -
180.174.56.115 - - [15/Nov/2020:10:15:52 +0800] "GET /xingrg/dwr/interface/AjaxQqpsService.js HTTP/1.1" 200 16326
180.174.56.115 - - [15/Nov/2020:10:15:52 +0800] "GET /xingrg/dwr/interface/AjaxReportQueryService.js HTTP/1.1" 200 13203
180.174.56.115 - - [15/Nov/2020:10:15:52 +0800] "GET /xingrg/dwr/engine.js HTTP/1.1" 200 43631
180.174.56.115 - - [15/Nov/2020:10:15:53 +0800] "GET /xingrg/kc/mdqp/qqps_order_add.html HTTP/1.1" 200 28002
180.174.56.115 - - [15/Nov/2020:10:15:53 +0800] "GET /xingrg/javascript/tools/jquery.qtip-1.0.0-rc3.min.js HTTP/1.1" 304 -
180.174.56.115 - - [15/Nov/2020:10:15:53 +0800] "GET /xingrg/javascript/AjaxInfoList.js HTTP/1.1" 304 -
180.174.56.115 - - [15/Nov/2020:10:15:53 +0800] "GET /xingrg/javascript/Grid.js HTTP/1.1" 304 -
180.174.56.115 - - [15/Nov/2020:10:15:54 +0800] "GET /xingrg/dwr/interface/AjaxComOrderService.js HTTP/1.1" 200 18264
180.174.56.115 - - [15/Nov/2020:10:15:54 +0800] "GET /xingrg/dwr/interface/AjaxQqpsService.js HTTP/1.1" 200 16326
180.174.56.115 - - [15/Nov/2020:10:15:54 +0800] "GET /xingrg/dwr/engine.js HTTP/1.1" 200 43631
180.162.245.190 - - [15/Nov/2020:10:15:54 +0800] "GET /xingrg/all/function/internal_message.html?_=1605406552668&CODE_STATE=getMsg HTTP/1.1" 200 27
180.174.56.115 - - [15/Nov/2020:10:16:03 +0800] "POST /xingrg/dwr/call/plaincall/AjaxQqpsService.saveOrder.dwr HTTP/1.1" 200 78
180.174.56.115 - - [15/Nov/2020:10:16:11 +0800] "POST /xingrg/dwr/call/plaincall/AjaxQqpsService.getMaterielByCode.dwr HTTP/1.1" 200 3627
180.174.56.115 - - [15/Nov/2020:10:16:13 +0800] "POST /xingrg/dwr/call/plaincall/AjaxQqpsService.saveMaterielItem.dwr HTTP/1.1" 200 78
180.174.56.115 - - [15/Nov/2020:10:16:16 +0800] "GET /xingrg/all/function/internal_message.html?_=1605406571680&CODE_STATE=getMsg HTTP/1.1" 200 27
116.232.50.120 - - [15/Nov/2020:10:16:19 +0800] "GET /xingrg/all/function/internal_message.html?_=1605406608421&CODE_STATE=getMsg HTTP/1.1" 200 27
114.88.166.242 - - [15/Nov/2020:10:16:20 +0800] "GET /xingrg/all/function/internal_message.html?_=1605406570251&CODE_STATE=getMsg HTTP/1.1" 200 27
117.184.7.26 - - [15/Nov/2020:10:16:22 +0800] "GET /xingrg/all/function/internal_message.html?_=1605406578142&CODE_STATE=getMsg HTTP/1.1" 200 27
180.174.56.115 - - [15/Nov/2020:10:16:24 +0800] "POST /xingrg/dwr/call/plaincall/AjaxQqpsService.getMaterielByCode.dwr HTTP/1.1" 200 3632
120.253.135.82 - - [15/Nov/2020:10:16:25 +0800] "GET /xingrg/all/function/internal_message.html?_=1605406622735&CODE_STATE=getMsg HTTP/1.1" 200 27
114.88.166.242 - - [15/Nov/2020:10:16:27 +0800] "GET /xingrg/all/function/internal_message.html?_=1605406582651&CODE_STATE=getMsg HTTP/1.1" 200 27
101.85.228.137 - - [15/Nov/2020:10:16:27 +0800] "GET /xingrg/check_reg.html?_=1605406805642 HTTP/1.1" 200 22
101.85.228.137 - - [15/Nov/2020:10:16:28 +0800] "GET /xingrg/all/function/internal_message.html?_=1605406806869&CODE_STATE=getMsg HTTP/1.1" 200 27
180.174.56.115 - - [15/Nov/2020:10:16:30 +0800] "GET /xingrg/all/function/internal_message.html?_=1605406562926&CODE_STATE=getMsg HTTP/1.1" 200 27
180.174.56.115 - - [15/Nov/2020:10:16:30 +0800] "POST /xingrg/dwr/call/plaincall/AjaxQqpsService.saveMaterielItem.dwr HTTP/1.1" 200 78
172.17.0.100 - - [15/Nov/2020:10:16:35 +0800] "GET /xingrg/all/function/internal_message.html?_=1605406593238&CODE_STATE=getMsg HTTP/1.1" 200 27
172.17.0.100 - - [15/Nov/2020:10:16:35 +0800] "GET /xingrg/check_reg.html?_=1605406593240 HTTP/1.1" 200 22
180.174.56.115 - - [15/Nov/2020:10:16:36 +0800] "POST /xingrg/dwr/call/plaincall/AjaxQqpsService.getMaterielByCode.dwr HTTP/1.1" 200 3638
222.69.137.205 - - [15/Nov/2020:10:16:36 +0800] "GET /xingrg/all/function/internal_message.html?_=1605406592864&CODE_STATE=getMsg HTTP/1.1" 200 27
116.228.172.94 - - [15/Nov/2020:10:16:37 +0800] "GET /xingrg/all/function/internal_message.html?_=1605406593182&CODE_STATE=getMsg HTTP/1.1" 200 27
222.69.133.109 - - [15/Nov/2020:10:16:39 +0800] "GET /xingrg/all/function/internal_message.html?_=1605406596729&CODE_STATE=getMsg HTTP/1.1" 200 27
180.174.56.115 - - [15/Nov/2020:10:16:39 +0800] "POST /xingrg/dwr/call/plaincall/AjaxQqpsService.saveMaterielItem.dwr HTTP/1.1" 200 78
101.85.228.137 - - [15/Nov/2020:10:16:43 +0800] "GET /xingrg/login.html HTTP/1.1" 200 7641
101.85.228.137 - - [15/Nov/2020:10:16:43 +0800] "GET /favicon.ico HTTP/1.1" 404 -
114.88.166.242 - - [15/Nov/2020:10:16:44 +0800] "GET /xingrg/all/function/internal_message.html?_=1605406709584&CODE_STATE=getMsg HTTP/1.1" 200 27
180.174.56.115 - - [15/Nov/2020:10:16:45 +0800] "POST /xingrg/dwr/call/plaincall/AjaxQqpsService.getMaterielByCode.dwr HTTP/1.1" 200 3654
180.174.56.115 - - [15/Nov/2020:10:16:47 +0800] "POST /xingrg/dwr/call/plaincall/AjaxQqpsService.saveMaterielItem.dwr HTTP/1.1" 200 78
101.85.228.137 - - [15/Nov/2020:10:16:47 +0800] "GET /xingrg/login.html HTTP/1.1" 200 7641
101.85.228.137 - - [15/Nov/2020:10:16:47 +0800] "GET /favicon.ico HTTP/1.1" 404 -
101.85.228.137 - - [15/Nov/2020:10:16:49 +0800] "POST /xingrg/login.do HTTP/1.1" 302 -
101.85.228.137 - - [15/Nov/2020:10:16:49 +0800] "GET /xingrg/index.html?sysBaseUrl=http%3A%2F%2F180.169.147.146%3A18081%2Fxingrg%2F&costTime=39×tamp=1605406609101 HTTP/1.1" 200 17173
101.85.228.137 - - [15/Nov/2020:10:16:49 +0800] "GET /xingrg/javascript/jquery_easy_ui/themes/default/easyui.css HTTP/1.1" 304 -
101.85.228.137 - - [15/Nov/2020:10:16:49 +0800] "GET /xingrg/javascript/jquery-1.4.2.min.js HTTP/1.1" 304 -
101.85.228.137 - - [15/Nov/2020:10:16:49 +0800] "GET /xingrg/javascript/jquery_easy_ui/themes/icon.css HTTP/1.1" 304 -
101.85.228.137 - - [15/Nov/2020:10:16:49 +0800] "GET /xingrg/css/form.css HTTP/1.1" 304 -
101.85.228.137 - - [15/Nov/2020:10:16:49 +0800] "GET /xingrg/javascript/jquery.form.js HTTP/1.1" 304 -
101.85.228.137 - - [15/Nov/2020:10:16:49 +0800] "GET /xingrg/javascript/jquery.utils.js HTTP/1.1" 304 -
101.85.228.137 - - [15/Nov/2020:10:16:49 +0800] "GET /xingrg/javascript/jquery.timers.js HTTP/1.1" 304 -
101.85.228.137 - - [15/Nov/2020:10:16:49 +0800] "GET /xingrg/javascript/jquery_easy_ui/jquery.easyui.min.js HTTP/1.1" 304 -
101.85.228.137 - - [15/Nov/2020:10:16:49 +0800] "GET /xingrg/javascript/jquery_easy_ui/easyui-lang-zh_CN.js HTTP/1.1" 304 -
101.85.228.137 - - [15/Nov/2020:10:16:49 +0800] "POST /xingrg/all/common/load_tree.html?tree=area_rest_tree_json&manage=1 HTTP/1.1" 200 342
101.85.228.137 - - [15/Nov/2020:10:16:49 +0800] "GET /xingrg/all/function/internal_message.html?_=1605406607538&CODE_STATE=count HTTP/1.1" 200 11
101.85.228.137 - - [15/Nov/2020:10:16:49 +0800] "GET /xingrg/check_reg.html?_=1605406607540 HTTP/1.1" 200 22
101.85.228.137 - - [15/Nov/2020:10:16:49 +0800] "POST /xingrg/load_menu.html HTTP/1.1" 200 5138
101.85.228.137 - - [15/Nov/2020:10:16:49 +0800] "GET /favicon.ico HTTP/1.1" 404 -
101.85.228.137 - - [15/Nov/2020:10:16:50 +0800] "GET /xingrg/kc/buy/cgsh_order_list.html HTTP/1.1" 200 44941
101.85.228.137 - - [15/Nov/2020:10:16:50 +0800] "GET /xingrg/css/base.css HTTP/1.1" 304 -
101.85.228.137 - - [15/Nov/2020:10:16:50 +0800] "GET /xingrg/css/site.css HTTP/1.1" 304 -
101.85.228.137 - - [15/Nov/2020:10:16:50 +0800] "GET /xingrg/javascript/easyui/themes/default/easyui.css HTTP/1.1" 304 -
101.85.228.137 - - [15/Nov/2020:10:16:50 +0800] "GET /xingrg/javascript/jquery_tools/datebox.css HTTP/1.1" 304 -
101.85.228.137 - - [15/Nov/2020:10:16:50 +0800] "GET /xingrg/javascript/easyui/themes/icon.css HTTP/1.1" 304 -
101.85.228.137 - - [15/Nov/2020:10:16:50 +0800] "GET /xingrg/javascript/jquery_tools/fix.css HTTP/1.1" 304 -
101.85.228.137 - - [15/Nov/2020:10:16:50 +0800] "GET /xingrg/javascript/jquery_tools/table.css HTTP/1.1" 304 -
101.85.228.137 - - [15/Nov/2020:10:16:50 +0800] "GET /xingrg/javascript/jquery_tools/jquery.tools.extend.js HTTP/1.1" 304 -
101.85.228.137 - - [15/Nov/2020:10:16:50 +0800] "GET /xingrg/javascript/jquery_tools/jquery.tools.min.js HTTP/1.1" 304 -
101.85.228.137 - - [15/Nov/2020:10:16:50 +0800] "GET /xingrg/javascript/auto/jquery.autocomplete.css HTTP/1.1" 304 -
101.85.228.137 - - [15/Nov/2020:10:16:50 +0800] "GET /xingrg/javascript/jquery_tools/jquery.tools.hotkey.js HTTP/1.1" 304 -
101.85.228.137 - - [15/Nov/2020:10:16:50 +0800] "GET /xingrg/javascript/jquery_tools/jquery.tools.table.js HTTP/1.1" 304 -
101.85.228.137 - - [15/Nov/2020:10:16:50 +0800] "GET /xingrg/javascript/auto/jquery.autocomplete.js HTTP/1.1" 304 -
101.85.228.137 - - [15/Nov/2020:10:16:50 +0800] "GET /xingrg/javascript/jquery_tools/list_manager.js HTTP/1.1" 304 -
101.85.228.137 - - [15/Nov/2020:10:16:50 +0800] "GET /xingrg/javascript/easyui/easyloader.js HTTP/1.1" 304 -
101.85.228.137 - - [15/Nov/2020:10:16:50 +0800] "GET /xingrg/javascript/print/LodopFuncs.js HTTP/1.1" 304 -
101.85.228.137 - - [15/Nov/2020:10:16:50 +0800] "GET /xingrg/javascript/jquery.cookie.js HTTP/1.1" 304 -
101.85.228.137 - - [15/Nov/2020:10:16:51 +0800] "GET /xingrg/javascript/easyui/plugins/jquery.parser.js HTTP/1.1" 304 -
101.85.95.39 - - [15/Nov/2020:10:16:51 +0800] "GET /xingrg/check_reg.html?_=1605406350917 HTTP/1.1" 200 22
101.85.95.39 - - [15/Nov/2020:10:16:51 +0800] "GET /xingrg/all/function/internal_message.html?_=1605406350916&CODE_STATE=getMsg HTTP/1.1" 200 27
101.85.228.137 - - [15/Nov/2020:10:16:51 +0800] "POST /xingrg/kc/buy/cgsh_list_operate.html HTTP/1.1" 200 876
101.85.228.137 - - [15/Nov/2020:10:16:52 +0800] "GET /xingrg/javascript/pic_change.js HTTP/1.1" 304 -
101.85.228.137 - - [15/Nov/2020:10:16:52 +0800] "GET /xingrg/kc/buy/cgsh_order_add.html HTTP/1.1" 200 60644
101.85.228.137 - - [15/Nov/2020:10:16:52 +0800] "GET /xingrg/javascript/convert.js HTTP/1.1" 304 -
101.85.228.137 - - [15/Nov/2020:10:16:52 +0800] "GET /xingrg/javascript/jquery_tools/order_manager.js HTTP/1.1" 304 -
101.85.228.137 - - [15/Nov/2020:10:16:52 +0800] "GET /xingrg/javascript/json2.js HTTP/1.1" 304 -
101.85.228.137 - - [15/Nov/2020:10:16:52 +0800] "GET /xingrg/javascript/print/kc_print.js HTTP/1.1" 304 -
101.85.228.137 - - [15/Nov/2020:10:16:52 +0800] "GET /xingrg/words/20201114125748_words.js HTTP/1.1" 304 -
101.85.228.137 - - [15/Nov/2020:10:16:52 +0800] "POST /xingrg/kc/buy/cgsh_order_operate.html HTTP/1.1" 200 8245
101.85.228.137 - - [15/Nov/2020:10:16:53 +0800] "GET /xingrg/all/common/auto_word.html?type=employee&rest_code=00102 HTTP/1.1" 200 189
101.85.228.137 - - [15/Nov/2020:10:16:53 +0800] "GET /xingrg/all/common/auto_word.html?type=employee&rest_code=00102 HTTP/1.1" 200 189
101.85.228.137 - - [15/Nov/2020:10:16:53 +0800] "GET /xingrg/javascript/easyui/themes/default/validatebox.css HTTP/1.1" 404 1104
101.85.228.137 - - [15/Nov/2020:10:16:53 +0800] "GET /xingrg/javascript/easyui/plugins/jquery.validatebox.js HTTP/1.1" 304 -
101.85.228.137 - - [15/Nov/2020:10:16:53 +0800] "GET /xingrg/javascript/easyui/plugins/jquery.numberbox.js HTTP/1.1" 304 -
101.85.228.137 - - [15/Nov/2020:10:16:54 +0800] "GET /xingrg/javascript/auto/indicator.gif HTTP/1.1" 404 1066
180.162.245.190 - - [15/Nov/2020:10:16:54 +0800] "GET /xingrg/all/function/internal_message.html?_=1605406612637&CODE_STATE=getMsg HTTP/1.1" 200 27
101.85.228.137 - - [15/Nov/2020:10:16:55 +0800] "GET /xingrg/javascript/jquery_tools/images/prev.gif HTTP/1.1" 404 1086
101.85.228.137 - - [15/Nov/2020:10:16:55 +0800] "GET /xingrg/javascript/jquery_tools/images/next.gif HTTP/1.1" 404 1086
180.174.56.115 - - [15/Nov/2020:10:16:56 +0800] "POST /xingrg/dwr/call/plaincall/AjaxQqpsService.getMaterielByCode.dwr HTTP/1.1" 200 3659
180.174.56.115 - - [15/Nov/2020:10:16:58 +0800] "POST /xingrg/dwr/call/plaincall/AjaxQqpsService.saveMaterielItem.dwr HTTP/1.1" 200 79
101.85.228.137 - - [15/Nov/2020:10:16:59 +0800] "GET /xingrg/kc/buy/cgsh_order_operate.html?command=get_materiel&rest_code=00102&code=00101008257&supplier_code=00100008&order_time=2020-11-15 HTTP/1.1" 200 416
180.174.56.115 - - [15/Nov/2020:10:17:02 +0800] "POST /xingrg/dwr/call/plaincall/AjaxQqpsService.getMaterielByCode.dwr HTTP/1.1" 200 3669
101.85.228.137 - - [15/Nov/2020:10:17:05 +0800] "GET /xingrg/kc/buy/cgsh_order_operate.html?command=get_materiel&rest_code=00102&code=00101008350&supplier_code=00100008&order_time=2020-11-15 HTTP/1.1" 200 408
180.174.56.115 - - [15/Nov/2020:10:17:06 +0800] "POST /xingrg/dwr/call/plaincall/AjaxQqpsService.saveMaterielItem.dwr HTTP/1.1" 200 79
180.174.56.115 - - [15/Nov/2020:10:17:10 +0800] "POST /xingrg/dwr/call/plaincall/AjaxQqpsService.getMaterielByCode.dwr HTTP/1.1" 200 3674
180.174.56.115 - - [15/Nov/2020:10:17:11 +0800] "POST /xingrg/dwr/call/plaincall/AjaxQqpsService.saveMaterielItem.dwr HTTP/1.1" 200 79
180.174.56.115 - - [15/Nov/2020:10:17:16 +0800] "GET /xingrg/all/function/internal_message.html?_=1605406631674&CODE_STATE=getMsg HTTP/1.1" 200 27
101.85.228.137 - - [15/Nov/2020:10:17:18 +0800] "GET /xingrg/kc/buy/cgsh_order_operate.html?command=get_materiel&rest_code=00102&code=00101008354&supplier_code=00100008&order_time=2020-11-15 HTTP/1.1" 200 412
116.232.50.120 - - [15/Nov/2020:10:17:19 +0800] "GET /xingrg/all/function/internal_message.html?_=1605406668421&CODE_STATE=getMsg HTTP/1.1" 200 27
114.88.166.242 - - [15/Nov/2020:10:17:20 +0800] "GET /xingrg/all/function/internal_message.html?_=1605406630304&CODE_STATE=getMsg HTTP/1.1" 200 27
117.184.7.26 - - [15/Nov/2020:10:17:22 +0800] "GET /xingrg/all/function/internal_message.html?_=1605406638130&CODE_STATE=getMsg HTTP/1.1" 200 27
101.85.228.137 - - [15/Nov/2020:10:17:23 +0800] "GET /xingrg/kc/buy/cgsh_order_operate.html?command=get_materiel&rest_code=00102&code=00101008312&supplier_code=00100008&order_time=2020-11-15 HTTP/1.1" 200 412
120.253.135.82 - - [15/Nov/2020:10:17:25 +0800] "GET /xingrg/all/function/internal_message.html?_=1605406682755&CODE_STATE=getMsg HTTP/1.1" 200 27
114.88.166.242 - - [15/Nov/2020:10:17:27 +0800] "GET /xingrg/all/function/internal_message.html?_=1605406642649&CODE_STATE=getMsg HTTP/1.1" 200 27
180.174.56.115 - - [15/Nov/2020:10:17:27 +0800] "POST /xingrg/dwr/call/plaincall/AjaxQqpsService.getMaterielByCode.dwr HTTP/1.1" 200 3664
101.85.228.137 - - [15/Nov/2020:10:17:27 +0800] "GET /xingrg/kc/buy/cgsh_order_operate.html?command=get_materiel&rest_code=00102&code=00101008028&supplier_code=00100008&order_time=2020-11-15 HTTP/1.1" 200 412
101.85.228.137 - - [15/Nov/2020:10:17:28 +0800] "GET /xingrg/all/function/internal_message.html?_=1605406866884&CODE_STATE=getMsg HTTP/1.1" 200 27
180.174.56.115 - - [15/Nov/2020:10:17:30 +0800] "GET /xingrg/all/function/internal_message.html?_=1605406622961&CODE_STATE=getMsg HTTP/1.1" 200 27
101.85.228.137 - - [15/Nov/2020:10:17:32 +0800] "GET /xingrg/kc/buy/cgsh_order_operate.html?command=get_materiel&rest_code=00102&code=00101008283&supplier_code=00100008&order_time=2020-11-15 HTTP/1.1" 200 408
222.69.137.205 - - [15/Nov/2020:10:17:34 +0800] "GET /xingrg/kc/buy/cgsh_order_add.html HTTP/1.1" 200 60732
222.69.137.205 - - [15/Nov/2020:10:17:34 +0800] "POST /xingrg/kc/buy/cgsh_order_operate.html HTTP/1.1" 200 8245
222.69.137.205 - - [15/Nov/2020:10:17:34 +0800] "GET /xingrg/javascript/easyui/themes/default/validatebox.css HTTP/1.1" 404 1104
172.17.0.100 - - [15/Nov/2020:10:17:35 +0800] "GET /xingrg/all/function/internal_message.html?_=1605406653238&CODE_STATE=getMsg HTTP/1.1" 200 27
101.85.228.137 - - [15/Nov/2020:10:17:36 +0800] "GET /xingrg/javascript/easyui/plugins/jquery.draggable.js HTTP/1.1" 304 -
101.85.228.137 - - [15/Nov/2020:10:17:36 +0800] "GET /xingrg/javascript/easyui/plugins/jquery.droppable.js HTTP/1.1" 304 -
101.85.228.137 - - [15/Nov/2020:10:17:36 +0800] "GET /xingrg/javascript/easyui/plugins/jquery.tree.js HTTP/1.1" 304 -
101.85.228.137 - - [15/Nov/2020:10:17:36 +0800] "GET /xingrg/javascript/easyui/themes/default/tree.css HTTP/1.1" 404 1090
222.69.137.205 - - [15/Nov/2020:10:17:36 +0800] "GET /xingrg/all/function/internal_message.html?_=1605406652863&CODE_STATE=getMsg HTTP/1.1" 200 27
101.85.228.137 - - [15/Nov/2020:10:17:36 +0800] "POST /xingrg/all/common/load_tree.html?tree=supplier_tree_json&isDelete=1 HTTP/1.1" 200 51855
116.228.172.94 - - [15/Nov/2020:10:17:36 +0800] "GET /xingrg/all/function/internal_message.html?_=1605406653160&CODE_STATE=getMsg HTTP/1.1" 200 27
101.85.228.137 - - [15/Nov/2020:10:17:37 +0800] "GET /xingrg/kc/buy/cgsh_order_operate.html?command=get_materiel&rest_code=00102&code=00101008038&supplier_code=00100008&order_time=2020-11-15 HTTP/1.1" 200 412
222.69.133.109 - - [15/Nov/2020:10:17:39 +0800] "GET /xingrg/check_reg.html?_=1605406656730 HTTP/1.1" 200 22
222.69.133.109 - - [15/Nov/2020:10:17:39 +0800] "GET /xingrg/all/function/internal_message.html?_=1605406656734&CODE_STATE=getMsg HTTP/1.1" 200 27
101.85.228.137 - - [15/Nov/2020:10:17:42 +0800] "GET /xingrg/kc/buy/cgsh_order_operate.html?command=get_materiel&rest_code=00102&code=00101008338&supplier_code=00100008&order_time=2020-11-15 HTTP/1.1" 200 408
114.88.166.242 - - [15/Nov/2020:10:17:44 +0800] "GET /xingrg/kc/report/report_main.html HTTP/1.1" 200 7345
114.88.166.242 - - [15/Nov/2020:10:17:44 +0800] "GET /xingrg/all/function/internal_message.html?_=1605406769596&CODE_STATE=getMsg HTTP/1.1" 200 27
114.88.166.242 - - [15/Nov/2020:10:17:45 +0800] "GET /xingrg/kc/base/kc_stocks.html HTTP/1.1" 200 16386
114.88.166.242 - - [15/Nov/2020:10:17:45 +0800] "GET /xingrg/javascript/easyui/themes/default/tree.css HTTP/1.1" 404 1090
114.88.166.242 - - [15/Nov/2020:10:17:45 +0800] "GET /xingrg/all/common/auto_word.html?type=base&rest_code=00111 HTTP/1.1" 200 1753
114.88.166.242 - - [15/Nov/2020:10:17:45 +0800] "POST /xingrg/all/common/load_tree.html?tree=materiel_sort_tree_json HTTP/1.1" 200 8666
101.85.228.137 - - [15/Nov/2020:10:17:48 +0800] "GET /xingrg/kc/buy/cgsh_order_operate.html?command=get_materiel&rest_code=00102&code=00101008163&supplier_code=00100008&order_time=2020-11-15 HTTP/1.1" 200 409
101.85.228.137 - - [15/Nov/2020:10:17:49 +0800] "GET /xingrg/all/function/internal_message.html?_=1605406667554&CODE_STATE=getMsg HTTP/1.1" 200 27
114.88.166.242 - - [15/Nov/2020:10:17:49 +0800] "GET /xingrg/check_reg.html?_=1605406659701 HTTP/1.1" 200 22
180.174.56.115 - - [15/Nov/2020:10:17:50 +0800] "POST /xingrg/dwr/call/plaincall/AjaxQqpsService.saveMaterielItem.dwr HTTP/1.1" 200 79
101.85.95.39 - - [15/Nov/2020:10:17:51 +0800] "GET /xingrg/all/function/internal_message.html?_=1605406410915&CODE_STATE=getMsg HTTP/1.1" 200 27
180.174.56.115 - - [15/Nov/2020:10:17:53 +0800] "POST /xingrg/dwr/call/plaincall/AjaxQqpsService.checkOrder.dwr HTTP/1.1" 200 79
180.174.56.115 - - [15/Nov/2020:10:17:54 +0800] "GET /xingrg/dwr/interface/AjaxComOrderService.js HTTP/1.1" 200 18264
101.85.228.137 - - [15/Nov/2020:10:17:54 +0800] "GET /xingrg/kc/buy/cgsh_order_operate.html?command=get_materiel&rest_code=00102&code=00101008141&supplier_code=00100008&order_time=2020-11-15 HTTP/1.1" 200 414
180.162.245.190 - - [15/Nov/2020:10:17:54 +0800] "GET /xingrg/all/function/internal_message.html?_=1605406672620&CODE_STATE=getMsg HTTP/1.1" 200 27
180.174.56.115 - - [15/Nov/2020:10:17:54 +0800] "GET /xingrg/kc/mdqp/qqps_order_info.html?code=302020111500297 HTTP/1.1" 200 26409
180.174.56.115 - - [15/Nov/2020:10:17:54 +0800] "GET /xingrg/dwr/interface/AjaxQqpsService.js HTTP/1.1" 200 16326
180.174.56.115 - - [15/Nov/2020:10:17:54 +0800] "GET /xingrg/dwr/engine.js HTTP/1.1" 200 43631
180.174.56.115 - - [15/Nov/2020:10:17:55 +0800] "POST /xingrg/dwr/call/plaincall/AjaxQqpsService.loadMaterielItems.dwr HTTP/1.1" 200 2527
180.162.245.190 - - [15/Nov/2020:10:17:56 +0800] "GET /xingrg/check_reg.html?_=1605406673878 HTTP/1.1" 200 22
222.69.137.205 - - [15/Nov/2020:10:17:56 +0800] "GET /xingrg/kc/buy/cgsh_order_operate.html?command=get_materiel&rest_code=00149&code=00101020153&supplier_code=00100036&order_time=2020-11-15 HTTP/1.1" 200 408
114.88.166.242 - - [15/Nov/2020:10:17:56 +0800] "POST /xingrg/kc/base/stock_operate.html HTTP/1.1" 200 1472
114.88.166.242 - - [15/Nov/2020:10:17:57 +0800] "GET /xingrg/kc/base/stock_detail.html?m=00101010209 HTTP/1.1" 200 7284
114.88.166.242 - - [15/Nov/2020:10:17:59 +0800] "GET /xingrg/kc/base/stock_operate.html?_=1605406783956&command=get_report_file&start_day=20201101 HTTP/1.1" 200 53
114.88.166.242 - - [15/Nov/2020:10:17:59 +0800] "GET /xingrg/all/report/report_query.html?isQuery=1&onlyBody=1&rh=2000&fileName=kc/base/kc_stock_detail_new.xml&queryString=(1=1)&queryText=&tableQueryString=init_table$sp1$$sp$crk_table$sp1$order_day%20between%2020201101%20and%2020201130&varString=start_day:20201101,materiel_code:00101010209,cost_id:2894,end_date:20201031 HTTP/1.1" 200 48701
114.88.166.242 - - [15/Nov/2020:10:17:59 +0800] "GET /xingrg/dwr/util.js HTTP/1.1" 304 -
114.88.166.242 - - [15/Nov/2020:10:17:59 +0800] "GET /xingrg/dwr/interface/AjaxReportQueryService.js HTTP/1.1" 200 13203
114.88.166.242 - - [15/Nov/2020:10:17:59 +0800] "GET /xingrg/dwr/engine.js HTTP/1.1" 200 43631
114.88.166.242 - - [15/Nov/2020:10:17:59 +0800] "POST /xingrg/all/report/load_report_page.html HTTP/1.1" 200 20255
114.88.166.242 - - [15/Nov/2020:10:17:59 +0800] "GET /xingrg/servlets/image?cache=0.15309328926436316&image=px HTTP/1.1" 200 807
101.85.228.137 - - [15/Nov/2020:10:18:02 +0800] "GET /xingrg/kc/buy/cgsh_order_operate.html?command=get_materiel&rest_code=00102&code=00101008355&supplier_code=00100008&order_time=2020-11-15 HTTP/1.1" 200 410
114.88.166.242 - - [15/Nov/2020:10:18:03 +0800] "GET /xingrg/kc/base/stock_operate.html?_=1605406788090&command=get_report_file&start_day=20201001 HTTP/1.1" 200 53
114.88.166.242 - - [15/Nov/2020:10:18:03 +0800] "GET /xingrg/all/report/report_query.html?isQuery=1&onlyBody=1&rh=2000&fileName=kc/base/kc_stock_detail_new.xml&queryString=(1=1)&queryText=&tableQueryString=init_table$sp1$$sp$crk_table$sp1$order_day%20between%2020201001%20and%2020201130&varString=start_day:20201001,materiel_code:00101010209,cost_id:2852,end_date:20200930 HTTP/1.1" 200 48701
114.88.166.242 - - [15/Nov/2020:10:18:03 +0800] "GET /xingrg/dwr/interface/AjaxReportQueryService.js HTTP/1.1" 200 13203
114.88.166.242 - - [15/Nov/2020:10:18:03 +0800] "GET /xingrg/dwr/engine.js HTTP/1.1" 200 43631
114.88.166.242 - - [15/Nov/2020:10:18:03 +0800] "POST /xingrg/all/report/load_report_page.html HTTP/1.1" 200 25117
114.88.166.242 - - [15/Nov/2020:10:18:03 +0800] "GET /xingrg/servlets/image?cache=0.8194151260166913&image=px HTTP/1.1" 200 807
101.85.228.137 - - [15/Nov/2020:10:18:07 +0800] "GET /xingrg/kc/buy/cgsh_order_operate.html?command=get_materiel&rest_code=00102&code=00101008272&supplier_code=00100008&order_time=2020-11-15 HTTP/1.1" 200 412
114.88.166.242 - - [15/Nov/2020:10:18:10 +0800] "GET /xingrg/kc/base/stock_operate.html?_=1605406795732&command=get_report_file&start_day=20200629 HTTP/1.1" 200 53
114.88.166.242 - - [15/Nov/2020:10:18:10 +0800] "GET /xingrg/all/report/report_query.html?isQuery=1&onlyBody=1&rh=2000&fileName=kc/base/kc_stock_detail_new.xml&queryString=(1=1)&queryText=&tableQueryString=init_table$sp1$$sp$crk_table$sp1$order_day%20between%2020200629%20and%2020201130&varString=start_day:20200629,materiel_code:00101010209,cost_id:2723,end_date:20200531 HTTP/1.1" 200 48701
114.88.166.242 - - [15/Nov/2020:10:18:10 +0800] "GET /xingrg/dwr/interface/AjaxReportQueryService.js HTTP/1.1" 200 13203
114.88.166.242 - - [15/Nov/2020:10:18:10 +0800] "GET /xingrg/dwr/engine.js HTTP/1.1" 200 43631
114.88.166.242 - - [15/Nov/2020:10:18:11 +0800] "POST /xingrg/all/report/load_report_page.html HTTP/1.1" 200 54425
114.88.166.242 - - [15/Nov/2020:10:18:11 +0800] "GET /xingrg/servlets/image?cache=0.7574315791508746&image=px HTTP/1.1" 200 807
101.85.228.137 - - [15/Nov/2020:10:18:11 +0800] "GET /xingrg/kc/buy/cgsh_order_operate.html?command=get_materiel&rest_code=00102&code=00101008077&supplier_code=00100008&order_time=2020-11-15 HTTP/1.1" 200 416
114.88.166.242 - - [15/Nov/2020:10:18:14 +0800] "GET /xingrg/kc/guide/show_order.html?code=212020092611476&type=21 HTTP/1.1" 302 -
114.88.166.242 - - [15/Nov/2020:10:18:14 +0800] "GET /xingrg/kc/buy/cgsh_order_info.html?code=212020092611476&sysBaseUrl=http%3A%2F%2F180.169.147.146%3A18081%2Fxingrg%2F&costTime=0×tamp=1605406694007 HTTP/1.1" 200 55576
114.88.166.242 - - [15/Nov/2020:10:18:14 +0800] "GET /favicon.ico HTTP/1.1" 404 -
114.88.166.242 - - [15/Nov/2020:10:18:14 +0800] "GET /xingrg/javascript/easyui/themes/default/validatebox.css HTTP/1.1" 404 1104
114.88.166.242 - - [15/Nov/2020:10:18:14 +0800] "POST /xingrg/kc/buy/cgsh_order_operate.html HTTP/1.1" 200 626
180.174.56.115 - - [15/Nov/2020:10:18:15 +0800] "GET /xingrg/images/yd/bt.gif HTTP/1.1" 404 1040
180.174.56.115 - - [15/Nov/2020:10:18:15 +0800] "GET /xingrg/images/yd/bt2.gif HTTP/1.1" 404 1042
180.174.56.115 - - [15/Nov/2020:10:18:16 +0800] "GET /xingrg/all/function/internal_message.html?_=1605406691679&CODE_STATE=getMsg HTTP/1.1" 200 27
101.85.228.137 - - [15/Nov/2020:10:18:16 +0800] "GET /xingrg/kc/buy/cgsh_order_operate.html?command=get_materiel&rest_code=00102&code=00101008357&supplier_code=00100008&order_time=2020-11-15 HTTP/1.1" 200 408
116.232.50.120 - - [15/Nov/2020:10:18:19 +0800] "GET /xingrg/check_reg.html?_=1605406728375 HTTP/1.1" 200 22
116.232.50.120 - - [15/Nov/2020:10:18:19 +0800] "GET /xingrg/all/function/internal_message.html?_=1605406728421&CODE_STATE=getMsg HTTP/1.1" 200 27
114.88.166.242 - - [15/Nov/2020:10:18:20 +0800] "GET /xingrg/all/function/internal_message.html?_=1605406690310&CODE_STATE=getMsg HTTP/1.1" 200 27
101.85.228.137 - - [15/Nov/2020:10:18:20 +0800] "GET /xingrg/kc/buy/cgsh_order_operate.html?command=get_materiel&rest_code=00102&code=00101008069&supplier_code=00100008&order_time=2020-11-15 HTTP/1.1" 200 412
117.184.7.26 - - [15/Nov/2020:10:18:22 +0800] "GET /xingrg/all/function/internal_message.html?_=1605406698114&CODE_STATE=getMsg HTTP/1.1" 200 27
114.88.166.242 - - [15/Nov/2020:10:18:24 +0800] "GET /xingrg/kc/base/stock_operate.html?_=1605406809648&command=get_report_file&start_day=20190527 HTTP/1.1" 200 53
114.88.166.242 - - [15/Nov/2020:10:18:24 +0800] "GET /xingrg/all/report/report_query.html?isQuery=1&onlyBody=1&rh=2000&fileName=kc/base/kc_stock_detail_new.xml&queryString=(1=1)&queryText=&tableQueryString=init_table$sp1$$sp$crk_table$sp1$order_day%20between%2020190527%20and%2020201130&varString=start_day:20190527,materiel_code:00101010209,cost_id:1985,end_date:20190430 HTTP/1.1" 200 48701
114.88.166.242 - - [15/Nov/2020:10:18:24 +0800] "GET /xingrg/dwr/interface/AjaxReportQueryService.js HTTP/1.1" 200 13203
114.88.166.242 - - [15/Nov/2020:10:18:24 +0800] "GET /xingrg/dwr/engine.js HTTP/1.1" 200 43631
120.253.135.82 - - [15/Nov/2020:10:18:25 +0800] "GET /xingrg/all/function/internal_message.html?_=1605406742762&CODE_STATE=getMsg HTTP/1.1" 200 27
101.85.228.137 - - [15/Nov/2020:10:18:25 +0800] "GET /xingrg/kc/buy/cgsh_order_operate.html?command=get_materiel&rest_code=00102&code=00101008286&supplier_code=00100008&order_time=2020-11-15 HTTP/1.1" 200 408
114.88.166.242 - - [15/Nov/2020:10:18:25 +0800] "POST /xingrg/all/report/load_report_page.html HTTP/1.1" 200 156925
114.88.166.242 - - [15/Nov/2020:10:18:26 +0800] "GET /xingrg/servlets/image?cache=0.3650292390219465&image=px HTTP/1.1" 200 807
114.88.166.242 - - [15/Nov/2020:10:18:27 +0800] "GET /xingrg/check_reg.html?_=1605406702648 HTTP/1.1" 200 22
114.88.166.242 - - [15/Nov/2020:10:18:27 +0800] "GET /xingrg/all/function/internal_message.html?_=1605406702647&CODE_STATE=getMsg HTTP/1.1" 200 27
101.85.228.137 - - [15/Nov/2020:10:18:28 +0800] "GET /xingrg/all/function/internal_message.html?_=1605406926896&CODE_STATE=getMsg HTTP/1.1" 200 27
101.85.228.137 - - [15/Nov/2020:10:18:31 +0800] "GET /xingrg/kc/buy/cgsh_order_operate.html?command=get_materiel&rest_code=00102&code=00101008036&supplier_code=00100008&order_time=2020-11-15 HTTP/1.1" 200 408
172.17.0.100 - - [15/Nov/2020:10:18:35 +0800] "GET /xingrg/all/function/internal_message.html?_=1605406713271&CODE_STATE=getMsg HTTP/1.1" 200 27
116.228.172.94 - - [15/Nov/2020:10:18:36 +0800] "GET /xingrg/check_reg.html?_=1605406712448 HTTP/1.1" 200 22
222.69.137.205 - - [15/Nov/2020:10:18:36 +0800] "GET /xingrg/all/function/internal_message.html?_=1605406712874&CODE_STATE=getMsg HTTP/1.1" 200 27
