114.84.37.38 - - [15/Nov/2020:10:31:53 +0800] "GET /xingrg/kc/buy/cgsh_order_operate.html?command=get_materiel&rest_code=00146&code=00101010161&supplier_code=00100041&order_time=2020-11-15 HTTP/1.1" 200 409
180.162.245.190 - - [15/Nov/2020:10:31:54 +0800] "GET /xingrg/all/function/internal_message.html?_=1605407512637&CODE_STATE=getMsg HTTP/1.1" 200 27
114.88.166.242 - - [15/Nov/2020:10:31:58 +0800] "GET /xingrg/kc/buy/cgsh_order_operate.html?command=get_materiel&rest_code=00111&code=00101010209&supplier_code=00100322&order_time=2020-11-15 HTTP/1.1" 200 439
116.228.172.94 - - [15/Nov/2020:10:32:00 +0800] "GET /xingrg/kc/buy/cgsh_order_operate.html?command=get_materiel&rest_code=00107&code=00101003037&supplier_code=00100091&order_time=2020-11-15 HTTP/1.1" 200 415
180.162.245.190 - - [15/Nov/2020:10:32:02 +0800] "GET /xingrg/kc/buy/cgsh_order_operate.html?command=get_materiel&rest_code=00105&code=00101009019&supplier_code=00100024&order_time=2020-11-15 HTTP/1.1" 200 412
114.84.37.38 - - [15/Nov/2020:10:32:07 +0800] "GET /xingrg/kc/buy/cgsh_order_operate.html?command=get_materiel&rest_code=00146&code=00101005037&supplier_code=00100041&order_time=2020-11-15 HTTP/1.1" 200 409
180.157.253.48 - - [15/Nov/2020:10:32:14 +0800] "GET /xingrg/kc/buy/cgsh_order_operate.html?command=get_materiel&rest_code=00148&code=00101004020&supplier_code=00100312&order_time=2020-11-15 HTTP/1.1" 200 409
116.228.172.94 - - [15/Nov/2020:10:32:16 +0800] "POST /xingrg/kc/buy/cgsh_order_operate.html HTTP/1.1" 200 37
180.174.56.115 - - [15/Nov/2020:10:32:16 +0800] "GET /xingrg/all/function/internal_message.html?_=1605407531724&CODE_STATE=getMsg HTTP/1.1" 200 27
114.88.166.242 - - [15/Nov/2020:10:32:16 +0800] "GET /xingrg/kc/buy/cgsh_order_operate.html?command=get_materiel&rest_code=00111&code=00101010534&supplier_code=00100322&order_time=2020-11-15 HTTP/1.1" 200 428
114.84.37.38 - - [15/Nov/2020:10:32:16 +0800] "GET /xingrg/kc/buy/cgsh_order_operate.html?command=get_materiel&rest_code=00146&code=00101006067&supplier_code=00100041&order_time=2020-11-15 HTTP/1.1" 200 409
116.228.172.94 - - [15/Nov/2020:10:32:17 +0800] "POST /xingrg/kc/buy/cgsh_order_operate.html HTTP/1.1" 200 3261
116.228.172.94 - - [15/Nov/2020:10:32:18 +0800] "GET /xingrg/kc/print/load_data.html?order_code=212020111505845&kc_code=cgsh&condition= HTTP/1.1" 200 981
116.232.50.120 - - [15/Nov/2020:10:32:19 +0800] "GET /xingrg/all/function/internal_message.html?_=1605407568421&CODE_STATE=getMsg HTTP/1.1" 200 27
114.88.166.242 - - [15/Nov/2020:10:32:20 +0800] "GET /xingrg/all/function/internal_message.html?_=1605407530726&CODE_STATE=getMsg HTTP/1.1" 200 27
117.184.7.26 - - [15/Nov/2020:10:32:22 +0800] "GET /xingrg/all/function/internal_message.html?_=1605407537840&CODE_STATE=getMsg HTTP/1.1" 200 27
116.228.172.94 - - [15/Nov/2020:10:32:22 +0800] "GET /xingrg/kc/buy/cgsh_order_add.html HTTP/1.1" 200 60767
116.228.172.94 - - [15/Nov/2020:10:32:23 +0800] "GET /xingrg/javascript/easyui/themes/default/validatebox.css HTTP/1.1" 404 1104
116.228.172.94 - - [15/Nov/2020:10:32:23 +0800] "POST /xingrg/kc/buy/cgsh_order_operate.html HTTP/1.1" 200 8245
116.228.172.94 - - [15/Nov/2020:10:32:24 +0800] "GET /xingrg/javascript/easyui/themes/default/tree.css HTTP/1.1" 404 1090
116.228.172.94 - - [15/Nov/2020:10:32:24 +0800] "POST /xingrg/all/common/load_tree.html?tree=supplier_tree_json&isDelete=1 HTTP/1.1" 200 51855
120.253.135.82 - - [15/Nov/2020:10:32:25 +0800] "GET /xingrg/all/function/internal_message.html?_=1605407582975&CODE_STATE=getMsg HTTP/1.1" 200 27
114.84.37.38 - - [15/Nov/2020:10:32:26 +0800] "GET /xingrg/kc/buy/cgsh_order_operate.html?command=get_materiel&rest_code=00146&code=00101001075&supplier_code=00100041&order_time=2020-11-15 HTTP/1.1" 200 409
114.88.166.242 - - [15/Nov/2020:10:32:27 +0800] "GET /xingrg/all/function/internal_message.html?_=1605407542679&CODE_STATE=getMsg HTTP/1.1" 200 27
180.162.245.190 - - [15/Nov/2020:10:32:28 +0800] "GET /xingrg/kc/buy/cgsh_order_operate.html?command=get_materiel&rest_code=00105&code=00101008507&supplier_code=00100024&order_time=2020-11-15 HTTP/1.1" 200 395
101.85.228.137 - - [15/Nov/2020:10:32:30 +0800] "GET /xingrg/all/function/internal_message.html?_=1605407768849&CODE_STATE=getMsg HTTP/1.1" 200 27
172.17.0.100 - - [15/Nov/2020:10:32:35 +0800] "GET /xingrg/all/function/internal_message.html?_=1605407553331&CODE_STATE=getMsg HTTP/1.1" 200 27
116.228.172.94 - - [15/Nov/2020:10:32:36 +0800] "GET /xingrg/kc/buy/cgsh_order_operate.html?command=get_materiel&rest_code=00107&code=00101003025&supplier_code=00100093&order_time=2020-11-15 HTTP/1.1" 200 409
222.69.137.205 - - [15/Nov/2020:10:32:36 +0800] "GET /xingrg/all/function/internal_message.html?_=1605407552883&CODE_STATE=getMsg HTTP/1.1" 200 27
114.88.166.242 - - [15/Nov/2020:10:32:37 +0800] "GET /xingrg/kc/buy/cgsh_order_operate.html?command=get_materiel&rest_code=00111&code=00101007144&supplier_code=00100322&order_time=2020-11-15 HTTP/1.1" 200 428
116.228.172.94 - - [15/Nov/2020:10:32:37 +0800] "GET /xingrg/all/function/internal_message.html?_=1605407553889&CODE_STATE=getMsg HTTP/1.1" 200 27
222.69.133.109 - - [15/Nov/2020:10:32:39 +0800] "GET /xingrg/all/function/internal_message.html?_=1605407556749&CODE_STATE=getMsg HTTP/1.1" 200 27
222.69.133.109 - - [15/Nov/2020:10:32:39 +0800] "GET /xingrg/check_reg.html?_=1605407556754 HTTP/1.1" 200 22
114.88.166.242 - - [15/Nov/2020:10:32:44 +0800] "GET /xingrg/all/function/internal_message.html?_=1605407669632&CODE_STATE=getMsg HTTP/1.1" 200 27
116.228.172.94 - - [15/Nov/2020:10:32:44 +0800] "POST /xingrg/kc/buy/cgsh_order_operate.html HTTP/1.1" 200 37
114.84.37.38 - - [15/Nov/2020:10:32:45 +0800] "GET /xingrg/kc/buy/cgsh_order_operate.html?command=get_materiel&rest_code=00146&code=00101003025&supplier_code=00100041&order_time=2020-11-15 HTTP/1.1" 200 409
116.228.172.94 - - [15/Nov/2020:10:32:45 +0800] "POST /xingrg/kc/buy/cgsh_order_operate.html HTTP/1.1" 200 2653
172.17.200.101 - - [15/Nov/2020:10:32:46 +0800] "GET /xingrg/login.html HTTP/1.1" 200 7636
180.162.245.190 - - [15/Nov/2020:10:32:48 +0800] "POST /xingrg/kc/buy/cgsh_order_operate.html HTTP/1.1" 200 37
116.228.172.94 - - [15/Nov/2020:10:32:48 +0800] "GET /xingrg/kc/print/load_data.html?order_code=212020111505846&kc_code=cgsh&condition= HTTP/1.1" 200 713
172.17.200.101 - - [15/Nov/2020:10:32:48 +0800] "GET /favicon.ico HTTP/1.1" 404 -
180.162.245.190 - - [15/Nov/2020:10:32:49 +0800] "POST /xingrg/kc/buy/cgsh_order_operate.html HTTP/1.1" 200 6216
114.88.166.242 - - [15/Nov/2020:10:32:49 +0800] "GET /xingrg/check_reg.html?_=1605407559720 HTTP/1.1" 200 22
180.162.245.190 - - [15/Nov/2020:10:32:50 +0800] "GET /xingrg/kc/print/load_data.html?order_code=212020111505847&kc_code=cgsh&condition= HTTP/1.1" 200 2045
101.85.228.137 - - [15/Nov/2020:10:32:50 +0800] "GET /xingrg/all/function/internal_message.html?_=1605407568866&CODE_STATE=getMsg HTTP/1.1" 200 27
101.85.95.39 - - [15/Nov/2020:10:32:51 +0800] "GET /xingrg/all/function/internal_message.html?_=1605407310941&CODE_STATE=getMsg HTTP/1.1" 200 27
116.228.172.94 - - [15/Nov/2020:10:32:53 +0800] "GET /xingrg/kc/buy/cgsh_order_add.html HTTP/1.1" 200 60767
116.228.172.94 - - [15/Nov/2020:10:32:54 +0800] "GET /xingrg/javascript/easyui/themes/default/validatebox.css HTTP/1.1" 404 1104
116.228.172.94 - - [15/Nov/2020:10:32:54 +0800] "POST /xingrg/kc/buy/cgsh_order_operate.html HTTP/1.1" 200 8245
180.162.245.190 - - [15/Nov/2020:10:32:54 +0800] "GET /xingrg/all/function/internal_message.html?_=1605407572662&CODE_STATE=getMsg HTTP/1.1" 200 27
116.228.172.94 - - [15/Nov/2020:10:32:55 +0800] "GET /xingrg/javascript/easyui/themes/default/tree.css HTTP/1.1" 404 1090
116.228.172.94 - - [15/Nov/2020:10:32:55 +0800] "POST /xingrg/all/common/load_tree.html?tree=supplier_tree_json&isDelete=1 HTTP/1.1" 200 51855
172.17.200.101 - - [15/Nov/2020:10:32:55 +0800] "POST /xingrg/login.do HTTP/1.1" 302 -
172.17.200.101 - - [15/Nov/2020:10:32:55 +0800] "GET /xingrg/index.html?sysBaseUrl=http%3A%2F%2F172.17.0.8%3A18081%2Fxingrg%2F&costTime=47×tamp=1605407575408 HTTP/1.1" 200 17448
180.162.245.190 - - [15/Nov/2020:10:32:56 +0800] "GET /xingrg/check_reg.html?_=1605407573829 HTTP/1.1" 200 22
172.17.200.101 - - [15/Nov/2020:10:32:57 +0800] "GET /favicon.ico HTTP/1.1" 404 -
114.88.166.242 - - [15/Nov/2020:10:32:57 +0800] "POST /xingrg/kc/buy/cgsh_order_operate.html HTTP/1.1" 200 37
172.17.200.101 - - [15/Nov/2020:10:32:57 +0800] "POST /xingrg/all/common/load_tree.html?tree=area_rest_tree_json&manage=1 HTTP/1.1" 200 3088
180.162.245.190 - - [15/Nov/2020:10:32:58 +0800] "POST /xingrg/kc/buy/cgsh_list_operate.html HTTP/1.1" 200 5207
172.17.200.101 - - [15/Nov/2020:10:32:58 +0800] "GET /xingrg/all/function/internal_message.html?_=1605407575106&CODE_STATE=count HTTP/1.1" 200 11
172.17.200.101 - - [15/Nov/2020:10:32:58 +0800] "GET /xingrg/check_reg.html?_=1605407575107 HTTP/1.1" 200 22
114.88.166.242 - - [15/Nov/2020:10:32:58 +0800] "POST /xingrg/kc/buy/cgsh_order_operate.html HTTP/1.1" 200 5127
172.17.200.101 - - [15/Nov/2020:10:32:59 +0800] "POST /xingrg/load_menu.html HTTP/1.1" 200 11529
114.88.166.242 - - [15/Nov/2020:10:32:59 +0800] "GET /xingrg/kc/print/load_data.html?order_code=212020111505848&kc_code=cgsh&condition= HTTP/1.1" 200 1661
172.17.200.101 - - [15/Nov/2020:10:33:02 +0800] "GET /xingrg/kc/report/report_main.html HTTP/1.1" 200 9350
172.17.200.101 - - [15/Nov/2020:10:33:03 +0800] "GET /xingrg/all/report/report_query.html?fileName=kc/buy/gys_amount_base_rest.xml HTTP/1.1" 200 51589
172.17.200.101 - - [15/Nov/2020:10:33:04 +0800] "GET /xingrg/dwr/interface/AjaxReportQueryService.js HTTP/1.1" 200 13203
172.17.200.101 - - [15/Nov/2020:10:33:04 +0800] "GET /xingrg/dwr/engine.js HTTP/1.1" 200 43631
172.17.200.101 - - [15/Nov/2020:10:33:04 +0800] "GET /xingrg/dwr/util.js HTTP/1.1" 304 -
180.157.253.48 - - [15/Nov/2020:10:33:04 +0800] "GET /xingrg/kc/buy/cgsh_order_operate.html?command=get_materiel&rest_code=00148&code=00101004013&supplier_code=00100312&order_time=2020-11-15 HTTP/1.1" 200 415
172.17.200.101 - - [15/Nov/2020:10:33:04 +0800] "POST /xingrg/dwr/call/plaincall/AjaxReportQueryService.getFixDate.dwr HTTP/1.1" 200 111
172.17.200.101 - - [15/Nov/2020:10:33:04 +0800] "POST /xingrg/all/common/load_tree.html?tree=area_rest_tree_json&manage=1 HTTP/1.1" 200 3088
172.17.200.101 - - [15/Nov/2020:10:33:05 +0800] "POST /xingrg/all/common/load_tree.html?tree=supplier_tree_json&manage=1 HTTP/1.1" 200 52587
172.17.200.101 - - [15/Nov/2020:10:33:07 +0800] "POST /xingrg/dwr/call/plaincall/AjaxReportQueryService.getFixDate.dwr HTTP/1.1" 200 111
114.84.37.38 - - [15/Nov/2020:10:33:08 +0800] "POST /xingrg/kc/buy/cgsh_order_operate.html HTTP/1.1" 200 37
116.228.172.94 - - [15/Nov/2020:10:33:08 +0800] "GET /xingrg/kc/buy/cgsh_order_operate.html?command=get_materiel&rest_code=00107&code=00101003035&supplier_code=00100092&order_time=2020-11-15 HTTP/1.1" 200 411
114.88.166.242 - - [15/Nov/2020:10:33:14 +0800] "GET /xingrg/kc/buy/cgsh_order_add.html HTTP/1.1" 200 60679
114.88.166.242 - - [15/Nov/2020:10:33:14 +0800] "POST /xingrg/kc/buy/cgsh_order_operate.html HTTP/1.1" 200 8245
114.88.166.242 - - [15/Nov/2020:10:33:14 +0800] "GET /xingrg/javascript/easyui/themes/default/validatebox.css HTTP/1.1" 404 1104
114.84.37.38 - - [15/Nov/2020:10:33:14 +0800] "POST /xingrg/kc/buy/cgsh_order_operate.html HTTP/1.1" 200 5601
172.17.200.101 - - [15/Nov/2020:10:33:15 +0800] "POST /xingrg/dwr/call/plaincall/AjaxReportQueryService.refreshCache.dwr HTTP/1.1" 200 78
180.174.56.115 - - [15/Nov/2020:10:33:16 +0800] "GET /xingrg/all/function/internal_message.html?_=1605407591748&CODE_STATE=getMsg HTTP/1.1" 200 27
172.17.200.101 - - [15/Nov/2020:10:33:16 +0800] "POST /xingrg/all/report/load_report_page.html HTTP/1.1" 200 48256
172.17.200.101 - - [15/Nov/2020:10:33:16 +0800] "GET /xingrg/servlets/image?cache=0.6216026627995375&image=px HTTP/1.1" 200 807
114.84.37.38 - - [15/Nov/2020:10:33:17 +0800] "GET /xingrg/kc/print/load_data.html?order_code=212020111505849&kc_code=cgsh&condition= HTTP/1.1" 200 1810
116.232.50.120 - - [15/Nov/2020:10:33:19 +0800] "GET /xingrg/check_reg.html?_=1605407628390 HTTP/1.1" 200 22
116.232.50.120 - - [15/Nov/2020:10:33:19 +0800] "GET /xingrg/all/function/internal_message.html?_=1605407628421&CODE_STATE=getMsg HTTP/1.1" 200 27
116.228.172.94 - - [15/Nov/2020:10:33:20 +0800] "POST /xingrg/kc/buy/cgsh_order_operate.html HTTP/1.1" 200 37
114.88.166.242 - - [15/Nov/2020:10:33:20 +0800] "GET /xingrg/all/function/internal_message.html?_=1605407590731&CODE_STATE=getMsg HTTP/1.1" 200 27
116.228.172.94 - - [15/Nov/2020:10:33:21 +0800] "POST /xingrg/kc/buy/cgsh_order_operate.html HTTP/1.1" 200 2659
117.184.7.26 - - [15/Nov/2020:10:33:22 +0800] "GET /xingrg/all/function/internal_message.html?_=1605407597813&CODE_STATE=getMsg HTTP/1.1" 200 27
116.228.172.94 - - [15/Nov/2020:10:33:22 +0800] "GET /xingrg/kc/print/load_data.html?order_code=212020111505850&kc_code=cgsh&condition= HTTP/1.1" 200 720
114.88.166.242 - - [15/Nov/2020:10:33:24 +0800] "GET /xingrg/kc/buy/cgsh_order_operate.html?command=get_materiel&rest_code=00111&code=00101004017&supplier_code=00100323&order_time=2020-11-15 HTTP/1.1" 200 433
120.253.135.82 - - [15/Nov/2020:10:33:25 +0800] "GET /xingrg/all/function/internal_message.html?_=1605407642981&CODE_STATE=getMsg HTTP/1.1" 200 27
116.228.172.94 - - [15/Nov/2020:10:33:26 +0800] "GET /xingrg/kc/buy/cgsh_order_add.html HTTP/1.1" 200 60767
116.228.172.94 - - [15/Nov/2020:10:33:26 +0800] "GET /xingrg/javascript/easyui/themes/default/validatebox.css HTTP/1.1" 404 1104
116.228.172.94 - - [15/Nov/2020:10:33:26 +0800] "POST /xingrg/kc/buy/cgsh_order_operate.html HTTP/1.1" 200 8245
114.88.166.242 - - [15/Nov/2020:10:33:27 +0800] "GET /xingrg/check_reg.html?_=1605407602679 HTTP/1.1" 200 22
114.88.166.242 - - [15/Nov/2020:10:33:27 +0800] "GET /xingrg/all/function/internal_message.html?_=1605407602681&CODE_STATE=getMsg HTTP/1.1" 200 27
116.228.172.94 - - [15/Nov/2020:10:33:27 +0800] "GET /xingrg/javascript/easyui/themes/default/tree.css HTTP/1.1" 404 1090
116.228.172.94 - - [15/Nov/2020:10:33:27 +0800] "POST /xingrg/all/common/load_tree.html?tree=supplier_tree_json&isDelete=1 HTTP/1.1" 200 51855
101.85.228.137 - - [15/Nov/2020:10:33:30 +0800] "GET /xingrg/all/function/internal_message.html?_=1605407828985&CODE_STATE=getMsg HTTP/1.1" 200 27
172.17.0.100 - - [15/Nov/2020:10:33:35 +0800] "GET /xingrg/all/function/internal_message.html?_=1605407613330&CODE_STATE=getMsg HTTP/1.1" 200 27
116.228.172.94 - - [15/Nov/2020:10:33:36 +0800] "GET /xingrg/check_reg.html?_=1605407612477 HTTP/1.1" 200 22
222.69.137.205 - - [15/Nov/2020:10:33:36 +0800] "GET /xingrg/all/function/internal_message.html?_=1605407612885&CODE_STATE=getMsg HTTP/1.1" 200 27
222.69.137.205 - - [15/Nov/2020:10:33:36 +0800] "GET /xingrg/check_reg.html?_=1605407612887 HTTP/1.1" 200 22
116.228.172.94 - - [15/Nov/2020:10:33:37 +0800] "GET /xingrg/all/function/internal_message.html?_=1605407613866&CODE_STATE=getMsg HTTP/1.1" 200 27
180.157.253.48 - - [15/Nov/2020:10:33:38 +0800] "POST /xingrg/kc/buy/cgsh_order_operate.html HTTP/1.1" 200 37
114.88.166.242 - - [15/Nov/2020:10:33:38 +0800] "GET /xingrg/kc/buy/cgsh_order_operate.html?command=get_materiel&rest_code=00111&code=00101007018&supplier_code=00100323&order_time=2020-11-15 HTTP/1.1" 200 409
222.69.133.109 - - [15/Nov/2020:10:33:39 +0800] "GET /xingrg/all/function/internal_message.html?_=1605407616756&CODE_STATE=getMsg HTTP/1.1" 200 27
180.157.253.48 - - [15/Nov/2020:10:33:40 +0800] "POST /xingrg/kc/buy/cgsh_order_operate.html HTTP/1.1" 200 6829
180.162.25.93 - - [15/Nov/2020:10:33:41 +0800] "GET /favicon.ico HTTP/1.1" 404 -
180.157.253.48 - - [15/Nov/2020:10:33:42 +0800] "GET /xingrg/kc/buy/cgsh_order_add.html HTTP/1.1" 200 60685
180.157.253.48 - - [15/Nov/2020:10:33:43 +0800] "POST /xingrg/kc/buy/cgsh_order_operate.html HTTP/1.1" 200 8245
180.157.253.48 - - [15/Nov/2020:10:33:43 +0800] "GET /xingrg/javascript/easyui/themes/default/validatebox.css HTTP/1.1" 404 1104
114.88.166.242 - - [15/Nov/2020:10:33:44 +0800] "GET /xingrg/all/function/internal_message.html?_=1605407729620&CODE_STATE=getMsg HTTP/1.1" 200 27
116.228.172.94 - - [15/Nov/2020:10:33:50 +0800] "GET /xingrg/kc/buy/cgsh_order_operate.html?command=get_materiel&rest_code=00107&code=00101001095&supplier_code=00100323&order_time=2020-11-15 HTTP/1.1" 200 413
101.85.228.137 - - [15/Nov/2020:10:33:50 +0800] "GET /xingrg/all/function/internal_message.html?_=1605407628880&CODE_STATE=getMsg HTTP/1.1" 200 27
101.85.95.39 - - [15/Nov/2020:10:33:51 +0800] "GET /xingrg/all/function/internal_message.html?_=1605407370940&CODE_STATE=getMsg HTTP/1.1" 200 27
114.88.166.242 - - [15/Nov/2020:10:33:54 +0800] "POST /xingrg/kc/buy/cgsh_order_operate.html HTTP/1.1" 200 37
180.162.245.190 - - [15/Nov/2020:10:33:54 +0800] "GET /xingrg/all/function/internal_message.html?_=1605407632638&CODE_STATE=getMsg HTTP/1.1" 200 27
114.88.166.242 - - [15/Nov/2020:10:33:55 +0800] "POST /xingrg/kc/buy/cgsh_order_operate.html HTTP/1.1" 200 3251
114.88.166.242 - - [15/Nov/2020:10:33:56 +0800] "GET /xingrg/kc/print/load_data.html?order_code=212020111505852&kc_code=cgsh&condition= HTTP/1.1" 200 906
114.84.37.38 - - [15/Nov/2020:10:33:58 +0800] "GET /xingrg/kc/buy/cgsh_order_add.html HTTP/1.1" 200 60685
172.17.200.101 - - [15/Nov/2020:10:33:58 +0800] "GET /xingrg/all/function/internal_message.html?_=1605407635122&CODE_STATE=getMsg HTTP/1.1" 200 27
114.84.37.38 - - [15/Nov/2020:10:34:00 +0800] "POST /xingrg/kc/buy/cgsh_order_operate.html HTTP/1.1" 200 8245
114.84.37.38 - - [15/Nov/2020:10:34:00 +0800] "GET /xingrg/javascript/easyui/themes/default/validatebox.css HTTP/1.1" 404 1104
114.88.166.242 - - [15/Nov/2020:10:34:03 +0800] "GET /xingrg/kc/buy/cgsh_order_add.html HTTP/1.1" 200 60679
114.88.166.242 - - [15/Nov/2020:10:34:03 +0800] "POST /xingrg/kc/buy/cgsh_order_operate.html HTTP/1.1" 200 8245
114.88.166.242 - - [15/Nov/2020:10:34:03 +0800] "GET /xingrg/javascript/easyui/themes/default/validatebox.css HTTP/1.1" 404 1104
180.157.253.48 - - [15/Nov/2020:10:34:04 +0800] "GET /xingrg/kc/buy/cgsh_order_operate.html?command=get_materiel&rest_code=00148&code=00101010079&supplier_code=00100336&order_time=2020-11-15 HTTP/1.1" 200 413
172.17.0.185 - - [15/Nov/2020:10:34:04 +0800] "GET /xingrg/check_reg.html?_=1605407639137 HTTP/1.1" 200 22
114.88.166.242 - - [15/Nov/2020:10:34:12 +0800] "GET /xingrg/kc/buy/cgsh_order_operate.html?command=get_materiel&rest_code=00111&code=00101008328&supplier_code=00100338&order_time=2020-11-15 HTTP/1.1" 200 410
180.174.56.115 - - [15/Nov/2020:10:34:16 +0800] "GET /xingrg/all/function/internal_message.html?_=1605407651761&CODE_STATE=getMsg HTTP/1.1" 200 27
180.174.56.115 - - [15/Nov/2020:10:34:16 +0800] "GET /xingrg/check_reg.html?_=1605407651763 HTTP/1.1" 200 22
114.84.37.38 - - [15/Nov/2020:10:34:17 +0800] "GET /xingrg/kc/buy/cgsh_order_operate.html?command=get_materiel&rest_code=00146&code=00101012025&supplier_code=00100033&order_time=2020-11-15 HTTP/1.1" 200 412
114.88.166.242 - - [15/Nov/2020:10:34:19 +0800] "POST /xingrg/kc/buy/cgsh_order_operate.html HTTP/1.1" 200 37
116.232.50.120 - - [15/Nov/2020:10:34:19 +0800] "GET /xingrg/all/function/internal_message.html?_=1605407688421&CODE_STATE=getMsg HTTP/1.1" 200 27
114.88.166.242 - - [15/Nov/2020:10:34:20 +0800] "POST /xingrg/kc/buy/cgsh_order_operate.html HTTP/1.1" 200 2653
114.88.166.242 - - [15/Nov/2020:10:34:20 +0800] "GET /xingrg/all/function/internal_message.html?_=1605407650746&CODE_STATE=getMsg HTTP/1.1" 200 27
116.228.172.94 - - [15/Nov/2020:10:34:21 +0800] "GET /xingrg/kc/buy/cgsh_order_operate.html?command=get_materiel&rest_code=00107&code=00101010028&supplier_code=00100323&order_time=2020-11-15 HTTP/1.1" 200 416
114.88.166.242 - - [15/Nov/2020:10:34:21 +0800] "GET /xingrg/kc/print/load_data.html?order_code=212020111505853&kc_code=cgsh&condition= HTTP/1.1" 200 663
117.184.7.26 - - [15/Nov/2020:10:34:21 +0800] "GET /xingrg/all/function/internal_message.html?_=1605407657786&CODE_STATE=getMsg HTTP/1.1" 200 27
117.184.7.26 - - [15/Nov/2020:10:34:22 +0800] "GET /xingrg/check_reg.html?_=1605407658280 HTTP/1.1" 200 22
120.253.135.82 - - [15/Nov/2020:10:34:25 +0800] "GET /xingrg/all/function/internal_message.html?_=1605407703000&CODE_STATE=getMsg HTTP/1.1" 200 27
114.88.166.242 - - [15/Nov/2020:10:34:27 +0800] "GET /xingrg/all/function/internal_message.html?_=1605407662680&CODE_STATE=getMsg HTTP/1.1" 200 27
114.88.166.242 - - [15/Nov/2020:10:34:28 +0800] "GET /xingrg/kc/buy/cgsh_order_add.html HTTP/1.1" 200 60679
114.88.166.242 - - [15/Nov/2020:10:34:28 +0800] "POST /xingrg/kc/buy/cgsh_order_operate.html HTTP/1.1" 200 8245
114.88.166.242 - - [15/Nov/2020:10:34:28 +0800] "GET /xingrg/javascript/easyui/themes/default/validatebox.css HTTP/1.1" 404 1104
101.85.228.137 - - [15/Nov/2020:10:34:30 +0800] "GET /xingrg/all/function/internal_message.html?_=1605407889001&CODE_STATE=getMsg HTTP/1.1" 200 27
180.157.253.48 - - [15/Nov/2020:10:34:32 +0800] "POST /xingrg/kc/buy/cgsh_order_operate.html HTTP/1.1" 200 37
114.84.37.38 - - [15/Nov/2020:10:34:33 +0800] "GET /xingrg/kc/buy/cgsh_order_operate.html?command=get_materiel&rest_code=00146&code=00101016025&supplier_code=00100033&order_time=2020-11-15 HTTP/1.1" 200 408
114.88.166.242 - - [15/Nov/2020:10:34:35 +0800] "GET /xingrg/kc/buy/cgsh_order_operate.html?command=get_materiel&rest_code=00111&code=00101010653&supplier_code=00100337&order_time=2020-11-15 HTTP/1.1" 200 400
180.157.253.48 - - [15/Nov/2020:10:34:35 +0800] "POST /xingrg/kc/buy/cgsh_order_operate.html HTTP/1.1" 200 2657
172.17.0.100 - - [15/Nov/2020:10:34:35 +0800] "GET /xingrg/all/function/internal_message.html?_=1605407673330&CODE_STATE=getMsg HTTP/1.1" 200 27
222.69.137.205 - - [15/Nov/2020:10:34:36 +0800] "GET /xingrg/all/function/internal_message.html?_=1605407672889&CODE_STATE=getMsg HTTP/1.1" 200 27
180.157.253.48 - - [15/Nov/2020:10:34:37 +0800] "GET /xingrg/kc/buy/cgsh_order_add.html HTTP/1.1" 200 60685
116.228.172.94 - - [15/Nov/2020:10:34:37 +0800] "GET /xingrg/all/function/internal_message.html?_=1605407673845&CODE_STATE=getMsg HTTP/1.1" 200 27
180.157.253.48 - - [15/Nov/2020:10:34:38 +0800] "POST /xingrg/kc/buy/cgsh_order_operate.html HTTP/1.1" 200 8245
180.157.253.48 - - [15/Nov/2020:10:34:38 +0800] "GET /xingrg/javascript/easyui/themes/default/validatebox.css HTTP/1.1" 404 1104
222.69.133.109 - - [15/Nov/2020:10:34:39 +0800] "GET /xingrg/all/function/internal_message.html?_=1605407676757&CODE_STATE=getMsg HTTP/1.1" 200 27
114.88.166.242 - - [15/Nov/2020:10:34:41 +0800] "POST /xingrg/kc/buy/cgsh_order_operate.html HTTP/1.1" 200 37
114.88.166.242 - - [15/Nov/2020:10:34:42 +0800] "POST /xingrg/kc/buy/cgsh_order_operate.html HTTP/1.1" 200 2658
114.88.166.242 - - [15/Nov/2020:10:34:43 +0800] "GET /xingrg/kc/print/load_data.html?order_code=212020111505855&kc_code=cgsh&condition= HTTP/1.1" 200 674
116.228.172.94 - - [15/Nov/2020:10:34:43 +0800] "GET /xingrg/kc/buy/cgsh_order_operate.html?command=get_materiel&rest_code=00107&code=00101012013&supplier_code=00100323&order_time=2020-11-15 HTTP/1.1" 200 412
114.88.166.242 - - [15/Nov/2020:10:34:44 +0800] "GET /xingrg/all/function/internal_message.html?_=1605407789628&CODE_STATE=getMsg HTTP/1.1" 200 27
114.88.166.242 - - [15/Nov/2020:10:34:44 +0800] "GET /xingrg/check_reg.html?_=1605407789694 HTTP/1.1" 200 22
114.88.166.242 - - [15/Nov/2020:10:34:48 +0800] "GET /xingrg/kc/buy/cgsh_order_add.html HTTP/1.1" 200 60679
114.84.37.38 - - [15/Nov/2020:10:34:48 +0800] "GET /xingrg/kc/buy/cgsh_order_operate.html?command=get_materiel&rest_code=00146&code=00101016105&supplier_code=00100033&order_time=2020-11-15 HTTP/1.1" 200 409
114.88.166.242 - - [15/Nov/2020:10:34:48 +0800] "POST /xingrg/kc/buy/cgsh_order_operate.html HTTP/1.1" 200 8245
114.88.166.242 - - [15/Nov/2020:10:34:48 +0800] "GET /xingrg/javascript/easyui/themes/default/validatebox.css HTTP/1.1" 404 1104
180.157.253.48 - - [15/Nov/2020:10:34:49 +0800] "GET /xingrg/check_reg.html?_=1605407685458 HTTP/1.1" 200 22
101.85.228.137 - - [15/Nov/2020:10:34:50 +0800] "GET /xingrg/all/function/internal_message.html?_=1605407688893&CODE_STATE=getMsg HTTP/1.1" 200 27
180.162.245.190 - - [15/Nov/2020:10:34:54 +0800] "GET /xingrg/all/function/internal_message.html?_=1605407692574&CODE_STATE=getMsg HTTP/1.1" 200 27
114.88.166.242 - - [15/Nov/2020:10:34:56 +0800] "GET /xingrg/kc/buy/cgsh_order_operate.html?command=get_materiel&rest_code=00111&code=00101010108&supplier_code=00100336&order_time=2020-11-15 HTTP/1.1" 200 421
116.228.172.94 - - [15/Nov/2020:10:34:56 +0800] "GET /xingrg/kc/buy/cgsh_order_operate.html?command=get_materiel&rest_code=00107&code=00101006150&supplier_code=00100323&order_time=2020-11-15 HTTP/1.1" 200 413
172.17.200.101 - - [15/Nov/2020:10:34:58 +0800] "GET /xingrg/all/function/internal_message.html?_=1605407695109&CODE_STATE=getMsg HTTP/1.1" 200 27
114.88.166.242 - - [15/Nov/2020:10:35:02 +0800] "POST /xingrg/kc/buy/cgsh_order_operate.html HTTP/1.1" 200 37
114.88.166.242 - - [15/Nov/2020:10:35:03 +0800] "POST /xingrg/kc/buy/cgsh_order_operate.html HTTP/1.1" 200 2665
180.157.253.48 - - [15/Nov/2020:10:35:03 +0800] "GET /xingrg/kc/buy/cgsh_order_operate.html?command=get_materiel&rest_code=00148&code=00101005045&supplier_code=00100334&order_time=2020-11-15 HTTP/1.1" 200 411
114.88.166.242 - - [15/Nov/2020:10:35:04 +0800] "GET /xingrg/kc/print/load_data.html?order_code=212020111505856&kc_code=cgsh&condition= HTTP/1.1" 200 678
114.84.37.38 - - [15/Nov/2020:10:35:06 +0800] "GET /xingrg/check_reg.html?_=1605407732471 HTTP/1.1" 200 22
116.228.172.94 - - [15/Nov/2020:10:35:08 +0800] "GET /xingrg/kc/buy/cgsh_order_operate.html?command=get_materiel&rest_code=00107&code=00101010082&supplier_code=00100323&order_time=2020-11-15 HTTP/1.1" 200 444
114.88.166.242 - - [15/Nov/2020:10:35:08 +0800] "GET /xingrg/kc/buy/cgsh_order_add.html HTTP/1.1" 200 60679
114.88.166.242 - - [15/Nov/2020:10:35:09 +0800] "GET /xingrg/javascript/easyui/themes/default/validatebox.css HTTP/1.1" 404 1104
114.88.166.242 - - [15/Nov/2020:10:35:09 +0800] "POST /xingrg/kc/buy/cgsh_order_operate.html HTTP/1.1" 200 8245
120.253.135.82 - - [15/Nov/2020:10:35:10 +0800] "GET /xingrg/check_reg.html?_=1605407748489 HTTP/1.1" 200 22
114.84.37.38 - - [15/Nov/2020:10:35:13 +0800] "GET /xingrg/kc/buy/cgsh_order_operate.html?command=get_materiel&rest_code=00146&code=00101018007&supplier_code=00100033&order_time=2020-11-15 HTTP/1.1" 200 409
114.88.166.242 - - [15/Nov/2020:10:35:15 +0800] "GET /xingrg/kc/buy/cgsh_order_operate.html?command=get_materiel&rest_code=00111&code=00101010501&supplier_code=00100326&order_time=2020-11-15 HTTP/1.1" 200 396
180.174.56.115 - - [15/Nov/2020:10:35:16 +0800] "GET /xingrg/all/function/internal_message.html?_=1605407711760&CODE_STATE=getMsg HTTP/1.1" 200 27
116.232.50.120 - - [15/Nov/2020:10:35:19 +0800] "GET /xingrg/all/function/internal_message.html?_=1605407748421&CODE_STATE=getMsg HTTP/1.1" 200 27
114.88.166.242 - - [15/Nov/2020:10:35:20 +0800] "GET /xingrg/all/function/internal_message.html?_=1605407710811&CODE_STATE=getMsg HTTP/1.1" 200 27
114.88.166.242 - - [15/Nov/2020:10:35:21 +0800] "POST /xingrg/kc/buy/cgsh_order_operate.html HTTP/1.1" 200 37
117.184.7.26 - - [15/Nov/2020:10:35:21 +0800] "GET /xingrg/all/function/internal_message.html?_=1605407717756&CODE_STATE=getMsg HTTP/1.1" 200 27
114.88.166.242 - - [15/Nov/2020:10:35:22 +0800] "POST /xingrg/kc/buy/cgsh_order_operate.html HTTP/1.1" 200 2653
114.84.37.38 - - [15/Nov/2020:10:35:22 +0800] "GET /xingrg/kc/buy/cgsh_order_operate.html?command=get_materiel&rest_code=00146&code=00101016080&supplier_code=00100033&order_time=2020-11-15 HTTP/1.1" 200 408
114.88.166.242 - - [15/Nov/2020:10:35:23 +0800] "GET /xingrg/kc/print/load_data.html?order_code=212020111505857&kc_code=cgsh&condition= HTTP/1.1" 200 665
120.253.135.82 - - [15/Nov/2020:10:35:25 +0800] "GET /xingrg/all/function/internal_message.html?_=1605407763009&CODE_STATE=getMsg HTTP/1.1" 200 27
114.88.166.242 - - [15/Nov/2020:10:35:27 +0800] "GET /xingrg/all/function/internal_message.html?_=1605407722680&CODE_STATE=getMsg HTTP/1.1" 200 27
116.228.172.94 - - [15/Nov/2020:10:35:27 +0800] "GET /xingrg/kc/buy/cgsh_order_operate.html?command=get_materiel&rest_code=00107&code=00101011008&supplier_code=00100323&order_time=2020-11-15 HTTP/1.1" 200 419
114.88.166.242 - - [15/Nov/2020:10:35:28 +0800] "GET /xingrg/kc/buy/cgsh_order_add.html HTTP/1.1" 200 60679
114.88.166.242 - - [15/Nov/2020:10:35:28 +0800] "POST /xingrg/kc/buy/cgsh_order_operate.html HTTP/1.1" 200 8245
114.88.166.242 - - [15/Nov/2020:10:35:28 +0800] "GET /xingrg/javascript/easyui/themes/default/validatebox.css HTTP/1.1" 404 1104
180.157.253.48 - - [15/Nov/2020:10:35:29 +0800] "GET /xingrg/kc/buy/cgsh_order_operate.html?command=get_materiel&rest_code=00148&code=00101010161&supplier_code=00100334&order_time=2020-11-15 HTTP/1.1" 200 410
101.85.228.137 - - [15/Nov/2020:10:35:30 +0800] "GET /xingrg/all/function/internal_message.html?_=1605407949140&CODE_STATE=getMsg HTTP/1.1" 200 27
114.88.166.242 - - [15/Nov/2020:10:35:35 +0800] "GET /xingrg/kc/buy/cgsh_order_operate.html?command=get_materiel&rest_code=00111&code=00101010263&supplier_code=00100327&order_time=2020-11-15 HTTP/1.1" 200 409
172.17.0.100 - - [15/Nov/2020:10:35:35 +0800] "GET /xingrg/all/function/internal_message.html?_=1605407733359&CODE_STATE=getMsg HTTP/1.1" 200 27
222.69.137.205 - - [15/Nov/2020:10:35:36 +0800] "GET /xingrg/all/function/internal_message.html?_=1605407732892&CODE_STATE=getMsg HTTP/1.1" 200 27
116.228.172.94 - - [15/Nov/2020:10:35:37 +0800] "GET /xingrg/all/function/internal_message.html?_=1605407733827&CODE_STATE=getMsg HTTP/1.1" 200 27
222.69.133.109 - - [15/Nov/2020:10:35:39 +0800] "GET /xingrg/all/function/internal_message.html?_=1605407736744&CODE_STATE=getMsg HTTP/1.1" 200 27
114.84.37.38 - - [15/Nov/2020:10:35:40 +0800] "GET /xingrg/kc/buy/cgsh_order_operate.html?command=get_materiel&rest_code=00146&code=00101007109&supplier_code=00100033&order_time=2020-11-15 HTTP/1.1" 200 408
114.84.145.85 - - [15/Nov/2020:10:35:40 +0800] "POST /xingrg/services/DataTransmitService HTTP/1.1" 200 524
114.88.166.242 - - [15/Nov/2020:10:35:42 +0800] "POST /xingrg/kc/buy/cgsh_order_operate.html HTTP/1.1" 200 64
116.228.172.94 - - [15/Nov/2020:10:35:43 +0800] "POST /xingrg/kc/buy/cgsh_order_operate.html HTTP/1.1" 200 37
114.88.166.242 - - [15/Nov/2020:10:35:46 +0800] "POST /xingrg/kc/buy/cgsh_order_operate.html HTTP/1.1" 200 37
116.228.172.94 - - [15/Nov/2020:10:35:46 +0800] "POST /xingrg/kc/buy/cgsh_order_operate.html HTTP/1.1" 200 5641
114.88.166.242 - - [15/Nov/2020:10:35:46 +0800] "POST /xingrg/kc/buy/cgsh_order_operate.html HTTP/1.1" 200 2652
116.228.172.94 - - [15/Nov/2020:10:35:47 +0800] "GET /xingrg/kc/print/load_data.html?order_code=212020111505858&kc_code=cgsh&condition= HTTP/1.1" 200 1823
114.88.166.242 - - [15/Nov/2020:10:35:47 +0800] "GET /xingrg/kc/print/load_data.html?order_code=212020111505860&kc_code=cgsh&condition= HTTP/1.1" 200 655
101.85.228.137 - - [15/Nov/2020:10:35:51 +0800] "GET /xingrg/all/function/internal_message.html?_=1605407748907&CODE_STATE=getMsg HTTP/1.1" 200 27
116.228.172.94 - - [15/Nov/2020:10:35:51 +0800] "GET /xingrg/kc/buy/cgsh_order_add.html HTTP/1.1" 200 60767
116.228.172.94 - - [15/Nov/2020:10:35:52 +0800] "GET /xingrg/javascript/easyui/themes/default/validatebox.css HTTP/1.1" 404 1104
116.228.172.94 - - [15/Nov/2020:10:35:52 +0800] "POST /xingrg/kc/buy/cgsh_order_operate.html HTTP/1.1" 200 8245
114.88.166.242 - - [15/Nov/2020:10:35:52 +0800] "GET /xingrg/kc/buy/cgsh_order_add.html HTTP/1.1" 200 60679
114.88.166.242 - - [15/Nov/2020:10:35:52 +0800] "POST /xingrg/kc/buy/cgsh_order_operate.html HTTP/1.1" 200 8245
114.88.166.242 - - [15/Nov/2020:10:35:52 +0800] "GET /xingrg/javascript/easyui/themes/default/validatebox.css HTTP/1.1" 404 1104
116.228.172.94 - - [15/Nov/2020:10:35:53 +0800] "GET /xingrg/javascript/easyui/themes/default/tree.css HTTP/1.1" 404 1090
116.228.172.94 - - [15/Nov/2020:10:35:53 +0800] "POST /xingrg/all/common/load_tree.html?tree=supplier_tree_json&isDelete=1 HTTP/1.1" 200 51855
180.162.245.190 - - [15/Nov/2020:10:35:54 +0800] "GET /xingrg/all/function/internal_message.html?_=1605407752542&CODE_STATE=getMsg HTTP/1.1" 200 27
180.157.253.48 - - [15/Nov/2020:10:35:57 +0800] "POST /xingrg/kc/buy/cgsh_order_operate.html HTTP/1.1" 200 37
172.17.200.101 - - [15/Nov/2020:10:35:58 +0800] "GET /xingrg/all/function/internal_message.html?_=1605407755115&CODE_STATE=getMsg HTTP/1.1" 200 27
114.88.166.242 - - [15/Nov/2020:10:36:01 +0800] "GET /xingrg/kc/buy/cgsh_order_operate.html?command=get_materiel&rest_code=00111&code=00101001093&supplier_code=00100319&order_time=2020-11-15 HTTP/1.1" 200 411
180.157.253.48 - - [15/Nov/2020:10:36:07 +0800] "POST /xingrg/kc/buy/cgsh_order_operate.html HTTP/1.1" 200 3242
114.88.166.242 - - [15/Nov/2020:10:36:10 +0800] "POST /xingrg/kc/buy/cgsh_order_operate.html HTTP/1.1" 200 37
114.88.166.242 - - [15/Nov/2020:10:36:11 +0800] "POST /xingrg/kc/buy/cgsh_order_operate.html HTTP/1.1" 200 2659
114.84.37.38 - - [15/Nov/2020:10:36:11 +0800] "GET /xingrg/kc/buy/cgsh_order_operate.html?command=get_materiel&rest_code=00146&code=00101012005&supplier_code=00100033&order_time=2020-11-15 HTTP/1.1" 200 412
116.228.172.94 - - [15/Nov/2020:10:36:12 +0800] "GET /xingrg/kc/buy/cgsh_order_operate.html?command=get_materiel&rest_code=00107&code=00101010209&supplier_code=00100322&order_time=2020-11-15 HTTP/1.1" 200 439
114.88.166.242 - - [15/Nov/2020:10:36:12 +0800] "GET /xingrg/kc/print/load_data.html?order_code=212020111505862&kc_code=cgsh&condition= HTTP/1.1" 200 679
180.157.253.48 - - [15/Nov/2020:10:36:13 +0800] "GET /xingrg/kc/buy/cgsh_order_add.html HTTP/1.1" 200 60685
180.157.253.48 - - [15/Nov/2020:10:36:13 +0800] "POST /xingrg/kc/buy/cgsh_order_operate.html HTTP/1.1" 200 8245
180.157.253.48 - - [15/Nov/2020:10:36:13 +0800] "GET /xingrg/javascript/easyui/themes/default/validatebox.css HTTP/1.1" 404 1104
180.174.56.115 - - [15/Nov/2020:10:36:16 +0800] "GET /xingrg/all/function/internal_message.html?_=1605407771772&CODE_STATE=getMsg HTTP/1.1" 200 27
114.88.166.242 - - [15/Nov/2020:10:36:18 +0800] "GET /xingrg/kc/buy/cgsh_order_add.html HTTP/1.1" 200 60679
114.88.166.242 - - [15/Nov/2020:10:36:18 +0800] "POST /xingrg/kc/buy/cgsh_order_operate.html HTTP/1.1" 200 8245
114.88.166.242 - - [15/Nov/2020:10:36:18 +0800] "GET /xingrg/javascript/easyui/themes/default/validatebox.css HTTP/1.1" 404 1104
116.232.50.120 - - [15/Nov/2020:10:36:19 +0800] "GET /xingrg/all/function/internal_message.html?_=1605407808421&CODE_STATE=getMsg HTTP/1.1" 200 27
114.88.166.242 - - [15/Nov/2020:10:36:20 +0800] "GET /xingrg/all/function/internal_message.html?_=1605407770821&CODE_STATE=getMsg HTTP/1.1" 200 27
117.184.7.26 - - [15/Nov/2020:10:36:21 +0800] "GET /xingrg/all/function/internal_message.html?_=1605407777741&CODE_STATE=getMsg HTTP/1.1" 200 27
114.84.37.38 - - [15/Nov/2020:10:36:23 +0800] "GET /xingrg/kc/buy/cgsh_order_operate.html?command=get_materiel&rest_code=00146&code=00101012044&supplier_code=00100033&order_time=2020-11-15 HTTP/1.1" 200 408
114.88.166.242 - - [15/Nov/2020:10:36:24 +0800] "GET /xingrg/kc/buy/cgsh_order_operate.html?command=get_materiel&rest_code=00111&code=00101001019&supplier_code=00100318&order_time=2020-11-15 HTTP/1.1" 200 414
120.253.135.82 - - [15/Nov/2020:10:36:25 +0800] "GET /xingrg/all/function/internal_message.html?_=1605407823023&CODE_STATE=getMsg HTTP/1.1" 200 27
101.85.228.137 - - [15/Nov/2020:10:36:27 +0800] "GET /xingrg/check_reg.html?_=1605408005659 HTTP/1.1" 200 22
114.88.166.242 - - [15/Nov/2020:10:36:27 +0800] "GET /xingrg/all/function/internal_message.html?_=1605407782680&CODE_STATE=getMsg HTTP/1.1" 200 27
117.185.32.26 - - [15/Nov/2020:10:36:27 +0800] "GET /xingrg/login.html HTTP/1.1" 200 7641
101.85.228.137 - - [15/Nov/2020:10:36:30 +0800] "GET /xingrg/all/function/internal_message.html?_=1605408009153&CODE_STATE=getMsg HTTP/1.1" 200 27
114.88.166.242 - - [15/Nov/2020:10:36:35 +0800] "POST /xingrg/kc/buy/cgsh_order_operate.html HTTP/1.1" 200 37
116.228.172.94 - - [15/Nov/2020:10:36:35 +0800] "POST /xingrg/kc/buy/cgsh_order_operate.html HTTP/1.1" 200 88
172.17.0.100 - - [15/Nov/2020:10:36:35 +0800] "GET /xingrg/all/function/internal_message.html?_=1605407793361&CODE_STATE=getMsg HTTP/1.1" 200 27
172.17.0.100 - - [15/Nov/2020:10:36:35 +0800] "GET /xingrg/check_reg.html?_=1605407793359 HTTP/1.1" 200 22
114.84.37.38 - - [15/Nov/2020:10:36:36 +0800] "POST /xingrg/kc/buy/cgsh_order_operate.html HTTP/1.1" 200 37
114.88.166.242 - - [15/Nov/2020:10:36:36 +0800] "POST /xingrg/kc/buy/cgsh_order_operate.html HTTP/1.1" 200 2661
222.69.137.205 - - [15/Nov/2020:10:36:36 +0800] "GET /xingrg/all/function/internal_message.html?_=1605407792892&CODE_STATE=getMsg HTTP/1.1" 200 27
180.157.253.48 - - [15/Nov/2020:10:36:37 +0800] "GET /xingrg/kc/buy/cgsh_order_operate.html?command=get_materiel&rest_code=00148&code=00101003043&supplier_code=00100094&order_time=2020-11-15 HTTP/1.1" 200 417
117.185.32.26 - - [15/Nov/2020:10:36:37 +0800] "GET /xingrg/images/blue/login_bg.png HTTP/1.1" 304 -
117.185.32.26 - - [15/Nov/2020:10:36:37 +0800] "GET /xingrg/images/blue/hj.png HTTP/1.1" 304 -
117.185.32.26 - - [15/Nov/2020:10:36:37 +0800] "GET /xingrg/images/blue/srbg.png HTTP/1.1" 304 -
114.88.166.242 - - [15/Nov/2020:10:36:37 +0800] "GET /xingrg/kc/print/load_data.html?order_code=212020111505863&kc_code=cgsh&condition= HTTP/1.1" 200 680
222.69.133.109 - - [15/Nov/2020:10:36:39 +0800] "GET /xingrg/all/function/internal_message.html?_=1605407796745&CODE_STATE=getMsg HTTP/1.1" 200 27
116.228.172.94 - - [15/Nov/2020:10:36:39 +0800] "POST /xingrg/kc/buy/cgsh_order_operate.html HTTP/1.1" 200 37
114.84.37.38 - - [15/Nov/2020:10:36:39 +0800] "POST /xingrg/kc/buy/cgsh_order_operate.html HTTP/1.1" 200 7369
116.228.172.94 - - [15/Nov/2020:10:36:40 +0800] "POST /xingrg/kc/buy/cgsh_order_operate.html HTTP/1.1" 200 2680
117.185.32.26 - - [15/Nov/2020:10:36:41 +0800] "GET /favicon.ico HTTP/1.1" 404 -
116.228.172.94 - - [15/Nov/2020:10:36:42 +0800] "GET /xingrg/kc/print/load_data.html?order_code=212020111505866&kc_code=cgsh&condition= HTTP/1.1" 200 685
114.88.166.242 - - [15/Nov/2020:10:36:42 +0800] "GET /xingrg/kc/buy/cgsh_order_add.html HTTP/1.1" 200 60679
114.88.166.242 - - [15/Nov/2020:10:36:42 +0800] "GET /xingrg/javascript/easyui/themes/default/validatebox.css HTTP/1.1" 404 1104
114.88.166.242 - - [15/Nov/2020:10:36:42 +0800] "POST /xingrg/kc/buy/cgsh_order_operate.html HTTP/1.1" 200 8245
114.84.37.38 - - [15/Nov/2020:10:36:44 +0800] "GET /xingrg/kc/print/load_data.html?order_code=212020111505865&kc_code=cgsh&condition= HTTP/1.1" 200 2498
114.88.166.242 - - [15/Nov/2020:10:36:44 +0800] "GET /xingrg/all/function/internal_message.html?_=1605407909633&CODE_STATE=getMsg HTTP/1.1" 200 27
116.228.172.94 - - [15/Nov/2020:10:36:45 +0800] "GET /xingrg/kc/buy/cgsh_order_add.html HTTP/1.1" 200 60767
116.228.172.94 - - [15/Nov/2020:10:36:46 +0800] "GET /xingrg/javascript/easyui/themes/default/validatebox.css HTTP/1.1" 404 1104
116.228.172.94 - - [15/Nov/2020:10:36:46 +0800] "POST /xingrg/kc/buy/cgsh_order_operate.html HTTP/1.1" 200 8245
116.228.172.94 - - [15/Nov/2020:10:36:47 +0800] "GET /xingrg/javascript/easyui/themes/default/tree.css HTTP/1.1" 404 1090
116.228.172.94 - - [15/Nov/2020:10:36:47 +0800] "POST /xingrg/all/common/load_tree.html?tree=supplier_tree_json&isDelete=1 HTTP/1.1" 200 51855
180.157.253.48 - - [15/Nov/2020:10:36:48 +0800] "GET /xingrg/kc/buy/cgsh_order_operate.html?command=get_materiel&rest_code=00148&code=00101003016&supplier_code=00100094&order_time=2020-11-15 HTTP/1.1" 200 418
114.88.166.242 - - [15/Nov/2020:10:36:49 +0800] "GET /xingrg/kc/buy/cgsh_order_operate.html?command=get_materiel&rest_code=00111&code=00101004046&supplier_code=00100312&order_time=2020-11-15 HTTP/1.1" 200 417
101.85.228.137 - - [15/Nov/2020:10:36:49 +0800] "GET /xingrg/check_reg.html?_=1605407807953 HTTP/1.1" 200 22
101.85.228.137 - - [15/Nov/2020:10:36:51 +0800] "GET /xingrg/all/function/internal_message.html?_=1605407809309&CODE_STATE=getMsg HTTP/1.1" 200 27
180.162.245.190 - - [15/Nov/2020:10:36:54 +0800] "GET /xingrg/all/function/internal_message.html?_=1605407812519&CODE_STATE=getMsg HTTP/1.1" 200 27
101.85.228.137 - - [15/Nov/2020:10:36:57 +0800] "GET /xingrg/kc/buy/cgsh_order_add.html HTTP/1.1" 200 60644
101.85.228.137 - - [15/Nov/2020:10:36:57 +0800] "POST /xingrg/kc/buy/cgsh_order_operate.html HTTP/1.1" 200 8245
101.85.228.137 - - [15/Nov/2020:10:36:57 +0800] "GET /xingrg/javascript/easyui/themes/default/validatebox.css HTTP/1.1" 404 1104
172.17.200.101 - - [15/Nov/2020:10:36:58 +0800] "GET /xingrg/all/function/internal_message.html?_=1605407815118&CODE_STATE=getMsg HTTP/1.1" 200 27
172.17.200.101 - - [15/Nov/2020:10:37:00 +0800] "POST /xingrg/dwr/call/plaincall/AjaxReportQueryService.refreshCache.dwr HTTP/1.1" 200 78
114.84.37.38 - - [15/Nov/2020:10:37:01 +0800] "GET /xingrg/kc/buy/cgsh_order_list.html HTTP/1.1" 200 44947
114.84.37.38 - - [15/Nov/2020:10:37:03 +0800] "POST /xingrg/kc/buy/cgsh_list_operate.html HTTP/1.1" 200 3136
172.17.200.101 - - [15/Nov/2020:10:37:03 +0800] "POST /xingrg/all/report/load_report_page.html HTTP/1.1" 200 265944
172.17.200.101 - - [15/Nov/2020:10:37:04 +0800] "GET /xingrg/servlets/image?cache=0.6273385118449717&image=px HTTP/1.1" 200 807
114.84.37.38 - - [15/Nov/2020:10:37:06 +0800] "POST /xingrg/kc/buy/cgsh_list_operate.html HTTP/1.1" 200 3136
101.85.228.137 - - [15/Nov/2020:10:37:07 +0800] "GET /xingrg/kc/buy/cgsh_order_operate.html?command=get_materiel&rest_code=00102&code=00101004046&supplier_code=00100312&order_time=2020-11-15 HTTP/1.1" 200 419
114.88.166.242 - - [15/Nov/2020:10:37:09 +0800] "GET /xingrg/kc/buy/cgsh_order_operate.html?command=get_materiel&rest_code=00111&code=00101004067&supplier_code=00100312&order_time=2020-11-15 HTTP/1.1" 200 413
114.84.37.38 - - [15/Nov/2020:10:37:09 +0800] "POST /xingrg/kc/buy/cgsh_list_operate.html HTTP/1.1" 200 564
114.84.37.38 - - [15/Nov/2020:10:37:10 +0800] "GET /xingrg/kc/buy/cgsh_order_info.html?code=212020111505865 HTTP/1.1" 200 60696
180.162.245.190 - - [15/Nov/2020:10:37:11 +0800] "POST /xingrg/services/DataTransmitService HTTP/1.1" 200 524
114.84.37.38 - - [15/Nov/2020:10:37:11 +0800] "GET /xingrg/javascript/easyui/themes/default/validatebox.css HTTP/1.1" 404 1104
180.162.245.190 - - [15/Nov/2020:10:37:11 +0800] "POST /xingrg/services/DataTransmitService HTTP/1.1" 200 501
114.84.37.38 - - [15/Nov/2020:10:37:11 +0800] "POST /xingrg/kc/buy/cgsh_order_operate.html HTTP/1.1" 200 7369
114.88.166.242 - - [15/Nov/2020:10:37:15 +0800] "GET /xingrg/kc/buy/cgsh_order_operate.html?command=get_materiel&rest_code=00111&code=00101005017&supplier_code=00100312&order_time=2020-11-15 HTTP/1.1" 200 409
180.174.56.115 - - [15/Nov/2020:10:37:16 +0800] "GET /xingrg/all/function/internal_message.html?_=1605407831777&CODE_STATE=getMsg HTTP/1.1" 200 27
114.84.37.38 - - [15/Nov/2020:10:37:16 +0800] "POST /xingrg/kc/buy/cgsh_list_operate.html HTTP/1.1" 200 3136
114.84.37.38 - - [15/Nov/2020:10:37:17 +0800] "POST /xingrg/kc/buy/cgsh_list_operate.html HTTP/1.1" 200 198
116.232.50.120 - - [15/Nov/2020:10:37:19 +0800] "GET /xingrg/all/function/internal_message.html?_=1605407868421&CODE_STATE=getMsg HTTP/1.1" 200 27
117.185.32.26 - - [15/Nov/2020:10:37:19 +0800] "POST /xingrg/login.do HTTP/1.1" 302 -
172.17.200.101 - - [15/Nov/2020:10:37:19 +0800] "POST /xingrg/all/report/report_print.html HTTP/1.1" 200 30757
117.185.32.26 - - [15/Nov/2020:10:37:19 +0800] "GET /xingrg/index.html?sysBaseUrl=http%3A%2F%2F180.169.147.146%3A18081%2Fxingrg%2F&costTime=40×tamp=1605407839400 HTTP/1.1" 200 17173
114.88.166.242 - - [15/Nov/2020:10:37:20 +0800] "GET /xingrg/all/function/internal_message.html?_=1605407830874&CODE_STATE=getMsg HTTP/1.1" 200 27
114.84.37.38 - - [15/Nov/2020:10:37:20 +0800] "GET /xingrg/kc/buy/cgsh_order_info.html?code=212020111505772 HTTP/1.1" 200 60694
114.84.37.38 - - [15/Nov/2020:10:37:21 +0800] "GET /xingrg/javascript/easyui/themes/default/validatebox.css HTTP/1.1" 404 1104
114.88.166.242 - - [15/Nov/2020:10:37:21 +0800] "GET /xingrg/kc/buy/cgsh_order_operate.html?command=get_materiel&rest_code=00111&code=00101001029&supplier_code=00100312&order_time=2020-11-15 HTTP/1.1" 200 415
114.84.37.38 - - [15/Nov/2020:10:37:21 +0800] "POST /xingrg/kc/buy/cgsh_order_operate.html HTTP/1.1" 200 2653
117.184.7.26 - - [15/Nov/2020:10:37:21 +0800] "GET /xingrg/all/function/internal_message.html?_=1605407837727&CODE_STATE=getMsg HTTP/1.1" 200 27
117.185.32.26 - - [15/Nov/2020:10:37:22 +0800] "POST /xingrg/all/common/load_tree.html?tree=area_rest_tree_json&manage=1 HTTP/1.1" 200 342
117.185.32.26 - - [15/Nov/2020:10:37:23 +0800] "GET /xingrg/check_reg.html?_=1605407838981 HTTP/1.1" 200 22
117.185.32.26 - - [15/Nov/2020:10:37:23 +0800] "GET /xingrg/all/function/internal_message.html?_=1605407838979&CODE_STATE=count HTTP/1.1" 200 11
117.185.32.26 - - [15/Nov/2020:10:37:23 +0800] "GET /favicon.ico HTTP/1.1" 404 -
117.185.32.26 - - [15/Nov/2020:10:37:23 +0800] "POST /xingrg/load_menu.html HTTP/1.1" 200 5138
114.84.37.38 - - [15/Nov/2020:10:37:25 +0800] "POST /xingrg/kc/buy/cgsh_list_operate.html HTTP/1.1" 200 3136
101.85.228.137 - - [15/Nov/2020:10:37:25 +0800] "GET /xingrg/kc/buy/cgsh_order_operate.html?command=get_materiel&rest_code=00102&code=00101004004&supplier_code=00100312&order_time=2020-11-15 HTTP/1.1" 200 413
120.253.135.82 - - [15/Nov/2020:10:37:25 +0800] "GET /xingrg/all/function/internal_message.html?_=1605407883042&CODE_STATE=getMsg HTTP/1.1" 200 27
114.84.37.38 - - [15/Nov/2020:10:37:25 +0800] "POST /xingrg/kc/buy/cgsh_list_operate.html HTTP/1.1" 200 572
114.88.166.242 - - [15/Nov/2020:10:37:27 +0800] "GET /xingrg/all/function/internal_message.html?_=1605407842680&CODE_STATE=getMsg HTTP/1.1" 200 27
117.185.32.26 - - [15/Nov/2020:10:37:28 +0800] "GET /xingrg/kc/buy/buy_main.html HTTP/1.1" 200 12412
117.185.32.26 - - [15/Nov/2020:10:37:28 +0800] "GET /xingrg/javascript/jquery_easy_ui/themes/default/images/tabs_close.gif HTTP/1.1" 304 -
117.185.32.26 - - [15/Nov/2020:10:37:28 +0800] "GET /xingrg/css/new_ie.css HTTP/1.1" 404 1036
117.185.32.26 - - [15/Nov/2020:10:37:28 +0800] "GET /xingrg/images/blue/button/cgxqd.gif HTTP/1.1" 304 -
117.185.32.26 - - [15/Nov/2020:10:37:28 +0800] "GET /xingrg/images/blue/button/cgydd.gif HTTP/1.1" 304 -
117.185.32.26 - - [15/Nov/2020:10:37:28 +0800] "GET /xingrg/images/blue/button/cgfkd.gif HTTP/1.1" 304 -
117.185.32.26 - - [15/Nov/2020:10:37:28 +0800] "GET /xingrg/images/blue/button/cgshd.gif HTTP/1.1" 304 -
117.185.32.26 - - [15/Nov/2020:10:37:28 +0800] "GET /xingrg/images/blue/button/kc.gif HTTP/1.1" 304 -
117.185.32.26 - - [15/Nov/2020:10:37:28 +0800] "GET /xingrg/images/blue/button/ckthd.gif HTTP/1.1" 304 -
117.185.32.26 - - [15/Nov/2020:10:37:28 +0800] "GET /xingrg/images/blue/pic_form2.gif HTTP/1.1" 304 -
117.185.32.26 - - [15/Nov/2020:10:37:28 +0800] "GET /xingrg/javascript/jquery_ui/themes/humanity/images/ui-bg_inset-soft_100_f4f0ec_1x100.png HTTP/1.1" 304 -
117.185.32.26 - - [15/Nov/2020:10:37:28 +0800] "GET /xingrg/images/blue/bg_dotted.jpg HTTP/1.1" 304 -
117.185.32.26 - - [15/Nov/2020:10:37:28 +0800] "GET /xingrg/images/blue/button/right_ah.jpg HTTP/1.1" 304 -
117.185.32.26 - - [15/Nov/2020:10:37:28 +0800] "GET /xingrg/images/blue/button/down_ah.jpg HTTP/1.1" 304 -
117.185.32.26 - - [15/Nov/2020:10:37:28 +0800] "GET /xingrg/javascript/jquery_ui/themes/humanity/images/ui-icons_ffffff_256x240.png HTTP/1.1" 304 -
117.185.32.26 - - [15/Nov/2020:10:37:28 +0800] "GET /xingrg/javascript/jquery_ui/themes/humanity/images/ui-iconsnew.jpg HTTP/1.1" 304 -
117.185.32.26 - - [15/Nov/2020:10:37:28 +0800] "GET /xingrg/javascript/jquery_ui/themes/humanity/images/ui-icons_c47a23_256x240.png HTTP/1.1" 304 -
117.185.32.26 - - [15/Nov/2020:10:37:28 +0800] "GET /xingrg/javascript/jquery_ui/themes/humanity/images/ui-bg_glass_70_ede4d4_1x400.png HTTP/1.1" 304 -
114.84.37.38 - - [15/Nov/2020:10:37:28 +0800] "GET /xingrg/kc/buy/cgsh_order_info.html?code=212020111505768 HTTP/1.1" 200 60694
117.185.32.26 - - [15/Nov/2020:10:37:28 +0800] "GET /xingrg/images/yd/bt.gif HTTP/1.1" 404 1040
114.84.37.38 - - [15/Nov/2020:10:37:28 +0800] "GET /xingrg/javascript/easyui/themes/default/validatebox.css HTTP/1.1" 404 1104
114.84.37.38 - - [15/Nov/2020:10:37:29 +0800] "POST /xingrg/kc/buy/cgsh_order_operate.html HTTP/1.1" 200 48184
117.185.32.26 - - [15/Nov/2020:10:37:29 +0800] "GET /xingrg/kc/buy/cgsh_order_list.html HTTP/1.1" 200 44941
101.85.228.137 - - [15/Nov/2020:10:37:30 +0800] "GET /xingrg/kc/buy/cgsh_order_operate.html?command=get_materiel&rest_code=00102&code=00101001029&supplier_code=00100312&order_time=2020-11-15 HTTP/1.1" 200 415
101.85.228.137 - - [15/Nov/2020:10:37:30 +0800] "GET /xingrg/all/function/internal_message.html?_=1605408069169&CODE_STATE=getMsg HTTP/1.1" 200 27
117.185.32.26 - - [15/Nov/2020:10:37:31 +0800] "GET /xingrg/javascript/easyui/themes/icons/import_new.png HTTP/1.1" 304 -
117.185.32.26 - - [15/Nov/2020:10:37:31 +0800] "GET /xingrg/javascript/easyui/themes/icons/field_new.png HTTP/1.1" 304 -
117.185.32.26 - - [15/Nov/2020:10:37:31 +0800] "GET /xingrg/javascript/easyui/themes/icons/check_new.png HTTP/1.1" 304 -
117.185.32.26 - - [15/Nov/2020:10:37:31 +0800] "GET /xingrg/javascript/easyui/themes/icons/edit_add_new.png HTTP/1.1" 304 -
117.185.32.26 - - [15/Nov/2020:10:37:31 +0800] "GET /xingrg/javascript/easyui/themes/icons/cance_new.png HTTP/1.1" 304 -
117.185.32.26 - - [15/Nov/2020:10:37:31 +0800] "GET /xingrg/images/control/ajaxLoader.gif HTTP/1.1" 304 -
117.185.32.26 - - [15/Nov/2020:10:37:32 +0800] "POST /xingrg/kc/buy/cgsh_list_operate.html HTTP/1.1" 200 876
117.185.32.26 - - [15/Nov/2020:10:37:34 +0800] "GET /xingrg/javascript/easyui/themes/default/images/button_plain_hover.png HTTP/1.1" 304 -
117.185.32.26 - - [15/Nov/2020:10:37:34 +0800] "GET /xingrg/kc/buy/cgsh_order_add.html HTTP/1.1" 200 60685
