117.184.7.30 - - [14/Nov/2020:10:20:04 +0800] "POST /xingrg/kc/buy/cgsh_order_operate.html HTTP/1.1" 200 2065
222.69.139.106 - - [14/Nov/2020:10:20:06 +0800] "GET /xingrg/kc/buy/cgsh_order_add.html HTTP/1.1" 200 60732
117.184.7.30 - - [14/Nov/2020:10:20:06 +0800] "GET /xingrg/kc/buy/cgsh_order_operate.html?command=get_materiel&rest_code=00108&code=00101008213&supplier_code=00100008&order_time=2020-11-14 HTTP/1.1" 200 412
222.69.139.106 - - [14/Nov/2020:10:20:07 +0800] "POST /xingrg/kc/buy/cgsh_order_operate.html HTTP/1.1" 200 8245
222.69.139.106 - - [14/Nov/2020:10:20:07 +0800] "GET /xingrg/javascript/easyui/themes/default/validatebox.css HTTP/1.1" 404 1104
172.17.0.101 - - [14/Nov/2020:10:20:07 +0800] "GET /xingrg/all/function/internal_message.html?_=1605320406120&CODE_STATE=getMsg HTTP/1.1" 200 27
180.174.56.115 - - [14/Nov/2020:10:20:07 +0800] "GET /xingrg/check_reg.html?_=1605320382007 HTTP/1.1" 200 22
180.174.56.115 - - [14/Nov/2020:10:20:07 +0800] "GET /xingrg/all/function/internal_message.html?_=1605320382139&CODE_STATE=getMsg HTTP/1.1" 200 27
114.84.37.38 - - [14/Nov/2020:10:20:08 +0800] "POST /xingrg/kc/buy/cgsh_order_operate.html HTTP/1.1" 200 37
114.88.166.242 - - [14/Nov/2020:10:20:08 +0800] "GET /xingrg/kc/buy/cgsh_order_add.html HTTP/1.1" 200 60679
114.88.166.242 - - [14/Nov/2020:10:20:08 +0800] "POST /xingrg/kc/buy/cgsh_order_operate.html HTTP/1.1" 200 8245
114.88.166.242 - - [14/Nov/2020:10:20:08 +0800] "GET /xingrg/javascript/easyui/themes/default/validatebox.css HTTP/1.1" 404 1104
116.228.172.94 - - [14/Nov/2020:10:20:09 +0800] "GET /xingrg/kc/buy/cgsh_order_list.html HTTP/1.1" 200 44947
114.86.224.137 - - [14/Nov/2020:10:20:09 +0800] "GET /xingrg/all/function/internal_message.html?_=1605320469234&CODE_STATE=getMsg HTTP/1.1" 200 27
114.84.37.38 - - [14/Nov/2020:10:20:10 +0800] "POST /xingrg/kc/buy/cgsh_order_operate.html HTTP/1.1" 200 2656
114.88.166.242 - - [14/Nov/2020:10:20:10 +0800] "GET /xingrg/javascript/auto/indicator.gif HTTP/1.1" 404 1066
114.84.37.38 - - [14/Nov/2020:10:20:10 +0800] "GET /xingrg/all/function/internal_message.html?_=1605320433637&CODE_STATE=getMsg HTTP/1.1" 200 27
116.228.172.94 - - [14/Nov/2020:10:20:11 +0800] "POST /xingrg/kc/buy/cgsh_list_operate.html HTTP/1.1" 200 5077
180.162.245.190 - - [14/Nov/2020:10:20:11 +0800] "GET /xingrg/kc/buy/cgsh_order_operate.html?command=get_materiel&rest_code=00105&code=00101010161&supplier_code=00100334&order_time=2020-11-14 HTTP/1.1" 200 408
222.69.139.106 - - [14/Nov/2020:10:20:11 +0800] "GET /xingrg/all/function/internal_message.html?_=1605320404058&CODE_STATE=getMsg HTTP/1.1" 200 27
114.88.166.242 - - [14/Nov/2020:10:20:12 +0800] "GET /xingrg/javascript/jquery_tools/images/next.gif HTTP/1.1" 404 1086
114.88.166.242 - - [14/Nov/2020:10:20:12 +0800] "GET /xingrg/javascript/jquery_tools/images/prev.gif HTTP/1.1" 404 1086
117.184.7.30 - - [14/Nov/2020:10:20:13 +0800] "GET /xingrg/kc/buy/cgsh_order_operate.html?command=get_materiel&rest_code=00108&code=00101008298&supplier_code=00100008&order_time=2020-11-14 HTTP/1.1" 200 431
114.84.37.38 - - [14/Nov/2020:10:20:14 +0800] "GET /xingrg/kc/print/load_data.html?order_code=212020111405403&kc_code=cgsh&condition= HTTP/1.1" 200 715
120.253.135.82 - - [14/Nov/2020:10:20:15 +0800] "GET /xingrg/all/function/internal_message.html?_=1605320160729&CODE_STATE=getMsg HTTP/1.1" 200 27
114.88.166.242 - - [14/Nov/2020:10:20:18 +0800] "GET /xingrg/kc/buy/cgsh_order_operate.html?command=get_materiel&rest_code=00111&code=00101020077&supplier_code=00100329&order_time=2020-11-14 HTTP/1.1" 200 413
117.184.7.30 - - [14/Nov/2020:10:20:18 +0800] "GET /xingrg/kc/buy/cgsh_order_operate.html?command=get_materiel&rest_code=00108&code=00101008125&supplier_code=00100008&order_time=2020-11-14 HTTP/1.1" 200 413
117.184.7.30 - - [14/Nov/2020:10:20:20 +0800] "GET /xingrg/all/function/internal_message.html?_=1605320405870&CODE_STATE=getMsg HTTP/1.1" 200 27
117.184.7.30 - - [14/Nov/2020:10:20:20 +0800] "GET /xingrg/check_reg.html?_=1605320405872 HTTP/1.1" 200 22
116.228.172.94 - - [14/Nov/2020:10:20:20 +0800] "GET /xingrg/all/function/internal_message.html?_=1605320408715&CODE_STATE=getMsg HTTP/1.1" 200 27
101.85.228.137 - - [14/Nov/2020:10:20:22 +0800] "POST /xingrg/kc/buy/cgsh_order_operate.html HTTP/1.1" 200 37
114.88.166.242 - - [14/Nov/2020:10:20:24 +0800] "POST /xingrg/kc/buy/cgsh_order_operate.html HTTP/1.1" 200 37
180.162.245.190 - - [14/Nov/2020:10:20:25 +0800] "GET /xingrg/kc/buy/cgsh_order_operate.html?command=get_materiel&rest_code=00105&code=00101005036&supplier_code=00100334&order_time=2020-11-14 HTTP/1.1" 200 409
117.184.7.30 - - [14/Nov/2020:10:20:26 +0800] "GET /xingrg/kc/buy/cgsh_order_operate.html?command=get_materiel&rest_code=00108&code=00101008275&supplier_code=00100008&order_time=2020-11-14 HTTP/1.1" 200 417
114.88.166.242 - - [14/Nov/2020:10:20:26 +0800] "POST /xingrg/kc/buy/cgsh_order_operate.html HTTP/1.1" 200 2658
101.85.228.137 - - [14/Nov/2020:10:20:26 +0800] "POST /xingrg/kc/buy/cgsh_order_operate.html HTTP/1.1" 200 12
101.85.95.39 - - [14/Nov/2020:10:20:26 +0800] "GET /xingrg/all/function/internal_message.html?_=1605320168816&CODE_STATE=getMsg HTTP/1.1" 200 27
114.88.166.242 - - [14/Nov/2020:10:20:27 +0800] "GET /xingrg/kc/print/load_data.html?order_code=212020111405405&kc_code=cgsh&condition= HTTP/1.1" 200 677
172.17.0.120 - - [14/Nov/2020:10:20:28 +0800] "GET /xingrg/javascript/easyui/themes/default/images/button_plain_hover.png HTTP/1.1" 200 144
116.228.172.94 - - [14/Nov/2020:10:20:28 +0800] "GET /xingrg/javascript/easyui/themes/default/tree.css HTTP/1.1" 404 1090
116.228.172.94 - - [14/Nov/2020:10:20:28 +0800] "POST /xingrg/all/common/load_tree.html?tree=supplier_tree_json&manage=1 HTTP/1.1" 200 52587
172.17.0.120 - - [14/Nov/2020:10:20:30 +0800] "GET /xingrg/kc/buy/buy_main.html HTTP/1.1" 200 12377
172.17.0.120 - - [14/Nov/2020:10:20:30 +0800] "GET /xingrg/css/new_ie.css HTTP/1.1" 404 1036
180.162.245.190 - - [14/Nov/2020:10:20:30 +0800] "POST /xingrg/kc/buy/cgsh_order_operate.html HTTP/1.1" 200 37
101.85.228.137 - - [14/Nov/2020:10:20:30 +0800] "GET /xingrg/kc/buy/cgsh_order_info.html?code=212020111405404 HTTP/1.1" 200 55539
172.17.0.120 - - [14/Nov/2020:10:20:30 +0800] "GET /xingrg/images/yd/bt.gif HTTP/1.1" 404 1040
172.17.0.120 - - [14/Nov/2020:10:20:31 +0800] "GET /xingrg/kc/buy/cgsh_order_list.html HTTP/1.1" 200 45183
101.85.228.137 - - [14/Nov/2020:10:20:31 +0800] "GET /xingrg/javascript/easyui/themes/default/validatebox.css HTTP/1.1" 404 1104
180.162.245.190 - - [14/Nov/2020:10:20:31 +0800] "POST /xingrg/kc/buy/cgsh_order_operate.html HTTP/1.1" 200 3238
101.85.228.137 - - [14/Nov/2020:10:20:32 +0800] "POST /xingrg/kc/buy/cgsh_order_operate.html HTTP/1.1" 200 2986
114.88.166.242 - - [14/Nov/2020:10:20:32 +0800] "GET /xingrg/kc/buy/cgsh_order_add.html HTTP/1.1" 200 60679
172.17.0.120 - - [14/Nov/2020:10:20:32 +0800] "POST /xingrg/kc/buy/cgsh_list_operate.html HTTP/1.1" 200 5077
114.88.166.242 - - [14/Nov/2020:10:20:32 +0800] "POST /xingrg/kc/buy/cgsh_order_operate.html HTTP/1.1" 200 8245
114.88.166.242 - - [14/Nov/2020:10:20:32 +0800] "GET /xingrg/javascript/easyui/themes/default/validatebox.css HTTP/1.1" 404 1104
180.162.245.190 - - [14/Nov/2020:10:20:33 +0800] "GET /xingrg/all/function/internal_message.html?_=1605320413004&CODE_STATE=getMsg HTTP/1.1" 200 27
114.84.145.85 - - [14/Nov/2020:10:20:34 +0800] "GET /xingrg/all/function/internal_message.html?_=1605320019366&CODE_STATE=getMsg HTTP/1.1" 200 27
101.85.228.137 - - [14/Nov/2020:10:20:34 +0800] "GET /xingrg/kc/print/load_config.html?kc_code=cgsh HTTP/1.1" 200 1845
172.17.0.120 - - [14/Nov/2020:10:20:34 +0800] "GET /xingrg/javascript/jquery_tools/images/prev.gif HTTP/1.1" 404 1086
172.17.0.120 - - [14/Nov/2020:10:20:34 +0800] "GET /xingrg/javascript/jquery_tools/images/next.gif HTTP/1.1" 404 1086
101.85.228.137 - - [14/Nov/2020:10:20:34 +0800] "GET /xingrg/kc/print/load_data.html?order_code=212020111405404&kc_code=cgsh&condition= HTTP/1.1" 200 1672
117.184.7.30 - - [14/Nov/2020:10:20:37 +0800] "POST /xingrg/kc/buy/cgsh_order_operate.html HTTP/1.1" 200 37
117.184.7.30 - - [14/Nov/2020:10:20:38 +0800] "POST /xingrg/kc/buy/cgsh_order_operate.html HTTP/1.1" 200 21562
116.228.172.94 - - [14/Nov/2020:10:20:38 +0800] "POST /xingrg/kc/buy/cgsh_list_operate.html HTTP/1.1" 200 1689
180.162.245.190 - - [14/Nov/2020:10:20:38 +0800] "GET /xingrg/kc/print/load_data.html?order_code=212020111405406&kc_code=cgsh&condition= HTTP/1.1" 200 890
116.228.172.94 - - [14/Nov/2020:10:20:40 +0800] "POST /xingrg/kc/buy/cgsh_list_operate.html HTTP/1.1" 200 202
101.85.228.137 - - [14/Nov/2020:10:20:41 +0800] "GET /xingrg/all/function/internal_message.html?_=1605320661300&CODE_STATE=getMsg HTTP/1.1" 200 27
172.17.0.120 - - [14/Nov/2020:10:20:41 +0800] "GET /xingrg/javascript/auto/indicator.gif HTTP/1.1" 404 1066
180.162.245.190 - - [14/Nov/2020:10:20:42 +0800] "GET /xingrg/kc/buy/cgsh_order_add.html HTTP/1.1" 200 60726
180.162.245.190 - - [14/Nov/2020:10:20:42 +0800] "GET /xingrg/javascript/easyui/themes/default/validatebox.css HTTP/1.1" 404 1104
180.162.245.190 - - [14/Nov/2020:10:20:42 +0800] "POST /xingrg/kc/buy/cgsh_order_operate.html HTTP/1.1" 200 8245
116.228.172.94 - - [14/Nov/2020:10:20:42 +0800] "GET /xingrg/kc/buy/cgsh_order_info.html?code=212020110903679 HTTP/1.1" 200 55660
116.228.172.94 - - [14/Nov/2020:10:20:42 +0800] "GET /xingrg/words/20201114091825_words.js HTTP/1.1" 304 -
116.228.172.94 - - [14/Nov/2020:10:20:42 +0800] "GET /xingrg/javascript/easyui/themes/default/validatebox.css HTTP/1.1" 404 1104
116.228.172.94 - - [14/Nov/2020:10:20:43 +0800] "POST /xingrg/kc/buy/cgsh_order_operate.html HTTP/1.1" 200 608
101.85.228.137 - - [14/Nov/2020:10:20:45 +0800] "GET /xingrg/kc/buy/cgsh_order_add.html HTTP/1.1" 200 60638
101.85.228.137 - - [14/Nov/2020:10:20:46 +0800] "POST /xingrg/kc/buy/cgsh_order_operate.html HTTP/1.1" 200 8245
101.85.228.137 - - [14/Nov/2020:10:20:46 +0800] "GET /xingrg/javascript/easyui/themes/default/validatebox.css HTTP/1.1" 404 1104
101.85.228.137 - - [14/Nov/2020:10:20:47 +0800] "GET /xingrg/javascript/easyui/themes/default/tree.css HTTP/1.1" 404 1090
101.85.228.137 - - [14/Nov/2020:10:20:47 +0800] "POST /xingrg/all/common/load_tree.html?tree=supplier_tree_json&isDelete=1 HTTP/1.1" 200 51855
114.88.166.242 - - [14/Nov/2020:10:20:48 +0800] "GET /xingrg/all/function/internal_message.html?_=1605320552002&CODE_STATE=getMsg HTTP/1.1" 200 27
180.162.245.190 - - [14/Nov/2020:10:20:48 +0800] "GET /xingrg/all/function/internal_message.html?_=1605320445083&CODE_STATE=getMsg HTTP/1.1" 200 27
180.162.245.190 - - [14/Nov/2020:10:20:48 +0800] "GET /xingrg/check_reg.html?_=1605320445087 HTTP/1.1" 200 22
172.17.0.120 - - [14/Nov/2020:10:20:50 +0800] "POST /xingrg/kc/buy/cgsh_list_operate.html HTTP/1.1" 200 1689
180.162.245.190 - - [14/Nov/2020:10:20:50 +0800] "GET /xingrg/kc/buy/cgsh_order_operate.html?command=get_materiel&rest_code=00105&code=00101001140&supplier_code=00100319&order_time=2020-11-14 HTTP/1.1" 200 415
172.17.0.120 - - [14/Nov/2020:10:20:52 +0800] "POST /xingrg/kc/buy/cgsh_list_operate.html HTTP/1.1" 200 202
114.84.145.85 - - [14/Nov/2020:10:20:53 +0800] "GET /xingrg/check_reg.html?_=1605320039133 HTTP/1.1" 200 22
117.184.7.30 - - [14/Nov/2020:10:20:53 +0800] "POST /xingrg/kc/buy/cgsh_order_operate.html HTTP/1.1" 200 37
117.184.7.30 - - [14/Nov/2020:10:20:55 +0800] "POST /xingrg/kc/buy/cgsh_order_operate.html HTTP/1.1" 200 21562
172.17.0.120 - - [14/Nov/2020:10:20:55 +0800] "POST /xingrg/kc/buy/cgsh_list_operate.html HTTP/1.1" 200 4
116.228.172.94 - - [14/Nov/2020:10:20:55 +0800] "GET /xingrg/kc/buy/buy_main.html HTTP/1.1" 200 12412
116.228.172.94 - - [14/Nov/2020:10:20:55 +0800] "GET /xingrg/css/new_ie.css HTTP/1.1" 404 1036
114.88.166.242 - - [14/Nov/2020:10:20:56 +0800] "GET /xingrg/kc/buy/cgsh_order_operate.html?command=get_materiel&rest_code=00111&code=00101014104&supplier_code=00100211&order_time=2020-11-14 HTTP/1.1" 200 401
116.228.172.94 - - [14/Nov/2020:10:20:56 +0800] "GET /xingrg/images/yd/bt.gif HTTP/1.1" 404 1040
116.228.172.94 - - [14/Nov/2020:10:20:57 +0800] "GET /xingrg/kc/buy/cgsh_order_list.html HTTP/1.1" 200 44947
172.17.0.120 - - [14/Nov/2020:10:20:58 +0800] "POST /xingrg/kc/buy/cgsh_list_operate.html HTTP/1.1" 200 1667
116.228.172.94 - - [14/Nov/2020:10:20:58 +0800] "POST /xingrg/kc/buy/cgsh_list_operate.html HTTP/1.1" 200 5077
172.17.0.120 - - [14/Nov/2020:10:20:59 +0800] "GET /xingrg/check_reg.html?_=1605320691104 HTTP/1.1" 200 22
172.17.0.120 - - [14/Nov/2020:10:20:59 +0800] "GET /xingrg/all/function/internal_message.html?_=1605320691108&CODE_STATE=getMsg HTTP/1.1" 200 27
120.253.135.82 - - [14/Nov/2020:10:20:59 +0800] "GET /xingrg/all/function/internal_message.html?_=1605320499327&CODE_STATE=getMsg HTTP/1.1" 200 27
101.85.228.137 - - [14/Nov/2020:10:21:00 +0800] "GET /xingrg/kc/buy/cgsh_order_operate.html?command=get_materiel&rest_code=00102&code=00101006129&supplier_code=00100011&order_time=2020-11-14 HTTP/1.1" 200 431
114.88.166.242 - - [14/Nov/2020:10:21:01 +0800] "POST /xingrg/kc/buy/cgsh_order_operate.html HTTP/1.1" 200 37
114.88.166.242 - - [14/Nov/2020:10:21:02 +0800] "POST /xingrg/kc/buy/cgsh_order_operate.html HTTP/1.1" 200 2660
114.88.166.242 - - [14/Nov/2020:10:21:03 +0800] "GET /xingrg/kc/print/load_data.html?order_code=212020111405407&kc_code=cgsh&condition= HTTP/1.1" 200 662
114.88.166.242 - - [14/Nov/2020:10:21:07 +0800] "GET /xingrg/kc/buy/cgsh_order_add.html HTTP/1.1" 200 60679
101.85.228.137 - - [14/Nov/2020:10:21:07 +0800] "GET /xingrg/kc/buy/cgsh_order_operate.html?command=get_materiel&rest_code=00102&code=00101006115&supplier_code=00100011&order_time=2020-11-14 HTTP/1.1" 200 408
114.88.166.242 - - [14/Nov/2020:10:21:07 +0800] "POST /xingrg/kc/buy/cgsh_order_operate.html HTTP/1.1" 200 8245
114.88.166.242 - - [14/Nov/2020:10:21:07 +0800] "GET /xingrg/javascript/easyui/themes/default/validatebox.css HTTP/1.1" 404 1104
172.17.0.101 - - [14/Nov/2020:10:21:07 +0800] "GET /xingrg/all/function/internal_message.html?_=1605320466133&CODE_STATE=getMsg HTTP/1.1" 200 27
180.174.56.115 - - [14/Nov/2020:10:21:08 +0800] "GET /xingrg/all/function/internal_message.html?_=1605320442153&CODE_STATE=getMsg HTTP/1.1" 200 27
114.86.224.137 - - [14/Nov/2020:10:21:09 +0800] "GET /xingrg/all/function/internal_message.html?_=1605320529231&CODE_STATE=getMsg HTTP/1.1" 200 27
116.228.172.94 - - [14/Nov/2020:10:21:10 +0800] "POST /xingrg/kc/buy/cgsh_list_operate.html HTTP/1.1" 200 2210
222.69.139.106 - - [14/Nov/2020:10:21:11 +0800] "GET /xingrg/all/function/internal_message.html?_=1605320464046&CODE_STATE=getMsg HTTP/1.1" 200 27
114.84.37.38 - - [14/Nov/2020:10:21:11 +0800] "GET /xingrg/all/function/internal_message.html?_=1605320494342&CODE_STATE=getMsg HTTP/1.1" 200 27
114.88.166.242 - - [14/Nov/2020:10:21:15 +0800] "GET /xingrg/kc/buy/cgsh_order_operate.html?command=get_materiel&rest_code=00111&code=00101002035&supplier_code=00100088&order_time=2020-11-14 HTTP/1.1" 200 416
120.253.135.82 - - [14/Nov/2020:10:21:15 +0800] "GET /xingrg/all/function/internal_message.html?_=1605320220736&CODE_STATE=getMsg HTTP/1.1" 200 27
180.162.245.190 - - [14/Nov/2020:10:21:16 +0800] "GET /xingrg/kc/buy/cgsh_order_operate.html?command=get_materiel&rest_code=00105&code=00101001125&supplier_code=00100319&order_time=2020-11-14 HTTP/1.1" 200 415
117.184.7.30 - - [14/Nov/2020:10:21:20 +0800] "GET /xingrg/all/function/internal_message.html?_=1605320465840&CODE_STATE=getMsg HTTP/1.1" 200 27
116.228.172.94 - - [14/Nov/2020:10:21:20 +0800] "GET /xingrg/all/function/internal_message.html?_=1605320468695&CODE_STATE=getMsg HTTP/1.1" 200 27
101.85.228.137 - - [14/Nov/2020:10:21:21 +0800] "GET /xingrg/kc/buy/cgsh_order_operate.html?command=get_materiel&rest_code=00102&code=00101006255&supplier_code=00100011&order_time=2020-11-14 HTTP/1.1" 200 396
116.228.172.94 - - [14/Nov/2020:10:21:23 +0800] "POST /xingrg/kc/buy/cgsh_list_operate.html HTTP/1.1" 200 2210
116.228.172.94 - - [14/Nov/2020:10:21:25 +0800] "GET /xingrg/kc/buy/buy_main.html HTTP/1.1" 200 12412
116.228.172.94 - - [14/Nov/2020:10:21:25 +0800] "GET /xingrg/css/new_ie.css HTTP/1.1" 404 1036
116.228.172.94 - - [14/Nov/2020:10:21:25 +0800] "GET /xingrg/images/yd/bt.gif HTTP/1.1" 404 1040
116.228.172.94 - - [14/Nov/2020:10:21:26 +0800] "GET /xingrg/kc/buy/cgsh_order_list.html HTTP/1.1" 200 44947
101.85.95.39 - - [14/Nov/2020:10:21:26 +0800] "GET /xingrg/all/function/internal_message.html?_=1605320228816&CODE_STATE=getMsg HTTP/1.1" 200 27
116.228.172.94 - - [14/Nov/2020:10:21:27 +0800] "POST /xingrg/kc/buy/cgsh_list_operate.html HTTP/1.1" 200 5077
180.162.245.190 - - [14/Nov/2020:10:21:28 +0800] "GET /xingrg/kc/buy/cgsh_order_operate.html?command=get_materiel&rest_code=00105&code=00101001040&supplier_code=00100319&order_time=2020-11-14 HTTP/1.1" 200 413
101.85.228.137 - - [14/Nov/2020:10:21:31 +0800] "GET /xingrg/kc/buy/cgsh_order_operate.html?command=get_materiel&rest_code=00102&code=00101006084&supplier_code=00100011&order_time=2020-11-14 HTTP/1.1" 200 433
180.162.245.190 - - [14/Nov/2020:10:21:33 +0800] "GET /xingrg/all/function/internal_message.html?_=1605320473004&CODE_STATE=getMsg HTTP/1.1" 200 27
114.84.145.85 - - [14/Nov/2020:10:21:34 +0800] "GET /xingrg/all/function/internal_message.html?_=1605320079345&CODE_STATE=getMsg HTTP/1.1" 200 27
180.162.245.190 - - [14/Nov/2020:10:21:38 +0800] "GET /xingrg/kc/buy/cgsh_order_operate.html?command=get_materiel&rest_code=00105&code=00101001044&supplier_code=00100319&order_time=2020-11-14 HTTP/1.1" 200 411
101.85.228.137 - - [14/Nov/2020:10:21:41 +0800] "GET /xingrg/all/function/internal_message.html?_=1605320721313&CODE_STATE=getMsg HTTP/1.1" 200 27
116.228.172.94 - - [14/Nov/2020:10:21:44 +0800] "POST /xingrg/kc/buy/cgsh_list_operate.html HTTP/1.1" 200 2210
116.228.172.94 - - [14/Nov/2020:10:21:46 +0800] "POST /xingrg/kc/buy/cgsh_list_operate.html HTTP/1.1" 200 202
116.228.172.94 - - [14/Nov/2020:10:21:47 +0800] "GET /xingrg/kc/buy/cgsh_order_info.html?code=212020110903679 HTTP/1.1" 200 60768
183.195.131.162 - - [14/Nov/2020:10:21:47 +0800] "GET /favicon.ico HTTP/1.1" 404 -
114.88.166.242 - - [14/Nov/2020:10:21:48 +0800] "GET /xingrg/all/function/internal_message.html?_=1605320611996&CODE_STATE=getMsg HTTP/1.1" 200 27
116.228.172.94 - - [14/Nov/2020:10:21:48 +0800] "GET /xingrg/javascript/easyui/themes/default/validatebox.css HTTP/1.1" 404 1104
180.162.245.190 - - [14/Nov/2020:10:21:48 +0800] "GET /xingrg/all/function/internal_message.html?_=1605320505087&CODE_STATE=getMsg HTTP/1.1" 200 27
116.228.172.94 - - [14/Nov/2020:10:21:48 +0800] "POST /xingrg/kc/buy/cgsh_order_operate.html HTTP/1.1" 200 2658
180.162.245.190 - - [14/Nov/2020:10:21:50 +0800] "POST /xingrg/kc/buy/cgsh_order_operate.html HTTP/1.1" 200 37
116.228.172.94 - - [14/Nov/2020:10:21:51 +0800] "GET /xingrg/javascript/easyui/themes/default/tree.css HTTP/1.1" 404 1090
116.228.172.94 - - [14/Nov/2020:10:21:51 +0800] "POST /xingrg/all/common/load_tree.html?tree=supplier_tree_json&isDelete=1 HTTP/1.1" 200 51855
180.162.245.190 - - [14/Nov/2020:10:21:52 +0800] "POST /xingrg/kc/buy/cgsh_order_operate.html HTTP/1.1" 200 4450
114.88.166.242 - - [14/Nov/2020:10:21:54 +0800] "POST /xingrg/kc/buy/cgsh_order_operate.html HTTP/1.1" 200 37
101.85.228.137 - - [14/Nov/2020:10:21:55 +0800] "POST /xingrg/kc/buy/cgsh_order_operate.html HTTP/1.1" 200 37
114.88.166.242 - - [14/Nov/2020:10:21:55 +0800] "POST /xingrg/kc/buy/cgsh_order_operate.html HTTP/1.1" 200 2664
180.162.245.190 - - [14/Nov/2020:10:21:55 +0800] "GET /xingrg/kc/print/load_data.html?order_code=212020111405408&kc_code=cgsh&condition= HTTP/1.1" 200 1367
114.88.166.242 - - [14/Nov/2020:10:21:56 +0800] "GET /xingrg/kc/print/load_data.html?order_code=212020111405409&kc_code=cgsh&condition= HTTP/1.1" 200 753
172.17.0.120 - - [14/Nov/2020:10:21:59 +0800] "GET /xingrg/all/function/internal_message.html?_=1605320751112&CODE_STATE=getMsg HTTP/1.1" 200 27
180.162.245.190 - - [14/Nov/2020:10:21:59 +0800] "GET /xingrg/kc/buy/cgsh_order_add.html HTTP/1.1" 200 60726
180.162.245.190 - - [14/Nov/2020:10:21:59 +0800] "GET /xingrg/javascript/easyui/themes/default/validatebox.css HTTP/1.1" 404 1104
180.162.245.190 - - [14/Nov/2020:10:21:59 +0800] "POST /xingrg/kc/buy/cgsh_order_operate.html HTTP/1.1" 200 8245
120.253.135.82 - - [14/Nov/2020:10:21:59 +0800] "GET /xingrg/all/function/internal_message.html?_=1605320559355&CODE_STATE=getMsg HTTP/1.1" 200 27
101.85.228.137 - - [14/Nov/2020:10:22:00 +0800] "POST /xingrg/kc/buy/cgsh_order_operate.html HTTP/1.1" 200 12
114.88.166.242 - - [14/Nov/2020:10:22:04 +0800] "GET /xingrg/kc/buy/cgsh_order_add.html HTTP/1.1" 200 60679
114.88.166.242 - - [14/Nov/2020:10:22:05 +0800] "POST /xingrg/kc/buy/cgsh_order_operate.html HTTP/1.1" 200 8245
114.88.166.242 - - [14/Nov/2020:10:22:05 +0800] "GET /xingrg/javascript/easyui/themes/default/validatebox.css HTTP/1.1" 404 1104
180.162.245.190 - - [14/Nov/2020:10:22:07 +0800] "GET /xingrg/kc/buy/cgsh_order_operate.html?command=get_materiel&rest_code=00105&code=00101002006&supplier_code=00100091&order_time=2020-11-14 HTTP/1.1" 200 416
172.17.0.101 - - [14/Nov/2020:10:22:07 +0800] "GET /xingrg/all/function/internal_message.html?_=1605320526146&CODE_STATE=getMsg HTTP/1.1" 200 27
172.17.0.101 - - [14/Nov/2020:10:22:07 +0800] "GET /xingrg/check_reg.html?_=1605320526149 HTTP/1.1" 200 22
180.174.56.115 - - [14/Nov/2020:10:22:08 +0800] "GET /xingrg/all/function/internal_message.html?_=1605320502166&CODE_STATE=getMsg HTTP/1.1" 200 27
114.86.224.137 - - [14/Nov/2020:10:22:09 +0800] "GET /xingrg/all/function/internal_message.html?_=1605320589230&CODE_STATE=getMsg HTTP/1.1" 200 27
116.228.172.94 - - [14/Nov/2020:10:22:10 +0800] "POST /xingrg/kc/buy/cgsh_order_operate.html HTTP/1.1" 200 37
114.88.166.242 - - [14/Nov/2020:10:22:10 +0800] "GET /xingrg/kc/buy/cgsh_order_operate.html?command=get_materiel&rest_code=00111&code=00101004011&supplier_code=00100086&order_time=2020-11-14 HTTP/1.1" 200 433
222.69.139.106 - - [14/Nov/2020:10:22:11 +0800] "GET /xingrg/all/function/internal_message.html?_=1605320524057&CODE_STATE=getMsg HTTP/1.1" 200 27
114.84.37.38 - - [14/Nov/2020:10:22:11 +0800] "GET /xingrg/all/function/internal_message.html?_=1605320554350&CODE_STATE=getMsg HTTP/1.1" 200 27
116.228.172.94 - - [14/Nov/2020:10:22:12 +0800] "POST /xingrg/kc/buy/cgsh_order_operate.html HTTP/1.1" 200 12
101.85.228.137 - - [14/Nov/2020:10:22:12 +0800] "GET /xingrg/kc/buy/cgsh_order_info.html?code=212020111405410 HTTP/1.1" 200 55539
101.85.228.137 - - [14/Nov/2020:10:22:13 +0800] "GET /xingrg/javascript/easyui/themes/default/validatebox.css HTTP/1.1" 404 1104
101.85.228.137 - - [14/Nov/2020:10:22:13 +0800] "POST /xingrg/kc/buy/cgsh_order_operate.html HTTP/1.1" 200 2404
116.228.172.94 - - [14/Nov/2020:10:22:13 +0800] "GET /xingrg/kc/buy/cgsh_order_info.html?code=212020110903679 HTTP/1.1" 200 55666
116.228.172.94 - - [14/Nov/2020:10:22:14 +0800] "GET /xingrg/javascript/easyui/themes/default/validatebox.css HTTP/1.1" 404 1104
116.228.172.94 - - [14/Nov/2020:10:22:14 +0800] "POST /xingrg/kc/buy/cgsh_order_operate.html HTTP/1.1" 200 608
120.253.135.82 - - [14/Nov/2020:10:22:15 +0800] "GET /xingrg/check_reg.html?_=1605320280686 HTTP/1.1" 200 22
120.253.135.82 - - [14/Nov/2020:10:22:15 +0800] "GET /xingrg/all/function/internal_message.html?_=1605320280749&CODE_STATE=getMsg HTTP/1.1" 200 27
101.85.228.137 - - [14/Nov/2020:10:22:16 +0800] "GET /xingrg/kc/print/load_data.html?order_code=212020111405410&kc_code=cgsh&condition= HTTP/1.1" 200 1457
114.88.166.242 - - [14/Nov/2020:10:22:18 +0800] "POST /xingrg/kc/buy/cgsh_order_operate.html HTTP/1.1" 200 37
114.88.166.242 - - [14/Nov/2020:10:22:19 +0800] "POST /xingrg/kc/buy/cgsh_order_operate.html HTTP/1.1" 200 2660
114.88.166.242 - - [14/Nov/2020:10:22:19 +0800] "GET /xingrg/kc/print/load_data.html?order_code=212020111405411&kc_code=cgsh&condition= HTTP/1.1" 200 739
117.184.7.30 - - [14/Nov/2020:10:22:20 +0800] "GET /xingrg/all/function/internal_message.html?_=1605320525842&CODE_STATE=getMsg HTTP/1.1" 200 27
116.228.172.94 - - [14/Nov/2020:10:22:20 +0800] "GET /xingrg/all/function/internal_message.html?_=1605320528676&CODE_STATE=getMsg HTTP/1.1" 200 27
180.162.245.190 - - [14/Nov/2020:10:22:20 +0800] "GET /xingrg/kc/buy/cgsh_order_operate.html?command=get_materiel&rest_code=00105&code=00101002034&supplier_code=00100091&order_time=2020-11-14 HTTP/1.1" 200 409
101.85.95.39 - - [14/Nov/2020:10:22:26 +0800] "GET /xingrg/all/function/internal_message.html?_=1605320288816&CODE_STATE=getMsg HTTP/1.1" 200 27
172.17.0.120 - - [14/Nov/2020:10:22:26 +0800] "POST /xingrg/all/user/operate.html HTTP/1.1" 200 36
172.17.0.120 - - [14/Nov/2020:10:22:27 +0800] "GET /xingrg/javascript/jquery_easy_ui/themes/default/easyui.css HTTP/1.1" 304 -
172.17.0.120 - - [14/Nov/2020:10:22:27 +0800] "GET /xingrg/index.html?sysBaseUrl=http%3A%2F%2F172.17.0.8%3A18081%2Fxingrg%2F&costTime=40×tamp=1605317095202 HTTP/1.1" 200 17448
172.17.0.120 - - [14/Nov/2020:10:22:27 +0800] "GET /xingrg/javascript/jquery_easy_ui/themes/icon.css HTTP/1.1" 304 -
172.17.0.120 - - [14/Nov/2020:10:22:27 +0800] "GET /xingrg/css/form.css HTTP/1.1" 304 -
172.17.0.120 - - [14/Nov/2020:10:22:27 +0800] "GET /xingrg/javascript/jquery-1.4.2.min.js HTTP/1.1" 304 -
172.17.0.120 - - [14/Nov/2020:10:22:27 +0800] "GET /xingrg/javascript/jquery_easy_ui/jquery.easyui.min.js HTTP/1.1" 304 -
172.17.0.120 - - [14/Nov/2020:10:22:27 +0800] "GET /xingrg/javascript/jquery_easy_ui/easyui-lang-zh_CN.js HTTP/1.1" 304 -
172.17.0.120 - - [14/Nov/2020:10:22:27 +0800] "GET /xingrg/javascript/jquery.form.js HTTP/1.1" 304 -
172.17.0.120 - - [14/Nov/2020:10:22:27 +0800] "GET /xingrg/javascript/jquery.utils.js HTTP/1.1" 304 -
172.17.0.120 - - [14/Nov/2020:10:22:27 +0800] "GET /xingrg/javascript/jquery.timers.js HTTP/1.1" 304 -
172.17.0.120 - - [14/Nov/2020:10:22:27 +0800] "GET /xingrg/images/blue/jxLogo.png HTTP/1.1" 304 -
172.17.0.120 - - [14/Nov/2020:10:22:27 +0800] "GET /xingrg/images/blue/navBackgound.jpg HTTP/1.1" 304 -
172.17.0.120 - - [14/Nov/2020:10:22:27 +0800] "GET /xingrg/javascript/jquery_easy_ui/themes/icons/settle_new.png HTTP/1.1" 304 -
172.17.0.120 - - [14/Nov/2020:10:22:27 +0800] "POST /xingrg/all/common/load_tree.html?tree=area_rest_tree_json&manage=1 HTTP/1.1" 200 3350
172.17.0.120 - - [14/Nov/2020:10:22:27 +0800] "GET /xingrg/all/function/internal_message.html?_=1605320779248&CODE_STATE=count HTTP/1.1" 200 11
172.17.0.120 - - [14/Nov/2020:10:22:27 +0800] "GET /xingrg/check_reg.html?_=1605320779249 HTTP/1.1" 200 22
172.17.0.120 - - [14/Nov/2020:10:22:27 +0800] "GET /xingrg/javascript/jquery_easy_ui/themes/default/images/panel_tool_collapse.gif HTTP/1.1" 200 246
172.17.0.120 - - [14/Nov/2020:10:22:27 +0800] "GET /xingrg/javascript/jquery_easy_ui/themes/default/images/panel_tool_expand.gif HTTP/1.1" 304 -
172.17.0.120 - - [14/Nov/2020:10:22:27 +0800] "GET /xingrg/javascript/jquery_easy_ui/themes/default/images/tabs_leftarrow.png HTTP/1.1" 304 -
172.17.0.120 - - [14/Nov/2020:10:22:27 +0800] "GET /xingrg/images/blue/pingpu.png HTTP/1.1" 200 231
172.17.0.120 - - [14/Nov/2020:10:22:27 +0800] "GET /xingrg/javascript/jquery_easy_ui/themes/default/images/tabs_rightarrow.png HTTP/1.1" 304 -
172.17.0.120 - - [14/Nov/2020:10:22:27 +0800] "POST /xingrg/load_menu.html HTTP/1.1" 200 9924
101.85.228.137 - - [14/Nov/2020:10:22:27 +0800] "GET /xingrg/kc/buy/cgsh_order_add.html HTTP/1.1" 200 60638
172.17.0.120 - - [14/Nov/2020:10:22:28 +0800] "GET /xingrg/kc/buy/buy_main.html HTTP/1.1" 200 12377
172.17.0.120 - - [14/Nov/2020:10:22:28 +0800] "GET /xingrg/css/new_ie.css HTTP/1.1" 404 1036
101.85.228.137 - - [14/Nov/2020:10:22:28 +0800] "POST /xingrg/kc/buy/cgsh_order_operate.html HTTP/1.1" 200 8245
172.17.0.120 - - [14/Nov/2020:10:22:28 +0800] "GET /xingrg/images/yd/bt.gif HTTP/1.1" 404 1040
172.17.0.120 - - [14/Nov/2020:10:22:28 +0800] "GET /xingrg/kc/buy/cgsh_order_list.html HTTP/1.1" 200 45177
101.85.228.137 - - [14/Nov/2020:10:22:28 +0800] "GET /xingrg/javascript/easyui/themes/default/validatebox.css HTTP/1.1" 404 1104
172.17.0.120 - - [14/Nov/2020:10:22:29 +0800] "POST /xingrg/kc/buy/cgsh_list_operate.html HTTP/1.1" 200 876
101.85.228.137 - - [14/Nov/2020:10:22:30 +0800] "GET /xingrg/javascript/easyui/themes/default/tree.css HTTP/1.1" 404 1090
101.85.228.137 - - [14/Nov/2020:10:22:30 +0800] "POST /xingrg/all/common/load_tree.html?tree=supplier_tree_json&isDelete=1 HTTP/1.1" 200 51855
172.17.0.120 - - [14/Nov/2020:10:22:32 +0800] "GET /xingrg/javascript/jquery_tools/images/prev.gif HTTP/1.1" 404 1086
172.17.0.120 - - [14/Nov/2020:10:22:32 +0800] "GET /xingrg/javascript/jquery_tools/images/next.gif HTTP/1.1" 404 1086
180.162.245.190 - - [14/Nov/2020:10:22:33 +0800] "GET /xingrg/kc/buy/cgsh_order_operate.html?command=get_materiel&rest_code=00105&code=00101003066&supplier_code=00100091&order_time=2020-11-14 HTTP/1.1" 200 412
114.88.166.242 - - [14/Nov/2020:10:22:33 +0800] "GET /xingrg/kc/buy/cgsh_order_add.html HTTP/1.1" 200 60679
180.162.245.190 - - [14/Nov/2020:10:22:33 +0800] "GET /xingrg/check_reg.html?_=1605320533004 HTTP/1.1" 200 22
180.162.245.190 - - [14/Nov/2020:10:22:33 +0800] "GET /xingrg/all/function/internal_message.html?_=1605320533007&CODE_STATE=getMsg HTTP/1.1" 200 27
114.84.145.85 - - [14/Nov/2020:10:22:34 +0800] "GET /xingrg/all/function/internal_message.html?_=1605320139316&CODE_STATE=getMsg HTTP/1.1" 200 27
114.88.166.242 - - [14/Nov/2020:10:22:34 +0800] "POST /xingrg/kc/buy/cgsh_order_operate.html HTTP/1.1" 200 8245
114.88.166.242 - - [14/Nov/2020:10:22:34 +0800] "GET /xingrg/javascript/easyui/themes/default/validatebox.css HTTP/1.1" 404 1104
172.17.0.120 - - [14/Nov/2020:10:22:37 +0800] "GET /xingrg/javascript/auto/indicator.gif HTTP/1.1" 404 1066
101.85.228.137 - - [14/Nov/2020:10:22:40 +0800] "GET /xingrg/kc/buy/cgsh_order_operate.html?command=get_materiel&rest_code=00102&code=00101016080&supplier_code=00100031&order_time=2020-11-14 HTTP/1.1" 200 408
120.253.135.82 - - [14/Nov/2020:10:22:41 +0800] "GET /xingrg/check_reg.html?_=1605320600508 HTTP/1.1" 200 22
114.88.166.242 - - [14/Nov/2020:10:22:41 +0800] "GET /xingrg/kc/buy/cgsh_order_operate.html?command=get_materiel&rest_code=00111&code=00101003017&supplier_code=00100093&order_time=2020-11-14 HTTP/1.1" 200 424
101.85.228.137 - - [14/Nov/2020:10:22:41 +0800] "GET /xingrg/all/function/internal_message.html?_=1605320781408&CODE_STATE=getMsg HTTP/1.1" 200 27
172.17.0.120 - - [14/Nov/2020:10:22:42 +0800] "POST /xingrg/kc/buy/cgsh_list_operate.html HTTP/1.1" 200 876
114.84.37.38 - - [14/Nov/2020:10:22:44 +0800] "POST /xingrg/kc/buy/cgsh_order_operate.html HTTP/1.1" 200 37
172.17.0.120 - - [14/Nov/2020:10:22:44 +0800] "POST /xingrg/kc/buy/cgsh_list_operate.html HTTP/1.1" 200 876
114.84.37.38 - - [14/Nov/2020:10:22:45 +0800] "POST /xingrg/kc/buy/cgsh_order_operate.html HTTP/1.1" 200 2656
180.162.245.190 - - [14/Nov/2020:10:22:47 +0800] "POST /xingrg/kc/buy/cgsh_order_operate.html HTTP/1.1" 200 37
114.88.166.242 - - [14/Nov/2020:10:22:48 +0800] "GET /xingrg/all/function/internal_message.html?_=1605320671978&CODE_STATE=getMsg HTTP/1.1" 200 27
180.162.245.190 - - [14/Nov/2020:10:22:48 +0800] "POST /xingrg/kc/buy/cgsh_order_operate.html HTTP/1.1" 200 3864
180.162.245.190 - - [14/Nov/2020:10:22:49 +0800] "GET /xingrg/kc/print/load_data.html?order_code=212020111405412&kc_code=cgsh&condition= HTTP/1.1" 200 1214
114.88.166.242 - - [14/Nov/2020:10:22:51 +0800] "GET /xingrg/kc/buy/cgsh_order_operate.html?command=get_materiel&rest_code=00111&code=00101003016&supplier_code=00100093&order_time=2020-11-14 HTTP/1.1" 200 418
180.162.245.190 - - [14/Nov/2020:10:22:54 +0800] "GET /xingrg/kc/buy/cgsh_order_add.html HTTP/1.1" 200 60726
180.162.245.190 - - [14/Nov/2020:10:22:55 +0800] "GET /xingrg/javascript/easyui/themes/default/validatebox.css HTTP/1.1" 404 1104
180.162.245.190 - - [14/Nov/2020:10:22:55 +0800] "POST /xingrg/kc/buy/cgsh_order_operate.html HTTP/1.1" 200 8245
116.228.172.94 - - [14/Nov/2020:10:22:56 +0800] "GET /xingrg/kc/buy/cgsh_order_add.html HTTP/1.1" 200 60767
116.228.172.94 - - [14/Nov/2020:10:22:56 +0800] "GET /xingrg/javascript/easyui/themes/default/validatebox.css HTTP/1.1" 404 1104
116.228.172.94 - - [14/Nov/2020:10:22:56 +0800] "POST /xingrg/kc/buy/cgsh_order_operate.html HTTP/1.1" 200 8245
114.88.166.242 - - [14/Nov/2020:10:22:57 +0800] "POST /xingrg/kc/buy/cgsh_order_operate.html HTTP/1.1" 200 37
116.228.172.94 - - [14/Nov/2020:10:22:58 +0800] "GET /xingrg/javascript/easyui/themes/default/tree.css HTTP/1.1" 404 1090
114.88.166.242 - - [14/Nov/2020:10:22:58 +0800] "POST /xingrg/kc/buy/cgsh_order_operate.html HTTP/1.1" 200 3275
101.85.228.137 - - [14/Nov/2020:10:22:58 +0800] "GET /xingrg/kc/buy/cgsh_order_operate.html?command=get_materiel&rest_code=00102&code=00101020153&supplier_code=00100031&order_time=2020-11-14 HTTP/1.1" 200 408
116.228.172.94 - - [14/Nov/2020:10:22:58 +0800] "POST /xingrg/all/common/load_tree.html?tree=supplier_tree_json&isDelete=1 HTTP/1.1" 200 51855
114.88.166.242 - - [14/Nov/2020:10:22:59 +0800] "GET /xingrg/kc/print/load_data.html?order_code=212020111405413&kc_code=cgsh&condition= HTTP/1.1" 200 982
120.253.135.82 - - [14/Nov/2020:10:22:59 +0800] "GET /xingrg/all/function/internal_message.html?_=1605320619369&CODE_STATE=getMsg HTTP/1.1" 200 27
116.228.172.94 - - [14/Nov/2020:10:23:03 +0800] "GET /xingrg/kc/buy/buy_main.html HTTP/1.1" 200 12412
116.228.172.94 - - [14/Nov/2020:10:23:03 +0800] "GET /xingrg/css/new_ie.css HTTP/1.1" 404 1036
114.88.166.242 - - [14/Nov/2020:10:23:03 +0800] "GET /xingrg/kc/buy/cgsh_order_add.html HTTP/1.1" 200 60679
114.88.166.242 - - [14/Nov/2020:10:23:03 +0800] "POST /xingrg/kc/buy/cgsh_order_operate.html HTTP/1.1" 200 8245
114.88.166.242 - - [14/Nov/2020:10:23:03 +0800] "GET /xingrg/javascript/easyui/themes/default/validatebox.css HTTP/1.1" 404 1104
116.228.172.94 - - [14/Nov/2020:10:23:04 +0800] "GET /xingrg/images/yd/bt.gif HTTP/1.1" 404 1040
116.228.172.94 - - [14/Nov/2020:10:23:04 +0800] "GET /xingrg/kc/buy/cgsh_order_list.html HTTP/1.1" 200 44947
114.84.37.38 - - [14/Nov/2020:10:23:05 +0800] "GET /xingrg/kc/buy/cgsh_order_list.html HTTP/1.1" 200 44947
180.162.245.190 - - [14/Nov/2020:10:23:06 +0800] "GET /xingrg/kc/buy/cgsh_order_operate.html?command=get_materiel&rest_code=00105&code=00101006001&supplier_code=00100404&order_time=2020-11-14 HTTP/1.1" 200 428
116.228.172.94 - - [14/Nov/2020:10:23:06 +0800] "POST /xingrg/kc/buy/cgsh_list_operate.html HTTP/1.1" 200 5077
114.84.37.38 - - [14/Nov/2020:10:23:07 +0800] "POST /xingrg/kc/buy/cgsh_list_operate.html HTTP/1.1" 200 3860
172.17.0.101 - - [14/Nov/2020:10:23:07 +0800] "GET /xingrg/all/function/internal_message.html?_=1605320586134&CODE_STATE=getMsg HTTP/1.1" 200 27
180.174.56.115 - - [14/Nov/2020:10:23:08 +0800] "GET /xingrg/all/function/internal_message.html?_=1605320562180&CODE_STATE=getMsg HTTP/1.1" 200 27
114.88.166.242 - - [14/Nov/2020:10:23:08 +0800] "GET /xingrg/kc/buy/cgsh_order_operate.html?command=get_materiel&rest_code=00111&code=00101001140&supplier_code=00100090&order_time=2020-11-14 HTTP/1.1" 200 415
116.228.172.94 - - [14/Nov/2020:10:23:09 +0800] "POST /xingrg/kc/buy/cgsh_list_operate.html HTTP/1.1" 200 1870
114.86.224.137 - - [14/Nov/2020:10:23:09 +0800] "GET /xingrg/check_reg.html?_=1605320649229 HTTP/1.1" 200 22
114.86.224.137 - - [14/Nov/2020:10:23:09 +0800] "GET /xingrg/all/function/internal_message.html?_=1605320649229&CODE_STATE=getMsg HTTP/1.1" 200 27
114.84.37.38 - - [14/Nov/2020:10:23:10 +0800] "GET /xingrg/kc/buy/cgsh_order_add.html HTTP/1.1" 200 60685
101.85.228.137 - - [14/Nov/2020:10:23:10 +0800] "GET /xingrg/kc/buy/cgsh_order_operate.html?command=get_materiel&rest_code=00102&code=00101012025&supplier_code=00100031&order_time=2020-11-14 HTTP/1.1" 200 412
222.69.139.106 - - [14/Nov/2020:10:23:11 +0800] "GET /xingrg/check_reg.html?_=1605320584048 HTTP/1.1" 200 22
222.69.139.106 - - [14/Nov/2020:10:23:11 +0800] "GET /xingrg/all/function/internal_message.html?_=1605320584051&CODE_STATE=getMsg HTTP/1.1" 200 27
114.84.37.38 - - [14/Nov/2020:10:23:11 +0800] "POST /xingrg/kc/buy/cgsh_order_operate.html HTTP/1.1" 200 8245
114.84.37.38 - - [14/Nov/2020:10:23:11 +0800] "GET /xingrg/javascript/easyui/themes/default/validatebox.css HTTP/1.1" 404 1104
116.228.172.94 - - [14/Nov/2020:10:23:11 +0800] "GET /xingrg/kc/buy/cgsh_order_add.html HTTP/1.1" 200 60767
114.84.37.38 - - [14/Nov/2020:10:23:11 +0800] "GET /xingrg/all/function/internal_message.html?_=1605320614568&CODE_STATE=getMsg HTTP/1.1" 200 27
172.17.0.120 - - [14/Nov/2020:10:23:12 +0800] "POST /xingrg/kc/buy/cgsh_list_operate.html HTTP/1.1" 200 876
116.228.172.94 - - [14/Nov/2020:10:23:12 +0800] "GET /xingrg/javascript/easyui/themes/default/validatebox.css HTTP/1.1" 404 1104
116.228.172.94 - - [14/Nov/2020:10:23:12 +0800] "POST /xingrg/kc/buy/cgsh_order_operate.html HTTP/1.1" 200 8245
120.253.135.82 - - [14/Nov/2020:10:23:15 +0800] "GET /xingrg/all/function/internal_message.html?_=1605320340762&CODE_STATE=getMsg HTTP/1.1" 200 27
114.88.166.242 - - [14/Nov/2020:10:23:16 +0800] "GET /xingrg/kc/buy/cgsh_order_operate.html?command=get_materiel&rest_code=00111&code=00101001125&supplier_code=00100090&order_time=2020-11-14 HTTP/1.1" 200 413
116.228.172.94 - - [14/Nov/2020:10:23:16 +0800] "GET /xingrg/javascript/easyui/themes/default/tree.css HTTP/1.1" 404 1090
116.228.172.94 - - [14/Nov/2020:10:23:16 +0800] "POST /xingrg/all/common/load_tree.html?tree=supplier_tree_json&isDelete=1 HTTP/1.1" 200 51855
114.84.37.38 - - [14/Nov/2020:10:23:17 +0800] "GET /xingrg/check_reg.html?_=1605320619950 HTTP/1.1" 200 22
117.184.7.30 - - [14/Nov/2020:10:23:20 +0800] "GET /xingrg/all/function/internal_message.html?_=1605320585844&CODE_STATE=getMsg HTTP/1.1" 200 27
114.88.166.242 - - [14/Nov/2020:10:23:21 +0800] "POST /xingrg/kc/buy/cgsh_order_operate.html HTTP/1.1" 200 37
116.228.172.94 - - [14/Nov/2020:10:23:21 +0800] "GET /xingrg/all/function/internal_message.html?_=1605320589755&CODE_STATE=getMsg HTTP/1.1" 200 27
116.228.172.94 - - [14/Nov/2020:10:23:21 +0800] "GET /xingrg/check_reg.html?_=1605320589826 HTTP/1.1" 200 22
114.88.166.242 - - [14/Nov/2020:10:23:22 +0800] "POST /xingrg/kc/buy/cgsh_order_operate.html HTTP/1.1" 200 3257
114.88.166.242 - - [14/Nov/2020:10:23:23 +0800] "GET /xingrg/kc/print/load_data.html?order_code=212020111405414&kc_code=cgsh&condition= HTTP/1.1" 200 968
101.85.95.39 - - [14/Nov/2020:10:23:26 +0800] "GET /xingrg/all/function/internal_message.html?_=1605320348817&CODE_STATE=getMsg HTTP/1.1" 200 27
172.17.0.120 - - [14/Nov/2020:10:23:27 +0800] "GET /xingrg/all/function/internal_message.html?_=1605320839254&CODE_STATE=getMsg HTTP/1.1" 200 27
116.228.172.94 - - [14/Nov/2020:10:23:31 +0800] "GET /xingrg/javascript/auto/indicator.gif HTTP/1.1" 404 1066
101.85.228.137 - - [14/Nov/2020:10:23:31 +0800] "GET /xingrg/kc/buy/cgsh_order_operate.html?command=get_materiel&rest_code=00102&code=00101016038&supplier_code=00100031&order_time=2020-11-14 HTTP/1.1" 200 408
180.162.245.190 - - [14/Nov/2020:10:23:33 +0800] "GET /xingrg/all/function/internal_message.html?_=1605320592991&CODE_STATE=getMsg HTTP/1.1" 200 27
114.84.145.85 - - [14/Nov/2020:10:23:34 +0800] "GET /xingrg/all/function/internal_message.html?_=1605320199297&CODE_STATE=getMsg HTTP/1.1" 200 27
101.85.228.137 - - [14/Nov/2020:10:23:41 +0800] "GET /xingrg/check_reg.html?_=1605320841458 HTTP/1.1" 200 22
101.85.228.137 - - [14/Nov/2020:10:23:41 +0800] "GET /xingrg/all/function/internal_message.html?_=1605320841459&CODE_STATE=getMsg HTTP/1.1" 200 27
101.85.228.137 - - [14/Nov/2020:10:23:46 +0800] "POST /xingrg/kc/buy/cgsh_order_operate.html HTTP/1.1" 200 37
114.88.166.242 - - [14/Nov/2020:10:23:48 +0800] "GET /xingrg/all/function/internal_message.html?_=1605320731990&CODE_STATE=getMsg HTTP/1.1" 200 27
114.88.166.242 - - [14/Nov/2020:10:23:48 +0800] "GET /xingrg/check_reg.html?_=1605320731993 HTTP/1.1" 200 22
180.162.245.190 - - [14/Nov/2020:10:23:48 +0800] "GET /xingrg/all/function/internal_message.html?_=1605320625158&CODE_STATE=getMsg HTTP/1.1" 200 27
101.85.228.137 - - [14/Nov/2020:10:23:51 +0800] "POST /xingrg/kc/buy/cgsh_order_operate.html HTTP/1.1" 200 12
101.85.228.137 - - [14/Nov/2020:10:23:54 +0800] "GET /xingrg/kc/buy/cgsh_order_info.html?code=212020111405415 HTTP/1.1" 200 55541
101.85.228.137 - - [14/Nov/2020:10:23:54 +0800] "GET /xingrg/javascript/easyui/themes/default/validatebox.css HTTP/1.1" 404 1104
101.85.228.137 - - [14/Nov/2020:10:23:55 +0800] "POST /xingrg/kc/buy/cgsh_order_operate.html HTTP/1.1" 200 2956
117.184.7.26 - - [14/Nov/2020:10:23:55 +0800] "GET /xingrg/check_reg.html?_=1605320620943 HTTP/1.1" 200 22
180.162.245.190 - - [14/Nov/2020:10:23:58 +0800] "GET /xingrg/kc/buy/cgsh_order_list.html HTTP/1.1" 200 44941
101.85.228.137 - - [14/Nov/2020:10:23:58 +0800] "GET /xingrg/kc/print/load_data.html?order_code=212020111405415&kc_code=cgsh&condition= HTTP/1.1" 200 1581
114.84.37.38 - - [14/Nov/2020:10:23:58 +0800] "GET /xingrg/kc/buy/cgsh_order_operate.html?command=get_materiel&rest_code=00146&code=00101006161&supplier_code=00100041&order_time=2020-11-14 HTTP/1.1" 200 409
180.162.245.190 - - [14/Nov/2020:10:23:59 +0800] "POST /xingrg/kc/buy/cgsh_list_operate.html HTTP/1.1" 200 5158
120.253.135.82 - - [14/Nov/2020:10:23:59 +0800] "GET /xingrg/all/function/internal_message.html?_=1605320679382&CODE_STATE=getMsg HTTP/1.1" 200 27
180.162.245.190 - - [14/Nov/2020:10:24:01 +0800] "GET /xingrg/kc/buy/cgsh_order_add.html HTTP/1.1" 200 60726
180.162.245.190 - - [14/Nov/2020:10:24:01 +0800] "GET /xingrg/javascript/easyui/themes/default/validatebox.css HTTP/1.1" 404 1104
180.162.245.190 - - [14/Nov/2020:10:24:01 +0800] "POST /xingrg/kc/buy/cgsh_order_operate.html HTTP/1.1" 200 8245
116.228.172.94 - - [14/Nov/2020:10:24:04 +0800] "GET /xingrg/kc/buy/cgsh_order_operate.html?command=get_materiel&rest_code=00107&code=00101004030&supplier_code=00100312&order_time=2020-11-14 HTTP/1.1" 200 408
101.85.228.137 - - [14/Nov/2020:10:24:06 +0800] "GET /xingrg/kc/buy/cgsh_order_add.html HTTP/1.1" 200 60638
101.85.228.137 - - [14/Nov/2020:10:24:07 +0800] "POST /xingrg/kc/buy/cgsh_order_operate.html HTTP/1.1" 200 8245
172.17.0.101 - - [14/Nov/2020:10:24:07 +0800] "GET /xingrg/all/function/internal_message.html?_=1605320646133&CODE_STATE=getMsg HTTP/1.1" 200 27
101.85.228.137 - - [14/Nov/2020:10:24:07 +0800] "GET /xingrg/javascript/easyui/themes/default/validatebox.css HTTP/1.1" 404 1104
180.174.56.115 - - [14/Nov/2020:10:24:08 +0800] "GET /xingrg/all/function/internal_message.html?_=1605320622193&CODE_STATE=getMsg HTTP/1.1" 200 27
114.86.224.137 - - [14/Nov/2020:10:24:09 +0800] "GET /xingrg/all/function/internal_message.html?_=1605320709234&CODE_STATE=getMsg HTTP/1.1" 200 27
222.69.139.106 - - [14/Nov/2020:10:24:11 +0800] "GET /xingrg/all/function/internal_message.html?_=1605320644054&CODE_STATE=getMsg HTTP/1.1" 200 27
116.228.172.94 - - [14/Nov/2020:10:24:11 +0800] "GET /xingrg/kc/buy/cgsh_order_operate.html?command=get_materiel&rest_code=00107&code=00101004020&supplier_code=00100312&order_time=2020-11-14 HTTP/1.1" 200 409
114.84.37.38 - - [14/Nov/2020:10:24:11 +0800] "GET /xingrg/all/function/internal_message.html?_=1605320674580&CODE_STATE=getMsg HTTP/1.1" 200 27
101.85.228.137 - - [14/Nov/2020:10:24:12 +0800] "GET /xingrg/javascript/easyui/themes/default/tree.css HTTP/1.1" 404 1090
101.85.228.137 - - [14/Nov/2020:10:24:12 +0800] "POST /xingrg/all/common/load_tree.html?tree=supplier_tree_json&isDelete=1 HTTP/1.1" 200 51855
114.84.37.38 - - [14/Nov/2020:10:24:15 +0800] "GET /xingrg/kc/buy/cgsh_order_operate.html?command=get_materiel&rest_code=00146&code=00101001075&supplier_code=00100041&order_time=2020-11-14 HTTP/1.1" 200 409
120.253.135.82 - - [14/Nov/2020:10:24:15 +0800] "GET /xingrg/all/function/internal_message.html?_=1605320400776&CODE_STATE=getMsg HTTP/1.1" 200 27
117.184.7.30 - - [14/Nov/2020:10:24:20 +0800] "GET /xingrg/all/function/internal_message.html?_=1605320645845&CODE_STATE=getMsg HTTP/1.1" 200 27
116.228.172.94 - - [14/Nov/2020:10:24:21 +0800] "GET /xingrg/all/function/internal_message.html?_=1605320649739&CODE_STATE=getMsg HTTP/1.1" 200 27
116.228.172.94 - - [14/Nov/2020:10:24:21 +0800] "GET /xingrg/kc/buy/cgsh_order_operate.html?command=get_materiel&rest_code=00107&code=00101008010&supplier_code=00100312&order_time=2020-11-14 HTTP/1.1" 200 412
101.85.228.137 - - [14/Nov/2020:10:24:24 +0800] "GET /xingrg/kc/buy/cgsh_order_operate.html?command=get_materiel&rest_code=00102&code=00101015037&supplier_code=00100054&order_time=2020-11-14 HTTP/1.1" 200 412
101.85.95.39 - - [14/Nov/2020:10:24:26 +0800] "GET /xingrg/check_reg.html?_=1605320408816 HTTP/1.1" 200 22
101.85.95.39 - - [14/Nov/2020:10:24:26 +0800] "GET /xingrg/all/function/internal_message.html?_=1605320408819&CODE_STATE=getMsg HTTP/1.1" 200 27
172.17.0.120 - - [14/Nov/2020:10:24:27 +0800] "GET /xingrg/all/function/internal_message.html?_=1605320899257&CODE_STATE=getMsg HTTP/1.1" 200 27
116.228.172.94 - - [14/Nov/2020:10:24:28 +0800] "GET /xingrg/kc/buy/cgsh_order_operate.html?command=get_materiel&rest_code=00107&code=00101004004&supplier_code=00100312&order_time=2020-11-14 HTTP/1.1" 200 413
180.162.245.190 - - [14/Nov/2020:10:24:33 +0800] "GET /xingrg/all/function/internal_message.html?_=1605320653005&CODE_STATE=getMsg HTTP/1.1" 200 27
114.84.145.85 - - [14/Nov/2020:10:24:33 +0800] "GET /xingrg/all/function/internal_message.html?_=1605320259273&CODE_STATE=getMsg HTTP/1.1" 200 27
180.162.245.190 - - [14/Nov/2020:10:24:39 +0800] "POST /xingrg/kc/buy/cgsh_order_operate.html HTTP/1.1" 200 37
180.162.245.190 - - [14/Nov/2020:10:24:40 +0800] "POST /xingrg/kc/buy/cgsh_order_operate.html HTTP/1.1" 200 2675
101.85.228.137 - - [14/Nov/2020:10:24:40 +0800] "GET /xingrg/kc/buy/cgsh_order_operate.html?command=get_materiel&rest_code=00102&code=00101015042&supplier_code=00100054&order_time=2020-11-14 HTTP/1.1" 200 408
180.162.245.190 - - [14/Nov/2020:10:24:40 +0800] "GET /xingrg/kc/print/load_data.html?order_code=212020111405416&kc_code=cgsh&condition= HTTP/1.1" 200 703
101.85.228.137 - - [14/Nov/2020:10:24:41 +0800] "GET /xingrg/all/function/internal_message.html?_=1605320901464&CODE_STATE=getMsg HTTP/1.1" 200 27
180.162.245.190 - - [14/Nov/2020:10:24:44 +0800] "GET /xingrg/kc/buy/cgsh_order_add.html HTTP/1.1" 200 60726
180.162.245.190 - - [14/Nov/2020:10:24:44 +0800] "GET /xingrg/javascript/easyui/themes/default/validatebox.css HTTP/1.1" 404 1104
180.162.245.190 - - [14/Nov/2020:10:24:44 +0800] "POST /xingrg/kc/buy/cgsh_order_operate.html HTTP/1.1" 200 8245
116.228.172.94 - - [14/Nov/2020:10:24:45 +0800] "GET /xingrg/kc/buy/cgsh_order_operate.html?command=get_materiel&rest_code=00107&code=00101004023&supplier_code=00100312&order_time=2020-11-14 HTTP/1.1" 200 411
101.85.228.137 - - [14/Nov/2020:10:24:47 +0800] "POST /xingrg/kc/buy/cgsh_order_operate.html HTTP/1.1" 200 37
114.88.166.242 - - [14/Nov/2020:10:24:48 +0800] "GET /xingrg/all/function/internal_message.html?_=1605320791982&CODE_STATE=getMsg HTTP/1.1" 200 27
180.162.245.190 - - [14/Nov/2020:10:24:48 +0800] "GET /xingrg/all/function/internal_message.html?_=1605320685136&CODE_STATE=getMsg HTTP/1.1" 200 27
101.85.228.137 - - [14/Nov/2020:10:24:49 +0800] "POST /xingrg/kc/buy/cgsh_order_operate.html HTTP/1.1" 200 12
101.85.228.137 - - [14/Nov/2020:10:24:50 +0800] "GET /xingrg/kc/buy/cgsh_order_info.html?code=212020111405417 HTTP/1.1" 200 55537
101.85.228.137 - - [14/Nov/2020:10:24:51 +0800] "GET /xingrg/javascript/easyui/themes/default/validatebox.css HTTP/1.1" 404 1104
101.85.228.137 - - [14/Nov/2020:10:24:51 +0800] "POST /xingrg/kc/buy/cgsh_order_operate.html HTTP/1.1" 200 1189
180.162.245.190 - - [14/Nov/2020:10:24:52 +0800] "GET /xingrg/kc/buy/cgsh_order_operate.html?command=get_materiel&rest_code=00105&code=00101009034&supplier_code=00100335&order_time=2020-11-14 HTTP/1.1" 200 428
114.84.37.38 - - [14/Nov/2020:10:24:53 +0800] "GET /xingrg/kc/buy/cgsh_order_operate.html?command=get_materiel&rest_code=00146&code=00101018011&supplier_code=00100041&order_time=2020-11-14 HTTP/1.1" 200 413
180.162.245.190 - - [14/Nov/2020:10:24:53 +0800] "POST /xingrg/all/common/load_select.html HTTP/1.1" 200 25
101.85.228.137 - - [14/Nov/2020:10:24:54 +0800] "GET /xingrg/kc/print/load_data.html?order_code=212020111405417&kc_code=cgsh&condition= HTTP/1.1" 200 895
180.162.245.190 - - [14/Nov/2020:10:24:57 +0800] "GET /xingrg/kc/buy/cgsh_order_operate.html?command=get_materiel_price&rest_code=00105&code=00101009034&unit_code=00100047&supplier_code=00100335&order_time=2020-11-14 HTTP/1.1" 200 28
120.253.135.82 - - [14/Nov/2020:10:24:59 +0800] "GET /xingrg/all/function/internal_message.html?_=1605320739404&CODE_STATE=getMsg HTTP/1.1" 200 27
114.86.224.137 - - [14/Nov/2020:10:25:07 +0800] "GET /xingrg/all/function/internal_message.html?_=1605320769234&CODE_STATE=getMsg HTTP/1.1" 200 27
180.174.56.115 - - [14/Nov/2020:10:25:07 +0800] "GET /xingrg/check_reg.html?_=1605320682003 HTTP/1.1" 200 22
172.17.0.101 - - [14/Nov/2020:10:25:07 +0800] "GET /xingrg/all/function/internal_message.html?_=1605320706137&CODE_STATE=getMsg HTTP/1.1" 200 27
180.174.56.115 - - [14/Nov/2020:10:25:08 +0800] "GET /xingrg/all/function/internal_message.html?_=1605320682206&CODE_STATE=getMsg HTTP/1.1" 200 27
222.69.139.106 - - [14/Nov/2020:10:25:11 +0800] "GET /xingrg/all/function/internal_message.html?_=1605320704046&CODE_STATE=getMsg HTTP/1.1" 200 27
114.84.37.38 - - [14/Nov/2020:10:25:11 +0800] "GET /xingrg/all/function/internal_message.html?_=1605320734610&CODE_STATE=getMsg HTTP/1.1" 200 27
116.228.172.94 - - [14/Nov/2020:10:25:12 +0800] "POST /xingrg/kc/buy/cgsh_order_operate.html HTTP/1.1" 200 37
180.162.245.190 - - [14/Nov/2020:10:25:12 +0800] "POST /xingrg/kc/buy/cgsh_order_operate.html HTTP/1.1" 200 88
120.253.135.82 - - [14/Nov/2020:10:25:15 +0800] "GET /xingrg/all/function/internal_message.html?_=1605320460801&CODE_STATE=getMsg HTTP/1.1" 200 27
117.184.7.30 - - [14/Nov/2020:10:25:20 +0800] "GET /xingrg/all/function/internal_message.html?_=1605320705848&CODE_STATE=getMsg HTTP/1.1" 200 27
