116.228.172.94 - - [14/Nov/2020:10:31:57 +0800] "POST /xingrg/all/common/load_tree.html?tree=supplier_tree_json&isDelete=1 HTTP/1.1" 200 51855
120.253.135.82 - - [14/Nov/2020:10:32:00 +0800] "GET /xingrg/all/function/internal_message.html?_=1605321159500&CODE_STATE=getMsg HTTP/1.1" 200 27
114.88.166.242 - - [14/Nov/2020:10:32:00 +0800] "GET /xingrg/kc/buy/cgsh_order_add.html HTTP/1.1" 200 60679
114.88.166.242 - - [14/Nov/2020:10:32:00 +0800] "GET /xingrg/javascript/easyui/themes/default/validatebox.css HTTP/1.1" 404 1104
114.88.166.242 - - [14/Nov/2020:10:32:00 +0800] "POST /xingrg/kc/buy/cgsh_order_operate.html HTTP/1.1" 200 8245
114.86.224.137 - - [14/Nov/2020:10:32:04 +0800] "GET /xingrg/all/function/internal_message.html?_=1605321188648&CODE_STATE=getMsg HTTP/1.1" 200 27
180.162.245.190 - - [14/Nov/2020:10:32:05 +0800] "GET /xingrg/kc/buy/cgsh_order_operate.html?command=get_materiel&rest_code=00105&code=00101001168&supplier_code=00100313&order_time=2020-11-14 HTTP/1.1" 200 414
172.17.0.101 - - [14/Nov/2020:10:32:07 +0800] "GET /xingrg/all/function/internal_message.html?_=1605321126166&CODE_STATE=getMsg HTTP/1.1" 200 27
172.17.0.101 - - [14/Nov/2020:10:32:07 +0800] "GET /xingrg/check_reg.html?_=1605321126169 HTTP/1.1" 200 22
180.174.56.115 - - [14/Nov/2020:10:32:08 +0800] "GET /xingrg/all/function/internal_message.html?_=1605321102317&CODE_STATE=getMsg HTTP/1.1" 200 27
114.88.166.242 - - [14/Nov/2020:10:32:08 +0800] "GET /xingrg/kc/buy/cgsh_order_operate.html?command=get_materiel&rest_code=00111&code=00101001093&supplier_code=00100319&order_time=2020-11-14 HTTP/1.1" 200 411
222.69.139.106 - - [14/Nov/2020:10:32:11 +0800] "GET /xingrg/all/function/internal_message.html?_=1605321124061&CODE_STATE=getMsg HTTP/1.1" 200 27
114.84.37.38 - - [14/Nov/2020:10:32:13 +0800] "GET /xingrg/all/function/internal_message.html?_=1605321156263&CODE_STATE=getMsg HTTP/1.1" 200 27
120.253.135.82 - - [14/Nov/2020:10:32:15 +0800] "GET /xingrg/check_reg.html?_=1605320880705 HTTP/1.1" 200 22
120.253.135.82 - - [14/Nov/2020:10:32:15 +0800] "GET /xingrg/all/function/internal_message.html?_=1605320880886&CODE_STATE=getMsg HTTP/1.1" 200 27
114.88.166.242 - - [14/Nov/2020:10:32:17 +0800] "POST /xingrg/kc/buy/cgsh_order_operate.html HTTP/1.1" 200 37
116.228.172.94 - - [14/Nov/2020:10:32:17 +0800] "GET /xingrg/kc/buy/cgsh_order_operate.html?command=get_materiel&rest_code=00107&code=00101008061&supplier_code=00100339&order_time=2020-11-14 HTTP/1.1" 200 423
180.162.245.190 - - [14/Nov/2020:10:32:17 +0800] "GET /xingrg/kc/buy/cgsh_order_operate.html?command=get_materiel&rest_code=00105&code=00101001135&supplier_code=00100313&order_time=2020-11-14 HTTP/1.1" 200 432
114.88.166.242 - - [14/Nov/2020:10:32:17 +0800] "POST /xingrg/kc/buy/cgsh_order_operate.html HTTP/1.1" 200 2658
114.88.166.242 - - [14/Nov/2020:10:32:18 +0800] "GET /xingrg/kc/print/load_data.html?order_code=212020111405447&kc_code=cgsh&condition= HTTP/1.1" 200 678
117.184.7.26 - - [14/Nov/2020:10:32:20 +0800] "GET /xingrg/all/function/internal_message.html?_=1605321125941&CODE_STATE=getMsg HTTP/1.1" 200 27
222.69.139.106 - - [14/Nov/2020:10:32:20 +0800] "GET /xingrg/kc/buy/cgsh_order_operate.html?command=get_materiel&rest_code=00149&code=00101009062&supplier_code=00100201&order_time=2020-11-14 HTTP/1.1" 200 412
116.228.172.94 - - [14/Nov/2020:10:32:23 +0800] "GET /xingrg/all/function/internal_message.html?_=1605321131116&CODE_STATE=getMsg HTTP/1.1" 200 27
114.88.166.242 - - [14/Nov/2020:10:32:25 +0800] "GET /xingrg/kc/buy/cgsh_order_add.html HTTP/1.1" 200 60679
114.88.166.242 - - [14/Nov/2020:10:32:25 +0800] "GET /xingrg/javascript/easyui/themes/default/validatebox.css HTTP/1.1" 404 1104
114.88.166.242 - - [14/Nov/2020:10:32:25 +0800] "POST /xingrg/kc/buy/cgsh_order_operate.html HTTP/1.1" 200 8245
116.228.172.94 - - [14/Nov/2020:10:32:26 +0800] "POST /xingrg/kc/buy/cgsh_order_operate.html HTTP/1.1" 200 37
101.85.95.39 - - [14/Nov/2020:10:32:26 +0800] "GET /xingrg/all/function/internal_message.html?_=1605320888811&CODE_STATE=getMsg HTTP/1.1" 200 27
172.17.0.120 - - [14/Nov/2020:10:32:27 +0800] "GET /xingrg/check_reg.html?_=1605321379265 HTTP/1.1" 200 22
172.17.0.120 - - [14/Nov/2020:10:32:27 +0800] "GET /xingrg/all/function/internal_message.html?_=1605321379267&CODE_STATE=getMsg HTTP/1.1" 200 27
116.228.172.94 - - [14/Nov/2020:10:32:27 +0800] "POST /xingrg/kc/buy/cgsh_order_operate.html HTTP/1.1" 200 2668
116.228.172.94 - - [14/Nov/2020:10:32:29 +0800] "GET /xingrg/kc/print/load_data.html?order_code=212020111405448&kc_code=cgsh&condition= HTTP/1.1" 200 679
180.162.245.190 - - [14/Nov/2020:10:32:29 +0800] "GET /xingrg/kc/buy/cgsh_order_operate.html?command=get_materiel&rest_code=00105&code=00101001033&supplier_code=00100313&order_time=2020-11-14 HTTP/1.1" 200 417
114.88.166.242 - - [14/Nov/2020:10:32:31 +0800] "GET /xingrg/kc/buy/cgsh_order_operate.html?command=get_materiel&rest_code=00111&code=00101001019&supplier_code=00100318&order_time=2020-11-14 HTTP/1.1" 200 414
222.69.139.106 - - [14/Nov/2020:10:32:32 +0800] "GET /xingrg/kc/buy/cgsh_order_operate.html?command=get_materiel&rest_code=00149&code=00101009016&supplier_code=00100201&order_time=2020-11-14 HTTP/1.1" 200 412
114.84.145.85 - - [14/Nov/2020:10:32:33 +0800] "GET /xingrg/all/function/internal_message.html?_=1605320739103&CODE_STATE=getMsg HTTP/1.1" 200 27
180.162.245.190 - - [14/Nov/2020:10:32:33 +0800] "GET /xingrg/check_reg.html?_=1605321132996 HTTP/1.1" 200 22
180.162.245.190 - - [14/Nov/2020:10:32:33 +0800] "GET /xingrg/all/function/internal_message.html?_=1605321132999&CODE_STATE=getMsg HTTP/1.1" 200 27
116.228.172.94 - - [14/Nov/2020:10:32:34 +0800] "GET /xingrg/kc/buy/cgsh_order_add.html HTTP/1.1" 200 60767
116.228.172.94 - - [14/Nov/2020:10:32:34 +0800] "POST /xingrg/kc/buy/cgsh_order_operate.html HTTP/1.1" 200 8245
116.228.172.94 - - [14/Nov/2020:10:32:35 +0800] "GET /xingrg/javascript/easyui/themes/default/validatebox.css HTTP/1.1" 404 1104
116.228.172.94 - - [14/Nov/2020:10:32:36 +0800] "GET /xingrg/javascript/easyui/themes/default/tree.css HTTP/1.1" 404 1090
116.228.172.94 - - [14/Nov/2020:10:32:36 +0800] "POST /xingrg/all/common/load_tree.html?tree=supplier_tree_json&isDelete=1 HTTP/1.1" 200 51855
114.88.166.242 - - [14/Nov/2020:10:32:37 +0800] "POST /xingrg/kc/buy/cgsh_order_operate.html HTTP/1.1" 200 37
114.88.166.242 - - [14/Nov/2020:10:32:37 +0800] "POST /xingrg/kc/buy/cgsh_order_operate.html HTTP/1.1" 200 2661
180.162.245.190 - - [14/Nov/2020:10:32:37 +0800] "GET /xingrg/kc/buy/cgsh_order_operate.html?command=get_materiel&rest_code=00105&code=00101001138&supplier_code=00100313&order_time=2020-11-14 HTTP/1.1" 200 433
114.88.166.242 - - [14/Nov/2020:10:32:38 +0800] "GET /xingrg/kc/print/load_data.html?order_code=212020111405449&kc_code=cgsh&condition= HTTP/1.1" 200 680
120.253.135.82 - - [14/Nov/2020:10:32:41 +0800] "GET /xingrg/check_reg.html?_=1605321200526 HTTP/1.1" 200 22
222.69.139.106 - - [14/Nov/2020:10:32:41 +0800] "GET /xingrg/kc/buy/cgsh_order_operate.html?command=get_materiel&rest_code=00149&code=00101009088&supplier_code=00100201&order_time=2020-11-14 HTTP/1.1" 200 391
101.85.228.137 - - [14/Nov/2020:10:32:42 +0800] "GET /xingrg/all/function/internal_message.html?_=1605321381992&CODE_STATE=getMsg HTTP/1.1" 200 27
114.88.166.242 - - [14/Nov/2020:10:32:42 +0800] "GET /xingrg/kc/buy/cgsh_order_add.html HTTP/1.1" 200 60679
114.88.166.242 - - [14/Nov/2020:10:32:42 +0800] "GET /xingrg/javascript/easyui/themes/default/validatebox.css HTTP/1.1" 404 1104
114.88.166.242 - - [14/Nov/2020:10:32:42 +0800] "POST /xingrg/kc/buy/cgsh_order_operate.html HTTP/1.1" 200 8245
114.88.166.242 - - [14/Nov/2020:10:32:48 +0800] "GET /xingrg/kc/buy/cgsh_order_operate.html?command=get_materiel&rest_code=00111&code=00101004067&supplier_code=00100312&order_time=2020-11-14 HTTP/1.1" 200 413
114.88.166.242 - - [14/Nov/2020:10:32:48 +0800] "GET /xingrg/all/function/internal_message.html?_=1605321272011&CODE_STATE=getMsg HTTP/1.1" 200 27
180.162.245.190 - - [14/Nov/2020:10:32:48 +0800] "GET /xingrg/all/function/internal_message.html?_=1605321164990&CODE_STATE=getMsg HTTP/1.1" 200 27
222.69.139.106 - - [14/Nov/2020:10:32:53 +0800] "GET /xingrg/kc/buy/cgsh_order_operate.html?command=get_materiel&rest_code=00149&code=00101009046&supplier_code=00100201&order_time=2020-11-14 HTTP/1.1" 200 408
180.162.245.190 - - [14/Nov/2020:10:32:53 +0800] "GET /xingrg/kc/buy/cgsh_order_operate.html?command=get_materiel&rest_code=00105&code=00101001106&supplier_code=00100313&order_time=2020-11-14 HTTP/1.1" 200 417
114.88.166.242 - - [14/Nov/2020:10:32:54 +0800] "GET /xingrg/kc/buy/cgsh_order_operate.html?command=get_materiel&rest_code=00111&code=00101004027&supplier_code=00100312&order_time=2020-11-14 HTTP/1.1" 200 409
116.228.172.94 - - [14/Nov/2020:10:32:55 +0800] "GET /xingrg/kc/buy/cgsh_order_operate.html?command=get_materiel&rest_code=00107&code=00101007144&supplier_code=00100322&order_time=2020-11-14 HTTP/1.1" 200 428
120.253.135.82 - - [14/Nov/2020:10:33:00 +0800] "GET /xingrg/all/function/internal_message.html?_=1605321219505&CODE_STATE=getMsg HTTP/1.1" 200 27
116.228.172.94 - - [14/Nov/2020:10:33:02 +0800] "POST /xingrg/kc/buy/cgsh_order_operate.html HTTP/1.1" 200 37
114.88.166.242 - - [14/Nov/2020:10:33:02 +0800] "GET /xingrg/kc/buy/cgsh_order_operate.html?command=get_materiel&rest_code=00111&code=00101004030&supplier_code=00100312&order_time=2020-11-14 HTTP/1.1" 200 408
180.162.245.190 - - [14/Nov/2020:10:33:02 +0800] "GET /xingrg/kc/buy/cgsh_order_operate.html?command=get_materiel&rest_code=00105&code=00101001162&supplier_code=00100313&order_time=2020-11-14 HTTP/1.1" 200 433
116.228.172.94 - - [14/Nov/2020:10:33:03 +0800] "POST /xingrg/kc/buy/cgsh_order_operate.html HTTP/1.1" 200 2679
114.86.224.137 - - [14/Nov/2020:10:33:04 +0800] "GET /xingrg/check_reg.html?_=1605321248641 HTTP/1.1" 200 22
114.86.224.137 - - [14/Nov/2020:10:33:04 +0800] "GET /xingrg/all/function/internal_message.html?_=1605321248641&CODE_STATE=getMsg HTTP/1.1" 200 27
116.228.172.94 - - [14/Nov/2020:10:33:05 +0800] "GET /xingrg/kc/print/load_data.html?order_code=212020111405450&kc_code=cgsh&condition= HTTP/1.1" 200 682
114.88.166.242 - - [14/Nov/2020:10:33:07 +0800] "GET /xingrg/kc/buy/cgsh_order_operate.html?command=get_materiel&rest_code=00111&code=00101001029&supplier_code=00100312&order_time=2020-11-14 HTTP/1.1" 200 415
172.17.0.101 - - [14/Nov/2020:10:33:07 +0800] "GET /xingrg/all/function/internal_message.html?_=1605321186195&CODE_STATE=getMsg HTTP/1.1" 200 27
180.174.56.115 - - [14/Nov/2020:10:33:08 +0800] "GET /xingrg/all/function/internal_message.html?_=1605321162341&CODE_STATE=getMsg HTTP/1.1" 200 27
116.228.172.94 - - [14/Nov/2020:10:33:09 +0800] "GET /xingrg/kc/buy/cgsh_order_add.html HTTP/1.1" 200 60767
116.228.172.94 - - [14/Nov/2020:10:33:10 +0800] "GET /xingrg/javascript/easyui/themes/default/validatebox.css HTTP/1.1" 404 1104
116.228.172.94 - - [14/Nov/2020:10:33:10 +0800] "POST /xingrg/kc/buy/cgsh_order_operate.html HTTP/1.1" 200 8245
180.162.245.190 - - [14/Nov/2020:10:33:10 +0800] "GET /xingrg/kc/buy/cgsh_order_operate.html?command=get_materiel&rest_code=00105&code=00101001096&supplier_code=00100313&order_time=2020-11-14 HTTP/1.1" 200 433
116.228.172.94 - - [14/Nov/2020:10:33:10 +0800] "GET /xingrg/javascript/easyui/themes/default/tree.css HTTP/1.1" 404 1090
116.228.172.94 - - [14/Nov/2020:10:33:11 +0800] "POST /xingrg/all/common/load_tree.html?tree=supplier_tree_json&isDelete=1 HTTP/1.1" 200 51855
222.69.139.106 - - [14/Nov/2020:10:33:11 +0800] "GET /xingrg/all/function/internal_message.html?_=1605321184065&CODE_STATE=getMsg HTTP/1.1" 200 27
222.69.139.106 - - [14/Nov/2020:10:33:11 +0800] "GET /xingrg/check_reg.html?_=1605321184069 HTTP/1.1" 200 22
114.88.166.242 - - [14/Nov/2020:10:33:13 +0800] "POST /xingrg/kc/buy/cgsh_order_operate.html HTTP/1.1" 200 37
114.84.37.38 - - [14/Nov/2020:10:33:14 +0800] "GET /xingrg/all/function/internal_message.html?_=1605321216991&CODE_STATE=getMsg HTTP/1.1" 200 27
114.88.166.242 - - [14/Nov/2020:10:33:14 +0800] "POST /xingrg/kc/buy/cgsh_order_operate.html HTTP/1.1" 200 4437
114.88.166.242 - - [14/Nov/2020:10:33:15 +0800] "GET /xingrg/kc/print/load_data.html?order_code=212020111405451&kc_code=cgsh&condition= HTTP/1.1" 200 1353
120.253.135.82 - - [14/Nov/2020:10:33:15 +0800] "GET /xingrg/all/function/internal_message.html?_=1605320940898&CODE_STATE=getMsg HTTP/1.1" 200 27
114.84.37.38 - - [14/Nov/2020:10:33:17 +0800] "GET /xingrg/check_reg.html?_=1605321219959 HTTP/1.1" 200 22
114.88.166.242 - - [14/Nov/2020:10:33:19 +0800] "GET /xingrg/kc/buy/cgsh_order_add.html HTTP/1.1" 200 60679
114.88.166.242 - - [14/Nov/2020:10:33:20 +0800] "GET /xingrg/javascript/easyui/themes/default/validatebox.css HTTP/1.1" 404 1104
114.88.166.242 - - [14/Nov/2020:10:33:20 +0800] "POST /xingrg/kc/buy/cgsh_order_operate.html HTTP/1.1" 200 8245
117.184.7.26 - - [14/Nov/2020:10:33:20 +0800] "GET /xingrg/all/function/internal_message.html?_=1605321185912&CODE_STATE=getMsg HTTP/1.1" 200 27
180.162.245.190 - - [14/Nov/2020:10:33:20 +0800] "GET /xingrg/kc/buy/cgsh_order_operate.html?command=get_materiel&rest_code=00105&code=00101001161&supplier_code=00100313&order_time=2020-11-14 HTTP/1.1" 200 409
116.228.172.94 - - [14/Nov/2020:10:33:21 +0800] "GET /xingrg/check_reg.html?_=1605321189780 HTTP/1.1" 200 22
116.228.172.94 - - [14/Nov/2020:10:33:23 +0800] "GET /xingrg/all/function/internal_message.html?_=1605321191087&CODE_STATE=getMsg HTTP/1.1" 200 27
222.69.139.106 - - [14/Nov/2020:10:33:25 +0800] "GET /xingrg/kc/buy/cgsh_order_operate.html?command=get_materiel&rest_code=00149&code=00101009107&supplier_code=00100201&order_time=2020-11-14 HTTP/1.1" 200 395
101.85.95.39 - - [14/Nov/2020:10:33:26 +0800] "GET /xingrg/all/function/internal_message.html?_=1605320948812&CODE_STATE=getMsg HTTP/1.1" 200 27
172.17.0.120 - - [14/Nov/2020:10:33:27 +0800] "GET /xingrg/all/function/internal_message.html?_=1605321439252&CODE_STATE=getMsg HTTP/1.1" 200 27
116.228.172.94 - - [14/Nov/2020:10:33:28 +0800] "GET /xingrg/kc/buy/cgsh_order_operate.html?command=get_materiel&rest_code=00107&code=00101004003&supplier_code=00100323&order_time=2020-11-14 HTTP/1.1" 200 410
180.162.245.190 - - [14/Nov/2020:10:33:29 +0800] "GET /xingrg/kc/buy/cgsh_order_operate.html?command=get_materiel&rest_code=00105&code=00101005066&supplier_code=00100313&order_time=2020-11-14 HTTP/1.1" 200 396
114.84.145.85 - - [14/Nov/2020:10:33:33 +0800] "GET /xingrg/all/function/internal_message.html?_=1605320799079&CODE_STATE=getMsg HTTP/1.1" 200 27
180.162.245.190 - - [14/Nov/2020:10:33:33 +0800] "GET /xingrg/all/function/internal_message.html?_=1605321193001&CODE_STATE=getMsg HTTP/1.1" 200 27
180.162.245.190 - - [14/Nov/2020:10:33:38 +0800] "GET /xingrg/kc/buy/cgsh_order_operate.html?command=get_materiel&rest_code=00105&code=00102026001&supplier_code=00100313&order_time=2020-11-14 HTTP/1.1" 200 409
101.85.228.137 - - [14/Nov/2020:10:33:42 +0800] "GET /xingrg/check_reg.html?_=1605321441859 HTTP/1.1" 200 22
101.85.228.137 - - [14/Nov/2020:10:33:42 +0800] "GET /xingrg/all/function/internal_message.html?_=1605321442006&CODE_STATE=getMsg HTTP/1.1" 200 27
117.185.32.26 - - [14/Nov/2020:10:33:42 +0800] "GET /xingrg/login.html HTTP/1.1" 200 7641
114.88.166.242 - - [14/Nov/2020:10:33:43 +0800] "GET /xingrg/kc/buy/cgsh_order_operate.html?command=get_materiel&rest_code=00111&code=00101008258&supplier_code=00100347&order_time=2020-11-14 HTTP/1.1" 200 416
114.88.166.242 - - [14/Nov/2020:10:33:48 +0800] "GET /xingrg/all/function/internal_message.html?_=1605321332010&CODE_STATE=getMsg HTTP/1.1" 200 27
114.88.166.242 - - [14/Nov/2020:10:33:48 +0800] "GET /xingrg/check_reg.html?_=1605321332009 HTTP/1.1" 200 22
180.162.245.190 - - [14/Nov/2020:10:33:48 +0800] "GET /xingrg/all/function/internal_message.html?_=1605321224970&CODE_STATE=getMsg HTTP/1.1" 200 27
114.88.166.242 - - [14/Nov/2020:10:33:48 +0800] "GET /xingrg/kc/buy/cgsh_order_operate.html?command=get_materiel&rest_code=00111&code=00101012046&supplier_code=00100347&order_time=2020-11-14 HTTP/1.1" 200 417
117.185.32.26 - - [14/Nov/2020:10:33:48 +0800] "GET /favicon.ico HTTP/1.1" 404 -
117.185.32.26 - - [14/Nov/2020:10:33:51 +0800] "POST /xingrg/login.do HTTP/1.1" 302 -
117.185.32.26 - - [14/Nov/2020:10:33:51 +0800] "GET /xingrg/index.html?sysBaseUrl=http%3A%2F%2F180.169.147.146%3A18081%2Fxingrg%2F&costTime=41×tamp=1605321231532 HTTP/1.1" 200 17173
180.162.245.190 - - [14/Nov/2020:10:33:52 +0800] "POST /xingrg/kc/buy/cgsh_order_operate.html HTTP/1.1" 200 37
117.185.32.26 - - [14/Nov/2020:10:33:53 +0800] "GET /favicon.ico HTTP/1.1" 404 -
180.162.245.190 - - [14/Nov/2020:10:33:53 +0800] "POST /xingrg/kc/buy/cgsh_order_operate.html HTTP/1.1" 200 7429
117.185.32.26 - - [14/Nov/2020:10:33:53 +0800] "POST /xingrg/all/common/load_tree.html?tree=area_rest_tree_json&manage=1 HTTP/1.1" 200 342
180.162.245.190 - - [14/Nov/2020:10:33:54 +0800] "GET /xingrg/kc/print/load_data.html?order_code=212020111405452&kc_code=cgsh&condition= HTTP/1.1" 200 2501
117.185.32.26 - - [14/Nov/2020:10:33:54 +0800] "GET /xingrg/all/function/internal_message.html?_=1605321224299&CODE_STATE=count HTTP/1.1" 200 11
117.185.32.26 - - [14/Nov/2020:10:33:54 +0800] "GET /xingrg/check_reg.html?_=1605321224300 HTTP/1.1" 200 22
117.185.32.26 - - [14/Nov/2020:10:33:55 +0800] "POST /xingrg/load_menu.html HTTP/1.1" 200 5138
117.184.7.26 - - [14/Nov/2020:10:33:55 +0800] "GET /xingrg/check_reg.html?_=1605321220927 HTTP/1.1" 200 22
180.171.125.150 - - [14/Nov/2020:10:33:55 +0800] "GET /favicon.ico HTTP/1.1" 404 -
222.69.139.106 - - [14/Nov/2020:10:33:56 +0800] "GET /xingrg/kc/buy/cgsh_order_operate.html?command=get_materiel&rest_code=00149&code=00101009013&supplier_code=00100201&order_time=2020-11-14 HTTP/1.1" 200 420
114.88.166.242 - - [14/Nov/2020:10:33:57 +0800] "GET /xingrg/kc/buy/cgsh_order_operate.html?command=get_materiel&rest_code=00111&code=00101020225&supplier_code=00100347&order_time=2020-11-14 HTTP/1.1" 200 403
117.185.32.26 - - [14/Nov/2020:10:33:57 +0800] "GET /xingrg/kc/buy/buy_main.html HTTP/1.1" 200 12412
117.185.32.26 - - [14/Nov/2020:10:33:57 +0800] "GET /xingrg/css/new_ie.css HTTP/1.1" 404 1036
117.185.32.26 - - [14/Nov/2020:10:33:57 +0800] "GET /xingrg/javascript/jquery_ui/themes/humanity/humanity.css HTTP/1.1" 304 -
117.185.32.26 - - [14/Nov/2020:10:33:58 +0800] "GET /xingrg/javascript/jquery_ui/jquery-ui.min.js HTTP/1.1" 304 -
120.253.135.82 - - [14/Nov/2020:10:34:00 +0800] "GET /xingrg/all/function/internal_message.html?_=1605321279517&CODE_STATE=getMsg HTTP/1.1" 200 27
180.171.125.150 - - [14/Nov/2020:10:34:00 +0800] "GET /xingrg/login.html HTTP/1.1" 200 7641
180.171.125.150 - - [14/Nov/2020:10:34:00 +0800] "GET /xingrg/images/blue/jxLogo.png HTTP/1.1" 200 6156
180.171.125.150 - - [14/Nov/2020:10:34:00 +0800] "GET /xingrg/images/blue/login_bg.png HTTP/1.1" 200 22101
180.171.125.150 - - [14/Nov/2020:10:34:00 +0800] "GET /xingrg/images/blue/hj.png HTTP/1.1" 200 1014
180.171.125.150 - - [14/Nov/2020:10:34:00 +0800] "GET /xingrg/images/blue/srbg.png HTTP/1.1" 200 138
180.171.125.150 - - [14/Nov/2020:10:34:00 +0800] "GET /favicon.ico HTTP/1.1" 404 -
116.228.172.94 - - [14/Nov/2020:10:34:01 +0800] "GET /xingrg/kc/buy/cgsh_order_operate.html?command=get_materiel&rest_code=00107&code=00101001109&supplier_code=00100323&order_time=2020-11-14 HTTP/1.1" 200 415
114.86.224.137 - - [14/Nov/2020:10:34:03 +0800] "GET /xingrg/all/function/internal_message.html?_=1605321308640&CODE_STATE=getMsg HTTP/1.1" 200 27
114.88.166.242 - - [14/Nov/2020:10:34:04 +0800] "GET /xingrg/kc/buy/cgsh_order_operate.html?command=get_materiel&rest_code=00111&code=00101008469&supplier_code=00100347&order_time=2020-11-14 HTTP/1.1" 200 398
117.185.32.26 - - [14/Nov/2020:10:34:05 +0800] "GET /xingrg/images/yd/bt.gif HTTP/1.1" 404 1040
117.185.32.26 - - [14/Nov/2020:10:34:06 +0800] "GET /xingrg/kc/buy/cgsh_order_list.html HTTP/1.1" 200 44941
117.185.32.26 - - [14/Nov/2020:10:34:06 +0800] "GET /xingrg/css/base.css HTTP/1.1" 304 -
117.185.32.26 - - [14/Nov/2020:10:34:06 +0800] "GET /xingrg/css/site.css HTTP/1.1" 304 -
117.185.32.26 - - [14/Nov/2020:10:34:06 +0800] "GET /xingrg/javascript/jquery_tools/datebox.css HTTP/1.1" 304 -
117.185.32.26 - - [14/Nov/2020:10:34:06 +0800] "GET /xingrg/javascript/easyui/themes/default/easyui.css HTTP/1.1" 304 -
117.185.32.26 - - [14/Nov/2020:10:34:06 +0800] "GET /xingrg/javascript/easyui/themes/icon.css HTTP/1.1" 304 -
117.185.32.26 - - [14/Nov/2020:10:34:06 +0800] "GET /xingrg/javascript/jquery_tools/fix.css HTTP/1.1" 304 -
117.185.32.26 - - [14/Nov/2020:10:34:06 +0800] "GET /xingrg/javascript/jquery_tools/jquery.tools.extend.js HTTP/1.1" 304 -
117.185.32.26 - - [14/Nov/2020:10:34:06 +0800] "GET /xingrg/javascript/jquery_tools/table.css HTTP/1.1" 304 -
117.185.32.26 - - [14/Nov/2020:10:34:06 +0800] "GET /xingrg/javascript/jquery_tools/jquery.tools.min.js HTTP/1.1" 304 -
117.185.32.26 - - [14/Nov/2020:10:34:06 +0800] "GET /xingrg/javascript/jquery_tools/jquery.tools.hotkey.js HTTP/1.1" 304 -
117.185.32.26 - - [14/Nov/2020:10:34:06 +0800] "GET /xingrg/javascript/jquery_tools/jquery.tools.table.js HTTP/1.1" 304 -
117.185.32.26 - - [14/Nov/2020:10:34:06 +0800] "GET /xingrg/javascript/jquery_tools/list_manager.js HTTP/1.1" 304 -
117.185.32.26 - - [14/Nov/2020:10:34:06 +0800] "GET /xingrg/javascript/easyui/easyloader.js HTTP/1.1" 304 -
117.185.32.26 - - [14/Nov/2020:10:34:06 +0800] "GET /xingrg/javascript/jquery.cookie.js HTTP/1.1" 304 -
222.69.139.106 - - [14/Nov/2020:10:34:07 +0800] "POST /xingrg/kc/buy/cgsh_order_operate.html HTTP/1.1" 200 37
172.17.0.101 - - [14/Nov/2020:10:34:07 +0800] "GET /xingrg/all/function/internal_message.html?_=1605321246178&CODE_STATE=getMsg HTTP/1.1" 200 27
180.174.56.115 - - [14/Nov/2020:10:34:08 +0800] "GET /xingrg/all/function/internal_message.html?_=1605321222344&CODE_STATE=getMsg HTTP/1.1" 200 27
117.185.32.26 - - [14/Nov/2020:10:34:08 +0800] "GET /xingrg/javascript/easyui/plugins/jquery.parser.js HTTP/1.1" 304 -
222.69.139.106 - - [14/Nov/2020:10:34:09 +0800] "POST /xingrg/kc/buy/cgsh_order_operate.html HTTP/1.1" 200 12
117.185.32.26 - - [14/Nov/2020:10:34:09 +0800] "POST /xingrg/kc/buy/cgsh_list_operate.html HTTP/1.1" 200 876
180.171.125.150 - - [14/Nov/2020:10:34:10 +0800] "POST /xingrg/login.do HTTP/1.1" 302 -
180.171.125.150 - - [14/Nov/2020:10:34:10 +0800] "GET /xingrg/index.html?sysBaseUrl=http%3A%2F%2F180.169.147.146%3A18081%2Fxingrg%2F&costTime=39×tamp=1605321250387 HTTP/1.1" 200 17503
180.171.125.150 - - [14/Nov/2020:10:34:10 +0800] "GET /xingrg/javascript/jquery_easy_ui/themes/default/easyui.css HTTP/1.1" 200 26500
180.171.125.150 - - [14/Nov/2020:10:34:10 +0800] "GET /xingrg/css/form.css HTTP/1.1" 200 893
180.171.125.150 - - [14/Nov/2020:10:34:10 +0800] "GET /xingrg/javascript/jquery_easy_ui/themes/icon.css HTTP/1.1" 200 3949
180.171.125.150 - - [14/Nov/2020:10:34:10 +0800] "GET /xingrg/javascript/jquery_easy_ui/jquery.easyui.min.js HTTP/1.1" 200 213662
180.171.125.150 - - [14/Nov/2020:10:34:10 +0800] "GET /xingrg/javascript/jquery-1.4.2.min.js HTTP/1.1" 200 72205
180.171.125.150 - - [14/Nov/2020:10:34:10 +0800] "GET /xingrg/javascript/jquery_easy_ui/easyui-lang-zh_CN.js HTTP/1.1" 200 1900
180.171.125.150 - - [14/Nov/2020:10:34:10 +0800] "GET /xingrg/javascript/jquery.timers.js HTTP/1.1" 200 3532
180.171.125.150 - - [14/Nov/2020:10:34:10 +0800] "GET /xingrg/javascript/jquery.form.js HTTP/1.1" 200 23110
180.171.125.150 - - [14/Nov/2020:10:34:10 +0800] "GET /xingrg/javascript/jquery.utils.js HTTP/1.1" 200 11805
180.171.125.150 - - [14/Nov/2020:10:34:10 +0800] "GET /xingrg/images/blue/navBackgound.jpg HTTP/1.1" 200 12378
180.171.125.150 - - [14/Nov/2020:10:34:10 +0800] "GET /xingrg/javascript/jquery_easy_ui/themes/icons/settle_new.png HTTP/1.1" 200 826
180.171.125.150 - - [14/Nov/2020:10:34:10 +0800] "POST /xingrg/all/common/load_tree.html?tree=area_rest_tree_json&manage=1 HTTP/1.1" 200 3350
180.171.125.150 - - [14/Nov/2020:10:34:10 +0800] "GET /xingrg/images/blue/pingpu.png HTTP/1.1" 200 231
180.171.125.150 - - [14/Nov/2020:10:34:10 +0800] "GET /xingrg/javascript/jquery_easy_ui/themes/default/images/tabs_leftarrow.png HTTP/1.1" 200 389
180.171.125.150 - - [14/Nov/2020:10:34:10 +0800] "GET /xingrg/javascript/jquery_easy_ui/themes/default/images/tabs_rightarrow.png HTTP/1.1" 200 395
180.171.125.150 - - [14/Nov/2020:10:34:10 +0800] "GET /xingrg/javascript/jquery_easy_ui/themes/default/images/panel_tool_expand.gif HTTP/1.1" 200 247
180.171.125.150 - - [14/Nov/2020:10:34:10 +0800] "GET /xingrg/javascript/jquery_easy_ui/themes/default/images/panel_tool_collapse.gif HTTP/1.1" 200 246
117.185.32.26 - - [14/Nov/2020:10:34:10 +0800] "GET /xingrg/javascript/jquery_tools/order_manager.js HTTP/1.1" 304 -
117.185.32.26 - - [14/Nov/2020:10:34:10 +0800] "GET /xingrg/javascript/convert.js HTTP/1.1" 304 -
117.185.32.26 - - [14/Nov/2020:10:34:10 +0800] "GET /xingrg/javascript/json2.js HTTP/1.1" 304 -
117.185.32.26 - - [14/Nov/2020:10:34:10 +0800] "GET /xingrg/kc/buy/cgsh_order_add.html HTTP/1.1" 200 60685
180.171.125.150 - - [14/Nov/2020:10:34:10 +0800] "GET /xingrg/all/function/internal_message.html?_=1605321248074&CODE_STATE=count HTTP/1.1" 200 11
180.171.125.150 - - [14/Nov/2020:10:34:10 +0800] "GET /xingrg/check_reg.html?_=1605321248077 HTTP/1.1" 200 22
117.185.32.26 - - [14/Nov/2020:10:34:10 +0800] "GET /xingrg/words/20201114091825_words.js HTTP/1.1" 200 775519
180.171.125.150 - - [14/Nov/2020:10:34:10 +0800] "GET /favicon.ico HTTP/1.1" 404 -
180.171.125.150 - - [14/Nov/2020:10:34:10 +0800] "POST /xingrg/load_menu.html HTTP/1.1" 200 11564
180.171.125.150 - - [14/Nov/2020:10:34:10 +0800] "GET /xingrg/javascript/jquery_easy_ui/themes/default/images/tree_arrows.gif HTTP/1.1" 200 1043
180.171.125.150 - - [14/Nov/2020:10:34:11 +0800] "GET /xingrg/javascript/jquery_easy_ui/themes/default/images/tree_folder_open.gif HTTP/1.1" 200 956
180.171.125.150 - - [14/Nov/2020:10:34:11 +0800] "GET /xingrg/javascript/jquery_easy_ui/themes/icons/delivery_new.png HTTP/1.1" 200 700
180.171.125.150 - - [14/Nov/2020:10:34:11 +0800] "GET /xingrg/javascript/jquery_easy_ui/themes/icons/search_new.png HTTP/1.1" 200 586
180.171.125.150 - - [14/Nov/2020:10:34:11 +0800] "GET /xingrg/javascript/jquery_easy_ui/themes/icons/storage_new.png HTTP/1.1" 200 853
180.171.125.150 - - [14/Nov/2020:10:34:11 +0800] "GET /xingrg/javascript/jquery_easy_ui/themes/icons/checkout_new.png HTTP/1.1" 200 744
180.171.125.150 - - [14/Nov/2020:10:34:11 +0800] "GET /xingrg/javascript/jquery_easy_ui/themes/icons/forms_new.png HTTP/1.1" 200 350
180.171.125.150 - - [14/Nov/2020:10:34:11 +0800] "GET /xingrg/javascript/jquery_easy_ui/themes/icons/systemset_new.png HTTP/1.1" 200 606
180.171.125.150 - - [14/Nov/2020:10:34:11 +0800] "GET /xingrg/javascript/jquery_easy_ui/themes/icons/setting_new.png HTTP/1.1" 200 450
117.185.32.26 - - [14/Nov/2020:10:34:11 +0800] "POST /xingrg/kc/buy/cgsh_order_operate.html HTTP/1.1" 200 8245
117.185.32.26 - - [14/Nov/2020:10:34:11 +0800] "GET /xingrg/all/common/auto_word.html?type=employee&rest_code=00106 HTTP/1.1" 200 205
117.185.32.26 - - [14/Nov/2020:10:34:11 +0800] "GET /xingrg/javascript/easyui/themes/default/validatebox.css HTTP/1.1" 404 1104
117.185.32.26 - - [14/Nov/2020:10:34:11 +0800] "GET /xingrg/javascript/easyui/plugins/jquery.validatebox.js HTTP/1.1" 304 -
117.185.32.26 - - [14/Nov/2020:10:34:11 +0800] "GET /xingrg/all/common/auto_word.html?type=employee&rest_code=00106 HTTP/1.1" 200 205
180.171.125.150 - - [14/Nov/2020:10:34:11 +0800] "GET /xingrg/javascript/jquery_easy_ui/themes/icons/area.png HTTP/1.1" 200 262
180.171.125.150 - - [14/Nov/2020:10:34:11 +0800] "GET /xingrg/javascript/jquery_easy_ui/themes/icons/manage.png HTTP/1.1" 200 696
180.171.125.150 - - [14/Nov/2020:10:34:11 +0800] "GET /xingrg/javascript/jquery_easy_ui/themes/icons/rest.png HTTP/1.1" 200 695
117.185.32.26 - - [14/Nov/2020:10:34:11 +0800] "GET /xingrg/javascript/easyui/plugins/jquery.numberbox.js HTTP/1.1" 304 -
180.171.125.150 - - [14/Nov/2020:10:34:11 +0800] "GET /xingrg/javascript/jquery_easy_ui/themes/default/images/button_a_bg.gif HTTP/1.1" 200 1194
180.171.125.150 - - [14/Nov/2020:10:34:11 +0800] "GET /xingrg/javascript/jquery_easy_ui/themes/default/images/button_span_bg.gif HTTP/1.1" 200 2061
180.171.125.150 - - [14/Nov/2020:10:34:11 +0800] "GET /xingrg/javascript/jquery_easy_ui/themes/icons/ok.png HTTP/1.1" 200 883
180.171.125.150 - - [14/Nov/2020:10:34:11 +0800] "GET /xingrg/javascript/jquery_easy_ui/themes/default/images/panel_tools.gif HTTP/1.1" 200 737
180.171.125.150 - - [14/Nov/2020:10:34:11 +0800] "GET /xingrg/javascript/jquery_easy_ui/themes/default/images/panel_title.png HTTP/1.1" 200 266
222.69.139.106 - - [14/Nov/2020:10:34:13 +0800] "GET /xingrg/kc/buy/cgsh_order_info.html?code=212020111405453 HTTP/1.1" 200 55635
117.185.32.26 - - [14/Nov/2020:10:34:13 +0800] "GET /xingrg/javascript/easyui/themes/default/tree.css HTTP/1.1" 404 1090
117.185.32.26 - - [14/Nov/2020:10:34:13 +0800] "POST /xingrg/all/common/load_tree.html?tree=supplier_tree_json&isDelete=1 HTTP/1.1" 200 51855
222.69.139.106 - - [14/Nov/2020:10:34:13 +0800] "GET /xingrg/javascript/easyui/themes/default/validatebox.css HTTP/1.1" 404 1104
180.171.125.150 - - [14/Nov/2020:10:34:13 +0800] "GET /xingrg/images/control/ajaxLoader.gif HTTP/1.1" 200 4659
180.171.125.150 - - [14/Nov/2020:10:34:13 +0800] "POST /xingrg/all/user/operate.html HTTP/1.1" 200 36
222.69.139.106 - - [14/Nov/2020:10:34:13 +0800] "POST /xingrg/kc/buy/cgsh_order_operate.html HTTP/1.1" 200 5344
180.171.125.150 - - [14/Nov/2020:10:34:13 +0800] "GET /xingrg/index.html?sysBaseUrl=http%3A%2F%2F180.169.147.146%3A18081%2Fxingrg%2F&costTime=39×tamp=1605321250387 HTTP/1.1" 200 17503
180.171.125.150 - - [14/Nov/2020:10:34:13 +0800] "GET /xingrg/javascript/jquery_easy_ui/themes/default/easyui.css HTTP/1.1" 304 -
180.171.125.150 - - [14/Nov/2020:10:34:13 +0800] "GET /xingrg/javascript/jquery_easy_ui/themes/icon.css HTTP/1.1" 304 -
180.171.125.150 - - [14/Nov/2020:10:34:13 +0800] "GET /xingrg/css/form.css HTTP/1.1" 304 -
180.171.125.150 - - [14/Nov/2020:10:34:13 +0800] "GET /xingrg/javascript/jquery-1.4.2.min.js HTTP/1.1" 304 -
180.171.125.150 - - [14/Nov/2020:10:34:13 +0800] "GET /xingrg/javascript/jquery_easy_ui/jquery.easyui.min.js HTTP/1.1" 304 -
180.171.125.150 - - [14/Nov/2020:10:34:13 +0800] "GET /xingrg/javascript/jquery_easy_ui/easyui-lang-zh_CN.js HTTP/1.1" 304 -
180.171.125.150 - - [14/Nov/2020:10:34:13 +0800] "GET /xingrg/javascript/jquery.form.js HTTP/1.1" 304 -
180.171.125.150 - - [14/Nov/2020:10:34:13 +0800] "GET /xingrg/javascript/jquery.utils.js HTTP/1.1" 304 -
180.171.125.150 - - [14/Nov/2020:10:34:13 +0800] "GET /xingrg/javascript/jquery.timers.js HTTP/1.1" 304 -
180.171.125.150 - - [14/Nov/2020:10:34:13 +0800] "GET /xingrg/images/blue/jxLogo.png HTTP/1.1" 304 -
180.171.125.150 - - [14/Nov/2020:10:34:13 +0800] "GET /xingrg/images/blue/navBackgound.jpg HTTP/1.1" 304 -
180.171.125.150 - - [14/Nov/2020:10:34:13 +0800] "GET /xingrg/javascript/jquery_easy_ui/themes/icons/settle_new.png HTTP/1.1" 304 -
180.171.125.150 - - [14/Nov/2020:10:34:13 +0800] "GET /xingrg/images/blue/pingpu.png HTTP/1.1" 304 -
180.171.125.150 - - [14/Nov/2020:10:34:13 +0800] "POST /xingrg/all/common/load_tree.html?tree=area_rest_tree_json&manage=1 HTTP/1.1" 200 3350
180.171.125.150 - - [14/Nov/2020:10:34:13 +0800] "GET /xingrg/javascript/jquery_easy_ui/themes/default/images/tabs_leftarrow.png HTTP/1.1" 304 -
180.171.125.150 - - [14/Nov/2020:10:34:13 +0800] "GET /xingrg/javascript/jquery_easy_ui/themes/default/images/tabs_rightarrow.png HTTP/1.1" 304 -
180.171.125.150 - - [14/Nov/2020:10:34:13 +0800] "GET /xingrg/javascript/jquery_easy_ui/themes/default/images/panel_tool_expand.gif HTTP/1.1" 304 -
180.171.125.150 - - [14/Nov/2020:10:34:13 +0800] "GET /xingrg/javascript/jquery_easy_ui/themes/default/images/panel_tool_collapse.gif HTTP/1.1" 304 -
180.171.125.150 - - [14/Nov/2020:10:34:13 +0800] "GET /xingrg/all/function/internal_message.html?_=1605321251254&CODE_STATE=count HTTP/1.1" 200 11
180.171.125.150 - - [14/Nov/2020:10:34:13 +0800] "GET /xingrg/check_reg.html?_=1605321251256 HTTP/1.1" 200 22
180.171.125.150 - - [14/Nov/2020:10:34:13 +0800] "POST /xingrg/load_menu.html HTTP/1.1" 200 9959
180.171.125.150 - - [14/Nov/2020:10:34:14 +0800] "GET /xingrg/javascript/jquery_easy_ui/themes/default/images/tree_folder.gif HTTP/1.1" 200 952
114.84.37.38 - - [14/Nov/2020:10:34:14 +0800] "GET /xingrg/all/function/internal_message.html?_=1605321276993&CODE_STATE=getMsg HTTP/1.1" 200 27
120.253.135.82 - - [14/Nov/2020:10:34:15 +0800] "GET /xingrg/all/function/internal_message.html?_=1605321000912&CODE_STATE=getMsg HTTP/1.1" 200 27
222.69.139.106 - - [14/Nov/2020:10:34:15 +0800] "GET /xingrg/kc/print/load_data.html?order_code=212020111405453&kc_code=cgsh&condition= HTTP/1.1" 200 2519
114.88.166.242 - - [14/Nov/2020:10:34:16 +0800] "GET /xingrg/kc/buy/cgsh_order_operate.html?command=get_materiel&rest_code=00111&code=00101010549&supplier_code=00100347&order_time=2020-11-14 HTTP/1.1" 200 403
180.171.125.150 - - [14/Nov/2020:10:34:17 +0800] "POST /xingrg/load_menu.html HTTP/1.1" 200 10483
180.171.125.150 - - [14/Nov/2020:10:34:17 +0800] "GET /xingrg/javascript/jquery_easy_ui/themes/default/images/tree_file.gif HTTP/1.1" 200 118
116.228.172.94 - - [14/Nov/2020:10:34:18 +0800] "GET /xingrg/kc/buy/cgsh_order_operate.html?command=get_materiel&rest_code=00107&code=00101011008&supplier_code=00100323&order_time=2020-11-14 HTTP/1.1" 200 419
180.171.125.150 - - [14/Nov/2020:10:34:18 +0800] "GET /xingrg/javascript/jquery_easy_ui/themes/default/images/tabs_close.gif HTTP/1.1" 200 829
180.171.125.150 - - [14/Nov/2020:10:34:18 +0800] "GET /xingrg/javascript/multi_select/jqueryMultiSelect.css HTTP/1.1" 200 951
180.171.125.150 - - [14/Nov/2020:10:34:18 +0800] "GET /xingrg/javascript/calendar/timePicker.css HTTP/1.1" 200 523
180.171.125.150 - - [14/Nov/2020:10:34:18 +0800] "GET /xingrg/javascript/bigrid/fix.css HTTP/1.1" 200 1702
180.171.125.150 - - [14/Nov/2020:10:34:18 +0800] "GET /xingrg/all/report/report_query.html?fileName=dma/new_5.0/yingye/order_list.xml HTTP/1.1" 200 55281
180.171.125.150 - - [14/Nov/2020:10:34:18 +0800] "GET /xingrg/javascript/pic_change.js HTTP/1.1" 200 4739
180.171.125.150 - - [14/Nov/2020:10:34:18 +0800] "GET /xingrg/css/blue.css HTTP/1.1" 200 15949
180.171.125.150 - - [14/Nov/2020:10:34:18 +0800] "GET /xingrg/dwr/interface/AjaxReportQueryService.js HTTP/1.1" 200 13203
180.171.125.150 - - [14/Nov/2020:10:34:18 +0800] "GET /xingrg/dwr/util.js HTTP/1.1" 200 35990
180.171.125.150 - - [14/Nov/2020:10:34:18 +0800] "GET /xingrg/dwr/engine.js HTTP/1.1" 200 43631
180.171.125.150 - - [14/Nov/2020:10:34:18 +0800] "GET /xingrg/javascript/myfunction.js HTTP/1.1" 200 24559
180.171.125.150 - - [14/Nov/2020:10:34:18 +0800] "GET /xingrg/javascript/jqueryMultiSelect.js HTTP/1.1" 200 11866
180.171.125.150 - - [14/Nov/2020:10:34:18 +0800] "GET /xingrg/javascript/bigrid/fix.js HTTP/1.1" 200 6439
180.171.125.150 - - [14/Nov/2020:10:34:18 +0800] "GET /xingrg/javascript/calendar/jquery.timePicker.min.js HTTP/1.1" 200 2997
180.171.125.150 - - [14/Nov/2020:10:34:18 +0800] "GET /xingrg/javascript/Calendar.js HTTP/1.1" 200 31561
180.171.125.150 - - [14/Nov/2020:10:34:18 +0800] "GET /xingrg/images/blue/button/advanceover.gif HTTP/1.1" 200 1347
180.171.125.150 - - [14/Nov/2020:10:34:18 +0800] "GET /xingrg/images/blue/button/advance2over.gif HTTP/1.1" 200 1336
180.171.125.150 - - [14/Nov/2020:10:34:18 +0800] "GET /xingrg/images/blue/button/back2over.gif HTTP/1.1" 200 1335
180.171.125.150 - - [14/Nov/2020:10:34:18 +0800] "GET /xingrg/images/blue/button/backover.gif HTTP/1.1" 200 1348
180.171.125.150 - - [14/Nov/2020:10:34:18 +0800] "GET /xingrg/images/control/loading.gif HTTP/1.1" 200 13463
180.171.125.150 - - [14/Nov/2020:10:34:18 +0800] "GET /xingrg/javascript/jquery_easy_ui/themes/icons/help.png HTTP/1.1" 200 1187
180.171.125.150 - - [14/Nov/2020:10:34:18 +0800] "GET /xingrg/javascript/jquery_easy_ui/themes/default/images/menu_downarrow.png HTTP/1.1" 200 173
180.171.125.150 - - [14/Nov/2020:10:34:18 +0800] "GET /xingrg/javascript/jquery_easy_ui/themes/default/images/menu.gif HTTP/1.1" 200 834
180.171.125.150 - - [14/Nov/2020:10:34:18 +0800] "GET /xingrg/javascript/jquery_easy_ui/themes/icons/print.png HTTP/1.1" 200 1057
180.171.125.150 - - [14/Nov/2020:10:34:18 +0800] "GET /xingrg/javascript/jquery_easy_ui/themes/icons/pencil.png HTTP/1.1" 200 713
180.171.125.150 - - [14/Nov/2020:10:34:18 +0800] "GET /xingrg/javascript/jquery_easy_ui/themes/default/images/menu_rightarrow.png HTTP/1.1" 200 3617
180.171.125.150 - - [14/Nov/2020:10:34:18 +0800] "POST /xingrg/dwr/call/plaincall/AjaxReportQueryService.getFixDate.dwr HTTP/1.1" 200 111
180.171.125.150 - - [14/Nov/2020:10:34:19 +0800] "GET /xingrg/javascript/jquery_easy_ui/themes/default/images/combo_arrow_dot.gif HTTP/1.1" 200 79
180.171.125.150 - - [14/Nov/2020:10:34:19 +0800] "POST /xingrg/all/common/load_tree.html?tree=area_station_tree_json&manage=1 HTTP/1.1" 200 3246
180.171.125.150 - - [14/Nov/2020:10:34:19 +0800] "GET /xingrg/javascript/jquery_easy_ui/themes/default/images/tree_checkbox_0.gif HTTP/1.1" 200 168
180.171.125.150 - - [14/Nov/2020:10:34:19 +0800] "POST /xingrg/dwr/call/plaincall/AjaxReportQueryService.getInitString.dwr HTTP/1.1" 200 76
180.171.125.150 - - [14/Nov/2020:10:34:19 +0800] "GET /xingrg/javascript/multi_select/dropdown.gif HTTP/1.1" 200 61
117.184.7.26 - - [14/Nov/2020:10:34:20 +0800] "GET /xingrg/all/function/internal_message.html?_=1605321245898&CODE_STATE=getMsg HTTP/1.1" 200 27
180.171.125.150 - - [14/Nov/2020:10:34:21 +0800] "POST /xingrg/dwr/call/plaincall/AjaxReportQueryService.getFixDate.dwr HTTP/1.1" 200 111
116.228.172.94 - - [14/Nov/2020:10:34:22 +0800] "GET /xingrg/all/function/internal_message.html?_=1605321251070&CODE_STATE=getMsg HTTP/1.1" 200 27
180.171.125.150 - - [14/Nov/2020:10:34:23 +0800] "GET /xingrg/javascript/jquery_easy_ui/themes/default/images/tree_checkbox_1.gif HTTP/1.1" 200 174
180.171.125.150 - - [14/Nov/2020:10:34:23 +0800] "GET /xingrg/javascript/jquery_easy_ui/themes/default/images/tree_checkbox_2.gif HTTP/1.1" 200 181
180.171.125.150 - - [14/Nov/2020:10:34:23 +0800] "POST /xingrg/dwr/call/plaincall/AjaxReportQueryService.queryInitializeString.dwr HTTP/1.1" 200 389
180.171.125.150 - - [14/Nov/2020:10:34:24 +0800] "POST /xingrg/dwr/call/plaincall/AjaxReportQueryService.refreshCache.dwr HTTP/1.1" 200 78
114.88.166.242 - - [14/Nov/2020:10:34:25 +0800] "GET /xingrg/kc/buy/cgsh_order_operate.html?command=get_materiel&rest_code=00111&code=00101002013&supplier_code=00100347&order_time=2020-11-14 HTTP/1.1" 200 414
180.171.125.150 - - [14/Nov/2020:10:34:25 +0800] "POST /xingrg/all/report/load_report_page.html HTTP/1.1" 200 152842
180.171.125.150 - - [14/Nov/2020:10:34:25 +0800] "GET /xingrg/images/blue/button/back2.gif HTTP/1.1" 200 1339
180.171.125.150 - - [14/Nov/2020:10:34:25 +0800] "GET /xingrg/images/blue/button/back.gif HTTP/1.1" 200 1352
180.171.125.150 - - [14/Nov/2020:10:34:25 +0800] "GET /xingrg/servlets/image?cache=0.8633457654315029&image=px HTTP/1.1" 200 807
117.185.32.26 - - [14/Nov/2020:10:34:26 +0800] "GET /xingrg/javascript/auto/indicator.gif HTTP/1.1" 404 1066
101.85.95.39 - - [14/Nov/2020:10:34:26 +0800] "GET /xingrg/all/function/internal_message.html?_=1605321008813&CODE_STATE=getMsg HTTP/1.1" 200 27
101.85.95.39 - - [14/Nov/2020:10:34:26 +0800] "GET /xingrg/check_reg.html?_=1605321008817 HTTP/1.1" 200 22
180.171.125.150 - - [14/Nov/2020:10:34:27 +0800] "POST /xingrg/all/report/load_report_page.html HTTP/1.1" 200 47911
180.171.125.150 - - [14/Nov/2020:10:34:27 +0800] "GET /xingrg/images/blue/button/advance.gif HTTP/1.1" 200 1354
180.171.125.150 - - [14/Nov/2020:10:34:27 +0800] "GET /xingrg/images/blue/button/advance2.gif HTTP/1.1" 200 1338
180.171.125.150 - - [14/Nov/2020:10:34:27 +0800] "GET /xingrg/servlets/image?cache=0.9192419079790871&image=px HTTP/1.1" 200 807
172.17.0.120 - - [14/Nov/2020:10:34:27 +0800] "GET /xingrg/all/function/internal_message.html?_=1605321499260&CODE_STATE=getMsg HTTP/1.1" 200 27
117.185.32.26 - - [14/Nov/2020:10:34:31 +0800] "GET /xingrg/kc/buy/cgsh_order_operate.html?command=get_materiel&rest_code=00106&code=00101011003&supplier_code=00100050&order_time=2020-11-14 HTTP/1.1" 200 412
114.84.145.85 - - [14/Nov/2020:10:34:33 +0800] "GET /xingrg/all/function/internal_message.html?_=1605320859050&CODE_STATE=getMsg HTTP/1.1" 200 27
180.162.245.190 - - [14/Nov/2020:10:34:33 +0800] "GET /xingrg/all/function/internal_message.html?_=1605321253001&CODE_STATE=getMsg HTTP/1.1" 200 27
114.88.166.242 - - [14/Nov/2020:10:34:35 +0800] "GET /xingrg/kc/buy/cgsh_order_operate.html?command=get_materiel&rest_code=00111&code=00101005022&supplier_code=00100347&order_time=2020-11-14 HTTP/1.1" 200 417
180.171.125.150 - - [14/Nov/2020:10:34:36 +0800] "GET /xingrg/javascript/jquery_easy_ui/themes/default/images/button_plain_hover.png HTTP/1.1" 200 252
116.228.172.94 - - [14/Nov/2020:10:34:36 +0800] "GET /xingrg/kc/buy/cgsh_order_operate.html?command=get_materiel&rest_code=00107&code=00101010088&supplier_code=00100323&order_time=2020-11-14 HTTP/1.1" 200 418
117.185.32.26 - - [14/Nov/2020:10:34:38 +0800] "GET /xingrg/kc/buy/cgsh_order_operate.html?command=get_materiel&rest_code=00106&code=00101011001&supplier_code=00100050&order_time=2020-11-14 HTTP/1.1" 200 423
101.85.228.137 - - [14/Nov/2020:10:34:42 +0800] "GET /xingrg/all/function/internal_message.html?_=1605321502021&CODE_STATE=getMsg HTTP/1.1" 200 27
114.88.166.242 - - [14/Nov/2020:10:34:43 +0800] "GET /xingrg/kc/buy/cgsh_order_operate.html?command=get_materiel&rest_code=00111&code=00102002167&supplier_code=00100347&order_time=2020-11-14 HTTP/1.1" 200 409
117.185.32.26 - - [14/Nov/2020:10:34:46 +0800] "POST /xingrg/kc/buy/cgsh_order_operate.html HTTP/1.1" 200 37
180.162.245.190 - - [14/Nov/2020:10:34:46 +0800] "GET /xingrg/kc/buy/cgsh_order_add.html HTTP/1.1" 200 60726
180.162.245.190 - - [14/Nov/2020:10:34:47 +0800] "POST /xingrg/kc/buy/cgsh_order_operate.html HTTP/1.1" 200 8245
180.162.245.190 - - [14/Nov/2020:10:34:47 +0800] "GET /xingrg/javascript/easyui/themes/default/validatebox.css HTTP/1.1" 404 1104
114.88.166.242 - - [14/Nov/2020:10:34:48 +0800] "GET /xingrg/all/function/internal_message.html?_=1605321392024&CODE_STATE=getMsg HTTP/1.1" 200 27
180.162.245.190 - - [14/Nov/2020:10:34:48 +0800] "GET /xingrg/all/function/internal_message.html?_=1605321284960&CODE_STATE=getMsg HTTP/1.1" 200 27
117.185.32.26 - - [14/Nov/2020:10:34:48 +0800] "POST /xingrg/kc/buy/cgsh_order_operate.html HTTP/1.1" 200 12
117.185.32.26 - - [14/Nov/2020:10:34:49 +0800] "GET /xingrg/kc/buy/cgsh_order_info.html?code=212020111405454 HTTP/1.1" 200 55590
117.185.32.26 - - [14/Nov/2020:10:34:49 +0800] "GET /xingrg/javascript/easyui/themes/default/validatebox.css HTTP/1.1" 404 1104
117.185.32.26 - - [14/Nov/2020:10:34:50 +0800] "POST /xingrg/kc/buy/cgsh_order_operate.html HTTP/1.1" 200 1207
116.228.172.94 - - [14/Nov/2020:10:34:51 +0800] "GET /xingrg/kc/buy/cgsh_order_operate.html?command=get_materiel&rest_code=00107&code=00101010106&supplier_code=00100323&order_time=2020-11-14 HTTP/1.1" 200 411
117.185.32.26 - - [14/Nov/2020:10:34:52 +0800] "GET /xingrg/kc/print/load_config.html?kc_code=cgsh HTTP/1.1" 200 1845
117.185.32.26 - - [14/Nov/2020:10:34:52 +0800] "GET /xingrg/kc/print/load_data.html?order_code=212020111405454&kc_code=cgsh&condition= HTTP/1.1" 200 983
117.185.32.26 - - [14/Nov/2020:10:34:55 +0800] "GET /xingrg/all/function/internal_message.html?_=1605321285216&CODE_STATE=getMsg HTTP/1.1" 200 27
180.162.245.190 - - [14/Nov/2020:10:34:56 +0800] "GET /xingrg/kc/buy/cgsh_order_operate.html?command=get_materiel&rest_code=00105&code=00101012046&supplier_code=00100347&order_time=2020-11-14 HTTP/1.1" 200 417
117.185.32.26 - - [14/Nov/2020:10:34:59 +0800] "GET /xingrg/kc/buy/cgsh_order_add.html HTTP/1.1" 200 60685
117.185.32.26 - - [14/Nov/2020:10:34:59 +0800] "GET /xingrg/javascript/easyui/themes/default/validatebox.css HTTP/1.1" 404 1104
117.185.32.26 - - [14/Nov/2020:10:34:59 +0800] "POST /xingrg/kc/buy/cgsh_order_operate.html HTTP/1.1" 200 8245
120.253.135.82 - - [14/Nov/2020:10:35:00 +0800] "GET /xingrg/all/function/internal_message.html?_=1605321339540&CODE_STATE=getMsg HTTP/1.1" 200 27
117.185.32.26 - - [14/Nov/2020:10:35:01 +0800] "GET /xingrg/javascript/easyui/themes/default/tree.css HTTP/1.1" 404 1090
117.185.32.26 - - [14/Nov/2020:10:35:01 +0800] "POST /xingrg/all/common/load_tree.html?tree=supplier_tree_json&isDelete=1 HTTP/1.1" 200 51855
114.86.224.137 - - [14/Nov/2020:10:35:03 +0800] "GET /xingrg/all/function/internal_message.html?_=1605321368640&CODE_STATE=getMsg HTTP/1.1" 200 27
114.88.166.242 - - [14/Nov/2020:10:35:03 +0800] "GET /xingrg/kc/buy/cgsh_order_operate.html?command=get_materiel&rest_code=00111&code=00101010331&supplier_code=00100347&order_time=2020-11-14 HTTP/1.1" 200 409
180.174.56.115 - - [14/Nov/2020:10:35:07 +0800] "GET /xingrg/check_reg.html?_=1605321282025 HTTP/1.1" 200 22
172.17.0.101 - - [14/Nov/2020:10:35:07 +0800] "GET /xingrg/all/function/internal_message.html?_=1605321306178&CODE_STATE=getMsg HTTP/1.1" 200 27
180.174.56.115 - - [14/Nov/2020:10:35:08 +0800] "GET /xingrg/all/function/internal_message.html?_=1605321282357&CODE_STATE=getMsg HTTP/1.1" 200 27
222.69.139.106 - - [14/Nov/2020:10:35:11 +0800] "GET /xingrg/all/function/internal_message.html?_=1605321304077&CODE_STATE=getMsg HTTP/1.1" 200 27
222.69.139.106 - - [14/Nov/2020:10:35:12 +0800] "GET /xingrg/kc/buy/cgsh_order_add.html HTTP/1.1" 200 60732
222.69.139.106 - - [14/Nov/2020:10:35:12 +0800] "POST /xingrg/kc/buy/cgsh_order_operate.html HTTP/1.1" 200 8245
222.69.139.106 - - [14/Nov/2020:10:35:12 +0800] "GET /xingrg/javascript/easyui/themes/default/validatebox.css HTTP/1.1" 404 1104
117.185.32.26 - - [14/Nov/2020:10:35:12 +0800] "GET /xingrg/kc/buy/cgsh_order_operate.html?command=get_materiel&rest_code=00106&code=00101008146&supplier_code=00100009&order_time=2020-11-14 HTTP/1.1" 200 416
180.171.125.150 - - [14/Nov/2020:10:35:13 +0800] "GET /xingrg/all/function/internal_message.html?_=1605321307188&CODE_STATE=getMsg HTTP/1.1" 200 27
114.84.37.38 - - [14/Nov/2020:10:35:14 +0800] "GET /xingrg/all/function/internal_message.html?_=1605321337007&CODE_STATE=getMsg HTTP/1.1" 200 27
120.253.135.82 - - [14/Nov/2020:10:35:15 +0800] "GET /xingrg/all/function/internal_message.html?_=1605321060933&CODE_STATE=getMsg HTTP/1.1" 200 27
114.84.145.85 - - [14/Nov/2020:10:35:17 +0800] "POST /xingrg/services/DataTransmitService HTTP/1.1" 200 524
114.84.145.85 - - [14/Nov/2020:10:35:17 +0800] "POST /xingrg/services/DataTransmitService HTTP/1.1" 200 501
114.84.145.85 - - [14/Nov/2020:10:35:17 +0800] "POST /xingrg/services/DataTransmitService HTTP/1.1" 200 501
114.84.145.85 - - [14/Nov/2020:10:35:17 +0800] "POST /xingrg/services/DataTransmitService HTTP/1.1" 200 501
114.84.145.85 - - [14/Nov/2020:10:35:17 +0800] "POST /xingrg/services/DataTransmitService HTTP/1.1" 200 501
117.184.7.26 - - [14/Nov/2020:10:35:20 +0800] "GET /xingrg/check_reg.html?_=1605321305862 HTTP/1.1" 200 22
117.184.7.26 - - [14/Nov/2020:10:35:20 +0800] "GET /xingrg/all/function/internal_message.html?_=1605321305879&CODE_STATE=getMsg HTTP/1.1" 200 27
114.84.145.85 - - [14/Nov/2020:10:35:21 +0800] "POST /xingrg/services/DataTransmitService HTTP/1.1" 200 412
117.185.32.26 - - [14/Nov/2020:10:35:21 +0800] "GET /xingrg/kc/buy/cgsh_order_operate.html?command=get_materiel&rest_code=00106&code=00101008147&supplier_code=00100009&order_time=2020-11-14 HTTP/1.1" 200 416
180.162.245.190 - - [14/Nov/2020:10:35:21 +0800] "GET /xingrg/kc/buy/cgsh_order_operate.html?command=get_materiel&rest_code=00105&code=00102016738&supplier_code=00100347&order_time=2020-11-14 HTTP/1.1" 200 395
114.88.166.242 - - [14/Nov/2020:10:35:22 +0800] "GET /xingrg/kc/buy/cgsh_order_operate.html?command=get_materiel&rest_code=00111&code=00101010615&supplier_code=00100347&order_time=2020-11-14 HTTP/1.1" 200 400
116.228.172.94 - - [14/Nov/2020:10:35:22 +0800] "GET /xingrg/all/function/internal_message.html?_=1605321311056&CODE_STATE=getMsg HTTP/1.1" 200 27
116.228.172.94 - - [14/Nov/2020:10:35:23 +0800] "GET /xingrg/kc/buy/cgsh_order_operate.html?command=get_materiel&rest_code=00107&code=00101010162&supplier_code=00100323&order_time=2020-11-14 HTTP/1.1" 200 417
180.162.245.190 - - [14/Nov/2020:10:35:26 +0800] "GET /xingrg/kc/buy/cgsh_order_operate.html?command=get_materiel&rest_code=00105&code=00101006122&supplier_code=00100347&order_time=2020-11-14 HTTP/1.1" 200 408
101.85.95.39 - - [14/Nov/2020:10:35:26 +0800] "GET /xingrg/all/function/internal_message.html?_=1605321068816&CODE_STATE=getMsg HTTP/1.1" 200 27
172.17.0.120 - - [14/Nov/2020:10:35:27 +0800] "GET /xingrg/all/function/internal_message.html?_=1605321559262&CODE_STATE=getMsg HTTP/1.1" 200 27
114.88.166.242 - - [14/Nov/2020:10:35:31 +0800] "POST /xingrg/kc/buy/cgsh_order_operate.html HTTP/1.1" 200 37
117.185.32.26 - - [14/Nov/2020:10:35:31 +0800] "GET /xingrg/kc/buy/cgsh_order_operate.html?command=get_materiel&rest_code=00106&code=00101008037&supplier_code=00100009&order_time=2020-11-14 HTTP/1.1" 200 413
114.88.166.242 - - [14/Nov/2020:10:35:32 +0800] "POST /xingrg/kc/buy/cgsh_order_operate.html HTTP/1.1" 200 7429
114.88.166.242 - - [14/Nov/2020:10:35:33 +0800] "GET /xingrg/kc/print/load_data.html?order_code=212020111405455&kc_code=cgsh&condition= HTTP/1.1" 200 2494
114.84.145.85 - - [14/Nov/2020:10:35:33 +0800] "GET /xingrg/all/function/internal_message.html?_=1605320919019&CODE_STATE=getMsg HTTP/1.1" 200 27
180.162.245.190 - - [14/Nov/2020:10:35:34 +0800] "GET /xingrg/all/function/internal_message.html?_=1605321313003&CODE_STATE=getMsg HTTP/1.1" 200 27
116.228.172.94 - - [14/Nov/2020:10:35:38 +0800] "POST /xingrg/kc/buy/cgsh_order_operate.html HTTP/1.1" 200 37
117.185.32.26 - - [14/Nov/2020:10:35:39 +0800] "POST /xingrg/kc/buy/cgsh_order_operate.html HTTP/1.1" 200 37
