172.17.0.120 - - [14/Nov/2020:10:56:27 +0800] "GET /xingrg/all/function/internal_message.html?_=1605322819263&CODE_STATE=getMsg HTTP/1.1" 200 27
180.174.56.115 - - [14/Nov/2020:10:56:27 +0800] "GET /xingrg/kc/buy/cgsh_order_operate.html?command=get_materiel&rest_code=00151&code=00101001138&supplier_code=00100312&order_time=2020-11-14 HTTP/1.1" 200 433
114.84.37.38 - - [14/Nov/2020:10:56:28 +0800] "GET /xingrg/all/function/internal_message.html?_=1605322611051&CODE_STATE=getMsg HTTP/1.1" 200 27
117.185.32.26 - - [14/Nov/2020:10:56:28 +0800] "GET /xingrg/kc/buy/cgsh_order_operate.html?command=get_materiel&rest_code=00106&code=00101004011&supplier_code=00100088&order_time=2020-11-14 HTTP/1.1" 200 433
222.69.133.109 - - [14/Nov/2020:10:56:28 +0800] "GET /xingrg/all/function/internal_message.html?_=1605322586334&CODE_STATE=getMsg HTTP/1.1" 200 27
114.84.37.38 - - [14/Nov/2020:10:56:28 +0800] "GET /xingrg/kc/print/load_data.html?order_code=212020111405485&kc_code=cgsh&condition= HTTP/1.1" 200 715
117.185.32.26 - - [14/Nov/2020:10:56:31 +0800] "GET /xingrg/all/function/internal_message.html?_=1605323036472&CODE_STATE=getMsg HTTP/1.1" 200 27
117.185.32.26 - - [14/Nov/2020:10:56:32 +0800] "GET /xingrg/kc/base/wldb_order_operate.html?command=get_materiel&rest_code=00106&base_code=0010397&code=00102002523 HTTP/1.1" 200 442
114.84.145.85 - - [14/Nov/2020:10:56:33 +0800] "GET /xingrg/all/function/internal_message.html?_=1605322178524&CODE_STATE=getMsg HTTP/1.1" 200 27
180.162.245.190 - - [14/Nov/2020:10:56:34 +0800] "GET /xingrg/all/function/internal_message.html?_=1605322573030&CODE_STATE=getMsg HTTP/1.1" 200 27
180.157.253.48 - - [14/Nov/2020:10:56:35 +0800] "GET /xingrg/all/function/internal_message.html?_=1605322596453&CODE_STATE=getMsg HTTP/1.1" 200 27
180.157.253.48 - - [14/Nov/2020:10:56:35 +0800] "GET /xingrg/check_reg.html?_=1605322596532 HTTP/1.1" 200 22
101.85.228.137 - - [14/Nov/2020:10:56:38 +0800] "GET /xingrg/kc/base/wldb_order_operate.html?command=get_materiel&rest_code=00102&base_code=0010476&code=00101016044 HTTP/1.1" 200 464
180.174.56.115 - - [14/Nov/2020:10:56:39 +0800] "GET /xingrg/kc/buy/cgsh_order_operate.html?command=get_materiel&rest_code=00151&code=00101005017&supplier_code=00100312&order_time=2020-11-14 HTTP/1.1" 200 409
117.185.32.26 - - [14/Nov/2020:10:56:43 +0800] "GET /xingrg/kc/base/wldb_order_operate.html?command=get_materiel&rest_code=00106&base_code=0010397&code=00102021018 HTTP/1.1" 200 446
114.84.37.38 - - [14/Nov/2020:10:56:43 +0800] "GET /xingrg/kc/buy/cgsh_order_add.html HTTP/1.1" 200 60685
101.85.228.137 - - [14/Nov/2020:10:56:44 +0800] "GET /xingrg/all/function/internal_message.html?_=1605322824160&CODE_STATE=getMsg HTTP/1.1" 200 27
114.84.37.38 - - [14/Nov/2020:10:56:46 +0800] "POST /xingrg/kc/buy/cgsh_order_operate.html HTTP/1.1" 200 8245
114.84.37.38 - - [14/Nov/2020:10:56:46 +0800] "GET /xingrg/javascript/easyui/themes/default/validatebox.css HTTP/1.1" 404 1104
114.88.166.242 - - [14/Nov/2020:10:56:47 +0800] "GET /xingrg/all/function/internal_message.html?_=1605322711468&CODE_STATE=getMsg HTTP/1.1" 200 27
180.162.245.190 - - [14/Nov/2020:10:56:47 +0800] "GET /xingrg/all/function/internal_message.html?_=1605322604404&CODE_STATE=getMsg HTTP/1.1" 200 27
117.185.32.26 - - [14/Nov/2020:10:56:49 +0800] "GET /xingrg/kc/buy/cgsh_order_operate.html?command=get_materiel&rest_code=00106&code=00101003037&supplier_code=00100088&order_time=2020-11-14 HTTP/1.1" 200 413
180.174.56.115 - - [14/Nov/2020:10:56:50 +0800] "POST /xingrg/kc/buy/cgsh_order_operate.html HTTP/1.1" 200 37
117.184.7.26 - - [14/Nov/2020:10:56:51 +0800] "GET /xingrg/kc/buy/cgsh_order_add.html HTTP/1.1" 200 60638
117.184.7.26 - - [14/Nov/2020:10:56:52 +0800] "POST /xingrg/kc/buy/cgsh_order_operate.html HTTP/1.1" 200 8245
117.184.7.26 - - [14/Nov/2020:10:56:52 +0800] "GET /xingrg/javascript/easyui/themes/default/validatebox.css HTTP/1.1" 404 1104
180.174.56.115 - - [14/Nov/2020:10:56:53 +0800] "POST /xingrg/kc/buy/cgsh_order_operate.html HTTP/1.1" 200 12
101.85.228.137 - - [14/Nov/2020:10:56:54 +0800] "GET /xingrg/kc/base/wldb_order_operate.html?command=get_materiel&rest_code=00102&base_code=0010476&code=00101016036 HTTP/1.1" 200 431
180.174.56.115 - - [14/Nov/2020:10:56:54 +0800] "GET /xingrg/kc/buy/cgsh_order_info.html?code=212020111405486 HTTP/1.1" 200 55244
180.174.56.115 - - [14/Nov/2020:10:56:54 +0800] "GET /xingrg/javascript/easyui/themes/default/validatebox.css HTTP/1.1" 404 1104
180.174.56.115 - - [14/Nov/2020:10:56:54 +0800] "POST /xingrg/kc/buy/cgsh_order_operate.html HTTP/1.1" 200 1215
222.69.133.109 - - [14/Nov/2020:10:56:54 +0800] "POST /xingrg/dwr/call/plaincall/AjaxQqpsService.saveMaterielItem.dwr HTTP/1.1" 200 78
180.174.56.115 - - [14/Nov/2020:10:56:56 +0800] "GET /xingrg/kc/print/load_data.html?order_code=212020111405486&kc_code=cgsh&condition= HTTP/1.1" 200 976
117.185.32.26 - - [14/Nov/2020:10:56:59 +0800] "GET /xingrg/all/function/internal_message.html?_=1605322609038&CODE_STATE=getMsg HTTP/1.1" 200 27
114.86.224.137 - - [14/Nov/2020:10:56:59 +0800] "GET /xingrg/all/function/internal_message.html?_=1605322689233&CODE_STATE=getMsg HTTP/1.1" 200 27
120.253.135.82 - - [14/Nov/2020:10:57:00 +0800] "GET /xingrg/all/function/internal_message.html?_=1605322659872&CODE_STATE=getMsg HTTP/1.1" 200 27
101.85.228.137 - - [14/Nov/2020:10:57:01 +0800] "GET /xingrg/kc/base/wldb_order_operate.html?command=get_materiel&rest_code=00102&base_code=0010476&code=00101019222 HTTP/1.1" 200 454
180.174.56.115 - - [14/Nov/2020:10:57:01 +0800] "GET /xingrg/all/function/internal_message.html?_=1605322595574&CODE_STATE=getMsg HTTP/1.1" 200 27
180.174.56.115 - - [14/Nov/2020:10:57:03 +0800] "GET /xingrg/kc/buy/cgsh_order_add.html HTTP/1.1" 200 60333
180.174.56.115 - - [14/Nov/2020:10:57:04 +0800] "POST /xingrg/kc/buy/cgsh_order_operate.html HTTP/1.1" 200 8245
180.174.56.115 - - [14/Nov/2020:10:57:04 +0800] "GET /xingrg/javascript/easyui/themes/default/validatebox.css HTTP/1.1" 404 1104
114.84.37.38 - - [14/Nov/2020:10:57:07 +0800] "GET /xingrg/kc/buy/cgsh_order_operate.html?command=get_materiel&rest_code=00146&code=00101004065&supplier_code=00100086&order_time=2020-11-14 HTTP/1.1" 200 435
101.85.228.137 - - [14/Nov/2020:10:57:07 +0800] "GET /xingrg/kc/base/wldb_order_operate.html?command=get_materiel&rest_code=00102&base_code=0010476&code=00101019400 HTTP/1.1" 200 451
172.17.0.101 - - [14/Nov/2020:10:57:08 +0800] "GET /xingrg/check_reg.html?_=1605322626298 HTTP/1.1" 200 22
172.17.0.101 - - [14/Nov/2020:10:57:08 +0800] "GET /xingrg/all/function/internal_message.html?_=1605322626300&CODE_STATE=getMsg HTTP/1.1" 200 27
222.69.139.106 - - [14/Nov/2020:10:57:10 +0800] "GET /xingrg/all/function/internal_message.html?_=1605322623608&CODE_STATE=getMsg HTTP/1.1" 200 27
180.174.56.115 - - [14/Nov/2020:10:57:13 +0800] "GET /xingrg/kc/buy/cgsh_order_operate.html?command=get_materiel&rest_code=00151&code=00101010079&supplier_code=00100336&order_time=2020-11-14 HTTP/1.1" 200 413
180.171.125.150 - - [14/Nov/2020:10:57:14 +0800] "GET /xingrg/all/function/internal_message.html?_=1605322627575&CODE_STATE=getMsg HTTP/1.1" 200 27
101.85.228.137 - - [14/Nov/2020:10:57:15 +0800] "GET /xingrg/kc/base/wldb_order_operate.html?command=get_materiel&rest_code=00102&base_code=0010476&code=00101019063 HTTP/1.1" 200 447
117.185.32.26 - - [14/Nov/2020:10:57:19 +0800] "POST /xingrg/kc/buy/cgsh_order_operate.html HTTP/1.1" 200 37
114.84.37.38 - - [14/Nov/2020:10:57:22 +0800] "POST /xingrg/kc/buy/cgsh_order_operate.html HTTP/1.1" 200 37
116.228.172.94 - - [14/Nov/2020:10:57:22 +0800] "GET /xingrg/all/function/internal_message.html?_=1605322630786&CODE_STATE=getMsg HTTP/1.1" 200 27
117.185.32.26 - - [14/Nov/2020:10:57:23 +0800] "POST /xingrg/kc/buy/cgsh_order_operate.html HTTP/1.1" 200 12
114.84.37.38 - - [14/Nov/2020:10:57:23 +0800] "POST /xingrg/kc/buy/cgsh_order_operate.html HTTP/1.1" 200 2661
117.185.32.26 - - [14/Nov/2020:10:57:24 +0800] "GET /xingrg/kc/buy/cgsh_order_info.html?code=212020111405487 HTTP/1.1" 200 55584
117.185.32.26 - - [14/Nov/2020:10:57:24 +0800] "GET /xingrg/kc/base/wldb_order_operate.html?command=get_materiel&rest_code=00106&base_code=0010397&code=00102002275 HTTP/1.1" 200 450
117.185.32.26 - - [14/Nov/2020:10:57:24 +0800] "GET /xingrg/javascript/easyui/themes/default/validatebox.css HTTP/1.1" 404 1104
101.85.228.137 - - [14/Nov/2020:10:57:25 +0800] "GET /xingrg/kc/base/wldb_order_operate.html?command=get_materiel&rest_code=00102&base_code=0010476&code=00101019391 HTTP/1.1" 200 471
180.174.56.115 - - [14/Nov/2020:10:57:25 +0800] "POST /xingrg/kc/buy/cgsh_order_operate.html HTTP/1.1" 200 37
117.185.32.26 - - [14/Nov/2020:10:57:25 +0800] "POST /xingrg/kc/buy/cgsh_order_operate.html HTTP/1.1" 200 1806
172.17.0.120 - - [14/Nov/2020:10:57:27 +0800] "GET /xingrg/check_reg.html?_=1605322879251 HTTP/1.1" 200 22
172.17.0.120 - - [14/Nov/2020:10:57:27 +0800] "GET /xingrg/all/function/internal_message.html?_=1605322879255&CODE_STATE=getMsg HTTP/1.1" 200 27
114.84.37.38 - - [14/Nov/2020:10:57:27 +0800] "GET /xingrg/kc/print/load_data.html?order_code=212020111405488&kc_code=cgsh&condition= HTTP/1.1" 200 746
180.174.56.115 - - [14/Nov/2020:10:57:28 +0800] "POST /xingrg/kc/buy/cgsh_order_operate.html HTTP/1.1" 200 12
222.69.133.109 - - [14/Nov/2020:10:57:28 +0800] "GET /xingrg/all/function/internal_message.html?_=1605322646337&CODE_STATE=getMsg HTTP/1.1" 200 27
101.85.228.137 - - [14/Nov/2020:10:57:29 +0800] "GET /xingrg/kc/base/wldb_order_operate.html?command=get_materiel&rest_code=00102&base_code=0010476&code=00101019185 HTTP/1.1" 200 455
180.174.56.115 - - [14/Nov/2020:10:57:29 +0800] "GET /xingrg/kc/buy/cgsh_order_info.html?code=212020111405489 HTTP/1.1" 200 55240
117.185.32.26 - - [14/Nov/2020:10:57:29 +0800] "GET /xingrg/kc/print/load_data.html?order_code=212020111405487&kc_code=cgsh&condition= HTTP/1.1" 200 1237
180.174.56.115 - - [14/Nov/2020:10:57:29 +0800] "GET /xingrg/javascript/easyui/themes/default/validatebox.css HTTP/1.1" 404 1104
180.174.56.115 - - [14/Nov/2020:10:57:29 +0800] "POST /xingrg/kc/buy/cgsh_order_operate.html HTTP/1.1" 200 618
117.185.32.26 - - [14/Nov/2020:10:57:31 +0800] "GET /xingrg/all/function/internal_message.html?_=1605323096460&CODE_STATE=getMsg HTTP/1.1" 200 27
180.174.56.115 - - [14/Nov/2020:10:57:31 +0800] "GET /xingrg/kc/print/load_data.html?order_code=212020111405489&kc_code=cgsh&condition= HTTP/1.1" 200 741
114.84.37.38 - - [14/Nov/2020:10:57:31 +0800] "GET /xingrg/all/function/internal_message.html?_=1605322674668&CODE_STATE=getMsg HTTP/1.1" 200 27
117.185.32.26 - - [14/Nov/2020:10:57:32 +0800] "GET /xingrg/kc/base/wldb_order_operate.html?command=get_materiel&rest_code=00106&base_code=0010397&code=00102002198 HTTP/1.1" 200 437
114.84.145.85 - - [14/Nov/2020:10:57:33 +0800] "GET /xingrg/all/function/internal_message.html?_=1605322238504&CODE_STATE=getMsg HTTP/1.1" 200 27
180.162.245.190 - - [14/Nov/2020:10:57:34 +0800] "GET /xingrg/check_reg.html?_=1605322633030 HTTP/1.1" 200 22
180.162.245.190 - - [14/Nov/2020:10:57:34 +0800] "GET /xingrg/all/function/internal_message.html?_=1605322633034&CODE_STATE=getMsg HTTP/1.1" 200 27
101.85.228.137 - - [14/Nov/2020:10:57:34 +0800] "GET /xingrg/kc/base/wldb_order_operate.html?command=get_materiel&rest_code=00102&base_code=0010476&code=00101019183 HTTP/1.1" 200 432
117.184.7.26 - - [14/Nov/2020:10:57:34 +0800] "GET /xingrg/kc/buy/cgsh_order_operate.html?command=get_materiel&rest_code=00108&code=00101006184&supplier_code=00100010&order_time=2020-11-14 HTTP/1.1" 200 408
117.185.32.26 - - [14/Nov/2020:10:57:35 +0800] "POST /xingrg/all/common/load_select.html HTTP/1.1" 200 25
180.157.253.48 - - [14/Nov/2020:10:57:35 +0800] "GET /xingrg/all/function/internal_message.html?_=1605322656438&CODE_STATE=getMsg HTTP/1.1" 200 27
117.185.32.26 - - [14/Nov/2020:10:57:36 +0800] "GET /xingrg/kc/base/wldb_order_operate.html?command=get_materiel_price&rest_code=00106&base_code=0010397&code=00102002198&unit_code=00100333 HTTP/1.1" 200 35
117.184.7.26 - - [14/Nov/2020:10:57:40 +0800] "GET /xingrg/kc/buy/cgsh_order_operate.html?command=get_materiel&rest_code=00108&code=00101006055&supplier_code=00100010&order_time=2020-11-14 HTTP/1.1" 200 409
120.253.135.82 - - [14/Nov/2020:10:57:41 +0800] "GET /xingrg/check_reg.html?_=1605322700551 HTTP/1.1" 200 22
117.185.32.26 - - [14/Nov/2020:10:57:41 +0800] "GET /xingrg/kc/buy/cgsh_order_add.html HTTP/1.1" 200 60679
117.185.32.26 - - [14/Nov/2020:10:57:41 +0800] "POST /xingrg/kc/buy/cgsh_order_operate.html HTTP/1.1" 200 8245
117.185.32.26 - - [14/Nov/2020:10:57:41 +0800] "GET /xingrg/javascript/easyui/themes/default/validatebox.css HTTP/1.1" 404 1104
117.185.32.26 - - [14/Nov/2020:10:57:43 +0800] "GET /xingrg/kc/base/wldb_order_operate.html?command=get_materiel&rest_code=00106&base_code=0010397&code=00102002231 HTTP/1.1" 200 451
180.174.56.115 - - [14/Nov/2020:10:57:43 +0800] "POST /xingrg/all/user/operate.html HTTP/1.1" 200 36
117.185.32.26 - - [14/Nov/2020:10:57:43 +0800] "GET /xingrg/javascript/easyui/themes/default/tree.css HTTP/1.1" 404 1090
117.185.32.26 - - [14/Nov/2020:10:57:43 +0800] "POST /xingrg/all/common/load_tree.html?tree=supplier_tree_json&isDelete=1 HTTP/1.1" 200 51855
180.174.56.115 - - [14/Nov/2020:10:57:43 +0800] "GET /xingrg/javascript/jquery_easy_ui/themes/default/easyui.css HTTP/1.1" 304 -
180.174.56.115 - - [14/Nov/2020:10:57:43 +0800] "GET /xingrg/index.html?sysBaseUrl=http%3A%2F%2F180.169.147.146%3A18081%2Fxingrg%2F&costTime=39×tamp=1605318358700 HTTP/1.1" 200 17179
180.174.56.115 - - [14/Nov/2020:10:57:43 +0800] "GET /xingrg/javascript/jquery_easy_ui/themes/icon.css HTTP/1.1" 304 -
180.174.56.115 - - [14/Nov/2020:10:57:43 +0800] "GET /xingrg/css/form.css HTTP/1.1" 304 -
180.174.56.115 - - [14/Nov/2020:10:57:43 +0800] "GET /xingrg/javascript/jquery-1.4.2.min.js HTTP/1.1" 304 -
180.174.56.115 - - [14/Nov/2020:10:57:44 +0800] "GET /xingrg/javascript/jquery_easy_ui/jquery.easyui.min.js HTTP/1.1" 304 -
180.174.56.115 - - [14/Nov/2020:10:57:44 +0800] "GET /xingrg/javascript/jquery_easy_ui/easyui-lang-zh_CN.js HTTP/1.1" 304 -
180.174.56.115 - - [14/Nov/2020:10:57:44 +0800] "GET /xingrg/javascript/jquery.form.js HTTP/1.1" 304 -
180.174.56.115 - - [14/Nov/2020:10:57:44 +0800] "GET /xingrg/javascript/jquery.utils.js HTTP/1.1" 304 -
180.174.56.115 - - [14/Nov/2020:10:57:44 +0800] "GET /xingrg/javascript/jquery.timers.js HTTP/1.1" 304 -
180.174.56.115 - - [14/Nov/2020:10:57:44 +0800] "GET /xingrg/images/blue/jxLogo.png HTTP/1.1" 304 -
180.174.56.115 - - [14/Nov/2020:10:57:44 +0800] "GET /xingrg/images/blue/navBackgound.jpg HTTP/1.1" 304 -
180.174.56.115 - - [14/Nov/2020:10:57:44 +0800] "GET /xingrg/javascript/jquery_easy_ui/themes/icons/settle_new.png HTTP/1.1" 304 -
180.174.56.115 - - [14/Nov/2020:10:57:44 +0800] "POST /xingrg/all/common/load_tree.html?tree=area_rest_tree_json&manage=1 HTTP/1.1" 200 476
180.174.56.115 - - [14/Nov/2020:10:57:44 +0800] "GET /xingrg/images/blue/pingpu.png HTTP/1.1" 304 -
180.174.56.115 - - [14/Nov/2020:10:57:44 +0800] "GET /xingrg/javascript/jquery_easy_ui/themes/default/images/tabs_leftarrow.png HTTP/1.1" 304 -
180.174.56.115 - - [14/Nov/2020:10:57:44 +0800] "GET /xingrg/javascript/jquery_easy_ui/themes/default/images/tabs_rightarrow.png HTTP/1.1" 304 -
180.174.56.115 - - [14/Nov/2020:10:57:44 +0800] "GET /xingrg/javascript/jquery_easy_ui/themes/default/images/panel_tool_collapse.gif HTTP/1.1" 304 -
180.174.56.115 - - [14/Nov/2020:10:57:44 +0800] "GET /xingrg/all/function/internal_message.html?_=1605322638255&CODE_STATE=count HTTP/1.1" 200 11
180.174.56.115 - - [14/Nov/2020:10:57:44 +0800] "GET /xingrg/check_reg.html?_=1605322638256 HTTP/1.1" 200 22
180.174.56.115 - - [14/Nov/2020:10:57:44 +0800] "POST /xingrg/load_menu.html HTTP/1.1" 200 5138
101.85.228.137 - - [14/Nov/2020:10:57:44 +0800] "GET /xingrg/all/function/internal_message.html?_=1605322884174&CODE_STATE=getMsg HTTP/1.1" 200 27
101.85.228.137 - - [14/Nov/2020:10:57:45 +0800] "GET /xingrg/kc/base/wldb_order_operate.html?command=get_materiel&rest_code=00102&base_code=0010476&code=00101013011 HTTP/1.1" 200 451
117.184.7.26 - - [14/Nov/2020:10:57:46 +0800] "GET /xingrg/kc/buy/cgsh_order_operate.html?command=get_materiel&rest_code=00108&code=00101006109&supplier_code=00100010&order_time=2020-11-14 HTTP/1.1" 200 409
180.174.56.115 - - [14/Nov/2020:10:57:46 +0800] "GET /xingrg/kc/buy/cgsh_order_list.html HTTP/1.1" 200 44947
180.174.56.115 - - [14/Nov/2020:10:57:47 +0800] "POST /xingrg/kc/buy/cgsh_list_operate.html HTTP/1.1" 200 876
114.88.166.242 - - [14/Nov/2020:10:57:47 +0800] "GET /xingrg/all/function/internal_message.html?_=1605322771444&CODE_STATE=getMsg HTTP/1.1" 200 27
180.162.245.190 - - [14/Nov/2020:10:57:47 +0800] "GET /xingrg/all/function/internal_message.html?_=1605322664376&CODE_STATE=getMsg HTTP/1.1" 200 27
180.174.56.115 - - [14/Nov/2020:10:57:49 +0800] "GET /xingrg/kc/buy/cgsh_order_add.html HTTP/1.1" 200 60615
180.174.56.115 - - [14/Nov/2020:10:57:49 +0800] "POST /xingrg/kc/buy/cgsh_order_operate.html HTTP/1.1" 200 8245
180.174.56.115 - - [14/Nov/2020:10:57:50 +0800] "GET /xingrg/javascript/easyui/themes/default/validatebox.css HTTP/1.1" 404 1104
117.184.7.26 - - [14/Nov/2020:10:57:50 +0800] "GET /xingrg/css/new_ie.css HTTP/1.1" 404 1036
180.174.56.115 - - [14/Nov/2020:10:57:51 +0800] "GET /xingrg/javascript/auto/indicator.gif HTTP/1.1" 404 1066
117.184.7.26 - - [14/Nov/2020:10:57:51 +0800] "GET /xingrg/javascript/easyui/themes/default/validatebox.css HTTP/1.1" 404 1104
117.184.7.26 - - [14/Nov/2020:10:57:52 +0800] "POST /xingrg/kc/buy/cgsh_order_operate.html HTTP/1.1" 200 35749
117.184.7.26 - - [14/Nov/2020:10:57:54 +0800] "GET /xingrg/images/yd/bt.gif HTTP/1.1" 404 1040
117.184.7.26 - - [14/Nov/2020:10:57:55 +0800] "GET /xingrg/kc/buy/cgsh_order_list.html HTTP/1.1" 200 44941
117.184.7.26 - - [14/Nov/2020:10:57:57 +0800] "POST /xingrg/kc/buy/cgsh_list_operate.html HTTP/1.1" 200 2383
101.85.228.137 - - [14/Nov/2020:10:57:57 +0800] "GET /xingrg/kc/base/wldb_order_operate.html?command=get_materiel&rest_code=00102&base_code=0010476&code=00101016020 HTTP/1.1" 200 446
117.184.7.26 - - [14/Nov/2020:10:57:58 +0800] "GET /xingrg/kc/buy/cgsh_order_add.html HTTP/1.1" 200 60638
117.184.7.26 - - [14/Nov/2020:10:57:58 +0800] "GET /xingrg/words/20201114091825_words.js HTTP/1.1" 304 -
117.184.7.26 - - [14/Nov/2020:10:57:59 +0800] "POST /xingrg/kc/buy/cgsh_order_operate.html HTTP/1.1" 200 8245
117.184.7.26 - - [14/Nov/2020:10:57:59 +0800] "GET /xingrg/javascript/easyui/themes/default/validatebox.css HTTP/1.1" 404 1104
114.86.224.137 - - [14/Nov/2020:10:57:59 +0800] "GET /xingrg/check_reg.html?_=1605322749234 HTTP/1.1" 200 22
114.86.224.137 - - [14/Nov/2020:10:57:59 +0800] "GET /xingrg/all/function/internal_message.html?_=1605322749234&CODE_STATE=getMsg HTTP/1.1" 200 27
117.185.32.26 - - [14/Nov/2020:10:57:59 +0800] "GET /xingrg/all/function/internal_message.html?_=1605322669010&CODE_STATE=getMsg HTTP/1.1" 200 27
180.174.56.115 - - [14/Nov/2020:10:58:00 +0800] "GET /xingrg/kc/buy/cgsh_order_operate.html?command=get_materiel&rest_code=00150&code=00101031012&supplier_code=00100054&order_time=2020-11-14 HTTP/1.1" 200 417
120.253.135.82 - - [14/Nov/2020:10:58:00 +0800] "GET /xingrg/all/function/internal_message.html?_=1605322719876&CODE_STATE=getMsg HTTP/1.1" 200 27
117.184.7.26 - - [14/Nov/2020:10:58:02 +0800] "GET /xingrg/javascript/auto/indicator.gif HTTP/1.1" 404 1066
117.185.32.26 - - [14/Nov/2020:10:58:02 +0800] "POST /xingrg/kc/base/wldb_order_operate.html HTTP/1.1" 200 37
117.185.32.26 - - [14/Nov/2020:10:58:02 +0800] "POST /xingrg/kc/base/wldb_order_operate.html HTTP/1.1" 200 6093
117.185.32.26 - - [14/Nov/2020:10:58:03 +0800] "GET /xingrg/kc/base/wldb_order_info.html?code=422020111401492 HTTP/1.1" 200 30608
117.185.32.26 - - [14/Nov/2020:10:58:04 +0800] "GET /xingrg/javascript/easyui/themes/default/validatebox.css HTTP/1.1" 404 1104
117.185.32.26 - - [14/Nov/2020:10:58:04 +0800] "POST /xingrg/kc/base/wldb_order_operate.html HTTP/1.1" 200 6093
117.184.7.26 - - [14/Nov/2020:10:58:07 +0800] "GET /xingrg/javascript/jquery_tools/images/prev.gif HTTP/1.1" 404 1086
117.184.7.30 - - [14/Nov/2020:10:58:07 +0800] "GET /xingrg/javascript/jquery_tools/images/next.gif HTTP/1.1" 404 1086
117.185.32.26 - - [14/Nov/2020:10:58:07 +0800] "GET /xingrg/kc/buy/cgsh_order_operate.html?command=get_materiel&rest_code=00106&code=00101004034&supplier_code=00100085&order_time=2020-11-14 HTTP/1.1" 200 416
172.17.0.101 - - [14/Nov/2020:10:58:08 +0800] "GET /xingrg/all/function/internal_message.html?_=1605322686300&CODE_STATE=getMsg HTTP/1.1" 200 27
222.69.133.109 - - [14/Nov/2020:10:58:10 +0800] "POST /xingrg/dwr/call/plaincall/AjaxQqpsService.getMaterielByCode.dwr HTTP/1.1" 200 1548
222.69.139.106 - - [14/Nov/2020:10:58:10 +0800] "GET /xingrg/all/function/internal_message.html?_=1605322683585&CODE_STATE=getMsg HTTP/1.1" 200 27
180.174.56.115 - - [14/Nov/2020:10:58:11 +0800] "POST /xingrg/kc/buy/cgsh_order_operate.html HTTP/1.1" 200 37
222.69.139.106 - - [14/Nov/2020:10:58:11 +0800] "GET /xingrg/check_reg.html?_=1605322684103 HTTP/1.1" 200 22
180.174.56.115 - - [14/Nov/2020:10:58:13 +0800] "POST /xingrg/kc/buy/cgsh_order_operate.html HTTP/1.1" 200 12
114.84.145.85 - - [14/Nov/2020:10:58:13 +0800] "GET /xingrg/kc/base/base_main.html HTTP/1.1" 200 12142
180.171.125.150 - - [14/Nov/2020:10:58:14 +0800] "GET /xingrg/all/function/internal_message.html?_=1605322687593&CODE_STATE=getMsg HTTP/1.1" 200 27
222.69.133.109 - - [14/Nov/2020:10:58:14 +0800] "POST /xingrg/dwr/call/plaincall/AjaxQqpsService.saveMaterielItem.dwr HTTP/1.1" 200 79
180.174.56.115 - - [14/Nov/2020:10:58:14 +0800] "GET /xingrg/kc/buy/cgsh_order_info.html?code=212020111405490 HTTP/1.1" 200 55520
114.84.145.85 - - [14/Nov/2020:10:58:14 +0800] "GET /xingrg/kc/base/wldb_order_list.html HTTP/1.1" 200 19424
180.174.56.115 - - [14/Nov/2020:10:58:14 +0800] "GET /xingrg/javascript/easyui/themes/default/validatebox.css HTTP/1.1" 404 1104
114.84.145.85 - - [14/Nov/2020:10:58:15 +0800] "POST /xingrg/kc/base/wldb_list_operate.html HTTP/1.1" 200 928
180.174.56.115 - - [14/Nov/2020:10:58:15 +0800] "POST /xingrg/kc/buy/cgsh_order_operate.html HTTP/1.1" 200 614
180.174.56.115 - - [14/Nov/2020:10:58:17 +0800] "GET /xingrg/kc/print/load_data.html?order_code=212020111405490&kc_code=cgsh&condition= HTTP/1.1" 200 736
114.84.145.85 - - [14/Nov/2020:10:58:18 +0800] "GET /xingrg/kc/buy/buy_main.html HTTP/1.1" 200 12412
114.84.145.85 - - [14/Nov/2020:10:58:18 +0800] "GET /xingrg/css/new_ie.css HTTP/1.1" 404 1036
117.184.7.30 - - [14/Nov/2020:10:58:18 +0800] "GET /xingrg/kc/buy/cgsh_order_operate.html?command=get_materiel&rest_code=00108&code=00101008131&supplier_code=00100010&order_time=2020-11-14 HTTP/1.1" 200 408
114.84.37.38 - - [14/Nov/2020:10:58:18 +0800] "GET /xingrg/check_reg.html?_=1605322721359 HTTP/1.1" 200 22
114.84.145.85 - - [14/Nov/2020:10:58:18 +0800] "GET /xingrg/images/yd/bt.gif HTTP/1.1" 404 1040
114.84.145.85 - - [14/Nov/2020:10:58:19 +0800] "GET /xingrg/kc/buy/cgsh_order_list.html HTTP/1.1" 200 44947
114.84.145.85 - - [14/Nov/2020:10:58:19 +0800] "POST /xingrg/kc/buy/cgsh_list_operate.html HTTP/1.1" 200 876
114.84.145.85 - - [14/Nov/2020:10:58:20 +0800] "GET /xingrg/kc/buy/cgsh_order_add.html HTTP/1.1" 200 60685
114.84.145.85 - - [14/Nov/2020:10:58:20 +0800] "GET /xingrg/words/20201114091825_words.js HTTP/1.1" 200 775519
114.84.145.85 - - [14/Nov/2020:10:58:21 +0800] "GET /xingrg/all/common/auto_word.html?type=employee&rest_code=00141 HTTP/1.1" 200 201
114.84.145.85 - - [14/Nov/2020:10:58:21 +0800] "GET /xingrg/javascript/easyui/themes/default/validatebox.css HTTP/1.1" 404 1104
114.84.145.85 - - [14/Nov/2020:10:58:21 +0800] "POST /xingrg/kc/buy/cgsh_order_operate.html HTTP/1.1" 200 8245
114.84.145.85 - - [14/Nov/2020:10:58:21 +0800] "GET /xingrg/all/common/auto_word.html?type=employee&rest_code=00141 HTTP/1.1" 200 201
116.228.172.94 - - [14/Nov/2020:10:58:21 +0800] "GET /xingrg/check_reg.html?_=1605322689710 HTTP/1.1" 200 22
180.174.56.115 - - [14/Nov/2020:10:58:21 +0800] "GET /xingrg/kc/buy/cgsh_order_add.html HTTP/1.1" 200 60615
180.174.56.115 - - [14/Nov/2020:10:58:22 +0800] "POST /xingrg/kc/buy/cgsh_order_operate.html HTTP/1.1" 200 8245
180.174.56.115 - - [14/Nov/2020:10:58:22 +0800] "GET /xingrg/javascript/easyui/themes/default/validatebox.css HTTP/1.1" 404 1104
116.228.172.94 - - [14/Nov/2020:10:58:22 +0800] "GET /xingrg/all/function/internal_message.html?_=1605322690757&CODE_STATE=getMsg HTTP/1.1" 200 27
117.185.32.26 - - [14/Nov/2020:10:58:26 +0800] "POST /xingrg/kc/buy/cgsh_order_operate.html HTTP/1.1" 200 37
172.17.0.120 - - [14/Nov/2020:10:58:27 +0800] "GET /xingrg/all/function/internal_message.html?_=1605322939257&CODE_STATE=getMsg HTTP/1.1" 200 27
222.69.133.109 - - [14/Nov/2020:10:58:28 +0800] "GET /xingrg/all/function/internal_message.html?_=1605322706335&CODE_STATE=getMsg HTTP/1.1" 200 27
117.185.32.26 - - [14/Nov/2020:10:58:28 +0800] "POST /xingrg/kc/buy/cgsh_order_operate.html HTTP/1.1" 200 12
101.85.228.137 - - [14/Nov/2020:10:58:30 +0800] "POST /xingrg/kc/base/wldb_order_operate.html HTTP/1.1" 200 37
117.185.32.26 - - [14/Nov/2020:10:58:30 +0800] "GET /xingrg/kc/buy/cgsh_order_info.html?code=212020111405491 HTTP/1.1" 200 55584
117.185.32.26 - - [14/Nov/2020:10:58:31 +0800] "GET /xingrg/all/function/internal_message.html?_=1605323156460&CODE_STATE=getMsg HTTP/1.1" 200 27
180.174.56.115 - - [14/Nov/2020:10:58:31 +0800] "GET /xingrg/kc/buy/cgsh_order_operate.html?command=get_materiel&rest_code=00150&code=00101015076&supplier_code=00100054&order_time=2020-11-14 HTTP/1.1" 200 416
117.185.32.26 - - [14/Nov/2020:10:58:31 +0800] "GET /xingrg/javascript/easyui/themes/default/validatebox.css HTTP/1.1" 404 1104
117.185.32.26 - - [14/Nov/2020:10:58:31 +0800] "POST /xingrg/kc/buy/cgsh_order_operate.html HTTP/1.1" 200 615
114.84.37.38 - - [14/Nov/2020:10:58:31 +0800] "GET /xingrg/all/function/internal_message.html?_=1605322734682&CODE_STATE=getMsg HTTP/1.1" 200 27
101.85.228.137 - - [14/Nov/2020:10:58:32 +0800] "POST /xingrg/kc/base/wldb_order_operate.html HTTP/1.1" 200 12
101.85.228.137 - - [14/Nov/2020:10:58:32 +0800] "POST /xingrg/kc/base/wldb_order_operate.html HTTP/1.1" 200 9693
114.84.145.85 - - [14/Nov/2020:10:58:33 +0800] "GET /xingrg/all/function/internal_message.html?_=1605322298517&CODE_STATE=getMsg HTTP/1.1" 200 27
180.162.245.190 - - [14/Nov/2020:10:58:34 +0800] "GET /xingrg/all/function/internal_message.html?_=1605322693019&CODE_STATE=getMsg HTTP/1.1" 200 27
101.85.228.137 - - [14/Nov/2020:10:58:34 +0800] "GET /xingrg/kc/base/wldb_order_info.html?code=422020111401493 HTTP/1.1" 200 26460
117.185.32.26 - - [14/Nov/2020:10:58:34 +0800] "GET /xingrg/kc/print/load_data.html?order_code=212020111405491&kc_code=cgsh&condition= HTTP/1.1" 200 765
180.157.253.48 - - [14/Nov/2020:10:58:35 +0800] "GET /xingrg/all/function/internal_message.html?_=1605322716408&CODE_STATE=getMsg HTTP/1.1" 200 27
101.85.228.137 - - [14/Nov/2020:10:58:35 +0800] "POST /xingrg/kc/base/wldb_order_operate.html HTTP/1.1" 200 7798
101.85.228.137 - - [14/Nov/2020:10:58:36 +0800] "GET /xingrg/javascript/easyui/themes/default/validatebox.css HTTP/1.1" 404 1104
101.85.228.137 - - [14/Nov/2020:10:58:38 +0800] "GET /xingrg/kc/base/wldb_order_add.html HTTP/1.1" 200 30583
117.184.7.30 - - [14/Nov/2020:10:58:39 +0800] "GET /xingrg/kc/buy/cgsh_order_operate.html?command=get_materiel&rest_code=00108&code=00101006133&supplier_code=00100010&order_time=2020-11-14 HTTP/1.1" 200 413
101.85.228.137 - - [14/Nov/2020:10:58:40 +0800] "POST /xingrg/kc/base/wldb_order_operate.html HTTP/1.1" 200 6806
101.85.228.137 - - [14/Nov/2020:10:58:41 +0800] "GET /xingrg/javascript/easyui/themes/default/validatebox.css HTTP/1.1" 404 1104
101.85.228.137 - - [14/Nov/2020:10:58:42 +0800] "POST /xingrg/all/common/load_combo.html?type=base HTTP/1.1" 200 3060
117.185.32.26 - - [14/Nov/2020:10:58:42 +0800] "GET /xingrg/kc/base/wldb_order_add.html HTTP/1.1" 200 30591
101.85.228.137 - - [14/Nov/2020:10:58:43 +0800] "GET /xingrg/check_reg.html?_=1605322943200 HTTP/1.1" 200 22
117.185.32.26 - - [14/Nov/2020:10:58:43 +0800] "GET /xingrg/javascript/easyui/themes/default/validatebox.css HTTP/1.1" 404 1104
117.185.32.26 - - [14/Nov/2020:10:58:43 +0800] "POST /xingrg/kc/base/wldb_order_operate.html HTTP/1.1" 200 6806
117.185.32.26 - - [14/Nov/2020:10:58:43 +0800] "POST /xingrg/all/common/load_combo.html?type=base HTTP/1.1" 200 3142
180.162.245.190 - - [14/Nov/2020:10:58:44 +0800] "GET /xingrg/kc/base/wldb_order_list.html HTTP/1.1" 200 19418
101.85.228.137 - - [14/Nov/2020:10:58:44 +0800] "POST /xingrg/all/common/load_combo.html?type=base HTTP/1.1" 200 3060
101.85.228.137 - - [14/Nov/2020:10:58:44 +0800] "GET /xingrg/all/function/internal_message.html?_=1605322944462&CODE_STATE=getMsg HTTP/1.1" 200 27
180.162.245.190 - - [14/Nov/2020:10:58:44 +0800] "POST /xingrg/kc/base/wldb_list_operate.html HTTP/1.1" 200 928
117.185.32.26 - - [14/Nov/2020:10:58:46 +0800] "POST /xingrg/all/common/load_combo.html?type=base HTTP/1.1" 200 3142
114.88.166.242 - - [14/Nov/2020:10:58:47 +0800] "GET /xingrg/all/function/internal_message.html?_=1605322831414&CODE_STATE=getMsg HTTP/1.1" 200 27
180.162.245.190 - - [14/Nov/2020:10:58:47 +0800] "GET /xingrg/all/function/internal_message.html?_=1605322724372&CODE_STATE=getMsg HTTP/1.1" 200 27
114.88.166.242 - - [14/Nov/2020:10:58:48 +0800] "GET /xingrg/check_reg.html?_=1605322832009 HTTP/1.1" 200 22
117.184.7.30 - - [14/Nov/2020:10:58:51 +0800] "GET /xingrg/kc/buy/cgsh_order_operate.html?command=get_materiel&rest_code=00108&code=00101016104&supplier_code=00100010&order_time=2020-11-14 HTTP/1.1" 200 409
117.185.32.26 - - [14/Nov/2020:10:58:52 +0800] "GET /xingrg/kc/base/wldb_order_operate.html?command=get_materiel&rest_code=00106&base_code=0010397&code=00102002022 HTTP/1.1" 200 458
117.185.32.26 - - [14/Nov/2020:10:58:52 +0800] "GET /xingrg/kc/buy/cgsh_order_add.html HTTP/1.1" 200 60679
117.185.32.26 - - [14/Nov/2020:10:58:53 +0800] "POST /xingrg/kc/buy/cgsh_order_operate.html HTTP/1.1" 200 8245
117.185.32.26 - - [14/Nov/2020:10:58:53 +0800] "GET /xingrg/javascript/easyui/themes/default/validatebox.css HTTP/1.1" 404 1104
101.85.228.137 - - [14/Nov/2020:10:58:54 +0800] "GET /xingrg/kc/base/wldb_order_operate.html?command=get_materiel&rest_code=00102&base_code=0010476&code=00101019438 HTTP/1.1" 200 447
117.185.32.26 - - [14/Nov/2020:10:58:54 +0800] "GET /xingrg/check_reg.html?_=1605322724410 HTTP/1.1" 200 22
117.185.32.26 - - [14/Nov/2020:10:58:54 +0800] "GET /xingrg/javascript/easyui/themes/default/tree.css HTTP/1.1" 404 1090
117.185.32.26 - - [14/Nov/2020:10:58:54 +0800] "POST /xingrg/all/common/load_tree.html?tree=supplier_tree_json&isDelete=1 HTTP/1.1" 200 51855
117.184.7.30 - - [14/Nov/2020:10:58:55 +0800] "GET /xingrg/check_reg.html?_=1605322720926 HTTP/1.1" 200 22
180.174.56.115 - - [14/Nov/2020:10:58:55 +0800] "POST /xingrg/kc/buy/cgsh_order_operate.html HTTP/1.1" 200 37
117.185.32.26 - - [14/Nov/2020:10:58:56 +0800] "GET /xingrg/kc/base/wldb_order_operate.html?command=get_materiel&rest_code=00106&base_code=0010397&code=00102002373 HTTP/1.1" 200 440
180.174.56.115 - - [14/Nov/2020:10:58:57 +0800] "POST /xingrg/kc/buy/cgsh_order_operate.html HTTP/1.1" 200 12
180.174.56.115 - - [14/Nov/2020:10:58:58 +0800] "GET /xingrg/kc/buy/cgsh_order_info.html?code=212020111405492 HTTP/1.1" 200 55520
114.86.224.137 - - [14/Nov/2020:10:58:59 +0800] "GET /xingrg/all/function/internal_message.html?_=1605322809230&CODE_STATE=getMsg HTTP/1.1" 200 27
180.174.56.115 - - [14/Nov/2020:10:58:59 +0800] "GET /xingrg/javascript/easyui/themes/default/validatebox.css HTTP/1.1" 404 1104
101.85.228.137 - - [14/Nov/2020:10:58:59 +0800] "GET /xingrg/kc/base/wldb_order_operate.html?command=get_materiel&rest_code=00102&base_code=0010476&code=00101019258 HTTP/1.1" 200 469
180.174.56.115 - - [14/Nov/2020:10:58:59 +0800] "POST /xingrg/kc/buy/cgsh_order_operate.html HTTP/1.1" 200 609
117.185.32.26 - - [14/Nov/2020:10:58:59 +0800] "GET /xingrg/all/function/internal_message.html?_=1605322729066&CODE_STATE=getMsg HTTP/1.1" 200 27
180.174.56.115 - - [14/Nov/2020:10:58:59 +0800] "GET /xingrg/all/function/internal_message.html?_=1605322713746&CODE_STATE=getMsg HTTP/1.1" 200 27
114.84.145.85 - - [14/Nov/2020:10:59:00 +0800] "GET /xingrg/javascript/jquery_tools/images/next.gif HTTP/1.1" 404 1086
114.84.145.85 - - [14/Nov/2020:10:59:00 +0800] "GET /xingrg/javascript/jquery_tools/images/prev.gif HTTP/1.1" 404 1086
120.253.135.82 - - [14/Nov/2020:10:59:00 +0800] "GET /xingrg/all/function/internal_message.html?_=1605322779888&CODE_STATE=getMsg HTTP/1.1" 200 27
180.162.245.190 - - [14/Nov/2020:10:59:00 +0800] "GET /xingrg/kc/base/wldb_order_add.html HTTP/1.1" 200 30587
180.174.56.115 - - [14/Nov/2020:10:59:00 +0800] "GET /xingrg/kc/print/load_data.html?order_code=212020111405492&kc_code=cgsh&condition= HTTP/1.1" 200 724
180.162.245.190 - - [14/Nov/2020:10:59:00 +0800] "GET /xingrg/all/common/auto_word.html?type=base&rest_code=00105 HTTP/1.1" 200 1811
180.162.245.190 - - [14/Nov/2020:10:59:00 +0800] "GET /xingrg/all/common/auto_word.html?type=base&rest_code=00105 HTTP/1.1" 200 1811
180.162.245.190 - - [14/Nov/2020:10:59:00 +0800] "GET /xingrg/javascript/easyui/themes/default/validatebox.css HTTP/1.1" 404 1104
180.162.245.190 - - [14/Nov/2020:10:59:00 +0800] "POST /xingrg/kc/base/wldb_order_operate.html HTTP/1.1" 200 6806
180.162.245.190 - - [14/Nov/2020:10:59:02 +0800] "POST /xingrg/all/common/load_combo.html?type=base HTTP/1.1" 200 3236
117.185.32.26 - - [14/Nov/2020:10:59:02 +0800] "GET /xingrg/kc/base/wldb_order_operate.html?command=get_materiel&rest_code=00106&base_code=0010397&code=00102002448 HTTP/1.1" 200 426
114.84.145.85 - - [14/Nov/2020:10:59:04 +0800] "GET /xingrg/kc/buy/cgsh_order_operate.html?command=get_materiel&rest_code=00141&code=00101011005&supplier_code=00100036&order_time=2020-11-14 HTTP/1.1" 200 428
180.174.56.115 - - [14/Nov/2020:10:59:05 +0800] "GET /xingrg/kc/buy/cgsh_order_add.html HTTP/1.1" 200 60615
180.174.56.115 - - [14/Nov/2020:10:59:05 +0800] "POST /xingrg/kc/buy/cgsh_order_operate.html HTTP/1.1" 200 8245
180.174.56.115 - - [14/Nov/2020:10:59:06 +0800] "GET /xingrg/javascript/easyui/themes/default/validatebox.css HTTP/1.1" 404 1104
172.17.0.101 - - [14/Nov/2020:10:59:08 +0800] "GET /xingrg/all/function/internal_message.html?_=1605322746301&CODE_STATE=getMsg HTTP/1.1" 200 27
117.185.32.26 - - [14/Nov/2020:10:59:08 +0800] "GET /xingrg/kc/base/wldb_order_operate.html?command=get_materiel&rest_code=00106&base_code=0010397&code=00102002287 HTTP/1.1" 200 440
117.184.7.30 - - [14/Nov/2020:10:59:09 +0800] "GET /xingrg/kc/buy/cgsh_order_operate.html?command=get_materiel&rest_code=00108&code=00101006111&supplier_code=00100010&order_time=2020-11-14 HTTP/1.1" 200 409
180.162.245.190 - - [14/Nov/2020:10:59:10 +0800] "GET /xingrg/kc/base/wldb_order_operate.html?command=get_materiel&rest_code=00105&base_code=0010508&code=00102002258 HTTP/1.1" 200 434
222.69.139.106 - - [14/Nov/2020:10:59:10 +0800] "GET /xingrg/all/function/internal_message.html?_=1605322743557&CODE_STATE=getMsg HTTP/1.1" 200 27
101.85.228.137 - - [14/Nov/2020:10:59:11 +0800] "GET /xingrg/kc/base/wldb_order_operate.html?command=get_materiel&rest_code=00102&base_code=0010476&code=00101019108 HTTP/1.1" 200 463
114.84.145.85 - - [14/Nov/2020:10:59:13 +0800] "GET /xingrg/kc/buy/cgsh_order_operate.html?command=get_materiel&rest_code=00141&code=00101016010&supplier_code=00100036&order_time=2020-11-14 HTTP/1.1" 200 408
180.171.125.150 - - [14/Nov/2020:10:59:13 +0800] "GET /xingrg/check_reg.html?_=1605322747206 HTTP/1.1" 200 22
180.171.125.150 - - [14/Nov/2020:10:59:14 +0800] "GET /xingrg/all/function/internal_message.html?_=1605322747618&CODE_STATE=getMsg HTTP/1.1" 200 27
180.174.56.115 - - [14/Nov/2020:10:59:16 +0800] "GET /xingrg/kc/buy/cgsh_order_operate.html?command=get_materiel&rest_code=00150&code=00101031008&supplier_code=00100064&order_time=2020-11-14 HTTP/1.1" 200 420
117.185.32.26 - - [14/Nov/2020:10:59:16 +0800] "GET /xingrg/kc/buy/cgsh_order_operate.html?command=get_materiel&rest_code=00106&code=00101003013&supplier_code=00100093&order_time=2020-11-14 HTTP/1.1" 200 427
180.162.245.190 - - [14/Nov/2020:10:59:16 +0800] "GET /xingrg/kc/base/wldb_order_operate.html?command=get_materiel&rest_code=00105&base_code=0010508&code=00102002238 HTTP/1.1" 200 434
101.85.228.137 - - [14/Nov/2020:10:59:17 +0800] "GET /xingrg/kc/base/wldb_order_operate.html?command=get_materiel&rest_code=00102&base_code=0010476&code=00101019079 HTTP/1.1" 200 465
114.84.145.85 - - [14/Nov/2020:10:59:18 +0800] "GET /xingrg/kc/buy/cgsh_order_operate.html?command=get_materiel&rest_code=00141&code=00101012025&supplier_code=00100036&order_time=2020-11-14 HTTP/1.1" 200 412
117.184.7.30 - - [14/Nov/2020:10:59:20 +0800] "GET /xingrg/kc/buy/cgsh_order_operate.html?command=get_materiel&rest_code=00108&code=00101006180&supplier_code=00100010&order_time=2020-11-14 HTTP/1.1" 200 423
180.162.245.190 - - [14/Nov/2020:10:59:22 +0800] "GET /xingrg/kc/base/wldb_order_operate.html?command=get_materiel&rest_code=00105&base_code=0010508&code=00102002254 HTTP/1.1" 200 435
116.228.172.94 - - [14/Nov/2020:10:59:22 +0800] "GET /xingrg/all/function/internal_message.html?_=1605322750745&CODE_STATE=getMsg HTTP/1.1" 200 27
114.84.37.38 - - [14/Nov/2020:10:59:23 +0800] "GET /xingrg/kc/buy/cgsh_order_add.html HTTP/1.1" 200 60685
117.185.32.26 - - [14/Nov/2020:10:59:25 +0800] "POST /xingrg/kc/base/wldb_order_operate.html HTTP/1.1" 200 37
117.185.32.26 - - [14/Nov/2020:10:59:26 +0800] "POST /xingrg/kc/base/wldb_order_operate.html HTTP/1.1" 200 3651
114.84.37.38 - - [14/Nov/2020:10:59:26 +0800] "POST /xingrg/kc/buy/cgsh_order_operate.html HTTP/1.1" 200 8245
117.185.32.26 - - [14/Nov/2020:10:59:26 +0800] "GET /xingrg/kc/base/wldb_order_info.html?code=422020111401494 HTTP/1.1" 200 30605
114.84.37.38 - - [14/Nov/2020:10:59:26 +0800] "GET /xingrg/javascript/easyui/themes/default/validatebox.css HTTP/1.1" 404 1104
172.17.0.120 - - [14/Nov/2020:10:59:27 +0800] "GET /xingrg/all/function/internal_message.html?_=1605322999260&CODE_STATE=getMsg HTTP/1.1" 200 27
117.185.32.26 - - [14/Nov/2020:10:59:27 +0800] "GET /xingrg/javascript/easyui/themes/default/validatebox.css HTTP/1.1" 404 1104
180.162.245.190 - - [14/Nov/2020:10:59:28 +0800] "GET /xingrg/kc/base/wldb_order_operate.html?command=get_materiel&rest_code=00105&base_code=0010508&code=00102002041 HTTP/1.1" 200 435
117.185.32.26 - - [14/Nov/2020:10:59:28 +0800] "POST /xingrg/kc/base/wldb_order_operate.html HTTP/1.1" 200 3651
222.69.133.109 - - [14/Nov/2020:10:59:28 +0800] "GET /xingrg/all/function/internal_message.html?_=1605322766346&CODE_STATE=getMsg HTTP/1.1" 200 27
222.69.133.109 - - [14/Nov/2020:10:59:28 +0800] "GET /xingrg/check_reg.html?_=1605322766350 HTTP/1.1" 200 22
180.174.56.115 - - [14/Nov/2020:10:59:29 +0800] "POST /xingrg/kc/buy/cgsh_order_operate.html HTTP/1.1" 200 37
117.184.7.30 - - [14/Nov/2020:10:59:30 +0800] "GET /xingrg/kc/buy/cgsh_order_operate.html?command=get_materiel&rest_code=00108&code=00101006084&supplier_code=00100010&order_time=2020-11-14 HTTP/1.1" 200 433
114.84.145.85 - - [14/Nov/2020:10:59:30 +0800] "GET /xingrg/kc/buy/cgsh_order_operate.html?command=get_materiel&rest_code=00141&code=00101016025&supplier_code=00100036&order_time=2020-11-14 HTTP/1.1" 200 408
117.185.32.26 - - [14/Nov/2020:10:59:31 +0800] "GET /xingrg/all/function/internal_message.html?_=1605323216445&CODE_STATE=getMsg HTTP/1.1" 200 27
180.174.56.115 - - [14/Nov/2020:10:59:31 +0800] "POST /xingrg/kc/buy/cgsh_order_operate.html HTTP/1.1" 200 12
114.84.37.38 - - [14/Nov/2020:10:59:32 +0800] "GET /xingrg/all/function/internal_message.html?_=1605322794819&CODE_STATE=getMsg HTTP/1.1" 200 27
180.174.56.115 - - [14/Nov/2020:10:59:32 +0800] "GET /xingrg/kc/buy/cgsh_order_info.html?code=212020111405493 HTTP/1.1" 200 55522
180.174.56.115 - - [14/Nov/2020:10:59:32 +0800] "GET /xingrg/javascript/easyui/themes/default/validatebox.css HTTP/1.1" 404 1104
117.185.32.26 - - [14/Nov/2020:10:59:32 +0800] "GET /xingrg/kc/base/wldb_order_add.html HTTP/1.1" 200 30591
180.174.56.115 - - [14/Nov/2020:10:59:32 +0800] "POST /xingrg/kc/buy/cgsh_order_operate.html HTTP/1.1" 200 617
114.84.145.85 - - [14/Nov/2020:10:59:33 +0800] "GET /xingrg/all/function/internal_message.html?_=1605322358512&CODE_STATE=getMsg HTTP/1.1" 200 27
117.185.32.26 - - [14/Nov/2020:10:59:33 +0800] "GET /xingrg/javascript/easyui/themes/default/validatebox.css HTTP/1.1" 404 1104
117.185.32.26 - - [14/Nov/2020:10:59:33 +0800] "POST /xingrg/kc/base/wldb_order_operate.html HTTP/1.1" 200 6806
180.162.245.190 - - [14/Nov/2020:10:59:34 +0800] "GET /xingrg/all/function/internal_message.html?_=1605322753018&CODE_STATE=getMsg HTTP/1.1" 200 27
180.174.56.115 - - [14/Nov/2020:10:59:34 +0800] "GET /xingrg/kc/print/load_data.html?order_code=212020111405493&kc_code=cgsh&condition= HTTP/1.1" 200 787
180.162.245.190 - - [14/Nov/2020:10:59:34 +0800] "GET /xingrg/kc/base/wldb_order_operate.html?command=get_materiel&rest_code=00105&base_code=0010508&code=00102002026 HTTP/1.1" 200 434
117.185.32.26 - - [14/Nov/2020:10:59:35 +0800] "POST /xingrg/all/common/load_combo.html?type=base HTTP/1.1" 200 3142
180.157.253.48 - - [14/Nov/2020:10:59:35 +0800] "GET /xingrg/all/function/internal_message.html?_=1605322776405&CODE_STATE=getMsg HTTP/1.1" 200 27
117.185.32.26 - - [14/Nov/2020:10:59:37 +0800] "POST /xingrg/all/common/load_combo.html?type=base HTTP/1.1" 200 3142
114.84.145.85 - - [14/Nov/2020:10:59:37 +0800] "GET /xingrg/kc/buy/cgsh_order_operate.html?command=get_materiel&rest_code=00141&code=00101016105&supplier_code=00100036&order_time=2020-11-14 HTTP/1.1" 200 409
114.84.37.38 - - [14/Nov/2020:10:59:40 +0800] "GET /xingrg/kc/buy/cgsh_order_operate.html?command=get_materiel&rest_code=00146&code=00101019215&supplier_code=00100337&order_time=2020-11-14 HTTP/1.1" 200 432
180.162.245.190 - - [14/Nov/2020:10:59:41 +0800] "GET /xingrg/kc/base/wldb_order_operate.html?command=get_materiel&rest_code=00105&base_code=0010508&code=00102002610 HTTP/1.1" 200 431
117.185.32.26 - - [14/Nov/2020:10:59:43 +0800] "GET /xingrg/kc/base/wldb_order_operate.html?command=get_materiel&rest_code=00106&base_code=0010397&code=00102002204 HTTP/1.1" 200 434
101.85.228.137 - - [14/Nov/2020:10:59:44 +0800] "GET /xingrg/all/function/internal_message.html?_=1605323004465&CODE_STATE=getMsg HTTP/1.1" 200 27
180.162.245.190 - - [14/Nov/2020:10:59:45 +0800] "POST /xingrg/kc/base/wldb_order_operate.html HTTP/1.1" 200 37
180.162.245.190 - - [14/Nov/2020:10:59:45 +0800] "POST /xingrg/kc/base/wldb_order_operate.html HTTP/1.1" 200 4568
180.162.245.190 - - [14/Nov/2020:10:59:46 +0800] "GET /xingrg/kc/base/wldb_order_info.html?code=422020111401495 HTTP/1.1" 200 30601
180.162.245.190 - - [14/Nov/2020:10:59:46 +0800] "GET /xingrg/javascript/easyui/themes/default/validatebox.css HTTP/1.1" 404 1104
180.162.245.190 - - [14/Nov/2020:10:59:47 +0800] "POST /xingrg/kc/base/wldb_order_operate.html HTTP/1.1" 200 4568
117.184.7.30 - - [14/Nov/2020:10:59:47 +0800] "POST /xingrg/kc/buy/cgsh_order_operate.html HTTP/1.1" 200 37
114.84.37.38 - - [14/Nov/2020:10:59:47 +0800] "POST /xingrg/all/common/load_select.html HTTP/1.1" 200 25
114.88.166.242 - - [14/Nov/2020:10:59:47 +0800] "GET /xingrg/all/function/internal_message.html?_=1605322891393&CODE_STATE=getMsg HTTP/1.1" 200 27
180.162.245.190 - - [14/Nov/2020:10:59:47 +0800] "GET /xingrg/all/function/internal_message.html?_=1605322784343&CODE_STATE=getMsg HTTP/1.1" 200 27
117.184.7.30 - - [14/Nov/2020:10:59:48 +0800] "POST /xingrg/kc/buy/cgsh_order_operate.html HTTP/1.1" 200 6800
117.184.7.30 - - [14/Nov/2020:10:59:50 +0800] "GET /xingrg/kc/print/load_data.html?order_code=212020111405494&kc_code=cgsh&condition= HTTP/1.1" 200 2299
101.85.228.137 - - [14/Nov/2020:10:59:51 +0800] "GET /xingrg/kc/base/wldb_order_operate.html?command=get_materiel&rest_code=00102&base_code=0010476&code=00101022006 HTTP/1.1" 200 454
114.84.37.38 - - [14/Nov/2020:10:59:52 +0800] "GET /xingrg/kc/buy/cgsh_order_operate.html?command=get_materiel_price&rest_code=00146&code=00101019215&unit_code=00100073&supplier_code=00100337&order_time=2020-11-14 HTTP/1.1" 200 28
114.88.166.242 - - [14/Nov/2020:10:59:53 +0800] "GET /xingrg/kc/buy/cgsh_order_list.html HTTP/1.1" 200 44941
114.84.145.85 - - [14/Nov/2020:10:59:53 +0800] "GET /xingrg/kc/buy/cgsh_order_operate.html?command=get_materiel&rest_code=00141&code=00101010092&supplier_code=00100036&order_time=2020-11-14 HTTP/1.1" 200 450
117.185.32.26 - - [14/Nov/2020:10:59:54 +0800] "GET /xingrg/kc/base/wldb_order_operate.html?command=get_materiel&rest_code=00106&base_code=0010397&code=00102001031 HTTP/1.1" 200 440
114.88.166.242 - - [14/Nov/2020:10:59:54 +0800] "POST /xingrg/kc/buy/cgsh_list_operate.html HTTP/1.1" 200 8815
114.86.224.137 - - [14/Nov/2020:10:59:58 +0800] "GET /xingrg/all/function/internal_message.html?_=1605322869233&CODE_STATE=getMsg HTTP/1.1" 200 27
117.185.32.26 - - [14/Nov/2020:10:59:58 +0800] "POST /xingrg/kc/base/wldb_order_operate.html HTTP/1.1" 200 37
117.185.32.26 - - [14/Nov/2020:10:59:59 +0800] "POST /xingrg/kc/base/wldb_order_operate.html HTTP/1.1" 200 3154
117.185.32.26 - - [14/Nov/2020:10:59:59 +0800] "GET /xingrg/kc/base/wldb_order_info.html?code=422020111401496 HTTP/1.1" 200 30605
180.174.56.115 - - [14/Nov/2020:10:59:59 +0800] "GET /xingrg/all/function/internal_message.html?_=1605322773758&CODE_STATE=getMsg HTTP/1.1" 200 27
117.185.32.26 - - [14/Nov/2020:11:00:00 +0800] "GET /xingrg/javascript/easyui/themes/default/validatebox.css HTTP/1.1" 404 1104
120.253.135.82 - - [14/Nov/2020:11:00:00 +0800] "GET /xingrg/all/function/internal_message.html?_=1605322839912&CODE_STATE=getMsg HTTP/1.1" 200 27
117.185.32.26 - - [14/Nov/2020:11:00:00 +0800] "POST /xingrg/kc/base/wldb_order_operate.html HTTP/1.1" 200 3154
101.85.228.137 - - [14/Nov/2020:11:00:01 +0800] "GET /xingrg/kc/base/wldb_order_operate.html?command=get_materiel&rest_code=00102&base_code=0010476&code=00101019313 HTTP/1.1" 200 442
114.84.145.85 - - [14/Nov/2020:11:00:04 +0800] "GET /xingrg/kc/buy/cgsh_order_operate.html?command=get_materiel&rest_code=00141&code=00101012051&supplier_code=00100036&order_time=2020-11-14 HTTP/1.1" 200 408
180.162.245.190 - - [14/Nov/2020:11:00:04 +0800] "POST /xingrg/kc/base/wldb_order_operate.html HTTP/1.1" 200 37
180.162.245.190 - - [14/Nov/2020:11:00:04 +0800] "POST /xingrg/kc/base/wldb_order_operate.html HTTP/1.1" 200 4568
180.162.245.190 - - [14/Nov/2020:11:00:05 +0800] "GET /xingrg/kc/base/wldb_order_info.html?code=422020111401495 HTTP/1.1" 200 30601
180.162.245.190 - - [14/Nov/2020:11:00:05 +0800] "GET /xingrg/javascript/easyui/themes/default/validatebox.css HTTP/1.1" 404 1104
180.162.245.190 - - [14/Nov/2020:11:00:05 +0800] "POST /xingrg/kc/base/wldb_order_operate.html HTTP/1.1" 200 4568
180.174.56.115 - - [14/Nov/2020:11:00:07 +0800] "GET /xingrg/kc/buy/cgsh_order_add.html HTTP/1.1" 200 60615
172.17.0.101 - - [14/Nov/2020:11:00:08 +0800] "GET /xingrg/all/function/internal_message.html?_=1605322806285&CODE_STATE=getMsg HTTP/1.1" 200 27
180.174.56.115 - - [14/Nov/2020:11:00:08 +0800] "POST /xingrg/kc/buy/cgsh_order_operate.html HTTP/1.1" 200 8245
180.174.56.115 - - [14/Nov/2020:11:00:08 +0800] "GET /xingrg/javascript/easyui/themes/default/validatebox.css HTTP/1.1" 404 1104
222.69.139.106 - - [14/Nov/2020:11:00:10 +0800] "GET /xingrg/all/function/internal_message.html?_=1605322803544&CODE_STATE=getMsg HTTP/1.1" 200 27
180.171.125.150 - - [14/Nov/2020:11:00:14 +0800] "GET /xingrg/all/function/internal_message.html?_=1605322807631&CODE_STATE=getMsg HTTP/1.1" 200 27
180.162.245.190 - - [14/Nov/2020:11:00:14 +0800] "GET /xingrg/kc/base/wldb_order_add.html HTTP/1.1" 200 30587
114.84.37.38 - - [14/Nov/2020:11:00:14 +0800] "POST /xingrg/kc/buy/cgsh_order_operate.html HTTP/1.1" 200 37
180.162.245.190 - - [14/Nov/2020:11:00:15 +0800] "GET /xingrg/javascript/easyui/themes/default/validatebox.css HTTP/1.1" 404 1104
180.162.245.190 - - [14/Nov/2020:11:00:15 +0800] "POST /xingrg/kc/base/wldb_order_operate.html HTTP/1.1" 200 6806
180.162.245.190 - - [14/Nov/2020:11:00:15 +0800] "POST /xingrg/all/common/load_combo.html?type=base HTTP/1.1" 200 3236
117.184.7.30 - - [14/Nov/2020:11:00:16 +0800] "GET /xingrg/kc/buy/cgsh_order_add.html HTTP/1.1" 200 60638
117.184.7.30 - - [14/Nov/2020:11:00:16 +0800] "POST /xingrg/kc/buy/cgsh_order_operate.html HTTP/1.1" 200 8245
117.184.7.26 - - [14/Nov/2020:11:00:16 +0800] "GET /xingrg/javascript/easyui/themes/default/validatebox.css HTTP/1.1" 404 1104
114.84.37.38 - - [14/Nov/2020:11:00:16 +0800] "POST /xingrg/kc/buy/cgsh_order_operate.html HTTP/1.1" 200 2668
180.174.56.115 - - [14/Nov/2020:11:00:17 +0800] "GET /xingrg/kc/buy/cgsh_order_operate.html?command=get_materiel&rest_code=00150&code=00101012046&supplier_code=00100347&order_time=2020-11-14 HTTP/1.1" 200 417
114.84.145.85 - - [14/Nov/2020:11:00:17 +0800] "GET /xingrg/kc/buy/cgsh_order_operate.html?command=get_materiel&rest_code=00141&code=00101012038&supplier_code=00100036&order_time=2020-11-14 HTTP/1.1" 200 414
117.185.32.26 - - [14/Nov/2020:11:00:19 +0800] "GET /xingrg/kc/buy/cgsh_order_operate.html?command=get_materiel&rest_code=00106&code=00101003031&supplier_code=00100093&order_time=2020-11-14 HTTP/1.1" 200 426
116.228.172.94 - - [14/Nov/2020:11:00:22 +0800] "GET /xingrg/all/function/internal_message.html?_=1605322810729&CODE_STATE=getMsg HTTP/1.1" 200 27
172.17.0.120 - - [14/Nov/2020:11:00:27 +0800] "GET /xingrg/all/function/internal_message.html?_=1605323059261&CODE_STATE=getMsg HTTP/1.1" 200 27
180.174.56.115 - - [14/Nov/2020:11:00:27 +0800] "GET /xingrg/kc/buy/cgsh_order_operate.html?command=get_materiel&rest_code=00150&code=00101008147&supplier_code=00100347&order_time=2020-11-14 HTTP/1.1" 200 416
117.184.7.30 - - [14/Nov/2020:11:00:28 +0800] "GET /xingrg/kc/buy/cgsh_order_operate.html?command=get_materiel&rest_code=00108&code=00101007061&supplier_code=00100002&order_time=2020-11-14 HTTP/1.1" 200 409
