222.69.136.74 - - [13/Nov/2020:08:32:51 +0800] "GET /xingrg/kc/buy/cgsh_order_operate.html?command=get_materiel&rest_code=00149&code=00101007059&supplier_code=00100205&order_time=2020-11-13 HTTP/1.1" 200 409
117.131.5.26 - - [13/Nov/2020:08:32:52 +0800] "GET /xingrg/all/function/internal_message.html?_=1605227878072&CODE_STATE=getMsg HTTP/1.1" 200 27
222.69.136.74 - - [13/Nov/2020:08:32:53 +0800] "GET /xingrg/all/function/internal_message.html?_=1605227567870&CODE_STATE=getMsg HTTP/1.1" 200 27
172.17.0.185 - - [13/Nov/2020:08:32:54 +0800] "GET /xingrg/all/function/internal_message.html?_=1605227571012&CODE_STATE=getMsg HTTP/1.1" 200 27
180.162.245.190 - - [13/Nov/2020:08:32:55 +0800] "GET /xingrg/index.html?sysBaseUrl=http%3A%2F%2F180.169.147.146%3A18081%2Fxingrg%2F&costTime=36×tamp=1585223203754 HTTP/1.1" 302 -
180.162.245.190 - - [13/Nov/2020:08:32:55 +0800] "GET /xingrg/login.html HTTP/1.1" 200 7641
180.162.245.190 - - [13/Nov/2020:08:32:55 +0800] "GET /favicon.ico HTTP/1.1" 404 -
180.162.245.190 - - [13/Nov/2020:08:32:56 +0800] "GET /favicon.ico HTTP/1.1" 404 -
180.174.56.115 - - [13/Nov/2020:08:32:57 +0800] "GET /xingrg/all/function/internal_message.html?_=1605227574800&CODE_STATE=getMsg HTTP/1.1" 200 27
222.69.136.74 - - [13/Nov/2020:08:33:02 +0800] "POST /xingrg/kc/buy/cgsh_order_operate.html HTTP/1.1" 200 37
222.69.136.74 - - [13/Nov/2020:08:33:08 +0800] "POST /xingrg/kc/buy/cgsh_order_operate.html HTTP/1.1" 200 12
222.69.136.74 - - [13/Nov/2020:08:33:09 +0800] "GET /xingrg/kc/buy/cgsh_order_info.html?code=212020111304933 HTTP/1.1" 200 55567
222.69.136.74 - - [13/Nov/2020:08:33:10 +0800] "GET /xingrg/javascript/easyui/themes/default/validatebox.css HTTP/1.1" 404 1104
222.69.136.74 - - [13/Nov/2020:08:33:10 +0800] "POST /xingrg/kc/buy/cgsh_order_operate.html HTTP/1.1" 200 1197
222.69.136.74 - - [13/Nov/2020:08:33:11 +0800] "GET /xingrg/kc/print/load_config.html?kc_code=cgsh HTTP/1.1" 200 1845
222.69.136.74 - - [13/Nov/2020:08:33:12 +0800] "GET /xingrg/kc/print/load_data.html?order_code=212020111304933&kc_code=cgsh&condition= HTTP/1.1" 200 920
114.88.166.242 - - [13/Nov/2020:08:33:15 +0800] "GET /xingrg/all/function/internal_message.html?_=1605227588202&CODE_STATE=getMsg HTTP/1.1" 200 27
180.174.56.115 - - [13/Nov/2020:08:33:17 +0800] "GET /xingrg/check_reg.html?_=1605227573357 HTTP/1.1" 200 22
114.84.37.38 - - [13/Nov/2020:08:33:20 +0800] "GET /xingrg/all/function/internal_message.html?_=1605227619249&CODE_STATE=getMsg HTTP/1.1" 200 27
222.69.136.74 - - [13/Nov/2020:08:33:36 +0800] "GET /xingrg/kc/buy/cgsh_order_add.html HTTP/1.1" 200 60666
222.69.136.74 - - [13/Nov/2020:08:33:37 +0800] "POST /xingrg/kc/buy/cgsh_order_operate.html HTTP/1.1" 200 8245
222.69.136.74 - - [13/Nov/2020:08:33:37 +0800] "GET /xingrg/javascript/easyui/themes/default/validatebox.css HTTP/1.1" 404 1104
172.17.0.120 - - [13/Nov/2020:08:33:39 +0800] "GET /xingrg/check_reg.html?_=1605227788700 HTTP/1.1" 302 -
172.17.0.120 - - [13/Nov/2020:08:33:39 +0800] "GET /xingrg/all/function/internal_message.html?_=1605227788701&CODE_STATE=getMsg HTTP/1.1" 302 -
117.131.5.26 - - [13/Nov/2020:08:33:52 +0800] "GET /xingrg/all/function/internal_message.html?_=1605227938118&CODE_STATE=getMsg HTTP/1.1" 200 27
222.69.136.74 - - [13/Nov/2020:08:33:53 +0800] "GET /xingrg/all/function/internal_message.html?_=1605227627841&CODE_STATE=getMsg HTTP/1.1" 200 27
172.17.0.185 - - [13/Nov/2020:08:33:54 +0800] "GET /xingrg/all/function/internal_message.html?_=1605227631015&CODE_STATE=getMsg HTTP/1.1" 200 27
180.174.56.115 - - [13/Nov/2020:08:33:57 +0800] "GET /xingrg/all/function/internal_message.html?_=1605227634786&CODE_STATE=getMsg HTTP/1.1" 200 27
114.88.166.242 - - [13/Nov/2020:08:34:08 +0800] "GET /xingrg/check_reg.html?_=1605227641368 HTTP/1.1" 200 22
114.88.166.242 - - [13/Nov/2020:08:34:15 +0800] "GET /xingrg/all/function/internal_message.html?_=1605227648210&CODE_STATE=getMsg HTTP/1.1" 200 27
222.69.136.74 - - [13/Nov/2020:08:34:16 +0800] "GET /xingrg/kc/buy/cgsh_order_operate.html?command=get_materiel&rest_code=00149&code=00102003447&supplier_code=00100151&order_time=2020-11-13 HTTP/1.1" 200 410
114.84.37.38 - - [13/Nov/2020:08:34:20 +0800] "GET /xingrg/all/function/internal_message.html?_=1605227679826&CODE_STATE=getMsg HTTP/1.1" 200 27
117.131.5.26 - - [13/Nov/2020:08:34:34 +0800] "GET /xingrg/check_reg.html?_=1605227980736 HTTP/1.1" 200 22
172.17.0.120 - - [13/Nov/2020:08:34:39 +0800] "GET /xingrg/all/function/internal_message.html?_=1605227848687&CODE_STATE=getMsg HTTP/1.1" 302 -
222.69.136.74 - - [13/Nov/2020:08:34:44 +0800] "GET /xingrg/kc/buy/cgsh_order_operate.html?command=get_materiel&rest_code=00149&code=00102006027&supplier_code=00100151&order_time=2020-11-13 HTTP/1.1" 200 416
180.162.245.190 - - [13/Nov/2020:08:34:47 +0800] "POST /xingrg/login.do HTTP/1.1" 200 2421
180.162.245.190 - - [13/Nov/2020:08:34:48 +0800] "GET /favicon.ico HTTP/1.1" 404 -
180.162.245.190 - - [13/Nov/2020:08:34:48 +0800] "GET /xingrg/login.html HTTP/1.1" 200 7641
180.162.245.190 - - [13/Nov/2020:08:34:49 +0800] "GET /favicon.ico HTTP/1.1" 404 -
180.162.245.190 - - [13/Nov/2020:08:34:51 +0800] "POST /xingrg/login.do HTTP/1.1" 302 -
180.162.245.190 - - [13/Nov/2020:08:34:51 +0800] "GET /xingrg/index.html?sysBaseUrl=http%3A%2F%2F180.169.147.146%3A18081%2Fxingrg%2F&costTime=49×tamp=1605227691779 HTTP/1.1" 200 17173
117.131.5.26 - - [13/Nov/2020:08:34:52 +0800] "GET /xingrg/all/function/internal_message.html?_=1605227998128&CODE_STATE=getMsg HTTP/1.1" 200 27
180.162.245.190 - - [13/Nov/2020:08:34:52 +0800] "POST /xingrg/all/common/load_tree.html?tree=area_rest_tree_json&manage=1 HTTP/1.1" 200 3350
180.162.245.190 - - [13/Nov/2020:08:34:52 +0800] "GET /favicon.ico HTTP/1.1" 404 -
180.162.245.190 - - [13/Nov/2020:08:34:52 +0800] "GET /xingrg/all/function/internal_message.html?_=1605227693917&CODE_STATE=count HTTP/1.1" 200 11
180.162.245.190 - - [13/Nov/2020:08:34:52 +0800] "GET /xingrg/check_reg.html?_=1605227693917 HTTP/1.1" 200 22
180.162.245.190 - - [13/Nov/2020:08:34:52 +0800] "POST /xingrg/load_menu.html HTTP/1.1" 200 5138
222.69.136.74 - - [13/Nov/2020:08:34:53 +0800] "GET /xingrg/all/function/internal_message.html?_=1605227687820&CODE_STATE=getMsg HTTP/1.1" 200 27
172.17.0.185 - - [13/Nov/2020:08:34:54 +0800] "GET /xingrg/all/function/internal_message.html?_=1605227691003&CODE_STATE=getMsg HTTP/1.1" 200 27
180.162.245.190 - - [13/Nov/2020:08:34:56 +0800] "GET /xingrg/kc/buy/cgsh_order_list.html HTTP/1.1" 200 44875
180.162.245.190 - - [13/Nov/2020:08:34:57 +0800] "POST /xingrg/kc/buy/cgsh_list_operate.html HTTP/1.1" 200 876
180.174.56.115 - - [13/Nov/2020:08:34:57 +0800] "GET /xingrg/all/function/internal_message.html?_=1605227694809&CODE_STATE=getMsg HTTP/1.1" 200 27
58.221.95.50 - - [13/Nov/2020:08:35:11 +0800] "GET /xingrg/check_reg.html?_=1605227708504 HTTP/1.1" 302 -
114.88.166.242 - - [13/Nov/2020:08:35:15 +0800] "GET /xingrg/all/function/internal_message.html?_=1605227708225&CODE_STATE=getMsg HTTP/1.1" 200 27
114.84.37.38 - - [13/Nov/2020:08:35:20 +0800] "GET /xingrg/all/function/internal_message.html?_=1605227739838&CODE_STATE=getMsg HTTP/1.1" 200 27
172.17.0.120 - - [13/Nov/2020:08:35:39 +0800] "GET /xingrg/all/function/internal_message.html?_=1605227908690&CODE_STATE=getMsg HTTP/1.1" 302 -
222.69.136.74 - - [13/Nov/2020:08:35:44 +0800] "GET /xingrg/kc/buy/cgsh_order_operate.html?command=get_materiel&rest_code=00149&code=00102004072&supplier_code=00100151&order_time=2020-11-13 HTTP/1.1" 200 400
117.131.5.26 - - [13/Nov/2020:08:35:52 +0800] "GET /xingrg/all/function/internal_message.html?_=1605228058142&CODE_STATE=getMsg HTTP/1.1" 200 27
180.162.245.190 - - [13/Nov/2020:08:35:52 +0800] "GET /xingrg/all/function/internal_message.html?_=1605227753934&CODE_STATE=getMsg HTTP/1.1" 200 27
222.69.136.74 - - [13/Nov/2020:08:35:53 +0800] "GET /xingrg/all/function/internal_message.html?_=1605227747810&CODE_STATE=getMsg HTTP/1.1" 200 27
172.17.0.185 - - [13/Nov/2020:08:35:54 +0800] "GET /xingrg/all/function/internal_message.html?_=1605227751005&CODE_STATE=getMsg HTTP/1.1" 200 27
180.174.56.115 - - [13/Nov/2020:08:35:57 +0800] "GET /xingrg/all/function/internal_message.html?_=1605227754810&CODE_STATE=getMsg HTTP/1.1" 200 27
180.174.56.115 - - [13/Nov/2020:08:35:57 +0800] "GET /xingrg/check_reg.html?_=1605227754813 HTTP/1.1" 200 22
114.88.166.242 - - [13/Nov/2020:08:36:15 +0800] "GET /xingrg/all/function/internal_message.html?_=1605227768302&CODE_STATE=getMsg HTTP/1.1" 200 27
114.84.37.38 - - [13/Nov/2020:08:36:19 +0800] "GET /xingrg/check_reg.html?_=1605227798742 HTTP/1.1" 200 22
114.84.37.38 - - [13/Nov/2020:08:36:20 +0800] "GET /xingrg/all/function/internal_message.html?_=1605227799853&CODE_STATE=getMsg HTTP/1.1" 200 27
172.17.0.120 - - [13/Nov/2020:08:36:39 +0800] "GET /xingrg/all/function/internal_message.html?_=1605227968692&CODE_STATE=getMsg HTTP/1.1" 302 -
117.131.5.26 - - [13/Nov/2020:08:36:52 +0800] "GET /xingrg/all/function/internal_message.html?_=1605228118188&CODE_STATE=getMsg HTTP/1.1" 200 27
180.162.245.190 - - [13/Nov/2020:08:36:52 +0800] "GET /xingrg/all/function/internal_message.html?_=1605227813929&CODE_STATE=getMsg HTTP/1.1" 200 27
222.69.136.74 - - [13/Nov/2020:08:36:53 +0800] "GET /xingrg/check_reg.html?_=1605227807821 HTTP/1.1" 200 22
222.69.136.74 - - [13/Nov/2020:08:36:53 +0800] "GET /xingrg/all/function/internal_message.html?_=1605227807825&CODE_STATE=getMsg HTTP/1.1" 200 27
172.17.0.185 - - [13/Nov/2020:08:36:54 +0800] "GET /xingrg/all/function/internal_message.html?_=1605227811008&CODE_STATE=getMsg HTTP/1.1" 200 27
172.17.0.185 - - [13/Nov/2020:08:36:54 +0800] "GET /xingrg/check_reg.html?_=1605227811009 HTTP/1.1" 200 22
180.174.56.115 - - [13/Nov/2020:08:36:57 +0800] "GET /xingrg/all/function/internal_message.html?_=1605227814812&CODE_STATE=getMsg HTTP/1.1" 200 27
114.88.166.242 - - [13/Nov/2020:08:37:15 +0800] "GET /xingrg/all/function/internal_message.html?_=1605227828315&CODE_STATE=getMsg HTTP/1.1" 200 27
222.69.136.74 - - [13/Nov/2020:08:37:18 +0800] "GET /xingrg/kc/buy/cgsh_order_operate.html?command=get_materiel&rest_code=00149&code=00102003305&supplier_code=00100151&order_time=2020-11-13 HTTP/1.1" 200 408
114.84.37.38 - - [13/Nov/2020:08:37:20 +0800] "GET /xingrg/all/function/internal_message.html?_=1605227859866&CODE_STATE=getMsg HTTP/1.1" 200 27
222.69.136.74 - - [13/Nov/2020:08:37:33 +0800] "POST /xingrg/kc/buy/cgsh_order_operate.html HTTP/1.1" 200 37
222.69.136.74 - - [13/Nov/2020:08:37:35 +0800] "POST /xingrg/kc/buy/cgsh_order_operate.html HTTP/1.1" 200 12
222.69.136.74 - - [13/Nov/2020:08:37:38 +0800] "GET /xingrg/kc/buy/cgsh_order_info.html?code=212020111304934 HTTP/1.1" 200 55559
222.69.136.74 - - [13/Nov/2020:08:37:38 +0800] "GET /xingrg/javascript/easyui/themes/default/validatebox.css HTTP/1.1" 404 1104
222.69.136.74 - - [13/Nov/2020:08:37:38 +0800] "POST /xingrg/kc/buy/cgsh_order_operate.html HTTP/1.1" 200 1195
172.17.0.120 - - [13/Nov/2020:08:37:39 +0800] "GET /xingrg/all/function/internal_message.html?_=1605228028696&CODE_STATE=getMsg HTTP/1.1" 302 -
222.69.136.74 - - [13/Nov/2020:08:37:40 +0800] "GET /xingrg/kc/print/load_data.html?order_code=212020111304934&kc_code=cgsh&condition= HTTP/1.1" 200 914
117.131.5.26 - - [13/Nov/2020:08:37:52 +0800] "GET /xingrg/all/function/internal_message.html?_=1605228178202&CODE_STATE=getMsg HTTP/1.1" 200 27
180.162.245.190 - - [13/Nov/2020:08:37:52 +0800] "GET /xingrg/all/function/internal_message.html?_=1605227873930&CODE_STATE=getMsg HTTP/1.1" 200 27
222.69.136.74 - - [13/Nov/2020:08:37:53 +0800] "GET /xingrg/all/function/internal_message.html?_=1605227867817&CODE_STATE=getMsg HTTP/1.1" 200 27
172.17.0.185 - - [13/Nov/2020:08:37:55 +0800] "GET /xingrg/all/function/internal_message.html?_=1605227871023&CODE_STATE=getMsg HTTP/1.1" 200 27
180.174.56.115 - - [13/Nov/2020:08:37:57 +0800] "GET /xingrg/all/function/internal_message.html?_=1605227874821&CODE_STATE=getMsg HTTP/1.1" 200 27
114.88.166.242 - - [13/Nov/2020:08:38:15 +0800] "GET /xingrg/all/function/internal_message.html?_=1605227888391&CODE_STATE=getMsg HTTP/1.1" 200 27
180.174.56.115 - - [13/Nov/2020:08:38:17 +0800] "GET /xingrg/check_reg.html?_=1605227873358 HTTP/1.1" 200 22
114.84.37.38 - - [13/Nov/2020:08:38:20 +0800] "GET /xingrg/all/function/internal_message.html?_=1605227919881&CODE_STATE=getMsg HTTP/1.1" 200 27
172.17.0.120 - - [13/Nov/2020:08:38:39 +0800] "GET /xingrg/all/function/internal_message.html?_=1605228088697&CODE_STATE=getMsg HTTP/1.1" 302 -
172.17.0.120 - - [13/Nov/2020:08:38:39 +0800] "GET /xingrg/check_reg.html?_=1605228088698 HTTP/1.1" 302 -
222.69.136.74 - - [13/Nov/2020:08:38:42 +0800] "GET /xingrg/kc/buy/cgsh_order_add.html HTTP/1.1" 200 60666
222.69.136.74 - - [13/Nov/2020:08:38:43 +0800] "POST /xingrg/kc/buy/cgsh_order_operate.html HTTP/1.1" 200 8245
222.69.136.74 - - [13/Nov/2020:08:38:43 +0800] "GET /xingrg/javascript/easyui/themes/default/validatebox.css HTTP/1.1" 404 1104
117.131.5.26 - - [13/Nov/2020:08:38:52 +0800] "GET /xingrg/all/function/internal_message.html?_=1605228238214&CODE_STATE=getMsg HTTP/1.1" 200 27
180.162.245.190 - - [13/Nov/2020:08:38:52 +0800] "GET /xingrg/all/function/internal_message.html?_=1605227933930&CODE_STATE=getMsg HTTP/1.1" 200 27
222.69.136.74 - - [13/Nov/2020:08:38:53 +0800] "GET /xingrg/all/function/internal_message.html?_=1605227927819&CODE_STATE=getMsg HTTP/1.1" 200 27
222.69.136.74 - - [13/Nov/2020:08:38:53 +0800] "GET /xingrg/kc/buy/cgsh_order_operate.html?command=get_materiel&rest_code=00149&code=00102002432&supplier_code=00100151&order_time=2020-11-13 HTTP/1.1" 200 430
172.17.0.185 - - [13/Nov/2020:08:38:54 +0800] "GET /xingrg/all/function/internal_message.html?_=1605227931008&CODE_STATE=getMsg HTTP/1.1" 200 27
180.174.56.115 - - [13/Nov/2020:08:38:57 +0800] "GET /xingrg/all/function/internal_message.html?_=1605227934840&CODE_STATE=getMsg HTTP/1.1" 200 27
222.69.136.74 - - [13/Nov/2020:08:39:07 +0800] "GET /xingrg/kc/buy/cgsh_order_operate.html?command=get_materiel&rest_code=00149&code=00102002480&supplier_code=00100151&order_time=2020-11-13 HTTP/1.1" 200 427
114.88.166.242 - - [13/Nov/2020:08:39:08 +0800] "GET /xingrg/check_reg.html?_=1605227941373 HTTP/1.1" 200 22
114.88.166.242 - - [13/Nov/2020:08:39:15 +0800] "GET /xingrg/all/function/internal_message.html?_=1605227948404&CODE_STATE=getMsg HTTP/1.1" 200 27
114.84.37.38 - - [13/Nov/2020:08:39:21 +0800] "GET /xingrg/all/function/internal_message.html?_=1605227980465&CODE_STATE=getMsg HTTP/1.1" 200 27
117.131.5.26 - - [13/Nov/2020:08:39:34 +0800] "GET /xingrg/check_reg.html?_=1605228280780 HTTP/1.1" 200 22
222.69.136.74 - - [13/Nov/2020:08:39:35 +0800] "GET /xingrg/kc/buy/cgsh_order_operate.html?command=get_materiel&rest_code=00149&code=00102002307&supplier_code=00100151&order_time=2020-11-13 HTTP/1.1" 200 432
172.17.0.120 - - [13/Nov/2020:08:39:39 +0800] "GET /xingrg/all/function/internal_message.html?_=1605228148700&CODE_STATE=getMsg HTTP/1.1" 302 -
117.131.5.26 - - [13/Nov/2020:08:39:52 +0800] "GET /xingrg/all/function/internal_message.html?_=1605228298229&CODE_STATE=getMsg HTTP/1.1" 200 27
180.162.245.190 - - [13/Nov/2020:08:39:52 +0800] "GET /xingrg/check_reg.html?_=1605227993931 HTTP/1.1" 200 22
180.162.245.190 - - [13/Nov/2020:08:39:52 +0800] "GET /xingrg/all/function/internal_message.html?_=1605227993934&CODE_STATE=getMsg HTTP/1.1" 200 27
222.69.136.74 - - [13/Nov/2020:08:39:53 +0800] "GET /xingrg/all/function/internal_message.html?_=1605227987827&CODE_STATE=getMsg HTTP/1.1" 200 27
172.17.0.185 - - [13/Nov/2020:08:39:54 +0800] "GET /xingrg/all/function/internal_message.html?_=1605227991010&CODE_STATE=getMsg HTTP/1.1" 200 27
180.174.56.115 - - [13/Nov/2020:08:39:57 +0800] "GET /xingrg/all/function/internal_message.html?_=1605227994832&CODE_STATE=getMsg HTTP/1.1" 200 27
58.221.95.50 - - [13/Nov/2020:08:40:11 +0800] "GET /xingrg/check_reg.html?_=1605228008486 HTTP/1.1" 302 -
114.88.166.242 - - [13/Nov/2020:08:40:15 +0800] "GET /xingrg/all/function/internal_message.html?_=1605228008417&CODE_STATE=getMsg HTTP/1.1" 200 27
222.69.136.74 - - [13/Nov/2020:08:40:16 +0800] "GET /xingrg/kc/buy/cgsh_order_operate.html?command=get_materiel&rest_code=00149&code=00102010564&supplier_code=00100151&order_time=2020-11-13 HTTP/1.1" 200 416
114.84.37.38 - - [13/Nov/2020:08:40:21 +0800] "GET /xingrg/all/function/internal_message.html?_=1605228040470&CODE_STATE=getMsg HTTP/1.1" 200 27
222.69.136.74 - - [13/Nov/2020:08:40:35 +0800] "GET /xingrg/kc/buy/cgsh_order_operate.html?command=get_materiel&rest_code=00149&code=00102002239&supplier_code=00100151&order_time=2020-11-13 HTTP/1.1" 200 421
172.17.0.120 - - [13/Nov/2020:08:40:39 +0800] "GET /xingrg/all/function/internal_message.html?_=1605228208702&CODE_STATE=getMsg HTTP/1.1" 302 -
117.131.5.26 - - [13/Nov/2020:08:40:52 +0800] "GET /xingrg/all/function/internal_message.html?_=1605228358242&CODE_STATE=getMsg HTTP/1.1" 200 27
180.162.245.190 - - [13/Nov/2020:08:40:52 +0800] "GET /xingrg/all/function/internal_message.html?_=1605228053930&CODE_STATE=getMsg HTTP/1.1" 200 27
222.69.136.74 - - [13/Nov/2020:08:40:53 +0800] "GET /xingrg/all/function/internal_message.html?_=1605228047837&CODE_STATE=getMsg HTTP/1.1" 200 27
180.162.245.190 - - [13/Nov/2020:08:40:53 +0800] "GET /xingrg/kc/buy/cgsh_order_list.html HTTP/1.1" 200 44875
180.162.245.190 - - [13/Nov/2020:08:40:54 +0800] "POST /xingrg/kc/buy/cgsh_list_operate.html HTTP/1.1" 200 876
172.17.0.185 - - [13/Nov/2020:08:40:54 +0800] "GET /xingrg/all/function/internal_message.html?_=1605228051015&CODE_STATE=getMsg HTTP/1.1" 200 27
180.162.245.190 - - [13/Nov/2020:08:40:55 +0800] "GET /xingrg/kc/buy/cgsh_order_add.html HTTP/1.1" 200 60660
180.162.245.190 - - [13/Nov/2020:08:40:55 +0800] "GET /xingrg/words/20201112113022_words.js HTTP/1.1" 304 -
180.162.245.190 - - [13/Nov/2020:08:40:55 +0800] "GET /xingrg/all/common/auto_word.html?type=employee&rest_code=00105 HTTP/1.1" 200 193
180.162.245.190 - - [13/Nov/2020:08:40:55 +0800] "GET /xingrg/all/common/auto_word.html?type=employee&rest_code=00105 HTTP/1.1" 200 193
180.162.245.190 - - [13/Nov/2020:08:40:55 +0800] "GET /xingrg/javascript/easyui/themes/default/validatebox.css HTTP/1.1" 404 1104
180.162.245.190 - - [13/Nov/2020:08:40:55 +0800] "POST /xingrg/kc/buy/cgsh_order_operate.html HTTP/1.1" 200 8245
180.162.245.190 - - [13/Nov/2020:08:40:56 +0800] "GET /xingrg/javascript/auto/indicator.gif HTTP/1.1" 404 1066
180.174.56.115 - - [13/Nov/2020:08:40:57 +0800] "GET /xingrg/check_reg.html?_=1605228054841 HTTP/1.1" 200 22
180.174.56.115 - - [13/Nov/2020:08:40:57 +0800] "GET /xingrg/all/function/internal_message.html?_=1605228054842&CODE_STATE=getMsg HTTP/1.1" 200 27
180.162.245.190 - - [13/Nov/2020:08:41:08 +0800] "GET /xingrg/kc/buy/cgsh_order_operate.html?command=get_materiel&rest_code=00105&code=00101012025&supplier_code=00100034&order_time=2020-11-13 HTTP/1.1" 200 412
114.88.166.242 - - [13/Nov/2020:08:41:15 +0800] "GET /xingrg/all/function/internal_message.html?_=1605228068493&CODE_STATE=getMsg HTTP/1.1" 200 27
114.84.37.38 - - [13/Nov/2020:08:41:20 +0800] "GET /xingrg/check_reg.html?_=1605228099330 HTTP/1.1" 200 22
114.84.37.38 - - [13/Nov/2020:08:41:21 +0800] "GET /xingrg/all/function/internal_message.html?_=1605228100484&CODE_STATE=getMsg HTTP/1.1" 200 27
222.69.136.74 - - [13/Nov/2020:08:41:23 +0800] "GET /xingrg/kc/buy/cgsh_order_operate.html?command=get_materiel&rest_code=00149&code=00102002635&supplier_code=00100151&order_time=2020-11-13 HTTP/1.1" 200 399
180.162.245.190 - - [13/Nov/2020:08:41:34 +0800] "GET /xingrg/kc/buy/cgsh_order_operate.html?command=get_materiel&rest_code=00105&code=00101012029&supplier_code=00100034&order_time=2020-11-13 HTTP/1.1" 200 412
172.17.0.120 - - [13/Nov/2020:08:41:39 +0800] "GET /xingrg/all/function/internal_message.html?_=1605228268687&CODE_STATE=getMsg HTTP/1.1" 302 -
180.162.245.190 - - [13/Nov/2020:08:41:41 +0800] "GET /xingrg/kc/buy/cgsh_order_operate.html?command=get_materiel&rest_code=00105&code=00101016030&supplier_code=00100034&order_time=2020-11-13 HTTP/1.1" 200 412
180.162.245.190 - - [13/Nov/2020:08:41:47 +0800] "GET /xingrg/kc/buy/cgsh_order_operate.html?command=get_materiel&rest_code=00105&code=00101016025&supplier_code=00100034&order_time=2020-11-13 HTTP/1.1" 200 408
117.131.5.26 - - [13/Nov/2020:08:41:52 +0800] "GET /xingrg/all/function/internal_message.html?_=1605228418288&CODE_STATE=getMsg HTTP/1.1" 200 27
180.162.245.190 - - [13/Nov/2020:08:41:52 +0800] "GET /xingrg/all/function/internal_message.html?_=1605228113954&CODE_STATE=getMsg HTTP/1.1" 200 27
222.69.136.74 - - [13/Nov/2020:08:41:53 +0800] "GET /xingrg/check_reg.html?_=1605228107827 HTTP/1.1" 200 22
222.69.136.74 - - [13/Nov/2020:08:41:53 +0800] "GET /xingrg/all/function/internal_message.html?_=1605228107832&CODE_STATE=getMsg HTTP/1.1" 200 27
172.17.0.185 - - [13/Nov/2020:08:41:54 +0800] "GET /xingrg/check_reg.html?_=1605228111001 HTTP/1.1" 200 22
172.17.0.185 - - [13/Nov/2020:08:41:54 +0800] "GET /xingrg/all/function/internal_message.html?_=1605228111002&CODE_STATE=getMsg HTTP/1.1" 200 27
180.174.56.115 - - [13/Nov/2020:08:41:57 +0800] "GET /xingrg/all/function/internal_message.html?_=1605228114840&CODE_STATE=getMsg HTTP/1.1" 200 27
222.69.136.74 - - [13/Nov/2020:08:42:07 +0800] "GET /xingrg/kc/buy/cgsh_order_operate.html?command=get_materiel&rest_code=00149&code=00102002527&supplier_code=00100151&order_time=2020-11-13 HTTP/1.1" 200 413
114.88.166.242 - - [13/Nov/2020:08:42:15 +0800] "GET /xingrg/all/function/internal_message.html?_=1605228128507&CODE_STATE=getMsg HTTP/1.1" 200 27
114.84.37.38 - - [13/Nov/2020:08:42:21 +0800] "GET /xingrg/all/function/internal_message.html?_=1605228160528&CODE_STATE=getMsg HTTP/1.1" 200 27
222.69.136.74 - - [13/Nov/2020:08:42:27 +0800] "GET /xingrg/kc/buy/cgsh_order_operate.html?command=get_materiel&rest_code=00149&code=00102002834&supplier_code=00100151&order_time=2020-11-13 HTTP/1.1" 200 400
172.17.0.120 - - [13/Nov/2020:08:42:39 +0800] "GET /xingrg/all/function/internal_message.html?_=1605228328688&CODE_STATE=getMsg HTTP/1.1" 302 -
222.69.136.74 - - [13/Nov/2020:08:42:50 +0800] "POST /xingrg/kc/buy/cgsh_order_operate.html HTTP/1.1" 200 37
180.162.245.190 - - [13/Nov/2020:08:42:52 +0800] "GET /xingrg/all/function/internal_message.html?_=1605228173929&CODE_STATE=getMsg HTTP/1.1" 200 27
117.131.5.26 - - [13/Nov/2020:08:42:52 +0800] "GET /xingrg/all/function/internal_message.html?_=1605228478301&CODE_STATE=getMsg HTTP/1.1" 200 27
172.17.0.185 - - [13/Nov/2020:08:42:54 +0800] "GET /xingrg/all/function/internal_message.html?_=1605228171003&CODE_STATE=getMsg HTTP/1.1" 200 27
180.174.56.115 - - [13/Nov/2020:08:42:57 +0800] "GET /xingrg/all/function/internal_message.html?_=1605228174839&CODE_STATE=getMsg HTTP/1.1" 200 27
222.69.136.74 - - [13/Nov/2020:08:42:58 +0800] "POST /xingrg/kc/buy/cgsh_order_operate.html HTTP/1.1" 200 12
114.88.166.242 - - [13/Nov/2020:08:43:15 +0800] "GET /xingrg/all/function/internal_message.html?_=1605228188583&CODE_STATE=getMsg HTTP/1.1" 200 27
180.174.56.115 - - [13/Nov/2020:08:43:17 +0800] "GET /xingrg/check_reg.html?_=1605228173369 HTTP/1.1" 200 22
222.69.136.74 - - [13/Nov/2020:08:43:21 +0800] "GET /xingrg/kc/buy/cgsh_order_info.html?code=212020111304935 HTTP/1.1" 200 55559
114.84.37.38 - - [13/Nov/2020:08:43:21 +0800] "GET /xingrg/all/function/internal_message.html?_=1605228220540&CODE_STATE=getMsg HTTP/1.1" 200 27
222.69.136.74 - - [13/Nov/2020:08:43:21 +0800] "GET /xingrg/javascript/easyui/themes/default/validatebox.css HTTP/1.1" 404 1104
222.69.136.74 - - [13/Nov/2020:08:43:22 +0800] "POST /xingrg/kc/buy/cgsh_order_operate.html HTTP/1.1" 200 4175
222.69.136.74 - - [13/Nov/2020:08:43:32 +0800] "GET /xingrg/kc/print/load_data.html?order_code=212020111304935&kc_code=cgsh&condition= HTTP/1.1" 200 2056
172.17.0.120 - - [13/Nov/2020:08:43:39 +0800] "GET /xingrg/all/function/internal_message.html?_=1605228388690&CODE_STATE=getMsg HTTP/1.1" 302 -
172.17.0.120 - - [13/Nov/2020:08:43:39 +0800] "GET /xingrg/check_reg.html?_=1605228388693 HTTP/1.1" 302 -
180.162.245.190 - - [13/Nov/2020:08:43:52 +0800] "GET /xingrg/all/function/internal_message.html?_=1605228233926&CODE_STATE=getMsg HTTP/1.1" 200 27
117.131.5.26 - - [13/Nov/2020:08:43:52 +0800] "GET /xingrg/all/function/internal_message.html?_=1605228538350&CODE_STATE=getMsg HTTP/1.1" 200 27
222.69.136.74 - - [13/Nov/2020:08:43:53 +0800] "GET /xingrg/all/function/internal_message.html?_=1605228227842&CODE_STATE=getMsg HTTP/1.1" 200 27
172.17.0.185 - - [13/Nov/2020:08:43:54 +0800] "GET /xingrg/all/function/internal_message.html?_=1605228231005&CODE_STATE=getMsg HTTP/1.1" 200 27
180.174.56.115 - - [13/Nov/2020:08:43:57 +0800] "GET /xingrg/all/function/internal_message.html?_=1605228234840&CODE_STATE=getMsg HTTP/1.1" 200 27
114.88.166.242 - - [13/Nov/2020:08:44:08 +0800] "GET /xingrg/check_reg.html?_=1605228241375 HTTP/1.1" 200 22
114.88.166.242 - - [13/Nov/2020:08:44:15 +0800] "GET /xingrg/all/function/internal_message.html?_=1605228248596&CODE_STATE=getMsg HTTP/1.1" 200 27
114.84.37.38 - - [13/Nov/2020:08:44:22 +0800] "GET /xingrg/all/function/internal_message.html?_=1605228281147&CODE_STATE=getMsg HTTP/1.1" 200 27
117.131.5.26 - - [13/Nov/2020:08:44:34 +0800] "GET /xingrg/check_reg.html?_=1605228580783 HTTP/1.1" 200 22
172.17.0.120 - - [13/Nov/2020:08:44:39 +0800] "GET /xingrg/all/function/internal_message.html?_=1605228448695&CODE_STATE=getMsg HTTP/1.1" 302 -
180.162.245.190 - - [13/Nov/2020:08:44:52 +0800] "GET /xingrg/all/function/internal_message.html?_=1605228293935&CODE_STATE=getMsg HTTP/1.1" 200 27
180.162.245.190 - - [13/Nov/2020:08:44:52 +0800] "GET /xingrg/check_reg.html?_=1605228293942 HTTP/1.1" 200 22
117.131.5.26 - - [13/Nov/2020:08:44:52 +0800] "GET /xingrg/all/function/internal_message.html?_=1605228598360&CODE_STATE=getMsg HTTP/1.1" 200 27
222.69.136.74 - - [13/Nov/2020:08:44:53 +0800] "GET /xingrg/all/function/internal_message.html?_=1605228287815&CODE_STATE=getMsg HTTP/1.1" 200 27
172.17.0.185 - - [13/Nov/2020:08:44:54 +0800] "GET /xingrg/all/function/internal_message.html?_=1605228291010&CODE_STATE=getMsg HTTP/1.1" 200 27
180.174.56.115 - - [13/Nov/2020:08:44:57 +0800] "GET /xingrg/all/function/internal_message.html?_=1605228294841&CODE_STATE=getMsg HTTP/1.1" 200 27
58.221.95.50 - - [13/Nov/2020:08:45:11 +0800] "GET /xingrg/check_reg.html?_=1605228308482 HTTP/1.1" 302 -
114.88.166.242 - - [13/Nov/2020:08:45:15 +0800] "GET /xingrg/all/function/internal_message.html?_=1605228308611&CODE_STATE=getMsg HTTP/1.1" 200 27
114.84.37.38 - - [13/Nov/2020:08:45:22 +0800] "GET /xingrg/all/function/internal_message.html?_=1605228341160&CODE_STATE=getMsg HTTP/1.1" 200 27
172.17.200.101 - - [13/Nov/2020:08:45:23 +0800] "GET /xingrg/login.html HTTP/1.1" 200 7636
172.17.200.101 - - [13/Nov/2020:08:45:23 +0800] "GET /xingrg/login.html HTTP/1.1" 200 7636
172.17.200.101 - - [13/Nov/2020:08:45:32 +0800] "GET /favicon.ico HTTP/1.1" 404 -
172.17.200.101 - - [13/Nov/2020:08:45:33 +0800] "GET /favicon.ico HTTP/1.1" 404 -
172.17.0.120 - - [13/Nov/2020:08:45:39 +0800] "GET /xingrg/all/function/internal_message.html?_=1605228508697&CODE_STATE=getMsg HTTP/1.1" 302 -
172.17.200.101 - - [13/Nov/2020:08:45:39 +0800] "POST /xingrg/login.do HTTP/1.1" 302 -
172.17.200.101 - - [13/Nov/2020:08:45:39 +0800] "GET /xingrg/index.html?sysBaseUrl=http%3A%2F%2F172.17.0.8%3A18081%2Fxingrg%2F&costTime=42×tamp=1605228339414 HTTP/1.1" 200 17448
172.17.200.101 - - [13/Nov/2020:08:45:43 +0800] "GET /favicon.ico HTTP/1.1" 404 -
172.17.200.101 - - [13/Nov/2020:08:45:44 +0800] "POST /xingrg/all/common/load_tree.html?tree=area_rest_tree_json&manage=1 HTTP/1.1" 200 3088
172.17.200.101 - - [13/Nov/2020:08:45:46 +0800] "GET /xingrg/all/function/internal_message.html?_=1605228343674&CODE_STATE=count HTTP/1.1" 200 11
172.17.200.101 - - [13/Nov/2020:08:45:46 +0800] "GET /xingrg/check_reg.html?_=1605228343677 HTTP/1.1" 200 22
172.17.200.101 - - [13/Nov/2020:08:45:46 +0800] "POST /xingrg/load_menu.html HTTP/1.1" 200 11529
222.69.136.74 - - [13/Nov/2020:08:45:51 +0800] "GET /xingrg/kc/buy/cgsh_order_add.html HTTP/1.1" 200 60666
222.69.136.74 - - [13/Nov/2020:08:45:51 +0800] "POST /xingrg/kc/buy/cgsh_order_operate.html HTTP/1.1" 200 8245
222.69.136.74 - - [13/Nov/2020:08:45:51 +0800] "GET /xingrg/javascript/easyui/themes/default/validatebox.css HTTP/1.1" 404 1104
180.162.245.190 - - [13/Nov/2020:08:45:52 +0800] "GET /xingrg/all/function/internal_message.html?_=1605228353932&CODE_STATE=getMsg HTTP/1.1" 200 27
117.131.5.26 - - [13/Nov/2020:08:45:52 +0800] "GET /xingrg/all/function/internal_message.html?_=1605228658372&CODE_STATE=getMsg HTTP/1.1" 200 27
222.69.136.74 - - [13/Nov/2020:08:45:53 +0800] "GET /xingrg/all/function/internal_message.html?_=1605228347799&CODE_STATE=getMsg HTTP/1.1" 200 27
172.17.0.185 - - [13/Nov/2020:08:45:55 +0800] "GET /xingrg/all/function/internal_message.html?_=1605228351012&CODE_STATE=getMsg HTTP/1.1" 200 27
172.17.200.101 - - [13/Nov/2020:08:45:57 +0800] "GET /xingrg/kc/report/report_main.html HTTP/1.1" 200 9350
180.174.56.115 - - [13/Nov/2020:08:45:57 +0800] "GET /xingrg/check_reg.html?_=1605228354862 HTTP/1.1" 200 22
180.174.56.115 - - [13/Nov/2020:08:45:57 +0800] "GET /xingrg/all/function/internal_message.html?_=1605228354863&CODE_STATE=getMsg HTTP/1.1" 200 27
120.253.135.82 - - [13/Nov/2020:08:46:07 +0800] "GET /xingrg/login.html HTTP/1.1" 200 7641
120.253.135.82 - - [13/Nov/2020:08:46:07 +0800] "GET /xingrg/images/blue/jxLogo.png HTTP/1.1" 200 6156
120.253.135.82 - - [13/Nov/2020:08:46:07 +0800] "GET /xingrg/images/blue/hj.png HTTP/1.1" 200 1014
120.253.135.82 - - [13/Nov/2020:08:46:07 +0800] "GET /xingrg/images/blue/login_bg.png HTTP/1.1" 200 22101
120.253.135.82 - - [13/Nov/2020:08:46:07 +0800] "GET /xingrg/images/blue/srbg.png HTTP/1.1" 200 138
120.253.135.82 - - [13/Nov/2020:08:46:07 +0800] "GET /favicon.ico HTTP/1.1" 404 -
120.253.135.82 - - [13/Nov/2020:08:46:09 +0800] "POST /xingrg/login.do HTTP/1.1" 302 -
120.253.135.82 - - [13/Nov/2020:08:46:09 +0800] "GET /xingrg/index.html?sysBaseUrl=http%3A%2F%2F180.169.147.146%3A18081%2Fxingrg%2F&costTime=38×tamp=1605228369771 HTTP/1.1" 200 17173
120.253.135.82 - - [13/Nov/2020:08:46:09 +0800] "GET /xingrg/javascript/jquery_easy_ui/themes/icon.css HTTP/1.1" 200 3949
120.253.135.82 - - [13/Nov/2020:08:46:09 +0800] "GET /xingrg/javascript/jquery_easy_ui/jquery.easyui.min.js HTTP/1.1" 200 213662
120.253.135.82 - - [13/Nov/2020:08:46:09 +0800] "GET /xingrg/javascript/jquery.timers.js HTTP/1.1" 200 3532
120.253.135.82 - - [13/Nov/2020:08:46:09 +0800] "GET /xingrg/css/form.css HTTP/1.1" 200 893
120.253.135.82 - - [13/Nov/2020:08:46:09 +0800] "GET /xingrg/javascript/jquery_easy_ui/easyui-lang-zh_CN.js HTTP/1.1" 200 1900
120.253.135.82 - - [13/Nov/2020:08:46:09 +0800] "GET /xingrg/javascript/jquery-1.4.2.min.js HTTP/1.1" 200 72205
120.253.135.82 - - [13/Nov/2020:08:46:09 +0800] "GET /xingrg/javascript/jquery.utils.js HTTP/1.1" 200 11805
120.253.135.82 - - [13/Nov/2020:08:46:09 +0800] "GET /xingrg/javascript/jquery.form.js HTTP/1.1" 200 23110
120.253.135.82 - - [13/Nov/2020:08:46:09 +0800] "GET /xingrg/javascript/jquery_easy_ui/themes/default/easyui.css HTTP/1.1" 200 26500
120.253.135.82 - - [13/Nov/2020:08:46:10 +0800] "GET /xingrg/javascript/jquery_easy_ui/themes/icons/settle_new.png HTTP/1.1" 200 826
120.253.135.82 - - [13/Nov/2020:08:46:10 +0800] "GET /xingrg/images/blue/navBackgound.jpg HTTP/1.1" 200 12378
120.253.135.82 - - [13/Nov/2020:08:46:10 +0800] "POST /xingrg/all/common/load_tree.html?tree=area_rest_tree_json&manage=1 HTTP/1.1" 200 344
120.253.135.82 - - [13/Nov/2020:08:46:10 +0800] "GET /xingrg/images/blue/pingpu.png HTTP/1.1" 200 231
120.253.135.82 - - [13/Nov/2020:08:46:10 +0800] "GET /xingrg/javascript/jquery_easy_ui/themes/default/images/panel_tool_collapse.gif HTTP/1.1" 200 246
120.253.135.82 - - [13/Nov/2020:08:46:10 +0800] "GET /xingrg/javascript/jquery_easy_ui/themes/default/images/tabs_leftarrow.png HTTP/1.1" 200 389
120.253.135.82 - - [13/Nov/2020:08:46:10 +0800] "GET /xingrg/javascript/jquery_easy_ui/themes/default/images/tabs_rightarrow.png HTTP/1.1" 200 395
120.253.135.82 - - [13/Nov/2020:08:46:10 +0800] "GET /favicon.ico HTTP/1.1" 404 -
120.253.135.82 - - [13/Nov/2020:08:46:10 +0800] "GET /xingrg/check_reg.html?_=1605228115732 HTTP/1.1" 200 22
120.253.135.82 - - [13/Nov/2020:08:46:10 +0800] "GET /xingrg/all/function/internal_message.html?_=1605228115731&CODE_STATE=count HTTP/1.1" 200 11
120.253.135.82 - - [13/Nov/2020:08:46:10 +0800] "GET /xingrg/javascript/jquery_easy_ui/themes/default/images/tree_arrows.gif HTTP/1.1" 200 1043
120.253.135.82 - - [13/Nov/2020:08:46:10 +0800] "POST /xingrg/load_menu.html HTTP/1.1" 200 6743
120.253.135.82 - - [13/Nov/2020:08:46:10 +0800] "GET /xingrg/javascript/jquery_easy_ui/themes/default/images/tree_folder_open.gif HTTP/1.1" 200 956
120.253.135.82 - - [13/Nov/2020:08:46:10 +0800] "GET /xingrg/javascript/jquery_easy_ui/themes/icons/search_new.png HTTP/1.1" 200 586
120.253.135.82 - - [13/Nov/2020:08:46:10 +0800] "GET /xingrg/javascript/jquery_easy_ui/themes/default/images/tree_folder.gif HTTP/1.1" 200 952
120.253.135.82 - - [13/Nov/2020:08:46:10 +0800] "GET /xingrg/javascript/jquery_easy_ui/themes/icons/delivery_new.png HTTP/1.1" 200 700
120.253.135.82 - - [13/Nov/2020:08:46:10 +0800] "GET /xingrg/javascript/jquery_easy_ui/themes/icons/forms_new.png HTTP/1.1" 200 350
120.253.135.82 - - [13/Nov/2020:08:46:10 +0800] "GET /xingrg/javascript/jquery_easy_ui/themes/icons/storage_new.png HTTP/1.1" 200 853
120.253.135.82 - - [13/Nov/2020:08:46:10 +0800] "GET /xingrg/javascript/jquery_easy_ui/themes/default/images/tree_file.gif HTTP/1.1" 200 118
120.253.135.82 - - [13/Nov/2020:08:46:12 +0800] "GET /xingrg/javascript/jquery_easy_ui/themes/default/images/tabs_close.gif HTTP/1.1" 200 829
120.253.135.82 - - [13/Nov/2020:08:46:12 +0800] "GET /xingrg/kc/report/report_main.html HTTP/1.1" 200 9370
120.253.135.82 - - [13/Nov/2020:08:46:12 +0800] "GET /xingrg/javascript/pic_change.js HTTP/1.1" 200 4739
120.253.135.82 - - [13/Nov/2020:08:46:12 +0800] "GET /xingrg/css/blue.css HTTP/1.1" 200 15949
120.253.135.82 - - [13/Nov/2020:08:46:12 +0800] "GET /xingrg/javascript/json2.js HTTP/1.1" 200 11259
120.253.135.82 - - [13/Nov/2020:08:46:12 +0800] "GET /xingrg/javascript/myfunction.js HTTP/1.1" 200 24559
120.253.135.82 - - [13/Nov/2020:08:46:12 +0800] "GET /xingrg/javascript/jquery_ui/themes/humanity/humanity.css HTTP/1.1" 200 27801
120.253.135.82 - - [13/Nov/2020:08:46:12 +0800] "GET /xingrg/javascript/jquery_easy_ui/themes/icons/back_new.png HTTP/1.1" 200 3414
120.253.135.82 - - [13/Nov/2020:08:46:13 +0800] "GET /xingrg/kc/base/kc_stocks.html HTTP/1.1" 200 16386
120.253.135.82 - - [13/Nov/2020:08:46:13 +0800] "GET /xingrg/css/base.css HTTP/1.1" 200 2811
120.253.135.82 - - [13/Nov/2020:08:46:13 +0800] "GET /xingrg/css/site.css HTTP/1.1" 200 7541
120.253.135.82 - - [13/Nov/2020:08:46:13 +0800] "GET /xingrg/javascript/easyui/themes/icon.css HTTP/1.1" 200 4483
120.253.135.82 - - [13/Nov/2020:08:46:13 +0800] "GET /xingrg/javascript/auto/jquery.autocomplete.css HTTP/1.1" 200 587
120.253.135.82 - - [13/Nov/2020:08:46:13 +0800] "GET /xingrg/javascript/jquery_tools/fix.css HTTP/1.1" 200 1702
120.253.135.82 - - [13/Nov/2020:08:46:13 +0800] "GET /xingrg/javascript/jquery_tools/datebox.css HTTP/1.1" 200 2597
120.253.135.82 - - [13/Nov/2020:08:46:13 +0800] "GET /xingrg/javascript/jquery_tools/jquery.tools.min.js HTTP/1.1" 200 138801
120.253.135.82 - - [13/Nov/2020:08:46:13 +0800] "GET /xingrg/javascript/jquery_tools/list_manager.js HTTP/1.1" 200 3652
120.253.135.82 - - [13/Nov/2020:08:46:13 +0800] "GET /xingrg/javascript/jquery_tools/jquery.tools.extend.js HTTP/1.1" 200 15385
120.253.135.82 - - [13/Nov/2020:08:46:13 +0800] "GET /xingrg/javascript/easyui/easyloader.js HTTP/1.1" 200 5975
120.253.135.82 - - [13/Nov/2020:08:46:13 +0800] "GET /xingrg/javascript/convert.js HTTP/1.1" 200 1239
120.253.135.82 - - [13/Nov/2020:08:46:13 +0800] "GET /xingrg/javascript/jquery.cookie.js HTTP/1.1" 200 5513
120.253.135.82 - - [13/Nov/2020:08:46:13 +0800] "GET /xingrg/javascript/jquery_tools/jquery.tools.hotkey.js HTTP/1.1" 200 3242
120.253.135.82 - - [13/Nov/2020:08:46:13 +0800] "GET /xingrg/javascript/print/LodopFuncs.js HTTP/1.1" 200 5121
120.253.135.82 - - [13/Nov/2020:08:46:13 +0800] "GET /xingrg/javascript/easyui/themes/sunny/easyui.css HTTP/1.1" 200 34304
120.253.135.82 - - [13/Nov/2020:08:46:13 +0800] "GET /xingrg/javascript/auto/jquery.autocomplete.js HTTP/1.1" 200 21624
120.253.135.82 - - [13/Nov/2020:08:46:14 +0800] "GET /xingrg/javascript/easyui/themes/icons/field_new.png HTTP/1.1" 200 1097
120.253.135.82 - - [13/Nov/2020:08:46:14 +0800] "GET /xingrg/javascript/easyui/themes/icons/print_new.png HTTP/1.1" 200 3580
120.253.135.82 - - [13/Nov/2020:08:46:14 +0800] "GET /xingrg/javascript/easyui/themes/icons/filter_new.png HTTP/1.1" 200 795
120.253.135.82 - - [13/Nov/2020:08:46:14 +0800] "GET /xingrg/javascript/easyui/themes/icons/refresh_new.png HTTP/1.1" 200 685
120.253.135.82 - - [13/Nov/2020:08:46:14 +0800] "GET /xingrg/javascript/easyui/themes/icons/import_new.png HTTP/1.1" 200 1247
120.253.135.82 - - [13/Nov/2020:08:46:14 +0800] "GET /xingrg/javascript/jquery_easy_ui/themes/icons/area.png HTTP/1.1" 200 262
120.253.135.82 - - [13/Nov/2020:08:46:14 +0800] "GET /xingrg/javascript/easyui/plugins/jquery.parser.js HTTP/1.1" 200 1142
120.253.135.82 - - [13/Nov/2020:08:46:14 +0800] "GET /xingrg/javascript/jquery_easy_ui/themes/icons/manage.png HTTP/1.1" 200 696
120.253.135.82 - - [13/Nov/2020:08:46:14 +0800] "GET /xingrg/images/control/ajaxLoader.gif HTTP/1.1" 200 4659
120.253.135.82 - - [13/Nov/2020:08:46:14 +0800] "GET /xingrg/javascript/easyui/plugins/jquery.draggable.js HTTP/1.1" 200 6121
120.253.135.82 - - [13/Nov/2020:08:46:14 +0800] "GET /xingrg/all/common/auto_word.html?type=base&rest_code=00101 HTTP/1.1" 200 559
120.253.135.82 - - [13/Nov/2020:08:46:14 +0800] "GET /xingrg/javascript/easyui/plugins/jquery.droppable.js HTTP/1.1" 200 1167
120.253.135.82 - - [13/Nov/2020:08:46:14 +0800] "GET /xingrg/javascript/easyui/themes/default/tree.css HTTP/1.1" 404 1090
120.253.135.82 - - [13/Nov/2020:08:46:14 +0800] "GET /xingrg/javascript/easyui/plugins/jquery.tree.js HTTP/1.1" 200 20874
120.253.135.82 - - [13/Nov/2020:08:46:14 +0800] "POST /xingrg/all/common/load_tree.html?tree=materiel_sort_tree_json HTTP/1.1" 200 8666
120.253.135.82 - - [13/Nov/2020:08:46:14 +0800] "POST /xingrg/all/common/load_tree.html?tree=materiel_sort_tree_json HTTP/1.1" 200 8666
120.253.135.82 - - [13/Nov/2020:08:46:14 +0800] "GET /xingrg/javascript/easyui/themes/sunny/images/tree_arrows.gif HTTP/1.1" 200 617
120.253.135.82 - - [13/Nov/2020:08:46:15 +0800] "GET /xingrg/javascript/easyui/themes/sunny/images/tree_folder_open.gif HTTP/1.1" 200 956
120.253.135.82 - - [13/Nov/2020:08:46:15 +0800] "GET /xingrg/javascript/easyui/themes/sunny/images/tree_folder.gif HTTP/1.1" 200 952
120.253.135.82 - - [13/Nov/2020:08:46:15 +0800] "GET /xingrg/javascript/easyui/themes/sunny/images/tree_file.gif HTTP/1.1" 200 118
120.253.135.82 - - [13/Nov/2020:08:46:15 +0800] "GET /xingrg/css/images/panel_loading.gif HTTP/1.1" 200 1737
120.253.135.82 - - [13/Nov/2020:08:46:15 +0800] "POST /xingrg/all/common/load_combo.html?type=base HTTP/1.1" 200 984
114.88.166.242 - - [13/Nov/2020:08:46:16 +0800] "GET /xingrg/all/function/internal_message.html?_=1605228368687&CODE_STATE=getMsg HTTP/1.1" 200 27
114.84.37.38 - - [13/Nov/2020:08:46:20 +0800] "GET /xingrg/check_reg.html?_=1605228399922 HTTP/1.1" 200 22
172.17.200.101 - - [13/Nov/2020:08:46:21 +0800] "GET /xingrg/all/report/report_query.html?fileName=kc/buy/gys_amount_base_rest.xml HTTP/1.1" 200 51589
172.17.200.101 - - [13/Nov/2020:08:46:21 +0800] "GET /xingrg/dwr/interface/AjaxReportQueryService.js HTTP/1.1" 200 13203
172.17.200.101 - - [13/Nov/2020:08:46:21 +0800] "GET /xingrg/dwr/engine.js HTTP/1.1" 200 43631
114.84.37.38 - - [13/Nov/2020:08:46:22 +0800] "GET /xingrg/all/function/internal_message.html?_=1605228401175&CODE_STATE=getMsg HTTP/1.1" 200 27
172.17.200.101 - - [13/Nov/2020:08:46:26 +0800] "POST /xingrg/all/common/load_tree.html?tree=area_rest_tree_json&manage=1 HTTP/1.1" 200 3088
172.17.200.101 - - [13/Nov/2020:08:46:26 +0800] "POST /xingrg/dwr/call/plaincall/AjaxReportQueryService.getFixDate.dwr HTTP/1.1" 200 111
172.17.200.101 - - [13/Nov/2020:08:46:26 +0800] "POST /xingrg/all/common/load_tree.html?tree=supplier_tree_json&manage=1 HTTP/1.1" 200 52459
222.69.136.74 - - [13/Nov/2020:08:46:28 +0800] "GET /xingrg/kc/buy/cgsh_order_operate.html?command=get_materiel&rest_code=00149&code=00102010903&supplier_code=00100151&order_time=2020-11-13 HTTP/1.1" 200 410
120.253.135.82 - - [13/Nov/2020:08:46:29 +0800] "POST /xingrg/kc/base/stock_operate.html HTTP/1.1" 200 1478
120.253.135.82 - - [13/Nov/2020:08:46:29 +0800] "GET /xingrg/javascript/jquery_tools/fix_table.js HTTP/1.1" 200 6528
172.17.0.120 - - [13/Nov/2020:08:46:39 +0800] "GET /xingrg/all/function/internal_message.html?_=1605228568699&CODE_STATE=getMsg HTTP/1.1" 302 -
172.17.200.101 - - [13/Nov/2020:08:46:46 +0800] "GET /xingrg/all/function/internal_message.html?_=1605228403692&CODE_STATE=getMsg HTTP/1.1" 200 27
180.162.245.190 - - [13/Nov/2020:08:46:52 +0800] "GET /xingrg/all/function/internal_message.html?_=1605228413940&CODE_STATE=getMsg HTTP/1.1" 200 27
117.131.5.26 - - [13/Nov/2020:08:46:52 +0800] "GET /xingrg/all/function/internal_message.html?_=1605228718420&CODE_STATE=getMsg HTTP/1.1" 200 27
222.69.136.74 - - [13/Nov/2020:08:46:53 +0800] "GET /xingrg/all/function/internal_message.html?_=1605228407779&CODE_STATE=getMsg HTTP/1.1" 200 27
222.69.136.74 - - [13/Nov/2020:08:46:53 +0800] "GET /xingrg/check_reg.html?_=1605228407831 HTTP/1.1" 200 22
172.17.0.185 - - [13/Nov/2020:08:46:55 +0800] "GET /xingrg/check_reg.html?_=1605228411014 HTTP/1.1" 200 22
172.17.0.185 - - [13/Nov/2020:08:46:55 +0800] "GET /xingrg/all/function/internal_message.html?_=1605228411016&CODE_STATE=getMsg HTTP/1.1" 200 27
180.174.56.115 - - [13/Nov/2020:08:46:57 +0800] "GET /xingrg/all/function/internal_message.html?_=1605228414862&CODE_STATE=getMsg HTTP/1.1" 200 27
120.253.135.82 - - [13/Nov/2020:08:47:10 +0800] "GET /xingrg/all/function/internal_message.html?_=1605228175746&CODE_STATE=getMsg HTTP/1.1" 200 27
172.17.200.101 - - [13/Nov/2020:08:47:15 +0800] "POST /xingrg/dwr/call/plaincall/AjaxReportQueryService.getFixDate.dwr HTTP/1.1" 200 111
114.88.166.242 - - [13/Nov/2020:08:47:16 +0800] "GET /xingrg/all/function/internal_message.html?_=1605228428700&CODE_STATE=getMsg HTTP/1.1" 200 27
120.253.135.82 - - [13/Nov/2020:08:47:17 +0800] "POST /xingrg/kc/base/stock_operate.html HTTP/1.1" 200 2254
114.84.37.38 - - [13/Nov/2020:08:47:22 +0800] "GET /xingrg/all/function/internal_message.html?_=1605228461189&CODE_STATE=getMsg HTTP/1.1" 200 27
172.17.200.101 - - [13/Nov/2020:08:47:24 +0800] "POST /xingrg/dwr/call/plaincall/AjaxReportQueryService.refreshCache.dwr HTTP/1.1" 200 78
172.17.200.101 - - [13/Nov/2020:08:47:25 +0800] "POST /xingrg/all/report/load_report_page.html HTTP/1.1" 200 48270
172.17.200.101 - - [13/Nov/2020:08:47:25 +0800] "GET /xingrg/servlets/image?cache=0.09927509270509272&image=px HTTP/1.1" 200 807
172.17.0.120 - - [13/Nov/2020:08:47:39 +0800] "GET /xingrg/all/function/internal_message.html?_=1605228628686&CODE_STATE=getMsg HTTP/1.1" 302 -
172.17.200.101 - - [13/Nov/2020:08:47:46 +0800] "GET /xingrg/all/function/internal_message.html?_=1605228463695&CODE_STATE=getMsg HTTP/1.1" 200 27
222.69.136.74 - - [13/Nov/2020:08:47:47 +0800] "GET /xingrg/kc/buy/cgsh_order_operate.html?command=get_materiel&rest_code=00149&code=00101015047&supplier_code=00100151&order_time=2020-11-13 HTTP/1.1" 200 408
180.162.245.190 - - [13/Nov/2020:08:47:52 +0800] "GET /xingrg/all/function/internal_message.html?_=1605228473940&CODE_STATE=getMsg HTTP/1.1" 200 27
117.131.5.26 - - [13/Nov/2020:08:47:52 +0800] "GET /xingrg/all/function/internal_message.html?_=1605228778430&CODE_STATE=getMsg HTTP/1.1" 200 27
222.69.136.74 - - [13/Nov/2020:08:47:53 +0800] "GET /xingrg/all/function/internal_message.html?_=1605228467758&CODE_STATE=getMsg HTTP/1.1" 200 27
172.17.0.185 - - [13/Nov/2020:08:47:54 +0800] "GET /xingrg/all/function/internal_message.html?_=1605228471002&CODE_STATE=getMsg HTTP/1.1" 200 27
180.174.56.115 - - [13/Nov/2020:08:47:57 +0800] "GET /xingrg/all/function/internal_message.html?_=1605228474872&CODE_STATE=getMsg HTTP/1.1" 200 27
222.69.136.74 - - [13/Nov/2020:08:48:05 +0800] "GET /xingrg/kc/buy/cgsh_order_operate.html?command=get_materiel&rest_code=00149&code=00102002394&supplier_code=00100151&order_time=2020-11-13 HTTP/1.1" 200 416
120.253.135.82 - - [13/Nov/2020:08:48:10 +0800] "GET /xingrg/all/function/internal_message.html?_=1605228235760&CODE_STATE=getMsg HTTP/1.1" 200 27
114.88.166.242 - - [13/Nov/2020:08:48:16 +0800] "GET /xingrg/all/function/internal_message.html?_=1605228488775&CODE_STATE=getMsg HTTP/1.1" 200 27
180.174.56.115 - - [13/Nov/2020:08:48:17 +0800] "GET /xingrg/check_reg.html?_=1605228473369 HTTP/1.1" 200 22
114.84.37.38 - - [13/Nov/2020:08:48:22 +0800] "GET /xingrg/all/function/internal_message.html?_=1605228521201&CODE_STATE=getMsg HTTP/1.1" 200 27
172.17.0.120 - - [13/Nov/2020:08:48:39 +0800] "GET /xingrg/all/function/internal_message.html?_=1605228688688&CODE_STATE=getMsg HTTP/1.1" 302 -
172.17.0.120 - - [13/Nov/2020:08:48:39 +0800] "GET /xingrg/check_reg.html?_=1605228688689 HTTP/1.1" 302 -
172.17.200.101 - - [13/Nov/2020:08:48:46 +0800] "GET /xingrg/all/function/internal_message.html?_=1605228523694&CODE_STATE=getMsg HTTP/1.1" 200 27
180.162.245.190 - - [13/Nov/2020:08:48:52 +0800] "GET /xingrg/all/function/internal_message.html?_=1605228533936&CODE_STATE=getMsg HTTP/1.1" 200 27
117.131.5.26 - - [13/Nov/2020:08:48:52 +0800] "GET /xingrg/all/function/internal_message.html?_=1605228838482&CODE_STATE=getMsg HTTP/1.1" 200 27
222.69.136.74 - - [13/Nov/2020:08:48:53 +0800] "GET /xingrg/all/function/internal_message.html?_=1605228527738&CODE_STATE=getMsg HTTP/1.1" 200 27
172.17.0.185 - - [13/Nov/2020:08:48:54 +0800] "GET /xingrg/all/function/internal_message.html?_=1605228531003&CODE_STATE=getMsg HTTP/1.1" 200 27
180.174.56.115 - - [13/Nov/2020:08:48:57 +0800] "GET /xingrg/all/function/internal_message.html?_=1605228534879&CODE_STATE=getMsg HTTP/1.1" 200 27
114.88.166.242 - - [13/Nov/2020:08:49:08 +0800] "GET /xingrg/check_reg.html?_=1605228541383 HTTP/1.1" 200 22
120.253.135.82 - - [13/Nov/2020:08:49:10 +0800] "GET /xingrg/all/function/internal_message.html?_=1605228295773&CODE_STATE=getMsg HTTP/1.1" 200 27
101.85.228.137 - - [13/Nov/2020:08:49:10 +0800] "GET /favicon.ico HTTP/1.1" 404 -
101.85.228.137 - - [13/Nov/2020:08:49:11 +0800] "GET /favicon.ico HTTP/1.1" 404 -
101.85.228.137 - - [13/Nov/2020:08:49:11 +0800] "GET /favicon.ico HTTP/1.1" 404 -
101.85.228.137 - - [13/Nov/2020:08:49:12 +0800] "GET /favicon.ico HTTP/1.1" 404 -
101.85.228.137 - - [13/Nov/2020:08:49:13 +0800] "GET /favicon.ico HTTP/1.1" 404 -
101.85.228.137 - - [13/Nov/2020:08:49:13 +0800] "GET /favicon.ico HTTP/1.1" 404 -
101.85.228.137 - - [13/Nov/2020:08:49:14 +0800] "GET /favicon.ico HTTP/1.1" 404 -
101.85.228.137 - - [13/Nov/2020:08:49:14 +0800] "GET /favicon.ico HTTP/1.1" 404 -
101.85.228.137 - - [13/Nov/2020:08:49:15 +0800] "GET /favicon.ico HTTP/1.1" 404 -
101.85.228.137 - - [13/Nov/2020:08:49:16 +0800] "GET /favicon.ico HTTP/1.1" 404 -
114.88.166.242 - - [13/Nov/2020:08:49:16 +0800] "GET /xingrg/all/function/internal_message.html?_=1605228548790&CODE_STATE=getMsg HTTP/1.1" 200 27
101.85.228.137 - - [13/Nov/2020:08:49:16 +0800] "GET /favicon.ico HTTP/1.1" 404 -
101.85.228.137 - - [13/Nov/2020:08:49:17 +0800] "GET /favicon.ico HTTP/1.1" 404 -
101.85.228.137 - - [13/Nov/2020:08:49:17 +0800] "GET /favicon.ico HTTP/1.1" 404 -
114.84.37.38 - - [13/Nov/2020:08:49:22 +0800] "GET /xingrg/all/function/internal_message.html?_=1605228581775&CODE_STATE=getMsg HTTP/1.1" 200 27
101.85.228.137 - - [13/Nov/2020:08:49:31 +0800] "GET /favicon.ico HTTP/1.1" 404 -
101.85.228.137 - - [13/Nov/2020:08:49:31 +0800] "GET /favicon.ico HTTP/1.1" 404 -
222.69.136.74 - - [13/Nov/2020:08:49:33 +0800] "GET /xingrg/kc/buy/cgsh_order_operate.html?command=get_materiel&rest_code=00149&code=00102009710&supplier_code=00100151&order_time=2020-11-13 HTTP/1.1" 200 420
117.131.5.26 - - [13/Nov/2020:08:49:34 +0800] "GET /xingrg/check_reg.html?_=1605228880783 HTTP/1.1" 200 22
101.85.228.137 - - [13/Nov/2020:08:49:39 +0800] "GET /favicon.ico HTTP/1.1" 404 -
172.17.0.120 - - [13/Nov/2020:08:49:39 +0800] "GET /xingrg/all/function/internal_message.html?_=1605228748690&CODE_STATE=getMsg HTTP/1.1" 302 -
172.17.200.101 - - [13/Nov/2020:08:49:46 +0800] "GET /xingrg/all/function/internal_message.html?_=1605228583685&CODE_STATE=getMsg HTTP/1.1" 200 27
172.17.200.101 - - [13/Nov/2020:08:49:50 +0800] "POST /xingrg/dwr/call/plaincall/AjaxReportQueryService.refreshCache.dwr HTTP/1.1" 200 78
172.17.200.101 - - [13/Nov/2020:08:49:50 +0800] "POST /xingrg/all/report/load_report_page.html HTTP/1.1" 200 48190
172.17.200.101 - - [13/Nov/2020:08:49:50 +0800] "GET /xingrg/servlets/image?cache=0.8412007202612531&image=px HTTP/1.1" 200 807
180.162.245.190 - - [13/Nov/2020:08:49:52 +0800] "GET /xingrg/all/function/internal_message.html?_=1605228593930&CODE_STATE=getMsg HTTP/1.1" 200 27
180.162.245.190 - - [13/Nov/2020:08:49:52 +0800] "GET /xingrg/check_reg.html?_=1605228593934 HTTP/1.1" 200 22
117.131.5.26 - - [13/Nov/2020:08:49:52 +0800] "GET /xingrg/all/function/internal_message.html?_=1605228898488&CODE_STATE=getMsg HTTP/1.1" 200 27
222.69.136.74 - - [13/Nov/2020:08:49:53 +0800] "GET /xingrg/all/function/internal_message.html?_=1605228587709&CODE_STATE=getMsg HTTP/1.1" 200 27
180.174.56.115 - - [13/Nov/2020:08:49:53 +0800] "POST /xingrg/all/user/operate.html HTTP/1.1" 200 36
180.174.56.115 - - [13/Nov/2020:08:49:54 +0800] "GET /xingrg/index.html?sysBaseUrl=http%3A%2F%2F180.169.147.146%3A18081%2Fxingrg%2F&costTime=39×tamp=1604798959747 HTTP/1.1" 200 17179
