114.84.37.38 - - [13/Nov/2020:09:08:24 +0800] "GET /xingrg/all/function/internal_message.html?_=1605229723845&CODE_STATE=getMsg HTTP/1.1" 200 27
114.88.166.242 - - [13/Nov/2020:09:08:37 +0800] "POST /xingrg/login.do HTTP/1.1" 302 -
114.88.166.242 - - [13/Nov/2020:09:08:37 +0800] "GET /xingrg/index.html?sysBaseUrl=http%3A%2F%2F180.169.147.146%3A18081%2Fxingrg%2F&costTime=101×tamp=1605229717061 HTTP/1.1" 200 17503
114.88.166.242 - - [13/Nov/2020:09:08:37 +0800] "GET /favicon.ico HTTP/1.1" 404 -
114.88.166.242 - - [13/Nov/2020:09:08:37 +0800] "POST /xingrg/all/common/load_tree.html?tree=area_rest_tree_json&manage=1 HTTP/1.1" 200 3350
114.88.166.242 - - [13/Nov/2020:09:08:37 +0800] "GET /xingrg/all/function/internal_message.html?_=1605229821540&CODE_STATE=count HTTP/1.1" 200 11
114.88.166.242 - - [13/Nov/2020:09:08:37 +0800] "GET /xingrg/check_reg.html?_=1605229821540 HTTP/1.1" 200 22
114.88.166.242 - - [13/Nov/2020:09:08:37 +0800] "POST /xingrg/load_menu.html HTTP/1.1" 200 11564
172.17.0.120 - - [13/Nov/2020:09:08:39 +0800] "GET /xingrg/check_reg.html?_=1605229888697 HTTP/1.1" 302 -
172.17.0.120 - - [13/Nov/2020:09:08:39 +0800] "GET /xingrg/all/function/internal_message.html?_=1605229888697&CODE_STATE=getMsg HTTP/1.1" 302 -
114.88.166.242 - - [13/Nov/2020:09:08:39 +0800] "GET /xingrg/javascript/jquery_easy_ui/themes/default/images/button_a_bg.gif HTTP/1.1" 304 -
114.88.166.242 - - [13/Nov/2020:09:08:39 +0800] "GET /xingrg/javascript/jquery_easy_ui/themes/default/images/button_span_bg.gif HTTP/1.1" 304 -
114.88.166.242 - - [13/Nov/2020:09:08:42 +0800] "POST /xingrg/all/user/operate.html HTTP/1.1" 200 36
114.88.166.242 - - [13/Nov/2020:09:08:42 +0800] "GET /xingrg/index.html?sysBaseUrl=http%3A%2F%2F180.169.147.146%3A18081%2Fxingrg%2F&costTime=101×tamp=1605229717061 HTTP/1.1" 200 17503
114.88.166.242 - - [13/Nov/2020:09:08:42 +0800] "GET /xingrg/javascript/jquery_easy_ui/themes/default/easyui.css HTTP/1.1" 304 -
114.88.166.242 - - [13/Nov/2020:09:08:42 +0800] "GET /xingrg/javascript/jquery_easy_ui/themes/icon.css HTTP/1.1" 304 -
114.88.166.242 - - [13/Nov/2020:09:08:42 +0800] "GET /xingrg/css/form.css HTTP/1.1" 304 -
114.88.166.242 - - [13/Nov/2020:09:08:42 +0800] "GET /xingrg/javascript/jquery-1.4.2.min.js HTTP/1.1" 304 -
114.88.166.242 - - [13/Nov/2020:09:08:42 +0800] "GET /xingrg/images/blue/jxLogo.png HTTP/1.1" 304 -
114.88.166.242 - - [13/Nov/2020:09:08:42 +0800] "GET /xingrg/javascript/jquery.utils.js HTTP/1.1" 304 -
114.88.166.242 - - [13/Nov/2020:09:08:42 +0800] "GET /xingrg/javascript/jquery.timers.js HTTP/1.1" 304 -
114.88.166.242 - - [13/Nov/2020:09:08:42 +0800] "GET /xingrg/javascript/jquery.form.js HTTP/1.1" 304 -
114.88.166.242 - - [13/Nov/2020:09:08:42 +0800] "GET /xingrg/javascript/jquery_easy_ui/jquery.easyui.min.js HTTP/1.1" 304 -
114.88.166.242 - - [13/Nov/2020:09:08:42 +0800] "GET /xingrg/javascript/jquery_easy_ui/easyui-lang-zh_CN.js HTTP/1.1" 304 -
114.88.166.242 - - [13/Nov/2020:09:08:42 +0800] "GET /xingrg/javascript/jquery_easy_ui/themes/icons/settle_new.png HTTP/1.1" 304 -
114.88.166.242 - - [13/Nov/2020:09:08:42 +0800] "GET /xingrg/images/blue/navBackgound.jpg HTTP/1.1" 304 -
114.88.166.242 - - [13/Nov/2020:09:08:42 +0800] "GET /xingrg/all/function/internal_message.html?_=1605229826440&CODE_STATE=count HTTP/1.1" 200 11
114.88.166.242 - - [13/Nov/2020:09:08:42 +0800] "GET /xingrg/check_reg.html?_=1605229826440 HTTP/1.1" 200 22
114.88.166.242 - - [13/Nov/2020:09:08:42 +0800] "GET /xingrg/javascript/jquery_easy_ui/themes/default/images/tabs_rightarrow.png HTTP/1.1" 304 -
114.88.166.242 - - [13/Nov/2020:09:08:42 +0800] "GET /xingrg/javascript/jquery_easy_ui/themes/default/images/panel_tool_collapse.gif HTTP/1.1" 304 -
114.88.166.242 - - [13/Nov/2020:09:08:42 +0800] "GET /xingrg/javascript/jquery_easy_ui/themes/default/images/panel_tool_expand.gif HTTP/1.1" 304 -
114.88.166.242 - - [13/Nov/2020:09:08:42 +0800] "GET /xingrg/javascript/jquery_easy_ui/themes/default/images/tabs_leftarrow.png HTTP/1.1" 304 -
114.88.166.242 - - [13/Nov/2020:09:08:42 +0800] "POST /xingrg/all/common/load_tree.html?tree=area_rest_tree_json&manage=1 HTTP/1.1" 200 3350
114.88.166.242 - - [13/Nov/2020:09:08:42 +0800] "GET /xingrg/images/blue/pingpu.png HTTP/1.1" 304 -
114.88.166.242 - - [13/Nov/2020:09:08:42 +0800] "POST /xingrg/load_menu.html HTTP/1.1" 200 9959
172.17.200.101 - - [13/Nov/2020:09:08:44 +0800] "GET /xingrg/all/function/internal_message.html?_=1605229721892&CODE_STATE=getMsg HTTP/1.1" 200 27
114.88.166.242 - - [13/Nov/2020:09:08:46 +0800] "GET /xingrg/kc/buy/cgsh_order_list.html HTTP/1.1" 200 45131
222.69.136.74 - - [13/Nov/2020:09:08:47 +0800] "GET /xingrg/kc/buy/cgsh_order_operate.html?command=get_materiel&rest_code=00149&code=00101008264&supplier_code=00100005&order_time=2020-11-13 HTTP/1.1" 200 412
180.162.245.190 - - [13/Nov/2020:09:08:51 +0800] "GET /xingrg/kc/buy/cgsh_order_operate.html?command=get_materiel&rest_code=00105&code=00101005037&supplier_code=00100397&order_time=2020-11-13 HTTP/1.1" 200 409
180.162.245.190 - - [13/Nov/2020:09:08:52 +0800] "GET /xingrg/all/function/internal_message.html?_=1605229733974&CODE_STATE=getMsg HTTP/1.1" 200 27
117.131.5.26 - - [13/Nov/2020:09:08:53 +0800] "GET /xingrg/all/function/internal_message.html?_=1605230039012&CODE_STATE=getMsg HTTP/1.1" 200 27
222.69.136.74 - - [13/Nov/2020:09:08:53 +0800] "GET /xingrg/all/function/internal_message.html?_=1605229727439&CODE_STATE=getMsg HTTP/1.1" 200 27
114.88.166.242 - - [13/Nov/2020:09:08:54 +0800] "GET /xingrg/javascript/jquery_tools/images/next.gif HTTP/1.1" 404 1086
114.88.166.242 - - [13/Nov/2020:09:08:54 +0800] "GET /xingrg/javascript/jquery_tools/images/prev.gif HTTP/1.1" 404 1086
172.17.0.185 - - [13/Nov/2020:09:08:55 +0800] "GET /xingrg/all/function/internal_message.html?_=1605229731006&CODE_STATE=getMsg HTTP/1.1" 200 27
180.162.245.190 - - [13/Nov/2020:09:08:58 +0800] "POST /xingrg/kc/buy/cgsh_order_operate.html HTTP/1.1" 200 37
172.17.0.101 - - [13/Nov/2020:09:08:58 +0800] "POST /xingrg/kc/buy/cgsh_list_operate.html HTTP/1.1" 200 4
114.88.166.242 - - [13/Nov/2020:09:08:59 +0800] "POST /xingrg/kc/buy/cgsh_list_operate.html HTTP/1.1" 200 876
180.162.245.190 - - [13/Nov/2020:09:09:00 +0800] "POST /xingrg/kc/buy/cgsh_order_operate.html HTTP/1.1" 200 4428
114.88.166.242 - - [13/Nov/2020:09:09:01 +0800] "POST /xingrg/kc/buy/cgsh_list_operate.html HTTP/1.1" 200 876
172.17.0.101 - - [13/Nov/2020:09:09:02 +0800] "POST /xingrg/kc/buy/cgsh_list_operate.html HTTP/1.1" 200 5151
172.17.0.101 - - [13/Nov/2020:09:09:04 +0800] "GET /xingrg/all/function/internal_message.html?_=1605229743195&CODE_STATE=getMsg HTTP/1.1" 200 27
116.228.172.94 - - [13/Nov/2020:09:09:05 +0800] "GET /xingrg/all/function/internal_message.html?_=1605229736263&CODE_STATE=getMsg HTTP/1.1" 200 27
114.88.166.242 - - [13/Nov/2020:09:09:08 +0800] "GET /xingrg/check_reg.html?_=1605229741401 HTTP/1.1" 200 22
120.253.135.82 - - [13/Nov/2020:09:09:10 +0800] "GET /xingrg/all/function/internal_message.html?_=1605229496079&CODE_STATE=getMsg HTTP/1.1" 200 27
180.174.56.115 - - [13/Nov/2020:09:09:10 +0800] "POST /xingrg/kc/buy/cgsh_list_operate.html HTTP/1.1" 200 2051
180.162.245.190 - - [13/Nov/2020:09:09:12 +0800] "POST /xingrg/kc/buy/cgsh_order_operate.html HTTP/1.1" 200 37
180.174.56.115 - - [13/Nov/2020:09:09:13 +0800] "GET /xingrg/check_reg.html?_=1605229750059 HTTP/1.1" 200 22
180.174.56.115 - - [13/Nov/2020:09:09:13 +0800] "GET /xingrg/all/function/internal_message.html?_=1605229750064&CODE_STATE=getMsg HTTP/1.1" 200 27
222.69.136.74 - - [13/Nov/2020:09:09:15 +0800] "POST /xingrg/kc/buy/cgsh_order_operate.html HTTP/1.1" 200 2065
114.88.166.242 - - [13/Nov/2020:09:09:16 +0800] "GET /xingrg/all/function/internal_message.html?_=1605229749561&CODE_STATE=getMsg HTTP/1.1" 200 27
180.162.245.190 - - [13/Nov/2020:09:09:19 +0800] "POST /xingrg/kc/buy/cgsh_order_operate.html HTTP/1.1" 200 4428
222.69.136.74 - - [13/Nov/2020:09:09:23 +0800] "GET /xingrg/kc/buy/cgsh_order_operate.html?command=get_materiel&rest_code=00149&code=00101008209&supplier_code=00100005&order_time=2020-11-13 HTTP/1.1" 200 408
114.84.37.38 - - [13/Nov/2020:09:09:25 +0800] "GET /xingrg/all/function/internal_message.html?_=1605229784465&CODE_STATE=getMsg HTTP/1.1" 200 27
117.131.5.26 - - [13/Nov/2020:09:09:34 +0800] "GET /xingrg/check_reg.html?_=1605230080836 HTTP/1.1" 200 22
172.17.0.120 - - [13/Nov/2020:09:09:39 +0800] "GET /xingrg/all/function/internal_message.html?_=1605229948699&CODE_STATE=getMsg HTTP/1.1" 302 -
222.69.136.74 - - [13/Nov/2020:09:09:39 +0800] "GET /xingrg/kc/buy/cgsh_order_operate.html?command=get_materiel&rest_code=00149&code=00101008356&supplier_code=00100005&order_time=2020-11-13 HTTP/1.1" 200 408
172.17.0.101 - - [13/Nov/2020:09:09:40 +0800] "POST /xingrg/kc/buy/cgsh_list_operate.html HTTP/1.1" 200 4
114.88.166.242 - - [13/Nov/2020:09:09:42 +0800] "GET /xingrg/all/function/internal_message.html?_=1605229886446&CODE_STATE=getMsg HTTP/1.1" 200 27
172.17.200.101 - - [13/Nov/2020:09:09:44 +0800] "GET /xingrg/all/function/internal_message.html?_=1605229781893&CODE_STATE=getMsg HTTP/1.1" 200 27
172.17.0.101 - - [13/Nov/2020:09:09:44 +0800] "POST /xingrg/kc/buy/cgsh_list_operate.html HTTP/1.1" 200 2057
180.162.245.190 - - [13/Nov/2020:09:09:52 +0800] "GET /xingrg/check_reg.html?_=1605229793992 HTTP/1.1" 200 22
180.162.245.190 - - [13/Nov/2020:09:09:52 +0800] "GET /xingrg/all/function/internal_message.html?_=1605229793996&CODE_STATE=getMsg HTTP/1.1" 200 27
117.131.5.26 - - [13/Nov/2020:09:09:53 +0800] "GET /xingrg/all/function/internal_message.html?_=1605230099027&CODE_STATE=getMsg HTTP/1.1" 200 27
222.69.136.74 - - [13/Nov/2020:09:09:53 +0800] "GET /xingrg/all/function/internal_message.html?_=1605229787418&CODE_STATE=getMsg HTTP/1.1" 200 27
172.17.0.185 - - [13/Nov/2020:09:09:55 +0800] "GET /xingrg/all/function/internal_message.html?_=1605229791008&CODE_STATE=getMsg HTTP/1.1" 200 27
222.69.136.74 - - [13/Nov/2020:09:09:56 +0800] "GET /xingrg/kc/buy/cgsh_order_operate.html?command=get_materiel&rest_code=00149&code=00101008205&supplier_code=00100005&order_time=2020-11-13 HTTP/1.1" 200 412
172.17.0.101 - - [13/Nov/2020:09:10:04 +0800] "GET /xingrg/all/function/internal_message.html?_=1605229803186&CODE_STATE=getMsg HTTP/1.1" 200 27
116.228.172.94 - - [13/Nov/2020:09:10:05 +0800] "GET /xingrg/all/function/internal_message.html?_=1605229796248&CODE_STATE=getMsg HTTP/1.1" 200 27
120.253.135.82 - - [13/Nov/2020:09:10:10 +0800] "GET /xingrg/all/function/internal_message.html?_=1605229556090&CODE_STATE=getMsg HTTP/1.1" 200 27
172.17.0.101 - - [13/Nov/2020:09:10:12 +0800] "POST /xingrg/kc/buy/cgsh_list_operate.html HTTP/1.1" 200 4
180.174.56.115 - - [13/Nov/2020:09:10:13 +0800] "GET /xingrg/all/function/internal_message.html?_=1605229810059&CODE_STATE=getMsg HTTP/1.1" 200 27
172.17.0.101 - - [13/Nov/2020:09:10:14 +0800] "POST /xingrg/kc/buy/cgsh_list_operate.html HTTP/1.1" 200 876
114.88.166.242 - - [13/Nov/2020:09:10:16 +0800] "GET /xingrg/all/function/internal_message.html?_=1605229809574&CODE_STATE=getMsg HTTP/1.1" 200 27
180.162.245.190 - - [13/Nov/2020:09:10:17 +0800] "GET /xingrg/kc/buy/cgsh_order_add.html HTTP/1.1" 200 60660
180.162.245.190 - - [13/Nov/2020:09:10:17 +0800] "POST /xingrg/kc/buy/cgsh_order_operate.html HTTP/1.1" 200 8245
180.162.245.190 - - [13/Nov/2020:09:10:17 +0800] "GET /xingrg/javascript/easyui/themes/default/validatebox.css HTTP/1.1" 404 1104
172.17.0.101 - - [13/Nov/2020:09:10:18 +0800] "GET /xingrg/kc/base/wldb_order_list.html HTTP/1.1" 200 19404
172.17.0.101 - - [13/Nov/2020:09:10:18 +0800] "POST /xingrg/kc/base/wldb_list_operate.html HTTP/1.1" 200 928
222.69.136.74 - - [13/Nov/2020:09:10:19 +0800] "GET /xingrg/kc/buy/cgsh_order_operate.html?command=get_materiel&rest_code=00149&code=00101008251&supplier_code=00100005&order_time=2020-11-13 HTTP/1.1" 200 408
114.84.37.38 - - [13/Nov/2020:09:10:25 +0800] "GET /xingrg/all/function/internal_message.html?_=1605229844480&CODE_STATE=getMsg HTTP/1.1" 200 27
114.88.166.242 - - [13/Nov/2020:09:10:29 +0800] "GET /xingrg/kc/buy/cgsh_order_add.html HTTP/1.1" 200 60613
114.88.166.242 - - [13/Nov/2020:09:10:29 +0800] "GET /xingrg/words/20201112113022_words.js HTTP/1.1" 304 -
114.88.166.242 - - [13/Nov/2020:09:10:29 +0800] "GET /xingrg/all/common/auto_word.html?type=employee&rest_code=00111 HTTP/1.1" 200 205
114.88.166.242 - - [13/Nov/2020:09:10:29 +0800] "GET /xingrg/all/common/auto_word.html?type=employee&rest_code=00111 HTTP/1.1" 200 205
114.88.166.242 - - [13/Nov/2020:09:10:29 +0800] "GET /xingrg/javascript/easyui/themes/default/validatebox.css HTTP/1.1" 404 1104
114.88.166.242 - - [13/Nov/2020:09:10:29 +0800] "POST /xingrg/kc/buy/cgsh_order_operate.html HTTP/1.1" 200 8245
222.69.136.74 - - [13/Nov/2020:09:10:30 +0800] "POST /xingrg/kc/buy/cgsh_order_operate.html HTTP/1.1" 200 2065
180.162.245.190 - - [13/Nov/2020:09:10:31 +0800] "GET /xingrg/kc/buy/cgsh_order_operate.html?command=get_materiel&rest_code=00105&code=00101008045&supplier_code=00100203&order_time=2020-11-13 HTTP/1.1" 200 412
114.88.166.242 - - [13/Nov/2020:09:10:31 +0800] "GET /xingrg/javascript/auto/indicator.gif HTTP/1.1" 404 1066
101.93.222.235 - - [13/Nov/2020:09:10:36 +0800] "POST /xingrg/services/DataTransmitService HTTP/1.1" 200 524
222.69.136.74 - - [13/Nov/2020:09:10:36 +0800] "GET /xingrg/kc/buy/cgsh_order_operate.html?command=get_materiel&rest_code=00149&code=00101008059&supplier_code=00100005&order_time=2020-11-13 HTTP/1.1" 200 408
172.17.0.120 - - [13/Nov/2020:09:10:39 +0800] "GET /xingrg/all/function/internal_message.html?_=1605230008687&CODE_STATE=getMsg HTTP/1.1" 302 -
114.88.166.242 - - [13/Nov/2020:09:10:42 +0800] "GET /xingrg/all/function/internal_message.html?_=1605229946455&CODE_STATE=getMsg HTTP/1.1" 200 27
172.17.200.101 - - [13/Nov/2020:09:10:44 +0800] "GET /xingrg/all/function/internal_message.html?_=1605229841895&CODE_STATE=getMsg HTTP/1.1" 200 27
222.69.136.74 - - [13/Nov/2020:09:10:45 +0800] "GET /xingrg/kc/buy/cgsh_order_operate.html?command=get_materiel&rest_code=00149&code=00101008223&supplier_code=00100005&order_time=2020-11-13 HTTP/1.1" 200 412
180.162.245.190 - - [13/Nov/2020:09:10:49 +0800] "GET /xingrg/kc/buy/cgsh_order_operate.html?command=get_materiel&rest_code=00105&code=00101008257&supplier_code=00100203&order_time=2020-11-13 HTTP/1.1" 200 416
180.162.245.190 - - [13/Nov/2020:09:10:52 +0800] "GET /xingrg/all/function/internal_message.html?_=1605229854010&CODE_STATE=getMsg HTTP/1.1" 200 27
117.131.5.26 - - [13/Nov/2020:09:10:53 +0800] "GET /xingrg/all/function/internal_message.html?_=1605230159040&CODE_STATE=getMsg HTTP/1.1" 200 27
222.69.136.74 - - [13/Nov/2020:09:10:53 +0800] "GET /xingrg/all/function/internal_message.html?_=1605229847398&CODE_STATE=getMsg HTTP/1.1" 200 27
172.17.0.185 - - [13/Nov/2020:09:10:55 +0800] "GET /xingrg/all/function/internal_message.html?_=1605229851009&CODE_STATE=getMsg HTTP/1.1" 200 27
114.88.166.242 - - [13/Nov/2020:09:10:55 +0800] "GET /xingrg/kc/buy/cgsh_order_operate.html?command=get_materiel&rest_code=00111&code=00101006111&supplier_code=00100012&order_time=2020-11-13 HTTP/1.1" 200 409
180.162.245.190 - - [13/Nov/2020:09:10:56 +0800] "GET /xingrg/kc/buy/cgsh_order_operate.html?command=get_materiel&rest_code=00105&code=00101008155&supplier_code=00100203&order_time=2020-11-13 HTTP/1.1" 200 408
222.69.136.74 - - [13/Nov/2020:09:11:03 +0800] "GET /xingrg/kc/buy/cgsh_order_operate.html?command=get_materiel&rest_code=00149&code=00101008357&supplier_code=00100005&order_time=2020-11-13 HTTP/1.1" 200 408
180.162.245.190 - - [13/Nov/2020:09:11:03 +0800] "GET /xingrg/kc/buy/cgsh_order_operate.html?command=get_materiel&rest_code=00105&code=00101008354&supplier_code=00100203&order_time=2020-11-13 HTTP/1.1" 200 412
172.17.0.101 - - [13/Nov/2020:09:11:04 +0800] "GET /xingrg/all/function/internal_message.html?_=1605229863202&CODE_STATE=getMsg HTTP/1.1" 200 27
116.228.172.94 - - [13/Nov/2020:09:11:05 +0800] "GET /xingrg/check_reg.html?_=1605229856169 HTTP/1.1" 200 22
116.228.172.94 - - [13/Nov/2020:09:11:05 +0800] "GET /xingrg/all/function/internal_message.html?_=1605229856233&CODE_STATE=getMsg HTTP/1.1" 200 27
120.253.135.82 - - [13/Nov/2020:09:11:10 +0800] "GET /xingrg/check_reg.html?_=1605229615767 HTTP/1.1" 200 22
180.162.245.190 - - [13/Nov/2020:09:11:10 +0800] "GET /xingrg/kc/buy/cgsh_order_operate.html?command=get_materiel&rest_code=00105&code=00101008026&supplier_code=00100203&order_time=2020-11-13 HTTP/1.1" 200 409
114.88.166.242 - - [13/Nov/2020:09:11:10 +0800] "GET /xingrg/kc/buy/cgsh_order_operate.html?command=get_materiel&rest_code=00111&code=00101006055&supplier_code=00100012&order_time=2020-11-13 HTTP/1.1" 200 409
120.253.135.82 - - [13/Nov/2020:09:11:10 +0800] "GET /xingrg/all/function/internal_message.html?_=1605229616103&CODE_STATE=getMsg HTTP/1.1" 200 27
180.174.56.115 - - [13/Nov/2020:09:11:13 +0800] "GET /xingrg/all/function/internal_message.html?_=1605229870062&CODE_STATE=getMsg HTTP/1.1" 200 27
114.88.166.242 - - [13/Nov/2020:09:11:17 +0800] "GET /xingrg/all/function/internal_message.html?_=1605229869652&CODE_STATE=getMsg HTTP/1.1" 200 27
180.162.245.190 - - [13/Nov/2020:09:11:22 +0800] "GET /xingrg/kc/buy/cgsh_order_operate.html?command=get_materiel&rest_code=00105&code=00101015056&supplier_code=00100203&order_time=2020-11-13 HTTP/1.1" 200 413
180.162.245.190 - - [13/Nov/2020:09:11:23 +0800] "GET /xingrg/system/info/materiel_import.html?isSelect=1&singleSelect=false HTTP/1.1" 200 5600
180.162.245.190 - - [13/Nov/2020:09:11:23 +0800] "POST /xingrg/all/common/load_tree.html?tree=materiel_sort_tree_json HTTP/1.1" 200 8666
180.162.245.190 - - [13/Nov/2020:09:11:23 +0800] "GET /favicon.ico HTTP/1.1" 404 -
114.84.37.38 - - [13/Nov/2020:09:11:23 +0800] "GET /xingrg/check_reg.html?_=1605229902778 HTTP/1.1" 200 22
114.84.37.38 - - [13/Nov/2020:09:11:25 +0800] "GET /xingrg/all/function/internal_message.html?_=1605229904494&CODE_STATE=getMsg HTTP/1.1" 200 27
180.162.245.190 - - [13/Nov/2020:09:11:31 +0800] "GET /xingrg/kc/buy/cgsh_order_operate.html?command=get_materiel&rest_code=00105&code=00101008264&supplier_code=00100203&order_time=2020-11-13 HTTP/1.1" 200 412
180.162.245.190 - - [13/Nov/2020:09:11:38 +0800] "GET /xingrg/kc/buy/cgsh_order_operate.html?command=get_materiel&rest_code=00105&code=00101008356&supplier_code=00100203&order_time=2020-11-13 HTTP/1.1" 200 408
172.17.0.120 - - [13/Nov/2020:09:11:39 +0800] "GET /xingrg/all/function/internal_message.html?_=1605230068699&CODE_STATE=getMsg HTTP/1.1" 302 -
114.88.166.242 - - [13/Nov/2020:09:11:42 +0800] "GET /xingrg/all/function/internal_message.html?_=1605230006443&CODE_STATE=getMsg HTTP/1.1" 200 27
114.88.166.242 - - [13/Nov/2020:09:11:43 +0800] "GET /xingrg/kc/buy/cgsh_order_operate.html?command=get_materiel&rest_code=00111&code=00101006056&supplier_code=00100012&order_time=2020-11-13 HTTP/1.1" 200 413
172.17.200.101 - - [13/Nov/2020:09:11:44 +0800] "GET /xingrg/all/function/internal_message.html?_=1605229901896&CODE_STATE=getMsg HTTP/1.1" 200 27
180.162.245.190 - - [13/Nov/2020:09:11:47 +0800] "GET /xingrg/kc/buy/cgsh_order_operate.html?command=get_materiel&rest_code=00105&code=00101008439&supplier_code=00100203&order_time=2020-11-13 HTTP/1.1" 200 399
180.162.245.190 - - [13/Nov/2020:09:11:52 +0800] "GET /xingrg/all/function/internal_message.html?_=1605229914057&CODE_STATE=getMsg HTTP/1.1" 200 27
222.69.136.74 - - [13/Nov/2020:09:11:53 +0800] "GET /xingrg/all/function/internal_message.html?_=1605229907382&CODE_STATE=getMsg HTTP/1.1" 200 27
117.131.5.26 - - [13/Nov/2020:09:11:53 +0800] "GET /xingrg/all/function/internal_message.html?_=1605230219087&CODE_STATE=getMsg HTTP/1.1" 200 27
222.69.136.74 - - [13/Nov/2020:09:11:53 +0800] "GET /xingrg/check_reg.html?_=1605229907889 HTTP/1.1" 200 22
114.88.166.242 - - [13/Nov/2020:09:11:53 +0800] "GET /xingrg/kc/buy/cgsh_order_operate.html?command=get_materiel&rest_code=00111&code=00101006065&supplier_code=00100012&order_time=2020-11-13 HTTP/1.1" 200 409
172.17.0.185 - - [13/Nov/2020:09:11:55 +0800] "GET /xingrg/check_reg.html?_=1605229911012 HTTP/1.1" 200 22
172.17.0.185 - - [13/Nov/2020:09:11:55 +0800] "GET /xingrg/all/function/internal_message.html?_=1605229911013&CODE_STATE=getMsg HTTP/1.1" 200 27
180.162.245.190 - - [13/Nov/2020:09:11:56 +0800] "GET /xingrg/kc/buy/cgsh_order_operate.html?command=get_materiel&rest_code=00105&code=00101008136&supplier_code=00100203&order_time=2020-11-13 HTTP/1.1" 200 413
114.84.37.38 - - [13/Nov/2020:09:12:00 +0800] "POST /xingrg/kc/buy/cgsh_list_operate.html HTTP/1.1" 200 876
114.84.37.38 - - [13/Nov/2020:09:12:02 +0800] "GET /xingrg/kc/buy/cgsh_order_add.html HTTP/1.1" 200 60619
114.84.37.38 - - [13/Nov/2020:09:12:02 +0800] "GET /xingrg/javascript/pic_change.js HTTP/1.1" 304 -
114.84.37.38 - - [13/Nov/2020:09:12:02 +0800] "GET /xingrg/javascript/convert.js HTTP/1.1" 304 -
114.84.37.38 - - [13/Nov/2020:09:12:02 +0800] "GET /xingrg/javascript/jquery_tools/order_manager.js HTTP/1.1" 304 -
114.84.37.38 - - [13/Nov/2020:09:12:02 +0800] "GET /xingrg/javascript/json2.js HTTP/1.1" 304 -
114.84.37.38 - - [13/Nov/2020:09:12:02 +0800] "GET /xingrg/javascript/print/kc_print.js HTTP/1.1" 304 -
114.84.37.38 - - [13/Nov/2020:09:12:02 +0800] "GET /xingrg/words/20201112113022_words.js HTTP/1.1" 304 -
114.84.37.38 - - [13/Nov/2020:09:12:02 +0800] "GET /xingrg/javascript/easyui/themes/icons/copy_new.png HTTP/1.1" 304 -
114.84.37.38 - - [13/Nov/2020:09:12:02 +0800] "GET /xingrg/javascript/easyui/themes/icons/template_new.png HTTP/1.1" 304 -
114.84.37.38 - - [13/Nov/2020:09:12:02 +0800] "GET /xingrg/javascript/easyui/themes/icons/ok.png HTTP/1.1" 304 -
114.84.37.38 - - [13/Nov/2020:09:12:02 +0800] "GET /xingrg/javascript/easyui/themes/icons/cancel.png HTTP/1.1" 304 -
114.84.37.38 - - [13/Nov/2020:09:12:02 +0800] "POST /xingrg/kc/buy/cgsh_order_operate.html HTTP/1.1" 200 8245
114.84.37.38 - - [13/Nov/2020:09:12:02 +0800] "GET /xingrg/all/common/auto_word.html?type=employee&rest_code=00146 HTTP/1.1" 200 197
114.84.37.38 - - [13/Nov/2020:09:12:02 +0800] "GET /xingrg/all/common/auto_word.html?type=employee&rest_code=00146 HTTP/1.1" 200 197
114.84.37.38 - - [13/Nov/2020:09:12:02 +0800] "GET /xingrg/javascript/easyui/themes/default/validatebox.css HTTP/1.1" 404 1104
114.84.37.38 - - [13/Nov/2020:09:12:02 +0800] "GET /xingrg/javascript/easyui/plugins/jquery.validatebox.js HTTP/1.1" 304 -
114.84.37.38 - - [13/Nov/2020:09:12:02 +0800] "GET /xingrg/javascript/easyui/plugins/jquery.numberbox.js HTTP/1.1" 304 -
180.162.245.190 - - [13/Nov/2020:09:12:04 +0800] "GET /xingrg/kc/buy/cgsh_order_operate.html?command=get_materiel&rest_code=00105&code=00101008197&supplier_code=00100203&order_time=2020-11-13 HTTP/1.1" 200 416
172.17.0.101 - - [13/Nov/2020:09:12:04 +0800] "GET /xingrg/check_reg.html?_=1605229923202 HTTP/1.1" 200 22
172.17.0.101 - - [13/Nov/2020:09:12:04 +0800] "GET /xingrg/all/function/internal_message.html?_=1605229923203&CODE_STATE=getMsg HTTP/1.1" 200 27
116.228.172.94 - - [13/Nov/2020:09:12:05 +0800] "GET /xingrg/all/function/internal_message.html?_=1605229916213&CODE_STATE=getMsg HTTP/1.1" 200 27
120.253.135.82 - - [13/Nov/2020:09:12:10 +0800] "GET /xingrg/all/function/internal_message.html?_=1605229676117&CODE_STATE=getMsg HTTP/1.1" 200 27
180.162.245.190 - - [13/Nov/2020:09:12:11 +0800] "GET /xingrg/kc/buy/cgsh_order_operate.html?command=get_materiel&rest_code=00105&code=00101008069&supplier_code=00100203&order_time=2020-11-13 HTTP/1.1" 200 412
180.174.56.115 - - [13/Nov/2020:09:12:13 +0800] "GET /xingrg/all/function/internal_message.html?_=1605229930061&CODE_STATE=getMsg HTTP/1.1" 200 27
114.88.166.242 - - [13/Nov/2020:09:12:17 +0800] "GET /xingrg/all/function/internal_message.html?_=1605229929664&CODE_STATE=getMsg HTTP/1.1" 200 27
180.162.245.190 - - [13/Nov/2020:09:12:17 +0800] "GET /xingrg/kc/buy/cgsh_order_operate.html?command=get_materiel&rest_code=00105&code=00101008286&supplier_code=00100203&order_time=2020-11-13 HTTP/1.1" 200 408
114.84.37.38 - - [13/Nov/2020:09:12:21 +0800] "GET /xingrg/kc/buy/cgsh_order_operate.html?command=get_materiel&rest_code=00146&code=00101008072&supplier_code=00100005&order_time=2020-11-13 HTTP/1.1" 200 408
180.162.245.190 - - [13/Nov/2020:09:12:23 +0800] "GET /xingrg/kc/buy/cgsh_order_operate.html?command=get_materiel&rest_code=00105&code=00101008108&supplier_code=00100203&order_time=2020-11-13 HTTP/1.1" 200 412
114.84.37.38 - - [13/Nov/2020:09:12:25 +0800] "GET /xingrg/all/function/internal_message.html?_=1605229964506&CODE_STATE=getMsg HTTP/1.1" 200 27
180.162.245.190 - - [13/Nov/2020:09:12:26 +0800] "POST /xingrg/kc/buy/cgsh_order_operate.html HTTP/1.1" 200 2065
180.162.245.190 - - [13/Nov/2020:09:12:29 +0800] "POST /xingrg/kc/buy/cgsh_order_operate.html HTTP/1.1" 200 2065
114.88.166.242 - - [13/Nov/2020:09:12:29 +0800] "POST /xingrg/kc/buy/cgsh_order_operate.html HTTP/1.1" 200 37
114.88.166.242 - - [13/Nov/2020:09:12:31 +0800] "POST /xingrg/kc/buy/cgsh_order_operate.html HTTP/1.1" 200 4423
180.162.245.190 - - [13/Nov/2020:09:12:38 +0800] "GET /xingrg/kc/buy/cgsh_order_operate.html?command=get_materiel&rest_code=00105&code=00101008318&supplier_code=00100203&order_time=2020-11-13 HTTP/1.1" 200 408
172.17.0.120 - - [13/Nov/2020:09:12:39 +0800] "GET /xingrg/all/function/internal_message.html?_=1605230128691&CODE_STATE=getMsg HTTP/1.1" 302 -
114.84.37.38 - - [13/Nov/2020:09:12:40 +0800] "GET /xingrg/kc/buy/cgsh_order_operate.html?command=get_materiel&rest_code=00146&code=00101008355&supplier_code=00100005&order_time=2020-11-13 HTTP/1.1" 200 408
101.93.222.235 - - [13/Nov/2020:09:12:42 +0800] "POST /xingrg/services/DataTransmitService HTTP/1.1" 200 524
114.88.166.242 - - [13/Nov/2020:09:12:42 +0800] "GET /xingrg/all/function/internal_message.html?_=1605230066452&CODE_STATE=getMsg HTTP/1.1" 200 27
172.17.200.101 - - [13/Nov/2020:09:12:44 +0800] "GET /xingrg/check_reg.html?_=1605229961896 HTTP/1.1" 200 22
172.17.200.101 - - [13/Nov/2020:09:12:44 +0800] "GET /xingrg/all/function/internal_message.html?_=1605229961898&CODE_STATE=getMsg HTTP/1.1" 200 27
180.162.245.190 - - [13/Nov/2020:09:12:44 +0800] "GET /xingrg/kc/buy/cgsh_order_operate.html?command=get_materiel&rest_code=00105&code=00101008352&supplier_code=00100203&order_time=2020-11-13 HTTP/1.1" 200 412
114.84.37.38 - - [13/Nov/2020:09:12:50 +0800] "GET /xingrg/kc/buy/cgsh_order_operate.html?command=get_materiel&rest_code=00146&code=00101008067&supplier_code=00100005&order_time=2020-11-13 HTTP/1.1" 200 416
180.162.245.190 - - [13/Nov/2020:09:12:51 +0800] "GET /xingrg/kc/buy/cgsh_order_operate.html?command=get_materiel&rest_code=00105&code=00101008105&supplier_code=00100203&order_time=2020-11-13 HTTP/1.1" 200 413
180.162.245.190 - - [13/Nov/2020:09:12:52 +0800] "GET /xingrg/all/function/internal_message.html?_=1605229974016&CODE_STATE=getMsg HTTP/1.1" 200 27
222.69.136.74 - - [13/Nov/2020:09:12:53 +0800] "GET /xingrg/all/function/internal_message.html?_=1605229967361&CODE_STATE=getMsg HTTP/1.1" 200 27
117.131.5.26 - - [13/Nov/2020:09:12:53 +0800] "GET /xingrg/all/function/internal_message.html?_=1605230279097&CODE_STATE=getMsg HTTP/1.1" 200 27
172.17.0.185 - - [13/Nov/2020:09:12:55 +0800] "GET /xingrg/all/function/internal_message.html?_=1605229971013&CODE_STATE=getMsg HTTP/1.1" 200 27
180.162.245.190 - - [13/Nov/2020:09:12:57 +0800] "GET /xingrg/kc/buy/cgsh_order_operate.html?command=get_materiel&rest_code=00105&code=00101008119&supplier_code=00100203&order_time=2020-11-13 HTTP/1.1" 200 413
114.88.166.242 - - [13/Nov/2020:09:12:59 +0800] "GET /xingrg/kc/print/load_config.html?kc_code=cgsh HTTP/1.1" 200 1845
114.88.166.242 - - [13/Nov/2020:09:12:59 +0800] "GET /xingrg/kc/print/load_data.html?order_code=212020111304948&kc_code=cgsh&condition= HTTP/1.1" 200 1429
114.84.37.38 - - [13/Nov/2020:09:13:01 +0800] "GET /xingrg/kc/buy/cgsh_order_operate.html?command=get_materiel&rest_code=00146&code=00101008321&supplier_code=00100005&order_time=2020-11-13 HTTP/1.1" 200 412
172.17.0.101 - - [13/Nov/2020:09:13:04 +0800] "GET /xingrg/all/function/internal_message.html?_=1605229983202&CODE_STATE=getMsg HTTP/1.1" 200 27
116.228.172.94 - - [13/Nov/2020:09:13:05 +0800] "GET /xingrg/all/function/internal_message.html?_=1605229976186&CODE_STATE=getMsg HTTP/1.1" 200 27
180.162.245.190 - - [13/Nov/2020:09:13:06 +0800] "GET /xingrg/kc/buy/cgsh_order_operate.html?command=get_materiel&rest_code=00105&code=00101009063&supplier_code=00100203&order_time=2020-11-13 HTTP/1.1" 200 409
114.84.37.38 - - [13/Nov/2020:09:13:10 +0800] "GET /xingrg/kc/buy/cgsh_order_operate.html?command=get_materiel&rest_code=00146&code=00101008212&supplier_code=00100005&order_time=2020-11-13 HTTP/1.1" 200 412
120.253.135.82 - - [13/Nov/2020:09:13:10 +0800] "GET /xingrg/all/function/internal_message.html?_=1605229736131&CODE_STATE=getMsg HTTP/1.1" 200 27
180.174.56.115 - - [13/Nov/2020:09:13:13 +0800] "GET /xingrg/all/function/internal_message.html?_=1605229990078&CODE_STATE=getMsg HTTP/1.1" 200 27
114.88.166.242 - - [13/Nov/2020:09:13:17 +0800] "GET /xingrg/all/function/internal_message.html?_=1605229989750&CODE_STATE=getMsg HTTP/1.1" 200 27
180.174.56.115 - - [13/Nov/2020:09:13:17 +0800] "GET /xingrg/check_reg.html?_=1605229973419 HTTP/1.1" 200 22
222.69.136.74 - - [13/Nov/2020:09:13:18 +0800] "GET /xingrg/kc/buy/cgsh_order_operate.html?command=get_materiel&rest_code=00149&code=00101008069&supplier_code=00100005&order_time=2020-11-13 HTTP/1.1" 200 412
180.162.245.190 - - [13/Nov/2020:09:13:20 +0800] "GET /xingrg/kc/buy/cgsh_order_operate.html?command=get_materiel&rest_code=00105&code=00101008330&supplier_code=00100203&order_time=2020-11-13 HTTP/1.1" 200 408
114.84.37.38 - - [13/Nov/2020:09:13:25 +0800] "GET /xingrg/all/function/internal_message.html?_=1605230024522&CODE_STATE=getMsg HTTP/1.1" 200 27
114.84.37.38 - - [13/Nov/2020:09:13:26 +0800] "GET /xingrg/kc/buy/cgsh_order_operate.html?command=get_materiel&rest_code=00146&code=00101008270&supplier_code=00100005&order_time=2020-11-13 HTTP/1.1" 200 412
180.162.245.190 - - [13/Nov/2020:09:13:30 +0800] "GET /xingrg/kc/buy/cgsh_order_operate.html?command=get_materiel&rest_code=00105&code=00101008261&supplier_code=00100203&order_time=2020-11-13 HTTP/1.1" 200 408
222.69.136.74 - - [13/Nov/2020:09:13:35 +0800] "GET /xingrg/kc/buy/cgsh_order_operate.html?command=get_materiel&rest_code=00149&code=00101008286&supplier_code=00100005&order_time=2020-11-13 HTTP/1.1" 200 408
180.162.245.190 - - [13/Nov/2020:09:13:37 +0800] "GET /xingrg/kc/buy/cgsh_order_operate.html?command=get_materiel&rest_code=00105&code=00101008027&supplier_code=00100203&order_time=2020-11-13 HTTP/1.1" 200 408
114.84.37.38 - - [13/Nov/2020:09:13:37 +0800] "GET /xingrg/kc/buy/cgsh_order_operate.html?command=get_materiel&rest_code=00146&code=00101008005&supplier_code=00100005&order_time=2020-11-13 HTTP/1.1" 200 412
172.17.0.120 - - [13/Nov/2020:09:13:39 +0800] "GET /xingrg/all/function/internal_message.html?_=1605230188690&CODE_STATE=getMsg HTTP/1.1" 302 -
172.17.0.120 - - [13/Nov/2020:09:13:39 +0800] "GET /xingrg/check_reg.html?_=1605230188697 HTTP/1.1" 302 -
222.69.136.74 - - [13/Nov/2020:09:13:42 +0800] "POST /xingrg/kc/buy/cgsh_order_operate.html HTTP/1.1" 200 2065
114.88.166.242 - - [13/Nov/2020:09:13:42 +0800] "GET /xingrg/check_reg.html?_=1605230126452 HTTP/1.1" 200 22
114.88.166.242 - - [13/Nov/2020:09:13:42 +0800] "GET /xingrg/all/function/internal_message.html?_=1605230126455&CODE_STATE=getMsg HTTP/1.1" 200 27
172.17.200.101 - - [13/Nov/2020:09:13:44 +0800] "GET /xingrg/all/function/internal_message.html?_=1605230021902&CODE_STATE=getMsg HTTP/1.1" 200 27
222.69.136.74 - - [13/Nov/2020:09:13:50 +0800] "GET /xingrg/kc/buy/cgsh_order_operate.html?command=get_materiel&rest_code=00149&code=00101008036&supplier_code=00100005&order_time=2020-11-13 HTTP/1.1" 200 408
114.84.37.38 - - [13/Nov/2020:09:13:51 +0800] "GET /xingrg/kc/buy/cgsh_order_operate.html?command=get_materiel&rest_code=00146&code=00101008091&supplier_code=00100005&order_time=2020-11-13 HTTP/1.1" 200 413
180.162.245.190 - - [13/Nov/2020:09:13:52 +0800] "GET /xingrg/all/function/internal_message.html?_=1605230034070&CODE_STATE=getMsg HTTP/1.1" 200 27
222.69.136.74 - - [13/Nov/2020:09:13:53 +0800] "GET /xingrg/all/function/internal_message.html?_=1605230027345&CODE_STATE=getMsg HTTP/1.1" 200 27
117.131.5.26 - - [13/Nov/2020:09:13:53 +0800] "GET /xingrg/all/function/internal_message.html?_=1605230339139&CODE_STATE=getMsg HTTP/1.1" 200 27
172.17.0.185 - - [13/Nov/2020:09:13:55 +0800] "GET /xingrg/all/function/internal_message.html?_=1605230031016&CODE_STATE=getMsg HTTP/1.1" 200 27
180.162.245.190 - - [13/Nov/2020:09:13:58 +0800] "GET /xingrg/kc/buy/cgsh_order_operate.html?command=get_materiel&rest_code=00105&code=00101008010&supplier_code=00100203&order_time=2020-11-13 HTTP/1.1" 200 412
114.84.37.38 - - [13/Nov/2020:09:14:02 +0800] "GET /xingrg/kc/buy/cgsh_order_operate.html?command=get_materiel&rest_code=00146&code=00101008261&supplier_code=00100005&order_time=2020-11-13 HTTP/1.1" 200 408
172.17.0.101 - - [13/Nov/2020:09:14:04 +0800] "GET /xingrg/all/function/internal_message.html?_=1605230043202&CODE_STATE=getMsg HTTP/1.1" 200 27
180.162.245.190 - - [13/Nov/2020:09:14:04 +0800] "GET /xingrg/kc/buy/cgsh_order_operate.html?command=get_materiel&rest_code=00105&code=00101008306&supplier_code=00100203&order_time=2020-11-13 HTTP/1.1" 200 412
116.228.172.94 - - [13/Nov/2020:09:14:05 +0800] "GET /xingrg/all/function/internal_message.html?_=1605230036172&CODE_STATE=getMsg HTTP/1.1" 200 27
114.88.166.242 - - [13/Nov/2020:09:14:08 +0800] "GET /xingrg/check_reg.html?_=1605230041408 HTTP/1.1" 200 22
180.162.245.190 - - [13/Nov/2020:09:14:10 +0800] "GET /xingrg/kc/buy/cgsh_order_operate.html?command=get_materiel&rest_code=00105&code=00101008096&supplier_code=00100203&order_time=2020-11-13 HTTP/1.1" 200 413
120.253.135.82 - - [13/Nov/2020:09:14:10 +0800] "GET /xingrg/all/function/internal_message.html?_=1605229796145&CODE_STATE=getMsg HTTP/1.1" 200 27
180.174.56.115 - - [13/Nov/2020:09:14:13 +0800] "GET /xingrg/check_reg.html?_=1605230050086 HTTP/1.1" 200 22
180.174.56.115 - - [13/Nov/2020:09:14:13 +0800] "GET /xingrg/all/function/internal_message.html?_=1605230050087&CODE_STATE=getMsg HTTP/1.1" 200 27
180.162.245.190 - - [13/Nov/2020:09:14:14 +0800] "POST /xingrg/kc/buy/cgsh_order_operate.html HTTP/1.1" 200 2065
114.84.37.38 - - [13/Nov/2020:09:14:15 +0800] "GET /xingrg/kc/buy/cgsh_order_operate.html?command=get_materiel&rest_code=00146&code=00101008044&supplier_code=00100005&order_time=2020-11-13 HTTP/1.1" 200 410
180.162.245.190 - - [13/Nov/2020:09:14:16 +0800] "POST /xingrg/kc/buy/cgsh_order_operate.html HTTP/1.1" 200 2065
114.88.166.242 - - [13/Nov/2020:09:14:17 +0800] "GET /xingrg/all/function/internal_message.html?_=1605230049753&CODE_STATE=getMsg HTTP/1.1" 200 27
222.69.136.74 - - [13/Nov/2020:09:14:19 +0800] "GET /xingrg/kc/buy/cgsh_order_operate.html?command=get_materiel&rest_code=00149&code=00101008131&supplier_code=00100005&order_time=2020-11-13 HTTP/1.1" 200 408
114.84.37.38 - - [13/Nov/2020:09:14:23 +0800] "GET /xingrg/kc/buy/cgsh_order_operate.html?command=get_materiel&rest_code=00146&code=00101008045&supplier_code=00100005&order_time=2020-11-13 HTTP/1.1" 200 412
114.84.37.38 - - [13/Nov/2020:09:14:25 +0800] "GET /xingrg/all/function/internal_message.html?_=1605230084534&CODE_STATE=getMsg HTTP/1.1" 200 27
180.174.56.115 - - [13/Nov/2020:09:14:28 +0800] "GET /xingrg/kc/base/wldb_order_list.html HTTP/1.1" 200 19424
180.162.245.190 - - [13/Nov/2020:09:14:28 +0800] "GET /xingrg/kc/buy/cgsh_order_operate.html?command=get_materiel&rest_code=00105&code=00101008224&supplier_code=00100203&order_time=2020-11-13 HTTP/1.1" 200 416
180.174.56.115 - - [13/Nov/2020:09:14:29 +0800] "POST /xingrg/kc/base/wldb_list_operate.html HTTP/1.1" 200 928
180.174.56.115 - - [13/Nov/2020:09:14:30 +0800] "GET /xingrg/kc/base/wldb_order_add.html HTTP/1.1" 200 30593
180.174.56.115 - - [13/Nov/2020:09:14:31 +0800] "POST /xingrg/kc/base/wldb_order_operate.html HTTP/1.1" 200 6806
180.174.56.115 - - [13/Nov/2020:09:14:31 +0800] "GET /xingrg/all/common/auto_word.html?type=base&rest_code=00150 HTTP/1.1" 200 1653
180.174.56.115 - - [13/Nov/2020:09:14:31 +0800] "GET /xingrg/all/common/auto_word.html?type=base&rest_code=00150 HTTP/1.1" 200 1653
180.174.56.115 - - [13/Nov/2020:09:14:31 +0800] "GET /xingrg/javascript/easyui/themes/default/validatebox.css HTTP/1.1" 404 1104
117.131.5.26 - - [13/Nov/2020:09:14:34 +0800] "GET /xingrg/check_reg.html?_=1605230380841 HTTP/1.1" 200 22
172.17.0.120 - - [13/Nov/2020:09:14:39 +0800] "GET /xingrg/all/function/internal_message.html?_=1605230248700&CODE_STATE=getMsg HTTP/1.1" 302 -
114.84.37.38 - - [13/Nov/2020:09:14:40 +0800] "GET /xingrg/kc/buy/cgsh_order_operate.html?command=get_materiel&rest_code=00146&code=00101008055&supplier_code=00100005&order_time=2020-11-13 HTTP/1.1" 200 409
114.88.166.242 - - [13/Nov/2020:09:14:42 +0800] "GET /xingrg/all/function/internal_message.html?_=1605230186453&CODE_STATE=getMsg HTTP/1.1" 200 27
180.174.56.115 - - [13/Nov/2020:09:14:43 +0800] "GET /xingrg/kc/base/wldb_order_operate.html?command=get_materiel&rest_code=00150&base_code=0010449&code=00101025020 HTTP/1.1" 200 473
172.17.200.101 - - [13/Nov/2020:09:14:44 +0800] "GET /xingrg/all/function/internal_message.html?_=1605230081900&CODE_STATE=getMsg HTTP/1.1" 200 27
222.69.136.74 - - [13/Nov/2020:09:14:44 +0800] "GET /xingrg/kc/buy/cgsh_order_operate.html?command=get_materiel&rest_code=00149&code=00101008296&supplier_code=00100005&order_time=2020-11-13 HTTP/1.1" 200 416
180.162.245.190 - - [13/Nov/2020:09:14:48 +0800] "GET /xingrg/kc/buy/cgsh_order_operate.html?command=get_materiel&rest_code=00105&code=00101008088&supplier_code=00100203&order_time=2020-11-13 HTTP/1.1" 200 408
180.174.56.115 - - [13/Nov/2020:09:14:51 +0800] "POST /xingrg/kc/base/wldb_order_operate.html HTTP/1.1" 200 37
114.84.37.38 - - [13/Nov/2020:09:14:51 +0800] "GET /xingrg/kc/buy/cgsh_order_operate.html?command=get_materiel&rest_code=00146&code=00101008257&supplier_code=00100005&order_time=2020-11-13 HTTP/1.1" 200 416
180.162.245.190 - - [13/Nov/2020:09:14:52 +0800] "GET /xingrg/check_reg.html?_=1605230094058 HTTP/1.1" 200 22
180.162.245.190 - - [13/Nov/2020:09:14:52 +0800] "GET /xingrg/all/function/internal_message.html?_=1605230094059&CODE_STATE=getMsg HTTP/1.1" 200 27
180.174.56.115 - - [13/Nov/2020:09:14:52 +0800] "POST /xingrg/kc/base/wldb_order_operate.html HTTP/1.1" 200 12
180.174.56.115 - - [13/Nov/2020:09:14:52 +0800] "POST /xingrg/kc/base/wldb_order_operate.html HTTP/1.1" 200 2217
222.69.136.74 - - [13/Nov/2020:09:14:53 +0800] "GET /xingrg/all/function/internal_message.html?_=1605230087318&CODE_STATE=getMsg HTTP/1.1" 200 27
117.131.5.26 - - [13/Nov/2020:09:14:53 +0800] "GET /xingrg/all/function/internal_message.html?_=1605230399141&CODE_STATE=getMsg HTTP/1.1" 200 27
180.174.56.115 - - [13/Nov/2020:09:14:54 +0800] "GET /xingrg/kc/base/wldb_order_info.html?code=422020111301357 HTTP/1.1" 200 26467
172.17.0.185 - - [13/Nov/2020:09:14:55 +0800] "GET /xingrg/all/function/internal_message.html?_=1605230091002&CODE_STATE=getMsg HTTP/1.1" 200 27
180.174.56.115 - - [13/Nov/2020:09:14:55 +0800] "GET /xingrg/javascript/easyui/themes/default/validatebox.css HTTP/1.1" 404 1104
180.174.56.115 - - [13/Nov/2020:09:14:55 +0800] "POST /xingrg/kc/base/wldb_order_operate.html HTTP/1.1" 200 512
222.69.136.74 - - [13/Nov/2020:09:14:59 +0800] "GET /xingrg/kc/buy/cgsh_order_operate.html?command=get_materiel&rest_code=00149&code=00101008169&supplier_code=00100005&order_time=2020-11-13 HTTP/1.1" 200 412
180.162.245.190 - - [13/Nov/2020:09:15:00 +0800] "GET /xingrg/kc/buy/cgsh_order_operate.html?command=get_materiel&rest_code=00105&code=00101008118&supplier_code=00100203&order_time=2020-11-13 HTTP/1.1" 200 418
114.84.37.38 - - [13/Nov/2020:09:15:02 +0800] "GET /xingrg/kc/buy/cgsh_order_operate.html?command=get_materiel&rest_code=00146&code=00101008332&supplier_code=00100005&order_time=2020-11-13 HTTP/1.1" 200 412
172.17.0.101 - - [13/Nov/2020:09:15:04 +0800] "GET /xingrg/all/function/internal_message.html?_=1605230103202&CODE_STATE=getMsg HTTP/1.1" 200 27
116.228.172.94 - - [13/Nov/2020:09:15:05 +0800] "GET /xingrg/all/function/internal_message.html?_=1605230096157&CODE_STATE=getMsg HTTP/1.1" 200 27
222.69.136.74 - - [13/Nov/2020:09:15:08 +0800] "POST /xingrg/kc/buy/cgsh_order_operate.html HTTP/1.1" 200 2065
180.174.56.115 - - [13/Nov/2020:09:15:09 +0800] "GET /xingrg/kc/base/yddb_order_list.html HTTP/1.1" 200 17030
180.174.56.115 - - [13/Nov/2020:09:15:10 +0800] "POST /xingrg/kc/base/yddb_list_operate.html HTTP/1.1" 200 636
120.253.135.82 - - [13/Nov/2020:09:15:10 +0800] "GET /xingrg/all/function/internal_message.html?_=1605229856158&CODE_STATE=getMsg HTTP/1.1" 200 27
180.174.56.115 - - [13/Nov/2020:09:15:13 +0800] "GET /xingrg/all/function/internal_message.html?_=1605230110190&CODE_STATE=getMsg HTTP/1.1" 200 27
222.69.136.74 - - [13/Nov/2020:09:15:16 +0800] "GET /xingrg/kc/buy/cgsh_order_operate.html?command=get_materiel&rest_code=00149&code=00101008098&supplier_code=00100005&order_time=2020-11-13 HTTP/1.1" 200 412
114.88.166.242 - - [13/Nov/2020:09:15:17 +0800] "GET /xingrg/all/function/internal_message.html?_=1605230109766&CODE_STATE=getMsg HTTP/1.1" 200 27
114.84.37.38 - - [13/Nov/2020:09:15:19 +0800] "GET /xingrg/kc/buy/cgsh_order_operate.html?command=get_materiel&rest_code=00146&code=00101008134&supplier_code=00100005&order_time=2020-11-13 HTTP/1.1" 200 412
180.162.245.190 - - [13/Nov/2020:09:15:19 +0800] "GET /xingrg/kc/buy/cgsh_order_operate.html?command=get_materiel&rest_code=00105&code=00101008211&supplier_code=00100203&order_time=2020-11-13 HTTP/1.1" 200 412
114.84.37.38 - - [13/Nov/2020:09:15:25 +0800] "GET /xingrg/all/function/internal_message.html?_=1605230144548&CODE_STATE=getMsg HTTP/1.1" 200 27
180.162.245.190 - - [13/Nov/2020:09:15:26 +0800] "GET /xingrg/kc/buy/cgsh_order_operate.html?command=get_materiel&rest_code=00105&code=00101008003&supplier_code=00100203&order_time=2020-11-13 HTTP/1.1" 200 408
114.84.37.38 - - [13/Nov/2020:09:15:33 +0800] "GET /xingrg/kc/buy/cgsh_order_operate.html?command=get_materiel&rest_code=00146&code=00101008010&supplier_code=00100005&order_time=2020-11-13 HTTP/1.1" 200 412
172.17.0.120 - - [13/Nov/2020:09:15:39 +0800] "GET /xingrg/all/function/internal_message.html?_=1605230308689&CODE_STATE=getMsg HTTP/1.1" 302 -
114.88.166.242 - - [13/Nov/2020:09:15:42 +0800] "GET /xingrg/all/function/internal_message.html?_=1605230246453&CODE_STATE=getMsg HTTP/1.1" 200 27
180.162.245.190 - - [13/Nov/2020:09:15:44 +0800] "GET /xingrg/kc/buy/cgsh_order_operate.html?command=get_materiel&rest_code=00105&code=00101008201&supplier_code=00100203&order_time=2020-11-13 HTTP/1.1" 200 412
172.17.200.101 - - [13/Nov/2020:09:15:44 +0800] "GET /xingrg/all/function/internal_message.html?_=1605230141899&CODE_STATE=getMsg HTTP/1.1" 200 27
114.84.37.38 - - [13/Nov/2020:09:15:44 +0800] "GET /xingrg/kc/buy/cgsh_order_operate.html?command=get_materiel&rest_code=00146&code=00101008110&supplier_code=00100005&order_time=2020-11-13 HTTP/1.1" 200 409
180.162.245.190 - - [13/Nov/2020:09:15:52 +0800] "GET /xingrg/all/function/internal_message.html?_=1605230154033&CODE_STATE=getMsg HTTP/1.1" 200 27
222.69.136.74 - - [13/Nov/2020:09:15:53 +0800] "GET /xingrg/all/function/internal_message.html?_=1605230147292&CODE_STATE=getMsg HTTP/1.1" 200 27
117.131.5.26 - - [13/Nov/2020:09:15:53 +0800] "GET /xingrg/all/function/internal_message.html?_=1605230459154&CODE_STATE=getMsg HTTP/1.1" 200 27
180.162.245.190 - - [13/Nov/2020:09:15:53 +0800] "GET /xingrg/kc/buy/cgsh_order_operate.html?command=get_materiel&rest_code=00105&code=00101008067&supplier_code=00100203&order_time=2020-11-13 HTTP/1.1" 200 416
114.84.37.38 - - [13/Nov/2020:09:15:54 +0800] "GET /xingrg/kc/buy/cgsh_order_operate.html?command=get_materiel&rest_code=00146&code=00101008096&supplier_code=00100005&order_time=2020-11-13 HTTP/1.1" 200 413
172.17.0.185 - - [13/Nov/2020:09:15:55 +0800] "GET /xingrg/all/function/internal_message.html?_=1605230151007&CODE_STATE=getMsg HTTP/1.1" 200 27
172.17.0.101 - - [13/Nov/2020:09:16:04 +0800] "GET /xingrg/all/function/internal_message.html?_=1605230163230&CODE_STATE=getMsg HTTP/1.1" 200 27
180.162.245.190 - - [13/Nov/2020:09:16:04 +0800] "GET /xingrg/kc/buy/cgsh_order_operate.html?command=get_materiel&rest_code=00105&code=00101008063&supplier_code=00100203&order_time=2020-11-13 HTTP/1.1" 200 412
116.228.172.94 - - [13/Nov/2020:09:16:05 +0800] "GET /xingrg/all/function/internal_message.html?_=1605230156141&CODE_STATE=getMsg HTTP/1.1" 200 27
116.228.172.94 - - [13/Nov/2020:09:16:05 +0800] "GET /xingrg/check_reg.html?_=1605230156158 HTTP/1.1" 200 22
222.69.136.74 - - [13/Nov/2020:09:16:06 +0800] "POST /xingrg/services/DataTransmitService HTTP/1.1" 200 524
222.69.136.74 - - [13/Nov/2020:09:16:06 +0800] "POST /xingrg/services/DataTransmitService HTTP/1.1" 200 1847
114.84.37.38 - - [13/Nov/2020:09:16:07 +0800] "GET /xingrg/kc/buy/cgsh_order_operate.html?command=get_materiel&rest_code=00146&code=00101008038&supplier_code=00100005&order_time=2020-11-13 HTTP/1.1" 200 413
120.253.135.82 - - [13/Nov/2020:09:16:10 +0800] "GET /xingrg/check_reg.html?_=1605229915772 HTTP/1.1" 200 22
120.253.135.82 - - [13/Nov/2020:09:16:10 +0800] "GET /xingrg/all/function/internal_message.html?_=1605229916171&CODE_STATE=getMsg HTTP/1.1" 200 27
180.162.245.190 - - [13/Nov/2020:09:16:12 +0800] "GET /xingrg/kc/buy/cgsh_order_operate.html?command=get_materiel&rest_code=00105&code=00101008137&supplier_code=00100203&order_time=2020-11-13 HTTP/1.1" 200 408
180.174.56.115 - - [13/Nov/2020:09:16:13 +0800] "GET /xingrg/all/function/internal_message.html?_=1605230170087&CODE_STATE=getMsg HTTP/1.1" 200 27
180.174.56.115 - - [13/Nov/2020:09:16:14 +0800] "GET /xingrg/kc/base/yddb_order_add.html HTTP/1.1" 200 29753
180.174.56.115 - - [13/Nov/2020:09:16:14 +0800] "GET /xingrg/dwr/interface/AjaxComOrderService.js HTTP/1.1" 200 18264
180.174.56.115 - - [13/Nov/2020:09:16:14 +0800] "GET /xingrg/dwr/interface/AjaxYddbService.js HTTP/1.1" 200 13201
180.174.56.115 - - [13/Nov/2020:09:16:14 +0800] "GET /xingrg/dwr/engine.js HTTP/1.1" 200 43631
114.88.166.242 - - [13/Nov/2020:09:16:17 +0800] "GET /xingrg/all/function/internal_message.html?_=1605230169844&CODE_STATE=getMsg HTTP/1.1" 200 27
222.69.136.74 - - [13/Nov/2020:09:16:17 +0800] "POST /xingrg/services/DataTransmitService HTTP/1.1" 200 524
180.174.56.115 - - [13/Nov/2020:09:16:18 +0800] "POST /xingrg/dwr/call/plaincall/AjaxYddbService.getRestBases.dwr HTTP/1.1" 200 1514
180.162.245.190 - - [13/Nov/2020:09:16:20 +0800] "GET /xingrg/kc/buy/cgsh_order_operate.html?command=get_materiel&rest_code=00105&code=00101008357&supplier_code=00100203&order_time=2020-11-13 HTTP/1.1" 200 408
114.84.37.38 - - [13/Nov/2020:09:16:22 +0800] "POST /xingrg/kc/buy/cgsh_order_operate.html HTTP/1.1" 200 2065
114.84.37.38 - - [13/Nov/2020:09:16:23 +0800] "GET /xingrg/check_reg.html?_=1605230202785 HTTP/1.1" 200 22
114.84.37.38 - - [13/Nov/2020:09:16:25 +0800] "GET /xingrg/all/function/internal_message.html?_=1605230204560&CODE_STATE=getMsg HTTP/1.1" 200 27
222.69.136.74 - - [13/Nov/2020:09:16:25 +0800] "GET /xingrg/kc/buy/cgsh_order_operate.html?command=get_materiel&rest_code=00149&code=00101008005&supplier_code=00100005&order_time=2020-11-13 HTTP/1.1" 200 412
180.162.245.190 - - [13/Nov/2020:09:16:28 +0800] "GET /xingrg/kc/buy/cgsh_order_operate.html?command=get_materiel&rest_code=00105&code=00101008131&supplier_code=00100203&order_time=2020-11-13 HTTP/1.1" 200 408
180.174.56.115 - - [13/Nov/2020:09:16:28 +0800] "POST /xingrg/dwr/call/plaincall/AjaxYddbService.saveOrder.dwr HTTP/1.1" 200 78
180.174.56.115 - - [13/Nov/2020:09:16:28 +0800] "GET /xingrg/images/yd/bt.gif HTTP/1.1" 404 1040
114.84.37.38 - - [13/Nov/2020:09:16:28 +0800] "GET /xingrg/kc/buy/cgsh_order_operate.html?command=get_materiel&rest_code=00146&code=00101008264&supplier_code=00100005&order_time=2020-11-13 HTTP/1.1" 200 412
114.84.37.38 - - [13/Nov/2020:09:16:37 +0800] "GET /xingrg/kc/buy/cgsh_order_operate.html?command=get_materiel&rest_code=00146&code=00101008137&supplier_code=00100005&order_time=2020-11-13 HTTP/1.1" 200 408
172.17.0.120 - - [13/Nov/2020:09:16:39 +0800] "GET /xingrg/all/function/internal_message.html?_=1605230368692&CODE_STATE=getMsg HTTP/1.1" 302 -
114.88.166.242 - - [13/Nov/2020:09:16:42 +0800] "GET /xingrg/all/function/internal_message.html?_=1605230306453&CODE_STATE=getMsg HTTP/1.1" 200 27
172.17.200.101 - - [13/Nov/2020:09:16:44 +0800] "GET /xingrg/all/function/internal_message.html?_=1605230201899&CODE_STATE=getMsg HTTP/1.1" 200 27
114.84.37.38 - - [13/Nov/2020:09:16:46 +0800] "GET /xingrg/kc/buy/cgsh_order_operate.html?command=get_materiel&rest_code=00146&code=00101008196&supplier_code=00100005&order_time=2020-11-13 HTTP/1.1" 200 416
180.162.245.190 - - [13/Nov/2020:09:16:46 +0800] "GET /xingrg/kc/buy/cgsh_order_operate.html?command=get_materiel&rest_code=00105&code=00101008298&supplier_code=00100203&order_time=2020-11-13 HTTP/1.1" 200 431
222.69.136.74 - - [13/Nov/2020:09:16:47 +0800] "GET /xingrg/kc/buy/cgsh_order_operate.html?command=get_materiel&rest_code=00149&code=00101008353&supplier_code=00100005&order_time=2020-11-13 HTTP/1.1" 200 408
180.162.245.190 - - [13/Nov/2020:09:16:52 +0800] "GET /xingrg/all/function/internal_message.html?_=1605230214008&CODE_STATE=getMsg HTTP/1.1" 200 27
222.69.136.74 - - [13/Nov/2020:09:16:53 +0800] "GET /xingrg/all/function/internal_message.html?_=1605230207265&CODE_STATE=getMsg HTTP/1.1" 200 27
117.131.5.26 - - [13/Nov/2020:09:16:53 +0800] "GET /xingrg/all/function/internal_message.html?_=1605230519200&CODE_STATE=getMsg HTTP/1.1" 200 27
222.69.136.74 - - [13/Nov/2020:09:16:53 +0800] "GET /xingrg/check_reg.html?_=1605230207870 HTTP/1.1" 200 22
172.17.0.185 - - [13/Nov/2020:09:16:55 +0800] "GET /xingrg/all/function/internal_message.html?_=1605230211016&CODE_STATE=getMsg HTTP/1.1" 200 27
