180.174.56.115 - - [13/Nov/2020:08:49:54 +0800] "GET /xingrg/javascript/jquery_easy_ui/themes/default/easyui.css HTTP/1.1" 304 -
180.174.56.115 - - [13/Nov/2020:08:49:54 +0800] "GET /xingrg/javascript/jquery_easy_ui/themes/icon.css HTTP/1.1" 304 -
180.174.56.115 - - [13/Nov/2020:08:49:54 +0800] "GET /xingrg/css/form.css HTTP/1.1" 304 -
180.174.56.115 - - [13/Nov/2020:08:49:54 +0800] "GET /xingrg/javascript/jquery-1.4.2.min.js HTTP/1.1" 304 -
180.174.56.115 - - [13/Nov/2020:08:49:54 +0800] "GET /xingrg/javascript/jquery_easy_ui/jquery.easyui.min.js HTTP/1.1" 304 -
180.174.56.115 - - [13/Nov/2020:08:49:54 +0800] "GET /xingrg/javascript/jquery_easy_ui/easyui-lang-zh_CN.js HTTP/1.1" 304 -
180.174.56.115 - - [13/Nov/2020:08:49:54 +0800] "GET /xingrg/javascript/jquery.form.js HTTP/1.1" 304 -
180.174.56.115 - - [13/Nov/2020:08:49:54 +0800] "GET /xingrg/javascript/jquery.utils.js HTTP/1.1" 304 -
180.174.56.115 - - [13/Nov/2020:08:49:54 +0800] "GET /xingrg/javascript/jquery.timers.js HTTP/1.1" 304 -
180.174.56.115 - - [13/Nov/2020:08:49:54 +0800] "GET /xingrg/images/blue/jxLogo.png HTTP/1.1" 304 -
180.174.56.115 - - [13/Nov/2020:08:49:54 +0800] "GET /xingrg/images/blue/navBackgound.jpg HTTP/1.1" 304 -
180.174.56.115 - - [13/Nov/2020:08:49:54 +0800] "GET /xingrg/javascript/jquery_easy_ui/themes/icons/settle_new.png HTTP/1.1" 304 -
180.174.56.115 - - [13/Nov/2020:08:49:54 +0800] "POST /xingrg/all/common/load_tree.html?tree=area_rest_tree_json&manage=1 HTTP/1.1" 200 476
180.174.56.115 - - [13/Nov/2020:08:49:54 +0800] "GET /xingrg/all/function/internal_message.html?_=1605228591533&CODE_STATE=count HTTP/1.1" 200 11
180.174.56.115 - - [13/Nov/2020:08:49:54 +0800] "GET /xingrg/check_reg.html?_=1605228591535 HTTP/1.1" 200 22
180.174.56.115 - - [13/Nov/2020:08:49:54 +0800] "GET /xingrg/javascript/jquery_easy_ui/themes/default/images/panel_tool_collapse.gif HTTP/1.1" 304 -
180.174.56.115 - - [13/Nov/2020:08:49:54 +0800] "GET /xingrg/javascript/jquery_easy_ui/themes/default/images/tabs_leftarrow.png HTTP/1.1" 304 -
180.174.56.115 - - [13/Nov/2020:08:49:54 +0800] "GET /xingrg/javascript/jquery_easy_ui/themes/default/images/tabs_rightarrow.png HTTP/1.1" 304 -
180.174.56.115 - - [13/Nov/2020:08:49:54 +0800] "GET /xingrg/images/blue/pingpu.png HTTP/1.1" 304 -
180.174.56.115 - - [13/Nov/2020:08:49:54 +0800] "POST /xingrg/load_menu.html HTTP/1.1" 200 5138
172.17.0.185 - - [13/Nov/2020:08:49:55 +0800] "GET /xingrg/all/function/internal_message.html?_=1605228591006&CODE_STATE=getMsg HTTP/1.1" 200 27
180.174.56.115 - - [13/Nov/2020:08:49:57 +0800] "GET /xingrg/kc/buy/cgsh_order_list.html HTTP/1.1" 200 44881
180.174.56.115 - - [13/Nov/2020:08:49:58 +0800] "POST /xingrg/kc/buy/cgsh_list_operate.html HTTP/1.1" 200 876
180.174.56.115 - - [13/Nov/2020:08:50:00 +0800] "GET /xingrg/kc/buy/cgsh_order_add.html HTTP/1.1" 200 60537
180.174.56.115 - - [13/Nov/2020:08:50:01 +0800] "GET /xingrg/words/20201112113022_words.js HTTP/1.1" 304 -
180.174.56.115 - - [13/Nov/2020:08:50:01 +0800] "GET /xingrg/all/common/auto_word.html?type=employee&rest_code=00150 HTTP/1.1" 200 205
180.174.56.115 - - [13/Nov/2020:08:50:01 +0800] "GET /xingrg/all/common/auto_word.html?type=employee&rest_code=00150 HTTP/1.1" 200 205
180.174.56.115 - - [13/Nov/2020:08:50:01 +0800] "GET /xingrg/javascript/easyui/themes/default/validatebox.css HTTP/1.1" 404 1104
180.174.56.115 - - [13/Nov/2020:08:50:01 +0800] "POST /xingrg/kc/buy/cgsh_order_operate.html HTTP/1.1" 200 8245
120.253.135.82 - - [13/Nov/2020:08:50:10 +0800] "GET /xingrg/all/function/internal_message.html?_=1605228355789&CODE_STATE=getMsg HTTP/1.1" 200 27
58.221.95.50 - - [13/Nov/2020:08:50:11 +0800] "GET /xingrg/check_reg.html?_=1605228608465 HTTP/1.1" 302 -
114.88.166.242 - - [13/Nov/2020:08:50:16 +0800] "GET /xingrg/all/function/internal_message.html?_=1605228608803&CODE_STATE=getMsg HTTP/1.1" 200 27
222.69.136.74 - - [13/Nov/2020:08:50:18 +0800] "GET /xingrg/kc/buy/cgsh_order_operate.html?command=get_materiel&rest_code=00149&code=00102011093&supplier_code=00100151&order_time=2020-11-13 HTTP/1.1" 200 412
114.84.37.38 - - [13/Nov/2020:08:50:22 +0800] "GET /xingrg/all/function/internal_message.html?_=1605228641807&CODE_STATE=getMsg HTTP/1.1" 200 27
172.17.0.120 - - [13/Nov/2020:08:50:39 +0800] "GET /xingrg/all/function/internal_message.html?_=1605228808692&CODE_STATE=getMsg HTTP/1.1" 302 -
172.17.200.101 - - [13/Nov/2020:08:50:46 +0800] "GET /xingrg/check_reg.html?_=1605228643701 HTTP/1.1" 200 22
172.17.200.101 - - [13/Nov/2020:08:50:46 +0800] "GET /xingrg/all/function/internal_message.html?_=1605228643706&CODE_STATE=getMsg HTTP/1.1" 200 27
180.162.245.190 - - [13/Nov/2020:08:50:52 +0800] "GET /xingrg/all/function/internal_message.html?_=1605228653938&CODE_STATE=getMsg HTTP/1.1" 200 27
117.131.5.26 - - [13/Nov/2020:08:50:52 +0800] "GET /xingrg/all/function/internal_message.html?_=1605228958502&CODE_STATE=getMsg HTTP/1.1" 200 27
222.69.136.74 - - [13/Nov/2020:08:50:53 +0800] "GET /xingrg/all/function/internal_message.html?_=1605228647685&CODE_STATE=getMsg HTTP/1.1" 200 27
180.174.56.115 - - [13/Nov/2020:08:50:54 +0800] "GET /xingrg/all/function/internal_message.html?_=1605228651542&CODE_STATE=getMsg HTTP/1.1" 200 27
172.17.0.185 - - [13/Nov/2020:08:50:55 +0800] "GET /xingrg/all/function/internal_message.html?_=1605228651010&CODE_STATE=getMsg HTTP/1.1" 200 27
180.174.56.115 - - [13/Nov/2020:08:50:56 +0800] "GET /xingrg/javascript/auto/indicator.gif HTTP/1.1" 404 1066
116.228.172.94 - - [13/Nov/2020:08:50:58 +0800] "GET /xingrg/login.html HTTP/1.1" 200 7641
222.69.136.74 - - [13/Nov/2020:08:50:58 +0800] "POST /xingrg/kc/buy/cgsh_order_operate.html HTTP/1.1" 200 37
116.228.172.94 - - [13/Nov/2020:08:51:00 +0800] "GET /favicon.ico HTTP/1.1" 404 -
222.69.136.74 - - [13/Nov/2020:08:51:00 +0800] "POST /xingrg/kc/buy/cgsh_order_operate.html HTTP/1.1" 200 12
222.69.136.74 - - [13/Nov/2020:08:51:01 +0800] "GET /xingrg/kc/buy/cgsh_order_info.html?code=212020111304936 HTTP/1.1" 200 55559
222.69.136.74 - - [13/Nov/2020:08:51:02 +0800] "GET /xingrg/javascript/easyui/themes/default/validatebox.css HTTP/1.1" 404 1104
222.69.136.74 - - [13/Nov/2020:08:51:02 +0800] "POST /xingrg/kc/buy/cgsh_order_operate.html HTTP/1.1" 200 2393
116.228.172.94 - - [13/Nov/2020:08:51:03 +0800] "POST /xingrg/login.do HTTP/1.1" 302 -
116.228.172.94 - - [13/Nov/2020:08:51:03 +0800] "GET /xingrg/index.html?sysBaseUrl=http%3A%2F%2F180.169.147.146%3A18081%2Fxingrg%2F&costTime=39×tamp=1605228663073 HTTP/1.1" 200 17179
180.174.56.115 - - [13/Nov/2020:08:51:03 +0800] "GET /xingrg/kc/buy/cgsh_order_operate.html?command=get_materiel&rest_code=00150&code=00101008323&supplier_code=00100007&order_time=2020-11-13 HTTP/1.1" 200 408
222.69.136.74 - - [13/Nov/2020:08:51:03 +0800] "GET /xingrg/kc/print/load_data.html?order_code=212020111304936&kc_code=cgsh&condition= HTTP/1.1" 200 1376
116.228.172.94 - - [13/Nov/2020:08:51:04 +0800] "GET /favicon.ico HTTP/1.1" 404 -
116.228.172.94 - - [13/Nov/2020:08:51:05 +0800] "POST /xingrg/all/common/load_tree.html?tree=area_rest_tree_json&manage=1 HTTP/1.1" 200 476
116.228.172.94 - - [13/Nov/2020:08:51:05 +0800] "GET /xingrg/all/function/internal_message.html?_=1605228656007&CODE_STATE=count HTTP/1.1" 200 11
116.228.172.94 - - [13/Nov/2020:08:51:05 +0800] "GET /xingrg/check_reg.html?_=1605228656009 HTTP/1.1" 200 22
116.228.172.94 - - [13/Nov/2020:08:51:05 +0800] "POST /xingrg/load_menu.html HTTP/1.1" 200 5138
116.228.172.94 - - [13/Nov/2020:08:51:09 +0800] "GET /xingrg/kc/buy/buy_main.html HTTP/1.1" 200 12412
116.228.172.94 - - [13/Nov/2020:08:51:09 +0800] "GET /xingrg/css/new_ie.css HTTP/1.1" 404 1036
120.253.135.82 - - [13/Nov/2020:08:51:10 +0800] "GET /xingrg/check_reg.html?_=1605228415737 HTTP/1.1" 200 22
120.253.135.82 - - [13/Nov/2020:08:51:10 +0800] "GET /xingrg/all/function/internal_message.html?_=1605228415805&CODE_STATE=getMsg HTTP/1.1" 200 27
180.174.56.115 - - [13/Nov/2020:08:51:11 +0800] "GET /xingrg/kc/buy/cgsh_order_operate.html?command=get_materiel&rest_code=00150&code=00101008091&supplier_code=00100007&order_time=2020-11-13 HTTP/1.1" 200 413
116.228.172.94 - - [13/Nov/2020:08:51:11 +0800] "GET /xingrg/images/yd/bt.gif HTTP/1.1" 404 1040
116.228.172.94 - - [13/Nov/2020:08:51:12 +0800] "GET /xingrg/kc/buy/cgsh_order_list.html HTTP/1.1" 200 44881
180.174.56.115 - - [13/Nov/2020:08:51:16 +0800] "GET /xingrg/kc/buy/cgsh_order_operate.html?command=get_materiel&rest_code=00150&code=00101008027&supplier_code=00100007&order_time=2020-11-13 HTTP/1.1" 200 408
114.88.166.242 - - [13/Nov/2020:08:51:16 +0800] "GET /xingrg/all/function/internal_message.html?_=1605228668880&CODE_STATE=getMsg HTTP/1.1" 200 27
116.228.172.94 - - [13/Nov/2020:08:51:17 +0800] "POST /xingrg/kc/buy/cgsh_list_operate.html HTTP/1.1" 200 876
116.228.172.94 - - [13/Nov/2020:08:51:19 +0800] "GET /xingrg/kc/buy/cgsh_order_add.html HTTP/1.1" 200 60701
116.228.172.94 - - [13/Nov/2020:08:51:19 +0800] "GET /xingrg/words/20201112113022_words.js HTTP/1.1" 304 -
116.228.172.94 - - [13/Nov/2020:08:51:20 +0800] "GET /xingrg/all/common/auto_word.html?type=employee&rest_code=00107 HTTP/1.1" 200 147
116.228.172.94 - - [13/Nov/2020:08:51:20 +0800] "GET /xingrg/all/common/auto_word.html?type=employee&rest_code=00107 HTTP/1.1" 200 147
116.228.172.94 - - [13/Nov/2020:08:51:20 +0800] "GET /xingrg/javascript/easyui/themes/default/validatebox.css HTTP/1.1" 404 1104
116.228.172.94 - - [13/Nov/2020:08:51:20 +0800] "POST /xingrg/kc/buy/cgsh_order_operate.html HTTP/1.1" 200 8245
114.84.37.38 - - [13/Nov/2020:08:51:21 +0800] "GET /xingrg/check_reg.html?_=1605228700482 HTTP/1.1" 200 22
180.174.56.115 - - [13/Nov/2020:08:51:22 +0800] "GET /xingrg/kc/buy/cgsh_order_operate.html?command=get_materiel&rest_code=00150&code=00101008337&supplier_code=00100007&order_time=2020-11-13 HTTP/1.1" 200 408
116.228.172.94 - - [13/Nov/2020:08:51:22 +0800] "GET /xingrg/javascript/easyui/themes/default/tree.css HTTP/1.1" 404 1090
114.84.37.38 - - [13/Nov/2020:08:51:22 +0800] "GET /xingrg/all/function/internal_message.html?_=1605228701820&CODE_STATE=getMsg HTTP/1.1" 200 27
116.228.172.94 - - [13/Nov/2020:08:51:22 +0800] "POST /xingrg/all/common/load_tree.html?tree=supplier_tree_json&isDelete=1 HTTP/1.1" 200 51727
180.174.56.115 - - [13/Nov/2020:08:51:29 +0800] "GET /xingrg/kc/buy/cgsh_order_operate.html?command=get_materiel&rest_code=00150&code=00101008080&supplier_code=00100007&order_time=2020-11-13 HTTP/1.1" 200 416
180.174.56.115 - - [13/Nov/2020:08:51:35 +0800] "GET /xingrg/kc/buy/cgsh_order_operate.html?command=get_materiel&rest_code=00150&code=00101008354&supplier_code=00100007&order_time=2020-11-13 HTTP/1.1" 200 412
116.228.172.94 - - [13/Nov/2020:08:51:37 +0800] "GET /xingrg/javascript/auto/indicator.gif HTTP/1.1" 404 1066
172.17.0.120 - - [13/Nov/2020:08:51:39 +0800] "GET /xingrg/all/function/internal_message.html?_=1605228868695&CODE_STATE=getMsg HTTP/1.1" 302 -
180.174.56.115 - - [13/Nov/2020:08:51:40 +0800] "GET /xingrg/kc/buy/cgsh_order_operate.html?command=get_materiel&rest_code=00150&code=00101008096&supplier_code=00100007&order_time=2020-11-13 HTTP/1.1" 200 413
116.228.172.94 - - [13/Nov/2020:08:51:42 +0800] "GET /xingrg/kc/buy/cgsh_order_operate.html?command=get_materiel&rest_code=00107&code=00101008119&supplier_code=00100006&order_time=2020-11-13 HTTP/1.1" 200 413
222.69.136.74 - - [13/Nov/2020:08:51:44 +0800] "GET /xingrg/kc/buy/cgsh_order_add.html HTTP/1.1" 200 60666
222.69.136.74 - - [13/Nov/2020:08:51:45 +0800] "POST /xingrg/kc/buy/cgsh_order_operate.html HTTP/1.1" 200 8245
222.69.136.74 - - [13/Nov/2020:08:51:45 +0800] "GET /xingrg/javascript/easyui/themes/default/validatebox.css HTTP/1.1" 404 1104
172.17.200.101 - - [13/Nov/2020:08:51:46 +0800] "GET /xingrg/all/function/internal_message.html?_=1605228703693&CODE_STATE=getMsg HTTP/1.1" 200 27
180.174.56.115 - - [13/Nov/2020:08:51:47 +0800] "GET /xingrg/kc/buy/cgsh_order_operate.html?command=get_materiel&rest_code=00150&code=00101008199&supplier_code=00100007&order_time=2020-11-13 HTTP/1.1" 200 408
180.162.245.190 - - [13/Nov/2020:08:51:52 +0800] "GET /xingrg/all/function/internal_message.html?_=1605228713928&CODE_STATE=getMsg HTTP/1.1" 200 27
117.131.5.26 - - [13/Nov/2020:08:51:52 +0800] "GET /xingrg/all/function/internal_message.html?_=1605229018551&CODE_STATE=getMsg HTTP/1.1" 200 27
222.69.136.74 - - [13/Nov/2020:08:51:53 +0800] "GET /xingrg/all/function/internal_message.html?_=1605228707675&CODE_STATE=getMsg HTTP/1.1" 200 27
222.69.136.74 - - [13/Nov/2020:08:51:53 +0800] "GET /xingrg/check_reg.html?_=1605228707839 HTTP/1.1" 200 22
180.174.56.115 - - [13/Nov/2020:08:51:54 +0800] "GET /xingrg/kc/buy/cgsh_order_operate.html?command=get_materiel&rest_code=00150&code=00101008163&supplier_code=00100007&order_time=2020-11-13 HTTP/1.1" 200 409
180.174.56.115 - - [13/Nov/2020:08:51:54 +0800] "GET /xingrg/all/function/internal_message.html?_=1605228711557&CODE_STATE=getMsg HTTP/1.1" 200 27
172.17.0.185 - - [13/Nov/2020:08:51:55 +0800] "GET /xingrg/all/function/internal_message.html?_=1605228711015&CODE_STATE=getMsg HTTP/1.1" 200 27
172.17.0.185 - - [13/Nov/2020:08:51:55 +0800] "GET /xingrg/check_reg.html?_=1605228711016 HTTP/1.1" 200 22
116.228.172.94 - - [13/Nov/2020:08:51:56 +0800] "GET /xingrg/kc/buy/cgsh_order_operate.html?command=get_materiel&rest_code=00107&code=00101008163&supplier_code=00100006&order_time=2020-11-13 HTTP/1.1" 200 409
180.174.56.115 - - [13/Nov/2020:08:52:01 +0800] "GET /xingrg/kc/buy/cgsh_order_operate.html?command=get_materiel&rest_code=00150&code=00101008126&supplier_code=00100007&order_time=2020-11-13 HTTP/1.1" 200 412
116.228.172.94 - - [13/Nov/2020:08:52:05 +0800] "GET /xingrg/all/function/internal_message.html?_=1605228716019&CODE_STATE=getMsg HTTP/1.1" 200 27
116.228.172.94 - - [13/Nov/2020:08:52:05 +0800] "GET /xingrg/kc/buy/cgsh_order_operate.html?command=get_materiel&rest_code=00107&code=00101008141&supplier_code=00100006&order_time=2020-11-13 HTTP/1.1" 200 412
120.253.135.82 - - [13/Nov/2020:08:52:10 +0800] "GET /xingrg/all/function/internal_message.html?_=1605228475814&CODE_STATE=getMsg HTTP/1.1" 200 27
222.69.136.74 - - [13/Nov/2020:08:52:11 +0800] "GET /xingrg/kc/buy/cgsh_order_operate.html?command=get_materiel&rest_code=00149&code=00102003514&supplier_code=00100151&order_time=2020-11-13 HTTP/1.1" 200 436
180.174.56.115 - - [13/Nov/2020:08:52:13 +0800] "GET /xingrg/kc/buy/cgsh_order_operate.html?command=get_materiel&rest_code=00150&code=00101008361&supplier_code=00100007&order_time=2020-11-13 HTTP/1.1" 200 408
114.88.166.242 - - [13/Nov/2020:08:52:16 +0800] "GET /xingrg/all/function/internal_message.html?_=1605228728892&CODE_STATE=getMsg HTTP/1.1" 200 27
116.228.172.94 - - [13/Nov/2020:08:52:16 +0800] "GET /xingrg/kc/buy/cgsh_order_operate.html?command=get_materiel&rest_code=00107&code=00101008356&supplier_code=00100006&order_time=2020-11-13 HTTP/1.1" 200 408
114.84.37.38 - - [13/Nov/2020:08:52:22 +0800] "GET /xingrg/all/function/internal_message.html?_=1605228761832&CODE_STATE=getMsg HTTP/1.1" 200 27
116.228.172.94 - - [13/Nov/2020:08:52:25 +0800] "GET /xingrg/kc/buy/cgsh_order_operate.html?command=get_materiel&rest_code=00107&code=00101008146&supplier_code=00100006&order_time=2020-11-13 HTTP/1.1" 200 416
116.228.172.94 - - [13/Nov/2020:08:52:36 +0800] "GET /xingrg/kc/buy/cgsh_order_operate.html?command=get_materiel&rest_code=00107&code=00101008005&supplier_code=00100006&order_time=2020-11-13 HTTP/1.1" 200 412
172.17.0.120 - - [13/Nov/2020:08:52:39 +0800] "GET /xingrg/all/function/internal_message.html?_=1605228928696&CODE_STATE=getMsg HTTP/1.1" 302 -
172.17.200.101 - - [13/Nov/2020:08:52:43 +0800] "POST /xingrg/all/user/operate.html HTTP/1.1" 200 36
172.17.200.101 - - [13/Nov/2020:08:52:43 +0800] "GET /xingrg/index.html?sysBaseUrl=http%3A%2F%2F172.17.0.8%3A18081%2Fxingrg%2F&costTime=42×tamp=1605228339414 HTTP/1.1" 200 17454
172.17.200.101 - - [13/Nov/2020:08:52:43 +0800] "GET /xingrg/javascript/jquery_easy_ui/themes/default/easyui.css HTTP/1.1" 304 -
172.17.200.101 - - [13/Nov/2020:08:52:43 +0800] "GET /xingrg/javascript/jquery_easy_ui/themes/icon.css HTTP/1.1" 304 -
172.17.200.101 - - [13/Nov/2020:08:52:44 +0800] "GET /xingrg/css/form.css HTTP/1.1" 304 -
172.17.200.101 - - [13/Nov/2020:08:52:44 +0800] "GET /xingrg/javascript/jquery-1.4.2.min.js HTTP/1.1" 304 -
172.17.200.101 - - [13/Nov/2020:08:52:44 +0800] "GET /xingrg/javascript/jquery_easy_ui/jquery.easyui.min.js HTTP/1.1" 304 -
172.17.200.101 - - [13/Nov/2020:08:52:44 +0800] "GET /xingrg/javascript/jquery_easy_ui/easyui-lang-zh_CN.js HTTP/1.1" 304 -
172.17.200.101 - - [13/Nov/2020:08:52:44 +0800] "GET /xingrg/javascript/jquery.form.js HTTP/1.1" 304 -
172.17.200.101 - - [13/Nov/2020:08:52:44 +0800] "GET /xingrg/javascript/jquery.utils.js HTTP/1.1" 304 -
172.17.200.101 - - [13/Nov/2020:08:52:44 +0800] "GET /xingrg/javascript/jquery.timers.js HTTP/1.1" 304 -
172.17.200.101 - - [13/Nov/2020:08:52:44 +0800] "GET /xingrg/images/blue/jxLogo.png HTTP/1.1" 304 -
172.17.200.101 - - [13/Nov/2020:08:52:44 +0800] "GET /xingrg/images/blue/navBackgound.jpg HTTP/1.1" 304 -
172.17.200.101 - - [13/Nov/2020:08:52:44 +0800] "GET /xingrg/javascript/jquery_easy_ui/themes/icons/settle_new.png HTTP/1.1" 304 -
172.17.200.101 - - [13/Nov/2020:08:52:44 +0800] "POST /xingrg/all/common/load_tree.html?tree=area_rest_tree_json&manage=1 HTTP/1.1" 200 3088
172.17.200.101 - - [13/Nov/2020:08:52:44 +0800] "GET /xingrg/all/function/internal_message.html?_=1605228761863&CODE_STATE=count HTTP/1.1" 200 11
172.17.200.101 - - [13/Nov/2020:08:52:44 +0800] "GET /xingrg/check_reg.html?_=1605228761864 HTTP/1.1" 200 22
172.17.200.101 - - [13/Nov/2020:08:52:44 +0800] "GET /xingrg/javascript/jquery_easy_ui/themes/default/images/panel_tool_expand.gif HTTP/1.1" 304 -
172.17.200.101 - - [13/Nov/2020:08:52:44 +0800] "GET /xingrg/javascript/jquery_easy_ui/themes/default/images/panel_tool_collapse.gif HTTP/1.1" 304 -
172.17.200.101 - - [13/Nov/2020:08:52:44 +0800] "GET /xingrg/javascript/jquery_easy_ui/themes/default/images/tabs_rightarrow.png HTTP/1.1" 304 -
172.17.200.101 - - [13/Nov/2020:08:52:44 +0800] "GET /xingrg/images/blue/pingpu.png HTTP/1.1" 304 -
172.17.200.101 - - [13/Nov/2020:08:52:44 +0800] "GET /xingrg/javascript/jquery_easy_ui/themes/default/images/tabs_leftarrow.png HTTP/1.1" 304 -
172.17.200.101 - - [13/Nov/2020:08:52:44 +0800] "POST /xingrg/load_menu.html HTTP/1.1" 200 9924
116.228.172.94 - - [13/Nov/2020:08:52:45 +0800] "GET /xingrg/kc/buy/cgsh_order_operate.html?command=get_materiel&rest_code=00107&code=00101008353&supplier_code=00100006&order_time=2020-11-13 HTTP/1.1" 200 408
180.174.56.115 - - [13/Nov/2020:08:52:47 +0800] "GET /xingrg/kc/buy/cgsh_order_operate.html?command=get_materiel&rest_code=00150&code=00101008355&supplier_code=00100007&order_time=2020-11-13 HTTP/1.1" 200 408
180.162.245.190 - - [13/Nov/2020:08:52:52 +0800] "GET /xingrg/all/function/internal_message.html?_=1605228773966&CODE_STATE=getMsg HTTP/1.1" 200 27
117.131.5.26 - - [13/Nov/2020:08:52:52 +0800] "GET /xingrg/all/function/internal_message.html?_=1605229078596&CODE_STATE=getMsg HTTP/1.1" 200 27
222.69.136.74 - - [13/Nov/2020:08:52:53 +0800] "GET /xingrg/all/function/internal_message.html?_=1605228767646&CODE_STATE=getMsg HTTP/1.1" 200 27
180.174.56.115 - - [13/Nov/2020:08:52:54 +0800] "GET /xingrg/all/function/internal_message.html?_=1605228771547&CODE_STATE=getMsg HTTP/1.1" 200 27
172.17.0.185 - - [13/Nov/2020:08:52:54 +0800] "GET /xingrg/all/function/internal_message.html?_=1605228771003&CODE_STATE=getMsg HTTP/1.1" 200 27
116.228.172.94 - - [13/Nov/2020:08:52:55 +0800] "GET /xingrg/kc/buy/cgsh_order_operate.html?command=get_materiel&rest_code=00107&code=00101008238&supplier_code=00100006&order_time=2020-11-13 HTTP/1.1" 200 416
180.174.56.115 - - [13/Nov/2020:08:52:55 +0800] "GET /xingrg/kc/buy/cgsh_order_operate.html?command=get_materiel&rest_code=00150&code=00101008264&supplier_code=00100007&order_time=2020-11-13 HTTP/1.1" 200 412
172.17.200.101 - - [13/Nov/2020:08:52:57 +0800] "GET /xingrg/kc/buy/cgsh_order_list.html HTTP/1.1" 200 45117
172.17.200.101 - - [13/Nov/2020:08:53:02 +0800] "POST /xingrg/kc/buy/cgsh_list_operate.html HTTP/1.1" 200 5187
180.174.56.115 - - [13/Nov/2020:08:53:02 +0800] "GET /xingrg/kc/buy/cgsh_order_operate.html?command=get_materiel&rest_code=00150&code=00101008321&supplier_code=00100007&order_time=2020-11-13 HTTP/1.1" 200 412
116.228.172.94 - - [13/Nov/2020:08:53:05 +0800] "GET /xingrg/all/function/internal_message.html?_=1605228776013&CODE_STATE=getMsg HTTP/1.1" 200 27
116.228.172.94 - - [13/Nov/2020:08:53:05 +0800] "GET /xingrg/kc/buy/cgsh_order_operate.html?command=get_materiel&rest_code=00107&code=00101008176&supplier_code=00100006&order_time=2020-11-13 HTTP/1.1" 200 412
222.69.136.74 - - [13/Nov/2020:08:53:06 +0800] "GET /xingrg/kc/buy/cgsh_order_operate.html?command=get_materiel&rest_code=00149&code=00102016427&supplier_code=00100151&order_time=2020-11-13 HTTP/1.1" 200 409
180.174.56.115 - - [13/Nov/2020:08:53:08 +0800] "GET /xingrg/kc/buy/cgsh_order_operate.html?command=get_materiel&rest_code=00150&code=00101008300&supplier_code=00100007&order_time=2020-11-13 HTTP/1.1" 200 412
120.253.135.82 - - [13/Nov/2020:08:53:10 +0800] "GET /xingrg/all/function/internal_message.html?_=1605228535827&CODE_STATE=getMsg HTTP/1.1" 200 27
180.174.56.115 - - [13/Nov/2020:08:53:15 +0800] "GET /xingrg/kc/buy/cgsh_order_operate.html?command=get_materiel&rest_code=00150&code=00101008251&supplier_code=00100007&order_time=2020-11-13 HTTP/1.1" 200 408
114.88.166.242 - - [13/Nov/2020:08:53:16 +0800] "GET /xingrg/all/function/internal_message.html?_=1605228788969&CODE_STATE=getMsg HTTP/1.1" 200 27
180.174.56.115 - - [13/Nov/2020:08:53:17 +0800] "GET /xingrg/check_reg.html?_=1605228773377 HTTP/1.1" 200 22
180.174.56.115 - - [13/Nov/2020:08:53:21 +0800] "GET /xingrg/kc/buy/cgsh_order_operate.html?command=get_materiel&rest_code=00150&code=00101008270&supplier_code=00100007&order_time=2020-11-13 HTTP/1.1" 200 412
116.228.172.94 - - [13/Nov/2020:08:53:21 +0800] "GET /xingrg/kc/buy/cgsh_order_operate.html?command=get_materiel&rest_code=00107&code=00101008175&supplier_code=00100006&order_time=2020-11-13 HTTP/1.1" 200 412
114.84.37.38 - - [13/Nov/2020:08:53:22 +0800] "GET /xingrg/all/function/internal_message.html?_=1605228821848&CODE_STATE=getMsg HTTP/1.1" 200 27
180.174.56.115 - - [13/Nov/2020:08:53:26 +0800] "GET /xingrg/kc/buy/cgsh_order_operate.html?command=get_materiel&rest_code=00150&code=00101008286&supplier_code=00100007&order_time=2020-11-13 HTTP/1.1" 200 408
116.228.172.94 - - [13/Nov/2020:08:53:31 +0800] "GET /xingrg/kc/buy/cgsh_order_operate.html?command=get_materiel&rest_code=00107&code=00101008302&supplier_code=00100006&order_time=2020-11-13 HTTP/1.1" 200 412
180.174.56.115 - - [13/Nov/2020:08:53:33 +0800] "GET /xingrg/kc/buy/cgsh_order_operate.html?command=get_materiel&rest_code=00150&code=00101008131&supplier_code=00100007&order_time=2020-11-13 HTTP/1.1" 200 408
172.17.0.120 - - [13/Nov/2020:08:53:39 +0800] "GET /xingrg/check_reg.html?_=1605228988697 HTTP/1.1" 302 -
172.17.0.120 - - [13/Nov/2020:08:53:39 +0800] "GET /xingrg/all/function/internal_message.html?_=1605228988700&CODE_STATE=getMsg HTTP/1.1" 302 -
180.174.56.115 - - [13/Nov/2020:08:53:40 +0800] "GET /xingrg/kc/buy/cgsh_order_operate.html?command=get_materiel&rest_code=00150&code=00101008352&supplier_code=00100007&order_time=2020-11-13 HTTP/1.1" 200 412
180.174.56.115 - - [13/Nov/2020:08:53:44 +0800] "POST /xingrg/kc/buy/cgsh_order_operate.html HTTP/1.1" 200 2065
172.17.200.101 - - [13/Nov/2020:08:53:44 +0800] "GET /xingrg/all/function/internal_message.html?_=1605228821869&CODE_STATE=getMsg HTTP/1.1" 200 27
116.228.172.94 - - [13/Nov/2020:08:53:46 +0800] "GET /xingrg/kc/buy/cgsh_order_operate.html?command=get_materiel&rest_code=00107&code=00101008027&supplier_code=00100006&order_time=2020-11-13 HTTP/1.1" 200 408
180.174.56.115 - - [13/Nov/2020:08:53:50 +0800] "GET /xingrg/kc/buy/cgsh_order_operate.html?command=get_materiel&rest_code=00150&code=00101008098&supplier_code=00100007&order_time=2020-11-13 HTTP/1.1" 200 412
180.162.245.190 - - [13/Nov/2020:08:53:52 +0800] "GET /xingrg/all/function/internal_message.html?_=1605228833935&CODE_STATE=getMsg HTTP/1.1" 200 27
117.131.5.26 - - [13/Nov/2020:08:53:52 +0800] "GET /xingrg/all/function/internal_message.html?_=1605229138606&CODE_STATE=getMsg HTTP/1.1" 200 27
222.69.136.74 - - [13/Nov/2020:08:53:53 +0800] "GET /xingrg/all/function/internal_message.html?_=1605228827621&CODE_STATE=getMsg HTTP/1.1" 200 27
180.174.56.115 - - [13/Nov/2020:08:53:54 +0800] "GET /xingrg/all/function/internal_message.html?_=1605228831562&CODE_STATE=getMsg HTTP/1.1" 200 27
172.17.0.185 - - [13/Nov/2020:08:53:55 +0800] "GET /xingrg/all/function/internal_message.html?_=1605228831005&CODE_STATE=getMsg HTTP/1.1" 200 27
180.174.56.115 - - [13/Nov/2020:08:53:57 +0800] "GET /xingrg/kc/buy/cgsh_order_operate.html?command=get_materiel&rest_code=00150&code=00101008005&supplier_code=00100007&order_time=2020-11-13 HTTP/1.1" 200 412
222.69.136.74 - - [13/Nov/2020:08:54:02 +0800] "GET /xingrg/kc/buy/cgsh_order_operate.html?command=get_materiel&rest_code=00149&code=00102010481&supplier_code=00100151&order_time=2020-11-13 HTTP/1.1" 200 410
180.174.56.115 - - [13/Nov/2020:08:54:03 +0800] "GET /xingrg/kc/buy/cgsh_order_operate.html?command=get_materiel&rest_code=00150&code=00101008283&supplier_code=00100007&order_time=2020-11-13 HTTP/1.1" 200 408
116.228.172.94 - - [13/Nov/2020:08:54:05 +0800] "GET /xingrg/all/function/internal_message.html?_=1605228836036&CODE_STATE=getMsg HTTP/1.1" 200 27
116.228.172.94 - - [13/Nov/2020:08:54:07 +0800] "GET /xingrg/kc/buy/cgsh_order_operate.html?command=get_materiel&rest_code=00107&code=00101008350&supplier_code=00100006&order_time=2020-11-13 HTTP/1.1" 200 408
180.174.56.115 - - [13/Nov/2020:08:54:07 +0800] "GET /xingrg/kc/buy/cgsh_order_operate.html?command=get_materiel&rest_code=00150&code=00101020139&supplier_code=00100007&order_time=2020-11-13 HTTP/1.1" 200 453
114.88.166.242 - - [13/Nov/2020:08:54:08 +0800] "GET /xingrg/check_reg.html?_=1605228841387 HTTP/1.1" 200 22
120.253.135.82 - - [13/Nov/2020:08:54:10 +0800] "GET /xingrg/all/function/internal_message.html?_=1605228595843&CODE_STATE=getMsg HTTP/1.1" 200 27
180.174.56.115 - - [13/Nov/2020:08:54:14 +0800] "GET /xingrg/kc/buy/cgsh_order_operate.html?command=get_materiel&rest_code=00150&code=00101008265&supplier_code=00100007&order_time=2020-11-13 HTTP/1.1" 200 409
180.174.56.115 - - [13/Nov/2020:08:54:16 +0800] "POST /xingrg/kc/buy/cgsh_order_operate.html HTTP/1.1" 200 2065
114.88.166.242 - - [13/Nov/2020:08:54:16 +0800] "GET /xingrg/all/function/internal_message.html?_=1605228848981&CODE_STATE=getMsg HTTP/1.1" 200 27
180.174.56.115 - - [13/Nov/2020:08:54:19 +0800] "GET /xingrg/kc/buy/cgsh_order_operate.html?command=get_materiel&rest_code=00150&code=00101008297&supplier_code=00100007&order_time=2020-11-13 HTTP/1.1" 200 412
116.228.172.94 - - [13/Nov/2020:08:54:23 +0800] "GET /xingrg/kc/buy/cgsh_order_operate.html?command=get_materiel&rest_code=00107&code=00101008351&supplier_code=00100006&order_time=2020-11-13 HTTP/1.1" 200 427
114.84.37.38 - - [13/Nov/2020:08:54:23 +0800] "GET /xingrg/all/function/internal_message.html?_=1605228882444&CODE_STATE=getMsg HTTP/1.1" 200 27
116.228.172.94 - - [13/Nov/2020:08:54:32 +0800] "GET /xingrg/kc/buy/cgsh_order_operate.html?command=get_materiel&rest_code=00107&code=00101008298&supplier_code=00100006&order_time=2020-11-13 HTTP/1.1" 200 431
117.131.5.26 - - [13/Nov/2020:08:54:34 +0800] "GET /xingrg/check_reg.html?_=1605229180829 HTTP/1.1" 200 22
172.17.0.120 - - [13/Nov/2020:08:54:39 +0800] "GET /xingrg/all/function/internal_message.html?_=1605229048700&CODE_STATE=getMsg HTTP/1.1" 302 -
58.221.95.50 - - [13/Nov/2020:08:54:40 +0800] "GET /xingrg/index.html?sysBaseUrl=http%3A%2F%2F180.169.147.146%3A18081%2Fxingrg%2F&costTime=43×tamp=1605163911002 HTTP/1.1" 302 -
58.221.95.50 - - [13/Nov/2020:08:54:40 +0800] "GET /xingrg/login.html HTTP/1.1" 200 7641
116.228.172.94 - - [13/Nov/2020:08:54:43 +0800] "GET /xingrg/kc/buy/cgsh_order_operate.html?command=get_materiel&rest_code=00107&code=00101008003&supplier_code=00100006&order_time=2020-11-13 HTTP/1.1" 200 410
172.17.200.101 - - [13/Nov/2020:08:54:44 +0800] "GET /xingrg/all/function/internal_message.html?_=1605228881879&CODE_STATE=getMsg HTTP/1.1" 200 27
180.162.245.190 - - [13/Nov/2020:08:54:52 +0800] "GET /xingrg/check_reg.html?_=1605228893936 HTTP/1.1" 200 22
180.162.245.190 - - [13/Nov/2020:08:54:52 +0800] "GET /xingrg/all/function/internal_message.html?_=1605228893939&CODE_STATE=getMsg HTTP/1.1" 200 27
117.131.5.26 - - [13/Nov/2020:08:54:52 +0800] "GET /xingrg/all/function/internal_message.html?_=1605229198618&CODE_STATE=getMsg HTTP/1.1" 200 27
222.69.136.74 - - [13/Nov/2020:08:54:53 +0800] "GET /xingrg/all/function/internal_message.html?_=1605228887729&CODE_STATE=getMsg HTTP/1.1" 200 27
180.174.56.115 - - [13/Nov/2020:08:54:54 +0800] "GET /xingrg/check_reg.html?_=1605228891560 HTTP/1.1" 200 22
180.174.56.115 - - [13/Nov/2020:08:54:54 +0800] "GET /xingrg/all/function/internal_message.html?_=1605228891562&CODE_STATE=getMsg HTTP/1.1" 200 27
172.17.0.185 - - [13/Nov/2020:08:54:55 +0800] "GET /xingrg/all/function/internal_message.html?_=1605228891007&CODE_STATE=getMsg HTTP/1.1" 200 27
116.228.172.94 - - [13/Nov/2020:08:55:05 +0800] "GET /xingrg/all/function/internal_message.html?_=1605228896032&CODE_STATE=getMsg HTTP/1.1" 200 27
120.253.135.82 - - [13/Nov/2020:08:55:10 +0800] "GET /xingrg/all/function/internal_message.html?_=1605228655855&CODE_STATE=getMsg HTTP/1.1" 200 27
114.88.166.242 - - [13/Nov/2020:08:55:16 +0800] "GET /xingrg/all/function/internal_message.html?_=1605228908995&CODE_STATE=getMsg HTTP/1.1" 200 27
114.84.37.38 - - [13/Nov/2020:08:55:23 +0800] "GET /xingrg/all/function/internal_message.html?_=1605228942450&CODE_STATE=getMsg HTTP/1.1" 200 27
180.174.56.115 - - [13/Nov/2020:08:55:28 +0800] "GET /xingrg/kc/buy/cgsh_order_operate.html?command=get_materiel&rest_code=00150&code=00101008331&supplier_code=00100007&order_time=2020-11-13 HTTP/1.1" 200 416
116.228.172.94 - - [13/Nov/2020:08:55:33 +0800] "GET /xingrg/kc/buy/cgsh_order_operate.html?command=get_materiel&rest_code=00107&code=00101008251&supplier_code=00100006&order_time=2020-11-13 HTTP/1.1" 200 408
116.228.172.94 - - [13/Nov/2020:08:55:36 +0800] "POST /xingrg/kc/buy/cgsh_order_operate.html HTTP/1.1" 200 2065
180.174.56.115 - - [13/Nov/2020:08:55:36 +0800] "GET /xingrg/kc/buy/cgsh_order_operate.html?command=get_materiel&rest_code=00150&code=00101008350&supplier_code=00100007&order_time=2020-11-13 HTTP/1.1" 200 408
172.17.0.120 - - [13/Nov/2020:08:55:39 +0800] "GET /xingrg/all/function/internal_message.html?_=1605229108686&CODE_STATE=getMsg HTTP/1.1" 302 -
180.174.56.115 - - [13/Nov/2020:08:55:42 +0800] "GET /xingrg/kc/buy/cgsh_order_operate.html?command=get_materiel&rest_code=00150&code=00101008356&supplier_code=00100007&order_time=2020-11-13 HTTP/1.1" 200 408
222.69.136.74 - - [13/Nov/2020:08:55:43 +0800] "GET /xingrg/kc/buy/cgsh_order_operate.html?command=get_materiel&rest_code=00149&code=00102015044&supplier_code=00100151&order_time=2020-11-13 HTTP/1.1" 200 412
172.17.200.101 - - [13/Nov/2020:08:55:44 +0800] "GET /xingrg/all/function/internal_message.html?_=1605228941879&CODE_STATE=getMsg HTTP/1.1" 200 27
180.174.56.115 - - [13/Nov/2020:08:55:48 +0800] "POST /xingrg/kc/buy/cgsh_order_operate.html HTTP/1.1" 200 2065
180.162.245.190 - - [13/Nov/2020:08:55:52 +0800] "GET /xingrg/all/function/internal_message.html?_=1605228953939&CODE_STATE=getMsg HTTP/1.1" 200 27
117.131.5.26 - - [13/Nov/2020:08:55:52 +0800] "GET /xingrg/all/function/internal_message.html?_=1605229258633&CODE_STATE=getMsg HTTP/1.1" 200 27
222.69.136.74 - - [13/Nov/2020:08:55:53 +0800] "GET /xingrg/all/function/internal_message.html?_=1605228947709&CODE_STATE=getMsg HTTP/1.1" 200 27
180.174.56.115 - - [13/Nov/2020:08:55:54 +0800] "GET /xingrg/all/function/internal_message.html?_=1605228951631&CODE_STATE=getMsg HTTP/1.1" 200 27
172.17.0.185 - - [13/Nov/2020:08:55:55 +0800] "GET /xingrg/all/function/internal_message.html?_=1605228951009&CODE_STATE=getMsg HTTP/1.1" 200 27
180.174.56.115 - - [13/Nov/2020:08:55:58 +0800] "GET /xingrg/kc/buy/cgsh_order_operate.html?command=get_materiel&rest_code=00150&code=00101008353&supplier_code=00100007&order_time=2020-11-13 HTTP/1.1" 200 408
116.228.172.94 - - [13/Nov/2020:08:56:02 +0800] "GET /xingrg/kc/buy/cgsh_order_operate.html?command=get_materiel&rest_code=00107&code=00101008225&supplier_code=00100006&order_time=2020-11-13 HTTP/1.1" 200 416
116.228.172.94 - - [13/Nov/2020:08:56:05 +0800] "GET /xingrg/check_reg.html?_=1605228956077 HTTP/1.1" 200 22
116.228.172.94 - - [13/Nov/2020:08:56:05 +0800] "GET /xingrg/all/function/internal_message.html?_=1605228956080&CODE_STATE=getMsg HTTP/1.1" 200 27
180.174.56.115 - - [13/Nov/2020:08:56:08 +0800] "GET /xingrg/kc/buy/cgsh_order_operate.html?command=get_materiel&rest_code=00150&code=00101008061&supplier_code=00100007&order_time=2020-11-13 HTTP/1.1" 200 422
120.253.135.82 - - [13/Nov/2020:08:56:10 +0800] "GET /xingrg/check_reg.html?_=1605228715747 HTTP/1.1" 200 22
120.253.135.82 - - [13/Nov/2020:08:56:10 +0800] "GET /xingrg/all/function/internal_message.html?_=1605228715868&CODE_STATE=getMsg HTTP/1.1" 200 27
116.228.172.94 - - [13/Nov/2020:08:56:15 +0800] "GET /xingrg/kc/buy/cgsh_order_operate.html?command=get_materiel&rest_code=00107&code=00101008286&supplier_code=00100006&order_time=2020-11-13 HTTP/1.1" 200 408
114.88.166.242 - - [13/Nov/2020:08:56:16 +0800] "GET /xingrg/all/function/internal_message.html?_=1605228969078&CODE_STATE=getMsg HTTP/1.1" 200 27
114.84.37.38 - - [13/Nov/2020:08:56:21 +0800] "GET /xingrg/check_reg.html?_=1605229001049 HTTP/1.1" 200 22
114.84.37.38 - - [13/Nov/2020:08:56:23 +0800] "GET /xingrg/all/function/internal_message.html?_=1605229002465&CODE_STATE=getMsg HTTP/1.1" 200 27
116.228.172.94 - - [13/Nov/2020:08:56:25 +0800] "GET /xingrg/kc/buy/cgsh_order_operate.html?command=get_materiel&rest_code=00107&code=00101008131&supplier_code=00100006&order_time=2020-11-13 HTTP/1.1" 200 408
180.174.56.115 - - [13/Nov/2020:08:56:33 +0800] "GET /xingrg/kc/buy/cgsh_order_operate.html?command=get_materiel&rest_code=00150&code=00101008041&supplier_code=00100007&order_time=2020-11-13 HTTP/1.1" 200 408
172.17.0.120 - - [13/Nov/2020:08:56:39 +0800] "GET /xingrg/all/function/internal_message.html?_=1605229168688&CODE_STATE=getMsg HTTP/1.1" 302 -
116.228.172.94 - - [13/Nov/2020:08:56:39 +0800] "GET /xingrg/kc/buy/cgsh_order_operate.html?command=get_materiel&rest_code=00107&code=00101008296&supplier_code=00100006&order_time=2020-11-13 HTTP/1.1" 200 416
222.69.136.74 - - [13/Nov/2020:08:56:41 +0800] "GET /xingrg/kc/buy/cgsh_order_operate.html?command=get_materiel&rest_code=00149&code=00102008027&supplier_code=00100151&order_time=2020-11-13 HTTP/1.1" 200 418
172.17.200.101 - - [13/Nov/2020:08:56:44 +0800] "GET /xingrg/all/function/internal_message.html?_=1605229001881&CODE_STATE=getMsg HTTP/1.1" 200 27
180.174.56.115 - - [13/Nov/2020:08:56:45 +0800] "GET /xingrg/kc/buy/cgsh_order_operate.html?command=get_materiel&rest_code=00150&code=00101008254&supplier_code=00100007&order_time=2020-11-13 HTTP/1.1" 200 412
180.174.56.115 - - [13/Nov/2020:08:56:47 +0800] "POST /xingrg/kc/buy/cgsh_order_operate.html HTTP/1.1" 200 2065
180.162.245.190 - - [13/Nov/2020:08:56:52 +0800] "GET /xingrg/all/function/internal_message.html?_=1605229013940&CODE_STATE=getMsg HTTP/1.1" 200 27
117.131.5.26 - - [13/Nov/2020:08:56:52 +0800] "GET /xingrg/all/function/internal_message.html?_=1605229318680&CODE_STATE=getMsg HTTP/1.1" 200 27
222.69.136.74 - - [13/Nov/2020:08:56:53 +0800] "GET /xingrg/all/function/internal_message.html?_=1605229007678&CODE_STATE=getMsg HTTP/1.1" 200 27
222.69.136.74 - - [13/Nov/2020:08:56:53 +0800] "GET /xingrg/check_reg.html?_=1605229007841 HTTP/1.1" 200 22
116.228.172.94 - - [13/Nov/2020:08:56:53 +0800] "POST /xingrg/kc/buy/cgsh_order_operate.html HTTP/1.1" 200 2065
180.174.56.115 - - [13/Nov/2020:08:56:54 +0800] "GET /xingrg/all/function/internal_message.html?_=1605229011622&CODE_STATE=getMsg HTTP/1.1" 200 27
172.17.0.185 - - [13/Nov/2020:08:56:55 +0800] "GET /xingrg/all/function/internal_message.html?_=1605229011014&CODE_STATE=getMsg HTTP/1.1" 200 27
172.17.0.185 - - [13/Nov/2020:08:56:55 +0800] "GET /xingrg/check_reg.html?_=1605229011018 HTTP/1.1" 200 22
222.69.136.74 - - [13/Nov/2020:08:57:00 +0800] "POST /xingrg/kc/buy/cgsh_order_operate.html HTTP/1.1" 200 37
222.69.136.74 - - [13/Nov/2020:08:57:02 +0800] "POST /xingrg/kc/buy/cgsh_order_operate.html HTTP/1.1" 200 12
116.228.172.94 - - [13/Nov/2020:08:57:03 +0800] "GET /xingrg/kc/buy/cgsh_order_operate.html?command=get_materiel&rest_code=00107&code=00101008344&supplier_code=00100006&order_time=2020-11-13 HTTP/1.1" 200 412
222.69.136.74 - - [13/Nov/2020:08:57:05 +0800] "GET /xingrg/kc/buy/cgsh_order_info.html?code=212020111304937 HTTP/1.1" 200 55559
222.69.136.74 - - [13/Nov/2020:08:57:05 +0800] "GET /xingrg/javascript/easyui/themes/default/validatebox.css HTTP/1.1" 404 1104
222.69.136.74 - - [13/Nov/2020:08:57:06 +0800] "POST /xingrg/kc/buy/cgsh_order_operate.html HTTP/1.1" 200 4222
116.228.172.94 - - [13/Nov/2020:08:57:06 +0800] "GET /xingrg/all/function/internal_message.html?_=1605229016237&CODE_STATE=getMsg HTTP/1.1" 200 27
120.253.135.82 - - [13/Nov/2020:08:57:10 +0800] "GET /xingrg/all/function/internal_message.html?_=1605228775882&CODE_STATE=getMsg HTTP/1.1" 200 27
180.174.56.115 - - [13/Nov/2020:08:57:13 +0800] "POST /xingrg/kc/buy/cgsh_order_operate.html HTTP/1.1" 200 37
180.174.56.115 - - [13/Nov/2020:08:57:15 +0800] "POST /xingrg/kc/buy/cgsh_order_operate.html HTTP/1.1" 200 22777
116.228.172.94 - - [13/Nov/2020:08:57:15 +0800] "GET /xingrg/kc/buy/cgsh_order_operate.html?command=get_materiel&rest_code=00107&code=00101008359&supplier_code=00100006&order_time=2020-11-13 HTTP/1.1" 200 408
114.88.166.242 - - [13/Nov/2020:08:57:16 +0800] "GET /xingrg/all/function/internal_message.html?_=1605229029084&CODE_STATE=getMsg HTTP/1.1" 200 27
222.69.136.74 - - [13/Nov/2020:08:57:19 +0800] "GET /xingrg/kc/print/load_data.html?order_code=212020111304937&kc_code=cgsh&condition= HTTP/1.1" 200 2112
180.174.56.115 - - [13/Nov/2020:08:57:21 +0800] "POST /xingrg/all/user/operate.html HTTP/1.1" 200 36
180.174.56.115 - - [13/Nov/2020:08:57:21 +0800] "GET /xingrg/index.html?sysBaseUrl=http%3A%2F%2F180.169.147.146%3A18081%2Fxingrg%2F&costTime=39×tamp=1604798959747 HTTP/1.1" 200 17177
180.174.56.115 - - [13/Nov/2020:08:57:21 +0800] "GET /xingrg/javascript/jquery_easy_ui/themes/default/easyui.css HTTP/1.1" 304 -
180.174.56.115 - - [13/Nov/2020:08:57:21 +0800] "GET /xingrg/javascript/jquery_easy_ui/themes/icon.css HTTP/1.1" 304 -
180.174.56.115 - - [13/Nov/2020:08:57:21 +0800] "GET /xingrg/css/form.css HTTP/1.1" 304 -
180.174.56.115 - - [13/Nov/2020:08:57:21 +0800] "GET /xingrg/javascript/jquery-1.4.2.min.js HTTP/1.1" 304 -
180.174.56.115 - - [13/Nov/2020:08:57:21 +0800] "GET /xingrg/javascript/jquery_easy_ui/jquery.easyui.min.js HTTP/1.1" 304 -
180.174.56.115 - - [13/Nov/2020:08:57:21 +0800] "GET /xingrg/javascript/jquery_easy_ui/easyui-lang-zh_CN.js HTTP/1.1" 304 -
180.174.56.115 - - [13/Nov/2020:08:57:21 +0800] "GET /xingrg/javascript/jquery.form.js HTTP/1.1" 304 -
180.174.56.115 - - [13/Nov/2020:08:57:21 +0800] "GET /xingrg/javascript/jquery.utils.js HTTP/1.1" 304 -
180.174.56.115 - - [13/Nov/2020:08:57:21 +0800] "GET /xingrg/javascript/jquery.timers.js HTTP/1.1" 304 -
180.174.56.115 - - [13/Nov/2020:08:57:21 +0800] "GET /xingrg/images/blue/jxLogo.png HTTP/1.1" 304 -
180.174.56.115 - - [13/Nov/2020:08:57:21 +0800] "GET /xingrg/javascript/jquery_easy_ui/themes/icons/settle_new.png HTTP/1.1" 304 -
180.174.56.115 - - [13/Nov/2020:08:57:21 +0800] "GET /xingrg/images/blue/navBackgound.jpg HTTP/1.1" 304 -
180.174.56.115 - - [13/Nov/2020:08:57:22 +0800] "POST /xingrg/all/common/load_tree.html?tree=area_rest_tree_json&manage=1 HTTP/1.1" 200 476
180.174.56.115 - - [13/Nov/2020:08:57:22 +0800] "GET /xingrg/all/function/internal_message.html?_=1605229038985&CODE_STATE=count HTTP/1.1" 200 11
180.174.56.115 - - [13/Nov/2020:08:57:22 +0800] "GET /xingrg/check_reg.html?_=1605229038988 HTTP/1.1" 200 22
180.174.56.115 - - [13/Nov/2020:08:57:22 +0800] "GET /xingrg/javascript/jquery_easy_ui/themes/default/images/panel_tool_collapse.gif HTTP/1.1" 304 -
180.174.56.115 - - [13/Nov/2020:08:57:22 +0800] "GET /xingrg/javascript/jquery_easy_ui/themes/default/images/tabs_rightarrow.png HTTP/1.1" 304 -
180.174.56.115 - - [13/Nov/2020:08:57:22 +0800] "GET /xingrg/images/blue/pingpu.png HTTP/1.1" 304 -
180.174.56.115 - - [13/Nov/2020:08:57:22 +0800] "GET /xingrg/javascript/jquery_easy_ui/themes/default/images/tabs_leftarrow.png HTTP/1.1" 304 -
180.174.56.115 - - [13/Nov/2020:08:57:22 +0800] "POST /xingrg/load_menu.html HTTP/1.1" 200 5138
114.84.37.38 - - [13/Nov/2020:08:57:23 +0800] "GET /xingrg/all/function/internal_message.html?_=1605229062477&CODE_STATE=getMsg HTTP/1.1" 200 27
180.174.56.115 - - [13/Nov/2020:08:57:24 +0800] "GET /xingrg/kc/buy/cgsh_order_list.html HTTP/1.1" 200 44879
180.174.56.115 - - [13/Nov/2020:08:57:24 +0800] "POST /xingrg/kc/buy/cgsh_list_operate.html HTTP/1.1" 200 876
116.228.172.94 - - [13/Nov/2020:08:57:25 +0800] "GET /xingrg/kc/buy/cgsh_order_operate.html?command=get_materiel&rest_code=00107&code=00101008323&supplier_code=00100006&order_time=2020-11-13 HTTP/1.1" 200 408
180.174.56.115 - - [13/Nov/2020:08:57:25 +0800] "GET /xingrg/kc/buy/cgsh_order_add.html HTTP/1.1" 200 60255
180.174.56.115 - - [13/Nov/2020:08:57:26 +0800] "POST /xingrg/kc/buy/cgsh_order_operate.html HTTP/1.1" 200 8245
180.174.56.115 - - [13/Nov/2020:08:57:26 +0800] "GET /xingrg/all/common/auto_word.html?type=employee&rest_code=00151 HTTP/1.1" 200 243
180.174.56.115 - - [13/Nov/2020:08:57:26 +0800] "GET /xingrg/all/common/auto_word.html?type=employee&rest_code=00151 HTTP/1.1" 200 243
180.174.56.115 - - [13/Nov/2020:08:57:26 +0800] "GET /xingrg/javascript/easyui/themes/default/validatebox.css HTTP/1.1" 404 1104
180.174.56.115 - - [13/Nov/2020:08:57:27 +0800] "GET /xingrg/javascript/auto/indicator.gif HTTP/1.1" 404 1066
172.17.0.120 - - [13/Nov/2020:08:57:39 +0800] "GET /xingrg/all/function/internal_message.html?_=1605229228689&CODE_STATE=getMsg HTTP/1.1" 302 -
116.228.172.94 - - [13/Nov/2020:08:57:41 +0800] "GET /xingrg/kc/buy/cgsh_order_operate.html?command=get_materiel&rest_code=00107&code=00101008358&supplier_code=00100006&order_time=2020-11-13 HTTP/1.1" 200 412
172.17.200.101 - - [13/Nov/2020:08:57:44 +0800] "GET /xingrg/check_reg.html?_=1605229061887 HTTP/1.1" 200 22
172.17.200.101 - - [13/Nov/2020:08:57:44 +0800] "GET /xingrg/all/function/internal_message.html?_=1605229061891&CODE_STATE=getMsg HTTP/1.1" 200 27
180.162.245.190 - - [13/Nov/2020:08:57:52 +0800] "GET /xingrg/all/function/internal_message.html?_=1605229073933&CODE_STATE=getMsg HTTP/1.1" 200 27
116.228.172.94 - - [13/Nov/2020:08:57:52 +0800] "GET /xingrg/kc/buy/cgsh_order_operate.html?command=get_materiel&rest_code=00107&code=00101008239&supplier_code=00100006&order_time=2020-11-13 HTTP/1.1" 200 416
117.131.5.26 - - [13/Nov/2020:08:57:52 +0800] "GET /xingrg/all/function/internal_message.html?_=1605229378691&CODE_STATE=getMsg HTTP/1.1" 200 27
222.69.136.74 - - [13/Nov/2020:08:57:53 +0800] "GET /xingrg/all/function/internal_message.html?_=1605229067662&CODE_STATE=getMsg HTTP/1.1" 200 27
172.17.0.185 - - [13/Nov/2020:08:57:55 +0800] "GET /xingrg/all/function/internal_message.html?_=1605229071003&CODE_STATE=getMsg HTTP/1.1" 200 27
116.228.172.94 - - [13/Nov/2020:08:57:55 +0800] "POST /xingrg/kc/buy/cgsh_order_operate.html HTTP/1.1" 200 2065
116.228.172.94 - - [13/Nov/2020:08:58:04 +0800] "GET /xingrg/kc/buy/cgsh_order_operate.html?command=get_materiel&rest_code=00107&code=00101008126&supplier_code=00100006&order_time=2020-11-13 HTTP/1.1" 200 412
180.174.56.115 - - [13/Nov/2020:08:58:05 +0800] "GET /xingrg/kc/buy/cgsh_order_operate.html?command=get_materiel&rest_code=00151&code=00101012039&supplier_code=00100007&order_time=2020-11-13 HTTP/1.1" 200 408
116.228.172.94 - - [13/Nov/2020:08:58:06 +0800] "GET /xingrg/all/function/internal_message.html?_=1605229076424&CODE_STATE=getMsg HTTP/1.1" 200 27
120.253.135.82 - - [13/Nov/2020:08:58:10 +0800] "GET /xingrg/all/function/internal_message.html?_=1605228835896&CODE_STATE=getMsg HTTP/1.1" 200 27
180.174.56.115 - - [13/Nov/2020:08:58:12 +0800] "GET /xingrg/kc/buy/cgsh_order_operate.html?command=get_materiel&rest_code=00151&code=00101016038&supplier_code=00100007&order_time=2020-11-13 HTTP/1.1" 200 408
114.88.166.242 - - [13/Nov/2020:08:58:16 +0800] "GET /xingrg/all/function/internal_message.html?_=1605229089163&CODE_STATE=getMsg HTTP/1.1" 200 27
180.174.56.115 - - [13/Nov/2020:08:58:17 +0800] "GET /xingrg/check_reg.html?_=1605229073380 HTTP/1.1" 200 22
180.174.56.115 - - [13/Nov/2020:08:58:19 +0800] "GET /xingrg/kc/buy/cgsh_order_operate.html?command=get_materiel&rest_code=00151&code=00101008323&supplier_code=00100007&order_time=2020-11-13 HTTP/1.1" 200 408
180.174.56.115 - - [13/Nov/2020:08:58:22 +0800] "GET /xingrg/all/function/internal_message.html?_=1605229098998&CODE_STATE=getMsg HTTP/1.1" 200 27
114.84.37.38 - - [13/Nov/2020:08:58:23 +0800] "GET /xingrg/all/function/internal_message.html?_=1605229122494&CODE_STATE=getMsg HTTP/1.1" 200 27
116.228.172.94 - - [13/Nov/2020:08:58:24 +0800] "GET /xingrg/kc/buy/cgsh_order_operate.html?command=get_materiel&rest_code=00107&code=00101008321&supplier_code=00100006&order_time=2020-11-13 HTTP/1.1" 200 412
222.69.136.74 - - [13/Nov/2020:08:58:27 +0800] "GET /xingrg/kc/report/report_main.html HTTP/1.1" 200 7345
222.69.136.74 - - [13/Nov/2020:08:58:28 +0800] "GET /xingrg/all/report/report_query.html?fileName=kc/buy/wlcg_cate_hz.xml HTTP/1.1" 200 53941
222.69.136.74 - - [13/Nov/2020:08:58:28 +0800] "GET /xingrg/dwr/interface/AjaxReportQueryService.js HTTP/1.1" 200 13203
222.69.136.74 - - [13/Nov/2020:08:58:28 +0800] "GET /xingrg/dwr/util.js HTTP/1.1" 304 -
222.69.136.74 - - [13/Nov/2020:08:58:28 +0800] "GET /xingrg/dwr/engine.js HTTP/1.1" 200 43631
222.69.136.74 - - [13/Nov/2020:08:58:28 +0800] "POST /xingrg/dwr/call/plaincall/AjaxReportQueryService.getFixDate.dwr HTTP/1.1" 200 111
222.69.136.74 - - [13/Nov/2020:08:58:28 +0800] "POST /xingrg/all/common/load_tree.html?tree=supplier_tree_json&manage=1 HTTP/1.1" 200 52459
222.69.136.74 - - [13/Nov/2020:08:58:29 +0800] "POST /xingrg/all/common/load_tree.html?tree=materiel_sort_tree_json HTTP/1.1" 200 8666
222.69.136.74 - - [13/Nov/2020:08:58:30 +0800] "POST /xingrg/all/common/load_tree.html?tree=base_tree_json HTTP/1.1" 200 3769
222.69.136.74 - - [13/Nov/2020:08:58:31 +0800] "POST /xingrg/dwr/call/plaincall/AjaxReportQueryService.getFixDate.dwr HTTP/1.1" 200 111
172.17.0.120 - - [13/Nov/2020:08:58:39 +0800] "GET /xingrg/all/function/internal_message.html?_=1605229288691&CODE_STATE=getMsg HTTP/1.1" 302 -
172.17.0.120 - - [13/Nov/2020:08:58:39 +0800] "GET /xingrg/check_reg.html?_=1605229288692 HTTP/1.1" 302 -
180.174.56.115 - - [13/Nov/2020:08:58:39 +0800] "GET /xingrg/kc/buy/cgsh_order_operate.html?command=get_materiel&rest_code=00151&code=00101008347&supplier_code=00100007&order_time=2020-11-13 HTTP/1.1" 200 408
222.69.136.74 - - [13/Nov/2020:08:58:41 +0800] "POST /xingrg/dwr/call/plaincall/AjaxReportQueryService.refreshCache.dwr HTTP/1.1" 200 78
222.69.136.74 - - [13/Nov/2020:08:58:42 +0800] "POST /xingrg/all/report/load_report_page.html HTTP/1.1" 200 8725
222.69.136.74 - - [13/Nov/2020:08:58:42 +0800] "GET /xingrg/servlets/image?cache=0.08513884394700721&image=px HTTP/1.1" 200 807
172.17.200.101 - - [13/Nov/2020:08:58:44 +0800] "GET /xingrg/all/function/internal_message.html?_=1605229121878&CODE_STATE=getMsg HTTP/1.1" 200 27
222.69.136.74 - - [13/Nov/2020:08:58:45 +0800] "POST /xingrg/all/report/load_report_page.html HTTP/1.1" 200 90555
222.69.136.74 - - [13/Nov/2020:08:58:45 +0800] "GET /xingrg/servlets/image?cache=0.32676317559398194&image=px HTTP/1.1" 200 807
116.228.172.94 - - [13/Nov/2020:08:58:48 +0800] "GET /xingrg/kc/buy/cgsh_order_operate.html?command=get_materiel&rest_code=00107&code=00101008270&supplier_code=00100006&order_time=2020-11-13 HTTP/1.1" 200 412
180.162.245.190 - - [13/Nov/2020:08:58:49 +0800] "POST /xingrg/kc/buy/cgsh_order_operate.html HTTP/1.1" 200 37
222.69.136.74 - - [13/Nov/2020:08:58:49 +0800] "POST /xingrg/all/report/report_print.html HTTP/1.1" 302 -
222.69.136.74 - - [13/Nov/2020:08:58:49 +0800] "GET /xingrg/servlets/image?image=px HTTP/1.1" 200 807
222.69.136.74 - - [13/Nov/2020:08:58:49 +0800] "GET /xingrg/servlets/html?sysBaseUrl=http%3A%2F%2F180.169.147.146%3A18081%2Fxingrg%2F&costTime=1312×tamp=1605229129951 HTTP/1.1" 200 86619
222.69.136.74 - - [13/Nov/2020:08:58:50 +0800] "GET /favicon.ico HTTP/1.1" 404 -
180.162.245.190 - - [13/Nov/2020:08:58:50 +0800] "POST /xingrg/kc/buy/cgsh_order_operate.html HTTP/1.1" 200 3835
180.162.245.190 - - [13/Nov/2020:08:58:52 +0800] "GET /xingrg/all/function/internal_message.html?_=1605229133928&CODE_STATE=getMsg HTTP/1.1" 200 27
117.131.5.26 - - [13/Nov/2020:08:58:52 +0800] "GET /xingrg/all/function/internal_message.html?_=1605229438734&CODE_STATE=getMsg HTTP/1.1" 200 27
222.69.136.74 - - [13/Nov/2020:08:58:53 +0800] "GET /xingrg/all/function/internal_message.html?_=1605229127634&CODE_STATE=getMsg HTTP/1.1" 200 27
172.17.0.185 - - [13/Nov/2020:08:58:55 +0800] "GET /xingrg/all/function/internal_message.html?_=1605229131005&CODE_STATE=getMsg HTTP/1.1" 200 27
116.228.172.94 - - [13/Nov/2020:08:59:01 +0800] "GET /xingrg/kc/buy/cgsh_order_operate.html?command=get_materiel&rest_code=00107&code=00101008357&supplier_code=00100006&order_time=2020-11-13 HTTP/1.1" 200 408
116.228.172.94 - - [13/Nov/2020:08:59:06 +0800] "GET /xingrg/all/function/internal_message.html?_=1605229136406&CODE_STATE=getMsg HTTP/1.1" 200 27
