180.174.56.115 - - [09/Nov/2020:09:42:52 +0800] "GET /xingrg/kc/buy/cgsh_order_info.html?code=212020110903503 HTTP/1.1" 200 55458
180.174.56.115 - - [09/Nov/2020:09:42:52 +0800] "GET /xingrg/javascript/easyui/themes/default/validatebox.css HTTP/1.1" 404 1104
180.174.56.115 - - [09/Nov/2020:09:42:52 +0800] "POST /xingrg/kc/buy/cgsh_order_operate.html HTTP/1.1" 200 1191
180.174.56.115 - - [09/Nov/2020:09:42:54 +0800] "GET /xingrg/kc/print/load_data.html?order_code=212020110903503&kc_code=cgsh&condition= HTTP/1.1" 200 1025
180.152.243.105 - - [09/Nov/2020:09:42:55 +0800] "GET /xingrg/all/function/internal_message.html?_=1604886397017&CODE_STATE=getMsg HTTP/1.1" 200 27
180.157.253.48 - - [09/Nov/2020:09:42:56 +0800] "GET /xingrg/kc/buy/cgsh_order_operate.html?command=get_materiel&rest_code=00148&code=00101008356&supplier_code=00100007&order_time=2020-11-09 HTTP/1.1" 200 408
120.253.135.82 - - [09/Nov/2020:09:42:57 +0800] "GET /xingrg/all/function/internal_message.html?_=1604885924271&CODE_STATE=getMsg HTTP/1.1" 200 27
58.40.7.146 - - [09/Nov/2020:09:42:57 +0800] "GET /xingrg/check_reg.html?_=1604886177383 HTTP/1.1" 200 22
116.232.54.201 - - [09/Nov/2020:09:43:00 +0800] "GET /xingrg/all/function/internal_message.html?_=1604886210906&CODE_STATE=getMsg HTTP/1.1" 200 27
124.77.237.88 - - [09/Nov/2020:09:43:00 +0800] "GET /xingrg/kc/buy/cgsh_order_operate.html?command=get_materiel&rest_code=00107&code=00101008358&supplier_code=00100006&order_time=2020-11-09 HTTP/1.1" 200 412
180.174.56.115 - - [09/Nov/2020:09:43:03 +0800] "GET /xingrg/all/function/internal_message.html?_=1604886183261&CODE_STATE=getMsg HTTP/1.1" 200 27
124.77.237.88 - - [09/Nov/2020:09:43:09 +0800] "GET /xingrg/all/function/internal_message.html?_=1604886187769&CODE_STATE=getMsg HTTP/1.1" 200 27
124.77.237.88 - - [09/Nov/2020:09:43:09 +0800] "GET /xingrg/kc/buy/cgsh_order_operate.html?command=get_materiel&rest_code=00107&code=00101008264&supplier_code=00100006&order_time=2020-11-09 HTTP/1.1" 200 412
114.84.37.38 - - [09/Nov/2020:09:43:10 +0800] "GET /xingrg/all/function/internal_message.html?_=1604886195788&CODE_STATE=getMsg HTTP/1.1" 200 27
124.77.237.88 - - [09/Nov/2020:09:43:12 +0800] "POST /xingrg/kc/buy/cgsh_order_operate.html HTTP/1.1" 200 2065
180.157.253.48 - - [09/Nov/2020:09:43:18 +0800] "GET /xingrg/all/function/internal_message.html?_=1604886199620&CODE_STATE=getMsg HTTP/1.1" 200 27
124.77.237.88 - - [09/Nov/2020:09:43:19 +0800] "GET /xingrg/kc/buy/cgsh_order_operate.html?command=get_materiel&rest_code=00107&code=00101009030&supplier_code=00100006&order_time=2020-11-09 HTTP/1.1" 200 412
117.184.7.26 - - [09/Nov/2020:09:43:25 +0800] "GET /xingrg/all/function/internal_message.html?_=1604887188890&CODE_STATE=getMsg HTTP/1.1" 200 27
114.88.166.242 - - [09/Nov/2020:09:43:28 +0800] "GET /xingrg/all/function/internal_message.html?_=1604886312403&CODE_STATE=getMsg HTTP/1.1" 200 27
124.77.237.88 - - [09/Nov/2020:09:43:30 +0800] "GET /xingrg/kc/buy/cgsh_order_operate.html?command=get_materiel&rest_code=00107&code=00101008176&supplier_code=00100006&order_time=2020-11-09 HTTP/1.1" 200 412
117.185.32.26 - - [09/Nov/2020:09:43:35 +0800] "GET /xingrg/all/function/internal_message.html?_=1604886636278&CODE_STATE=getMsg HTTP/1.1" 200 27
172.17.200.101 - - [09/Nov/2020:09:43:37 +0800] "GET /xingrg/all/function/internal_message.html?_=1604886219930&CODE_STATE=getMsg HTTP/1.1" 200 27
172.17.200.101 - - [09/Nov/2020:09:43:37 +0800] "GET /xingrg/check_reg.html?_=1604886219934 HTTP/1.1" 200 22
172.17.0.101 - - [09/Nov/2020:09:43:40 +0800] "GET /xingrg/all/function/internal_message.html?_=1604886221077&CODE_STATE=getMsg HTTP/1.1" 200 27
180.174.56.115 - - [09/Nov/2020:09:43:40 +0800] "GET /xingrg/all/function/internal_message.html?_=1604886177139&CODE_STATE=getMsg HTTP/1.1" 200 27
180.152.243.105 - - [09/Nov/2020:09:43:41 +0800] "GET /xingrg/check_reg.html?_=1604886443880 HTTP/1.1" 200 22
124.77.237.88 - - [09/Nov/2020:09:43:43 +0800] "GET /xingrg/kc/buy/cgsh_order_operate.html?command=get_materiel&rest_code=00107&code=00101008323&supplier_code=00100006&order_time=2020-11-09 HTTP/1.1" 200 408
114.88.166.242 - - [09/Nov/2020:09:43:46 +0800] "GET /xingrg/all/function/internal_message.html?_=1604886223726&CODE_STATE=getMsg HTTP/1.1" 200 27
58.40.7.146 - - [09/Nov/2020:09:43:46 +0800] "GET /xingrg/all/function/internal_message.html?_=1604886226323&CODE_STATE=getMsg HTTP/1.1" 200 27
58.40.7.146 - - [09/Nov/2020:09:43:46 +0800] "GET /xingrg/check_reg.html?_=1604886226325 HTTP/1.1" 200 22
172.17.0.100 - - [09/Nov/2020:09:43:47 +0800] "GET /xingrg/check_reg.html?_=1604886262753 HTTP/1.1" 200 22
172.17.0.100 - - [09/Nov/2020:09:43:47 +0800] "GET /xingrg/all/function/internal_message.html?_=1604886262744&CODE_STATE=getMsg HTTP/1.1" 200 27
180.162.245.190 - - [09/Nov/2020:09:43:47 +0800] "GET /xingrg/all/function/internal_message.html?_=1604886228944&CODE_STATE=getMsg HTTP/1.1" 200 27
180.162.245.190 - - [09/Nov/2020:09:43:47 +0800] "GET /xingrg/check_reg.html?_=1604886228946 HTTP/1.1" 200 22
180.174.56.115 - - [09/Nov/2020:09:43:48 +0800] "POST /xingrg/all/user/operate.html HTTP/1.1" 200 36
180.174.56.115 - - [09/Nov/2020:09:43:48 +0800] "GET /xingrg/index.html?sysBaseUrl=http%3A%2F%2F180.169.147.146%3A18081%2Fxingrg%2F&costTime=44×tamp=1604885673854 HTTP/1.1" 200 17177
180.174.56.115 - - [09/Nov/2020:09:43:48 +0800] "GET /xingrg/javascript/jquery_easy_ui/themes/default/easyui.css HTTP/1.1" 304 -
180.174.56.115 - - [09/Nov/2020:09:43:48 +0800] "GET /xingrg/javascript/jquery_easy_ui/themes/icon.css HTTP/1.1" 304 -
180.174.56.115 - - [09/Nov/2020:09:43:48 +0800] "GET /xingrg/css/form.css HTTP/1.1" 304 -
180.174.56.115 - - [09/Nov/2020:09:43:48 +0800] "GET /xingrg/javascript/jquery-1.4.2.min.js HTTP/1.1" 304 -
180.174.56.115 - - [09/Nov/2020:09:43:48 +0800] "GET /xingrg/javascript/jquery_easy_ui/jquery.easyui.min.js HTTP/1.1" 304 -
180.174.56.115 - - [09/Nov/2020:09:43:48 +0800] "GET /xingrg/javascript/jquery_easy_ui/easyui-lang-zh_CN.js HTTP/1.1" 304 -
180.174.56.115 - - [09/Nov/2020:09:43:48 +0800] "GET /xingrg/javascript/jquery.form.js HTTP/1.1" 304 -
180.174.56.115 - - [09/Nov/2020:09:43:48 +0800] "GET /xingrg/javascript/jquery.utils.js HTTP/1.1" 304 -
180.174.56.115 - - [09/Nov/2020:09:43:48 +0800] "GET /xingrg/javascript/jquery.timers.js HTTP/1.1" 304 -
180.174.56.115 - - [09/Nov/2020:09:43:48 +0800] "GET /xingrg/images/blue/jxLogo.png HTTP/1.1" 304 -
180.174.56.115 - - [09/Nov/2020:09:43:48 +0800] "GET /xingrg/images/blue/navBackgound.jpg HTTP/1.1" 304 -
180.174.56.115 - - [09/Nov/2020:09:43:48 +0800] "GET /xingrg/javascript/jquery_easy_ui/themes/icons/settle_new.png HTTP/1.1" 304 -
180.174.56.115 - - [09/Nov/2020:09:43:48 +0800] "GET /xingrg/images/blue/pingpu.png HTTP/1.1" 304 -
180.174.56.115 - - [09/Nov/2020:09:43:48 +0800] "POST /xingrg/all/common/load_tree.html?tree=area_rest_tree_json&manage=1 HTTP/1.1" 200 476
180.174.56.115 - - [09/Nov/2020:09:43:48 +0800] "GET /xingrg/javascript/jquery_easy_ui/themes/default/images/tabs_leftarrow.png HTTP/1.1" 304 -
180.174.56.115 - - [09/Nov/2020:09:43:48 +0800] "GET /xingrg/javascript/jquery_easy_ui/themes/default/images/tabs_rightarrow.png HTTP/1.1" 304 -
180.174.56.115 - - [09/Nov/2020:09:43:48 +0800] "GET /xingrg/javascript/jquery_easy_ui/themes/default/images/panel_tool_collapse.gif HTTP/1.1" 304 -
180.174.56.115 - - [09/Nov/2020:09:43:48 +0800] "GET /xingrg/all/function/internal_message.html?_=1604886185457&CODE_STATE=count HTTP/1.1" 200 11
180.174.56.115 - - [09/Nov/2020:09:43:48 +0800] "GET /xingrg/check_reg.html?_=1604886185458 HTTP/1.1" 200 22
180.174.56.115 - - [09/Nov/2020:09:43:48 +0800] "POST /xingrg/load_menu.html HTTP/1.1" 200 5138
180.157.253.48 - - [09/Nov/2020:09:43:51 +0800] "POST /xingrg/kc/buy/cgsh_order_operate.html HTTP/1.1" 200 2065
180.174.56.115 - - [09/Nov/2020:09:43:54 +0800] "GET /xingrg/kc/buy/cgsh_order_list.html HTTP/1.1" 200 44879
180.152.243.105 - - [09/Nov/2020:09:43:55 +0800] "GET /xingrg/all/function/internal_message.html?_=1604886457026&CODE_STATE=getMsg HTTP/1.1" 200 27
180.174.56.115 - - [09/Nov/2020:09:43:55 +0800] "POST /xingrg/kc/buy/cgsh_list_operate.html HTTP/1.1" 200 1688
124.77.237.88 - - [09/Nov/2020:09:43:56 +0800] "GET /xingrg/kc/buy/cgsh_order_operate.html?command=get_materiel&rest_code=00107&code=00101008027&supplier_code=00100006&order_time=2020-11-09 HTTP/1.1" 200 408
120.253.135.82 - - [09/Nov/2020:09:43:57 +0800] "GET /xingrg/all/function/internal_message.html?_=1604885984285&CODE_STATE=getMsg HTTP/1.1" 200 27
180.174.56.115 - - [09/Nov/2020:09:43:58 +0800] "GET /xingrg/kc/buy/cgsh_order_add.html HTTP/1.1" 200 60267
180.174.56.115 - - [09/Nov/2020:09:43:58 +0800] "POST /xingrg/kc/buy/cgsh_order_operate.html HTTP/1.1" 200 8245
180.174.56.115 - - [09/Nov/2020:09:43:58 +0800] "GET /xingrg/all/common/auto_word.html?type=employee&rest_code=00151 HTTP/1.1" 200 243
180.174.56.115 - - [09/Nov/2020:09:43:58 +0800] "GET /xingrg/all/common/auto_word.html?type=employee&rest_code=00151 HTTP/1.1" 200 243
180.174.56.115 - - [09/Nov/2020:09:43:58 +0800] "GET /xingrg/javascript/easyui/themes/default/validatebox.css HTTP/1.1" 404 1104
116.232.54.201 - - [09/Nov/2020:09:43:59 +0800] "GET /xingrg/all/function/internal_message.html?_=1604886270906&CODE_STATE=getMsg HTTP/1.1" 200 27
180.174.56.115 - - [09/Nov/2020:09:44:00 +0800] "GET /xingrg/javascript/auto/indicator.gif HTTP/1.1" 404 1066
180.157.253.48 - - [09/Nov/2020:09:44:01 +0800] "GET /xingrg/kc/buy/cgsh_order_operate.html?command=get_materiel&rest_code=00148&code=00101008213&supplier_code=00100007&order_time=2020-11-09 HTTP/1.1" 200 412
180.174.56.115 - - [09/Nov/2020:09:44:04 +0800] "GET /xingrg/all/function/internal_message.html?_=1604886243321&CODE_STATE=getMsg HTTP/1.1" 200 27
124.77.237.88 - - [09/Nov/2020:09:44:08 +0800] "GET /xingrg/kc/buy/cgsh_order_operate.html?command=get_materiel&rest_code=00107&code=00101008112&supplier_code=00100006&order_time=2020-11-09 HTTP/1.1" 200 414
124.77.237.88 - - [09/Nov/2020:09:44:09 +0800] "GET /xingrg/all/function/internal_message.html?_=1604886247745&CODE_STATE=getMsg HTTP/1.1" 200 27
114.84.37.38 - - [09/Nov/2020:09:44:10 +0800] "GET /xingrg/all/function/internal_message.html?_=1604886256321&CODE_STATE=getMsg HTTP/1.1" 200 27
180.174.56.115 - - [09/Nov/2020:09:44:11 +0800] "GET /xingrg/kc/buy/cgsh_order_operate.html?command=get_materiel&rest_code=00151&code=00101009053&supplier_code=00100424&order_time=2020-11-09 HTTP/1.1" 200 408
180.157.253.48 - - [09/Nov/2020:09:44:18 +0800] "GET /xingrg/all/function/internal_message.html?_=1604886259591&CODE_STATE=getMsg HTTP/1.1" 200 27
117.184.7.26 - - [09/Nov/2020:09:44:25 +0800] "GET /xingrg/all/function/internal_message.html?_=1604887248893&CODE_STATE=getMsg HTTP/1.1" 200 27
124.77.237.88 - - [09/Nov/2020:09:44:26 +0800] "GET /xingrg/kc/buy/cgsh_order_operate.html?command=get_materiel&rest_code=00107&code=00101008298&supplier_code=00100006&order_time=2020-11-09 HTTP/1.1" 200 431
114.88.166.242 - - [09/Nov/2020:09:44:28 +0800] "GET /xingrg/all/function/internal_message.html?_=1604886372399&CODE_STATE=getMsg HTTP/1.1" 200 27
124.77.237.88 - - [09/Nov/2020:09:44:30 +0800] "POST /xingrg/kc/buy/cgsh_order_operate.html HTTP/1.1" 200 2065
180.174.56.115 - - [09/Nov/2020:09:44:32 +0800] "POST /xingrg/kc/buy/cgsh_order_operate.html HTTP/1.1" 200 37
180.174.56.115 - - [09/Nov/2020:09:44:34 +0800] "POST /xingrg/kc/buy/cgsh_order_operate.html HTTP/1.1" 200 12
180.174.56.115 - - [09/Nov/2020:09:44:34 +0800] "GET /xingrg/kc/buy/cgsh_order_info.html?code=212020110903480 HTTP/1.1" 200 55158
117.185.32.26 - - [09/Nov/2020:09:44:35 +0800] "GET /xingrg/all/function/internal_message.html?_=1604886696292&CODE_STATE=getMsg HTTP/1.1" 200 27
180.174.56.115 - - [09/Nov/2020:09:44:35 +0800] "GET /xingrg/javascript/easyui/themes/default/validatebox.css HTTP/1.1" 404 1104
180.174.56.115 - - [09/Nov/2020:09:44:35 +0800] "POST /xingrg/kc/buy/cgsh_order_operate.html HTTP/1.1" 200 23889
172.17.200.101 - - [09/Nov/2020:09:44:37 +0800] "GET /xingrg/all/function/internal_message.html?_=1604886279934&CODE_STATE=getMsg HTTP/1.1" 200 27
180.174.56.115 - - [09/Nov/2020:09:44:37 +0800] "GET /xingrg/kc/print/load_data.html?order_code=212020110903480&kc_code=cgsh&condition= HTTP/1.1" 200 9702
124.77.237.88 - - [09/Nov/2020:09:44:39 +0800] "GET /xingrg/kc/buy/cgsh_order_operate.html?command=get_materiel&rest_code=00107&code=00101008096&supplier_code=00100006&order_time=2020-11-09 HTTP/1.1" 200 413
172.17.0.101 - - [09/Nov/2020:09:44:40 +0800] "GET /xingrg/all/function/internal_message.html?_=1604886281081&CODE_STATE=getMsg HTTP/1.1" 200 27
114.88.166.242 - - [09/Nov/2020:09:44:46 +0800] "GET /xingrg/all/function/internal_message.html?_=1604886283734&CODE_STATE=getMsg HTTP/1.1" 200 27
58.40.7.146 - - [09/Nov/2020:09:44:46 +0800] "GET /xingrg/all/function/internal_message.html?_=1604886286326&CODE_STATE=getMsg HTTP/1.1" 200 27
172.17.0.100 - - [09/Nov/2020:09:44:47 +0800] "GET /xingrg/all/function/internal_message.html?_=1604886322739&CODE_STATE=getMsg HTTP/1.1" 200 27
180.162.245.190 - - [09/Nov/2020:09:44:47 +0800] "GET /xingrg/all/function/internal_message.html?_=1604886288946&CODE_STATE=getMsg HTTP/1.1" 200 27
180.174.56.115 - - [09/Nov/2020:09:44:48 +0800] "GET /xingrg/all/function/internal_message.html?_=1604886245471&CODE_STATE=getMsg HTTP/1.1" 200 27
124.77.237.88 - - [09/Nov/2020:09:44:52 +0800] "GET /xingrg/kc/buy/cgsh_order_operate.html?command=get_materiel&rest_code=00107&code=00101008038&supplier_code=00100006&order_time=2020-11-09 HTTP/1.1" 200 413
180.152.243.105 - - [09/Nov/2020:09:44:55 +0800] "GET /xingrg/all/function/internal_message.html?_=1604886517039&CODE_STATE=getMsg HTTP/1.1" 200 27
120.253.135.82 - - [09/Nov/2020:09:44:57 +0800] "GET /xingrg/all/function/internal_message.html?_=1604886044310&CODE_STATE=getMsg HTTP/1.1" 200 27
116.232.54.201 - - [09/Nov/2020:09:44:58 +0800] "GET /xingrg/check_reg.html?_=1604886330875 HTTP/1.1" 200 22
116.232.54.201 - - [09/Nov/2020:09:44:58 +0800] "GET /xingrg/all/function/internal_message.html?_=1604886330906&CODE_STATE=getMsg HTTP/1.1" 200 27
180.174.56.115 - - [09/Nov/2020:09:45:04 +0800] "GET /xingrg/all/function/internal_message.html?_=1604886303309&CODE_STATE=getMsg HTTP/1.1" 200 27
124.77.237.88 - - [09/Nov/2020:09:45:09 +0800] "GET /xingrg/all/function/internal_message.html?_=1604886307746&CODE_STATE=getMsg HTTP/1.1" 200 27
114.84.37.38 - - [09/Nov/2020:09:45:10 +0800] "GET /xingrg/all/function/internal_message.html?_=1604886316330&CODE_STATE=getMsg HTTP/1.1" 200 27
180.157.253.48 - - [09/Nov/2020:09:45:19 +0800] "GET /xingrg/all/function/internal_message.html?_=1604886319699&CODE_STATE=getMsg HTTP/1.1" 200 27
180.157.253.48 - - [09/Nov/2020:09:45:20 +0800] "GET /xingrg/kc/buy/cgsh_order_operate.html?command=get_materiel&rest_code=00148&code=00101008188&supplier_code=00100007&order_time=2020-11-09 HTTP/1.1" 200 412
117.184.7.26 - - [09/Nov/2020:09:45:25 +0800] "GET /xingrg/check_reg.html?_=1604887308892 HTTP/1.1" 200 22
117.184.7.26 - - [09/Nov/2020:09:45:25 +0800] "GET /xingrg/all/function/internal_message.html?_=1604887308897&CODE_STATE=getMsg HTTP/1.1" 200 27
124.77.237.88 - - [09/Nov/2020:09:45:25 +0800] "GET /xingrg/kc/buy/cgsh_order_operate.html?command=get_materiel&rest_code=00107&code=00101008283&supplier_code=00100006&order_time=2020-11-09 HTTP/1.1" 200 408
114.88.166.242 - - [09/Nov/2020:09:45:28 +0800] "GET /xingrg/all/function/internal_message.html?_=1604886432399&CODE_STATE=getMsg HTTP/1.1" 200 27
180.157.253.48 - - [09/Nov/2020:09:45:34 +0800] "GET /xingrg/kc/buy/cgsh_order_operate.html?command=get_materiel&rest_code=00148&code=00101008519&supplier_code=00100007&order_time=2020-11-09 HTTP/1.1" 200 395
117.185.32.26 - - [09/Nov/2020:09:45:35 +0800] "GET /xingrg/check_reg.html?_=1604886756291 HTTP/1.1" 200 22
117.185.32.26 - - [09/Nov/2020:09:45:35 +0800] "GET /xingrg/all/function/internal_message.html?_=1604886756297&CODE_STATE=getMsg HTTP/1.1" 200 27
172.17.200.101 - - [09/Nov/2020:09:45:37 +0800] "GET /xingrg/all/function/internal_message.html?_=1604886339936&CODE_STATE=getMsg HTTP/1.1" 200 27
172.17.0.101 - - [09/Nov/2020:09:45:40 +0800] "GET /xingrg/check_reg.html?_=1604886341087 HTTP/1.1" 200 22
172.17.0.101 - - [09/Nov/2020:09:45:40 +0800] "GET /xingrg/all/function/internal_message.html?_=1604886341089&CODE_STATE=getMsg HTTP/1.1" 200 27
124.77.237.88 - - [09/Nov/2020:09:45:41 +0800] "GET /xingrg/kc/buy/cgsh_order_operate.html?command=get_materiel&rest_code=00107&code=00101008224&supplier_code=00100006&order_time=2020-11-09 HTTP/1.1" 200 416
124.77.237.88 - - [09/Nov/2020:09:45:44 +0800] "POST /xingrg/kc/buy/cgsh_order_operate.html HTTP/1.1" 200 2065
114.88.166.242 - - [09/Nov/2020:09:45:46 +0800] "GET /xingrg/all/function/internal_message.html?_=1604886343799&CODE_STATE=getMsg HTTP/1.1" 200 27
58.40.7.146 - - [09/Nov/2020:09:45:46 +0800] "GET /xingrg/all/function/internal_message.html?_=1604886346329&CODE_STATE=getMsg HTTP/1.1" 200 27
172.17.0.100 - - [09/Nov/2020:09:45:47 +0800] "GET /xingrg/all/function/internal_message.html?_=1604886382745&CODE_STATE=getMsg HTTP/1.1" 200 27
180.162.245.190 - - [09/Nov/2020:09:45:47 +0800] "GET /xingrg/all/function/internal_message.html?_=1604886348935&CODE_STATE=getMsg HTTP/1.1" 200 27
180.174.56.115 - - [09/Nov/2020:09:45:48 +0800] "GET /xingrg/all/function/internal_message.html?_=1604886305477&CODE_STATE=getMsg HTTP/1.1" 200 27
124.77.237.88 - - [09/Nov/2020:09:45:50 +0800] "GET /xingrg/kc/buy/cgsh_order_operate.html?command=get_materiel&rest_code=00107&code=00101008242&supplier_code=00100006&order_time=2020-11-09 HTTP/1.1" 200 408
180.152.243.105 - - [09/Nov/2020:09:45:55 +0800] "GET /xingrg/all/function/internal_message.html?_=1604886577686&CODE_STATE=getMsg HTTP/1.1" 200 27
116.232.54.201 - - [09/Nov/2020:09:45:57 +0800] "GET /xingrg/all/function/internal_message.html?_=1604886390906&CODE_STATE=getMsg HTTP/1.1" 200 27
120.253.135.82 - - [09/Nov/2020:09:45:57 +0800] "GET /xingrg/all/function/internal_message.html?_=1604886104311&CODE_STATE=getMsg HTTP/1.1" 200 27
124.77.237.88 - - [09/Nov/2020:09:45:59 +0800] "GET /xingrg/kc/buy/cgsh_order_operate.html?command=get_materiel&rest_code=00107&code=00101008003&supplier_code=00100006&order_time=2020-11-09 HTTP/1.1" 200 408
180.174.56.115 - - [09/Nov/2020:09:46:04 +0800] "GET /xingrg/check_reg.html?_=1604886363276 HTTP/1.1" 200 22
180.174.56.115 - - [09/Nov/2020:09:46:04 +0800] "GET /xingrg/all/function/internal_message.html?_=1604886363282&CODE_STATE=getMsg HTTP/1.1" 200 27
124.77.237.88 - - [09/Nov/2020:09:46:09 +0800] "GET /xingrg/all/function/internal_message.html?_=1604886367883&CODE_STATE=getMsg HTTP/1.1" 200 27
124.77.237.88 - - [09/Nov/2020:09:46:09 +0800] "GET /xingrg/check_reg.html?_=1604886367901 HTTP/1.1" 200 22
114.88.166.242 - - [09/Nov/2020:09:46:09 +0800] "GET /xingrg/check_reg.html?_=1604886367339 HTTP/1.1" 200 22
124.77.237.88 - - [09/Nov/2020:09:46:11 +0800] "GET /xingrg/kc/buy/cgsh_order_operate.html?command=get_materiel&rest_code=00107&code=00101008141&supplier_code=00100006&order_time=2020-11-09 HTTP/1.1" 200 412
114.84.37.38 - - [09/Nov/2020:09:46:11 +0800] "GET /xingrg/all/function/internal_message.html?_=1604886376874&CODE_STATE=getMsg HTTP/1.1" 200 27
180.157.253.48 - - [09/Nov/2020:09:46:19 +0800] "GET /xingrg/all/function/internal_message.html?_=1604886379685&CODE_STATE=getMsg HTTP/1.1" 200 27
124.77.237.88 - - [09/Nov/2020:09:46:24 +0800] "POST /xingrg/kc/buy/cgsh_order_operate.html HTTP/1.1" 200 37
117.184.7.26 - - [09/Nov/2020:09:46:25 +0800] "GET /xingrg/all/function/internal_message.html?_=1604887368882&CODE_STATE=getMsg HTTP/1.1" 200 27
180.174.56.115 - - [09/Nov/2020:09:46:25 +0800] "GET /xingrg/kc/buy/cgsh_order_list.html HTTP/1.1" 200 44879
124.77.237.88 - - [09/Nov/2020:09:46:25 +0800] "POST /xingrg/kc/buy/cgsh_order_operate.html HTTP/1.1" 200 20979
180.174.56.115 - - [09/Nov/2020:09:46:26 +0800] "POST /xingrg/kc/buy/cgsh_list_operate.html HTTP/1.1" 200 876
114.88.166.242 - - [09/Nov/2020:09:46:28 +0800] "GET /xingrg/all/function/internal_message.html?_=1604886492399&CODE_STATE=getMsg HTTP/1.1" 200 27
180.157.253.48 - - [09/Nov/2020:09:46:32 +0800] "POST /xingrg/kc/buy/cgsh_order_operate.html HTTP/1.1" 200 37
180.157.253.48 - - [09/Nov/2020:09:46:34 +0800] "POST /xingrg/kc/buy/cgsh_order_operate.html HTTP/1.1" 200 18009
117.185.32.26 - - [09/Nov/2020:09:46:35 +0800] "GET /xingrg/all/function/internal_message.html?_=1604886816308&CODE_STATE=getMsg HTTP/1.1" 200 27
172.17.200.101 - - [09/Nov/2020:09:46:37 +0800] "GET /xingrg/all/function/internal_message.html?_=1604886399934&CODE_STATE=getMsg HTTP/1.1" 200 27
172.17.0.101 - - [09/Nov/2020:09:46:40 +0800] "GET /xingrg/all/function/internal_message.html?_=1604886401079&CODE_STATE=getMsg HTTP/1.1" 200 27
114.88.166.242 - - [09/Nov/2020:09:46:46 +0800] "GET /xingrg/all/function/internal_message.html?_=1604886403807&CODE_STATE=getMsg HTTP/1.1" 200 27
58.40.7.146 - - [09/Nov/2020:09:46:46 +0800] "GET /xingrg/all/function/internal_message.html?_=1604886406331&CODE_STATE=getMsg HTTP/1.1" 200 27
172.17.0.100 - - [09/Nov/2020:09:46:47 +0800] "GET /xingrg/all/function/internal_message.html?_=1604886442736&CODE_STATE=getMsg HTTP/1.1" 200 27
180.162.245.190 - - [09/Nov/2020:09:46:47 +0800] "GET /xingrg/all/function/internal_message.html?_=1604886408936&CODE_STATE=getMsg HTTP/1.1" 200 27
180.174.56.115 - - [09/Nov/2020:09:46:48 +0800] "GET /xingrg/all/function/internal_message.html?_=1604886365491&CODE_STATE=getMsg HTTP/1.1" 200 27
180.152.243.105 - - [09/Nov/2020:09:46:55 +0800] "GET /xingrg/all/function/internal_message.html?_=1604886637689&CODE_STATE=getMsg HTTP/1.1" 200 27
116.232.54.201 - - [09/Nov/2020:09:46:55 +0800] "GET /xingrg/all/function/internal_message.html?_=1604886450906&CODE_STATE=getMsg HTTP/1.1" 200 27
120.253.135.82 - - [09/Nov/2020:09:46:57 +0800] "GET /xingrg/check_reg.html?_=1604886164199 HTTP/1.1" 200 22
120.253.135.82 - - [09/Nov/2020:09:46:57 +0800] "GET /xingrg/all/function/internal_message.html?_=1604886164325&CODE_STATE=getMsg HTTP/1.1" 200 27
180.174.56.115 - - [09/Nov/2020:09:47:00 +0800] "GET /xingrg/kc/buy/cgsh_order_operate.html?command=get_materiel&rest_code=00151&code=00101009011&supplier_code=00100424&order_time=2020-11-09 HTTP/1.1" 200 416
114.84.37.38 - - [09/Nov/2020:09:47:02 +0800] "GET /xingrg/check_reg.html?_=1604886427935 HTTP/1.1" 200 22
117.131.5.26 - - [09/Nov/2020:09:47:03 +0800] "GET /favicon.ico HTTP/1.1" 404 -
180.174.56.115 - - [09/Nov/2020:09:47:04 +0800] "GET /xingrg/all/function/internal_message.html?_=1604886423288&CODE_STATE=getMsg HTTP/1.1" 200 27
124.77.237.88 - - [09/Nov/2020:09:47:05 +0800] "GET /xingrg/kc/buy/cgsh_order_operate.html?command=get_materiel&rest_code=00107&code=00101008126&supplier_code=00100006&order_time=2020-11-09 HTTP/1.1" 200 412
124.77.237.88 - - [09/Nov/2020:09:47:09 +0800] "GET /xingrg/all/function/internal_message.html?_=1604886428033&CODE_STATE=getMsg HTTP/1.1" 200 27
180.157.253.48 - - [09/Nov/2020:09:47:09 +0800] "GET /xingrg/kc/buy/cgsh_order_operate.html?command=get_materiel&rest_code=00148&code=00101008233&supplier_code=00100007&order_time=2020-11-09 HTTP/1.1" 200 427
180.174.56.115 - - [09/Nov/2020:09:47:10 +0800] "GET /xingrg/kc/buy/cgsh_order_operate.html?command=get_materiel&rest_code=00151&code=00101009088&supplier_code=00100424&order_time=2020-11-09 HTTP/1.1" 200 391
114.84.37.38 - - [09/Nov/2020:09:47:11 +0800] "GET /xingrg/all/function/internal_message.html?_=1604886436890&CODE_STATE=getMsg HTTP/1.1" 200 27
180.157.253.48 - - [09/Nov/2020:09:47:18 +0800] "GET /xingrg/check_reg.html?_=1604886439467 HTTP/1.1" 200 22
180.174.56.115 - - [09/Nov/2020:09:47:18 +0800] "GET /xingrg/kc/buy/cgsh_order_operate.html?command=get_materiel&rest_code=00151&code=00101009046&supplier_code=00100424&order_time=2020-11-09 HTTP/1.1" 200 408
180.157.253.48 - - [09/Nov/2020:09:47:19 +0800] "GET /xingrg/all/function/internal_message.html?_=1604886439719&CODE_STATE=getMsg HTTP/1.1" 200 27
124.77.237.88 - - [09/Nov/2020:09:47:22 +0800] "GET /xingrg/kc/buy/cgsh_order_operate.html?command=get_materiel&rest_code=00107&code=00101008067&supplier_code=00100006&order_time=2020-11-09 HTTP/1.1" 200 416
117.184.7.26 - - [09/Nov/2020:09:47:25 +0800] "GET /xingrg/all/function/internal_message.html?_=1604887428909&CODE_STATE=getMsg HTTP/1.1" 200 27
114.88.166.242 - - [09/Nov/2020:09:47:28 +0800] "GET /xingrg/check_reg.html?_=1604886552400 HTTP/1.1" 200 22
114.88.166.242 - - [09/Nov/2020:09:47:28 +0800] "GET /xingrg/all/function/internal_message.html?_=1604886552398&CODE_STATE=getMsg HTTP/1.1" 200 27
117.185.32.26 - - [09/Nov/2020:09:47:35 +0800] "GET /xingrg/all/function/internal_message.html?_=1604886876306&CODE_STATE=getMsg HTTP/1.1" 200 27
124.77.237.88 - - [09/Nov/2020:09:47:36 +0800] "GET /xingrg/kc/buy/cgsh_order_operate.html?command=get_materiel&rest_code=00107&code=00101008356&supplier_code=00100006&order_time=2020-11-09 HTTP/1.1" 200 408
172.17.200.101 - - [09/Nov/2020:09:47:37 +0800] "GET /xingrg/all/function/internal_message.html?_=1604886459938&CODE_STATE=getMsg HTTP/1.1" 200 27
172.17.0.101 - - [09/Nov/2020:09:47:40 +0800] "GET /xingrg/all/function/internal_message.html?_=1604886461109&CODE_STATE=getMsg HTTP/1.1" 200 27
114.88.166.242 - - [09/Nov/2020:09:47:46 +0800] "GET /xingrg/all/function/internal_message.html?_=1604886463822&CODE_STATE=getMsg HTTP/1.1" 200 27
58.40.7.146 - - [09/Nov/2020:09:47:46 +0800] "GET /xingrg/all/function/internal_message.html?_=1604886466335&CODE_STATE=getMsg HTTP/1.1" 200 27
172.17.0.100 - - [09/Nov/2020:09:47:47 +0800] "GET /xingrg/all/function/internal_message.html?_=1604886502743&CODE_STATE=getMsg HTTP/1.1" 200 27
180.162.245.190 - - [09/Nov/2020:09:47:47 +0800] "GET /xingrg/all/function/internal_message.html?_=1604886468936&CODE_STATE=getMsg HTTP/1.1" 200 27
124.77.237.88 - - [09/Nov/2020:09:47:48 +0800] "GET /xingrg/kc/buy/cgsh_order_operate.html?command=get_materiel&rest_code=00107&code=00101008251&supplier_code=00100006&order_time=2020-11-09 HTTP/1.1" 200 408
180.174.56.115 - - [09/Nov/2020:09:47:48 +0800] "GET /xingrg/all/function/internal_message.html?_=1604886425505&CODE_STATE=getMsg HTTP/1.1" 200 27
124.77.237.88 - - [09/Nov/2020:09:47:50 +0800] "POST /xingrg/kc/buy/cgsh_order_operate.html HTTP/1.1" 200 2065
116.232.54.201 - - [09/Nov/2020:09:47:54 +0800] "GET /xingrg/all/function/internal_message.html?_=1604886510906&CODE_STATE=getMsg HTTP/1.1" 200 27
180.157.253.48 - - [09/Nov/2020:09:47:55 +0800] "GET /xingrg/kc/buy/cgsh_order_operate.html?command=get_materiel&rest_code=00148&code=00101008175&supplier_code=00100007&order_time=2020-11-09 HTTP/1.1" 200 412
180.152.243.105 - - [09/Nov/2020:09:47:56 +0800] "GET /xingrg/all/function/internal_message.html?_=1604886698366&CODE_STATE=getMsg HTTP/1.1" 200 27
124.77.237.88 - - [09/Nov/2020:09:47:57 +0800] "GET /xingrg/kc/buy/cgsh_order_operate.html?command=get_materiel&rest_code=00107&code=00101008415&supplier_code=00100006&order_time=2020-11-09 HTTP/1.1" 200 398
120.253.135.82 - - [09/Nov/2020:09:47:57 +0800] "GET /xingrg/all/function/internal_message.html?_=1604886224339&CODE_STATE=getMsg HTTP/1.1" 200 27
58.40.7.146 - - [09/Nov/2020:09:47:57 +0800] "GET /xingrg/check_reg.html?_=1604886477358 HTTP/1.1" 200 22
180.174.56.115 - - [09/Nov/2020:09:48:04 +0800] "GET /xingrg/all/function/internal_message.html?_=1604886483384&CODE_STATE=getMsg HTTP/1.1" 200 27
124.77.237.88 - - [09/Nov/2020:09:48:09 +0800] "GET /xingrg/all/function/internal_message.html?_=1604886488015&CODE_STATE=getMsg HTTP/1.1" 200 27
124.77.237.88 - - [09/Nov/2020:09:48:10 +0800] "GET /xingrg/kc/buy/cgsh_order_operate.html?command=get_materiel&rest_code=00107&code=00101008137&supplier_code=00100006&order_time=2020-11-09 HTTP/1.1" 200 408
114.84.37.38 - - [09/Nov/2020:09:48:11 +0800] "GET /xingrg/all/function/internal_message.html?_=1604886496902&CODE_STATE=getMsg HTTP/1.1" 200 27
180.174.56.115 - - [09/Nov/2020:09:48:13 +0800] "GET /xingrg/kc/buy/cgsh_order_operate.html?command=get_materiel&rest_code=00151&code=00101009047&supplier_code=00100424&order_time=2020-11-09 HTTP/1.1" 200 409
180.157.253.48 - - [09/Nov/2020:09:48:14 +0800] "GET /xingrg/kc/buy/cgsh_order_operate.html?command=get_materiel&rest_code=00148&code=00101008350&supplier_code=00100007&order_time=2020-11-09 HTTP/1.1" 200 408
180.157.253.48 - - [09/Nov/2020:09:48:19 +0800] "GET /xingrg/all/function/internal_message.html?_=1604886499700&CODE_STATE=getMsg HTTP/1.1" 200 27
180.157.253.48 - - [09/Nov/2020:09:48:21 +0800] "POST /xingrg/kc/buy/cgsh_order_operate.html HTTP/1.1" 200 2065
124.77.237.88 - - [09/Nov/2020:09:48:23 +0800] "GET /xingrg/kc/buy/cgsh_order_operate.html?command=get_materiel&rest_code=00107&code=00101008225&supplier_code=00100006&order_time=2020-11-09 HTTP/1.1" 200 416
117.184.7.26 - - [09/Nov/2020:09:48:25 +0800] "GET /xingrg/all/function/internal_message.html?_=1604887488924&CODE_STATE=getMsg HTTP/1.1" 200 27
180.174.56.115 - - [09/Nov/2020:09:48:28 +0800] "GET /xingrg/kc/buy/cgsh_order_operate.html?command=get_materiel&rest_code=00151&code=00101009020&supplier_code=00100424&order_time=2020-11-09 HTTP/1.1" 200 420
114.88.166.242 - - [09/Nov/2020:09:48:28 +0800] "GET /xingrg/all/function/internal_message.html?_=1604886612397&CODE_STATE=getMsg HTTP/1.1" 200 27
114.88.166.242 - - [09/Nov/2020:09:48:29 +0800] "GET /xingrg/kc/buy/cgsh_order_add.html HTTP/1.1" 200 60613
114.88.166.242 - - [09/Nov/2020:09:48:29 +0800] "POST /xingrg/kc/buy/cgsh_order_operate.html HTTP/1.1" 200 8245
114.88.166.242 - - [09/Nov/2020:09:48:29 +0800] "GET /xingrg/javascript/easyui/themes/default/validatebox.css HTTP/1.1" 404 1104
124.77.237.88 - - [09/Nov/2020:09:48:35 +0800] "GET /xingrg/kc/buy/cgsh_order_operate.html?command=get_materiel&rest_code=00107&code=00101008069&supplier_code=00100006&order_time=2020-11-09 HTTP/1.1" 200 412
117.185.32.26 - - [09/Nov/2020:09:48:35 +0800] "GET /xingrg/all/function/internal_message.html?_=1604886936305&CODE_STATE=getMsg HTTP/1.1" 200 27
114.88.166.242 - - [09/Nov/2020:09:48:35 +0800] "GET /xingrg/kc/buy/cgsh_order_operate.html?command=get_materiel&rest_code=00111&code=00101018019&supplier_code=00100042&order_time=2020-11-09 HTTP/1.1" 200 421
172.17.200.101 - - [09/Nov/2020:09:48:37 +0800] "GET /xingrg/check_reg.html?_=1604886519947 HTTP/1.1" 200 22
172.17.200.101 - - [09/Nov/2020:09:48:37 +0800] "GET /xingrg/all/function/internal_message.html?_=1604886519944&CODE_STATE=getMsg HTTP/1.1" 200 27
172.17.0.101 - - [09/Nov/2020:09:48:40 +0800] "GET /xingrg/all/function/internal_message.html?_=1604886521110&CODE_STATE=getMsg HTTP/1.1" 200 27
180.152.243.105 - - [09/Nov/2020:09:48:41 +0800] "GET /xingrg/check_reg.html?_=1604886743879 HTTP/1.1" 200 22
114.88.166.242 - - [09/Nov/2020:09:48:42 +0800] "GET /xingrg/kc/buy/cgsh_order_operate.html?command=get_materiel&rest_code=00111&code=00101003025&supplier_code=00100042&order_time=2020-11-09 HTTP/1.1" 200 409
180.174.56.115 - - [09/Nov/2020:09:48:42 +0800] "GET /xingrg/kc/buy/cgsh_order_operate.html?command=get_materiel&rest_code=00151&code=00101009041&supplier_code=00100424&order_time=2020-11-09 HTTP/1.1" 200 409
124.77.237.88 - - [09/Nov/2020:09:48:44 +0800] "POST /xingrg/kc/buy/cgsh_order_operate.html HTTP/1.1" 200 2065
114.88.166.242 - - [09/Nov/2020:09:48:46 +0800] "GET /xingrg/all/function/internal_message.html?_=1604886523876&CODE_STATE=getMsg HTTP/1.1" 200 27
58.40.7.146 - - [09/Nov/2020:09:48:46 +0800] "GET /xingrg/check_reg.html?_=1604886526321 HTTP/1.1" 200 22
58.40.7.146 - - [09/Nov/2020:09:48:46 +0800] "GET /xingrg/all/function/internal_message.html?_=1604886526323&CODE_STATE=getMsg HTTP/1.1" 200 27
172.17.0.100 - - [09/Nov/2020:09:48:47 +0800] "GET /xingrg/check_reg.html?_=1604886562767 HTTP/1.1" 200 22
172.17.0.100 - - [09/Nov/2020:09:48:47 +0800] "GET /xingrg/all/function/internal_message.html?_=1604886562759&CODE_STATE=getMsg HTTP/1.1" 200 27
180.162.245.190 - - [09/Nov/2020:09:48:47 +0800] "GET /xingrg/all/function/internal_message.html?_=1604886528935&CODE_STATE=getMsg HTTP/1.1" 200 27
180.162.245.190 - - [09/Nov/2020:09:48:47 +0800] "GET /xingrg/check_reg.html?_=1604886528937 HTTP/1.1" 200 22
180.174.56.115 - - [09/Nov/2020:09:48:48 +0800] "GET /xingrg/check_reg.html?_=1604886485461 HTTP/1.1" 200 22
180.174.56.115 - - [09/Nov/2020:09:48:48 +0800] "GET /xingrg/all/function/internal_message.html?_=1604886485519&CODE_STATE=getMsg HTTP/1.1" 200 27
114.88.166.242 - - [09/Nov/2020:09:48:49 +0800] "GET /xingrg/kc/buy/cgsh_order_operate.html?command=get_materiel&rest_code=00111&code=00101001060&supplier_code=00100042&order_time=2020-11-09 HTTP/1.1" 200 419
180.157.253.48 - - [09/Nov/2020:09:48:52 +0800] "POST /xingrg/kc/buy/cgsh_order_operate.html HTTP/1.1" 200 37
116.232.54.201 - - [09/Nov/2020:09:48:53 +0800] "GET /xingrg/all/function/internal_message.html?_=1604886570906&CODE_STATE=getMsg HTTP/1.1" 200 27
180.157.253.48 - - [09/Nov/2020:09:48:53 +0800] "POST /xingrg/kc/buy/cgsh_order_operate.html HTTP/1.1" 200 20946
180.152.243.105 - - [09/Nov/2020:09:48:56 +0800] "GET /xingrg/all/function/internal_message.html?_=1604886758372&CODE_STATE=getMsg HTTP/1.1" 200 27
180.174.56.115 - - [09/Nov/2020:09:48:56 +0800] "GET /xingrg/kc/buy/cgsh_order_operate.html?command=get_materiel&rest_code=00151&code=00101009013&supplier_code=00100424&order_time=2020-11-09 HTTP/1.1" 200 420
120.253.135.82 - - [09/Nov/2020:09:48:57 +0800] "GET /xingrg/all/function/internal_message.html?_=1604886284352&CODE_STATE=getMsg HTTP/1.1" 200 27
124.77.237.88 - - [09/Nov/2020:09:49:00 +0800] "GET /xingrg/kc/buy/cgsh_order_operate.html?command=get_materiel&rest_code=00107&code=00101008296&supplier_code=00100006&order_time=2020-11-09 HTTP/1.1" 200 416
180.174.56.115 - - [09/Nov/2020:09:49:04 +0800] "GET /xingrg/all/function/internal_message.html?_=1604886543284&CODE_STATE=getMsg HTTP/1.1" 200 27
114.88.166.242 - - [09/Nov/2020:09:49:04 +0800] "GET /xingrg/kc/buy/cgsh_order_operate.html?command=get_materiel&rest_code=00111&code=00101001111&supplier_code=00100042&order_time=2020-11-09 HTTP/1.1" 200 410
124.77.237.88 - - [09/Nov/2020:09:49:09 +0800] "GET /xingrg/all/function/internal_message.html?_=1604886547995&CODE_STATE=getMsg HTTP/1.1" 200 27
114.84.37.38 - - [09/Nov/2020:09:49:11 +0800] "GET /xingrg/all/function/internal_message.html?_=1604886556915&CODE_STATE=getMsg HTTP/1.1" 200 27
180.174.56.115 - - [09/Nov/2020:09:49:12 +0800] "GET /xingrg/kc/buy/cgsh_order_operate.html?command=get_materiel&rest_code=00151&code=00101009051&supplier_code=00100424&order_time=2020-11-09 HTTP/1.1" 200 409
114.88.166.242 - - [09/Nov/2020:09:49:13 +0800] "POST /xingrg/kc/buy/cgsh_order_operate.html HTTP/1.1" 200 37
114.88.166.242 - - [09/Nov/2020:09:49:14 +0800] "POST /xingrg/kc/buy/cgsh_order_operate.html HTTP/1.1" 200 5047
114.88.166.242 - - [09/Nov/2020:09:49:15 +0800] "GET /xingrg/kc/print/load_data.html?order_code=212020110903506&kc_code=cgsh&condition= HTTP/1.1" 200 1630
124.77.237.88 - - [09/Nov/2020:09:49:15 +0800] "GET /xingrg/kc/buy/cgsh_order_operate.html?command=get_materiel&rest_code=00107&code=00101020005&supplier_code=00100006&order_time=2020-11-09 HTTP/1.1" 200 408
114.84.37.38 - - [09/Nov/2020:09:49:15 +0800] "GET /xingrg/kc/buy/cgsh_order_list.html HTTP/1.1" 200 44881
114.84.37.38 - - [09/Nov/2020:09:49:17 +0800] "POST /xingrg/kc/buy/cgsh_list_operate.html HTTP/1.1" 200 2051
180.157.253.48 - - [09/Nov/2020:09:49:19 +0800] "GET /xingrg/all/function/internal_message.html?_=1604886559685&CODE_STATE=getMsg HTTP/1.1" 200 27
124.77.237.88 - - [09/Nov/2020:09:49:24 +0800] "GET /xingrg/kc/buy/cgsh_order_operate.html?command=get_materiel&rest_code=00107&code=00101013179&supplier_code=00100006&order_time=2020-11-09 HTTP/1.1" 200 412
117.184.7.26 - - [09/Nov/2020:09:49:25 +0800] "GET /xingrg/all/function/internal_message.html?_=1604887548923&CODE_STATE=getMsg HTTP/1.1" 200 27
114.88.166.242 - - [09/Nov/2020:09:49:28 +0800] "GET /xingrg/all/function/internal_message.html?_=1604886672418&CODE_STATE=getMsg HTTP/1.1" 200 27
117.185.32.26 - - [09/Nov/2020:09:49:35 +0800] "GET /xingrg/all/function/internal_message.html?_=1604886996304&CODE_STATE=getMsg HTTP/1.1" 200 27
124.77.237.88 - - [09/Nov/2020:09:49:35 +0800] "POST /xingrg/kc/buy/cgsh_order_operate.html HTTP/1.1" 200 37
124.77.237.88 - - [09/Nov/2020:09:49:37 +0800] "POST /xingrg/kc/buy/cgsh_order_operate.html HTTP/1.1" 200 28659
172.17.200.101 - - [09/Nov/2020:09:49:37 +0800] "GET /xingrg/all/function/internal_message.html?_=1604886579947&CODE_STATE=getMsg HTTP/1.1" 200 27
172.17.0.101 - - [09/Nov/2020:09:49:40 +0800] "GET /xingrg/all/function/internal_message.html?_=1604886581105&CODE_STATE=getMsg HTTP/1.1" 200 27
114.84.37.38 - - [09/Nov/2020:09:49:44 +0800] "POST /xingrg/kc/buy/cgsh_list_operate.html HTTP/1.1" 200 2051
114.84.37.38 - - [09/Nov/2020:09:49:45 +0800] "POST /xingrg/kc/buy/cgsh_list_operate.html HTTP/1.1" 200 270
114.88.166.242 - - [09/Nov/2020:09:49:46 +0800] "GET /xingrg/all/function/internal_message.html?_=1604886583882&CODE_STATE=getMsg HTTP/1.1" 200 27
58.40.7.146 - - [09/Nov/2020:09:49:46 +0800] "GET /xingrg/all/function/internal_message.html?_=1604886586326&CODE_STATE=getMsg HTTP/1.1" 200 27
172.17.0.100 - - [09/Nov/2020:09:49:47 +0800] "GET /xingrg/all/function/internal_message.html?_=1604886622768&CODE_STATE=getMsg HTTP/1.1" 200 27
180.162.245.190 - - [09/Nov/2020:09:49:47 +0800] "GET /xingrg/all/function/internal_message.html?_=1604886588936&CODE_STATE=getMsg HTTP/1.1" 200 27
180.174.56.115 - - [09/Nov/2020:09:49:48 +0800] "GET /xingrg/all/function/internal_message.html?_=1604886545532&CODE_STATE=getMsg HTTP/1.1" 200 27
114.84.37.38 - - [09/Nov/2020:09:49:50 +0800] "GET /xingrg/kc/buy/cgsh_order_add.html HTTP/1.1" 200 60619
114.84.37.38 - - [09/Nov/2020:09:49:50 +0800] "POST /xingrg/kc/buy/cgsh_order_operate.html HTTP/1.1" 200 8245
114.84.37.38 - - [09/Nov/2020:09:49:50 +0800] "GET /xingrg/javascript/easyui/themes/default/validatebox.css HTTP/1.1" 404 1104
116.232.54.201 - - [09/Nov/2020:09:49:52 +0800] "GET /xingrg/check_reg.html?_=1604886630875 HTTP/1.1" 200 22
116.232.54.201 - - [09/Nov/2020:09:49:52 +0800] "GET /xingrg/all/function/internal_message.html?_=1604886630906&CODE_STATE=getMsg HTTP/1.1" 200 27
180.152.243.105 - - [09/Nov/2020:09:49:56 +0800] "GET /xingrg/all/function/internal_message.html?_=1604886818385&CODE_STATE=getMsg HTTP/1.1" 200 27
120.253.135.82 - - [09/Nov/2020:09:49:57 +0800] "GET /xingrg/all/function/internal_message.html?_=1604886344381&CODE_STATE=getMsg HTTP/1.1" 200 27
180.174.56.115 - - [09/Nov/2020:09:50:02 +0800] "POST /xingrg/kc/buy/cgsh_order_operate.html HTTP/1.1" 200 37
180.174.56.115 - - [09/Nov/2020:09:50:04 +0800] "GET /xingrg/all/function/internal_message.html?_=1604886603291&CODE_STATE=getMsg HTTP/1.1" 200 27
180.174.56.115 - - [09/Nov/2020:09:50:04 +0800] "POST /xingrg/kc/buy/cgsh_order_operate.html HTTP/1.1" 200 12
180.174.56.115 - - [09/Nov/2020:09:50:05 +0800] "GET /xingrg/kc/buy/cgsh_order_info.html?code=212020110903507 HTTP/1.1" 200 55174
180.174.56.115 - - [09/Nov/2020:09:50:05 +0800] "GET /xingrg/javascript/easyui/themes/default/validatebox.css HTTP/1.1" 404 1104
180.174.56.115 - - [09/Nov/2020:09:50:05 +0800] "POST /xingrg/kc/buy/cgsh_order_operate.html HTTP/1.1" 200 5381
180.174.56.115 - - [09/Nov/2020:09:50:07 +0800] "GET /xingrg/kc/print/load_data.html?order_code=212020110903507&kc_code=cgsh&condition= HTTP/1.1" 200 2569
114.84.37.38 - - [09/Nov/2020:09:50:09 +0800] "GET /xingrg/kc/buy/cgsh_order_operate.html?command=get_materiel&rest_code=00146&code=00101016025&supplier_code=00100033&order_time=2020-11-09 HTTP/1.1" 200 408
124.77.237.88 - - [09/Nov/2020:09:50:09 +0800] "GET /xingrg/all/function/internal_message.html?_=1604886607976&CODE_STATE=getMsg HTTP/1.1" 200 27
114.84.37.38 - - [09/Nov/2020:09:50:11 +0800] "GET /xingrg/all/function/internal_message.html?_=1604886617006&CODE_STATE=getMsg HTTP/1.1" 200 27
180.174.56.115 - - [09/Nov/2020:09:50:16 +0800] "GET /xingrg/kc/buy/cgsh_order_add.html HTTP/1.1" 200 60267
180.174.56.115 - - [09/Nov/2020:09:50:16 +0800] "POST /xingrg/kc/buy/cgsh_order_operate.html HTTP/1.1" 200 8245
180.174.56.115 - - [09/Nov/2020:09:50:16 +0800] "GET /xingrg/javascript/easyui/themes/default/validatebox.css HTTP/1.1" 404 1104
180.157.253.48 - - [09/Nov/2020:09:50:19 +0800] "GET /xingrg/all/function/internal_message.html?_=1604886619669&CODE_STATE=getMsg HTTP/1.1" 200 27
114.84.37.38 - - [09/Nov/2020:09:50:23 +0800] "GET /xingrg/kc/buy/cgsh_order_operate.html?command=get_materiel&rest_code=00146&code=00101016080&supplier_code=00100033&order_time=2020-11-09 HTTP/1.1" 200 408
180.174.56.115 - - [09/Nov/2020:09:50:24 +0800] "GET /xingrg/kc/buy/cgsh_order_operate.html?command=get_materiel&rest_code=00151&code=00101007049&supplier_code=00100002&order_time=2020-11-09 HTTP/1.1" 200 409
117.184.7.26 - - [09/Nov/2020:09:50:25 +0800] "GET /xingrg/check_reg.html?_=1604887608911 HTTP/1.1" 200 22
117.184.7.26 - - [09/Nov/2020:09:50:25 +0800] "GET /xingrg/all/function/internal_message.html?_=1604887608914&CODE_STATE=getMsg HTTP/1.1" 200 27
114.88.166.242 - - [09/Nov/2020:09:50:28 +0800] "GET /xingrg/all/function/internal_message.html?_=1604886732420&CODE_STATE=getMsg HTTP/1.1" 200 27
180.174.56.115 - - [09/Nov/2020:09:50:32 +0800] "POST /xingrg/kc/buy/cgsh_order_operate.html HTTP/1.1" 200 37
180.174.56.115 - - [09/Nov/2020:09:50:34 +0800] "POST /xingrg/kc/buy/cgsh_order_operate.html HTTP/1.1" 200 12
117.185.32.26 - - [09/Nov/2020:09:50:35 +0800] "GET /xingrg/all/function/internal_message.html?_=1604887056318&CODE_STATE=getMsg HTTP/1.1" 200 27
117.185.32.26 - - [09/Nov/2020:09:50:35 +0800] "GET /xingrg/check_reg.html?_=1604887056319 HTTP/1.1" 200 22
180.174.56.115 - - [09/Nov/2020:09:50:35 +0800] "GET /xingrg/kc/buy/cgsh_order_info.html?code=212020110903508 HTTP/1.1" 200 55174
180.174.56.115 - - [09/Nov/2020:09:50:35 +0800] "GET /xingrg/javascript/easyui/themes/default/validatebox.css HTTP/1.1" 404 1104
180.174.56.115 - - [09/Nov/2020:09:50:36 +0800] "POST /xingrg/kc/buy/cgsh_order_operate.html HTTP/1.1" 200 611
172.17.200.101 - - [09/Nov/2020:09:50:37 +0800] "GET /xingrg/all/function/internal_message.html?_=1604886639947&CODE_STATE=getMsg HTTP/1.1" 200 27
180.174.56.115 - - [09/Nov/2020:09:50:38 +0800] "GET /xingrg/kc/print/load_data.html?order_code=212020110903508&kc_code=cgsh&condition= HTTP/1.1" 200 793
172.17.0.101 - - [09/Nov/2020:09:50:40 +0800] "GET /xingrg/all/function/internal_message.html?_=1604886641111&CODE_STATE=getMsg HTTP/1.1" 200 27
172.17.0.101 - - [09/Nov/2020:09:50:40 +0800] "GET /xingrg/check_reg.html?_=1604886641114 HTTP/1.1" 200 22
58.40.7.146 - - [09/Nov/2020:09:50:46 +0800] "GET /xingrg/all/function/internal_message.html?_=1604886646329&CODE_STATE=getMsg HTTP/1.1" 200 27
114.88.166.242 - - [09/Nov/2020:09:50:46 +0800] "GET /xingrg/all/function/internal_message.html?_=1604886643945&CODE_STATE=getMsg HTTP/1.1" 200 27
172.17.0.100 - - [09/Nov/2020:09:50:47 +0800] "GET /xingrg/all/function/internal_message.html?_=1604886682759&CODE_STATE=getMsg HTTP/1.1" 200 27
180.162.245.190 - - [09/Nov/2020:09:50:47 +0800] "GET /xingrg/all/function/internal_message.html?_=1604886648936&CODE_STATE=getMsg HTTP/1.1" 200 27
180.174.56.115 - - [09/Nov/2020:09:50:48 +0800] "GET /xingrg/all/function/internal_message.html?_=1604886605545&CODE_STATE=getMsg HTTP/1.1" 200 27
116.232.54.201 - - [09/Nov/2020:09:50:51 +0800] "GET /xingrg/all/function/internal_message.html?_=1604886690906&CODE_STATE=getMsg HTTP/1.1" 200 27
114.84.37.38 - - [09/Nov/2020:09:50:53 +0800] "GET /xingrg/kc/buy/cgsh_order_operate.html?command=get_materiel&rest_code=00146&code=00101012010&supplier_code=00100033&order_time=2020-11-09 HTTP/1.1" 200 409
180.152.243.105 - - [09/Nov/2020:09:50:57 +0800] "GET /xingrg/all/function/internal_message.html?_=1604886879084&CODE_STATE=getMsg HTTP/1.1" 200 27
120.253.135.82 - - [09/Nov/2020:09:50:57 +0800] "GET /xingrg/all/function/internal_message.html?_=1604886404394&CODE_STATE=getMsg HTTP/1.1" 200 27
114.84.37.38 - - [09/Nov/2020:09:51:02 +0800] "GET /xingrg/kc/buy/cgsh_order_operate.html?command=get_materiel&rest_code=00146&code=00101007109&supplier_code=00100033&order_time=2020-11-09 HTTP/1.1" 200 408
180.174.56.115 - - [09/Nov/2020:09:51:04 +0800] "GET /xingrg/all/function/internal_message.html?_=1604886663292&CODE_STATE=getMsg HTTP/1.1" 200 27
180.174.56.115 - - [09/Nov/2020:09:51:04 +0800] "GET /xingrg/check_reg.html?_=1604886663293 HTTP/1.1" 200 22
124.77.237.88 - - [09/Nov/2020:09:51:09 +0800] "GET /xingrg/check_reg.html?_=1604886667879 HTTP/1.1" 200 22
124.77.237.88 - - [09/Nov/2020:09:51:09 +0800] "GET /xingrg/all/function/internal_message.html?_=1604886667945&CODE_STATE=getMsg HTTP/1.1" 200 27
114.88.166.242 - - [09/Nov/2020:09:51:09 +0800] "GET /xingrg/check_reg.html?_=1604886667340 HTTP/1.1" 200 22
114.84.37.38 - - [09/Nov/2020:09:51:13 +0800] "POST /xingrg/kc/buy/cgsh_order_operate.html HTTP/1.1" 200 37
114.84.37.38 - - [09/Nov/2020:09:51:14 +0800] "POST /xingrg/kc/buy/cgsh_order_operate.html HTTP/1.1" 200 4411
114.84.37.38 - - [09/Nov/2020:09:51:16 +0800] "GET /xingrg/all/function/internal_message.html?_=1604886682340&CODE_STATE=getMsg HTTP/1.1" 200 27
114.84.37.38 - - [09/Nov/2020:09:51:17 +0800] "GET /xingrg/kc/print/load_data.html?order_code=212020110903509&kc_code=cgsh&condition= HTTP/1.1" 200 1374
180.157.253.48 - - [09/Nov/2020:09:51:19 +0800] "GET /xingrg/all/function/internal_message.html?_=1604886679650&CODE_STATE=getMsg HTTP/1.1" 200 27
114.84.37.38 - - [09/Nov/2020:09:51:19 +0800] "GET /xingrg/javascript/jquery_easy_ui/themes/default/images/tabs_active.png HTTP/1.1" 304 -
117.184.7.26 - - [09/Nov/2020:09:51:25 +0800] "GET /xingrg/all/function/internal_message.html?_=1604887668913&CODE_STATE=getMsg HTTP/1.1" 200 27
114.88.166.242 - - [09/Nov/2020:09:51:28 +0800] "GET /xingrg/all/function/internal_message.html?_=1604886792420&CODE_STATE=getMsg HTTP/1.1" 200 27
180.174.56.115 - - [09/Nov/2020:09:51:32 +0800] "GET /xingrg/kc/buy/cgsh_order_add.html HTTP/1.1" 200 60267
180.174.56.115 - - [09/Nov/2020:09:51:33 +0800] "POST /xingrg/kc/buy/cgsh_order_operate.html HTTP/1.1" 200 8245
180.174.56.115 - - [09/Nov/2020:09:51:33 +0800] "GET /xingrg/javascript/easyui/themes/default/validatebox.css HTTP/1.1" 404 1104
117.185.32.26 - - [09/Nov/2020:09:51:35 +0800] "GET /xingrg/all/function/internal_message.html?_=1604887116317&CODE_STATE=getMsg HTTP/1.1" 200 27
172.17.200.101 - - [09/Nov/2020:09:51:37 +0800] "GET /xingrg/all/function/internal_message.html?_=1604886699947&CODE_STATE=getMsg HTTP/1.1" 200 27
172.17.0.101 - - [09/Nov/2020:09:51:40 +0800] "GET /xingrg/all/function/internal_message.html?_=1604886701101&CODE_STATE=getMsg HTTP/1.1" 200 27
58.40.7.146 - - [09/Nov/2020:09:51:46 +0800] "GET /xingrg/all/function/internal_message.html?_=1604886706332&CODE_STATE=getMsg HTTP/1.1" 200 27
114.88.166.242 - - [09/Nov/2020:09:51:46 +0800] "GET /xingrg/all/function/internal_message.html?_=1604886703954&CODE_STATE=getMsg HTTP/1.1" 200 27
180.174.56.115 - - [09/Nov/2020:09:51:46 +0800] "GET /xingrg/kc/buy/cgsh_order_operate.html?command=get_materiel&rest_code=00151&code=00101006115&supplier_code=00100012&order_time=2020-11-09 HTTP/1.1" 200 409
172.17.0.100 - - [09/Nov/2020:09:51:47 +0800] "GET /xingrg/all/function/internal_message.html?_=1604886742766&CODE_STATE=getMsg HTTP/1.1" 200 27
180.162.245.190 - - [09/Nov/2020:09:51:47 +0800] "GET /xingrg/all/function/internal_message.html?_=1604886708935&CODE_STATE=getMsg HTTP/1.1" 200 27
180.174.56.115 - - [09/Nov/2020:09:51:48 +0800] "GET /xingrg/all/function/internal_message.html?_=1604886665559&CODE_STATE=getMsg HTTP/1.1" 200 27
116.232.54.201 - - [09/Nov/2020:09:51:50 +0800] "GET /xingrg/all/function/internal_message.html?_=1604886750906&CODE_STATE=getMsg HTTP/1.1" 200 27
172.17.200.101 - - [09/Nov/2020:09:51:50 +0800] "POST /xingrg/all/user/operate.html HTTP/1.1" 200 36
172.17.200.101 - - [09/Nov/2020:09:51:51 +0800] "GET /xingrg/index.html?sysBaseUrl=http%3A%2F%2F172.17.0.8%3A18081%2Fxingrg%2F&costTime=46×tamp=1604884715953 HTTP/1.1" 200 17454
172.17.200.101 - - [09/Nov/2020:09:51:51 +0800] "GET /xingrg/javascript/jquery_easy_ui/themes/default/easyui.css HTTP/1.1" 304 -
172.17.200.101 - - [09/Nov/2020:09:51:51 +0800] "GET /xingrg/javascript/jquery_easy_ui/themes/icon.css HTTP/1.1" 304 -
172.17.200.101 - - [09/Nov/2020:09:51:51 +0800] "GET /xingrg/css/form.css HTTP/1.1" 304 -
172.17.200.101 - - [09/Nov/2020:09:51:51 +0800] "GET /xingrg/javascript/jquery-1.4.2.min.js HTTP/1.1" 304 -
172.17.200.101 - - [09/Nov/2020:09:51:51 +0800] "GET /xingrg/javascript/jquery_easy_ui/jquery.easyui.min.js HTTP/1.1" 304 -
172.17.200.101 - - [09/Nov/2020:09:51:51 +0800] "GET /xingrg/javascript/jquery_easy_ui/easyui-lang-zh_CN.js HTTP/1.1" 304 -
172.17.200.101 - - [09/Nov/2020:09:51:51 +0800] "GET /xingrg/javascript/jquery.form.js HTTP/1.1" 304 -
172.17.200.101 - - [09/Nov/2020:09:51:51 +0800] "GET /xingrg/javascript/jquery.utils.js HTTP/1.1" 304 -
172.17.200.101 - - [09/Nov/2020:09:51:51 +0800] "GET /xingrg/javascript/jquery.timers.js HTTP/1.1" 304 -
172.17.200.101 - - [09/Nov/2020:09:51:51 +0800] "GET /xingrg/images/blue/jxLogo.png HTTP/1.1" 304 -
172.17.200.101 - - [09/Nov/2020:09:51:51 +0800] "GET /xingrg/images/blue/navBackgound.jpg HTTP/1.1" 304 -
172.17.200.101 - - [09/Nov/2020:09:51:51 +0800] "GET /xingrg/javascript/jquery_easy_ui/themes/icons/settle_new.png HTTP/1.1" 304 -
172.17.200.101 - - [09/Nov/2020:09:51:51 +0800] "POST /xingrg/all/common/load_tree.html?tree=area_rest_tree_json&manage=1 HTTP/1.1" 200 3088
172.17.200.101 - - [09/Nov/2020:09:51:52 +0800] "GET /xingrg/all/function/internal_message.html?_=1604886714677&CODE_STATE=count HTTP/1.1" 200 11
172.17.200.101 - - [09/Nov/2020:09:51:52 +0800] "GET /xingrg/check_reg.html?_=1604886714678 HTTP/1.1" 200 22
172.17.200.101 - - [09/Nov/2020:09:51:52 +0800] "GET /xingrg/javascript/jquery_easy_ui/themes/default/images/tabs_rightarrow.png HTTP/1.1" 304 -
