117.185.32.26 - - [09/Nov/2020:09:06:35 +0800] "GET /xingrg/all/function/internal_message.html?_=1604884416131&CODE_STATE=getMsg HTTP/1.1" 200 27
124.77.237.88 - - [09/Nov/2020:09:06:35 +0800] "GET /xingrg/javascript/easyui/themes/default/validatebox.css HTTP/1.1" 404 1104
124.77.237.88 - - [09/Nov/2020:09:06:35 +0800] "POST /xingrg/kc/buy/cgsh_order_operate.html HTTP/1.1" 200 8245
222.69.136.151 - - [09/Nov/2020:09:06:35 +0800] "POST /xingrg/services/DataTransmitService HTTP/1.1" 200 501
180.174.56.115 - - [09/Nov/2020:09:06:37 +0800] "GET /xingrg/kc/buy/cgsh_order_operate.html?command=get_materiel&rest_code=00151&code=00101008261&supplier_code=00100007&order_time=2020-11-09 HTTP/1.1" 200 408
124.77.237.88 - - [09/Nov/2020:09:06:38 +0800] "GET /xingrg/javascript/easyui/themes/default/tree.css HTTP/1.1" 404 1090
124.77.237.88 - - [09/Nov/2020:09:06:38 +0800] "POST /xingrg/all/common/load_tree.html?tree=supplier_tree_json&isDelete=1 HTTP/1.1" 200 51727
180.162.137.114 - - [09/Nov/2020:09:06:42 +0800] "GET /xingrg/all/function/internal_message.html?_=1604884003575&CODE_STATE=getMsg HTTP/1.1" 200 27
180.174.56.115 - - [09/Nov/2020:09:06:43 +0800] "GET /xingrg/kc/buy/cgsh_order_operate.html?command=get_materiel&rest_code=00151&code=00101008357&supplier_code=00100007&order_time=2020-11-09 HTTP/1.1" 200 408
180.174.56.115 - - [09/Nov/2020:09:06:45 +0800] "GET /xingrg/all/function/internal_message.html?_=1604884004335&CODE_STATE=getMsg HTTP/1.1" 200 27
114.88.166.242 - - [09/Nov/2020:09:06:45 +0800] "GET /xingrg/all/function/internal_message.html?_=1604884002594&CODE_STATE=getMsg HTTP/1.1" 200 27
58.40.7.146 - - [09/Nov/2020:09:06:46 +0800] "GET /xingrg/all/function/internal_message.html?_=1604884006297&CODE_STATE=getMsg HTTP/1.1" 200 27
180.152.243.105 - - [09/Nov/2020:09:06:46 +0800] "GET /xingrg/all/function/internal_message.html?_=1604884228644&CODE_STATE=getMsg HTTP/1.1" 200 27
172.17.0.100 - - [09/Nov/2020:09:06:47 +0800] "GET /xingrg/all/function/internal_message.html?_=1604884042719&CODE_STATE=getMsg HTTP/1.1" 200 27
180.162.245.190 - - [09/Nov/2020:09:06:47 +0800] "GET /xingrg/all/function/internal_message.html?_=1604884008877&CODE_STATE=getMsg HTTP/1.1" 200 27
180.174.56.115 - - [09/Nov/2020:09:06:50 +0800] "GET /xingrg/kc/buy/cgsh_order_operate.html?command=get_materiel&rest_code=00151&code=00101008270&supplier_code=00100007&order_time=2020-11-09 HTTP/1.1" 200 412
180.174.56.115 - - [09/Nov/2020:09:06:52 +0800] "POST /xingrg/kc/buy/cgsh_order_operate.html HTTP/1.1" 200 2065
180.162.245.190 - - [09/Nov/2020:09:06:53 +0800] "GET /xingrg/all/function/internal_message.html?_=1604883995159&CODE_STATE=getMsg HTTP/1.1" 200 27
172.17.0.123 - - [09/Nov/2020:09:06:59 +0800] "GET /xingrg/all/function/internal_message.html?_=1604883972960&CODE_STATE=getMsg HTTP/1.1" 200 27
180.174.56.115 - - [09/Nov/2020:09:07:00 +0800] "GET /xingrg/kc/buy/cgsh_order_operate.html?command=get_materiel&rest_code=00151&code=00101008271&supplier_code=00100007&order_time=2020-11-09 HTTP/1.1" 200 408
114.84.37.38 - - [09/Nov/2020:09:07:02 +0800] "GET /xingrg/check_reg.html?_=1604884027894 HTTP/1.1" 200 22
114.84.37.38 - - [09/Nov/2020:09:07:05 +0800] "GET /xingrg/all/function/internal_message.html?_=1604884030605&CODE_STATE=getMsg HTTP/1.1" 200 27
180.174.56.115 - - [09/Nov/2020:09:07:06 +0800] "GET /xingrg/kc/buy/cgsh_order_operate.html?command=get_materiel&rest_code=00151&code=00101016030&supplier_code=00100007&order_time=2020-11-09 HTTP/1.1" 200 412
114.84.37.38 - - [09/Nov/2020:09:07:06 +0800] "POST /xingrg/kc/buy/cgsh_list_operate.html HTTP/1.1" 200 876
114.84.37.38 - - [09/Nov/2020:09:07:08 +0800] "GET /xingrg/kc/buy/cgsh_order_list.html HTTP/1.1" 200 44881
114.84.37.38 - - [09/Nov/2020:09:07:09 +0800] "POST /xingrg/kc/buy/cgsh_list_operate.html HTTP/1.1" 200 876
124.77.237.88 - - [09/Nov/2020:09:07:09 +0800] "GET /xingrg/all/function/internal_message.html?_=1604884028267&CODE_STATE=getMsg HTTP/1.1" 200 27
124.77.237.88 - - [09/Nov/2020:09:07:10 +0800] "GET /xingrg/kc/buy/cgsh_order_operate.html?command=get_materiel&rest_code=00107&code=00102002453&supplier_code=00100234&order_time=2020-11-09 HTTP/1.1" 200 434
114.84.37.38 - - [09/Nov/2020:09:07:10 +0800] "GET /xingrg/javascript/pic_change.js HTTP/1.1" 304 -
114.84.37.38 - - [09/Nov/2020:09:07:10 +0800] "GET /xingrg/kc/buy/cgsh_order_add.html HTTP/1.1" 200 60619
114.84.37.38 - - [09/Nov/2020:09:07:10 +0800] "GET /xingrg/javascript/jquery_tools/order_manager.js HTTP/1.1" 304 -
114.84.37.38 - - [09/Nov/2020:09:07:10 +0800] "GET /xingrg/javascript/print/kc_print.js HTTP/1.1" 304 -
114.84.37.38 - - [09/Nov/2020:09:07:10 +0800] "GET /xingrg/javascript/json2.js HTTP/1.1" 304 -
114.84.37.38 - - [09/Nov/2020:09:07:10 +0800] "GET /xingrg/javascript/convert.js HTTP/1.1" 304 -
114.84.37.38 - - [09/Nov/2020:09:07:10 +0800] "GET /xingrg/words/20201108171447_words.js HTTP/1.1" 304 -
114.84.37.38 - - [09/Nov/2020:09:07:10 +0800] "GET /xingrg/javascript/easyui/themes/icons/copy_new.png HTTP/1.1" 304 -
114.84.37.38 - - [09/Nov/2020:09:07:10 +0800] "GET /xingrg/javascript/easyui/themes/icons/template_new.png HTTP/1.1" 304 -
114.84.37.38 - - [09/Nov/2020:09:07:10 +0800] "GET /xingrg/javascript/easyui/themes/icons/ok.png HTTP/1.1" 304 -
114.84.37.38 - - [09/Nov/2020:09:07:10 +0800] "GET /xingrg/all/common/auto_word.html?type=employee&rest_code=00146 HTTP/1.1" 200 197
114.84.37.38 - - [09/Nov/2020:09:07:10 +0800] "GET /xingrg/all/common/auto_word.html?type=employee&rest_code=00146 HTTP/1.1" 200 197
114.84.37.38 - - [09/Nov/2020:09:07:10 +0800] "GET /xingrg/javascript/easyui/themes/default/validatebox.css HTTP/1.1" 404 1104
114.84.37.38 - - [09/Nov/2020:09:07:10 +0800] "GET /xingrg/javascript/easyui/plugins/jquery.validatebox.js HTTP/1.1" 304 -
114.84.37.38 - - [09/Nov/2020:09:07:10 +0800] "POST /xingrg/kc/buy/cgsh_order_operate.html HTTP/1.1" 200 8245
114.84.37.38 - - [09/Nov/2020:09:07:10 +0800] "GET /xingrg/javascript/easyui/plugins/jquery.numberbox.js HTTP/1.1" 304 -
180.174.56.115 - - [09/Nov/2020:09:07:13 +0800] "GET /xingrg/kc/buy/cgsh_order_operate.html?command=get_materiel&rest_code=00151&code=00101008286&supplier_code=00100007&order_time=2020-11-09 HTTP/1.1" 200 408
180.174.56.115 - - [09/Nov/2020:09:07:21 +0800] "GET /xingrg/kc/buy/cgsh_order_operate.html?command=get_materiel&rest_code=00151&code=00101008069&supplier_code=00100007&order_time=2020-11-09 HTTP/1.1" 200 412
114.88.166.242 - - [09/Nov/2020:09:07:21 +0800] "GET /xingrg/kc/buy/cgsh_order_add.html HTTP/1.1" 200 60613
114.88.166.242 - - [09/Nov/2020:09:07:22 +0800] "GET /xingrg/javascript/easyui/themes/default/validatebox.css HTTP/1.1" 404 1104
114.88.166.242 - - [09/Nov/2020:09:07:22 +0800] "POST /xingrg/kc/buy/cgsh_order_operate.html HTTP/1.1" 200 8245
117.184.7.26 - - [09/Nov/2020:09:07:25 +0800] "GET /xingrg/all/function/internal_message.html?_=1604885028809&CODE_STATE=getMsg HTTP/1.1" 200 27
180.174.56.115 - - [09/Nov/2020:09:07:28 +0800] "GET /xingrg/kc/buy/cgsh_order_operate.html?command=get_materiel&rest_code=00151&code=00101008131&supplier_code=00100007&order_time=2020-11-09 HTTP/1.1" 200 408
114.88.166.242 - - [09/Nov/2020:09:07:28 +0800] "GET /xingrg/check_reg.html?_=1604884152371 HTTP/1.1" 200 22
114.88.166.242 - - [09/Nov/2020:09:07:28 +0800] "GET /xingrg/all/function/internal_message.html?_=1604884152375&CODE_STATE=getMsg HTTP/1.1" 200 27
124.77.237.88 - - [09/Nov/2020:09:07:33 +0800] "GET /xingrg/kc/buy/cgsh_order_operate.html?command=get_materiel&rest_code=00107&code=00102002334&supplier_code=00100234&order_time=2020-11-09 HTTP/1.1" 200 433
114.84.37.38 - - [09/Nov/2020:09:07:34 +0800] "GET /xingrg/kc/buy/cgsh_order_operate.html?command=get_materiel&rest_code=00146&code=00101008072&supplier_code=00100005&order_time=2020-11-09 HTTP/1.1" 200 408
117.185.32.26 - - [09/Nov/2020:09:07:35 +0800] "GET /xingrg/all/function/internal_message.html?_=1604884476130&CODE_STATE=getMsg HTTP/1.1" 200 27
180.162.137.114 - - [09/Nov/2020:09:07:41 +0800] "GET /xingrg/check_reg.html?_=1604884063503 HTTP/1.1" 200 22
180.162.137.114 - - [09/Nov/2020:09:07:42 +0800] "GET /xingrg/all/function/internal_message.html?_=1604884064502&CODE_STATE=getMsg HTTP/1.1" 200 27
180.174.56.115 - - [09/Nov/2020:09:07:44 +0800] "GET /xingrg/kc/buy/cgsh_order_operate.html?command=get_materiel&rest_code=00151&code=00101008356&supplier_code=00100007&order_time=2020-11-09 HTTP/1.1" 200 408
180.174.56.115 - - [09/Nov/2020:09:07:45 +0800] "GET /xingrg/all/function/internal_message.html?_=1604884064340&CODE_STATE=getMsg HTTP/1.1" 200 27
114.88.166.242 - - [09/Nov/2020:09:07:45 +0800] "GET /xingrg/all/function/internal_message.html?_=1604884062607&CODE_STATE=getMsg HTTP/1.1" 200 27
58.40.7.146 - - [09/Nov/2020:09:07:46 +0800] "GET /xingrg/all/function/internal_message.html?_=1604884066300&CODE_STATE=getMsg HTTP/1.1" 200 27
180.174.56.115 - - [09/Nov/2020:09:07:47 +0800] "POST /xingrg/kc/buy/cgsh_order_operate.html HTTP/1.1" 200 2065
172.17.0.100 - - [09/Nov/2020:09:07:47 +0800] "GET /xingrg/all/function/internal_message.html?_=1604884102711&CODE_STATE=getMsg HTTP/1.1" 200 27
180.152.243.105 - - [09/Nov/2020:09:07:47 +0800] "GET /xingrg/all/function/internal_message.html?_=1604884289162&CODE_STATE=getMsg HTTP/1.1" 200 27
180.162.245.190 - - [09/Nov/2020:09:07:47 +0800] "GET /xingrg/all/function/internal_message.html?_=1604884068892&CODE_STATE=getMsg HTTP/1.1" 200 27
114.84.37.38 - - [09/Nov/2020:09:07:49 +0800] "GET /xingrg/kc/buy/cgsh_order_operate.html?command=get_materiel&rest_code=00146&code=00101008290&supplier_code=00100005&order_time=2020-11-09 HTTP/1.1" 200 416
180.162.245.190 - - [09/Nov/2020:09:07:53 +0800] "GET /xingrg/all/function/internal_message.html?_=1604884055159&CODE_STATE=getMsg HTTP/1.1" 200 27
124.77.237.88 - - [09/Nov/2020:09:07:53 +0800] "GET /xingrg/kc/buy/cgsh_order_operate.html?command=get_materiel&rest_code=00107&code=00102002367&supplier_code=00100234&order_time=2020-11-09 HTTP/1.1" 200 429
58.40.7.146 - - [09/Nov/2020:09:07:57 +0800] "GET /xingrg/check_reg.html?_=1604884077553 HTTP/1.1" 200 22
172.17.0.123 - - [09/Nov/2020:09:07:59 +0800] "GET /xingrg/all/function/internal_message.html?_=1604884032964&CODE_STATE=getMsg HTTP/1.1" 200 27
114.84.37.38 - - [09/Nov/2020:09:08:00 +0800] "GET /xingrg/kc/buy/cgsh_order_operate.html?command=get_materiel&rest_code=00146&code=00101008087&supplier_code=00100005&order_time=2020-11-09 HTTP/1.1" 200 412
180.174.56.115 - - [09/Nov/2020:09:08:02 +0800] "GET /xingrg/kc/buy/cgsh_order_operate.html?command=get_materiel&rest_code=00151&code=00101008163&supplier_code=00100007&order_time=2020-11-09 HTTP/1.1" 200 409
114.84.37.38 - - [09/Nov/2020:09:08:05 +0800] "GET /xingrg/all/function/internal_message.html?_=1604884090684&CODE_STATE=getMsg HTTP/1.1" 200 27
180.174.56.115 - - [09/Nov/2020:09:08:07 +0800] "GET /xingrg/kc/buy/cgsh_order_operate.html?command=get_materiel&rest_code=00151&code=00101008088&supplier_code=00100007&order_time=2020-11-09 HTTP/1.1" 200 408
124.77.237.88 - - [09/Nov/2020:09:08:13 +0800] "POST /xingrg/kc/buy/cgsh_order_operate.html HTTP/1.1" 200 37
180.174.56.115 - - [09/Nov/2020:09:08:14 +0800] "GET /xingrg/kc/buy/cgsh_order_operate.html?command=get_materiel&rest_code=00151&code=00101016025&supplier_code=00100007&order_time=2020-11-09 HTTP/1.1" 200 408
114.84.37.38 - - [09/Nov/2020:09:08:15 +0800] "GET /xingrg/kc/buy/cgsh_order_operate.html?command=get_materiel&rest_code=00146&code=00101008355&supplier_code=00100005&order_time=2020-11-09 HTTP/1.1" 200 408
124.77.237.88 - - [09/Nov/2020:09:08:15 +0800] "POST /xingrg/kc/buy/cgsh_order_operate.html HTTP/1.1" 200 3858
124.77.237.88 - - [09/Nov/2020:09:08:17 +0800] "GET /xingrg/kc/print/load_data.html?order_code=212020110903478&kc_code=cgsh&condition= HTTP/1.1" 200 1137
180.174.56.115 - - [09/Nov/2020:09:08:20 +0800] "GET /xingrg/kc/buy/cgsh_order_operate.html?command=get_materiel&rest_code=00151&code=00101008291&supplier_code=00100007&order_time=2020-11-09 HTTP/1.1" 200 408
180.174.56.115 - - [09/Nov/2020:09:08:23 +0800] "POST /xingrg/kc/buy/cgsh_order_operate.html HTTP/1.1" 200 2065
114.88.166.242 - - [09/Nov/2020:09:08:23 +0800] "POST /xingrg/kc/buy/cgsh_list_operate.html HTTP/1.1" 200 1691
117.184.7.26 - - [09/Nov/2020:09:08:25 +0800] "GET /xingrg/all/function/internal_message.html?_=1604885088815&CODE_STATE=getMsg HTTP/1.1" 200 27
114.88.166.242 - - [09/Nov/2020:09:08:25 +0800] "GET /xingrg/kc/buy/cgsh_order_add.html HTTP/1.1" 200 60613
114.88.166.242 - - [09/Nov/2020:09:08:25 +0800] "GET /xingrg/javascript/easyui/themes/default/validatebox.css HTTP/1.1" 404 1104
114.88.166.242 - - [09/Nov/2020:09:08:25 +0800] "POST /xingrg/kc/buy/cgsh_order_operate.html HTTP/1.1" 200 8245
114.88.166.242 - - [09/Nov/2020:09:08:28 +0800] "GET /xingrg/all/function/internal_message.html?_=1604884212378&CODE_STATE=getMsg HTTP/1.1" 200 27
124.77.237.88 - - [09/Nov/2020:09:08:29 +0800] "GET /xingrg/kc/buy/cgsh_order_add.html HTTP/1.1" 200 60701
124.77.237.88 - - [09/Nov/2020:09:08:30 +0800] "POST /xingrg/kc/buy/cgsh_order_operate.html HTTP/1.1" 200 8245
124.77.237.88 - - [09/Nov/2020:09:08:30 +0800] "GET /xingrg/javascript/easyui/themes/default/validatebox.css HTTP/1.1" 404 1104
114.84.37.38 - - [09/Nov/2020:09:08:30 +0800] "GET /xingrg/kc/buy/cgsh_order_operate.html?command=get_materiel&rest_code=00146&code=00101008067&supplier_code=00100005&order_time=2020-11-09 HTTP/1.1" 200 418
180.174.56.115 - - [09/Nov/2020:09:08:32 +0800] "GET /xingrg/kc/buy/cgsh_order_operate.html?command=get_materiel&rest_code=00151&code=00101015060&supplier_code=00100007&order_time=2020-11-09 HTTP/1.1" 200 412
114.88.166.242 - - [09/Nov/2020:09:08:34 +0800] "GET /xingrg/kc/buy/cgsh_order_operate.html?command=get_materiel&rest_code=00111&code=00101008350&supplier_code=00100005&order_time=2020-11-09 HTTP/1.1" 200 408
117.185.32.26 - - [09/Nov/2020:09:08:35 +0800] "GET /xingrg/all/function/internal_message.html?_=1604884536130&CODE_STATE=getMsg HTTP/1.1" 200 27
124.77.237.88 - - [09/Nov/2020:09:08:37 +0800] "GET /xingrg/javascript/easyui/themes/default/tree.css HTTP/1.1" 404 1090
124.77.237.88 - - [09/Nov/2020:09:08:38 +0800] "POST /xingrg/all/common/load_tree.html?tree=supplier_tree_json&isDelete=1 HTTP/1.1" 200 51727
180.174.56.115 - - [09/Nov/2020:09:08:39 +0800] "GET /xingrg/kc/buy/cgsh_order_operate.html?command=get_materiel&rest_code=00151&code=00101008190&supplier_code=00100007&order_time=2020-11-09 HTTP/1.1" 200 412
180.152.243.105 - - [09/Nov/2020:09:08:40 +0800] "GET /xingrg/check_reg.html?_=1604884342514 HTTP/1.1" 200 22
180.162.137.114 - - [09/Nov/2020:09:08:42 +0800] "GET /xingrg/all/function/internal_message.html?_=1604884124511&CODE_STATE=getMsg HTTP/1.1" 200 27
114.88.166.242 - - [09/Nov/2020:09:08:43 +0800] "GET /xingrg/kc/buy/cgsh_order_operate.html?command=get_materiel&rest_code=00111&code=00101008300&supplier_code=00100005&order_time=2020-11-09 HTTP/1.1" 200 412
180.174.56.115 - - [09/Nov/2020:09:08:45 +0800] "GET /xingrg/check_reg.html?_=1604884124373 HTTP/1.1" 200 22
180.174.56.115 - - [09/Nov/2020:09:08:45 +0800] "GET /xingrg/all/function/internal_message.html?_=1604884124375&CODE_STATE=getMsg HTTP/1.1" 200 27
114.88.166.242 - - [09/Nov/2020:09:08:45 +0800] "GET /xingrg/all/function/internal_message.html?_=1604884122669&CODE_STATE=getMsg HTTP/1.1" 200 27
114.84.37.38 - - [09/Nov/2020:09:08:45 +0800] "GET /xingrg/kc/buy/cgsh_order_operate.html?command=get_materiel&rest_code=00146&code=00101008321&supplier_code=00100005&order_time=2020-11-09 HTTP/1.1" 200 412
58.40.7.146 - - [09/Nov/2020:09:08:46 +0800] "GET /xingrg/check_reg.html?_=1604884126302 HTTP/1.1" 200 22
58.40.7.146 - - [09/Nov/2020:09:08:46 +0800] "GET /xingrg/all/function/internal_message.html?_=1604884126305&CODE_STATE=getMsg HTTP/1.1" 200 27
172.17.0.100 - - [09/Nov/2020:09:08:47 +0800] "GET /xingrg/all/function/internal_message.html?_=1604884162717&CODE_STATE=getMsg HTTP/1.1" 200 27
172.17.0.100 - - [09/Nov/2020:09:08:47 +0800] "GET /xingrg/check_reg.html?_=1604884162727 HTTP/1.1" 200 22
180.152.243.105 - - [09/Nov/2020:09:08:47 +0800] "GET /xingrg/all/function/internal_message.html?_=1604884349170&CODE_STATE=getMsg HTTP/1.1" 200 27
180.162.245.190 - - [09/Nov/2020:09:08:47 +0800] "GET /xingrg/check_reg.html?_=1604884128879 HTTP/1.1" 200 22
180.162.245.190 - - [09/Nov/2020:09:08:47 +0800] "GET /xingrg/all/function/internal_message.html?_=1604884128882&CODE_STATE=getMsg HTTP/1.1" 200 27
180.174.56.115 - - [09/Nov/2020:09:08:48 +0800] "GET /xingrg/kc/buy/cgsh_order_operate.html?command=get_materiel&rest_code=00151&code=00101008098&supplier_code=00100007&order_time=2020-11-09 HTTP/1.1" 200 412
180.162.245.190 - - [09/Nov/2020:09:08:53 +0800] "GET /xingrg/all/function/internal_message.html?_=1604884115160&CODE_STATE=getMsg HTTP/1.1" 200 27
114.88.166.242 - - [09/Nov/2020:09:08:53 +0800] "GET /xingrg/kc/buy/cgsh_order_operate.html?command=get_materiel&rest_code=00111&code=00101008331&supplier_code=00100005&order_time=2020-11-09 HTTP/1.1" 200 416
114.84.37.38 - - [09/Nov/2020:09:08:57 +0800] "GET /xingrg/kc/buy/cgsh_order_operate.html?command=get_materiel&rest_code=00146&code=00101008270&supplier_code=00100005&order_time=2020-11-09 HTTP/1.1" 200 412
172.17.0.123 - - [09/Nov/2020:09:08:59 +0800] "GET /xingrg/all/function/internal_message.html?_=1604884092968&CODE_STATE=getMsg HTTP/1.1" 200 27
124.77.237.88 - - [09/Nov/2020:09:09:01 +0800] "GET /xingrg/kc/buy/cgsh_order_operate.html?command=get_materiel&rest_code=00107&code=00101031006&supplier_code=00100066&order_time=2020-11-09 HTTP/1.1" 200 417
114.88.166.242 - - [09/Nov/2020:09:09:01 +0800] "GET /xingrg/kc/buy/cgsh_order_operate.html?command=get_materiel&rest_code=00111&code=00101008270&supplier_code=00100005&order_time=2020-11-09 HTTP/1.1" 200 412
114.84.37.38 - - [09/Nov/2020:09:09:05 +0800] "GET /xingrg/all/function/internal_message.html?_=1604884150786&CODE_STATE=getMsg HTTP/1.1" 200 27
124.77.237.88 - - [09/Nov/2020:09:09:09 +0800] "GET /xingrg/all/function/internal_message.html?_=1604884148298&CODE_STATE=getMsg HTTP/1.1" 200 27
180.174.56.115 - - [09/Nov/2020:09:09:10 +0800] "POST /xingrg/kc/buy/cgsh_order_operate.html HTTP/1.1" 200 2065
124.77.237.88 - - [09/Nov/2020:09:09:11 +0800] "POST /xingrg/kc/buy/cgsh_order_operate.html HTTP/1.1" 200 37
114.84.37.38 - - [09/Nov/2020:09:09:12 +0800] "GET /xingrg/kc/buy/cgsh_order_operate.html?command=get_materiel&rest_code=00146&code=00101008027&supplier_code=00100005&order_time=2020-11-09 HTTP/1.1" 200 408
124.77.237.88 - - [09/Nov/2020:09:09:13 +0800] "POST /xingrg/kc/buy/cgsh_order_operate.html HTTP/1.1" 200 2663
124.77.237.88 - - [09/Nov/2020:09:09:14 +0800] "GET /xingrg/kc/print/load_data.html?order_code=212020110903479&kc_code=cgsh&condition= HTTP/1.1" 200 684
180.174.56.115 - - [09/Nov/2020:09:09:16 +0800] "GET /xingrg/kc/buy/cgsh_order_operate.html?command=get_materiel&rest_code=00151&code=00101008084&supplier_code=00100007&order_time=2020-11-09 HTTP/1.1" 200 412
114.88.166.242 - - [09/Nov/2020:09:09:16 +0800] "GET /xingrg/kc/buy/cgsh_order_operate.html?command=get_materiel&rest_code=00111&code=00101008323&supplier_code=00100005&order_time=2020-11-09 HTTP/1.1" 200 408
124.77.237.88 - - [09/Nov/2020:09:09:19 +0800] "GET /xingrg/kc/buy/cgsh_order_add.html HTTP/1.1" 200 60701
124.77.237.88 - - [09/Nov/2020:09:09:19 +0800] "POST /xingrg/kc/buy/cgsh_order_operate.html HTTP/1.1" 200 8245
124.77.237.88 - - [09/Nov/2020:09:09:20 +0800] "GET /xingrg/javascript/easyui/themes/default/validatebox.css HTTP/1.1" 404 1104
124.77.237.88 - - [09/Nov/2020:09:09:21 +0800] "GET /xingrg/javascript/easyui/themes/default/tree.css HTTP/1.1" 404 1090
124.77.237.88 - - [09/Nov/2020:09:09:21 +0800] "POST /xingrg/all/common/load_tree.html?tree=supplier_tree_json&isDelete=1 HTTP/1.1" 200 51727
117.184.7.26 - - [09/Nov/2020:09:09:25 +0800] "GET /xingrg/all/function/internal_message.html?_=1604885148815&CODE_STATE=getMsg HTTP/1.1" 200 27
222.69.136.151 - - [09/Nov/2020:09:09:25 +0800] "POST /xingrg/services/DataTransmitService HTTP/1.1" 401 565
222.69.136.151 - - [09/Nov/2020:09:09:25 +0800] "POST /xingrg/services/DataTransmitService HTTP/1.1" 200 478
222.69.136.151 - - [09/Nov/2020:09:09:25 +0800] "POST /xingrg/services/DataTransmitService HTTP/1.1" 200 1319
222.69.136.151 - - [09/Nov/2020:09:09:25 +0800] "POST /xingrg/services/DataTransmitService HTTP/1.1" 200 478
222.69.136.151 - - [09/Nov/2020:09:09:25 +0800] "POST /xingrg/services/DataTransmitService HTTP/1.1" 200 1319
222.69.136.151 - - [09/Nov/2020:09:09:25 +0800] "POST /xingrg/services/DataTransmitService HTTP/1.1" 200 524
222.69.136.151 - - [09/Nov/2020:09:09:25 +0800] "POST /xingrg/services/DataTransmitService HTTP/1.1" 200 1847
114.88.166.242 - - [09/Nov/2020:09:09:25 +0800] "GET /xingrg/kc/buy/cgsh_order_operate.html?command=get_materiel&rest_code=00111&code=00101008091&supplier_code=00100005&order_time=2020-11-09 HTTP/1.1" 200 413
222.69.136.151 - - [09/Nov/2020:09:09:25 +0800] "POST /xingrg/services/DataTransmitService HTTP/1.1" 200 45454
222.69.136.151 - - [09/Nov/2020:09:09:25 +0800] "POST /xingrg/services/DataTransmitService HTTP/1.1" 200 19237
114.88.166.242 - - [09/Nov/2020:09:09:28 +0800] "GET /xingrg/all/function/internal_message.html?_=1604884272402&CODE_STATE=getMsg HTTP/1.1" 200 27
114.84.37.38 - - [09/Nov/2020:09:09:28 +0800] "GET /xingrg/kc/buy/cgsh_order_operate.html?command=get_materiel&rest_code=00146&code=00101008028&supplier_code=00100005&order_time=2020-11-09 HTTP/1.1" 200 412
180.174.56.115 - - [09/Nov/2020:09:09:28 +0800] "GET /xingrg/kc/buy/cgsh_order_operate.html?command=get_materiel&rest_code=00151&code=00101015006&supplier_code=00100007&order_time=2020-11-09 HTTP/1.1" 200 413
114.88.166.242 - - [09/Nov/2020:09:09:32 +0800] "GET /xingrg/kc/buy/cgsh_order_operate.html?command=get_materiel&rest_code=00111&code=00101008055&supplier_code=00100005&order_time=2020-11-09 HTTP/1.1" 200 409
117.185.32.26 - - [09/Nov/2020:09:09:35 +0800] "GET /xingrg/all/function/internal_message.html?_=1604884596129&CODE_STATE=getMsg HTTP/1.1" 200 27
124.77.237.88 - - [09/Nov/2020:09:09:36 +0800] "GET /xingrg/kc/buy/cgsh_order_operate.html?command=get_materiel&rest_code=00107&code=00101006109&supplier_code=00100010&order_time=2020-11-09 HTTP/1.1" 200 409
114.84.37.38 - - [09/Nov/2020:09:09:38 +0800] "GET /xingrg/kc/buy/cgsh_order_operate.html?command=get_materiel&rest_code=00146&code=00101008212&supplier_code=00100005&order_time=2020-11-09 HTTP/1.1" 200 412
114.88.166.242 - - [09/Nov/2020:09:09:39 +0800] "GET /xingrg/kc/buy/cgsh_order_operate.html?command=get_materiel&rest_code=00111&code=00101008290&supplier_code=00100005&order_time=2020-11-09 HTTP/1.1" 200 416
180.162.137.114 - - [09/Nov/2020:09:09:42 +0800] "GET /xingrg/all/function/internal_message.html?_=1604884184524&CODE_STATE=getMsg HTTP/1.1" 200 27
180.174.56.115 - - [09/Nov/2020:09:09:45 +0800] "GET /xingrg/all/function/internal_message.html?_=1604884184357&CODE_STATE=getMsg HTTP/1.1" 200 27
114.88.166.242 - - [09/Nov/2020:09:09:45 +0800] "GET /xingrg/all/function/internal_message.html?_=1604884182681&CODE_STATE=getMsg HTTP/1.1" 200 27
180.174.56.115 - - [09/Nov/2020:09:09:45 +0800] "GET /xingrg/kc/buy/cgsh_order_operate.html?command=get_materiel&rest_code=00151&code=00101008137&supplier_code=00100007&order_time=2020-11-09 HTTP/1.1" 200 408
58.40.7.146 - - [09/Nov/2020:09:09:46 +0800] "GET /xingrg/all/function/internal_message.html?_=1604884186307&CODE_STATE=getMsg HTTP/1.1" 200 27
114.88.166.242 - - [09/Nov/2020:09:09:46 +0800] "GET /xingrg/kc/buy/cgsh_order_operate.html?command=get_materiel&rest_code=00111&code=00101008003&supplier_code=00100005&order_time=2020-11-09 HTTP/1.1" 200 408
172.17.0.100 - - [09/Nov/2020:09:09:47 +0800] "GET /xingrg/all/function/internal_message.html?_=1604884222715&CODE_STATE=getMsg HTTP/1.1" 200 27
180.152.243.105 - - [09/Nov/2020:09:09:47 +0800] "GET /xingrg/all/function/internal_message.html?_=1604884409184&CODE_STATE=getMsg HTTP/1.1" 200 27
180.162.245.190 - - [09/Nov/2020:09:09:47 +0800] "GET /xingrg/all/function/internal_message.html?_=1604884188882&CODE_STATE=getMsg HTTP/1.1" 200 27
124.77.237.88 - - [09/Nov/2020:09:09:49 +0800] "GET /xingrg/kc/buy/cgsh_order_operate.html?command=get_materiel&rest_code=00107&code=00101006113&supplier_code=00100010&order_time=2020-11-09 HTTP/1.1" 200 413
114.84.37.38 - - [09/Nov/2020:09:09:51 +0800] "GET /xingrg/kc/buy/cgsh_order_operate.html?command=get_materiel&rest_code=00146&code=00101008069&supplier_code=00100005&order_time=2020-11-09 HTTP/1.1" 200 412
180.162.245.190 - - [09/Nov/2020:09:09:53 +0800] "GET /xingrg/check_reg.html?_=1604884175158 HTTP/1.1" 200 22
180.162.245.190 - - [09/Nov/2020:09:09:53 +0800] "GET /xingrg/all/function/internal_message.html?_=1604884175161&CODE_STATE=getMsg HTTP/1.1" 200 27
114.88.166.242 - - [09/Nov/2020:09:09:54 +0800] "GET /xingrg/kc/buy/cgsh_order_operate.html?command=get_materiel&rest_code=00111&code=00101008067&supplier_code=00100005&order_time=2020-11-09 HTTP/1.1" 200 416
172.17.0.123 - - [09/Nov/2020:09:09:59 +0800] "GET /xingrg/all/function/internal_message.html?_=1604884152968&CODE_STATE=getMsg HTTP/1.1" 200 27
172.17.0.123 - - [09/Nov/2020:09:09:59 +0800] "GET /xingrg/check_reg.html?_=1604884152970 HTTP/1.1" 200 22
180.174.56.115 - - [09/Nov/2020:09:10:00 +0800] "POST /xingrg/kc/buy/cgsh_order_operate.html HTTP/1.1" 200 37
180.174.56.115 - - [09/Nov/2020:09:10:02 +0800] "POST /xingrg/kc/buy/cgsh_order_operate.html HTTP/1.1" 200 25947
114.84.37.38 - - [09/Nov/2020:09:10:02 +0800] "GET /xingrg/kc/buy/cgsh_order_operate.html?command=get_materiel&rest_code=00146&code=00101008353&supplier_code=00100005&order_time=2020-11-09 HTTP/1.1" 200 408
124.77.237.88 - - [09/Nov/2020:09:10:02 +0800] "GET /xingrg/kc/buy/cgsh_order_operate.html?command=get_materiel&rest_code=00107&code=00101006124&supplier_code=00100010&order_time=2020-11-09 HTTP/1.1" 200 409
114.84.37.38 - - [09/Nov/2020:09:10:05 +0800] "GET /xingrg/all/function/internal_message.html?_=1604884210786&CODE_STATE=getMsg HTTP/1.1" 200 27
114.88.166.242 - - [09/Nov/2020:09:10:06 +0800] "GET /xingrg/kc/buy/cgsh_order_operate.html?command=get_materiel&rest_code=00111&code=00101008196&supplier_code=00100005&order_time=2020-11-09 HTTP/1.1" 200 416
120.253.135.82 - - [09/Nov/2020:09:10:07 +0800] "GET /xingrg/check_reg.html?_=1604883954653 HTTP/1.1" 200 22
124.77.237.88 - - [09/Nov/2020:09:10:09 +0800] "GET /xingrg/all/function/internal_message.html?_=1604884208281&CODE_STATE=getMsg HTTP/1.1" 200 27
114.88.166.242 - - [09/Nov/2020:09:10:13 +0800] "GET /xingrg/kc/buy/cgsh_order_operate.html?command=get_materiel&rest_code=00111&code=00101008357&supplier_code=00100005&order_time=2020-11-09 HTTP/1.1" 200 408
124.77.237.88 - - [09/Nov/2020:09:10:17 +0800] "GET /xingrg/kc/buy/cgsh_order_operate.html?command=get_materiel&rest_code=00107&code=00101006006&supplier_code=00100010&order_time=2020-11-09 HTTP/1.1" 200 409
114.88.166.242 - - [09/Nov/2020:09:10:20 +0800] "GET /xingrg/kc/buy/cgsh_order_operate.html?command=get_materiel&rest_code=00111&code=00101008006&supplier_code=00100005&order_time=2020-11-09 HTTP/1.1" 200 416
114.84.37.38 - - [09/Nov/2020:09:10:25 +0800] "GET /xingrg/kc/buy/cgsh_order_operate.html?command=get_materiel&rest_code=00146&code=00101008213&supplier_code=00100005&order_time=2020-11-09 HTTP/1.1" 200 412
117.184.7.26 - - [09/Nov/2020:09:10:25 +0800] "GET /xingrg/check_reg.html?_=1604885208829 HTTP/1.1" 200 22
117.184.7.26 - - [09/Nov/2020:09:10:25 +0800] "GET /xingrg/all/function/internal_message.html?_=1604885208836&CODE_STATE=getMsg HTTP/1.1" 200 27
114.88.166.242 - - [09/Nov/2020:09:10:27 +0800] "GET /xingrg/kc/buy/cgsh_order_operate.html?command=get_materiel&rest_code=00111&code=00101008295&supplier_code=00100005&order_time=2020-11-09 HTTP/1.1" 200 412
114.88.166.242 - - [09/Nov/2020:09:10:28 +0800] "GET /xingrg/all/function/internal_message.html?_=1604884332385&CODE_STATE=getMsg HTTP/1.1" 200 27
124.77.237.88 - - [09/Nov/2020:09:10:28 +0800] "GET /xingrg/kc/buy/cgsh_order_operate.html?command=get_materiel&rest_code=00107&code=00101006111&supplier_code=00100010&order_time=2020-11-09 HTTP/1.1" 200 409
172.17.0.101 - - [09/Nov/2020:09:10:30 +0800] "GET /xingrg/index.html?sysBaseUrl=http%3A%2F%2F172.17.0.8%3A18081%2Fxingrg%2F&costTime=32×tamp=1585227824564 HTTP/1.1" 302 -
172.17.0.101 - - [09/Nov/2020:09:10:30 +0800] "GET /xingrg/login.html HTTP/1.1" 200 7636
172.17.0.101 - - [09/Nov/2020:09:10:32 +0800] "GET /favicon.ico HTTP/1.1" 404 -
117.185.32.26 - - [09/Nov/2020:09:10:35 +0800] "GET /xingrg/all/function/internal_message.html?_=1604884656154&CODE_STATE=getMsg HTTP/1.1" 200 27
117.185.32.26 - - [09/Nov/2020:09:10:35 +0800] "GET /xingrg/check_reg.html?_=1604884656155 HTTP/1.1" 200 22
222.69.136.151 - - [09/Nov/2020:09:10:36 +0800] "POST /xingrg/services/DataTransmitService HTTP/1.1" 200 524
114.88.166.242 - - [09/Nov/2020:09:10:37 +0800] "GET /xingrg/kc/buy/cgsh_order_operate.html?command=get_materiel&rest_code=00111&code=00101008005&supplier_code=00100005&order_time=2020-11-09 HTTP/1.1" 200 412
172.17.0.101 - - [09/Nov/2020:09:10:39 +0800] "POST /xingrg/login.do HTTP/1.1" 302 -
172.17.0.101 - - [09/Nov/2020:09:10:39 +0800] "GET /xingrg/index.html?sysBaseUrl=http%3A%2F%2F172.17.0.8%3A18081%2Fxingrg%2F&costTime=91×tamp=1604884239323 HTTP/1.1" 200 17124
172.17.0.101 - - [09/Nov/2020:09:10:39 +0800] "GET /favicon.ico HTTP/1.1" 404 -
172.17.0.101 - - [09/Nov/2020:09:10:39 +0800] "POST /xingrg/all/common/load_tree.html?tree=area_rest_tree_json&manage=1 HTTP/1.1" 200 604
172.17.0.101 - - [09/Nov/2020:09:10:39 +0800] "GET /xingrg/all/function/internal_message.html?_=1604884240909&CODE_STATE=count HTTP/1.1" 200 11
172.17.0.101 - - [09/Nov/2020:09:10:40 +0800] "GET /xingrg/check_reg.html?_=1604884240910 HTTP/1.1" 200 22
172.17.0.101 - - [09/Nov/2020:09:10:40 +0800] "POST /xingrg/load_menu.html HTTP/1.1" 200 5103
180.162.137.114 - - [09/Nov/2020:09:10:43 +0800] "GET /xingrg/all/function/internal_message.html?_=1604884244539&CODE_STATE=getMsg HTTP/1.1" 200 27
114.84.37.38 - - [09/Nov/2020:09:10:44 +0800] "GET /xingrg/kc/buy/cgsh_order_operate.html?command=get_materiel&rest_code=00146&code=00101008242&supplier_code=00100005&order_time=2020-11-09 HTTP/1.1" 200 408
180.174.56.115 - - [09/Nov/2020:09:10:45 +0800] "GET /xingrg/all/function/internal_message.html?_=1604884244361&CODE_STATE=getMsg HTTP/1.1" 200 27
114.88.166.242 - - [09/Nov/2020:09:10:45 +0800] "GET /xingrg/all/function/internal_message.html?_=1604884242738&CODE_STATE=getMsg HTTP/1.1" 200 27
114.88.166.242 - - [09/Nov/2020:09:10:45 +0800] "GET /xingrg/kc/buy/cgsh_order_operate.html?command=get_materiel&rest_code=00111&code=00101008305&supplier_code=00100005&order_time=2020-11-09 HTTP/1.1" 200 412
58.40.7.146 - - [09/Nov/2020:09:10:46 +0800] "GET /xingrg/all/function/internal_message.html?_=1604884246295&CODE_STATE=getMsg HTTP/1.1" 200 27
124.77.237.88 - - [09/Nov/2020:09:10:46 +0800] "GET /xingrg/kc/buy/cgsh_order_operate.html?command=get_materiel&rest_code=00107&code=00101006110&supplier_code=00100010&order_time=2020-11-09 HTTP/1.1" 200 408
172.17.0.100 - - [09/Nov/2020:09:10:47 +0800] "GET /xingrg/all/function/internal_message.html?_=1604884282716&CODE_STATE=getMsg HTTP/1.1" 200 27
180.162.245.190 - - [09/Nov/2020:09:10:47 +0800] "GET /xingrg/all/function/internal_message.html?_=1604884248882&CODE_STATE=getMsg HTTP/1.1" 200 27
180.152.243.105 - - [09/Nov/2020:09:10:47 +0800] "GET /xingrg/all/function/internal_message.html?_=1604884469770&CODE_STATE=getMsg HTTP/1.1" 200 27
180.162.245.190 - - [09/Nov/2020:09:10:53 +0800] "GET /xingrg/all/function/internal_message.html?_=1604884235162&CODE_STATE=getMsg HTTP/1.1" 200 27
114.84.37.38 - - [09/Nov/2020:09:10:55 +0800] "GET /xingrg/kc/buy/cgsh_order_operate.html?command=get_materiel&rest_code=00146&code=00101008330&supplier_code=00100005&order_time=2020-11-09 HTTP/1.1" 200 408
172.17.0.123 - - [09/Nov/2020:09:10:59 +0800] "GET /xingrg/all/function/internal_message.html?_=1604884212956&CODE_STATE=getMsg HTTP/1.1" 200 27
180.152.243.105 - - [09/Nov/2020:09:11:00 +0800] "GET /xingrg/kc/buy/cgsh_order_list.html HTTP/1.1" 200 44875
180.152.243.105 - - [09/Nov/2020:09:11:01 +0800] "POST /xingrg/kc/buy/cgsh_list_operate.html HTTP/1.1" 200 876
180.162.137.114 - - [09/Nov/2020:09:11:02 +0800] "GET /xingrg/javascript/jquery_easy_ui/themes/default/images/tree_arrows.gif HTTP/1.1" 304 -
180.152.243.105 - - [09/Nov/2020:09:11:04 +0800] "GET /xingrg/kc/buy/cgsh_order_add.html HTTP/1.1" 200 60572
180.162.137.114 - - [09/Nov/2020:09:11:04 +0800] "GET /xingrg/kc/cost/crk_report.html HTTP/1.1" 200 22105
180.162.137.114 - - [09/Nov/2020:09:11:04 +0800] "POST /xingrg/kc/cost/cost_operate.html?command=get_base_tree HTTP/1.1" 200 786
180.152.243.105 - - [09/Nov/2020:09:11:04 +0800] "POST /xingrg/kc/buy/cgsh_order_operate.html HTTP/1.1" 200 8245
180.162.137.114 - - [09/Nov/2020:09:11:04 +0800] "POST /xingrg/kc/cost/cost_operate.html HTTP/1.1" 200 37
180.162.137.114 - - [09/Nov/2020:09:11:04 +0800] "POST /xingrg/all/common/load_tree.html?tree=materiel_sort_tree_json HTTP/1.1" 200 8666
180.152.243.105 - - [09/Nov/2020:09:11:05 +0800] "GET /xingrg/javascript/easyui/themes/default/validatebox.css HTTP/1.1" 404 1104
114.84.37.38 - - [09/Nov/2020:09:11:05 +0800] "GET /xingrg/all/function/internal_message.html?_=1604884270799&CODE_STATE=getMsg HTTP/1.1" 200 27
114.84.37.38 - - [09/Nov/2020:09:11:06 +0800] "GET /xingrg/kc/buy/cgsh_order_operate.html?command=get_materiel&rest_code=00146&code=00101008017&supplier_code=00100005&order_time=2020-11-09 HTTP/1.1" 200 416
180.152.243.105 - - [09/Nov/2020:09:11:09 +0800] "GET /xingrg/javascript/easyui/themes/default/tree.css HTTP/1.1" 404 1090
180.152.243.105 - - [09/Nov/2020:09:11:09 +0800] "POST /xingrg/all/common/load_tree.html?tree=supplier_tree_json&isDelete=1 HTTP/1.1" 200 51727
124.77.237.88 - - [09/Nov/2020:09:11:09 +0800] "GET /xingrg/check_reg.html?_=1604884267979 HTTP/1.1" 200 22
124.77.237.88 - - [09/Nov/2020:09:11:09 +0800] "GET /xingrg/all/function/internal_message.html?_=1604884268262&CODE_STATE=getMsg HTTP/1.1" 200 27
114.88.166.242 - - [09/Nov/2020:09:11:09 +0800] "GET /xingrg/check_reg.html?_=1604884267296 HTTP/1.1" 200 22
114.88.166.242 - - [09/Nov/2020:09:11:11 +0800] "GET /xingrg/kc/buy/cgsh_order_operate.html?command=get_materiel&rest_code=00111&code=00101008277&supplier_code=00100005&order_time=2020-11-09 HTTP/1.1" 200 412
180.162.137.114 - - [09/Nov/2020:09:11:14 +0800] "GET /xingrg/all/report/report_query.html?isQuery=1&onlyBody=1&rh=99999&varString=cost_id:2877,rk_cost:cgsh_rk_money-cgth_ck_money$add$pssh_rk_money-psth_ck_money$add$yddb_rk_money$add$qt_rk_money$add$wldb_rk_money$add$check_rk_money,ck_cost:cgsh_rk_money-cgth_ck_money$add$pssh_rk_money-psth_ck_money$add$yddb_rk_money$add$qt_rk_money$add$wldb_rk_money$add$check_rk_money,rk_nums:cgsh_rk_number-cgth_ck_number$add$pssh_rk_number-psth_ck_number$add$yddb_rk_number$add$qt_rk_number$add$wldb_rk_number$add$check_rk_number,ck_nums:cgsh_rk_number-cgth_ck_number$add$pssh_rk_number-psth_ck_number$add$yddb_rk_number$add$qt_rk_number$add$wldb_rk_number$add$check_rk_number&fileName=kc/cost/crk_define_by_base.xml&queryString=%20a.base_code%20in%20(%270010656%27,%270010658%27,%270010659%27,%270010669%27)%20&queryText=%D4%C2%B7%DD%A3%BA2020%C4%EA10%D4%C2%20%B2%D6%BF%E2%A3%BA%CE%EF%C1%CF%B2%D6%BF%E2,%D0%A1%C9%CC%C6%B7,%BF%CD%B7%BF%B2%BF,%CF%E3%D1%CC%BF%E2&tableQueryString=materiel_table$sp1$$sp$before_table$sp1$$sp$crk_table$sp1$order_day%20between%2020201001%20and%2020201031 HTTP/1.1" 200 49143
180.162.137.114 - - [09/Nov/2020:09:11:14 +0800] "GET /xingrg/dwr/interface/AjaxReportQueryService.js HTTP/1.1" 200 13203
180.162.137.114 - - [09/Nov/2020:09:11:14 +0800] "GET /xingrg/dwr/engine.js HTTP/1.1" 200 43631
222.69.136.151 - - [09/Nov/2020:09:11:14 +0800] "POST /xingrg/services/DataTransmitService HTTP/1.1" 200 501
180.162.137.114 - - [09/Nov/2020:09:11:15 +0800] "POST /xingrg/all/report/load_report_page.html HTTP/1.1" 200 33386
180.162.137.114 - - [09/Nov/2020:09:11:16 +0800] "GET /xingrg/servlets/image?cache=0.05900744826445137&image=px HTTP/1.1" 200 807
222.69.136.151 - - [09/Nov/2020:09:11:16 +0800] "POST /xingrg/services/DataTransmitService HTTP/1.1" 200 501
114.84.37.38 - - [09/Nov/2020:09:11:18 +0800] "GET /xingrg/kc/buy/cgsh_order_operate.html?command=get_materiel&rest_code=00146&code=00101008225&supplier_code=00100005&order_time=2020-11-09 HTTP/1.1" 200 416
117.184.7.26 - - [09/Nov/2020:09:11:25 +0800] "GET /xingrg/all/function/internal_message.html?_=1604885268807&CODE_STATE=getMsg HTTP/1.1" 200 27
114.88.166.242 - - [09/Nov/2020:09:11:28 +0800] "GET /xingrg/all/function/internal_message.html?_=1604884392356&CODE_STATE=getMsg HTTP/1.1" 200 27
114.88.166.242 - - [09/Nov/2020:09:11:29 +0800] "GET /xingrg/kc/buy/cgsh_order_operate.html?command=get_materiel&rest_code=00111&code=00101008283&supplier_code=00100005&order_time=2020-11-09 HTTP/1.1" 200 408
114.84.37.38 - - [09/Nov/2020:09:11:29 +0800] "GET /xingrg/kc/buy/cgsh_order_operate.html?command=get_materiel&rest_code=00146&code=00101008055&supplier_code=00100005&order_time=2020-11-09 HTTP/1.1" 200 409
117.185.32.26 - - [09/Nov/2020:09:11:35 +0800] "GET /xingrg/all/function/internal_message.html?_=1604884716154&CODE_STATE=getMsg HTTP/1.1" 200 27
114.88.166.242 - - [09/Nov/2020:09:11:36 +0800] "GET /xingrg/kc/buy/cgsh_order_operate.html?command=get_materiel&rest_code=00111&code=00101008149&supplier_code=00100005&order_time=2020-11-09 HTTP/1.1" 200 408
101.93.222.235 - - [09/Nov/2020:09:11:38 +0800] "POST /xingrg/services/DataTransmitService HTTP/1.1" 200 524
222.69.136.151 - - [09/Nov/2020:09:11:38 +0800] "POST /xingrg/services/DataTransmitService HTTP/1.1" 200 501
114.88.166.242 - - [09/Nov/2020:09:11:39 +0800] "POST /xingrg/kc/buy/cgsh_order_operate.html HTTP/1.1" 200 2065
172.17.0.101 - - [09/Nov/2020:09:11:40 +0800] "GET /xingrg/all/function/internal_message.html?_=1604884300924&CODE_STATE=getMsg HTTP/1.1" 200 27
124.77.237.88 - - [09/Nov/2020:09:11:40 +0800] "POST /xingrg/kc/buy/cgsh_order_operate.html HTTP/1.1" 200 37
124.77.237.88 - - [09/Nov/2020:09:11:42 +0800] "POST /xingrg/kc/buy/cgsh_order_operate.html HTTP/1.1" 200 6781
180.162.137.114 - - [09/Nov/2020:09:11:43 +0800] "GET /xingrg/all/function/internal_message.html?_=1604884304549&CODE_STATE=getMsg HTTP/1.1" 200 27
114.84.37.38 - - [09/Nov/2020:09:11:43 +0800] "GET /xingrg/kc/buy/cgsh_order_operate.html?command=get_materiel&rest_code=00146&code=00101008244&supplier_code=00100005&order_time=2020-11-09 HTTP/1.1" 200 408
180.174.56.115 - - [09/Nov/2020:09:11:45 +0800] "GET /xingrg/all/function/internal_message.html?_=1604884304359&CODE_STATE=getMsg HTTP/1.1" 200 27
114.88.166.242 - - [09/Nov/2020:09:11:45 +0800] "GET /xingrg/all/function/internal_message.html?_=1604884302740&CODE_STATE=getMsg HTTP/1.1" 200 27
124.77.237.88 - - [09/Nov/2020:09:11:45 +0800] "GET /xingrg/kc/print/load_data.html?order_code=212020110903481&kc_code=cgsh&condition= HTTP/1.1" 200 2283
114.88.166.242 - - [09/Nov/2020:09:11:45 +0800] "GET /xingrg/kc/buy/cgsh_order_operate.html?command=get_materiel&rest_code=00111&code=00101008038&supplier_code=00100005&order_time=2020-11-09 HTTP/1.1" 200 413
58.40.7.146 - - [09/Nov/2020:09:11:46 +0800] "GET /xingrg/all/function/internal_message.html?_=1604884306298&CODE_STATE=getMsg HTTP/1.1" 200 27
172.17.0.100 - - [09/Nov/2020:09:11:47 +0800] "GET /xingrg/all/function/internal_message.html?_=1604884342716&CODE_STATE=getMsg HTTP/1.1" 200 27
180.162.245.190 - - [09/Nov/2020:09:11:47 +0800] "GET /xingrg/all/function/internal_message.html?_=1604884308882&CODE_STATE=getMsg HTTP/1.1" 200 27
114.84.37.38 - - [09/Nov/2020:09:11:48 +0800] "POST /xingrg/kc/buy/cgsh_order_operate.html HTTP/1.1" 200 2065
180.152.243.105 - - [09/Nov/2020:09:11:48 +0800] "GET /xingrg/all/function/internal_message.html?_=1604884530003&CODE_STATE=getMsg HTTP/1.1" 200 27
124.77.237.88 - - [09/Nov/2020:09:11:49 +0800] "GET /xingrg/kc/buy/cgsh_order_add.html HTTP/1.1" 200 60701
124.77.237.88 - - [09/Nov/2020:09:11:50 +0800] "POST /xingrg/kc/buy/cgsh_order_operate.html HTTP/1.1" 200 8245
124.77.237.88 - - [09/Nov/2020:09:11:50 +0800] "GET /xingrg/javascript/easyui/themes/default/validatebox.css HTTP/1.1" 404 1104
124.77.237.88 - - [09/Nov/2020:09:11:51 +0800] "GET /xingrg/javascript/easyui/themes/default/tree.css HTTP/1.1" 404 1090
124.77.237.88 - - [09/Nov/2020:09:11:51 +0800] "POST /xingrg/all/common/load_tree.html?tree=supplier_tree_json&isDelete=1 HTTP/1.1" 200 51727
180.162.245.190 - - [09/Nov/2020:09:11:53 +0800] "GET /xingrg/all/function/internal_message.html?_=1604884295189&CODE_STATE=getMsg HTTP/1.1" 200 27
180.152.243.105 - - [09/Nov/2020:09:11:53 +0800] "GET /xingrg/kc/buy/cgsh_order_operate.html?command=get_materiel&rest_code=00102&code=00101011005&supplier_code=00100047&order_time=2020-11-09 HTTP/1.1" 200 428
114.88.166.242 - - [09/Nov/2020:09:11:55 +0800] "GET /xingrg/kc/buy/cgsh_order_operate.html?command=get_materiel&rest_code=00111&code=00101008163&supplier_code=00100005&order_time=2020-11-09 HTTP/1.1" 200 409
114.84.37.38 - - [09/Nov/2020:09:11:56 +0800] "GET /xingrg/kc/buy/cgsh_order_operate.html?command=get_materiel&rest_code=00146&code=00101008125&supplier_code=00100005&order_time=2020-11-09 HTTP/1.1" 200 413
172.17.0.123 - - [09/Nov/2020:09:11:59 +0800] "GET /xingrg/all/function/internal_message.html?_=1604884272962&CODE_STATE=getMsg HTTP/1.1" 200 27
180.162.137.114 - - [09/Nov/2020:09:12:01 +0800] "GET /xingrg/javascript/jquery_easy_ui/themes/default/images/button_plain_hover.png HTTP/1.1" 304 -
114.88.166.242 - - [09/Nov/2020:09:12:01 +0800] "GET /xingrg/kc/buy/cgsh_order_operate.html?command=get_materiel&rest_code=00111&code=00101008361&supplier_code=00100005&order_time=2020-11-09 HTTP/1.1" 200 408
222.69.136.151 - - [09/Nov/2020:09:12:01 +0800] "POST /xingrg/services/DataTransmitService HTTP/1.1" 200 501
114.84.37.38 - - [09/Nov/2020:09:12:02 +0800] "GET /xingrg/check_reg.html?_=1604884327895 HTTP/1.1" 200 22
114.84.37.38 - - [09/Nov/2020:09:12:05 +0800] "GET /xingrg/all/function/internal_message.html?_=1604884330812&CODE_STATE=getMsg HTTP/1.1" 200 27
222.69.136.151 - - [09/Nov/2020:09:12:06 +0800] "POST /xingrg/services/DataTransmitService HTTP/1.1" 200 501
114.84.37.38 - - [09/Nov/2020:09:12:06 +0800] "GET /xingrg/kc/buy/cgsh_order_operate.html?command=get_materiel&rest_code=00146&code=00101008354&supplier_code=00100005&order_time=2020-11-09 HTTP/1.1" 200 412
222.69.136.151 - - [09/Nov/2020:09:12:06 +0800] "POST /xingrg/services/DataTransmitService HTTP/1.1" 200 501
124.77.237.88 - - [09/Nov/2020:09:12:06 +0800] "GET /xingrg/kc/buy/cgsh_order_operate.html?command=get_materiel&rest_code=00107&code=00101007061&supplier_code=00100002&order_time=2020-11-09 HTTP/1.1" 200 409
124.77.237.88 - - [09/Nov/2020:09:12:09 +0800] "GET /xingrg/all/function/internal_message.html?_=1604884328268&CODE_STATE=getMsg HTTP/1.1" 200 27
180.162.137.114 - - [09/Nov/2020:09:12:09 +0800] "GET /xingrg/all/report/report_query.html?isQuery=1&onlyBody=1&rh=99999&varString=cost_id:2877,rk_cost:cgsh_rk_money-cgth_ck_money$add$pssh_rk_money-psth_ck_money$add$yddb_rk_money$add$qt_rk_money$add$wldb_rk_money$add$check_rk_money,ck_cost:cgsh_rk_money-cgth_ck_money$add$pssh_rk_money-psth_ck_money$add$yddb_rk_money$add$qt_rk_money$add$wldb_rk_money$add$check_rk_money,rk_nums:cgsh_rk_number-cgth_ck_number$add$pssh_rk_number-psth_ck_number$add$yddb_rk_number$add$qt_rk_number$add$wldb_rk_number$add$check_rk_number,ck_nums:cgsh_rk_number-cgth_ck_number$add$pssh_rk_number-psth_ck_number$add$yddb_rk_number$add$qt_rk_number$add$wldb_rk_number$add$check_rk_number&fileName=kc/cost/crk_define_by_base.xml&queryString=%20a.base_code%20in%20(%270010656%27,%270010658%27,%270010659%27,%270010669%27)%20%20and%20m.sort_code%20in%20(%2700102021%27)%20&queryText=%D4%C2%B7%DD%A3%BA2020%C4%EA10%D4%C2%20%B2%D6%BF%E2%A3%BA%CE%EF%C1%CF%B2%D6%BF%E2,%D0%A1%C9%CC%C6%B7,%BF%CD%B7%BF%B2%BF,%CF%E3%D1%CC%BF%E2&tableQueryString=materiel_table$sp1$$sp$before_table$sp1$$sp$crk_table$sp1$order_day%20between%2020201001%20and%2020201031 HTTP/1.1" 200 49176
180.162.137.114 - - [09/Nov/2020:09:12:10 +0800] "GET /xingrg/dwr/interface/AjaxReportQueryService.js HTTP/1.1" 200 13203
180.162.137.114 - - [09/Nov/2020:09:12:10 +0800] "GET /xingrg/dwr/engine.js HTTP/1.1" 200 43631
180.162.137.114 - - [09/Nov/2020:09:12:11 +0800] "POST /xingrg/all/report/load_report_page.html HTTP/1.1" 200 28955
180.162.137.114 - - [09/Nov/2020:09:12:11 +0800] "GET /xingrg/servlets/image?cache=0.8093010369583152&image=px HTTP/1.1" 200 807
114.88.166.242 - - [09/Nov/2020:09:12:15 +0800] "POST /xingrg/kc/buy/cgsh_order_operate.html HTTP/1.1" 200 2065
222.69.136.151 - - [09/Nov/2020:09:12:16 +0800] "POST /xingrg/services/DataTransmitService HTTP/1.1" 200 501
124.77.237.88 - - [09/Nov/2020:09:12:18 +0800] "GET /xingrg/kc/buy/cgsh_order_operate.html?command=get_materiel&rest_code=00107&code=00101007022&supplier_code=00100002&order_time=2020-11-09 HTTP/1.1" 200 413
222.69.136.151 - - [09/Nov/2020:09:12:19 +0800] "POST /xingrg/services/DataTransmitService HTTP/1.1" 200 501
114.88.166.242 - - [09/Nov/2020:09:12:20 +0800] "GET /xingrg/kc/buy/cgsh_order_operate.html?command=get_materiel&rest_code=00111&code=00101008069&supplier_code=00100005&order_time=2020-11-09 HTTP/1.1" 200 412
222.69.136.151 - - [09/Nov/2020:09:12:20 +0800] "POST /xingrg/services/DataTransmitService HTTP/1.1" 200 501
114.84.37.38 - - [09/Nov/2020:09:12:21 +0800] "GET /xingrg/kc/buy/cgsh_order_operate.html?command=get_materiel&rest_code=00146&code=00101009011&supplier_code=00100005&order_time=2020-11-09 HTTP/1.1" 200 416
117.184.7.26 - - [09/Nov/2020:09:12:25 +0800] "GET /xingrg/all/function/internal_message.html?_=1604885328831&CODE_STATE=getMsg HTTP/1.1" 200 27
117.131.5.26 - - [09/Nov/2020:09:12:27 +0800] "GET /xingrg/check_reg.html?_=1604884646550 HTTP/1.1" 302 -
117.131.5.26 - - [09/Nov/2020:09:12:27 +0800] "GET /xingrg/login.html HTTP/1.1" 200 7641
117.131.5.26 - - [09/Nov/2020:09:12:27 +0800] "GET /xingrg/all/function/internal_message.html?_=1604884646520&CODE_STATE=getMsg HTTP/1.1" 302 -
117.131.5.26 - - [09/Nov/2020:09:12:27 +0800] "GET /xingrg/login.html HTTP/1.1" 200 7641
114.88.166.242 - - [09/Nov/2020:09:12:28 +0800] "GET /xingrg/all/function/internal_message.html?_=1604884452435&CODE_STATE=getMsg HTTP/1.1" 200 27
114.88.166.242 - - [09/Nov/2020:09:12:28 +0800] "GET /xingrg/check_reg.html?_=1604884452437 HTTP/1.1" 200 22
124.77.237.88 - - [09/Nov/2020:09:12:28 +0800] "GET /xingrg/kc/buy/cgsh_order_operate.html?command=get_materiel&rest_code=00107&code=00101007063&supplier_code=00100002&order_time=2020-11-09 HTTP/1.1" 200 409
222.69.136.151 - - [09/Nov/2020:09:12:28 +0800] "POST /xingrg/services/DataTransmitService HTTP/1.1" 200 412
114.84.37.38 - - [09/Nov/2020:09:12:29 +0800] "GET /xingrg/kc/buy/cgsh_order_operate.html?command=get_materiel&rest_code=00146&code=00101008418&supplier_code=00100005&order_time=2020-11-09 HTTP/1.1" 200 398
114.88.166.242 - - [09/Nov/2020:09:12:32 +0800] "GET /xingrg/kc/buy/cgsh_order_operate.html?command=get_materiel&rest_code=00111&code=00101008036&supplier_code=00100005&order_time=2020-11-09 HTTP/1.1" 200 408
117.185.32.26 - - [09/Nov/2020:09:12:35 +0800] "GET /xingrg/all/function/internal_message.html?_=1604884776153&CODE_STATE=getMsg HTTP/1.1" 200 27
172.17.0.101 - - [09/Nov/2020:09:12:40 +0800] "GET /xingrg/all/function/internal_message.html?_=1604884360924&CODE_STATE=getMsg HTTP/1.1" 200 27
180.162.137.114 - - [09/Nov/2020:09:12:41 +0800] "GET /xingrg/check_reg.html?_=1604884363503 HTTP/1.1" 200 22
114.88.166.242 - - [09/Nov/2020:09:12:42 +0800] "GET /xingrg/kc/buy/cgsh_order_operate.html?command=get_materiel&rest_code=00111&code=00101008131&supplier_code=00100005&order_time=2020-11-09 HTTP/1.1" 200 408
180.162.137.114 - - [09/Nov/2020:09:12:43 +0800] "GET /xingrg/all/function/internal_message.html?_=1604884364561&CODE_STATE=getMsg HTTP/1.1" 200 27
114.84.37.38 - - [09/Nov/2020:09:12:43 +0800] "GET /xingrg/kc/buy/cgsh_order_operate.html?command=get_materiel&rest_code=00146&code=00101008351&supplier_code=00100005&order_time=2020-11-09 HTTP/1.1" 200 427
180.174.56.115 - - [09/Nov/2020:09:12:45 +0800] "GET /xingrg/all/function/internal_message.html?_=1604884364372&CODE_STATE=getMsg HTTP/1.1" 200 27
114.88.166.242 - - [09/Nov/2020:09:12:45 +0800] "GET /xingrg/all/function/internal_message.html?_=1604884362753&CODE_STATE=getMsg HTTP/1.1" 200 27
58.40.7.146 - - [09/Nov/2020:09:12:46 +0800] "GET /xingrg/all/function/internal_message.html?_=1604884366301&CODE_STATE=getMsg HTTP/1.1" 200 27
180.152.243.105 - - [09/Nov/2020:09:12:46 +0800] "POST /xingrg/kc/buy/cgsh_order_operate.html HTTP/1.1" 200 37
172.17.0.100 - - [09/Nov/2020:09:12:47 +0800] "GET /xingrg/all/function/internal_message.html?_=1604884402708&CODE_STATE=getMsg HTTP/1.1" 200 27
180.162.245.190 - - [09/Nov/2020:09:12:47 +0800] "GET /xingrg/all/function/internal_message.html?_=1604884368931&CODE_STATE=getMsg HTTP/1.1" 200 27
124.77.237.88 - - [09/Nov/2020:09:12:47 +0800] "GET /xingrg/kc/buy/cgsh_order_operate.html?command=get_materiel&rest_code=00107&code=00101006007&supplier_code=00100002&order_time=2020-11-09 HTTP/1.1" 200 417
180.152.243.105 - - [09/Nov/2020:09:12:48 +0800] "GET /xingrg/all/function/internal_message.html?_=1604884590021&CODE_STATE=getMsg HTTP/1.1" 200 27
180.162.245.190 - - [09/Nov/2020:09:12:48 +0800] "POST /xingrg/kc/buy/cgsh_order_operate.html HTTP/1.1" 200 37
114.88.166.242 - - [09/Nov/2020:09:12:48 +0800] "GET /xingrg/kc/buy/cgsh_order_operate.html?command=get_materiel&rest_code=00111&code=00101008318&supplier_code=00100005&order_time=2020-11-09 HTTP/1.1" 200 408
180.162.245.190 - - [09/Nov/2020:09:12:49 +0800] "POST /xingrg/kc/buy/cgsh_order_operate.html HTTP/1.1" 200 33404
180.152.243.105 - - [09/Nov/2020:09:12:50 +0800] "POST /xingrg/kc/buy/cgsh_order_operate.html HTTP/1.1" 200 12
