180.162.245.190 - - [09/Nov/2020:10:32:07 +0800] "POST /xingrg/all/common/load_combo.html?type=base HTTP/1.1" 200 3236
124.77.237.88 - - [09/Nov/2020:10:32:08 +0800] "POST /xingrg/dwr/call/plaincall/AjaxCheckService.setItemNumber.dwr HTTP/1.1" 200 77
180.152.243.105 - - [09/Nov/2020:10:32:08 +0800] "GET /xingrg/all/function/internal_message.html?_=1604889350609&CODE_STATE=getMsg HTTP/1.1" 200 27
124.77.237.88 - - [09/Nov/2020:10:32:08 +0800] "POST /xingrg/dwr/call/plaincall/AjaxCheckService.setItemNumber.dwr HTTP/1.1" 200 77
124.77.237.88 - - [09/Nov/2020:10:32:08 +0800] "GET /xingrg/all/function/internal_message.html?_=1604889127704&CODE_STATE=getMsg HTTP/1.1" 200 27
180.162.245.190 - - [09/Nov/2020:10:32:11 +0800] "POST /xingrg/all/common/load_combo.html?type=base HTTP/1.1" 200 3236
183.192.164.85 - - [09/Nov/2020:10:32:13 +0800] "GET /xingrg/kc/buy/cgsh_order_operate.html?command=get_materiel&rest_code=00106&code=00101008147&supplier_code=00100009&order_time=2020-11-09 HTTP/1.1" 302 -
124.77.237.88 - - [09/Nov/2020:10:32:14 +0800] "POST /xingrg/dwr/call/plaincall/AjaxCheckService.setItemNumber.dwr HTTP/1.1" 200 77
124.77.237.88 - - [09/Nov/2020:10:32:15 +0800] "POST /xingrg/dwr/call/plaincall/AjaxCheckService.setItemNumber.dwr HTTP/1.1" 200 77
124.77.237.88 - - [09/Nov/2020:10:32:15 +0800] "POST /xingrg/dwr/call/plaincall/AjaxCheckService.setItemNumber.dwr HTTP/1.1" 200 77
183.192.164.85 - - [09/Nov/2020:10:32:15 +0800] "GET /xingrg/login.html HTTP/1.1" 200 7641
124.77.237.88 - - [09/Nov/2020:10:32:17 +0800] "POST /xingrg/dwr/call/plaincall/AjaxCheckService.setItemNumber.dwr HTTP/1.1" 200 77
124.77.237.88 - - [09/Nov/2020:10:32:17 +0800] "POST /xingrg/dwr/call/plaincall/AjaxCheckService.setItemNumber.dwr HTTP/1.1" 200 77
124.77.237.88 - - [09/Nov/2020:10:32:17 +0800] "POST /xingrg/dwr/call/plaincall/AjaxCheckService.setItemNumber.dwr HTTP/1.1" 200 77
124.77.237.88 - - [09/Nov/2020:10:32:18 +0800] "POST /xingrg/dwr/call/plaincall/AjaxCheckService.setItemNumber.dwr HTTP/1.1" 200 77
124.77.237.88 - - [09/Nov/2020:10:32:19 +0800] "POST /xingrg/dwr/call/plaincall/AjaxCheckService.setItemNumber.dwr HTTP/1.1" 200 77
124.77.237.88 - - [09/Nov/2020:10:32:19 +0800] "POST /xingrg/dwr/call/plaincall/AjaxCheckService.setItemNumber.dwr HTTP/1.1" 200 77
124.77.237.88 - - [09/Nov/2020:10:32:20 +0800] "POST /xingrg/dwr/call/plaincall/AjaxCheckService.setItemNumber.dwr HTTP/1.1" 200 77
124.77.237.88 - - [09/Nov/2020:10:32:20 +0800] "POST /xingrg/dwr/call/plaincall/AjaxCheckService.setItemNumber.dwr HTTP/1.1" 200 77
180.174.56.115 - - [09/Nov/2020:10:32:20 +0800] "GET /xingrg/all/function/internal_message.html?_=1604889097241&CODE_STATE=getMsg HTTP/1.1" 200 27
124.77.237.88 - - [09/Nov/2020:10:32:21 +0800] "POST /xingrg/dwr/call/plaincall/AjaxCheckService.setItemNumber.dwr HTTP/1.1" 200 77
124.77.237.88 - - [09/Nov/2020:10:32:21 +0800] "POST /xingrg/dwr/call/plaincall/AjaxCheckService.setItemNumber.dwr HTTP/1.1" 200 77
124.77.237.88 - - [09/Nov/2020:10:32:22 +0800] "POST /xingrg/dwr/call/plaincall/AjaxCheckService.setItemNumber.dwr HTTP/1.1" 200 77
124.77.237.88 - - [09/Nov/2020:10:32:22 +0800] "POST /xingrg/dwr/call/plaincall/AjaxCheckService.setItemNumber.dwr HTTP/1.1" 200 77
124.77.237.88 - - [09/Nov/2020:10:32:23 +0800] "POST /xingrg/dwr/call/plaincall/AjaxCheckService.setItemNumber.dwr HTTP/1.1" 200 77
124.77.237.88 - - [09/Nov/2020:10:32:24 +0800] "POST /xingrg/dwr/call/plaincall/AjaxCheckService.setItemNumber.dwr HTTP/1.1" 200 77
180.162.245.190 - - [09/Nov/2020:10:32:24 +0800] "GET /xingrg/javascript/auto/indicator.gif HTTP/1.1" 404 1066
114.84.37.38 - - [09/Nov/2020:10:32:24 +0800] "GET /xingrg/all/function/internal_message.html?_=1604889150167&CODE_STATE=getMsg HTTP/1.1" 200 27
124.77.237.88 - - [09/Nov/2020:10:32:24 +0800] "POST /xingrg/dwr/call/plaincall/AjaxCheckService.setItemNumber.dwr HTTP/1.1" 200 77
117.184.7.26 - - [09/Nov/2020:10:32:25 +0800] "GET /xingrg/all/function/internal_message.html?_=1604890128991&CODE_STATE=getMsg HTTP/1.1" 200 27
124.77.237.88 - - [09/Nov/2020:10:32:25 +0800] "POST /xingrg/dwr/call/plaincall/AjaxCheckService.setItemNumber.dwr HTTP/1.1" 200 77
124.77.237.88 - - [09/Nov/2020:10:32:25 +0800] "POST /xingrg/dwr/call/plaincall/AjaxCheckService.setItemNumber.dwr HTTP/1.1" 200 77
124.77.237.88 - - [09/Nov/2020:10:32:27 +0800] "POST /xingrg/dwr/call/plaincall/AjaxCheckService.setItemNumber.dwr HTTP/1.1" 200 77
114.88.166.242 - - [09/Nov/2020:10:32:28 +0800] "GET /xingrg/all/function/internal_message.html?_=1604889252469&CODE_STATE=getMsg HTTP/1.1" 200 27
114.88.166.242 - - [09/Nov/2020:10:32:28 +0800] "GET /xingrg/check_reg.html?_=1604889252467 HTTP/1.1" 200 22
124.77.237.88 - - [09/Nov/2020:10:32:29 +0800] "POST /xingrg/dwr/call/plaincall/AjaxCheckService.setItemNumber.dwr HTTP/1.1" 200 77
183.192.164.97 - - [09/Nov/2020:10:32:29 +0800] "GET /xingrg/kc/print/load_config.html?kc_code=cgsh HTTP/1.1" 302 -
117.184.7.26 - - [09/Nov/2020:10:32:29 +0800] "GET /xingrg/all/function/internal_message.html?_=1604889147911&CODE_STATE=getMsg HTTP/1.1" 200 27
124.77.237.88 - - [09/Nov/2020:10:32:30 +0800] "POST /xingrg/dwr/call/plaincall/AjaxCheckService.setItemNumber.dwr HTTP/1.1" 200 77
124.77.237.88 - - [09/Nov/2020:10:32:30 +0800] "POST /xingrg/dwr/call/plaincall/AjaxCheckService.setItemNumber.dwr HTTP/1.1" 200 77
180.162.245.190 - - [09/Nov/2020:10:32:31 +0800] "POST /xingrg/kc/buy/cgsh_order_operate.html HTTP/1.1" 200 37
183.192.164.97 - - [09/Nov/2020:10:32:31 +0800] "GET /xingrg/login.html HTTP/1.1" 200 7641
124.77.237.88 - - [09/Nov/2020:10:32:31 +0800] "POST /xingrg/dwr/call/plaincall/AjaxCheckService.setItemNumber.dwr HTTP/1.1" 200 77
180.162.245.190 - - [09/Nov/2020:10:32:32 +0800] "POST /xingrg/kc/buy/cgsh_order_operate.html HTTP/1.1" 200 8604
124.77.237.88 - - [09/Nov/2020:10:32:33 +0800] "POST /xingrg/dwr/call/plaincall/AjaxCheckService.setItemNumber.dwr HTTP/1.1" 200 77
180.162.245.190 - - [09/Nov/2020:10:32:34 +0800] "GET /xingrg/kc/base/wldb_order_operate.html?command=get_materiel&rest_code=00105&base_code=0010508&code=00102001008 HTTP/1.1" 200 426
180.162.245.190 - - [09/Nov/2020:10:32:34 +0800] "GET /xingrg/kc/print/load_data.html?order_code=212020110903538&kc_code=cgsh&condition= HTTP/1.1" 200 2929
124.77.237.88 - - [09/Nov/2020:10:32:35 +0800] "POST /xingrg/dwr/call/plaincall/AjaxCheckService.setItemNumber.dwr HTTP/1.1" 200 77
117.185.32.26 - - [09/Nov/2020:10:32:35 +0800] "GET /xingrg/all/function/internal_message.html?_=1604889576485&CODE_STATE=getMsg HTTP/1.1" 200 27
124.77.237.88 - - [09/Nov/2020:10:32:36 +0800] "POST /xingrg/dwr/call/plaincall/AjaxCheckService.setItemNumber.dwr HTTP/1.1" 200 77
114.84.37.38 - - [09/Nov/2020:10:32:37 +0800] "POST /xingrg/kc/buy/cgsh_order_operate.html HTTP/1.1" 200 37
124.77.237.88 - - [09/Nov/2020:10:32:38 +0800] "POST /xingrg/dwr/call/plaincall/AjaxCheckService.setItemNumber.dwr HTTP/1.1" 200 77
114.84.37.38 - - [09/Nov/2020:10:32:38 +0800] "POST /xingrg/kc/buy/cgsh_order_operate.html HTTP/1.1" 200 3256
124.77.237.88 - - [09/Nov/2020:10:32:39 +0800] "POST /xingrg/dwr/call/plaincall/AjaxCheckService.setItemNumber.dwr HTTP/1.1" 200 77
124.77.237.88 - - [09/Nov/2020:10:32:40 +0800] "POST /xingrg/dwr/call/plaincall/AjaxCheckService.setItemNumber.dwr HTTP/1.1" 200 77
124.77.237.88 - - [09/Nov/2020:10:32:40 +0800] "POST /xingrg/dwr/call/plaincall/AjaxCheckService.setItemNumber.dwr HTTP/1.1" 200 77
172.17.0.101 - - [09/Nov/2020:10:32:40 +0800] "GET /xingrg/all/function/internal_message.html?_=1604889161313&CODE_STATE=getMsg HTTP/1.1" 200 27
114.88.166.242 - - [09/Nov/2020:10:32:40 +0800] "GET /xingrg/all/function/internal_message.html?_=1604889156156&CODE_STATE=getMsg HTTP/1.1" 200 27
124.77.237.88 - - [09/Nov/2020:10:32:40 +0800] "POST /xingrg/dwr/call/plaincall/AjaxCheckService.setItemNumber.dwr HTTP/1.1" 200 77
124.77.237.88 - - [09/Nov/2020:10:32:41 +0800] "POST /xingrg/dwr/call/plaincall/AjaxCheckService.setItemNumber.dwr HTTP/1.1" 200 77
114.84.37.38 - - [09/Nov/2020:10:32:42 +0800] "GET /xingrg/kc/print/load_data.html?order_code=212020110903539&kc_code=cgsh&condition= HTTP/1.1" 200 925
124.77.237.88 - - [09/Nov/2020:10:32:42 +0800] "POST /xingrg/dwr/call/plaincall/AjaxCheckService.setItemNumber.dwr HTTP/1.1" 200 77
124.77.237.88 - - [09/Nov/2020:10:32:42 +0800] "POST /xingrg/dwr/call/plaincall/AjaxCheckService.setItemNumber.dwr HTTP/1.1" 200 77
124.77.237.88 - - [09/Nov/2020:10:32:43 +0800] "POST /xingrg/dwr/call/plaincall/AjaxCheckService.setItemNumber.dwr HTTP/1.1" 200 77
124.77.237.88 - - [09/Nov/2020:10:32:43 +0800] "POST /xingrg/dwr/call/plaincall/AjaxCheckService.setItemNumber.dwr HTTP/1.1" 200 77
124.77.237.88 - - [09/Nov/2020:10:32:44 +0800] "POST /xingrg/dwr/call/plaincall/AjaxCheckService.setItemNumber.dwr HTTP/1.1" 200 77
124.77.237.88 - - [09/Nov/2020:10:32:44 +0800] "POST /xingrg/dwr/call/plaincall/AjaxCheckService.setItemNumber.dwr HTTP/1.1" 200 77
58.40.7.146 - - [09/Nov/2020:10:32:46 +0800] "GET /xingrg/all/function/internal_message.html?_=1604889166367&CODE_STATE=getMsg HTTP/1.1" 200 27
124.77.237.88 - - [09/Nov/2020:10:32:46 +0800] "POST /xingrg/dwr/call/plaincall/AjaxCheckService.setItemNumber.dwr HTTP/1.1" 200 77
117.185.32.26 - - [09/Nov/2020:10:32:47 +0800] "GET /xingrg/all/function/internal_message.html?_=1604889162433&CODE_STATE=getMsg HTTP/1.1" 200 27
172.17.0.100 - - [09/Nov/2020:10:32:47 +0800] "GET /xingrg/all/function/internal_message.html?_=1604889202799&CODE_STATE=getMsg HTTP/1.1" 200 27
180.162.245.190 - - [09/Nov/2020:10:32:47 +0800] "GET /xingrg/all/function/internal_message.html?_=1604889168862&CODE_STATE=getMsg HTTP/1.1" 200 27
180.162.245.190 - - [09/Nov/2020:10:32:47 +0800] "POST /xingrg/kc/base/wldb_order_operate.html HTTP/1.1" 200 37
180.162.245.190 - - [09/Nov/2020:10:32:47 +0800] "POST /xingrg/kc/base/wldb_order_operate.html HTTP/1.1" 200 2184
124.77.237.88 - - [09/Nov/2020:10:32:47 +0800] "POST /xingrg/dwr/call/plaincall/AjaxCheckService.setItemNumber.dwr HTTP/1.1" 200 77
172.17.200.101 - - [09/Nov/2020:10:32:48 +0800] "GET /xingrg/all/function/internal_message.html?_=1604889170616&CODE_STATE=getMsg HTTP/1.1" 200 27
114.88.166.242 - - [09/Nov/2020:10:32:48 +0800] "GET /xingrg/all/function/internal_message.html?_=1604889165728&CODE_STATE=getMsg HTTP/1.1" 200 27
180.162.245.190 - - [09/Nov/2020:10:32:48 +0800] "GET /xingrg/kc/base/wldb_order_info.html?code=422020110900948 HTTP/1.1" 200 30601
124.77.237.88 - - [09/Nov/2020:10:32:48 +0800] "POST /xingrg/dwr/call/plaincall/AjaxCheckService.setItemNumber.dwr HTTP/1.1" 200 77
180.162.245.190 - - [09/Nov/2020:10:32:48 +0800] "GET /xingrg/javascript/easyui/themes/default/validatebox.css HTTP/1.1" 404 1104
180.162.245.190 - - [09/Nov/2020:10:32:49 +0800] "POST /xingrg/kc/base/wldb_order_operate.html HTTP/1.1" 200 2184
124.77.237.88 - - [09/Nov/2020:10:32:49 +0800] "POST /xingrg/dwr/call/plaincall/AjaxCheckService.setItemNumber.dwr HTTP/1.1" 200 77
124.77.237.88 - - [09/Nov/2020:10:32:49 +0800] "POST /xingrg/dwr/call/plaincall/AjaxCheckService.setItemNumber.dwr HTTP/1.1" 200 77
124.77.237.88 - - [09/Nov/2020:10:32:50 +0800] "POST /xingrg/dwr/call/plaincall/AjaxCheckService.setItemNumber.dwr HTTP/1.1" 200 77
124.77.237.88 - - [09/Nov/2020:10:32:51 +0800] "POST /xingrg/dwr/call/plaincall/AjaxCheckService.setItemNumber.dwr HTTP/1.1" 200 77
124.77.237.88 - - [09/Nov/2020:10:32:51 +0800] "POST /xingrg/dwr/call/plaincall/AjaxCheckService.setItemNumber.dwr HTTP/1.1" 200 77
124.77.237.88 - - [09/Nov/2020:10:32:52 +0800] "POST /xingrg/dwr/call/plaincall/AjaxCheckService.setItemNumber.dwr HTTP/1.1" 200 77
172.17.0.185 - - [09/Nov/2020:10:32:52 +0800] "GET /favicon.ico HTTP/1.1" 404 -
124.77.237.88 - - [09/Nov/2020:10:32:52 +0800] "POST /xingrg/dwr/call/plaincall/AjaxCheckService.setItemNumber.dwr HTTP/1.1" 200 77
124.77.237.88 - - [09/Nov/2020:10:32:53 +0800] "POST /xingrg/dwr/call/plaincall/AjaxCheckService.setItemNumber.dwr HTTP/1.1" 200 77
124.77.237.88 - - [09/Nov/2020:10:32:54 +0800] "POST /xingrg/dwr/call/plaincall/AjaxCheckService.setItemNumber.dwr HTTP/1.1" 200 77
124.77.237.88 - - [09/Nov/2020:10:32:55 +0800] "POST /xingrg/dwr/call/plaincall/AjaxCheckService.setItemNumber.dwr HTTP/1.1" 200 77
124.77.237.88 - - [09/Nov/2020:10:32:55 +0800] "POST /xingrg/dwr/call/plaincall/AjaxCheckService.setItemNumber.dwr HTTP/1.1" 200 77
124.77.237.88 - - [09/Nov/2020:10:32:56 +0800] "POST /xingrg/dwr/call/plaincall/AjaxCheckService.setItemNumber.dwr HTTP/1.1" 200 77
58.40.7.146 - - [09/Nov/2020:10:32:57 +0800] "GET /xingrg/check_reg.html?_=1604889177132 HTTP/1.1" 200 22
124.77.237.88 - - [09/Nov/2020:10:32:57 +0800] "POST /xingrg/dwr/call/plaincall/AjaxCheckService.setItemNumber.dwr HTTP/1.1" 200 77
180.162.245.190 - - [09/Nov/2020:10:32:57 +0800] "GET /xingrg/all/function/internal_message.html?_=1604889159395&CODE_STATE=getMsg HTTP/1.1" 200 27
124.77.237.88 - - [09/Nov/2020:10:32:58 +0800] "POST /xingrg/dwr/call/plaincall/AjaxCheckService.setItemNumber.dwr HTTP/1.1" 200 77
124.77.237.88 - - [09/Nov/2020:10:32:59 +0800] "POST /xingrg/dwr/call/plaincall/AjaxCheckService.setItemNumber.dwr HTTP/1.1" 200 77
116.232.54.201 - - [09/Nov/2020:10:32:59 +0800] "GET /xingrg/all/function/internal_message.html?_=1604889271000&CODE_STATE=getMsg HTTP/1.1" 200 27
124.77.237.88 - - [09/Nov/2020:10:33:00 +0800] "POST /xingrg/dwr/call/plaincall/AjaxCheckService.setItemNumber.dwr HTTP/1.1" 200 77
124.77.237.88 - - [09/Nov/2020:10:33:01 +0800] "POST /xingrg/dwr/call/plaincall/AjaxCheckService.setItemNumber.dwr HTTP/1.1" 200 77
124.77.237.88 - - [09/Nov/2020:10:33:02 +0800] "POST /xingrg/dwr/call/plaincall/AjaxCheckService.setItemNumber.dwr HTTP/1.1" 200 77
124.77.237.88 - - [09/Nov/2020:10:33:03 +0800] "POST /xingrg/dwr/call/plaincall/AjaxCheckService.setItemNumber.dwr HTTP/1.1" 200 77
124.77.237.88 - - [09/Nov/2020:10:33:03 +0800] "POST /xingrg/dwr/call/plaincall/AjaxCheckService.setItemNumber.dwr HTTP/1.1" 200 77
180.174.56.115 - - [09/Nov/2020:10:33:03 +0800] "GET /xingrg/all/function/internal_message.html?_=1604889183105&CODE_STATE=getMsg HTTP/1.1" 200 27
124.77.237.88 - - [09/Nov/2020:10:33:04 +0800] "POST /xingrg/dwr/call/plaincall/AjaxCheckService.setItemNumber.dwr HTTP/1.1" 200 77
124.77.237.88 - - [09/Nov/2020:10:33:04 +0800] "POST /xingrg/dwr/call/plaincall/AjaxCheckService.setItemNumber.dwr HTTP/1.1" 200 77
120.253.135.82 - - [09/Nov/2020:10:33:04 +0800] "GET /xingrg/all/function/internal_message.html?_=1604888931736&CODE_STATE=getMsg HTTP/1.1" 200 27
124.77.237.88 - - [09/Nov/2020:10:33:05 +0800] "POST /xingrg/dwr/call/plaincall/AjaxCheckService.setItemNumber.dwr HTTP/1.1" 200 77
124.77.237.88 - - [09/Nov/2020:10:33:05 +0800] "POST /xingrg/dwr/call/plaincall/AjaxCheckService.setItemNumber.dwr HTTP/1.1" 200 77
124.77.237.88 - - [09/Nov/2020:10:33:05 +0800] "POST /xingrg/dwr/call/plaincall/AjaxCheckService.setItemNumber.dwr HTTP/1.1" 200 77
124.77.237.88 - - [09/Nov/2020:10:33:06 +0800] "POST /xingrg/dwr/call/plaincall/AjaxCheckService.setItemNumber.dwr HTTP/1.1" 200 77
124.77.237.88 - - [09/Nov/2020:10:33:07 +0800] "POST /xingrg/dwr/call/plaincall/AjaxCheckService.setItemNumber.dwr HTTP/1.1" 200 77
114.84.37.38 - - [09/Nov/2020:10:33:08 +0800] "GET /xingrg/kc/buy/cgsh_order_add.html HTTP/1.1" 200 60619
124.77.237.88 - - [09/Nov/2020:10:33:08 +0800] "POST /xingrg/dwr/call/plaincall/AjaxCheckService.setItemNumber.dwr HTTP/1.1" 200 77
124.77.237.88 - - [09/Nov/2020:10:33:09 +0800] "GET /xingrg/all/function/internal_message.html?_=1604889187849&CODE_STATE=getMsg HTTP/1.1" 200 27
124.77.237.88 - - [09/Nov/2020:10:33:09 +0800] "POST /xingrg/dwr/call/plaincall/AjaxCheckService.setItemNumber.dwr HTTP/1.1" 200 77
180.152.243.105 - - [09/Nov/2020:10:33:09 +0800] "GET /xingrg/all/function/internal_message.html?_=1604889411596&CODE_STATE=getMsg HTTP/1.1" 200 27
124.77.237.88 - - [09/Nov/2020:10:33:10 +0800] "POST /xingrg/dwr/call/plaincall/AjaxCheckService.setItemNumber.dwr HTTP/1.1" 200 77
114.84.37.38 - - [09/Nov/2020:10:33:10 +0800] "POST /xingrg/kc/buy/cgsh_order_operate.html HTTP/1.1" 200 8245
114.84.37.38 - - [09/Nov/2020:10:33:10 +0800] "GET /xingrg/javascript/easyui/themes/default/validatebox.css HTTP/1.1" 404 1104
124.77.237.88 - - [09/Nov/2020:10:33:12 +0800] "POST /xingrg/dwr/call/plaincall/AjaxCheckService.setItemNumber.dwr HTTP/1.1" 200 77
124.77.237.88 - - [09/Nov/2020:10:33:13 +0800] "POST /xingrg/dwr/call/plaincall/AjaxCheckService.setItemNumber.dwr HTTP/1.1" 200 77
124.77.237.88 - - [09/Nov/2020:10:33:13 +0800] "POST /xingrg/dwr/call/plaincall/AjaxCheckService.setItemNumber.dwr HTTP/1.1" 200 77
124.77.237.88 - - [09/Nov/2020:10:33:14 +0800] "POST /xingrg/dwr/call/plaincall/AjaxCheckService.setItemNumber.dwr HTTP/1.1" 200 78
124.77.237.88 - - [09/Nov/2020:10:33:14 +0800] "POST /xingrg/dwr/call/plaincall/AjaxCheckService.setItemNumber.dwr HTTP/1.1" 200 78
124.77.237.88 - - [09/Nov/2020:10:33:17 +0800] "POST /xingrg/dwr/call/plaincall/AjaxCheckService.setItemNumber.dwr HTTP/1.1" 200 78
124.77.237.88 - - [09/Nov/2020:10:33:17 +0800] "POST /xingrg/dwr/call/plaincall/AjaxCheckService.setItemNumber.dwr HTTP/1.1" 200 78
124.77.237.88 - - [09/Nov/2020:10:33:17 +0800] "POST /xingrg/dwr/call/plaincall/AjaxCheckService.setItemNumber.dwr HTTP/1.1" 200 78
124.77.237.88 - - [09/Nov/2020:10:33:18 +0800] "POST /xingrg/dwr/call/plaincall/AjaxCheckService.setItemNumber.dwr HTTP/1.1" 200 78
124.77.237.88 - - [09/Nov/2020:10:33:19 +0800] "POST /xingrg/dwr/call/plaincall/AjaxCheckService.setItemNumber.dwr HTTP/1.1" 200 78
180.162.245.190 - - [09/Nov/2020:10:33:20 +0800] "GET /xingrg/kc/buy/cgsh_order_add.html HTTP/1.1" 200 60660
180.162.245.190 - - [09/Nov/2020:10:33:20 +0800] "GET /xingrg/javascript/easyui/themes/default/validatebox.css HTTP/1.1" 404 1104
180.162.245.190 - - [09/Nov/2020:10:33:20 +0800] "POST /xingrg/kc/buy/cgsh_order_operate.html HTTP/1.1" 200 8245
180.174.56.115 - - [09/Nov/2020:10:33:20 +0800] "GET /xingrg/all/function/internal_message.html?_=1604889157254&CODE_STATE=getMsg HTTP/1.1" 200 27
180.157.253.48 - - [09/Nov/2020:10:33:20 +0800] "POST /xingrg/services/DataTransmitService HTTP/1.1" 200 524
180.157.253.48 - - [09/Nov/2020:10:33:20 +0800] "POST /xingrg/services/DataTransmitService HTTP/1.1" 200 1955
180.157.253.48 - - [09/Nov/2020:10:33:21 +0800] "POST /xingrg/services/DataTransmitService HTTP/1.1" 200 150267
114.88.166.242 - - [09/Nov/2020:10:33:23 +0800] "GET /xingrg/kc/base/stock_operate.html?_=1604889307349&command=get_report_file&start_day=20200801 HTTP/1.1" 200 53
114.88.166.242 - - [09/Nov/2020:10:33:23 +0800] "GET /xingrg/all/report/report_query.html?isQuery=1&onlyBody=1&rh=2000&fileName=kc/base/kc_stock_detail_new.xml&queryString=(1=1)&queryText=&tableQueryString=init_table$sp1$$sp$crk_table$sp1$order_day%20between%2020200801%20and%2020201130&varString=start_day:20200801,materiel_code:00101010083,cost_id:2775,end_date:20200731 HTTP/1.1" 200 48701
114.88.166.242 - - [09/Nov/2020:10:33:23 +0800] "GET /xingrg/dwr/interface/AjaxReportQueryService.js HTTP/1.1" 200 13203
114.88.166.242 - - [09/Nov/2020:10:33:23 +0800] "GET /xingrg/dwr/engine.js HTTP/1.1" 200 43631
114.88.166.242 - - [09/Nov/2020:10:33:24 +0800] "POST /xingrg/all/report/load_report_page.html HTTP/1.1" 200 34885
114.88.166.242 - - [09/Nov/2020:10:33:24 +0800] "GET /xingrg/servlets/image?cache=0.6087501851928704&image=px HTTP/1.1" 200 807
124.77.237.88 - - [09/Nov/2020:10:33:24 +0800] "POST /xingrg/dwr/call/plaincall/AjaxCheckService.setItemNumber.dwr HTTP/1.1" 200 78
114.84.37.38 - - [09/Nov/2020:10:33:24 +0800] "GET /xingrg/all/function/internal_message.html?_=1604889210181&CODE_STATE=getMsg HTTP/1.1" 200 27
117.184.7.26 - - [09/Nov/2020:10:33:25 +0800] "GET /xingrg/all/function/internal_message.html?_=1604890188990&CODE_STATE=getMsg HTTP/1.1" 200 27
114.84.37.38 - - [09/Nov/2020:10:33:25 +0800] "GET /xingrg/kc/buy/cgsh_order_operate.html?command=get_materiel&rest_code=00146&code=00101002038&supplier_code=00100087&order_time=2020-11-09 HTTP/1.1" 200 416
124.77.237.88 - - [09/Nov/2020:10:33:25 +0800] "POST /xingrg/dwr/call/plaincall/AjaxCheckService.setItemNumber.dwr HTTP/1.1" 200 78
114.88.166.242 - - [09/Nov/2020:10:33:26 +0800] "GET /xingrg/kc/guide/show_order.html?code=212020081606945&type=21 HTTP/1.1" 302 -
114.88.166.242 - - [09/Nov/2020:10:33:26 +0800] "GET /xingrg/kc/buy/cgsh_order_info.html?code=212020081606945&sysBaseUrl=http%3A%2F%2F180.169.147.146%3A18081%2Fxingrg%2F&costTime=0×tamp=1604889206656 HTTP/1.1" 200 55518
124.77.237.88 - - [09/Nov/2020:10:33:27 +0800] "POST /xingrg/dwr/call/plaincall/AjaxCheckService.setItemNumber.dwr HTTP/1.1" 200 78
114.88.166.242 - - [09/Nov/2020:10:33:27 +0800] "GET /favicon.ico HTTP/1.1" 404 -
114.88.166.242 - - [09/Nov/2020:10:33:27 +0800] "GET /xingrg/javascript/easyui/themes/default/validatebox.css HTTP/1.1" 404 1104
114.88.166.242 - - [09/Nov/2020:10:33:27 +0800] "POST /xingrg/kc/buy/cgsh_order_operate.html HTTP/1.1" 200 2430
124.77.237.88 - - [09/Nov/2020:10:33:28 +0800] "POST /xingrg/dwr/call/plaincall/AjaxCheckService.setItemNumber.dwr HTTP/1.1" 200 78
124.77.237.88 - - [09/Nov/2020:10:33:28 +0800] "POST /xingrg/dwr/call/plaincall/AjaxCheckService.setItemNumber.dwr HTTP/1.1" 200 78
114.88.166.242 - - [09/Nov/2020:10:33:28 +0800] "GET /xingrg/all/function/internal_message.html?_=1604889312468&CODE_STATE=getMsg HTTP/1.1" 200 27
124.77.237.88 - - [09/Nov/2020:10:33:28 +0800] "POST /xingrg/dwr/call/plaincall/AjaxCheckService.setItemNumber.dwr HTTP/1.1" 200 78
124.77.237.88 - - [09/Nov/2020:10:33:29 +0800] "POST /xingrg/dwr/call/plaincall/AjaxCheckService.setItemNumber.dwr HTTP/1.1" 200 78
124.77.237.88 - - [09/Nov/2020:10:33:29 +0800] "POST /xingrg/dwr/call/plaincall/AjaxCheckService.setItemNumber.dwr HTTP/1.1" 200 78
117.184.7.26 - - [09/Nov/2020:10:33:29 +0800] "GET /xingrg/all/function/internal_message.html?_=1604889207896&CODE_STATE=getMsg HTTP/1.1" 200 27
117.184.7.26 - - [09/Nov/2020:10:33:30 +0800] "GET /xingrg/check_reg.html?_=1604889208149 HTTP/1.1" 200 22
124.77.237.88 - - [09/Nov/2020:10:33:30 +0800] "POST /xingrg/dwr/call/plaincall/AjaxCheckService.setItemNumber.dwr HTTP/1.1" 200 78
124.77.237.88 - - [09/Nov/2020:10:33:30 +0800] "POST /xingrg/dwr/call/plaincall/AjaxCheckService.setItemNumber.dwr HTTP/1.1" 200 78
124.77.237.88 - - [09/Nov/2020:10:33:31 +0800] "POST /xingrg/dwr/call/plaincall/AjaxCheckService.setItemNumber.dwr HTTP/1.1" 200 78
114.88.166.242 - - [09/Nov/2020:10:33:32 +0800] "GET /xingrg/kc/buy/cgsh_order_list.html HTTP/1.1" 200 44875
180.162.245.190 - - [09/Nov/2020:10:33:32 +0800] "GET /xingrg/kc/buy/cgsh_order_operate.html?command=get_materiel&rest_code=00105&code=00101006001&supplier_code=00100404&order_time=2020-11-09 HTTP/1.1" 200 428
114.88.166.242 - - [09/Nov/2020:10:33:33 +0800] "POST /xingrg/kc/buy/cgsh_list_operate.html HTTP/1.1" 200 5316
124.77.237.88 - - [09/Nov/2020:10:33:33 +0800] "POST /xingrg/dwr/call/plaincall/AjaxCheckService.setItemNumber.dwr HTTP/1.1" 200 78
114.88.166.242 - - [09/Nov/2020:10:33:34 +0800] "GET /xingrg/kc/buy/cgsh_order_add.html HTTP/1.1" 200 60613
124.77.237.88 - - [09/Nov/2020:10:33:34 +0800] "POST /xingrg/dwr/call/plaincall/AjaxCheckService.setItemNumber.dwr HTTP/1.1" 200 78
114.88.166.242 - - [09/Nov/2020:10:33:34 +0800] "POST /xingrg/kc/buy/cgsh_order_operate.html HTTP/1.1" 200 8245
114.88.166.242 - - [09/Nov/2020:10:33:34 +0800] "GET /xingrg/javascript/easyui/themes/default/validatebox.css HTTP/1.1" 404 1104
124.77.237.88 - - [09/Nov/2020:10:33:35 +0800] "POST /xingrg/dwr/call/plaincall/AjaxCheckService.setItemNumber.dwr HTTP/1.1" 200 78
117.185.32.26 - - [09/Nov/2020:10:33:35 +0800] "GET /xingrg/all/function/internal_message.html?_=1604889636500&CODE_STATE=getMsg HTTP/1.1" 200 27
124.77.237.88 - - [09/Nov/2020:10:33:35 +0800] "POST /xingrg/dwr/call/plaincall/AjaxCheckService.setItemNumber.dwr HTTP/1.1" 200 78
114.88.166.242 - - [09/Nov/2020:10:33:36 +0800] "GET /xingrg/javascript/jquery_tools/images/next.gif HTTP/1.1" 404 1086
114.88.166.242 - - [09/Nov/2020:10:33:36 +0800] "GET /xingrg/javascript/jquery_tools/images/prev.gif HTTP/1.1" 404 1086
124.77.237.88 - - [09/Nov/2020:10:33:36 +0800] "POST /xingrg/dwr/call/plaincall/AjaxCheckService.setItemNumber.dwr HTTP/1.1" 200 78
124.77.237.88 - - [09/Nov/2020:10:33:37 +0800] "POST /xingrg/dwr/call/plaincall/AjaxCheckService.setItemNumber.dwr HTTP/1.1" 200 78
124.77.237.88 - - [09/Nov/2020:10:33:37 +0800] "POST /xingrg/dwr/call/plaincall/AjaxCheckService.setItemNumber.dwr HTTP/1.1" 200 78
124.77.237.88 - - [09/Nov/2020:10:33:38 +0800] "POST /xingrg/dwr/call/plaincall/AjaxCheckService.setItemNumber.dwr HTTP/1.1" 200 78
124.77.237.88 - - [09/Nov/2020:10:33:39 +0800] "POST /xingrg/dwr/call/plaincall/AjaxCheckService.setItemNumber.dwr HTTP/1.1" 200 78
114.88.166.242 - - [09/Nov/2020:10:33:39 +0800] "GET /xingrg/kc/buy/cgsh_order_operate.html?command=get_materiel&rest_code=00111&code=00101010083&supplier_code=00100337&order_time=2020-11-09 HTTP/1.1" 200 432
124.77.237.88 - - [09/Nov/2020:10:33:40 +0800] "POST /xingrg/dwr/call/plaincall/AjaxCheckService.setItemNumber.dwr HTTP/1.1" 200 78
172.17.0.101 - - [09/Nov/2020:10:33:40 +0800] "GET /xingrg/all/function/internal_message.html?_=1604889221316&CODE_STATE=getMsg HTTP/1.1" 200 27
114.88.166.242 - - [09/Nov/2020:10:33:40 +0800] "GET /xingrg/all/function/internal_message.html?_=1604889216156&CODE_STATE=getMsg HTTP/1.1" 200 27
124.77.237.88 - - [09/Nov/2020:10:33:41 +0800] "POST /xingrg/dwr/call/plaincall/AjaxCheckService.setItemNumber.dwr HTTP/1.1" 200 78
114.84.37.38 - - [09/Nov/2020:10:33:42 +0800] "POST /xingrg/kc/buy/cgsh_order_operate.html HTTP/1.1" 200 37
124.77.237.88 - - [09/Nov/2020:10:33:42 +0800] "POST /xingrg/dwr/call/plaincall/AjaxCheckService.setItemNumber.dwr HTTP/1.1" 200 78
114.84.37.38 - - [09/Nov/2020:10:33:43 +0800] "POST /xingrg/kc/buy/cgsh_order_operate.html HTTP/1.1" 200 2663
124.77.237.88 - - [09/Nov/2020:10:33:43 +0800] "POST /xingrg/dwr/call/plaincall/AjaxCheckService.setItemNumber.dwr HTTP/1.1" 200 78
124.77.237.88 - - [09/Nov/2020:10:33:44 +0800] "POST /xingrg/dwr/call/plaincall/AjaxCheckService.setItemNumber.dwr HTTP/1.1" 200 78
124.77.237.88 - - [09/Nov/2020:10:33:44 +0800] "POST /xingrg/dwr/call/plaincall/AjaxCheckService.setItemNumber.dwr HTTP/1.1" 200 78
180.152.243.105 - - [09/Nov/2020:10:33:44 +0800] "GET /xingrg/check_reg.html?_=1604889446679 HTTP/1.1" 200 22
124.77.237.88 - - [09/Nov/2020:10:33:45 +0800] "POST /xingrg/dwr/call/plaincall/AjaxCheckService.setItemNumber.dwr HTTP/1.1" 200 78
180.162.245.190 - - [09/Nov/2020:10:33:45 +0800] "POST /xingrg/kc/buy/cgsh_order_operate.html HTTP/1.1" 200 37
124.77.237.88 - - [09/Nov/2020:10:33:45 +0800] "POST /xingrg/dwr/call/plaincall/AjaxCheckService.setItemNumber.dwr HTTP/1.1" 200 78
124.77.237.88 - - [09/Nov/2020:10:33:45 +0800] "POST /xingrg/dwr/call/plaincall/AjaxCheckService.setItemNumber.dwr HTTP/1.1" 200 78
58.40.7.146 - - [09/Nov/2020:10:33:46 +0800] "GET /xingrg/check_reg.html?_=1604889226370 HTTP/1.1" 200 22
58.40.7.146 - - [09/Nov/2020:10:33:46 +0800] "GET /xingrg/all/function/internal_message.html?_=1604889226372&CODE_STATE=getMsg HTTP/1.1" 200 27
114.88.166.242 - - [09/Nov/2020:10:33:46 +0800] "POST /xingrg/kc/buy/cgsh_order_operate.html HTTP/1.1" 200 37
180.162.245.190 - - [09/Nov/2020:10:33:46 +0800] "POST /xingrg/kc/buy/cgsh_order_operate.html HTTP/1.1" 200 2675
114.84.37.38 - - [09/Nov/2020:10:33:46 +0800] "GET /xingrg/kc/print/load_data.html?order_code=212020110903540&kc_code=cgsh&condition= HTTP/1.1" 200 728
124.77.237.88 - - [09/Nov/2020:10:33:46 +0800] "POST /xingrg/dwr/call/plaincall/AjaxCheckService.setItemNumber.dwr HTTP/1.1" 200 78
117.185.32.26 - - [09/Nov/2020:10:33:46 +0800] "GET /xingrg/all/function/internal_message.html?_=1604889222404&CODE_STATE=getMsg HTTP/1.1" 200 27
124.77.237.88 - - [09/Nov/2020:10:33:47 +0800] "POST /xingrg/dwr/call/plaincall/AjaxCheckService.setItemNumber.dwr HTTP/1.1" 200 78
114.88.166.242 - - [09/Nov/2020:10:33:47 +0800] "POST /xingrg/kc/buy/cgsh_order_operate.html HTTP/1.1" 200 2656
172.17.0.100 - - [09/Nov/2020:10:33:47 +0800] "GET /xingrg/all/function/internal_message.html?_=1604889262800&CODE_STATE=getMsg HTTP/1.1" 200 27
172.17.0.100 - - [09/Nov/2020:10:33:47 +0800] "GET /xingrg/check_reg.html?_=1604889262792 HTTP/1.1" 200 22
180.162.245.190 - - [09/Nov/2020:10:33:47 +0800] "GET /xingrg/all/function/internal_message.html?_=1604889228832&CODE_STATE=getMsg HTTP/1.1" 200 27
180.162.245.190 - - [09/Nov/2020:10:33:47 +0800] "GET /xingrg/check_reg.html?_=1604889228999 HTTP/1.1" 200 22
180.162.245.190 - - [09/Nov/2020:10:33:47 +0800] "GET /xingrg/kc/print/load_data.html?order_code=212020110903541&kc_code=cgsh&condition= HTTP/1.1" 200 703
172.17.200.101 - - [09/Nov/2020:10:33:47 +0800] "GET /xingrg/all/function/internal_message.html?_=1604889230605&CODE_STATE=getMsg HTTP/1.1" 200 27
114.88.166.242 - - [09/Nov/2020:10:33:48 +0800] "GET /xingrg/kc/print/load_data.html?order_code=212020110903542&kc_code=cgsh&condition= HTTP/1.1" 200 665
114.88.166.242 - - [09/Nov/2020:10:33:48 +0800] "GET /xingrg/all/function/internal_message.html?_=1604889225795&CODE_STATE=getMsg HTTP/1.1" 200 27
120.204.17.70 - - [09/Nov/2020:10:33:51 +0800] "GET /xingrg/kc/print/load_data.html?order_code=212020110903526&kc_code=cgsh HTTP/1.1" 302 -
180.162.245.190 - - [09/Nov/2020:10:33:51 +0800] "GET /xingrg/kc/buy/cgsh_order_add.html HTTP/1.1" 200 60660
180.162.245.190 - - [09/Nov/2020:10:33:51 +0800] "GET /xingrg/javascript/easyui/themes/default/validatebox.css HTTP/1.1" 404 1104
180.162.245.190 - - [09/Nov/2020:10:33:51 +0800] "POST /xingrg/kc/buy/cgsh_order_operate.html HTTP/1.1" 200 8245
114.88.166.242 - - [09/Nov/2020:10:33:53 +0800] "GET /xingrg/kc/buy/cgsh_order_add.html HTTP/1.1" 200 60613
114.88.166.242 - - [09/Nov/2020:10:33:53 +0800] "GET /xingrg/javascript/easyui/themes/default/validatebox.css HTTP/1.1" 404 1104
114.88.166.242 - - [09/Nov/2020:10:33:53 +0800] "POST /xingrg/kc/buy/cgsh_order_operate.html HTTP/1.1" 200 8245
120.204.17.70 - - [09/Nov/2020:10:33:56 +0800] "GET /xingrg/login.html HTTP/1.1" 200 7641
180.162.245.190 - - [09/Nov/2020:10:33:57 +0800] "GET /xingrg/all/function/internal_message.html?_=1604889219385&CODE_STATE=getMsg HTTP/1.1" 200 27
116.232.54.201 - - [09/Nov/2020:10:33:58 +0800] "GET /xingrg/check_reg.html?_=1604889330906 HTTP/1.1" 200 22
116.232.54.201 - - [09/Nov/2020:10:33:58 +0800] "GET /xingrg/all/function/internal_message.html?_=1604889331015&CODE_STATE=getMsg HTTP/1.1" 200 27
114.88.166.242 - - [09/Nov/2020:10:33:58 +0800] "GET /xingrg/kc/buy/cgsh_order_operate.html?command=get_materiel&rest_code=00111&code=00101007032&supplier_code=00100328&order_time=2020-11-09 HTTP/1.1" 200 413
180.162.245.190 - - [09/Nov/2020:10:33:59 +0800] "GET /xingrg/kc/buy/cgsh_order_operate.html?command=get_materiel&rest_code=00105&code=00101003066&supplier_code=00100088&order_time=2020-11-09 HTTP/1.1" 200 414
124.77.237.88 - - [09/Nov/2020:10:34:00 +0800] "POST /xingrg/dwr/call/plaincall/AjaxCheckService.setItemNumber.dwr HTTP/1.1" 200 78
124.77.237.88 - - [09/Nov/2020:10:34:00 +0800] "POST /xingrg/dwr/call/plaincall/AjaxCheckService.setItemNumber.dwr HTTP/1.1" 200 78
124.77.237.88 - - [09/Nov/2020:10:34:01 +0800] "POST /xingrg/dwr/call/plaincall/AjaxCheckService.setItemNumber.dwr HTTP/1.1" 200 78
124.77.237.88 - - [09/Nov/2020:10:34:01 +0800] "POST /xingrg/dwr/call/plaincall/AjaxCheckService.setItemNumber.dwr HTTP/1.1" 200 78
124.77.237.88 - - [09/Nov/2020:10:34:01 +0800] "POST /xingrg/dwr/call/plaincall/AjaxCheckService.setItemNumber.dwr HTTP/1.1" 200 78
124.77.237.88 - - [09/Nov/2020:10:34:02 +0800] "POST /xingrg/dwr/call/plaincall/AjaxCheckService.setItemNumber.dwr HTTP/1.1" 200 78
124.77.237.88 - - [09/Nov/2020:10:34:02 +0800] "POST /xingrg/dwr/call/plaincall/AjaxCheckService.setItemNumber.dwr HTTP/1.1" 200 78
124.77.237.88 - - [09/Nov/2020:10:34:03 +0800] "POST /xingrg/dwr/call/plaincall/AjaxCheckService.setItemNumber.dwr HTTP/1.1" 200 78
124.77.237.88 - - [09/Nov/2020:10:34:03 +0800] "POST /xingrg/dwr/call/plaincall/AjaxCheckService.setItemNumber.dwr HTTP/1.1" 200 78
180.174.56.115 - - [09/Nov/2020:10:34:03 +0800] "GET /xingrg/all/function/internal_message.html?_=1604889243088&CODE_STATE=getMsg HTTP/1.1" 200 27
114.88.166.242 - - [09/Nov/2020:10:34:04 +0800] "POST /xingrg/kc/buy/cgsh_order_operate.html HTTP/1.1" 200 37
124.77.237.88 - - [09/Nov/2020:10:34:04 +0800] "POST /xingrg/dwr/call/plaincall/AjaxCheckService.setItemNumber.dwr HTTP/1.1" 200 78
124.77.237.88 - - [09/Nov/2020:10:34:04 +0800] "POST /xingrg/dwr/call/plaincall/AjaxCheckService.setItemNumber.dwr HTTP/1.1" 200 78
120.253.135.82 - - [09/Nov/2020:10:34:04 +0800] "GET /xingrg/all/function/internal_message.html?_=1604888991750&CODE_STATE=getMsg HTTP/1.1" 200 27
114.88.166.242 - - [09/Nov/2020:10:34:05 +0800] "POST /xingrg/kc/buy/cgsh_order_operate.html HTTP/1.1" 200 2658
124.77.237.88 - - [09/Nov/2020:10:34:05 +0800] "POST /xingrg/dwr/call/plaincall/AjaxCheckService.setItemNumber.dwr HTTP/1.1" 200 78
124.77.237.88 - - [09/Nov/2020:10:34:05 +0800] "POST /xingrg/dwr/call/plaincall/AjaxCheckService.setItemNumber.dwr HTTP/1.1" 200 78
124.77.237.88 - - [09/Nov/2020:10:34:05 +0800] "POST /xingrg/dwr/call/plaincall/AjaxCheckService.setItemNumber.dwr HTTP/1.1" 200 78
114.88.166.242 - - [09/Nov/2020:10:34:05 +0800] "GET /xingrg/kc/print/load_data.html?order_code=212020110903543&kc_code=cgsh&condition= HTTP/1.1" 200 671
124.77.237.88 - - [09/Nov/2020:10:34:06 +0800] "POST /xingrg/dwr/call/plaincall/AjaxCheckService.setItemNumber.dwr HTTP/1.1" 200 78
124.77.237.88 - - [09/Nov/2020:10:34:06 +0800] "POST /xingrg/dwr/call/plaincall/AjaxCheckService.setItemNumber.dwr HTTP/1.1" 200 78
124.77.237.88 - - [09/Nov/2020:10:34:07 +0800] "POST /xingrg/dwr/call/plaincall/AjaxCheckService.setItemNumber.dwr HTTP/1.1" 200 78
124.77.237.88 - - [09/Nov/2020:10:34:07 +0800] "POST /xingrg/dwr/call/plaincall/AjaxCheckService.setItemNumber.dwr HTTP/1.1" 200 78
124.77.237.88 - - [09/Nov/2020:10:34:08 +0800] "POST /xingrg/dwr/call/plaincall/AjaxCheckService.setItemNumber.dwr HTTP/1.1" 200 78
124.77.237.88 - - [09/Nov/2020:10:34:08 +0800] "POST /xingrg/dwr/call/plaincall/AjaxCheckService.setItemNumber.dwr HTTP/1.1" 200 78
124.77.237.88 - - [09/Nov/2020:10:34:08 +0800] "POST /xingrg/dwr/call/plaincall/AjaxCheckService.setItemNumber.dwr HTTP/1.1" 200 78
124.77.237.88 - - [09/Nov/2020:10:34:09 +0800] "GET /xingrg/all/function/internal_message.html?_=1604889248061&CODE_STATE=getMsg HTTP/1.1" 200 27
124.77.237.88 - - [09/Nov/2020:10:34:09 +0800] "POST /xingrg/dwr/call/plaincall/AjaxCheckService.setItemNumber.dwr HTTP/1.1" 200 78
180.152.243.105 - - [09/Nov/2020:10:34:09 +0800] "GET /xingrg/all/function/internal_message.html?_=1604889471604&CODE_STATE=getMsg HTTP/1.1" 200 27
124.77.237.88 - - [09/Nov/2020:10:34:09 +0800] "POST /xingrg/dwr/call/plaincall/AjaxCheckService.setItemNumber.dwr HTTP/1.1" 200 78
114.84.37.38 - - [09/Nov/2020:10:34:10 +0800] "GET /xingrg/kc/buy/cgsh_order_add.html HTTP/1.1" 200 60619
124.77.237.88 - - [09/Nov/2020:10:34:10 +0800] "POST /xingrg/dwr/call/plaincall/AjaxCheckService.setItemNumber.dwr HTTP/1.1" 200 78
124.77.237.88 - - [09/Nov/2020:10:34:10 +0800] "POST /xingrg/dwr/call/plaincall/AjaxCheckService.setItemNumber.dwr HTTP/1.1" 200 78
124.77.237.88 - - [09/Nov/2020:10:34:11 +0800] "POST /xingrg/dwr/call/plaincall/AjaxCheckService.setItemNumber.dwr HTTP/1.1" 200 78
180.162.245.190 - - [09/Nov/2020:10:34:11 +0800] "POST /xingrg/kc/buy/cgsh_order_operate.html HTTP/1.1" 200 37
124.77.237.88 - - [09/Nov/2020:10:34:11 +0800] "POST /xingrg/dwr/call/plaincall/AjaxCheckService.setItemNumber.dwr HTTP/1.1" 200 78
114.88.166.242 - - [09/Nov/2020:10:34:12 +0800] "GET /xingrg/kc/buy/cgsh_order_add.html HTTP/1.1" 200 60613
114.84.37.38 - - [09/Nov/2020:10:34:12 +0800] "GET /xingrg/javascript/easyui/themes/default/validatebox.css HTTP/1.1" 404 1104
114.88.166.242 - - [09/Nov/2020:10:34:12 +0800] "POST /xingrg/kc/buy/cgsh_order_operate.html HTTP/1.1" 200 8245
114.88.166.242 - - [09/Nov/2020:10:34:12 +0800] "GET /xingrg/javascript/easyui/themes/default/validatebox.css HTTP/1.1" 404 1104
124.77.237.88 - - [09/Nov/2020:10:34:12 +0800] "POST /xingrg/dwr/call/plaincall/AjaxCheckService.setItemNumber.dwr HTTP/1.1" 200 78
114.84.37.38 - - [09/Nov/2020:10:34:12 +0800] "POST /xingrg/kc/buy/cgsh_order_operate.html HTTP/1.1" 200 8245
180.162.245.190 - - [09/Nov/2020:10:34:12 +0800] "POST /xingrg/kc/buy/cgsh_order_operate.html HTTP/1.1" 200 2675
124.77.237.88 - - [09/Nov/2020:10:34:13 +0800] "POST /xingrg/dwr/call/plaincall/AjaxCheckService.setItemNumber.dwr HTTP/1.1" 200 78
124.77.237.88 - - [09/Nov/2020:10:34:13 +0800] "POST /xingrg/dwr/call/plaincall/AjaxCheckService.setItemNumber.dwr HTTP/1.1" 200 78
124.77.237.88 - - [09/Nov/2020:10:34:13 +0800] "POST /xingrg/dwr/call/plaincall/AjaxCheckService.setItemNumber.dwr HTTP/1.1" 200 78
124.77.237.88 - - [09/Nov/2020:10:34:14 +0800] "POST /xingrg/dwr/call/plaincall/AjaxCheckService.setItemNumber.dwr HTTP/1.1" 200 78
124.77.237.88 - - [09/Nov/2020:10:34:15 +0800] "POST /xingrg/dwr/call/plaincall/AjaxCheckService.setItemNumber.dwr HTTP/1.1" 200 78
180.174.56.115 - - [09/Nov/2020:10:34:20 +0800] "GET /xingrg/all/function/internal_message.html?_=1604889217268&CODE_STATE=getMsg HTTP/1.1" 200 27
124.77.237.88 - - [09/Nov/2020:10:34:21 +0800] "POST /xingrg/dwr/call/plaincall/AjaxCheckService.setItemNumber.dwr HTTP/1.1" 200 78
124.77.237.88 - - [09/Nov/2020:10:34:22 +0800] "POST /xingrg/dwr/call/plaincall/AjaxCheckService.setItemNumber.dwr HTTP/1.1" 200 78
124.77.237.88 - - [09/Nov/2020:10:34:23 +0800] "POST /xingrg/dwr/call/plaincall/AjaxCheckService.setItemNumber.dwr HTTP/1.1" 200 78
124.77.237.88 - - [09/Nov/2020:10:34:23 +0800] "POST /xingrg/dwr/call/plaincall/AjaxCheckService.setItemNumber.dwr HTTP/1.1" 200 78
124.77.237.88 - - [09/Nov/2020:10:34:24 +0800] "POST /xingrg/dwr/call/plaincall/AjaxCheckService.setItemNumber.dwr HTTP/1.1" 200 78
114.88.166.242 - - [09/Nov/2020:10:34:24 +0800] "GET /xingrg/kc/buy/cgsh_order_operate.html?command=get_materiel&rest_code=00111&code=00101007144&supplier_code=00100322&order_time=2020-11-09 HTTP/1.1" 200 428
114.84.37.38 - - [09/Nov/2020:10:34:24 +0800] "GET /xingrg/all/function/internal_message.html?_=1604889270195&CODE_STATE=getMsg HTTP/1.1" 200 27
124.77.237.88 - - [09/Nov/2020:10:34:24 +0800] "POST /xingrg/dwr/call/plaincall/AjaxCheckService.setItemNumber.dwr HTTP/1.1" 200 78
124.77.237.88 - - [09/Nov/2020:10:34:25 +0800] "POST /xingrg/dwr/call/plaincall/AjaxCheckService.setItemNumber.dwr HTTP/1.1" 200 78
117.184.7.26 - - [09/Nov/2020:10:34:25 +0800] "GET /xingrg/all/function/internal_message.html?_=1604890249019&CODE_STATE=getMsg HTTP/1.1" 200 27
124.77.237.88 - - [09/Nov/2020:10:34:25 +0800] "POST /xingrg/dwr/call/plaincall/AjaxCheckService.setItemNumber.dwr HTTP/1.1" 200 78
124.77.237.88 - - [09/Nov/2020:10:34:25 +0800] "POST /xingrg/dwr/call/plaincall/AjaxCheckService.setItemNumber.dwr HTTP/1.1" 200 78
114.84.37.38 - - [09/Nov/2020:10:34:26 +0800] "GET /xingrg/kc/buy/cgsh_order_operate.html?command=get_materiel&rest_code=00146&code=00101001044&supplier_code=00100090&order_time=2020-11-09 HTTP/1.1" 200 411
124.77.237.88 - - [09/Nov/2020:10:34:26 +0800] "POST /xingrg/dwr/call/plaincall/AjaxCheckService.setItemNumber.dwr HTTP/1.1" 200 78
124.77.237.88 - - [09/Nov/2020:10:34:26 +0800] "POST /xingrg/dwr/call/plaincall/AjaxCheckService.setItemNumber.dwr HTTP/1.1" 200 78
124.77.237.88 - - [09/Nov/2020:10:34:27 +0800] "POST /xingrg/dwr/call/plaincall/AjaxCheckService.setItemNumber.dwr HTTP/1.1" 200 78
124.77.237.88 - - [09/Nov/2020:10:34:28 +0800] "POST /xingrg/dwr/call/plaincall/AjaxCheckService.setItemNumber.dwr HTTP/1.1" 200 78
124.77.237.88 - - [09/Nov/2020:10:34:28 +0800] "POST /xingrg/dwr/call/plaincall/AjaxCheckService.setItemNumber.dwr HTTP/1.1" 200 78
114.88.166.242 - - [09/Nov/2020:10:34:28 +0800] "GET /xingrg/all/function/internal_message.html?_=1604889372464&CODE_STATE=getMsg HTTP/1.1" 200 27
124.77.237.88 - - [09/Nov/2020:10:34:28 +0800] "POST /xingrg/dwr/call/plaincall/AjaxCheckService.setItemNumber.dwr HTTP/1.1" 200 78
114.88.166.242 - - [09/Nov/2020:10:34:29 +0800] "POST /xingrg/kc/buy/cgsh_order_operate.html HTTP/1.1" 200 37
124.77.237.88 - - [09/Nov/2020:10:34:29 +0800] "POST /xingrg/dwr/call/plaincall/AjaxCheckService.setItemNumber.dwr HTTP/1.1" 200 78
117.184.7.26 - - [09/Nov/2020:10:34:29 +0800] "GET /xingrg/all/function/internal_message.html?_=1604889267866&CODE_STATE=getMsg HTTP/1.1" 200 27
180.162.245.190 - - [09/Nov/2020:10:34:30 +0800] "GET /xingrg/kc/print/load_data.html?order_code=212020110903544&kc_code=cgsh&condition= HTTP/1.1" 200 754
114.88.166.242 - - [09/Nov/2020:10:34:30 +0800] "POST /xingrg/kc/buy/cgsh_order_operate.html HTTP/1.1" 200 2679
114.88.166.242 - - [09/Nov/2020:10:34:31 +0800] "GET /xingrg/kc/print/load_data.html?order_code=212020110903545&kc_code=cgsh&condition= HTTP/1.1" 200 682
180.157.253.48 - - [09/Nov/2020:10:34:33 +0800] "GET /favicon.ico HTTP/1.1" 404 -
124.77.237.88 - - [09/Nov/2020:10:34:33 +0800] "POST /xingrg/dwr/call/plaincall/AjaxCheckService.saveOrder.dwr HTTP/1.1" 200 80
180.162.245.190 - - [09/Nov/2020:10:34:33 +0800] "GET /xingrg/kc/buy/cgsh_order_add.html HTTP/1.1" 200 60660
180.162.245.190 - - [09/Nov/2020:10:34:33 +0800] "POST /xingrg/kc/buy/cgsh_order_operate.html HTTP/1.1" 200 8245
180.162.245.190 - - [09/Nov/2020:10:34:33 +0800] "GET /xingrg/javascript/easyui/themes/default/validatebox.css HTTP/1.1" 404 1104
124.77.237.88 - - [09/Nov/2020:10:34:34 +0800] "POST /xingrg/dwr/call/plaincall/AjaxCheckService.loadOrderItems.dwr HTTP/1.1" 200 120673
114.88.166.242 - - [09/Nov/2020:10:34:35 +0800] "GET /xingrg/kc/buy/cgsh_order_add.html HTTP/1.1" 200 60613
114.88.166.242 - - [09/Nov/2020:10:34:35 +0800] "GET /xingrg/javascript/easyui/themes/default/validatebox.css HTTP/1.1" 404 1104
117.185.32.26 - - [09/Nov/2020:10:34:35 +0800] "GET /xingrg/all/function/internal_message.html?_=1604889696526&CODE_STATE=getMsg HTTP/1.1" 200 27
114.88.166.242 - - [09/Nov/2020:10:34:35 +0800] "POST /xingrg/kc/buy/cgsh_order_operate.html HTTP/1.1" 200 8245
114.88.166.242 - - [09/Nov/2020:10:34:40 +0800] "GET /xingrg/kc/buy/cgsh_order_operate.html?command=get_materiel&rest_code=00111&code=00101004046&supplier_code=00100312&order_time=2020-11-09 HTTP/1.1" 200 417
172.17.0.101 - - [09/Nov/2020:10:34:40 +0800] "GET /xingrg/all/function/internal_message.html?_=1604889281324&CODE_STATE=getMsg HTTP/1.1" 200 27
114.88.166.242 - - [09/Nov/2020:10:34:40 +0800] "GET /xingrg/check_reg.html?_=1604889276182 HTTP/1.1" 200 22
114.88.166.242 - - [09/Nov/2020:10:34:40 +0800] "GET /xingrg/all/function/internal_message.html?_=1604889276184&CODE_STATE=getMsg HTTP/1.1" 200 27
124.77.237.88 - - [09/Nov/2020:10:34:41 +0800] "POST /xingrg/dwr/call/plaincall/AjaxCheckService.checkOrder.dwr HTTP/1.1" 200 80
180.162.245.190 - - [09/Nov/2020:10:34:42 +0800] "GET /xingrg/kc/buy/cgsh_order_operate.html?command=get_materiel&rest_code=00105&code=00101001044&supplier_code=00100319&order_time=2020-11-09 HTTP/1.1" 200 409
117.185.32.26 - - [09/Nov/2020:10:34:45 +0800] "GET /xingrg/check_reg.html?_=1604889281324 HTTP/1.1" 200 22
114.84.37.38 - - [09/Nov/2020:10:34:46 +0800] "GET /xingrg/kc/buy/cgsh_order_operate.html?command=get_materiel&rest_code=00146&code=00101001140&supplier_code=00100090&order_time=2020-11-09 HTTP/1.1" 200 415
58.40.7.146 - - [09/Nov/2020:10:34:46 +0800] "GET /xingrg/all/function/internal_message.html?_=1604889286358&CODE_STATE=getMsg HTTP/1.1" 200 27
114.88.166.242 - - [09/Nov/2020:10:34:46 +0800] "GET /xingrg/kc/buy/cgsh_order_operate.html?command=get_materiel&rest_code=00111&code=00101004067&supplier_code=00100312&order_time=2020-11-09 HTTP/1.1" 200 413
117.185.32.26 - - [09/Nov/2020:10:34:46 +0800] "GET /xingrg/all/function/internal_message.html?_=1604889282373&CODE_STATE=getMsg HTTP/1.1" 200 27
172.17.0.100 - - [09/Nov/2020:10:34:47 +0800] "GET /xingrg/all/function/internal_message.html?_=1604889322786&CODE_STATE=getMsg HTTP/1.1" 200 27
180.162.245.190 - - [09/Nov/2020:10:34:47 +0800] "GET /xingrg/all/function/internal_message.html?_=1604889288808&CODE_STATE=getMsg HTTP/1.1" 200 27
172.17.200.101 - - [09/Nov/2020:10:34:47 +0800] "GET /xingrg/all/function/internal_message.html?_=1604889290614&CODE_STATE=getMsg HTTP/1.1" 200 27
172.17.200.101 - - [09/Nov/2020:10:34:47 +0800] "GET /xingrg/check_reg.html?_=1604889290617 HTTP/1.1" 200 22
114.88.166.242 - - [09/Nov/2020:10:34:48 +0800] "GET /xingrg/all/function/internal_message.html?_=1604889285803&CODE_STATE=getMsg HTTP/1.1" 200 27
124.77.237.88 - - [09/Nov/2020:10:34:52 +0800] "GET /xingrg/kc/base/check_order_info.html?code=452020110800039 HTTP/1.1" 200 22854
124.77.237.88 - - [09/Nov/2020:10:34:52 +0800] "GET /xingrg/dwr/interface/AjaxCheckService.js HTTP/1.1" 200 14003
124.77.237.88 - - [09/Nov/2020:10:34:52 +0800] "GET /xingrg/dwr/interface/AjaxComOrderService.js HTTP/1.1" 200 18264
124.77.237.88 - - [09/Nov/2020:10:34:52 +0800] "GET /xingrg/dwr/engine.js HTTP/1.1" 200 43631
120.204.17.71 - - [09/Nov/2020:10:34:53 +0800] "GET /xingrg/kc/print/load_data.html?order_code=212020110903526&kc_code=cgsh&condition= HTTP/1.1" 302 -
114.88.166.242 - - [09/Nov/2020:10:34:53 +0800] "GET /xingrg/kc/buy/cgsh_order_operate.html?command=get_materiel&rest_code=00111&code=00101004030&supplier_code=00100312&order_time=2020-11-09 HTTP/1.1" 200 408
124.77.237.88 - - [09/Nov/2020:10:34:53 +0800] "POST /xingrg/dwr/call/plaincall/AjaxCheckService.loadOrderItems.dwr HTTP/1.1" 200 54391
180.162.245.190 - - [09/Nov/2020:10:34:57 +0800] "GET /xingrg/all/function/internal_message.html?_=1604889279384&CODE_STATE=getMsg HTTP/1.1" 200 27
120.204.17.71 - - [09/Nov/2020:10:34:58 +0800] "GET /xingrg/login.html HTTP/1.1" 200 7641
116.232.54.201 - - [09/Nov/2020:10:34:58 +0800] "GET /xingrg/all/function/internal_message.html?_=1604889391062&CODE_STATE=getMsg HTTP/1.1" 200 27
114.88.166.242 - - [09/Nov/2020:10:34:59 +0800] "GET /xingrg/kc/buy/cgsh_order_operate.html?command=get_materiel&rest_code=00111&code=00101001156&supplier_code=00100312&order_time=2020-11-09 HTTP/1.1" 200 409
114.84.37.38 - - [09/Nov/2020:10:35:01 +0800] "POST /xingrg/kc/buy/cgsh_order_operate.html HTTP/1.1" 200 37
180.162.245.190 - - [09/Nov/2020:10:35:02 +0800] "GET /xingrg/kc/buy/cgsh_order_operate.html?command=get_materiel&rest_code=00105&code=00101001125&supplier_code=00100319&order_time=2020-11-09 HTTP/1.1" 200 413
114.84.37.38 - - [09/Nov/2020:10:35:02 +0800] "POST /xingrg/kc/buy/cgsh_order_operate.html HTTP/1.1" 200 3255
180.174.56.115 - - [09/Nov/2020:10:35:03 +0800] "GET /xingrg/all/function/internal_message.html?_=1604889303081&CODE_STATE=getMsg HTTP/1.1" 200 27
114.88.166.242 - - [09/Nov/2020:10:35:04 +0800] "POST /xingrg/kc/buy/cgsh_order_operate.html HTTP/1.1" 200 37
120.253.135.82 - - [09/Nov/2020:10:35:04 +0800] "GET /xingrg/all/function/internal_message.html?_=1604889051763&CODE_STATE=getMsg HTTP/1.1" 200 27
114.88.166.242 - - [09/Nov/2020:10:35:05 +0800] "POST /xingrg/kc/buy/cgsh_order_operate.html HTTP/1.1" 200 4438
114.84.37.38 - - [09/Nov/2020:10:35:05 +0800] "GET /xingrg/kc/print/load_data.html?order_code=212020110903546&kc_code=cgsh&condition= HTTP/1.1" 200 972
114.88.166.242 - - [09/Nov/2020:10:35:05 +0800] "GET /xingrg/kc/print/load_data.html?order_code=212020110903547&kc_code=cgsh&condition= HTTP/1.1" 200 1356
124.77.237.88 - - [09/Nov/2020:10:35:09 +0800] "GET /xingrg/all/function/internal_message.html?_=1604889308038&CODE_STATE=getMsg HTTP/1.1" 200 27
180.152.243.105 - - [09/Nov/2020:10:35:09 +0800] "GET /xingrg/all/function/internal_message.html?_=1604889531619&CODE_STATE=getMsg HTTP/1.1" 200 27
114.88.166.242 - - [09/Nov/2020:10:35:10 +0800] "GET /xingrg/kc/buy/cgsh_order_add.html HTTP/1.1" 200 60613
114.88.166.242 - - [09/Nov/2020:10:35:10 +0800] "POST /xingrg/kc/buy/cgsh_order_operate.html HTTP/1.1" 200 8245
114.88.166.242 - - [09/Nov/2020:10:35:10 +0800] "GET /xingrg/javascript/easyui/themes/default/validatebox.css HTTP/1.1" 404 1104
114.88.166.242 - - [09/Nov/2020:10:35:15 +0800] "GET /xingrg/kc/buy/cgsh_order_operate.html?command=get_materiel&rest_code=00111&code=00101001019&supplier_code=00100318&order_time=2020-11-09 HTTP/1.1" 200 414
180.162.245.190 - - [09/Nov/2020:10:35:17 +0800] "POST /xingrg/kc/buy/cgsh_order_operate.html HTTP/1.1" 200 37
180.162.245.190 - - [09/Nov/2020:10:35:19 +0800] "POST /xingrg/kc/buy/cgsh_order_operate.html HTTP/1.1" 200 3252
180.162.245.190 - - [09/Nov/2020:10:35:20 +0800] "GET /xingrg/kc/print/load_data.html?order_code=212020110903548&kc_code=cgsh&condition= HTTP/1.1" 200 902
180.174.56.115 - - [09/Nov/2020:10:35:20 +0800] "GET /xingrg/all/function/internal_message.html?_=1604889277282&CODE_STATE=getMsg HTTP/1.1" 200 27
114.88.166.242 - - [09/Nov/2020:10:35:21 +0800] "POST /xingrg/kc/buy/cgsh_order_operate.html HTTP/1.1" 200 37
114.84.37.38 - - [09/Nov/2020:10:35:21 +0800] "GET /xingrg/kc/buy/cgsh_order_add.html HTTP/1.1" 200 60619
114.88.166.242 - - [09/Nov/2020:10:35:22 +0800] "POST /xingrg/kc/buy/cgsh_order_operate.html HTTP/1.1" 200 2661
114.88.166.242 - - [09/Nov/2020:10:35:23 +0800] "GET /xingrg/kc/print/load_data.html?order_code=212020110903549&kc_code=cgsh&condition= HTTP/1.1" 200 680
180.162.245.190 - - [09/Nov/2020:10:35:23 +0800] "GET /xingrg/kc/buy/cgsh_order_add.html HTTP/1.1" 200 60660
180.162.245.190 - - [09/Nov/2020:10:35:23 +0800] "POST /xingrg/kc/buy/cgsh_order_operate.html HTTP/1.1" 200 8245
180.162.245.190 - - [09/Nov/2020:10:35:23 +0800] "GET /xingrg/javascript/easyui/themes/default/validatebox.css HTTP/1.1" 404 1104
114.84.37.38 - - [09/Nov/2020:10:35:24 +0800] "POST /xingrg/kc/buy/cgsh_order_operate.html HTTP/1.1" 200 8245
114.84.37.38 - - [09/Nov/2020:10:35:24 +0800] "GET /xingrg/javascript/easyui/themes/default/validatebox.css HTTP/1.1" 404 1104
114.84.37.38 - - [09/Nov/2020:10:35:24 +0800] "GET /xingrg/all/function/internal_message.html?_=1604889330208&CODE_STATE=getMsg HTTP/1.1" 200 27
