180.152.243.105 - - [09/Nov/2020:11:10:06 +0800] "GET /xingrg/kc/buy/cgsh_order_operate.html?command=get_materiel&rest_code=00102&code=00101010161&supplier_code=00100334&order_time=2020-11-09 HTTP/1.1" 200 408
180.174.56.115 - - [09/Nov/2020:11:10:06 +0800] "GET /xingrg/kc/print/load_data.html?order_code=212020110903605&kc_code=cgsh&condition= HTTP/1.1" 200 710
116.232.54.201 - - [09/Nov/2020:11:10:06 +0800] "GET /xingrg/kc/print/load_config.html?kc_code=cgsh HTTP/1.1" 200 1845
116.232.54.201 - - [09/Nov/2020:11:10:07 +0800] "GET /xingrg/kc/print/load_data.html?order_code=212020110903608&kc_code=cgsh&condition= HTTP/1.1" 200 1612
114.84.145.85 - - [09/Nov/2020:11:10:08 +0800] "GET /xingrg/kc/buy/cgsh_order_info.html?code=212020110903607 HTTP/1.1" 200 55524
114.84.145.85 - - [09/Nov/2020:11:10:08 +0800] "GET /xingrg/javascript/easyui/themes/default/validatebox.css HTTP/1.1" 404 1104
114.84.145.85 - - [09/Nov/2020:11:10:08 +0800] "POST /xingrg/kc/buy/cgsh_order_operate.html HTTP/1.1" 200 625
180.174.56.115 - - [09/Nov/2020:11:10:11 +0800] "GET /xingrg/kc/buy/cgsh_order_add.html HTTP/1.1" 200 60537
114.84.145.85 - - [09/Nov/2020:11:10:11 +0800] "GET /xingrg/kc/print/load_data.html?order_code=212020110903607&kc_code=cgsh&condition= HTTP/1.1" 200 781
180.174.56.115 - - [09/Nov/2020:11:10:12 +0800] "GET /xingrg/javascript/easyui/themes/default/validatebox.css HTTP/1.1" 404 1104
180.174.56.115 - - [09/Nov/2020:11:10:12 +0800] "POST /xingrg/kc/buy/cgsh_order_operate.html HTTP/1.1" 200 8245
124.77.237.88 - - [09/Nov/2020:11:10:12 +0800] "GET /xingrg/all/function/internal_message.html?_=1604891410876&CODE_STATE=getMsg HTTP/1.1" 200 27
116.232.54.201 - - [09/Nov/2020:11:10:13 +0800] "GET /xingrg/kc/buy/cgsh_order_add.html HTTP/1.1" 200 60660
116.232.54.201 - - [09/Nov/2020:11:10:13 +0800] "POST /xingrg/kc/buy/cgsh_order_operate.html HTTP/1.1" 200 8245
116.232.54.201 - - [09/Nov/2020:11:10:13 +0800] "GET /xingrg/all/common/auto_word.html?type=employee&rest_code=00109 HTTP/1.1" 200 255
116.232.54.201 - - [09/Nov/2020:11:10:13 +0800] "GET /xingrg/all/common/auto_word.html?type=employee&rest_code=00109 HTTP/1.1" 200 255
116.232.54.201 - - [09/Nov/2020:11:10:13 +0800] "GET /xingrg/javascript/easyui/themes/default/validatebox.css HTTP/1.1" 404 1104
180.162.245.190 - - [09/Nov/2020:11:10:14 +0800] "POST /xingrg/kc/base/wldb_order_operate.html HTTP/1.1" 200 37
180.162.245.190 - - [09/Nov/2020:11:10:14 +0800] "POST /xingrg/kc/base/wldb_order_operate.html HTTP/1.1" 200 3619
180.162.245.190 - - [09/Nov/2020:11:10:14 +0800] "GET /xingrg/kc/base/wldb_order_info.html?code=422020110900952 HTTP/1.1" 200 30604
180.162.245.190 - - [09/Nov/2020:11:10:15 +0800] "GET /xingrg/javascript/easyui/themes/default/validatebox.css HTTP/1.1" 404 1104
180.162.245.190 - - [09/Nov/2020:11:10:15 +0800] "POST /xingrg/kc/base/wldb_order_operate.html HTTP/1.1" 200 3619
180.152.243.105 - - [09/Nov/2020:11:10:15 +0800] "GET /xingrg/kc/buy/cgsh_order_operate.html?command=get_materiel&rest_code=00102&code=00101005036&supplier_code=00100334&order_time=2020-11-09 HTTP/1.1" 200 409
58.37.37.111 - - [09/Nov/2020:11:10:15 +0800] "GET /xingrg/all/function/internal_message.html?_=1604891416004&CODE_STATE=getMsg HTTP/1.1" 200 27
58.37.37.111 - - [09/Nov/2020:11:10:16 +0800] "GET /xingrg/check_reg.html?_=1604891416005 HTTP/1.1" 200 22
114.84.145.85 - - [09/Nov/2020:11:10:18 +0800] "GET /xingrg/kc/buy/cgsh_order_add.html HTTP/1.1" 200 60619
114.84.145.85 - - [09/Nov/2020:11:10:19 +0800] "POST /xingrg/kc/buy/cgsh_order_operate.html HTTP/1.1" 200 8245
114.84.145.85 - - [09/Nov/2020:11:10:19 +0800] "GET /xingrg/javascript/easyui/themes/default/validatebox.css HTTP/1.1" 404 1104
180.157.253.48 - - [09/Nov/2020:11:10:20 +0800] "GET /xingrg/all/function/internal_message.html?_=1604891421128&CODE_STATE=getMsg HTTP/1.1" 200 27
180.174.56.115 - - [09/Nov/2020:11:10:21 +0800] "GET /xingrg/all/function/internal_message.html?_=1604891377757&CODE_STATE=getMsg HTTP/1.1" 200 27
180.174.56.115 - - [09/Nov/2020:11:10:21 +0800] "GET /xingrg/kc/buy/cgsh_order_operate.html?command=get_materiel&rest_code=00150&code=00101004018&supplier_code=00100312&order_time=2020-11-09 HTTP/1.1" 200 419
180.174.56.115 - - [09/Nov/2020:11:10:22 +0800] "GET /xingrg/all/function/internal_message.html?_=1604891421257&CODE_STATE=getMsg HTTP/1.1" 200 27
116.232.54.201 - - [09/Nov/2020:11:10:22 +0800] "GET /xingrg/kc/buy/cgsh_order_operate.html?command=get_materiel&rest_code=00109&code=00101006115&supplier_code=00100015&order_time=2020-11-09 HTTP/1.1" 200 409
180.152.243.105 - - [09/Nov/2020:11:10:22 +0800] "GET /xingrg/all/function/internal_message.html?_=1604891644917&CODE_STATE=getMsg HTTP/1.1" 200 27
180.152.243.105 - - [09/Nov/2020:11:10:23 +0800] "GET /xingrg/kc/buy/cgsh_order_operate.html?command=get_materiel&rest_code=00102&code=00101005009&supplier_code=00100334&order_time=2020-11-09 HTTP/1.1" 200 415
114.84.145.85 - - [09/Nov/2020:11:10:23 +0800] "GET /xingrg/all/function/internal_message.html?_=1604891013195&CODE_STATE=getMsg HTTP/1.1" 200 27
117.184.7.26 - - [09/Nov/2020:11:10:25 +0800] "GET /xingrg/all/function/internal_message.html?_=1604892409107&CODE_STATE=getMsg HTTP/1.1" 200 27
117.184.7.26 - - [09/Nov/2020:11:10:25 +0800] "GET /xingrg/check_reg.html?_=1604892409106 HTTP/1.1" 200 22
114.84.145.85 - - [09/Nov/2020:11:10:25 +0800] "GET /xingrg/kc/buy/cgsh_order_operate.html?command=get_materiel&rest_code=00141&code=00101004065&supplier_code=00100090&order_time=2020-11-09 HTTP/1.1" 200 433
114.88.166.242 - - [09/Nov/2020:11:10:28 +0800] "GET /xingrg/all/function/internal_message.html?_=1604891532498&CODE_STATE=getMsg HTTP/1.1" 200 27
117.184.7.26 - - [09/Nov/2020:11:10:29 +0800] "GET /xingrg/all/function/internal_message.html?_=1604891427217&CODE_STATE=getMsg HTTP/1.1" 200 27
116.232.54.201 - - [09/Nov/2020:11:10:31 +0800] "GET /xingrg/kc/buy/cgsh_order_operate.html?command=get_materiel&rest_code=00109&code=00101006144&supplier_code=00100015&order_time=2020-11-09 HTTP/1.1" 200 409
116.232.54.201 - - [09/Nov/2020:11:10:31 +0800] "GET /xingrg/javascript/auto/indicator.gif HTTP/1.1" 404 1066
114.84.37.38 - - [09/Nov/2020:11:10:31 +0800] "GET /xingrg/all/function/internal_message.html?_=1604891436892&CODE_STATE=getMsg HTTP/1.1" 200 27
180.174.56.115 - - [09/Nov/2020:11:10:32 +0800] "GET /xingrg/kc/buy/cgsh_order_operate.html?command=get_materiel&rest_code=00150&code=00101004046&supplier_code=00100312&order_time=2020-11-09 HTTP/1.1" 200 417
117.185.32.26 - - [09/Nov/2020:11:10:35 +0800] "GET /xingrg/all/function/internal_message.html?_=1604891856669&CODE_STATE=getMsg HTTP/1.1" 200 27
117.185.32.26 - - [09/Nov/2020:11:10:35 +0800] "GET /xingrg/check_reg.html?_=1604891856670 HTTP/1.1" 200 22
180.174.56.115 - - [09/Nov/2020:11:10:38 +0800] "GET /xingrg/kc/buy/cgsh_order_operate.html?command=get_materiel&rest_code=00150&code=00101004023&supplier_code=00100312&order_time=2020-11-09 HTTP/1.1" 200 409
116.232.54.201 - - [09/Nov/2020:11:10:39 +0800] "GET /xingrg/kc/buy/cgsh_order_operate.html?command=get_materiel&rest_code=00109&code=00101006073&supplier_code=00100015&order_time=2020-11-09 HTTP/1.1" 200 410
172.17.0.101 - - [09/Nov/2020:11:10:40 +0800] "GET /xingrg/all/function/internal_message.html?_=1604891441517&CODE_STATE=getMsg HTTP/1.1" 200 27
172.17.0.101 - - [09/Nov/2020:11:10:40 +0800] "GET /xingrg/check_reg.html?_=1604891441519 HTTP/1.1" 200 22
180.152.243.105 - - [09/Nov/2020:11:10:41 +0800] "POST /xingrg/kc/buy/cgsh_order_operate.html HTTP/1.1" 200 37
180.162.245.190 - - [09/Nov/2020:11:10:43 +0800] "GET /xingrg/all/function/internal_message.html?_=1604891445338&CODE_STATE=getMsg HTTP/1.1" 200 27
114.88.166.242 - - [09/Nov/2020:11:10:45 +0800] "GET /favicon.ico HTTP/1.1" 404 -
116.232.54.201 - - [09/Nov/2020:11:10:45 +0800] "GET /xingrg/all/function/internal_message.html?_=1604891509218&CODE_STATE=getMsg HTTP/1.1" 200 27
114.88.166.242 - - [09/Nov/2020:11:10:45 +0800] "GET /favicon.ico HTTP/1.1" 404 -
117.185.32.26 - - [09/Nov/2020:11:10:46 +0800] "GET /xingrg/all/function/internal_message.html?_=1604891441490&CODE_STATE=getMsg HTTP/1.1" 200 27
114.88.166.242 - - [09/Nov/2020:11:10:46 +0800] "GET /favicon.ico HTTP/1.1" 404 -
172.17.0.100 - - [09/Nov/2020:11:10:47 +0800] "GET /xingrg/all/function/internal_message.html?_=1604891482835&CODE_STATE=getMsg HTTP/1.1" 200 27
180.152.243.105 - - [09/Nov/2020:11:10:47 +0800] "POST /xingrg/kc/buy/cgsh_order_operate.html HTTP/1.1" 200 3833
172.17.200.101 - - [09/Nov/2020:11:10:48 +0800] "GET /xingrg/all/function/internal_message.html?_=1604891450666&CODE_STATE=getMsg HTTP/1.1" 200 27
180.174.56.115 - - [09/Nov/2020:11:10:48 +0800] "POST /xingrg/kc/buy/cgsh_order_operate.html HTTP/1.1" 200 37
180.174.56.115 - - [09/Nov/2020:11:10:51 +0800] "POST /xingrg/kc/buy/cgsh_order_operate.html HTTP/1.1" 200 12
116.232.54.201 - - [09/Nov/2020:11:10:51 +0800] "GET /xingrg/all/function/internal_message.html?_=1604891452318&CODE_STATE=getMsg HTTP/1.1" 200 27
180.162.108.15 - - [09/Nov/2020:11:10:52 +0800] "GET /xingrg/all/function/internal_message.html?_=1604891395713&CODE_STATE=getMsg HTTP/1.1" 200 27
180.174.56.115 - - [09/Nov/2020:11:10:52 +0800] "GET /xingrg/kc/buy/cgsh_order_info.html?code=212020110903610 HTTP/1.1" 200 55444
180.174.56.115 - - [09/Nov/2020:11:10:53 +0800] "GET /xingrg/javascript/easyui/themes/default/validatebox.css HTTP/1.1" 404 1104
180.174.56.115 - - [09/Nov/2020:11:10:53 +0800] "POST /xingrg/kc/buy/cgsh_order_operate.html HTTP/1.1" 200 1804
180.152.243.105 - - [09/Nov/2020:11:10:53 +0800] "POST /xingrg/kc/buy/cgsh_order_operate.html HTTP/1.1" 200 37
180.174.56.115 - - [09/Nov/2020:11:10:55 +0800] "GET /xingrg/kc/print/load_data.html?order_code=212020110903610&kc_code=cgsh&condition= HTTP/1.1" 200 1176
180.152.243.105 - - [09/Nov/2020:11:10:55 +0800] "POST /xingrg/kc/buy/cgsh_order_operate.html HTTP/1.1" 200 12
180.152.243.105 - - [09/Nov/2020:11:10:56 +0800] "GET /xingrg/kc/buy/cgsh_order_info.html?code=212020110903609 HTTP/1.1" 200 55477
180.162.245.190 - - [09/Nov/2020:11:10:57 +0800] "GET /xingrg/all/function/internal_message.html?_=1604891439415&CODE_STATE=getMsg HTTP/1.1" 200 27
117.185.32.26 - - [09/Nov/2020:11:10:57 +0800] "POST /xingrg/kc/buy/cgsh_order_operate.html HTTP/1.1" 200 37
180.152.243.105 - - [09/Nov/2020:11:10:58 +0800] "GET /xingrg/javascript/easyui/themes/default/validatebox.css HTTP/1.1" 404 1104
180.152.243.105 - - [09/Nov/2020:11:10:58 +0800] "POST /xingrg/kc/buy/cgsh_order_operate.html HTTP/1.1" 200 1783
180.174.56.115 - - [09/Nov/2020:11:10:59 +0800] "GET /xingrg/kc/buy/cgsh_order_add.html HTTP/1.1" 200 60537
117.185.32.26 - - [09/Nov/2020:11:10:59 +0800] "POST /xingrg/kc/buy/cgsh_order_operate.html HTTP/1.1" 200 12
180.174.56.115 - - [09/Nov/2020:11:11:00 +0800] "GET /xingrg/javascript/easyui/themes/default/validatebox.css HTTP/1.1" 404 1104
180.174.56.115 - - [09/Nov/2020:11:11:00 +0800] "POST /xingrg/kc/buy/cgsh_order_operate.html HTTP/1.1" 200 8245
117.185.32.26 - - [09/Nov/2020:11:11:00 +0800] "GET /xingrg/kc/buy/cgsh_order_info.html?code=212020110903611 HTTP/1.1" 200 55508
180.152.243.105 - - [09/Nov/2020:11:11:00 +0800] "GET /xingrg/kc/print/load_config.html?kc_code=cgsh HTTP/1.1" 200 1845
117.185.32.26 - - [09/Nov/2020:11:11:00 +0800] "GET /xingrg/javascript/easyui/themes/default/validatebox.css HTTP/1.1" 404 1104
180.152.243.105 - - [09/Nov/2020:11:11:00 +0800] "GET /xingrg/kc/print/load_data.html?order_code=212020110903609&kc_code=cgsh&condition= HTTP/1.1" 200 1136
117.185.32.26 - - [09/Nov/2020:11:11:01 +0800] "POST /xingrg/kc/buy/cgsh_order_operate.html HTTP/1.1" 200 3596
117.185.32.26 - - [09/Nov/2020:11:11:03 +0800] "GET /xingrg/kc/print/load_data.html?order_code=212020110903611&kc_code=cgsh&condition= HTTP/1.1" 200 1845
180.174.56.115 - - [09/Nov/2020:11:11:07 +0800] "GET /xingrg/kc/buy/cgsh_order_operate.html?command=get_materiel&rest_code=00150&code=00101006101&supplier_code=00100324&order_time=2020-11-09 HTTP/1.1" 200 421
124.77.237.88 - - [09/Nov/2020:11:11:09 +0800] "GET /xingrg/check_reg.html?_=1604891467912 HTTP/1.1" 200 22
180.152.243.105 - - [09/Nov/2020:11:11:11 +0800] "GET /xingrg/kc/buy/cgsh_order_add.html HTTP/1.1" 200 60572
124.77.237.88 - - [09/Nov/2020:11:11:12 +0800] "GET /xingrg/all/function/internal_message.html?_=1604891470864&CODE_STATE=getMsg HTTP/1.1" 200 27
180.152.243.105 - - [09/Nov/2020:11:11:13 +0800] "POST /xingrg/kc/buy/cgsh_order_operate.html HTTP/1.1" 200 8245
116.232.54.201 - - [09/Nov/2020:11:11:13 +0800] "GET /xingrg/kc/buy/cgsh_order_operate.html?command=get_materiel&rest_code=00109&code=00101006073&supplier_code=00100015&order_time=2020-11-09 HTTP/1.1" 200 410
180.152.243.105 - - [09/Nov/2020:11:11:14 +0800] "GET /xingrg/javascript/easyui/themes/default/validatebox.css HTTP/1.1" 404 1104
180.152.243.105 - - [09/Nov/2020:11:11:14 +0800] "GET /xingrg/javascript/easyui/themes/default/tree.css HTTP/1.1" 404 1090
180.152.243.105 - - [09/Nov/2020:11:11:14 +0800] "POST /xingrg/all/common/load_tree.html?tree=supplier_tree_json&isDelete=1 HTTP/1.1" 200 51727
58.37.37.111 - - [09/Nov/2020:11:11:15 +0800] "GET /xingrg/all/function/internal_message.html?_=1604891476003&CODE_STATE=getMsg HTTP/1.1" 200 27
180.157.253.48 - - [09/Nov/2020:11:11:20 +0800] "GET /xingrg/all/function/internal_message.html?_=1604891481113&CODE_STATE=getMsg HTTP/1.1" 200 27
180.157.253.48 - - [09/Nov/2020:11:11:20 +0800] "GET /xingrg/check_reg.html?_=1604891481221 HTTP/1.1" 200 22
180.174.56.115 - - [09/Nov/2020:11:11:20 +0800] "GET /xingrg/check_reg.html?_=1604891437273 HTTP/1.1" 200 22
183.192.164.85 - - [09/Nov/2020:11:11:21 +0800] "GET /xingrg/all/function/internal_message.html?_=1604890781774&CODE_STATE=getMsg HTTP/1.1" 302 -
180.174.56.115 - - [09/Nov/2020:11:11:21 +0800] "GET /xingrg/all/function/internal_message.html?_=1604891437770&CODE_STATE=getMsg HTTP/1.1" 200 27
180.174.56.115 - - [09/Nov/2020:11:11:22 +0800] "GET /xingrg/all/function/internal_message.html?_=1604891481262&CODE_STATE=getMsg HTTP/1.1" 200 27
180.152.243.105 - - [09/Nov/2020:11:11:22 +0800] "GET /xingrg/all/function/internal_message.html?_=1604891704931&CODE_STATE=getMsg HTTP/1.1" 200 27
116.232.54.201 - - [09/Nov/2020:11:11:23 +0800] "GET /xingrg/kc/buy/cgsh_order_operate.html?command=get_materiel&rest_code=00109&code=00101006127&supplier_code=00100015&order_time=2020-11-09 HTTP/1.1" 200 423
114.84.145.85 - - [09/Nov/2020:11:11:23 +0800] "GET /xingrg/all/function/internal_message.html?_=1604891073202&CODE_STATE=getMsg HTTP/1.1" 200 27
117.184.7.26 - - [09/Nov/2020:11:11:25 +0800] "GET /xingrg/all/function/internal_message.html?_=1604892469105&CODE_STATE=getMsg HTTP/1.1" 200 27
180.174.56.115 - - [09/Nov/2020:11:11:27 +0800] "POST /xingrg/kc/buy/cgsh_order_operate.html HTTP/1.1" 200 37
183.192.164.85 - - [09/Nov/2020:11:11:27 +0800] "GET /xingrg/login.html HTTP/1.1" 200 7641
114.88.166.242 - - [09/Nov/2020:11:11:28 +0800] "GET /xingrg/all/function/internal_message.html?_=1604891592501&CODE_STATE=getMsg HTTP/1.1" 200 27
117.184.7.26 - - [09/Nov/2020:11:11:29 +0800] "GET /xingrg/all/function/internal_message.html?_=1604891487205&CODE_STATE=getMsg HTTP/1.1" 200 27
180.174.56.115 - - [09/Nov/2020:11:11:30 +0800] "POST /xingrg/kc/buy/cgsh_order_operate.html HTTP/1.1" 200 12
116.232.54.201 - - [09/Nov/2020:11:11:31 +0800] "GET /xingrg/kc/buy/cgsh_order_operate.html?command=get_materiel&rest_code=00109&code=00101006007&supplier_code=00100015&order_time=2020-11-09 HTTP/1.1" 200 417
114.84.37.38 - - [09/Nov/2020:11:11:31 +0800] "GET /xingrg/all/function/internal_message.html?_=1604891497515&CODE_STATE=getMsg HTTP/1.1" 200 27
180.174.56.115 - - [09/Nov/2020:11:11:32 +0800] "GET /xingrg/kc/buy/cgsh_order_info.html?code=212020110903612 HTTP/1.1" 200 55444
180.174.56.115 - - [09/Nov/2020:11:11:33 +0800] "GET /xingrg/javascript/easyui/themes/default/validatebox.css HTTP/1.1" 404 1104
180.174.56.115 - - [09/Nov/2020:11:11:33 +0800] "POST /xingrg/kc/buy/cgsh_order_operate.html HTTP/1.1" 200 618
180.174.56.115 - - [09/Nov/2020:11:11:34 +0800] "GET /xingrg/kc/print/load_data.html?order_code=212020110903612&kc_code=cgsh&condition= HTTP/1.1" 200 729
117.185.32.26 - - [09/Nov/2020:11:11:35 +0800] "GET /xingrg/all/function/internal_message.html?_=1604891916680&CODE_STATE=getMsg HTTP/1.1" 200 27
116.232.54.201 - - [09/Nov/2020:11:11:37 +0800] "GET /xingrg/kc/buy/cgsh_order_operate.html?command=get_materiel&rest_code=00109&code=00101006025&supplier_code=00100015&order_time=2020-11-09 HTTP/1.1" 200 417
180.152.243.105 - - [09/Nov/2020:11:11:37 +0800] "GET /xingrg/kc/buy/cgsh_order_operate.html?command=get_materiel&rest_code=00102&code=00101004067&supplier_code=00100317&order_time=2020-11-09 HTTP/1.1" 200 413
101.93.222.235 - - [09/Nov/2020:11:11:38 +0800] "POST /xingrg/services/DataTransmitService HTTP/1.1" 200 524
101.93.222.235 - - [09/Nov/2020:11:11:38 +0800] "POST /xingrg/services/DataTransmitService HTTP/1.1" 200 501
180.174.56.115 - - [09/Nov/2020:11:11:39 +0800] "GET /xingrg/kc/buy/cgsh_order_add.html HTTP/1.1" 200 60537
180.174.56.115 - - [09/Nov/2020:11:11:39 +0800] "GET /xingrg/javascript/easyui/themes/default/validatebox.css HTTP/1.1" 404 1104
180.174.56.115 - - [09/Nov/2020:11:11:39 +0800] "POST /xingrg/kc/buy/cgsh_order_operate.html HTTP/1.1" 200 8245
172.17.0.101 - - [09/Nov/2020:11:11:40 +0800] "GET /xingrg/all/function/internal_message.html?_=1604891501512&CODE_STATE=getMsg HTTP/1.1" 200 27
120.204.17.70 - - [09/Nov/2020:11:11:41 +0800] "GET /xingrg/all/function/internal_message.html?_=1604890721806&CODE_STATE=getMsg HTTP/1.1" 302 -
116.232.54.201 - - [09/Nov/2020:11:11:43 +0800] "GET /xingrg/all/function/internal_message.html?_=1604891569218&CODE_STATE=getMsg HTTP/1.1" 200 27
180.162.245.190 - - [09/Nov/2020:11:11:43 +0800] "GET /xingrg/check_reg.html?_=1604891505343 HTTP/1.1" 200 22
180.162.245.190 - - [09/Nov/2020:11:11:43 +0800] "GET /xingrg/all/function/internal_message.html?_=1604891505337&CODE_STATE=getMsg HTTP/1.1" 200 27
116.232.54.201 - - [09/Nov/2020:11:11:43 +0800] "GET /xingrg/kc/buy/cgsh_order_operate.html?command=get_materiel&rest_code=00109&code=00101007068&supplier_code=00100015&order_time=2020-11-09 HTTP/1.1" 200 409
117.185.32.26 - - [09/Nov/2020:11:11:46 +0800] "GET /xingrg/all/function/internal_message.html?_=1604891501469&CODE_STATE=getMsg HTTP/1.1" 200 27
180.174.56.115 - - [09/Nov/2020:11:11:46 +0800] "GET /xingrg/kc/buy/cgsh_order_operate.html?command=get_materiel&rest_code=00150&code=00101004065&supplier_code=00100086&order_time=2020-11-09 HTTP/1.1" 200 433
180.152.243.105 - - [09/Nov/2020:11:11:47 +0800] "GET /xingrg/kc/buy/cgsh_order_operate.html?command=get_materiel&rest_code=00102&code=00101004027&supplier_code=00100317&order_time=2020-11-09 HTTP/1.1" 200 409
172.17.0.100 - - [09/Nov/2020:11:11:47 +0800] "GET /xingrg/all/function/internal_message.html?_=1604891542835&CODE_STATE=getMsg HTTP/1.1" 200 27
172.17.200.101 - - [09/Nov/2020:11:11:48 +0800] "GET /xingrg/all/function/internal_message.html?_=1604891510668&CODE_STATE=getMsg HTTP/1.1" 200 27
114.84.145.85 - - [09/Nov/2020:11:11:48 +0800] "GET /xingrg/kc/buy/cgsh_order_operate.html?command=get_materiel&rest_code=00141&code=00101001093&supplier_code=00100090&order_time=2020-11-09 HTTP/1.1" 200 411
120.204.17.70 - - [09/Nov/2020:11:11:50 +0800] "GET /xingrg/login.html HTTP/1.1" 200 7641
116.232.54.201 - - [09/Nov/2020:11:11:51 +0800] "GET /xingrg/all/function/internal_message.html?_=1604891511963&CODE_STATE=getMsg HTTP/1.1" 200 27
117.185.32.26 - - [09/Nov/2020:11:11:51 +0800] "GET /xingrg/kc/buy/cgsh_order_add.html HTTP/1.1" 200 60613
117.185.32.26 - - [09/Nov/2020:11:11:52 +0800] "GET /xingrg/javascript/easyui/themes/default/validatebox.css HTTP/1.1" 404 1104
117.185.32.26 - - [09/Nov/2020:11:11:52 +0800] "POST /xingrg/kc/buy/cgsh_order_operate.html HTTP/1.1" 200 8245
180.162.108.15 - - [09/Nov/2020:11:11:52 +0800] "GET /xingrg/all/function/internal_message.html?_=1604891455713&CODE_STATE=getMsg HTTP/1.1" 200 27
117.185.32.26 - - [09/Nov/2020:11:11:53 +0800] "GET /xingrg/javascript/easyui/themes/default/tree.css HTTP/1.1" 404 1090
117.185.32.26 - - [09/Nov/2020:11:11:54 +0800] "POST /xingrg/all/common/load_tree.html?tree=supplier_tree_json&isDelete=1 HTTP/1.1" 200 51727
180.162.245.190 - - [09/Nov/2020:11:11:57 +0800] "GET /xingrg/check_reg.html?_=1604891499415 HTTP/1.1" 200 22
180.162.245.190 - - [09/Nov/2020:11:11:57 +0800] "GET /xingrg/all/function/internal_message.html?_=1604891499418&CODE_STATE=getMsg HTTP/1.1" 200 27
180.152.243.105 - - [09/Nov/2020:11:11:58 +0800] "POST /xingrg/kc/buy/cgsh_order_operate.html HTTP/1.1" 200 37
116.232.54.201 - - [09/Nov/2020:11:11:58 +0800] "GET /xingrg/kc/buy/cgsh_order_operate.html?command=get_materiel&rest_code=00109&code=00101006130&supplier_code=00100015&order_time=2020-11-09 HTTP/1.1" 200 427
180.174.56.115 - - [09/Nov/2020:11:12:02 +0800] "POST /xingrg/kc/buy/cgsh_order_operate.html HTTP/1.1" 200 37
114.84.145.85 - - [09/Nov/2020:11:12:02 +0800] "POST /xingrg/kc/buy/cgsh_order_operate.html HTTP/1.1" 200 88
180.152.243.105 - - [09/Nov/2020:11:12:02 +0800] "POST /xingrg/kc/buy/cgsh_order_operate.html HTTP/1.1" 200 12
114.84.37.38 - - [09/Nov/2020:11:12:04 +0800] "GET /xingrg/check_reg.html?_=1604891529732 HTTP/1.1" 200 22
180.174.56.115 - - [09/Nov/2020:11:12:04 +0800] "POST /xingrg/kc/buy/cgsh_order_operate.html HTTP/1.1" 200 12
180.174.56.115 - - [09/Nov/2020:11:12:05 +0800] "GET /xingrg/kc/buy/cgsh_order_info.html?code=212020110903614 HTTP/1.1" 200 55444
180.174.56.115 - - [09/Nov/2020:11:12:05 +0800] "GET /xingrg/javascript/easyui/themes/default/validatebox.css HTTP/1.1" 404 1104
180.152.243.105 - - [09/Nov/2020:11:12:06 +0800] "GET /xingrg/kc/buy/cgsh_order_info.html?code=212020110903613 HTTP/1.1" 200 55477
114.84.145.85 - - [09/Nov/2020:11:12:06 +0800] "POST /xingrg/kc/buy/cgsh_order_operate.html HTTP/1.1" 200 37
180.174.56.115 - - [09/Nov/2020:11:12:06 +0800] "POST /xingrg/kc/buy/cgsh_order_operate.html HTTP/1.1" 200 610
180.174.56.115 - - [09/Nov/2020:11:12:07 +0800] "GET /xingrg/kc/print/load_data.html?order_code=212020110903614&kc_code=cgsh&condition= HTTP/1.1" 200 774
180.152.243.105 - - [09/Nov/2020:11:12:07 +0800] "GET /xingrg/javascript/easyui/themes/default/validatebox.css HTTP/1.1" 404 1104
180.152.243.105 - - [09/Nov/2020:11:12:08 +0800] "POST /xingrg/kc/buy/cgsh_order_operate.html HTTP/1.1" 200 606
114.84.145.85 - - [09/Nov/2020:11:12:08 +0800] "POST /xingrg/kc/buy/cgsh_order_operate.html HTTP/1.1" 200 12
116.232.54.201 - - [09/Nov/2020:11:12:09 +0800] "GET /xingrg/kc/buy/cgsh_order_operate.html?command=get_materiel&rest_code=00109&code=00101006057&supplier_code=00100015&order_time=2020-11-09 HTTP/1.1" 200 413
114.84.145.85 - - [09/Nov/2020:11:12:09 +0800] "GET /xingrg/kc/buy/cgsh_order_info.html?code=212020110903616 HTTP/1.1" 200 55526
114.84.145.85 - - [09/Nov/2020:11:12:09 +0800] "GET /xingrg/javascript/easyui/themes/default/validatebox.css HTTP/1.1" 404 1104
114.84.145.85 - - [09/Nov/2020:11:12:10 +0800] "POST /xingrg/kc/buy/cgsh_order_operate.html HTTP/1.1" 200 1204
180.152.243.105 - - [09/Nov/2020:11:12:10 +0800] "GET /xingrg/kc/print/load_data.html?order_code=212020110903613&kc_code=cgsh&condition= HTTP/1.1" 200 692
114.84.145.85 - - [09/Nov/2020:11:12:10 +0800] "GET /xingrg/kc/print/load_data.html?order_code=212020110903616&kc_code=cgsh&condition= HTTP/1.1" 200 1002
180.174.56.115 - - [09/Nov/2020:11:12:11 +0800] "GET /xingrg/kc/buy/cgsh_order_add.html HTTP/1.1" 200 60537
124.77.237.88 - - [09/Nov/2020:11:12:12 +0800] "GET /xingrg/all/function/internal_message.html?_=1604891530841&CODE_STATE=getMsg HTTP/1.1" 200 27
180.174.56.115 - - [09/Nov/2020:11:12:12 +0800] "POST /xingrg/kc/buy/cgsh_order_operate.html HTTP/1.1" 200 8245
180.174.56.115 - - [09/Nov/2020:11:12:12 +0800] "GET /xingrg/javascript/easyui/themes/default/validatebox.css HTTP/1.1" 404 1104
117.185.32.26 - - [09/Nov/2020:11:12:13 +0800] "GET /xingrg/kc/buy/cgsh_order_operate.html?command=get_materiel&rest_code=00106&code=00101018004&supplier_code=00100330&order_time=2020-11-09 HTTP/1.1" 200 409
114.84.145.85 - - [09/Nov/2020:11:12:14 +0800] "GET /xingrg/kc/buy/cgsh_order_add.html HTTP/1.1" 200 60619
114.84.145.85 - - [09/Nov/2020:11:12:14 +0800] "GET /xingrg/javascript/easyui/themes/default/validatebox.css HTTP/1.1" 404 1104
114.84.145.85 - - [09/Nov/2020:11:12:14 +0800] "POST /xingrg/kc/buy/cgsh_order_operate.html HTTP/1.1" 200 8245
116.232.54.201 - - [09/Nov/2020:11:12:15 +0800] "GET /xingrg/kc/buy/cgsh_order_operate.html?command=get_materiel&rest_code=00109&code=00101006122&supplier_code=00100015&order_time=2020-11-09 HTTP/1.1" 200 409
58.37.37.111 - - [09/Nov/2020:11:12:15 +0800] "GET /xingrg/all/function/internal_message.html?_=1604891536001&CODE_STATE=getMsg HTTP/1.1" 200 27
180.152.243.105 - - [09/Nov/2020:11:12:19 +0800] "GET /xingrg/kc/buy/cgsh_order_add.html HTTP/1.1" 200 60572
180.157.253.48 - - [09/Nov/2020:11:12:20 +0800] "GET /xingrg/all/function/internal_message.html?_=1604891541096&CODE_STATE=getMsg HTTP/1.1" 200 27
180.174.56.115 - - [09/Nov/2020:11:12:21 +0800] "GET /xingrg/all/function/internal_message.html?_=1604891497785&CODE_STATE=getMsg HTTP/1.1" 200 27
116.232.54.201 - - [09/Nov/2020:11:12:21 +0800] "POST /xingrg/kc/buy/cgsh_order_operate.html HTTP/1.1" 200 37
180.174.56.115 - - [09/Nov/2020:11:12:22 +0800] "GET /xingrg/all/function/internal_message.html?_=1604891541266&CODE_STATE=getMsg HTTP/1.1" 200 27
116.232.54.201 - - [09/Nov/2020:11:12:22 +0800] "POST /xingrg/kc/buy/cgsh_order_operate.html HTTP/1.1" 200 8014
180.152.243.105 - - [09/Nov/2020:11:12:22 +0800] "POST /xingrg/kc/buy/cgsh_order_operate.html HTTP/1.1" 200 8245
114.84.145.85 - - [09/Nov/2020:11:12:22 +0800] "GET /xingrg/kc/buy/cgsh_order_operate.html?command=get_materiel&rest_code=00141&code=00101010161&supplier_code=00100334&order_time=2020-11-09 HTTP/1.1" 200 410
180.152.243.105 - - [09/Nov/2020:11:12:22 +0800] "GET /xingrg/javascript/easyui/themes/default/validatebox.css HTTP/1.1" 404 1104
180.152.243.105 - - [09/Nov/2020:11:12:22 +0800] "GET /xingrg/all/function/internal_message.html?_=1604891764970&CODE_STATE=getMsg HTTP/1.1" 200 27
116.232.54.201 - - [09/Nov/2020:11:12:23 +0800] "GET /xingrg/kc/print/load_config.html?kc_code=cgsh HTTP/1.1" 200 1845
116.232.54.201 - - [09/Nov/2020:11:12:23 +0800] "GET /xingrg/kc/print/load_data.html?order_code=212020110903617&kc_code=cgsh&condition= HTTP/1.1" 200 2817
114.84.145.85 - - [09/Nov/2020:11:12:23 +0800] "GET /xingrg/all/function/internal_message.html?_=1604891133216&CODE_STATE=getMsg HTTP/1.1" 200 27
117.184.7.26 - - [09/Nov/2020:11:12:25 +0800] "GET /xingrg/all/function/internal_message.html?_=1604892529118&CODE_STATE=getMsg HTTP/1.1" 200 27
114.88.166.242 - - [09/Nov/2020:11:12:28 +0800] "GET /xingrg/all/function/internal_message.html?_=1604891652504&CODE_STATE=getMsg HTTP/1.1" 200 27
114.88.166.242 - - [09/Nov/2020:11:12:28 +0800] "GET /xingrg/check_reg.html?_=1604891652502 HTTP/1.1" 200 22
222.69.136.151 - - [09/Nov/2020:11:12:28 +0800] "POST /xingrg/services/DataTransmitService HTTP/1.1" 200 524
117.184.7.26 - - [09/Nov/2020:11:12:29 +0800] "GET /xingrg/all/function/internal_message.html?_=1604891547190&CODE_STATE=getMsg HTTP/1.1" 200 27
180.174.56.115 - - [09/Nov/2020:11:12:30 +0800] "GET /xingrg/kc/buy/cgsh_order_operate.html?command=get_materiel&rest_code=00150&code=00101002013&supplier_code=00100347&order_time=2020-11-09 HTTP/1.1" 200 416
116.232.54.201 - - [09/Nov/2020:11:12:31 +0800] "GET /xingrg/kc/buy/cgsh_order_add.html HTTP/1.1" 200 60660
116.232.54.201 - - [09/Nov/2020:11:12:31 +0800] "POST /xingrg/kc/buy/cgsh_order_operate.html HTTP/1.1" 200 8245
116.232.54.201 - - [09/Nov/2020:11:12:31 +0800] "GET /xingrg/all/common/auto_word.html?type=employee&rest_code=00109 HTTP/1.1" 200 255
116.232.54.201 - - [09/Nov/2020:11:12:31 +0800] "GET /xingrg/javascript/easyui/themes/default/validatebox.css HTTP/1.1" 404 1104
116.232.54.201 - - [09/Nov/2020:11:12:31 +0800] "GET /xingrg/all/common/auto_word.html?type=employee&rest_code=00109 HTTP/1.1" 200 255
114.84.37.38 - - [09/Nov/2020:11:12:31 +0800] "GET /xingrg/all/function/internal_message.html?_=1604891557527&CODE_STATE=getMsg HTTP/1.1" 200 27
114.84.145.85 - - [09/Nov/2020:11:12:32 +0800] "POST /xingrg/kc/buy/cgsh_order_operate.html HTTP/1.1" 200 37
222.69.136.151 - - [09/Nov/2020:11:12:32 +0800] "POST /xingrg/services/DataTransmitService HTTP/1.1" 200 501
180.152.243.105 - - [09/Nov/2020:11:12:33 +0800] "POST /xingrg/kc/buy/cgsh_list_operate.html HTTP/1.1" 200 876
114.84.145.85 - - [09/Nov/2020:11:12:34 +0800] "POST /xingrg/kc/buy/cgsh_order_operate.html HTTP/1.1" 200 12
117.185.32.26 - - [09/Nov/2020:11:12:35 +0800] "GET /xingrg/all/function/internal_message.html?_=1604891976677&CODE_STATE=getMsg HTTP/1.1" 200 27
114.84.145.85 - - [09/Nov/2020:11:12:35 +0800] "GET /xingrg/kc/buy/cgsh_order_info.html?code=212020110903618 HTTP/1.1" 200 55526
114.84.145.85 - - [09/Nov/2020:11:12:36 +0800] "GET /xingrg/javascript/easyui/themes/default/validatebox.css HTTP/1.1" 404 1104
114.84.145.85 - - [09/Nov/2020:11:12:36 +0800] "POST /xingrg/kc/buy/cgsh_order_operate.html HTTP/1.1" 200 602
114.84.145.85 - - [09/Nov/2020:11:12:38 +0800] "GET /xingrg/kc/print/load_data.html?order_code=212020110903618&kc_code=cgsh&condition= HTTP/1.1" 200 705
124.77.237.88 - - [09/Nov/2020:11:12:38 +0800] "GET /xingrg/kc/base/base_main.html HTTP/1.1" 200 12142
172.17.0.101 - - [09/Nov/2020:11:12:40 +0800] "GET /xingrg/all/function/internal_message.html?_=1604891561530&CODE_STATE=getMsg HTTP/1.1" 200 27
116.232.54.201 - - [09/Nov/2020:11:12:40 +0800] "GET /xingrg/check_reg.html?_=1604891628859 HTTP/1.1" 200 22
116.232.54.201 - - [09/Nov/2020:11:12:41 +0800] "GET /xingrg/all/function/internal_message.html?_=1604891629218&CODE_STATE=getMsg HTTP/1.1" 200 27
124.77.237.88 - - [09/Nov/2020:11:12:42 +0800] "GET /xingrg/kc/base/wldb_order_list.html HTTP/1.1" 200 19424
116.232.54.201 - - [09/Nov/2020:11:12:43 +0800] "GET /xingrg/kc/buy/cgsh_order_operate.html?command=get_materiel&rest_code=00109&code=00101001111&supplier_code=00100038&order_time=2020-11-09 HTTP/1.1" 200 408
124.77.237.88 - - [09/Nov/2020:11:12:43 +0800] "POST /xingrg/kc/base/wldb_list_operate.html HTTP/1.1" 200 928
180.162.245.190 - - [09/Nov/2020:11:12:43 +0800] "GET /xingrg/all/function/internal_message.html?_=1604891565346&CODE_STATE=getMsg HTTP/1.1" 200 27
180.152.243.105 - - [09/Nov/2020:11:12:45 +0800] "POST /xingrg/kc/buy/cgsh_list_operate.html HTTP/1.1" 200 5757
117.185.32.26 - - [09/Nov/2020:11:12:46 +0800] "GET /xingrg/all/function/internal_message.html?_=1604891561451&CODE_STATE=getMsg HTTP/1.1" 200 27
117.185.32.26 - - [09/Nov/2020:11:12:46 +0800] "POST /xingrg/kc/buy/cgsh_order_operate.html HTTP/1.1" 200 37
172.17.0.100 - - [09/Nov/2020:11:12:47 +0800] "GET /xingrg/all/function/internal_message.html?_=1604891602842&CODE_STATE=getMsg HTTP/1.1" 200 27
172.17.200.101 - - [09/Nov/2020:11:12:48 +0800] "GET /xingrg/all/function/internal_message.html?_=1604891570672&CODE_STATE=getMsg HTTP/1.1" 200 27
114.84.145.85 - - [09/Nov/2020:11:12:48 +0800] "GET /xingrg/kc/buy/cgsh_order_add.html HTTP/1.1" 200 60619
117.185.32.26 - - [09/Nov/2020:11:12:48 +0800] "POST /xingrg/kc/buy/cgsh_order_operate.html HTTP/1.1" 200 12
114.84.145.85 - - [09/Nov/2020:11:12:48 +0800] "POST /xingrg/kc/buy/cgsh_order_operate.html HTTP/1.1" 200 8245
114.84.145.85 - - [09/Nov/2020:11:12:48 +0800] "GET /xingrg/javascript/easyui/themes/default/validatebox.css HTTP/1.1" 404 1104
180.152.243.105 - - [09/Nov/2020:11:12:49 +0800] "POST /xingrg/kc/buy/cgsh_list_operate.html HTTP/1.1" 200 5856
117.185.32.26 - - [09/Nov/2020:11:12:50 +0800] "GET /xingrg/kc/buy/cgsh_order_info.html?code=212020110903619 HTTP/1.1" 200 55522
117.185.32.26 - - [09/Nov/2020:11:12:50 +0800] "GET /xingrg/javascript/easyui/themes/default/validatebox.css HTTP/1.1" 404 1104
117.185.32.26 - - [09/Nov/2020:11:12:51 +0800] "POST /xingrg/kc/buy/cgsh_order_operate.html HTTP/1.1" 200 604
116.232.54.201 - - [09/Nov/2020:11:12:51 +0800] "GET /xingrg/kc/buy/cgsh_order_operate.html?command=get_materiel&rest_code=00109&code=00101005037&supplier_code=00100038&order_time=2020-11-09 HTTP/1.1" 200 409
116.232.54.201 - - [09/Nov/2020:11:12:51 +0800] "GET /xingrg/all/function/internal_message.html?_=1604891571959&CODE_STATE=getMsg HTTP/1.1" 200 27
58.37.37.111 - - [09/Nov/2020:11:12:51 +0800] "GET /xingrg/kc/base/kc_stocks.html HTTP/1.1" 200 16392
58.37.37.111 - - [09/Nov/2020:11:12:52 +0800] "GET /xingrg/javascript/easyui/themes/default/tree.css HTTP/1.1" 404 1090
58.37.37.111 - - [09/Nov/2020:11:12:52 +0800] "POST /xingrg/all/common/load_tree.html?tree=materiel_sort_tree_json HTTP/1.1" 200 8666
180.162.108.15 - - [09/Nov/2020:11:12:52 +0800] "GET /xingrg/all/function/internal_message.html?_=1604891515708&CODE_STATE=getMsg HTTP/1.1" 200 27
124.77.237.88 - - [09/Nov/2020:11:12:54 +0800] "GET /xingrg/kc/base/wldb_order_add.html HTTP/1.1" 200 30589
180.174.56.115 - - [09/Nov/2020:11:12:54 +0800] "GET /xingrg/kc/buy/cgsh_order_operate.html?command=get_materiel&rest_code=00150&code=00101008030&supplier_code=00100347&order_time=2020-11-09 HTTP/1.1" 200 416
124.77.237.88 - - [09/Nov/2020:11:12:54 +0800] "GET /xingrg/all/common/auto_word.html?type=base&rest_code=00107 HTTP/1.1" 200 1861
124.77.237.88 - - [09/Nov/2020:11:12:54 +0800] "GET /xingrg/all/common/auto_word.html?type=base&rest_code=00107 HTTP/1.1" 200 1861
117.185.32.26 - - [09/Nov/2020:11:12:54 +0800] "GET /xingrg/kc/print/load_data.html?order_code=212020110903619&kc_code=cgsh&condition= HTTP/1.1" 200 705
124.77.237.88 - - [09/Nov/2020:11:12:54 +0800] "GET /xingrg/javascript/easyui/themes/default/validatebox.css HTTP/1.1" 404 1104
124.77.237.88 - - [09/Nov/2020:11:12:54 +0800] "POST /xingrg/kc/base/wldb_order_operate.html HTTP/1.1" 200 6806
114.84.145.85 - - [09/Nov/2020:11:12:55 +0800] "GET /xingrg/kc/buy/cgsh_order_operate.html?command=get_materiel&rest_code=00141&code=00101007077&supplier_code=00100328&order_time=2020-11-09 HTTP/1.1" 200 415
124.77.237.88 - - [09/Nov/2020:11:12:56 +0800] "POST /xingrg/all/common/load_combo.html?type=base HTTP/1.1" 200 3324
58.40.7.146 - - [09/Nov/2020:11:12:57 +0800] "GET /xingrg/check_reg.html?_=1604891576933 HTTP/1.1" 200 22
116.232.54.201 - - [09/Nov/2020:11:12:57 +0800] "GET /xingrg/kc/buy/cgsh_order_operate.html?command=get_materiel&rest_code=00109&code=00101002005&supplier_code=00100038&order_time=2020-11-09 HTTP/1.1" 200 413
180.162.245.190 - - [09/Nov/2020:11:12:57 +0800] "GET /xingrg/all/function/internal_message.html?_=1604891559408&CODE_STATE=getMsg HTTP/1.1" 200 27
180.152.243.105 - - [09/Nov/2020:11:12:58 +0800] "POST /xingrg/kc/buy/cgsh_list_operate.html HTTP/1.1" 200 5936
58.37.37.111 - - [09/Nov/2020:11:13:01 +0800] "POST /xingrg/kc/base/stock_operate.html HTTP/1.1" 200 1493
58.37.37.111 - - [09/Nov/2020:11:13:02 +0800] "GET /xingrg/kc/base/stock_detail.html?m=00101006050 HTTP/1.1" 200 7292
180.152.243.105 - - [09/Nov/2020:11:13:03 +0800] "POST /xingrg/kc/buy/cgsh_list_operate.html HTTP/1.1" 200 5916
124.77.237.88 - - [09/Nov/2020:11:13:03 +0800] "POST /xingrg/all/common/load_combo.html?type=base HTTP/1.1" 200 3324
180.152.243.105 - - [09/Nov/2020:11:13:06 +0800] "POST /xingrg/kc/buy/cgsh_list_operate.html HTTP/1.1" 200 567
180.152.243.105 - - [09/Nov/2020:11:13:08 +0800] "GET /xingrg/kc/buy/cgsh_order_info.html?code=212020110702871 HTTP/1.1" 200 55476
117.185.32.26 - - [09/Nov/2020:11:13:08 +0800] "GET /xingrg/kc/buy/cgsh_order_add.html HTTP/1.1" 200 60613
117.185.32.26 - - [09/Nov/2020:11:13:08 +0800] "POST /xingrg/kc/buy/cgsh_order_operate.html HTTP/1.1" 200 8245
117.185.32.26 - - [09/Nov/2020:11:13:08 +0800] "GET /xingrg/javascript/easyui/themes/default/validatebox.css HTTP/1.1" 404 1104
180.152.243.105 - - [09/Nov/2020:11:13:09 +0800] "GET /xingrg/javascript/easyui/themes/default/validatebox.css HTTP/1.1" 404 1104
114.84.145.85 - - [09/Nov/2020:11:13:09 +0800] "POST /xingrg/kc/buy/cgsh_order_operate.html HTTP/1.1" 200 37
180.152.243.105 - - [09/Nov/2020:11:13:09 +0800] "POST /xingrg/kc/buy/cgsh_order_operate.html HTTP/1.1" 200 4172
117.185.32.26 - - [09/Nov/2020:11:13:10 +0800] "GET /xingrg/javascript/easyui/themes/default/tree.css HTTP/1.1" 404 1090
117.185.32.26 - - [09/Nov/2020:11:13:10 +0800] "POST /xingrg/all/common/load_tree.html?tree=supplier_tree_json&isDelete=1 HTTP/1.1" 200 51727
180.174.56.115 - - [09/Nov/2020:11:13:10 +0800] "GET /xingrg/kc/buy/cgsh_order_operate.html?command=get_materiel&rest_code=00150&code=00101008147&supplier_code=00100347&order_time=2020-11-09 HTTP/1.1" 200 416
124.77.237.88 - - [09/Nov/2020:11:13:12 +0800] "GET /xingrg/all/function/internal_message.html?_=1604891590848&CODE_STATE=getMsg HTTP/1.1" 200 27
114.84.145.85 - - [09/Nov/2020:11:13:12 +0800] "POST /xingrg/kc/buy/cgsh_order_operate.html HTTP/1.1" 200 12
180.152.243.105 - - [09/Nov/2020:11:13:13 +0800] "POST /xingrg/kc/buy/cgsh_list_operate.html HTTP/1.1" 200 5916
58.37.37.111 - - [09/Nov/2020:11:13:15 +0800] "GET /xingrg/all/function/internal_message.html?_=1604891596013&CODE_STATE=getMsg HTTP/1.1" 200 27
114.84.145.85 - - [09/Nov/2020:11:13:16 +0800] "GET /xingrg/kc/buy/cgsh_order_info.html?code=212020110903620 HTTP/1.1" 200 55526
114.84.145.85 - - [09/Nov/2020:11:13:16 +0800] "GET /xingrg/javascript/easyui/themes/default/validatebox.css HTTP/1.1" 404 1104
58.37.37.111 - - [09/Nov/2020:11:13:18 +0800] "GET /xingrg/kc/base/stock_operate.html?_=1604891598420&command=get_report_file&start_day=20201001 HTTP/1.1" 200 53
58.37.37.111 - - [09/Nov/2020:11:13:18 +0800] "GET /xingrg/all/report/report_query.html?isQuery=1&onlyBody=1&rh=2000&fileName=kc/base/kc_stock_detail_new.xml&queryString=(1=1)&queryText=&tableQueryString=init_table$sp1$$sp$crk_table$sp1$order_day%20between%2020201001%20and%2020201031&varString=start_day:20201001,materiel_code:00101006050,cost_id:2855,end_date:20200930 HTTP/1.1" 200 48701
58.37.37.111 - - [09/Nov/2020:11:13:18 +0800] "GET /xingrg/dwr/interface/AjaxReportQueryService.js HTTP/1.1" 200 13203
58.37.37.111 - - [09/Nov/2020:11:13:18 +0800] "GET /xingrg/dwr/engine.js HTTP/1.1" 200 43631
114.84.145.85 - - [09/Nov/2020:11:13:18 +0800] "POST /xingrg/kc/buy/cgsh_order_operate.html HTTP/1.1" 200 610
58.37.37.111 - - [09/Nov/2020:11:13:20 +0800] "POST /xingrg/all/report/load_report_page.html HTTP/1.1" 200 64370
58.37.37.111 - - [09/Nov/2020:11:13:20 +0800] "GET /xingrg/servlets/image?cache=0.007955853709420535&image=px HTTP/1.1" 200 807
180.157.253.48 - - [09/Nov/2020:11:13:20 +0800] "GET /xingrg/all/function/internal_message.html?_=1604891601089&CODE_STATE=getMsg HTTP/1.1" 200 27
114.84.145.85 - - [09/Nov/2020:11:13:20 +0800] "GET /xingrg/kc/print/load_data.html?order_code=212020110903620&kc_code=cgsh&condition= HTTP/1.1" 200 720
180.152.243.105 - - [09/Nov/2020:11:13:20 +0800] "POST /xingrg/kc/buy/cgsh_list_operate.html HTTP/1.1" 200 5922
180.174.56.115 - - [09/Nov/2020:11:13:21 +0800] "GET /xingrg/all/function/internal_message.html?_=1604891557797&CODE_STATE=getMsg HTTP/1.1" 200 27
180.174.56.115 - - [09/Nov/2020:11:13:21 +0800] "GET /xingrg/kc/buy/cgsh_order_operate.html?command=get_materiel&rest_code=00150&code=00101010312&supplier_code=00100347&order_time=2020-11-09 HTTP/1.1" 200 418
180.174.56.115 - - [09/Nov/2020:11:13:22 +0800] "GET /xingrg/all/function/internal_message.html?_=1604891601269&CODE_STATE=getMsg HTTP/1.1" 200 27
180.174.56.115 - - [09/Nov/2020:11:13:22 +0800] "GET /xingrg/check_reg.html?_=1604891601274 HTTP/1.1" 200 22
180.152.243.105 - - [09/Nov/2020:11:13:22 +0800] "GET /xingrg/check_reg.html?_=1604891824898 HTTP/1.1" 200 22
180.152.243.105 - - [09/Nov/2020:11:13:22 +0800] "GET /xingrg/all/function/internal_message.html?_=1604891824974&CODE_STATE=getMsg HTTP/1.1" 200 27
114.84.145.85 - - [09/Nov/2020:11:13:23 +0800] "GET /xingrg/all/function/internal_message.html?_=1604891193237&CODE_STATE=getMsg HTTP/1.1" 200 27
180.152.243.105 - - [09/Nov/2020:11:13:25 +0800] "POST /xingrg/kc/buy/cgsh_list_operate.html HTTP/1.1" 200 6058
117.184.7.26 - - [09/Nov/2020:11:13:25 +0800] "GET /xingrg/all/function/internal_message.html?_=1604892589105&CODE_STATE=getMsg HTTP/1.1" 200 27
114.84.145.85 - - [09/Nov/2020:11:13:25 +0800] "GET /xingrg/kc/buy/cgsh_order_add.html HTTP/1.1" 200 60619
114.84.145.85 - - [09/Nov/2020:11:13:25 +0800] "POST /xingrg/kc/buy/cgsh_order_operate.html HTTP/1.1" 200 8245
114.84.145.85 - - [09/Nov/2020:11:13:25 +0800] "GET /xingrg/javascript/easyui/themes/default/validatebox.css HTTP/1.1" 404 1104
114.88.166.242 - - [09/Nov/2020:11:13:28 +0800] "GET /xingrg/all/function/internal_message.html?_=1604891712504&CODE_STATE=getMsg HTTP/1.1" 200 27
117.184.7.26 - - [09/Nov/2020:11:13:29 +0800] "GET /xingrg/all/function/internal_message.html?_=1604891607177&CODE_STATE=getMsg HTTP/1.1" 200 27
180.152.243.105 - - [09/Nov/2020:11:13:29 +0800] "POST /xingrg/kc/buy/cgsh_list_operate.html HTTP/1.1" 200 5922
117.185.32.26 - - [09/Nov/2020:11:13:29 +0800] "GET /xingrg/kc/buy/cgsh_order_operate.html?command=get_materiel&rest_code=00106&code=00101001145&supplier_code=00100314&order_time=2020-11-09 HTTP/1.1" 200 413
117.184.7.26 - - [09/Nov/2020:11:13:30 +0800] "GET /xingrg/check_reg.html?_=1604891607985 HTTP/1.1" 200 22
180.174.56.115 - - [09/Nov/2020:11:13:31 +0800] "GET /xingrg/kc/buy/cgsh_order_operate.html?command=get_materiel&rest_code=00150&code=00102002167&supplier_code=00100347&order_time=2020-11-09 HTTP/1.1" 200 409
114.84.37.38 - - [09/Nov/2020:11:13:31 +0800] "GET /xingrg/all/function/internal_message.html?_=1604891617543&CODE_STATE=getMsg HTTP/1.1" 200 27
114.84.145.85 - - [09/Nov/2020:11:13:32 +0800] "GET /xingrg/kc/buy/cgsh_order_operate.html?command=get_materiel&rest_code=00141&code=00101002038&supplier_code=00100087&order_time=2020-11-09 HTTP/1.1" 200 414
124.77.237.88 - - [09/Nov/2020:11:13:33 +0800] "GET /xingrg/kc/base/wldb_order_operate.html?command=get_materiel&rest_code=00107&base_code=0010151&code=00101011005 HTTP/1.1" 200 431
180.152.243.105 - - [09/Nov/2020:11:13:33 +0800] "POST /xingrg/kc/buy/cgsh_list_operate.html HTTP/1.1" 200 6051
117.185.32.26 - - [09/Nov/2020:11:13:35 +0800] "GET /xingrg/all/function/internal_message.html?_=1604892036686&CODE_STATE=getMsg HTTP/1.1" 200 27
116.232.54.201 - - [09/Nov/2020:11:13:36 +0800] "POST /xingrg/kc/buy/cgsh_order_operate.html HTTP/1.1" 200 37
180.152.243.105 - - [09/Nov/2020:11:13:37 +0800] "POST /xingrg/kc/buy/cgsh_list_operate.html HTTP/1.1" 200 6057
116.232.54.201 - - [09/Nov/2020:11:13:39 +0800] "GET /xingrg/all/function/internal_message.html?_=1604891689218&CODE_STATE=getMsg HTTP/1.1" 200 27
172.17.0.101 - - [09/Nov/2020:11:13:40 +0800] "GET /xingrg/all/function/internal_message.html?_=1604891621536&CODE_STATE=getMsg HTTP/1.1" 200 27
180.152.243.105 - - [09/Nov/2020:11:13:41 +0800] "POST /xingrg/kc/buy/cgsh_list_operate.html HTTP/1.1" 200 355
116.232.54.201 - - [09/Nov/2020:11:13:42 +0800] "POST /xingrg/kc/buy/cgsh_order_operate.html HTTP/1.1" 200 3834
180.162.245.190 - - [09/Nov/2020:11:13:43 +0800] "GET /xingrg/all/function/internal_message.html?_=1604891625332&CODE_STATE=getMsg HTTP/1.1" 200 27
114.84.145.85 - - [09/Nov/2020:11:13:44 +0800] "GET /xingrg/kc/buy/cgsh_order_operate.html?command=get_materiel&rest_code=00141&code=00101002003&supplier_code=00100087&order_time=2020-11-09 HTTP/1.1" 200 424
180.152.243.105 - - [09/Nov/2020:11:13:45 +0800] "POST /xingrg/kc/buy/cgsh_list_operate.html HTTP/1.1" 200 5943
116.232.54.201 - - [09/Nov/2020:11:13:45 +0800] "GET /xingrg/kc/print/load_config.html?kc_code=cgsh HTTP/1.1" 200 1845
116.232.54.201 - - [09/Nov/2020:11:13:45 +0800] "GET /xingrg/kc/print/load_data.html?order_code=212020110903621&kc_code=cgsh&condition= HTTP/1.1" 200 1138
117.185.32.26 - - [09/Nov/2020:11:13:46 +0800] "GET /xingrg/all/function/internal_message.html?_=1604891621421&CODE_STATE=getMsg HTTP/1.1" 200 27
172.17.0.100 - - [09/Nov/2020:11:13:47 +0800] "GET /xingrg/all/function/internal_message.html?_=1604891662849&CODE_STATE=getMsg HTTP/1.1" 200 27
172.17.0.100 - - [09/Nov/2020:11:13:47 +0800] "GET /xingrg/check_reg.html?_=1604891662855 HTTP/1.1" 200 22
117.185.32.26 - - [09/Nov/2020:11:13:47 +0800] "POST /xingrg/kc/buy/cgsh_order_operate.html HTTP/1.1" 200 37
172.17.200.101 - - [09/Nov/2020:11:13:48 +0800] "GET /xingrg/all/function/internal_message.html?_=1604891630674&CODE_STATE=getMsg HTTP/1.1" 200 27
117.185.32.26 - - [09/Nov/2020:11:13:49 +0800] "POST /xingrg/kc/buy/cgsh_order_operate.html HTTP/1.1" 200 12
117.185.32.26 - - [09/Nov/2020:11:13:49 +0800] "GET /xingrg/kc/buy/cgsh_order_info.html?code=212020110903622 HTTP/1.1" 200 55518
117.185.32.26 - - [09/Nov/2020:11:13:50 +0800] "GET /xingrg/javascript/easyui/themes/default/validatebox.css HTTP/1.1" 404 1104
180.152.243.105 - - [09/Nov/2020:11:13:50 +0800] "POST /xingrg/kc/buy/cgsh_list_operate.html HTTP/1.1" 200 6046
117.185.32.26 - - [09/Nov/2020:11:13:50 +0800] "POST /xingrg/kc/buy/cgsh_order_operate.html HTTP/1.1" 200 612
116.232.54.201 - - [09/Nov/2020:11:13:51 +0800] "GET /xingrg/all/function/internal_message.html?_=1604891631960&CODE_STATE=getMsg HTTP/1.1" 200 27
116.232.54.201 - - [09/Nov/2020:11:13:51 +0800] "GET /xingrg/check_reg.html?_=1604891631962 HTTP/1.1" 200 22
116.232.54.201 - - [09/Nov/2020:11:13:51 +0800] "GET /xingrg/kc/buy/cgsh_order_add.html HTTP/1.1" 200 60660
116.232.54.201 - - [09/Nov/2020:11:13:51 +0800] "POST /xingrg/kc/buy/cgsh_order_operate.html HTTP/1.1" 200 8245
116.232.54.201 - - [09/Nov/2020:11:13:51 +0800] "GET /xingrg/all/common/auto_word.html?type=employee&rest_code=00109 HTTP/1.1" 200 255
116.232.54.201 - - [09/Nov/2020:11:13:51 +0800] "GET /xingrg/javascript/easyui/themes/default/validatebox.css HTTP/1.1" 404 1104
116.232.54.201 - - [09/Nov/2020:11:13:51 +0800] "GET /xingrg/all/common/auto_word.html?type=employee&rest_code=00109 HTTP/1.1" 200 255
180.162.108.15 - - [09/Nov/2020:11:13:52 +0800] "GET /xingrg/all/function/internal_message.html?_=1604891575717&CODE_STATE=getMsg HTTP/1.1" 200 27
117.185.32.26 - - [09/Nov/2020:11:13:53 +0800] "GET /xingrg/kc/print/load_data.html?order_code=212020110903622&kc_code=cgsh&condition= HTTP/1.1" 200 702
124.77.237.88 - - [09/Nov/2020:11:13:53 +0800] "GET /xingrg/kc/base/wldb_order_operate.html?command=get_materiel&rest_code=00107&base_code=0010151&code=00101013011 HTTP/1.1" 200 451
180.152.243.105 - - [09/Nov/2020:11:13:54 +0800] "POST /xingrg/kc/buy/cgsh_list_operate.html HTTP/1.1" 200 362
180.162.245.190 - - [09/Nov/2020:11:13:57 +0800] "GET /xingrg/all/function/internal_message.html?_=1604891619408&CODE_STATE=getMsg HTTP/1.1" 200 27
114.84.145.85 - - [09/Nov/2020:11:13:58 +0800] "POST /xingrg/kc/buy/cgsh_order_operate.html HTTP/1.1" 200 37
114.84.145.85 - - [09/Nov/2020:11:14:00 +0800] "POST /xingrg/kc/buy/cgsh_order_operate.html HTTP/1.1" 200 12
180.152.243.105 - - [09/Nov/2020:11:14:01 +0800] "POST /xingrg/kc/buy/cgsh_list_operate.html HTTP/1.1" 200 5983
114.84.145.85 - - [09/Nov/2020:11:14:01 +0800] "GET /xingrg/kc/buy/cgsh_order_info.html?code=212020110903623 HTTP/1.1" 200 55522
116.232.54.201 - - [09/Nov/2020:11:14:01 +0800] "GET /xingrg/kc/buy/cgsh_order_operate.html?command=get_materiel&rest_code=00109&code=00101007081&supplier_code=00100004&order_time=2020-11-09 HTTP/1.1" 200 413
114.84.145.85 - - [09/Nov/2020:11:14:01 +0800] "GET /xingrg/javascript/easyui/themes/default/validatebox.css HTTP/1.1" 404 1104
180.174.56.115 - - [09/Nov/2020:11:14:03 +0800] "POST /xingrg/kc/buy/cgsh_order_operate.html HTTP/1.1" 200 37
114.84.145.85 - - [09/Nov/2020:11:14:03 +0800] "POST /xingrg/kc/buy/cgsh_order_operate.html HTTP/1.1" 200 1217
114.84.145.85 - - [09/Nov/2020:11:14:04 +0800] "GET /xingrg/kc/print/load_data.html?order_code=212020110903623&kc_code=cgsh&condition= HTTP/1.1" 200 1006
180.174.56.115 - - [09/Nov/2020:11:14:05 +0800] "POST /xingrg/kc/buy/cgsh_order_operate.html HTTP/1.1" 200 12
117.185.32.26 - - [09/Nov/2020:11:14:06 +0800] "GET /xingrg/kc/buy/cgsh_order_add.html HTTP/1.1" 200 60613
180.174.56.115 - - [09/Nov/2020:11:14:06 +0800] "GET /xingrg/kc/buy/cgsh_order_info.html?code=212020110903624 HTTP/1.1" 200 55432
117.185.32.26 - - [09/Nov/2020:11:14:06 +0800] "POST /xingrg/kc/buy/cgsh_order_operate.html HTTP/1.1" 200 8245
117.185.32.26 - - [09/Nov/2020:11:14:06 +0800] "GET /xingrg/javascript/easyui/themes/default/validatebox.css HTTP/1.1" 404 1104
180.174.56.115 - - [09/Nov/2020:11:14:06 +0800] "GET /xingrg/javascript/easyui/themes/default/validatebox.css HTTP/1.1" 404 1104
180.152.243.105 - - [09/Nov/2020:11:14:07 +0800] "POST /xingrg/kc/buy/cgsh_list_operate.html HTTP/1.1" 200 6040
180.174.56.115 - - [09/Nov/2020:11:14:07 +0800] "POST /xingrg/kc/buy/cgsh_order_operate.html HTTP/1.1" 200 2991
117.185.32.26 - - [09/Nov/2020:11:14:08 +0800] "GET /xingrg/javascript/easyui/themes/default/tree.css HTTP/1.1" 404 1090
117.185.32.26 - - [09/Nov/2020:11:14:08 +0800] "POST /xingrg/all/common/load_tree.html?tree=supplier_tree_json&isDelete=1 HTTP/1.1" 200 51727
114.84.145.85 - - [09/Nov/2020:11:14:10 +0800] "GET /xingrg/kc/buy/cgsh_order_add.html HTTP/1.1" 200 60619
180.152.243.105 - - [09/Nov/2020:11:14:10 +0800] "POST /xingrg/kc/buy/cgsh_list_operate.html HTTP/1.1" 200 414
114.84.145.85 - - [09/Nov/2020:11:14:10 +0800] "POST /xingrg/kc/buy/cgsh_order_operate.html HTTP/1.1" 200 8245
114.84.145.85 - - [09/Nov/2020:11:14:10 +0800] "GET /xingrg/javascript/easyui/themes/default/validatebox.css HTTP/1.1" 404 1104
116.232.54.201 - - [09/Nov/2020:11:14:11 +0800] "GET /xingrg/kc/buy/cgsh_order_operate.html?command=get_materiel&rest_code=00109&code=00101007049&supplier_code=00100004&order_time=2020-11-09 HTTP/1.1" 200 409
124.77.237.88 - - [09/Nov/2020:11:14:12 +0800] "GET /xingrg/all/function/internal_message.html?_=1604891650823&CODE_STATE=getMsg HTTP/1.1" 200 27
114.84.37.38 - - [09/Nov/2020:11:14:13 +0800] "POST /xingrg/services/DataTransmitService HTTP/1.1" 200 524
124.77.237.88 - - [09/Nov/2020:11:14:14 +0800] "POST /xingrg/kc/base/wldb_order_operate.html HTTP/1.1" 200 37
