172.17.0.123 - - [09/Nov/2020:08:58:59 +0800] "GET /xingrg/all/function/internal_message.html?_=1604883492968&CODE_STATE=getMsg HTTP/1.1" 200 27
124.77.237.88 - - [09/Nov/2020:08:59:00 +0800] "POST /xingrg/dwr/call/plaincall/AjaxCheckService.setItemNumber.dwr HTTP/1.1" 200 78
180.174.56.115 - - [09/Nov/2020:08:59:00 +0800] "GET /xingrg/kc/buy/cgsh_order_operate.html?command=get_materiel&rest_code=00150&code=00101008131&supplier_code=00100007&order_time=2020-11-09 HTTP/1.1" 200 408
124.77.237.88 - - [09/Nov/2020:08:59:01 +0800] "POST /xingrg/dwr/call/plaincall/AjaxCheckService.setItemNumber.dwr HTTP/1.1" 200 78
180.162.245.190 - - [09/Nov/2020:08:59:02 +0800] "GET /xingrg/kc/buy/cgsh_order_operate.html?command=get_materiel&rest_code=00105&code=00101008105&supplier_code=00100203&order_time=2020-11-09 HTTP/1.1" 200 413
124.77.237.88 - - [09/Nov/2020:08:59:02 +0800] "POST /xingrg/dwr/call/plaincall/AjaxCheckService.setItemNumber.dwr HTTP/1.1" 200 78
124.77.237.88 - - [09/Nov/2020:08:59:03 +0800] "POST /xingrg/dwr/call/plaincall/AjaxCheckService.setItemNumber.dwr HTTP/1.1" 200 78
124.77.237.88 - - [09/Nov/2020:08:59:04 +0800] "POST /xingrg/dwr/call/plaincall/AjaxCheckService.setItemNumber.dwr HTTP/1.1" 200 78
114.84.37.38 - - [09/Nov/2020:08:59:04 +0800] "GET /xingrg/all/function/internal_message.html?_=1604883549731&CODE_STATE=getMsg HTTP/1.1" 200 27
124.77.237.88 - - [09/Nov/2020:08:59:05 +0800] "POST /xingrg/dwr/call/plaincall/AjaxCheckService.setItemNumber.dwr HTTP/1.1" 200 78
124.77.237.88 - - [09/Nov/2020:08:59:05 +0800] "POST /xingrg/dwr/call/plaincall/AjaxCheckService.setItemNumber.dwr HTTP/1.1" 200 78
180.174.56.115 - - [09/Nov/2020:08:59:05 +0800] "GET /xingrg/kc/buy/cgsh_order_operate.html?command=get_materiel&rest_code=00150&code=00101008296&supplier_code=00100007&order_time=2020-11-09 HTTP/1.1" 200 416
180.162.245.190 - - [09/Nov/2020:08:59:07 +0800] "GET /xingrg/kc/buy/cgsh_order_operate.html?command=get_materiel&rest_code=00105&code=00101008119&supplier_code=00100203&order_time=2020-11-09 HTTP/1.1" 200 413
124.77.237.88 - - [09/Nov/2020:08:59:07 +0800] "POST /xingrg/dwr/call/plaincall/AjaxCheckService.setItemNumber.dwr HTTP/1.1" 200 78
124.77.237.88 - - [09/Nov/2020:08:59:08 +0800] "POST /xingrg/dwr/call/plaincall/AjaxCheckService.setItemNumber.dwr HTTP/1.1" 200 78
124.77.237.88 - - [09/Nov/2020:08:59:08 +0800] "POST /xingrg/dwr/call/plaincall/AjaxCheckService.setItemNumber.dwr HTTP/1.1" 200 78
124.77.237.88 - - [09/Nov/2020:08:59:09 +0800] "POST /xingrg/dwr/call/plaincall/AjaxCheckService.setItemNumber.dwr HTTP/1.1" 200 78
124.77.237.88 - - [09/Nov/2020:08:59:09 +0800] "GET /xingrg/all/function/internal_message.html?_=1604883548430&CODE_STATE=getMsg HTTP/1.1" 200 27
124.77.237.88 - - [09/Nov/2020:08:59:09 +0800] "POST /xingrg/dwr/call/plaincall/AjaxCheckService.setItemNumber.dwr HTTP/1.1" 200 78
180.162.245.190 - - [09/Nov/2020:08:59:10 +0800] "POST /xingrg/kc/buy/cgsh_order_operate.html HTTP/1.1" 200 2065
124.77.237.88 - - [09/Nov/2020:08:59:10 +0800] "POST /xingrg/dwr/call/plaincall/AjaxCheckService.setItemNumber.dwr HTTP/1.1" 200 78
124.77.237.88 - - [09/Nov/2020:08:59:11 +0800] "POST /xingrg/dwr/call/plaincall/AjaxCheckService.setItemNumber.dwr HTTP/1.1" 200 78
180.174.56.115 - - [09/Nov/2020:08:59:11 +0800] "GET /xingrg/kc/buy/cgsh_order_operate.html?command=get_materiel&rest_code=00150&code=00101008352&supplier_code=00100007&order_time=2020-11-09 HTTP/1.1" 200 412
124.77.237.88 - - [09/Nov/2020:08:59:11 +0800] "POST /xingrg/dwr/call/plaincall/AjaxCheckService.setItemNumber.dwr HTTP/1.1" 200 78
124.77.237.88 - - [09/Nov/2020:08:59:12 +0800] "POST /xingrg/dwr/call/plaincall/AjaxCheckService.setItemNumber.dwr HTTP/1.1" 200 78
124.77.237.88 - - [09/Nov/2020:08:59:13 +0800] "POST /xingrg/dwr/call/plaincall/AjaxCheckService.setItemNumber.dwr HTTP/1.1" 200 78
180.162.245.190 - - [09/Nov/2020:08:59:13 +0800] "POST /xingrg/kc/buy/cgsh_order_operate.html HTTP/1.1" 200 2065
124.77.237.88 - - [09/Nov/2020:08:59:13 +0800] "POST /xingrg/dwr/call/plaincall/AjaxCheckService.setItemNumber.dwr HTTP/1.1" 200 78
124.77.237.88 - - [09/Nov/2020:08:59:14 +0800] "POST /xingrg/dwr/call/plaincall/AjaxCheckService.setItemNumber.dwr HTTP/1.1" 200 78
124.77.237.88 - - [09/Nov/2020:08:59:15 +0800] "POST /xingrg/dwr/call/plaincall/AjaxCheckService.setItemNumber.dwr HTTP/1.1" 200 78
124.77.237.88 - - [09/Nov/2020:08:59:16 +0800] "POST /xingrg/dwr/call/plaincall/AjaxCheckService.setItemNumber.dwr HTTP/1.1" 200 78
124.77.237.88 - - [09/Nov/2020:08:59:17 +0800] "POST /xingrg/dwr/call/plaincall/AjaxCheckService.setItemNumber.dwr HTTP/1.1" 200 78
180.174.56.115 - - [09/Nov/2020:08:59:17 +0800] "GET /xingrg/kc/buy/cgsh_order_operate.html?command=get_materiel&rest_code=00150&code=00101008312&supplier_code=00100007&order_time=2020-11-09 HTTP/1.1" 200 412
124.77.237.88 - - [09/Nov/2020:08:59:18 +0800] "POST /xingrg/dwr/call/plaincall/AjaxCheckService.setItemNumber.dwr HTTP/1.1" 200 78
124.77.237.88 - - [09/Nov/2020:08:59:19 +0800] "POST /xingrg/dwr/call/plaincall/AjaxCheckService.setItemNumber.dwr HTTP/1.1" 200 78
180.174.56.115 - - [09/Nov/2020:08:59:23 +0800] "GET /xingrg/kc/buy/cgsh_order_operate.html?command=get_materiel&rest_code=00150&code=00101008110&supplier_code=00100007&order_time=2020-11-09 HTTP/1.1" 200 409
180.162.245.190 - - [09/Nov/2020:08:59:24 +0800] "GET /xingrg/kc/buy/cgsh_order_operate.html?command=get_materiel&rest_code=00105&code=00101008236&supplier_code=00100203&order_time=2020-11-09 HTTP/1.1" 200 417
117.184.7.26 - - [09/Nov/2020:08:59:25 +0800] "GET /xingrg/all/function/internal_message.html?_=1604884548779&CODE_STATE=getMsg HTTP/1.1" 200 27
114.88.166.242 - - [09/Nov/2020:08:59:28 +0800] "GET /xingrg/all/function/internal_message.html?_=1604883672351&CODE_STATE=getMsg HTTP/1.1" 200 27
180.162.245.190 - - [09/Nov/2020:08:59:29 +0800] "GET /xingrg/kc/buy/cgsh_order_operate.html?command=get_materiel&rest_code=00105&code=00101008168&supplier_code=00100203&order_time=2020-11-09 HTTP/1.1" 200 412
124.77.237.88 - - [09/Nov/2020:08:59:31 +0800] "POST /xingrg/dwr/call/plaincall/AjaxCheckService.saveOrder.dwr HTTP/1.1" 200 80
180.174.56.115 - - [09/Nov/2020:08:59:31 +0800] "POST /xingrg/kc/buy/cgsh_order_operate.html HTTP/1.1" 200 2065
124.77.237.88 - - [09/Nov/2020:08:59:32 +0800] "POST /xingrg/dwr/call/plaincall/AjaxCheckService.loadOrderItems.dwr HTTP/1.1" 200 77972
180.174.56.115 - - [09/Nov/2020:08:59:33 +0800] "GET /xingrg/all/function/internal_message.html?_=1604883572894&CODE_STATE=getMsg HTTP/1.1" 200 27
117.185.32.26 - - [09/Nov/2020:08:59:34 +0800] "GET /xingrg/all/function/internal_message.html?_=1604883996095&CODE_STATE=getMsg HTTP/1.1" 200 27
180.174.56.115 - - [09/Nov/2020:08:59:37 +0800] "GET /xingrg/kc/buy/cgsh_order_operate.html?command=get_materiel&rest_code=00150&code=00101008298&supplier_code=00100007&order_time=2020-11-09 HTTP/1.1" 200 431
180.174.56.115 - - [09/Nov/2020:08:59:41 +0800] "GET /xingrg/kc/buy/cgsh_order_operate.html?command=get_materiel&rest_code=00150&code=00101008010&supplier_code=00100007&order_time=2020-11-09 HTTP/1.1" 200 412
180.162.137.114 - - [09/Nov/2020:08:59:41 +0800] "GET /xingrg/all/function/internal_message.html?_=1604883583531&CODE_STATE=getMsg HTTP/1.1" 200 27
124.77.237.88 - - [09/Nov/2020:08:59:42 +0800] "POST /xingrg/dwr/call/plaincall/AjaxCheckService.checkOrder.dwr HTTP/1.1" 200 80
114.88.166.242 - - [09/Nov/2020:08:59:44 +0800] "GET /xingrg/all/function/internal_message.html?_=1604883582374&CODE_STATE=getMsg HTTP/1.1" 200 27
180.152.243.105 - - [09/Nov/2020:08:59:45 +0800] "GET /xingrg/all/function/internal_message.html?_=1604883807051&CODE_STATE=getMsg HTTP/1.1" 200 27
124.77.237.88 - - [09/Nov/2020:08:59:45 +0800] "GET /xingrg/kc/base/check_order_info.html?code=452020110800041 HTTP/1.1" 200 22854
124.77.237.88 - - [09/Nov/2020:08:59:45 +0800] "GET /xingrg/dwr/interface/AjaxCheckService.js HTTP/1.1" 200 14003
124.77.237.88 - - [09/Nov/2020:08:59:45 +0800] "GET /xingrg/dwr/interface/AjaxComOrderService.js HTTP/1.1" 200 18264
124.77.237.88 - - [09/Nov/2020:08:59:45 +0800] "GET /xingrg/dwr/engine.js HTTP/1.1" 200 43631
58.40.7.146 - - [09/Nov/2020:08:59:46 +0800] "GET /xingrg/all/function/internal_message.html?_=1604883586292&CODE_STATE=getMsg HTTP/1.1" 200 27
124.77.237.88 - - [09/Nov/2020:08:59:46 +0800] "POST /xingrg/dwr/call/plaincall/AjaxCheckService.loadOrderItems.dwr HTTP/1.1" 200 35209
180.162.245.190 - - [09/Nov/2020:08:59:47 +0800] "GET /xingrg/kc/buy/cgsh_order_operate.html?command=get_materiel&rest_code=00105&code=00101008114&supplier_code=00100203&order_time=2020-11-09 HTTP/1.1" 200 412
172.17.0.100 - - [09/Nov/2020:08:59:47 +0800] "GET /xingrg/all/function/internal_message.html?_=1604883622714&CODE_STATE=getMsg HTTP/1.1" 200 27
180.162.245.190 - - [09/Nov/2020:08:59:47 +0800] "GET /xingrg/all/function/internal_message.html?_=1604883588888&CODE_STATE=getMsg HTTP/1.1" 200 27
180.162.245.190 - - [09/Nov/2020:08:59:52 +0800] "GET /xingrg/all/function/internal_message.html?_=1604883575158&CODE_STATE=getMsg HTTP/1.1" 200 27
180.162.245.190 - - [09/Nov/2020:08:59:53 +0800] "GET /xingrg/check_reg.html?_=1604883575160 HTTP/1.1" 200 22
180.162.245.190 - - [09/Nov/2020:08:59:56 +0800] "GET /xingrg/kc/buy/cgsh_order_operate.html?command=get_materiel&rest_code=00105&code=00101008176&supplier_code=00100203&order_time=2020-11-09 HTTP/1.1" 200 412
172.17.0.123 - - [09/Nov/2020:08:59:59 +0800] "GET /xingrg/all/function/internal_message.html?_=1604883552970&CODE_STATE=getMsg HTTP/1.1" 200 27
172.17.0.123 - - [09/Nov/2020:08:59:59 +0800] "GET /xingrg/check_reg.html?_=1604883552972 HTTP/1.1" 200 22
114.84.37.38 - - [09/Nov/2020:09:00:04 +0800] "GET /xingrg/all/function/internal_message.html?_=1604883610132&CODE_STATE=getMsg HTTP/1.1" 200 27
120.253.135.82 - - [09/Nov/2020:09:00:07 +0800] "GET /xingrg/check_reg.html?_=1604883354642 HTTP/1.1" 200 22
124.77.237.88 - - [09/Nov/2020:09:00:09 +0800] "GET /xingrg/all/function/internal_message.html?_=1604883608407&CODE_STATE=getMsg HTTP/1.1" 200 27
180.162.245.190 - - [09/Nov/2020:09:00:20 +0800] "GET /xingrg/kc/buy/cgsh_order_operate.html?command=get_materiel&rest_code=00105&code=00101008358&supplier_code=00100203&order_time=2020-11-09 HTTP/1.1" 200 412
117.184.7.26 - - [09/Nov/2020:09:00:25 +0800] "GET /xingrg/check_reg.html?_=1604884608805 HTTP/1.1" 200 22
117.184.7.26 - - [09/Nov/2020:09:00:25 +0800] "GET /xingrg/all/function/internal_message.html?_=1604884608804&CODE_STATE=getMsg HTTP/1.1" 200 27
180.152.243.105 - - [09/Nov/2020:09:00:25 +0800] "POST /xingrg/services/DataTransmitService HTTP/1.1" 200 524
114.88.166.242 - - [09/Nov/2020:09:00:28 +0800] "GET /xingrg/all/function/internal_message.html?_=1604883732351&CODE_STATE=getMsg HTTP/1.1" 200 27
180.162.245.190 - - [09/Nov/2020:09:00:28 +0800] "GET /xingrg/kc/buy/cgsh_order_operate.html?command=get_materiel&rest_code=00105&code=00101008333&supplier_code=00100203&order_time=2020-11-09 HTTP/1.1" 200 412
180.174.56.115 - - [09/Nov/2020:09:00:33 +0800] "GET /xingrg/all/function/internal_message.html?_=1604883632892&CODE_STATE=getMsg HTTP/1.1" 200 27
180.162.245.190 - - [09/Nov/2020:09:00:34 +0800] "GET /xingrg/kc/buy/cgsh_order_operate.html?command=get_materiel&rest_code=00105&code=00101008126&supplier_code=00100203&order_time=2020-11-09 HTTP/1.1" 200 412
117.185.32.26 - - [09/Nov/2020:09:00:34 +0800] "GET /xingrg/all/function/internal_message.html?_=1604884056110&CODE_STATE=getMsg HTTP/1.1" 200 27
117.185.32.26 - - [09/Nov/2020:09:00:34 +0800] "GET /xingrg/check_reg.html?_=1604884056111 HTTP/1.1" 200 22
180.162.245.190 - - [09/Nov/2020:09:00:36 +0800] "POST /xingrg/kc/buy/cgsh_order_operate.html HTTP/1.1" 200 2065
180.174.56.115 - - [09/Nov/2020:09:00:36 +0800] "GET /xingrg/kc/buy/cgsh_order_operate.html?command=get_materiel&rest_code=00150&code=00101008323&supplier_code=00100007&order_time=2020-11-09 HTTP/1.1" 200 408
180.162.137.114 - - [09/Nov/2020:09:00:41 +0800] "GET /xingrg/all/function/internal_message.html?_=1604883643538&CODE_STATE=getMsg HTTP/1.1" 200 27
114.88.166.242 - - [09/Nov/2020:09:00:44 +0800] "GET /xingrg/all/function/internal_message.html?_=1604883642433&CODE_STATE=getMsg HTTP/1.1" 200 27
180.162.245.190 - - [09/Nov/2020:09:00:45 +0800] "GET /xingrg/kc/buy/cgsh_order_operate.html?command=get_materiel&rest_code=00105&code=00101008321&supplier_code=00100203&order_time=2020-11-09 HTTP/1.1" 200 412
180.152.243.105 - - [09/Nov/2020:09:00:45 +0800] "GET /xingrg/all/function/internal_message.html?_=1604883867593&CODE_STATE=getMsg HTTP/1.1" 200 27
180.174.56.115 - - [09/Nov/2020:09:00:45 +0800] "GET /xingrg/kc/buy/cgsh_order_operate.html?command=get_materiel&rest_code=00150&code=00101008337&supplier_code=00100007&order_time=2020-11-09 HTTP/1.1" 200 408
58.40.7.146 - - [09/Nov/2020:09:00:46 +0800] "GET /xingrg/all/function/internal_message.html?_=1604883646295&CODE_STATE=getMsg HTTP/1.1" 200 27
172.17.0.100 - - [09/Nov/2020:09:00:47 +0800] "GET /xingrg/all/function/internal_message.html?_=1604883682720&CODE_STATE=getMsg HTTP/1.1" 200 27
180.162.245.190 - - [09/Nov/2020:09:00:47 +0800] "GET /xingrg/all/function/internal_message.html?_=1604883649007&CODE_STATE=getMsg HTTP/1.1" 200 27
180.162.245.190 - - [09/Nov/2020:09:00:52 +0800] "GET /xingrg/kc/buy/cgsh_order_operate.html?command=get_materiel&rest_code=00105&code=00101008118&supplier_code=00100203&order_time=2020-11-09 HTTP/1.1" 200 418
180.162.245.190 - - [09/Nov/2020:09:00:53 +0800] "GET /xingrg/all/function/internal_message.html?_=1604883635157&CODE_STATE=getMsg HTTP/1.1" 200 27
180.174.56.115 - - [09/Nov/2020:09:00:53 +0800] "GET /xingrg/kc/buy/cgsh_order_operate.html?command=get_materiel&rest_code=00150&code=00101008331&supplier_code=00100007&order_time=2020-11-09 HTTP/1.1" 200 416
172.17.0.123 - - [09/Nov/2020:09:00:59 +0800] "GET /xingrg/all/function/internal_message.html?_=1604883612958&CODE_STATE=getMsg HTTP/1.1" 200 27
114.84.37.38 - - [09/Nov/2020:09:01:04 +0800] "GET /xingrg/all/function/internal_message.html?_=1604883670133&CODE_STATE=getMsg HTTP/1.1" 200 27
124.77.237.88 - - [09/Nov/2020:09:01:09 +0800] "GET /xingrg/check_reg.html?_=1604883668010 HTTP/1.1" 200 22
124.77.237.88 - - [09/Nov/2020:09:01:09 +0800] "GET /xingrg/all/function/internal_message.html?_=1604883668386&CODE_STATE=getMsg HTTP/1.1" 200 27
114.88.166.242 - - [09/Nov/2020:09:01:09 +0800] "GET /xingrg/check_reg.html?_=1604883667287 HTTP/1.1" 200 22
180.162.245.190 - - [09/Nov/2020:09:01:16 +0800] "POST /xingrg/kc/buy/cgsh_order_operate.html HTTP/1.1" 200 37
180.162.245.190 - - [09/Nov/2020:09:01:18 +0800] "POST /xingrg/kc/buy/cgsh_order_operate.html HTTP/1.1" 200 33404
117.184.7.26 - - [09/Nov/2020:09:01:25 +0800] "GET /xingrg/all/function/internal_message.html?_=1604884668819&CODE_STATE=getMsg HTTP/1.1" 200 27
114.88.166.242 - - [09/Nov/2020:09:01:28 +0800] "GET /xingrg/all/function/internal_message.html?_=1604883792355&CODE_STATE=getMsg HTTP/1.1" 200 27
180.174.56.115 - - [09/Nov/2020:09:01:33 +0800] "GET /xingrg/check_reg.html?_=1604883692900 HTTP/1.1" 200 22
180.174.56.115 - - [09/Nov/2020:09:01:33 +0800] "GET /xingrg/all/function/internal_message.html?_=1604883692902&CODE_STATE=getMsg HTTP/1.1" 200 27
117.185.32.26 - - [09/Nov/2020:09:01:34 +0800] "GET /xingrg/all/function/internal_message.html?_=1604884116094&CODE_STATE=getMsg HTTP/1.1" 200 27
180.162.137.114 - - [09/Nov/2020:09:01:42 +0800] "GET /xingrg/all/function/internal_message.html?_=1604883703538&CODE_STATE=getMsg HTTP/1.1" 200 27
114.88.166.242 - - [09/Nov/2020:09:01:44 +0800] "GET /xingrg/all/function/internal_message.html?_=1604883702449&CODE_STATE=getMsg HTTP/1.1" 200 27
180.152.243.105 - - [09/Nov/2020:09:01:45 +0800] "GET /xingrg/all/function/internal_message.html?_=1604883927594&CODE_STATE=getMsg HTTP/1.1" 200 27
58.40.7.146 - - [09/Nov/2020:09:01:46 +0800] "GET /xingrg/all/function/internal_message.html?_=1604883706298&CODE_STATE=getMsg HTTP/1.1" 200 27
172.17.0.100 - - [09/Nov/2020:09:01:47 +0800] "GET /xingrg/all/function/internal_message.html?_=1604883742712&CODE_STATE=getMsg HTTP/1.1" 200 27
180.162.245.190 - - [09/Nov/2020:09:01:47 +0800] "GET /xingrg/all/function/internal_message.html?_=1604883709018&CODE_STATE=getMsg HTTP/1.1" 200 27
180.162.245.190 - - [09/Nov/2020:09:01:53 +0800] "GET /xingrg/all/function/internal_message.html?_=1604883695158&CODE_STATE=getMsg HTTP/1.1" 200 27
180.174.56.115 - - [09/Nov/2020:09:01:59 +0800] "POST /xingrg/kc/buy/cgsh_order_operate.html HTTP/1.1" 200 2065
172.17.0.123 - - [09/Nov/2020:09:01:59 +0800] "GET /xingrg/all/function/internal_message.html?_=1604883672960&CODE_STATE=getMsg HTTP/1.1" 200 27
114.84.37.38 - - [09/Nov/2020:09:02:02 +0800] "GET /xingrg/check_reg.html?_=1604883727892 HTTP/1.1" 200 22
114.84.37.38 - - [09/Nov/2020:09:02:04 +0800] "GET /xingrg/all/function/internal_message.html?_=1604883730146&CODE_STATE=getMsg HTTP/1.1" 200 27
124.77.237.88 - - [09/Nov/2020:09:02:09 +0800] "GET /xingrg/all/function/internal_message.html?_=1604883728370&CODE_STATE=getMsg HTTP/1.1" 200 27
180.174.56.115 - - [09/Nov/2020:09:02:15 +0800] "GET /xingrg/kc/buy/cgsh_order_operate.html?command=get_materiel&rest_code=00150&code=00101008223&supplier_code=00100007&order_time=2020-11-09 HTTP/1.1" 200 412
117.184.7.26 - - [09/Nov/2020:09:02:25 +0800] "GET /xingrg/all/function/internal_message.html?_=1604884728818&CODE_STATE=getMsg HTTP/1.1" 200 27
180.174.56.115 - - [09/Nov/2020:09:02:26 +0800] "GET /xingrg/kc/buy/cgsh_order_operate.html?command=get_materiel&rest_code=00150&code=00101008005&supplier_code=00100007&order_time=2020-11-09 HTTP/1.1" 200 412
114.88.166.242 - - [09/Nov/2020:09:02:28 +0800] "GET /xingrg/check_reg.html?_=1604883852354 HTTP/1.1" 200 22
114.88.166.242 - - [09/Nov/2020:09:02:28 +0800] "GET /xingrg/all/function/internal_message.html?_=1604883852358&CODE_STATE=getMsg HTTP/1.1" 200 27
180.174.56.115 - - [09/Nov/2020:09:02:32 +0800] "GET /xingrg/kc/buy/cgsh_order_operate.html?command=get_materiel&rest_code=00150&code=00101015038&supplier_code=00100007&order_time=2020-11-09 HTTP/1.1" 200 419
180.174.56.115 - - [09/Nov/2020:09:02:33 +0800] "GET /xingrg/all/function/internal_message.html?_=1604883752900&CODE_STATE=getMsg HTTP/1.1" 200 27
180.174.56.115 - - [09/Nov/2020:09:02:34 +0800] "POST /xingrg/kc/buy/cgsh_order_operate.html HTTP/1.1" 200 2065
117.185.32.26 - - [09/Nov/2020:09:02:34 +0800] "GET /xingrg/all/function/internal_message.html?_=1604884176110&CODE_STATE=getMsg HTTP/1.1" 200 27
180.174.56.115 - - [09/Nov/2020:09:02:41 +0800] "GET /xingrg/kc/buy/cgsh_order_operate.html?command=get_materiel&rest_code=00150&code=00101008284&supplier_code=00100007&order_time=2020-11-09 HTTP/1.1" 200 413
180.162.137.114 - - [09/Nov/2020:09:02:41 +0800] "GET /xingrg/check_reg.html?_=1604883763490 HTTP/1.1" 200 22
180.162.137.114 - - [09/Nov/2020:09:02:41 +0800] "GET /xingrg/all/function/internal_message.html?_=1604883763553&CODE_STATE=getMsg HTTP/1.1" 200 27
124.77.237.88 - - [09/Nov/2020:09:02:44 +0800] "POST /xingrg/services/DataTransmitService HTTP/1.1" 200 524
114.88.166.242 - - [09/Nov/2020:09:02:44 +0800] "GET /xingrg/all/function/internal_message.html?_=1604883762462&CODE_STATE=getMsg HTTP/1.1" 200 27
180.152.243.105 - - [09/Nov/2020:09:02:46 +0800] "GET /xingrg/all/function/internal_message.html?_=1604883988118&CODE_STATE=getMsg HTTP/1.1" 200 27
58.40.7.146 - - [09/Nov/2020:09:02:46 +0800] "GET /xingrg/all/function/internal_message.html?_=1604883766300&CODE_STATE=getMsg HTTP/1.1" 200 27
180.174.56.115 - - [09/Nov/2020:09:02:46 +0800] "GET /xingrg/kc/buy/cgsh_order_operate.html?command=get_materiel&rest_code=00150&code=00101008114&supplier_code=00100007&order_time=2020-11-09 HTTP/1.1" 200 412
172.17.0.100 - - [09/Nov/2020:09:02:47 +0800] "GET /xingrg/all/function/internal_message.html?_=1604883802718&CODE_STATE=getMsg HTTP/1.1" 200 27
180.162.245.190 - - [09/Nov/2020:09:02:47 +0800] "GET /xingrg/all/function/internal_message.html?_=1604883768877&CODE_STATE=getMsg HTTP/1.1" 200 27
172.17.0.128 - - [09/Nov/2020:09:02:49 +0800] "GET /favicon.ico HTTP/1.1" 404 -
180.162.245.190 - - [09/Nov/2020:09:02:53 +0800] "GET /xingrg/all/function/internal_message.html?_=1604883755157&CODE_STATE=getMsg HTTP/1.1" 200 27
180.174.56.115 - - [09/Nov/2020:09:02:53 +0800] "GET /xingrg/kc/buy/cgsh_order_operate.html?command=get_materiel&rest_code=00150&code=00101008061&supplier_code=00100007&order_time=2020-11-09 HTTP/1.1" 200 422
58.40.7.146 - - [09/Nov/2020:09:02:57 +0800] "GET /xingrg/check_reg.html?_=1604883777575 HTTP/1.1" 200 22
172.17.0.123 - - [09/Nov/2020:09:02:59 +0800] "GET /xingrg/all/function/internal_message.html?_=1604883732964&CODE_STATE=getMsg HTTP/1.1" 200 27
180.174.56.115 - - [09/Nov/2020:09:03:01 +0800] "GET /xingrg/kc/buy/cgsh_order_operate.html?command=get_materiel&rest_code=00150&code=00101008236&supplier_code=00100007&order_time=2020-11-09 HTTP/1.1" 200 417
114.84.37.38 - - [09/Nov/2020:09:03:04 +0800] "GET /xingrg/all/function/internal_message.html?_=1604883790160&CODE_STATE=getMsg HTTP/1.1" 200 27
117.184.7.26 - - [09/Nov/2020:09:03:09 +0800] "POST /xingrg/services/DataTransmitService HTTP/1.1" 200 524
124.77.237.88 - - [09/Nov/2020:09:03:09 +0800] "GET /xingrg/all/function/internal_message.html?_=1604883788356&CODE_STATE=getMsg HTTP/1.1" 200 27
180.174.56.115 - - [09/Nov/2020:09:03:10 +0800] "GET /xingrg/kc/buy/cgsh_order_operate.html?command=get_materiel&rest_code=00150&code=00101008229&supplier_code=00100007&order_time=2020-11-09 HTTP/1.1" 200 420
180.174.56.115 - - [09/Nov/2020:09:03:12 +0800] "POST /xingrg/kc/buy/cgsh_order_operate.html HTTP/1.1" 200 2065
180.174.56.115 - - [09/Nov/2020:09:03:18 +0800] "GET /xingrg/kc/buy/cgsh_order_operate.html?command=get_materiel&rest_code=00150&code=00101015074&supplier_code=00100007&order_time=2020-11-09 HTTP/1.1" 200 408
124.77.237.88 - - [09/Nov/2020:09:03:23 +0800] "GET /xingrg/kc/buy/buy_main.html HTTP/1.1" 200 12412
124.77.237.88 - - [09/Nov/2020:09:03:23 +0800] "GET /xingrg/css/new_ie.css HTTP/1.1" 404 1036
124.77.237.88 - - [09/Nov/2020:09:03:24 +0800] "GET /xingrg/images/yd/bt.gif HTTP/1.1" 404 1040
117.184.7.26 - - [09/Nov/2020:09:03:25 +0800] "GET /xingrg/all/function/internal_message.html?_=1604884788822&CODE_STATE=getMsg HTTP/1.1" 200 27
124.77.237.88 - - [09/Nov/2020:09:03:25 +0800] "GET /xingrg/kc/buy/cgsh_order_list.html HTTP/1.1" 200 44881
124.77.237.88 - - [09/Nov/2020:09:03:26 +0800] "POST /xingrg/kc/buy/cgsh_list_operate.html HTTP/1.1" 200 876
114.88.166.242 - - [09/Nov/2020:09:03:28 +0800] "GET /xingrg/all/function/internal_message.html?_=1604883912357&CODE_STATE=getMsg HTTP/1.1" 200 27
180.174.56.115 - - [09/Nov/2020:09:03:31 +0800] "POST /xingrg/kc/buy/cgsh_order_operate.html HTTP/1.1" 200 37
124.77.237.88 - - [09/Nov/2020:09:03:32 +0800] "GET /xingrg/kc/buy/cgsh_order_add.html HTTP/1.1" 200 60701
124.77.237.88 - - [09/Nov/2020:09:03:33 +0800] "GET /xingrg/words/20201108171447_words.js HTTP/1.1" 304 -
180.174.56.115 - - [09/Nov/2020:09:03:33 +0800] "POST /xingrg/kc/buy/cgsh_order_operate.html HTTP/1.1" 200 23356
180.174.56.115 - - [09/Nov/2020:09:03:33 +0800] "GET /xingrg/all/function/internal_message.html?_=1604883812912&CODE_STATE=getMsg HTTP/1.1" 200 27
124.77.237.88 - - [09/Nov/2020:09:03:33 +0800] "GET /xingrg/javascript/easyui/themes/default/validatebox.css HTTP/1.1" 404 1104
124.77.237.88 - - [09/Nov/2020:09:03:33 +0800] "GET /xingrg/all/common/auto_word.html?type=employee&rest_code=00107 HTTP/1.1" 200 147
124.77.237.88 - - [09/Nov/2020:09:03:33 +0800] "GET /xingrg/all/common/auto_word.html?type=employee&rest_code=00107 HTTP/1.1" 200 147
124.77.237.88 - - [09/Nov/2020:09:03:33 +0800] "POST /xingrg/kc/buy/cgsh_order_operate.html HTTP/1.1" 200 8245
117.185.32.26 - - [09/Nov/2020:09:03:34 +0800] "GET /xingrg/all/function/internal_message.html?_=1604884236108&CODE_STATE=getMsg HTTP/1.1" 200 27
124.77.237.88 - - [09/Nov/2020:09:03:35 +0800] "GET /xingrg/javascript/easyui/themes/default/tree.css HTTP/1.1" 404 1090
124.77.237.88 - - [09/Nov/2020:09:03:35 +0800] "POST /xingrg/all/common/load_tree.html?tree=supplier_tree_json&isDelete=1 HTTP/1.1" 200 51727
180.152.243.105 - - [09/Nov/2020:09:03:40 +0800] "GET /xingrg/check_reg.html?_=1604884042505 HTTP/1.1" 200 22
124.77.237.88 - - [09/Nov/2020:09:03:40 +0800] "POST /xingrg/services/DataTransmitService HTTP/1.1" 200 524
180.162.137.114 - - [09/Nov/2020:09:03:41 +0800] "GET /xingrg/all/function/internal_message.html?_=1604883823553&CODE_STATE=getMsg HTTP/1.1" 200 27
180.174.56.115 - - [09/Nov/2020:09:03:44 +0800] "POST /xingrg/all/user/operate.html HTTP/1.1" 200 36
180.174.56.115 - - [09/Nov/2020:09:03:44 +0800] "GET /xingrg/index.html?sysBaseUrl=http%3A%2F%2F180.169.147.146%3A18081%2Fxingrg%2F&costTime=39×tamp=1604798959747 HTTP/1.1" 200 17177
180.174.56.115 - - [09/Nov/2020:09:03:44 +0800] "GET /xingrg/javascript/jquery_easy_ui/themes/default/easyui.css HTTP/1.1" 304 -
180.174.56.115 - - [09/Nov/2020:09:03:44 +0800] "GET /xingrg/javascript/jquery_easy_ui/themes/icon.css HTTP/1.1" 304 -
180.174.56.115 - - [09/Nov/2020:09:03:44 +0800] "GET /xingrg/css/form.css HTTP/1.1" 304 -
180.174.56.115 - - [09/Nov/2020:09:03:44 +0800] "GET /xingrg/javascript/jquery-1.4.2.min.js HTTP/1.1" 304 -
180.174.56.115 - - [09/Nov/2020:09:03:44 +0800] "GET /xingrg/javascript/jquery_easy_ui/jquery.easyui.min.js HTTP/1.1" 304 -
180.174.56.115 - - [09/Nov/2020:09:03:44 +0800] "GET /xingrg/javascript/jquery_easy_ui/easyui-lang-zh_CN.js HTTP/1.1" 304 -
180.174.56.115 - - [09/Nov/2020:09:03:44 +0800] "GET /xingrg/javascript/jquery.form.js HTTP/1.1" 304 -
180.174.56.115 - - [09/Nov/2020:09:03:44 +0800] "GET /xingrg/javascript/jquery.utils.js HTTP/1.1" 304 -
180.174.56.115 - - [09/Nov/2020:09:03:44 +0800] "GET /xingrg/javascript/jquery.timers.js HTTP/1.1" 304 -
180.174.56.115 - - [09/Nov/2020:09:03:44 +0800] "GET /xingrg/images/blue/jxLogo.png HTTP/1.1" 304 -
180.174.56.115 - - [09/Nov/2020:09:03:44 +0800] "GET /xingrg/javascript/jquery_easy_ui/themes/icons/settle_new.png HTTP/1.1" 304 -
180.174.56.115 - - [09/Nov/2020:09:03:44 +0800] "GET /xingrg/images/blue/navBackgound.jpg HTTP/1.1" 304 -
180.174.56.115 - - [09/Nov/2020:09:03:45 +0800] "POST /xingrg/all/common/load_tree.html?tree=area_rest_tree_json&manage=1 HTTP/1.1" 200 476
180.174.56.115 - - [09/Nov/2020:09:03:45 +0800] "GET /xingrg/all/function/internal_message.html?_=1604883824317&CODE_STATE=count HTTP/1.1" 200 11
180.174.56.115 - - [09/Nov/2020:09:03:45 +0800] "GET /xingrg/check_reg.html?_=1604883824319 HTTP/1.1" 200 22
180.174.56.115 - - [09/Nov/2020:09:03:45 +0800] "GET /xingrg/javascript/jquery_easy_ui/themes/default/images/tabs_leftarrow.png HTTP/1.1" 304 -
180.174.56.115 - - [09/Nov/2020:09:03:45 +0800] "GET /xingrg/javascript/jquery_easy_ui/themes/default/images/panel_tool_collapse.gif HTTP/1.1" 304 -
114.88.166.242 - - [09/Nov/2020:09:03:45 +0800] "GET /xingrg/all/function/internal_message.html?_=1604883822523&CODE_STATE=getMsg HTTP/1.1" 200 27
180.174.56.115 - - [09/Nov/2020:09:03:45 +0800] "GET /xingrg/javascript/jquery_easy_ui/themes/default/images/tabs_rightarrow.png HTTP/1.1" 304 -
180.174.56.115 - - [09/Nov/2020:09:03:45 +0800] "GET /xingrg/images/blue/pingpu.png HTTP/1.1" 304 -
180.174.56.115 - - [09/Nov/2020:09:03:45 +0800] "POST /xingrg/load_menu.html HTTP/1.1" 200 5138
180.152.243.105 - - [09/Nov/2020:09:03:46 +0800] "GET /xingrg/all/function/internal_message.html?_=1604884048121&CODE_STATE=getMsg HTTP/1.1" 200 27
58.40.7.146 - - [09/Nov/2020:09:03:46 +0800] "GET /xingrg/check_reg.html?_=1604883826287 HTTP/1.1" 200 22
58.40.7.146 - - [09/Nov/2020:09:03:46 +0800] "GET /xingrg/all/function/internal_message.html?_=1604883826288&CODE_STATE=getMsg HTTP/1.1" 200 27
172.17.0.100 - - [09/Nov/2020:09:03:47 +0800] "GET /xingrg/check_reg.html?_=1604883862718 HTTP/1.1" 200 22
172.17.0.100 - - [09/Nov/2020:09:03:47 +0800] "GET /xingrg/all/function/internal_message.html?_=1604883862709&CODE_STATE=getMsg HTTP/1.1" 200 27
180.162.245.190 - - [09/Nov/2020:09:03:47 +0800] "GET /xingrg/check_reg.html?_=1604883828878 HTTP/1.1" 200 22
180.162.245.190 - - [09/Nov/2020:09:03:47 +0800] "GET /xingrg/all/function/internal_message.html?_=1604883828882&CODE_STATE=getMsg HTTP/1.1" 200 27
180.174.56.115 - - [09/Nov/2020:09:03:47 +0800] "GET /xingrg/kc/buy/cgsh_order_list.html HTTP/1.1" 200 44879
180.174.56.115 - - [09/Nov/2020:09:03:48 +0800] "POST /xingrg/kc/buy/cgsh_list_operate.html HTTP/1.1" 200 876
180.174.56.115 - - [09/Nov/2020:09:03:50 +0800] "GET /xingrg/kc/buy/cgsh_order_add.html HTTP/1.1" 200 60255
180.174.56.115 - - [09/Nov/2020:09:03:50 +0800] "POST /xingrg/kc/buy/cgsh_order_operate.html HTTP/1.1" 200 8245
180.174.56.115 - - [09/Nov/2020:09:03:50 +0800] "GET /xingrg/javascript/easyui/themes/default/validatebox.css HTTP/1.1" 404 1104
180.174.56.115 - - [09/Nov/2020:09:03:52 +0800] "GET /xingrg/javascript/auto/indicator.gif HTTP/1.1" 404 1066
180.162.245.190 - - [09/Nov/2020:09:03:53 +0800] "GET /xingrg/all/function/internal_message.html?_=1604883815158&CODE_STATE=getMsg HTTP/1.1" 200 27
124.77.237.88 - - [09/Nov/2020:09:03:57 +0800] "GET /xingrg/javascript/auto/indicator.gif HTTP/1.1" 404 1066
172.17.0.123 - - [09/Nov/2020:09:03:59 +0800] "GET /xingrg/all/function/internal_message.html?_=1604883792968&CODE_STATE=getMsg HTTP/1.1" 200 27
114.84.37.38 - - [09/Nov/2020:09:04:04 +0800] "GET /xingrg/all/function/internal_message.html?_=1604883850175&CODE_STATE=getMsg HTTP/1.1" 200 27
124.77.237.88 - - [09/Nov/2020:09:04:05 +0800] "GET /xingrg/kc/buy/cgsh_order_operate.html?command=get_materiel&rest_code=00107&code=00101020169&supplier_code=00100252&order_time=2020-11-09 HTTP/1.1" 200 428
124.77.237.88 - - [09/Nov/2020:09:04:09 +0800] "GET /xingrg/all/function/internal_message.html?_=1604883848337&CODE_STATE=getMsg HTTP/1.1" 200 27
180.174.56.115 - - [09/Nov/2020:09:04:20 +0800] "GET /xingrg/kc/buy/cgsh_order_operate.html?command=get_materiel&rest_code=00151&code=00101012039&supplier_code=00100007&order_time=2020-11-09 HTTP/1.1" 200 408
117.184.7.26 - - [09/Nov/2020:09:04:25 +0800] "GET /xingrg/all/function/internal_message.html?_=1604884848826&CODE_STATE=getMsg HTTP/1.1" 200 27
114.88.166.242 - - [09/Nov/2020:09:04:28 +0800] "GET /xingrg/all/function/internal_message.html?_=1604883972356&CODE_STATE=getMsg HTTP/1.1" 200 27
180.174.56.115 - - [09/Nov/2020:09:04:30 +0800] "GET /xingrg/kc/buy/cgsh_order_operate.html?command=get_materiel&rest_code=00151&code=00101016038&supplier_code=00100007&order_time=2020-11-09 HTTP/1.1" 200 408
117.185.32.26 - - [09/Nov/2020:09:04:34 +0800] "GET /xingrg/all/function/internal_message.html?_=1604884296133&CODE_STATE=getMsg HTTP/1.1" 200 27
180.174.56.115 - - [09/Nov/2020:09:04:36 +0800] "GET /xingrg/kc/buy/cgsh_order_operate.html?command=get_materiel&rest_code=00151&code=00101008323&supplier_code=00100007&order_time=2020-11-09 HTTP/1.1" 200 408
180.174.56.115 - - [09/Nov/2020:09:04:41 +0800] "GET /xingrg/kc/buy/cgsh_order_operate.html?command=get_materiel&rest_code=00151&code=00101008347&supplier_code=00100007&order_time=2020-11-09 HTTP/1.1" 200 408
180.162.137.114 - - [09/Nov/2020:09:04:42 +0800] "GET /xingrg/all/function/internal_message.html?_=1604883883564&CODE_STATE=getMsg HTTP/1.1" 200 27
180.174.56.115 - - [09/Nov/2020:09:04:45 +0800] "GET /xingrg/all/function/internal_message.html?_=1604883884335&CODE_STATE=getMsg HTTP/1.1" 200 27
114.88.166.242 - - [09/Nov/2020:09:04:45 +0800] "GET /xingrg/all/function/internal_message.html?_=1604883882537&CODE_STATE=getMsg HTTP/1.1" 200 27
180.152.243.105 - - [09/Nov/2020:09:04:46 +0800] "GET /xingrg/all/function/internal_message.html?_=1604884108133&CODE_STATE=getMsg HTTP/1.1" 200 27
58.40.7.146 - - [09/Nov/2020:09:04:46 +0800] "GET /xingrg/all/function/internal_message.html?_=1604883886291&CODE_STATE=getMsg HTTP/1.1" 200 27
172.17.0.100 - - [09/Nov/2020:09:04:47 +0800] "GET /xingrg/all/function/internal_message.html?_=1604883922719&CODE_STATE=getMsg HTTP/1.1" 200 27
180.162.245.190 - - [09/Nov/2020:09:04:47 +0800] "GET /xingrg/all/function/internal_message.html?_=1604883888888&CODE_STATE=getMsg HTTP/1.1" 200 27
180.162.137.114 - - [09/Nov/2020:09:04:48 +0800] "GET /xingrg/kc/base/base_main.html HTTP/1.1" 200 12142
180.162.137.114 - - [09/Nov/2020:09:04:48 +0800] "GET /xingrg/images/blue/button/wlsy.gif HTTP/1.1" 200 2536
180.162.137.114 - - [09/Nov/2020:09:04:48 +0800] "GET /xingrg/images/blue/button/ckdb.gif HTTP/1.1" 200 1950
180.162.137.114 - - [09/Nov/2020:09:04:48 +0800] "GET /xingrg/images/blue/button/kc.gif HTTP/1.1" 200 2160
180.162.137.114 - - [09/Nov/2020:09:04:48 +0800] "GET /xingrg/images/blue/button/ckpd.gif HTTP/1.1" 200 2051
180.162.137.114 - - [09/Nov/2020:09:04:48 +0800] "GET /xingrg/images/blue/button/yddb.gif HTTP/1.1" 200 2040
180.162.137.114 - - [09/Nov/2020:09:04:48 +0800] "GET /xingrg/images/blue/pic_form2.gif HTTP/1.1" 200 1853
180.162.137.114 - - [09/Nov/2020:09:04:48 +0800] "GET /xingrg/images/blue/button/top_left.jpg HTTP/1.1" 200 1632
180.162.137.114 - - [09/Nov/2020:09:04:48 +0800] "GET /xingrg/images/blue/button/down.jpg HTTP/1.1" 200 1560
180.162.137.114 - - [09/Nov/2020:09:04:48 +0800] "GET /xingrg/images/blue/button/top_right.jpg HTTP/1.1" 200 1708
180.162.137.114 - - [09/Nov/2020:09:04:48 +0800] "GET /xingrg/images/blue/button/right_ah.jpg HTTP/1.1" 200 1744
180.162.137.114 - - [09/Nov/2020:09:04:48 +0800] "GET /xingrg/images/blue/button/left_ah.jpg HTTP/1.1" 200 1643
180.162.137.114 - - [09/Nov/2020:09:04:48 +0800] "GET /xingrg/images/blue/button/bottom_left.jpg HTTP/1.1" 200 1524
180.162.137.114 - - [09/Nov/2020:09:04:48 +0800] "GET /xingrg/images/blue/button/bottom_right.jpg HTTP/1.1" 200 1436
180.162.137.114 - - [09/Nov/2020:09:04:48 +0800] "GET /xingrg/images/blue/bg_dotted.jpg HTTP/1.1" 200 319
124.77.237.88 - - [09/Nov/2020:09:04:48 +0800] "GET /xingrg/kc/buy/cgsh_order_operate.html?command=get_materiel&rest_code=00107&code=00101020170&supplier_code=00100252&order_time=2020-11-09 HTTP/1.1" 200 422
180.174.56.115 - - [09/Nov/2020:09:04:48 +0800] "GET /xingrg/kc/buy/cgsh_order_operate.html?command=get_materiel&rest_code=00151&code=00101008372&supplier_code=00100007&order_time=2020-11-09 HTTP/1.1" 200 408
180.162.137.114 - - [09/Nov/2020:09:04:49 +0800] "GET /xingrg/kc/buy/buy_main.html HTTP/1.1" 200 12412
180.162.137.114 - - [09/Nov/2020:09:04:49 +0800] "GET /xingrg/css/new_ie.css HTTP/1.1" 404 1036
180.162.137.114 - - [09/Nov/2020:09:04:49 +0800] "GET /xingrg/javascript/ToolTips.js HTTP/1.1" 200 5615
180.162.137.114 - - [09/Nov/2020:09:04:49 +0800] "GET /xingrg/javascript/jquery_ui/jquery-ui.min.js HTTP/1.1" 200 186181
180.162.137.114 - - [09/Nov/2020:09:04:49 +0800] "GET /xingrg/images/blue/button/cgydd.gif HTTP/1.1" 200 2712
180.162.137.114 - - [09/Nov/2020:09:04:49 +0800] "GET /xingrg/images/blue/button/cgxqd.gif HTTP/1.1" 200 2619
180.162.137.114 - - [09/Nov/2020:09:04:49 +0800] "GET /xingrg/images/blue/button/cgshd.gif HTTP/1.1" 200 2618
180.162.137.114 - - [09/Nov/2020:09:04:49 +0800] "GET /xingrg/images/blue/button/cgfkd.gif HTTP/1.1" 200 2075
180.162.137.114 - - [09/Nov/2020:09:04:49 +0800] "GET /xingrg/images/blue/button/ckthd.gif HTTP/1.1" 200 2045
180.162.137.114 - - [09/Nov/2020:09:04:49 +0800] "GET /xingrg/images/blue/button/down_ah.jpg HTTP/1.1" 200 1732
180.162.137.114 - - [09/Nov/2020:09:04:49 +0800] "GET /xingrg/javascript/jquery_ui/themes/humanity/images/ui-bg_inset-soft_100_f4f0ec_1x100.png HTTP/1.1" 200 141
180.162.137.114 - - [09/Nov/2020:09:04:50 +0800] "GET /xingrg/kc/info/info_main.html HTTP/1.1" 200 6010
180.162.137.114 - - [09/Nov/2020:09:04:50 +0800] "GET /xingrg/images/blue/clxx.gif HTTP/1.1" 200 1916
180.162.137.114 - - [09/Nov/2020:09:04:50 +0800] "GET /xingrg/images/blue/cldwgl.gif HTTP/1.1" 200 2487
180.162.137.114 - - [09/Nov/2020:09:04:50 +0800] "GET /xingrg/images/blue/ckxx.gif HTTP/1.1" 200 2041
180.162.137.114 - - [09/Nov/2020:09:04:50 +0800] "GET /xingrg/images/blue/gysxxgl.gif HTTP/1.1" 200 1945
180.162.137.114 - - [09/Nov/2020:09:04:50 +0800] "GET /xingrg/images/blue/gyslbgl.gif HTTP/1.1" 200 1480
180.162.137.114 - - [09/Nov/2020:09:04:50 +0800] "GET /xingrg/images/blue/gyscljg.gif HTTP/1.1" 200 2081
180.162.137.114 - - [09/Nov/2020:09:04:50 +0800] "GET /xingrg/kc/report/report_main.html HTTP/1.1" 200 7345
180.162.137.114 - - [09/Nov/2020:09:04:51 +0800] "GET /xingrg/kc/base/kc_stocks.html HTTP/1.1" 200 16390
180.162.137.114 - - [09/Nov/2020:09:04:51 +0800] "GET /xingrg/css/base.css HTTP/1.1" 200 2811
180.162.137.114 - - [09/Nov/2020:09:04:51 +0800] "GET /xingrg/css/site.css HTTP/1.1" 200 7541
180.162.137.114 - - [09/Nov/2020:09:04:51 +0800] "GET /xingrg/javascript/jquery_tools/datebox.css HTTP/1.1" 200 2597
180.162.137.114 - - [09/Nov/2020:09:04:51 +0800] "GET /xingrg/javascript/easyui/themes/icon.css HTTP/1.1" 200 4483
180.162.137.114 - - [09/Nov/2020:09:04:51 +0800] "GET /xingrg/javascript/jquery_tools/jquery.tools.min.js HTTP/1.1" 200 138801
180.162.137.114 - - [09/Nov/2020:09:04:51 +0800] "GET /xingrg/javascript/jquery_tools/fix.css HTTP/1.1" 200 1702
180.162.137.114 - - [09/Nov/2020:09:04:51 +0800] "GET /xingrg/javascript/auto/jquery.autocomplete.css HTTP/1.1" 200 587
180.162.137.114 - - [09/Nov/2020:09:04:51 +0800] "GET /xingrg/javascript/jquery_tools/jquery.tools.hotkey.js HTTP/1.1" 200 3242
180.162.137.114 - - [09/Nov/2020:09:04:51 +0800] "GET /xingrg/javascript/jquery_tools/list_manager.js HTTP/1.1" 200 3652
180.162.137.114 - - [09/Nov/2020:09:04:51 +0800] "GET /xingrg/javascript/jquery_tools/jquery.tools.extend.js HTTP/1.1" 200 15385
180.162.137.114 - - [09/Nov/2020:09:04:51 +0800] "GET /xingrg/javascript/easyui/easyloader.js HTTP/1.1" 200 5975
180.162.137.114 - - [09/Nov/2020:09:04:51 +0800] "GET /xingrg/javascript/convert.js HTTP/1.1" 200 1239
180.162.137.114 - - [09/Nov/2020:09:04:51 +0800] "GET /xingrg/javascript/jquery.cookie.js HTTP/1.1" 200 5513
124.77.237.88 - - [09/Nov/2020:09:04:51 +0800] "POST /xingrg/all/common/load_select.html HTTP/1.1" 200 25
180.162.137.114 - - [09/Nov/2020:09:04:52 +0800] "GET /xingrg/javascript/easyui/themes/sunny/easyui.css HTTP/1.1" 200 34304
180.162.137.114 - - [09/Nov/2020:09:04:52 +0800] "GET /xingrg/javascript/print/LodopFuncs.js HTTP/1.1" 200 5121
180.162.137.114 - - [09/Nov/2020:09:04:52 +0800] "GET /xingrg/javascript/auto/jquery.autocomplete.js HTTP/1.1" 200 21624
180.162.137.114 - - [09/Nov/2020:09:04:52 +0800] "GET /xingrg/javascript/easyui/themes/icons/field_new.png HTTP/1.1" 200 1097
180.162.137.114 - - [09/Nov/2020:09:04:52 +0800] "GET /xingrg/javascript/easyui/themes/icons/print_new.png HTTP/1.1" 200 3580
180.162.137.114 - - [09/Nov/2020:09:04:52 +0800] "GET /xingrg/javascript/easyui/themes/icons/filter_new.png HTTP/1.1" 200 795
180.162.137.114 - - [09/Nov/2020:09:04:52 +0800] "GET /xingrg/javascript/easyui/themes/icons/refresh_new.png HTTP/1.1" 200 685
180.162.137.114 - - [09/Nov/2020:09:04:52 +0800] "GET /xingrg/javascript/easyui/themes/icons/import_new.png HTTP/1.1" 200 1247
180.162.137.114 - - [09/Nov/2020:09:04:52 +0800] "GET /xingrg/javascript/easyui/plugins/jquery.parser.js HTTP/1.1" 200 1142
180.162.137.114 - - [09/Nov/2020:09:04:52 +0800] "GET /xingrg/javascript/easyui/plugins/jquery.draggable.js HTTP/1.1" 200 6121
180.162.137.114 - - [09/Nov/2020:09:04:52 +0800] "GET /xingrg/javascript/easyui/plugins/jquery.droppable.js HTTP/1.1" 200 1167
180.162.137.114 - - [09/Nov/2020:09:04:52 +0800] "GET /xingrg/all/common/auto_word.html?type=base&rest_code=00153 HTTP/1.1" 200 551
180.162.137.114 - - [09/Nov/2020:09:04:52 +0800] "GET /xingrg/javascript/easyui/themes/default/tree.css HTTP/1.1" 404 1090
180.162.137.114 - - [09/Nov/2020:09:04:52 +0800] "GET /xingrg/javascript/easyui/plugins/jquery.tree.js HTTP/1.1" 200 20874
180.162.137.114 - - [09/Nov/2020:09:04:52 +0800] "POST /xingrg/all/common/load_tree.html?tree=materiel_sort_tree_json HTTP/1.1" 200 8666
180.162.137.114 - - [09/Nov/2020:09:04:52 +0800] "GET /xingrg/javascript/easyui/themes/sunny/images/tree_arrows.gif HTTP/1.1" 200 617
180.162.137.114 - - [09/Nov/2020:09:04:52 +0800] "GET /xingrg/javascript/easyui/themes/sunny/images/tree_folder_open.gif HTTP/1.1" 200 956
180.162.137.114 - - [09/Nov/2020:09:04:52 +0800] "GET /xingrg/javascript/easyui/themes/sunny/images/tree_folder.gif HTTP/1.1" 200 952
180.162.245.190 - - [09/Nov/2020:09:04:53 +0800] "GET /xingrg/all/function/internal_message.html?_=1604883875157&CODE_STATE=getMsg HTTP/1.1" 200 27
180.162.245.190 - - [09/Nov/2020:09:04:53 +0800] "GET /xingrg/check_reg.html?_=1604883875160 HTTP/1.1" 200 22
124.77.237.88 - - [09/Nov/2020:09:04:56 +0800] "GET /xingrg/kc/buy/cgsh_order_operate.html?command=get_materiel_price&rest_code=00107&code=00101020170&unit_code=00100401&supplier_code=00100252&order_time=2020-11-09 HTTP/1.1" 200 29
180.174.56.115 - - [09/Nov/2020:09:04:56 +0800] "GET /xingrg/kc/buy/cgsh_order_operate.html?command=get_materiel&rest_code=00151&code=00101008083&supplier_code=00100007&order_time=2020-11-09 HTTP/1.1" 200 427
180.174.56.115 - - [09/Nov/2020:09:04:57 +0800] "POST /xingrg/all/common/load_select.html HTTP/1.1" 200 25
172.17.0.123 - - [09/Nov/2020:09:04:59 +0800] "GET /xingrg/check_reg.html?_=1604883852970 HTTP/1.1" 200 22
172.17.0.123 - - [09/Nov/2020:09:04:59 +0800] "GET /xingrg/all/function/internal_message.html?_=1604883852970&CODE_STATE=getMsg HTTP/1.1" 200 27
180.162.137.114 - - [09/Nov/2020:09:05:00 +0800] "POST /xingrg/kc/base/stock_operate.html HTTP/1.1" 200 2158
180.162.137.114 - - [09/Nov/2020:09:05:00 +0800] "GET /xingrg/javascript/jquery_tools/fix_table.js HTTP/1.1" 200 6528
180.174.56.115 - - [09/Nov/2020:09:05:01 +0800] "GET /xingrg/kc/buy/cgsh_order_operate.html?command=get_materiel_price&rest_code=00151&code=00101008083&unit_code=00100026&supplier_code=00100007&order_time=2020-11-09 HTTP/1.1" 200 27
114.84.37.38 - - [09/Nov/2020:09:05:05 +0800] "GET /xingrg/all/function/internal_message.html?_=1604883910579&CODE_STATE=getMsg HTTP/1.1" 200 27
120.253.135.82 - - [09/Nov/2020:09:05:07 +0800] "GET /xingrg/check_reg.html?_=1604883654643 HTTP/1.1" 200 22
124.77.237.88 - - [09/Nov/2020:09:05:09 +0800] "GET /xingrg/all/function/internal_message.html?_=1604883908316&CODE_STATE=getMsg HTTP/1.1" 200 27
124.77.237.88 - - [09/Nov/2020:09:05:10 +0800] "POST /xingrg/kc/buy/cgsh_order_operate.html HTTP/1.1" 200 37
124.77.237.88 - - [09/Nov/2020:09:05:12 +0800] "POST /xingrg/kc/buy/cgsh_order_operate.html HTTP/1.1" 200 3267
180.174.56.115 - - [09/Nov/2020:09:05:12 +0800] "GET /xingrg/kc/buy/cgsh_order_operate.html?command=get_materiel&rest_code=00151&code=00101008318&supplier_code=00100007&order_time=2020-11-09 HTTP/1.1" 200 408
180.174.56.115 - - [09/Nov/2020:09:05:20 +0800] "GET /xingrg/kc/buy/cgsh_order_operate.html?command=get_materiel&rest_code=00151&code=00101016051&supplier_code=00100007&order_time=2020-11-09 HTTP/1.1" 200 408
117.184.7.26 - - [09/Nov/2020:09:05:24 +0800] "POST /xingrg/services/DataTransmitService HTTP/1.1" 200 524
117.184.7.26 - - [09/Nov/2020:09:05:25 +0800] "GET /xingrg/check_reg.html?_=1604884908810 HTTP/1.1" 200 22
117.184.7.26 - - [09/Nov/2020:09:05:25 +0800] "GET /xingrg/all/function/internal_message.html?_=1604884908812&CODE_STATE=getMsg HTTP/1.1" 200 27
114.88.166.242 - - [09/Nov/2020:09:05:28 +0800] "GET /xingrg/all/function/internal_message.html?_=1604884032357&CODE_STATE=getMsg HTTP/1.1" 200 27
180.174.56.115 - - [09/Nov/2020:09:05:28 +0800] "GET /xingrg/kc/buy/cgsh_order_operate.html?command=get_materiel&rest_code=00151&code=00101008300&supplier_code=00100007&order_time=2020-11-09 HTTP/1.1" 200 412
117.185.32.26 - - [09/Nov/2020:09:05:35 +0800] "GET /xingrg/all/function/internal_message.html?_=1604884356131&CODE_STATE=getMsg HTTP/1.1" 200 27
117.185.32.26 - - [09/Nov/2020:09:05:35 +0800] "GET /xingrg/check_reg.html?_=1604884356133 HTTP/1.1" 200 22
180.174.56.115 - - [09/Nov/2020:09:05:35 +0800] "GET /xingrg/kc/buy/cgsh_order_operate.html?command=get_materiel&rest_code=00151&code=00101008126&supplier_code=00100007&order_time=2020-11-09 HTTP/1.1" 200 412
124.77.237.88 - - [09/Nov/2020:09:05:40 +0800] "POST /xingrg/kc/buy/cgsh_order_operate.html HTTP/1.1" 200 37
180.174.56.115 - - [09/Nov/2020:09:05:41 +0800] "GET /xingrg/kc/buy/cgsh_order_operate.html?command=get_materiel&rest_code=00151&code=00101008049&supplier_code=00100007&order_time=2020-11-09 HTTP/1.1" 200 408
180.162.137.114 - - [09/Nov/2020:09:05:42 +0800] "GET /xingrg/all/function/internal_message.html?_=1604883943567&CODE_STATE=getMsg HTTP/1.1" 200 27
124.77.237.88 - - [09/Nov/2020:09:05:42 +0800] "POST /xingrg/kc/buy/cgsh_order_operate.html HTTP/1.1" 200 3267
124.77.237.88 - - [09/Nov/2020:09:05:43 +0800] "GET /xingrg/kc/print/load_config.html?kc_code=cgsh HTTP/1.1" 200 1845
124.77.237.88 - - [09/Nov/2020:09:05:43 +0800] "GET /xingrg/kc/print/load_data.html?order_code=212020110903477&kc_code=cgsh&condition= HTTP/1.1" 200 939
180.174.56.115 - - [09/Nov/2020:09:05:45 +0800] "GET /xingrg/all/function/internal_message.html?_=1604883944342&CODE_STATE=getMsg HTTP/1.1" 200 27
114.88.166.242 - - [09/Nov/2020:09:05:45 +0800] "GET /xingrg/all/function/internal_message.html?_=1604883942590&CODE_STATE=getMsg HTTP/1.1" 200 27
222.69.136.151 - - [09/Nov/2020:09:05:45 +0800] "POST /xingrg/services/DataTransmitService HTTP/1.1" 200 524
180.162.137.114 - - [09/Nov/2020:09:05:46 +0800] "POST /xingrg/kc/base/stock_operate.html HTTP/1.1" 200 1909
222.69.136.151 - - [09/Nov/2020:09:05:46 +0800] "POST /xingrg/services/DataTransmitService HTTP/1.1" 200 1847
58.40.7.146 - - [09/Nov/2020:09:05:46 +0800] "GET /xingrg/all/function/internal_message.html?_=1604883946294&CODE_STATE=getMsg HTTP/1.1" 200 27
180.152.243.105 - - [09/Nov/2020:09:05:46 +0800] "GET /xingrg/all/function/internal_message.html?_=1604884168643&CODE_STATE=getMsg HTTP/1.1" 200 27
222.69.136.151 - - [09/Nov/2020:09:05:46 +0800] "POST /xingrg/services/DataTransmitService HTTP/1.1" 200 153852
172.17.0.100 - - [09/Nov/2020:09:05:47 +0800] "GET /xingrg/all/function/internal_message.html?_=1604883982710&CODE_STATE=getMsg HTTP/1.1" 200 27
180.162.245.190 - - [09/Nov/2020:09:05:47 +0800] "GET /xingrg/all/function/internal_message.html?_=1604883948892&CODE_STATE=getMsg HTTP/1.1" 200 27
180.162.137.114 - - [09/Nov/2020:09:05:49 +0800] "GET /xingrg/kc/base/stock_detail.html?m=00102020015 HTTP/1.1" 200 6304
180.174.56.115 - - [09/Nov/2020:09:05:51 +0800] "GET /xingrg/kc/buy/cgsh_order_operate.html?command=get_materiel&rest_code=00151&code=00101008077&supplier_code=00100007&order_time=2020-11-09 HTTP/1.1" 200 416
180.162.245.190 - - [09/Nov/2020:09:05:53 +0800] "GET /xingrg/all/function/internal_message.html?_=1604883935160&CODE_STATE=getMsg HTTP/1.1" 200 27
180.162.137.114 - - [09/Nov/2020:09:05:54 +0800] "GET /xingrg/kc/base/stock_operate.html?_=1604883956120&command=get_report_file&start_day=20191101 HTTP/1.1" 200 53
180.162.137.114 - - [09/Nov/2020:09:05:54 +0800] "GET /xingrg/all/report/report_query.html?isQuery=1&onlyBody=1&rh=2000&fileName=kc/base/kc_stock_detail_new.xml&queryString=(1=1)&queryText=&tableQueryString=init_table$sp1$$sp$crk_table$sp1$order_day%20between%2020191101%20and%2020201130&varString=start_day:20191101,materiel_code:00102020015,cost_id:2449,end_date:20191031 HTTP/1.1" 200 48701
180.162.137.114 - - [09/Nov/2020:09:05:54 +0800] "GET /xingrg/dwr/util.js HTTP/1.1" 200 16412
180.162.137.114 - - [09/Nov/2020:09:05:54 +0800] "GET /xingrg/dwr/interface/AjaxReportQueryService.js HTTP/1.1" 200 13203
180.162.137.114 - - [09/Nov/2020:09:05:54 +0800] "GET /xingrg/dwr/engine.js HTTP/1.1" 200 43631
180.162.137.114 - - [09/Nov/2020:09:05:54 +0800] "GET /xingrg/images/control/loading.gif HTTP/1.1" 200 13463
180.162.137.114 - - [09/Nov/2020:09:05:56 +0800] "POST /xingrg/all/report/load_report_page.html HTTP/1.1" 200 25042
180.162.137.114 - - [09/Nov/2020:09:05:56 +0800] "GET /xingrg/servlets/image?cache=0.2667439813256063&image=px HTTP/1.1" 200 807
180.174.56.115 - - [09/Nov/2020:09:05:57 +0800] "GET /xingrg/kc/buy/cgsh_order_operate.html?command=get_materiel&rest_code=00151&code=00101008095&supplier_code=00100007&order_time=2020-11-09 HTTP/1.1" 200 413
172.17.0.123 - - [09/Nov/2020:09:05:59 +0800] "GET /xingrg/all/function/internal_message.html?_=1604883912956&CODE_STATE=getMsg HTTP/1.1" 200 27
180.174.56.115 - - [09/Nov/2020:09:06:03 +0800] "GET /xingrg/kc/buy/cgsh_order_operate.html?command=get_materiel&rest_code=00151&code=00101008033&supplier_code=00100007&order_time=2020-11-09 HTTP/1.1" 200 408
114.84.37.38 - - [09/Nov/2020:09:06:05 +0800] "GET /xingrg/all/function/internal_message.html?_=1604883970591&CODE_STATE=getMsg HTTP/1.1" 200 27
124.77.237.88 - - [09/Nov/2020:09:06:09 +0800] "GET /xingrg/check_reg.html?_=1604883967993 HTTP/1.1" 200 22
114.88.166.242 - - [09/Nov/2020:09:06:09 +0800] "GET /xingrg/check_reg.html?_=1604883967291 HTTP/1.1" 200 22
124.77.237.88 - - [09/Nov/2020:09:06:10 +0800] "GET /xingrg/all/function/internal_message.html?_=1604883968291&CODE_STATE=getMsg HTTP/1.1" 200 27
180.174.56.115 - - [09/Nov/2020:09:06:10 +0800] "GET /xingrg/kc/buy/cgsh_order_operate.html?command=get_materiel&rest_code=00151&code=00101008114&supplier_code=00100007&order_time=2020-11-09 HTTP/1.1" 200 412
180.174.56.115 - - [09/Nov/2020:09:06:24 +0800] "GET /xingrg/kc/buy/cgsh_order_operate.html?command=get_materiel&rest_code=00151&code=00101008288&supplier_code=00100007&order_time=2020-11-09 HTTP/1.1" 200 408
117.184.7.26 - - [09/Nov/2020:09:06:25 +0800] "GET /xingrg/all/function/internal_message.html?_=1604884968810&CODE_STATE=getMsg HTTP/1.1" 200 27
222.69.136.151 - - [09/Nov/2020:09:06:25 +0800] "POST /xingrg/services/DataTransmitService HTTP/1.1" 200 524
114.88.166.242 - - [09/Nov/2020:09:06:28 +0800] "GET /xingrg/all/function/internal_message.html?_=1604884092357&CODE_STATE=getMsg HTTP/1.1" 200 27
180.174.56.115 - - [09/Nov/2020:09:06:29 +0800] "GET /xingrg/kc/buy/cgsh_order_operate.html?command=get_materiel&rest_code=00151&code=00101008264&supplier_code=00100007&order_time=2020-11-09 HTTP/1.1" 200 412
124.77.237.88 - - [09/Nov/2020:09:06:34 +0800] "GET /xingrg/kc/buy/cgsh_order_add.html HTTP/1.1" 200 60701
