114.84.145.85 - - [09/Nov/2020:10:58:23 +0800] "GET /xingrg/all/function/internal_message.html?_=1604890293167&CODE_STATE=getMsg HTTP/1.1" 200 27
114.88.166.242 - - [09/Nov/2020:10:58:24 +0800] "GET /favicon.ico HTTP/1.1" 404 -
117.184.7.26 - - [09/Nov/2020:10:58:25 +0800] "GET /xingrg/all/function/internal_message.html?_=1604891689068&CODE_STATE=getMsg HTTP/1.1" 200 27
58.37.37.111 - - [09/Nov/2020:10:58:25 +0800] "POST /xingrg/dma/report/yy_menu.html HTTP/1.1" 200 5311
114.88.166.242 - - [09/Nov/2020:10:58:27 +0800] "GET /favicon.ico HTTP/1.1" 404 -
114.84.37.38 - - [09/Nov/2020:10:58:28 +0800] "GET /xingrg/all/function/internal_message.html?_=1604890713734&CODE_STATE=getMsg HTTP/1.1" 200 27
114.88.166.242 - - [09/Nov/2020:10:58:28 +0800] "GET /xingrg/all/function/internal_message.html?_=1604890812477&CODE_STATE=getMsg HTTP/1.1" 200 27
117.184.7.26 - - [09/Nov/2020:10:58:29 +0800] "GET /xingrg/all/function/internal_message.html?_=1604890707441&CODE_STATE=getMsg HTTP/1.1" 200 27
117.184.7.26 - - [09/Nov/2020:10:58:30 +0800] "GET /xingrg/check_reg.html?_=1604890708036 HTTP/1.1" 200 22
117.185.32.26 - - [09/Nov/2020:10:58:31 +0800] "POST /xingrg/kc/buy/cgsh_order_operate.html HTTP/1.1" 200 37
117.185.32.26 - - [09/Nov/2020:10:58:35 +0800] "GET /xingrg/all/function/internal_message.html?_=1604891136641&CODE_STATE=getMsg HTTP/1.1" 200 27
117.185.32.26 - - [09/Nov/2020:10:58:37 +0800] "POST /xingrg/kc/buy/cgsh_order_operate.html HTTP/1.1" 200 12
117.185.32.26 - - [09/Nov/2020:10:58:38 +0800] "GET /xingrg/kc/buy/cgsh_order_info.html?code=212020110903581 HTTP/1.1" 200 55516
117.185.32.26 - - [09/Nov/2020:10:58:38 +0800] "GET /xingrg/javascript/easyui/themes/default/validatebox.css HTTP/1.1" 404 1104
117.185.32.26 - - [09/Nov/2020:10:58:39 +0800] "POST /xingrg/kc/buy/cgsh_order_operate.html HTTP/1.1" 200 613
172.17.0.101 - - [09/Nov/2020:10:58:40 +0800] "GET /xingrg/all/function/internal_message.html?_=1604890721449&CODE_STATE=getMsg HTTP/1.1" 200 27
114.88.166.242 - - [09/Nov/2020:10:58:40 +0800] "GET /xingrg/all/function/internal_message.html?_=1604890716186&CODE_STATE=getMsg HTTP/1.1" 200 27
114.84.37.38 - - [09/Nov/2020:10:58:41 +0800] "POST /xingrg/kc/buy/cgsh_order_operate.html HTTP/1.1" 200 37
117.185.32.26 - - [09/Nov/2020:10:58:42 +0800] "GET /xingrg/kc/print/load_data.html?order_code=212020110903581&kc_code=cgsh&condition= HTTP/1.1" 200 760
180.162.245.190 - - [09/Nov/2020:10:58:43 +0800] "GET /xingrg/all/function/internal_message.html?_=1604890725316&CODE_STATE=getMsg HTTP/1.1" 200 27
180.152.243.105 - - [09/Nov/2020:10:58:44 +0800] "GET /xingrg/check_reg.html?_=1604890946709 HTTP/1.1" 200 22
114.84.37.38 - - [09/Nov/2020:10:58:45 +0800] "POST /xingrg/kc/buy/cgsh_order_operate.html HTTP/1.1" 200 5048
117.185.32.26 - - [09/Nov/2020:10:58:46 +0800] "GET /xingrg/all/function/internal_message.html?_=1604890721806&CODE_STATE=getMsg HTTP/1.1" 200 27
58.40.7.146 - - [09/Nov/2020:10:58:46 +0800] "GET /xingrg/all/function/internal_message.html?_=1604890726384&CODE_STATE=getMsg HTTP/1.1" 200 27
58.40.7.146 - - [09/Nov/2020:10:58:46 +0800] "GET /xingrg/check_reg.html?_=1604890726387 HTTP/1.1" 200 22
172.17.0.100 - - [09/Nov/2020:10:58:47 +0800] "GET /xingrg/all/function/internal_message.html?_=1604890762822&CODE_STATE=getMsg HTTP/1.1" 200 27
172.17.0.100 - - [09/Nov/2020:10:58:47 +0800] "GET /xingrg/check_reg.html?_=1604890762814 HTTP/1.1" 200 22
124.77.237.88 - - [09/Nov/2020:10:58:47 +0800] "GET /xingrg/kc/buy/cgsh_order_operate.html?command=get_materiel&rest_code=00107&code=00101009034&supplier_code=00100335&order_time=2020-11-09 HTTP/1.1" 200 428
172.17.200.101 - - [09/Nov/2020:10:58:48 +0800] "GET /xingrg/all/function/internal_message.html?_=1604890730654&CODE_STATE=getMsg HTTP/1.1" 200 27
114.84.37.38 - - [09/Nov/2020:10:58:48 +0800] "GET /xingrg/kc/print/load_data.html?order_code=212020110903582&kc_code=cgsh&condition= HTTP/1.1" 200 1600
180.152.243.105 - - [09/Nov/2020:10:58:48 +0800] "GET /xingrg/kc/base/wldb_order_operate.html?command=get_materiel&rest_code=00102&base_code=0010477&code=00102002851 HTTP/1.1" 200 433
114.88.166.242 - - [09/Nov/2020:10:58:49 +0800] "GET /xingrg/all/function/internal_message.html?_=1604890726679&CODE_STATE=getMsg HTTP/1.1" 200 27
180.162.108.15 - - [09/Nov/2020:10:58:49 +0800] "GET /xingrg HTTP/1.1" 302 -
180.162.108.15 - - [09/Nov/2020:10:58:49 +0800] "GET /xingrg HTTP/1.1" 302 -
180.162.108.15 - - [09/Nov/2020:10:58:49 +0800] "GET /xingrg HTTP/1.1" 302 -
180.162.108.15 - - [09/Nov/2020:10:58:53 +0800] "GET /xingrg/index.html HTTP/1.1" 302 -
180.162.108.15 - - [09/Nov/2020:10:58:53 +0800] "GET /xingrg/index.html HTTP/1.1" 302 -
180.162.108.15 - - [09/Nov/2020:10:58:53 +0800] "GET /favicon.ico HTTP/1.1" 404 -
180.162.108.15 - - [09/Nov/2020:10:58:53 +0800] "GET /favicon.ico HTTP/1.1" 404 -
180.162.108.15 - - [09/Nov/2020:10:58:54 +0800] "GET /xingrg/login.html HTTP/1.1" 200 7641
180.162.108.15 - - [09/Nov/2020:10:58:54 +0800] "GET /xingrg/login.html HTTP/1.1" 200 7641
180.162.108.15 - - [09/Nov/2020:10:58:54 +0800] "GET /favicon.ico HTTP/1.1" 404 -
180.162.108.15 - - [09/Nov/2020:10:58:54 +0800] "GET /favicon.ico HTTP/1.1" 404 -
180.162.108.15 - - [09/Nov/2020:10:58:55 +0800] "GET /favicon.ico HTTP/1.1" 404 -
180.162.108.15 - - [09/Nov/2020:10:58:55 +0800] "GET /xingrg/index.html HTTP/1.1" 302 -
180.162.108.15 - - [09/Nov/2020:10:58:55 +0800] "GET /xingrg/login.html HTTP/1.1" 200 7641
117.185.32.26 - - [09/Nov/2020:10:58:56 +0800] "GET /xingrg/kc/buy/cgsh_order_add.html HTTP/1.1" 200 60613
117.185.32.26 - - [09/Nov/2020:10:58:57 +0800] "POST /xingrg/kc/buy/cgsh_order_operate.html HTTP/1.1" 200 8245
180.162.108.15 - - [09/Nov/2020:10:58:57 +0800] "GET /favicon.ico HTTP/1.1" 404 -
117.185.32.26 - - [09/Nov/2020:10:58:57 +0800] "GET /xingrg/javascript/easyui/themes/default/validatebox.css HTTP/1.1" 404 1104
58.37.37.111 - - [09/Nov/2020:10:58:57 +0800] "GET /xingrg/all/function/internal_message.html?_=1604890737291&CODE_STATE=getMsg HTTP/1.1" 200 27
180.162.245.190 - - [09/Nov/2020:10:58:57 +0800] "GET /xingrg/all/function/internal_message.html?_=1604890719410&CODE_STATE=getMsg HTTP/1.1" 200 27
117.185.32.26 - - [09/Nov/2020:10:58:58 +0800] "GET /xingrg/javascript/easyui/themes/default/tree.css HTTP/1.1" 404 1090
117.185.32.26 - - [09/Nov/2020:10:58:58 +0800] "POST /xingrg/all/common/load_tree.html?tree=supplier_tree_json&isDelete=1 HTTP/1.1" 200 51727
180.157.253.48 - - [09/Nov/2020:10:58:59 +0800] "GET /xingrg/all/function/internal_message.html?_=1604890740565&CODE_STATE=getMsg HTTP/1.1" 200 27
180.152.243.105 - - [09/Nov/2020:10:59:02 +0800] "GET /xingrg/kc/base/wldb_order_operate.html?command=get_materiel&rest_code=00102&base_code=0010477&code=00102002197 HTTP/1.1" 200 445
120.253.135.82 - - [09/Nov/2020:10:59:05 +0800] "GET /xingrg/all/function/internal_message.html?_=1604890492476&CODE_STATE=getMsg HTTP/1.1" 200 27
180.162.108.15 - - [09/Nov/2020:10:59:11 +0800] "GET /xingrg HTTP/1.1" 302 -
180.162.108.15 - - [09/Nov/2020:10:59:12 +0800] "GET /favicon.ico HTTP/1.1" 404 -
180.162.108.15 - - [09/Nov/2020:10:59:12 +0800] "GET /xingrg/index.html HTTP/1.1" 302 -
180.162.108.15 - - [09/Nov/2020:10:59:12 +0800] "GET /xingrg/login.html HTTP/1.1" 200 7641
180.162.108.15 - - [09/Nov/2020:10:59:12 +0800] "GET /favicon.ico HTTP/1.1" 404 -
124.77.237.88 - - [09/Nov/2020:10:59:12 +0800] "GET /xingrg/all/function/internal_message.html?_=1604890751089&CODE_STATE=getMsg HTTP/1.1" 200 27
116.232.54.201 - - [09/Nov/2020:10:59:14 +0800] "GET /xingrg/all/function/internal_message.html?_=1604890789171&CODE_STATE=getMsg HTTP/1.1" 200 27
114.84.145.85 - - [09/Nov/2020:10:59:16 +0800] "GET /xingrg/kc/buy/cgsh_order_add.html HTTP/1.1" 200 60619
114.84.145.85 - - [09/Nov/2020:10:59:16 +0800] "POST /xingrg/kc/buy/cgsh_order_operate.html HTTP/1.1" 200 8245
114.84.145.85 - - [09/Nov/2020:10:59:16 +0800] "GET /xingrg/javascript/easyui/themes/default/validatebox.css HTTP/1.1" 404 1104
117.185.32.26 - - [09/Nov/2020:10:59:17 +0800] "GET /xingrg/kc/buy/cgsh_order_operate.html?command=get_materiel&rest_code=00106&code=00101003006&supplier_code=00100092&order_time=2020-11-09 HTTP/1.1" 200 410
180.152.243.105 - - [09/Nov/2020:10:59:17 +0800] "GET /xingrg/all/function/internal_message.html?_=1604890979646&CODE_STATE=getMsg HTTP/1.1" 200 27
180.174.56.115 - - [09/Nov/2020:10:59:20 +0800] "GET /xingrg/all/function/internal_message.html?_=1604890717609&CODE_STATE=getMsg HTTP/1.1" 200 27
180.174.56.115 - - [09/Nov/2020:10:59:22 +0800] "GET /xingrg/all/function/internal_message.html?_=1604890761284&CODE_STATE=getMsg HTTP/1.1" 200 27
114.84.145.85 - - [09/Nov/2020:10:59:23 +0800] "GET /xingrg/all/function/internal_message.html?_=1604890353174&CODE_STATE=getMsg HTTP/1.1" 200 27
114.84.145.85 - - [09/Nov/2020:10:59:23 +0800] "GET /xingrg/check_reg.html?_=1604890353176 HTTP/1.1" 200 22
117.184.7.26 - - [09/Nov/2020:10:59:25 +0800] "GET /xingrg/all/function/internal_message.html?_=1604891749083&CODE_STATE=getMsg HTTP/1.1" 200 27
124.77.237.88 - - [09/Nov/2020:10:59:25 +0800] "POST /xingrg/kc/buy/cgsh_order_operate.html HTTP/1.1" 200 37
124.77.237.88 - - [09/Nov/2020:10:59:28 +0800] "POST /xingrg/kc/buy/cgsh_order_operate.html HTTP/1.1" 200 2668
114.88.166.242 - - [09/Nov/2020:10:59:28 +0800] "GET /xingrg/all/function/internal_message.html?_=1604890872478&CODE_STATE=getMsg HTTP/1.1" 200 27
114.84.37.38 - - [09/Nov/2020:10:59:28 +0800] "GET /xingrg/all/function/internal_message.html?_=1604890774284&CODE_STATE=getMsg HTTP/1.1" 200 27
117.184.7.26 - - [09/Nov/2020:10:59:29 +0800] "GET /xingrg/all/function/internal_message.html?_=1604890767413&CODE_STATE=getMsg HTTP/1.1" 200 27
114.84.145.85 - - [09/Nov/2020:10:59:30 +0800] "GET /xingrg/kc/buy/cgsh_order_operate.html?command=get_materiel&rest_code=00141&code=00101008251&supplier_code=00100007&order_time=2020-11-09 HTTP/1.1" 200 408
124.77.237.88 - - [09/Nov/2020:10:59:30 +0800] "GET /xingrg/kc/print/load_data.html?order_code=212020110903583&kc_code=cgsh&condition= HTTP/1.1" 200 679
180.152.243.105 - - [09/Nov/2020:10:59:31 +0800] "POST /xingrg/kc/base/wldb_order_operate.html HTTP/1.1" 200 37
180.152.243.105 - - [09/Nov/2020:10:59:31 +0800] "POST /xingrg/kc/base/wldb_order_operate.html HTTP/1.1" 200 3174
180.152.243.105 - - [09/Nov/2020:10:59:32 +0800] "GET /xingrg/kc/base/wldb_order_info.html?code=422020110900950 HTTP/1.1" 200 30597
180.152.243.105 - - [09/Nov/2020:10:59:34 +0800] "POST /xingrg/kc/base/wldb_order_operate.html HTTP/1.1" 200 3174
180.152.243.105 - - [09/Nov/2020:10:59:34 +0800] "GET /xingrg/javascript/easyui/themes/default/validatebox.css HTTP/1.1" 404 1104
117.185.32.26 - - [09/Nov/2020:10:59:35 +0800] "GET /xingrg/all/function/internal_message.html?_=1604891196627&CODE_STATE=getMsg HTTP/1.1" 200 27
124.77.237.88 - - [09/Nov/2020:10:59:35 +0800] "GET /xingrg/kc/buy/cgsh_order_add.html HTTP/1.1" 200 60701
117.185.32.26 - - [09/Nov/2020:10:59:36 +0800] "POST /xingrg/kc/buy/cgsh_order_operate.html HTTP/1.1" 200 37
124.77.237.88 - - [09/Nov/2020:10:59:36 +0800] "GET /xingrg/javascript/easyui/themes/default/validatebox.css HTTP/1.1" 404 1104
124.77.237.88 - - [09/Nov/2020:10:59:36 +0800] "POST /xingrg/kc/buy/cgsh_order_operate.html HTTP/1.1" 200 8245
117.185.32.26 - - [09/Nov/2020:10:59:38 +0800] "POST /xingrg/kc/buy/cgsh_order_operate.html HTTP/1.1" 200 12
180.152.243.105 - - [09/Nov/2020:10:59:39 +0800] "GET /xingrg/kc/mdqp/pssh_order_list.html HTTP/1.1" 200 17976
180.152.243.105 - - [09/Nov/2020:10:59:39 +0800] "POST /xingrg/kc/mdqp/pssh_list_operate.html HTTP/1.1" 200 5364
117.185.32.26 - - [09/Nov/2020:10:59:40 +0800] "GET /xingrg/kc/buy/cgsh_order_info.html?code=212020110903584 HTTP/1.1" 200 55518
117.185.32.26 - - [09/Nov/2020:10:59:40 +0800] "GET /xingrg/javascript/easyui/themes/default/validatebox.css HTTP/1.1" 404 1104
172.17.0.101 - - [09/Nov/2020:10:59:40 +0800] "GET /xingrg/all/function/internal_message.html?_=1604890781452&CODE_STATE=getMsg HTTP/1.1" 200 27
114.88.166.242 - - [09/Nov/2020:10:59:40 +0800] "GET /xingrg/check_reg.html?_=1604890776173 HTTP/1.1" 200 22
114.88.166.242 - - [09/Nov/2020:10:59:40 +0800] "GET /xingrg/all/function/internal_message.html?_=1604890776176&CODE_STATE=getMsg HTTP/1.1" 200 27
117.185.32.26 - - [09/Nov/2020:10:59:41 +0800] "POST /xingrg/kc/buy/cgsh_order_operate.html HTTP/1.1" 200 610
124.77.237.88 - - [09/Nov/2020:10:59:42 +0800] "GET /xingrg/javascript/easyui/themes/default/tree.css HTTP/1.1" 404 1090
124.77.237.88 - - [09/Nov/2020:10:59:42 +0800] "POST /xingrg/all/common/load_tree.html?tree=supplier_tree_json&isDelete=1 HTTP/1.1" 200 51727
117.185.32.26 - - [09/Nov/2020:10:59:43 +0800] "GET /xingrg/kc/print/load_data.html?order_code=212020110903584&kc_code=cgsh&condition= HTTP/1.1" 200 757
180.162.245.190 - - [09/Nov/2020:10:59:43 +0800] "GET /xingrg/all/function/internal_message.html?_=1604890785316&CODE_STATE=getMsg HTTP/1.1" 200 27
180.174.56.115 - - [09/Nov/2020:10:59:44 +0800] "POST /xingrg/services/DataTransmitService HTTP/1.1" 200 524
180.174.56.115 - - [09/Nov/2020:10:59:44 +0800] "POST /xingrg/services/DataTransmitService HTTP/1.1" 200 1859
180.174.56.115 - - [09/Nov/2020:10:59:45 +0800] "POST /xingrg/services/DataTransmitService HTTP/1.1" 200 93663
117.185.32.26 - - [09/Nov/2020:10:59:45 +0800] "GET /xingrg/check_reg.html?_=1604890781340 HTTP/1.1" 200 22
117.185.32.26 - - [09/Nov/2020:10:59:46 +0800] "GET /xingrg/all/function/internal_message.html?_=1604890781774&CODE_STATE=getMsg HTTP/1.1" 200 27
58.40.7.146 - - [09/Nov/2020:10:59:46 +0800] "GET /xingrg/all/function/internal_message.html?_=1604890786390&CODE_STATE=getMsg HTTP/1.1" 200 27
172.17.0.100 - - [09/Nov/2020:10:59:47 +0800] "GET /xingrg/all/function/internal_message.html?_=1604890822822&CODE_STATE=getMsg HTTP/1.1" 200 27
180.152.243.105 - - [09/Nov/2020:10:59:48 +0800] "POST /xingrg/kc/mdqp/pssh_list_operate.html HTTP/1.1" 200 5364
172.17.200.101 - - [09/Nov/2020:10:59:48 +0800] "GET /xingrg/check_reg.html?_=1604890790656 HTTP/1.1" 200 22
172.17.200.101 - - [09/Nov/2020:10:59:48 +0800] "GET /xingrg/all/function/internal_message.html?_=1604890790660&CODE_STATE=getMsg HTTP/1.1" 200 27
114.84.145.85 - - [09/Nov/2020:10:59:48 +0800] "GET /xingrg/kc/buy/cgsh_order_operate.html?command=get_materiel&rest_code=00141&code=00101008295&supplier_code=00100007&order_time=2020-11-09 HTTP/1.1" 200 412
114.88.166.242 - - [09/Nov/2020:10:59:49 +0800] "GET /xingrg/all/function/internal_message.html?_=1604890786687&CODE_STATE=getMsg HTTP/1.1" 200 27
180.152.243.105 - - [09/Nov/2020:10:59:50 +0800] "POST /xingrg/kc/mdqp/pssh_list_operate.html HTTP/1.1" 200 5601
180.162.108.15 - - [09/Nov/2020:10:59:51 +0800] "POST /xingrg/login.do HTTP/1.1" 302 -
180.162.108.15 - - [09/Nov/2020:10:59:51 +0800] "GET /xingrg/index.html?sysBaseUrl=http%3A%2F%2F180.169.147.146%3A18081%2Fxingrg%2F&costTime=46×tamp=1604890791644 HTTP/1.1" 200 17179
180.162.108.15 - - [09/Nov/2020:10:59:51 +0800] "GET /favicon.ico HTTP/1.1" 404 -
180.162.108.15 - - [09/Nov/2020:10:59:52 +0800] "POST /xingrg/all/common/load_tree.html?tree=area_rest_tree_json&manage=1 HTTP/1.1" 200 351
180.162.108.15 - - [09/Nov/2020:10:59:52 +0800] "GET /xingrg/all/function/internal_message.html?_=1604890735694&CODE_STATE=count HTTP/1.1" 200 11
180.162.108.15 - - [09/Nov/2020:10:59:52 +0800] "GET /xingrg/check_reg.html?_=1604890735695 HTTP/1.1" 200 22
180.162.108.15 - - [09/Nov/2020:10:59:52 +0800] "POST /xingrg/load_menu.html HTTP/1.1" 200 5138
117.185.32.26 - - [09/Nov/2020:10:59:53 +0800] "GET /xingrg/kc/buy/cgsh_order_add.html HTTP/1.1" 200 60613
117.185.32.26 - - [09/Nov/2020:10:59:53 +0800] "POST /xingrg/kc/buy/cgsh_order_operate.html HTTP/1.1" 200 8245
117.185.32.26 - - [09/Nov/2020:10:59:53 +0800] "GET /xingrg/javascript/easyui/themes/default/validatebox.css HTTP/1.1" 404 1104
180.152.243.105 - - [09/Nov/2020:10:59:54 +0800] "POST /xingrg/kc/mdqp/pssh_list_operate.html HTTP/1.1" 200 764
117.185.32.26 - - [09/Nov/2020:10:59:55 +0800] "GET /xingrg/javascript/easyui/themes/default/tree.css HTTP/1.1" 404 1090
117.185.32.26 - - [09/Nov/2020:10:59:55 +0800] "POST /xingrg/all/common/load_tree.html?tree=supplier_tree_json&isDelete=1 HTTP/1.1" 200 51727
114.84.145.85 - - [09/Nov/2020:10:59:55 +0800] "GET /xingrg/kc/buy/cgsh_order_operate.html?command=get_materiel&rest_code=00141&code=00101008098&supplier_code=00100007&order_time=2020-11-09 HTTP/1.1" 200 412
58.37.37.111 - - [09/Nov/2020:10:59:57 +0800] "GET /xingrg/check_reg.html?_=1604890797288 HTTP/1.1" 200 22
58.37.37.111 - - [09/Nov/2020:10:59:57 +0800] "GET /xingrg/all/function/internal_message.html?_=1604890797289&CODE_STATE=getMsg HTTP/1.1" 200 27
180.162.245.190 - - [09/Nov/2020:10:59:57 +0800] "GET /xingrg/all/function/internal_message.html?_=1604890779410&CODE_STATE=getMsg HTTP/1.1" 200 27
180.152.243.105 - - [09/Nov/2020:10:59:59 +0800] "GET /xingrg/kc/mdqp/pssh_order_info.html?code=312020102000506 HTTP/1.1" 200 14386
180.152.243.105 - - [09/Nov/2020:10:59:59 +0800] "GET /xingrg/javascript/jquery_tools/jquery-1.4.2.min.js HTTP/1.1" 404 1094
58.37.37.111 - - [09/Nov/2020:10:59:59 +0800] "GET /xingrg/kc/report/report_main.html HTTP/1.1" 200 7345
58.37.37.111 - - [09/Nov/2020:10:59:59 +0800] "GET /xingrg/javascript/json2.js HTTP/1.1" 200 11259
180.152.243.105 - - [09/Nov/2020:10:59:59 +0800] "GET /xingrg/javascript/easyui/themes/icons/uncheck_new.png HTTP/1.1" 304 -
180.152.243.105 - - [09/Nov/2020:10:59:59 +0800] "GET /xingrg/javascript/easyui/themes/icons/back_new.png HTTP/1.1" 304 -
180.152.243.105 - - [09/Nov/2020:10:59:59 +0800] "POST /xingrg/kc/mdqp/pssh_order_operate.html HTTP/1.1" 200 5241
180.152.243.105 - - [09/Nov/2020:10:59:59 +0800] "GET /xingrg/javascript/easyui/themes/default/validatebox.css HTTP/1.1" 404 1104
180.157.253.48 - - [09/Nov/2020:10:59:59 +0800] "GET /xingrg/all/function/internal_message.html?_=1604890800552&CODE_STATE=getMsg HTTP/1.1" 200 27
120.253.135.82 - - [09/Nov/2020:11:00:05 +0800] "GET /xingrg/all/function/internal_message.html?_=1604890552477&CODE_STATE=getMsg HTTP/1.1" 200 27
180.152.243.105 - - [09/Nov/2020:11:00:08 +0800] "POST /xingrg/kc/mdqp/pssh_list_operate.html HTTP/1.1" 200 5606
114.84.145.85 - - [09/Nov/2020:11:00:08 +0800] "GET /xingrg/kc/buy/cgsh_order_operate.html?command=get_materiel&rest_code=00141&code=00101008242&supplier_code=00100007&order_time=2020-11-09 HTTP/1.1" 200 408
116.232.54.201 - - [09/Nov/2020:11:00:11 +0800] "GET /xingrg/all/function/internal_message.html?_=1604890849171&CODE_STATE=getMsg HTTP/1.1" 200 27
124.77.237.88 - - [09/Nov/2020:11:00:12 +0800] "GET /xingrg/all/function/internal_message.html?_=1604890811066&CODE_STATE=getMsg HTTP/1.1" 200 27
180.152.243.105 - - [09/Nov/2020:11:00:12 +0800] "POST /xingrg/kc/mdqp/pssh_list_operate.html HTTP/1.1" 200 768
124.77.237.88 - - [09/Nov/2020:11:00:13 +0800] "GET /xingrg/kc/buy/cgsh_order_operate.html?command=get_materiel&rest_code=00107&code=00101006159&supplier_code=00100344&order_time=2020-11-09 HTTP/1.1" 200 417
114.84.145.85 - - [09/Nov/2020:11:00:14 +0800] "GET /xingrg/kc/buy/cgsh_order_operate.html?command=get_materiel&rest_code=00141&code=00101008304&supplier_code=00100007&order_time=2020-11-09 HTTP/1.1" 200 412
180.152.243.105 - - [09/Nov/2020:11:00:15 +0800] "GET /xingrg/kc/mdqp/pssh_order_info.html?code=312020102500646 HTTP/1.1" 200 14386
180.152.243.105 - - [09/Nov/2020:11:00:15 +0800] "GET /xingrg/javascript/jquery_tools/jquery-1.4.2.min.js HTTP/1.1" 404 1094
180.152.243.105 - - [09/Nov/2020:11:00:15 +0800] "POST /xingrg/kc/mdqp/pssh_order_operate.html HTTP/1.1" 200 4210
58.37.37.111 - - [09/Nov/2020:11:00:15 +0800] "POST /xingrg/all/user/operate.html HTTP/1.1" 200 36
58.37.37.111 - - [09/Nov/2020:11:00:15 +0800] "GET /xingrg/index.html?sysBaseUrl=http%3A%2F%2F180.169.147.146%3A18081%2Fxingrg%2F&costTime=42×tamp=1604890479403 HTTP/1.1" 200 17509
58.37.37.111 - - [09/Nov/2020:11:00:15 +0800] "GET /xingrg/javascript/jquery_easy_ui/themes/default/easyui.css HTTP/1.1" 304 -
58.37.37.111 - - [09/Nov/2020:11:00:15 +0800] "GET /xingrg/javascript/jquery_easy_ui/themes/icon.css HTTP/1.1" 304 -
58.37.37.111 - - [09/Nov/2020:11:00:15 +0800] "GET /xingrg/css/form.css HTTP/1.1" 304 -
58.37.37.111 - - [09/Nov/2020:11:00:15 +0800] "GET /xingrg/javascript/jquery-1.4.2.min.js HTTP/1.1" 304 -
58.37.37.111 - - [09/Nov/2020:11:00:15 +0800] "GET /xingrg/javascript/jquery_easy_ui/jquery.easyui.min.js HTTP/1.1" 304 -
180.152.243.105 - - [09/Nov/2020:11:00:15 +0800] "GET /xingrg/javascript/easyui/themes/default/validatebox.css HTTP/1.1" 404 1104
58.37.37.111 - - [09/Nov/2020:11:00:15 +0800] "GET /xingrg/javascript/jquery_easy_ui/easyui-lang-zh_CN.js HTTP/1.1" 304 -
58.37.37.111 - - [09/Nov/2020:11:00:15 +0800] "GET /xingrg/javascript/jquery.form.js HTTP/1.1" 304 -
58.37.37.111 - - [09/Nov/2020:11:00:15 +0800] "GET /xingrg/javascript/jquery.utils.js HTTP/1.1" 304 -
58.37.37.111 - - [09/Nov/2020:11:00:15 +0800] "GET /xingrg/javascript/jquery.timers.js HTTP/1.1" 304 -
58.37.37.111 - - [09/Nov/2020:11:00:15 +0800] "GET /xingrg/images/blue/jxLogo.png HTTP/1.1" 304 -
58.37.37.111 - - [09/Nov/2020:11:00:15 +0800] "GET /xingrg/javascript/jquery_easy_ui/themes/icons/settle_new.png HTTP/1.1" 304 -
58.37.37.111 - - [09/Nov/2020:11:00:15 +0800] "GET /xingrg/images/blue/navBackgound.jpg HTTP/1.1" 304 -
58.37.37.111 - - [09/Nov/2020:11:00:15 +0800] "POST /xingrg/all/common/load_tree.html?tree=area_rest_tree_json&manage=1 HTTP/1.1" 200 3350
58.37.37.111 - - [09/Nov/2020:11:00:15 +0800] "GET /xingrg/all/function/internal_message.html?_=1604890815977&CODE_STATE=count HTTP/1.1" 200 11
58.37.37.111 - - [09/Nov/2020:11:00:15 +0800] "GET /xingrg/check_reg.html?_=1604890815978 HTTP/1.1" 200 22
58.37.37.111 - - [09/Nov/2020:11:00:15 +0800] "GET /xingrg/javascript/jquery_easy_ui/themes/default/images/panel_tool_expand.gif HTTP/1.1" 304 -
58.37.37.111 - - [09/Nov/2020:11:00:15 +0800] "GET /xingrg/javascript/jquery_easy_ui/themes/default/images/panel_tool_collapse.gif HTTP/1.1" 304 -
58.37.37.111 - - [09/Nov/2020:11:00:15 +0800] "GET /xingrg/javascript/jquery_easy_ui/themes/default/images/tabs_leftarrow.png HTTP/1.1" 304 -
58.37.37.111 - - [09/Nov/2020:11:00:15 +0800] "GET /xingrg/javascript/jquery_easy_ui/themes/default/images/tabs_rightarrow.png HTTP/1.1" 304 -
58.37.37.111 - - [09/Nov/2020:11:00:15 +0800] "GET /xingrg/images/blue/pingpu.png HTTP/1.1" 304 -
58.37.37.111 - - [09/Nov/2020:11:00:16 +0800] "POST /xingrg/load_menu.html HTTP/1.1" 200 9959
180.152.243.105 - - [09/Nov/2020:11:00:17 +0800] "GET /xingrg/all/function/internal_message.html?_=1604891039725&CODE_STATE=getMsg HTTP/1.1" 200 27
117.185.32.26 - - [09/Nov/2020:11:00:19 +0800] "GET /xingrg/kc/buy/cgsh_order_operate.html?command=get_materiel&rest_code=00106&code=00101004011&supplier_code=00100088&order_time=2020-11-09 HTTP/1.1" 200 433
180.174.56.115 - - [09/Nov/2020:11:00:20 +0800] "GET /xingrg/all/function/internal_message.html?_=1604890777622&CODE_STATE=getMsg HTTP/1.1" 200 27
180.174.56.115 - - [09/Nov/2020:11:00:22 +0800] "GET /xingrg/all/function/internal_message.html?_=1604890821272&CODE_STATE=getMsg HTTP/1.1" 200 27
180.152.243.105 - - [09/Nov/2020:11:00:23 +0800] "POST /xingrg/kc/mdqp/pssh_list_operate.html HTTP/1.1" 200 5606
114.84.145.85 - - [09/Nov/2020:11:00:23 +0800] "GET /xingrg/all/function/internal_message.html?_=1604890413175&CODE_STATE=getMsg HTTP/1.1" 200 27
58.37.37.111 - - [09/Nov/2020:11:00:24 +0800] "GET /xingrg/kc/report/report_main.html HTTP/1.1" 200 7345
117.184.7.26 - - [09/Nov/2020:11:00:25 +0800] "GET /xingrg/check_reg.html?_=1604891809067 HTTP/1.1" 200 22
117.184.7.26 - - [09/Nov/2020:11:00:25 +0800] "GET /xingrg/all/function/internal_message.html?_=1604891809068&CODE_STATE=getMsg HTTP/1.1" 200 27
114.84.145.85 - - [09/Nov/2020:11:00:25 +0800] "GET /xingrg/kc/buy/cgsh_order_operate.html?command=get_materiel&rest_code=00141&code=00101008092&supplier_code=00100007&order_time=2020-11-09 HTTP/1.1" 200 412
180.152.243.105 - - [09/Nov/2020:11:00:25 +0800] "POST /xingrg/services/DataTransmitService HTTP/1.1" 200 524
180.152.243.105 - - [09/Nov/2020:11:00:27 +0800] "POST /xingrg/kc/mdqp/pssh_list_operate.html HTTP/1.1" 200 259
58.37.37.111 - - [09/Nov/2020:11:00:28 +0800] "GET /xingrg/kc/base/kc_stocks.html HTTP/1.1" 200 16392
58.37.37.111 - - [09/Nov/2020:11:00:28 +0800] "GET /xingrg/css/base.css HTTP/1.1" 200 2811
58.37.37.111 - - [09/Nov/2020:11:00:28 +0800] "GET /xingrg/css/site.css HTTP/1.1" 200 7541
58.37.37.111 - - [09/Nov/2020:11:00:28 +0800] "GET /xingrg/javascript/auto/jquery.autocomplete.css HTTP/1.1" 200 587
58.37.37.111 - - [09/Nov/2020:11:00:28 +0800] "GET /xingrg/javascript/easyui/themes/icon.css HTTP/1.1" 200 4483
58.37.37.111 - - [09/Nov/2020:11:00:28 +0800] "GET /xingrg/javascript/jquery_tools/datebox.css HTTP/1.1" 200 2597
58.37.37.111 - - [09/Nov/2020:11:00:28 +0800] "GET /xingrg/javascript/jquery_tools/jquery.tools.hotkey.js HTTP/1.1" 200 3242
58.37.37.111 - - [09/Nov/2020:11:00:28 +0800] "GET /xingrg/javascript/jquery_tools/jquery.tools.extend.js HTTP/1.1" 200 15385
58.37.37.111 - - [09/Nov/2020:11:00:28 +0800] "GET /xingrg/javascript/jquery_tools/jquery.tools.min.js HTTP/1.1" 200 138801
58.37.37.111 - - [09/Nov/2020:11:00:28 +0800] "GET /xingrg/javascript/jquery_tools/list_manager.js HTTP/1.1" 200 3652
58.37.37.111 - - [09/Nov/2020:11:00:28 +0800] "GET /xingrg/javascript/auto/jquery.autocomplete.js HTTP/1.1" 200 21624
58.37.37.111 - - [09/Nov/2020:11:00:28 +0800] "GET /xingrg/javascript/easyui/easyloader.js HTTP/1.1" 200 5975
58.37.37.111 - - [09/Nov/2020:11:00:28 +0800] "GET /xingrg/javascript/jquery.cookie.js HTTP/1.1" 200 5513
58.37.37.111 - - [09/Nov/2020:11:00:28 +0800] "GET /xingrg/javascript/jquery_tools/fix.css HTTP/1.1" 200 1702
58.37.37.111 - - [09/Nov/2020:11:00:28 +0800] "GET /xingrg/javascript/easyui/themes/sunny/easyui.css HTTP/1.1" 200 34304
58.37.37.111 - - [09/Nov/2020:11:00:28 +0800] "GET /xingrg/javascript/print/LodopFuncs.js HTTP/1.1" 200 5121
114.88.166.242 - - [09/Nov/2020:11:00:28 +0800] "GET /xingrg/all/function/internal_message.html?_=1604890932473&CODE_STATE=getMsg HTTP/1.1" 200 27
114.84.37.38 - - [09/Nov/2020:11:00:28 +0800] "GET /xingrg/all/function/internal_message.html?_=1604890834291&CODE_STATE=getMsg HTTP/1.1" 200 27
124.77.237.88 - - [09/Nov/2020:11:00:28 +0800] "GET /xingrg/kc/buy/cgsh_order_operate.html?command=get_materiel&rest_code=00107&code=00101006160&supplier_code=00100344&order_time=2020-11-09 HTTP/1.1" 200 415
58.37.37.111 - - [09/Nov/2020:11:00:29 +0800] "GET /xingrg/javascript/easyui/themes/icons/import_new.png HTTP/1.1" 200 1247
58.37.37.111 - - [09/Nov/2020:11:00:29 +0800] "GET /xingrg/javascript/easyui/themes/icons/refresh_new.png HTTP/1.1" 200 685
58.37.37.111 - - [09/Nov/2020:11:00:29 +0800] "GET /xingrg/javascript/easyui/themes/icons/print_new.png HTTP/1.1" 200 3580
58.37.37.111 - - [09/Nov/2020:11:00:29 +0800] "GET /xingrg/javascript/easyui/themes/icons/filter_new.png HTTP/1.1" 200 795
58.37.37.111 - - [09/Nov/2020:11:00:29 +0800] "GET /xingrg/javascript/easyui/themes/icons/field_new.png HTTP/1.1" 200 1097
58.37.37.111 - - [09/Nov/2020:11:00:29 +0800] "GET /xingrg/javascript/easyui/plugins/jquery.parser.js HTTP/1.1" 200 1142
58.37.37.111 - - [09/Nov/2020:11:00:29 +0800] "GET /xingrg/javascript/easyui/plugins/jquery.draggable.js HTTP/1.1" 200 6121
117.184.7.26 - - [09/Nov/2020:11:00:29 +0800] "GET /xingrg/all/function/internal_message.html?_=1604890827396&CODE_STATE=getMsg HTTP/1.1" 200 27
58.37.37.111 - - [09/Nov/2020:11:00:29 +0800] "GET /xingrg/javascript/easyui/plugins/jquery.droppable.js HTTP/1.1" 200 1167
58.37.37.111 - - [09/Nov/2020:11:00:29 +0800] "GET /xingrg/javascript/easyui/themes/default/tree.css HTTP/1.1" 404 1090
58.37.37.111 - - [09/Nov/2020:11:00:29 +0800] "GET /xingrg/javascript/easyui/plugins/jquery.tree.js HTTP/1.1" 200 20874
58.37.37.111 - - [09/Nov/2020:11:00:29 +0800] "GET /xingrg/all/common/auto_word.html?type=base&rest_code=00148 HTTP/1.1" 200 1753
58.37.37.111 - - [09/Nov/2020:11:00:29 +0800] "POST /xingrg/all/common/load_tree.html?tree=materiel_sort_tree_json HTTP/1.1" 200 8666
58.37.37.111 - - [09/Nov/2020:11:00:29 +0800] "GET /xingrg/javascript/easyui/themes/sunny/images/tree_file.gif HTTP/1.1" 200 118
58.37.37.111 - - [09/Nov/2020:11:00:29 +0800] "GET /xingrg/javascript/easyui/themes/sunny/images/tree_folder.gif HTTP/1.1" 200 952
58.37.37.111 - - [09/Nov/2020:11:00:29 +0800] "GET /xingrg/javascript/easyui/themes/sunny/images/tree_arrows.gif HTTP/1.1" 200 617
58.37.37.111 - - [09/Nov/2020:11:00:29 +0800] "GET /xingrg/javascript/easyui/themes/sunny/images/tree_folder_open.gif HTTP/1.1" 200 956
180.152.243.105 - - [09/Nov/2020:11:00:30 +0800] "POST /xingrg/kc/mdqp/pssh_list_operate.html HTTP/1.1" 200 5601
117.185.32.26 - - [09/Nov/2020:11:00:32 +0800] "POST /xingrg/kc/buy/cgsh_order_operate.html HTTP/1.1" 200 37
180.157.253.48 - - [09/Nov/2020:11:00:32 +0800] "GET /xingrg/kc/buy/cgsh_order_operate.html?command=get_materiel&rest_code=00148&code=00101009062&supplier_code=00100007&order_time=2020-11-09 HTTP/1.1" 200 412
180.152.243.105 - - [09/Nov/2020:11:00:34 +0800] "POST /xingrg/kc/mdqp/pssh_list_operate.html HTTP/1.1" 200 562
117.185.32.26 - - [09/Nov/2020:11:00:34 +0800] "POST /xingrg/kc/buy/cgsh_order_operate.html HTTP/1.1" 200 12
117.185.32.26 - - [09/Nov/2020:11:00:35 +0800] "GET /xingrg/all/function/internal_message.html?_=1604891256630&CODE_STATE=getMsg HTTP/1.1" 200 27
117.185.32.26 - - [09/Nov/2020:11:00:35 +0800] "GET /xingrg/check_reg.html?_=1604891256628 HTTP/1.1" 200 22
180.152.243.105 - - [09/Nov/2020:11:00:36 +0800] "GET /xingrg/kc/mdqp/pssh_order_info.html?code=312020102100529 HTTP/1.1" 200 14386
180.152.243.105 - - [09/Nov/2020:11:00:36 +0800] "GET /xingrg/javascript/jquery_tools/jquery-1.4.2.min.js HTTP/1.1" 404 1094
124.77.237.88 - - [09/Nov/2020:11:00:36 +0800] "POST /xingrg/kc/buy/cgsh_order_operate.html HTTP/1.1" 200 37
180.152.243.105 - - [09/Nov/2020:11:00:37 +0800] "POST /xingrg/kc/mdqp/pssh_order_operate.html HTTP/1.1" 200 2103
117.185.32.26 - - [09/Nov/2020:11:00:37 +0800] "GET /xingrg/kc/buy/cgsh_order_info.html?code=212020110903585 HTTP/1.1" 200 55518
180.152.243.105 - - [09/Nov/2020:11:00:37 +0800] "GET /xingrg/javascript/easyui/themes/default/validatebox.css HTTP/1.1" 404 1104
117.185.32.26 - - [09/Nov/2020:11:00:37 +0800] "GET /xingrg/javascript/easyui/themes/default/validatebox.css HTTP/1.1" 404 1104
117.185.32.26 - - [09/Nov/2020:11:00:37 +0800] "POST /xingrg/kc/buy/cgsh_order_operate.html HTTP/1.1" 200 611
124.77.237.88 - - [09/Nov/2020:11:00:38 +0800] "POST /xingrg/kc/buy/cgsh_order_operate.html HTTP/1.1" 200 3253
124.77.237.88 - - [09/Nov/2020:11:00:39 +0800] "GET /xingrg/kc/print/load_data.html?order_code=212020110903586&kc_code=cgsh&condition= HTTP/1.1" 200 908
180.152.243.105 - - [09/Nov/2020:11:00:40 +0800] "POST /xingrg/kc/mdqp/pssh_list_operate.html HTTP/1.1" 200 5601
172.17.0.101 - - [09/Nov/2020:11:00:40 +0800] "GET /xingrg/check_reg.html?_=1604890841445 HTTP/1.1" 200 22
172.17.0.101 - - [09/Nov/2020:11:00:40 +0800] "GET /xingrg/all/function/internal_message.html?_=1604890841448&CODE_STATE=getMsg HTTP/1.1" 200 27
114.88.166.242 - - [09/Nov/2020:11:00:40 +0800] "GET /xingrg/all/function/internal_message.html?_=1604890836202&CODE_STATE=getMsg HTTP/1.1" 200 27
117.185.32.26 - - [09/Nov/2020:11:00:41 +0800] "GET /xingrg/kc/print/load_data.html?order_code=212020110903585&kc_code=cgsh&condition= HTTP/1.1" 200 771
180.152.243.105 - - [09/Nov/2020:11:00:42 +0800] "POST /xingrg/kc/mdqp/pssh_list_operate.html HTTP/1.1" 200 764
180.152.243.105 - - [09/Nov/2020:11:00:42 +0800] "GET /xingrg/kc/mdqp/pssh_order_info.html?code=312020102000506 HTTP/1.1" 200 14386
180.152.243.105 - - [09/Nov/2020:11:00:42 +0800] "GET /xingrg/javascript/jquery_tools/jquery-1.4.2.min.js HTTP/1.1" 404 1094
180.152.243.105 - - [09/Nov/2020:11:00:42 +0800] "POST /xingrg/kc/mdqp/pssh_order_operate.html HTTP/1.1" 200 5241
180.152.243.105 - - [09/Nov/2020:11:00:42 +0800] "GET /xingrg/javascript/easyui/themes/default/validatebox.css HTTP/1.1" 404 1104
180.162.245.190 - - [09/Nov/2020:11:00:43 +0800] "GET /xingrg/all/function/internal_message.html?_=1604890845317&CODE_STATE=getMsg HTTP/1.1" 200 27
124.77.237.88 - - [09/Nov/2020:11:00:46 +0800] "GET /xingrg/kc/buy/cgsh_order_add.html HTTP/1.1" 200 60701
117.185.32.26 - - [09/Nov/2020:11:00:46 +0800] "GET /xingrg/all/function/internal_message.html?_=1604890841747&CODE_STATE=getMsg HTTP/1.1" 200 27
180.152.243.105 - - [09/Nov/2020:11:00:46 +0800] "POST /xingrg/kc/mdqp/pssh_list_operate.html HTTP/1.1" 200 5601
124.77.237.88 - - [09/Nov/2020:11:00:46 +0800] "GET /xingrg/javascript/easyui/themes/default/validatebox.css HTTP/1.1" 404 1104
124.77.237.88 - - [09/Nov/2020:11:00:46 +0800] "POST /xingrg/kc/buy/cgsh_order_operate.html HTTP/1.1" 200 8245
172.17.0.100 - - [09/Nov/2020:11:00:47 +0800] "GET /xingrg/all/function/internal_message.html?_=1604890882813&CODE_STATE=getMsg HTTP/1.1" 200 27
172.17.200.101 - - [09/Nov/2020:11:00:48 +0800] "GET /xingrg/all/function/internal_message.html?_=1604890850647&CODE_STATE=getMsg HTTP/1.1" 200 27
180.157.253.48 - - [09/Nov/2020:11:00:48 +0800] "POST /xingrg/kc/buy/cgsh_order_operate.html HTTP/1.1" 200 37
124.77.237.88 - - [09/Nov/2020:11:00:48 +0800] "GET /xingrg/javascript/easyui/themes/default/tree.css HTTP/1.1" 404 1090
124.77.237.88 - - [09/Nov/2020:11:00:48 +0800] "POST /xingrg/all/common/load_tree.html?tree=supplier_tree_json&isDelete=1 HTTP/1.1" 200 51727
114.88.166.242 - - [09/Nov/2020:11:00:49 +0800] "GET /xingrg/all/function/internal_message.html?_=1604890846756&CODE_STATE=getMsg HTTP/1.1" 200 27
114.84.145.85 - - [09/Nov/2020:11:00:49 +0800] "GET /xingrg/kc/buy/cgsh_order_operate.html?command=get_materiel&rest_code=00141&code=00101008350&supplier_code=00100007&order_time=2020-11-09 HTTP/1.1" 200 410
180.162.108.15 - - [09/Nov/2020:11:00:52 +0800] "GET /xingrg/all/function/internal_message.html?_=1604890795699&CODE_STATE=getMsg HTTP/1.1" 200 27
180.152.243.105 - - [09/Nov/2020:11:00:54 +0800] "POST /xingrg/kc/mdqp/pssh_list_operate.html HTTP/1.1" 200 260
117.185.32.26 - - [09/Nov/2020:11:00:55 +0800] "GET /xingrg/kc/buy/cgsh_order_add.html HTTP/1.1" 200 60613
117.185.32.26 - - [09/Nov/2020:11:00:55 +0800] "POST /xingrg/kc/buy/cgsh_order_operate.html HTTP/1.1" 200 8245
117.185.32.26 - - [09/Nov/2020:11:00:55 +0800] "GET /xingrg/javascript/easyui/themes/default/validatebox.css HTTP/1.1" 404 1104
180.152.243.105 - - [09/Nov/2020:11:00:56 +0800] "POST /xingrg/kc/mdqp/pssh_list_operate.html HTTP/1.1" 200 755
117.185.32.26 - - [09/Nov/2020:11:00:57 +0800] "GET /xingrg/javascript/easyui/themes/default/tree.css HTTP/1.1" 404 1090
180.162.245.190 - - [09/Nov/2020:11:00:57 +0800] "GET /xingrg/all/function/internal_message.html?_=1604890839411&CODE_STATE=getMsg HTTP/1.1" 200 27
117.185.32.26 - - [09/Nov/2020:11:00:57 +0800] "POST /xingrg/all/common/load_tree.html?tree=supplier_tree_json&isDelete=1 HTTP/1.1" 200 51727
180.152.243.105 - - [09/Nov/2020:11:00:57 +0800] "GET /xingrg/kc/mdqp/pssh_order_info.html?code=312020101500370 HTTP/1.1" 200 14386
180.152.243.105 - - [09/Nov/2020:11:00:57 +0800] "GET /xingrg/javascript/jquery_tools/jquery-1.4.2.min.js HTTP/1.1" 404 1094
180.152.243.105 - - [09/Nov/2020:11:00:58 +0800] "POST /xingrg/kc/mdqp/pssh_order_operate.html HTTP/1.1" 200 7315
180.152.243.105 - - [09/Nov/2020:11:00:58 +0800] "GET /xingrg/javascript/easyui/themes/default/validatebox.css HTTP/1.1" 404 1104
58.37.37.111 - - [09/Nov/2020:11:01:01 +0800] "POST /xingrg/kc/base/stock_operate.html HTTP/1.1" 200 1493
58.37.37.111 - - [09/Nov/2020:11:01:01 +0800] "GET /xingrg/javascript/jquery_tools/fix_table.js HTTP/1.1" 200 6528
58.37.37.111 - - [09/Nov/2020:11:01:03 +0800] "GET /xingrg/kc/base/stock_detail.html?m=00101006050 HTTP/1.1" 200 7292
180.152.243.105 - - [09/Nov/2020:11:01:04 +0800] "POST /xingrg/kc/mdqp/pssh_list_operate.html HTTP/1.1" 200 5601
120.253.135.82 - - [09/Nov/2020:11:01:05 +0800] "GET /xingrg/all/function/internal_message.html?_=1604890612530&CODE_STATE=getMsg HTTP/1.1" 200 27
114.84.145.85 - - [09/Nov/2020:11:01:06 +0800] "GET /xingrg/kc/buy/cgsh_order_operate.html?command=get_materiel&rest_code=00141&code=00101008112&supplier_code=00100007&order_time=2020-11-09 HTTP/1.1" 200 414
180.162.108.15 - - [09/Nov/2020:11:01:06 +0800] "GET /xingrg/kc/buy/buy_main.html HTTP/1.1" 200 12412
180.162.108.15 - - [09/Nov/2020:11:01:06 +0800] "GET /xingrg/css/new_ie.css HTTP/1.1" 404 1036
180.162.108.15 - - [09/Nov/2020:11:01:07 +0800] "GET /xingrg/kc/buy/buy_main.html HTTP/1.1" 200 12412
180.162.108.15 - - [09/Nov/2020:11:01:07 +0800] "GET /xingrg/css/new_ie.css HTTP/1.1" 404 1036
124.77.237.88 - - [09/Nov/2020:11:01:08 +0800] "GET /xingrg/kc/buy/cgsh_order_operate.html?command=get_materiel&rest_code=00107&code=00101001096&supplier_code=00100312&order_time=2020-11-09 HTTP/1.1" 200 434
180.152.243.105 - - [09/Nov/2020:11:01:08 +0800] "POST /xingrg/kc/mdqp/pssh_list_operate.html HTTP/1.1" 200 5588
124.77.237.88 - - [09/Nov/2020:11:01:09 +0800] "GET /xingrg/check_reg.html?_=1604890867953 HTTP/1.1" 200 22
116.232.54.201 - - [09/Nov/2020:11:01:09 +0800] "GET /xingrg/all/function/internal_message.html?_=1604890909171&CODE_STATE=getMsg HTTP/1.1" 200 27
114.88.166.242 - - [09/Nov/2020:11:01:10 +0800] "GET /xingrg/check_reg.html?_=1604890867465 HTTP/1.1" 200 22
180.162.108.15 - - [09/Nov/2020:11:01:11 +0800] "GET /xingrg/images/yd/bt.gif HTTP/1.1" 404 1040
124.77.237.88 - - [09/Nov/2020:11:01:12 +0800] "GET /xingrg/all/function/internal_message.html?_=1604890871043&CODE_STATE=getMsg HTTP/1.1" 200 27
114.84.145.85 - - [09/Nov/2020:11:01:14 +0800] "GET /xingrg/kc/buy/cgsh_order_operate.html?command=get_materiel&rest_code=00141&code=00101008223&supplier_code=00100007&order_time=2020-11-09 HTTP/1.1" 200 414
180.152.243.105 - - [09/Nov/2020:11:01:15 +0800] "POST /xingrg/kc/mdqp/pssh_list_operate.html HTTP/1.1" 200 5589
58.37.37.111 - - [09/Nov/2020:11:01:15 +0800] "GET /xingrg/all/function/internal_message.html?_=1604890875992&CODE_STATE=getMsg HTTP/1.1" 200 27
117.185.32.26 - - [09/Nov/2020:11:01:16 +0800] "GET /xingrg/kc/buy/cgsh_order_operate.html?command=get_materiel&rest_code=00106&code=00101010607&supplier_code=00100404&order_time=2020-11-09 HTTP/1.1" 200 405
180.152.243.105 - - [09/Nov/2020:11:01:17 +0800] "GET /xingrg/all/function/internal_message.html?_=1604891099740&CODE_STATE=getMsg HTTP/1.1" 200 27
180.162.108.15 - - [09/Nov/2020:11:01:17 +0800] "GET /xingrg/kc/buy/cgsh_order_list.html HTTP/1.1" 200 44881
180.152.243.105 - - [09/Nov/2020:11:01:18 +0800] "POST /xingrg/kc/mdqp/pssh_list_operate.html HTTP/1.1" 200 372
180.174.56.115 - - [09/Nov/2020:11:01:20 +0800] "GET /xingrg/check_reg.html?_=1604890837264 HTTP/1.1" 200 22
180.157.253.48 - - [09/Nov/2020:11:01:20 +0800] "GET /xingrg/check_reg.html?_=1604890881215 HTTP/1.1" 200 22
180.157.253.48 - - [09/Nov/2020:11:01:20 +0800] "GET /xingrg/all/function/internal_message.html?_=1604890881218&CODE_STATE=getMsg HTTP/1.1" 200 27
180.174.56.115 - - [09/Nov/2020:11:01:20 +0800] "GET /xingrg/all/function/internal_message.html?_=1604890837635&CODE_STATE=getMsg HTTP/1.1" 200 27
180.157.253.48 - - [09/Nov/2020:11:01:21 +0800] "POST /xingrg/kc/buy/cgsh_order_operate.html HTTP/1.1" 200 32194
180.152.243.105 - - [09/Nov/2020:11:01:21 +0800] "POST /xingrg/kc/mdqp/pssh_list_operate.html HTTP/1.1" 200 759
180.174.56.115 - - [09/Nov/2020:11:01:22 +0800] "GET /xingrg/all/function/internal_message.html?_=1604890881251&CODE_STATE=getMsg HTTP/1.1" 200 27
180.162.108.15 - - [09/Nov/2020:11:01:22 +0800] "POST /xingrg/kc/buy/cgsh_list_operate.html HTTP/1.1" 200 1696
58.37.37.111 - - [09/Nov/2020:11:01:22 +0800] "GET /xingrg/kc/base/stock_operate.html?_=1604890882507&command=get_report_file&start_day=20201001 HTTP/1.1" 200 53
58.37.37.111 - - [09/Nov/2020:11:01:22 +0800] "GET /xingrg/all/report/report_query.html?isQuery=1&onlyBody=1&rh=2000&fileName=kc/base/kc_stock_detail_new.xml&queryString=(1=1)&queryText=&tableQueryString=init_table$sp1$$sp$crk_table$sp1$order_day%20between%2020201001%20and%2020201031&varString=start_day:20201001,materiel_code:00101006050,cost_id:2855,end_date:20200930 HTTP/1.1" 200 48701
58.37.37.111 - - [09/Nov/2020:11:01:22 +0800] "GET /xingrg/dwr/interface/AjaxReportQueryService.js HTTP/1.1" 200 13203
58.37.37.111 - - [09/Nov/2020:11:01:22 +0800] "GET /xingrg/dwr/engine.js HTTP/1.1" 200 43631
58.37.37.111 - - [09/Nov/2020:11:01:23 +0800] "POST /xingrg/all/report/load_report_page.html HTTP/1.1" 200 64266
58.37.37.111 - - [09/Nov/2020:11:01:23 +0800] "GET /xingrg/servlets/image?cache=0.2788648457601979&image=px HTTP/1.1" 200 807
180.152.243.105 - - [09/Nov/2020:11:01:23 +0800] "GET /xingrg/kc/mdqp/pssh_order_info.html?code=312020101000239 HTTP/1.1" 200 14386
180.152.243.105 - - [09/Nov/2020:11:01:23 +0800] "GET /xingrg/javascript/jquery_tools/jquery-1.4.2.min.js HTTP/1.1" 404 1094
114.84.145.85 - - [09/Nov/2020:11:01:23 +0800] "GET /xingrg/all/function/internal_message.html?_=1604890473215&CODE_STATE=getMsg HTTP/1.1" 200 27
180.152.243.105 - - [09/Nov/2020:11:01:24 +0800] "POST /xingrg/kc/mdqp/pssh_order_operate.html HTTP/1.1" 200 4180
180.152.243.105 - - [09/Nov/2020:11:01:24 +0800] "GET /xingrg/javascript/easyui/themes/default/validatebox.css HTTP/1.1" 404 1104
180.162.108.15 - - [09/Nov/2020:11:01:24 +0800] "GET /xingrg/kc/buy/cgsh_order_add.html HTTP/1.1" 200 59694
180.162.108.15 - - [09/Nov/2020:11:01:24 +0800] "GET /xingrg/words/20201108171447_words.js HTTP/1.1" 304 -
180.162.108.15 - - [09/Nov/2020:11:01:25 +0800] "GET /xingrg/javascript/easyui/themes/icons/copy_new.png HTTP/1.1" 200 815
117.184.7.26 - - [09/Nov/2020:11:01:25 +0800] "GET /xingrg/all/function/internal_message.html?_=1604891869082&CODE_STATE=getMsg HTTP/1.1" 200 27
180.162.108.15 - - [09/Nov/2020:11:01:25 +0800] "POST /xingrg/kc/buy/cgsh_order_operate.html HTTP/1.1" 200 8245
180.162.108.15 - - [09/Nov/2020:11:01:25 +0800] "GET /xingrg/all/common/auto_word.html?type=employee&rest_code=00143 HTTP/1.1" 200 55
180.162.108.15 - - [09/Nov/2020:11:01:25 +0800] "GET /xingrg/all/common/auto_word.html?type=employee&rest_code=00143 HTTP/1.1" 200 55
180.162.108.15 - - [09/Nov/2020:11:01:25 +0800] "GET /xingrg/javascript/easyui/themes/default/validatebox.css HTTP/1.1" 404 1104
180.162.108.15 - - [09/Nov/2020:11:01:27 +0800] "GET /xingrg/javascript/easyui/plugins/jquery.draggable.js HTTP/1.1" 200 6121
180.162.108.15 - - [09/Nov/2020:11:01:27 +0800] "GET /xingrg/javascript/easyui/plugins/jquery.droppable.js HTTP/1.1" 200 1167
180.162.108.15 - - [09/Nov/2020:11:01:27 +0800] "GET /xingrg/javascript/easyui/themes/default/tree.css HTTP/1.1" 404 1090
180.162.108.15 - - [09/Nov/2020:11:01:27 +0800] "GET /xingrg/javascript/easyui/plugins/jquery.tree.js HTTP/1.1" 200 20874
180.162.108.15 - - [09/Nov/2020:11:01:27 +0800] "POST /xingrg/all/common/load_tree.html?tree=supplier_tree_json&isDelete=1 HTTP/1.1" 200 51727
180.152.243.105 - - [09/Nov/2020:11:01:28 +0800] "POST /xingrg/kc/mdqp/pssh_list_operate.html HTTP/1.1" 200 5589
180.162.108.15 - - [09/Nov/2020:11:01:28 +0800] "GET /xingrg/javascript/easyui/themes/default/images/tree_folder_open.gif HTTP/1.1" 200 956
180.162.108.15 - - [09/Nov/2020:11:01:28 +0800] "GET /xingrg/javascript/easyui/themes/default/images/tree_arrows.gif HTTP/1.1" 200 617
180.162.108.15 - - [09/Nov/2020:11:01:28 +0800] "GET /xingrg/javascript/easyui/themes/default/images/tree_folder.gif HTTP/1.1" 200 952
180.162.108.15 - - [09/Nov/2020:11:01:28 +0800] "GET /xingrg/javascript/easyui/themes/default/images/tree_file.gif HTTP/1.1" 200 118
114.88.166.242 - - [09/Nov/2020:11:01:28 +0800] "GET /xingrg/all/function/internal_message.html?_=1604890992504&CODE_STATE=getMsg HTTP/1.1" 200 27
117.184.7.26 - - [09/Nov/2020:11:01:29 +0800] "GET /xingrg/all/function/internal_message.html?_=1604890887385&CODE_STATE=getMsg HTTP/1.1" 200 27
114.84.37.38 - - [09/Nov/2020:11:01:29 +0800] "GET /xingrg/all/function/internal_message.html?_=1604890895000&CODE_STATE=getMsg HTTP/1.1" 200 27
124.77.237.88 - - [09/Nov/2020:11:01:31 +0800] "GET /xingrg/kc/buy/cgsh_order_operate.html?command=get_materiel&rest_code=00107&code=00101001138&supplier_code=00100312&order_time=2020-11-09 HTTP/1.1" 200 433
180.152.243.105 - - [09/Nov/2020:11:01:35 +0800] "POST /xingrg/kc/mdqp/pssh_list_operate.html HTTP/1.1" 200 372
117.185.32.26 - - [09/Nov/2020:11:01:35 +0800] "GET /xingrg/all/function/internal_message.html?_=1604891316626&CODE_STATE=getMsg HTTP/1.1" 200 27
58.37.37.111 - - [09/Nov/2020:11:01:40 +0800] "GET /xingrg/kc/guide/show_order.html?code=212020101606615&type=21 HTTP/1.1" 302 -
58.37.37.111 - - [09/Nov/2020:11:01:40 +0800] "GET /xingrg/javascript/jquery_tools/table.css HTTP/1.1" 200 1032
58.37.37.111 - - [09/Nov/2020:11:01:40 +0800] "GET /xingrg/javascript/jquery_tools/jquery.tools.table.js HTTP/1.1" 200 6994
58.37.37.111 - - [09/Nov/2020:11:01:40 +0800] "GET /xingrg/kc/buy/cgsh_order_info.html?code=212020101606615&sysBaseUrl=http%3A%2F%2F180.169.147.146%3A18081%2Fxingrg%2F&costTime=1×tamp=1604890900060 HTTP/1.1" 200 55775
58.37.37.111 - - [09/Nov/2020:11:01:40 +0800] "GET /xingrg/javascript/jquery_tools/order_manager.js HTTP/1.1" 200 11183
58.37.37.111 - - [09/Nov/2020:11:01:40 +0800] "GET /xingrg/javascript/print/kc_print.js HTTP/1.1" 200 11415
58.37.37.111 - - [09/Nov/2020:11:01:40 +0800] "GET /xingrg/javascript/easyui/themes/default/easyui.css HTTP/1.1" 200 30432
58.37.37.111 - - [09/Nov/2020:11:01:40 +0800] "GET /favicon.ico HTTP/1.1" 404 -
58.37.37.111 - - [09/Nov/2020:11:01:40 +0800] "GET /xingrg/words/20201108171447_words.js HTTP/1.1" 200 774607
58.37.37.111 - - [09/Nov/2020:11:01:40 +0800] "GET /xingrg/javascript/easyui/themes/icons/edit_add_new.png HTTP/1.1" 200 2997
58.37.37.111 - - [09/Nov/2020:11:01:40 +0800] "GET /xingrg/javascript/easyui/themes/icons/copy_new.png HTTP/1.1" 200 815
58.37.37.111 - - [09/Nov/2020:11:01:40 +0800] "GET /xingrg/javascript/easyui/themes/icons/uncheck_new.png HTTP/1.1" 200 3197
58.37.37.111 - - [09/Nov/2020:11:01:40 +0800] "GET /xingrg/javascript/easyui/themes/default/images/menu_downarrow.png HTTP/1.1" 200 173
58.37.37.111 - - [09/Nov/2020:11:01:40 +0800] "GET /xingrg/javascript/easyui/themes/icons/cancel.png HTTP/1.1" 200 1133
58.37.37.111 - - [09/Nov/2020:11:01:40 +0800] "GET /xingrg/javascript/easyui/themes/icons/print.png HTTP/1.1" 200 1057
180.152.243.105 - - [09/Nov/2020:11:01:40 +0800] "POST /xingrg/kc/mdqp/pssh_list_operate.html HTTP/1.1" 200 5595
172.17.0.101 - - [09/Nov/2020:11:01:40 +0800] "GET /xingrg/all/function/internal_message.html?_=1604890901482&CODE_STATE=getMsg HTTP/1.1" 200 27
114.88.166.242 - - [09/Nov/2020:11:01:40 +0800] "GET /xingrg/all/function/internal_message.html?_=1604890896202&CODE_STATE=getMsg HTTP/1.1" 200 27
58.37.37.111 - - [09/Nov/2020:11:01:41 +0800] "GET /xingrg/javascript/easyui/themes/default/validatebox.css HTTP/1.1" 404 1104
58.37.37.111 - - [09/Nov/2020:11:01:41 +0800] "GET /xingrg/javascript/easyui/plugins/jquery.validatebox.js HTTP/1.1" 200 6103
58.37.37.111 - - [09/Nov/2020:11:01:41 +0800] "GET /xingrg/javascript/easyui/plugins/jquery.numberbox.js HTTP/1.1" 200 5213
58.37.37.111 - - [09/Nov/2020:11:01:42 +0800] "POST /xingrg/kc/buy/cgsh_order_operate.html HTTP/1.1" 200 646
58.37.37.111 - - [09/Nov/2020:11:01:42 +0800] "GET /xingrg/javascript/easyui/themes/icons/edit_remove.png HTTP/1.1" 200 625
180.152.243.105 - - [09/Nov/2020:11:01:43 +0800] "POST /xingrg/kc/mdqp/pssh_list_operate.html HTTP/1.1" 200 775
180.162.245.190 - - [09/Nov/2020:11:01:43 +0800] "GET /xingrg/all/function/internal_message.html?_=1604890905324&CODE_STATE=getMsg HTTP/1.1" 200 27
180.162.245.190 - - [09/Nov/2020:11:01:43 +0800] "GET /xingrg/check_reg.html?_=1604890905320 HTTP/1.1" 200 22
180.152.243.105 - - [09/Nov/2020:11:01:44 +0800] "GET /xingrg/kc/mdqp/pssh_order_info.html?code=312020100500115 HTTP/1.1" 200 14386
180.152.243.105 - - [09/Nov/2020:11:01:44 +0800] "GET /xingrg/javascript/jquery_tools/jquery-1.4.2.min.js HTTP/1.1" 404 1094
180.152.243.105 - - [09/Nov/2020:11:01:45 +0800] "POST /xingrg/kc/mdqp/pssh_order_operate.html HTTP/1.1" 200 7382
180.152.243.105 - - [09/Nov/2020:11:01:45 +0800] "GET /xingrg/javascript/easyui/themes/default/validatebox.css HTTP/1.1" 404 1104
117.185.32.26 - - [09/Nov/2020:11:01:46 +0800] "GET /xingrg/all/function/internal_message.html?_=1604890901731&CODE_STATE=getMsg HTTP/1.1" 200 27
58.37.37.111 - - [09/Nov/2020:11:01:47 +0800] "GET /xingrg/javascript/easyui/themes/default/images/button_plain_hover.png HTTP/1.1" 200 144
172.17.0.100 - - [09/Nov/2020:11:01:47 +0800] "GET /xingrg/all/function/internal_message.html?_=1604890942820&CODE_STATE=getMsg HTTP/1.1" 200 27
172.17.200.101 - - [09/Nov/2020:11:01:48 +0800] "GET /xingrg/all/function/internal_message.html?_=1604890910648&CODE_STATE=getMsg HTTP/1.1" 200 27
180.162.108.15 - - [09/Nov/2020:11:01:48 +0800] "GET /xingrg/javascript/auto/indicator.gif HTTP/1.1" 404 1066
117.185.32.26 - - [09/Nov/2020:11:01:48 +0800] "POST /xingrg/kc/buy/cgsh_order_operate.html HTTP/1.1" 200 37
114.84.145.85 - - [09/Nov/2020:11:01:49 +0800] "GET /xingrg/kc/buy/cgsh_order_operate.html?command=get_materiel&rest_code=00141&code=00101008168&supplier_code=00100007&order_time=2020-11-09 HTTP/1.1" 200 412
114.88.166.242 - - [09/Nov/2020:11:01:49 +0800] "GET /xingrg/all/function/internal_message.html?_=1604890906761&CODE_STATE=getMsg HTTP/1.1" 200 27
117.185.32.26 - - [09/Nov/2020:11:01:51 +0800] "POST /xingrg/kc/buy/cgsh_order_operate.html HTTP/1.1" 200 12
180.162.108.15 - - [09/Nov/2020:11:01:52 +0800] "GET /xingrg/all/function/internal_message.html?_=1604890855701&CODE_STATE=getMsg HTTP/1.1" 200 27
180.162.108.15 - - [09/Nov/2020:11:01:52 +0800] "GET /xingrg/kc/buy/cgsh_order_operate.html?command=get_materiel&rest_code=00143&code=00101003002&supplier_code=00100207&order_time=2020-11-09 HTTP/1.1" 200 409
117.185.32.26 - - [09/Nov/2020:11:01:52 +0800] "GET /xingrg/kc/buy/cgsh_order_info.html?code=212020110903587 HTTP/1.1" 200 55522
