120.253.135.82 - - [07/Nov/2020:10:22:49 +0800] "GET /xingrg/kc/pszx/mdps_order_info.html?code=312020110600167 HTTP/1.1" 200 23887
120.253.135.82 - - [07/Nov/2020:10:22:49 +0800] "GET /xingrg/javascript/easyui/themes/default/validatebox.css HTTP/1.1" 404 1104
120.253.135.82 - - [07/Nov/2020:10:22:49 +0800] "POST /xingrg/kc/pszx/mdps_order_operate.html HTTP/1.1" 200 2303
180.174.56.115 - - [07/Nov/2020:10:22:50 +0800] "GET /xingrg/kc/buy/cgsh_order_operate.html?command=get_materiel&rest_code=00151&code=00101009051&supplier_code=00100424&order_time=2020-11-07 HTTP/1.1" 200 409
120.253.135.82 - - [07/Nov/2020:10:22:51 +0800] "POST /xingrg/kc/pszx/mdps_list_operate.html HTTP/1.1" 200 1692
180.162.245.190 - - [07/Nov/2020:10:22:51 +0800] "GET /xingrg/kc/buy/cgsh_order_operate.html?command=get_materiel&rest_code=00105&code=00102010774&supplier_code=00100151&order_time=2020-11-07 HTTP/1.1" 200 417
180.162.245.190 - - [07/Nov/2020:10:22:51 +0800] "POST /xingrg/kc/mdqp/pssh_list_operate.html HTTP/1.1" 200 680
172.17.0.123 - - [07/Nov/2020:10:22:53 +0800] "GET /xingrg/all/function/internal_message.html?_=1604715724576&CODE_STATE=getMsg HTTP/1.1" 200 27
117.185.32.26 - - [07/Nov/2020:10:22:54 +0800] "GET /xingrg/all/function/internal_message.html?_=1604716194502&CODE_STATE=getMsg HTTP/1.1" 200 27
180.162.245.190 - - [07/Nov/2020:10:22:57 +0800] "POST /xingrg/kc/mdqp/pssh_list_operate.html HTTP/1.1" 200 357
120.253.135.82 - - [07/Nov/2020:10:23:00 +0800] "POST /xingrg/kc/pszx/mdps_list_operate.html HTTP/1.1" 200 3544
114.95.230.91 - - [07/Nov/2020:10:23:00 +0800] "GET /xingrg/all/function/internal_message.html?_=1604715999023&CODE_STATE=getMsg HTTP/1.1" 200 27
180.162.245.190 - - [07/Nov/2020:10:23:03 +0800] "GET /xingrg/kc/mdqp/pssh_order_info.html?code=312020110100010 HTTP/1.1" 200 17277
180.162.245.190 - - [07/Nov/2020:10:23:03 +0800] "GET /xingrg/javascript/jquery_tools/jquery-1.4.2.min.js HTTP/1.1" 404 1094
172.17.0.185 - - [07/Nov/2020:10:23:03 +0800] "GET /xingrg/all/function/internal_message.html?_=1604715780074&CODE_STATE=getMsg HTTP/1.1" 200 27
180.162.245.190 - - [07/Nov/2020:10:23:03 +0800] "GET /xingrg/javascript/easyui/themes/default/validatebox.css HTTP/1.1" 404 1104
180.162.245.190 - - [07/Nov/2020:10:23:03 +0800] "POST /xingrg/kc/mdqp/pssh_order_operate.html HTTP/1.1" 200 1048
120.253.135.82 - - [07/Nov/2020:10:23:04 +0800] "POST /xingrg/kc/pszx/mdps_list_operate.html HTTP/1.1" 200 209
58.221.95.50 - - [07/Nov/2020:10:23:05 +0800] "GET /xingrg/check_reg.html?_=1604715971293 HTTP/1.1" 200 22
180.162.245.190 - - [07/Nov/2020:10:23:05 +0800] "GET /xingrg/all/function/internal_message.html?_=1604715782758&CODE_STATE=getMsg HTTP/1.1" 200 27
114.84.37.38 - - [07/Nov/2020:10:23:06 +0800] "GET /xingrg/kc/buy/cgsh_order_operate.html?command=get_materiel&rest_code=00146&code=00101006161&supplier_code=00100041&order_time=2020-11-07 HTTP/1.1" 200 409
120.253.135.82 - - [07/Nov/2020:10:23:06 +0800] "POST /xingrg/kc/pszx/mdps_list_operate.html HTTP/1.1" 200 378
180.162.245.190 - - [07/Nov/2020:10:23:07 +0800] "POST /xingrg/kc/mdqp/pssh_list_operate.html HTTP/1.1" 200 3185
120.253.135.82 - - [07/Nov/2020:10:23:07 +0800] "GET /xingrg/kc/pszx/mdps_order_info.html?code=312020110600160 HTTP/1.1" 200 23885
120.253.135.82 - - [07/Nov/2020:10:23:08 +0800] "GET /xingrg/javascript/easyui/themes/default/validatebox.css HTTP/1.1" 404 1104
120.253.135.82 - - [07/Nov/2020:10:23:08 +0800] "POST /xingrg/kc/pszx/mdps_order_operate.html HTTP/1.1" 200 3326
117.185.32.26 - - [07/Nov/2020:10:23:10 +0800] "GET /xingrg/index.html?sysBaseUrl=http%3A%2F%2F180.169.147.146%3A18081%2Fxingrg%2F&costTime=38×tamp=1604624233229 HTTP/1.1" 302 -
117.185.32.26 - - [07/Nov/2020:10:23:10 +0800] "GET /xingrg/login.html HTTP/1.1" 200 7641
117.185.32.26 - - [07/Nov/2020:10:23:13 +0800] "GET /xingrg/login.html HTTP/1.1" 200 7641
180.174.56.115 - - [07/Nov/2020:10:23:15 +0800] "GET /xingrg/all/function/internal_message.html?_=1604715751256&CODE_STATE=getMsg HTTP/1.1" 200 27
222.69.137.55 - - [07/Nov/2020:10:23:16 +0800] "GET /xingrg/all/function/internal_message.html?_=1604715790323&CODE_STATE=getMsg HTTP/1.1" 200 27
114.88.166.242 - - [07/Nov/2020:10:23:18 +0800] "GET /xingrg/all/function/internal_message.html?_=1604715793734&CODE_STATE=getMsg HTTP/1.1" 200 27
117.185.32.26 - - [07/Nov/2020:10:23:19 +0800] "GET /favicon.ico HTTP/1.1" 404 -
117.185.32.26 - - [07/Nov/2020:10:23:20 +0800] "POST /xingrg/login.do HTTP/1.1" 302 -
117.185.32.26 - - [07/Nov/2020:10:23:20 +0800] "GET /xingrg/index.html?sysBaseUrl=http%3A%2F%2F180.169.147.146%3A18081%2Fxingrg%2F&costTime=39×tamp=1604715800901 HTTP/1.1" 200 17173
180.162.245.190 - - [07/Nov/2020:10:23:22 +0800] "GET /xingrg/check_reg.html?_=1604715780604 HTTP/1.1" 200 22
180.162.245.190 - - [07/Nov/2020:10:23:22 +0800] "GET /xingrg/all/function/internal_message.html?_=1604715780606&CODE_STATE=getMsg HTTP/1.1" 200 27
117.185.32.26 - - [07/Nov/2020:10:23:22 +0800] "POST /xingrg/all/common/load_tree.html?tree=area_rest_tree_json&manage=1 HTTP/1.1" 200 342
117.185.32.26 - - [07/Nov/2020:10:23:22 +0800] "GET /xingrg/all/function/internal_message.html?_=1604715795761&CODE_STATE=count HTTP/1.1" 200 11
117.185.32.26 - - [07/Nov/2020:10:23:22 +0800] "GET /xingrg/check_reg.html?_=1604715795762 HTTP/1.1" 200 22
117.185.32.26 - - [07/Nov/2020:10:23:22 +0800] "GET /favicon.ico HTTP/1.1" 404 -
117.185.32.26 - - [07/Nov/2020:10:23:23 +0800] "POST /xingrg/load_menu.html HTTP/1.1" 200 5138
180.174.56.115 - - [07/Nov/2020:10:23:23 +0800] "GET /xingrg/kc/buy/cgsh_order_operate.html?command=get_materiel&rest_code=00151&code=00101009031&supplier_code=00100424&order_time=2020-11-07 HTTP/1.1" 200 408
180.162.245.190 - - [07/Nov/2020:10:23:24 +0800] "GET /xingrg/kc/mdqp/pssh_order_list.html HTTP/1.1" 200 18056
180.162.245.190 - - [07/Nov/2020:10:23:24 +0800] "POST /xingrg/kc/mdqp/pssh_list_operate.html HTTP/1.1" 200 5243
120.253.135.82 - - [07/Nov/2020:10:23:24 +0800] "POST /xingrg/kc/pszx/mdps_list_operate.html HTTP/1.1" 200 3544
120.253.135.82 - - [07/Nov/2020:10:23:26 +0800] "POST /xingrg/kc/pszx/mdps_list_operate.html HTTP/1.1" 200 278
180.162.245.190 - - [07/Nov/2020:10:23:26 +0800] "POST /xingrg/kc/mdqp/pssh_list_operate.html HTTP/1.1" 200 750
58.221.95.50 - - [07/Nov/2020:10:23:26 +0800] "GET /xingrg/all/function/internal_message.html?_=1604715992528&CODE_STATE=getMsg HTTP/1.1" 200 27
120.253.135.82 - - [07/Nov/2020:10:23:26 +0800] "GET /xingrg/kc/pszx/mdps_order_info.html?code=312020110600159 HTTP/1.1" 200 23885
120.253.135.82 - - [07/Nov/2020:10:23:27 +0800] "GET /xingrg/javascript/easyui/themes/default/validatebox.css HTTP/1.1" 404 1104
120.253.135.82 - - [07/Nov/2020:10:23:27 +0800] "POST /xingrg/kc/pszx/mdps_order_operate.html HTTP/1.1" 200 2781
117.185.32.26 - - [07/Nov/2020:10:23:27 +0800] "GET /xingrg/kc/buy/buy_main.html HTTP/1.1" 200 12412
117.185.32.26 - - [07/Nov/2020:10:23:27 +0800] "GET /xingrg/css/new_ie.css HTTP/1.1" 404 1036
117.185.32.26 - - [07/Nov/2020:10:23:27 +0800] "GET /xingrg/kc/buy/buy_main.html HTTP/1.1" 200 12412
117.185.32.26 - - [07/Nov/2020:10:23:28 +0800] "GET /xingrg/kc/buy/buy_main.html HTTP/1.1" 200 12412
117.185.32.26 - - [07/Nov/2020:10:23:28 +0800] "GET /xingrg/css/new_ie.css HTTP/1.1" 404 1036
180.162.245.190 - - [07/Nov/2020:10:23:28 +0800] "POST /xingrg/kc/mdqp/pssh_list_operate.html HTTP/1.1" 200 680
117.185.32.26 - - [07/Nov/2020:10:23:28 +0800] "GET /xingrg/css/new_ie.css HTTP/1.1" 404 1036
120.253.135.82 - - [07/Nov/2020:10:23:29 +0800] "GET /xingrg/all/function/internal_message.html?_=1604715552095&CODE_STATE=getMsg HTTP/1.1" 200 27
180.162.245.190 - - [07/Nov/2020:10:23:30 +0800] "POST /xingrg/kc/mdqp/pssh_list_operate.html HTTP/1.1" 200 744
117.185.32.26 - - [07/Nov/2020:10:23:30 +0800] "GET /xingrg/images/yd/bt.gif HTTP/1.1" 404 1040
117.185.32.26 - - [07/Nov/2020:10:23:31 +0800] "GET /xingrg/kc/buy/cgsh_order_list.html HTTP/1.1" 200 44875
180.162.245.190 - - [07/Nov/2020:10:23:32 +0800] "POST /xingrg/kc/mdqp/pssh_list_operate.html HTTP/1.1" 200 357
180.162.245.190 - - [07/Nov/2020:10:23:34 +0800] "POST /xingrg/kc/mdqp/pssh_list_operate.html HTTP/1.1" 200 770
117.185.32.26 - - [07/Nov/2020:10:23:34 +0800] "POST /xingrg/kc/buy/cgsh_list_operate.html HTTP/1.1" 200 1687
117.185.32.26 - - [07/Nov/2020:10:23:35 +0800] "GET /xingrg/kc/buy/cgsh_order_add.html HTTP/1.1" 200 60619
117.185.32.26 - - [07/Nov/2020:10:23:35 +0800] "GET /xingrg/words/20201106115742_words.js HTTP/1.1" 304 -
180.162.245.190 - - [07/Nov/2020:10:23:35 +0800] "GET /xingrg/kc/mdqp/pssh_order_info.html?code=312020110600146 HTTP/1.1" 200 17275
180.162.245.190 - - [07/Nov/2020:10:23:35 +0800] "GET /xingrg/javascript/jquery_tools/jquery-1.4.2.min.js HTTP/1.1" 404 1094
180.162.245.190 - - [07/Nov/2020:10:23:35 +0800] "GET /xingrg/javascript/easyui/themes/default/validatebox.css HTTP/1.1" 404 1104
180.162.245.190 - - [07/Nov/2020:10:23:35 +0800] "POST /xingrg/kc/mdqp/pssh_order_operate.html HTTP/1.1" 200 4190
117.185.32.26 - - [07/Nov/2020:10:23:35 +0800] "GET /xingrg/all/common/auto_word.html?type=employee&rest_code=00106 HTTP/1.1" 200 205
117.185.32.26 - - [07/Nov/2020:10:23:35 +0800] "GET /xingrg/javascript/easyui/themes/default/validatebox.css HTTP/1.1" 404 1104
117.185.32.26 - - [07/Nov/2020:10:23:35 +0800] "GET /xingrg/all/common/auto_word.html?type=employee&rest_code=00106 HTTP/1.1" 200 205
117.185.32.26 - - [07/Nov/2020:10:23:35 +0800] "POST /xingrg/kc/buy/cgsh_order_operate.html HTTP/1.1" 200 8245
117.185.32.26 - - [07/Nov/2020:10:23:38 +0800] "GET /xingrg/javascript/easyui/themes/default/tree.css HTTP/1.1" 404 1090
117.185.32.26 - - [07/Nov/2020:10:23:38 +0800] "POST /xingrg/all/common/load_tree.html?tree=supplier_tree_json&isDelete=1 HTTP/1.1" 200 51727
180.162.245.190 - - [07/Nov/2020:10:23:38 +0800] "POST /xingrg/kc/mdqp/pssh_list_operate.html HTTP/1.1" 200 786
180.162.245.190 - - [07/Nov/2020:10:23:40 +0800] "GET /xingrg/kc/mdqp/pssh_order_info.html?code=312020110600147 HTTP/1.1" 200 17275
180.162.245.190 - - [07/Nov/2020:10:23:40 +0800] "GET /xingrg/javascript/jquery_tools/jquery-1.4.2.min.js HTTP/1.1" 404 1094
58.40.7.146 - - [07/Nov/2020:10:23:40 +0800] "GET /xingrg/all/function/internal_message.html?_=1604715816742&CODE_STATE=getMsg HTTP/1.1" 200 27
180.162.245.190 - - [07/Nov/2020:10:23:40 +0800] "POST /xingrg/kc/mdqp/pssh_order_operate.html HTTP/1.1" 200 12780
180.162.245.190 - - [07/Nov/2020:10:23:40 +0800] "GET /xingrg/javascript/easyui/themes/default/validatebox.css HTTP/1.1" 404 1104
180.174.56.115 - - [07/Nov/2020:10:23:42 +0800] "GET /xingrg/all/function/internal_message.html?_=1604715818462&CODE_STATE=getMsg HTTP/1.1" 200 27
124.77.237.88 - - [07/Nov/2020:10:23:42 +0800] "GET /xingrg/all/function/internal_message.html?_=1604715809132&CODE_STATE=getMsg HTTP/1.1" 200 27
114.84.37.38 - - [07/Nov/2020:10:23:44 +0800] "GET /xingrg/all/function/internal_message.html?_=1604715853932&CODE_STATE=getMsg HTTP/1.1" 200 27
180.157.253.48 - - [07/Nov/2020:10:23:46 +0800] "POST /xingrg/services/DataTransmitService HTTP/1.1" 200 524
180.162.245.190 - - [07/Nov/2020:10:23:47 +0800] "POST /xingrg/kc/mdqp/pssh_list_operate.html HTTP/1.1" 200 3185
58.40.7.146 - - [07/Nov/2020:10:23:47 +0800] "GET /xingrg/all/function/internal_message.html?_=1604715823902&CODE_STATE=getMsg HTTP/1.1" 200 27
58.40.7.146 - - [07/Nov/2020:10:23:47 +0800] "GET /xingrg/check_reg.html?_=1604715823903 HTTP/1.1" 200 22
180.157.253.48 - - [07/Nov/2020:10:23:48 +0800] "GET /xingrg/all/function/internal_message.html?_=1604715829299&CODE_STATE=getMsg HTTP/1.1" 200 27
180.162.245.190 - - [07/Nov/2020:10:23:49 +0800] "GET /xingrg/kc/mdqp/pssh_order_list.html HTTP/1.1" 200 18056
180.162.245.190 - - [07/Nov/2020:10:23:49 +0800] "POST /xingrg/kc/mdqp/pssh_list_operate.html HTTP/1.1" 200 5243
180.162.245.190 - - [07/Nov/2020:10:23:50 +0800] "POST /xingrg/kc/mdqp/pssh_list_operate.html HTTP/1.1" 200 460
180.162.245.190 - - [07/Nov/2020:10:23:51 +0800] "GET /xingrg/kc/mdqp/pssh_order_info.html?code=312020110600173 HTTP/1.1" 200 17244
180.162.245.190 - - [07/Nov/2020:10:23:51 +0800] "GET /xingrg/javascript/jquery_tools/jquery-1.4.2.min.js HTTP/1.1" 404 1094
180.162.245.190 - - [07/Nov/2020:10:23:52 +0800] "GET /xingrg/javascript/easyui/themes/default/validatebox.css HTTP/1.1" 404 1104
180.162.245.190 - - [07/Nov/2020:10:23:52 +0800] "POST /xingrg/kc/mdqp/pssh_order_operate.html HTTP/1.1" 200 1551
172.17.0.123 - - [07/Nov/2020:10:23:53 +0800] "GET /xingrg/all/function/internal_message.html?_=1604715784580&CODE_STATE=getMsg HTTP/1.1" 200 27
117.185.32.26 - - [07/Nov/2020:10:23:54 +0800] "GET /xingrg/all/function/internal_message.html?_=1604716254502&CODE_STATE=getMsg HTTP/1.1" 200 27
180.162.245.190 - - [07/Nov/2020:10:23:55 +0800] "GET /xingrg/kc/mdqp/pssh_order_list.html HTTP/1.1" 200 18056
180.162.245.190 - - [07/Nov/2020:10:23:55 +0800] "POST /xingrg/kc/mdqp/pssh_list_operate.html HTTP/1.1" 200 5243
180.162.245.190 - - [07/Nov/2020:10:23:56 +0800] "POST /xingrg/kc/mdqp/pssh_list_operate.html HTTP/1.1" 200 786
114.95.230.91 - - [07/Nov/2020:10:24:00 +0800] "GET /xingrg/all/function/internal_message.html?_=1604716059051&CODE_STATE=getMsg HTTP/1.1" 200 27
180.162.245.190 - - [07/Nov/2020:10:24:02 +0800] "POST /xingrg/kc/mdqp/pssh_list_operate.html HTTP/1.1" 200 5243
172.17.0.185 - - [07/Nov/2020:10:24:03 +0800] "GET /xingrg/all/function/internal_message.html?_=1604715840076&CODE_STATE=getMsg HTTP/1.1" 200 27
180.162.245.190 - - [07/Nov/2020:10:24:04 +0800] "POST /xingrg/kc/mdqp/pssh_list_operate.html HTTP/1.1" 200 5581
180.162.245.190 - - [07/Nov/2020:10:24:05 +0800] "GET /xingrg/all/function/internal_message.html?_=1604715842770&CODE_STATE=getMsg HTTP/1.1" 200 27
180.162.245.190 - - [07/Nov/2020:10:24:07 +0800] "POST /xingrg/kc/mdqp/pssh_list_operate.html HTTP/1.1" 200 5600
180.162.245.190 - - [07/Nov/2020:10:24:09 +0800] "POST /xingrg/kc/mdqp/pssh_list_operate.html HTTP/1.1" 200 5597
180.174.56.115 - - [07/Nov/2020:10:24:15 +0800] "GET /xingrg/all/function/internal_message.html?_=1604715811267&CODE_STATE=getMsg HTTP/1.1" 200 27
222.69.137.55 - - [07/Nov/2020:10:24:16 +0800] "GET /xingrg/all/function/internal_message.html?_=1604715850313&CODE_STATE=getMsg HTTP/1.1" 200 27
114.88.166.242 - - [07/Nov/2020:10:24:18 +0800] "GET /xingrg/all/function/internal_message.html?_=1604715853734&CODE_STATE=getMsg HTTP/1.1" 200 27
120.253.135.82 - - [07/Nov/2020:10:24:18 +0800] "GET /xingrg/check_reg.html?_=1604715600921 HTTP/1.1" 200 22
180.162.245.190 - - [07/Nov/2020:10:24:22 +0800] "GET /xingrg/all/function/internal_message.html?_=1604715840585&CODE_STATE=getMsg HTTP/1.1" 200 27
117.185.32.26 - - [07/Nov/2020:10:24:22 +0800] "GET /xingrg/all/function/internal_message.html?_=1604715855785&CODE_STATE=getMsg HTTP/1.1" 200 27
58.221.95.50 - - [07/Nov/2020:10:24:26 +0800] "GET /xingrg/all/function/internal_message.html?_=1604716052529&CODE_STATE=getMsg HTTP/1.1" 200 27
120.253.135.82 - - [07/Nov/2020:10:24:29 +0800] "GET /xingrg/all/function/internal_message.html?_=1604715612109&CODE_STATE=getMsg HTTP/1.1" 200 27
58.40.7.146 - - [07/Nov/2020:10:24:40 +0800] "GET /xingrg/all/function/internal_message.html?_=1604715876745&CODE_STATE=getMsg HTTP/1.1" 200 27
180.174.56.115 - - [07/Nov/2020:10:24:42 +0800] "GET /xingrg/all/function/internal_message.html?_=1604715878475&CODE_STATE=getMsg HTTP/1.1" 200 27
124.77.237.88 - - [07/Nov/2020:10:24:42 +0800] "GET /xingrg/all/function/internal_message.html?_=1604715869134&CODE_STATE=getMsg HTTP/1.1" 200 27
124.77.237.88 - - [07/Nov/2020:10:24:42 +0800] "GET /xingrg/check_reg.html?_=1604715869136 HTTP/1.1" 200 22
114.84.37.38 - - [07/Nov/2020:10:24:43 +0800] "GET /xingrg/check_reg.html?_=1604715912420 HTTP/1.1" 200 22
114.84.37.38 - - [07/Nov/2020:10:24:44 +0800] "GET /xingrg/all/function/internal_message.html?_=1604715913946&CODE_STATE=getMsg HTTP/1.1" 200 27
58.40.7.146 - - [07/Nov/2020:10:24:47 +0800] "GET /xingrg/all/function/internal_message.html?_=1604715883905&CODE_STATE=getMsg HTTP/1.1" 200 27
222.69.137.55 - - [07/Nov/2020:10:24:48 +0800] "POST /xingrg/kc/buy/cgsh_list_operate.html HTTP/1.1" 200 1689
180.157.253.48 - - [07/Nov/2020:10:24:48 +0800] "GET /xingrg/all/function/internal_message.html?_=1604715889282&CODE_STATE=getMsg HTTP/1.1" 200 27
172.17.0.123 - - [07/Nov/2020:10:24:53 +0800] "GET /xingrg/all/function/internal_message.html?_=1604715844582&CODE_STATE=getMsg HTTP/1.1" 200 27
222.69.137.55 - - [07/Nov/2020:10:24:54 +0800] "POST /xingrg/services/DataTransmitService HTTP/1.1" 200 524
222.69.137.55 - - [07/Nov/2020:10:24:54 +0800] "POST /xingrg/kc/buy/cgsh_list_operate.html HTTP/1.1" 200 5869
117.185.32.26 - - [07/Nov/2020:10:24:54 +0800] "GET /xingrg/all/function/internal_message.html?_=1604716314532&CODE_STATE=getMsg HTTP/1.1" 200 27
222.69.137.55 - - [07/Nov/2020:10:24:58 +0800] "POST /xingrg/kc/buy/cgsh_list_operate.html HTTP/1.1" 200 201
222.69.137.55 - - [07/Nov/2020:10:24:59 +0800] "GET /xingrg/kc/buy/cgsh_order_info.html?code=212020110702579 HTTP/1.1" 200 55569
222.69.137.55 - - [07/Nov/2020:10:24:59 +0800] "GET /xingrg/javascript/easyui/themes/default/validatebox.css HTTP/1.1" 404 1104
222.69.137.55 - - [07/Nov/2020:10:24:59 +0800] "POST /xingrg/kc/buy/cgsh_order_operate.html HTTP/1.1" 200 606
114.95.230.91 - - [07/Nov/2020:10:25:00 +0800] "GET /xingrg/all/function/internal_message.html?_=1604716119066&CODE_STATE=getMsg HTTP/1.1" 200 27
222.69.137.55 - - [07/Nov/2020:10:25:01 +0800] "GET /xingrg/kc/print/load_data.html?order_code=212020110702579&kc_code=cgsh&condition= HTTP/1.1" 200 717
180.162.245.190 - - [07/Nov/2020:10:25:03 +0800] "GET /xingrg/kc/buy/cgsh_order_operate.html?command=get_materiel&rest_code=00105&code=00102009993&supplier_code=00100151&order_time=2020-11-07 HTTP/1.1" 200 412
172.17.0.185 - - [07/Nov/2020:10:25:03 +0800] "GET /xingrg/all/function/internal_message.html?_=1604715900077&CODE_STATE=getMsg HTTP/1.1" 200 27
180.162.245.190 - - [07/Nov/2020:10:25:05 +0800] "GET /xingrg/all/function/internal_message.html?_=1604715902758&CODE_STATE=getMsg HTTP/1.1" 200 27
180.174.56.115 - - [07/Nov/2020:10:25:16 +0800] "GET /xingrg/all/function/internal_message.html?_=1604715871395&CODE_STATE=getMsg HTTP/1.1" 200 27
222.69.137.55 - - [07/Nov/2020:10:25:16 +0800] "GET /xingrg/all/function/internal_message.html?_=1604715910285&CODE_STATE=getMsg HTTP/1.1" 200 27
222.69.137.55 - - [07/Nov/2020:10:25:16 +0800] "POST /xingrg/services/DataTransmitService HTTP/1.1" 200 501
222.69.137.55 - - [07/Nov/2020:10:25:16 +0800] "POST /xingrg/services/DataTransmitService HTTP/1.1" 200 501
222.69.137.55 - - [07/Nov/2020:10:25:17 +0800] "GET /xingrg/check_reg.html?_=1604715911271 HTTP/1.1" 200 22
114.88.166.242 - - [07/Nov/2020:10:25:18 +0800] "GET /xingrg/all/function/internal_message.html?_=1604715913770&CODE_STATE=getMsg HTTP/1.1" 200 27
180.174.56.115 - - [07/Nov/2020:10:25:21 +0800] "POST /xingrg/kc/buy/cgsh_order_operate.html HTTP/1.1" 200 37
180.162.245.190 - - [07/Nov/2020:10:25:22 +0800] "GET /xingrg/all/function/internal_message.html?_=1604715900567&CODE_STATE=getMsg HTTP/1.1" 200 27
117.185.32.26 - - [07/Nov/2020:10:25:22 +0800] "GET /xingrg/all/function/internal_message.html?_=1604715915774&CODE_STATE=getMsg HTTP/1.1" 200 27
180.174.56.115 - - [07/Nov/2020:10:25:23 +0800] "POST /xingrg/kc/buy/cgsh_order_operate.html HTTP/1.1" 200 10433
222.69.137.55 - - [07/Nov/2020:10:25:23 +0800] "POST /xingrg/services/DataTransmitService HTTP/1.1" 200 501
58.221.95.50 - - [07/Nov/2020:10:25:26 +0800] "GET /xingrg/all/function/internal_message.html?_=1604716112530&CODE_STATE=getMsg HTTP/1.1" 200 27
114.84.37.38 - - [07/Nov/2020:10:25:27 +0800] "GET /xingrg/kc/buy/cgsh_order_operate.html?command=get_materiel&rest_code=00146&code=00101001032&supplier_code=00100041&order_time=2020-11-07 HTTP/1.1" 200 413
120.253.135.82 - - [07/Nov/2020:10:25:29 +0800] "GET /xingrg/all/function/internal_message.html?_=1604715672123&CODE_STATE=getMsg HTTP/1.1" 200 27
222.69.137.55 - - [07/Nov/2020:10:25:30 +0800] "POST /xingrg/services/DataTransmitService HTTP/1.1" 200 501
222.69.137.55 - - [07/Nov/2020:10:25:32 +0800] "POST /xingrg/services/DataTransmitService HTTP/1.1" 200 501
222.69.137.55 - - [07/Nov/2020:10:25:32 +0800] "POST /xingrg/services/DataTransmitService HTTP/1.1" 200 501
180.174.56.115 - - [07/Nov/2020:10:25:32 +0800] "GET /xingrg/css/site.css HTTP/1.1" 304 -
180.174.56.115 - - [07/Nov/2020:10:25:32 +0800] "GET /xingrg/css/base.css HTTP/1.1" 304 -
180.174.56.115 - - [07/Nov/2020:10:25:32 +0800] "GET /xingrg/javascript/jquery_tools/fix.css HTTP/1.1" 304 -
180.174.56.115 - - [07/Nov/2020:10:25:32 +0800] "GET /xingrg/javascript/easyui/themes/default/easyui.css HTTP/1.1" 304 -
180.174.56.115 - - [07/Nov/2020:10:25:32 +0800] "GET /xingrg/javascript/jquery_tools/jquery.tools.min.js HTTP/1.1" 304 -
180.174.56.115 - - [07/Nov/2020:10:25:32 +0800] "GET /xingrg/javascript/auto/jquery.autocomplete.css HTTP/1.1" 304 -
180.174.56.115 - - [07/Nov/2020:10:25:32 +0800] "GET /xingrg/javascript/jquery_tools/datebox.css HTTP/1.1" 304 -
180.174.56.115 - - [07/Nov/2020:10:25:32 +0800] "GET /xingrg/javascript/easyui/themes/icon.css HTTP/1.1" 304 -
180.174.56.115 - - [07/Nov/2020:10:25:32 +0800] "GET /xingrg/javascript/jquery_tools/table.css HTTP/1.1" 304 -
180.174.56.115 - - [07/Nov/2020:10:25:32 +0800] "GET /xingrg/javascript/jquery_tools/jquery.tools.hotkey.js HTTP/1.1" 304 -
180.174.56.115 - - [07/Nov/2020:10:25:32 +0800] "GET /xingrg/javascript/jquery_tools/jquery.tools.extend.js HTTP/1.1" 304 -
180.174.56.115 - - [07/Nov/2020:10:25:32 +0800] "GET /xingrg/javascript/jquery_tools/jquery.tools.table.js HTTP/1.1" 304 -
180.174.56.115 - - [07/Nov/2020:10:25:32 +0800] "GET /xingrg/javascript/jquery_tools/list_manager.js HTTP/1.1" 304 -
180.174.56.115 - - [07/Nov/2020:10:25:32 +0800] "GET /xingrg/javascript/auto/jquery.autocomplete.js HTTP/1.1" 304 -
180.174.56.115 - - [07/Nov/2020:10:25:32 +0800] "GET /xingrg/javascript/print/LodopFuncs.js HTTP/1.1" 304 -
180.174.56.115 - - [07/Nov/2020:10:25:32 +0800] "GET /xingrg/javascript/easyui/easyloader.js HTTP/1.1" 304 -
180.174.56.115 - - [07/Nov/2020:10:25:32 +0800] "GET /xingrg/kc/buy/cgsh_order_list.html HTTP/1.1" 200 44879
180.174.56.115 - - [07/Nov/2020:10:25:32 +0800] "GET /xingrg/javascript/jquery.utils.js HTTP/1.1" 304 -
180.174.56.115 - - [07/Nov/2020:10:25:32 +0800] "GET /xingrg/javascript/jquery.cookie.js HTTP/1.1" 304 -
180.174.56.115 - - [07/Nov/2020:10:25:32 +0800] "GET /xingrg/javascript/easyui/themes/icons/edit_add_new.png HTTP/1.1" 304 -
180.174.56.115 - - [07/Nov/2020:10:25:32 +0800] "GET /xingrg/javascript/easyui/themes/icons/cance_new.png HTTP/1.1" 304 -
180.174.56.115 - - [07/Nov/2020:10:25:32 +0800] "GET /xingrg/javascript/easyui/themes/icons/check_new.png HTTP/1.1" 304 -
180.174.56.115 - - [07/Nov/2020:10:25:32 +0800] "GET /xingrg/javascript/easyui/themes/icons/field_new.png HTTP/1.1" 304 -
180.174.56.115 - - [07/Nov/2020:10:25:32 +0800] "GET /xingrg/javascript/easyui/themes/icons/import_new.png HTTP/1.1" 304 -
180.174.56.115 - - [07/Nov/2020:10:25:32 +0800] "GET /xingrg/javascript/easyui/plugins/jquery.parser.js HTTP/1.1" 304 -
180.174.56.115 - - [07/Nov/2020:10:25:32 +0800] "GET /xingrg/images/control/ajaxLoader.gif HTTP/1.1" 304 -
180.174.56.115 - - [07/Nov/2020:10:25:34 +0800] "POST /xingrg/kc/buy/cgsh_list_operate.html HTTP/1.1" 200 2088
222.69.137.55 - - [07/Nov/2020:10:25:35 +0800] "POST /xingrg/services/DataTransmitService HTTP/1.1" 200 501
222.69.137.55 - - [07/Nov/2020:10:25:38 +0800] "POST /xingrg/services/DataTransmitService HTTP/1.1" 200 501
222.69.137.55 - - [07/Nov/2020:10:25:38 +0800] "POST /xingrg/services/DataTransmitService HTTP/1.1" 200 501
222.69.137.55 - - [07/Nov/2020:10:25:38 +0800] "GET /xingrg/kc/mdqp/pssh_order_list.html HTTP/1.1" 200 18056
222.69.137.55 - - [07/Nov/2020:10:25:39 +0800] "POST /xingrg/kc/mdqp/pssh_list_operate.html HTTP/1.1" 200 5116
58.40.7.146 - - [07/Nov/2020:10:25:40 +0800] "GET /xingrg/all/function/internal_message.html?_=1604715936731&CODE_STATE=getMsg HTTP/1.1" 200 27
180.174.56.115 - - [07/Nov/2020:10:25:40 +0800] "POST /xingrg/kc/buy/cgsh_list_operate.html HTTP/1.1" 200 569
222.69.137.55 - - [07/Nov/2020:10:25:40 +0800] "GET /xingrg/kc/mdqp/qqps_order_list.html HTTP/1.1" 200 9222
222.69.137.55 - - [07/Nov/2020:10:25:40 +0800] "GET /xingrg/dwr/interface/AjaxQqpsService.js HTTP/1.1" 200 16326
222.69.137.55 - - [07/Nov/2020:10:25:40 +0800] "GET /xingrg/dwr/util.js HTTP/1.1" 304 -
222.69.137.55 - - [07/Nov/2020:10:25:40 +0800] "GET /xingrg/dwr/interface/AjaxReportQueryService.js HTTP/1.1" 200 13203
222.69.137.55 - - [07/Nov/2020:10:25:40 +0800] "GET /xingrg/dwr/engine.js HTTP/1.1" 200 43631
222.69.137.55 - - [07/Nov/2020:10:25:41 +0800] "POST /xingrg/services/DataTransmitService HTTP/1.1" 200 412
180.174.56.115 - - [07/Nov/2020:10:25:41 +0800] "GET /xingrg/kc/buy/cgsh_order_info.html?code=212020110702569 HTTP/1.1" 200 60276
180.174.56.115 - - [07/Nov/2020:10:25:41 +0800] "GET /xingrg/javascript/easyui/themes/default/validatebox.css HTTP/1.1" 404 1104
180.174.56.115 - - [07/Nov/2020:10:25:42 +0800] "POST /xingrg/kc/buy/cgsh_order_operate.html HTTP/1.1" 200 10433
180.174.56.115 - - [07/Nov/2020:10:25:42 +0800] "GET /xingrg/all/function/internal_message.html?_=1604715938476&CODE_STATE=getMsg HTTP/1.1" 200 27
180.174.56.115 - - [07/Nov/2020:10:25:42 +0800] "GET /xingrg/check_reg.html?_=1604715938478 HTTP/1.1" 200 22
124.77.237.88 - - [07/Nov/2020:10:25:42 +0800] "GET /xingrg/all/function/internal_message.html?_=1604715929137&CODE_STATE=getMsg HTTP/1.1" 200 27
114.84.37.38 - - [07/Nov/2020:10:25:43 +0800] "GET /xingrg/kc/buy/cgsh_order_operate.html?command=get_materiel&rest_code=00146&code=00101005037&supplier_code=00100041&order_time=2020-11-07 HTTP/1.1" 200 409
114.84.37.38 - - [07/Nov/2020:10:25:44 +0800] "GET /xingrg/all/function/internal_message.html?_=1604715973959&CODE_STATE=getMsg HTTP/1.1" 200 27
222.69.137.55 - - [07/Nov/2020:10:25:44 +0800] "POST /xingrg/dwr/call/plaincall/AjaxReportQueryService.getFixDate.dwr HTTP/1.1" 200 111
58.40.7.146 - - [07/Nov/2020:10:25:47 +0800] "GET /xingrg/all/function/internal_message.html?_=1604715943909&CODE_STATE=getMsg HTTP/1.1" 200 27
180.157.253.48 - - [07/Nov/2020:10:25:48 +0800] "GET /xingrg/all/function/internal_message.html?_=1604715949265&CODE_STATE=getMsg HTTP/1.1" 200 27
222.69.137.55 - - [07/Nov/2020:10:25:49 +0800] "GET /xingrg/kc/mdqp/qqps_order_list.html?isQuery=1&timeSelect=2&orderTime=month&startTime=2020-11-01&endTime=2020-11-30&state=all&query=%C8%B7++%B6%A8 HTTP/1.1" 200 15813
222.69.137.55 - - [07/Nov/2020:10:25:49 +0800] "GET /xingrg/dwr/interface/AjaxReportQueryService.js HTTP/1.1" 200 13203
222.69.137.55 - - [07/Nov/2020:10:25:49 +0800] "GET /xingrg/dwr/interface/AjaxQqpsService.js HTTP/1.1" 200 16326
222.69.137.55 - - [07/Nov/2020:10:25:49 +0800] "GET /xingrg/dwr/engine.js HTTP/1.1" 200 43631
172.17.0.123 - - [07/Nov/2020:10:25:53 +0800] "GET /xingrg/all/function/internal_message.html?_=1604715904586&CODE_STATE=getMsg HTTP/1.1" 200 27
172.17.0.123 - - [07/Nov/2020:10:25:53 +0800] "GET /xingrg/check_reg.html?_=1604715904587 HTTP/1.1" 200 22
222.69.137.55 - - [07/Nov/2020:10:25:53 +0800] "GET /xingrg/kc/mdqp/qqps_order_info.html?code=302020110600119 HTTP/1.1" 200 26644
222.69.137.55 - - [07/Nov/2020:10:25:53 +0800] "GET /xingrg/dwr/interface/AjaxComOrderService.js HTTP/1.1" 200 18264
222.69.137.55 - - [07/Nov/2020:10:25:53 +0800] "GET /xingrg/dwr/interface/AjaxQqpsService.js HTTP/1.1" 200 16326
222.69.137.55 - - [07/Nov/2020:10:25:53 +0800] "GET /xingrg/dwr/engine.js HTTP/1.1" 200 43631
222.69.137.55 - - [07/Nov/2020:10:25:54 +0800] "POST /xingrg/dwr/call/plaincall/AjaxQqpsService.loadMaterielItems.dwr HTTP/1.1" 200 7116
117.185.32.26 - - [07/Nov/2020:10:25:54 +0800] "GET /xingrg/all/function/internal_message.html?_=1604716374531&CODE_STATE=getMsg HTTP/1.1" 200 27
114.95.230.91 - - [07/Nov/2020:10:26:00 +0800] "GET /xingrg/check_reg.html?_=1604716178907 HTTP/1.1" 200 22
114.84.37.38 - - [07/Nov/2020:10:26:00 +0800] "POST /xingrg/kc/buy/cgsh_order_operate.html HTTP/1.1" 200 37
114.95.230.91 - - [07/Nov/2020:10:26:00 +0800] "GET /xingrg/all/function/internal_message.html?_=1604716179079&CODE_STATE=getMsg HTTP/1.1" 200 27
114.84.37.38 - - [07/Nov/2020:10:26:01 +0800] "POST /xingrg/kc/buy/cgsh_order_operate.html HTTP/1.1" 200 3833
172.17.0.185 - - [07/Nov/2020:10:26:03 +0800] "GET /xingrg/all/function/internal_message.html?_=1604715960080&CODE_STATE=getMsg HTTP/1.1" 200 27
222.69.137.55 - - [07/Nov/2020:10:26:04 +0800] "GET /xingrg/images/yd/bt.gif HTTP/1.1" 404 1040
222.69.137.55 - - [07/Nov/2020:10:26:04 +0800] "GET /xingrg/images/yd/bt2.gif HTTP/1.1" 404 1042
180.162.245.190 - - [07/Nov/2020:10:26:04 +0800] "POST /xingrg/kc/buy/cgsh_order_operate.html HTTP/1.1" 200 37
222.69.137.55 - - [07/Nov/2020:10:26:05 +0800] "GET /xingrg/kc/mdqp/qqps_order_list.html?isBack=1 HTTP/1.1" 302 -
222.69.137.55 - - [07/Nov/2020:10:26:05 +0800] "GET /xingrg/kc/mdqp/qqps_order_list.html?isQuery=1&timeSelect=2&orderTime=month&startTime=2020-11-01&endTime=2020-11-30&state=all&query=%C8%B7++%B6%A8 HTTP/1.1" 200 15813
222.69.137.55 - - [07/Nov/2020:10:26:05 +0800] "GET /xingrg/dwr/interface/AjaxQqpsService.js HTTP/1.1" 200 16326
222.69.137.55 - - [07/Nov/2020:10:26:05 +0800] "GET /xingrg/dwr/interface/AjaxReportQueryService.js HTTP/1.1" 200 13203
222.69.137.55 - - [07/Nov/2020:10:26:05 +0800] "GET /xingrg/dwr/engine.js HTTP/1.1" 200 43631
180.162.245.190 - - [07/Nov/2020:10:26:05 +0800] "GET /xingrg/all/function/internal_message.html?_=1604715962759&CODE_STATE=getMsg HTTP/1.1" 200 27
180.162.245.190 - - [07/Nov/2020:10:26:05 +0800] "GET /xingrg/check_reg.html?_=1604715962765 HTTP/1.1" 200 22
180.162.245.190 - - [07/Nov/2020:10:26:06 +0800] "POST /xingrg/kc/buy/cgsh_order_operate.html HTTP/1.1" 200 2659
180.174.56.115 - - [07/Nov/2020:10:26:07 +0800] "POST /xingrg/kc/buy/cgsh_order_operate.html HTTP/1.1" 200 37
114.84.37.38 - - [07/Nov/2020:10:26:10 +0800] "GET /xingrg/kc/print/load_data.html?order_code=212020110702580&kc_code=cgsh&condition= HTTP/1.1" 200 1138
222.69.137.55 - - [07/Nov/2020:10:26:12 +0800] "GET /xingrg/kc/mdqp/qqps_order_info.html?code=302020110600145 HTTP/1.1" 200 26640
222.69.137.55 - - [07/Nov/2020:10:26:12 +0800] "GET /xingrg/dwr/interface/AjaxComOrderService.js HTTP/1.1" 200 18264
222.69.137.55 - - [07/Nov/2020:10:26:12 +0800] "GET /xingrg/dwr/interface/AjaxQqpsService.js HTTP/1.1" 200 16326
222.69.137.55 - - [07/Nov/2020:10:26:12 +0800] "GET /xingrg/dwr/engine.js HTTP/1.1" 200 43631
222.69.137.55 - - [07/Nov/2020:10:26:13 +0800] "POST /xingrg/dwr/call/plaincall/AjaxQqpsService.loadMaterielItems.dwr HTTP/1.1" 200 658
222.69.137.55 - - [07/Nov/2020:10:26:15 +0800] "GET /xingrg/kc/mdqp/qqps_order_list.html?isBack=1 HTTP/1.1" 302 -
222.69.137.55 - - [07/Nov/2020:10:26:15 +0800] "GET /xingrg/kc/mdqp/qqps_order_list.html?isQuery=1&timeSelect=2&orderTime=month&startTime=2020-11-01&endTime=2020-11-30&state=all&query=%C8%B7++%B6%A8 HTTP/1.1" 200 15813
222.69.137.55 - - [07/Nov/2020:10:26:15 +0800] "GET /xingrg/dwr/interface/AjaxReportQueryService.js HTTP/1.1" 200 13203
222.69.137.55 - - [07/Nov/2020:10:26:15 +0800] "GET /xingrg/dwr/interface/AjaxQqpsService.js HTTP/1.1" 200 16326
222.69.137.55 - - [07/Nov/2020:10:26:15 +0800] "GET /xingrg/dwr/engine.js HTTP/1.1" 200 43631
222.69.137.55 - - [07/Nov/2020:10:26:16 +0800] "GET /xingrg/all/function/internal_message.html?_=1604715970258&CODE_STATE=getMsg HTTP/1.1" 200 27
222.69.137.55 - - [07/Nov/2020:10:26:16 +0800] "GET /xingrg/kc/mdqp/qqps_order_info.html?code=302020110600144 HTTP/1.1" 200 26640
222.69.137.55 - - [07/Nov/2020:10:26:17 +0800] "GET /xingrg/dwr/interface/AjaxComOrderService.js HTTP/1.1" 200 18264
222.69.137.55 - - [07/Nov/2020:10:26:17 +0800] "GET /xingrg/dwr/interface/AjaxQqpsService.js HTTP/1.1" 200 16326
222.69.137.55 - - [07/Nov/2020:10:26:17 +0800] "GET /xingrg/dwr/engine.js HTTP/1.1" 200 43631
222.69.137.55 - - [07/Nov/2020:10:26:17 +0800] "POST /xingrg/dwr/call/plaincall/AjaxQqpsService.loadMaterielItems.dwr HTTP/1.1" 200 744
114.88.166.242 - - [07/Nov/2020:10:26:18 +0800] "GET /xingrg/all/function/internal_message.html?_=1604715973789&CODE_STATE=getMsg HTTP/1.1" 200 27
180.174.56.115 - - [07/Nov/2020:10:26:19 +0800] "POST /xingrg/kc/buy/cgsh_order_operate.html HTTP/1.1" 200 12
180.174.56.115 - - [07/Nov/2020:10:26:20 +0800] "GET /xingrg/kc/buy/cgsh_order_info.html?code=212020110702569 HTTP/1.1" 200 55174
180.174.56.115 - - [07/Nov/2020:10:26:21 +0800] "GET /xingrg/javascript/easyui/themes/default/validatebox.css HTTP/1.1" 404 1104
180.174.56.115 - - [07/Nov/2020:10:26:21 +0800] "GET /xingrg/check_reg.html?_=1604715936551 HTTP/1.1" 200 22
180.174.56.115 - - [07/Nov/2020:10:26:21 +0800] "GET /xingrg/all/function/internal_message.html?_=1604715936552&CODE_STATE=getMsg HTTP/1.1" 200 27
180.174.56.115 - - [07/Nov/2020:10:26:21 +0800] "POST /xingrg/kc/buy/cgsh_order_operate.html HTTP/1.1" 200 8377
222.69.137.55 - - [07/Nov/2020:10:26:21 +0800] "GET /xingrg/kc/mdqp/qqps_order_list.html?isBack=1 HTTP/1.1" 302 -
222.69.137.55 - - [07/Nov/2020:10:26:21 +0800] "GET /xingrg/kc/mdqp/qqps_order_list.html?isQuery=1&timeSelect=2&orderTime=month&startTime=2020-11-01&endTime=2020-11-30&state=all&query=%C8%B7++%B6%A8 HTTP/1.1" 200 15813
222.69.137.55 - - [07/Nov/2020:10:26:21 +0800] "GET /xingrg/dwr/interface/AjaxReportQueryService.js HTTP/1.1" 200 13203
222.69.137.55 - - [07/Nov/2020:10:26:21 +0800] "GET /xingrg/dwr/interface/AjaxQqpsService.js HTTP/1.1" 200 16326
222.69.137.55 - - [07/Nov/2020:10:26:21 +0800] "GET /xingrg/dwr/engine.js HTTP/1.1" 200 43631
180.162.245.190 - - [07/Nov/2020:10:26:22 +0800] "GET /xingrg/all/function/internal_message.html?_=1604715960553&CODE_STATE=getMsg HTTP/1.1" 200 27
117.185.32.26 - - [07/Nov/2020:10:26:22 +0800] "GET /xingrg/all/function/internal_message.html?_=1604715975770&CODE_STATE=getMsg HTTP/1.1" 200 27
180.174.56.115 - - [07/Nov/2020:10:26:22 +0800] "GET /xingrg/kc/print/load_data.html?order_code=212020110702569&kc_code=cgsh&condition= HTTP/1.1" 200 3712
58.221.95.50 - - [07/Nov/2020:10:26:27 +0800] "GET /xingrg/all/function/internal_message.html?_=1604716172529&CODE_STATE=getMsg HTTP/1.1" 200 27
120.253.135.82 - - [07/Nov/2020:10:26:29 +0800] "GET /xingrg/all/function/internal_message.html?_=1604715732168&CODE_STATE=getMsg HTTP/1.1" 200 27
222.69.137.55 - - [07/Nov/2020:10:26:39 +0800] "POST /xingrg/kc/mdqp/pssh_list_operate.html HTTP/1.1" 200 4631
222.69.137.55 - - [07/Nov/2020:10:26:40 +0800] "POST /xingrg/kc/mdqp/pssh_list_operate.html HTTP/1.1" 200 4631
58.40.7.146 - - [07/Nov/2020:10:26:40 +0800] "GET /xingrg/all/function/internal_message.html?_=1604715996735&CODE_STATE=getMsg HTTP/1.1" 200 27
180.174.56.115 - - [07/Nov/2020:10:26:40 +0800] "POST /xingrg/kc/buy/cgsh_list_operate.html HTTP/1.1" 200 565
180.174.56.115 - - [07/Nov/2020:10:26:41 +0800] "GET /xingrg/kc/buy/cgsh_order_info.html?code=212020110702521 HTTP/1.1" 200 60276
180.174.56.115 - - [07/Nov/2020:10:26:41 +0800] "GET /xingrg/javascript/easyui/themes/default/validatebox.css HTTP/1.1" 404 1104
180.174.56.115 - - [07/Nov/2020:10:26:41 +0800] "POST /xingrg/kc/buy/cgsh_order_operate.html HTTP/1.1" 200 30146
180.174.56.115 - - [07/Nov/2020:10:26:42 +0800] "GET /xingrg/all/function/internal_message.html?_=1604715998477&CODE_STATE=getMsg HTTP/1.1" 200 27
124.77.237.88 - - [07/Nov/2020:10:26:42 +0800] "GET /xingrg/all/function/internal_message.html?_=1604715989130&CODE_STATE=getMsg HTTP/1.1" 200 27
180.157.253.48 - - [07/Nov/2020:10:26:44 +0800] "GET /xingrg/check_reg.html?_=1604716005310 HTTP/1.1" 200 22
114.84.37.38 - - [07/Nov/2020:10:26:44 +0800] "GET /xingrg/all/function/internal_message.html?_=1604716034113&CODE_STATE=getMsg HTTP/1.1" 200 27
58.40.7.146 - - [07/Nov/2020:10:26:47 +0800] "GET /xingrg/all/function/internal_message.html?_=1604716003896&CODE_STATE=getMsg HTTP/1.1" 200 27
180.157.253.48 - - [07/Nov/2020:10:26:48 +0800] "GET /xingrg/all/function/internal_message.html?_=1604716009246&CODE_STATE=getMsg HTTP/1.1" 200 27
172.17.0.123 - - [07/Nov/2020:10:26:53 +0800] "GET /xingrg/all/function/internal_message.html?_=1604715964588&CODE_STATE=getMsg HTTP/1.1" 200 27
117.185.32.26 - - [07/Nov/2020:10:26:54 +0800] "GET /xingrg/all/function/internal_message.html?_=1604716434534&CODE_STATE=getMsg HTTP/1.1" 200 27
117.185.32.26 - - [07/Nov/2020:10:26:54 +0800] "GET /xingrg/check_reg.html?_=1604716434531 HTTP/1.1" 200 22
114.95.230.91 - - [07/Nov/2020:10:27:00 +0800] "GET /xingrg/all/function/internal_message.html?_=1604716239094&CODE_STATE=getMsg HTTP/1.1" 200 27
172.17.0.185 - - [07/Nov/2020:10:27:03 +0800] "GET /xingrg/check_reg.html?_=1604716020084 HTTP/1.1" 200 22
172.17.0.185 - - [07/Nov/2020:10:27:03 +0800] "GET /xingrg/all/function/internal_message.html?_=1604716020089&CODE_STATE=getMsg HTTP/1.1" 200 27
180.162.245.190 - - [07/Nov/2020:10:27:05 +0800] "GET /xingrg/all/function/internal_message.html?_=1604716022758&CODE_STATE=getMsg HTTP/1.1" 200 27
114.95.230.91 - - [07/Nov/2020:10:27:11 +0800] "POST /xingrg/services/DataTransmitService HTTP/1.1" 200 524
114.95.230.91 - - [07/Nov/2020:10:27:11 +0800] "POST /xingrg/services/DataTransmitService HTTP/1.1" 200 501
222.69.137.55 - - [07/Nov/2020:10:27:16 +0800] "GET /xingrg/all/function/internal_message.html?_=1604716030238&CODE_STATE=getMsg HTTP/1.1" 200 27
114.88.166.242 - - [07/Nov/2020:10:27:18 +0800] "GET /xingrg/check_reg.html?_=1604716033445 HTTP/1.1" 200 22
114.88.166.242 - - [07/Nov/2020:10:27:18 +0800] "GET /xingrg/all/function/internal_message.html?_=1604716033804&CODE_STATE=getMsg HTTP/1.1" 200 27
180.174.56.115 - - [07/Nov/2020:10:27:21 +0800] "GET /xingrg/all/function/internal_message.html?_=1604715996565&CODE_STATE=getMsg HTTP/1.1" 200 27
180.162.245.190 - - [07/Nov/2020:10:27:21 +0800] "GET /xingrg/all/function/internal_message.html?_=1604716020538&CODE_STATE=getMsg HTTP/1.1" 200 27
117.185.32.26 - - [07/Nov/2020:10:27:22 +0800] "GET /xingrg/all/function/internal_message.html?_=1604716035772&CODE_STATE=getMsg HTTP/1.1" 200 27
58.221.95.50 - - [07/Nov/2020:10:27:26 +0800] "GET /xingrg/all/function/internal_message.html?_=1604716232531&CODE_STATE=getMsg HTTP/1.1" 200 27
120.253.135.82 - - [07/Nov/2020:10:27:29 +0800] "GET /xingrg/all/function/internal_message.html?_=1604715792211&CODE_STATE=getMsg HTTP/1.1" 200 27
58.40.7.146 - - [07/Nov/2020:10:27:40 +0800] "GET /xingrg/all/function/internal_message.html?_=1604716056738&CODE_STATE=getMsg HTTP/1.1" 200 27
58.40.7.146 - - [07/Nov/2020:10:27:40 +0800] "GET /xingrg/check_reg.html?_=1604716056741 HTTP/1.1" 200 22
180.174.56.115 - - [07/Nov/2020:10:27:42 +0800] "GET /xingrg/all/function/internal_message.html?_=1604716058490&CODE_STATE=getMsg HTTP/1.1" 200 27
124.77.237.88 - - [07/Nov/2020:10:27:42 +0800] "GET /xingrg/all/function/internal_message.html?_=1604716049131&CODE_STATE=getMsg HTTP/1.1" 200 27
114.84.37.38 - - [07/Nov/2020:10:27:44 +0800] "GET /xingrg/all/function/internal_message.html?_=1604716094127&CODE_STATE=getMsg HTTP/1.1" 200 27
58.40.7.146 - - [07/Nov/2020:10:27:47 +0800] "GET /xingrg/all/function/internal_message.html?_=1604716063900&CODE_STATE=getMsg HTTP/1.1" 200 27
180.157.253.48 - - [07/Nov/2020:10:27:48 +0800] "GET /xingrg/all/function/internal_message.html?_=1604716069241&CODE_STATE=getMsg HTTP/1.1" 200 27
172.17.0.123 - - [07/Nov/2020:10:27:53 +0800] "GET /xingrg/all/function/internal_message.html?_=1604716024576&CODE_STATE=getMsg HTTP/1.1" 200 27
117.185.32.26 - - [07/Nov/2020:10:27:54 +0800] "GET /xingrg/all/function/internal_message.html?_=1604716494532&CODE_STATE=getMsg HTTP/1.1" 200 27
114.95.230.91 - - [07/Nov/2020:10:28:00 +0800] "GET /xingrg/all/function/internal_message.html?_=1604716299125&CODE_STATE=getMsg HTTP/1.1" 200 27
172.17.0.185 - - [07/Nov/2020:10:28:03 +0800] "GET /xingrg/all/function/internal_message.html?_=1604716080077&CODE_STATE=getMsg HTTP/1.1" 200 27
58.221.95.50 - - [07/Nov/2020:10:28:05 +0800] "GET /xingrg/check_reg.html?_=1604716271263 HTTP/1.1" 200 22
180.162.245.190 - - [07/Nov/2020:10:28:05 +0800] "GET /xingrg/all/function/internal_message.html?_=1604716082758&CODE_STATE=getMsg HTTP/1.1" 200 27
180.157.253.48 - - [07/Nov/2020:10:28:14 +0800] "POST /xingrg/services/DataTransmitService HTTP/1.1" 200 524
180.157.253.48 - - [07/Nov/2020:10:28:14 +0800] "POST /xingrg/services/DataTransmitService HTTP/1.1" 200 1955
180.157.253.48 - - [07/Nov/2020:10:28:14 +0800] "POST /xingrg/services/DataTransmitService HTTP/1.1" 200 150323
222.69.137.55 - - [07/Nov/2020:10:28:16 +0800] "GET /xingrg/all/function/internal_message.html?_=1604716090223&CODE_STATE=getMsg HTTP/1.1" 200 27
114.88.166.242 - - [07/Nov/2020:10:28:18 +0800] "GET /xingrg/all/function/internal_message.html?_=1604716093817&CODE_STATE=getMsg HTTP/1.1" 200 27
180.174.56.115 - - [07/Nov/2020:10:28:21 +0800] "GET /xingrg/all/function/internal_message.html?_=1604716056579&CODE_STATE=getMsg HTTP/1.1" 200 27
180.162.245.190 - - [07/Nov/2020:10:28:21 +0800] "GET /xingrg/all/function/internal_message.html?_=1604716080524&CODE_STATE=getMsg HTTP/1.1" 200 27
180.162.245.190 - - [07/Nov/2020:10:28:22 +0800] "GET /xingrg/check_reg.html?_=1604716080589 HTTP/1.1" 200 22
117.185.32.26 - - [07/Nov/2020:10:28:22 +0800] "GET /xingrg/all/function/internal_message.html?_=1604716095774&CODE_STATE=getMsg HTTP/1.1" 200 27
117.185.32.26 - - [07/Nov/2020:10:28:22 +0800] "GET /xingrg/check_reg.html?_=1604716095771 HTTP/1.1" 200 22
180.174.56.115 - - [07/Nov/2020:10:28:24 +0800] "POST /xingrg/kc/buy/cgsh_order_operate.html HTTP/1.1" 200 37
58.221.95.50 - - [07/Nov/2020:10:28:26 +0800] "GET /xingrg/all/function/internal_message.html?_=1604716292529&CODE_STATE=getMsg HTTP/1.1" 200 27
180.174.56.115 - - [07/Nov/2020:10:28:27 +0800] "POST /xingrg/kc/buy/cgsh_order_operate.html HTTP/1.1" 200 30149
120.253.135.82 - - [07/Nov/2020:10:28:30 +0800] "GET /xingrg/all/function/internal_message.html?_=1604715852225&CODE_STATE=getMsg HTTP/1.1" 200 27
172.17.0.123 - - [07/Nov/2020:10:28:32 +0800] "GET /favicon.ico HTTP/1.1" 404 -
58.40.7.146 - - [07/Nov/2020:10:28:40 +0800] "GET /xingrg/all/function/internal_message.html?_=1604716116742&CODE_STATE=getMsg HTTP/1.1" 200 27
114.88.166.242 - - [07/Nov/2020:10:28:41 +0800] "POST /xingrg/services/DataTransmitService HTTP/1.1" 200 524
180.174.56.115 - - [07/Nov/2020:10:28:42 +0800] "GET /xingrg/all/function/internal_message.html?_=1604716118490&CODE_STATE=getMsg HTTP/1.1" 200 27
124.77.237.88 - - [07/Nov/2020:10:28:43 +0800] "GET /xingrg/all/function/internal_message.html?_=1604716109129&CODE_STATE=getMsg HTTP/1.1" 200 27
114.84.37.38 - - [07/Nov/2020:10:28:44 +0800] "GET /xingrg/all/function/internal_message.html?_=1604716154283&CODE_STATE=getMsg HTTP/1.1" 200 27
117.185.32.26 - - [07/Nov/2020:10:28:46 +0800] "GET /favicon.ico HTTP/1.1" 404 -
58.40.7.146 - - [07/Nov/2020:10:28:47 +0800] "GET /xingrg/all/function/internal_message.html?_=1604716123904&CODE_STATE=getMsg HTTP/1.1" 200 27
58.40.7.146 - - [07/Nov/2020:10:28:47 +0800] "GET /xingrg/check_reg.html?_=1604716123907 HTTP/1.1" 200 22
180.157.253.48 - - [07/Nov/2020:10:28:48 +0800] "GET /xingrg/all/function/internal_message.html?_=1604716129217&CODE_STATE=getMsg HTTP/1.1" 200 27
172.17.0.123 - - [07/Nov/2020:10:28:53 +0800] "GET /xingrg/all/function/internal_message.html?_=1604716084580&CODE_STATE=getMsg HTTP/1.1" 200 27
117.185.32.26 - - [07/Nov/2020:10:28:54 +0800] "GET /xingrg/all/function/internal_message.html?_=1604716554531&CODE_STATE=getMsg HTTP/1.1" 200 27
114.95.230.91 - - [07/Nov/2020:10:29:00 +0800] "GET /xingrg/all/function/internal_message.html?_=1604716359153&CODE_STATE=getMsg HTTP/1.1" 200 27
172.17.0.185 - - [07/Nov/2020:10:29:03 +0800] "GET /xingrg/all/function/internal_message.html?_=1604716140085&CODE_STATE=getMsg HTTP/1.1" 200 27
180.162.245.190 - - [07/Nov/2020:10:29:05 +0800] "GET /xingrg/all/function/internal_message.html?_=1604716142759&CODE_STATE=getMsg HTTP/1.1" 200 27
222.69.137.55 - - [07/Nov/2020:10:29:16 +0800] "GET /xingrg/all/function/internal_message.html?_=1604716150210&CODE_STATE=getMsg HTTP/1.1" 200 27
114.88.166.242 - - [07/Nov/2020:10:29:18 +0800] "GET /xingrg/all/function/internal_message.html?_=1604716153824&CODE_STATE=getMsg HTTP/1.1" 200 27
120.253.135.82 - - [07/Nov/2020:10:29:18 +0800] "GET /xingrg/check_reg.html?_=1604715900948 HTTP/1.1" 200 22
180.174.56.115 - - [07/Nov/2020:10:29:21 +0800] "GET /xingrg/all/function/internal_message.html?_=1604716116709&CODE_STATE=getMsg HTTP/1.1" 200 27
180.162.245.190 - - [07/Nov/2020:10:29:21 +0800] "GET /xingrg/all/function/internal_message.html?_=1604716140496&CODE_STATE=getMsg HTTP/1.1" 200 27
117.185.32.26 - - [07/Nov/2020:10:29:22 +0800] "GET /xingrg/all/function/internal_message.html?_=1604716155773&CODE_STATE=getMsg HTTP/1.1" 200 27
114.84.145.85 - - [07/Nov/2020:10:29:26 +0800] "GET /xingrg/kc/buy/buy_main.html HTTP/1.1" 302 -
114.84.145.85 - - [07/Nov/2020:10:29:26 +0800] "GET /xingrg/login.html HTTP/1.1" 200 7641
114.84.145.85 - - [07/Nov/2020:10:29:26 +0800] "GET /xingrg/login.html HTTP/1.1" 200 7641
114.84.145.85 - - [07/Nov/2020:10:29:26 +0800] "GET /favicon.ico HTTP/1.1" 404 -
58.221.95.50 - - [07/Nov/2020:10:29:26 +0800] "GET /xingrg/all/function/internal_message.html?_=1604716352529&CODE_STATE=getMsg HTTP/1.1" 200 27
114.84.145.85 - - [07/Nov/2020:10:29:27 +0800] "POST /xingrg/login.do HTTP/1.1" 302 -
114.84.145.85 - - [07/Nov/2020:10:29:27 +0800] "GET /xingrg/index.html?sysBaseUrl=http%3A%2F%2F180.169.147.146%3A18081%2Fxingrg%2F&costTime=39×tamp=1604716167530 HTTP/1.1" 200 17179
114.84.145.85 - - [07/Nov/2020:10:29:27 +0800] "GET /favicon.ico HTTP/1.1" 404 -
114.84.145.85 - - [07/Nov/2020:10:29:27 +0800] "POST /xingrg/all/common/load_tree.html?tree=area_rest_tree_json&manage=1 HTTP/1.1" 200 351
114.84.145.85 - - [07/Nov/2020:10:29:27 +0800] "GET /xingrg/all/function/internal_message.html?_=1604715754674&CODE_STATE=count HTTP/1.1" 200 11
114.84.145.85 - - [07/Nov/2020:10:29:27 +0800] "GET /xingrg/check_reg.html?_=1604715754675 HTTP/1.1" 200 22
114.84.145.85 - - [07/Nov/2020:10:29:27 +0800] "POST /xingrg/load_menu.html HTTP/1.1" 200 5138
114.84.145.85 - - [07/Nov/2020:10:29:29 +0800] "GET /xingrg/kc/buy/buy_main.html HTTP/1.1" 200 12412
114.84.145.85 - - [07/Nov/2020:10:29:29 +0800] "GET /xingrg/css/new_ie.css HTTP/1.1" 404 1036
120.253.135.82 - - [07/Nov/2020:10:29:30 +0800] "GET /xingrg/all/function/internal_message.html?_=1604715912240&CODE_STATE=getMsg HTTP/1.1" 200 27
116.232.49.212 - - [07/Nov/2020:10:29:39 +0800] "POST /xingrg/services/DataTransmitService HTTP/1.1" 200 524
116.232.49.212 - - [07/Nov/2020:10:29:39 +0800] "POST /xingrg/services/DataTransmitService HTTP/1.1" 200 501
116.232.49.212 - - [07/Nov/2020:10:29:40 +0800] "POST /xingrg/services/DataTransmitService HTTP/1.1" 200 501
58.40.7.146 - - [07/Nov/2020:10:29:40 +0800] "GET /xingrg/all/function/internal_message.html?_=1604716176744&CODE_STATE=getMsg HTTP/1.1" 200 27
116.232.49.212 - - [07/Nov/2020:10:29:40 +0800] "POST /xingrg/services/DataTransmitService HTTP/1.1" 200 501
116.232.49.212 - - [07/Nov/2020:10:29:40 +0800] "POST /xingrg/services/DataTransmitService HTTP/1.1" 200 501
116.232.49.212 - - [07/Nov/2020:10:29:40 +0800] "POST /xingrg/services/DataTransmitService HTTP/1.1" 200 501
116.232.49.212 - - [07/Nov/2020:10:29:41 +0800] "POST /xingrg/services/DataTransmitService HTTP/1.1" 200 501
116.232.49.212 - - [07/Nov/2020:10:29:42 +0800] "POST /xingrg/services/DataTransmitService HTTP/1.1" 200 501
180.174.56.115 - - [07/Nov/2020:10:29:42 +0800] "GET /xingrg/all/function/internal_message.html?_=1604716178491&CODE_STATE=getMsg HTTP/1.1" 200 27
124.77.237.88 - - [07/Nov/2020:10:29:42 +0800] "GET /xingrg/all/function/internal_message.html?_=1604716169129&CODE_STATE=getMsg HTTP/1.1" 200 27
124.77.237.88 - - [07/Nov/2020:10:29:42 +0800] "GET /xingrg/check_reg.html?_=1604716169131 HTTP/1.1" 200 22
114.84.37.38 - - [07/Nov/2020:10:29:43 +0800] "GET /xingrg/check_reg.html?_=1604716212428 HTTP/1.1" 200 22
116.232.49.212 - - [07/Nov/2020:10:29:44 +0800] "POST /xingrg/services/DataTransmitService HTTP/1.1" 200 412
114.84.37.38 - - [07/Nov/2020:10:29:45 +0800] "GET /xingrg/all/function/internal_message.html?_=1604716214429&CODE_STATE=getMsg HTTP/1.1" 200 27
58.40.7.146 - - [07/Nov/2020:10:29:47 +0800] "GET /xingrg/all/function/internal_message.html?_=1604716183908&CODE_STATE=getMsg HTTP/1.1" 200 27
180.157.253.48 - - [07/Nov/2020:10:29:48 +0800] "GET /xingrg/all/function/internal_message.html?_=1604716189212&CODE_STATE=getMsg HTTP/1.1" 200 27
114.84.145.85 - - [07/Nov/2020:10:29:48 +0800] "GET /xingrg/images/yd/bt.gif HTTP/1.1" 404 1040
114.84.145.85 - - [07/Nov/2020:10:29:49 +0800] "GET /xingrg/kc/buy/cgsh_order_list.html HTTP/1.1" 200 44881
114.84.145.85 - - [07/Nov/2020:10:29:50 +0800] "POST /xingrg/kc/buy/cgsh_list_operate.html HTTP/1.1" 200 876
114.84.145.85 - - [07/Nov/2020:10:29:52 +0800] "GET /xingrg/kc/buy/cgsh_order_add.html HTTP/1.1" 200 60619
114.84.145.85 - - [07/Nov/2020:10:29:52 +0800] "GET /xingrg/words/20201106115742_words.js HTTP/1.1" 304 -
114.84.145.85 - - [07/Nov/2020:10:29:52 +0800] "GET /xingrg/all/common/auto_word.html?type=employee&rest_code=00141 HTTP/1.1" 200 201
114.84.145.85 - - [07/Nov/2020:10:29:52 +0800] "GET /xingrg/all/common/auto_word.html?type=employee&rest_code=00141 HTTP/1.1" 200 201
114.84.145.85 - - [07/Nov/2020:10:29:52 +0800] "GET /xingrg/javascript/easyui/themes/default/validatebox.css HTTP/1.1" 404 1104
114.84.145.85 - - [07/Nov/2020:10:29:52 +0800] "POST /xingrg/kc/buy/cgsh_order_operate.html HTTP/1.1" 200 8245
172.17.0.123 - - [07/Nov/2020:10:29:53 +0800] "GET /xingrg/all/function/internal_message.html?_=1604716144583&CODE_STATE=getMsg HTTP/1.1" 200 27
117.185.32.26 - - [07/Nov/2020:10:29:54 +0800] "GET /xingrg/all/function/internal_message.html?_=1604716614531&CODE_STATE=getMsg HTTP/1.1" 200 27
114.95.230.91 - - [07/Nov/2020:10:30:00 +0800] "GET /xingrg/all/function/internal_message.html?_=1604716419166&CODE_STATE=getMsg HTTP/1.1" 200 27
