114.84.37.38 - - [07/Nov/2020:09:12:23 +0800] "GET /xingrg/kc/buy/cgsh_order_operate.html?command=get_materiel&rest_code=00146&code=00101008236&supplier_code=00100005&order_time=2020-11-07 HTTP/1.1" 200 417
58.221.95.50 - - [07/Nov/2020:09:12:26 +0800] "GET /xingrg/all/function/internal_message.html?_=1604711732395&CODE_STATE=getMsg HTTP/1.1" 200 27
180.157.253.48 - - [07/Nov/2020:09:12:28 +0800] "GET /xingrg/kc/buy/cgsh_order_operate.html?command=get_materiel&rest_code=00148&code=00101016025&supplier_code=00100036&order_time=2020-11-07 HTTP/1.1" 200 408
114.84.37.38 - - [07/Nov/2020:09:12:35 +0800] "GET /xingrg/kc/buy/cgsh_order_operate.html?command=get_materiel&rest_code=00146&code=00101008323&supplier_code=00100005&order_time=2020-11-07 HTTP/1.1" 200 408
58.40.7.146 - - [07/Nov/2020:09:12:40 +0800] "GET /xingrg/check_reg.html?_=1604711556718 HTTP/1.1" 200 22
58.40.7.146 - - [07/Nov/2020:09:12:40 +0800] "GET /xingrg/all/function/internal_message.html?_=1604711556719&CODE_STATE=getMsg HTTP/1.1" 200 27
180.174.56.115 - - [07/Nov/2020:09:12:42 +0800] "GET /xingrg/all/function/internal_message.html?_=1604711558135&CODE_STATE=getMsg HTTP/1.1" 200 27
114.84.37.38 - - [07/Nov/2020:09:12:42 +0800] "GET /xingrg/all/function/internal_message.html?_=1604711591470&CODE_STATE=getMsg HTTP/1.1" 200 27
114.88.166.242 - - [07/Nov/2020:09:12:43 +0800] "GET /xingrg/all/function/internal_message.html?_=1604711661327&CODE_STATE=getMsg HTTP/1.1" 200 27
124.77.237.88 - - [07/Nov/2020:09:12:43 +0800] "GET /xingrg/all/function/internal_message.html?_=1604711549319&CODE_STATE=getMsg HTTP/1.1" 200 27
180.157.253.48 - - [07/Nov/2020:09:12:44 +0800] "GET /xingrg/all/function/internal_message.html?_=1604711565350&CODE_STATE=getMsg HTTP/1.1" 200 27
114.84.37.38 - - [07/Nov/2020:09:12:45 +0800] "GET /xingrg/kc/buy/cgsh_order_operate.html?command=get_materiel&rest_code=00146&code=00101008223&supplier_code=00100005&order_time=2020-11-07 HTTP/1.1" 200 412
58.40.7.146 - - [07/Nov/2020:09:12:47 +0800] "GET /xingrg/all/function/internal_message.html?_=1604711563839&CODE_STATE=getMsg HTTP/1.1" 200 27
180.157.253.48 - - [07/Nov/2020:09:12:51 +0800] "GET /xingrg/kc/buy/cgsh_order_operate.html?command=get_materiel&rest_code=00148&code=00101001007&supplier_code=00100036&order_time=2020-11-07 HTTP/1.1" 200 412
172.17.0.123 - - [07/Nov/2020:09:12:53 +0800] "GET /xingrg/all/function/internal_message.html?_=1604711524578&CODE_STATE=getMsg HTTP/1.1" 200 27
120.253.135.82 - - [07/Nov/2020:09:12:53 +0800] "GET /xingrg/all/function/internal_message.html?_=1604711316185&CODE_STATE=getMsg HTTP/1.1" 200 27
180.162.245.190 - - [07/Nov/2020:09:12:57 +0800] "GET /xingrg/all/function/internal_message.html?_=1604711574056&CODE_STATE=getMsg HTTP/1.1" 200 27
114.84.37.38 - - [07/Nov/2020:09:12:59 +0800] "GET /xingrg/kc/buy/cgsh_order_operate.html?command=get_materiel&rest_code=00146&code=00101008061&supplier_code=00100005&order_time=2020-11-07 HTTP/1.1" 200 422
172.17.0.185 - - [07/Nov/2020:09:13:03 +0800] "GET /xingrg/all/function/internal_message.html?_=1604711580075&CODE_STATE=getMsg HTTP/1.1" 200 27
58.221.95.50 - - [07/Nov/2020:09:13:05 +0800] "GET /xingrg/check_reg.html?_=1604711771504 HTTP/1.1" 200 22
180.161.96.95 - - [07/Nov/2020:09:13:11 +0800] "GET /xingrg/all/function/internal_message.html?_=1604711809980&CODE_STATE=getMsg HTTP/1.1" 200 27
180.174.56.115 - - [07/Nov/2020:09:13:14 +0800] "GET /xingrg/all/function/internal_message.html?_=1604711549819&CODE_STATE=getMsg HTTP/1.1" 200 27
222.69.137.55 - - [07/Nov/2020:09:13:17 +0800] "GET /xingrg/all/function/internal_message.html?_=1604711591070&CODE_STATE=getMsg HTTP/1.1" 200 27
114.84.37.38 - - [07/Nov/2020:09:13:21 +0800] "POST /xingrg/kc/buy/cgsh_order_operate.html HTTP/1.1" 200 2065
180.162.245.190 - - [07/Nov/2020:09:13:21 +0800] "GET /xingrg/check_reg.html?_=1604711580392 HTTP/1.1" 200 22
180.162.245.190 - - [07/Nov/2020:09:13:21 +0800] "GET /xingrg/all/function/internal_message.html?_=1604711580395&CODE_STATE=getMsg HTTP/1.1" 200 27
58.221.95.50 - - [07/Nov/2020:09:13:26 +0800] "GET /xingrg/all/function/internal_message.html?_=1604711792397&CODE_STATE=getMsg HTTP/1.1" 200 27
114.84.37.38 - - [07/Nov/2020:09:13:30 +0800] "GET /xingrg/kc/buy/cgsh_order_operate.html?command=get_materiel&rest_code=00146&code=00101015006&supplier_code=00100005&order_time=2020-11-07 HTTP/1.1" 200 413
58.40.7.146 - - [07/Nov/2020:09:13:40 +0800] "GET /xingrg/all/function/internal_message.html?_=1604711616707&CODE_STATE=getMsg HTTP/1.1" 200 27
114.84.37.38 - - [07/Nov/2020:09:13:40 +0800] "GET /xingrg/kc/buy/cgsh_order_operate.html?command=get_materiel&rest_code=00146&code=00101015038&supplier_code=00100005&order_time=2020-11-07 HTTP/1.1" 200 418
180.174.56.115 - - [07/Nov/2020:09:13:42 +0800] "GET /xingrg/all/function/internal_message.html?_=1604711618134&CODE_STATE=getMsg HTTP/1.1" 200 27
114.84.37.38 - - [07/Nov/2020:09:13:42 +0800] "GET /xingrg/all/function/internal_message.html?_=1604711651483&CODE_STATE=getMsg HTTP/1.1" 200 27
124.77.237.88 - - [07/Nov/2020:09:13:42 +0800] "GET /xingrg/all/function/internal_message.html?_=1604711609298&CODE_STATE=getMsg HTTP/1.1" 200 27
114.88.166.242 - - [07/Nov/2020:09:13:43 +0800] "GET /xingrg/all/function/internal_message.html?_=1604711721325&CODE_STATE=getMsg HTTP/1.1" 200 27
180.157.253.48 - - [07/Nov/2020:09:13:44 +0800] "GET /xingrg/all/function/internal_message.html?_=1604711625329&CODE_STATE=getMsg HTTP/1.1" 200 27
124.77.237.88 - - [07/Nov/2020:09:13:47 +0800] "GET /xingrg/kc/buy/cgsh_order_add.html HTTP/1.1" 200 60701
58.40.7.146 - - [07/Nov/2020:09:13:47 +0800] "GET /xingrg/all/function/internal_message.html?_=1604711623843&CODE_STATE=getMsg HTTP/1.1" 200 27
58.40.7.146 - - [07/Nov/2020:09:13:47 +0800] "GET /xingrg/check_reg.html?_=1604711623844 HTTP/1.1" 200 22
124.77.237.88 - - [07/Nov/2020:09:13:48 +0800] "GET /xingrg/javascript/easyui/themes/default/validatebox.css HTTP/1.1" 404 1104
124.77.237.88 - - [07/Nov/2020:09:13:48 +0800] "POST /xingrg/kc/buy/cgsh_order_operate.html HTTP/1.1" 200 8245
114.84.37.38 - - [07/Nov/2020:09:13:51 +0800] "GET /xingrg/kc/buy/cgsh_order_operate.html?command=get_materiel&rest_code=00146&code=00101008123&supplier_code=00100005&order_time=2020-11-07 HTTP/1.1" 200 412
172.17.0.123 - - [07/Nov/2020:09:13:53 +0800] "GET /xingrg/all/function/internal_message.html?_=1604711584580&CODE_STATE=getMsg HTTP/1.1" 200 27
124.77.237.88 - - [07/Nov/2020:09:13:53 +0800] "GET /xingrg/javascript/jquery_easy_ui/themes/default/images/tabs_active.png HTTP/1.1" 304 -
120.253.135.82 - - [07/Nov/2020:09:13:54 +0800] "GET /xingrg/all/function/internal_message.html?_=1604711376288&CODE_STATE=getMsg HTTP/1.1" 200 27
124.77.237.88 - - [07/Nov/2020:09:13:54 +0800] "GET /xingrg/javascript/easyui/themes/default/tree.css HTTP/1.1" 404 1090
124.77.237.88 - - [07/Nov/2020:09:13:55 +0800] "POST /xingrg/all/common/load_tree.html?tree=supplier_tree_json&isDelete=1 HTTP/1.1" 200 51727
180.162.245.190 - - [07/Nov/2020:09:13:57 +0800] "GET /xingrg/all/function/internal_message.html?_=1604711634055&CODE_STATE=getMsg HTTP/1.1" 200 27
114.84.37.38 - - [07/Nov/2020:09:14:02 +0800] "GET /xingrg/kc/buy/cgsh_order_operate.html?command=get_materiel&rest_code=00146&code=00101008284&supplier_code=00100005&order_time=2020-11-07 HTTP/1.1" 200 412
172.17.0.185 - - [07/Nov/2020:09:14:03 +0800] "GET /xingrg/all/function/internal_message.html?_=1604711640078&CODE_STATE=getMsg HTTP/1.1" 200 27
180.161.96.95 - - [07/Nov/2020:09:14:11 +0800] "GET /xingrg/all/function/internal_message.html?_=1604711869989&CODE_STATE=getMsg HTTP/1.1" 200 27
124.77.237.88 - - [07/Nov/2020:09:14:13 +0800] "GET /xingrg/kc/buy/cgsh_order_operate.html?command=get_materiel&rest_code=00107&code=00101008261&supplier_code=00100006&order_time=2020-11-07 HTTP/1.1" 200 408
180.174.56.115 - - [07/Nov/2020:09:14:14 +0800] "GET /xingrg/all/function/internal_message.html?_=1604711609857&CODE_STATE=getMsg HTTP/1.1" 200 27
222.69.137.55 - - [07/Nov/2020:09:14:17 +0800] "GET /xingrg/all/function/internal_message.html?_=1604711651051&CODE_STATE=getMsg HTTP/1.1" 200 27
114.84.37.38 - - [07/Nov/2020:09:14:17 +0800] "GET /xingrg/kc/buy/cgsh_order_operate.html?command=get_materiel&rest_code=00146&code=00101015061&supplier_code=00100005&order_time=2020-11-07 HTTP/1.1" 200 412
114.84.37.38 - - [07/Nov/2020:09:14:19 +0800] "POST /xingrg/kc/buy/cgsh_order_operate.html HTTP/1.1" 200 2065
180.162.245.190 - - [07/Nov/2020:09:14:21 +0800] "GET /xingrg/all/function/internal_message.html?_=1604711640395&CODE_STATE=getMsg HTTP/1.1" 200 27
58.221.95.50 - - [07/Nov/2020:09:14:26 +0800] "GET /xingrg/all/function/internal_message.html?_=1604711852397&CODE_STATE=getMsg HTTP/1.1" 200 27
124.77.237.88 - - [07/Nov/2020:09:14:26 +0800] "GET /xingrg/kc/buy/cgsh_order_operate.html?command=get_materiel&rest_code=00107&code=00101008210&supplier_code=00100006&order_time=2020-11-07 HTTP/1.1" 200 408
114.84.37.38 - - [07/Nov/2020:09:14:27 +0800] "GET /xingrg/kc/buy/cgsh_order_operate.html?command=get_materiel&rest_code=00146&code=00101015044&supplier_code=00100005&order_time=2020-11-07 HTTP/1.1" 200 408
58.40.7.146 - - [07/Nov/2020:09:14:40 +0800] "GET /xingrg/all/function/internal_message.html?_=1604711676711&CODE_STATE=getMsg HTTP/1.1" 200 27
124.77.237.88 - - [07/Nov/2020:09:14:40 +0800] "GET /xingrg/kc/buy/cgsh_order_operate.html?command=get_materiel&rest_code=00107&code=00101008257&supplier_code=00100006&order_time=2020-11-07 HTTP/1.1" 200 416
114.84.37.38 - - [07/Nov/2020:09:14:42 +0800] "GET /xingrg/check_reg.html?_=1604711711437 HTTP/1.1" 200 22
180.174.56.115 - - [07/Nov/2020:09:14:42 +0800] "GET /xingrg/all/function/internal_message.html?_=1604711678144&CODE_STATE=getMsg HTTP/1.1" 200 27
114.84.37.38 - - [07/Nov/2020:09:14:42 +0800] "GET /xingrg/all/function/internal_message.html?_=1604711711497&CODE_STATE=getMsg HTTP/1.1" 200 27
114.88.166.242 - - [07/Nov/2020:09:14:43 +0800] "GET /xingrg/all/function/internal_message.html?_=1604711781339&CODE_STATE=getMsg HTTP/1.1" 200 27
124.77.237.88 - - [07/Nov/2020:09:14:43 +0800] "GET /xingrg/check_reg.html?_=1604711669065 HTTP/1.1" 200 22
124.77.237.88 - - [07/Nov/2020:09:14:43 +0800] "GET /xingrg/all/function/internal_message.html?_=1604711669277&CODE_STATE=getMsg HTTP/1.1" 200 27
180.157.253.48 - - [07/Nov/2020:09:14:44 +0800] "GET /xingrg/all/function/internal_message.html?_=1604711685340&CODE_STATE=getMsg HTTP/1.1" 200 27
58.40.7.146 - - [07/Nov/2020:09:14:47 +0800] "GET /xingrg/all/function/internal_message.html?_=1604711683846&CODE_STATE=getMsg HTTP/1.1" 200 27
114.84.37.38 - - [07/Nov/2020:09:14:47 +0800] "GET /xingrg/kc/buy/cgsh_order_operate.html?command=get_materiel&rest_code=00146&code=00101008069&supplier_code=00100005&order_time=2020-11-07 HTTP/1.1" 200 412
180.161.96.95 - - [07/Nov/2020:09:14:49 +0800] "GET /xingrg/kc/buy/cgsh_order_add.html HTTP/1.1" 200 60572
180.161.96.95 - - [07/Nov/2020:09:14:52 +0800] "POST /xingrg/kc/buy/cgsh_order_operate.html HTTP/1.1" 200 8245
180.161.96.95 - - [07/Nov/2020:09:14:52 +0800] "GET /xingrg/javascript/easyui/themes/default/validatebox.css HTTP/1.1" 404 1104
172.17.0.123 - - [07/Nov/2020:09:14:53 +0800] "GET /xingrg/all/function/internal_message.html?_=1604711644585&CODE_STATE=getMsg HTTP/1.1" 200 27
120.253.135.82 - - [07/Nov/2020:09:14:54 +0800] "GET /xingrg/all/function/internal_message.html?_=1604711436290&CODE_STATE=getMsg HTTP/1.1" 200 27
124.77.237.88 - - [07/Nov/2020:09:14:54 +0800] "GET /xingrg/kc/buy/cgsh_order_operate.html?command=get_materiel&rest_code=00107&code=00101008155&supplier_code=00100006&order_time=2020-11-07 HTTP/1.1" 200 408
180.161.96.95 - - [07/Nov/2020:09:14:55 +0800] "GET /xingrg/javascript/easyui/themes/default/tree.css HTTP/1.1" 404 1090
180.161.96.95 - - [07/Nov/2020:09:14:56 +0800] "POST /xingrg/all/common/load_tree.html?tree=supplier_tree_json&isDelete=1 HTTP/1.1" 200 51727
180.162.245.190 - - [07/Nov/2020:09:14:57 +0800] "GET /xingrg/all/function/internal_message.html?_=1604711694085&CODE_STATE=getMsg HTTP/1.1" 200 27
172.17.0.185 - - [07/Nov/2020:09:15:03 +0800] "GET /xingrg/all/function/internal_message.html?_=1604711700080&CODE_STATE=getMsg HTTP/1.1" 200 27
124.77.237.88 - - [07/Nov/2020:09:15:03 +0800] "GET /xingrg/kc/buy/cgsh_order_operate.html?command=get_materiel&rest_code=00107&code=00101008331&supplier_code=00100006&order_time=2020-11-07 HTTP/1.1" 200 416
114.84.37.38 - - [07/Nov/2020:09:15:04 +0800] "GET /xingrg/kc/buy/cgsh_order_operate.html?command=get_materiel&rest_code=00146&code=00101008041&supplier_code=00100005&order_time=2020-11-07 HTTP/1.1" 200 408
180.161.96.95 - - [07/Nov/2020:09:15:12 +0800] "GET /xingrg/all/function/internal_message.html?_=1604711930769&CODE_STATE=getMsg HTTP/1.1" 200 27
180.174.56.115 - - [07/Nov/2020:09:15:14 +0800] "GET /xingrg/all/function/internal_message.html?_=1604711669862&CODE_STATE=getMsg HTTP/1.1" 200 27
180.162.245.190 - - [07/Nov/2020:09:15:15 +0800] "POST /xingrg/kc/buy/cgsh_order_operate.html HTTP/1.1" 200 37
124.77.237.88 - - [07/Nov/2020:09:15:15 +0800] "GET /xingrg/kc/buy/cgsh_order_operate.html?command=get_materiel&rest_code=00107&code=00101008312&supplier_code=00100006&order_time=2020-11-07 HTTP/1.1" 200 412
222.69.137.55 - - [07/Nov/2020:09:15:17 +0800] "GET /xingrg/all/function/internal_message.html?_=1604711711032&CODE_STATE=getMsg HTTP/1.1" 200 27
222.69.137.55 - - [07/Nov/2020:09:15:17 +0800] "GET /xingrg/check_reg.html?_=1604711711161 HTTP/1.1" 200 22
180.162.245.190 - - [07/Nov/2020:09:15:17 +0800] "POST /xingrg/kc/buy/cgsh_order_operate.html HTTP/1.1" 200 4437
180.162.245.190 - - [07/Nov/2020:09:15:18 +0800] "GET /xingrg/kc/print/load_config.html?kc_code=cgsh HTTP/1.1" 200 1845
180.162.245.190 - - [07/Nov/2020:09:15:18 +0800] "GET /xingrg/kc/print/load_data.html?order_code=212020110702537&kc_code=cgsh&condition= HTTP/1.1" 200 1401
180.161.96.95 - - [07/Nov/2020:09:15:20 +0800] "GET /xingrg/kc/buy/cgsh_order_operate.html?command=get_materiel&rest_code=00102&code=00101007061&supplier_code=00100002&order_time=2020-11-07 HTTP/1.1" 200 409
180.162.245.190 - - [07/Nov/2020:09:15:21 +0800] "GET /xingrg/all/function/internal_message.html?_=1604711700396&CODE_STATE=getMsg HTTP/1.1" 200 27
114.84.37.38 - - [07/Nov/2020:09:15:24 +0800] "GET /xingrg/kc/buy/cgsh_order_operate.html?command=get_materiel&rest_code=00146&code=00101008350&supplier_code=00100005&order_time=2020-11-07 HTTP/1.1" 200 408
58.221.95.50 - - [07/Nov/2020:09:15:26 +0800] "GET /xingrg/all/function/internal_message.html?_=1604711912398&CODE_STATE=getMsg HTTP/1.1" 200 27
180.162.245.190 - - [07/Nov/2020:09:15:29 +0800] "GET /xingrg/kc/buy/cgsh_order_add.html HTTP/1.1" 200 60660
180.162.245.190 - - [07/Nov/2020:09:15:29 +0800] "POST /xingrg/kc/buy/cgsh_order_operate.html HTTP/1.1" 200 8245
180.162.245.190 - - [07/Nov/2020:09:15:29 +0800] "GET /xingrg/javascript/easyui/themes/default/validatebox.css HTTP/1.1" 404 1104
180.161.96.95 - - [07/Nov/2020:09:15:29 +0800] "GET /xingrg/kc/buy/cgsh_order_operate.html?command=get_materiel&rest_code=00102&code=00101007081&supplier_code=00100002&order_time=2020-11-07 HTTP/1.1" 200 413
124.77.237.88 - - [07/Nov/2020:09:15:31 +0800] "GET /xingrg/kc/buy/cgsh_order_operate.html?command=get_materiel&rest_code=00107&code=00101008351&supplier_code=00100006&order_time=2020-11-07 HTTP/1.1" 200 427
58.40.7.146 - - [07/Nov/2020:09:15:40 +0800] "GET /xingrg/all/function/internal_message.html?_=1604711736713&CODE_STATE=getMsg HTTP/1.1" 200 27
180.157.253.48 - - [07/Nov/2020:09:15:40 +0800] "GET /xingrg/kc/buy/cgsh_order_operate.html?command=get_materiel&rest_code=00148&code=00101001010&supplier_code=00100036&order_time=2020-11-07 HTTP/1.1" 200 408
180.161.96.95 - - [07/Nov/2020:09:15:40 +0800] "GET /xingrg/kc/buy/cgsh_order_operate.html?command=get_materiel&rest_code=00102&code=00101007085&supplier_code=00100002&order_time=2020-11-07 HTTP/1.1" 200 413
180.174.56.115 - - [07/Nov/2020:09:15:42 +0800] "GET /xingrg/all/function/internal_message.html?_=1604711738146&CODE_STATE=getMsg HTTP/1.1" 200 27
180.174.56.115 - - [07/Nov/2020:09:15:42 +0800] "GET /xingrg/check_reg.html?_=1604711738148 HTTP/1.1" 200 22
114.84.37.38 - - [07/Nov/2020:09:15:42 +0800] "GET /xingrg/all/function/internal_message.html?_=1604711771563&CODE_STATE=getMsg HTTP/1.1" 200 27
124.77.237.88 - - [07/Nov/2020:09:15:42 +0800] "GET /xingrg/all/function/internal_message.html?_=1604711729247&CODE_STATE=getMsg HTTP/1.1" 200 27
114.88.166.242 - - [07/Nov/2020:09:15:43 +0800] "GET /xingrg/all/function/internal_message.html?_=1604711841339&CODE_STATE=getMsg HTTP/1.1" 200 27
180.162.245.190 - - [07/Nov/2020:09:15:43 +0800] "GET /xingrg/kc/buy/cgsh_order_operate.html?command=get_materiel&rest_code=00105&code=00101006129&supplier_code=00100013&order_time=2020-11-07 HTTP/1.1" 200 431
180.157.253.48 - - [07/Nov/2020:09:15:44 +0800] "GET /xingrg/all/function/internal_message.html?_=1604711745313&CODE_STATE=getMsg HTTP/1.1" 200 27
58.40.7.146 - - [07/Nov/2020:09:15:47 +0800] "GET /xingrg/all/function/internal_message.html?_=1604711743851&CODE_STATE=getMsg HTTP/1.1" 200 27
180.161.96.95 - - [07/Nov/2020:09:15:51 +0800] "GET /xingrg/kc/buy/cgsh_order_operate.html?command=get_materiel&rest_code=00102&code=00101007082&supplier_code=00100002&order_time=2020-11-07 HTTP/1.1" 200 427
114.84.37.38 - - [07/Nov/2020:09:15:52 +0800] "GET /xingrg/javascript/easyui/themes/default/images/button_plain_hover.png HTTP/1.1" 304 -
117.131.5.26 - - [07/Nov/2020:09:15:53 +0800] "POST /xingrg/services/DataTransmitService HTTP/1.1" 200 524
172.17.0.123 - - [07/Nov/2020:09:15:53 +0800] "GET /xingrg/check_reg.html?_=1604711704588 HTTP/1.1" 200 22
172.17.0.123 - - [07/Nov/2020:09:15:53 +0800] "GET /xingrg/all/function/internal_message.html?_=1604711704589&CODE_STATE=getMsg HTTP/1.1" 200 27
120.253.135.82 - - [07/Nov/2020:09:15:54 +0800] "GET /xingrg/all/function/internal_message.html?_=1604711496389&CODE_STATE=getMsg HTTP/1.1" 200 27
180.162.245.190 - - [07/Nov/2020:09:15:57 +0800] "GET /xingrg/all/function/internal_message.html?_=1604711754087&CODE_STATE=getMsg HTTP/1.1" 200 27
180.162.245.190 - - [07/Nov/2020:09:15:57 +0800] "GET /xingrg/check_reg.html?_=1604711754089 HTTP/1.1" 200 22
114.84.37.38 - - [07/Nov/2020:09:15:59 +0800] "POST /xingrg/kc/buy/cgsh_order_operate.html HTTP/1.1" 200 37
180.162.245.190 - - [07/Nov/2020:09:15:59 +0800] "GET /xingrg/kc/buy/cgsh_order_operate.html?command=get_materiel&rest_code=00105&code=00101006038&supplier_code=00100013&order_time=2020-11-07 HTTP/1.1" 200 23
114.88.166.242 - - [07/Nov/2020:09:16:01 +0800] "GET /xingrg/kc/buy/cgsh_order_add.html HTTP/1.1" 200 60613
124.77.237.88 - - [07/Nov/2020:09:16:01 +0800] "GET /xingrg/kc/buy/cgsh_order_operate.html?command=get_materiel&rest_code=00107&code=00101008119&supplier_code=00100006&order_time=2020-11-07 HTTP/1.1" 200 413
114.88.166.242 - - [07/Nov/2020:09:16:01 +0800] "GET /xingrg/javascript/easyui/themes/default/validatebox.css HTTP/1.1" 404 1104
114.88.166.242 - - [07/Nov/2020:09:16:01 +0800] "POST /xingrg/kc/buy/cgsh_order_operate.html HTTP/1.1" 200 8245
180.161.96.95 - - [07/Nov/2020:09:16:03 +0800] "GET /xingrg/kc/buy/cgsh_order_operate.html?command=get_materiel&rest_code=00102&code=00101007059&supplier_code=00100002&order_time=2020-11-07 HTTP/1.1" 200 409
172.17.0.185 - - [07/Nov/2020:09:16:03 +0800] "GET /xingrg/all/function/internal_message.html?_=1604711760081&CODE_STATE=getMsg HTTP/1.1" 200 27
180.162.245.190 - - [07/Nov/2020:09:16:05 +0800] "GET /xingrg/index.html?sysBaseUrl=http%3A%2F%2F180.169.147.146%3A18081%2Fxingrg%2F&costTime=36×tamp=1585222720700 HTTP/1.1" 200 17173
180.161.96.95 - - [07/Nov/2020:09:16:05 +0800] "GET /xingrg/check_reg.html?_=1604711983947 HTTP/1.1" 200 22
180.162.245.190 - - [07/Nov/2020:09:16:05 +0800] "POST /xingrg/all/common/load_tree.html?tree=area_rest_tree_json&manage=1 HTTP/1.1" 200 3350
180.162.245.190 - - [07/Nov/2020:09:16:05 +0800] "GET /xingrg/check_reg.html?_=1604711762618 HTTP/1.1" 200 22
180.162.245.190 - - [07/Nov/2020:09:16:05 +0800] "GET /xingrg/all/function/internal_message.html?_=1604711762617&CODE_STATE=count HTTP/1.1" 200 11
180.162.245.190 - - [07/Nov/2020:09:16:05 +0800] "POST /xingrg/load_menu.html HTTP/1.1" 200 5138
180.162.245.190 - - [07/Nov/2020:09:16:05 +0800] "GET /favicon.ico HTTP/1.1" 404 -
180.162.245.190 - - [07/Nov/2020:09:16:08 +0800] "GET /xingrg/kc/buy/cgsh_order_list.html HTTP/1.1" 200 44875
114.88.166.242 - - [07/Nov/2020:09:16:08 +0800] "GET /xingrg/kc/buy/cgsh_order_operate.html?command=get_materiel&rest_code=00111&code=00101002027&supplier_code=00100199&order_time=2020-11-07 HTTP/1.1" 200 413
180.162.245.190 - - [07/Nov/2020:09:16:10 +0800] "POST /xingrg/kc/buy/cgsh_list_operate.html HTTP/1.1" 200 1691
180.161.96.95 - - [07/Nov/2020:09:16:12 +0800] "GET /xingrg/all/function/internal_message.html?_=1604711990781&CODE_STATE=getMsg HTTP/1.1" 200 27
180.162.245.190 - - [07/Nov/2020:09:16:12 +0800] "GET /xingrg/kc/buy/cgsh_order_add.html HTTP/1.1" 200 60660
180.162.245.190 - - [07/Nov/2020:09:16:12 +0800] "GET /xingrg/javascript/easyui/themes/default/validatebox.css HTTP/1.1" 404 1104
180.162.245.190 - - [07/Nov/2020:09:16:12 +0800] "GET /xingrg/all/common/auto_word.html?type=employee&rest_code=00105 HTTP/1.1" 200 193
180.162.245.190 - - [07/Nov/2020:09:16:12 +0800] "GET /xingrg/all/common/auto_word.html?type=employee&rest_code=00105 HTTP/1.1" 200 193
180.162.245.190 - - [07/Nov/2020:09:16:12 +0800] "POST /xingrg/kc/buy/cgsh_order_operate.html HTTP/1.1" 200 8245
180.174.56.115 - - [07/Nov/2020:09:16:13 +0800] "GET /xingrg/check_reg.html?_=1604711729354 HTTP/1.1" 200 22
180.162.245.190 - - [07/Nov/2020:09:16:14 +0800] "GET /xingrg/javascript/auto/indicator.gif HTTP/1.1" 404 1066
180.174.56.115 - - [07/Nov/2020:09:16:14 +0800] "GET /xingrg/all/function/internal_message.html?_=1604711729876&CODE_STATE=getMsg HTTP/1.1" 200 27
114.84.37.38 - - [07/Nov/2020:09:16:15 +0800] "POST /xingrg/kc/buy/cgsh_order_operate.html HTTP/1.1" 200 52925
114.88.166.242 - - [07/Nov/2020:09:16:16 +0800] "GET /xingrg/kc/buy/cgsh_order_operate.html?command=get_materiel&rest_code=00111&code=00101002006&supplier_code=00100199&order_time=2020-11-07 HTTP/1.1" 200 414
222.69.137.55 - - [07/Nov/2020:09:16:17 +0800] "GET /xingrg/all/function/internal_message.html?_=1604711771016&CODE_STATE=getMsg HTTP/1.1" 200 27
180.162.245.190 - - [07/Nov/2020:09:16:21 +0800] "GET /xingrg/all/function/internal_message.html?_=1604711760398&CODE_STATE=getMsg HTTP/1.1" 200 27
114.88.166.242 - - [07/Nov/2020:09:16:25 +0800] "POST /xingrg/kc/buy/cgsh_order_operate.html HTTP/1.1" 200 37
114.84.37.38 - - [07/Nov/2020:09:16:26 +0800] "GET /xingrg/kc/print/load_config.html?kc_code=cgsh HTTP/1.1" 200 1845
58.221.95.50 - - [07/Nov/2020:09:16:26 +0800] "GET /xingrg/all/function/internal_message.html?_=1604711972397&CODE_STATE=getMsg HTTP/1.1" 200 27
114.84.37.38 - - [07/Nov/2020:09:16:26 +0800] "GET /xingrg/kc/print/load_data.html?order_code=212020110702535&kc_code=cgsh&condition= HTTP/1.1" 200 19710
114.88.166.242 - - [07/Nov/2020:09:16:26 +0800] "POST /xingrg/kc/buy/cgsh_order_operate.html HTTP/1.1" 200 3257
114.88.166.242 - - [07/Nov/2020:09:16:27 +0800] "GET /xingrg/kc/print/load_data.html?order_code=212020110702538&kc_code=cgsh&condition= HTTP/1.1" 200 913
180.157.253.48 - - [07/Nov/2020:09:16:28 +0800] "GET /xingrg/kc/buy/cgsh_order_operate.html?command=get_materiel&rest_code=00148&code=00101007109&supplier_code=00100036&order_time=2020-11-07 HTTP/1.1" 200 408
180.162.245.190 - - [07/Nov/2020:09:16:28 +0800] "GET /xingrg/kc/buy/cgsh_order_operate.html?command=get_materiel&rest_code=00105&code=00101006129&supplier_code=00100013&order_time=2020-11-07 HTTP/1.1" 200 431
180.161.96.95 - - [07/Nov/2020:09:16:35 +0800] "GET /xingrg/kc/buy/cgsh_order_operate.html?command=get_materiel&rest_code=00102&code=00101007063&supplier_code=00100002&order_time=2020-11-07 HTTP/1.1" 200 409
58.40.7.146 - - [07/Nov/2020:09:16:40 +0800] "GET /xingrg/all/function/internal_message.html?_=1604711796716&CODE_STATE=getMsg HTTP/1.1" 200 27
180.162.245.190 - - [07/Nov/2020:09:16:40 +0800] "GET /xingrg/kc/buy/cgsh_order_operate.html?command=get_materiel&rest_code=00105&code=00101006038&supplier_code=00100013&order_time=2020-11-07 HTTP/1.1" 200 421
180.174.56.115 - - [07/Nov/2020:09:16:42 +0800] "GET /xingrg/all/function/internal_message.html?_=1604711798155&CODE_STATE=getMsg HTTP/1.1" 200 27
114.84.37.38 - - [07/Nov/2020:09:16:42 +0800] "GET /xingrg/all/function/internal_message.html?_=1604711831640&CODE_STATE=getMsg HTTP/1.1" 200 27
124.77.237.88 - - [07/Nov/2020:09:16:42 +0800] "GET /xingrg/all/function/internal_message.html?_=1604711789228&CODE_STATE=getMsg HTTP/1.1" 200 27
114.88.166.242 - - [07/Nov/2020:09:16:43 +0800] "GET /xingrg/check_reg.html?_=1604711901364 HTTP/1.1" 200 22
114.88.166.242 - - [07/Nov/2020:09:16:43 +0800] "GET /xingrg/all/function/internal_message.html?_=1604711901366&CODE_STATE=getMsg HTTP/1.1" 200 27
180.157.253.48 - - [07/Nov/2020:09:16:44 +0800] "GET /xingrg/check_reg.html?_=1604711805245 HTTP/1.1" 200 22
180.157.253.48 - - [07/Nov/2020:09:16:44 +0800] "GET /xingrg/all/function/internal_message.html?_=1604711805330&CODE_STATE=getMsg HTTP/1.1" 200 27
180.161.96.95 - - [07/Nov/2020:09:16:45 +0800] "POST /xingrg/kc/buy/cgsh_order_operate.html HTTP/1.1" 200 37
58.40.7.146 - - [07/Nov/2020:09:16:47 +0800] "GET /xingrg/all/function/internal_message.html?_=1604711803853&CODE_STATE=getMsg HTTP/1.1" 200 27
180.157.253.48 - - [07/Nov/2020:09:16:47 +0800] "GET /xingrg/kc/buy/cgsh_order_operate.html?command=get_materiel&rest_code=00148&code=00101010248&supplier_code=00100036&order_time=2020-11-07 HTTP/1.1" 200 430
120.253.135.82 - - [07/Nov/2020:09:16:49 +0800] "GET /xingrg/check_reg.html?_=1604711551875 HTTP/1.1" 200 22
180.161.96.95 - - [07/Nov/2020:09:16:51 +0800] "POST /xingrg/kc/buy/cgsh_order_operate.html HTTP/1.1" 200 6810
172.17.0.123 - - [07/Nov/2020:09:16:53 +0800] "GET /xingrg/all/function/internal_message.html?_=1604711764576&CODE_STATE=getMsg HTTP/1.1" 200 27
120.253.135.82 - - [07/Nov/2020:09:16:54 +0800] "GET /xingrg/all/function/internal_message.html?_=1604711556395&CODE_STATE=getMsg HTTP/1.1" 200 27
124.77.237.88 - - [07/Nov/2020:09:16:55 +0800] "GET /xingrg/kc/buy/cgsh_order_operate.html?command=get_materiel&rest_code=00107&code=00101008038&supplier_code=00100006&order_time=2020-11-07 HTTP/1.1" 200 413
114.84.37.38 - - [07/Nov/2020:09:16:56 +0800] "GET /xingrg/kc/buy/cgsh_order_add.html HTTP/1.1" 200 60619
114.84.37.38 - - [07/Nov/2020:09:16:56 +0800] "POST /xingrg/kc/buy/cgsh_order_operate.html HTTP/1.1" 200 8245
114.84.37.38 - - [07/Nov/2020:09:16:56 +0800] "GET /xingrg/javascript/easyui/themes/default/validatebox.css HTTP/1.1" 404 1104
172.17.0.185 - - [07/Nov/2020:09:17:03 +0800] "GET /xingrg/check_reg.html?_=1604711820082 HTTP/1.1" 200 22
172.17.0.185 - - [07/Nov/2020:09:17:03 +0800] "GET /xingrg/all/function/internal_message.html?_=1604711820083&CODE_STATE=getMsg HTTP/1.1" 200 27
180.162.245.190 - - [07/Nov/2020:09:17:04 +0800] "GET /xingrg/kc/buy/cgsh_order_operate.html?command=get_materiel&rest_code=00105&code=00101006109&supplier_code=00100013&order_time=2020-11-07 HTTP/1.1" 200 409
180.162.245.190 - - [07/Nov/2020:09:17:05 +0800] "GET /xingrg/all/function/internal_message.html?_=1604711822658&CODE_STATE=getMsg HTTP/1.1" 200 27
124.77.237.88 - - [07/Nov/2020:09:17:06 +0800] "GET /xingrg/kc/buy/cgsh_order_operate.html?command=get_materiel&rest_code=00107&code=00101008358&supplier_code=00100006&order_time=2020-11-07 HTTP/1.1" 200 412
180.174.56.115 - - [07/Nov/2020:09:17:06 +0800] "GET /xingrg/kc/buy/cgsh_order_operate.html?command=get_materiel&rest_code=00150&code=00101008370&supplier_code=00100007&order_time=2020-11-07 HTTP/1.1" 200 412
114.84.37.38 - - [07/Nov/2020:09:17:10 +0800] "GET /xingrg/kc/buy/cgsh_order_operate.html?command=get_materiel&rest_code=00146&code=00101007063&supplier_code=00100002&order_time=2020-11-07 HTTP/1.1" 200 409
180.162.245.190 - - [07/Nov/2020:09:17:10 +0800] "GET /xingrg/kc/buy/cgsh_order_operate.html?command=get_materiel&rest_code=00105&code=00101006133&supplier_code=00100013&order_time=2020-11-07 HTTP/1.1" 200 413
180.161.96.95 - - [07/Nov/2020:09:17:12 +0800] "GET /xingrg/all/function/internal_message.html?_=1604712050794&CODE_STATE=getMsg HTTP/1.1" 200 27
180.174.56.115 - - [07/Nov/2020:09:17:14 +0800] "GET /xingrg/all/function/internal_message.html?_=1604711789889&CODE_STATE=getMsg HTTP/1.1" 200 27
222.69.137.55 - - [07/Nov/2020:09:17:17 +0800] "GET /xingrg/all/function/internal_message.html?_=1604711830988&CODE_STATE=getMsg HTTP/1.1" 200 27
124.77.237.88 - - [07/Nov/2020:09:17:17 +0800] "GET /xingrg/kc/buy/cgsh_order_operate.html?command=get_materiel&rest_code=00107&code=00101008356&supplier_code=00100006&order_time=2020-11-07 HTTP/1.1" 200 408
180.174.56.115 - - [07/Nov/2020:09:17:18 +0800] "GET /xingrg/kc/buy/cgsh_order_operate.html?command=get_materiel&rest_code=00150&code=00101008126&supplier_code=00100007&order_time=2020-11-07 HTTP/1.1" 200 412
180.162.245.190 - - [07/Nov/2020:09:17:21 +0800] "GET /xingrg/all/function/internal_message.html?_=1604711820398&CODE_STATE=getMsg HTTP/1.1" 200 27
180.162.245.190 - - [07/Nov/2020:09:17:26 +0800] "GET /xingrg/kc/buy/cgsh_order_operate.html?command=get_materiel&rest_code=00105&code=00101006174&supplier_code=00100013&order_time=2020-11-07 HTTP/1.1" 200 415
58.221.95.50 - - [07/Nov/2020:09:17:26 +0800] "GET /xingrg/all/function/internal_message.html?_=1604712032424&CODE_STATE=getMsg HTTP/1.1" 200 27
114.84.37.38 - - [07/Nov/2020:09:17:29 +0800] "GET /xingrg/kc/buy/cgsh_order_operate.html?command=get_materiel&rest_code=00146&code=00101007022&supplier_code=00100002&order_time=2020-11-07 HTTP/1.1" 200 413
124.77.237.88 - - [07/Nov/2020:09:17:31 +0800] "GET /xingrg/kc/buy/cgsh_order_operate.html?command=get_materiel&rest_code=00107&code=00101008270&supplier_code=00100006&order_time=2020-11-07 HTTP/1.1" 200 412
180.174.56.115 - - [07/Nov/2020:09:17:32 +0800] "GET /xingrg/kc/buy/cgsh_order_operate.html?command=get_materiel&rest_code=00150&code=00101008361&supplier_code=00100007&order_time=2020-11-07 HTTP/1.1" 200 408
180.161.96.95 - - [07/Nov/2020:09:17:33 +0800] "POST /xingrg/kc/buy/cgsh_order_operate.html HTTP/1.1" 200 37
180.161.96.95 - - [07/Nov/2020:09:17:35 +0800] "POST /xingrg/kc/buy/cgsh_order_operate.html HTTP/1.1" 200 6810
180.162.245.190 - - [07/Nov/2020:09:17:36 +0800] "GET /xingrg/kc/buy/cgsh_order_operate.html?command=get_materiel&rest_code=00105&code=00101010248&supplier_code=00100013&order_time=2020-11-07 HTTP/1.1" 200 430
180.162.245.190 - - [07/Nov/2020:09:17:36 +0800] "POST /xingrg/all/common/load_select.html HTTP/1.1" 200 25
58.40.7.146 - - [07/Nov/2020:09:17:40 +0800] "GET /xingrg/all/function/internal_message.html?_=1604711856718&CODE_STATE=getMsg HTTP/1.1" 200 27
58.40.7.146 - - [07/Nov/2020:09:17:40 +0800] "GET /xingrg/check_reg.html?_=1604711856720 HTTP/1.1" 200 22
180.174.56.115 - - [07/Nov/2020:09:17:41 +0800] "GET /xingrg/kc/buy/cgsh_order_operate.html?command=get_materiel&rest_code=00150&code=00101008355&supplier_code=00100007&order_time=2020-11-07 HTTP/1.1" 200 408
180.162.245.190 - - [07/Nov/2020:09:17:41 +0800] "GET /xingrg/kc/buy/cgsh_order_operate.html?command=get_materiel_price&rest_code=00105&code=00101010248&unit_code=00100043&supplier_code=00100013&order_time=2020-11-07 HTTP/1.1" 200 29
222.69.137.55 - - [07/Nov/2020:09:17:41 +0800] "POST /xingrg/services/DataTransmitService HTTP/1.1" 200 524
222.69.137.55 - - [07/Nov/2020:09:17:42 +0800] "POST /xingrg/services/DataTransmitService HTTP/1.1" 200 1847
180.174.56.115 - - [07/Nov/2020:09:17:42 +0800] "GET /xingrg/all/function/internal_message.html?_=1604711858155&CODE_STATE=getMsg HTTP/1.1" 200 27
114.84.37.38 - - [07/Nov/2020:09:17:42 +0800] "GET /xingrg/all/function/internal_message.html?_=1604711891647&CODE_STATE=getMsg HTTP/1.1" 200 27
222.69.137.55 - - [07/Nov/2020:09:17:42 +0800] "POST /xingrg/services/DataTransmitService HTTP/1.1" 200 153804
124.77.237.88 - - [07/Nov/2020:09:17:42 +0800] "GET /xingrg/all/function/internal_message.html?_=1604711849209&CODE_STATE=getMsg HTTP/1.1" 200 27
114.88.166.242 - - [07/Nov/2020:09:17:43 +0800] "GET /xingrg/all/function/internal_message.html?_=1604711961348&CODE_STATE=getMsg HTTP/1.1" 200 27
124.77.237.88 - - [07/Nov/2020:09:17:43 +0800] "GET /xingrg/kc/buy/cgsh_order_operate.html?command=get_materiel&rest_code=00107&code=00101008146&supplier_code=00100006&order_time=2020-11-07 HTTP/1.1" 200 416
180.157.253.48 - - [07/Nov/2020:09:17:44 +0800] "GET /xingrg/all/function/internal_message.html?_=1604711865309&CODE_STATE=getMsg HTTP/1.1" 200 27
58.40.7.146 - - [07/Nov/2020:09:17:47 +0800] "GET /xingrg/all/function/internal_message.html?_=1604711863856&CODE_STATE=getMsg HTTP/1.1" 200 27
180.157.253.48 - - [07/Nov/2020:09:17:48 +0800] "GET /xingrg/kc/buy/cgsh_order_operate.html?command=get_materiel&rest_code=00148&code=00101005037&supplier_code=00100036&order_time=2020-11-07 HTTP/1.1" 200 409
180.174.56.115 - - [07/Nov/2020:09:17:49 +0800] "GET /xingrg/kc/buy/cgsh_order_operate.html?command=get_materiel&rest_code=00150&code=00101008264&supplier_code=00100007&order_time=2020-11-07 HTTP/1.1" 200 412
114.84.37.38 - - [07/Nov/2020:09:17:50 +0800] "GET /xingrg/kc/buy/cgsh_order_operate.html?command=get_materiel&rest_code=00146&code=00101007090&supplier_code=00100002&order_time=2020-11-07 HTTP/1.1" 200 413
172.17.0.123 - - [07/Nov/2020:09:17:53 +0800] "GET /xingrg/all/function/internal_message.html?_=1604711824578&CODE_STATE=getMsg HTTP/1.1" 200 27
120.253.135.82 - - [07/Nov/2020:09:17:54 +0800] "GET /xingrg/all/function/internal_message.html?_=1604711616409&CODE_STATE=getMsg HTTP/1.1" 200 27
180.174.56.115 - - [07/Nov/2020:09:17:54 +0800] "POST /xingrg/kc/buy/cgsh_order_operate.html HTTP/1.1" 200 37
124.77.237.88 - - [07/Nov/2020:09:17:55 +0800] "GET /xingrg/kc/buy/cgsh_order_operate.html?command=get_materiel&rest_code=00107&code=00101008147&supplier_code=00100006&order_time=2020-11-07 HTTP/1.1" 200 416
180.162.245.190 - - [07/Nov/2020:09:17:56 +0800] "GET /xingrg/kc/buy/cgsh_order_operate.html?command=get_materiel&rest_code=00105&code=00101006130&supplier_code=00100013&order_time=2020-11-07 HTTP/1.1" 200 427
180.174.56.115 - - [07/Nov/2020:09:17:56 +0800] "POST /xingrg/kc/buy/cgsh_order_operate.html HTTP/1.1" 200 9750
180.174.56.115 - - [07/Nov/2020:09:18:02 +0800] "GET /xingrg/kc/buy/cgsh_order_operate.html?command=get_materiel&rest_code=00150&code=00101008067&supplier_code=00100007&order_time=2020-11-07 HTTP/1.1" 200 416
172.17.0.185 - - [07/Nov/2020:09:18:03 +0800] "GET /xingrg/all/function/internal_message.html?_=1604711880085&CODE_STATE=getMsg HTTP/1.1" 200 27
180.157.253.48 - - [07/Nov/2020:09:18:04 +0800] "GET /xingrg/kc/buy/cgsh_order_operate.html?command=get_materiel&rest_code=00148&code=00101001075&supplier_code=00100036&order_time=2020-11-07 HTTP/1.1" 200 409
58.221.95.50 - - [07/Nov/2020:09:18:05 +0800] "GET /xingrg/check_reg.html?_=1604712071506 HTTP/1.1" 200 22
180.162.245.190 - - [07/Nov/2020:09:18:05 +0800] "GET /xingrg/all/function/internal_message.html?_=1604711882660&CODE_STATE=getMsg HTTP/1.1" 200 27
124.77.237.88 - - [07/Nov/2020:09:18:05 +0800] "GET /xingrg/kc/buy/cgsh_order_operate.html?command=get_materiel&rest_code=00107&code=00101008230&supplier_code=00100006&order_time=2020-11-07 HTTP/1.1" 200 408
114.84.37.38 - - [07/Nov/2020:09:18:07 +0800] "POST /xingrg/kc/buy/cgsh_order_operate.html HTTP/1.1" 200 37
114.84.37.38 - - [07/Nov/2020:09:18:08 +0800] "POST /xingrg/kc/buy/cgsh_order_operate.html HTTP/1.1" 200 3843
180.162.245.190 - - [07/Nov/2020:09:18:09 +0800] "GET /xingrg/kc/buy/cgsh_order_operate.html?command=get_materiel&rest_code=00105&code=00101006203&supplier_code=00100013&order_time=2020-11-07 HTTP/1.1" 200 410
180.174.56.115 - - [07/Nov/2020:09:18:10 +0800] "GET /xingrg/kc/buy/cgsh_order_operate.html?command=get_materiel&rest_code=00150&code=00101008300&supplier_code=00100007&order_time=2020-11-07 HTTP/1.1" 200 412
114.84.37.38 - - [07/Nov/2020:09:18:11 +0800] "GET /xingrg/kc/print/load_data.html?order_code=212020110702540&kc_code=cgsh&condition= HTTP/1.1" 200 1202
114.84.37.38 - - [07/Nov/2020:09:18:11 +0800] "GET /xingrg/javascript/jquery_easy_ui/themes/default/images/tabs_active.png HTTP/1.1" 304 -
180.161.96.95 - - [07/Nov/2020:09:18:13 +0800] "GET /xingrg/all/function/internal_message.html?_=1604712111553&CODE_STATE=getMsg HTTP/1.1" 200 27
180.174.56.115 - - [07/Nov/2020:09:18:14 +0800] "GET /xingrg/all/function/internal_message.html?_=1604711849903&CODE_STATE=getMsg HTTP/1.1" 200 27
180.174.56.115 - - [07/Nov/2020:09:18:17 +0800] "GET /xingrg/kc/buy/cgsh_order_operate.html?command=get_materiel&rest_code=00150&code=00101008251&supplier_code=00100007&order_time=2020-11-07 HTTP/1.1" 200 408
222.69.137.55 - - [07/Nov/2020:09:18:17 +0800] "GET /xingrg/all/function/internal_message.html?_=1604711890975&CODE_STATE=getMsg HTTP/1.1" 200 27
180.162.245.190 - - [07/Nov/2020:09:18:17 +0800] "GET /xingrg/kc/buy/cgsh_order_operate.html?command=get_materiel&rest_code=00105&code=00101006112&supplier_code=00100013&order_time=2020-11-07 HTTP/1.1" 200 409
124.77.237.88 - - [07/Nov/2020:09:18:19 +0800] "GET /xingrg/kc/buy/cgsh_order_operate.html?command=get_materiel&rest_code=00107&code=00101008286&supplier_code=00100006&order_time=2020-11-07 HTTP/1.1" 200 408
180.162.245.190 - - [07/Nov/2020:09:18:21 +0800] "GET /xingrg/check_reg.html?_=1604711880398 HTTP/1.1" 200 22
180.162.245.190 - - [07/Nov/2020:09:18:21 +0800] "GET /xingrg/all/function/internal_message.html?_=1604711880400&CODE_STATE=getMsg HTTP/1.1" 200 27
180.162.245.190 - - [07/Nov/2020:09:18:24 +0800] "POST /xingrg/all/common/load_select.html HTTP/1.1" 200 25
58.221.95.50 - - [07/Nov/2020:09:18:26 +0800] "GET /xingrg/all/function/internal_message.html?_=1604712092427&CODE_STATE=getMsg HTTP/1.1" 200 27
180.157.253.48 - - [07/Nov/2020:09:18:27 +0800] "GET /xingrg/kc/buy/cgsh_order_operate.html?command=get_materiel&rest_code=00148&code=00101012025&supplier_code=00100036&order_time=2020-11-07 HTTP/1.1" 200 412
180.162.245.190 - - [07/Nov/2020:09:18:33 +0800] "GET /xingrg/kc/buy/cgsh_order_operate.html?command=get_materiel&rest_code=00105&code=00101010136&supplier_code=00100013&order_time=2020-11-07 HTTP/1.1" 200 408
124.77.237.88 - - [07/Nov/2020:09:18:38 +0800] "GET /xingrg/kc/buy/cgsh_order_operate.html?command=get_materiel&rest_code=00107&code=00101008131&supplier_code=00100006&order_time=2020-11-07 HTTP/1.1" 200 408
58.40.7.146 - - [07/Nov/2020:09:18:40 +0800] "GET /xingrg/all/function/internal_message.html?_=1604711916704&CODE_STATE=getMsg HTTP/1.1" 200 27
180.174.56.115 - - [07/Nov/2020:09:18:42 +0800] "GET /xingrg/all/function/internal_message.html?_=1604711918164&CODE_STATE=getMsg HTTP/1.1" 200 27
180.162.245.190 - - [07/Nov/2020:09:18:42 +0800] "GET /xingrg/kc/buy/cgsh_order_operate.html?command=get_materiel&rest_code=00105&code=00101006184&supplier_code=00100013&order_time=2020-11-07 HTTP/1.1" 200 408
114.84.37.38 - - [07/Nov/2020:09:18:42 +0800] "GET /xingrg/all/function/internal_message.html?_=1604711951746&CODE_STATE=getMsg HTTP/1.1" 200 27
124.77.237.88 - - [07/Nov/2020:09:18:42 +0800] "GET /xingrg/all/function/internal_message.html?_=1604711909182&CODE_STATE=getMsg HTTP/1.1" 200 27
114.88.166.242 - - [07/Nov/2020:09:18:43 +0800] "GET /xingrg/all/function/internal_message.html?_=1604712021347&CODE_STATE=getMsg HTTP/1.1" 200 27
180.157.253.48 - - [07/Nov/2020:09:18:43 +0800] "GET /xingrg/kc/buy/cgsh_order_operate.html?command=get_materiel&rest_code=00148&code=00101016053&supplier_code=00100036&order_time=2020-11-07 HTTP/1.1" 200 408
180.157.253.48 - - [07/Nov/2020:09:18:44 +0800] "GET /xingrg/all/function/internal_message.html?_=1604711925303&CODE_STATE=getMsg HTTP/1.1" 200 27
58.40.7.146 - - [07/Nov/2020:09:18:47 +0800] "GET /xingrg/check_reg.html?_=1604711923846 HTTP/1.1" 200 22
58.40.7.146 - - [07/Nov/2020:09:18:47 +0800] "GET /xingrg/all/function/internal_message.html?_=1604711923848&CODE_STATE=getMsg HTTP/1.1" 200 27
172.17.0.123 - - [07/Nov/2020:09:18:53 +0800] "GET /xingrg/all/function/internal_message.html?_=1604711884580&CODE_STATE=getMsg HTTP/1.1" 200 27
120.253.135.82 - - [07/Nov/2020:09:18:54 +0800] "GET /xingrg/all/function/internal_message.html?_=1604711676526&CODE_STATE=getMsg HTTP/1.1" 200 27
180.162.245.190 - - [07/Nov/2020:09:19:03 +0800] "GET /xingrg/kc/buy/cgsh_order_operate.html?command=get_materiel&rest_code=00105&code=00101006194&supplier_code=00100013&order_time=2020-11-07 HTTP/1.1" 200 413
172.17.0.185 - - [07/Nov/2020:09:19:03 +0800] "GET /xingrg/all/function/internal_message.html?_=1604711940070&CODE_STATE=getMsg HTTP/1.1" 200 27
124.77.237.88 - - [07/Nov/2020:09:19:05 +0800] "GET /xingrg/kc/buy/cgsh_order_operate.html?command=get_materiel&rest_code=00107&code=00101008098&supplier_code=00100006&order_time=2020-11-07 HTTP/1.1" 200 412
180.162.245.190 - - [07/Nov/2020:09:19:05 +0800] "GET /xingrg/all/function/internal_message.html?_=1604711942632&CODE_STATE=getMsg HTTP/1.1" 200 27
180.157.253.48 - - [07/Nov/2020:09:19:06 +0800] "GET /xingrg/kc/buy/cgsh_order_operate.html?command=get_materiel&rest_code=00148&code=00101012037&supplier_code=00100036&order_time=2020-11-07 HTTP/1.1" 200 416
180.174.56.115 - - [07/Nov/2020:09:19:07 +0800] "GET /xingrg/kc/buy/cgsh_order_operate.html?command=get_materiel&rest_code=00150&code=00101016061&supplier_code=00100007&order_time=2020-11-07 HTTP/1.1" 200 408
222.69.137.55 - - [07/Nov/2020:09:19:11 +0800] "POST /xingrg/services/DataTransmitService HTTP/1.1" 200 524
180.161.96.95 - - [07/Nov/2020:09:19:13 +0800] "GET /xingrg/all/function/internal_message.html?_=1604712172395&CODE_STATE=getMsg HTTP/1.1" 200 27
180.174.56.115 - - [07/Nov/2020:09:19:14 +0800] "GET /xingrg/all/function/internal_message.html?_=1604711909916&CODE_STATE=getMsg HTTP/1.1" 200 27
180.174.56.115 - - [07/Nov/2020:09:19:15 +0800] "POST /xingrg/services/DataTransmitService HTTP/1.1" 200 524
222.69.137.55 - - [07/Nov/2020:09:19:15 +0800] "POST /xingrg/services/DataTransmitService HTTP/1.1" 200 501
124.77.237.88 - - [07/Nov/2020:09:19:16 +0800] "GET /xingrg/kc/buy/cgsh_order_operate.html?command=get_materiel&rest_code=00107&code=00101008005&supplier_code=00100006&order_time=2020-11-07 HTTP/1.1" 200 412
222.69.137.55 - - [07/Nov/2020:09:19:17 +0800] "GET /xingrg/all/function/internal_message.html?_=1604711950947&CODE_STATE=getMsg HTTP/1.1" 200 27
180.162.245.190 - - [07/Nov/2020:09:19:17 +0800] "GET /xingrg/kc/buy/cgsh_order_operate.html?command=get_materiel&rest_code=00105&code=00101006195&supplier_code=00100013&order_time=2020-11-07 HTTP/1.1" 200 409
124.77.237.88 - - [07/Nov/2020:09:19:18 +0800] "POST /xingrg/kc/buy/cgsh_order_operate.html HTTP/1.1" 200 2065
180.174.56.115 - - [07/Nov/2020:09:19:19 +0800] "GET /xingrg/kc/buy/cgsh_order_operate.html?command=get_materiel&rest_code=00150&code=00101008496&supplier_code=00100007&order_time=2020-11-07 HTTP/1.1" 200 391
180.157.253.48 - - [07/Nov/2020:09:19:21 +0800] "GET /xingrg/kc/buy/cgsh_order_operate.html?command=get_materiel&rest_code=00148&code=00101021008&supplier_code=00100036&order_time=2020-11-07 HTTP/1.1" 200 428
180.162.245.190 - - [07/Nov/2020:09:19:21 +0800] "GET /xingrg/all/function/internal_message.html?_=1604711940386&CODE_STATE=getMsg HTTP/1.1" 200 27
222.69.137.55 - - [07/Nov/2020:09:19:22 +0800] "POST /xingrg/services/DataTransmitService HTTP/1.1" 200 524
58.221.95.50 - - [07/Nov/2020:09:19:26 +0800] "GET /xingrg/all/function/internal_message.html?_=1604712152427&CODE_STATE=getMsg HTTP/1.1" 200 27
124.77.237.88 - - [07/Nov/2020:09:19:26 +0800] "GET /xingrg/kc/buy/cgsh_order_operate.html?command=get_materiel&rest_code=00107&code=00101008028&supplier_code=00100006&order_time=2020-11-07 HTTP/1.1" 200 412
124.77.237.88 - - [07/Nov/2020:09:19:39 +0800] "GET /xingrg/kc/buy/cgsh_order_operate.html?command=get_materiel&rest_code=00107&code=00101008027&supplier_code=00100006&order_time=2020-11-07 HTTP/1.1" 200 408
180.157.253.48 - - [07/Nov/2020:09:19:39 +0800] "GET /xingrg/kc/buy/cgsh_order_operate.html?command=get_materiel&rest_code=00148&code=00101016105&supplier_code=00100036&order_time=2020-11-07 HTTP/1.1" 200 409
58.40.7.146 - - [07/Nov/2020:09:19:40 +0800] "GET /xingrg/all/function/internal_message.html?_=1604711976709&CODE_STATE=getMsg HTTP/1.1" 200 27
114.84.37.38 - - [07/Nov/2020:09:19:42 +0800] "GET /xingrg/check_reg.html?_=1604712011441 HTTP/1.1" 200 22
180.174.56.115 - - [07/Nov/2020:09:19:42 +0800] "GET /xingrg/all/function/internal_message.html?_=1604711978166&CODE_STATE=getMsg HTTP/1.1" 200 27
114.84.37.38 - - [07/Nov/2020:09:19:42 +0800] "GET /xingrg/all/function/internal_message.html?_=1604712011834&CODE_STATE=getMsg HTTP/1.1" 200 27
124.77.237.88 - - [07/Nov/2020:09:19:42 +0800] "GET /xingrg/check_reg.html?_=1604711969069 HTTP/1.1" 200 22
124.77.237.88 - - [07/Nov/2020:09:19:43 +0800] "GET /xingrg/all/function/internal_message.html?_=1604711969301&CODE_STATE=getMsg HTTP/1.1" 200 27
114.88.166.242 - - [07/Nov/2020:09:19:43 +0800] "GET /xingrg/all/function/internal_message.html?_=1604712081345&CODE_STATE=getMsg HTTP/1.1" 200 27
180.157.253.48 - - [07/Nov/2020:09:19:44 +0800] "GET /xingrg/all/function/internal_message.html?_=1604711985302&CODE_STATE=getMsg HTTP/1.1" 200 27
222.69.137.55 - - [07/Nov/2020:09:19:44 +0800] "POST /xingrg/services/DataTransmitService HTTP/1.1" 200 501
222.69.137.55 - - [07/Nov/2020:09:19:44 +0800] "POST /xingrg/services/DataTransmitService HTTP/1.1" 200 501
58.40.7.146 - - [07/Nov/2020:09:19:47 +0800] "GET /xingrg/all/function/internal_message.html?_=1604711983850&CODE_STATE=getMsg HTTP/1.1" 200 27
124.77.237.88 - - [07/Nov/2020:09:19:50 +0800] "GET /xingrg/kc/buy/cgsh_order_operate.html?command=get_materiel&rest_code=00107&code=00101008244&supplier_code=00100006&order_time=2020-11-07 HTTP/1.1" 200 408
222.69.137.55 - - [07/Nov/2020:09:19:51 +0800] "POST /xingrg/services/DataTransmitService HTTP/1.1" 200 501
172.17.0.123 - - [07/Nov/2020:09:19:53 +0800] "GET /xingrg/all/function/internal_message.html?_=1604711944582&CODE_STATE=getMsg HTTP/1.1" 200 27
120.253.135.82 - - [07/Nov/2020:09:19:54 +0800] "GET /xingrg/all/function/internal_message.html?_=1604711736529&CODE_STATE=getMsg HTTP/1.1" 200 27
222.69.137.55 - - [07/Nov/2020:09:19:58 +0800] "POST /xingrg/services/DataTransmitService HTTP/1.1" 200 501
222.69.137.55 - - [07/Nov/2020:09:19:59 +0800] "POST /xingrg/services/DataTransmitService HTTP/1.1" 200 501
222.69.137.55 - - [07/Nov/2020:09:19:59 +0800] "POST /xingrg/services/DataTransmitService HTTP/1.1" 200 501
180.162.245.190 - - [07/Nov/2020:09:19:59 +0800] "POST /xingrg/kc/buy/cgsh_order_operate.html HTTP/1.1" 200 37
180.162.245.190 - - [07/Nov/2020:09:20:00 +0800] "POST /xingrg/kc/buy/cgsh_order_operate.html HTTP/1.1" 200 10433
180.162.245.190 - - [07/Nov/2020:09:20:02 +0800] "GET /xingrg/kc/print/load_config.html?kc_code=cgsh HTTP/1.1" 200 1845
180.162.245.190 - - [07/Nov/2020:09:20:02 +0800] "GET /xingrg/kc/print/load_data.html?order_code=212020110702541&kc_code=cgsh&condition= HTTP/1.1" 200 3704
222.69.137.55 - - [07/Nov/2020:09:20:02 +0800] "POST /xingrg/services/DataTransmitService HTTP/1.1" 200 501
222.69.137.55 - - [07/Nov/2020:09:20:03 +0800] "POST /xingrg/services/DataTransmitService HTTP/1.1" 200 501
222.69.137.55 - - [07/Nov/2020:09:20:03 +0800] "POST /xingrg/services/DataTransmitService HTTP/1.1" 200 501
172.17.0.185 - - [07/Nov/2020:09:20:03 +0800] "GET /xingrg/all/function/internal_message.html?_=1604712000075&CODE_STATE=getMsg HTTP/1.1" 200 27
180.162.245.190 - - [07/Nov/2020:09:20:05 +0800] "GET /xingrg/all/function/internal_message.html?_=1604712002635&CODE_STATE=getMsg HTTP/1.1" 200 27
222.69.137.55 - - [07/Nov/2020:09:20:06 +0800] "POST /xingrg/services/DataTransmitService HTTP/1.1" 200 412
180.162.245.190 - - [07/Nov/2020:09:20:06 +0800] "GET /xingrg/kc/buy/cgsh_order_add.html HTTP/1.1" 200 60660
180.162.245.190 - - [07/Nov/2020:09:20:06 +0800] "POST /xingrg/kc/buy/cgsh_order_operate.html HTTP/1.1" 200 8245
180.162.245.190 - - [07/Nov/2020:09:20:06 +0800] "GET /xingrg/javascript/easyui/themes/default/validatebox.css HTTP/1.1" 404 1104
180.161.96.95 - - [07/Nov/2020:09:20:14 +0800] "GET /xingrg/all/function/internal_message.html?_=1604712232411&CODE_STATE=getMsg HTTP/1.1" 200 27
180.174.56.115 - - [07/Nov/2020:09:20:14 +0800] "GET /xingrg/all/function/internal_message.html?_=1604711969974&CODE_STATE=getMsg HTTP/1.1" 200 27
222.69.137.55 - - [07/Nov/2020:09:20:17 +0800] "GET /xingrg/all/function/internal_message.html?_=1604712010930&CODE_STATE=getMsg HTTP/1.1" 200 27
222.69.137.55 - - [07/Nov/2020:09:20:17 +0800] "GET /xingrg/check_reg.html?_=1604712011152 HTTP/1.1" 200 22
180.162.245.190 - - [07/Nov/2020:09:20:18 +0800] "GET /xingrg/kc/buy/cgsh_order_operate.html?command=get_materiel&rest_code=00105&code=00101007006&supplier_code=00100002&order_time=2020-11-07 HTTP/1.1" 200 412
180.162.245.190 - - [07/Nov/2020:09:20:21 +0800] "GET /xingrg/all/function/internal_message.html?_=1604712000386&CODE_STATE=getMsg HTTP/1.1" 200 27
124.77.237.88 - - [07/Nov/2020:09:20:25 +0800] "GET /xingrg/kc/buy/cgsh_order_operate.html?command=get_materiel&rest_code=00107&code=00101008298&supplier_code=00100006&order_time=2020-11-07 HTTP/1.1" 200 431
58.221.95.50 - - [07/Nov/2020:09:20:26 +0800] "GET /xingrg/all/function/internal_message.html?_=1604712212426&CODE_STATE=getMsg HTTP/1.1" 200 27
124.77.237.88 - - [07/Nov/2020:09:20:30 +0800] "POST /xingrg/kc/buy/cgsh_order_operate.html HTTP/1.1" 200 2065
180.162.245.190 - - [07/Nov/2020:09:20:33 +0800] "GET /xingrg/kc/buy/cgsh_order_operate.html?command=get_materiel&rest_code=00105&code=00101007125&supplier_code=00100002&order_time=2020-11-07 HTTP/1.1" 200 406
124.77.237.88 - - [07/Nov/2020:09:20:39 +0800] "GET /xingrg/kc/buy/cgsh_order_operate.html?command=get_materiel&rest_code=00107&code=00101008096&supplier_code=00100006&order_time=2020-11-07 HTTP/1.1" 200 413
