124.77.237.88 - - [07/Nov/2020:09:34:42 +0800] "GET /xingrg/check_reg.html?_=1604712869085 HTTP/1.1" 200 22
114.88.166.242 - - [07/Nov/2020:09:34:42 +0800] "GET /xingrg/kc/buy/cgsh_order_operate.html?command=get_materiel&rest_code=00111&code=00101008095&supplier_code=00100005&order_time=2020-11-07 HTTP/1.1" 200 413
124.77.237.88 - - [07/Nov/2020:09:34:42 +0800] "GET /xingrg/all/function/internal_message.html?_=1604712869228&CODE_STATE=getMsg HTTP/1.1" 200 27
114.84.37.38 - - [07/Nov/2020:09:34:43 +0800] "GET /xingrg/all/function/internal_message.html?_=1604712912314&CODE_STATE=getMsg HTTP/1.1" 200 27
180.157.253.48 - - [07/Nov/2020:09:34:43 +0800] "GET /xingrg/kc/base/wldb_order_operate.html?command=get_materiel&rest_code=00148&base_code=0010002&code=00102002150 HTTP/1.1" 200 433
114.88.166.242 - - [07/Nov/2020:09:34:45 +0800] "GET /xingrg/all/function/internal_message.html?_=1604712983867&CODE_STATE=getMsg HTTP/1.1" 200 27
180.157.253.48 - - [07/Nov/2020:09:34:46 +0800] "GET /xingrg/all/function/internal_message.html?_=1604712887625&CODE_STATE=getMsg HTTP/1.1" 200 27
58.40.7.146 - - [07/Nov/2020:09:34:47 +0800] "GET /xingrg/all/function/internal_message.html?_=1604712883870&CODE_STATE=getMsg HTTP/1.1" 200 27
114.88.166.242 - - [07/Nov/2020:09:34:50 +0800] "GET /xingrg/kc/buy/cgsh_order_operate.html?command=get_materiel&rest_code=00111&code=00101008110&supplier_code=00100005&order_time=2020-11-07 HTTP/1.1" 200 409
172.17.0.123 - - [07/Nov/2020:09:34:53 +0800] "GET /xingrg/all/function/internal_message.html?_=1604712844587&CODE_STATE=getMsg HTTP/1.1" 200 27
114.88.166.242 - - [07/Nov/2020:09:34:53 +0800] "POST /xingrg/kc/buy/cgsh_order_operate.html HTTP/1.1" 200 2065
120.253.135.82 - - [07/Nov/2020:09:34:54 +0800] "GET /xingrg/all/function/internal_message.html?_=1604712637232&CODE_STATE=getMsg HTTP/1.1" 200 27
180.162.245.190 - - [07/Nov/2020:09:34:57 +0800] "GET /xingrg/kc/buy/cgsh_order_operate.html?command=get_materiel&rest_code=00105&code=00101008166&supplier_code=00100203&order_time=2020-11-07 HTTP/1.1" 200 412
114.88.166.242 - - [07/Nov/2020:09:35:02 +0800] "GET /xingrg/kc/buy/cgsh_order_operate.html?command=get_materiel&rest_code=00111&code=00101008005&supplier_code=00100005&order_time=2020-11-07 HTTP/1.1" 200 412
172.17.0.185 - - [07/Nov/2020:09:35:03 +0800] "GET /xingrg/all/function/internal_message.html?_=1604712900082&CODE_STATE=getMsg HTTP/1.1" 200 27
180.174.56.115 - - [07/Nov/2020:09:35:05 +0800] "GET /xingrg/all/function/internal_message.html?_=1604712860508&CODE_STATE=getMsg HTTP/1.1" 200 27
180.162.245.190 - - [07/Nov/2020:09:35:05 +0800] "GET /xingrg/kc/buy/cgsh_order_operate.html?command=get_materiel&rest_code=00105&code=00101008305&supplier_code=00100203&order_time=2020-11-07 HTTP/1.1" 200 412
180.162.245.190 - - [07/Nov/2020:09:35:05 +0800] "GET /xingrg/all/function/internal_message.html?_=1604712902746&CODE_STATE=getMsg HTTP/1.1" 200 27
180.157.253.48 - - [07/Nov/2020:09:35:10 +0800] "GET /xingrg/kc/base/wldb_order_operate.html?command=get_materiel&rest_code=00148&base_code=0010002&code=00102002107 HTTP/1.1" 200 431
180.174.56.115 - - [07/Nov/2020:09:35:11 +0800] "GET /xingrg/kc/buy/cgsh_order_add.html HTTP/1.1" 200 60549
180.174.56.115 - - [07/Nov/2020:09:35:11 +0800] "POST /xingrg/kc/buy/cgsh_order_operate.html HTTP/1.1" 200 8245
180.174.56.115 - - [07/Nov/2020:09:35:11 +0800] "GET /xingrg/javascript/easyui/themes/default/validatebox.css HTTP/1.1" 404 1104
180.162.245.190 - - [07/Nov/2020:09:35:12 +0800] "GET /xingrg/kc/buy/cgsh_order_operate.html?command=get_materiel&rest_code=00105&code=00101008276&supplier_code=00100203&order_time=2020-11-07 HTTP/1.1" 200 412
114.88.166.242 - - [07/Nov/2020:09:35:14 +0800] "POST /xingrg/kc/buy/cgsh_order_operate.html HTTP/1.1" 200 37
114.88.166.242 - - [07/Nov/2020:09:35:15 +0800] "POST /xingrg/kc/buy/cgsh_order_operate.html HTTP/1.1" 200 48800
114.88.166.242 - - [07/Nov/2020:09:35:16 +0800] "GET /xingrg/kc/print/load_config.html?kc_code=cgsh HTTP/1.1" 200 1845
114.88.166.242 - - [07/Nov/2020:09:35:16 +0800] "GET /xingrg/kc/print/load_data.html?order_code=212020110702548&kc_code=cgsh&condition= HTTP/1.1" 200 18158
222.69.137.55 - - [07/Nov/2020:09:35:16 +0800] "GET /xingrg/all/function/internal_message.html?_=1604712910702&CODE_STATE=getMsg HTTP/1.1" 200 27
222.69.137.55 - - [07/Nov/2020:09:35:17 +0800] "GET /xingrg/check_reg.html?_=1604712911187 HTTP/1.1" 200 22
180.161.96.95 - - [07/Nov/2020:09:35:17 +0800] "GET /xingrg/all/function/internal_message.html?_=1604713136388&CODE_STATE=getMsg HTTP/1.1" 200 27
180.174.56.115 - - [07/Nov/2020:09:35:19 +0800] "GET /xingrg/kc/buy/cgsh_order_operate.html?command=get_materiel&rest_code=00150&code=00101011005&supplier_code=00100047&order_time=2020-11-07 HTTP/1.1" 200 429
180.162.245.190 - - [07/Nov/2020:09:35:21 +0800] "GET /xingrg/all/function/internal_message.html?_=1604712900413&CODE_STATE=getMsg HTTP/1.1" 200 27
180.157.253.48 - - [07/Nov/2020:09:35:22 +0800] "GET /xingrg/kc/base/wldb_order_operate.html?command=get_materiel&rest_code=00148&base_code=0010002&code=00102002159 HTTP/1.1" 200 435
58.221.95.50 - - [07/Nov/2020:09:35:26 +0800] "GET /xingrg/all/function/internal_message.html?_=1604713112455&CODE_STATE=getMsg HTTP/1.1" 200 27
180.174.56.115 - - [07/Nov/2020:09:35:28 +0800] "GET /xingrg/kc/buy/cgsh_order_operate.html?command=get_materiel&rest_code=00150&code=00101011001&supplier_code=00100047&order_time=2020-11-07 HTTP/1.1" 200 423
180.162.245.190 - - [07/Nov/2020:09:35:32 +0800] "POST /xingrg/kc/buy/cgsh_order_operate.html HTTP/1.1" 200 2065
180.162.245.190 - - [07/Nov/2020:09:35:33 +0800] "POST /xingrg/kc/buy/cgsh_order_operate.html HTTP/1.1" 200 2065
180.174.56.115 - - [07/Nov/2020:09:35:39 +0800] "POST /xingrg/kc/buy/cgsh_order_operate.html HTTP/1.1" 200 37
58.40.7.146 - - [07/Nov/2020:09:35:40 +0800] "GET /xingrg/all/function/internal_message.html?_=1604712936727&CODE_STATE=getMsg HTTP/1.1" 200 27
180.174.56.115 - - [07/Nov/2020:09:35:41 +0800] "POST /xingrg/kc/buy/cgsh_order_operate.html HTTP/1.1" 200 12
180.174.56.115 - - [07/Nov/2020:09:35:42 +0800] "GET /xingrg/all/function/internal_message.html?_=1604712938254&CODE_STATE=getMsg HTTP/1.1" 200 27
180.174.56.115 - - [07/Nov/2020:09:35:42 +0800] "GET /xingrg/check_reg.html?_=1604712938256 HTTP/1.1" 200 22
180.162.245.190 - - [07/Nov/2020:09:35:42 +0800] "GET /xingrg/kc/buy/cgsh_order_operate.html?command=get_materiel&rest_code=00105&code=00101015026&supplier_code=00100203&order_time=2020-11-07 HTTP/1.1" 200 412
124.77.237.88 - - [07/Nov/2020:09:35:42 +0800] "GET /xingrg/all/function/internal_message.html?_=1604712929210&CODE_STATE=getMsg HTTP/1.1" 200 27
114.84.37.38 - - [07/Nov/2020:09:35:43 +0800] "GET /xingrg/all/function/internal_message.html?_=1604712972329&CODE_STATE=getMsg HTTP/1.1" 200 27
114.88.166.242 - - [07/Nov/2020:09:35:45 +0800] "GET /xingrg/all/function/internal_message.html?_=1604713043850&CODE_STATE=getMsg HTTP/1.1" 200 27
180.157.253.48 - - [07/Nov/2020:09:35:46 +0800] "GET /xingrg/all/function/internal_message.html?_=1604712947608&CODE_STATE=getMsg HTTP/1.1" 200 27
58.40.7.146 - - [07/Nov/2020:09:35:47 +0800] "GET /xingrg/all/function/internal_message.html?_=1604712943858&CODE_STATE=getMsg HTTP/1.1" 200 27
180.174.56.115 - - [07/Nov/2020:09:35:50 +0800] "GET /xingrg/kc/buy/cgsh_order_info.html?code=212020110702549 HTTP/1.1" 200 55456
180.174.56.115 - - [07/Nov/2020:09:35:50 +0800] "GET /xingrg/javascript/easyui/themes/default/validatebox.css HTTP/1.1" 404 1104
180.174.56.115 - - [07/Nov/2020:09:35:51 +0800] "POST /xingrg/kc/buy/cgsh_order_operate.html HTTP/1.1" 200 1207
172.17.0.123 - - [07/Nov/2020:09:35:53 +0800] "GET /xingrg/check_reg.html?_=1604712904574 HTTP/1.1" 200 22
172.17.0.123 - - [07/Nov/2020:09:35:53 +0800] "GET /xingrg/all/function/internal_message.html?_=1604712904575&CODE_STATE=getMsg HTTP/1.1" 200 27
180.162.245.190 - - [07/Nov/2020:09:35:53 +0800] "GET /xingrg/kc/buy/cgsh_order_operate.html?command=get_materiel&rest_code=00105&code=00101008248&supplier_code=00100203&order_time=2020-11-07 HTTP/1.1" 200 412
180.174.56.115 - - [07/Nov/2020:09:35:54 +0800] "POST /xingrg/kc/buy/cgsh_order_operate.html HTTP/1.1" 200 12
120.253.135.82 - - [07/Nov/2020:09:35:55 +0800] "GET /xingrg/all/function/internal_message.html?_=1604712697334&CODE_STATE=getMsg HTTP/1.1" 200 27
180.174.56.115 - - [07/Nov/2020:09:35:55 +0800] "GET /xingrg/kc/buy/cgsh_order_info.html?code=212020110702549 HTTP/1.1" 200 60558
180.174.56.115 - - [07/Nov/2020:09:35:56 +0800] "GET /xingrg/javascript/easyui/themes/default/validatebox.css HTTP/1.1" 404 1104
180.174.56.115 - - [07/Nov/2020:09:35:56 +0800] "POST /xingrg/kc/buy/cgsh_order_operate.html HTTP/1.1" 200 3257
180.157.253.48 - - [07/Nov/2020:09:35:58 +0800] "GET /xingrg/kc/base/wldb_order_operate.html?command=get_materiel&rest_code=00148&base_code=0010002&code=00102002029 HTTP/1.1" 200 455
180.174.56.115 - - [07/Nov/2020:09:36:03 +0800] "POST /xingrg/kc/buy/cgsh_order_operate.html HTTP/1.1" 200 37
172.17.0.185 - - [07/Nov/2020:09:36:03 +0800] "GET /xingrg/all/function/internal_message.html?_=1604712960084&CODE_STATE=getMsg HTTP/1.1" 200 27
180.174.56.115 - - [07/Nov/2020:09:36:05 +0800] "GET /xingrg/all/function/internal_message.html?_=1604712920522&CODE_STATE=getMsg HTTP/1.1" 200 27
180.162.245.190 - - [07/Nov/2020:09:36:05 +0800] "GET /xingrg/check_reg.html?_=1604712962723 HTTP/1.1" 200 22
180.162.245.190 - - [07/Nov/2020:09:36:05 +0800] "GET /xingrg/all/function/internal_message.html?_=1604712962725&CODE_STATE=getMsg HTTP/1.1" 200 27
180.174.56.115 - - [07/Nov/2020:09:36:06 +0800] "POST /xingrg/kc/buy/cgsh_order_operate.html HTTP/1.1" 200 12
180.174.56.115 - - [07/Nov/2020:09:36:07 +0800] "GET /xingrg/kc/buy/cgsh_order_info.html?code=212020110702549 HTTP/1.1" 200 55456
180.174.56.115 - - [07/Nov/2020:09:36:07 +0800] "GET /xingrg/javascript/easyui/themes/default/validatebox.css HTTP/1.1" 404 1104
180.161.96.95 - - [07/Nov/2020:09:36:08 +0800] "GET /xingrg/check_reg.html?_=1604713186450 HTTP/1.1" 200 22
180.174.56.115 - - [07/Nov/2020:09:36:08 +0800] "POST /xingrg/kc/buy/cgsh_order_operate.html HTTP/1.1" 200 606
180.174.56.115 - - [07/Nov/2020:09:36:10 +0800] "GET /xingrg/kc/print/load_config.html?kc_code=cgsh HTTP/1.1" 200 1845
180.174.56.115 - - [07/Nov/2020:09:36:10 +0800] "GET /xingrg/kc/print/load_data.html?order_code=212020110702549&kc_code=cgsh&condition= HTTP/1.1" 200 783
180.162.245.190 - - [07/Nov/2020:09:36:13 +0800] "GET /xingrg/kc/buy/cgsh_order_operate.html?command=get_materiel&rest_code=00105&code=00101008358&supplier_code=00100203&order_time=2020-11-07 HTTP/1.1" 200 412
180.174.56.115 - - [07/Nov/2020:09:36:13 +0800] "GET /xingrg/check_reg.html?_=1604712929367 HTTP/1.1" 200 22
222.69.137.55 - - [07/Nov/2020:09:36:16 +0800] "GET /xingrg/all/function/internal_message.html?_=1604712970678&CODE_STATE=getMsg HTTP/1.1" 200 27
180.161.96.95 - - [07/Nov/2020:09:36:17 +0800] "GET /xingrg/all/function/internal_message.html?_=1604713196403&CODE_STATE=getMsg HTTP/1.1" 200 27
180.162.245.190 - - [07/Nov/2020:09:36:21 +0800] "GET /xingrg/all/function/internal_message.html?_=1604712960413&CODE_STATE=getMsg HTTP/1.1" 200 27
180.162.245.190 - - [07/Nov/2020:09:36:23 +0800] "GET /xingrg/kc/buy/cgsh_order_operate.html?command=get_materiel&rest_code=00105&code=00101008126&supplier_code=00100203&order_time=2020-11-07 HTTP/1.1" 200 412
58.221.95.50 - - [07/Nov/2020:09:36:26 +0800] "GET /xingrg/all/function/internal_message.html?_=1604713172456&CODE_STATE=getMsg HTTP/1.1" 200 27
180.174.56.115 - - [07/Nov/2020:09:36:27 +0800] "GET /xingrg/kc/buy/cgsh_order_add.html HTTP/1.1" 200 60549
180.174.56.115 - - [07/Nov/2020:09:36:28 +0800] "POST /xingrg/kc/buy/cgsh_order_operate.html HTTP/1.1" 200 8245
180.174.56.115 - - [07/Nov/2020:09:36:28 +0800] "GET /xingrg/javascript/easyui/themes/default/validatebox.css HTTP/1.1" 404 1104
180.174.56.115 - - [07/Nov/2020:09:36:35 +0800] "GET /xingrg/kc/buy/cgsh_order_operate.html?command=get_materiel&rest_code=00150&code=00101007061&supplier_code=00100002&order_time=2020-11-07 HTTP/1.1" 200 409
58.40.7.146 - - [07/Nov/2020:09:36:40 +0800] "GET /xingrg/all/function/internal_message.html?_=1604712996717&CODE_STATE=getMsg HTTP/1.1" 200 27
180.174.56.115 - - [07/Nov/2020:09:36:42 +0800] "GET /xingrg/all/function/internal_message.html?_=1604712998246&CODE_STATE=getMsg HTTP/1.1" 200 27
124.77.237.88 - - [07/Nov/2020:09:36:42 +0800] "GET /xingrg/all/function/internal_message.html?_=1604712989182&CODE_STATE=getMsg HTTP/1.1" 200 27
114.84.37.38 - - [07/Nov/2020:09:36:43 +0800] "GET /xingrg/all/function/internal_message.html?_=1604713032342&CODE_STATE=getMsg HTTP/1.1" 200 27
180.157.253.48 - - [07/Nov/2020:09:36:44 +0800] "GET /xingrg/check_reg.html?_=1604713005279 HTTP/1.1" 200 22
180.162.245.190 - - [07/Nov/2020:09:36:44 +0800] "GET /xingrg/kc/buy/cgsh_order_operate.html?command=get_materiel&rest_code=00105&code=00101008059&supplier_code=00100203&order_time=2020-11-07 HTTP/1.1" 200 408
114.88.166.242 - - [07/Nov/2020:09:36:45 +0800] "GET /xingrg/check_reg.html?_=1604713103814 HTTP/1.1" 200 22
114.88.166.242 - - [07/Nov/2020:09:36:45 +0800] "GET /xingrg/all/function/internal_message.html?_=1604713103830&CODE_STATE=getMsg HTTP/1.1" 200 27
180.174.56.115 - - [07/Nov/2020:09:36:46 +0800] "GET /xingrg/kc/buy/cgsh_order_operate.html?command=get_materiel&rest_code=00150&code=00101007081&supplier_code=00100002&order_time=2020-11-07 HTTP/1.1" 200 413
180.157.253.48 - - [07/Nov/2020:09:36:46 +0800] "GET /xingrg/all/function/internal_message.html?_=1604713007593&CODE_STATE=getMsg HTTP/1.1" 200 27
58.40.7.146 - - [07/Nov/2020:09:36:47 +0800] "GET /xingrg/all/function/internal_message.html?_=1604713003861&CODE_STATE=getMsg HTTP/1.1" 200 27
120.253.135.82 - - [07/Nov/2020:09:36:49 +0800] "GET /xingrg/check_reg.html?_=1604712751896 HTTP/1.1" 200 22
172.17.0.123 - - [07/Nov/2020:09:36:53 +0800] "GET /xingrg/all/function/internal_message.html?_=1604712964576&CODE_STATE=getMsg HTTP/1.1" 200 27
120.253.135.82 - - [07/Nov/2020:09:36:55 +0800] "GET /xingrg/all/function/internal_message.html?_=1604712757337&CODE_STATE=getMsg HTTP/1.1" 200 27
180.174.56.115 - - [07/Nov/2020:09:36:56 +0800] "GET /xingrg/kc/buy/cgsh_order_operate.html?command=get_materiel&rest_code=00150&code=00101007071&supplier_code=00100002&order_time=2020-11-07 HTTP/1.1" 200 417
180.162.245.190 - - [07/Nov/2020:09:36:59 +0800] "GET /xingrg/kc/buy/cgsh_order_operate.html?command=get_materiel&rest_code=00105&code=00101013053&supplier_code=00100203&order_time=2020-11-07 HTTP/1.1" 200 408
172.17.0.185 - - [07/Nov/2020:09:37:03 +0800] "GET /xingrg/check_reg.html?_=1604713020074 HTTP/1.1" 200 22
172.17.0.185 - - [07/Nov/2020:09:37:03 +0800] "GET /xingrg/all/function/internal_message.html?_=1604713020078&CODE_STATE=getMsg HTTP/1.1" 200 27
180.174.56.115 - - [07/Nov/2020:09:37:05 +0800] "GET /xingrg/all/function/internal_message.html?_=1604712980535&CODE_STATE=getMsg HTTP/1.1" 200 27
180.162.245.190 - - [07/Nov/2020:09:37:05 +0800] "GET /xingrg/all/function/internal_message.html?_=1604713022731&CODE_STATE=getMsg HTTP/1.1" 200 27
180.174.56.115 - - [07/Nov/2020:09:37:08 +0800] "GET /xingrg/kc/buy/cgsh_order_operate.html?command=get_materiel&rest_code=00150&code=00101007077&supplier_code=00100002&order_time=2020-11-07 HTTP/1.1" 200 415
222.69.137.55 - - [07/Nov/2020:09:37:16 +0800] "GET /xingrg/all/function/internal_message.html?_=1604713030665&CODE_STATE=getMsg HTTP/1.1" 200 27
180.161.96.95 - - [07/Nov/2020:09:37:18 +0800] "GET /xingrg/all/function/internal_message.html?_=1604713257013&CODE_STATE=getMsg HTTP/1.1" 200 27
180.174.56.115 - - [07/Nov/2020:09:37:20 +0800] "POST /xingrg/kc/buy/cgsh_order_operate.html HTTP/1.1" 200 37
180.162.245.190 - - [07/Nov/2020:09:37:20 +0800] "GET /xingrg/kc/buy/cgsh_order_operate.html?command=get_materiel&rest_code=00105&code=00101008351&supplier_code=00100203&order_time=2020-11-07 HTTP/1.1" 200 427
180.162.245.190 - - [07/Nov/2020:09:37:21 +0800] "GET /xingrg/all/function/internal_message.html?_=1604713020413&CODE_STATE=getMsg HTTP/1.1" 200 27
180.174.56.115 - - [07/Nov/2020:09:37:22 +0800] "POST /xingrg/kc/buy/cgsh_order_operate.html HTTP/1.1" 200 12
180.174.56.115 - - [07/Nov/2020:09:37:24 +0800] "GET /xingrg/kc/buy/cgsh_order_info.html?code=212020110702550 HTTP/1.1" 200 55456
180.174.56.115 - - [07/Nov/2020:09:37:25 +0800] "GET /xingrg/javascript/easyui/themes/default/validatebox.css HTTP/1.1" 404 1104
180.174.56.115 - - [07/Nov/2020:09:37:25 +0800] "POST /xingrg/kc/buy/cgsh_order_operate.html HTTP/1.1" 200 2386
58.221.95.50 - - [07/Nov/2020:09:37:26 +0800] "GET /xingrg/all/function/internal_message.html?_=1604713232456&CODE_STATE=getMsg HTTP/1.1" 200 27
114.88.166.242 - - [07/Nov/2020:09:37:28 +0800] "GET /xingrg/kc/base/yddb_order_list.html HTTP/1.1" 200 17024
114.88.166.242 - - [07/Nov/2020:09:37:28 +0800] "POST /xingrg/kc/base/yddb_list_operate.html HTTP/1.1" 200 636
180.174.56.115 - - [07/Nov/2020:09:37:29 +0800] "GET /xingrg/kc/print/load_data.html?order_code=212020110702550&kc_code=cgsh&condition= HTTP/1.1" 200 1493
114.88.166.242 - - [07/Nov/2020:09:37:30 +0800] "GET /xingrg/kc/base/yddb_order_add.html HTTP/1.1" 200 29753
114.88.166.242 - - [07/Nov/2020:09:37:30 +0800] "GET /xingrg/dwr/interface/AjaxComOrderService.js HTTP/1.1" 200 18264
114.88.166.242 - - [07/Nov/2020:09:37:30 +0800] "GET /xingrg/dwr/interface/AjaxYddbService.js HTTP/1.1" 200 13201
114.88.166.242 - - [07/Nov/2020:09:37:30 +0800] "GET /xingrg/dwr/engine.js HTTP/1.1" 200 43631
114.88.166.242 - - [07/Nov/2020:09:37:30 +0800] "GET /xingrg/dwr/util.js HTTP/1.1" 304 -
58.40.7.146 - - [07/Nov/2020:09:37:40 +0800] "GET /xingrg/all/function/internal_message.html?_=1604713056720&CODE_STATE=getMsg HTTP/1.1" 200 27
58.40.7.146 - - [07/Nov/2020:09:37:40 +0800] "GET /xingrg/check_reg.html?_=1604713056722 HTTP/1.1" 200 22
180.174.56.115 - - [07/Nov/2020:09:37:42 +0800] "GET /xingrg/all/function/internal_message.html?_=1604713058246&CODE_STATE=getMsg HTTP/1.1" 200 27
124.77.237.88 - - [07/Nov/2020:09:37:42 +0800] "GET /xingrg/all/function/internal_message.html?_=1604713049158&CODE_STATE=getMsg HTTP/1.1" 200 27
114.84.37.38 - - [07/Nov/2020:09:37:43 +0800] "GET /xingrg/all/function/internal_message.html?_=1604713092460&CODE_STATE=getMsg HTTP/1.1" 200 27
180.174.56.115 - - [07/Nov/2020:09:37:45 +0800] "GET /xingrg/kc/buy/cgsh_order_add.html HTTP/1.1" 200 60549
114.88.166.242 - - [07/Nov/2020:09:37:45 +0800] "GET /xingrg/all/function/internal_message.html?_=1604713163815&CODE_STATE=getMsg HTTP/1.1" 200 27
180.174.56.115 - - [07/Nov/2020:09:37:46 +0800] "POST /xingrg/kc/buy/cgsh_order_operate.html HTTP/1.1" 200 8245
180.174.56.115 - - [07/Nov/2020:09:37:46 +0800] "GET /xingrg/javascript/easyui/themes/default/validatebox.css HTTP/1.1" 404 1104
180.157.253.48 - - [07/Nov/2020:09:37:46 +0800] "GET /xingrg/all/function/internal_message.html?_=1604713067561&CODE_STATE=getMsg HTTP/1.1" 200 27
58.40.7.146 - - [07/Nov/2020:09:37:47 +0800] "GET /xingrg/all/function/internal_message.html?_=1604713063865&CODE_STATE=getMsg HTTP/1.1" 200 27
114.88.166.242 - - [07/Nov/2020:09:37:48 +0800] "POST /xingrg/dwr/call/plaincall/AjaxYddbService.getRestBases.dwr HTTP/1.1" 200 1007
180.162.245.190 - - [07/Nov/2020:09:37:49 +0800] "GET /xingrg/kc/buy/cgsh_order_operate.html?command=get_materiel&rest_code=00105&code=00101015014&supplier_code=00100203&order_time=2020-11-07 HTTP/1.1" 200 412
172.17.0.123 - - [07/Nov/2020:09:37:53 +0800] "GET /xingrg/all/function/internal_message.html?_=1604713024578&CODE_STATE=getMsg HTTP/1.1" 200 27
180.174.56.115 - - [07/Nov/2020:09:37:54 +0800] "GET /xingrg/kc/buy/cgsh_order_operate.html?command=get_materiel&rest_code=00150&code=00101015062&supplier_code=00100054&order_time=2020-11-07 HTTP/1.1" 200 412
120.253.135.82 - - [07/Nov/2020:09:37:55 +0800] "GET /xingrg/all/function/internal_message.html?_=1604712817352&CODE_STATE=getMsg HTTP/1.1" 200 27
180.162.245.190 - - [07/Nov/2020:09:37:55 +0800] "POST /xingrg/kc/buy/cgsh_order_operate.html HTTP/1.1" 200 37
180.162.245.190 - - [07/Nov/2020:09:37:56 +0800] "POST /xingrg/kc/buy/cgsh_order_operate.html HTTP/1.1" 200 46970
114.88.166.242 - - [07/Nov/2020:09:37:59 +0800] "POST /xingrg/dwr/call/plaincall/AjaxYddbService.saveOrder.dwr HTTP/1.1" 200 78
114.88.166.242 - - [07/Nov/2020:09:37:59 +0800] "GET /xingrg/images/yd/bt.gif HTTP/1.1" 404 1040
114.88.166.242 - - [07/Nov/2020:09:38:01 +0800] "POST /xingrg/dwr/call/plaincall/AjaxComOrderService.getMaterielSearchList.dwr HTTP/1.1" 200 24487
114.88.166.242 - - [07/Nov/2020:09:38:01 +0800] "POST /xingrg/dwr/call/plaincall/AjaxComOrderService.getMaterielSearchList.dwr HTTP/1.1" 200 1794
172.17.0.185 - - [07/Nov/2020:09:38:03 +0800] "GET /xingrg/all/function/internal_message.html?_=1604713080094&CODE_STATE=getMsg HTTP/1.1" 200 27
180.174.56.115 - - [07/Nov/2020:09:38:05 +0800] "GET /xingrg/kc/buy/cgsh_order_operate.html?command=get_materiel&rest_code=00150&code=00101015076&supplier_code=00100054&order_time=2020-11-07 HTTP/1.1" 200 416
180.174.56.115 - - [07/Nov/2020:09:38:05 +0800] "GET /xingrg/all/function/internal_message.html?_=1604713040549&CODE_STATE=getMsg HTTP/1.1" 200 27
58.221.95.50 - - [07/Nov/2020:09:38:05 +0800] "GET /xingrg/check_reg.html?_=1604713271426 HTTP/1.1" 200 22
180.162.245.190 - - [07/Nov/2020:09:38:06 +0800] "GET /xingrg/all/function/internal_message.html?_=1604713082847&CODE_STATE=getMsg HTTP/1.1" 200 27
114.88.166.242 - - [07/Nov/2020:09:38:14 +0800] "POST /xingrg/dwr/call/plaincall/AjaxComOrderService.getMaterielSearchList.dwr HTTP/1.1" 200 76
114.88.166.242 - - [07/Nov/2020:09:38:14 +0800] "POST /xingrg/dwr/call/plaincall/AjaxComOrderService.getMaterielSearchList.dwr HTTP/1.1" 200 76
114.88.166.242 - - [07/Nov/2020:09:38:15 +0800] "POST /xingrg/dwr/call/plaincall/AjaxComOrderService.getMaterielSearchList.dwr HTTP/1.1" 200 76
222.69.137.55 - - [07/Nov/2020:09:38:16 +0800] "GET /xingrg/all/function/internal_message.html?_=1604713090650&CODE_STATE=getMsg HTTP/1.1" 200 27
114.88.166.242 - - [07/Nov/2020:09:38:16 +0800] "POST /xingrg/dwr/call/plaincall/AjaxComOrderService.getMaterielSearchList.dwr HTTP/1.1" 200 76
114.88.166.242 - - [07/Nov/2020:09:38:17 +0800] "POST /xingrg/dwr/call/plaincall/AjaxComOrderService.getMaterielSearchList.dwr HTTP/1.1" 200 76
114.88.166.242 - - [07/Nov/2020:09:38:18 +0800] "POST /xingrg/dwr/call/plaincall/AjaxComOrderService.getMaterielSearchList.dwr HTTP/1.1" 200 76
180.161.96.95 - - [07/Nov/2020:09:38:19 +0800] "GET /xingrg/all/function/internal_message.html?_=1604713317717&CODE_STATE=getMsg HTTP/1.1" 200 27
114.88.166.242 - - [07/Nov/2020:09:38:19 +0800] "POST /xingrg/dwr/call/plaincall/AjaxComOrderService.getMaterielSearchList.dwr HTTP/1.1" 200 1882
180.162.245.190 - - [07/Nov/2020:09:38:21 +0800] "GET /xingrg/all/function/internal_message.html?_=1604713080413&CODE_STATE=getMsg HTTP/1.1" 200 27
180.162.245.190 - - [07/Nov/2020:09:38:21 +0800] "GET /xingrg/check_reg.html?_=1604713080416 HTTP/1.1" 200 22
114.88.166.242 - - [07/Nov/2020:09:38:25 +0800] "POST /xingrg/dwr/call/plaincall/AjaxYddbService.getMaterielByMap.dwr HTTP/1.1" 200 2648
114.88.166.242 - - [07/Nov/2020:09:38:30 +0800] "POST /xingrg/dwr/call/plaincall/AjaxYddbService.saveMaterielItem.dwr HTTP/1.1" 200 79
58.221.95.50 - - [07/Nov/2020:09:38:32 +0800] "GET /xingrg/all/function/internal_message.html?_=1604713292455&CODE_STATE=getMsg HTTP/1.1" 200 27
58.40.7.146 - - [07/Nov/2020:09:38:40 +0800] "GET /xingrg/all/function/internal_message.html?_=1604713116724&CODE_STATE=getMsg HTTP/1.1" 200 27
180.174.56.115 - - [07/Nov/2020:09:38:42 +0800] "GET /xingrg/all/function/internal_message.html?_=1604713118256&CODE_STATE=getMsg HTTP/1.1" 200 27
124.77.237.88 - - [07/Nov/2020:09:38:42 +0800] "GET /xingrg/all/function/internal_message.html?_=1604713109143&CODE_STATE=getMsg HTTP/1.1" 200 27
114.84.37.38 - - [07/Nov/2020:09:38:43 +0800] "GET /xingrg/all/function/internal_message.html?_=1604713152462&CODE_STATE=getMsg HTTP/1.1" 200 27
114.88.166.242 - - [07/Nov/2020:09:38:44 +0800] "POST /xingrg/dwr/call/plaincall/AjaxComOrderService.getMaterielSearchList.dwr HTTP/1.1" 200 77
114.88.166.242 - - [07/Nov/2020:09:38:45 +0800] "GET /xingrg/all/function/internal_message.html?_=1604713223815&CODE_STATE=getMsg HTTP/1.1" 200 27
180.157.253.48 - - [07/Nov/2020:09:38:46 +0800] "GET /xingrg/all/function/internal_message.html?_=1604713127543&CODE_STATE=getMsg HTTP/1.1" 200 27
114.88.166.242 - - [07/Nov/2020:09:38:46 +0800] "POST /xingrg/dwr/call/plaincall/AjaxComOrderService.getMaterielSearchList.dwr HTTP/1.1" 200 77
58.40.7.146 - - [07/Nov/2020:09:38:47 +0800] "GET /xingrg/all/function/internal_message.html?_=1604713123868&CODE_STATE=getMsg HTTP/1.1" 200 27
58.40.7.146 - - [07/Nov/2020:09:38:47 +0800] "GET /xingrg/check_reg.html?_=1604713123870 HTTP/1.1" 200 22
114.88.166.242 - - [07/Nov/2020:09:38:47 +0800] "POST /xingrg/dwr/call/plaincall/AjaxComOrderService.getMaterielSearchList.dwr HTTP/1.1" 200 6312
114.88.166.242 - - [07/Nov/2020:09:38:50 +0800] "POST /xingrg/dwr/call/plaincall/AjaxYddbService.getMaterielByMap.dwr HTTP/1.1" 200 2643
172.17.0.123 - - [07/Nov/2020:09:38:53 +0800] "GET /xingrg/all/function/internal_message.html?_=1604713084581&CODE_STATE=getMsg HTTP/1.1" 200 27
120.253.135.82 - - [07/Nov/2020:09:38:55 +0800] "GET /xingrg/all/function/internal_message.html?_=1604712877452&CODE_STATE=getMsg HTTP/1.1" 200 27
180.174.56.115 - - [07/Nov/2020:09:38:59 +0800] "GET /xingrg/kc/buy/cgsh_order_operate.html?command=get_materiel&rest_code=00150&code=00101015102&supplier_code=00100054&order_time=2020-11-07 HTTP/1.1" 200 394
172.17.0.185 - - [07/Nov/2020:09:39:03 +0800] "GET /xingrg/all/function/internal_message.html?_=1604713140080&CODE_STATE=getMsg HTTP/1.1" 200 27
114.92.198.154 - - [07/Nov/2020:09:39:04 +0800] "GET /xingrg/login_supplier.html HTTP/1.1" 200 3208
180.174.56.115 - - [07/Nov/2020:09:39:05 +0800] "GET /xingrg/all/function/internal_message.html?_=1604713100567&CODE_STATE=getMsg HTTP/1.1" 200 27
114.92.198.154 - - [07/Nov/2020:09:39:05 +0800] "GET /xingrg/login_supplier.html HTTP/1.1" 200 3208
114.92.198.154 - - [07/Nov/2020:09:39:05 +0800] "GET /favicon.ico HTTP/1.1" 404 -
180.162.245.190 - - [07/Nov/2020:09:39:05 +0800] "GET /xingrg/all/function/internal_message.html?_=1604713142673&CODE_STATE=getMsg HTTP/1.1" 200 27
114.92.198.154 - - [07/Nov/2020:09:39:06 +0800] "GET /favicon.ico HTTP/1.1" 404 -
180.174.56.115 - - [07/Nov/2020:09:39:09 +0800] "POST /xingrg/kc/buy/cgsh_order_operate.html HTTP/1.1" 200 37
180.174.56.115 - - [07/Nov/2020:09:39:11 +0800] "POST /xingrg/kc/buy/cgsh_order_operate.html HTTP/1.1" 200 12
114.92.198.154 - - [07/Nov/2020:09:39:11 +0800] "POST /xingrg/login_supplier.html HTTP/1.1" 302 -
114.92.198.154 - - [07/Nov/2020:09:39:11 +0800] "GET /xingrg/supplier_index.html?sysBaseUrl=http%3A%2F%2F180.169.147.146%3A18081%2Fxingrg%2F&costTime=12×tamp=1604713151728 HTTP/1.1" 200 9061
114.92.198.154 - - [07/Nov/2020:09:39:12 +0800] "GET /favicon.ico HTTP/1.1" 404 -
180.174.56.115 - - [07/Nov/2020:09:39:12 +0800] "GET /xingrg/kc/buy/cgsh_order_info.html?code=212020110702552 HTTP/1.1" 200 55454
180.174.56.115 - - [07/Nov/2020:09:39:13 +0800] "GET /xingrg/javascript/easyui/themes/default/validatebox.css HTTP/1.1" 404 1104
180.174.56.115 - - [07/Nov/2020:09:39:13 +0800] "POST /xingrg/kc/buy/cgsh_order_operate.html HTTP/1.1" 200 1200
114.92.198.154 - - [07/Nov/2020:09:39:13 +0800] "GET /xingrg/supplier/cgsh_order_list.html HTTP/1.1" 200 10896
180.157.253.48 - - [07/Nov/2020:09:39:15 +0800] "GET /xingrg/kc/base/wldb_order_operate.html?command=get_materiel&rest_code=00148&base_code=0010002&code=00102002103 HTTP/1.1" 200 461
180.174.56.115 - - [07/Nov/2020:09:39:15 +0800] "GET /xingrg/kc/print/load_data.html?order_code=212020110702552&kc_code=cgsh&condition= HTTP/1.1" 200 951
114.92.198.154 - - [07/Nov/2020:09:39:15 +0800] "POST /xingrg/supplier/cgsh_list_operate.html HTTP/1.1" 200 5938
222.69.137.55 - - [07/Nov/2020:09:39:16 +0800] "GET /xingrg/all/function/internal_message.html?_=1604713150619&CODE_STATE=getMsg HTTP/1.1" 200 27
180.163.220.4 - - [07/Nov/2020:09:39:17 +0800] "GET /xingrg/login_supplier.html HTTP/1.1" 200 3208
114.92.198.154 - - [07/Nov/2020:09:39:17 +0800] "GET /xingrg/javascript/jquery_tools/images/prev.gif HTTP/1.1" 404 1086
114.92.198.154 - - [07/Nov/2020:09:39:17 +0800] "GET /xingrg/javascript/jquery_tools/images/next.gif HTTP/1.1" 404 1086
180.161.96.95 - - [07/Nov/2020:09:39:19 +0800] "GET /xingrg/all/function/internal_message.html?_=1604713377723&CODE_STATE=getMsg HTTP/1.1" 200 27
180.163.220.4 - - [07/Nov/2020:09:39:21 +0800] "GET /xingrg/javascript/jquery-1.4.2.min.js HTTP/1.1" 200 72205
180.162.245.190 - - [07/Nov/2020:09:39:21 +0800] "GET /xingrg/all/function/internal_message.html?_=1604713140417&CODE_STATE=getMsg HTTP/1.1" 200 27
180.163.220.4 - - [07/Nov/2020:09:39:25 +0800] "GET /xingrg/images/body-bg.png HTTP/1.1" 200 15984
58.221.95.50 - - [07/Nov/2020:09:39:26 +0800] "GET /xingrg/all/function/internal_message.html?_=1604713352453&CODE_STATE=getMsg HTTP/1.1" 200 27
114.92.198.154 - - [07/Nov/2020:09:39:33 +0800] "POST /xingrg/supplier/cgsh_list_operate.html HTTP/1.1" 200 5455
58.40.7.146 - - [07/Nov/2020:09:39:40 +0800] "GET /xingrg/all/function/internal_message.html?_=1604713176726&CODE_STATE=getMsg HTTP/1.1" 200 27
180.157.253.48 - - [07/Nov/2020:09:39:40 +0800] "GET /xingrg/kc/base/wldb_order_operate.html?command=get_materiel&rest_code=00148&base_code=0010002&code=00102002106 HTTP/1.1" 200 441
180.174.56.115 - - [07/Nov/2020:09:39:42 +0800] "GET /xingrg/all/function/internal_message.html?_=1604713178255&CODE_STATE=getMsg HTTP/1.1" 200 27
114.84.37.38 - - [07/Nov/2020:09:39:42 +0800] "GET /xingrg/check_reg.html?_=1604713211779 HTTP/1.1" 200 22
124.77.237.88 - - [07/Nov/2020:09:39:42 +0800] "GET /xingrg/check_reg.html?_=1604713169083 HTTP/1.1" 200 22
124.77.237.88 - - [07/Nov/2020:09:39:42 +0800] "GET /xingrg/all/function/internal_message.html?_=1604713169117&CODE_STATE=getMsg HTTP/1.1" 200 27
114.84.37.38 - - [07/Nov/2020:09:39:43 +0800] "GET /xingrg/all/function/internal_message.html?_=1604713212477&CODE_STATE=getMsg HTTP/1.1" 200 27
114.88.166.242 - - [07/Nov/2020:09:39:45 +0800] "GET /xingrg/all/function/internal_message.html?_=1604713283829&CODE_STATE=getMsg HTTP/1.1" 200 27
180.157.253.48 - - [07/Nov/2020:09:39:46 +0800] "GET /xingrg/all/function/internal_message.html?_=1604713187522&CODE_STATE=getMsg HTTP/1.1" 200 27
58.40.7.146 - - [07/Nov/2020:09:39:47 +0800] "GET /xingrg/all/function/internal_message.html?_=1604713183872&CODE_STATE=getMsg HTTP/1.1" 200 27
172.17.0.123 - - [07/Nov/2020:09:39:53 +0800] "GET /xingrg/all/function/internal_message.html?_=1604713144582&CODE_STATE=getMsg HTTP/1.1" 200 27
120.253.135.82 - - [07/Nov/2020:09:39:55 +0800] "GET /xingrg/all/function/internal_message.html?_=1604712937456&CODE_STATE=getMsg HTTP/1.1" 200 27
172.17.0.185 - - [07/Nov/2020:09:40:03 +0800] "GET /xingrg/all/function/internal_message.html?_=1604713200084&CODE_STATE=getMsg HTTP/1.1" 200 27
180.174.56.115 - - [07/Nov/2020:09:40:05 +0800] "GET /xingrg/all/function/internal_message.html?_=1604713160576&CODE_STATE=getMsg HTTP/1.1" 200 27
180.162.245.190 - - [07/Nov/2020:09:40:05 +0800] "GET /xingrg/all/function/internal_message.html?_=1604713202674&CODE_STATE=getMsg HTTP/1.1" 200 27
180.157.253.48 - - [07/Nov/2020:09:40:09 +0800] "GET /xingrg/kc/base/wldb_order_operate.html?command=get_materiel&rest_code=00148&base_code=0010002&code=00102002104 HTTP/1.1" 200 466
222.69.137.55 - - [07/Nov/2020:09:40:16 +0800] "GET /xingrg/all/function/internal_message.html?_=1604713210603&CODE_STATE=getMsg HTTP/1.1" 200 27
222.69.137.55 - - [07/Nov/2020:09:40:17 +0800] "GET /xingrg/check_reg.html?_=1604713211201 HTTP/1.1" 200 22
180.161.96.95 - - [07/Nov/2020:09:40:19 +0800] "GET /xingrg/all/function/internal_message.html?_=1604713438439&CODE_STATE=getMsg HTTP/1.1" 200 27
180.162.245.190 - - [07/Nov/2020:09:40:21 +0800] "GET /xingrg/all/function/internal_message.html?_=1604713200417&CODE_STATE=getMsg HTTP/1.1" 200 27
58.221.95.50 - - [07/Nov/2020:09:40:26 +0800] "GET /xingrg/all/function/internal_message.html?_=1604713412454&CODE_STATE=getMsg HTTP/1.1" 200 27
58.40.7.146 - - [07/Nov/2020:09:40:40 +0800] "GET /xingrg/all/function/internal_message.html?_=1604713236729&CODE_STATE=getMsg HTTP/1.1" 200 27
114.92.198.154 - - [07/Nov/2020:09:40:40 +0800] "POST /xingrg/supplier/cgsh_list_operate.html HTTP/1.1" 200 212
114.92.198.154 - - [07/Nov/2020:09:40:41 +0800] "GET /xingrg/supplier/cgsh_order_info.html?code=212020110602287 HTTP/1.1" 200 8568
114.92.198.154 - - [07/Nov/2020:09:40:41 +0800] "GET /xingrg/words/20201106115742_words.js HTTP/1.1" 200 774368
114.92.198.154 - - [07/Nov/2020:09:40:42 +0800] "GET /xingrg/javascript/easyui/themes/default/validatebox.css HTTP/1.1" 404 1104
180.174.56.115 - - [07/Nov/2020:09:40:42 +0800] "GET /xingrg/all/function/internal_message.html?_=1604713238262&CODE_STATE=getMsg HTTP/1.1" 200 27
180.174.56.115 - - [07/Nov/2020:09:40:42 +0800] "GET /xingrg/check_reg.html?_=1604713238266 HTTP/1.1" 200 22
114.92.198.154 - - [07/Nov/2020:09:40:42 +0800] "POST /xingrg/kc/buy/cgsh_order_operate.html HTTP/1.1" 200 629
124.77.237.88 - - [07/Nov/2020:09:40:42 +0800] "GET /xingrg/all/function/internal_message.html?_=1604713229091&CODE_STATE=getMsg HTTP/1.1" 200 27
114.84.37.38 - - [07/Nov/2020:09:40:43 +0800] "GET /xingrg/all/function/internal_message.html?_=1604713272490&CODE_STATE=getMsg HTTP/1.1" 200 27
114.88.166.242 - - [07/Nov/2020:09:40:45 +0800] "GET /xingrg/all/function/internal_message.html?_=1604713343826&CODE_STATE=getMsg HTTP/1.1" 200 27
180.157.253.48 - - [07/Nov/2020:09:40:46 +0800] "GET /xingrg/all/function/internal_message.html?_=1604713247540&CODE_STATE=getMsg HTTP/1.1" 200 27
58.40.7.146 - - [07/Nov/2020:09:40:47 +0800] "GET /xingrg/all/function/internal_message.html?_=1604713243874&CODE_STATE=getMsg HTTP/1.1" 200 27
172.17.0.123 - - [07/Nov/2020:09:40:53 +0800] "GET /xingrg/check_reg.html?_=1604713204586 HTTP/1.1" 200 22
172.17.0.123 - - [07/Nov/2020:09:40:53 +0800] "GET /xingrg/all/function/internal_message.html?_=1604713204588&CODE_STATE=getMsg HTTP/1.1" 200 27
120.253.135.82 - - [07/Nov/2020:09:40:55 +0800] "GET /xingrg/all/function/internal_message.html?_=1604712997563&CODE_STATE=getMsg HTTP/1.1" 200 27
172.17.0.185 - - [07/Nov/2020:09:41:03 +0800] "GET /xingrg/all/function/internal_message.html?_=1604713260072&CODE_STATE=getMsg HTTP/1.1" 200 27
180.174.56.115 - - [07/Nov/2020:09:41:05 +0800] "GET /xingrg/all/function/internal_message.html?_=1604713220743&CODE_STATE=getMsg HTTP/1.1" 200 27
180.162.245.190 - - [07/Nov/2020:09:41:05 +0800] "GET /xingrg/all/function/internal_message.html?_=1604713262663&CODE_STATE=getMsg HTTP/1.1" 200 27
180.162.245.190 - - [07/Nov/2020:09:41:05 +0800] "GET /xingrg/check_reg.html?_=1604713262726 HTTP/1.1" 200 22
180.161.96.95 - - [07/Nov/2020:09:41:08 +0800] "GET /xingrg/check_reg.html?_=1604713486458 HTTP/1.1" 200 22
114.92.198.154 - - [07/Nov/2020:09:41:13 +0800] "POST /xingrg/supplier/cgsh_list_operate.html HTTP/1.1" 200 212
180.174.56.115 - - [07/Nov/2020:09:41:13 +0800] "GET /xingrg/check_reg.html?_=1604713229377 HTTP/1.1" 200 22
222.69.137.55 - - [07/Nov/2020:09:41:16 +0800] "GET /xingrg/all/function/internal_message.html?_=1604713270580&CODE_STATE=getMsg HTTP/1.1" 200 27
114.92.198.154 - - [07/Nov/2020:09:41:16 +0800] "POST /xingrg/supplier/cgsh_list_operate.html HTTP/1.1" 200 212
180.157.253.48 - - [07/Nov/2020:09:41:19 +0800] "GET /xingrg/kc/base/wldb_order_operate.html?command=get_materiel&rest_code=00148&base_code=0010002&code=00102002446 HTTP/1.1" 200 435
180.161.96.95 - - [07/Nov/2020:09:41:20 +0800] "GET /xingrg/all/function/internal_message.html?_=1604713498453&CODE_STATE=getMsg HTTP/1.1" 200 27
180.162.245.190 - - [07/Nov/2020:09:41:21 +0800] "GET /xingrg/all/function/internal_message.html?_=1604713260417&CODE_STATE=getMsg HTTP/1.1" 200 27
58.221.95.50 - - [07/Nov/2020:09:41:26 +0800] "GET /xingrg/all/function/internal_message.html?_=1604713472456&CODE_STATE=getMsg HTTP/1.1" 200 27
58.40.7.146 - - [07/Nov/2020:09:41:40 +0800] "GET /xingrg/all/function/internal_message.html?_=1604713296716&CODE_STATE=getMsg HTTP/1.1" 200 27
180.174.56.115 - - [07/Nov/2020:09:41:42 +0800] "GET /xingrg/all/function/internal_message.html?_=1604713298267&CODE_STATE=getMsg HTTP/1.1" 200 27
124.77.237.88 - - [07/Nov/2020:09:41:42 +0800] "GET /xingrg/all/function/internal_message.html?_=1604713289101&CODE_STATE=getMsg HTTP/1.1" 200 27
114.84.37.38 - - [07/Nov/2020:09:41:43 +0800] "GET /xingrg/all/function/internal_message.html?_=1604713332503&CODE_STATE=getMsg HTTP/1.1" 200 27
180.157.253.48 - - [07/Nov/2020:09:41:44 +0800] "GET /xingrg/check_reg.html?_=1604713305280 HTTP/1.1" 200 22
114.88.166.242 - - [07/Nov/2020:09:41:45 +0800] "GET /xingrg/all/function/internal_message.html?_=1604713403824&CODE_STATE=getMsg HTTP/1.1" 200 27
114.88.166.242 - - [07/Nov/2020:09:41:45 +0800] "GET /xingrg/check_reg.html?_=1604713403823 HTTP/1.1" 200 22
180.157.253.48 - - [07/Nov/2020:09:41:46 +0800] "GET /xingrg/all/function/internal_message.html?_=1604713307504&CODE_STATE=getMsg HTTP/1.1" 200 27
58.40.7.146 - - [07/Nov/2020:09:41:47 +0800] "GET /xingrg/all/function/internal_message.html?_=1604713303861&CODE_STATE=getMsg HTTP/1.1" 200 27
120.253.135.82 - - [07/Nov/2020:09:41:49 +0800] "GET /xingrg/check_reg.html?_=1604713051907 HTTP/1.1" 200 22
172.17.0.123 - - [07/Nov/2020:09:41:53 +0800] "GET /xingrg/all/function/internal_message.html?_=1604713264591&CODE_STATE=getMsg HTTP/1.1" 200 27
120.253.135.82 - - [07/Nov/2020:09:41:55 +0800] "GET /xingrg/all/function/internal_message.html?_=1604713057577&CODE_STATE=getMsg HTTP/1.1" 200 27
180.157.253.48 - - [07/Nov/2020:09:42:01 +0800] "POST /xingrg/kc/base/wldb_order_operate.html HTTP/1.1" 200 37
180.157.253.48 - - [07/Nov/2020:09:42:02 +0800] "POST /xingrg/kc/base/wldb_order_operate.html HTTP/1.1" 200 4671
180.157.253.48 - - [07/Nov/2020:09:42:03 +0800] "GET /xingrg/kc/base/wldb_order_info.html?code=422020110700723 HTTP/1.1" 200 30609
172.17.0.185 - - [07/Nov/2020:09:42:03 +0800] "GET /xingrg/check_reg.html?_=1604713320077 HTTP/1.1" 200 22
172.17.0.185 - - [07/Nov/2020:09:42:03 +0800] "GET /xingrg/all/function/internal_message.html?_=1604713320076&CODE_STATE=getMsg HTTP/1.1" 200 27
180.157.253.48 - - [07/Nov/2020:09:42:04 +0800] "GET /xingrg/javascript/easyui/themes/default/validatebox.css HTTP/1.1" 404 1104
180.157.253.48 - - [07/Nov/2020:09:42:05 +0800] "POST /xingrg/kc/base/wldb_order_operate.html HTTP/1.1" 200 4671
180.174.56.115 - - [07/Nov/2020:09:42:05 +0800] "GET /xingrg/all/function/internal_message.html?_=1604713280745&CODE_STATE=getMsg HTTP/1.1" 200 27
180.162.245.190 - - [07/Nov/2020:09:42:05 +0800] "GET /xingrg/all/function/internal_message.html?_=1604713322670&CODE_STATE=getMsg HTTP/1.1" 200 27
180.157.253.48 - - [07/Nov/2020:09:42:07 +0800] "GET /xingrg/kc/base/wldb_order_add.html HTTP/1.1" 200 30593
180.157.253.48 - - [07/Nov/2020:09:42:08 +0800] "POST /xingrg/kc/base/wldb_order_operate.html HTTP/1.1" 200 6806
180.157.253.48 - - [07/Nov/2020:09:42:08 +0800] "GET /xingrg/javascript/easyui/themes/default/validatebox.css HTTP/1.1" 404 1104
222.69.137.55 - - [07/Nov/2020:09:42:16 +0800] "GET /xingrg/all/function/internal_message.html?_=1604713330566&CODE_STATE=getMsg HTTP/1.1" 200 27
180.161.96.95 - - [07/Nov/2020:09:42:20 +0800] "GET /xingrg/all/function/internal_message.html?_=1604713558466&CODE_STATE=getMsg HTTP/1.1" 200 27
180.162.245.190 - - [07/Nov/2020:09:42:21 +0800] "GET /xingrg/all/function/internal_message.html?_=1604713320423&CODE_STATE=getMsg HTTP/1.1" 200 27
58.221.95.50 - - [07/Nov/2020:09:42:26 +0800] "GET /xingrg/all/function/internal_message.html?_=1604713532456&CODE_STATE=getMsg HTTP/1.1" 200 27
58.40.7.146 - - [07/Nov/2020:09:42:40 +0800] "GET /xingrg/all/function/internal_message.html?_=1604713356719&CODE_STATE=getMsg HTTP/1.1" 200 27
58.40.7.146 - - [07/Nov/2020:09:42:40 +0800] "GET /xingrg/check_reg.html?_=1604713356720 HTTP/1.1" 200 22
180.174.56.115 - - [07/Nov/2020:09:42:42 +0800] "GET /xingrg/all/function/internal_message.html?_=1604713358277&CODE_STATE=getMsg HTTP/1.1" 200 27
124.77.237.88 - - [07/Nov/2020:09:42:42 +0800] "GET /xingrg/all/function/internal_message.html?_=1604713349091&CODE_STATE=getMsg HTTP/1.1" 200 27
114.84.37.38 - - [07/Nov/2020:09:42:43 +0800] "GET /xingrg/all/function/internal_message.html?_=1604713392620&CODE_STATE=getMsg HTTP/1.1" 200 27
114.88.166.242 - - [07/Nov/2020:09:42:45 +0800] "GET /xingrg/all/function/internal_message.html?_=1604713463826&CODE_STATE=getMsg HTTP/1.1" 200 27
180.157.253.48 - - [07/Nov/2020:09:42:46 +0800] "GET /xingrg/all/function/internal_message.html?_=1604713367494&CODE_STATE=getMsg HTTP/1.1" 200 27
58.40.7.146 - - [07/Nov/2020:09:42:47 +0800] "GET /xingrg/all/function/internal_message.html?_=1604713363866&CODE_STATE=getMsg HTTP/1.1" 200 27
172.17.0.123 - - [07/Nov/2020:09:42:53 +0800] "GET /xingrg/all/function/internal_message.html?_=1604713324576&CODE_STATE=getMsg HTTP/1.1" 200 27
120.253.135.82 - - [07/Nov/2020:09:42:55 +0800] "GET /xingrg/all/function/internal_message.html?_=1604713117591&CODE_STATE=getMsg HTTP/1.1" 200 27
172.17.0.185 - - [07/Nov/2020:09:43:03 +0800] "GET /xingrg/all/function/internal_message.html?_=1604713380079&CODE_STATE=getMsg HTTP/1.1" 200 27
180.174.56.115 - - [07/Nov/2020:09:43:05 +0800] "GET /xingrg/all/function/internal_message.html?_=1604713340758&CODE_STATE=getMsg HTTP/1.1" 200 27
58.221.95.50 - - [07/Nov/2020:09:43:05 +0800] "GET /xingrg/check_reg.html?_=1604713571399 HTTP/1.1" 200 22
180.162.245.190 - - [07/Nov/2020:09:43:05 +0800] "GET /xingrg/all/function/internal_message.html?_=1604713382666&CODE_STATE=getMsg HTTP/1.1" 200 27
114.92.198.154 - - [07/Nov/2020:09:43:10 +0800] "GET /xingrg/logout.do HTTP/1.1" 302 -
114.92.198.154 - - [07/Nov/2020:09:43:10 +0800] "GET /xingrg/login_supplier.html?sysBaseUrl=http%3A%2F%2F180.169.147.146%3A18081%2Fxingrg%2F&costTime=0×tamp=1604713390327 HTTP/1.1" 200 3208
114.92.198.154 - - [07/Nov/2020:09:43:10 +0800] "GET /favicon.ico HTTP/1.1" 404 -
114.92.198.154 - - [07/Nov/2020:09:43:15 +0800] "POST /xingrg/login_supplier.html HTTP/1.1" 302 -
114.92.198.154 - - [07/Nov/2020:09:43:15 +0800] "GET /xingrg/supplier_index.html?sysBaseUrl=http%3A%2F%2F180.169.147.146%3A18081%2Fxingrg%2F&costTime=11×tamp=1604713395309 HTTP/1.1" 200 9061
114.92.198.154 - - [07/Nov/2020:09:43:15 +0800] "GET /favicon.ico HTTP/1.1" 404 -
222.69.137.55 - - [07/Nov/2020:09:43:16 +0800] "GET /xingrg/all/function/internal_message.html?_=1604713390550&CODE_STATE=getMsg HTTP/1.1" 200 27
114.92.198.154 - - [07/Nov/2020:09:43:17 +0800] "GET /xingrg/supplier/cgsh_order_list.html HTTP/1.1" 200 10896
114.92.198.154 - - [07/Nov/2020:09:43:18 +0800] "POST /xingrg/supplier/cgsh_list_operate.html HTTP/1.1" 200 6084
180.157.253.48 - - [07/Nov/2020:09:43:20 +0800] "GET /xingrg/kc/base/wldb_order_operate.html?command=get_materiel&rest_code=00148&base_code=0010001&code=00101019358 HTTP/1.1" 200 460
114.92.198.154 - - [07/Nov/2020:09:43:20 +0800] "GET /xingrg/javascript/jquery_tools/images/next.gif HTTP/1.1" 404 1086
114.92.198.154 - - [07/Nov/2020:09:43:20 +0800] "GET /xingrg/javascript/jquery_tools/images/prev.gif HTTP/1.1" 404 1086
180.161.96.95 - - [07/Nov/2020:09:43:20 +0800] "GET /xingrg/all/function/internal_message.html?_=1604713619208&CODE_STATE=getMsg HTTP/1.1" 200 27
180.162.245.190 - - [07/Nov/2020:09:43:21 +0800] "GET /xingrg/check_reg.html?_=1604713380423 HTTP/1.1" 200 22
180.162.245.190 - - [07/Nov/2020:09:43:21 +0800] "GET /xingrg/all/function/internal_message.html?_=1604713380426&CODE_STATE=getMsg HTTP/1.1" 200 27
114.92.198.154 - - [07/Nov/2020:09:43:25 +0800] "POST /xingrg/supplier/cgsh_list_operate.html HTTP/1.1" 200 5602
114.92.198.154 - - [07/Nov/2020:09:43:26 +0800] "GET /xingrg/javascript/easyui/themes/default/tree.css HTTP/1.1" 404 1090
114.92.198.154 - - [07/Nov/2020:09:43:26 +0800] "POST /xingrg/all/common/load_tree.html?tree=area_rest_tree_json HTTP/1.1" 200 3350
58.221.95.50 - - [07/Nov/2020:09:43:26 +0800] "GET /xingrg/all/function/internal_message.html?_=1604713592461&CODE_STATE=getMsg HTTP/1.1" 200 27
180.157.253.48 - - [07/Nov/2020:09:43:31 +0800] "POST /xingrg/kc/base/wldb_order_operate.html HTTP/1.1" 200 37
180.157.253.48 - - [07/Nov/2020:09:43:31 +0800] "POST /xingrg/kc/base/wldb_order_operate.html HTTP/1.1" 200 2202
180.157.253.48 - - [07/Nov/2020:09:43:32 +0800] "GET /xingrg/kc/base/wldb_order_info.html?code=422020110700724 HTTP/1.1" 200 30607
180.157.253.48 - - [07/Nov/2020:09:43:33 +0800] "POST /xingrg/kc/base/wldb_order_operate.html HTTP/1.1" 200 2202
114.92.198.154 - - [07/Nov/2020:09:43:33 +0800] "POST /xingrg/supplier/cgsh_list_operate.html HTTP/1.1" 200 1775
180.157.253.48 - - [07/Nov/2020:09:43:33 +0800] "GET /xingrg/javascript/easyui/themes/default/validatebox.css HTTP/1.1" 404 1104
114.92.198.154 - - [07/Nov/2020:09:43:34 +0800] "POST /xingrg/supplier/cgsh_list_operate.html HTTP/1.1" 200 587
180.157.253.48 - - [07/Nov/2020:09:43:40 +0800] "GET /xingrg/kc/base/wldb_order_add.html HTTP/1.1" 200 30593
58.40.7.146 - - [07/Nov/2020:09:43:40 +0800] "GET /xingrg/all/function/internal_message.html?_=1604713416723&CODE_STATE=getMsg HTTP/1.1" 200 27
180.157.253.48 - - [07/Nov/2020:09:43:40 +0800] "POST /xingrg/kc/base/wldb_order_operate.html HTTP/1.1" 200 6806
180.157.253.48 - - [07/Nov/2020:09:43:41 +0800] "GET /xingrg/javascript/easyui/themes/default/validatebox.css HTTP/1.1" 404 1104
180.174.56.115 - - [07/Nov/2020:09:43:42 +0800] "GET /xingrg/all/function/internal_message.html?_=1604713418277&CODE_STATE=getMsg HTTP/1.1" 200 27
124.77.237.88 - - [07/Nov/2020:09:43:42 +0800] "GET /xingrg/all/function/internal_message.html?_=1604713409090&CODE_STATE=getMsg HTTP/1.1" 200 27
114.84.37.38 - - [07/Nov/2020:09:43:43 +0800] "GET /xingrg/all/function/internal_message.html?_=1604713452624&CODE_STATE=getMsg HTTP/1.1" 200 27
114.88.166.242 - - [07/Nov/2020:09:43:45 +0800] "GET /xingrg/all/function/internal_message.html?_=1604713523817&CODE_STATE=getMsg HTTP/1.1" 200 27
180.157.253.48 - - [07/Nov/2020:09:43:46 +0800] "GET /xingrg/all/function/internal_message.html?_=1604713427474&CODE_STATE=getMsg HTTP/1.1" 200 27
58.40.7.146 - - [07/Nov/2020:09:43:47 +0800] "GET /xingrg/all/function/internal_message.html?_=1604713423869&CODE_STATE=getMsg HTTP/1.1" 200 27
58.40.7.146 - - [07/Nov/2020:09:43:47 +0800] "GET /xingrg/check_reg.html?_=1604713423870 HTTP/1.1" 200 22
114.92.198.154 - - [07/Nov/2020:09:43:53 +0800] "GET /xingrg/supplier/cgth_order_list.html HTTP/1.1" 200 10583
172.17.0.123 - - [07/Nov/2020:09:43:53 +0800] "GET /xingrg/all/function/internal_message.html?_=1604713384579&CODE_STATE=getMsg HTTP/1.1" 200 27
114.92.198.154 - - [07/Nov/2020:09:43:53 +0800] "POST /xingrg/supplier/cgth_list_operate.html HTTP/1.1" 200 4830
120.253.135.82 - - [07/Nov/2020:09:43:55 +0800] "GET /xingrg/all/function/internal_message.html?_=1604713177702&CODE_STATE=getMsg HTTP/1.1" 200 27
114.92.198.154 - - [07/Nov/2020:09:43:56 +0800] "POST /xingrg/supplier/cgth_list_operate.html HTTP/1.1" 200 208
172.17.0.185 - - [07/Nov/2020:09:44:03 +0800] "GET /xingrg/all/function/internal_message.html?_=1604713440079&CODE_STATE=getMsg HTTP/1.1" 200 27
180.174.56.115 - - [07/Nov/2020:09:44:05 +0800] "GET /xingrg/all/function/internal_message.html?_=1604713400915&CODE_STATE=getMsg HTTP/1.1" 200 27
180.162.245.190 - - [07/Nov/2020:09:44:05 +0800] "GET /xingrg/all/function/internal_message.html?_=1604713442661&CODE_STATE=getMsg HTTP/1.1" 200 27
180.157.253.48 - - [07/Nov/2020:09:44:15 +0800] "GET /xingrg/kc/base/wldb_order_operate.html?command=get_materiel&rest_code=00148&base_code=0010005&code=00101025014 HTTP/1.1" 200 462
222.69.137.55 - - [07/Nov/2020:09:44:16 +0800] "GET /xingrg/all/function/internal_message.html?_=1604713450536&CODE_STATE=getMsg HTTP/1.1" 200 27
180.161.96.95 - - [07/Nov/2020:09:44:20 +0800] "GET /xingrg/all/function/internal_message.html?_=1604713679211&CODE_STATE=getMsg HTTP/1.1" 200 27
180.162.245.190 - - [07/Nov/2020:09:44:21 +0800] "GET /xingrg/all/function/internal_message.html?_=1604713440412&CODE_STATE=getMsg HTTP/1.1" 200 27
180.157.253.48 - - [07/Nov/2020:09:44:25 +0800] "POST /xingrg/kc/base/wldb_order_operate.html HTTP/1.1" 200 37
180.157.253.48 - - [07/Nov/2020:09:44:25 +0800] "POST /xingrg/kc/base/wldb_order_operate.html HTTP/1.1" 200 2208
180.157.253.48 - - [07/Nov/2020:09:44:26 +0800] "GET /xingrg/kc/base/wldb_order_info.html?code=422020110700725 HTTP/1.1" 200 30608
58.221.95.50 - - [07/Nov/2020:09:44:26 +0800] "GET /xingrg/all/function/internal_message.html?_=1604713652459&CODE_STATE=getMsg HTTP/1.1" 200 27
180.157.253.48 - - [07/Nov/2020:09:44:27 +0800] "POST /xingrg/kc/base/wldb_order_operate.html HTTP/1.1" 200 2208
180.157.253.48 - - [07/Nov/2020:09:44:27 +0800] "GET /xingrg/javascript/easyui/themes/default/validatebox.css HTTP/1.1" 404 1104
180.157.253.48 - - [07/Nov/2020:09:44:30 +0800] "GET /xingrg/kc/base/wldb_order_add.html HTTP/1.1" 200 30593
180.157.253.48 - - [07/Nov/2020:09:44:31 +0800] "POST /xingrg/kc/base/wldb_order_operate.html HTTP/1.1" 200 6806
180.157.253.48 - - [07/Nov/2020:09:44:31 +0800] "GET /xingrg/javascript/easyui/themes/default/validatebox.css HTTP/1.1" 404 1104
58.40.7.146 - - [07/Nov/2020:09:44:40 +0800] "GET /xingrg/all/function/internal_message.html?_=1604713476726&CODE_STATE=getMsg HTTP/1.1" 200 27
180.174.56.115 - - [07/Nov/2020:09:44:42 +0800] "GET /xingrg/all/function/internal_message.html?_=1604713478277&CODE_STATE=getMsg HTTP/1.1" 200 27
114.84.37.38 - - [07/Nov/2020:09:44:42 +0800] "GET /xingrg/check_reg.html?_=1604713511784 HTTP/1.1" 200 22
124.77.237.88 - - [07/Nov/2020:09:44:42 +0800] "GET /xingrg/check_reg.html?_=1604713469095 HTTP/1.1" 200 22
124.77.237.88 - - [07/Nov/2020:09:44:42 +0800] "GET /xingrg/all/function/internal_message.html?_=1604713469098&CODE_STATE=getMsg HTTP/1.1" 200 27
