114.95.230.91 - - [07/Nov/2020:10:16:06 +0800] "GET /xingrg/kc/buy/cgsh_order_add.html HTTP/1.1" 200 60572
114.95.230.91 - - [07/Nov/2020:10:16:06 +0800] "GET /xingrg/words/20201106115742_words.js HTTP/1.1" 304 -
114.95.230.91 - - [07/Nov/2020:10:16:06 +0800] "GET /xingrg/javascript/easyui/themes/icons/copy_new.png HTTP/1.1" 304 -
114.95.230.91 - - [07/Nov/2020:10:16:06 +0800] "GET /xingrg/javascript/easyui/themes/icons/template_new.png HTTP/1.1" 304 -
114.95.230.91 - - [07/Nov/2020:10:16:06 +0800] "GET /xingrg/javascript/easyui/themes/icons/ok.png HTTP/1.1" 304 -
114.95.230.91 - - [07/Nov/2020:10:16:06 +0800] "GET /xingrg/javascript/easyui/themes/icons/print.png HTTP/1.1" 304 -
114.95.230.91 - - [07/Nov/2020:10:16:06 +0800] "GET /xingrg/javascript/easyui/themes/default/images/menu_downarrow.png HTTP/1.1" 304 -
114.95.230.91 - - [07/Nov/2020:10:16:06 +0800] "GET /xingrg/javascript/easyui/themes/icons/cancel.png HTTP/1.1" 304 -
114.95.230.91 - - [07/Nov/2020:10:16:06 +0800] "POST /xingrg/kc/buy/cgsh_order_operate.html HTTP/1.1" 200 8245
114.95.230.91 - - [07/Nov/2020:10:16:06 +0800] "GET /xingrg/javascript/easyui/themes/icons/edit_remove.png HTTP/1.1" 304 -
114.95.230.91 - - [07/Nov/2020:10:16:07 +0800] "GET /xingrg/all/common/auto_word.html?type=employee&rest_code=00102 HTTP/1.1" 200 189
114.95.230.91 - - [07/Nov/2020:10:16:07 +0800] "GET /xingrg/all/common/auto_word.html?type=employee&rest_code=00102 HTTP/1.1" 200 189
114.95.230.91 - - [07/Nov/2020:10:16:07 +0800] "GET /xingrg/javascript/easyui/themes/default/validatebox.css HTTP/1.1" 404 1104
114.95.230.91 - - [07/Nov/2020:10:16:07 +0800] "GET /xingrg/javascript/easyui/plugins/jquery.validatebox.js HTTP/1.1" 304 -
114.95.230.91 - - [07/Nov/2020:10:16:07 +0800] "GET /xingrg/javascript/easyui/plugins/jquery.numberbox.js HTTP/1.1" 304 -
114.95.230.91 - - [07/Nov/2020:10:16:07 +0800] "GET /xingrg/javascript/auto/indicator.gif HTTP/1.1" 404 1066
180.157.253.48 - - [07/Nov/2020:10:16:13 +0800] "GET /xingrg/kc/buy/cgsh_order_operate.html?command=get_materiel&rest_code=00148&code=00101008102&supplier_code=00100059&order_time=2020-11-07 HTTP/1.1" 200 413
180.174.56.115 - - [07/Nov/2020:10:16:15 +0800] "GET /xingrg/all/function/internal_message.html?_=1604715330956&CODE_STATE=getMsg HTTP/1.1" 200 27
222.69.137.55 - - [07/Nov/2020:10:16:16 +0800] "GET /xingrg/all/function/internal_message.html?_=1604715370466&CODE_STATE=getMsg HTTP/1.1" 200 27
114.95.230.91 - - [07/Nov/2020:10:16:17 +0800] "GET /xingrg/kc/buy/cgsh_order_operate.html?command=get_materiel&rest_code=00102&code=00101003031&supplier_code=00100151&order_time=2020-11-07 HTTP/1.1" 200 426
114.88.166.242 - - [07/Nov/2020:10:16:18 +0800] "GET /xingrg/all/function/internal_message.html?_=1604715373622&CODE_STATE=getMsg HTTP/1.1" 200 27
114.95.230.91 - - [07/Nov/2020:10:16:18 +0800] "GET /xingrg/javascript/jquery_easy_ui/themes/default/images/tabs_active.png HTTP/1.1" 304 -
114.95.230.91 - - [07/Nov/2020:10:16:19 +0800] "GET /xingrg/javascript/jquery_easy_ui/themes/icons/area.png HTTP/1.1" 304 -
114.95.230.91 - - [07/Nov/2020:10:16:19 +0800] "GET /xingrg/javascript/jquery_easy_ui/themes/icons/rest.png HTTP/1.1" 304 -
117.185.32.26 - - [07/Nov/2020:10:16:19 +0800] "GET /xingrg/kc/buy/cgsh_order_operate.html?command=get_materiel&rest_code=00106&code=00101029011&supplier_code=00100017&order_time=2020-11-07 HTTP/1.1" 200 460
180.162.245.190 - - [07/Nov/2020:10:16:21 +0800] "GET /xingrg/all/function/internal_message.html?_=1604715360466&CODE_STATE=getMsg HTTP/1.1" 200 27
58.221.95.50 - - [07/Nov/2020:10:16:26 +0800] "GET /xingrg/all/function/internal_message.html?_=1604715572508&CODE_STATE=getMsg HTTP/1.1" 200 27
180.162.245.190 - - [07/Nov/2020:10:16:26 +0800] "POST /xingrg/kc/buy/cgsh_order_operate.html HTTP/1.1" 200 37
180.157.253.48 - - [07/Nov/2020:10:16:27 +0800] "GET /xingrg/kc/buy/cgsh_order_operate.html?command=get_materiel&rest_code=00148&code=00101015038&supplier_code=00100059&order_time=2020-11-07 HTTP/1.1" 200 419
180.162.245.190 - - [07/Nov/2020:10:16:27 +0800] "POST /xingrg/kc/buy/cgsh_order_operate.html HTTP/1.1" 200 3838
180.162.245.190 - - [07/Nov/2020:10:16:29 +0800] "GET /xingrg/kc/buy/cgsh_order_list.html HTTP/1.1" 200 44875
120.253.135.82 - - [07/Nov/2020:10:16:29 +0800] "GET /xingrg/all/function/internal_message.html?_=1604715131978&CODE_STATE=getMsg HTTP/1.1" 200 27
180.162.245.190 - - [07/Nov/2020:10:16:30 +0800] "POST /xingrg/kc/buy/cgsh_list_operate.html HTTP/1.1" 200 3480
124.77.237.88 - - [07/Nov/2020:10:16:40 +0800] "GET /xingrg/kc/buy/buy_main.html HTTP/1.1" 200 12412
124.77.237.88 - - [07/Nov/2020:10:16:40 +0800] "GET /xingrg/css/new_ie.css HTTP/1.1" 404 1036
58.40.7.146 - - [07/Nov/2020:10:16:40 +0800] "GET /xingrg/all/function/internal_message.html?_=1604715396734&CODE_STATE=getMsg HTTP/1.1" 200 27
124.77.237.88 - - [07/Nov/2020:10:16:42 +0800] "GET /xingrg/images/yd/bt.gif HTTP/1.1" 404 1040
180.174.56.115 - - [07/Nov/2020:10:16:42 +0800] "GET /xingrg/all/function/internal_message.html?_=1604715398428&CODE_STATE=getMsg HTTP/1.1" 200 27
124.77.237.88 - - [07/Nov/2020:10:16:42 +0800] "GET /xingrg/all/function/internal_message.html?_=1604715389118&CODE_STATE=getMsg HTTP/1.1" 200 27
124.77.237.88 - - [07/Nov/2020:10:16:43 +0800] "GET /xingrg/kc/buy/cgsh_order_list.html HTTP/1.1" 200 44881
180.157.253.48 - - [07/Nov/2020:10:16:44 +0800] "GET /xingrg/check_reg.html?_=1604715405280 HTTP/1.1" 200 22
114.84.37.38 - - [07/Nov/2020:10:16:44 +0800] "GET /xingrg/all/function/internal_message.html?_=1604715433837&CODE_STATE=getMsg HTTP/1.1" 200 27
124.77.237.88 - - [07/Nov/2020:10:16:45 +0800] "POST /xingrg/kc/buy/cgsh_list_operate.html HTTP/1.1" 200 2741
180.157.253.48 - - [07/Nov/2020:10:16:45 +0800] "GET /xingrg/all/function/internal_message.html?_=1604715406952&CODE_STATE=getMsg HTTP/1.1" 200 27
124.77.237.88 - - [07/Nov/2020:10:16:47 +0800] "GET /xingrg/kc/buy/cgsh_order_add.html HTTP/1.1" 200 60701
58.40.7.146 - - [07/Nov/2020:10:16:47 +0800] "GET /xingrg/all/function/internal_message.html?_=1604715403893&CODE_STATE=getMsg HTTP/1.1" 200 27
124.77.237.88 - - [07/Nov/2020:10:16:47 +0800] "GET /xingrg/javascript/easyui/themes/default/validatebox.css HTTP/1.1" 404 1104
124.77.237.88 - - [07/Nov/2020:10:16:47 +0800] "POST /xingrg/kc/buy/cgsh_order_operate.html HTTP/1.1" 200 8245
124.77.237.88 - - [07/Nov/2020:10:16:48 +0800] "GET /xingrg/javascript/easyui/themes/default/tree.css HTTP/1.1" 404 1090
124.77.237.88 - - [07/Nov/2020:10:16:48 +0800] "POST /xingrg/all/common/load_tree.html?tree=supplier_tree_json&isDelete=1 HTTP/1.1" 200 51727
180.157.253.48 - - [07/Nov/2020:10:16:50 +0800] "POST /xingrg/kc/buy/cgsh_order_operate.html HTTP/1.1" 200 37
180.157.253.48 - - [07/Nov/2020:10:16:51 +0800] "POST /xingrg/kc/buy/cgsh_order_operate.html HTTP/1.1" 200 4430
172.17.0.123 - - [07/Nov/2020:10:16:53 +0800] "GET /xingrg/all/function/internal_message.html?_=1604715364579&CODE_STATE=getMsg HTTP/1.1" 200 27
117.185.32.26 - - [07/Nov/2020:10:16:54 +0800] "GET /xingrg/check_reg.html?_=1604715834463 HTTP/1.1" 200 22
117.185.32.26 - - [07/Nov/2020:10:16:54 +0800] "GET /xingrg/all/function/internal_message.html?_=1604715834465&CODE_STATE=getMsg HTTP/1.1" 200 27
114.95.230.91 - - [07/Nov/2020:10:17:00 +0800] "GET /xingrg/all/function/internal_message.html?_=1604715638934&CODE_STATE=getMsg HTTP/1.1" 200 27
124.77.237.88 - - [07/Nov/2020:10:17:03 +0800] "GET /xingrg/kc/buy/cgsh_order_operate.html?command=get_materiel&rest_code=00107&code=00101011005&supplier_code=00100049&order_time=2020-11-07 HTTP/1.1" 200 429
172.17.0.185 - - [07/Nov/2020:10:17:03 +0800] "GET /xingrg/all/function/internal_message.html?_=1604715420077&CODE_STATE=getMsg HTTP/1.1" 200 27
172.17.0.185 - - [07/Nov/2020:10:17:03 +0800] "GET /xingrg/check_reg.html?_=1604715420083 HTTP/1.1" 200 22
180.162.245.190 - - [07/Nov/2020:10:17:05 +0800] "GET /xingrg/all/function/internal_message.html?_=1604715422744&CODE_STATE=getMsg HTTP/1.1" 200 27
117.185.32.26 - - [07/Nov/2020:10:17:11 +0800] "GET /xingrg/login.html HTTP/1.1" 200 7641
117.185.32.26 - - [07/Nov/2020:10:17:11 +0800] "GET /xingrg/images/blue/jxLogo.png HTTP/1.1" 304 -
117.185.32.26 - - [07/Nov/2020:10:17:12 +0800] "GET /xingrg/images/blue/login_bg.png HTTP/1.1" 304 -
117.185.32.26 - - [07/Nov/2020:10:17:12 +0800] "GET /xingrg/images/blue/srbg.png HTTP/1.1" 304 -
117.185.32.26 - - [07/Nov/2020:10:17:12 +0800] "GET /xingrg/images/blue/hj.png HTTP/1.1" 304 -
117.185.32.26 - - [07/Nov/2020:10:17:12 +0800] "GET /favicon.ico HTTP/1.1" 404 -
180.174.56.115 - - [07/Nov/2020:10:17:15 +0800] "GET /xingrg/all/function/internal_message.html?_=1604715390969&CODE_STATE=getMsg HTTP/1.1" 200 27
180.157.253.48 - - [07/Nov/2020:10:17:15 +0800] "POST /xingrg/kc/buy/cgsh_order_operate.html HTTP/1.1" 200 37
222.69.137.55 - - [07/Nov/2020:10:17:16 +0800] "GET /xingrg/all/function/internal_message.html?_=1604715430441&CODE_STATE=getMsg HTTP/1.1" 200 27
180.157.253.48 - - [07/Nov/2020:10:17:16 +0800] "POST /xingrg/kc/buy/cgsh_order_operate.html HTTP/1.1" 200 4430
114.88.166.242 - - [07/Nov/2020:10:17:18 +0800] "GET /xingrg/check_reg.html?_=1604715433399 HTTP/1.1" 200 22
114.88.166.242 - - [07/Nov/2020:10:17:18 +0800] "GET /xingrg/all/function/internal_message.html?_=1604715433635&CODE_STATE=getMsg HTTP/1.1" 200 27
124.77.237.88 - - [07/Nov/2020:10:17:19 +0800] "GET /xingrg/kc/buy/cgsh_order_operate.html?command=get_materiel&rest_code=00107&code=00101011010&supplier_code=00100049&order_time=2020-11-07 HTTP/1.1" 200 418
117.185.32.26 - - [07/Nov/2020:10:17:20 +0800] "POST /xingrg/login.do HTTP/1.1" 302 -
117.185.32.26 - - [07/Nov/2020:10:17:20 +0800] "POST /xingrg/login.do HTTP/1.1" 302 -
117.185.32.26 - - [07/Nov/2020:10:17:20 +0800] "GET /xingrg/index.html?sysBaseUrl=http%3A%2F%2F180.169.147.146%3A18081%2Fxingrg%2F&costTime=38×tamp=1604715440364 HTTP/1.1" 200 17413
117.185.32.26 - - [07/Nov/2020:10:17:20 +0800] "GET /xingrg/javascript/jquery_easy_ui/themes/default/easyui.css HTTP/1.1" 304 -
117.185.32.26 - - [07/Nov/2020:10:17:20 +0800] "GET /xingrg/javascript/jquery_easy_ui/themes/icon.css HTTP/1.1" 304 -
117.185.32.26 - - [07/Nov/2020:10:17:20 +0800] "GET /xingrg/css/form.css HTTP/1.1" 304 -
117.185.32.26 - - [07/Nov/2020:10:17:20 +0800] "GET /xingrg/javascript/jquery-1.4.2.min.js HTTP/1.1" 304 -
117.185.32.26 - - [07/Nov/2020:10:17:20 +0800] "GET /xingrg/javascript/jquery_easy_ui/easyui-lang-zh_CN.js HTTP/1.1" 304 -
117.185.32.26 - - [07/Nov/2020:10:17:20 +0800] "GET /xingrg/javascript/jquery_easy_ui/jquery.easyui.min.js HTTP/1.1" 304 -
117.185.32.26 - - [07/Nov/2020:10:17:20 +0800] "GET /xingrg/javascript/jquery.utils.js HTTP/1.1" 304 -
117.185.32.26 - - [07/Nov/2020:10:17:20 +0800] "GET /xingrg/javascript/jquery.form.js HTTP/1.1" 304 -
117.185.32.26 - - [07/Nov/2020:10:17:20 +0800] "GET /xingrg/javascript/jquery.timers.js HTTP/1.1" 304 -
117.185.32.26 - - [07/Nov/2020:10:17:20 +0800] "GET /favicon.ico HTTP/1.1" 404 -
117.185.32.26 - - [07/Nov/2020:10:17:21 +0800] "GET /xingrg/images/blue/navBackgound.jpg HTTP/1.1" 304 -
117.185.32.26 - - [07/Nov/2020:10:17:21 +0800] "GET /xingrg/javascript/jquery_easy_ui/themes/icons/settle_new.png HTTP/1.1" 304 -
117.185.32.26 - - [07/Nov/2020:10:17:21 +0800] "POST /xingrg/all/common/load_tree.html?tree=area_rest_tree_json&manage=1 HTTP/1.1" 200 342
117.185.32.26 - - [07/Nov/2020:10:17:21 +0800] "GET /xingrg/images/blue/pingpu.png HTTP/1.1" 304 -
117.185.32.26 - - [07/Nov/2020:10:17:21 +0800] "GET /xingrg/javascript/jquery_easy_ui/themes/default/images/tabs_rightarrow.png HTTP/1.1" 304 -
117.185.32.26 - - [07/Nov/2020:10:17:21 +0800] "GET /xingrg/javascript/jquery_easy_ui/themes/default/images/tabs_leftarrow.png HTTP/1.1" 304 -
117.185.32.26 - - [07/Nov/2020:10:17:21 +0800] "GET /xingrg/javascript/jquery_easy_ui/themes/default/images/panel_tool_collapse.gif HTTP/1.1" 304 -
117.185.32.26 - - [07/Nov/2020:10:17:21 +0800] "GET /xingrg/javascript/jquery_easy_ui/themes/default/images/panel_tool_expand.gif HTTP/1.1" 304 -
117.185.32.26 - - [07/Nov/2020:10:17:21 +0800] "GET /xingrg/all/function/internal_message.html?_=1604715433840&CODE_STATE=count HTTP/1.1" 200 11
117.185.32.26 - - [07/Nov/2020:10:17:21 +0800] "GET /xingrg/check_reg.html?_=1604715433842 HTTP/1.1" 200 22
117.185.32.26 - - [07/Nov/2020:10:17:21 +0800] "GET /xingrg/javascript/jquery_easy_ui/themes/default/images/tree_arrows.gif HTTP/1.1" 304 -
180.162.245.190 - - [07/Nov/2020:10:17:21 +0800] "GET /xingrg/all/function/internal_message.html?_=1604715420466&CODE_STATE=getMsg HTTP/1.1" 200 27
117.185.32.26 - - [07/Nov/2020:10:17:22 +0800] "POST /xingrg/load_menu.html HTTP/1.1" 200 9959
117.185.32.26 - - [07/Nov/2020:10:17:22 +0800] "GET /xingrg/javascript/jquery_easy_ui/themes/icons/search_new.png HTTP/1.1" 304 -
117.185.32.26 - - [07/Nov/2020:10:17:22 +0800] "GET /xingrg/javascript/jquery_easy_ui/themes/default/images/tree_folder_open.gif HTTP/1.1" 304 -
117.185.32.26 - - [07/Nov/2020:10:17:22 +0800] "GET /xingrg/javascript/jquery_easy_ui/themes/default/images/tree_folder.gif HTTP/1.1" 304 -
117.185.32.26 - - [07/Nov/2020:10:17:22 +0800] "GET /xingrg/javascript/jquery_easy_ui/themes/icons/storage_new.png HTTP/1.1" 304 -
117.185.32.26 - - [07/Nov/2020:10:17:22 +0800] "GET /xingrg/javascript/jquery_easy_ui/themes/icons/checkout_new.png HTTP/1.1" 304 -
117.185.32.26 - - [07/Nov/2020:10:17:22 +0800] "GET /xingrg/javascript/jquery_easy_ui/themes/icons/forms_new.png HTTP/1.1" 304 -
117.185.32.26 - - [07/Nov/2020:10:17:22 +0800] "GET /xingrg/javascript/jquery_easy_ui/themes/icons/setting_new.png HTTP/1.1" 304 -
117.185.32.26 - - [07/Nov/2020:10:17:22 +0800] "GET /xingrg/javascript/jquery_easy_ui/themes/default/images/tree_file.gif HTTP/1.1" 304 -
117.185.32.26 - - [07/Nov/2020:10:17:22 +0800] "GET /xingrg/javascript/jquery_easy_ui/themes/icons/systemset_new.png HTTP/1.1" 304 -
58.221.95.50 - - [07/Nov/2020:10:17:26 +0800] "GET /xingrg/all/function/internal_message.html?_=1604715632510&CODE_STATE=getMsg HTTP/1.1" 200 27
124.77.237.88 - - [07/Nov/2020:10:17:27 +0800] "POST /xingrg/kc/buy/cgsh_order_operate.html HTTP/1.1" 200 37
117.185.32.26 - - [07/Nov/2020:10:17:28 +0800] "POST /xingrg/load_menu.html HTTP/1.1" 200 9242
124.77.237.88 - - [07/Nov/2020:10:17:28 +0800] "POST /xingrg/kc/buy/cgsh_order_operate.html HTTP/1.1" 200 3264
117.185.32.26 - - [07/Nov/2020:10:17:28 +0800] "GET /xingrg/javascript/jquery_easy_ui/themes/icons/rest.png HTTP/1.1" 304 -
117.185.32.26 - - [07/Nov/2020:10:17:28 +0800] "GET /xingrg/javascript/jquery_easy_ui/themes/icons/area.png HTTP/1.1" 304 -
120.253.135.82 - - [07/Nov/2020:10:17:29 +0800] "GET /xingrg/all/function/internal_message.html?_=1604715191985&CODE_STATE=getMsg HTTP/1.1" 200 27
124.77.237.88 - - [07/Nov/2020:10:17:29 +0800] "GET /xingrg/kc/print/load_data.html?order_code=212020110702574&kc_code=cgsh&condition= HTTP/1.1" 200 957
117.185.32.26 - - [07/Nov/2020:10:17:30 +0800] "GET /xingrg/javascript/jquery_easy_ui/themes/default/images/tabs_close.gif HTTP/1.1" 304 -
117.185.32.26 - - [07/Nov/2020:10:17:30 +0800] "GET /xingrg/css/blue.css HTTP/1.1" 304 -
117.185.32.26 - - [07/Nov/2020:10:17:30 +0800] "GET /xingrg/javascript/multi_select/jqueryMultiSelect.css HTTP/1.1" 304 -
117.185.32.26 - - [07/Nov/2020:10:17:30 +0800] "GET /xingrg/javascript/calendar/timePicker.css HTTP/1.1" 304 -
117.185.32.26 - - [07/Nov/2020:10:17:30 +0800] "GET /xingrg/javascript/bigrid/fix.css HTTP/1.1" 304 -
117.185.32.26 - - [07/Nov/2020:10:17:31 +0800] "GET /xingrg/javascript/pic_change.js HTTP/1.1" 304 -
117.185.32.26 - - [07/Nov/2020:10:17:31 +0800] "GET /xingrg/javascript/myfunction.js HTTP/1.1" 304 -
117.185.32.26 - - [07/Nov/2020:10:17:31 +0800] "GET /xingrg/javascript/jqueryMultiSelect.js HTTP/1.1" 304 -
117.185.32.26 - - [07/Nov/2020:10:17:31 +0800] "GET /xingrg/javascript/Calendar.js HTTP/1.1" 304 -
117.185.32.26 - - [07/Nov/2020:10:17:31 +0800] "GET /xingrg/javascript/calendar/jquery.timePicker.min.js HTTP/1.1" 304 -
117.185.32.26 - - [07/Nov/2020:10:17:31 +0800] "GET /xingrg/javascript/bigrid/fix.js HTTP/1.1" 304 -
117.185.32.26 - - [07/Nov/2020:10:17:31 +0800] "GET /xingrg/dwr/interface/AjaxReportQueryService.js HTTP/1.1" 200 13203
117.185.32.26 - - [07/Nov/2020:10:17:32 +0800] "GET /xingrg/dwr/util.js HTTP/1.1" 200 35990
117.185.32.26 - - [07/Nov/2020:10:17:32 +0800] "GET /xingrg/dwr/engine.js HTTP/1.1" 200 43631
117.185.32.26 - - [07/Nov/2020:10:17:33 +0800] "GET /xingrg/all/report/report_query.html?fileName=dma/new_5.0/yingye/yy_hz.xml&rw=1600 HTTP/1.1" 200 56155
117.185.32.26 - - [07/Nov/2020:10:17:33 +0800] "GET /xingrg/images/control/loading.gif HTTP/1.1" 304 -
117.185.32.26 - - [07/Nov/2020:10:17:33 +0800] "GET /xingrg/images/blue/button/advanceover.gif HTTP/1.1" 304 -
117.185.32.26 - - [07/Nov/2020:10:17:33 +0800] "GET /xingrg/images/blue/button/advance2over.gif HTTP/1.1" 304 -
117.185.32.26 - - [07/Nov/2020:10:17:33 +0800] "GET /xingrg/images/blue/button/backover.gif HTTP/1.1" 304 -
117.185.32.26 - - [07/Nov/2020:10:17:33 +0800] "GET /xingrg/images/blue/button/back2over.gif HTTP/1.1" 304 -
117.185.32.26 - - [07/Nov/2020:10:17:33 +0800] "GET /xingrg/javascript/jquery_easy_ui/themes/icons/help.png HTTP/1.1" 304 -
117.185.32.26 - - [07/Nov/2020:10:17:33 +0800] "GET /xingrg/javascript/jquery_easy_ui/themes/default/images/menu_downarrow.png HTTP/1.1" 304 -
117.185.32.26 - - [07/Nov/2020:10:17:33 +0800] "GET /xingrg/javascript/jquery_easy_ui/themes/default/images/menu.gif HTTP/1.1" 304 -
117.185.32.26 - - [07/Nov/2020:10:17:33 +0800] "GET /xingrg/javascript/jquery_easy_ui/themes/icons/print.png HTTP/1.1" 304 -
117.185.32.26 - - [07/Nov/2020:10:17:33 +0800] "GET /xingrg/javascript/jquery_easy_ui/themes/icons/pencil.png HTTP/1.1" 304 -
117.185.32.26 - - [07/Nov/2020:10:17:33 +0800] "GET /xingrg/javascript/jquery_easy_ui/themes/default/images/menu_rightarrow.png HTTP/1.1" 304 -
117.185.32.26 - - [07/Nov/2020:10:17:33 +0800] "POST /xingrg/dwr/call/plaincall/AjaxReportQueryService.getFixDate.dwr HTTP/1.1" 200 111
117.185.32.26 - - [07/Nov/2020:10:17:33 +0800] "GET /xingrg/javascript/jquery_easy_ui/themes/default/images/combo_arrow_dot.gif HTTP/1.1" 304 -
117.185.32.26 - - [07/Nov/2020:10:17:33 +0800] "POST /xingrg/all/common/load_tree.html?tree=area_station_tree_json&manage=1 HTTP/1.1" 200 336
117.185.32.26 - - [07/Nov/2020:10:17:33 +0800] "GET /xingrg/javascript/jquery_easy_ui/themes/default/images/tree_checkbox_0.gif HTTP/1.1" 304 -
124.77.237.88 - - [07/Nov/2020:10:17:34 +0800] "GET /xingrg/kc/buy/cgsh_order_add.html HTTP/1.1" 200 60701
124.77.237.88 - - [07/Nov/2020:10:17:34 +0800] "GET /xingrg/javascript/easyui/themes/default/validatebox.css HTTP/1.1" 404 1104
124.77.237.88 - - [07/Nov/2020:10:17:34 +0800] "POST /xingrg/kc/buy/cgsh_order_operate.html HTTP/1.1" 200 8245
124.77.237.88 - - [07/Nov/2020:10:17:35 +0800] "GET /xingrg/javascript/easyui/themes/default/tree.css HTTP/1.1" 404 1090
124.77.237.88 - - [07/Nov/2020:10:17:35 +0800] "POST /xingrg/all/common/load_tree.html?tree=supplier_tree_json&isDelete=1 HTTP/1.1" 200 51727
58.40.7.146 - - [07/Nov/2020:10:17:40 +0800] "GET /xingrg/all/function/internal_message.html?_=1604715456738&CODE_STATE=getMsg HTTP/1.1" 200 27
58.40.7.146 - - [07/Nov/2020:10:17:40 +0800] "GET /xingrg/check_reg.html?_=1604715456740 HTTP/1.1" 200 22
180.174.56.115 - - [07/Nov/2020:10:17:42 +0800] "GET /xingrg/all/function/internal_message.html?_=1604715458427&CODE_STATE=getMsg HTTP/1.1" 200 27
124.77.237.88 - - [07/Nov/2020:10:17:43 +0800] "GET /xingrg/all/function/internal_message.html?_=1604715449207&CODE_STATE=getMsg HTTP/1.1" 200 27
114.84.37.38 - - [07/Nov/2020:10:17:44 +0800] "GET /xingrg/all/function/internal_message.html?_=1604715493851&CODE_STATE=getMsg HTTP/1.1" 200 27
180.157.253.48 - - [07/Nov/2020:10:17:45 +0800] "GET /xingrg/all/function/internal_message.html?_=1604715466943&CODE_STATE=getMsg HTTP/1.1" 200 27
180.162.245.190 - - [07/Nov/2020:10:17:47 +0800] "POST /xingrg/kc/buy/cgsh_list_operate.html HTTP/1.1" 200 564
58.40.7.146 - - [07/Nov/2020:10:17:47 +0800] "GET /xingrg/all/function/internal_message.html?_=1604715463897&CODE_STATE=getMsg HTTP/1.1" 200 27
180.162.245.190 - - [07/Nov/2020:10:17:47 +0800] "GET /xingrg/kc/buy/cgsh_order_info.html?code=212020110702551 HTTP/1.1" 200 60663
180.162.245.190 - - [07/Nov/2020:10:17:47 +0800] "GET /xingrg/javascript/easyui/themes/default/validatebox.css HTTP/1.1" 404 1104
180.162.245.190 - - [07/Nov/2020:10:17:48 +0800] "POST /xingrg/kc/buy/cgsh_order_operate.html HTTP/1.1" 200 46970
124.77.237.88 - - [07/Nov/2020:10:17:52 +0800] "GET /xingrg/kc/buy/cgsh_order_operate.html?command=get_materiel&rest_code=00107&code=00101001010&supplier_code=00100041&order_time=2020-11-07 HTTP/1.1" 200 408
172.17.0.123 - - [07/Nov/2020:10:17:53 +0800] "GET /xingrg/all/function/internal_message.html?_=1604715424581&CODE_STATE=getMsg HTTP/1.1" 200 27
117.185.32.26 - - [07/Nov/2020:10:17:54 +0800] "GET /xingrg/all/function/internal_message.html?_=1604715894490&CODE_STATE=getMsg HTTP/1.1" 200 27
117.185.32.26 - - [07/Nov/2020:10:17:56 +0800] "GET /xingrg/javascript/jquery_easy_ui/themes/default/images/tabs_active.png HTTP/1.1" 304 -
117.185.32.26 - - [07/Nov/2020:10:17:58 +0800] "POST /xingrg/dwr/call/plaincall/AjaxReportQueryService.getFixDate.dwr HTTP/1.1" 200 111
117.185.32.26 - - [07/Nov/2020:10:17:59 +0800] "GET /xingrg/javascript/jquery_easy_ui/themes/default/images/tree_checkbox_1.gif HTTP/1.1" 304 -
114.95.230.91 - - [07/Nov/2020:10:18:00 +0800] "GET /xingrg/all/function/internal_message.html?_=1604715698939&CODE_STATE=getMsg HTTP/1.1" 200 27
117.185.32.26 - - [07/Nov/2020:10:18:01 +0800] "POST /xingrg/dwr/call/plaincall/AjaxReportQueryService.refreshCache.dwr HTTP/1.1" 200 78
117.185.32.26 - - [07/Nov/2020:10:18:01 +0800] "POST /xingrg/all/report/load_report_page.html HTTP/1.1" 200 32726
117.185.32.26 - - [07/Nov/2020:10:18:02 +0800] "GET /xingrg/servlets/image?cache=0.739208471479837&image=px HTTP/1.1" 200 807
117.185.32.26 - - [07/Nov/2020:10:18:02 +0800] "GET /xingrg/javascript/jquery_easy_ui/themes/default/images/tabs_active.png HTTP/1.1" 304 -
117.185.32.26 - - [07/Nov/2020:10:18:02 +0800] "POST /xingrg/kc/buy/cgsh_order_operate.html HTTP/1.1" 200 37
172.17.0.185 - - [07/Nov/2020:10:18:03 +0800] "GET /xingrg/all/function/internal_message.html?_=1604715480073&CODE_STATE=getMsg HTTP/1.1" 200 27
117.185.32.26 - - [07/Nov/2020:10:18:03 +0800] "POST /xingrg/kc/buy/cgsh_order_operate.html HTTP/1.1" 200 8331
58.221.95.50 - - [07/Nov/2020:10:18:05 +0800] "GET /xingrg/check_reg.html?_=1604715671291 HTTP/1.1" 200 22
180.162.245.190 - - [07/Nov/2020:10:18:06 +0800] "GET /xingrg/all/function/internal_message.html?_=1604715482843&CODE_STATE=getMsg HTTP/1.1" 200 27
124.77.237.88 - - [07/Nov/2020:10:18:06 +0800] "GET /xingrg/kc/buy/cgsh_order_operate.html?command=get_materiel&rest_code=00107&code=00101010161&supplier_code=00100041&order_time=2020-11-07 HTTP/1.1" 200 409
117.185.32.26 - - [07/Nov/2020:10:18:08 +0800] "GET /xingrg/kc/buy/buy_main.html HTTP/1.1" 200 12412
117.185.32.26 - - [07/Nov/2020:10:18:08 +0800] "GET /xingrg/css/new_ie.css HTTP/1.1" 404 1036
117.185.32.26 - - [07/Nov/2020:10:18:09 +0800] "GET /xingrg/images/yd/bt.gif HTTP/1.1" 404 1040
117.185.32.26 - - [07/Nov/2020:10:18:10 +0800] "GET /xingrg/kc/buy/cgsh_order_list.html HTTP/1.1" 200 44875
117.185.32.26 - - [07/Nov/2020:10:18:12 +0800] "POST /xingrg/kc/buy/cgsh_list_operate.html HTTP/1.1" 200 1687
180.174.56.115 - - [07/Nov/2020:10:18:15 +0800] "GET /xingrg/all/function/internal_message.html?_=1604715451079&CODE_STATE=getMsg HTTP/1.1" 200 27
222.69.137.55 - - [07/Nov/2020:10:18:16 +0800] "GET /xingrg/all/function/internal_message.html?_=1604715490424&CODE_STATE=getMsg HTTP/1.1" 200 27
124.77.237.88 - - [07/Nov/2020:10:18:17 +0800] "POST /xingrg/kc/buy/cgsh_order_operate.html HTTP/1.1" 200 64
114.88.166.242 - - [07/Nov/2020:10:18:18 +0800] "GET /xingrg/all/function/internal_message.html?_=1604715493643&CODE_STATE=getMsg HTTP/1.1" 200 27
222.69.137.55 - - [07/Nov/2020:10:18:18 +0800] "POST /xingrg/kc/buy/cgsh_order_operate.html HTTP/1.1" 200 37
222.69.137.55 - - [07/Nov/2020:10:18:19 +0800] "POST /xingrg/kc/buy/cgsh_order_operate.html HTTP/1.1" 200 8577
117.185.32.26 - - [07/Nov/2020:10:18:21 +0800] "GET /xingrg/all/function/internal_message.html?_=1604715493857&CODE_STATE=getMsg HTTP/1.1" 200 27
117.185.32.26 - - [07/Nov/2020:10:18:21 +0800] "POST /xingrg/kc/buy/cgsh_list_operate.html HTTP/1.1" 200 1687
180.162.245.190 - - [07/Nov/2020:10:18:21 +0800] "GET /xingrg/all/function/internal_message.html?_=1604715480466&CODE_STATE=getMsg HTTP/1.1" 200 27
180.162.245.190 - - [07/Nov/2020:10:18:21 +0800] "GET /xingrg/check_reg.html?_=1604715480469 HTTP/1.1" 200 22
117.185.32.26 - - [07/Nov/2020:10:18:22 +0800] "GET /xingrg/kc/buy/buy_main.html HTTP/1.1" 200 12412
117.185.32.26 - - [07/Nov/2020:10:18:22 +0800] "GET /xingrg/css/new_ie.css HTTP/1.1" 404 1036
124.77.237.88 - - [07/Nov/2020:10:18:23 +0800] "POST /xingrg/kc/buy/cgsh_order_operate.html HTTP/1.1" 200 37
124.77.237.88 - - [07/Nov/2020:10:18:24 +0800] "POST /xingrg/kc/buy/cgsh_order_operate.html HTTP/1.1" 200 3242
117.185.32.26 - - [07/Nov/2020:10:18:24 +0800] "GET /xingrg/images/yd/bt.gif HTTP/1.1" 404 1040
117.185.32.26 - - [07/Nov/2020:10:18:25 +0800] "GET /xingrg/kc/buy/cgsh_order_list.html HTTP/1.1" 200 44875
124.77.237.88 - - [07/Nov/2020:10:18:25 +0800] "GET /xingrg/kc/print/load_data.html?order_code=212020110702578&kc_code=cgsh&condition= HTTP/1.1" 200 903
58.221.95.50 - - [07/Nov/2020:10:18:26 +0800] "GET /xingrg/all/function/internal_message.html?_=1604715692511&CODE_STATE=getMsg HTTP/1.1" 200 27
117.185.32.26 - - [07/Nov/2020:10:18:26 +0800] "POST /xingrg/kc/buy/cgsh_list_operate.html HTTP/1.1" 200 1687
117.185.32.26 - - [07/Nov/2020:10:18:29 +0800] "GET /xingrg/kc/buy/buy_main.html HTTP/1.1" 200 12412
117.185.32.26 - - [07/Nov/2020:10:18:29 +0800] "GET /xingrg/css/new_ie.css HTTP/1.1" 404 1036
120.253.135.82 - - [07/Nov/2020:10:18:29 +0800] "GET /xingrg/all/function/internal_message.html?_=1604715252030&CODE_STATE=getMsg HTTP/1.1" 200 27
58.40.7.146 - - [07/Nov/2020:10:18:40 +0800] "GET /xingrg/all/function/internal_message.html?_=1604715516742&CODE_STATE=getMsg HTTP/1.1" 200 27
180.174.56.115 - - [07/Nov/2020:10:18:42 +0800] "GET /xingrg/all/function/internal_message.html?_=1604715518430&CODE_STATE=getMsg HTTP/1.1" 200 27
124.77.237.88 - - [07/Nov/2020:10:18:42 +0800] "GET /xingrg/all/function/internal_message.html?_=1604715509187&CODE_STATE=getMsg HTTP/1.1" 200 27
114.84.37.38 - - [07/Nov/2020:10:18:44 +0800] "GET /xingrg/all/function/internal_message.html?_=1604715553865&CODE_STATE=getMsg HTTP/1.1" 200 27
180.157.253.48 - - [07/Nov/2020:10:18:45 +0800] "GET /xingrg/all/function/internal_message.html?_=1604715526916&CODE_STATE=getMsg HTTP/1.1" 200 27
58.40.7.146 - - [07/Nov/2020:10:18:47 +0800] "GET /xingrg/all/function/internal_message.html?_=1604715523900&CODE_STATE=getMsg HTTP/1.1" 200 27
58.40.7.146 - - [07/Nov/2020:10:18:47 +0800] "GET /xingrg/check_reg.html?_=1604715523901 HTTP/1.1" 200 22
172.17.0.123 - - [07/Nov/2020:10:18:53 +0800] "GET /xingrg/all/function/internal_message.html?_=1604715484584&CODE_STATE=getMsg HTTP/1.1" 200 27
117.185.32.26 - - [07/Nov/2020:10:18:54 +0800] "GET /xingrg/all/function/internal_message.html?_=1604715954492&CODE_STATE=getMsg HTTP/1.1" 200 27
114.95.230.91 - - [07/Nov/2020:10:19:00 +0800] "GET /xingrg/all/function/internal_message.html?_=1604715758973&CODE_STATE=getMsg HTTP/1.1" 200 27
222.69.137.55 - - [07/Nov/2020:10:19:02 +0800] "GET /xingrg/kc/buy/cgsh_order_add.html HTTP/1.1" 200 60666
222.69.137.55 - - [07/Nov/2020:10:19:02 +0800] "POST /xingrg/kc/buy/cgsh_order_operate.html HTTP/1.1" 200 8245
222.69.137.55 - - [07/Nov/2020:10:19:02 +0800] "GET /xingrg/javascript/easyui/themes/default/validatebox.css HTTP/1.1" 404 1104
172.17.0.185 - - [07/Nov/2020:10:19:03 +0800] "GET /xingrg/all/function/internal_message.html?_=1604715540076&CODE_STATE=getMsg HTTP/1.1" 200 27
180.162.245.190 - - [07/Nov/2020:10:19:05 +0800] "GET /xingrg/all/function/internal_message.html?_=1604715542821&CODE_STATE=getMsg HTTP/1.1" 200 27
222.69.137.55 - - [07/Nov/2020:10:19:15 +0800] "GET /xingrg/kc/buy/cgsh_order_operate.html?command=get_materiel&rest_code=00149&code=00101011003&supplier_code=00100051&order_time=2020-11-07 HTTP/1.1" 200 413
180.174.56.115 - - [07/Nov/2020:10:19:15 +0800] "GET /xingrg/all/function/internal_message.html?_=1604715511091&CODE_STATE=getMsg HTTP/1.1" 200 27
222.69.137.55 - - [07/Nov/2020:10:19:16 +0800] "GET /xingrg/all/function/internal_message.html?_=1604715550406&CODE_STATE=getMsg HTTP/1.1" 200 27
114.88.166.242 - - [07/Nov/2020:10:19:18 +0800] "GET /xingrg/all/function/internal_message.html?_=1604715553661&CODE_STATE=getMsg HTTP/1.1" 200 27
120.253.135.82 - - [07/Nov/2020:10:19:18 +0800] "GET /xingrg/check_reg.html?_=1604715300887 HTTP/1.1" 200 22
180.162.245.190 - - [07/Nov/2020:10:19:21 +0800] "GET /xingrg/all/function/internal_message.html?_=1604715540468&CODE_STATE=getMsg HTTP/1.1" 200 27
58.221.95.50 - - [07/Nov/2020:10:19:26 +0800] "GET /xingrg/all/function/internal_message.html?_=1604715752497&CODE_STATE=getMsg HTTP/1.1" 200 27
120.253.135.82 - - [07/Nov/2020:10:19:29 +0800] "GET /xingrg/all/function/internal_message.html?_=1604715312042&CODE_STATE=getMsg HTTP/1.1" 200 27
222.69.137.55 - - [07/Nov/2020:10:19:32 +0800] "POST /xingrg/kc/buy/cgsh_order_operate.html HTTP/1.1" 200 37
222.69.137.55 - - [07/Nov/2020:10:19:39 +0800] "POST /xingrg/kc/buy/cgsh_order_operate.html HTTP/1.1" 200 12
58.40.7.146 - - [07/Nov/2020:10:19:40 +0800] "GET /xingrg/all/function/internal_message.html?_=1604715576729&CODE_STATE=getMsg HTTP/1.1" 200 27
222.69.137.55 - - [07/Nov/2020:10:19:42 +0800] "GET /xingrg/kc/buy/cgsh_order_info.html?code=212020110702579 HTTP/1.1" 200 55569
180.174.56.115 - - [07/Nov/2020:10:19:42 +0800] "GET /xingrg/all/function/internal_message.html?_=1604715578440&CODE_STATE=getMsg HTTP/1.1" 200 27
124.77.237.88 - - [07/Nov/2020:10:19:42 +0800] "GET /xingrg/check_reg.html?_=1604715569129 HTTP/1.1" 200 22
124.77.237.88 - - [07/Nov/2020:10:19:42 +0800] "GET /xingrg/all/function/internal_message.html?_=1604715569167&CODE_STATE=getMsg HTTP/1.1" 200 27
222.69.137.55 - - [07/Nov/2020:10:19:42 +0800] "GET /xingrg/javascript/easyui/themes/default/validatebox.css HTTP/1.1" 404 1104
114.84.37.38 - - [07/Nov/2020:10:19:43 +0800] "GET /xingrg/check_reg.html?_=1604715612260 HTTP/1.1" 200 22
222.69.137.55 - - [07/Nov/2020:10:19:43 +0800] "POST /xingrg/kc/buy/cgsh_order_operate.html HTTP/1.1" 200 606
114.84.37.38 - - [07/Nov/2020:10:19:44 +0800] "GET /xingrg/all/function/internal_message.html?_=1604715613878&CODE_STATE=getMsg HTTP/1.1" 200 27
180.157.253.48 - - [07/Nov/2020:10:19:45 +0800] "GET /xingrg/all/function/internal_message.html?_=1604715586909&CODE_STATE=getMsg HTTP/1.1" 200 27
58.40.7.146 - - [07/Nov/2020:10:19:47 +0800] "GET /xingrg/all/function/internal_message.html?_=1604715583903&CODE_STATE=getMsg HTTP/1.1" 200 27
172.17.0.123 - - [07/Nov/2020:10:19:53 +0800] "GET /xingrg/all/function/internal_message.html?_=1604715544585&CODE_STATE=getMsg HTTP/1.1" 200 27
117.185.32.26 - - [07/Nov/2020:10:19:54 +0800] "GET /xingrg/all/function/internal_message.html?_=1604716014495&CODE_STATE=getMsg HTTP/1.1" 200 27
114.95.230.91 - - [07/Nov/2020:10:20:00 +0800] "GET /xingrg/all/function/internal_message.html?_=1604715818982&CODE_STATE=getMsg HTTP/1.1" 200 27
180.157.253.48 - - [07/Nov/2020:10:20:02 +0800] "POST /xingrg/kc/buy/cgsh_list_operate.html HTTP/1.1" 200 2774
172.17.0.185 - - [07/Nov/2020:10:20:03 +0800] "GET /xingrg/all/function/internal_message.html?_=1604715600084&CODE_STATE=getMsg HTTP/1.1" 200 27
180.162.245.190 - - [07/Nov/2020:10:20:05 +0800] "GET /xingrg/all/function/internal_message.html?_=1604715602790&CODE_STATE=getMsg HTTP/1.1" 200 27
180.157.253.48 - - [07/Nov/2020:10:20:06 +0800] "POST /xingrg/kc/buy/cgsh_list_operate.html HTTP/1.1" 200 567
180.157.253.48 - - [07/Nov/2020:10:20:07 +0800] "GET /xingrg/kc/buy/cgsh_order_info.html?code=212020110702542 HTTP/1.1" 200 60630
180.157.253.48 - - [07/Nov/2020:10:20:08 +0800] "GET /xingrg/javascript/easyui/themes/default/validatebox.css HTTP/1.1" 404 1104
180.157.253.48 - - [07/Nov/2020:10:20:08 +0800] "POST /xingrg/kc/buy/cgsh_order_operate.html HTTP/1.1" 200 8592
117.131.5.26 - - [07/Nov/2020:10:20:10 +0800] "POST /xingrg/services/DataTransmitService HTTP/1.1" 200 524
117.131.5.26 - - [07/Nov/2020:10:20:13 +0800] "POST /xingrg/services/DataTransmitService HTTP/1.1" 200 501
117.131.5.26 - - [07/Nov/2020:10:20:13 +0800] "POST /xingrg/services/DataTransmitService HTTP/1.1" 200 501
180.174.56.115 - - [07/Nov/2020:10:20:15 +0800] "GET /xingrg/all/function/internal_message.html?_=1604715571113&CODE_STATE=getMsg HTTP/1.1" 200 27
222.69.137.55 - - [07/Nov/2020:10:20:16 +0800] "GET /xingrg/all/function/internal_message.html?_=1604715610384&CODE_STATE=getMsg HTTP/1.1" 200 27
117.131.5.26 - - [07/Nov/2020:10:20:16 +0800] "POST /xingrg/services/DataTransmitService HTTP/1.1" 200 501
222.69.137.55 - - [07/Nov/2020:10:20:17 +0800] "GET /xingrg/check_reg.html?_=1604715611261 HTTP/1.1" 200 22
114.88.166.242 - - [07/Nov/2020:10:20:18 +0800] "GET /xingrg/all/function/internal_message.html?_=1604715613691&CODE_STATE=getMsg HTTP/1.1" 200 27
117.131.5.26 - - [07/Nov/2020:10:20:20 +0800] "POST /xingrg/services/DataTransmitService HTTP/1.1" 200 501
117.131.5.26 - - [07/Nov/2020:10:20:20 +0800] "POST /xingrg/services/DataTransmitService HTTP/1.1" 200 501
117.131.5.26 - - [07/Nov/2020:10:20:21 +0800] "POST /xingrg/services/DataTransmitService HTTP/1.1" 200 501
180.162.245.190 - - [07/Nov/2020:10:20:21 +0800] "GET /xingrg/all/function/internal_message.html?_=1604715600468&CODE_STATE=getMsg HTTP/1.1" 200 27
117.131.5.26 - - [07/Nov/2020:10:20:21 +0800] "POST /xingrg/services/DataTransmitService HTTP/1.1" 200 501
117.131.5.26 - - [07/Nov/2020:10:20:22 +0800] "POST /xingrg/services/DataTransmitService HTTP/1.1" 200 501
117.131.5.26 - - [07/Nov/2020:10:20:22 +0800] "POST /xingrg/services/DataTransmitService HTTP/1.1" 200 501
117.131.5.26 - - [07/Nov/2020:10:20:25 +0800] "POST /xingrg/services/DataTransmitService HTTP/1.1" 200 412
58.221.95.50 - - [07/Nov/2020:10:20:26 +0800] "GET /xingrg/all/function/internal_message.html?_=1604715812511&CODE_STATE=getMsg HTTP/1.1" 200 27
120.253.135.82 - - [07/Nov/2020:10:20:30 +0800] "GET /xingrg/all/function/internal_message.html?_=1604715372063&CODE_STATE=getMsg HTTP/1.1" 200 27
58.40.7.146 - - [07/Nov/2020:10:20:40 +0800] "GET /xingrg/all/function/internal_message.html?_=1604715636733&CODE_STATE=getMsg HTTP/1.1" 200 27
180.174.56.115 - - [07/Nov/2020:10:20:42 +0800] "GET /xingrg/all/function/internal_message.html?_=1604715638439&CODE_STATE=getMsg HTTP/1.1" 200 27
180.174.56.115 - - [07/Nov/2020:10:20:42 +0800] "GET /xingrg/check_reg.html?_=1604715638440 HTTP/1.1" 200 22
124.77.237.88 - - [07/Nov/2020:10:20:42 +0800] "GET /xingrg/all/function/internal_message.html?_=1604715629149&CODE_STATE=getMsg HTTP/1.1" 200 27
180.174.56.115 - - [07/Nov/2020:10:20:44 +0800] "GET /xingrg/kc/buy/cgsh_order_operate.html?command=get_materiel&rest_code=00151&code=00101009006&supplier_code=00100424&order_time=2020-11-07 HTTP/1.1" 200 408
114.84.37.38 - - [07/Nov/2020:10:20:44 +0800] "GET /xingrg/all/function/internal_message.html?_=1604715673892&CODE_STATE=getMsg HTTP/1.1" 200 27
180.157.253.48 - - [07/Nov/2020:10:20:45 +0800] "GET /xingrg/all/function/internal_message.html?_=1604715646905&CODE_STATE=getMsg HTTP/1.1" 200 27
58.40.7.146 - - [07/Nov/2020:10:20:47 +0800] "GET /xingrg/all/function/internal_message.html?_=1604715643906&CODE_STATE=getMsg HTTP/1.1" 200 27
180.174.56.115 - - [07/Nov/2020:10:20:52 +0800] "GET /xingrg/check_reg.html?_=1604715607593 HTTP/1.1" 200 22
172.17.0.123 - - [07/Nov/2020:10:20:53 +0800] "GET /xingrg/check_reg.html?_=1604715604588 HTTP/1.1" 200 22
172.17.0.123 - - [07/Nov/2020:10:20:53 +0800] "GET /xingrg/all/function/internal_message.html?_=1604715604590&CODE_STATE=getMsg HTTP/1.1" 200 27
117.185.32.26 - - [07/Nov/2020:10:20:54 +0800] "GET /xingrg/all/function/internal_message.html?_=1604716074502&CODE_STATE=getMsg HTTP/1.1" 200 27
180.174.56.115 - - [07/Nov/2020:10:21:00 +0800] "GET /xingrg/kc/buy/cgsh_order_operate.html?command=get_materiel&rest_code=00151&code=00101009001&supplier_code=00100424&order_time=2020-11-07 HTTP/1.1" 200 416
114.95.230.91 - - [07/Nov/2020:10:21:00 +0800] "GET /xingrg/check_reg.html?_=1604715878899 HTTP/1.1" 200 22
114.95.230.91 - - [07/Nov/2020:10:21:00 +0800] "GET /xingrg/all/function/internal_message.html?_=1604715878996&CODE_STATE=getMsg HTTP/1.1" 200 27
172.17.0.185 - - [07/Nov/2020:10:21:03 +0800] "GET /xingrg/all/function/internal_message.html?_=1604715660071&CODE_STATE=getMsg HTTP/1.1" 200 27
180.162.245.190 - - [07/Nov/2020:10:21:05 +0800] "GET /xingrg/check_reg.html?_=1604715662752 HTTP/1.1" 200 22
180.162.245.190 - - [07/Nov/2020:10:21:05 +0800] "GET /xingrg/all/function/internal_message.html?_=1604715662769&CODE_STATE=getMsg HTTP/1.1" 200 27
180.162.245.190 - - [07/Nov/2020:10:21:05 +0800] "POST /xingrg/kc/buy/cgsh_order_operate.html HTTP/1.1" 200 37
180.162.245.190 - - [07/Nov/2020:10:21:06 +0800] "POST /xingrg/kc/buy/cgsh_order_operate.html HTTP/1.1" 200 48154
180.162.245.190 - - [07/Nov/2020:10:21:09 +0800] "GET /xingrg/kc/mdqp/pssh_order_list.html HTTP/1.1" 200 18056
180.162.245.190 - - [07/Nov/2020:10:21:09 +0800] "POST /xingrg/kc/mdqp/pssh_list_operate.html HTTP/1.1" 200 5243
180.162.245.190 - - [07/Nov/2020:10:21:14 +0800] "POST /xingrg/kc/mdqp/pssh_list_operate.html HTTP/1.1" 200 460
180.174.56.115 - - [07/Nov/2020:10:21:15 +0800] "GET /xingrg/all/function/internal_message.html?_=1604715631117&CODE_STATE=getMsg HTTP/1.1" 200 27
180.162.245.190 - - [07/Nov/2020:10:21:15 +0800] "POST /xingrg/kc/mdqp/pssh_list_operate.html HTTP/1.1" 200 786
180.162.245.190 - - [07/Nov/2020:10:21:16 +0800] "GET /xingrg/kc/mdqp/pssh_order_info.html?code=312020110600147 HTTP/1.1" 200 17275
180.162.245.190 - - [07/Nov/2020:10:21:16 +0800] "GET /xingrg/javascript/jquery_tools/jquery-1.4.2.min.js HTTP/1.1" 404 1094
222.69.137.55 - - [07/Nov/2020:10:21:16 +0800] "GET /xingrg/all/function/internal_message.html?_=1604715670362&CODE_STATE=getMsg HTTP/1.1" 200 27
180.162.245.190 - - [07/Nov/2020:10:21:16 +0800] "GET /xingrg/all/common/auto_word.html?type=base&rest_code=00105&rest_code=00105 HTTP/1.1" 200 1811
180.162.245.190 - - [07/Nov/2020:10:21:16 +0800] "GET /xingrg/javascript/easyui/themes/default/validatebox.css HTTP/1.1" 404 1104
180.162.245.190 - - [07/Nov/2020:10:21:16 +0800] "POST /xingrg/kc/mdqp/pssh_order_operate.html HTTP/1.1" 200 12780
114.88.166.242 - - [07/Nov/2020:10:21:18 +0800] "GET /xingrg/all/function/internal_message.html?_=1604715673699&CODE_STATE=getMsg HTTP/1.1" 200 27
180.162.245.190 - - [07/Nov/2020:10:21:20 +0800] "POST /xingrg/kc/mdqp/pssh_list_operate.html HTTP/1.1" 200 770
120.253.135.82 - - [07/Nov/2020:10:21:21 +0800] "GET /xingrg/kc/buy/cgsh_order_list.html HTTP/1.1" 200 44875
180.162.245.190 - - [07/Nov/2020:10:21:21 +0800] "GET /xingrg/all/function/internal_message.html?_=1604715660470&CODE_STATE=getMsg HTTP/1.1" 200 27
120.253.135.82 - - [07/Nov/2020:10:21:23 +0800] "POST /xingrg/kc/buy/cgsh_list_operate.html HTTP/1.1" 200 876
180.162.245.190 - - [07/Nov/2020:10:21:23 +0800] "GET /xingrg/kc/mdqp/pssh_order_info.html?code=312020110600146 HTTP/1.1" 200 17275
180.162.245.190 - - [07/Nov/2020:10:21:23 +0800] "GET /xingrg/javascript/jquery_tools/jquery-1.4.2.min.js HTTP/1.1" 404 1094
180.162.245.190 - - [07/Nov/2020:10:21:23 +0800] "GET /xingrg/javascript/easyui/themes/default/validatebox.css HTTP/1.1" 404 1104
180.162.245.190 - - [07/Nov/2020:10:21:23 +0800] "POST /xingrg/kc/mdqp/pssh_order_operate.html HTTP/1.1" 200 4190
58.221.95.50 - - [07/Nov/2020:10:21:26 +0800] "GET /xingrg/all/function/internal_message.html?_=1604715872523&CODE_STATE=getMsg HTTP/1.1" 200 27
120.253.135.82 - - [07/Nov/2020:10:21:29 +0800] "GET /xingrg/kc/pszx/mdqp_order_list.html?state=10 HTTP/1.1" 200 10175
120.253.135.82 - - [07/Nov/2020:10:21:29 +0800] "GET /xingrg/css/blue.css HTTP/1.1" 304 -
120.253.135.82 - - [07/Nov/2020:10:21:29 +0800] "GET /xingrg/javascript/myfunction.js HTTP/1.1" 304 -
120.253.135.82 - - [07/Nov/2020:10:21:29 +0800] "GET /xingrg/dwr/util.js HTTP/1.1" 304 -
120.253.135.82 - - [07/Nov/2020:10:21:29 +0800] "GET /xingrg/javascript/Calendar.js HTTP/1.1" 304 -
120.253.135.82 - - [07/Nov/2020:10:21:29 +0800] "GET /xingrg/dwr/interface/AjaxReportQueryService.js HTTP/1.1" 200 13203
120.253.135.82 - - [07/Nov/2020:10:21:29 +0800] "GET /xingrg/dwr/interface/AjaxQqpsService.js HTTP/1.1" 200 16326
120.253.135.82 - - [07/Nov/2020:10:21:29 +0800] "GET /xingrg/dwr/engine.js HTTP/1.1" 200 43631
120.253.135.82 - - [07/Nov/2020:10:21:29 +0800] "GET /xingrg/javascript/jquery_easy_ui/themes/icons/check_new.png HTTP/1.1" 304 -
120.253.135.82 - - [07/Nov/2020:10:21:29 +0800] "GET /xingrg/javascript/jquery_easy_ui/themes/icons/back_new.png HTTP/1.1" 304 -
120.253.135.82 - - [07/Nov/2020:10:21:29 +0800] "GET /xingrg/javascript/jquery_easy_ui/themes/icons/uncheck_new.png HTTP/1.1" 304 -
120.253.135.82 - - [07/Nov/2020:10:21:29 +0800] "GET /xingrg/all/function/internal_message.html?_=1604715432068&CODE_STATE=getMsg HTTP/1.1" 200 27
120.253.135.82 - - [07/Nov/2020:10:21:31 +0800] "GET /xingrg/kc/pszx/mdps_order_list.html?orderType=0 HTTP/1.1" 200 21238
120.253.135.82 - - [07/Nov/2020:10:21:31 +0800] "GET /xingrg/javascript/easyui/themes/icons/uncheck_new.png HTTP/1.1" 304 -
120.253.135.82 - - [07/Nov/2020:10:21:32 +0800] "POST /xingrg/kc/pszx/mdps_list_operate.html HTTP/1.1" 200 5578
180.162.245.190 - - [07/Nov/2020:10:21:32 +0800] "POST /xingrg/kc/mdqp/pssh_list_operate.html HTTP/1.1" 200 3185
180.162.245.190 - - [07/Nov/2020:10:21:35 +0800] "POST /xingrg/kc/mdqp/pssh_list_operate.html HTTP/1.1" 200 786
180.162.245.190 - - [07/Nov/2020:10:21:36 +0800] "POST /xingrg/kc/mdqp/pssh_list_operate.html HTTP/1.1" 200 680
180.162.245.190 - - [07/Nov/2020:10:21:38 +0800] "POST /xingrg/kc/mdqp/pssh_list_operate.html HTTP/1.1" 200 460
58.40.7.146 - - [07/Nov/2020:10:21:40 +0800] "GET /xingrg/all/function/internal_message.html?_=1604715696734&CODE_STATE=getMsg HTTP/1.1" 200 27
120.253.135.82 - - [07/Nov/2020:10:21:40 +0800] "POST /xingrg/kc/pszx/mdps_list_operate.html HTTP/1.1" 200 1692
120.253.135.82 - - [07/Nov/2020:10:21:42 +0800] "POST /xingrg/kc/pszx/mdps_list_operate.html HTTP/1.1" 200 216
180.174.56.115 - - [07/Nov/2020:10:21:42 +0800] "GET /xingrg/all/function/internal_message.html?_=1604715698448&CODE_STATE=getMsg HTTP/1.1" 200 27
124.77.237.88 - - [07/Nov/2020:10:21:42 +0800] "GET /xingrg/all/function/internal_message.html?_=1604715689134&CODE_STATE=getMsg HTTP/1.1" 200 27
180.162.245.190 - - [07/Nov/2020:10:21:43 +0800] "GET /xingrg/kc/mdqp/pssh_order_list.html HTTP/1.1" 200 18056
180.162.245.190 - - [07/Nov/2020:10:21:44 +0800] "POST /xingrg/kc/mdqp/pssh_list_operate.html HTTP/1.1" 200 5243
180.157.253.48 - - [07/Nov/2020:10:21:44 +0800] "GET /xingrg/check_reg.html?_=1604715705312 HTTP/1.1" 200 22
120.253.135.82 - - [07/Nov/2020:10:21:44 +0800] "GET /xingrg/kc/pszx/mdps_order_info.html?code=312020110600166 HTTP/1.1" 200 23887
114.84.37.38 - - [07/Nov/2020:10:21:44 +0800] "GET /xingrg/all/function/internal_message.html?_=1604715733905&CODE_STATE=getMsg HTTP/1.1" 200 27
120.253.135.82 - - [07/Nov/2020:10:21:44 +0800] "GET /xingrg/all/common/auto_word.html?type=base&rest_code=00101 HTTP/1.1" 200 559
120.253.135.82 - - [07/Nov/2020:10:21:44 +0800] "GET /xingrg/javascript/easyui/themes/default/validatebox.css HTTP/1.1" 404 1104
120.253.135.82 - - [07/Nov/2020:10:21:45 +0800] "POST /xingrg/kc/pszx/mdps_order_operate.html HTTP/1.1" 200 2304
180.157.253.48 - - [07/Nov/2020:10:21:45 +0800] "POST /xingrg/kc/buy/cgsh_order_operate.html HTTP/1.1" 200 37
58.40.7.146 - - [07/Nov/2020:10:21:47 +0800] "GET /xingrg/all/function/internal_message.html?_=1604715703896&CODE_STATE=getMsg HTTP/1.1" 200 27
180.157.253.48 - - [07/Nov/2020:10:21:48 +0800] "GET /xingrg/all/function/internal_message.html?_=1604715709315&CODE_STATE=getMsg HTTP/1.1" 200 27
180.157.253.48 - - [07/Nov/2020:10:21:48 +0800] "POST /xingrg/kc/buy/cgsh_order_operate.html HTTP/1.1" 200 8591
172.17.0.123 - - [07/Nov/2020:10:21:53 +0800] "GET /xingrg/all/function/internal_message.html?_=1604715664575&CODE_STATE=getMsg HTTP/1.1" 200 27
117.185.32.26 - - [07/Nov/2020:10:21:54 +0800] "GET /xingrg/check_reg.html?_=1604716134500 HTTP/1.1" 200 22
117.185.32.26 - - [07/Nov/2020:10:21:54 +0800] "GET /xingrg/all/function/internal_message.html?_=1604716134502&CODE_STATE=getMsg HTTP/1.1" 200 27
114.95.230.91 - - [07/Nov/2020:10:22:00 +0800] "GET /xingrg/all/function/internal_message.html?_=1604715939010&CODE_STATE=getMsg HTTP/1.1" 200 27
172.17.0.185 - - [07/Nov/2020:10:22:03 +0800] "GET /xingrg/all/function/internal_message.html?_=1604715720071&CODE_STATE=getMsg HTTP/1.1" 200 27
172.17.0.185 - - [07/Nov/2020:10:22:03 +0800] "GET /xingrg/check_reg.html?_=1604715720073 HTTP/1.1" 200 22
180.162.245.190 - - [07/Nov/2020:10:22:05 +0800] "GET /xingrg/all/function/internal_message.html?_=1604715722756&CODE_STATE=getMsg HTTP/1.1" 200 27
120.253.135.82 - - [07/Nov/2020:10:22:08 +0800] "POST /xingrg/kc/pszx/mdps_list_operate.html HTTP/1.1" 200 1692
120.253.135.82 - - [07/Nov/2020:10:22:09 +0800] "POST /xingrg/kc/pszx/mdps_list_operate.html HTTP/1.1" 200 215
120.253.135.82 - - [07/Nov/2020:10:22:11 +0800] "GET /xingrg/kc/pszx/mdps_order_info.html?code=312020110600167 HTTP/1.1" 200 23887
120.253.135.82 - - [07/Nov/2020:10:22:12 +0800] "GET /xingrg/javascript/easyui/themes/default/validatebox.css HTTP/1.1" 404 1104
120.253.135.82 - - [07/Nov/2020:10:22:12 +0800] "POST /xingrg/kc/pszx/mdps_order_operate.html HTTP/1.1" 200 2303
180.174.56.115 - - [07/Nov/2020:10:22:15 +0800] "GET /xingrg/all/function/internal_message.html?_=1604715691131&CODE_STATE=getMsg HTTP/1.1" 200 27
222.69.137.55 - - [07/Nov/2020:10:22:16 +0800] "GET /xingrg/all/function/internal_message.html?_=1604715730337&CODE_STATE=getMsg HTTP/1.1" 200 27
114.88.166.242 - - [07/Nov/2020:10:22:18 +0800] "GET /xingrg/check_reg.html?_=1604715733424 HTTP/1.1" 200 22
114.88.166.242 - - [07/Nov/2020:10:22:18 +0800] "GET /xingrg/all/function/internal_message.html?_=1604715733721&CODE_STATE=getMsg HTTP/1.1" 200 27
120.253.135.82 - - [07/Nov/2020:10:22:19 +0800] "GET /xingrg/javascript/jquery_tools/images/prev.gif HTTP/1.1" 404 1086
120.253.135.82 - - [07/Nov/2020:10:22:19 +0800] "GET /xingrg/javascript/jquery_tools/images/next.gif HTTP/1.1" 404 1086
180.162.245.190 - - [07/Nov/2020:10:22:21 +0800] "GET /xingrg/all/function/internal_message.html?_=1604715720470&CODE_STATE=getMsg HTTP/1.1" 200 27
180.162.245.190 - - [07/Nov/2020:10:22:24 +0800] "POST /xingrg/kc/mdqp/pssh_list_operate.html HTTP/1.1" 200 750
58.221.95.50 - - [07/Nov/2020:10:22:26 +0800] "GET /xingrg/all/function/internal_message.html?_=1604715932523&CODE_STATE=getMsg HTTP/1.1" 200 27
180.162.245.190 - - [07/Nov/2020:10:22:26 +0800] "GET /xingrg/kc/mdqp/pssh_order_info.html?code=312020110400104 HTTP/1.1" 200 17266
180.162.245.190 - - [07/Nov/2020:10:22:26 +0800] "GET /xingrg/javascript/jquery_tools/jquery-1.4.2.min.js HTTP/1.1" 404 1094
180.162.245.190 - - [07/Nov/2020:10:22:26 +0800] "POST /xingrg/kc/mdqp/pssh_order_operate.html HTTP/1.1" 200 9277
180.162.245.190 - - [07/Nov/2020:10:22:26 +0800] "GET /xingrg/javascript/easyui/themes/default/validatebox.css HTTP/1.1" 404 1104
180.162.245.190 - - [07/Nov/2020:10:22:27 +0800] "GET /xingrg/kc/buy/cgsh_order_add.html HTTP/1.1" 200 60660
180.162.245.190 - - [07/Nov/2020:10:22:28 +0800] "POST /xingrg/kc/buy/cgsh_order_operate.html HTTP/1.1" 200 8245
180.162.245.190 - - [07/Nov/2020:10:22:28 +0800] "GET /xingrg/javascript/easyui/themes/default/validatebox.css HTTP/1.1" 404 1104
120.253.135.82 - - [07/Nov/2020:10:22:29 +0800] "GET /xingrg/all/function/internal_message.html?_=1604715492082&CODE_STATE=getMsg HTTP/1.1" 200 27
180.162.245.190 - - [07/Nov/2020:10:22:30 +0800] "GET /xingrg/javascript/easyui/themes/default/tree.css HTTP/1.1" 404 1090
180.162.245.190 - - [07/Nov/2020:10:22:30 +0800] "POST /xingrg/all/common/load_tree.html?tree=supplier_tree_json&isDelete=1 HTTP/1.1" 200 51727
114.84.37.38 - - [07/Nov/2020:10:22:39 +0800] "GET /xingrg/kc/buy/cgsh_order_add.html HTTP/1.1" 200 60619
114.84.37.38 - - [07/Nov/2020:10:22:39 +0800] "POST /xingrg/kc/buy/cgsh_order_operate.html HTTP/1.1" 200 8245
114.84.37.38 - - [07/Nov/2020:10:22:39 +0800] "GET /xingrg/javascript/easyui/themes/default/validatebox.css HTTP/1.1" 404 1104
180.174.56.115 - - [07/Nov/2020:10:22:40 +0800] "POST /xingrg/kc/buy/cgsh_order_operate.html HTTP/1.1" 200 37
58.40.7.146 - - [07/Nov/2020:10:22:40 +0800] "GET /xingrg/all/function/internal_message.html?_=1604715756737&CODE_STATE=getMsg HTTP/1.1" 200 27
58.40.7.146 - - [07/Nov/2020:10:22:40 +0800] "GET /xingrg/check_reg.html?_=1604715756740 HTTP/1.1" 200 22
180.174.56.115 - - [07/Nov/2020:10:22:41 +0800] "POST /xingrg/kc/buy/cgsh_order_operate.html HTTP/1.1" 200 9852
180.174.56.115 - - [07/Nov/2020:10:22:42 +0800] "GET /xingrg/all/function/internal_message.html?_=1604715758463&CODE_STATE=getMsg HTTP/1.1" 200 27
124.77.237.88 - - [07/Nov/2020:10:22:42 +0800] "GET /xingrg/all/function/internal_message.html?_=1604715749133&CODE_STATE=getMsg HTTP/1.1" 200 27
114.84.37.38 - - [07/Nov/2020:10:22:44 +0800] "GET /xingrg/all/function/internal_message.html?_=1604715793919&CODE_STATE=getMsg HTTP/1.1" 200 27
58.40.7.146 - - [07/Nov/2020:10:22:47 +0800] "GET /xingrg/all/function/internal_message.html?_=1604715763899&CODE_STATE=getMsg HTTP/1.1" 200 27
180.157.253.48 - - [07/Nov/2020:10:22:48 +0800] "GET /xingrg/all/function/internal_message.html?_=1604715769304&CODE_STATE=getMsg HTTP/1.1" 200 27
120.253.135.82 - - [07/Nov/2020:10:22:48 +0800] "POST /xingrg/kc/pszx/mdps_order_operate.html HTTP/1.1" 200 37
