180.174.56.115 - - [07/Nov/2020:09:53:42 +0800] "GET /xingrg/all/function/internal_message.html?_=1604714018337&CODE_STATE=getMsg HTTP/1.1" 200 27
124.77.237.88 - - [07/Nov/2020:09:53:42 +0800] "GET /xingrg/all/function/internal_message.html?_=1604714009098&CODE_STATE=getMsg HTTP/1.1" 200 27
222.69.137.55 - - [07/Nov/2020:09:53:43 +0800] "GET /favicon.ico HTTP/1.1" 404 -
114.84.37.38 - - [07/Nov/2020:09:53:43 +0800] "GET /xingrg/all/function/internal_message.html?_=1604714053009&CODE_STATE=getMsg HTTP/1.1" 200 27
114.88.166.242 - - [07/Nov/2020:09:53:45 +0800] "GET /xingrg/all/function/internal_message.html?_=1604714123851&CODE_STATE=getMsg HTTP/1.1" 200 27
180.157.253.48 - - [07/Nov/2020:09:53:46 +0800] "GET /xingrg/all/function/internal_message.html?_=1604714027312&CODE_STATE=getMsg HTTP/1.1" 200 27
222.69.137.55 - - [07/Nov/2020:09:53:46 +0800] "GET /favicon.ico HTTP/1.1" 404 -
58.40.7.146 - - [07/Nov/2020:09:53:47 +0800] "GET /xingrg/all/function/internal_message.html?_=1604714023873&CODE_STATE=getMsg HTTP/1.1" 200 27
58.40.7.146 - - [07/Nov/2020:09:53:47 +0800] "GET /xingrg/check_reg.html?_=1604714023875 HTTP/1.1" 200 22
172.17.0.123 - - [07/Nov/2020:09:53:53 +0800] "GET /xingrg/all/function/internal_message.html?_=1604713984588&CODE_STATE=getMsg HTTP/1.1" 200 27
120.253.135.82 - - [07/Nov/2020:09:53:55 +0800] "GET /xingrg/all/function/internal_message.html?_=1604713777926&CODE_STATE=getMsg HTTP/1.1" 200 27
172.17.0.185 - - [07/Nov/2020:09:54:03 +0800] "GET /xingrg/all/function/internal_message.html?_=1604714040085&CODE_STATE=getMsg HTTP/1.1" 200 27
180.162.245.190 - - [07/Nov/2020:09:54:05 +0800] "GET /xingrg/all/function/internal_message.html?_=1604714042695&CODE_STATE=getMsg HTTP/1.1" 200 27
180.174.56.115 - - [07/Nov/2020:09:54:15 +0800] "GET /xingrg/all/function/internal_message.html?_=1604714010439&CODE_STATE=getMsg HTTP/1.1" 200 27
222.69.137.55 - - [07/Nov/2020:09:54:16 +0800] "GET /xingrg/all/function/internal_message.html?_=1604714050364&CODE_STATE=getMsg HTTP/1.1" 200 27
180.174.56.115 - - [07/Nov/2020:09:54:21 +0800] "GET /xingrg/kc/buy/cgsh_order_operate.html?command=get_materiel&rest_code=00151&code=00101006058&supplier_code=00100012&order_time=2020-11-07 HTTP/1.1" 200 413
180.162.245.190 - - [07/Nov/2020:09:54:21 +0800] "GET /xingrg/all/function/internal_message.html?_=1604714040441&CODE_STATE=getMsg HTTP/1.1" 200 27
58.221.95.50 - - [07/Nov/2020:09:54:26 +0800] "GET /xingrg/all/function/internal_message.html?_=1604714252485&CODE_STATE=getMsg HTTP/1.1" 200 27
180.174.56.115 - - [07/Nov/2020:09:54:33 +0800] "GET /xingrg/kc/buy/cgsh_order_operate.html?command=get_materiel&rest_code=00151&code=00101007067&supplier_code=00100012&order_time=2020-11-07 HTTP/1.1" 200 409
58.40.7.146 - - [07/Nov/2020:09:54:40 +0800] "GET /xingrg/all/function/internal_message.html?_=1604714076727&CODE_STATE=getMsg HTTP/1.1" 200 27
180.174.56.115 - - [07/Nov/2020:09:54:41 +0800] "GET /xingrg/kc/buy/cgsh_order_operate.html?command=get_materiel&rest_code=00151&code=00101006079&supplier_code=00100012&order_time=2020-11-07 HTTP/1.1" 200 409
180.174.56.115 - - [07/Nov/2020:09:54:42 +0800] "GET /xingrg/all/function/internal_message.html?_=1604714078326&CODE_STATE=getMsg HTTP/1.1" 200 27
114.84.37.38 - - [07/Nov/2020:09:54:42 +0800] "GET /xingrg/check_reg.html?_=1604714111986 HTTP/1.1" 200 22
124.77.237.88 - - [07/Nov/2020:09:54:43 +0800] "GET /xingrg/all/function/internal_message.html?_=1604714069100&CODE_STATE=getMsg HTTP/1.1" 200 27
124.77.237.88 - - [07/Nov/2020:09:54:43 +0800] "GET /xingrg/check_reg.html?_=1604714069103 HTTP/1.1" 200 22
120.253.135.82 - - [07/Nov/2020:09:54:43 +0800] "POST /xingrg/kc/buy/cgsh_order_operate.html HTTP/1.1" 200 37
114.84.37.38 - - [07/Nov/2020:09:54:43 +0800] "GET /xingrg/all/function/internal_message.html?_=1604714113024&CODE_STATE=getMsg HTTP/1.1" 200 27
180.157.253.48 - - [07/Nov/2020:09:54:46 +0800] "GET /xingrg/all/function/internal_message.html?_=1604714087311&CODE_STATE=getMsg HTTP/1.1" 200 27
120.253.135.82 - - [07/Nov/2020:09:54:46 +0800] "POST /xingrg/kc/buy/cgsh_order_operate.html HTTP/1.1" 200 12
58.40.7.146 - - [07/Nov/2020:09:54:47 +0800] "GET /xingrg/all/function/internal_message.html?_=1604714083877&CODE_STATE=getMsg HTTP/1.1" 200 27
120.253.135.82 - - [07/Nov/2020:09:54:48 +0800] "GET /xingrg/kc/buy/cgsh_order_info.html?code=212020110702558 HTTP/1.1" 200 54535
120.253.135.82 - - [07/Nov/2020:09:54:49 +0800] "GET /xingrg/javascript/easyui/themes/default/validatebox.css HTTP/1.1" 404 1104
120.253.135.82 - - [07/Nov/2020:09:54:49 +0800] "POST /xingrg/kc/buy/cgsh_order_operate.html HTTP/1.1" 200 642
180.174.56.115 - - [07/Nov/2020:09:54:50 +0800] "GET /xingrg/kc/buy/cgsh_order_operate.html?command=get_materiel&rest_code=00151&code=00101006055&supplier_code=00100012&order_time=2020-11-07 HTTP/1.1" 200 409
172.17.0.123 - - [07/Nov/2020:09:54:53 +0800] "GET /xingrg/all/function/internal_message.html?_=1604714044574&CODE_STATE=getMsg HTTP/1.1" 200 27
120.253.135.82 - - [07/Nov/2020:09:54:55 +0800] "GET /xingrg/all/function/internal_message.html?_=1604713837941&CODE_STATE=getMsg HTTP/1.1" 200 27
172.17.0.185 - - [07/Nov/2020:09:55:03 +0800] "GET /xingrg/all/function/internal_message.html?_=1604714100071&CODE_STATE=getMsg HTTP/1.1" 200 27
180.162.245.190 - - [07/Nov/2020:09:55:05 +0800] "GET /xingrg/all/function/internal_message.html?_=1604714102696&CODE_STATE=getMsg HTTP/1.1" 200 27
180.174.56.115 - - [07/Nov/2020:09:55:15 +0800] "GET /xingrg/all/function/internal_message.html?_=1604714070453&CODE_STATE=getMsg HTTP/1.1" 200 27
222.69.137.55 - - [07/Nov/2020:09:55:16 +0800] "GET /xingrg/all/function/internal_message.html?_=1604714110347&CODE_STATE=getMsg HTTP/1.1" 200 27
180.174.56.115 - - [07/Nov/2020:09:55:17 +0800] "GET /xingrg/kc/buy/cgsh_order_operate.html?command=get_materiel&rest_code=00151&code=00101006013&supplier_code=00100012&order_time=2020-11-07 HTTP/1.1" 200 409
222.69.137.55 - - [07/Nov/2020:09:55:17 +0800] "GET /xingrg/check_reg.html?_=1604714111208 HTTP/1.1" 200 22
180.162.245.190 - - [07/Nov/2020:09:55:21 +0800] "GET /xingrg/all/function/internal_message.html?_=1604714100440&CODE_STATE=getMsg HTTP/1.1" 200 27
180.174.56.115 - - [07/Nov/2020:09:55:25 +0800] "GET /xingrg/kc/buy/cgsh_order_operate.html?command=get_materiel&rest_code=00151&code=00101006056&supplier_code=00100012&order_time=2020-11-07 HTTP/1.1" 200 413
58.221.95.50 - - [07/Nov/2020:09:55:26 +0800] "GET /xingrg/all/function/internal_message.html?_=1604714312486&CODE_STATE=getMsg HTTP/1.1" 200 27
120.253.135.82 - - [07/Nov/2020:09:55:32 +0800] "POST /xingrg/kc/buy/cgsh_list_operate.html HTTP/1.1" 200 876
120.253.135.82 - - [07/Nov/2020:09:55:32 +0800] "POST /xingrg/kc/buy/cgsh_list_operate.html HTTP/1.1" 200 876
120.253.135.82 - - [07/Nov/2020:09:55:34 +0800] "GET /xingrg/kc/buy/cgsh_order_add.html HTTP/1.1" 200 59630
120.253.135.82 - - [07/Nov/2020:09:55:34 +0800] "POST /xingrg/kc/buy/cgsh_order_operate.html HTTP/1.1" 200 8245
120.253.135.82 - - [07/Nov/2020:09:55:34 +0800] "GET /xingrg/javascript/easyui/themes/default/validatebox.css HTTP/1.1" 404 1104
120.253.135.82 - - [07/Nov/2020:09:55:38 +0800] "POST /xingrg/all/common/load_combo.html?type=employee HTTP/1.1" 200 2101
58.40.7.146 - - [07/Nov/2020:09:55:40 +0800] "GET /xingrg/all/function/internal_message.html?_=1604714136729&CODE_STATE=getMsg HTTP/1.1" 200 27
180.174.56.115 - - [07/Nov/2020:09:55:42 +0800] "GET /xingrg/check_reg.html?_=1604714138326 HTTP/1.1" 200 22
180.174.56.115 - - [07/Nov/2020:09:55:42 +0800] "GET /xingrg/all/function/internal_message.html?_=1604714138328&CODE_STATE=getMsg HTTP/1.1" 200 27
124.77.237.88 - - [07/Nov/2020:09:55:42 +0800] "GET /xingrg/all/function/internal_message.html?_=1604714129102&CODE_STATE=getMsg HTTP/1.1" 200 27
114.84.37.38 - - [07/Nov/2020:09:55:43 +0800] "GET /xingrg/all/function/internal_message.html?_=1604714173037&CODE_STATE=getMsg HTTP/1.1" 200 27
180.157.253.48 - - [07/Nov/2020:09:55:46 +0800] "GET /xingrg/all/function/internal_message.html?_=1604714147295&CODE_STATE=getMsg HTTP/1.1" 200 27
180.174.56.115 - - [07/Nov/2020:09:55:47 +0800] "GET /xingrg/kc/buy/cgsh_order_operate.html?command=get_materiel&rest_code=00151&code=00101006109&supplier_code=00100012&order_time=2020-11-07 HTTP/1.1" 200 409
58.40.7.146 - - [07/Nov/2020:09:55:47 +0800] "GET /xingrg/all/function/internal_message.html?_=1604714143881&CODE_STATE=getMsg HTTP/1.1" 200 27
180.174.56.115 - - [07/Nov/2020:09:55:52 +0800] "GET /xingrg/check_reg.html?_=1604714107425 HTTP/1.1" 200 22
172.17.0.123 - - [07/Nov/2020:09:55:53 +0800] "GET /xingrg/all/function/internal_message.html?_=1604714104576&CODE_STATE=getMsg HTTP/1.1" 200 27
172.17.0.123 - - [07/Nov/2020:09:55:53 +0800] "GET /xingrg/check_reg.html?_=1604714104578 HTTP/1.1" 200 22
120.253.135.82 - - [07/Nov/2020:09:55:54 +0800] "GET /xingrg/kc/buy/cgsh_order_operate.html?command=get_materiel&rest_code=00101&code=00102002350&supplier_code=00100096&order_time=2020-11-07 HTTP/1.1" 200 416
120.253.135.82 - - [07/Nov/2020:09:55:55 +0800] "GET /xingrg/all/function/internal_message.html?_=1604713897954&CODE_STATE=getMsg HTTP/1.1" 200 27
172.17.0.185 - - [07/Nov/2020:09:56:03 +0800] "GET /xingrg/all/function/internal_message.html?_=1604714160073&CODE_STATE=getMsg HTTP/1.1" 200 27
180.162.245.190 - - [07/Nov/2020:09:56:05 +0800] "GET /xingrg/check_reg.html?_=1604714162695 HTTP/1.1" 200 22
180.162.245.190 - - [07/Nov/2020:09:56:05 +0800] "GET /xingrg/all/function/internal_message.html?_=1604714162699&CODE_STATE=getMsg HTTP/1.1" 200 27
114.84.37.38 - - [07/Nov/2020:09:56:08 +0800] "POST /xingrg/kc/buy/cgsh_order_operate.html HTTP/1.1" 200 37
114.84.37.38 - - [07/Nov/2020:09:56:09 +0800] "POST /xingrg/kc/buy/cgsh_order_operate.html HTTP/1.1" 200 6182
114.84.37.38 - - [07/Nov/2020:09:56:11 +0800] "GET /xingrg/kc/buy/cgsh_order_add.html HTTP/1.1" 200 60619
114.84.37.38 - - [07/Nov/2020:09:56:11 +0800] "POST /xingrg/kc/buy/cgsh_order_operate.html HTTP/1.1" 200 8245
114.84.37.38 - - [07/Nov/2020:09:56:11 +0800] "GET /xingrg/javascript/easyui/themes/default/validatebox.css HTTP/1.1" 404 1104
120.253.135.82 - - [07/Nov/2020:09:56:12 +0800] "POST /xingrg/kc/buy/cgsh_order_operate.html HTTP/1.1" 200 37
120.253.135.82 - - [07/Nov/2020:09:56:13 +0800] "POST /xingrg/kc/buy/cgsh_order_operate.html HTTP/1.1" 200 2669
180.174.56.115 - - [07/Nov/2020:09:56:15 +0800] "GET /xingrg/all/function/internal_message.html?_=1604714130466&CODE_STATE=getMsg HTTP/1.1" 200 27
222.69.137.55 - - [07/Nov/2020:09:56:16 +0800] "GET /xingrg/all/function/internal_message.html?_=1604714170324&CODE_STATE=getMsg HTTP/1.1" 200 27
180.162.245.190 - - [07/Nov/2020:09:56:21 +0800] "GET /xingrg/all/function/internal_message.html?_=1604714160440&CODE_STATE=getMsg HTTP/1.1" 200 27
180.174.56.115 - - [07/Nov/2020:09:56:25 +0800] "POST /xingrg/kc/buy/cgsh_order_operate.html HTTP/1.1" 200 37
58.221.95.50 - - [07/Nov/2020:09:56:26 +0800] "GET /xingrg/all/function/internal_message.html?_=1604714372485&CODE_STATE=getMsg HTTP/1.1" 200 27
180.174.56.115 - - [07/Nov/2020:09:56:27 +0800] "POST /xingrg/kc/buy/cgsh_order_operate.html HTTP/1.1" 200 12
180.174.56.115 - - [07/Nov/2020:09:56:28 +0800] "GET /xingrg/kc/buy/cgsh_order_info.html?code=212020110702561 HTTP/1.1" 200 55174
180.174.56.115 - - [07/Nov/2020:09:56:29 +0800] "GET /xingrg/javascript/easyui/themes/default/validatebox.css HTTP/1.1" 404 1104
180.174.56.115 - - [07/Nov/2020:09:56:29 +0800] "POST /xingrg/kc/buy/cgsh_order_operate.html HTTP/1.1" 200 5403
180.174.56.115 - - [07/Nov/2020:09:56:31 +0800] "GET /xingrg/kc/print/load_data.html?order_code=212020110702561&kc_code=cgsh&condition= HTTP/1.1" 200 2681
114.88.166.242 - - [07/Nov/2020:09:56:36 +0800] "GET /favicon.ico HTTP/1.1" 404 -
58.40.7.146 - - [07/Nov/2020:09:56:40 +0800] "GET /xingrg/all/function/internal_message.html?_=1604714196733&CODE_STATE=getMsg HTTP/1.1" 200 27
180.174.56.115 - - [07/Nov/2020:09:56:42 +0800] "GET /xingrg/all/function/internal_message.html?_=1604714198337&CODE_STATE=getMsg HTTP/1.1" 200 27
124.77.237.88 - - [07/Nov/2020:09:56:42 +0800] "GET /xingrg/all/function/internal_message.html?_=1604714189108&CODE_STATE=getMsg HTTP/1.1" 200 27
120.253.135.82 - - [07/Nov/2020:09:56:43 +0800] "GET /xingrg/kc/print/load_data.html?order_code=212020110702560&kc_code=cgsh&condition= HTTP/1.1" 200 650
114.84.37.38 - - [07/Nov/2020:09:56:43 +0800] "GET /xingrg/all/function/internal_message.html?_=1604714233142&CODE_STATE=getMsg HTTP/1.1" 200 27
180.157.253.48 - - [07/Nov/2020:09:56:44 +0800] "GET /xingrg/check_reg.html?_=1604714205293 HTTP/1.1" 200 22
180.174.56.115 - - [07/Nov/2020:09:56:45 +0800] "GET /xingrg/kc/buy/cgsh_order_add.html HTTP/1.1" 200 60267
180.174.56.115 - - [07/Nov/2020:09:56:46 +0800] "POST /xingrg/kc/buy/cgsh_order_operate.html HTTP/1.1" 200 8245
180.157.253.48 - - [07/Nov/2020:09:56:46 +0800] "GET /xingrg/all/function/internal_message.html?_=1604714207276&CODE_STATE=getMsg HTTP/1.1" 200 27
180.174.56.115 - - [07/Nov/2020:09:56:46 +0800] "GET /xingrg/javascript/easyui/themes/default/validatebox.css HTTP/1.1" 404 1104
58.40.7.146 - - [07/Nov/2020:09:56:47 +0800] "GET /xingrg/all/function/internal_message.html?_=1604714203883&CODE_STATE=getMsg HTTP/1.1" 200 27
120.253.135.82 - - [07/Nov/2020:09:56:49 +0800] "GET /xingrg/check_reg.html?_=1604713951917 HTTP/1.1" 200 22
172.17.0.123 - - [07/Nov/2020:09:56:53 +0800] "GET /xingrg/all/function/internal_message.html?_=1604714164578&CODE_STATE=getMsg HTTP/1.1" 200 27
180.174.56.115 - - [07/Nov/2020:09:56:54 +0800] "GET /xingrg/kc/buy/cgsh_order_operate.html?command=get_materiel&rest_code=00151&code=00101001010&supplier_code=00100040&order_time=2020-11-07 HTTP/1.1" 200 408
120.253.135.82 - - [07/Nov/2020:09:56:55 +0800] "GET /xingrg/all/function/internal_message.html?_=1604713957968&CODE_STATE=getMsg HTTP/1.1" 200 27
172.17.0.185 - - [07/Nov/2020:09:57:03 +0800] "GET /xingrg/check_reg.html?_=1604714220075 HTTP/1.1" 200 22
172.17.0.185 - - [07/Nov/2020:09:57:03 +0800] "GET /xingrg/all/function/internal_message.html?_=1604714220076&CODE_STATE=getMsg HTTP/1.1" 200 27
180.162.245.190 - - [07/Nov/2020:09:57:05 +0800] "GET /xingrg/all/function/internal_message.html?_=1604714222699&CODE_STATE=getMsg HTTP/1.1" 200 27
114.88.166.242 - - [07/Nov/2020:09:57:07 +0800] "GET /xingrg/login.html HTTP/1.1" 200 7641
114.88.166.242 - - [07/Nov/2020:09:57:07 +0800] "GET /xingrg/images/blue/jxLogo.png HTTP/1.1" 304 -
114.88.166.242 - - [07/Nov/2020:09:57:08 +0800] "GET /xingrg/images/blue/login_bg.png HTTP/1.1" 304 -
114.88.166.242 - - [07/Nov/2020:09:57:08 +0800] "GET /xingrg/images/blue/srbg.png HTTP/1.1" 304 -
114.88.166.242 - - [07/Nov/2020:09:57:08 +0800] "GET /xingrg/images/blue/hj.png HTTP/1.1" 304 -
114.88.166.242 - - [07/Nov/2020:09:57:09 +0800] "GET /favicon.ico HTTP/1.1" 404 -
180.174.56.115 - - [07/Nov/2020:09:57:11 +0800] "GET /xingrg/kc/buy/cgsh_order_operate.html?command=get_materiel&rest_code=00151&code=00101001002&supplier_code=00100040&order_time=2020-11-07 HTTP/1.1" 200 413
180.174.56.115 - - [07/Nov/2020:09:57:15 +0800] "GET /xingrg/all/function/internal_message.html?_=1604714190479&CODE_STATE=getMsg HTTP/1.1" 200 27
114.88.166.242 - - [07/Nov/2020:09:57:16 +0800] "POST /xingrg/login.do HTTP/1.1" 302 -
114.88.166.242 - - [07/Nov/2020:09:57:16 +0800] "GET /xingrg/index.html?sysBaseUrl=http%3A%2F%2F180.169.147.146%3A18081%2Fxingrg%2F&costTime=44×tamp=1604714236306 HTTP/1.1" 200 17173
222.69.137.55 - - [07/Nov/2020:09:57:16 +0800] "GET /xingrg/all/function/internal_message.html?_=1604714230312&CODE_STATE=getMsg HTTP/1.1" 200 27
114.88.166.242 - - [07/Nov/2020:09:57:16 +0800] "GET /xingrg/javascript/jquery_easy_ui/themes/icon.css HTTP/1.1" 304 -
114.88.166.242 - - [07/Nov/2020:09:57:16 +0800] "GET /xingrg/javascript/jquery_easy_ui/themes/default/easyui.css HTTP/1.1" 304 -
114.88.166.242 - - [07/Nov/2020:09:57:16 +0800] "GET /xingrg/css/form.css HTTP/1.1" 304 -
114.88.166.242 - - [07/Nov/2020:09:57:16 +0800] "GET /xingrg/javascript/jquery-1.4.2.min.js HTTP/1.1" 304 -
114.88.166.242 - - [07/Nov/2020:09:57:16 +0800] "GET /xingrg/javascript/jquery_easy_ui/jquery.easyui.min.js HTTP/1.1" 304 -
114.88.166.242 - - [07/Nov/2020:09:57:16 +0800] "GET /xingrg/javascript/jquery_easy_ui/easyui-lang-zh_CN.js HTTP/1.1" 304 -
114.88.166.242 - - [07/Nov/2020:09:57:16 +0800] "GET /xingrg/javascript/jquery.form.js HTTP/1.1" 304 -
114.88.166.242 - - [07/Nov/2020:09:57:16 +0800] "GET /xingrg/javascript/jquery.utils.js HTTP/1.1" 304 -
114.88.166.242 - - [07/Nov/2020:09:57:16 +0800] "GET /xingrg/javascript/jquery.timers.js HTTP/1.1" 304 -
114.88.166.242 - - [07/Nov/2020:09:57:16 +0800] "GET /favicon.ico HTTP/1.1" 404 -
114.88.166.242 - - [07/Nov/2020:09:57:17 +0800] "GET /xingrg/images/blue/navBackgound.jpg HTTP/1.1" 304 -
114.88.166.242 - - [07/Nov/2020:09:57:17 +0800] "GET /xingrg/javascript/jquery_easy_ui/themes/icons/settle_new.png HTTP/1.1" 304 -
114.88.166.242 - - [07/Nov/2020:09:57:17 +0800] "POST /xingrg/all/common/load_tree.html?tree=area_rest_tree_json&manage=1 HTTP/1.1" 200 342
114.88.166.242 - - [07/Nov/2020:09:57:17 +0800] "GET /xingrg/images/blue/pingpu.png HTTP/1.1" 304 -
114.88.166.242 - - [07/Nov/2020:09:57:17 +0800] "GET /xingrg/javascript/jquery_easy_ui/themes/default/images/tabs_leftarrow.png HTTP/1.1" 304 -
114.88.166.242 - - [07/Nov/2020:09:57:17 +0800] "GET /xingrg/javascript/jquery_easy_ui/themes/default/images/tabs_rightarrow.png HTTP/1.1" 304 -
114.88.166.242 - - [07/Nov/2020:09:57:17 +0800] "GET /xingrg/javascript/jquery_easy_ui/themes/default/images/panel_tool_collapse.gif HTTP/1.1" 304 -
114.88.166.242 - - [07/Nov/2020:09:57:18 +0800] "GET /xingrg/all/function/internal_message.html?_=1604714233303&CODE_STATE=count HTTP/1.1" 200 11
114.88.166.242 - - [07/Nov/2020:09:57:18 +0800] "GET /xingrg/check_reg.html?_=1604714233304 HTTP/1.1" 200 22
114.88.166.242 - - [07/Nov/2020:09:57:18 +0800] "POST /xingrg/load_menu.html HTTP/1.1" 200 5138
114.88.166.242 - - [07/Nov/2020:09:57:18 +0800] "GET /xingrg/javascript/jquery_easy_ui/themes/default/images/tree_arrows.gif HTTP/1.1" 304 -
114.88.166.242 - - [07/Nov/2020:09:57:18 +0800] "GET /xingrg/javascript/jquery_easy_ui/themes/default/images/tree_folder_open.gif HTTP/1.1" 304 -
114.88.166.242 - - [07/Nov/2020:09:57:18 +0800] "GET /xingrg/javascript/jquery_easy_ui/themes/icons/search_new.png HTTP/1.1" 304 -
114.88.166.242 - - [07/Nov/2020:09:57:18 +0800] "GET /xingrg/javascript/jquery_easy_ui/themes/default/images/tree_folder.gif HTTP/1.1" 304 -
114.88.166.242 - - [07/Nov/2020:09:57:18 +0800] "GET /xingrg/javascript/jquery_easy_ui/themes/icons/storage_new.png HTTP/1.1" 304 -
114.88.166.242 - - [07/Nov/2020:09:57:18 +0800] "GET /xingrg/javascript/jquery_easy_ui/themes/icons/forms_new.png HTTP/1.1" 304 -
114.88.166.242 - - [07/Nov/2020:09:57:18 +0800] "GET /xingrg/javascript/jquery_easy_ui/themes/default/images/tree_file.gif HTTP/1.1" 304 -
114.84.37.38 - - [07/Nov/2020:09:57:20 +0800] "POST /xingrg/services/DataTransmitService HTTP/1.1" 200 524
114.84.37.38 - - [07/Nov/2020:09:57:20 +0800] "POST /xingrg/services/DataTransmitService HTTP/1.1" 200 1955
114.84.37.38 - - [07/Nov/2020:09:57:21 +0800] "POST /xingrg/services/DataTransmitService HTTP/1.1" 200 159467
180.162.245.190 - - [07/Nov/2020:09:57:21 +0800] "GET /xingrg/all/function/internal_message.html?_=1604714220441&CODE_STATE=getMsg HTTP/1.1" 200 27
58.221.95.50 - - [07/Nov/2020:09:57:26 +0800] "GET /xingrg/all/function/internal_message.html?_=1604714432486&CODE_STATE=getMsg HTTP/1.1" 200 27
114.88.166.242 - - [07/Nov/2020:09:57:28 +0800] "GET /xingrg/javascript/jquery_easy_ui/themes/icons/area.png HTTP/1.1" 304 -
114.88.166.242 - - [07/Nov/2020:09:57:28 +0800] "GET /xingrg/javascript/jquery_easy_ui/themes/icons/rest.png HTTP/1.1" 304 -
114.88.166.242 - - [07/Nov/2020:09:57:37 +0800] "GET /xingrg/kc/buy/cgsh_order_list.html HTTP/1.1" 200 44875
114.88.166.242 - - [07/Nov/2020:09:57:37 +0800] "GET /xingrg/javascript/jquery_easy_ui/themes/default/images/tabs_close.gif HTTP/1.1" 304 -
114.88.166.242 - - [07/Nov/2020:09:57:37 +0800] "GET /xingrg/css/base.css HTTP/1.1" 304 -
114.88.166.242 - - [07/Nov/2020:09:57:37 +0800] "GET /xingrg/css/site.css HTTP/1.1" 304 -
114.88.166.242 - - [07/Nov/2020:09:57:37 +0800] "GET /xingrg/javascript/jquery_tools/datebox.css HTTP/1.1" 304 -
114.88.166.242 - - [07/Nov/2020:09:57:37 +0800] "GET /xingrg/javascript/easyui/themes/default/easyui.css HTTP/1.1" 304 -
114.88.166.242 - - [07/Nov/2020:09:57:37 +0800] "GET /xingrg/javascript/easyui/themes/icon.css HTTP/1.1" 304 -
114.88.166.242 - - [07/Nov/2020:09:57:37 +0800] "GET /xingrg/javascript/auto/jquery.autocomplete.css HTTP/1.1" 304 -
114.88.166.242 - - [07/Nov/2020:09:57:37 +0800] "GET /xingrg/javascript/jquery_tools/fix.css HTTP/1.1" 304 -
114.88.166.242 - - [07/Nov/2020:09:57:37 +0800] "GET /xingrg/javascript/jquery_tools/table.css HTTP/1.1" 304 -
114.88.166.242 - - [07/Nov/2020:09:57:37 +0800] "GET /xingrg/javascript/jquery_tools/jquery.tools.min.js HTTP/1.1" 304 -
114.88.166.242 - - [07/Nov/2020:09:57:37 +0800] "GET /xingrg/javascript/jquery_tools/jquery.tools.hotkey.js HTTP/1.1" 304 -
114.88.166.242 - - [07/Nov/2020:09:57:37 +0800] "GET /xingrg/javascript/jquery_tools/jquery.tools.table.js HTTP/1.1" 304 -
114.88.166.242 - - [07/Nov/2020:09:57:37 +0800] "GET /xingrg/javascript/jquery_tools/jquery.tools.extend.js HTTP/1.1" 304 -
114.88.166.242 - - [07/Nov/2020:09:57:37 +0800] "GET /xingrg/javascript/auto/jquery.autocomplete.js HTTP/1.1" 304 -
114.88.166.242 - - [07/Nov/2020:09:57:37 +0800] "GET /xingrg/javascript/jquery_tools/list_manager.js HTTP/1.1" 304 -
114.88.166.242 - - [07/Nov/2020:09:57:37 +0800] "GET /xingrg/javascript/easyui/easyloader.js HTTP/1.1" 304 -
114.88.166.242 - - [07/Nov/2020:09:57:37 +0800] "GET /xingrg/javascript/jquery.cookie.js HTTP/1.1" 304 -
114.88.166.242 - - [07/Nov/2020:09:57:37 +0800] "GET /xingrg/javascript/print/LodopFuncs.js HTTP/1.1" 304 -
114.88.166.242 - - [07/Nov/2020:09:57:39 +0800] "GET /xingrg/javascript/easyui/themes/icons/edit_add_new.png HTTP/1.1" 304 -
114.88.166.242 - - [07/Nov/2020:09:57:39 +0800] "GET /xingrg/javascript/easyui/themes/icons/cance_new.png HTTP/1.1" 304 -
114.88.166.242 - - [07/Nov/2020:09:57:39 +0800] "GET /xingrg/javascript/easyui/themes/icons/field_new.png HTTP/1.1" 304 -
114.88.166.242 - - [07/Nov/2020:09:57:39 +0800] "GET /xingrg/javascript/easyui/themes/icons/check_new.png HTTP/1.1" 304 -
114.88.166.242 - - [07/Nov/2020:09:57:39 +0800] "GET /xingrg/javascript/easyui/themes/icons/import_new.png HTTP/1.1" 304 -
114.88.166.242 - - [07/Nov/2020:09:57:39 +0800] "GET /xingrg/javascript/easyui/plugins/jquery.parser.js HTTP/1.1" 304 -
114.88.166.242 - - [07/Nov/2020:09:57:39 +0800] "GET /xingrg/images/control/ajaxLoader.gif HTTP/1.1" 304 -
58.40.7.146 - - [07/Nov/2020:09:57:40 +0800] "GET /xingrg/check_reg.html?_=1604714256735 HTTP/1.1" 200 22
58.40.7.146 - - [07/Nov/2020:09:57:40 +0800] "GET /xingrg/all/function/internal_message.html?_=1604714256738&CODE_STATE=getMsg HTTP/1.1" 200 27
114.88.166.242 - - [07/Nov/2020:09:57:41 +0800] "POST /xingrg/kc/buy/cgsh_list_operate.html HTTP/1.1" 200 3137
180.174.56.115 - - [07/Nov/2020:09:57:42 +0800] "GET /xingrg/all/function/internal_message.html?_=1604714258340&CODE_STATE=getMsg HTTP/1.1" 200 27
124.77.237.88 - - [07/Nov/2020:09:57:42 +0800] "GET /xingrg/all/function/internal_message.html?_=1604714249108&CODE_STATE=getMsg HTTP/1.1" 200 27
114.84.37.38 - - [07/Nov/2020:09:57:44 +0800] "GET /xingrg/all/function/internal_message.html?_=1604714293234&CODE_STATE=getMsg HTTP/1.1" 200 27
180.157.253.48 - - [07/Nov/2020:09:57:46 +0800] "GET /xingrg/all/function/internal_message.html?_=1604714267260&CODE_STATE=getMsg HTTP/1.1" 200 27
114.88.166.242 - - [07/Nov/2020:09:57:46 +0800] "POST /xingrg/kc/buy/cgsh_list_operate.html HTTP/1.1" 200 3137
58.40.7.146 - - [07/Nov/2020:09:57:47 +0800] "GET /xingrg/all/function/internal_message.html?_=1604714263888&CODE_STATE=getMsg HTTP/1.1" 200 27
114.88.166.242 - - [07/Nov/2020:09:57:47 +0800] "POST /xingrg/kc/buy/cgsh_list_operate.html HTTP/1.1" 200 419
114.88.166.242 - - [07/Nov/2020:09:57:48 +0800] "GET /xingrg/javascript/pic_change.js HTTP/1.1" 304 -
114.88.166.242 - - [07/Nov/2020:09:57:48 +0800] "GET /xingrg/kc/buy/cgsh_order_info.html?code=212020110702534 HTTP/1.1" 200 60622
114.88.166.242 - - [07/Nov/2020:09:57:48 +0800] "GET /xingrg/javascript/jquery_tools/order_manager.js HTTP/1.1" 304 -
114.88.166.242 - - [07/Nov/2020:09:57:48 +0800] "GET /xingrg/javascript/convert.js HTTP/1.1" 304 -
114.88.166.242 - - [07/Nov/2020:09:57:48 +0800] "GET /xingrg/javascript/json2.js HTTP/1.1" 304 -
114.88.166.242 - - [07/Nov/2020:09:57:48 +0800] "GET /xingrg/javascript/print/kc_print.js HTTP/1.1" 304 -
114.88.166.242 - - [07/Nov/2020:09:57:48 +0800] "GET /xingrg/words/20201106115742_words.js HTTP/1.1" 304 -
114.88.166.242 - - [07/Nov/2020:09:57:48 +0800] "GET /xingrg/javascript/easyui/themes/icons/copy_new.png HTTP/1.1" 304 -
114.88.166.242 - - [07/Nov/2020:09:57:48 +0800] "GET /xingrg/javascript/easyui/themes/icons/template_new.png HTTP/1.1" 304 -
114.88.166.242 - - [07/Nov/2020:09:57:48 +0800] "GET /xingrg/javascript/easyui/themes/icons/ok.png HTTP/1.1" 304 -
114.88.166.242 - - [07/Nov/2020:09:57:48 +0800] "GET /xingrg/javascript/easyui/themes/icons/print.png HTTP/1.1" 304 -
114.88.166.242 - - [07/Nov/2020:09:57:48 +0800] "GET /xingrg/javascript/easyui/themes/default/images/menu_downarrow.png HTTP/1.1" 304 -
114.88.166.242 - - [07/Nov/2020:09:57:48 +0800] "GET /xingrg/javascript/easyui/themes/icons/cancel.png HTTP/1.1" 304 -
114.88.166.242 - - [07/Nov/2020:09:57:48 +0800] "GET /xingrg/all/common/auto_word.html?type=employee&rest_code=00111 HTTP/1.1" 200 205
114.88.166.242 - - [07/Nov/2020:09:57:48 +0800] "GET /xingrg/all/common/auto_word.html?type=employee&rest_code=00111 HTTP/1.1" 200 205
114.88.166.242 - - [07/Nov/2020:09:57:48 +0800] "GET /xingrg/javascript/easyui/themes/default/validatebox.css HTTP/1.1" 404 1104
114.88.166.242 - - [07/Nov/2020:09:57:48 +0800] "GET /xingrg/javascript/easyui/plugins/jquery.validatebox.js HTTP/1.1" 304 -
114.88.166.242 - - [07/Nov/2020:09:57:48 +0800] "GET /xingrg/javascript/easyui/plugins/jquery.numberbox.js HTTP/1.1" 304 -
114.88.166.242 - - [07/Nov/2020:09:57:49 +0800] "POST /xingrg/kc/buy/cgsh_order_operate.html HTTP/1.1" 200 4425
114.88.166.242 - - [07/Nov/2020:09:57:49 +0800] "GET /xingrg/javascript/easyui/themes/icons/edit_remove.png HTTP/1.1" 304 -
114.88.166.242 - - [07/Nov/2020:09:57:49 +0800] "GET /xingrg/javascript/easyui/themes/default/images/button_plain_hover.png HTTP/1.1" 304 -
114.88.166.242 - - [07/Nov/2020:09:57:50 +0800] "GET /xingrg/kc/print/load_config.html?kc_code=cgsh HTTP/1.1" 200 1845
114.88.166.242 - - [07/Nov/2020:09:57:50 +0800] "GET /xingrg/kc/print/load_data.html?order_code=212020110702534&kc_code=cgsh HTTP/1.1" 200 1390
180.174.56.115 - - [07/Nov/2020:09:57:50 +0800] "GET /xingrg/kc/buy/cgsh_order_operate.html?command=get_materiel&rest_code=00151&code=00101005037&supplier_code=00100040&order_time=2020-11-07 HTTP/1.1" 200 409
172.17.0.123 - - [07/Nov/2020:09:57:53 +0800] "GET /xingrg/all/function/internal_message.html?_=1604714224581&CODE_STATE=getMsg HTTP/1.1" 200 27
172.17.0.185 - - [07/Nov/2020:09:58:03 +0800] "GET /xingrg/all/function/internal_message.html?_=1604714280079&CODE_STATE=getMsg HTTP/1.1" 200 27
58.221.95.50 - - [07/Nov/2020:09:58:05 +0800] "GET /xingrg/check_reg.html?_=1604714471359 HTTP/1.1" 200 22
180.162.245.190 - - [07/Nov/2020:09:58:05 +0800] "GET /xingrg/all/function/internal_message.html?_=1604714282685&CODE_STATE=getMsg HTTP/1.1" 200 27
114.88.166.242 - - [07/Nov/2020:09:58:09 +0800] "GET /xingrg/javascript/jquery_easy_ui/themes/default/images/tabs_active.png HTTP/1.1" 304 -
114.88.166.242 - - [07/Nov/2020:09:58:10 +0800] "POST /xingrg/kc/buy/cgsh_list_operate.html HTTP/1.1" 200 3137
114.88.166.242 - - [07/Nov/2020:09:58:12 +0800] "POST /xingrg/kc/buy/cgsh_list_operate.html HTTP/1.1" 200 574
114.88.166.242 - - [07/Nov/2020:09:58:13 +0800] "GET /xingrg/kc/buy/cgsh_order_info.html?code=212020110702528 HTTP/1.1" 200 60622
114.88.166.242 - - [07/Nov/2020:09:58:13 +0800] "GET /xingrg/javascript/easyui/themes/default/validatebox.css HTTP/1.1" 404 1104
114.88.166.242 - - [07/Nov/2020:09:58:13 +0800] "POST /xingrg/kc/buy/cgsh_order_operate.html HTTP/1.1" 200 6806
114.88.166.242 - - [07/Nov/2020:09:58:14 +0800] "POST /xingrg/kc/buy/cgsh_list_operate.html HTTP/1.1" 200 3137
180.174.56.115 - - [07/Nov/2020:09:58:15 +0800] "GET /xingrg/all/function/internal_message.html?_=1604714250513&CODE_STATE=getMsg HTTP/1.1" 200 27
222.69.137.55 - - [07/Nov/2020:09:58:16 +0800] "GET /xingrg/all/function/internal_message.html?_=1604714290285&CODE_STATE=getMsg HTTP/1.1" 200 27
114.88.166.242 - - [07/Nov/2020:09:58:18 +0800] "GET /xingrg/all/function/internal_message.html?_=1604714293331&CODE_STATE=getMsg HTTP/1.1" 200 27
180.174.56.115 - - [07/Nov/2020:09:58:18 +0800] "POST /xingrg/kc/buy/cgsh_order_operate.html HTTP/1.1" 200 37
114.88.166.242 - - [07/Nov/2020:09:58:18 +0800] "GET /xingrg/kc/print/load_data.html?order_code=212020110702528&kc_code=cgsh HTTP/1.1" 200 2347
114.84.37.38 - - [07/Nov/2020:09:58:19 +0800] "POST /xingrg/services/DataTransmitService HTTP/1.1" 200 524
180.174.56.115 - - [07/Nov/2020:09:58:20 +0800] "POST /xingrg/kc/buy/cgsh_order_operate.html HTTP/1.1" 200 12
114.84.37.38 - - [07/Nov/2020:09:58:20 +0800] "POST /xingrg/services/DataTransmitService HTTP/1.1" 200 1955
114.84.37.38 - - [07/Nov/2020:09:58:20 +0800] "POST /xingrg/services/DataTransmitService HTTP/1.1" 200 524
114.84.37.38 - - [07/Nov/2020:09:58:21 +0800] "POST /xingrg/services/DataTransmitService HTTP/1.1" 200 1955
180.174.56.115 - - [07/Nov/2020:09:58:21 +0800] "GET /xingrg/kc/buy/cgsh_order_info.html?code=212020110702562 HTTP/1.1" 200 55174
180.162.245.190 - - [07/Nov/2020:09:58:21 +0800] "GET /xingrg/all/function/internal_message.html?_=1604714280441&CODE_STATE=getMsg HTTP/1.1" 200 27
180.162.245.190 - - [07/Nov/2020:09:58:21 +0800] "GET /xingrg/check_reg.html?_=1604714280443 HTTP/1.1" 200 22
180.174.56.115 - - [07/Nov/2020:09:58:21 +0800] "GET /xingrg/javascript/easyui/themes/default/validatebox.css HTTP/1.1" 404 1104
114.84.37.38 - - [07/Nov/2020:09:58:22 +0800] "POST /xingrg/services/DataTransmitService HTTP/1.1" 200 524
180.174.56.115 - - [07/Nov/2020:09:58:22 +0800] "POST /xingrg/kc/buy/cgsh_order_operate.html HTTP/1.1" 200 1804
114.84.37.38 - - [07/Nov/2020:09:58:22 +0800] "POST /xingrg/services/DataTransmitService HTTP/1.1" 200 1955
114.84.37.38 - - [07/Nov/2020:09:58:23 +0800] "POST /xingrg/services/DataTransmitService HTTP/1.1" 200 524
180.174.56.115 - - [07/Nov/2020:09:58:23 +0800] "GET /xingrg/kc/print/load_data.html?order_code=212020110702562&kc_code=cgsh&condition= HTTP/1.1" 200 1263
114.84.37.38 - - [07/Nov/2020:09:58:23 +0800] "POST /xingrg/services/DataTransmitService HTTP/1.1" 200 1955
114.84.37.38 - - [07/Nov/2020:09:58:25 +0800] "POST /xingrg/services/DataTransmitService HTTP/1.1" 200 524
114.84.37.38 - - [07/Nov/2020:09:58:25 +0800] "POST /xingrg/services/DataTransmitService HTTP/1.1" 200 1955
58.221.95.50 - - [07/Nov/2020:09:58:26 +0800] "GET /xingrg/all/function/internal_message.html?_=1604714492482&CODE_STATE=getMsg HTTP/1.1" 200 27
114.84.37.38 - - [07/Nov/2020:09:58:28 +0800] "POST /xingrg/services/DataTransmitService HTTP/1.1" 200 524
114.88.166.242 - - [07/Nov/2020:09:58:28 +0800] "POST /xingrg/kc/buy/cgsh_list_operate.html HTTP/1.1" 200 3137
120.253.135.82 - - [07/Nov/2020:09:58:28 +0800] "GET /xingrg/all/function/internal_message.html?_=1604714050913&CODE_STATE=getMsg HTTP/1.1" 200 27
114.84.37.38 - - [07/Nov/2020:09:58:28 +0800] "POST /xingrg/services/DataTransmitService HTTP/1.1" 200 1955
114.88.166.242 - - [07/Nov/2020:09:58:29 +0800] "POST /xingrg/kc/buy/cgsh_list_operate.html HTTP/1.1" 200 566
120.253.135.82 - - [07/Nov/2020:09:58:29 +0800] "POST /xingrg/kc/buy/cgsh_order_operate.html HTTP/1.1" 200 37
114.88.166.242 - - [07/Nov/2020:09:58:29 +0800] "GET /xingrg/kc/buy/cgsh_order_info.html?code=212020110702548 HTTP/1.1" 200 60622
114.88.166.242 - - [07/Nov/2020:09:58:30 +0800] "GET /xingrg/javascript/easyui/themes/default/validatebox.css HTTP/1.1" 404 1104
114.88.166.242 - - [07/Nov/2020:09:58:30 +0800] "POST /xingrg/kc/buy/cgsh_order_operate.html HTTP/1.1" 200 48800
114.88.166.242 - - [07/Nov/2020:09:58:30 +0800] "POST /xingrg/kc/buy/cgsh_list_operate.html HTTP/1.1" 200 3137
120.253.135.82 - - [07/Nov/2020:09:58:31 +0800] "POST /xingrg/kc/buy/cgsh_order_operate.html HTTP/1.1" 200 2669
114.84.37.38 - - [07/Nov/2020:09:58:31 +0800] "POST /xingrg/services/DataTransmitService HTTP/1.1" 200 524
114.88.166.242 - - [07/Nov/2020:09:58:31 +0800] "GET /xingrg/kc/print/load_data.html?order_code=212020110702548&kc_code=cgsh HTTP/1.1" 200 18158
114.84.37.38 - - [07/Nov/2020:09:58:31 +0800] "POST /xingrg/services/DataTransmitService HTTP/1.1" 200 1955
114.84.37.38 - - [07/Nov/2020:09:58:32 +0800] "POST /xingrg/services/DataTransmitService HTTP/1.1" 200 524
114.84.37.38 - - [07/Nov/2020:09:58:32 +0800] "POST /xingrg/services/DataTransmitService HTTP/1.1" 200 1955
180.174.56.115 - - [07/Nov/2020:09:58:34 +0800] "GET /xingrg/kc/buy/cgsh_order_add.html HTTP/1.1" 200 60267
180.174.56.115 - - [07/Nov/2020:09:58:34 +0800] "POST /xingrg/kc/buy/cgsh_order_operate.html HTTP/1.1" 200 8245
180.174.56.115 - - [07/Nov/2020:09:58:34 +0800] "GET /xingrg/javascript/easyui/themes/default/validatebox.css HTTP/1.1" 404 1104
120.253.135.82 - - [07/Nov/2020:09:58:34 +0800] "POST /xingrg/kc/buy/cgsh_list_operate.html HTTP/1.1" 200 1672
120.253.135.82 - - [07/Nov/2020:09:58:37 +0800] "POST /xingrg/kc/buy/cgsh_list_operate.html HTTP/1.1" 200 205
120.253.135.82 - - [07/Nov/2020:09:58:39 +0800] "GET /xingrg/kc/buy/cgsh_order_info.html?code=212020110702560 HTTP/1.1" 200 59627
58.40.7.146 - - [07/Nov/2020:09:58:40 +0800] "GET /xingrg/all/function/internal_message.html?_=1604714316725&CODE_STATE=getMsg HTTP/1.1" 200 27
120.253.135.82 - - [07/Nov/2020:09:58:40 +0800] "GET /xingrg/javascript/easyui/themes/default/validatebox.css HTTP/1.1" 404 1104
120.253.135.82 - - [07/Nov/2020:09:58:40 +0800] "POST /xingrg/kc/buy/cgsh_order_operate.html HTTP/1.1" 200 2669
180.174.56.115 - - [07/Nov/2020:09:58:42 +0800] "GET /xingrg/all/function/internal_message.html?_=1604714318359&CODE_STATE=getMsg HTTP/1.1" 200 27
124.77.237.88 - - [07/Nov/2020:09:58:42 +0800] "GET /xingrg/all/function/internal_message.html?_=1604714309112&CODE_STATE=getMsg HTTP/1.1" 200 27
114.84.37.38 - - [07/Nov/2020:09:58:44 +0800] "GET /xingrg/all/function/internal_message.html?_=1604714353248&CODE_STATE=getMsg HTTP/1.1" 200 27
180.157.253.48 - - [07/Nov/2020:09:58:46 +0800] "GET /xingrg/all/function/internal_message.html?_=1604714327247&CODE_STATE=getMsg HTTP/1.1" 200 27
58.40.7.146 - - [07/Nov/2020:09:58:47 +0800] "GET /xingrg/check_reg.html?_=1604714323876 HTTP/1.1" 200 22
58.40.7.146 - - [07/Nov/2020:09:58:47 +0800] "GET /xingrg/all/function/internal_message.html?_=1604714323877&CODE_STATE=getMsg HTTP/1.1" 200 27
172.17.0.123 - - [07/Nov/2020:09:58:53 +0800] "GET /xingrg/all/function/internal_message.html?_=1604714284583&CODE_STATE=getMsg HTTP/1.1" 200 27
114.88.166.242 - - [07/Nov/2020:09:58:54 +0800] "POST /xingrg/kc/buy/cgsh_list_operate.html HTTP/1.1" 200 3137
114.88.166.242 - - [07/Nov/2020:09:58:55 +0800] "POST /xingrg/kc/buy/cgsh_list_operate.html HTTP/1.1" 200 568
114.88.166.242 - - [07/Nov/2020:09:58:55 +0800] "GET /xingrg/kc/buy/cgsh_order_info.html?code=212020110702520 HTTP/1.1" 200 60624
114.88.166.242 - - [07/Nov/2020:09:58:56 +0800] "GET /xingrg/javascript/easyui/themes/default/validatebox.css HTTP/1.1" 404 1104
114.88.166.242 - - [07/Nov/2020:09:58:56 +0800] "POST /xingrg/kc/buy/cgsh_order_operate.html HTTP/1.1" 200 17470
114.88.166.242 - - [07/Nov/2020:09:58:56 +0800] "POST /xingrg/kc/buy/cgsh_list_operate.html HTTP/1.1" 200 3137
114.88.166.242 - - [07/Nov/2020:09:58:57 +0800] "GET /xingrg/kc/print/load_data.html?order_code=212020110702520&kc_code=cgsh HTTP/1.1" 200 6318
172.17.0.185 - - [07/Nov/2020:09:59:03 +0800] "GET /xingrg/all/function/internal_message.html?_=1604714340081&CODE_STATE=getMsg HTTP/1.1" 200 27
180.162.245.190 - - [07/Nov/2020:09:59:05 +0800] "GET /xingrg/all/function/internal_message.html?_=1604714342686&CODE_STATE=getMsg HTTP/1.1" 200 27
120.253.135.82 - - [07/Nov/2020:09:59:09 +0800] "GET /xingrg/login.html HTTP/1.1" 200 7641
120.253.135.82 - - [07/Nov/2020:09:59:09 +0800] "GET /xingrg/images/blue/jxLogo.png HTTP/1.1" 304 -
120.253.135.82 - - [07/Nov/2020:09:59:09 +0800] "GET /xingrg/images/blue/login_bg.png HTTP/1.1" 304 -
120.253.135.82 - - [07/Nov/2020:09:59:09 +0800] "GET /xingrg/images/blue/hj.png HTTP/1.1" 304 -
120.253.135.82 - - [07/Nov/2020:09:59:09 +0800] "GET /xingrg/images/blue/srbg.png HTTP/1.1" 304 -
120.253.135.82 - - [07/Nov/2020:09:59:10 +0800] "GET /favicon.ico HTTP/1.1" 404 -
180.174.56.115 - - [07/Nov/2020:09:59:15 +0800] "GET /xingrg/all/function/internal_message.html?_=1604714310522&CODE_STATE=getMsg HTTP/1.1" 200 27
222.69.137.55 - - [07/Nov/2020:09:59:16 +0800] "GET /xingrg/all/function/internal_message.html?_=1604714350255&CODE_STATE=getMsg HTTP/1.1" 200 27
114.88.166.242 - - [07/Nov/2020:09:59:18 +0800] "GET /xingrg/all/function/internal_message.html?_=1604714353345&CODE_STATE=getMsg HTTP/1.1" 200 27
120.253.135.82 - - [07/Nov/2020:09:59:18 +0800] "POST /xingrg/login.do HTTP/1.1" 302 -
120.253.135.82 - - [07/Nov/2020:09:59:18 +0800] "GET /xingrg/javascript/jquery_easy_ui/themes/default/easyui.css HTTP/1.1" 304 -
120.253.135.82 - - [07/Nov/2020:09:59:18 +0800] "GET /xingrg/javascript/jquery_easy_ui/themes/icon.css HTTP/1.1" 304 -
120.253.135.82 - - [07/Nov/2020:09:59:18 +0800] "GET /xingrg/css/form.css HTTP/1.1" 304 -
120.253.135.82 - - [07/Nov/2020:09:59:18 +0800] "GET /xingrg/javascript/jquery-1.4.2.min.js HTTP/1.1" 304 -
120.253.135.82 - - [07/Nov/2020:09:59:18 +0800] "GET /xingrg/javascript/jquery_easy_ui/jquery.easyui.min.js HTTP/1.1" 304 -
120.253.135.82 - - [07/Nov/2020:09:59:18 +0800] "GET /xingrg/javascript/jquery.form.js HTTP/1.1" 304 -
120.253.135.82 - - [07/Nov/2020:09:59:18 +0800] "GET /xingrg/javascript/jquery.utils.js HTTP/1.1" 304 -
120.253.135.82 - - [07/Nov/2020:09:59:18 +0800] "GET /xingrg/javascript/jquery.timers.js HTTP/1.1" 304 -
120.253.135.82 - - [07/Nov/2020:09:59:18 +0800] "GET /xingrg/javascript/jquery_easy_ui/easyui-lang-zh_CN.js HTTP/1.1" 304 -
120.253.135.82 - - [07/Nov/2020:09:59:18 +0800] "GET /xingrg/index.html?sysBaseUrl=http%3A%2F%2F180.169.147.146%3A18081%2Fxingrg%2F&costTime=2488×tamp=1604714358217 HTTP/1.1" 200 17173
120.253.135.82 - - [07/Nov/2020:09:59:18 +0800] "GET /xingrg/images/blue/navBackgound.jpg HTTP/1.1" 304 -
120.253.135.82 - - [07/Nov/2020:09:59:18 +0800] "GET /xingrg/javascript/jquery_easy_ui/themes/icons/settle_new.png HTTP/1.1" 304 -
120.253.135.82 - - [07/Nov/2020:09:59:18 +0800] "GET /xingrg/images/blue/pingpu.png HTTP/1.1" 304 -
120.253.135.82 - - [07/Nov/2020:09:59:18 +0800] "GET /xingrg/javascript/jquery_easy_ui/themes/default/images/tabs_leftarrow.png HTTP/1.1" 304 -
120.253.135.82 - - [07/Nov/2020:09:59:18 +0800] "GET /xingrg/javascript/jquery_easy_ui/themes/default/images/tabs_rightarrow.png HTTP/1.1" 304 -
120.253.135.82 - - [07/Nov/2020:09:59:18 +0800] "GET /xingrg/javascript/jquery_easy_ui/themes/default/images/panel_tool_collapse.gif HTTP/1.1" 304 -
120.253.135.82 - - [07/Nov/2020:09:59:18 +0800] "POST /xingrg/all/common/load_tree.html?tree=area_rest_tree_json&manage=1 HTTP/1.1" 200 344
120.253.135.82 - - [07/Nov/2020:09:59:18 +0800] "GET /xingrg/all/function/internal_message.html?_=1604714100865&CODE_STATE=count HTTP/1.1" 200 11
120.253.135.82 - - [07/Nov/2020:09:59:18 +0800] "GET /xingrg/check_reg.html?_=1604714100866 HTTP/1.1" 200 22
120.253.135.82 - - [07/Nov/2020:09:59:18 +0800] "GET /xingrg/javascript/jquery_easy_ui/themes/default/images/tree_arrows.gif HTTP/1.1" 304 -
114.88.166.242 - - [07/Nov/2020:09:59:18 +0800] "POST /xingrg/kc/buy/cgsh_list_operate.html HTTP/1.1" 200 3137
120.253.135.82 - - [07/Nov/2020:09:59:18 +0800] "GET /favicon.ico HTTP/1.1" 404 -
120.253.135.82 - - [07/Nov/2020:09:59:18 +0800] "POST /xingrg/load_menu.html HTTP/1.1" 200 6743
180.174.56.115 - - [07/Nov/2020:09:59:18 +0800] "GET /xingrg/kc/buy/cgsh_order_operate.html?command=get_materiel&rest_code=00151&code=00101012025&supplier_code=00100036&order_time=2020-11-07 HTTP/1.1" 200 412
120.253.135.82 - - [07/Nov/2020:09:59:19 +0800] "GET /xingrg/javascript/jquery_easy_ui/themes/icons/forms_new.png HTTP/1.1" 304 -
120.253.135.82 - - [07/Nov/2020:09:59:19 +0800] "GET /xingrg/javascript/jquery_easy_ui/themes/default/images/tree_file.gif HTTP/1.1" 304 -
120.253.135.82 - - [07/Nov/2020:09:59:19 +0800] "GET /xingrg/javascript/jquery_easy_ui/themes/icons/search_new.png HTTP/1.1" 304 -
120.253.135.82 - - [07/Nov/2020:09:59:19 +0800] "GET /xingrg/javascript/jquery_easy_ui/themes/icons/delivery_new.png HTTP/1.1" 304 -
120.253.135.82 - - [07/Nov/2020:09:59:19 +0800] "GET /xingrg/javascript/jquery_easy_ui/themes/default/images/tree_folder_open.gif HTTP/1.1" 304 -
120.253.135.82 - - [07/Nov/2020:09:59:19 +0800] "GET /xingrg/javascript/jquery_easy_ui/themes/icons/storage_new.png HTTP/1.1" 304 -
120.253.135.82 - - [07/Nov/2020:09:59:19 +0800] "GET /xingrg/javascript/jquery_easy_ui/themes/default/images/tree_folder.gif HTTP/1.1" 304 -
180.162.245.190 - - [07/Nov/2020:09:59:21 +0800] "GET /xingrg/all/function/internal_message.html?_=1604714340444&CODE_STATE=getMsg HTTP/1.1" 200 27
120.253.135.82 - - [07/Nov/2020:09:59:25 +0800] "GET /xingrg/javascript/jquery_easy_ui/themes/default/images/tabs_close.gif HTTP/1.1" 304 -
120.253.135.82 - - [07/Nov/2020:09:59:25 +0800] "GET /xingrg/css/base.css HTTP/1.1" 304 -
120.253.135.82 - - [07/Nov/2020:09:59:25 +0800] "GET /xingrg/css/site.css HTTP/1.1" 304 -
120.253.135.82 - - [07/Nov/2020:09:59:25 +0800] "GET /xingrg/javascript/auto/jquery.autocomplete.css HTTP/1.1" 304 -
120.253.135.82 - - [07/Nov/2020:09:59:25 +0800] "GET /xingrg/javascript/easyui/themes/icon.css HTTP/1.1" 304 -
120.253.135.82 - - [07/Nov/2020:09:59:25 +0800] "GET /xingrg/javascript/jquery_tools/datebox.css HTTP/1.1" 304 -
120.253.135.82 - - [07/Nov/2020:09:59:25 +0800] "GET /xingrg/javascript/easyui/themes/default/easyui.css HTTP/1.1" 304 -
120.253.135.82 - - [07/Nov/2020:09:59:25 +0800] "GET /xingrg/javascript/jquery_tools/fix.css HTTP/1.1" 304 -
120.253.135.82 - - [07/Nov/2020:09:59:25 +0800] "GET /xingrg/javascript/jquery_tools/jquery.tools.hotkey.js HTTP/1.1" 304 -
120.253.135.82 - - [07/Nov/2020:09:59:25 +0800] "GET /xingrg/javascript/jquery_tools/jquery.tools.min.js HTTP/1.1" 304 -
120.253.135.82 - - [07/Nov/2020:09:59:25 +0800] "GET /xingrg/javascript/jquery_tools/jquery.tools.extend.js HTTP/1.1" 304 -
120.253.135.82 - - [07/Nov/2020:09:59:25 +0800] "GET /xingrg/javascript/print/LodopFuncs.js HTTP/1.1" 304 -
120.253.135.82 - - [07/Nov/2020:09:59:25 +0800] "GET /xingrg/javascript/auto/jquery.autocomplete.js HTTP/1.1" 304 -
120.253.135.82 - - [07/Nov/2020:09:59:25 +0800] "GET /xingrg/javascript/jquery_tools/list_manager.js HTTP/1.1" 304 -
120.253.135.82 - - [07/Nov/2020:09:59:25 +0800] "GET /xingrg/javascript/jquery_tools/table.css HTTP/1.1" 304 -
120.253.135.82 - - [07/Nov/2020:09:59:25 +0800] "GET /xingrg/javascript/easyui/easyloader.js HTTP/1.1" 304 -
120.253.135.82 - - [07/Nov/2020:09:59:25 +0800] "GET /xingrg/javascript/jquery_tools/jquery.tools.table.js HTTP/1.1" 304 -
120.253.135.82 - - [07/Nov/2020:09:59:25 +0800] "GET /xingrg/javascript/jquery.cookie.js HTTP/1.1" 304 -
120.253.135.82 - - [07/Nov/2020:09:59:25 +0800] "GET /xingrg/kc/buy/cgsh_order_list.html HTTP/1.1" 200 44875
120.253.135.82 - - [07/Nov/2020:09:59:26 +0800] "GET /xingrg/javascript/easyui/themes/icons/edit_add_new.png HTTP/1.1" 304 -
120.253.135.82 - - [07/Nov/2020:09:59:26 +0800] "GET /xingrg/javascript/easyui/themes/icons/import_new.png HTTP/1.1" 304 -
120.253.135.82 - - [07/Nov/2020:09:59:26 +0800] "GET /xingrg/javascript/easyui/themes/icons/field_new.png HTTP/1.1" 304 -
120.253.135.82 - - [07/Nov/2020:09:59:26 +0800] "GET /xingrg/javascript/easyui/themes/icons/check_new.png HTTP/1.1" 304 -
120.253.135.82 - - [07/Nov/2020:09:59:26 +0800] "GET /xingrg/javascript/easyui/themes/icons/cance_new.png HTTP/1.1" 304 -
120.253.135.82 - - [07/Nov/2020:09:59:26 +0800] "GET /xingrg/javascript/easyui/plugins/jquery.parser.js HTTP/1.1" 304 -
120.253.135.82 - - [07/Nov/2020:09:59:26 +0800] "GET /xingrg/images/control/ajaxLoader.gif HTTP/1.1" 304 -
58.221.95.50 - - [07/Nov/2020:09:59:26 +0800] "GET /xingrg/all/function/internal_message.html?_=1604714552480&CODE_STATE=getMsg HTTP/1.1" 200 27
120.253.135.82 - - [07/Nov/2020:09:59:30 +0800] "POST /xingrg/kc/buy/cgsh_list_operate.html HTTP/1.1" 200 1672
180.174.56.115 - - [07/Nov/2020:09:59:32 +0800] "GET /xingrg/kc/buy/cgsh_order_operate.html?command=get_materiel&rest_code=00151&code=00101012059&supplier_code=00100036&order_time=2020-11-07 HTTP/1.1" 200 412
120.253.135.82 - - [07/Nov/2020:09:59:32 +0800] "POST /xingrg/kc/buy/cgsh_list_operate.html HTTP/1.1" 200 205
120.253.135.82 - - [07/Nov/2020:09:59:33 +0800] "GET /xingrg/javascript/pic_change.js HTTP/1.1" 304 -
120.253.135.82 - - [07/Nov/2020:09:59:33 +0800] "GET /xingrg/javascript/print/kc_print.js HTTP/1.1" 304 -
120.253.135.82 - - [07/Nov/2020:09:59:33 +0800] "GET /xingrg/javascript/convert.js HTTP/1.1" 304 -
120.253.135.82 - - [07/Nov/2020:09:59:33 +0800] "GET /xingrg/javascript/json2.js HTTP/1.1" 304 -
120.253.135.82 - - [07/Nov/2020:09:59:33 +0800] "GET /xingrg/javascript/jquery_tools/order_manager.js HTTP/1.1" 304 -
120.253.135.82 - - [07/Nov/2020:09:59:33 +0800] "GET /xingrg/kc/buy/cgsh_order_info.html?code=212020110702560 HTTP/1.1" 200 59627
120.253.135.82 - - [07/Nov/2020:09:59:33 +0800] "GET /xingrg/words/20201106115742_words.js HTTP/1.1" 304 -
120.253.135.82 - - [07/Nov/2020:09:59:33 +0800] "GET /xingrg/javascript/easyui/themes/icons/template_new.png HTTP/1.1" 304 -
120.253.135.82 - - [07/Nov/2020:09:59:33 +0800] "GET /xingrg/javascript/easyui/themes/icons/print.png HTTP/1.1" 304 -
120.253.135.82 - - [07/Nov/2020:09:59:33 +0800] "GET /xingrg/javascript/easyui/themes/icons/copy_new.png HTTP/1.1" 304 -
120.253.135.82 - - [07/Nov/2020:09:59:33 +0800] "GET /xingrg/javascript/easyui/themes/default/images/menu_downarrow.png HTTP/1.1" 304 -
120.253.135.82 - - [07/Nov/2020:09:59:33 +0800] "GET /xingrg/javascript/easyui/themes/icons/cancel.png HTTP/1.1" 304 -
120.253.135.82 - - [07/Nov/2020:09:59:33 +0800] "GET /xingrg/javascript/easyui/themes/icons/ok.png HTTP/1.1" 304 -
120.253.135.82 - - [07/Nov/2020:09:59:33 +0800] "GET /xingrg/all/common/auto_word.html?type=employee&rest_code=00101 HTTP/1.1" 200 1173
120.253.135.82 - - [07/Nov/2020:09:59:33 +0800] "GET /xingrg/all/common/auto_word.html?type=employee&rest_code=00101 HTTP/1.1" 200 1173
120.253.135.82 - - [07/Nov/2020:09:59:33 +0800] "GET /xingrg/javascript/easyui/themes/default/validatebox.css HTTP/1.1" 404 1104
120.253.135.82 - - [07/Nov/2020:09:59:33 +0800] "GET /xingrg/javascript/easyui/plugins/jquery.validatebox.js HTTP/1.1" 304 -
120.253.135.82 - - [07/Nov/2020:09:59:33 +0800] "GET /xingrg/javascript/easyui/plugins/jquery.numberbox.js HTTP/1.1" 304 -
120.253.135.82 - - [07/Nov/2020:09:59:34 +0800] "POST /xingrg/kc/buy/cgsh_order_operate.html HTTP/1.1" 200 2669
120.253.135.82 - - [07/Nov/2020:09:59:34 +0800] "GET /xingrg/javascript/easyui/themes/icons/edit_remove.png HTTP/1.1" 304 -
120.253.135.82 - - [07/Nov/2020:09:59:35 +0800] "GET /xingrg/javascript/easyui/themes/default/images/button_plain_hover.png HTTP/1.1" 304 -
120.253.135.82 - - [07/Nov/2020:09:59:37 +0800] "GET /xingrg/kc/print/load_config.html?kc_code=cgsh HTTP/1.1" 200 1845
120.253.135.82 - - [07/Nov/2020:09:59:37 +0800] "GET /xingrg/kc/print/load_data.html?order_code=212020110702560&kc_code=cgsh&condition= HTTP/1.1" 200 650
180.174.56.115 - - [07/Nov/2020:09:59:39 +0800] "GET /xingrg/kc/buy/cgsh_order_operate.html?command=get_materiel&rest_code=00151&code=00101016033&supplier_code=00100036&order_time=2020-11-07 HTTP/1.1" 200 412
58.40.7.146 - - [07/Nov/2020:09:59:40 +0800] "GET /xingrg/all/function/internal_message.html?_=1604714376728&CODE_STATE=getMsg HTTP/1.1" 200 27
180.174.56.115 - - [07/Nov/2020:09:59:42 +0800] "GET /xingrg/all/function/internal_message.html?_=1604714378363&CODE_STATE=getMsg HTTP/1.1" 200 27
124.77.237.88 - - [07/Nov/2020:09:59:42 +0800] "GET /xingrg/check_reg.html?_=1604714369096 HTTP/1.1" 200 22
124.77.237.88 - - [07/Nov/2020:09:59:42 +0800] "GET /xingrg/all/function/internal_message.html?_=1604714369105&CODE_STATE=getMsg HTTP/1.1" 200 27
114.84.37.38 - - [07/Nov/2020:09:59:42 +0800] "GET /xingrg/check_reg.html?_=1604714412106 HTTP/1.1" 200 22
114.84.37.38 - - [07/Nov/2020:09:59:44 +0800] "GET /xingrg/all/function/internal_message.html?_=1604714413263&CODE_STATE=getMsg HTTP/1.1" 200 27
180.157.253.48 - - [07/Nov/2020:09:59:46 +0800] "GET /xingrg/all/function/internal_message.html?_=1604714387213&CODE_STATE=getMsg HTTP/1.1" 200 27
120.253.135.82 - - [07/Nov/2020:09:59:47 +0800] "POST /xingrg/kc/buy/cgsh_order_operate.html HTTP/1.1" 200 37
58.40.7.146 - - [07/Nov/2020:09:59:47 +0800] "GET /xingrg/all/function/internal_message.html?_=1604714383879&CODE_STATE=getMsg HTTP/1.1" 200 27
120.253.135.82 - - [07/Nov/2020:09:59:49 +0800] "POST /xingrg/kc/buy/cgsh_order_operate.html HTTP/1.1" 200 12
172.17.0.123 - - [07/Nov/2020:09:59:53 +0800] "GET /xingrg/all/function/internal_message.html?_=1604714344587&CODE_STATE=getMsg HTTP/1.1" 200 27
120.253.135.82 - - [07/Nov/2020:09:59:54 +0800] "GET /xingrg/kc/buy/cgsh_order_info.html?code=212020110702560 HTTP/1.1" 200 54521
120.253.135.82 - - [07/Nov/2020:09:59:54 +0800] "GET /xingrg/javascript/jquery_easy_ui/themes/icons/manage.png HTTP/1.1" 304 -
120.253.135.82 - - [07/Nov/2020:09:59:54 +0800] "GET /xingrg/javascript/jquery_easy_ui/themes/icons/area.png HTTP/1.1" 304 -
