222.69.132.30 - - [06/Nov/2020:09:34:00 +0800] "POST /xingrg/kc/buy/cgsh_order_operate.html HTTP/1.1" 200 37
180.174.56.115 - - [06/Nov/2020:09:34:01 +0800] "GET /xingrg/all/function/internal_message.html?_=1604626438202&CODE_STATE=getMsg HTTP/1.1" 200 27
117.184.7.26 - - [06/Nov/2020:09:34:02 +0800] "GET /xingrg/all/function/internal_message.html?_=1604627409100&CODE_STATE=getMsg HTTP/1.1" 200 27
180.162.245.190 - - [06/Nov/2020:09:34:03 +0800] "GET /xingrg/system/info/materiel_import.html?isSelect=1&singleSelect=false HTTP/1.1" 200 5600
180.162.245.190 - - [06/Nov/2020:09:34:03 +0800] "GET /xingrg/css/xtree.css HTTP/1.1" 200 880
180.162.245.190 - - [06/Nov/2020:09:34:03 +0800] "GET /xingrg/javascript/jquery_ui/themes/base/base.css HTTP/1.1" 200 28568
120.204.17.73 - - [06/Nov/2020:09:34:03 +0800] "GET /xingrg/all/function/internal_message.html?_=1604625729252&CODE_STATE=getMsg HTTP/1.1" 302 -
222.69.132.30 - - [06/Nov/2020:09:34:03 +0800] "POST /xingrg/kc/buy/cgsh_order_operate.html HTTP/1.1" 200 12
180.162.245.190 - - [06/Nov/2020:09:34:03 +0800] "GET /xingrg/javascript/jquery_easy_ui/themes/default/images/button_a_bg.gif HTTP/1.1" 200 1194
180.162.245.190 - - [06/Nov/2020:09:34:03 +0800] "POST /xingrg/all/common/load_tree.html?tree=materiel_sort_tree_json HTTP/1.1" 200 8666
180.162.245.190 - - [06/Nov/2020:09:34:03 +0800] "GET /xingrg/javascript/jquery_easy_ui/themes/default/images/button_span_bg.gif HTTP/1.1" 200 2061
180.162.245.190 - - [06/Nov/2020:09:34:03 +0800] "GET /xingrg/javascript/jquery_easy_ui/themes/default/images/pagination_load.png HTTP/1.1" 200 827
180.162.245.190 - - [06/Nov/2020:09:34:03 +0800] "GET /xingrg/javascript/jquery_easy_ui/themes/icons/search.png HTTP/1.1" 200 813
180.162.245.190 - - [06/Nov/2020:09:34:03 +0800] "GET /xingrg/javascript/jquery_easy_ui/themes/default/images/datagrid_header_bg.gif HTTP/1.1" 200 97
180.162.245.190 - - [06/Nov/2020:09:34:03 +0800] "GET /xingrg/javascript/jquery_easy_ui/themes/icons/edit_add.png HTTP/1.1" 200 1088
180.162.245.190 - - [06/Nov/2020:09:34:03 +0800] "GET /xingrg/javascript/jquery_easy_ui/themes/default/images/pagination_first.gif HTTP/1.1" 200 925
180.162.245.190 - - [06/Nov/2020:09:34:03 +0800] "GET /xingrg/javascript/jquery_easy_ui/themes/default/images/pagination_last.gif HTTP/1.1" 200 923
180.162.245.190 - - [06/Nov/2020:09:34:03 +0800] "GET /xingrg/javascript/jquery_easy_ui/themes/default/images/pagination_prev.gif HTTP/1.1" 200 879
180.162.245.190 - - [06/Nov/2020:09:34:03 +0800] "GET /xingrg/javascript/jquery_easy_ui/themes/default/images/pagination_next.gif HTTP/1.1" 200 875
180.162.245.190 - - [06/Nov/2020:09:34:03 +0800] "GET /favicon.ico HTTP/1.1" 404 -
172.17.0.120 - - [06/Nov/2020:09:34:04 +0800] "POST /xingrg/kc/buy/cgsh_list_operate.html HTTP/1.1" 200 5415
117.185.32.26 - - [06/Nov/2020:09:34:06 +0800] "GET /xingrg/all/function/internal_message.html?_=1604626868017&CODE_STATE=getMsg HTTP/1.1" 200 27
120.204.17.73 - - [06/Nov/2020:09:34:08 +0800] "GET /xingrg/login.html HTTP/1.1" 200 7641
222.69.132.30 - - [06/Nov/2020:09:34:09 +0800] "GET /xingrg/kc/buy/cgsh_order_info.html?code=212020110602093 HTTP/1.1" 200 55567
222.69.132.30 - - [06/Nov/2020:09:34:10 +0800] "GET /xingrg/javascript/easyui/themes/default/validatebox.css HTTP/1.1" 404 1104
222.69.132.30 - - [06/Nov/2020:09:34:10 +0800] "POST /xingrg/kc/buy/cgsh_order_operate.html HTTP/1.1" 200 3162
114.88.166.242 - - [06/Nov/2020:09:34:13 +0800] "GET /xingrg/kc/buy/cgsh_order_operate.html?command=get_materiel&rest_code=00111&code=00101008036&supplier_code=00100005&order_time=2020-11-06 HTTP/1.1" 200 408
117.185.32.26 - - [06/Nov/2020:09:34:14 +0800] "GET /xingrg/all/function/internal_message.html?_=1604626449279&CODE_STATE=getMsg HTTP/1.1" 200 27
172.17.0.120 - - [06/Nov/2020:09:34:14 +0800] "POST /xingrg/kc/buy/cgsh_list_operate.html HTTP/1.1" 200 3890
58.221.95.50 - - [06/Nov/2020:09:34:23 +0800] "GET /xingrg/all/function/internal_message.html?_=1604626650188&CODE_STATE=getMsg HTTP/1.1" 200 27
180.162.245.190 - - [06/Nov/2020:09:34:25 +0800] "GET /xingrg/system/info/materiel_import.html?isSelect=1&singleSelect=false HTTP/1.1" 200 5600
180.162.245.190 - - [06/Nov/2020:09:34:25 +0800] "POST /xingrg/all/common/load_tree.html?tree=materiel_sort_tree_json HTTP/1.1" 200 8666
180.162.245.190 - - [06/Nov/2020:09:34:26 +0800] "GET /favicon.ico HTTP/1.1" 404 -
180.162.245.190 - - [06/Nov/2020:09:34:26 +0800] "GET /xingrg/all/function/internal_message.html?_=1604626463446&CODE_STATE=getMsg HTTP/1.1" 200 27
180.161.96.95 - - [06/Nov/2020:09:34:28 +0800] "GET /xingrg/all/function/internal_message.html?_=1604626687644&CODE_STATE=getMsg HTTP/1.1" 200 27
120.204.17.72 - - [06/Nov/2020:09:34:29 +0800] "GET /xingrg/check_reg.html?_=1604625729255 HTTP/1.1" 302 -
222.69.132.30 - - [06/Nov/2020:09:34:30 +0800] "GET /xingrg/kc/print/load_data.html?order_code=212020110602093&kc_code=cgsh&condition= HTTP/1.1" 200 1847
222.69.132.30 - - [06/Nov/2020:09:34:31 +0800] "GET /xingrg/all/function/internal_message.html?_=1604626467042&CODE_STATE=getMsg HTTP/1.1" 200 27
180.157.253.48 - - [06/Nov/2020:09:34:34 +0800] "POST /xingrg/kc/base/wldb_order_operate.html HTTP/1.1" 200 37
180.157.253.48 - - [06/Nov/2020:09:34:34 +0800] "POST /xingrg/kc/base/wldb_order_operate.html HTTP/1.1" 200 4144
172.17.0.123 - - [06/Nov/2020:09:34:34 +0800] "GET /xingrg/check_reg.html?_=1604626427050 HTTP/1.1" 302 -
114.88.166.242 - - [06/Nov/2020:09:34:35 +0800] "GET /xingrg/kc/buy/cgsh_order_operate.html?command=get_materiel&rest_code=00111&code=00101008256&supplier_code=00100005&order_time=2020-11-06 HTTP/1.1" 200 413
117.131.5.26 - - [06/Nov/2020:09:34:35 +0800] "GET /xingrg/all/function/internal_message.html?_=1604626502717&CODE_STATE=getMsg HTTP/1.1" 200 27
120.204.17.72 - - [06/Nov/2020:09:34:36 +0800] "GET /xingrg/login.html HTTP/1.1" 200 7641
58.40.7.146 - - [06/Nov/2020:09:34:38 +0800] "GET /xingrg/all/function/internal_message.html?_=1604626476031&CODE_STATE=getMsg HTTP/1.1" 200 27
114.88.166.242 - - [06/Nov/2020:09:34:39 +0800] "GET /xingrg/all/function/internal_message.html?_=1604626473342&CODE_STATE=getMsg HTTP/1.1" 200 27
180.157.253.48 - - [06/Nov/2020:09:34:39 +0800] "GET /xingrg/kc/base/wldb_order_info.html?code=422020110600602 HTTP/1.1" 200 30607
114.88.166.242 - - [06/Nov/2020:09:34:39 +0800] "GET /xingrg/check_reg.html?_=1604626578433 HTTP/1.1" 200 22
114.88.166.242 - - [06/Nov/2020:09:34:39 +0800] "GET /xingrg/all/function/internal_message.html?_=1604626578435&CODE_STATE=getMsg HTTP/1.1" 200 27
180.174.56.115 - - [06/Nov/2020:09:34:40 +0800] "GET /xingrg/all/function/internal_message.html?_=1604626437366&CODE_STATE=getMsg HTTP/1.1" 200 27
180.157.253.48 - - [06/Nov/2020:09:34:40 +0800] "POST /xingrg/kc/base/wldb_order_operate.html HTTP/1.1" 200 4144
180.157.253.48 - - [06/Nov/2020:09:34:40 +0800] "GET /xingrg/javascript/easyui/themes/default/validatebox.css HTTP/1.1" 404 1104
124.77.237.88 - - [06/Nov/2020:09:34:42 +0800] "GET /xingrg/all/function/internal_message.html?_=1604626470675&CODE_STATE=getMsg HTTP/1.1" 200 27
222.69.132.30 - - [06/Nov/2020:09:34:45 +0800] "GET /xingrg/kc/buy/cgsh_order_add.html HTTP/1.1" 200 60666
222.69.132.30 - - [06/Nov/2020:09:34:45 +0800] "POST /xingrg/kc/buy/cgsh_order_operate.html HTTP/1.1" 200 8245
222.69.132.30 - - [06/Nov/2020:09:34:45 +0800] "GET /xingrg/javascript/easyui/themes/default/validatebox.css HTTP/1.1" 404 1104
172.17.200.101 - - [06/Nov/2020:09:34:49 +0800] "GET /xingrg/all/function/internal_message.html?_=1604626487363&CODE_STATE=getMsg HTTP/1.1" 200 27
172.17.0.120 - - [06/Nov/2020:09:34:49 +0800] "GET /xingrg/all/function/internal_message.html?_=1604626602944&CODE_STATE=getMsg HTTP/1.1" 200 27
117.184.7.30 - - [06/Nov/2020:09:34:50 +0800] "GET /xingrg/all/function/internal_message.html?_=1604626479602&CODE_STATE=getMsg HTTP/1.1" 200 27
114.88.166.242 - - [06/Nov/2020:09:34:51 +0800] "GET /xingrg/kc/buy/cgsh_order_operate.html?command=get_materiel&rest_code=00111&code=00101008045&supplier_code=00100005&order_time=2020-11-06 HTTP/1.1" 200 412
180.162.245.190 - - [06/Nov/2020:09:34:52 +0800] "GET /xingrg/all/function/internal_message.html?_=1604626472128&CODE_STATE=getMsg HTTP/1.1" 302 -
180.162.245.190 - - [06/Nov/2020:09:34:52 +0800] "GET /xingrg/check_reg.html?_=1604626472156 HTTP/1.1" 302 -
180.157.253.48 - - [06/Nov/2020:09:34:53 +0800] "GET /xingrg/all/function/internal_message.html?_=1604626493893&CODE_STATE=getMsg HTTP/1.1" 200 27
114.88.166.242 - - [06/Nov/2020:09:34:56 +0800] "GET /xingrg/kc/buy/cgsh_order_operate.html?command=get_materiel&rest_code=00111&code=00101008155&supplier_code=00100005&order_time=2020-11-06 HTTP/1.1" 200 408
222.69.132.30 - - [06/Nov/2020:09:34:57 +0800] "GET /xingrg/kc/buy/cgsh_order_operate.html?command=get_materiel&rest_code=00149&code=00102002453&supplier_code=00100072&order_time=2020-11-06 HTTP/1.1" 200 433
114.88.166.242 - - [06/Nov/2020:09:34:58 +0800] "POST /xingrg/kc/buy/cgsh_order_operate.html HTTP/1.1" 200 2065
120.253.135.82 - - [06/Nov/2020:09:35:00 +0800] "GET /xingrg/all/function/internal_message.html?_=1604626243605&CODE_STATE=getMsg HTTP/1.1" 200 27
114.88.166.242 - - [06/Nov/2020:09:35:01 +0800] "GET /xingrg/kc/buy/cgsh_order_operate.html?command=get_materiel&rest_code=00111&code=00101008080&supplier_code=00100005&order_time=2020-11-06 HTTP/1.1" 200 416
180.174.56.115 - - [06/Nov/2020:09:35:01 +0800] "GET /xingrg/check_reg.html?_=1604626498204 HTTP/1.1" 200 22
180.174.56.115 - - [06/Nov/2020:09:35:01 +0800] "GET /xingrg/all/function/internal_message.html?_=1604626498207&CODE_STATE=getMsg HTTP/1.1" 200 27
117.184.7.26 - - [06/Nov/2020:09:35:02 +0800] "GET /xingrg/all/function/internal_message.html?_=1604627469116&CODE_STATE=getMsg HTTP/1.1" 200 27
180.162.245.190 - - [06/Nov/2020:09:35:03 +0800] "GET /xingrg/kc/buy/cgsh_order_operate.html?command=get_materiel&rest_code=00105&code=00101008355&supplier_code=00100203&order_time=2020-11-06 HTTP/1.1" 200 408
117.185.32.26 - - [06/Nov/2020:09:35:06 +0800] "GET /xingrg/all/function/internal_message.html?_=1604626928017&CODE_STATE=getMsg HTTP/1.1" 200 27
114.88.166.242 - - [06/Nov/2020:09:35:08 +0800] "GET /xingrg/kc/buy/cgsh_order_operate.html?command=get_materiel&rest_code=00111&code=00101008351&supplier_code=00100005&order_time=2020-11-06 HTTP/1.1" 200 427
180.162.245.190 - - [06/Nov/2020:09:35:09 +0800] "GET /xingrg/kc/buy/cgsh_order_operate.html?command=get_materiel&rest_code=00105&code=00101008264&supplier_code=00100203&order_time=2020-11-06 HTTP/1.1" 200 412
180.162.245.190 - - [06/Nov/2020:09:35:10 +0800] "POST /xingrg/services/DataTransmitService HTTP/1.1" 200 524
117.185.32.26 - - [06/Nov/2020:09:35:14 +0800] "GET /xingrg/all/function/internal_message.html?_=1604626509281&CODE_STATE=getMsg HTTP/1.1" 200 27
180.162.245.190 - - [06/Nov/2020:09:35:15 +0800] "GET /xingrg/kc/buy/cgsh_order_operate.html?command=get_materiel&rest_code=00105&code=00101008356&supplier_code=00100203&order_time=2020-11-06 HTTP/1.1" 200 408
114.88.166.242 - - [06/Nov/2020:09:35:15 +0800] "GET /xingrg/kc/buy/cgsh_order_operate.html?command=get_materiel&rest_code=00111&code=00101008026&supplier_code=00100005&order_time=2020-11-06 HTTP/1.1" 200 409
180.162.245.190 - - [06/Nov/2020:09:35:21 +0800] "GET /xingrg/kc/buy/cgsh_order_operate.html?command=get_materiel&rest_code=00105&code=00101008059&supplier_code=00100203&order_time=2020-11-06 HTTP/1.1" 200 408
114.88.166.242 - - [06/Nov/2020:09:35:21 +0800] "GET /xingrg/kc/buy/cgsh_order_operate.html?command=get_materiel&rest_code=00111&code=00101008110&supplier_code=00100005&order_time=2020-11-06 HTTP/1.1" 200 409
58.221.95.50 - - [06/Nov/2020:09:35:23 +0800] "GET /xingrg/all/function/internal_message.html?_=1604626710187&CODE_STATE=getMsg HTTP/1.1" 200 27
222.69.132.30 - - [06/Nov/2020:09:35:23 +0800] "POST /xingrg/kc/buy/cgsh_order_operate.html HTTP/1.1" 200 37
180.162.245.190 - - [06/Nov/2020:09:35:26 +0800] "GET /xingrg/all/function/internal_message.html?_=1604626523499&CODE_STATE=getMsg HTTP/1.1" 200 27
114.84.37.38 - - [06/Nov/2020:09:35:26 +0800] "GET /xingrg/check_reg.html?_=1604626524117 HTTP/1.1" 302 -
114.88.166.242 - - [06/Nov/2020:09:35:27 +0800] "GET /xingrg/kc/buy/cgsh_order_operate.html?command=get_materiel&rest_code=00111&code=00101008038&supplier_code=00100005&order_time=2020-11-06 HTTP/1.1" 200 413
222.69.132.30 - - [06/Nov/2020:09:35:28 +0800] "POST /xingrg/kc/buy/cgsh_order_operate.html HTTP/1.1" 200 12
180.161.96.95 - - [06/Nov/2020:09:35:28 +0800] "GET /xingrg/all/function/internal_message.html?_=1604626747657&CODE_STATE=getMsg HTTP/1.1" 200 27
114.88.166.242 - - [06/Nov/2020:09:35:29 +0800] "POST /xingrg/kc/buy/cgsh_order_operate.html HTTP/1.1" 200 2065
114.88.166.242 - - [06/Nov/2020:09:35:33 +0800] "GET /xingrg/kc/buy/cgsh_order_operate.html?command=get_materiel&rest_code=00111&code=00101008355&supplier_code=00100005&order_time=2020-11-06 HTTP/1.1" 200 408
180.162.245.190 - - [06/Nov/2020:09:35:34 +0800] "GET /xingrg/kc/buy/cgsh_order_operate.html?command=get_materiel&rest_code=00105&code=00101008196&supplier_code=00100203&order_time=2020-11-06 HTTP/1.1" 200 416
117.131.5.26 - - [06/Nov/2020:09:35:35 +0800] "GET /xingrg/check_reg.html?_=1604626562700 HTTP/1.1" 200 22
117.131.5.26 - - [06/Nov/2020:09:35:35 +0800] "GET /xingrg/all/function/internal_message.html?_=1604626562703&CODE_STATE=getMsg HTTP/1.1" 200 27
180.174.56.115 - - [06/Nov/2020:09:35:35 +0800] "GET /xingrg/check_reg.html?_=1604626493041 HTTP/1.1" 200 22
222.69.132.30 - - [06/Nov/2020:09:35:36 +0800] "GET /xingrg/kc/buy/cgsh_order_info.html?code=212020110602094 HTTP/1.1" 200 55571
222.69.132.30 - - [06/Nov/2020:09:35:36 +0800] "GET /xingrg/javascript/easyui/themes/default/validatebox.css HTTP/1.1" 404 1104
222.69.132.30 - - [06/Nov/2020:09:35:36 +0800] "POST /xingrg/kc/buy/cgsh_order_operate.html HTTP/1.1" 200 610
114.88.166.242 - - [06/Nov/2020:09:35:37 +0800] "GET /xingrg/check_reg.html?_=1604626531545 HTTP/1.1" 200 22
180.162.245.190 - - [06/Nov/2020:09:35:38 +0800] "POST /xingrg/kc/buy/cgsh_order_operate.html HTTP/1.1" 200 2065
58.40.7.146 - - [06/Nov/2020:09:35:38 +0800] "GET /xingrg/all/function/internal_message.html?_=1604626536034&CODE_STATE=getMsg HTTP/1.1" 200 27
114.88.166.242 - - [06/Nov/2020:09:35:39 +0800] "GET /xingrg/all/function/internal_message.html?_=1604626533356&CODE_STATE=getMsg HTTP/1.1" 200 27
114.88.166.242 - - [06/Nov/2020:09:35:39 +0800] "GET /xingrg/all/function/internal_message.html?_=1604626638415&CODE_STATE=getMsg HTTP/1.1" 200 27
180.174.56.115 - - [06/Nov/2020:09:35:40 +0800] "GET /xingrg/all/function/internal_message.html?_=1604626497372&CODE_STATE=getMsg HTTP/1.1" 200 27
180.162.245.190 - - [06/Nov/2020:09:35:40 +0800] "POST /xingrg/kc/buy/cgsh_order_operate.html HTTP/1.1" 200 2065
124.77.237.88 - - [06/Nov/2020:09:35:42 +0800] "GET /xingrg/all/function/internal_message.html?_=1604626530658&CODE_STATE=getMsg HTTP/1.1" 200 27
222.69.132.30 - - [06/Nov/2020:09:35:42 +0800] "GET /xingrg/kc/print/load_data.html?order_code=212020110602094&kc_code=cgsh&condition= HTTP/1.1" 200 710
114.88.166.242 - - [06/Nov/2020:09:35:44 +0800] "GET /xingrg/kc/buy/cgsh_order_operate.html?command=get_materiel&rest_code=00111&code=00101008264&supplier_code=00100005&order_time=2020-11-06 HTTP/1.1" 200 412
172.17.200.101 - - [06/Nov/2020:09:35:49 +0800] "GET /xingrg/all/function/internal_message.html?_=1604626547370&CODE_STATE=getMsg HTTP/1.1" 200 27
172.17.0.120 - - [06/Nov/2020:09:35:49 +0800] "GET /xingrg/all/function/internal_message.html?_=1604626662949&CODE_STATE=getMsg HTTP/1.1" 200 27
180.162.245.190 - - [06/Nov/2020:09:35:49 +0800] "GET /xingrg/kc/buy/cgsh_order_operate.html?command=get_materiel&rest_code=00105&code=00101008439&supplier_code=00100203&order_time=2020-11-06 HTTP/1.1" 200 399
114.88.166.242 - - [06/Nov/2020:09:35:49 +0800] "GET /xingrg/kc/buy/cgsh_order_operate.html?command=get_materiel&rest_code=00111&code=00101009030&supplier_code=00100005&order_time=2020-11-06 HTTP/1.1" 200 412
222.69.132.30 - - [06/Nov/2020:09:35:50 +0800] "GET /xingrg/kc/buy/cgsh_order_add.html HTTP/1.1" 200 60666
117.184.7.30 - - [06/Nov/2020:09:35:50 +0800] "GET /xingrg/all/function/internal_message.html?_=1604626539603&CODE_STATE=getMsg HTTP/1.1" 200 27
222.69.132.30 - - [06/Nov/2020:09:35:50 +0800] "POST /xingrg/kc/buy/cgsh_order_operate.html HTTP/1.1" 200 8245
222.69.132.30 - - [06/Nov/2020:09:35:50 +0800] "GET /xingrg/javascript/easyui/themes/default/validatebox.css HTTP/1.1" 404 1104
180.162.245.190 - - [06/Nov/2020:09:35:52 +0800] "GET /xingrg/all/function/internal_message.html?_=1604626532154&CODE_STATE=getMsg HTTP/1.1" 302 -
180.157.253.48 - - [06/Nov/2020:09:35:53 +0800] "GET /xingrg/all/function/internal_message.html?_=1604626553758&CODE_STATE=getMsg HTTP/1.1" 200 27
114.88.166.242 - - [06/Nov/2020:09:35:56 +0800] "GET /xingrg/kc/buy/cgsh_order_operate.html?command=get_materiel&rest_code=00111&code=00101008272&supplier_code=00100005&order_time=2020-11-06 HTTP/1.1" 200 412
180.162.245.190 - - [06/Nov/2020:09:35:57 +0800] "GET /xingrg/kc/buy/cgsh_order_operate.html?command=get_materiel&rest_code=00105&code=00101008136&supplier_code=00100203&order_time=2020-11-06 HTTP/1.1" 200 413
114.88.166.242 - - [06/Nov/2020:09:35:57 +0800] "POST /xingrg/kc/buy/cgsh_order_operate.html HTTP/1.1" 200 2065
120.253.135.82 - - [06/Nov/2020:09:36:00 +0800] "GET /xingrg/all/function/internal_message.html?_=1604626303611&CODE_STATE=getMsg HTTP/1.1" 200 27
180.174.56.115 - - [06/Nov/2020:09:36:01 +0800] "GET /xingrg/all/function/internal_message.html?_=1604626558206&CODE_STATE=getMsg HTTP/1.1" 200 27
114.88.166.242 - - [06/Nov/2020:09:36:01 +0800] "GET /xingrg/kc/buy/cgsh_order_operate.html?command=get_materiel&rest_code=00111&code=00101008137&supplier_code=00100005&order_time=2020-11-06 HTTP/1.1" 200 408
117.184.7.26 - - [06/Nov/2020:09:36:02 +0800] "GET /xingrg/all/function/internal_message.html?_=1604627529102&CODE_STATE=getMsg HTTP/1.1" 200 27
117.184.7.26 - - [06/Nov/2020:09:36:02 +0800] "GET /xingrg/check_reg.html?_=1604627529100 HTTP/1.1" 200 22
180.162.245.190 - - [06/Nov/2020:09:36:04 +0800] "GET /xingrg/kc/buy/cgsh_order_operate.html?command=get_materiel&rest_code=00105&code=00101008036&supplier_code=00100203&order_time=2020-11-06 HTTP/1.1" 200 408
114.88.166.242 - - [06/Nov/2020:09:36:06 +0800] "GET /xingrg/kc/buy/cgsh_order_operate.html?command=get_materiel&rest_code=00111&code=00101008362&supplier_code=00100005&order_time=2020-11-06 HTTP/1.1" 200 408
117.185.32.26 - - [06/Nov/2020:09:36:06 +0800] "GET /xingrg/all/function/internal_message.html?_=1604626988016&CODE_STATE=getMsg HTTP/1.1" 200 27
120.204.17.73 - - [06/Nov/2020:09:36:06 +0800] "GET /xingrg/all/function/internal_message.html?_=1604625849258&CODE_STATE=getMsg HTTP/1.1" 302 -
120.204.17.73 - - [06/Nov/2020:09:36:11 +0800] "GET /xingrg/login.html HTTP/1.1" 200 7641
180.162.245.190 - - [06/Nov/2020:09:36:12 +0800] "GET /xingrg/kc/buy/cgsh_order_operate.html?command=get_materiel&rest_code=00105&code=00101008286&supplier_code=00100203&order_time=2020-11-06 HTTP/1.1" 200 408
117.185.32.26 - - [06/Nov/2020:09:36:14 +0800] "GET /xingrg/all/function/internal_message.html?_=1604626569282&CODE_STATE=getMsg HTTP/1.1" 200 27
222.69.132.30 - - [06/Nov/2020:09:36:15 +0800] "GET /xingrg/kc/buy/cgsh_order_operate.html?command=get_materiel&rest_code=00149&code=00101004061&supplier_code=00100083&order_time=2020-11-06 HTTP/1.1" 200 409
114.88.166.242 - - [06/Nov/2020:09:36:16 +0800] "GET /xingrg/kc/buy/cgsh_order_operate.html?command=get_materiel&rest_code=00111&code=00101008360&supplier_code=00100005&order_time=2020-11-06 HTTP/1.1" 200 413
180.162.245.190 - - [06/Nov/2020:09:36:19 +0800] "GET /xingrg/kc/buy/cgsh_order_operate.html?command=get_materiel&rest_code=00105&code=00101008131&supplier_code=00100203&order_time=2020-11-06 HTTP/1.1" 200 408
58.221.95.50 - - [06/Nov/2020:09:36:24 +0800] "GET /xingrg/all/function/internal_message.html?_=1604626770189&CODE_STATE=getMsg HTTP/1.1" 200 27
180.174.56.115 - - [06/Nov/2020:09:36:24 +0800] "POST /xingrg/kc/buy/cgsh_order_operate.html HTTP/1.1" 200 37
180.161.96.95 - - [06/Nov/2020:09:36:25 +0800] "GET /xingrg/check_reg.html?_=1604626804594 HTTP/1.1" 200 22
180.162.245.190 - - [06/Nov/2020:09:36:26 +0800] "GET /xingrg/all/function/internal_message.html?_=1604626583417&CODE_STATE=getMsg HTTP/1.1" 200 27
180.162.245.190 - - [06/Nov/2020:09:36:26 +0800] "GET /xingrg/check_reg.html?_=1604626583418 HTTP/1.1" 200 22
180.174.56.115 - - [06/Nov/2020:09:36:26 +0800] "POST /xingrg/kc/buy/cgsh_order_operate.html HTTP/1.1" 200 12
180.162.245.190 - - [06/Nov/2020:09:36:27 +0800] "GET /xingrg/kc/buy/cgsh_order_operate.html?command=get_materiel&rest_code=00105&code=00101008108&supplier_code=00100203&order_time=2020-11-06 HTTP/1.1" 200 412
180.174.56.115 - - [06/Nov/2020:09:36:28 +0800] "GET /xingrg/kc/buy/cgsh_order_info.html?code=212020110602095 HTTP/1.1" 200 55176
180.161.96.95 - - [06/Nov/2020:09:36:28 +0800] "GET /xingrg/all/function/internal_message.html?_=1604626807743&CODE_STATE=getMsg HTTP/1.1" 200 27
180.174.56.115 - - [06/Nov/2020:09:36:28 +0800] "GET /xingrg/javascript/easyui/themes/default/validatebox.css HTTP/1.1" 404 1104
180.174.56.115 - - [06/Nov/2020:09:36:28 +0800] "POST /xingrg/kc/buy/cgsh_order_operate.html HTTP/1.1" 200 5352
114.88.166.242 - - [06/Nov/2020:09:36:29 +0800] "GET /xingrg/kc/buy/cgsh_order_operate.html?command=get_materiel&rest_code=00111&code=00101008196&supplier_code=00100005&order_time=2020-11-06 HTTP/1.1" 200 416
180.174.56.115 - - [06/Nov/2020:09:36:30 +0800] "GET /xingrg/kc/print/load_data.html?order_code=212020110602095&kc_code=cgsh&condition= HTTP/1.1" 200 2621
222.69.132.30 - - [06/Nov/2020:09:36:31 +0800] "GET /xingrg/all/function/internal_message.html?_=1604626587052&CODE_STATE=getMsg HTTP/1.1" 200 27
114.88.166.242 - - [06/Nov/2020:09:36:31 +0800] "POST /xingrg/kc/buy/cgsh_order_operate.html HTTP/1.1" 200 2065
180.162.245.190 - - [06/Nov/2020:09:36:32 +0800] "GET /xingrg/kc/buy/cgsh_order_operate.html?command=get_materiel&rest_code=00105&code=00101008318&supplier_code=00100203&order_time=2020-11-06 HTTP/1.1" 200 408
117.131.5.26 - - [06/Nov/2020:09:36:35 +0800] "GET /xingrg/all/function/internal_message.html?_=1604626622702&CODE_STATE=getMsg HTTP/1.1" 200 27
114.88.166.242 - - [06/Nov/2020:09:36:38 +0800] "GET /xingrg/kc/buy/cgsh_order_operate.html?command=get_materiel&rest_code=00111&code=00101008013&supplier_code=00100005&order_time=2020-11-06 HTTP/1.1" 200 408
58.40.7.146 - - [06/Nov/2020:09:36:38 +0800] "GET /xingrg/all/function/internal_message.html?_=1604626596037&CODE_STATE=getMsg HTTP/1.1" 200 27
114.88.166.242 - - [06/Nov/2020:09:36:39 +0800] "GET /xingrg/all/function/internal_message.html?_=1604626593368&CODE_STATE=getMsg HTTP/1.1" 200 27
114.88.166.242 - - [06/Nov/2020:09:36:39 +0800] "GET /xingrg/all/function/internal_message.html?_=1604626698441&CODE_STATE=getMsg HTTP/1.1" 200 27
180.174.56.115 - - [06/Nov/2020:09:36:40 +0800] "GET /xingrg/all/function/internal_message.html?_=1604626557386&CODE_STATE=getMsg HTTP/1.1" 200 27
180.162.245.190 - - [06/Nov/2020:09:36:40 +0800] "GET /xingrg/kc/buy/cgsh_order_operate.html?command=get_materiel&rest_code=00105&code=00101008352&supplier_code=00100203&order_time=2020-11-06 HTTP/1.1" 200 412
124.77.237.88 - - [06/Nov/2020:09:36:42 +0800] "GET /xingrg/all/function/internal_message.html?_=1604626590642&CODE_STATE=getMsg HTTP/1.1" 200 27
114.88.166.242 - - [06/Nov/2020:09:36:43 +0800] "GET /xingrg/kc/buy/cgsh_order_operate.html?command=get_materiel&rest_code=00111&code=00101007102&supplier_code=00100005&order_time=2020-11-06 HTTP/1.1" 200 408
180.162.245.190 - - [06/Nov/2020:09:36:46 +0800] "GET /xingrg/kc/buy/cgsh_order_operate.html?command=get_materiel&rest_code=00105&code=00101008005&supplier_code=00100203&order_time=2020-11-06 HTTP/1.1" 200 412
114.88.166.242 - - [06/Nov/2020:09:36:48 +0800] "GET /xingrg/kc/buy/cgsh_order_operate.html?command=get_materiel&rest_code=00111&code=00101008357&supplier_code=00100005&order_time=2020-11-06 HTTP/1.1" 200 408
172.17.200.101 - - [06/Nov/2020:09:36:49 +0800] "GET /xingrg/check_reg.html?_=1604626607373 HTTP/1.1" 200 22
172.17.200.101 - - [06/Nov/2020:09:36:49 +0800] "GET /xingrg/all/function/internal_message.html?_=1604626607376&CODE_STATE=getMsg HTTP/1.1" 200 27
172.17.0.120 - - [06/Nov/2020:09:36:49 +0800] "GET /xingrg/all/function/internal_message.html?_=1604626722939&CODE_STATE=getMsg HTTP/1.1" 200 27
117.184.7.30 - - [06/Nov/2020:09:36:50 +0800] "GET /xingrg/all/function/internal_message.html?_=1604626599605&CODE_STATE=getMsg HTTP/1.1" 200 27
180.162.245.190 - - [06/Nov/2020:09:36:52 +0800] "GET /xingrg/all/function/internal_message.html?_=1604626592153&CODE_STATE=getMsg HTTP/1.1" 302 -
180.157.253.48 - - [06/Nov/2020:09:36:53 +0800] "GET /xingrg/all/function/internal_message.html?_=1604626613761&CODE_STATE=getMsg HTTP/1.1" 200 27
180.162.245.190 - - [06/Nov/2020:09:36:53 +0800] "GET /xingrg/kc/buy/cgsh_order_operate.html?command=get_materiel&rest_code=00105&code=00101008271&supplier_code=00100203&order_time=2020-11-06 HTTP/1.1" 200 408
180.162.245.190 - - [06/Nov/2020:09:36:59 +0800] "GET /xingrg/kc/buy/cgsh_order_operate.html?command=get_materiel&rest_code=00105&code=00101008353&supplier_code=00100203&order_time=2020-11-06 HTTP/1.1" 200 408
114.88.166.242 - - [06/Nov/2020:09:36:59 +0800] "GET /xingrg/kc/buy/cgsh_order_operate.html?command=get_materiel&rest_code=00111&code=00101008069&supplier_code=00100005&order_time=2020-11-06 HTTP/1.1" 200 412
120.253.135.82 - - [06/Nov/2020:09:37:00 +0800] "GET /xingrg/all/function/internal_message.html?_=1604626363760&CODE_STATE=getMsg HTTP/1.1" 200 27
180.174.56.115 - - [06/Nov/2020:09:37:01 +0800] "GET /xingrg/all/function/internal_message.html?_=1604626618208&CODE_STATE=getMsg HTTP/1.1" 200 27
117.184.7.26 - - [06/Nov/2020:09:37:02 +0800] "GET /xingrg/all/function/internal_message.html?_=1604627589101&CODE_STATE=getMsg HTTP/1.1" 200 27
120.253.135.82 - - [06/Nov/2020:09:37:05 +0800] "GET /xingrg/check_reg.html?_=1604626368445 HTTP/1.1" 200 22
180.162.245.190 - - [06/Nov/2020:09:37:05 +0800] "GET /xingrg/kc/buy/cgsh_order_operate.html?command=get_materiel&rest_code=00105&code=00101008291&supplier_code=00100203&order_time=2020-11-06 HTTP/1.1" 200 408
114.88.166.242 - - [06/Nov/2020:09:37:06 +0800] "POST /xingrg/kc/buy/cgsh_order_operate.html HTTP/1.1" 200 2065
117.185.32.26 - - [06/Nov/2020:09:37:06 +0800] "GET /xingrg/all/function/internal_message.html?_=1604627048015&CODE_STATE=getMsg HTTP/1.1" 200 27
117.185.32.26 - - [06/Nov/2020:09:37:06 +0800] "GET /xingrg/check_reg.html?_=1604627048016 HTTP/1.1" 200 22
114.88.166.242 - - [06/Nov/2020:09:37:09 +0800] "GET /xingrg/kc/buy/cgsh_order_operate.html?command=get_materiel&rest_code=00111&code=00101008318&supplier_code=00100005&order_time=2020-11-06 HTTP/1.1" 200 408
117.185.32.26 - - [06/Nov/2020:09:37:14 +0800] "GET /xingrg/check_reg.html?_=1604626629282 HTTP/1.1" 200 22
117.185.32.26 - - [06/Nov/2020:09:37:14 +0800] "GET /xingrg/all/function/internal_message.html?_=1604626629285&CODE_STATE=getMsg HTTP/1.1" 200 27
114.88.166.242 - - [06/Nov/2020:09:37:16 +0800] "GET /xingrg/kc/buy/cgsh_order_operate.html?command=get_materiel&rest_code=00111&code=00101008352&supplier_code=00100005&order_time=2020-11-06 HTTP/1.1" 200 412
58.221.95.50 - - [06/Nov/2020:09:37:23 +0800] "GET /xingrg/all/function/internal_message.html?_=1604626830189&CODE_STATE=getMsg HTTP/1.1" 200 27
180.162.245.190 - - [06/Nov/2020:09:37:26 +0800] "GET /xingrg/all/function/internal_message.html?_=1604626643428&CODE_STATE=getMsg HTTP/1.1" 200 27
180.161.96.95 - - [06/Nov/2020:09:37:28 +0800] "GET /xingrg/all/function/internal_message.html?_=1604626867759&CODE_STATE=getMsg HTTP/1.1" 200 27
114.88.166.242 - - [06/Nov/2020:09:37:29 +0800] "GET /xingrg/kc/buy/cgsh_order_operate.html?command=get_materiel&rest_code=00111&code=00101008271&supplier_code=00100005&order_time=2020-11-06 HTTP/1.1" 200 408
222.69.132.30 - - [06/Nov/2020:09:37:31 +0800] "GET /xingrg/all/function/internal_message.html?_=1604626647024&CODE_STATE=getMsg HTTP/1.1" 200 27
180.162.245.190 - - [06/Nov/2020:09:37:33 +0800] "GET /xingrg/kc/buy/cgsh_order_operate.html?command=get_materiel&rest_code=00105&code=00101008105&supplier_code=00100203&order_time=2020-11-06 HTTP/1.1" 200 413
117.131.5.26 - - [06/Nov/2020:09:37:35 +0800] "GET /xingrg/all/function/internal_message.html?_=1604626682701&CODE_STATE=getMsg HTTP/1.1" 200 27
114.88.166.242 - - [06/Nov/2020:09:37:36 +0800] "POST /xingrg/kc/buy/cgsh_order_operate.html HTTP/1.1" 200 2065
58.40.7.146 - - [06/Nov/2020:09:37:38 +0800] "GET /xingrg/all/function/internal_message.html?_=1604626656040&CODE_STATE=getMsg HTTP/1.1" 200 27
58.40.7.146 - - [06/Nov/2020:09:37:38 +0800] "GET /xingrg/check_reg.html?_=1604626656041 HTTP/1.1" 200 22
114.88.166.242 - - [06/Nov/2020:09:37:39 +0800] "GET /xingrg/all/function/internal_message.html?_=1604626653383&CODE_STATE=getMsg HTTP/1.1" 200 27
114.88.166.242 - - [06/Nov/2020:09:37:39 +0800] "GET /xingrg/all/function/internal_message.html?_=1604626758409&CODE_STATE=getMsg HTTP/1.1" 200 27
124.77.237.88 - - [06/Nov/2020:09:37:40 +0800] "GET /xingrg/check_reg.html?_=1604626648596 HTTP/1.1" 200 22
180.162.245.190 - - [06/Nov/2020:09:37:40 +0800] "GET /xingrg/kc/buy/cgsh_order_operate.html?command=get_materiel&rest_code=00105&code=00101008119&supplier_code=00100203&order_time=2020-11-06 HTTP/1.1" 200 413
124.77.237.88 - - [06/Nov/2020:09:37:42 +0800] "GET /xingrg/all/function/internal_message.html?_=1604626650658&CODE_STATE=getMsg HTTP/1.1" 200 27
172.17.200.101 - - [06/Nov/2020:09:37:49 +0800] "GET /xingrg/all/function/internal_message.html?_=1604626667374&CODE_STATE=getMsg HTTP/1.1" 200 27
183.192.164.85 - - [06/Nov/2020:09:37:49 +0800] "GET /xingrg/all/function/internal_message.html?_=1604625909283&CODE_STATE=getMsg HTTP/1.1" 302 -
172.17.0.120 - - [06/Nov/2020:09:37:49 +0800] "GET /xingrg/all/function/internal_message.html?_=1604626782943&CODE_STATE=getMsg HTTP/1.1" 200 27
114.88.166.242 - - [06/Nov/2020:09:37:49 +0800] "GET /xingrg/kc/buy/cgsh_order_operate.html?command=get_materiel&rest_code=00111&code=00101008085&supplier_code=00100005&order_time=2020-11-06 HTTP/1.1" 200 412
117.184.7.30 - - [06/Nov/2020:09:37:50 +0800] "GET /xingrg/all/function/internal_message.html?_=1604626659601&CODE_STATE=getMsg HTTP/1.1" 200 27
117.184.7.26 - - [06/Nov/2020:09:37:50 +0800] "GET /xingrg/check_reg.html?_=1604626659604 HTTP/1.1" 200 22
183.192.164.85 - - [06/Nov/2020:09:37:51 +0800] "GET /xingrg/login.html HTTP/1.1" 200 7641
180.162.245.190 - - [06/Nov/2020:09:37:52 +0800] "GET /xingrg/all/function/internal_message.html?_=1604626652168&CODE_STATE=getMsg HTTP/1.1" 302 -
180.157.253.48 - - [06/Nov/2020:09:37:53 +0800] "GET /xingrg/all/function/internal_message.html?_=1604626673764&CODE_STATE=getMsg HTTP/1.1" 200 27
180.162.245.190 - - [06/Nov/2020:09:37:55 +0800] "GET /xingrg/kc/buy/cgsh_order_operate.html?command=get_materiel&rest_code=00105&code=00101008197&supplier_code=00100203&order_time=2020-11-06 HTTP/1.1" 200 416
114.86.230.110 - - [06/Nov/2020:09:37:56 +0800] "POST /xingrg/login.do HTTP/1.1" 302 -
114.86.230.110 - - [06/Nov/2020:09:37:56 +0800] "GET /xingrg/index.html?sysBaseUrl=http%3A%2F%2F180.169.147.146%3A18081%2Fxingrg%2F&costTime=52×tamp=1604626676642 HTTP/1.1" 200 17173
114.86.230.110 - - [06/Nov/2020:09:37:56 +0800] "GET /favicon.ico HTTP/1.1" 404 -
114.86.230.110 - - [06/Nov/2020:09:37:56 +0800] "POST /xingrg/all/common/load_tree.html?tree=area_rest_tree_json&manage=1 HTTP/1.1" 200 342
114.86.230.110 - - [06/Nov/2020:09:37:56 +0800] "GET /xingrg/all/function/internal_message.html?_=1604626675020&CODE_STATE=count HTTP/1.1" 200 11
114.86.230.110 - - [06/Nov/2020:09:37:56 +0800] "GET /xingrg/check_reg.html?_=1604626675020 HTTP/1.1" 200 22
114.86.230.110 - - [06/Nov/2020:09:37:56 +0800] "POST /xingrg/load_menu.html HTTP/1.1" 200 5138
114.86.230.110 - - [06/Nov/2020:09:37:58 +0800] "GET /xingrg/kc/buy/buy_main.html HTTP/1.1" 200 12412
114.86.230.110 - - [06/Nov/2020:09:37:58 +0800] "GET /xingrg/css/new_ie.css HTTP/1.1" 404 1036
114.86.230.110 - - [06/Nov/2020:09:37:58 +0800] "GET /xingrg/images/yd/bt.gif HTTP/1.1" 404 1040
114.86.230.110 - - [06/Nov/2020:09:37:59 +0800] "GET /xingrg/kc/buy/cgsh_order_list.html HTTP/1.1" 200 44875
114.86.230.110 - - [06/Nov/2020:09:38:00 +0800] "POST /xingrg/kc/buy/cgsh_list_operate.html HTTP/1.1" 200 876
120.253.135.82 - - [06/Nov/2020:09:38:00 +0800] "GET /xingrg/all/function/internal_message.html?_=1604626423763&CODE_STATE=getMsg HTTP/1.1" 200 27
114.88.166.242 - - [06/Nov/2020:09:38:01 +0800] "GET /xingrg/kc/buy/cgsh_order_operate.html?command=get_materiel&rest_code=00111&code=00101008010&supplier_code=00100005&order_time=2020-11-06 HTTP/1.1" 200 412
114.86.230.110 - - [06/Nov/2020:09:38:01 +0800] "GET /xingrg/kc/buy/cgsh_order_add.html HTTP/1.1" 200 60660
180.174.56.115 - - [06/Nov/2020:09:38:01 +0800] "GET /xingrg/all/function/internal_message.html?_=1604626678195&CODE_STATE=getMsg HTTP/1.1" 200 27
114.86.230.110 - - [06/Nov/2020:09:38:01 +0800] "GET /xingrg/words/20201105165048_words.js HTTP/1.1" 304 -
114.86.230.110 - - [06/Nov/2020:09:38:02 +0800] "POST /xingrg/kc/buy/cgsh_order_operate.html HTTP/1.1" 200 8245
114.86.230.110 - - [06/Nov/2020:09:38:02 +0800] "GET /xingrg/all/common/auto_word.html?type=employee&rest_code=00109 HTTP/1.1" 200 255
114.86.230.110 - - [06/Nov/2020:09:38:02 +0800] "GET /xingrg/javascript/easyui/themes/default/validatebox.css HTTP/1.1" 404 1104
114.86.230.110 - - [06/Nov/2020:09:38:02 +0800] "GET /xingrg/all/common/auto_word.html?type=employee&rest_code=00109 HTTP/1.1" 200 255
117.184.7.26 - - [06/Nov/2020:09:38:02 +0800] "GET /xingrg/all/function/internal_message.html?_=1604627649100&CODE_STATE=getMsg HTTP/1.1" 200 27
114.86.230.110 - - [06/Nov/2020:09:38:03 +0800] "GET /xingrg/javascript/auto/indicator.gif HTTP/1.1" 404 1066
180.162.245.190 - - [06/Nov/2020:09:38:06 +0800] "GET /xingrg/kc/buy/cgsh_order_operate.html?command=get_materiel&rest_code=00105&code=00101008226&supplier_code=00100203&order_time=2020-11-06 HTTP/1.1" 200 417
117.185.32.26 - - [06/Nov/2020:09:38:06 +0800] "GET /xingrg/all/function/internal_message.html?_=1604627108041&CODE_STATE=getMsg HTTP/1.1" 200 27
222.69.132.30 - - [06/Nov/2020:09:38:07 +0800] "GET /xingrg/kc/buy/cgsh_order_operate.html?command=get_materiel&rest_code=00149&code=00101004048&supplier_code=00100083&order_time=2020-11-06 HTTP/1.1" 200 419
114.88.166.242 - - [06/Nov/2020:09:38:08 +0800] "GET /xingrg/kc/buy/cgsh_order_operate.html?command=get_materiel&rest_code=00111&code=00101008125&supplier_code=00100005&order_time=2020-11-06 HTTP/1.1" 200 413
58.221.95.50 - - [06/Nov/2020:09:38:09 +0800] "GET /xingrg/check_reg.html?_=1604626876004 HTTP/1.1" 200 22
180.162.245.190 - - [06/Nov/2020:09:38:11 +0800] "POST /xingrg/kc/buy/cgsh_order_operate.html HTTP/1.1" 200 2065
180.162.245.190 - - [06/Nov/2020:09:38:13 +0800] "POST /xingrg/kc/buy/cgsh_order_operate.html HTTP/1.1" 200 2065
117.185.32.26 - - [06/Nov/2020:09:38:14 +0800] "GET /xingrg/all/function/internal_message.html?_=1604626689284&CODE_STATE=getMsg HTTP/1.1" 200 27
114.88.166.242 - - [06/Nov/2020:09:38:15 +0800] "GET /xingrg/kc/buy/cgsh_order_operate.html?command=get_materiel&rest_code=00111&code=00101008197&supplier_code=00100005&order_time=2020-11-06 HTTP/1.1" 200 416
180.162.245.190 - - [06/Nov/2020:09:38:17 +0800] "POST /xingrg/kc/buy/cgsh_order_operate.html HTTP/1.1" 200 2065
114.88.166.242 - - [06/Nov/2020:09:38:17 +0800] "POST /xingrg/kc/buy/cgsh_order_operate.html HTTP/1.1" 200 2065
222.69.132.30 - - [06/Nov/2020:09:38:18 +0800] "GET /xingrg/kc/buy/cgsh_order_operate.html?command=get_materiel&rest_code=00149&code=00101004017&supplier_code=00100083&order_time=2020-11-06 HTTP/1.1" 200 433
180.162.245.190 - - [06/Nov/2020:09:38:23 +0800] "GET /xingrg/kc/buy/cgsh_order_operate.html?command=get_materiel&rest_code=00105&code=00101013175&supplier_code=00100203&order_time=2020-11-06 HTTP/1.1" 200 431
58.221.95.50 - - [06/Nov/2020:09:38:23 +0800] "GET /xingrg/all/function/internal_message.html?_=1604626890187&CODE_STATE=getMsg HTTP/1.1" 200 27
180.162.245.190 - - [06/Nov/2020:09:38:26 +0800] "GET /xingrg/all/function/internal_message.html?_=1604626703515&CODE_STATE=getMsg HTTP/1.1" 200 27
172.17.0.240 - - [06/Nov/2020:09:38:27 +0800] "GET /xingrg/check_reg.html?_=1604626704143 HTTP/1.1" 200 22
222.69.132.30 - - [06/Nov/2020:09:38:27 +0800] "GET /xingrg/kc/buy/cgsh_order_operate.html?command=get_materiel&rest_code=00149&code=00101004027&supplier_code=00100083&order_time=2020-11-06 HTTP/1.1" 200 409
180.161.96.95 - - [06/Nov/2020:09:38:28 +0800] "GET /xingrg/all/function/internal_message.html?_=1604626927848&CODE_STATE=getMsg HTTP/1.1" 200 27
222.69.132.30 - - [06/Nov/2020:09:38:31 +0800] "GET /xingrg/all/function/internal_message.html?_=1604626707028&CODE_STATE=getMsg HTTP/1.1" 200 27
222.69.132.30 - - [06/Nov/2020:09:38:32 +0800] "GET /xingrg/check_reg.html?_=1604626707592 HTTP/1.1" 200 22
114.88.166.242 - - [06/Nov/2020:09:38:33 +0800] "GET /xingrg/kc/buy/cgsh_order_operate.html?command=get_materiel&rest_code=00111&code=00101008089&supplier_code=00100005&order_time=2020-11-06 HTTP/1.1" 200 408
117.131.5.26 - - [06/Nov/2020:09:38:35 +0800] "GET /xingrg/all/function/internal_message.html?_=1604626742700&CODE_STATE=getMsg HTTP/1.1" 200 27
58.40.7.146 - - [06/Nov/2020:09:38:38 +0800] "GET /xingrg/all/function/internal_message.html?_=1604626716028&CODE_STATE=getMsg HTTP/1.1" 200 27
114.88.166.242 - - [06/Nov/2020:09:38:39 +0800] "GET /xingrg/all/function/internal_message.html?_=1604626713436&CODE_STATE=getMsg HTTP/1.1" 200 27
114.88.166.242 - - [06/Nov/2020:09:38:39 +0800] "GET /xingrg/all/function/internal_message.html?_=1604626818411&CODE_STATE=getMsg HTTP/1.1" 200 27
124.77.237.88 - - [06/Nov/2020:09:38:42 +0800] "GET /xingrg/all/function/internal_message.html?_=1604626710644&CODE_STATE=getMsg HTTP/1.1" 200 27
180.162.245.190 - - [06/Nov/2020:09:38:43 +0800] "GET /xingrg/kc/buy/cgsh_order_operate.html?command=get_materiel&rest_code=00105&code=00101008323&supplier_code=00100203&order_time=2020-11-06 HTTP/1.1" 200 408
114.88.166.242 - - [06/Nov/2020:09:38:46 +0800] "GET /xingrg/kc/buy/cgsh_order_operate.html?command=get_materiel&rest_code=00111&code=00101015006&supplier_code=00100005&order_time=2020-11-06 HTTP/1.1" 200 413
222.69.132.30 - - [06/Nov/2020:09:38:47 +0800] "GET /xingrg/kc/buy/cgsh_order_operate.html?command=get_materiel&rest_code=00149&code=00101004065&supplier_code=00100083&order_time=2020-11-06 HTTP/1.1" 200 433
172.17.200.101 - - [06/Nov/2020:09:38:49 +0800] "GET /xingrg/all/function/internal_message.html?_=1604626727362&CODE_STATE=getMsg HTTP/1.1" 200 27
172.17.0.120 - - [06/Nov/2020:09:38:49 +0800] "GET /xingrg/check_reg.html?_=1604626842950 HTTP/1.1" 200 22
172.17.0.120 - - [06/Nov/2020:09:38:49 +0800] "GET /xingrg/all/function/internal_message.html?_=1604626842953&CODE_STATE=getMsg HTTP/1.1" 200 27
117.184.7.30 - - [06/Nov/2020:09:38:50 +0800] "GET /xingrg/all/function/internal_message.html?_=1604626719593&CODE_STATE=getMsg HTTP/1.1" 200 27
180.162.245.190 - - [06/Nov/2020:09:38:52 +0800] "GET /xingrg/all/function/internal_message.html?_=1604626712153&CODE_STATE=getMsg HTTP/1.1" 302 -
180.157.253.48 - - [06/Nov/2020:09:38:53 +0800] "GET /xingrg/all/function/internal_message.html?_=1604626733766&CODE_STATE=getMsg HTTP/1.1" 200 27
180.157.253.48 - - [06/Nov/2020:09:38:53 +0800] "GET /xingrg/check_reg.html?_=1604626733771 HTTP/1.1" 200 22
180.162.245.190 - - [06/Nov/2020:09:38:53 +0800] "GET /xingrg/kc/buy/cgsh_order_operate.html?command=get_materiel&rest_code=00105&code=00101008302&supplier_code=00100203&order_time=2020-11-06 HTTP/1.1" 200 412
222.69.132.30 - - [06/Nov/2020:09:38:59 +0800] "GET /xingrg/kc/buy/cgsh_order_operate.html?command=get_materiel&rest_code=00149&code=00101001115&supplier_code=00100083&order_time=2020-11-06 HTTP/1.1" 200 415
120.253.135.82 - - [06/Nov/2020:09:39:00 +0800] "GET /xingrg/all/function/internal_message.html?_=1604626483777&CODE_STATE=getMsg HTTP/1.1" 200 27
180.162.245.190 - - [06/Nov/2020:09:39:01 +0800] "GET /xingrg/kc/buy/cgsh_order_operate.html?command=get_materiel&rest_code=00105&code=00101008330&supplier_code=00100203&order_time=2020-11-06 HTTP/1.1" 200 408
180.174.56.115 - - [06/Nov/2020:09:39:01 +0800] "GET /xingrg/all/function/internal_message.html?_=1604626738223&CODE_STATE=getMsg HTTP/1.1" 200 27
117.184.7.26 - - [06/Nov/2020:09:39:02 +0800] "GET /xingrg/all/function/internal_message.html?_=1604627709128&CODE_STATE=getMsg HTTP/1.1" 200 27
117.185.32.26 - - [06/Nov/2020:09:39:06 +0800] "GET /xingrg/all/function/internal_message.html?_=1604627168040&CODE_STATE=getMsg HTTP/1.1" 200 27
180.162.245.190 - - [06/Nov/2020:09:39:07 +0800] "GET /xingrg/kc/buy/cgsh_order_operate.html?command=get_materiel&rest_code=00105&code=00101008257&supplier_code=00100203&order_time=2020-11-06 HTTP/1.1" 200 416
117.185.32.26 - - [06/Nov/2020:09:39:14 +0800] "GET /xingrg/all/function/internal_message.html?_=1604626749284&CODE_STATE=getMsg HTTP/1.1" 200 27
114.88.166.242 - - [06/Nov/2020:09:39:16 +0800] "GET /xingrg/kc/buy/cgsh_order_operate.html?command=get_materiel&rest_code=00111&code=00101008096&supplier_code=00100005&order_time=2020-11-06 HTTP/1.1" 200 413
183.192.164.97 - - [06/Nov/2020:09:39:21 +0800] "GET /xingrg/all/function/internal_message.html?_=1604626029284&CODE_STATE=getMsg HTTP/1.1" 302 -
58.221.95.50 - - [06/Nov/2020:09:39:23 +0800] "GET /xingrg/all/function/internal_message.html?_=1604626950184&CODE_STATE=getMsg HTTP/1.1" 200 27
180.162.245.190 - - [06/Nov/2020:09:39:24 +0800] "GET /xingrg/kc/buy/cgsh_order_operate.html?command=get_materiel&rest_code=00105&code=00101008351&supplier_code=00100203&order_time=2020-11-06 HTTP/1.1" 200 427
114.88.166.242 - - [06/Nov/2020:09:39:24 +0800] "POST /xingrg/kc/buy/cgsh_order_operate.html HTTP/1.1" 200 2065
180.162.245.190 - - [06/Nov/2020:09:39:26 +0800] "GET /xingrg/all/function/internal_message.html?_=1604626763520&CODE_STATE=getMsg HTTP/1.1" 200 27
180.161.96.95 - - [06/Nov/2020:09:39:28 +0800] "GET /xingrg/all/function/internal_message.html?_=1604626987864&CODE_STATE=getMsg HTTP/1.1" 200 27
180.162.245.190 - - [06/Nov/2020:09:39:29 +0800] "GET /xingrg/kc/buy/cgsh_order_operate.html?command=get_materiel&rest_code=00105&code=00101008096&supplier_code=00100203&order_time=2020-11-06 HTTP/1.1" 200 413
183.192.164.97 - - [06/Nov/2020:09:39:30 +0800] "GET /xingrg/login.html HTTP/1.1" 200 7641
222.69.132.30 - - [06/Nov/2020:09:39:31 +0800] "GET /xingrg/all/function/internal_message.html?_=1604626767007&CODE_STATE=getMsg HTTP/1.1" 200 27
172.17.0.123 - - [06/Nov/2020:09:39:34 +0800] "GET /xingrg/check_reg.html?_=1604626727027 HTTP/1.1" 302 -
117.131.5.26 - - [06/Nov/2020:09:39:35 +0800] "GET /xingrg/all/function/internal_message.html?_=1604626802699&CODE_STATE=getMsg HTTP/1.1" 200 27
180.162.245.190 - - [06/Nov/2020:09:39:36 +0800] "GET /xingrg/kc/buy/cgsh_order_operate.html?command=get_materiel&rest_code=00105&code=00101008038&supplier_code=00100203&order_time=2020-11-06 HTTP/1.1" 200 413
114.88.166.242 - - [06/Nov/2020:09:39:38 +0800] "GET /xingrg/kc/buy/cgsh_order_operate.html?command=get_materiel&rest_code=00111&code=00101008112&supplier_code=00100005&order_time=2020-11-06 HTTP/1.1" 200 412
58.40.7.146 - - [06/Nov/2020:09:39:38 +0800] "GET /xingrg/all/function/internal_message.html?_=1604626776034&CODE_STATE=getMsg HTTP/1.1" 200 27
114.88.166.242 - - [06/Nov/2020:09:39:39 +0800] "GET /xingrg/all/function/internal_message.html?_=1604626773442&CODE_STATE=getMsg HTTP/1.1" 200 27
114.88.166.242 - - [06/Nov/2020:09:39:39 +0800] "GET /xingrg/all/function/internal_message.html?_=1604626878406&CODE_STATE=getMsg HTTP/1.1" 200 27
114.88.166.242 - - [06/Nov/2020:09:39:40 +0800] "GET /xingrg/check_reg.html?_=1604626878440 HTTP/1.1" 200 22
124.77.237.88 - - [06/Nov/2020:09:39:42 +0800] "GET /xingrg/all/function/internal_message.html?_=1604626770635&CODE_STATE=getMsg HTTP/1.1" 200 27
180.162.245.190 - - [06/Nov/2020:09:39:43 +0800] "GET /xingrg/kc/buy/cgsh_order_operate.html?command=get_materiel&rest_code=00105&code=00101008088&supplier_code=00100203&order_time=2020-11-06 HTTP/1.1" 200 408
120.204.17.70 - - [06/Nov/2020:09:39:48 +0800] "GET /xingrg/check_reg.html?_=1604626029282 HTTP/1.1" 302 -
172.17.200.101 - - [06/Nov/2020:09:39:49 +0800] "GET /xingrg/all/function/internal_message.html?_=1604626787363&CODE_STATE=getMsg HTTP/1.1" 200 27
172.17.0.120 - - [06/Nov/2020:09:39:49 +0800] "GET /xingrg/all/function/internal_message.html?_=1604626902944&CODE_STATE=getMsg HTTP/1.1" 200 27
120.204.17.70 - - [06/Nov/2020:09:39:50 +0800] "GET /xingrg/login.html HTTP/1.1" 200 7641
117.184.7.30 - - [06/Nov/2020:09:39:50 +0800] "GET /xingrg/all/function/internal_message.html?_=1604626779616&CODE_STATE=getMsg HTTP/1.1" 200 27
180.162.245.190 - - [06/Nov/2020:09:39:52 +0800] "POST /xingrg/kc/buy/cgsh_order_operate.html HTTP/1.1" 200 2065
180.162.245.190 - - [06/Nov/2020:09:39:52 +0800] "GET /xingrg/all/function/internal_message.html?_=1604626772167&CODE_STATE=getMsg HTTP/1.1" 302 -
180.162.245.190 - - [06/Nov/2020:09:39:52 +0800] "GET /xingrg/check_reg.html?_=1604626772168 HTTP/1.1" 302 -
180.157.253.48 - - [06/Nov/2020:09:39:53 +0800] "GET /xingrg/all/function/internal_message.html?_=1604626793759&CODE_STATE=getMsg HTTP/1.1" 200 27
180.162.245.190 - - [06/Nov/2020:09:39:54 +0800] "POST /xingrg/kc/buy/cgsh_order_operate.html HTTP/1.1" 200 2065
180.162.245.190 - - [06/Nov/2020:09:39:55 +0800] "GET /xingrg/system/info/materiel_import.html?isSelect=1&singleSelect=false HTTP/1.1" 200 5600
180.162.245.190 - - [06/Nov/2020:09:39:56 +0800] "POST /xingrg/all/common/load_tree.html?tree=materiel_sort_tree_json HTTP/1.1" 200 8666
114.88.166.242 - - [06/Nov/2020:09:39:58 +0800] "GET /xingrg/kc/buy/cgsh_order_operate.html?command=get_materiel&rest_code=00111&code=00101008236&supplier_code=00100005&order_time=2020-11-06 HTTP/1.1" 200 417
120.253.135.82 - - [06/Nov/2020:09:40:00 +0800] "GET /xingrg/all/function/internal_message.html?_=1604626543912&CODE_STATE=getMsg HTTP/1.1" 200 27
114.88.166.242 - - [06/Nov/2020:09:40:01 +0800] "POST /xingrg/kc/buy/cgsh_order_operate.html HTTP/1.1" 200 2065
180.174.56.115 - - [06/Nov/2020:09:40:01 +0800] "GET /xingrg/all/function/internal_message.html?_=1604626798225&CODE_STATE=getMsg HTTP/1.1" 200 27
180.174.56.115 - - [06/Nov/2020:09:40:01 +0800] "GET /xingrg/check_reg.html?_=1604626798228 HTTP/1.1" 200 22
117.184.7.26 - - [06/Nov/2020:09:40:02 +0800] "GET /xingrg/all/function/internal_message.html?_=1604627769127&CODE_STATE=getMsg HTTP/1.1" 200 27
180.162.245.190 - - [06/Nov/2020:09:40:04 +0800] "GET /xingrg/kc/buy/cgsh_order_operate.html?command=get_materiel&rest_code=00105&code=00101008246&supplier_code=00100203&order_time=2020-11-06 HTTP/1.1" 200 408
114.88.166.242 - - [06/Nov/2020:09:40:04 +0800] "GET /xingrg/kc/buy/cgsh_order_operate.html?command=get_materiel&rest_code=00111&code=00101008168&supplier_code=00100005&order_time=2020-11-06 HTTP/1.1" 200 412
117.185.32.26 - - [06/Nov/2020:09:40:06 +0800] "GET /xingrg/all/function/internal_message.html?_=1604627228038&CODE_STATE=getMsg HTTP/1.1" 200 27
114.86.230.110 - - [06/Nov/2020:09:40:09 +0800] "GET /xingrg/login.html HTTP/1.1" 200 7641
114.88.166.242 - - [06/Nov/2020:09:40:09 +0800] "GET /xingrg/kc/buy/cgsh_order_operate.html?command=get_materiel&rest_code=00111&code=00101008165&supplier_code=00100005&order_time=2020-11-06 HTTP/1.1" 200 417
114.86.230.110 - - [06/Nov/2020:09:40:09 +0800] "GET /favicon.ico HTTP/1.1" 404 -
180.162.245.190 - - [06/Nov/2020:09:40:09 +0800] "GET /xingrg/kc/buy/cgsh_order_operate.html?command=get_materiel&rest_code=00105&code=00101008003&supplier_code=00100203&order_time=2020-11-06 HTTP/1.1" 200 408
114.86.230.110 - - [06/Nov/2020:09:40:11 +0800] "POST /xingrg/login.do HTTP/1.1" 302 -
114.86.230.110 - - [06/Nov/2020:09:40:11 +0800] "GET /xingrg/index.html?sysBaseUrl=http%3A%2F%2F180.169.147.146%3A18081%2Fxingrg%2F&costTime=52×tamp=1604626811068 HTTP/1.1" 200 17173
114.86.230.110 - - [06/Nov/2020:09:40:11 +0800] "GET /favicon.ico HTTP/1.1" 404 -
114.86.230.110 - - [06/Nov/2020:09:40:11 +0800] "POST /xingrg/all/common/load_tree.html?tree=area_rest_tree_json&manage=1 HTTP/1.1" 200 342
114.86.230.110 - - [06/Nov/2020:09:40:11 +0800] "GET /xingrg/all/function/internal_message.html?_=1604626809395&CODE_STATE=count HTTP/1.1" 200 11
114.86.230.110 - - [06/Nov/2020:09:40:11 +0800] "GET /xingrg/check_reg.html?_=1604626809396 HTTP/1.1" 200 22
114.86.230.110 - - [06/Nov/2020:09:40:11 +0800] "POST /xingrg/load_menu.html HTTP/1.1" 200 5138
117.185.32.26 - - [06/Nov/2020:09:40:14 +0800] "GET /xingrg/all/function/internal_message.html?_=1604626809284&CODE_STATE=getMsg HTTP/1.1" 200 27
180.162.245.190 - - [06/Nov/2020:09:40:18 +0800] "GET /xingrg/kc/buy/cgsh_order_operate.html?command=get_materiel&rest_code=00105&code=00101008212&supplier_code=00100203&order_time=2020-11-06 HTTP/1.1" 200 412
114.88.166.242 - - [06/Nov/2020:09:40:23 +0800] "GET /xingrg/kc/buy/cgsh_order_operate.html?command=get_materiel&rest_code=00111&code=00101008223&supplier_code=00100005&order_time=2020-11-06 HTTP/1.1" 200 412
58.221.95.50 - - [06/Nov/2020:09:40:23 +0800] "GET /xingrg/all/function/internal_message.html?_=1604627010183&CODE_STATE=getMsg HTTP/1.1" 200 27
180.162.245.190 - - [06/Nov/2020:09:40:25 +0800] "GET /xingrg/kc/buy/cgsh_order_operate.html?command=get_materiel&rest_code=00105&code=00101008063&supplier_code=00100203&order_time=2020-11-06 HTTP/1.1" 200 412
180.162.245.190 - - [06/Nov/2020:09:40:26 +0800] "GET /xingrg/all/function/internal_message.html?_=1604626823413&CODE_STATE=getMsg HTTP/1.1" 200 27
114.84.37.38 - - [06/Nov/2020:09:40:26 +0800] "GET /xingrg/check_reg.html?_=1604626824112 HTTP/1.1" 302 -
180.161.96.95 - - [06/Nov/2020:09:40:28 +0800] "GET /xingrg/all/function/internal_message.html?_=1604627047953&CODE_STATE=getMsg HTTP/1.1" 200 27
