180.161.96.95 - - [06/Nov/2020:09:55:29 +0800] "GET /xingrg/all/function/internal_message.html?_=1604627948558&CODE_STATE=getMsg HTTP/1.1" 200 27
222.69.132.30 - - [06/Nov/2020:09:55:31 +0800] "GET /xingrg/all/function/internal_message.html?_=1604627726699&CODE_STATE=getMsg HTTP/1.1" 200 27
117.131.5.26 - - [06/Nov/2020:09:55:35 +0800] "GET /xingrg/check_reg.html?_=1604627762735 HTTP/1.1" 200 22
117.131.5.26 - - [06/Nov/2020:09:55:35 +0800] "GET /xingrg/all/function/internal_message.html?_=1604627762736&CODE_STATE=getMsg HTTP/1.1" 200 27
114.88.166.242 - - [06/Nov/2020:09:55:37 +0800] "GET /xingrg/check_reg.html?_=1604627731680 HTTP/1.1" 200 22
58.40.7.146 - - [06/Nov/2020:09:55:38 +0800] "GET /xingrg/all/function/internal_message.html?_=1604627736044&CODE_STATE=getMsg HTTP/1.1" 200 27
114.88.166.242 - - [06/Nov/2020:09:55:41 +0800] "GET /xingrg/all/function/internal_message.html?_=1604627735593&CODE_STATE=getMsg HTTP/1.1" 200 27
124.77.237.88 - - [06/Nov/2020:09:55:42 +0800] "GET /xingrg/all/function/internal_message.html?_=1604627730572&CODE_STATE=getMsg HTTP/1.1" 200 27
114.84.37.38 - - [06/Nov/2020:09:55:44 +0800] "GET /xingrg/javascript/easyui/themes/default/images/button_plain_hover.png HTTP/1.1" 304 -
114.84.37.38 - - [06/Nov/2020:09:55:48 +0800] "POST /xingrg/kc/buy/cgsh_order_operate.html HTTP/1.1" 200 37
172.17.200.101 - - [06/Nov/2020:09:55:49 +0800] "GET /xingrg/all/function/internal_message.html?_=1604627747408&CODE_STATE=getMsg HTTP/1.1" 200 27
172.17.0.120 - - [06/Nov/2020:09:55:49 +0800] "GET /xingrg/all/function/internal_message.html?_=1604627862943&CODE_STATE=getMsg HTTP/1.1" 200 27
114.88.166.242 - - [06/Nov/2020:09:55:49 +0800] "GET /xingrg/all/function/internal_message.html?_=1604627848269&CODE_STATE=getMsg HTTP/1.1" 200 27
114.84.37.38 - - [06/Nov/2020:09:55:49 +0800] "POST /xingrg/kc/buy/cgsh_order_operate.html HTTP/1.1" 200 49990
117.184.7.30 - - [06/Nov/2020:09:55:50 +0800] "GET /xingrg/all/function/internal_message.html?_=1604627739603&CODE_STATE=getMsg HTTP/1.1" 200 27
180.162.245.190 - - [06/Nov/2020:09:55:52 +0800] "GET /xingrg/all/function/internal_message.html?_=1604627732186&CODE_STATE=getMsg HTTP/1.1" 302 -
180.157.253.48 - - [06/Nov/2020:09:55:53 +0800] "GET /xingrg/all/function/internal_message.html?_=1604627753976&CODE_STATE=getMsg HTTP/1.1" 200 27
183.192.164.85 - - [06/Nov/2020:09:56:00 +0800] "GET /xingrg/all/function/internal_message.html?_=1604626989287&CODE_STATE=getMsg HTTP/1.1" 302 -
120.253.135.82 - - [06/Nov/2020:09:56:01 +0800] "GET /xingrg/all/function/internal_message.html?_=1604627504850&CODE_STATE=getMsg HTTP/1.1" 200 27
180.174.56.115 - - [06/Nov/2020:09:56:01 +0800] "GET /xingrg/all/function/internal_message.html?_=1604627758290&CODE_STATE=getMsg HTTP/1.1" 200 27
117.184.7.26 - - [06/Nov/2020:09:56:02 +0800] "GET /xingrg/all/function/internal_message.html?_=1604628729159&CODE_STATE=getMsg HTTP/1.1" 200 27
117.184.7.26 - - [06/Nov/2020:09:56:02 +0800] "GET /xingrg/check_reg.html?_=1604628729161 HTTP/1.1" 200 22
183.192.164.85 - - [06/Nov/2020:09:56:03 +0800] "GET /xingrg/login.html HTTP/1.1" 200 7641
120.204.17.73 - - [06/Nov/2020:09:56:03 +0800] "GET /xingrg/check_reg.html?_=1604626929272 HTTP/1.1" 302 -
117.185.32.26 - - [06/Nov/2020:09:56:06 +0800] "GET /xingrg/all/function/internal_message.html?_=1604628188123&CODE_STATE=getMsg HTTP/1.1" 200 27
120.204.17.73 - - [06/Nov/2020:09:56:06 +0800] "GET /xingrg/all/function/internal_message.html?_=1604626929273&CODE_STATE=getMsg HTTP/1.1" 302 -
120.204.17.73 - - [06/Nov/2020:09:56:12 +0800] "GET /xingrg/login.html HTTP/1.1" 200 7641
117.185.32.26 - - [06/Nov/2020:09:56:14 +0800] "GET /xingrg/all/function/internal_message.html?_=1604627769298&CODE_STATE=getMsg HTTP/1.1" 200 27
120.204.17.73 - - [06/Nov/2020:09:56:15 +0800] "GET /xingrg/login.html HTTP/1.1" 200 7641
58.221.95.50 - - [06/Nov/2020:09:56:23 +0800] "GET /xingrg/all/function/internal_message.html?_=1604627970205&CODE_STATE=getMsg HTTP/1.1" 200 27
180.161.96.95 - - [06/Nov/2020:09:56:25 +0800] "GET /xingrg/check_reg.html?_=1604628004616 HTTP/1.1" 200 22
180.162.245.190 - - [06/Nov/2020:09:56:26 +0800] "GET /xingrg/all/function/internal_message.html?_=1604627783440&CODE_STATE=getMsg HTTP/1.1" 200 27
180.162.245.190 - - [06/Nov/2020:09:56:26 +0800] "GET /xingrg/check_reg.html?_=1604627783443 HTTP/1.1" 200 22
180.161.96.95 - - [06/Nov/2020:09:56:29 +0800] "GET /xingrg/all/function/internal_message.html?_=1604628008563&CODE_STATE=getMsg HTTP/1.1" 200 27
222.69.132.30 - - [06/Nov/2020:09:56:31 +0800] "GET /xingrg/all/function/internal_message.html?_=1604627786678&CODE_STATE=getMsg HTTP/1.1" 200 27
117.131.5.26 - - [06/Nov/2020:09:56:35 +0800] "GET /xingrg/all/function/internal_message.html?_=1604627822734&CODE_STATE=getMsg HTTP/1.1" 200 27
180.162.245.190 - - [06/Nov/2020:09:56:36 +0800] "GET /xingrg/system/info/materiel_import.html?isSelect=1&singleSelect=false HTTP/1.1" 200 5600
180.162.245.190 - - [06/Nov/2020:09:56:37 +0800] "GET /favicon.ico HTTP/1.1" 404 -
180.162.245.190 - - [06/Nov/2020:09:56:37 +0800] "POST /xingrg/all/common/load_tree.html?tree=materiel_sort_tree_json HTTP/1.1" 200 8666
58.40.7.146 - - [06/Nov/2020:09:56:38 +0800] "GET /xingrg/all/function/internal_message.html?_=1604627796047&CODE_STATE=getMsg HTTP/1.1" 200 27
114.88.166.242 - - [06/Nov/2020:09:56:41 +0800] "GET /xingrg/all/function/internal_message.html?_=1604627795607&CODE_STATE=getMsg HTTP/1.1" 200 27
124.77.237.88 - - [06/Nov/2020:09:56:42 +0800] "GET /xingrg/all/function/internal_message.html?_=1604627790554&CODE_STATE=getMsg HTTP/1.1" 200 27
180.162.245.190 - - [06/Nov/2020:09:56:45 +0800] "GET /xingrg/kc/buy/cgsh_order_operate.html?command=get_materiel&rest_code=00105&code=00101008168&supplier_code=00100203&order_time=2020-11-06 HTTP/1.1" 200 412
114.84.37.38 - - [06/Nov/2020:09:56:46 +0800] "GET /xingrg/all/function/internal_message.html?_=1604627831944&CODE_STATE=getMsg HTTP/1.1" 200 27
172.17.200.101 - - [06/Nov/2020:09:56:49 +0800] "GET /xingrg/check_reg.html?_=1604627807413 HTTP/1.1" 200 22
172.17.200.101 - - [06/Nov/2020:09:56:49 +0800] "GET /xingrg/all/function/internal_message.html?_=1604627807410&CODE_STATE=getMsg HTTP/1.1" 200 27
172.17.0.120 - - [06/Nov/2020:09:56:49 +0800] "GET /xingrg/all/function/internal_message.html?_=1604627922940&CODE_STATE=getMsg HTTP/1.1" 200 27
114.88.166.242 - - [06/Nov/2020:09:56:49 +0800] "GET /xingrg/all/function/internal_message.html?_=1604627908267&CODE_STATE=getMsg HTTP/1.1" 200 27
117.184.7.26 - - [06/Nov/2020:09:56:50 +0800] "GET /xingrg/all/function/internal_message.html?_=1604627799630&CODE_STATE=getMsg HTTP/1.1" 200 27
180.162.245.190 - - [06/Nov/2020:09:56:52 +0800] "GET /xingrg/all/function/internal_message.html?_=1604627792184&CODE_STATE=getMsg HTTP/1.1" 302 -
180.157.253.48 - - [06/Nov/2020:09:56:53 +0800] "GET /xingrg/all/function/internal_message.html?_=1604627813948&CODE_STATE=getMsg HTTP/1.1" 200 27
120.253.135.82 - - [06/Nov/2020:09:57:01 +0800] "GET /xingrg/all/function/internal_message.html?_=1604627564986&CODE_STATE=getMsg HTTP/1.1" 200 27
180.174.56.115 - - [06/Nov/2020:09:57:01 +0800] "GET /xingrg/all/function/internal_message.html?_=1604627818308&CODE_STATE=getMsg HTTP/1.1" 200 27
117.184.7.26 - - [06/Nov/2020:09:57:02 +0800] "GET /xingrg/all/function/internal_message.html?_=1604628789160&CODE_STATE=getMsg HTTP/1.1" 200 27
120.253.135.82 - - [06/Nov/2020:09:57:05 +0800] "GET /xingrg/check_reg.html?_=1604627568468 HTTP/1.1" 200 22
117.185.32.26 - - [06/Nov/2020:09:57:06 +0800] "GET /xingrg/check_reg.html?_=1604628248122 HTTP/1.1" 200 22
117.185.32.26 - - [06/Nov/2020:09:57:06 +0800] "GET /xingrg/all/function/internal_message.html?_=1604628248123&CODE_STATE=getMsg HTTP/1.1" 200 27
180.162.245.190 - - [06/Nov/2020:09:57:10 +0800] "GET /xingrg/system/info/materiel_import.html?isSelect=1&singleSelect=false HTTP/1.1" 200 5600
180.162.245.190 - - [06/Nov/2020:09:57:11 +0800] "POST /xingrg/all/common/load_tree.html?tree=materiel_sort_tree_json HTTP/1.1" 200 8666
180.162.245.190 - - [06/Nov/2020:09:57:11 +0800] "GET /favicon.ico HTTP/1.1" 404 -
117.185.32.26 - - [06/Nov/2020:09:57:14 +0800] "GET /xingrg/check_reg.html?_=1604627829308 HTTP/1.1" 200 22
117.185.32.26 - - [06/Nov/2020:09:57:14 +0800] "GET /xingrg/all/function/internal_message.html?_=1604627829306&CODE_STATE=getMsg HTTP/1.1" 200 27
180.161.96.95 - - [06/Nov/2020:09:57:18 +0800] "GET /favicon.ico HTTP/1.1" 404 -
180.162.245.190 - - [06/Nov/2020:09:57:19 +0800] "GET /xingrg/kc/buy/cgsh_order_operate.html?command=get_materiel&rest_code=00105&code=00101008236&supplier_code=00100203&order_time=2020-11-06 HTTP/1.1" 200 417
58.221.95.50 - - [06/Nov/2020:09:57:24 +0800] "GET /xingrg/all/function/internal_message.html?_=1604628030205&CODE_STATE=getMsg HTTP/1.1" 200 27
180.162.245.190 - - [06/Nov/2020:09:57:25 +0800] "POST /xingrg/kc/buy/cgsh_order_operate.html HTTP/1.1" 200 2065
180.162.245.190 - - [06/Nov/2020:09:57:26 +0800] "GET /xingrg/all/function/internal_message.html?_=1604627843583&CODE_STATE=getMsg HTTP/1.1" 200 27
180.162.245.190 - - [06/Nov/2020:09:57:28 +0800] "POST /xingrg/kc/buy/cgsh_order_operate.html HTTP/1.1" 200 2065
180.161.96.95 - - [06/Nov/2020:09:57:29 +0800] "GET /xingrg/all/function/internal_message.html?_=1604628068576&CODE_STATE=getMsg HTTP/1.1" 200 27
222.69.132.30 - - [06/Nov/2020:09:57:31 +0800] "GET /xingrg/all/function/internal_message.html?_=1604627846663&CODE_STATE=getMsg HTTP/1.1" 200 27
117.131.5.26 - - [06/Nov/2020:09:57:35 +0800] "GET /xingrg/all/function/internal_message.html?_=1604627882732&CODE_STATE=getMsg HTTP/1.1" 200 27
58.40.7.146 - - [06/Nov/2020:09:57:38 +0800] "GET /xingrg/check_reg.html?_=1604627856036 HTTP/1.1" 200 22
58.40.7.146 - - [06/Nov/2020:09:57:38 +0800] "GET /xingrg/all/function/internal_message.html?_=1604627856038&CODE_STATE=getMsg HTTP/1.1" 200 27
124.77.237.88 - - [06/Nov/2020:09:57:40 +0800] "GET /xingrg/check_reg.html?_=1604627848708 HTTP/1.1" 200 22
114.88.166.242 - - [06/Nov/2020:09:57:41 +0800] "GET /xingrg/all/function/internal_message.html?_=1604627855684&CODE_STATE=getMsg HTTP/1.1" 200 27
124.77.237.88 - - [06/Nov/2020:09:57:42 +0800] "GET /xingrg/all/function/internal_message.html?_=1604627850556&CODE_STATE=getMsg HTTP/1.1" 200 27
114.84.37.38 - - [06/Nov/2020:09:57:46 +0800] "GET /xingrg/all/function/internal_message.html?_=1604627891956&CODE_STATE=getMsg HTTP/1.1" 200 27
172.17.200.101 - - [06/Nov/2020:09:57:49 +0800] "GET /xingrg/all/function/internal_message.html?_=1604627867407&CODE_STATE=getMsg HTTP/1.1" 200 27
172.17.0.120 - - [06/Nov/2020:09:57:49 +0800] "GET /xingrg/all/function/internal_message.html?_=1604627982941&CODE_STATE=getMsg HTTP/1.1" 200 27
114.88.166.242 - - [06/Nov/2020:09:57:49 +0800] "GET /xingrg/check_reg.html?_=1604627968266 HTTP/1.1" 200 22
114.88.166.242 - - [06/Nov/2020:09:57:49 +0800] "GET /xingrg/all/function/internal_message.html?_=1604627968267&CODE_STATE=getMsg HTTP/1.1" 200 27
180.162.245.190 - - [06/Nov/2020:09:57:50 +0800] "GET /xingrg/kc/buy/cgsh_order_operate.html?command=get_materiel&rest_code=00105&code=00101008049&supplier_code=00100203&order_time=2020-11-06 HTTP/1.1" 200 408
117.184.7.26 - - [06/Nov/2020:09:57:50 +0800] "GET /xingrg/check_reg.html?_=1604627859612 HTTP/1.1" 200 22
117.184.7.26 - - [06/Nov/2020:09:57:50 +0800] "GET /xingrg/all/function/internal_message.html?_=1604627859614&CODE_STATE=getMsg HTTP/1.1" 200 27
180.162.245.190 - - [06/Nov/2020:09:57:52 +0800] "GET /xingrg/all/function/internal_message.html?_=1604627852184&CODE_STATE=getMsg HTTP/1.1" 302 -
180.157.253.48 - - [06/Nov/2020:09:57:53 +0800] "GET /xingrg/all/function/internal_message.html?_=1604627873930&CODE_STATE=getMsg HTTP/1.1" 200 27
120.253.135.82 - - [06/Nov/2020:09:58:01 +0800] "GET /xingrg/all/function/internal_message.html?_=1604627624987&CODE_STATE=getMsg HTTP/1.1" 200 27
180.174.56.115 - - [06/Nov/2020:09:58:01 +0800] "GET /xingrg/all/function/internal_message.html?_=1604627878309&CODE_STATE=getMsg HTTP/1.1" 200 27
117.184.7.26 - - [06/Nov/2020:09:58:02 +0800] "GET /xingrg/all/function/internal_message.html?_=1604628849161&CODE_STATE=getMsg HTTP/1.1" 200 27
180.162.245.190 - - [06/Nov/2020:09:58:06 +0800] "GET /xingrg/kc/buy/cgsh_order_operate.html?command=get_materiel&rest_code=00105&code=00101008333&supplier_code=00100203&order_time=2020-11-06 HTTP/1.1" 200 412
117.185.32.26 - - [06/Nov/2020:09:58:06 +0800] "GET /xingrg/all/function/internal_message.html?_=1604628308121&CODE_STATE=getMsg HTTP/1.1" 200 27
58.221.95.50 - - [06/Nov/2020:09:58:09 +0800] "GET /xingrg/check_reg.html?_=1604628075921 HTTP/1.1" 200 22
120.204.17.71 - - [06/Nov/2020:09:58:10 +0800] "GET /xingrg/all/function/internal_message.html?_=1604627049272&CODE_STATE=getMsg HTTP/1.1" 302 -
180.162.245.190 - - [06/Nov/2020:09:58:13 +0800] "GET /xingrg/kc/buy/cgsh_order_operate.html?command=get_materiel&rest_code=00105&code=00101008087&supplier_code=00100203&order_time=2020-11-06 HTTP/1.1" 200 412
117.185.32.26 - - [06/Nov/2020:09:58:14 +0800] "GET /xingrg/all/function/internal_message.html?_=1604627889306&CODE_STATE=getMsg HTTP/1.1" 200 27
120.204.17.71 - - [06/Nov/2020:09:58:17 +0800] "GET /xingrg/login.html HTTP/1.1" 200 7641
58.221.95.50 - - [06/Nov/2020:09:58:23 +0800] "GET /xingrg/all/function/internal_message.html?_=1604628090211&CODE_STATE=getMsg HTTP/1.1" 200 27
180.162.245.190 - - [06/Nov/2020:09:58:25 +0800] "GET /xingrg/kc/buy/cgsh_order_operate.html?command=get_materiel&rest_code=00105&code=00101008321&supplier_code=00100203&order_time=2020-11-06 HTTP/1.1" 200 412
180.162.245.190 - - [06/Nov/2020:09:58:26 +0800] "GET /xingrg/all/function/internal_message.html?_=1604627903441&CODE_STATE=getMsg HTTP/1.1" 200 27
172.17.0.240 - - [06/Nov/2020:09:58:26 +0800] "GET /xingrg/check_reg.html?_=1604627904055 HTTP/1.1" 200 22
117.185.32.26 - - [06/Nov/2020:09:58:27 +0800] "GET /xingrg/kc/mdqp/qp_main.html HTTP/1.1" 200 10633
117.185.32.26 - - [06/Nov/2020:09:58:28 +0800] "GET /xingrg/kc/mdqp/qqps_order_list.html HTTP/1.1" 200 9672
117.185.32.26 - - [06/Nov/2020:09:58:28 +0800] "GET /xingrg/dwr/interface/AjaxReportQueryService.js HTTP/1.1" 200 13203
117.185.32.26 - - [06/Nov/2020:09:58:28 +0800] "GET /xingrg/dwr/interface/AjaxQqpsService.js HTTP/1.1" 200 16326
117.185.32.26 - - [06/Nov/2020:09:58:28 +0800] "GET /xingrg/dwr/engine.js HTTP/1.1" 200 43631
180.161.96.95 - - [06/Nov/2020:09:58:29 +0800] "GET /xingrg/all/function/internal_message.html?_=1604628128679&CODE_STATE=getMsg HTTP/1.1" 200 27
117.185.32.26 - - [06/Nov/2020:09:58:29 +0800] "GET /xingrg/kc/mdqp/qqps_order_info.html?code=302020110600111 HTTP/1.1" 200 26567
117.185.32.26 - - [06/Nov/2020:09:58:29 +0800] "GET /xingrg/dwr/interface/AjaxComOrderService.js HTTP/1.1" 200 18264
117.185.32.26 - - [06/Nov/2020:09:58:29 +0800] "GET /xingrg/dwr/interface/AjaxQqpsService.js HTTP/1.1" 200 16326
117.185.32.26 - - [06/Nov/2020:09:58:29 +0800] "GET /xingrg/dwr/engine.js HTTP/1.1" 200 43631
183.192.164.97 - - [06/Nov/2020:09:58:29 +0800] "GET /xingrg/all/function/internal_message.html?_=1604627169285&CODE_STATE=getMsg HTTP/1.1" 302 -
117.185.32.26 - - [06/Nov/2020:09:58:30 +0800] "POST /xingrg/dwr/call/plaincall/AjaxQqpsService.loadMaterielItems.dwr HTTP/1.1" 200 2349
222.69.132.30 - - [06/Nov/2020:09:58:31 +0800] "GET /xingrg/all/function/internal_message.html?_=1604627906647&CODE_STATE=getMsg HTTP/1.1" 200 27
222.69.132.30 - - [06/Nov/2020:09:58:32 +0800] "GET /xingrg/check_reg.html?_=1604627907616 HTTP/1.1" 200 22
180.162.245.190 - - [06/Nov/2020:09:58:34 +0800] "GET /xingrg/kc/buy/cgsh_order_operate.html?command=get_materiel&rest_code=00105&code=00101008137&supplier_code=00100203&order_time=2020-11-06 HTTP/1.1" 200 408
117.131.5.26 - - [06/Nov/2020:09:58:35 +0800] "GET /xingrg/all/function/internal_message.html?_=1604627942732&CODE_STATE=getMsg HTTP/1.1" 200 27
183.192.164.97 - - [06/Nov/2020:09:58:38 +0800] "GET /xingrg/login.html HTTP/1.1" 200 7641
58.40.7.146 - - [06/Nov/2020:09:58:38 +0800] "GET /xingrg/all/function/internal_message.html?_=1604627916039&CODE_STATE=getMsg HTTP/1.1" 200 27
114.88.166.242 - - [06/Nov/2020:09:58:41 +0800] "GET /xingrg/all/function/internal_message.html?_=1604627915696&CODE_STATE=getMsg HTTP/1.1" 200 27
124.77.237.88 - - [06/Nov/2020:09:58:42 +0800] "GET /xingrg/all/function/internal_message.html?_=1604627910539&CODE_STATE=getMsg HTTP/1.1" 200 27
222.69.132.30 - - [06/Nov/2020:09:58:44 +0800] "GET /xingrg/kc/buy/cgsh_order_add.html HTTP/1.1" 200 60666
222.69.132.30 - - [06/Nov/2020:09:58:44 +0800] "POST /xingrg/kc/buy/cgsh_order_operate.html HTTP/1.1" 200 8245
222.69.132.30 - - [06/Nov/2020:09:58:44 +0800] "GET /xingrg/javascript/easyui/themes/default/validatebox.css HTTP/1.1" 404 1104
180.162.245.190 - - [06/Nov/2020:09:58:45 +0800] "POST /xingrg/kc/buy/cgsh_order_operate.html HTTP/1.1" 200 2065
114.84.37.38 - - [06/Nov/2020:09:58:46 +0800] "GET /xingrg/all/function/internal_message.html?_=1604627952034&CODE_STATE=getMsg HTTP/1.1" 200 27
172.17.200.101 - - [06/Nov/2020:09:58:49 +0800] "GET /xingrg/all/function/internal_message.html?_=1604627927408&CODE_STATE=getMsg HTTP/1.1" 200 27
172.17.0.120 - - [06/Nov/2020:09:58:49 +0800] "GET /xingrg/all/function/internal_message.html?_=1604628042942&CODE_STATE=getMsg HTTP/1.1" 200 27
172.17.0.120 - - [06/Nov/2020:09:58:49 +0800] "GET /xingrg/check_reg.html?_=1604628042943 HTTP/1.1" 200 22
114.88.166.242 - - [06/Nov/2020:09:58:49 +0800] "GET /xingrg/all/function/internal_message.html?_=1604628028265&CODE_STATE=getMsg HTTP/1.1" 200 27
117.184.7.26 - - [06/Nov/2020:09:58:50 +0800] "GET /xingrg/all/function/internal_message.html?_=1604627919638&CODE_STATE=getMsg HTTP/1.1" 200 27
180.162.245.190 - - [06/Nov/2020:09:58:52 +0800] "GET /xingrg/all/function/internal_message.html?_=1604627912188&CODE_STATE=getMsg HTTP/1.1" 302 -
180.157.253.48 - - [06/Nov/2020:09:58:53 +0800] "GET /xingrg/check_reg.html?_=1604627933804 HTTP/1.1" 200 22
180.157.253.48 - - [06/Nov/2020:09:58:53 +0800] "GET /xingrg/all/function/internal_message.html?_=1604627933905&CODE_STATE=getMsg HTTP/1.1" 200 27
222.69.132.30 - - [06/Nov/2020:09:59:00 +0800] "GET /xingrg/kc/buy/cgsh_order_operate.html?command=get_materiel&rest_code=00149&code=00101011003&supplier_code=00100051&order_time=2020-11-06 HTTP/1.1" 200 413
120.253.135.82 - - [06/Nov/2020:09:59:01 +0800] "GET /xingrg/all/function/internal_message.html?_=1604627685000&CODE_STATE=getMsg HTTP/1.1" 200 27
180.174.56.115 - - [06/Nov/2020:09:59:01 +0800] "GET /xingrg/all/function/internal_message.html?_=1604627938319&CODE_STATE=getMsg HTTP/1.1" 200 27
117.184.7.26 - - [06/Nov/2020:09:59:02 +0800] "GET /xingrg/all/function/internal_message.html?_=1604628909161&CODE_STATE=getMsg HTTP/1.1" 200 27
120.204.17.73 - - [06/Nov/2020:09:59:02 +0800] "GET /xingrg/all/function/internal_message.html?_=1604627229287&CODE_STATE=getMsg HTTP/1.1" 302 -
117.185.32.26 - - [06/Nov/2020:09:59:06 +0800] "GET /xingrg/all/function/internal_message.html?_=1604628368120&CODE_STATE=getMsg HTTP/1.1" 200 27
120.204.17.73 - - [06/Nov/2020:09:59:08 +0800] "GET /xingrg/login.html HTTP/1.1" 200 7641
222.69.132.30 - - [06/Nov/2020:09:59:14 +0800] "POST /xingrg/kc/buy/cgsh_order_operate.html HTTP/1.1" 200 37
180.162.245.190 - - [06/Nov/2020:09:59:14 +0800] "POST /xingrg/kc/buy/cgsh_order_operate.html HTTP/1.1" 200 88
117.185.32.26 - - [06/Nov/2020:09:59:14 +0800] "GET /xingrg/all/function/internal_message.html?_=1604627949318&CODE_STATE=getMsg HTTP/1.1" 200 27
222.69.132.30 - - [06/Nov/2020:09:59:17 +0800] "POST /xingrg/kc/buy/cgsh_order_operate.html HTTP/1.1" 200 12
180.162.245.190 - - [06/Nov/2020:09:59:19 +0800] "POST /xingrg/kc/buy/cgsh_order_operate.html HTTP/1.1" 200 37
222.69.132.30 - - [06/Nov/2020:09:59:20 +0800] "GET /xingrg/kc/buy/cgsh_order_info.html?code=212020110602098 HTTP/1.1" 200 55569
222.69.132.30 - - [06/Nov/2020:09:59:20 +0800] "GET /xingrg/javascript/easyui/themes/default/validatebox.css HTTP/1.1" 404 1104
222.69.132.30 - - [06/Nov/2020:09:59:20 +0800] "POST /xingrg/kc/buy/cgsh_order_operate.html HTTP/1.1" 200 606
180.162.245.190 - - [06/Nov/2020:09:59:20 +0800] "POST /xingrg/kc/buy/cgsh_order_operate.html HTTP/1.1" 200 50549
222.69.132.30 - - [06/Nov/2020:09:59:23 +0800] "GET /xingrg/kc/print/load_data.html?order_code=212020110602098&kc_code=cgsh&condition= HTTP/1.1" 200 717
58.221.95.50 - - [06/Nov/2020:09:59:23 +0800] "GET /xingrg/all/function/internal_message.html?_=1604628150210&CODE_STATE=getMsg HTTP/1.1" 200 27
180.162.245.190 - - [06/Nov/2020:09:59:26 +0800] "GET /xingrg/all/function/internal_message.html?_=1604627963444&CODE_STATE=getMsg HTTP/1.1" 200 27
180.161.96.95 - - [06/Nov/2020:09:59:29 +0800] "GET /xingrg/all/function/internal_message.html?_=1604628188684&CODE_STATE=getMsg HTTP/1.1" 200 27
114.84.37.38 - - [06/Nov/2020:09:59:30 +0800] "GET /xingrg/kc/buy/cgsh_order_list.html HTTP/1.1" 200 44881
222.69.132.30 - - [06/Nov/2020:09:59:31 +0800] "GET /xingrg/all/function/internal_message.html?_=1604627966627&CODE_STATE=getMsg HTTP/1.1" 200 27
114.84.37.38 - - [06/Nov/2020:09:59:31 +0800] "POST /xingrg/kc/buy/cgsh_list_operate.html HTTP/1.1" 200 1690
172.17.0.123 - - [06/Nov/2020:09:59:34 +0800] "GET /xingrg/check_reg.html?_=1604627926923 HTTP/1.1" 302 -
117.131.5.26 - - [06/Nov/2020:09:59:35 +0800] "GET /xingrg/all/function/internal_message.html?_=1604628002746&CODE_STATE=getMsg HTTP/1.1" 200 27
58.40.7.146 - - [06/Nov/2020:09:59:38 +0800] "GET /xingrg/all/function/internal_message.html?_=1604627976042&CODE_STATE=getMsg HTTP/1.1" 200 27
124.77.237.88 - - [06/Nov/2020:09:59:42 +0800] "GET /xingrg/all/function/internal_message.html?_=1604627970528&CODE_STATE=getMsg HTTP/1.1" 200 27
114.88.166.242 - - [06/Nov/2020:09:59:42 +0800] "GET /xingrg/all/function/internal_message.html?_=1604627975768&CODE_STATE=getMsg HTTP/1.1" 200 27
114.84.37.38 - - [06/Nov/2020:09:59:45 +0800] "GET /xingrg/check_reg.html?_=1604628011718 HTTP/1.1" 200 22
114.84.37.38 - - [06/Nov/2020:09:59:46 +0800] "GET /xingrg/all/function/internal_message.html?_=1604628012047&CODE_STATE=getMsg HTTP/1.1" 200 27
172.17.200.101 - - [06/Nov/2020:09:59:49 +0800] "GET /xingrg/all/function/internal_message.html?_=1604627987408&CODE_STATE=getMsg HTTP/1.1" 200 27
172.17.0.120 - - [06/Nov/2020:09:59:49 +0800] "GET /xingrg/all/function/internal_message.html?_=1604628102945&CODE_STATE=getMsg HTTP/1.1" 200 27
114.88.166.242 - - [06/Nov/2020:09:59:49 +0800] "GET /xingrg/all/function/internal_message.html?_=1604628088264&CODE_STATE=getMsg HTTP/1.1" 200 27
117.184.7.26 - - [06/Nov/2020:09:59:50 +0800] "GET /xingrg/all/function/internal_message.html?_=1604627979621&CODE_STATE=getMsg HTTP/1.1" 200 27
180.162.245.190 - - [06/Nov/2020:09:59:52 +0800] "GET /xingrg/check_reg.html?_=1604627972187 HTTP/1.1" 302 -
180.162.245.190 - - [06/Nov/2020:09:59:52 +0800] "GET /xingrg/all/function/internal_message.html?_=1604627972188&CODE_STATE=getMsg HTTP/1.1" 302 -
180.157.253.48 - - [06/Nov/2020:09:59:53 +0800] "GET /xingrg/all/function/internal_message.html?_=1604627993889&CODE_STATE=getMsg HTTP/1.1" 200 27
114.84.37.38 - - [06/Nov/2020:10:00:00 +0800] "POST /xingrg/kc/buy/cgsh_list_operate.html HTTP/1.1" 200 5864
120.253.135.82 - - [06/Nov/2020:10:00:01 +0800] "GET /xingrg/all/function/internal_message.html?_=1604627745137&CODE_STATE=getMsg HTTP/1.1" 200 27
180.174.56.115 - - [06/Nov/2020:10:00:01 +0800] "GET /xingrg/check_reg.html?_=1604627998322 HTTP/1.1" 200 22
180.174.56.115 - - [06/Nov/2020:10:00:01 +0800] "GET /xingrg/all/function/internal_message.html?_=1604627998324&CODE_STATE=getMsg HTTP/1.1" 200 27
117.184.7.26 - - [06/Nov/2020:10:00:02 +0800] "GET /xingrg/all/function/internal_message.html?_=1604628969164&CODE_STATE=getMsg HTTP/1.1" 200 27
117.185.32.26 - - [06/Nov/2020:10:00:06 +0800] "GET /xingrg/all/function/internal_message.html?_=1604628428119&CODE_STATE=getMsg HTTP/1.1" 200 27
117.185.32.26 - - [06/Nov/2020:10:00:14 +0800] "GET /xingrg/all/function/internal_message.html?_=1604628009324&CODE_STATE=getMsg HTTP/1.1" 200 27
114.84.37.38 - - [06/Nov/2020:10:00:16 +0800] "POST /xingrg/kc/buy/cgsh_list_operate.html HTTP/1.1" 200 5503
58.221.95.50 - - [06/Nov/2020:10:00:23 +0800] "GET /xingrg/all/function/internal_message.html?_=1604628210209&CODE_STATE=getMsg HTTP/1.1" 200 27
180.162.245.190 - - [06/Nov/2020:10:00:26 +0800] "GET /xingrg/all/function/internal_message.html?_=1604628023443&CODE_STATE=getMsg HTTP/1.1" 200 27
114.84.37.38 - - [06/Nov/2020:10:00:26 +0800] "GET /xingrg/check_reg.html?_=1604628024014 HTTP/1.1" 302 -
180.161.96.95 - - [06/Nov/2020:10:00:29 +0800] "GET /xingrg/all/function/internal_message.html?_=1604628248796&CODE_STATE=getMsg HTTP/1.1" 200 27
222.69.132.30 - - [06/Nov/2020:10:00:31 +0800] "GET /xingrg/all/function/internal_message.html?_=1604628026603&CODE_STATE=getMsg HTTP/1.1" 200 27
117.131.5.26 - - [06/Nov/2020:10:00:35 +0800] "GET /xingrg/all/function/internal_message.html?_=1604628062745&CODE_STATE=getMsg HTTP/1.1" 200 27
117.131.5.26 - - [06/Nov/2020:10:00:35 +0800] "GET /xingrg/check_reg.html?_=1604628062744 HTTP/1.1" 200 22
114.88.166.242 - - [06/Nov/2020:10:00:38 +0800] "GET /xingrg/check_reg.html?_=1604628031688 HTTP/1.1" 200 22
58.40.7.146 - - [06/Nov/2020:10:00:38 +0800] "GET /xingrg/all/function/internal_message.html?_=1604628036044&CODE_STATE=getMsg HTTP/1.1" 200 27
124.77.237.88 - - [06/Nov/2020:10:00:41 +0800] "GET /xingrg/all/function/internal_message.html?_=1604628030506&CODE_STATE=getMsg HTTP/1.1" 200 27
114.88.166.242 - - [06/Nov/2020:10:00:42 +0800] "GET /xingrg/all/function/internal_message.html?_=1604628035770&CODE_STATE=getMsg HTTP/1.1" 200 27
114.84.37.38 - - [06/Nov/2020:10:00:46 +0800] "GET /xingrg/all/function/internal_message.html?_=1604628072059&CODE_STATE=getMsg HTTP/1.1" 200 27
172.17.200.101 - - [06/Nov/2020:10:00:49 +0800] "GET /xingrg/all/function/internal_message.html?_=1604628047408&CODE_STATE=getMsg HTTP/1.1" 200 27
172.17.0.120 - - [06/Nov/2020:10:00:49 +0800] "GET /xingrg/all/function/internal_message.html?_=1604628162947&CODE_STATE=getMsg HTTP/1.1" 200 27
117.184.7.26 - - [06/Nov/2020:10:00:50 +0800] "GET /xingrg/all/function/internal_message.html?_=1604628039614&CODE_STATE=getMsg HTTP/1.1" 200 27
180.162.245.190 - - [06/Nov/2020:10:00:52 +0800] "GET /xingrg/all/function/internal_message.html?_=1604628032187&CODE_STATE=getMsg HTTP/1.1" 302 -
180.157.253.48 - - [06/Nov/2020:10:00:53 +0800] "GET /xingrg/all/function/internal_message.html?_=1604628053873&CODE_STATE=getMsg HTTP/1.1" 200 27
114.86.230.110 - - [06/Nov/2020:10:00:54 +0800] "GET /xingrg/login.html HTTP/1.1" 200 7641
114.86.230.110 - - [06/Nov/2020:10:00:54 +0800] "GET /favicon.ico HTTP/1.1" 404 -
114.86.230.110 - - [06/Nov/2020:10:00:56 +0800] "POST /xingrg/login.do HTTP/1.1" 302 -
114.86.230.110 - - [06/Nov/2020:10:00:56 +0800] "GET /xingrg/index.html?sysBaseUrl=http%3A%2F%2F180.169.147.146%3A18081%2Fxingrg%2F&costTime=51×tamp=1604628056052 HTTP/1.1" 200 17173
114.86.230.110 - - [06/Nov/2020:10:00:56 +0800] "GET /favicon.ico HTTP/1.1" 404 -
114.86.230.110 - - [06/Nov/2020:10:00:56 +0800] "POST /xingrg/all/common/load_tree.html?tree=area_rest_tree_json&manage=1 HTTP/1.1" 200 342
114.86.230.110 - - [06/Nov/2020:10:00:56 +0800] "GET /xingrg/all/function/internal_message.html?_=1604628054588&CODE_STATE=count HTTP/1.1" 200 11
114.86.230.110 - - [06/Nov/2020:10:00:56 +0800] "GET /xingrg/check_reg.html?_=1604628054588 HTTP/1.1" 200 22
114.86.230.110 - - [06/Nov/2020:10:00:56 +0800] "POST /xingrg/load_menu.html HTTP/1.1" 200 5138
120.253.135.82 - - [06/Nov/2020:10:01:01 +0800] "GET /xingrg/all/function/internal_message.html?_=1604627805152&CODE_STATE=getMsg HTTP/1.1" 200 27
180.174.56.115 - - [06/Nov/2020:10:01:01 +0800] "GET /xingrg/all/function/internal_message.html?_=1604628058329&CODE_STATE=getMsg HTTP/1.1" 200 27
117.184.7.26 - - [06/Nov/2020:10:01:02 +0800] "GET /xingrg/all/function/internal_message.html?_=1604629029172&CODE_STATE=getMsg HTTP/1.1" 200 27
117.184.7.26 - - [06/Nov/2020:10:01:02 +0800] "GET /xingrg/check_reg.html?_=1604629029168 HTTP/1.1" 200 22
114.86.230.110 - - [06/Nov/2020:10:01:04 +0800] "GET /xingrg/kc/buy/buy_main.html HTTP/1.1" 200 12412
114.86.230.110 - - [06/Nov/2020:10:01:04 +0800] "GET /xingrg/css/new_ie.css HTTP/1.1" 404 1036
114.86.230.110 - - [06/Nov/2020:10:01:05 +0800] "GET /xingrg/images/yd/bt.gif HTTP/1.1" 404 1040
114.86.230.110 - - [06/Nov/2020:10:01:05 +0800] "GET /xingrg/kc/buy/cgsh_order_list.html HTTP/1.1" 200 44875
117.185.32.26 - - [06/Nov/2020:10:01:06 +0800] "GET /xingrg/all/function/internal_message.html?_=1604628488118&CODE_STATE=getMsg HTTP/1.1" 200 27
114.86.230.110 - - [06/Nov/2020:10:01:06 +0800] "POST /xingrg/kc/buy/cgsh_list_operate.html HTTP/1.1" 200 876
114.88.166.242 - - [06/Nov/2020:10:01:09 +0800] "POST /xingrg/kc/base/wldb_order_operate.html HTTP/1.1" 200 37
114.88.166.242 - - [06/Nov/2020:10:01:09 +0800] "POST /xingrg/kc/base/wldb_order_operate.html HTTP/1.1" 200 3611
114.86.230.110 - - [06/Nov/2020:10:01:11 +0800] "GET /xingrg/kc/buy/cgsh_order_add.html HTTP/1.1" 200 60660
114.86.230.110 - - [06/Nov/2020:10:01:12 +0800] "POST /xingrg/kc/buy/cgsh_order_operate.html HTTP/1.1" 200 8245
114.86.230.110 - - [06/Nov/2020:10:01:12 +0800] "GET /xingrg/all/common/auto_word.html?type=employee&rest_code=00109 HTTP/1.1" 200 255
114.86.230.110 - - [06/Nov/2020:10:01:12 +0800] "GET /xingrg/javascript/easyui/themes/default/validatebox.css HTTP/1.1" 404 1104
114.86.230.110 - - [06/Nov/2020:10:01:12 +0800] "GET /xingrg/all/common/auto_word.html?type=employee&rest_code=00109 HTTP/1.1" 200 255
114.88.166.242 - - [06/Nov/2020:10:01:12 +0800] "GET /xingrg/kc/base/wldb_order_info.html?code=422020110600606 HTTP/1.1" 200 30601
114.88.166.242 - - [06/Nov/2020:10:01:13 +0800] "GET /xingrg/javascript/easyui/themes/default/validatebox.css HTTP/1.1" 404 1104
114.88.166.242 - - [06/Nov/2020:10:01:13 +0800] "POST /xingrg/kc/base/wldb_order_operate.html HTTP/1.1" 200 3611
114.86.230.110 - - [06/Nov/2020:10:01:13 +0800] "GET /xingrg/index.html?sysBaseUrl=http%3A%2F%2F180.169.147.146%3A18081%2Fxingrg%2F&costTime=51×tamp=1604628056052 HTTP/1.1" 200 17173
114.86.230.110 - - [06/Nov/2020:10:01:13 +0800] "GET /xingrg/javascript/jquery_easy_ui/themes/icon.css HTTP/1.1" 200 3949
114.86.230.110 - - [06/Nov/2020:10:01:13 +0800] "GET /xingrg/css/form.css HTTP/1.1" 200 893
114.86.230.110 - - [06/Nov/2020:10:01:13 +0800] "GET /xingrg/javascript/jquery_easy_ui/jquery.easyui.min.js HTTP/1.1" 200 213662
114.86.230.110 - - [06/Nov/2020:10:01:13 +0800] "GET /xingrg/javascript/jquery-1.4.2.min.js HTTP/1.1" 200 72205
114.86.230.110 - - [06/Nov/2020:10:01:13 +0800] "GET /xingrg/javascript/jquery_easy_ui/easyui-lang-zh_CN.js HTTP/1.1" 200 1900
114.86.230.110 - - [06/Nov/2020:10:01:13 +0800] "GET /xingrg/javascript/jquery_easy_ui/themes/default/easyui.css HTTP/1.1" 200 26500
114.86.230.110 - - [06/Nov/2020:10:01:13 +0800] "GET /xingrg/javascript/jquery.timers.js HTTP/1.1" 200 3532
114.86.230.110 - - [06/Nov/2020:10:01:13 +0800] "GET /xingrg/images/blue/jxLogo.png HTTP/1.1" 200 6156
114.86.230.110 - - [06/Nov/2020:10:01:13 +0800] "GET /xingrg/javascript/jquery.form.js HTTP/1.1" 200 23110
114.86.230.110 - - [06/Nov/2020:10:01:14 +0800] "GET /xingrg/javascript/jquery.utils.js HTTP/1.1" 200 11805
114.86.230.110 - - [06/Nov/2020:10:01:14 +0800] "GET /xingrg/javascript/jquery_easy_ui/themes/icons/settle_new.png HTTP/1.1" 200 826
114.86.230.110 - - [06/Nov/2020:10:01:14 +0800] "GET /xingrg/images/blue/navBackgound.jpg HTTP/1.1" 200 12378
114.86.230.110 - - [06/Nov/2020:10:01:14 +0800] "GET /xingrg/images/blue/pingpu.png HTTP/1.1" 200 231
114.86.230.110 - - [06/Nov/2020:10:01:14 +0800] "GET /xingrg/javascript/jquery_easy_ui/themes/default/images/tabs_leftarrow.png HTTP/1.1" 200 389
114.86.230.110 - - [06/Nov/2020:10:01:14 +0800] "GET /xingrg/javascript/jquery_easy_ui/themes/default/images/tabs_rightarrow.png HTTP/1.1" 200 395
114.86.230.110 - - [06/Nov/2020:10:01:14 +0800] "POST /xingrg/all/common/load_tree.html?tree=area_rest_tree_json&manage=1 HTTP/1.1" 200 342
114.86.230.110 - - [06/Nov/2020:10:01:14 +0800] "GET /xingrg/javascript/jquery_easy_ui/themes/default/images/panel_tool_collapse.gif HTTP/1.1" 200 246
114.86.230.110 - - [06/Nov/2020:10:01:14 +0800] "GET /xingrg/check_reg.html?_=1604628072410 HTTP/1.1" 200 22
114.86.230.110 - - [06/Nov/2020:10:01:14 +0800] "GET /xingrg/all/function/internal_message.html?_=1604628072410&CODE_STATE=count HTTP/1.1" 200 11
114.86.230.110 - - [06/Nov/2020:10:01:14 +0800] "GET /favicon.ico HTTP/1.1" 404 -
114.86.230.110 - - [06/Nov/2020:10:01:14 +0800] "POST /xingrg/load_menu.html HTTP/1.1" 200 5138
114.86.230.110 - - [06/Nov/2020:10:01:14 +0800] "GET /xingrg/javascript/jquery_easy_ui/themes/icons/search_new.png HTTP/1.1" 200 586
114.86.230.110 - - [06/Nov/2020:10:01:14 +0800] "GET /xingrg/javascript/jquery_easy_ui/themes/default/images/tree_arrows.gif HTTP/1.1" 200 1043
114.86.230.110 - - [06/Nov/2020:10:01:14 +0800] "GET /xingrg/javascript/jquery_easy_ui/themes/default/images/tree_folder.gif HTTP/1.1" 200 952
114.86.230.110 - - [06/Nov/2020:10:01:14 +0800] "GET /xingrg/javascript/jquery_easy_ui/themes/default/images/tree_folder_open.gif HTTP/1.1" 200 956
114.86.230.110 - - [06/Nov/2020:10:01:14 +0800] "GET /xingrg/javascript/jquery_easy_ui/themes/icons/storage_new.png HTTP/1.1" 200 853
114.86.230.110 - - [06/Nov/2020:10:01:14 +0800] "GET /xingrg/javascript/jquery_easy_ui/themes/icons/forms_new.png HTTP/1.1" 200 350
117.185.32.26 - - [06/Nov/2020:10:01:14 +0800] "GET /xingrg/all/function/internal_message.html?_=1604628069319&CODE_STATE=getMsg HTTP/1.1" 200 27
114.86.230.110 - - [06/Nov/2020:10:01:15 +0800] "GET /xingrg/javascript/jquery_easy_ui/themes/default/images/tabs_close.gif HTTP/1.1" 200 829
114.86.230.110 - - [06/Nov/2020:10:01:15 +0800] "GET /xingrg/kc/buy/buy_main.html HTTP/1.1" 200 12412
114.86.230.110 - - [06/Nov/2020:10:01:15 +0800] "GET /xingrg/css/new_ie.css HTTP/1.1" 404 1036
114.86.230.110 - - [06/Nov/2020:10:01:15 +0800] "GET /xingrg/css/blue.css HTTP/1.1" 200 15949
114.86.230.110 - - [06/Nov/2020:10:01:15 +0800] "GET /xingrg/javascript/ToolTips.js HTTP/1.1" 200 5615
114.86.230.110 - - [06/Nov/2020:10:01:15 +0800] "GET /xingrg/javascript/pic_change.js HTTP/1.1" 200 4739
114.86.230.110 - - [06/Nov/2020:10:01:15 +0800] "GET /xingrg/javascript/jquery_ui/jquery-ui.min.js HTTP/1.1" 200 186181
114.86.230.110 - - [06/Nov/2020:10:01:15 +0800] "GET /xingrg/images/blue/button/cgxqd.gif HTTP/1.1" 200 2619
114.86.230.110 - - [06/Nov/2020:10:01:15 +0800] "GET /xingrg/javascript/jquery_ui/themes/humanity/humanity.css HTTP/1.1" 200 27801
114.86.230.110 - - [06/Nov/2020:10:01:15 +0800] "GET /xingrg/images/blue/button/cgydd.gif HTTP/1.1" 200 2712
114.86.230.110 - - [06/Nov/2020:10:01:15 +0800] "GET /xingrg/javascript/myfunction.js HTTP/1.1" 200 24559
114.86.230.110 - - [06/Nov/2020:10:01:15 +0800] "GET /xingrg/images/blue/button/cgshd.gif HTTP/1.1" 200 2618
114.86.230.110 - - [06/Nov/2020:10:01:15 +0800] "GET /xingrg/images/blue/button/cgfkd.gif HTTP/1.1" 200 2075
114.86.230.110 - - [06/Nov/2020:10:01:15 +0800] "GET /xingrg/images/blue/button/kc.gif HTTP/1.1" 200 2160
114.86.230.110 - - [06/Nov/2020:10:01:15 +0800] "GET /xingrg/images/blue/button/ckthd.gif HTTP/1.1" 200 2045
114.86.230.110 - - [06/Nov/2020:10:01:15 +0800] "GET /xingrg/images/blue/pic_form2.gif HTTP/1.1" 200 1853
114.86.230.110 - - [06/Nov/2020:10:01:15 +0800] "GET /xingrg/images/blue/button/right_ah.jpg HTTP/1.1" 200 1744
114.86.230.110 - - [06/Nov/2020:10:01:15 +0800] "GET /xingrg/images/blue/button/down_ah.jpg HTTP/1.1" 200 1732
114.86.230.110 - - [06/Nov/2020:10:01:15 +0800] "GET /xingrg/images/blue/bg_dotted.jpg HTTP/1.1" 200 319
114.86.230.110 - - [06/Nov/2020:10:01:15 +0800] "GET /xingrg/javascript/jquery_ui/themes/humanity/images/ui-bg_inset-soft_100_f4f0ec_1x100.png HTTP/1.1" 200 141
114.86.230.110 - - [06/Nov/2020:10:01:15 +0800] "GET /xingrg/javascript/jquery_ui/themes/humanity/images/ui-icons_c47a23_256x240.png HTTP/1.1" 200 5355
114.86.230.110 - - [06/Nov/2020:10:01:16 +0800] "GET /xingrg/kc/buy/cgsh_order_list.html HTTP/1.1" 200 44875
114.86.230.110 - - [06/Nov/2020:10:01:16 +0800] "GET /xingrg/css/base.css HTTP/1.1" 200 2811
114.86.230.110 - - [06/Nov/2020:10:01:16 +0800] "GET /xingrg/css/site.css HTTP/1.1" 200 7541
114.86.230.110 - - [06/Nov/2020:10:01:16 +0800] "GET /xingrg/javascript/jquery_tools/datebox.css HTTP/1.1" 200 2597
114.86.230.110 - - [06/Nov/2020:10:01:16 +0800] "GET /xingrg/javascript/easyui/themes/icon.css HTTP/1.1" 200 4483
114.86.230.110 - - [06/Nov/2020:10:01:16 +0800] "GET /xingrg/javascript/auto/jquery.autocomplete.css HTTP/1.1" 200 587
114.86.230.110 - - [06/Nov/2020:10:01:16 +0800] "GET /xingrg/javascript/jquery_tools/fix.css HTTP/1.1" 200 1702
114.86.230.110 - - [06/Nov/2020:10:01:16 +0800] "GET /xingrg/javascript/jquery_tools/table.css HTTP/1.1" 200 1032
114.86.230.110 - - [06/Nov/2020:10:01:16 +0800] "GET /xingrg/javascript/easyui/themes/default/easyui.css HTTP/1.1" 200 30432
114.86.230.110 - - [06/Nov/2020:10:01:16 +0800] "GET /xingrg/javascript/jquery_tools/jquery.tools.min.js HTTP/1.1" 200 138801
114.86.230.110 - - [06/Nov/2020:10:01:16 +0800] "GET /xingrg/javascript/jquery_tools/jquery.tools.hotkey.js HTTP/1.1" 200 3242
114.86.230.110 - - [06/Nov/2020:10:01:16 +0800] "GET /xingrg/javascript/jquery_tools/jquery.tools.table.js HTTP/1.1" 200 6994
114.86.230.110 - - [06/Nov/2020:10:01:16 +0800] "GET /xingrg/javascript/jquery_tools/list_manager.js HTTP/1.1" 200 3652
114.86.230.110 - - [06/Nov/2020:10:01:16 +0800] "GET /xingrg/javascript/jquery_tools/jquery.tools.extend.js HTTP/1.1" 200 15385
114.86.230.110 - - [06/Nov/2020:10:01:16 +0800] "GET /xingrg/javascript/jquery.cookie.js HTTP/1.1" 200 5513
114.86.230.110 - - [06/Nov/2020:10:01:16 +0800] "GET /xingrg/javascript/easyui/easyloader.js HTTP/1.1" 200 5975
114.86.230.110 - - [06/Nov/2020:10:01:16 +0800] "GET /xingrg/javascript/print/LodopFuncs.js HTTP/1.1" 200 5121
114.86.230.110 - - [06/Nov/2020:10:01:16 +0800] "GET /xingrg/javascript/auto/jquery.autocomplete.js HTTP/1.1" 200 21624
114.86.230.110 - - [06/Nov/2020:10:01:16 +0800] "GET /xingrg/javascript/easyui/themes/icons/cance_new.png HTTP/1.1" 200 3986
114.86.230.110 - - [06/Nov/2020:10:01:16 +0800] "GET /xingrg/javascript/easyui/themes/icons/edit_add_new.png HTTP/1.1" 200 2997
114.86.230.110 - - [06/Nov/2020:10:01:16 +0800] "GET /xingrg/javascript/easyui/themes/icons/field_new.png HTTP/1.1" 200 1097
114.86.230.110 - - [06/Nov/2020:10:01:16 +0800] "GET /xingrg/javascript/easyui/themes/icons/import_new.png HTTP/1.1" 200 1247
114.86.230.110 - - [06/Nov/2020:10:01:16 +0800] "GET /xingrg/javascript/easyui/themes/icons/check_new.png HTTP/1.1" 200 3224
114.86.230.110 - - [06/Nov/2020:10:01:16 +0800] "GET /xingrg/javascript/easyui/plugins/jquery.parser.js HTTP/1.1" 200 1142
114.86.230.110 - - [06/Nov/2020:10:01:16 +0800] "GET /xingrg/images/control/ajaxLoader.gif HTTP/1.1" 200 4659
114.86.230.110 - - [06/Nov/2020:10:01:17 +0800] "POST /xingrg/kc/buy/cgsh_list_operate.html HTTP/1.1" 200 876
114.86.230.110 - - [06/Nov/2020:10:01:17 +0800] "GET /xingrg/javascript/easyui/themes/default/images/button_plain_hover.png HTTP/1.1" 200 144
114.86.230.110 - - [06/Nov/2020:10:01:17 +0800] "GET /xingrg/javascript/convert.js HTTP/1.1" 200 1239
114.86.230.110 - - [06/Nov/2020:10:01:17 +0800] "GET /xingrg/javascript/jquery_tools/order_manager.js HTTP/1.1" 200 11183
114.86.230.110 - - [06/Nov/2020:10:01:17 +0800] "GET /xingrg/javascript/print/kc_print.js HTTP/1.1" 200 11415
114.86.230.110 - - [06/Nov/2020:10:01:17 +0800] "GET /xingrg/javascript/json2.js HTTP/1.1" 200 11259
114.86.230.110 - - [06/Nov/2020:10:01:17 +0800] "GET /xingrg/kc/buy/cgsh_order_add.html HTTP/1.1" 200 60660
114.86.230.110 - - [06/Nov/2020:10:01:17 +0800] "GET /xingrg/words/20201105165048_words.js HTTP/1.1" 200 774317
114.86.230.110 - - [06/Nov/2020:10:01:17 +0800] "GET /xingrg/javascript/easyui/themes/icons/ok.png HTTP/1.1" 200 883
114.86.230.110 - - [06/Nov/2020:10:01:17 +0800] "GET /xingrg/javascript/easyui/themes/icons/copy_new.png HTTP/1.1" 200 815
114.86.230.110 - - [06/Nov/2020:10:01:17 +0800] "GET /xingrg/javascript/easyui/themes/icons/template_new.png HTTP/1.1" 200 3956
114.86.230.110 - - [06/Nov/2020:10:01:17 +0800] "GET /xingrg/javascript/easyui/themes/icons/print.png HTTP/1.1" 200 1057
114.86.230.110 - - [06/Nov/2020:10:01:17 +0800] "GET /xingrg/javascript/easyui/themes/default/images/menu_downarrow.png HTTP/1.1" 200 173
114.86.230.110 - - [06/Nov/2020:10:01:17 +0800] "GET /xingrg/javascript/easyui/themes/icons/cancel.png HTTP/1.1" 200 1133
114.86.230.110 - - [06/Nov/2020:10:01:18 +0800] "POST /xingrg/kc/buy/cgsh_order_operate.html HTTP/1.1" 200 8245
114.86.230.110 - - [06/Nov/2020:10:01:18 +0800] "GET /xingrg/all/common/auto_word.html?type=employee&rest_code=00109 HTTP/1.1" 200 255
114.86.230.110 - - [06/Nov/2020:10:01:18 +0800] "GET /xingrg/javascript/easyui/themes/default/validatebox.css HTTP/1.1" 404 1104
114.86.230.110 - - [06/Nov/2020:10:01:18 +0800] "GET /xingrg/javascript/easyui/plugins/jquery.validatebox.js HTTP/1.1" 200 6103
114.86.230.110 - - [06/Nov/2020:10:01:18 +0800] "GET /xingrg/javascript/easyui/themes/icons/edit_remove.png HTTP/1.1" 200 625
114.86.230.110 - - [06/Nov/2020:10:01:18 +0800] "GET /xingrg/all/common/auto_word.html?type=employee&rest_code=00109 HTTP/1.1" 200 255
114.86.230.110 - - [06/Nov/2020:10:01:18 +0800] "GET /xingrg/javascript/easyui/plugins/jquery.numberbox.js HTTP/1.1" 200 5213
58.221.95.50 - - [06/Nov/2020:10:01:23 +0800] "GET /xingrg/all/function/internal_message.html?_=1604628270208&CODE_STATE=getMsg HTTP/1.1" 200 27
180.161.96.95 - - [06/Nov/2020:10:01:25 +0800] "GET /xingrg/check_reg.html?_=1604628304626 HTTP/1.1" 200 22
180.162.245.190 - - [06/Nov/2020:10:01:26 +0800] "GET /xingrg/all/function/internal_message.html?_=1604628083448&CODE_STATE=getMsg HTTP/1.1" 200 27
180.162.245.190 - - [06/Nov/2020:10:01:26 +0800] "GET /xingrg/check_reg.html?_=1604628083444 HTTP/1.1" 200 22
117.185.32.26 - - [06/Nov/2020:10:01:26 +0800] "GET /xingrg/kc/mdqp/qp_main.html HTTP/1.1" 200 10633
117.185.32.26 - - [06/Nov/2020:10:01:27 +0800] "GET /xingrg/kc/mdqp/qqps_order_list.html HTTP/1.1" 200 9672
117.185.32.26 - - [06/Nov/2020:10:01:27 +0800] "GET /xingrg/dwr/interface/AjaxReportQueryService.js HTTP/1.1" 200 13203
117.185.32.26 - - [06/Nov/2020:10:01:27 +0800] "GET /xingrg/dwr/interface/AjaxQqpsService.js HTTP/1.1" 200 16326
117.185.32.26 - - [06/Nov/2020:10:01:27 +0800] "GET /xingrg/dwr/engine.js HTTP/1.1" 200 43631
180.161.96.95 - - [06/Nov/2020:10:01:29 +0800] "GET /xingrg/all/function/internal_message.html?_=1604628308801&CODE_STATE=getMsg HTTP/1.1" 200 27
222.69.132.30 - - [06/Nov/2020:10:01:31 +0800] "GET /xingrg/all/function/internal_message.html?_=1604628086579&CODE_STATE=getMsg HTTP/1.1" 200 27
117.131.5.26 - - [06/Nov/2020:10:01:35 +0800] "GET /xingrg/all/function/internal_message.html?_=1604628122743&CODE_STATE=getMsg HTTP/1.1" 200 27
114.86.230.110 - - [06/Nov/2020:10:01:38 +0800] "GET /xingrg/javascript/jquery_tools/images/prev.gif HTTP/1.1" 404 1086
114.86.230.110 - - [06/Nov/2020:10:01:38 +0800] "GET /xingrg/javascript/jquery_tools/images/next.gif HTTP/1.1" 404 1086
58.40.7.146 - - [06/Nov/2020:10:01:38 +0800] "GET /xingrg/all/function/internal_message.html?_=1604628096046&CODE_STATE=getMsg HTTP/1.1" 200 27
124.77.237.88 - - [06/Nov/2020:10:01:41 +0800] "GET /xingrg/all/function/internal_message.html?_=1604628090490&CODE_STATE=getMsg HTTP/1.1" 200 27
114.88.166.242 - - [06/Nov/2020:10:01:42 +0800] "GET /xingrg/all/function/internal_message.html?_=1604628095784&CODE_STATE=getMsg HTTP/1.1" 200 27
120.204.17.72 - - [06/Nov/2020:10:01:42 +0800] "GET /xingrg/all/function/internal_message.html?_=1604627349272&CODE_STATE=getMsg HTTP/1.1" 302 -
114.86.230.110 - - [06/Nov/2020:10:01:43 +0800] "GET /xingrg/kc/buy/cgsh_order_operate.html?command=get_materiel&rest_code=00109&code=00101008323&supplier_code=00100005&order_time=2020-11-06 HTTP/1.1" 200 408
114.84.37.38 - - [06/Nov/2020:10:01:46 +0800] "GET /xingrg/all/function/internal_message.html?_=1604628132074&CODE_STATE=getMsg HTTP/1.1" 200 27
120.204.17.72 - - [06/Nov/2020:10:01:48 +0800] "GET /xingrg/login.html HTTP/1.1" 200 7641
172.17.200.101 - - [06/Nov/2020:10:01:49 +0800] "GET /xingrg/all/function/internal_message.html?_=1604628107413&CODE_STATE=getMsg HTTP/1.1" 200 27
172.17.200.101 - - [06/Nov/2020:10:01:49 +0800] "GET /xingrg/check_reg.html?_=1604628107425 HTTP/1.1" 200 22
172.17.0.120 - - [06/Nov/2020:10:01:49 +0800] "GET /xingrg/all/function/internal_message.html?_=1604628222937&CODE_STATE=getMsg HTTP/1.1" 200 27
114.88.166.242 - - [06/Nov/2020:10:01:49 +0800] "GET /xingrg/all/function/internal_message.html?_=1604628208306&CODE_STATE=getMsg HTTP/1.1" 200 27
117.184.7.26 - - [06/Nov/2020:10:01:50 +0800] "GET /xingrg/all/function/internal_message.html?_=1604628099634&CODE_STATE=getMsg HTTP/1.1" 200 27
114.86.230.110 - - [06/Nov/2020:10:01:50 +0800] "GET /xingrg/kc/buy/cgsh_order_operate.html?command=get_materiel&rest_code=00109&code=00101008176&supplier_code=00100005&order_time=2020-11-06 HTTP/1.1" 200 412
180.162.245.190 - - [06/Nov/2020:10:01:52 +0800] "GET /xingrg/all/function/internal_message.html?_=1604628092189&CODE_STATE=getMsg HTTP/1.1" 302 -
180.157.253.48 - - [06/Nov/2020:10:01:53 +0800] "GET /xingrg/all/function/internal_message.html?_=1604628113859&CODE_STATE=getMsg HTTP/1.1" 200 27
180.174.56.115 - - [06/Nov/2020:10:02:01 +0800] "GET /xingrg/all/function/internal_message.html?_=1604628118320&CODE_STATE=getMsg HTTP/1.1" 200 27
120.253.135.82 - - [06/Nov/2020:10:02:01 +0800] "GET /xingrg/all/function/internal_message.html?_=1604627865290&CODE_STATE=getMsg HTTP/1.1" 200 27
117.184.7.26 - - [06/Nov/2020:10:02:02 +0800] "GET /xingrg/all/function/internal_message.html?_=1604629089155&CODE_STATE=getMsg HTTP/1.1" 200 27
120.253.135.82 - - [06/Nov/2020:10:02:05 +0800] "GET /xingrg/check_reg.html?_=1604627868473 HTTP/1.1" 200 22
117.185.32.26 - - [06/Nov/2020:10:02:06 +0800] "GET /xingrg/all/function/internal_message.html?_=1604628548143&CODE_STATE=getMsg HTTP/1.1" 200 27
117.185.32.26 - - [06/Nov/2020:10:02:06 +0800] "GET /xingrg/check_reg.html?_=1604628548145 HTTP/1.1" 200 22
114.86.230.110 - - [06/Nov/2020:10:02:14 +0800] "GET /xingrg/all/function/internal_message.html?_=1604628132856&CODE_STATE=getMsg HTTP/1.1" 200 27
117.185.32.26 - - [06/Nov/2020:10:02:14 +0800] "GET /xingrg/check_reg.html?_=1604628129315 HTTP/1.1" 200 22
117.185.32.26 - - [06/Nov/2020:10:02:14 +0800] "GET /xingrg/all/function/internal_message.html?_=1604628129319&CODE_STATE=getMsg HTTP/1.1" 200 27
58.221.95.50 - - [06/Nov/2020:10:02:24 +0800] "GET /xingrg/all/function/internal_message.html?_=1604628330208&CODE_STATE=getMsg HTTP/1.1" 200 27
180.162.245.190 - - [06/Nov/2020:10:02:26 +0800] "GET /xingrg/all/function/internal_message.html?_=1604628143448&CODE_STATE=getMsg HTTP/1.1" 200 27
180.161.96.95 - - [06/Nov/2020:10:02:29 +0800] "GET /xingrg/all/function/internal_message.html?_=1604628368816&CODE_STATE=getMsg HTTP/1.1" 200 27
222.69.132.30 - - [06/Nov/2020:10:02:31 +0800] "GET /xingrg/all/function/internal_message.html?_=1604628146565&CODE_STATE=getMsg HTTP/1.1" 200 27
117.131.5.26 - - [06/Nov/2020:10:02:35 +0800] "GET /xingrg/all/function/internal_message.html?_=1604628182741&CODE_STATE=getMsg HTTP/1.1" 200 27
58.40.7.146 - - [06/Nov/2020:10:02:38 +0800] "GET /xingrg/check_reg.html?_=1604628156048 HTTP/1.1" 200 22
58.40.7.146 - - [06/Nov/2020:10:02:38 +0800] "GET /xingrg/all/function/internal_message.html?_=1604628156050&CODE_STATE=getMsg HTTP/1.1" 200 27
124.77.237.88 - - [06/Nov/2020:10:02:40 +0800] "GET /xingrg/check_reg.html?_=1604628148726 HTTP/1.1" 200 22
124.77.237.88 - - [06/Nov/2020:10:02:41 +0800] "GET /xingrg/all/function/internal_message.html?_=1604628150477&CODE_STATE=getMsg HTTP/1.1" 200 27
114.88.166.242 - - [06/Nov/2020:10:02:42 +0800] "GET /xingrg/all/function/internal_message.html?_=1604628155866&CODE_STATE=getMsg HTTP/1.1" 200 27
114.84.37.38 - - [06/Nov/2020:10:02:44 +0800] "POST /xingrg/kc/buy/cgsh_list_operate.html HTTP/1.1" 200 2103
114.84.37.38 - - [06/Nov/2020:10:02:46 +0800] "GET /xingrg/all/function/internal_message.html?_=1604628192087&CODE_STATE=getMsg HTTP/1.1" 200 27
120.204.17.72 - - [06/Nov/2020:10:02:48 +0800] "GET /xingrg/kc/mdqp/qqps_order_info.html?code=302020110600111 HTTP/1.1" 302 -
172.17.200.101 - - [06/Nov/2020:10:02:49 +0800] "GET /xingrg/all/function/internal_message.html?_=1604628167417&CODE_STATE=getMsg HTTP/1.1" 200 27
172.17.0.120 - - [06/Nov/2020:10:02:49 +0800] "GET /xingrg/all/function/internal_message.html?_=1604628282941&CODE_STATE=getMsg HTTP/1.1" 200 27
114.88.166.242 - - [06/Nov/2020:10:02:49 +0800] "GET /xingrg/all/function/internal_message.html?_=1604628268271&CODE_STATE=getMsg HTTP/1.1" 200 27
114.88.166.242 - - [06/Nov/2020:10:02:49 +0800] "GET /xingrg/check_reg.html?_=1604628268270 HTTP/1.1" 200 22
117.184.7.26 - - [06/Nov/2020:10:02:50 +0800] "GET /xingrg/check_reg.html?_=1604628159619 HTTP/1.1" 200 22
117.184.7.26 - - [06/Nov/2020:10:02:50 +0800] "GET /xingrg/all/function/internal_message.html?_=1604628159621&CODE_STATE=getMsg HTTP/1.1" 200 27
180.162.245.190 - - [06/Nov/2020:10:02:52 +0800] "GET /xingrg/all/function/internal_message.html?_=1604628152187&CODE_STATE=getMsg HTTP/1.1" 302 -
180.157.253.48 - - [06/Nov/2020:10:02:53 +0800] "GET /xingrg/all/function/internal_message.html?_=1604628173850&CODE_STATE=getMsg HTTP/1.1" 200 27
120.204.17.72 - - [06/Nov/2020:10:02:53 +0800] "GET /xingrg/login.html HTTP/1.1" 200 7641
180.174.56.115 - - [06/Nov/2020:10:03:01 +0800] "GET /xingrg/all/function/internal_message.html?_=1604628178333&CODE_STATE=getMsg HTTP/1.1" 200 27
120.253.135.82 - - [06/Nov/2020:10:03:01 +0800] "GET /xingrg/all/function/internal_message.html?_=1604627925304&CODE_STATE=getMsg HTTP/1.1" 200 27
