120.253.135.82 - - [05/Nov/2020:05:18:40 +0800] "GET /xingrg/javascript/easyui/themes/default/validatebox.css HTTP/1.1" 404 1104
120.253.135.82 - - [05/Nov/2020:05:18:40 +0800] "POST /xingrg/kc/pszx/mdps_order_operate.html HTTP/1.1" 200 9474
114.84.37.38 - - [05/Nov/2020:05:18:40 +0800] "GET /xingrg/all/function/internal_message.html?_=1604524717394&CODE_STATE=getMsg HTTP/1.1" 200 27
172.17.0.185 - - [05/Nov/2020:05:18:45 +0800] "GET /xingrg/all/function/internal_message.html?_=1604524723468&CODE_STATE=getMsg HTTP/1.1" 200 27
114.84.37.38 - - [05/Nov/2020:05:18:51 +0800] "GET /xingrg/all/function/internal_message.html?_=1604524753612&CODE_STATE=getMsg HTTP/1.1" 200 27
114.88.166.242 - - [05/Nov/2020:05:18:54 +0800] "GET /xingrg/all/function/internal_message.html?_=1604524729864&CODE_STATE=getMsg HTTP/1.1" 200 27
180.174.56.115 - - [05/Nov/2020:05:18:54 +0800] "GET /xingrg/all/function/internal_message.html?_=1604524731813&CODE_STATE=getMsg HTTP/1.1" 200 27
180.174.56.115 - - [05/Nov/2020:05:18:54 +0800] "GET /xingrg/check_reg.html?_=1604524731817 HTTP/1.1" 200 22
172.17.0.240 - - [05/Nov/2020:05:19:02 +0800] "GET /xingrg/all/function/internal_message.html?_=1604524739933&CODE_STATE=getMsg HTTP/1.1" 200 27
117.131.5.26 - - [05/Nov/2020:05:19:03 +0800] "POST /xingrg/services/DataTransmitService HTTP/1.1" 200 524
117.184.7.30 - - [05/Nov/2020:05:19:04 +0800] "GET /xingrg/all/function/internal_message.html?_=1604525705318&CODE_STATE=getMsg HTTP/1.1" 200 27
172.17.0.115 - - [05/Nov/2020:05:19:04 +0800] "GET /xingrg/all/function/internal_message.html?_=1604524755431&CODE_STATE=getMsg HTTP/1.1" 200 27
58.221.95.50 - - [05/Nov/2020:05:19:21 +0800] "GET /xingrg/all/function/internal_message.html?_=1604524947504&CODE_STATE=getMsg HTTP/1.1" 200 27
172.17.0.123 - - [05/Nov/2020:05:19:22 +0800] "GET /xingrg/all/function/internal_message.html?_=1604524716624&CODE_STATE=getMsg HTTP/1.1" 200 27
120.253.135.82 - - [05/Nov/2020:05:19:30 +0800] "GET /xingrg/check_reg.html?_=1604524818460 HTTP/1.1" 200 22
120.253.135.82 - - [05/Nov/2020:05:19:33 +0800] "GET /xingrg/all/function/internal_message.html?_=1604524517763&CODE_STATE=getMsg HTTP/1.1" 200 27
120.253.135.82 - - [05/Nov/2020:05:19:35 +0800] "POST /xingrg/all/common/load_select.html HTTP/1.1" 200 25
120.253.135.82 - - [05/Nov/2020:05:19:37 +0800] "GET /xingrg/kc/pszx/mdps_order_operate.html?command=get_materiel_price&pszx_code=00101&rest_code=00154&base_code=0010246&code=00101019400&unit_code=00100111&order_time=2020-11-05 HTTP/1.1" 200 36
120.253.135.82 - - [05/Nov/2020:05:19:38 +0800] "GET /xingrg/all/function/internal_message.html?_=1604524827071&CODE_STATE=getMsg HTTP/1.1" 200 27
114.84.37.38 - - [05/Nov/2020:05:19:40 +0800] "GET /xingrg/all/function/internal_message.html?_=1604524777418&CODE_STATE=getMsg HTTP/1.1" 200 27
172.17.0.185 - - [05/Nov/2020:05:19:45 +0800] "GET /xingrg/all/function/internal_message.html?_=1604524783458&CODE_STATE=getMsg HTTP/1.1" 200 27
120.253.135.82 - - [05/Nov/2020:05:19:50 +0800] "POST /xingrg/kc/pszx/mdps_order_operate.html HTTP/1.1" 200 37
120.253.135.82 - - [05/Nov/2020:05:19:51 +0800] "GET /xingrg/kc/pszx/mdps_order_info.html?code=312020110500117 HTTP/1.1" 200 23887
120.253.135.82 - - [05/Nov/2020:05:19:51 +0800] "POST /xingrg/kc/pszx/mdps_order_operate.html HTTP/1.1" 200 8976
120.253.135.82 - - [05/Nov/2020:05:19:51 +0800] "GET /xingrg/javascript/easyui/themes/default/validatebox.css HTTP/1.1" 404 1104
114.84.37.38 - - [05/Nov/2020:05:19:52 +0800] "GET /xingrg/all/function/internal_message.html?_=1604524813976&CODE_STATE=getMsg HTTP/1.1" 200 27
114.88.166.242 - - [05/Nov/2020:05:19:54 +0800] "GET /xingrg/all/function/internal_message.html?_=1604524789902&CODE_STATE=getMsg HTTP/1.1" 200 27
180.174.56.115 - - [05/Nov/2020:05:19:54 +0800] "GET /xingrg/all/function/internal_message.html?_=1604524791802&CODE_STATE=getMsg HTTP/1.1" 200 27
172.17.0.240 - - [05/Nov/2020:05:20:02 +0800] "GET /xingrg/check_reg.html?_=1604524799938 HTTP/1.1" 200 22
172.17.0.240 - - [05/Nov/2020:05:20:02 +0800] "GET /xingrg/all/function/internal_message.html?_=1604524799940&CODE_STATE=getMsg HTTP/1.1" 200 27
117.184.7.30 - - [05/Nov/2020:05:20:04 +0800] "GET /xingrg/all/function/internal_message.html?_=1604525765317&CODE_STATE=getMsg HTTP/1.1" 200 27
172.17.0.115 - - [05/Nov/2020:05:20:04 +0800] "GET /xingrg/all/function/internal_message.html?_=1604524815457&CODE_STATE=getMsg HTTP/1.1" 200 27
120.253.135.82 - - [05/Nov/2020:05:20:20 +0800] "POST /xingrg/kc/pszx/mdps_order_operate.html HTTP/1.1" 200 37
120.253.135.82 - - [05/Nov/2020:05:20:21 +0800] "GET /xingrg/kc/pszx/mdps_order_info.html?code=312020110500117 HTTP/1.1" 200 23887
120.253.135.82 - - [05/Nov/2020:05:20:21 +0800] "GET /xingrg/javascript/easyui/themes/default/validatebox.css HTTP/1.1" 404 1104
120.253.135.82 - - [05/Nov/2020:05:20:21 +0800] "POST /xingrg/kc/pszx/mdps_order_operate.html HTTP/1.1" 200 8976
172.17.0.123 - - [05/Nov/2020:05:20:22 +0800] "GET /xingrg/all/function/internal_message.html?_=1604524776626&CODE_STATE=getMsg HTTP/1.1" 200 27
172.17.0.123 - - [05/Nov/2020:05:20:22 +0800] "GET /xingrg/check_reg.html?_=1604524776626 HTTP/1.1" 200 22
58.221.95.50 - - [05/Nov/2020:05:20:22 +0800] "GET /xingrg/all/function/internal_message.html?_=1604525007505&CODE_STATE=getMsg HTTP/1.1" 200 27
120.253.135.82 - - [05/Nov/2020:05:20:30 +0800] "GET /xingrg/kc/pszx/mdps_order_info.html?code=312020110500117 HTTP/1.1" 200 23887
120.253.135.82 - - [05/Nov/2020:05:20:31 +0800] "GET /xingrg/javascript/easyui/themes/default/validatebox.css HTTP/1.1" 404 1104
120.253.135.82 - - [05/Nov/2020:05:20:31 +0800] "POST /xingrg/kc/pszx/mdps_order_operate.html HTTP/1.1" 200 8976
120.253.135.82 - - [05/Nov/2020:05:20:33 +0800] "GET /xingrg/all/function/internal_message.html?_=1604524577777&CODE_STATE=getMsg HTTP/1.1" 200 27
114.88.166.242 - - [05/Nov/2020:05:20:33 +0800] "GET /xingrg/check_reg.html?_=1604524828427 HTTP/1.1" 200 22
120.253.135.82 - - [05/Nov/2020:05:20:33 +0800] "POST /xingrg/kc/pszx/mdps_list_operate.html HTTP/1.1" 200 1692
114.84.37.38 - - [05/Nov/2020:05:20:33 +0800] "GET /xingrg/check_reg.html?_=1604524825924 HTTP/1.1" 302 -
120.253.135.82 - - [05/Nov/2020:05:20:35 +0800] "POST /xingrg/kc/pszx/mdps_list_operate.html HTTP/1.1" 200 608
120.253.135.82 - - [05/Nov/2020:05:20:36 +0800] "GET /xingrg/kc/pszx/mdps_order_info.html?code=312020110500117 HTTP/1.1" 200 23887
120.253.135.82 - - [05/Nov/2020:05:20:36 +0800] "GET /xingrg/javascript/easyui/themes/default/validatebox.css HTTP/1.1" 404 1104
120.253.135.82 - - [05/Nov/2020:05:20:36 +0800] "POST /xingrg/kc/pszx/mdps_order_operate.html HTTP/1.1" 200 8976
120.253.135.82 - - [05/Nov/2020:05:20:38 +0800] "GET /xingrg/all/function/internal_message.html?_=1604524887085&CODE_STATE=getMsg HTTP/1.1" 200 27
114.84.37.38 - - [05/Nov/2020:05:20:40 +0800] "GET /xingrg/all/function/internal_message.html?_=1604524837421&CODE_STATE=getMsg HTTP/1.1" 200 27
172.17.0.185 - - [05/Nov/2020:05:20:45 +0800] "GET /xingrg/all/function/internal_message.html?_=1604524843464&CODE_STATE=getMsg HTTP/1.1" 200 27
120.253.135.82 - - [05/Nov/2020:05:20:46 +0800] "GET /xingrg/check_reg.html?_=1604524590761 HTTP/1.1" 200 22
114.84.37.38 - - [05/Nov/2020:05:20:52 +0800] "GET /xingrg/all/function/internal_message.html?_=1604524873981&CODE_STATE=getMsg HTTP/1.1" 200 27
180.174.56.115 - - [05/Nov/2020:05:20:54 +0800] "GET /xingrg/all/function/internal_message.html?_=1604524851814&CODE_STATE=getMsg HTTP/1.1" 200 27
114.88.166.242 - - [05/Nov/2020:05:20:54 +0800] "GET /xingrg/all/function/internal_message.html?_=1604524849907&CODE_STATE=getMsg HTTP/1.1" 200 27
172.17.0.240 - - [05/Nov/2020:05:21:02 +0800] "GET /xingrg/all/function/internal_message.html?_=1604524859925&CODE_STATE=getMsg HTTP/1.1" 200 27
120.253.135.82 - - [05/Nov/2020:05:21:02 +0800] "POST /xingrg/kc/pszx/mdps_list_operate.html HTTP/1.1" 200 1692
117.184.7.30 - - [05/Nov/2020:05:21:04 +0800] "GET /xingrg/all/function/internal_message.html?_=1604525825317&CODE_STATE=getMsg HTTP/1.1" 200 27
117.184.7.30 - - [05/Nov/2020:05:21:04 +0800] "GET /xingrg/check_reg.html?_=1604525825319 HTTP/1.1" 200 22
120.253.135.82 - - [05/Nov/2020:05:21:04 +0800] "POST /xingrg/kc/pszx/mdps_list_operate.html HTTP/1.1" 200 608
172.17.0.115 - - [05/Nov/2020:05:21:04 +0800] "GET /xingrg/all/function/internal_message.html?_=1604524875458&CODE_STATE=getMsg HTTP/1.1" 200 27
120.253.135.82 - - [05/Nov/2020:05:21:05 +0800] "GET /xingrg/kc/pszx/mdps_order_info.html?code=312020110500117 HTTP/1.1" 200 23887
120.253.135.82 - - [05/Nov/2020:05:21:06 +0800] "POST /xingrg/kc/pszx/mdps_order_operate.html HTTP/1.1" 200 8976
120.253.135.82 - - [05/Nov/2020:05:21:06 +0800] "GET /xingrg/javascript/easyui/themes/default/validatebox.css HTTP/1.1" 404 1104
58.221.95.50 - - [05/Nov/2020:05:21:20 +0800] "GET /xingrg/all/function/internal_message.html?_=1604525067507&CODE_STATE=getMsg HTTP/1.1" 200 27
172.17.0.123 - - [05/Nov/2020:05:21:22 +0800] "GET /xingrg/all/function/internal_message.html?_=1604524836628&CODE_STATE=getMsg HTTP/1.1" 200 27
120.253.135.82 - - [05/Nov/2020:05:21:33 +0800] "GET /xingrg/all/function/internal_message.html?_=1604524637791&CODE_STATE=getMsg HTTP/1.1" 200 27
120.253.135.82 - - [05/Nov/2020:05:21:38 +0800] "GET /xingrg/all/function/internal_message.html?_=1604524947102&CODE_STATE=getMsg HTTP/1.1" 200 27
114.84.37.38 - - [05/Nov/2020:05:21:40 +0800] "GET /xingrg/all/function/internal_message.html?_=1604524897445&CODE_STATE=getMsg HTTP/1.1" 200 27
172.17.0.185 - - [05/Nov/2020:05:21:45 +0800] "GET /xingrg/all/function/internal_message.html?_=1604524903468&CODE_STATE=getMsg HTTP/1.1" 200 27
120.253.135.82 - - [05/Nov/2020:05:21:46 +0800] "GET /xingrg/kc/pszx/mdps_order_operate.html?command=get_materiel&pszx_code=00101&rest_code=00154&base_code=0010246&code=00101019451 HTTP/1.1" 200 481
120.253.135.82 - - [05/Nov/2020:05:21:49 +0800] "POST /xingrg/all/common/load_select.html HTTP/1.1" 200 25
120.253.135.82 - - [05/Nov/2020:05:21:51 +0800] "GET /xingrg/kc/pszx/mdps_order_operate.html?command=get_materiel_price&pszx_code=00101&rest_code=00154&base_code=0010246&code=00101019451&unit_code=00100155&order_time=2020-11-05 HTTP/1.1" 200 34
114.84.37.38 - - [05/Nov/2020:05:21:52 +0800] "GET /xingrg/all/function/internal_message.html?_=1604524934347&CODE_STATE=getMsg HTTP/1.1" 200 27
114.88.166.242 - - [05/Nov/2020:05:21:54 +0800] "GET /xingrg/all/function/internal_message.html?_=1604524909920&CODE_STATE=getMsg HTTP/1.1" 200 27
180.174.56.115 - - [05/Nov/2020:05:21:54 +0800] "GET /xingrg/all/function/internal_message.html?_=1604524911832&CODE_STATE=getMsg HTTP/1.1" 200 27
120.253.135.82 - - [05/Nov/2020:05:21:58 +0800] "POST /xingrg/kc/pszx/mdps_order_operate.html HTTP/1.1" 200 37
120.253.135.82 - - [05/Nov/2020:05:21:59 +0800] "GET /xingrg/kc/pszx/mdps_order_info.html?code=312020110500117 HTTP/1.1" 200 23887
114.84.37.38 - - [05/Nov/2020:05:21:59 +0800] "GET /xingrg/check_reg.html?_=1604524941579 HTTP/1.1" 200 22
120.253.135.82 - - [05/Nov/2020:05:21:59 +0800] "POST /xingrg/kc/pszx/mdps_order_operate.html HTTP/1.1" 200 8982
120.253.135.82 - - [05/Nov/2020:05:22:00 +0800] "GET /xingrg/javascript/easyui/themes/default/validatebox.css HTTP/1.1" 404 1104
172.17.0.240 - - [05/Nov/2020:05:22:02 +0800] "GET /xingrg/all/function/internal_message.html?_=1604524919928&CODE_STATE=getMsg HTTP/1.1" 200 27
117.184.7.30 - - [05/Nov/2020:05:22:04 +0800] "GET /xingrg/all/function/internal_message.html?_=1604525885317&CODE_STATE=getMsg HTTP/1.1" 200 27
172.17.0.115 - - [05/Nov/2020:05:22:04 +0800] "GET /xingrg/all/function/internal_message.html?_=1604524935486&CODE_STATE=getMsg HTTP/1.1" 200 27
120.253.135.82 - - [05/Nov/2020:05:22:16 +0800] "POST /xingrg/kc/pszx/mdps_order_operate.html HTTP/1.1" 200 37
180.157.253.48 - - [05/Nov/2020:05:22:17 +0800] "POST /xingrg/services/DataTransmitService HTTP/1.1" 200 524
120.253.135.82 - - [05/Nov/2020:05:22:17 +0800] "GET /xingrg/kc/pszx/mdps_order_info.html?code=312020110500117 HTTP/1.1" 200 23887
120.253.135.82 - - [05/Nov/2020:05:22:18 +0800] "GET /xingrg/javascript/easyui/themes/default/validatebox.css HTTP/1.1" 404 1104
120.253.135.82 - - [05/Nov/2020:05:22:18 +0800] "POST /xingrg/kc/pszx/mdps_order_operate.html HTTP/1.1" 200 8982
120.253.135.82 - - [05/Nov/2020:05:22:20 +0800] "POST /xingrg/kc/pszx/mdps_list_operate.html HTTP/1.1" 200 1692
58.221.95.50 - - [05/Nov/2020:05:22:20 +0800] "GET /xingrg/check_reg.html?_=1604525127534 HTTP/1.1" 200 22
58.221.95.50 - - [05/Nov/2020:05:22:20 +0800] "GET /xingrg/all/function/internal_message.html?_=1604525127537&CODE_STATE=getMsg HTTP/1.1" 200 27
120.253.135.82 - - [05/Nov/2020:05:22:22 +0800] "POST /xingrg/kc/pszx/mdps_list_operate.html HTTP/1.1" 200 608
172.17.0.123 - - [05/Nov/2020:05:22:22 +0800] "GET /xingrg/all/function/internal_message.html?_=1604524896632&CODE_STATE=getMsg HTTP/1.1" 200 27
120.253.135.82 - - [05/Nov/2020:05:22:24 +0800] "GET /xingrg/kc/pszx/mdps_order_info.html?code=312020110500117 HTTP/1.1" 200 23887
120.253.135.82 - - [05/Nov/2020:05:22:25 +0800] "GET /xingrg/javascript/easyui/themes/default/validatebox.css HTTP/1.1" 404 1104
120.253.135.82 - - [05/Nov/2020:05:22:25 +0800] "POST /xingrg/kc/pszx/mdps_order_operate.html HTTP/1.1" 200 8982
120.253.135.82 - - [05/Nov/2020:05:22:26 +0800] "POST /xingrg/kc/pszx/mdps_list_operate.html HTTP/1.1" 200 1692
120.253.135.82 - - [05/Nov/2020:05:22:28 +0800] "POST /xingrg/kc/pszx/mdps_list_operate.html HTTP/1.1" 200 608
120.253.135.82 - - [05/Nov/2020:05:22:29 +0800] "GET /xingrg/kc/pszx/mdps_order_info.html?code=312020110500117 HTTP/1.1" 200 23887
120.253.135.82 - - [05/Nov/2020:05:22:30 +0800] "POST /xingrg/kc/pszx/mdps_order_operate.html HTTP/1.1" 200 8982
120.253.135.82 - - [05/Nov/2020:05:22:30 +0800] "GET /xingrg/javascript/easyui/themes/default/validatebox.css HTTP/1.1" 404 1104
114.84.37.38 - - [05/Nov/2020:05:22:32 +0800] "GET /xingrg/check_reg.html?_=1604524948759 HTTP/1.1" 200 22
120.253.135.82 - - [05/Nov/2020:05:22:33 +0800] "GET /xingrg/all/function/internal_message.html?_=1604524697804&CODE_STATE=getMsg HTTP/1.1" 200 27
120.253.135.82 - - [05/Nov/2020:05:22:38 +0800] "GET /xingrg/all/function/internal_message.html?_=1604525007113&CODE_STATE=getMsg HTTP/1.1" 200 27
114.84.37.38 - - [05/Nov/2020:05:22:40 +0800] "GET /xingrg/all/function/internal_message.html?_=1604524957448&CODE_STATE=getMsg HTTP/1.1" 200 27
120.253.135.82 - - [05/Nov/2020:05:22:42 +0800] "POST /xingrg/kc/pszx/mdps_list_operate.html HTTP/1.1" 200 1692
120.253.135.82 - - [05/Nov/2020:05:22:43 +0800] "POST /xingrg/kc/pszx/mdps_list_operate.html HTTP/1.1" 200 608
120.253.135.82 - - [05/Nov/2020:05:22:44 +0800] "GET /xingrg/kc/pszx/mdps_order_info.html?code=312020110500117 HTTP/1.1" 200 23887
120.253.135.82 - - [05/Nov/2020:05:22:44 +0800] "POST /xingrg/kc/pszx/mdps_order_operate.html HTTP/1.1" 200 8982
120.253.135.82 - - [05/Nov/2020:05:22:44 +0800] "GET /xingrg/javascript/easyui/themes/default/validatebox.css HTTP/1.1" 404 1104
172.17.0.185 - - [05/Nov/2020:05:22:45 +0800] "GET /xingrg/check_reg.html?_=1604524963457 HTTP/1.1" 200 22
172.17.0.185 - - [05/Nov/2020:05:22:45 +0800] "GET /xingrg/all/function/internal_message.html?_=1604524963460&CODE_STATE=getMsg HTTP/1.1" 200 27
120.253.135.82 - - [05/Nov/2020:05:22:46 +0800] "GET /xingrg/kc/print/load_data.html?order_code=312020110500117&kc_code=mdps&condition= HTTP/1.1" 200 3845
172.17.0.115 - - [05/Nov/2020:05:22:50 +0800] "GET /xingrg/check_reg.html?_=1604524981040 HTTP/1.1" 200 22
114.84.37.38 - - [05/Nov/2020:05:22:52 +0800] "GET /xingrg/all/function/internal_message.html?_=1604524994353&CODE_STATE=getMsg HTTP/1.1" 200 27
120.253.135.82 - - [05/Nov/2020:05:22:53 +0800] "POST /xingrg/kc/pszx/mdps_list_operate.html HTTP/1.1" 200 1692
180.174.56.115 - - [05/Nov/2020:05:22:54 +0800] "GET /xingrg/all/function/internal_message.html?_=1604524971831&CODE_STATE=getMsg HTTP/1.1" 200 27
114.88.166.242 - - [05/Nov/2020:05:22:54 +0800] "GET /xingrg/all/function/internal_message.html?_=1604524969954&CODE_STATE=getMsg HTTP/1.1" 200 27
172.17.0.240 - - [05/Nov/2020:05:23:02 +0800] "GET /xingrg/all/function/internal_message.html?_=1604524979928&CODE_STATE=getMsg HTTP/1.1" 200 27
117.184.7.30 - - [05/Nov/2020:05:23:04 +0800] "GET /xingrg/all/function/internal_message.html?_=1604525945341&CODE_STATE=getMsg HTTP/1.1" 200 27
172.17.0.115 - - [05/Nov/2020:05:23:04 +0800] "GET /xingrg/all/function/internal_message.html?_=1604524995501&CODE_STATE=getMsg HTTP/1.1" 200 27
58.221.95.50 - - [05/Nov/2020:05:23:20 +0800] "GET /xingrg/all/function/internal_message.html?_=1604525187523&CODE_STATE=getMsg HTTP/1.1" 200 27
172.17.0.123 - - [05/Nov/2020:05:23:22 +0800] "GET /xingrg/all/function/internal_message.html?_=1604524956634&CODE_STATE=getMsg HTTP/1.1" 200 27
120.253.135.82 - - [05/Nov/2020:05:23:33 +0800] "GET /xingrg/all/function/internal_message.html?_=1604524757940&CODE_STATE=getMsg HTTP/1.1" 200 27
117.184.7.30 - - [05/Nov/2020:05:23:36 +0800] "POST /xingrg/services/DataTransmitService HTTP/1.1" 200 524
120.253.135.82 - - [05/Nov/2020:05:23:39 +0800] "GET /xingrg/all/function/internal_message.html?_=1604525067129&CODE_STATE=getMsg HTTP/1.1" 200 27
114.84.37.38 - - [05/Nov/2020:05:23:40 +0800] "GET /xingrg/all/function/internal_message.html?_=1604525017462&CODE_STATE=getMsg HTTP/1.1" 200 27
172.17.0.185 - - [05/Nov/2020:05:23:45 +0800] "GET /xingrg/all/function/internal_message.html?_=1604525023462&CODE_STATE=getMsg HTTP/1.1" 200 27
114.84.37.38 - - [05/Nov/2020:05:23:52 +0800] "GET /xingrg/all/function/internal_message.html?_=1604525054366&CODE_STATE=getMsg HTTP/1.1" 200 27
180.174.56.115 - - [05/Nov/2020:05:23:54 +0800] "GET /xingrg/all/function/internal_message.html?_=1604525031839&CODE_STATE=getMsg HTTP/1.1" 200 27
180.174.56.115 - - [05/Nov/2020:05:23:54 +0800] "GET /xingrg/check_reg.html?_=1604525031840 HTTP/1.1" 200 22
114.88.166.242 - - [05/Nov/2020:05:23:54 +0800] "GET /xingrg/all/function/internal_message.html?_=1604525029963&CODE_STATE=getMsg HTTP/1.1" 200 27
172.17.0.240 - - [05/Nov/2020:05:24:02 +0800] "GET /xingrg/all/function/internal_message.html?_=1604525039932&CODE_STATE=getMsg HTTP/1.1" 200 27
117.184.7.30 - - [05/Nov/2020:05:24:04 +0800] "GET /xingrg/all/function/internal_message.html?_=1604526005340&CODE_STATE=getMsg HTTP/1.1" 200 27
172.17.0.115 - - [05/Nov/2020:05:24:04 +0800] "GET /xingrg/all/function/internal_message.html?_=1604525055516&CODE_STATE=getMsg HTTP/1.1" 200 27
58.221.95.50 - - [05/Nov/2020:05:24:20 +0800] "GET /xingrg/all/function/internal_message.html?_=1604525247523&CODE_STATE=getMsg HTTP/1.1" 200 27
172.17.0.123 - - [05/Nov/2020:05:24:22 +0800] "GET /xingrg/all/function/internal_message.html?_=1604525016636&CODE_STATE=getMsg HTTP/1.1" 200 27
120.253.135.82 - - [05/Nov/2020:05:24:30 +0800] "GET /xingrg/check_reg.html?_=1604525118471 HTTP/1.1" 200 22
120.253.135.82 - - [05/Nov/2020:05:24:33 +0800] "GET /xingrg/all/function/internal_message.html?_=1604524817957&CODE_STATE=getMsg HTTP/1.1" 200 27
120.253.135.82 - - [05/Nov/2020:05:24:39 +0800] "GET /xingrg/all/function/internal_message.html?_=1604525127139&CODE_STATE=getMsg HTTP/1.1" 200 27
114.84.37.38 - - [05/Nov/2020:05:24:40 +0800] "GET /xingrg/all/function/internal_message.html?_=1604525077486&CODE_STATE=getMsg HTTP/1.1" 200 27
172.17.0.185 - - [05/Nov/2020:05:24:45 +0800] "GET /xingrg/all/function/internal_message.html?_=1604525083466&CODE_STATE=getMsg HTTP/1.1" 200 27
114.84.37.38 - - [05/Nov/2020:05:24:52 +0800] "GET /xingrg/all/function/internal_message.html?_=1604525114729&CODE_STATE=getMsg HTTP/1.1" 200 27
180.174.56.115 - - [05/Nov/2020:05:24:54 +0800] "GET /xingrg/all/function/internal_message.html?_=1604525091836&CODE_STATE=getMsg HTTP/1.1" 200 27
114.88.166.242 - - [05/Nov/2020:05:24:54 +0800] "GET /xingrg/all/function/internal_message.html?_=1604525089997&CODE_STATE=getMsg HTTP/1.1" 200 27
172.17.0.240 - - [05/Nov/2020:05:25:02 +0800] "GET /xingrg/all/function/internal_message.html?_=1604525099935&CODE_STATE=getMsg HTTP/1.1" 200 27
172.17.0.240 - - [05/Nov/2020:05:25:02 +0800] "GET /xingrg/check_reg.html?_=1604525099936 HTTP/1.1" 200 22
117.184.7.30 - - [05/Nov/2020:05:25:04 +0800] "GET /xingrg/all/function/internal_message.html?_=1604526065339&CODE_STATE=getMsg HTTP/1.1" 200 27
172.17.0.115 - - [05/Nov/2020:05:25:04 +0800] "GET /xingrg/all/function/internal_message.html?_=1604525115540&CODE_STATE=getMsg HTTP/1.1" 200 27
58.221.95.50 - - [05/Nov/2020:05:25:20 +0800] "GET /xingrg/all/function/internal_message.html?_=1604525307523&CODE_STATE=getMsg HTTP/1.1" 200 27
172.17.0.123 - - [05/Nov/2020:05:25:22 +0800] "GET /xingrg/check_reg.html?_=1604525076622 HTTP/1.1" 200 22
172.17.0.123 - - [05/Nov/2020:05:25:22 +0800] "GET /xingrg/all/function/internal_message.html?_=1604525076624&CODE_STATE=getMsg HTTP/1.1" 200 27
114.88.166.242 - - [05/Nov/2020:05:25:33 +0800] "GET /xingrg/check_reg.html?_=1604525128436 HTTP/1.1" 200 22
120.253.135.82 - - [05/Nov/2020:05:25:33 +0800] "GET /xingrg/all/function/internal_message.html?_=1604524878095&CODE_STATE=getMsg HTTP/1.1" 200 27
114.84.37.38 - - [05/Nov/2020:05:25:33 +0800] "GET /xingrg/check_reg.html?_=1604525125907 HTTP/1.1" 302 -
120.253.135.82 - - [05/Nov/2020:05:25:39 +0800] "GET /xingrg/all/function/internal_message.html?_=1604525187154&CODE_STATE=getMsg HTTP/1.1" 200 27
114.84.37.38 - - [05/Nov/2020:05:25:40 +0800] "GET /xingrg/all/function/internal_message.html?_=1604525137489&CODE_STATE=getMsg HTTP/1.1" 200 27
172.17.0.185 - - [05/Nov/2020:05:25:45 +0800] "GET /xingrg/all/function/internal_message.html?_=1604525143456&CODE_STATE=getMsg HTTP/1.1" 200 27
120.253.135.82 - - [05/Nov/2020:05:25:46 +0800] "GET /xingrg/check_reg.html?_=1604524890762 HTTP/1.1" 200 22
114.84.37.38 - - [05/Nov/2020:05:25:52 +0800] "GET /xingrg/all/function/internal_message.html?_=1604525174736&CODE_STATE=getMsg HTTP/1.1" 200 27
180.174.56.115 - - [05/Nov/2020:05:25:54 +0800] "GET /xingrg/all/function/internal_message.html?_=1604525151839&CODE_STATE=getMsg HTTP/1.1" 200 27
114.88.166.242 - - [05/Nov/2020:05:25:54 +0800] "GET /xingrg/all/function/internal_message.html?_=1604525150006&CODE_STATE=getMsg HTTP/1.1" 200 27
172.17.0.240 - - [05/Nov/2020:05:26:02 +0800] "GET /xingrg/all/function/internal_message.html?_=1604525159939&CODE_STATE=getMsg HTTP/1.1" 200 27
117.184.7.30 - - [05/Nov/2020:05:26:04 +0800] "GET /xingrg/check_reg.html?_=1604526125342 HTTP/1.1" 200 22
117.184.7.30 - - [05/Nov/2020:05:26:04 +0800] "GET /xingrg/all/function/internal_message.html?_=1604526125339&CODE_STATE=getMsg HTTP/1.1" 200 27
172.17.0.115 - - [05/Nov/2020:05:26:04 +0800] "GET /xingrg/all/function/internal_message.html?_=1604525175542&CODE_STATE=getMsg HTTP/1.1" 200 27
58.221.95.50 - - [05/Nov/2020:05:26:20 +0800] "GET /xingrg/all/function/internal_message.html?_=1604525367525&CODE_STATE=getMsg HTTP/1.1" 200 27
172.17.0.123 - - [05/Nov/2020:05:26:22 +0800] "GET /xingrg/all/function/internal_message.html?_=1604525136624&CODE_STATE=getMsg HTTP/1.1" 200 27
120.253.135.82 - - [05/Nov/2020:05:26:33 +0800] "GET /xingrg/all/function/internal_message.html?_=1604524938108&CODE_STATE=getMsg HTTP/1.1" 200 27
120.253.135.82 - - [05/Nov/2020:05:26:39 +0800] "GET /xingrg/all/function/internal_message.html?_=1604525247171&CODE_STATE=getMsg HTTP/1.1" 200 27
114.84.37.38 - - [05/Nov/2020:05:26:40 +0800] "GET /xingrg/all/function/internal_message.html?_=1604525197513&CODE_STATE=getMsg HTTP/1.1" 200 27
172.17.0.185 - - [05/Nov/2020:05:26:45 +0800] "GET /xingrg/all/function/internal_message.html?_=1604525203460&CODE_STATE=getMsg HTTP/1.1" 200 27
114.84.37.38 - - [05/Nov/2020:05:26:53 +0800] "GET /xingrg/all/function/internal_message.html?_=1604525235099&CODE_STATE=getMsg HTTP/1.1" 200 27
180.174.56.115 - - [05/Nov/2020:05:26:54 +0800] "GET /xingrg/all/function/internal_message.html?_=1604525211854&CODE_STATE=getMsg HTTP/1.1" 200 27
114.88.166.242 - - [05/Nov/2020:05:26:54 +0800] "GET /xingrg/all/function/internal_message.html?_=1604525210021&CODE_STATE=getMsg HTTP/1.1" 200 27
114.84.37.38 - - [05/Nov/2020:05:26:59 +0800] "GET /xingrg/check_reg.html?_=1604525241585 HTTP/1.1" 200 22
172.17.0.240 - - [05/Nov/2020:05:27:02 +0800] "GET /xingrg/all/function/internal_message.html?_=1604525219927&CODE_STATE=getMsg HTTP/1.1" 200 27
117.184.7.30 - - [05/Nov/2020:05:27:04 +0800] "GET /xingrg/all/function/internal_message.html?_=1604526185340&CODE_STATE=getMsg HTTP/1.1" 200 27
172.17.0.115 - - [05/Nov/2020:05:27:04 +0800] "GET /xingrg/all/function/internal_message.html?_=1604525235568&CODE_STATE=getMsg HTTP/1.1" 200 27
58.221.95.50 - - [05/Nov/2020:05:27:20 +0800] "GET /xingrg/all/function/internal_message.html?_=1604525427526&CODE_STATE=getMsg HTTP/1.1" 200 27
58.221.95.50 - - [05/Nov/2020:05:27:20 +0800] "GET /xingrg/check_reg.html?_=1604525427529 HTTP/1.1" 200 22
172.17.0.123 - - [05/Nov/2020:05:27:22 +0800] "GET /xingrg/all/function/internal_message.html?_=1604525196626&CODE_STATE=getMsg HTTP/1.1" 200 27
114.84.37.38 - - [05/Nov/2020:05:27:32 +0800] "GET /xingrg/check_reg.html?_=1604525248769 HTTP/1.1" 200 22
120.253.135.82 - - [05/Nov/2020:05:27:33 +0800] "GET /xingrg/all/function/internal_message.html?_=1604524998123&CODE_STATE=getMsg HTTP/1.1" 200 27
120.253.135.82 - - [05/Nov/2020:05:27:39 +0800] "GET /xingrg/all/function/internal_message.html?_=1604525307180&CODE_STATE=getMsg HTTP/1.1" 200 27
114.84.37.38 - - [05/Nov/2020:05:27:40 +0800] "GET /xingrg/all/function/internal_message.html?_=1604525257516&CODE_STATE=getMsg HTTP/1.1" 200 27
172.17.0.185 - - [05/Nov/2020:05:27:45 +0800] "GET /xingrg/check_reg.html?_=1604525263464 HTTP/1.1" 200 22
172.17.0.185 - - [05/Nov/2020:05:27:45 +0800] "GET /xingrg/all/function/internal_message.html?_=1604525263469&CODE_STATE=getMsg HTTP/1.1" 200 27
172.17.0.115 - - [05/Nov/2020:05:27:50 +0800] "GET /xingrg/check_reg.html?_=1604525281048 HTTP/1.1" 200 22
114.84.37.38 - - [05/Nov/2020:05:27:53 +0800] "GET /xingrg/all/function/internal_message.html?_=1604525295107&CODE_STATE=getMsg HTTP/1.1" 200 27
180.174.56.115 - - [05/Nov/2020:05:27:54 +0800] "GET /xingrg/all/function/internal_message.html?_=1604525271855&CODE_STATE=getMsg HTTP/1.1" 200 27
114.88.166.242 - - [05/Nov/2020:05:27:54 +0800] "GET /xingrg/all/function/internal_message.html?_=1604525270053&CODE_STATE=getMsg HTTP/1.1" 200 27
172.17.0.240 - - [05/Nov/2020:05:28:02 +0800] "GET /xingrg/all/function/internal_message.html?_=1604525279929&CODE_STATE=getMsg HTTP/1.1" 200 27
117.184.7.30 - - [05/Nov/2020:05:28:04 +0800] "GET /xingrg/all/function/internal_message.html?_=1604526245339&CODE_STATE=getMsg HTTP/1.1" 200 27
172.17.0.115 - - [05/Nov/2020:05:28:04 +0800] "GET /xingrg/all/function/internal_message.html?_=1604525295569&CODE_STATE=getMsg HTTP/1.1" 200 27
58.221.95.50 - - [05/Nov/2020:05:28:20 +0800] "GET /xingrg/all/function/internal_message.html?_=1604525487530&CODE_STATE=getMsg HTTP/1.1" 200 27
172.17.0.123 - - [05/Nov/2020:05:28:22 +0800] "GET /xingrg/all/function/internal_message.html?_=1604525256628&CODE_STATE=getMsg HTTP/1.1" 200 27
120.253.135.82 - - [05/Nov/2020:05:28:33 +0800] "GET /xingrg/all/function/internal_message.html?_=1604525058262&CODE_STATE=getMsg HTTP/1.1" 200 27
120.253.135.82 - - [05/Nov/2020:05:28:39 +0800] "GET /xingrg/all/function/internal_message.html?_=1604525367197&CODE_STATE=getMsg HTTP/1.1" 200 27
114.84.37.38 - - [05/Nov/2020:05:28:40 +0800] "GET /xingrg/all/function/internal_message.html?_=1604525317530&CODE_STATE=getMsg HTTP/1.1" 200 27
172.17.0.185 - - [05/Nov/2020:05:28:45 +0800] "GET /xingrg/all/function/internal_message.html?_=1604525323456&CODE_STATE=getMsg HTTP/1.1" 200 27
120.253.135.82 - - [05/Nov/2020:05:28:47 +0800] "GET /xingrg/kc/pszx/mdqp_order_list.html?state=10 HTTP/1.1" 200 16347
120.253.135.82 - - [05/Nov/2020:05:28:47 +0800] "GET /xingrg/dwr/interface/AjaxReportQueryService.js HTTP/1.1" 200 13203
120.253.135.82 - - [05/Nov/2020:05:28:47 +0800] "GET /xingrg/dwr/interface/AjaxQqpsService.js HTTP/1.1" 200 16326
120.253.135.82 - - [05/Nov/2020:05:28:47 +0800] "GET /xingrg/dwr/engine.js HTTP/1.1" 200 43631
180.162.245.190 - - [05/Nov/2020:05:28:48 +0800] "POST /xingrg/services/DataTransmitService HTTP/1.1" 200 524
114.84.37.38 - - [05/Nov/2020:05:28:53 +0800] "GET /xingrg/all/function/internal_message.html?_=1604525355121&CODE_STATE=getMsg HTTP/1.1" 200 27
180.174.56.115 - - [05/Nov/2020:05:28:54 +0800] "GET /xingrg/check_reg.html?_=1604525331855 HTTP/1.1" 200 22
180.174.56.115 - - [05/Nov/2020:05:28:54 +0800] "GET /xingrg/all/function/internal_message.html?_=1604525331856&CODE_STATE=getMsg HTTP/1.1" 200 27
114.88.166.242 - - [05/Nov/2020:05:28:54 +0800] "GET /xingrg/all/function/internal_message.html?_=1604525330063&CODE_STATE=getMsg HTTP/1.1" 200 27
120.253.135.82 - - [05/Nov/2020:05:28:56 +0800] "GET /xingrg/kc/pszx/mdqp_order_info.html?code=302020110400081 HTTP/1.1" 200 13338
120.253.135.82 - - [05/Nov/2020:05:28:56 +0800] "GET /xingrg/dwr/engine.js HTTP/1.1" 200 43631
120.253.135.82 - - [05/Nov/2020:05:28:56 +0800] "GET /xingrg/dwr/interface/AjaxQqpsService.js HTTP/1.1" 200 16326
120.253.135.82 - - [05/Nov/2020:05:28:56 +0800] "GET /xingrg/dwr/interface/AjaxComOrderService.js HTTP/1.1" 200 18264
120.253.135.82 - - [05/Nov/2020:05:28:56 +0800] "POST /xingrg/dwr/call/plaincall/AjaxQqpsService.loadMaterielItems.dwr HTTP/1.1" 200 331
120.253.135.82 - - [05/Nov/2020:05:29:00 +0800] "GET /xingrg/images/yd/bt.gif HTTP/1.1" 404 1040
172.17.0.240 - - [05/Nov/2020:05:29:02 +0800] "GET /xingrg/all/function/internal_message.html?_=1604525339931&CODE_STATE=getMsg HTTP/1.1" 200 27
120.253.135.82 - - [05/Nov/2020:05:29:03 +0800] "GET /xingrg/kc/pszx/mdqp_order_list.html?isBack=1 HTTP/1.1" 302 -
120.253.135.82 - - [05/Nov/2020:05:29:03 +0800] "GET /xingrg/kc/pszx/mdqp_order_list.html?state=10 HTTP/1.1" 200 16347
117.184.7.30 - - [05/Nov/2020:05:29:04 +0800] "GET /xingrg/all/function/internal_message.html?_=1604526305338&CODE_STATE=getMsg HTTP/1.1" 200 27
120.253.135.82 - - [05/Nov/2020:05:29:04 +0800] "GET /xingrg/dwr/interface/AjaxReportQueryService.js HTTP/1.1" 200 13203
120.253.135.82 - - [05/Nov/2020:05:29:04 +0800] "GET /xingrg/dwr/interface/AjaxQqpsService.js HTTP/1.1" 200 16326
120.253.135.82 - - [05/Nov/2020:05:29:04 +0800] "GET /xingrg/dwr/engine.js HTTP/1.1" 200 43631
172.17.0.115 - - [05/Nov/2020:05:29:04 +0800] "GET /xingrg/all/function/internal_message.html?_=1604525355583&CODE_STATE=getMsg HTTP/1.1" 200 27
120.253.135.82 - - [05/Nov/2020:05:29:06 +0800] "GET /xingrg/kc/pszx/mdqp_order_info.html?code=302020110400082 HTTP/1.1" 200 13338
120.253.135.82 - - [05/Nov/2020:05:29:07 +0800] "GET /xingrg/dwr/interface/AjaxComOrderService.js HTTP/1.1" 200 18264
120.253.135.82 - - [05/Nov/2020:05:29:07 +0800] "GET /xingrg/dwr/interface/AjaxQqpsService.js HTTP/1.1" 200 16326
120.253.135.82 - - [05/Nov/2020:05:29:07 +0800] "GET /xingrg/dwr/engine.js HTTP/1.1" 200 43631
120.253.135.82 - - [05/Nov/2020:05:29:07 +0800] "POST /xingrg/dwr/call/plaincall/AjaxQqpsService.loadMaterielItems.dwr HTTP/1.1" 200 3976
120.253.135.82 - - [05/Nov/2020:05:29:12 +0800] "GET /xingrg/images/yd/bt.gif HTTP/1.1" 404 1040
120.253.135.82 - - [05/Nov/2020:05:29:12 +0800] "GET /xingrg/images/yd/bt2.gif HTTP/1.1" 404 1042
58.221.95.50 - - [05/Nov/2020:05:29:20 +0800] "GET /xingrg/all/function/internal_message.html?_=1604525547531&CODE_STATE=getMsg HTTP/1.1" 200 27
172.17.0.123 - - [05/Nov/2020:05:29:22 +0800] "GET /xingrg/all/function/internal_message.html?_=1604525316632&CODE_STATE=getMsg HTTP/1.1" 200 27
120.253.135.82 - - [05/Nov/2020:05:29:27 +0800] "GET /xingrg/kc/pszx/mdqp_order_list.html?isBack=1 HTTP/1.1" 302 -
120.253.135.82 - - [05/Nov/2020:05:29:27 +0800] "GET /xingrg/kc/pszx/mdqp_order_list.html?state=10 HTTP/1.1" 200 16347
120.253.135.82 - - [05/Nov/2020:05:29:27 +0800] "GET /xingrg/dwr/interface/AjaxQqpsService.js HTTP/1.1" 200 16326
120.253.135.82 - - [05/Nov/2020:05:29:27 +0800] "GET /xingrg/dwr/interface/AjaxReportQueryService.js HTTP/1.1" 200 13203
120.253.135.82 - - [05/Nov/2020:05:29:27 +0800] "GET /xingrg/dwr/engine.js HTTP/1.1" 200 43631
120.253.135.82 - - [05/Nov/2020:05:29:29 +0800] "GET /xingrg/kc/pszx/mdqp_order_info.html?code=302020110400082 HTTP/1.1" 200 13338
120.253.135.82 - - [05/Nov/2020:05:29:30 +0800] "GET /xingrg/dwr/interface/AjaxQqpsService.js HTTP/1.1" 200 16326
120.253.135.82 - - [05/Nov/2020:05:29:30 +0800] "GET /xingrg/dwr/engine.js HTTP/1.1" 200 43631
120.253.135.82 - - [05/Nov/2020:05:29:30 +0800] "GET /xingrg/dwr/interface/AjaxComOrderService.js HTTP/1.1" 200 18264
120.253.135.82 - - [05/Nov/2020:05:29:30 +0800] "GET /xingrg/check_reg.html?_=1604525418476 HTTP/1.1" 200 22
120.253.135.82 - - [05/Nov/2020:05:29:30 +0800] "POST /xingrg/dwr/call/plaincall/AjaxQqpsService.loadMaterielItems.dwr HTTP/1.1" 200 3976
120.253.135.82 - - [05/Nov/2020:05:29:33 +0800] "GET /xingrg/all/function/internal_message.html?_=1604525118274&CODE_STATE=getMsg HTTP/1.1" 200 27
120.253.135.82 - - [05/Nov/2020:05:29:34 +0800] "GET /xingrg/images/yd/bt.gif HTTP/1.1" 404 1040
120.253.135.82 - - [05/Nov/2020:05:29:34 +0800] "GET /xingrg/images/yd/bt2.gif HTTP/1.1" 404 1042
120.253.135.82 - - [05/Nov/2020:05:29:35 +0800] "GET /xingrg/kc/pszx/mdqp_order_list.html?isBack=1 HTTP/1.1" 302 -
120.253.135.82 - - [05/Nov/2020:05:29:35 +0800] "GET /xingrg/kc/pszx/mdqp_order_list.html?state=10 HTTP/1.1" 200 16347
120.253.135.82 - - [05/Nov/2020:05:29:35 +0800] "GET /xingrg/dwr/interface/AjaxReportQueryService.js HTTP/1.1" 200 13203
120.253.135.82 - - [05/Nov/2020:05:29:35 +0800] "GET /xingrg/dwr/interface/AjaxQqpsService.js HTTP/1.1" 200 16326
120.253.135.82 - - [05/Nov/2020:05:29:35 +0800] "GET /xingrg/dwr/engine.js HTTP/1.1" 200 43631
120.253.135.82 - - [05/Nov/2020:05:29:37 +0800] "GET /xingrg/kc/pszx/mdqp_order_info.html?code=302020110400084 HTTP/1.1" 200 13338
120.253.135.82 - - [05/Nov/2020:05:29:38 +0800] "GET /xingrg/dwr/interface/AjaxComOrderService.js HTTP/1.1" 200 18264
120.253.135.82 - - [05/Nov/2020:05:29:38 +0800] "GET /xingrg/dwr/engine.js HTTP/1.1" 200 43631
120.253.135.82 - - [05/Nov/2020:05:29:38 +0800] "GET /xingrg/dwr/interface/AjaxQqpsService.js HTTP/1.1" 200 16326
120.253.135.82 - - [05/Nov/2020:05:29:38 +0800] "POST /xingrg/dwr/call/plaincall/AjaxQqpsService.loadMaterielItems.dwr HTTP/1.1" 200 3585
120.253.135.82 - - [05/Nov/2020:05:29:39 +0800] "GET /xingrg/all/function/internal_message.html?_=1604525427208&CODE_STATE=getMsg HTTP/1.1" 200 27
114.84.37.38 - - [05/Nov/2020:05:29:40 +0800] "GET /xingrg/all/function/internal_message.html?_=1604525377554&CODE_STATE=getMsg HTTP/1.1" 200 27
172.17.0.185 - - [05/Nov/2020:05:29:45 +0800] "GET /xingrg/all/function/internal_message.html?_=1604525383462&CODE_STATE=getMsg HTTP/1.1" 200 27
114.84.37.38 - - [05/Nov/2020:05:29:53 +0800] "GET /xingrg/all/function/internal_message.html?_=1604525415492&CODE_STATE=getMsg HTTP/1.1" 200 27
180.174.56.115 - - [05/Nov/2020:05:29:54 +0800] "GET /xingrg/all/function/internal_message.html?_=1604525391840&CODE_STATE=getMsg HTTP/1.1" 200 27
114.88.166.242 - - [05/Nov/2020:05:29:54 +0800] "GET /xingrg/all/function/internal_message.html?_=1604525390097&CODE_STATE=getMsg HTTP/1.1" 200 27
120.253.135.82 - - [05/Nov/2020:05:29:59 +0800] "GET /xingrg/images/yd/bt.gif HTTP/1.1" 404 1040
120.253.135.82 - - [05/Nov/2020:05:29:59 +0800] "GET /xingrg/images/yd/bt2.gif HTTP/1.1" 404 1042
172.17.0.240 - - [05/Nov/2020:05:30:02 +0800] "GET /xingrg/all/function/internal_message.html?_=1604525399934&CODE_STATE=getMsg HTTP/1.1" 200 27
172.17.0.240 - - [05/Nov/2020:05:30:02 +0800] "GET /xingrg/check_reg.html?_=1604525399935 HTTP/1.1" 200 22
117.184.7.30 - - [05/Nov/2020:05:30:04 +0800] "GET /xingrg/all/function/internal_message.html?_=1604526365353&CODE_STATE=getMsg HTTP/1.1" 200 27
172.17.0.115 - - [05/Nov/2020:05:30:04 +0800] "GET /xingrg/all/function/internal_message.html?_=1604525415609&CODE_STATE=getMsg HTTP/1.1" 200 27
120.253.135.82 - - [05/Nov/2020:05:30:07 +0800] "GET /xingrg/kc/pszx/mdqp_order_list.html?isBack=1 HTTP/1.1" 302 -
120.253.135.82 - - [05/Nov/2020:05:30:07 +0800] "GET /xingrg/kc/pszx/mdqp_order_list.html?state=10 HTTP/1.1" 200 16347
120.253.135.82 - - [05/Nov/2020:05:30:07 +0800] "GET /xingrg/dwr/interface/AjaxQqpsService.js HTTP/1.1" 200 16326
120.253.135.82 - - [05/Nov/2020:05:30:07 +0800] "GET /xingrg/dwr/interface/AjaxReportQueryService.js HTTP/1.1" 200 13203
120.253.135.82 - - [05/Nov/2020:05:30:07 +0800] "GET /xingrg/dwr/engine.js HTTP/1.1" 200 43631
120.253.135.82 - - [05/Nov/2020:05:30:18 +0800] "GET /xingrg/kc/pszx/mdqp_order_info.html?code=302020110400074 HTTP/1.1" 200 13350
120.253.135.82 - - [05/Nov/2020:05:30:18 +0800] "GET /xingrg/dwr/interface/AjaxQqpsService.js HTTP/1.1" 200 16326
120.253.135.82 - - [05/Nov/2020:05:30:18 +0800] "GET /xingrg/dwr/interface/AjaxComOrderService.js HTTP/1.1" 200 18264
120.253.135.82 - - [05/Nov/2020:05:30:18 +0800] "GET /xingrg/dwr/engine.js HTTP/1.1" 200 43631
120.253.135.82 - - [05/Nov/2020:05:30:19 +0800] "POST /xingrg/dwr/call/plaincall/AjaxQqpsService.loadMaterielItems.dwr HTTP/1.1" 200 3296
120.253.135.82 - - [05/Nov/2020:05:30:20 +0800] "GET /xingrg/images/yd/bt.gif HTTP/1.1" 404 1040
120.253.135.82 - - [05/Nov/2020:05:30:20 +0800] "GET /xingrg/images/yd/bt2.gif HTTP/1.1" 404 1042
58.221.95.50 - - [05/Nov/2020:05:30:20 +0800] "GET /xingrg/all/function/internal_message.html?_=1604525607532&CODE_STATE=getMsg HTTP/1.1" 200 27
120.253.135.82 - - [05/Nov/2020:05:30:22 +0800] "GET /xingrg/kc/pszx/mdqp_order_list.html?isBack=1 HTTP/1.1" 302 -
120.253.135.82 - - [05/Nov/2020:05:30:22 +0800] "GET /xingrg/kc/pszx/mdqp_order_list.html?state=10 HTTP/1.1" 200 16347
120.253.135.82 - - [05/Nov/2020:05:30:22 +0800] "GET /xingrg/dwr/interface/AjaxQqpsService.js HTTP/1.1" 200 16326
120.253.135.82 - - [05/Nov/2020:05:30:22 +0800] "GET /xingrg/dwr/interface/AjaxReportQueryService.js HTTP/1.1" 200 13203
120.253.135.82 - - [05/Nov/2020:05:30:22 +0800] "GET /xingrg/dwr/engine.js HTTP/1.1" 200 43631
172.17.0.123 - - [05/Nov/2020:05:30:22 +0800] "GET /xingrg/check_reg.html?_=1604525376634 HTTP/1.1" 200 22
172.17.0.123 - - [05/Nov/2020:05:30:22 +0800] "GET /xingrg/all/function/internal_message.html?_=1604525376634&CODE_STATE=getMsg HTTP/1.1" 200 27
120.253.135.82 - - [05/Nov/2020:05:30:28 +0800] "GET /xingrg/kc/pszx/jzcl_ps.html HTTP/1.1" 200 7683
120.253.135.82 - - [05/Nov/2020:05:30:28 +0800] "POST /xingrg/all/common/load_tree.html?tree=area_rest_tree_json HTTP/1.1" 200 3350
120.253.135.82 - - [05/Nov/2020:05:30:28 +0800] "POST /xingrg/kc/pszx/jzcl_ps_operate.html HTTP/1.1" 200 7713
120.253.135.82 - - [05/Nov/2020:05:30:28 +0800] "POST /xingrg/kc/pszx/jzcl_ps_operate.html HTTP/1.1" 200 7713
114.88.166.242 - - [05/Nov/2020:05:30:33 +0800] "GET /xingrg/check_reg.html?_=1604525428442 HTTP/1.1" 200 22
114.84.37.38 - - [05/Nov/2020:05:30:33 +0800] "GET /xingrg/check_reg.html?_=1604525425902 HTTP/1.1" 302 -
120.253.135.82 - - [05/Nov/2020:05:30:33 +0800] "GET /xingrg/all/function/internal_message.html?_=1604525178448&CODE_STATE=getMsg HTTP/1.1" 200 27
120.253.135.82 - - [05/Nov/2020:05:30:38 +0800] "POST /xingrg/kc/pszx/jzcl_ps_operate.html HTTP/1.1" 200 4
120.253.135.82 - - [05/Nov/2020:05:30:39 +0800] "GET /xingrg/all/function/internal_message.html?_=1604525487222&CODE_STATE=getMsg HTTP/1.1" 200 27
114.84.37.38 - - [05/Nov/2020:05:30:40 +0800] "GET /xingrg/all/function/internal_message.html?_=1604525437557&CODE_STATE=getMsg HTTP/1.1" 200 27
120.253.135.82 - - [05/Nov/2020:05:30:41 +0800] "GET /xingrg/kc/pszx/mdps_order_list.html HTTP/1.1" 200 21238
120.253.135.82 - - [05/Nov/2020:05:30:41 +0800] "POST /xingrg/kc/pszx/jzcl_ps_operate.html HTTP/1.1" 200 6854
120.253.135.82 - - [05/Nov/2020:05:30:42 +0800] "POST /xingrg/kc/pszx/mdps_list_operate.html HTTP/1.1" 200 5196
120.253.135.82 - - [05/Nov/2020:05:30:44 +0800] "GET /xingrg/kc/pszx/jzcl_ps.html HTTP/1.1" 200 7683
120.253.135.82 - - [05/Nov/2020:05:30:45 +0800] "POST /xingrg/all/common/load_tree.html?tree=area_rest_tree_json HTTP/1.1" 200 3350
120.253.135.82 - - [05/Nov/2020:05:30:45 +0800] "POST /xingrg/kc/pszx/jzcl_ps_operate.html HTTP/1.1" 200 6854
172.17.0.185 - - [05/Nov/2020:05:30:45 +0800] "GET /xingrg/all/function/internal_message.html?_=1604525443466&CODE_STATE=getMsg HTTP/1.1" 200 27
120.253.135.82 - - [05/Nov/2020:05:30:45 +0800] "POST /xingrg/kc/pszx/jzcl_ps_operate.html HTTP/1.1" 200 6854
120.253.135.82 - - [05/Nov/2020:05:30:46 +0800] "GET /xingrg/check_reg.html?_=1604525190793 HTTP/1.1" 200 22
114.84.37.38 - - [05/Nov/2020:05:30:53 +0800] "GET /xingrg/all/function/internal_message.html?_=1604525475506&CODE_STATE=getMsg HTTP/1.1" 200 27
180.174.56.115 - - [05/Nov/2020:05:30:54 +0800] "GET /xingrg/all/function/internal_message.html?_=1604525451875&CODE_STATE=getMsg HTTP/1.1" 200 27
114.88.166.242 - - [05/Nov/2020:05:30:54 +0800] "GET /xingrg/all/function/internal_message.html?_=1604525450105&CODE_STATE=getMsg HTTP/1.1" 200 27
120.253.135.82 - - [05/Nov/2020:05:30:58 +0800] "POST /xingrg/kc/pszx/jzcl_ps_operate.html HTTP/1.1" 200 4
120.253.135.82 - - [05/Nov/2020:05:30:59 +0800] "GET /xingrg/kc/pszx/mdps_order_list.html HTTP/1.1" 200 21238
120.253.135.82 - - [05/Nov/2020:05:31:00 +0800] "POST /xingrg/kc/pszx/jzcl_ps_operate.html HTTP/1.1" 200 4748
120.253.135.82 - - [05/Nov/2020:05:31:00 +0800] "POST /xingrg/kc/pszx/mdps_list_operate.html HTTP/1.1" 200 5267
172.17.0.240 - - [05/Nov/2020:05:31:02 +0800] "GET /xingrg/all/function/internal_message.html?_=1604525459949&CODE_STATE=getMsg HTTP/1.1" 200 27
117.184.7.30 - - [05/Nov/2020:05:31:04 +0800] "GET /xingrg/check_reg.html?_=1604526425340 HTTP/1.1" 200 22
117.184.7.26 - - [05/Nov/2020:05:31:04 +0800] "GET /xingrg/all/function/internal_message.html?_=1604526425341&CODE_STATE=getMsg HTTP/1.1" 200 27
172.17.0.115 - - [05/Nov/2020:05:31:04 +0800] "GET /xingrg/all/function/internal_message.html?_=1604525475611&CODE_STATE=getMsg HTTP/1.1" 200 27
120.253.135.82 - - [05/Nov/2020:05:31:09 +0800] "POST /xingrg/kc/pszx/mdps_list_operate.html HTTP/1.1" 200 2058
120.253.135.82 - - [05/Nov/2020:05:31:11 +0800] "POST /xingrg/kc/pszx/mdps_list_operate.html HTTP/1.1" 200 363
120.253.135.82 - - [05/Nov/2020:05:31:11 +0800] "GET /xingrg/kc/pszx/mdps_order_info.html?code=312020110500119 HTTP/1.1" 200 23885
120.253.135.82 - - [05/Nov/2020:05:31:12 +0800] "GET /xingrg/javascript/easyui/themes/default/validatebox.css HTTP/1.1" 404 1104
120.253.135.82 - - [05/Nov/2020:05:31:12 +0800] "POST /xingrg/kc/pszx/mdps_order_operate.html HTTP/1.1" 200 3251
120.253.135.82 - - [05/Nov/2020:05:31:15 +0800] "POST /xingrg/kc/pszx/mdps_order_operate.html HTTP/1.1" 200 37
120.253.135.82 - - [05/Nov/2020:05:31:16 +0800] "GET /xingrg/kc/pszx/mdps_order_info.html?code=312020110500119 HTTP/1.1" 200 23885
120.253.135.82 - - [05/Nov/2020:05:31:17 +0800] "GET /xingrg/javascript/easyui/themes/default/validatebox.css HTTP/1.1" 404 1104
120.253.135.82 - - [05/Nov/2020:05:31:17 +0800] "POST /xingrg/kc/pszx/mdps_order_operate.html HTTP/1.1" 200 3272
58.221.95.50 - - [05/Nov/2020:05:31:20 +0800] "GET /xingrg/all/function/internal_message.html?_=1604525667533&CODE_STATE=getMsg HTTP/1.1" 200 27
172.17.0.123 - - [05/Nov/2020:05:31:22 +0800] "GET /xingrg/all/function/internal_message.html?_=1604525436636&CODE_STATE=getMsg HTTP/1.1" 200 27
120.253.135.82 - - [05/Nov/2020:05:31:27 +0800] "POST /xingrg/kc/pszx/mdps_list_operate.html HTTP/1.1" 200 445
120.253.135.82 - - [05/Nov/2020:05:31:27 +0800] "GET /xingrg/kc/pszx/mdps_order_info.html?code=312020110500120 HTTP/1.1" 200 23885
120.253.135.82 - - [05/Nov/2020:05:31:27 +0800] "GET /xingrg/javascript/easyui/themes/default/validatebox.css HTTP/1.1" 404 1104
120.253.135.82 - - [05/Nov/2020:05:31:28 +0800] "POST /xingrg/kc/pszx/mdps_order_operate.html HTTP/1.1" 200 3727
120.253.135.82 - - [05/Nov/2020:05:31:33 +0800] "GET /xingrg/all/function/internal_message.html?_=1604525238457&CODE_STATE=getMsg HTTP/1.1" 200 27
120.253.135.82 - - [05/Nov/2020:05:31:36 +0800] "POST /xingrg/kc/pszx/mdps_order_operate.html HTTP/1.1" 200 37
120.253.135.82 - - [05/Nov/2020:05:31:37 +0800] "GET /xingrg/kc/pszx/mdps_order_info.html?code=312020110500120 HTTP/1.1" 200 23885
120.253.135.82 - - [05/Nov/2020:05:31:37 +0800] "GET /xingrg/javascript/easyui/themes/default/validatebox.css HTTP/1.1" 404 1104
120.253.135.82 - - [05/Nov/2020:05:31:37 +0800] "POST /xingrg/kc/pszx/mdps_order_operate.html HTTP/1.1" 200 3756
120.253.135.82 - - [05/Nov/2020:05:31:39 +0800] "GET /xingrg/all/function/internal_message.html?_=1604525547237&CODE_STATE=getMsg HTTP/1.1" 200 27
114.84.37.38 - - [05/Nov/2020:05:31:40 +0800] "GET /xingrg/all/function/internal_message.html?_=1604525497582&CODE_STATE=getMsg HTTP/1.1" 200 27
172.17.0.185 - - [05/Nov/2020:05:31:45 +0800] "GET /xingrg/all/function/internal_message.html?_=1604525503470&CODE_STATE=getMsg HTTP/1.1" 200 27
114.84.37.38 - - [05/Nov/2020:05:31:54 +0800] "GET /xingrg/all/function/internal_message.html?_=1604525535869&CODE_STATE=getMsg HTTP/1.1" 200 27
180.174.56.115 - - [05/Nov/2020:05:31:54 +0800] "GET /xingrg/all/function/internal_message.html?_=1604525511859&CODE_STATE=getMsg HTTP/1.1" 200 27
114.88.166.242 - - [05/Nov/2020:05:31:54 +0800] "GET /xingrg/all/function/internal_message.html?_=1604525510119&CODE_STATE=getMsg HTTP/1.1" 200 27
114.84.37.38 - - [05/Nov/2020:05:31:59 +0800] "GET /xingrg/check_reg.html?_=1604525541589 HTTP/1.1" 200 22
172.17.0.240 - - [05/Nov/2020:05:32:02 +0800] "GET /xingrg/all/function/internal_message.html?_=1604525519942&CODE_STATE=getMsg HTTP/1.1" 200 27
117.184.7.30 - - [05/Nov/2020:05:32:04 +0800] "GET /xingrg/all/function/internal_message.html?_=1604526485339&CODE_STATE=getMsg HTTP/1.1" 200 27
172.17.0.115 - - [05/Nov/2020:05:32:04 +0800] "GET /xingrg/all/function/internal_message.html?_=1604525535636&CODE_STATE=getMsg HTTP/1.1" 200 27
58.221.95.50 - - [05/Nov/2020:05:32:20 +0800] "GET /xingrg/check_reg.html?_=1604525727520 HTTP/1.1" 200 22
58.221.95.50 - - [05/Nov/2020:05:32:20 +0800] "GET /xingrg/all/function/internal_message.html?_=1604525727523&CODE_STATE=getMsg HTTP/1.1" 200 27
172.17.0.123 - - [05/Nov/2020:05:32:22 +0800] "GET /xingrg/all/function/internal_message.html?_=1604525496622&CODE_STATE=getMsg HTTP/1.1" 200 27
120.253.135.82 - - [05/Nov/2020:05:32:29 +0800] "POST /xingrg/kc/pszx/mdps_list_operate.html HTTP/1.1" 200 2058
114.84.37.38 - - [05/Nov/2020:05:32:32 +0800] "GET /xingrg/check_reg.html?_=1604525548770 HTTP/1.1" 200 22
120.253.135.82 - - [05/Nov/2020:05:32:33 +0800] "GET /xingrg/all/function/internal_message.html?_=1604525298471&CODE_STATE=getMsg HTTP/1.1" 200 27
120.253.135.82 - - [05/Nov/2020:05:32:39 +0800] "GET /xingrg/all/function/internal_message.html?_=1604525607249&CODE_STATE=getMsg HTTP/1.1" 200 27
114.84.37.38 - - [05/Nov/2020:05:32:40 +0800] "GET /xingrg/all/function/internal_message.html?_=1604525557584&CODE_STATE=getMsg HTTP/1.1" 200 27
172.17.0.185 - - [05/Nov/2020:05:32:45 +0800] "GET /xingrg/check_reg.html?_=1604525563458 HTTP/1.1" 200 22
172.17.0.185 - - [05/Nov/2020:05:32:45 +0800] "GET /xingrg/all/function/internal_message.html?_=1604525563463&CODE_STATE=getMsg HTTP/1.1" 200 27
172.17.0.115 - - [05/Nov/2020:05:32:50 +0800] "GET /xingrg/check_reg.html?_=1604525581053 HTTP/1.1" 200 22
120.253.135.82 - - [05/Nov/2020:05:32:52 +0800] "POST /xingrg/kc/pszx/mdps_list_operate.html HTTP/1.1" 200 3183
114.84.37.38 - - [05/Nov/2020:05:32:54 +0800] "GET /xingrg/all/function/internal_message.html?_=1604525595877&CODE_STATE=getMsg HTTP/1.1" 200 27
120.253.135.82 - - [05/Nov/2020:05:32:54 +0800] "POST /xingrg/kc/pszx/mdps_list_operate.html HTTP/1.1" 200 205
180.174.56.115 - - [05/Nov/2020:05:32:54 +0800] "GET /xingrg/all/function/internal_message.html?_=1604525571874&CODE_STATE=getMsg HTTP/1.1" 200 27
120.253.135.82 - - [05/Nov/2020:05:32:54 +0800] "GET /xingrg/kc/pszx/mdps_order_info.html?code=312020110500121 HTTP/1.1" 200 23887
114.88.166.242 - - [05/Nov/2020:05:32:54 +0800] "GET /xingrg/all/function/internal_message.html?_=1604525570155&CODE_STATE=getMsg HTTP/1.1" 200 27
120.253.135.82 - - [05/Nov/2020:05:32:55 +0800] "GET /xingrg/javascript/easyui/themes/default/validatebox.css HTTP/1.1" 404 1104
120.253.135.82 - - [05/Nov/2020:05:32:55 +0800] "POST /xingrg/kc/pszx/mdps_order_operate.html HTTP/1.1" 200 2277
120.253.135.82 - - [05/Nov/2020:05:32:58 +0800] "POST /xingrg/kc/pszx/mdps_order_operate.html HTTP/1.1" 200 37
120.253.135.82 - - [05/Nov/2020:05:32:58 +0800] "GET /xingrg/kc/pszx/mdps_order_info.html?code=312020110500121 HTTP/1.1" 200 23887
120.253.135.82 - - [05/Nov/2020:05:32:59 +0800] "GET /xingrg/javascript/easyui/themes/default/validatebox.css HTTP/1.1" 404 1104
120.253.135.82 - - [05/Nov/2020:05:32:59 +0800] "POST /xingrg/kc/pszx/mdps_order_operate.html HTTP/1.1" 200 2284
172.17.0.240 - - [05/Nov/2020:05:33:02 +0800] "GET /xingrg/all/function/internal_message.html?_=1604525579931&CODE_STATE=getMsg HTTP/1.1" 200 27
117.184.7.30 - - [05/Nov/2020:05:33:04 +0800] "GET /xingrg/all/function/internal_message.html?_=1604526545354&CODE_STATE=getMsg HTTP/1.1" 200 27
172.17.0.115 - - [05/Nov/2020:05:33:04 +0800] "GET /xingrg/all/function/internal_message.html?_=1604525595637&CODE_STATE=getMsg HTTP/1.1" 200 27
58.221.95.50 - - [05/Nov/2020:05:33:21 +0800] "GET /xingrg/all/function/internal_message.html?_=1604525787523&CODE_STATE=getMsg HTTP/1.1" 200 27
172.17.0.123 - - [05/Nov/2020:05:33:22 +0800] "GET /xingrg/all/function/internal_message.html?_=1604525556624&CODE_STATE=getMsg HTTP/1.1" 200 27
120.253.135.82 - - [05/Nov/2020:05:33:33 +0800] "GET /xingrg/all/function/internal_message.html?_=1604525358483&CODE_STATE=getMsg HTTP/1.1" 200 27
120.253.135.82 - - [05/Nov/2020:05:33:38 +0800] "POST /xingrg/kc/pszx/mdps_order_operate.html HTTP/1.1" 200 37
120.253.135.82 - - [05/Nov/2020:05:33:39 +0800] "GET /xingrg/all/function/internal_message.html?_=1604525667265&CODE_STATE=getMsg HTTP/1.1" 200 27
120.253.135.82 - - [05/Nov/2020:05:33:39 +0800] "GET /xingrg/kc/pszx/mdps_order_info.html?code=312020110500121 HTTP/1.1" 200 23887
