180.162.245.190 - - [05/Nov/2020:09:40:17 +0800] "GET /xingrg/dwr/interface/AjaxQqpsService.js HTTP/1.1" 200 16326
180.162.245.190 - - [05/Nov/2020:09:40:17 +0800] "GET /xingrg/dwr/engine.js HTTP/1.1" 200 43631
180.162.245.190 - - [05/Nov/2020:09:40:17 +0800] "POST /xingrg/dwr/call/plaincall/AjaxQqpsService.loadMaterielItems.dwr HTTP/1.1" 200 1774
222.69.133.133 - - [05/Nov/2020:09:40:19 +0800] "GET /xingrg/all/function/internal_message.html?_=1604540415870&CODE_STATE=getMsg HTTP/1.1" 200 27
124.77.237.88 - - [05/Nov/2020:09:40:20 +0800] "POST /xingrg/kc/buy/cgsh_list_operate.html HTTP/1.1" 200 351
180.161.96.95 - - [05/Nov/2020:09:40:21 +0800] "GET /xingrg/all/function/internal_message.html?_=1604540640230&CODE_STATE=getMsg HTTP/1.1" 200 27
58.221.95.50 - - [05/Nov/2020:09:40:21 +0800] "GET /xingrg/all/function/internal_message.html?_=1604540607905&CODE_STATE=getMsg HTTP/1.1" 200 27
124.77.237.88 - - [05/Nov/2020:09:40:22 +0800] "GET /xingrg/kc/buy/cgsh_order_info.html?code=212020102309415 HTTP/1.1" 200 55600
124.77.237.88 - - [05/Nov/2020:09:40:23 +0800] "GET /xingrg/javascript/easyui/themes/default/validatebox.css HTTP/1.1" 404 1104
180.162.245.190 - - [05/Nov/2020:09:40:23 +0800] "POST /xingrg/dwr/call/plaincall/AjaxQqpsService.getMaterielByCode.dwr HTTP/1.1" 200 2648
124.77.237.88 - - [05/Nov/2020:09:40:23 +0800] "POST /xingrg/kc/buy/cgsh_order_operate.html HTTP/1.1" 200 1789
172.17.0.101 - - [05/Nov/2020:09:40:23 +0800] "GET /xingrg/all/function/internal_message.html?_=1604540419923&CODE_STATE=getMsg HTTP/1.1" 200 27
114.92.198.154 - - [05/Nov/2020:09:40:25 +0800] "GET /xingrg/login_supplier.html HTTP/1.1" 200 3208
114.84.37.38 - - [05/Nov/2020:09:40:25 +0800] "GET /xingrg/all/function/internal_message.html?_=1604540448062&CODE_STATE=getMsg HTTP/1.1" 200 27
114.92.198.154 - - [05/Nov/2020:09:40:26 +0800] "GET /favicon.ico HTTP/1.1" 404 -
180.162.245.190 - - [05/Nov/2020:09:40:26 +0800] "POST /xingrg/dwr/call/plaincall/AjaxQqpsService.saveMaterielItem.dwr HTTP/1.1" 200 78
180.162.245.190 - - [05/Nov/2020:09:40:26 +0800] "POST /xingrg/dwr/call/plaincall/AjaxQqpsService.saveOrder.dwr HTTP/1.1" 200 78
114.84.37.38 - - [05/Nov/2020:09:40:32 +0800] "GET /xingrg/check_reg.html?_=1604540424831 HTTP/1.1" 302 -
114.88.166.242 - - [05/Nov/2020:09:40:33 +0800] "GET /xingrg/check_reg.html?_=1604540428717 HTTP/1.1" 200 22
114.88.166.242 - - [05/Nov/2020:09:40:36 +0800] "GET /xingrg/all/function/internal_message.html?_=1604540536282&CODE_STATE=getMsg HTTP/1.1" 200 27
222.69.133.133 - - [05/Nov/2020:09:40:37 +0800] "GET /xingrg/kc/buy/cgsh_order_operate.html?command=get_materiel&rest_code=00149&code=00101008110&supplier_code=00100005&order_time=2020-11-05 HTTP/1.1" 200 409
114.92.198.154 - - [05/Nov/2020:09:40:42 +0800] "POST /xingrg/login_supplier.html HTTP/1.1" 302 -
114.92.198.154 - - [05/Nov/2020:09:40:42 +0800] "GET /xingrg/supplier_index.html?sysBaseUrl=http%3A%2F%2F180.169.147.146%3A18081%2Fxingrg%2F&costTime=11×tamp=1604540442043 HTTP/1.1" 200 9061
116.232.49.104 - - [05/Nov/2020:09:40:42 +0800] "GET /xingrg/all/function/internal_message.html?_=1604540483421&CODE_STATE=getMsg HTTP/1.1" 200 27
114.92.198.154 - - [05/Nov/2020:09:40:42 +0800] "GET /favicon.ico HTTP/1.1" 404 -
120.253.135.82 - - [05/Nov/2020:09:40:42 +0800] "GET /xingrg/all/function/internal_message.html?_=1604540490617&CODE_STATE=getMsg HTTP/1.1" 200 27
114.92.198.154 - - [05/Nov/2020:09:40:43 +0800] "GET /xingrg/supplier/cgsh_order_list.html HTTP/1.1" 200 10896
114.92.198.154 - - [05/Nov/2020:09:40:45 +0800] "POST /xingrg/supplier/cgsh_list_operate.html HTTP/1.1" 200 6080
172.17.0.185 - - [05/Nov/2020:09:40:46 +0800] "GET /xingrg/all/function/internal_message.html?_=1604540443715&CODE_STATE=getMsg HTTP/1.1" 200 27
180.162.245.190 - - [05/Nov/2020:09:40:46 +0800] "GET /xingrg/all/function/internal_message.html?_=1604540427114&CODE_STATE=getMsg HTTP/1.1" 200 27
172.17.200.101 - - [05/Nov/2020:09:40:47 +0800] "GET /xingrg/all/function/internal_message.html?_=1604540446030&CODE_STATE=getMsg HTTP/1.1" 200 27
114.92.198.154 - - [05/Nov/2020:09:40:47 +0800] "GET /xingrg/javascript/jquery_tools/images/prev.gif HTTP/1.1" 404 1086
114.92.198.154 - - [05/Nov/2020:09:40:47 +0800] "GET /xingrg/javascript/jquery_tools/images/next.gif HTTP/1.1" 404 1086
120.253.135.82 - - [05/Nov/2020:09:40:47 +0800] "GET /xingrg/all/function/internal_message.html?_=1604540192448&CODE_STATE=getMsg HTTP/1.1" 200 27
117.184.7.26 - - [05/Nov/2020:09:40:48 +0800] "GET /xingrg/all/function/internal_message.html?_=1604540439343&CODE_STATE=getMsg HTTP/1.1" 200 27
124.77.237.88 - - [05/Nov/2020:09:40:50 +0800] "GET /xingrg/all/function/internal_message.html?_=1604540441702&CODE_STATE=getMsg HTTP/1.1" 200 27
114.92.198.154 - - [05/Nov/2020:09:40:53 +0800] "POST /xingrg/supplier/cgsh_list_operate.html HTTP/1.1" 200 5775
222.69.133.133 - - [05/Nov/2020:09:40:56 +0800] "POST /xingrg/kc/buy/cgsh_order_operate.html HTTP/1.1" 200 2065
114.88.166.242 - - [05/Nov/2020:09:41:00 +0800] "GET /xingrg/all/function/internal_message.html?_=1604540455328&CODE_STATE=getMsg HTTP/1.1" 200 27
172.17.0.240 - - [05/Nov/2020:09:41:02 +0800] "GET /xingrg/all/function/internal_message.html?_=1604540460122&CODE_STATE=getMsg HTTP/1.1" 200 27
117.184.7.26 - - [05/Nov/2020:09:41:03 +0800] "GET /xingrg/all/function/internal_message.html?_=1604541425922&CODE_STATE=getMsg HTTP/1.1" 200 27
117.184.7.26 - - [05/Nov/2020:09:41:03 +0800] "GET /xingrg/check_reg.html?_=1604541425926 HTTP/1.1" 200 22
222.69.133.133 - - [05/Nov/2020:09:41:04 +0800] "GET /xingrg/kc/buy/cgsh_order_operate.html?command=get_materiel&rest_code=00149&code=00101008010&supplier_code=00100005&order_time=2020-11-05 HTTP/1.1" 200 412
180.174.56.115 - - [05/Nov/2020:09:41:04 +0800] "GET /xingrg/check_reg.html?_=1604540461889 HTTP/1.1" 200 22
180.174.56.115 - - [05/Nov/2020:09:41:04 +0800] "GET /xingrg/all/function/internal_message.html?_=1604540461896&CODE_STATE=getMsg HTTP/1.1" 200 27
180.174.56.115 - - [05/Nov/2020:09:41:09 +0800] "GET /xingrg/all/function/internal_message.html?_=1604540428408&CODE_STATE=getMsg HTTP/1.1" 200 27
180.162.245.190 - - [05/Nov/2020:09:41:14 +0800] "GET /xingrg/all/function/internal_message.html?_=1604540476152&CODE_STATE=getMsg HTTP/1.1" 200 27
114.92.198.154 - - [05/Nov/2020:09:41:15 +0800] "GET /xingrg/javascript/easyui/themes/default/tree.css HTTP/1.1" 404 1090
114.92.198.154 - - [05/Nov/2020:09:41:15 +0800] "POST /xingrg/all/common/load_tree.html?tree=area_rest_tree_json HTTP/1.1" 200 3350
222.69.133.133 - - [05/Nov/2020:09:41:19 +0800] "GET /xingrg/all/function/internal_message.html?_=1604540475875&CODE_STATE=getMsg HTTP/1.1" 200 27
58.221.95.50 - - [05/Nov/2020:09:41:21 +0800] "GET /xingrg/all/function/internal_message.html?_=1604540667932&CODE_STATE=getMsg HTTP/1.1" 200 27
180.161.96.95 - - [05/Nov/2020:09:41:21 +0800] "GET /xingrg/all/function/internal_message.html?_=1604540700241&CODE_STATE=getMsg HTTP/1.1" 200 27
114.92.198.154 - - [05/Nov/2020:09:41:22 +0800] "POST /xingrg/supplier/cgsh_list_operate.html HTTP/1.1" 200 3006
172.17.0.101 - - [05/Nov/2020:09:41:23 +0800] "GET /xingrg/all/function/internal_message.html?_=1604540479923&CODE_STATE=getMsg HTTP/1.1" 200 27
114.84.37.38 - - [05/Nov/2020:09:41:25 +0800] "GET /xingrg/all/function/internal_message.html?_=1604540508075&CODE_STATE=getMsg HTTP/1.1" 200 27
124.77.237.88 - - [05/Nov/2020:09:41:25 +0800] "POST /xingrg/kc/buy/cgsh_list_operate.html HTTP/1.1" 200 5287
114.92.198.154 - - [05/Nov/2020:09:41:31 +0800] "POST /xingrg/supplier/cgsh_list_operate.html HTTP/1.1" 200 5775
222.69.133.133 - - [05/Nov/2020:09:41:32 +0800] "GET /xingrg/kc/buy/cgsh_order_operate.html?command=get_materiel&rest_code=00149&code=00101008114&supplier_code=00100005&order_time=2020-11-05 HTTP/1.1" 200 412
114.88.166.242 - - [05/Nov/2020:09:41:36 +0800] "GET /xingrg/all/function/internal_message.html?_=1604540596288&CODE_STATE=getMsg HTTP/1.1" 200 27
114.92.198.154 - - [05/Nov/2020:09:41:37 +0800] "POST /xingrg/supplier/cgsh_list_operate.html HTTP/1.1" 200 5598
116.232.49.104 - - [05/Nov/2020:09:41:41 +0800] "GET /xingrg/all/function/internal_message.html?_=1604540543421&CODE_STATE=getMsg HTTP/1.1" 200 27
120.253.135.82 - - [05/Nov/2020:09:41:42 +0800] "GET /xingrg/all/function/internal_message.html?_=1604540550634&CODE_STATE=getMsg HTTP/1.1" 200 27
172.17.0.185 - - [05/Nov/2020:09:41:46 +0800] "GET /xingrg/all/function/internal_message.html?_=1604540503720&CODE_STATE=getMsg HTTP/1.1" 200 27
180.162.245.190 - - [05/Nov/2020:09:41:46 +0800] "GET /xingrg/all/function/internal_message.html?_=1604540487114&CODE_STATE=getMsg HTTP/1.1" 200 27
172.17.200.101 - - [05/Nov/2020:09:41:47 +0800] "GET /xingrg/all/function/internal_message.html?_=1604540506046&CODE_STATE=getMsg HTTP/1.1" 200 27
120.253.135.82 - - [05/Nov/2020:09:41:48 +0800] "GET /xingrg/all/function/internal_message.html?_=1604540252487&CODE_STATE=getMsg HTTP/1.1" 200 27
117.184.7.26 - - [05/Nov/2020:09:41:48 +0800] "GET /xingrg/check_reg.html?_=1604540499352 HTTP/1.1" 200 22
117.184.7.26 - - [05/Nov/2020:09:41:48 +0800] "GET /xingrg/all/function/internal_message.html?_=1604540499357&CODE_STATE=getMsg HTTP/1.1" 200 27
124.77.237.88 - - [05/Nov/2020:09:41:50 +0800] "GET /xingrg/all/function/internal_message.html?_=1604540501706&CODE_STATE=getMsg HTTP/1.1" 200 27
124.77.237.88 - - [05/Nov/2020:09:41:50 +0800] "GET /xingrg/check_reg.html?_=1604540501709 HTTP/1.1" 200 22
114.88.166.242 - - [05/Nov/2020:09:42:00 +0800] "GET /xingrg/all/function/internal_message.html?_=1604540515341&CODE_STATE=getMsg HTTP/1.1" 200 27
172.17.0.240 - - [05/Nov/2020:09:42:02 +0800] "GET /xingrg/all/function/internal_message.html?_=1604540520109&CODE_STATE=getMsg HTTP/1.1" 200 27
117.184.7.26 - - [05/Nov/2020:09:42:03 +0800] "GET /xingrg/all/function/internal_message.html?_=1604541485925&CODE_STATE=getMsg HTTP/1.1" 200 27
180.174.56.115 - - [05/Nov/2020:09:42:04 +0800] "GET /xingrg/all/function/internal_message.html?_=1604540521889&CODE_STATE=getMsg HTTP/1.1" 200 27
180.174.56.115 - - [05/Nov/2020:09:42:09 +0800] "GET /xingrg/all/function/internal_message.html?_=1604540488420&CODE_STATE=getMsg HTTP/1.1" 200 27
180.162.245.190 - - [05/Nov/2020:09:42:14 +0800] "GET /xingrg/all/function/internal_message.html?_=1604540536115&CODE_STATE=getMsg HTTP/1.1" 200 27
222.69.133.133 - - [05/Nov/2020:09:42:19 +0800] "GET /xingrg/all/function/internal_message.html?_=1604540535880&CODE_STATE=getMsg HTTP/1.1" 200 27
58.221.95.50 - - [05/Nov/2020:09:42:21 +0800] "GET /xingrg/all/function/internal_message.html?_=1604540727933&CODE_STATE=getMsg HTTP/1.1" 200 27
58.221.95.50 - - [05/Nov/2020:09:42:21 +0800] "GET /xingrg/check_reg.html?_=1604540727938 HTTP/1.1" 200 22
180.161.96.95 - - [05/Nov/2020:09:42:21 +0800] "GET /xingrg/all/function/internal_message.html?_=1604540760253&CODE_STATE=getMsg HTTP/1.1" 200 27
172.17.0.101 - - [05/Nov/2020:09:42:23 +0800] "GET /xingrg/all/function/internal_message.html?_=1604540539954&CODE_STATE=getMsg HTTP/1.1" 200 27
172.17.0.101 - - [05/Nov/2020:09:42:23 +0800] "GET /xingrg/check_reg.html?_=1604540539952 HTTP/1.1" 200 22
114.84.37.38 - - [05/Nov/2020:09:42:23 +0800] "GET /xingrg/check_reg.html?_=1604540566297 HTTP/1.1" 200 22
114.84.37.38 - - [05/Nov/2020:09:42:25 +0800] "GET /xingrg/all/function/internal_message.html?_=1604540568088&CODE_STATE=getMsg HTTP/1.1" 200 27
114.92.198.154 - - [05/Nov/2020:09:42:29 +0800] "POST /xingrg/supplier/cgsh_list_operate.html HTTP/1.1" 200 928
114.88.166.242 - - [05/Nov/2020:09:42:36 +0800] "GET /xingrg/all/function/internal_message.html?_=1604540656287&CODE_STATE=getMsg HTTP/1.1" 200 27
116.232.49.104 - - [05/Nov/2020:09:42:41 +0800] "GET /xingrg/check_reg.html?_=1604540603359 HTTP/1.1" 200 22
116.232.49.104 - - [05/Nov/2020:09:42:41 +0800] "GET /xingrg/all/function/internal_message.html?_=1604540603421&CODE_STATE=getMsg HTTP/1.1" 200 27
120.253.135.82 - - [05/Nov/2020:09:42:42 +0800] "GET /xingrg/all/function/internal_message.html?_=1604540610644&CODE_STATE=getMsg HTTP/1.1" 200 27
172.17.0.185 - - [05/Nov/2020:09:42:45 +0800] "GET /xingrg/all/function/internal_message.html?_=1604540563709&CODE_STATE=getMsg HTTP/1.1" 200 27
172.17.0.185 - - [05/Nov/2020:09:42:45 +0800] "GET /xingrg/check_reg.html?_=1604540563714 HTTP/1.1" 200 22
180.162.245.190 - - [05/Nov/2020:09:42:46 +0800] "GET /xingrg/check_reg.html?_=1604540547114 HTTP/1.1" 200 22
180.162.245.190 - - [05/Nov/2020:09:42:46 +0800] "GET /xingrg/all/function/internal_message.html?_=1604540547117&CODE_STATE=getMsg HTTP/1.1" 200 27
172.17.200.101 - - [05/Nov/2020:09:42:47 +0800] "GET /xingrg/all/function/internal_message.html?_=1604540566050&CODE_STATE=getMsg HTTP/1.1" 200 27
120.253.135.82 - - [05/Nov/2020:09:42:48 +0800] "GET /xingrg/all/function/internal_message.html?_=1604540312490&CODE_STATE=getMsg HTTP/1.1" 200 27
117.184.7.26 - - [05/Nov/2020:09:42:48 +0800] "GET /xingrg/all/function/internal_message.html?_=1604540559339&CODE_STATE=getMsg HTTP/1.1" 200 27
124.77.237.88 - - [05/Nov/2020:09:42:50 +0800] "GET /xingrg/all/function/internal_message.html?_=1604540561707&CODE_STATE=getMsg HTTP/1.1" 200 27
114.88.166.242 - - [05/Nov/2020:09:43:00 +0800] "GET /xingrg/all/function/internal_message.html?_=1604540575394&CODE_STATE=getMsg HTTP/1.1" 200 27
172.17.0.240 - - [05/Nov/2020:09:43:02 +0800] "GET /xingrg/all/function/internal_message.html?_=1604540580112&CODE_STATE=getMsg HTTP/1.1" 200 27
117.184.7.26 - - [05/Nov/2020:09:43:03 +0800] "GET /xingrg/all/function/internal_message.html?_=1604541545923&CODE_STATE=getMsg HTTP/1.1" 200 27
180.174.56.115 - - [05/Nov/2020:09:43:04 +0800] "GET /xingrg/all/function/internal_message.html?_=1604540581889&CODE_STATE=getMsg HTTP/1.1" 200 27
116.232.49.104 - - [05/Nov/2020:09:43:09 +0800] "GET /xingrg/login.html HTTP/1.1" 200 7641
116.232.49.104 - - [05/Nov/2020:09:43:09 +0800] "GET /favicon.ico HTTP/1.1" 404 -
180.174.56.115 - - [05/Nov/2020:09:43:09 +0800] "GET /xingrg/all/function/internal_message.html?_=1604540548435&CODE_STATE=getMsg HTTP/1.1" 200 27
124.77.237.88 - - [05/Nov/2020:09:43:10 +0800] "GET /xingrg/kc/buy/cgsh_order_add.html HTTP/1.1" 200 60701
124.77.237.88 - - [05/Nov/2020:09:43:11 +0800] "POST /xingrg/kc/buy/cgsh_order_operate.html HTTP/1.1" 200 8245
116.232.49.104 - - [05/Nov/2020:09:43:11 +0800] "POST /xingrg/login.do HTTP/1.1" 302 -
124.77.237.88 - - [05/Nov/2020:09:43:11 +0800] "GET /xingrg/javascript/easyui/themes/default/validatebox.css HTTP/1.1" 404 1104
116.232.49.104 - - [05/Nov/2020:09:43:11 +0800] "GET /xingrg/index.html?sysBaseUrl=http%3A%2F%2F180.169.147.146%3A18081%2Fxingrg%2F&costTime=51×tamp=1604540591485 HTTP/1.1" 200 17173
116.232.49.104 - - [05/Nov/2020:09:43:11 +0800] "GET /favicon.ico HTTP/1.1" 404 -
116.232.49.104 - - [05/Nov/2020:09:43:11 +0800] "POST /xingrg/all/common/load_tree.html?tree=area_rest_tree_json&manage=1 HTTP/1.1" 200 342
124.77.237.88 - - [05/Nov/2020:09:43:11 +0800] "POST /xingrg/kc/buy/cgsh_list_operate.html HTTP/1.1" 200 5287
116.232.49.104 - - [05/Nov/2020:09:43:11 +0800] "GET /xingrg/all/function/internal_message.html?_=1604540596397&CODE_STATE=count HTTP/1.1" 200 11
116.232.49.104 - - [05/Nov/2020:09:43:11 +0800] "GET /xingrg/check_reg.html?_=1604540596398 HTTP/1.1" 200 22
116.232.49.104 - - [05/Nov/2020:09:43:11 +0800] "POST /xingrg/load_menu.html HTTP/1.1" 200 5138
124.77.237.88 - - [05/Nov/2020:09:43:12 +0800] "GET /xingrg/javascript/easyui/themes/default/tree.css HTTP/1.1" 404 1090
124.77.237.88 - - [05/Nov/2020:09:43:12 +0800] "POST /xingrg/all/common/load_tree.html?tree=supplier_tree_json&isDelete=1 HTTP/1.1" 200 51727
180.162.245.190 - - [05/Nov/2020:09:43:14 +0800] "GET /xingrg/all/function/internal_message.html?_=1604540596084&CODE_STATE=getMsg HTTP/1.1" 200 27
222.69.133.133 - - [05/Nov/2020:09:43:19 +0800] "GET /xingrg/all/function/internal_message.html?_=1604540595878&CODE_STATE=getMsg HTTP/1.1" 200 27
180.161.96.95 - - [05/Nov/2020:09:43:20 +0800] "GET /xingrg/check_reg.html?_=1604540819145 HTTP/1.1" 200 22
180.161.96.95 - - [05/Nov/2020:09:43:21 +0800] "GET /xingrg/all/function/internal_message.html?_=1604540820268&CODE_STATE=getMsg HTTP/1.1" 200 27
58.221.95.50 - - [05/Nov/2020:09:43:21 +0800] "GET /xingrg/all/function/internal_message.html?_=1604540787937&CODE_STATE=getMsg HTTP/1.1" 200 27
172.17.0.101 - - [05/Nov/2020:09:43:23 +0800] "GET /xingrg/all/function/internal_message.html?_=1604540599939&CODE_STATE=getMsg HTTP/1.1" 200 27
114.84.37.38 - - [05/Nov/2020:09:43:25 +0800] "GET /xingrg/all/function/internal_message.html?_=1604540628101&CODE_STATE=getMsg HTTP/1.1" 200 27
124.77.237.88 - - [05/Nov/2020:09:43:34 +0800] "GET /xingrg/kc/buy/cgsh_order_operate.html?command=get_materiel&rest_code=00107&code=00101005037&supplier_code=00100041&order_time=2020-11-05 HTTP/1.1" 200 409
114.88.166.242 - - [05/Nov/2020:09:43:36 +0800] "GET /xingrg/all/function/internal_message.html?_=1604540716287&CODE_STATE=getMsg HTTP/1.1" 200 27
180.162.245.190 - - [05/Nov/2020:09:43:37 +0800] "GET /xingrg/images/yd/bt.gif HTTP/1.1" 404 1040
180.162.245.190 - - [05/Nov/2020:09:43:38 +0800] "POST /xingrg/dwr/call/plaincall/AjaxQqpsService.saveOrder.dwr HTTP/1.1" 200 78
116.232.49.104 - - [05/Nov/2020:09:43:40 +0800] "GET /xingrg/all/function/internal_message.html?_=1604540663421&CODE_STATE=getMsg HTTP/1.1" 200 27
180.162.245.190 - - [05/Nov/2020:09:43:41 +0800] "GET /xingrg/kc/report/report_main.html HTTP/1.1" 200 7345
180.162.245.190 - - [05/Nov/2020:09:43:42 +0800] "GET /xingrg/kc/base/kc_stocks.html HTTP/1.1" 200 16386
180.162.245.190 - - [05/Nov/2020:09:43:42 +0800] "GET /xingrg/javascript/easyui/themes/sunny/easyui.css HTTP/1.1" 200 34304
180.162.245.190 - - [05/Nov/2020:09:43:42 +0800] "GET /xingrg/javascript/easyui/themes/icons/refresh_new.png HTTP/1.1" 200 685
180.162.245.190 - - [05/Nov/2020:09:43:42 +0800] "GET /xingrg/javascript/easyui/themes/icons/filter_new.png HTTP/1.1" 200 795
180.162.245.190 - - [05/Nov/2020:09:43:42 +0800] "GET /xingrg/javascript/easyui/themes/icons/print_new.png HTTP/1.1" 200 3580
180.162.245.190 - - [05/Nov/2020:09:43:42 +0800] "GET /xingrg/javascript/easyui/themes/default/tree.css HTTP/1.1" 404 1090
180.162.245.190 - - [05/Nov/2020:09:43:42 +0800] "GET /xingrg/all/common/auto_word.html?type=base&rest_code=00105 HTTP/1.1" 200 1811
120.253.135.82 - - [05/Nov/2020:09:43:42 +0800] "GET /xingrg/all/function/internal_message.html?_=1604540670663&CODE_STATE=getMsg HTTP/1.1" 200 27
180.162.245.190 - - [05/Nov/2020:09:43:42 +0800] "POST /xingrg/all/common/load_tree.html?tree=materiel_sort_tree_json HTTP/1.1" 200 8666
180.162.245.190 - - [05/Nov/2020:09:43:43 +0800] "GET /xingrg/javascript/easyui/themes/sunny/images/tree_file.gif HTTP/1.1" 200 118
180.162.245.190 - - [05/Nov/2020:09:43:43 +0800] "GET /xingrg/javascript/easyui/themes/sunny/images/tree_folder.gif HTTP/1.1" 200 952
180.162.245.190 - - [05/Nov/2020:09:43:43 +0800] "GET /xingrg/javascript/easyui/themes/sunny/images/tree_folder_open.gif HTTP/1.1" 200 956
180.162.245.190 - - [05/Nov/2020:09:43:43 +0800] "GET /xingrg/javascript/easyui/themes/sunny/images/tree_arrows.gif HTTP/1.1" 200 617
180.162.245.190 - - [05/Nov/2020:09:43:44 +0800] "POST /xingrg/all/common/load_combo.html?type=base HTTP/1.1" 200 3236
172.17.0.185 - - [05/Nov/2020:09:43:46 +0800] "GET /xingrg/all/function/internal_message.html?_=1604540623731&CODE_STATE=getMsg HTTP/1.1" 200 27
180.162.245.190 - - [05/Nov/2020:09:43:46 +0800] "GET /xingrg/all/function/internal_message.html?_=1604540607102&CODE_STATE=getMsg HTTP/1.1" 200 27
180.162.245.190 - - [05/Nov/2020:09:43:47 +0800] "POST /xingrg/kc/base/stock_operate.html HTTP/1.1" 200 4333
180.162.245.190 - - [05/Nov/2020:09:43:47 +0800] "GET /xingrg/javascript/jquery_tools/fix_table.js HTTP/1.1" 200 6528
172.17.200.101 - - [05/Nov/2020:09:43:47 +0800] "GET /xingrg/all/function/internal_message.html?_=1604540626049&CODE_STATE=getMsg HTTP/1.1" 200 27
120.253.135.82 - - [05/Nov/2020:09:43:48 +0800] "GET /xingrg/all/function/internal_message.html?_=1604540372521&CODE_STATE=getMsg HTTP/1.1" 200 27
117.184.7.26 - - [05/Nov/2020:09:43:48 +0800] "GET /xingrg/all/function/internal_message.html?_=1604540619343&CODE_STATE=getMsg HTTP/1.1" 200 27
124.77.237.88 - - [05/Nov/2020:09:43:50 +0800] "GET /xingrg/all/function/internal_message.html?_=1604540621708&CODE_STATE=getMsg HTTP/1.1" 200 27
124.77.237.88 - - [05/Nov/2020:09:43:51 +0800] "GET /xingrg/kc/buy/cgsh_order_operate.html?command=get_materiel&rest_code=00107&code=00101004040&supplier_code=00100041&order_time=2020-11-05 HTTP/1.1" 200 413
114.88.166.242 - - [05/Nov/2020:09:44:00 +0800] "GET /xingrg/all/function/internal_message.html?_=1604540635415&CODE_STATE=getMsg HTTP/1.1" 200 27
172.17.0.240 - - [05/Nov/2020:09:44:02 +0800] "GET /xingrg/all/function/internal_message.html?_=1604540640117&CODE_STATE=getMsg HTTP/1.1" 200 27
117.184.7.26 - - [05/Nov/2020:09:44:03 +0800] "GET /xingrg/all/function/internal_message.html?_=1604541605923&CODE_STATE=getMsg HTTP/1.1" 200 27
180.174.56.115 - - [05/Nov/2020:09:44:04 +0800] "GET /xingrg/all/function/internal_message.html?_=1604540641890&CODE_STATE=getMsg HTTP/1.1" 200 27
124.77.237.88 - - [05/Nov/2020:09:44:06 +0800] "GET /xingrg/kc/buy/cgsh_order_operate.html?command=get_materiel&rest_code=00107&code=00101010161&supplier_code=00100041&order_time=2020-11-05 HTTP/1.1" 200 409
180.174.56.115 - - [05/Nov/2020:09:44:09 +0800] "GET /xingrg/all/function/internal_message.html?_=1604540608447&CODE_STATE=getMsg HTTP/1.1" 200 27
120.253.135.82 - - [05/Nov/2020:09:44:11 +0800] "GET /xingrg/check_reg.html?_=1604540395891 HTTP/1.1" 200 22
116.232.49.104 - - [05/Nov/2020:09:44:11 +0800] "GET /xingrg/all/function/internal_message.html?_=1604540656404&CODE_STATE=getMsg HTTP/1.1" 200 27
180.162.245.190 - - [05/Nov/2020:09:44:14 +0800] "GET /xingrg/all/function/internal_message.html?_=1604540656079&CODE_STATE=getMsg HTTP/1.1" 200 27
222.69.133.133 - - [05/Nov/2020:09:44:19 +0800] "GET /xingrg/all/function/internal_message.html?_=1604540655882&CODE_STATE=getMsg HTTP/1.1" 200 27
222.69.133.133 - - [05/Nov/2020:09:44:19 +0800] "GET /xingrg/check_reg.html?_=1604540655888 HTTP/1.1" 200 22
180.161.96.95 - - [05/Nov/2020:09:44:21 +0800] "GET /xingrg/all/function/internal_message.html?_=1604540880303&CODE_STATE=getMsg HTTP/1.1" 200 27
124.77.237.88 - - [05/Nov/2020:09:44:21 +0800] "GET /xingrg/kc/buy/cgsh_order_operate.html?command=get_materiel&rest_code=00107&code=00101018019&supplier_code=00100041&order_time=2020-11-05 HTTP/1.1" 200 421
58.221.95.50 - - [05/Nov/2020:09:44:23 +0800] "GET /xingrg/all/function/internal_message.html?_=1604540847938&CODE_STATE=getMsg HTTP/1.1" 200 27
172.17.0.101 - - [05/Nov/2020:09:44:23 +0800] "GET /xingrg/all/function/internal_message.html?_=1604540659938&CODE_STATE=getMsg HTTP/1.1" 200 27
114.84.37.38 - - [05/Nov/2020:09:44:25 +0800] "GET /xingrg/all/function/internal_message.html?_=1604540688118&CODE_STATE=getMsg HTTP/1.1" 200 27
124.77.237.88 - - [05/Nov/2020:09:44:29 +0800] "POST /xingrg/kc/buy/cgsh_order_operate.html HTTP/1.1" 200 37
120.253.135.82 - - [05/Nov/2020:09:44:30 +0800] "GET /xingrg/check_reg.html?_=1604540718756 HTTP/1.1" 200 22
124.77.237.88 - - [05/Nov/2020:09:44:32 +0800] "POST /xingrg/kc/buy/cgsh_order_operate.html HTTP/1.1" 200 4430
124.77.237.88 - - [05/Nov/2020:09:44:33 +0800] "GET /xingrg/kc/print/load_data.html?order_code=212020110501599&kc_code=cgsh&condition= HTTP/1.1" 200 1356
172.17.0.123 - - [05/Nov/2020:09:44:36 +0800] "GET /xingrg/check_reg.html?_=1604540630157 HTTP/1.1" 200 22
114.88.166.242 - - [05/Nov/2020:09:44:36 +0800] "GET /xingrg/all/function/internal_message.html?_=1604540776294&CODE_STATE=getMsg HTTP/1.1" 200 27
114.88.166.242 - - [05/Nov/2020:09:44:36 +0800] "GET /xingrg/check_reg.html?_=1604540776292 HTTP/1.1" 200 22
124.77.237.88 - - [05/Nov/2020:09:44:38 +0800] "POST /xingrg/kc/buy/cgsh_list_operate.html HTTP/1.1" 200 5287
116.232.49.104 - - [05/Nov/2020:09:44:39 +0800] "GET /xingrg/all/function/internal_message.html?_=1604540723421&CODE_STATE=getMsg HTTP/1.1" 200 27
120.253.135.82 - - [05/Nov/2020:09:44:42 +0800] "GET /xingrg/all/function/internal_message.html?_=1604540730672&CODE_STATE=getMsg HTTP/1.1" 200 27
172.17.0.185 - - [05/Nov/2020:09:44:46 +0800] "GET /xingrg/all/function/internal_message.html?_=1604540683720&CODE_STATE=getMsg HTTP/1.1" 200 27
180.162.245.190 - - [05/Nov/2020:09:44:46 +0800] "GET /xingrg/all/function/internal_message.html?_=1604540667103&CODE_STATE=getMsg HTTP/1.1" 200 27
172.17.200.101 - - [05/Nov/2020:09:44:47 +0800] "GET /xingrg/check_reg.html?_=1604540686050 HTTP/1.1" 200 22
172.17.200.101 - - [05/Nov/2020:09:44:47 +0800] "GET /xingrg/all/function/internal_message.html?_=1604540686048&CODE_STATE=getMsg HTTP/1.1" 200 27
120.253.135.82 - - [05/Nov/2020:09:44:48 +0800] "GET /xingrg/all/function/internal_message.html?_=1604540432533&CODE_STATE=getMsg HTTP/1.1" 200 27
117.184.7.26 - - [05/Nov/2020:09:44:48 +0800] "GET /xingrg/all/function/internal_message.html?_=1604540679346&CODE_STATE=getMsg HTTP/1.1" 200 27
124.77.237.88 - - [05/Nov/2020:09:44:48 +0800] "POST /xingrg/kc/buy/cgsh_list_operate.html HTTP/1.1" 200 5288
124.77.237.88 - - [05/Nov/2020:09:44:50 +0800] "GET /xingrg/all/function/internal_message.html?_=1604540681701&CODE_STATE=getMsg HTTP/1.1" 200 27
114.88.166.242 - - [05/Nov/2020:09:45:00 +0800] "GET /xingrg/all/function/internal_message.html?_=1604540695465&CODE_STATE=getMsg HTTP/1.1" 200 27
172.17.0.240 - - [05/Nov/2020:09:45:02 +0800] "GET /xingrg/all/function/internal_message.html?_=1604540700119&CODE_STATE=getMsg HTTP/1.1" 200 27
172.17.0.240 - - [05/Nov/2020:09:45:02 +0800] "GET /xingrg/check_reg.html?_=1604540700121 HTTP/1.1" 200 22
117.184.7.26 - - [05/Nov/2020:09:45:03 +0800] "GET /xingrg/all/function/internal_message.html?_=1604541665923&CODE_STATE=getMsg HTTP/1.1" 200 27
180.174.56.115 - - [05/Nov/2020:09:45:04 +0800] "GET /xingrg/all/function/internal_message.html?_=1604540701893&CODE_STATE=getMsg HTTP/1.1" 200 27
180.174.56.115 - - [05/Nov/2020:09:45:09 +0800] "GET /xingrg/check_reg.html?_=1604540668089 HTTP/1.1" 200 22
180.174.56.115 - - [05/Nov/2020:09:45:09 +0800] "GET /xingrg/all/function/internal_message.html?_=1604540668462&CODE_STATE=getMsg HTTP/1.1" 200 27
116.232.49.104 - - [05/Nov/2020:09:45:11 +0800] "GET /xingrg/all/function/internal_message.html?_=1604540716411&CODE_STATE=getMsg HTTP/1.1" 200 27
124.77.237.88 - - [05/Nov/2020:09:45:12 +0800] "POST /xingrg/kc/buy/cgsh_list_operate.html HTTP/1.1" 200 5287
180.162.245.190 - - [05/Nov/2020:09:45:14 +0800] "GET /xingrg/all/function/internal_message.html?_=1604540716042&CODE_STATE=getMsg HTTP/1.1" 200 27
180.162.245.190 - - [05/Nov/2020:09:45:15 +0800] "GET /xingrg/check_reg.html?_=1604540717228 HTTP/1.1" 200 22
222.69.133.133 - - [05/Nov/2020:09:45:19 +0800] "GET /xingrg/all/function/internal_message.html?_=1604540715874&CODE_STATE=getMsg HTTP/1.1" 200 27
58.221.95.50 - - [05/Nov/2020:09:45:21 +0800] "GET /xingrg/all/function/internal_message.html?_=1604540907936&CODE_STATE=getMsg HTTP/1.1" 200 27
180.161.96.95 - - [05/Nov/2020:09:45:21 +0800] "GET /xingrg/all/function/internal_message.html?_=1604540940310&CODE_STATE=getMsg HTTP/1.1" 200 27
172.17.0.101 - - [05/Nov/2020:09:45:23 +0800] "GET /xingrg/all/function/internal_message.html?_=1604540719937&CODE_STATE=getMsg HTTP/1.1" 200 27
114.84.37.38 - - [05/Nov/2020:09:45:25 +0800] "GET /xingrg/all/function/internal_message.html?_=1604540748230&CODE_STATE=getMsg HTTP/1.1" 200 27
124.77.237.88 - - [05/Nov/2020:09:45:27 +0800] "POST /xingrg/kc/buy/cgsh_list_operate.html HTTP/1.1" 200 415
114.84.37.38 - - [05/Nov/2020:09:45:32 +0800] "GET /xingrg/check_reg.html?_=1604540724805 HTTP/1.1" 302 -
114.88.166.242 - - [05/Nov/2020:09:45:33 +0800] "GET /xingrg/check_reg.html?_=1604540728718 HTTP/1.1" 200 22
124.77.237.88 - - [05/Nov/2020:09:45:35 +0800] "POST /xingrg/kc/buy/cgsh_list_operate.html HTTP/1.1" 200 346
114.88.166.242 - - [05/Nov/2020:09:45:36 +0800] "GET /xingrg/all/function/internal_message.html?_=1604540836281&CODE_STATE=getMsg HTTP/1.1" 200 27
116.232.49.104 - - [05/Nov/2020:09:45:38 +0800] "GET /xingrg/all/function/internal_message.html?_=1604540783437&CODE_STATE=getMsg HTTP/1.1" 200 27
120.253.135.82 - - [05/Nov/2020:09:45:42 +0800] "GET /xingrg/all/function/internal_message.html?_=1604540790686&CODE_STATE=getMsg HTTP/1.1" 200 27
124.77.237.88 - - [05/Nov/2020:09:45:43 +0800] "POST /xingrg/kc/buy/cgsh_list_operate.html HTTP/1.1" 200 272
172.17.0.185 - - [05/Nov/2020:09:45:46 +0800] "GET /xingrg/all/function/internal_message.html?_=1604540743709&CODE_STATE=getMsg HTTP/1.1" 200 27
180.162.245.190 - - [05/Nov/2020:09:45:46 +0800] "GET /xingrg/all/function/internal_message.html?_=1604540727104&CODE_STATE=getMsg HTTP/1.1" 200 27
172.17.200.101 - - [05/Nov/2020:09:45:47 +0800] "GET /xingrg/all/function/internal_message.html?_=1604540746061&CODE_STATE=getMsg HTTP/1.1" 200 27
120.253.135.82 - - [05/Nov/2020:09:45:48 +0800] "GET /xingrg/all/function/internal_message.html?_=1604540492547&CODE_STATE=getMsg HTTP/1.1" 200 27
117.184.7.26 - - [05/Nov/2020:09:45:48 +0800] "GET /xingrg/all/function/internal_message.html?_=1604540739348&CODE_STATE=getMsg HTTP/1.1" 200 27
124.77.237.88 - - [05/Nov/2020:09:45:48 +0800] "POST /xingrg/kc/buy/cgsh_list_operate.html HTTP/1.1" 200 271
124.77.237.88 - - [05/Nov/2020:09:45:50 +0800] "GET /xingrg/all/function/internal_message.html?_=1604540741712&CODE_STATE=getMsg HTTP/1.1" 200 27
124.77.237.88 - - [05/Nov/2020:09:45:53 +0800] "POST /xingrg/kc/buy/cgsh_list_operate.html HTTP/1.1" 200 351
114.88.166.242 - - [05/Nov/2020:09:46:00 +0800] "GET /xingrg/all/function/internal_message.html?_=1604540755473&CODE_STATE=getMsg HTTP/1.1" 200 27
172.17.0.240 - - [05/Nov/2020:09:46:02 +0800] "GET /xingrg/all/function/internal_message.html?_=1604540760124&CODE_STATE=getMsg HTTP/1.1" 200 27
117.184.7.26 - - [05/Nov/2020:09:46:03 +0800] "GET /xingrg/all/function/internal_message.html?_=1604541725922&CODE_STATE=getMsg HTTP/1.1" 200 27
117.184.7.26 - - [05/Nov/2020:09:46:03 +0800] "GET /xingrg/check_reg.html?_=1604541725924 HTTP/1.1" 200 22
180.174.56.115 - - [05/Nov/2020:09:46:04 +0800] "GET /xingrg/all/function/internal_message.html?_=1604540761894&CODE_STATE=getMsg HTTP/1.1" 200 27
180.174.56.115 - - [05/Nov/2020:09:46:04 +0800] "GET /xingrg/check_reg.html?_=1604540761896 HTTP/1.1" 200 22
124.77.237.88 - - [05/Nov/2020:09:46:09 +0800] "POST /xingrg/kc/buy/cgsh_list_operate.html HTTP/1.1" 200 269
180.174.56.115 - - [05/Nov/2020:09:46:09 +0800] "GET /xingrg/all/function/internal_message.html?_=1604540728475&CODE_STATE=getMsg HTTP/1.1" 200 27
117.184.7.26 - - [05/Nov/2020:09:46:11 +0800] "GET /xingrg/kc/base/base_main.html HTTP/1.1" 200 12142
116.232.49.104 - - [05/Nov/2020:09:46:11 +0800] "GET /xingrg/all/function/internal_message.html?_=1604540776403&CODE_STATE=getMsg HTTP/1.1" 200 27
124.77.237.88 - - [05/Nov/2020:09:46:11 +0800] "POST /xingrg/kc/buy/cgsh_list_operate.html HTTP/1.1" 200 270
117.184.7.26 - - [05/Nov/2020:09:46:13 +0800] "GET /xingrg/kc/base/yddb_order_list.html HTTP/1.1" 200 17024
180.162.245.190 - - [05/Nov/2020:09:46:14 +0800] "GET /xingrg/all/function/internal_message.html?_=1604540776011&CODE_STATE=getMsg HTTP/1.1" 200 27
117.184.7.26 - - [05/Nov/2020:09:46:15 +0800] "POST /xingrg/kc/base/yddb_list_operate.html HTTP/1.1" 200 636
117.184.7.26 - - [05/Nov/2020:09:46:17 +0800] "GET /xingrg/kc/base/yddb_order_add.html HTTP/1.1" 200 29751
117.184.7.26 - - [05/Nov/2020:09:46:17 +0800] "GET /xingrg/dwr/interface/AjaxComOrderService.js HTTP/1.1" 200 18264
117.184.7.26 - - [05/Nov/2020:09:46:17 +0800] "GET /xingrg/dwr/interface/AjaxYddbService.js HTTP/1.1" 200 13201
117.184.7.26 - - [05/Nov/2020:09:46:17 +0800] "GET /xingrg/dwr/engine.js HTTP/1.1" 200 43631
124.77.237.88 - - [05/Nov/2020:09:46:18 +0800] "POST /xingrg/kc/buy/cgsh_list_operate.html HTTP/1.1" 200 415
222.69.133.133 - - [05/Nov/2020:09:46:19 +0800] "GET /xingrg/all/function/internal_message.html?_=1604540775876&CODE_STATE=getMsg HTTP/1.1" 200 27
117.184.7.26 - - [05/Nov/2020:09:46:20 +0800] "POST /xingrg/dwr/call/plaincall/AjaxYddbService.getRestBases.dwr HTTP/1.1" 200 1025
58.221.95.50 - - [05/Nov/2020:09:46:21 +0800] "GET /xingrg/all/function/internal_message.html?_=1604540967937&CODE_STATE=getMsg HTTP/1.1" 200 27
180.161.96.95 - - [05/Nov/2020:09:46:21 +0800] "GET /xingrg/all/function/internal_message.html?_=1604541000325&CODE_STATE=getMsg HTTP/1.1" 200 27
172.17.0.101 - - [05/Nov/2020:09:46:23 +0800] "GET /xingrg/all/function/internal_message.html?_=1604540779937&CODE_STATE=getMsg HTTP/1.1" 200 27
114.84.37.38 - - [05/Nov/2020:09:46:25 +0800] "GET /xingrg/all/function/internal_message.html?_=1604540808236&CODE_STATE=getMsg HTTP/1.1" 200 27
124.77.237.88 - - [05/Nov/2020:09:46:27 +0800] "POST /xingrg/kc/buy/cgsh_list_operate.html HTTP/1.1" 200 351
114.88.166.242 - - [05/Nov/2020:09:46:36 +0800] "GET /xingrg/all/function/internal_message.html?_=1604540896282&CODE_STATE=getMsg HTTP/1.1" 200 27
116.232.49.104 - - [05/Nov/2020:09:46:37 +0800] "GET /xingrg/all/function/internal_message.html?_=1604540843453&CODE_STATE=getMsg HTTP/1.1" 200 27
124.77.237.88 - - [05/Nov/2020:09:46:38 +0800] "POST /xingrg/kc/buy/cgsh_list_operate.html HTTP/1.1" 200 500
120.253.135.82 - - [05/Nov/2020:09:46:42 +0800] "GET /xingrg/all/function/internal_message.html?_=1604540850703&CODE_STATE=getMsg HTTP/1.1" 200 27
180.162.245.190 - - [05/Nov/2020:09:46:43 +0800] "POST /xingrg/kc/base/stock_operate.html HTTP/1.1" 200 4431
172.17.0.185 - - [05/Nov/2020:09:46:46 +0800] "GET /xingrg/all/function/internal_message.html?_=1604540803717&CODE_STATE=getMsg HTTP/1.1" 200 27
180.162.245.190 - - [05/Nov/2020:09:46:46 +0800] "GET /xingrg/all/function/internal_message.html?_=1604540787108&CODE_STATE=getMsg HTTP/1.1" 200 27
172.17.200.101 - - [05/Nov/2020:09:46:47 +0800] "GET /xingrg/all/function/internal_message.html?_=1604540806065&CODE_STATE=getMsg HTTP/1.1" 200 27
120.253.135.82 - - [05/Nov/2020:09:46:48 +0800] "GET /xingrg/all/function/internal_message.html?_=1604540552576&CODE_STATE=getMsg HTTP/1.1" 200 27
117.184.7.26 - - [05/Nov/2020:09:46:48 +0800] "GET /xingrg/check_reg.html?_=1604540799378 HTTP/1.1" 200 22
117.184.7.26 - - [05/Nov/2020:09:46:48 +0800] "GET /xingrg/all/function/internal_message.html?_=1604540799358&CODE_STATE=getMsg HTTP/1.1" 200 27
124.77.237.88 - - [05/Nov/2020:09:46:49 +0800] "POST /xingrg/kc/buy/cgsh_list_operate.html HTTP/1.1" 200 5416
124.77.237.88 - - [05/Nov/2020:09:46:50 +0800] "GET /xingrg/check_reg.html?_=1604540801709 HTTP/1.1" 200 22
124.77.237.88 - - [05/Nov/2020:09:46:50 +0800] "GET /xingrg/all/function/internal_message.html?_=1604540801711&CODE_STATE=getMsg HTTP/1.1" 200 27
124.77.237.88 - - [05/Nov/2020:09:46:50 +0800] "POST /xingrg/kc/buy/cgsh_list_operate.html HTTP/1.1" 200 270
124.77.237.88 - - [05/Nov/2020:09:46:55 +0800] "POST /xingrg/kc/buy/cgsh_list_operate.html HTTP/1.1" 200 270
124.77.237.88 - - [05/Nov/2020:09:47:00 +0800] "POST /xingrg/kc/buy/cgsh_list_operate.html HTTP/1.1" 200 352
114.88.166.242 - - [05/Nov/2020:09:47:00 +0800] "GET /xingrg/all/function/internal_message.html?_=1604540815487&CODE_STATE=getMsg HTTP/1.1" 200 27
172.17.0.240 - - [05/Nov/2020:09:47:02 +0800] "GET /xingrg/all/function/internal_message.html?_=1604540820127&CODE_STATE=getMsg HTTP/1.1" 200 27
117.184.7.26 - - [05/Nov/2020:09:47:03 +0800] "GET /xingrg/all/function/internal_message.html?_=1604541785924&CODE_STATE=getMsg HTTP/1.1" 200 27
180.174.56.115 - - [05/Nov/2020:09:47:04 +0800] "GET /xingrg/all/function/internal_message.html?_=1604540821924&CODE_STATE=getMsg HTTP/1.1" 200 27
117.184.7.26 - - [05/Nov/2020:09:47:06 +0800] "POST /xingrg/dwr/call/plaincall/AjaxYddbService.saveOrder.dwr HTTP/1.1" 200 78
180.174.56.115 - - [05/Nov/2020:09:47:09 +0800] "GET /xingrg/all/function/internal_message.html?_=1604540788489&CODE_STATE=getMsg HTTP/1.1" 200 27
124.77.237.88 - - [05/Nov/2020:09:47:09 +0800] "POST /xingrg/kc/buy/cgsh_list_operate.html HTTP/1.1" 200 490
117.184.7.26 - - [05/Nov/2020:09:47:11 +0800] "GET /xingrg/images/yd/bt.gif HTTP/1.1" 404 1040
116.232.49.104 - - [05/Nov/2020:09:47:11 +0800] "GET /xingrg/all/function/internal_message.html?_=1604540836410&CODE_STATE=getMsg HTTP/1.1" 200 27
180.162.245.190 - - [05/Nov/2020:09:47:14 +0800] "GET /xingrg/all/function/internal_message.html?_=1604540835992&CODE_STATE=getMsg HTTP/1.1" 200 27
117.184.7.26 - - [05/Nov/2020:09:47:17 +0800] "POST /xingrg/dwr/call/plaincall/AjaxComOrderService.getMaterielSearchList.dwr HTTP/1.1" 200 20078
117.184.7.26 - - [05/Nov/2020:09:47:18 +0800] "POST /xingrg/dwr/call/plaincall/AjaxYddbService.getMaterielByMap.dwr HTTP/1.1" 200 2677
222.69.133.133 - - [05/Nov/2020:09:47:19 +0800] "GET /xingrg/all/function/internal_message.html?_=1604540835878&CODE_STATE=getMsg HTTP/1.1" 200 27
58.221.95.50 - - [05/Nov/2020:09:47:21 +0800] "GET /xingrg/all/function/internal_message.html?_=1604541027937&CODE_STATE=getMsg HTTP/1.1" 200 27
58.221.95.50 - - [05/Nov/2020:09:47:21 +0800] "GET /xingrg/check_reg.html?_=1604541027941 HTTP/1.1" 200 22
180.161.96.95 - - [05/Nov/2020:09:47:21 +0800] "GET /xingrg/all/function/internal_message.html?_=1604541060339&CODE_STATE=getMsg HTTP/1.1" 200 27
124.77.237.88 - - [05/Nov/2020:09:47:21 +0800] "POST /xingrg/kc/buy/cgsh_list_operate.html HTTP/1.1" 200 272
172.17.0.101 - - [05/Nov/2020:09:47:23 +0800] "GET /xingrg/all/function/internal_message.html?_=1604540839936&CODE_STATE=getMsg HTTP/1.1" 200 27
172.17.0.101 - - [05/Nov/2020:09:47:23 +0800] "GET /xingrg/check_reg.html?_=1604540839939 HTTP/1.1" 200 22
114.84.37.38 - - [05/Nov/2020:09:47:23 +0800] "GET /xingrg/check_reg.html?_=1604540866403 HTTP/1.1" 200 22
114.84.37.38 - - [05/Nov/2020:09:47:25 +0800] "GET /xingrg/all/function/internal_message.html?_=1604540868250&CODE_STATE=getMsg HTTP/1.1" 200 27
117.184.7.26 - - [05/Nov/2020:09:47:25 +0800] "GET /xingrg/images/yd/bt2.gif HTTP/1.1" 404 1042
124.77.237.88 - - [05/Nov/2020:09:47:26 +0800] "POST /xingrg/kc/buy/cgsh_list_operate.html HTTP/1.1" 200 496
117.184.7.26 - - [05/Nov/2020:09:47:26 +0800] "POST /xingrg/dwr/call/plaincall/AjaxYddbService.saveMaterielItem.dwr HTTP/1.1" 200 78
180.162.245.190 - - [05/Nov/2020:09:47:32 +0800] "POST /xingrg/kc/base/stock_operate.html HTTP/1.1" 200 4457
180.162.245.190 - - [05/Nov/2020:09:47:35 +0800] "POST /xingrg/kc/base/stock_operate.html HTTP/1.1" 200 4541
116.232.49.104 - - [05/Nov/2020:09:47:36 +0800] "GET /xingrg/check_reg.html?_=1604540903359 HTTP/1.1" 200 22
114.88.166.242 - - [05/Nov/2020:09:47:36 +0800] "GET /xingrg/all/function/internal_message.html?_=1604540956282&CODE_STATE=getMsg HTTP/1.1" 200 27
116.232.49.104 - - [05/Nov/2020:09:47:37 +0800] "GET /xingrg/all/function/internal_message.html?_=1604540903453&CODE_STATE=getMsg HTTP/1.1" 200 27
124.77.237.88 - - [05/Nov/2020:09:47:40 +0800] "POST /xingrg/kc/buy/cgsh_list_operate.html HTTP/1.1" 200 417
120.253.135.82 - - [05/Nov/2020:09:47:42 +0800] "GET /xingrg/all/function/internal_message.html?_=1604540910712&CODE_STATE=getMsg HTTP/1.1" 200 27
172.17.0.185 - - [05/Nov/2020:09:47:46 +0800] "GET /xingrg/check_reg.html?_=1604540863710 HTTP/1.1" 200 22
172.17.0.185 - - [05/Nov/2020:09:47:46 +0800] "GET /xingrg/all/function/internal_message.html?_=1604540863713&CODE_STATE=getMsg HTTP/1.1" 200 27
180.162.245.190 - - [05/Nov/2020:09:47:46 +0800] "GET /xingrg/all/function/internal_message.html?_=1604540847108&CODE_STATE=getMsg HTTP/1.1" 200 27
180.162.245.190 - - [05/Nov/2020:09:47:46 +0800] "GET /xingrg/check_reg.html?_=1604540847111 HTTP/1.1" 200 22
172.17.200.101 - - [05/Nov/2020:09:47:47 +0800] "GET /xingrg/all/function/internal_message.html?_=1604540866064&CODE_STATE=getMsg HTTP/1.1" 200 27
117.184.7.26 - - [05/Nov/2020:09:47:47 +0800] "POST /xingrg/dwr/call/plaincall/AjaxYddbService.saveOrder.dwr HTTP/1.1" 200 78
124.77.237.88 - - [05/Nov/2020:09:47:47 +0800] "POST /xingrg/kc/buy/cgsh_list_operate.html HTTP/1.1" 200 271
120.253.135.82 - - [05/Nov/2020:09:47:48 +0800] "GET /xingrg/all/function/internal_message.html?_=1604540612589&CODE_STATE=getMsg HTTP/1.1" 200 27
117.184.7.26 - - [05/Nov/2020:09:47:48 +0800] "GET /xingrg/all/function/internal_message.html?_=1604540859536&CODE_STATE=getMsg HTTP/1.1" 200 27
124.77.237.88 - - [05/Nov/2020:09:47:50 +0800] "GET /xingrg/all/function/internal_message.html?_=1604540861718&CODE_STATE=getMsg HTTP/1.1" 200 27
124.77.237.88 - - [05/Nov/2020:09:47:55 +0800] "POST /xingrg/kc/buy/cgsh_list_operate.html HTTP/1.1" 200 271
117.184.7.26 - - [05/Nov/2020:09:47:57 +0800] "POST /xingrg/dwr/call/plaincall/AjaxYddbService.checkOrder.dwr HTTP/1.1" 200 78
117.184.7.26 - - [05/Nov/2020:09:47:58 +0800] "GET /xingrg/kc/base/yddb_order_info.html?code=482020110500034 HTTP/1.1" 200 29433
117.184.7.26 - - [05/Nov/2020:09:47:58 +0800] "GET /xingrg/dwr/interface/AjaxYddbService.js HTTP/1.1" 200 13201
117.184.7.30 - - [05/Nov/2020:09:47:58 +0800] "GET /xingrg/dwr/interface/AjaxComOrderService.js HTTP/1.1" 200 18264
117.184.7.30 - - [05/Nov/2020:09:47:58 +0800] "GET /xingrg/dwr/engine.js HTTP/1.1" 200 43631
117.184.7.30 - - [05/Nov/2020:09:47:59 +0800] "POST /xingrg/dwr/call/plaincall/AjaxYddbService.loadMaterielItems.dwr HTTP/1.1" 200 385
114.88.166.242 - - [05/Nov/2020:09:48:00 +0800] "GET /xingrg/all/function/internal_message.html?_=1604540875535&CODE_STATE=getMsg HTTP/1.1" 200 27
124.77.237.88 - - [05/Nov/2020:09:48:01 +0800] "POST /xingrg/kc/buy/cgsh_list_operate.html HTTP/1.1" 200 272
172.17.0.240 - - [05/Nov/2020:09:48:02 +0800] "GET /xingrg/all/function/internal_message.html?_=1604540880117&CODE_STATE=getMsg HTTP/1.1" 200 27
117.184.7.26 - - [05/Nov/2020:09:48:03 +0800] "GET /xingrg/all/function/internal_message.html?_=1604541845922&CODE_STATE=getMsg HTTP/1.1" 200 27
180.162.245.190 - - [05/Nov/2020:09:48:04 +0800] "POST /xingrg/kc/base/stock_operate.html HTTP/1.1" 200 4446
180.174.56.115 - - [05/Nov/2020:09:48:04 +0800] "GET /xingrg/all/function/internal_message.html?_=1604540881925&CODE_STATE=getMsg HTTP/1.1" 200 27
124.77.237.88 - - [05/Nov/2020:09:48:08 +0800] "POST /xingrg/kc/buy/cgsh_list_operate.html HTTP/1.1" 200 1948
180.174.56.115 - - [05/Nov/2020:09:48:09 +0800] "GET /xingrg/all/function/internal_message.html?_=1604540848504&CODE_STATE=getMsg HTTP/1.1" 200 27
124.77.237.88 - - [05/Nov/2020:09:48:10 +0800] "POST /xingrg/kc/buy/cgsh_list_operate.html HTTP/1.1" 200 573
180.162.245.190 - - [05/Nov/2020:09:48:10 +0800] "POST /xingrg/kc/base/stock_operate.html HTTP/1.1" 200 4490
116.232.49.104 - - [05/Nov/2020:09:48:11 +0800] "GET /xingrg/check_reg.html?_=1604540896403 HTTP/1.1" 200 22
116.232.49.104 - - [05/Nov/2020:09:48:11 +0800] "GET /xingrg/all/function/internal_message.html?_=1604540896413&CODE_STATE=getMsg HTTP/1.1" 200 27
180.162.245.190 - - [05/Nov/2020:09:48:14 +0800] "GET /xingrg/all/function/internal_message.html?_=1604540895986&CODE_STATE=getMsg HTTP/1.1" 200 27
124.77.237.88 - - [05/Nov/2020:09:48:18 +0800] "GET /xingrg/kc/buy/cgsh_order_info.html?code=212020100100059 HTTP/1.1" 200 55600
222.69.133.133 - - [05/Nov/2020:09:48:19 +0800] "GET /xingrg/all/function/internal_message.html?_=1604540895879&CODE_STATE=getMsg HTTP/1.1" 200 27
124.77.237.88 - - [05/Nov/2020:09:48:19 +0800] "GET /xingrg/javascript/easyui/themes/default/validatebox.css HTTP/1.1" 404 1104
124.77.237.88 - - [05/Nov/2020:09:48:19 +0800] "POST /xingrg/kc/buy/cgsh_list_operate.html HTTP/1.1" 200 1948
124.77.237.88 - - [05/Nov/2020:09:48:19 +0800] "POST /xingrg/kc/buy/cgsh_order_operate.html HTTP/1.1" 200 4156
180.161.96.95 - - [05/Nov/2020:09:48:20 +0800] "GET /xingrg/check_reg.html?_=1604541119155 HTTP/1.1" 200 22
58.221.95.50 - - [05/Nov/2020:09:48:21 +0800] "GET /xingrg/all/function/internal_message.html?_=1604541087942&CODE_STATE=getMsg HTTP/1.1" 200 27
180.161.96.95 - - [05/Nov/2020:09:48:21 +0800] "GET /xingrg/all/function/internal_message.html?_=1604541120351&CODE_STATE=getMsg HTTP/1.1" 200 27
172.17.0.101 - - [05/Nov/2020:09:48:23 +0800] "GET /xingrg/all/function/internal_message.html?_=1604540899967&CODE_STATE=getMsg HTTP/1.1" 200 27
114.84.37.38 - - [05/Nov/2020:09:48:25 +0800] "GET /xingrg/all/function/internal_message.html?_=1604540928263&CODE_STATE=getMsg HTTP/1.1" 200 27
180.157.253.48 - - [05/Nov/2020:09:48:31 +0800] "GET /xingrg/login.html HTTP/1.1" 200 7641
180.157.253.48 - - [05/Nov/2020:09:48:32 +0800] "GET /favicon.ico HTTP/1.1" 404 -
116.232.49.104 - - [05/Nov/2020:09:48:36 +0800] "GET /xingrg/all/function/internal_message.html?_=1604540963453&CODE_STATE=getMsg HTTP/1.1" 200 27
114.88.166.242 - - [05/Nov/2020:09:48:36 +0800] "GET /xingrg/all/function/internal_message.html?_=1604541016283&CODE_STATE=getMsg HTTP/1.1" 200 27
180.162.245.190 - - [05/Nov/2020:09:48:37 +0800] "POST /xingrg/kc/base/stock_operate.html HTTP/1.1" 200 4469
180.157.253.48 - - [05/Nov/2020:09:48:41 +0800] "POST /xingrg/login.do HTTP/1.1" 302 -
180.157.253.48 - - [05/Nov/2020:09:48:42 +0800] "GET /xingrg/index.html?sysBaseUrl=http%3A%2F%2F180.169.147.146%3A18081%2Fxingrg%2F&costTime=40×tamp=1604540921970 HTTP/1.1" 200 17179
180.157.253.48 - - [05/Nov/2020:09:48:42 +0800] "GET /favicon.ico HTTP/1.1" 404 -
180.157.253.48 - - [05/Nov/2020:09:48:42 +0800] "POST /xingrg/all/common/load_tree.html?tree=area_rest_tree_json&manage=1 HTTP/1.1" 200 351
180.157.253.48 - - [05/Nov/2020:09:48:42 +0800] "GET /xingrg/all/function/internal_message.html?_=1604540923069&CODE_STATE=count HTTP/1.1" 200 11
180.157.253.48 - - [05/Nov/2020:09:48:42 +0800] "GET /xingrg/check_reg.html?_=1604540923072 HTTP/1.1" 200 22
180.157.253.48 - - [05/Nov/2020:09:48:42 +0800] "POST /xingrg/load_menu.html HTTP/1.1" 200 5138
120.253.135.82 - - [05/Nov/2020:09:48:42 +0800] "GET /xingrg/all/function/internal_message.html?_=1604540970731&CODE_STATE=getMsg HTTP/1.1" 200 27
180.162.245.190 - - [05/Nov/2020:09:48:44 +0800] "POST /xingrg/kc/base/stock_operate.html HTTP/1.1" 200 4484
172.17.0.185 - - [05/Nov/2020:09:48:46 +0800] "GET /xingrg/all/function/internal_message.html?_=1604540923716&CODE_STATE=getMsg HTTP/1.1" 200 27
180.162.245.190 - - [05/Nov/2020:09:48:46 +0800] "GET /xingrg/all/function/internal_message.html?_=1604540907111&CODE_STATE=getMsg HTTP/1.1" 200 27
172.17.200.101 - - [05/Nov/2020:09:48:47 +0800] "GET /xingrg/all/function/internal_message.html?_=1604540926064&CODE_STATE=getMsg HTTP/1.1" 200 27
120.253.135.82 - - [05/Nov/2020:09:48:48 +0800] "GET /xingrg/all/function/internal_message.html?_=1604540672620&CODE_STATE=getMsg HTTP/1.1" 200 27
117.184.7.30 - - [05/Nov/2020:09:48:48 +0800] "GET /xingrg/all/function/internal_message.html?_=1604540919511&CODE_STATE=getMsg HTTP/1.1" 200 27
124.77.237.88 - - [05/Nov/2020:09:48:50 +0800] "GET /xingrg/all/function/internal_message.html?_=1604540921718&CODE_STATE=getMsg HTTP/1.1" 200 27
180.157.253.48 - - [05/Nov/2020:09:48:57 +0800] "GET /xingrg/kc/base/wldb_order_list.html HTTP/1.1" 200 19424
180.157.253.48 - - [05/Nov/2020:09:48:58 +0800] "POST /xingrg/kc/base/wldb_list_operate.html HTTP/1.1" 200 928
114.88.166.242 - - [05/Nov/2020:09:49:00 +0800] "GET /xingrg/all/function/internal_message.html?_=1604540935546&CODE_STATE=getMsg HTTP/1.1" 200 27
172.17.0.240 - - [05/Nov/2020:09:49:02 +0800] "GET /xingrg/all/function/internal_message.html?_=1604540940121&CODE_STATE=getMsg HTTP/1.1" 200 27
117.184.7.26 - - [05/Nov/2020:09:49:03 +0800] "GET /xingrg/all/function/internal_message.html?_=1604541905921&CODE_STATE=getMsg HTTP/1.1" 200 27
180.174.56.115 - - [05/Nov/2020:09:49:04 +0800] "GET /xingrg/all/function/internal_message.html?_=1604540941924&CODE_STATE=getMsg HTTP/1.1" 200 27
180.162.245.190 - - [05/Nov/2020:09:49:05 +0800] "POST /xingrg/kc/base/stock_operate.html HTTP/1.1" 200 4455
180.157.253.48 - - [05/Nov/2020:09:49:09 +0800] "POST /xingrg/kc/base/wldb_list_operate.html HTTP/1.1" 200 928
180.174.56.115 - - [05/Nov/2020:09:49:09 +0800] "GET /xingrg/all/function/internal_message.html?_=1604540908515&CODE_STATE=getMsg HTTP/1.1" 200 27
120.253.135.82 - - [05/Nov/2020:09:49:11 +0800] "GET /xingrg/check_reg.html?_=1604540695894 HTTP/1.1" 200 22
116.232.49.104 - - [05/Nov/2020:09:49:11 +0800] "GET /xingrg/all/function/internal_message.html?_=1604540956412&CODE_STATE=getMsg HTTP/1.1" 200 27
180.162.245.190 - - [05/Nov/2020:09:49:14 +0800] "GET /xingrg/all/function/internal_message.html?_=1604540955958&CODE_STATE=getMsg HTTP/1.1" 200 27
222.69.133.133 - - [05/Nov/2020:09:49:19 +0800] "GET /xingrg/all/function/internal_message.html?_=1604540955880&CODE_STATE=getMsg HTTP/1.1" 200 27
222.69.133.133 - - [05/Nov/2020:09:49:19 +0800] "GET /xingrg/check_reg.html?_=1604540955885 HTTP/1.1" 200 22
58.221.95.50 - - [05/Nov/2020:09:49:21 +0800] "GET /xingrg/all/function/internal_message.html?_=1604541147928&CODE_STATE=getMsg HTTP/1.1" 200 27
180.161.96.95 - - [05/Nov/2020:09:49:21 +0800] "GET /xingrg/all/function/internal_message.html?_=1604541180366&CODE_STATE=getMsg HTTP/1.1" 200 27
180.162.245.190 - - [05/Nov/2020:09:49:21 +0800] "GET /xingrg/kc/mdqp/qqps_order_list.html HTTP/1.1" 200 10053
180.162.245.190 - - [05/Nov/2020:09:49:21 +0800] "GET /xingrg/dwr/interface/AjaxReportQueryService.js HTTP/1.1" 200 13203
180.162.245.190 - - [05/Nov/2020:09:49:22 +0800] "GET /xingrg/dwr/interface/AjaxQqpsService.js HTTP/1.1" 200 16326
180.162.245.190 - - [05/Nov/2020:09:49:22 +0800] "GET /xingrg/dwr/engine.js HTTP/1.1" 200 43631
180.162.245.190 - - [05/Nov/2020:09:49:23 +0800] "GET /xingrg/kc/mdqp/qqps_order_info.html?code=302020110500088 HTTP/1.1" 200 28398
180.162.245.190 - - [05/Nov/2020:09:49:23 +0800] "GET /xingrg/dwr/interface/AjaxQqpsService.js HTTP/1.1" 200 16326
180.162.245.190 - - [05/Nov/2020:09:49:23 +0800] "GET /xingrg/dwr/interface/AjaxComOrderService.js HTTP/1.1" 200 18264
180.162.245.190 - - [05/Nov/2020:09:49:23 +0800] "GET /xingrg/dwr/engine.js HTTP/1.1" 200 43631
172.17.0.101 - - [05/Nov/2020:09:49:23 +0800] "GET /xingrg/all/function/internal_message.html?_=1604540959965&CODE_STATE=getMsg HTTP/1.1" 200 27
