172.17.0.120 - - [04/Nov/2020:09:09:30 +0800] "GET /xingrg/images/blue/jxLogo.png HTTP/1.1" 200 6156
172.17.0.120 - - [04/Nov/2020:09:09:30 +0800] "GET /xingrg/images/blue/login_bg.png HTTP/1.1" 200 22101
172.17.0.120 - - [04/Nov/2020:09:09:30 +0800] "GET /xingrg/images/blue/hj.png HTTP/1.1" 200 1014
172.17.0.120 - - [04/Nov/2020:09:09:30 +0800] "GET /xingrg/images/blue/srbg.png HTTP/1.1" 200 138
172.17.0.120 - - [04/Nov/2020:09:09:30 +0800] "GET /favicon.ico HTTP/1.1" 404 -
180.174.56.115 - - [04/Nov/2020:09:09:30 +0800] "POST /xingrg/kc/buy/cgsh_order_operate.html HTTP/1.1" 200 12
114.88.166.242 - - [04/Nov/2020:09:09:31 +0800] "GET /xingrg/all/function/internal_message.html?_=1604452269243&CODE_STATE=getMsg HTTP/1.1" 200 27
114.88.166.242 - - [04/Nov/2020:09:09:31 +0800] "GET /xingrg/check_reg.html?_=1604452269244 HTTP/1.1" 200 22
180.174.56.115 - - [04/Nov/2020:09:09:31 +0800] "GET /xingrg/kc/buy/cgsh_order_info.html?code=212020110401244 HTTP/1.1" 200 55158
180.174.56.115 - - [04/Nov/2020:09:09:32 +0800] "GET /xingrg/javascript/easyui/themes/default/validatebox.css HTTP/1.1" 404 1104
180.174.56.115 - - [04/Nov/2020:09:09:32 +0800] "POST /xingrg/kc/buy/cgsh_order_operate.html HTTP/1.1" 200 4780
58.40.7.146 - - [04/Nov/2020:09:09:33 +0800] "GET /xingrg/all/function/internal_message.html?_=1604452172485&CODE_STATE=getMsg HTTP/1.1" 200 27
180.174.56.115 - - [04/Nov/2020:09:09:34 +0800] "GET /xingrg/kc/print/load_data.html?order_code=212020110401244&kc_code=cgsh&condition= HTTP/1.1" 200 2410
222.69.139.194 - - [04/Nov/2020:09:09:35 +0800] "GET /xingrg/all/function/internal_message.html?_=1604452174625&CODE_STATE=getMsg HTTP/1.1" 200 27
117.131.5.26 - - [04/Nov/2020:09:09:36 +0800] "GET /xingrg/all/function/internal_message.html?_=1604452479507&CODE_STATE=getMsg HTTP/1.1" 302 -
117.131.5.26 - - [04/Nov/2020:09:09:36 +0800] "GET /xingrg/login.html HTTP/1.1" 200 7641
172.17.0.120 - - [04/Nov/2020:09:09:37 +0800] "POST /xingrg/login.do HTTP/1.1" 302 -
172.17.0.120 - - [04/Nov/2020:09:09:37 +0800] "GET /xingrg/javascript/jquery_easy_ui/themes/default/easyui.css HTTP/1.1" 200 26500
172.17.0.120 - - [04/Nov/2020:09:09:37 +0800] "GET /xingrg/javascript/jquery_easy_ui/themes/icon.css HTTP/1.1" 200 3949
172.17.0.120 - - [04/Nov/2020:09:09:37 +0800] "GET /xingrg/css/form.css HTTP/1.1" 200 893
172.17.0.120 - - [04/Nov/2020:09:09:37 +0800] "GET /xingrg/javascript/jquery-1.4.2.min.js HTTP/1.1" 200 72205
172.17.0.120 - - [04/Nov/2020:09:09:37 +0800] "GET /xingrg/javascript/jquery_easy_ui/jquery.easyui.min.js HTTP/1.1" 200 213662
172.17.0.120 - - [04/Nov/2020:09:09:37 +0800] "GET /xingrg/javascript/jquery_easy_ui/easyui-lang-zh_CN.js HTTP/1.1" 200 1900
172.17.0.120 - - [04/Nov/2020:09:09:37 +0800] "GET /xingrg/javascript/jquery.form.js HTTP/1.1" 200 23110
172.17.0.120 - - [04/Nov/2020:09:09:37 +0800] "GET /xingrg/javascript/jquery.utils.js HTTP/1.1" 200 11805
172.17.0.120 - - [04/Nov/2020:09:09:37 +0800] "GET /xingrg/javascript/jquery.timers.js HTTP/1.1" 200 3532
172.17.0.120 - - [04/Nov/2020:09:09:37 +0800] "GET /xingrg/index.html?sysBaseUrl=http%3A%2F%2F172.17.0.8%3A18081%2Fxingrg%2F&costTime=95×tamp=1604452177227 HTTP/1.1" 200 17448
172.17.0.120 - - [04/Nov/2020:09:09:37 +0800] "GET /favicon.ico HTTP/1.1" 404 -
172.17.0.120 - - [04/Nov/2020:09:09:37 +0800] "GET /xingrg/javascript/jquery_easy_ui/themes/icons/settle_new.png HTTP/1.1" 200 826
172.17.0.120 - - [04/Nov/2020:09:09:37 +0800] "GET /xingrg/images/blue/navBackgound.jpg HTTP/1.1" 200 12378
172.17.0.120 - - [04/Nov/2020:09:09:37 +0800] "POST /xingrg/all/common/load_tree.html?tree=area_rest_tree_json&manage=1 HTTP/1.1" 200 3350
172.17.0.120 - - [04/Nov/2020:09:09:37 +0800] "GET /xingrg/all/function/internal_message.html?_=1604452175492&CODE_STATE=count HTTP/1.1" 200 11
172.17.0.120 - - [04/Nov/2020:09:09:37 +0800] "GET /xingrg/check_reg.html?_=1604452175493 HTTP/1.1" 200 22
172.17.0.120 - - [04/Nov/2020:09:09:37 +0800] "GET /xingrg/images/blue/pingpu.png HTTP/1.1" 200 231
172.17.0.120 - - [04/Nov/2020:09:09:37 +0800] "GET /xingrg/javascript/jquery_easy_ui/themes/default/images/tabs_leftarrow.png HTTP/1.1" 200 389
172.17.0.120 - - [04/Nov/2020:09:09:37 +0800] "GET /xingrg/javascript/jquery_easy_ui/themes/default/images/tabs_rightarrow.png HTTP/1.1" 200 395
172.17.0.120 - - [04/Nov/2020:09:09:37 +0800] "GET /xingrg/javascript/jquery_easy_ui/themes/default/images/panel_tool_expand.gif HTTP/1.1" 200 247
172.17.0.120 - - [04/Nov/2020:09:09:37 +0800] "GET /xingrg/javascript/jquery_easy_ui/themes/default/images/panel_tool_collapse.gif HTTP/1.1" 200 246
172.17.0.120 - - [04/Nov/2020:09:09:37 +0800] "POST /xingrg/load_menu.html HTTP/1.1" 200 11408
172.17.0.120 - - [04/Nov/2020:09:09:37 +0800] "GET /xingrg/javascript/jquery_easy_ui/themes/default/images/tree_arrows.gif HTTP/1.1" 200 1043
172.17.0.120 - - [04/Nov/2020:09:09:37 +0800] "GET /xingrg/javascript/jquery_easy_ui/themes/default/images/tree_folder_open.gif HTTP/1.1" 200 956
172.17.0.120 - - [04/Nov/2020:09:09:37 +0800] "GET /xingrg/javascript/jquery_easy_ui/themes/icons/search_new.png HTTP/1.1" 200 586
172.17.0.120 - - [04/Nov/2020:09:09:37 +0800] "GET /xingrg/javascript/jquery_easy_ui/themes/icons/delivery_new.png HTTP/1.1" 200 700
172.17.0.120 - - [04/Nov/2020:09:09:37 +0800] "GET /xingrg/javascript/jquery_easy_ui/themes/icons/storage_new.png HTTP/1.1" 200 853
172.17.0.120 - - [04/Nov/2020:09:09:37 +0800] "GET /xingrg/javascript/jquery_easy_ui/themes/icons/checkout_new.png HTTP/1.1" 200 744
172.17.0.120 - - [04/Nov/2020:09:09:37 +0800] "GET /xingrg/javascript/jquery_easy_ui/themes/icons/forms_new.png HTTP/1.1" 200 350
172.17.0.120 - - [04/Nov/2020:09:09:37 +0800] "GET /xingrg/javascript/jquery_easy_ui/themes/icons/setting_new.png HTTP/1.1" 200 450
172.17.0.120 - - [04/Nov/2020:09:09:37 +0800] "GET /xingrg/javascript/jquery_easy_ui/themes/icons/systemset_new.png HTTP/1.1" 200 606
172.17.0.120 - - [04/Nov/2020:09:09:37 +0800] "GET /xingrg/javascript/jquery_easy_ui/themes/default/images/tree_file.gif HTTP/1.1" 200 118
172.17.0.120 - - [04/Nov/2020:09:09:37 +0800] "GET /xingrg/javascript/jquery_easy_ui/themes/default/images/tree_folder.gif HTTP/1.1" 200 952
114.84.37.38 - - [04/Nov/2020:09:09:38 +0800] "GET /xingrg/kc/buy/cgsh_order_operate.html?command=get_materiel&rest_code=00146&code=00101008055&supplier_code=00100005&order_time=2020-11-04 HTTP/1.1" 200 409
172.17.0.120 - - [04/Nov/2020:09:09:39 +0800] "GET /xingrg/javascript/jquery_easy_ui/themes/icons/area.png HTTP/1.1" 200 262
172.17.0.120 - - [04/Nov/2020:09:09:39 +0800] "GET /xingrg/javascript/jquery_easy_ui/themes/icons/manage.png HTTP/1.1" 200 696
172.17.0.120 - - [04/Nov/2020:09:09:39 +0800] "GET /xingrg/javascript/jquery_easy_ui/themes/icons/rest.png HTTP/1.1" 200 695
172.17.0.120 - - [04/Nov/2020:09:09:39 +0800] "GET /xingrg/javascript/jquery_easy_ui/themes/default/images/button_a_bg.gif HTTP/1.1" 200 1194
172.17.0.120 - - [04/Nov/2020:09:09:39 +0800] "GET /xingrg/javascript/jquery_easy_ui/themes/default/images/button_span_bg.gif HTTP/1.1" 200 2061
172.17.0.120 - - [04/Nov/2020:09:09:39 +0800] "GET /xingrg/javascript/jquery_easy_ui/themes/icons/ok.png HTTP/1.1" 200 883
172.17.0.120 - - [04/Nov/2020:09:09:39 +0800] "GET /xingrg/javascript/jquery_easy_ui/themes/default/images/panel_title.png HTTP/1.1" 200 266
172.17.0.120 - - [04/Nov/2020:09:09:39 +0800] "GET /xingrg/javascript/jquery_easy_ui/themes/default/images/panel_tools.gif HTTP/1.1" 200 737
222.69.139.194 - - [04/Nov/2020:09:09:41 +0800] "GET /xingrg/kc/buy/cgsh_order_add.html HTTP/1.1" 200 60666
222.69.139.194 - - [04/Nov/2020:09:09:41 +0800] "POST /xingrg/kc/buy/cgsh_order_operate.html HTTP/1.1" 200 8245
222.69.139.194 - - [04/Nov/2020:09:09:41 +0800] "GET /xingrg/javascript/easyui/themes/default/validatebox.css HTTP/1.1" 404 1104
58.221.95.50 - - [04/Nov/2020:09:09:42 +0800] "POST /xingrg/kc/base/wldb_list_operate.html HTTP/1.1" 200 626
58.221.95.50 - - [04/Nov/2020:09:09:43 +0800] "GET /xingrg/kc/base/wldb_order_info.html?code=422020102603110 HTTP/1.1" 200 26474
172.17.0.120 - - [04/Nov/2020:09:09:43 +0800] "GET /xingrg/images/control/ajaxLoader.gif HTTP/1.1" 200 4659
172.17.0.120 - - [04/Nov/2020:09:09:44 +0800] "POST /xingrg/all/user/operate.html HTTP/1.1" 200 36
58.221.95.50 - - [04/Nov/2020:09:09:44 +0800] "GET /xingrg/javascript/easyui/themes/default/validatebox.css HTTP/1.1" 404 1104
172.17.0.120 - - [04/Nov/2020:09:09:44 +0800] "GET /xingrg/index.html?sysBaseUrl=http%3A%2F%2F172.17.0.8%3A18081%2Fxingrg%2F&costTime=95×tamp=1604452177227 HTTP/1.1" 200 17454
172.17.0.120 - - [04/Nov/2020:09:09:44 +0800] "GET /xingrg/javascript/jquery_easy_ui/themes/default/easyui.css HTTP/1.1" 304 -
172.17.0.120 - - [04/Nov/2020:09:09:44 +0800] "GET /xingrg/javascript/jquery_easy_ui/themes/icon.css HTTP/1.1" 304 -
172.17.0.120 - - [04/Nov/2020:09:09:44 +0800] "GET /xingrg/css/form.css HTTP/1.1" 304 -
172.17.0.120 - - [04/Nov/2020:09:09:44 +0800] "GET /xingrg/javascript/jquery-1.4.2.min.js HTTP/1.1" 304 -
172.17.0.120 - - [04/Nov/2020:09:09:44 +0800] "GET /xingrg/javascript/jquery_easy_ui/jquery.easyui.min.js HTTP/1.1" 304 -
172.17.0.120 - - [04/Nov/2020:09:09:44 +0800] "GET /xingrg/javascript/jquery_easy_ui/easyui-lang-zh_CN.js HTTP/1.1" 304 -
172.17.0.120 - - [04/Nov/2020:09:09:44 +0800] "GET /xingrg/javascript/jquery.form.js HTTP/1.1" 304 -
172.17.0.120 - - [04/Nov/2020:09:09:44 +0800] "GET /xingrg/javascript/jquery.utils.js HTTP/1.1" 304 -
172.17.0.120 - - [04/Nov/2020:09:09:44 +0800] "GET /xingrg/javascript/jquery.timers.js HTTP/1.1" 304 -
172.17.0.120 - - [04/Nov/2020:09:09:44 +0800] "GET /xingrg/images/blue/jxLogo.png HTTP/1.1" 304 -
172.17.0.120 - - [04/Nov/2020:09:09:44 +0800] "GET /xingrg/images/blue/navBackgound.jpg HTTP/1.1" 304 -
172.17.0.120 - - [04/Nov/2020:09:09:44 +0800] "GET /xingrg/javascript/jquery_easy_ui/themes/icons/settle_new.png HTTP/1.1" 304 -
172.17.0.120 - - [04/Nov/2020:09:09:44 +0800] "POST /xingrg/all/common/load_tree.html?tree=area_rest_tree_json&manage=1 HTTP/1.1" 200 3350
172.17.0.120 - - [04/Nov/2020:09:09:44 +0800] "GET /xingrg/check_reg.html?_=1604452182210 HTTP/1.1" 200 22
172.17.0.120 - - [04/Nov/2020:09:09:44 +0800] "GET /xingrg/all/function/internal_message.html?_=1604452182209&CODE_STATE=count HTTP/1.1" 200 11
172.17.0.120 - - [04/Nov/2020:09:09:44 +0800] "GET /xingrg/javascript/jquery_easy_ui/themes/default/images/tabs_rightarrow.png HTTP/1.1" 304 -
172.17.0.120 - - [04/Nov/2020:09:09:44 +0800] "GET /xingrg/javascript/jquery_easy_ui/themes/default/images/panel_tool_expand.gif HTTP/1.1" 304 -
172.17.0.120 - - [04/Nov/2020:09:09:44 +0800] "GET /xingrg/javascript/jquery_easy_ui/themes/default/images/panel_tool_collapse.gif HTTP/1.1" 304 -
172.17.0.120 - - [04/Nov/2020:09:09:44 +0800] "GET /xingrg/images/blue/pingpu.png HTTP/1.1" 304 -
172.17.0.120 - - [04/Nov/2020:09:09:44 +0800] "GET /xingrg/javascript/jquery_easy_ui/themes/default/images/tabs_leftarrow.png HTTP/1.1" 304 -
172.17.0.120 - - [04/Nov/2020:09:09:44 +0800] "POST /xingrg/load_menu.html HTTP/1.1" 200 9924
58.221.95.50 - - [04/Nov/2020:09:09:44 +0800] "POST /xingrg/kc/base/wldb_order_operate.html HTTP/1.1" 200 9077
172.17.0.101 - - [04/Nov/2020:09:09:44 +0800] "GET /xingrg/all/function/internal_message.html?_=1604452181142&CODE_STATE=getMsg HTTP/1.1" 200 27
120.253.135.82 - - [04/Nov/2020:09:09:44 +0800] "GET /xingrg/all/function/internal_message.html?_=1604451930187&CODE_STATE=getMsg HTTP/1.1" 200 27
180.174.56.115 - - [04/Nov/2020:09:09:49 +0800] "GET /xingrg/kc/buy/cgsh_order_list.html HTTP/1.1" 200 44879
58.221.95.50 - - [04/Nov/2020:09:09:50 +0800] "POST /xingrg/kc/base/wldb_list_operate.html HTTP/1.1" 200 513
180.174.56.115 - - [04/Nov/2020:09:09:50 +0800] "POST /xingrg/kc/buy/cgsh_list_operate.html HTTP/1.1" 200 876
180.174.56.115 - - [04/Nov/2020:09:09:51 +0800] "GET /xingrg/all/function/internal_message.html?_=1604452151933&CODE_STATE=getMsg HTTP/1.1" 200 27
58.221.95.50 - - [04/Nov/2020:09:09:51 +0800] "POST /xingrg/kc/base/wldb_list_operate.html HTTP/1.1" 200 626
172.17.200.101 - - [04/Nov/2020:09:09:53 +0800] "GET /xingrg/check_reg.html?_=1604452191175 HTTP/1.1" 200 22
172.17.200.101 - - [04/Nov/2020:09:09:53 +0800] "GET /xingrg/all/function/internal_message.html?_=1604452191179&CODE_STATE=getMsg HTTP/1.1" 200 27
58.221.95.50 - - [04/Nov/2020:09:09:53 +0800] "GET /xingrg/kc/base/wldb_order_info.html?code=422020102603101 HTTP/1.1" 200 26474
180.174.56.115 - - [04/Nov/2020:09:09:53 +0800] "POST /xingrg/all/user/operate.html HTTP/1.1" 200 36
58.221.95.50 - - [04/Nov/2020:09:09:54 +0800] "GET /xingrg/javascript/easyui/themes/default/validatebox.css HTTP/1.1" 404 1104
180.174.56.115 - - [04/Nov/2020:09:09:54 +0800] "GET /xingrg/index.html?sysBaseUrl=http%3A%2F%2F180.169.147.146%3A18081%2Fxingrg%2F&costTime=44×tamp=1604288470609 HTTP/1.1" 200 17179
180.174.56.115 - - [04/Nov/2020:09:09:54 +0800] "GET /xingrg/javascript/jquery_easy_ui/themes/default/easyui.css HTTP/1.1" 304 -
180.174.56.115 - - [04/Nov/2020:09:09:54 +0800] "GET /xingrg/javascript/jquery_easy_ui/themes/icon.css HTTP/1.1" 304 -
180.174.56.115 - - [04/Nov/2020:09:09:54 +0800] "GET /xingrg/css/form.css HTTP/1.1" 304 -
180.174.56.115 - - [04/Nov/2020:09:09:54 +0800] "GET /xingrg/javascript/jquery-1.4.2.min.js HTTP/1.1" 304 -
180.174.56.115 - - [04/Nov/2020:09:09:54 +0800] "GET /xingrg/javascript/jquery_easy_ui/jquery.easyui.min.js HTTP/1.1" 304 -
180.174.56.115 - - [04/Nov/2020:09:09:54 +0800] "GET /xingrg/javascript/jquery_easy_ui/easyui-lang-zh_CN.js HTTP/1.1" 304 -
180.174.56.115 - - [04/Nov/2020:09:09:54 +0800] "GET /xingrg/javascript/jquery.form.js HTTP/1.1" 304 -
180.174.56.115 - - [04/Nov/2020:09:09:54 +0800] "GET /xingrg/javascript/jquery.utils.js HTTP/1.1" 304 -
180.174.56.115 - - [04/Nov/2020:09:09:54 +0800] "GET /xingrg/javascript/jquery.timers.js HTTP/1.1" 304 -
180.174.56.115 - - [04/Nov/2020:09:09:54 +0800] "GET /xingrg/images/blue/jxLogo.png HTTP/1.1" 304 -
180.174.56.115 - - [04/Nov/2020:09:09:54 +0800] "GET /xingrg/javascript/jquery_easy_ui/themes/icons/settle_new.png HTTP/1.1" 304 -
180.174.56.115 - - [04/Nov/2020:09:09:54 +0800] "GET /xingrg/images/blue/navBackgound.jpg HTTP/1.1" 304 -
180.174.56.115 - - [04/Nov/2020:09:09:54 +0800] "POST /xingrg/all/common/load_tree.html?tree=area_rest_tree_json&manage=1 HTTP/1.1" 200 476
180.174.56.115 - - [04/Nov/2020:09:09:54 +0800] "GET /xingrg/all/function/internal_message.html?_=1604452192057&CODE_STATE=count HTTP/1.1" 200 11
180.174.56.115 - - [04/Nov/2020:09:09:54 +0800] "GET /xingrg/check_reg.html?_=1604452192059 HTTP/1.1" 200 22
180.174.56.115 - - [04/Nov/2020:09:09:54 +0800] "GET /xingrg/images/blue/pingpu.png HTTP/1.1" 304 -
58.221.95.50 - - [04/Nov/2020:09:09:54 +0800] "POST /xingrg/kc/base/wldb_order_operate.html HTTP/1.1" 200 8510
180.174.56.115 - - [04/Nov/2020:09:09:54 +0800] "GET /xingrg/javascript/jquery_easy_ui/themes/default/images/panel_tool_collapse.gif HTTP/1.1" 304 -
180.174.56.115 - - [04/Nov/2020:09:09:54 +0800] "GET /xingrg/javascript/jquery_easy_ui/themes/default/images/tabs_rightarrow.png HTTP/1.1" 304 -
180.174.56.115 - - [04/Nov/2020:09:09:54 +0800] "GET /xingrg/javascript/jquery_easy_ui/themes/default/images/tabs_leftarrow.png HTTP/1.1" 304 -
180.174.56.115 - - [04/Nov/2020:09:09:54 +0800] "POST /xingrg/load_menu.html HTTP/1.1" 200 5138
114.88.166.242 - - [04/Nov/2020:09:09:55 +0800] "GET /xingrg/kc/buy/cgsh_order_operate.html?command=get_materiel&rest_code=00111&code=00101008272&supplier_code=00100005&order_time=2020-11-04 HTTP/1.1" 200 412
180.174.56.115 - - [04/Nov/2020:09:09:56 +0800] "GET /xingrg/kc/buy/cgsh_order_list.html HTTP/1.1" 200 44881
114.84.37.38 - - [04/Nov/2020:09:09:57 +0800] "GET /xingrg/all/function/internal_message.html?_=1604452216454&CODE_STATE=getMsg HTTP/1.1" 200 27
180.174.56.115 - - [04/Nov/2020:09:09:57 +0800] "POST /xingrg/kc/buy/cgsh_list_operate.html HTTP/1.1" 200 876
180.174.56.115 - - [04/Nov/2020:09:09:58 +0800] "GET /xingrg/kc/buy/cgsh_order_add.html HTTP/1.1" 200 60537
180.174.56.115 - - [04/Nov/2020:09:09:58 +0800] "POST /xingrg/kc/buy/cgsh_order_operate.html HTTP/1.1" 200 8245
180.174.56.115 - - [04/Nov/2020:09:09:58 +0800] "GET /xingrg/javascript/easyui/themes/default/validatebox.css HTTP/1.1" 404 1104
180.174.56.115 - - [04/Nov/2020:09:09:58 +0800] "GET /xingrg/all/common/auto_word.html?type=employee&rest_code=00150 HTTP/1.1" 200 205
180.174.56.115 - - [04/Nov/2020:09:09:58 +0800] "GET /xingrg/all/common/auto_word.html?type=employee&rest_code=00150 HTTP/1.1" 200 205
114.84.145.85 - - [04/Nov/2020:09:10:04 +0800] "GET /xingrg/all/function/internal_message.html?_=1604451795214&CODE_STATE=getMsg HTTP/1.1" 302 -
114.88.166.242 - - [04/Nov/2020:09:10:04 +0800] "GET /xingrg/kc/buy/cgsh_order_operate.html?command=get_materiel&rest_code=00111&code=00101008360&supplier_code=00100005&order_time=2020-11-04 HTTP/1.1" 200 413
114.84.145.85 - - [04/Nov/2020:09:10:04 +0800] "GET /xingrg/check_reg.html?_=1604451795544 HTTP/1.1" 302 -
222.69.139.194 - - [04/Nov/2020:09:10:04 +0800] "POST /xingrg/services/DataTransmitService HTTP/1.1" 401 565
222.69.139.194 - - [04/Nov/2020:09:10:04 +0800] "POST /xingrg/services/DataTransmitService HTTP/1.1" 200 478
222.69.139.194 - - [04/Nov/2020:09:10:05 +0800] "POST /xingrg/services/DataTransmitService HTTP/1.1" 200 1319
222.69.139.194 - - [04/Nov/2020:09:10:05 +0800] "POST /xingrg/services/DataTransmitService HTTP/1.1" 200 478
222.69.139.194 - - [04/Nov/2020:09:10:05 +0800] "POST /xingrg/services/DataTransmitService HTTP/1.1" 200 1319
222.69.139.194 - - [04/Nov/2020:09:10:05 +0800] "POST /xingrg/services/DataTransmitService HTTP/1.1" 200 524
222.69.139.194 - - [04/Nov/2020:09:10:05 +0800] "POST /xingrg/services/DataTransmitService HTTP/1.1" 200 1847
222.69.139.194 - - [04/Nov/2020:09:10:06 +0800] "POST /xingrg/services/DataTransmitService HTTP/1.1" 200 156079
180.162.245.190 - - [04/Nov/2020:09:10:07 +0800] "GET /xingrg/all/function/internal_message.html?_=1604452189003&CODE_STATE=getMsg HTTP/1.1" 200 27
180.174.56.115 - - [04/Nov/2020:09:10:08 +0800] "GET /xingrg/javascript/auto/indicator.gif HTTP/1.1" 404 1066
58.221.95.50 - - [04/Nov/2020:09:10:11 +0800] "GET /xingrg/kc/base/wldb_order_info.html?code=422020102603118 HTTP/1.1" 200 26472
58.221.95.50 - - [04/Nov/2020:09:10:12 +0800] "GET /xingrg/javascript/easyui/themes/default/validatebox.css HTTP/1.1" 404 1104
58.221.95.50 - - [04/Nov/2020:09:10:12 +0800] "POST /xingrg/kc/base/wldb_order_operate.html HTTP/1.1" 200 3327
58.221.95.50 - - [04/Nov/2020:09:10:18 +0800] "GET /xingrg/all/function/internal_message.html?_=1604452405621&CODE_STATE=getMsg HTTP/1.1" 200 27
180.162.245.190 - - [04/Nov/2020:09:10:22 +0800] "GET /xingrg/all/function/internal_message.html?_=1604452224430&CODE_STATE=getMsg HTTP/1.1" 200 27
124.77.237.88 - - [04/Nov/2020:09:10:24 +0800] "GET /xingrg/check_reg.html?_=1604452226386 HTTP/1.1" 200 22
58.221.95.50 - - [04/Nov/2020:09:10:24 +0800] "POST /xingrg/kc/base/wldb_list_operate.html HTTP/1.1" 200 6348
124.77.237.88 - - [04/Nov/2020:09:10:26 +0800] "GET /xingrg/all/function/internal_message.html?_=1604452228660&CODE_STATE=getMsg HTTP/1.1" 200 27
58.221.95.50 - - [04/Nov/2020:09:10:29 +0800] "POST /xingrg/kc/base/wldb_list_operate.html HTTP/1.1" 200 6226
222.69.139.194 - - [04/Nov/2020:09:10:30 +0800] "GET /xingrg/kc/buy/cgsh_order_operate.html?command=get_materiel&rest_code=00149&code=00102009521&supplier_code=00100151&order_time=2020-11-04 HTTP/1.1" 200 413
114.88.166.242 - - [04/Nov/2020:09:10:31 +0800] "GET /xingrg/all/function/internal_message.html?_=1604452329236&CODE_STATE=getMsg HTTP/1.1" 200 27
58.221.95.50 - - [04/Nov/2020:09:10:32 +0800] "POST /xingrg/kc/base/wldb_list_operate.html HTTP/1.1" 200 627
58.40.7.146 - - [04/Nov/2020:09:10:34 +0800] "GET /xingrg/all/function/internal_message.html?_=1604452232488&CODE_STATE=getMsg HTTP/1.1" 200 27
58.221.95.50 - - [04/Nov/2020:09:10:34 +0800] "GET /xingrg/kc/base/wldb_order_info.html?code=422020102603118 HTTP/1.1" 200 26472
58.221.95.50 - - [04/Nov/2020:09:10:34 +0800] "GET /xingrg/javascript/easyui/themes/default/validatebox.css HTTP/1.1" 404 1104
58.221.95.50 - - [04/Nov/2020:09:10:35 +0800] "POST /xingrg/kc/base/wldb_order_operate.html HTTP/1.1" 200 3327
222.69.139.194 - - [04/Nov/2020:09:10:35 +0800] "GET /xingrg/all/function/internal_message.html?_=1604452234634&CODE_STATE=getMsg HTTP/1.1" 200 27
222.69.139.194 - - [04/Nov/2020:09:10:35 +0800] "GET /xingrg/check_reg.html?_=1604452234637 HTTP/1.1" 200 22
117.131.5.26 - - [04/Nov/2020:09:10:36 +0800] "GET /xingrg/all/function/internal_message.html?_=1604452539514&CODE_STATE=getMsg HTTP/1.1" 302 -
117.131.5.26 - - [04/Nov/2020:09:10:36 +0800] "GET /xingrg/login.html HTTP/1.1" 200 7641
114.88.166.242 - - [04/Nov/2020:09:10:36 +0800] "POST /xingrg/kc/buy/cgsh_order_operate.html HTTP/1.1" 200 2065
222.69.139.194 - - [04/Nov/2020:09:10:37 +0800] "POST /xingrg/services/DataTransmitService HTTP/1.1" 200 45454
222.69.139.194 - - [04/Nov/2020:09:10:37 +0800] "POST /xingrg/services/DataTransmitService HTTP/1.1" 200 19237
114.84.37.38 - - [04/Nov/2020:09:10:38 +0800] "GET /xingrg/check_reg.html?_=1604452230822 HTTP/1.1" 200 22
58.221.95.50 - - [04/Nov/2020:09:10:41 +0800] "GET /xingrg/kc/base/base_main.html HTTP/1.1" 200 12142
114.88.166.242 - - [04/Nov/2020:09:10:41 +0800] "GET /xingrg/kc/buy/cgsh_order_operate.html?command=get_materiel&rest_code=00111&code=00101008196&supplier_code=00100005&order_time=2020-11-04 HTTP/1.1" 200 416
58.221.95.50 - - [04/Nov/2020:09:10:42 +0800] "GET /xingrg/kc/base/check_order_list.html HTTP/1.1" 200 16547
58.221.95.50 - - [04/Nov/2020:09:10:43 +0800] "POST /xingrg/kc/base/check_list_operate.html HTTP/1.1" 200 1569
120.253.135.82 - - [04/Nov/2020:09:10:43 +0800] "GET /xingrg/check_reg.html?_=1604451989331 HTTP/1.1" 200 22
172.17.0.120 - - [04/Nov/2020:09:10:44 +0800] "GET /xingrg/all/function/internal_message.html?_=1604452242244&CODE_STATE=getMsg HTTP/1.1" 200 27
172.17.0.101 - - [04/Nov/2020:09:10:44 +0800] "GET /xingrg/all/function/internal_message.html?_=1604452241141&CODE_STATE=getMsg HTTP/1.1" 200 27
120.253.135.82 - - [04/Nov/2020:09:10:44 +0800] "GET /xingrg/all/function/internal_message.html?_=1604451990200&CODE_STATE=getMsg HTTP/1.1" 200 27
180.174.56.115 - - [04/Nov/2020:09:10:44 +0800] "GET /xingrg/kc/buy/cgsh_order_operate.html?command=get_materiel&rest_code=00150&code=00101008323&supplier_code=00100007&order_time=2020-11-04 HTTP/1.1" 200 408
114.88.166.242 - - [04/Nov/2020:09:10:50 +0800] "GET /xingrg/kc/buy/cgsh_order_operate.html?command=get_materiel&rest_code=00111&code=00101008006&supplier_code=00100005&order_time=2020-11-04 HTTP/1.1" 200 416
222.69.139.194 - - [04/Nov/2020:09:10:50 +0800] "GET /xingrg/kc/buy/cgsh_order_operate.html?command=get_materiel&rest_code=00149&code=00102009398&supplier_code=00100151&order_time=2020-11-04 HTTP/1.1" 200 418
222.69.139.194 - - [04/Nov/2020:09:10:50 +0800] "POST /xingrg/services/DataTransmitService HTTP/1.1" 200 524
58.221.95.50 - - [04/Nov/2020:09:10:50 +0800] "POST /xingrg/kc/base/check_list_operate.html HTTP/1.1" 200 4
180.174.56.115 - - [04/Nov/2020:09:10:51 +0800] "GET /xingrg/all/function/internal_message.html?_=1604452212015&CODE_STATE=getMsg HTTP/1.1" 200 27
58.221.95.50 - - [04/Nov/2020:09:10:52 +0800] "POST /xingrg/kc/base/check_list_operate.html HTTP/1.1" 200 781
172.17.200.101 - - [04/Nov/2020:09:10:53 +0800] "GET /xingrg/all/function/internal_message.html?_=1604452251179&CODE_STATE=getMsg HTTP/1.1" 200 27
180.174.56.115 - - [04/Nov/2020:09:10:54 +0800] "GET /xingrg/kc/buy/cgsh_order_operate.html?command=get_materiel&rest_code=00150&code=00101008091&supplier_code=00100007&order_time=2020-11-04 HTTP/1.1" 200 413
180.174.56.115 - - [04/Nov/2020:09:10:54 +0800] "GET /xingrg/all/function/internal_message.html?_=1604452252096&CODE_STATE=getMsg HTTP/1.1" 200 27
58.221.95.50 - - [04/Nov/2020:09:10:56 +0800] "POST /xingrg/kc/base/wldb_list_operate.html HTTP/1.1" 200 6226
114.84.37.38 - - [04/Nov/2020:09:10:57 +0800] "GET /xingrg/all/function/internal_message.html?_=1604452276468&CODE_STATE=getMsg HTTP/1.1" 200 27
222.69.139.194 - - [04/Nov/2020:09:10:59 +0800] "POST /xingrg/services/DataTransmitService HTTP/1.1" 200 501
114.88.166.242 - - [04/Nov/2020:09:10:59 +0800] "GET /xingrg/kc/buy/cgsh_order_operate.html?command=get_materiel&rest_code=00111&code=00101008036&supplier_code=00100005&order_time=2020-11-04 HTTP/1.1" 200 408
180.174.56.115 - - [04/Nov/2020:09:11:00 +0800] "GET /xingrg/kc/buy/cgsh_order_operate.html?command=get_materiel&rest_code=00150&code=00101008027&supplier_code=00100007&order_time=2020-11-04 HTTP/1.1" 200 408
114.84.145.85 - - [04/Nov/2020:09:11:04 +0800] "GET /xingrg/all/function/internal_message.html?_=1604451855182&CODE_STATE=getMsg HTTP/1.1" 302 -
180.174.56.115 - - [04/Nov/2020:09:11:06 +0800] "GET /xingrg/kc/buy/cgsh_order_operate.html?command=get_materiel&rest_code=00150&code=00101008257&supplier_code=00100007&order_time=2020-11-04 HTTP/1.1" 200 416
172.17.0.108 - - [04/Nov/2020:09:11:06 +0800] "GET /xingrg/check_reg.html?_=1604452265378 HTTP/1.1" 200 22
180.162.245.190 - - [04/Nov/2020:09:11:07 +0800] "GET /xingrg/all/function/internal_message.html?_=1604452248991&CODE_STATE=getMsg HTTP/1.1" 200 27
222.69.139.194 - - [04/Nov/2020:09:11:08 +0800] "POST /xingrg/services/DataTransmitService HTTP/1.1" 200 524
114.88.166.242 - - [04/Nov/2020:09:11:12 +0800] "GET /xingrg/kc/buy/cgsh_order_operate.html?command=get_materiel&rest_code=00111&code=00101008318&supplier_code=00100005&order_time=2020-11-04 HTTP/1.1" 200 408
180.174.56.115 - - [04/Nov/2020:09:11:13 +0800] "GET /xingrg/kc/buy/cgsh_order_operate.html?command=get_materiel&rest_code=00150&code=00101008351&supplier_code=00100007&order_time=2020-11-04 HTTP/1.1" 200 408
222.69.139.194 - - [04/Nov/2020:09:11:15 +0800] "GET /xingrg/kc/buy/cgsh_order_operate.html?command=get_materiel&rest_code=00149&code=00102010308&supplier_code=00100151&order_time=2020-11-04 HTTP/1.1" 200 414
222.69.139.194 - - [04/Nov/2020:09:11:17 +0800] "POST /xingrg/services/DataTransmitService HTTP/1.1" 200 501
222.69.139.194 - - [04/Nov/2020:09:11:18 +0800] "POST /xingrg/services/DataTransmitService HTTP/1.1" 200 501
58.221.95.50 - - [04/Nov/2020:09:11:18 +0800] "GET /xingrg/all/function/internal_message.html?_=1604452465619&CODE_STATE=getMsg HTTP/1.1" 200 27
180.174.56.115 - - [04/Nov/2020:09:11:19 +0800] "GET /xingrg/kc/buy/cgsh_order_operate.html?command=get_materiel&rest_code=00150&code=00101008096&supplier_code=00100007&order_time=2020-11-04 HTTP/1.1" 200 413
114.88.166.242 - - [04/Nov/2020:09:11:20 +0800] "GET /xingrg/kc/buy/cgsh_order_operate.html?command=get_materiel&rest_code=00111&code=00101008352&supplier_code=00100005&order_time=2020-11-04 HTTP/1.1" 200 412
114.88.166.242 - - [04/Nov/2020:09:11:22 +0800] "POST /xingrg/kc/buy/cgsh_order_operate.html HTTP/1.1" 200 2065
180.162.245.190 - - [04/Nov/2020:09:11:22 +0800] "GET /xingrg/all/function/internal_message.html?_=1604452284431&CODE_STATE=getMsg HTTP/1.1" 200 27
180.174.56.115 - - [04/Nov/2020:09:11:24 +0800] "GET /xingrg/kc/buy/cgsh_order_operate.html?command=get_materiel&rest_code=00150&code=00101008038&supplier_code=00100007&order_time=2020-11-04 HTTP/1.1" 200 413
222.69.139.194 - - [04/Nov/2020:09:11:24 +0800] "POST /xingrg/services/DataTransmitService HTTP/1.1" 200 501
124.77.237.88 - - [04/Nov/2020:09:11:26 +0800] "GET /xingrg/all/function/internal_message.html?_=1604452288644&CODE_STATE=getMsg HTTP/1.1" 200 27
180.174.56.115 - - [04/Nov/2020:09:11:31 +0800] "GET /xingrg/kc/buy/cgsh_order_operate.html?command=get_materiel&rest_code=00150&code=00101008199&supplier_code=00100007&order_time=2020-11-04 HTTP/1.1" 200 408
114.88.166.242 - - [04/Nov/2020:09:11:31 +0800] "GET /xingrg/all/function/internal_message.html?_=1604452389237&CODE_STATE=getMsg HTTP/1.1" 200 27
222.69.139.194 - - [04/Nov/2020:09:11:31 +0800] "POST /xingrg/services/DataTransmitService HTTP/1.1" 200 501
222.69.139.194 - - [04/Nov/2020:09:11:32 +0800] "POST /xingrg/services/DataTransmitService HTTP/1.1" 200 501
222.69.139.194 - - [04/Nov/2020:09:11:32 +0800] "POST /xingrg/services/DataTransmitService HTTP/1.1" 200 501
58.40.7.146 - - [04/Nov/2020:09:11:34 +0800] "GET /xingrg/all/function/internal_message.html?_=1604452292490&CODE_STATE=getMsg HTTP/1.1" 200 27
180.174.56.115 - - [04/Nov/2020:09:11:34 +0800] "GET /xingrg/check_reg.html?_=1604452255098 HTTP/1.1" 200 22
114.88.166.242 - - [04/Nov/2020:09:11:34 +0800] "GET /xingrg/kc/buy/cgsh_order_operate.html?command=get_materiel&rest_code=00111&code=00101008271&supplier_code=00100005&order_time=2020-11-04 HTTP/1.1" 200 408
222.69.139.194 - - [04/Nov/2020:09:11:35 +0800] "POST /xingrg/services/DataTransmitService HTTP/1.1" 200 501
222.69.139.194 - - [04/Nov/2020:09:11:35 +0800] "GET /xingrg/all/function/internal_message.html?_=1604452294640&CODE_STATE=getMsg HTTP/1.1" 200 27
117.131.5.26 - - [04/Nov/2020:09:11:36 +0800] "GET /xingrg/all/function/internal_message.html?_=1604452599597&CODE_STATE=getMsg HTTP/1.1" 302 -
117.131.5.26 - - [04/Nov/2020:09:11:36 +0800] "GET /xingrg/login.html HTTP/1.1" 200 7641
222.69.139.194 - - [04/Nov/2020:09:11:37 +0800] "POST /xingrg/services/DataTransmitService HTTP/1.1" 200 501
222.69.139.194 - - [04/Nov/2020:09:11:38 +0800] "POST /xingrg/services/DataTransmitService HTTP/1.1" 200 501
222.69.139.194 - - [04/Nov/2020:09:11:40 +0800] "POST /xingrg/services/DataTransmitService HTTP/1.1" 200 412
180.174.56.115 - - [04/Nov/2020:09:11:42 +0800] "GET /xingrg/kc/buy/cgsh_order_operate.html?command=get_materiel&rest_code=00150&code=00101008126&supplier_code=00100007&order_time=2020-11-04 HTTP/1.1" 200 412
114.88.166.242 - - [04/Nov/2020:09:11:43 +0800] "GET /xingrg/kc/buy/cgsh_order_operate.html?command=get_materiel&rest_code=00111&code=00101008125&supplier_code=00100005&order_time=2020-11-04 HTTP/1.1" 200 413
172.17.0.120 - - [04/Nov/2020:09:11:44 +0800] "GET /xingrg/all/function/internal_message.html?_=1604452302216&CODE_STATE=getMsg HTTP/1.1" 200 27
172.17.0.101 - - [04/Nov/2020:09:11:44 +0800] "GET /xingrg/check_reg.html?_=1604452301145 HTTP/1.1" 200 22
172.17.0.101 - - [04/Nov/2020:09:11:44 +0800] "GET /xingrg/all/function/internal_message.html?_=1604452301140&CODE_STATE=getMsg HTTP/1.1" 200 27
120.253.135.82 - - [04/Nov/2020:09:11:44 +0800] "GET /xingrg/all/function/internal_message.html?_=1604452050214&CODE_STATE=getMsg HTTP/1.1" 200 27
180.174.56.115 - - [04/Nov/2020:09:11:49 +0800] "GET /xingrg/kc/buy/cgsh_order_operate.html?command=get_materiel&rest_code=00150&code=00101008087&supplier_code=00100007&order_time=2020-11-04 HTTP/1.1" 200 412
180.174.56.115 - - [04/Nov/2020:09:11:51 +0800] "GET /xingrg/all/function/internal_message.html?_=1604452272023&CODE_STATE=getMsg HTTP/1.1" 200 27
180.157.253.48 - - [04/Nov/2020:09:11:53 +0800] "GET /xingrg/login.html HTTP/1.1" 200 7641
180.157.253.48 - - [04/Nov/2020:09:11:53 +0800] "GET /xingrg/login.html HTTP/1.1" 200 7641
172.17.200.101 - - [04/Nov/2020:09:11:53 +0800] "GET /xingrg/all/function/internal_message.html?_=1604452311181&CODE_STATE=getMsg HTTP/1.1" 200 27
180.157.253.48 - - [04/Nov/2020:09:11:53 +0800] "GET /favicon.ico HTTP/1.1" 404 -
180.157.253.48 - - [04/Nov/2020:09:11:53 +0800] "GET /favicon.ico HTTP/1.1" 404 -
114.88.166.242 - - [04/Nov/2020:09:11:53 +0800] "GET /xingrg/kc/buy/cgsh_order_operate.html?command=get_materiel&rest_code=00111&code=00101008403&supplier_code=00100005&order_time=2020-11-04 HTTP/1.1" 200 412
180.174.56.115 - - [04/Nov/2020:09:11:54 +0800] "GET /xingrg/all/function/internal_message.html?_=1604452312083&CODE_STATE=getMsg HTTP/1.1" 200 27
114.84.37.38 - - [04/Nov/2020:09:11:55 +0800] "GET /xingrg/check_reg.html?_=1604452334512 HTTP/1.1" 200 22
180.174.56.115 - - [04/Nov/2020:09:11:57 +0800] "GET /xingrg/kc/buy/cgsh_order_operate.html?command=get_materiel&rest_code=00150&code=00101008361&supplier_code=00100007&order_time=2020-11-04 HTTP/1.1" 200 408
114.84.37.38 - - [04/Nov/2020:09:11:57 +0800] "GET /xingrg/all/function/internal_message.html?_=1604452336482&CODE_STATE=getMsg HTTP/1.1" 200 27
114.84.37.38 - - [04/Nov/2020:09:11:57 +0800] "GET /xingrg/kc/buy/cgsh_order_operate.html?command=get_materiel&rest_code=00146&code=00101008155&supplier_code=00100005&order_time=2020-11-04 HTTP/1.1" 200 408
180.174.56.115 - - [04/Nov/2020:09:12:04 +0800] "GET /xingrg/kc/buy/cgsh_order_operate.html?command=get_materiel&rest_code=00150&code=00101008355&supplier_code=00100007&order_time=2020-11-04 HTTP/1.1" 200 408
114.84.145.85 - - [04/Nov/2020:09:12:04 +0800] "GET /xingrg/all/function/internal_message.html?_=1604451915155&CODE_STATE=getMsg HTTP/1.1" 302 -
114.88.166.242 - - [04/Nov/2020:09:12:05 +0800] "GET /xingrg/kc/buy/cgsh_order_operate.html?command=get_materiel&rest_code=00111&code=00101008010&supplier_code=00100005&order_time=2020-11-04 HTTP/1.1" 200 412
180.162.245.190 - - [04/Nov/2020:09:12:07 +0800] "GET /xingrg/all/function/internal_message.html?_=1604452309000&CODE_STATE=getMsg HTTP/1.1" 200 27
180.162.245.190 - - [04/Nov/2020:09:12:07 +0800] "GET /xingrg/check_reg.html?_=1604452309006 HTTP/1.1" 200 22
180.174.56.115 - - [04/Nov/2020:09:12:10 +0800] "GET /xingrg/kc/buy/cgsh_order_operate.html?command=get_materiel&rest_code=00150&code=00101008264&supplier_code=00100007&order_time=2020-11-04 HTTP/1.1" 200 412
114.84.37.38 - - [04/Nov/2020:09:12:10 +0800] "GET /xingrg/kc/buy/cgsh_order_operate.html?command=get_materiel&rest_code=00146&code=00101008350&supplier_code=00100005&order_time=2020-11-04 HTTP/1.1" 200 408
180.174.56.115 - - [04/Nov/2020:09:12:16 +0800] "GET /xingrg/kc/buy/cgsh_order_operate.html?command=get_materiel&rest_code=00150&code=00101008321&supplier_code=00100007&order_time=2020-11-04 HTTP/1.1" 200 412
180.157.253.48 - - [04/Nov/2020:09:12:17 +0800] "GET /xingrg/login.html HTTP/1.1" 200 7641
180.157.253.48 - - [04/Nov/2020:09:12:18 +0800] "GET /xingrg/login.html HTTP/1.1" 200 7641
58.221.95.50 - - [04/Nov/2020:09:12:18 +0800] "GET /xingrg/all/function/internal_message.html?_=1604452525619&CODE_STATE=getMsg HTTP/1.1" 200 27
58.221.95.50 - - [04/Nov/2020:09:12:18 +0800] "GET /xingrg/check_reg.html?_=1604452525622 HTTP/1.1" 200 22
180.157.253.48 - - [04/Nov/2020:09:12:18 +0800] "GET /favicon.ico HTTP/1.1" 404 -
180.157.253.48 - - [04/Nov/2020:09:12:18 +0800] "GET /favicon.ico HTTP/1.1" 404 -
180.174.56.115 - - [04/Nov/2020:09:12:22 +0800] "GET /xingrg/kc/buy/cgsh_order_operate.html?command=get_materiel&rest_code=00150&code=00101008356&supplier_code=00100007&order_time=2020-11-04 HTTP/1.1" 200 408
180.162.245.190 - - [04/Nov/2020:09:12:22 +0800] "GET /xingrg/all/function/internal_message.html?_=1604452344430&CODE_STATE=getMsg HTTP/1.1" 200 27
124.77.237.88 - - [04/Nov/2020:09:12:26 +0800] "GET /xingrg/all/function/internal_message.html?_=1604452348618&CODE_STATE=getMsg HTTP/1.1" 200 27
180.157.253.48 - - [04/Nov/2020:09:12:27 +0800] "POST /xingrg/login.do HTTP/1.1" 302 -
180.157.253.48 - - [04/Nov/2020:09:12:27 +0800] "GET /xingrg/index.html?sysBaseUrl=http%3A%2F%2F180.169.147.146%3A18081%2Fxingrg%2F&costTime=92×tamp=1604452347737 HTTP/1.1" 200 17179
180.157.253.48 - - [04/Nov/2020:09:12:28 +0800] "GET /favicon.ico HTTP/1.1" 404 -
180.157.253.48 - - [04/Nov/2020:09:12:28 +0800] "POST /xingrg/all/common/load_tree.html?tree=area_rest_tree_json&manage=1 HTTP/1.1" 200 351
180.157.253.48 - - [04/Nov/2020:09:12:28 +0800] "GET /xingrg/all/function/internal_message.html?_=1604452348825&CODE_STATE=count HTTP/1.1" 200 11
180.157.253.48 - - [04/Nov/2020:09:12:28 +0800] "GET /xingrg/check_reg.html?_=1604452348828 HTTP/1.1" 200 22
180.157.253.48 - - [04/Nov/2020:09:12:28 +0800] "POST /xingrg/load_menu.html HTTP/1.1" 200 5138
180.174.56.115 - - [04/Nov/2020:09:12:29 +0800] "GET /xingrg/kc/buy/cgsh_order_operate.html?command=get_materiel&rest_code=00150&code=00101008069&supplier_code=00100007&order_time=2020-11-04 HTTP/1.1" 200 412
114.84.37.38 - - [04/Nov/2020:09:12:30 +0800] "GET /xingrg/kc/buy/cgsh_order_operate.html?command=get_materiel&rest_code=00146&code=00101008112&supplier_code=00100005&order_time=2020-11-04 HTTP/1.1" 200 414
114.88.166.242 - - [04/Nov/2020:09:12:31 +0800] "GET /xingrg/all/function/internal_message.html?_=1604452449331&CODE_STATE=getMsg HTTP/1.1" 200 27
58.40.7.146 - - [04/Nov/2020:09:12:34 +0800] "GET /xingrg/all/function/internal_message.html?_=1604452352493&CODE_STATE=getMsg HTTP/1.1" 200 27
58.40.7.146 - - [04/Nov/2020:09:12:34 +0800] "GET /xingrg/check_reg.html?_=1604452352495 HTTP/1.1" 200 22
180.174.56.115 - - [04/Nov/2020:09:12:34 +0800] "GET /xingrg/kc/buy/cgsh_order_operate.html?command=get_materiel&rest_code=00150&code=00101008286&supplier_code=00100007&order_time=2020-11-04 HTTP/1.1" 200 408
222.69.139.194 - - [04/Nov/2020:09:12:35 +0800] "GET /xingrg/all/function/internal_message.html?_=1604452354632&CODE_STATE=getMsg HTTP/1.1" 200 27
117.131.5.26 - - [04/Nov/2020:09:12:36 +0800] "GET /xingrg/all/function/internal_message.html?_=1604452659602&CODE_STATE=getMsg HTTP/1.1" 302 -
117.131.5.26 - - [04/Nov/2020:09:12:36 +0800] "GET /xingrg/login.html HTTP/1.1" 200 7641
114.84.37.38 - - [04/Nov/2020:09:12:37 +0800] "POST /xingrg/kc/buy/cgsh_order_operate.html HTTP/1.1" 200 2065
180.157.253.48 - - [04/Nov/2020:09:12:38 +0800] "GET /xingrg/kc/buy/cgsh_order_list.html HTTP/1.1" 200 44881
180.157.253.48 - - [04/Nov/2020:09:12:39 +0800] "POST /xingrg/kc/buy/cgsh_list_operate.html HTTP/1.1" 200 876
180.174.56.115 - - [04/Nov/2020:09:12:41 +0800] "GET /xingrg/kc/buy/cgsh_order_operate.html?command=get_materiel&rest_code=00150&code=00101008131&supplier_code=00100007&order_time=2020-11-04 HTTP/1.1" 200 408
172.17.0.120 - - [04/Nov/2020:09:12:44 +0800] "GET /xingrg/all/function/internal_message.html?_=1604452362220&CODE_STATE=getMsg HTTP/1.1" 200 27
172.17.0.101 - - [04/Nov/2020:09:12:44 +0800] "GET /xingrg/all/function/internal_message.html?_=1604452361146&CODE_STATE=getMsg HTTP/1.1" 200 27
120.253.135.82 - - [04/Nov/2020:09:12:44 +0800] "GET /xingrg/all/function/internal_message.html?_=1604452110227&CODE_STATE=getMsg HTTP/1.1" 200 27
222.69.139.194 - - [04/Nov/2020:09:12:49 +0800] "POST /xingrg/kc/buy/cgsh_order_operate.html HTTP/1.1" 200 37
180.174.56.115 - - [04/Nov/2020:09:12:51 +0800] "GET /xingrg/kc/buy/cgsh_order_operate.html?command=get_materiel&rest_code=00150&code=00101008352&supplier_code=00100007&order_time=2020-11-04 HTTP/1.1" 200 412
180.174.56.115 - - [04/Nov/2020:09:12:51 +0800] "GET /xingrg/all/function/internal_message.html?_=1604452332037&CODE_STATE=getMsg HTTP/1.1" 200 27
172.17.200.101 - - [04/Nov/2020:09:12:53 +0800] "GET /xingrg/all/function/internal_message.html?_=1604452371182&CODE_STATE=getMsg HTTP/1.1" 200 27
180.174.56.115 - - [04/Nov/2020:09:12:54 +0800] "GET /xingrg/all/function/internal_message.html?_=1604452372084&CODE_STATE=getMsg HTTP/1.1" 200 27
114.84.37.38 - - [04/Nov/2020:09:12:56 +0800] "GET /xingrg/kc/buy/cgsh_order_operate.html?command=get_materiel&rest_code=00146&code=00101008010&supplier_code=00100005&order_time=2020-11-04 HTTP/1.1" 200 412
180.174.56.115 - - [04/Nov/2020:09:12:56 +0800] "GET /xingrg/kc/buy/cgsh_order_operate.html?command=get_materiel&rest_code=00150&code=00101008271&supplier_code=00100007&order_time=2020-11-04 HTTP/1.1" 200 408
114.84.37.38 - - [04/Nov/2020:09:12:57 +0800] "GET /xingrg/all/function/internal_message.html?_=1604452396592&CODE_STATE=getMsg HTTP/1.1" 200 27
222.69.139.194 - - [04/Nov/2020:09:12:58 +0800] "POST /xingrg/kc/buy/cgsh_order_operate.html HTTP/1.1" 200 12
180.174.56.115 - - [04/Nov/2020:09:12:59 +0800] "POST /xingrg/kc/buy/cgsh_order_operate.html HTTP/1.1" 200 2065
222.69.139.194 - - [04/Nov/2020:09:12:59 +0800] "GET /xingrg/kc/buy/cgsh_order_info.html?code=212020110401245 HTTP/1.1" 200 55559
222.69.139.194 - - [04/Nov/2020:09:12:59 +0800] "GET /xingrg/javascript/easyui/themes/default/validatebox.css HTTP/1.1" 404 1104
222.69.139.194 - - [04/Nov/2020:09:13:00 +0800] "POST /xingrg/kc/buy/cgsh_order_operate.html HTTP/1.1" 200 2395
222.69.139.194 - - [04/Nov/2020:09:13:01 +0800] "GET /xingrg/kc/print/load_data.html?order_code=212020110401245&kc_code=cgsh&condition= HTTP/1.1" 200 1380
114.88.166.242 - - [04/Nov/2020:09:13:02 +0800] "POST /xingrg/kc/buy/cgsh_order_operate.html HTTP/1.1" 200 2065
114.84.145.85 - - [04/Nov/2020:09:13:04 +0800] "GET /xingrg/all/function/internal_message.html?_=1604451975128&CODE_STATE=getMsg HTTP/1.1" 302 -
114.88.166.242 - - [04/Nov/2020:09:13:06 +0800] "GET /xingrg/kc/buy/cgsh_order_operate.html?command=get_materiel&rest_code=00111&code=00101008110&supplier_code=00100005&order_time=2020-11-04 HTTP/1.1" 200 409
222.69.139.194 - - [04/Nov/2020:09:13:07 +0800] "GET /xingrg/kc/buy/cgsh_order_add.html HTTP/1.1" 200 60666
180.162.245.190 - - [04/Nov/2020:09:13:07 +0800] "GET /xingrg/all/function/internal_message.html?_=1604452369017&CODE_STATE=getMsg HTTP/1.1" 200 27
222.69.139.194 - - [04/Nov/2020:09:13:07 +0800] "POST /xingrg/kc/buy/cgsh_order_operate.html HTTP/1.1" 200 8245
222.69.139.194 - - [04/Nov/2020:09:13:07 +0800] "GET /xingrg/javascript/easyui/themes/default/validatebox.css HTTP/1.1" 404 1104
180.174.56.115 - - [04/Nov/2020:09:13:08 +0800] "GET /xingrg/kc/buy/cgsh_order_operate.html?command=get_materiel&rest_code=00150&code=00101008353&supplier_code=00100007&order_time=2020-11-04 HTTP/1.1" 200 408
180.174.56.115 - - [04/Nov/2020:09:13:13 +0800] "GET /xingrg/kc/buy/cgsh_order_operate.html?command=get_materiel&rest_code=00150&code=00101008213&supplier_code=00100007&order_time=2020-11-04 HTTP/1.1" 200 412
114.84.37.38 - - [04/Nov/2020:09:13:16 +0800] "GET /xingrg/kc/buy/cgsh_order_operate.html?command=get_materiel&rest_code=00146&code=00101008110&supplier_code=00100005&order_time=2020-11-04 HTTP/1.1" 200 409
58.221.95.50 - - [04/Nov/2020:09:13:18 +0800] "GET /xingrg/all/function/internal_message.html?_=1604452585616&CODE_STATE=getMsg HTTP/1.1" 200 27
180.174.56.115 - - [04/Nov/2020:09:13:19 +0800] "GET /xingrg/kc/buy/cgsh_order_operate.html?command=get_materiel&rest_code=00150&code=00101008344&supplier_code=00100007&order_time=2020-11-04 HTTP/1.1" 200 412
180.162.245.190 - - [04/Nov/2020:09:13:22 +0800] "GET /xingrg/check_reg.html?_=1604452404433 HTTP/1.1" 200 22
180.162.245.190 - - [04/Nov/2020:09:13:22 +0800] "GET /xingrg/all/function/internal_message.html?_=1604452404435&CODE_STATE=getMsg HTTP/1.1" 200 27
180.174.56.115 - - [04/Nov/2020:09:13:24 +0800] "GET /xingrg/kc/buy/cgsh_order_operate.html?command=get_materiel&rest_code=00150&code=00101008110&supplier_code=00100007&order_time=2020-11-04 HTTP/1.1" 200 409
114.84.37.38 - - [04/Nov/2020:09:13:25 +0800] "GET /xingrg/kc/buy/cgsh_order_operate.html?command=get_materiel&rest_code=00146&code=00101008096&supplier_code=00100005&order_time=2020-11-04 HTTP/1.1" 200 413
124.77.237.88 - - [04/Nov/2020:09:13:26 +0800] "GET /xingrg/all/function/internal_message.html?_=1604452408609&CODE_STATE=getMsg HTTP/1.1" 200 27
180.157.253.48 - - [04/Nov/2020:09:13:28 +0800] "GET /xingrg/all/function/internal_message.html?_=1604452408843&CODE_STATE=getMsg HTTP/1.1" 200 27
180.174.56.115 - - [04/Nov/2020:09:13:30 +0800] "GET /xingrg/kc/buy/cgsh_order_operate.html?command=get_materiel&rest_code=00150&code=00101008221&supplier_code=00100007&order_time=2020-11-04 HTTP/1.1" 200 412
114.88.166.242 - - [04/Nov/2020:09:13:31 +0800] "GET /xingrg/all/function/internal_message.html?_=1604452509272&CODE_STATE=getMsg HTTP/1.1" 200 27
180.174.56.115 - - [04/Nov/2020:09:13:33 +0800] "POST /xingrg/kc/buy/cgsh_order_operate.html HTTP/1.1" 200 2065
58.40.7.146 - - [04/Nov/2020:09:13:34 +0800] "GET /xingrg/all/function/internal_message.html?_=1604452412497&CODE_STATE=getMsg HTTP/1.1" 200 27
117.131.5.26 - - [04/Nov/2020:09:13:35 +0800] "GET /xingrg/check_reg.html?_=1604452718125 HTTP/1.1" 302 -
117.131.5.26 - - [04/Nov/2020:09:13:35 +0800] "GET /xingrg/login.html HTTP/1.1" 200 7641
222.69.139.194 - - [04/Nov/2020:09:13:35 +0800] "GET /xingrg/all/function/internal_message.html?_=1604452414638&CODE_STATE=getMsg HTTP/1.1" 200 27
117.131.5.26 - - [04/Nov/2020:09:13:36 +0800] "GET /xingrg/all/function/internal_message.html?_=1604452719615&CODE_STATE=getMsg HTTP/1.1" 302 -
117.131.5.26 - - [04/Nov/2020:09:13:36 +0800] "GET /xingrg/login.html HTTP/1.1" 200 7641
180.157.253.48 - - [04/Nov/2020:09:13:41 +0800] "GET /xingrg/kc/buy/cgsh_order_add.html HTTP/1.1" 200 60619
180.157.253.48 - - [04/Nov/2020:09:13:41 +0800] "GET /xingrg/words/20201103195806_words.js HTTP/1.1" 200 773548
180.157.253.48 - - [04/Nov/2020:09:13:42 +0800] "POST /xingrg/kc/buy/cgsh_order_operate.html HTTP/1.1" 200 8245
180.157.253.48 - - [04/Nov/2020:09:13:42 +0800] "GET /xingrg/all/common/auto_word.html?type=employee&rest_code=00148 HTTP/1.1" 200 197
180.157.253.48 - - [04/Nov/2020:09:13:42 +0800] "GET /xingrg/javascript/easyui/themes/default/validatebox.css HTTP/1.1" 404 1104
180.157.253.48 - - [04/Nov/2020:09:13:42 +0800] "GET /xingrg/all/common/auto_word.html?type=employee&rest_code=00148 HTTP/1.1" 200 197
114.84.37.38 - - [04/Nov/2020:09:13:44 +0800] "GET /xingrg/kc/buy/cgsh_order_operate.html?command=get_materiel&rest_code=00146&code=00101008038&supplier_code=00100005&order_time=2020-11-04 HTTP/1.1" 200 413
172.17.0.120 - - [04/Nov/2020:09:13:44 +0800] "GET /xingrg/all/function/internal_message.html?_=1604452422224&CODE_STATE=getMsg HTTP/1.1" 200 27
172.17.0.101 - - [04/Nov/2020:09:13:44 +0800] "GET /xingrg/all/function/internal_message.html?_=1604452421146&CODE_STATE=getMsg HTTP/1.1" 200 27
120.253.135.82 - - [04/Nov/2020:09:13:44 +0800] "GET /xingrg/all/function/internal_message.html?_=1604452170246&CODE_STATE=getMsg HTTP/1.1" 200 27
180.157.253.48 - - [04/Nov/2020:09:13:44 +0800] "GET /xingrg/javascript/auto/indicator.gif HTTP/1.1" 404 1066
114.84.37.38 - - [04/Nov/2020:09:13:46 +0800] "POST /xingrg/kc/buy/cgsh_order_operate.html HTTP/1.1" 200 2065
180.174.56.115 - - [04/Nov/2020:09:13:51 +0800] "GET /xingrg/all/function/internal_message.html?_=1604452392127&CODE_STATE=getMsg HTTP/1.1" 200 27
172.17.200.101 - - [04/Nov/2020:09:13:53 +0800] "GET /xingrg/all/function/internal_message.html?_=1604452431183&CODE_STATE=getMsg HTTP/1.1" 200 27
114.84.37.38 - - [04/Nov/2020:09:13:53 +0800] "GET /xingrg/kc/buy/cgsh_order_operate.html?command=get_materiel&rest_code=00146&code=00101008358&supplier_code=00100005&order_time=2020-11-04 HTTP/1.1" 200 412
180.174.56.115 - - [04/Nov/2020:09:13:54 +0800] "GET /xingrg/all/function/internal_message.html?_=1604452432094&CODE_STATE=getMsg HTTP/1.1" 200 27
114.88.166.242 - - [04/Nov/2020:09:13:56 +0800] "GET /xingrg/index.html?sysBaseUrl=http%3A%2F%2F180.169.147.146%3A18081%2Fxingrg%2F&costTime=38×tamp=1588335986102 HTTP/1.1" 302 -
114.88.166.242 - - [04/Nov/2020:09:13:56 +0800] "GET /xingrg/login.html HTTP/1.1" 200 7641
114.88.166.242 - - [04/Nov/2020:09:13:57 +0800] "GET /favicon.ico HTTP/1.1" 404 -
114.84.37.38 - - [04/Nov/2020:09:13:57 +0800] "GET /xingrg/all/function/internal_message.html?_=1604452456602&CODE_STATE=getMsg HTTP/1.1" 200 27
180.157.253.48 - - [04/Nov/2020:09:14:01 +0800] "GET /xingrg/kc/buy/cgsh_order_operate.html?command=get_materiel&rest_code=00148&code=00101009062&supplier_code=00100022&order_time=2020-11-04 HTTP/1.1" 200 412
114.84.37.38 - - [04/Nov/2020:09:14:03 +0800] "GET /xingrg/kc/buy/cgsh_order_operate.html?command=get_materiel&rest_code=00146&code=00101008163&supplier_code=00100005&order_time=2020-11-04 HTTP/1.1" 200 409
114.84.145.85 - - [04/Nov/2020:09:14:04 +0800] "GET /xingrg/all/function/internal_message.html?_=1604452035107&CODE_STATE=getMsg HTTP/1.1" 302 -
222.69.139.194 - - [04/Nov/2020:09:14:07 +0800] "GET /xingrg/kc/buy/cgsh_order_operate.html?command=get_materiel&rest_code=00149&code=00102002834&supplier_code=00100151&order_time=2020-11-04 HTTP/1.1" 200 398
180.162.245.190 - - [04/Nov/2020:09:14:07 +0800] "GET /xingrg/all/function/internal_message.html?_=1604452429016&CODE_STATE=getMsg HTTP/1.1" 200 27
114.88.166.242 - - [04/Nov/2020:09:14:08 +0800] "POST /xingrg/login.do HTTP/1.1" 302 -
114.88.166.242 - - [04/Nov/2020:09:14:08 +0800] "GET /xingrg/index.html?sysBaseUrl=http%3A%2F%2F180.169.147.146%3A18081%2Fxingrg%2F&costTime=38×tamp=1604452448810 HTTP/1.1" 200 17173
114.88.166.242 - - [04/Nov/2020:09:14:09 +0800] "GET /favicon.ico HTTP/1.1" 404 -
114.88.166.242 - - [04/Nov/2020:09:14:09 +0800] "POST /xingrg/all/common/load_tree.html?tree=area_rest_tree_json&manage=1 HTTP/1.1" 200 342
114.88.166.242 - - [04/Nov/2020:09:14:09 +0800] "GET /xingrg/check_reg.html?_=1604452547286 HTTP/1.1" 200 22
114.88.166.242 - - [04/Nov/2020:09:14:09 +0800] "GET /xingrg/all/function/internal_message.html?_=1604452547286&CODE_STATE=count HTTP/1.1" 200 11
114.88.166.242 - - [04/Nov/2020:09:14:09 +0800] "POST /xingrg/load_menu.html HTTP/1.1" 200 5138
58.221.95.50 - - [04/Nov/2020:09:14:18 +0800] "GET /xingrg/all/function/internal_message.html?_=1604452645617&CODE_STATE=getMsg HTTP/1.1" 200 27
180.162.245.190 - - [04/Nov/2020:09:14:22 +0800] "GET /xingrg/all/function/internal_message.html?_=1604452464459&CODE_STATE=getMsg HTTP/1.1" 200 27
114.84.37.38 - - [04/Nov/2020:09:14:24 +0800] "GET /xingrg/kc/buy/cgsh_order_operate.html?command=get_materiel&rest_code=00146&code=00101008264&supplier_code=00100005&order_time=2020-11-04 HTTP/1.1" 200 412
222.69.139.194 - - [04/Nov/2020:09:14:25 +0800] "GET /xingrg/kc/buy/cgsh_order_operate.html?command=get_materiel&rest_code=00149&code=00102014026&supplier_code=00100151&order_time=2020-11-04 HTTP/1.1" 200 409
124.77.237.88 - - [04/Nov/2020:09:14:26 +0800] "GET /xingrg/all/function/internal_message.html?_=1604452468581&CODE_STATE=getMsg HTTP/1.1" 200 27
180.157.253.48 - - [04/Nov/2020:09:14:28 +0800] "GET /xingrg/all/function/internal_message.html?_=1604452468853&CODE_STATE=getMsg HTTP/1.1" 200 27
117.131.5.26 - - [04/Nov/2020:09:14:33 +0800] "POST /xingrg/services/DataTransmitService HTTP/1.1" 200 524
114.84.37.38 - - [04/Nov/2020:09:14:33 +0800] "GET /xingrg/kc/buy/cgsh_order_operate.html?command=get_materiel&rest_code=00146&code=00101008360&supplier_code=00100005&order_time=2020-11-04 HTTP/1.1" 200 413
