172.17.0.120 - - [04/Nov/2020:10:20:24 +0800] "GET /xingrg/servlets/image?cache=0.9705252324835965&image=px HTTP/1.1" 200 807
117.185.32.26 - - [04/Nov/2020:10:20:26 +0800] "GET /xingrg/all/function/internal_message.html?_=1604456851107&CODE_STATE=getMsg HTTP/1.1" 200 27
172.17.0.120 - - [04/Nov/2020:10:20:27 +0800] "POST /xingrg/all/report/load_report_page.html HTTP/1.1" 200 19054
172.17.0.120 - - [04/Nov/2020:10:20:27 +0800] "GET /xingrg/servlets/image?cache=0.4911822490771911&image=px HTTP/1.1" 200 807
114.88.166.242 - - [04/Nov/2020:10:20:30 +0800] "GET /xingrg/check_reg.html?_=1604456426312 HTTP/1.1" 200 22
114.88.166.242 - - [04/Nov/2020:10:20:30 +0800] "GET /xingrg/all/function/internal_message.html?_=1604456426733&CODE_STATE=getMsg HTTP/1.1" 200 27
114.88.166.242 - - [04/Nov/2020:10:20:31 +0800] "POST /xingrg/kc/buy/cgsh_order_operate.html HTTP/1.1" 200 37
114.88.166.242 - - [04/Nov/2020:10:20:32 +0800] "POST /xingrg/kc/buy/cgsh_order_operate.html HTTP/1.1" 200 2666
114.88.166.242 - - [04/Nov/2020:10:20:32 +0800] "GET /xingrg/kc/print/load_data.html?order_code=212020110401294&kc_code=cgsh&condition= HTTP/1.1" 200 718
124.77.237.88 - - [04/Nov/2020:10:20:33 +0800] "GET /xingrg/kc/buy/cgsh_order_operate.html?command=get_materiel&rest_code=00107&code=00101006006&supplier_code=00100010&order_time=2020-11-04 HTTP/1.1" 200 409
58.40.7.146 - - [04/Nov/2020:10:20:33 +0800] "GET /xingrg/all/function/internal_message.html?_=1604456431876&CODE_STATE=getMsg HTTP/1.1" 200 27
222.69.139.194 - - [04/Nov/2020:10:20:35 +0800] "GET /xingrg/all/function/internal_message.html?_=1604456433904&CODE_STATE=getMsg HTTP/1.1" 200 27
222.69.139.194 - - [04/Nov/2020:10:20:35 +0800] "GET /xingrg/check_reg.html?_=1604456434751 HTTP/1.1" 200 22
180.162.245.190 - - [04/Nov/2020:10:20:36 +0800] "GET /xingrg/kc/buy/cgsh_order_add.html HTTP/1.1" 200 60660
180.162.245.190 - - [04/Nov/2020:10:20:36 +0800] "POST /xingrg/kc/buy/cgsh_order_operate.html HTTP/1.1" 200 8245
180.162.245.190 - - [04/Nov/2020:10:20:36 +0800] "GET /xingrg/javascript/easyui/themes/default/validatebox.css HTTP/1.1" 404 1104
114.84.37.38 - - [04/Nov/2020:10:20:37 +0800] "GET /xingrg/check_reg.html?_=1604456430563 HTTP/1.1" 200 22
117.131.5.26 - - [04/Nov/2020:10:20:38 +0800] "GET /xingrg/all/function/internal_message.html?_=1604456742195&CODE_STATE=getMsg HTTP/1.1" 302 -
117.131.5.26 - - [04/Nov/2020:10:20:39 +0800] "GET /xingrg/login.html HTTP/1.1" 200 7641
180.161.96.95 - - [04/Nov/2020:10:20:40 +0800] "GET /xingrg/all/function/internal_message.html?_=1604456659826&CODE_STATE=getMsg HTTP/1.1" 200 27
114.88.166.242 - - [04/Nov/2020:10:20:41 +0800] "GET /xingrg/kc/buy/cgsh_order_add.html HTTP/1.1" 200 60613
114.88.166.242 - - [04/Nov/2020:10:20:42 +0800] "POST /xingrg/kc/buy/cgsh_order_operate.html HTTP/1.1" 200 8245
114.88.166.242 - - [04/Nov/2020:10:20:42 +0800] "GET /xingrg/javascript/easyui/themes/default/validatebox.css HTTP/1.1" 404 1104
120.253.135.82 - - [04/Nov/2020:10:20:43 +0800] "GET /xingrg/check_reg.html?_=1604456189466 HTTP/1.1" 200 22
124.77.237.88 - - [04/Nov/2020:10:20:44 +0800] "GET /xingrg/all/function/internal_message.html?_=1604456447006&CODE_STATE=getMsg HTTP/1.1" 200 27
172.17.0.101 - - [04/Nov/2020:10:20:44 +0800] "GET /xingrg/all/function/internal_message.html?_=1604456441185&CODE_STATE=getMsg HTTP/1.1" 200 27
124.77.237.88 - - [04/Nov/2020:10:20:44 +0800] "GET /xingrg/check_reg.html?_=1604456447276 HTTP/1.1" 200 22
117.185.32.26 - - [04/Nov/2020:10:20:45 +0800] "GET /xingrg/kc/buy/cgsh_order_operate.html?command=get_materiel&rest_code=00106&code=00101008037&supplier_code=00100347&order_time=2020-11-04 HTTP/1.1" 200 413
124.77.237.88 - - [04/Nov/2020:10:20:46 +0800] "GET /xingrg/kc/buy/cgsh_order_operate.html?command=get_materiel&rest_code=00107&code=00101006177&supplier_code=00100010&order_time=2020-11-04 HTTP/1.1" 200 409
114.88.166.242 - - [04/Nov/2020:10:20:49 +0800] "GET /xingrg/kc/buy/cgsh_order_operate.html?command=get_materiel&rest_code=00111&code=00101004065&supplier_code=00100088&order_time=2020-11-04 HTTP/1.1" 200 433
120.253.135.82 - - [04/Nov/2020:10:20:49 +0800] "GET /xingrg/all/function/internal_message.html?_=1604456195457&CODE_STATE=getMsg HTTP/1.1" 200 27
172.17.200.101 - - [04/Nov/2020:10:20:53 +0800] "GET /xingrg/all/function/internal_message.html?_=1604456451223&CODE_STATE=getMsg HTTP/1.1" 200 27
172.17.0.120 - - [04/Nov/2020:10:20:53 +0800] "GET /xingrg/all/function/internal_message.html?_=1604456451505&CODE_STATE=getMsg HTTP/1.1" 200 27
172.17.0.115 - - [04/Nov/2020:10:20:54 +0800] "GET /xingrg/check_reg.html?_=1604456463055 HTTP/1.1" 200 22
172.17.0.115 - - [04/Nov/2020:10:20:54 +0800] "GET /xingrg/all/function/internal_message.html?_=1604456463357&CODE_STATE=getMsg HTTP/1.1" 200 27
180.174.56.115 - - [04/Nov/2020:10:20:57 +0800] "GET /xingrg/all/function/internal_message.html?_=1604456417671&CODE_STATE=getMsg HTTP/1.1" 200 27
114.88.166.242 - - [04/Nov/2020:10:20:57 +0800] "GET /xingrg/kc/buy/cgsh_order_operate.html?command=get_materiel&rest_code=00111&code=00101002035&supplier_code=00100088&order_time=2020-11-04 HTTP/1.1" 200 416
116.233.75.239 - - [04/Nov/2020:10:20:59 +0800] "GET /xingrg/all/function/internal_message.html?_=1604456462749&CODE_STATE=getMsg HTTP/1.1" 200 27
180.162.245.190 - - [04/Nov/2020:10:21:02 +0800] "GET /xingrg/kc/buy/cgsh_order_operate.html?command=get_materiel&rest_code=00105&code=00101006164&supplier_code=00100326&order_time=2020-11-04 HTTP/1.1" 200 415
172.17.0.100 - - [04/Nov/2020:10:21:03 +0800] "GET /xingrg/check_reg.html?_=1604456494461 HTTP/1.1" 200 22
172.17.0.100 - - [04/Nov/2020:10:21:03 +0800] "GET /xingrg/all/function/internal_message.html?_=1604456494470&CODE_STATE=getMsg HTTP/1.1" 200 27
117.185.32.26 - - [04/Nov/2020:10:21:04 +0800] "GET /xingrg/kc/buy/cgsh_order_operate.html?command=get_materiel&rest_code=00106&code=00101012046&supplier_code=00100347&order_time=2020-11-04 HTTP/1.1" 200 417
172.17.0.108 - - [04/Nov/2020:10:21:06 +0800] "GET /xingrg/check_reg.html?_=1604456465081 HTTP/1.1" 200 22
180.162.245.190 - - [04/Nov/2020:10:21:07 +0800] "GET /xingrg/all/function/internal_message.html?_=1604456449144&CODE_STATE=getMsg HTTP/1.1" 200 27
114.88.166.242 - - [04/Nov/2020:10:21:09 +0800] "GET /xingrg/all/function/internal_message.html?_=1604456567414&CODE_STATE=getMsg HTTP/1.1" 200 27
124.77.237.88 - - [04/Nov/2020:10:21:09 +0800] "GET /xingrg/kc/buy/cgsh_order_operate.html?command=get_materiel&rest_code=00107&code=00101006065&supplier_code=00100010&order_time=2020-11-04 HTTP/1.1" 200 409
180.174.56.115 - - [04/Nov/2020:10:21:13 +0800] "GET /xingrg/all/function/internal_message.html?_=1604456471374&CODE_STATE=getMsg HTTP/1.1" 200 27
58.221.95.50 - - [04/Nov/2020:10:21:18 +0800] "GET /xingrg/all/function/internal_message.html?_=1604456665719&CODE_STATE=getMsg HTTP/1.1" 200 27
180.162.245.190 - - [04/Nov/2020:10:21:22 +0800] "GET /xingrg/all/function/internal_message.html?_=1604456484499&CODE_STATE=getMsg HTTP/1.1" 200 27
180.162.245.190 - - [04/Nov/2020:10:21:23 +0800] "GET /xingrg/kc/buy/cgsh_order_operate.html?command=get_materiel&rest_code=00105&code=00101020248&supplier_code=00100326&order_time=2020-11-04 HTTP/1.1" 200 403
114.84.37.38 - - [04/Nov/2020:10:21:23 +0800] "GET /xingrg/login.html HTTP/1.1" 200 7641
58.40.7.146 - - [04/Nov/2020:10:21:26 +0800] "GET /xingrg/kc/base/wldb_order_add.html HTTP/1.1" 200 30587
117.185.32.26 - - [04/Nov/2020:10:21:26 +0800] "GET /xingrg/all/function/internal_message.html?_=1604456911080&CODE_STATE=getMsg HTTP/1.1" 200 27
58.40.7.146 - - [04/Nov/2020:10:21:26 +0800] "POST /xingrg/kc/base/wldb_order_operate.html HTTP/1.1" 200 6806
58.40.7.146 - - [04/Nov/2020:10:21:26 +0800] "GET /xingrg/javascript/easyui/themes/default/validatebox.css HTTP/1.1" 404 1104
114.84.37.38 - - [04/Nov/2020:10:21:27 +0800] "GET /favicon.ico HTTP/1.1" 404 -
58.40.7.146 - - [04/Nov/2020:10:21:27 +0800] "POST /xingrg/all/common/load_combo.html?type=base HTTP/1.1" 200 2307
124.77.237.88 - - [04/Nov/2020:10:21:30 +0800] "GET /xingrg/kc/buy/cgsh_order_operate.html?command=get_materiel&rest_code=00107&code=00101006109&supplier_code=00100010&order_time=2020-11-04 HTTP/1.1" 200 409
58.40.7.146 - - [04/Nov/2020:10:21:30 +0800] "POST /xingrg/all/common/load_combo.html?type=base HTTP/1.1" 200 2307
114.88.166.242 - - [04/Nov/2020:10:21:30 +0800] "GET /xingrg/all/function/internal_message.html?_=1604456486752&CODE_STATE=getMsg HTTP/1.1" 200 27
58.40.7.146 - - [04/Nov/2020:10:21:33 +0800] "GET /xingrg/all/function/internal_message.html?_=1604456491869&CODE_STATE=getMsg HTTP/1.1" 200 27
222.69.139.194 - - [04/Nov/2020:10:21:35 +0800] "GET /xingrg/all/function/internal_message.html?_=1604456493879&CODE_STATE=getMsg HTTP/1.1" 200 27
180.162.245.190 - - [04/Nov/2020:10:21:35 +0800] "POST /xingrg/kc/buy/cgsh_order_operate.html HTTP/1.1" 200 37
124.77.237.88 - - [04/Nov/2020:10:21:38 +0800] "POST /xingrg/kc/buy/cgsh_order_operate.html HTTP/1.1" 200 37
180.162.245.190 - - [04/Nov/2020:10:21:38 +0800] "POST /xingrg/kc/buy/cgsh_order_operate.html HTTP/1.1" 200 3255
180.157.253.48 - - [04/Nov/2020:10:21:38 +0800] "POST /xingrg/services/DataTransmitService HTTP/1.1" 200 524
117.131.5.26 - - [04/Nov/2020:10:21:39 +0800] "GET /xingrg/all/function/internal_message.html?_=1604456802281&CODE_STATE=getMsg HTTP/1.1" 302 -
117.131.5.26 - - [04/Nov/2020:10:21:39 +0800] "GET /xingrg/login.html HTTP/1.1" 200 7641
180.161.96.95 - - [04/Nov/2020:10:21:40 +0800] "GET /xingrg/all/function/internal_message.html?_=1604456719840&CODE_STATE=getMsg HTTP/1.1" 200 27
116.233.75.239 - - [04/Nov/2020:10:21:41 +0800] "POST /xingrg/kc/buy/cgsh_order_operate.html HTTP/1.1" 200 37
124.77.237.88 - - [04/Nov/2020:10:21:41 +0800] "POST /xingrg/kc/buy/cgsh_order_operate.html HTTP/1.1" 200 6192
180.162.245.190 - - [04/Nov/2020:10:21:41 +0800] "GET /xingrg/kc/print/load_data.html?order_code=212020110401295&kc_code=cgsh&condition= HTTP/1.1" 200 907
117.185.32.26 - - [04/Nov/2020:10:21:41 +0800] "GET /xingrg/kc/buy/cgsh_order_operate.html?command=get_materiel&rest_code=00106&code=00101010584&supplier_code=00100347&order_time=2020-11-04 HTTP/1.1" 200 23
114.84.37.38 - - [04/Nov/2020:10:21:41 +0800] "POST /xingrg/login.do HTTP/1.1" 302 -
114.84.37.38 - - [04/Nov/2020:10:21:41 +0800] "GET /xingrg/index.html?sysBaseUrl=http%3A%2F%2F180.169.147.146%3A18081%2Fxingrg%2F&costTime=56×tamp=1604456501673 HTTP/1.1" 200 17179
114.84.37.38 - - [04/Nov/2020:10:21:41 +0800] "GET /xingrg/javascript/jquery_easy_ui/themes/default/easyui.css HTTP/1.1" 304 -
114.84.37.38 - - [04/Nov/2020:10:21:41 +0800] "GET /xingrg/javascript/jquery_easy_ui/themes/icon.css HTTP/1.1" 304 -
114.84.37.38 - - [04/Nov/2020:10:21:41 +0800] "GET /xingrg/css/form.css HTTP/1.1" 304 -
114.84.37.38 - - [04/Nov/2020:10:21:41 +0800] "GET /xingrg/javascript/jquery_easy_ui/jquery.easyui.min.js HTTP/1.1" 304 -
114.84.37.38 - - [04/Nov/2020:10:21:41 +0800] "GET /xingrg/javascript/jquery_easy_ui/easyui-lang-zh_CN.js HTTP/1.1" 304 -
114.84.37.38 - - [04/Nov/2020:10:21:41 +0800] "GET /xingrg/javascript/jquery-1.4.2.min.js HTTP/1.1" 304 -
114.84.37.38 - - [04/Nov/2020:10:21:41 +0800] "GET /xingrg/javascript/jquery.form.js HTTP/1.1" 304 -
114.84.37.38 - - [04/Nov/2020:10:21:41 +0800] "GET /xingrg/javascript/jquery.utils.js HTTP/1.1" 304 -
114.84.37.38 - - [04/Nov/2020:10:21:41 +0800] "GET /xingrg/javascript/jquery.timers.js HTTP/1.1" 304 -
114.84.37.38 - - [04/Nov/2020:10:21:41 +0800] "GET /favicon.ico HTTP/1.1" 404 -
114.84.37.38 - - [04/Nov/2020:10:21:42 +0800] "POST /xingrg/all/common/load_tree.html?tree=area_rest_tree_json&manage=1 HTTP/1.1" 200 479
114.84.37.38 - - [04/Nov/2020:10:21:42 +0800] "GET /xingrg/all/function/internal_message.html?_=1604456521483&CODE_STATE=count HTTP/1.1" 200 11
114.84.37.38 - - [04/Nov/2020:10:21:42 +0800] "GET /xingrg/check_reg.html?_=1604456521483 HTTP/1.1" 200 22
116.233.75.239 - - [04/Nov/2020:10:21:42 +0800] "POST /xingrg/kc/buy/cgsh_order_operate.html HTTP/1.1" 200 17457
114.84.37.38 - - [04/Nov/2020:10:21:42 +0800] "POST /xingrg/load_menu.html HTTP/1.1" 200 5138
124.77.237.88 - - [04/Nov/2020:10:21:44 +0800] "GET /xingrg/kc/print/load_data.html?order_code=212020110401296&kc_code=cgsh&condition= HTTP/1.1" 200 2068
172.17.0.101 - - [04/Nov/2020:10:21:44 +0800] "GET /xingrg/all/function/internal_message.html?_=1604456501183&CODE_STATE=getMsg HTTP/1.1" 200 27
172.17.0.101 - - [04/Nov/2020:10:21:44 +0800] "GET /xingrg/check_reg.html?_=1604456501186 HTTP/1.1" 200 22
124.77.237.88 - - [04/Nov/2020:10:21:45 +0800] "GET /xingrg/all/function/internal_message.html?_=1604456507940&CODE_STATE=getMsg HTTP/1.1" 200 27
114.84.37.38 - - [04/Nov/2020:10:21:48 +0800] "GET /xingrg/kc/buy/cgsh_order_list.html HTTP/1.1" 200 44881
114.84.37.38 - - [04/Nov/2020:10:21:48 +0800] "GET /xingrg/css/base.css HTTP/1.1" 304 -
114.84.37.38 - - [04/Nov/2020:10:21:48 +0800] "GET /xingrg/css/site.css HTTP/1.1" 304 -
114.84.37.38 - - [04/Nov/2020:10:21:48 +0800] "GET /xingrg/javascript/jquery_tools/datebox.css HTTP/1.1" 304 -
114.84.37.38 - - [04/Nov/2020:10:21:48 +0800] "GET /xingrg/javascript/easyui/themes/default/easyui.css HTTP/1.1" 304 -
114.84.37.38 - - [04/Nov/2020:10:21:48 +0800] "GET /xingrg/javascript/easyui/themes/icon.css HTTP/1.1" 304 -
114.84.37.38 - - [04/Nov/2020:10:21:48 +0800] "GET /xingrg/javascript/jquery_tools/table.css HTTP/1.1" 304 -
114.84.37.38 - - [04/Nov/2020:10:21:48 +0800] "GET /xingrg/javascript/auto/jquery.autocomplete.css HTTP/1.1" 304 -
114.84.37.38 - - [04/Nov/2020:10:21:48 +0800] "GET /xingrg/javascript/jquery_tools/fix.css HTTP/1.1" 304 -
114.84.37.38 - - [04/Nov/2020:10:21:48 +0800] "GET /xingrg/javascript/jquery_tools/jquery.tools.hotkey.js HTTP/1.1" 304 -
114.84.37.38 - - [04/Nov/2020:10:21:48 +0800] "GET /xingrg/javascript/jquery_tools/jquery.tools.table.js HTTP/1.1" 304 -
114.84.37.38 - - [04/Nov/2020:10:21:48 +0800] "GET /xingrg/javascript/jquery_tools/list_manager.js HTTP/1.1" 304 -
114.84.37.38 - - [04/Nov/2020:10:21:48 +0800] "GET /xingrg/javascript/jquery.cookie.js HTTP/1.1" 304 -
114.84.37.38 - - [04/Nov/2020:10:21:48 +0800] "GET /xingrg/javascript/auto/jquery.autocomplete.js HTTP/1.1" 304 -
114.84.37.38 - - [04/Nov/2020:10:21:48 +0800] "GET /xingrg/javascript/jquery_tools/jquery.tools.min.js HTTP/1.1" 304 -
114.84.37.38 - - [04/Nov/2020:10:21:48 +0800] "GET /xingrg/javascript/print/LodopFuncs.js HTTP/1.1" 304 -
114.84.37.38 - - [04/Nov/2020:10:21:48 +0800] "GET /xingrg/javascript/jquery_tools/jquery.tools.extend.js HTTP/1.1" 304 -
114.84.37.38 - - [04/Nov/2020:10:21:48 +0800] "GET /xingrg/javascript/easyui/easyloader.js HTTP/1.1" 304 -
114.84.37.38 - - [04/Nov/2020:10:21:49 +0800] "GET /xingrg/javascript/easyui/themes/icons/edit_add_new.png HTTP/1.1" 304 -
114.84.37.38 - - [04/Nov/2020:10:21:49 +0800] "GET /xingrg/javascript/easyui/themes/icons/cance_new.png HTTP/1.1" 304 -
114.84.37.38 - - [04/Nov/2020:10:21:49 +0800] "GET /xingrg/javascript/easyui/themes/icons/check_new.png HTTP/1.1" 304 -
114.84.37.38 - - [04/Nov/2020:10:21:49 +0800] "GET /xingrg/javascript/easyui/plugins/jquery.parser.js HTTP/1.1" 304 -
117.185.32.26 - - [04/Nov/2020:10:21:49 +0800] "POST /xingrg/kc/buy/cgsh_order_operate.html HTTP/1.1" 200 37
124.77.237.88 - - [04/Nov/2020:10:21:49 +0800] "GET /xingrg/kc/buy/cgsh_order_add.html HTTP/1.1" 200 60701
120.253.135.82 - - [04/Nov/2020:10:21:49 +0800] "GET /xingrg/all/function/internal_message.html?_=1604456255470&CODE_STATE=getMsg HTTP/1.1" 200 27
117.185.32.26 - - [04/Nov/2020:10:21:50 +0800] "POST /xingrg/kc/buy/cgsh_order_operate.html HTTP/1.1" 200 4444
124.77.237.88 - - [04/Nov/2020:10:21:50 +0800] "GET /xingrg/javascript/easyui/themes/default/validatebox.css HTTP/1.1" 404 1104
124.77.237.88 - - [04/Nov/2020:10:21:50 +0800] "POST /xingrg/kc/buy/cgsh_order_operate.html HTTP/1.1" 200 8245
114.84.37.38 - - [04/Nov/2020:10:21:50 +0800] "POST /xingrg/kc/buy/cgsh_list_operate.html HTTP/1.1" 200 2051
172.17.200.101 - - [04/Nov/2020:10:21:53 +0800] "GET /xingrg/all/function/internal_message.html?_=1604456511231&CODE_STATE=getMsg HTTP/1.1" 200 27
172.17.0.120 - - [04/Nov/2020:10:21:53 +0800] "GET /xingrg/all/function/internal_message.html?_=1604456511511&CODE_STATE=getMsg HTTP/1.1" 200 27
172.17.0.115 - - [04/Nov/2020:10:21:54 +0800] "GET /xingrg/all/function/internal_message.html?_=1604456523372&CODE_STATE=getMsg HTTP/1.1" 200 27
180.174.56.115 - - [04/Nov/2020:10:21:57 +0800] "GET /xingrg/all/function/internal_message.html?_=1604456477686&CODE_STATE=getMsg HTTP/1.1" 200 27
114.84.37.38 - - [04/Nov/2020:10:21:58 +0800] "GET /xingrg/javascript/jquery_tools/images/prev.gif HTTP/1.1" 404 1086
114.84.37.38 - - [04/Nov/2020:10:21:58 +0800] "GET /xingrg/javascript/jquery_tools/images/next.gif HTTP/1.1" 404 1086
114.88.166.242 - - [04/Nov/2020:10:21:59 +0800] "POST /xingrg/kc/buy/cgsh_order_operate.html HTTP/1.1" 200 37
116.233.75.239 - - [04/Nov/2020:10:21:59 +0800] "GET /xingrg/all/function/internal_message.html?_=1604456522734&CODE_STATE=getMsg HTTP/1.1" 200 27
114.88.166.242 - - [04/Nov/2020:10:21:59 +0800] "POST /xingrg/kc/buy/cgsh_order_operate.html HTTP/1.1" 200 3261
114.88.166.242 - - [04/Nov/2020:10:22:01 +0800] "GET /xingrg/kc/print/load_data.html?order_code=212020110401298&kc_code=cgsh&condition= HTTP/1.1" 200 983
172.17.0.100 - - [04/Nov/2020:10:22:03 +0800] "GET /xingrg/all/function/internal_message.html?_=1604456554471&CODE_STATE=getMsg HTTP/1.1" 200 27
114.88.166.242 - - [04/Nov/2020:10:22:07 +0800] "GET /xingrg/kc/buy/cgsh_order_add.html HTTP/1.1" 200 60613
114.88.166.242 - - [04/Nov/2020:10:22:07 +0800] "GET /xingrg/javascript/easyui/themes/default/validatebox.css HTTP/1.1" 404 1104
114.88.166.242 - - [04/Nov/2020:10:22:07 +0800] "POST /xingrg/kc/buy/cgsh_order_operate.html HTTP/1.1" 200 8245
180.162.245.190 - - [04/Nov/2020:10:22:07 +0800] "GET /xingrg/check_reg.html?_=1604456509144 HTTP/1.1" 200 22
180.162.245.190 - - [04/Nov/2020:10:22:07 +0800] "GET /xingrg/all/function/internal_message.html?_=1604456509146&CODE_STATE=getMsg HTTP/1.1" 200 27
114.88.166.242 - - [04/Nov/2020:10:22:09 +0800] "GET /xingrg/all/function/internal_message.html?_=1604456627406&CODE_STATE=getMsg HTTP/1.1" 200 27
117.185.32.26 - - [04/Nov/2020:10:22:12 +0800] "GET /xingrg/login.html HTTP/1.1" 200 7641
180.174.56.115 - - [04/Nov/2020:10:22:13 +0800] "GET /xingrg/all/function/internal_message.html?_=1604456531374&CODE_STATE=getMsg HTTP/1.1" 200 27
180.174.56.115 - - [04/Nov/2020:10:22:13 +0800] "GET /xingrg/check_reg.html?_=1604456531375 HTTP/1.1" 200 22
117.185.32.26 - - [04/Nov/2020:10:22:14 +0800] "GET /favicon.ico HTTP/1.1" 404 -
114.88.166.242 - - [04/Nov/2020:10:22:16 +0800] "GET /xingrg/kc/buy/cgsh_order_operate.html?command=get_materiel&rest_code=00111&code=00101003013&supplier_code=00100093&order_time=2020-11-04 HTTP/1.1" 200 427
124.77.237.88 - - [04/Nov/2020:10:22:18 +0800] "GET /xingrg/javascript/easyui/themes/default/tree.css HTTP/1.1" 404 1090
124.77.237.88 - - [04/Nov/2020:10:22:18 +0800] "POST /xingrg/all/common/load_tree.html?tree=supplier_tree_json&isDelete=1 HTTP/1.1" 200 51727
58.221.95.50 - - [04/Nov/2020:10:22:18 +0800] "GET /xingrg/all/function/internal_message.html?_=1604456725719&CODE_STATE=getMsg HTTP/1.1" 200 27
58.221.95.50 - - [04/Nov/2020:10:22:18 +0800] "GET /xingrg/check_reg.html?_=1604456725722 HTTP/1.1" 200 22
117.185.32.26 - - [04/Nov/2020:10:22:18 +0800] "POST /xingrg/login.do HTTP/1.1" 302 -
117.185.32.26 - - [04/Nov/2020:10:22:18 +0800] "GET /xingrg/index.html?sysBaseUrl=http%3A%2F%2F180.169.147.146%3A18081%2Fxingrg%2F&costTime=41×tamp=1604456538564 HTTP/1.1" 200 17173
117.185.32.26 - - [04/Nov/2020:10:22:19 +0800] "GET /favicon.ico HTTP/1.1" 404 -
117.185.32.26 - - [04/Nov/2020:10:22:19 +0800] "POST /xingrg/all/common/load_tree.html?tree=area_rest_tree_json&manage=1 HTTP/1.1" 200 342
117.185.32.26 - - [04/Nov/2020:10:22:19 +0800] "GET /xingrg/all/function/internal_message.html?_=1604456964681&CODE_STATE=count HTTP/1.1" 200 11
117.185.32.26 - - [04/Nov/2020:10:22:19 +0800] "GET /xingrg/check_reg.html?_=1604456964682 HTTP/1.1" 200 22
117.185.32.26 - - [04/Nov/2020:10:22:20 +0800] "POST /xingrg/load_menu.html HTTP/1.1" 200 5138
58.40.7.146 - - [04/Nov/2020:10:22:20 +0800] "POST /xingrg/kc/base/wldb_list_operate.html HTTP/1.1" 200 6218
180.162.245.190 - - [04/Nov/2020:10:22:20 +0800] "GET /xingrg/kc/buy/cgsh_order_add.html HTTP/1.1" 200 60660
180.162.245.190 - - [04/Nov/2020:10:22:20 +0800] "POST /xingrg/kc/buy/cgsh_order_operate.html HTTP/1.1" 200 8245
180.162.245.190 - - [04/Nov/2020:10:22:20 +0800] "GET /xingrg/javascript/easyui/themes/default/validatebox.css HTTP/1.1" 404 1104
180.174.56.115 - - [04/Nov/2020:10:22:21 +0800] "POST /xingrg/all/user/operate.html HTTP/1.1" 200 36
180.174.56.115 - - [04/Nov/2020:10:22:21 +0800] "GET /xingrg/javascript/jquery_easy_ui/themes/default/easyui.css HTTP/1.1" 304 -
180.174.56.115 - - [04/Nov/2020:10:22:21 +0800] "GET /xingrg/index.html?sysBaseUrl=http%3A%2F%2F180.169.147.146%3A18081%2Fxingrg%2F&costTime=56×tamp=1604370478567 HTTP/1.1" 200 17177
180.174.56.115 - - [04/Nov/2020:10:22:21 +0800] "GET /xingrg/javascript/jquery_easy_ui/themes/icon.css HTTP/1.1" 304 -
180.174.56.115 - - [04/Nov/2020:10:22:21 +0800] "GET /xingrg/css/form.css HTTP/1.1" 304 -
180.174.56.115 - - [04/Nov/2020:10:22:21 +0800] "GET /xingrg/javascript/jquery-1.4.2.min.js HTTP/1.1" 304 -
180.174.56.115 - - [04/Nov/2020:10:22:21 +0800] "GET /xingrg/javascript/jquery_easy_ui/jquery.easyui.min.js HTTP/1.1" 304 -
180.174.56.115 - - [04/Nov/2020:10:22:21 +0800] "GET /xingrg/javascript/jquery_easy_ui/easyui-lang-zh_CN.js HTTP/1.1" 304 -
180.174.56.115 - - [04/Nov/2020:10:22:21 +0800] "GET /xingrg/javascript/jquery.form.js HTTP/1.1" 304 -
180.174.56.115 - - [04/Nov/2020:10:22:21 +0800] "GET /xingrg/javascript/jquery.utils.js HTTP/1.1" 304 -
180.174.56.115 - - [04/Nov/2020:10:22:21 +0800] "GET /xingrg/javascript/jquery.timers.js HTTP/1.1" 304 -
180.174.56.115 - - [04/Nov/2020:10:22:21 +0800] "GET /xingrg/images/blue/jxLogo.png HTTP/1.1" 304 -
180.174.56.115 - - [04/Nov/2020:10:22:21 +0800] "GET /xingrg/images/blue/navBackgound.jpg HTTP/1.1" 304 -
180.174.56.115 - - [04/Nov/2020:10:22:21 +0800] "GET /xingrg/javascript/jquery_easy_ui/themes/icons/settle_new.png HTTP/1.1" 304 -
180.174.56.115 - - [04/Nov/2020:10:22:21 +0800] "GET /xingrg/images/blue/pingpu.png HTTP/1.1" 304 -
180.174.56.115 - - [04/Nov/2020:10:22:21 +0800] "POST /xingrg/all/common/load_tree.html?tree=area_rest_tree_json&manage=1 HTTP/1.1" 200 476
180.174.56.115 - - [04/Nov/2020:10:22:21 +0800] "GET /xingrg/javascript/jquery_easy_ui/themes/default/images/tabs_leftarrow.png HTTP/1.1" 304 -
180.174.56.115 - - [04/Nov/2020:10:22:21 +0800] "GET /xingrg/javascript/jquery_easy_ui/themes/default/images/tabs_rightarrow.png HTTP/1.1" 304 -
180.174.56.115 - - [04/Nov/2020:10:22:21 +0800] "GET /xingrg/javascript/jquery_easy_ui/themes/default/images/panel_tool_collapse.gif HTTP/1.1" 304 -
180.174.56.115 - - [04/Nov/2020:10:22:21 +0800] "GET /xingrg/all/function/internal_message.html?_=1604456502262&CODE_STATE=count HTTP/1.1" 200 11
180.174.56.115 - - [04/Nov/2020:10:22:21 +0800] "GET /xingrg/check_reg.html?_=1604456502263 HTTP/1.1" 200 22
180.174.56.115 - - [04/Nov/2020:10:22:21 +0800] "POST /xingrg/load_menu.html HTTP/1.1" 200 5138
117.185.32.26 - - [04/Nov/2020:10:22:22 +0800] "GET /xingrg/kc/buy/buy_main.html HTTP/1.1" 200 12412
117.185.32.26 - - [04/Nov/2020:10:22:22 +0800] "GET /xingrg/css/new_ie.css HTTP/1.1" 404 1036
180.162.245.190 - - [04/Nov/2020:10:22:22 +0800] "GET /xingrg/all/function/internal_message.html?_=1604456544489&CODE_STATE=getMsg HTTP/1.1" 200 27
117.185.32.26 - - [04/Nov/2020:10:22:23 +0800] "GET /xingrg/images/yd/bt.gif HTTP/1.1" 404 1040
117.185.32.26 - - [04/Nov/2020:10:22:23 +0800] "GET /xingrg/kc/buy/cgsh_order_list.html HTTP/1.1" 200 44875
58.40.7.146 - - [04/Nov/2020:10:22:25 +0800] "POST /xingrg/kc/base/wldb_list_operate.html HTTP/1.1" 200 371
58.40.7.146 - - [04/Nov/2020:10:22:25 +0800] "GET /xingrg/kc/base/wldb_order_info.html?code=422020110400376 HTTP/1.1" 200 26726
117.185.32.26 - - [04/Nov/2020:10:22:25 +0800] "POST /xingrg/kc/buy/cgsh_list_operate.html HTTP/1.1" 200 3500
114.88.166.242 - - [04/Nov/2020:10:22:25 +0800] "GET /xingrg/kc/buy/cgsh_order_operate.html?command=get_materiel&rest_code=00111&code=00101003031&supplier_code=00100093&order_time=2020-11-04 HTTP/1.1" 200 426
58.40.7.146 - - [04/Nov/2020:10:22:25 +0800] "GET /xingrg/javascript/easyui/themes/default/validatebox.css HTTP/1.1" 404 1104
58.40.7.146 - - [04/Nov/2020:10:22:26 +0800] "POST /xingrg/kc/base/wldb_order_operate.html HTTP/1.1" 200 1432
117.185.32.26 - - [04/Nov/2020:10:22:28 +0800] "POST /xingrg/kc/buy/cgsh_list_operate.html HTTP/1.1" 200 431
117.185.32.26 - - [04/Nov/2020:10:22:29 +0800] "GET /xingrg/kc/buy/cgsh_order_info.html?code=212020110401297 HTTP/1.1" 200 60614
117.185.32.26 - - [04/Nov/2020:10:22:30 +0800] "GET /xingrg/all/common/auto_word.html?type=employee&rest_code=00106 HTTP/1.1" 200 205
117.185.32.26 - - [04/Nov/2020:10:22:30 +0800] "GET /xingrg/all/common/auto_word.html?type=employee&rest_code=00106 HTTP/1.1" 200 205
117.185.32.26 - - [04/Nov/2020:10:22:30 +0800] "GET /xingrg/javascript/easyui/themes/default/validatebox.css HTTP/1.1" 404 1104
117.185.32.26 - - [04/Nov/2020:10:22:30 +0800] "POST /xingrg/kc/buy/cgsh_order_operate.html HTTP/1.1" 200 4444
114.88.166.242 - - [04/Nov/2020:10:22:30 +0800] "GET /xingrg/all/function/internal_message.html?_=1604456546771&CODE_STATE=getMsg HTTP/1.1" 200 27
117.184.7.26 - - [04/Nov/2020:10:22:31 +0800] "GET /favicon.ico HTTP/1.1" 404 -
180.174.56.115 - - [04/Nov/2020:10:22:32 +0800] "GET /xingrg/kc/mdqp/qqps_order_list.html HTTP/1.1" 200 9222
180.174.56.115 - - [04/Nov/2020:10:22:32 +0800] "GET /xingrg/css/blue.css HTTP/1.1" 304 -
180.174.56.115 - - [04/Nov/2020:10:22:32 +0800] "GET /xingrg/dwr/util.js HTTP/1.1" 304 -
180.174.56.115 - - [04/Nov/2020:10:22:32 +0800] "GET /xingrg/javascript/ToolTips.js HTTP/1.1" 304 -
180.174.56.115 - - [04/Nov/2020:10:22:32 +0800] "GET /xingrg/javascript/Calendar.js HTTP/1.1" 304 -
180.174.56.115 - - [04/Nov/2020:10:22:32 +0800] "GET /xingrg/javascript/myfunction.js HTTP/1.1" 304 -
180.174.56.115 - - [04/Nov/2020:10:22:32 +0800] "GET /xingrg/dwr/interface/AjaxReportQueryService.js HTTP/1.1" 200 13203
180.174.56.115 - - [04/Nov/2020:10:22:32 +0800] "GET /xingrg/dwr/interface/AjaxQqpsService.js HTTP/1.1" 200 16326
180.174.56.115 - - [04/Nov/2020:10:22:32 +0800] "GET /xingrg/dwr/engine.js HTTP/1.1" 200 43631
58.40.7.146 - - [04/Nov/2020:10:22:33 +0800] "GET /xingrg/all/function/internal_message.html?_=1604456551844&CODE_STATE=getMsg HTTP/1.1" 200 27
58.40.7.146 - - [04/Nov/2020:10:22:34 +0800] "GET /xingrg/check_reg.html?_=1604456552566 HTTP/1.1" 200 22
180.174.56.115 - - [04/Nov/2020:10:22:34 +0800] "GET /xingrg/kc/mdqp/qqps_order_add.html HTTP/1.1" 200 27499
180.174.56.115 - - [04/Nov/2020:10:22:34 +0800] "GET /xingrg/javascript/tools/jquery.qtip-1.0.0-rc3.min.js HTTP/1.1" 304 -
180.174.56.115 - - [04/Nov/2020:10:22:34 +0800] "GET /xingrg/javascript/Grid.js HTTP/1.1" 304 -
180.174.56.115 - - [04/Nov/2020:10:22:34 +0800] "GET /xingrg/javascript/AjaxInfoList.js HTTP/1.1" 304 -
180.174.56.115 - - [04/Nov/2020:10:22:34 +0800] "GET /xingrg/dwr/interface/AjaxComOrderService.js HTTP/1.1" 200 18264
180.174.56.115 - - [04/Nov/2020:10:22:34 +0800] "GET /xingrg/dwr/interface/AjaxQqpsService.js HTTP/1.1" 200 16326
180.174.56.115 - - [04/Nov/2020:10:22:34 +0800] "GET /xingrg/dwr/engine.js HTTP/1.1" 200 43631
114.88.166.242 - - [04/Nov/2020:10:22:35 +0800] "POST /xingrg/kc/buy/cgsh_order_operate.html HTTP/1.1" 200 37
222.69.139.194 - - [04/Nov/2020:10:22:35 +0800] "GET /xingrg/all/function/internal_message.html?_=1604456553864&CODE_STATE=getMsg HTTP/1.1" 200 27
114.88.166.242 - - [04/Nov/2020:10:22:36 +0800] "POST /xingrg/kc/buy/cgsh_order_operate.html HTTP/1.1" 200 3283
124.77.237.88 - - [04/Nov/2020:10:22:36 +0800] "GET /xingrg/kc/buy/cgsh_order_operate.html?command=get_materiel&rest_code=00107&code=00101018007&supplier_code=00100330&order_time=2020-11-04 HTTP/1.1" 200 409
114.88.166.242 - - [04/Nov/2020:10:22:37 +0800] "GET /xingrg/kc/print/load_data.html?order_code=212020110401299&kc_code=cgsh&condition= HTTP/1.1" 200 982
180.161.96.95 - - [04/Nov/2020:10:22:38 +0800] "GET /xingrg/check_reg.html?_=1604456777862 HTTP/1.1" 200 22
117.185.32.26 - - [04/Nov/2020:10:22:38 +0800] "GET /xingrg/javascript/auto/indicator.gif HTTP/1.1" 404 1066
58.40.7.146 - - [04/Nov/2020:10:22:38 +0800] "POST /xingrg/kc/base/wldb_list_operate.html HTTP/1.1" 200 358
58.40.7.146 - - [04/Nov/2020:10:22:39 +0800] "GET /xingrg/kc/base/wldb_order_info.html?code=422020110400375 HTTP/1.1" 200 26727
117.131.5.26 - - [04/Nov/2020:10:22:39 +0800] "GET /xingrg/all/function/internal_message.html?_=1604456862286&CODE_STATE=getMsg HTTP/1.1" 302 -
117.131.5.26 - - [04/Nov/2020:10:22:39 +0800] "GET /xingrg/login.html HTTP/1.1" 200 7641
58.40.7.146 - - [04/Nov/2020:10:22:39 +0800] "GET /xingrg/javascript/easyui/themes/default/validatebox.css HTTP/1.1" 404 1104
58.40.7.146 - - [04/Nov/2020:10:22:39 +0800] "POST /xingrg/kc/base/wldb_order_operate.html HTTP/1.1" 200 1427
180.161.96.95 - - [04/Nov/2020:10:22:40 +0800] "GET /xingrg/all/function/internal_message.html?_=1604456779854&CODE_STATE=getMsg HTTP/1.1" 200 27
114.84.37.38 - - [04/Nov/2020:10:22:42 +0800] "GET /xingrg/all/function/internal_message.html?_=1604456581487&CODE_STATE=getMsg HTTP/1.1" 200 27
180.162.245.190 - - [04/Nov/2020:10:22:42 +0800] "GET /xingrg/kc/buy/cgsh_order_add.html HTTP/1.1" 200 60660
180.162.245.190 - - [04/Nov/2020:10:22:42 +0800] "POST /xingrg/kc/buy/cgsh_order_operate.html HTTP/1.1" 200 8245
180.162.245.190 - - [04/Nov/2020:10:22:42 +0800] "GET /xingrg/javascript/easyui/themes/default/validatebox.css HTTP/1.1" 404 1104
58.40.7.146 - - [04/Nov/2020:10:22:43 +0800] "GET /xingrg/kc/base/wldb_order_add.html HTTP/1.1" 200 30587
58.40.7.146 - - [04/Nov/2020:10:22:44 +0800] "POST /xingrg/kc/base/wldb_order_operate.html HTTP/1.1" 200 6806
58.40.7.146 - - [04/Nov/2020:10:22:44 +0800] "GET /xingrg/javascript/easyui/themes/default/validatebox.css HTTP/1.1" 404 1104
172.17.0.101 - - [04/Nov/2020:10:22:44 +0800] "GET /xingrg/all/function/internal_message.html?_=1604456561185&CODE_STATE=getMsg HTTP/1.1" 200 27
124.77.237.88 - - [04/Nov/2020:10:22:44 +0800] "POST /xingrg/kc/buy/cgsh_order_operate.html HTTP/1.1" 200 37
58.40.7.146 - - [04/Nov/2020:10:22:45 +0800] "POST /xingrg/all/common/load_combo.html?type=base HTTP/1.1" 200 2307
117.185.32.26 - - [04/Nov/2020:10:22:45 +0800] "GET /xingrg/kc/buy/cgsh_order_operate.html?command=get_materiel&rest_code=00106&code=00101020073&supplier_code=00100347&order_time=2020-11-04 HTTP/1.1" 200 415
180.162.245.190 - - [04/Nov/2020:10:22:45 +0800] "GET /xingrg/kc/buy/cgsh_order_operate.html?command=get_materiel&rest_code=00105&code=00101001043&supplier_code=00100090&order_time=2020-11-04 HTTP/1.1" 200 414
124.77.237.88 - - [04/Nov/2020:10:22:47 +0800] "POST /xingrg/kc/buy/cgsh_order_operate.html HTTP/1.1" 200 2653
58.40.7.146 - - [04/Nov/2020:10:22:47 +0800] "POST /xingrg/all/common/load_combo.html?type=base HTTP/1.1" 200 2307
124.77.237.88 - - [04/Nov/2020:10:22:49 +0800] "GET /xingrg/kc/print/load_data.html?order_code=212020110401300&kc_code=cgsh&condition= HTTP/1.1" 200 675
120.253.135.82 - - [04/Nov/2020:10:22:49 +0800] "GET /xingrg/all/function/internal_message.html?_=1604456315483&CODE_STATE=getMsg HTTP/1.1" 200 27
114.88.166.242 - - [04/Nov/2020:10:22:51 +0800] "GET /xingrg/kc/buy/cgsh_order_add.html HTTP/1.1" 200 60613
114.88.166.242 - - [04/Nov/2020:10:22:52 +0800] "GET /xingrg/javascript/easyui/themes/default/validatebox.css HTTP/1.1" 404 1104
114.88.166.242 - - [04/Nov/2020:10:22:52 +0800] "POST /xingrg/kc/buy/cgsh_order_operate.html HTTP/1.1" 200 8245
114.84.37.38 - - [04/Nov/2020:10:22:53 +0800] "GET /xingrg/javascript/auto/indicator.gif HTTP/1.1" 404 1066
180.174.56.115 - - [04/Nov/2020:10:22:53 +0800] "POST /xingrg/dwr/call/plaincall/AjaxQqpsService.saveOrder.dwr HTTP/1.1" 200 78
172.17.0.120 - - [04/Nov/2020:10:22:53 +0800] "GET /xingrg/all/function/internal_message.html?_=1604456571502&CODE_STATE=getMsg HTTP/1.1" 200 27
124.77.237.88 - - [04/Nov/2020:10:22:54 +0800] "GET /xingrg/kc/buy/cgsh_order_add.html HTTP/1.1" 200 60701
172.17.0.115 - - [04/Nov/2020:10:22:54 +0800] "GET /xingrg/all/function/internal_message.html?_=1604456583386&CODE_STATE=getMsg HTTP/1.1" 200 27
124.77.237.88 - - [04/Nov/2020:10:22:55 +0800] "GET /xingrg/javascript/easyui/themes/default/validatebox.css HTTP/1.1" 404 1104
124.77.237.88 - - [04/Nov/2020:10:22:55 +0800] "POST /xingrg/kc/buy/cgsh_order_operate.html HTTP/1.1" 200 8245
180.161.96.95 - - [04/Nov/2020:10:22:56 +0800] "GET /xingrg/javascript/easyui/themes/default/tree.css HTTP/1.1" 404 1090
180.161.96.95 - - [04/Nov/2020:10:22:56 +0800] "POST /xingrg/all/common/load_tree.html?tree=supplier_tree_json&isDelete=1 HTTP/1.1" 200 51727
180.174.56.115 - - [04/Nov/2020:10:22:57 +0800] "GET /xingrg/javascript/auto/indicator.gif HTTP/1.1" 404 1066
124.77.237.88 - - [04/Nov/2020:10:22:57 +0800] "GET /xingrg/javascript/easyui/themes/default/tree.css HTTP/1.1" 404 1090
124.77.237.88 - - [04/Nov/2020:10:22:57 +0800] "POST /xingrg/all/common/load_tree.html?tree=supplier_tree_json&isDelete=1 HTTP/1.1" 200 51727
116.233.75.239 - - [04/Nov/2020:10:22:59 +0800] "GET /xingrg/all/function/internal_message.html?_=1604456582754&CODE_STATE=getMsg HTTP/1.1" 200 27
180.174.56.115 - - [04/Nov/2020:10:22:59 +0800] "POST /xingrg/dwr/call/plaincall/AjaxQqpsService.getMaterielByCode.dwr HTTP/1.1" 200 2196
116.233.75.239 - - [04/Nov/2020:10:23:00 +0800] "GET /xingrg/kc/buy/cgsh_order_operate.html?command=get_materiel&rest_code=00109&code=00101008080&supplier_code=00100005&order_time=2020-11-04 HTTP/1.1" 200 416
180.162.245.190 - - [04/Nov/2020:10:23:01 +0800] "GET /xingrg/kc/buy/cgsh_order_operate.html?command=get_materiel&rest_code=00105&code=00101008256&supplier_code=00100203&order_time=2020-11-04 HTTP/1.1" 200 413
114.88.166.242 - - [04/Nov/2020:10:23:03 +0800] "GET /xingrg/kc/buy/cgsh_order_operate.html?command=get_materiel&rest_code=00111&code=00101003017&supplier_code=00100093&order_time=2020-11-04 HTTP/1.1" 200 424
172.17.0.100 - - [04/Nov/2020:10:23:03 +0800] "GET /xingrg/all/function/internal_message.html?_=1604456614463&CODE_STATE=getMsg HTTP/1.1" 200 27
114.84.37.38 - - [04/Nov/2020:10:23:04 +0800] "POST /xingrg/kc/buy/cgsh_list_operate.html HTTP/1.1" 200 5438
180.162.245.190 - - [04/Nov/2020:10:23:07 +0800] "GET /xingrg/all/function/internal_message.html?_=1604456569147&CODE_STATE=getMsg HTTP/1.1" 200 27
114.88.166.242 - - [04/Nov/2020:10:23:09 +0800] "GET /xingrg/all/function/internal_message.html?_=1604456687419&CODE_STATE=getMsg HTTP/1.1" 200 27
117.185.32.26 - - [04/Nov/2020:10:23:11 +0800] "GET /xingrg/kc/buy/cgsh_order_operate.html?command=get_materiel&rest_code=00106&code=00101010584&supplier_code=00100347&order_time=2020-11-04 HTTP/1.1" 200 399
117.184.7.26 - - [04/Nov/2020:10:23:11 +0800] "POST /xingrg/services/DataTransmitService HTTP/1.1" 200 524
180.162.245.190 - - [04/Nov/2020:10:23:11 +0800] "GET /xingrg/kc/buy/cgsh_order_operate.html?command=get_materiel&rest_code=00105&code=00101008155&supplier_code=00100203&order_time=2020-11-04 HTTP/1.1" 200 408
116.233.75.239 - - [04/Nov/2020:10:23:12 +0800] "GET /xingrg/kc/buy/cgsh_order_operate.html?command=get_materiel&rest_code=00109&code=00101008349&supplier_code=00100005&order_time=2020-11-04 HTTP/1.1" 200 412
180.174.56.115 - - [04/Nov/2020:10:23:13 +0800] "GET /xingrg/all/function/internal_message.html?_=1604456591394&CODE_STATE=getMsg HTTP/1.1" 200 27
124.77.237.88 - - [04/Nov/2020:10:23:14 +0800] "GET /xingrg/kc/buy/cgsh_order_operate.html?command=get_materiel&rest_code=00107&code=00101020215&supplier_code=00100327&order_time=2020-11-04 HTTP/1.1" 200 391
117.184.7.26 - - [04/Nov/2020:10:23:15 +0800] "GET /favicon.ico HTTP/1.1" 404 -
180.174.56.115 - - [04/Nov/2020:10:23:17 +0800] "POST /xingrg/dwr/call/plaincall/AjaxQqpsService.saveMaterielItem.dwr HTTP/1.1" 200 78
117.185.32.26 - - [04/Nov/2020:10:23:17 +0800] "GET /favicon.ico HTTP/1.1" 404 -
180.162.245.190 - - [04/Nov/2020:10:23:17 +0800] "GET /xingrg/kc/buy/cgsh_order_operate.html?command=get_materiel&rest_code=00105&code=00101008354&supplier_code=00100203&order_time=2020-11-04 HTTP/1.1" 200 412
58.221.95.50 - - [04/Nov/2020:10:23:18 +0800] "GET /xingrg/all/function/internal_message.html?_=1604456785722&CODE_STATE=getMsg HTTP/1.1" 200 27
114.84.37.38 - - [04/Nov/2020:10:23:19 +0800] "GET /xingrg/kc/buy/cgsh_order_list.html HTTP/1.1" 200 44881
117.185.32.26 - - [04/Nov/2020:10:23:19 +0800] "GET /xingrg/all/function/internal_message.html?_=1604457024687&CODE_STATE=getMsg HTTP/1.1" 200 27
114.84.37.38 - - [04/Nov/2020:10:23:20 +0800] "POST /xingrg/kc/buy/cgsh_list_operate.html HTTP/1.1" 200 2051
114.84.37.38 - - [04/Nov/2020:10:23:21 +0800] "GET /xingrg/javascript/pic_change.js HTTP/1.1" 304 -
114.84.37.38 - - [04/Nov/2020:10:23:21 +0800] "GET /xingrg/javascript/jquery_tools/order_manager.js HTTP/1.1" 304 -
114.84.37.38 - - [04/Nov/2020:10:23:21 +0800] "GET /xingrg/kc/buy/cgsh_order_add.html HTTP/1.1" 200 60619
114.84.37.38 - - [04/Nov/2020:10:23:21 +0800] "GET /xingrg/javascript/convert.js HTTP/1.1" 304 -
114.84.37.38 - - [04/Nov/2020:10:23:21 +0800] "GET /xingrg/javascript/print/kc_print.js HTTP/1.1" 304 -
114.84.37.38 - - [04/Nov/2020:10:23:21 +0800] "GET /xingrg/javascript/json2.js HTTP/1.1" 304 -
114.84.37.38 - - [04/Nov/2020:10:23:21 +0800] "GET /xingrg/words/20201103195806_words.js HTTP/1.1" 304 -
180.174.56.115 - - [04/Nov/2020:10:23:21 +0800] "GET /xingrg/all/function/internal_message.html?_=1604456562270&CODE_STATE=getMsg HTTP/1.1" 200 27
114.84.37.38 - - [04/Nov/2020:10:23:22 +0800] "GET /xingrg/all/common/auto_word.html?type=employee&rest_code=00146 HTTP/1.1" 200 197
114.84.37.38 - - [04/Nov/2020:10:23:22 +0800] "GET /xingrg/all/common/auto_word.html?type=employee&rest_code=00146 HTTP/1.1" 200 197
114.84.37.38 - - [04/Nov/2020:10:23:22 +0800] "GET /xingrg/javascript/easyui/themes/default/validatebox.css HTTP/1.1" 404 1104
114.84.37.38 - - [04/Nov/2020:10:23:22 +0800] "GET /xingrg/javascript/easyui/plugins/jquery.validatebox.js HTTP/1.1" 304 -
114.84.37.38 - - [04/Nov/2020:10:23:22 +0800] "GET /xingrg/javascript/easyui/plugins/jquery.numberbox.js HTTP/1.1" 304 -
114.84.37.38 - - [04/Nov/2020:10:23:22 +0800] "POST /xingrg/kc/buy/cgsh_order_operate.html HTTP/1.1" 200 8245
180.162.245.190 - - [04/Nov/2020:10:23:22 +0800] "GET /xingrg/all/function/internal_message.html?_=1604456604503&CODE_STATE=getMsg HTTP/1.1" 200 27
180.162.245.190 - - [04/Nov/2020:10:23:23 +0800] "GET /xingrg/check_reg.html?_=1604456604504 HTTP/1.1" 200 22
180.174.56.115 - - [04/Nov/2020:10:23:23 +0800] "POST /xingrg/dwr/call/plaincall/AjaxQqpsService.getMaterielByCode.dwr HTTP/1.1" 200 2247
114.88.166.242 - - [04/Nov/2020:10:23:23 +0800] "POST /xingrg/kc/buy/cgsh_order_operate.html HTTP/1.1" 200 37
114.88.166.242 - - [04/Nov/2020:10:23:24 +0800] "POST /xingrg/kc/buy/cgsh_order_operate.html HTTP/1.1" 200 2673
116.233.75.239 - - [04/Nov/2020:10:23:25 +0800] "GET /xingrg/kc/buy/cgsh_order_operate.html?command=get_materiel&rest_code=00109&code=00101008354&supplier_code=00100005&order_time=2020-11-04 HTTP/1.1" 200 412
114.88.166.242 - - [04/Nov/2020:10:23:26 +0800] "GET /xingrg/kc/print/load_data.html?order_code=212020110401301&kc_code=cgsh&condition= HTTP/1.1" 200 740
180.162.245.190 - - [04/Nov/2020:10:23:26 +0800] "GET /xingrg/kc/buy/cgsh_order_operate.html?command=get_materiel&rest_code=00105&code=00101008038&supplier_code=00100203&order_time=2020-11-04 HTTP/1.1" 200 413
180.174.56.115 - - [04/Nov/2020:10:23:27 +0800] "POST /xingrg/dwr/call/plaincall/AjaxQqpsService.saveMaterielItem.dwr HTTP/1.1" 200 78
124.77.237.88 - - [04/Nov/2020:10:23:28 +0800] "GET /xingrg/kc/buy/cgsh_order_operate.html?command=get_materiel&rest_code=00107&code=00101008394&supplier_code=00100327&order_time=2020-11-04 HTTP/1.1" 200 413
180.162.245.190 - - [04/Nov/2020:10:23:30 +0800] "GET /xingrg/kc/buy/cgsh_order_operate.html?command=get_materiel&rest_code=00105&code=00101001140&supplier_code=00100090&order_time=2020-11-04 HTTP/1.1" 200 415
114.88.166.242 - - [04/Nov/2020:10:23:30 +0800] "GET /xingrg/all/function/internal_message.html?_=1604456606785&CODE_STATE=getMsg HTTP/1.1" 200 27
180.174.56.115 - - [04/Nov/2020:10:23:31 +0800] "POST /xingrg/dwr/call/plaincall/AjaxQqpsService.getMaterielByCode.dwr HTTP/1.1" 200 2277
58.40.7.146 - - [04/Nov/2020:10:23:33 +0800] "GET /xingrg/all/function/internal_message.html?_=1604456611816&CODE_STATE=getMsg HTTP/1.1" 200 27
116.233.75.239 - - [04/Nov/2020:10:23:33 +0800] "GET /xingrg/kc/buy/cgsh_order_operate.html?command=get_materiel&rest_code=00109&code=00101008358&supplier_code=00100005&order_time=2020-11-04 HTTP/1.1" 200 412
114.88.166.242 - - [04/Nov/2020:10:23:34 +0800] "GET /xingrg/kc/buy/cgsh_order_add.html HTTP/1.1" 200 60613
114.88.166.242 - - [04/Nov/2020:10:23:34 +0800] "GET /xingrg/javascript/easyui/themes/default/validatebox.css HTTP/1.1" 404 1104
222.69.139.194 - - [04/Nov/2020:10:23:35 +0800] "GET /xingrg/all/function/internal_message.html?_=1604456613834&CODE_STATE=getMsg HTTP/1.1" 200 27
114.88.166.242 - - [04/Nov/2020:10:23:35 +0800] "POST /xingrg/kc/buy/cgsh_order_operate.html HTTP/1.1" 200 8245
116.233.75.239 - - [04/Nov/2020:10:23:35 +0800] "POST /xingrg/kc/buy/cgsh_order_operate.html HTTP/1.1" 200 2065
117.131.5.26 - - [04/Nov/2020:10:23:35 +0800] "GET /xingrg/check_reg.html?_=1604456919117 HTTP/1.1" 302 -
117.131.5.26 - - [04/Nov/2020:10:23:36 +0800] "GET /xingrg/login.html HTTP/1.1" 200 7641
117.131.5.26 - - [04/Nov/2020:10:23:39 +0800] "POST /xingrg/services/DataTransmitService HTTP/1.1" 200 524
117.131.5.26 - - [04/Nov/2020:10:23:39 +0800] "GET /xingrg/all/function/internal_message.html?_=1604456922298&CODE_STATE=getMsg HTTP/1.1" 302 -
117.131.5.26 - - [04/Nov/2020:10:23:39 +0800] "GET /xingrg/login.html HTTP/1.1" 200 7641
124.77.237.88 - - [04/Nov/2020:10:23:39 +0800] "POST /xingrg/kc/buy/cgsh_order_operate.html HTTP/1.1" 200 37
116.233.75.239 - - [04/Nov/2020:10:23:39 +0800] "GET /xingrg/kc/buy/cgsh_order_operate.html?command=get_materiel&rest_code=00109&code=00102005378&supplier_code=00100005&order_time=2020-11-04 HTTP/1.1" 200 412
117.131.5.26 - - [04/Nov/2020:10:23:39 +0800] "POST /xingrg/services/DataTransmitService HTTP/1.1" 200 2095
180.162.245.190 - - [04/Nov/2020:10:23:40 +0800] "GET /xingrg/kc/buy/cgsh_order_operate.html?command=get_materiel&rest_code=00105&code=00101008163&supplier_code=00100203&order_time=2020-11-04 HTTP/1.1" 200 409
117.131.5.26 - - [04/Nov/2020:10:23:40 +0800] "POST /xingrg/services/DataTransmitService HTTP/1.1" 200 148419
124.77.237.88 - - [04/Nov/2020:10:23:40 +0800] "POST /xingrg/kc/buy/cgsh_order_operate.html HTTP/1.1" 200 3242
180.161.96.95 - - [04/Nov/2020:10:23:40 +0800] "GET /xingrg/all/function/internal_message.html?_=1604456840025&CODE_STATE=getMsg HTTP/1.1" 200 27
114.88.166.242 - - [04/Nov/2020:10:23:41 +0800] "GET /xingrg/kc/buy/cgsh_order_operate.html?command=get_materiel&rest_code=00111&code=00101001093&supplier_code=00100090&order_time=2020-11-04 HTTP/1.1" 200 411
124.77.237.88 - - [04/Nov/2020:10:23:41 +0800] "GET /xingrg/kc/print/load_data.html?order_code=212020110401302&kc_code=cgsh&condition= HTTP/1.1" 200 888
114.84.37.38 - - [04/Nov/2020:10:23:42 +0800] "GET /xingrg/all/function/internal_message.html?_=1604456641509&CODE_STATE=getMsg HTTP/1.1" 200 27
172.17.0.101 - - [04/Nov/2020:10:23:44 +0800] "GET /xingrg/all/function/internal_message.html?_=1604456621184&CODE_STATE=getMsg HTTP/1.1" 200 27
124.77.237.88 - - [04/Nov/2020:10:23:45 +0800] "GET /xingrg/all/function/internal_message.html?_=1604456627968&CODE_STATE=getMsg HTTP/1.1" 200 27
124.77.237.88 - - [04/Nov/2020:10:23:46 +0800] "GET /xingrg/kc/buy/cgsh_order_add.html HTTP/1.1" 200 60701
180.174.56.115 - - [04/Nov/2020:10:23:46 +0800] "POST /xingrg/dwr/call/plaincall/AjaxQqpsService.saveMaterielItem.dwr HTTP/1.1" 200 78
124.77.237.88 - - [04/Nov/2020:10:23:46 +0800] "POST /xingrg/kc/buy/cgsh_order_operate.html HTTP/1.1" 200 8245
124.77.237.88 - - [04/Nov/2020:10:23:46 +0800] "GET /xingrg/javascript/easyui/themes/default/validatebox.css HTTP/1.1" 404 1104
117.185.32.26 - - [04/Nov/2020:10:23:49 +0800] "GET /xingrg/kc/buy/cgsh_order_operate.html?command=get_materiel&rest_code=00106&code=00101010574&supplier_code=00100347&order_time=2020-11-04 HTTP/1.1" 200 395
120.253.135.82 - - [04/Nov/2020:10:23:49 +0800] "GET /xingrg/all/function/internal_message.html?_=1604456375498&CODE_STATE=getMsg HTTP/1.1" 200 27
124.77.237.88 - - [04/Nov/2020:10:23:50 +0800] "GET /xingrg/javascript/easyui/themes/default/tree.css HTTP/1.1" 404 1090
124.77.237.88 - - [04/Nov/2020:10:23:50 +0800] "POST /xingrg/all/common/load_tree.html?tree=supplier_tree_json&isDelete=1 HTTP/1.1" 200 51727
114.88.166.242 - - [04/Nov/2020:10:23:51 +0800] "GET /xingrg/kc/buy/cgsh_order_operate.html?command=get_materiel&rest_code=00111&code=00101001125&supplier_code=00100090&order_time=2020-11-04 HTTP/1.1" 200 415
180.162.245.190 - - [04/Nov/2020:10:23:52 +0800] "GET /xingrg/kc/buy/cgsh_order_operate.html?command=get_materiel&rest_code=00105&code=00101008355&supplier_code=00100203&order_time=2020-11-04 HTTP/1.1" 200 408
172.17.0.120 - - [04/Nov/2020:10:23:53 +0800] "GET /xingrg/all/function/internal_message.html?_=1604456631509&CODE_STATE=getMsg HTTP/1.1" 200 27
172.17.0.115 - - [04/Nov/2020:10:23:54 +0800] "GET /xingrg/all/function/internal_message.html?_=1604456643408&CODE_STATE=getMsg HTTP/1.1" 200 27
114.88.166.242 - - [04/Nov/2020:10:23:58 +0800] "GET /xingrg/kc/buy/cgsh_order_operate.html?command=get_materiel&rest_code=00111&code=00101001140&supplier_code=00100090&order_time=2020-11-04 HTTP/1.1" 200 415
116.233.75.239 - - [04/Nov/2020:10:23:59 +0800] "GET /xingrg/all/function/internal_message.html?_=1604456642771&CODE_STATE=getMsg HTTP/1.1" 200 27
116.233.75.239 - - [04/Nov/2020:10:23:59 +0800] "GET /xingrg/check_reg.html?_=1604456642775 HTTP/1.1" 200 22
180.162.245.190 - - [04/Nov/2020:10:24:00 +0800] "GET /xingrg/kc/buy/cgsh_order_operate.html?command=get_materiel&rest_code=00105&code=00101008264&supplier_code=00100203&order_time=2020-11-04 HTTP/1.1" 200 412
172.17.0.100 - - [04/Nov/2020:10:24:03 +0800] "GET /xingrg/all/function/internal_message.html?_=1604456674466&CODE_STATE=getMsg HTTP/1.1" 200 27
180.174.56.115 - - [04/Nov/2020:10:24:04 +0800] "GET /xingrg/kc/buy/cgsh_order_list.html HTTP/1.1" 200 44879
114.88.166.242 - - [04/Nov/2020:10:24:05 +0800] "POST /xingrg/kc/buy/cgsh_order_operate.html HTTP/1.1" 200 37
180.174.56.115 - - [04/Nov/2020:10:24:06 +0800] "POST /xingrg/kc/buy/cgsh_list_operate.html HTTP/1.1" 200 876
114.88.166.242 - - [04/Nov/2020:10:24:06 +0800] "POST /xingrg/kc/buy/cgsh_order_operate.html HTTP/1.1" 200 3853
180.162.245.190 - - [04/Nov/2020:10:24:06 +0800] "GET /xingrg/kc/buy/cgsh_order_operate.html?command=get_materiel&rest_code=00105&code=00101008356&supplier_code=00100203&order_time=2020-11-04 HTTP/1.1" 200 408
114.88.166.242 - - [04/Nov/2020:10:24:07 +0800] "GET /xingrg/kc/print/load_data.html?order_code=212020110401303&kc_code=cgsh&condition= HTTP/1.1" 200 1200
180.162.245.190 - - [04/Nov/2020:10:24:07 +0800] "GET /xingrg/all/function/internal_message.html?_=1604456629138&CODE_STATE=getMsg HTTP/1.1" 200 27
114.88.166.242 - - [04/Nov/2020:10:24:09 +0800] "GET /xingrg/check_reg.html?_=1604456747429 HTTP/1.1" 200 22
114.88.166.242 - - [04/Nov/2020:10:24:09 +0800] "GET /xingrg/all/function/internal_message.html?_=1604456747430&CODE_STATE=getMsg HTTP/1.1" 200 27
124.77.237.88 - - [04/Nov/2020:10:24:11 +0800] "GET /xingrg/kc/buy/cgsh_order_operate.html?command=get_materiel&rest_code=00107&code=00101007111&supplier_code=00100326&order_time=2020-11-04 HTTP/1.1" 200 417
180.174.56.115 - - [04/Nov/2020:10:24:13 +0800] "GET /xingrg/all/function/internal_message.html?_=1604456651406&CODE_STATE=getMsg HTTP/1.1" 200 27
180.162.245.190 - - [04/Nov/2020:10:24:16 +0800] "GET /xingrg/kc/buy/cgsh_order_operate.html?command=get_materiel&rest_code=00105&code=00101008059&supplier_code=00100203&order_time=2020-11-04 HTTP/1.1" 200 408
58.221.95.50 - - [04/Nov/2020:10:24:18 +0800] "GET /xingrg/all/function/internal_message.html?_=1604456845723&CODE_STATE=getMsg HTTP/1.1" 200 27
117.185.32.26 - - [04/Nov/2020:10:24:19 +0800] "GET /xingrg/all/function/internal_message.html?_=1604457084705&CODE_STATE=getMsg HTTP/1.1" 200 27
117.185.32.26 - - [04/Nov/2020:10:24:21 +0800] "POST /xingrg/kc/buy/cgsh_order_operate.html HTTP/1.1" 200 37
180.174.56.115 - - [04/Nov/2020:10:24:22 +0800] "GET /xingrg/all/function/internal_message.html?_=1604456622283&CODE_STATE=getMsg HTTP/1.1" 200 27
117.185.32.26 - - [04/Nov/2020:10:24:22 +0800] "POST /xingrg/kc/buy/cgsh_order_operate.html HTTP/1.1" 200 6224
180.162.245.190 - - [04/Nov/2020:10:24:22 +0800] "GET /xingrg/all/function/internal_message.html?_=1604456664501&CODE_STATE=getMsg HTTP/1.1" 200 27
180.162.245.190 - - [04/Nov/2020:10:24:24 +0800] "GET /xingrg/kc/buy/cgsh_order_operate.html?command=get_materiel&rest_code=00105&code=00101008196&supplier_code=00100203&order_time=2020-11-04 HTTP/1.1" 200 416
117.185.32.26 - - [04/Nov/2020:10:24:24 +0800] "GET /xingrg/kc/buy/cgsh_order_add.html HTTP/1.1" 200 60613
117.185.32.26 - - [04/Nov/2020:10:24:25 +0800] "POST /xingrg/kc/buy/cgsh_order_operate.html HTTP/1.1" 200 8245
117.185.32.26 - - [04/Nov/2020:10:24:25 +0800] "GET /xingrg/javascript/easyui/themes/default/validatebox.css HTTP/1.1" 404 1104
124.77.237.88 - - [04/Nov/2020:10:24:25 +0800] "POST /xingrg/kc/buy/cgsh_order_operate.html HTTP/1.1" 200 37
124.77.237.88 - - [04/Nov/2020:10:24:27 +0800] "POST /xingrg/kc/buy/cgsh_order_operate.html HTTP/1.1" 200 2662
124.77.237.88 - - [04/Nov/2020:10:24:29 +0800] "GET /xingrg/kc/print/load_data.html?order_code=212020110401304&kc_code=cgsh&condition= HTTP/1.1" 200 681
