180.161.96.95 - - [04/Nov/2020:09:42:04 +0800] "GET /xingrg/kc/buy/cgsh_order_add.html HTTP/1.1" 200 60572
180.161.96.95 - - [04/Nov/2020:09:42:04 +0800] "GET /xingrg/words/20201103195806_words.js HTTP/1.1" 200 773548
180.161.96.95 - - [04/Nov/2020:09:42:04 +0800] "GET /xingrg/javascript/easyui/themes/icons/copy_new.png HTTP/1.1" 304 -
180.161.96.95 - - [04/Nov/2020:09:42:04 +0800] "GET /xingrg/javascript/easyui/themes/icons/template_new.png HTTP/1.1" 304 -
180.161.96.95 - - [04/Nov/2020:09:42:04 +0800] "GET /xingrg/javascript/easyui/themes/icons/ok.png HTTP/1.1" 304 -
180.161.96.95 - - [04/Nov/2020:09:42:04 +0800] "GET /xingrg/javascript/easyui/themes/icons/print.png HTTP/1.1" 304 -
180.161.96.95 - - [04/Nov/2020:09:42:04 +0800] "GET /xingrg/javascript/easyui/themes/default/images/menu_downarrow.png HTTP/1.1" 304 -
180.161.96.95 - - [04/Nov/2020:09:42:04 +0800] "GET /xingrg/javascript/easyui/themes/icons/cancel.png HTTP/1.1" 304 -
114.84.37.38 - - [04/Nov/2020:09:42:05 +0800] "GET /xingrg/all/function/internal_message.html?_=1604454144126&CODE_STATE=getMsg HTTP/1.1" 200 27
180.161.96.95 - - [04/Nov/2020:09:42:06 +0800] "POST /xingrg/kc/buy/cgsh_order_operate.html HTTP/1.1" 200 8245
180.161.96.95 - - [04/Nov/2020:09:42:06 +0800] "GET /xingrg/javascript/easyui/themes/icons/edit_remove.png HTTP/1.1" 304 -
180.161.96.95 - - [04/Nov/2020:09:42:06 +0800] "GET /xingrg/all/common/auto_word.html?type=employee&rest_code=00102 HTTP/1.1" 200 189
180.161.96.95 - - [04/Nov/2020:09:42:06 +0800] "GET /xingrg/all/common/auto_word.html?type=employee&rest_code=00102 HTTP/1.1" 200 189
180.161.96.95 - - [04/Nov/2020:09:42:06 +0800] "GET /xingrg/javascript/easyui/themes/default/validatebox.css HTTP/1.1" 404 1104
180.161.96.95 - - [04/Nov/2020:09:42:06 +0800] "GET /xingrg/javascript/easyui/plugins/jquery.validatebox.js HTTP/1.1" 304 -
180.161.96.95 - - [04/Nov/2020:09:42:06 +0800] "GET /xingrg/javascript/easyui/plugins/jquery.numberbox.js HTTP/1.1" 304 -
180.161.96.95 - - [04/Nov/2020:09:42:06 +0800] "GET /xingrg/javascript/easyui/plugins/jquery.draggable.js HTTP/1.1" 304 -
180.161.96.95 - - [04/Nov/2020:09:42:06 +0800] "GET /xingrg/css/images/panel_loading.gif HTTP/1.1" 304 -
180.174.56.115 - - [04/Nov/2020:09:42:06 +0800] "GET /xingrg/kc/buy/cgsh_order_add.html HTTP/1.1" 200 60267
180.161.96.95 - - [04/Nov/2020:09:42:06 +0800] "GET /xingrg/javascript/easyui/plugins/jquery.droppable.js HTTP/1.1" 304 -
180.161.96.95 - - [04/Nov/2020:09:42:06 +0800] "GET /xingrg/javascript/easyui/themes/default/tree.css HTTP/1.1" 404 1090
180.161.96.95 - - [04/Nov/2020:09:42:06 +0800] "GET /xingrg/javascript/easyui/plugins/jquery.tree.js HTTP/1.1" 304 -
180.174.56.115 - - [04/Nov/2020:09:42:07 +0800] "POST /xingrg/kc/buy/cgsh_order_operate.html HTTP/1.1" 200 8245
180.161.96.95 - - [04/Nov/2020:09:42:07 +0800] "POST /xingrg/all/common/load_tree.html?tree=supplier_tree_json&isDelete=1 HTTP/1.1" 200 51727
180.174.56.115 - - [04/Nov/2020:09:42:07 +0800] "GET /xingrg/javascript/easyui/themes/default/validatebox.css HTTP/1.1" 404 1104
180.162.245.190 - - [04/Nov/2020:09:42:07 +0800] "GET /xingrg/all/function/internal_message.html?_=1604454109047&CODE_STATE=getMsg HTTP/1.1" 200 27
180.162.245.190 - - [04/Nov/2020:09:42:07 +0800] "GET /xingrg/check_reg.html?_=1604454109050 HTTP/1.1" 200 22
180.174.56.115 - - [04/Nov/2020:09:42:07 +0800] "GET /xingrg/all/function/internal_message.html?_=1604454125519&CODE_STATE=getMsg HTTP/1.1" 200 27
180.161.96.95 - - [04/Nov/2020:09:42:09 +0800] "GET /xingrg/javascript/easyui/themes/default/images/tree_arrows.gif HTTP/1.1" 304 -
180.161.96.95 - - [04/Nov/2020:09:42:09 +0800] "GET /xingrg/javascript/easyui/themes/default/images/tree_folder_open.gif HTTP/1.1" 304 -
180.161.96.95 - - [04/Nov/2020:09:42:09 +0800] "GET /xingrg/javascript/easyui/themes/default/images/tree_folder.gif HTTP/1.1" 304 -
180.161.96.95 - - [04/Nov/2020:09:42:09 +0800] "GET /xingrg/javascript/easyui/themes/default/images/tree_file.gif HTTP/1.1" 304 -
114.88.166.242 - - [04/Nov/2020:09:42:09 +0800] "GET /xingrg/all/function/internal_message.html?_=1604454227326&CODE_STATE=getMsg HTTP/1.1" 200 27
180.161.96.95 - - [04/Nov/2020:09:42:16 +0800] "GET /xingrg/javascript/auto/indicator.gif HTTP/1.1" 404 1066
58.221.95.50 - - [04/Nov/2020:09:42:18 +0800] "GET /xingrg/all/function/internal_message.html?_=1604454325675&CODE_STATE=getMsg HTTP/1.1" 200 27
58.221.95.50 - - [04/Nov/2020:09:42:18 +0800] "GET /xingrg/check_reg.html?_=1604454325678 HTTP/1.1" 200 22
180.161.96.95 - - [04/Nov/2020:09:42:19 +0800] "GET /xingrg/kc/buy/cgsh_order_operate.html?command=get_materiel&rest_code=00102&code=00101012029&supplier_code=00100031&order_time=2020-11-04 HTTP/1.1" 200 412
180.162.245.190 - - [04/Nov/2020:09:42:22 +0800] "GET /xingrg/all/function/internal_message.html?_=1604454144464&CODE_STATE=getMsg HTTP/1.1" 200 27
124.77.237.88 - - [04/Nov/2020:09:42:25 +0800] "GET /xingrg/all/function/internal_message.html?_=1604454148156&CODE_STATE=getMsg HTTP/1.1" 200 27
180.157.253.48 - - [04/Nov/2020:09:42:28 +0800] "GET /xingrg/check_reg.html?_=1604454148912 HTTP/1.1" 200 22
180.157.253.48 - - [04/Nov/2020:09:42:28 +0800] "GET /xingrg/all/function/internal_message.html?_=1604454148950&CODE_STATE=getMsg HTTP/1.1" 200 27
180.161.96.95 - - [04/Nov/2020:09:42:32 +0800] "GET /xingrg/kc/buy/cgsh_order_operate.html?command=get_materiel&rest_code=00102&code=00101012059&supplier_code=00100031&order_time=2020-11-04 HTTP/1.1" 200 412
58.40.7.146 - - [04/Nov/2020:09:42:34 +0800] "GET /xingrg/all/function/internal_message.html?_=1604454152526&CODE_STATE=getMsg HTTP/1.1" 200 27
58.40.7.146 - - [04/Nov/2020:09:42:34 +0800] "GET /xingrg/check_reg.html?_=1604454152527 HTTP/1.1" 200 22
180.174.56.115 - - [04/Nov/2020:09:42:34 +0800] "GET /xingrg/all/function/internal_message.html?_=1604454114939&CODE_STATE=getMsg HTTP/1.1" 200 27
222.69.139.194 - - [04/Nov/2020:09:42:35 +0800] "GET /xingrg/all/function/internal_message.html?_=1604454154692&CODE_STATE=getMsg HTTP/1.1" 200 27
180.161.96.95 - - [04/Nov/2020:09:42:36 +0800] "GET /xingrg/check_reg.html?_=1604454375895 HTTP/1.1" 200 22
180.161.96.95 - - [04/Nov/2020:09:42:36 +0800] "GET /xingrg/all/function/internal_message.html?_=1604454376192&CODE_STATE=getMsg HTTP/1.1" 200 27
117.131.5.26 - - [04/Nov/2020:09:42:37 +0800] "GET /xingrg/all/function/internal_message.html?_=1604454460736&CODE_STATE=getMsg HTTP/1.1" 302 -
117.131.5.26 - - [04/Nov/2020:09:42:37 +0800] "GET /xingrg/login.html HTTP/1.1" 200 7641
172.17.0.120 - - [04/Nov/2020:09:42:44 +0800] "GET /xingrg/all/function/internal_message.html?_=1604454162217&CODE_STATE=getMsg HTTP/1.1" 200 27
172.17.0.101 - - [04/Nov/2020:09:42:44 +0800] "GET /xingrg/all/function/internal_message.html?_=1604454161160&CODE_STATE=getMsg HTTP/1.1" 200 27
120.253.135.82 - - [04/Nov/2020:09:42:48 +0800] "GET /xingrg/all/function/internal_message.html?_=1604453914414&CODE_STATE=getMsg HTTP/1.1" 200 27
172.17.200.101 - - [04/Nov/2020:09:42:53 +0800] "GET /xingrg/all/function/internal_message.html?_=1604454171191&CODE_STATE=getMsg HTTP/1.1" 200 27
180.174.56.115 - - [04/Nov/2020:09:42:55 +0800] "GET /xingrg/kc/buy/cgsh_order_operate.html?command=get_materiel&rest_code=00151&code=00101009053&supplier_code=00100424&order_time=2020-11-04 HTTP/1.1" 200 408
116.233.75.239 - - [04/Nov/2020:09:42:55 +0800] "GET /xingrg/all/function/internal_message.html?_=1604454179178&CODE_STATE=getMsg HTTP/1.1" 200 27
222.69.139.194 - - [04/Nov/2020:09:43:02 +0800] "GET /xingrg/kc/buy/cgsh_order_add.html HTTP/1.1" 200 60666
222.69.139.194 - - [04/Nov/2020:09:43:02 +0800] "GET /xingrg/words/20201103195806_words.js HTTP/1.1" 304 -
222.69.139.194 - - [04/Nov/2020:09:43:02 +0800] "POST /xingrg/kc/buy/cgsh_order_operate.html HTTP/1.1" 200 8245
222.69.139.194 - - [04/Nov/2020:09:43:02 +0800] "GET /xingrg/javascript/easyui/themes/default/validatebox.css HTTP/1.1" 404 1104
114.84.37.38 - - [04/Nov/2020:09:43:05 +0800] "GET /xingrg/all/function/internal_message.html?_=1604454204161&CODE_STATE=getMsg HTTP/1.1" 200 27
180.162.245.190 - - [04/Nov/2020:09:43:07 +0800] "GET /xingrg/all/function/internal_message.html?_=1604454169079&CODE_STATE=getMsg HTTP/1.1" 200 27
180.174.56.115 - - [04/Nov/2020:09:43:07 +0800] "GET /xingrg/all/function/internal_message.html?_=1604454185521&CODE_STATE=getMsg HTTP/1.1" 200 27
124.77.237.88 - - [04/Nov/2020:09:43:09 +0800] "GET /xingrg/kc/buy/cgsh_order_operate.html?command=get_materiel&rest_code=00107&code=00101008005&supplier_code=00100006&order_time=2020-11-04 HTTP/1.1" 200 412
114.88.166.242 - - [04/Nov/2020:09:43:09 +0800] "GET /xingrg/all/function/internal_message.html?_=1604454287326&CODE_STATE=getMsg HTTP/1.1" 200 27
180.174.56.115 - - [04/Nov/2020:09:43:12 +0800] "GET /xingrg/kc/buy/cgsh_order_operate.html?command=get_materiel&rest_code=00151&code=00101009011&supplier_code=00100424&order_time=2020-11-04 HTTP/1.1" 200 416
222.69.139.194 - - [04/Nov/2020:09:43:15 +0800] "GET /xingrg/kc/buy/cgsh_order_operate.html?command=get_materiel&rest_code=00149&code=00101011003&supplier_code=00100051&order_time=2020-11-04 HTTP/1.1" 200 413
58.221.95.50 - - [04/Nov/2020:09:43:18 +0800] "GET /xingrg/all/function/internal_message.html?_=1604454385668&CODE_STATE=getMsg HTTP/1.1" 200 27
180.162.245.190 - - [04/Nov/2020:09:43:22 +0800] "GET /xingrg/check_reg.html?_=1604454204461 HTTP/1.1" 200 22
180.162.245.190 - - [04/Nov/2020:09:43:22 +0800] "GET /xingrg/all/function/internal_message.html?_=1604454204463&CODE_STATE=getMsg HTTP/1.1" 200 27
180.174.56.115 - - [04/Nov/2020:09:43:24 +0800] "GET /xingrg/kc/buy/cgsh_order_operate.html?command=get_materiel&rest_code=00151&code=00101009023&supplier_code=00100424&order_time=2020-11-04 HTTP/1.1" 200 408
222.69.139.194 - - [04/Nov/2020:09:43:25 +0800] "GET /xingrg/kc/buy/cgsh_order_operate.html?command=get_materiel&rest_code=00149&code=00101011005&supplier_code=00100051&order_time=2020-11-04 HTTP/1.1" 200 428
124.77.237.88 - - [04/Nov/2020:09:43:25 +0800] "GET /xingrg/all/function/internal_message.html?_=1604454208135&CODE_STATE=getMsg HTTP/1.1" 200 27
180.157.253.48 - - [04/Nov/2020:09:43:28 +0800] "GET /xingrg/all/function/internal_message.html?_=1604454209313&CODE_STATE=getMsg HTTP/1.1" 200 27
58.40.7.146 - - [04/Nov/2020:09:43:34 +0800] "GET /xingrg/all/function/internal_message.html?_=1604454212534&CODE_STATE=getMsg HTTP/1.1" 200 27
222.69.139.194 - - [04/Nov/2020:09:43:34 +0800] "POST /xingrg/kc/buy/cgsh_order_operate.html HTTP/1.1" 200 37
180.174.56.115 - - [04/Nov/2020:09:43:34 +0800] "GET /xingrg/all/function/internal_message.html?_=1604454174939&CODE_STATE=getMsg HTTP/1.1" 200 27
124.77.237.88 - - [04/Nov/2020:09:43:34 +0800] "GET /xingrg/kc/buy/cgsh_order_operate.html?command=get_materiel&rest_code=00107&code=00101008213&supplier_code=00100006&order_time=2020-11-04 HTTP/1.1" 200 412
117.131.5.26 - - [04/Nov/2020:09:43:35 +0800] "GET /xingrg/check_reg.html?_=1604454518531 HTTP/1.1" 302 -
117.131.5.26 - - [04/Nov/2020:09:43:35 +0800] "GET /xingrg/login.html HTTP/1.1" 200 7641
180.161.96.95 - - [04/Nov/2020:09:43:36 +0800] "GET /xingrg/all/function/internal_message.html?_=1604454436204&CODE_STATE=getMsg HTTP/1.1" 200 27
180.174.56.115 - - [04/Nov/2020:09:43:36 +0800] "GET /xingrg/kc/buy/cgsh_order_operate.html?command=get_materiel&rest_code=00151&code=00101009088&supplier_code=00100424&order_time=2020-11-04 HTTP/1.1" 200 391
117.131.5.26 - - [04/Nov/2020:09:43:37 +0800] "GET /xingrg/all/function/internal_message.html?_=1604454520743&CODE_STATE=getMsg HTTP/1.1" 302 -
117.131.5.26 - - [04/Nov/2020:09:43:37 +0800] "GET /xingrg/login.html HTTP/1.1" 200 7641
222.69.139.194 - - [04/Nov/2020:09:43:37 +0800] "POST /xingrg/kc/buy/cgsh_order_operate.html HTTP/1.1" 200 12
222.69.139.194 - - [04/Nov/2020:09:43:39 +0800] "GET /xingrg/kc/buy/cgsh_order_info.html?code=212020110401260 HTTP/1.1" 200 55569
222.69.139.194 - - [04/Nov/2020:09:43:39 +0800] "GET /xingrg/javascript/easyui/themes/default/validatebox.css HTTP/1.1" 404 1104
222.69.139.194 - - [04/Nov/2020:09:43:40 +0800] "POST /xingrg/kc/buy/cgsh_order_operate.html HTTP/1.1" 200 1197
172.17.0.120 - - [04/Nov/2020:09:43:44 +0800] "GET /xingrg/all/function/internal_message.html?_=1604454222221&CODE_STATE=getMsg HTTP/1.1" 200 27
172.17.0.101 - - [04/Nov/2020:09:43:44 +0800] "GET /xingrg/all/function/internal_message.html?_=1604454221160&CODE_STATE=getMsg HTTP/1.1" 200 27
124.77.237.88 - - [04/Nov/2020:09:43:45 +0800] "GET /xingrg/kc/buy/cgsh_order_operate.html?command=get_materiel&rest_code=00107&code=00101008264&supplier_code=00100006&order_time=2020-11-04 HTTP/1.1" 200 412
120.253.135.82 - - [04/Nov/2020:09:43:48 +0800] "GET /xingrg/all/function/internal_message.html?_=1604453974424&CODE_STATE=getMsg HTTP/1.1" 200 27
222.69.139.194 - - [04/Nov/2020:09:43:49 +0800] "GET /xingrg/kc/print/report_design.html?orderType=cgsh HTTP/1.1" 200 8625
222.69.139.194 - - [04/Nov/2020:09:43:49 +0800] "GET /xingrg/css/design.css HTTP/1.1" 200 2477
222.69.139.194 - - [04/Nov/2020:09:43:49 +0800] "GET /xingrg/javascript/easyui/jquery.easyui.min.js HTTP/1.1" 200 272531
222.69.139.194 - - [04/Nov/2020:09:43:49 +0800] "GET /xingrg/javascript/print/report.helper.js HTTP/1.1" 200 7208
222.69.139.194 - - [04/Nov/2020:09:43:49 +0800] "GET /xingrg/javascript/easyui/themes/sunny/easyui.css HTTP/1.1" 200 34304
222.69.139.194 - - [04/Nov/2020:09:43:49 +0800] "GET /xingrg/javascript/print/report.js HTTP/1.1" 200 10993
222.69.139.194 - - [04/Nov/2020:09:43:50 +0800] "GET /xingrg/javascript/easyui/themes/sunny/images/ui-bg_highlight-soft_100_feeebd_1x100.png HTTP/1.1" 200 108
222.69.139.194 - - [04/Nov/2020:09:43:50 +0800] "GET /xingrg/javascript/easyui/themes/sunny/images/ui-bg_gloss-wave_45_817865_500x100.png HTTP/1.1" 200 3971
222.69.139.194 - - [04/Nov/2020:09:43:50 +0800] "GET /xingrg/javascript/easyui/themes/sunny/images/blank.gif HTTP/1.1" 200 43
222.69.139.194 - - [04/Nov/2020:09:43:50 +0800] "GET /xingrg/kc/print/design_operate.html?_=1604454228898&command=load_config&code=cgsh HTTP/1.1" 200 2747
222.69.139.194 - - [04/Nov/2020:09:43:50 +0800] "GET /xingrg/javascript/easyui/themes/sunny/images/ui-icons_fadc7a_256x240.png HTTP/1.1" 200 4369
222.69.139.194 - - [04/Nov/2020:09:43:50 +0800] "GET /xingrg/javascript/easyui/themes/sunny/images/ui-bg_gloss-wave_70_ffdd57_500x100.png HTTP/1.1" 200 3830
222.69.139.194 - - [04/Nov/2020:09:43:50 +0800] "GET /xingrg/javascript/easyui/themes/sunny/images/ui-icons_bd7b00_256x240.png HTTP/1.1" 200 4369
222.69.139.194 - - [04/Nov/2020:09:43:50 +0800] "GET /favicon.ico HTTP/1.1" 404 -
222.69.139.194 - - [04/Nov/2020:09:43:50 +0800] "GET /xingrg/css/images/background.png HTTP/1.1" 200 137
172.17.200.101 - - [04/Nov/2020:09:43:53 +0800] "GET /xingrg/all/function/internal_message.html?_=1604454231196&CODE_STATE=getMsg HTTP/1.1" 200 27
180.157.253.48 - - [04/Nov/2020:09:43:55 +0800] "POST /xingrg/kc/buy/cgsh_order_operate.html HTTP/1.1" 200 37
222.69.139.194 - - [04/Nov/2020:09:43:55 +0800] "GET /xingrg/kc/print/load_data.html?order_code=212020110401260&kc_code=cgsh&condition= HTTP/1.1" 200 948
116.233.75.239 - - [04/Nov/2020:09:43:56 +0800] "GET /xingrg/check_reg.html?_=1604454239946 HTTP/1.1" 200 22
116.233.75.239 - - [04/Nov/2020:09:43:56 +0800] "GET /xingrg/all/function/internal_message.html?_=1604454239946&CODE_STATE=getMsg HTTP/1.1" 200 27
180.157.253.48 - - [04/Nov/2020:09:43:59 +0800] "POST /xingrg/kc/buy/cgsh_order_operate.html HTTP/1.1" 200 8592
222.69.139.194 - - [04/Nov/2020:09:44:01 +0800] "GET /xingrg/kc/buy/cgsh_order_add.html HTTP/1.1" 200 60666
222.69.139.194 - - [04/Nov/2020:09:44:01 +0800] "POST /xingrg/kc/buy/cgsh_order_operate.html HTTP/1.1" 200 8245
222.69.139.194 - - [04/Nov/2020:09:44:01 +0800] "GET /xingrg/javascript/easyui/themes/default/validatebox.css HTTP/1.1" 404 1104
114.84.37.38 - - [04/Nov/2020:09:44:06 +0800] "GET /xingrg/all/function/internal_message.html?_=1604454265148&CODE_STATE=getMsg HTTP/1.1" 200 27
180.162.245.190 - - [04/Nov/2020:09:44:07 +0800] "GET /xingrg/all/function/internal_message.html?_=1604454229067&CODE_STATE=getMsg HTTP/1.1" 200 27
180.174.56.115 - - [04/Nov/2020:09:44:07 +0800] "GET /xingrg/all/function/internal_message.html?_=1604454245519&CODE_STATE=getMsg HTTP/1.1" 200 27
124.77.237.88 - - [04/Nov/2020:09:44:08 +0800] "GET /xingrg/kc/buy/cgsh_order_operate.html?command=get_materiel&rest_code=00107&code=00101008176&supplier_code=00100006&order_time=2020-11-04 HTTP/1.1" 200 412
114.88.166.242 - - [04/Nov/2020:09:44:09 +0800] "GET /xingrg/all/function/internal_message.html?_=1604454347324&CODE_STATE=getMsg HTTP/1.1" 200 27
114.88.166.242 - - [04/Nov/2020:09:44:09 +0800] "GET /xingrg/check_reg.html?_=1604454347326 HTTP/1.1" 200 22
58.221.95.50 - - [04/Nov/2020:09:44:18 +0800] "GET /xingrg/all/function/internal_message.html?_=1604454445673&CODE_STATE=getMsg HTTP/1.1" 200 27
180.162.245.190 - - [04/Nov/2020:09:44:22 +0800] "GET /xingrg/all/function/internal_message.html?_=1604454264460&CODE_STATE=getMsg HTTP/1.1" 200 27
124.77.237.88 - - [04/Nov/2020:09:44:23 +0800] "GET /xingrg/kc/buy/cgsh_order_operate.html?command=get_materiel&rest_code=00107&code=00101008175&supplier_code=00100006&order_time=2020-11-04 HTTP/1.1" 200 412
124.77.237.88 - - [04/Nov/2020:09:44:25 +0800] "GET /xingrg/all/function/internal_message.html?_=1604454268142&CODE_STATE=getMsg HTTP/1.1" 200 27
222.69.139.194 - - [04/Nov/2020:09:44:25 +0800] "GET /xingrg/kc/buy/cgsh_order_operate.html?command=get_materiel&rest_code=00149&code=00101009109&supplier_code=00100201&order_time=2020-11-04 HTTP/1.1" 200 399
180.157.253.48 - - [04/Nov/2020:09:44:28 +0800] "GET /xingrg/all/function/internal_message.html?_=1604454269305&CODE_STATE=getMsg HTTP/1.1" 200 27
58.221.95.50 - - [04/Nov/2020:09:44:33 +0800] "POST /xingrg/kc/base/wldb_list_operate.html HTTP/1.1" 200 626
58.40.7.146 - - [04/Nov/2020:09:44:34 +0800] "GET /xingrg/all/function/internal_message.html?_=1604454272522&CODE_STATE=getMsg HTTP/1.1" 200 27
180.174.56.115 - - [04/Nov/2020:09:44:34 +0800] "GET /xingrg/all/function/internal_message.html?_=1604454234952&CODE_STATE=getMsg HTTP/1.1" 200 27
222.69.139.194 - - [04/Nov/2020:09:44:35 +0800] "GET /xingrg/all/function/internal_message.html?_=1604454274723&CODE_STATE=getMsg HTTP/1.1" 200 27
180.161.96.95 - - [04/Nov/2020:09:44:36 +0800] "GET /xingrg/all/function/internal_message.html?_=1604454496218&CODE_STATE=getMsg HTTP/1.1" 200 27
117.131.5.26 - - [04/Nov/2020:09:44:37 +0800] "GET /xingrg/all/function/internal_message.html?_=1604454580818&CODE_STATE=getMsg HTTP/1.1" 302 -
117.131.5.26 - - [04/Nov/2020:09:44:37 +0800] "GET /xingrg/login.html HTTP/1.1" 200 7641
124.77.237.88 - - [04/Nov/2020:09:44:37 +0800] "GET /xingrg/kc/buy/cgsh_order_operate.html?command=get_materiel&rest_code=00107&code=00101008027&supplier_code=00100006&order_time=2020-11-04 HTTP/1.1" 200 408
222.69.139.194 - - [04/Nov/2020:09:44:42 +0800] "GET /xingrg/kc/buy/cgsh_order_operate.html?command=get_materiel&rest_code=00149&code=00101009062&supplier_code=00100201&order_time=2020-11-04 HTTP/1.1" 200 412
172.17.0.120 - - [04/Nov/2020:09:44:44 +0800] "GET /xingrg/check_reg.html?_=1604454282226 HTTP/1.1" 200 22
172.17.0.120 - - [04/Nov/2020:09:44:44 +0800] "GET /xingrg/all/function/internal_message.html?_=1604454282230&CODE_STATE=getMsg HTTP/1.1" 200 27
172.17.0.101 - - [04/Nov/2020:09:44:44 +0800] "GET /xingrg/all/function/internal_message.html?_=1604454281159&CODE_STATE=getMsg HTTP/1.1" 200 27
124.77.237.88 - - [04/Nov/2020:09:44:47 +0800] "GET /xingrg/kc/buy/cgsh_order_operate.html?command=get_materiel&rest_code=00107&code=00101008244&supplier_code=00100006&order_time=2020-11-04 HTTP/1.1" 200 408
120.253.135.82 - - [04/Nov/2020:09:44:48 +0800] "GET /xingrg/all/function/internal_message.html?_=1604454034473&CODE_STATE=getMsg HTTP/1.1" 200 27
222.69.139.194 - - [04/Nov/2020:09:44:51 +0800] "GET /xingrg/kc/buy/cgsh_order_operate.html?command=get_materiel&rest_code=00149&code=00101009011&supplier_code=00100201&order_time=2020-11-04 HTTP/1.1" 200 416
172.17.200.101 - - [04/Nov/2020:09:44:53 +0800] "GET /xingrg/all/function/internal_message.html?_=1604454291199&CODE_STATE=getMsg HTTP/1.1" 200 27
172.17.200.101 - - [04/Nov/2020:09:44:53 +0800] "GET /xingrg/check_reg.html?_=1604454291203 HTTP/1.1" 200 22
124.77.237.88 - - [04/Nov/2020:09:44:55 +0800] "POST /xingrg/kc/buy/cgsh_order_operate.html HTTP/1.1" 200 2065
116.233.75.239 - - [04/Nov/2020:09:44:56 +0800] "GET /xingrg/all/function/internal_message.html?_=1604454299949&CODE_STATE=getMsg HTTP/1.1" 200 27
58.221.95.50 - - [04/Nov/2020:09:45:01 +0800] "POST /xingrg/kc/base/wldb_list_operate.html HTTP/1.1" 200 627
222.69.139.194 - - [04/Nov/2020:09:45:02 +0800] "GET /xingrg/kc/buy/cgsh_order_operate.html?command=get_materiel&rest_code=00149&code=00101009088&supplier_code=00100201&order_time=2020-11-04 HTTP/1.1" 200 391
114.84.37.38 - - [04/Nov/2020:09:45:06 +0800] "GET /xingrg/all/function/internal_message.html?_=1604454325197&CODE_STATE=getMsg HTTP/1.1" 200 27
180.162.245.190 - - [04/Nov/2020:09:45:07 +0800] "GET /xingrg/all/function/internal_message.html?_=1604454289082&CODE_STATE=getMsg HTTP/1.1" 200 27
180.174.56.115 - - [04/Nov/2020:09:45:07 +0800] "GET /xingrg/check_reg.html?_=1604454305536 HTTP/1.1" 200 22
180.174.56.115 - - [04/Nov/2020:09:45:07 +0800] "GET /xingrg/all/function/internal_message.html?_=1604454305538&CODE_STATE=getMsg HTTP/1.1" 200 27
114.88.166.242 - - [04/Nov/2020:09:45:09 +0800] "GET /xingrg/all/function/internal_message.html?_=1604454407324&CODE_STATE=getMsg HTTP/1.1" 200 27
124.77.237.88 - - [04/Nov/2020:09:45:11 +0800] "GET /xingrg/kc/buy/cgsh_order_operate.html?command=get_materiel&rest_code=00107&code=00101008112&supplier_code=00100006&order_time=2020-11-04 HTTP/1.1" 200 414
58.221.95.50 - - [04/Nov/2020:09:45:18 +0800] "GET /xingrg/all/function/internal_message.html?_=1604454505669&CODE_STATE=getMsg HTTP/1.1" 200 27
58.221.95.50 - - [04/Nov/2020:09:45:20 +0800] "POST /xingrg/kc/base/wldb_list_operate.html HTTP/1.1" 200 603
180.162.245.190 - - [04/Nov/2020:09:45:22 +0800] "GET /xingrg/all/function/internal_message.html?_=1604454324458&CODE_STATE=getMsg HTTP/1.1" 200 27
124.77.237.88 - - [04/Nov/2020:09:45:24 +0800] "GET /xingrg/check_reg.html?_=1604454326597 HTTP/1.1" 200 22
124.77.237.88 - - [04/Nov/2020:09:45:25 +0800] "GET /xingrg/all/function/internal_message.html?_=1604454328130&CODE_STATE=getMsg HTTP/1.1" 200 27
180.157.253.48 - - [04/Nov/2020:09:45:28 +0800] "GET /xingrg/all/function/internal_message.html?_=1604454329299&CODE_STATE=getMsg HTTP/1.1" 200 27
58.221.95.50 - - [04/Nov/2020:09:45:29 +0800] "POST /xingrg/kc/base/wldb_list_operate.html HTTP/1.1" 200 611
58.40.7.146 - - [04/Nov/2020:09:45:34 +0800] "GET /xingrg/all/function/internal_message.html?_=1604454332525&CODE_STATE=getMsg HTTP/1.1" 200 27
180.174.56.115 - - [04/Nov/2020:09:45:34 +0800] "GET /xingrg/check_reg.html?_=1604454294458 HTTP/1.1" 200 22
180.174.56.115 - - [04/Nov/2020:09:45:34 +0800] "GET /xingrg/all/function/internal_message.html?_=1604454294967&CODE_STATE=getMsg HTTP/1.1" 200 27
222.69.139.194 - - [04/Nov/2020:09:45:34 +0800] "GET /xingrg/kc/buy/cgsh_order_operate.html?command=get_materiel&rest_code=00149&code=00101009007&supplier_code=00100201&order_time=2020-11-04 HTTP/1.1" 200 408
222.69.139.194 - - [04/Nov/2020:09:45:35 +0800] "GET /xingrg/check_reg.html?_=1604454334692 HTTP/1.1" 200 22
222.69.139.194 - - [04/Nov/2020:09:45:35 +0800] "GET /xingrg/all/function/internal_message.html?_=1604454334694&CODE_STATE=getMsg HTTP/1.1" 200 27
180.161.96.95 - - [04/Nov/2020:09:45:36 +0800] "GET /xingrg/all/function/internal_message.html?_=1604454556232&CODE_STATE=getMsg HTTP/1.1" 200 27
117.131.5.26 - - [04/Nov/2020:09:45:37 +0800] "GET /xingrg/all/function/internal_message.html?_=1604454640838&CODE_STATE=getMsg HTTP/1.1" 302 -
117.131.5.26 - - [04/Nov/2020:09:45:37 +0800] "GET /xingrg/login.html HTTP/1.1" 200 7641
114.84.37.38 - - [04/Nov/2020:09:45:38 +0800] "GET /xingrg/check_reg.html?_=1604454330684 HTTP/1.1" 200 22
116.233.75.239 - - [04/Nov/2020:09:45:41 +0800] "GET /xingrg/login.html HTTP/1.1" 200 7641
116.233.75.239 - - [04/Nov/2020:09:45:42 +0800] "GET /favicon.ico HTTP/1.1" 404 -
120.253.135.82 - - [04/Nov/2020:09:45:43 +0800] "GET /xingrg/check_reg.html?_=1604454089396 HTTP/1.1" 200 22
172.17.0.120 - - [04/Nov/2020:09:45:44 +0800] "GET /xingrg/all/function/internal_message.html?_=1604454342218&CODE_STATE=getMsg HTTP/1.1" 200 27
172.17.0.101 - - [04/Nov/2020:09:45:44 +0800] "GET /xingrg/all/function/internal_message.html?_=1604454341158&CODE_STATE=getMsg HTTP/1.1" 200 27
120.253.135.82 - - [04/Nov/2020:09:45:48 +0800] "GET /xingrg/all/function/internal_message.html?_=1604454094482&CODE_STATE=getMsg HTTP/1.1" 200 27
172.17.200.101 - - [04/Nov/2020:09:45:53 +0800] "GET /xingrg/all/function/internal_message.html?_=1604454351204&CODE_STATE=getMsg HTTP/1.1" 200 27
172.17.0.108 - - [04/Nov/2020:09:46:06 +0800] "GET /xingrg/check_reg.html?_=1604454365225 HTTP/1.1" 200 22
114.84.37.38 - - [04/Nov/2020:09:46:07 +0800] "GET /xingrg/all/function/internal_message.html?_=1604454386072&CODE_STATE=getMsg HTTP/1.1" 200 27
180.162.245.190 - - [04/Nov/2020:09:46:07 +0800] "GET /xingrg/all/function/internal_message.html?_=1604454349082&CODE_STATE=getMsg HTTP/1.1" 200 27
180.174.56.115 - - [04/Nov/2020:09:46:07 +0800] "GET /xingrg/all/function/internal_message.html?_=1604454365538&CODE_STATE=getMsg HTTP/1.1" 200 27
114.88.166.242 - - [04/Nov/2020:09:46:09 +0800] "GET /xingrg/all/function/internal_message.html?_=1604454467322&CODE_STATE=getMsg HTTP/1.1" 200 27
180.174.56.115 - - [04/Nov/2020:09:46:14 +0800] "GET /xingrg/kc/buy/cgsh_order_operate.html?command=get_materiel&rest_code=00151&code=00101009047&supplier_code=00100424&order_time=2020-11-04 HTTP/1.1" 200 409
58.221.95.50 - - [04/Nov/2020:09:46:18 +0800] "GET /xingrg/all/function/internal_message.html?_=1604454565674&CODE_STATE=getMsg HTTP/1.1" 200 27
222.69.139.194 - - [04/Nov/2020:09:46:19 +0800] "POST /xingrg/kc/buy/cgsh_order_operate.html HTTP/1.1" 200 37
222.69.139.194 - - [04/Nov/2020:09:46:22 +0800] "POST /xingrg/kc/buy/cgsh_order_operate.html HTTP/1.1" 200 12
180.162.245.190 - - [04/Nov/2020:09:46:22 +0800] "GET /xingrg/all/function/internal_message.html?_=1604454384459&CODE_STATE=getMsg HTTP/1.1" 200 27
222.69.139.194 - - [04/Nov/2020:09:46:23 +0800] "GET /xingrg/kc/buy/cgsh_order_info.html?code=212020110401262 HTTP/1.1" 200 55569
222.69.139.194 - - [04/Nov/2020:09:46:23 +0800] "GET /xingrg/javascript/easyui/themes/default/validatebox.css HTTP/1.1" 404 1104
222.69.139.194 - - [04/Nov/2020:09:46:24 +0800] "POST /xingrg/kc/buy/cgsh_order_operate.html HTTP/1.1" 200 3553
180.174.56.115 - - [04/Nov/2020:09:46:24 +0800] "GET /xingrg/kc/buy/cgsh_order_operate.html?command=get_materiel&rest_code=00151&code=00101009041&supplier_code=00100424&order_time=2020-11-04 HTTP/1.1" 200 409
124.77.237.88 - - [04/Nov/2020:09:46:25 +0800] "GET /xingrg/all/function/internal_message.html?_=1604454388112&CODE_STATE=getMsg HTTP/1.1" 200 27
116.233.75.239 - - [04/Nov/2020:09:46:27 +0800] "POST /xingrg/login.do HTTP/1.1" 200 2421
116.233.75.239 - - [04/Nov/2020:09:46:27 +0800] "GET /xingrg/images/blue/pic_top.gif HTTP/1.1" 200 3656
116.233.75.239 - - [04/Nov/2020:09:46:27 +0800] "GET /xingrg/images/blue/pic_notice.jpg HTTP/1.1" 200 3583
116.233.75.239 - - [04/Nov/2020:09:46:27 +0800] "GET /xingrg/images/blue/error_top.gif HTTP/1.1" 200 1790
116.233.75.239 - - [04/Nov/2020:09:46:27 +0800] "GET /xingrg/images/blue/error_mid.gif HTTP/1.1" 200 215
116.233.75.239 - - [04/Nov/2020:09:46:27 +0800] "GET /xingrg/images/blue/error_buttom.gif HTTP/1.1" 200 1750
180.157.253.48 - - [04/Nov/2020:09:46:28 +0800] "GET /xingrg/all/function/internal_message.html?_=1604454389285&CODE_STATE=getMsg HTTP/1.1" 200 27
58.40.7.146 - - [04/Nov/2020:09:46:29 +0800] "GET /xingrg/kc/base/base_main.html HTTP/1.1" 200 12142
58.40.7.146 - - [04/Nov/2020:09:46:29 +0800] "GET /xingrg/images/blue/button/wlsy.gif HTTP/1.1" 200 2536
58.40.7.146 - - [04/Nov/2020:09:46:29 +0800] "GET /xingrg/images/blue/button/ckpd.gif HTTP/1.1" 200 2051
58.40.7.146 - - [04/Nov/2020:09:46:29 +0800] "GET /xingrg/images/blue/button/kc.gif HTTP/1.1" 200 2160
58.40.7.146 - - [04/Nov/2020:09:46:29 +0800] "GET /xingrg/images/blue/button/ckdb.gif HTTP/1.1" 200 1950
58.40.7.146 - - [04/Nov/2020:09:46:29 +0800] "GET /xingrg/images/blue/button/yddb.gif HTTP/1.1" 200 2040
58.40.7.146 - - [04/Nov/2020:09:46:29 +0800] "GET /xingrg/images/blue/pic_form2.gif HTTP/1.1" 200 1853
58.40.7.146 - - [04/Nov/2020:09:46:29 +0800] "GET /xingrg/images/blue/button/down.jpg HTTP/1.1" 200 1560
58.40.7.146 - - [04/Nov/2020:09:46:29 +0800] "GET /xingrg/images/blue/button/top_right.jpg HTTP/1.1" 200 1708
58.40.7.146 - - [04/Nov/2020:09:46:29 +0800] "GET /xingrg/images/blue/button/right_ah.jpg HTTP/1.1" 200 1744
58.40.7.146 - - [04/Nov/2020:09:46:29 +0800] "GET /xingrg/images/blue/button/bottom_right.jpg HTTP/1.1" 200 1436
58.40.7.146 - - [04/Nov/2020:09:46:29 +0800] "GET /xingrg/images/blue/button/top_left.jpg HTTP/1.1" 200 1632
58.40.7.146 - - [04/Nov/2020:09:46:29 +0800] "GET /xingrg/images/blue/button/bottom_left.jpg HTTP/1.1" 200 1524
58.40.7.146 - - [04/Nov/2020:09:46:29 +0800] "GET /xingrg/images/blue/bg_dotted.jpg HTTP/1.1" 200 319
58.40.7.146 - - [04/Nov/2020:09:46:29 +0800] "GET /xingrg/images/blue/button/left_ah.jpg HTTP/1.1" 200 1643
116.233.75.239 - - [04/Nov/2020:09:46:29 +0800] "GET /xingrg/login.html HTTP/1.1" 200 7641
116.233.75.239 - - [04/Nov/2020:09:46:31 +0800] "POST /xingrg/login.do HTTP/1.1" 302 -
116.233.75.239 - - [04/Nov/2020:09:46:31 +0800] "GET /xingrg/index.html?sysBaseUrl=http%3A%2F%2F180.169.147.146%3A18081%2Fxingrg%2F&costTime=51×tamp=1604454391058 HTTP/1.1" 200 17173
58.40.7.146 - - [04/Nov/2020:09:46:31 +0800] "GET /xingrg/kc/base/wldb_order_list.html HTTP/1.1" 200 19677
58.40.7.146 - - [04/Nov/2020:09:46:31 +0800] "GET /xingrg/css/base.css HTTP/1.1" 200 2811
58.40.7.146 - - [04/Nov/2020:09:46:31 +0800] "GET /xingrg/css/site.css HTTP/1.1" 200 7541
58.40.7.146 - - [04/Nov/2020:09:46:31 +0800] "GET /xingrg/javascript/jquery_tools/datebox.css HTTP/1.1" 200 2597
58.40.7.146 - - [04/Nov/2020:09:46:31 +0800] "GET /xingrg/javascript/easyui/themes/icon.css HTTP/1.1" 200 4483
58.40.7.146 - - [04/Nov/2020:09:46:31 +0800] "GET /xingrg/javascript/auto/jquery.autocomplete.css HTTP/1.1" 200 587
58.40.7.146 - - [04/Nov/2020:09:46:31 +0800] "GET /xingrg/javascript/jquery_tools/fix.css HTTP/1.1" 200 1702
58.40.7.146 - - [04/Nov/2020:09:46:31 +0800] "GET /xingrg/javascript/jquery_tools/table.css HTTP/1.1" 200 1032
58.40.7.146 - - [04/Nov/2020:09:46:31 +0800] "GET /xingrg/javascript/jquery_tools/jquery.tools.min.js HTTP/1.1" 200 138801
58.40.7.146 - - [04/Nov/2020:09:46:31 +0800] "GET /xingrg/javascript/jquery_tools/jquery.tools.hotkey.js HTTP/1.1" 200 3242
58.40.7.146 - - [04/Nov/2020:09:46:31 +0800] "GET /xingrg/javascript/easyui/themes/default/easyui.css HTTP/1.1" 200 30432
58.40.7.146 - - [04/Nov/2020:09:46:31 +0800] "GET /xingrg/javascript/jquery_tools/jquery.tools.table.js HTTP/1.1" 200 6994
58.40.7.146 - - [04/Nov/2020:09:46:31 +0800] "GET /xingrg/javascript/jquery_tools/list_manager.js HTTP/1.1" 200 3652
58.40.7.146 - - [04/Nov/2020:09:46:31 +0800] "GET /xingrg/javascript/jquery_tools/jquery.tools.extend.js HTTP/1.1" 200 15385
58.40.7.146 - - [04/Nov/2020:09:46:31 +0800] "GET /xingrg/javascript/easyui/easyloader.js HTTP/1.1" 200 5975
58.40.7.146 - - [04/Nov/2020:09:46:31 +0800] "GET /xingrg/javascript/jquery.cookie.js HTTP/1.1" 200 5513
58.40.7.146 - - [04/Nov/2020:09:46:31 +0800] "GET /xingrg/javascript/auto/jquery.autocomplete.js HTTP/1.1" 200 21624
116.233.75.239 - - [04/Nov/2020:09:46:31 +0800] "POST /xingrg/all/common/load_tree.html?tree=area_rest_tree_json&manage=1 HTTP/1.1" 200 342
116.233.75.239 - - [04/Nov/2020:09:46:31 +0800] "GET /xingrg/check_reg.html?_=1604454394778 HTTP/1.1" 200 22
116.233.75.239 - - [04/Nov/2020:09:46:31 +0800] "GET /xingrg/all/function/internal_message.html?_=1604454394777&CODE_STATE=count HTTP/1.1" 200 11
116.233.75.239 - - [04/Nov/2020:09:46:31 +0800] "POST /xingrg/load_menu.html HTTP/1.1" 200 5138
58.40.7.146 - - [04/Nov/2020:09:46:31 +0800] "GET /xingrg/javascript/easyui/themes/icons/uncheck_new.png HTTP/1.1" 200 3197
58.40.7.146 - - [04/Nov/2020:09:46:31 +0800] "GET /xingrg/javascript/easyui/themes/icons/import_new.png HTTP/1.1" 200 1247
58.40.7.146 - - [04/Nov/2020:09:46:31 +0800] "GET /xingrg/javascript/easyui/themes/icons/cance_new.png HTTP/1.1" 200 3986
58.40.7.146 - - [04/Nov/2020:09:46:31 +0800] "GET /xingrg/javascript/easyui/themes/icons/check_new.png HTTP/1.1" 200 3224
58.40.7.146 - - [04/Nov/2020:09:46:31 +0800] "GET /xingrg/javascript/easyui/themes/icons/edit_add_new.png HTTP/1.1" 200 2997
58.40.7.146 - - [04/Nov/2020:09:46:31 +0800] "GET /xingrg/javascript/easyui/themes/icons/field_new.png HTTP/1.1" 200 1097
58.40.7.146 - - [04/Nov/2020:09:46:31 +0800] "GET /xingrg/javascript/easyui/plugins/jquery.parser.js HTTP/1.1" 200 1142
58.40.7.146 - - [04/Nov/2020:09:46:31 +0800] "GET /xingrg/images/control/ajaxLoader.gif HTTP/1.1" 200 4659
58.40.7.146 - - [04/Nov/2020:09:46:31 +0800] "POST /xingrg/kc/base/wldb_list_operate.html HTTP/1.1" 200 928
222.69.139.194 - - [04/Nov/2020:09:46:31 +0800] "GET /xingrg/kc/print/load_data.html?order_code=212020110401262&kc_code=cgsh&condition= HTTP/1.1" 200 1826
116.233.75.239 - - [04/Nov/2020:09:46:32 +0800] "GET /xingrg/kc/buy/buy_main.html HTTP/1.1" 200 12412
116.233.75.239 - - [04/Nov/2020:09:46:32 +0800] "GET /xingrg/css/new_ie.css HTTP/1.1" 404 1036
58.40.7.146 - - [04/Nov/2020:09:46:32 +0800] "GET /xingrg/javascript/easyui/themes/default/images/button_plain_hover.png HTTP/1.1" 200 144
116.233.75.239 - - [04/Nov/2020:09:46:33 +0800] "GET /xingrg/kc/buy/cgsh_order_list.html HTTP/1.1" 200 44875
58.40.7.146 - - [04/Nov/2020:09:46:33 +0800] "GET /xingrg/kc/base/wldb_order_add.html HTTP/1.1" 200 30587
58.40.7.146 - - [04/Nov/2020:09:46:33 +0800] "GET /xingrg/javascript/jquery_tools/order_manager.js HTTP/1.1" 200 11183
58.40.7.146 - - [04/Nov/2020:09:46:33 +0800] "GET /xingrg/javascript/json2.js HTTP/1.1" 200 11259
58.40.7.146 - - [04/Nov/2020:09:46:33 +0800] "GET /xingrg/words/20201103195806_words.js HTTP/1.1" 200 773548
58.40.7.146 - - [04/Nov/2020:09:46:33 +0800] "GET /xingrg/javascript/easyui/themes/icons/ok.png HTTP/1.1" 200 883
58.40.7.146 - - [04/Nov/2020:09:46:33 +0800] "GET /xingrg/javascript/easyui/themes/icons/print.png HTTP/1.1" 200 1057
58.40.7.146 - - [04/Nov/2020:09:46:33 +0800] "GET /xingrg/javascript/easyui/themes/icons/template_new.png HTTP/1.1" 200 3956
58.40.7.146 - - [04/Nov/2020:09:46:33 +0800] "GET /xingrg/javascript/easyui/themes/default/images/menu_downarrow.png HTTP/1.1" 200 173
58.40.7.146 - - [04/Nov/2020:09:46:33 +0800] "GET /xingrg/javascript/easyui/themes/icons/cancel.png HTTP/1.1" 200 1133
58.40.7.146 - - [04/Nov/2020:09:46:34 +0800] "GET /xingrg/all/function/internal_message.html?_=1604454392531&CODE_STATE=getMsg HTTP/1.1" 200 27
58.40.7.146 - - [04/Nov/2020:09:46:34 +0800] "POST /xingrg/kc/base/wldb_order_operate.html HTTP/1.1" 200 6806
58.40.7.146 - - [04/Nov/2020:09:46:34 +0800] "GET /xingrg/all/common/auto_word.html?type=base&rest_code=00151 HTTP/1.1" 200 1315
58.40.7.146 - - [04/Nov/2020:09:46:34 +0800] "GET /xingrg/all/common/auto_word.html?type=base&rest_code=00151 HTTP/1.1" 200 1315
58.40.7.146 - - [04/Nov/2020:09:46:34 +0800] "GET /xingrg/javascript/easyui/themes/default/validatebox.css HTTP/1.1" 404 1104
58.40.7.146 - - [04/Nov/2020:09:46:34 +0800] "GET /xingrg/javascript/easyui/plugins/jquery.validatebox.js HTTP/1.1" 200 6103
58.40.7.146 - - [04/Nov/2020:09:46:34 +0800] "GET /xingrg/javascript/easyui/plugins/jquery.numberbox.js HTTP/1.1" 200 5213
58.40.7.146 - - [04/Nov/2020:09:46:34 +0800] "GET /xingrg/javascript/easyui/themes/icons/edit_remove.png HTTP/1.1" 200 625
116.233.75.239 - - [04/Nov/2020:09:46:34 +0800] "POST /xingrg/kc/buy/cgsh_list_operate.html HTTP/1.1" 200 2033
180.174.56.115 - - [04/Nov/2020:09:46:34 +0800] "GET /xingrg/all/function/internal_message.html?_=1604454354979&CODE_STATE=getMsg HTTP/1.1" 200 27
222.69.139.194 - - [04/Nov/2020:09:46:35 +0800] "GET /xingrg/all/function/internal_message.html?_=1604454394681&CODE_STATE=getMsg HTTP/1.1" 200 27
116.233.75.239 - - [04/Nov/2020:09:46:36 +0800] "GET /xingrg/index.html?sysBaseUrl=http%3A%2F%2F180.169.147.146%3A18081%2Fxingrg%2F&costTime=51×tamp=1604454391058 HTTP/1.1" 200 17173
180.161.96.95 - - [04/Nov/2020:09:46:37 +0800] "GET /xingrg/all/function/internal_message.html?_=1604454616283&CODE_STATE=getMsg HTTP/1.1" 200 27
116.233.75.239 - - [04/Nov/2020:09:46:37 +0800] "POST /xingrg/all/common/load_tree.html?tree=area_rest_tree_json&manage=1 HTTP/1.1" 200 342
116.233.75.239 - - [04/Nov/2020:09:46:37 +0800] "GET /xingrg/check_reg.html?_=1604454400952 HTTP/1.1" 200 22
116.233.75.239 - - [04/Nov/2020:09:46:37 +0800] "GET /xingrg/all/function/internal_message.html?_=1604454400951&CODE_STATE=count HTTP/1.1" 200 11
116.233.75.239 - - [04/Nov/2020:09:46:37 +0800] "POST /xingrg/load_menu.html HTTP/1.1" 200 5138
117.131.5.26 - - [04/Nov/2020:09:46:37 +0800] "GET /xingrg/all/function/internal_message.html?_=1604454700913&CODE_STATE=getMsg HTTP/1.1" 302 -
117.131.5.26 - - [04/Nov/2020:09:46:37 +0800] "GET /xingrg/login.html HTTP/1.1" 200 7641
58.40.7.146 - - [04/Nov/2020:09:46:40 +0800] "GET /xingrg/css/images/panel_loading.gif HTTP/1.1" 200 1737
58.40.7.146 - - [04/Nov/2020:09:46:40 +0800] "POST /xingrg/all/common/load_combo.html?type=base HTTP/1.1" 200 2307
58.40.7.146 - - [04/Nov/2020:09:46:44 +0800] "POST /xingrg/all/common/load_combo.html?type=base HTTP/1.1" 200 2307
172.17.0.120 - - [04/Nov/2020:09:46:44 +0800] "GET /xingrg/all/function/internal_message.html?_=1604454402222&CODE_STATE=getMsg HTTP/1.1" 200 27
172.17.0.101 - - [04/Nov/2020:09:46:44 +0800] "GET /xingrg/all/function/internal_message.html?_=1604454401157&CODE_STATE=getMsg HTTP/1.1" 200 27
172.17.0.101 - - [04/Nov/2020:09:46:44 +0800] "GET /xingrg/check_reg.html?_=1604454401159 HTTP/1.1" 200 22
180.174.56.115 - - [04/Nov/2020:09:46:44 +0800] "GET /xingrg/kc/buy/cgsh_order_operate.html?command=get_materiel&rest_code=00151&code=00101009013&supplier_code=00100424&order_time=2020-11-04 HTTP/1.1" 200 420
116.233.75.239 - - [04/Nov/2020:09:46:48 +0800] "GET /xingrg/index.html?sysBaseUrl=http%3A%2F%2F180.169.147.146%3A18081%2Fxingrg%2F&costTime=51×tamp=1604454391058 HTTP/1.1" 200 17173
120.253.135.82 - - [04/Nov/2020:09:46:48 +0800] "GET /xingrg/all/function/internal_message.html?_=1604454154496&CODE_STATE=getMsg HTTP/1.1" 200 27
116.233.75.239 - - [04/Nov/2020:09:46:48 +0800] "POST /xingrg/all/common/load_tree.html?tree=area_rest_tree_json&manage=1 HTTP/1.1" 200 342
116.233.75.239 - - [04/Nov/2020:09:46:49 +0800] "GET /xingrg/all/function/internal_message.html?_=1604454412613&CODE_STATE=count HTTP/1.1" 200 11
116.233.75.239 - - [04/Nov/2020:09:46:49 +0800] "GET /xingrg/check_reg.html?_=1604454412613 HTTP/1.1" 200 22
116.233.75.239 - - [04/Nov/2020:09:46:49 +0800] "POST /xingrg/load_menu.html HTTP/1.1" 200 5138
180.174.56.115 - - [04/Nov/2020:09:46:51 +0800] "POST /xingrg/all/user/operate.html HTTP/1.1" 200 36
180.174.56.115 - - [04/Nov/2020:09:46:51 +0800] "GET /xingrg/javascript/jquery_easy_ui/themes/default/easyui.css HTTP/1.1" 304 -
180.174.56.115 - - [04/Nov/2020:09:46:51 +0800] "GET /xingrg/index.html?sysBaseUrl=http%3A%2F%2F180.169.147.146%3A18081%2Fxingrg%2F&costTime=44×tamp=1604288470609 HTTP/1.1" 200 17179
180.174.56.115 - - [04/Nov/2020:09:46:51 +0800] "GET /xingrg/javascript/jquery_easy_ui/themes/icon.css HTTP/1.1" 304 -
180.174.56.115 - - [04/Nov/2020:09:46:51 +0800] "GET /xingrg/css/form.css HTTP/1.1" 304 -
180.174.56.115 - - [04/Nov/2020:09:46:51 +0800] "GET /xingrg/javascript/jquery-1.4.2.min.js HTTP/1.1" 304 -
180.174.56.115 - - [04/Nov/2020:09:46:51 +0800] "GET /xingrg/javascript/jquery_easy_ui/jquery.easyui.min.js HTTP/1.1" 304 -
180.174.56.115 - - [04/Nov/2020:09:46:51 +0800] "GET /xingrg/javascript/jquery_easy_ui/easyui-lang-zh_CN.js HTTP/1.1" 304 -
180.174.56.115 - - [04/Nov/2020:09:46:51 +0800] "GET /xingrg/javascript/jquery.form.js HTTP/1.1" 304 -
180.174.56.115 - - [04/Nov/2020:09:46:51 +0800] "GET /xingrg/javascript/jquery.utils.js HTTP/1.1" 304 -
180.174.56.115 - - [04/Nov/2020:09:46:51 +0800] "GET /xingrg/javascript/jquery.timers.js HTTP/1.1" 304 -
180.174.56.115 - - [04/Nov/2020:09:46:51 +0800] "GET /xingrg/images/blue/jxLogo.png HTTP/1.1" 304 -
180.174.56.115 - - [04/Nov/2020:09:46:51 +0800] "GET /xingrg/images/blue/navBackgound.jpg HTTP/1.1" 304 -
180.174.56.115 - - [04/Nov/2020:09:46:51 +0800] "GET /xingrg/javascript/jquery_easy_ui/themes/icons/settle_new.png HTTP/1.1" 304 -
180.174.56.115 - - [04/Nov/2020:09:46:51 +0800] "POST /xingrg/all/common/load_tree.html?tree=area_rest_tree_json&manage=1 HTTP/1.1" 200 476
180.174.56.115 - - [04/Nov/2020:09:46:51 +0800] "GET /xingrg/all/function/internal_message.html?_=1604454409249&CODE_STATE=count HTTP/1.1" 200 11
180.174.56.115 - - [04/Nov/2020:09:46:51 +0800] "GET /xingrg/check_reg.html?_=1604454409254 HTTP/1.1" 200 22
180.174.56.115 - - [04/Nov/2020:09:46:51 +0800] "GET /xingrg/images/blue/pingpu.png HTTP/1.1" 304 -
180.174.56.115 - - [04/Nov/2020:09:46:51 +0800] "GET /xingrg/javascript/jquery_easy_ui/themes/default/images/tabs_rightarrow.png HTTP/1.1" 304 -
180.174.56.115 - - [04/Nov/2020:09:46:51 +0800] "GET /xingrg/javascript/jquery_easy_ui/themes/default/images/panel_tool_collapse.gif HTTP/1.1" 304 -
180.174.56.115 - - [04/Nov/2020:09:46:51 +0800] "GET /xingrg/javascript/jquery_easy_ui/themes/default/images/tabs_leftarrow.png HTTP/1.1" 304 -
180.174.56.115 - - [04/Nov/2020:09:46:52 +0800] "POST /xingrg/load_menu.html HTTP/1.1" 200 5138
172.17.200.101 - - [04/Nov/2020:09:46:53 +0800] "GET /xingrg/all/function/internal_message.html?_=1604454411204&CODE_STATE=getMsg HTTP/1.1" 200 27
180.174.56.115 - - [04/Nov/2020:09:46:53 +0800] "GET /xingrg/kc/buy/cgsh_order_list.html HTTP/1.1" 200 44881
180.174.56.115 - - [04/Nov/2020:09:46:55 +0800] "POST /xingrg/kc/buy/cgsh_list_operate.html HTTP/1.1" 200 1688
58.40.7.146 - - [04/Nov/2020:09:46:56 +0800] "GET /xingrg/javascript/jquery_tools/images/prev.gif HTTP/1.1" 404 1086
58.40.7.146 - - [04/Nov/2020:09:46:56 +0800] "GET /xingrg/javascript/jquery_tools/images/next.gif HTTP/1.1" 404 1086
124.77.237.88 - - [04/Nov/2020:09:46:56 +0800] "GET /xingrg/kc/buy/cgsh_order_operate.html?command=get_materiel&rest_code=00107&code=00101008358&supplier_code=00100006&order_time=2020-11-04 HTTP/1.1" 200 412
180.174.56.115 - - [04/Nov/2020:09:46:57 +0800] "GET /xingrg/kc/buy/cgsh_order_add.html HTTP/1.1" 200 60537
180.174.56.115 - - [04/Nov/2020:09:46:57 +0800] "POST /xingrg/kc/buy/cgsh_order_operate.html HTTP/1.1" 200 8245
180.174.56.115 - - [04/Nov/2020:09:46:57 +0800] "GET /xingrg/javascript/easyui/themes/default/validatebox.css HTTP/1.1" 404 1104
114.84.37.38 - - [04/Nov/2020:09:46:58 +0800] "GET /xingrg/check_reg.html?_=1604454437398 HTTP/1.1" 200 22
180.174.56.115 - - [04/Nov/2020:09:46:59 +0800] "GET /xingrg/javascript/auto/indicator.gif HTTP/1.1" 404 1066
116.233.75.239 - - [04/Nov/2020:09:47:01 +0800] "GET /xingrg/kc/base/base_main.html HTTP/1.1" 200 12142
58.40.7.146 - - [04/Nov/2020:09:47:03 +0800] "GET /xingrg/javascript/auto/indicator.gif HTTP/1.1" 404 1066
58.40.7.146 - - [04/Nov/2020:09:47:04 +0800] "GET /xingrg/kc/base/wldb_order_operate.html?command=get_materiel&rest_code=00151&base_code=0010610&code=00101011005 HTTP/1.1" 200 432
180.174.56.115 - - [04/Nov/2020:09:47:07 +0800] "GET /xingrg/kc/buy/cgsh_order_operate.html?command=get_materiel&rest_code=00150&code=00102002321&supplier_code=00100071&order_time=2020-11-04 HTTP/1.1" 200 447
114.84.37.38 - - [04/Nov/2020:09:47:07 +0800] "GET /xingrg/all/function/internal_message.html?_=1604454446114&CODE_STATE=getMsg HTTP/1.1" 200 27
180.162.245.190 - - [04/Nov/2020:09:47:07 +0800] "GET /xingrg/check_reg.html?_=1604454409082 HTTP/1.1" 200 22
180.162.245.190 - - [04/Nov/2020:09:47:07 +0800] "GET /xingrg/all/function/internal_message.html?_=1604454409084&CODE_STATE=getMsg HTTP/1.1" 200 27
114.88.166.242 - - [04/Nov/2020:09:47:09 +0800] "GET /xingrg/all/function/internal_message.html?_=1604454527336&CODE_STATE=getMsg HTTP/1.1" 200 27
116.233.75.239 - - [04/Nov/2020:09:47:11 +0800] "GET /xingrg/kc/report/report_main.html HTTP/1.1" 200 7345
116.233.75.239 - - [04/Nov/2020:09:47:12 +0800] "GET /xingrg/all/report/report_query.html?fileName=kc/base/rk_by_base.xml&rh=9999 HTTP/1.1" 200 51953
116.233.75.239 - - [04/Nov/2020:09:47:12 +0800] "GET /xingrg/dwr/interface/AjaxReportQueryService.js HTTP/1.1" 200 13203
116.233.75.239 - - [04/Nov/2020:09:47:12 +0800] "GET /xingrg/dwr/engine.js HTTP/1.1" 200 43631
116.233.75.239 - - [04/Nov/2020:09:47:13 +0800] "POST /xingrg/dwr/call/plaincall/AjaxReportQueryService.getFixDate.dwr HTTP/1.1" 200 111
116.233.75.239 - - [04/Nov/2020:09:47:13 +0800] "POST /xingrg/all/common/load_tree.html?tree=materiel_sort_tree_json HTTP/1.1" 200 8666
116.233.75.239 - - [04/Nov/2020:09:47:13 +0800] "POST /xingrg/dwr/call/plaincall/AjaxReportQueryService.getInitString.dwr HTTP/1.1" 200 1014
180.174.56.115 - - [04/Nov/2020:09:47:14 +0800] "POST /xingrg/kc/buy/cgsh_order_operate.html HTTP/1.1" 200 37
180.174.56.115 - - [04/Nov/2020:09:47:16 +0800] "POST /xingrg/kc/buy/cgsh_order_operate.html HTTP/1.1" 200 6236
180.174.56.115 - - [04/Nov/2020:09:47:17 +0800] "GET /xingrg/kc/buy/cgsh_order_operate.html?command=get_materiel&rest_code=00150&code=00102002586&supplier_code=00100071&order_time=2020-11-04 HTTP/1.1" 200 439
58.221.95.50 - - [04/Nov/2020:09:47:18 +0800] "GET /xingrg/all/function/internal_message.html?_=1604454625659&CODE_STATE=getMsg HTTP/1.1" 200 27
58.221.95.50 - - [04/Nov/2020:09:47:18 +0800] "GET /xingrg/check_reg.html?_=1604454625662 HTTP/1.1" 200 22
58.40.7.146 - - [04/Nov/2020:09:47:19 +0800] "GET /xingrg/kc/base/wldb_order_operate.html?command=get_materiel&rest_code=00151&base_code=0010610&code=00101010415 HTTP/1.1" 200 441
124.77.237.88 - - [04/Nov/2020:09:47:21 +0800] "GET /xingrg/kc/buy/cgsh_order_operate.html?command=get_materiel&rest_code=00107&code=00101008224&supplier_code=00100006&order_time=2020-11-04 HTTP/1.1" 200 416
180.162.245.190 - - [04/Nov/2020:09:47:22 +0800] "GET /xingrg/all/function/internal_message.html?_=1604454444458&CODE_STATE=getMsg HTTP/1.1" 200 27
124.77.237.88 - - [04/Nov/2020:09:47:25 +0800] "POST /xingrg/kc/buy/cgsh_order_operate.html HTTP/1.1" 200 2065
124.77.237.88 - - [04/Nov/2020:09:47:25 +0800] "GET /xingrg/all/function/internal_message.html?_=1604454448154&CODE_STATE=getMsg HTTP/1.1" 200 27
180.157.253.48 - - [04/Nov/2020:09:47:28 +0800] "GET /xingrg/check_reg.html?_=1604454448924 HTTP/1.1" 200 22
180.157.253.48 - - [04/Nov/2020:09:47:28 +0800] "GET /xingrg/all/function/internal_message.html?_=1604454449270&CODE_STATE=getMsg HTTP/1.1" 200 27
180.174.56.115 - - [04/Nov/2020:09:47:29 +0800] "POST /xingrg/kc/buy/cgsh_order_operate.html HTTP/1.1" 200 37
180.174.56.115 - - [04/Nov/2020:09:47:31 +0800] "POST /xingrg/kc/buy/cgsh_order_operate.html HTTP/1.1" 200 12
180.174.56.115 - - [04/Nov/2020:09:47:31 +0800] "GET /xingrg/kc/buy/cgsh_order_info.html?code=212020110401264 HTTP/1.1" 200 55442
124.77.237.88 - - [04/Nov/2020:09:47:32 +0800] "GET /xingrg/kc/buy/cgsh_order_operate.html?command=get_materiel&rest_code=00107&code=00101008003&supplier_code=00100006&order_time=2020-11-04 HTTP/1.1" 200 408
180.174.56.115 - - [04/Nov/2020:09:47:32 +0800] "GET /xingrg/javascript/easyui/themes/default/validatebox.css HTTP/1.1" 404 1104
180.174.56.115 - - [04/Nov/2020:09:47:32 +0800] "POST /xingrg/kc/buy/cgsh_order_operate.html HTTP/1.1" 200 1234
180.174.56.115 - - [04/Nov/2020:09:47:33 +0800] "GET /xingrg/kc/print/load_data.html?order_code=212020110401264&kc_code=cgsh&condition= HTTP/1.1" 200 1015
58.40.7.146 - - [04/Nov/2020:09:47:34 +0800] "GET /xingrg/all/function/internal_message.html?_=1604454452538&CODE_STATE=getMsg HTTP/1.1" 200 27
58.40.7.146 - - [04/Nov/2020:09:47:34 +0800] "GET /xingrg/check_reg.html?_=1604454452540 HTTP/1.1" 200 22
180.174.56.115 - - [04/Nov/2020:09:47:34 +0800] "GET /xingrg/all/function/internal_message.html?_=1604454415053&CODE_STATE=getMsg HTTP/1.1" 200 27
222.69.139.194 - - [04/Nov/2020:09:47:35 +0800] "GET /xingrg/all/function/internal_message.html?_=1604454454654&CODE_STATE=getMsg HTTP/1.1" 200 27
180.161.96.95 - - [04/Nov/2020:09:47:36 +0800] "GET /xingrg/check_reg.html?_=1604454675900 HTTP/1.1" 200 22
180.161.96.95 - - [04/Nov/2020:09:47:36 +0800] "GET /xingrg/all/function/internal_message.html?_=1604454676289&CODE_STATE=getMsg HTTP/1.1" 200 27
117.131.5.26 - - [04/Nov/2020:09:47:37 +0800] "GET /xingrg/all/function/internal_message.html?_=1604454760922&CODE_STATE=getMsg HTTP/1.1" 302 -
117.131.5.26 - - [04/Nov/2020:09:47:37 +0800] "GET /xingrg/login.html HTTP/1.1" 200 7641
58.40.7.146 - - [04/Nov/2020:09:47:38 +0800] "GET /xingrg/kc/base/wldb_order_operate.html?command=get_materiel&rest_code=00151&base_code=0010610&code=00101037210 HTTP/1.1" 200 438
172.17.0.120 - - [04/Nov/2020:09:47:44 +0800] "GET /xingrg/all/function/internal_message.html?_=1604454462227&CODE_STATE=getMsg HTTP/1.1" 200 27
172.17.0.101 - - [04/Nov/2020:09:47:44 +0800] "GET /xingrg/all/function/internal_message.html?_=1604454461158&CODE_STATE=getMsg HTTP/1.1" 200 27
116.233.75.239 - - [04/Nov/2020:09:47:45 +0800] "GET /xingrg/index.html?sysBaseUrl=http%3A%2F%2F180.169.147.146%3A18081%2Fxingrg%2F&costTime=51×tamp=1604454391058 HTTP/1.1" 200 17173
116.233.75.239 - - [04/Nov/2020:09:47:45 +0800] "GET /xingrg/javascript/jquery_easy_ui/themes/default/easyui.css HTTP/1.1" 304 -
116.233.75.239 - - [04/Nov/2020:09:47:45 +0800] "GET /xingrg/css/form.css HTTP/1.1" 304 -
116.233.75.239 - - [04/Nov/2020:09:47:45 +0800] "GET /xingrg/javascript/jquery_easy_ui/themes/icon.css HTTP/1.1" 304 -
116.233.75.239 - - [04/Nov/2020:09:47:45 +0800] "GET /xingrg/javascript/jquery-1.4.2.min.js HTTP/1.1" 304 -
