120.253.135.82 - - [04/Nov/2020:09:35:39 +0800] "POST /xingrg/kc/pszx/mdps_order_operate.html HTTP/1.1" 200 2280
120.253.135.82 - - [04/Nov/2020:09:35:39 +0800] "GET /xingrg/javascript/easyui/themes/default/validatebox.css HTTP/1.1" 404 1104
120.253.135.82 - - [04/Nov/2020:09:35:42 +0800] "POST /xingrg/kc/pszx/mdps_order_operate.html HTTP/1.1" 200 37
120.253.135.82 - - [04/Nov/2020:09:35:43 +0800] "POST /xingrg/kc/pszx/mdps_order_operate.html HTTP/1.1" 200 12
120.253.135.82 - - [04/Nov/2020:09:35:43 +0800] "GET /xingrg/check_reg.html?_=1604453489354 HTTP/1.1" 200 22
172.17.0.120 - - [04/Nov/2020:09:35:44 +0800] "GET /xingrg/all/function/internal_message.html?_=1604453742228&CODE_STATE=getMsg HTTP/1.1" 200 27
172.17.0.101 - - [04/Nov/2020:09:35:44 +0800] "GET /xingrg/all/function/internal_message.html?_=1604453741161&CODE_STATE=getMsg HTTP/1.1" 200 27
222.69.139.194 - - [04/Nov/2020:09:35:45 +0800] "GET /xingrg/kc/buy/cgsh_order_operate.html?command=get_materiel&rest_code=00149&code=00102012036&supplier_code=00100198&order_time=2020-11-04 HTTP/1.1" 200 409
120.253.135.82 - - [04/Nov/2020:09:35:45 +0800] "GET /xingrg/kc/pszx/mdps_order_info.html?code=312020102900771 HTTP/1.1" 200 19553
120.253.135.82 - - [04/Nov/2020:09:35:46 +0800] "POST /xingrg/kc/pszx/mdps_order_operate.html HTTP/1.1" 200 501
120.253.135.82 - - [04/Nov/2020:09:35:46 +0800] "GET /xingrg/javascript/easyui/themes/default/validatebox.css HTTP/1.1" 404 1104
120.253.135.82 - - [04/Nov/2020:09:35:46 +0800] "POST /xingrg/kc/pszx/mdps_list_operate.html HTTP/1.1" 200 3179
120.253.135.82 - - [04/Nov/2020:09:35:48 +0800] "GET /xingrg/all/function/internal_message.html?_=1604453494237&CODE_STATE=getMsg HTTP/1.1" 200 27
172.17.200.101 - - [04/Nov/2020:09:35:53 +0800] "GET /xingrg/all/function/internal_message.html?_=1604453751191&CODE_STATE=getMsg HTTP/1.1" 200 27
116.233.75.239 - - [04/Nov/2020:09:35:55 +0800] "GET /xingrg/all/function/internal_message.html?_=1604453759161&CODE_STATE=getMsg HTTP/1.1" 200 27
120.253.135.82 - - [04/Nov/2020:09:35:55 +0800] "POST /xingrg/kc/pszx/mdps_list_operate.html HTTP/1.1" 200 515
222.69.139.194 - - [04/Nov/2020:09:35:56 +0800] "POST /xingrg/kc/buy/cgsh_order_operate.html HTTP/1.1" 200 37
120.253.135.82 - - [04/Nov/2020:09:35:56 +0800] "GET /xingrg/kc/pszx/mdps_order_info.html?code=312020110300083 HTTP/1.1" 200 23887
117.131.5.26 - - [04/Nov/2020:09:35:56 +0800] "POST /xingrg/services/DataTransmitService HTTP/1.1" 200 524
120.253.135.82 - - [04/Nov/2020:09:35:57 +0800] "POST /xingrg/kc/pszx/mdps_order_operate.html HTTP/1.1" 200 4235
120.253.135.82 - - [04/Nov/2020:09:35:57 +0800] "GET /xingrg/javascript/easyui/themes/default/validatebox.css HTTP/1.1" 404 1104
222.69.139.194 - - [04/Nov/2020:09:35:59 +0800] "POST /xingrg/kc/buy/cgsh_order_operate.html HTTP/1.1" 200 12
222.69.139.194 - - [04/Nov/2020:09:36:00 +0800] "GET /xingrg/kc/buy/cgsh_order_info.html?code=212020110401255 HTTP/1.1" 200 55569
222.69.139.194 - - [04/Nov/2020:09:36:00 +0800] "GET /xingrg/javascript/easyui/themes/default/validatebox.css HTTP/1.1" 404 1104
222.69.139.194 - - [04/Nov/2020:09:36:01 +0800] "POST /xingrg/kc/buy/cgsh_order_operate.html HTTP/1.1" 200 605
172.17.0.123 - - [04/Nov/2020:09:36:01 +0800] "GET /xingrg/check_reg.html?_=1604453716279 HTTP/1.1" 200 22
120.253.135.82 - - [04/Nov/2020:09:36:02 +0800] "POST /xingrg/kc/pszx/mdps_order_operate.html HTTP/1.1" 200 37
120.253.135.82 - - [04/Nov/2020:09:36:03 +0800] "POST /xingrg/kc/pszx/mdps_order_operate.html HTTP/1.1" 200 12
114.84.37.38 - - [04/Nov/2020:09:36:03 +0800] "GET /xingrg/all/function/internal_message.html?_=1604453782719&CODE_STATE=getMsg HTTP/1.1" 200 27
180.157.253.48 - - [04/Nov/2020:09:36:03 +0800] "GET /xingrg/kc/buy/cgsh_order_operate.html?command=get_materiel&rest_code=00148&code=00101006054&supplier_code=00100036&order_time=2020-11-04 HTTP/1.1" 200 416
116.233.75.239 - - [04/Nov/2020:09:36:05 +0800] "GET /xingrg/kc/buy/cgsh_order_operate.html?command=get_materiel&rest_code=00109&code=00102016352&supplier_code=00100212&order_time=2020-11-04 HTTP/1.1" 200 421
172.17.0.108 - - [04/Nov/2020:09:36:06 +0800] "GET /xingrg/check_reg.html?_=1604453765274 HTTP/1.1" 200 22
180.162.245.190 - - [04/Nov/2020:09:36:07 +0800] "GET /xingrg/all/function/internal_message.html?_=1604453749049&CODE_STATE=getMsg HTTP/1.1" 200 27
180.174.56.115 - - [04/Nov/2020:09:36:07 +0800] "GET /xingrg/all/function/internal_message.html?_=1604453765484&CODE_STATE=getMsg HTTP/1.1" 200 27
222.69.139.194 - - [04/Nov/2020:09:36:08 +0800] "GET /xingrg/kc/print/load_data.html?order_code=212020110401255&kc_code=cgsh&condition= HTTP/1.1" 200 699
114.88.166.242 - - [04/Nov/2020:09:36:09 +0800] "GET /xingrg/all/function/internal_message.html?_=1604453867326&CODE_STATE=getMsg HTTP/1.1" 200 27
222.69.139.194 - - [04/Nov/2020:09:36:11 +0800] "GET /xingrg/kc/buy/cgsh_order_add.html HTTP/1.1" 200 60666
222.69.139.194 - - [04/Nov/2020:09:36:12 +0800] "POST /xingrg/kc/buy/cgsh_order_operate.html HTTP/1.1" 200 8245
222.69.139.194 - - [04/Nov/2020:09:36:12 +0800] "GET /xingrg/javascript/easyui/themes/default/validatebox.css HTTP/1.1" 404 1104
120.253.135.82 - - [04/Nov/2020:09:36:14 +0800] "GET /xingrg/kc/pszx/mdps_order_info.html?code=312020110300083 HTTP/1.1" 200 19547
120.253.135.82 - - [04/Nov/2020:09:36:15 +0800] "POST /xingrg/kc/pszx/mdps_order_operate.html HTTP/1.1" 200 2440
120.253.135.82 - - [04/Nov/2020:09:36:15 +0800] "GET /xingrg/javascript/easyui/themes/default/validatebox.css HTTP/1.1" 404 1104
120.253.135.82 - - [04/Nov/2020:09:36:17 +0800] "POST /xingrg/kc/pszx/mdps_list_operate.html HTTP/1.1" 200 2807
58.221.95.50 - - [04/Nov/2020:09:36:18 +0800] "GET /xingrg/all/function/internal_message.html?_=1604453965659&CODE_STATE=getMsg HTTP/1.1" 200 27
180.162.245.190 - - [04/Nov/2020:09:36:22 +0800] "GET /xingrg/all/function/internal_message.html?_=1604453784457&CODE_STATE=getMsg HTTP/1.1" 200 27
124.77.237.88 - - [04/Nov/2020:09:36:25 +0800] "GET /xingrg/all/function/internal_message.html?_=1604453788262&CODE_STATE=getMsg HTTP/1.1" 200 27
180.157.253.48 - - [04/Nov/2020:09:36:27 +0800] "GET /xingrg/kc/buy/cgsh_order_operate.html?command=get_materiel&rest_code=00148&code=00101006044&supplier_code=00100036&order_time=2020-11-04 HTTP/1.1" 200 408
180.161.96.95 - - [04/Nov/2020:09:36:28 +0800] "GET /favicon.ico HTTP/1.1" 404 -
180.157.253.48 - - [04/Nov/2020:09:36:28 +0800] "GET /xingrg/all/function/internal_message.html?_=1604453788929&CODE_STATE=getMsg HTTP/1.1" 200 27
120.253.135.82 - - [04/Nov/2020:09:36:28 +0800] "POST /xingrg/kc/pszx/mdps_list_operate.html HTTP/1.1" 200 202
120.253.135.82 - - [04/Nov/2020:09:36:29 +0800] "GET /xingrg/kc/pszx/mdps_order_info.html?code=312020110300091 HTTP/1.1" 200 23885
120.253.135.82 - - [04/Nov/2020:09:36:29 +0800] "POST /xingrg/kc/pszx/mdps_order_operate.html HTTP/1.1" 200 2282
120.253.135.82 - - [04/Nov/2020:09:36:29 +0800] "GET /xingrg/javascript/easyui/themes/default/validatebox.css HTTP/1.1" 404 1104
222.69.139.194 - - [04/Nov/2020:09:36:31 +0800] "GET /xingrg/kc/buy/cgsh_order_operate.html?command=get_materiel&rest_code=00149&code=00101003035&supplier_code=00100039&order_time=2020-11-04 HTTP/1.1" 200 409
120.253.135.82 - - [04/Nov/2020:09:36:32 +0800] "POST /xingrg/kc/pszx/mdps_order_operate.html HTTP/1.1" 200 37
120.253.135.82 - - [04/Nov/2020:09:36:33 +0800] "POST /xingrg/kc/pszx/mdps_order_operate.html HTTP/1.1" 200 12
58.40.7.146 - - [04/Nov/2020:09:36:34 +0800] "GET /xingrg/all/function/internal_message.html?_=1604453792521&CODE_STATE=getMsg HTTP/1.1" 200 27
180.174.56.115 - - [04/Nov/2020:09:36:34 +0800] "GET /xingrg/all/function/internal_message.html?_=1604453754767&CODE_STATE=getMsg HTTP/1.1" 200 27
120.253.135.82 - - [04/Nov/2020:09:36:34 +0800] "GET /xingrg/kc/pszx/mdps_order_info.html?code=312020110300091 HTTP/1.1" 200 19545
120.253.135.82 - - [04/Nov/2020:09:36:35 +0800] "POST /xingrg/kc/pszx/mdps_order_operate.html HTTP/1.1" 200 503
120.253.135.82 - - [04/Nov/2020:09:36:35 +0800] "GET /xingrg/javascript/easyui/themes/default/validatebox.css HTTP/1.1" 404 1104
222.69.139.194 - - [04/Nov/2020:09:36:35 +0800] "GET /xingrg/all/function/internal_message.html?_=1604453794671&CODE_STATE=getMsg HTTP/1.1" 200 27
180.161.96.95 - - [04/Nov/2020:09:36:36 +0800] "GET /xingrg/all/function/internal_message.html?_=1604454016109&CODE_STATE=getMsg HTTP/1.1" 200 27
120.253.135.82 - - [04/Nov/2020:09:36:36 +0800] "POST /xingrg/kc/pszx/mdps_list_operate.html HTTP/1.1" 200 2438
117.131.5.26 - - [04/Nov/2020:09:36:37 +0800] "GET /xingrg/all/function/internal_message.html?_=1604454100530&CODE_STATE=getMsg HTTP/1.1" 302 -
117.131.5.26 - - [04/Nov/2020:09:36:37 +0800] "GET /xingrg/login.html HTTP/1.1" 200 7641
124.77.237.88 - - [04/Nov/2020:09:36:42 +0800] "GET /xingrg/javascript/auto/indicator.gif HTTP/1.1" 404 1066
172.17.0.120 - - [04/Nov/2020:09:36:44 +0800] "GET /xingrg/all/function/internal_message.html?_=1604453802218&CODE_STATE=getMsg HTTP/1.1" 200 27
172.17.0.101 - - [04/Nov/2020:09:36:44 +0800] "GET /xingrg/check_reg.html?_=1604453801163 HTTP/1.1" 200 22
172.17.0.101 - - [04/Nov/2020:09:36:44 +0800] "GET /xingrg/all/function/internal_message.html?_=1604453801161&CODE_STATE=getMsg HTTP/1.1" 200 27
120.253.135.82 - - [04/Nov/2020:09:36:46 +0800] "POST /xingrg/kc/pszx/mdps_list_operate.html HTTP/1.1" 200 202
124.77.237.88 - - [04/Nov/2020:09:36:47 +0800] "GET /xingrg/kc/buy/cgsh_order_operate.html?command=get_materiel&rest_code=00107&code=00101008247&supplier_code=00100006&order_time=2020-11-04 HTTP/1.1" 200 412
120.253.135.82 - - [04/Nov/2020:09:36:47 +0800] "GET /xingrg/kc/pszx/mdps_order_info.html?code=312020110300090 HTTP/1.1" 200 23887
120.253.135.82 - - [04/Nov/2020:09:36:47 +0800] "POST /xingrg/kc/pszx/mdps_order_operate.html HTTP/1.1" 200 2276
120.253.135.82 - - [04/Nov/2020:09:36:47 +0800] "GET /xingrg/javascript/easyui/themes/default/validatebox.css HTTP/1.1" 404 1104
120.253.135.82 - - [04/Nov/2020:09:36:48 +0800] "GET /xingrg/all/function/internal_message.html?_=1604453554251&CODE_STATE=getMsg HTTP/1.1" 200 27
120.253.135.82 - - [04/Nov/2020:09:36:50 +0800] "POST /xingrg/kc/pszx/mdps_order_operate.html HTTP/1.1" 200 37
222.69.139.194 - - [04/Nov/2020:09:36:51 +0800] "GET /xingrg/kc/buy/cgsh_order_operate.html?command=get_materiel&rest_code=00149&code=00101002027&supplier_code=00100039&order_time=2020-11-04 HTTP/1.1" 200 413
120.253.135.82 - - [04/Nov/2020:09:36:52 +0800] "POST /xingrg/kc/pszx/mdps_order_operate.html HTTP/1.1" 200 12
120.253.135.82 - - [04/Nov/2020:09:36:52 +0800] "GET /xingrg/kc/pszx/mdps_order_info.html?code=312020110300090 HTTP/1.1" 200 19547
172.17.200.101 - - [04/Nov/2020:09:36:53 +0800] "GET /xingrg/all/function/internal_message.html?_=1604453811194&CODE_STATE=getMsg HTTP/1.1" 200 27
120.253.135.82 - - [04/Nov/2020:09:36:53 +0800] "POST /xingrg/kc/pszx/mdps_order_operate.html HTTP/1.1" 200 497
120.253.135.82 - - [04/Nov/2020:09:36:53 +0800] "GET /xingrg/javascript/easyui/themes/default/validatebox.css HTTP/1.1" 404 1104
116.233.75.239 - - [04/Nov/2020:09:36:54 +0800] "GET /xingrg/kc/buy/cgsh_order_operate.html?command=get_materiel&rest_code=00109&code=00102002024&supplier_code=00100212&order_time=2020-11-04 HTTP/1.1" 200 424
120.253.135.82 - - [04/Nov/2020:09:36:54 +0800] "POST /xingrg/kc/pszx/mdps_list_operate.html HTTP/1.1" 200 2066
116.233.75.239 - - [04/Nov/2020:09:36:55 +0800] "GET /xingrg/all/function/internal_message.html?_=1604453819160&CODE_STATE=getMsg HTTP/1.1" 200 27
114.84.37.38 - - [04/Nov/2020:09:36:58 +0800] "GET /xingrg/check_reg.html?_=1604453836328 HTTP/1.1" 200 22
124.77.237.88 - - [04/Nov/2020:09:37:01 +0800] "GET /xingrg/kc/buy/cgsh_order_operate.html?command=get_materiel&rest_code=00107&code=00101008354&supplier_code=00100006&order_time=2020-11-04 HTTP/1.1" 200 412
120.253.135.82 - - [04/Nov/2020:09:37:02 +0800] "POST /xingrg/kc/pszx/mdps_list_operate.html HTTP/1.1" 200 602
120.253.135.82 - - [04/Nov/2020:09:37:03 +0800] "GET /xingrg/kc/pszx/mdps_order_info.html?code=312020110300082 HTTP/1.1" 200 23887
120.253.135.82 - - [04/Nov/2020:09:37:03 +0800] "POST /xingrg/kc/pszx/mdps_order_operate.html HTTP/1.1" 200 14821
120.253.135.82 - - [04/Nov/2020:09:37:03 +0800] "GET /xingrg/javascript/easyui/themes/default/validatebox.css HTTP/1.1" 404 1104
114.84.37.38 - - [04/Nov/2020:09:37:03 +0800] "GET /xingrg/all/function/internal_message.html?_=1604453842733&CODE_STATE=getMsg HTTP/1.1" 200 27
222.69.139.194 - - [04/Nov/2020:09:37:04 +0800] "GET /xingrg/kc/buy/cgsh_order_operate.html?command=get_materiel&rest_code=00149&code=00101001138&supplier_code=00100039&order_time=2020-11-04 HTTP/1.1" 200 415
180.162.245.190 - - [04/Nov/2020:09:37:07 +0800] "GET /xingrg/all/function/internal_message.html?_=1604453809049&CODE_STATE=getMsg HTTP/1.1" 200 27
180.162.245.190 - - [04/Nov/2020:09:37:07 +0800] "GET /xingrg/check_reg.html?_=1604453809052 HTTP/1.1" 200 22
180.174.56.115 - - [04/Nov/2020:09:37:07 +0800] "GET /xingrg/all/function/internal_message.html?_=1604453825511&CODE_STATE=getMsg HTTP/1.1" 200 27
116.233.75.239 - - [04/Nov/2020:09:37:09 +0800] "GET /xingrg/kc/buy/cgsh_order_operate.html?command=get_materiel&rest_code=00109&code=00102010188&supplier_code=00100212&order_time=2020-11-04 HTTP/1.1" 200 413
114.88.166.242 - - [04/Nov/2020:09:37:09 +0800] "GET /xingrg/all/function/internal_message.html?_=1604453927331&CODE_STATE=getMsg HTTP/1.1" 200 27
120.253.135.82 - - [04/Nov/2020:09:37:09 +0800] "POST /xingrg/kc/pszx/mdps_order_operate.html HTTP/1.1" 200 37
124.77.237.88 - - [04/Nov/2020:09:37:10 +0800] "GET /xingrg/kc/buy/cgsh_order_operate.html?command=get_materiel&rest_code=00107&code=00101008038&supplier_code=00100006&order_time=2020-11-04 HTTP/1.1" 200 413
120.253.135.82 - - [04/Nov/2020:09:37:11 +0800] "POST /xingrg/kc/pszx/mdps_order_operate.html HTTP/1.1" 200 12
120.253.135.82 - - [04/Nov/2020:09:37:17 +0800] "GET /xingrg/kc/pszx/mdps_order_info.html?code=312020110300082 HTTP/1.1" 200 19547
120.253.135.82 - - [04/Nov/2020:09:37:18 +0800] "POST /xingrg/kc/pszx/mdps_order_operate.html HTTP/1.1" 200 12950
120.253.135.82 - - [04/Nov/2020:09:37:18 +0800] "GET /xingrg/javascript/easyui/themes/default/validatebox.css HTTP/1.1" 404 1104
58.221.95.50 - - [04/Nov/2020:09:37:18 +0800] "GET /xingrg/all/function/internal_message.html?_=1604454025659&CODE_STATE=getMsg HTTP/1.1" 200 27
58.221.95.50 - - [04/Nov/2020:09:37:18 +0800] "GET /xingrg/check_reg.html?_=1604454025663 HTTP/1.1" 200 22
124.77.237.88 - - [04/Nov/2020:09:37:19 +0800] "GET /xingrg/kc/buy/cgsh_order_operate.html?command=get_materiel&rest_code=00107&code=00101008163&supplier_code=00100006&order_time=2020-11-04 HTTP/1.1" 200 409
222.69.139.194 - - [04/Nov/2020:09:37:19 +0800] "GET /xingrg/kc/buy/cgsh_order_operate.html?command=get_materiel&rest_code=00149&code=00101001010&supplier_code=00100039&order_time=2020-11-04 HTTP/1.1" 200 409
120.253.135.82 - - [04/Nov/2020:09:37:19 +0800] "POST /xingrg/kc/pszx/mdps_list_operate.html HTTP/1.1" 200 1692
116.233.75.239 - - [04/Nov/2020:09:37:22 +0800] "GET /xingrg/kc/buy/cgsh_order_operate.html?command=get_materiel&rest_code=00109&code=00102009706&supplier_code=00100212&order_time=2020-11-04 HTTP/1.1" 200 408
180.162.245.190 - - [04/Nov/2020:09:37:22 +0800] "GET /xingrg/all/function/internal_message.html?_=1604453844454&CODE_STATE=getMsg HTTP/1.1" 200 27
124.77.237.88 - - [04/Nov/2020:09:37:25 +0800] "GET /xingrg/all/function/internal_message.html?_=1604453848240&CODE_STATE=getMsg HTTP/1.1" 200 27
124.77.237.88 - - [04/Nov/2020:09:37:27 +0800] "GET /xingrg/kc/buy/cgsh_order_operate.html?command=get_materiel&rest_code=00107&code=00101008361&supplier_code=00100006&order_time=2020-11-04 HTTP/1.1" 200 408
180.157.253.48 - - [04/Nov/2020:09:37:28 +0800] "GET /xingrg/check_reg.html?_=1604453848886 HTTP/1.1" 200 22
180.157.253.48 - - [04/Nov/2020:09:37:28 +0800] "GET /xingrg/all/function/internal_message.html?_=1604453848930&CODE_STATE=getMsg HTTP/1.1" 200 27
120.253.135.82 - - [04/Nov/2020:09:37:29 +0800] "POST /xingrg/kc/pszx/mdps_list_operate.html HTTP/1.1" 200 614
222.69.139.194 - - [04/Nov/2020:09:37:30 +0800] "GET /xingrg/kc/buy/cgsh_order_operate.html?command=get_materiel&rest_code=00149&code=00101005037&supplier_code=00100039&order_time=2020-11-04 HTTP/1.1" 200 409
120.253.135.82 - - [04/Nov/2020:09:37:30 +0800] "GET /xingrg/kc/pszx/mdps_order_info.html?code=312020110300086 HTTP/1.1" 200 23887
120.253.135.82 - - [04/Nov/2020:09:37:30 +0800] "GET /xingrg/javascript/easyui/themes/default/validatebox.css HTTP/1.1" 404 1104
120.253.135.82 - - [04/Nov/2020:09:37:30 +0800] "POST /xingrg/kc/pszx/mdps_order_operate.html HTTP/1.1" 200 14869
116.233.75.239 - - [04/Nov/2020:09:37:33 +0800] "GET /xingrg/kc/buy/cgsh_order_operate.html?command=get_materiel&rest_code=00109&code=00102008043&supplier_code=00100212&order_time=2020-11-04 HTTP/1.1" 200 409
58.40.7.146 - - [04/Nov/2020:09:37:34 +0800] "GET /xingrg/all/function/internal_message.html?_=1604453852525&CODE_STATE=getMsg HTTP/1.1" 200 27
58.40.7.146 - - [04/Nov/2020:09:37:34 +0800] "GET /xingrg/check_reg.html?_=1604453852526 HTTP/1.1" 200 22
180.174.56.115 - - [04/Nov/2020:09:37:34 +0800] "GET /xingrg/all/function/internal_message.html?_=1604453814779&CODE_STATE=getMsg HTTP/1.1" 200 27
222.69.139.194 - - [04/Nov/2020:09:37:35 +0800] "GET /xingrg/all/function/internal_message.html?_=1604453854675&CODE_STATE=getMsg HTTP/1.1" 200 27
120.253.135.82 - - [04/Nov/2020:09:37:36 +0800] "POST /xingrg/kc/pszx/mdps_order_operate.html HTTP/1.1" 200 37
180.161.96.95 - - [04/Nov/2020:09:37:36 +0800] "GET /xingrg/check_reg.html?_=1604454075893 HTTP/1.1" 200 22
124.77.237.88 - - [04/Nov/2020:09:37:36 +0800] "GET /xingrg/kc/buy/cgsh_order_operate.html?command=get_materiel&rest_code=00107&code=00101008355&supplier_code=00100006&order_time=2020-11-04 HTTP/1.1" 200 408
180.161.96.95 - - [04/Nov/2020:09:37:36 +0800] "GET /xingrg/all/function/internal_message.html?_=1604454076123&CODE_STATE=getMsg HTTP/1.1" 200 27
117.131.5.26 - - [04/Nov/2020:09:37:37 +0800] "GET /xingrg/all/function/internal_message.html?_=1604454160556&CODE_STATE=getMsg HTTP/1.1" 302 -
117.131.5.26 - - [04/Nov/2020:09:37:37 +0800] "GET /xingrg/login.html HTTP/1.1" 200 7641
120.253.135.82 - - [04/Nov/2020:09:37:37 +0800] "POST /xingrg/kc/pszx/mdps_order_operate.html HTTP/1.1" 200 12
120.253.135.82 - - [04/Nov/2020:09:37:42 +0800] "GET /xingrg/kc/pszx/mdps_order_info.html?code=312020110300086 HTTP/1.1" 200 19547
120.253.135.82 - - [04/Nov/2020:09:37:42 +0800] "POST /xingrg/kc/pszx/mdps_order_operate.html HTTP/1.1" 200 12976
120.253.135.82 - - [04/Nov/2020:09:37:42 +0800] "GET /xingrg/javascript/easyui/themes/default/validatebox.css HTTP/1.1" 404 1104
172.17.0.120 - - [04/Nov/2020:09:37:44 +0800] "GET /xingrg/all/function/internal_message.html?_=1604453862222&CODE_STATE=getMsg HTTP/1.1" 200 27
172.17.0.101 - - [04/Nov/2020:09:37:44 +0800] "GET /xingrg/all/function/internal_message.html?_=1604453861163&CODE_STATE=getMsg HTTP/1.1" 200 27
120.253.135.82 - - [04/Nov/2020:09:37:44 +0800] "POST /xingrg/kc/pszx/mdps_list_operate.html HTTP/1.1" 200 868
116.233.75.239 - - [04/Nov/2020:09:37:47 +0800] "GET /xingrg/kc/buy/cgsh_order_operate.html?command=get_materiel&rest_code=00109&code=00102010308&supplier_code=00100212&order_time=2020-11-04 HTTP/1.1" 200 413
124.77.237.88 - - [04/Nov/2020:09:37:48 +0800] "GET /xingrg/kc/buy/cgsh_order_operate.html?command=get_materiel&rest_code=00107&code=00101008270&supplier_code=00100006&order_time=2020-11-04 HTTP/1.1" 200 412
120.253.135.82 - - [04/Nov/2020:09:37:48 +0800] "GET /xingrg/all/function/internal_message.html?_=1604453614264&CODE_STATE=getMsg HTTP/1.1" 200 27
172.17.200.101 - - [04/Nov/2020:09:37:53 +0800] "GET /xingrg/all/function/internal_message.html?_=1604453871196&CODE_STATE=getMsg HTTP/1.1" 200 27
116.233.75.239 - - [04/Nov/2020:09:37:55 +0800] "GET /xingrg/all/function/internal_message.html?_=1604453879163&CODE_STATE=getMsg HTTP/1.1" 200 27
116.233.75.239 - - [04/Nov/2020:09:37:56 +0800] "POST /xingrg/kc/buy/cgsh_order_operate.html HTTP/1.1" 200 37
116.233.75.239 - - [04/Nov/2020:09:37:57 +0800] "POST /xingrg/kc/buy/cgsh_order_operate.html HTTP/1.1" 200 5052
124.77.237.88 - - [04/Nov/2020:09:37:58 +0800] "GET /xingrg/kc/buy/cgsh_order_operate.html?command=get_materiel&rest_code=00107&code=00101008146&supplier_code=00100006&order_time=2020-11-04 HTTP/1.1" 200 416
116.233.75.239 - - [04/Nov/2020:09:37:58 +0800] "GET /xingrg/kc/print/load_config.html?kc_code=cgsh HTTP/1.1" 200 1845
116.233.75.239 - - [04/Nov/2020:09:37:58 +0800] "GET /xingrg/kc/print/load_data.html?order_code=212020110401256&kc_code=cgsh&condition= HTTP/1.1" 200 1575
180.157.253.48 - - [04/Nov/2020:09:38:01 +0800] "GET /xingrg/kc/buy/cgsh_order_operate.html?command=get_materiel&rest_code=00148&code=00101037025&supplier_code=00100036&order_time=2020-11-04 HTTP/1.1" 200 411
114.84.37.38 - - [04/Nov/2020:09:38:03 +0800] "GET /xingrg/all/function/internal_message.html?_=1604453902746&CODE_STATE=getMsg HTTP/1.1" 200 27
124.77.237.88 - - [04/Nov/2020:09:38:05 +0800] "GET /xingrg/kc/buy/cgsh_order_operate.html?command=get_materiel&rest_code=00107&code=00101008147&supplier_code=00100006&order_time=2020-11-04 HTTP/1.1" 200 416
180.162.245.190 - - [04/Nov/2020:09:38:07 +0800] "GET /xingrg/all/function/internal_message.html?_=1604453869052&CODE_STATE=getMsg HTTP/1.1" 200 27
180.174.56.115 - - [04/Nov/2020:09:38:07 +0800] "GET /xingrg/all/function/internal_message.html?_=1604453885505&CODE_STATE=getMsg HTTP/1.1" 200 27
114.88.166.242 - - [04/Nov/2020:09:38:09 +0800] "GET /xingrg/all/function/internal_message.html?_=1604453987330&CODE_STATE=getMsg HTTP/1.1" 200 27
116.233.75.239 - - [04/Nov/2020:09:38:11 +0800] "GET /xingrg/kc/buy/cgsh_order_add.html HTTP/1.1" 200 60660
116.233.75.239 - - [04/Nov/2020:09:38:11 +0800] "POST /xingrg/kc/buy/cgsh_order_operate.html HTTP/1.1" 200 8245
116.233.75.239 - - [04/Nov/2020:09:38:11 +0800] "GET /xingrg/all/common/auto_word.html?type=employee&rest_code=00109 HTTP/1.1" 200 255
116.233.75.239 - - [04/Nov/2020:09:38:11 +0800] "GET /xingrg/javascript/easyui/themes/default/validatebox.css HTTP/1.1" 404 1104
116.233.75.239 - - [04/Nov/2020:09:38:11 +0800] "GET /xingrg/all/common/auto_word.html?type=employee&rest_code=00109 HTTP/1.1" 200 255
58.221.95.50 - - [04/Nov/2020:09:38:13 +0800] "POST /xingrg/kc/base/wldb_list_operate.html HTTP/1.1" 200 6226
116.233.75.239 - - [04/Nov/2020:09:38:15 +0800] "GET /xingrg/javascript/jquery_tools/images/next.gif HTTP/1.1" 404 1086
116.233.75.239 - - [04/Nov/2020:09:38:15 +0800] "GET /xingrg/javascript/jquery_tools/images/prev.gif HTTP/1.1" 404 1086
58.221.95.50 - - [04/Nov/2020:09:38:17 +0800] "POST /xingrg/kc/base/wldb_list_operate.html HTTP/1.1" 200 603
180.157.253.48 - - [04/Nov/2020:09:38:17 +0800] "GET /xingrg/kc/buy/cgsh_order_operate.html?command=get_materiel&rest_code=00148&code=00101006048&supplier_code=00100036&order_time=2020-11-04 HTTP/1.1" 200 416
58.221.95.50 - - [04/Nov/2020:09:38:18 +0800] "GET /xingrg/all/function/internal_message.html?_=1604454085661&CODE_STATE=getMsg HTTP/1.1" 200 27
116.233.75.239 - - [04/Nov/2020:09:38:19 +0800] "GET /xingrg/kc/buy/cgsh_order_operate.html?command=get_materiel&rest_code=00109&code=00101031006&supplier_code=00100240&order_time=2020-11-04 HTTP/1.1" 200 417
124.77.237.88 - - [04/Nov/2020:09:38:22 +0800] "GET /xingrg/kc/buy/cgsh_order_operate.html?command=get_materiel&rest_code=00107&code=00101008357&supplier_code=00100006&order_time=2020-11-04 HTTP/1.1" 200 408
180.162.245.190 - - [04/Nov/2020:09:38:22 +0800] "GET /xingrg/all/function/internal_message.html?_=1604453904452&CODE_STATE=getMsg HTTP/1.1" 200 27
180.162.245.190 - - [04/Nov/2020:09:38:22 +0800] "GET /xingrg/check_reg.html?_=1604453904454 HTTP/1.1" 200 22
124.77.237.88 - - [04/Nov/2020:09:38:25 +0800] "GET /xingrg/all/function/internal_message.html?_=1604453908230&CODE_STATE=getMsg HTTP/1.1" 200 27
180.157.253.48 - - [04/Nov/2020:09:38:28 +0800] "GET /xingrg/all/function/internal_message.html?_=1604453908920&CODE_STATE=getMsg HTTP/1.1" 200 27
116.233.75.239 - - [04/Nov/2020:09:38:29 +0800] "POST /xingrg/kc/buy/cgsh_order_operate.html HTTP/1.1" 200 37
124.77.237.88 - - [04/Nov/2020:09:38:29 +0800] "GET /xingrg/kc/buy/cgsh_order_operate.html?command=get_materiel&rest_code=00107&code=00101008230&supplier_code=00100006&order_time=2020-11-04 HTTP/1.1" 200 408
116.233.75.239 - - [04/Nov/2020:09:38:30 +0800] "POST /xingrg/kc/buy/cgsh_order_operate.html HTTP/1.1" 200 2661
58.40.7.146 - - [04/Nov/2020:09:38:34 +0800] "GET /xingrg/all/function/internal_message.html?_=1604453912528&CODE_STATE=getMsg HTTP/1.1" 200 27
180.174.56.115 - - [04/Nov/2020:09:38:34 +0800] "GET /xingrg/all/function/internal_message.html?_=1604453874819&CODE_STATE=getMsg HTTP/1.1" 200 27
222.69.139.194 - - [04/Nov/2020:09:38:34 +0800] "POST /xingrg/kc/buy/cgsh_order_operate.html HTTP/1.1" 200 37
117.131.5.26 - - [04/Nov/2020:09:38:35 +0800] "GET /xingrg/check_reg.html?_=1604454218465 HTTP/1.1" 302 -
117.131.5.26 - - [04/Nov/2020:09:38:35 +0800] "GET /xingrg/login.html HTTP/1.1" 200 7641
222.69.139.194 - - [04/Nov/2020:09:38:35 +0800] "GET /xingrg/all/function/internal_message.html?_=1604453914685&CODE_STATE=getMsg HTTP/1.1" 200 27
180.161.96.95 - - [04/Nov/2020:09:38:36 +0800] "GET /xingrg/all/function/internal_message.html?_=1604454136137&CODE_STATE=getMsg HTTP/1.1" 200 27
222.69.139.194 - - [04/Nov/2020:09:38:37 +0800] "POST /xingrg/kc/buy/cgsh_order_operate.html HTTP/1.1" 200 12
117.131.5.26 - - [04/Nov/2020:09:38:37 +0800] "GET /xingrg/all/function/internal_message.html?_=1604454220564&CODE_STATE=getMsg HTTP/1.1" 302 -
117.131.5.26 - - [04/Nov/2020:09:38:37 +0800] "GET /xingrg/login.html HTTP/1.1" 200 7641
124.77.237.88 - - [04/Nov/2020:09:38:39 +0800] "GET /xingrg/kc/buy/cgsh_order_operate.html?command=get_materiel&rest_code=00107&code=00101008286&supplier_code=00100006&order_time=2020-11-04 HTTP/1.1" 200 408
222.69.139.194 - - [04/Nov/2020:09:38:40 +0800] "GET /xingrg/kc/buy/cgsh_order_info.html?code=212020110401258 HTTP/1.1" 200 55569
222.69.139.194 - - [04/Nov/2020:09:38:40 +0800] "GET /xingrg/javascript/easyui/themes/default/validatebox.css HTTP/1.1" 404 1104
222.69.139.194 - - [04/Nov/2020:09:38:41 +0800] "POST /xingrg/kc/buy/cgsh_order_operate.html HTTP/1.1" 200 2979
180.157.253.48 - - [04/Nov/2020:09:38:43 +0800] "GET /xingrg/kc/buy/cgsh_order_operate.html?command=get_materiel&rest_code=00148&code=00101006046&supplier_code=00100036&order_time=2020-11-04 HTTP/1.1" 200 412
58.221.95.50 - - [04/Nov/2020:09:38:44 +0800] "POST /xingrg/kc/base/wldb_list_operate.html HTTP/1.1" 200 627
222.69.139.194 - - [04/Nov/2020:09:38:44 +0800] "GET /xingrg/kc/print/load_data.html?order_code=212020110401258&kc_code=cgsh&condition= HTTP/1.1" 200 1634
172.17.0.120 - - [04/Nov/2020:09:38:44 +0800] "GET /xingrg/all/function/internal_message.html?_=1604453922226&CODE_STATE=getMsg HTTP/1.1" 200 27
172.17.0.101 - - [04/Nov/2020:09:38:44 +0800] "GET /xingrg/all/function/internal_message.html?_=1604453921163&CODE_STATE=getMsg HTTP/1.1" 200 27
120.253.135.82 - - [04/Nov/2020:09:38:48 +0800] "GET /xingrg/all/function/internal_message.html?_=1604453674326&CODE_STATE=getMsg HTTP/1.1" 200 27
172.17.200.101 - - [04/Nov/2020:09:38:53 +0800] "GET /xingrg/all/function/internal_message.html?_=1604453931196&CODE_STATE=getMsg HTTP/1.1" 200 27
116.233.75.239 - - [04/Nov/2020:09:38:55 +0800] "GET /xingrg/check_reg.html?_=1604453939166 HTTP/1.1" 200 22
116.233.75.239 - - [04/Nov/2020:09:38:55 +0800] "GET /xingrg/all/function/internal_message.html?_=1604453939165&CODE_STATE=getMsg HTTP/1.1" 200 27
58.221.95.50 - - [04/Nov/2020:09:38:58 +0800] "POST /xingrg/kc/base/wldb_list_operate.html HTTP/1.1" 200 614
180.157.253.48 - - [04/Nov/2020:09:39:01 +0800] "GET /xingrg/kc/buy/cgsh_order_operate.html?command=get_materiel&rest_code=00148&code=00101037235&supplier_code=00100036&order_time=2020-11-04 HTTP/1.1" 200 399
114.84.37.38 - - [04/Nov/2020:09:39:04 +0800] "GET /xingrg/all/function/internal_message.html?_=1604453963426&CODE_STATE=getMsg HTTP/1.1" 200 27
180.162.245.190 - - [04/Nov/2020:09:39:07 +0800] "GET /xingrg/all/function/internal_message.html?_=1604453929052&CODE_STATE=getMsg HTTP/1.1" 200 27
180.174.56.115 - - [04/Nov/2020:09:39:07 +0800] "GET /xingrg/all/function/internal_message.html?_=1604453945511&CODE_STATE=getMsg HTTP/1.1" 200 27
114.88.166.242 - - [04/Nov/2020:09:39:09 +0800] "GET /xingrg/check_reg.html?_=1604454047329 HTTP/1.1" 200 22
114.88.166.242 - - [04/Nov/2020:09:39:09 +0800] "GET /xingrg/all/function/internal_message.html?_=1604454047330&CODE_STATE=getMsg HTTP/1.1" 200 27
116.233.75.239 - - [04/Nov/2020:09:39:10 +0800] "POST /xingrg/kc/buy/cgsh_order_operate.html HTTP/1.1" 200 37
116.233.75.239 - - [04/Nov/2020:09:39:11 +0800] "POST /xingrg/kc/buy/cgsh_order_operate.html HTTP/1.1" 200 2661
116.233.75.239 - - [04/Nov/2020:09:39:13 +0800] "GET /xingrg/kc/print/load_config.html?kc_code=cgsh HTTP/1.1" 200 1845
116.233.75.239 - - [04/Nov/2020:09:39:14 +0800] "GET /xingrg/kc/print/load_data.html?order_code=212020110401257&kc_code=cgsh&condition= HTTP/1.1" 200 664
58.221.95.50 - - [04/Nov/2020:09:39:17 +0800] "POST /xingrg/kc/base/wldb_list_operate.html HTTP/1.1" 200 626
58.221.95.50 - - [04/Nov/2020:09:39:18 +0800] "GET /xingrg/all/function/internal_message.html?_=1604454145660&CODE_STATE=getMsg HTTP/1.1" 200 27
180.162.245.190 - - [04/Nov/2020:09:39:22 +0800] "GET /xingrg/all/function/internal_message.html?_=1604453964451&CODE_STATE=getMsg HTTP/1.1" 200 27
124.77.237.88 - - [04/Nov/2020:09:39:25 +0800] "GET /xingrg/all/function/internal_message.html?_=1604453968213&CODE_STATE=getMsg HTTP/1.1" 200 27
222.69.139.194 - - [04/Nov/2020:09:39:28 +0800] "GET /xingrg/kc/buy/cgsh_order_add.html HTTP/1.1" 200 60666
180.157.253.48 - - [04/Nov/2020:09:39:28 +0800] "GET /xingrg/all/function/internal_message.html?_=1604453968896&CODE_STATE=getMsg HTTP/1.1" 200 27
222.69.139.194 - - [04/Nov/2020:09:39:28 +0800] "POST /xingrg/kc/buy/cgsh_order_operate.html HTTP/1.1" 200 8245
222.69.139.194 - - [04/Nov/2020:09:39:28 +0800] "GET /xingrg/javascript/easyui/themes/default/validatebox.css HTTP/1.1" 404 1104
58.40.7.146 - - [04/Nov/2020:09:39:34 +0800] "GET /xingrg/all/function/internal_message.html?_=1604453972516&CODE_STATE=getMsg HTTP/1.1" 200 27
180.174.56.115 - - [04/Nov/2020:09:39:34 +0800] "GET /xingrg/all/function/internal_message.html?_=1604453934854&CODE_STATE=getMsg HTTP/1.1" 200 27
222.69.139.194 - - [04/Nov/2020:09:39:35 +0800] "GET /xingrg/all/function/internal_message.html?_=1604453974684&CODE_STATE=getMsg HTTP/1.1" 200 27
180.161.96.95 - - [04/Nov/2020:09:39:36 +0800] "GET /xingrg/all/function/internal_message.html?_=1604454196149&CODE_STATE=getMsg HTTP/1.1" 200 27
117.131.5.26 - - [04/Nov/2020:09:39:37 +0800] "GET /xingrg/all/function/internal_message.html?_=1604454280634&CODE_STATE=getMsg HTTP/1.1" 302 -
117.131.5.26 - - [04/Nov/2020:09:39:37 +0800] "GET /xingrg/login.html HTTP/1.1" 200 7641
172.17.0.120 - - [04/Nov/2020:09:39:44 +0800] "GET /xingrg/check_reg.html?_=1604453982216 HTTP/1.1" 200 22
172.17.0.120 - - [04/Nov/2020:09:39:44 +0800] "GET /xingrg/all/function/internal_message.html?_=1604453982219&CODE_STATE=getMsg HTTP/1.1" 200 27
172.17.0.101 - - [04/Nov/2020:09:39:44 +0800] "GET /xingrg/all/function/internal_message.html?_=1604453981173&CODE_STATE=getMsg HTTP/1.1" 200 27
58.221.95.50 - - [04/Nov/2020:09:39:47 +0800] "GET /xingrg/javascript/easyui/plugins/jquery.draggable.js HTTP/1.1" 200 6121
58.221.95.50 - - [04/Nov/2020:09:39:47 +0800] "GET /xingrg/css/images/panel_loading.gif HTTP/1.1" 200 1737
58.221.95.50 - - [04/Nov/2020:09:39:47 +0800] "GET /xingrg/javascript/easyui/plugins/jquery.droppable.js HTTP/1.1" 200 1167
58.221.95.50 - - [04/Nov/2020:09:39:47 +0800] "GET /xingrg/javascript/easyui/themes/default/tree.css HTTP/1.1" 404 1090
58.221.95.50 - - [04/Nov/2020:09:39:47 +0800] "GET /xingrg/javascript/easyui/plugins/jquery.tree.js HTTP/1.1" 200 20874
58.221.95.50 - - [04/Nov/2020:09:39:48 +0800] "POST /xingrg/all/common/load_tree.html?tree=rest_base_tree_json HTTP/1.1" 200 71366
120.253.135.82 - - [04/Nov/2020:09:39:48 +0800] "GET /xingrg/all/function/internal_message.html?_=1604453734338&CODE_STATE=getMsg HTTP/1.1" 200 27
58.221.95.50 - - [04/Nov/2020:09:39:50 +0800] "GET /xingrg/javascript/easyui/themes/default/images/tree_file.gif HTTP/1.1" 200 118
58.221.95.50 - - [04/Nov/2020:09:39:50 +0800] "GET /xingrg/javascript/easyui/themes/icons/rest.png HTTP/1.1" 200 695
58.221.95.50 - - [04/Nov/2020:09:39:50 +0800] "GET /xingrg/javascript/easyui/themes/icons/areas.png HTTP/1.1" 200 720
58.221.95.50 - - [04/Nov/2020:09:39:50 +0800] "GET /xingrg/javascript/easyui/themes/default/images/tree_checkbox_0.gif HTTP/1.1" 200 168
58.221.95.50 - - [04/Nov/2020:09:39:50 +0800] "GET /xingrg/javascript/easyui/themes/default/images/tree_arrows.gif HTTP/1.1" 200 617
58.221.95.50 - - [04/Nov/2020:09:39:50 +0800] "GET /xingrg/javascript/easyui/themes/default/images/tree_folder_open.gif HTTP/1.1" 200 956
172.17.200.101 - - [04/Nov/2020:09:39:53 +0800] "GET /xingrg/check_reg.html?_=1604453991202 HTTP/1.1" 200 22
172.17.200.101 - - [04/Nov/2020:09:39:53 +0800] "GET /xingrg/all/function/internal_message.html?_=1604453991198&CODE_STATE=getMsg HTTP/1.1" 200 27
58.221.95.50 - - [04/Nov/2020:09:39:55 +0800] "POST /xingrg/all/common/load_tree.html?tree=employee_tree_json HTTP/1.1" 200 23448
116.233.75.239 - - [04/Nov/2020:09:39:55 +0800] "GET /xingrg/all/function/internal_message.html?_=1604453999169&CODE_STATE=getMsg HTTP/1.1" 200 27
58.221.95.50 - - [04/Nov/2020:09:39:56 +0800] "GET /xingrg/javascript/easyui/themes/icons/accept_new.png HTTP/1.1" 200 722
114.84.37.38 - - [04/Nov/2020:09:40:04 +0800] "GET /xingrg/all/function/internal_message.html?_=1604454023429&CODE_STATE=getMsg HTTP/1.1" 200 27
180.174.56.115 - - [04/Nov/2020:09:40:04 +0800] "GET /xingrg/kc/buy/cgsh_order_operate.html?command=get_materiel&rest_code=00151&code=00101008024&supplier_code=00100007&order_time=2020-11-04 HTTP/1.1" 200 408
58.221.95.50 - - [04/Nov/2020:09:40:07 +0800] "POST /xingrg/kc/base/wldb_list_operate.html HTTP/1.1" 200 6226
180.162.245.190 - - [04/Nov/2020:09:40:07 +0800] "GET /xingrg/all/function/internal_message.html?_=1604453989052&CODE_STATE=getMsg HTTP/1.1" 200 27
180.174.56.115 - - [04/Nov/2020:09:40:07 +0800] "GET /xingrg/check_reg.html?_=1604454005511 HTTP/1.1" 200 22
180.174.56.115 - - [04/Nov/2020:09:40:07 +0800] "GET /xingrg/all/function/internal_message.html?_=1604454005515&CODE_STATE=getMsg HTTP/1.1" 200 27
114.88.166.242 - - [04/Nov/2020:09:40:09 +0800] "GET /xingrg/all/function/internal_message.html?_=1604454107328&CODE_STATE=getMsg HTTP/1.1" 200 27
180.157.253.48 - - [04/Nov/2020:09:40:11 +0800] "GET /xingrg/kc/buy/cgsh_order_operate.html?command=get_materiel&rest_code=00148&code=00101006026&supplier_code=00100036&order_time=2020-11-04 HTTP/1.1" 200 409
58.221.95.50 - - [04/Nov/2020:09:40:12 +0800] "POST /xingrg/kc/base/wldb_list_operate.html HTTP/1.1" 200 513
116.233.75.239 - - [04/Nov/2020:09:40:14 +0800] "POST /xingrg/kc/buy/cgsh_order_operate.html HTTP/1.1" 200 37
114.88.166.242 - - [04/Nov/2020:09:40:15 +0800] "POST /xingrg/services/DataTransmitService HTTP/1.1" 200 524
116.233.75.239 - - [04/Nov/2020:09:40:15 +0800] "POST /xingrg/kc/buy/cgsh_order_operate.html HTTP/1.1" 200 2661
222.69.139.194 - - [04/Nov/2020:09:40:17 +0800] "GET /xingrg/kc/buy/cgsh_order_operate.html?command=get_materiel&rest_code=00149&code=00101004061&supplier_code=00100083&order_time=2020-11-04 HTTP/1.1" 200 409
58.221.95.50 - - [04/Nov/2020:09:40:18 +0800] "GET /xingrg/all/function/internal_message.html?_=1604454205658&CODE_STATE=getMsg HTTP/1.1" 200 27
116.233.75.239 - - [04/Nov/2020:09:40:19 +0800] "GET /xingrg/kc/print/load_config.html?kc_code=cgsh HTTP/1.1" 200 1845
116.233.75.239 - - [04/Nov/2020:09:40:19 +0800] "GET /xingrg/kc/print/load_data.html?order_code=212020110401257&kc_code=cgsh&condition= HTTP/1.1" 200 664
58.221.95.50 - - [04/Nov/2020:09:40:19 +0800] "POST /xingrg/kc/base/wldb_list_operate.html HTTP/1.1" 200 614
180.174.56.115 - - [04/Nov/2020:09:40:20 +0800] "GET /xingrg/kc/buy/cgsh_order_operate.html?command=get_materiel&rest_code=00151&code=00101016051&supplier_code=00100007&order_time=2020-11-04 HTTP/1.1" 200 408
58.221.95.50 - - [04/Nov/2020:09:40:21 +0800] "GET /xingrg/kc/base/wldb_order_info.html?code=422020102603116 HTTP/1.1" 200 26474
58.221.95.50 - - [04/Nov/2020:09:40:22 +0800] "GET /xingrg/javascript/easyui/themes/default/validatebox.css HTTP/1.1" 404 1104
58.221.95.50 - - [04/Nov/2020:09:40:22 +0800] "POST /xingrg/kc/base/wldb_order_operate.html HTTP/1.1" 200 9031
180.162.245.190 - - [04/Nov/2020:09:40:22 +0800] "GET /xingrg/all/function/internal_message.html?_=1604454024466&CODE_STATE=getMsg HTTP/1.1" 200 27
124.77.237.88 - - [04/Nov/2020:09:40:24 +0800] "GET /xingrg/check_reg.html?_=1604454026566 HTTP/1.1" 200 22
222.69.139.194 - - [04/Nov/2020:09:40:24 +0800] "GET /xingrg/kc/buy/cgsh_order_operate.html?command=get_materiel&rest_code=00149&code=00101004048&supplier_code=00100083&order_time=2020-11-04 HTTP/1.1" 200 417
124.77.237.88 - - [04/Nov/2020:09:40:25 +0800] "GET /xingrg/all/function/internal_message.html?_=1604454028188&CODE_STATE=getMsg HTTP/1.1" 200 27
180.157.253.48 - - [04/Nov/2020:09:40:28 +0800] "GET /xingrg/all/function/internal_message.html?_=1604454028893&CODE_STATE=getMsg HTTP/1.1" 200 27
180.174.56.115 - - [04/Nov/2020:09:40:30 +0800] "GET /xingrg/kc/buy/cgsh_order_operate.html?command=get_materiel&rest_code=00151&code=00101008300&supplier_code=00100007&order_time=2020-11-04 HTTP/1.1" 200 412
58.40.7.146 - - [04/Nov/2020:09:40:34 +0800] "GET /xingrg/all/function/internal_message.html?_=1604454032518&CODE_STATE=getMsg HTTP/1.1" 200 27
180.174.56.115 - - [04/Nov/2020:09:40:34 +0800] "GET /xingrg/check_reg.html?_=1604453994400 HTTP/1.1" 200 22
180.174.56.115 - - [04/Nov/2020:09:40:34 +0800] "GET /xingrg/all/function/internal_message.html?_=1604453994867&CODE_STATE=getMsg HTTP/1.1" 200 27
222.69.139.194 - - [04/Nov/2020:09:40:35 +0800] "GET /xingrg/all/function/internal_message.html?_=1604454034694&CODE_STATE=getMsg HTTP/1.1" 200 27
222.69.139.194 - - [04/Nov/2020:09:40:35 +0800] "GET /xingrg/check_reg.html?_=1604454034686 HTTP/1.1" 200 22
222.69.139.194 - - [04/Nov/2020:09:40:36 +0800] "GET /xingrg/kc/buy/cgsh_order_operate.html?command=get_materiel&rest_code=00149&code=00101004013&supplier_code=00100083&order_time=2020-11-04 HTTP/1.1" 200 415
180.161.96.95 - - [04/Nov/2020:09:40:36 +0800] "GET /xingrg/all/function/internal_message.html?_=1604454256165&CODE_STATE=getMsg HTTP/1.1" 200 27
117.131.5.26 - - [04/Nov/2020:09:40:37 +0800] "GET /xingrg/all/function/internal_message.html?_=1604454340661&CODE_STATE=getMsg HTTP/1.1" 302 -
117.131.5.26 - - [04/Nov/2020:09:40:37 +0800] "GET /xingrg/login.html HTTP/1.1" 200 7641
114.84.37.38 - - [04/Nov/2020:09:40:38 +0800] "GET /xingrg/check_reg.html?_=1604454030708 HTTP/1.1" 200 22
180.174.56.115 - - [04/Nov/2020:09:40:40 +0800] "GET /xingrg/kc/buy/cgsh_order_operate.html?command=get_materiel&rest_code=00151&code=00101008349&supplier_code=00100007&order_time=2020-11-04 HTTP/1.1" 200 412
222.69.139.194 - - [04/Nov/2020:09:40:43 +0800] "GET /xingrg/kc/buy/cgsh_order_operate.html?command=get_materiel&rest_code=00149&code=00101004090&supplier_code=00100083&order_time=2020-11-04 HTTP/1.1" 200 411
120.253.135.82 - - [04/Nov/2020:09:40:43 +0800] "GET /xingrg/check_reg.html?_=1604453789398 HTTP/1.1" 200 22
172.17.0.120 - - [04/Nov/2020:09:40:44 +0800] "GET /xingrg/all/function/internal_message.html?_=1604454042223&CODE_STATE=getMsg HTTP/1.1" 200 27
172.17.0.101 - - [04/Nov/2020:09:40:44 +0800] "GET /xingrg/all/function/internal_message.html?_=1604454041157&CODE_STATE=getMsg HTTP/1.1" 200 27
58.221.95.50 - - [04/Nov/2020:09:40:47 +0800] "POST /xingrg/kc/base/wldb_list_operate.html HTTP/1.1" 200 626
120.253.135.82 - - [04/Nov/2020:09:40:48 +0800] "GET /xingrg/all/function/internal_message.html?_=1604453794351&CODE_STATE=getMsg HTTP/1.1" 200 27
58.221.95.50 - - [04/Nov/2020:09:40:48 +0800] "GET /xingrg/kc/base/wldb_order_info.html?code=422020102603101 HTTP/1.1" 200 26474
180.174.56.115 - - [04/Nov/2020:09:40:48 +0800] "GET /xingrg/kc/buy/cgsh_order_operate.html?command=get_materiel&rest_code=00151&code=00101008207&supplier_code=00100007&order_time=2020-11-04 HTTP/1.1" 200 408
58.221.95.50 - - [04/Nov/2020:09:40:49 +0800] "GET /xingrg/javascript/easyui/themes/default/validatebox.css HTTP/1.1" 404 1104
58.221.95.50 - - [04/Nov/2020:09:40:49 +0800] "POST /xingrg/kc/base/wldb_order_operate.html HTTP/1.1" 200 8510
222.69.139.194 - - [04/Nov/2020:09:40:52 +0800] "POST /xingrg/kc/buy/cgsh_order_operate.html HTTP/1.1" 200 37
172.17.200.101 - - [04/Nov/2020:09:40:53 +0800] "GET /xingrg/all/function/internal_message.html?_=1604454051188&CODE_STATE=getMsg HTTP/1.1" 200 27
116.233.75.239 - - [04/Nov/2020:09:40:55 +0800] "GET /xingrg/all/function/internal_message.html?_=1604454059171&CODE_STATE=getMsg HTTP/1.1" 200 27
180.174.56.115 - - [04/Nov/2020:09:40:55 +0800] "POST /xingrg/kc/buy/cgsh_order_operate.html HTTP/1.1" 200 37
180.174.56.115 - - [04/Nov/2020:09:40:56 +0800] "POST /xingrg/kc/buy/cgsh_order_operate.html HTTP/1.1" 200 32560
222.69.139.194 - - [04/Nov/2020:09:41:03 +0800] "POST /xingrg/kc/buy/cgsh_order_operate.html HTTP/1.1" 200 12
222.69.139.194 - - [04/Nov/2020:09:41:05 +0800] "GET /xingrg/kc/buy/cgsh_order_info.html?code=212020110401259 HTTP/1.1" 200 55567
114.84.37.38 - - [04/Nov/2020:09:41:05 +0800] "GET /xingrg/all/function/internal_message.html?_=1604454084125&CODE_STATE=getMsg HTTP/1.1" 200 27
222.69.139.194 - - [04/Nov/2020:09:41:05 +0800] "GET /xingrg/javascript/easyui/themes/default/validatebox.css HTTP/1.1" 404 1104
222.69.139.194 - - [04/Nov/2020:09:41:05 +0800] "POST /xingrg/kc/buy/cgsh_order_operate.html HTTP/1.1" 200 2392
172.17.0.108 - - [04/Nov/2020:09:41:06 +0800] "GET /xingrg/check_reg.html?_=1604454065245 HTTP/1.1" 200 22
180.162.245.190 - - [04/Nov/2020:09:41:07 +0800] "GET /xingrg/all/function/internal_message.html?_=1604454049046&CODE_STATE=getMsg HTTP/1.1" 200 27
180.174.56.115 - - [04/Nov/2020:09:41:07 +0800] "GET /xingrg/all/function/internal_message.html?_=1604454065520&CODE_STATE=getMsg HTTP/1.1" 200 27
114.88.166.242 - - [04/Nov/2020:09:41:09 +0800] "GET /xingrg/all/function/internal_message.html?_=1604454167327&CODE_STATE=getMsg HTTP/1.1" 200 27
222.69.139.194 - - [04/Nov/2020:09:41:09 +0800] "GET /xingrg/kc/print/load_data.html?order_code=212020110401259&kc_code=cgsh&condition= HTTP/1.1" 200 1401
58.221.95.50 - - [04/Nov/2020:09:41:18 +0800] "GET /xingrg/all/function/internal_message.html?_=1604454265668&CODE_STATE=getMsg HTTP/1.1" 200 27
180.157.253.48 - - [04/Nov/2020:09:41:21 +0800] "GET /xingrg/kc/buy/cgsh_order_operate.html?command=get_materiel&rest_code=00148&code=00101012051&supplier_code=00100036&order_time=2020-11-04 HTTP/1.1" 200 408
180.162.245.190 - - [04/Nov/2020:09:41:22 +0800] "GET /xingrg/all/function/internal_message.html?_=1604454084465&CODE_STATE=getMsg HTTP/1.1" 200 27
124.77.237.88 - - [04/Nov/2020:09:41:25 +0800] "GET /xingrg/all/function/internal_message.html?_=1604454088174&CODE_STATE=getMsg HTTP/1.1" 200 27
180.157.253.48 - - [04/Nov/2020:09:41:28 +0800] "GET /xingrg/all/function/internal_message.html?_=1604454088956&CODE_STATE=getMsg HTTP/1.1" 200 27
58.40.7.146 - - [04/Nov/2020:09:41:34 +0800] "GET /xingrg/all/function/internal_message.html?_=1604454092522&CODE_STATE=getMsg HTTP/1.1" 200 27
180.174.56.115 - - [04/Nov/2020:09:41:34 +0800] "GET /xingrg/all/function/internal_message.html?_=1604454054881&CODE_STATE=getMsg HTTP/1.1" 200 27
222.69.139.194 - - [04/Nov/2020:09:41:35 +0800] "GET /xingrg/all/function/internal_message.html?_=1604454094683&CODE_STATE=getMsg HTTP/1.1" 200 27
180.161.96.95 - - [04/Nov/2020:09:41:36 +0800] "GET /xingrg/all/function/internal_message.html?_=1604454316177&CODE_STATE=getMsg HTTP/1.1" 200 27
117.131.5.26 - - [04/Nov/2020:09:41:37 +0800] "GET /xingrg/all/function/internal_message.html?_=1604454400728&CODE_STATE=getMsg HTTP/1.1" 302 -
117.131.5.26 - - [04/Nov/2020:09:41:37 +0800] "GET /xingrg/login.html HTTP/1.1" 200 7641
180.157.253.48 - - [04/Nov/2020:09:41:40 +0800] "GET /xingrg/kc/buy/cgsh_order_operate.html?command=get_materiel&rest_code=00148&code=00101010545&supplier_code=00100036&order_time=2020-11-04 HTTP/1.1" 200 396
172.17.0.120 - - [04/Nov/2020:09:41:44 +0800] "GET /xingrg/all/function/internal_message.html?_=1604454102227&CODE_STATE=getMsg HTTP/1.1" 200 27
172.17.0.101 - - [04/Nov/2020:09:41:44 +0800] "GET /xingrg/check_reg.html?_=1604454101175 HTTP/1.1" 200 22
172.17.0.101 - - [04/Nov/2020:09:41:44 +0800] "GET /xingrg/all/function/internal_message.html?_=1604454101172&CODE_STATE=getMsg HTTP/1.1" 200 27
120.253.135.82 - - [04/Nov/2020:09:41:48 +0800] "GET /xingrg/all/function/internal_message.html?_=1604453854365&CODE_STATE=getMsg HTTP/1.1" 200 27
180.161.96.95 - - [04/Nov/2020:09:41:48 +0800] "GET /xingrg/javascript/jquery_easy_ui/themes/default/images/button_plain_hover.png HTTP/1.1" 304 -
180.161.96.95 - - [04/Nov/2020:09:41:48 +0800] "GET /xingrg/javascript/jquery_easy_ui/themes/default/images/button_plain_hover.png HTTP/1.1" 304 -
172.17.200.101 - - [04/Nov/2020:09:41:53 +0800] "GET /xingrg/all/function/internal_message.html?_=1604454111190&CODE_STATE=getMsg HTTP/1.1" 200 27
116.233.75.239 - - [04/Nov/2020:09:41:55 +0800] "GET /xingrg/all/function/internal_message.html?_=1604454119175&CODE_STATE=getMsg HTTP/1.1" 200 27
114.84.37.38 - - [04/Nov/2020:09:41:58 +0800] "GET /xingrg/check_reg.html?_=1604454136987 HTTP/1.1" 200 22
180.161.96.95 - - [04/Nov/2020:09:42:01 +0800] "GET /xingrg/javascript/jquery_easy_ui/themes/default/images/tabs_close.gif HTTP/1.1" 304 -
180.161.96.95 - - [04/Nov/2020:09:42:01 +0800] "GET /xingrg/css/base.css HTTP/1.1" 304 -
180.161.96.95 - - [04/Nov/2020:09:42:02 +0800] "GET /xingrg/javascript/easyui/themes/default/easyui.css HTTP/1.1" 304 -
180.161.96.95 - - [04/Nov/2020:09:42:02 +0800] "GET /xingrg/css/site.css HTTP/1.1" 304 -
180.161.96.95 - - [04/Nov/2020:09:42:02 +0800] "GET /xingrg/kc/buy/cgsh_order_list.html HTTP/1.1" 200 44875
180.161.96.95 - - [04/Nov/2020:09:42:02 +0800] "GET /xingrg/javascript/jquery_tools/datebox.css HTTP/1.1" 304 -
180.161.96.95 - - [04/Nov/2020:09:42:02 +0800] "GET /xingrg/javascript/jquery_tools/list_manager.js HTTP/1.1" 304 -
180.161.96.95 - - [04/Nov/2020:09:42:02 +0800] "GET /xingrg/javascript/easyui/themes/icon.css HTTP/1.1" 304 -
180.161.96.95 - - [04/Nov/2020:09:42:02 +0800] "GET /xingrg/javascript/auto/jquery.autocomplete.css HTTP/1.1" 304 -
180.161.96.95 - - [04/Nov/2020:09:42:02 +0800] "GET /xingrg/javascript/jquery_tools/jquery.tools.min.js HTTP/1.1" 304 -
180.161.96.95 - - [04/Nov/2020:09:42:02 +0800] "GET /xingrg/javascript/jquery_tools/fix.css HTTP/1.1" 304 -
180.161.96.95 - - [04/Nov/2020:09:42:02 +0800] "GET /xingrg/javascript/jquery_tools/jquery.tools.extend.js HTTP/1.1" 304 -
180.161.96.95 - - [04/Nov/2020:09:42:02 +0800] "GET /xingrg/javascript/auto/jquery.autocomplete.js HTTP/1.1" 304 -
180.161.96.95 - - [04/Nov/2020:09:42:02 +0800] "GET /xingrg/javascript/jquery_tools/table.css HTTP/1.1" 304 -
180.161.96.95 - - [04/Nov/2020:09:42:02 +0800] "GET /xingrg/javascript/jquery_tools/jquery.tools.table.js HTTP/1.1" 304 -
180.161.96.95 - - [04/Nov/2020:09:42:02 +0800] "GET /xingrg/javascript/jquery_tools/jquery.tools.hotkey.js HTTP/1.1" 304 -
180.161.96.95 - - [04/Nov/2020:09:42:02 +0800] "GET /xingrg/javascript/easyui/easyloader.js HTTP/1.1" 304 -
180.161.96.95 - - [04/Nov/2020:09:42:02 +0800] "GET /xingrg/javascript/jquery.cookie.js HTTP/1.1" 304 -
180.161.96.95 - - [04/Nov/2020:09:42:02 +0800] "GET /xingrg/javascript/print/LodopFuncs.js HTTP/1.1" 304 -
180.161.96.95 - - [04/Nov/2020:09:42:02 +0800] "GET /xingrg/javascript/easyui/themes/icons/edit_add_new.png HTTP/1.1" 304 -
180.174.56.115 - - [04/Nov/2020:09:42:02 +0800] "POST /xingrg/kc/buy/cgsh_order_operate.html HTTP/1.1" 200 37
180.161.96.95 - - [04/Nov/2020:09:42:02 +0800] "GET /xingrg/javascript/easyui/themes/icons/cance_new.png HTTP/1.1" 304 -
180.161.96.95 - - [04/Nov/2020:09:42:02 +0800] "GET /xingrg/javascript/easyui/themes/icons/check_new.png HTTP/1.1" 304 -
180.161.96.95 - - [04/Nov/2020:09:42:02 +0800] "GET /xingrg/javascript/easyui/themes/icons/field_new.png HTTP/1.1" 304 -
180.161.96.95 - - [04/Nov/2020:09:42:02 +0800] "GET /xingrg/javascript/easyui/themes/icons/import_new.png HTTP/1.1" 304 -
180.161.96.95 - - [04/Nov/2020:09:42:02 +0800] "GET /xingrg/javascript/jquery_easy_ui/themes/icons/area.png HTTP/1.1" 304 -
180.161.96.95 - - [04/Nov/2020:09:42:02 +0800] "GET /xingrg/javascript/jquery_easy_ui/themes/icons/rest.png HTTP/1.1" 304 -
180.161.96.95 - - [04/Nov/2020:09:42:02 +0800] "GET /xingrg/javascript/easyui/plugins/jquery.parser.js HTTP/1.1" 304 -
180.161.96.95 - - [04/Nov/2020:09:42:02 +0800] "GET /xingrg/images/control/ajaxLoader.gif HTTP/1.1" 304 -
180.161.96.95 - - [04/Nov/2020:09:42:03 +0800] "POST /xingrg/kc/buy/cgsh_list_operate.html HTTP/1.1" 200 876
180.161.96.95 - - [04/Nov/2020:09:42:03 +0800] "GET /xingrg/javascript/easyui/themes/default/images/button_plain_hover.png HTTP/1.1" 304 -
180.161.96.95 - - [04/Nov/2020:09:42:03 +0800] "GET /xingrg/javascript/easyui/themes/default/images/button_plain_hover.png HTTP/1.1" 304 -
180.174.56.115 - - [04/Nov/2020:09:42:04 +0800] "POST /xingrg/kc/buy/cgsh_order_operate.html HTTP/1.1" 200 28970
180.161.96.95 - - [04/Nov/2020:09:42:04 +0800] "GET /xingrg/javascript/pic_change.js HTTP/1.1" 304 -
180.161.96.95 - - [04/Nov/2020:09:42:04 +0800] "GET /xingrg/javascript/jquery_tools/order_manager.js HTTP/1.1" 304 -
180.161.96.95 - - [04/Nov/2020:09:42:04 +0800] "GET /xingrg/javascript/json2.js HTTP/1.1" 304 -
180.161.96.95 - - [04/Nov/2020:09:42:04 +0800] "GET /xingrg/javascript/convert.js HTTP/1.1" 304 -
180.161.96.95 - - [04/Nov/2020:09:42:04 +0800] "GET /xingrg/javascript/print/kc_print.js HTTP/1.1" 304 -
