58.221.95.50 - - [04/Nov/2020:10:32:18 +0800] "GET /xingrg/check_reg.html?_=1604457325743 HTTP/1.1" 200 22
58.221.95.50 - - [04/Nov/2020:10:32:18 +0800] "GET /xingrg/all/function/internal_message.html?_=1604457325745&CODE_STATE=getMsg HTTP/1.1" 200 27
124.77.237.88 - - [04/Nov/2020:10:32:19 +0800] "GET /xingrg/kc/print/load_data.html?order_code=212020110401326&kc_code=cgsh&condition= HTTP/1.1" 200 1577
117.185.32.26 - - [04/Nov/2020:10:32:19 +0800] "GET /xingrg/check_reg.html?_=1604457564733 HTTP/1.1" 200 22
117.185.32.26 - - [04/Nov/2020:10:32:19 +0800] "GET /xingrg/all/function/internal_message.html?_=1604457564734&CODE_STATE=getMsg HTTP/1.1" 200 27
180.174.56.115 - - [04/Nov/2020:10:32:22 +0800] "GET /xingrg/check_reg.html?_=1604457102282 HTTP/1.1" 200 22
180.174.56.115 - - [04/Nov/2020:10:32:22 +0800] "GET /xingrg/all/function/internal_message.html?_=1604457102408&CODE_STATE=getMsg HTTP/1.1" 200 27
180.162.245.190 - - [04/Nov/2020:10:32:23 +0800] "GET /xingrg/kc/buy/cgsh_order_operate.html?command=get_materiel&rest_code=00105&code=00101008087&supplier_code=00100203&order_time=2020-11-04 HTTP/1.1" 200 412
124.77.237.88 - - [04/Nov/2020:10:32:24 +0800] "GET /xingrg/kc/buy/cgsh_order_add.html HTTP/1.1" 200 60701
124.77.237.88 - - [04/Nov/2020:10:32:25 +0800] "POST /xingrg/kc/buy/cgsh_order_operate.html HTTP/1.1" 200 8245
124.77.237.88 - - [04/Nov/2020:10:32:25 +0800] "GET /xingrg/javascript/easyui/themes/default/validatebox.css HTTP/1.1" 404 1104
114.88.166.242 - - [04/Nov/2020:10:32:29 +0800] "GET /xingrg/kc/buy/cgsh_order_operate.html?command=get_materiel&rest_code=00111&code=00101008469&supplier_code=00100347&order_time=2020-11-04 HTTP/1.1" 200 398
124.77.237.88 - - [04/Nov/2020:10:32:29 +0800] "GET /xingrg/javascript/easyui/themes/default/tree.css HTTP/1.1" 404 1090
124.77.237.88 - - [04/Nov/2020:10:32:29 +0800] "POST /xingrg/all/common/load_tree.html?tree=supplier_tree_json&isDelete=1 HTTP/1.1" 200 51727
172.17.0.240 - - [04/Nov/2020:10:32:30 +0800] "GET /xingrg/check_reg.html?_=1604457148848 HTTP/1.1" 200 22
172.17.0.240 - - [04/Nov/2020:10:32:30 +0800] "GET /xingrg/all/function/internal_message.html?_=1604457148853&CODE_STATE=getMsg HTTP/1.1" 200 27
114.88.166.242 - - [04/Nov/2020:10:32:30 +0800] "GET /xingrg/all/function/internal_message.html?_=1604457146931&CODE_STATE=getMsg HTTP/1.1" 200 27
180.162.245.190 - - [04/Nov/2020:10:32:33 +0800] "GET /xingrg/kc/buy/cgsh_order_operate.html?command=get_materiel&rest_code=00105&code=00101008059&supplier_code=00100203&order_time=2020-11-04 HTTP/1.1" 200 408
58.40.7.146 - - [04/Nov/2020:10:32:33 +0800] "GET /xingrg/all/function/internal_message.html?_=1604457151795&CODE_STATE=getMsg HTTP/1.1" 200 27
58.40.7.146 - - [04/Nov/2020:10:32:34 +0800] "GET /xingrg/check_reg.html?_=1604457152583 HTTP/1.1" 200 22
222.69.139.194 - - [04/Nov/2020:10:32:34 +0800] "GET /xingrg/all/function/internal_message.html?_=1604457153646&CODE_STATE=getMsg HTTP/1.1" 200 27
116.233.75.239 - - [04/Nov/2020:10:32:37 +0800] "GET /xingrg/kc/buy/cgsh_order_operate.html?command=get_materiel&rest_code=00109&code=00101008321&supplier_code=00100005&order_time=2020-11-04 HTTP/1.1" 200 412
180.161.96.95 - - [04/Nov/2020:10:32:38 +0800] "GET /xingrg/check_reg.html?_=1604457378015 HTTP/1.1" 200 22
114.88.166.242 - - [04/Nov/2020:10:32:38 +0800] "GET /xingrg/kc/buy/cgsh_order_operate.html?command=get_materiel&rest_code=00111&code=00101005022&supplier_code=00100347&order_time=2020-11-04 HTTP/1.1" 200 417
117.131.5.26 - - [04/Nov/2020:10:32:39 +0800] "GET /xingrg/all/function/internal_message.html?_=1604457462660&CODE_STATE=getMsg HTTP/1.1" 302 -
117.131.5.26 - - [04/Nov/2020:10:32:39 +0800] "GET /xingrg/login.html HTTP/1.1" 200 7641
180.161.96.95 - - [04/Nov/2020:10:32:40 +0800] "GET /xingrg/all/function/internal_message.html?_=1604457380285&CODE_STATE=getMsg HTTP/1.1" 200 27
116.233.75.239 - - [04/Nov/2020:10:32:41 +0800] "POST /xingrg/kc/buy/cgsh_order_operate.html HTTP/1.1" 200 2065
172.17.0.120 - - [04/Nov/2020:10:32:41 +0800] "POST /xingrg/all/user/operate.html HTTP/1.1" 200 36
172.17.0.120 - - [04/Nov/2020:10:32:41 +0800] "GET /xingrg/index.html?sysBaseUrl=http%3A%2F%2F172.17.0.8%3A18081%2Fxingrg%2F&costTime=95×tamp=1604452177227 HTTP/1.1" 200 17448
172.17.0.120 - - [04/Nov/2020:10:32:41 +0800] "GET /xingrg/javascript/jquery_easy_ui/themes/default/easyui.css HTTP/1.1" 304 -
172.17.0.120 - - [04/Nov/2020:10:32:41 +0800] "GET /xingrg/javascript/jquery_easy_ui/themes/icon.css HTTP/1.1" 304 -
172.17.0.120 - - [04/Nov/2020:10:32:41 +0800] "GET /xingrg/css/form.css HTTP/1.1" 304 -
172.17.0.120 - - [04/Nov/2020:10:32:41 +0800] "GET /xingrg/javascript/jquery-1.4.2.min.js HTTP/1.1" 304 -
172.17.0.120 - - [04/Nov/2020:10:32:41 +0800] "GET /xingrg/javascript/jquery_easy_ui/jquery.easyui.min.js HTTP/1.1" 304 -
172.17.0.120 - - [04/Nov/2020:10:32:41 +0800] "GET /xingrg/javascript/jquery_easy_ui/easyui-lang-zh_CN.js HTTP/1.1" 304 -
172.17.0.120 - - [04/Nov/2020:10:32:41 +0800] "GET /xingrg/javascript/jquery.form.js HTTP/1.1" 304 -
172.17.0.120 - - [04/Nov/2020:10:32:41 +0800] "GET /xingrg/javascript/jquery.utils.js HTTP/1.1" 304 -
172.17.0.120 - - [04/Nov/2020:10:32:41 +0800] "GET /xingrg/javascript/jquery.timers.js HTTP/1.1" 304 -
172.17.0.120 - - [04/Nov/2020:10:32:41 +0800] "GET /xingrg/images/blue/jxLogo.png HTTP/1.1" 304 -
172.17.0.120 - - [04/Nov/2020:10:32:41 +0800] "GET /xingrg/images/blue/navBackgound.jpg HTTP/1.1" 304 -
172.17.0.120 - - [04/Nov/2020:10:32:41 +0800] "GET /xingrg/javascript/jquery_easy_ui/themes/icons/settle_new.png HTTP/1.1" 304 -
172.17.0.120 - - [04/Nov/2020:10:32:41 +0800] "POST /xingrg/all/common/load_tree.html?tree=area_rest_tree_json&manage=1 HTTP/1.1" 200 3350
172.17.0.120 - - [04/Nov/2020:10:32:41 +0800] "GET /xingrg/all/function/internal_message.html?_=1604457159355&CODE_STATE=count HTTP/1.1" 200 11
172.17.0.120 - - [04/Nov/2020:10:32:41 +0800] "GET /xingrg/check_reg.html?_=1604457159356 HTTP/1.1" 200 22
172.17.0.120 - - [04/Nov/2020:10:32:41 +0800] "GET /xingrg/javascript/jquery_easy_ui/themes/default/images/tabs_leftarrow.png HTTP/1.1" 304 -
172.17.0.120 - - [04/Nov/2020:10:32:41 +0800] "GET /xingrg/javascript/jquery_easy_ui/themes/default/images/tabs_rightarrow.png HTTP/1.1" 304 -
172.17.0.120 - - [04/Nov/2020:10:32:41 +0800] "GET /xingrg/javascript/jquery_easy_ui/themes/default/images/panel_tool_collapse.gif HTTP/1.1" 304 -
172.17.0.120 - - [04/Nov/2020:10:32:41 +0800] "GET /xingrg/javascript/jquery_easy_ui/themes/default/images/panel_tool_expand.gif HTTP/1.1" 304 -
172.17.0.120 - - [04/Nov/2020:10:32:41 +0800] "GET /xingrg/images/blue/pingpu.png HTTP/1.1" 304 -
172.17.0.120 - - [04/Nov/2020:10:32:41 +0800] "POST /xingrg/load_menu.html HTTP/1.1" 200 9924
114.84.37.38 - - [04/Nov/2020:10:32:42 +0800] "GET /xingrg/all/function/internal_message.html?_=1604457181710&CODE_STATE=getMsg HTTP/1.1" 200 27
172.17.0.101 - - [04/Nov/2020:10:32:44 +0800] "GET /xingrg/all/function/internal_message.html?_=1604457161214&CODE_STATE=getMsg HTTP/1.1" 200 27
124.77.237.88 - - [04/Nov/2020:10:32:45 +0800] "GET /xingrg/all/function/internal_message.html?_=1604457168427&CODE_STATE=getMsg HTTP/1.1" 200 27
116.233.75.239 - - [04/Nov/2020:10:32:46 +0800] "GET /xingrg/kc/buy/cgsh_order_operate.html?command=get_materiel&rest_code=00109&code=00101015070&supplier_code=00100005&order_time=2020-11-04 HTTP/1.1" 200 413
180.162.245.190 - - [04/Nov/2020:10:32:50 +0800] "GET /xingrg/kc/buy/cgsh_order_operate.html?command=get_materiel&rest_code=00105&code=00101008213&supplier_code=00100203&order_time=2020-11-04 HTTP/1.1" 200 412
120.253.135.82 - - [04/Nov/2020:10:32:50 +0800] "GET /xingrg/all/function/internal_message.html?_=1604456915774&CODE_STATE=getMsg HTTP/1.1" 200 27
172.17.0.120 - - [04/Nov/2020:10:32:51 +0800] "GET /xingrg/kc/report/report_main.html HTTP/1.1" 200 7325
114.88.166.242 - - [04/Nov/2020:10:32:51 +0800] "GET /xingrg/kc/buy/cgsh_order_operate.html?command=get_materiel&rest_code=00111&code=00102002167&supplier_code=00100347&order_time=2020-11-04 HTTP/1.1" 200 409
172.17.0.120 - - [04/Nov/2020:10:32:54 +0800] "GET /xingrg/kc/base/base_main.html HTTP/1.1" 200 12132
172.17.0.120 - - [04/Nov/2020:10:32:54 +0800] "GET /xingrg/images/blue/button/ckpd.gif HTTP/1.1" 200 2051
172.17.0.120 - - [04/Nov/2020:10:32:54 +0800] "GET /xingrg/images/blue/button/ckdb.gif HTTP/1.1" 200 1950
172.17.0.120 - - [04/Nov/2020:10:32:54 +0800] "GET /xingrg/images/blue/button/yddb.gif HTTP/1.1" 200 2040
172.17.0.120 - - [04/Nov/2020:10:32:54 +0800] "GET /xingrg/images/blue/button/wlsy.gif HTTP/1.1" 200 2536
172.17.0.120 - - [04/Nov/2020:10:32:54 +0800] "GET /xingrg/images/blue/button/left_ah.jpg HTTP/1.1" 200 1643
172.17.0.120 - - [04/Nov/2020:10:32:54 +0800] "GET /xingrg/images/blue/button/bottom_left.jpg HTTP/1.1" 200 1524
172.17.0.120 - - [04/Nov/2020:10:32:54 +0800] "GET /xingrg/images/blue/button/top_right.jpg HTTP/1.1" 200 1708
172.17.0.120 - - [04/Nov/2020:10:32:54 +0800] "GET /xingrg/images/blue/button/down.jpg HTTP/1.1" 200 1560
172.17.0.120 - - [04/Nov/2020:10:32:54 +0800] "GET /xingrg/images/blue/button/bottom_right.jpg HTTP/1.1" 200 1436
172.17.0.120 - - [04/Nov/2020:10:32:54 +0800] "GET /xingrg/images/blue/button/top_left.jpg HTTP/1.1" 200 1632
172.17.0.120 - - [04/Nov/2020:10:32:54 +0800] "GET /xingrg/kc/report/report_main.html HTTP/1.1" 200 7325
172.17.0.115 - - [04/Nov/2020:10:32:55 +0800] "GET /xingrg/all/function/internal_message.html?_=1604457183537&CODE_STATE=getMsg HTTP/1.1" 200 27
180.162.245.190 - - [04/Nov/2020:10:32:55 +0800] "GET /xingrg/kc/buy/cgsh_order_operate.html?command=get_materiel&rest_code=00105&code=00101003013&supplier_code=00100093&order_time=2020-11-04 HTTP/1.1" 200 427
172.17.0.120 - - [04/Nov/2020:10:32:55 +0800] "GET /xingrg/kc/base/crk_hz.html HTTP/1.1" 200 11227
172.17.0.120 - - [04/Nov/2020:10:32:56 +0800] "POST /xingrg/kc/cost/cost_operate.html?command=get_base_tree HTTP/1.1" 200 2450
172.17.0.120 - - [04/Nov/2020:10:32:56 +0800] "POST /xingrg/all/common/load_tree.html?tree=materiel_sort_tree_json HTTP/1.1" 200 8666
116.233.75.239 - - [04/Nov/2020:10:32:59 +0800] "GET /xingrg/all/function/internal_message.html?_=1604457182742&CODE_STATE=getMsg HTTP/1.1" 200 27
180.162.245.190 - - [04/Nov/2020:10:32:59 +0800] "GET /xingrg/all/function/internal_message.html?_=1604457181085&CODE_STATE=getMsg HTTP/1.1" 200 27
116.233.75.239 - - [04/Nov/2020:10:33:00 +0800] "GET /xingrg/kc/buy/cgsh_order_operate.html?command=get_materiel&rest_code=00109&code=00101008092&supplier_code=00100005&order_time=2020-11-04 HTTP/1.1" 200 412
172.17.200.101 - - [04/Nov/2020:10:33:02 +0800] "GET /xingrg/all/function/internal_message.html?_=1604457180813&CODE_STATE=getMsg HTTP/1.1" 200 27
172.17.0.100 - - [04/Nov/2020:10:33:03 +0800] "GET /xingrg/all/function/internal_message.html?_=1604457214469&CODE_STATE=getMsg HTTP/1.1" 200 27
180.162.245.190 - - [04/Nov/2020:10:33:07 +0800] "GET /xingrg/all/function/internal_message.html?_=1604457169153&CODE_STATE=getMsg HTTP/1.1" 200 27
114.88.166.242 - - [04/Nov/2020:10:33:09 +0800] "GET /xingrg/all/function/internal_message.html?_=1604457287426&CODE_STATE=getMsg HTTP/1.1" 200 27
180.174.56.115 - - [04/Nov/2020:10:33:13 +0800] "GET /xingrg/all/function/internal_message.html?_=1604457191432&CODE_STATE=getMsg HTTP/1.1" 200 27
124.77.237.88 - - [04/Nov/2020:10:33:15 +0800] "GET /xingrg/kc/buy/cgsh_order_operate.html?command=get_materiel&rest_code=00107&code=00101003025&supplier_code=00100093&order_time=2020-11-04 HTTP/1.1" 200 409
116.233.75.239 - - [04/Nov/2020:10:33:15 +0800] "POST /xingrg/kc/buy/cgsh_order_operate.html HTTP/1.1" 200 37
116.233.75.239 - - [04/Nov/2020:10:33:17 +0800] "POST /xingrg/kc/buy/cgsh_order_operate.html HTTP/1.1" 200 41748
58.221.95.50 - - [04/Nov/2020:10:33:18 +0800] "GET /xingrg/all/function/internal_message.html?_=1604457385743&CODE_STATE=getMsg HTTP/1.1" 200 27
116.233.75.239 - - [04/Nov/2020:10:33:19 +0800] "GET /xingrg/kc/print/load_data.html?order_code=212020110401280&kc_code=cgsh&condition= HTTP/1.1" 200 15514
117.185.32.26 - - [04/Nov/2020:10:33:19 +0800] "GET /xingrg/all/function/internal_message.html?_=1604457624734&CODE_STATE=getMsg HTTP/1.1" 200 27
180.174.56.115 - - [04/Nov/2020:10:33:22 +0800] "GET /xingrg/all/function/internal_message.html?_=1604457162420&CODE_STATE=getMsg HTTP/1.1" 200 27
124.77.237.88 - - [04/Nov/2020:10:33:28 +0800] "POST /xingrg/kc/buy/cgsh_order_operate.html HTTP/1.1" 200 37
172.17.0.240 - - [04/Nov/2020:10:33:30 +0800] "GET /xingrg/all/function/internal_message.html?_=1604457208843&CODE_STATE=getMsg HTTP/1.1" 200 27
124.77.237.88 - - [04/Nov/2020:10:33:30 +0800] "POST /xingrg/kc/buy/cgsh_order_operate.html HTTP/1.1" 200 2653
114.88.166.242 - - [04/Nov/2020:10:33:30 +0800] "GET /xingrg/all/function/internal_message.html?_=1604457206965&CODE_STATE=getMsg HTTP/1.1" 200 27
124.77.237.88 - - [04/Nov/2020:10:33:33 +0800] "GET /xingrg/kc/print/load_data.html?order_code=212020110401327&kc_code=cgsh&condition= HTTP/1.1" 200 713
58.40.7.146 - - [04/Nov/2020:10:33:33 +0800] "GET /xingrg/all/function/internal_message.html?_=1604457211780&CODE_STATE=getMsg HTTP/1.1" 200 27
222.69.139.194 - - [04/Nov/2020:10:33:34 +0800] "GET /xingrg/all/function/internal_message.html?_=1604457213630&CODE_STATE=getMsg HTTP/1.1" 200 27
117.131.5.26 - - [04/Nov/2020:10:33:36 +0800] "GET /xingrg/check_reg.html?_=1604457519256 HTTP/1.1" 302 -
117.131.5.26 - - [04/Nov/2020:10:33:36 +0800] "GET /xingrg/login.html HTTP/1.1" 200 7641
124.77.237.88 - - [04/Nov/2020:10:33:37 +0800] "POST /xingrg/services/DataTransmitService HTTP/1.1" 401 565
124.77.237.88 - - [04/Nov/2020:10:33:37 +0800] "POST /xingrg/services/DataTransmitService HTTP/1.1" 200 478
124.77.237.88 - - [04/Nov/2020:10:33:37 +0800] "POST /xingrg/services/DataTransmitService HTTP/1.1" 200 1319
124.77.237.88 - - [04/Nov/2020:10:33:37 +0800] "POST /xingrg/services/DataTransmitService HTTP/1.1" 200 478
124.77.237.88 - - [04/Nov/2020:10:33:37 +0800] "POST /xingrg/services/DataTransmitService HTTP/1.1" 200 1319
124.77.237.88 - - [04/Nov/2020:10:33:37 +0800] "POST /xingrg/services/DataTransmitService HTTP/1.1" 200 524
124.77.237.88 - - [04/Nov/2020:10:33:37 +0800] "POST /xingrg/services/DataTransmitService HTTP/1.1" 200 2099
124.77.237.88 - - [04/Nov/2020:10:33:38 +0800] "POST /xingrg/services/DataTransmitService HTTP/1.1" 200 167703
180.162.245.190 - - [04/Nov/2020:10:33:38 +0800] "GET /xingrg/kc/buy/cgsh_order_operate.html?command=get_materiel&rest_code=00105&code=00101003031&supplier_code=00100093&order_time=2020-11-04 HTTP/1.1" 200 426
124.77.237.88 - - [04/Nov/2020:10:33:39 +0800] "GET /xingrg/kc/buy/cgsh_order_add.html HTTP/1.1" 200 60701
117.131.5.26 - - [04/Nov/2020:10:33:39 +0800] "GET /xingrg/all/function/internal_message.html?_=1604457522675&CODE_STATE=getMsg HTTP/1.1" 302 -
117.131.5.26 - - [04/Nov/2020:10:33:39 +0800] "GET /xingrg/login.html HTTP/1.1" 200 7641
124.77.237.88 - - [04/Nov/2020:10:33:39 +0800] "POST /xingrg/kc/buy/cgsh_order_operate.html HTTP/1.1" 200 8245
124.77.237.88 - - [04/Nov/2020:10:33:40 +0800] "GET /xingrg/javascript/easyui/themes/default/validatebox.css HTTP/1.1" 404 1104
180.161.96.95 - - [04/Nov/2020:10:33:41 +0800] "GET /xingrg/all/function/internal_message.html?_=1604457440683&CODE_STATE=getMsg HTTP/1.1" 200 27
172.17.0.120 - - [04/Nov/2020:10:33:41 +0800] "GET /xingrg/all/function/internal_message.html?_=1604457219373&CODE_STATE=getMsg HTTP/1.1" 200 27
114.84.37.38 - - [04/Nov/2020:10:33:42 +0800] "GET /xingrg/all/function/internal_message.html?_=1604457241715&CODE_STATE=getMsg HTTP/1.1" 200 27
124.77.237.88 - - [04/Nov/2020:10:33:43 +0800] "GET /xingrg/javascript/easyui/themes/default/tree.css HTTP/1.1" 404 1090
124.77.237.88 - - [04/Nov/2020:10:33:43 +0800] "POST /xingrg/all/common/load_tree.html?tree=supplier_tree_json&isDelete=1 HTTP/1.1" 200 51727
172.17.0.101 - - [04/Nov/2020:10:33:44 +0800] "GET /xingrg/all/function/internal_message.html?_=1604457221214&CODE_STATE=getMsg HTTP/1.1" 200 27
124.77.237.88 - - [04/Nov/2020:10:33:46 +0800] "GET /xingrg/all/function/internal_message.html?_=1604457228537&CODE_STATE=getMsg HTTP/1.1" 200 27
120.253.135.82 - - [04/Nov/2020:10:33:50 +0800] "GET /xingrg/all/function/internal_message.html?_=1604456975789&CODE_STATE=getMsg HTTP/1.1" 200 27
172.17.0.115 - - [04/Nov/2020:10:33:55 +0800] "GET /xingrg/all/function/internal_message.html?_=1604457243561&CODE_STATE=getMsg HTTP/1.1" 200 27
180.162.245.190 - - [04/Nov/2020:10:33:59 +0800] "GET /xingrg/all/function/internal_message.html?_=1604457241085&CODE_STATE=getMsg HTTP/1.1" 200 27
172.17.200.101 - - [04/Nov/2020:10:34:02 +0800] "GET /xingrg/all/function/internal_message.html?_=1604457240810&CODE_STATE=getMsg HTTP/1.1" 200 27
124.77.237.88 - - [04/Nov/2020:10:34:03 +0800] "POST /xingrg/services/DataTransmitService HTTP/1.1" 200 45454
124.77.237.88 - - [04/Nov/2020:10:34:03 +0800] "POST /xingrg/services/DataTransmitService HTTP/1.1" 200 19237
172.17.0.100 - - [04/Nov/2020:10:34:03 +0800] "GET /xingrg/all/function/internal_message.html?_=1604457274460&CODE_STATE=getMsg HTTP/1.1" 200 27
180.162.245.190 - - [04/Nov/2020:10:34:04 +0800] "GET /xingrg/kc/buy/cgsh_order_operate.html?command=get_materiel&rest_code=00105&code=00101003025&supplier_code=00100093&order_time=2020-11-04 HTTP/1.1" 200 409
180.162.245.190 - - [04/Nov/2020:10:34:07 +0800] "GET /xingrg/all/function/internal_message.html?_=1604457229153&CODE_STATE=getMsg HTTP/1.1" 200 27
114.88.166.242 - - [04/Nov/2020:10:34:09 +0800] "GET /xingrg/all/function/internal_message.html?_=1604457347434&CODE_STATE=getMsg HTTP/1.1" 200 27
114.88.166.242 - - [04/Nov/2020:10:34:09 +0800] "GET /xingrg/check_reg.html?_=1604457347436 HTTP/1.1" 200 22
222.69.139.194 - - [04/Nov/2020:10:34:09 +0800] "GET /xingrg/login.html HTTP/1.1" 200 7641
222.69.139.194 - - [04/Nov/2020:10:34:10 +0800] "GET /favicon.ico HTTP/1.1" 404 -
222.69.139.194 - - [04/Nov/2020:10:34:11 +0800] "POST /xingrg/login.do HTTP/1.1" 302 -
124.77.237.88 - - [04/Nov/2020:10:34:11 +0800] "GET /xingrg/kc/buy/cgsh_order_operate.html?command=get_materiel&rest_code=00107&code=00101001099&supplier_code=00100319&order_time=2020-11-04 HTTP/1.1" 200 409
222.69.139.194 - - [04/Nov/2020:10:34:11 +0800] "GET /xingrg/index.html?sysBaseUrl=http%3A%2F%2F180.169.147.146%3A18081%2Fxingrg%2F&costTime=83×tamp=1604457251719 HTTP/1.1" 200 17419
222.69.139.194 - - [04/Nov/2020:10:34:12 +0800] "GET /favicon.ico HTTP/1.1" 404 -
222.69.139.194 - - [04/Nov/2020:10:34:12 +0800] "POST /xingrg/all/common/load_tree.html?tree=area_rest_tree_json&manage=1 HTTP/1.1" 200 351
222.69.139.194 - - [04/Nov/2020:10:34:12 +0800] "GET /xingrg/all/function/internal_message.html?_=1604457249223&CODE_STATE=count HTTP/1.1" 200 11
222.69.139.194 - - [04/Nov/2020:10:34:12 +0800] "GET /xingrg/check_reg.html?_=1604457249225 HTTP/1.1" 200 22
222.69.139.194 - - [04/Nov/2020:10:34:12 +0800] "POST /xingrg/load_menu.html HTTP/1.1" 200 9959
180.174.56.115 - - [04/Nov/2020:10:34:13 +0800] "GET /xingrg/all/function/internal_message.html?_=1604457251432&CODE_STATE=getMsg HTTP/1.1" 200 27
222.69.139.194 - - [04/Nov/2020:10:34:16 +0800] "POST /xingrg/load_menu.html HTTP/1.1" 200 9242
58.221.95.50 - - [04/Nov/2020:10:34:18 +0800] "GET /xingrg/all/function/internal_message.html?_=1604457445744&CODE_STATE=getMsg HTTP/1.1" 200 27
222.69.139.194 - - [04/Nov/2020:10:34:19 +0800] "GET /xingrg/dwr/interface/AjaxReportQueryService.js HTTP/1.1" 200 13203
222.69.139.194 - - [04/Nov/2020:10:34:19 +0800] "GET /xingrg/all/report/report_query.html?fileName=dma/new_5.0/menu/menu_category_hz.xml HTTP/1.1" 200 53064
222.69.139.194 - - [04/Nov/2020:10:34:19 +0800] "GET /xingrg/dwr/engine.js HTTP/1.1" 200 43631
222.69.139.194 - - [04/Nov/2020:10:34:19 +0800] "POST /xingrg/dwr/call/plaincall/AjaxReportQueryService.getFixDate.dwr HTTP/1.1" 200 111
222.69.139.194 - - [04/Nov/2020:10:34:19 +0800] "POST /xingrg/all/common/load_tree.html?tree=area_station_tree_json&manage=1 HTTP/1.1" 200 347
117.185.32.26 - - [04/Nov/2020:10:34:19 +0800] "GET /xingrg/all/function/internal_message.html?_=1604457684732&CODE_STATE=getMsg HTTP/1.1" 200 27
222.69.139.194 - - [04/Nov/2020:10:34:21 +0800] "GET /xingrg/all/report/report_query.html?fileName=dma/new_5.0/menu/menu_stca_hz.xml HTTP/1.1" 200 51418
222.69.139.194 - - [04/Nov/2020:10:34:21 +0800] "GET /xingrg/dwr/interface/AjaxReportQueryService.js HTTP/1.1" 200 13203
222.69.139.194 - - [04/Nov/2020:10:34:21 +0800] "GET /xingrg/dwr/engine.js HTTP/1.1" 200 43631
222.69.139.194 - - [04/Nov/2020:10:34:21 +0800] "POST /xingrg/dwr/call/plaincall/AjaxReportQueryService.getFixDate.dwr HTTP/1.1" 200 111
222.69.139.194 - - [04/Nov/2020:10:34:21 +0800] "POST /xingrg/all/common/load_tree.html?tree=area_station_tree_json&manage=1 HTTP/1.1" 200 347
180.174.56.115 - - [04/Nov/2020:10:34:22 +0800] "GET /xingrg/all/function/internal_message.html?_=1604457222434&CODE_STATE=getMsg HTTP/1.1" 200 27
124.77.237.88 - - [04/Nov/2020:10:34:24 +0800] "POST /xingrg/kc/buy/cgsh_order_operate.html HTTP/1.1" 200 37
222.69.139.194 - - [04/Nov/2020:10:34:25 +0800] "POST /xingrg/dwr/call/plaincall/AjaxReportQueryService.getFixDate.dwr HTTP/1.1" 200 111
124.77.237.88 - - [04/Nov/2020:10:34:25 +0800] "POST /xingrg/kc/buy/cgsh_order_operate.html HTTP/1.1" 200 2656
222.69.139.194 - - [04/Nov/2020:10:34:27 +0800] "POST /xingrg/dwr/call/plaincall/AjaxReportQueryService.getFixDate.dwr HTTP/1.1" 200 111
124.77.237.88 - - [04/Nov/2020:10:34:27 +0800] "GET /xingrg/kc/print/load_data.html?order_code=212020110401328&kc_code=cgsh&condition= HTTP/1.1" 200 676
172.17.0.240 - - [04/Nov/2020:10:34:30 +0800] "GET /xingrg/all/function/internal_message.html?_=1604457268845&CODE_STATE=getMsg HTTP/1.1" 200 27
114.88.166.242 - - [04/Nov/2020:10:34:30 +0800] "GET /xingrg/all/function/internal_message.html?_=1604457266971&CODE_STATE=getMsg HTTP/1.1" 200 27
124.77.237.88 - - [04/Nov/2020:10:34:31 +0800] "GET /xingrg/kc/buy/cgsh_order_add.html HTTP/1.1" 200 60701
124.77.237.88 - - [04/Nov/2020:10:34:32 +0800] "GET /xingrg/javascript/easyui/themes/default/validatebox.css HTTP/1.1" 404 1104
124.77.237.88 - - [04/Nov/2020:10:34:32 +0800] "POST /xingrg/kc/buy/cgsh_order_operate.html HTTP/1.1" 200 8245
180.161.96.95 - - [04/Nov/2020:10:34:33 +0800] "GET /xingrg/kc/buy/cgsh_order_operate.html?command=get_materiel&rest_code=00102&code=00101009019&supplier_code=00100424&order_time=2020-11-04 HTTP/1.1" 200 412
58.40.7.146 - - [04/Nov/2020:10:34:33 +0800] "GET /xingrg/all/function/internal_message.html?_=1604457271753&CODE_STATE=getMsg HTTP/1.1" 200 27
124.77.237.88 - - [04/Nov/2020:10:34:33 +0800] "GET /xingrg/javascript/easyui/themes/default/tree.css HTTP/1.1" 404 1090
124.77.237.88 - - [04/Nov/2020:10:34:33 +0800] "POST /xingrg/all/common/load_tree.html?tree=supplier_tree_json&isDelete=1 HTTP/1.1" 200 51727
180.162.245.190 - - [04/Nov/2020:10:34:33 +0800] "GET /xingrg/kc/buy/cgsh_order_operate.html?command=get_materiel&rest_code=00105&code=00101003063&supplier_code=00100093&order_time=2020-11-04 HTTP/1.1" 200 399
222.69.139.194 - - [04/Nov/2020:10:34:33 +0800] "POST /xingrg/dwr/call/plaincall/AjaxReportQueryService.refreshCache.dwr HTTP/1.1" 200 78
222.69.139.194 - - [04/Nov/2020:10:34:34 +0800] "POST /xingrg/all/report/load_report_page.html HTTP/1.1" 200 66649
222.69.139.194 - - [04/Nov/2020:10:34:34 +0800] "GET /xingrg/servlets/image?cache=0.6861344347134051&image=px HTTP/1.1" 200 807
222.69.139.194 - - [04/Nov/2020:10:34:34 +0800] "GET /xingrg/all/function/internal_message.html?_=1604457273619&CODE_STATE=getMsg HTTP/1.1" 200 27
222.69.139.194 - - [04/Nov/2020:10:34:38 +0800] "GET /xingrg/all/report/report_query.html?isQuery=1&fileName=dma/new_5.0/menu/menu_hz.xml&queryString=(a.sale_day%2520between%252020201001%2520and%252020201031)%2520and%2520(a.sid%2520in%2520(15))%2520and%2520(a.tj_code%253D3)&queryText=%25E3%2580%2590%25E8%2590%25A5%25E4%25B8%259A%25E6%2597%25A5%25E6%259C%259F%253A2020-10-01%2520%25E8%2587%25B3%25202020-10-31%25E3%2580%2591%2520%25E5%25B9%25B6%25E4%25B8%2594%2520%2520%25E3%2580%2590%25E9%2597%25A8%25E5%25BA%2597%25E5%2590%258D%25E7%25A7%25B0%2520%253D%2520%25E5%2585%25A8%25E9%2583%25A8%25E9%2597%25A8%25E5%25BA%2597%252C%25E6%25A6%2595%25E6%25B8%25AF%25E9%259B%2586%25E5%259B%25A2%252C%25E8%258A%25B1%25E5%259B%25AD%25E9%2585%2592%25E5%25BA%2597%25E9%259D%2592%25E6%25B5%25A6%25E5%25BA%2597%25E3%2580%2591%2520%25E5%25B9%25B6%25E4%25B8%2594%2520%25E3%2580%2590%25E7%25BB%259F%25E8%25AE%25A1%25E7%25B1%25BB%25E5%2588%25AB%2520%253D%2520%25E7%25B2%25A4%25E8%258F%259C%25E3%2580%2591 HTTP/1.1" 200 54151
222.69.139.194 - - [04/Nov/2020:10:34:38 +0800] "GET /xingrg/dwr/engine.js HTTP/1.1" 200 43631
222.69.139.194 - - [04/Nov/2020:10:34:38 +0800] "GET /favicon.ico HTTP/1.1" 404 -
222.69.139.194 - - [04/Nov/2020:10:34:39 +0800] "POST /xingrg/all/report/load_report_page.html HTTP/1.1" 200 157984
222.69.139.194 - - [04/Nov/2020:10:34:39 +0800] "GET /xingrg/servlets/image?cache=0.24788723819490366&image=px HTTP/1.1" 200 807
117.131.5.26 - - [04/Nov/2020:10:34:39 +0800] "GET /xingrg/all/function/internal_message.html?_=1604457582767&CODE_STATE=getMsg HTTP/1.1" 302 -
117.131.5.26 - - [04/Nov/2020:10:34:39 +0800] "GET /xingrg/login.html HTTP/1.1" 200 7641
180.161.96.95 - - [04/Nov/2020:10:34:41 +0800] "GET /xingrg/all/function/internal_message.html?_=1604457500687&CODE_STATE=getMsg HTTP/1.1" 200 27
172.17.0.120 - - [04/Nov/2020:10:34:41 +0800] "GET /xingrg/all/function/internal_message.html?_=1604457279365&CODE_STATE=getMsg HTTP/1.1" 200 27
222.69.139.194 - - [04/Nov/2020:10:34:42 +0800] "POST /xingrg/all/report/load_report_page.html HTTP/1.1" 200 156717
114.84.37.38 - - [04/Nov/2020:10:34:42 +0800] "GET /xingrg/all/function/internal_message.html?_=1604457301772&CODE_STATE=getMsg HTTP/1.1" 200 27
222.69.139.194 - - [04/Nov/2020:10:34:42 +0800] "GET /xingrg/servlets/image?cache=0.543643420606138&image=px HTTP/1.1" 200 807
180.161.96.95 - - [04/Nov/2020:10:34:43 +0800] "GET /xingrg/kc/buy/cgsh_order_operate.html?command=get_materiel&rest_code=00102&code=00101009011&supplier_code=00100424&order_time=2020-11-04 HTTP/1.1" 200 416
172.17.0.101 - - [04/Nov/2020:10:34:44 +0800] "GET /xingrg/all/function/internal_message.html?_=1604457281213&CODE_STATE=getMsg HTTP/1.1" 200 27
222.69.139.194 - - [04/Nov/2020:10:34:45 +0800] "POST /xingrg/all/report/load_report_page.html HTTP/1.1" 200 157668
222.69.139.194 - - [04/Nov/2020:10:34:45 +0800] "GET /xingrg/servlets/image?cache=0.19572111944253134&image=px HTTP/1.1" 200 807
124.77.237.88 - - [04/Nov/2020:10:34:46 +0800] "GET /xingrg/all/function/internal_message.html?_=1604457288522&CODE_STATE=getMsg HTTP/1.1" 200 27
120.253.135.82 - - [04/Nov/2020:10:34:50 +0800] "GET /xingrg/all/function/internal_message.html?_=1604457035847&CODE_STATE=getMsg HTTP/1.1" 200 27
180.161.96.95 - - [04/Nov/2020:10:34:53 +0800] "GET /xingrg/kc/buy/cgsh_order_operate.html?command=get_materiel&rest_code=00102&code=00101009066&supplier_code=00100424&order_time=2020-11-04 HTTP/1.1" 200 438
172.17.0.115 - - [04/Nov/2020:10:34:55 +0800] "GET /xingrg/all/function/internal_message.html?_=1604457303579&CODE_STATE=getMsg HTTP/1.1" 200 27
180.162.245.190 - - [04/Nov/2020:10:34:59 +0800] "GET /xingrg/check_reg.html?_=1604457301077 HTTP/1.1" 200 22
180.162.245.190 - - [04/Nov/2020:10:34:59 +0800] "GET /xingrg/all/function/internal_message.html?_=1604457301080&CODE_STATE=getMsg HTTP/1.1" 200 27
180.162.245.190 - - [04/Nov/2020:10:35:00 +0800] "POST /xingrg/kc/buy/cgsh_order_operate.html HTTP/1.1" 200 37
124.77.237.88 - - [04/Nov/2020:10:35:01 +0800] "GET /xingrg/kc/buy/cgsh_order_operate.html?command=get_materiel&rest_code=00107&code=00101007032&supplier_code=00100328&order_time=2020-11-04 HTTP/1.1" 200 413
180.162.245.190 - - [04/Nov/2020:10:35:01 +0800] "POST /xingrg/kc/buy/cgsh_order_operate.html HTTP/1.1" 200 4460
172.17.200.101 - - [04/Nov/2020:10:35:02 +0800] "GET /xingrg/check_reg.html?_=1604457300808 HTTP/1.1" 200 22
172.17.200.101 - - [04/Nov/2020:10:35:02 +0800] "GET /xingrg/all/function/internal_message.html?_=1604457300810&CODE_STATE=getMsg HTTP/1.1" 200 27
180.162.245.190 - - [04/Nov/2020:10:35:03 +0800] "GET /xingrg/kc/print/load_data.html?order_code=212020110401329&kc_code=cgsh&condition= HTTP/1.1" 200 1424
172.17.0.100 - - [04/Nov/2020:10:35:03 +0800] "GET /xingrg/all/function/internal_message.html?_=1604457334467&CODE_STATE=getMsg HTTP/1.1" 200 27
180.162.245.190 - - [04/Nov/2020:10:35:07 +0800] "GET /xingrg/all/function/internal_message.html?_=1604457289163&CODE_STATE=getMsg HTTP/1.1" 200 27
58.40.7.146 - - [04/Nov/2020:10:35:09 +0800] "POST /xingrg/kc/base/wldb_order_operate.html HTTP/1.1" 200 37
114.88.166.242 - - [04/Nov/2020:10:35:09 +0800] "GET /xingrg/all/function/internal_message.html?_=1604457407429&CODE_STATE=getMsg HTTP/1.1" 200 27
58.40.7.146 - - [04/Nov/2020:10:35:09 +0800] "POST /xingrg/kc/base/wldb_order_operate.html HTTP/1.1" 200 125
58.40.7.146 - - [04/Nov/2020:10:35:09 +0800] "POST /xingrg/kc/base/wldb_order_operate.html HTTP/1.1" 200 3158
124.77.237.88 - - [04/Nov/2020:10:35:12 +0800] "POST /xingrg/kc/buy/cgsh_order_operate.html HTTP/1.1" 200 37
180.174.56.115 - - [04/Nov/2020:10:35:13 +0800] "GET /xingrg/all/function/internal_message.html?_=1604457311432&CODE_STATE=getMsg HTTP/1.1" 200 27
124.77.237.88 - - [04/Nov/2020:10:35:14 +0800] "POST /xingrg/kc/buy/cgsh_order_operate.html HTTP/1.1" 200 2658
124.77.237.88 - - [04/Nov/2020:10:35:15 +0800] "GET /xingrg/kc/print/load_data.html?order_code=212020110401330&kc_code=cgsh&condition= HTTP/1.1" 200 671
58.221.95.50 - - [04/Nov/2020:10:35:18 +0800] "GET /xingrg/all/function/internal_message.html?_=1604457505745&CODE_STATE=getMsg HTTP/1.1" 200 27
117.185.32.26 - - [04/Nov/2020:10:35:19 +0800] "GET /xingrg/all/function/internal_message.html?_=1604457744724&CODE_STATE=getMsg HTTP/1.1" 200 27
124.77.237.88 - - [04/Nov/2020:10:35:20 +0800] "GET /xingrg/kc/buy/cgsh_order_add.html HTTP/1.1" 200 60701
124.77.237.88 - - [04/Nov/2020:10:35:21 +0800] "GET /xingrg/javascript/easyui/themes/default/validatebox.css HTTP/1.1" 404 1104
124.77.237.88 - - [04/Nov/2020:10:35:21 +0800] "POST /xingrg/kc/buy/cgsh_order_operate.html HTTP/1.1" 200 8245
180.174.56.115 - - [04/Nov/2020:10:35:22 +0800] "GET /xingrg/all/function/internal_message.html?_=1604457282462&CODE_STATE=getMsg HTTP/1.1" 200 27
124.77.237.88 - - [04/Nov/2020:10:35:22 +0800] "GET /xingrg/javascript/easyui/themes/default/tree.css HTTP/1.1" 404 1090
124.77.237.88 - - [04/Nov/2020:10:35:22 +0800] "POST /xingrg/all/common/load_tree.html?tree=supplier_tree_json&isDelete=1 HTTP/1.1" 200 51727
180.174.56.115 - - [04/Nov/2020:10:35:23 +0800] "GET /xingrg/javascript/jquery_tools/images/next.gif HTTP/1.1" 404 1086
180.174.56.115 - - [04/Nov/2020:10:35:23 +0800] "GET /xingrg/javascript/jquery_tools/images/prev.gif HTTP/1.1" 404 1086
114.88.166.242 - - [04/Nov/2020:10:35:24 +0800] "GET /xingrg/kc/buy/cgsh_order_operate.html?command=get_materiel&rest_code=00111&code=00101010574&supplier_code=00100347&order_time=2020-11-04 HTTP/1.1" 200 395
180.162.245.190 - - [04/Nov/2020:10:35:26 +0800] "GET /xingrg/kc/buy/cgsh_order_add.html HTTP/1.1" 200 60660
180.162.245.190 - - [04/Nov/2020:10:35:27 +0800] "POST /xingrg/kc/buy/cgsh_order_operate.html HTTP/1.1" 200 8245
180.162.245.190 - - [04/Nov/2020:10:35:27 +0800] "GET /xingrg/javascript/easyui/themes/default/validatebox.css HTTP/1.1" 404 1104
180.174.56.115 - - [04/Nov/2020:10:35:27 +0800] "POST /xingrg/kc/buy/cgsh_list_operate.html HTTP/1.1" 200 4448
180.161.96.95 - - [04/Nov/2020:10:35:28 +0800] "GET /xingrg/kc/buy/cgsh_order_operate.html?command=get_materiel&rest_code=00102&code=00101009050&supplier_code=00100424&order_time=2020-11-04 HTTP/1.1" 200 408
114.88.166.242 - - [04/Nov/2020:10:35:30 +0800] "GET /xingrg/check_reg.html?_=1604457326383 HTTP/1.1" 200 22
172.17.0.240 - - [04/Nov/2020:10:35:30 +0800] "GET /xingrg/all/function/internal_message.html?_=1604457328845&CODE_STATE=getMsg HTTP/1.1" 200 27
114.88.166.242 - - [04/Nov/2020:10:35:30 +0800] "GET /xingrg/all/function/internal_message.html?_=1604457326991&CODE_STATE=getMsg HTTP/1.1" 200 27
180.174.56.115 - - [04/Nov/2020:10:35:32 +0800] "POST /xingrg/kc/buy/cgsh_list_operate.html HTTP/1.1" 200 352
58.40.7.146 - - [04/Nov/2020:10:35:33 +0800] "GET /xingrg/all/function/internal_message.html?_=1604457331733&CODE_STATE=getMsg HTTP/1.1" 200 27
222.69.139.194 - - [04/Nov/2020:10:35:34 +0800] "GET /xingrg/all/function/internal_message.html?_=1604457333604&CODE_STATE=getMsg HTTP/1.1" 200 27
180.174.56.115 - - [04/Nov/2020:10:35:35 +0800] "GET /xingrg/kc/buy/cgsh_order_info.html?code=212020110401236 HTTP/1.1" 200 55158
180.174.56.115 - - [04/Nov/2020:10:35:35 +0800] "GET /xingrg/words/20201103195806_words.js HTTP/1.1" 304 -
222.69.139.194 - - [04/Nov/2020:10:35:35 +0800] "GET /xingrg/check_reg.html?_=1604457334782 HTTP/1.1" 200 22
180.174.56.115 - - [04/Nov/2020:10:35:36 +0800] "GET /xingrg/javascript/easyui/themes/default/validatebox.css HTTP/1.1" 404 1104
180.174.56.115 - - [04/Nov/2020:10:35:36 +0800] "POST /xingrg/kc/buy/cgsh_order_operate.html HTTP/1.1" 200 1813
114.84.37.38 - - [04/Nov/2020:10:35:37 +0800] "GET /xingrg/check_reg.html?_=1604457330489 HTTP/1.1" 200 22
114.88.166.242 - - [04/Nov/2020:10:35:38 +0800] "POST /xingrg/kc/buy/cgsh_order_operate.html HTTP/1.1" 200 37
117.131.5.26 - - [04/Nov/2020:10:35:39 +0800] "GET /xingrg/all/function/internal_message.html?_=1604457642774&CODE_STATE=getMsg HTTP/1.1" 302 -
117.131.5.26 - - [04/Nov/2020:10:35:39 +0800] "GET /xingrg/login.html HTTP/1.1" 200 7641
114.88.166.242 - - [04/Nov/2020:10:35:39 +0800] "POST /xingrg/kc/buy/cgsh_order_operate.html HTTP/1.1" 200 6219
180.161.96.95 - - [04/Nov/2020:10:35:41 +0800] "GET /xingrg/all/function/internal_message.html?_=1604457560701&CODE_STATE=getMsg HTTP/1.1" 200 27
172.17.0.120 - - [04/Nov/2020:10:35:41 +0800] "GET /xingrg/all/function/internal_message.html?_=1604457339371&CODE_STATE=getMsg HTTP/1.1" 200 27
114.84.37.38 - - [04/Nov/2020:10:35:42 +0800] "GET /xingrg/all/function/internal_message.html?_=1604457361773&CODE_STATE=getMsg HTTP/1.1" 200 27
120.253.135.82 - - [04/Nov/2020:10:35:43 +0800] "GET /xingrg/check_reg.html?_=1604457089483 HTTP/1.1" 200 22
124.77.237.88 - - [04/Nov/2020:10:35:44 +0800] "GET /xingrg/kc/buy/cgsh_order_operate.html?command=get_materiel&rest_code=00107&code=00101002006&supplier_code=00100091&order_time=2020-11-04 HTTP/1.1" 200 414
172.17.0.101 - - [04/Nov/2020:10:35:44 +0800] "GET /xingrg/all/function/internal_message.html?_=1604457341212&CODE_STATE=getMsg HTTP/1.1" 200 27
124.77.237.88 - - [04/Nov/2020:10:35:44 +0800] "GET /xingrg/check_reg.html?_=1604457347351 HTTP/1.1" 200 22
180.174.56.115 - - [04/Nov/2020:10:35:45 +0800] "POST /xingrg/kc/buy/cgsh_order_operate.html HTTP/1.1" 200 12
124.77.237.88 - - [04/Nov/2020:10:35:45 +0800] "GET /xingrg/all/function/internal_message.html?_=1604457348501&CODE_STATE=getMsg HTTP/1.1" 200 27
180.174.56.115 - - [04/Nov/2020:10:35:46 +0800] "GET /xingrg/kc/buy/cgsh_order_info.html?code=212020110401236 HTTP/1.1" 200 60264
180.174.56.115 - - [04/Nov/2020:10:35:47 +0800] "GET /xingrg/javascript/easyui/themes/default/validatebox.css HTTP/1.1" 404 1104
180.174.56.115 - - [04/Nov/2020:10:35:47 +0800] "POST /xingrg/kc/buy/cgsh_order_operate.html HTTP/1.1" 200 3863
120.253.135.82 - - [04/Nov/2020:10:35:50 +0800] "GET /xingrg/all/function/internal_message.html?_=1604457095847&CODE_STATE=getMsg HTTP/1.1" 200 27
180.161.96.95 - - [04/Nov/2020:10:35:51 +0800] "GET /xingrg/kc/buy/cgsh_order_operate.html?command=get_materiel&rest_code=00102&code=00101009063&supplier_code=00100424&order_time=2020-11-04 HTTP/1.1" 200 410
180.162.245.190 - - [04/Nov/2020:10:35:54 +0800] "GET /xingrg/kc/buy/cgsh_order_operate.html?command=get_materiel&rest_code=00105&code=00101001115&supplier_code=00100089&order_time=2020-11-04 HTTP/1.1" 200 415
172.17.0.115 - - [04/Nov/2020:10:35:54 +0800] "GET /xingrg/check_reg.html?_=1604457363085 HTTP/1.1" 200 22
180.174.56.115 - - [04/Nov/2020:10:35:54 +0800] "POST /xingrg/kc/buy/cgsh_order_operate.html HTTP/1.1" 200 37
172.17.0.115 - - [04/Nov/2020:10:35:55 +0800] "GET /xingrg/all/function/internal_message.html?_=1604457363593&CODE_STATE=getMsg HTTP/1.1" 200 27
58.40.7.146 - - [04/Nov/2020:10:35:56 +0800] "POST /xingrg/kc/base/wldb_order_operate.html HTTP/1.1" 200 37
180.174.56.115 - - [04/Nov/2020:10:35:56 +0800] "POST /xingrg/kc/buy/cgsh_order_operate.html HTTP/1.1" 200 12
180.174.56.115 - - [04/Nov/2020:10:35:57 +0800] "GET /xingrg/kc/buy/cgsh_order_info.html?code=212020110401236 HTTP/1.1" 200 55158
58.40.7.146 - - [04/Nov/2020:10:35:57 +0800] "POST /xingrg/kc/base/wldb_order_operate.html HTTP/1.1" 200 12
58.40.7.146 - - [04/Nov/2020:10:35:57 +0800] "POST /xingrg/kc/base/wldb_order_operate.html HTTP/1.1" 200 3156
180.174.56.115 - - [04/Nov/2020:10:35:58 +0800] "GET /xingrg/javascript/easyui/themes/default/validatebox.css HTTP/1.1" 404 1104
180.174.56.115 - - [04/Nov/2020:10:35:58 +0800] "POST /xingrg/kc/buy/cgsh_order_operate.html HTTP/1.1" 200 1813
58.40.7.146 - - [04/Nov/2020:10:35:59 +0800] "GET /xingrg/kc/base/wldb_order_info.html?code=422020110400378 HTTP/1.1" 200 26727
180.162.245.190 - - [04/Nov/2020:10:35:59 +0800] "GET /xingrg/all/function/internal_message.html?_=1604457361087&CODE_STATE=getMsg HTTP/1.1" 200 27
58.40.7.146 - - [04/Nov/2020:10:35:59 +0800] "GET /xingrg/javascript/easyui/themes/default/validatebox.css HTTP/1.1" 404 1104
58.40.7.146 - - [04/Nov/2020:10:35:59 +0800] "POST /xingrg/kc/base/wldb_order_operate.html HTTP/1.1" 200 1428
124.77.237.88 - - [04/Nov/2020:10:36:00 +0800] "GET /xingrg/kc/buy/cgsh_order_operate.html?command=get_materiel&rest_code=00107&code=00101002034&supplier_code=00100091&order_time=2020-11-04 HTTP/1.1" 200 409
172.17.200.101 - - [04/Nov/2020:10:36:02 +0800] "GET /xingrg/all/function/internal_message.html?_=1604457360808&CODE_STATE=getMsg HTTP/1.1" 200 27
172.17.0.100 - - [04/Nov/2020:10:36:03 +0800] "GET /xingrg/all/function/internal_message.html?_=1604457394458&CODE_STATE=getMsg HTTP/1.1" 200 27
172.17.0.100 - - [04/Nov/2020:10:36:03 +0800] "GET /xingrg/check_reg.html?_=1604457394486 HTTP/1.1" 200 22
172.17.0.108 - - [04/Nov/2020:10:36:06 +0800] "GET /xingrg/check_reg.html?_=1604457365010 HTTP/1.1" 200 22
124.77.237.88 - - [04/Nov/2020:10:36:07 +0800] "POST /xingrg/kc/buy/cgsh_order_operate.html HTTP/1.1" 200 37
180.162.245.190 - - [04/Nov/2020:10:36:07 +0800] "GET /xingrg/all/function/internal_message.html?_=1604457349155&CODE_STATE=getMsg HTTP/1.1" 200 27
124.77.237.88 - - [04/Nov/2020:10:36:09 +0800] "POST /xingrg/kc/buy/cgsh_order_operate.html HTTP/1.1" 200 3252
114.88.166.242 - - [04/Nov/2020:10:36:09 +0800] "GET /xingrg/all/function/internal_message.html?_=1604457467486&CODE_STATE=getMsg HTTP/1.1" 200 27
124.77.237.88 - - [04/Nov/2020:10:36:10 +0800] "GET /xingrg/kc/print/load_data.html?order_code=212020110401332&kc_code=cgsh&condition= HTTP/1.1" 200 967
180.161.96.95 - - [04/Nov/2020:10:36:13 +0800] "POST /xingrg/kc/buy/cgsh_order_operate.html HTTP/1.1" 200 37
180.174.56.115 - - [04/Nov/2020:10:36:13 +0800] "GET /xingrg/all/function/internal_message.html?_=1604457371455&CODE_STATE=getMsg HTTP/1.1" 200 27
124.77.237.88 - - [04/Nov/2020:10:36:14 +0800] "GET /xingrg/kc/buy/cgsh_order_add.html HTTP/1.1" 200 60701
124.77.237.88 - - [04/Nov/2020:10:36:15 +0800] "GET /xingrg/javascript/easyui/themes/default/validatebox.css HTTP/1.1" 404 1104
124.77.237.88 - - [04/Nov/2020:10:36:15 +0800] "POST /xingrg/kc/buy/cgsh_order_operate.html HTTP/1.1" 200 8245
180.161.96.95 - - [04/Nov/2020:10:36:15 +0800] "POST /xingrg/kc/buy/cgsh_order_operate.html HTTP/1.1" 200 12
124.77.237.88 - - [04/Nov/2020:10:36:16 +0800] "GET /xingrg/javascript/easyui/themes/default/tree.css HTTP/1.1" 404 1090
124.77.237.88 - - [04/Nov/2020:10:36:16 +0800] "POST /xingrg/all/common/load_tree.html?tree=supplier_tree_json&isDelete=1 HTTP/1.1" 200 51727
180.161.96.95 - - [04/Nov/2020:10:36:16 +0800] "GET /xingrg/kc/buy/cgsh_order_info.html?code=212020110401333 HTTP/1.1" 200 55473
180.161.96.95 - - [04/Nov/2020:10:36:17 +0800] "GET /xingrg/javascript/easyui/themes/default/validatebox.css HTTP/1.1" 404 1104
180.161.96.95 - - [04/Nov/2020:10:36:18 +0800] "POST /xingrg/kc/buy/cgsh_order_operate.html HTTP/1.1" 200 3562
58.221.95.50 - - [04/Nov/2020:10:36:18 +0800] "GET /xingrg/all/function/internal_message.html?_=1604457565747&CODE_STATE=getMsg HTTP/1.1" 200 27
117.185.32.26 - - [04/Nov/2020:10:36:19 +0800] "GET /xingrg/all/function/internal_message.html?_=1604457804749&CODE_STATE=getMsg HTTP/1.1" 200 27
180.161.96.95 - - [04/Nov/2020:10:36:20 +0800] "GET /xingrg/kc/print/load_data.html?order_code=212020110401333&kc_code=cgsh&condition= HTTP/1.1" 200 1807
180.174.56.115 - - [04/Nov/2020:10:36:22 +0800] "GET /xingrg/all/function/internal_message.html?_=1604457342477&CODE_STATE=getMsg HTTP/1.1" 200 27
172.17.0.240 - - [04/Nov/2020:10:36:30 +0800] "GET /xingrg/all/function/internal_message.html?_=1604457388847&CODE_STATE=getMsg HTTP/1.1" 200 27
114.88.166.242 - - [04/Nov/2020:10:36:30 +0800] "GET /xingrg/all/function/internal_message.html?_=1604457386999&CODE_STATE=getMsg HTTP/1.1" 200 27
58.40.7.146 - - [04/Nov/2020:10:36:33 +0800] "GET /xingrg/all/function/internal_message.html?_=1604457391712&CODE_STATE=getMsg HTTP/1.1" 200 27
222.69.139.194 - - [04/Nov/2020:10:36:34 +0800] "GET /xingrg/all/function/internal_message.html?_=1604457393587&CODE_STATE=getMsg HTTP/1.1" 200 27
117.131.5.26 - - [04/Nov/2020:10:36:39 +0800] "GET /xingrg/all/function/internal_message.html?_=1604457702889&CODE_STATE=getMsg HTTP/1.1" 302 -
117.131.5.26 - - [04/Nov/2020:10:36:39 +0800] "GET /xingrg/login.html HTTP/1.1" 200 7641
172.17.0.120 - - [04/Nov/2020:10:36:41 +0800] "GET /xingrg/all/function/internal_message.html?_=1604457399360&CODE_STATE=getMsg HTTP/1.1" 200 27
180.161.96.95 - - [04/Nov/2020:10:36:41 +0800] "GET /xingrg/all/function/internal_message.html?_=1604457620715&CODE_STATE=getMsg HTTP/1.1" 200 27
114.84.37.38 - - [04/Nov/2020:10:36:42 +0800] "GET /xingrg/check_reg.html?_=1604457421568 HTTP/1.1" 200 22
114.84.37.38 - - [04/Nov/2020:10:36:42 +0800] "GET /xingrg/all/function/internal_message.html?_=1604457421787&CODE_STATE=getMsg HTTP/1.1" 200 27
172.17.0.101 - - [04/Nov/2020:10:36:44 +0800] "GET /xingrg/all/function/internal_message.html?_=1604457401212&CODE_STATE=getMsg HTTP/1.1" 200 27
172.17.0.101 - - [04/Nov/2020:10:36:44 +0800] "GET /xingrg/check_reg.html?_=1604457401214 HTTP/1.1" 200 22
124.77.237.88 - - [04/Nov/2020:10:36:45 +0800] "GET /xingrg/all/function/internal_message.html?_=1604457408478&CODE_STATE=getMsg HTTP/1.1" 200 27
120.253.135.82 - - [04/Nov/2020:10:36:50 +0800] "GET /xingrg/all/function/internal_message.html?_=1604457155861&CODE_STATE=getMsg HTTP/1.1" 200 27
172.17.0.115 - - [04/Nov/2020:10:36:55 +0800] "GET /xingrg/all/function/internal_message.html?_=1604457423607&CODE_STATE=getMsg HTTP/1.1" 200 27
180.162.245.190 - - [04/Nov/2020:10:36:59 +0800] "GET /xingrg/all/function/internal_message.html?_=1604457421132&CODE_STATE=getMsg HTTP/1.1" 200 27
172.17.200.101 - - [04/Nov/2020:10:37:02 +0800] "GET /xingrg/all/function/internal_message.html?_=1604457420808&CODE_STATE=getMsg HTTP/1.1" 200 27
172.17.0.100 - - [04/Nov/2020:10:37:03 +0800] "GET /xingrg/all/function/internal_message.html?_=1604457454496&CODE_STATE=getMsg HTTP/1.1" 200 27
124.77.237.88 - - [04/Nov/2020:10:37:04 +0800] "GET /xingrg/kc/buy/cgsh_order_operate.html?command=get_materiel&rest_code=00107&code=00101006179&supplier_code=00100323&order_time=2020-11-04 HTTP/1.1" 200 419
180.162.245.190 - - [04/Nov/2020:10:37:07 +0800] "GET /xingrg/all/function/internal_message.html?_=1604457409157&CODE_STATE=getMsg HTTP/1.1" 200 27
180.162.245.190 - - [04/Nov/2020:10:37:07 +0800] "GET /xingrg/check_reg.html?_=1604457409158 HTTP/1.1" 200 22
114.88.166.242 - - [04/Nov/2020:10:37:09 +0800] "GET /xingrg/all/function/internal_message.html?_=1604457527437&CODE_STATE=getMsg HTTP/1.1" 200 27
180.174.56.115 - - [04/Nov/2020:10:37:13 +0800] "GET /xingrg/check_reg.html?_=1604457431460 HTTP/1.1" 200 22
180.174.56.115 - - [04/Nov/2020:10:37:13 +0800] "GET /xingrg/all/function/internal_message.html?_=1604457431456&CODE_STATE=getMsg HTTP/1.1" 200 27
58.221.95.50 - - [04/Nov/2020:10:37:18 +0800] "GET /xingrg/check_reg.html?_=1604457625746 HTTP/1.1" 200 22
58.221.95.50 - - [04/Nov/2020:10:37:18 +0800] "GET /xingrg/all/function/internal_message.html?_=1604457625750&CODE_STATE=getMsg HTTP/1.1" 200 27
117.185.32.26 - - [04/Nov/2020:10:37:19 +0800] "GET /xingrg/all/function/internal_message.html?_=1604457864747&CODE_STATE=getMsg HTTP/1.1" 200 27
117.185.32.26 - - [04/Nov/2020:10:37:19 +0800] "GET /xingrg/check_reg.html?_=1604457864748 HTTP/1.1" 200 22
180.174.56.115 - - [04/Nov/2020:10:37:22 +0800] "GET /xingrg/check_reg.html?_=1604457402302 HTTP/1.1" 200 22
180.174.56.115 - - [04/Nov/2020:10:37:22 +0800] "GET /xingrg/all/function/internal_message.html?_=1604457402492&CODE_STATE=getMsg HTTP/1.1" 200 27
180.162.245.190 - - [04/Nov/2020:10:37:23 +0800] "POST /xingrg/kc/buy/cgsh_order_operate.html HTTP/1.1" 200 37
180.162.245.190 - - [04/Nov/2020:10:37:25 +0800] "POST /xingrg/kc/buy/cgsh_order_operate.html HTTP/1.1" 200 2659
172.17.0.240 - - [04/Nov/2020:10:37:30 +0800] "GET /xingrg/all/function/internal_message.html?_=1604457448846&CODE_STATE=getMsg HTTP/1.1" 200 27
172.17.0.240 - - [04/Nov/2020:10:37:30 +0800] "GET /xingrg/check_reg.html?_=1604457448852 HTTP/1.1" 200 22
114.88.166.242 - - [04/Nov/2020:10:37:30 +0800] "GET /xingrg/all/function/internal_message.html?_=1604457447019&CODE_STATE=getMsg HTTP/1.1" 200 27
58.40.7.146 - - [04/Nov/2020:10:37:33 +0800] "GET /xingrg/all/function/internal_message.html?_=1604457451683&CODE_STATE=getMsg HTTP/1.1" 200 27
58.40.7.146 - - [04/Nov/2020:10:37:34 +0800] "GET /xingrg/check_reg.html?_=1604457452559 HTTP/1.1" 200 22
222.69.139.194 - - [04/Nov/2020:10:37:34 +0800] "GET /xingrg/all/function/internal_message.html?_=1604457453570&CODE_STATE=getMsg HTTP/1.1" 200 27
172.17.0.120 - - [04/Nov/2020:10:37:35 +0800] "POST /xingrg/all/user/operate.html HTTP/1.1" 200 36
172.17.0.120 - - [04/Nov/2020:10:37:35 +0800] "GET /xingrg/javascript/jquery_easy_ui/themes/default/easyui.css HTTP/1.1" 304 -
172.17.0.120 - - [04/Nov/2020:10:37:35 +0800] "GET /xingrg/javascript/jquery_easy_ui/themes/icon.css HTTP/1.1" 304 -
172.17.0.120 - - [04/Nov/2020:10:37:35 +0800] "GET /xingrg/index.html?sysBaseUrl=http%3A%2F%2F172.17.0.8%3A18081%2Fxingrg%2F&costTime=95×tamp=1604452177227 HTTP/1.1" 200 17448
172.17.0.120 - - [04/Nov/2020:10:37:35 +0800] "GET /xingrg/css/form.css HTTP/1.1" 304 -
172.17.0.120 - - [04/Nov/2020:10:37:35 +0800] "GET /xingrg/javascript/jquery-1.4.2.min.js HTTP/1.1" 304 -
172.17.0.120 - - [04/Nov/2020:10:37:35 +0800] "GET /xingrg/javascript/jquery_easy_ui/jquery.easyui.min.js HTTP/1.1" 304 -
172.17.0.120 - - [04/Nov/2020:10:37:35 +0800] "GET /xingrg/javascript/jquery_easy_ui/easyui-lang-zh_CN.js HTTP/1.1" 304 -
172.17.0.120 - - [04/Nov/2020:10:37:35 +0800] "GET /xingrg/javascript/jquery.form.js HTTP/1.1" 304 -
172.17.0.120 - - [04/Nov/2020:10:37:35 +0800] "GET /xingrg/javascript/jquery.utils.js HTTP/1.1" 304 -
172.17.0.120 - - [04/Nov/2020:10:37:35 +0800] "GET /xingrg/javascript/jquery.timers.js HTTP/1.1" 304 -
172.17.0.120 - - [04/Nov/2020:10:37:35 +0800] "GET /xingrg/images/blue/jxLogo.png HTTP/1.1" 304 -
172.17.0.120 - - [04/Nov/2020:10:37:35 +0800] "GET /xingrg/javascript/jquery_easy_ui/themes/icons/settle_new.png HTTP/1.1" 304 -
172.17.0.120 - - [04/Nov/2020:10:37:35 +0800] "GET /xingrg/images/blue/navBackgound.jpg HTTP/1.1" 304 -
172.17.0.120 - - [04/Nov/2020:10:37:35 +0800] "POST /xingrg/all/common/load_tree.html?tree=area_rest_tree_json&manage=1 HTTP/1.1" 200 3350
172.17.0.120 - - [04/Nov/2020:10:37:35 +0800] "GET /xingrg/all/function/internal_message.html?_=1604457453294&CODE_STATE=count HTTP/1.1" 200 11
172.17.0.120 - - [04/Nov/2020:10:37:35 +0800] "GET /xingrg/check_reg.html?_=1604457453295 HTTP/1.1" 200 22
172.17.0.120 - - [04/Nov/2020:10:37:35 +0800] "GET /xingrg/javascript/jquery_easy_ui/themes/default/images/tabs_rightarrow.png HTTP/1.1" 304 -
172.17.0.120 - - [04/Nov/2020:10:37:35 +0800] "GET /xingrg/images/blue/pingpu.png HTTP/1.1" 304 -
172.17.0.120 - - [04/Nov/2020:10:37:35 +0800] "GET /xingrg/javascript/jquery_easy_ui/themes/default/images/panel_tool_collapse.gif HTTP/1.1" 304 -
172.17.0.120 - - [04/Nov/2020:10:37:35 +0800] "GET /xingrg/javascript/jquery_easy_ui/themes/default/images/panel_tool_expand.gif HTTP/1.1" 304 -
172.17.0.120 - - [04/Nov/2020:10:37:35 +0800] "GET /xingrg/javascript/jquery_easy_ui/themes/default/images/tabs_leftarrow.png HTTP/1.1" 304 -
172.17.0.120 - - [04/Nov/2020:10:37:35 +0800] "POST /xingrg/load_menu.html HTTP/1.1" 200 9924
180.161.96.95 - - [04/Nov/2020:10:37:38 +0800] "GET /xingrg/check_reg.html?_=1604457678329 HTTP/1.1" 200 22
172.17.0.120 - - [04/Nov/2020:10:37:40 +0800] "POST /xingrg/all/user/operate.html HTTP/1.1" 200 36
172.17.0.120 - - [04/Nov/2020:10:37:40 +0800] "GET /xingrg/javascript/jquery_easy_ui/themes/default/easyui.css HTTP/1.1" 304 -
172.17.0.120 - - [04/Nov/2020:10:37:40 +0800] "GET /xingrg/javascript/jquery_easy_ui/themes/icon.css HTTP/1.1" 304 -
172.17.0.120 - - [04/Nov/2020:10:37:41 +0800] "GET /xingrg/css/form.css HTTP/1.1" 304 -
172.17.0.120 - - [04/Nov/2020:10:37:41 +0800] "GET /xingrg/index.html?sysBaseUrl=http%3A%2F%2F172.17.0.8%3A18081%2Fxingrg%2F&costTime=95×tamp=1604452177227 HTTP/1.1" 200 17454
172.17.0.120 - - [04/Nov/2020:10:37:41 +0800] "GET /xingrg/javascript/jquery-1.4.2.min.js HTTP/1.1" 304 -
172.17.0.120 - - [04/Nov/2020:10:37:41 +0800] "GET /xingrg/javascript/jquery_easy_ui/jquery.easyui.min.js HTTP/1.1" 304 -
180.161.96.95 - - [04/Nov/2020:10:37:41 +0800] "GET /xingrg/all/function/internal_message.html?_=1604457680729&CODE_STATE=getMsg HTTP/1.1" 200 27
172.17.0.120 - - [04/Nov/2020:10:37:41 +0800] "GET /xingrg/javascript/jquery_easy_ui/easyui-lang-zh_CN.js HTTP/1.1" 304 -
