222.69.140.126 - - [03/Nov/2020:10:33:01 +0800] "GET /xingrg/kc/buy/cgsh_order_operate.html?command=get_materiel&rest_code=00149&code=00101008096&supplier_code=00100005&order_time=2020-11-03 HTTP/1.1" 200 413
114.88.166.242 - - [03/Nov/2020:10:33:03 +0800] "GET /xingrg/kc/buy/cgsh_order_add.html HTTP/1.1" 200 60613
114.88.166.242 - - [03/Nov/2020:10:33:04 +0800] "GET /xingrg/javascript/easyui/themes/default/validatebox.css HTTP/1.1" 404 1104
114.88.166.242 - - [03/Nov/2020:10:33:04 +0800] "POST /xingrg/kc/buy/cgsh_order_operate.html HTTP/1.1" 200 8245
172.17.0.120 - - [03/Nov/2020:10:33:04 +0800] "POST /xingrg/login.do HTTP/1.1" 302 -
172.17.0.120 - - [03/Nov/2020:10:33:04 +0800] "GET /xingrg/index.html?sysBaseUrl=http%3A%2F%2F172.17.0.8%3A18081%2Fxingrg%2F&costTime=42×tamp=1604370784158 HTTP/1.1" 200 17448
172.17.0.120 - - [03/Nov/2020:10:33:04 +0800] "GET /favicon.ico HTTP/1.1" 404 -
172.17.0.120 - - [03/Nov/2020:10:33:04 +0800] "POST /xingrg/all/common/load_tree.html?tree=area_rest_tree_json&manage=1 HTTP/1.1" 200 3350
172.17.0.120 - - [03/Nov/2020:10:33:04 +0800] "GET /xingrg/all/function/internal_message.html?_=1604370782486&CODE_STATE=count HTTP/1.1" 200 11
172.17.0.120 - - [03/Nov/2020:10:33:04 +0800] "GET /xingrg/check_reg.html?_=1604370782486 HTTP/1.1" 200 22
172.17.0.120 - - [03/Nov/2020:10:33:04 +0800] "GET /xingrg/images/blue/pingpu.png HTTP/1.1" 200 231
172.17.0.120 - - [03/Nov/2020:10:33:04 +0800] "GET /xingrg/javascript/jquery_easy_ui/themes/default/images/panel_tool_expand.gif HTTP/1.1" 304 -
172.17.0.120 - - [03/Nov/2020:10:33:04 +0800] "GET /xingrg/javascript/jquery_easy_ui/themes/default/images/panel_tool_collapse.gif HTTP/1.1" 304 -
172.17.0.120 - - [03/Nov/2020:10:33:04 +0800] "POST /xingrg/load_menu.html HTTP/1.1" 200 11408
172.17.0.120 - - [03/Nov/2020:10:33:04 +0800] "GET /xingrg/javascript/jquery_easy_ui/themes/icons/delivery_new.png HTTP/1.1" 200 700
222.69.140.126 - - [03/Nov/2020:10:33:09 +0800] "GET /xingrg/kc/buy/cgsh_order_operate.html?command=get_materiel&rest_code=00149&code=00101008358&supplier_code=00100005&order_time=2020-11-03 HTTP/1.1" 200 412
114.88.166.242 - - [03/Nov/2020:10:33:10 +0800] "GET /xingrg/kc/buy/cgsh_order_operate.html?command=get_materiel&rest_code=00111&code=00101001016&supplier_code=00100313&order_time=2020-11-03 HTTP/1.1" 200 415
120.204.17.72 - - [03/Nov/2020:10:33:10 +0800] "GET /xingrg/all/function/internal_message.html?_=1604369981217&CODE_STATE=getMsg HTTP/1.1" 302 -
222.69.140.126 - - [03/Nov/2020:10:33:11 +0800] "GET /xingrg/all/function/internal_message.html?_=1604370789725&CODE_STATE=getMsg HTTP/1.1" 200 27
222.69.140.126 - - [03/Nov/2020:10:33:11 +0800] "GET /xingrg/check_reg.html?_=1604370789729 HTTP/1.1" 200 22
114.84.145.85 - - [03/Nov/2020:10:33:14 +0800] "GET /xingrg/all/function/internal_message.html?_=1604370385844&CODE_STATE=getMsg HTTP/1.1" 200 27
180.161.96.95 - - [03/Nov/2020:10:33:14 +0800] "GET /xingrg/all/function/internal_message.html?_=1604371015297&CODE_STATE=getMsg HTTP/1.1" 200 27
222.69.140.126 - - [03/Nov/2020:10:33:18 +0800] "GET /xingrg/kc/buy/cgsh_order_operate.html?command=get_materiel&rest_code=00149&code=00101008370&supplier_code=00100005&order_time=2020-11-03 HTTP/1.1" 200 412
120.204.17.72 - - [03/Nov/2020:10:33:18 +0800] "GET /xingrg/login.html HTTP/1.1" 200 7641
114.88.166.242 - - [03/Nov/2020:10:33:19 +0800] "GET /xingrg/kc/buy/cgsh_order_operate.html?command=get_materiel&rest_code=00111&code=00102026001&supplier_code=00100313&order_time=2020-11-03 HTTP/1.1" 200 409
180.174.56.115 - - [03/Nov/2020:10:33:22 +0800] "GET /xingrg/all/function/internal_message.html?_=1604370801167&CODE_STATE=getMsg HTTP/1.1" 200 27
114.88.166.242 - - [03/Nov/2020:10:33:24 +0800] "POST /xingrg/kc/buy/cgsh_order_operate.html HTTP/1.1" 200 37
114.88.166.242 - - [03/Nov/2020:10:33:25 +0800] "POST /xingrg/kc/buy/cgsh_order_operate.html HTTP/1.1" 200 3247
114.88.166.242 - - [03/Nov/2020:10:33:26 +0800] "GET /xingrg/kc/print/load_data.html?order_code=212020110300912&kc_code=cgsh&condition= HTTP/1.1" 200 891
180.161.96.95 - - [03/Nov/2020:10:33:27 +0800] "GET /xingrg/check_reg.html?_=1604370807739 HTTP/1.1" 200 22
180.161.96.95 - - [03/Nov/2020:10:33:27 +0800] "GET /xingrg/all/function/internal_message.html?_=1604370807857&CODE_STATE=getMsg HTTP/1.1" 200 27
114.86.229.60 - - [03/Nov/2020:10:33:28 +0800] "GET /xingrg/check_reg.html?_=1604371005271 HTTP/1.1" 200 22
114.86.229.60 - - [03/Nov/2020:10:33:28 +0800] "GET /xingrg/all/function/internal_message.html?_=1604371005271&CODE_STATE=getMsg HTTP/1.1" 200 27
114.88.166.242 - - [03/Nov/2020:10:33:31 +0800] "GET /xingrg/kc/buy/cgsh_order_add.html HTTP/1.1" 200 60613
114.88.166.242 - - [03/Nov/2020:10:33:31 +0800] "GET /xingrg/javascript/easyui/themes/default/validatebox.css HTTP/1.1" 404 1104
114.88.166.242 - - [03/Nov/2020:10:33:31 +0800] "POST /xingrg/kc/buy/cgsh_order_operate.html HTTP/1.1" 200 8245
172.17.200.101 - - [03/Nov/2020:10:33:32 +0800] "GET /xingrg/all/function/internal_message.html?_=1604370810482&CODE_STATE=getMsg HTTP/1.1" 200 27
172.17.0.115 - - [03/Nov/2020:10:33:32 +0800] "GET /xingrg/all/function/internal_message.html?_=1604370817842&CODE_STATE=getMsg HTTP/1.1" 302 -
180.162.245.190 - - [03/Nov/2020:10:33:34 +0800] "GET /xingrg/all/function/internal_message.html?_=1604370816511&CODE_STATE=getMsg HTTP/1.1" 200 27
58.40.7.146 - - [03/Nov/2020:10:33:41 +0800] "GET /xingrg/all/function/internal_message.html?_=1604370820073&CODE_STATE=getMsg HTTP/1.1" 200 27
114.88.166.242 - - [03/Nov/2020:10:33:42 +0800] "GET /xingrg/kc/buy/cgsh_order_operate.html?command=get_materiel&rest_code=00111&code=00101004046&supplier_code=00100312&order_time=2020-11-03 HTTP/1.1" 200 417
117.185.32.26 - - [03/Nov/2020:10:33:43 +0800] "GET /xingrg/all/function/internal_message.html?_=1604370821216&CODE_STATE=getMsg HTTP/1.1" 200 27
124.77.237.88 - - [03/Nov/2020:10:33:43 +0800] "GET /xingrg/all/function/internal_message.html?_=1604370823710&CODE_STATE=getMsg HTTP/1.1" 200 27
120.253.135.82 - - [03/Nov/2020:10:33:43 +0800] "GET /xingrg/all/function/internal_message.html?_=1604370568077&CODE_STATE=getMsg HTTP/1.1" 200 27
117.184.7.26 - - [03/Nov/2020:10:33:45 +0800] "GET /xingrg/all/function/internal_message.html?_=1604370821128&CODE_STATE=getMsg HTTP/1.1" 200 27
114.88.166.242 - - [03/Nov/2020:10:33:49 +0800] "GET /xingrg/kc/buy/cgsh_order_operate.html?command=get_materiel&rest_code=00111&code=00101004067&supplier_code=00100312&order_time=2020-11-03 HTTP/1.1" 200 413
114.88.166.242 - - [03/Nov/2020:10:33:50 +0800] "GET /xingrg/all/function/internal_message.html?_=1604370929813&CODE_STATE=getMsg HTTP/1.1" 200 27
180.162.245.190 - - [03/Nov/2020:10:33:51 +0800] "GET /xingrg/kc/buy/cgsh_order_list.html HTTP/1.1" 200 44875
180.162.245.190 - - [03/Nov/2020:10:33:52 +0800] "POST /xingrg/kc/buy/cgsh_list_operate.html HTTP/1.1" 200 3837
114.84.37.38 - - [03/Nov/2020:10:33:56 +0800] "GET /xingrg/all/function/internal_message.html?_=1604370852557&CODE_STATE=getMsg HTTP/1.1" 200 27
114.88.166.242 - - [03/Nov/2020:10:33:57 +0800] "GET /xingrg/kc/buy/cgsh_order_operate.html?command=get_materiel&rest_code=00111&code=00101004027&supplier_code=00100312&order_time=2020-11-03 HTTP/1.1" 200 409
222.69.140.126 - - [03/Nov/2020:10:33:57 +0800] "GET /xingrg/kc/buy/cgsh_order_operate.html?command=get_materiel&rest_code=00149&code=00101008126&supplier_code=00100005&order_time=2020-11-03 HTTP/1.1" 200 412
180.174.56.115 - - [03/Nov/2020:10:33:58 +0800] "GET /xingrg/all/function/internal_message.html?_=1604370800766&CODE_STATE=getMsg HTTP/1.1" 200 27
114.88.166.242 - - [03/Nov/2020:10:34:02 +0800] "GET /xingrg/kc/buy/cgsh_order_operate.html?command=get_materiel&rest_code=00111&code=00101001096&supplier_code=00100312&order_time=2020-11-03 HTTP/1.1" 200 412
172.17.0.120 - - [03/Nov/2020:10:34:04 +0800] "GET /xingrg/all/function/internal_message.html?_=1604370842506&CODE_STATE=getMsg HTTP/1.1" 200 27
114.88.166.242 - - [03/Nov/2020:10:34:08 +0800] "GET /xingrg/kc/buy/cgsh_order_operate.html?command=get_materiel&rest_code=00111&code=00101001138&supplier_code=00100312&order_time=2020-11-03 HTTP/1.1" 200 413
222.69.140.126 - - [03/Nov/2020:10:34:10 +0800] "GET /xingrg/kc/buy/cgsh_order_operate.html?command=get_materiel&rest_code=00149&code=00101008355&supplier_code=00100005&order_time=2020-11-03 HTTP/1.1" 200 408
222.69.140.126 - - [03/Nov/2020:10:34:11 +0800] "GET /xingrg/all/function/internal_message.html?_=1604370849713&CODE_STATE=getMsg HTTP/1.1" 200 27
172.17.0.115 - - [03/Nov/2020:10:34:13 +0800] "GET /xingrg/check_reg.html?_=1604370859122 HTTP/1.1" 302 -
114.88.166.242 - - [03/Nov/2020:10:34:14 +0800] "POST /xingrg/kc/buy/cgsh_order_operate.html HTTP/1.1" 200 37
114.84.145.85 - - [03/Nov/2020:10:34:14 +0800] "GET /xingrg/all/function/internal_message.html?_=1604370445842&CODE_STATE=getMsg HTTP/1.1" 200 27
180.161.96.95 - - [03/Nov/2020:10:34:14 +0800] "GET /xingrg/all/function/internal_message.html?_=1604371075417&CODE_STATE=getMsg HTTP/1.1" 200 27
114.88.166.242 - - [03/Nov/2020:10:34:14 +0800] "POST /xingrg/kc/buy/cgsh_order_operate.html HTTP/1.1" 200 5044
114.88.166.242 - - [03/Nov/2020:10:34:15 +0800] "GET /xingrg/kc/print/load_data.html?order_code=212020110300913&kc_code=cgsh&condition= HTTP/1.1" 200 1592
114.88.166.242 - - [03/Nov/2020:10:34:20 +0800] "GET /xingrg/kc/buy/cgsh_order_add.html HTTP/1.1" 200 60613
114.88.166.242 - - [03/Nov/2020:10:34:20 +0800] "POST /xingrg/kc/buy/cgsh_order_operate.html HTTP/1.1" 200 8245
114.88.166.242 - - [03/Nov/2020:10:34:21 +0800] "GET /xingrg/javascript/easyui/themes/default/validatebox.css HTTP/1.1" 404 1104
180.174.56.115 - - [03/Nov/2020:10:34:22 +0800] "GET /xingrg/all/function/internal_message.html?_=1604370861168&CODE_STATE=getMsg HTTP/1.1" 200 27
222.69.140.126 - - [03/Nov/2020:10:34:22 +0800] "GET /xingrg/kc/buy/cgsh_order_operate.html?command=get_materiel&rest_code=00149&code=00101008356&supplier_code=00100005&order_time=2020-11-03 HTTP/1.1" 200 408
114.86.229.60 - - [03/Nov/2020:10:34:25 +0800] "GET /xingrg/all/function/internal_message.html?_=1604371065273&CODE_STATE=getMsg HTTP/1.1" 200 27
114.88.166.242 - - [03/Nov/2020:10:34:26 +0800] "GET /xingrg/kc/buy/cgsh_order_operate.html?command=get_materiel&rest_code=00111&code=00101001019&supplier_code=00100318&order_time=2020-11-03 HTTP/1.1" 200 414
180.161.96.95 - - [03/Nov/2020:10:34:27 +0800] "GET /xingrg/all/function/internal_message.html?_=1604370867870&CODE_STATE=getMsg HTTP/1.1" 200 27
120.253.135.82 - - [03/Nov/2020:10:34:28 +0800] "GET /xingrg/check_reg.html?_=1604370613167 HTTP/1.1" 200 22
172.17.200.101 - - [03/Nov/2020:10:34:32 +0800] "GET /xingrg/all/function/internal_message.html?_=1604370870488&CODE_STATE=getMsg HTTP/1.1" 200 27
172.17.0.115 - - [03/Nov/2020:10:34:32 +0800] "GET /xingrg/all/function/internal_message.html?_=1604370877878&CODE_STATE=getMsg HTTP/1.1" 302 -
180.162.245.190 - - [03/Nov/2020:10:34:34 +0800] "GET /xingrg/all/function/internal_message.html?_=1604370876492&CODE_STATE=getMsg HTTP/1.1" 200 27
180.162.245.190 - - [03/Nov/2020:10:34:34 +0800] "GET /xingrg/check_reg.html?_=1604370876528 HTTP/1.1" 200 22
180.161.96.95 - - [03/Nov/2020:10:34:35 +0800] "POST /xingrg/kc/buy/cgsh_order_operate.html HTTP/1.1" 200 37
114.88.166.242 - - [03/Nov/2020:10:34:35 +0800] "POST /xingrg/kc/buy/cgsh_order_operate.html HTTP/1.1" 200 88
172.17.0.101 - - [03/Nov/2020:10:34:36 +0800] "GET /xingrg/check_reg.html?_=1604370873825 HTTP/1.1" 200 22
114.88.166.242 - - [03/Nov/2020:10:34:38 +0800] "POST /xingrg/kc/buy/cgsh_order_operate.html HTTP/1.1" 200 37
222.69.140.126 - - [03/Nov/2020:10:34:38 +0800] "GET /xingrg/kc/buy/cgsh_order_operate.html?command=get_materiel&rest_code=00149&code=00101008251&supplier_code=00100005&order_time=2020-11-03 HTTP/1.1" 200 408
180.161.96.95 - - [03/Nov/2020:10:34:38 +0800] "POST /xingrg/kc/buy/cgsh_order_operate.html HTTP/1.1" 200 12
114.88.166.242 - - [03/Nov/2020:10:34:39 +0800] "POST /xingrg/kc/buy/cgsh_order_operate.html HTTP/1.1" 200 2663
114.88.166.242 - - [03/Nov/2020:10:34:40 +0800] "GET /xingrg/kc/print/load_data.html?order_code=212020110300916&kc_code=cgsh&condition= HTTP/1.1" 200 689
180.161.96.95 - - [03/Nov/2020:10:34:40 +0800] "GET /xingrg/kc/buy/cgsh_order_info.html?code=212020110300914 HTTP/1.1" 200 55473
58.40.7.146 - - [03/Nov/2020:10:34:41 +0800] "GET /xingrg/all/function/internal_message.html?_=1604370880076&CODE_STATE=getMsg HTTP/1.1" 200 27
58.40.7.146 - - [03/Nov/2020:10:34:41 +0800] "GET /xingrg/check_reg.html?_=1604370880078 HTTP/1.1" 200 22
180.161.96.95 - - [03/Nov/2020:10:34:41 +0800] "GET /xingrg/javascript/easyui/themes/default/validatebox.css HTTP/1.1" 404 1104
180.161.96.95 - - [03/Nov/2020:10:34:41 +0800] "POST /xingrg/kc/buy/cgsh_order_operate.html HTTP/1.1" 200 3597
117.185.32.26 - - [03/Nov/2020:10:34:43 +0800] "GET /xingrg/all/function/internal_message.html?_=1604370881217&CODE_STATE=getMsg HTTP/1.1" 200 27
124.77.237.88 - - [03/Nov/2020:10:34:43 +0800] "GET /xingrg/all/function/internal_message.html?_=1604370883742&CODE_STATE=getMsg HTTP/1.1" 200 27
120.253.135.82 - - [03/Nov/2020:10:34:43 +0800] "GET /xingrg/all/function/internal_message.html?_=1604370628081&CODE_STATE=getMsg HTTP/1.1" 200 27
180.161.96.95 - - [03/Nov/2020:10:34:43 +0800] "GET /xingrg/kc/print/load_data.html?order_code=212020110300914&kc_code=cgsh&condition= HTTP/1.1" 200 1925
114.88.166.242 - - [03/Nov/2020:10:34:44 +0800] "GET /xingrg/kc/buy/cgsh_order_add.html HTTP/1.1" 200 60613
114.88.166.242 - - [03/Nov/2020:10:34:44 +0800] "POST /xingrg/kc/buy/cgsh_order_operate.html HTTP/1.1" 200 8245
114.88.166.242 - - [03/Nov/2020:10:34:44 +0800] "GET /xingrg/javascript/easyui/themes/default/validatebox.css HTTP/1.1" 404 1104
117.184.7.26 - - [03/Nov/2020:10:34:45 +0800] "GET /xingrg/all/function/internal_message.html?_=1604370881134&CODE_STATE=getMsg HTTP/1.1" 200 27
180.161.96.95 - - [03/Nov/2020:10:34:49 +0800] "GET /xingrg/kc/buy/cgsh_order_add.html HTTP/1.1" 200 60572
180.161.96.95 - - [03/Nov/2020:10:34:49 +0800] "POST /xingrg/kc/buy/cgsh_order_operate.html HTTP/1.1" 200 8245
180.161.96.95 - - [03/Nov/2020:10:34:50 +0800] "GET /xingrg/javascript/easyui/themes/default/validatebox.css HTTP/1.1" 404 1104
114.88.166.242 - - [03/Nov/2020:10:34:50 +0800] "GET /xingrg/all/function/internal_message.html?_=1604370989802&CODE_STATE=getMsg HTTP/1.1" 200 27
120.204.17.72 - - [03/Nov/2020:10:34:54 +0800] "GET /xingrg/all/function/internal_message.html?_=1604370101220&CODE_STATE=getMsg HTTP/1.1" 302 -
114.88.166.242 - - [03/Nov/2020:10:34:54 +0800] "GET /xingrg/kc/buy/cgsh_order_operate.html?command=get_materiel&rest_code=00111&code=00102010604&supplier_code=00100347&order_time=2020-11-03 HTTP/1.1" 200 412
114.84.37.38 - - [03/Nov/2020:10:34:57 +0800] "GET /xingrg/all/function/internal_message.html?_=1604370912860&CODE_STATE=getMsg HTTP/1.1" 200 27
114.88.166.242 - - [03/Nov/2020:10:34:58 +0800] "GET /xingrg/kc/buy/cgsh_order_operate.html?command=get_materiel&rest_code=00111&code=00101012046&supplier_code=00100347&order_time=2020-11-03 HTTP/1.1" 200 417
183.192.164.85 - - [03/Nov/2020:10:34:58 +0800] "GET /xingrg/check_reg.html?_=1604370161220 HTTP/1.1" 302 -
180.174.56.115 - - [03/Nov/2020:10:34:58 +0800] "GET /xingrg/all/function/internal_message.html?_=1604370860780&CODE_STATE=getMsg HTTP/1.1" 200 27
120.204.17.72 - - [03/Nov/2020:10:35:00 +0800] "GET /xingrg/login.html HTTP/1.1" 200 7641
172.17.0.120 - - [03/Nov/2020:10:35:01 +0800] "GET /xingrg/kc/report/report_main.html HTTP/1.1" 200 9350
172.17.0.120 - - [03/Nov/2020:10:35:01 +0800] "GET /xingrg/javascript/json2.js HTTP/1.1" 200 11259
183.192.164.85 - - [03/Nov/2020:10:35:04 +0800] "GET /xingrg/login.html HTTP/1.1" 200 7641
172.17.0.120 - - [03/Nov/2020:10:35:04 +0800] "GET /xingrg/all/function/internal_message.html?_=1604370902510&CODE_STATE=getMsg HTTP/1.1" 200 27
172.17.0.120 - - [03/Nov/2020:10:35:05 +0800] "POST /xingrg/all/user/operate.html HTTP/1.1" 200 36
172.17.0.120 - - [03/Nov/2020:10:35:05 +0800] "GET /xingrg/index.html?sysBaseUrl=http%3A%2F%2F172.17.0.8%3A18081%2Fxingrg%2F&costTime=42×tamp=1604370784158 HTTP/1.1" 200 17454
172.17.0.120 - - [03/Nov/2020:10:35:05 +0800] "GET /xingrg/javascript/jquery_easy_ui/themes/default/easyui.css HTTP/1.1" 304 -
172.17.0.120 - - [03/Nov/2020:10:35:05 +0800] "GET /xingrg/javascript/jquery_easy_ui/themes/icon.css HTTP/1.1" 304 -
172.17.0.120 - - [03/Nov/2020:10:35:05 +0800] "GET /xingrg/css/form.css HTTP/1.1" 304 -
172.17.0.120 - - [03/Nov/2020:10:35:05 +0800] "GET /xingrg/javascript/jquery-1.4.2.min.js HTTP/1.1" 304 -
172.17.0.120 - - [03/Nov/2020:10:35:05 +0800] "GET /xingrg/javascript/jquery_easy_ui/jquery.easyui.min.js HTTP/1.1" 304 -
172.17.0.120 - - [03/Nov/2020:10:35:05 +0800] "GET /xingrg/javascript/jquery_easy_ui/easyui-lang-zh_CN.js HTTP/1.1" 304 -
172.17.0.120 - - [03/Nov/2020:10:35:05 +0800] "GET /xingrg/javascript/jquery.form.js HTTP/1.1" 304 -
172.17.0.120 - - [03/Nov/2020:10:35:05 +0800] "GET /xingrg/javascript/jquery.utils.js HTTP/1.1" 304 -
172.17.0.120 - - [03/Nov/2020:10:35:05 +0800] "GET /xingrg/javascript/jquery.timers.js HTTP/1.1" 304 -
172.17.0.120 - - [03/Nov/2020:10:35:05 +0800] "GET /xingrg/images/blue/jxLogo.png HTTP/1.1" 304 -
172.17.0.120 - - [03/Nov/2020:10:35:05 +0800] "GET /xingrg/images/blue/navBackgound.jpg HTTP/1.1" 304 -
172.17.0.120 - - [03/Nov/2020:10:35:05 +0800] "GET /xingrg/javascript/jquery_easy_ui/themes/icons/settle_new.png HTTP/1.1" 304 -
172.17.0.120 - - [03/Nov/2020:10:35:05 +0800] "POST /xingrg/all/common/load_tree.html?tree=area_rest_tree_json&manage=1 HTTP/1.1" 200 3350
172.17.0.120 - - [03/Nov/2020:10:35:05 +0800] "GET /xingrg/all/function/internal_message.html?_=1604370903501&CODE_STATE=count HTTP/1.1" 200 11
172.17.0.120 - - [03/Nov/2020:10:35:05 +0800] "GET /xingrg/check_reg.html?_=1604370903502 HTTP/1.1" 200 22
172.17.0.120 - - [03/Nov/2020:10:35:05 +0800] "GET /xingrg/javascript/jquery_easy_ui/themes/default/images/panel_tool_collapse.gif HTTP/1.1" 304 -
172.17.0.120 - - [03/Nov/2020:10:35:05 +0800] "GET /xingrg/javascript/jquery_easy_ui/themes/default/images/panel_tool_expand.gif HTTP/1.1" 304 -
172.17.0.120 - - [03/Nov/2020:10:35:05 +0800] "GET /xingrg/javascript/jquery_easy_ui/themes/default/images/tabs_rightarrow.png HTTP/1.1" 304 -
172.17.0.120 - - [03/Nov/2020:10:35:05 +0800] "GET /xingrg/images/blue/pingpu.png HTTP/1.1" 304 -
172.17.0.120 - - [03/Nov/2020:10:35:05 +0800] "GET /xingrg/javascript/jquery_easy_ui/themes/default/images/tabs_leftarrow.png HTTP/1.1" 304 -
172.17.0.120 - - [03/Nov/2020:10:35:05 +0800] "POST /xingrg/load_menu.html HTTP/1.1" 200 9924
180.162.245.190 - - [03/Nov/2020:10:35:06 +0800] "GET /xingrg/kc/base/wldb_order_list.html HTTP/1.1" 200 19418
180.162.245.190 - - [03/Nov/2020:10:35:06 +0800] "POST /xingrg/kc/base/wldb_list_operate.html HTTP/1.1" 200 2949
172.17.0.120 - - [03/Nov/2020:10:35:06 +0800] "GET /xingrg/kc/report/report_main.html HTTP/1.1" 200 7325
180.162.245.190 - - [03/Nov/2020:10:35:07 +0800] "GET /xingrg/kc/base/wldb_order_add.html HTTP/1.1" 200 30587
180.162.245.190 - - [03/Nov/2020:10:35:07 +0800] "POST /xingrg/kc/base/wldb_order_operate.html HTTP/1.1" 200 6806
180.162.245.190 - - [03/Nov/2020:10:35:07 +0800] "GET /xingrg/javascript/easyui/themes/default/validatebox.css HTTP/1.1" 404 1104
114.88.166.242 - - [03/Nov/2020:10:35:07 +0800] "GET /xingrg/kc/buy/cgsh_order_operate.html?command=get_materiel&rest_code=00111&code=00101007165&supplier_code=00100347&order_time=2020-11-03 HTTP/1.1" 200 419
172.17.0.120 - - [03/Nov/2020:10:35:08 +0800] "GET /xingrg/all/report/report_query.html?fileName=kc/buy/gys_amount.xml&rh=99999 HTTP/1.1" 200 51931
172.17.0.120 - - [03/Nov/2020:10:35:08 +0800] "GET /xingrg/javascript/multi_select/jqueryMultiSelect.css HTTP/1.1" 200 951
172.17.0.120 - - [03/Nov/2020:10:35:08 +0800] "GET /xingrg/javascript/calendar/timePicker.css HTTP/1.1" 200 523
172.17.0.120 - - [03/Nov/2020:10:35:08 +0800] "GET /xingrg/javascript/bigrid/fix.css HTTP/1.1" 200 1702
172.17.0.120 - - [03/Nov/2020:10:35:08 +0800] "GET /xingrg/dwr/interface/AjaxReportQueryService.js HTTP/1.1" 200 13203
172.17.0.120 - - [03/Nov/2020:10:35:08 +0800] "GET /xingrg/dwr/util.js HTTP/1.1" 304 -
172.17.0.120 - - [03/Nov/2020:10:35:08 +0800] "GET /xingrg/dwr/engine.js HTTP/1.1" 200 43631
172.17.0.120 - - [03/Nov/2020:10:35:08 +0800] "GET /xingrg/javascript/jqueryMultiSelect.js HTTP/1.1" 200 11866
172.17.0.120 - - [03/Nov/2020:10:35:08 +0800] "GET /xingrg/javascript/calendar/jquery.timePicker.min.js HTTP/1.1" 200 2997
172.17.0.120 - - [03/Nov/2020:10:35:08 +0800] "GET /xingrg/javascript/bigrid/fix.js HTTP/1.1" 200 6439
172.17.0.120 - - [03/Nov/2020:10:35:08 +0800] "GET /xingrg/images/control/loading.gif HTTP/1.1" 200 13463
172.17.0.120 - - [03/Nov/2020:10:35:08 +0800] "GET /xingrg/images/blue/button/advanceover.gif HTTP/1.1" 200 1347
172.17.0.120 - - [03/Nov/2020:10:35:08 +0800] "GET /xingrg/images/blue/button/advance2over.gif HTTP/1.1" 200 1336
172.17.0.120 - - [03/Nov/2020:10:35:08 +0800] "GET /xingrg/images/blue/button/back2over.gif HTTP/1.1" 200 1335
172.17.0.120 - - [03/Nov/2020:10:35:08 +0800] "GET /xingrg/images/blue/button/backover.gif HTTP/1.1" 200 1348
172.17.0.120 - - [03/Nov/2020:10:35:08 +0800] "GET /xingrg/javascript/jquery_easy_ui/themes/icons/pencil.png HTTP/1.1" 200 713
172.17.0.120 - - [03/Nov/2020:10:35:08 +0800] "GET /xingrg/javascript/jquery_easy_ui/themes/default/images/menu_rightarrow.png HTTP/1.1" 200 3617
172.17.0.120 - - [03/Nov/2020:10:35:08 +0800] "GET /xingrg/javascript/jquery_easy_ui/themes/default/images/menu.gif HTTP/1.1" 200 834
172.17.0.120 - - [03/Nov/2020:10:35:08 +0800] "POST /xingrg/dwr/call/plaincall/AjaxReportQueryService.getFixDate.dwr HTTP/1.1" 200 111
172.17.0.120 - - [03/Nov/2020:10:35:08 +0800] "GET /xingrg/javascript/jquery_easy_ui/themes/icons/help.png HTTP/1.1" 200 1187
172.17.0.120 - - [03/Nov/2020:10:35:08 +0800] "GET /xingrg/javascript/jquery_easy_ui/themes/default/images/combo_arrow_dot.gif HTTP/1.1" 200 79
172.17.0.120 - - [03/Nov/2020:10:35:08 +0800] "POST /xingrg/all/common/load_tree.html?tree=supplier_tree_json&manage=1 HTTP/1.1" 200 52459
180.162.245.190 - - [03/Nov/2020:10:35:08 +0800] "POST /xingrg/all/common/load_combo.html?type=base HTTP/1.1" 200 3236
172.17.0.120 - - [03/Nov/2020:10:35:09 +0800] "GET /xingrg/javascript/jquery_easy_ui/themes/default/images/tree_checkbox_0.gif HTTP/1.1" 200 168
172.17.0.120 - - [03/Nov/2020:10:35:09 +0800] "POST /xingrg/all/common/load_tree.html?tree=materiel_sort_tree_json HTTP/1.1" 200 8666
172.17.0.120 - - [03/Nov/2020:10:35:09 +0800] "POST /xingrg/dwr/call/plaincall/AjaxReportQueryService.getInitString.dwr HTTP/1.1" 200 1035
172.17.0.120 - - [03/Nov/2020:10:35:09 +0800] "GET /xingrg/javascript/multi_select/dropdown.gif HTTP/1.1" 200 61
172.17.0.120 - - [03/Nov/2020:10:35:10 +0800] "POST /xingrg/dwr/call/plaincall/AjaxReportQueryService.getFixDate.dwr HTTP/1.1" 200 111
222.69.140.126 - - [03/Nov/2020:10:35:11 +0800] "GET /xingrg/all/function/internal_message.html?_=1604370909725&CODE_STATE=getMsg HTTP/1.1" 200 27
114.84.145.85 - - [03/Nov/2020:10:35:14 +0800] "GET /xingrg/all/function/internal_message.html?_=1604370505840&CODE_STATE=getMsg HTTP/1.1" 200 27
172.17.0.120 - - [03/Nov/2020:10:35:14 +0800] "GET /xingrg/javascript/jquery_easy_ui/themes/default/images/tree_checkbox_1.gif HTTP/1.1" 200 174
172.17.0.120 - - [03/Nov/2020:10:35:14 +0800] "GET /xingrg/javascript/jquery_easy_ui/themes/default/images/tree_checkbox_2.gif HTTP/1.1" 200 181
180.161.96.95 - - [03/Nov/2020:10:35:14 +0800] "GET /xingrg/all/function/internal_message.html?_=1604371135419&CODE_STATE=getMsg HTTP/1.1" 200 27
114.88.166.242 - - [03/Nov/2020:10:35:15 +0800] "GET /xingrg/kc/buy/cgsh_order_operate.html?command=get_materiel&rest_code=00111&code=00101020225&supplier_code=00100347&order_time=2020-11-03 HTTP/1.1" 200 403
172.17.0.120 - - [03/Nov/2020:10:35:15 +0800] "POST /xingrg/dwr/call/plaincall/AjaxReportQueryService.refreshCache.dwr HTTP/1.1" 200 78
172.17.0.120 - - [03/Nov/2020:10:35:17 +0800] "POST /xingrg/all/report/load_report_page.html HTTP/1.1" 200 11271
172.17.0.120 - - [03/Nov/2020:10:35:17 +0800] "GET /xingrg/servlets/image?cache=0.8525004267856472&image=px HTTP/1.1" 200 807
222.69.140.126 - - [03/Nov/2020:10:35:19 +0800] "GET /xingrg/kc/buy/cgsh_order_operate.html?command=get_materiel&rest_code=00149&code=00101008272&supplier_code=00100005&order_time=2020-11-03 HTTP/1.1" 200 412
180.174.56.115 - - [03/Nov/2020:10:35:22 +0800] "GET /xingrg/all/function/internal_message.html?_=1604370921177&CODE_STATE=getMsg HTTP/1.1" 200 27
180.162.245.190 - - [03/Nov/2020:10:35:23 +0800] "GET /xingrg/kc/base/wldb_order_operate.html?command=get_materiel&rest_code=00105&base_code=0010508&code=00102002192 HTTP/1.1" 200 433
114.86.229.60 - - [03/Nov/2020:10:35:23 +0800] "GET /xingrg/all/function/internal_message.html?_=1604371125266&CODE_STATE=getMsg HTTP/1.1" 200 27
114.88.166.242 - - [03/Nov/2020:10:35:23 +0800] "GET /xingrg/kc/buy/cgsh_order_operate.html?command=get_materiel&rest_code=00111&code=00101008469&supplier_code=00100347&order_time=2020-11-03 HTTP/1.1" 200 398
180.161.96.95 - - [03/Nov/2020:10:35:27 +0800] "GET /xingrg/all/function/internal_message.html?_=1604370927900&CODE_STATE=getMsg HTTP/1.1" 200 27
180.162.245.190 - - [03/Nov/2020:10:35:28 +0800] "GET /xingrg/kc/base/wldb_order_operate.html?command=get_materiel&rest_code=00105&base_code=0010508&code=00102002543 HTTP/1.1" 200 443
172.17.200.101 - - [03/Nov/2020:10:35:32 +0800] "GET /xingrg/all/function/internal_message.html?_=1604370930490&CODE_STATE=getMsg HTTP/1.1" 200 27
172.17.0.115 - - [03/Nov/2020:10:35:32 +0800] "GET /xingrg/all/function/internal_message.html?_=1604370937885&CODE_STATE=getMsg HTTP/1.1" 302 -
180.162.245.190 - - [03/Nov/2020:10:35:34 +0800] "GET /xingrg/all/function/internal_message.html?_=1604370936502&CODE_STATE=getMsg HTTP/1.1" 200 27
180.162.245.190 - - [03/Nov/2020:10:35:36 +0800] "GET /xingrg/kc/base/wldb_order_operate.html?command=get_materiel&rest_code=00105&base_code=0010508&code=00102003058 HTTP/1.1" 200 434
114.88.166.242 - - [03/Nov/2020:10:35:36 +0800] "GET /xingrg/kc/buy/cgsh_order_operate.html?command=get_materiel&rest_code=00111&code=00101005022&supplier_code=00100347&order_time=2020-11-03 HTTP/1.1" 200 417
58.40.7.146 - - [03/Nov/2020:10:35:41 +0800] "GET /xingrg/all/function/internal_message.html?_=1604370940081&CODE_STATE=getMsg HTTP/1.1" 200 27
180.162.245.190 - - [03/Nov/2020:10:35:41 +0800] "GET /xingrg/kc/base/wldb_order_operate.html?command=get_materiel&rest_code=00105&base_code=0010508&code=00102012043 HTTP/1.1" 200 431
114.84.37.38 - - [03/Nov/2020:10:35:42 +0800] "GET /xingrg/check_reg.html?_=1604370958107 HTTP/1.1" 200 22
114.84.37.38 - - [03/Nov/2020:10:35:43 +0800] "GET /xingrg/check_reg.html?_=1604370935930 HTTP/1.1" 302 -
117.185.32.26 - - [03/Nov/2020:10:35:43 +0800] "GET /xingrg/all/function/internal_message.html?_=1604370941216&CODE_STATE=getMsg HTTP/1.1" 200 27
124.77.237.88 - - [03/Nov/2020:10:35:43 +0800] "GET /xingrg/all/function/internal_message.html?_=1604370943743&CODE_STATE=getMsg HTTP/1.1" 200 27
120.253.135.82 - - [03/Nov/2020:10:35:43 +0800] "GET /xingrg/all/function/internal_message.html?_=1604370688094&CODE_STATE=getMsg HTTP/1.1" 200 27
114.88.166.242 - - [03/Nov/2020:10:35:44 +0800] "GET /xingrg/kc/buy/cgsh_order_operate.html?command=get_materiel&rest_code=00111&code=00101010549&supplier_code=00100347&order_time=2020-11-03 HTTP/1.1" 200 403
180.162.245.190 - - [03/Nov/2020:10:35:45 +0800] "POST /xingrg/kc/base/wldb_order_operate.html HTTP/1.1" 200 37
117.184.7.26 - - [03/Nov/2020:10:35:45 +0800] "GET /xingrg/all/function/internal_message.html?_=1604370941137&CODE_STATE=getMsg HTTP/1.1" 200 27
180.162.245.190 - - [03/Nov/2020:10:35:45 +0800] "POST /xingrg/kc/base/wldb_order_operate.html HTTP/1.1" 200 3593
180.162.245.190 - - [03/Nov/2020:10:35:46 +0800] "GET /xingrg/kc/base/wldb_order_info.html?code=422020110300256 HTTP/1.1" 200 30603
180.162.245.190 - - [03/Nov/2020:10:35:46 +0800] "GET /xingrg/javascript/easyui/themes/default/validatebox.css HTTP/1.1" 404 1104
180.162.245.190 - - [03/Nov/2020:10:35:46 +0800] "POST /xingrg/kc/base/wldb_order_operate.html HTTP/1.1" 200 3593
114.88.166.242 - - [03/Nov/2020:10:35:50 +0800] "GET /xingrg/all/function/internal_message.html?_=1604371049810&CODE_STATE=getMsg HTTP/1.1" 200 27
114.88.166.242 - - [03/Nov/2020:10:35:53 +0800] "GET /xingrg/kc/buy/cgsh_order_operate.html?command=get_materiel&rest_code=00111&code=00102002167&supplier_code=00100347&order_time=2020-11-03 HTTP/1.1" 200 409
114.84.37.38 - - [03/Nov/2020:10:35:57 +0800] "GET /xingrg/all/function/internal_message.html?_=1604370972864&CODE_STATE=getMsg HTTP/1.1" 200 27
180.174.56.115 - - [03/Nov/2020:10:35:59 +0800] "GET /xingrg/all/function/internal_message.html?_=1604370920795&CODE_STATE=getMsg HTTP/1.1" 200 27
114.88.166.242 - - [03/Nov/2020:10:36:00 +0800] "POST /xingrg/kc/buy/cgsh_order_operate.html HTTP/1.1" 200 37
114.88.166.242 - - [03/Nov/2020:10:36:01 +0800] "POST /xingrg/kc/buy/cgsh_order_operate.html HTTP/1.1" 200 6246
114.88.166.242 - - [03/Nov/2020:10:36:02 +0800] "GET /xingrg/kc/print/load_data.html?order_code=212020110300917&kc_code=cgsh&condition= HTTP/1.1" 200 2045
172.17.0.120 - - [03/Nov/2020:10:36:05 +0800] "GET /xingrg/all/function/internal_message.html?_=1604370963510&CODE_STATE=getMsg HTTP/1.1" 200 27
172.17.200.101 - - [03/Nov/2020:10:36:07 +0800] "POST /xingrg/all/user/operate.html HTTP/1.1" 200 36
172.17.200.101 - - [03/Nov/2020:10:36:07 +0800] "GET /xingrg/index.html?sysBaseUrl=http%3A%2F%2F172.17.0.8%3A18081%2Fxingrg%2F&costTime=42×tamp=1604368925205 HTTP/1.1" 200 17454
172.17.200.101 - - [03/Nov/2020:10:36:07 +0800] "GET /xingrg/javascript/jquery_easy_ui/themes/default/easyui.css HTTP/1.1" 304 -
172.17.200.101 - - [03/Nov/2020:10:36:07 +0800] "GET /xingrg/javascript/jquery_easy_ui/themes/icon.css HTTP/1.1" 304 -
172.17.200.101 - - [03/Nov/2020:10:36:07 +0800] "GET /xingrg/css/form.css HTTP/1.1" 304 -
172.17.200.101 - - [03/Nov/2020:10:36:07 +0800] "GET /xingrg/javascript/jquery-1.4.2.min.js HTTP/1.1" 304 -
172.17.200.101 - - [03/Nov/2020:10:36:07 +0800] "GET /xingrg/javascript/jquery_easy_ui/jquery.easyui.min.js HTTP/1.1" 304 -
172.17.200.101 - - [03/Nov/2020:10:36:07 +0800] "GET /xingrg/javascript/jquery_easy_ui/easyui-lang-zh_CN.js HTTP/1.1" 304 -
172.17.200.101 - - [03/Nov/2020:10:36:07 +0800] "GET /xingrg/javascript/jquery.form.js HTTP/1.1" 304 -
172.17.200.101 - - [03/Nov/2020:10:36:07 +0800] "GET /xingrg/javascript/jquery.utils.js HTTP/1.1" 304 -
172.17.200.101 - - [03/Nov/2020:10:36:07 +0800] "GET /xingrg/javascript/jquery.timers.js HTTP/1.1" 304 -
172.17.200.101 - - [03/Nov/2020:10:36:07 +0800] "GET /xingrg/images/blue/jxLogo.png HTTP/1.1" 304 -
172.17.200.101 - - [03/Nov/2020:10:36:07 +0800] "GET /xingrg/javascript/jquery_easy_ui/themes/icons/settle_new.png HTTP/1.1" 304 -
172.17.200.101 - - [03/Nov/2020:10:36:07 +0800] "GET /xingrg/images/blue/navBackgound.jpg HTTP/1.1" 304 -
172.17.200.101 - - [03/Nov/2020:10:36:07 +0800] "POST /xingrg/all/common/load_tree.html?tree=area_rest_tree_json&manage=1 HTTP/1.1" 200 3088
172.17.200.101 - - [03/Nov/2020:10:36:08 +0800] "GET /xingrg/all/function/internal_message.html?_=1604370966357&CODE_STATE=count HTTP/1.1" 200 11
172.17.200.101 - - [03/Nov/2020:10:36:08 +0800] "GET /xingrg/check_reg.html?_=1604370966358 HTTP/1.1" 200 22
172.17.200.101 - - [03/Nov/2020:10:36:08 +0800] "GET /xingrg/javascript/jquery_easy_ui/themes/default/images/tabs_rightarrow.png HTTP/1.1" 304 -
172.17.200.101 - - [03/Nov/2020:10:36:08 +0800] "GET /xingrg/images/blue/pingpu.png HTTP/1.1" 304 -
172.17.200.101 - - [03/Nov/2020:10:36:08 +0800] "GET /xingrg/javascript/jquery_easy_ui/themes/default/images/tabs_leftarrow.png HTTP/1.1" 304 -
172.17.200.101 - - [03/Nov/2020:10:36:08 +0800] "GET /xingrg/javascript/jquery_easy_ui/themes/default/images/panel_tool_collapse.gif HTTP/1.1" 304 -
172.17.200.101 - - [03/Nov/2020:10:36:08 +0800] "GET /xingrg/javascript/jquery_easy_ui/themes/default/images/panel_tool_expand.gif HTTP/1.1" 304 -
172.17.200.101 - - [03/Nov/2020:10:36:08 +0800] "POST /xingrg/load_menu.html HTTP/1.1" 200 9924
172.17.200.101 - - [03/Nov/2020:10:36:09 +0800] "GET /xingrg/kc/buy/cgsh_order_list.html HTTP/1.1" 200 45117
172.17.200.101 - - [03/Nov/2020:10:36:11 +0800] "POST /xingrg/kc/buy/cgsh_list_operate.html HTTP/1.1" 200 876
222.69.140.126 - - [03/Nov/2020:10:36:11 +0800] "GET /xingrg/all/function/internal_message.html?_=1604370969736&CODE_STATE=getMsg HTTP/1.1" 200 27
172.17.200.101 - - [03/Nov/2020:10:36:14 +0800] "POST /xingrg/kc/buy/cgsh_list_operate.html HTTP/1.1" 200 5890
114.84.145.85 - - [03/Nov/2020:10:36:14 +0800] "GET /xingrg/all/function/internal_message.html?_=1604370565839&CODE_STATE=getMsg HTTP/1.1" 200 27
180.161.96.95 - - [03/Nov/2020:10:36:14 +0800] "GET /xingrg/all/function/internal_message.html?_=1604371195431&CODE_STATE=getMsg HTTP/1.1" 200 27
172.17.200.101 - - [03/Nov/2020:10:36:18 +0800] "POST /xingrg/kc/buy/cgsh_list_operate.html HTTP/1.1" 200 6016
114.86.229.60 - - [03/Nov/2020:10:36:22 +0800] "GET /xingrg/all/function/internal_message.html?_=1604371186219&CODE_STATE=getMsg HTTP/1.1" 200 27
180.162.245.190 - - [03/Nov/2020:10:36:22 +0800] "POST /xingrg/kc/base/wldb_order_operate.html HTTP/1.1" 200 37
180.162.245.190 - - [03/Nov/2020:10:36:22 +0800] "POST /xingrg/kc/base/wldb_order_operate.html HTTP/1.1" 200 3593
180.174.56.115 - - [03/Nov/2020:10:36:22 +0800] "GET /xingrg/check_reg.html?_=1604370981180 HTTP/1.1" 200 22
180.174.56.115 - - [03/Nov/2020:10:36:23 +0800] "GET /xingrg/all/function/internal_message.html?_=1604370981182&CODE_STATE=getMsg HTTP/1.1" 200 27
180.162.245.190 - - [03/Nov/2020:10:36:23 +0800] "GET /xingrg/kc/base/wldb_order_info.html?code=422020110300256 HTTP/1.1" 200 30603
180.162.245.190 - - [03/Nov/2020:10:36:23 +0800] "GET /xingrg/javascript/easyui/themes/default/validatebox.css HTTP/1.1" 404 1104
172.17.200.101 - - [03/Nov/2020:10:36:23 +0800] "POST /xingrg/kc/buy/cgsh_list_operate.html HTTP/1.1" 200 6011
180.162.245.190 - - [03/Nov/2020:10:36:24 +0800] "POST /xingrg/kc/base/wldb_order_operate.html HTTP/1.1" 200 3593
114.86.229.60 - - [03/Nov/2020:10:36:26 +0800] "GET /xingrg/kc/print/load_config.html?kc_code=cgsh HTTP/1.1" 200 1845
114.86.229.60 - - [03/Nov/2020:10:36:26 +0800] "GET /xingrg/kc/print/load_data.html?order_code=212020110300908&kc_code=cgsh HTTP/1.1" 200 720
180.161.96.95 - - [03/Nov/2020:10:36:27 +0800] "GET /xingrg/all/function/internal_message.html?_=1604370987913&CODE_STATE=getMsg HTTP/1.1" 200 27
172.17.0.115 - - [03/Nov/2020:10:36:32 +0800] "GET /xingrg/all/function/internal_message.html?_=1604370997927&CODE_STATE=getMsg HTTP/1.1" 302 -
180.162.245.190 - - [03/Nov/2020:10:36:34 +0800] "GET /xingrg/all/function/internal_message.html?_=1604370996509&CODE_STATE=getMsg HTTP/1.1" 200 27
172.17.200.101 - - [03/Nov/2020:10:36:37 +0800] "GET /xingrg/kc/report/report_main.html HTTP/1.1" 200 7325
172.17.200.101 - - [03/Nov/2020:10:36:40 +0800] "POST /xingrg/all/user/operate.html HTTP/1.1" 200 36
172.17.200.101 - - [03/Nov/2020:10:36:40 +0800] "GET /xingrg/index.html?sysBaseUrl=http%3A%2F%2F172.17.0.8%3A18081%2Fxingrg%2F&costTime=42×tamp=1604368925205 HTTP/1.1" 200 17448
172.17.200.101 - - [03/Nov/2020:10:36:40 +0800] "GET /xingrg/javascript/jquery_easy_ui/themes/default/easyui.css HTTP/1.1" 304 -
172.17.200.101 - - [03/Nov/2020:10:36:40 +0800] "GET /xingrg/javascript/jquery_easy_ui/themes/icon.css HTTP/1.1" 304 -
172.17.200.101 - - [03/Nov/2020:10:36:40 +0800] "GET /xingrg/css/form.css HTTP/1.1" 304 -
172.17.200.101 - - [03/Nov/2020:10:36:40 +0800] "GET /xingrg/javascript/jquery-1.4.2.min.js HTTP/1.1" 304 -
172.17.200.101 - - [03/Nov/2020:10:36:40 +0800] "GET /xingrg/javascript/jquery_easy_ui/jquery.easyui.min.js HTTP/1.1" 304 -
172.17.200.101 - - [03/Nov/2020:10:36:40 +0800] "GET /xingrg/javascript/jquery_easy_ui/easyui-lang-zh_CN.js HTTP/1.1" 304 -
172.17.200.101 - - [03/Nov/2020:10:36:40 +0800] "GET /xingrg/javascript/jquery.form.js HTTP/1.1" 304 -
172.17.200.101 - - [03/Nov/2020:10:36:40 +0800] "GET /xingrg/javascript/jquery.utils.js HTTP/1.1" 304 -
172.17.200.101 - - [03/Nov/2020:10:36:40 +0800] "GET /xingrg/javascript/jquery.timers.js HTTP/1.1" 304 -
172.17.200.101 - - [03/Nov/2020:10:36:40 +0800] "GET /xingrg/images/blue/jxLogo.png HTTP/1.1" 304 -
172.17.200.101 - - [03/Nov/2020:10:36:40 +0800] "GET /xingrg/javascript/jquery_easy_ui/themes/icons/settle_new.png HTTP/1.1" 304 -
172.17.200.101 - - [03/Nov/2020:10:36:40 +0800] "GET /xingrg/images/blue/navBackgound.jpg HTTP/1.1" 304 -
172.17.200.101 - - [03/Nov/2020:10:36:40 +0800] "POST /xingrg/all/common/load_tree.html?tree=area_rest_tree_json&manage=1 HTTP/1.1" 200 3088
172.17.200.101 - - [03/Nov/2020:10:36:40 +0800] "GET /xingrg/all/function/internal_message.html?_=1604370998967&CODE_STATE=count HTTP/1.1" 200 11
172.17.200.101 - - [03/Nov/2020:10:36:40 +0800] "GET /xingrg/check_reg.html?_=1604370998969 HTTP/1.1" 200 22
172.17.200.101 - - [03/Nov/2020:10:36:40 +0800] "GET /xingrg/javascript/jquery_easy_ui/themes/default/images/panel_tool_collapse.gif HTTP/1.1" 304 -
172.17.200.101 - - [03/Nov/2020:10:36:40 +0800] "GET /xingrg/images/blue/pingpu.png HTTP/1.1" 304 -
172.17.200.101 - - [03/Nov/2020:10:36:40 +0800] "GET /xingrg/javascript/jquery_easy_ui/themes/default/images/tabs_rightarrow.png HTTP/1.1" 304 -
172.17.200.101 - - [03/Nov/2020:10:36:40 +0800] "GET /xingrg/javascript/jquery_easy_ui/themes/default/images/panel_tool_expand.gif HTTP/1.1" 304 -
172.17.200.101 - - [03/Nov/2020:10:36:40 +0800] "GET /xingrg/javascript/jquery_easy_ui/themes/default/images/tabs_leftarrow.png HTTP/1.1" 304 -
172.17.200.101 - - [03/Nov/2020:10:36:40 +0800] "POST /xingrg/load_menu.html HTTP/1.1" 200 11529
58.40.7.146 - - [03/Nov/2020:10:36:41 +0800] "GET /xingrg/all/function/internal_message.html?_=1604371000085&CODE_STATE=getMsg HTTP/1.1" 200 27
172.17.200.101 - - [03/Nov/2020:10:36:41 +0800] "GET /xingrg/kc/report/report_main.html HTTP/1.1" 200 9350
180.162.245.190 - - [03/Nov/2020:10:36:43 +0800] "POST /xingrg/kc/buy/cgsh_list_operate.html HTTP/1.1" 200 3837
117.185.32.26 - - [03/Nov/2020:10:36:43 +0800] "GET /xingrg/all/function/internal_message.html?_=1604371001218&CODE_STATE=getMsg HTTP/1.1" 200 27
124.77.237.88 - - [03/Nov/2020:10:36:43 +0800] "GET /xingrg/all/function/internal_message.html?_=1604371003763&CODE_STATE=getMsg HTTP/1.1" 200 27
120.253.135.82 - - [03/Nov/2020:10:36:43 +0800] "GET /xingrg/all/function/internal_message.html?_=1604370748228&CODE_STATE=getMsg HTTP/1.1" 200 27
172.17.200.101 - - [03/Nov/2020:10:36:44 +0800] "GET /xingrg/all/report/report_query.html?fileName=kc/buy/gys_amount_base_rest.xml HTTP/1.1" 200 51589
172.17.200.101 - - [03/Nov/2020:10:36:44 +0800] "GET /xingrg/dwr/interface/AjaxReportQueryService.js HTTP/1.1" 200 13203
172.17.200.101 - - [03/Nov/2020:10:36:44 +0800] "GET /xingrg/dwr/engine.js HTTP/1.1" 200 43631
180.162.245.190 - - [03/Nov/2020:10:36:44 +0800] "GET /xingrg/kc/buy/cgsh_order_add.html HTTP/1.1" 200 60660
172.17.200.101 - - [03/Nov/2020:10:36:45 +0800] "POST /xingrg/dwr/call/plaincall/AjaxReportQueryService.getFixDate.dwr HTTP/1.1" 200 111
172.17.200.101 - - [03/Nov/2020:10:36:45 +0800] "POST /xingrg/all/common/load_tree.html?tree=area_rest_tree_json&manage=1 HTTP/1.1" 200 3088
180.162.245.190 - - [03/Nov/2020:10:36:45 +0800] "GET /xingrg/javascript/easyui/themes/default/validatebox.css HTTP/1.1" 404 1104
180.162.245.190 - - [03/Nov/2020:10:36:45 +0800] "POST /xingrg/kc/buy/cgsh_order_operate.html HTTP/1.1" 200 8245
172.17.200.101 - - [03/Nov/2020:10:36:45 +0800] "POST /xingrg/all/common/load_tree.html?tree=supplier_tree_json&manage=1 HTTP/1.1" 200 52459
117.184.7.26 - - [03/Nov/2020:10:36:45 +0800] "GET /xingrg/all/function/internal_message.html?_=1604371001136&CODE_STATE=getMsg HTTP/1.1" 200 27
114.86.229.60 - - [03/Nov/2020:10:36:47 +0800] "POST /xingrg/kc/buy/cgsh_list_operate.html HTTP/1.1" 200 3093
172.17.200.101 - - [03/Nov/2020:10:36:47 +0800] "POST /xingrg/dwr/call/plaincall/AjaxReportQueryService.getFixDate.dwr HTTP/1.1" 200 111
114.86.229.60 - - [03/Nov/2020:10:36:49 +0800] "POST /xingrg/kc/buy/cgsh_list_operate.html HTTP/1.1" 200 198
114.86.229.60 - - [03/Nov/2020:10:36:50 +0800] "GET /xingrg/kc/buy/cgsh_order_info.html?code=212020110300902 HTTP/1.1" 200 60663
114.86.229.60 - - [03/Nov/2020:10:36:50 +0800] "GET /xingrg/javascript/easyui/themes/default/validatebox.css HTTP/1.1" 404 1104
114.86.229.60 - - [03/Nov/2020:10:36:50 +0800] "GET /xingrg/all/common/auto_word.html?type=employee&rest_code=00109 HTTP/1.1" 200 255
114.86.229.60 - - [03/Nov/2020:10:36:50 +0800] "GET /xingrg/all/common/auto_word.html?type=employee&rest_code=00109 HTTP/1.1" 200 255
114.86.229.60 - - [03/Nov/2020:10:36:50 +0800] "POST /xingrg/kc/buy/cgsh_order_operate.html HTTP/1.1" 200 2653
114.88.166.242 - - [03/Nov/2020:10:36:50 +0800] "GET /xingrg/check_reg.html?_=1604371109848 HTTP/1.1" 200 22
114.88.166.242 - - [03/Nov/2020:10:36:50 +0800] "GET /xingrg/all/function/internal_message.html?_=1604371109844&CODE_STATE=getMsg HTTP/1.1" 200 27
114.86.229.60 - - [03/Nov/2020:10:36:53 +0800] "GET /xingrg/kc/print/load_config.html?kc_code=cgsh HTTP/1.1" 200 1845
114.86.229.60 - - [03/Nov/2020:10:36:53 +0800] "GET /xingrg/kc/print/load_data.html?order_code=212020110300902&kc_code=cgsh HTTP/1.1" 200 674
180.162.245.190 - - [03/Nov/2020:10:36:56 +0800] "GET /xingrg/kc/buy/cgsh_order_operate.html?command=get_materiel&rest_code=00105&code=00101018011&supplier_code=00100330&order_time=2020-11-03 HTTP/1.1" 200 415
222.69.140.126 - - [03/Nov/2020:10:36:56 +0800] "GET /xingrg/kc/buy/cgsh_order_operate.html?command=get_materiel&rest_code=00149&code=00101008357&supplier_code=00100005&order_time=2020-11-03 HTTP/1.1" 200 408
172.17.200.101 - - [03/Nov/2020:10:36:57 +0800] "POST /xingrg/dwr/call/plaincall/AjaxReportQueryService.refreshCache.dwr HTTP/1.1" 200 78
114.84.37.38 - - [03/Nov/2020:10:36:57 +0800] "GET /xingrg/all/function/internal_message.html?_=1604371032878&CODE_STATE=getMsg HTTP/1.1" 200 27
172.17.200.101 - - [03/Nov/2020:10:36:57 +0800] "POST /xingrg/all/report/load_report_page.html HTTP/1.1" 200 48667
172.17.200.101 - - [03/Nov/2020:10:36:57 +0800] "GET /xingrg/servlets/image?cache=0.7969500328082307&image=px HTTP/1.1" 200 807
180.174.56.115 - - [03/Nov/2020:10:36:59 +0800] "GET /xingrg/all/function/internal_message.html?_=1604370980808&CODE_STATE=getMsg HTTP/1.1" 200 27
172.17.0.120 - - [03/Nov/2020:10:37:05 +0800] "GET /xingrg/all/function/internal_message.html?_=1604371023512&CODE_STATE=getMsg HTTP/1.1" 200 27
180.162.245.190 - - [03/Nov/2020:10:37:10 +0800] "POST /xingrg/kc/buy/cgsh_order_operate.html HTTP/1.1" 200 37
180.162.245.190 - - [03/Nov/2020:10:37:11 +0800] "POST /xingrg/kc/buy/cgsh_order_operate.html HTTP/1.1" 200 2658
222.69.140.126 - - [03/Nov/2020:10:37:11 +0800] "GET /xingrg/all/function/internal_message.html?_=1604371029741&CODE_STATE=getMsg HTTP/1.1" 200 27
180.162.245.190 - - [03/Nov/2020:10:37:12 +0800] "GET /xingrg/kc/print/load_data.html?order_code=212020110300918&kc_code=cgsh&condition= HTTP/1.1" 200 671
180.161.96.95 - - [03/Nov/2020:10:37:14 +0800] "GET /xingrg/check_reg.html?_=1604371255062 HTTP/1.1" 200 22
114.84.145.85 - - [03/Nov/2020:10:37:14 +0800] "GET /xingrg/all/function/internal_message.html?_=1604370625837&CODE_STATE=getMsg HTTP/1.1" 200 27
114.84.145.85 - - [03/Nov/2020:10:37:14 +0800] "GET /xingrg/check_reg.html?_=1604370625838 HTTP/1.1" 200 22
180.161.96.95 - - [03/Nov/2020:10:37:14 +0800] "GET /xingrg/all/function/internal_message.html?_=1604371255446&CODE_STATE=getMsg HTTP/1.1" 200 27
180.162.245.190 - - [03/Nov/2020:10:37:15 +0800] "GET /xingrg/kc/buy/cgsh_order_add.html HTTP/1.1" 200 60660
180.162.245.190 - - [03/Nov/2020:10:37:15 +0800] "GET /xingrg/javascript/easyui/themes/default/validatebox.css HTTP/1.1" 404 1104
180.162.245.190 - - [03/Nov/2020:10:37:15 +0800] "POST /xingrg/kc/buy/cgsh_order_operate.html HTTP/1.1" 200 8245
222.69.140.126 - - [03/Nov/2020:10:37:17 +0800] "GET /xingrg/kc/buy/cgsh_order_operate.html?command=get_materiel&rest_code=00149&code=00101008069&supplier_code=00100005&order_time=2020-11-03 HTTP/1.1" 200 412
183.192.164.85 - - [03/Nov/2020:10:37:17 +0800] "GET /xingrg/all/function/internal_message.html?_=1604370221218&CODE_STATE=getMsg HTTP/1.1" 302 -
114.86.229.60 - - [03/Nov/2020:10:37:18 +0800] "GET /xingrg/all/function/internal_message.html?_=1604371245263&CODE_STATE=getMsg HTTP/1.1" 200 27
114.86.229.60 - - [03/Nov/2020:10:37:20 +0800] "POST /xingrg/kc/buy/cgsh_list_operate.html HTTP/1.1" 200 3093
114.86.229.60 - - [03/Nov/2020:10:37:22 +0800] "POST /xingrg/kc/buy/cgsh_list_operate.html HTTP/1.1" 200 575
180.174.56.115 - - [03/Nov/2020:10:37:23 +0800] "GET /xingrg/all/function/internal_message.html?_=1604371041181&CODE_STATE=getMsg HTTP/1.1" 200 27
114.86.229.60 - - [03/Nov/2020:10:37:23 +0800] "GET /xingrg/kc/buy/cgsh_order_info.html?code=212020110300900 HTTP/1.1" 200 60665
114.86.229.60 - - [03/Nov/2020:10:37:24 +0800] "GET /xingrg/javascript/easyui/themes/default/validatebox.css HTTP/1.1" 404 1104
114.86.229.60 - - [03/Nov/2020:10:37:24 +0800] "GET /xingrg/all/common/auto_word.html?type=employee&rest_code=00109 HTTP/1.1" 200 255
114.86.229.60 - - [03/Nov/2020:10:37:24 +0800] "GET /xingrg/all/common/auto_word.html?type=employee&rest_code=00109 HTTP/1.1" 200 255
114.86.229.60 - - [03/Nov/2020:10:37:24 +0800] "POST /xingrg/kc/buy/cgsh_order_operate.html HTTP/1.1" 200 6791
183.192.164.85 - - [03/Nov/2020:10:37:24 +0800] "GET /xingrg/login.html HTTP/1.1" 200 7641
180.162.245.190 - - [03/Nov/2020:10:37:24 +0800] "GET /xingrg/kc/buy/cgsh_order_operate.html?command=get_materiel&rest_code=00105&code=00101008402&supplier_code=00100327&order_time=2020-11-03 HTTP/1.1" 200 410
114.86.229.60 - - [03/Nov/2020:10:37:25 +0800] "GET /xingrg/kc/print/load_config.html?kc_code=cgsh HTTP/1.1" 200 1845
114.86.229.60 - - [03/Nov/2020:10:37:26 +0800] "GET /xingrg/kc/print/load_data.html?order_code=212020110300900&kc_code=cgsh HTTP/1.1" 200 2249
180.161.96.95 - - [03/Nov/2020:10:37:27 +0800] "GET /xingrg/all/function/internal_message.html?_=1604371047933&CODE_STATE=getMsg HTTP/1.1" 200 27
222.69.140.126 - - [03/Nov/2020:10:37:28 +0800] "GET /xingrg/kc/buy/cgsh_order_operate.html?command=get_materiel&rest_code=00149&code=00101008286&supplier_code=00100005&order_time=2020-11-03 HTTP/1.1" 200 408
172.17.0.115 - - [03/Nov/2020:10:37:32 +0800] "GET /xingrg/all/function/internal_message.html?_=1604371057942&CODE_STATE=getMsg HTTP/1.1" 302 -
180.162.245.190 - - [03/Nov/2020:10:37:34 +0800] "GET /xingrg/all/function/internal_message.html?_=1604371056461&CODE_STATE=getMsg HTTP/1.1" 200 27
180.162.245.190 - - [03/Nov/2020:10:37:35 +0800] "POST /xingrg/kc/buy/cgsh_order_operate.html HTTP/1.1" 200 37
172.17.200.101 - - [03/Nov/2020:10:37:40 +0800] "GET /xingrg/all/function/internal_message.html?_=1604371058983&CODE_STATE=getMsg HTTP/1.1" 200 27
222.69.140.126 - - [03/Nov/2020:10:37:40 +0800] "GET /xingrg/kc/buy/cgsh_order_operate.html?command=get_materiel&rest_code=00149&code=00101008036&supplier_code=00100005&order_time=2020-11-03 HTTP/1.1" 200 408
180.162.245.190 - - [03/Nov/2020:10:37:40 +0800] "POST /xingrg/kc/buy/cgsh_order_operate.html HTTP/1.1" 200 2655
58.40.7.146 - - [03/Nov/2020:10:37:41 +0800] "GET /xingrg/all/function/internal_message.html?_=1604371060088&CODE_STATE=getMsg HTTP/1.1" 200 27
120.204.17.70 - - [03/Nov/2020:10:37:41 +0800] "GET /xingrg/all/function/internal_message.html?_=1604370341221&CODE_STATE=getMsg HTTP/1.1" 302 -
180.162.245.190 - - [03/Nov/2020:10:37:42 +0800] "GET /xingrg/kc/print/load_data.html?order_code=212020110300919&kc_code=cgsh&condition= HTTP/1.1" 200 665
117.185.32.26 - - [03/Nov/2020:10:37:43 +0800] "GET /xingrg/check_reg.html?_=1604371061218 HTTP/1.1" 200 22
117.185.32.26 - - [03/Nov/2020:10:37:43 +0800] "GET /xingrg/all/function/internal_message.html?_=1604371061220&CODE_STATE=getMsg HTTP/1.1" 200 27
120.253.135.82 - - [03/Nov/2020:10:37:43 +0800] "GET /xingrg/all/function/internal_message.html?_=1604370808231&CODE_STATE=getMsg HTTP/1.1" 200 27
124.77.237.88 - - [03/Nov/2020:10:37:43 +0800] "GET /xingrg/check_reg.html?_=1604371064031 HTTP/1.1" 200 22
124.77.237.88 - - [03/Nov/2020:10:37:43 +0800] "GET /xingrg/all/function/internal_message.html?_=1604371063753&CODE_STATE=getMsg HTTP/1.1" 200 27
222.69.133.109 - - [03/Nov/2020:10:37:45 +0800] "GET /xingrg/check_reg.html?_=1604371066477 HTTP/1.1" 200 22
117.184.7.26 - - [03/Nov/2020:10:37:45 +0800] "GET /xingrg/all/function/internal_message.html?_=1604371061145&CODE_STATE=getMsg HTTP/1.1" 200 27
117.184.7.26 - - [03/Nov/2020:10:37:45 +0800] "GET /xingrg/check_reg.html?_=1604371061148 HTTP/1.1" 200 22
222.69.140.126 - - [03/Nov/2020:10:37:47 +0800] "GET /xingrg/kc/buy/cgsh_order_operate.html?command=get_materiel&rest_code=00149&code=00101008296&supplier_code=00100005&order_time=2020-11-03 HTTP/1.1" 200 416
120.204.17.70 - - [03/Nov/2020:10:37:47 +0800] "GET /xingrg/login.html HTTP/1.1" 200 7641
114.88.166.242 - - [03/Nov/2020:10:37:50 +0800] "GET /xingrg/all/function/internal_message.html?_=1604371169801&CODE_STATE=getMsg HTTP/1.1" 200 27
180.162.245.190 - - [03/Nov/2020:10:37:51 +0800] "GET /xingrg/kc/buy/cgsh_order_add.html HTTP/1.1" 200 60660
180.162.245.190 - - [03/Nov/2020:10:37:51 +0800] "POST /xingrg/kc/buy/cgsh_order_operate.html HTTP/1.1" 200 8245
180.162.245.190 - - [03/Nov/2020:10:37:51 +0800] "GET /xingrg/javascript/easyui/themes/default/validatebox.css HTTP/1.1" 404 1104
114.86.229.60 - - [03/Nov/2020:10:37:54 +0800] "POST /xingrg/kc/buy/cgsh_list_operate.html HTTP/1.1" 200 3093
114.86.229.60 - - [03/Nov/2020:10:37:54 +0800] "POST /xingrg/kc/buy/cgsh_list_operate.html HTTP/1.1" 200 198
114.86.229.60 - - [03/Nov/2020:10:37:57 +0800] "POST /xingrg/kc/buy/cgsh_list_operate.html HTTP/1.1" 200 440
