172.17.0.123 - - [27/Oct/2020:07:48:56 +0800] "GET /xingrg/all/function/internal_message.html?_=1603756098636&CODE_STATE=getMsg HTTP/1.1" 302 -
58.221.95.50 - - [27/Oct/2020:07:49:00 +0800] "GET /xingrg/all/function/internal_message.html?_=1603756319441&CODE_STATE=getMsg HTTP/1.1" 200 27
180.161.96.95 - - [27/Oct/2020:07:49:11 +0800] "GET /xingrg/all/function/internal_message.html?_=1603756370712&CODE_STATE=getMsg HTTP/1.1" 200 27
120.253.135.82 - - [27/Oct/2020:07:49:16 +0800] "GET /xingrg/check_reg.html?_=1603756267943 HTTP/1.1" 200 22
114.84.37.38 - - [27/Oct/2020:07:49:17 +0800] "GET /xingrg/all/function/internal_message.html?_=1603756180996&CODE_STATE=getMsg HTTP/1.1" 200 27
114.84.37.38 - - [27/Oct/2020:07:49:27 +0800] "GET /xingrg/all/function/internal_message.html?_=1603756171345&CODE_STATE=getMsg HTTP/1.1" 200 27
222.69.133.109 - - [27/Oct/2020:07:49:28 +0800] "GET /xingrg/kc/buy/cgsh_order_operate.html?command=get_materiel&rest_code=00154&code=00101008313&supplier_code=00100417&order_time=2020-10-27 HTTP/1.1" 200 414
172.17.0.240 - - [27/Oct/2020:07:49:41 +0800] "GET /xingrg/all/function/internal_message.html?_=1603756180661&CODE_STATE=getMsg HTTP/1.1" 200 27
172.17.0.240 - - [27/Oct/2020:07:49:41 +0800] "GET /xingrg/check_reg.html?_=1603756180664 HTTP/1.1" 200 22
120.253.135.82 - - [27/Oct/2020:07:49:48 +0800] "POST /xingrg/kc/pszx/mdps_list_operate.html HTTP/1.1" 200 5548
222.69.133.109 - - [27/Oct/2020:07:49:51 +0800] "GET /xingrg/all/function/internal_message.html?_=1603756192074&CODE_STATE=getMsg HTTP/1.1" 200 27
120.253.135.82 - - [27/Oct/2020:07:49:51 +0800] "POST /xingrg/kc/pszx/mdps_list_operate.html HTTP/1.1" 200 293
120.253.135.82 - - [27/Oct/2020:07:49:53 +0800] "GET /xingrg/kc/pszx/mdps_order_info.html?code=312020102700730 HTTP/1.1" 200 23885
120.253.135.82 - - [27/Oct/2020:07:49:53 +0800] "POST /xingrg/kc/pszx/mdps_order_operate.html HTTP/1.1" 200 2786
120.253.135.82 - - [27/Oct/2020:07:49:54 +0800] "GET /xingrg/javascript/easyui/themes/default/validatebox.css HTTP/1.1" 404 1104
172.17.0.123 - - [27/Oct/2020:07:49:56 +0800] "GET /xingrg/all/function/internal_message.html?_=1603756158636&CODE_STATE=getMsg HTTP/1.1" 302 -
120.253.135.82 - - [27/Oct/2020:07:49:57 +0800] "POST /xingrg/all/common/load_combo.html?type=base HTTP/1.1" 200 984
58.221.95.50 - - [27/Oct/2020:07:50:00 +0800] "GET /xingrg/all/function/internal_message.html?_=1603756379437&CODE_STATE=getMsg HTTP/1.1" 200 27
120.253.135.82 - - [27/Oct/2020:07:50:02 +0800] "POST /xingrg/kc/pszx/mdps_order_operate.html HTTP/1.1" 200 37
120.253.135.82 - - [27/Oct/2020:07:50:03 +0800] "GET /xingrg/kc/pszx/mdps_order_info.html?code=312020102700730 HTTP/1.1" 200 23885
120.253.135.82 - - [27/Oct/2020:07:50:04 +0800] "POST /xingrg/kc/pszx/mdps_order_operate.html HTTP/1.1" 200 2805
120.253.135.82 - - [27/Oct/2020:07:50:04 +0800] "GET /xingrg/javascript/easyui/themes/default/validatebox.css HTTP/1.1" 404 1104
180.161.96.95 - - [27/Oct/2020:07:50:11 +0800] "GET /xingrg/all/function/internal_message.html?_=1603756430735&CODE_STATE=getMsg HTTP/1.1" 200 27
120.253.135.82 - - [27/Oct/2020:07:50:13 +0800] "POST /xingrg/kc/pszx/mdps_list_operate.html HTTP/1.1" 200 5548
120.253.135.82 - - [27/Oct/2020:07:50:15 +0800] "POST /xingrg/kc/pszx/mdps_list_operate.html HTTP/1.1" 200 631
120.253.135.82 - - [27/Oct/2020:07:50:15 +0800] "GET /xingrg/kc/pszx/mdps_order_info.html?code=312020102700731 HTTP/1.1" 200 23885
120.253.135.82 - - [27/Oct/2020:07:50:16 +0800] "POST /xingrg/kc/pszx/mdps_order_operate.html HTTP/1.1" 200 4798
120.253.135.82 - - [27/Oct/2020:07:50:16 +0800] "GET /xingrg/javascript/easyui/themes/default/validatebox.css HTTP/1.1" 404 1104
114.84.37.38 - - [27/Oct/2020:07:50:17 +0800] "GET /xingrg/all/function/internal_message.html?_=1603756241020&CODE_STATE=getMsg HTTP/1.1" 200 27
120.253.135.82 - - [27/Oct/2020:07:50:21 +0800] "POST /xingrg/kc/pszx/mdps_order_operate.html HTTP/1.1" 200 37
120.253.135.82 - - [27/Oct/2020:07:50:22 +0800] "GET /xingrg/kc/pszx/mdps_order_info.html?code=312020102700731 HTTP/1.1" 200 23885
120.253.135.82 - - [27/Oct/2020:07:50:22 +0800] "POST /xingrg/kc/pszx/mdps_order_operate.html HTTP/1.1" 200 4844
120.253.135.82 - - [27/Oct/2020:07:50:22 +0800] "GET /xingrg/javascript/easyui/themes/default/validatebox.css HTTP/1.1" 404 1104
114.84.37.38 - - [27/Oct/2020:07:50:27 +0800] "GET /xingrg/all/function/internal_message.html?_=1603756231358&CODE_STATE=getMsg HTTP/1.1" 200 27
172.17.0.240 - - [27/Oct/2020:07:50:41 +0800] "GET /xingrg/all/function/internal_message.html?_=1603756240665&CODE_STATE=getMsg HTTP/1.1" 200 27
222.69.133.109 - - [27/Oct/2020:07:50:51 +0800] "GET /xingrg/all/function/internal_message.html?_=1603756252069&CODE_STATE=getMsg HTTP/1.1" 200 27
172.17.0.123 - - [27/Oct/2020:07:50:56 +0800] "GET /xingrg/all/function/internal_message.html?_=1603756218638&CODE_STATE=getMsg HTTP/1.1" 302 -
180.161.96.95 - - [27/Oct/2020:07:51:00 +0800] "GET /xingrg/kc/base/wldb_order_add.html HTTP/1.1" 200 30542
180.161.96.95 - - [27/Oct/2020:07:51:00 +0800] "GET /xingrg/javascript/easyui/themes/icons/template_new.png HTTP/1.1" 304 -
180.161.96.95 - - [27/Oct/2020:07:51:00 +0800] "GET /xingrg/javascript/easyui/themes/icons/cancel.png HTTP/1.1" 304 -
180.161.96.95 - - [27/Oct/2020:07:51:00 +0800] "POST /xingrg/kc/base/wldb_order_operate.html HTTP/1.1" 200 6806
180.161.96.95 - - [27/Oct/2020:07:51:00 +0800] "GET /xingrg/all/common/auto_word.html?type=base&rest_code=00102 HTTP/1.1" 200 1711
180.161.96.95 - - [27/Oct/2020:07:51:00 +0800] "GET /xingrg/javascript/easyui/themes/icons/edit_remove.png HTTP/1.1" 304 -
180.161.96.95 - - [27/Oct/2020:07:51:00 +0800] "GET /xingrg/all/common/auto_word.html?type=base&rest_code=00102 HTTP/1.1" 200 1711
58.221.95.50 - - [27/Oct/2020:07:51:00 +0800] "GET /xingrg/all/function/internal_message.html?_=1603756439413&CODE_STATE=getMsg HTTP/1.1" 200 27
180.161.96.95 - - [27/Oct/2020:07:51:00 +0800] "GET /xingrg/javascript/easyui/themes/default/validatebox.css HTTP/1.1" 404 1104
180.161.96.95 - - [27/Oct/2020:07:51:01 +0800] "POST /xingrg/all/common/load_combo.html?type=base HTTP/1.1" 200 3060
180.161.96.95 - - [27/Oct/2020:07:51:04 +0800] "POST /xingrg/all/common/load_combo.html?type=base HTTP/1.1" 200 3060
180.161.96.95 - - [27/Oct/2020:07:51:10 +0800] "GET /xingrg/javascript/jquery_tools/images/prev.gif HTTP/1.1" 404 1086
180.161.96.95 - - [27/Oct/2020:07:51:10 +0800] "GET /xingrg/javascript/jquery_tools/images/next.gif HTTP/1.1" 404 1086
180.161.96.95 - - [27/Oct/2020:07:51:11 +0800] "GET /xingrg/all/function/internal_message.html?_=1603756490740&CODE_STATE=getMsg HTTP/1.1" 200 27
114.84.37.38 - - [27/Oct/2020:07:51:17 +0800] "GET /xingrg/all/function/internal_message.html?_=1603756301023&CODE_STATE=getMsg HTTP/1.1" 200 27
180.161.96.95 - - [27/Oct/2020:07:51:21 +0800] "GET /xingrg/javascript/auto/indicator.gif HTTP/1.1" 404 1066
180.161.96.95 - - [27/Oct/2020:07:51:23 +0800] "GET /xingrg/kc/base/wldb_order_operate.html?command=get_materiel&rest_code=00102&base_code=0010478&code=00101014061 HTTP/1.1" 200 435
58.221.95.50 - - [27/Oct/2020:07:51:23 +0800] "GET /xingrg/check_reg.html?_=1603756462589 HTTP/1.1" 200 22
114.84.37.38 - - [27/Oct/2020:07:51:27 +0800] "GET /xingrg/all/function/internal_message.html?_=1603756291657&CODE_STATE=getMsg HTTP/1.1" 200 27
180.161.96.95 - - [27/Oct/2020:07:51:29 +0800] "POST /xingrg/kc/base/wldb_order_operate.html HTTP/1.1" 200 37
120.253.135.82 - - [27/Oct/2020:07:51:30 +0800] "POST /xingrg/kc/pszx/mdps_list_operate.html HTTP/1.1" 200 5548
180.161.96.95 - - [27/Oct/2020:07:51:31 +0800] "POST /xingrg/kc/base/wldb_order_operate.html HTTP/1.1" 200 12
180.161.96.95 - - [27/Oct/2020:07:51:31 +0800] "POST /xingrg/kc/base/wldb_order_operate.html HTTP/1.1" 200 2186
180.161.96.95 - - [27/Oct/2020:07:51:32 +0800] "GET /xingrg/kc/base/wldb_order_info.html?code=422020102703166 HTTP/1.1" 200 26421
180.161.96.95 - - [27/Oct/2020:07:51:32 +0800] "POST /xingrg/kc/base/wldb_order_operate.html HTTP/1.1" 200 481
180.161.96.95 - - [27/Oct/2020:07:51:32 +0800] "GET /xingrg/javascript/easyui/themes/default/validatebox.css HTTP/1.1" 404 1104
180.161.96.95 - - [27/Oct/2020:07:51:35 +0800] "GET /xingrg/kc/base/wldb_order_add.html HTTP/1.1" 200 30542
180.161.96.95 - - [27/Oct/2020:07:51:35 +0800] "POST /xingrg/kc/base/wldb_order_operate.html HTTP/1.1" 200 6806
180.161.96.95 - - [27/Oct/2020:07:51:36 +0800] "GET /xingrg/javascript/easyui/themes/default/validatebox.css HTTP/1.1" 404 1104
180.161.96.95 - - [27/Oct/2020:07:51:39 +0800] "POST /xingrg/all/common/load_combo.html?type=base HTTP/1.1" 200 3060
172.17.0.240 - - [27/Oct/2020:07:51:41 +0800] "GET /xingrg/all/function/internal_message.html?_=1603756300653&CODE_STATE=getMsg HTTP/1.1" 200 27
180.161.96.95 - - [27/Oct/2020:07:51:42 +0800] "POST /xingrg/all/common/load_combo.html?type=base HTTP/1.1" 200 3060
114.84.37.38 - - [27/Oct/2020:07:51:43 +0800] "GET /xingrg/check_reg.html?_=1603756307860 HTTP/1.1" 200 22
180.161.96.95 - - [27/Oct/2020:07:51:51 +0800] "GET /xingrg/kc/base/wldb_order_operate.html?command=get_materiel&rest_code=00102&base_code=0010476&code=00101027001 HTTP/1.1" 200 471
222.69.133.109 - - [27/Oct/2020:07:51:51 +0800] "GET /xingrg/all/function/internal_message.html?_=1603756312070&CODE_STATE=getMsg HTTP/1.1" 200 27
222.69.133.109 - - [27/Oct/2020:07:51:52 +0800] "GET /xingrg/javascript/easyui/themes/default/tree.css HTTP/1.1" 404 1090
222.69.133.109 - - [27/Oct/2020:07:51:52 +0800] "POST /xingrg/all/common/load_tree.html?tree=supplier_tree_json&isDelete=1 HTTP/1.1" 200 51395
172.17.0.123 - - [27/Oct/2020:07:51:56 +0800] "GET /xingrg/all/function/internal_message.html?_=1603756278640&CODE_STATE=getMsg HTTP/1.1" 302 -
180.161.96.95 - - [27/Oct/2020:07:51:58 +0800] "GET /xingrg/kc/base/wldb_order_operate.html?command=get_materiel&rest_code=00102&base_code=0010476&code=00101019026 HTTP/1.1" 200 467
58.221.95.50 - - [27/Oct/2020:07:52:00 +0800] "GET /xingrg/all/function/internal_message.html?_=1603756499387&CODE_STATE=getMsg HTTP/1.1" 200 27
180.161.96.95 - - [27/Oct/2020:07:52:06 +0800] "GET /xingrg/kc/base/wldb_order_operate.html?command=get_materiel&rest_code=00102&base_code=0010476&code=00101019184 HTTP/1.1" 200 442
180.161.96.95 - - [27/Oct/2020:07:52:10 +0800] "GET /xingrg/kc/base/wldb_order_operate.html?command=get_materiel&rest_code=00102&base_code=0010476&code=00101019315 HTTP/1.1" 200 461
180.161.96.95 - - [27/Oct/2020:07:52:11 +0800] "GET /xingrg/check_reg.html?_=1603756550541 HTTP/1.1" 200 22
180.161.96.95 - - [27/Oct/2020:07:52:11 +0800] "GET /xingrg/all/function/internal_message.html?_=1603756550753&CODE_STATE=getMsg HTTP/1.1" 200 27
114.84.37.38 - - [27/Oct/2020:07:52:17 +0800] "GET /xingrg/all/function/internal_message.html?_=1603756361047&CODE_STATE=getMsg HTTP/1.1" 200 27
180.161.96.95 - - [27/Oct/2020:07:52:18 +0800] "GET /xingrg/kc/base/wldb_order_operate.html?command=get_materiel&rest_code=00102&base_code=0010476&code=00101019241 HTTP/1.1" 200 459
180.161.96.95 - - [27/Oct/2020:07:52:24 +0800] "GET /xingrg/kc/base/wldb_order_operate.html?command=get_materiel&rest_code=00102&base_code=0010476&code=00101016044 HTTP/1.1" 200 464
114.84.37.38 - - [27/Oct/2020:07:52:27 +0800] "GET /xingrg/all/function/internal_message.html?_=1603756351665&CODE_STATE=getMsg HTTP/1.1" 200 27
172.17.0.240 - - [27/Oct/2020:07:52:41 +0800] "GET /xingrg/all/function/internal_message.html?_=1603756360657&CODE_STATE=getMsg HTTP/1.1" 200 27
180.161.96.95 - - [27/Oct/2020:07:52:43 +0800] "GET /xingrg/kc/base/wldb_order_operate.html?command=get_materiel&rest_code=00102&base_code=0010476&code=00101019498 HTTP/1.1" 200 476
180.161.96.95 - - [27/Oct/2020:07:52:49 +0800] "GET /xingrg/kc/base/wldb_order_operate.html?command=get_materiel&rest_code=00102&base_code=0010476&code=00101016029 HTTP/1.1" 200 460
222.69.133.109 - - [27/Oct/2020:07:52:51 +0800] "GET /xingrg/all/function/internal_message.html?_=1603756372073&CODE_STATE=getMsg HTTP/1.1" 200 27
222.69.133.109 - - [27/Oct/2020:07:52:51 +0800] "GET /xingrg/check_reg.html?_=1603756372077 HTTP/1.1" 200 22
172.17.0.123 - - [27/Oct/2020:07:52:56 +0800] "GET /xingrg/check_reg.html?_=1603756338642 HTTP/1.1" 302 -
172.17.0.123 - - [27/Oct/2020:07:52:56 +0800] "GET /xingrg/all/function/internal_message.html?_=1603756338642&CODE_STATE=getMsg HTTP/1.1" 302 -
58.221.95.50 - - [27/Oct/2020:07:53:00 +0800] "GET /xingrg/all/function/internal_message.html?_=1603756559365&CODE_STATE=getMsg HTTP/1.1" 200 27
180.161.96.95 - - [27/Oct/2020:07:53:03 +0800] "GET /xingrg/kc/base/wldb_order_operate.html?command=get_materiel&rest_code=00102&base_code=0010476&code=00101019503 HTTP/1.1" 200 466
180.161.96.95 - - [27/Oct/2020:07:53:07 +0800] "GET /xingrg/kc/base/wldb_order_operate.html?command=get_materiel&rest_code=00102&base_code=0010476&code=00101016076 HTTP/1.1" 200 477
114.84.37.38 - - [27/Oct/2020:07:53:08 +0800] "GET /xingrg/check_reg.html?_=1603756412677 HTTP/1.1" 200 22
180.161.96.95 - - [27/Oct/2020:07:53:11 +0800] "GET /xingrg/all/function/internal_message.html?_=1603756611044&CODE_STATE=getMsg HTTP/1.1" 200 27
114.84.37.38 - - [27/Oct/2020:07:53:17 +0800] "GET /xingrg/all/function/internal_message.html?_=1603756421050&CODE_STATE=getMsg HTTP/1.1" 200 27
114.84.37.38 - - [27/Oct/2020:07:53:27 +0800] "GET /xingrg/all/function/internal_message.html?_=1603756411678&CODE_STATE=getMsg HTTP/1.1" 200 27
180.161.96.95 - - [27/Oct/2020:07:53:31 +0800] "GET /xingrg/kc/base/wldb_order_operate.html?command=get_materiel&rest_code=00102&base_code=0010476&code=00101019400 HTTP/1.1" 200 451
180.161.96.95 - - [27/Oct/2020:07:53:38 +0800] "GET /xingrg/kc/base/wldb_order_operate.html?command=get_materiel&rest_code=00102&base_code=0010476&code=00101019015 HTTP/1.1" 200 437
172.17.0.240 - - [27/Oct/2020:07:53:41 +0800] "GET /xingrg/all/function/internal_message.html?_=1603756420664&CODE_STATE=getMsg HTTP/1.1" 200 27
180.161.96.95 - - [27/Oct/2020:07:53:47 +0800] "GET /xingrg/kc/base/wldb_order_operate.html?command=get_materiel&rest_code=00102&base_code=0010476&code=00101019222 HTTP/1.1" 200 454
222.69.133.109 - - [27/Oct/2020:07:53:51 +0800] "GET /xingrg/all/function/internal_message.html?_=1603756432079&CODE_STATE=getMsg HTTP/1.1" 200 27
180.161.96.95 - - [27/Oct/2020:07:53:53 +0800] "GET /xingrg/kc/base/wldb_order_operate.html?command=get_materiel&rest_code=00102&base_code=0010476&code=00101019130 HTTP/1.1" 200 471
172.17.0.123 - - [27/Oct/2020:07:53:56 +0800] "GET /xingrg/all/function/internal_message.html?_=1603756398644&CODE_STATE=getMsg HTTP/1.1" 302 -
180.161.96.95 - - [27/Oct/2020:07:53:59 +0800] "GET /xingrg/kc/base/wldb_order_operate.html?command=get_materiel&rest_code=00102&base_code=0010476&code=00101019185 HTTP/1.1" 200 455
58.221.95.50 - - [27/Oct/2020:07:54:00 +0800] "GET /xingrg/all/function/internal_message.html?_=1603756619343&CODE_STATE=getMsg HTTP/1.1" 200 27
180.161.96.95 - - [27/Oct/2020:07:54:04 +0800] "GET /xingrg/kc/base/wldb_order_operate.html?command=get_materiel&rest_code=00102&base_code=0010476&code=00101019183 HTTP/1.1" 200 433
180.161.96.95 - - [27/Oct/2020:07:54:06 +0800] "POST /xingrg/kc/base/wldb_order_operate.html HTTP/1.1" 200 1710
180.161.96.95 - - [27/Oct/2020:07:54:11 +0800] "GET /xingrg/all/function/internal_message.html?_=1603756671045&CODE_STATE=getMsg HTTP/1.1" 200 27
120.253.135.82 - - [27/Oct/2020:07:54:16 +0800] "GET /xingrg/check_reg.html?_=1603756567951 HTTP/1.1" 200 22
114.84.37.38 - - [27/Oct/2020:07:54:17 +0800] "GET /xingrg/all/function/internal_message.html?_=1603756481064&CODE_STATE=getMsg HTTP/1.1" 200 27
180.161.96.95 - - [27/Oct/2020:07:54:20 +0800] "GET /xingrg/kc/base/wldb_order_operate.html?command=get_materiel&rest_code=00102&base_code=0010476&code=00101013011 HTTP/1.1" 200 451
114.84.37.38 - - [27/Oct/2020:07:54:27 +0800] "GET /xingrg/all/function/internal_message.html?_=1603756472014&CODE_STATE=getMsg HTTP/1.1" 200 27
180.161.96.95 - - [27/Oct/2020:07:54:30 +0800] "GET /xingrg/kc/base/wldb_order_operate.html?command=get_materiel&rest_code=00102&base_code=0010476&code=00101013123 HTTP/1.1" 200 434
172.17.0.240 - - [27/Oct/2020:07:54:41 +0800] "GET /xingrg/all/function/internal_message.html?_=1603756480666&CODE_STATE=getMsg HTTP/1.1" 200 27
172.17.0.240 - - [27/Oct/2020:07:54:41 +0800] "GET /xingrg/check_reg.html?_=1603756480667 HTTP/1.1" 200 22
222.69.133.109 - - [27/Oct/2020:07:54:51 +0800] "GET /xingrg/all/function/internal_message.html?_=1603756492072&CODE_STATE=getMsg HTTP/1.1" 200 27
172.17.0.123 - - [27/Oct/2020:07:54:56 +0800] "GET /xingrg/all/function/internal_message.html?_=1603756458630&CODE_STATE=getMsg HTTP/1.1" 302 -
58.221.95.50 - - [27/Oct/2020:07:55:00 +0800] "GET /xingrg/all/function/internal_message.html?_=1603756679319&CODE_STATE=getMsg HTTP/1.1" 200 27
180.161.96.95 - - [27/Oct/2020:07:55:12 +0800] "GET /xingrg/all/function/internal_message.html?_=1603756731189&CODE_STATE=getMsg HTTP/1.1" 200 27
114.84.37.38 - - [27/Oct/2020:07:55:17 +0800] "GET /xingrg/all/function/internal_message.html?_=1603756541087&CODE_STATE=getMsg HTTP/1.1" 200 27
180.161.96.95 - - [27/Oct/2020:07:55:17 +0800] "POST /xingrg/kc/base/wldb_order_operate.html HTTP/1.1" 200 1710
180.161.96.95 - - [27/Oct/2020:07:55:26 +0800] "GET /xingrg/kc/base/wldb_order_operate.html?command=get_materiel&rest_code=00102&base_code=0010476&code=00101019391 HTTP/1.1" 200 471
114.84.37.38 - - [27/Oct/2020:07:55:27 +0800] "GET /xingrg/all/function/internal_message.html?_=1603756532018&CODE_STATE=getMsg HTTP/1.1" 200 27
222.69.133.109 - - [27/Oct/2020:07:55:30 +0800] "GET /xingrg/kc/buy/cgsh_order_add.html HTTP/1.1" 200 59546
222.69.133.109 - - [27/Oct/2020:07:55:31 +0800] "POST /xingrg/kc/buy/cgsh_order_operate.html HTTP/1.1" 200 8245
222.69.133.109 - - [27/Oct/2020:07:55:31 +0800] "GET /xingrg/javascript/easyui/themes/default/validatebox.css HTTP/1.1" 404 1104
222.69.133.109 - - [27/Oct/2020:07:55:33 +0800] "GET /xingrg/javascript/easyui/themes/default/tree.css HTTP/1.1" 404 1090
222.69.133.109 - - [27/Oct/2020:07:55:33 +0800] "POST /xingrg/all/common/load_tree.html?tree=supplier_tree_json&isDelete=1 HTTP/1.1" 200 51395
120.253.135.82 - - [27/Oct/2020:07:55:39 +0800] "POST /xingrg/kc/pszx/mdps_list_operate.html HTTP/1.1" 200 5685
120.253.135.82 - - [27/Oct/2020:07:55:41 +0800] "POST /xingrg/kc/pszx/mdps_list_operate.html HTTP/1.1" 200 272
172.17.0.240 - - [27/Oct/2020:07:55:41 +0800] "GET /xingrg/all/function/internal_message.html?_=1603756540671&CODE_STATE=getMsg HTTP/1.1" 200 27
120.253.135.82 - - [27/Oct/2020:07:55:41 +0800] "GET /xingrg/kc/pszx/mdps_order_info.html?code=312020102600700 HTTP/1.1" 200 23885
120.253.135.82 - - [27/Oct/2020:07:55:42 +0800] "POST /xingrg/kc/pszx/mdps_order_operate.html HTTP/1.1" 200 2765
120.253.135.82 - - [27/Oct/2020:07:55:42 +0800] "GET /xingrg/javascript/easyui/themes/default/validatebox.css HTTP/1.1" 404 1104
180.161.96.95 - - [27/Oct/2020:07:55:42 +0800] "GET /xingrg/kc/base/wldb_order_operate.html?command=get_materiel&rest_code=00102&base_code=0010476&code=00101019127 HTTP/1.1" 200 466
180.161.96.95 - - [27/Oct/2020:07:55:45 +0800] "POST /xingrg/kc/base/wldb_order_operate.html HTTP/1.1" 200 1710
120.253.135.82 - - [27/Oct/2020:07:55:47 +0800] "POST /xingrg/kc/pszx/mdps_list_operate.html HTTP/1.1" 200 5685
180.161.96.95 - - [27/Oct/2020:07:55:47 +0800] "GET /xingrg/kc/base/wldb_order_operate.html?command=get_materiel&rest_code=00102&base_code=0010476&code=00101019131 HTTP/1.1" 200 454
222.69.133.109 - - [27/Oct/2020:07:55:51 +0800] "GET /xingrg/all/function/internal_message.html?_=1603756552091&CODE_STATE=getMsg HTTP/1.1" 200 27
180.161.96.95 - - [27/Oct/2020:07:55:53 +0800] "GET /xingrg/kc/base/wldb_order_operate.html?command=get_materiel&rest_code=00102&base_code=0010476&code=00101013076 HTTP/1.1" 200 442
120.253.135.82 - - [27/Oct/2020:07:55:54 +0800] "GET /xingrg/kc/pszx/jzcl_ps.html HTTP/1.1" 200 7683
120.253.135.82 - - [27/Oct/2020:07:55:54 +0800] "POST /xingrg/all/common/load_tree.html?tree=area_rest_tree_json HTTP/1.1" 200 3350
120.253.135.82 - - [27/Oct/2020:07:55:54 +0800] "POST /xingrg/kc/pszx/jzcl_ps_operate.html HTTP/1.1" 200 2194
120.253.135.82 - - [27/Oct/2020:07:55:54 +0800] "POST /xingrg/kc/pszx/jzcl_ps_operate.html HTTP/1.1" 200 2194
172.17.0.123 - - [27/Oct/2020:07:55:56 +0800] "GET /xingrg/all/function/internal_message.html?_=1603756518634&CODE_STATE=getMsg HTTP/1.1" 302 -
58.221.95.50 - - [27/Oct/2020:07:56:00 +0800] "GET /xingrg/all/function/internal_message.html?_=1603756739292&CODE_STATE=getMsg HTTP/1.1" 200 27
120.253.135.82 - - [27/Oct/2020:07:56:10 +0800] "POST /xingrg/kc/pszx/jzcl_ps_operate.html HTTP/1.1" 200 4
120.253.135.82 - - [27/Oct/2020:07:56:10 +0800] "GET /xingrg/javascript/step/images/navBtn.gif HTTP/1.1" 200 361
120.253.135.82 - - [27/Oct/2020:07:56:11 +0800] "GET /xingrg/kc/pszx/mdps_order_list.html HTTP/1.1" 200 21197
120.253.135.82 - - [27/Oct/2020:07:56:12 +0800] "POST /xingrg/kc/pszx/jzcl_ps_operate.html HTTP/1.1" 200 21
120.253.135.82 - - [27/Oct/2020:07:56:12 +0800] "POST /xingrg/kc/pszx/mdps_list_operate.html HTTP/1.1" 200 5607
180.161.96.95 - - [27/Oct/2020:07:56:12 +0800] "GET /xingrg/all/function/internal_message.html?_=1603756791409&CODE_STATE=getMsg HTTP/1.1" 200 27
180.161.96.95 - - [27/Oct/2020:07:56:12 +0800] "GET /xingrg/kc/base/wldb_order_operate.html?command=get_materiel&rest_code=00102&base_code=0010476&code=00101016020 HTTP/1.1" 200 447
180.161.96.95 - - [27/Oct/2020:07:56:17 +0800] "GET /xingrg/kc/base/wldb_order_operate.html?command=get_materiel&rest_code=00102&base_code=0010476&code=00101016065 HTTP/1.1" 200 468
114.84.37.38 - - [27/Oct/2020:07:56:17 +0800] "GET /xingrg/all/function/internal_message.html?_=1603756601091&CODE_STATE=getMsg HTTP/1.1" 200 27
120.253.135.82 - - [27/Oct/2020:07:56:18 +0800] "POST /xingrg/kc/pszx/mdps_list_operate.html HTTP/1.1" 200 5736
222.69.133.109 - - [27/Oct/2020:07:56:18 +0800] "GET /xingrg/kc/buy/cgsh_order_operate.html?command=get_materiel&rest_code=00154&code=00101006184&supplier_code=00100419&order_time=2020-10-27 HTTP/1.1" 200 423
180.161.96.95 - - [27/Oct/2020:07:56:20 +0800] "POST /xingrg/kc/base/wldb_order_operate.html HTTP/1.1" 200 1710
58.221.95.50 - - [27/Oct/2020:07:56:23 +0800] "GET /xingrg/check_reg.html?_=1603756762587 HTTP/1.1" 200 22
120.253.135.82 - - [27/Oct/2020:07:56:24 +0800] "POST /xingrg/kc/pszx/mdps_list_operate.html HTTP/1.1" 200 478
120.253.135.82 - - [27/Oct/2020:07:56:25 +0800] "GET /xingrg/kc/pszx/mdps_order_info.html?code=312020102700732 HTTP/1.1" 200 23885
120.253.135.82 - - [27/Oct/2020:07:56:25 +0800] "POST /xingrg/kc/pszx/mdps_order_operate.html HTTP/1.1" 200 3808
120.253.135.82 - - [27/Oct/2020:07:56:25 +0800] "GET /xingrg/javascript/easyui/themes/default/validatebox.css HTTP/1.1" 404 1104
180.161.96.95 - - [27/Oct/2020:07:56:27 +0800] "GET /xingrg/kc/base/wldb_order_operate.html?command=get_materiel&rest_code=00102&base_code=0010476&code=00101016001 HTTP/1.1" 200 457
114.84.37.38 - - [27/Oct/2020:07:56:27 +0800] "GET /xingrg/all/function/internal_message.html?_=1603756592334&CODE_STATE=getMsg HTTP/1.1" 200 27
120.253.135.82 - - [27/Oct/2020:07:56:30 +0800] "POST /xingrg/kc/pszx/mdps_order_operate.html HTTP/1.1" 200 37
120.253.135.82 - - [27/Oct/2020:07:56:31 +0800] "GET /xingrg/kc/pszx/mdps_order_info.html?code=312020102700732 HTTP/1.1" 200 23885
120.253.135.82 - - [27/Oct/2020:07:56:32 +0800] "POST /xingrg/kc/pszx/mdps_order_operate.html HTTP/1.1" 200 3838
120.253.135.82 - - [27/Oct/2020:07:56:32 +0800] "GET /xingrg/javascript/easyui/themes/default/validatebox.css HTTP/1.1" 404 1104
120.253.135.82 - - [27/Oct/2020:07:56:36 +0800] "POST /xingrg/all/common/load_combo.html?type=base HTTP/1.1" 200 984
172.17.0.240 - - [27/Oct/2020:07:56:41 +0800] "GET /xingrg/all/function/internal_message.html?_=1603756600674&CODE_STATE=getMsg HTTP/1.1" 200 27
120.253.135.82 - - [27/Oct/2020:07:56:42 +0800] "POST /xingrg/kc/pszx/mdps_order_operate.html HTTP/1.1" 200 37
120.253.135.82 - - [27/Oct/2020:07:56:43 +0800] "GET /xingrg/kc/pszx/mdps_order_info.html?code=312020102700732 HTTP/1.1" 200 23885
114.84.37.38 - - [27/Oct/2020:07:56:43 +0800] "GET /xingrg/check_reg.html?_=1603756607870 HTTP/1.1" 200 22
120.253.135.82 - - [27/Oct/2020:07:56:43 +0800] "POST /xingrg/kc/pszx/mdps_order_operate.html HTTP/1.1" 200 3841
120.253.135.82 - - [27/Oct/2020:07:56:43 +0800] "GET /xingrg/javascript/easyui/themes/default/validatebox.css HTTP/1.1" 404 1104
222.69.133.109 - - [27/Oct/2020:07:56:51 +0800] "GET /xingrg/all/function/internal_message.html?_=1603756612103&CODE_STATE=getMsg HTTP/1.1" 200 27
180.161.96.95 - - [27/Oct/2020:07:56:53 +0800] "GET /xingrg/kc/base/wldb_order_operate.html?command=get_materiel&rest_code=00102&base_code=0010476&code=00101019551 HTTP/1.1" 200 463
172.17.0.123 - - [27/Oct/2020:07:56:56 +0800] "GET /xingrg/all/function/internal_message.html?_=1603756578636&CODE_STATE=getMsg HTTP/1.1" 302 -
58.221.95.50 - - [27/Oct/2020:07:57:00 +0800] "GET /xingrg/all/function/internal_message.html?_=1603756799263&CODE_STATE=getMsg HTTP/1.1" 200 27
120.253.135.82 - - [27/Oct/2020:07:57:05 +0800] "POST /xingrg/kc/pszx/mdps_list_operate.html HTTP/1.1" 200 580
120.253.135.82 - - [27/Oct/2020:07:57:05 +0800] "GET /xingrg/kc/pszx/mdps_order_info.html?code=312020102700733 HTTP/1.1" 200 23885
120.253.135.82 - - [27/Oct/2020:07:57:05 +0800] "POST /xingrg/kc/pszx/mdps_order_operate.html HTTP/1.1" 200 6165
120.253.135.82 - - [27/Oct/2020:07:57:05 +0800] "GET /xingrg/javascript/easyui/themes/default/validatebox.css HTTP/1.1" 404 1104
120.253.135.82 - - [27/Oct/2020:07:57:09 +0800] "POST /xingrg/kc/pszx/mdps_order_operate.html HTTP/1.1" 200 37
120.253.135.82 - - [27/Oct/2020:07:57:10 +0800] "GET /xingrg/kc/pszx/mdps_order_info.html?code=312020102700733 HTTP/1.1" 200 23885
180.161.96.95 - - [27/Oct/2020:07:57:11 +0800] "POST /xingrg/kc/base/wldb_order_operate.html HTTP/1.1" 200 1710
120.253.135.82 - - [27/Oct/2020:07:57:11 +0800] "POST /xingrg/kc/pszx/mdps_order_operate.html HTTP/1.1" 200 6233
120.253.135.82 - - [27/Oct/2020:07:57:11 +0800] "GET /xingrg/javascript/easyui/themes/default/validatebox.css HTTP/1.1" 404 1104
180.161.96.95 - - [27/Oct/2020:07:57:11 +0800] "GET /xingrg/check_reg.html?_=1603756850854 HTTP/1.1" 200 22
180.161.96.95 - - [27/Oct/2020:07:57:12 +0800] "GET /xingrg/all/function/internal_message.html?_=1603756851414&CODE_STATE=getMsg HTTP/1.1" 200 27
114.84.37.38 - - [27/Oct/2020:07:57:17 +0800] "GET /xingrg/all/function/internal_message.html?_=1603756661115&CODE_STATE=getMsg HTTP/1.1" 200 27
180.161.96.95 - - [27/Oct/2020:07:57:23 +0800] "GET /xingrg/kc/base/wldb_order_operate.html?command=get_materiel&rest_code=00102&base_code=0010476&code=00101019071 HTTP/1.1" 200 455
114.84.37.38 - - [27/Oct/2020:07:57:27 +0800] "GET /xingrg/all/function/internal_message.html?_=1603756652341&CODE_STATE=getMsg HTTP/1.1" 200 27
180.161.96.95 - - [27/Oct/2020:07:57:35 +0800] "GET /xingrg/kc/base/wldb_order_operate.html?command=get_materiel&rest_code=00102&base_code=0010476&code=00101019405 HTTP/1.1" 200 468
180.161.96.95 - - [27/Oct/2020:07:57:40 +0800] "GET /xingrg/kc/base/wldb_order_operate.html?command=get_materiel&rest_code=00102&base_code=0010476&code=00101033006 HTTP/1.1" 200 437
172.17.0.240 - - [27/Oct/2020:07:57:41 +0800] "GET /xingrg/all/function/internal_message.html?_=1603756660662&CODE_STATE=getMsg HTTP/1.1" 200 27
222.69.133.109 - - [27/Oct/2020:07:57:51 +0800] "GET /xingrg/check_reg.html?_=1603756672098 HTTP/1.1" 200 22
222.69.133.109 - - [27/Oct/2020:07:57:51 +0800] "GET /xingrg/all/function/internal_message.html?_=1603756672103&CODE_STATE=getMsg HTTP/1.1" 200 27
180.161.96.95 - - [27/Oct/2020:07:57:51 +0800] "GET /xingrg/kc/base/wldb_order_operate.html?command=get_materiel&rest_code=00102&base_code=0010476&code=00101020144 HTTP/1.1" 200 449
180.161.96.95 - - [27/Oct/2020:07:57:54 +0800] "POST /xingrg/kc/base/wldb_order_operate.html HTTP/1.1" 200 1710
172.17.0.123 - - [27/Oct/2020:07:57:56 +0800] "GET /xingrg/all/function/internal_message.html?_=1603756638638&CODE_STATE=getMsg HTTP/1.1" 302 -
172.17.0.123 - - [27/Oct/2020:07:57:56 +0800] "GET /xingrg/check_reg.html?_=1603756638640 HTTP/1.1" 302 -
58.221.95.50 - - [27/Oct/2020:07:58:00 +0800] "GET /xingrg/all/function/internal_message.html?_=1603756859235&CODE_STATE=getMsg HTTP/1.1" 200 27
114.84.37.38 - - [27/Oct/2020:07:58:08 +0800] "GET /xingrg/check_reg.html?_=1603756712687 HTTP/1.1" 200 22
180.161.96.95 - - [27/Oct/2020:07:58:12 +0800] "GET /xingrg/all/function/internal_message.html?_=1603756911427&CODE_STATE=getMsg HTTP/1.1" 200 27
180.161.96.95 - - [27/Oct/2020:07:58:12 +0800] "POST /xingrg/kc/base/wldb_order_operate.html HTTP/1.1" 200 37
180.161.96.95 - - [27/Oct/2020:07:58:12 +0800] "POST /xingrg/kc/base/wldb_order_operate.html HTTP/1.1" 200 23623
180.161.96.95 - - [27/Oct/2020:07:58:13 +0800] "GET /xingrg/kc/base/wldb_order_info.html?code=422020102703167 HTTP/1.1" 200 30556
180.161.96.95 - - [27/Oct/2020:07:58:14 +0800] "POST /xingrg/kc/base/wldb_order_operate.html HTTP/1.1" 200 23623
180.161.96.95 - - [27/Oct/2020:07:58:14 +0800] "GET /xingrg/javascript/easyui/themes/default/validatebox.css HTTP/1.1" 404 1104
114.84.37.38 - - [27/Oct/2020:07:58:17 +0800] "GET /xingrg/all/function/internal_message.html?_=1603756721118&CODE_STATE=getMsg HTTP/1.1" 200 27
114.84.37.38 - - [27/Oct/2020:07:58:27 +0800] "GET /xingrg/all/function/internal_message.html?_=1603756712354&CODE_STATE=getMsg HTTP/1.1" 200 27
180.161.96.95 - - [27/Oct/2020:07:58:41 +0800] "POST /xingrg/kc/base/wldb_order_operate.html HTTP/1.1" 200 37
172.17.0.240 - - [27/Oct/2020:07:58:41 +0800] "GET /xingrg/all/function/internal_message.html?_=1603756720666&CODE_STATE=getMsg HTTP/1.1" 200 27
180.161.96.95 - - [27/Oct/2020:07:58:42 +0800] "POST /xingrg/kc/base/wldb_order_operate.html HTTP/1.1" 200 12
180.161.96.95 - - [27/Oct/2020:07:58:42 +0800] "POST /xingrg/kc/base/wldb_order_operate.html HTTP/1.1" 200 23622
180.161.96.95 - - [27/Oct/2020:07:58:49 +0800] "GET /xingrg/kc/base/wldb_order_info.html?code=422020102703167 HTTP/1.1" 200 26418
180.161.96.95 - - [27/Oct/2020:07:58:50 +0800] "POST /xingrg/kc/base/wldb_order_operate.html HTTP/1.1" 200 21441
180.161.96.95 - - [27/Oct/2020:07:58:50 +0800] "GET /xingrg/javascript/easyui/themes/default/validatebox.css HTTP/1.1" 404 1104
222.69.133.109 - - [27/Oct/2020:07:58:51 +0800] "GET /xingrg/all/function/internal_message.html?_=1603756732102&CODE_STATE=getMsg HTTP/1.1" 200 27
180.161.96.95 - - [27/Oct/2020:07:58:53 +0800] "GET /xingrg/kc/base/wldb_order_add.html HTTP/1.1" 200 30542
180.161.96.95 - - [27/Oct/2020:07:58:54 +0800] "POST /xingrg/kc/base/wldb_order_operate.html HTTP/1.1" 200 6806
180.161.96.95 - - [27/Oct/2020:07:58:55 +0800] "GET /xingrg/javascript/easyui/themes/default/validatebox.css HTTP/1.1" 404 1104
180.161.96.95 - - [27/Oct/2020:07:58:55 +0800] "POST /xingrg/all/common/load_combo.html?type=base HTTP/1.1" 200 3060
172.17.0.123 - - [27/Oct/2020:07:58:56 +0800] "GET /xingrg/all/function/internal_message.html?_=1603756698640&CODE_STATE=getMsg HTTP/1.1" 302 -
180.161.96.95 - - [27/Oct/2020:07:58:58 +0800] "POST /xingrg/all/common/load_combo.html?type=base HTTP/1.1" 200 3060
58.221.95.50 - - [27/Oct/2020:07:59:00 +0800] "GET /xingrg/all/function/internal_message.html?_=1603756919218&CODE_STATE=getMsg HTTP/1.1" 200 27
180.161.96.95 - - [27/Oct/2020:07:59:10 +0800] "GET /xingrg/kc/base/wldb_order_operate.html?command=get_materiel&rest_code=00102&base_code=0010476&code=00101013139 HTTP/1.1" 200 450
222.69.133.109 - - [27/Oct/2020:07:59:11 +0800] "GET /xingrg/system/info/materiel_import.html?isSelect=1&singleSelect=false HTTP/1.1" 200 5600
180.161.96.95 - - [27/Oct/2020:07:59:12 +0800] "GET /xingrg/all/function/internal_message.html?_=1603756971440&CODE_STATE=getMsg HTTP/1.1" 200 27
222.69.133.109 - - [27/Oct/2020:07:59:12 +0800] "POST /xingrg/all/common/load_tree.html?tree=materiel_sort_tree_json HTTP/1.1" 200 8666
222.69.133.109 - - [27/Oct/2020:07:59:12 +0800] "GET /favicon.ico HTTP/1.1" 404 -
120.253.135.82 - - [27/Oct/2020:07:59:17 +0800] "GET /xingrg/check_reg.html?_=1603756868142 HTTP/1.1" 200 22
114.84.37.38 - - [27/Oct/2020:07:59:17 +0800] "GET /xingrg/all/function/internal_message.html?_=1603756781132&CODE_STATE=getMsg HTTP/1.1" 200 27
180.161.96.95 - - [27/Oct/2020:07:59:19 +0800] "GET /xingrg/kc/base/wldb_order_operate.html?command=get_materiel&rest_code=00102&base_code=0010476&code=00101019438 HTTP/1.1" 200 447
222.69.133.109 - - [27/Oct/2020:07:59:27 +0800] "GET /xingrg/system/info/materiel_import.html?isSelect=1&singleSelect=false HTTP/1.1" 200 5600
222.69.133.109 - - [27/Oct/2020:07:59:27 +0800] "POST /xingrg/all/common/load_tree.html?tree=materiel_sort_tree_json HTTP/1.1" 200 8666
222.69.133.109 - - [27/Oct/2020:07:59:27 +0800] "GET /favicon.ico HTTP/1.1" 404 -
114.84.37.38 - - [27/Oct/2020:07:59:28 +0800] "GET /xingrg/all/function/internal_message.html?_=1603756772679&CODE_STATE=getMsg HTTP/1.1" 200 27
222.69.133.109 - - [27/Oct/2020:07:59:34 +0800] "POST /xingrg/kc/buy/cgsh_list_operate.html HTTP/1.1" 200 876
222.69.133.109 - - [27/Oct/2020:07:59:36 +0800] "GET /xingrg/kc/buy/cgsh_order_add.html HTTP/1.1" 200 59546
222.69.133.109 - - [27/Oct/2020:07:59:37 +0800] "POST /xingrg/kc/buy/cgsh_order_operate.html HTTP/1.1" 200 8245
222.69.133.109 - - [27/Oct/2020:07:59:37 +0800] "GET /xingrg/javascript/easyui/themes/default/validatebox.css HTTP/1.1" 404 1104
222.69.133.109 - - [27/Oct/2020:07:59:38 +0800] "GET /xingrg/javascript/easyui/themes/default/tree.css HTTP/1.1" 404 1090
222.69.133.109 - - [27/Oct/2020:07:59:38 +0800] "POST /xingrg/all/common/load_tree.html?tree=supplier_tree_json&isDelete=1 HTTP/1.1" 200 51395
180.161.96.95 - - [27/Oct/2020:07:59:41 +0800] "GET /xingrg/kc/base/wldb_order_operate.html?command=get_materiel&rest_code=00102&base_code=0010476&code=00101010057 HTTP/1.1" 200 438
172.17.0.240 - - [27/Oct/2020:07:59:41 +0800] "GET /xingrg/all/function/internal_message.html?_=1603756780671&CODE_STATE=getMsg HTTP/1.1" 200 27
172.17.0.240 - - [27/Oct/2020:07:59:41 +0800] "GET /xingrg/check_reg.html?_=1603756780673 HTTP/1.1" 200 22
222.69.133.109 - - [27/Oct/2020:07:59:51 +0800] "GET /xingrg/all/function/internal_message.html?_=1603756792101&CODE_STATE=getMsg HTTP/1.1" 200 27
172.17.0.123 - - [27/Oct/2020:07:59:56 +0800] "GET /xingrg/all/function/internal_message.html?_=1603756758642&CODE_STATE=getMsg HTTP/1.1" 302 -
58.221.95.50 - - [27/Oct/2020:08:00:00 +0800] "GET /xingrg/all/function/internal_message.html?_=1603756979193&CODE_STATE=getMsg HTTP/1.1" 200 27
180.161.96.95 - - [27/Oct/2020:08:00:00 +0800] "GET /xingrg/kc/base/wldb_order_operate.html?command=get_materiel&rest_code=00102&base_code=0010476&code=00101019289 HTTP/1.1" 200 455
120.253.135.82 - - [27/Oct/2020:08:00:01 +0800] "GET /xingrg/kc/pszx/mdps_order_operate.html?command=get_materiel&pszx_code=00101&rest_code=00104&base_code=0010246&code=00101019142 HTTP/1.1" 200 450
120.253.135.82 - - [27/Oct/2020:08:00:09 +0800] "POST /xingrg/all/common/load_select.html HTTP/1.1" 200 25
120.253.135.82 - - [27/Oct/2020:08:00:11 +0800] "GET /xingrg/kc/pszx/mdps_order_operate.html?command=get_materiel_price&pszx_code=00101&rest_code=00104&base_code=0010246&code=00101019142&unit_code=00100211&order_time=2020-10-28 HTTP/1.1" 200 35
180.161.96.95 - - [27/Oct/2020:08:00:12 +0800] "GET /xingrg/all/function/internal_message.html?_=1603757031454&CODE_STATE=getMsg HTTP/1.1" 200 27
120.253.135.82 - - [27/Oct/2020:08:00:16 +0800] "POST /xingrg/kc/pszx/mdps_order_operate.html HTTP/1.1" 200 37
114.84.37.38 - - [27/Oct/2020:08:00:17 +0800] "GET /xingrg/all/function/internal_message.html?_=1603756841155&CODE_STATE=getMsg HTTP/1.1" 200 27
120.253.135.82 - - [27/Oct/2020:08:00:17 +0800] "GET /xingrg/kc/pszx/mdps_order_info.html?code=312020102700733 HTTP/1.1" 200 23885
120.253.135.82 - - [27/Oct/2020:08:00:18 +0800] "POST /xingrg/kc/pszx/mdps_order_operate.html HTTP/1.1" 200 6234
120.253.135.82 - - [27/Oct/2020:08:00:18 +0800] "GET /xingrg/javascript/easyui/themes/default/validatebox.css HTTP/1.1" 404 1104
180.161.96.95 - - [27/Oct/2020:08:00:20 +0800] "GET /xingrg/kc/base/wldb_order_operate.html?command=get_materiel&rest_code=00102&base_code=0010476&code=00101006031 HTTP/1.1" 200 427
120.253.135.82 - - [27/Oct/2020:08:00:21 +0800] "POST /xingrg/kc/pszx/mdps_list_operate.html HTTP/1.1" 200 5736
120.253.135.82 - - [27/Oct/2020:08:00:24 +0800] "POST /xingrg/kc/pszx/mdps_list_operate.html HTTP/1.1" 200 582
120.253.135.82 - - [27/Oct/2020:08:00:25 +0800] "GET /xingrg/kc/pszx/mdps_order_info.html?code=312020102700734 HTTP/1.1" 200 23885
120.253.135.82 - - [27/Oct/2020:08:00:25 +0800] "POST /xingrg/kc/pszx/mdps_order_operate.html HTTP/1.1" 200 7062
120.253.135.82 - - [27/Oct/2020:08:00:25 +0800] "GET /xingrg/javascript/easyui/themes/default/validatebox.css HTTP/1.1" 404 1104
114.84.37.38 - - [27/Oct/2020:08:00:28 +0800] "GET /xingrg/all/function/internal_message.html?_=1603756832694&CODE_STATE=getMsg HTTP/1.1" 200 27
180.161.96.95 - - [27/Oct/2020:08:00:29 +0800] "GET /xingrg/kc/base/wldb_order_operate.html?command=get_materiel&rest_code=00102&base_code=0010476&code=00101019297 HTTP/1.1" 200 462
120.253.135.82 - - [27/Oct/2020:08:00:32 +0800] "POST /xingrg/kc/pszx/mdps_order_operate.html HTTP/1.1" 200 37
120.253.135.82 - - [27/Oct/2020:08:00:33 +0800] "GET /xingrg/kc/pszx/mdps_order_info.html?code=312020102700734 HTTP/1.1" 200 23885
120.253.135.82 - - [27/Oct/2020:08:00:34 +0800] "POST /xingrg/kc/pszx/mdps_order_operate.html HTTP/1.1" 200 7139
120.253.135.82 - - [27/Oct/2020:08:00:34 +0800] "GET /xingrg/javascript/easyui/themes/default/validatebox.css HTTP/1.1" 404 1104
172.17.0.240 - - [27/Oct/2020:08:00:41 +0800] "GET /xingrg/all/function/internal_message.html?_=1603756840676&CODE_STATE=getMsg HTTP/1.1" 200 27
180.161.96.95 - - [27/Oct/2020:08:00:41 +0800] "GET /xingrg/kc/base/wldb_order_operate.html?command=get_materiel&rest_code=00102&base_code=0010476&code=00101019095 HTTP/1.1" 200 450
172.17.0.123 - - [27/Oct/2020:08:00:56 +0800] "GET /xingrg/all/function/internal_message.html?_=1603756818644&CODE_STATE=getMsg HTTP/1.1" 302 -
180.161.96.95 - - [27/Oct/2020:08:00:57 +0800] "GET /xingrg/kc/base/wldb_order_operate.html?command=get_materiel&rest_code=00102&base_code=0010476&code=00101019359 HTTP/1.1" 200 446
58.221.95.50 - - [27/Oct/2020:08:01:00 +0800] "GET /xingrg/all/function/internal_message.html?_=1603757039164&CODE_STATE=getMsg HTTP/1.1" 200 27
180.161.96.95 - - [27/Oct/2020:08:01:12 +0800] "GET /xingrg/all/function/internal_message.html?_=1603757091468&CODE_STATE=getMsg HTTP/1.1" 200 27
114.84.37.38 - - [27/Oct/2020:08:01:17 +0800] "GET /xingrg/all/function/internal_message.html?_=1603756901159&CODE_STATE=getMsg HTTP/1.1" 200 27
180.161.96.95 - - [27/Oct/2020:08:01:23 +0800] "POST /xingrg/kc/base/wldb_order_operate.html HTTP/1.1" 200 37
58.221.95.50 - - [27/Oct/2020:08:01:23 +0800] "GET /xingrg/check_reg.html?_=1603757062584 HTTP/1.1" 200 22
180.161.96.95 - - [27/Oct/2020:08:01:24 +0800] "POST /xingrg/kc/base/wldb_order_operate.html HTTP/1.1" 200 12
180.161.96.95 - - [27/Oct/2020:08:01:24 +0800] "POST /xingrg/kc/base/wldb_order_operate.html HTTP/1.1" 200 8659
180.161.96.95 - - [27/Oct/2020:08:01:25 +0800] "GET /xingrg/kc/base/wldb_order_info.html?code=422020102703168 HTTP/1.1" 200 26418
180.161.96.95 - - [27/Oct/2020:08:01:27 +0800] "POST /xingrg/kc/base/wldb_order_operate.html HTTP/1.1" 200 6788
180.161.96.95 - - [27/Oct/2020:08:01:27 +0800] "GET /xingrg/javascript/easyui/themes/default/validatebox.css HTTP/1.1" 404 1104
114.84.37.38 - - [27/Oct/2020:08:01:28 +0800] "GET /xingrg/all/function/internal_message.html?_=1603756893004&CODE_STATE=getMsg HTTP/1.1" 200 27
180.161.96.95 - - [27/Oct/2020:08:01:29 +0800] "GET /xingrg/kc/base/wldb_order_add.html HTTP/1.1" 200 30542
180.161.96.95 - - [27/Oct/2020:08:01:30 +0800] "POST /xingrg/kc/base/wldb_order_operate.html HTTP/1.1" 200 6806
180.161.96.95 - - [27/Oct/2020:08:01:31 +0800] "GET /xingrg/javascript/easyui/themes/default/validatebox.css HTTP/1.1" 404 1104
180.161.96.95 - - [27/Oct/2020:08:01:32 +0800] "POST /xingrg/all/common/load_combo.html?type=base HTTP/1.1" 200 3060
180.161.96.95 - - [27/Oct/2020:08:01:35 +0800] "POST /xingrg/all/common/load_combo.html?type=base HTTP/1.1" 200 3060
172.17.0.240 - - [27/Oct/2020:08:01:41 +0800] "GET /xingrg/all/function/internal_message.html?_=1603756900678&CODE_STATE=getMsg HTTP/1.1" 200 27
114.84.37.38 - - [27/Oct/2020:08:01:43 +0800] "GET /xingrg/check_reg.html?_=1603756907870 HTTP/1.1" 200 22
180.161.96.95 - - [27/Oct/2020:08:01:43 +0800] "GET /xingrg/kc/base/wldb_order_operate.html?command=get_materiel&rest_code=00102&base_code=0010476&code=00101019063 HTTP/1.1" 200 448
180.161.96.95 - - [27/Oct/2020:08:01:53 +0800] "GET /xingrg/kc/base/wldb_order_operate.html?command=get_materiel&rest_code=00102&base_code=0010476&code=00101019134 HTTP/1.1" 200 466
172.17.0.123 - - [27/Oct/2020:08:01:56 +0800] "GET /xingrg/all/function/internal_message.html?_=1603756878634&CODE_STATE=getMsg HTTP/1.1" 302 -
180.161.96.95 - - [27/Oct/2020:08:01:58 +0800] "GET /xingrg/kc/base/wldb_order_operate.html?command=get_materiel&rest_code=00102&base_code=0010476&code=00101019079 HTTP/1.1" 200 465
58.221.95.50 - - [27/Oct/2020:08:02:00 +0800] "GET /xingrg/all/function/internal_message.html?_=1603757099141&CODE_STATE=getMsg HTTP/1.1" 200 27
180.161.96.95 - - [27/Oct/2020:08:02:03 +0800] "GET /xingrg/kc/base/wldb_order_operate.html?command=get_materiel&rest_code=00102&base_code=0010476&code=00101019306 HTTP/1.1" 200 465
180.161.96.95 - - [27/Oct/2020:08:02:11 +0800] "GET /xingrg/check_reg.html?_=1603757150857 HTTP/1.1" 200 22
180.161.96.95 - - [27/Oct/2020:08:02:12 +0800] "GET /xingrg/all/function/internal_message.html?_=1603757151551&CODE_STATE=getMsg HTTP/1.1" 200 27
180.161.96.95 - - [27/Oct/2020:08:02:15 +0800] "GET /xingrg/kc/base/wldb_order_operate.html?command=get_materiel&rest_code=00102&base_code=0010476&code=00101019536 HTTP/1.1" 200 470
114.84.37.38 - - [27/Oct/2020:08:02:17 +0800] "GET /xingrg/all/function/internal_message.html?_=1603756961183&CODE_STATE=getMsg HTTP/1.1" 200 27
180.161.96.95 - - [27/Oct/2020:08:02:21 +0800] "GET /xingrg/kc/base/wldb_order_operate.html?command=get_materiel&rest_code=00102&base_code=0010476&code=00101013081 HTTP/1.1" 200 431
180.161.96.95 - - [27/Oct/2020:08:02:27 +0800] "GET /xingrg/kc/base/wldb_order_operate.html?command=get_materiel&rest_code=00102&base_code=0010476&code=00101019108 HTTP/1.1" 200 463
114.84.37.38 - - [27/Oct/2020:08:02:28 +0800] "GET /xingrg/all/function/internal_message.html?_=1603756953018&CODE_STATE=getMsg HTTP/1.1" 200 27
172.17.0.240 - - [27/Oct/2020:08:02:41 +0800] "GET /xingrg/all/function/internal_message.html?_=1603756960683&CODE_STATE=getMsg HTTP/1.1" 200 27
180.161.96.95 - - [27/Oct/2020:08:02:51 +0800] "GET /xingrg/kc/base/wldb_order_operate.html?command=get_materiel&rest_code=00102&base_code=0010476&code=00101019283 HTTP/1.1" 200 451
172.17.0.123 - - [27/Oct/2020:08:02:56 +0800] "GET /xingrg/all/function/internal_message.html?_=1603756938634&CODE_STATE=getMsg HTTP/1.1" 302 -
172.17.0.123 - - [27/Oct/2020:08:02:56 +0800] "GET /xingrg/check_reg.html?_=1603756938636 HTTP/1.1" 302 -
58.221.95.50 - - [27/Oct/2020:08:03:00 +0800] "GET /xingrg/all/function/internal_message.html?_=1603757159113&CODE_STATE=getMsg HTTP/1.1" 200 27
114.84.37.38 - - [27/Oct/2020:08:03:08 +0800] "GET /xingrg/check_reg.html?_=1603757012684 HTTP/1.1" 200 22
180.161.96.95 - - [27/Oct/2020:08:03:12 +0800] "GET /xingrg/all/function/internal_message.html?_=1603757211557&CODE_STATE=getMsg HTTP/1.1" 200 27
114.84.37.38 - - [27/Oct/2020:08:03:17 +0800] "GET /xingrg/all/function/internal_message.html?_=1603757021186&CODE_STATE=getMsg HTTP/1.1" 200 27
114.84.37.38 - - [27/Oct/2020:08:03:28 +0800] "GET /xingrg/all/function/internal_message.html?_=1603757013031&CODE_STATE=getMsg HTTP/1.1" 200 27
172.17.0.240 - - [27/Oct/2020:08:03:41 +0800] "GET /xingrg/all/function/internal_message.html?_=1603757020670&CODE_STATE=getMsg HTTP/1.1" 200 27
180.161.96.95 - - [27/Oct/2020:08:03:41 +0800] "POST /xingrg/kc/base/wldb_order_operate.html HTTP/1.1" 200 37
180.161.96.95 - - [27/Oct/2020:08:03:43 +0800] "POST /xingrg/kc/base/wldb_order_operate.html HTTP/1.1" 200 12
180.161.96.95 - - [27/Oct/2020:08:03:43 +0800] "POST /xingrg/kc/base/wldb_order_operate.html HTTP/1.1" 200 9801
180.161.96.95 - - [27/Oct/2020:08:03:44 +0800] "GET /xingrg/kc/base/wldb_order_info.html?code=422020102703169 HTTP/1.1" 200 26419
180.161.96.95 - - [27/Oct/2020:08:03:45 +0800] "POST /xingrg/kc/base/wldb_order_operate.html HTTP/1.1" 200 7902
180.161.96.95 - - [27/Oct/2020:08:03:45 +0800] "GET /xingrg/javascript/easyui/themes/default/validatebox.css HTTP/1.1" 404 1104
180.161.96.95 - - [27/Oct/2020:08:03:48 +0800] "GET /xingrg/kc/base/wldb_order_add.html HTTP/1.1" 200 30542
180.161.96.95 - - [27/Oct/2020:08:03:49 +0800] "POST /xingrg/kc/base/wldb_order_operate.html HTTP/1.1" 200 6806
180.161.96.95 - - [27/Oct/2020:08:03:50 +0800] "GET /xingrg/javascript/easyui/themes/default/validatebox.css HTTP/1.1" 404 1104
180.161.96.95 - - [27/Oct/2020:08:03:50 +0800] "POST /xingrg/all/common/load_combo.html?type=base HTTP/1.1" 200 3060
180.161.96.95 - - [27/Oct/2020:08:03:52 +0800] "POST /xingrg/all/common/load_combo.html?type=base HTTP/1.1" 200 3060
172.17.0.123 - - [27/Oct/2020:08:03:56 +0800] "GET /xingrg/all/function/internal_message.html?_=1603756998640&CODE_STATE=getMsg HTTP/1.1" 302 -
58.221.95.50 - - [27/Oct/2020:08:04:00 +0800] "GET /xingrg/all/function/internal_message.html?_=1603757219090&CODE_STATE=getMsg HTTP/1.1" 200 27
180.161.96.95 - - [27/Oct/2020:08:04:03 +0800] "GET /xingrg/kc/base/wldb_order_operate.html?command=get_materiel&rest_code=00102&base_code=0010476&code=00101019430 HTTP/1.1" 200 462
180.161.96.95 - - [27/Oct/2020:08:04:12 +0800] "GET /xingrg/all/function/internal_message.html?_=1603757271570&CODE_STATE=getMsg HTTP/1.1" 200 27
120.253.135.82 - - [27/Oct/2020:08:04:17 +0800] "GET /xingrg/check_reg.html?_=1603757168148 HTTP/1.1" 200 22
114.84.37.38 - - [27/Oct/2020:08:04:17 +0800] "GET /xingrg/all/function/internal_message.html?_=1603757081200&CODE_STATE=getMsg HTTP/1.1" 200 27
114.84.37.38 - - [27/Oct/2020:08:04:28 +0800] "GET /xingrg/all/function/internal_message.html?_=1603757073356&CODE_STATE=getMsg HTTP/1.1" 200 27
180.161.96.95 - - [27/Oct/2020:08:04:38 +0800] "GET /xingrg/kc/base/wldb_order_operate.html?command=get_materiel&rest_code=00102&base_code=0010476&code=00101019527 HTTP/1.1" 200 473
172.17.0.240 - - [27/Oct/2020:08:04:41 +0800] "GET /xingrg/all/function/internal_message.html?_=1603757080674&CODE_STATE=getMsg HTTP/1.1" 200 27
172.17.0.240 - - [27/Oct/2020:08:04:41 +0800] "GET /xingrg/check_reg.html?_=1603757080676 HTTP/1.1" 200 22
180.161.96.95 - - [27/Oct/2020:08:04:48 +0800] "POST /xingrg/kc/base/wldb_order_operate.html HTTP/1.1" 200 37
180.161.96.95 - - [27/Oct/2020:08:04:49 +0800] "POST /xingrg/kc/base/wldb_order_operate.html HTTP/1.1" 200 12
180.161.96.95 - - [27/Oct/2020:08:04:49 +0800] "POST /xingrg/kc/base/wldb_order_operate.html HTTP/1.1" 200 2721
180.161.96.95 - - [27/Oct/2020:08:04:50 +0800] "GET /xingrg/kc/base/wldb_order_info.html?code=422020102703170 HTTP/1.1" 200 26417
180.161.96.95 - - [27/Oct/2020:08:04:51 +0800] "POST /xingrg/kc/base/wldb_order_operate.html HTTP/1.1" 200 1004
180.161.96.95 - - [27/Oct/2020:08:04:52 +0800] "GET /xingrg/javascript/easyui/themes/default/validatebox.css HTTP/1.1" 404 1104
172.17.0.123 - - [27/Oct/2020:08:04:56 +0800] "GET /xingrg/all/function/internal_message.html?_=1603757058640&CODE_STATE=getMsg HTTP/1.1" 302 -
58.221.95.50 - - [27/Oct/2020:08:05:00 +0800] "GET /xingrg/all/function/internal_message.html?_=1603757279067&CODE_STATE=getMsg HTTP/1.1" 200 27
180.161.96.95 - - [27/Oct/2020:08:05:06 +0800] "GET /xingrg/kc/base/wldb_order_add.html HTTP/1.1" 200 30542
180.161.96.95 - - [27/Oct/2020:08:05:07 +0800] "POST /xingrg/kc/base/wldb_order_operate.html HTTP/1.1" 200 6806
180.161.96.95 - - [27/Oct/2020:08:05:08 +0800] "GET /xingrg/javascript/easyui/themes/default/validatebox.css HTTP/1.1" 404 1104
180.161.96.95 - - [27/Oct/2020:08:05:09 +0800] "POST /xingrg/all/common/load_combo.html?type=base HTTP/1.1" 200 3060
180.161.96.95 - - [27/Oct/2020:08:05:11 +0800] "POST /xingrg/all/common/load_combo.html?type=base HTTP/1.1" 200 3060
180.161.96.95 - - [27/Oct/2020:08:05:12 +0800] "GET /xingrg/all/function/internal_message.html?_=1603757331584&CODE_STATE=getMsg HTTP/1.1" 200 27
114.84.37.38 - - [27/Oct/2020:08:05:17 +0800] "GET /xingrg/all/function/internal_message.html?_=1603757141223&CODE_STATE=getMsg HTTP/1.1" 200 27
180.161.96.95 - - [27/Oct/2020:08:05:20 +0800] "GET /xingrg/kc/base/wldb_order_operate.html?command=get_materiel&rest_code=00102&base_code=0010476&code=00101013166 HTTP/1.1" 200 453
180.161.96.95 - - [27/Oct/2020:08:05:26 +0800] "GET /xingrg/kc/base/wldb_order_operate.html?command=get_materiel&rest_code=00102&base_code=0010476&code=00101013225 HTTP/1.1" 200 448
114.84.37.38 - - [27/Oct/2020:08:05:28 +0800] "GET /xingrg/all/function/internal_message.html?_=1603757133371&CODE_STATE=getMsg HTTP/1.1" 200 27
180.161.96.95 - - [27/Oct/2020:08:05:30 +0800] "GET /xingrg/kc/base/wldb_order_operate.html?command=get_materiel&rest_code=00102&base_code=0010476&code=00101013082 HTTP/1.1" 200 432
180.161.96.95 - - [27/Oct/2020:08:05:35 +0800] "POST /xingrg/kc/base/wldb_order_operate.html HTTP/1.1" 200 37
180.161.96.95 - - [27/Oct/2020:08:05:37 +0800] "POST /xingrg/kc/base/wldb_order_operate.html HTTP/1.1" 200 12
180.161.96.95 - - [27/Oct/2020:08:05:37 +0800] "POST /xingrg/kc/base/wldb_order_operate.html HTTP/1.1" 200 3141
120.253.135.82 - - [27/Oct/2020:08:05:37 +0800] "POST /xingrg/kc/pszx/mdps_list_operate.html HTTP/1.1" 200 5736
120.253.135.82 - - [27/Oct/2020:08:05:39 +0800] "POST /xingrg/kc/pszx/mdps_list_operate.html HTTP/1.1" 200 202
120.253.135.82 - - [27/Oct/2020:08:05:39 +0800] "GET /xingrg/kc/pszx/mdps_order_info.html?code=312020102700736 HTTP/1.1" 200 23885
