114.88.166.242 - - [27/Oct/2020:09:14:48 +0800] "GET /xingrg/all/function/internal_message.html?_=1603761286837&CODE_STATE=getMsg HTTP/1.1" 200 27
180.162.25.93 - - [27/Oct/2020:09:14:48 +0800] "GET /xingrg/login.html HTTP/1.1" 200 7641
180.162.25.93 - - [27/Oct/2020:09:14:48 +0800] "GET /xingrg/images/blue/jxLogo.png HTTP/1.1" 200 6156
180.162.25.93 - - [27/Oct/2020:09:14:49 +0800] "GET /xingrg/images/blue/login_bg.png HTTP/1.1" 200 22101
180.162.25.93 - - [27/Oct/2020:09:14:49 +0800] "GET /xingrg/images/blue/srbg.png HTTP/1.1" 200 138
180.162.25.93 - - [27/Oct/2020:09:14:49 +0800] "GET /xingrg/images/blue/hj.png HTTP/1.1" 200 1014
180.162.25.93 - - [27/Oct/2020:09:14:49 +0800] "GET /favicon.ico HTTP/1.1" 404 -
222.69.137.113 - - [27/Oct/2020:09:14:54 +0800] "GET /xingrg/kc/buy/cgsh_order_operate.html?command=get_materiel&rest_code=00149&code=00101008352&supplier_code=00100005&order_time=2020-10-27 HTTP/1.1" 200 412
114.84.145.85 - - [27/Oct/2020:09:14:55 +0800] "GET /xingrg/all/function/internal_message.html?_=1603761302177&CODE_STATE=getMsg HTTP/1.1" 200 27
116.232.49.44 - - [27/Oct/2020:09:14:57 +0800] "GET /xingrg/all/function/internal_message.html?_=1603761330406&CODE_STATE=getMsg HTTP/1.1" 200 27
58.221.95.50 - - [27/Oct/2020:09:14:58 +0800] "GET /xingrg/all/function/internal_message.html?_=1603761477390&CODE_STATE=getMsg HTTP/1.1" 200 27
180.162.25.93 - - [27/Oct/2020:09:15:03 +0800] "POST /xingrg/login.do HTTP/1.1" 302 -
180.162.25.93 - - [27/Oct/2020:09:15:04 +0800] "GET /xingrg/javascript/jquery_easy_ui/themes/icon.css HTTP/1.1" 200 3949
180.162.25.93 - - [27/Oct/2020:09:15:04 +0800] "GET /favicon.ico HTTP/1.1" 404 -
180.162.25.93 - - [27/Oct/2020:09:15:04 +0800] "GET /xingrg/css/form.css HTTP/1.1" 200 893
180.162.25.93 - - [27/Oct/2020:09:15:04 +0800] "GET /xingrg/javascript/jquery_easy_ui/jquery.easyui.min.js HTTP/1.1" 200 213662
180.162.25.93 - - [27/Oct/2020:09:15:04 +0800] "GET /xingrg/javascript/jquery-1.4.2.min.js HTTP/1.1" 200 72205
180.162.25.93 - - [27/Oct/2020:09:15:04 +0800] "GET /xingrg/javascript/jquery_easy_ui/easyui-lang-zh_CN.js HTTP/1.1" 200 1900
180.162.25.93 - - [27/Oct/2020:09:15:04 +0800] "GET /xingrg/javascript/jquery.timers.js HTTP/1.1" 200 3532
180.162.25.93 - - [27/Oct/2020:09:15:04 +0800] "GET /xingrg/index.html?sysBaseUrl=http%3A%2F%2F180.169.147.146%3A18081%2Fxingrg%2F&costTime=40×tamp=1603761303790 HTTP/1.1" 200 17503
180.162.25.93 - - [27/Oct/2020:09:15:04 +0800] "GET /xingrg/javascript/jquery.utils.js HTTP/1.1" 200 11805
180.162.25.93 - - [27/Oct/2020:09:15:04 +0800] "GET /xingrg/javascript/jquery_easy_ui/themes/default/easyui.css HTTP/1.1" 200 26500
180.162.25.93 - - [27/Oct/2020:09:15:04 +0800] "GET /xingrg/javascript/jquery.form.js HTTP/1.1" 200 23110
180.162.25.93 - - [27/Oct/2020:09:15:04 +0800] "GET /xingrg/javascript/jquery_easy_ui/themes/icons/settle_new.png HTTP/1.1" 200 826
180.162.25.93 - - [27/Oct/2020:09:15:04 +0800] "GET /xingrg/images/blue/navBackgound.jpg HTTP/1.1" 200 12378
180.162.25.93 - - [27/Oct/2020:09:15:04 +0800] "POST /xingrg/all/common/load_tree.html?tree=area_rest_tree_json&manage=1 HTTP/1.1" 200 3350
180.162.25.93 - - [27/Oct/2020:09:15:04 +0800] "GET /xingrg/all/function/internal_message.html?_=1603761303752&CODE_STATE=count HTTP/1.1" 200 11
180.162.25.93 - - [27/Oct/2020:09:15:04 +0800] "GET /xingrg/check_reg.html?_=1603761303754 HTTP/1.1" 200 22
180.162.25.93 - - [27/Oct/2020:09:15:04 +0800] "GET /xingrg/images/blue/pingpu.png HTTP/1.1" 200 231
180.162.25.93 - - [27/Oct/2020:09:15:04 +0800] "GET /xingrg/javascript/jquery_easy_ui/themes/default/images/tabs_leftarrow.png HTTP/1.1" 200 389
180.162.25.93 - - [27/Oct/2020:09:15:04 +0800] "GET /xingrg/javascript/jquery_easy_ui/themes/default/images/tabs_rightarrow.png HTTP/1.1" 200 395
180.162.25.93 - - [27/Oct/2020:09:15:04 +0800] "GET /xingrg/javascript/jquery_easy_ui/themes/default/images/panel_tool_expand.gif HTTP/1.1" 200 247
180.162.25.93 - - [27/Oct/2020:09:15:04 +0800] "GET /xingrg/javascript/jquery_easy_ui/themes/default/images/panel_tool_collapse.gif HTTP/1.1" 200 246
180.162.25.93 - - [27/Oct/2020:09:15:04 +0800] "POST /xingrg/load_menu.html HTTP/1.1" 200 11443
180.162.25.93 - - [27/Oct/2020:09:15:04 +0800] "GET /xingrg/javascript/jquery_easy_ui/themes/default/images/tree_arrows.gif HTTP/1.1" 200 1043
180.162.25.93 - - [27/Oct/2020:09:15:04 +0800] "GET /xingrg/javascript/jquery_easy_ui/themes/default/images/tree_folder_open.gif HTTP/1.1" 200 956
180.162.25.93 - - [27/Oct/2020:09:15:04 +0800] "GET /xingrg/javascript/jquery_easy_ui/themes/icons/search_new.png HTTP/1.1" 200 586
180.162.25.93 - - [27/Oct/2020:09:15:04 +0800] "GET /xingrg/javascript/jquery_easy_ui/themes/icons/delivery_new.png HTTP/1.1" 200 700
180.162.25.93 - - [27/Oct/2020:09:15:04 +0800] "GET /xingrg/javascript/jquery_easy_ui/themes/icons/storage_new.png HTTP/1.1" 200 853
180.162.25.93 - - [27/Oct/2020:09:15:04 +0800] "GET /xingrg/javascript/jquery_easy_ui/themes/icons/checkout_new.png HTTP/1.1" 200 744
180.162.25.93 - - [27/Oct/2020:09:15:04 +0800] "GET /xingrg/javascript/jquery_easy_ui/themes/icons/forms_new.png HTTP/1.1" 200 350
180.162.25.93 - - [27/Oct/2020:09:15:04 +0800] "GET /xingrg/javascript/jquery_easy_ui/themes/icons/setting_new.png HTTP/1.1" 200 450
180.162.25.93 - - [27/Oct/2020:09:15:04 +0800] "GET /xingrg/javascript/jquery_easy_ui/themes/icons/systemset_new.png HTTP/1.1" 200 606
180.162.25.93 - - [27/Oct/2020:09:15:04 +0800] "GET /xingrg/javascript/jquery_easy_ui/themes/default/images/tree_file.gif HTTP/1.1" 200 118
180.162.25.93 - - [27/Oct/2020:09:15:04 +0800] "GET /xingrg/javascript/jquery_easy_ui/themes/default/images/tree_folder.gif HTTP/1.1" 200 952
172.17.200.101 - - [27/Oct/2020:09:15:05 +0800] "GET /xingrg/all/function/internal_message.html?_=1603761304814&CODE_STATE=getMsg HTTP/1.1" 200 27
172.17.200.101 - - [27/Oct/2020:09:15:05 +0800] "GET /xingrg/check_reg.html?_=1603761304835 HTTP/1.1" 200 22
222.69.137.113 - - [27/Oct/2020:09:15:09 +0800] "GET /xingrg/kc/buy/cgsh_order_operate.html?command=get_materiel&rest_code=00149&code=00101008005&supplier_code=00100005&order_time=2020-10-27 HTTP/1.1" 200 412
180.157.253.48 - - [27/Oct/2020:09:15:11 +0800] "GET /xingrg/check_reg.html?_=1603761311380 HTTP/1.1" 200 22
180.157.253.48 - - [27/Oct/2020:09:15:11 +0800] "GET /xingrg/all/function/internal_message.html?_=1603761311718&CODE_STATE=getMsg HTTP/1.1" 200 27
222.69.137.113 - - [27/Oct/2020:09:15:12 +0800] "GET /xingrg/check_reg.html?_=1603761310071 HTTP/1.1" 200 22
222.69.137.113 - - [27/Oct/2020:09:15:13 +0800] "GET /xingrg/all/function/internal_message.html?_=1603761311486&CODE_STATE=getMsg HTTP/1.1" 200 27
180.162.25.93 - - [27/Oct/2020:09:15:14 +0800] "GET /xingrg/javascript/jquery_easy_ui/themes/icons/area.png HTTP/1.1" 200 262
180.162.25.93 - - [27/Oct/2020:09:15:14 +0800] "GET /xingrg/javascript/jquery_easy_ui/themes/icons/manage.png HTTP/1.1" 200 696
180.162.25.93 - - [27/Oct/2020:09:15:14 +0800] "GET /xingrg/javascript/jquery_easy_ui/themes/icons/rest.png HTTP/1.1" 200 695
114.84.37.38 - - [27/Oct/2020:09:15:18 +0800] "GET /xingrg/all/function/internal_message.html?_=1603761342175&CODE_STATE=getMsg HTTP/1.1" 200 27
180.174.56.115 - - [27/Oct/2020:09:15:18 +0800] "GET /xingrg/check_reg.html?_=1603761316418 HTTP/1.1" 200 22
180.174.56.115 - - [27/Oct/2020:09:15:18 +0800] "GET /xingrg/all/function/internal_message.html?_=1603761316489&CODE_STATE=getMsg HTTP/1.1" 200 27
114.88.166.242 - - [27/Oct/2020:09:15:24 +0800] "GET /xingrg/kc/base/wldb_order_list.html HTTP/1.1" 200 19377
114.88.166.242 - - [27/Oct/2020:09:15:25 +0800] "POST /xingrg/kc/base/wldb_list_operate.html HTTP/1.1" 200 2952
222.69.137.113 - - [27/Oct/2020:09:15:26 +0800] "GET /xingrg/kc/buy/cgsh_order_operate.html?command=get_materiel&rest_code=00149&code=00101008271&supplier_code=00100005&order_time=2020-10-27 HTTP/1.1" 200 408
114.88.166.242 - - [27/Oct/2020:09:15:26 +0800] "POST /xingrg/kc/base/wldb_list_operate.html HTTP/1.1" 200 611
114.88.166.242 - - [27/Oct/2020:09:15:26 +0800] "GET /xingrg/kc/base/wldb_order_info.html?code=422020102703174 HTTP/1.1" 200 30560
114.88.166.242 - - [27/Oct/2020:09:15:27 +0800] "GET /xingrg/javascript/easyui/themes/default/validatebox.css HTTP/1.1" 404 1104
114.88.166.242 - - [27/Oct/2020:09:15:27 +0800] "POST /xingrg/kc/base/wldb_order_operate.html HTTP/1.1" 200 5122
222.69.133.109 - - [27/Oct/2020:09:15:30 +0800] "GET /xingrg/all/function/internal_message.html?_=1603761331392&CODE_STATE=getMsg HTTP/1.1" 200 27
180.174.56.115 - - [27/Oct/2020:09:15:32 +0800] "GET /xingrg/check_reg.html?_=1603761301645 HTTP/1.1" 200 22
180.174.56.115 - - [27/Oct/2020:09:15:33 +0800] "GET /xingrg/all/function/internal_message.html?_=1603761301973&CODE_STATE=getMsg HTTP/1.1" 200 27
114.88.166.242 - - [27/Oct/2020:09:15:33 +0800] "POST /xingrg/kc/base/wldb_order_operate.html HTTP/1.1" 200 37
114.88.166.242 - - [27/Oct/2020:09:15:33 +0800] "POST /xingrg/kc/base/wldb_order_operate.html HTTP/1.1" 200 4636
114.88.166.242 - - [27/Oct/2020:09:15:34 +0800] "GET /xingrg/kc/base/wldb_order_info.html?code=422020102703174 HTTP/1.1" 200 30561
114.88.166.242 - - [27/Oct/2020:09:15:34 +0800] "GET /xingrg/javascript/easyui/themes/default/validatebox.css HTTP/1.1" 404 1104
114.88.166.242 - - [27/Oct/2020:09:15:34 +0800] "POST /xingrg/kc/base/wldb_order_operate.html HTTP/1.1" 200 4636
114.88.166.242 - - [27/Oct/2020:09:15:35 +0800] "GET /xingrg/all/function/internal_message.html?_=1603761430246&CODE_STATE=getMsg HTTP/1.1" 200 27
222.69.137.113 - - [27/Oct/2020:09:15:36 +0800] "GET /xingrg/kc/buy/cgsh_order_operate.html?command=get_materiel&rest_code=00149&code=00101008353&supplier_code=00100005&order_time=2020-10-27 HTTP/1.1" 200 408
114.84.37.38 - - [27/Oct/2020:09:15:37 +0800] "GET /xingrg/all/function/internal_message.html?_=1603761342230&CODE_STATE=getMsg HTTP/1.1" 200 27
180.157.253.48 - - [27/Oct/2020:09:15:39 +0800] "GET /xingrg/kc/buy/cgsh_order_operate.html?command=get_materiel&rest_code=00148&code=00101008256&supplier_code=00100007&order_time=2020-10-27 HTTP/1.1" 200 432
180.162.25.93 - - [27/Oct/2020:09:15:39 +0800] "GET /xingrg/kc/report/report_main.html HTTP/1.1" 200 9370
180.162.25.93 - - [27/Oct/2020:09:15:39 +0800] "GET /xingrg/javascript/jquery_easy_ui/themes/default/images/tabs_close.gif HTTP/1.1" 200 829
180.162.25.93 - - [27/Oct/2020:09:15:39 +0800] "GET /xingrg/javascript/pic_change.js HTTP/1.1" 200 4739
180.162.25.93 - - [27/Oct/2020:09:15:39 +0800] "GET /xingrg/css/blue.css HTTP/1.1" 200 15949
180.162.25.93 - - [27/Oct/2020:09:15:39 +0800] "GET /xingrg/javascript/json2.js HTTP/1.1" 200 11259
180.162.25.93 - - [27/Oct/2020:09:15:39 +0800] "GET /xingrg/javascript/jquery_ui/themes/humanity/humanity.css HTTP/1.1" 200 27801
180.162.25.93 - - [27/Oct/2020:09:15:39 +0800] "GET /xingrg/javascript/myfunction.js HTTP/1.1" 200 24559
180.162.25.93 - - [27/Oct/2020:09:15:40 +0800] "GET /xingrg/javascript/jquery_easy_ui/themes/icons/back_new.png HTTP/1.1" 200 3414
172.17.0.240 - - [27/Oct/2020:09:15:41 +0800] "GET /xingrg/all/function/internal_message.html?_=1603761340753&CODE_STATE=getMsg HTTP/1.1" 200 27
124.77.70.31 - - [27/Oct/2020:09:15:43 +0800] "GET /xingrg/all/function/internal_message.html?_=1603761341662&CODE_STATE=getMsg HTTP/1.1" 200 27
114.88.166.242 - - [27/Oct/2020:09:15:44 +0800] "GET /xingrg/kc/mdqp/pssh_order_list.html HTTP/1.1" 200 17971
114.88.166.242 - - [27/Oct/2020:09:15:44 +0800] "POST /xingrg/kc/mdqp/pssh_list_operate.html HTTP/1.1" 200 5327
180.162.25.93 - - [27/Oct/2020:09:15:44 +0800] "GET /xingrg/javascript/jquery_easy_ui/themes/default/images/button_a_bg.gif HTTP/1.1" 200 1194
180.162.25.93 - - [27/Oct/2020:09:15:44 +0800] "GET /xingrg/javascript/jquery_easy_ui/themes/default/images/button_span_bg.gif HTTP/1.1" 200 2061
180.162.25.93 - - [27/Oct/2020:09:15:44 +0800] "GET /xingrg/javascript/jquery_easy_ui/themes/icons/ok.png HTTP/1.1" 200 883
180.162.25.93 - - [27/Oct/2020:09:15:44 +0800] "GET /xingrg/javascript/jquery_easy_ui/themes/default/images/panel_title.png HTTP/1.1" 200 266
180.162.25.93 - - [27/Oct/2020:09:15:44 +0800] "GET /xingrg/javascript/jquery_easy_ui/themes/default/images/panel_tools.gif HTTP/1.1" 200 737
114.88.166.242 - - [27/Oct/2020:09:15:45 +0800] "POST /xingrg/kc/mdqp/pssh_list_operate.html HTTP/1.1" 200 266
222.69.137.113 - - [27/Oct/2020:09:15:47 +0800] "GET /xingrg/kc/buy/cgsh_order_operate.html?command=get_materiel&rest_code=00149&code=00101008213&supplier_code=00100005&order_time=2020-10-27 HTTP/1.1" 200 432
114.88.166.242 - - [27/Oct/2020:09:15:48 +0800] "GET /xingrg/all/function/internal_message.html?_=1603761346854&CODE_STATE=getMsg HTTP/1.1" 200 27
180.162.25.93 - - [27/Oct/2020:09:15:50 +0800] "GET /xingrg/images/control/ajaxLoader.gif HTTP/1.1" 200 4659
180.162.25.93 - - [27/Oct/2020:09:15:50 +0800] "POST /xingrg/all/user/operate.html HTTP/1.1" 200 36
180.162.25.93 - - [27/Oct/2020:09:15:50 +0800] "GET /xingrg/index.html?sysBaseUrl=http%3A%2F%2F180.169.147.146%3A18081%2Fxingrg%2F&costTime=40×tamp=1603761303790 HTTP/1.1" 200 17509
180.162.25.93 - - [27/Oct/2020:09:15:50 +0800] "GET /xingrg/javascript/jquery_easy_ui/themes/default/easyui.css HTTP/1.1" 304 -
180.162.25.93 - - [27/Oct/2020:09:15:50 +0800] "GET /xingrg/javascript/jquery_easy_ui/themes/icon.css HTTP/1.1" 304 -
180.162.25.93 - - [27/Oct/2020:09:15:50 +0800] "GET /xingrg/css/form.css HTTP/1.1" 304 -
180.162.25.93 - - [27/Oct/2020:09:15:50 +0800] "GET /xingrg/javascript/jquery-1.4.2.min.js HTTP/1.1" 304 -
180.162.25.93 - - [27/Oct/2020:09:15:50 +0800] "GET /xingrg/javascript/jquery_easy_ui/jquery.easyui.min.js HTTP/1.1" 304 -
180.162.25.93 - - [27/Oct/2020:09:15:50 +0800] "GET /xingrg/javascript/jquery_easy_ui/easyui-lang-zh_CN.js HTTP/1.1" 304 -
180.162.25.93 - - [27/Oct/2020:09:15:50 +0800] "GET /xingrg/javascript/jquery.form.js HTTP/1.1" 304 -
180.162.25.93 - - [27/Oct/2020:09:15:50 +0800] "GET /xingrg/javascript/jquery.utils.js HTTP/1.1" 304 -
180.162.25.93 - - [27/Oct/2020:09:15:50 +0800] "GET /xingrg/javascript/jquery.timers.js HTTP/1.1" 304 -
180.162.25.93 - - [27/Oct/2020:09:15:50 +0800] "GET /xingrg/images/blue/jxLogo.png HTTP/1.1" 304 -
180.162.25.93 - - [27/Oct/2020:09:15:50 +0800] "GET /xingrg/images/blue/navBackgound.jpg HTTP/1.1" 304 -
180.162.25.93 - - [27/Oct/2020:09:15:50 +0800] "GET /xingrg/javascript/jquery_easy_ui/themes/icons/settle_new.png HTTP/1.1" 304 -
180.162.25.93 - - [27/Oct/2020:09:15:50 +0800] "POST /xingrg/all/common/load_tree.html?tree=area_rest_tree_json&manage=1 HTTP/1.1" 200 3350
180.162.25.93 - - [27/Oct/2020:09:15:50 +0800] "GET /xingrg/all/function/internal_message.html?_=1603761350205&CODE_STATE=count HTTP/1.1" 200 11
180.162.25.93 - - [27/Oct/2020:09:15:50 +0800] "GET /xingrg/check_reg.html?_=1603761350208 HTTP/1.1" 200 22
180.162.25.93 - - [27/Oct/2020:09:15:50 +0800] "GET /xingrg/javascript/jquery_easy_ui/themes/default/images/panel_tool_collapse.gif HTTP/1.1" 304 -
180.162.25.93 - - [27/Oct/2020:09:15:50 +0800] "GET /xingrg/javascript/jquery_easy_ui/themes/default/images/tabs_rightarrow.png HTTP/1.1" 304 -
180.162.25.93 - - [27/Oct/2020:09:15:50 +0800] "GET /xingrg/javascript/jquery_easy_ui/themes/default/images/panel_tool_expand.gif HTTP/1.1" 304 -
180.162.25.93 - - [27/Oct/2020:09:15:50 +0800] "GET /xingrg/images/blue/pingpu.png HTTP/1.1" 304 -
180.162.25.93 - - [27/Oct/2020:09:15:50 +0800] "GET /xingrg/javascript/jquery_easy_ui/themes/default/images/tabs_leftarrow.png HTTP/1.1" 304 -
114.88.166.242 - - [27/Oct/2020:09:15:50 +0800] "POST /xingrg/kc/mdqp/pssh_list_operate.html HTTP/1.1" 200 799
180.162.25.93 - - [27/Oct/2020:09:15:50 +0800] "POST /xingrg/load_menu.html HTTP/1.1" 200 9959
222.69.137.113 - - [27/Oct/2020:09:15:52 +0800] "POST /xingrg/kc/buy/cgsh_order_operate.html HTTP/1.1" 200 2065
114.88.166.242 - - [27/Oct/2020:09:15:52 +0800] "GET /xingrg/kc/mdqp/pssh_order_info.html?code=312020102500653 HTTP/1.1" 200 17297
114.88.166.242 - - [27/Oct/2020:09:15:52 +0800] "GET /xingrg/javascript/jquery_tools/jquery-1.4.2.min.js HTTP/1.1" 404 1094
114.88.166.242 - - [27/Oct/2020:09:15:52 +0800] "GET /xingrg/all/common/auto_word.html?type=base&rest_code=00111&rest_code=00111 HTTP/1.1" 200 1753
114.88.166.242 - - [27/Oct/2020:09:15:52 +0800] "GET /xingrg/javascript/easyui/themes/default/validatebox.css HTTP/1.1" 404 1104
114.88.166.242 - - [27/Oct/2020:09:15:53 +0800] "POST /xingrg/kc/mdqp/pssh_order_operate.html HTTP/1.1" 200 9017
114.84.145.85 - - [27/Oct/2020:09:15:55 +0800] "GET /xingrg/all/function/internal_message.html?_=1603761362176&CODE_STATE=getMsg HTTP/1.1" 200 27
116.232.49.44 - - [27/Oct/2020:09:15:57 +0800] "GET /xingrg/all/function/internal_message.html?_=1603761390421&CODE_STATE=getMsg HTTP/1.1" 200 27
180.162.25.93 - - [27/Oct/2020:09:15:57 +0800] "GET /xingrg/kc/base/check_order_list.html HTTP/1.1" 200 16764
180.162.25.93 - - [27/Oct/2020:09:15:57 +0800] "GET /xingrg/css/base.css HTTP/1.1" 200 2811
180.162.25.93 - - [27/Oct/2020:09:15:57 +0800] "GET /xingrg/css/site.css HTTP/1.1" 200 7541
180.162.25.93 - - [27/Oct/2020:09:15:57 +0800] "GET /xingrg/javascript/jquery_tools/datebox.css HTTP/1.1" 200 2597
180.162.25.93 - - [27/Oct/2020:09:15:57 +0800] "GET /xingrg/javascript/easyui/themes/icon.css HTTP/1.1" 200 4483
180.162.25.93 - - [27/Oct/2020:09:15:57 +0800] "GET /xingrg/javascript/auto/jquery.autocomplete.css HTTP/1.1" 200 587
180.162.25.93 - - [27/Oct/2020:09:15:57 +0800] "GET /xingrg/javascript/jquery_tools/fix.css HTTP/1.1" 200 1702
180.162.25.93 - - [27/Oct/2020:09:15:57 +0800] "GET /xingrg/javascript/jquery_tools/table.css HTTP/1.1" 200 1032
180.162.25.93 - - [27/Oct/2020:09:15:57 +0800] "GET /xingrg/javascript/jquery_tools/jquery.tools.min.js HTTP/1.1" 200 138801
180.162.25.93 - - [27/Oct/2020:09:15:57 +0800] "GET /xingrg/javascript/jquery_tools/jquery.tools.hotkey.js HTTP/1.1" 200 3242
180.162.25.93 - - [27/Oct/2020:09:15:57 +0800] "GET /xingrg/javascript/easyui/themes/default/easyui.css HTTP/1.1" 200 30432
180.162.25.93 - - [27/Oct/2020:09:15:57 +0800] "GET /xingrg/javascript/jquery_tools/jquery.tools.table.js HTTP/1.1" 200 6994
180.162.25.93 - - [27/Oct/2020:09:15:57 +0800] "GET /xingrg/javascript/jquery_tools/list_manager.js HTTP/1.1" 200 3652
180.162.25.93 - - [27/Oct/2020:09:15:57 +0800] "GET /xingrg/javascript/jquery_tools/jquery.tools.extend.js HTTP/1.1" 200 15385
180.162.25.93 - - [27/Oct/2020:09:15:57 +0800] "GET /xingrg/javascript/easyui/easyloader.js HTTP/1.1" 200 5975
180.162.25.93 - - [27/Oct/2020:09:15:57 +0800] "GET /xingrg/javascript/auto/jquery.autocomplete.js HTTP/1.1" 200 21624
180.162.25.93 - - [27/Oct/2020:09:15:57 +0800] "GET /xingrg/javascript/jquery.cookie.js HTTP/1.1" 200 5513
180.162.25.93 - - [27/Oct/2020:09:15:57 +0800] "GET /xingrg/javascript/easyui/themes/icons/field_new.png HTTP/1.1" 200 1097
180.162.25.93 - - [27/Oct/2020:09:15:57 +0800] "GET /xingrg/javascript/easyui/themes/icons/uncheck_new.png HTTP/1.1" 200 3197
180.162.25.93 - - [27/Oct/2020:09:15:57 +0800] "GET /xingrg/javascript/easyui/themes/icons/check_new.png HTTP/1.1" 200 3224
180.162.25.93 - - [27/Oct/2020:09:15:57 +0800] "GET /xingrg/javascript/easyui/themes/icons/edit_add_new.png HTTP/1.1" 200 2997
180.162.25.93 - - [27/Oct/2020:09:15:57 +0800] "GET /xingrg/javascript/easyui/themes/icons/cance_new.png HTTP/1.1" 200 3986
180.162.25.93 - - [27/Oct/2020:09:15:57 +0800] "GET /xingrg/javascript/easyui/plugins/jquery.parser.js HTTP/1.1" 200 1142
180.162.25.93 - - [27/Oct/2020:09:15:58 +0800] "POST /xingrg/kc/base/check_list_operate.html HTTP/1.1" 200 1569
58.221.95.50 - - [27/Oct/2020:09:15:58 +0800] "GET /xingrg/all/function/internal_message.html?_=1603761537362&CODE_STATE=getMsg HTTP/1.1" 200 27
222.69.137.113 - - [27/Oct/2020:09:15:59 +0800] "GET /xingrg/kc/buy/cgsh_order_operate.html?command=get_materiel&rest_code=00149&code=00101008095&supplier_code=00100005&order_time=2020-10-27 HTTP/1.1" 200 412
180.162.25.93 - - [27/Oct/2020:09:16:02 +0800] "GET /xingrg/kc/base/check_order_info.html?code=452020102600274 HTTP/1.1" 200 25494
180.162.25.93 - - [27/Oct/2020:09:16:02 +0800] "GET /xingrg/css/table.css HTTP/1.1" 200 3684
180.162.25.93 - - [27/Oct/2020:09:16:02 +0800] "GET /xingrg/javascript/AjaxInfoList.js HTTP/1.1" 200 3774
180.162.25.93 - - [27/Oct/2020:09:16:02 +0800] "GET /xingrg/dwr/interface/AjaxComOrderService.js HTTP/1.1" 200 18264
180.162.25.93 - - [27/Oct/2020:09:16:02 +0800] "GET /xingrg/dwr/interface/AjaxCheckService.js HTTP/1.1" 200 14003
180.162.25.93 - - [27/Oct/2020:09:16:02 +0800] "GET /xingrg/dwr/util.js HTTP/1.1" 200 35990
180.162.25.93 - - [27/Oct/2020:09:16:02 +0800] "GET /xingrg/javascript/convert.js HTTP/1.1" 200 1239
180.162.25.93 - - [27/Oct/2020:09:16:02 +0800] "GET /xingrg/javascript/Calendar.js HTTP/1.1" 200 31561
180.162.25.93 - - [27/Oct/2020:09:16:02 +0800] "GET /xingrg/dwr/engine.js HTTP/1.1" 200 43631
180.162.25.93 - - [27/Oct/2020:09:16:02 +0800] "GET /xingrg/javascript/print/LodopFuncs.js HTTP/1.1" 200 5121
180.162.25.93 - - [27/Oct/2020:09:16:02 +0800] "GET /xingrg/javascript/print/kc_print.js HTTP/1.1" 200 11415
180.162.25.93 - - [27/Oct/2020:09:16:03 +0800] "GET /xingrg/javascript/jquery_easy_ui/themes/icons/cance_new.png HTTP/1.1" 200 3986
180.162.25.93 - - [27/Oct/2020:09:16:03 +0800] "GET /xingrg/javascript/jquery_easy_ui/themes/default/images/menu_downarrow.png HTTP/1.1" 200 173
180.162.25.93 - - [27/Oct/2020:09:16:03 +0800] "GET /xingrg/javascript/jquery_easy_ui/themes/icons/print.png HTTP/1.1" 200 1057
180.162.25.93 - - [27/Oct/2020:09:16:03 +0800] "GET /xingrg/javascript/jquery_easy_ui/themes/icons/check_new.png HTTP/1.1" 200 3224
172.17.200.101 - - [27/Oct/2020:09:16:05 +0800] "GET /xingrg/all/function/internal_message.html?_=1603761364835&CODE_STATE=getMsg HTTP/1.1" 200 27
180.162.25.93 - - [27/Oct/2020:09:16:05 +0800] "POST /xingrg/dwr/call/plaincall/AjaxCheckService.loadOrderItems.dwr HTTP/1.1" 200 367
180.162.25.93 - - [27/Oct/2020:09:16:05 +0800] "GET /xingrg/javascript/jquery_easy_ui/themes/default/images/tabs_active.png HTTP/1.1" 200 2894
180.162.25.93 - - [27/Oct/2020:09:16:09 +0800] "GET /xingrg/javascript/easyui/themes/default/images/button_plain_hover.png HTTP/1.1" 200 144
180.157.253.48 - - [27/Oct/2020:09:16:11 +0800] "GET /xingrg/all/function/internal_message.html?_=1603761371702&CODE_STATE=getMsg HTTP/1.1" 200 27
180.162.25.93 - - [27/Oct/2020:09:16:12 +0800] "POST /xingrg/kc/base/check_list_operate.html HTTP/1.1" 200 2641
222.69.137.113 - - [27/Oct/2020:09:16:13 +0800] "GET /xingrg/all/function/internal_message.html?_=1603761371470&CODE_STATE=getMsg HTTP/1.1" 200 27
114.84.37.38 - - [27/Oct/2020:09:16:18 +0800] "GET /xingrg/all/function/internal_message.html?_=1603761402178&CODE_STATE=getMsg HTTP/1.1" 200 27
180.174.56.115 - - [27/Oct/2020:09:16:20 +0800] "POST /xingrg/kc/buy/cgsh_order_operate.html HTTP/1.1" 200 37
180.174.56.115 - - [27/Oct/2020:09:16:21 +0800] "POST /xingrg/kc/buy/cgsh_order_operate.html HTTP/1.1" 200 30476
180.174.56.115 - - [27/Oct/2020:09:16:23 +0800] "POST /xingrg/all/user/operate.html HTTP/1.1" 200 36
58.221.95.50 - - [27/Oct/2020:09:16:23 +0800] "GET /xingrg/check_reg.html?_=1603761562636 HTTP/1.1" 200 22
180.174.56.115 - - [27/Oct/2020:09:16:24 +0800] "GET /xingrg/index.html?sysBaseUrl=http%3A%2F%2F180.169.147.146%3A18081%2Fxingrg%2F&costTime=43×tamp=1603617716099 HTTP/1.1" 200 17177
180.174.56.115 - - [27/Oct/2020:09:16:24 +0800] "GET /xingrg/javascript/jquery_easy_ui/themes/default/easyui.css HTTP/1.1" 304 -
180.174.56.115 - - [27/Oct/2020:09:16:24 +0800] "GET /xingrg/javascript/jquery_easy_ui/themes/icon.css HTTP/1.1" 304 -
180.174.56.115 - - [27/Oct/2020:09:16:24 +0800] "GET /xingrg/css/form.css HTTP/1.1" 304 -
180.174.56.115 - - [27/Oct/2020:09:16:24 +0800] "GET /xingrg/javascript/jquery-1.4.2.min.js HTTP/1.1" 304 -
180.174.56.115 - - [27/Oct/2020:09:16:24 +0800] "GET /xingrg/javascript/jquery_easy_ui/jquery.easyui.min.js HTTP/1.1" 304 -
180.174.56.115 - - [27/Oct/2020:09:16:24 +0800] "GET /xingrg/javascript/jquery_easy_ui/easyui-lang-zh_CN.js HTTP/1.1" 304 -
180.174.56.115 - - [27/Oct/2020:09:16:24 +0800] "GET /xingrg/javascript/jquery.form.js HTTP/1.1" 304 -
180.174.56.115 - - [27/Oct/2020:09:16:24 +0800] "GET /xingrg/javascript/jquery.utils.js HTTP/1.1" 304 -
180.174.56.115 - - [27/Oct/2020:09:16:24 +0800] "GET /xingrg/javascript/jquery.timers.js HTTP/1.1" 304 -
180.174.56.115 - - [27/Oct/2020:09:16:24 +0800] "GET /xingrg/images/blue/jxLogo.png HTTP/1.1" 304 -
180.174.56.115 - - [27/Oct/2020:09:16:24 +0800] "GET /xingrg/images/blue/navBackgound.jpg HTTP/1.1" 304 -
180.174.56.115 - - [27/Oct/2020:09:16:24 +0800] "GET /xingrg/javascript/jquery_easy_ui/themes/icons/settle_new.png HTTP/1.1" 304 -
180.174.56.115 - - [27/Oct/2020:09:16:24 +0800] "POST /xingrg/all/common/load_tree.html?tree=area_rest_tree_json&manage=1 HTTP/1.1" 200 476
180.174.56.115 - - [27/Oct/2020:09:16:24 +0800] "GET /xingrg/all/function/internal_message.html?_=1603761382309&CODE_STATE=count HTTP/1.1" 200 11
180.174.56.115 - - [27/Oct/2020:09:16:24 +0800] "GET /xingrg/check_reg.html?_=1603761382310 HTTP/1.1" 200 22
180.174.56.115 - - [27/Oct/2020:09:16:24 +0800] "GET /xingrg/javascript/jquery_easy_ui/themes/default/images/tabs_rightarrow.png HTTP/1.1" 304 -
180.174.56.115 - - [27/Oct/2020:09:16:24 +0800] "GET /xingrg/javascript/jquery_easy_ui/themes/default/images/panel_tool_collapse.gif HTTP/1.1" 304 -
180.174.56.115 - - [27/Oct/2020:09:16:24 +0800] "GET /xingrg/images/blue/pingpu.png HTTP/1.1" 304 -
180.174.56.115 - - [27/Oct/2020:09:16:24 +0800] "GET /xingrg/javascript/jquery_easy_ui/themes/default/images/tabs_leftarrow.png HTTP/1.1" 304 -
180.174.56.115 - - [27/Oct/2020:09:16:24 +0800] "POST /xingrg/load_menu.html HTTP/1.1" 200 5138
114.88.166.242 - - [27/Oct/2020:09:16:25 +0800] "POST /xingrg/kc/mdqp/pssh_list_operate.html HTTP/1.1" 200 257
180.174.56.115 - - [27/Oct/2020:09:16:27 +0800] "GET /xingrg/kc/buy/cgsh_order_list.html HTTP/1.1" 200 44690
114.88.166.242 - - [27/Oct/2020:09:16:28 +0800] "POST /xingrg/kc/mdqp/pssh_list_operate.html HTTP/1.1" 200 466
124.77.70.31 - - [27/Oct/2020:09:16:29 +0800] "POST /xingrg/kc/buy/cgsh_order_operate.html HTTP/1.1" 200 37
222.69.133.109 - - [27/Oct/2020:09:16:30 +0800] "GET /xingrg/all/function/internal_message.html?_=1603761391371&CODE_STATE=getMsg HTTP/1.1" 200 27
180.174.56.115 - - [27/Oct/2020:09:16:30 +0800] "POST /xingrg/kc/buy/cgsh_list_operate.html HTTP/1.1" 200 1691
180.157.253.48 - - [27/Oct/2020:09:16:30 +0800] "GET /xingrg/kc/buy/cgsh_order_operate.html?command=get_materiel&rest_code=00148&code=00101008331&supplier_code=00100007&order_time=2020-10-27 HTTP/1.1" 200 435
124.77.70.31 - - [27/Oct/2020:09:16:31 +0800] "POST /xingrg/kc/buy/cgsh_order_operate.html HTTP/1.1" 200 28050
114.88.166.242 - - [27/Oct/2020:09:16:32 +0800] "POST /xingrg/kc/mdqp/pssh_list_operate.html HTTP/1.1" 200 773
180.174.56.115 - - [27/Oct/2020:09:16:32 +0800] "POST /xingrg/kc/buy/cgsh_list_operate.html HTTP/1.1" 200 552
180.174.56.115 - - [27/Oct/2020:09:16:33 +0800] "GET /xingrg/kc/buy/cgsh_order_info.html?code=212020102711027 HTTP/1.1" 200 60075
114.88.166.242 - - [27/Oct/2020:09:16:33 +0800] "GET /xingrg/kc/mdqp/pssh_order_info.html?code=312020102500652 HTTP/1.1" 200 17297
114.88.166.242 - - [27/Oct/2020:09:16:33 +0800] "GET /xingrg/javascript/jquery_tools/jquery-1.4.2.min.js HTTP/1.1" 404 1094
180.174.56.115 - - [27/Oct/2020:09:16:33 +0800] "GET /xingrg/javascript/easyui/themes/default/validatebox.css HTTP/1.1" 404 1104
114.88.166.242 - - [27/Oct/2020:09:16:33 +0800] "GET /xingrg/javascript/easyui/themes/default/validatebox.css HTTP/1.1" 404 1104
180.174.56.115 - - [27/Oct/2020:09:16:34 +0800] "POST /xingrg/kc/buy/cgsh_order_operate.html HTTP/1.1" 200 23526
114.88.166.242 - - [27/Oct/2020:09:16:35 +0800] "POST /xingrg/kc/mdqp/pssh_order_operate.html HTTP/1.1" 200 3159
114.88.166.242 - - [27/Oct/2020:09:16:35 +0800] "GET /xingrg/all/function/internal_message.html?_=1603761490249&CODE_STATE=getMsg HTTP/1.1" 200 27
180.174.56.115 - - [27/Oct/2020:09:16:36 +0800] "GET /xingrg/all/function/internal_message.html?_=1603761361988&CODE_STATE=getMsg HTTP/1.1" 200 27
124.77.70.31 - - [27/Oct/2020:09:16:37 +0800] "GET /xingrg/kc/print/load_config.html?kc_code=cgsh HTTP/1.1" 200 1845
114.84.37.38 - - [27/Oct/2020:09:16:37 +0800] "GET /xingrg/all/function/internal_message.html?_=1603761402244&CODE_STATE=getMsg HTTP/1.1" 200 27
124.77.70.31 - - [27/Oct/2020:09:16:37 +0800] "GET /xingrg/kc/print/load_data.html?order_code=212020102711047&kc_code=cgsh&condition= HTTP/1.1" 200 10267
172.17.0.240 - - [27/Oct/2020:09:16:41 +0800] "GET /xingrg/all/function/internal_message.html?_=1603761400756&CODE_STATE=getMsg HTTP/1.1" 200 27
114.84.37.38 - - [27/Oct/2020:09:16:43 +0800] "GET /xingrg/check_reg.html?_=1603761408386 HTTP/1.1" 200 22
124.77.70.31 - - [27/Oct/2020:09:16:45 +0800] "GET /xingrg/all/function/internal_message.html?_=1603761403356&CODE_STATE=getMsg HTTP/1.1" 200 27
114.88.166.242 - - [27/Oct/2020:09:16:45 +0800] "GET /xingrg/check_reg.html?_=1603761404324 HTTP/1.1" 200 22
114.88.166.242 - - [27/Oct/2020:09:16:48 +0800] "GET /xingrg/all/function/internal_message.html?_=1603761406872&CODE_STATE=getMsg HTTP/1.1" 200 27
114.88.166.242 - - [27/Oct/2020:09:16:48 +0800] "POST /xingrg/kc/mdqp/pssh_list_operate.html HTTP/1.1" 200 1574
222.69.133.109 - - [27/Oct/2020:09:16:49 +0800] "GET /xingrg/kc/base/wldb_order_operate.html?command=get_materiel&rest_code=00154&base_code=0010724&code=00101022004 HTTP/1.1" 200 431
114.88.166.242 - - [27/Oct/2020:09:16:50 +0800] "POST /xingrg/kc/mdqp/pssh_list_operate.html HTTP/1.1" 200 266
180.162.25.93 - - [27/Oct/2020:09:16:50 +0800] "GET /xingrg/all/function/internal_message.html?_=1603761410220&CODE_STATE=getMsg HTTP/1.1" 200 27
114.88.166.242 - - [27/Oct/2020:09:16:51 +0800] "GET /xingrg/javascript/jquery_tools/jquery-1.4.2.min.js HTTP/1.1" 404 1094
114.88.166.242 - - [27/Oct/2020:09:16:51 +0800] "GET /xingrg/kc/mdqp/pssh_order_info.html?code=312020102700722 HTTP/1.1" 200 17244
114.88.166.242 - - [27/Oct/2020:09:16:51 +0800] "POST /xingrg/kc/mdqp/pssh_order_operate.html HTTP/1.1" 200 532
114.88.166.242 - - [27/Oct/2020:09:16:51 +0800] "GET /xingrg/javascript/easyui/themes/default/validatebox.css HTTP/1.1" 404 1104
114.84.145.85 - - [27/Oct/2020:09:16:55 +0800] "GET /xingrg/all/function/internal_message.html?_=1603761422174&CODE_STATE=getMsg HTTP/1.1" 200 27
222.69.137.113 - - [27/Oct/2020:09:16:56 +0800] "GET /xingrg/kc/buy/cgsh_order_operate.html?command=get_materiel&rest_code=00149&code=00101010196&supplier_code=00100005&order_time=2020-10-27 HTTP/1.1" 200 416
116.232.49.44 - - [27/Oct/2020:09:16:57 +0800] "GET /xingrg/all/function/internal_message.html?_=1603761450421&CODE_STATE=getMsg HTTP/1.1" 200 27
58.221.95.50 - - [27/Oct/2020:09:16:58 +0800] "GET /xingrg/all/function/internal_message.html?_=1603761597329&CODE_STATE=getMsg HTTP/1.1" 200 27
180.157.253.48 - - [27/Oct/2020:09:16:58 +0800] "GET /xingrg/kc/buy/cgsh_order_operate.html?command=get_materiel&rest_code=00148&code=00101008244&supplier_code=00100007&order_time=2020-10-27 HTTP/1.1" 200 408
222.69.133.109 - - [27/Oct/2020:09:17:01 +0800] "POST /xingrg/all/common/load_combo.html?type=base HTTP/1.1" 200 1224
222.69.137.113 - - [27/Oct/2020:09:17:02 +0800] "GET /xingrg/kc/buy/cgsh_order_operate.html?command=get_materiel&rest_code=00149&code=00101008238&supplier_code=00100005&order_time=2020-10-27 HTTP/1.1" 200 416
172.17.200.101 - - [27/Oct/2020:09:17:05 +0800] "GET /xingrg/all/function/internal_message.html?_=1603761424840&CODE_STATE=getMsg HTTP/1.1" 200 27
222.69.133.109 - - [27/Oct/2020:09:17:08 +0800] "POST /xingrg/kc/base/wldb_order_operate.html HTTP/1.1" 200 37
222.69.133.109 - - [27/Oct/2020:09:17:09 +0800] "POST /xingrg/kc/base/wldb_order_operate.html HTTP/1.1" 200 2654
222.69.133.109 - - [27/Oct/2020:09:17:10 +0800] "GET /xingrg/kc/base/wldb_order_info.html?code=422020102703176 HTTP/1.1" 200 30560
222.69.133.109 - - [27/Oct/2020:09:17:10 +0800] "GET /xingrg/javascript/easyui/themes/default/validatebox.css HTTP/1.1" 404 1104
222.69.133.109 - - [27/Oct/2020:09:17:11 +0800] "GET /xingrg/kc/report/report_main.html HTTP/1.1" 200 7345
222.69.133.109 - - [27/Oct/2020:09:17:11 +0800] "POST /xingrg/kc/base/wldb_order_operate.html HTTP/1.1" 200 2654
180.157.253.48 - - [27/Oct/2020:09:17:11 +0800] "GET /xingrg/all/function/internal_message.html?_=1603761431710&CODE_STATE=getMsg HTTP/1.1" 200 27
222.69.133.109 - - [27/Oct/2020:09:17:13 +0800] "GET /xingrg/kc/base/kc_stocks.html HTTP/1.1" 200 16392
222.69.133.109 - - [27/Oct/2020:09:17:13 +0800] "GET /xingrg/javascript/easyui/themes/default/tree.css HTTP/1.1" 404 1090
222.69.133.109 - - [27/Oct/2020:09:17:13 +0800] "POST /xingrg/all/common/load_tree.html?tree=materiel_sort_tree_json HTTP/1.1" 200 8666
222.69.137.113 - - [27/Oct/2020:09:17:13 +0800] "GET /xingrg/all/function/internal_message.html?_=1603761431447&CODE_STATE=getMsg HTTP/1.1" 200 27
114.84.37.38 - - [27/Oct/2020:09:17:18 +0800] "GET /xingrg/all/function/internal_message.html?_=1603761462201&CODE_STATE=getMsg HTTP/1.1" 200 27
114.88.166.242 - - [27/Oct/2020:09:17:18 +0800] "POST /xingrg/kc/mdqp/pssh_list_operate.html HTTP/1.1" 200 1574
114.88.166.242 - - [27/Oct/2020:09:17:18 +0800] "GET /xingrg/kc/buy/cgsh_order_list.html HTTP/1.1" 200 44686
114.88.166.242 - - [27/Oct/2020:09:17:20 +0800] "POST /xingrg/kc/buy/cgsh_list_operate.html HTTP/1.1" 200 2414
114.88.166.242 - - [27/Oct/2020:09:17:23 +0800] "GET /xingrg/kc/buy/cgsh_order_add.html HTTP/1.1" 200 60424
114.88.166.242 - - [27/Oct/2020:09:17:23 +0800] "GET /xingrg/javascript/easyui/themes/default/validatebox.css HTTP/1.1" 404 1104
114.88.166.242 - - [27/Oct/2020:09:17:23 +0800] "POST /xingrg/kc/buy/cgsh_order_operate.html HTTP/1.1" 200 8245
180.174.56.115 - - [27/Oct/2020:09:17:24 +0800] "GET /xingrg/all/function/internal_message.html?_=1603761442315&CODE_STATE=getMsg HTTP/1.1" 200 27
180.162.25.93 - - [27/Oct/2020:09:17:28 +0800] "POST /xingrg/kc/base/check_list_operate.html HTTP/1.1" 200 4
222.69.133.109 - - [27/Oct/2020:09:17:28 +0800] "POST /xingrg/kc/base/stock_operate.html HTTP/1.1" 200 3136
222.69.133.109 - - [27/Oct/2020:09:17:30 +0800] "GET /xingrg/all/function/internal_message.html?_=1603761451349&CODE_STATE=getMsg HTTP/1.1" 200 27
180.162.25.93 - - [27/Oct/2020:09:17:31 +0800] "POST /xingrg/kc/base/check_list_operate.html HTTP/1.1" 200 1934
114.88.166.242 - - [27/Oct/2020:09:17:32 +0800] "GET /xingrg/kc/buy/cgsh_order_operate.html?command=get_materiel&rest_code=00111&code=00101007061&supplier_code=00100004&order_time=2020-10-27 HTTP/1.1" 200 409
180.174.56.115 - - [27/Oct/2020:09:17:33 +0800] "GET /xingrg/all/function/internal_message.html?_=1603761422001&CODE_STATE=getMsg HTTP/1.1" 200 27
180.162.25.93 - - [27/Oct/2020:09:17:33 +0800] "GET /xingrg/kc/base/check_order_list.html HTTP/1.1" 200 16764
180.162.25.93 - - [27/Oct/2020:09:17:34 +0800] "POST /xingrg/kc/base/check_list_operate.html HTTP/1.1" 200 2232
114.88.166.242 - - [27/Oct/2020:09:17:35 +0800] "GET /xingrg/check_reg.html?_=1603761550250 HTTP/1.1" 200 22
114.88.166.242 - - [27/Oct/2020:09:17:35 +0800] "GET /xingrg/all/function/internal_message.html?_=1603761550251&CODE_STATE=getMsg HTTP/1.1" 200 27
124.77.70.31 - - [27/Oct/2020:09:17:35 +0800] "GET /xingrg/kc/buy/cgsh_order_add.html HTTP/1.1" 200 60512
124.77.70.31 - - [27/Oct/2020:09:17:37 +0800] "GET /xingrg/javascript/easyui/themes/default/validatebox.css HTTP/1.1" 404 1104
124.77.70.31 - - [27/Oct/2020:09:17:37 +0800] "POST /xingrg/kc/buy/cgsh_order_operate.html HTTP/1.1" 200 8245
114.84.37.38 - - [27/Oct/2020:09:17:37 +0800] "GET /xingrg/all/function/internal_message.html?_=1603761462257&CODE_STATE=getMsg HTTP/1.1" 200 27
180.162.25.93 - - [27/Oct/2020:09:17:38 +0800] "GET /xingrg/kc/base/check_order_info.html?code=452020102600271 HTTP/1.1" 200 25492
180.162.25.93 - - [27/Oct/2020:09:17:38 +0800] "GET /xingrg/dwr/interface/AjaxComOrderService.js HTTP/1.1" 200 18264
180.162.25.93 - - [27/Oct/2020:09:17:38 +0800] "GET /xingrg/dwr/interface/AjaxCheckService.js HTTP/1.1" 200 14003
180.162.25.93 - - [27/Oct/2020:09:17:38 +0800] "GET /xingrg/dwr/engine.js HTTP/1.1" 200 43631
180.162.25.93 - - [27/Oct/2020:09:17:39 +0800] "POST /xingrg/dwr/call/plaincall/AjaxCheckService.loadOrderItems.dwr HTTP/1.1" 200 63084
180.162.25.93 - - [27/Oct/2020:09:17:39 +0800] "GET /xingrg/javascript/jquery_easy_ui/themes/icons/no.png HTTP/1.1" 200 922
114.88.166.242 - - [27/Oct/2020:09:17:39 +0800] "GET /xingrg/kc/buy/cgsh_order_operate.html?command=get_materiel&rest_code=00111&code=00101007063&supplier_code=00100004&order_time=2020-10-27 HTTP/1.1" 200 409
222.69.133.109 - - [27/Oct/2020:09:17:40 +0800] "POST /xingrg/kc/base/wldb_list_operate.html HTTP/1.1" 200 286
222.69.133.109 - - [27/Oct/2020:09:17:41 +0800] "GET /xingrg/kc/base/wldb_order_info.html?code=422020102703164 HTTP/1.1" 200 30562
222.69.133.109 - - [27/Oct/2020:09:17:41 +0800] "GET /xingrg/javascript/easyui/themes/default/validatebox.css HTTP/1.1" 404 1104
172.17.0.240 - - [27/Oct/2020:09:17:41 +0800] "GET /xingrg/all/function/internal_message.html?_=1603761460762&CODE_STATE=getMsg HTTP/1.1" 200 27
222.69.133.109 - - [27/Oct/2020:09:17:41 +0800] "POST /xingrg/kc/base/wldb_order_operate.html HTTP/1.1" 200 2673
124.77.70.31 - - [27/Oct/2020:09:17:43 +0800] "GET /xingrg/check_reg.html?_=1603761461409 HTTP/1.1" 200 22
124.77.70.31 - - [27/Oct/2020:09:17:45 +0800] "GET /xingrg/all/function/internal_message.html?_=1603761463339&CODE_STATE=getMsg HTTP/1.1" 200 27
114.88.166.242 - - [27/Oct/2020:09:17:46 +0800] "GET /xingrg/kc/buy/cgsh_order_operate.html?command=get_materiel&rest_code=00111&code=00101007059&supplier_code=00100004&order_time=2020-10-27 HTTP/1.1" 200 429
124.77.70.31 - - [27/Oct/2020:09:17:47 +0800] "GET /xingrg/javascript/easyui/themes/default/tree.css HTTP/1.1" 404 1090
124.77.70.31 - - [27/Oct/2020:09:17:47 +0800] "POST /xingrg/all/common/load_tree.html?tree=supplier_tree_json&isDelete=1 HTTP/1.1" 200 51395
114.88.166.242 - - [27/Oct/2020:09:17:48 +0800] "GET /xingrg/all/function/internal_message.html?_=1603761466877&CODE_STATE=getMsg HTTP/1.1" 200 27
180.162.25.93 - - [27/Oct/2020:09:17:50 +0800] "GET /xingrg/all/function/internal_message.html?_=1603761470214&CODE_STATE=getMsg HTTP/1.1" 200 27
114.88.166.242 - - [27/Oct/2020:09:17:52 +0800] "POST /xingrg/kc/buy/cgsh_order_operate.html HTTP/1.1" 200 37
114.88.166.242 - - [27/Oct/2020:09:17:53 +0800] "POST /xingrg/kc/buy/cgsh_order_operate.html HTTP/1.1" 200 3830
222.69.133.109 - - [27/Oct/2020:09:17:53 +0800] "GET /xingrg/kc/base/wldb_order_list.html HTTP/1.1" 200 19383
114.88.166.242 - - [27/Oct/2020:09:17:53 +0800] "GET /xingrg/kc/print/load_data.html?order_code=212020102711048&kc_code=cgsh&condition= HTTP/1.1" 200 1166
222.69.133.109 - - [27/Oct/2020:09:17:54 +0800] "POST /xingrg/kc/base/wldb_list_operate.html HTTP/1.1" 200 2976
114.84.145.85 - - [27/Oct/2020:09:17:55 +0800] "GET /xingrg/all/function/internal_message.html?_=1603761482172&CODE_STATE=getMsg HTTP/1.1" 200 27
114.84.145.85 - - [27/Oct/2020:09:17:55 +0800] "GET /xingrg/check_reg.html?_=1603761482173 HTTP/1.1" 200 22
222.69.133.109 - - [27/Oct/2020:09:17:55 +0800] "POST /xingrg/kc/base/wldb_list_operate.html HTTP/1.1" 200 217
222.69.133.109 - - [27/Oct/2020:09:17:56 +0800] "GET /xingrg/kc/base/wldb_order_info.html?code=422020102703176 HTTP/1.1" 200 30560
222.69.133.109 - - [27/Oct/2020:09:17:56 +0800] "GET /xingrg/javascript/easyui/themes/default/validatebox.css HTTP/1.1" 404 1104
222.69.133.109 - - [27/Oct/2020:09:17:56 +0800] "POST /xingrg/kc/base/wldb_order_operate.html HTTP/1.1" 200 2654
116.232.49.44 - - [27/Oct/2020:09:17:57 +0800] "GET /xingrg/all/function/internal_message.html?_=1603761510421&CODE_STATE=getMsg HTTP/1.1" 200 27
58.221.95.50 - - [27/Oct/2020:09:17:58 +0800] "GET /xingrg/all/function/internal_message.html?_=1603761657310&CODE_STATE=getMsg HTTP/1.1" 200 27
222.69.133.109 - - [27/Oct/2020:09:18:03 +0800] "GET /xingrg/javascript/auto/indicator.gif HTTP/1.1" 404 1066
172.17.200.101 - - [27/Oct/2020:09:18:05 +0800] "GET /xingrg/all/function/internal_message.html?_=1603761484844&CODE_STATE=getMsg HTTP/1.1" 200 27
114.84.37.38 - - [27/Oct/2020:09:18:08 +0800] "GET /xingrg/check_reg.html?_=1603761512771 HTTP/1.1" 200 22
180.157.253.48 - - [27/Oct/2020:09:18:11 +0800] "GET /xingrg/all/function/internal_message.html?_=1603761491694&CODE_STATE=getMsg HTTP/1.1" 200 27
222.69.133.109 - - [27/Oct/2020:09:18:13 +0800] "GET /xingrg/kc/base/wldb_order_operate.html?command=get_materiel&rest_code=00154&base_code=0010724&code=00101016086 HTTP/1.1" 200 466
222.69.137.113 - - [27/Oct/2020:09:18:13 +0800] "GET /xingrg/all/function/internal_message.html?_=1603761491441&CODE_STATE=getMsg HTTP/1.1" 200 27
180.157.253.48 - - [27/Oct/2020:09:18:15 +0800] "GET /xingrg/kc/buy/cgsh_order_operate.html?command=get_materiel&rest_code=00148&code=00101008354&supplier_code=00100007&order_time=2020-10-27 HTTP/1.1" 200 432
222.69.133.109 - - [27/Oct/2020:09:18:15 +0800] "POST /xingrg/all/common/load_select.html HTTP/1.1" 200 25
222.69.133.109 - - [27/Oct/2020:09:18:17 +0800] "GET /xingrg/kc/base/wldb_order_operate.html?command=get_materiel_price&rest_code=00154&base_code=0010724&code=00101016086&unit_code=00100138 HTTP/1.1" 200 36
114.84.37.38 - - [27/Oct/2020:09:18:18 +0800] "GET /xingrg/all/function/internal_message.html?_=1603761522205&CODE_STATE=getMsg HTTP/1.1" 200 27
180.174.56.115 - - [27/Oct/2020:09:18:24 +0800] "GET /xingrg/all/function/internal_message.html?_=1603761502309&CODE_STATE=getMsg HTTP/1.1" 200 27
222.69.137.113 - - [27/Oct/2020:09:18:27 +0800] "GET /xingrg/kc/buy/cgsh_order_operate.html?command=get_materiel&rest_code=00149&code=00101008125&supplier_code=00100005&order_time=2020-10-27 HTTP/1.1" 200 413
222.69.133.109 - - [27/Oct/2020:09:18:30 +0800] "GET /xingrg/all/function/internal_message.html?_=1603761511333&CODE_STATE=getMsg HTTP/1.1" 200 27
180.174.56.115 - - [27/Oct/2020:09:18:33 +0800] "GET /xingrg/all/function/internal_message.html?_=1603761482080&CODE_STATE=getMsg HTTP/1.1" 200 27
114.88.166.242 - - [27/Oct/2020:09:18:35 +0800] "GET /xingrg/all/function/internal_message.html?_=1603761610249&CODE_STATE=getMsg HTTP/1.1" 200 27
114.84.37.38 - - [27/Oct/2020:09:18:37 +0800] "GET /xingrg/all/function/internal_message.html?_=1603761522271&CODE_STATE=getMsg HTTP/1.1" 200 27
180.162.25.93 - - [27/Oct/2020:09:18:41 +0800] "GET /xingrg/kc/base/check_order_list.html HTTP/1.1" 200 16764
222.69.137.113 - - [27/Oct/2020:09:18:41 +0800] "GET /xingrg/kc/buy/cgsh_order_operate.html?command=get_materiel&rest_code=00149&code=00101008165&supplier_code=00100005&order_time=2020-10-27 HTTP/1.1" 200 417
172.17.0.240 - - [27/Oct/2020:09:18:41 +0800] "GET /xingrg/all/function/internal_message.html?_=1603761520767&CODE_STATE=getMsg HTTP/1.1" 200 27
180.162.25.93 - - [27/Oct/2020:09:18:43 +0800] "POST /xingrg/kc/base/check_list_operate.html HTTP/1.1" 200 2232
180.162.25.93 - - [27/Oct/2020:09:18:44 +0800] "GET /xingrg/kc/base/check_order_info.html?code=452020102600266 HTTP/1.1" 200 25483
180.162.25.93 - - [27/Oct/2020:09:18:44 +0800] "GET /xingrg/dwr/interface/AjaxComOrderService.js HTTP/1.1" 200 18264
180.162.25.93 - - [27/Oct/2020:09:18:44 +0800] "GET /xingrg/dwr/interface/AjaxCheckService.js HTTP/1.1" 200 14003
180.162.25.93 - - [27/Oct/2020:09:18:44 +0800] "GET /xingrg/dwr/engine.js HTTP/1.1" 200 43631
124.77.70.31 - - [27/Oct/2020:09:18:45 +0800] "GET /xingrg/all/function/internal_message.html?_=1603761523318&CODE_STATE=getMsg HTTP/1.1" 200 27
180.162.25.93 - - [27/Oct/2020:09:18:45 +0800] "POST /xingrg/dwr/call/plaincall/AjaxCheckService.loadOrderItems.dwr HTTP/1.1" 200 21166
124.77.70.31 - - [27/Oct/2020:09:18:47 +0800] "GET /xingrg/kc/buy/cgsh_order_operate.html?command=get_materiel&rest_code=00107&code=00101007022&supplier_code=00100002&order_time=2020-10-27 HTTP/1.1" 200 433
114.88.166.242 - - [27/Oct/2020:09:18:48 +0800] "GET /xingrg/all/function/internal_message.html?_=1603761526893&CODE_STATE=getMsg HTTP/1.1" 200 27
180.162.25.93 - - [27/Oct/2020:09:18:50 +0800] "GET /xingrg/all/function/internal_message.html?_=1603761530223&CODE_STATE=getMsg HTTP/1.1" 200 27
114.84.145.85 - - [27/Oct/2020:09:18:55 +0800] "GET /xingrg/all/function/internal_message.html?_=1603761542187&CODE_STATE=getMsg HTTP/1.1" 200 27
222.69.137.113 - - [27/Oct/2020:09:18:55 +0800] "GET /xingrg/kc/buy/cgsh_order_operate.html?command=get_materiel&rest_code=00149&code=00101013179&supplier_code=00100005&order_time=2020-10-27 HTTP/1.1" 200 431
116.232.49.44 - - [27/Oct/2020:09:18:57 +0800] "GET /xingrg/check_reg.html?_=1603761570375 HTTP/1.1" 200 22
116.232.49.44 - - [27/Oct/2020:09:18:57 +0800] "GET /xingrg/all/function/internal_message.html?_=1603761570421&CODE_STATE=getMsg HTTP/1.1" 200 27
58.221.95.50 - - [27/Oct/2020:09:18:58 +0800] "GET /xingrg/all/function/internal_message.html?_=1603761717288&CODE_STATE=getMsg HTTP/1.1" 200 27
222.69.137.113 - - [27/Oct/2020:09:19:01 +0800] "POST /xingrg/kc/buy/cgsh_order_operate.html HTTP/1.1" 200 2065
172.17.200.101 - - [27/Oct/2020:09:19:05 +0800] "GET /xingrg/all/function/internal_message.html?_=1603761544844&CODE_STATE=getMsg HTTP/1.1" 200 27
180.157.253.48 - - [27/Oct/2020:09:19:11 +0800] "GET /xingrg/all/function/internal_message.html?_=1603761551676&CODE_STATE=getMsg HTTP/1.1" 200 27
222.69.137.113 - - [27/Oct/2020:09:19:12 +0800] "GET /xingrg/kc/buy/cgsh_order_operate.html?command=get_materiel&rest_code=00149&code=00101008057&supplier_code=00100005&order_time=2020-10-27 HTTP/1.1" 200 409
222.69.137.113 - - [27/Oct/2020:09:19:13 +0800] "GET /xingrg/all/function/internal_message.html?_=1603761551410&CODE_STATE=getMsg HTTP/1.1" 200 27
120.253.135.82 - - [27/Oct/2020:09:19:17 +0800] "GET /xingrg/check_reg.html?_=1603761668789 HTTP/1.1" 200 22
114.84.37.38 - - [27/Oct/2020:09:19:18 +0800] "GET /xingrg/all/function/internal_message.html?_=1603761582219&CODE_STATE=getMsg HTTP/1.1" 200 27
180.174.56.115 - - [27/Oct/2020:09:19:24 +0800] "GET /xingrg/all/function/internal_message.html?_=1603761562337&CODE_STATE=getMsg HTTP/1.1" 200 27
124.77.70.31 - - [27/Oct/2020:09:19:26 +0800] "GET /xingrg/kc/buy/cgsh_order_operate.html?command=get_materiel&rest_code=00107&code=00101007061&supplier_code=00100002&order_time=2020-10-27 HTTP/1.1" 200 409
222.69.133.109 - - [27/Oct/2020:09:19:30 +0800] "GET /xingrg/all/function/internal_message.html?_=1603761571317&CODE_STATE=getMsg HTTP/1.1" 200 27
222.69.133.109 - - [27/Oct/2020:09:19:31 +0800] "GET /xingrg/check_reg.html?_=1603761572304 HTTP/1.1" 200 22
180.174.56.115 - - [27/Oct/2020:09:19:33 +0800] "GET /xingrg/all/function/internal_message.html?_=1603761542090&CODE_STATE=getMsg HTTP/1.1" 200 27
114.88.166.242 - - [27/Oct/2020:09:19:35 +0800] "GET /xingrg/all/function/internal_message.html?_=1603761670259&CODE_STATE=getMsg HTTP/1.1" 200 27
114.84.37.38 - - [27/Oct/2020:09:19:38 +0800] "GET /xingrg/all/function/internal_message.html?_=1603761582710&CODE_STATE=getMsg HTTP/1.1" 200 27
180.157.253.48 - - [27/Oct/2020:09:19:39 +0800] "GET /xingrg/kc/buy/cgsh_order_operate.html?command=get_materiel&rest_code=00148&code=00101008028&supplier_code=00100007&order_time=2020-10-27 HTTP/1.1" 200 431
172.17.0.240 - - [27/Oct/2020:09:19:41 +0800] "GET /xingrg/check_reg.html?_=1603761580754 HTTP/1.1" 200 22
172.17.0.240 - - [27/Oct/2020:09:19:41 +0800] "GET /xingrg/all/function/internal_message.html?_=1603761580754&CODE_STATE=getMsg HTTP/1.1" 200 27
222.69.137.113 - - [27/Oct/2020:09:19:42 +0800] "GET /xingrg/kc/buy/cgsh_order_operate.html?command=get_materiel&rest_code=00149&code=00101008114&supplier_code=00100005&order_time=2020-10-27 HTTP/1.1" 200 412
124.77.70.31 - - [27/Oct/2020:09:19:45 +0800] "GET /xingrg/all/function/internal_message.html?_=1603761583302&CODE_STATE=getMsg HTTP/1.1" 200 27
114.88.166.242 - - [27/Oct/2020:09:19:48 +0800] "GET /xingrg/all/function/internal_message.html?_=1603761586928&CODE_STATE=getMsg HTTP/1.1" 200 27
180.162.25.93 - - [27/Oct/2020:09:19:50 +0800] "GET /xingrg/all/function/internal_message.html?_=1603761590220&CODE_STATE=getMsg HTTP/1.1" 200 27
124.77.70.31 - - [27/Oct/2020:09:19:53 +0800] "GET /xingrg/kc/buy/cgsh_order_operate.html?command=get_materiel&rest_code=00107&code=00101007048&supplier_code=00100002&order_time=2020-10-27 HTTP/1.1" 200 408
114.84.145.85 - - [27/Oct/2020:09:19:55 +0800] "GET /xingrg/all/function/internal_message.html?_=1603761602185&CODE_STATE=getMsg HTTP/1.1" 200 27
116.232.49.44 - - [27/Oct/2020:09:19:57 +0800] "GET /xingrg/all/function/internal_message.html?_=1603761630421&CODE_STATE=getMsg HTTP/1.1" 200 27
58.221.95.50 - - [27/Oct/2020:09:19:58 +0800] "GET /xingrg/all/function/internal_message.html?_=1603761777267&CODE_STATE=getMsg HTTP/1.1" 200 27
172.17.200.101 - - [27/Oct/2020:09:20:05 +0800] "GET /xingrg/check_reg.html?_=1603761604850 HTTP/1.1" 200 22
172.17.200.101 - - [27/Oct/2020:09:20:05 +0800] "GET /xingrg/all/function/internal_message.html?_=1603761604850&CODE_STATE=getMsg HTTP/1.1" 200 27
180.157.253.48 - - [27/Oct/2020:09:20:11 +0800] "GET /xingrg/check_reg.html?_=1603761611414 HTTP/1.1" 200 22
180.157.253.48 - - [27/Oct/2020:09:20:11 +0800] "GET /xingrg/all/function/internal_message.html?_=1603761611667&CODE_STATE=getMsg HTTP/1.1" 200 27
222.69.137.113 - - [27/Oct/2020:09:20:12 +0800] "GET /xingrg/check_reg.html?_=1603761610056 HTTP/1.1" 200 22
222.69.137.113 - - [27/Oct/2020:09:20:13 +0800] "GET /xingrg/kc/buy/cgsh_order_operate.html?command=get_materiel&rest_code=00149&code=00101008236&supplier_code=00100005&order_time=2020-10-27 HTTP/1.1" 200 436
222.69.137.113 - - [27/Oct/2020:09:20:13 +0800] "GET /xingrg/all/function/internal_message.html?_=1603761611403&CODE_STATE=getMsg HTTP/1.1" 200 27
124.77.70.31 - - [27/Oct/2020:09:20:15 +0800] "GET /xingrg/kc/buy/cgsh_order_operate.html?command=get_materiel&rest_code=00107&code=00101007063&supplier_code=00100002&order_time=2020-10-27 HTTP/1.1" 200 409
114.84.37.38 - - [27/Oct/2020:09:20:18 +0800] "GET /xingrg/all/function/internal_message.html?_=1603761642242&CODE_STATE=getMsg HTTP/1.1" 200 27
