180.174.56.115 - - [27/Oct/2020:00:56:26 +0800] "GET /xingrg/all/function/internal_message.html?_=1603731384835&CODE_STATE=getMsg HTTP/1.1" 200 27
222.69.133.109 - - [27/Oct/2020:00:56:34 +0800] "GET /xingrg/all/function/internal_message.html?_=1603731395402&CODE_STATE=getMsg HTTP/1.1" 200 27
114.84.37.38 - - [27/Oct/2020:00:56:37 +0800] "GET /xingrg/check_reg.html?_=1603731401021 HTTP/1.1" 200 22
114.84.37.38 - - [27/Oct/2020:00:56:39 +0800] "GET /xingrg/all/function/internal_message.html?_=1603731402706&CODE_STATE=getMsg HTTP/1.1" 200 27
172.17.0.240 - - [27/Oct/2020:00:56:41 +0800] "GET /xingrg/all/function/internal_message.html?_=1603731400386&CODE_STATE=getMsg HTTP/1.1" 200 27
172.17.0.123 - - [27/Oct/2020:00:56:56 +0800] "GET /xingrg/all/function/internal_message.html?_=1603731378644&CODE_STATE=getMsg HTTP/1.1" 302 -
58.221.95.50 - - [27/Oct/2020:00:57:10 +0800] "GET /xingrg/all/function/internal_message.html?_=1603731609129&CODE_STATE=getMsg HTTP/1.1" 200 27
114.84.37.38 - - [27/Oct/2020:00:57:12 +0800] "GET /xingrg/all/function/internal_message.html?_=1603731455406&CODE_STATE=getMsg HTTP/1.1" 200 27
180.174.56.115 - - [27/Oct/2020:00:57:26 +0800] "GET /xingrg/all/function/internal_message.html?_=1603731444837&CODE_STATE=getMsg HTTP/1.1" 200 27
222.69.133.109 - - [27/Oct/2020:00:57:34 +0800] "GET /xingrg/all/function/internal_message.html?_=1603731455415&CODE_STATE=getMsg HTTP/1.1" 200 27
114.84.37.38 - - [27/Oct/2020:00:57:39 +0800] "GET /xingrg/all/function/internal_message.html?_=1603731462720&CODE_STATE=getMsg HTTP/1.1" 200 27
172.17.0.240 - - [27/Oct/2020:00:57:41 +0800] "GET /xingrg/all/function/internal_message.html?_=1603731460388&CODE_STATE=getMsg HTTP/1.1" 200 27
117.184.7.26 - - [27/Oct/2020:00:57:51 +0800] "POST /xingrg/services/DataTransmitService HTTP/1.1" 200 524
117.184.7.26 - - [27/Oct/2020:00:57:52 +0800] "POST /xingrg/services/DataTransmitService HTTP/1.1" 200 501
172.17.0.123 - - [27/Oct/2020:00:57:56 +0800] "GET /xingrg/check_reg.html?_=1603731438632 HTTP/1.1" 302 -
172.17.0.123 - - [27/Oct/2020:00:57:56 +0800] "GET /xingrg/all/function/internal_message.html?_=1603731438634&CODE_STATE=getMsg HTTP/1.1" 302 -
114.84.37.38 - - [27/Oct/2020:00:58:09 +0800] "GET /xingrg/check_reg.html?_=1603731512199 HTTP/1.1" 200 22
58.221.95.50 - - [27/Oct/2020:00:58:10 +0800] "GET /xingrg/all/function/internal_message.html?_=1603731669108&CODE_STATE=getMsg HTTP/1.1" 200 27
114.84.37.38 - - [27/Oct/2020:00:58:12 +0800] "GET /xingrg/all/function/internal_message.html?_=1603731515413&CODE_STATE=getMsg HTTP/1.1" 200 27
180.174.56.115 - - [27/Oct/2020:00:58:26 +0800] "GET /xingrg/all/function/internal_message.html?_=1603731504861&CODE_STATE=getMsg HTTP/1.1" 200 27
222.69.133.109 - - [27/Oct/2020:00:58:34 +0800] "GET /xingrg/check_reg.html?_=1603731515414 HTTP/1.1" 200 22
222.69.133.109 - - [27/Oct/2020:00:58:34 +0800] "GET /xingrg/all/function/internal_message.html?_=1603731515419&CODE_STATE=getMsg HTTP/1.1" 200 27
114.84.37.38 - - [27/Oct/2020:00:58:39 +0800] "GET /xingrg/all/function/internal_message.html?_=1603731522733&CODE_STATE=getMsg HTTP/1.1" 200 27
172.17.0.240 - - [27/Oct/2020:00:58:41 +0800] "GET /xingrg/all/function/internal_message.html?_=1603731520395&CODE_STATE=getMsg HTTP/1.1" 200 27
172.17.0.123 - - [27/Oct/2020:00:58:56 +0800] "GET /xingrg/all/function/internal_message.html?_=1603731498638&CODE_STATE=getMsg HTTP/1.1" 302 -
58.221.95.50 - - [27/Oct/2020:00:59:10 +0800] "GET /xingrg/all/function/internal_message.html?_=1603731729089&CODE_STATE=getMsg HTTP/1.1" 200 27
114.84.37.38 - - [27/Oct/2020:00:59:12 +0800] "GET /xingrg/all/function/internal_message.html?_=1603731575426&CODE_STATE=getMsg HTTP/1.1" 200 27
120.253.135.82 - - [27/Oct/2020:00:59:15 +0800] "GET /xingrg/check_reg.html?_=1603731667448 HTTP/1.1" 200 22
180.174.56.115 - - [27/Oct/2020:00:59:26 +0800] "GET /xingrg/all/function/internal_message.html?_=1603731564865&CODE_STATE=getMsg HTTP/1.1" 200 27
180.174.56.115 - - [27/Oct/2020:00:59:26 +0800] "GET /xingrg/check_reg.html?_=1603731564898 HTTP/1.1" 200 22
222.69.133.109 - - [27/Oct/2020:00:59:34 +0800] "GET /xingrg/all/function/internal_message.html?_=1603731575440&CODE_STATE=getMsg HTTP/1.1" 200 27
222.69.133.109 - - [27/Oct/2020:00:59:37 +0800] "POST /xingrg/kc/base/wldb_order_operate.html HTTP/1.1" 200 37
222.69.133.109 - - [27/Oct/2020:00:59:37 +0800] "POST /xingrg/kc/base/wldb_order_operate.html HTTP/1.1" 200 6731
222.69.133.109 - - [27/Oct/2020:00:59:38 +0800] "GET /xingrg/kc/base/wldb_order_info.html?code=422020102703161 HTTP/1.1" 200 30567
222.69.133.109 - - [27/Oct/2020:00:59:38 +0800] "GET /xingrg/javascript/easyui/themes/default/validatebox.css HTTP/1.1" 404 1104
222.69.133.109 - - [27/Oct/2020:00:59:39 +0800] "POST /xingrg/kc/base/wldb_order_operate.html HTTP/1.1" 200 6731
114.84.37.38 - - [27/Oct/2020:00:59:39 +0800] "GET /xingrg/all/function/internal_message.html?_=1603731583044&CODE_STATE=getMsg HTTP/1.1" 200 27
172.17.0.240 - - [27/Oct/2020:00:59:41 +0800] "GET /xingrg/check_reg.html?_=1603731580387 HTTP/1.1" 200 22
172.17.0.240 - - [27/Oct/2020:00:59:41 +0800] "GET /xingrg/all/function/internal_message.html?_=1603731580389&CODE_STATE=getMsg HTTP/1.1" 200 27
222.69.133.109 - - [27/Oct/2020:00:59:48 +0800] "GET /xingrg/kc/base/wldb_order_list.html HTTP/1.1" 200 19383
222.69.133.109 - - [27/Oct/2020:00:59:48 +0800] "POST /xingrg/kc/base/wldb_list_operate.html HTTP/1.1" 200 1781
222.69.133.109 - - [27/Oct/2020:00:59:50 +0800] "GET /xingrg/kc/base/wldb_order_add.html HTTP/1.1" 200 30552
222.69.133.109 - - [27/Oct/2020:00:59:50 +0800] "POST /xingrg/kc/base/wldb_order_operate.html HTTP/1.1" 200 6806
222.69.133.109 - - [27/Oct/2020:00:59:51 +0800] "GET /xingrg/javascript/easyui/themes/default/validatebox.css HTTP/1.1" 404 1104
172.17.0.123 - - [27/Oct/2020:00:59:56 +0800] "GET /xingrg/all/function/internal_message.html?_=1603731558640&CODE_STATE=getMsg HTTP/1.1" 302 -
58.221.95.50 - - [27/Oct/2020:01:00:10 +0800] "GET /xingrg/all/function/internal_message.html?_=1603731789067&CODE_STATE=getMsg HTTP/1.1" 200 27
114.84.37.38 - - [27/Oct/2020:01:00:12 +0800] "GET /xingrg/all/function/internal_message.html?_=1603731635449&CODE_STATE=getMsg HTTP/1.1" 200 27
222.69.133.109 - - [27/Oct/2020:01:00:13 +0800] "GET /xingrg/kc/base/check_order_list.html HTTP/1.1" 200 16508
222.69.133.109 - - [27/Oct/2020:01:00:13 +0800] "POST /xingrg/kc/base/check_list_operate.html HTTP/1.1" 200 1569
222.69.133.109 - - [27/Oct/2020:01:00:23 +0800] "GET /xingrg/kc/base/check_order_add.html HTTP/1.1" 200 25452
222.69.133.109 - - [27/Oct/2020:01:00:23 +0800] "GET /xingrg/css/table.css HTTP/1.1" 200 3684
222.69.133.109 - - [27/Oct/2020:01:00:23 +0800] "GET /xingrg/dwr/interface/AjaxCheckService.js HTTP/1.1" 200 14003
222.69.133.109 - - [27/Oct/2020:01:00:23 +0800] "GET /xingrg/dwr/interface/AjaxComOrderService.js HTTP/1.1" 200 18264
222.69.133.109 - - [27/Oct/2020:01:00:23 +0800] "GET /xingrg/dwr/engine.js HTTP/1.1" 200 43631
180.174.56.115 - - [27/Oct/2020:01:00:26 +0800] "GET /xingrg/all/function/internal_message.html?_=1603731624866&CODE_STATE=getMsg HTTP/1.1" 200 27
222.69.133.109 - - [27/Oct/2020:01:00:34 +0800] "GET /xingrg/all/function/internal_message.html?_=1603731635438&CODE_STATE=getMsg HTTP/1.1" 200 27
114.84.37.38 - - [27/Oct/2020:01:00:39 +0800] "GET /xingrg/all/function/internal_message.html?_=1603731643056&CODE_STATE=getMsg HTTP/1.1" 200 27
172.17.0.240 - - [27/Oct/2020:01:00:41 +0800] "GET /xingrg/all/function/internal_message.html?_=1603731640391&CODE_STATE=getMsg HTTP/1.1" 200 27
172.17.0.123 - - [27/Oct/2020:01:00:56 +0800] "GET /xingrg/all/function/internal_message.html?_=1603731618642&CODE_STATE=getMsg HTTP/1.1" 302 -
58.221.95.50 - - [27/Oct/2020:01:01:10 +0800] "GET /xingrg/all/function/internal_message.html?_=1603731849044&CODE_STATE=getMsg HTTP/1.1" 200 27
114.84.37.38 - - [27/Oct/2020:01:01:12 +0800] "GET /xingrg/all/function/internal_message.html?_=1603731695453&CODE_STATE=getMsg HTTP/1.1" 200 27
58.221.95.50 - - [27/Oct/2020:01:01:23 +0800] "GET /xingrg/check_reg.html?_=1603731862257 HTTP/1.1" 200 22
222.69.133.109 - - [27/Oct/2020:01:01:25 +0800] "GET /xingrg/kc/base/wldb_order_add.html HTTP/1.1" 200 30552
222.69.133.109 - - [27/Oct/2020:01:01:25 +0800] "POST /xingrg/kc/base/wldb_order_operate.html HTTP/1.1" 200 6806
222.69.133.109 - - [27/Oct/2020:01:01:26 +0800] "GET /xingrg/javascript/easyui/themes/default/validatebox.css HTTP/1.1" 404 1104
180.174.56.115 - - [27/Oct/2020:01:01:26 +0800] "GET /xingrg/all/function/internal_message.html?_=1603731684883&CODE_STATE=getMsg HTTP/1.1" 200 27
222.69.133.109 - - [27/Oct/2020:01:01:34 +0800] "GET /xingrg/all/function/internal_message.html?_=1603731695430&CODE_STATE=getMsg HTTP/1.1" 200 27
114.84.37.38 - - [27/Oct/2020:01:01:37 +0800] "GET /xingrg/check_reg.html?_=1603731701319 HTTP/1.1" 200 22
114.84.37.38 - - [27/Oct/2020:01:01:39 +0800] "GET /xingrg/all/function/internal_message.html?_=1603731703070&CODE_STATE=getMsg HTTP/1.1" 200 27
172.17.0.240 - - [27/Oct/2020:01:01:41 +0800] "GET /xingrg/all/function/internal_message.html?_=1603731700395&CODE_STATE=getMsg HTTP/1.1" 200 27
222.69.133.109 - - [27/Oct/2020:01:01:46 +0800] "POST /xingrg/all/common/load_combo.html?type=base HTTP/1.1" 200 1224
172.17.0.123 - - [27/Oct/2020:01:01:56 +0800] "GET /xingrg/all/function/internal_message.html?_=1603731678642&CODE_STATE=getMsg HTTP/1.1" 302 -
222.69.133.109 - - [27/Oct/2020:01:02:05 +0800] "GET /xingrg/kc/base/wldb_order_operate.html?command=get_materiel&rest_code=00154&base_code=0010725&code=00102002143 HTTP/1.1" 200 441
58.221.95.50 - - [27/Oct/2020:01:02:10 +0800] "GET /xingrg/all/function/internal_message.html?_=1603731909011&CODE_STATE=getMsg HTTP/1.1" 200 27
114.84.37.38 - - [27/Oct/2020:01:02:12 +0800] "GET /xingrg/all/function/internal_message.html?_=1603731755476&CODE_STATE=getMsg HTTP/1.1" 200 27
180.174.56.115 - - [27/Oct/2020:01:02:26 +0800] "GET /xingrg/all/function/internal_message.html?_=1603731744889&CODE_STATE=getMsg HTTP/1.1" 200 27
222.69.133.109 - - [27/Oct/2020:01:02:34 +0800] "GET /xingrg/kc/base/wldb_order_operate.html?command=get_materiel&rest_code=00154&base_code=0010725&code=00102002010 HTTP/1.1" 200 435
222.69.133.109 - - [27/Oct/2020:01:02:34 +0800] "GET /xingrg/all/function/internal_message.html?_=1603731755430&CODE_STATE=getMsg HTTP/1.1" 200 27
114.84.37.38 - - [27/Oct/2020:01:02:39 +0800] "GET /xingrg/all/function/internal_message.html?_=1603731763084&CODE_STATE=getMsg HTTP/1.1" 200 27
172.17.0.240 - - [27/Oct/2020:01:02:41 +0800] "GET /xingrg/all/function/internal_message.html?_=1603731760384&CODE_STATE=getMsg HTTP/1.1" 200 27
172.17.0.123 - - [27/Oct/2020:01:02:56 +0800] "GET /xingrg/check_reg.html?_=1603731738646 HTTP/1.1" 302 -
172.17.0.123 - - [27/Oct/2020:01:02:56 +0800] "GET /xingrg/all/function/internal_message.html?_=1603731738646&CODE_STATE=getMsg HTTP/1.1" 302 -
222.69.133.109 - - [27/Oct/2020:01:03:07 +0800] "GET /xingrg/kc/base/wldb_order_operate.html?command=get_materiel&rest_code=00154&base_code=0010725&code=00102002022 HTTP/1.1" 200 458
114.84.37.38 - - [27/Oct/2020:01:03:09 +0800] "GET /xingrg/check_reg.html?_=1603731812211 HTTP/1.1" 200 22
222.69.133.109 - - [27/Oct/2020:01:03:09 +0800] "POST /xingrg/all/common/load_select.html HTTP/1.1" 200 25
58.221.95.50 - - [27/Oct/2020:01:03:10 +0800] "GET /xingrg/all/function/internal_message.html?_=1603731968987&CODE_STATE=getMsg HTTP/1.1" 200 27
114.84.37.38 - - [27/Oct/2020:01:03:12 +0800] "GET /xingrg/all/function/internal_message.html?_=1603731815481&CODE_STATE=getMsg HTTP/1.1" 200 27
222.69.133.109 - - [27/Oct/2020:01:03:13 +0800] "GET /xingrg/kc/base/wldb_order_operate.html?command=get_materiel_price&rest_code=00154&base_code=0010725&code=00102002022&unit_code=00100158 HTTP/1.1" 200 34
222.69.133.109 - - [27/Oct/2020:01:03:24 +0800] "GET /xingrg/kc/base/wldb_order_operate.html?command=get_materiel&rest_code=00154&base_code=0010725&code=00102021001 HTTP/1.1" 200 441
180.174.56.115 - - [27/Oct/2020:01:03:26 +0800] "GET /xingrg/all/function/internal_message.html?_=1603731804882&CODE_STATE=getMsg HTTP/1.1" 200 27
222.69.133.109 - - [27/Oct/2020:01:03:33 +0800] "GET /xingrg/kc/base/wldb_order_operate.html?command=get_materiel&rest_code=00154&base_code=0010725&code=00102002118 HTTP/1.1" 200 451
222.69.133.109 - - [27/Oct/2020:01:03:34 +0800] "GET /xingrg/all/function/internal_message.html?_=1603731815430&CODE_STATE=getMsg HTTP/1.1" 200 27
222.69.133.109 - - [27/Oct/2020:01:03:34 +0800] "GET /xingrg/check_reg.html?_=1603731815433 HTTP/1.1" 200 22
222.69.133.109 - - [27/Oct/2020:01:03:36 +0800] "POST /xingrg/all/common/load_select.html HTTP/1.1" 200 38
114.84.37.38 - - [27/Oct/2020:01:03:39 +0800] "GET /xingrg/all/function/internal_message.html?_=1603731823098&CODE_STATE=getMsg HTTP/1.1" 200 27
222.69.133.109 - - [27/Oct/2020:01:03:40 +0800] "GET /xingrg/kc/base/wldb_order_operate.html?command=get_materiel_price&rest_code=00154&base_code=0010725&code=00102002118&unit_code=00100339 HTTP/1.1" 200 34
172.17.0.240 - - [27/Oct/2020:01:03:41 +0800] "GET /xingrg/all/function/internal_message.html?_=1603731820390&CODE_STATE=getMsg HTTP/1.1" 200 27
172.17.0.123 - - [27/Oct/2020:01:03:56 +0800] "GET /xingrg/all/function/internal_message.html?_=1603731798634&CODE_STATE=getMsg HTTP/1.1" 302 -
222.69.133.109 - - [27/Oct/2020:01:04:00 +0800] "POST /xingrg/kc/base/wldb_order_operate.html HTTP/1.1" 200 37
222.69.133.109 - - [27/Oct/2020:01:04:01 +0800] "POST /xingrg/kc/base/wldb_order_operate.html HTTP/1.1" 200 12
222.69.133.109 - - [27/Oct/2020:01:04:01 +0800] "POST /xingrg/kc/base/wldb_order_operate.html HTTP/1.1" 200 3188
58.221.95.50 - - [27/Oct/2020:01:04:10 +0800] "GET /xingrg/all/function/internal_message.html?_=1603732028966&CODE_STATE=getMsg HTTP/1.1" 200 27
222.69.133.109 - - [27/Oct/2020:01:04:12 +0800] "GET /xingrg/kc/base/wldb_order_info.html?code=422020102703162 HTTP/1.1" 200 26429
114.84.37.38 - - [27/Oct/2020:01:04:12 +0800] "GET /xingrg/all/function/internal_message.html?_=1603731875494&CODE_STATE=getMsg HTTP/1.1" 200 27
222.69.133.109 - - [27/Oct/2020:01:04:12 +0800] "GET /xingrg/javascript/easyui/themes/default/validatebox.css HTTP/1.1" 404 1104
222.69.133.109 - - [27/Oct/2020:01:04:12 +0800] "POST /xingrg/kc/base/wldb_order_operate.html HTTP/1.1" 200 1461
120.253.135.82 - - [27/Oct/2020:01:04:15 +0800] "GET /xingrg/check_reg.html?_=1603731967451 HTTP/1.1" 200 22
180.174.56.115 - - [27/Oct/2020:01:04:26 +0800] "GET /xingrg/all/function/internal_message.html?_=1603731864883&CODE_STATE=getMsg HTTP/1.1" 200 27
180.174.56.115 - - [27/Oct/2020:01:04:26 +0800] "GET /xingrg/check_reg.html?_=1603731864893 HTTP/1.1" 200 22
222.69.133.109 - - [27/Oct/2020:01:04:28 +0800] "GET /xingrg/kc/base/wldb_order_add.html HTTP/1.1" 200 30552
222.69.133.109 - - [27/Oct/2020:01:04:28 +0800] "POST /xingrg/kc/base/wldb_order_operate.html HTTP/1.1" 200 6806
222.69.133.109 - - [27/Oct/2020:01:04:28 +0800] "GET /xingrg/javascript/easyui/themes/default/validatebox.css HTTP/1.1" 404 1104
222.69.133.109 - - [27/Oct/2020:01:04:30 +0800] "POST /xingrg/all/common/load_combo.html?type=base HTTP/1.1" 200 1224
222.69.133.109 - - [27/Oct/2020:01:04:33 +0800] "POST /xingrg/all/common/load_combo.html?type=base HTTP/1.1" 200 1224
222.69.133.109 - - [27/Oct/2020:01:04:34 +0800] "GET /xingrg/all/function/internal_message.html?_=1603731875428&CODE_STATE=getMsg HTTP/1.1" 200 27
114.84.37.38 - - [27/Oct/2020:01:04:40 +0800] "GET /xingrg/all/function/internal_message.html?_=1603731883400&CODE_STATE=getMsg HTTP/1.1" 200 27
172.17.0.240 - - [27/Oct/2020:01:04:41 +0800] "GET /xingrg/check_reg.html?_=1603731880392 HTTP/1.1" 200 22
172.17.0.240 - - [27/Oct/2020:01:04:41 +0800] "GET /xingrg/all/function/internal_message.html?_=1603731880393&CODE_STATE=getMsg HTTP/1.1" 200 27
222.69.133.109 - - [27/Oct/2020:01:04:43 +0800] "GET /xingrg/kc/base/wldb_order_operate.html?command=get_materiel&rest_code=00154&base_code=0010724&code=00101016106 HTTP/1.1" 200 431
222.69.133.109 - - [27/Oct/2020:01:04:54 +0800] "GET /xingrg/kc/base/wldb_order_operate.html?command=get_materiel&rest_code=00154&base_code=0010724&code=00101016018 HTTP/1.1" 200 443
222.69.133.109 - - [27/Oct/2020:01:04:56 +0800] "POST /xingrg/all/common/load_select.html HTTP/1.1" 200 25
172.17.0.123 - - [27/Oct/2020:01:04:56 +0800] "GET /xingrg/all/function/internal_message.html?_=1603731858634&CODE_STATE=getMsg HTTP/1.1" 302 -
222.69.133.109 - - [27/Oct/2020:01:05:05 +0800] "GET /xingrg/kc/base/wldb_order_operate.html?command=get_materiel_price&rest_code=00154&base_code=0010724&code=00101016018&unit_code=00100140 HTTP/1.1" 200 37
58.221.95.50 - - [27/Oct/2020:01:05:10 +0800] "GET /xingrg/all/function/internal_message.html?_=1603732088944&CODE_STATE=getMsg HTTP/1.1" 200 27
114.84.37.38 - - [27/Oct/2020:01:05:12 +0800] "GET /xingrg/all/function/internal_message.html?_=1603731935516&CODE_STATE=getMsg HTTP/1.1" 200 27
180.174.56.115 - - [27/Oct/2020:01:05:26 +0800] "GET /xingrg/all/function/internal_message.html?_=1603731924893&CODE_STATE=getMsg HTTP/1.1" 200 27
222.69.133.109 - - [27/Oct/2020:01:05:34 +0800] "GET /xingrg/all/function/internal_message.html?_=1603731935433&CODE_STATE=getMsg HTTP/1.1" 200 27
114.84.37.38 - - [27/Oct/2020:01:05:40 +0800] "GET /xingrg/all/function/internal_message.html?_=1603731943406&CODE_STATE=getMsg HTTP/1.1" 200 27
172.17.0.240 - - [27/Oct/2020:01:05:41 +0800] "GET /xingrg/all/function/internal_message.html?_=1603731940398&CODE_STATE=getMsg HTTP/1.1" 200 27
172.17.0.123 - - [27/Oct/2020:01:05:56 +0800] "GET /xingrg/all/function/internal_message.html?_=1603731918636&CODE_STATE=getMsg HTTP/1.1" 302 -
222.69.133.109 - - [27/Oct/2020:01:05:59 +0800] "GET /xingrg/kc/base/wldb_order_operate.html?command=get_materiel_price&rest_code=00154&base_code=0010724&code=00101016018&unit_code=00100139 HTTP/1.1" 200 35
58.221.95.50 - - [27/Oct/2020:01:06:09 +0800] "GET /xingrg/all/function/internal_message.html?_=1603732148916&CODE_STATE=getMsg HTTP/1.1" 200 27
114.84.37.38 - - [27/Oct/2020:01:06:12 +0800] "GET /xingrg/all/function/internal_message.html?_=1603731995521&CODE_STATE=getMsg HTTP/1.1" 200 27
58.221.95.50 - - [27/Oct/2020:01:06:23 +0800] "GET /xingrg/check_reg.html?_=1603732162260 HTTP/1.1" 200 22
180.174.56.115 - - [27/Oct/2020:01:06:26 +0800] "GET /xingrg/all/function/internal_message.html?_=1603731984893&CODE_STATE=getMsg HTTP/1.1" 200 27
222.69.133.109 - - [27/Oct/2020:01:06:34 +0800] "GET /xingrg/all/function/internal_message.html?_=1603731995431&CODE_STATE=getMsg HTTP/1.1" 200 27
114.84.37.38 - - [27/Oct/2020:01:06:38 +0800] "GET /xingrg/check_reg.html?_=1603732001596 HTTP/1.1" 200 22
114.84.37.38 - - [27/Oct/2020:01:06:40 +0800] "GET /xingrg/all/function/internal_message.html?_=1603732003418&CODE_STATE=getMsg HTTP/1.1" 200 27
172.17.0.240 - - [27/Oct/2020:01:06:41 +0800] "GET /xingrg/all/function/internal_message.html?_=1603732000399&CODE_STATE=getMsg HTTP/1.1" 200 27
172.17.0.123 - - [27/Oct/2020:01:06:56 +0800] "GET /xingrg/all/function/internal_message.html?_=1603731978638&CODE_STATE=getMsg HTTP/1.1" 302 -
58.221.95.50 - - [27/Oct/2020:01:07:09 +0800] "GET /xingrg/all/function/internal_message.html?_=1603732208886&CODE_STATE=getMsg HTTP/1.1" 200 27
114.84.37.38 - - [27/Oct/2020:01:07:12 +0800] "GET /xingrg/all/function/internal_message.html?_=1603732055544&CODE_STATE=getMsg HTTP/1.1" 200 27
180.174.56.115 - - [27/Oct/2020:01:07:26 +0800] "GET /xingrg/all/function/internal_message.html?_=1603732044893&CODE_STATE=getMsg HTTP/1.1" 200 27
222.69.133.109 - - [27/Oct/2020:01:07:34 +0800] "GET /xingrg/all/function/internal_message.html?_=1603732055428&CODE_STATE=getMsg HTTP/1.1" 200 27
114.84.37.38 - - [27/Oct/2020:01:07:40 +0800] "GET /xingrg/all/function/internal_message.html?_=1603732063433&CODE_STATE=getMsg HTTP/1.1" 200 27
172.17.0.240 - - [27/Oct/2020:01:07:41 +0800] "GET /xingrg/all/function/internal_message.html?_=1603732060386&CODE_STATE=getMsg HTTP/1.1" 200 27
172.17.0.123 - - [27/Oct/2020:01:07:56 +0800] "GET /xingrg/all/function/internal_message.html?_=1603732038638&CODE_STATE=getMsg HTTP/1.1" 302 -
172.17.0.123 - - [27/Oct/2020:01:07:56 +0800] "GET /xingrg/check_reg.html?_=1603732038640 HTTP/1.1" 302 -
114.84.37.38 - - [27/Oct/2020:01:08:09 +0800] "GET /xingrg/check_reg.html?_=1603732112209 HTTP/1.1" 200 22
58.221.95.50 - - [27/Oct/2020:01:08:09 +0800] "GET /xingrg/all/function/internal_message.html?_=1603732268861&CODE_STATE=getMsg HTTP/1.1" 200 27
114.84.37.38 - - [27/Oct/2020:01:08:12 +0800] "GET /xingrg/all/function/internal_message.html?_=1603732115548&CODE_STATE=getMsg HTTP/1.1" 200 27
180.174.56.115 - - [27/Oct/2020:01:08:26 +0800] "GET /xingrg/all/function/internal_message.html?_=1603732104892&CODE_STATE=getMsg HTTP/1.1" 200 27
222.69.133.109 - - [27/Oct/2020:01:08:34 +0800] "GET /xingrg/all/function/internal_message.html?_=1603732115424&CODE_STATE=getMsg HTTP/1.1" 200 27
222.69.133.109 - - [27/Oct/2020:01:08:34 +0800] "GET /xingrg/check_reg.html?_=1603732115430 HTTP/1.1" 200 22
114.84.37.38 - - [27/Oct/2020:01:08:40 +0800] "GET /xingrg/all/function/internal_message.html?_=1603732123446&CODE_STATE=getMsg HTTP/1.1" 200 27
172.17.0.240 - - [27/Oct/2020:01:08:41 +0800] "GET /xingrg/all/function/internal_message.html?_=1603732120388&CODE_STATE=getMsg HTTP/1.1" 200 27
172.17.0.123 - - [27/Oct/2020:01:08:56 +0800] "GET /xingrg/all/function/internal_message.html?_=1603732098642&CODE_STATE=getMsg HTTP/1.1" 302 -
58.221.95.50 - - [27/Oct/2020:01:09:09 +0800] "GET /xingrg/all/function/internal_message.html?_=1603732328834&CODE_STATE=getMsg HTTP/1.1" 200 27
114.84.37.38 - - [27/Oct/2020:01:09:12 +0800] "GET /xingrg/all/function/internal_message.html?_=1603732175561&CODE_STATE=getMsg HTTP/1.1" 200 27
120.253.135.82 - - [27/Oct/2020:01:09:15 +0800] "GET /xingrg/check_reg.html?_=1603732267457 HTTP/1.1" 200 22
180.174.56.115 - - [27/Oct/2020:01:09:26 +0800] "GET /xingrg/all/function/internal_message.html?_=1603732164913&CODE_STATE=getMsg HTTP/1.1" 200 27
180.174.56.115 - - [27/Oct/2020:01:09:26 +0800] "GET /xingrg/check_reg.html?_=1603732164916 HTTP/1.1" 200 22
222.69.133.109 - - [27/Oct/2020:01:09:34 +0800] "GET /xingrg/all/function/internal_message.html?_=1603732175430&CODE_STATE=getMsg HTTP/1.1" 200 27
114.84.37.38 - - [27/Oct/2020:01:09:40 +0800] "GET /xingrg/all/function/internal_message.html?_=1603732183760&CODE_STATE=getMsg HTTP/1.1" 200 27
172.17.0.240 - - [27/Oct/2020:01:09:41 +0800] "GET /xingrg/all/function/internal_message.html?_=1603732180392&CODE_STATE=getMsg HTTP/1.1" 200 27
172.17.0.240 - - [27/Oct/2020:01:09:41 +0800] "GET /xingrg/check_reg.html?_=1603732180393 HTTP/1.1" 200 22
172.17.0.123 - - [27/Oct/2020:01:09:56 +0800] "GET /xingrg/all/function/internal_message.html?_=1603732158644&CODE_STATE=getMsg HTTP/1.1" 302 -
58.221.95.50 - - [27/Oct/2020:01:10:09 +0800] "GET /xingrg/all/function/internal_message.html?_=1603732388805&CODE_STATE=getMsg HTTP/1.1" 200 27
114.84.37.38 - - [27/Oct/2020:01:10:12 +0800] "GET /xingrg/all/function/internal_message.html?_=1603732235584&CODE_STATE=getMsg HTTP/1.1" 200 27
180.174.56.115 - - [27/Oct/2020:01:10:26 +0800] "GET /xingrg/all/function/internal_message.html?_=1603732224918&CODE_STATE=getMsg HTTP/1.1" 200 27
222.69.133.109 - - [27/Oct/2020:01:10:34 +0800] "GET /xingrg/all/function/internal_message.html?_=1603732235439&CODE_STATE=getMsg HTTP/1.1" 200 27
114.84.37.38 - - [27/Oct/2020:01:10:40 +0800] "GET /xingrg/all/function/internal_message.html?_=1603732243770&CODE_STATE=getMsg HTTP/1.1" 200 27
172.17.0.240 - - [27/Oct/2020:01:10:41 +0800] "GET /xingrg/all/function/internal_message.html?_=1603732240398&CODE_STATE=getMsg HTTP/1.1" 200 27
172.17.0.123 - - [27/Oct/2020:01:10:56 +0800] "GET /xingrg/all/function/internal_message.html?_=1603732218628&CODE_STATE=getMsg HTTP/1.1" 302 -
58.221.95.50 - - [27/Oct/2020:01:11:09 +0800] "GET /xingrg/all/function/internal_message.html?_=1603732448784&CODE_STATE=getMsg HTTP/1.1" 200 27
114.84.37.38 - - [27/Oct/2020:01:11:12 +0800] "GET /xingrg/all/function/internal_message.html?_=1603732295589&CODE_STATE=getMsg HTTP/1.1" 200 27
222.69.133.109 - - [27/Oct/2020:01:11:14 +0800] "GET /xingrg/kc/base/wldb_order_operate.html?command=get_materiel&rest_code=00154&base_code=0010724&code=00101016039 HTTP/1.1" 200 433
222.69.133.109 - - [27/Oct/2020:01:11:16 +0800] "POST /xingrg/all/common/load_select.html HTTP/1.1" 200 12
222.69.133.109 - - [27/Oct/2020:01:11:20 +0800] "GET /xingrg/kc/base/wldb_order_operate.html?command=get_materiel_price&rest_code=00154&base_code=0010724&code=00101016039&unit_code=00100001 HTTP/1.1" 200 34
58.221.95.50 - - [27/Oct/2020:01:11:23 +0800] "GET /xingrg/check_reg.html?_=1603732462258 HTTP/1.1" 200 22
180.174.56.115 - - [27/Oct/2020:01:11:26 +0800] "GET /xingrg/all/function/internal_message.html?_=1603732284919&CODE_STATE=getMsg HTTP/1.1" 200 27
222.69.133.109 - - [27/Oct/2020:01:11:34 +0800] "GET /xingrg/all/function/internal_message.html?_=1603732295428&CODE_STATE=getMsg HTTP/1.1" 200 27
114.84.37.38 - - [27/Oct/2020:01:11:38 +0800] "GET /xingrg/check_reg.html?_=1603732301883 HTTP/1.1" 200 22
114.84.37.38 - - [27/Oct/2020:01:11:40 +0800] "GET /xingrg/all/function/internal_message.html?_=1603732303783&CODE_STATE=getMsg HTTP/1.1" 200 27
172.17.0.240 - - [27/Oct/2020:01:11:41 +0800] "GET /xingrg/all/function/internal_message.html?_=1603732300402&CODE_STATE=getMsg HTTP/1.1" 200 27
222.69.133.109 - - [27/Oct/2020:01:11:53 +0800] "GET /xingrg/kc/base/wldb_order_operate.html?command=get_materiel&rest_code=00154&base_code=0010724&code=00101019576 HTTP/1.1" 200 432
172.17.0.123 - - [27/Oct/2020:01:11:56 +0800] "GET /xingrg/all/function/internal_message.html?_=1603732278634&CODE_STATE=getMsg HTTP/1.1" 302 -
222.69.133.109 - - [27/Oct/2020:01:12:06 +0800] "GET /xingrg/kc/base/wldb_order_operate.html?command=get_materiel&rest_code=00154&base_code=0010724&code=00101022006 HTTP/1.1" 200 454
58.221.95.50 - - [27/Oct/2020:01:12:09 +0800] "GET /xingrg/all/function/internal_message.html?_=1603732508767&CODE_STATE=getMsg HTTP/1.1" 200 27
114.84.37.38 - - [27/Oct/2020:01:12:12 +0800] "GET /xingrg/all/function/internal_message.html?_=1603732355612&CODE_STATE=getMsg HTTP/1.1" 200 27
222.69.133.109 - - [27/Oct/2020:01:12:16 +0800] "GET /xingrg/kc/base/wldb_order_operate.html?command=get_materiel&rest_code=00154&base_code=0010724&code=00101019313 HTTP/1.1" 200 439
180.174.56.115 - - [27/Oct/2020:01:12:26 +0800] "GET /xingrg/all/function/internal_message.html?_=1603732344920&CODE_STATE=getMsg HTTP/1.1" 200 27
222.69.133.109 - - [27/Oct/2020:01:12:34 +0800] "GET /xingrg/all/function/internal_message.html?_=1603732355436&CODE_STATE=getMsg HTTP/1.1" 200 27
222.69.133.109 - - [27/Oct/2020:01:12:35 +0800] "GET /xingrg/kc/base/wldb_order_operate.html?command=get_materiel&rest_code=00154&base_code=0010724&code=00101038004 HTTP/1.1" 200 444
222.69.133.109 - - [27/Oct/2020:01:12:39 +0800] "POST /xingrg/kc/base/wldb_order_operate.html HTTP/1.1" 200 37
222.69.133.109 - - [27/Oct/2020:01:12:40 +0800] "POST /xingrg/kc/base/wldb_order_operate.html HTTP/1.1" 200 3148
114.84.37.38 - - [27/Oct/2020:01:12:40 +0800] "GET /xingrg/all/function/internal_message.html?_=1603732363797&CODE_STATE=getMsg HTTP/1.1" 200 27
222.69.133.109 - - [27/Oct/2020:01:12:40 +0800] "GET /xingrg/kc/base/wldb_order_info.html?code=422020102703163 HTTP/1.1" 200 30564
172.17.0.240 - - [27/Oct/2020:01:12:41 +0800] "GET /xingrg/all/function/internal_message.html?_=1603732360397&CODE_STATE=getMsg HTTP/1.1" 200 27
222.69.133.109 - - [27/Oct/2020:01:12:41 +0800] "GET /xingrg/javascript/easyui/themes/default/validatebox.css HTTP/1.1" 404 1104
222.69.133.109 - - [27/Oct/2020:01:12:41 +0800] "POST /xingrg/kc/base/wldb_order_operate.html HTTP/1.1" 200 3148
222.69.133.109 - - [27/Oct/2020:01:12:41 +0800] "GET /xingrg/kc/report/report_main.html HTTP/1.1" 200 7345
222.69.133.109 - - [27/Oct/2020:01:12:43 +0800] "GET /xingrg/kc/base/kc_stocks.html HTTP/1.1" 200 16392
222.69.133.109 - - [27/Oct/2020:01:12:43 +0800] "GET /xingrg/javascript/easyui/themes/default/tree.css HTTP/1.1" 404 1090
222.69.133.109 - - [27/Oct/2020:01:12:43 +0800] "POST /xingrg/all/common/load_tree.html?tree=materiel_sort_tree_json HTTP/1.1" 200 8666
222.69.133.109 - - [27/Oct/2020:01:12:49 +0800] "POST /xingrg/kc/base/stock_operate.html HTTP/1.1" 200 2153
172.17.0.123 - - [27/Oct/2020:01:12:56 +0800] "GET /xingrg/all/function/internal_message.html?_=1603732338634&CODE_STATE=getMsg HTTP/1.1" 302 -
172.17.0.123 - - [27/Oct/2020:01:12:56 +0800] "GET /xingrg/check_reg.html?_=1603732338636 HTTP/1.1" 302 -
114.84.37.38 - - [27/Oct/2020:01:13:09 +0800] "GET /xingrg/check_reg.html?_=1603732412222 HTTP/1.1" 200 22
58.221.95.50 - - [27/Oct/2020:01:13:09 +0800] "GET /xingrg/all/function/internal_message.html?_=1603732568743&CODE_STATE=getMsg HTTP/1.1" 200 27
114.84.37.38 - - [27/Oct/2020:01:13:12 +0800] "GET /xingrg/all/function/internal_message.html?_=1603732415616&CODE_STATE=getMsg HTTP/1.1" 200 27
180.174.56.115 - - [27/Oct/2020:01:13:26 +0800] "GET /xingrg/all/function/internal_message.html?_=1603732404939&CODE_STATE=getMsg HTTP/1.1" 200 27
222.69.133.109 - - [27/Oct/2020:01:13:34 +0800] "GET /xingrg/check_reg.html?_=1603732415442 HTTP/1.1" 200 22
222.69.133.109 - - [27/Oct/2020:01:13:34 +0800] "GET /xingrg/all/function/internal_message.html?_=1603732415447&CODE_STATE=getMsg HTTP/1.1" 200 27
222.69.133.109 - - [27/Oct/2020:01:13:35 +0800] "POST /xingrg/kc/base/stock_operate.html HTTP/1.1" 200 4097
114.84.37.38 - - [27/Oct/2020:01:13:40 +0800] "GET /xingrg/all/function/internal_message.html?_=1603732423810&CODE_STATE=getMsg HTTP/1.1" 200 27
172.17.0.240 - - [27/Oct/2020:01:13:41 +0800] "GET /xingrg/all/function/internal_message.html?_=1603732420400&CODE_STATE=getMsg HTTP/1.1" 200 27
172.17.0.123 - - [27/Oct/2020:01:13:56 +0800] "GET /xingrg/all/function/internal_message.html?_=1603732398638&CODE_STATE=getMsg HTTP/1.1" 302 -
222.69.133.109 - - [27/Oct/2020:01:13:57 +0800] "GET /xingrg/kc/base/wldb_order_operate.html?command=get_materiel&rest_code=00154&base_code=0010724&code=00101019015 HTTP/1.1" 200 435
58.221.95.50 - - [27/Oct/2020:01:14:09 +0800] "GET /xingrg/all/function/internal_message.html?_=1603732628727&CODE_STATE=getMsg HTTP/1.1" 200 27
114.84.37.38 - - [27/Oct/2020:01:14:12 +0800] "GET /xingrg/all/function/internal_message.html?_=1603732475630&CODE_STATE=getMsg HTTP/1.1" 200 27
120.253.135.82 - - [27/Oct/2020:01:14:15 +0800] "GET /xingrg/check_reg.html?_=1603732567463 HTTP/1.1" 200 22
222.69.133.109 - - [27/Oct/2020:01:14:20 +0800] "GET /xingrg/system/info/materiel_import.html?isSelect=1&singleSelect=false HTTP/1.1" 200 5600
222.69.133.109 - - [27/Oct/2020:01:14:21 +0800] "POST /xingrg/all/common/load_tree.html?tree=materiel_sort_tree_json HTTP/1.1" 200 8666
222.69.133.109 - - [27/Oct/2020:01:14:21 +0800] "GET /favicon.ico HTTP/1.1" 404 -
180.174.56.115 - - [27/Oct/2020:01:14:26 +0800] "GET /xingrg/check_reg.html?_=1603732464941 HTTP/1.1" 200 22
180.174.56.115 - - [27/Oct/2020:01:14:26 +0800] "GET /xingrg/all/function/internal_message.html?_=1603732464944&CODE_STATE=getMsg HTTP/1.1" 200 27
222.69.133.109 - - [27/Oct/2020:01:14:27 +0800] "GET /xingrg/kc/base/wldb_order_operate.html?command=get_materiel&rest_code=00154&base_code=0010724&code=00101019063 HTTP/1.1" 200 445
222.69.133.109 - - [27/Oct/2020:01:14:34 +0800] "GET /xingrg/all/function/internal_message.html?_=1603732475442&CODE_STATE=getMsg HTTP/1.1" 200 27
114.84.37.38 - - [27/Oct/2020:01:14:40 +0800] "GET /xingrg/all/function/internal_message.html?_=1603732484162&CODE_STATE=getMsg HTTP/1.1" 200 27
172.17.0.240 - - [27/Oct/2020:01:14:41 +0800] "GET /xingrg/check_reg.html?_=1603732480406 HTTP/1.1" 200 22
172.17.0.240 - - [27/Oct/2020:01:14:41 +0800] "GET /xingrg/all/function/internal_message.html?_=1603732480409&CODE_STATE=getMsg HTTP/1.1" 200 27
222.69.133.109 - - [27/Oct/2020:01:14:54 +0800] "GET /xingrg/kc/base/wldb_order_operate.html?command=get_materiel&rest_code=00154&base_code=0010724&code=00101019379 HTTP/1.1" 200 470
172.17.0.123 - - [27/Oct/2020:01:14:56 +0800] "GET /xingrg/all/function/internal_message.html?_=1603732458640&CODE_STATE=getMsg HTTP/1.1" 302 -
222.69.133.109 - - [27/Oct/2020:01:15:08 +0800] "GET /xingrg/kc/base/wldb_order_operate.html?command=get_materiel&rest_code=00154&base_code=0010724&code=00102002453 HTTP/1.1" 200 431
58.221.95.50 - - [27/Oct/2020:01:15:09 +0800] "GET /xingrg/all/function/internal_message.html?_=1603732688700&CODE_STATE=getMsg HTTP/1.1" 200 27
114.84.37.38 - - [27/Oct/2020:01:15:12 +0800] "GET /xingrg/all/function/internal_message.html?_=1603732535653&CODE_STATE=getMsg HTTP/1.1" 200 27
222.69.133.109 - - [27/Oct/2020:01:15:16 +0800] "GET /xingrg/system/info/materiel_import.html?isSelect=1&singleSelect=false HTTP/1.1" 200 5600
222.69.133.109 - - [27/Oct/2020:01:15:16 +0800] "POST /xingrg/all/common/load_tree.html?tree=materiel_sort_tree_json HTTP/1.1" 200 8666
222.69.133.109 - - [27/Oct/2020:01:15:17 +0800] "GET /favicon.ico HTTP/1.1" 404 -
222.69.133.109 - - [27/Oct/2020:01:15:20 +0800] "GET /xingrg/system/info/materiel_import.html?isSelect=1&singleSelect=false HTTP/1.1" 200 5600
222.69.133.109 - - [27/Oct/2020:01:15:20 +0800] "POST /xingrg/all/common/load_tree.html?tree=materiel_sort_tree_json HTTP/1.1" 200 8666
222.69.133.109 - - [27/Oct/2020:01:15:20 +0800] "GET /favicon.ico HTTP/1.1" 404 -
180.174.56.115 - - [27/Oct/2020:01:15:26 +0800] "GET /xingrg/all/function/internal_message.html?_=1603732524939&CODE_STATE=getMsg HTTP/1.1" 200 27
222.69.133.109 - - [27/Oct/2020:01:15:30 +0800] "GET /xingrg/kc/base/wldb_order_operate.html?command=get_materiel&rest_code=00154&base_code=0010724&code=00102002456 HTTP/1.1" 200 441
222.69.133.109 - - [27/Oct/2020:01:15:34 +0800] "GET /xingrg/all/function/internal_message.html?_=1603732535441&CODE_STATE=getMsg HTTP/1.1" 200 27
222.69.133.109 - - [27/Oct/2020:01:15:37 +0800] "POST /xingrg/all/common/load_select.html HTTP/1.1" 200 12
114.84.37.38 - - [27/Oct/2020:01:15:40 +0800] "GET /xingrg/all/function/internal_message.html?_=1603732544166&CODE_STATE=getMsg HTTP/1.1" 200 27
172.17.0.240 - - [27/Oct/2020:01:15:41 +0800] "GET /xingrg/all/function/internal_message.html?_=1603732540397&CODE_STATE=getMsg HTTP/1.1" 200 27
222.69.133.109 - - [27/Oct/2020:01:15:42 +0800] "GET /xingrg/kc/base/wldb_order_operate.html?command=get_materiel_price&rest_code=00154&base_code=0010724&code=00102002456&unit_code=00100020 HTTP/1.1" 200 34
172.17.0.123 - - [27/Oct/2020:01:15:56 +0800] "GET /xingrg/all/function/internal_message.html?_=1603732518642&CODE_STATE=getMsg HTTP/1.1" 302 -
58.221.95.50 - - [27/Oct/2020:01:16:09 +0800] "GET /xingrg/all/function/internal_message.html?_=1603732748669&CODE_STATE=getMsg HTTP/1.1" 200 27
114.84.37.38 - - [27/Oct/2020:01:16:12 +0800] "GET /xingrg/all/function/internal_message.html?_=1603732595657&CODE_STATE=getMsg HTTP/1.1" 200 27
58.221.95.50 - - [27/Oct/2020:01:16:23 +0800] "GET /xingrg/check_reg.html?_=1603732762256 HTTP/1.1" 200 22
180.174.56.115 - - [27/Oct/2020:01:16:26 +0800] "GET /xingrg/all/function/internal_message.html?_=1603732584941&CODE_STATE=getMsg HTTP/1.1" 200 27
222.69.133.109 - - [27/Oct/2020:01:16:34 +0800] "GET /xingrg/all/function/internal_message.html?_=1603732595448&CODE_STATE=getMsg HTTP/1.1" 200 27
222.69.133.109 - - [27/Oct/2020:01:16:38 +0800] "POST /xingrg/kc/base/wldb_order_operate.html HTTP/1.1" 200 37
222.69.133.109 - - [27/Oct/2020:01:16:38 +0800] "POST /xingrg/kc/base/wldb_order_operate.html HTTP/1.1" 200 4601
114.84.37.38 - - [27/Oct/2020:01:16:38 +0800] "GET /xingrg/check_reg.html?_=1603732602174 HTTP/1.1" 200 22
222.69.133.109 - - [27/Oct/2020:01:16:39 +0800] "GET /xingrg/kc/base/wldb_order_info.html?code=422020102703163 HTTP/1.1" 200 30565
222.69.133.109 - - [27/Oct/2020:01:16:39 +0800] "GET /xingrg/javascript/easyui/themes/default/validatebox.css HTTP/1.1" 404 1104
222.69.133.109 - - [27/Oct/2020:01:16:39 +0800] "POST /xingrg/kc/base/wldb_order_operate.html HTTP/1.1" 200 4601
114.84.37.38 - - [27/Oct/2020:01:16:40 +0800] "GET /xingrg/all/function/internal_message.html?_=1603732604179&CODE_STATE=getMsg HTTP/1.1" 200 27
172.17.0.240 - - [27/Oct/2020:01:16:41 +0800] "GET /xingrg/all/function/internal_message.html?_=1603732600401&CODE_STATE=getMsg HTTP/1.1" 200 27
222.69.133.109 - - [27/Oct/2020:01:16:41 +0800] "GET /xingrg/kc/base/kc_stocks.html HTTP/1.1" 200 16392
222.69.133.109 - - [27/Oct/2020:01:16:41 +0800] "GET /xingrg/javascript/easyui/themes/default/tree.css HTTP/1.1" 404 1090
222.69.133.109 - - [27/Oct/2020:01:16:41 +0800] "POST /xingrg/all/common/load_tree.html?tree=materiel_sort_tree_json HTTP/1.1" 200 8666
222.69.133.109 - - [27/Oct/2020:01:16:48 +0800] "POST /xingrg/kc/base/stock_operate.html HTTP/1.1" 200 2637
172.17.0.123 - - [27/Oct/2020:01:16:56 +0800] "GET /xingrg/all/function/internal_message.html?_=1603732578644&CODE_STATE=getMsg HTTP/1.1" 302 -
222.69.133.109 - - [27/Oct/2020:01:17:08 +0800] "GET /xingrg/kc/base/wldb_order_list.html HTTP/1.1" 200 19383
222.69.133.109 - - [27/Oct/2020:01:17:08 +0800] "POST /xingrg/kc/base/wldb_list_operate.html HTTP/1.1" 200 2180
58.221.95.50 - - [27/Oct/2020:01:17:09 +0800] "GET /xingrg/all/function/internal_message.html?_=1603732808637&CODE_STATE=getMsg HTTP/1.1" 200 27
222.69.133.109 - - [27/Oct/2020:01:17:10 +0800] "POST /xingrg/kc/base/wldb_list_operate.html HTTP/1.1" 200 593
222.69.133.109 - - [27/Oct/2020:01:17:11 +0800] "GET /xingrg/kc/base/wldb_order_info.html?code=422020102703163 HTTP/1.1" 200 30565
222.69.133.109 - - [27/Oct/2020:01:17:11 +0800] "GET /xingrg/javascript/easyui/themes/default/validatebox.css HTTP/1.1" 404 1104
222.69.133.109 - - [27/Oct/2020:01:17:11 +0800] "POST /xingrg/kc/base/wldb_order_operate.html HTTP/1.1" 200 4601
114.84.37.38 - - [27/Oct/2020:01:17:12 +0800] "GET /xingrg/all/function/internal_message.html?_=1603732655679&CODE_STATE=getMsg HTTP/1.1" 200 27
222.69.133.109 - - [27/Oct/2020:01:17:19 +0800] "GET /xingrg/javascript/auto/indicator.gif HTTP/1.1" 404 1066
222.69.133.109 - - [27/Oct/2020:01:17:21 +0800] "GET /xingrg/kc/base/wldb_order_operate.html?command=get_materiel&rest_code=00154&base_code=0010724&code=00102002455 HTTP/1.1" 200 438
180.174.56.115 - - [27/Oct/2020:01:17:26 +0800] "GET /xingrg/all/function/internal_message.html?_=1603732644948&CODE_STATE=getMsg HTTP/1.1" 200 27
222.69.133.109 - - [27/Oct/2020:01:17:34 +0800] "GET /xingrg/all/function/internal_message.html?_=1603732655457&CODE_STATE=getMsg HTTP/1.1" 200 27
114.84.37.38 - - [27/Oct/2020:01:17:40 +0800] "GET /xingrg/all/function/internal_message.html?_=1603732664192&CODE_STATE=getMsg HTTP/1.1" 200 27
172.17.0.240 - - [27/Oct/2020:01:17:41 +0800] "GET /xingrg/all/function/internal_message.html?_=1603732660407&CODE_STATE=getMsg HTTP/1.1" 200 27
222.69.133.109 - - [27/Oct/2020:01:17:48 +0800] "GET /xingrg/kc/report/report_main.html HTTP/1.1" 200 7345
222.69.133.109 - - [27/Oct/2020:01:17:51 +0800] "GET /xingrg/kc/base/kc_stocks.html HTTP/1.1" 200 16392
222.69.133.109 - - [27/Oct/2020:01:17:52 +0800] "GET /xingrg/javascript/easyui/themes/default/tree.css HTTP/1.1" 404 1090
222.69.133.109 - - [27/Oct/2020:01:17:52 +0800] "POST /xingrg/all/common/load_tree.html?tree=materiel_sort_tree_json HTTP/1.1" 200 8666
172.17.0.123 - - [27/Oct/2020:01:17:56 +0800] "GET /xingrg/all/function/internal_message.html?_=1603732638648&CODE_STATE=getMsg HTTP/1.1" 302 -
172.17.0.123 - - [27/Oct/2020:01:17:56 +0800] "GET /xingrg/check_reg.html?_=1603732638646 HTTP/1.1" 302 -
222.69.133.109 - - [27/Oct/2020:01:17:57 +0800] "POST /xingrg/kc/base/stock_operate.html HTTP/1.1" 200 2637
222.69.133.109 - - [27/Oct/2020:01:17:59 +0800] "GET /xingrg/kc/base/stock_detail.html?m=00102002455 HTTP/1.1" 200 6412
222.69.133.109 - - [27/Oct/2020:01:18:01 +0800] "GET /xingrg/kc/base/stock_operate.html?_=1603732682439&command=get_report_file&start_day=20201001 HTTP/1.1" 200 21
222.69.133.109 - - [27/Oct/2020:01:18:02 +0800] "GET /xingrg/all/report/report_query.html?isQuery=1&onlyBody=1&rh=2000&fileName=kc/base/kc_stock_detail.xml&queryString=(1=1)&queryText=&tableQueryString=init_table$sp1$$sp$crk_table$sp1$order_day%20between%2020201001%20and%2020201031&varString=start_day:20201001,materiel_code:00102002455,cost_id:undefined,end_date:undefined HTTP/1.1" 200 48699
222.69.133.109 - - [27/Oct/2020:01:18:02 +0800] "GET /xingrg/dwr/interface/AjaxReportQueryService.js HTTP/1.1" 200 13203
222.69.133.109 - - [27/Oct/2020:01:18:02 +0800] "GET /xingrg/dwr/engine.js HTTP/1.1" 200 43631
222.69.133.109 - - [27/Oct/2020:01:18:02 +0800] "POST /xingrg/all/report/load_report_page.html HTTP/1.1" 200 20337
222.69.133.109 - - [27/Oct/2020:01:18:02 +0800] "GET /xingrg/servlets/image?cache=0.4949964474734686&image=px HTTP/1.1" 200 807
114.84.37.38 - - [27/Oct/2020:01:18:09 +0800] "GET /xingrg/check_reg.html?_=1603732712221 HTTP/1.1" 200 22
58.221.95.50 - - [27/Oct/2020:01:18:09 +0800] "GET /xingrg/all/function/internal_message.html?_=1603732868618&CODE_STATE=getMsg HTTP/1.1" 200 27
114.84.37.38 - - [27/Oct/2020:01:18:12 +0800] "GET /xingrg/all/function/internal_message.html?_=1603732715684&CODE_STATE=getMsg HTTP/1.1" 200 27
180.174.56.115 - - [27/Oct/2020:01:18:26 +0800] "GET /xingrg/all/function/internal_message.html?_=1603732704957&CODE_STATE=getMsg HTTP/1.1" 200 27
222.69.133.109 - - [27/Oct/2020:01:18:34 +0800] "GET /xingrg/check_reg.html?_=1603732715450 HTTP/1.1" 200 22
222.69.133.109 - - [27/Oct/2020:01:18:34 +0800] "GET /xingrg/all/function/internal_message.html?_=1603732715455&CODE_STATE=getMsg HTTP/1.1" 200 27
114.84.37.38 - - [27/Oct/2020:01:18:40 +0800] "GET /xingrg/all/function/internal_message.html?_=1603732724205&CODE_STATE=getMsg HTTP/1.1" 200 27
172.17.0.240 - - [27/Oct/2020:01:18:41 +0800] "GET /xingrg/all/function/internal_message.html?_=1603732720395&CODE_STATE=getMsg HTTP/1.1" 200 27
172.17.0.123 - - [27/Oct/2020:01:18:56 +0800] "GET /xingrg/all/function/internal_message.html?_=1603732698634&CODE_STATE=getMsg HTTP/1.1" 302 -
222.69.133.109 - - [27/Oct/2020:01:19:09 +0800] "POST /xingrg/all/common/load_select.html HTTP/1.1" 200 12
58.221.95.50 - - [27/Oct/2020:01:19:09 +0800] "GET /xingrg/all/function/internal_message.html?_=1603732928602&CODE_STATE=getMsg HTTP/1.1" 200 27
114.84.37.38 - - [27/Oct/2020:01:19:12 +0800] "GET /xingrg/all/function/internal_message.html?_=1603732775697&CODE_STATE=getMsg HTTP/1.1" 200 27
120.253.135.82 - - [27/Oct/2020:01:19:16 +0800] "GET /xingrg/check_reg.html?_=1603732867466 HTTP/1.1" 200 22
180.174.56.115 - - [27/Oct/2020:01:19:26 +0800] "GET /xingrg/all/function/internal_message.html?_=1603732764956&CODE_STATE=getMsg HTTP/1.1" 200 27
180.174.56.115 - - [27/Oct/2020:01:19:26 +0800] "GET /xingrg/check_reg.html?_=1603732764959 HTTP/1.1" 200 22
222.69.133.109 - - [27/Oct/2020:01:19:34 +0800] "GET /xingrg/all/function/internal_message.html?_=1603732775456&CODE_STATE=getMsg HTTP/1.1" 200 27
114.84.37.38 - - [27/Oct/2020:01:19:41 +0800] "GET /xingrg/all/function/internal_message.html?_=1603732784533&CODE_STATE=getMsg HTTP/1.1" 200 27
172.17.0.240 - - [27/Oct/2020:01:19:41 +0800] "GET /xingrg/all/function/internal_message.html?_=1603732780399&CODE_STATE=getMsg HTTP/1.1" 200 27
172.17.0.240 - - [27/Oct/2020:01:19:41 +0800] "GET /xingrg/check_reg.html?_=1603732780400 HTTP/1.1" 200 22
172.17.0.123 - - [27/Oct/2020:01:19:56 +0800] "GET /xingrg/all/function/internal_message.html?_=1603732758636&CODE_STATE=getMsg HTTP/1.1" 302 -
58.221.95.50 - - [27/Oct/2020:01:20:09 +0800] "GET /xingrg/all/function/internal_message.html?_=1603732988574&CODE_STATE=getMsg HTTP/1.1" 200 27
114.84.37.38 - - [27/Oct/2020:01:20:12 +0800] "GET /xingrg/all/function/internal_message.html?_=1603732835720&CODE_STATE=getMsg HTTP/1.1" 200 27
222.69.133.109 - - [27/Oct/2020:01:20:12 +0800] "POST /xingrg/kc/base/wldb_order_operate.html HTTP/1.1" 200 37
222.69.133.109 - - [27/Oct/2020:01:20:13 +0800] "POST /xingrg/kc/base/wldb_order_operate.html HTTP/1.1" 200 4127
222.69.133.109 - - [27/Oct/2020:01:20:14 +0800] "GET /xingrg/kc/base/wldb_order_info.html?code=422020102703163 HTTP/1.1" 200 30565
222.69.133.109 - - [27/Oct/2020:01:20:14 +0800] "GET /xingrg/javascript/easyui/themes/default/validatebox.css HTTP/1.1" 404 1104
222.69.133.109 - - [27/Oct/2020:01:20:14 +0800] "POST /xingrg/kc/base/wldb_order_operate.html HTTP/1.1" 200 4127
222.69.133.109 - - [27/Oct/2020:01:20:18 +0800] "GET /xingrg/kc/base/wldb_order_list.html HTTP/1.1" 200 19383
222.69.133.109 - - [27/Oct/2020:01:20:18 +0800] "POST /xingrg/kc/base/wldb_list_operate.html HTTP/1.1" 200 2180
222.69.133.109 - - [27/Oct/2020:01:20:20 +0800] "GET /xingrg/kc/base/wldb_order_add.html HTTP/1.1" 200 30552
222.69.133.109 - - [27/Oct/2020:01:20:20 +0800] "POST /xingrg/kc/base/wldb_order_operate.html HTTP/1.1" 200 6806
222.69.133.109 - - [27/Oct/2020:01:20:21 +0800] "GET /xingrg/javascript/easyui/themes/default/validatebox.css HTTP/1.1" 404 1104
222.69.133.109 - - [27/Oct/2020:01:20:26 +0800] "POST /xingrg/all/common/load_combo.html?type=base HTTP/1.1" 200 1224
180.174.56.115 - - [27/Oct/2020:01:20:26 +0800] "GET /xingrg/all/function/internal_message.html?_=1603732824971&CODE_STATE=getMsg HTTP/1.1" 200 27
222.69.133.109 - - [27/Oct/2020:01:20:29 +0800] "POST /xingrg/all/common/load_combo.html?type=base HTTP/1.1" 200 1224
222.69.133.109 - - [27/Oct/2020:01:20:34 +0800] "GET /xingrg/all/function/internal_message.html?_=1603732835467&CODE_STATE=getMsg HTTP/1.1" 200 27
222.69.133.109 - - [27/Oct/2020:01:20:38 +0800] "GET /xingrg/javascript/auto/indicator.gif HTTP/1.1" 404 1066
222.69.133.109 - - [27/Oct/2020:01:20:40 +0800] "GET /xingrg/kc/base/wldb_order_operate.html?command=get_materiel&rest_code=00154&base_code=0010725&code=00102002455 HTTP/1.1" 200 439
114.84.37.38 - - [27/Oct/2020:01:20:41 +0800] "GET /xingrg/all/function/internal_message.html?_=1603732844545&CODE_STATE=getMsg HTTP/1.1" 200 27
172.17.0.240 - - [27/Oct/2020:01:20:41 +0800] "GET /xingrg/all/function/internal_message.html?_=1603732840404&CODE_STATE=getMsg HTTP/1.1" 200 27
172.17.0.123 - - [27/Oct/2020:01:20:56 +0800] "GET /xingrg/all/function/internal_message.html?_=1603732818638&CODE_STATE=getMsg HTTP/1.1" 302 -
58.221.95.50 - - [27/Oct/2020:01:21:09 +0800] "GET /xingrg/all/function/internal_message.html?_=1603733048552&CODE_STATE=getMsg HTTP/1.1" 200 27
114.84.37.38 - - [27/Oct/2020:01:21:12 +0800] "GET /xingrg/all/function/internal_message.html?_=1603732895725&CODE_STATE=getMsg HTTP/1.1" 200 27
58.221.95.50 - - [27/Oct/2020:01:21:23 +0800] "GET /xingrg/check_reg.html?_=1603733062262 HTTP/1.1" 200 22
180.174.56.115 - - [27/Oct/2020:01:21:26 +0800] "GET /xingrg/all/function/internal_message.html?_=1603732884976&CODE_STATE=getMsg HTTP/1.1" 200 27
222.69.133.109 - - [27/Oct/2020:01:21:34 +0800] "GET /xingrg/all/function/internal_message.html?_=1603732895456&CODE_STATE=getMsg HTTP/1.1" 200 27
114.84.37.38 - - [27/Oct/2020:01:21:39 +0800] "GET /xingrg/check_reg.html?_=1603732902473 HTTP/1.1" 200 22
114.84.37.38 - - [27/Oct/2020:01:21:41 +0800] "GET /xingrg/all/function/internal_message.html?_=1603732904558&CODE_STATE=getMsg HTTP/1.1" 200 27
172.17.0.240 - - [27/Oct/2020:01:21:41 +0800] "GET /xingrg/all/function/internal_message.html?_=1603732900406&CODE_STATE=getMsg HTTP/1.1" 200 27
172.17.0.123 - - [27/Oct/2020:01:21:56 +0800] "GET /xingrg/all/function/internal_message.html?_=1603732878642&CODE_STATE=getMsg HTTP/1.1" 302 -
58.221.95.50 - - [27/Oct/2020:01:22:09 +0800] "GET /xingrg/all/function/internal_message.html?_=1603733108528&CODE_STATE=getMsg HTTP/1.1" 200 27
114.84.37.38 - - [27/Oct/2020:01:22:12 +0800] "GET /xingrg/all/function/internal_message.html?_=1603732955746&CODE_STATE=getMsg HTTP/1.1" 200 27
180.174.56.115 - - [27/Oct/2020:01:22:26 +0800] "GET /xingrg/all/function/internal_message.html?_=1603732944977&CODE_STATE=getMsg HTTP/1.1" 200 27
222.69.133.109 - - [27/Oct/2020:01:22:34 +0800] "GET /xingrg/all/function/internal_message.html?_=1603732955457&CODE_STATE=getMsg HTTP/1.1" 200 27
114.84.37.38 - - [27/Oct/2020:01:22:41 +0800] "GET /xingrg/all/function/internal_message.html?_=1603732964573&CODE_STATE=getMsg HTTP/1.1" 200 27
172.17.0.240 - - [27/Oct/2020:01:22:41 +0800] "GET /xingrg/all/function/internal_message.html?_=1603732960409&CODE_STATE=getMsg HTTP/1.1" 200 27
180.162.245.190 - - [27/Oct/2020:01:22:50 +0800] "POST /xingrg/services/DataTransmitService HTTP/1.1" 200 524
172.17.0.123 - - [27/Oct/2020:01:22:56 +0800] "GET /xingrg/all/function/internal_message.html?_=1603732938644&CODE_STATE=getMsg HTTP/1.1" 302 -
172.17.0.123 - - [27/Oct/2020:01:22:56 +0800] "GET /xingrg/check_reg.html?_=1603732938646 HTTP/1.1" 302 -
114.84.37.38 - - [27/Oct/2020:01:23:09 +0800] "GET /xingrg/check_reg.html?_=1603733012231 HTTP/1.1" 200 22
58.221.95.50 - - [27/Oct/2020:01:23:09 +0800] "GET /xingrg/all/function/internal_message.html?_=1603733168503&CODE_STATE=getMsg HTTP/1.1" 200 27
114.84.37.38 - - [27/Oct/2020:01:23:12 +0800] "GET /xingrg/all/function/internal_message.html?_=1603733015752&CODE_STATE=getMsg HTTP/1.1" 200 27
222.69.133.109 - - [27/Oct/2020:01:23:14 +0800] "GET /xingrg/kc/base/wldb_order_operate.html?command=get_materiel&rest_code=00154&base_code=0010724&code=00101008464 HTTP/1.1" 200 436
180.162.245.190 - - [27/Oct/2020:01:23:18 +0800] "POST /xingrg/services/DataTransmitService HTTP/1.1" 200 524
180.162.245.190 - - [27/Oct/2020:01:23:21 +0800] "POST /xingrg/services/DataTransmitService HTTP/1.1" 200 501
180.174.56.115 - - [27/Oct/2020:01:23:26 +0800] "GET /xingrg/all/function/internal_message.html?_=1603733004963&CODE_STATE=getMsg HTTP/1.1" 200 27
222.69.133.109 - - [27/Oct/2020:01:23:32 +0800] "GET /xingrg/kc/base/wldb_order_operate.html?command=get_materiel&rest_code=00154&base_code=0010724&code=00101022024 HTTP/1.1" 200 430
222.69.133.109 - - [27/Oct/2020:01:23:34 +0800] "GET /xingrg/check_reg.html?_=1603733015457 HTTP/1.1" 200 22
222.69.133.109 - - [27/Oct/2020:01:23:34 +0800] "GET /xingrg/all/function/internal_message.html?_=1603733015462&CODE_STATE=getMsg HTTP/1.1" 200 27
