180.174.56.115 - - [27/Oct/2020:09:07:20 +0800] "GET /xingrg/kc/buy/cgsh_order_operate.html?command=get_materiel&rest_code=00150&code=00101008283&supplier_code=00100007&order_time=2020-10-27 HTTP/1.1" 200 408
114.88.166.242 - - [27/Oct/2020:09:07:23 +0800] "GET /xingrg/javascript/jquery_easy_ui/themes/default/images/tabs_active.png HTTP/1.1" 304 -
114.88.166.242 - - [27/Oct/2020:09:07:25 +0800] "GET /xingrg/javascript/jquery_easy_ui/themes/default/images/tabs_close.gif HTTP/1.1" 304 -
114.88.166.242 - - [27/Oct/2020:09:07:25 +0800] "GET /xingrg/css/base.css HTTP/1.1" 304 -
114.88.166.242 - - [27/Oct/2020:09:07:25 +0800] "GET /xingrg/css/site.css HTTP/1.1" 304 -
114.88.166.242 - - [27/Oct/2020:09:07:25 +0800] "GET /xingrg/javascript/jquery_tools/datebox.css HTTP/1.1" 304 -
114.88.166.242 - - [27/Oct/2020:09:07:25 +0800] "GET /xingrg/javascript/jquery_tools/fix.css HTTP/1.1" 304 -
114.88.166.242 - - [27/Oct/2020:09:07:25 +0800] "GET /xingrg/javascript/easyui/themes/icon.css HTTP/1.1" 304 -
114.88.166.242 - - [27/Oct/2020:09:07:25 +0800] "GET /xingrg/javascript/auto/jquery.autocomplete.css HTTP/1.1" 304 -
114.88.166.242 - - [27/Oct/2020:09:07:25 +0800] "GET /xingrg/javascript/easyui/themes/default/easyui.css HTTP/1.1" 304 -
114.88.166.242 - - [27/Oct/2020:09:07:25 +0800] "GET /xingrg/javascript/jquery_tools/jquery.tools.min.js HTTP/1.1" 304 -
114.88.166.242 - - [27/Oct/2020:09:07:25 +0800] "GET /xingrg/javascript/jquery_tools/table.css HTTP/1.1" 304 -
114.88.166.242 - - [27/Oct/2020:09:07:25 +0800] "GET /xingrg/javascript/jquery_tools/jquery.tools.hotkey.js HTTP/1.1" 304 -
114.88.166.242 - - [27/Oct/2020:09:07:25 +0800] "GET /xingrg/javascript/jquery_tools/jquery.tools.table.js HTTP/1.1" 304 -
114.88.166.242 - - [27/Oct/2020:09:07:25 +0800] "GET /xingrg/javascript/jquery_tools/jquery.tools.extend.js HTTP/1.1" 304 -
114.88.166.242 - - [27/Oct/2020:09:07:25 +0800] "GET /xingrg/javascript/jquery_tools/list_manager.js HTTP/1.1" 304 -
114.88.166.242 - - [27/Oct/2020:09:07:25 +0800] "GET /xingrg/javascript/auto/jquery.autocomplete.js HTTP/1.1" 304 -
114.88.166.242 - - [27/Oct/2020:09:07:25 +0800] "GET /xingrg/javascript/easyui/easyloader.js HTTP/1.1" 304 -
114.88.166.242 - - [27/Oct/2020:09:07:25 +0800] "GET /xingrg/javascript/jquery.cookie.js HTTP/1.1" 304 -
114.88.166.242 - - [27/Oct/2020:09:07:25 +0800] "GET /xingrg/javascript/print/LodopFuncs.js HTTP/1.1" 304 -
114.88.166.242 - - [27/Oct/2020:09:07:26 +0800] "GET /xingrg/kc/buy/cgsh_order_list.html HTTP/1.1" 200 44686
114.88.166.242 - - [27/Oct/2020:09:07:26 +0800] "GET /xingrg/javascript/easyui/themes/icons/edit_add_new.png HTTP/1.1" 304 -
114.88.166.242 - - [27/Oct/2020:09:07:26 +0800] "GET /xingrg/javascript/easyui/themes/icons/cance_new.png HTTP/1.1" 304 -
114.88.166.242 - - [27/Oct/2020:09:07:26 +0800] "GET /xingrg/javascript/easyui/themes/icons/check_new.png HTTP/1.1" 304 -
114.88.166.242 - - [27/Oct/2020:09:07:26 +0800] "GET /xingrg/javascript/easyui/themes/icons/field_new.png HTTP/1.1" 304 -
114.88.166.242 - - [27/Oct/2020:09:07:26 +0800] "GET /xingrg/javascript/easyui/themes/icons/import_new.png HTTP/1.1" 304 -
114.88.166.242 - - [27/Oct/2020:09:07:26 +0800] "GET /xingrg/javascript/easyui/plugins/jquery.parser.js HTTP/1.1" 304 -
114.88.166.242 - - [27/Oct/2020:09:07:26 +0800] "GET /xingrg/images/control/ajaxLoader.gif HTTP/1.1" 304 -
180.174.56.115 - - [27/Oct/2020:09:07:28 +0800] "GET /xingrg/kc/buy/cgsh_order_operate.html?command=get_materiel&rest_code=00151&code=00101001010&supplier_code=00100040&order_time=2020-10-27 HTTP/1.1" 200 408
114.88.166.242 - - [27/Oct/2020:09:07:28 +0800] "POST /xingrg/kc/buy/cgsh_list_operate.html HTTP/1.1" 200 2414
222.69.133.109 - - [27/Oct/2020:09:07:30 +0800] "GET /xingrg/all/function/internal_message.html?_=1603760851573&CODE_STATE=getMsg HTTP/1.1" 200 27
114.88.166.242 - - [27/Oct/2020:09:07:31 +0800] "POST /xingrg/kc/buy/cgsh_list_operate.html HTTP/1.1" 200 564
114.88.166.242 - - [27/Oct/2020:09:07:31 +0800] "GET /xingrg/kc/buy/cgsh_order_info.html?code=212020102711037 HTTP/1.1" 200 60433
114.88.166.242 - - [27/Oct/2020:09:07:31 +0800] "GET /xingrg/javascript/jquery_tools/order_manager.js HTTP/1.1" 304 -
114.88.166.242 - - [27/Oct/2020:09:07:31 +0800] "GET /xingrg/javascript/pic_change.js HTTP/1.1" 304 -
114.88.166.242 - - [27/Oct/2020:09:07:31 +0800] "GET /xingrg/javascript/convert.js HTTP/1.1" 304 -
114.88.166.242 - - [27/Oct/2020:09:07:31 +0800] "GET /xingrg/javascript/json2.js HTTP/1.1" 304 -
114.88.166.242 - - [27/Oct/2020:09:07:31 +0800] "GET /xingrg/javascript/print/kc_print.js HTTP/1.1" 304 -
114.88.166.242 - - [27/Oct/2020:09:07:31 +0800] "GET /xingrg/javascript/easyui/themes/icons/copy_new.png HTTP/1.1" 304 -
114.88.166.242 - - [27/Oct/2020:09:07:31 +0800] "GET /xingrg/javascript/easyui/themes/icons/template_new.png HTTP/1.1" 304 -
114.88.166.242 - - [27/Oct/2020:09:07:31 +0800] "GET /xingrg/javascript/easyui/themes/icons/ok.png HTTP/1.1" 304 -
114.88.166.242 - - [27/Oct/2020:09:07:31 +0800] "GET /xingrg/javascript/easyui/themes/icons/print.png HTTP/1.1" 304 -
114.88.166.242 - - [27/Oct/2020:09:07:31 +0800] "GET /xingrg/javascript/easyui/themes/default/images/menu_downarrow.png HTTP/1.1" 304 -
114.88.166.242 - - [27/Oct/2020:09:07:31 +0800] "GET /xingrg/javascript/easyui/themes/icons/cancel.png HTTP/1.1" 304 -
114.88.166.242 - - [27/Oct/2020:09:07:32 +0800] "GET /xingrg/words/20201027041759_words.js HTTP/1.1" 200 772585
180.174.56.115 - - [27/Oct/2020:09:07:32 +0800] "GET /xingrg/all/function/internal_message.html?_=1603760821662&CODE_STATE=getMsg HTTP/1.1" 200 27
114.88.166.242 - - [27/Oct/2020:09:07:33 +0800] "GET /xingrg/all/common/auto_word.html?type=employee&rest_code=00111 HTTP/1.1" 200 205
114.88.166.242 - - [27/Oct/2020:09:07:33 +0800] "GET /xingrg/javascript/easyui/plugins/jquery.validatebox.js HTTP/1.1" 304 -
114.88.166.242 - - [27/Oct/2020:09:07:33 +0800] "GET /xingrg/javascript/easyui/themes/default/validatebox.css HTTP/1.1" 404 1104
114.88.166.242 - - [27/Oct/2020:09:07:33 +0800] "GET /xingrg/javascript/easyui/plugins/jquery.numberbox.js HTTP/1.1" 304 -
114.88.166.242 - - [27/Oct/2020:09:07:33 +0800] "GET /xingrg/all/common/auto_word.html?type=employee&rest_code=00111 HTTP/1.1" 200 205
114.88.166.242 - - [27/Oct/2020:09:07:33 +0800] "POST /xingrg/kc/buy/cgsh_order_operate.html HTTP/1.1" 200 6802
114.88.166.242 - - [27/Oct/2020:09:07:34 +0800] "GET /xingrg/javascript/easyui/themes/icons/edit_remove.png HTTP/1.1" 304 -
114.88.166.242 - - [27/Oct/2020:09:07:34 +0800] "GET /xingrg/javascript/easyui/themes/default/images/button_plain_hover.png HTTP/1.1" 304 -
114.88.166.242 - - [27/Oct/2020:09:07:34 +0800] "GET /xingrg/kc/print/load_config.html?kc_code=cgsh HTTP/1.1" 200 1845
114.88.166.242 - - [27/Oct/2020:09:07:35 +0800] "GET /xingrg/kc/print/load_data.html?order_code=212020102711037&kc_code=cgsh HTTP/1.1" 200 2337
114.88.166.242 - - [27/Oct/2020:09:07:35 +0800] "GET /xingrg/check_reg.html?_=1603760950232 HTTP/1.1" 200 22
114.88.166.242 - - [27/Oct/2020:09:07:35 +0800] "GET /xingrg/all/function/internal_message.html?_=1603760950264&CODE_STATE=getMsg HTTP/1.1" 200 27
114.84.37.38 - - [27/Oct/2020:09:07:36 +0800] "GET /xingrg/all/function/internal_message.html?_=1603760860738&CODE_STATE=getMsg HTTP/1.1" 200 27
222.69.137.113 - - [27/Oct/2020:09:07:36 +0800] "GET /xingrg/kc/buy/cgsh_order_operate.html?command=get_materiel&rest_code=00149&code=00101008350&supplier_code=00100005&order_time=2020-10-27 HTTP/1.1" 200 408
180.174.56.115 - - [27/Oct/2020:09:07:38 +0800] "GET /xingrg/kc/buy/cgsh_order_operate.html?command=get_materiel&rest_code=00151&code=00101001075&supplier_code=00100040&order_time=2020-10-27 HTTP/1.1" 200 409
172.17.0.240 - - [27/Oct/2020:09:07:41 +0800] "GET /xingrg/all/function/internal_message.html?_=1603760860757&CODE_STATE=getMsg HTTP/1.1" 200 27
124.77.70.31 - - [27/Oct/2020:09:07:42 +0800] "GET /xingrg/kc/buy/cgsh_order_operate.html?command=get_materiel&rest_code=00107&code=00101008364&supplier_code=00100006&order_time=2020-10-27 HTTP/1.1" 200 413
124.77.70.31 - - [27/Oct/2020:09:07:43 +0800] "GET /xingrg/check_reg.html?_=1603760861258 HTTP/1.1" 200 22
124.77.70.31 - - [27/Oct/2020:09:07:43 +0800] "GET /xingrg/all/function/internal_message.html?_=1603760861617&CODE_STATE=getMsg HTTP/1.1" 200 27
114.84.37.38 - - [27/Oct/2020:09:07:46 +0800] "GET /xingrg/kc/buy/cgsh_order_operate.html?command=get_materiel&rest_code=00146&code=00101008350&supplier_code=00100005&order_time=2020-10-27 HTTP/1.1" 200 408
114.88.166.242 - - [27/Oct/2020:09:07:48 +0800] "GET /xingrg/all/function/internal_message.html?_=1603760866729&CODE_STATE=getMsg HTTP/1.1" 200 27
114.88.166.242 - - [27/Oct/2020:09:07:48 +0800] "GET /xingrg/javascript/jquery_easy_ui/themes/default/images/tabs_active.png HTTP/1.1" 304 -
180.161.96.95 - - [27/Oct/2020:09:07:48 +0800] "GET /xingrg/all/function/internal_message.html?_=1603761087558&CODE_STATE=getMsg HTTP/1.1" 200 27
114.88.166.242 - - [27/Oct/2020:09:07:51 +0800] "POST /xingrg/kc/buy/cgsh_list_operate.html HTTP/1.1" 200 578
180.174.56.115 - - [27/Oct/2020:09:07:51 +0800] "POST /xingrg/kc/buy/cgsh_order_operate.html HTTP/1.1" 200 37
114.88.166.242 - - [27/Oct/2020:09:07:51 +0800] "GET /xingrg/kc/buy/cgsh_order_info.html?code=212020102711022 HTTP/1.1" 200 60435
114.88.166.242 - - [27/Oct/2020:09:07:52 +0800] "GET /xingrg/javascript/easyui/themes/default/validatebox.css HTTP/1.1" 404 1104
114.88.166.242 - - [27/Oct/2020:09:07:53 +0800] "POST /xingrg/kc/buy/cgsh_order_operate.html HTTP/1.1" 200 21626
114.88.166.242 - - [27/Oct/2020:09:07:54 +0800] "GET /xingrg/kc/print/load_data.html?order_code=212020102711022&kc_code=cgsh HTTP/1.1" 200 7902
180.174.56.115 - - [27/Oct/2020:09:07:55 +0800] "POST /xingrg/kc/buy/cgsh_order_operate.html HTTP/1.1" 200 12
114.84.145.85 - - [27/Oct/2020:09:07:55 +0800] "GET /xingrg/check_reg.html?_=1603760882187 HTTP/1.1" 200 22
114.84.145.85 - - [27/Oct/2020:09:07:55 +0800] "GET /xingrg/all/function/internal_message.html?_=1603760882188&CODE_STATE=getMsg HTTP/1.1" 200 27
180.174.56.115 - - [27/Oct/2020:09:07:56 +0800] "GET /xingrg/kc/buy/cgsh_order_info.html?code=212020102711040 HTTP/1.1" 200 54985
114.88.166.242 - - [27/Oct/2020:09:07:56 +0800] "POST /xingrg/kc/buy/cgsh_list_operate.html HTTP/1.1" 200 2414
180.174.56.115 - - [27/Oct/2020:09:07:56 +0800] "GET /xingrg/javascript/easyui/themes/default/validatebox.css HTTP/1.1" 404 1104
114.84.37.38 - - [27/Oct/2020:09:07:56 +0800] "GET /xingrg/kc/buy/cgsh_order_operate.html?command=get_materiel&rest_code=00146&code=00101008323&supplier_code=00100005&order_time=2020-10-27 HTTP/1.1" 200 408
172.17.0.123 - - [27/Oct/2020:09:07:56 +0800] "GET /xingrg/check_reg.html?_=1603760838646 HTTP/1.1" 302 -
172.17.0.123 - - [27/Oct/2020:09:07:56 +0800] "GET /xingrg/all/function/internal_message.html?_=1603760838648&CODE_STATE=getMsg HTTP/1.1" 302 -
180.174.56.115 - - [27/Oct/2020:09:07:57 +0800] "POST /xingrg/kc/buy/cgsh_order_operate.html HTTP/1.1" 200 1205
180.174.56.115 - - [27/Oct/2020:09:07:58 +0800] "GET /xingrg/kc/print/load_data.html?order_code=212020102711040&kc_code=cgsh&condition= HTTP/1.1" 200 1042
58.221.95.50 - - [27/Oct/2020:09:07:58 +0800] "GET /xingrg/all/function/internal_message.html?_=1603761057577&CODE_STATE=getMsg HTTP/1.1" 200 27
116.232.49.44 - - [27/Oct/2020:09:08:00 +0800] "GET /xingrg/all/function/internal_message.html?_=1603760910406&CODE_STATE=getMsg HTTP/1.1" 200 27
124.77.70.31 - - [27/Oct/2020:09:08:03 +0800] "GET /xingrg/kc/buy/cgsh_order_operate.html?command=get_materiel&rest_code=00107&code=00101008176&supplier_code=00100006&order_time=2020-10-27 HTTP/1.1" 200 412
172.17.200.101 - - [27/Oct/2020:09:08:05 +0800] "GET /xingrg/all/function/internal_message.html?_=1603760884810&CODE_STATE=getMsg HTTP/1.1" 200 27
222.69.137.113 - - [27/Oct/2020:09:08:08 +0800] "GET /xingrg/kc/buy/cgsh_order_operate.html?command=get_materiel&rest_code=00149&code=00101008244&supplier_code=00100005&order_time=2020-10-27 HTTP/1.1" 200 408
114.84.37.38 - - [27/Oct/2020:09:08:08 +0800] "GET /xingrg/kc/buy/cgsh_order_operate.html?command=get_materiel&rest_code=00146&code=00101008095&supplier_code=00100005&order_time=2020-10-27 HTTP/1.1" 200 412
114.84.37.38 - - [27/Oct/2020:09:08:08 +0800] "GET /xingrg/check_reg.html?_=1603760912760 HTTP/1.1" 200 22
114.84.37.38 - - [27/Oct/2020:09:08:11 +0800] "POST /xingrg/kc/buy/cgsh_order_operate.html HTTP/1.1" 200 2065
180.157.253.48 - - [27/Oct/2020:09:08:11 +0800] "GET /xingrg/all/function/internal_message.html?_=1603760891803&CODE_STATE=getMsg HTTP/1.1" 200 27
124.77.70.31 - - [27/Oct/2020:09:08:13 +0800] "POST /xingrg/kc/buy/cgsh_order_operate.html HTTP/1.1" 200 2065
222.69.137.113 - - [27/Oct/2020:09:08:13 +0800] "GET /xingrg/all/function/internal_message.html?_=1603760891614&CODE_STATE=getMsg HTTP/1.1" 200 27
180.174.56.115 - - [27/Oct/2020:09:08:15 +0800] "GET /xingrg/kc/buy/cgsh_order_add.html HTTP/1.1" 200 60078
180.174.56.115 - - [27/Oct/2020:09:08:15 +0800] "GET /xingrg/javascript/easyui/themes/default/validatebox.css HTTP/1.1" 404 1104
180.174.56.115 - - [27/Oct/2020:09:08:15 +0800] "POST /xingrg/kc/buy/cgsh_order_operate.html HTTP/1.1" 200 8245
114.84.37.38 - - [27/Oct/2020:09:08:18 +0800] "GET /xingrg/all/function/internal_message.html?_=1603760922069&CODE_STATE=getMsg HTTP/1.1" 200 27
180.174.56.115 - - [27/Oct/2020:09:08:18 +0800] "GET /xingrg/all/function/internal_message.html?_=1603760896336&CODE_STATE=getMsg HTTP/1.1" 200 27
180.157.253.48 - - [27/Oct/2020:09:08:20 +0800] "POST /xingrg/kc/buy/cgsh_order_operate.html HTTP/1.1" 200 37
180.157.253.48 - - [27/Oct/2020:09:08:24 +0800] "POST /xingrg/kc/buy/cgsh_order_operate.html HTTP/1.1" 200 3830
180.174.56.115 - - [27/Oct/2020:09:08:25 +0800] "GET /xingrg/kc/buy/cgsh_order_operate.html?command=get_materiel&rest_code=00151&code=00101006058&supplier_code=00100012&order_time=2020-10-27 HTTP/1.1" 200 413
222.69.133.109 - - [27/Oct/2020:09:08:30 +0800] "GET /xingrg/all/function/internal_message.html?_=1603760911556&CODE_STATE=getMsg HTTP/1.1" 200 27
180.174.56.115 - - [27/Oct/2020:09:08:33 +0800] "GET /xingrg/all/function/internal_message.html?_=1603760881675&CODE_STATE=getMsg HTTP/1.1" 200 27
114.88.166.242 - - [27/Oct/2020:09:08:35 +0800] "GET /xingrg/all/function/internal_message.html?_=1603761010238&CODE_STATE=getMsg HTTP/1.1" 200 27
114.84.37.38 - - [27/Oct/2020:09:08:36 +0800] "GET /xingrg/all/function/internal_message.html?_=1603760920858&CODE_STATE=getMsg HTTP/1.1" 200 27
222.69.137.113 - - [27/Oct/2020:09:08:39 +0800] "GET /xingrg/kc/buy/cgsh_order_operate.html?command=get_materiel&rest_code=00149&code=00101008354&supplier_code=00100005&order_time=2020-10-27 HTTP/1.1" 200 432
114.84.37.38 - - [27/Oct/2020:09:08:41 +0800] "GET /xingrg/kc/buy/cgsh_order_operate.html?command=get_materiel&rest_code=00146&code=00101008236&supplier_code=00100005&order_time=2020-10-27 HTTP/1.1" 200 436
172.17.0.240 - - [27/Oct/2020:09:08:41 +0800] "GET /xingrg/all/function/internal_message.html?_=1603760920743&CODE_STATE=getMsg HTTP/1.1" 200 27
180.174.56.115 - - [27/Oct/2020:09:08:43 +0800] "GET /xingrg/kc/buy/cgsh_order_operate.html?command=get_materiel&rest_code=00151&code=00101006057&supplier_code=00100012&order_time=2020-10-27 HTTP/1.1" 200 413
124.77.70.31 - - [27/Oct/2020:09:08:43 +0800] "GET /xingrg/all/function/internal_message.html?_=1603760921592&CODE_STATE=getMsg HTTP/1.1" 200 27
114.88.166.242 - - [27/Oct/2020:09:08:48 +0800] "GET /xingrg/all/function/internal_message.html?_=1603760926743&CODE_STATE=getMsg HTTP/1.1" 200 27
180.161.96.95 - - [27/Oct/2020:09:08:48 +0800] "GET /xingrg/all/function/internal_message.html?_=1603761147573&CODE_STATE=getMsg HTTP/1.1" 200 27
180.174.56.115 - - [27/Oct/2020:09:08:52 +0800] "GET /xingrg/kc/buy/cgsh_order_operate.html?command=get_materiel&rest_code=00151&code=00101006124&supplier_code=00100012&order_time=2020-10-27 HTTP/1.1" 200 409
222.69.137.113 - - [27/Oct/2020:09:08:53 +0800] "GET /xingrg/kc/buy/cgsh_order_operate.html?command=get_materiel&rest_code=00149&code=00101008110&supplier_code=00100005&order_time=2020-10-27 HTTP/1.1" 200 427
114.84.145.85 - - [27/Oct/2020:09:08:55 +0800] "GET /xingrg/all/function/internal_message.html?_=1603760942186&CODE_STATE=getMsg HTTP/1.1" 200 27
172.17.0.123 - - [27/Oct/2020:09:08:56 +0800] "GET /xingrg/all/function/internal_message.html?_=1603760898634&CODE_STATE=getMsg HTTP/1.1" 302 -
124.77.70.31 - - [27/Oct/2020:09:08:57 +0800] "GET /xingrg/kc/buy/cgsh_order_operate.html?command=get_materiel&rest_code=00107&code=00101008067&supplier_code=00100006&order_time=2020-10-27 HTTP/1.1" 200 416
120.253.135.82 - - [27/Oct/2020:09:08:57 +0800] "GET /xingrg/kc/pszx/mdps_order_list.html?orderType=0 HTTP/1.1" 200 21197
120.253.135.82 - - [27/Oct/2020:09:08:57 +0800] "POST /xingrg/kc/pszx/mdps_list_operate.html HTTP/1.1" 200 5607
58.221.95.50 - - [27/Oct/2020:09:08:58 +0800] "GET /xingrg/all/function/internal_message.html?_=1603761117546&CODE_STATE=getMsg HTTP/1.1" 200 27
120.253.135.82 - - [27/Oct/2020:09:08:58 +0800] "GET /xingrg/kc/pszx/mdps_order_add.html HTTP/1.1" 200 29175
120.253.135.82 - - [27/Oct/2020:09:08:59 +0800] "POST /xingrg/kc/pszx/mdps_order_operate.html HTTP/1.1" 200 7126
116.232.49.44 - - [27/Oct/2020:09:08:59 +0800] "GET /xingrg/check_reg.html?_=1603760970375 HTTP/1.1" 200 22
116.232.49.44 - - [27/Oct/2020:09:08:59 +0800] "GET /xingrg/all/function/internal_message.html?_=1603760970406&CODE_STATE=getMsg HTTP/1.1" 200 27
120.253.135.82 - - [27/Oct/2020:09:08:59 +0800] "GET /xingrg/javascript/easyui/themes/default/validatebox.css HTTP/1.1" 404 1104
172.17.200.101 - - [27/Oct/2020:09:09:05 +0800] "GET /xingrg/all/function/internal_message.html?_=1603760944814&CODE_STATE=getMsg HTTP/1.1" 200 27
180.174.56.115 - - [27/Oct/2020:09:09:06 +0800] "POST /xingrg/kc/buy/cgsh_order_operate.html HTTP/1.1" 200 37
180.174.56.115 - - [27/Oct/2020:09:09:08 +0800] "POST /xingrg/kc/buy/cgsh_order_operate.html HTTP/1.1" 200 22186
180.174.56.115 - - [27/Oct/2020:09:09:08 +0800] "GET /xingrg/kc/buy/cgsh_order_operate.html?command=get_materiel&rest_code=00151&code=00101006013&supplier_code=00100012&order_time=2020-10-27 HTTP/1.1" 200 409
222.69.137.113 - - [27/Oct/2020:09:09:09 +0800] "GET /xingrg/kc/buy/cgsh_order_operate.html?command=get_materiel&rest_code=00149&code=00101008096&supplier_code=00100005&order_time=2020-10-27 HTTP/1.1" 200 412
180.157.253.48 - - [27/Oct/2020:09:09:11 +0800] "GET /xingrg/all/function/internal_message.html?_=1603760951796&CODE_STATE=getMsg HTTP/1.1" 200 27
222.69.137.113 - - [27/Oct/2020:09:09:13 +0800] "GET /xingrg/all/function/internal_message.html?_=1603760951596&CODE_STATE=getMsg HTTP/1.1" 200 27
124.77.70.31 - - [27/Oct/2020:09:09:16 +0800] "GET /xingrg/kc/buy/cgsh_order_operate.html?command=get_materiel&rest_code=00107&code=00101008118&supplier_code=00100006&order_time=2020-10-27 HTTP/1.1" 200 418
120.253.135.82 - - [27/Oct/2020:09:09:17 +0800] "GET /xingrg/check_reg.html?_=1603761068789 HTTP/1.1" 200 22
114.84.37.38 - - [27/Oct/2020:09:09:18 +0800] "GET /xingrg/all/function/internal_message.html?_=1603760982083&CODE_STATE=getMsg HTTP/1.1" 200 27
180.174.56.115 - - [27/Oct/2020:09:09:18 +0800] "GET /xingrg/all/function/internal_message.html?_=1603760956334&CODE_STATE=getMsg HTTP/1.1" 200 27
114.84.37.38 - - [27/Oct/2020:09:09:18 +0800] "GET /xingrg/kc/buy/cgsh_order_operate.html?command=get_materiel&rest_code=00146&code=00101015061&supplier_code=00100005&order_time=2020-10-27 HTTP/1.1" 200 412
222.69.137.113 - - [27/Oct/2020:09:09:22 +0800] "GET /xingrg/kc/buy/cgsh_order_operate.html?command=get_materiel&rest_code=00149&code=00101008403&supplier_code=00100005&order_time=2020-10-27 HTTP/1.1" 200 412
180.157.253.48 - - [27/Oct/2020:09:09:23 +0800] "GET /xingrg/kc/print/load_data.html?order_code=212020102711041&kc_code=cgsh&condition= HTTP/1.1" 200 1166
180.174.56.115 - - [27/Oct/2020:09:09:26 +0800] "GET /xingrg/kc/buy/cgsh_order_operate.html?command=get_materiel&rest_code=00151&code=00101006006&supplier_code=00100012&order_time=2020-10-27 HTTP/1.1" 200 409
222.69.133.109 - - [27/Oct/2020:09:09:30 +0800] "GET /xingrg/all/function/internal_message.html?_=1603760971527&CODE_STATE=getMsg HTTP/1.1" 200 27
114.84.37.38 - - [27/Oct/2020:09:09:31 +0800] "GET /xingrg/kc/buy/cgsh_order_operate.html?command=get_materiel&rest_code=00146&code=00101015038&supplier_code=00100005&order_time=2020-10-27 HTTP/1.1" 200 418
222.69.137.113 - - [27/Oct/2020:09:09:31 +0800] "GET /xingrg/kc/buy/cgsh_order_operate.html?command=get_materiel&rest_code=00149&code=00101008358&supplier_code=00100005&order_time=2020-10-27 HTTP/1.1" 200 412
222.69.133.109 - - [27/Oct/2020:09:09:31 +0800] "GET /xingrg/check_reg.html?_=1603760972280 HTTP/1.1" 200 22
180.174.56.115 - - [27/Oct/2020:09:09:33 +0800] "GET /xingrg/all/function/internal_message.html?_=1603760941724&CODE_STATE=getMsg HTTP/1.1" 200 27
114.88.166.242 - - [27/Oct/2020:09:09:35 +0800] "GET /xingrg/all/function/internal_message.html?_=1603761070236&CODE_STATE=getMsg HTTP/1.1" 200 27
114.84.37.38 - - [27/Oct/2020:09:09:36 +0800] "GET /xingrg/all/function/internal_message.html?_=1603760980870&CODE_STATE=getMsg HTTP/1.1" 200 27
180.174.56.115 - - [27/Oct/2020:09:09:37 +0800] "POST /xingrg/kc/buy/cgsh_order_operate.html HTTP/1.1" 200 37
124.77.70.31 - - [27/Oct/2020:09:09:41 +0800] "POST /xingrg/kc/buy/cgsh_order_operate.html HTTP/1.1" 200 2065
180.174.56.115 - - [27/Oct/2020:09:09:41 +0800] "POST /xingrg/kc/buy/cgsh_order_operate.html HTTP/1.1" 200 12
172.17.0.240 - - [27/Oct/2020:09:09:41 +0800] "GET /xingrg/all/function/internal_message.html?_=1603760980748&CODE_STATE=getMsg HTTP/1.1" 200 27
172.17.0.240 - - [27/Oct/2020:09:09:41 +0800] "GET /xingrg/check_reg.html?_=1603760980751 HTTP/1.1" 200 22
180.174.56.115 - - [27/Oct/2020:09:09:42 +0800] "GET /xingrg/kc/buy/cgsh_order_info.html?code=212020102711043 HTTP/1.1" 200 54985
180.174.56.115 - - [27/Oct/2020:09:09:42 +0800] "GET /xingrg/javascript/easyui/themes/default/validatebox.css HTTP/1.1" 404 1104
180.174.56.115 - - [27/Oct/2020:09:09:43 +0800] "POST /xingrg/kc/buy/cgsh_order_operate.html HTTP/1.1" 200 3589
124.77.70.31 - - [27/Oct/2020:09:09:43 +0800] "GET /xingrg/all/function/internal_message.html?_=1603760981578&CODE_STATE=getMsg HTTP/1.1" 200 27
180.174.56.115 - - [27/Oct/2020:09:09:45 +0800] "GET /xingrg/kc/print/load_data.html?order_code=212020102711043&kc_code=cgsh&condition= HTTP/1.1" 200 1977
222.69.137.113 - - [27/Oct/2020:09:09:46 +0800] "GET /xingrg/kc/buy/cgsh_order_operate.html?command=get_materiel&rest_code=00149&code=00101008163&supplier_code=00100005&order_time=2020-10-27 HTTP/1.1" 200 408
114.88.166.242 - - [27/Oct/2020:09:09:48 +0800] "GET /xingrg/all/function/internal_message.html?_=1603760986766&CODE_STATE=getMsg HTTP/1.1" 200 27
114.84.37.38 - - [27/Oct/2020:09:09:48 +0800] "POST /xingrg/kc/buy/cgsh_order_operate.html HTTP/1.1" 200 2065
114.84.145.85 - - [27/Oct/2020:09:09:55 +0800] "GET /xingrg/all/function/internal_message.html?_=1603761002184&CODE_STATE=getMsg HTTP/1.1" 200 27
180.174.56.115 - - [27/Oct/2020:09:09:56 +0800] "GET /xingrg/kc/buy/cgsh_order_add.html HTTP/1.1" 200 60078
180.174.56.115 - - [27/Oct/2020:09:09:56 +0800] "GET /xingrg/kc/buy/cgsh_order_operate.html?command=get_materiel&rest_code=00150&code=00101008350&supplier_code=00100007&order_time=2020-10-27 HTTP/1.1" 200 408
180.174.56.115 - - [27/Oct/2020:09:09:56 +0800] "POST /xingrg/kc/buy/cgsh_order_operate.html HTTP/1.1" 200 8245
180.174.56.115 - - [27/Oct/2020:09:09:56 +0800] "GET /xingrg/javascript/easyui/themes/default/validatebox.css HTTP/1.1" 404 1104
172.17.0.123 - - [27/Oct/2020:09:09:56 +0800] "GET /xingrg/all/function/internal_message.html?_=1603760958636&CODE_STATE=getMsg HTTP/1.1" 302 -
222.69.137.113 - - [27/Oct/2020:09:09:58 +0800] "GET /xingrg/kc/buy/cgsh_order_operate.html?command=get_materiel&rest_code=00149&code=00101008224&supplier_code=00100005&order_time=2020-10-27 HTTP/1.1" 200 416
116.232.49.44 - - [27/Oct/2020:09:09:58 +0800] "GET /xingrg/all/function/internal_message.html?_=1603761030406&CODE_STATE=getMsg HTTP/1.1" 200 27
58.221.95.50 - - [27/Oct/2020:09:09:58 +0800] "GET /xingrg/all/function/internal_message.html?_=1603761177520&CODE_STATE=getMsg HTTP/1.1" 200 27
172.17.0.123 - - [27/Oct/2020:09:10:02 +0800] "POST /xingrg/kc/base/yddb_list_operate.html HTTP/1.1" 302 -
172.17.0.123 - - [27/Oct/2020:09:10:02 +0800] "GET /xingrg/kc/base/images/blue/login_bg.png HTTP/1.1" 404 1072
172.17.0.123 - - [27/Oct/2020:09:10:02 +0800] "GET /xingrg/kc/base/images/blue/hj.png HTTP/1.1" 404 1060
172.17.0.123 - - [27/Oct/2020:09:10:02 +0800] "GET /xingrg/kc/base/images/blue/srbg.png HTTP/1.1" 404 1064
172.17.0.123 - - [27/Oct/2020:09:10:03 +0800] "GET /xingrg/javascript/jquery_tools/images/next.gif HTTP/1.1" 404 1086
172.17.0.123 - - [27/Oct/2020:09:10:03 +0800] "GET /xingrg/javascript/jquery_tools/images/prev.gif HTTP/1.1" 404 1086
172.17.200.101 - - [27/Oct/2020:09:10:05 +0800] "GET /xingrg/check_reg.html?_=1603761004816 HTTP/1.1" 200 22
172.17.200.101 - - [27/Oct/2020:09:10:05 +0800] "GET /xingrg/all/function/internal_message.html?_=1603761004820&CODE_STATE=getMsg HTTP/1.1" 200 27
180.174.56.115 - - [27/Oct/2020:09:10:07 +0800] "GET /xingrg/kc/buy/cgsh_order_operate.html?command=get_materiel&rest_code=00151&code=00101007077&supplier_code=00100002&order_time=2020-10-27 HTTP/1.1" 200 415
180.174.56.115 - - [27/Oct/2020:09:10:08 +0800] "GET /xingrg/kc/buy/cgsh_order_operate.html?command=get_materiel&rest_code=00150&code=00101008254&supplier_code=00100007&order_time=2020-10-27 HTTP/1.1" 200 412
180.157.253.48 - - [27/Oct/2020:09:10:09 +0800] "GET /xingrg/kc/buy/cgsh_order_add.html HTTP/1.1" 200 60424
180.157.253.48 - - [27/Oct/2020:09:10:10 +0800] "POST /xingrg/kc/buy/cgsh_order_operate.html HTTP/1.1" 200 8245
180.157.253.48 - - [27/Oct/2020:09:10:10 +0800] "GET /xingrg/javascript/easyui/themes/default/validatebox.css HTTP/1.1" 404 1104
180.157.253.48 - - [27/Oct/2020:09:10:11 +0800] "GET /xingrg/check_reg.html?_=1603761011377 HTTP/1.1" 200 22
180.157.253.48 - - [27/Oct/2020:09:10:11 +0800] "GET /xingrg/all/function/internal_message.html?_=1603761011928&CODE_STATE=getMsg HTTP/1.1" 200 27
222.69.137.113 - - [27/Oct/2020:09:10:12 +0800] "GET /xingrg/check_reg.html?_=1603761010015 HTTP/1.1" 200 22
222.69.137.113 - - [27/Oct/2020:09:10:13 +0800] "GET /xingrg/all/function/internal_message.html?_=1603761011575&CODE_STATE=getMsg HTTP/1.1" 200 27
180.174.56.115 - - [27/Oct/2020:09:10:16 +0800] "GET /xingrg/kc/buy/cgsh_order_operate.html?command=get_materiel&rest_code=00150&code=00101008236&supplier_code=00100007&order_time=2020-10-27 HTTP/1.1" 200 436
180.174.56.115 - - [27/Oct/2020:09:10:17 +0800] "GET /xingrg/kc/buy/cgsh_order_operate.html?command=get_materiel&rest_code=00151&code=00101007091&supplier_code=00100002&order_time=2020-10-27 HTTP/1.1" 200 413
180.174.56.115 - - [27/Oct/2020:09:10:17 +0800] "POST /xingrg/kc/buy/cgsh_order_operate.html HTTP/1.1" 200 2065
114.84.37.38 - - [27/Oct/2020:09:10:18 +0800] "GET /xingrg/all/function/internal_message.html?_=1603761042106&CODE_STATE=getMsg HTTP/1.1" 200 27
222.69.137.113 - - [27/Oct/2020:09:10:18 +0800] "GET /xingrg/kc/buy/cgsh_order_operate.html?command=get_materiel&rest_code=00149&code=00101008087&supplier_code=00100005&order_time=2020-10-27 HTTP/1.1" 200 412
180.174.56.115 - - [27/Oct/2020:09:10:18 +0800] "GET /xingrg/all/function/internal_message.html?_=1603761016421&CODE_STATE=getMsg HTTP/1.1" 200 27
180.174.56.115 - - [27/Oct/2020:09:10:18 +0800] "GET /xingrg/check_reg.html?_=1603761016422 HTTP/1.1" 200 22
114.84.37.38 - - [27/Oct/2020:09:10:23 +0800] "POST /xingrg/kc/buy/cgsh_order_operate.html HTTP/1.1" 200 37
180.174.56.115 - - [27/Oct/2020:09:10:26 +0800] "GET /xingrg/kc/buy/cgsh_order_operate.html?command=get_materiel&rest_code=00150&code=00101015038&supplier_code=00100007&order_time=2020-10-27 HTTP/1.1" 200 419
180.174.56.115 - - [27/Oct/2020:09:10:26 +0800] "GET /xingrg/kc/buy/cgsh_order_operate.html?command=get_materiel&rest_code=00151&code=00101007049&supplier_code=00100002&order_time=2020-10-27 HTTP/1.1" 200 409
114.84.37.38 - - [27/Oct/2020:09:10:28 +0800] "POST /xingrg/kc/buy/cgsh_order_operate.html HTTP/1.1" 200 38141
222.69.137.113 - - [27/Oct/2020:09:10:29 +0800] "GET /xingrg/kc/buy/cgsh_order_operate.html?command=get_materiel&rest_code=00149&code=00101008355&supplier_code=00100005&order_time=2020-10-27 HTTP/1.1" 200 408
222.69.133.109 - - [27/Oct/2020:09:10:30 +0800] "GET /xingrg/all/function/internal_message.html?_=1603761031501&CODE_STATE=getMsg HTTP/1.1" 200 27
114.84.37.38 - - [27/Oct/2020:09:10:32 +0800] "GET /xingrg/kc/print/load_config.html?kc_code=cgsh HTTP/1.1" 200 1845
114.84.37.38 - - [27/Oct/2020:09:10:32 +0800] "GET /xingrg/kc/print/load_data.html?order_code=212020102711044&kc_code=cgsh&condition= HTTP/1.1" 200 14130
180.174.56.115 - - [27/Oct/2020:09:10:34 +0800] "GET /xingrg/kc/buy/cgsh_order_operate.html?command=get_materiel&rest_code=00150&code=00101008284&supplier_code=00100007&order_time=2020-10-27 HTTP/1.1" 200 413
180.174.56.115 - - [27/Oct/2020:09:10:34 +0800] "GET /xingrg/kc/buy/cgsh_order_operate.html?command=get_materiel&rest_code=00151&code=00101007081&supplier_code=00100002&order_time=2020-10-27 HTTP/1.1" 200 413
114.88.166.242 - - [27/Oct/2020:09:10:35 +0800] "GET /xingrg/all/function/internal_message.html?_=1603761130235&CODE_STATE=getMsg HTTP/1.1" 200 27
180.174.56.115 - - [27/Oct/2020:09:10:35 +0800] "GET /xingrg/check_reg.html?_=1603761001645 HTTP/1.1" 200 22
180.174.56.115 - - [27/Oct/2020:09:10:36 +0800] "GET /xingrg/all/function/internal_message.html?_=1603761001733&CODE_STATE=getMsg HTTP/1.1" 200 27
114.84.37.38 - - [27/Oct/2020:09:10:36 +0800] "GET /xingrg/all/function/internal_message.html?_=1603761041336&CODE_STATE=getMsg HTTP/1.1" 200 27
222.69.137.113 - - [27/Oct/2020:09:10:39 +0800] "GET /xingrg/kc/buy/cgsh_order_operate.html?command=get_materiel&rest_code=00149&code=00101008067&supplier_code=00100005&order_time=2020-10-27 HTTP/1.1" 200 416
180.174.56.115 - - [27/Oct/2020:09:10:41 +0800] "GET /xingrg/kc/buy/cgsh_order_operate.html?command=get_materiel&rest_code=00150&code=00101008090&supplier_code=00100007&order_time=2020-10-27 HTTP/1.1" 200 409
172.17.0.240 - - [27/Oct/2020:09:10:41 +0800] "GET /xingrg/all/function/internal_message.html?_=1603761040755&CODE_STATE=getMsg HTTP/1.1" 200 27
180.174.56.115 - - [27/Oct/2020:09:10:43 +0800] "POST /xingrg/kc/buy/cgsh_order_operate.html HTTP/1.1" 200 37
124.77.70.31 - - [27/Oct/2020:09:10:43 +0800] "GET /xingrg/all/function/internal_message.html?_=1603761041762&CODE_STATE=getMsg HTTP/1.1" 200 27
180.174.56.115 - - [27/Oct/2020:09:10:47 +0800] "POST /xingrg/kc/buy/cgsh_order_operate.html HTTP/1.1" 200 12
114.84.37.38 - - [27/Oct/2020:09:10:47 +0800] "GET /xingrg/kc/buy/cgsh_order_add.html HTTP/1.1" 200 60430
114.88.166.242 - - [27/Oct/2020:09:10:48 +0800] "GET /xingrg/all/function/internal_message.html?_=1603761046779&CODE_STATE=getMsg HTTP/1.1" 200 27
180.174.56.115 - - [27/Oct/2020:09:10:48 +0800] "GET /xingrg/kc/buy/cgsh_order_operate.html?command=get_materiel&rest_code=00150&code=00101008102&supplier_code=00100007&order_time=2020-10-27 HTTP/1.1" 200 413
180.174.56.115 - - [27/Oct/2020:09:10:48 +0800] "GET /xingrg/kc/buy/cgsh_order_info.html?code=212020102711045 HTTP/1.1" 200 54985
180.174.56.115 - - [27/Oct/2020:09:10:48 +0800] "GET /xingrg/javascript/easyui/themes/default/validatebox.css HTTP/1.1" 404 1104
114.84.37.38 - - [27/Oct/2020:09:10:49 +0800] "POST /xingrg/kc/buy/cgsh_order_operate.html HTTP/1.1" 200 8245
114.84.37.38 - - [27/Oct/2020:09:10:49 +0800] "GET /xingrg/javascript/easyui/themes/default/validatebox.css HTTP/1.1" 404 1104
180.174.56.115 - - [27/Oct/2020:09:10:49 +0800] "POST /xingrg/kc/buy/cgsh_order_operate.html HTTP/1.1" 200 2413
222.69.137.113 - - [27/Oct/2020:09:10:51 +0800] "GET /xingrg/kc/buy/cgsh_order_operate.html?command=get_materiel&rest_code=00149&code=00101008264&supplier_code=00100005&order_time=2020-10-27 HTTP/1.1" 200 412
180.174.56.115 - - [27/Oct/2020:09:10:52 +0800] "GET /xingrg/kc/print/load_data.html?order_code=212020102711045&kc_code=cgsh&condition= HTTP/1.1" 200 1501
180.174.56.115 - - [27/Oct/2020:09:10:54 +0800] "GET /xingrg/kc/buy/cgsh_order_operate.html?command=get_materiel&rest_code=00150&code=00101008271&supplier_code=00100007&order_time=2020-10-27 HTTP/1.1" 200 408
114.84.145.85 - - [27/Oct/2020:09:10:55 +0800] "GET /xingrg/all/function/internal_message.html?_=1603761062183&CODE_STATE=getMsg HTTP/1.1" 200 27
180.174.56.115 - - [27/Oct/2020:09:10:56 +0800] "POST /xingrg/kc/buy/cgsh_order_operate.html HTTP/1.1" 200 2065
222.69.137.113 - - [27/Oct/2020:09:10:56 +0800] "POST /xingrg/kc/buy/cgsh_order_operate.html HTTP/1.1" 200 2065
116.232.49.44 - - [27/Oct/2020:09:10:58 +0800] "GET /xingrg/all/function/internal_message.html?_=1603761090406&CODE_STATE=getMsg HTTP/1.1" 200 27
58.221.95.50 - - [27/Oct/2020:09:10:58 +0800] "GET /xingrg/all/function/internal_message.html?_=1603761237500&CODE_STATE=getMsg HTTP/1.1" 200 27
222.69.137.113 - - [27/Oct/2020:09:11:02 +0800] "GET /xingrg/kc/buy/cgsh_order_operate.html?command=get_materiel&rest_code=00149&code=00101009030&supplier_code=00100005&order_time=2020-10-27 HTTP/1.1" 200 412
172.17.200.101 - - [27/Oct/2020:09:11:05 +0800] "GET /xingrg/all/function/internal_message.html?_=1603761064820&CODE_STATE=getMsg HTTP/1.1" 200 27
114.84.37.38 - - [27/Oct/2020:09:11:09 +0800] "GET /xingrg/kc/buy/cgsh_order_operate.html?command=get_materiel&rest_code=00146&code=00101007061&supplier_code=00100002&order_time=2020-10-27 HTTP/1.1" 200 409
180.157.253.48 - - [27/Oct/2020:09:11:11 +0800] "GET /xingrg/all/function/internal_message.html?_=1603761071759&CODE_STATE=getMsg HTTP/1.1" 200 27
222.69.137.113 - - [27/Oct/2020:09:11:13 +0800] "GET /xingrg/all/function/internal_message.html?_=1603761071559&CODE_STATE=getMsg HTTP/1.1" 200 27
180.174.56.115 - - [27/Oct/2020:09:11:15 +0800] "GET /xingrg/kc/buy/cgsh_order_operate.html?command=get_materiel&rest_code=00150&code=00101008114&supplier_code=00100007&order_time=2020-10-27 HTTP/1.1" 200 412
222.69.137.113 - - [27/Oct/2020:09:11:17 +0800] "GET /xingrg/kc/buy/cgsh_order_operate.html?command=get_materiel&rest_code=00149&code=00101008356&supplier_code=00100005&order_time=2020-10-27 HTTP/1.1" 200 408
114.84.37.38 - - [27/Oct/2020:09:11:18 +0800] "GET /xingrg/all/function/internal_message.html?_=1603761102110&CODE_STATE=getMsg HTTP/1.1" 200 27
180.174.56.115 - - [27/Oct/2020:09:11:18 +0800] "GET /xingrg/all/function/internal_message.html?_=1603761076411&CODE_STATE=getMsg HTTP/1.1" 200 27
58.221.95.50 - - [27/Oct/2020:09:11:23 +0800] "GET /xingrg/check_reg.html?_=1603761262643 HTTP/1.1" 200 22
180.174.56.115 - - [27/Oct/2020:09:11:24 +0800] "GET /xingrg/kc/buy/cgsh_order_operate.html?command=get_materiel&rest_code=00150&code=00101008061&supplier_code=00100007&order_time=2020-10-27 HTTP/1.1" 200 422
114.84.37.38 - - [27/Oct/2020:09:11:24 +0800] "GET /xingrg/kc/buy/cgsh_order_operate.html?command=get_materiel&rest_code=00146&code=00101007081&supplier_code=00100002&order_time=2020-10-27 HTTP/1.1" 200 413
222.69.133.109 - - [27/Oct/2020:09:11:30 +0800] "GET /xingrg/all/function/internal_message.html?_=1603761091473&CODE_STATE=getMsg HTTP/1.1" 200 27
180.174.56.115 - - [27/Oct/2020:09:11:33 +0800] "GET /xingrg/all/function/internal_message.html?_=1603761061747&CODE_STATE=getMsg HTTP/1.1" 200 27
222.69.137.113 - - [27/Oct/2020:09:11:36 +0800] "GET /xingrg/kc/buy/cgsh_order_operate.html?command=get_materiel&rest_code=00149&code=00101008205&supplier_code=00100005&order_time=2020-10-27 HTTP/1.1" 200 412
114.84.37.38 - - [27/Oct/2020:09:11:36 +0800] "GET /xingrg/all/function/internal_message.html?_=1603761101349&CODE_STATE=getMsg HTTP/1.1" 200 27
101.89.239.230 - - [27/Oct/2020:09:11:38 +0800] "GET /xingrg/all/function/internal_message.html?_=1603760386894&CODE_STATE=getMsg HTTP/1.1" 302 -
114.88.166.242 - - [27/Oct/2020:09:11:38 +0800] "GET /xingrg/all/function/internal_message.html?_=1603761190234&CODE_STATE=getMsg HTTP/1.1" 200 27
61.151.178.177 - - [27/Oct/2020:09:11:40 +0800] "GET /xingrg/all/function/internal_message.html?_=1603760266867&CODE_STATE=getMsg HTTP/1.1" 302 -
114.84.37.38 - - [27/Oct/2020:09:11:41 +0800] "GET /xingrg/kc/buy/cgsh_order_operate.html?command=get_materiel&rest_code=00146&code=00101007076&supplier_code=00100002&order_time=2020-10-27 HTTP/1.1" 200 427
172.17.0.240 - - [27/Oct/2020:09:11:41 +0800] "GET /xingrg/all/function/internal_message.html?_=1603761100761&CODE_STATE=getMsg HTTP/1.1" 200 27
101.89.239.230 - - [27/Oct/2020:09:11:43 +0800] "GET /xingrg/login.html HTTP/1.1" 200 7641
114.84.37.38 - - [27/Oct/2020:09:11:43 +0800] "GET /xingrg/check_reg.html?_=1603761107949 HTTP/1.1" 200 22
124.77.70.31 - - [27/Oct/2020:09:11:43 +0800] "GET /xingrg/all/function/internal_message.html?_=1603761101735&CODE_STATE=getMsg HTTP/1.1" 200 27
61.151.178.177 - - [27/Oct/2020:09:11:44 +0800] "GET /xingrg/login.html HTTP/1.1" 200 7641
114.88.166.242 - - [27/Oct/2020:09:11:44 +0800] "GET /xingrg/kc/buy/cgsh_order_list.html HTTP/1.1" 200 44686
114.88.166.242 - - [27/Oct/2020:09:11:45 +0800] "GET /xingrg/check_reg.html?_=1603761104305 HTTP/1.1" 200 22
114.88.166.242 - - [27/Oct/2020:09:11:47 +0800] "POST /xingrg/kc/buy/cgsh_list_operate.html HTTP/1.1" 200 2414
114.88.166.242 - - [27/Oct/2020:09:11:48 +0800] "GET /xingrg/all/function/internal_message.html?_=1603761106782&CODE_STATE=getMsg HTTP/1.1" 200 27
180.174.56.115 - - [27/Oct/2020:09:11:53 +0800] "POST /xingrg/kc/buy/cgsh_order_operate.html HTTP/1.1" 200 37
180.174.56.115 - - [27/Oct/2020:09:11:55 +0800] "POST /xingrg/kc/buy/cgsh_order_operate.html HTTP/1.1" 200 30476
114.84.145.85 - - [27/Oct/2020:09:11:55 +0800] "GET /xingrg/all/function/internal_message.html?_=1603761122182&CODE_STATE=getMsg HTTP/1.1" 200 27
116.232.49.44 - - [27/Oct/2020:09:11:57 +0800] "GET /xingrg/all/function/internal_message.html?_=1603761150406&CODE_STATE=getMsg HTTP/1.1" 200 27
114.84.37.38 - - [27/Oct/2020:09:11:58 +0800] "GET /xingrg/kc/buy/cgsh_order_operate.html?command=get_materiel&rest_code=00146&code=00101007063&supplier_code=00100002&order_time=2020-10-27 HTTP/1.1" 200 409
58.221.95.50 - - [27/Oct/2020:09:11:58 +0800] "GET /xingrg/all/function/internal_message.html?_=1603761297476&CODE_STATE=getMsg HTTP/1.1" 200 27
172.17.200.101 - - [27/Oct/2020:09:12:05 +0800] "GET /xingrg/all/function/internal_message.html?_=1603761124822&CODE_STATE=getMsg HTTP/1.1" 200 27
222.69.137.113 - - [27/Oct/2020:09:12:06 +0800] "GET /xingrg/kc/buy/cgsh_order_operate.html?command=get_materiel&rest_code=00149&code=00101015004&supplier_code=00100005&order_time=2020-10-27 HTTP/1.1" 200 408
222.69.137.113 - - [27/Oct/2020:09:12:10 +0800] "POST /xingrg/kc/buy/cgsh_order_operate.html HTTP/1.1" 200 2065
180.157.253.48 - - [27/Oct/2020:09:12:11 +0800] "GET /xingrg/all/function/internal_message.html?_=1603761131745&CODE_STATE=getMsg HTTP/1.1" 200 27
222.69.137.113 - - [27/Oct/2020:09:12:13 +0800] "GET /xingrg/all/function/internal_message.html?_=1603761131538&CODE_STATE=getMsg HTTP/1.1" 200 27
222.69.137.113 - - [27/Oct/2020:09:12:15 +0800] "GET /xingrg/kc/buy/cgsh_order_operate.html?command=get_materiel&rest_code=00149&code=00101008137&supplier_code=00100005&order_time=2020-10-27 HTTP/1.1" 200 427
114.84.37.38 - - [27/Oct/2020:09:12:18 +0800] "GET /xingrg/all/function/internal_message.html?_=1603761162133&CODE_STATE=getMsg HTTP/1.1" 200 27
180.174.56.115 - - [27/Oct/2020:09:12:18 +0800] "GET /xingrg/all/function/internal_message.html?_=1603761136373&CODE_STATE=getMsg HTTP/1.1" 200 27
114.84.37.38 - - [27/Oct/2020:09:12:20 +0800] "POST /xingrg/kc/buy/cgsh_order_operate.html HTTP/1.1" 200 37
180.174.56.115 - - [27/Oct/2020:09:12:23 +0800] "POST /xingrg/kc/buy/cgsh_order_operate.html HTTP/1.1" 200 37
114.84.37.38 - - [27/Oct/2020:09:12:23 +0800] "POST /xingrg/kc/buy/cgsh_order_operate.html HTTP/1.1" 200 4423
180.174.56.115 - - [27/Oct/2020:09:12:24 +0800] "POST /xingrg/kc/buy/cgsh_order_operate.html HTTP/1.1" 200 30476
222.69.137.113 - - [27/Oct/2020:09:12:25 +0800] "GET /xingrg/kc/buy/cgsh_order_operate.html?command=get_materiel&rest_code=00149&code=00101008223&supplier_code=00100005&order_time=2020-10-27 HTTP/1.1" 200 431
114.84.37.38 - - [27/Oct/2020:09:12:27 +0800] "GET /xingrg/kc/print/load_data.html?order_code=212020102711046&kc_code=cgsh&condition= HTTP/1.1" 200 1420
222.69.133.109 - - [27/Oct/2020:09:12:30 +0800] "GET /xingrg/all/function/internal_message.html?_=1603761151445&CODE_STATE=getMsg HTTP/1.1" 200 27
180.174.56.115 - - [27/Oct/2020:09:12:33 +0800] "GET /xingrg/all/function/internal_message.html?_=1603761121812&CODE_STATE=getMsg HTTP/1.1" 200 27
222.69.137.113 - - [27/Oct/2020:09:12:34 +0800] "GET /xingrg/kc/buy/cgsh_order_operate.html?command=get_materiel&rest_code=00149&code=00101008079&supplier_code=00100005&order_time=2020-10-27 HTTP/1.1" 200 416
114.88.166.242 - - [27/Oct/2020:09:12:35 +0800] "GET /xingrg/all/function/internal_message.html?_=1603761250225&CODE_STATE=getMsg HTTP/1.1" 200 27
114.88.166.242 - - [27/Oct/2020:09:12:35 +0800] "GET /xingrg/check_reg.html?_=1603761250225 HTTP/1.1" 200 22
114.84.37.38 - - [27/Oct/2020:09:12:36 +0800] "GET /xingrg/all/function/internal_message.html?_=1603761161363&CODE_STATE=getMsg HTTP/1.1" 200 27
172.17.0.240 - - [27/Oct/2020:09:12:41 +0800] "GET /xingrg/all/function/internal_message.html?_=1603761160753&CODE_STATE=getMsg HTTP/1.1" 200 27
124.77.70.31 - - [27/Oct/2020:09:12:43 +0800] "GET /xingrg/check_reg.html?_=1603761161247 HTTP/1.1" 200 22
124.77.70.31 - - [27/Oct/2020:09:12:43 +0800] "GET /xingrg/all/function/internal_message.html?_=1603761161716&CODE_STATE=getMsg HTTP/1.1" 200 27
114.88.166.242 - - [27/Oct/2020:09:12:48 +0800] "GET /xingrg/all/function/internal_message.html?_=1603761166799&CODE_STATE=getMsg HTTP/1.1" 200 27
222.69.133.109 - - [27/Oct/2020:09:12:52 +0800] "GET /xingrg/kc/base/wldb_order_list.html HTTP/1.1" 200 19383
222.69.133.109 - - [27/Oct/2020:09:12:52 +0800] "POST /xingrg/kc/base/wldb_list_operate.html HTTP/1.1" 200 2579
222.69.133.109 - - [27/Oct/2020:09:12:54 +0800] "GET /xingrg/kc/base/wldb_order_add.html HTTP/1.1" 200 30552
222.69.133.109 - - [27/Oct/2020:09:12:54 +0800] "POST /xingrg/kc/base/wldb_order_operate.html HTTP/1.1" 200 6806
222.69.133.109 - - [27/Oct/2020:09:12:54 +0800] "GET /xingrg/all/common/auto_word.html?type=base&rest_code=00154 HTTP/1.1" 200 677
222.69.133.109 - - [27/Oct/2020:09:12:54 +0800] "GET /xingrg/all/common/auto_word.html?type=base&rest_code=00154 HTTP/1.1" 200 677
222.69.133.109 - - [27/Oct/2020:09:12:55 +0800] "GET /xingrg/javascript/easyui/themes/default/validatebox.css HTTP/1.1" 404 1104
114.84.145.85 - - [27/Oct/2020:09:12:55 +0800] "GET /xingrg/all/function/internal_message.html?_=1603761182180&CODE_STATE=getMsg HTTP/1.1" 200 27
114.84.145.85 - - [27/Oct/2020:09:12:55 +0800] "GET /xingrg/check_reg.html?_=1603761182181 HTTP/1.1" 200 22
222.69.133.109 - - [27/Oct/2020:09:12:56 +0800] "POST /xingrg/all/common/load_combo.html?type=base HTTP/1.1" 200 1224
116.232.49.44 - - [27/Oct/2020:09:12:57 +0800] "GET /xingrg/all/function/internal_message.html?_=1603761210406&CODE_STATE=getMsg HTTP/1.1" 200 27
58.221.95.50 - - [27/Oct/2020:09:12:58 +0800] "GET /xingrg/all/function/internal_message.html?_=1603761357444&CODE_STATE=getMsg HTTP/1.1" 200 27
172.17.200.101 - - [27/Oct/2020:09:13:05 +0800] "GET /xingrg/all/function/internal_message.html?_=1603761184824&CODE_STATE=getMsg HTTP/1.1" 200 27
114.84.37.38 - - [27/Oct/2020:09:13:08 +0800] "GET /xingrg/check_reg.html?_=1603761212761 HTTP/1.1" 200 22
180.157.253.48 - - [27/Oct/2020:09:13:11 +0800] "GET /xingrg/all/function/internal_message.html?_=1603761191739&CODE_STATE=getMsg HTTP/1.1" 200 27
222.69.137.113 - - [27/Oct/2020:09:13:11 +0800] "GET /xingrg/kc/buy/cgsh_order_operate.html?command=get_materiel&rest_code=00149&code=00101008357&supplier_code=00100005&order_time=2020-10-27 HTTP/1.1" 200 428
222.69.133.109 - - [27/Oct/2020:09:13:13 +0800] "GET /xingrg/kc/base/wldb_order_operate.html?command=get_materiel&rest_code=00154&base_code=0010724&code=00101008022 HTTP/1.1" 200 453
222.69.137.113 - - [27/Oct/2020:09:13:13 +0800] "GET /xingrg/all/function/internal_message.html?_=1603761191522&CODE_STATE=getMsg HTTP/1.1" 200 27
114.84.37.38 - - [27/Oct/2020:09:13:18 +0800] "GET /xingrg/all/function/internal_message.html?_=1603761222137&CODE_STATE=getMsg HTTP/1.1" 200 27
180.174.56.115 - - [27/Oct/2020:09:13:18 +0800] "GET /xingrg/all/function/internal_message.html?_=1603761196354&CODE_STATE=getMsg HTTP/1.1" 200 27
222.69.133.109 - - [27/Oct/2020:09:13:21 +0800] "POST /xingrg/all/common/load_select.html HTTP/1.1" 200 25
222.69.133.109 - - [27/Oct/2020:09:13:23 +0800] "GET /xingrg/kc/base/wldb_order_operate.html?command=get_materiel_price&rest_code=00154&base_code=0010724&code=00101008022&unit_code=00100032 HTTP/1.1" 200 34
222.69.137.113 - - [27/Oct/2020:09:13:24 +0800] "POST /xingrg/kc/buy/cgsh_order_operate.html HTTP/1.1" 200 2065
222.69.137.113 - - [27/Oct/2020:09:13:28 +0800] "GET /xingrg/kc/buy/cgsh_order_operate.html?command=get_materiel&rest_code=00149&code=00101008069&supplier_code=00100005&order_time=2020-10-27 HTTP/1.1" 200 431
222.69.133.109 - - [27/Oct/2020:09:13:30 +0800] "GET /xingrg/all/function/internal_message.html?_=1603761211428&CODE_STATE=getMsg HTTP/1.1" 200 27
180.174.56.115 - - [27/Oct/2020:09:13:33 +0800] "GET /xingrg/all/function/internal_message.html?_=1603761181883&CODE_STATE=getMsg HTTP/1.1" 200 27
114.88.166.242 - - [27/Oct/2020:09:13:35 +0800] "GET /xingrg/all/function/internal_message.html?_=1603761310225&CODE_STATE=getMsg HTTP/1.1" 200 27
114.84.37.38 - - [27/Oct/2020:09:13:37 +0800] "GET /xingrg/all/function/internal_message.html?_=1603761221790&CODE_STATE=getMsg HTTP/1.1" 200 27
101.89.29.78 - - [27/Oct/2020:09:13:41 +0800] "GET /xingrg/all/function/internal_message.html?_=1603760566888&CODE_STATE=getMsg HTTP/1.1" 302 -
172.17.0.240 - - [27/Oct/2020:09:13:41 +0800] "GET /xingrg/all/function/internal_message.html?_=1603761220758&CODE_STATE=getMsg HTTP/1.1" 200 27
124.77.70.31 - - [27/Oct/2020:09:13:43 +0800] "GET /xingrg/all/function/internal_message.html?_=1603761221693&CODE_STATE=getMsg HTTP/1.1" 200 27
114.88.166.242 - - [27/Oct/2020:09:13:48 +0800] "GET /xingrg/all/function/internal_message.html?_=1603761226817&CODE_STATE=getMsg HTTP/1.1" 200 27
101.89.29.78 - - [27/Oct/2020:09:13:50 +0800] "GET /xingrg/login.html HTTP/1.1" 200 7641
114.84.145.85 - - [27/Oct/2020:09:13:55 +0800] "GET /xingrg/all/function/internal_message.html?_=1603761242179&CODE_STATE=getMsg HTTP/1.1" 200 27
116.232.49.44 - - [27/Oct/2020:09:13:57 +0800] "GET /xingrg/check_reg.html?_=1603761270375 HTTP/1.1" 200 22
116.232.49.44 - - [27/Oct/2020:09:13:57 +0800] "GET /xingrg/all/function/internal_message.html?_=1603761270406&CODE_STATE=getMsg HTTP/1.1" 200 27
58.221.95.50 - - [27/Oct/2020:09:13:58 +0800] "GET /xingrg/all/function/internal_message.html?_=1603761417419&CODE_STATE=getMsg HTTP/1.1" 200 27
172.17.200.101 - - [27/Oct/2020:09:14:05 +0800] "GET /xingrg/all/function/internal_message.html?_=1603761244811&CODE_STATE=getMsg HTTP/1.1" 200 27
180.157.253.48 - - [27/Oct/2020:09:14:11 +0800] "GET /xingrg/all/function/internal_message.html?_=1603761251733&CODE_STATE=getMsg HTTP/1.1" 200 27
222.69.137.113 - - [27/Oct/2020:09:14:13 +0800] "GET /xingrg/all/function/internal_message.html?_=1603761251513&CODE_STATE=getMsg HTTP/1.1" 200 27
172.17.0.123 - - [27/Oct/2020:09:14:16 +0800] "GET /favicon.ico HTTP/1.1" 404 -
222.69.137.113 - - [27/Oct/2020:09:14:16 +0800] "GET /xingrg/kc/buy/cgsh_order_operate.html?command=get_materiel&rest_code=00149&code=00101008286&supplier_code=00100005&order_time=2020-10-27 HTTP/1.1" 200 408
120.253.135.82 - - [27/Oct/2020:09:14:17 +0800] "GET /xingrg/check_reg.html?_=1603761368784 HTTP/1.1" 200 22
114.84.37.38 - - [27/Oct/2020:09:14:18 +0800] "GET /xingrg/all/function/internal_message.html?_=1603761282151&CODE_STATE=getMsg HTTP/1.1" 200 27
180.174.56.115 - - [27/Oct/2020:09:14:18 +0800] "GET /xingrg/all/function/internal_message.html?_=1603761256500&CODE_STATE=getMsg HTTP/1.1" 200 27
180.174.56.115 - - [27/Oct/2020:09:14:23 +0800] "POST /xingrg/kc/buy/cgsh_order_operate.html HTTP/1.1" 200 37
180.174.56.115 - - [27/Oct/2020:09:14:24 +0800] "POST /xingrg/kc/buy/cgsh_order_operate.html HTTP/1.1" 200 30476
222.69.137.113 - - [27/Oct/2020:09:14:28 +0800] "GET /xingrg/kc/buy/cgsh_order_operate.html?command=get_materiel&rest_code=00149&code=00101008036&supplier_code=00100005&order_time=2020-10-27 HTTP/1.1" 200 427
222.69.133.109 - - [27/Oct/2020:09:14:30 +0800] "GET /xingrg/all/function/internal_message.html?_=1603761271406&CODE_STATE=getMsg HTTP/1.1" 200 27
222.69.133.109 - - [27/Oct/2020:09:14:31 +0800] "GET /xingrg/check_reg.html?_=1603761272298 HTTP/1.1" 200 22
180.174.56.115 - - [27/Oct/2020:09:14:33 +0800] "GET /xingrg/all/function/internal_message.html?_=1603761241968&CODE_STATE=getMsg HTTP/1.1" 200 27
114.88.166.242 - - [27/Oct/2020:09:14:35 +0800] "GET /xingrg/all/function/internal_message.html?_=1603761370233&CODE_STATE=getMsg HTTP/1.1" 200 27
114.84.37.38 - - [27/Oct/2020:09:14:37 +0800] "GET /xingrg/all/function/internal_message.html?_=1603761281796&CODE_STATE=getMsg HTTP/1.1" 200 27
172.17.0.240 - - [27/Oct/2020:09:14:41 +0800] "GET /xingrg/check_reg.html?_=1603761280762 HTTP/1.1" 200 22
172.17.0.240 - - [27/Oct/2020:09:14:41 +0800] "GET /xingrg/all/function/internal_message.html?_=1603761280764&CODE_STATE=getMsg HTTP/1.1" 200 27
222.69.137.113 - - [27/Oct/2020:09:14:41 +0800] "GET /xingrg/kc/buy/cgsh_order_operate.html?command=get_materiel&rest_code=00149&code=00101008296&supplier_code=00100005&order_time=2020-10-27 HTTP/1.1" 200 435
124.77.70.31 - - [27/Oct/2020:09:14:43 +0800] "GET /xingrg/all/function/internal_message.html?_=1603761281677&CODE_STATE=getMsg HTTP/1.1" 200 27
222.69.137.113 - - [27/Oct/2020:09:14:46 +0800] "POST /xingrg/kc/buy/cgsh_order_operate.html HTTP/1.1" 200 2065
