114.88.166.242 - - [27/Oct/2020:10:11:45 +0800] "GET /xingrg/check_reg.html?_=1603764704479 HTTP/1.1" 200 22
114.84.37.38 - - [27/Oct/2020:10:11:46 +0800] "GET /xingrg/all/function/internal_message.html?_=1603764711213&CODE_STATE=getMsg HTTP/1.1" 200 27
114.88.166.242 - - [27/Oct/2020:10:11:49 +0800] "GET /xingrg/all/function/internal_message.html?_=1603764707922&CODE_STATE=getMsg HTTP/1.1" 200 27
180.162.245.190 - - [27/Oct/2020:10:11:50 +0800] "GET /xingrg/kc/buy/cgsh_order_operate.html?command=get_materiel&rest_code=00105&code=00101008507&supplier_code=00100024&order_time=2020-10-27 HTTP/1.1" 200 395
180.162.25.93 - - [27/Oct/2020:10:11:50 +0800] "GET /xingrg/all/function/internal_message.html?_=1603764710212&CODE_STATE=getMsg HTTP/1.1" 200 27
172.17.0.123 - - [27/Oct/2020:10:11:53 +0800] "GET /xingrg/all/function/internal_message.html?_=1603764675100&CODE_STATE=getMsg HTTP/1.1" 200 27
114.84.145.85 - - [27/Oct/2020:10:11:55 +0800] "GET /xingrg/all/function/internal_message.html?_=1603764722261&CODE_STATE=getMsg HTTP/1.1" 200 27
58.221.95.50 - - [27/Oct/2020:10:11:57 +0800] "GET /xingrg/all/function/internal_message.html?_=1603764896076&CODE_STATE=getMsg HTTP/1.1" 200 27
116.232.49.44 - - [27/Oct/2020:10:11:57 +0800] "GET /xingrg/all/function/internal_message.html?_=1603764750484&CODE_STATE=getMsg HTTP/1.1" 200 27
124.77.70.31 - - [27/Oct/2020:10:11:57 +0800] "GET /xingrg/all/function/internal_message.html?_=1603764715776&CODE_STATE=getMsg HTTP/1.1" 200 27
180.162.245.190 - - [27/Oct/2020:10:12:01 +0800] "GET /xingrg/kc/buy/cgsh_order_operate.html?command=get_materiel&rest_code=00105&code=00101009019&supplier_code=00100024&order_time=2020-10-27 HTTP/1.1" 200 432
172.17.200.101 - - [27/Oct/2020:10:12:05 +0800] "GET /xingrg/all/function/internal_message.html?_=1603764724961&CODE_STATE=getMsg HTTP/1.1" 200 27
180.161.96.95 - - [27/Oct/2020:10:12:09 +0800] "GET /xingrg/all/function/internal_message.html?_=1603764948490&CODE_STATE=getMsg HTTP/1.1" 200 27
180.157.253.48 - - [27/Oct/2020:10:12:11 +0800] "GET /xingrg/all/function/internal_message.html?_=1603764731362&CODE_STATE=getMsg HTTP/1.1" 200 27
180.174.56.115 - - [27/Oct/2020:10:12:11 +0800] "GET /xingrg/all/function/internal_message.html?_=1603764729468&CODE_STATE=getMsg HTTP/1.1" 200 27
222.69.137.113 - - [27/Oct/2020:10:12:12 +0800] "GET /xingrg/all/function/internal_message.html?_=1603764730413&CODE_STATE=getMsg HTTP/1.1" 200 27
180.162.245.190 - - [27/Oct/2020:10:12:14 +0800] "GET /xingrg/kc/buy/cgsh_order_operate.html?command=get_materiel&rest_code=00105&code=00101009062&supplier_code=00100024&order_time=2020-10-27 HTTP/1.1" 200 436
120.253.135.82 - - [27/Oct/2020:10:12:18 +0800] "GET /xingrg/check_reg.html?_=1603764485998 HTTP/1.1" 200 22
114.84.37.38 - - [27/Oct/2020:10:12:18 +0800] "GET /xingrg/all/function/internal_message.html?_=1603764762950&CODE_STATE=getMsg HTTP/1.1" 200 27
120.253.135.82 - - [27/Oct/2020:10:12:18 +0800] "GET /xingrg/all/function/internal_message.html?_=1603764486196&CODE_STATE=getMsg HTTP/1.1" 200 27
172.17.0.101 - - [27/Oct/2020:10:12:21 +0800] "GET /xingrg/all/function/internal_message.html?_=1603764766082&CODE_STATE=getMsg HTTP/1.1" 200 27
172.17.0.101 - - [27/Oct/2020:10:12:21 +0800] "GET /xingrg/check_reg.html?_=1603764766085 HTTP/1.1" 200 22
180.157.253.48 - - [27/Oct/2020:10:12:28 +0800] "GET /xingrg/all/function/internal_message.html?_=1603764751873&CODE_STATE=getMsg HTTP/1.1" 200 27
222.69.133.109 - - [27/Oct/2020:10:12:29 +0800] "GET /xingrg/all/function/internal_message.html?_=1603764750264&CODE_STATE=getMsg HTTP/1.1" 200 27
180.162.245.190 - - [27/Oct/2020:10:12:30 +0800] "GET /xingrg/all/function/internal_message.html?_=1603764750700&CODE_STATE=getMsg HTTP/1.1" 200 27
101.88.151.31 - - [27/Oct/2020:10:12:32 +0800] "GET /xingrg/all/function/internal_message.html?_=1603764752279&CODE_STATE=getMsg HTTP/1.1" 200 27
222.69.137.113 - - [27/Oct/2020:10:12:34 +0800] "GET /xingrg/kc/buy/cgsh_order_operate.html?command=get_materiel&rest_code=00149&code=00101006179&supplier_code=00100012&order_time=2020-10-27 HTTP/1.1" 200 419
114.88.166.242 - - [27/Oct/2020:10:12:35 +0800] "GET /xingrg/check_reg.html?_=1603764850329 HTTP/1.1" 200 22
114.88.166.242 - - [27/Oct/2020:10:12:35 +0800] "GET /xingrg/all/function/internal_message.html?_=1603764850330&CODE_STATE=getMsg HTTP/1.1" 200 27
180.174.56.115 - - [27/Oct/2020:10:12:36 +0800] "GET /xingrg/all/function/internal_message.html?_=1603764725041&CODE_STATE=getMsg HTTP/1.1" 200 27
172.17.0.240 - - [27/Oct/2020:10:12:41 +0800] "GET /xingrg/all/function/internal_message.html?_=1603764760804&CODE_STATE=getMsg HTTP/1.1" 200 27
180.162.245.190 - - [27/Oct/2020:10:12:42 +0800] "GET /xingrg/kc/buy/cgsh_order_operate.html?command=get_materiel&rest_code=00105&code=00101009088&supplier_code=00100024&order_time=2020-10-27 HTTP/1.1" 200 412
114.84.37.38 - - [27/Oct/2020:10:12:46 +0800] "GET /xingrg/all/function/internal_message.html?_=1603764771226&CODE_STATE=getMsg HTTP/1.1" 200 27
114.88.166.242 - - [27/Oct/2020:10:12:49 +0800] "GET /xingrg/all/function/internal_message.html?_=1603764767936&CODE_STATE=getMsg HTTP/1.1" 200 27
180.162.25.93 - - [27/Oct/2020:10:12:50 +0800] "GET /xingrg/all/function/internal_message.html?_=1603764770215&CODE_STATE=getMsg HTTP/1.1" 200 27
172.17.0.123 - - [27/Oct/2020:10:12:53 +0800] "GET /xingrg/check_reg.html?_=1603764735086 HTTP/1.1" 200 22
172.17.0.123 - - [27/Oct/2020:10:12:53 +0800] "GET /xingrg/all/function/internal_message.html?_=1603764735087&CODE_STATE=getMsg HTTP/1.1" 200 27
114.84.145.85 - - [27/Oct/2020:10:12:55 +0800] "GET /xingrg/check_reg.html?_=1603764782259 HTTP/1.1" 200 22
114.84.145.85 - - [27/Oct/2020:10:12:55 +0800] "GET /xingrg/all/function/internal_message.html?_=1603764782260&CODE_STATE=getMsg HTTP/1.1" 200 27
58.221.95.50 - - [27/Oct/2020:10:12:57 +0800] "GET /xingrg/all/function/internal_message.html?_=1603764956051&CODE_STATE=getMsg HTTP/1.1" 200 27
116.232.49.44 - - [27/Oct/2020:10:12:57 +0800] "GET /xingrg/all/function/internal_message.html?_=1603764810484&CODE_STATE=getMsg HTTP/1.1" 200 27
124.77.70.31 - - [27/Oct/2020:10:12:57 +0800] "GET /xingrg/check_reg.html?_=1603764775763 HTTP/1.1" 200 22
124.77.70.31 - - [27/Oct/2020:10:12:57 +0800] "GET /xingrg/all/function/internal_message.html?_=1603764775771&CODE_STATE=getMsg HTTP/1.1" 200 27
172.17.200.101 - - [27/Oct/2020:10:13:05 +0800] "GET /xingrg/all/function/internal_message.html?_=1603764784962&CODE_STATE=getMsg HTTP/1.1" 200 27
114.84.37.38 - - [27/Oct/2020:10:13:08 +0800] "GET /xingrg/check_reg.html?_=1603764812836 HTTP/1.1" 200 22
180.161.96.95 - - [27/Oct/2020:10:13:09 +0800] "GET /xingrg/all/function/internal_message.html?_=1603765008502&CODE_STATE=getMsg HTTP/1.1" 200 27
180.157.253.48 - - [27/Oct/2020:10:13:11 +0800] "GET /xingrg/all/function/internal_message.html?_=1603764791348&CODE_STATE=getMsg HTTP/1.1" 200 27
180.174.56.115 - - [27/Oct/2020:10:13:11 +0800] "GET /xingrg/all/function/internal_message.html?_=1603764789453&CODE_STATE=getMsg HTTP/1.1" 200 27
222.69.137.113 - - [27/Oct/2020:10:13:12 +0800] "GET /xingrg/all/function/internal_message.html?_=1603764790399&CODE_STATE=getMsg HTTP/1.1" 200 27
222.69.137.113 - - [27/Oct/2020:10:13:15 +0800] "GET /xingrg/kc/buy/cgsh_order_operate.html?command=get_materiel&rest_code=00149&code=00101007068&supplier_code=00100012&order_time=2020-10-27 HTTP/1.1" 200 409
114.84.37.38 - - [27/Oct/2020:10:13:18 +0800] "GET /xingrg/all/function/internal_message.html?_=1603764822952&CODE_STATE=getMsg HTTP/1.1" 200 27
120.253.135.82 - - [27/Oct/2020:10:13:18 +0800] "GET /xingrg/all/function/internal_message.html?_=1603764546209&CODE_STATE=getMsg HTTP/1.1" 200 27
172.17.0.101 - - [27/Oct/2020:10:13:21 +0800] "GET /xingrg/all/function/internal_message.html?_=1603764826084&CODE_STATE=getMsg HTTP/1.1" 200 27
222.69.133.109 - - [27/Oct/2020:10:13:24 +0800] "GET /xingrg/kc/base/wldb_order_list.html HTTP/1.1" 200 19424
222.69.133.109 - - [27/Oct/2020:10:13:25 +0800] "POST /xingrg/kc/base/wldb_list_operate.html HTTP/1.1" 200 2976
222.69.133.109 - - [27/Oct/2020:10:13:27 +0800] "GET /xingrg/kc/base/wldb_order_add.html HTTP/1.1" 200 30593
222.69.133.109 - - [27/Oct/2020:10:13:27 +0800] "POST /xingrg/kc/base/wldb_order_operate.html HTTP/1.1" 200 6806
222.69.133.109 - - [27/Oct/2020:10:13:27 +0800] "GET /xingrg/javascript/easyui/themes/default/validatebox.css HTTP/1.1" 404 1104
180.157.253.48 - - [27/Oct/2020:10:13:28 +0800] "GET /xingrg/check_reg.html?_=1603764811556 HTTP/1.1" 200 22
180.157.253.48 - - [27/Oct/2020:10:13:28 +0800] "GET /xingrg/all/function/internal_message.html?_=1603764811887&CODE_STATE=getMsg HTTP/1.1" 200 27
222.69.137.113 - - [27/Oct/2020:10:13:28 +0800] "POST /xingrg/kc/buy/cgsh_order_operate.html HTTP/1.1" 200 37
222.69.133.109 - - [27/Oct/2020:10:13:29 +0800] "POST /xingrg/all/common/load_combo.html?type=base HTTP/1.1" 200 1224
222.69.133.109 - - [27/Oct/2020:10:13:29 +0800] "GET /xingrg/all/function/internal_message.html?_=1603764810279&CODE_STATE=getMsg HTTP/1.1" 200 27
180.162.245.190 - - [27/Oct/2020:10:13:30 +0800] "GET /xingrg/all/function/internal_message.html?_=1603764810696&CODE_STATE=getMsg HTTP/1.1" 200 27
101.88.151.31 - - [27/Oct/2020:10:13:32 +0800] "GET /xingrg/check_reg.html?_=1603764812273 HTTP/1.1" 200 22
101.88.151.31 - - [27/Oct/2020:10:13:32 +0800] "GET /xingrg/all/function/internal_message.html?_=1603764812277&CODE_STATE=getMsg HTTP/1.1" 200 27
114.88.166.242 - - [27/Oct/2020:10:13:35 +0800] "GET /xingrg/all/function/internal_message.html?_=1603764910328&CODE_STATE=getMsg HTTP/1.1" 200 27
222.69.137.113 - - [27/Oct/2020:10:13:35 +0800] "POST /xingrg/kc/buy/cgsh_order_operate.html HTTP/1.1" 200 12
180.174.56.115 - - [27/Oct/2020:10:13:36 +0800] "GET /xingrg/all/function/internal_message.html?_=1603764785060&CODE_STATE=getMsg HTTP/1.1" 200 27
222.69.137.113 - - [27/Oct/2020:10:13:37 +0800] "GET /xingrg/kc/buy/cgsh_order_info.html?code=212020102711074 HTTP/1.1" 200 55421
222.69.137.113 - - [27/Oct/2020:10:13:37 +0800] "GET /xingrg/words/20201027041759_words.js HTTP/1.1" 304 -
222.69.137.113 - - [27/Oct/2020:10:13:37 +0800] "GET /xingrg/javascript/easyui/themes/default/validatebox.css HTTP/1.1" 404 1104
222.69.137.113 - - [27/Oct/2020:10:13:37 +0800] "POST /xingrg/kc/buy/cgsh_order_operate.html HTTP/1.1" 200 3574
222.69.137.113 - - [27/Oct/2020:10:13:39 +0800] "GET /xingrg/kc/print/load_data.html?order_code=212020102711074&kc_code=cgsh&condition= HTTP/1.1" 200 1941
114.84.145.85 - - [27/Oct/2020:10:13:39 +0800] "GET /xingrg/javascript/jquery_easy_ui/themes/default/images/tabs_active.png HTTP/1.1" 200 2894
114.84.145.85 - - [27/Oct/2020:10:13:40 +0800] "GET /xingrg/javascript/jquery_easy_ui/themes/default/images/tabs_close.gif HTTP/1.1" 200 829
114.84.145.85 - - [27/Oct/2020:10:13:40 +0800] "GET /xingrg/kc/base/base_main.html HTTP/1.1" 200 12142
114.84.145.85 - - [27/Oct/2020:10:13:40 +0800] "GET /xingrg/images/blue/button/ckpd.gif HTTP/1.1" 200 2051
114.84.145.85 - - [27/Oct/2020:10:13:40 +0800] "GET /xingrg/images/blue/button/kc.gif HTTP/1.1" 200 2160
114.84.145.85 - - [27/Oct/2020:10:13:40 +0800] "GET /xingrg/images/blue/button/ckdb.gif HTTP/1.1" 200 1950
114.84.145.85 - - [27/Oct/2020:10:13:40 +0800] "GET /xingrg/images/blue/button/yddb.gif HTTP/1.1" 200 2040
114.84.145.85 - - [27/Oct/2020:10:13:40 +0800] "GET /xingrg/images/blue/button/wlsy.gif HTTP/1.1" 200 2536
114.84.145.85 - - [27/Oct/2020:10:13:40 +0800] "GET /xingrg/images/blue/pic_form2.gif HTTP/1.1" 200 1853
114.84.145.85 - - [27/Oct/2020:10:13:40 +0800] "GET /xingrg/images/blue/bg_dotted.jpg HTTP/1.1" 200 319
114.84.145.85 - - [27/Oct/2020:10:13:40 +0800] "GET /xingrg/images/blue/button/top_left.jpg HTTP/1.1" 200 1632
114.84.145.85 - - [27/Oct/2020:10:13:40 +0800] "GET /xingrg/images/blue/button/top_right.jpg HTTP/1.1" 200 1708
114.84.145.85 - - [27/Oct/2020:10:13:40 +0800] "GET /xingrg/images/blue/button/down.jpg HTTP/1.1" 200 1560
114.84.145.85 - - [27/Oct/2020:10:13:40 +0800] "GET /xingrg/images/blue/button/left_ah.jpg HTTP/1.1" 200 1643
114.84.145.85 - - [27/Oct/2020:10:13:40 +0800] "GET /xingrg/images/blue/button/right_ah.jpg HTTP/1.1" 200 1744
114.84.145.85 - - [27/Oct/2020:10:13:40 +0800] "GET /xingrg/images/blue/button/bottom_right.jpg HTTP/1.1" 200 1436
114.84.145.85 - - [27/Oct/2020:10:13:40 +0800] "GET /xingrg/images/blue/button/bottom_left.jpg HTTP/1.1" 200 1524
114.84.37.38 - - [27/Oct/2020:10:13:41 +0800] "GET /xingrg/kc/buy/cgsh_order_operate.html?command=get_materiel&rest_code=00146&code=00101006129&supplier_code=00100012&order_time=2020-10-27 HTTP/1.1" 200 431
172.17.0.240 - - [27/Oct/2020:10:13:41 +0800] "GET /xingrg/all/function/internal_message.html?_=1603764820807&CODE_STATE=getMsg HTTP/1.1" 200 27
114.84.145.85 - - [27/Oct/2020:10:13:44 +0800] "GET /xingrg/kc/buy/buy_main.html HTTP/1.1" 200 12412
114.84.145.85 - - [27/Oct/2020:10:13:44 +0800] "GET /xingrg/css/new_ie.css HTTP/1.1" 404 1036
114.84.145.85 - - [27/Oct/2020:10:13:44 +0800] "GET /xingrg/images/blue/button/cgxqd.gif HTTP/1.1" 200 2619
114.84.145.85 - - [27/Oct/2020:10:13:44 +0800] "GET /xingrg/images/blue/button/cgydd.gif HTTP/1.1" 200 2712
114.84.145.85 - - [27/Oct/2020:10:13:44 +0800] "GET /xingrg/images/blue/button/cgfkd.gif HTTP/1.1" 200 2075
114.84.145.85 - - [27/Oct/2020:10:13:44 +0800] "GET /xingrg/images/blue/button/cgshd.gif HTTP/1.1" 200 2618
114.84.145.85 - - [27/Oct/2020:10:13:44 +0800] "GET /xingrg/images/blue/button/ckthd.gif HTTP/1.1" 200 2045
114.84.145.85 - - [27/Oct/2020:10:13:44 +0800] "GET /xingrg/images/blue/button/down_ah.jpg HTTP/1.1" 200 1732
114.84.145.85 - - [27/Oct/2020:10:13:44 +0800] "GET /xingrg/javascript/jquery_ui/themes/humanity/images/ui-bg_inset-soft_100_f4f0ec_1x100.png HTTP/1.1" 200 141
114.84.145.85 - - [27/Oct/2020:10:13:44 +0800] "GET /xingrg/javascript/jquery_ui/themes/humanity/images/ui-iconsnew.jpg HTTP/1.1" 200 337
114.84.145.85 - - [27/Oct/2020:10:13:44 +0800] "GET /xingrg/javascript/jquery_ui/themes/humanity/images/ui-icons_ffffff_256x240.png HTTP/1.1" 200 4369
114.84.145.85 - - [27/Oct/2020:10:13:44 +0800] "GET /xingrg/javascript/jquery_ui/themes/humanity/images/ui-icons_c47a23_256x240.png HTTP/1.1" 200 5355
114.84.145.85 - - [27/Oct/2020:10:13:44 +0800] "GET /xingrg/javascript/jquery_ui/themes/humanity/images/ui-bg_glass_70_ede4d4_1x400.png HTTP/1.1" 200 161
114.84.145.85 - - [27/Oct/2020:10:13:44 +0800] "GET /xingrg/images/yd/bt.gif HTTP/1.1" 404 1040
114.84.145.85 - - [27/Oct/2020:10:13:45 +0800] "GET /xingrg/kc/buy/cgsh_order_list.html HTTP/1.1" 200 44733
114.84.37.38 - - [27/Oct/2020:10:13:46 +0800] "GET /xingrg/all/function/internal_message.html?_=1603764831239&CODE_STATE=getMsg HTTP/1.1" 200 27
114.84.145.85 - - [27/Oct/2020:10:13:47 +0800] "GET /xingrg/javascript/easyui/themes/icons/import_new.png HTTP/1.1" 200 1247
114.84.145.85 - - [27/Oct/2020:10:13:47 +0800] "GET /xingrg/javascript/easyui/themes/icons/field_new.png HTTP/1.1" 200 1097
114.84.145.85 - - [27/Oct/2020:10:13:47 +0800] "GET /xingrg/javascript/easyui/themes/icons/check_new.png HTTP/1.1" 200 3224
114.84.145.85 - - [27/Oct/2020:10:13:47 +0800] "GET /xingrg/javascript/easyui/themes/icons/edit_add_new.png HTTP/1.1" 200 2997
114.84.145.85 - - [27/Oct/2020:10:13:47 +0800] "GET /xingrg/javascript/easyui/themes/icons/cance_new.png HTTP/1.1" 200 3986
114.84.145.85 - - [27/Oct/2020:10:13:48 +0800] "GET /xingrg/images/control/ajaxLoader.gif HTTP/1.1" 200 4659
114.84.145.85 - - [27/Oct/2020:10:13:48 +0800] "POST /xingrg/kc/buy/cgsh_list_operate.html HTTP/1.1" 200 876
114.88.166.242 - - [27/Oct/2020:10:13:49 +0800] "GET /xingrg/all/function/internal_message.html?_=1603764827970&CODE_STATE=getMsg HTTP/1.1" 200 27
180.162.25.93 - - [27/Oct/2020:10:13:50 +0800] "GET /xingrg/all/function/internal_message.html?_=1603764830219&CODE_STATE=getMsg HTTP/1.1" 200 27
180.162.245.190 - - [27/Oct/2020:10:13:51 +0800] "POST /xingrg/kc/buy/cgsh_order_operate.html HTTP/1.1" 200 37
180.162.245.190 - - [27/Oct/2020:10:13:53 +0800] "POST /xingrg/kc/buy/cgsh_order_operate.html HTTP/1.1" 200 5606
172.17.0.123 - - [27/Oct/2020:10:13:53 +0800] "GET /xingrg/all/function/internal_message.html?_=1603764795089&CODE_STATE=getMsg HTTP/1.1" 200 27
180.162.245.190 - - [27/Oct/2020:10:13:54 +0800] "GET /xingrg/kc/print/load_data.html?order_code=212020102711075&kc_code=cgsh&condition= HTTP/1.1" 200 1803
114.84.145.85 - - [27/Oct/2020:10:13:55 +0800] "GET /xingrg/all/function/internal_message.html?_=1603764842264&CODE_STATE=getMsg HTTP/1.1" 200 27
58.221.95.50 - - [27/Oct/2020:10:13:57 +0800] "GET /xingrg/all/function/internal_message.html?_=1603765016031&CODE_STATE=getMsg HTTP/1.1" 200 27
116.232.49.44 - - [27/Oct/2020:10:13:57 +0800] "GET /xingrg/check_reg.html?_=1603764870453 HTTP/1.1" 200 22
116.232.49.44 - - [27/Oct/2020:10:13:57 +0800] "GET /xingrg/all/function/internal_message.html?_=1603764870484&CODE_STATE=getMsg HTTP/1.1" 200 27
124.77.70.31 - - [27/Oct/2020:10:13:57 +0800] "GET /xingrg/all/function/internal_message.html?_=1603764835768&CODE_STATE=getMsg HTTP/1.1" 200 27
114.84.37.38 - - [27/Oct/2020:10:14:01 +0800] "GET /xingrg/kc/buy/cgsh_order_operate.html?command=get_materiel&rest_code=00146&code=00101006006&supplier_code=00100012&order_time=2020-10-27 HTTP/1.1" 200 409
172.17.200.101 - - [27/Oct/2020:10:14:05 +0800] "GET /xingrg/all/function/internal_message.html?_=1603764844964&CODE_STATE=getMsg HTTP/1.1" 200 27
180.162.245.190 - - [27/Oct/2020:10:14:05 +0800] "GET /xingrg/kc/buy/cgsh_order_add.html HTTP/1.1" 200 60512
180.162.245.190 - - [27/Oct/2020:10:14:05 +0800] "POST /xingrg/kc/buy/cgsh_order_operate.html HTTP/1.1" 200 8245
180.162.245.190 - - [27/Oct/2020:10:14:05 +0800] "GET /xingrg/javascript/easyui/themes/default/validatebox.css HTTP/1.1" 404 1104
222.69.137.113 - - [27/Oct/2020:10:14:09 +0800] "GET /xingrg/kc/buy/cgsh_order_add.html HTTP/1.1" 200 60518
180.161.96.95 - - [27/Oct/2020:10:14:09 +0800] "GET /xingrg/all/function/internal_message.html?_=1603765068522&CODE_STATE=getMsg HTTP/1.1" 200 27
222.69.137.113 - - [27/Oct/2020:10:14:09 +0800] "POST /xingrg/kc/buy/cgsh_order_operate.html HTTP/1.1" 200 8245
222.69.137.113 - - [27/Oct/2020:10:14:09 +0800] "GET /xingrg/javascript/easyui/themes/default/validatebox.css HTTP/1.1" 404 1104
180.157.253.48 - - [27/Oct/2020:10:14:11 +0800] "GET /xingrg/all/function/internal_message.html?_=1603764851321&CODE_STATE=getMsg HTTP/1.1" 200 27
116.232.53.181 - - [27/Oct/2020:10:14:11 +0800] "GET /favicon.ico HTTP/1.1" 404 -
180.174.56.115 - - [27/Oct/2020:10:14:11 +0800] "GET /xingrg/all/function/internal_message.html?_=1603764849435&CODE_STATE=getMsg HTTP/1.1" 200 27
222.69.137.113 - - [27/Oct/2020:10:14:12 +0800] "GET /xingrg/all/function/internal_message.html?_=1603764850369&CODE_STATE=getMsg HTTP/1.1" 200 27
120.253.135.82 - - [27/Oct/2020:10:14:18 +0800] "GET /xingrg/check_reg.html?_=1603764968851 HTTP/1.1" 200 22
114.84.37.38 - - [27/Oct/2020:10:14:18 +0800] "GET /xingrg/all/function/internal_message.html?_=1603764882966&CODE_STATE=getMsg HTTP/1.1" 200 27
120.253.135.82 - - [27/Oct/2020:10:14:18 +0800] "GET /xingrg/all/function/internal_message.html?_=1603764606223&CODE_STATE=getMsg HTTP/1.1" 200 27
114.84.37.38 - - [27/Oct/2020:10:14:19 +0800] "GET /xingrg/kc/buy/cgsh_order_operate.html?command=get_materiel&rest_code=00146&code=00101006038&supplier_code=00100012&order_time=2020-10-27 HTTP/1.1" 200 442
222.69.133.109 - - [27/Oct/2020:10:14:19 +0800] "GET /xingrg/kc/base/wldb_order_operate.html?command=get_materiel&rest_code=00154&base_code=0010724&code=00101019738 HTTP/1.1" 200 455
222.69.137.113 - - [27/Oct/2020:10:14:20 +0800] "GET /xingrg/kc/buy/cgsh_order_operate.html?command=get_materiel&rest_code=00149&code=00101016025&supplier_code=00100036&order_time=2020-10-27 HTTP/1.1" 200 408
172.17.0.101 - - [27/Oct/2020:10:14:21 +0800] "GET /xingrg/all/function/internal_message.html?_=1603764886083&CODE_STATE=getMsg HTTP/1.1" 200 27
180.162.245.190 - - [27/Oct/2020:10:14:22 +0800] "GET /xingrg/kc/buy/cgsh_order_operate.html?command=get_materiel&rest_code=00105&code=00101012029&supplier_code=00100034&order_time=2020-10-27 HTTP/1.1" 200 432
180.157.253.48 - - [27/Oct/2020:10:14:28 +0800] "GET /xingrg/all/function/internal_message.html?_=1603764871900&CODE_STATE=getMsg HTTP/1.1" 200 27
222.69.133.109 - - [27/Oct/2020:10:14:29 +0800] "GET /xingrg/all/function/internal_message.html?_=1603764870257&CODE_STATE=getMsg HTTP/1.1" 200 27
180.162.245.190 - - [27/Oct/2020:10:14:30 +0800] "GET /xingrg/all/function/internal_message.html?_=1603764870711&CODE_STATE=getMsg HTTP/1.1" 200 27
222.69.133.109 - - [27/Oct/2020:10:14:31 +0800] "GET /xingrg/check_reg.html?_=1603764872404 HTTP/1.1" 200 22
222.69.137.113 - - [27/Oct/2020:10:14:32 +0800] "GET /xingrg/kc/buy/cgsh_order_operate.html?command=get_materiel&rest_code=00149&code=00101012025&supplier_code=00100036&order_time=2020-10-27 HTTP/1.1" 200 412
101.88.151.31 - - [27/Oct/2020:10:14:32 +0800] "GET /xingrg/all/function/internal_message.html?_=1603764872278&CODE_STATE=getMsg HTTP/1.1" 200 27
114.88.166.242 - - [27/Oct/2020:10:14:35 +0800] "GET /xingrg/all/function/internal_message.html?_=1603764970342&CODE_STATE=getMsg HTTP/1.1" 200 27
180.174.56.115 - - [27/Oct/2020:10:14:36 +0800] "GET /xingrg/all/function/internal_message.html?_=1603764845067&CODE_STATE=getMsg HTTP/1.1" 200 27
114.84.37.38 - - [27/Oct/2020:10:14:38 +0800] "GET /xingrg/kc/buy/cgsh_order_operate.html?command=get_materiel&rest_code=00146&code=00101006111&supplier_code=00100012&order_time=2020-10-27 HTTP/1.1" 200 409
172.17.0.240 - - [27/Oct/2020:10:14:41 +0800] "GET /xingrg/check_reg.html?_=1603764880800 HTTP/1.1" 200 22
172.17.0.240 - - [27/Oct/2020:10:14:41 +0800] "GET /xingrg/all/function/internal_message.html?_=1603764880803&CODE_STATE=getMsg HTTP/1.1" 200 27
114.84.37.38 - - [27/Oct/2020:10:14:46 +0800] "GET /xingrg/all/function/internal_message.html?_=1603764891253&CODE_STATE=getMsg HTTP/1.1" 200 27
114.88.166.242 - - [27/Oct/2020:10:14:49 +0800] "GET /xingrg/all/function/internal_message.html?_=1603764887977&CODE_STATE=getMsg HTTP/1.1" 200 27
180.162.25.93 - - [27/Oct/2020:10:14:50 +0800] "GET /xingrg/all/function/internal_message.html?_=1603764890221&CODE_STATE=getMsg HTTP/1.1" 200 27
180.162.25.93 - - [27/Oct/2020:10:14:52 +0800] "GET /xingrg/login.html HTTP/1.1" 200 7641
180.162.25.93 - - [27/Oct/2020:10:14:52 +0800] "GET /favicon.ico HTTP/1.1" 404 -
172.17.0.123 - - [27/Oct/2020:10:14:53 +0800] "GET /xingrg/all/function/internal_message.html?_=1603764855091&CODE_STATE=getMsg HTTP/1.1" 200 27
180.162.25.93 - - [27/Oct/2020:10:14:53 +0800] "POST /xingrg/login.do HTTP/1.1" 302 -
180.162.25.93 - - [27/Oct/2020:10:14:53 +0800] "GET /xingrg/index.html?sysBaseUrl=http%3A%2F%2F180.169.147.146%3A18081%2Fxingrg%2F&costTime=38×tamp=1603764893614 HTTP/1.1" 200 17503
180.162.25.93 - - [27/Oct/2020:10:14:53 +0800] "GET /favicon.ico HTTP/1.1" 404 -
180.162.25.93 - - [27/Oct/2020:10:14:53 +0800] "POST /xingrg/all/common/load_tree.html?tree=area_rest_tree_json&manage=1 HTTP/1.1" 200 3350
180.162.25.93 - - [27/Oct/2020:10:14:53 +0800] "GET /xingrg/all/function/internal_message.html?_=1603764893152&CODE_STATE=count HTTP/1.1" 200 11
180.162.25.93 - - [27/Oct/2020:10:14:53 +0800] "GET /xingrg/check_reg.html?_=1603764893154 HTTP/1.1" 200 22
180.162.25.93 - - [27/Oct/2020:10:14:54 +0800] "POST /xingrg/load_menu.html HTTP/1.1" 200 11443
114.84.145.85 - - [27/Oct/2020:10:14:55 +0800] "GET /xingrg/all/function/internal_message.html?_=1603764902263&CODE_STATE=getMsg HTTP/1.1" 200 27
58.221.95.50 - - [27/Oct/2020:10:14:57 +0800] "GET /xingrg/all/function/internal_message.html?_=1603765076013&CODE_STATE=getMsg HTTP/1.1" 200 27
116.232.49.44 - - [27/Oct/2020:10:14:57 +0800] "GET /xingrg/all/function/internal_message.html?_=1603764930484&CODE_STATE=getMsg HTTP/1.1" 200 27
114.84.37.38 - - [27/Oct/2020:10:14:57 +0800] "GET /xingrg/kc/buy/cgsh_order_operate.html?command=get_materiel&rest_code=00146&code=00101006109&supplier_code=00100012&order_time=2020-10-27 HTTP/1.1" 200 409
124.77.70.31 - - [27/Oct/2020:10:14:58 +0800] "GET /xingrg/all/function/internal_message.html?_=1603764895768&CODE_STATE=getMsg HTTP/1.1" 200 27
180.162.25.93 - - [27/Oct/2020:10:15:01 +0800] "POST /xingrg/all/user/operate.html HTTP/1.1" 200 36
180.162.25.93 - - [27/Oct/2020:10:15:01 +0800] "GET /xingrg/index.html?sysBaseUrl=http%3A%2F%2F180.169.147.146%3A18081%2Fxingrg%2F&costTime=38×tamp=1603764893614 HTTP/1.1" 200 17509
180.162.25.93 - - [27/Oct/2020:10:15:01 +0800] "GET /xingrg/javascript/jquery_easy_ui/themes/default/easyui.css HTTP/1.1" 304 -
180.162.25.93 - - [27/Oct/2020:10:15:01 +0800] "GET /xingrg/javascript/jquery_easy_ui/themes/icon.css HTTP/1.1" 304 -
180.162.25.93 - - [27/Oct/2020:10:15:01 +0800] "GET /xingrg/css/form.css HTTP/1.1" 304 -
180.162.25.93 - - [27/Oct/2020:10:15:01 +0800] "GET /xingrg/javascript/jquery-1.4.2.min.js HTTP/1.1" 304 -
180.162.25.93 - - [27/Oct/2020:10:15:01 +0800] "GET /xingrg/javascript/jquery_easy_ui/jquery.easyui.min.js HTTP/1.1" 304 -
180.162.25.93 - - [27/Oct/2020:10:15:01 +0800] "GET /xingrg/javascript/jquery_easy_ui/easyui-lang-zh_CN.js HTTP/1.1" 304 -
180.162.25.93 - - [27/Oct/2020:10:15:01 +0800] "GET /xingrg/javascript/jquery.form.js HTTP/1.1" 304 -
180.162.25.93 - - [27/Oct/2020:10:15:01 +0800] "GET /xingrg/javascript/jquery.utils.js HTTP/1.1" 304 -
180.162.25.93 - - [27/Oct/2020:10:15:01 +0800] "GET /xingrg/javascript/jquery.timers.js HTTP/1.1" 304 -
180.162.25.93 - - [27/Oct/2020:10:15:01 +0800] "GET /xingrg/images/blue/jxLogo.png HTTP/1.1" 304 -
180.162.25.93 - - [27/Oct/2020:10:15:01 +0800] "GET /xingrg/images/blue/navBackgound.jpg HTTP/1.1" 304 -
180.162.25.93 - - [27/Oct/2020:10:15:01 +0800] "GET /xingrg/javascript/jquery_easy_ui/themes/icons/settle_new.png HTTP/1.1" 304 -
180.162.25.93 - - [27/Oct/2020:10:15:01 +0800] "POST /xingrg/all/common/load_tree.html?tree=area_rest_tree_json&manage=1 HTTP/1.1" 200 3350
180.162.25.93 - - [27/Oct/2020:10:15:01 +0800] "GET /xingrg/all/function/internal_message.html?_=1603764900788&CODE_STATE=count HTTP/1.1" 200 11
180.162.25.93 - - [27/Oct/2020:10:15:01 +0800] "GET /xingrg/check_reg.html?_=1603764900790 HTTP/1.1" 200 22
180.162.25.93 - - [27/Oct/2020:10:15:01 +0800] "GET /xingrg/javascript/jquery_easy_ui/themes/default/images/tabs_leftarrow.png HTTP/1.1" 304 -
180.162.25.93 - - [27/Oct/2020:10:15:01 +0800] "GET /xingrg/javascript/jquery_easy_ui/themes/default/images/panel_tool_expand.gif HTTP/1.1" 304 -
180.162.25.93 - - [27/Oct/2020:10:15:01 +0800] "GET /xingrg/javascript/jquery_easy_ui/themes/default/images/panel_tool_collapse.gif HTTP/1.1" 304 -
180.162.25.93 - - [27/Oct/2020:10:15:01 +0800] "GET /xingrg/javascript/jquery_easy_ui/themes/default/images/tabs_rightarrow.png HTTP/1.1" 304 -
180.162.25.93 - - [27/Oct/2020:10:15:01 +0800] "GET /xingrg/images/blue/pingpu.png HTTP/1.1" 304 -
180.162.25.93 - - [27/Oct/2020:10:15:01 +0800] "POST /xingrg/load_menu.html HTTP/1.1" 200 9959
180.162.245.190 - - [27/Oct/2020:10:15:02 +0800] "GET /xingrg/kc/buy/cgsh_order_operate.html?command=get_materiel&rest_code=00105&code=00101012025&supplier_code=00100034&order_time=2020-10-27 HTTP/1.1" 200 412
222.69.137.113 - - [27/Oct/2020:10:15:02 +0800] "GET /xingrg/kc/buy/cgsh_order_operate.html?command=get_materiel&rest_code=00149&code=00101012026&supplier_code=00100036&order_time=2020-10-27 HTTP/1.1" 200 408
180.162.25.93 - - [27/Oct/2020:10:15:02 +0800] "GET /xingrg/kc/report/report_main.html HTTP/1.1" 200 7345
180.162.25.93 - - [27/Oct/2020:10:15:04 +0800] "GET /xingrg/kc/base/kc_stocks.html HTTP/1.1" 200 16392
172.17.200.101 - - [27/Oct/2020:10:15:05 +0800] "GET /xingrg/check_reg.html?_=1603764904969 HTTP/1.1" 200 22
172.17.200.101 - - [27/Oct/2020:10:15:05 +0800] "GET /xingrg/all/function/internal_message.html?_=1603764904966&CODE_STATE=getMsg HTTP/1.1" 200 27
180.162.25.93 - - [27/Oct/2020:10:15:05 +0800] "GET /xingrg/javascript/easyui/themes/default/tree.css HTTP/1.1" 404 1090
180.162.25.93 - - [27/Oct/2020:10:15:05 +0800] "GET /xingrg/all/common/auto_word.html?type=base&rest_code=00154 HTTP/1.1" 200 677
180.162.25.93 - - [27/Oct/2020:10:15:05 +0800] "POST /xingrg/all/common/load_tree.html?tree=materiel_sort_tree_json HTTP/1.1" 200 8666
180.162.25.93 - - [27/Oct/2020:10:15:06 +0800] "GET /xingrg/javascript/easyui/themes/sunny/images/ui-bg_gloss-wave_70_ffdd57_500x100.png HTTP/1.1" 200 3830
180.161.96.95 - - [27/Oct/2020:10:15:09 +0800] "GET /xingrg/all/function/internal_message.html?_=1603765128530&CODE_STATE=getMsg HTTP/1.1" 200 27
222.69.133.109 - - [27/Oct/2020:10:15:10 +0800] "GET /xingrg/kc/base/wldb_order_operate.html?command=get_materiel&rest_code=00154&base_code=0010724&code=00101019739 HTTP/1.1" 200 455
114.84.37.38 - - [27/Oct/2020:10:15:10 +0800] "POST /xingrg/kc/buy/cgsh_order_operate.html HTTP/1.1" 200 37
180.157.253.48 - - [27/Oct/2020:10:15:11 +0800] "GET /xingrg/all/function/internal_message.html?_=1603764911314&CODE_STATE=getMsg HTTP/1.1" 200 27
180.157.253.48 - - [27/Oct/2020:10:15:11 +0800] "GET /xingrg/check_reg.html?_=1603764911512 HTTP/1.1" 200 22
180.174.56.115 - - [27/Oct/2020:10:15:11 +0800] "GET /xingrg/all/function/internal_message.html?_=1603764909411&CODE_STATE=getMsg HTTP/1.1" 200 27
222.69.137.113 - - [27/Oct/2020:10:15:12 +0800] "GET /xingrg/check_reg.html?_=1603764910106 HTTP/1.1" 200 22
114.84.37.38 - - [27/Oct/2020:10:15:12 +0800] "POST /xingrg/kc/buy/cgsh_order_operate.html HTTP/1.1" 200 5048
222.69.137.113 - - [27/Oct/2020:10:15:12 +0800] "GET /xingrg/all/function/internal_message.html?_=1603764910370&CODE_STATE=getMsg HTTP/1.1" 200 27
180.162.25.93 - - [27/Oct/2020:10:15:13 +0800] "GET /xingrg/kc/report/report_main.html HTTP/1.1" 200 7345
180.162.25.93 - - [27/Oct/2020:10:15:15 +0800] "GET /xingrg/kc/info/info_main.html HTTP/1.1" 200 6010
180.162.25.93 - - [27/Oct/2020:10:15:15 +0800] "GET /xingrg/javascript/ToolTips.js HTTP/1.1" 200 5615
180.162.25.93 - - [27/Oct/2020:10:15:15 +0800] "GET /xingrg/images/blue/cldwgl.gif HTTP/1.1" 200 2487
180.162.25.93 - - [27/Oct/2020:10:15:15 +0800] "GET /xingrg/images/blue/clxx.gif HTTP/1.1" 200 1916
180.162.25.93 - - [27/Oct/2020:10:15:15 +0800] "GET /xingrg/images/blue/ckxx.gif HTTP/1.1" 200 2041
180.162.25.93 - - [27/Oct/2020:10:15:15 +0800] "GET /xingrg/images/blue/gysxxgl.gif HTTP/1.1" 200 1945
180.162.25.93 - - [27/Oct/2020:10:15:15 +0800] "GET /xingrg/images/blue/gyslbgl.gif HTTP/1.1" 200 1480
180.162.25.93 - - [27/Oct/2020:10:15:15 +0800] "GET /xingrg/images/blue/gyscljg.gif HTTP/1.1" 200 2081
180.162.25.93 - - [27/Oct/2020:10:15:15 +0800] "GET /xingrg/images/blue/button/cgxqd.gif HTTP/1.1" 200 2619
222.69.137.113 - - [27/Oct/2020:10:15:15 +0800] "POST /xingrg/kc/buy/cgsh_order_operate.html HTTP/1.1" 200 37
114.84.37.38 - - [27/Oct/2020:10:15:15 +0800] "GET /xingrg/kc/print/load_data.html?order_code=212020102711076&kc_code=cgsh&condition= HTTP/1.1" 200 1696
180.162.245.190 - - [27/Oct/2020:10:15:16 +0800] "GET /xingrg/kc/buy/cgsh_order_operate.html?command=get_materiel&rest_code=00105&code=00101016030&supplier_code=00100034&order_time=2020-10-27 HTTP/1.1" 200 412
180.162.25.93 - - [27/Oct/2020:10:15:16 +0800] "GET /xingrg/system/supplier/kcSupplier.html?isKc=1 HTTP/1.1" 200 10949
180.162.25.93 - - [27/Oct/2020:10:15:16 +0800] "GET /xingrg/javascript/jquery_simple_tree/themes/style.css HTTP/1.1" 200 4485
180.162.25.93 - - [27/Oct/2020:10:15:16 +0800] "GET /xingrg/javascript/jquery_simple_tree/jquery.simple.tree.js HTTP/1.1" 200 13313
180.162.25.93 - - [27/Oct/2020:10:15:17 +0800] "POST /xingrg/all/common/load_tree.html?tree=area_tree_json HTTP/1.1" 200 206
180.162.25.93 - - [27/Oct/2020:10:15:17 +0800] "POST /xingrg/all/common/load_tree.html?tree=supplier_sort_tree_json HTTP/1.1" 200 2511
180.162.25.93 - - [27/Oct/2020:10:15:17 +0800] "POST /xingrg/all/common/load_tree.html?tree=area_tree_json HTTP/1.1" 200 206
180.162.25.93 - - [27/Oct/2020:10:15:17 +0800] "GET /xingrg/javascript/jquery_easy_ui/themes/default/images/tabs_enabled.png HTTP/1.1" 200 2876
180.162.25.93 - - [27/Oct/2020:10:15:17 +0800] "POST /xingrg/all/common/load_tree.html?tree=supplier_sort_tree_json HTTP/1.1" 200 2511
222.69.137.113 - - [27/Oct/2020:10:15:18 +0800] "POST /xingrg/kc/buy/cgsh_order_operate.html HTTP/1.1" 200 12
114.84.37.38 - - [27/Oct/2020:10:15:18 +0800] "GET /xingrg/all/function/internal_message.html?_=1603764942989&CODE_STATE=getMsg HTTP/1.1" 200 27
120.253.135.82 - - [27/Oct/2020:10:15:18 +0800] "GET /xingrg/all/function/internal_message.html?_=1603764666240&CODE_STATE=getMsg HTTP/1.1" 200 27
222.69.137.113 - - [27/Oct/2020:10:15:20 +0800] "GET /xingrg/kc/buy/cgsh_order_info.html?code=212020102711077 HTTP/1.1" 200 55423
222.69.137.113 - - [27/Oct/2020:10:15:20 +0800] "GET /xingrg/javascript/easyui/themes/default/validatebox.css HTTP/1.1" 404 1104
222.69.137.113 - - [27/Oct/2020:10:15:20 +0800] "POST /xingrg/kc/buy/cgsh_order_operate.html HTTP/1.1" 200 1780
180.162.25.93 - - [27/Oct/2020:10:15:20 +0800] "POST /xingrg/system/supplier/kc_supplier_operate.html HTTP/1.1" 200 68648
172.17.0.101 - - [27/Oct/2020:10:15:21 +0800] "GET /xingrg/all/function/internal_message.html?_=1603764946084&CODE_STATE=getMsg HTTP/1.1" 200 27
180.162.245.190 - - [27/Oct/2020:10:15:22 +0800] "POST /xingrg/kc/buy/cgsh_order_operate.html HTTP/1.1" 200 37
222.69.137.113 - - [27/Oct/2020:10:15:23 +0800] "GET /xingrg/kc/print/load_data.html?order_code=212020102711077&kc_code=cgsh&condition= HTTP/1.1" 200 1223
180.162.245.190 - - [27/Oct/2020:10:15:23 +0800] "POST /xingrg/kc/buy/cgsh_order_operate.html HTTP/1.1" 200 3835
180.162.25.93 - - [27/Oct/2020:10:15:24 +0800] "POST /xingrg/system/supplier/kc_supplier_operate.html HTTP/1.1" 200 8760
180.162.245.190 - - [27/Oct/2020:10:15:24 +0800] "GET /xingrg/kc/print/load_data.html?order_code=212020102711078&kc_code=cgsh&condition= HTTP/1.1" 200 1159
180.157.253.48 - - [27/Oct/2020:10:15:28 +0800] "GET /xingrg/all/function/internal_message.html?_=1603764931913&CODE_STATE=getMsg HTTP/1.1" 200 27
222.69.133.109 - - [27/Oct/2020:10:15:29 +0800] "GET /xingrg/all/function/internal_message.html?_=1603764930240&CODE_STATE=getMsg HTTP/1.1" 200 27
180.162.245.190 - - [27/Oct/2020:10:15:30 +0800] "GET /xingrg/all/function/internal_message.html?_=1603764930700&CODE_STATE=getMsg HTTP/1.1" 200 27
180.162.245.190 - - [27/Oct/2020:10:15:32 +0800] "GET /xingrg/kc/buy/cgsh_order_add.html HTTP/1.1" 200 60512
180.162.245.190 - - [27/Oct/2020:10:15:32 +0800] "GET /xingrg/javascript/easyui/themes/default/validatebox.css HTTP/1.1" 404 1104
180.162.245.190 - - [27/Oct/2020:10:15:32 +0800] "POST /xingrg/kc/buy/cgsh_order_operate.html HTTP/1.1" 200 8245
101.88.151.31 - - [27/Oct/2020:10:15:33 +0800] "GET /xingrg/all/function/internal_message.html?_=1603764932302&CODE_STATE=getMsg HTTP/1.1" 200 27
61.129.6.203 - - [27/Oct/2020:10:15:34 +0800] "GET /xingrg/check_reg.html?_=1603764182230 HTTP/1.1" 302 -
114.88.166.242 - - [27/Oct/2020:10:15:35 +0800] "GET /xingrg/all/function/internal_message.html?_=1603765030341&CODE_STATE=getMsg HTTP/1.1" 200 27
180.174.56.115 - - [27/Oct/2020:10:15:36 +0800] "GET /xingrg/all/function/internal_message.html?_=1603764905087&CODE_STATE=getMsg HTTP/1.1" 200 27
180.162.25.93 - - [27/Oct/2020:10:15:40 +0800] "GET /xingrg/system/supplier/kcSupplier_info.html?isAdd=1&type=sort&id=00119 HTTP/1.1" 200 26466
180.162.25.93 - - [27/Oct/2020:10:15:40 +0800] "GET /xingrg/dwr/interface/AjaxGetFirstChart.js HTTP/1.1" 200 631
180.162.25.93 - - [27/Oct/2020:10:15:40 +0800] "GET /xingrg/dwr/interface/AjaxKcSupplierService.js HTTP/1.1" 200 13003
180.162.25.93 - - [27/Oct/2020:10:15:40 +0800] "GET /xingrg/javascript/uploader/ajaxfileupload.js HTTP/1.1" 200 6681
180.162.25.93 - - [27/Oct/2020:10:15:40 +0800] "GET /xingrg/javascript/checkform.js HTTP/1.1" 200 18351
180.162.25.93 - - [27/Oct/2020:10:15:40 +0800] "GET /xingrg/dwr/engine.js HTTP/1.1" 200 43631
180.162.25.93 - - [27/Oct/2020:10:15:40 +0800] "GET /xingrg/images/blue/bg2_top.gif HTTP/1.1" 200 273
180.162.25.93 - - [27/Oct/2020:10:15:40 +0800] "GET /xingrg/images/blue/bg2_topleft.gif HTTP/1.1" 200 193
180.162.25.93 - - [27/Oct/2020:10:15:40 +0800] "GET /xingrg/images/blue/bg2_topmid.gif HTTP/1.1" 200 47
180.162.25.93 - - [27/Oct/2020:10:15:40 +0800] "GET /xingrg/images/blue/bg2_topright.gif HTTP/1.1" 200 132
180.162.25.93 - - [27/Oct/2020:10:15:40 +0800] "GET /xingrg/images/blue/bg2_midleft.gif HTTP/1.1" 200 45
180.162.25.93 - - [27/Oct/2020:10:15:40 +0800] "GET /xingrg/images/blue/bg2_midright.gif HTTP/1.1" 200 45
180.162.25.93 - - [27/Oct/2020:10:15:40 +0800] "GET /xingrg/images/blue/bg2_bottomleft.gif HTTP/1.1" 200 299
180.162.25.93 - - [27/Oct/2020:10:15:40 +0800] "GET /xingrg/images/blue/bg2_bottommid.gif HTTP/1.1" 200 45
180.162.25.93 - - [27/Oct/2020:10:15:40 +0800] "GET /xingrg/images/blue/bg2_bottomright.gif HTTP/1.1" 200 284
180.162.25.93 - - [27/Oct/2020:10:15:40 +0800] "POST /xingrg/all/common/load_tree.html?tree=area_tree_json HTTP/1.1" 200 206
180.162.25.93 - - [27/Oct/2020:10:15:40 +0800] "GET /xingrg/images/blue/wait.gif HTTP/1.1" 200 1100
180.162.25.93 - - [27/Oct/2020:10:15:40 +0800] "POST /xingrg/all/common/load_tree.html?tree=area_tree_json HTTP/1.1" 200 206
180.162.25.93 - - [27/Oct/2020:10:15:40 +0800] "POST /xingrg/all/common/load_tree.html?tree=area_rest_tree_json HTTP/1.1" 200 3350
180.162.25.93 - - [27/Oct/2020:10:15:40 +0800] "GET /xingrg/javascript/jquery_easy_ui/themes/default/images/combo_arrow_dot.gif HTTP/1.1" 200 79
180.162.25.93 - - [27/Oct/2020:10:15:40 +0800] "POST /xingrg/dwr/call/plaincall/AjaxKcSupplierService.modifyKcSupplier.dwr HTTP/1.1" 200 123
180.162.25.93 - - [27/Oct/2020:10:15:40 +0800] "GET /favicon.ico HTTP/1.1" 404 -
180.162.25.93 - - [27/Oct/2020:10:15:41 +0800] "GET /xingrg/javascript/jquery_easy_ui/themes/default/images/tree_checkbox_0.gif HTTP/1.1" 200 168
180.162.25.93 - - [27/Oct/2020:10:15:41 +0800] "POST /xingrg/all/common/load_tree.html?tree=area_tree_json HTTP/1.1" 200 206
180.162.25.93 - - [27/Oct/2020:10:15:41 +0800] "POST /xingrg/all/common/load_tree.html?tree=area_rest_tree_json&defaultRests= HTTP/1.1" 200 3350
180.162.25.93 - - [27/Oct/2020:10:15:41 +0800] "POST /xingrg/all/common/load_tree.html?tree=area_rest_tree_json&areaId=1&defaultRests= HTTP/1.1" 200 3350
61.129.6.203 - - [27/Oct/2020:10:15:41 +0800] "GET /xingrg/login.html HTTP/1.1" 200 7641
172.17.0.240 - - [27/Oct/2020:10:15:41 +0800] "GET /xingrg/all/function/internal_message.html?_=1603764940805&CODE_STATE=getMsg HTTP/1.1" 200 27
180.162.25.93 - - [27/Oct/2020:10:15:43 +0800] "POST /xingrg/dwr/call/plaincall/AjaxGetFirstChart.getFirstChart.dwr HTTP/1.1" 200 77
180.162.25.93 - - [27/Oct/2020:10:15:43 +0800] "POST /xingrg/dwr/call/plaincall/AjaxGetFirstChart.getFirstChart.dwr HTTP/1.1" 200 78
180.162.25.93 - - [27/Oct/2020:10:15:43 +0800] "POST /xingrg/dwr/call/plaincall/AjaxGetFirstChart.getFirstChart.dwr HTTP/1.1" 200 78
180.162.25.93 - - [27/Oct/2020:10:15:43 +0800] "POST /xingrg/dwr/call/plaincall/AjaxGetFirstChart.getFirstChart.dwr HTTP/1.1" 200 79
180.162.25.93 - - [27/Oct/2020:10:15:43 +0800] "POST /xingrg/dwr/call/plaincall/AjaxGetFirstChart.getFirstChart.dwr HTTP/1.1" 200 79
180.162.25.93 - - [27/Oct/2020:10:15:43 +0800] "POST /xingrg/dwr/call/plaincall/AjaxGetFirstChart.getFirstChart.dwr HTTP/1.1" 200 82
180.162.25.93 - - [27/Oct/2020:10:15:43 +0800] "POST /xingrg/dwr/call/plaincall/AjaxGetFirstChart.getFirstChart.dwr HTTP/1.1" 200 82
180.162.25.93 - - [27/Oct/2020:10:15:43 +0800] "POST /xingrg/dwr/call/plaincall/AjaxGetFirstChart.getFirstChart.dwr HTTP/1.1" 200 83
180.162.25.93 - - [27/Oct/2020:10:15:43 +0800] "POST /xingrg/dwr/call/plaincall/AjaxGetFirstChart.getFirstChart.dwr HTTP/1.1" 200 83
180.162.25.93 - - [27/Oct/2020:10:15:44 +0800] "POST /xingrg/dwr/call/plaincall/AjaxGetFirstChart.getFirstChart.dwr HTTP/1.1" 200 85
180.162.25.93 - - [27/Oct/2020:10:15:44 +0800] "POST /xingrg/dwr/call/plaincall/AjaxGetFirstChart.getFirstChart.dwr HTTP/1.1" 200 85
180.162.25.93 - - [27/Oct/2020:10:15:44 +0800] "POST /xingrg/dwr/call/plaincall/AjaxGetFirstChart.getFirstChart.dwr HTTP/1.1" 200 88
180.162.25.93 - - [27/Oct/2020:10:15:44 +0800] "POST /xingrg/dwr/call/plaincall/AjaxGetFirstChart.getFirstChart.dwr HTTP/1.1" 200 88
180.162.25.93 - - [27/Oct/2020:10:15:44 +0800] "POST /xingrg/dwr/call/plaincall/AjaxGetFirstChart.getFirstChart.dwr HTTP/1.1" 200 89
180.162.25.93 - - [27/Oct/2020:10:15:44 +0800] "POST /xingrg/dwr/call/plaincall/AjaxGetFirstChart.getFirstChart.dwr HTTP/1.1" 200 89
180.162.25.93 - - [27/Oct/2020:10:15:44 +0800] "POST /xingrg/dwr/call/plaincall/AjaxGetFirstChart.getFirstChart.dwr HTTP/1.1" 200 80
180.162.25.93 - - [27/Oct/2020:10:15:44 +0800] "POST /xingrg/dwr/call/plaincall/AjaxGetFirstChart.getFirstChart.dwr HTTP/1.1" 200 80
180.162.25.93 - - [27/Oct/2020:10:15:44 +0800] "POST /xingrg/dwr/call/plaincall/AjaxGetFirstChart.getFirstChart.dwr HTTP/1.1" 200 80
180.162.25.93 - - [27/Oct/2020:10:15:44 +0800] "POST /xingrg/dwr/call/plaincall/AjaxGetFirstChart.getFirstChart.dwr HTTP/1.1" 200 80
180.162.25.93 - - [27/Oct/2020:10:15:46 +0800] "POST /xingrg/dwr/call/plaincall/AjaxGetFirstChart.getFirstChart.dwr HTTP/1.1" 200 86
180.162.25.93 - - [27/Oct/2020:10:15:46 +0800] "POST /xingrg/dwr/call/plaincall/AjaxGetFirstChart.getFirstChart.dwr HTTP/1.1" 200 87
114.84.37.38 - - [27/Oct/2020:10:15:46 +0800] "GET /xingrg/all/function/internal_message.html?_=1603764951651&CODE_STATE=getMsg HTTP/1.1" 200 27
180.162.25.93 - - [27/Oct/2020:10:15:47 +0800] "POST /xingrg/dwr/call/plaincall/AjaxGetFirstChart.getFirstChart.dwr HTTP/1.1" 200 90
180.162.25.93 - - [27/Oct/2020:10:15:47 +0800] "POST /xingrg/dwr/call/plaincall/AjaxGetFirstChart.getFirstChart.dwr HTTP/1.1" 200 90
180.162.25.93 - - [27/Oct/2020:10:15:47 +0800] "POST /xingrg/dwr/call/plaincall/AjaxGetFirstChart.getFirstChart.dwr HTTP/1.1" 200 93
180.162.25.93 - - [27/Oct/2020:10:15:47 +0800] "POST /xingrg/dwr/call/plaincall/AjaxGetFirstChart.getFirstChart.dwr HTTP/1.1" 200 93
180.162.25.93 - - [27/Oct/2020:10:15:47 +0800] "POST /xingrg/dwr/call/plaincall/AjaxGetFirstChart.getFirstChart.dwr HTTP/1.1" 200 96
180.162.25.93 - - [27/Oct/2020:10:15:47 +0800] "POST /xingrg/dwr/call/plaincall/AjaxGetFirstChart.getFirstChart.dwr HTTP/1.1" 200 96
180.162.25.93 - - [27/Oct/2020:10:15:48 +0800] "POST /xingrg/dwr/call/plaincall/AjaxGetFirstChart.getFirstChart.dwr HTTP/1.1" 200 97
180.162.25.93 - - [27/Oct/2020:10:15:48 +0800] "POST /xingrg/dwr/call/plaincall/AjaxGetFirstChart.getFirstChart.dwr HTTP/1.1" 200 97
180.162.25.93 - - [27/Oct/2020:10:15:48 +0800] "POST /xingrg/dwr/call/plaincall/AjaxGetFirstChart.getFirstChart.dwr HTTP/1.1" 200 90
180.162.25.93 - - [27/Oct/2020:10:15:48 +0800] "POST /xingrg/dwr/call/plaincall/AjaxGetFirstChart.getFirstChart.dwr HTTP/1.1" 200 90
180.162.25.93 - - [27/Oct/2020:10:15:48 +0800] "POST /xingrg/dwr/call/plaincall/AjaxGetFirstChart.getFirstChart.dwr HTTP/1.1" 200 90
180.162.25.93 - - [27/Oct/2020:10:15:48 +0800] "POST /xingrg/dwr/call/plaincall/AjaxGetFirstChart.getFirstChart.dwr HTTP/1.1" 200 90
180.162.25.93 - - [27/Oct/2020:10:15:49 +0800] "POST /xingrg/dwr/call/plaincall/AjaxGetFirstChart.getFirstChart.dwr HTTP/1.1" 200 89
180.162.25.93 - - [27/Oct/2020:10:15:49 +0800] "POST /xingrg/dwr/call/plaincall/AjaxGetFirstChart.getFirstChart.dwr HTTP/1.1" 200 88
180.162.25.93 - - [27/Oct/2020:10:15:49 +0800] "POST /xingrg/dwr/call/plaincall/AjaxGetFirstChart.getFirstChart.dwr HTTP/1.1" 200 87
114.88.166.242 - - [27/Oct/2020:10:15:49 +0800] "GET /xingrg/all/function/internal_message.html?_=1603764948014&CODE_STATE=getMsg HTTP/1.1" 200 27
180.162.25.93 - - [27/Oct/2020:10:15:49 +0800] "POST /xingrg/dwr/call/plaincall/AjaxGetFirstChart.getFirstChart.dwr HTTP/1.1" 200 86
180.162.25.93 - - [27/Oct/2020:10:15:50 +0800] "POST /xingrg/dwr/call/plaincall/AjaxGetFirstChart.getFirstChart.dwr HTTP/1.1" 200 87
180.162.25.93 - - [27/Oct/2020:10:15:50 +0800] "POST /xingrg/dwr/call/plaincall/AjaxGetFirstChart.getFirstChart.dwr HTTP/1.1" 200 88
180.162.25.93 - - [27/Oct/2020:10:15:50 +0800] "POST /xingrg/dwr/call/plaincall/AjaxGetFirstChart.getFirstChart.dwr HTTP/1.1" 200 88
180.162.25.93 - - [27/Oct/2020:10:15:50 +0800] "POST /xingrg/dwr/call/plaincall/AjaxGetFirstChart.getFirstChart.dwr HTTP/1.1" 200 89
180.162.25.93 - - [27/Oct/2020:10:15:50 +0800] "POST /xingrg/dwr/call/plaincall/AjaxGetFirstChart.getFirstChart.dwr HTTP/1.1" 200 89
180.162.25.93 - - [27/Oct/2020:10:15:50 +0800] "POST /xingrg/dwr/call/plaincall/AjaxGetFirstChart.getFirstChart.dwr HTTP/1.1" 200 90
180.162.25.93 - - [27/Oct/2020:10:15:50 +0800] "POST /xingrg/dwr/call/plaincall/AjaxGetFirstChart.getFirstChart.dwr HTTP/1.1" 200 90
180.162.25.93 - - [27/Oct/2020:10:15:50 +0800] "POST /xingrg/dwr/call/plaincall/AjaxGetFirstChart.getFirstChart.dwr HTTP/1.1" 200 93
180.162.25.93 - - [27/Oct/2020:10:15:50 +0800] "POST /xingrg/dwr/call/plaincall/AjaxGetFirstChart.getFirstChart.dwr HTTP/1.1" 200 93
180.162.25.93 - - [27/Oct/2020:10:15:50 +0800] "POST /xingrg/dwr/call/plaincall/AjaxGetFirstChart.getFirstChart.dwr HTTP/1.1" 200 94
180.162.25.93 - - [27/Oct/2020:10:15:50 +0800] "POST /xingrg/dwr/call/plaincall/AjaxGetFirstChart.getFirstChart.dwr HTTP/1.1" 200 94
180.162.25.93 - - [27/Oct/2020:10:15:50 +0800] "GET /xingrg/all/function/internal_message.html?_=1603764950213&CODE_STATE=getMsg HTTP/1.1" 200 27
180.162.25.93 - - [27/Oct/2020:10:15:51 +0800] "GET /xingrg/check_reg.html?_=1603764950227 HTTP/1.1" 200 22
180.162.25.93 - - [27/Oct/2020:10:15:51 +0800] "POST /xingrg/dwr/call/plaincall/AjaxGetFirstChart.getFirstChart.dwr HTTP/1.1" 200 93
180.162.25.93 - - [27/Oct/2020:10:15:51 +0800] "POST /xingrg/dwr/call/plaincall/AjaxGetFirstChart.getFirstChart.dwr HTTP/1.1" 200 93
180.162.25.93 - - [27/Oct/2020:10:15:51 +0800] "POST /xingrg/dwr/call/plaincall/AjaxGetFirstChart.getFirstChart.dwr HTTP/1.1" 200 88
180.162.25.93 - - [27/Oct/2020:10:15:51 +0800] "POST /xingrg/dwr/call/plaincall/AjaxGetFirstChart.getFirstChart.dwr HTTP/1.1" 200 88
180.162.25.93 - - [27/Oct/2020:10:15:51 +0800] "POST /xingrg/dwr/call/plaincall/AjaxGetFirstChart.getFirstChart.dwr HTTP/1.1" 200 88
180.162.25.93 - - [27/Oct/2020:10:15:51 +0800] "POST /xingrg/dwr/call/plaincall/AjaxGetFirstChart.getFirstChart.dwr HTTP/1.1" 200 88
180.162.25.93 - - [27/Oct/2020:10:15:51 +0800] "POST /xingrg/dwr/call/plaincall/AjaxGetFirstChart.getFirstChart.dwr HTTP/1.1" 200 89
180.162.25.93 - - [27/Oct/2020:10:15:52 +0800] "POST /xingrg/dwr/call/plaincall/AjaxGetFirstChart.getFirstChart.dwr HTTP/1.1" 200 92
180.162.25.93 - - [27/Oct/2020:10:15:52 +0800] "POST /xingrg/dwr/call/plaincall/AjaxGetFirstChart.getFirstChart.dwr HTTP/1.1" 200 92
180.162.25.93 - - [27/Oct/2020:10:15:53 +0800] "POST /xingrg/dwr/call/plaincall/AjaxGetFirstChart.getFirstChart.dwr HTTP/1.1" 200 93
180.162.25.93 - - [27/Oct/2020:10:15:53 +0800] "POST /xingrg/dwr/call/plaincall/AjaxGetFirstChart.getFirstChart.dwr HTTP/1.1" 200 93
172.17.0.123 - - [27/Oct/2020:10:15:53 +0800] "GET /xingrg/all/function/internal_message.html?_=1603764915094&CODE_STATE=getMsg HTTP/1.1" 200 27
180.162.25.93 - - [27/Oct/2020:10:15:53 +0800] "POST /xingrg/dwr/call/plaincall/AjaxGetFirstChart.getFirstChart.dwr HTTP/1.1" 200 94
180.162.25.93 - - [27/Oct/2020:10:15:53 +0800] "POST /xingrg/dwr/call/plaincall/AjaxGetFirstChart.getFirstChart.dwr HTTP/1.1" 200 94
180.162.25.93 - - [27/Oct/2020:10:15:53 +0800] "POST /xingrg/dwr/call/plaincall/AjaxGetFirstChart.getFirstChart.dwr HTTP/1.1" 200 95
180.162.25.93 - - [27/Oct/2020:10:15:53 +0800] "POST /xingrg/dwr/call/plaincall/AjaxGetFirstChart.getFirstChart.dwr HTTP/1.1" 200 95
180.162.25.93 - - [27/Oct/2020:10:15:54 +0800] "POST /xingrg/dwr/call/plaincall/AjaxGetFirstChart.getFirstChart.dwr HTTP/1.1" 200 94
180.162.25.93 - - [27/Oct/2020:10:15:54 +0800] "POST /xingrg/dwr/call/plaincall/AjaxGetFirstChart.getFirstChart.dwr HTTP/1.1" 200 94
180.162.25.93 - - [27/Oct/2020:10:15:54 +0800] "POST /xingrg/dwr/call/plaincall/AjaxGetFirstChart.getFirstChart.dwr HTTP/1.1" 200 93
180.162.25.93 - - [27/Oct/2020:10:15:54 +0800] "POST /xingrg/dwr/call/plaincall/AjaxGetFirstChart.getFirstChart.dwr HTTP/1.1" 200 93
180.162.25.93 - - [27/Oct/2020:10:15:54 +0800] "POST /xingrg/dwr/call/plaincall/AjaxGetFirstChart.getFirstChart.dwr HTTP/1.1" 200 92
180.162.25.93 - - [27/Oct/2020:10:15:54 +0800] "POST /xingrg/dwr/call/plaincall/AjaxGetFirstChart.getFirstChart.dwr HTTP/1.1" 200 92
180.162.25.93 - - [27/Oct/2020:10:15:54 +0800] "POST /xingrg/dwr/call/plaincall/AjaxGetFirstChart.getFirstChart.dwr HTTP/1.1" 200 89
180.162.25.93 - - [27/Oct/2020:10:15:54 +0800] "POST /xingrg/dwr/call/plaincall/AjaxGetFirstChart.getFirstChart.dwr HTTP/1.1" 200 89
180.162.25.93 - - [27/Oct/2020:10:15:55 +0800] "POST /xingrg/dwr/call/plaincall/AjaxGetFirstChart.getFirstChart.dwr HTTP/1.1" 200 88
114.84.145.85 - - [27/Oct/2020:10:15:55 +0800] "GET /xingrg/all/function/internal_message.html?_=1603764962261&CODE_STATE=getMsg HTTP/1.1" 200 27
180.162.25.93 - - [27/Oct/2020:10:15:55 +0800] "POST /xingrg/dwr/call/plaincall/AjaxGetFirstChart.getFirstChart.dwr HTTP/1.1" 200 89
180.162.25.93 - - [27/Oct/2020:10:15:55 +0800] "POST /xingrg/dwr/call/plaincall/AjaxGetFirstChart.getFirstChart.dwr HTTP/1.1" 200 90
180.162.25.93 - - [27/Oct/2020:10:15:55 +0800] "POST /xingrg/dwr/call/plaincall/AjaxGetFirstChart.getFirstChart.dwr HTTP/1.1" 200 90
180.162.25.93 - - [27/Oct/2020:10:15:56 +0800] "POST /xingrg/dwr/call/plaincall/AjaxGetFirstChart.getFirstChart.dwr HTTP/1.1" 200 91
180.162.25.93 - - [27/Oct/2020:10:15:56 +0800] "POST /xingrg/dwr/call/plaincall/AjaxGetFirstChart.getFirstChart.dwr HTTP/1.1" 200 91
180.162.25.93 - - [27/Oct/2020:10:15:56 +0800] "POST /xingrg/dwr/call/plaincall/AjaxGetFirstChart.getFirstChart.dwr HTTP/1.1" 200 92
180.162.25.93 - - [27/Oct/2020:10:15:56 +0800] "POST /xingrg/dwr/call/plaincall/AjaxGetFirstChart.getFirstChart.dwr HTTP/1.1" 200 92
180.162.25.93 - - [27/Oct/2020:10:15:56 +0800] "POST /xingrg/dwr/call/plaincall/AjaxGetFirstChart.getFirstChart.dwr HTTP/1.1" 200 95
