172.16.0.222 - - [27/Oct/2020:10:36:47 +0800] "GET /xingrg/javascript/calendar/jquery.timePicker.min.js HTTP/1.1" 200 2997
172.16.0.222 - - [27/Oct/2020:10:36:47 +0800] "GET /xingrg/javascript/jqueryMultiSelect.js HTTP/1.1" 200 11866
172.16.0.222 - - [27/Oct/2020:10:36:47 +0800] "GET /xingrg/dwr/util.js HTTP/1.1" 200 35990
172.16.0.222 - - [27/Oct/2020:10:36:47 +0800] "GET /xingrg/javascript/myfunction.js HTTP/1.1" 200 24559
172.16.0.222 - - [27/Oct/2020:10:36:47 +0800] "GET /xingrg/javascript/bigrid/fix.js HTTP/1.1" 200 6439
172.16.0.222 - - [27/Oct/2020:10:36:47 +0800] "GET /xingrg/javascript/Calendar.js HTTP/1.1" 200 31561
172.16.0.222 - - [27/Oct/2020:10:36:47 +0800] "GET /xingrg/images/blue/button/advanceover.gif HTTP/1.1" 200 1347
172.16.0.222 - - [27/Oct/2020:10:36:47 +0800] "GET /xingrg/dwr/engine.js HTTP/1.1" 200 43631
172.16.0.222 - - [27/Oct/2020:10:36:47 +0800] "GET /xingrg/images/control/loading.gif HTTP/1.1" 200 13463
172.16.0.222 - - [27/Oct/2020:10:36:47 +0800] "GET /xingrg/images/blue/button/advance2over.gif HTTP/1.1" 200 1336
172.16.0.222 - - [27/Oct/2020:10:36:47 +0800] "GET /xingrg/images/blue/button/back2over.gif HTTP/1.1" 200 1335
172.16.0.222 - - [27/Oct/2020:10:36:47 +0800] "GET /xingrg/images/blue/button/backover.gif HTTP/1.1" 200 1348
172.16.0.222 - - [27/Oct/2020:10:36:47 +0800] "GET /xingrg/javascript/jquery_easy_ui/themes/icons/help.png HTTP/1.1" 200 1187
172.16.0.222 - - [27/Oct/2020:10:36:47 +0800] "GET /xingrg/javascript/jquery_easy_ui/themes/default/images/menu_downarrow.png HTTP/1.1" 200 173
172.16.0.222 - - [27/Oct/2020:10:36:47 +0800] "GET /xingrg/javascript/jquery_easy_ui/themes/default/images/menu.gif HTTP/1.1" 200 834
172.16.0.222 - - [27/Oct/2020:10:36:47 +0800] "GET /xingrg/javascript/jquery_easy_ui/themes/icons/print.png HTTP/1.1" 200 1057
172.16.0.222 - - [27/Oct/2020:10:36:47 +0800] "GET /xingrg/javascript/jquery_easy_ui/themes/icons/pencil.png HTTP/1.1" 200 713
172.16.0.222 - - [27/Oct/2020:10:36:47 +0800] "GET /xingrg/javascript/jquery_easy_ui/themes/default/images/menu_rightarrow.png HTTP/1.1" 200 3617
114.84.37.38 - - [27/Oct/2020:10:36:48 +0800] "GET /xingrg/all/function/internal_message.html?_=1603766213704&CODE_STATE=getMsg HTTP/1.1" 200 27
172.16.0.222 - - [27/Oct/2020:10:36:49 +0800] "GET /xingrg/javascript/jquery_easy_ui/themes/default/images/combo_arrow_dot.gif HTTP/1.1" 200 79
114.88.166.242 - - [27/Oct/2020:10:36:49 +0800] "GET /xingrg/all/function/internal_message.html?_=1603766208417&CODE_STATE=getMsg HTTP/1.1" 200 27
172.16.0.222 - - [27/Oct/2020:10:36:49 +0800] "POST /xingrg/all/common/load_tree.html?tree=area_station_tree_json&manage=1 HTTP/1.1" 200 3246
180.162.25.93 - - [27/Oct/2020:10:36:51 +0800] "GET /xingrg/all/function/internal_message.html?_=1603766210216&CODE_STATE=getMsg HTTP/1.1" 200 27
114.84.37.38 - - [27/Oct/2020:10:36:52 +0800] "GET /xingrg/kc/buy/cgsh_order_add.html HTTP/1.1" 200 60531
172.17.0.123 - - [27/Oct/2020:10:36:53 +0800] "GET /xingrg/all/function/internal_message.html?_=1603766175086&CODE_STATE=getMsg HTTP/1.1" 200 27
114.84.37.38 - - [27/Oct/2020:10:36:54 +0800] "POST /xingrg/kc/buy/cgsh_order_operate.html HTTP/1.1" 200 8245
114.84.37.38 - - [27/Oct/2020:10:36:54 +0800] "GET /xingrg/javascript/easyui/themes/default/validatebox.css HTTP/1.1" 404 1104
114.84.145.85 - - [27/Oct/2020:10:36:55 +0800] "GET /xingrg/all/function/internal_message.html?_=1603766222294&CODE_STATE=getMsg HTTP/1.1" 200 27
58.221.95.50 - - [27/Oct/2020:10:36:56 +0800] "GET /xingrg/all/function/internal_message.html?_=1603766395480&CODE_STATE=getMsg HTTP/1.1" 200 27
117.185.32.26 - - [27/Oct/2020:10:36:57 +0800] "POST /xingrg/kc/buy/cgsh_order_operate.html HTTP/1.1" 200 37
117.185.32.26 - - [27/Oct/2020:10:36:58 +0800] "POST /xingrg/kc/buy/cgsh_order_operate.html HTTP/1.1" 200 6828
117.185.32.26 - - [27/Oct/2020:10:37:00 +0800] "GET /xingrg/kc/buy/cgsh_order_add.html HTTP/1.1" 200 60525
124.77.70.31 - - [27/Oct/2020:10:37:00 +0800] "GET /xingrg/kc/buy/cgsh_order_operate.html?command=get_materiel&rest_code=00107&code=00101001169&supplier_code=00100319&order_time=2020-10-27 HTTP/1.1" 200 415
117.185.32.26 - - [27/Oct/2020:10:37:01 +0800] "POST /xingrg/kc/buy/cgsh_order_operate.html HTTP/1.1" 200 8245
117.185.32.26 - - [27/Oct/2020:10:37:01 +0800] "GET /xingrg/javascript/easyui/themes/default/validatebox.css HTTP/1.1" 404 1104
180.162.25.93 - - [27/Oct/2020:10:37:01 +0800] "GET /xingrg/all/function/internal_message.html?_=1603766220800&CODE_STATE=getMsg HTTP/1.1" 200 27
172.16.0.222 - - [27/Oct/2020:10:37:05 +0800] "GET /xingrg/kc/report/report_main.html HTTP/1.1" 200 9350
172.16.0.222 - - [27/Oct/2020:10:37:05 +0800] "GET /xingrg/javascript/json2.js HTTP/1.1" 200 11259
172.16.0.222 - - [27/Oct/2020:10:37:05 +0800] "GET /xingrg/javascript/jquery_ui/themes/humanity/humanity.css HTTP/1.1" 200 27801
172.17.200.101 - - [27/Oct/2020:10:37:05 +0800] "GET /xingrg/all/function/internal_message.html?_=1603766225037&CODE_STATE=getMsg HTTP/1.1" 200 27
172.16.0.222 - - [27/Oct/2020:10:37:05 +0800] "GET /xingrg/javascript/jquery_easy_ui/themes/icons/back_new.png HTTP/1.1" 200 3414
117.185.32.26 - - [27/Oct/2020:10:37:07 +0800] "GET /xingrg/check_reg.html?_=1603766224378 HTTP/1.1" 200 22
172.16.0.222 - - [27/Oct/2020:10:37:07 +0800] "GET /xingrg/all/report/report_query.html?fileName=kc/buy/gys_amount.xml&rh=99999 HTTP/1.1" 200 51931
172.16.0.222 - - [27/Oct/2020:10:37:07 +0800] "GET /xingrg/dwr/interface/AjaxReportQueryService.js HTTP/1.1" 200 13203
114.84.145.85 - - [27/Oct/2020:10:37:08 +0800] "POST /xingrg/kc/buy/cgsh_order_operate.html HTTP/1.1" 200 37
117.185.32.26 - - [27/Oct/2020:10:37:09 +0800] "GET /xingrg/all/function/internal_message.html?_=1603766226510&CODE_STATE=getMsg HTTP/1.1" 200 27
172.16.0.222 - - [27/Oct/2020:10:37:09 +0800] "POST /xingrg/all/common/load_tree.html?tree=supplier_tree_json&manage=1 HTTP/1.1" 200 52247
180.161.96.95 - - [27/Oct/2020:10:37:09 +0800] "GET /xingrg/all/function/internal_message.html?_=1603766448830&CODE_STATE=getMsg HTTP/1.1" 200 27
114.84.145.85 - - [27/Oct/2020:10:37:09 +0800] "POST /xingrg/kc/buy/cgsh_order_operate.html HTTP/1.1" 200 12
172.16.0.222 - - [27/Oct/2020:10:37:09 +0800] "POST /xingrg/all/common/load_tree.html?tree=materiel_sort_tree_json HTTP/1.1" 200 8666
114.84.145.85 - - [27/Oct/2020:10:37:10 +0800] "GET /xingrg/kc/buy/cgsh_order_info.html?code=212020102711105 HTTP/1.1" 200 55434
114.84.145.85 - - [27/Oct/2020:10:37:10 +0800] "GET /xingrg/javascript/easyui/themes/default/validatebox.css HTTP/1.1" 404 1104
180.174.56.115 - - [27/Oct/2020:10:37:11 +0800] "GET /xingrg/all/function/internal_message.html?_=1603766229019&CODE_STATE=getMsg HTTP/1.1" 200 27
114.84.145.85 - - [27/Oct/2020:10:37:11 +0800] "POST /xingrg/kc/buy/cgsh_order_operate.html HTTP/1.1" 200 1795
222.69.137.113 - - [27/Oct/2020:10:37:12 +0800] "GET /xingrg/all/function/internal_message.html?_=1603766229937&CODE_STATE=getMsg HTTP/1.1" 200 27
114.84.145.85 - - [27/Oct/2020:10:37:12 +0800] "GET /xingrg/kc/print/load_data.html?order_code=212020102711105&kc_code=cgsh&condition= HTTP/1.1" 200 1212
172.16.0.222 - - [27/Oct/2020:10:37:14 +0800] "GET /xingrg/kc/buy/cgsh_order_list.html HTTP/1.1" 200 45022
172.16.0.222 - - [27/Oct/2020:10:37:14 +0800] "GET /xingrg/css/base.css HTTP/1.1" 200 2811
172.16.0.222 - - [27/Oct/2020:10:37:14 +0800] "GET /xingrg/css/site.css HTTP/1.1" 200 7541
172.16.0.222 - - [27/Oct/2020:10:37:14 +0800] "GET /xingrg/javascript/jquery_tools/datebox.css HTTP/1.1" 200 2597
172.16.0.222 - - [27/Oct/2020:10:37:14 +0800] "GET /xingrg/javascript/easyui/themes/icon.css HTTP/1.1" 200 4483
172.16.0.222 - - [27/Oct/2020:10:37:14 +0800] "GET /xingrg/javascript/auto/jquery.autocomplete.css HTTP/1.1" 200 587
172.16.0.222 - - [27/Oct/2020:10:37:14 +0800] "GET /xingrg/javascript/jquery_tools/fix.css HTTP/1.1" 200 1702
172.16.0.222 - - [27/Oct/2020:10:37:14 +0800] "GET /xingrg/javascript/jquery_tools/table.css HTTP/1.1" 200 1032
172.16.0.222 - - [27/Oct/2020:10:37:14 +0800] "GET /xingrg/javascript/jquery_tools/jquery.tools.min.js HTTP/1.1" 200 138801
172.16.0.222 - - [27/Oct/2020:10:37:14 +0800] "GET /xingrg/javascript/easyui/themes/default/easyui.css HTTP/1.1" 200 30432
172.16.0.222 - - [27/Oct/2020:10:37:14 +0800] "GET /xingrg/javascript/jquery_tools/jquery.tools.hotkey.js HTTP/1.1" 200 3242
172.16.0.222 - - [27/Oct/2020:10:37:14 +0800] "GET /xingrg/javascript/jquery_tools/jquery.tools.extend.js HTTP/1.1" 200 15385
172.16.0.222 - - [27/Oct/2020:10:37:14 +0800] "GET /xingrg/javascript/jquery_tools/jquery.tools.table.js HTTP/1.1" 200 6994
172.16.0.222 - - [27/Oct/2020:10:37:14 +0800] "GET /xingrg/javascript/jquery_tools/list_manager.js HTTP/1.1" 200 3652
172.16.0.222 - - [27/Oct/2020:10:37:14 +0800] "GET /xingrg/javascript/easyui/easyloader.js HTTP/1.1" 200 5975
172.16.0.222 - - [27/Oct/2020:10:37:14 +0800] "GET /xingrg/javascript/jquery.cookie.js HTTP/1.1" 200 5513
172.16.0.222 - - [27/Oct/2020:10:37:14 +0800] "GET /xingrg/javascript/auto/jquery.autocomplete.js HTTP/1.1" 200 21624
172.16.0.222 - - [27/Oct/2020:10:37:14 +0800] "GET /xingrg/javascript/print/LodopFuncs.js HTTP/1.1" 200 5121
172.16.0.222 - - [27/Oct/2020:10:37:14 +0800] "GET /xingrg/javascript/easyui/themes/icons/edit_add_new.png HTTP/1.1" 200 2997
172.16.0.222 - - [27/Oct/2020:10:37:14 +0800] "GET /xingrg/javascript/easyui/themes/icons/cance_new.png HTTP/1.1" 200 3986
172.16.0.222 - - [27/Oct/2020:10:37:14 +0800] "GET /xingrg/javascript/easyui/themes/icons/check_new.png HTTP/1.1" 200 3224
172.16.0.222 - - [27/Oct/2020:10:37:14 +0800] "GET /xingrg/javascript/easyui/themes/icons/uncheck_new.png HTTP/1.1" 200 3197
172.16.0.222 - - [27/Oct/2020:10:37:14 +0800] "GET /xingrg/javascript/easyui/themes/icons/field_new.png HTTP/1.1" 200 1097
172.16.0.222 - - [27/Oct/2020:10:37:14 +0800] "GET /xingrg/javascript/easyui/themes/icons/import_new.png HTTP/1.1" 200 1247
172.16.0.222 - - [27/Oct/2020:10:37:14 +0800] "GET /xingrg/javascript/easyui/plugins/jquery.parser.js HTTP/1.1" 200 1142
172.16.0.222 - - [27/Oct/2020:10:37:14 +0800] "GET /xingrg/images/control/ajaxLoader.gif HTTP/1.1" 200 4659
117.185.32.26 - - [27/Oct/2020:10:37:14 +0800] "GET /xingrg/all/function/internal_message.html?_=1603766668986&CODE_STATE=getMsg HTTP/1.1" 200 27
180.161.96.95 - - [27/Oct/2020:10:37:15 +0800] "GET /xingrg/check_reg.html?_=1603766234806 HTTP/1.1" 200 22
180.161.96.95 - - [27/Oct/2020:10:37:15 +0800] "GET /xingrg/all/function/internal_message.html?_=1603766234920&CODE_STATE=getMsg HTTP/1.1" 200 27
172.16.0.222 - - [27/Oct/2020:10:37:15 +0800] "POST /xingrg/kc/buy/cgsh_list_operate.html HTTP/1.1" 200 876
124.77.70.31 - - [27/Oct/2020:10:37:16 +0800] "POST /xingrg/kc/buy/cgsh_order_operate.html HTTP/1.1" 200 37
124.77.70.31 - - [27/Oct/2020:10:37:18 +0800] "POST /xingrg/kc/buy/cgsh_order_operate.html HTTP/1.1" 200 3256
114.84.37.38 - - [27/Oct/2020:10:37:19 +0800] "GET /xingrg/all/function/internal_message.html?_=1603766263289&CODE_STATE=getMsg HTTP/1.1" 200 27
124.77.70.31 - - [27/Oct/2020:10:37:20 +0800] "GET /xingrg/kc/print/load_data.html?order_code=212020102711106&kc_code=cgsh&condition= HTTP/1.1" 200 904
172.16.0.222 - - [27/Oct/2020:10:37:20 +0800] "POST /xingrg/kc/buy/cgsh_list_operate.html HTTP/1.1" 200 5864
172.17.0.101 - - [27/Oct/2020:10:37:21 +0800] "GET /xingrg/check_reg.html?_=1603766266105 HTTP/1.1" 200 22
172.17.0.101 - - [27/Oct/2020:10:37:21 +0800] "GET /xingrg/all/function/internal_message.html?_=1603766266107&CODE_STATE=getMsg HTTP/1.1" 200 27
180.162.25.93 - - [27/Oct/2020:10:37:23 +0800] "GET /xingrg/all/function/internal_message.html?_=1603766242804&CODE_STATE=getMsg HTTP/1.1" 200 27
180.162.25.93 - - [27/Oct/2020:10:37:23 +0800] "GET /xingrg/check_reg.html?_=1603766242806 HTTP/1.1" 200 22
124.77.70.31 - - [27/Oct/2020:10:37:24 +0800] "GET /xingrg/kc/buy/cgsh_order_add.html HTTP/1.1" 200 60613
124.77.70.31 - - [27/Oct/2020:10:37:25 +0800] "POST /xingrg/kc/buy/cgsh_order_operate.html HTTP/1.1" 200 8245
124.77.70.31 - - [27/Oct/2020:10:37:25 +0800] "GET /xingrg/javascript/easyui/themes/default/validatebox.css HTTP/1.1" 404 1104
114.84.37.38 - - [27/Oct/2020:10:37:25 +0800] "GET /xingrg/kc/buy/cgsh_order_operate.html?command=get_materiel&rest_code=00146&code=00101009050&supplier_code=00100023&order_time=2020-10-27 HTTP/1.1" 200 431
124.77.70.31 - - [27/Oct/2020:10:37:27 +0800] "GET /xingrg/javascript/easyui/themes/default/tree.css HTTP/1.1" 404 1090
124.77.70.31 - - [27/Oct/2020:10:37:27 +0800] "POST /xingrg/all/common/load_tree.html?tree=supplier_tree_json&isDelete=1 HTTP/1.1" 200 51515
120.204.17.72 - - [27/Oct/2020:10:37:28 +0800] "GET /xingrg/all/function/internal_message.html?_=1603765386792&CODE_STATE=getMsg HTTP/1.1" 302 -
222.69.133.109 - - [27/Oct/2020:10:37:28 +0800] "GET /xingrg/all/function/internal_message.html?_=1603766249751&CODE_STATE=getMsg HTTP/1.1" 200 27
180.157.253.48 - - [27/Oct/2020:10:37:28 +0800] "GET /xingrg/all/function/internal_message.html?_=1603766252228&CODE_STATE=getMsg HTTP/1.1" 200 27
180.162.245.190 - - [27/Oct/2020:10:37:30 +0800] "GET /xingrg/all/function/internal_message.html?_=1603766250705&CODE_STATE=getMsg HTTP/1.1" 200 27
120.204.17.72 - - [27/Oct/2020:10:37:31 +0800] "GET /xingrg/login.html HTTP/1.1" 200 7641
101.88.151.31 - - [27/Oct/2020:10:37:33 +0800] "GET /xingrg/all/function/internal_message.html?_=1603766252414&CODE_STATE=getMsg HTTP/1.1" 200 27
114.88.166.242 - - [27/Oct/2020:10:37:35 +0800] "GET /xingrg/all/function/internal_message.html?_=1603766350381&CODE_STATE=getMsg HTTP/1.1" 200 27
114.88.166.242 - - [27/Oct/2020:10:37:35 +0800] "GET /xingrg/check_reg.html?_=1603766350382 HTTP/1.1" 200 22
180.174.56.115 - - [27/Oct/2020:10:37:36 +0800] "GET /xingrg/all/function/internal_message.html?_=1603766225396&CODE_STATE=getMsg HTTP/1.1" 200 27
124.77.70.31 - - [27/Oct/2020:10:37:40 +0800] "GET /xingrg/all/function/internal_message.html?_=1603766258230&CODE_STATE=getMsg HTTP/1.1" 200 27
172.17.0.240 - - [27/Oct/2020:10:37:41 +0800] "GET /xingrg/all/function/internal_message.html?_=1603766260813&CODE_STATE=getMsg HTTP/1.1" 200 27
120.204.17.71 - - [27/Oct/2020:10:37:43 +0800] "GET /xingrg/all/function/internal_message.html?_=1603765506748&CODE_STATE=getMsg HTTP/1.1" 302 -
114.84.37.38 - - [27/Oct/2020:10:37:45 +0800] "GET /xingrg/kc/buy/cgsh_order_operate.html?command=get_materiel&rest_code=00146&code=00101009062&supplier_code=00100023&order_time=2020-10-27 HTTP/1.1" 200 434
124.77.70.31 - - [27/Oct/2020:10:37:48 +0800] "GET /xingrg/kc/buy/cgsh_order_operate.html?command=get_materiel&rest_code=00107&code=00101007015&supplier_code=00100323&order_time=2020-10-27 HTTP/1.1" 200 422
114.84.37.38 - - [27/Oct/2020:10:37:49 +0800] "GET /xingrg/all/function/internal_message.html?_=1603766273963&CODE_STATE=getMsg HTTP/1.1" 200 27
114.88.166.242 - - [27/Oct/2020:10:37:49 +0800] "GET /xingrg/all/function/internal_message.html?_=1603766268431&CODE_STATE=getMsg HTTP/1.1" 200 27
180.162.25.93 - - [27/Oct/2020:10:37:51 +0800] "GET /xingrg/all/function/internal_message.html?_=1603766270220&CODE_STATE=getMsg HTTP/1.1" 200 27
120.204.17.71 - - [27/Oct/2020:10:37:51 +0800] "GET /xingrg/login.html HTTP/1.1" 200 7641
172.17.0.123 - - [27/Oct/2020:10:37:53 +0800] "GET /xingrg/all/function/internal_message.html?_=1603766235088&CODE_STATE=getMsg HTTP/1.1" 200 27
172.17.0.123 - - [27/Oct/2020:10:37:53 +0800] "GET /xingrg/check_reg.html?_=1603766235089 HTTP/1.1" 200 22
114.84.145.85 - - [27/Oct/2020:10:37:55 +0800] "GET /xingrg/check_reg.html?_=1603766282283 HTTP/1.1" 200 22
114.84.145.85 - - [27/Oct/2020:10:37:55 +0800] "GET /xingrg/all/function/internal_message.html?_=1603766282285&CODE_STATE=getMsg HTTP/1.1" 200 27
58.221.95.50 - - [27/Oct/2020:10:37:56 +0800] "GET /xingrg/all/function/internal_message.html?_=1603766455448&CODE_STATE=getMsg HTTP/1.1" 200 27
180.162.25.93 - - [27/Oct/2020:10:38:01 +0800] "GET /xingrg/all/function/internal_message.html?_=1603766280803&CODE_STATE=getMsg HTTP/1.1" 200 27
172.17.200.101 - - [27/Oct/2020:10:38:05 +0800] "GET /xingrg/all/function/internal_message.html?_=1603766285039&CODE_STATE=getMsg HTTP/1.1" 200 27
114.84.37.38 - - [27/Oct/2020:10:38:08 +0800] "GET /xingrg/check_reg.html?_=1603766312855 HTTP/1.1" 200 22
117.185.32.26 - - [27/Oct/2020:10:38:09 +0800] "GET /xingrg/all/function/internal_message.html?_=1603766286481&CODE_STATE=getMsg HTTP/1.1" 200 27
180.161.96.95 - - [27/Oct/2020:10:38:09 +0800] "GET /xingrg/all/function/internal_message.html?_=1603766508842&CODE_STATE=getMsg HTTP/1.1" 200 27
180.174.56.115 - - [27/Oct/2020:10:38:11 +0800] "GET /xingrg/all/function/internal_message.html?_=1603766288996&CODE_STATE=getMsg HTTP/1.1" 200 27
222.69.137.113 - - [27/Oct/2020:10:38:12 +0800] "GET /xingrg/all/function/internal_message.html?_=1603766289922&CODE_STATE=getMsg HTTP/1.1" 200 27
114.84.37.38 - - [27/Oct/2020:10:38:12 +0800] "GET /xingrg/kc/buy/cgsh_order_operate.html?command=get_materiel&rest_code=00146&code=00101008323&supplier_code=00100023&order_time=2020-10-27 HTTP/1.1" 200 408
117.185.32.26 - - [27/Oct/2020:10:38:14 +0800] "GET /xingrg/all/function/internal_message.html?_=1603766728974&CODE_STATE=getMsg HTTP/1.1" 200 27
124.77.70.31 - - [27/Oct/2020:10:38:15 +0800] "GET /xingrg/kc/buy/cgsh_order_operate.html?command=get_materiel&rest_code=00107&code=00101007095&supplier_code=00100323&order_time=2020-10-27 HTTP/1.1" 200 417
180.161.96.95 - - [27/Oct/2020:10:38:15 +0800] "GET /xingrg/all/function/internal_message.html?_=1603766294934&CODE_STATE=getMsg HTTP/1.1" 200 27
114.84.37.38 - - [27/Oct/2020:10:38:19 +0800] "GET /xingrg/all/function/internal_message.html?_=1603766323292&CODE_STATE=getMsg HTTP/1.1" 200 27
172.17.0.101 - - [27/Oct/2020:10:38:21 +0800] "GET /xingrg/all/function/internal_message.html?_=1603766326130&CODE_STATE=getMsg HTTP/1.1" 200 27
180.162.25.93 - - [27/Oct/2020:10:38:23 +0800] "GET /xingrg/all/function/internal_message.html?_=1603766302807&CODE_STATE=getMsg HTTP/1.1" 200 27
180.157.253.48 - - [27/Oct/2020:10:38:28 +0800] "GET /xingrg/check_reg.html?_=1603766311577 HTTP/1.1" 200 22
222.69.133.109 - - [27/Oct/2020:10:38:28 +0800] "GET /xingrg/all/function/internal_message.html?_=1603766309721&CODE_STATE=getMsg HTTP/1.1" 200 27
180.157.253.48 - - [27/Oct/2020:10:38:28 +0800] "GET /xingrg/all/function/internal_message.html?_=1603766312241&CODE_STATE=getMsg HTTP/1.1" 200 27
180.162.245.190 - - [27/Oct/2020:10:38:30 +0800] "GET /xingrg/all/function/internal_message.html?_=1603766310710&CODE_STATE=getMsg HTTP/1.1" 200 27
101.88.151.31 - - [27/Oct/2020:10:38:33 +0800] "GET /xingrg/check_reg.html?_=1603766312418 HTTP/1.1" 200 22
101.88.151.31 - - [27/Oct/2020:10:38:33 +0800] "GET /xingrg/all/function/internal_message.html?_=1603766312421&CODE_STATE=getMsg HTTP/1.1" 200 27
114.88.166.242 - - [27/Oct/2020:10:38:35 +0800] "GET /xingrg/all/function/internal_message.html?_=1603766410396&CODE_STATE=getMsg HTTP/1.1" 200 27
180.174.56.115 - - [27/Oct/2020:10:38:36 +0800] "GET /xingrg/all/function/internal_message.html?_=1603766285421&CODE_STATE=getMsg HTTP/1.1" 200 27
114.84.37.38 - - [27/Oct/2020:10:38:36 +0800] "GET /xingrg/kc/buy/cgsh_order_operate.html?command=get_materiel&rest_code=00146&code=00101009013&supplier_code=00100023&order_time=2020-10-27 HTTP/1.1" 200 420
124.77.70.31 - - [27/Oct/2020:10:38:40 +0800] "GET /xingrg/all/function/internal_message.html?_=1603766318197&CODE_STATE=getMsg HTTP/1.1" 200 27
124.77.70.31 - - [27/Oct/2020:10:38:40 +0800] "GET /xingrg/check_reg.html?_=1603766318246 HTTP/1.1" 200 22
172.17.0.240 - - [27/Oct/2020:10:38:41 +0800] "GET /xingrg/all/function/internal_message.html?_=1603766320816&CODE_STATE=getMsg HTTP/1.1" 200 27
124.77.70.31 - - [27/Oct/2020:10:38:42 +0800] "GET /xingrg/kc/buy/cgsh_order_operate.html?command=get_materiel&rest_code=00107&code=00101010082&supplier_code=00100323&order_time=2020-10-27 HTTP/1.1" 200 425
114.84.37.38 - - [27/Oct/2020:10:38:49 +0800] "GET /xingrg/all/function/internal_message.html?_=1603766334203&CODE_STATE=getMsg HTTP/1.1" 200 27
114.88.166.242 - - [27/Oct/2020:10:38:49 +0800] "GET /xingrg/all/function/internal_message.html?_=1603766328465&CODE_STATE=getMsg HTTP/1.1" 200 27
180.162.25.93 - - [27/Oct/2020:10:38:51 +0800] "GET /xingrg/all/function/internal_message.html?_=1603766330222&CODE_STATE=getMsg HTTP/1.1" 200 27
172.17.0.123 - - [27/Oct/2020:10:38:53 +0800] "GET /xingrg/all/function/internal_message.html?_=1603766295090&CODE_STATE=getMsg HTTP/1.1" 200 27
114.84.145.85 - - [27/Oct/2020:10:38:55 +0800] "GET /xingrg/all/function/internal_message.html?_=1603766342285&CODE_STATE=getMsg HTTP/1.1" 200 27
58.221.95.50 - - [27/Oct/2020:10:38:56 +0800] "GET /xingrg/all/function/internal_message.html?_=1603766515423&CODE_STATE=getMsg HTTP/1.1" 200 27
114.84.37.38 - - [27/Oct/2020:10:38:57 +0800] "GET /xingrg/kc/buy/cgsh_order_operate.html?command=get_materiel&rest_code=00146&code=00101009046&supplier_code=00100023&order_time=2020-10-27 HTTP/1.1" 200 411
124.77.70.31 - - [27/Oct/2020:10:38:59 +0800] "GET /xingrg/kc/buy/cgsh_order_operate.html?command=get_materiel&rest_code=00107&code=00101001213&supplier_code=00100323&order_time=2020-10-27 HTTP/1.1" 200 424
180.162.25.93 - - [27/Oct/2020:10:39:01 +0800] "GET /xingrg/all/function/internal_message.html?_=1603766340807&CODE_STATE=getMsg HTTP/1.1" 200 27
180.157.253.48 - - [27/Oct/2020:10:39:02 +0800] "GET /xingrg/kc/buy/cgsh_order_operate.html?command=get_materiel&rest_code=00148&code=00101008286&supplier_code=00100007&order_time=2020-10-27 HTTP/1.1" 200 408
172.17.200.101 - - [27/Oct/2020:10:39:05 +0800] "GET /xingrg/all/function/internal_message.html?_=1603766345043&CODE_STATE=getMsg HTTP/1.1" 200 27
180.162.245.190 - - [27/Oct/2020:10:39:06 +0800] "POST /xingrg/kc/buy/cgsh_order_operate.html HTTP/1.1" 200 37
180.162.245.190 - - [27/Oct/2020:10:39:07 +0800] "POST /xingrg/kc/buy/cgsh_order_operate.html HTTP/1.1" 200 26877
117.185.32.26 - - [27/Oct/2020:10:39:09 +0800] "GET /xingrg/all/function/internal_message.html?_=1603766346462&CODE_STATE=getMsg HTTP/1.1" 200 27
180.161.96.95 - - [27/Oct/2020:10:39:09 +0800] "GET /xingrg/all/function/internal_message.html?_=1603766568862&CODE_STATE=getMsg HTTP/1.1" 200 27
180.174.56.115 - - [27/Oct/2020:10:39:11 +0800] "GET /xingrg/all/function/internal_message.html?_=1603766348969&CODE_STATE=getMsg HTTP/1.1" 200 27
222.69.137.113 - - [27/Oct/2020:10:39:12 +0800] "GET /xingrg/all/function/internal_message.html?_=1603766349907&CODE_STATE=getMsg HTTP/1.1" 200 27
114.84.37.38 - - [27/Oct/2020:10:39:12 +0800] "GET /xingrg/kc/buy/cgsh_order_operate.html?command=get_materiel&rest_code=00146&code=00101009031&supplier_code=00100023&order_time=2020-10-27 HTTP/1.1" 200 410
117.185.32.26 - - [27/Oct/2020:10:39:14 +0800] "GET /xingrg/all/function/internal_message.html?_=1603766788976&CODE_STATE=getMsg HTTP/1.1" 200 27
180.161.96.95 - - [27/Oct/2020:10:39:15 +0800] "GET /xingrg/all/function/internal_message.html?_=1603766354947&CODE_STATE=getMsg HTTP/1.1" 200 27
120.253.135.82 - - [27/Oct/2020:10:39:18 +0800] "GET /xingrg/check_reg.html?_=1603766468882 HTTP/1.1" 200 22
114.84.37.38 - - [27/Oct/2020:10:39:19 +0800] "GET /xingrg/all/function/internal_message.html?_=1603766383305&CODE_STATE=getMsg HTTP/1.1" 200 27
172.17.0.101 - - [27/Oct/2020:10:39:21 +0800] "GET /xingrg/all/function/internal_message.html?_=1603766386129&CODE_STATE=getMsg HTTP/1.1" 200 27
180.162.25.93 - - [27/Oct/2020:10:39:23 +0800] "GET /xingrg/all/function/internal_message.html?_=1603766362808&CODE_STATE=getMsg HTTP/1.1" 200 27
114.84.37.38 - - [27/Oct/2020:10:39:26 +0800] "POST /xingrg/kc/buy/cgsh_order_operate.html HTTP/1.1" 200 37
124.77.70.31 - - [27/Oct/2020:10:39:27 +0800] "GET /xingrg/kc/buy/cgsh_order_operate.html?command=get_materiel&rest_code=00107&code=00101008375&supplier_code=00100323&order_time=2020-10-27 HTTP/1.1" 200 436
114.84.37.38 - - [27/Oct/2020:10:39:28 +0800] "POST /xingrg/kc/buy/cgsh_order_operate.html HTTP/1.1" 200 5612
222.69.133.109 - - [27/Oct/2020:10:39:28 +0800] "GET /xingrg/all/function/internal_message.html?_=1603766369707&CODE_STATE=getMsg HTTP/1.1" 200 27
180.157.253.48 - - [27/Oct/2020:10:39:29 +0800] "GET /xingrg/all/function/internal_message.html?_=1603766372255&CODE_STATE=getMsg HTTP/1.1" 200 27
180.162.245.190 - - [27/Oct/2020:10:39:30 +0800] "GET /xingrg/all/function/internal_message.html?_=1603766370704&CODE_STATE=getMsg HTTP/1.1" 200 27
114.84.37.38 - - [27/Oct/2020:10:39:30 +0800] "GET /xingrg/kc/print/load_data.html?order_code=212020102711107&kc_code=cgsh&condition= HTTP/1.1" 200 1821
222.69.133.109 - - [27/Oct/2020:10:39:31 +0800] "GET /xingrg/check_reg.html?_=1603766372424 HTTP/1.1" 200 22
61.151.207.205 - - [27/Oct/2020:10:39:32 +0800] "GET /xingrg/all/function/internal_message.html?_=1603765622278&CODE_STATE=getMsg HTTP/1.1" 302 -
101.88.151.31 - - [27/Oct/2020:10:39:33 +0800] "GET /xingrg/all/function/internal_message.html?_=1603766372422&CODE_STATE=getMsg HTTP/1.1" 200 27
114.88.166.242 - - [27/Oct/2020:10:39:35 +0800] "GET /xingrg/all/function/internal_message.html?_=1603766470394&CODE_STATE=getMsg HTTP/1.1" 200 27
61.151.207.205 - - [27/Oct/2020:10:39:36 +0800] "GET /xingrg/login.html HTTP/1.1" 200 7641
180.174.56.115 - - [27/Oct/2020:10:39:36 +0800] "GET /xingrg/all/function/internal_message.html?_=1603766345423&CODE_STATE=getMsg HTTP/1.1" 200 27
124.77.70.31 - - [27/Oct/2020:10:39:40 +0800] "GET /xingrg/all/function/internal_message.html?_=1603766378184&CODE_STATE=getMsg HTTP/1.1" 200 27
124.77.70.31 - - [27/Oct/2020:10:39:40 +0800] "POST /xingrg/kc/buy/cgsh_order_operate.html HTTP/1.1" 200 37
172.17.0.240 - - [27/Oct/2020:10:39:41 +0800] "GET /xingrg/all/function/internal_message.html?_=1603766380820&CODE_STATE=getMsg HTTP/1.1" 200 27
172.17.0.240 - - [27/Oct/2020:10:39:41 +0800] "GET /xingrg/check_reg.html?_=1603766380823 HTTP/1.1" 200 22
124.77.70.31 - - [27/Oct/2020:10:39:41 +0800] "POST /xingrg/kc/buy/cgsh_order_operate.html HTTP/1.1" 200 5065
124.77.70.31 - - [27/Oct/2020:10:39:44 +0800] "GET /xingrg/kc/print/load_data.html?order_code=212020102711108&kc_code=cgsh&condition= HTTP/1.1" 200 1623
183.192.164.71 - - [27/Oct/2020:10:39:48 +0800] "GET /xingrg/kc/buy/cgsh_order_operate.html?command=get_materiel&rest_code=00106&code=00101006138&supplier_code=00100015&order_time=2020-10-27 HTTP/1.1" 302 -
124.77.70.31 - - [27/Oct/2020:10:39:48 +0800] "GET /xingrg/kc/buy/cgsh_order_add.html HTTP/1.1" 200 60613
124.77.70.31 - - [27/Oct/2020:10:39:49 +0800] "GET /xingrg/javascript/easyui/themes/default/validatebox.css HTTP/1.1" 404 1104
124.77.70.31 - - [27/Oct/2020:10:39:49 +0800] "POST /xingrg/kc/buy/cgsh_order_operate.html HTTP/1.1" 200 8245
114.84.37.38 - - [27/Oct/2020:10:39:49 +0800] "GET /xingrg/all/function/internal_message.html?_=1603766394667&CODE_STATE=getMsg HTTP/1.1" 200 27
114.88.166.242 - - [27/Oct/2020:10:39:49 +0800] "GET /xingrg/all/function/internal_message.html?_=1603766388474&CODE_STATE=getMsg HTTP/1.1" 200 27
183.192.164.71 - - [27/Oct/2020:10:39:50 +0800] "GET /xingrg/login.html HTTP/1.1" 200 7641
124.77.70.31 - - [27/Oct/2020:10:39:50 +0800] "GET /xingrg/javascript/easyui/themes/default/tree.css HTTP/1.1" 404 1090
180.162.25.93 - - [27/Oct/2020:10:39:51 +0800] "GET /xingrg/all/function/internal_message.html?_=1603766390227&CODE_STATE=getMsg HTTP/1.1" 200 27
124.77.70.31 - - [27/Oct/2020:10:39:51 +0800] "POST /xingrg/all/common/load_tree.html?tree=supplier_tree_json&isDelete=1 HTTP/1.1" 200 51515
172.17.0.123 - - [27/Oct/2020:10:39:53 +0800] "GET /xingrg/all/function/internal_message.html?_=1603766355091&CODE_STATE=getMsg HTTP/1.1" 200 27
114.84.145.85 - - [27/Oct/2020:10:39:55 +0800] "GET /xingrg/all/function/internal_message.html?_=1603766402284&CODE_STATE=getMsg HTTP/1.1" 200 27
58.221.95.50 - - [27/Oct/2020:10:39:56 +0800] "GET /xingrg/all/function/internal_message.html?_=1603766575392&CODE_STATE=getMsg HTTP/1.1" 200 27
180.97.118.219 - - [27/Oct/2020:10:39:58 +0800] "GET /xingrg/all/function/internal_message.html?_=1603765682280&CODE_STATE=getMsg HTTP/1.1" 302 -
180.162.25.93 - - [27/Oct/2020:10:40:01 +0800] "GET /xingrg/check_reg.html?_=1603766400792 HTTP/1.1" 200 22
180.162.25.93 - - [27/Oct/2020:10:40:01 +0800] "GET /xingrg/all/function/internal_message.html?_=1603766400795&CODE_STATE=getMsg HTTP/1.1" 200 27
180.97.118.219 - - [27/Oct/2020:10:40:04 +0800] "GET /xingrg/login.html HTTP/1.1" 200 7641
172.17.200.101 - - [27/Oct/2020:10:40:05 +0800] "GET /xingrg/check_reg.html?_=1603766405030 HTTP/1.1" 200 22
172.17.200.101 - - [27/Oct/2020:10:40:05 +0800] "GET /xingrg/all/function/internal_message.html?_=1603766405035&CODE_STATE=getMsg HTTP/1.1" 200 27
117.185.32.26 - - [27/Oct/2020:10:40:09 +0800] "GET /xingrg/all/function/internal_message.html?_=1603766406440&CODE_STATE=getMsg HTTP/1.1" 200 27
180.161.96.95 - - [27/Oct/2020:10:40:09 +0800] "GET /xingrg/all/function/internal_message.html?_=1603766628869&CODE_STATE=getMsg HTTP/1.1" 200 27
180.174.56.115 - - [27/Oct/2020:10:40:11 +0800] "GET /xingrg/all/function/internal_message.html?_=1603766408960&CODE_STATE=getMsg HTTP/1.1" 200 27
222.69.137.113 - - [27/Oct/2020:10:40:12 +0800] "GET /xingrg/all/function/internal_message.html?_=1603766409893&CODE_STATE=getMsg HTTP/1.1" 200 27
222.69.137.113 - - [27/Oct/2020:10:40:12 +0800] "GET /xingrg/check_reg.html?_=1603766410146 HTTP/1.1" 200 22
117.185.32.26 - - [27/Oct/2020:10:40:14 +0800] "GET /xingrg/all/function/internal_message.html?_=1603766848982&CODE_STATE=getMsg HTTP/1.1" 200 27
180.161.96.95 - - [27/Oct/2020:10:40:15 +0800] "GET /xingrg/all/function/internal_message.html?_=1603766414984&CODE_STATE=getMsg HTTP/1.1" 200 27
114.84.37.38 - - [27/Oct/2020:10:40:19 +0800] "GET /xingrg/all/function/internal_message.html?_=1603766443330&CODE_STATE=getMsg HTTP/1.1" 200 27
172.17.0.101 - - [27/Oct/2020:10:40:21 +0800] "GET /xingrg/all/function/internal_message.html?_=1603766446131&CODE_STATE=getMsg HTTP/1.1" 200 27
180.162.25.93 - - [27/Oct/2020:10:40:23 +0800] "GET /xingrg/all/function/internal_message.html?_=1603766422810&CODE_STATE=getMsg HTTP/1.1" 200 27
114.84.145.85 - - [27/Oct/2020:10:40:26 +0800] "POST /xingrg/services/DataTransmitService HTTP/1.1" 200 524
124.77.70.31 - - [27/Oct/2020:10:40:28 +0800] "GET /xingrg/kc/buy/cgsh_order_operate.html?command=get_materiel&rest_code=00107&code=00101001051&supplier_code=00100094&order_time=2020-10-27 HTTP/1.1" 200 422
222.69.133.109 - - [27/Oct/2020:10:40:28 +0800] "GET /xingrg/all/function/internal_message.html?_=1603766429690&CODE_STATE=getMsg HTTP/1.1" 200 27
180.157.253.48 - - [27/Oct/2020:10:40:29 +0800] "GET /xingrg/all/function/internal_message.html?_=1603766432269&CODE_STATE=getMsg HTTP/1.1" 200 27
180.162.245.190 - - [27/Oct/2020:10:40:30 +0800] "GET /xingrg/all/function/internal_message.html?_=1603766430700&CODE_STATE=getMsg HTTP/1.1" 200 27
114.88.166.242 - - [27/Oct/2020:10:40:35 +0800] "GET /xingrg/all/function/internal_message.html?_=1603766530393&CODE_STATE=getMsg HTTP/1.1" 200 27
180.174.56.115 - - [27/Oct/2020:10:40:36 +0800] "GET /xingrg/all/function/internal_message.html?_=1603766405449&CODE_STATE=getMsg HTTP/1.1" 200 27
124.77.70.31 - - [27/Oct/2020:10:40:38 +0800] "POST /xingrg/kc/buy/cgsh_order_operate.html HTTP/1.1" 200 37
124.77.70.31 - - [27/Oct/2020:10:40:39 +0800] "GET /xingrg/all/function/internal_message.html?_=1603766438156&CODE_STATE=getMsg HTTP/1.1" 200 27
124.77.70.31 - - [27/Oct/2020:10:40:40 +0800] "POST /xingrg/kc/buy/cgsh_order_operate.html HTTP/1.1" 200 2669
124.77.70.31 - - [27/Oct/2020:10:40:41 +0800] "GET /xingrg/kc/print/load_data.html?order_code=212020102711109&kc_code=cgsh&condition= HTTP/1.1" 200 750
172.17.0.240 - - [27/Oct/2020:10:40:41 +0800] "GET /xingrg/all/function/internal_message.html?_=1603766440825&CODE_STATE=getMsg HTTP/1.1" 200 27
114.84.37.38 - - [27/Oct/2020:10:40:49 +0800] "GET /xingrg/all/function/internal_message.html?_=1603766454679&CODE_STATE=getMsg HTTP/1.1" 200 27
114.88.166.242 - - [27/Oct/2020:10:40:49 +0800] "GET /xingrg/all/function/internal_message.html?_=1603766448509&CODE_STATE=getMsg HTTP/1.1" 200 27
222.69.133.109 - - [27/Oct/2020:10:40:50 +0800] "GET /xingrg/kc/base/wldb_order_operate.html?command=get_materiel&rest_code=00154&base_code=0010724&code=00101022019 HTTP/1.1" 200 444
180.162.25.93 - - [27/Oct/2020:10:40:51 +0800] "GET /xingrg/check_reg.html?_=1603766450213 HTTP/1.1" 200 22
180.162.25.93 - - [27/Oct/2020:10:40:51 +0800] "GET /xingrg/all/function/internal_message.html?_=1603766450214&CODE_STATE=getMsg HTTP/1.1" 200 27
172.17.0.123 - - [27/Oct/2020:10:40:53 +0800] "GET /xingrg/all/function/internal_message.html?_=1603766415095&CODE_STATE=getMsg HTTP/1.1" 200 27
124.77.70.31 - - [27/Oct/2020:10:40:53 +0800] "GET /xingrg/kc/buy/cgsh_order_add.html HTTP/1.1" 200 60613
124.77.70.31 - - [27/Oct/2020:10:40:54 +0800] "POST /xingrg/kc/buy/cgsh_order_operate.html HTTP/1.1" 200 8245
124.77.70.31 - - [27/Oct/2020:10:40:54 +0800] "GET /xingrg/javascript/easyui/themes/default/validatebox.css HTTP/1.1" 404 1104
124.77.70.31 - - [27/Oct/2020:10:40:55 +0800] "GET /xingrg/javascript/easyui/themes/default/tree.css HTTP/1.1" 404 1090
124.77.70.31 - - [27/Oct/2020:10:40:55 +0800] "POST /xingrg/all/common/load_tree.html?tree=supplier_tree_json&isDelete=1 HTTP/1.1" 200 51515
180.157.253.48 - - [27/Oct/2020:10:40:55 +0800] "GET /xingrg/check_reg.html?_=1603766454602 HTTP/1.1" 200 22
114.84.145.85 - - [27/Oct/2020:10:40:55 +0800] "GET /xingrg/all/function/internal_message.html?_=1603766462282&CODE_STATE=getMsg HTTP/1.1" 200 27
58.221.95.50 - - [27/Oct/2020:10:40:56 +0800] "GET /xingrg/all/function/internal_message.html?_=1603766635375&CODE_STATE=getMsg HTTP/1.1" 200 27
180.162.25.93 - - [27/Oct/2020:10:41:01 +0800] "GET /xingrg/all/function/internal_message.html?_=1603766460797&CODE_STATE=getMsg HTTP/1.1" 200 27
172.17.200.101 - - [27/Oct/2020:10:41:05 +0800] "GET /xingrg/all/function/internal_message.html?_=1603766465035&CODE_STATE=getMsg HTTP/1.1" 200 27
120.204.17.72 - - [27/Oct/2020:10:41:06 +0800] "GET /xingrg/all/function/internal_message.html?_=1603765626678&CODE_STATE=getMsg HTTP/1.1" 302 -
180.161.96.95 - - [27/Oct/2020:10:41:09 +0800] "GET /xingrg/check_reg.html?_=1603766688265 HTTP/1.1" 200 22
117.185.32.26 - - [27/Oct/2020:10:41:09 +0800] "GET /xingrg/all/function/internal_message.html?_=1603766466413&CODE_STATE=getMsg HTTP/1.1" 200 27
180.161.96.95 - - [27/Oct/2020:10:41:09 +0800] "GET /xingrg/all/function/internal_message.html?_=1603766688884&CODE_STATE=getMsg HTTP/1.1" 200 27
180.174.56.115 - - [27/Oct/2020:10:41:10 +0800] "GET /xingrg/check_reg.html?_=1603766468929 HTTP/1.1" 200 22
180.174.56.115 - - [27/Oct/2020:10:41:11 +0800] "GET /xingrg/all/function/internal_message.html?_=1603766468931&CODE_STATE=getMsg HTTP/1.1" 200 27
124.77.70.31 - - [27/Oct/2020:10:41:11 +0800] "GET /xingrg/kc/buy/cgsh_order_operate.html?command=get_materiel&rest_code=00107&code=00101010342&supplier_code=00100329&order_time=2020-10-27 HTTP/1.1" 200 422
222.69.137.113 - - [27/Oct/2020:10:41:12 +0800] "GET /xingrg/all/function/internal_message.html?_=1603766469864&CODE_STATE=getMsg HTTP/1.1" 200 27
120.204.17.72 - - [27/Oct/2020:10:41:12 +0800] "GET /xingrg/login.html HTTP/1.1" 200 7641
117.185.32.26 - - [27/Oct/2020:10:41:14 +0800] "GET /xingrg/check_reg.html?_=1603766908988 HTTP/1.1" 200 22
117.185.32.26 - - [27/Oct/2020:10:41:14 +0800] "GET /xingrg/all/function/internal_message.html?_=1603766908989&CODE_STATE=getMsg HTTP/1.1" 200 27
180.161.96.95 - - [27/Oct/2020:10:41:15 +0800] "GET /xingrg/all/function/internal_message.html?_=1603766474990&CODE_STATE=getMsg HTTP/1.1" 200 27
114.84.37.38 - - [27/Oct/2020:10:41:19 +0800] "GET /xingrg/all/function/internal_message.html?_=1603766503333&CODE_STATE=getMsg HTTP/1.1" 200 27
124.77.70.31 - - [27/Oct/2020:10:41:19 +0800] "POST /xingrg/kc/buy/cgsh_order_operate.html HTTP/1.1" 200 37
124.77.70.31 - - [27/Oct/2020:10:41:20 +0800] "POST /xingrg/kc/buy/cgsh_order_operate.html HTTP/1.1" 200 2675
172.17.0.101 - - [27/Oct/2020:10:41:21 +0800] "GET /xingrg/all/function/internal_message.html?_=1603766506133&CODE_STATE=getMsg HTTP/1.1" 200 27
124.77.70.31 - - [27/Oct/2020:10:41:22 +0800] "GET /xingrg/kc/print/load_data.html?order_code=212020102711110&kc_code=cgsh&condition= HTTP/1.1" 200 694
180.162.25.93 - - [27/Oct/2020:10:41:23 +0800] "GET /xingrg/all/function/internal_message.html?_=1603766482814&CODE_STATE=getMsg HTTP/1.1" 200 27
58.221.95.50 - - [27/Oct/2020:10:41:23 +0800] "GET /xingrg/check_reg.html?_=1603766662711 HTTP/1.1" 200 22
124.77.70.31 - - [27/Oct/2020:10:41:26 +0800] "GET /xingrg/kc/buy/cgsh_order_add.html HTTP/1.1" 200 60613
183.192.164.214 - - [27/Oct/2020:10:41:26 +0800] "GET /xingrg/kc/print/load_data.html?order_code=212020102711087&kc_code=cgsh&condition= HTTP/1.1" 302 -
124.77.70.31 - - [27/Oct/2020:10:41:27 +0800] "GET /xingrg/javascript/easyui/themes/default/validatebox.css HTTP/1.1" 404 1104
124.77.70.31 - - [27/Oct/2020:10:41:27 +0800] "POST /xingrg/kc/buy/cgsh_order_operate.html HTTP/1.1" 200 8245
120.204.17.71 - - [27/Oct/2020:10:41:28 +0800] "GET /xingrg/kc/buy/cgsh_order_operate.html?command=get_materiel&rest_code=00106&code=00101012025&supplier_code=00100032&order_time=2020-10-27 HTTP/1.1" 302 -
124.77.70.31 - - [27/Oct/2020:10:41:28 +0800] "GET /xingrg/javascript/easyui/themes/default/tree.css HTTP/1.1" 404 1090
124.77.70.31 - - [27/Oct/2020:10:41:28 +0800] "POST /xingrg/all/common/load_tree.html?tree=supplier_tree_json&isDelete=1 HTTP/1.1" 200 51515
222.69.133.109 - - [27/Oct/2020:10:41:28 +0800] "GET /xingrg/all/function/internal_message.html?_=1603766489668&CODE_STATE=getMsg HTTP/1.1" 200 27
180.157.253.48 - - [27/Oct/2020:10:41:29 +0800] "GET /xingrg/all/function/internal_message.html?_=1603766492291&CODE_STATE=getMsg HTTP/1.1" 200 27
180.162.245.190 - - [27/Oct/2020:10:41:30 +0800] "GET /xingrg/check_reg.html?_=1603766490701 HTTP/1.1" 200 22
180.162.245.190 - - [27/Oct/2020:10:41:30 +0800] "GET /xingrg/all/function/internal_message.html?_=1603766490705&CODE_STATE=getMsg HTTP/1.1" 200 27
180.174.56.115 - - [27/Oct/2020:10:41:31 +0800] "GET /xingrg/check_reg.html?_=1603766459694 HTTP/1.1" 200 22
183.192.164.214 - - [27/Oct/2020:10:41:34 +0800] "GET /xingrg/login.html HTTP/1.1" 200 7641
114.88.166.242 - - [27/Oct/2020:10:41:35 +0800] "GET /xingrg/all/function/internal_message.html?_=1603766590391&CODE_STATE=getMsg HTTP/1.1" 200 27
180.174.56.115 - - [27/Oct/2020:10:41:36 +0800] "GET /xingrg/all/function/internal_message.html?_=1603766465465&CODE_STATE=getMsg HTTP/1.1" 200 27
120.204.17.71 - - [27/Oct/2020:10:41:37 +0800] "GET /xingrg/login.html HTTP/1.1" 200 7641
124.77.70.31 - - [27/Oct/2020:10:41:39 +0800] "GET /xingrg/all/function/internal_message.html?_=1603766498138&CODE_STATE=getMsg HTTP/1.1" 200 27
172.17.0.240 - - [27/Oct/2020:10:41:41 +0800] "GET /xingrg/all/function/internal_message.html?_=1603766500829&CODE_STATE=getMsg HTTP/1.1" 200 27
114.88.166.242 - - [27/Oct/2020:10:41:45 +0800] "GET /xingrg/check_reg.html?_=1603766504511 HTTP/1.1" 200 22
114.84.37.38 - - [27/Oct/2020:10:41:46 +0800] "GET /xingrg/check_reg.html?_=1603766511271 HTTP/1.1" 200 22
114.88.166.242 - - [27/Oct/2020:10:41:49 +0800] "GET /xingrg/all/function/internal_message.html?_=1603766508516&CODE_STATE=getMsg HTTP/1.1" 200 27
114.84.37.38 - - [27/Oct/2020:10:41:50 +0800] "GET /xingrg/all/function/internal_message.html?_=1603766514775&CODE_STATE=getMsg HTTP/1.1" 200 27
180.162.25.93 - - [27/Oct/2020:10:41:51 +0800] "GET /xingrg/all/function/internal_message.html?_=1603766510217&CODE_STATE=getMsg HTTP/1.1" 200 27
172.17.0.123 - - [27/Oct/2020:10:41:53 +0800] "GET /xingrg/all/function/internal_message.html?_=1603766475097&CODE_STATE=getMsg HTTP/1.1" 200 27
114.84.145.85 - - [27/Oct/2020:10:41:55 +0800] "GET /xingrg/all/function/internal_message.html?_=1603766522280&CODE_STATE=getMsg HTTP/1.1" 200 27
58.221.95.50 - - [27/Oct/2020:10:41:56 +0800] "GET /xingrg/all/function/internal_message.html?_=1603766695351&CODE_STATE=getMsg HTTP/1.1" 200 27
120.204.17.70 - - [27/Oct/2020:10:41:58 +0800] "GET /xingrg/kc/buy/cgsh_order_operate.html?command=get_materiel&rest_code=00106&code=00101016053&supplier_code=00100032&order_time=2020-10-27 HTTP/1.1" 302 -
180.162.25.93 - - [27/Oct/2020:10:42:01 +0800] "GET /xingrg/all/function/internal_message.html?_=1603766520799&CODE_STATE=getMsg HTTP/1.1" 200 27
124.77.70.31 - - [27/Oct/2020:10:42:02 +0800] "GET /xingrg/kc/buy/cgsh_order_operate.html?command=get_materiel&rest_code=00107&code=00101008469&supplier_code=00100347&order_time=2020-10-27 HTTP/1.1" 200 398
180.162.245.190 - - [27/Oct/2020:10:42:03 +0800] "POST /xingrg/all/common/load_select.html HTTP/1.1" 200 12
172.17.200.101 - - [27/Oct/2020:10:42:05 +0800] "GET /xingrg/all/function/internal_message.html?_=1603766525042&CODE_STATE=getMsg HTTP/1.1" 200 27
117.185.32.26 - - [27/Oct/2020:10:42:07 +0800] "GET /xingrg/check_reg.html?_=1603766524386 HTTP/1.1" 200 22
120.204.17.70 - - [27/Oct/2020:10:42:07 +0800] "GET /xingrg/login.html HTTP/1.1" 200 7641
117.185.32.26 - - [27/Oct/2020:10:42:09 +0800] "GET /xingrg/all/function/internal_message.html?_=1603766526381&CODE_STATE=getMsg HTTP/1.1" 200 27
180.161.96.95 - - [27/Oct/2020:10:42:09 +0800] "GET /xingrg/all/function/internal_message.html?_=1603766748897&CODE_STATE=getMsg HTTP/1.1" 200 27
180.174.56.115 - - [27/Oct/2020:10:42:11 +0800] "GET /xingrg/all/function/internal_message.html?_=1603766528931&CODE_STATE=getMsg HTTP/1.1" 200 27
222.69.137.113 - - [27/Oct/2020:10:42:12 +0800] "GET /xingrg/all/function/internal_message.html?_=1603766529852&CODE_STATE=getMsg HTTP/1.1" 200 27
117.185.32.26 - - [27/Oct/2020:10:42:14 +0800] "GET /xingrg/all/function/internal_message.html?_=1603766968988&CODE_STATE=getMsg HTTP/1.1" 200 27
180.161.96.95 - - [27/Oct/2020:10:42:15 +0800] "GET /xingrg/check_reg.html?_=1603766534833 HTTP/1.1" 200 22
180.161.96.95 - - [27/Oct/2020:10:42:15 +0800] "GET /xingrg/all/function/internal_message.html?_=1603766535003&CODE_STATE=getMsg HTTP/1.1" 200 27
114.84.37.38 - - [27/Oct/2020:10:42:19 +0800] "GET /xingrg/all/function/internal_message.html?_=1603766563356&CODE_STATE=getMsg HTTP/1.1" 200 27
172.17.0.101 - - [27/Oct/2020:10:42:21 +0800] "GET /xingrg/check_reg.html?_=1603766566133 HTTP/1.1" 200 22
172.17.0.101 - - [27/Oct/2020:10:42:21 +0800] "GET /xingrg/all/function/internal_message.html?_=1603766566134&CODE_STATE=getMsg HTTP/1.1" 200 27
124.77.70.31 - - [27/Oct/2020:10:42:22 +0800] "GET /xingrg/kc/buy/cgsh_order_operate.html?command=get_materiel&rest_code=00107&code=00102002167&supplier_code=00100347&order_time=2020-10-27 HTTP/1.1" 200 409
180.162.25.93 - - [27/Oct/2020:10:42:23 +0800] "GET /xingrg/check_reg.html?_=1603766542800 HTTP/1.1" 200 22
180.162.25.93 - - [27/Oct/2020:10:42:23 +0800] "GET /xingrg/all/function/internal_message.html?_=1603766542802&CODE_STATE=getMsg HTTP/1.1" 200 27
222.69.133.109 - - [27/Oct/2020:10:42:24 +0800] "GET /xingrg/kc/base/wldb_order_operate.html?command=get_materiel&rest_code=00154&base_code=0010724&code=00101022024 HTTP/1.1" 200 430
222.69.133.109 - - [27/Oct/2020:10:42:28 +0800] "GET /xingrg/all/function/internal_message.html?_=1603766549662&CODE_STATE=getMsg HTTP/1.1" 200 27
180.157.253.48 - - [27/Oct/2020:10:42:29 +0800] "GET /xingrg/all/function/internal_message.html?_=1603766552295&CODE_STATE=getMsg HTTP/1.1" 200 27
222.69.133.109 - - [27/Oct/2020:10:42:29 +0800] "GET /xingrg/kc/report/report_main.html HTTP/1.1" 200 7345
180.162.245.190 - - [27/Oct/2020:10:42:30 +0800] "GET /xingrg/all/function/internal_message.html?_=1603766550704&CODE_STATE=getMsg HTTP/1.1" 200 27
222.69.133.109 - - [27/Oct/2020:10:42:30 +0800] "GET /xingrg/kc/base/kc_stocks.html HTTP/1.1" 200 16392
222.69.133.109 - - [27/Oct/2020:10:42:31 +0800] "GET /xingrg/javascript/easyui/themes/default/tree.css HTTP/1.1" 404 1090
222.69.133.109 - - [27/Oct/2020:10:42:31 +0800] "POST /xingrg/all/common/load_tree.html?tree=materiel_sort_tree_json HTTP/1.1" 200 8666
180.162.245.190 - - [27/Oct/2020:10:42:31 +0800] "GET /xingrg/kc/buy/cgsh_order_operate.html?command=get_materiel_price&rest_code=00105&code=00101008105&unit_code=00100001&supplier_code=00100203&order_time=2020-10-27 HTTP/1.1" 200 27
120.204.17.73 - - [27/Oct/2020:10:42:33 +0800] "GET /xingrg/kc/buy/cgsh_order_info.html?code=212020102711087 HTTP/1.1" 302 -
114.88.166.242 - - [27/Oct/2020:10:42:35 +0800] "GET /xingrg/check_reg.html?_=1603766650388 HTTP/1.1" 200 22
114.88.166.242 - - [27/Oct/2020:10:42:35 +0800] "GET /xingrg/all/function/internal_message.html?_=1603766650390&CODE_STATE=getMsg HTTP/1.1" 200 27
222.69.133.109 - - [27/Oct/2020:10:42:36 +0800] "POST /xingrg/kc/base/stock_operate.html HTTP/1.1" 200 3143
180.174.56.115 - - [27/Oct/2020:10:42:36 +0800] "GET /xingrg/all/function/internal_message.html?_=1603766525479&CODE_STATE=getMsg HTTP/1.1" 200 27
114.84.145.85 - - [27/Oct/2020:10:42:37 +0800] "POST /xingrg/services/DataTransmitService HTTP/1.1" 200 524
114.84.145.85 - - [27/Oct/2020:10:42:37 +0800] "POST /xingrg/services/DataTransmitService HTTP/1.1" 200 1939
114.84.145.85 - - [27/Oct/2020:10:42:38 +0800] "POST /xingrg/services/DataTransmitService HTTP/1.1" 200 175319
120.204.17.73 - - [27/Oct/2020:10:42:39 +0800] "GET /xingrg/login.html HTTP/1.1" 200 7641
124.77.70.31 - - [27/Oct/2020:10:42:39 +0800] "GET /xingrg/all/function/internal_message.html?_=1603766558118&CODE_STATE=getMsg HTTP/1.1" 200 27
183.192.164.85 - - [27/Oct/2020:10:42:39 +0800] "GET /xingrg/kc/buy/cgsh_order_operate.html?command=get_materiel&rest_code=00106&code=00101010136&supplier_code=00100032&order_time=2020-10-27 HTTP/1.1" 302 -
172.17.0.240 - - [27/Oct/2020:10:42:41 +0800] "GET /xingrg/all/function/internal_message.html?_=1603766560816&CODE_STATE=getMsg HTTP/1.1" 200 27
124.77.70.31 - - [27/Oct/2020:10:42:42 +0800] "GET /xingrg/kc/buy/cgsh_order_operate.html?command=get_materiel&rest_code=00107&code=00101016052&supplier_code=00100347&order_time=2020-10-27 HTTP/1.1" 200 416
183.192.164.85 - - [27/Oct/2020:10:42:42 +0800] "GET /xingrg/login.html HTTP/1.1" 200 7641
114.88.166.242 - - [27/Oct/2020:10:42:49 +0800] "GET /xingrg/all/function/internal_message.html?_=1603766568531&CODE_STATE=getMsg HTTP/1.1" 200 27
114.84.37.38 - - [27/Oct/2020:10:42:50 +0800] "GET /xingrg/all/function/internal_message.html?_=1603766574784&CODE_STATE=getMsg HTTP/1.1" 200 27
180.162.25.93 - - [27/Oct/2020:10:42:51 +0800] "GET /xingrg/all/function/internal_message.html?_=1603766570219&CODE_STATE=getMsg HTTP/1.1" 200 27
172.17.0.123 - - [27/Oct/2020:10:42:53 +0800] "GET /xingrg/check_reg.html?_=1603766535101 HTTP/1.1" 200 22
172.17.0.123 - - [27/Oct/2020:10:42:53 +0800] "GET /xingrg/all/function/internal_message.html?_=1603766535102&CODE_STATE=getMsg HTTP/1.1" 200 27
222.69.133.109 - - [27/Oct/2020:10:42:54 +0800] "POST /xingrg/kc/base/stock_operate.html HTTP/1.1" 200 4114
114.84.145.85 - - [27/Oct/2020:10:42:55 +0800] "GET /xingrg/check_reg.html?_=1603766582296 HTTP/1.1" 200 22
114.84.145.85 - - [27/Oct/2020:10:42:55 +0800] "GET /xingrg/all/function/internal_message.html?_=1603766582295&CODE_STATE=getMsg HTTP/1.1" 200 27
58.221.95.50 - - [27/Oct/2020:10:42:56 +0800] "GET /xingrg/all/function/internal_message.html?_=1603766755337&CODE_STATE=getMsg HTTP/1.1" 200 27
222.69.133.109 - - [27/Oct/2020:10:42:58 +0800] "POST /xingrg/kc/base/stock_operate.html HTTP/1.1" 200 4258
222.69.133.109 - - [27/Oct/2020:10:43:01 +0800] "POST /xingrg/kc/base/stock_operate.html HTTP/1.1" 200 4317
180.162.25.93 - - [27/Oct/2020:10:43:01 +0800] "GET /xingrg/all/function/internal_message.html?_=1603766580802&CODE_STATE=getMsg HTTP/1.1" 200 27
222.69.133.109 - - [27/Oct/2020:10:43:02 +0800] "POST /xingrg/kc/base/stock_operate.html HTTP/1.1" 200 4300
172.17.200.101 - - [27/Oct/2020:10:43:05 +0800] "GET /xingrg/all/function/internal_message.html?_=1603766585043&CODE_STATE=getMsg HTTP/1.1" 200 27
124.77.70.31 - - [27/Oct/2020:10:43:06 +0800] "GET /xingrg/kc/buy/cgsh_order_operate.html?command=get_materiel&rest_code=00107&code=00101010331&supplier_code=00100347&order_time=2020-10-27 HTTP/1.1" 200 409
222.69.133.109 - - [27/Oct/2020:10:43:06 +0800] "POST /xingrg/kc/base/stock_operate.html HTTP/1.1" 200 4371
222.69.133.109 - - [27/Oct/2020:10:43:08 +0800] "POST /xingrg/kc/base/stock_operate.html HTTP/1.1" 200 4416
114.84.37.38 - - [27/Oct/2020:10:43:08 +0800] "GET /xingrg/check_reg.html?_=1603766612865 HTTP/1.1" 200 22
117.185.32.26 - - [27/Oct/2020:10:43:09 +0800] "GET /xingrg/all/function/internal_message.html?_=1603766586358&CODE_STATE=getMsg HTTP/1.1" 200 27
180.161.96.95 - - [27/Oct/2020:10:43:09 +0800] "GET /xingrg/all/function/internal_message.html?_=1603766808911&CODE_STATE=getMsg HTTP/1.1" 200 27
180.174.56.115 - - [27/Oct/2020:10:43:10 +0800] "GET /xingrg/all/function/internal_message.html?_=1603766588930&CODE_STATE=getMsg HTTP/1.1" 200 27
222.69.137.113 - - [27/Oct/2020:10:43:12 +0800] "GET /xingrg/all/function/internal_message.html?_=1603766589822&CODE_STATE=getMsg HTTP/1.1" 200 27
222.69.133.109 - - [27/Oct/2020:10:43:12 +0800] "POST /xingrg/kc/base/stock_operate.html HTTP/1.1" 200 4360
222.69.133.109 - - [27/Oct/2020:10:43:14 +0800] "POST /xingrg/kc/base/stock_operate.html HTTP/1.1" 200 4411
117.185.32.26 - - [27/Oct/2020:10:43:14 +0800] "GET /xingrg/all/function/internal_message.html?_=1603767029001&CODE_STATE=getMsg HTTP/1.1" 200 27
180.161.96.95 - - [27/Oct/2020:10:43:15 +0800] "GET /xingrg/all/function/internal_message.html?_=1603766595017&CODE_STATE=getMsg HTTP/1.1" 200 27
117.185.32.26 - - [27/Oct/2020:10:43:15 +0800] "GET /xingrg/kc/mdqp/qp_main.html HTTP/1.1" 200 10633
222.69.133.109 - - [27/Oct/2020:10:43:16 +0800] "POST /xingrg/kc/base/stock_operate.html HTTP/1.1" 200 4378
117.185.32.26 - - [27/Oct/2020:10:43:17 +0800] "GET /xingrg/images/yd/bt.gif HTTP/1.1" 404 1040
117.185.32.26 - - [27/Oct/2020:10:43:17 +0800] "GET /xingrg/kc/mdqp/pssh_order_list.html HTTP/1.1" 200 18012
117.185.32.26 - - [27/Oct/2020:10:43:17 +0800] "POST /xingrg/kc/mdqp/pssh_list_operate.html HTTP/1.1" 200 5095
