114.84.145.85 - - [27/Oct/2020:09:02:55 +0800] "GET /xingrg/all/function/internal_message.html?_=1603760582170&CODE_STATE=count HTTP/1.1" 200 11
114.84.145.85 - - [27/Oct/2020:09:02:55 +0800] "POST /xingrg/load_menu.html HTTP/1.1" 200 5138
180.174.56.115 - - [27/Oct/2020:09:02:56 +0800] "GET /xingrg/kc/buy/cgsh_order_operate.html?command=get_materiel&rest_code=00150&code=00101008024&supplier_code=00100007&order_time=2020-10-27 HTTP/1.1" 200 427
124.77.70.31 - - [27/Oct/2020:09:02:56 +0800] "GET /xingrg/kc/buy/cgsh_order_operate.html?command=get_materiel&rest_code=00107&code=00101008296&supplier_code=00100006&order_time=2020-10-27 HTTP/1.1" 200 435
172.17.0.123 - - [27/Oct/2020:09:02:56 +0800] "GET /xingrg/all/function/internal_message.html?_=1603760538636&CODE_STATE=getMsg HTTP/1.1" 302 -
172.17.0.123 - - [27/Oct/2020:09:02:56 +0800] "GET /xingrg/check_reg.html?_=1603760538638 HTTP/1.1" 302 -
58.221.95.50 - - [27/Oct/2020:09:02:58 +0800] "GET /xingrg/all/function/internal_message.html?_=1603760757695&CODE_STATE=getMsg HTTP/1.1" 200 27
222.69.137.113 - - [27/Oct/2020:09:02:59 +0800] "GET /xingrg/kc/buy/cgsh_order_add.html HTTP/1.1" 200 60477
172.17.200.101 - - [27/Oct/2020:09:02:59 +0800] "GET /xingrg/login.html HTTP/1.1" 200 7636
222.69.137.113 - - [27/Oct/2020:09:02:59 +0800] "POST /xingrg/kc/buy/cgsh_order_operate.html HTTP/1.1" 200 8245
222.69.137.113 - - [27/Oct/2020:09:02:59 +0800] "GET /xingrg/javascript/easyui/themes/default/validatebox.css HTTP/1.1" 404 1104
180.174.56.115 - - [27/Oct/2020:09:03:01 +0800] "POST /xingrg/kc/buy/cgsh_order_operate.html HTTP/1.1" 200 37
172.17.200.101 - - [27/Oct/2020:09:03:01 +0800] "GET /favicon.ico HTTP/1.1" 404 -
172.17.200.101 - - [27/Oct/2020:09:03:02 +0800] "POST /xingrg/login.do HTTP/1.1" 302 -
172.17.200.101 - - [27/Oct/2020:09:03:02 +0800] "GET /xingrg/index.html?sysBaseUrl=http%3A%2F%2F172.17.0.8%3A18081%2Fxingrg%2F&costTime=89×tamp=1603760582894 HTTP/1.1" 200 17448
172.17.200.101 - - [27/Oct/2020:09:03:03 +0800] "GET /favicon.ico HTTP/1.1" 404 -
172.17.200.101 - - [27/Oct/2020:09:03:03 +0800] "POST /xingrg/all/common/load_tree.html?tree=area_rest_tree_json&manage=1 HTTP/1.1" 200 3088
172.17.200.101 - - [27/Oct/2020:09:03:03 +0800] "GET /xingrg/check_reg.html?_=1603760583601 HTTP/1.1" 200 22
172.17.200.101 - - [27/Oct/2020:09:03:03 +0800] "GET /xingrg/all/function/internal_message.html?_=1603760583600&CODE_STATE=count HTTP/1.1" 200 11
172.17.200.101 - - [27/Oct/2020:09:03:04 +0800] "POST /xingrg/load_menu.html HTTP/1.1" 200 11529
116.232.49.44 - - [27/Oct/2020:09:03:04 +0800] "GET /xingrg/all/function/internal_message.html?_=1603760610406&CODE_STATE=getMsg HTTP/1.1" 200 27
180.174.56.115 - - [27/Oct/2020:09:03:05 +0800] "POST /xingrg/kc/buy/cgsh_order_operate.html HTTP/1.1" 200 12
180.174.56.115 - - [27/Oct/2020:09:03:06 +0800] "GET /xingrg/kc/buy/cgsh_order_info.html?code=212020102711033 HTTP/1.1" 200 55267
180.174.56.115 - - [27/Oct/2020:09:03:06 +0800] "GET /xingrg/kc/buy/cgsh_order_operate.html?command=get_materiel&rest_code=00150&code=00101008356&supplier_code=00100007&order_time=2020-10-27 HTTP/1.1" 200 408
180.174.56.115 - - [27/Oct/2020:09:03:06 +0800] "GET /xingrg/javascript/easyui/themes/default/validatebox.css HTTP/1.1" 404 1104
172.17.200.101 - - [27/Oct/2020:09:03:06 +0800] "GET /xingrg/kc/report/report_main.html HTTP/1.1" 200 9350
172.17.200.101 - - [27/Oct/2020:09:03:06 +0800] "GET /xingrg/javascript/jquery_easy_ui/themes/default/images/tabs_close.gif HTTP/1.1" 304 -
180.174.56.115 - - [27/Oct/2020:09:03:07 +0800] "POST /xingrg/kc/buy/cgsh_order_operate.html HTTP/1.1" 200 1195
114.84.37.38 - - [27/Oct/2020:09:03:08 +0800] "GET /xingrg/kc/buy/cgsh_order_operate.html?command=get_materiel&rest_code=00146&code=00101008155&supplier_code=00100005&order_time=2020-10-27 HTTP/1.1" 200 410
124.77.70.31 - - [27/Oct/2020:09:03:08 +0800] "GET /xingrg/kc/buy/cgsh_order_operate.html?command=get_materiel&rest_code=00107&code=00101008213&supplier_code=00100006&order_time=2020-10-27 HTTP/1.1" 200 432
114.84.37.38 - - [27/Oct/2020:09:03:08 +0800] "GET /xingrg/check_reg.html?_=1603760612750 HTTP/1.1" 200 22
172.17.200.101 - - [27/Oct/2020:09:03:09 +0800] "GET /xingrg/all/report/report_query.html?fileName=kc/buy/gys_amount_base_rest.xml HTTP/1.1" 200 51589
172.17.200.101 - - [27/Oct/2020:09:03:09 +0800] "GET /xingrg/dwr/interface/AjaxReportQueryService.js HTTP/1.1" 200 13203
172.17.200.101 - - [27/Oct/2020:09:03:09 +0800] "GET /xingrg/dwr/engine.js HTTP/1.1" 200 43631
180.174.56.115 - - [27/Oct/2020:09:03:09 +0800] "GET /xingrg/kc/print/load_data.html?order_code=212020102711033&kc_code=cgsh&condition= HTTP/1.1" 200 1033
222.69.137.113 - - [27/Oct/2020:09:03:09 +0800] "GET /xingrg/kc/buy/cgsh_order_operate.html?command=get_materiel&rest_code=00149&code=00102002453&supplier_code=00100072&order_time=2020-10-27 HTTP/1.1" 200 433
172.17.200.101 - - [27/Oct/2020:09:03:10 +0800] "POST /xingrg/dwr/call/plaincall/AjaxReportQueryService.getFixDate.dwr HTTP/1.1" 200 111
172.17.200.101 - - [27/Oct/2020:09:03:10 +0800] "POST /xingrg/all/common/load_tree.html?tree=area_rest_tree_json&manage=1 HTTP/1.1" 200 3088
172.17.200.101 - - [27/Oct/2020:09:03:10 +0800] "POST /xingrg/all/common/load_tree.html?tree=supplier_tree_json&manage=1 HTTP/1.1" 200 52127
180.157.253.48 - - [27/Oct/2020:09:03:11 +0800] "GET /xingrg/all/function/internal_message.html?_=1603760591872&CODE_STATE=getMsg HTTP/1.1" 200 27
172.17.200.101 - - [27/Oct/2020:09:03:12 +0800] "POST /xingrg/dwr/call/plaincall/AjaxReportQueryService.getFixDate.dwr HTTP/1.1" 200 111
180.174.56.115 - - [27/Oct/2020:09:03:13 +0800] "GET /xingrg/kc/buy/cgsh_order_operate.html?command=get_materiel&rest_code=00150&code=00101008251&supplier_code=00100007&order_time=2020-10-27 HTTP/1.1" 200 408
222.69.137.113 - - [27/Oct/2020:09:03:14 +0800] "GET /xingrg/all/function/internal_message.html?_=1603760591716&CODE_STATE=getMsg HTTP/1.1" 200 27
180.174.56.115 - - [27/Oct/2020:09:03:14 +0800] "GET /xingrg/kc/buy/cgsh_order_add.html HTTP/1.1" 200 60360
180.174.56.115 - - [27/Oct/2020:09:03:15 +0800] "POST /xingrg/kc/buy/cgsh_order_operate.html HTTP/1.1" 200 8245
180.174.56.115 - - [27/Oct/2020:09:03:15 +0800] "GET /xingrg/javascript/easyui/themes/default/validatebox.css HTTP/1.1" 404 1104
114.84.37.38 - - [27/Oct/2020:09:03:18 +0800] "GET /xingrg/all/function/internal_message.html?_=1603760622001&CODE_STATE=getMsg HTTP/1.1" 200 27
180.174.56.115 - - [27/Oct/2020:09:03:18 +0800] "GET /xingrg/all/function/internal_message.html?_=1603760596342&CODE_STATE=getMsg HTTP/1.1" 200 27
172.17.200.101 - - [27/Oct/2020:09:03:18 +0800] "POST /xingrg/dwr/call/plaincall/AjaxReportQueryService.refreshCache.dwr HTTP/1.1" 200 78
222.69.133.109 - - [27/Oct/2020:09:03:18 +0800] "GET /xingrg/system/info/materiel_import.html?isSelect=1&singleSelect=false HTTP/1.1" 200 5600
222.69.133.109 - - [27/Oct/2020:09:03:19 +0800] "POST /xingrg/all/common/load_tree.html?tree=materiel_sort_tree_json HTTP/1.1" 200 8666
222.69.133.109 - - [27/Oct/2020:09:03:19 +0800] "GET /favicon.ico HTTP/1.1" 404 -
172.17.200.101 - - [27/Oct/2020:09:03:20 +0800] "POST /xingrg/all/report/load_report_page.html HTTP/1.1" 200 48219
172.17.200.101 - - [27/Oct/2020:09:03:20 +0800] "GET /xingrg/servlets/image?cache=0.8743647185726944&image=px HTTP/1.1" 200 807
222.69.137.113 - - [27/Oct/2020:09:03:21 +0800] "GET /xingrg/kc/buy/cgsh_order_operate.html?command=get_materiel&rest_code=00149&code=00102002334&supplier_code=00100072&order_time=2020-10-27 HTTP/1.1" 200 433
180.174.56.115 - - [27/Oct/2020:09:03:24 +0800] "GET /xingrg/kc/buy/cgsh_order_operate.html?command=get_materiel&rest_code=00150&code=00101008118&supplier_code=00100007&order_time=2020-10-27 HTTP/1.1" 200 418
114.84.37.38 - - [27/Oct/2020:09:03:25 +0800] "GET /xingrg/kc/buy/cgsh_order_operate.html?command=get_materiel&rest_code=00146&code=00101008010&supplier_code=00100005&order_time=2020-10-27 HTTP/1.1" 200 412
180.174.56.115 - - [27/Oct/2020:09:03:27 +0800] "GET /xingrg/kc/buy/cgsh_order_operate.html?command=get_materiel&rest_code=00150&code=00101006229&supplier_code=00100012&order_time=2020-10-27 HTTP/1.1" 200 412
222.69.133.109 - - [27/Oct/2020:09:03:30 +0800] "GET /xingrg/all/function/internal_message.html?_=1603760611651&CODE_STATE=getMsg HTTP/1.1" 200 27
222.69.137.113 - - [27/Oct/2020:09:03:31 +0800] "POST /xingrg/kc/buy/cgsh_order_operate.html HTTP/1.1" 200 37
124.77.70.31 - - [27/Oct/2020:09:03:31 +0800] "GET /xingrg/kc/buy/cgsh_order_operate.html?command=get_materiel&rest_code=00107&code=00101008344&supplier_code=00100006&order_time=2020-10-27 HTTP/1.1" 200 412
180.174.56.115 - - [27/Oct/2020:09:03:35 +0800] "GET /xingrg/kc/buy/cgsh_order_operate.html?command=get_materiel&rest_code=00150&code=00101008272&supplier_code=00100007&order_time=2020-10-27 HTTP/1.1" 200 412
114.88.166.242 - - [27/Oct/2020:09:03:35 +0800] "GET /xingrg/all/function/internal_message.html?_=1603760710360&CODE_STATE=getMsg HTTP/1.1" 200 27
114.84.37.38 - - [27/Oct/2020:09:03:35 +0800] "GET /xingrg/all/function/internal_message.html?_=1603760620243&CODE_STATE=getMsg HTTP/1.1" 200 27
222.69.137.113 - - [27/Oct/2020:09:03:37 +0800] "POST /xingrg/kc/buy/cgsh_order_operate.html HTTP/1.1" 200 12
114.84.37.38 - - [27/Oct/2020:09:03:37 +0800] "GET /xingrg/kc/buy/cgsh_order_operate.html?command=get_materiel&rest_code=00146&code=00101008055&supplier_code=00100005&order_time=2020-10-27 HTTP/1.1" 200 409
180.174.56.115 - - [27/Oct/2020:09:03:39 +0800] "GET /xingrg/kc/buy/cgsh_order_operate.html?command=get_materiel&rest_code=00150&code=00101006194&supplier_code=00100012&order_time=2020-10-27 HTTP/1.1" 200 412
172.17.0.240 - - [27/Oct/2020:09:03:41 +0800] "GET /xingrg/all/function/internal_message.html?_=1603760620767&CODE_STATE=getMsg HTTP/1.1" 200 27
114.88.166.242 - - [27/Oct/2020:09:03:42 +0800] "GET /xingrg/kc/buy/cgsh_order_list.html HTTP/1.1" 200 44686
124.77.70.31 - - [27/Oct/2020:09:03:43 +0800] "GET /xingrg/kc/buy/cgsh_order_operate.html?command=get_materiel&rest_code=00107&code=00101020005&supplier_code=00100006&order_time=2020-10-27 HTTP/1.1" 200 408
124.77.70.31 - - [27/Oct/2020:09:03:43 +0800] "GET /xingrg/all/function/internal_message.html?_=1603760621400&CODE_STATE=getMsg HTTP/1.1" 200 27
180.174.56.115 - - [27/Oct/2020:09:03:43 +0800] "GET /xingrg/kc/buy/cgsh_order_operate.html?command=get_materiel&rest_code=00150&code=00101008360&supplier_code=00100007&order_time=2020-10-27 HTTP/1.1" 200 413
114.88.166.242 - - [27/Oct/2020:09:03:44 +0800] "POST /xingrg/kc/buy/cgsh_list_operate.html HTTP/1.1" 200 2052
222.69.137.113 - - [27/Oct/2020:09:03:44 +0800] "GET /xingrg/kc/buy/cgsh_order_info.html?code=212020102711034 HTTP/1.1" 200 55382
180.174.56.115 - - [27/Oct/2020:09:03:45 +0800] "GET /xingrg/all/function/internal_message.html?_=1603760593725&CODE_STATE=getMsg HTTP/1.1" 200 27
114.88.166.242 - - [27/Oct/2020:09:03:45 +0800] "GET /xingrg/kc/buy/cgsh_order_add.html HTTP/1.1" 200 60424
222.69.137.113 - - [27/Oct/2020:09:03:45 +0800] "GET /xingrg/javascript/easyui/themes/default/validatebox.css HTTP/1.1" 404 1104
114.88.166.242 - - [27/Oct/2020:09:03:45 +0800] "POST /xingrg/kc/buy/cgsh_order_operate.html HTTP/1.1" 200 8245
114.88.166.242 - - [27/Oct/2020:09:03:45 +0800] "GET /xingrg/javascript/easyui/themes/default/validatebox.css HTTP/1.1" 404 1104
222.69.137.113 - - [27/Oct/2020:09:03:45 +0800] "POST /xingrg/kc/buy/cgsh_order_operate.html HTTP/1.1" 200 1203
124.77.70.31 - - [27/Oct/2020:09:03:46 +0800] "POST /xingrg/kc/buy/cgsh_order_operate.html HTTP/1.1" 200 2065
180.174.56.115 - - [27/Oct/2020:09:03:46 +0800] "POST /xingrg/kc/buy/cgsh_order_operate.html HTTP/1.1" 200 2065
180.161.96.95 - - [27/Oct/2020:09:03:46 +0800] "GET /xingrg/all/function/internal_message.html?_=1603760846225&CODE_STATE=getMsg HTTP/1.1" 200 27
222.69.137.113 - - [27/Oct/2020:09:03:49 +0800] "GET /xingrg/kc/print/load_data.html?order_code=212020102711034&kc_code=cgsh&condition= HTTP/1.1" 200 943
114.84.37.38 - - [27/Oct/2020:09:03:49 +0800] "GET /xingrg/kc/buy/cgsh_order_operate.html?command=get_materiel&rest_code=00146&code=00101008019&supplier_code=00100005&order_time=2020-10-27 HTTP/1.1" 200 416
114.84.37.38 - - [27/Oct/2020:09:03:52 +0800] "POST /xingrg/kc/buy/cgsh_order_operate.html HTTP/1.1" 200 2065
180.174.56.115 - - [27/Oct/2020:09:03:53 +0800] "GET /xingrg/kc/buy/cgsh_order_operate.html?command=get_materiel&rest_code=00150&code=00101008357&supplier_code=00100007&order_time=2020-10-27 HTTP/1.1" 200 428
124.77.70.31 - - [27/Oct/2020:09:03:53 +0800] "GET /xingrg/kc/buy/cgsh_order_operate.html?command=get_materiel&rest_code=00107&code=00101008072&supplier_code=00100006&order_time=2020-10-27 HTTP/1.1" 200 408
114.88.166.242 - - [27/Oct/2020:09:03:54 +0800] "GET /xingrg/kc/buy/cgsh_order_operate.html?command=get_materiel&rest_code=00111&code=00101006184&supplier_code=00100012&order_time=2020-10-27 HTTP/1.1" 200 423
222.69.137.113 - - [27/Oct/2020:09:03:55 +0800] "GET /xingrg/kc/buy/cgsh_order_add.html HTTP/1.1" 200 60477
114.84.145.85 - - [27/Oct/2020:09:03:55 +0800] "GET /xingrg/all/function/internal_message.html?_=1603760642176&CODE_STATE=getMsg HTTP/1.1" 200 27
222.69.137.113 - - [27/Oct/2020:09:03:55 +0800] "POST /xingrg/kc/buy/cgsh_order_operate.html HTTP/1.1" 200 8245
222.69.137.113 - - [27/Oct/2020:09:03:55 +0800] "GET /xingrg/javascript/easyui/themes/default/validatebox.css HTTP/1.1" 404 1104
172.17.0.123 - - [27/Oct/2020:09:03:56 +0800] "GET /xingrg/all/function/internal_message.html?_=1603760598638&CODE_STATE=getMsg HTTP/1.1" 302 -
180.157.253.48 - - [27/Oct/2020:09:03:57 +0800] "GET /xingrg/kc/buy/cgsh_order_operate.html?command=get_materiel&rest_code=00148&code=00101007061&supplier_code=00100004&order_time=2020-10-27 HTTP/1.1" 200 409
58.221.95.50 - - [27/Oct/2020:09:03:58 +0800] "GET /xingrg/all/function/internal_message.html?_=1603760817669&CODE_STATE=getMsg HTTP/1.1" 200 27
114.84.37.38 - - [27/Oct/2020:09:03:59 +0800] "GET /xingrg/kc/buy/cgsh_order_operate.html?command=get_materiel&rest_code=00146&code=00101008134&supplier_code=00100005&order_time=2020-10-27 HTTP/1.1" 200 431
180.174.56.115 - - [27/Oct/2020:09:03:59 +0800] "GET /xingrg/kc/buy/cgsh_order_operate.html?command=get_materiel&rest_code=00150&code=00101008069&supplier_code=00100007&order_time=2020-10-27 HTTP/1.1" 200 431
114.88.166.242 - - [27/Oct/2020:09:04:01 +0800] "GET /xingrg/kc/buy/cgsh_order_operate.html?command=get_materiel&rest_code=00111&code=00101006055&supplier_code=00100012&order_time=2020-10-27 HTTP/1.1" 200 409
116.232.49.44 - - [27/Oct/2020:09:04:03 +0800] "GET /xingrg/check_reg.html?_=1603760670375 HTTP/1.1" 200 22
116.232.49.44 - - [27/Oct/2020:09:04:03 +0800] "GET /xingrg/all/function/internal_message.html?_=1603760670406&CODE_STATE=getMsg HTTP/1.1" 200 27
172.17.200.101 - - [27/Oct/2020:09:04:03 +0800] "GET /xingrg/all/function/internal_message.html?_=1603760643649&CODE_STATE=getMsg HTTP/1.1" 200 27
180.174.56.115 - - [27/Oct/2020:09:04:06 +0800] "GET /xingrg/kc/buy/cgsh_order_operate.html?command=get_materiel&rest_code=00150&code=00101008169&supplier_code=00100007&order_time=2020-10-27 HTTP/1.1" 200 412
114.88.166.242 - - [27/Oct/2020:09:04:08 +0800] "GET /xingrg/kc/buy/cgsh_order_operate.html?command=get_materiel&rest_code=00111&code=00101006056&supplier_code=00100012&order_time=2020-10-27 HTTP/1.1" 200 413
180.157.253.48 - - [27/Oct/2020:09:04:11 +0800] "GET /xingrg/all/function/internal_message.html?_=1603760651843&CODE_STATE=getMsg HTTP/1.1" 200 27
114.84.37.38 - - [27/Oct/2020:09:04:12 +0800] "GET /xingrg/kc/buy/cgsh_order_operate.html?command=get_materiel&rest_code=00146&code=00101008110&supplier_code=00100005&order_time=2020-10-27 HTTP/1.1" 200 427
180.174.56.115 - - [27/Oct/2020:09:04:13 +0800] "GET /xingrg/kc/buy/cgsh_order_operate.html?command=get_materiel&rest_code=00150&code=00101008098&supplier_code=00100007&order_time=2020-10-27 HTTP/1.1" 200 412
222.69.137.113 - - [27/Oct/2020:09:04:13 +0800] "GET /xingrg/all/function/internal_message.html?_=1603760651698&CODE_STATE=getMsg HTTP/1.1" 200 27
114.88.166.242 - - [27/Oct/2020:09:04:15 +0800] "GET /xingrg/kc/buy/cgsh_order_operate.html?command=get_materiel&rest_code=00111&code=00101006065&supplier_code=00100012&order_time=2020-10-27 HTTP/1.1" 200 409
120.253.135.82 - - [27/Oct/2020:09:04:17 +0800] "GET /xingrg/check_reg.html?_=1603760768556 HTTP/1.1" 200 22
114.84.37.38 - - [27/Oct/2020:09:04:18 +0800] "GET /xingrg/all/function/internal_message.html?_=1603760682015&CODE_STATE=getMsg HTTP/1.1" 200 27
180.174.56.115 - - [27/Oct/2020:09:04:18 +0800] "GET /xingrg/all/function/internal_message.html?_=1603760656331&CODE_STATE=getMsg HTTP/1.1" 200 27
180.174.56.115 - - [27/Oct/2020:09:04:22 +0800] "GET /xingrg/kc/buy/cgsh_order_operate.html?command=get_materiel&rest_code=00150&code=00101008005&supplier_code=00100007&order_time=2020-10-27 HTTP/1.1" 200 412
114.84.37.38 - - [27/Oct/2020:09:04:25 +0800] "GET /xingrg/kc/buy/cgsh_order_operate.html?command=get_materiel&rest_code=00146&code=00101008038&supplier_code=00100005&order_time=2020-10-27 HTTP/1.1" 200 412
180.174.56.115 - - [27/Oct/2020:09:04:26 +0800] "POST /xingrg/kc/buy/cgsh_order_operate.html HTTP/1.1" 200 2065
222.69.133.109 - - [27/Oct/2020:09:04:28 +0800] "POST /xingrg/kc/buy/cgsh_order_operate.html HTTP/1.1" 200 37
180.174.56.115 - - [27/Oct/2020:09:04:29 +0800] "GET /xingrg/kc/buy/cgsh_order_operate.html?command=get_materiel&rest_code=00150&code=00101006068&supplier_code=00100012&order_time=2020-10-27 HTTP/1.1" 200 409
124.77.70.31 - - [27/Oct/2020:09:04:29 +0800] "GET /xingrg/kc/buy/cgsh_order_operate.html?command=get_materiel&rest_code=00107&code=00101008361&supplier_code=00100006&order_time=2020-10-27 HTTP/1.1" 200 408
222.69.133.109 - - [27/Oct/2020:09:04:30 +0800] "GET /xingrg/all/function/internal_message.html?_=1603760671624&CODE_STATE=getMsg HTTP/1.1" 200 27
114.88.166.242 - - [27/Oct/2020:09:04:30 +0800] "GET /xingrg/kc/buy/cgsh_order_operate.html?command=get_materiel&rest_code=00111&code=00101006111&supplier_code=00100012&order_time=2020-10-27 HTTP/1.1" 200 409
222.69.133.109 - - [27/Oct/2020:09:04:31 +0800] "GET /xingrg/check_reg.html?_=1603760672295 HTTP/1.1" 200 22
222.69.133.109 - - [27/Oct/2020:09:04:32 +0800] "POST /xingrg/kc/buy/cgsh_order_operate.html HTTP/1.1" 200 12
222.69.133.109 - - [27/Oct/2020:09:04:33 +0800] "GET /xingrg/kc/buy/cgsh_order_info.html?code=212020102711035 HTTP/1.1" 200 54451
180.174.56.115 - - [27/Oct/2020:09:04:34 +0800] "GET /xingrg/kc/buy/cgsh_order_operate.html?command=get_materiel&rest_code=00150&code=00101008092&supplier_code=00100007&order_time=2020-10-27 HTTP/1.1" 200 431
222.69.133.109 - - [27/Oct/2020:09:04:34 +0800] "GET /xingrg/javascript/easyui/themes/default/validatebox.css HTTP/1.1" 404 1104
222.69.133.109 - - [27/Oct/2020:09:04:35 +0800] "POST /xingrg/kc/buy/cgsh_order_operate.html HTTP/1.1" 200 1198
114.88.166.242 - - [27/Oct/2020:09:04:35 +0800] "GET /xingrg/all/function/internal_message.html?_=1603760770359&CODE_STATE=getMsg HTTP/1.1" 200 27
114.84.37.38 - - [27/Oct/2020:09:04:35 +0800] "GET /xingrg/all/function/internal_message.html?_=1603760680497&CODE_STATE=getMsg HTTP/1.1" 200 27
222.69.133.109 - - [27/Oct/2020:09:04:37 +0800] "GET /xingrg/kc/print/load_data.html?order_code=212020102711035&kc_code=cgsh&condition= HTTP/1.1" 200 926
114.88.166.242 - - [27/Oct/2020:09:04:39 +0800] "GET /xingrg/kc/buy/cgsh_order_operate.html?command=get_materiel&rest_code=00111&code=00101006136&supplier_code=00100012&order_time=2020-10-27 HTTP/1.1" 200 417
180.174.56.115 - - [27/Oct/2020:09:04:41 +0800] "GET /xingrg/kc/buy/cgsh_order_operate.html?command=get_materiel&rest_code=00150&code=00101008353&supplier_code=00100007&order_time=2020-10-27 HTTP/1.1" 200 408
172.17.0.240 - - [27/Oct/2020:09:04:41 +0800] "GET /xingrg/all/function/internal_message.html?_=1603760680772&CODE_STATE=getMsg HTTP/1.1" 200 27
172.17.0.240 - - [27/Oct/2020:09:04:41 +0800] "GET /xingrg/check_reg.html?_=1603760680773 HTTP/1.1" 200 22
180.174.56.115 - - [27/Oct/2020:09:04:42 +0800] "GET /xingrg/kc/buy/cgsh_order_operate.html?command=get_materiel&rest_code=00150&code=00101006065&supplier_code=00100012&order_time=2020-10-27 HTTP/1.1" 200 409
124.77.70.31 - - [27/Oct/2020:09:04:43 +0800] "GET /xingrg/all/function/internal_message.html?_=1603760681369&CODE_STATE=getMsg HTTP/1.1" 200 27
124.77.70.31 - - [27/Oct/2020:09:04:44 +0800] "GET /xingrg/kc/buy/cgsh_order_operate.html?command=get_materiel&rest_code=00107&code=00101008169&supplier_code=00100006&order_time=2020-10-27 HTTP/1.1" 200 412
180.174.56.115 - - [27/Oct/2020:09:04:44 +0800] "GET /xingrg/check_reg.html?_=1603760653617 HTTP/1.1" 200 22
180.174.56.115 - - [27/Oct/2020:09:04:45 +0800] "GET /xingrg/all/function/internal_message.html?_=1603760653764&CODE_STATE=getMsg HTTP/1.1" 200 27
114.88.166.242 - - [27/Oct/2020:09:04:47 +0800] "GET /xingrg/kc/buy/cgsh_order_operate.html?command=get_materiel&rest_code=00111&code=00101006174&supplier_code=00100012&order_time=2020-10-27 HTTP/1.1" 200 415
180.161.96.95 - - [27/Oct/2020:09:04:47 +0800] "GET /xingrg/all/function/internal_message.html?_=1603760906880&CODE_STATE=getMsg HTTP/1.1" 200 27
180.174.56.115 - - [27/Oct/2020:09:04:49 +0800] "GET /xingrg/kc/buy/cgsh_order_operate.html?command=get_materiel&rest_code=00150&code=00101008213&supplier_code=00100007&order_time=2020-10-27 HTTP/1.1" 200 432
114.84.37.38 - - [27/Oct/2020:09:04:53 +0800] "POST /xingrg/kc/buy/cgsh_order_operate.html HTTP/1.1" 200 2065
180.174.56.115 - - [27/Oct/2020:09:04:54 +0800] "POST /xingrg/kc/buy/cgsh_order_operate.html HTTP/1.1" 200 37
114.84.145.85 - - [27/Oct/2020:09:04:55 +0800] "GET /xingrg/all/function/internal_message.html?_=1603760702176&CODE_STATE=getMsg HTTP/1.1" 200 27
172.17.0.123 - - [27/Oct/2020:09:04:56 +0800] "GET /xingrg/all/function/internal_message.html?_=1603760658640&CODE_STATE=getMsg HTTP/1.1" 302 -
180.174.56.115 - - [27/Oct/2020:09:04:57 +0800] "GET /xingrg/kc/buy/cgsh_order_operate.html?command=get_materiel&rest_code=00150&code=00101008229&supplier_code=00100007&order_time=2020-10-27 HTTP/1.1" 200 439
180.174.56.115 - - [27/Oct/2020:09:04:57 +0800] "POST /xingrg/kc/buy/cgsh_order_operate.html HTTP/1.1" 200 12
180.174.56.115 - - [27/Oct/2020:09:04:58 +0800] "GET /xingrg/kc/buy/cgsh_order_info.html?code=212020102711036 HTTP/1.1" 200 55267
180.174.56.115 - - [27/Oct/2020:09:04:58 +0800] "GET /xingrg/javascript/easyui/themes/default/validatebox.css HTTP/1.1" 404 1104
58.221.95.50 - - [27/Oct/2020:09:04:58 +0800] "GET /xingrg/all/function/internal_message.html?_=1603760877652&CODE_STATE=getMsg HTTP/1.1" 200 27
180.174.56.115 - - [27/Oct/2020:09:04:59 +0800] "POST /xingrg/kc/buy/cgsh_order_operate.html HTTP/1.1" 200 2396
180.157.253.48 - - [27/Oct/2020:09:04:59 +0800] "GET /xingrg/kc/buy/cgsh_order_operate.html?command=get_materiel&rest_code=00148&code=00101007049&supplier_code=00100004&order_time=2020-10-27 HTTP/1.1" 200 409
124.77.70.31 - - [27/Oct/2020:09:04:59 +0800] "GET /xingrg/kc/buy/cgsh_order_operate.html?command=get_materiel&rest_code=00107&code=00101008005&supplier_code=00100006&order_time=2020-10-27 HTTP/1.1" 200 412
172.17.200.101 - - [27/Oct/2020:09:05:01 +0800] "GET /xingrg/javascript/jquery_easy_ui/themes/default/images/button_span_bg.gif HTTP/1.1" 304 -
172.17.200.101 - - [27/Oct/2020:09:05:01 +0800] "GET /xingrg/javascript/jquery_easy_ui/themes/icons/ok.png HTTP/1.1" 304 -
172.17.200.101 - - [27/Oct/2020:09:05:01 +0800] "GET /xingrg/javascript/jquery_easy_ui/themes/default/images/panel_tools.gif HTTP/1.1" 304 -
172.17.200.101 - - [27/Oct/2020:09:05:01 +0800] "GET /xingrg/javascript/jquery_easy_ui/themes/default/images/panel_title.png HTTP/1.1" 304 -
116.232.49.44 - - [27/Oct/2020:09:05:02 +0800] "GET /xingrg/all/function/internal_message.html?_=1603760730406&CODE_STATE=getMsg HTTP/1.1" 200 27
172.17.200.101 - - [27/Oct/2020:09:05:03 +0800] "GET /xingrg/all/function/internal_message.html?_=1603760703621&CODE_STATE=getMsg HTTP/1.1" 200 27
172.17.200.101 - - [27/Oct/2020:09:05:04 +0800] "POST /xingrg/all/user/operate.html HTTP/1.1" 200 36
172.17.200.101 - - [27/Oct/2020:09:05:04 +0800] "GET /xingrg/index.html?sysBaseUrl=http%3A%2F%2F172.17.0.8%3A18081%2Fxingrg%2F&costTime=89×tamp=1603760582894 HTTP/1.1" 200 17454
172.17.200.101 - - [27/Oct/2020:09:05:04 +0800] "GET /xingrg/javascript/jquery_easy_ui/themes/default/easyui.css HTTP/1.1" 304 -
172.17.200.101 - - [27/Oct/2020:09:05:04 +0800] "GET /xingrg/javascript/jquery_easy_ui/themes/icon.css HTTP/1.1" 304 -
172.17.200.101 - - [27/Oct/2020:09:05:04 +0800] "GET /xingrg/css/form.css HTTP/1.1" 304 -
172.17.200.101 - - [27/Oct/2020:09:05:04 +0800] "GET /xingrg/javascript/jquery-1.4.2.min.js HTTP/1.1" 304 -
172.17.200.101 - - [27/Oct/2020:09:05:04 +0800] "GET /xingrg/javascript/jquery_easy_ui/jquery.easyui.min.js HTTP/1.1" 304 -
172.17.200.101 - - [27/Oct/2020:09:05:04 +0800] "GET /xingrg/javascript/jquery_easy_ui/easyui-lang-zh_CN.js HTTP/1.1" 304 -
172.17.200.101 - - [27/Oct/2020:09:05:04 +0800] "GET /xingrg/javascript/jquery.form.js HTTP/1.1" 304 -
172.17.200.101 - - [27/Oct/2020:09:05:04 +0800] "GET /xingrg/javascript/jquery.utils.js HTTP/1.1" 304 -
172.17.200.101 - - [27/Oct/2020:09:05:04 +0800] "GET /xingrg/javascript/jquery.timers.js HTTP/1.1" 304 -
172.17.200.101 - - [27/Oct/2020:09:05:05 +0800] "GET /xingrg/images/blue/jxLogo.png HTTP/1.1" 304 -
114.88.166.242 - - [27/Oct/2020:09:05:05 +0800] "POST /xingrg/kc/buy/cgsh_order_operate.html HTTP/1.1" 200 37
172.17.200.101 - - [27/Oct/2020:09:05:05 +0800] "GET /xingrg/javascript/jquery_easy_ui/themes/icons/settle_new.png HTTP/1.1" 304 -
172.17.200.101 - - [27/Oct/2020:09:05:05 +0800] "GET /xingrg/images/blue/navBackgound.jpg HTTP/1.1" 304 -
172.17.200.101 - - [27/Oct/2020:09:05:05 +0800] "POST /xingrg/all/common/load_tree.html?tree=area_rest_tree_json&manage=1 HTTP/1.1" 200 3088
172.17.200.101 - - [27/Oct/2020:09:05:05 +0800] "GET /xingrg/all/function/internal_message.html?_=1603760704800&CODE_STATE=count HTTP/1.1" 200 11
172.17.200.101 - - [27/Oct/2020:09:05:05 +0800] "GET /xingrg/check_reg.html?_=1603760704801 HTTP/1.1" 200 22
172.17.200.101 - - [27/Oct/2020:09:05:05 +0800] "GET /xingrg/images/blue/pingpu.png HTTP/1.1" 304 -
172.17.200.101 - - [27/Oct/2020:09:05:05 +0800] "GET /xingrg/javascript/jquery_easy_ui/themes/default/images/panel_tool_expand.gif HTTP/1.1" 304 -
172.17.200.101 - - [27/Oct/2020:09:05:05 +0800] "GET /xingrg/javascript/jquery_easy_ui/themes/default/images/panel_tool_collapse.gif HTTP/1.1" 304 -
172.17.200.101 - - [27/Oct/2020:09:05:05 +0800] "GET /xingrg/javascript/jquery_easy_ui/themes/default/images/tabs_leftarrow.png HTTP/1.1" 304 -
172.17.200.101 - - [27/Oct/2020:09:05:05 +0800] "GET /xingrg/javascript/jquery_easy_ui/themes/default/images/tabs_rightarrow.png HTTP/1.1" 304 -
172.17.200.101 - - [27/Oct/2020:09:05:05 +0800] "POST /xingrg/load_menu.html HTTP/1.1" 200 9924
114.88.166.242 - - [27/Oct/2020:09:05:05 +0800] "POST /xingrg/kc/buy/cgsh_order_operate.html HTTP/1.1" 200 6802
124.77.70.31 - - [27/Oct/2020:09:05:06 +0800] "POST /xingrg/kc/buy/cgsh_order_operate.html HTTP/1.1" 200 2065
222.69.133.109 - - [27/Oct/2020:09:05:07 +0800] "POST /xingrg/kc/buy/cgsh_list_operate.html HTTP/1.1" 200 876
222.69.133.109 - - [27/Oct/2020:09:05:08 +0800] "GET /xingrg/kc/buy/cgsh_order_add.html HTTP/1.1" 200 59546
222.69.133.109 - - [27/Oct/2020:09:05:08 +0800] "POST /xingrg/kc/buy/cgsh_order_operate.html HTTP/1.1" 200 8245
222.69.133.109 - - [27/Oct/2020:09:05:08 +0800] "GET /xingrg/javascript/easyui/themes/default/validatebox.css HTTP/1.1" 404 1104
114.84.37.38 - - [27/Oct/2020:09:05:10 +0800] "GET /xingrg/kc/buy/cgsh_order_operate.html?command=get_materiel&rest_code=00146&code=00101008137&supplier_code=00100005&order_time=2020-10-27 HTTP/1.1" 200 427
180.157.253.48 - - [27/Oct/2020:09:05:11 +0800] "GET /xingrg/check_reg.html?_=1603760711352 HTTP/1.1" 200 22
180.157.253.48 - - [27/Oct/2020:09:05:11 +0800] "GET /xingrg/all/function/internal_message.html?_=1603760711831&CODE_STATE=getMsg HTTP/1.1" 200 27
172.17.200.101 - - [27/Oct/2020:09:05:12 +0800] "GET /xingrg/kc/buy/cgsh_order_list.html HTTP/1.1" 200 44927
222.69.137.113 - - [27/Oct/2020:09:05:12 +0800] "GET /xingrg/check_reg.html?_=1603760710013 HTTP/1.1" 200 22
114.88.166.242 - - [27/Oct/2020:09:05:13 +0800] "GET /xingrg/kc/print/load_data.html?order_code=212020102711037&kc_code=cgsh&condition= HTTP/1.1" 200 2337
61.129.7.235 - - [27/Oct/2020:09:05:13 +0800] "GET /xingrg/all/function/internal_message.html?_=1603759846877&CODE_STATE=getMsg HTTP/1.1" 302 -
222.69.137.113 - - [27/Oct/2020:09:05:13 +0800] "GET /xingrg/all/function/internal_message.html?_=1603760711674&CODE_STATE=getMsg HTTP/1.1" 200 27
180.174.56.115 - - [27/Oct/2020:09:05:16 +0800] "GET /xingrg/kc/print/load_data.html?order_code=212020102711036&kc_code=cgsh&condition= HTTP/1.1" 200 1512
172.17.200.101 - - [27/Oct/2020:09:05:17 +0800] "POST /xingrg/kc/buy/cgsh_list_operate.html HTTP/1.1" 200 5142
61.129.7.235 - - [27/Oct/2020:09:05:17 +0800] "GET /xingrg/login.html HTTP/1.1" 200 7641
114.84.37.38 - - [27/Oct/2020:09:05:18 +0800] "GET /xingrg/all/function/internal_message.html?_=1603760742038&CODE_STATE=getMsg HTTP/1.1" 200 27
180.174.56.115 - - [27/Oct/2020:09:05:18 +0800] "GET /xingrg/check_reg.html?_=1603760716321 HTTP/1.1" 200 22
180.174.56.115 - - [27/Oct/2020:09:05:18 +0800] "GET /xingrg/all/function/internal_message.html?_=1603760716326&CODE_STATE=getMsg HTTP/1.1" 200 27
124.77.70.31 - - [27/Oct/2020:09:05:23 +0800] "GET /xingrg/kc/buy/cgsh_order_operate.html?command=get_materiel&rest_code=00107&code=00101008209&supplier_code=00100006&order_time=2020-10-27 HTTP/1.1" 200 408
222.69.133.109 - - [27/Oct/2020:09:05:30 +0800] "GET /xingrg/all/function/internal_message.html?_=1603760731608&CODE_STATE=getMsg HTTP/1.1" 200 27
180.174.56.115 - - [27/Oct/2020:09:05:32 +0800] "POST /xingrg/all/user/operate.html HTTP/1.1" 200 36
180.174.56.115 - - [27/Oct/2020:09:05:32 +0800] "GET /xingrg/javascript/jquery_easy_ui/themes/default/easyui.css HTTP/1.1" 304 -
180.174.56.115 - - [27/Oct/2020:09:05:32 +0800] "GET /xingrg/index.html?sysBaseUrl=http%3A%2F%2F180.169.147.146%3A18081%2Fxingrg%2F&costTime=43×tamp=1603760384326 HTTP/1.1" 200 17177
180.174.56.115 - - [27/Oct/2020:09:05:32 +0800] "GET /xingrg/javascript/jquery_easy_ui/themes/icon.css HTTP/1.1" 304 -
180.174.56.115 - - [27/Oct/2020:09:05:32 +0800] "GET /xingrg/css/form.css HTTP/1.1" 304 -
180.174.56.115 - - [27/Oct/2020:09:05:32 +0800] "GET /xingrg/javascript/jquery-1.4.2.min.js HTTP/1.1" 304 -
180.174.56.115 - - [27/Oct/2020:09:05:32 +0800] "GET /xingrg/javascript/jquery_easy_ui/jquery.easyui.min.js HTTP/1.1" 304 -
180.174.56.115 - - [27/Oct/2020:09:05:32 +0800] "GET /xingrg/javascript/jquery_easy_ui/easyui-lang-zh_CN.js HTTP/1.1" 304 -
180.174.56.115 - - [27/Oct/2020:09:05:32 +0800] "GET /xingrg/javascript/jquery.form.js HTTP/1.1" 304 -
180.174.56.115 - - [27/Oct/2020:09:05:32 +0800] "GET /xingrg/javascript/jquery.utils.js HTTP/1.1" 304 -
180.174.56.115 - - [27/Oct/2020:09:05:32 +0800] "GET /xingrg/javascript/jquery.timers.js HTTP/1.1" 304 -
180.174.56.115 - - [27/Oct/2020:09:05:32 +0800] "GET /xingrg/images/blue/jxLogo.png HTTP/1.1" 304 -
180.174.56.115 - - [27/Oct/2020:09:05:32 +0800] "GET /xingrg/images/blue/navBackgound.jpg HTTP/1.1" 304 -
180.174.56.115 - - [27/Oct/2020:09:05:32 +0800] "GET /xingrg/javascript/jquery_easy_ui/themes/icons/settle_new.png HTTP/1.1" 304 -
180.174.56.115 - - [27/Oct/2020:09:05:32 +0800] "POST /xingrg/all/common/load_tree.html?tree=area_rest_tree_json&manage=1 HTTP/1.1" 200 476
180.174.56.115 - - [27/Oct/2020:09:05:32 +0800] "GET /xingrg/images/blue/pingpu.png HTTP/1.1" 304 -
180.174.56.115 - - [27/Oct/2020:09:05:32 +0800] "GET /xingrg/javascript/jquery_easy_ui/themes/default/images/tabs_leftarrow.png HTTP/1.1" 304 -
180.174.56.115 - - [27/Oct/2020:09:05:32 +0800] "GET /xingrg/javascript/jquery_easy_ui/themes/default/images/tabs_rightarrow.png HTTP/1.1" 304 -
180.174.56.115 - - [27/Oct/2020:09:05:32 +0800] "GET /xingrg/javascript/jquery_easy_ui/themes/default/images/panel_tool_collapse.gif HTTP/1.1" 304 -
180.174.56.115 - - [27/Oct/2020:09:05:32 +0800] "GET /xingrg/check_reg.html?_=1603760701633 HTTP/1.1" 200 22
180.174.56.115 - - [27/Oct/2020:09:05:32 +0800] "GET /xingrg/all/function/internal_message.html?_=1603760701632&CODE_STATE=count HTTP/1.1" 200 11
180.174.56.115 - - [27/Oct/2020:09:05:32 +0800] "POST /xingrg/load_menu.html HTTP/1.1" 200 5138
180.157.253.48 - - [27/Oct/2020:09:05:34 +0800] "GET /xingrg/kc/buy/cgsh_order_operate.html?command=get_materiel&rest_code=00148&code=00101007023&supplier_code=00100004&order_time=2020-10-27 HTTP/1.1" 200 409
114.84.37.38 - - [27/Oct/2020:09:05:35 +0800] "GET /xingrg/kc/buy/cgsh_order_operate.html?command=get_materiel&rest_code=00146&code=00101008197&supplier_code=00100005&order_time=2020-10-27 HTTP/1.1" 200 416
114.88.166.242 - - [27/Oct/2020:09:05:35 +0800] "GET /xingrg/all/function/internal_message.html?_=1603760830314&CODE_STATE=getMsg HTTP/1.1" 200 27
114.84.37.38 - - [27/Oct/2020:09:05:35 +0800] "GET /xingrg/all/function/internal_message.html?_=1603760740503&CODE_STATE=getMsg HTTP/1.1" 200 27
180.174.56.115 - - [27/Oct/2020:09:05:38 +0800] "GET /xingrg/kc/buy/cgsh_order_list.html HTTP/1.1" 200 44690
180.174.56.115 - - [27/Oct/2020:09:05:39 +0800] "POST /xingrg/kc/buy/cgsh_list_operate.html HTTP/1.1" 200 1691
180.174.56.115 - - [27/Oct/2020:09:05:41 +0800] "GET /xingrg/kc/buy/cgsh_order_add.html HTTP/1.1" 200 60078
172.17.0.240 - - [27/Oct/2020:09:05:41 +0800] "GET /xingrg/all/function/internal_message.html?_=1603760740775&CODE_STATE=getMsg HTTP/1.1" 200 27
180.174.56.115 - - [27/Oct/2020:09:05:41 +0800] "POST /xingrg/kc/buy/cgsh_order_operate.html HTTP/1.1" 200 8245
180.174.56.115 - - [27/Oct/2020:09:05:41 +0800] "GET /xingrg/javascript/easyui/themes/default/validatebox.css HTTP/1.1" 404 1104
180.174.56.115 - - [27/Oct/2020:09:05:41 +0800] "GET /xingrg/all/common/auto_word.html?type=employee&rest_code=00151 HTTP/1.1" 200 243
180.174.56.115 - - [27/Oct/2020:09:05:41 +0800] "GET /xingrg/all/common/auto_word.html?type=employee&rest_code=00151 HTTP/1.1" 200 243
180.174.56.115 - - [27/Oct/2020:09:05:43 +0800] "GET /xingrg/javascript/auto/indicator.gif HTTP/1.1" 404 1066
124.77.70.31 - - [27/Oct/2020:09:05:43 +0800] "GET /xingrg/all/function/internal_message.html?_=1603760741405&CODE_STATE=getMsg HTTP/1.1" 200 27
180.161.96.95 - - [27/Oct/2020:09:05:47 +0800] "GET /xingrg/all/function/internal_message.html?_=1603760966891&CODE_STATE=getMsg HTTP/1.1" 200 27
114.84.37.38 - - [27/Oct/2020:09:05:49 +0800] "GET /xingrg/kc/buy/cgsh_order_operate.html?command=get_materiel&rest_code=00146&code=00101008357&supplier_code=00100005&order_time=2020-10-27 HTTP/1.1" 200 428
114.84.145.85 - - [27/Oct/2020:09:05:55 +0800] "GET /xingrg/all/function/internal_message.html?_=1603760762175&CODE_STATE=getMsg HTTP/1.1" 200 27
172.17.0.123 - - [27/Oct/2020:09:05:56 +0800] "GET /xingrg/all/function/internal_message.html?_=1603760718642&CODE_STATE=getMsg HTTP/1.1" 302 -
180.174.56.115 - - [27/Oct/2020:09:05:56 +0800] "GET /xingrg/kc/buy/cgsh_order_operate.html?command=get_materiel&rest_code=00151&code=00101012051&supplier_code=00100036&order_time=2020-10-27 HTTP/1.1" 200 427
58.221.95.50 - - [27/Oct/2020:09:05:58 +0800] "GET /xingrg/all/function/internal_message.html?_=1603760937625&CODE_STATE=getMsg HTTP/1.1" 200 27
114.84.37.38 - - [27/Oct/2020:09:06:01 +0800] "GET /xingrg/kc/buy/cgsh_order_operate.html?command=get_materiel&rest_code=00146&code=00101008069&supplier_code=00100005&order_time=2020-10-27 HTTP/1.1" 200 431
116.232.49.44 - - [27/Oct/2020:09:06:01 +0800] "GET /xingrg/all/function/internal_message.html?_=1603760790406&CODE_STATE=getMsg HTTP/1.1" 200 27
114.84.37.38 - - [27/Oct/2020:09:06:04 +0800] "POST /xingrg/kc/buy/cgsh_order_operate.html HTTP/1.1" 200 2065
172.17.200.101 - - [27/Oct/2020:09:06:05 +0800] "GET /xingrg/all/function/internal_message.html?_=1603760764816&CODE_STATE=getMsg HTTP/1.1" 200 27
180.174.56.115 - - [27/Oct/2020:09:06:07 +0800] "GET /xingrg/kc/buy/cgsh_order_operate.html?command=get_materiel&rest_code=00151&code=00101020002&supplier_code=00100036&order_time=2020-10-27 HTTP/1.1" 200 412
180.157.253.48 - - [27/Oct/2020:09:06:11 +0800] "GET /xingrg/all/function/internal_message.html?_=1603760771821&CODE_STATE=getMsg HTTP/1.1" 200 27
222.69.137.113 - - [27/Oct/2020:09:06:13 +0800] "GET /xingrg/all/function/internal_message.html?_=1603760771653&CODE_STATE=getMsg HTTP/1.1" 200 27
114.84.37.38 - - [27/Oct/2020:09:06:18 +0800] "GET /xingrg/all/function/internal_message.html?_=1603760802042&CODE_STATE=getMsg HTTP/1.1" 200 27
180.174.56.115 - - [27/Oct/2020:09:06:18 +0800] "GET /xingrg/all/function/internal_message.html?_=1603760776354&CODE_STATE=getMsg HTTP/1.1" 200 27
180.174.56.115 - - [27/Oct/2020:09:06:21 +0800] "GET /xingrg/kc/buy/cgsh_order_operate.html?command=get_materiel&rest_code=00151&code=00101012025&supplier_code=00100036&order_time=2020-10-27 HTTP/1.1" 200 412
58.221.95.50 - - [27/Oct/2020:09:06:23 +0800] "GET /xingrg/check_reg.html?_=1603760962646 HTTP/1.1" 200 22
180.174.56.115 - - [27/Oct/2020:09:06:25 +0800] "GET /xingrg/kc/buy/cgsh_order_operate.html?command=get_materiel&rest_code=00150&code=00101008156&supplier_code=00100007&order_time=2020-10-27 HTTP/1.1" 200 414
114.84.37.38 - - [27/Oct/2020:09:06:26 +0800] "GET /xingrg/kc/buy/cgsh_order_operate.html?command=get_materiel&rest_code=00146&code=00101008036&supplier_code=00100005&order_time=2020-10-27 HTTP/1.1" 200 427
222.69.133.109 - - [27/Oct/2020:09:06:29 +0800] "POST /xingrg/kc/buy/cgsh_order_operate.html HTTP/1.1" 200 37
222.69.133.109 - - [27/Oct/2020:09:06:30 +0800] "GET /xingrg/all/function/internal_message.html?_=1603760791586&CODE_STATE=getMsg HTTP/1.1" 200 27
180.174.56.115 - - [27/Oct/2020:09:06:31 +0800] "POST /xingrg/kc/buy/cgsh_order_operate.html HTTP/1.1" 200 2065
124.77.70.31 - - [27/Oct/2020:09:06:32 +0800] "GET /xingrg/kc/buy/cgsh_order_operate.html?command=get_materiel&rest_code=00107&code=00101008223&supplier_code=00100006&order_time=2020-10-27 HTTP/1.1" 200 431
180.174.56.115 - - [27/Oct/2020:09:06:32 +0800] "GET /xingrg/all/function/internal_message.html?_=1603760761648&CODE_STATE=getMsg HTTP/1.1" 200 27
222.69.137.113 - - [27/Oct/2020:09:06:33 +0800] "GET /xingrg/kc/buy/cgsh_order_operate.html?command=get_materiel&rest_code=00149&code=00101008091&supplier_code=00100005&order_time=2020-10-27 HTTP/1.1" 200 432
222.69.133.109 - - [27/Oct/2020:09:06:34 +0800] "POST /xingrg/kc/buy/cgsh_order_operate.html HTTP/1.1" 200 12
222.69.133.109 - - [27/Oct/2020:09:06:35 +0800] "GET /xingrg/kc/buy/cgsh_order_info.html?code=212020102711038 HTTP/1.1" 200 54451
114.88.166.242 - - [27/Oct/2020:09:06:35 +0800] "GET /xingrg/all/function/internal_message.html?_=1603760890296&CODE_STATE=getMsg HTTP/1.1" 200 27
222.69.133.109 - - [27/Oct/2020:09:06:35 +0800] "GET /xingrg/javascript/easyui/themes/default/validatebox.css HTTP/1.1" 404 1104
114.84.37.38 - - [27/Oct/2020:09:06:35 +0800] "GET /xingrg/all/function/internal_message.html?_=1603760800517&CODE_STATE=getMsg HTTP/1.1" 200 27
222.69.133.109 - - [27/Oct/2020:09:06:36 +0800] "POST /xingrg/kc/buy/cgsh_order_operate.html HTTP/1.1" 200 1196
114.84.37.38 - - [27/Oct/2020:09:06:37 +0800] "GET /xingrg/kc/buy/cgsh_order_operate.html?command=get_materiel&rest_code=00146&code=00101008131&supplier_code=00100005&order_time=2020-10-27 HTTP/1.1" 200 408
114.88.166.242 - - [27/Oct/2020:09:06:37 +0800] "GET /xingrg/login.html HTTP/1.1" 200 7641
114.88.166.242 - - [27/Oct/2020:09:06:38 +0800] "GET /xingrg/images/blue/jxLogo.png HTTP/1.1" 304 -
114.88.166.242 - - [27/Oct/2020:09:06:38 +0800] "GET /xingrg/images/blue/login_bg.png HTTP/1.1" 304 -
114.88.166.242 - - [27/Oct/2020:09:06:38 +0800] "GET /xingrg/images/blue/srbg.png HTTP/1.1" 304 -
114.88.166.242 - - [27/Oct/2020:09:06:38 +0800] "GET /xingrg/images/blue/hj.png HTTP/1.1" 304 -
180.174.56.115 - - [27/Oct/2020:09:06:38 +0800] "GET /xingrg/kc/buy/cgsh_order_operate.html?command=get_materiel&rest_code=00150&code=00101008150&supplier_code=00100007&order_time=2020-10-27 HTTP/1.1" 200 428
114.88.166.242 - - [27/Oct/2020:09:06:38 +0800] "GET /favicon.ico HTTP/1.1" 404 -
222.69.133.109 - - [27/Oct/2020:09:06:39 +0800] "GET /xingrg/kc/print/load_data.html?order_code=212020102711038&kc_code=cgsh&condition= HTTP/1.1" 200 924
180.174.56.115 - - [27/Oct/2020:09:06:40 +0800] "GET /xingrg/kc/buy/cgsh_order_operate.html?command=get_materiel&rest_code=00151&code=00101012005&supplier_code=00100036&order_time=2020-10-27 HTTP/1.1" 200 412
172.17.0.240 - - [27/Oct/2020:09:06:41 +0800] "GET /xingrg/all/function/internal_message.html?_=1603760800779&CODE_STATE=getMsg HTTP/1.1" 200 27
124.77.70.31 - - [27/Oct/2020:09:06:43 +0800] "GET /xingrg/kc/buy/cgsh_order_operate.html?command=get_materiel&rest_code=00107&code=00101008114&supplier_code=00100006&order_time=2020-10-27 HTTP/1.1" 200 412
114.84.37.38 - - [27/Oct/2020:09:06:43 +0800] "GET /xingrg/check_reg.html?_=1603760807946 HTTP/1.1" 200 22
124.77.70.31 - - [27/Oct/2020:09:06:43 +0800] "GET /xingrg/all/function/internal_message.html?_=1603760801635&CODE_STATE=getMsg HTTP/1.1" 200 27
114.88.166.242 - - [27/Oct/2020:09:06:45 +0800] "POST /xingrg/login.do HTTP/1.1" 302 -
114.88.166.242 - - [27/Oct/2020:09:06:45 +0800] "GET /xingrg/javascript/jquery_easy_ui/themes/default/easyui.css HTTP/1.1" 304 -
114.88.166.242 - - [27/Oct/2020:09:06:45 +0800] "GET /xingrg/javascript/jquery_easy_ui/themes/icon.css HTTP/1.1" 304 -
114.88.166.242 - - [27/Oct/2020:09:06:45 +0800] "GET /xingrg/index.html?sysBaseUrl=http%3A%2F%2F180.169.147.146%3A18081%2Fxingrg%2F&costTime=115×tamp=1603760805180 HTTP/1.1" 200 17173
114.88.166.242 - - [27/Oct/2020:09:06:45 +0800] "GET /xingrg/javascript/jquery.form.js HTTP/1.1" 304 -
114.88.166.242 - - [27/Oct/2020:09:06:45 +0800] "GET /xingrg/javascript/jquery-1.4.2.min.js HTTP/1.1" 304 -
114.88.166.242 - - [27/Oct/2020:09:06:45 +0800] "GET /xingrg/css/form.css HTTP/1.1" 304 -
114.88.166.242 - - [27/Oct/2020:09:06:45 +0800] "GET /xingrg/javascript/jquery.utils.js HTTP/1.1" 304 -
114.88.166.242 - - [27/Oct/2020:09:06:45 +0800] "GET /xingrg/javascript/jquery_easy_ui/jquery.easyui.min.js HTTP/1.1" 304 -
114.88.166.242 - - [27/Oct/2020:09:06:45 +0800] "GET /xingrg/javascript/jquery_easy_ui/easyui-lang-zh_CN.js HTTP/1.1" 304 -
114.88.166.242 - - [27/Oct/2020:09:06:45 +0800] "GET /xingrg/javascript/jquery.timers.js HTTP/1.1" 304 -
114.88.166.242 - - [27/Oct/2020:09:06:45 +0800] "GET /favicon.ico HTTP/1.1" 404 -
114.88.166.242 - - [27/Oct/2020:09:06:45 +0800] "GET /xingrg/javascript/jquery_easy_ui/themes/icons/settle_new.png HTTP/1.1" 304 -
114.88.166.242 - - [27/Oct/2020:09:06:45 +0800] "GET /xingrg/images/blue/navBackgound.jpg HTTP/1.1" 304 -
114.88.166.242 - - [27/Oct/2020:09:06:45 +0800] "GET /xingrg/images/blue/pingpu.png HTTP/1.1" 304 -
114.88.166.242 - - [27/Oct/2020:09:06:45 +0800] "GET /xingrg/javascript/jquery_easy_ui/themes/default/images/tabs_leftarrow.png HTTP/1.1" 304 -
114.88.166.242 - - [27/Oct/2020:09:06:45 +0800] "GET /xingrg/javascript/jquery_easy_ui/themes/default/images/tabs_rightarrow.png HTTP/1.1" 304 -
114.88.166.242 - - [27/Oct/2020:09:06:45 +0800] "POST /xingrg/all/common/load_tree.html?tree=area_rest_tree_json&manage=1 HTTP/1.1" 200 342
114.88.166.242 - - [27/Oct/2020:09:06:45 +0800] "GET /xingrg/javascript/jquery_easy_ui/themes/default/images/panel_tool_collapse.gif HTTP/1.1" 304 -
124.77.70.31 - - [27/Oct/2020:09:06:45 +0800] "POST /xingrg/kc/buy/cgsh_order_operate.html HTTP/1.1" 200 2065
114.88.166.242 - - [27/Oct/2020:09:06:45 +0800] "GET /xingrg/check_reg.html?_=1603760804301 HTTP/1.1" 200 22
114.88.166.242 - - [27/Oct/2020:09:06:45 +0800] "GET /xingrg/all/function/internal_message.html?_=1603760804300&CODE_STATE=count HTTP/1.1" 200 11
114.88.166.242 - - [27/Oct/2020:09:06:45 +0800] "GET /xingrg/javascript/jquery_easy_ui/themes/default/images/tree_arrows.gif HTTP/1.1" 304 -
180.174.56.115 - - [27/Oct/2020:09:06:45 +0800] "GET /xingrg/kc/buy/cgsh_order_operate.html?command=get_materiel&rest_code=00150&code=00101008221&supplier_code=00100007&order_time=2020-10-27 HTTP/1.1" 200 412
222.69.137.113 - - [27/Oct/2020:09:06:46 +0800] "GET /xingrg/kc/buy/cgsh_order_operate.html?command=get_materiel&rest_code=00149&code=00101008027&supplier_code=00100005&order_time=2020-10-27 HTTP/1.1" 200 408
114.88.166.242 - - [27/Oct/2020:09:06:46 +0800] "POST /xingrg/load_menu.html HTTP/1.1" 200 5138
114.88.166.242 - - [27/Oct/2020:09:06:46 +0800] "GET /xingrg/javascript/jquery_easy_ui/themes/default/images/tree_folder_open.gif HTTP/1.1" 304 -
114.88.166.242 - - [27/Oct/2020:09:06:46 +0800] "GET /xingrg/javascript/jquery_easy_ui/themes/icons/search_new.png HTTP/1.1" 304 -
114.88.166.242 - - [27/Oct/2020:09:06:46 +0800] "GET /xingrg/javascript/jquery_easy_ui/themes/default/images/tree_folder.gif HTTP/1.1" 304 -
114.88.166.242 - - [27/Oct/2020:09:06:46 +0800] "GET /xingrg/javascript/jquery_easy_ui/themes/icons/storage_new.png HTTP/1.1" 304 -
114.88.166.242 - - [27/Oct/2020:09:06:46 +0800] "GET /xingrg/javascript/jquery_easy_ui/themes/icons/forms_new.png HTTP/1.1" 304 -
114.88.166.242 - - [27/Oct/2020:09:06:46 +0800] "GET /xingrg/javascript/jquery_easy_ui/themes/default/images/tree_file.gif HTTP/1.1" 304 -
180.161.96.95 - - [27/Oct/2020:09:06:48 +0800] "GET /xingrg/all/function/internal_message.html?_=1603761027548&CODE_STATE=getMsg HTTP/1.1" 200 27
180.174.56.115 - - [27/Oct/2020:09:06:50 +0800] "GET /xingrg/kc/buy/cgsh_order_operate.html?command=get_materiel&rest_code=00151&code=00101012059&supplier_code=00100036&order_time=2020-10-27 HTTP/1.1" 200 412
114.84.37.38 - - [27/Oct/2020:09:06:51 +0800] "GET /xingrg/kc/buy/cgsh_order_operate.html?command=get_materiel&rest_code=00146&code=00101008318&supplier_code=00100005&order_time=2020-10-27 HTTP/1.1" 200 427
124.77.70.31 - - [27/Oct/2020:09:06:54 +0800] "GET /xingrg/kc/buy/cgsh_order_operate.html?command=get_materiel&rest_code=00107&code=00101009046&supplier_code=00100006&order_time=2020-10-27 HTTP/1.1" 200 408
114.84.145.85 - - [27/Oct/2020:09:06:55 +0800] "GET /xingrg/all/function/internal_message.html?_=1603760822173&CODE_STATE=getMsg HTTP/1.1" 200 27
114.88.166.242 - - [27/Oct/2020:09:06:55 +0800] "GET /xingrg/javascript/jquery_easy_ui/themes/icons/area.png HTTP/1.1" 304 -
114.88.166.242 - - [27/Oct/2020:09:06:55 +0800] "GET /xingrg/javascript/jquery_easy_ui/themes/icons/rest.png HTTP/1.1" 304 -
172.17.0.123 - - [27/Oct/2020:09:06:56 +0800] "GET /xingrg/all/function/internal_message.html?_=1603760778644&CODE_STATE=getMsg HTTP/1.1" 302 -
58.221.95.50 - - [27/Oct/2020:09:06:58 +0800] "GET /xingrg/all/function/internal_message.html?_=1603760997600&CODE_STATE=getMsg HTTP/1.1" 200 27
116.232.49.44 - - [27/Oct/2020:09:07:00 +0800] "GET /xingrg/all/function/internal_message.html?_=1603760850406&CODE_STATE=getMsg HTTP/1.1" 200 27
180.174.56.115 - - [27/Oct/2020:09:07:02 +0800] "POST /xingrg/kc/buy/cgsh_order_operate.html HTTP/1.1" 200 37
114.84.37.38 - - [27/Oct/2020:09:07:03 +0800] "GET /xingrg/kc/buy/cgsh_order_operate.html?command=get_materiel&rest_code=00146&code=00101008005&supplier_code=00100005&order_time=2020-10-27 HTTP/1.1" 200 412
180.174.56.115 - - [27/Oct/2020:09:07:05 +0800] "GET /xingrg/kc/buy/cgsh_order_operate.html?command=get_materiel&rest_code=00150&code=00101008403&supplier_code=00100007&order_time=2020-10-27 HTTP/1.1" 200 413
172.17.200.101 - - [27/Oct/2020:09:07:05 +0800] "GET /xingrg/all/function/internal_message.html?_=1603760824808&CODE_STATE=getMsg HTTP/1.1" 200 27
222.69.137.113 - - [27/Oct/2020:09:07:06 +0800] "GET /xingrg/kc/buy/cgsh_order_operate.html?command=get_materiel&rest_code=00149&code=00101008055&supplier_code=00100005&order_time=2020-10-27 HTTP/1.1" 200 409
180.174.56.115 - - [27/Oct/2020:09:07:06 +0800] "POST /xingrg/kc/buy/cgsh_order_operate.html HTTP/1.1" 200 12
114.84.37.38 - - [27/Oct/2020:09:07:07 +0800] "POST /xingrg/kc/buy/cgsh_order_operate.html HTTP/1.1" 200 2065
180.174.56.115 - - [27/Oct/2020:09:07:07 +0800] "GET /xingrg/kc/buy/cgsh_order_info.html?code=212020102711039 HTTP/1.1" 200 54987
180.174.56.115 - - [27/Oct/2020:09:07:07 +0800] "GET /xingrg/javascript/easyui/themes/default/validatebox.css HTTP/1.1" 404 1104
180.174.56.115 - - [27/Oct/2020:09:07:08 +0800] "POST /xingrg/kc/buy/cgsh_order_operate.html HTTP/1.1" 200 2997
124.77.70.31 - - [27/Oct/2020:09:07:10 +0800] "GET /xingrg/kc/buy/cgsh_order_operate.html?command=get_materiel&rest_code=00107&code=00101009007&supplier_code=00100006&order_time=2020-10-27 HTTP/1.1" 200 408
180.157.253.48 - - [27/Oct/2020:09:07:11 +0800] "GET /xingrg/all/function/internal_message.html?_=1603760831803&CODE_STATE=getMsg HTTP/1.1" 200 27
180.174.56.115 - - [27/Oct/2020:09:07:13 +0800] "GET /xingrg/kc/print/load_data.html?order_code=212020102711039&kc_code=cgsh&condition= HTTP/1.1" 200 1731
180.161.96.95 - - [27/Oct/2020:09:07:13 +0800] "GET /xingrg/check_reg.html?_=1603761052824 HTTP/1.1" 200 22
222.69.137.113 - - [27/Oct/2020:09:07:13 +0800] "GET /xingrg/all/function/internal_message.html?_=1603760831634&CODE_STATE=getMsg HTTP/1.1" 200 27
114.84.37.38 - - [27/Oct/2020:09:07:18 +0800] "GET /xingrg/all/function/internal_message.html?_=1603760862066&CODE_STATE=getMsg HTTP/1.1" 200 27
180.174.56.115 - - [27/Oct/2020:09:07:18 +0800] "GET /xingrg/all/function/internal_message.html?_=1603760836326&CODE_STATE=getMsg HTTP/1.1" 200 27
222.69.137.113 - - [27/Oct/2020:09:07:18 +0800] "GET /xingrg/kc/buy/cgsh_order_operate.html?command=get_materiel&rest_code=00149&code=00101008331&supplier_code=00100005&order_time=2020-10-27 HTTP/1.1" 200 435
180.174.56.115 - - [27/Oct/2020:09:07:18 +0800] "GET /xingrg/kc/buy/cgsh_order_add.html HTTP/1.1" 200 60078
180.174.56.115 - - [27/Oct/2020:09:07:18 +0800] "POST /xingrg/kc/buy/cgsh_order_operate.html HTTP/1.1" 200 8245
180.174.56.115 - - [27/Oct/2020:09:07:19 +0800] "GET /xingrg/javascript/easyui/themes/default/validatebox.css HTTP/1.1" 404 1104
