114.84.145.85 - - [25/Oct/2020:08:25:01 +0800] "GET /xingrg/all/function/internal_message.html?_=1603585102811&CODE_STATE=getMsg HTTP/1.1" 200 27
114.84.145.85 - - [25/Oct/2020:08:25:05 +0800] "GET /xingrg/all/function/internal_message.html?_=1603585502755&CODE_STATE=getMsg HTTP/1.1" 200 27
120.253.135.82 - - [25/Oct/2020:08:25:13 +0800] "GET /xingrg/check_reg.html?_=1603585254771 HTTP/1.1" 200 22
58.221.95.50 - - [25/Oct/2020:08:25:25 +0800] "GET /xingrg/all/function/internal_message.html?_=1603585700291&CODE_STATE=getMsg HTTP/1.1" 200 27
172.17.0.185 - - [25/Oct/2020:08:25:39 +0800] "GET /xingrg/all/function/internal_message.html?_=1603585534646&CODE_STATE=getMsg HTTP/1.1" 200 27
114.88.166.242 - - [25/Oct/2020:08:25:43 +0800] "GET /xingrg/all/function/internal_message.html?_=1603585532638&CODE_STATE=getMsg HTTP/1.1" 200 27
180.174.56.115 - - [25/Oct/2020:08:25:52 +0800] "GET /xingrg/all/function/internal_message.html?_=1603585519550&CODE_STATE=getMsg HTTP/1.1" 200 27
114.88.166.242 - - [25/Oct/2020:08:25:56 +0800] "GET /xingrg/all/function/internal_message.html?_=1603585646212&CODE_STATE=getMsg HTTP/1.1" 200 27
114.84.145.85 - - [25/Oct/2020:08:26:01 +0800] "GET /xingrg/all/function/internal_message.html?_=1603585162789&CODE_STATE=getMsg HTTP/1.1" 200 27
114.84.145.85 - - [25/Oct/2020:08:26:05 +0800] "GET /xingrg/all/function/internal_message.html?_=1603585562725&CODE_STATE=getMsg HTTP/1.1" 200 27
58.221.95.50 - - [25/Oct/2020:08:26:25 +0800] "GET /xingrg/all/function/internal_message.html?_=1603585760292&CODE_STATE=getMsg HTTP/1.1" 200 27
58.221.95.50 - - [25/Oct/2020:08:26:25 +0800] "GET /xingrg/check_reg.html?_=1603585760296 HTTP/1.1" 200 22
172.17.0.185 - - [25/Oct/2020:08:26:39 +0800] "GET /xingrg/all/function/internal_message.html?_=1603585594644&CODE_STATE=getMsg HTTP/1.1" 200 27
114.88.166.242 - - [25/Oct/2020:08:26:43 +0800] "GET /xingrg/all/function/internal_message.html?_=1603585592660&CODE_STATE=getMsg HTTP/1.1" 200 27
180.174.56.115 - - [25/Oct/2020:08:26:52 +0800] "GET /xingrg/all/function/internal_message.html?_=1603585579560&CODE_STATE=getMsg HTTP/1.1" 200 27
114.88.166.242 - - [25/Oct/2020:08:26:56 +0800] "GET /xingrg/all/function/internal_message.html?_=1603585706212&CODE_STATE=getMsg HTTP/1.1" 200 27
114.84.145.85 - - [25/Oct/2020:08:27:01 +0800] "GET /xingrg/all/function/internal_message.html?_=1603585222767&CODE_STATE=getMsg HTTP/1.1" 200 27
114.84.145.85 - - [25/Oct/2020:08:27:05 +0800] "GET /xingrg/all/function/internal_message.html?_=1603585622706&CODE_STATE=getMsg HTTP/1.1" 200 27
58.221.95.50 - - [25/Oct/2020:08:27:25 +0800] "GET /xingrg/all/function/internal_message.html?_=1603585820295&CODE_STATE=getMsg HTTP/1.1" 200 27
114.84.145.85 - - [25/Oct/2020:08:27:28 +0800] "GET /xingrg/check_reg.html?_=1603585645219 HTTP/1.1" 200 22
114.88.166.242 - - [25/Oct/2020:08:27:36 +0800] "GET /xingrg/check_reg.html?_=1603585646369 HTTP/1.1" 200 22
172.17.0.185 - - [25/Oct/2020:08:27:39 +0800] "GET /xingrg/all/function/internal_message.html?_=1603585654649&CODE_STATE=getMsg HTTP/1.1" 200 27
114.88.166.242 - - [25/Oct/2020:08:27:43 +0800] "GET /xingrg/all/function/internal_message.html?_=1603585652680&CODE_STATE=getMsg HTTP/1.1" 200 27
180.174.56.115 - - [25/Oct/2020:08:27:52 +0800] "GET /xingrg/all/function/internal_message.html?_=1603585639594&CODE_STATE=getMsg HTTP/1.1" 200 27
114.88.166.242 - - [25/Oct/2020:08:27:56 +0800] "GET /xingrg/all/function/internal_message.html?_=1603585766213&CODE_STATE=getMsg HTTP/1.1" 200 27
114.84.145.85 - - [25/Oct/2020:08:28:01 +0800] "GET /xingrg/all/function/internal_message.html?_=1603585282748&CODE_STATE=getMsg HTTP/1.1" 200 27
114.84.145.85 - - [25/Oct/2020:08:28:05 +0800] "GET /xingrg/all/function/internal_message.html?_=1603585682686&CODE_STATE=getMsg HTTP/1.1" 200 27
180.174.56.115 - - [25/Oct/2020:08:28:19 +0800] "GET /xingrg/check_reg.html?_=1603585694564 HTTP/1.1" 200 22
58.221.95.50 - - [25/Oct/2020:08:28:25 +0800] "GET /xingrg/all/function/internal_message.html?_=1603585880294&CODE_STATE=getMsg HTTP/1.1" 200 27
180.174.56.115 - - [25/Oct/2020:08:28:37 +0800] "GET /xingrg/check_reg.html?_=1603585685023 HTTP/1.1" 200 22
172.17.0.185 - - [25/Oct/2020:08:28:39 +0800] "GET /xingrg/all/function/internal_message.html?_=1603585714642&CODE_STATE=getMsg HTTP/1.1" 200 27
114.88.166.242 - - [25/Oct/2020:08:28:43 +0800] "GET /xingrg/all/function/internal_message.html?_=1603585712695&CODE_STATE=getMsg HTTP/1.1" 200 27
180.174.56.115 - - [25/Oct/2020:08:28:52 +0800] "GET /xingrg/all/function/internal_message.html?_=1603585699603&CODE_STATE=getMsg HTTP/1.1" 200 27
114.88.166.242 - - [25/Oct/2020:08:28:56 +0800] "GET /xingrg/check_reg.html?_=1603585826214 HTTP/1.1" 200 22
114.88.166.242 - - [25/Oct/2020:08:28:56 +0800] "GET /xingrg/all/function/internal_message.html?_=1603585826217&CODE_STATE=getMsg HTTP/1.1" 200 27
114.84.145.85 - - [25/Oct/2020:08:29:00 +0800] "GET /xingrg/check_reg.html?_=1603585342232 HTTP/1.1" 200 22
114.84.145.85 - - [25/Oct/2020:08:29:01 +0800] "GET /xingrg/all/function/internal_message.html?_=1603585342730&CODE_STATE=getMsg HTTP/1.1" 200 27
114.84.145.85 - - [25/Oct/2020:08:29:05 +0800] "GET /xingrg/all/function/internal_message.html?_=1603585742664&CODE_STATE=getMsg HTTP/1.1" 200 27
58.221.95.50 - - [25/Oct/2020:08:29:25 +0800] "GET /xingrg/all/function/internal_message.html?_=1603585940296&CODE_STATE=getMsg HTTP/1.1" 200 27
172.17.0.185 - - [25/Oct/2020:08:29:39 +0800] "GET /xingrg/all/function/internal_message.html?_=1603585774648&CODE_STATE=getMsg HTTP/1.1" 200 27
172.17.0.185 - - [25/Oct/2020:08:29:39 +0800] "GET /xingrg/check_reg.html?_=1603585774652 HTTP/1.1" 200 22
114.88.166.242 - - [25/Oct/2020:08:29:43 +0800] "GET /xingrg/all/function/internal_message.html?_=1603585772716&CODE_STATE=getMsg HTTP/1.1" 200 27
180.174.56.115 - - [25/Oct/2020:08:29:52 +0800] "GET /xingrg/all/function/internal_message.html?_=1603585759618&CODE_STATE=getMsg HTTP/1.1" 200 27
114.88.166.242 - - [25/Oct/2020:08:29:56 +0800] "GET /xingrg/all/function/internal_message.html?_=1603585886200&CODE_STATE=getMsg HTTP/1.1" 200 27
114.84.145.85 - - [25/Oct/2020:08:30:01 +0800] "GET /xingrg/all/function/internal_message.html?_=1603585402740&CODE_STATE=getMsg HTTP/1.1" 200 27
114.84.145.85 - - [25/Oct/2020:08:30:05 +0800] "GET /xingrg/all/function/internal_message.html?_=1603585802643&CODE_STATE=getMsg HTTP/1.1" 200 27
120.253.135.82 - - [25/Oct/2020:08:30:13 +0800] "GET /xingrg/check_reg.html?_=1603585554776 HTTP/1.1" 200 22
58.221.95.50 - - [25/Oct/2020:08:30:25 +0800] "GET /xingrg/all/function/internal_message.html?_=1603586000323&CODE_STATE=getMsg HTTP/1.1" 200 27
172.17.0.185 - - [25/Oct/2020:08:30:39 +0800] "GET /xingrg/all/function/internal_message.html?_=1603585834656&CODE_STATE=getMsg HTTP/1.1" 200 27
114.88.166.242 - - [25/Oct/2020:08:30:43 +0800] "GET /xingrg/all/function/internal_message.html?_=1603585832722&CODE_STATE=getMsg HTTP/1.1" 200 27
180.174.56.115 - - [25/Oct/2020:08:30:52 +0800] "GET /xingrg/all/function/internal_message.html?_=1603585819649&CODE_STATE=getMsg HTTP/1.1" 200 27
114.88.166.242 - - [25/Oct/2020:08:30:56 +0800] "GET /xingrg/all/function/internal_message.html?_=1603585946216&CODE_STATE=getMsg HTTP/1.1" 200 27
114.84.145.85 - - [25/Oct/2020:08:31:01 +0800] "GET /xingrg/all/function/internal_message.html?_=1603585462718&CODE_STATE=getMsg HTTP/1.1" 200 27
114.84.145.85 - - [25/Oct/2020:08:31:05 +0800] "GET /xingrg/all/function/internal_message.html?_=1603585862622&CODE_STATE=getMsg HTTP/1.1" 200 27
58.221.95.50 - - [25/Oct/2020:08:31:25 +0800] "GET /xingrg/check_reg.html?_=1603586060322 HTTP/1.1" 200 22
58.221.95.50 - - [25/Oct/2020:08:31:25 +0800] "GET /xingrg/all/function/internal_message.html?_=1603586060324&CODE_STATE=getMsg HTTP/1.1" 200 27
172.17.0.185 - - [25/Oct/2020:08:31:39 +0800] "GET /xingrg/all/function/internal_message.html?_=1603585894643&CODE_STATE=getMsg HTTP/1.1" 200 27
114.88.166.242 - - [25/Oct/2020:08:31:43 +0800] "GET /xingrg/all/function/internal_message.html?_=1603585892744&CODE_STATE=getMsg HTTP/1.1" 200 27
180.174.56.115 - - [25/Oct/2020:08:31:52 +0800] "GET /xingrg/all/function/internal_message.html?_=1603585879659&CODE_STATE=getMsg HTTP/1.1" 200 27
114.88.166.242 - - [25/Oct/2020:08:31:56 +0800] "GET /xingrg/all/function/internal_message.html?_=1603586006200&CODE_STATE=getMsg HTTP/1.1" 200 27
114.84.145.85 - - [25/Oct/2020:08:32:01 +0800] "GET /xingrg/all/function/internal_message.html?_=1603585522688&CODE_STATE=getMsg HTTP/1.1" 200 27
114.84.145.85 - - [25/Oct/2020:08:32:05 +0800] "GET /xingrg/all/function/internal_message.html?_=1603585922599&CODE_STATE=getMsg HTTP/1.1" 200 27
58.221.95.50 - - [25/Oct/2020:08:32:25 +0800] "GET /xingrg/all/function/internal_message.html?_=1603586120323&CODE_STATE=getMsg HTTP/1.1" 200 27
114.84.145.85 - - [25/Oct/2020:08:32:28 +0800] "GET /xingrg/check_reg.html?_=1603585945221 HTTP/1.1" 200 22
114.88.166.242 - - [25/Oct/2020:08:32:36 +0800] "GET /xingrg/check_reg.html?_=1603585946373 HTTP/1.1" 200 22
172.17.0.185 - - [25/Oct/2020:08:32:39 +0800] "GET /xingrg/all/function/internal_message.html?_=1603585954649&CODE_STATE=getMsg HTTP/1.1" 200 27
114.88.166.242 - - [25/Oct/2020:08:32:43 +0800] "GET /xingrg/all/function/internal_message.html?_=1603585952749&CODE_STATE=getMsg HTTP/1.1" 200 27
180.174.56.115 - - [25/Oct/2020:08:32:52 +0800] "GET /xingrg/all/function/internal_message.html?_=1603585939689&CODE_STATE=getMsg HTTP/1.1" 200 27
114.88.166.242 - - [25/Oct/2020:08:32:56 +0800] "GET /xingrg/all/function/internal_message.html?_=1603586066215&CODE_STATE=getMsg HTTP/1.1" 200 27
114.84.145.85 - - [25/Oct/2020:08:33:00 +0800] "GET /xingrg/all/function/internal_message.html?_=1603585582657&CODE_STATE=getMsg HTTP/1.1" 200 27
114.84.145.85 - - [25/Oct/2020:08:33:05 +0800] "GET /xingrg/all/function/internal_message.html?_=1603585982572&CODE_STATE=getMsg HTTP/1.1" 200 27
180.174.56.115 - - [25/Oct/2020:08:33:19 +0800] "GET /xingrg/check_reg.html?_=1603585994569 HTTP/1.1" 200 22
58.221.95.50 - - [25/Oct/2020:08:33:25 +0800] "GET /xingrg/all/function/internal_message.html?_=1603586180322&CODE_STATE=getMsg HTTP/1.1" 200 27
180.174.56.115 - - [25/Oct/2020:08:33:37 +0800] "GET /xingrg/check_reg.html?_=1603585985024 HTTP/1.1" 200 22
172.17.0.185 - - [25/Oct/2020:08:33:39 +0800] "GET /xingrg/all/function/internal_message.html?_=1603586014654&CODE_STATE=getMsg HTTP/1.1" 200 27
114.88.166.242 - - [25/Oct/2020:08:33:43 +0800] "GET /xingrg/all/function/internal_message.html?_=1603586012763&CODE_STATE=getMsg HTTP/1.1" 200 27
180.174.56.115 - - [25/Oct/2020:08:33:52 +0800] "GET /xingrg/all/function/internal_message.html?_=1603585999703&CODE_STATE=getMsg HTTP/1.1" 200 27
114.88.166.242 - - [25/Oct/2020:08:33:56 +0800] "GET /xingrg/check_reg.html?_=1603586126228 HTTP/1.1" 200 22
114.88.166.242 - - [25/Oct/2020:08:33:56 +0800] "GET /xingrg/all/function/internal_message.html?_=1603586126230&CODE_STATE=getMsg HTTP/1.1" 200 27
114.84.145.85 - - [25/Oct/2020:08:34:00 +0800] "GET /xingrg/check_reg.html?_=1603585642265 HTTP/1.1" 200 22
114.84.145.85 - - [25/Oct/2020:08:34:00 +0800] "GET /xingrg/all/function/internal_message.html?_=1603585642637&CODE_STATE=getMsg HTTP/1.1" 200 27
222.69.132.165 - - [25/Oct/2020:08:34:02 +0800] "GET /xingrg/index.html?sysBaseUrl=http%3A%2F%2F180.169.147.146%3A18081%2Fxingrg%2F&costTime=52×tamp=1591679117969 HTTP/1.1" 302 -
222.69.132.165 - - [25/Oct/2020:08:34:02 +0800] "GET /xingrg/login.html HTTP/1.1" 200 7641
222.69.132.165 - - [25/Oct/2020:08:34:02 +0800] "GET /favicon.ico HTTP/1.1" 404 -
114.84.145.85 - - [25/Oct/2020:08:34:05 +0800] "GET /xingrg/all/function/internal_message.html?_=1603586042548&CODE_STATE=getMsg HTTP/1.1" 200 27
222.69.132.165 - - [25/Oct/2020:08:34:06 +0800] "GET /xingrg/index.html?sysBaseUrl=http%3A%2F%2F180.169.147.146%3A18081%2Fxingrg%2F&costTime=52×tamp=1591679117969 HTTP/1.1" 302 -
222.69.132.165 - - [25/Oct/2020:08:34:06 +0800] "GET /xingrg/login.html HTTP/1.1" 200 7641
222.69.132.165 - - [25/Oct/2020:08:34:07 +0800] "GET /favicon.ico HTTP/1.1" 404 -
222.69.132.165 - - [25/Oct/2020:08:34:10 +0800] "POST /xingrg/login.do HTTP/1.1" 302 -
222.69.132.165 - - [25/Oct/2020:08:34:10 +0800] "GET /xingrg/index.html?sysBaseUrl=http%3A%2F%2F180.169.147.146%3A18081%2Fxingrg%2F&costTime=50×tamp=1603586050740 HTTP/1.1" 200 17179
222.69.132.165 - - [25/Oct/2020:08:34:10 +0800] "GET /favicon.ico HTTP/1.1" 404 -
222.69.132.165 - - [25/Oct/2020:08:34:11 +0800] "POST /xingrg/all/common/load_tree.html?tree=area_rest_tree_json&manage=1 HTTP/1.1" 200 351
222.69.132.165 - - [25/Oct/2020:08:34:11 +0800] "GET /xingrg/all/function/internal_message.html?_=1603586042817&CODE_STATE=count HTTP/1.1" 200 11
222.69.132.165 - - [25/Oct/2020:08:34:11 +0800] "GET /xingrg/check_reg.html?_=1603586042819 HTTP/1.1" 200 22
222.69.132.165 - - [25/Oct/2020:08:34:11 +0800] "POST /xingrg/load_menu.html HTTP/1.1" 200 5138
222.69.132.165 - - [25/Oct/2020:08:34:16 +0800] "GET /xingrg/kc/buy/cgsh_order_list.html HTTP/1.1" 200 44394
222.69.132.165 - - [25/Oct/2020:08:34:18 +0800] "POST /xingrg/kc/buy/cgsh_list_operate.html HTTP/1.1" 200 1693
222.69.132.165 - - [25/Oct/2020:08:34:23 +0800] "GET /xingrg/kc/buy/cgsh_order_add.html HTTP/1.1" 200 60179
222.69.132.165 - - [25/Oct/2020:08:34:23 +0800] "GET /xingrg/words/20201024154141_words.js HTTP/1.1" 304 -
222.69.132.165 - - [25/Oct/2020:08:34:23 +0800] "POST /xingrg/kc/buy/cgsh_order_operate.html HTTP/1.1" 200 8245
222.69.132.165 - - [25/Oct/2020:08:34:23 +0800] "GET /xingrg/all/common/auto_word.html?type=employee&rest_code=00149 HTTP/1.1" 200 197
222.69.132.165 - - [25/Oct/2020:08:34:23 +0800] "GET /xingrg/all/common/auto_word.html?type=employee&rest_code=00149 HTTP/1.1" 200 197
222.69.132.165 - - [25/Oct/2020:08:34:23 +0800] "GET /xingrg/javascript/easyui/themes/default/validatebox.css HTTP/1.1" 404 1104
58.221.95.50 - - [25/Oct/2020:08:34:25 +0800] "GET /xingrg/all/function/internal_message.html?_=1603586240322&CODE_STATE=getMsg HTTP/1.1" 200 27
222.69.132.165 - - [25/Oct/2020:08:34:27 +0800] "GET /xingrg/javascript/auto/indicator.gif HTTP/1.1" 404 1066
172.17.0.185 - - [25/Oct/2020:08:34:39 +0800] "GET /xingrg/check_reg.html?_=1603586074643 HTTP/1.1" 200 22
172.17.0.185 - - [25/Oct/2020:08:34:39 +0800] "GET /xingrg/all/function/internal_message.html?_=1603586074647&CODE_STATE=getMsg HTTP/1.1" 200 27
222.69.132.165 - - [25/Oct/2020:08:34:40 +0800] "GET /xingrg/kc/buy/cgsh_order_operate.html?command=get_materiel&rest_code=00149&code=00101007116&supplier_code=&order_time=2020-10-25 HTTP/1.1" 200 421
114.88.166.242 - - [25/Oct/2020:08:34:43 +0800] "GET /xingrg/all/function/internal_message.html?_=1603586072779&CODE_STATE=getMsg HTTP/1.1" 200 27
180.174.56.115 - - [25/Oct/2020:08:34:52 +0800] "GET /xingrg/all/function/internal_message.html?_=1603586059717&CODE_STATE=getMsg HTTP/1.1" 200 27
114.88.166.242 - - [25/Oct/2020:08:34:56 +0800] "GET /xingrg/all/function/internal_message.html?_=1603586186232&CODE_STATE=getMsg HTTP/1.1" 200 27
180.162.245.190 - - [25/Oct/2020:08:34:57 +0800] "GET /xingrg/index.html?sysBaseUrl=http%3A%2F%2F180.169.147.146%3A18081%2Fxingrg%2F&costTime=36×tamp=1585223203754 HTTP/1.1" 302 -
180.162.245.190 - - [25/Oct/2020:08:34:58 +0800] "GET /xingrg/login.html HTTP/1.1" 200 7641
180.162.245.190 - - [25/Oct/2020:08:34:58 +0800] "GET /favicon.ico HTTP/1.1" 404 -
114.84.145.85 - - [25/Oct/2020:08:35:00 +0800] "GET /xingrg/all/function/internal_message.html?_=1603585702608&CODE_STATE=getMsg HTTP/1.1" 200 27
180.162.245.190 - - [25/Oct/2020:08:35:02 +0800] "POST /xingrg/login.do HTTP/1.1" 302 -
180.162.245.190 - - [25/Oct/2020:08:35:02 +0800] "GET /xingrg/index.html?sysBaseUrl=http%3A%2F%2F180.169.147.146%3A18081%2Fxingrg%2F&costTime=43×tamp=1603586102401 HTTP/1.1" 200 17173
180.162.245.190 - - [25/Oct/2020:08:35:02 +0800] "GET /favicon.ico HTTP/1.1" 404 -
180.162.245.190 - - [25/Oct/2020:08:35:02 +0800] "POST /xingrg/all/common/load_tree.html?tree=area_rest_tree_json&manage=1 HTTP/1.1" 200 3350
180.162.245.190 - - [25/Oct/2020:08:35:02 +0800] "GET /xingrg/check_reg.html?_=1603586098544 HTTP/1.1" 200 22
180.162.245.190 - - [25/Oct/2020:08:35:02 +0800] "GET /xingrg/all/function/internal_message.html?_=1603586098543&CODE_STATE=count HTTP/1.1" 200 11
180.162.245.190 - - [25/Oct/2020:08:35:02 +0800] "POST /xingrg/load_menu.html HTTP/1.1" 200 5138
114.84.145.85 - - [25/Oct/2020:08:35:05 +0800] "GET /xingrg/all/function/internal_message.html?_=1603586102528&CODE_STATE=getMsg HTTP/1.1" 200 27
180.162.245.190 - - [25/Oct/2020:08:35:05 +0800] "GET /xingrg/kc/buy/cgsh_order_list.html HTTP/1.1" 200 44388
180.162.245.190 - - [25/Oct/2020:08:35:07 +0800] "POST /xingrg/kc/buy/cgsh_list_operate.html HTTP/1.1" 200 5222
180.162.245.190 - - [25/Oct/2020:08:35:09 +0800] "GET /xingrg/kc/buy/cgsh_order_list.html HTTP/1.1" 200 44388
222.69.132.165 - - [25/Oct/2020:08:35:11 +0800] "GET /xingrg/all/function/internal_message.html?_=1603586102831&CODE_STATE=getMsg HTTP/1.1" 200 27
180.162.245.190 - - [25/Oct/2020:08:35:11 +0800] "POST /xingrg/kc/buy/cgsh_list_operate.html HTTP/1.1" 200 5222
120.253.135.82 - - [25/Oct/2020:08:35:13 +0800] "GET /xingrg/check_reg.html?_=1603585854782 HTTP/1.1" 200 22
58.221.95.50 - - [25/Oct/2020:08:35:25 +0800] "GET /xingrg/all/function/internal_message.html?_=1603586300321&CODE_STATE=getMsg HTTP/1.1" 200 27
180.162.245.190 - - [25/Oct/2020:08:35:35 +0800] "POST /xingrg/kc/buy/cgsh_list_operate.html HTTP/1.1" 200 4
180.162.245.190 - - [25/Oct/2020:08:35:37 +0800] "POST /xingrg/kc/buy/cgsh_list_operate.html HTTP/1.1" 200 5153
172.17.0.185 - - [25/Oct/2020:08:35:39 +0800] "GET /xingrg/all/function/internal_message.html?_=1603586134650&CODE_STATE=getMsg HTTP/1.1" 200 27
114.88.166.242 - - [25/Oct/2020:08:35:43 +0800] "GET /xingrg/all/function/internal_message.html?_=1603586132790&CODE_STATE=getMsg HTTP/1.1" 200 27
180.174.56.115 - - [25/Oct/2020:08:35:52 +0800] "GET /xingrg/all/function/internal_message.html?_=1603586119746&CODE_STATE=getMsg HTTP/1.1" 200 27
180.162.245.190 - - [25/Oct/2020:08:35:53 +0800] "POST /xingrg/kc/buy/cgsh_list_operate.html HTTP/1.1" 200 4
114.88.166.242 - - [25/Oct/2020:08:35:56 +0800] "GET /xingrg/all/function/internal_message.html?_=1603586246230&CODE_STATE=getMsg HTTP/1.1" 200 27
180.162.245.190 - - [25/Oct/2020:08:35:56 +0800] "POST /xingrg/kc/buy/cgsh_list_operate.html HTTP/1.1" 200 4585
114.84.145.85 - - [25/Oct/2020:08:36:00 +0800] "GET /xingrg/all/function/internal_message.html?_=1603585762580&CODE_STATE=getMsg HTTP/1.1" 200 27
180.162.245.190 - - [25/Oct/2020:08:36:02 +0800] "GET /xingrg/all/function/internal_message.html?_=1603586158558&CODE_STATE=getMsg HTTP/1.1" 200 27
114.84.145.85 - - [25/Oct/2020:08:36:05 +0800] "GET /xingrg/all/function/internal_message.html?_=1603586162498&CODE_STATE=getMsg HTTP/1.1" 200 27
222.69.132.165 - - [25/Oct/2020:08:36:11 +0800] "GET /xingrg/all/function/internal_message.html?_=1603586162825&CODE_STATE=getMsg HTTP/1.1" 200 27
180.162.245.190 - - [25/Oct/2020:08:36:11 +0800] "POST /xingrg/kc/buy/cgsh_list_operate.html HTTP/1.1" 200 4
180.162.245.190 - - [25/Oct/2020:08:36:13 +0800] "POST /xingrg/kc/buy/cgsh_list_operate.html HTTP/1.1" 200 876
180.162.245.190 - - [25/Oct/2020:08:36:15 +0800] "GET /xingrg/kc/base/wldb_order_list.html HTTP/1.1" 200 19377
180.162.245.190 - - [25/Oct/2020:08:36:15 +0800] "POST /xingrg/kc/base/wldb_list_operate.html HTTP/1.1" 200 928
180.162.245.190 - - [25/Oct/2020:08:36:16 +0800] "GET /xingrg/kc/buy/cgsh_order_list.html HTTP/1.1" 200 44388
180.162.245.190 - - [25/Oct/2020:08:36:17 +0800] "POST /xingrg/kc/buy/cgsh_list_operate.html HTTP/1.1" 200 876
180.162.245.190 - - [25/Oct/2020:08:36:18 +0800] "GET /xingrg/kc/buy/cgsh_order_add.html HTTP/1.1" 200 60173
180.162.245.190 - - [25/Oct/2020:08:36:18 +0800] "GET /xingrg/words/20201024154141_words.js HTTP/1.1" 304 -
180.162.245.190 - - [25/Oct/2020:08:36:18 +0800] "GET /xingrg/all/common/auto_word.html?type=employee&rest_code=00105 HTTP/1.1" 200 193
180.162.245.190 - - [25/Oct/2020:08:36:18 +0800] "GET /xingrg/all/common/auto_word.html?type=employee&rest_code=00105 HTTP/1.1" 200 193
180.162.245.190 - - [25/Oct/2020:08:36:18 +0800] "GET /xingrg/javascript/easyui/themes/default/validatebox.css HTTP/1.1" 404 1104
180.162.245.190 - - [25/Oct/2020:08:36:18 +0800] "POST /xingrg/kc/buy/cgsh_order_operate.html HTTP/1.1" 200 8245
180.162.245.190 - - [25/Oct/2020:08:36:21 +0800] "GET /xingrg/javascript/auto/indicator.gif HTTP/1.1" 404 1066
58.221.95.50 - - [25/Oct/2020:08:36:25 +0800] "GET /xingrg/all/function/internal_message.html?_=1603586360321&CODE_STATE=getMsg HTTP/1.1" 200 27
58.221.95.50 - - [25/Oct/2020:08:36:25 +0800] "GET /xingrg/check_reg.html?_=1603586360324 HTTP/1.1" 200 22
172.17.0.185 - - [25/Oct/2020:08:36:39 +0800] "GET /xingrg/all/function/internal_message.html?_=1603586194656&CODE_STATE=getMsg HTTP/1.1" 200 27
114.88.166.242 - - [25/Oct/2020:08:36:43 +0800] "GET /xingrg/all/function/internal_message.html?_=1603586192812&CODE_STATE=getMsg HTTP/1.1" 200 27
180.174.56.115 - - [25/Oct/2020:08:36:52 +0800] "GET /xingrg/all/function/internal_message.html?_=1603586179759&CODE_STATE=getMsg HTTP/1.1" 200 27
114.88.166.242 - - [25/Oct/2020:08:36:56 +0800] "GET /xingrg/all/function/internal_message.html?_=1603586306231&CODE_STATE=getMsg HTTP/1.1" 200 27
114.84.145.85 - - [25/Oct/2020:08:37:00 +0800] "GET /xingrg/all/function/internal_message.html?_=1603585822549&CODE_STATE=getMsg HTTP/1.1" 200 27
180.162.245.190 - - [25/Oct/2020:08:37:02 +0800] "GET /xingrg/system/info/materiel_import.html?isSelect=1&singleSelect=false HTTP/1.1" 200 5600
180.162.245.190 - - [25/Oct/2020:08:37:02 +0800] "POST /xingrg/all/common/load_tree.html?tree=materiel_sort_tree_json HTTP/1.1" 200 8666
180.162.245.190 - - [25/Oct/2020:08:37:02 +0800] "GET /favicon.ico HTTP/1.1" 404 -
180.162.245.190 - - [25/Oct/2020:08:37:02 +0800] "GET /xingrg/all/function/internal_message.html?_=1603586218752&CODE_STATE=getMsg HTTP/1.1" 200 27
114.84.145.85 - - [25/Oct/2020:08:37:05 +0800] "GET /xingrg/all/function/internal_message.html?_=1603586222474&CODE_STATE=getMsg HTTP/1.1" 200 27
180.162.245.190 - - [25/Oct/2020:08:37:07 +0800] "GET /xingrg/system/info/materiel_import.html?isSelect=1&singleSelect=false HTTP/1.1" 200 5600
180.162.245.190 - - [25/Oct/2020:08:37:07 +0800] "GET /favicon.ico HTTP/1.1" 404 -
180.162.245.190 - - [25/Oct/2020:08:37:07 +0800] "POST /xingrg/all/common/load_tree.html?tree=materiel_sort_tree_json HTTP/1.1" 200 8666
222.69.132.165 - - [25/Oct/2020:08:37:11 +0800] "GET /xingrg/all/function/internal_message.html?_=1603586222832&CODE_STATE=getMsg HTTP/1.1" 200 27
180.162.245.190 - - [25/Oct/2020:08:37:20 +0800] "GET /xingrg/kc/buy/cgsh_order_operate.html?command=get_materiel&rest_code=00105&code=00101003031&supplier_code=00100151&order_time=2020-10-25 HTTP/1.1" 200 446
58.221.95.50 - - [25/Oct/2020:08:37:25 +0800] "GET /xingrg/all/function/internal_message.html?_=1603586420323&CODE_STATE=getMsg HTTP/1.1" 200 27
114.84.145.85 - - [25/Oct/2020:08:37:28 +0800] "GET /xingrg/check_reg.html?_=1603586245220 HTTP/1.1" 200 22
101.91.62.65 - - [25/Oct/2020:08:37:34 +0800] "GET /xingrg/all/function/internal_message.html?_=1603586162498&CODE_STATE=getMsg HTTP/1.1" 302 -
114.88.166.242 - - [25/Oct/2020:08:37:36 +0800] "GET /xingrg/check_reg.html?_=1603586246378 HTTP/1.1" 200 22
172.17.0.185 - - [25/Oct/2020:08:37:39 +0800] "GET /xingrg/all/function/internal_message.html?_=1603586254645&CODE_STATE=getMsg HTTP/1.1" 200 27
101.91.62.65 - - [25/Oct/2020:08:37:40 +0800] "GET /xingrg/login.html HTTP/1.1" 200 7641
180.162.245.190 - - [25/Oct/2020:08:37:43 +0800] "POST /xingrg/kc/buy/cgsh_order_operate.html HTTP/1.1" 200 37
114.88.166.242 - - [25/Oct/2020:08:37:43 +0800] "GET /xingrg/all/function/internal_message.html?_=1603586252833&CODE_STATE=getMsg HTTP/1.1" 200 27
180.162.245.190 - - [25/Oct/2020:08:37:44 +0800] "POST /xingrg/kc/buy/cgsh_order_operate.html HTTP/1.1" 200 2675
180.162.245.190 - - [25/Oct/2020:08:37:46 +0800] "GET /xingrg/kc/print/load_config.html?kc_code=cgsh HTTP/1.1" 200 1845
180.162.245.190 - - [25/Oct/2020:08:37:46 +0800] "GET /xingrg/kc/print/load_data.html?order_code=212020102510217&kc_code=cgsh&condition= HTTP/1.1" 200 662
180.174.56.115 - - [25/Oct/2020:08:37:52 +0800] "GET /xingrg/all/function/internal_message.html?_=1603586239789&CODE_STATE=getMsg HTTP/1.1" 200 27
114.88.166.242 - - [25/Oct/2020:08:37:56 +0800] "GET /xingrg/all/function/internal_message.html?_=1603586366231&CODE_STATE=getMsg HTTP/1.1" 200 27
114.84.145.85 - - [25/Oct/2020:08:38:00 +0800] "GET /xingrg/all/function/internal_message.html?_=1603585882524&CODE_STATE=getMsg HTTP/1.1" 200 27
180.162.245.190 - - [25/Oct/2020:08:38:02 +0800] "GET /xingrg/all/function/internal_message.html?_=1603586278731&CODE_STATE=getMsg HTTP/1.1" 200 27
114.84.145.85 - - [25/Oct/2020:08:38:05 +0800] "GET /xingrg/all/function/internal_message.html?_=1603586282444&CODE_STATE=getMsg HTTP/1.1" 200 27
222.69.132.165 - - [25/Oct/2020:08:38:11 +0800] "GET /xingrg/all/function/internal_message.html?_=1603586282828&CODE_STATE=getMsg HTTP/1.1" 200 27
180.174.56.115 - - [25/Oct/2020:08:38:19 +0800] "GET /xingrg/check_reg.html?_=1603586294572 HTTP/1.1" 200 22
58.221.95.50 - - [25/Oct/2020:08:38:25 +0800] "GET /xingrg/all/function/internal_message.html?_=1603586480322&CODE_STATE=getMsg HTTP/1.1" 200 27
101.89.239.120 - - [25/Oct/2020:08:38:33 +0800] "GET /xingrg/all/function/internal_message.html?_=1603586102528&CODE_STATE=getMsg HTTP/1.1" 302 -
180.174.56.115 - - [25/Oct/2020:08:38:37 +0800] "GET /xingrg/check_reg.html?_=1603586285028 HTTP/1.1" 200 22
172.17.0.185 - - [25/Oct/2020:08:38:39 +0800] "GET /xingrg/all/function/internal_message.html?_=1603586314650&CODE_STATE=getMsg HTTP/1.1" 200 27
101.89.239.120 - - [25/Oct/2020:08:38:42 +0800] "GET /xingrg/login.html HTTP/1.1" 200 7641
114.88.166.242 - - [25/Oct/2020:08:38:43 +0800] "GET /xingrg/all/function/internal_message.html?_=1603586312846&CODE_STATE=getMsg HTTP/1.1" 200 27
180.162.245.190 - - [25/Oct/2020:08:38:51 +0800] "GET /xingrg/kc/buy/cgsh_order_add.html HTTP/1.1" 200 60173
180.162.245.190 - - [25/Oct/2020:08:38:51 +0800] "POST /xingrg/kc/buy/cgsh_order_operate.html HTTP/1.1" 200 8245
180.162.245.190 - - [25/Oct/2020:08:38:51 +0800] "GET /xingrg/javascript/easyui/themes/default/validatebox.css HTTP/1.1" 404 1104
180.174.56.115 - - [25/Oct/2020:08:38:52 +0800] "GET /xingrg/all/function/internal_message.html?_=1603586299801&CODE_STATE=getMsg HTTP/1.1" 200 27
114.88.166.242 - - [25/Oct/2020:08:38:56 +0800] "GET /xingrg/check_reg.html?_=1603586426232 HTTP/1.1" 200 22
114.88.166.242 - - [25/Oct/2020:08:38:56 +0800] "GET /xingrg/all/function/internal_message.html?_=1603586426235&CODE_STATE=getMsg HTTP/1.1" 200 27
114.84.145.85 - - [25/Oct/2020:08:39:00 +0800] "GET /xingrg/check_reg.html?_=1603585942274 HTTP/1.1" 200 22
114.84.145.85 - - [25/Oct/2020:08:39:00 +0800] "GET /xingrg/all/function/internal_message.html?_=1603585942502&CODE_STATE=getMsg HTTP/1.1" 200 27
180.162.245.190 - - [25/Oct/2020:08:39:02 +0800] "GET /xingrg/all/function/internal_message.html?_=1603586338709&CODE_STATE=getMsg HTTP/1.1" 200 27
180.162.245.190 - - [25/Oct/2020:08:39:04 +0800] "GET /xingrg/kc/buy/cgsh_order_operate.html?command=get_materiel&rest_code=00105&code=00102002504&supplier_code=00100151&order_time=2020-10-25 HTTP/1.1" 200 417
114.84.145.85 - - [25/Oct/2020:08:39:05 +0800] "GET /xingrg/all/function/internal_message.html?_=1603586342413&CODE_STATE=getMsg HTTP/1.1" 200 27
222.69.132.165 - - [25/Oct/2020:08:39:11 +0800] "GET /xingrg/check_reg.html?_=1603586342829 HTTP/1.1" 200 22
222.69.132.165 - - [25/Oct/2020:08:39:11 +0800] "GET /xingrg/all/function/internal_message.html?_=1603586342833&CODE_STATE=getMsg HTTP/1.1" 200 27
180.162.245.190 - - [25/Oct/2020:08:39:16 +0800] "POST /xingrg/kc/buy/cgsh_order_operate.html HTTP/1.1" 200 37
180.162.245.190 - - [25/Oct/2020:08:39:17 +0800] "POST /xingrg/kc/buy/cgsh_order_operate.html HTTP/1.1" 200 2662
180.162.245.190 - - [25/Oct/2020:08:39:20 +0800] "GET /xingrg/kc/print/load_data.html?order_code=212020102510218&kc_code=cgsh&condition= HTTP/1.1" 200 654
61.129.6.227 - - [25/Oct/2020:08:39:23 +0800] "GET /xingrg/check_reg.html?_=1603586245220 HTTP/1.1" 302 -
58.221.95.50 - - [25/Oct/2020:08:39:25 +0800] "GET /xingrg/all/function/internal_message.html?_=1603586540321&CODE_STATE=getMsg HTTP/1.1" 200 27
61.129.6.227 - - [25/Oct/2020:08:39:28 +0800] "GET /xingrg/login.html HTTP/1.1" 200 7641
114.88.166.242 - - [25/Oct/2020:08:39:36 +0800] "GET /xingrg/kc/buy/cgsh_order_add.html HTTP/1.1" 200 60126
114.88.166.242 - - [25/Oct/2020:08:39:37 +0800] "GET /xingrg/words/20201024154141_words.js HTTP/1.1" 304 -
114.88.166.242 - - [25/Oct/2020:08:39:37 +0800] "GET /xingrg/all/common/auto_word.html?type=employee&rest_code=00111 HTTP/1.1" 200 205
114.88.166.242 - - [25/Oct/2020:08:39:37 +0800] "GET /xingrg/javascript/easyui/themes/default/validatebox.css HTTP/1.1" 404 1104
114.88.166.242 - - [25/Oct/2020:08:39:37 +0800] "GET /xingrg/all/common/auto_word.html?type=employee&rest_code=00111 HTTP/1.1" 200 205
114.88.166.242 - - [25/Oct/2020:08:39:37 +0800] "POST /xingrg/kc/buy/cgsh_order_operate.html HTTP/1.1" 200 8245
172.17.0.185 - - [25/Oct/2020:08:39:39 +0800] "GET /xingrg/check_reg.html?_=1603586374654 HTTP/1.1" 200 22
172.17.0.185 - - [25/Oct/2020:08:39:39 +0800] "GET /xingrg/all/function/internal_message.html?_=1603586374658&CODE_STATE=getMsg HTTP/1.1" 200 27
114.88.166.242 - - [25/Oct/2020:08:39:39 +0800] "GET /xingrg/javascript/auto/indicator.gif HTTP/1.1" 404 1066
114.88.166.242 - - [25/Oct/2020:08:39:41 +0800] "GET /xingrg/javascript/jquery_tools/images/prev.gif HTTP/1.1" 404 1086
114.88.166.242 - - [25/Oct/2020:08:39:41 +0800] "GET /xingrg/javascript/jquery_tools/images/next.gif HTTP/1.1" 404 1086
114.88.166.242 - - [25/Oct/2020:08:39:43 +0800] "GET /xingrg/all/function/internal_message.html?_=1603586372864&CODE_STATE=getMsg HTTP/1.1" 200 27
124.77.70.31 - - [25/Oct/2020:08:39:48 +0800] "GET /xingrg/login.html HTTP/1.1" 200 7641
124.77.70.31 - - [25/Oct/2020:08:39:51 +0800] "GET /favicon.ico HTTP/1.1" 404 -
101.89.29.78 - - [25/Oct/2020:08:39:52 +0800] "GET /xingrg/all/function/internal_message.html?_=1603586282444&CODE_STATE=getMsg HTTP/1.1" 302 -
180.174.56.115 - - [25/Oct/2020:08:39:52 +0800] "GET /xingrg/all/function/internal_message.html?_=1603586359816&CODE_STATE=getMsg HTTP/1.1" 200 27
114.88.166.242 - - [25/Oct/2020:08:39:56 +0800] "GET /xingrg/all/function/internal_message.html?_=1603586486259&CODE_STATE=getMsg HTTP/1.1" 200 27
101.89.29.78 - - [25/Oct/2020:08:39:58 +0800] "GET /xingrg/login.html HTTP/1.1" 200 7641
114.84.145.85 - - [25/Oct/2020:08:40:00 +0800] "GET /xingrg/all/function/internal_message.html?_=1603586002505&CODE_STATE=getMsg HTTP/1.1" 200 27
180.162.245.190 - - [25/Oct/2020:08:40:02 +0800] "GET /xingrg/check_reg.html?_=1603586398557 HTTP/1.1" 200 22
180.162.245.190 - - [25/Oct/2020:08:40:02 +0800] "GET /xingrg/all/function/internal_message.html?_=1603586398679&CODE_STATE=getMsg HTTP/1.1" 200 27
114.84.145.85 - - [25/Oct/2020:08:40:05 +0800] "GET /xingrg/all/function/internal_message.html?_=1603586402382&CODE_STATE=getMsg HTTP/1.1" 200 27
114.88.166.242 - - [25/Oct/2020:08:40:07 +0800] "GET /xingrg/kc/buy/cgsh_order_operate.html?command=get_materiel&rest_code=00111&code=00101006007&supplier_code=00100037&order_time=2020-10-25 HTTP/1.1" 200 417
222.69.132.165 - - [25/Oct/2020:08:40:11 +0800] "GET /xingrg/all/function/internal_message.html?_=1603586407071&CODE_STATE=getMsg HTTP/1.1" 200 27
114.88.166.242 - - [25/Oct/2020:08:40:13 +0800] "GET /xingrg/kc/buy/cgsh_order_operate.html?command=get_materiel&rest_code=00111&code=00101008005&supplier_code=00100037&order_time=2020-10-25 HTTP/1.1" 200 412
120.253.135.82 - - [25/Oct/2020:08:40:13 +0800] "GET /xingrg/check_reg.html?_=1603586154792 HTTP/1.1" 200 22
58.221.95.50 - - [25/Oct/2020:08:40:25 +0800] "GET /xingrg/all/function/internal_message.html?_=1603586600325&CODE_STATE=getMsg HTTP/1.1" 200 27
114.88.166.242 - - [25/Oct/2020:08:40:27 +0800] "GET /xingrg/kc/buy/cgsh_order_operate.html?command=get_materiel&rest_code=00111&code=00101016030&supplier_code=00100037&order_time=2020-10-25 HTTP/1.1" 200 412
180.162.245.190 - - [25/Oct/2020:08:40:28 +0800] "GET /xingrg/kc/buy/cgsh_order_add.html HTTP/1.1" 200 60173
180.162.245.190 - - [25/Oct/2020:08:40:29 +0800] "GET /xingrg/javascript/easyui/themes/default/validatebox.css HTTP/1.1" 404 1104
180.162.245.190 - - [25/Oct/2020:08:40:29 +0800] "POST /xingrg/kc/buy/cgsh_order_operate.html HTTP/1.1" 200 8245
114.88.166.242 - - [25/Oct/2020:08:40:33 +0800] "GET /xingrg/kc/buy/cgsh_order_operate.html?command=get_materiel&rest_code=00111&code=00101012025&supplier_code=00100037&order_time=2020-10-25 HTTP/1.1" 200 412
114.88.166.242 - - [25/Oct/2020:08:40:39 +0800] "GET /xingrg/kc/buy/cgsh_order_operate.html?command=get_materiel&rest_code=00111&code=00101016071&supplier_code=00100037&order_time=2020-10-25 HTTP/1.1" 200 416
172.17.0.185 - - [25/Oct/2020:08:40:39 +0800] "GET /xingrg/all/function/internal_message.html?_=1603586434645&CODE_STATE=getMsg HTTP/1.1" 200 27
124.77.70.31 - - [25/Oct/2020:08:40:39 +0800] "POST /xingrg/login.do HTTP/1.1" 302 -
180.162.245.190 - - [25/Oct/2020:08:40:39 +0800] "GET /xingrg/kc/buy/cgsh_order_operate.html?command=get_materiel&rest_code=00105&code=00101019412&supplier_code=00100151&order_time=2020-10-25 HTTP/1.1" 200 460
124.77.70.31 - - [25/Oct/2020:08:40:39 +0800] "GET /xingrg/index.html?sysBaseUrl=http%3A%2F%2F180.169.147.146%3A18081%2Fxingrg%2F&costTime=39×tamp=1603586439514 HTTP/1.1" 200 17179
124.77.70.31 - - [25/Oct/2020:08:40:41 +0800] "GET /favicon.ico HTTP/1.1" 404 -
124.77.70.31 - - [25/Oct/2020:08:40:42 +0800] "POST /xingrg/all/common/load_tree.html?tree=area_rest_tree_json&manage=1 HTTP/1.1" 200 476
124.77.70.31 - - [25/Oct/2020:08:40:42 +0800] "GET /xingrg/all/function/internal_message.html?_=1603586427475&CODE_STATE=count HTTP/1.1" 200 11
124.77.70.31 - - [25/Oct/2020:08:40:42 +0800] "GET /xingrg/check_reg.html?_=1603586427498 HTTP/1.1" 200 22
124.77.70.31 - - [25/Oct/2020:08:40:42 +0800] "POST /xingrg/load_menu.html HTTP/1.1" 200 5138
114.88.166.242 - - [25/Oct/2020:08:40:43 +0800] "GET /xingrg/all/function/internal_message.html?_=1603586432874&CODE_STATE=getMsg HTTP/1.1" 200 27
180.162.245.190 - - [25/Oct/2020:08:40:47 +0800] "POST /xingrg/kc/buy/cgsh_order_operate.html HTTP/1.1" 200 37
114.88.166.242 - - [25/Oct/2020:08:40:48 +0800] "GET /xingrg/kc/buy/cgsh_order_operate.html?command=get_materiel&rest_code=00111&code=00101012059&supplier_code=00100037&order_time=2020-10-25 HTTP/1.1" 200 412
180.162.245.190 - - [25/Oct/2020:08:40:48 +0800] "POST /xingrg/kc/buy/cgsh_order_operate.html HTTP/1.1" 200 2678
180.162.245.190 - - [25/Oct/2020:08:40:49 +0800] "GET /xingrg/kc/print/load_data.html?order_code=212020102510219&kc_code=cgsh&condition= HTTP/1.1" 200 659
61.151.178.165 - - [25/Oct/2020:08:40:50 +0800] "GET /xingrg/all/function/internal_message.html?_=1603585982572&CODE_STATE=getMsg HTTP/1.1" 302 -
124.77.70.31 - - [25/Oct/2020:08:40:50 +0800] "GET /xingrg/kc/mdqp/qp_main.html HTTP/1.1" 200 10633
124.77.70.31 - - [25/Oct/2020:08:40:51 +0800] "GET /xingrg/images/yd/bt.gif HTTP/1.1" 404 1040
180.174.56.115 - - [25/Oct/2020:08:40:52 +0800] "GET /xingrg/all/function/internal_message.html?_=1603586419845&CODE_STATE=getMsg HTTP/1.1" 200 27
124.77.70.31 - - [25/Oct/2020:08:40:52 +0800] "GET /xingrg/kc/mdqp/pssh_order_list.html HTTP/1.1" 200 18055
114.88.166.242 - - [25/Oct/2020:08:40:54 +0800] "GET /xingrg/kc/buy/cgsh_order_operate.html?command=get_materiel&rest_code=00111&code=00101016025&supplier_code=00100037&order_time=2020-10-25 HTTP/1.1" 200 408
124.77.70.31 - - [25/Oct/2020:08:40:54 +0800] "POST /xingrg/kc/mdqp/pssh_list_operate.html HTTP/1.1" 200 5323
124.77.70.31 - - [25/Oct/2020:08:40:56 +0800] "POST /xingrg/kc/mdqp/pssh_list_operate.html HTTP/1.1" 200 257
114.88.166.242 - - [25/Oct/2020:08:40:56 +0800] "GET /xingrg/all/function/internal_message.html?_=1603586546244&CODE_STATE=getMsg HTTP/1.1" 200 27
101.91.60.105 - - [25/Oct/2020:08:40:58 +0800] "GET /xingrg/all/function/internal_message.html?_=1603586222474&CODE_STATE=getMsg HTTP/1.1" 302 -
61.151.178.165 - - [25/Oct/2020:08:40:59 +0800] "GET /xingrg/login.html HTTP/1.1" 200 7641
114.84.145.85 - - [25/Oct/2020:08:41:00 +0800] "GET /xingrg/all/function/internal_message.html?_=1603586062482&CODE_STATE=getMsg HTTP/1.1" 200 27
180.162.245.190 - - [25/Oct/2020:08:41:02 +0800] "GET /xingrg/all/function/internal_message.html?_=1603586458660&CODE_STATE=getMsg HTTP/1.1" 200 27
101.91.60.105 - - [25/Oct/2020:08:41:04 +0800] "GET /xingrg/login.html HTTP/1.1" 200 7641
114.84.145.85 - - [25/Oct/2020:08:41:05 +0800] "GET /xingrg/all/function/internal_message.html?_=1603586462350&CODE_STATE=getMsg HTTP/1.1" 200 27
222.69.132.165 - - [25/Oct/2020:08:41:11 +0800] "GET /xingrg/all/function/internal_message.html?_=1603586467081&CODE_STATE=getMsg HTTP/1.1" 200 27
114.88.166.242 - - [25/Oct/2020:08:41:11 +0800] "GET /xingrg/kc/buy/cgsh_order_operate.html?command=get_materiel&rest_code=00111&code=00101015046&supplier_code=00100037&order_time=2020-10-25 HTTP/1.1" 200 412
124.77.70.31 - - [25/Oct/2020:08:41:11 +0800] "POST /xingrg/kc/mdqp/pssh_list_operate.html HTTP/1.1" 200 760
124.77.70.31 - - [25/Oct/2020:08:41:17 +0800] "POST /xingrg/kc/mdqp/pssh_list_operate.html HTTP/1.1" 200 758
114.88.166.242 - - [25/Oct/2020:08:41:18 +0800] "GET /xingrg/kc/buy/cgsh_order_operate.html?command=get_materiel&rest_code=00111&code=00101015044&supplier_code=00100037&order_time=2020-10-25 HTTP/1.1" 200 408
124.77.70.31 - - [25/Oct/2020:08:41:19 +0800] "POST /xingrg/kc/mdqp/pssh_list_operate.html HTTP/1.1" 200 758
124.77.70.31 - - [25/Oct/2020:08:41:21 +0800] "POST /xingrg/kc/mdqp/pssh_list_operate.html HTTP/1.1" 200 804
114.88.166.242 - - [25/Oct/2020:08:41:24 +0800] "GET /xingrg/kc/buy/cgsh_order_operate.html?command=get_materiel&rest_code=00111&code=00101009011&supplier_code=00100037&order_time=2020-10-25 HTTP/1.1" 200 416
58.221.95.50 - - [25/Oct/2020:08:41:25 +0800] "GET /xingrg/check_reg.html?_=1603586660325 HTTP/1.1" 200 22
58.221.95.50 - - [25/Oct/2020:08:41:25 +0800] "GET /xingrg/all/function/internal_message.html?_=1603586660327&CODE_STATE=getMsg HTTP/1.1" 200 27
114.88.166.242 - - [25/Oct/2020:08:41:31 +0800] "GET /xingrg/kc/buy/cgsh_order_operate.html?command=get_materiel&rest_code=00111&code=00101009007&supplier_code=00100037&order_time=2020-10-25 HTTP/1.1" 200 410
61.129.6.145 - - [25/Oct/2020:08:41:37 +0800] "GET /xingrg/all/function/internal_message.html?_=1603586342413&CODE_STATE=getMsg HTTP/1.1" 302 -
172.17.0.185 - - [25/Oct/2020:08:41:39 +0800] "GET /xingrg/all/function/internal_message.html?_=1603586494651&CODE_STATE=getMsg HTTP/1.1" 200 27
124.77.70.31 - - [25/Oct/2020:08:41:42 +0800] "GET /xingrg/all/function/internal_message.html?_=1603586487505&CODE_STATE=getMsg HTTP/1.1" 200 27
114.88.166.242 - - [25/Oct/2020:08:41:43 +0800] "GET /xingrg/all/function/internal_message.html?_=1603586492896&CODE_STATE=getMsg HTTP/1.1" 200 27
61.129.6.145 - - [25/Oct/2020:08:41:47 +0800] "GET /xingrg/login.html HTTP/1.1" 200 7641
114.88.166.242 - - [25/Oct/2020:08:41:50 +0800] "GET /xingrg/kc/buy/cgsh_order_operate.html?command=get_materiel&rest_code=00111&code=00101009016&supplier_code=00100037&order_time=2020-10-25 HTTP/1.1" 200 433
180.174.56.115 - - [25/Oct/2020:08:41:52 +0800] "GET /xingrg/all/function/internal_message.html?_=1603586479858&CODE_STATE=getMsg HTTP/1.1" 200 27
114.88.166.242 - - [25/Oct/2020:08:41:56 +0800] "GET /xingrg/all/function/internal_message.html?_=1603586606248&CODE_STATE=getMsg HTTP/1.1" 200 27
114.84.145.85 - - [25/Oct/2020:08:42:00 +0800] "GET /xingrg/all/function/internal_message.html?_=1603586122461&CODE_STATE=getMsg HTTP/1.1" 200 27
180.162.245.190 - - [25/Oct/2020:08:42:02 +0800] "GET /xingrg/all/function/internal_message.html?_=1603586518641&CODE_STATE=getMsg HTTP/1.1" 200 27
120.253.135.82 - - [25/Oct/2020:08:42:03 +0800] "GET /xingrg/kc/pszx/mdps_order_list.html?orderType=0 HTTP/1.1" 200 21197
120.253.135.82 - - [25/Oct/2020:08:42:03 +0800] "POST /xingrg/kc/pszx/mdps_list_operate.html HTTP/1.1" 200 5292
114.84.145.85 - - [25/Oct/2020:08:42:05 +0800] "GET /xingrg/all/function/internal_message.html?_=1603586522321&CODE_STATE=getMsg HTTP/1.1" 200 27
222.69.132.165 - - [25/Oct/2020:08:42:11 +0800] "GET /xingrg/all/function/internal_message.html?_=1603586527082&CODE_STATE=getMsg HTTP/1.1" 200 27
101.91.60.11 - - [25/Oct/2020:08:42:16 +0800] "GET /xingrg/all/function/internal_message.html?_=1603586042548&CODE_STATE=getMsg HTTP/1.1" 302 -
120.253.135.82 - - [25/Oct/2020:08:42:16 +0800] "POST /xingrg/kc/pszx/mdps_list_operate.html HTTP/1.1" 200 868
101.91.60.11 - - [25/Oct/2020:08:42:19 +0800] "GET /xingrg/login.html HTTP/1.1" 200 7641
120.253.135.82 - - [25/Oct/2020:08:42:25 +0800] "POST /xingrg/kc/pszx/mdps_list_operate.html HTTP/1.1" 200 2106
58.221.95.50 - - [25/Oct/2020:08:42:25 +0800] "GET /xingrg/all/function/internal_message.html?_=1603586720326&CODE_STATE=getMsg HTTP/1.1" 200 27
120.253.135.82 - - [25/Oct/2020:08:42:27 +0800] "POST /xingrg/kc/pszx/mdps_list_operate.html HTTP/1.1" 200 281
114.84.145.85 - - [25/Oct/2020:08:42:28 +0800] "GET /xingrg/check_reg.html?_=1603586545223 HTTP/1.1" 200 22
120.253.135.82 - - [25/Oct/2020:08:42:29 +0800] "POST /xingrg/kc/pszx/mdps_list_operate.html HTTP/1.1" 200 201
124.77.70.31 - - [25/Oct/2020:08:42:36 +0800] "GET /xingrg/kc/buy/buy_main.html HTTP/1.1" 200 12412
124.77.70.31 - - [25/Oct/2020:08:42:36 +0800] "GET /xingrg/css/new_ie.css HTTP/1.1" 404 1036
114.88.166.242 - - [25/Oct/2020:08:42:36 +0800] "GET /xingrg/check_reg.html?_=1603586546381 HTTP/1.1" 200 22
124.77.70.31 - - [25/Oct/2020:08:42:37 +0800] "GET /xingrg/images/yd/bt.gif HTTP/1.1" 404 1040
124.77.70.31 - - [25/Oct/2020:08:42:38 +0800] "GET /xingrg/kc/buy/cgsh_order_list.html HTTP/1.1" 200 44394
172.17.0.185 - - [25/Oct/2020:08:42:39 +0800] "GET /xingrg/all/function/internal_message.html?_=1603586554656&CODE_STATE=getMsg HTTP/1.1" 200 27
124.77.70.31 - - [25/Oct/2020:08:42:39 +0800] "POST /xingrg/kc/buy/cgsh_list_operate.html HTTP/1.1" 200 876
124.77.70.31 - - [25/Oct/2020:08:42:41 +0800] "GET /xingrg/kc/buy/cgsh_order_add.html HTTP/1.1" 200 60214
124.77.70.31 - - [25/Oct/2020:08:42:41 +0800] "GET /xingrg/words/20201024154141_words.js HTTP/1.1" 304 -
124.77.70.31 - - [25/Oct/2020:08:42:42 +0800] "POST /xingrg/kc/buy/cgsh_order_operate.html HTTP/1.1" 200 8245
124.77.70.31 - - [25/Oct/2020:08:42:42 +0800] "GET /xingrg/all/common/auto_word.html?type=employee&rest_code=00107 HTTP/1.1" 200 147
124.77.70.31 - - [25/Oct/2020:08:42:42 +0800] "GET /xingrg/javascript/easyui/themes/default/validatebox.css HTTP/1.1" 404 1104
124.77.70.31 - - [25/Oct/2020:08:42:42 +0800] "GET /xingrg/all/common/auto_word.html?type=employee&rest_code=00107 HTTP/1.1" 200 147
124.77.70.31 - - [25/Oct/2020:08:42:42 +0800] "GET /xingrg/all/function/internal_message.html?_=1603586547619&CODE_STATE=getMsg HTTP/1.1" 200 27
114.88.166.242 - - [25/Oct/2020:08:42:43 +0800] "GET /xingrg/all/function/internal_message.html?_=1603586552900&CODE_STATE=getMsg HTTP/1.1" 200 27
124.77.70.31 - - [25/Oct/2020:08:42:44 +0800] "GET /xingrg/javascript/easyui/themes/default/tree.css HTTP/1.1" 404 1090
124.77.70.31 - - [25/Oct/2020:08:42:44 +0800] "POST /xingrg/all/common/load_tree.html?tree=supplier_tree_json&isDelete=1 HTTP/1.1" 200 50797
180.174.56.115 - - [25/Oct/2020:08:42:52 +0800] "GET /xingrg/all/function/internal_message.html?_=1603586539888&CODE_STATE=getMsg HTTP/1.1" 200 27
180.162.245.190 - - [25/Oct/2020:08:42:55 +0800] "GET /xingrg/kc/buy/cgsh_order_add.html HTTP/1.1" 200 60173
180.162.245.190 - - [25/Oct/2020:08:42:55 +0800] "POST /xingrg/kc/buy/cgsh_order_operate.html HTTP/1.1" 200 8245
180.162.245.190 - - [25/Oct/2020:08:42:55 +0800] "GET /xingrg/javascript/easyui/themes/default/validatebox.css HTTP/1.1" 404 1104
114.88.166.242 - - [25/Oct/2020:08:42:56 +0800] "GET /xingrg/all/function/internal_message.html?_=1603586666233&CODE_STATE=getMsg HTTP/1.1" 200 27
114.88.166.242 - - [25/Oct/2020:08:42:58 +0800] "GET /xingrg/kc/buy/cgsh_order_operate.html?command=get_materiel&rest_code=00111&code=00102014046&supplier_code=00100037&order_time=2020-10-25 HTTP/1.1" 200 409
124.77.70.31 - - [25/Oct/2020:08:43:00 +0800] "GET /xingrg/javascript/auto/indicator.gif HTTP/1.1" 404 1066
114.84.145.85 - - [25/Oct/2020:08:43:00 +0800] "GET /xingrg/all/function/internal_message.html?_=1603586182439&CODE_STATE=getMsg HTTP/1.1" 200 27
180.162.245.190 - - [25/Oct/2020:08:43:02 +0800] "GET /xingrg/all/function/internal_message.html?_=1603586578624&CODE_STATE=getMsg HTTP/1.1" 200 27
124.77.70.31 - - [25/Oct/2020:08:43:04 +0800] "GET /xingrg/kc/buy/cgsh_order_operate.html?command=get_materiel&rest_code=00107&code=00101007061&supplier_code=00100002&order_time=2020-10-25 HTTP/1.1" 200 409
180.162.245.190 - - [25/Oct/2020:08:43:04 +0800] "GET /xingrg/kc/buy/cgsh_order_operate.html?command=get_materiel&rest_code=00105&code=00101006130&supplier_code=00100013&order_time=2020-10-25 HTTP/1.1" 200 446
114.84.145.85 - - [25/Oct/2020:08:43:05 +0800] "GET /xingrg/all/function/internal_message.html?_=1603586582301&CODE_STATE=getMsg HTTP/1.1" 200 27
222.69.132.165 - - [25/Oct/2020:08:43:11 +0800] "GET /xingrg/all/function/internal_message.html?_=1603586587086&CODE_STATE=getMsg HTTP/1.1" 200 27
114.88.166.242 - - [25/Oct/2020:08:43:14 +0800] "GET /xingrg/kc/buy/cgsh_order_operate.html?command=get_materiel&rest_code=00111&code=00101008027&supplier_code=00100037&order_time=2020-10-25 HTTP/1.1" 200 408
180.162.245.190 - - [25/Oct/2020:08:43:19 +0800] "GET /xingrg/kc/buy/cgsh_order_operate.html?command=get_materiel&rest_code=00105&code=00101006106&supplier_code=00100013&order_time=2020-10-25 HTTP/1.1" 200 421
180.174.56.115 - - [25/Oct/2020:08:43:19 +0800] "GET /xingrg/check_reg.html?_=1603586594597 HTTP/1.1" 200 22
124.77.70.31 - - [25/Oct/2020:08:43:21 +0800] "GET /xingrg/kc/buy/cgsh_order_operate.html?command=get_materiel&rest_code=00107&code=00101007091&supplier_code=00100002&order_time=2020-10-25 HTTP/1.1" 200 413
58.221.95.50 - - [25/Oct/2020:08:43:25 +0800] "GET /xingrg/all/function/internal_message.html?_=1603586780327&CODE_STATE=getMsg HTTP/1.1" 200 27
120.253.135.82 - - [25/Oct/2020:08:43:29 +0800] "POST /xingrg/kc/pszx/mdps_list_operate.html HTTP/1.1" 200 2105
180.162.245.190 - - [25/Oct/2020:08:43:30 +0800] "GET /xingrg/kc/buy/cgsh_order_operate.html?command=get_materiel&rest_code=00105&code=00101006112&supplier_code=00100013&order_time=2020-10-25 HTTP/1.1" 200 409
120.253.135.82 - - [25/Oct/2020:08:43:30 +0800] "POST /xingrg/kc/pszx/mdps_list_operate.html HTTP/1.1" 200 217
120.253.135.82 - - [25/Oct/2020:08:43:32 +0800] "POST /xingrg/kc/pszx/mdps_list_operate.html HTTP/1.1" 200 203
124.77.70.31 - - [25/Oct/2020:08:43:34 +0800] "GET /xingrg/kc/buy/cgsh_order_operate.html?command=get_materiel&rest_code=00107&code=00101007049&supplier_code=00100002&order_time=2020-10-25 HTTP/1.1" 200 409
180.162.245.190 - - [25/Oct/2020:08:43:35 +0800] "GET /xingrg/kc/buy/cgsh_order_operate.html?command=get_materiel&rest_code=00105&code=00101010136&supplier_code=00100013&order_time=2020-10-25 HTTP/1.1" 200 408
114.88.166.242 - - [25/Oct/2020:08:43:36 +0800] "GET /xingrg/kc/buy/cgsh_order_operate.html?command=get_materiel&rest_code=00111&code=00101008010&supplier_code=00100037&order_time=2020-10-25 HTTP/1.1" 200 412
180.174.56.115 - - [25/Oct/2020:08:43:37 +0800] "GET /xingrg/check_reg.html?_=1603586585034 HTTP/1.1" 200 22
172.17.0.185 - - [25/Oct/2020:08:43:39 +0800] "GET /xingrg/all/function/internal_message.html?_=1603586614644&CODE_STATE=getMsg HTTP/1.1" 200 27
124.77.70.31 - - [25/Oct/2020:08:43:41 +0800] "GET /xingrg/kc/buy/cgsh_order_operate.html?command=get_materiel&rest_code=00107&code=00101007022&supplier_code=00100002&order_time=2020-10-25 HTTP/1.1" 200 433
180.162.245.190 - - [25/Oct/2020:08:43:41 +0800] "GET /xingrg/kc/buy/cgsh_order_operate.html?command=get_materiel&rest_code=00105&code=00101006109&supplier_code=00100013&order_time=2020-10-25 HTTP/1.1" 200 409
124.77.70.31 - - [25/Oct/2020:08:43:42 +0800] "GET /xingrg/all/function/internal_message.html?_=1603586607596&CODE_STATE=getMsg HTTP/1.1" 200 27
120.253.135.82 - - [25/Oct/2020:08:43:42 +0800] "POST /xingrg/kc/pszx/mdps_list_operate.html HTTP/1.1" 200 868
114.88.166.242 - - [25/Oct/2020:08:43:43 +0800] "GET /xingrg/all/function/internal_message.html?_=1603586612914&CODE_STATE=getMsg HTTP/1.1" 200 27
114.88.166.242 - - [25/Oct/2020:08:43:48 +0800] "GET /xingrg/kc/buy/cgsh_order_operate.html?command=get_materiel&rest_code=00111&code=00101008306&supplier_code=00100037&order_time=2020-10-25 HTTP/1.1" 200 412
180.162.245.190 - - [25/Oct/2020:08:43:51 +0800] "POST /xingrg/kc/buy/cgsh_order_operate.html HTTP/1.1" 200 37
180.174.56.115 - - [25/Oct/2020:08:43:52 +0800] "GET /xingrg/all/function/internal_message.html?_=1603586599900&CODE_STATE=getMsg HTTP/1.1" 200 27
180.162.245.190 - - [25/Oct/2020:08:43:52 +0800] "POST /xingrg/kc/buy/cgsh_order_operate.html HTTP/1.1" 200 5043
120.253.135.82 - - [25/Oct/2020:08:43:54 +0800] "POST /xingrg/kc/pszx/mdps_list_operate.html HTTP/1.1" 200 868
124.77.70.31 - - [25/Oct/2020:08:43:56 +0800] "GET /xingrg/kc/buy/cgsh_order_operate.html?command=get_materiel&rest_code=00107&code=00101007081&supplier_code=00100002&order_time=2020-10-25 HTTP/1.1" 200 415
114.88.166.242 - - [25/Oct/2020:08:43:56 +0800] "GET /xingrg/check_reg.html?_=1603586726244 HTTP/1.1" 200 22
114.88.166.242 - - [25/Oct/2020:08:43:56 +0800] "GET /xingrg/all/function/internal_message.html?_=1603586726241&CODE_STATE=getMsg HTTP/1.1" 200 27
114.84.145.85 - - [25/Oct/2020:08:44:00 +0800] "GET /xingrg/check_reg.html?_=1603586242299 HTTP/1.1" 200 22
114.84.145.85 - - [25/Oct/2020:08:44:00 +0800] "GET /xingrg/all/function/internal_message.html?_=1603586242408&CODE_STATE=getMsg HTTP/1.1" 200 27
