117.185.32.26 - - [25/Oct/2020:10:49:32 +0800] "GET /xingrg/kc/buy/cgsh_order_operate.html?command=get_materiel&rest_code=00106&code=00101003031&supplier_code=00100093&order_time=2020-10-25 HTTP/1.1" 200 446
172.17.0.120 - - [25/Oct/2020:10:49:33 +0800] "GET /xingrg/all/function/internal_message.html?_=1603594169023&CODE_STATE=getMsg HTTP/1.1" 200 27
172.17.0.120 - - [25/Oct/2020:10:49:33 +0800] "GET /xingrg/check_reg.html?_=1603594169025 HTTP/1.1" 200 22
180.161.96.95 - - [25/Oct/2020:10:49:34 +0800] "POST /xingrg/kc/buy/cgsh_order_operate.html HTTP/1.1" 200 37
117.184.7.26 - - [25/Oct/2020:10:49:34 +0800] "GET /xingrg/kc/buy/cgsh_order_operate.html?command=get_materiel&rest_code=00108&code=00101008069&supplier_code=00100008&order_time=2020-10-25 HTTP/1.1" 200 431
180.161.96.95 - - [25/Oct/2020:10:49:35 +0800] "POST /xingrg/kc/buy/cgsh_order_operate.html HTTP/1.1" 200 12
114.88.166.242 - - [25/Oct/2020:10:49:36 +0800] "GET /xingrg/kc/base/wldb_order_operate.html?command=get_materiel&rest_code=00111&base_code=0010306&code=00102002497 HTTP/1.1" 200 441
120.253.135.82 - - [25/Oct/2020:10:49:36 +0800] "GET /xingrg/kc/pszx/mdqp_order_list.html?state=10 HTTP/1.1" 200 10175
120.253.135.82 - - [25/Oct/2020:10:49:36 +0800] "GET /xingrg/dwr/interface/AjaxReportQueryService.js HTTP/1.1" 200 13203
120.253.135.82 - - [25/Oct/2020:10:49:36 +0800] "GET /xingrg/dwr/interface/AjaxQqpsService.js HTTP/1.1" 200 16326
120.253.135.82 - - [25/Oct/2020:10:49:36 +0800] "GET /xingrg/dwr/engine.js HTTP/1.1" 200 43631
180.161.96.95 - - [25/Oct/2020:10:49:36 +0800] "GET /xingrg/kc/buy/cgsh_order_info.html?code=212020102510397 HTTP/1.1" 200 54994
114.86.231.202 - - [25/Oct/2020:10:49:36 +0800] "GET /xingrg/all/function/internal_message.html?_=1603594217578&CODE_STATE=getMsg HTTP/1.1" 200 27
180.161.96.95 - - [25/Oct/2020:10:49:37 +0800] "GET /xingrg/javascript/easyui/themes/default/validatebox.css HTTP/1.1" 404 1104
180.161.96.95 - - [25/Oct/2020:10:49:37 +0800] "POST /xingrg/kc/buy/cgsh_order_operate.html HTTP/1.1" 200 615
180.161.96.95 - - [25/Oct/2020:10:49:38 +0800] "GET /xingrg/kc/print/load_config.html?kc_code=cgsh HTTP/1.1" 200 1845
180.161.96.95 - - [25/Oct/2020:10:49:38 +0800] "GET /xingrg/kc/print/load_data.html?order_code=212020102510397&kc_code=cgsh&condition= HTTP/1.1" 200 707
180.174.56.115 - - [25/Oct/2020:10:49:38 +0800] "GET /xingrg/all/function/internal_message.html?_=1603594173518&CODE_STATE=getMsg HTTP/1.1" 200 27
172.17.200.101 - - [25/Oct/2020:10:49:39 +0800] "GET /xingrg/check_reg.html?_=1603594175444 HTTP/1.1" 200 22
172.17.200.101 - - [25/Oct/2020:10:49:39 +0800] "GET /xingrg/all/function/internal_message.html?_=1603594175446&CODE_STATE=getMsg HTTP/1.1" 200 27
172.17.0.185 - - [25/Oct/2020:10:49:39 +0800] "GET /xingrg/all/function/internal_message.html?_=1603594174642&CODE_STATE=getMsg HTTP/1.1" 200 27
172.17.0.185 - - [25/Oct/2020:10:49:39 +0800] "GET /xingrg/check_reg.html?_=1603594174649 HTTP/1.1" 200 22
120.253.135.82 - - [25/Oct/2020:10:49:40 +0800] "GET /xingrg/kc/info/info_main.html HTTP/1.1" 200 6010
120.253.135.82 - - [25/Oct/2020:10:49:40 +0800] "GET /xingrg/images/blue/cldwgl.gif HTTP/1.1" 304 -
120.253.135.82 - - [25/Oct/2020:10:49:40 +0800] "GET /xingrg/images/blue/gysxxgl.gif HTTP/1.1" 304 -
120.253.135.82 - - [25/Oct/2020:10:49:40 +0800] "GET /xingrg/images/blue/ckxx.gif HTTP/1.1" 304 -
120.253.135.82 - - [25/Oct/2020:10:49:40 +0800] "GET /xingrg/images/blue/clxx.gif HTTP/1.1" 304 -
120.253.135.82 - - [25/Oct/2020:10:49:40 +0800] "GET /xingrg/images/blue/gyscljg.gif HTTP/1.1" 304 -
120.253.135.82 - - [25/Oct/2020:10:49:40 +0800] "GET /xingrg/images/blue/button/cgxqd.gif HTTP/1.1" 304 -
120.253.135.82 - - [25/Oct/2020:10:49:40 +0800] "GET /xingrg/images/blue/gyslbgl.gif HTTP/1.1" 304 -
114.88.166.242 - - [25/Oct/2020:10:49:40 +0800] "POST /xingrg/kc/base/wldb_order_operate.html HTTP/1.1" 200 37
114.88.166.242 - - [25/Oct/2020:10:49:40 +0800] "POST /xingrg/kc/base/wldb_order_operate.html HTTP/1.1" 200 3162
117.184.7.26 - - [25/Oct/2020:10:49:41 +0800] "GET /xingrg/kc/buy/cgsh_order_operate.html?command=get_materiel&rest_code=00108&code=00101008286&supplier_code=00100008&order_time=2020-10-25 HTTP/1.1" 200 408
114.88.166.242 - - [25/Oct/2020:10:49:41 +0800] "GET /xingrg/kc/base/wldb_order_info.html?code=422020102502943 HTTP/1.1" 200 30560
114.88.166.242 - - [25/Oct/2020:10:49:41 +0800] "GET /xingrg/javascript/easyui/themes/default/validatebox.css HTTP/1.1" 404 1104
180.161.96.95 - - [25/Oct/2020:10:49:41 +0800] "GET /xingrg/kc/buy/cgsh_order_add.html HTTP/1.1" 200 60091
114.88.166.242 - - [25/Oct/2020:10:49:42 +0800] "POST /xingrg/kc/base/wldb_order_operate.html HTTP/1.1" 200 3162
180.161.96.95 - - [25/Oct/2020:10:49:42 +0800] "POST /xingrg/kc/buy/cgsh_order_operate.html HTTP/1.1" 200 8245
180.161.96.95 - - [25/Oct/2020:10:49:42 +0800] "GET /xingrg/javascript/easyui/themes/default/validatebox.css HTTP/1.1" 404 1104
180.161.96.95 - - [25/Oct/2020:10:49:43 +0800] "GET /xingrg/javascript/auto/indicator.gif HTTP/1.1" 404 1066
180.161.96.95 - - [25/Oct/2020:10:49:43 +0800] "GET /xingrg/javascript/jquery_tools/images/prev.gif HTTP/1.1" 404 1086
180.161.96.95 - - [25/Oct/2020:10:49:43 +0800] "GET /xingrg/javascript/jquery_tools/images/next.gif HTTP/1.1" 404 1086
124.77.70.31 - - [25/Oct/2020:10:49:44 +0800] "POST /xingrg/kc/buy/cgsh_order_operate.html HTTP/1.1" 200 37
114.88.166.242 - - [25/Oct/2020:10:49:45 +0800] "GET /xingrg/all/function/internal_message.html?_=1603594174678&CODE_STATE=getMsg HTTP/1.1" 200 27
114.84.145.85 - - [25/Oct/2020:10:49:46 +0800] "POST /xingrg/kc/buy/cgsh_order_operate.html HTTP/1.1" 200 37
124.77.70.31 - - [25/Oct/2020:10:49:46 +0800] "POST /xingrg/kc/buy/cgsh_order_operate.html HTTP/1.1" 200 2671
120.253.135.82 - - [25/Oct/2020:10:49:48 +0800] "GET /xingrg/all/function/internal_message.html?_=1603593929550&CODE_STATE=getMsg HTTP/1.1" 200 27
117.185.32.26 - - [25/Oct/2020:10:49:49 +0800] "POST /xingrg/kc/buy/cgsh_order_operate.html HTTP/1.1" 200 37
124.77.70.31 - - [25/Oct/2020:10:49:49 +0800] "GET /xingrg/kc/print/load_data.html?order_code=212020102510402&kc_code=cgsh&condition= HTTP/1.1" 200 753
114.84.145.85 - - [25/Oct/2020:10:49:49 +0800] "POST /xingrg/kc/buy/cgsh_order_operate.html HTTP/1.1" 200 12
180.161.96.95 - - [25/Oct/2020:10:49:49 +0800] "GET /xingrg/kc/buy/cgsh_order_operate.html?command=get_materiel&rest_code=00102&code=00101003025&supplier_code=00100093&order_time=2020-10-25 HTTP/1.1" 200 428
117.184.7.26 - - [25/Oct/2020:10:49:50 +0800] "GET /xingrg/kc/buy/cgsh_order_operate.html?command=get_materiel&rest_code=00108&code=00101008036&supplier_code=00100008&order_time=2020-10-25 HTTP/1.1" 200 427
117.185.32.26 - - [25/Oct/2020:10:49:51 +0800] "POST /xingrg/kc/buy/cgsh_order_operate.html HTTP/1.1" 200 12
114.84.145.85 - - [25/Oct/2020:10:49:51 +0800] "GET /xingrg/kc/buy/cgsh_order_info.html?code=212020102510403 HTTP/1.1" 200 55029
114.88.166.242 - - [25/Oct/2020:10:49:51 +0800] "GET /xingrg/all/function/internal_message.html?_=1603594281405&CODE_STATE=getMsg HTTP/1.1" 200 27
114.88.166.242 - - [25/Oct/2020:10:49:51 +0800] "GET /xingrg/check_reg.html?_=1603594281407 HTTP/1.1" 200 22
114.84.145.85 - - [25/Oct/2020:10:49:52 +0800] "GET /xingrg/javascript/easyui/themes/default/validatebox.css HTTP/1.1" 404 1104
117.185.32.26 - - [25/Oct/2020:10:49:52 +0800] "GET /xingrg/kc/buy/cgsh_order_info.html?code=212020102510404 HTTP/1.1" 200 55031
117.185.32.26 - - [25/Oct/2020:10:49:52 +0800] "GET /xingrg/words/20201025093224_words.js HTTP/1.1" 304 -
114.84.145.85 - - [25/Oct/2020:10:49:52 +0800] "POST /xingrg/kc/buy/cgsh_order_operate.html HTTP/1.1" 200 1231
117.185.32.26 - - [25/Oct/2020:10:49:52 +0800] "GET /xingrg/javascript/easyui/themes/default/validatebox.css HTTP/1.1" 404 1104
117.185.32.26 - - [25/Oct/2020:10:49:52 +0800] "POST /xingrg/kc/buy/cgsh_order_operate.html HTTP/1.1" 200 1229
124.77.70.31 - - [25/Oct/2020:10:49:53 +0800] "GET /xingrg/kc/buy/cgsh_order_add.html HTTP/1.1" 200 60214
124.77.70.31 - - [25/Oct/2020:10:49:53 +0800] "GET /xingrg/all/function/internal_message.html?_=1603594178705&CODE_STATE=getMsg HTTP/1.1" 200 27
124.77.70.31 - - [25/Oct/2020:10:49:53 +0800] "GET /xingrg/javascript/easyui/themes/default/validatebox.css HTTP/1.1" 404 1104
124.77.70.31 - - [25/Oct/2020:10:49:53 +0800] "POST /xingrg/kc/buy/cgsh_order_operate.html HTTP/1.1" 200 8245
114.84.145.85 - - [25/Oct/2020:10:49:53 +0800] "GET /xingrg/kc/print/load_data.html?order_code=212020102510403&kc_code=cgsh&condition= HTTP/1.1" 200 956
124.77.70.31 - - [25/Oct/2020:10:49:54 +0800] "GET /xingrg/javascript/easyui/themes/default/tree.css HTTP/1.1" 404 1090
124.77.70.31 - - [25/Oct/2020:10:49:54 +0800] "POST /xingrg/all/common/load_tree.html?tree=supplier_tree_json&isDelete=1 HTTP/1.1" 200 50797
180.174.56.115 - - [25/Oct/2020:10:49:55 +0800] "GET /xingrg/all/function/internal_message.html?_=1603594162393&CODE_STATE=getMsg HTTP/1.1" 200 27
222.69.133.109 - - [25/Oct/2020:10:49:55 +0800] "GET /xingrg/all/function/internal_message.html?_=1603594190636&CODE_STATE=getMsg HTTP/1.1" 200 27
114.88.166.242 - - [25/Oct/2020:10:49:56 +0800] "GET /xingrg/kc/base/wldb_order_add.html HTTP/1.1" 200 30546
180.161.96.95 - - [25/Oct/2020:10:49:56 +0800] "POST /xingrg/kc/buy/cgsh_order_operate.html HTTP/1.1" 200 37
117.185.32.26 - - [25/Oct/2020:10:49:56 +0800] "GET /xingrg/kc/print/load_data.html?order_code=212020102510404&kc_code=cgsh&condition= HTTP/1.1" 200 999
117.131.5.26 - - [25/Oct/2020:10:49:56 +0800] "GET /xingrg/all/function/internal_message.html?_=1603594219179&CODE_STATE=getMsg HTTP/1.1" 200 27
101.91.60.108 - - [25/Oct/2020:10:49:56 +0800] "GET /xingrg/kc/buy/cgsh_order_operate.html?command=get_materiel&rest_code=00141&code=00101007022&supplier_code=00100004&order_time=2020-10-25 HTTP/1.1" 302 -
114.88.166.242 - - [25/Oct/2020:10:49:56 +0800] "POST /xingrg/kc/base/wldb_order_operate.html HTTP/1.1" 200 6806
114.88.166.242 - - [25/Oct/2020:10:49:56 +0800] "GET /xingrg/javascript/easyui/themes/default/validatebox.css HTTP/1.1" 404 1104
180.161.96.95 - - [25/Oct/2020:10:49:58 +0800] "POST /xingrg/kc/buy/cgsh_order_operate.html HTTP/1.1" 200 12
180.161.96.95 - - [25/Oct/2020:10:49:58 +0800] "GET /xingrg/kc/buy/cgsh_order_info.html?code=212020102510405 HTTP/1.1" 200 54996
180.161.96.95 - - [25/Oct/2020:10:49:59 +0800] "GET /xingrg/javascript/easyui/themes/default/validatebox.css HTTP/1.1" 404 1104
180.161.96.95 - - [25/Oct/2020:10:49:59 +0800] "POST /xingrg/kc/buy/cgsh_order_operate.html HTTP/1.1" 200 603
180.161.96.95 - - [25/Oct/2020:10:50:00 +0800] "GET /xingrg/kc/print/load_data.html?order_code=212020102510405&kc_code=cgsh&condition= HTTP/1.1" 200 742
114.84.145.85 - - [25/Oct/2020:10:50:00 +0800] "GET /xingrg/all/function/internal_message.html?_=1603593802696&CODE_STATE=getMsg HTTP/1.1" 200 27
172.17.0.101 - - [25/Oct/2020:10:50:01 +0800] "GET /xingrg/all/function/internal_message.html?_=1603594197351&CODE_STATE=getMsg HTTP/1.1" 200 27
172.17.0.101 - - [25/Oct/2020:10:50:01 +0800] "GET /xingrg/check_reg.html?_=1603594197354 HTTP/1.1" 200 22
117.185.32.26 - - [25/Oct/2020:10:50:01 +0800] "GET /xingrg/check_reg.html?_=1603594197290 HTTP/1.1" 200 22
114.84.145.85 - - [25/Oct/2020:10:50:02 +0800] "GET /xingrg/all/function/internal_message.html?_=1603594199366&CODE_STATE=getMsg HTTP/1.1" 200 27
222.69.132.165 - - [25/Oct/2020:10:50:02 +0800] "GET /xingrg/kc/buy/cgsh_order_operate.html?command=get_materiel&rest_code=00149&code=00101007032&supplier_code=00100328&order_time=2020-10-25 HTTP/1.1" 200 413
114.84.145.85 - - [25/Oct/2020:10:50:02 +0800] "GET /xingrg/kc/buy/cgsh_order_add.html HTTP/1.1" 200 60132
114.84.145.85 - - [25/Oct/2020:10:50:03 +0800] "POST /xingrg/kc/buy/cgsh_order_operate.html HTTP/1.1" 200 8245
114.84.145.85 - - [25/Oct/2020:10:50:03 +0800] "GET /xingrg/javascript/easyui/themes/default/validatebox.css HTTP/1.1" 404 1104
180.161.96.95 - - [25/Oct/2020:10:50:03 +0800] "GET /xingrg/kc/buy/cgsh_order_add.html HTTP/1.1" 200 60091
101.91.60.108 - - [25/Oct/2020:10:50:03 +0800] "GET /xingrg/login.html HTTP/1.1" 200 7641
180.161.96.95 - - [25/Oct/2020:10:50:03 +0800] "POST /xingrg/kc/buy/cgsh_order_operate.html HTTP/1.1" 200 8245
180.161.96.95 - - [25/Oct/2020:10:50:03 +0800] "GET /xingrg/javascript/easyui/themes/default/validatebox.css HTTP/1.1" 404 1104
117.184.7.26 - - [25/Oct/2020:10:50:06 +0800] "GET /xingrg/kc/buy/cgsh_order_operate.html?command=get_materiel&rest_code=00108&code=00101008131&supplier_code=00100008&order_time=2020-10-25 HTTP/1.1" 200 408
172.17.0.123 - - [25/Oct/2020:10:50:07 +0800] "GET /xingrg/check_reg.html?_=1603594167334 HTTP/1.1" 200 22
172.17.0.123 - - [25/Oct/2020:10:50:07 +0800] "GET /xingrg/all/function/internal_message.html?_=1603594167336&CODE_STATE=getMsg HTTP/1.1" 200 27
117.184.7.26 - - [25/Oct/2020:10:50:09 +0800] "GET /xingrg/check_reg.html?_=1603594204903 HTTP/1.1" 200 22
114.88.166.242 - - [25/Oct/2020:10:50:09 +0800] "GET /xingrg/kc/base/wldb_order_operate.html?command=get_materiel&rest_code=00111&base_code=0010283&code=00101019257 HTTP/1.1" 200 478
117.184.7.30 - - [25/Oct/2020:10:50:09 +0800] "GET /xingrg/all/function/internal_message.html?_=1603594204904&CODE_STATE=getMsg HTTP/1.1" 200 27
117.184.7.26 - - [25/Oct/2020:10:50:09 +0800] "POST /xingrg/kc/buy/cgsh_order_operate.html HTTP/1.1" 200 2065
180.162.245.190 - - [25/Oct/2020:10:50:09 +0800] "GET /xingrg/all/function/internal_message.html?_=1603594205510&CODE_STATE=getMsg HTTP/1.1" 200 27
117.185.32.26 - - [25/Oct/2020:10:50:10 +0800] "GET /xingrg/all/function/internal_message.html?_=1603594205669&CODE_STATE=getMsg HTTP/1.1" 200 27
180.161.96.95 - - [25/Oct/2020:10:50:10 +0800] "GET /xingrg/kc/buy/cgsh_order_operate.html?command=get_materiel&rest_code=00102&code=00101007032&supplier_code=00100328&order_time=2020-10-25 HTTP/1.1" 200 413
222.69.132.165 - - [25/Oct/2020:10:50:11 +0800] "GET /xingrg/all/function/internal_message.html?_=1603594207054&CODE_STATE=getMsg HTTP/1.1" 200 27
117.185.32.26 - - [25/Oct/2020:10:50:11 +0800] "GET /xingrg/kc/buy/cgsh_order_add.html HTTP/1.1" 200 60126
117.185.32.26 - - [25/Oct/2020:10:50:11 +0800] "POST /xingrg/kc/buy/cgsh_order_operate.html HTTP/1.1" 200 8245
117.185.32.26 - - [25/Oct/2020:10:50:11 +0800] "GET /xingrg/javascript/easyui/themes/default/validatebox.css HTTP/1.1" 404 1104
114.84.37.38 - - [25/Oct/2020:10:50:12 +0800] "GET /xingrg/kc/buy/cgsh_order_operate.html?command=get_materiel&rest_code=00146&code=00101010331&supplier_code=00100347&order_time=2020-10-25 HTTP/1.1" 200 409
117.184.7.26 - - [25/Oct/2020:10:50:12 +0800] "GET /xingrg/kc/buy/cgsh_order_operate.html?command=get_materiel&rest_code=00108&code=00101008352&supplier_code=00100008&order_time=2020-10-25 HTTP/1.1" 200 412
117.185.32.26 - - [25/Oct/2020:10:50:13 +0800] "GET /xingrg/javascript/easyui/themes/default/tree.css HTTP/1.1" 404 1090
117.185.32.26 - - [25/Oct/2020:10:50:13 +0800] "POST /xingrg/all/common/load_tree.html?tree=supplier_tree_json&isDelete=1 HTTP/1.1" 200 50797
124.77.70.31 - - [25/Oct/2020:10:50:14 +0800] "GET /xingrg/kc/buy/cgsh_order_operate.html?command=get_materiel&rest_code=00107&code=00101010342&supplier_code=00100329&order_time=2020-10-25 HTTP/1.1" 200 422
114.84.37.38 - - [25/Oct/2020:10:50:15 +0800] "GET /xingrg/all/function/internal_message.html?_=1603594229406&CODE_STATE=getMsg HTTP/1.1" 200 27
222.69.132.165 - - [25/Oct/2020:10:50:16 +0800] "POST /xingrg/kc/buy/cgsh_order_operate.html HTTP/1.1" 200 37
180.161.96.95 - - [25/Oct/2020:10:50:16 +0800] "GET /xingrg/kc/buy/cgsh_order_operate.html?command=get_materiel&rest_code=00102&code=00101007085&supplier_code=00100328&order_time=2020-10-25 HTTP/1.1" 200 413
114.88.166.242 - - [25/Oct/2020:10:50:17 +0800] "GET /xingrg/kc/base/wldb_order_operate.html?command=get_materiel&rest_code=00111&base_code=0010283&code=00101019384 HTTP/1.1" 200 456
222.69.132.165 - - [25/Oct/2020:10:50:19 +0800] "POST /xingrg/kc/buy/cgsh_order_operate.html HTTP/1.1" 200 12
117.184.7.26 - - [25/Oct/2020:10:50:19 +0800] "GET /xingrg/kc/buy/cgsh_order_operate.html?command=get_materiel&rest_code=00108&code=00101008005&supplier_code=00100008&order_time=2020-10-25 HTTP/1.1" 200 412
222.69.132.165 - - [25/Oct/2020:10:50:21 +0800] "GET /xingrg/kc/buy/cgsh_order_info.html?code=212020102510406 HTTP/1.1" 200 55086
222.69.132.165 - - [25/Oct/2020:10:50:21 +0800] "GET /xingrg/javascript/easyui/themes/default/validatebox.css HTTP/1.1" 404 1104
222.69.132.165 - - [25/Oct/2020:10:50:21 +0800] "POST /xingrg/kc/buy/cgsh_order_operate.html HTTP/1.1" 200 608
114.88.166.242 - - [25/Oct/2020:10:50:22 +0800] "GET /xingrg/kc/base/wldb_order_operate.html?command=get_materiel&rest_code=00111&base_code=0010283&code=00101019187 HTTP/1.1" 200 464
180.161.96.95 - - [25/Oct/2020:10:50:23 +0800] "POST /xingrg/kc/buy/cgsh_order_operate.html HTTP/1.1" 200 37
222.69.132.165 - - [25/Oct/2020:10:50:23 +0800] "GET /xingrg/kc/print/load_data.html?order_code=212020102510406&kc_code=cgsh&condition= HTTP/1.1" 200 709
114.84.145.85 - - [25/Oct/2020:10:50:24 +0800] "GET /xingrg/kc/buy/cgsh_order_operate.html?command=get_materiel&rest_code=00141&code=00101001037&supplier_code=00100094&order_time=2020-10-25 HTTP/1.1" 200 416
180.161.96.95 - - [25/Oct/2020:10:50:24 +0800] "GET /xingrg/all/function/internal_message.html?_=1603594220761&CODE_STATE=getMsg HTTP/1.1" 200 27
58.221.95.50 - - [25/Oct/2020:10:50:25 +0800] "GET /xingrg/all/function/internal_message.html?_=1603594400427&CODE_STATE=getMsg HTTP/1.1" 200 27
117.184.7.26 - - [25/Oct/2020:10:50:25 +0800] "GET /xingrg/kc/buy/cgsh_order_operate.html?command=get_materiel&rest_code=00108&code=00101019555&supplier_code=00100008&order_time=2020-10-25 HTTP/1.1" 200 409
180.161.96.95 - - [25/Oct/2020:10:50:26 +0800] "POST /xingrg/kc/buy/cgsh_order_operate.html HTTP/1.1" 200 12
114.88.166.242 - - [25/Oct/2020:10:50:26 +0800] "GET /xingrg/kc/base/wldb_order_operate.html?command=get_materiel&rest_code=00111&base_code=0010283&code=00101019079 HTTP/1.1" 200 465
124.77.70.31 - - [25/Oct/2020:10:50:26 +0800] "GET /xingrg/kc/buy/cgsh_order_operate.html?command=get_materiel&rest_code=00107&code=00101010080&supplier_code=00100329&order_time=2020-10-25 HTTP/1.1" 200 422
180.161.96.95 - - [25/Oct/2020:10:50:26 +0800] "GET /xingrg/kc/buy/cgsh_order_info.html?code=212020102510407 HTTP/1.1" 200 54998
180.161.96.95 - - [25/Oct/2020:10:50:27 +0800] "GET /xingrg/javascript/easyui/themes/default/validatebox.css HTTP/1.1" 404 1104
180.161.96.95 - - [25/Oct/2020:10:50:27 +0800] "POST /xingrg/kc/buy/cgsh_order_operate.html HTTP/1.1" 200 1199
222.69.132.165 - - [25/Oct/2020:10:50:27 +0800] "GET /xingrg/kc/buy/cgsh_order_add.html HTTP/1.1" 200 60179
222.69.132.165 - - [25/Oct/2020:10:50:28 +0800] "POST /xingrg/kc/buy/cgsh_order_operate.html HTTP/1.1" 200 8245
222.69.132.165 - - [25/Oct/2020:10:50:28 +0800] "GET /xingrg/javascript/easyui/themes/default/validatebox.css HTTP/1.1" 404 1104
117.185.32.26 - - [25/Oct/2020:10:50:28 +0800] "GET /xingrg/all/function/internal_message.html?_=1603594661190&CODE_STATE=getMsg HTTP/1.1" 200 27
180.161.96.95 - - [25/Oct/2020:10:50:28 +0800] "GET /xingrg/kc/print/load_data.html?order_code=212020102510407&kc_code=cgsh&condition= HTTP/1.1" 200 924
180.161.96.95 - - [25/Oct/2020:10:50:31 +0800] "GET /xingrg/kc/buy/cgsh_order_add.html HTTP/1.1" 200 60091
180.161.96.95 - - [25/Oct/2020:10:50:32 +0800] "POST /xingrg/kc/buy/cgsh_order_operate.html HTTP/1.1" 200 8245
180.161.96.95 - - [25/Oct/2020:10:50:32 +0800] "GET /xingrg/javascript/easyui/themes/default/validatebox.css HTTP/1.1" 404 1104
114.88.166.242 - - [25/Oct/2020:10:50:32 +0800] "GET /xingrg/kc/base/wldb_order_operate.html?command=get_materiel&rest_code=00111&base_code=0010283&code=00101016092 HTTP/1.1" 200 452
172.17.0.120 - - [25/Oct/2020:10:50:33 +0800] "GET /xingrg/all/function/internal_message.html?_=1603594229027&CODE_STATE=getMsg HTTP/1.1" 200 27
222.69.132.165 - - [25/Oct/2020:10:50:34 +0800] "GET /xingrg/kc/buy/cgsh_order_operate.html?command=get_materiel&rest_code=00149&code=00101001019&supplier_code=00100318&order_time=2020-10-25 HTTP/1.1" 200 415
117.185.32.26 - - [25/Oct/2020:10:50:35 +0800] "GET /xingrg/kc/buy/cgsh_order_operate.html?command=get_materiel&rest_code=00106&code=00101001051&supplier_code=00100094&order_time=2020-10-25 HTTP/1.1" 200 424
114.86.231.202 - - [25/Oct/2020:10:50:36 +0800] "GET /xingrg/all/function/internal_message.html?_=1603594277572&CODE_STATE=getMsg HTTP/1.1" 200 27
114.84.145.85 - - [25/Oct/2020:10:50:36 +0800] "GET /xingrg/kc/buy/cgsh_order_operate.html?command=get_materiel&rest_code=00141&code=00101003003&supplier_code=00100094&order_time=2020-10-25 HTTP/1.1" 200 414
117.184.7.26 - - [25/Oct/2020:10:50:37 +0800] "GET /xingrg/kc/buy/cgsh_order_operate.html?command=get_materiel&rest_code=00108&code=00101008353&supplier_code=00100008&order_time=2020-10-25 HTTP/1.1" 200 408
114.88.166.242 - - [25/Oct/2020:10:50:38 +0800] "GET /xingrg/kc/base/wldb_order_operate.html?command=get_materiel&rest_code=00111&base_code=0010283&code=00101019535 HTTP/1.1" 200 476
180.174.56.115 - - [25/Oct/2020:10:50:38 +0800] "GET /xingrg/all/function/internal_message.html?_=1603594233506&CODE_STATE=getMsg HTTP/1.1" 200 27
172.17.200.101 - - [25/Oct/2020:10:50:39 +0800] "GET /xingrg/all/function/internal_message.html?_=1603594235447&CODE_STATE=getMsg HTTP/1.1" 200 27
172.17.0.185 - - [25/Oct/2020:10:50:39 +0800] "GET /xingrg/all/function/internal_message.html?_=1603594234649&CODE_STATE=getMsg HTTP/1.1" 200 27
180.161.96.95 - - [25/Oct/2020:10:50:39 +0800] "GET /xingrg/kc/buy/cgsh_order_operate.html?command=get_materiel&rest_code=00102&code=00101010535&supplier_code=00100322&order_time=2020-10-25 HTTP/1.1" 200 446
114.84.37.38 - - [25/Oct/2020:10:50:41 +0800] "POST /xingrg/kc/buy/cgsh_order_operate.html HTTP/1.1" 200 37
222.69.132.165 - - [25/Oct/2020:10:50:43 +0800] "POST /xingrg/kc/buy/cgsh_order_operate.html HTTP/1.1" 200 37
114.84.37.38 - - [25/Oct/2020:10:50:43 +0800] "POST /xingrg/kc/buy/cgsh_order_operate.html HTTP/1.1" 200 9851
114.88.166.242 - - [25/Oct/2020:10:50:45 +0800] "GET /xingrg/all/function/internal_message.html?_=1603594234686&CODE_STATE=getMsg HTTP/1.1" 200 27
180.161.96.95 - - [25/Oct/2020:10:50:46 +0800] "POST /xingrg/kc/buy/cgsh_order_operate.html HTTP/1.1" 200 37
114.84.37.38 - - [25/Oct/2020:10:50:46 +0800] "GET /xingrg/kc/print/load_data.html?order_code=212020102510408&kc_code=cgsh&condition= HTTP/1.1" 200 3426
114.88.166.242 - - [25/Oct/2020:10:50:46 +0800] "GET /xingrg/kc/base/wldb_order_operate.html?command=get_materiel&rest_code=00111&base_code=0010283&code=00101019283 HTTP/1.1" 200 450
117.184.7.26 - - [25/Oct/2020:10:50:47 +0800] "GET /xingrg/kc/buy/cgsh_order_operate.html?command=get_materiel&rest_code=00108&code=00101008213&supplier_code=00100008&order_time=2020-10-25 HTTP/1.1" 200 432
180.161.96.95 - - [25/Oct/2020:10:50:48 +0800] "POST /xingrg/kc/buy/cgsh_order_operate.html HTTP/1.1" 200 12
124.77.70.31 - - [25/Oct/2020:10:50:48 +0800] "GET /xingrg/kc/buy/cgsh_order_operate.html?command=get_materiel&rest_code=00107&code=00101020148&supplier_code=00100329&order_time=2020-10-25 HTTP/1.1" 200 421
120.253.135.82 - - [25/Oct/2020:10:50:48 +0800] "GET /xingrg/all/function/internal_message.html?_=1603593989564&CODE_STATE=getMsg HTTP/1.1" 200 27
114.84.145.85 - - [25/Oct/2020:10:50:49 +0800] "POST /xingrg/kc/buy/cgsh_order_operate.html HTTP/1.1" 200 37
222.69.132.165 - - [25/Oct/2020:10:50:49 +0800] "POST /xingrg/kc/buy/cgsh_order_operate.html HTTP/1.1" 200 12
180.161.96.95 - - [25/Oct/2020:10:50:49 +0800] "GET /xingrg/kc/buy/cgsh_order_info.html?code=212020102510410 HTTP/1.1" 200 54988
180.161.96.95 - - [25/Oct/2020:10:50:50 +0800] "GET /xingrg/javascript/easyui/themes/default/validatebox.css HTTP/1.1" 404 1104
180.161.96.95 - - [25/Oct/2020:10:50:50 +0800] "POST /xingrg/kc/buy/cgsh_order_operate.html HTTP/1.1" 200 629
222.69.132.165 - - [25/Oct/2020:10:50:51 +0800] "GET /xingrg/kc/buy/cgsh_order_info.html?code=212020102510409 HTTP/1.1" 200 55086
114.88.166.242 - - [25/Oct/2020:10:50:51 +0800] "GET /xingrg/kc/base/wldb_order_operate.html?command=get_materiel&rest_code=00111&base_code=0010283&code=00101019313 HTTP/1.1" 200 443
222.69.132.165 - - [25/Oct/2020:10:50:51 +0800] "GET /xingrg/words/20201025093224_words.js HTTP/1.1" 304 -
222.69.132.165 - - [25/Oct/2020:10:50:51 +0800] "GET /xingrg/javascript/easyui/themes/default/validatebox.css HTTP/1.1" 404 1104
222.69.132.165 - - [25/Oct/2020:10:50:51 +0800] "POST /xingrg/kc/buy/cgsh_order_operate.html HTTP/1.1" 200 610
114.88.166.242 - - [25/Oct/2020:10:50:51 +0800] "GET /xingrg/all/function/internal_message.html?_=1603594341375&CODE_STATE=getMsg HTTP/1.1" 200 27
180.161.96.95 - - [25/Oct/2020:10:50:52 +0800] "GET /xingrg/kc/print/load_data.html?order_code=212020102510410&kc_code=cgsh&condition= HTTP/1.1" 200 711
114.84.145.85 - - [25/Oct/2020:10:50:52 +0800] "POST /xingrg/kc/buy/cgsh_order_operate.html HTTP/1.1" 200 12
222.69.132.165 - - [25/Oct/2020:10:50:53 +0800] "GET /xingrg/kc/print/load_data.html?order_code=212020102510409&kc_code=cgsh&condition= HTTP/1.1" 200 720
124.77.70.31 - - [25/Oct/2020:10:50:53 +0800] "GET /xingrg/check_reg.html?_=1603594238682 HTTP/1.1" 200 22
124.77.70.31 - - [25/Oct/2020:10:50:53 +0800] "GET /xingrg/all/function/internal_message.html?_=1603594238699&CODE_STATE=getMsg HTTP/1.1" 200 27
117.184.7.26 - - [25/Oct/2020:10:50:54 +0800] "GET /xingrg/kc/buy/cgsh_order_operate.html?command=get_materiel&rest_code=00108&code=00101008125&supplier_code=00100008&order_time=2020-10-25 HTTP/1.1" 200 413
114.84.145.85 - - [25/Oct/2020:10:50:54 +0800] "GET /xingrg/kc/buy/cgsh_order_info.html?code=212020102510411 HTTP/1.1" 200 55035
114.88.166.242 - - [25/Oct/2020:10:50:54 +0800] "GET /xingrg/kc/base/wldb_order_operate.html?command=get_materiel&rest_code=00111&base_code=0010283&code=00101019391 HTTP/1.1" 200 471
114.84.145.85 - - [25/Oct/2020:10:50:54 +0800] "GET /xingrg/javascript/easyui/themes/default/validatebox.css HTTP/1.1" 404 1104
180.174.56.115 - - [25/Oct/2020:10:50:55 +0800] "GET /xingrg/all/function/internal_message.html?_=1603594222423&CODE_STATE=getMsg HTTP/1.1" 200 27
114.84.145.85 - - [25/Oct/2020:10:50:55 +0800] "POST /xingrg/kc/buy/cgsh_order_operate.html HTTP/1.1" 200 1213
222.69.133.109 - - [25/Oct/2020:10:50:55 +0800] "GET /xingrg/all/function/internal_message.html?_=1603594250647&CODE_STATE=getMsg HTTP/1.1" 200 27
180.161.96.95 - - [25/Oct/2020:10:50:56 +0800] "GET /xingrg/kc/buy/cgsh_order_add.html HTTP/1.1" 200 60091
117.131.5.26 - - [25/Oct/2020:10:50:56 +0800] "GET /xingrg/all/function/internal_message.html?_=1603594279177&CODE_STATE=getMsg HTTP/1.1" 200 27
124.77.70.31 - - [25/Oct/2020:10:50:56 +0800] "POST /xingrg/kc/buy/cgsh_order_operate.html HTTP/1.1" 200 37
180.161.96.95 - - [25/Oct/2020:10:50:56 +0800] "POST /xingrg/kc/buy/cgsh_order_operate.html HTTP/1.1" 200 8245
114.84.145.85 - - [25/Oct/2020:10:50:56 +0800] "GET /xingrg/kc/print/load_data.html?order_code=212020102510411&kc_code=cgsh&condition= HTTP/1.1" 200 1032
180.161.96.95 - - [25/Oct/2020:10:50:57 +0800] "GET /xingrg/javascript/easyui/themes/default/validatebox.css HTTP/1.1" 404 1104
124.77.70.31 - - [25/Oct/2020:10:50:57 +0800] "POST /xingrg/kc/buy/cgsh_order_operate.html HTTP/1.1" 200 3878
222.69.132.165 - - [25/Oct/2020:10:50:58 +0800] "GET /xingrg/kc/buy/cgsh_order_add.html HTTP/1.1" 200 60179
222.69.132.165 - - [25/Oct/2020:10:50:58 +0800] "POST /xingrg/kc/buy/cgsh_order_operate.html HTTP/1.1" 200 8245
222.69.132.165 - - [25/Oct/2020:10:50:58 +0800] "GET /xingrg/javascript/easyui/themes/default/validatebox.css HTTP/1.1" 404 1104
114.88.166.242 - - [25/Oct/2020:10:50:59 +0800] "GET /xingrg/kc/base/wldb_order_operate.html?command=get_materiel&rest_code=00111&base_code=0010283&code=00101019390 HTTP/1.1" 200 455
117.185.32.26 - - [25/Oct/2020:10:50:59 +0800] "POST /xingrg/kc/buy/cgsh_order_operate.html HTTP/1.1" 200 37
124.77.70.31 - - [25/Oct/2020:10:50:59 +0800] "GET /xingrg/kc/print/load_data.html?order_code=212020102510412&kc_code=cgsh&condition= HTTP/1.1" 200 1164
114.84.145.85 - - [25/Oct/2020:10:51:01 +0800] "GET /xingrg/kc/buy/cgsh_order_add.html HTTP/1.1" 200 60132
114.84.145.85 - - [25/Oct/2020:10:51:01 +0800] "GET /xingrg/all/function/internal_message.html?_=1603593862667&CODE_STATE=getMsg HTTP/1.1" 200 27
114.84.145.85 - - [25/Oct/2020:10:51:01 +0800] "POST /xingrg/kc/buy/cgsh_order_operate.html HTTP/1.1" 200 8245
114.84.145.85 - - [25/Oct/2020:10:51:01 +0800] "GET /xingrg/javascript/easyui/themes/default/validatebox.css HTTP/1.1" 404 1104
172.17.0.101 - - [25/Oct/2020:10:51:01 +0800] "GET /xingrg/all/function/internal_message.html?_=1603594257353&CODE_STATE=getMsg HTTP/1.1" 200 27
114.84.145.85 - - [25/Oct/2020:10:51:02 +0800] "GET /xingrg/all/function/internal_message.html?_=1603594259344&CODE_STATE=getMsg HTTP/1.1" 200 27
114.88.166.242 - - [25/Oct/2020:10:51:02 +0800] "GET /xingrg/kc/base/wldb_order_operate.html?command=get_materiel&rest_code=00111&base_code=0010283&code=00101019529 HTTP/1.1" 200 476
124.77.70.31 - - [25/Oct/2020:10:51:04 +0800] "GET /xingrg/kc/buy/cgsh_order_add.html HTTP/1.1" 200 60214
117.185.32.26 - - [25/Oct/2020:10:51:04 +0800] "POST /xingrg/kc/buy/cgsh_order_operate.html HTTP/1.1" 200 116
117.184.7.26 - - [25/Oct/2020:10:51:04 +0800] "POST /xingrg/kc/buy/cgsh_order_operate.html HTTP/1.1" 200 37
124.77.70.31 - - [25/Oct/2020:10:51:05 +0800] "POST /xingrg/kc/buy/cgsh_order_operate.html HTTP/1.1" 200 8245
124.77.70.31 - - [25/Oct/2020:10:51:05 +0800] "GET /xingrg/javascript/easyui/themes/default/validatebox.css HTTP/1.1" 404 1104
124.77.70.31 - - [25/Oct/2020:10:51:06 +0800] "GET /xingrg/javascript/easyui/themes/default/tree.css HTTP/1.1" 404 1090
114.88.166.242 - - [25/Oct/2020:10:51:07 +0800] "GET /xingrg/kc/base/wldb_order_operate.html?command=get_materiel&rest_code=00111&base_code=0010283&code=00101013003 HTTP/1.1" 200 430
222.69.132.165 - - [25/Oct/2020:10:51:07 +0800] "GET /xingrg/kc/buy/cgsh_order_operate.html?command=get_materiel&rest_code=00149&code=00101020169&supplier_code=00100322&order_time=2020-10-25 HTTP/1.1" 200 428
172.17.0.123 - - [25/Oct/2020:10:51:07 +0800] "GET /xingrg/all/function/internal_message.html?_=1603594227336&CODE_STATE=getMsg HTTP/1.1" 200 27
117.184.7.26 - - [25/Oct/2020:10:51:07 +0800] "POST /xingrg/kc/buy/cgsh_order_operate.html HTTP/1.1" 200 20346
124.77.70.31 - - [25/Oct/2020:10:51:07 +0800] "POST /xingrg/all/common/load_tree.html?tree=supplier_tree_json&isDelete=1 HTTP/1.1" 200 50797
117.184.7.26 - - [25/Oct/2020:10:51:09 +0800] "GET /xingrg/all/function/internal_message.html?_=1603594264913&CODE_STATE=getMsg HTTP/1.1" 200 27
180.162.245.190 - - [25/Oct/2020:10:51:09 +0800] "GET /xingrg/all/function/internal_message.html?_=1603594265507&CODE_STATE=getMsg HTTP/1.1" 200 27
117.185.32.26 - - [25/Oct/2020:10:51:10 +0800] "GET /xingrg/all/function/internal_message.html?_=1603594265648&CODE_STATE=getMsg HTTP/1.1" 200 27
222.69.132.165 - - [25/Oct/2020:10:51:11 +0800] "GET /xingrg/all/function/internal_message.html?_=1603594267033&CODE_STATE=getMsg HTTP/1.1" 200 27
117.185.32.26 - - [25/Oct/2020:10:51:11 +0800] "POST /xingrg/kc/buy/cgsh_order_operate.html HTTP/1.1" 200 37
114.88.166.242 - - [25/Oct/2020:10:51:12 +0800] "GET /xingrg/kc/base/wldb_order_operate.html?command=get_materiel&rest_code=00111&base_code=0010283&code=00101019439 HTTP/1.1" 200 455
117.185.32.26 - - [25/Oct/2020:10:51:13 +0800] "POST /xingrg/kc/buy/cgsh_order_operate.html HTTP/1.1" 200 12
222.69.133.109 - - [25/Oct/2020:10:51:13 +0800] "POST /xingrg/dwr/call/plaincall/AjaxQqpsService.saveMaterielItem.dwr HTTP/1.1" 200 79
114.84.145.85 - - [25/Oct/2020:10:51:14 +0800] "GET /xingrg/kc/buy/cgsh_order_operate.html?command=get_materiel&rest_code=00141&code=00101012046&supplier_code=00100347&order_time=2020-10-25 HTTP/1.1" 200 436
117.185.32.26 - - [25/Oct/2020:10:51:14 +0800] "GET /xingrg/kc/buy/cgsh_order_info.html?code=212020102510413 HTTP/1.1" 200 55029
117.185.32.26 - - [25/Oct/2020:10:51:14 +0800] "GET /xingrg/javascript/easyui/themes/default/validatebox.css HTTP/1.1" 404 1104
117.185.32.26 - - [25/Oct/2020:10:51:15 +0800] "POST /xingrg/kc/buy/cgsh_order_operate.html HTTP/1.1" 200 1223
114.84.37.38 - - [25/Oct/2020:10:51:15 +0800] "GET /xingrg/all/function/internal_message.html?_=1603594289414&CODE_STATE=getMsg HTTP/1.1" 200 27
180.161.96.95 - - [25/Oct/2020:10:51:24 +0800] "GET /xingrg/all/function/internal_message.html?_=1603594280773&CODE_STATE=getMsg HTTP/1.1" 200 27
58.221.95.50 - - [25/Oct/2020:10:51:25 +0800] "GET /xingrg/check_reg.html?_=1603594460429 HTTP/1.1" 200 22
58.221.95.50 - - [25/Oct/2020:10:51:25 +0800] "GET /xingrg/all/function/internal_message.html?_=1603594460435&CODE_STATE=getMsg HTTP/1.1" 200 27
114.88.166.242 - - [25/Oct/2020:10:51:25 +0800] "POST /xingrg/kc/base/wldb_order_operate.html HTTP/1.1" 200 37
114.88.166.242 - - [25/Oct/2020:10:51:26 +0800] "POST /xingrg/kc/base/wldb_order_operate.html HTTP/1.1" 200 8239
114.88.166.242 - - [25/Oct/2020:10:51:26 +0800] "GET /xingrg/kc/base/wldb_order_info.html?code=422020102502944 HTTP/1.1" 200 30561
114.88.166.242 - - [25/Oct/2020:10:51:26 +0800] "GET /xingrg/javascript/easyui/themes/default/validatebox.css HTTP/1.1" 404 1104
222.69.133.109 - - [25/Oct/2020:10:51:27 +0800] "POST /xingrg/dwr/call/plaincall/AjaxQqpsService.getMaterielByCode.dwr HTTP/1.1" 200 1462
114.88.166.242 - - [25/Oct/2020:10:51:27 +0800] "POST /xingrg/kc/base/wldb_order_operate.html HTTP/1.1" 200 8239
117.185.32.26 - - [25/Oct/2020:10:51:28 +0800] "GET /xingrg/all/function/internal_message.html?_=1603594721173&CODE_STATE=getMsg HTTP/1.1" 200 27
117.184.7.26 - - [25/Oct/2020:10:51:30 +0800] "GET /xingrg/kc/buy/cgsh_order_operate.html?command=get_materiel&rest_code=00108&code=00101008323&supplier_code=00100008&order_time=2020-10-25 HTTP/1.1" 200 408
114.84.145.85 - - [25/Oct/2020:10:51:31 +0800] "GET /xingrg/kc/buy/cgsh_order_operate.html?command=get_materiel&rest_code=00141&code=00101005054&supplier_code=00100347&order_time=2020-10-25 HTTP/1.1" 200 412
172.17.0.120 - - [25/Oct/2020:10:51:33 +0800] "GET /xingrg/all/function/internal_message.html?_=1603594289027&CODE_STATE=getMsg HTTP/1.1" 200 27
114.88.166.242 - - [25/Oct/2020:10:51:35 +0800] "GET /xingrg/kc/base/wldb_order_add.html HTTP/1.1" 200 30546
222.69.132.165 - - [25/Oct/2020:10:51:35 +0800] "POST /xingrg/kc/buy/cgsh_order_operate.html HTTP/1.1" 200 37
124.77.70.31 - - [25/Oct/2020:10:51:35 +0800] "GET /xingrg/kc/buy/cgsh_order_operate.html?command=get_materiel&rest_code=00107&code=00101012046&supplier_code=00100347&order_time=2020-10-25 HTTP/1.1" 200 436
114.88.166.242 - - [25/Oct/2020:10:51:35 +0800] "GET /xingrg/javascript/easyui/themes/default/validatebox.css HTTP/1.1" 404 1104
114.88.166.242 - - [25/Oct/2020:10:51:35 +0800] "POST /xingrg/kc/base/wldb_order_operate.html HTTP/1.1" 200 6806
114.86.231.202 - - [25/Oct/2020:10:51:36 +0800] "GET /xingrg/all/function/internal_message.html?_=1603594337566&CODE_STATE=getMsg HTTP/1.1" 200 27
180.174.56.115 - - [25/Oct/2020:10:51:38 +0800] "GET /xingrg/all/function/internal_message.html?_=1603594293531&CODE_STATE=getMsg HTTP/1.1" 200 27
180.174.56.115 - - [25/Oct/2020:10:51:38 +0800] "GET /xingrg/check_reg.html?_=1603594293534 HTTP/1.1" 200 22
172.17.200.101 - - [25/Oct/2020:10:51:39 +0800] "GET /xingrg/all/function/internal_message.html?_=1603594295449&CODE_STATE=getMsg HTTP/1.1" 200 27
172.17.0.185 - - [25/Oct/2020:10:51:39 +0800] "GET /xingrg/all/function/internal_message.html?_=1603594294654&CODE_STATE=getMsg HTTP/1.1" 200 27
222.69.132.165 - - [25/Oct/2020:10:51:41 +0800] "POST /xingrg/kc/buy/cgsh_order_operate.html HTTP/1.1" 200 12
114.88.166.242 - - [25/Oct/2020:10:51:42 +0800] "GET /xingrg/kc/base/wldb_order_operate.html?command=get_materiel&rest_code=00111&base_code=0010283&code=00101019223 HTTP/1.1" 200 459
120.253.135.82 - - [25/Oct/2020:10:51:42 +0800] "GET /xingrg/kc/pszx/mdqp_order_list.html?state=10 HTTP/1.1" 200 10175
120.253.135.82 - - [25/Oct/2020:10:51:42 +0800] "GET /xingrg/dwr/interface/AjaxQqpsService.js HTTP/1.1" 200 16326
120.253.135.82 - - [25/Oct/2020:10:51:42 +0800] "GET /xingrg/dwr/interface/AjaxReportQueryService.js HTTP/1.1" 200 13203
120.253.135.82 - - [25/Oct/2020:10:51:42 +0800] "GET /xingrg/dwr/engine.js HTTP/1.1" 200 43631
222.69.132.165 - - [25/Oct/2020:10:51:44 +0800] "GET /xingrg/kc/buy/cgsh_order_info.html?code=212020102510414 HTTP/1.1" 200 55076
114.84.37.38 - - [25/Oct/2020:10:51:44 +0800] "GET /xingrg/check_reg.html?_=1603594323280 HTTP/1.1" 200 22
222.69.132.165 - - [25/Oct/2020:10:51:44 +0800] "GET /xingrg/javascript/easyui/themes/default/validatebox.css HTTP/1.1" 404 1104
222.69.132.165 - - [25/Oct/2020:10:51:44 +0800] "POST /xingrg/kc/buy/cgsh_order_operate.html HTTP/1.1" 200 618
120.253.135.82 - - [25/Oct/2020:10:51:45 +0800] "GET /xingrg/kc/pszx/mdth_order_list.html HTTP/1.1" 200 18621
114.88.166.242 - - [25/Oct/2020:10:51:45 +0800] "GET /xingrg/all/function/internal_message.html?_=1603594294705&CODE_STATE=getMsg HTTP/1.1" 200 27
120.253.135.82 - - [25/Oct/2020:10:51:45 +0800] "POST /xingrg/kc/pszx/mdth_order_new_list.html HTTP/1.1" 200 4645
114.84.145.85 - - [25/Oct/2020:10:51:46 +0800] "GET /xingrg/kc/buy/cgsh_order_operate.html?command=get_materiel&rest_code=00141&code=00101007162&supplier_code=00100347&order_time=2020-10-25 HTTP/1.1" 200 405
222.69.132.165 - - [25/Oct/2020:10:51:46 +0800] "GET /xingrg/kc/print/load_data.html?order_code=212020102510414&kc_code=cgsh&condition= HTTP/1.1" 200 721
114.88.166.242 - - [25/Oct/2020:10:51:47 +0800] "GET /xingrg/kc/base/wldb_order_operate.html?command=get_materiel&rest_code=00111&base_code=0010283&code=00101019398 HTTP/1.1" 200 471
120.253.135.82 - - [25/Oct/2020:10:51:48 +0800] "GET /xingrg/all/function/internal_message.html?_=1603594049577&CODE_STATE=getMsg HTTP/1.1" 200 27
124.77.70.31 - - [25/Oct/2020:10:51:48 +0800] "GET /xingrg/kc/buy/cgsh_order_operate.html?command=get_materiel&rest_code=00107&code=00101020225&supplier_code=00100347&order_time=2020-10-25 HTTP/1.1" 200 403
117.184.7.26 - - [25/Oct/2020:10:51:49 +0800] "GET /xingrg/kc/buy/cgsh_order_operate.html?command=get_materiel&rest_code=00108&code=00101008306&supplier_code=00100008&order_time=2020-10-25 HTTP/1.1" 200 412
114.88.166.242 - - [25/Oct/2020:10:51:50 +0800] "POST /xingrg/kc/base/wldb_order_operate.html HTTP/1.1" 200 37
114.88.166.242 - - [25/Oct/2020:10:51:50 +0800] "POST /xingrg/kc/base/wldb_order_operate.html HTTP/1.1" 200 2732
114.88.166.242 - - [25/Oct/2020:10:51:50 +0800] "GET /xingrg/kc/base/wldb_order_info.html?code=422020102502945 HTTP/1.1" 200 30560
114.88.166.242 - - [25/Oct/2020:10:51:51 +0800] "GET /xingrg/javascript/easyui/themes/default/validatebox.css HTTP/1.1" 404 1104
114.88.166.242 - - [25/Oct/2020:10:51:51 +0800] "POST /xingrg/kc/base/wldb_order_operate.html HTTP/1.1" 200 2732
114.88.166.242 - - [25/Oct/2020:10:51:51 +0800] "GET /xingrg/all/function/internal_message.html?_=1603594401391&CODE_STATE=getMsg HTTP/1.1" 200 27
120.253.135.82 - - [25/Oct/2020:10:51:52 +0800] "POST /xingrg/kc/pszx/mdth_order_new_list.html HTTP/1.1" 200 283
124.77.70.31 - - [25/Oct/2020:10:51:53 +0800] "GET /xingrg/all/function/internal_message.html?_=1603594298674&CODE_STATE=getMsg HTTP/1.1" 200 27
180.174.56.115 - - [25/Oct/2020:10:51:55 +0800] "GET /xingrg/all/function/internal_message.html?_=1603594282436&CODE_STATE=getMsg HTTP/1.1" 200 27
222.69.133.109 - - [25/Oct/2020:10:51:55 +0800] "GET /xingrg/all/function/internal_message.html?_=1603594310646&CODE_STATE=getMsg HTTP/1.1" 200 27
120.253.135.82 - - [25/Oct/2020:10:51:55 +0800] "GET /xingrg/kc/pszx/mdqp_order_list.html?state=10 HTTP/1.1" 200 10175
120.253.135.82 - - [25/Oct/2020:10:51:55 +0800] "GET /xingrg/dwr/interface/AjaxQqpsService.js HTTP/1.1" 200 16326
120.253.135.82 - - [25/Oct/2020:10:51:55 +0800] "GET /xingrg/dwr/interface/AjaxReportQueryService.js HTTP/1.1" 200 13203
120.253.135.82 - - [25/Oct/2020:10:51:55 +0800] "GET /xingrg/dwr/engine.js HTTP/1.1" 200 43631
114.88.166.242 - - [25/Oct/2020:10:51:55 +0800] "GET /xingrg/kc/base/wldb_order_add.html HTTP/1.1" 200 30546
114.88.166.242 - - [25/Oct/2020:10:51:56 +0800] "GET /xingrg/javascript/easyui/themes/default/validatebox.css HTTP/1.1" 404 1104
114.88.166.242 - - [25/Oct/2020:10:51:56 +0800] "POST /xingrg/kc/base/wldb_order_operate.html HTTP/1.1" 200 6806
117.131.5.26 - - [25/Oct/2020:10:51:56 +0800] "GET /xingrg/all/function/internal_message.html?_=1603594339192&CODE_STATE=getMsg HTTP/1.1" 200 27
222.69.132.165 - - [25/Oct/2020:10:51:57 +0800] "GET /xingrg/kc/buy/cgsh_order_add.html HTTP/1.1" 200 60179
222.69.132.165 - - [25/Oct/2020:10:51:58 +0800] "POST /xingrg/kc/buy/cgsh_order_operate.html HTTP/1.1" 200 8245
222.69.132.165 - - [25/Oct/2020:10:51:58 +0800] "GET /xingrg/javascript/easyui/themes/default/validatebox.css HTTP/1.1" 404 1104
114.84.145.85 - - [25/Oct/2020:10:51:59 +0800] "GET /xingrg/kc/buy/cgsh_order_operate.html?command=get_materiel&rest_code=00141&code=00101007163&supplier_code=00100347&order_time=2020-10-25 HTTP/1.1" 200 404
114.84.145.85 - - [25/Oct/2020:10:52:00 +0800] "GET /xingrg/all/function/internal_message.html?_=1603593922644&CODE_STATE=getMsg HTTP/1.1" 200 27
172.17.0.101 - - [25/Oct/2020:10:52:01 +0800] "GET /xingrg/all/function/internal_message.html?_=1603594317353&CODE_STATE=getMsg HTTP/1.1" 200 27
114.84.145.85 - - [25/Oct/2020:10:52:02 +0800] "GET /xingrg/all/function/internal_message.html?_=1603594319316&CODE_STATE=getMsg HTTP/1.1" 200 27
222.69.132.165 - - [25/Oct/2020:10:52:05 +0800] "GET /xingrg/kc/buy/cgsh_order_operate.html?command=get_materiel&rest_code=00149&code=00101020113&supplier_code=00100323&order_time=2020-10-25 HTTP/1.1" 200 409
124.77.70.31 - - [25/Oct/2020:10:52:06 +0800] "GET /xingrg/kc/buy/cgsh_order_operate.html?command=get_materiel&rest_code=00107&code=00102002521&supplier_code=00100347&order_time=2020-10-25 HTTP/1.1" 200 428
172.17.0.123 - - [25/Oct/2020:10:52:07 +0800] "GET /xingrg/all/function/internal_message.html?_=1603594287338&CODE_STATE=getMsg HTTP/1.1" 200 27
114.88.166.242 - - [25/Oct/2020:10:52:08 +0800] "GET /xingrg/kc/base/wldb_order_operate.html?command=get_materiel&rest_code=00111&base_code=0010283&code=00101019505 HTTP/1.1" 200 480
117.184.7.26 - - [25/Oct/2020:10:52:09 +0800] "GET /xingrg/all/function/internal_message.html?_=1603594324904&CODE_STATE=getMsg HTTP/1.1" 200 27
180.162.245.190 - - [25/Oct/2020:10:52:09 +0800] "GET /xingrg/all/function/internal_message.html?_=1603594325517&CODE_STATE=getMsg HTTP/1.1" 200 27
117.185.32.26 - - [25/Oct/2020:10:52:10 +0800] "GET /xingrg/all/function/internal_message.html?_=1603594325628&CODE_STATE=getMsg HTTP/1.1" 200 27
222.69.132.165 - - [25/Oct/2020:10:52:11 +0800] "GET /xingrg/all/function/internal_message.html?_=1603594327005&CODE_STATE=getMsg HTTP/1.1" 200 27
114.88.166.242 - - [25/Oct/2020:10:52:11 +0800] "GET /xingrg/kc/base/wldb_order_operate.html?command=get_materiel&rest_code=00111&base_code=0010283&code=00101019222 HTTP/1.1" 200 452
114.84.37.38 - - [25/Oct/2020:10:52:13 +0800] "GET /xingrg/check_reg.html?_=1603594347684 HTTP/1.1" 200 22
114.88.166.242 - - [25/Oct/2020:10:52:14 +0800] "GET /xingrg/kc/base/wldb_order_operate.html?command=get_materiel&rest_code=00111&base_code=0010283&code=00101019359 HTTP/1.1" 200 446
114.84.37.38 - - [25/Oct/2020:10:52:15 +0800] "GET /xingrg/all/function/internal_message.html?_=1603594349428&CODE_STATE=getMsg HTTP/1.1" 200 27
222.69.132.165 - - [25/Oct/2020:10:52:15 +0800] "GET /xingrg/kc/buy/cgsh_order_operate.html?command=get_materiel&rest_code=00149&code=00101008226&supplier_code=00100323&order_time=2020-10-25 HTTP/1.1" 200 416
222.69.133.109 - - [25/Oct/2020:10:52:15 +0800] "POST /xingrg/dwr/call/plaincall/AjaxQqpsService.saveMaterielItem.dwr HTTP/1.1" 200 79
114.84.145.85 - - [25/Oct/2020:10:52:16 +0800] "GET /xingrg/kc/buy/cgsh_order_operate.html?command=get_materiel&rest_code=00141&code=00101010618&supplier_code=00100347&order_time=2020-10-25 HTTP/1.1" 200 400
114.88.166.242 - - [25/Oct/2020:10:52:19 +0800] "GET /xingrg/kc/base/wldb_order_operate.html?command=get_materiel&rest_code=00111&base_code=0010283&code=00101019536 HTTP/1.1" 200 469
114.88.166.242 - - [25/Oct/2020:10:52:20 +0800] "GET /xingrg/check_reg.html?_=1603594332218 HTTP/1.1" 302 -
117.184.7.26 - - [25/Oct/2020:10:52:22 +0800] "POST /xingrg/kc/buy/cgsh_order_operate.html HTTP/1.1" 200 2065
222.69.133.109 - - [25/Oct/2020:10:52:23 +0800] "POST /xingrg/dwr/call/plaincall/AjaxQqpsService.getMaterielByCode.dwr HTTP/1.1" 200 1457
114.88.166.242 - - [25/Oct/2020:10:52:24 +0800] "GET /xingrg/kc/base/wldb_order_operate.html?command=get_materiel&rest_code=00111&base_code=0010283&code=00101019184 HTTP/1.1" 200 443
222.69.132.165 - - [25/Oct/2020:10:52:24 +0800] "GET /xingrg/kc/buy/cgsh_order_operate.html?command=get_materiel&rest_code=00149&code=00101012010&supplier_code=00100323&order_time=2020-10-25 HTTP/1.1" 200 409
180.161.96.95 - - [25/Oct/2020:10:52:24 +0800] "GET /xingrg/all/function/internal_message.html?_=1603594340786&CODE_STATE=getMsg HTTP/1.1" 200 27
58.221.95.50 - - [25/Oct/2020:10:52:25 +0800] "GET /xingrg/all/function/internal_message.html?_=1603594520420&CODE_STATE=getMsg HTTP/1.1" 200 27
117.184.7.26 - - [25/Oct/2020:10:52:26 +0800] "GET /xingrg/kc/buy/cgsh_order_operate.html?command=get_materiel&rest_code=00108&code=00101008290&supplier_code=00100008&order_time=2020-10-25 HTTP/1.1" 200 416
114.88.166.242 - - [25/Oct/2020:10:52:27 +0800] "GET /xingrg/kc/base/wldb_order_operate.html?command=get_materiel&rest_code=00111&base_code=0010283&code=00101019400 HTTP/1.1" 200 450
117.185.32.26 - - [25/Oct/2020:10:52:28 +0800] "GET /xingrg/check_reg.html?_=1603594781002 HTTP/1.1" 200 22
117.185.32.26 - - [25/Oct/2020:10:52:28 +0800] "GET /xingrg/all/function/internal_message.html?_=1603594781143&CODE_STATE=getMsg HTTP/1.1" 200 27
114.84.145.85 - - [25/Oct/2020:10:52:28 +0800] "GET /xingrg/check_reg.html?_=1603594345385 HTTP/1.1" 200 22
114.88.166.242 - - [25/Oct/2020:10:52:31 +0800] "GET /xingrg/kc/base/wldb_order_operate.html?command=get_materiel&rest_code=00111&base_code=0010283&code=00101013092 HTTP/1.1" 200 432
222.69.133.109 - - [25/Oct/2020:10:52:32 +0800] "POST /xingrg/dwr/call/plaincall/AjaxQqpsService.saveMaterielItem.dwr HTTP/1.1" 200 79
172.17.0.120 - - [25/Oct/2020:10:52:33 +0800] "GET /xingrg/all/function/internal_message.html?_=1603594349029&CODE_STATE=getMsg HTTP/1.1" 200 27
124.77.70.31 - - [25/Oct/2020:10:52:33 +0800] "GET /xingrg/kc/buy/cgsh_order_operate.html?command=get_materiel&rest_code=00107&code=00102002167&supplier_code=00100347&order_time=2020-10-25 HTTP/1.1" 200 409
114.88.166.242 - - [25/Oct/2020:10:52:35 +0800] "GET /xingrg/kc/base/wldb_order_operate.html?command=get_materiel&rest_code=00111&base_code=0010283&code=00101016086 HTTP/1.1" 200 466
114.86.231.202 - - [25/Oct/2020:10:52:35 +0800] "GET /xingrg/all/function/internal_message.html?_=1603594397578&CODE_STATE=getMsg HTTP/1.1" 200 27
114.84.145.85 - - [25/Oct/2020:10:52:36 +0800] "GET /xingrg/kc/buy/cgsh_order_operate.html?command=get_materiel&rest_code=00141&code=00101007161&supplier_code=00100347&order_time=2020-10-25 HTTP/1.1" 200 403
222.69.132.165 - - [25/Oct/2020:10:52:37 +0800] "GET /xingrg/kc/buy/cgsh_order_operate.html?command=get_materiel&rest_code=00149&code=00101008113&supplier_code=00100323&order_time=2020-10-25 HTTP/1.1" 200 413
114.88.166.242 - - [25/Oct/2020:10:52:37 +0800] "GET /xingrg/check_reg.html?_=1603594346526 HTTP/1.1" 200 22
180.174.56.115 - - [25/Oct/2020:10:52:38 +0800] "GET /xingrg/all/function/internal_message.html?_=1603594353523&CODE_STATE=getMsg HTTP/1.1" 200 27
172.17.200.101 - - [25/Oct/2020:10:52:39 +0800] "GET /xingrg/all/function/internal_message.html?_=1603594355448&CODE_STATE=getMsg HTTP/1.1" 200 27
172.17.0.185 - - [25/Oct/2020:10:52:39 +0800] "GET /xingrg/all/function/internal_message.html?_=1603594354643&CODE_STATE=getMsg HTTP/1.1" 200 27
114.84.145.85 - - [25/Oct/2020:10:52:42 +0800] "GET /xingrg/kc/buy/cgsh_order_operate.html?command=get_materiel&rest_code=00141&code=00101010619&supplier_code=00100347&order_time=2020-10-25 HTTP/1.1" 200 399
114.88.166.242 - - [25/Oct/2020:10:52:45 +0800] "GET /xingrg/all/function/internal_message.html?_=1603594354713&CODE_STATE=getMsg HTTP/1.1" 200 27
117.184.7.26 - - [25/Oct/2020:10:52:46 +0800] "GET /xingrg/kc/buy/cgsh_order_operate.html?command=get_materiel&rest_code=00108&code=00101008003&supplier_code=00100008&order_time=2020-10-25 HTTP/1.1" 200 408
180.162.245.190 - - [25/Oct/2020:10:52:47 +0800] "GET /xingrg/javascript/auto/indicator.gif HTTP/1.1" 404 1066
120.253.135.82 - - [25/Oct/2020:10:52:48 +0800] "GET /xingrg/check_reg.html?_=1603594109237 HTTP/1.1" 200 22
120.253.135.82 - - [25/Oct/2020:10:52:48 +0800] "GET /xingrg/all/function/internal_message.html?_=1603594109590&CODE_STATE=getMsg HTTP/1.1" 200 27
222.69.133.109 - - [25/Oct/2020:10:52:48 +0800] "POST /xingrg/dwr/call/plaincall/AjaxQqpsService.getMaterielByCode.dwr HTTP/1.1" 200 1457
114.88.166.242 - - [25/Oct/2020:10:52:51 +0800] "GET /xingrg/all/function/internal_message.html?_=1603594461378&CODE_STATE=getMsg HTTP/1.1" 200 27
114.84.145.85 - - [25/Oct/2020:10:52:53 +0800] "GET /xingrg/kc/buy/cgsh_order_operate.html?command=get_materiel&rest_code=00141&code=00101008146&supplier_code=00100347&order_time=2020-10-25 HTTP/1.1" 200 416
124.77.70.31 - - [25/Oct/2020:10:52:53 +0800] "GET /xingrg/all/function/internal_message.html?_=1603594358660&CODE_STATE=getMsg HTTP/1.1" 200 27
180.174.56.115 - - [25/Oct/2020:10:52:55 +0800] "GET /xingrg/all/function/internal_message.html?_=1603594342467&CODE_STATE=getMsg HTTP/1.1" 200 27
222.69.133.109 - - [25/Oct/2020:10:52:55 +0800] "GET /xingrg/check_reg.html?_=1603594370642 HTTP/1.1" 200 22
222.69.133.109 - - [25/Oct/2020:10:52:55 +0800] "GET /xingrg/all/function/internal_message.html?_=1603594370648&CODE_STATE=getMsg HTTP/1.1" 200 27
117.131.5.26 - - [25/Oct/2020:10:52:56 +0800] "GET /xingrg/check_reg.html?_=1603594399190 HTTP/1.1" 200 22
