180.174.56.115 - - [25/Oct/2020:09:23:17 +0800] "GET /xingrg/kc/buy/cgsh_order_operate.html?command=get_materiel&rest_code=00150&code=00101008296&supplier_code=00100007&order_time=2020-10-25 HTTP/1.1" 200 435
222.69.132.165 - - [25/Oct/2020:09:23:19 +0800] "POST /xingrg/services/DataTransmitService HTTP/1.1" 200 501
114.88.166.242 - - [25/Oct/2020:09:23:19 +0800] "POST /xingrg/kc/buy/cgsh_order_operate.html HTTP/1.1" 200 37
114.84.37.38 - - [25/Oct/2020:09:23:20 +0800] "GET /xingrg/kc/buy/cgsh_order_operate.html?command=get_materiel&rest_code=00146&code=00101007081&supplier_code=00100002&order_time=2020-10-25 HTTP/1.1" 200 413
222.69.132.165 - - [25/Oct/2020:09:23:20 +0800] "POST /xingrg/services/DataTransmitService HTTP/1.1" 200 501
114.88.166.242 - - [25/Oct/2020:09:23:21 +0800] "POST /xingrg/kc/buy/cgsh_order_operate.html HTTP/1.1" 200 32250
222.69.132.165 - - [25/Oct/2020:09:23:22 +0800] "POST /xingrg/services/DataTransmitService HTTP/1.1" 200 501
114.88.166.242 - - [25/Oct/2020:09:23:22 +0800] "GET /xingrg/kc/print/load_data.html?order_code=212020102510243&kc_code=cgsh&condition= HTTP/1.1" 200 11897
180.174.56.115 - - [25/Oct/2020:09:23:23 +0800] "GET /xingrg/kc/buy/cgsh_order_operate.html?command=get_materiel&rest_code=00150&code=00101008318&supplier_code=00100007&order_time=2020-10-25 HTTP/1.1" 200 427
58.221.95.50 - - [25/Oct/2020:09:23:25 +0800] "GET /xingrg/all/function/internal_message.html?_=1603589180356&CODE_STATE=getMsg HTTP/1.1" 200 27
222.69.132.165 - - [25/Oct/2020:09:23:27 +0800] "POST /xingrg/services/DataTransmitService HTTP/1.1" 200 412
180.174.56.115 - - [25/Oct/2020:09:23:29 +0800] "GET /xingrg/kc/buy/cgsh_order_operate.html?command=get_materiel&rest_code=00150&code=00101008352&supplier_code=00100007&order_time=2020-10-25 HTTP/1.1" 200 412
180.174.56.115 - - [25/Oct/2020:09:23:29 +0800] "GET /xingrg/check_reg.html?_=1603589004624 HTTP/1.1" 200 22
180.174.56.115 - - [25/Oct/2020:09:23:29 +0800] "GET /xingrg/all/function/internal_message.html?_=1603589004627&CODE_STATE=getMsg HTTP/1.1" 200 27
114.84.37.38 - - [25/Oct/2020:09:23:33 +0800] "GET /xingrg/kc/buy/cgsh_order_operate.html?command=get_materiel&rest_code=00146&code=00101007063&supplier_code=00100002&order_time=2020-10-25 HTTP/1.1" 200 409
180.174.56.115 - - [25/Oct/2020:09:23:37 +0800] "GET /xingrg/check_reg.html?_=1603588985080 HTTP/1.1" 200 22
172.17.0.185 - - [25/Oct/2020:09:23:39 +0800] "GET /xingrg/all/function/internal_message.html?_=1603589014651&CODE_STATE=getMsg HTTP/1.1" 200 27
180.174.56.115 - - [25/Oct/2020:09:23:39 +0800] "GET /xingrg/kc/buy/cgsh_order_operate.html?command=get_materiel&rest_code=00150&code=00101008098&supplier_code=00100007&order_time=2020-10-25 HTTP/1.1" 200 412
172.17.200.101 - - [25/Oct/2020:09:23:40 +0800] "GET /xingrg/all/function/internal_message.html?_=1603589016265&CODE_STATE=getMsg HTTP/1.1" 200 27
180.174.56.115 - - [25/Oct/2020:09:23:41 +0800] "POST /xingrg/kc/buy/cgsh_order_operate.html HTTP/1.1" 200 2065
114.88.166.242 - - [25/Oct/2020:09:23:44 +0800] "GET /xingrg/all/function/internal_message.html?_=1603589013473&CODE_STATE=getMsg HTTP/1.1" 200 27
114.84.37.38 - - [25/Oct/2020:09:23:47 +0800] "POST /xingrg/kc/buy/cgsh_order_operate.html HTTP/1.1" 200 37
114.84.37.38 - - [25/Oct/2020:09:23:49 +0800] "POST /xingrg/kc/buy/cgsh_order_operate.html HTTP/1.1" 200 3245
114.84.37.38 - - [25/Oct/2020:09:23:50 +0800] "GET /xingrg/kc/print/load_data.html?order_code=212020102510244&kc_code=cgsh&condition= HTTP/1.1" 200 976
180.174.56.115 - - [25/Oct/2020:09:23:53 +0800] "GET /xingrg/all/function/internal_message.html?_=1603589000694&CODE_STATE=getMsg HTTP/1.1" 200 27
180.174.56.115 - - [25/Oct/2020:09:23:53 +0800] "GET /xingrg/kc/buy/cgsh_order_operate.html?command=get_materiel&rest_code=00150&code=00101008271&supplier_code=00100007&order_time=2020-10-25 HTTP/1.1" 200 408
114.88.166.242 - - [25/Oct/2020:09:23:56 +0800] "GET /xingrg/all/function/internal_message.html?_=1603589126316&CODE_STATE=getMsg HTTP/1.1" 200 27
114.88.166.242 - - [25/Oct/2020:09:23:56 +0800] "GET /xingrg/check_reg.html?_=1603589126409 HTTP/1.1" 200 22
114.84.145.85 - - [25/Oct/2020:09:24:00 +0800] "GET /xingrg/check_reg.html?_=1603588642387 HTTP/1.1" 200 22
114.84.145.85 - - [25/Oct/2020:09:24:00 +0800] "GET /xingrg/all/function/internal_message.html?_=1603588642434&CODE_STATE=getMsg HTTP/1.1" 200 27
114.84.37.38 - - [25/Oct/2020:09:24:00 +0800] "GET /xingrg/kc/buy/cgsh_order_add.html HTTP/1.1" 200 60132
180.174.56.115 - - [25/Oct/2020:09:24:01 +0800] "GET /xingrg/kc/buy/cgsh_order_operate.html?command=get_materiel&rest_code=00150&code=00101008353&supplier_code=00100007&order_time=2020-10-25 HTTP/1.1" 200 408
172.17.0.101 - - [25/Oct/2020:09:24:01 +0800] "GET /xingrg/all/function/internal_message.html?_=1603589037091&CODE_STATE=getMsg HTTP/1.1" 200 27
114.84.37.38 - - [25/Oct/2020:09:24:01 +0800] "POST /xingrg/kc/buy/cgsh_order_operate.html HTTP/1.1" 200 8245
114.84.37.38 - - [25/Oct/2020:09:24:01 +0800] "GET /xingrg/javascript/easyui/themes/default/validatebox.css HTTP/1.1" 404 1104
180.162.245.190 - - [25/Oct/2020:09:24:02 +0800] "GET /xingrg/all/function/internal_message.html?_=1603589038602&CODE_STATE=getMsg HTTP/1.1" 200 27
114.84.145.85 - - [25/Oct/2020:09:24:04 +0800] "GET /xingrg/all/function/internal_message.html?_=1603589041317&CODE_STATE=getMsg HTTP/1.1" 200 27
180.161.96.95 - - [25/Oct/2020:09:24:07 +0800] "GET /xingrg/check_reg.html?_=1603589043123 HTTP/1.1" 200 22
180.161.96.95 - - [25/Oct/2020:09:24:07 +0800] "GET /xingrg/all/function/internal_message.html?_=1603589043290&CODE_STATE=getMsg HTTP/1.1" 200 27
172.17.0.123 - - [25/Oct/2020:09:24:07 +0800] "GET /xingrg/all/function/internal_message.html?_=1603589007338&CODE_STATE=getMsg HTTP/1.1" 200 27
180.174.56.115 - - [25/Oct/2020:09:24:07 +0800] "GET /xingrg/kc/buy/cgsh_order_operate.html?command=get_materiel&rest_code=00150&code=00101008359&supplier_code=00100007&order_time=2020-10-25 HTTP/1.1" 200 408
222.69.132.165 - - [25/Oct/2020:09:24:08 +0800] "GET /xingrg/kc/buy/cgsh_order_operate.html?command=get_materiel&rest_code=00149&code=00101009007&supplier_code=00100201&order_time=2020-10-25 HTTP/1.1" 200 408
114.84.37.38 - - [25/Oct/2020:09:24:10 +0800] "GET /xingrg/kc/buy/cgsh_order_operate.html?command=get_materiel&rest_code=00146&code=00101006109&supplier_code=00100012&order_time=2020-10-25 HTTP/1.1" 200 409
114.84.37.38 - - [25/Oct/2020:09:24:11 +0800] "GET /xingrg/all/function/internal_message.html?_=1603589064941&CODE_STATE=getMsg HTTP/1.1" 200 27
222.69.132.165 - - [25/Oct/2020:09:24:11 +0800] "GET /xingrg/check_reg.html?_=1603589047144 HTTP/1.1" 200 22
222.69.132.165 - - [25/Oct/2020:09:24:11 +0800] "GET /xingrg/all/function/internal_message.html?_=1603589047140&CODE_STATE=getMsg HTTP/1.1" 200 27
114.84.37.38 - - [25/Oct/2020:09:24:24 +0800] "GET /xingrg/kc/buy/cgsh_order_operate.html?command=get_materiel&rest_code=00146&code=00101006177&supplier_code=00100012&order_time=2020-10-25 HTTP/1.1" 200 409
58.221.95.50 - - [25/Oct/2020:09:24:25 +0800] "GET /xingrg/all/function/internal_message.html?_=1603589240355&CODE_STATE=getMsg HTTP/1.1" 200 27
180.174.56.115 - - [25/Oct/2020:09:24:29 +0800] "GET /xingrg/all/function/internal_message.html?_=1603589064621&CODE_STATE=getMsg HTTP/1.1" 200 27
114.84.37.38 - - [25/Oct/2020:09:24:32 +0800] "GET /xingrg/kc/buy/cgsh_order_operate.html?command=get_materiel&rest_code=00146&code=00101006175&supplier_code=00100012&order_time=2020-10-25 HTTP/1.1" 200 415
222.69.132.165 - - [25/Oct/2020:09:24:36 +0800] "GET /xingrg/kc/buy/cgsh_order_operate.html?command=get_materiel&rest_code=00149&code=00101009013&supplier_code=00100201&order_time=2020-10-25 HTTP/1.1" 200 420
180.174.56.115 - - [25/Oct/2020:09:24:38 +0800] "GET /xingrg/kc/buy/cgsh_order_operate.html?command=get_materiel&rest_code=00150&code=00101008213&supplier_code=00100007&order_time=2020-10-25 HTTP/1.1" 200 432
172.17.200.101 - - [25/Oct/2020:09:24:39 +0800] "GET /xingrg/check_reg.html?_=1603589075283 HTTP/1.1" 200 22
172.17.0.185 - - [25/Oct/2020:09:24:39 +0800] "GET /xingrg/all/function/internal_message.html?_=1603589074657&CODE_STATE=getMsg HTTP/1.1" 200 27
172.17.0.185 - - [25/Oct/2020:09:24:39 +0800] "GET /xingrg/check_reg.html?_=1603589074662 HTTP/1.1" 200 22
172.17.200.101 - - [25/Oct/2020:09:24:40 +0800] "GET /xingrg/all/function/internal_message.html?_=1603589076239&CODE_STATE=getMsg HTTP/1.1" 200 27
114.84.37.38 - - [25/Oct/2020:09:24:41 +0800] "GET /xingrg/kc/buy/cgsh_order_operate.html?command=get_materiel&rest_code=00146&code=00101006038&supplier_code=00100012&order_time=2020-10-25 HTTP/1.1" 200 442
114.88.166.242 - - [25/Oct/2020:09:24:44 +0800] "GET /xingrg/all/function/internal_message.html?_=1603589073491&CODE_STATE=getMsg HTTP/1.1" 200 27
114.84.37.38 - - [25/Oct/2020:09:24:52 +0800] "GET /xingrg/kc/buy/cgsh_order_operate.html?command=get_materiel&rest_code=00146&code=00101006111&supplier_code=00100012&order_time=2020-10-25 HTTP/1.1" 200 409
180.174.56.115 - - [25/Oct/2020:09:24:53 +0800] "GET /xingrg/all/function/internal_message.html?_=1603589060707&CODE_STATE=getMsg HTTP/1.1" 200 27
114.88.166.242 - - [25/Oct/2020:09:24:56 +0800] "GET /xingrg/all/function/internal_message.html?_=1603589186317&CODE_STATE=getMsg HTTP/1.1" 200 27
114.84.145.85 - - [25/Oct/2020:09:25:00 +0800] "GET /xingrg/all/function/internal_message.html?_=1603588702433&CODE_STATE=getMsg HTTP/1.1" 200 27
172.17.0.101 - - [25/Oct/2020:09:25:01 +0800] "GET /xingrg/check_reg.html?_=1603589096982 HTTP/1.1" 200 22
172.17.0.101 - - [25/Oct/2020:09:25:01 +0800] "GET /xingrg/all/function/internal_message.html?_=1603589097061&CODE_STATE=getMsg HTTP/1.1" 200 27
180.162.245.190 - - [25/Oct/2020:09:25:02 +0800] "GET /xingrg/all/function/internal_message.html?_=1603589098601&CODE_STATE=getMsg HTTP/1.1" 200 27
180.162.245.190 - - [25/Oct/2020:09:25:02 +0800] "GET /xingrg/check_reg.html?_=1603589098605 HTTP/1.1" 200 22
114.84.37.38 - - [25/Oct/2020:09:25:03 +0800] "GET /xingrg/kc/buy/cgsh_order_operate.html?command=get_materiel&rest_code=00146&code=00101006006&supplier_code=00100012&order_time=2020-10-25 HTTP/1.1" 200 409
114.84.145.85 - - [25/Oct/2020:09:25:04 +0800] "GET /xingrg/all/function/internal_message.html?_=1603589101287&CODE_STATE=getMsg HTTP/1.1" 200 27
180.161.96.95 - - [25/Oct/2020:09:25:07 +0800] "GET /xingrg/all/function/internal_message.html?_=1603589103312&CODE_STATE=getMsg HTTP/1.1" 200 27
172.17.0.123 - - [25/Oct/2020:09:25:07 +0800] "GET /xingrg/all/function/internal_message.html?_=1603589067338&CODE_STATE=getMsg HTTP/1.1" 200 27
172.17.0.123 - - [25/Oct/2020:09:25:07 +0800] "GET /xingrg/check_reg.html?_=1603589067342 HTTP/1.1" 200 22
180.174.56.115 - - [25/Oct/2020:09:25:07 +0800] "GET /xingrg/kc/buy/cgsh_order_operate.html?command=get_materiel&rest_code=00150&code=00101008110&supplier_code=00100007&order_time=2020-10-25 HTTP/1.1" 200 427
180.174.56.115 - - [25/Oct/2020:09:25:08 +0800] "POST /xingrg/kc/buy/cgsh_order_operate.html HTTP/1.1" 200 2065
114.84.37.38 - - [25/Oct/2020:09:25:11 +0800] "GET /xingrg/all/function/internal_message.html?_=1603589124953&CODE_STATE=getMsg HTTP/1.1" 200 27
222.69.132.165 - - [25/Oct/2020:09:25:11 +0800] "GET /xingrg/all/function/internal_message.html?_=1603589107128&CODE_STATE=getMsg HTTP/1.1" 200 27
120.253.135.82 - - [25/Oct/2020:09:25:14 +0800] "GET /xingrg/check_reg.html?_=1603588855061 HTTP/1.1" 200 22
180.174.56.115 - - [25/Oct/2020:09:25:19 +0800] "GET /xingrg/kc/buy/cgsh_order_operate.html?command=get_materiel&rest_code=00150&code=00101008229&supplier_code=00100007&order_time=2020-10-25 HTTP/1.1" 200 439
222.69.132.165 - - [25/Oct/2020:09:25:24 +0800] "POST /xingrg/kc/buy/cgsh_order_operate.html HTTP/1.1" 200 37
114.84.37.38 - - [25/Oct/2020:09:25:24 +0800] "POST /xingrg/kc/buy/cgsh_order_operate.html HTTP/1.1" 200 88
58.221.95.50 - - [25/Oct/2020:09:25:25 +0800] "GET /xingrg/all/function/internal_message.html?_=1603589300355&CODE_STATE=getMsg HTTP/1.1" 200 27
222.69.132.165 - - [25/Oct/2020:09:25:29 +0800] "POST /xingrg/kc/buy/cgsh_order_operate.html HTTP/1.1" 200 12
180.174.56.115 - - [25/Oct/2020:09:25:29 +0800] "GET /xingrg/all/function/internal_message.html?_=1603589124623&CODE_STATE=getMsg HTTP/1.1" 200 27
222.69.132.165 - - [25/Oct/2020:09:25:30 +0800] "GET /xingrg/kc/buy/cgsh_order_info.html?code=212020102510245 HTTP/1.1" 200 55082
222.69.132.165 - - [25/Oct/2020:09:25:31 +0800] "GET /xingrg/words/20201025090814_words.js HTTP/1.1" 304 -
222.69.132.165 - - [25/Oct/2020:09:25:31 +0800] "GET /xingrg/javascript/easyui/themes/default/validatebox.css HTTP/1.1" 404 1104
114.84.37.38 - - [25/Oct/2020:09:25:32 +0800] "POST /xingrg/kc/buy/cgsh_order_operate.html HTTP/1.1" 200 37
222.69.132.165 - - [25/Oct/2020:09:25:32 +0800] "POST /xingrg/kc/buy/cgsh_order_operate.html HTTP/1.1" 200 5346
180.174.56.115 - - [25/Oct/2020:09:25:34 +0800] "GET /xingrg/kc/buy/cgsh_order_operate.html?command=get_materiel&rest_code=00150&code=00101008221&supplier_code=00100007&order_time=2020-10-25 HTTP/1.1" 200 412
114.84.37.38 - - [25/Oct/2020:09:25:34 +0800] "POST /xingrg/kc/buy/cgsh_order_operate.html HTTP/1.1" 200 5615
222.69.132.165 - - [25/Oct/2020:09:25:34 +0800] "GET /xingrg/kc/print/load_data.html?order_code=212020102510245&kc_code=cgsh&condition= HTTP/1.1" 200 2518
114.84.37.38 - - [25/Oct/2020:09:25:36 +0800] "GET /xingrg/kc/print/load_data.html?order_code=212020102510247&kc_code=cgsh&condition= HTTP/1.1" 200 1898
222.69.132.165 - - [25/Oct/2020:09:25:39 +0800] "GET /xingrg/kc/buy/cgsh_order_add.html HTTP/1.1" 200 60179
222.69.132.165 - - [25/Oct/2020:09:25:39 +0800] "GET /xingrg/javascript/easyui/themes/default/validatebox.css HTTP/1.1" 404 1104
222.69.132.165 - - [25/Oct/2020:09:25:39 +0800] "POST /xingrg/kc/buy/cgsh_order_operate.html HTTP/1.1" 200 8245
172.17.0.185 - - [25/Oct/2020:09:25:39 +0800] "GET /xingrg/all/function/internal_message.html?_=1603589134647&CODE_STATE=getMsg HTTP/1.1" 200 27
172.17.200.101 - - [25/Oct/2020:09:25:40 +0800] "GET /xingrg/all/function/internal_message.html?_=1603589136226&CODE_STATE=getMsg HTTP/1.1" 200 27
114.88.166.242 - - [25/Oct/2020:09:25:44 +0800] "GET /xingrg/all/function/internal_message.html?_=1603589133500&CODE_STATE=getMsg HTTP/1.1" 200 27
180.174.56.115 - - [25/Oct/2020:09:25:49 +0800] "GET /xingrg/kc/buy/cgsh_order_operate.html?command=get_materiel&rest_code=00150&code=00101008247&supplier_code=00100007&order_time=2020-10-25 HTTP/1.1" 200 412
180.174.56.115 - - [25/Oct/2020:09:25:53 +0800] "GET /xingrg/all/function/internal_message.html?_=1603589120737&CODE_STATE=getMsg HTTP/1.1" 200 27
222.69.132.165 - - [25/Oct/2020:09:25:54 +0800] "GET /xingrg/kc/buy/cgsh_order_operate.html?command=get_materiel&rest_code=00149&code=00101011003&supplier_code=00100051&order_time=2020-10-25 HTTP/1.1" 200 413
180.174.56.115 - - [25/Oct/2020:09:25:56 +0800] "GET /xingrg/kc/buy/cgsh_order_operate.html?command=get_materiel&rest_code=00150&code=00101020139&supplier_code=00100007&order_time=2020-10-25 HTTP/1.1" 200 453
114.88.166.242 - - [25/Oct/2020:09:25:56 +0800] "GET /xingrg/all/function/internal_message.html?_=1603589246317&CODE_STATE=getMsg HTTP/1.1" 200 27
114.84.145.85 - - [25/Oct/2020:09:26:00 +0800] "GET /xingrg/all/function/internal_message.html?_=1603588762432&CODE_STATE=getMsg HTTP/1.1" 200 27
172.17.0.101 - - [25/Oct/2020:09:26:01 +0800] "GET /xingrg/all/function/internal_message.html?_=1603589157042&CODE_STATE=getMsg HTTP/1.1" 200 27
180.162.245.190 - - [25/Oct/2020:09:26:02 +0800] "GET /xingrg/all/function/internal_message.html?_=1603589158604&CODE_STATE=getMsg HTTP/1.1" 200 27
222.69.132.165 - - [25/Oct/2020:09:26:02 +0800] "GET /xingrg/kc/buy/cgsh_order_operate.html?command=get_materiel&rest_code=00149&code=00101011005&supplier_code=00100051&order_time=2020-10-25 HTTP/1.1" 200 428
180.174.56.115 - - [25/Oct/2020:09:26:04 +0800] "GET /xingrg/kc/buy/cgsh_order_operate.html?command=get_materiel&rest_code=00150&code=00101008265&supplier_code=00100007&order_time=2020-10-25 HTTP/1.1" 200 409
114.84.145.85 - - [25/Oct/2020:09:26:04 +0800] "GET /xingrg/all/function/internal_message.html?_=1603589161274&CODE_STATE=getMsg HTTP/1.1" 200 27
180.174.56.115 - - [25/Oct/2020:09:26:05 +0800] "POST /xingrg/kc/buy/cgsh_order_operate.html HTTP/1.1" 200 2065
180.161.96.95 - - [25/Oct/2020:09:26:07 +0800] "GET /xingrg/all/function/internal_message.html?_=1603589163317&CODE_STATE=getMsg HTTP/1.1" 200 27
172.17.0.123 - - [25/Oct/2020:09:26:07 +0800] "GET /xingrg/all/function/internal_message.html?_=1603589127342&CODE_STATE=getMsg HTTP/1.1" 200 27
222.69.132.165 - - [25/Oct/2020:09:26:11 +0800] "GET /xingrg/all/function/internal_message.html?_=1603589167139&CODE_STATE=getMsg HTTP/1.1" 200 27
114.84.37.38 - - [25/Oct/2020:09:26:11 +0800] "GET /xingrg/all/function/internal_message.html?_=1603589185112&CODE_STATE=getMsg HTTP/1.1" 200 27
180.174.56.115 - - [25/Oct/2020:09:26:11 +0800] "GET /xingrg/kc/buy/cgsh_order_operate.html?command=get_materiel&rest_code=00150&code=00101008251&supplier_code=00100007&order_time=2020-10-25 HTTP/1.1" 200 408
222.69.132.165 - - [25/Oct/2020:09:26:17 +0800] "POST /xingrg/kc/buy/cgsh_order_operate.html HTTP/1.1" 200 37
101.91.62.65 - - [25/Oct/2020:09:26:19 +0800] "GET /xingrg/all/function/internal_message.html?_=1603588381604&CODE_STATE=getMsg HTTP/1.1" 302 -
222.69.132.165 - - [25/Oct/2020:09:26:21 +0800] "POST /xingrg/kc/buy/cgsh_order_operate.html HTTP/1.1" 200 12
222.69.132.165 - - [25/Oct/2020:09:26:22 +0800] "GET /xingrg/kc/buy/cgsh_order_info.html?code=212020102510248 HTTP/1.1" 200 55082
180.174.56.115 - - [25/Oct/2020:09:26:23 +0800] "GET /xingrg/kc/buy/cgsh_order_operate.html?command=get_materiel&rest_code=00150&code=00101013021&supplier_code=00100007&order_time=2020-10-25 HTTP/1.1" 200 412
222.69.132.165 - - [25/Oct/2020:09:26:23 +0800] "GET /xingrg/javascript/easyui/themes/default/validatebox.css HTTP/1.1" 404 1104
222.69.132.165 - - [25/Oct/2020:09:26:23 +0800] "POST /xingrg/kc/buy/cgsh_order_operate.html HTTP/1.1" 200 1197
58.221.95.50 - - [25/Oct/2020:09:26:25 +0800] "GET /xingrg/all/function/internal_message.html?_=1603589360357&CODE_STATE=getMsg HTTP/1.1" 200 27
58.221.95.50 - - [25/Oct/2020:09:26:25 +0800] "GET /xingrg/check_reg.html?_=1603589360360 HTTP/1.1" 200 22
222.69.132.165 - - [25/Oct/2020:09:26:25 +0800] "GET /xingrg/kc/print/load_data.html?order_code=212020102510248&kc_code=cgsh&condition= HTTP/1.1" 200 948
101.91.62.65 - - [25/Oct/2020:09:26:26 +0800] "GET /xingrg/login.html HTTP/1.1" 200 7641
180.174.56.115 - - [25/Oct/2020:09:26:30 +0800] "GET /xingrg/all/function/internal_message.html?_=1603589184680&CODE_STATE=getMsg HTTP/1.1" 200 27
172.17.0.185 - - [25/Oct/2020:09:26:39 +0800] "GET /xingrg/all/function/internal_message.html?_=1603589194652&CODE_STATE=getMsg HTTP/1.1" 200 27
172.17.200.101 - - [25/Oct/2020:09:26:40 +0800] "GET /xingrg/all/function/internal_message.html?_=1603589196210&CODE_STATE=getMsg HTTP/1.1" 200 27
114.88.166.242 - - [25/Oct/2020:09:26:44 +0800] "GET /xingrg/all/function/internal_message.html?_=1603589193517&CODE_STATE=getMsg HTTP/1.1" 200 27
114.84.37.38 - - [25/Oct/2020:09:26:44 +0800] "GET /xingrg/check_reg.html?_=1603589222793 HTTP/1.1" 200 22
180.174.56.115 - - [25/Oct/2020:09:26:53 +0800] "GET /xingrg/all/function/internal_message.html?_=1603589180751&CODE_STATE=getMsg HTTP/1.1" 200 27
114.88.166.242 - - [25/Oct/2020:09:26:56 +0800] "GET /xingrg/all/function/internal_message.html?_=1603589306316&CODE_STATE=getMsg HTTP/1.1" 200 27
114.84.145.85 - - [25/Oct/2020:09:27:00 +0800] "GET /xingrg/all/function/internal_message.html?_=1603588822458&CODE_STATE=getMsg HTTP/1.1" 200 27
172.17.0.101 - - [25/Oct/2020:09:27:01 +0800] "GET /xingrg/all/function/internal_message.html?_=1603589217025&CODE_STATE=getMsg HTTP/1.1" 200 27
180.162.245.190 - - [25/Oct/2020:09:27:02 +0800] "GET /xingrg/all/function/internal_message.html?_=1603589218604&CODE_STATE=getMsg HTTP/1.1" 200 27
114.84.145.85 - - [25/Oct/2020:09:27:04 +0800] "GET /xingrg/all/function/internal_message.html?_=1603589221233&CODE_STATE=getMsg HTTP/1.1" 200 27
180.161.96.95 - - [25/Oct/2020:09:27:07 +0800] "GET /xingrg/all/function/internal_message.html?_=1603589223337&CODE_STATE=getMsg HTTP/1.1" 200 27
172.17.0.123 - - [25/Oct/2020:09:27:07 +0800] "GET /xingrg/all/function/internal_message.html?_=1603589187346&CODE_STATE=getMsg HTTP/1.1" 200 27
114.84.37.38 - - [25/Oct/2020:09:27:10 +0800] "GET /xingrg/check_reg.html?_=1603589244454 HTTP/1.1" 200 22
222.69.132.165 - - [25/Oct/2020:09:27:11 +0800] "GET /xingrg/all/function/internal_message.html?_=1603589227141&CODE_STATE=getMsg HTTP/1.1" 200 27
114.84.37.38 - - [25/Oct/2020:09:27:11 +0800] "GET /xingrg/all/function/internal_message.html?_=1603589245122&CODE_STATE=getMsg HTTP/1.1" 200 27
58.221.95.50 - - [25/Oct/2020:09:27:25 +0800] "GET /xingrg/all/function/internal_message.html?_=1603589420345&CODE_STATE=getMsg HTTP/1.1" 200 27
114.84.145.85 - - [25/Oct/2020:09:27:28 +0800] "GET /xingrg/check_reg.html?_=1603589245272 HTTP/1.1" 200 22
180.174.56.115 - - [25/Oct/2020:09:27:30 +0800] "GET /xingrg/all/function/internal_message.html?_=1603589244660&CODE_STATE=getMsg HTTP/1.1" 200 27
114.88.166.242 - - [25/Oct/2020:09:27:37 +0800] "GET /xingrg/check_reg.html?_=1603589246433 HTTP/1.1" 200 22
172.17.0.185 - - [25/Oct/2020:09:27:39 +0800] "GET /xingrg/all/function/internal_message.html?_=1603589254658&CODE_STATE=getMsg HTTP/1.1" 200 27
172.17.200.101 - - [25/Oct/2020:09:27:40 +0800] "GET /xingrg/all/function/internal_message.html?_=1603589256190&CODE_STATE=getMsg HTTP/1.1" 200 27
114.88.166.242 - - [25/Oct/2020:09:27:44 +0800] "GET /xingrg/all/function/internal_message.html?_=1603589253528&CODE_STATE=getMsg HTTP/1.1" 200 27
180.174.56.115 - - [25/Oct/2020:09:27:53 +0800] "GET /xingrg/all/function/internal_message.html?_=1603589240780&CODE_STATE=getMsg HTTP/1.1" 200 27
114.88.166.242 - - [25/Oct/2020:09:27:56 +0800] "GET /xingrg/all/function/internal_message.html?_=1603589366316&CODE_STATE=getMsg HTTP/1.1" 200 27
114.84.145.85 - - [25/Oct/2020:09:28:00 +0800] "GET /xingrg/all/function/internal_message.html?_=1603588882456&CODE_STATE=getMsg HTTP/1.1" 200 27
172.17.0.101 - - [25/Oct/2020:09:28:01 +0800] "GET /xingrg/all/function/internal_message.html?_=1603589276995&CODE_STATE=getMsg HTTP/1.1" 200 27
180.162.245.190 - - [25/Oct/2020:09:28:02 +0800] "GET /xingrg/all/function/internal_message.html?_=1603589278603&CODE_STATE=getMsg HTTP/1.1" 200 27
114.84.145.85 - - [25/Oct/2020:09:28:04 +0800] "GET /xingrg/all/function/internal_message.html?_=1603589281207&CODE_STATE=getMsg HTTP/1.1" 200 27
180.161.96.95 - - [25/Oct/2020:09:28:07 +0800] "GET /xingrg/all/function/internal_message.html?_=1603589283344&CODE_STATE=getMsg HTTP/1.1" 200 27
172.17.0.123 - - [25/Oct/2020:09:28:07 +0800] "GET /xingrg/all/function/internal_message.html?_=1603589247348&CODE_STATE=getMsg HTTP/1.1" 200 27
222.69.132.165 - - [25/Oct/2020:09:28:11 +0800] "GET /xingrg/all/function/internal_message.html?_=1603589287141&CODE_STATE=getMsg HTTP/1.1" 200 27
114.84.37.38 - - [25/Oct/2020:09:28:11 +0800] "GET /xingrg/all/function/internal_message.html?_=1603589305134&CODE_STATE=getMsg HTTP/1.1" 200 27
58.221.95.50 - - [25/Oct/2020:09:28:25 +0800] "GET /xingrg/all/function/internal_message.html?_=1603589480345&CODE_STATE=getMsg HTTP/1.1" 200 27
180.174.56.115 - - [25/Oct/2020:09:28:29 +0800] "GET /xingrg/check_reg.html?_=1603589304649 HTTP/1.1" 200 22
180.174.56.115 - - [25/Oct/2020:09:28:29 +0800] "GET /xingrg/all/function/internal_message.html?_=1603589304650&CODE_STATE=getMsg HTTP/1.1" 200 27
180.174.56.115 - - [25/Oct/2020:09:28:37 +0800] "GET /xingrg/check_reg.html?_=1603589285085 HTTP/1.1" 200 22
172.17.0.185 - - [25/Oct/2020:09:28:39 +0800] "GET /xingrg/all/function/internal_message.html?_=1603589314644&CODE_STATE=getMsg HTTP/1.1" 200 27
172.17.200.101 - - [25/Oct/2020:09:28:40 +0800] "GET /xingrg/all/function/internal_message.html?_=1603589316175&CODE_STATE=getMsg HTTP/1.1" 200 27
114.88.166.242 - - [25/Oct/2020:09:28:44 +0800] "GET /xingrg/all/function/internal_message.html?_=1603589313542&CODE_STATE=getMsg HTTP/1.1" 200 27
180.174.56.115 - - [25/Oct/2020:09:28:53 +0800] "GET /xingrg/all/function/internal_message.html?_=1603589300793&CODE_STATE=getMsg HTTP/1.1" 200 27
114.88.166.242 - - [25/Oct/2020:09:28:56 +0800] "GET /xingrg/all/function/internal_message.html?_=1603589426315&CODE_STATE=getMsg HTTP/1.1" 200 27
114.88.166.242 - - [25/Oct/2020:09:28:56 +0800] "GET /xingrg/check_reg.html?_=1603589426380 HTTP/1.1" 200 22
114.84.145.85 - - [25/Oct/2020:09:29:00 +0800] "GET /xingrg/check_reg.html?_=1603588942424 HTTP/1.1" 200 22
114.84.145.85 - - [25/Oct/2020:09:29:00 +0800] "GET /xingrg/all/function/internal_message.html?_=1603588942456&CODE_STATE=getMsg HTTP/1.1" 200 27
172.17.0.101 - - [25/Oct/2020:09:29:01 +0800] "GET /xingrg/all/function/internal_message.html?_=1603589337007&CODE_STATE=getMsg HTTP/1.1" 200 27
180.162.245.190 - - [25/Oct/2020:09:29:02 +0800] "GET /xingrg/all/function/internal_message.html?_=1603589338602&CODE_STATE=getMsg HTTP/1.1" 200 27
114.84.145.85 - - [25/Oct/2020:09:29:04 +0800] "GET /xingrg/all/function/internal_message.html?_=1603589341181&CODE_STATE=getMsg HTTP/1.1" 200 27
180.174.56.115 - - [25/Oct/2020:09:29:05 +0800] "GET /xingrg/kc/buy/cgsh_order_operate.html?command=get_materiel&rest_code=00150&code=00101008337&supplier_code=00100007&order_time=2020-10-25 HTTP/1.1" 200 408
180.161.96.95 - - [25/Oct/2020:09:29:07 +0800] "GET /xingrg/check_reg.html?_=1603589343136 HTTP/1.1" 200 22
180.161.96.95 - - [25/Oct/2020:09:29:07 +0800] "GET /xingrg/all/function/internal_message.html?_=1603589343358&CODE_STATE=getMsg HTTP/1.1" 200 27
172.17.0.123 - - [25/Oct/2020:09:29:07 +0800] "GET /xingrg/all/function/internal_message.html?_=1603589307336&CODE_STATE=getMsg HTTP/1.1" 200 27
222.69.132.165 - - [25/Oct/2020:09:29:11 +0800] "GET /xingrg/all/function/internal_message.html?_=1603589347141&CODE_STATE=getMsg HTTP/1.1" 200 27
222.69.132.165 - - [25/Oct/2020:09:29:11 +0800] "GET /xingrg/check_reg.html?_=1603589347144 HTTP/1.1" 200 22
114.84.37.38 - - [25/Oct/2020:09:29:11 +0800] "GET /xingrg/all/function/internal_message.html?_=1603589365148&CODE_STATE=getMsg HTTP/1.1" 200 27
180.174.56.115 - - [25/Oct/2020:09:29:13 +0800] "GET /xingrg/kc/buy/cgsh_order_operate.html?command=get_materiel&rest_code=00150&code=00101008331&supplier_code=00100007&order_time=2020-10-25 HTTP/1.1" 200 435
114.88.166.242 - - [25/Oct/2020:09:29:23 +0800] "POST /xingrg/services/DataTransmitService HTTP/1.1" 200 524
58.221.95.50 - - [25/Oct/2020:09:29:25 +0800] "GET /xingrg/all/function/internal_message.html?_=1603589540346&CODE_STATE=getMsg HTTP/1.1" 200 27
180.174.56.115 - - [25/Oct/2020:09:29:34 +0800] "POST /xingrg/kc/buy/cgsh_order_operate.html HTTP/1.1" 200 37
180.174.56.115 - - [25/Oct/2020:09:29:38 +0800] "POST /xingrg/kc/buy/cgsh_order_operate.html HTTP/1.1" 200 23382
172.17.200.101 - - [25/Oct/2020:09:29:39 +0800] "GET /xingrg/check_reg.html?_=1603589375291 HTTP/1.1" 200 22
172.17.0.185 - - [25/Oct/2020:09:29:39 +0800] "GET /xingrg/all/function/internal_message.html?_=1603589374650&CODE_STATE=getMsg HTTP/1.1" 200 27
172.17.0.185 - - [25/Oct/2020:09:29:39 +0800] "GET /xingrg/check_reg.html?_=1603589374654 HTTP/1.1" 200 22
172.17.200.101 - - [25/Oct/2020:09:29:40 +0800] "GET /xingrg/all/function/internal_message.html?_=1603589376147&CODE_STATE=getMsg HTTP/1.1" 200 27
114.88.166.242 - - [25/Oct/2020:09:29:44 +0800] "GET /xingrg/all/function/internal_message.html?_=1603589373558&CODE_STATE=getMsg HTTP/1.1" 200 27
180.174.56.115 - - [25/Oct/2020:09:29:53 +0800] "GET /xingrg/all/function/internal_message.html?_=1603589360806&CODE_STATE=getMsg HTTP/1.1" 200 27
114.88.166.242 - - [25/Oct/2020:09:29:56 +0800] "GET /xingrg/all/function/internal_message.html?_=1603589486316&CODE_STATE=getMsg HTTP/1.1" 200 27
114.84.145.85 - - [25/Oct/2020:09:30:00 +0800] "GET /xingrg/all/function/internal_message.html?_=1603589002454&CODE_STATE=getMsg HTTP/1.1" 200 27
172.17.0.101 - - [25/Oct/2020:09:30:01 +0800] "GET /xingrg/check_reg.html?_=1603589397009 HTTP/1.1" 200 22
172.17.0.101 - - [25/Oct/2020:09:30:01 +0800] "GET /xingrg/all/function/internal_message.html?_=1603589397006&CODE_STATE=getMsg HTTP/1.1" 200 27
180.162.245.190 - - [25/Oct/2020:09:30:02 +0800] "GET /xingrg/all/function/internal_message.html?_=1603589398616&CODE_STATE=getMsg HTTP/1.1" 200 27
180.162.245.190 - - [25/Oct/2020:09:30:02 +0800] "GET /xingrg/check_reg.html?_=1603589398619 HTTP/1.1" 200 22
114.84.145.85 - - [25/Oct/2020:09:30:04 +0800] "GET /xingrg/all/function/internal_message.html?_=1603589401178&CODE_STATE=getMsg HTTP/1.1" 200 27
180.161.96.95 - - [25/Oct/2020:09:30:07 +0800] "GET /xingrg/all/function/internal_message.html?_=1603589403370&CODE_STATE=getMsg HTTP/1.1" 200 27
172.17.0.123 - - [25/Oct/2020:09:30:07 +0800] "GET /xingrg/all/function/internal_message.html?_=1603589367338&CODE_STATE=getMsg HTTP/1.1" 200 27
172.17.0.123 - - [25/Oct/2020:09:30:07 +0800] "GET /xingrg/check_reg.html?_=1603589367340 HTTP/1.1" 200 22
222.69.132.165 - - [25/Oct/2020:09:30:11 +0800] "GET /xingrg/all/function/internal_message.html?_=1603589407141&CODE_STATE=getMsg HTTP/1.1" 200 27
114.84.37.38 - - [25/Oct/2020:09:30:11 +0800] "GET /xingrg/all/function/internal_message.html?_=1603589425335&CODE_STATE=getMsg HTTP/1.1" 200 27
120.253.135.82 - - [25/Oct/2020:09:30:14 +0800] "GET /xingrg/check_reg.html?_=1603589155065 HTTP/1.1" 200 22
58.221.95.50 - - [25/Oct/2020:09:30:25 +0800] "GET /xingrg/all/function/internal_message.html?_=1603589600347&CODE_STATE=getMsg HTTP/1.1" 200 27
222.69.132.165 - - [25/Oct/2020:09:30:29 +0800] "POST /xingrg/services/DataTransmitService HTTP/1.1" 401 565
222.69.132.165 - - [25/Oct/2020:09:30:29 +0800] "POST /xingrg/services/DataTransmitService HTTP/1.1" 200 478
222.69.132.165 - - [25/Oct/2020:09:30:29 +0800] "POST /xingrg/services/DataTransmitService HTTP/1.1" 200 1320
222.69.132.165 - - [25/Oct/2020:09:30:29 +0800] "POST /xingrg/services/DataTransmitService HTTP/1.1" 200 478
222.69.132.165 - - [25/Oct/2020:09:30:29 +0800] "POST /xingrg/services/DataTransmitService HTTP/1.1" 200 1320
222.69.132.165 - - [25/Oct/2020:09:30:29 +0800] "POST /xingrg/services/DataTransmitService HTTP/1.1" 200 524
222.69.132.165 - - [25/Oct/2020:09:30:29 +0800] "POST /xingrg/services/DataTransmitService HTTP/1.1" 200 1759
222.69.132.165 - - [25/Oct/2020:09:30:29 +0800] "POST /xingrg/services/DataTransmitService HTTP/1.1" 200 45454
222.69.132.165 - - [25/Oct/2020:09:30:29 +0800] "POST /xingrg/services/DataTransmitService HTTP/1.1" 200 19237
180.174.56.115 - - [25/Oct/2020:09:30:30 +0800] "GET /xingrg/all/function/internal_message.html?_=1603589424670&CODE_STATE=getMsg HTTP/1.1" 200 27
172.17.0.185 - - [25/Oct/2020:09:30:39 +0800] "GET /xingrg/all/function/internal_message.html?_=1603589434657&CODE_STATE=getMsg HTTP/1.1" 200 27
172.17.200.101 - - [25/Oct/2020:09:30:40 +0800] "GET /xingrg/all/function/internal_message.html?_=1603589436133&CODE_STATE=getMsg HTTP/1.1" 200 27
114.88.166.242 - - [25/Oct/2020:09:30:44 +0800] "GET /xingrg/all/function/internal_message.html?_=1603589433568&CODE_STATE=getMsg HTTP/1.1" 200 27
114.88.166.242 - - [25/Oct/2020:09:30:46 +0800] "POST /xingrg/services/DataTransmitService HTTP/1.1" 200 524
114.88.166.242 - - [25/Oct/2020:09:30:46 +0800] "POST /xingrg/services/DataTransmitService HTTP/1.1" 200 497
180.174.56.115 - - [25/Oct/2020:09:30:53 +0800] "GET /xingrg/all/function/internal_message.html?_=1603589420836&CODE_STATE=getMsg HTTP/1.1" 200 27
114.88.166.242 - - [25/Oct/2020:09:30:56 +0800] "GET /xingrg/all/function/internal_message.html?_=1603589546314&CODE_STATE=getMsg HTTP/1.1" 200 27
222.69.132.165 - - [25/Oct/2020:09:30:58 +0800] "POST /xingrg/services/DataTransmitService HTTP/1.1" 200 524
222.69.132.165 - - [25/Oct/2020:09:30:59 +0800] "POST /xingrg/services/DataTransmitService HTTP/1.1" 200 501
114.84.145.85 - - [25/Oct/2020:09:31:00 +0800] "GET /xingrg/all/function/internal_message.html?_=1603589062468&CODE_STATE=getMsg HTTP/1.1" 200 27
172.17.0.101 - - [25/Oct/2020:09:31:01 +0800] "GET /xingrg/all/function/internal_message.html?_=1603589457007&CODE_STATE=getMsg HTTP/1.1" 200 27
180.162.245.190 - - [25/Oct/2020:09:31:02 +0800] "GET /xingrg/all/function/internal_message.html?_=1603589458602&CODE_STATE=getMsg HTTP/1.1" 200 27
114.84.145.85 - - [25/Oct/2020:09:31:04 +0800] "GET /xingrg/all/function/internal_message.html?_=1603589461152&CODE_STATE=getMsg HTTP/1.1" 200 27
222.69.132.165 - - [25/Oct/2020:09:31:06 +0800] "POST /xingrg/services/DataTransmitService HTTP/1.1" 200 524
180.161.96.95 - - [25/Oct/2020:09:31:07 +0800] "GET /xingrg/all/function/internal_message.html?_=1603589463385&CODE_STATE=getMsg HTTP/1.1" 200 27
172.17.0.123 - - [25/Oct/2020:09:31:07 +0800] "GET /xingrg/all/function/internal_message.html?_=1603589427340&CODE_STATE=getMsg HTTP/1.1" 200 27
222.69.132.165 - - [25/Oct/2020:09:31:11 +0800] "GET /xingrg/all/function/internal_message.html?_=1603589467141&CODE_STATE=getMsg HTTP/1.1" 200 27
114.84.37.38 - - [25/Oct/2020:09:31:11 +0800] "GET /xingrg/all/function/internal_message.html?_=1603589485348&CODE_STATE=getMsg HTTP/1.1" 200 27
58.221.95.50 - - [25/Oct/2020:09:31:25 +0800] "GET /xingrg/all/function/internal_message.html?_=1603589660350&CODE_STATE=getMsg HTTP/1.1" 200 27
58.221.95.50 - - [25/Oct/2020:09:31:25 +0800] "GET /xingrg/check_reg.html?_=1603589660351 HTTP/1.1" 200 22
120.253.135.82 - - [25/Oct/2020:09:31:25 +0800] "GET /xingrg/kc/info/info_main.html HTTP/1.1" 200 6010
120.253.135.82 - - [25/Oct/2020:09:31:25 +0800] "GET /xingrg/images/blue/cldwgl.gif HTTP/1.1" 200 2487
120.253.135.82 - - [25/Oct/2020:09:31:25 +0800] "GET /xingrg/images/blue/gyscljg.gif HTTP/1.1" 200 2081
120.253.135.82 - - [25/Oct/2020:09:31:25 +0800] "GET /xingrg/images/blue/ckxx.gif HTTP/1.1" 200 2041
120.253.135.82 - - [25/Oct/2020:09:31:25 +0800] "GET /xingrg/images/blue/gysxxgl.gif HTTP/1.1" 200 1945
120.253.135.82 - - [25/Oct/2020:09:31:25 +0800] "GET /xingrg/images/blue/gyslbgl.gif HTTP/1.1" 200 1480
120.253.135.82 - - [25/Oct/2020:09:31:25 +0800] "GET /xingrg/images/blue/clxx.gif HTTP/1.1" 200 1916
120.253.135.82 - - [25/Oct/2020:09:31:26 +0800] "GET /xingrg/system/info/materiel_manager.html HTTP/1.1" 200 19497
120.253.135.82 - - [25/Oct/2020:09:31:26 +0800] "GET /xingrg/css/xtree.css HTTP/1.1" 200 880
120.253.135.82 - - [25/Oct/2020:09:31:26 +0800] "GET /xingrg/javascript/jquery.form.js HTTP/1.1" 200 23110
120.253.135.82 - - [25/Oct/2020:09:31:26 +0800] "GET /xingrg/dwr/interface/AjaxComOrderService.js HTTP/1.1" 200 18264
120.253.135.82 - - [25/Oct/2020:09:31:26 +0800] "GET /xingrg/javascript/jquery_ui/themes/base/base.css HTTP/1.1" 200 28568
120.253.135.82 - - [25/Oct/2020:09:31:26 +0800] "GET /xingrg/dwr/interface/AjaxBaseInfoService.js HTTP/1.1" 200 21363
120.253.135.82 - - [25/Oct/2020:09:31:26 +0800] "GET /xingrg/javascript/xtree.js HTTP/1.1" 200 26582
120.253.135.82 - - [25/Oct/2020:09:31:26 +0800] "GET /xingrg/dwr/engine.js HTTP/1.1" 200 43631
120.253.135.82 - - [25/Oct/2020:09:31:27 +0800] "GET /xingrg/images/xtree/openfoldericon.png HTTP/1.1" 200 232
120.253.135.82 - - [25/Oct/2020:09:31:27 +0800] "GET /xingrg/javascript/jquery_easy_ui/themes/icons/import_new.png HTTP/1.1" 200 1247
120.253.135.82 - - [25/Oct/2020:09:31:27 +0800] "GET /xingrg/javascript/jquery_easy_ui/themes/icons/print_new.png HTTP/1.1" 200 3580
120.253.135.82 - - [25/Oct/2020:09:31:27 +0800] "POST /xingrg/dwr/call/plaincall/AjaxBaseInfoService.getSubMaterielSorts.dwr HTTP/1.1" 200 219
120.253.135.82 - - [25/Oct/2020:09:31:27 +0800] "GET /xingrg/images/xtree/Lplus.png HTTP/1.1" 200 224
120.253.135.82 - - [25/Oct/2020:09:31:27 +0800] "GET /xingrg/images/xtree/foldericon.png HTTP/1.1" 200 229
120.253.135.82 - - [25/Oct/2020:09:31:27 +0800] "GET /xingrg/images/xtree/Tplus.png HTTP/1.1" 200 222
120.253.135.82 - - [25/Oct/2020:09:31:27 +0800] "GET /xingrg/images/xtree/Lplus.png HTTP/1.1" 200 224
120.253.135.82 - - [25/Oct/2020:09:31:28 +0800] "POST /xingrg/dwr/call/plaincall/AjaxBaseInfoService.getMateriels.dwr HTTP/1.1" 200 2929
180.174.56.115 - - [25/Oct/2020:09:31:29 +0800] "GET /xingrg/all/function/internal_message.html?_=1603589484651&CODE_STATE=getMsg HTTP/1.1" 200 27
172.17.0.185 - - [25/Oct/2020:09:31:39 +0800] "GET /xingrg/all/function/internal_message.html?_=1603589494647&CODE_STATE=getMsg HTTP/1.1" 200 27
120.253.135.82 - - [25/Oct/2020:09:31:39 +0800] "POST /xingrg/dwr/call/plaincall/AjaxBaseInfoService.searchMateriels.dwr HTTP/1.1" 200 2794
172.17.200.101 - - [25/Oct/2020:09:31:40 +0800] "GET /xingrg/all/function/internal_message.html?_=1603589496110&CODE_STATE=getMsg HTTP/1.1" 200 27
222.69.132.165 - - [25/Oct/2020:09:31:40 +0800] "POST /xingrg/services/DataTransmitService HTTP/1.1" 200 501
222.69.132.165 - - [25/Oct/2020:09:31:43 +0800] "POST /xingrg/services/DataTransmitService HTTP/1.1" 200 501
114.88.166.242 - - [25/Oct/2020:09:31:44 +0800] "GET /xingrg/all/function/internal_message.html?_=1603589493585&CODE_STATE=getMsg HTTP/1.1" 200 27
114.84.37.38 - - [25/Oct/2020:09:31:44 +0800] "GET /xingrg/check_reg.html?_=1603589522805 HTTP/1.1" 200 22
120.253.135.82 - - [25/Oct/2020:09:31:46 +0800] "POST /xingrg/dwr/call/plaincall/AjaxBaseInfoService.searchMateriels.dwr HTTP/1.1" 200 3133
180.174.56.115 - - [25/Oct/2020:09:31:53 +0800] "GET /xingrg/all/function/internal_message.html?_=1603589480850&CODE_STATE=getMsg HTTP/1.1" 200 27
120.253.135.82 - - [25/Oct/2020:09:31:56 +0800] "POST /xingrg/dwr/call/plaincall/AjaxBaseInfoService.searchMateriels.dwr HTTP/1.1" 200 3219
114.88.166.242 - - [25/Oct/2020:09:31:56 +0800] "GET /xingrg/all/function/internal_message.html?_=1603589606317&CODE_STATE=getMsg HTTP/1.1" 200 27
114.84.145.85 - - [25/Oct/2020:09:32:00 +0800] "GET /xingrg/all/function/internal_message.html?_=1603589122467&CODE_STATE=getMsg HTTP/1.1" 200 27
172.17.0.101 - - [25/Oct/2020:09:32:01 +0800] "GET /xingrg/all/function/internal_message.html?_=1603589517007&CODE_STATE=getMsg HTTP/1.1" 200 27
180.162.245.190 - - [25/Oct/2020:09:32:02 +0800] "GET /xingrg/all/function/internal_message.html?_=1603589518602&CODE_STATE=getMsg HTTP/1.1" 200 27
114.84.145.85 - - [25/Oct/2020:09:32:04 +0800] "GET /xingrg/all/function/internal_message.html?_=1603589521123&CODE_STATE=getMsg HTTP/1.1" 200 27
120.253.135.82 - - [25/Oct/2020:09:32:07 +0800] "POST /xingrg/dwr/call/plaincall/AjaxBaseInfoService.searchMateriels.dwr HTTP/1.1" 200 2794
180.161.96.95 - - [25/Oct/2020:09:32:07 +0800] "GET /xingrg/all/function/internal_message.html?_=1603589523402&CODE_STATE=getMsg HTTP/1.1" 200 27
172.17.0.123 - - [25/Oct/2020:09:32:07 +0800] "GET /xingrg/all/function/internal_message.html?_=1603589487342&CODE_STATE=getMsg HTTP/1.1" 200 27
114.84.37.38 - - [25/Oct/2020:09:32:10 +0800] "GET /xingrg/check_reg.html?_=1603589544782 HTTP/1.1" 200 22
222.69.132.165 - - [25/Oct/2020:09:32:11 +0800] "GET /xingrg/all/function/internal_message.html?_=1603589527141&CODE_STATE=getMsg HTTP/1.1" 200 27
114.84.37.38 - - [25/Oct/2020:09:32:11 +0800] "GET /xingrg/all/function/internal_message.html?_=1603589545360&CODE_STATE=getMsg HTTP/1.1" 200 27
222.69.132.165 - - [25/Oct/2020:09:32:13 +0800] "POST /xingrg/services/DataTransmitService HTTP/1.1" 200 501
120.253.135.82 - - [25/Oct/2020:09:32:14 +0800] "GET /xingrg/system/info/materiel_info.html?code=02002041 HTTP/1.1" 200 34192
120.253.135.82 - - [25/Oct/2020:09:32:14 +0800] "GET /xingrg/dwr/interface/AjaxGetFirstChart.js HTTP/1.1" 200 631
120.253.135.82 - - [25/Oct/2020:09:32:14 +0800] "GET /xingrg/dwr/engine.js HTTP/1.1" 200 43631
120.253.135.82 - - [25/Oct/2020:09:32:14 +0800] "GET /favicon.ico HTTP/1.1" 404 -
120.253.135.82 - - [25/Oct/2020:09:32:14 +0800] "POST /xingrg/all/common/load_tree.html?tree=area_rest_tree_json HTTP/1.1" 200 3350
120.253.135.82 - - [25/Oct/2020:09:32:14 +0800] "POST /xingrg/dwr/call/plaincall/AjaxBaseInfoService.getMaterielInfo.dwr HTTP/1.1" 200 613
120.253.135.82 - - [25/Oct/2020:09:32:14 +0800] "GET /xingrg/javascript/jquery_easy_ui/themes/default/images/tree_arrows.gif HTTP/1.1" 200 1043
120.253.135.82 - - [25/Oct/2020:09:32:14 +0800] "GET /xingrg/javascript/jquery_easy_ui/themes/default/images/tree_folder_open.gif HTTP/1.1" 200 956
120.253.135.82 - - [25/Oct/2020:09:32:14 +0800] "GET /xingrg/javascript/jquery_easy_ui/themes/icons/area.png HTTP/1.1" 200 262
120.253.135.82 - - [25/Oct/2020:09:32:14 +0800] "GET /xingrg/javascript/jquery_easy_ui/themes/icons/manage.png HTTP/1.1" 200 696
120.253.135.82 - - [25/Oct/2020:09:32:14 +0800] "POST /xingrg/all/common/load_tree.html?tree=area_rest_tree_json&defaultRests=undefined HTTP/1.1" 200 3350
120.253.135.82 - - [25/Oct/2020:09:32:24 +0800] "POST /xingrg/dwr/call/plaincall/AjaxBaseInfoService.saveMateriel.dwr HTTP/1.1" 200 108
58.221.95.50 - - [25/Oct/2020:09:32:25 +0800] "GET /xingrg/all/function/internal_message.html?_=1603589720350&CODE_STATE=getMsg HTTP/1.1" 200 27
120.253.135.82 - - [25/Oct/2020:09:32:25 +0800] "POST /xingrg/dwr/call/plaincall/AjaxBaseInfoService.getMateriels.dwr HTTP/1.1" 200 2950
114.84.145.85 - - [25/Oct/2020:09:32:28 +0800] "GET /xingrg/check_reg.html?_=1603589545287 HTTP/1.1" 200 22
180.174.56.115 - - [25/Oct/2020:09:32:29 +0800] "GET /xingrg/all/function/internal_message.html?_=1603589544637&CODE_STATE=getMsg HTTP/1.1" 200 27
120.253.135.82 - - [25/Oct/2020:09:32:34 +0800] "GET /xingrg/kc/report/report_main.html HTTP/1.1" 200 9370
222.69.132.165 - - [25/Oct/2020:09:32:35 +0800] "POST /xingrg/services/DataTransmitService HTTP/1.1" 200 501
120.253.135.82 - - [25/Oct/2020:09:32:35 +0800] "GET /xingrg/kc/base/kc_stocks.html HTTP/1.1" 200 16386
180.174.56.115 - - [25/Oct/2020:09:32:35 +0800] "GET /xingrg/kc/buy/cgsh_order_operate.html?command=get_materiel&rest_code=00150&code=00101008349&supplier_code=00100007&order_time=2020-10-25 HTTP/1.1" 200 412
120.253.135.82 - - [25/Oct/2020:09:32:36 +0800] "GET /xingrg/javascript/easyui/themes/default/tree.css HTTP/1.1" 404 1090
120.253.135.82 - - [25/Oct/2020:09:32:36 +0800] "POST /xingrg/all/common/load_tree.html?tree=materiel_sort_tree_json HTTP/1.1" 200 8666
120.253.135.82 - - [25/Oct/2020:09:32:37 +0800] "POST /xingrg/all/common/load_combo.html?type=base HTTP/1.1" 200 984
114.88.166.242 - - [25/Oct/2020:09:32:37 +0800] "GET /xingrg/check_reg.html?_=1603589546443 HTTP/1.1" 200 22
172.17.0.185 - - [25/Oct/2020:09:32:39 +0800] "GET /xingrg/all/function/internal_message.html?_=1603589554649&CODE_STATE=getMsg HTTP/1.1" 200 27
222.69.132.165 - - [25/Oct/2020:09:32:39 +0800] "POST /xingrg/services/DataTransmitService HTTP/1.1" 200 501
172.17.200.101 - - [25/Oct/2020:09:32:40 +0800] "GET /xingrg/all/function/internal_message.html?_=1603589556080&CODE_STATE=getMsg HTTP/1.1" 200 27
222.69.132.165 - - [25/Oct/2020:09:32:40 +0800] "POST /xingrg/services/DataTransmitService HTTP/1.1" 200 501
180.174.56.115 - - [25/Oct/2020:09:32:43 +0800] "GET /xingrg/kc/buy/cgsh_order_operate.html?command=get_materiel&rest_code=00150&code=00101008223&supplier_code=00100007&order_time=2020-10-25 HTTP/1.1" 200 431
120.253.135.82 - - [25/Oct/2020:09:32:44 +0800] "POST /xingrg/kc/base/stock_operate.html HTTP/1.1" 200 1962
114.88.166.242 - - [25/Oct/2020:09:32:44 +0800] "GET /xingrg/all/function/internal_message.html?_=1603589553594&CODE_STATE=getMsg HTTP/1.1" 200 27
180.174.56.115 - - [25/Oct/2020:09:32:49 +0800] "GET /xingrg/kc/buy/cgsh_order_operate.html?command=get_materiel&rest_code=00150&code=00101008041&supplier_code=00100007&order_time=2020-10-25 HTTP/1.1" 200 427
222.69.132.165 - - [25/Oct/2020:09:32:52 +0800] "POST /xingrg/services/DataTransmitService HTTP/1.1" 200 501
120.253.135.82 - - [25/Oct/2020:09:32:52 +0800] "GET /xingrg/kc/pszx/mdqp_order_list.html?state=10 HTTP/1.1" 200 10175
120.253.135.82 - - [25/Oct/2020:09:32:53 +0800] "GET /xingrg/dwr/interface/AjaxQqpsService.js HTTP/1.1" 200 16326
120.253.135.82 - - [25/Oct/2020:09:32:53 +0800] "GET /xingrg/dwr/interface/AjaxReportQueryService.js HTTP/1.1" 200 13203
120.253.135.82 - - [25/Oct/2020:09:32:53 +0800] "GET /xingrg/dwr/engine.js HTTP/1.1" 200 43631
180.174.56.115 - - [25/Oct/2020:09:32:53 +0800] "GET /xingrg/all/function/internal_message.html?_=1603589540879&CODE_STATE=getMsg HTTP/1.1" 200 27
222.69.132.165 - - [25/Oct/2020:09:32:55 +0800] "POST /xingrg/services/DataTransmitService HTTP/1.1" 200 501
120.253.135.82 - - [25/Oct/2020:09:32:55 +0800] "GET /xingrg/kc/pszx/mdps_order_list.html?orderType=0 HTTP/1.1" 200 21197
120.253.135.82 - - [25/Oct/2020:09:32:56 +0800] "POST /xingrg/kc/pszx/mdps_list_operate.html HTTP/1.1" 200 5292
222.69.132.165 - - [25/Oct/2020:09:32:56 +0800] "POST /xingrg/services/DataTransmitService HTTP/1.1" 200 501
114.88.166.242 - - [25/Oct/2020:09:32:56 +0800] "GET /xingrg/all/function/internal_message.html?_=1603589666315&CODE_STATE=getMsg HTTP/1.1" 200 27
120.253.135.82 - - [25/Oct/2020:09:32:58 +0800] "GET /xingrg/kc/pszx/mdqp_order_list.html?state=10 HTTP/1.1" 200 10175
120.253.135.82 - - [25/Oct/2020:09:32:58 +0800] "GET /xingrg/dwr/interface/AjaxQqpsService.js HTTP/1.1" 200 16326
120.253.135.82 - - [25/Oct/2020:09:32:58 +0800] "GET /xingrg/dwr/interface/AjaxReportQueryService.js HTTP/1.1" 200 13203
120.253.135.82 - - [25/Oct/2020:09:32:59 +0800] "GET /xingrg/dwr/engine.js HTTP/1.1" 200 43631
114.84.145.85 - - [25/Oct/2020:09:33:00 +0800] "GET /xingrg/all/function/internal_message.html?_=1603589182465&CODE_STATE=getMsg HTTP/1.1" 200 27
180.174.56.115 - - [25/Oct/2020:09:33:01 +0800] "GET /xingrg/kc/buy/cgsh_order_operate.html?command=get_materiel&rest_code=00150&code=00101008005&supplier_code=00100007&order_time=2020-10-25 HTTP/1.1" 200 412
172.17.0.101 - - [25/Oct/2020:09:33:01 +0800] "GET /xingrg/all/function/internal_message.html?_=1603589577012&CODE_STATE=getMsg HTTP/1.1" 200 27
180.162.245.190 - - [25/Oct/2020:09:33:02 +0800] "GET /xingrg/all/function/internal_message.html?_=1603589578613&CODE_STATE=getMsg HTTP/1.1" 200 27
114.84.145.85 - - [25/Oct/2020:09:33:04 +0800] "GET /xingrg/all/function/internal_message.html?_=1603589581101&CODE_STATE=getMsg HTTP/1.1" 200 27
222.69.132.165 - - [25/Oct/2020:09:33:06 +0800] "POST /xingrg/services/DataTransmitService HTTP/1.1" 200 412
180.161.96.95 - - [25/Oct/2020:09:33:07 +0800] "GET /xingrg/all/function/internal_message.html?_=1603589583412&CODE_STATE=getMsg HTTP/1.1" 200 27
172.17.0.123 - - [25/Oct/2020:09:33:07 +0800] "GET /xingrg/all/function/internal_message.html?_=1603589547342&CODE_STATE=getMsg HTTP/1.1" 200 27
180.174.56.115 - - [25/Oct/2020:09:33:08 +0800] "GET /xingrg/kc/buy/cgsh_order_operate.html?command=get_materiel&rest_code=00150&code=00101008255&supplier_code=00100007&order_time=2020-10-25 HTTP/1.1" 200 413
222.69.132.165 - - [25/Oct/2020:09:33:11 +0800] "GET /xingrg/all/function/internal_message.html?_=1603589587141&CODE_STATE=getMsg HTTP/1.1" 200 27
114.84.37.38 - - [25/Oct/2020:09:33:11 +0800] "GET /xingrg/all/function/internal_message.html?_=1603589605374&CODE_STATE=getMsg HTTP/1.1" 200 27
180.174.56.115 - - [25/Oct/2020:09:33:11 +0800] "POST /xingrg/kc/buy/cgsh_order_operate.html HTTP/1.1" 200 2065
120.253.135.82 - - [25/Oct/2020:09:33:12 +0800] "GET /xingrg/kc/pszx/mdqp_order_list.html?state=10 HTTP/1.1" 200 10175
120.253.135.82 - - [25/Oct/2020:09:33:12 +0800] "GET /xingrg/dwr/interface/AjaxReportQueryService.js HTTP/1.1" 200 13203
120.253.135.82 - - [25/Oct/2020:09:33:12 +0800] "GET /xingrg/dwr/interface/AjaxQqpsService.js HTTP/1.1" 200 16326
120.253.135.82 - - [25/Oct/2020:09:33:12 +0800] "GET /xingrg/dwr/engine.js HTTP/1.1" 200 43631
180.174.56.115 - - [25/Oct/2020:09:33:17 +0800] "GET /xingrg/kc/buy/cgsh_order_operate.html?command=get_materiel&rest_code=00150&code=00101008061&supplier_code=00100007&order_time=2020-10-25 HTTP/1.1" 200 422
180.174.56.115 - - [25/Oct/2020:09:33:24 +0800] "GET /xingrg/kc/buy/cgsh_order_operate.html?command=get_materiel&rest_code=00150&code=00101008102&supplier_code=00100007&order_time=2020-10-25 HTTP/1.1" 200 413
58.221.95.50 - - [25/Oct/2020:09:33:25 +0800] "GET /xingrg/all/function/internal_message.html?_=1603589780350&CODE_STATE=getMsg HTTP/1.1" 200 27
180.174.56.115 - - [25/Oct/2020:09:33:29 +0800] "GET /xingrg/all/function/internal_message.html?_=1603589604639&CODE_STATE=getMsg HTTP/1.1" 200 27
180.174.56.115 - - [25/Oct/2020:09:33:30 +0800] "GET /xingrg/check_reg.html?_=1603589604693 HTTP/1.1" 200 22
180.174.56.115 - - [25/Oct/2020:09:33:37 +0800] "GET /xingrg/check_reg.html?_=1603589585090 HTTP/1.1" 200 22
172.17.0.185 - - [25/Oct/2020:09:33:39 +0800] "GET /xingrg/all/function/internal_message.html?_=1603589614655&CODE_STATE=getMsg HTTP/1.1" 200 27
172.17.200.101 - - [25/Oct/2020:09:33:40 +0800] "GET /xingrg/all/function/internal_message.html?_=1603589616052&CODE_STATE=getMsg HTTP/1.1" 200 27
114.86.231.202 - - [25/Oct/2020:09:33:43 +0800] "GET /favicon.ico HTTP/1.1" 404 -
114.88.166.242 - - [25/Oct/2020:09:33:44 +0800] "GET /xingrg/all/function/internal_message.html?_=1603589613608&CODE_STATE=getMsg HTTP/1.1" 200 27
180.174.56.115 - - [25/Oct/2020:09:33:53 +0800] "GET /xingrg/all/function/internal_message.html?_=1603589600893&CODE_STATE=getMsg HTTP/1.1" 200 27
114.88.166.242 - - [25/Oct/2020:09:33:56 +0800] "GET /xingrg/all/function/internal_message.html?_=1603589726315&CODE_STATE=getMsg HTTP/1.1" 200 27
114.88.166.242 - - [25/Oct/2020:09:33:56 +0800] "GET /xingrg/check_reg.html?_=1603589726360 HTTP/1.1" 200 22
114.84.145.85 - - [25/Oct/2020:09:34:00 +0800] "GET /xingrg/check_reg.html?_=1603589242417 HTTP/1.1" 200 22
114.84.145.85 - - [25/Oct/2020:09:34:00 +0800] "GET /xingrg/all/function/internal_message.html?_=1603589242466&CODE_STATE=getMsg HTTP/1.1" 200 27
172.17.0.101 - - [25/Oct/2020:09:34:01 +0800] "GET /xingrg/all/function/internal_message.html?_=1603589636997&CODE_STATE=getMsg HTTP/1.1" 200 27
180.162.245.190 - - [25/Oct/2020:09:34:02 +0800] "GET /xingrg/all/function/internal_message.html?_=1603589638604&CODE_STATE=getMsg HTTP/1.1" 200 27
