172.17.0.120 - - [25/Oct/2020:10:46:33 +0800] "GET /xingrg/all/function/internal_message.html?_=1603593989035&CODE_STATE=getMsg HTTP/1.1" 200 27
114.88.166.242 - - [25/Oct/2020:10:46:33 +0800] "GET /xingrg/kc/buy/cgsh_order_operate.html?command=get_materiel&rest_code=00111&code=00101005036&supplier_code=00100042&order_time=2020-10-25 HTTP/1.1" 200 409
117.184.7.26 - - [25/Oct/2020:10:46:36 +0800] "GET /xingrg/kc/buy/cgsh_order_operate.html?command=get_materiel&rest_code=00108&code=00101008312&supplier_code=00100008&order_time=2020-10-25 HTTP/1.1" 200 432
114.86.231.202 - - [25/Oct/2020:10:46:37 +0800] "GET /xingrg/all/function/internal_message.html?_=1603594037578&CODE_STATE=getMsg HTTP/1.1" 200 27
180.161.96.95 - - [25/Oct/2020:10:46:37 +0800] "GET /xingrg/kc/buy/cgsh_order_operate.html?command=get_materiel&rest_code=00102&code=00101001029&supplier_code=00100312&order_time=2020-10-25 HTTP/1.1" 200 415
114.84.37.38 - - [25/Oct/2020:10:46:38 +0800] "GET /xingrg/kc/buy/cgsh_order_operate.html?command=get_materiel&rest_code=00146&code=00101007160&supplier_code=00100347&order_time=2020-10-25 HTTP/1.1" 200 403
180.174.56.115 - - [25/Oct/2020:10:46:38 +0800] "GET /xingrg/all/function/internal_message.html?_=1603593993504&CODE_STATE=getMsg HTTP/1.1" 200 27
180.174.56.115 - - [25/Oct/2020:10:46:38 +0800] "GET /xingrg/check_reg.html?_=1603593993518 HTTP/1.1" 200 22
172.17.200.101 - - [25/Oct/2020:10:46:39 +0800] "GET /xingrg/all/function/internal_message.html?_=1603593995440&CODE_STATE=getMsg HTTP/1.1" 200 27
172.17.0.185 - - [25/Oct/2020:10:46:39 +0800] "GET /xingrg/all/function/internal_message.html?_=1603593994654&CODE_STATE=getMsg HTTP/1.1" 200 27
114.88.166.242 - - [25/Oct/2020:10:46:39 +0800] "GET /xingrg/kc/buy/cgsh_order_operate.html?command=get_materiel&rest_code=00111&code=00101005037&supplier_code=00100042&order_time=2020-10-25 HTTP/1.1" 200 409
222.69.132.165 - - [25/Oct/2020:10:46:39 +0800] "GET /xingrg/kc/buy/cgsh_order_operate.html?command=get_materiel&rest_code=00149&code=00101001051&supplier_code=00100094&order_time=2020-10-25 HTTP/1.1" 200 422
124.77.70.31 - - [25/Oct/2020:10:46:40 +0800] "GET /xingrg/kc/buy/cgsh_order_operate.html?command=get_materiel&rest_code=00107&code=00101010017&supplier_code=00100323&order_time=2020-10-25 HTTP/1.1" 200 423
222.69.133.109 - - [25/Oct/2020:10:46:42 +0800] "POST /xingrg/dwr/call/plaincall/AjaxQqpsService.getMaterielByCode.dwr HTTP/1.1" 200 1482
117.184.7.26 - - [25/Oct/2020:10:46:43 +0800] "GET /xingrg/kc/buy/cgsh_order_operate.html?command=get_materiel&rest_code=00108&code=00101008010&supplier_code=00100008&order_time=2020-10-25 HTTP/1.1" 200 412
114.84.37.38 - - [25/Oct/2020:10:46:44 +0800] "GET /xingrg/check_reg.html?_=1603594023272 HTTP/1.1" 200 22
114.88.166.242 - - [25/Oct/2020:10:46:45 +0800] "GET /xingrg/all/function/internal_message.html?_=1603593994636&CODE_STATE=getMsg HTTP/1.1" 200 27
117.185.32.26 - - [25/Oct/2020:10:46:47 +0800] "POST /xingrg/kc/buy/cgsh_order_operate.html HTTP/1.1" 200 37
120.253.135.82 - - [25/Oct/2020:10:46:48 +0800] "GET /xingrg/all/function/internal_message.html?_=1603593749509&CODE_STATE=getMsg HTTP/1.1" 200 27
180.161.96.95 - - [25/Oct/2020:10:46:49 +0800] "POST /xingrg/kc/buy/cgsh_order_operate.html HTTP/1.1" 200 37
114.88.166.242 - - [25/Oct/2020:10:46:49 +0800] "GET /xingrg/kc/buy/cgsh_order_operate.html?command=get_materiel&rest_code=00111&code=00101001111&supplier_code=00100042&order_time=2020-10-25 HTTP/1.1" 200 410
117.184.7.26 - - [25/Oct/2020:10:46:50 +0800] "GET /xingrg/kc/buy/cgsh_order_operate.html?command=get_materiel&rest_code=00108&code=00101008026&supplier_code=00100008&order_time=2020-10-25 HTTP/1.1" 200 409
222.69.132.165 - - [25/Oct/2020:10:46:51 +0800] "POST /xingrg/kc/buy/cgsh_order_operate.html HTTP/1.1" 200 37
117.185.32.26 - - [25/Oct/2020:10:46:51 +0800] "POST /xingrg/kc/buy/cgsh_order_operate.html HTTP/1.1" 200 12
114.88.166.242 - - [25/Oct/2020:10:46:51 +0800] "GET /xingrg/all/function/internal_message.html?_=1603594101381&CODE_STATE=getMsg HTTP/1.1" 200 27
180.161.96.95 - - [25/Oct/2020:10:46:53 +0800] "POST /xingrg/kc/buy/cgsh_order_operate.html HTTP/1.1" 200 12
124.77.70.31 - - [25/Oct/2020:10:46:53 +0800] "GET /xingrg/all/function/internal_message.html?_=1603593998573&CODE_STATE=getMsg HTTP/1.1" 200 27
222.69.132.165 - - [25/Oct/2020:10:46:54 +0800] "POST /xingrg/kc/buy/cgsh_order_operate.html HTTP/1.1" 200 12
117.185.32.26 - - [25/Oct/2020:10:46:54 +0800] "GET /xingrg/kc/buy/cgsh_order_info.html?code=212020102510387 HTTP/1.1" 200 55031
180.161.96.95 - - [25/Oct/2020:10:46:54 +0800] "GET /xingrg/kc/buy/cgsh_order_info.html?code=212020102510388 HTTP/1.1" 200 54998
117.185.32.26 - - [25/Oct/2020:10:46:54 +0800] "GET /xingrg/javascript/easyui/themes/default/validatebox.css HTTP/1.1" 404 1104
180.161.96.95 - - [25/Oct/2020:10:46:54 +0800] "GET /xingrg/javascript/easyui/themes/default/validatebox.css HTTP/1.1" 404 1104
222.69.132.165 - - [25/Oct/2020:10:46:54 +0800] "GET /xingrg/kc/buy/cgsh_order_info.html?code=212020102510389 HTTP/1.1" 200 55082
117.185.32.26 - - [25/Oct/2020:10:46:54 +0800] "POST /xingrg/kc/buy/cgsh_order_operate.html HTTP/1.1" 200 610
180.174.56.115 - - [25/Oct/2020:10:46:54 +0800] "GET /xingrg/all/function/internal_message.html?_=1603593982336&CODE_STATE=getMsg HTTP/1.1" 200 27
180.161.96.95 - - [25/Oct/2020:10:46:55 +0800] "POST /xingrg/kc/buy/cgsh_order_operate.html HTTP/1.1" 200 1803
222.69.132.165 - - [25/Oct/2020:10:46:55 +0800] "GET /xingrg/javascript/easyui/themes/default/validatebox.css HTTP/1.1" 404 1104
222.69.133.109 - - [25/Oct/2020:10:46:55 +0800] "GET /xingrg/all/function/internal_message.html?_=1603594010635&CODE_STATE=getMsg HTTP/1.1" 200 27
222.69.132.165 - - [25/Oct/2020:10:46:55 +0800] "POST /xingrg/kc/buy/cgsh_order_operate.html HTTP/1.1" 200 621
180.161.96.95 - - [25/Oct/2020:10:46:56 +0800] "GET /xingrg/kc/print/load_data.html?order_code=212020102510388&kc_code=cgsh&condition= HTTP/1.1" 200 1167
114.84.37.38 - - [25/Oct/2020:10:46:56 +0800] "GET /xingrg/kc/buy/cgsh_order_operate.html?command=get_materiel&rest_code=00146&code=00101007161&supplier_code=00100347&order_time=2020-10-25 HTTP/1.1" 200 403
117.131.5.26 - - [25/Oct/2020:10:46:56 +0800] "GET /xingrg/all/function/internal_message.html?_=1603594039183&CODE_STATE=getMsg HTTP/1.1" 200 27
222.69.132.165 - - [25/Oct/2020:10:46:56 +0800] "GET /xingrg/kc/print/load_data.html?order_code=212020102510389&kc_code=cgsh&condition= HTTP/1.1" 200 791
117.185.32.26 - - [25/Oct/2020:10:46:57 +0800] "GET /xingrg/kc/print/load_data.html?order_code=212020102510387&kc_code=cgsh&condition= HTTP/1.1" 200 760
117.184.7.26 - - [25/Oct/2020:10:46:57 +0800] "GET /xingrg/kc/buy/cgsh_order_operate.html?command=get_materiel&rest_code=00108&code=00101008110&supplier_code=00100008&order_time=2020-10-25 HTTP/1.1" 200 428
114.88.166.242 - - [25/Oct/2020:10:46:59 +0800] "POST /xingrg/kc/buy/cgsh_order_operate.html HTTP/1.1" 200 37
124.77.70.31 - - [25/Oct/2020:10:46:59 +0800] "GET /xingrg/kc/buy/cgsh_order_operate.html?command=get_materiel&rest_code=00107&code=00101008214&supplier_code=00100323&order_time=2020-10-25 HTTP/1.1" 200 409
114.84.145.85 - - [25/Oct/2020:10:47:00 +0800] "GET /xingrg/all/function/internal_message.html?_=1603593622776&CODE_STATE=getMsg HTTP/1.1" 200 27
180.161.96.95 - - [25/Oct/2020:10:47:01 +0800] "GET /xingrg/kc/buy/cgsh_order_add.html HTTP/1.1" 200 60091
180.161.96.95 - - [25/Oct/2020:10:47:01 +0800] "POST /xingrg/kc/buy/cgsh_order_operate.html HTTP/1.1" 200 8245
172.17.0.101 - - [25/Oct/2020:10:47:01 +0800] "GET /xingrg/all/function/internal_message.html?_=1603594017352&CODE_STATE=getMsg HTTP/1.1" 200 27
180.161.96.95 - - [25/Oct/2020:10:47:01 +0800] "GET /xingrg/javascript/easyui/themes/default/validatebox.css HTTP/1.1" 404 1104
114.84.145.85 - - [25/Oct/2020:10:47:02 +0800] "GET /xingrg/all/function/internal_message.html?_=1603594019422&CODE_STATE=getMsg HTTP/1.1" 200 27
124.77.70.31 - - [25/Oct/2020:10:47:02 +0800] "POST /xingrg/services/DataTransmitService HTTP/1.1" 200 524
124.77.70.31 - - [25/Oct/2020:10:47:02 +0800] "POST /xingrg/services/DataTransmitService HTTP/1.1" 200 2007
114.88.166.242 - - [25/Oct/2020:10:47:02 +0800] "POST /xingrg/kc/buy/cgsh_order_operate.html HTTP/1.1" 200 3829
180.161.96.95 - - [25/Oct/2020:10:47:03 +0800] "GET /xingrg/all/function/internal_message.html?_=1603594019597&CODE_STATE=getMsg HTTP/1.1" 200 27
124.77.70.31 - - [25/Oct/2020:10:47:04 +0800] "POST /xingrg/services/DataTransmitService HTTP/1.1" 200 154452
117.185.32.26 - - [25/Oct/2020:10:47:04 +0800] "GET /xingrg/kc/buy/cgsh_order_add.html HTTP/1.1" 200 60126
117.185.32.26 - - [25/Oct/2020:10:47:05 +0800] "POST /xingrg/kc/buy/cgsh_order_operate.html HTTP/1.1" 200 8245
117.185.32.26 - - [25/Oct/2020:10:47:05 +0800] "GET /xingrg/javascript/easyui/themes/default/validatebox.css HTTP/1.1" 404 1104
114.88.166.242 - - [25/Oct/2020:10:47:05 +0800] "GET /xingrg/kc/print/load_data.html?order_code=212020102510390&kc_code=cgsh&condition= HTTP/1.1" 200 1144
180.161.96.95 - - [25/Oct/2020:10:47:07 +0800] "GET /xingrg/kc/buy/cgsh_order_operate.html?command=get_materiel&rest_code=00102&code=00101001037&supplier_code=00100090&order_time=2020-10-25 HTTP/1.1" 200 416
172.17.0.123 - - [25/Oct/2020:10:47:07 +0800] "GET /xingrg/all/function/internal_message.html?_=1603593987344&CODE_STATE=getMsg HTTP/1.1" 200 27
117.184.7.26 - - [25/Oct/2020:10:47:07 +0800] "GET /xingrg/kc/buy/cgsh_order_operate.html?command=get_materiel&rest_code=00108&code=00101008096&supplier_code=00100008&order_time=2020-10-25 HTTP/1.1" 200 412
222.69.133.109 - - [25/Oct/2020:10:47:08 +0800] "POST /xingrg/dwr/call/plaincall/AjaxQqpsService.saveMaterielItem.dwr HTTP/1.1" 200 79
117.184.7.26 - - [25/Oct/2020:10:47:09 +0800] "GET /xingrg/all/function/internal_message.html?_=1603594024901&CODE_STATE=getMsg HTTP/1.1" 200 27
124.77.70.31 - - [25/Oct/2020:10:47:09 +0800] "POST /xingrg/kc/buy/cgsh_order_operate.html HTTP/1.1" 200 37
180.162.245.190 - - [25/Oct/2020:10:47:09 +0800] "GET /xingrg/all/function/internal_message.html?_=1603594025512&CODE_STATE=getMsg HTTP/1.1" 200 27
117.185.32.26 - - [25/Oct/2020:10:47:10 +0800] "GET /xingrg/all/function/internal_message.html?_=1603594025750&CODE_STATE=getMsg HTTP/1.1" 200 27
124.77.70.31 - - [25/Oct/2020:10:47:10 +0800] "POST /xingrg/kc/buy/cgsh_order_operate.html HTTP/1.1" 200 7427
222.69.132.165 - - [25/Oct/2020:10:47:11 +0800] "GET /xingrg/all/function/internal_message.html?_=1603594027117&CODE_STATE=getMsg HTTP/1.1" 200 27
101.91.62.99 - - [25/Oct/2020:10:47:11 +0800] "GET /xingrg/kc/buy/cgsh_order_operate.html?command=get_materiel&rest_code=00141&code=00101008312&supplier_code=00100007&order_time=2020-10-25 HTTP/1.1" 302 -
117.185.32.26 - - [25/Oct/2020:10:47:11 +0800] "GET /xingrg/javascript/easyui/themes/default/tree.css HTTP/1.1" 404 1090
117.185.32.26 - - [25/Oct/2020:10:47:12 +0800] "POST /xingrg/all/common/load_tree.html?tree=supplier_tree_json&isDelete=1 HTTP/1.1" 200 50797
124.77.70.31 - - [25/Oct/2020:10:47:13 +0800] "GET /xingrg/kc/print/load_data.html?order_code=212020102510391&kc_code=cgsh&condition= HTTP/1.1" 200 2521
117.184.7.26 - - [25/Oct/2020:10:47:13 +0800] "GET /xingrg/kc/buy/cgsh_order_operate.html?command=get_materiel&rest_code=00108&code=00101008038&supplier_code=00100008&order_time=2020-10-25 HTTP/1.1" 200 412
114.84.37.38 - - [25/Oct/2020:10:47:13 +0800] "GET /xingrg/check_reg.html?_=1603594047491 HTTP/1.1" 200 22
114.84.37.38 - - [25/Oct/2020:10:47:15 +0800] "GET /xingrg/all/function/internal_message.html?_=1603594049172&CODE_STATE=getMsg HTTP/1.1" 200 27
101.91.62.99 - - [25/Oct/2020:10:47:15 +0800] "GET /xingrg/login.html HTTP/1.1" 200 7641
180.161.96.95 - - [25/Oct/2020:10:47:16 +0800] "POST /xingrg/kc/buy/cgsh_order_operate.html HTTP/1.1" 200 37
180.161.96.95 - - [25/Oct/2020:10:47:18 +0800] "POST /xingrg/kc/buy/cgsh_order_operate.html HTTP/1.1" 200 12
180.161.96.95 - - [25/Oct/2020:10:47:18 +0800] "GET /xingrg/kc/buy/cgsh_order_info.html?code=212020102510392 HTTP/1.1" 200 54998
114.84.37.38 - - [25/Oct/2020:10:47:19 +0800] "GET /xingrg/kc/buy/cgsh_order_operate.html?command=get_materiel&rest_code=00146&code=00101007164&supplier_code=00100347&order_time=2020-10-25 HTTP/1.1" 200 405
180.161.96.95 - - [25/Oct/2020:10:47:19 +0800] "GET /xingrg/javascript/easyui/themes/default/validatebox.css HTTP/1.1" 404 1104
180.161.96.95 - - [25/Oct/2020:10:47:19 +0800] "POST /xingrg/kc/buy/cgsh_order_operate.html HTTP/1.1" 200 613
114.88.166.242 - - [25/Oct/2020:10:47:20 +0800] "GET /xingrg/check_reg.html?_=1603594032233 HTTP/1.1" 302 -
180.161.96.95 - - [25/Oct/2020:10:47:20 +0800] "GET /xingrg/kc/print/load_data.html?order_code=212020102510392&kc_code=cgsh&condition= HTTP/1.1" 200 772
180.161.96.95 - - [25/Oct/2020:10:47:23 +0800] "GET /xingrg/kc/buy/cgsh_order_add.html HTTP/1.1" 200 60091
180.161.96.95 - - [25/Oct/2020:10:47:24 +0800] "POST /xingrg/kc/buy/cgsh_order_operate.html HTTP/1.1" 200 8245
180.161.96.95 - - [25/Oct/2020:10:47:24 +0800] "GET /xingrg/javascript/easyui/themes/default/validatebox.css HTTP/1.1" 404 1104
58.221.95.50 - - [25/Oct/2020:10:47:25 +0800] "GET /xingrg/all/function/internal_message.html?_=1603594220428&CODE_STATE=getMsg HTTP/1.1" 200 27
117.185.32.26 - - [25/Oct/2020:10:47:25 +0800] "GET /xingrg/kc/buy/cgsh_order_operate.html?command=get_materiel&rest_code=00106&code=00101002006&supplier_code=00100091&order_time=2020-10-25 HTTP/1.1" 200 414
117.185.32.26 - - [25/Oct/2020:10:47:28 +0800] "GET /xingrg/check_reg.html?_=1603594480986 HTTP/1.1" 200 22
117.185.32.26 - - [25/Oct/2020:10:47:28 +0800] "GET /xingrg/all/function/internal_message.html?_=1603594480987&CODE_STATE=getMsg HTTP/1.1" 200 27
114.84.145.85 - - [25/Oct/2020:10:47:28 +0800] "GET /xingrg/check_reg.html?_=1603594045379 HTTP/1.1" 200 22
222.69.132.165 - - [25/Oct/2020:10:47:31 +0800] "GET /xingrg/kc/buy/cgsh_order_add.html HTTP/1.1" 200 60179
180.161.96.95 - - [25/Oct/2020:10:47:31 +0800] "GET /xingrg/kc/buy/cgsh_order_operate.html?command=get_materiel&rest_code=00102&code=00101006166&supplier_code=00100344&order_time=2020-10-25 HTTP/1.1" 200 423
222.69.132.165 - - [25/Oct/2020:10:47:31 +0800] "POST /xingrg/kc/buy/cgsh_order_operate.html HTTP/1.1" 200 8245
222.69.132.165 - - [25/Oct/2020:10:47:31 +0800] "GET /xingrg/javascript/easyui/themes/default/validatebox.css HTTP/1.1" 404 1104
172.17.0.120 - - [25/Oct/2020:10:47:33 +0800] "GET /xingrg/all/function/internal_message.html?_=1603594049036&CODE_STATE=getMsg HTTP/1.1" 200 27
117.184.7.26 - - [25/Oct/2020:10:47:36 +0800] "GET /xingrg/kc/buy/cgsh_order_operate.html?command=get_materiel&rest_code=00108&code=00101008283&supplier_code=00100008&order_time=2020-10-25 HTTP/1.1" 200 408
114.88.166.242 - - [25/Oct/2020:10:47:37 +0800] "GET /xingrg/check_reg.html?_=1603594046522 HTTP/1.1" 200 22
114.86.231.202 - - [25/Oct/2020:10:47:37 +0800] "GET /xingrg/all/function/internal_message.html?_=1603594097574&CODE_STATE=getMsg HTTP/1.1" 200 27
222.69.132.165 - - [25/Oct/2020:10:47:38 +0800] "GET /xingrg/kc/buy/cgsh_order_operate.html?command=get_materiel&rest_code=00149&code=00101001167&supplier_code=00100314&order_time=2020-10-25 HTTP/1.1" 200 411
180.174.56.115 - - [25/Oct/2020:10:47:38 +0800] "GET /xingrg/all/function/internal_message.html?_=1603594053506&CODE_STATE=getMsg HTTP/1.1" 200 27
172.17.200.101 - - [25/Oct/2020:10:47:39 +0800] "GET /xingrg/all/function/internal_message.html?_=1603594055444&CODE_STATE=getMsg HTTP/1.1" 200 27
172.17.0.185 - - [25/Oct/2020:10:47:39 +0800] "GET /xingrg/all/function/internal_message.html?_=1603594054643&CODE_STATE=getMsg HTTP/1.1" 200 27
180.161.96.95 - - [25/Oct/2020:10:47:39 +0800] "GET /xingrg/kc/buy/cgsh_order_operate.html?command=get_materiel&rest_code=00102&code=00101006152&supplier_code=00100344&order_time=2020-10-25 HTTP/1.1" 200 411
114.84.37.38 - - [25/Oct/2020:10:47:40 +0800] "GET /xingrg/kc/buy/cgsh_order_operate.html?command=get_materiel&rest_code=00146&code=00101010553&supplier_code=00100347&order_time=2020-10-25 HTTP/1.1" 200 421
117.185.32.26 - - [25/Oct/2020:10:47:44 +0800] "GET /xingrg/kc/buy/cgsh_order_operate.html?command=get_materiel&rest_code=00106&code=00101010309&supplier_code=00100091&order_time=2020-10-25 HTTP/1.1" 200 423
117.184.7.26 - - [25/Oct/2020:10:47:44 +0800] "GET /xingrg/kc/buy/cgsh_order_operate.html?command=get_materiel&rest_code=00108&code=00101008163&supplier_code=00100008&order_time=2020-10-25 HTTP/1.1" 200 409
114.88.166.242 - - [25/Oct/2020:10:47:45 +0800] "GET /xingrg/all/function/internal_message.html?_=1603594054645&CODE_STATE=getMsg HTTP/1.1" 200 27
180.161.96.95 - - [25/Oct/2020:10:47:47 +0800] "POST /xingrg/kc/buy/cgsh_order_operate.html HTTP/1.1" 200 37
120.253.135.82 - - [25/Oct/2020:10:47:48 +0800] "GET /xingrg/check_reg.html?_=1603593809216 HTTP/1.1" 200 22
120.253.135.82 - - [25/Oct/2020:10:47:48 +0800] "GET /xingrg/all/function/internal_message.html?_=1603593809523&CODE_STATE=getMsg HTTP/1.1" 200 27
222.69.132.165 - - [25/Oct/2020:10:47:50 +0800] "POST /xingrg/kc/buy/cgsh_order_operate.html HTTP/1.1" 200 37
180.161.96.95 - - [25/Oct/2020:10:47:50 +0800] "POST /xingrg/kc/buy/cgsh_order_operate.html HTTP/1.1" 200 12
180.161.96.95 - - [25/Oct/2020:10:47:50 +0800] "GET /xingrg/kc/buy/cgsh_order_info.html?code=212020102510393 HTTP/1.1" 200 54998
180.161.96.95 - - [25/Oct/2020:10:47:51 +0800] "GET /xingrg/javascript/easyui/themes/default/validatebox.css HTTP/1.1" 404 1104
180.161.96.95 - - [25/Oct/2020:10:47:51 +0800] "POST /xingrg/kc/buy/cgsh_order_operate.html HTTP/1.1" 200 1208
114.88.166.242 - - [25/Oct/2020:10:47:51 +0800] "GET /xingrg/all/function/internal_message.html?_=1603594161379&CODE_STATE=getMsg HTTP/1.1" 200 27
180.161.96.95 - - [25/Oct/2020:10:47:52 +0800] "GET /xingrg/kc/print/load_data.html?order_code=212020102510393&kc_code=cgsh&condition= HTTP/1.1" 200 945
222.69.132.165 - - [25/Oct/2020:10:47:52 +0800] "POST /xingrg/kc/buy/cgsh_order_operate.html HTTP/1.1" 200 12
124.77.70.31 - - [25/Oct/2020:10:47:53 +0800] "GET /xingrg/all/function/internal_message.html?_=1603594058574&CODE_STATE=getMsg HTTP/1.1" 200 27
222.69.132.165 - - [25/Oct/2020:10:47:54 +0800] "GET /xingrg/kc/buy/cgsh_order_info.html?code=212020102510394 HTTP/1.1" 200 55084
222.69.132.165 - - [25/Oct/2020:10:47:54 +0800] "GET /xingrg/javascript/easyui/themes/default/validatebox.css HTTP/1.1" 404 1104
180.174.56.115 - - [25/Oct/2020:10:47:55 +0800] "GET /xingrg/all/function/internal_message.html?_=1603594042367&CODE_STATE=getMsg HTTP/1.1" 200 27
222.69.132.165 - - [25/Oct/2020:10:47:55 +0800] "POST /xingrg/kc/buy/cgsh_order_operate.html HTTP/1.1" 200 608
222.69.133.109 - - [25/Oct/2020:10:47:55 +0800] "GET /xingrg/check_reg.html?_=1603594070640 HTTP/1.1" 200 22
222.69.133.109 - - [25/Oct/2020:10:47:55 +0800] "GET /xingrg/all/function/internal_message.html?_=1603594070646&CODE_STATE=getMsg HTTP/1.1" 200 27
117.131.5.26 - - [25/Oct/2020:10:47:56 +0800] "GET /xingrg/all/function/internal_message.html?_=1603594099182&CODE_STATE=getMsg HTTP/1.1" 200 27
117.131.5.26 - - [25/Oct/2020:10:47:56 +0800] "GET /xingrg/check_reg.html?_=1603594099183 HTTP/1.1" 200 22
180.161.96.95 - - [25/Oct/2020:10:47:56 +0800] "GET /xingrg/kc/buy/cgsh_order_add.html HTTP/1.1" 200 60091
114.84.37.38 - - [25/Oct/2020:10:47:57 +0800] "GET /xingrg/kc/buy/cgsh_order_operate.html?command=get_materiel&rest_code=00146&code=00101007163&supplier_code=00100347&order_time=2020-10-25 HTTP/1.1" 200 405
180.161.96.95 - - [25/Oct/2020:10:47:57 +0800] "POST /xingrg/kc/buy/cgsh_order_operate.html HTTP/1.1" 200 8245
180.161.96.95 - - [25/Oct/2020:10:47:57 +0800] "GET /xingrg/javascript/easyui/themes/default/validatebox.css HTTP/1.1" 404 1104
222.69.132.165 - - [25/Oct/2020:10:47:59 +0800] "GET /xingrg/kc/print/load_data.html?order_code=212020102510394&kc_code=cgsh&condition= HTTP/1.1" 200 710
114.84.145.85 - - [25/Oct/2020:10:48:00 +0800] "GET /xingrg/all/function/internal_message.html?_=1603593682733&CODE_STATE=getMsg HTTP/1.1" 200 27
172.17.0.101 - - [25/Oct/2020:10:48:01 +0800] "GET /xingrg/all/function/internal_message.html?_=1603594077352&CODE_STATE=getMsg HTTP/1.1" 200 27
114.84.145.85 - - [25/Oct/2020:10:48:02 +0800] "GET /xingrg/all/function/internal_message.html?_=1603594079403&CODE_STATE=getMsg HTTP/1.1" 200 27
180.161.96.95 - - [25/Oct/2020:10:48:03 +0800] "GET /xingrg/kc/buy/cgsh_order_operate.html?command=get_materiel&rest_code=00102&code=00101010108&supplier_code=00100336&order_time=2020-10-25 HTTP/1.1" 200 421
180.161.96.95 - - [25/Oct/2020:10:48:03 +0800] "GET /xingrg/all/function/internal_message.html?_=1603594079618&CODE_STATE=getMsg HTTP/1.1" 200 27
222.69.132.165 - - [25/Oct/2020:10:48:04 +0800] "GET /xingrg/kc/buy/cgsh_order_add.html HTTP/1.1" 200 60179
222.69.132.165 - - [25/Oct/2020:10:48:05 +0800] "POST /xingrg/kc/buy/cgsh_order_operate.html HTTP/1.1" 200 8245
222.69.132.165 - - [25/Oct/2020:10:48:05 +0800] "GET /xingrg/javascript/easyui/themes/default/validatebox.css HTTP/1.1" 404 1104
172.17.0.123 - - [25/Oct/2020:10:48:07 +0800] "GET /xingrg/all/function/internal_message.html?_=1603594047346&CODE_STATE=getMsg HTTP/1.1" 200 27
117.184.7.30 - - [25/Oct/2020:10:48:09 +0800] "GET /xingrg/all/function/internal_message.html?_=1603594084893&CODE_STATE=getMsg HTTP/1.1" 200 27
124.77.70.31 - - [25/Oct/2020:10:48:09 +0800] "GET /xingrg/kc/buy/cgsh_order_add.html HTTP/1.1" 200 60214
180.162.245.190 - - [25/Oct/2020:10:48:09 +0800] "GET /xingrg/all/function/internal_message.html?_=1603594085515&CODE_STATE=getMsg HTTP/1.1" 200 27
180.162.245.190 - - [25/Oct/2020:10:48:09 +0800] "GET /xingrg/check_reg.html?_=1603594085518 HTTP/1.1" 200 22
124.77.70.31 - - [25/Oct/2020:10:48:09 +0800] "GET /xingrg/words/20201025093224_words.js HTTP/1.1" 304 -
124.77.70.31 - - [25/Oct/2020:10:48:10 +0800] "GET /xingrg/javascript/easyui/themes/default/validatebox.css HTTP/1.1" 404 1104
117.185.32.26 - - [25/Oct/2020:10:48:10 +0800] "GET /xingrg/all/function/internal_message.html?_=1603594085729&CODE_STATE=getMsg HTTP/1.1" 200 27
124.77.70.31 - - [25/Oct/2020:10:48:10 +0800] "POST /xingrg/kc/buy/cgsh_order_operate.html HTTP/1.1" 200 8245
222.69.132.165 - - [25/Oct/2020:10:48:11 +0800] "GET /xingrg/all/function/internal_message.html?_=1603594087103&CODE_STATE=getMsg HTTP/1.1" 200 27
124.77.70.31 - - [25/Oct/2020:10:48:11 +0800] "GET /xingrg/javascript/easyui/themes/default/tree.css HTTP/1.1" 404 1090
117.185.32.26 - - [25/Oct/2020:10:48:12 +0800] "POST /xingrg/kc/buy/cgsh_order_operate.html HTTP/1.1" 200 37
124.77.70.31 - - [25/Oct/2020:10:48:12 +0800] "POST /xingrg/all/common/load_tree.html?tree=supplier_tree_json&isDelete=1 HTTP/1.1" 200 50797
180.161.96.95 - - [25/Oct/2020:10:48:12 +0800] "POST /xingrg/kc/buy/cgsh_order_operate.html HTTP/1.1" 200 88
222.69.133.109 - - [25/Oct/2020:10:48:12 +0800] "POST /xingrg/dwr/call/plaincall/AjaxQqpsService.getMaterielByCode.dwr HTTP/1.1" 200 1536
114.84.37.38 - - [25/Oct/2020:10:48:12 +0800] "GET /xingrg/kc/buy/cgsh_order_operate.html?command=get_materiel&rest_code=00146&code=00101007162&supplier_code=00100347&order_time=2020-10-25 HTTP/1.1" 200 405
117.184.7.26 - - [25/Oct/2020:10:48:12 +0800] "GET /xingrg/kc/buy/cgsh_order_operate.html?command=get_materiel&rest_code=00108&code=00101008190&supplier_code=00100008&order_time=2020-10-25 HTTP/1.1" 200 412
117.185.32.26 - - [25/Oct/2020:10:48:14 +0800] "POST /xingrg/kc/buy/cgsh_order_operate.html HTTP/1.1" 200 12
117.185.32.26 - - [25/Oct/2020:10:48:15 +0800] "GET /xingrg/kc/buy/cgsh_order_info.html?code=212020102510395 HTTP/1.1" 200 55033
114.84.37.38 - - [25/Oct/2020:10:48:15 +0800] "GET /xingrg/all/function/internal_message.html?_=1603594109186&CODE_STATE=getMsg HTTP/1.1" 200 27
117.185.32.26 - - [25/Oct/2020:10:48:15 +0800] "GET /xingrg/javascript/easyui/themes/default/validatebox.css HTTP/1.1" 404 1104
180.161.96.95 - - [25/Oct/2020:10:48:15 +0800] "POST /xingrg/kc/buy/cgsh_order_operate.html HTTP/1.1" 200 37
117.185.32.26 - - [25/Oct/2020:10:48:15 +0800] "POST /xingrg/kc/buy/cgsh_order_operate.html HTTP/1.1" 200 1215
222.69.133.109 - - [25/Oct/2020:10:48:15 +0800] "POST /xingrg/dwr/call/plaincall/AjaxQqpsService.saveMaterielItem.dwr HTTP/1.1" 200 79
180.161.96.95 - - [25/Oct/2020:10:48:16 +0800] "POST /xingrg/kc/buy/cgsh_order_operate.html HTTP/1.1" 200 2665
222.69.132.165 - - [25/Oct/2020:10:48:17 +0800] "GET /xingrg/kc/buy/cgsh_order_operate.html?command=get_materiel&rest_code=00149&code=00101010569&supplier_code=00100327&order_time=2020-10-25 HTTP/1.1" 200 397
117.185.32.26 - - [25/Oct/2020:10:48:19 +0800] "GET /xingrg/kc/print/load_data.html?order_code=212020102510395&kc_code=cgsh&condition= HTTP/1.1" 200 1013
117.184.7.26 - - [25/Oct/2020:10:48:19 +0800] "GET /xingrg/kc/buy/cgsh_order_operate.html?command=get_materiel&rest_code=00108&code=00101008361&supplier_code=00100008&order_time=2020-10-25 HTTP/1.1" 200 408
180.161.96.95 - - [25/Oct/2020:10:48:21 +0800] "GET /xingrg/login.html HTTP/1.1" 200 7641
180.161.96.95 - - [25/Oct/2020:10:48:21 +0800] "GET /xingrg/images/blue/jxLogo.png HTTP/1.1" 304 -
180.161.96.95 - - [25/Oct/2020:10:48:21 +0800] "GET /xingrg/images/blue/hj.png HTTP/1.1" 304 -
180.161.96.95 - - [25/Oct/2020:10:48:21 +0800] "GET /xingrg/images/blue/login_bg.png HTTP/1.1" 304 -
180.161.96.95 - - [25/Oct/2020:10:48:21 +0800] "GET /xingrg/images/blue/srbg.png HTTP/1.1" 304 -
180.161.96.95 - - [25/Oct/2020:10:48:21 +0800] "GET /favicon.ico HTTP/1.1" 404 -
180.161.96.95 - - [25/Oct/2020:10:48:23 +0800] "GET /xingrg/login.html HTTP/1.1" 200 7641
180.161.96.95 - - [25/Oct/2020:10:48:23 +0800] "GET /favicon.ico HTTP/1.1" 404 -
180.161.96.95 - - [25/Oct/2020:10:48:24 +0800] "POST /xingrg/login.do HTTP/1.1" 302 -
180.161.96.95 - - [25/Oct/2020:10:48:24 +0800] "GET /xingrg/javascript/jquery_easy_ui/themes/default/easyui.css HTTP/1.1" 304 -
180.161.96.95 - - [25/Oct/2020:10:48:24 +0800] "GET /xingrg/javascript/jquery_easy_ui/themes/icon.css HTTP/1.1" 304 -
180.161.96.95 - - [25/Oct/2020:10:48:24 +0800] "GET /xingrg/javascript/jquery_easy_ui/easyui-lang-zh_CN.js HTTP/1.1" 304 -
180.161.96.95 - - [25/Oct/2020:10:48:24 +0800] "GET /xingrg/javascript/jquery-1.4.2.min.js HTTP/1.1" 304 -
180.161.96.95 - - [25/Oct/2020:10:48:24 +0800] "GET /xingrg/javascript/jquery.utils.js HTTP/1.1" 304 -
180.161.96.95 - - [25/Oct/2020:10:48:24 +0800] "GET /xingrg/javascript/jquery.form.js HTTP/1.1" 304 -
180.161.96.95 - - [25/Oct/2020:10:48:24 +0800] "GET /xingrg/javascript/jquery_easy_ui/jquery.easyui.min.js HTTP/1.1" 304 -
180.161.96.95 - - [25/Oct/2020:10:48:24 +0800] "GET /xingrg/css/form.css HTTP/1.1" 304 -
180.161.96.95 - - [25/Oct/2020:10:48:24 +0800] "GET /xingrg/javascript/jquery.timers.js HTTP/1.1" 304 -
180.161.96.95 - - [25/Oct/2020:10:48:24 +0800] "GET /xingrg/index.html?sysBaseUrl=http%3A%2F%2F180.169.147.146%3A18081%2Fxingrg%2F&costTime=40×tamp=1603594104200 HTTP/1.1" 200 17173
180.161.96.95 - - [25/Oct/2020:10:48:24 +0800] "GET /favicon.ico HTTP/1.1" 404 -
180.161.96.95 - - [25/Oct/2020:10:48:24 +0800] "GET /xingrg/images/blue/navBackgound.jpg HTTP/1.1" 304 -
180.161.96.95 - - [25/Oct/2020:10:48:24 +0800] "GET /xingrg/javascript/jquery_easy_ui/themes/icons/settle_new.png HTTP/1.1" 304 -
180.161.96.95 - - [25/Oct/2020:10:48:24 +0800] "POST /xingrg/all/common/load_tree.html?tree=area_rest_tree_json&manage=1 HTTP/1.1" 200 342
180.161.96.95 - - [25/Oct/2020:10:48:24 +0800] "GET /xingrg/images/blue/pingpu.png HTTP/1.1" 304 -
180.161.96.95 - - [25/Oct/2020:10:48:24 +0800] "GET /xingrg/javascript/jquery_easy_ui/themes/default/images/tabs_leftarrow.png HTTP/1.1" 304 -
180.161.96.95 - - [25/Oct/2020:10:48:24 +0800] "GET /xingrg/javascript/jquery_easy_ui/themes/default/images/tabs_rightarrow.png HTTP/1.1" 304 -
180.161.96.95 - - [25/Oct/2020:10:48:24 +0800] "GET /xingrg/javascript/jquery_easy_ui/themes/default/images/panel_tool_collapse.gif HTTP/1.1" 304 -
180.161.96.95 - - [25/Oct/2020:10:48:24 +0800] "GET /xingrg/all/function/internal_message.html?_=1603594100723&CODE_STATE=count HTTP/1.1" 200 11
180.161.96.95 - - [25/Oct/2020:10:48:24 +0800] "GET /xingrg/check_reg.html?_=1603594100724 HTTP/1.1" 200 22
180.161.96.95 - - [25/Oct/2020:10:48:24 +0800] "GET /xingrg/javascript/jquery_easy_ui/themes/default/images/tree_arrows.gif HTTP/1.1" 304 -
180.161.96.95 - - [25/Oct/2020:10:48:24 +0800] "POST /xingrg/load_menu.html HTTP/1.1" 200 5138
180.161.96.95 - - [25/Oct/2020:10:48:24 +0800] "GET /xingrg/javascript/jquery_easy_ui/themes/default/images/tree_folder_open.gif HTTP/1.1" 304 -
180.161.96.95 - - [25/Oct/2020:10:48:24 +0800] "GET /xingrg/javascript/jquery_easy_ui/themes/icons/search_new.png HTTP/1.1" 304 -
180.161.96.95 - - [25/Oct/2020:10:48:24 +0800] "GET /xingrg/javascript/jquery_easy_ui/themes/default/images/tree_folder.gif HTTP/1.1" 304 -
180.161.96.95 - - [25/Oct/2020:10:48:24 +0800] "GET /xingrg/javascript/jquery_easy_ui/themes/icons/storage_new.png HTTP/1.1" 304 -
180.161.96.95 - - [25/Oct/2020:10:48:24 +0800] "GET /xingrg/javascript/jquery_easy_ui/themes/icons/forms_new.png HTTP/1.1" 304 -
180.161.96.95 - - [25/Oct/2020:10:48:24 +0800] "GET /xingrg/javascript/jquery_easy_ui/themes/default/images/tree_file.gif HTTP/1.1" 304 -
58.221.95.50 - - [25/Oct/2020:10:48:25 +0800] "GET /xingrg/all/function/internal_message.html?_=1603594280427&CODE_STATE=getMsg HTTP/1.1" 200 27
222.69.132.165 - - [25/Oct/2020:10:48:25 +0800] "GET /xingrg/kc/buy/cgsh_order_operate.html?command=get_materiel&rest_code=00149&code=00101008486&supplier_code=00100327&order_time=2020-10-25 HTTP/1.1" 200 400
117.184.7.26 - - [25/Oct/2020:10:48:25 +0800] "GET /xingrg/kc/buy/cgsh_order_operate.html?command=get_materiel&rest_code=00108&code=00101008355&supplier_code=00100008&order_time=2020-10-25 HTTP/1.1" 200 408
180.161.96.95 - - [25/Oct/2020:10:48:26 +0800] "GET /xingrg/javascript/jquery_easy_ui/themes/default/images/tabs_close.gif HTTP/1.1" 304 -
180.161.96.95 - - [25/Oct/2020:10:48:26 +0800] "GET /xingrg/kc/buy/cgsh_order_list.html HTTP/1.1" 200 44388
180.161.96.95 - - [25/Oct/2020:10:48:26 +0800] "GET /xingrg/css/base.css HTTP/1.1" 304 -
180.161.96.95 - - [25/Oct/2020:10:48:26 +0800] "GET /xingrg/css/site.css HTTP/1.1" 304 -
180.161.96.95 - - [25/Oct/2020:10:48:26 +0800] "GET /xingrg/javascript/jquery_tools/datebox.css HTTP/1.1" 304 -
180.161.96.95 - - [25/Oct/2020:10:48:26 +0800] "GET /xingrg/javascript/easyui/themes/default/easyui.css HTTP/1.1" 304 -
180.161.96.95 - - [25/Oct/2020:10:48:26 +0800] "GET /xingrg/javascript/auto/jquery.autocomplete.css HTTP/1.1" 304 -
180.161.96.95 - - [25/Oct/2020:10:48:26 +0800] "GET /xingrg/javascript/jquery_tools/table.css HTTP/1.1" 304 -
180.161.96.95 - - [25/Oct/2020:10:48:26 +0800] "GET /xingrg/javascript/jquery_tools/jquery.tools.min.js HTTP/1.1" 304 -
180.161.96.95 - - [25/Oct/2020:10:48:26 +0800] "GET /xingrg/javascript/jquery_tools/list_manager.js HTTP/1.1" 304 -
180.161.96.95 - - [25/Oct/2020:10:48:26 +0800] "GET /xingrg/javascript/jquery_tools/fix.css HTTP/1.1" 304 -
180.161.96.95 - - [25/Oct/2020:10:48:26 +0800] "GET /xingrg/javascript/easyui/easyloader.js HTTP/1.1" 304 -
180.161.96.95 - - [25/Oct/2020:10:48:26 +0800] "GET /xingrg/javascript/jquery_tools/jquery.tools.extend.js HTTP/1.1" 304 -
180.161.96.95 - - [25/Oct/2020:10:48:26 +0800] "GET /xingrg/javascript/auto/jquery.autocomplete.js HTTP/1.1" 304 -
180.161.96.95 - - [25/Oct/2020:10:48:26 +0800] "GET /xingrg/javascript/jquery_tools/jquery.tools.hotkey.js HTTP/1.1" 304 -
180.161.96.95 - - [25/Oct/2020:10:48:26 +0800] "GET /xingrg/javascript/jquery.cookie.js HTTP/1.1" 304 -
180.161.96.95 - - [25/Oct/2020:10:48:26 +0800] "GET /xingrg/javascript/jquery_tools/jquery.tools.table.js HTTP/1.1" 304 -
180.161.96.95 - - [25/Oct/2020:10:48:26 +0800] "GET /xingrg/javascript/easyui/themes/icon.css HTTP/1.1" 304 -
180.161.96.95 - - [25/Oct/2020:10:48:26 +0800] "GET /xingrg/javascript/print/LodopFuncs.js HTTP/1.1" 304 -
180.161.96.95 - - [25/Oct/2020:10:48:27 +0800] "GET /xingrg/javascript/easyui/themes/icons/edit_add_new.png HTTP/1.1" 304 -
180.161.96.95 - - [25/Oct/2020:10:48:27 +0800] "GET /xingrg/javascript/easyui/themes/icons/cance_new.png HTTP/1.1" 304 -
180.161.96.95 - - [25/Oct/2020:10:48:27 +0800] "GET /xingrg/javascript/easyui/themes/icons/field_new.png HTTP/1.1" 304 -
180.161.96.95 - - [25/Oct/2020:10:48:27 +0800] "GET /xingrg/javascript/easyui/themes/icons/check_new.png HTTP/1.1" 304 -
180.161.96.95 - - [25/Oct/2020:10:48:27 +0800] "GET /xingrg/javascript/easyui/themes/icons/import_new.png HTTP/1.1" 304 -
180.161.96.95 - - [25/Oct/2020:10:48:27 +0800] "GET /xingrg/javascript/jquery_easy_ui/themes/icons/area.png HTTP/1.1" 304 -
180.161.96.95 - - [25/Oct/2020:10:48:27 +0800] "GET /xingrg/javascript/jquery_easy_ui/themes/icons/rest.png HTTP/1.1" 304 -
180.161.96.95 - - [25/Oct/2020:10:48:27 +0800] "GET /xingrg/javascript/easyui/plugins/jquery.parser.js HTTP/1.1" 304 -
180.161.96.95 - - [25/Oct/2020:10:48:27 +0800] "GET /xingrg/images/control/ajaxLoader.gif HTTP/1.1" 304 -
117.185.32.26 - - [25/Oct/2020:10:48:28 +0800] "GET /xingrg/all/function/internal_message.html?_=1603594541001&CODE_STATE=getMsg HTTP/1.1" 200 27
114.88.166.242 - - [25/Oct/2020:10:48:28 +0800] "GET /xingrg/kc/base/wldb_order_list.html HTTP/1.1" 200 19377
180.161.96.95 - - [25/Oct/2020:10:48:28 +0800] "POST /xingrg/kc/buy/cgsh_list_operate.html HTTP/1.1" 200 1688
114.88.166.242 - - [25/Oct/2020:10:48:28 +0800] "POST /xingrg/kc/base/wldb_list_operate.html HTTP/1.1" 200 928
114.84.37.38 - - [25/Oct/2020:10:48:30 +0800] "GET /xingrg/kc/buy/cgsh_order_operate.html?command=get_materiel&rest_code=00146&code=00101002007&supplier_code=00100347&order_time=2020-10-25 HTTP/1.1" 200 430
117.185.32.26 - - [25/Oct/2020:10:48:30 +0800] "GET /xingrg/kc/buy/cgsh_order_add.html HTTP/1.1" 200 60126
180.161.96.95 - - [25/Oct/2020:10:48:30 +0800] "GET /xingrg/javascript/jquery_easy_ui/themes/default/images/tabs_active.png HTTP/1.1" 304 -
180.161.96.95 - - [25/Oct/2020:10:48:30 +0800] "GET /xingrg/javascript/jquery_easy_ui/themes/default/images/tabs_active.png HTTP/1.1" 304 -
117.185.32.26 - - [25/Oct/2020:10:48:31 +0800] "POST /xingrg/kc/buy/cgsh_order_operate.html HTTP/1.1" 200 8245
117.185.32.26 - - [25/Oct/2020:10:48:31 +0800] "GET /xingrg/javascript/easyui/themes/default/validatebox.css HTTP/1.1" 404 1104
172.17.0.120 - - [25/Oct/2020:10:48:33 +0800] "GET /xingrg/all/function/internal_message.html?_=1603594109021&CODE_STATE=getMsg HTTP/1.1" 200 27
117.185.32.26 - - [25/Oct/2020:10:48:33 +0800] "GET /xingrg/javascript/easyui/themes/default/tree.css HTTP/1.1" 404 1090
117.185.32.26 - - [25/Oct/2020:10:48:33 +0800] "POST /xingrg/all/common/load_tree.html?tree=supplier_tree_json&isDelete=1 HTTP/1.1" 200 50797
222.69.132.165 - - [25/Oct/2020:10:48:35 +0800] "POST /xingrg/kc/buy/cgsh_order_operate.html HTTP/1.1" 200 37
124.77.70.31 - - [25/Oct/2020:10:48:35 +0800] "GET /xingrg/kc/buy/cgsh_order_operate.html?command=get_materiel&rest_code=00107&code=00101010536&supplier_code=00100322&order_time=2020-10-25 HTTP/1.1" 200 425
117.184.7.26 - - [25/Oct/2020:10:48:36 +0800] "GET /xingrg/kc/buy/cgsh_order_operate.html?command=get_materiel&rest_code=00108&code=00101008264&supplier_code=00100008&order_time=2020-10-25 HTTP/1.1" 200 412
114.86.231.202 - - [25/Oct/2020:10:48:36 +0800] "GET /xingrg/check_reg.html?_=1603594157562 HTTP/1.1" 200 22
114.86.231.202 - - [25/Oct/2020:10:48:36 +0800] "GET /xingrg/all/function/internal_message.html?_=1603594157562&CODE_STATE=getMsg HTTP/1.1" 200 27
222.69.132.165 - - [25/Oct/2020:10:48:37 +0800] "POST /xingrg/kc/buy/cgsh_order_operate.html HTTP/1.1" 200 12
180.174.56.115 - - [25/Oct/2020:10:48:37 +0800] "GET /xingrg/check_reg.html?_=1603594085180 HTTP/1.1" 200 22
222.69.133.109 - - [25/Oct/2020:10:48:38 +0800] "POST /xingrg/dwr/call/plaincall/AjaxQqpsService.getMaterielByCode.dwr HTTP/1.1" 200 1509
222.69.132.165 - - [25/Oct/2020:10:48:38 +0800] "GET /xingrg/kc/buy/cgsh_order_info.html?code=212020102510398 HTTP/1.1" 200 55082
222.69.132.165 - - [25/Oct/2020:10:48:38 +0800] "GET /xingrg/javascript/easyui/themes/default/validatebox.css HTTP/1.1" 404 1104
180.174.56.115 - - [25/Oct/2020:10:48:38 +0800] "GET /xingrg/all/function/internal_message.html?_=1603594113518&CODE_STATE=getMsg HTTP/1.1" 200 27
222.69.132.165 - - [25/Oct/2020:10:48:38 +0800] "POST /xingrg/kc/buy/cgsh_order_operate.html HTTP/1.1" 200 1200
172.17.200.101 - - [25/Oct/2020:10:48:39 +0800] "GET /xingrg/all/function/internal_message.html?_=1603594115445&CODE_STATE=getMsg HTTP/1.1" 200 27
172.17.0.185 - - [25/Oct/2020:10:48:39 +0800] "GET /xingrg/all/function/internal_message.html?_=1603594114644&CODE_STATE=getMsg HTTP/1.1" 200 27
222.69.132.165 - - [25/Oct/2020:10:48:41 +0800] "GET /xingrg/kc/print/load_data.html?order_code=212020102510398&kc_code=cgsh&condition= HTTP/1.1" 200 935
222.69.133.109 - - [25/Oct/2020:10:48:41 +0800] "POST /xingrg/dwr/call/plaincall/AjaxQqpsService.saveMaterielItem.dwr HTTP/1.1" 200 79
222.69.132.165 - - [25/Oct/2020:10:48:45 +0800] "GET /xingrg/kc/buy/cgsh_order_add.html HTTP/1.1" 200 60179
114.88.166.242 - - [25/Oct/2020:10:48:45 +0800] "GET /xingrg/all/function/internal_message.html?_=1603594114659&CODE_STATE=getMsg HTTP/1.1" 200 27
222.69.132.165 - - [25/Oct/2020:10:48:45 +0800] "POST /xingrg/kc/buy/cgsh_order_operate.html HTTP/1.1" 200 8245
222.69.132.165 - - [25/Oct/2020:10:48:45 +0800] "GET /xingrg/javascript/easyui/themes/default/validatebox.css HTTP/1.1" 404 1104
117.184.7.26 - - [25/Oct/2020:10:48:45 +0800] "GET /xingrg/kc/buy/cgsh_order_operate.html?command=get_materiel&rest_code=00108&code=00101008063&supplier_code=00100008&order_time=2020-10-25 HTTP/1.1" 200 412
120.253.135.82 - - [25/Oct/2020:10:48:48 +0800] "GET /xingrg/all/function/internal_message.html?_=1603593869537&CODE_STATE=getMsg HTTP/1.1" 200 27
124.77.70.31 - - [25/Oct/2020:10:48:50 +0800] "GET /xingrg/kc/buy/cgsh_order_operate.html?command=get_materiel&rest_code=00107&code=00101007144&supplier_code=00100322&order_time=2020-10-25 HTTP/1.1" 200 428
114.88.166.242 - - [25/Oct/2020:10:48:51 +0800] "GET /xingrg/all/function/internal_message.html?_=1603594221383&CODE_STATE=getMsg HTTP/1.1" 200 27
117.184.7.26 - - [25/Oct/2020:10:48:52 +0800] "GET /xingrg/kc/buy/cgsh_order_operate.html?command=get_materiel&rest_code=00108&code=00101008137&supplier_code=00100008&order_time=2020-10-25 HTTP/1.1" 200 427
124.77.70.31 - - [25/Oct/2020:10:48:53 +0800] "GET /xingrg/all/function/internal_message.html?_=1603594118572&CODE_STATE=getMsg HTTP/1.1" 200 27
117.184.7.26 - - [25/Oct/2020:10:48:54 +0800] "POST /xingrg/kc/buy/cgsh_order_operate.html HTTP/1.1" 200 2065
180.174.56.115 - - [25/Oct/2020:10:48:55 +0800] "GET /xingrg/all/function/internal_message.html?_=1603594102379&CODE_STATE=getMsg HTTP/1.1" 200 27
222.69.133.109 - - [25/Oct/2020:10:48:55 +0800] "GET /xingrg/all/function/internal_message.html?_=1603594130644&CODE_STATE=getMsg HTTP/1.1" 200 27
117.185.32.26 - - [25/Oct/2020:10:48:56 +0800] "GET /xingrg/kc/buy/cgsh_order_operate.html?command=get_materiel&rest_code=00106&code=00101003011&supplier_code=00100093&order_time=2020-10-25 HTTP/1.1" 200 446
117.131.5.26 - - [25/Oct/2020:10:48:56 +0800] "GET /xingrg/all/function/internal_message.html?_=1603594159181&CODE_STATE=getMsg HTTP/1.1" 200 27
117.184.7.26 - - [25/Oct/2020:10:48:57 +0800] "GET /xingrg/kc/buy/cgsh_order_operate.html?command=get_materiel&rest_code=00108&code=00101008059&supplier_code=00100008&order_time=2020-10-25 HTTP/1.1" 200 408
222.69.132.165 - - [25/Oct/2020:10:48:58 +0800] "GET /xingrg/kc/buy/cgsh_order_operate.html?command=get_materiel&rest_code=00149&code=00101006164&supplier_code=00100326&order_time=2020-10-25 HTTP/1.1" 200 415
101.91.60.11 - - [25/Oct/2020:10:49:00 +0800] "GET /xingrg/kc/buy/cgsh_order_info.html?code=212020102510292 HTTP/1.1" 302 -
124.77.70.31 - - [25/Oct/2020:10:49:00 +0800] "POST /xingrg/kc/buy/cgsh_order_operate.html HTTP/1.1" 200 37
114.84.145.85 - - [25/Oct/2020:10:49:00 +0800] "GET /xingrg/check_reg.html?_=1603593742638 HTTP/1.1" 200 22
114.84.145.85 - - [25/Oct/2020:10:49:00 +0800] "GET /xingrg/all/function/internal_message.html?_=1603593742713&CODE_STATE=getMsg HTTP/1.1" 200 27
172.17.0.101 - - [25/Oct/2020:10:49:01 +0800] "GET /xingrg/all/function/internal_message.html?_=1603594137351&CODE_STATE=getMsg HTTP/1.1" 200 27
124.77.70.31 - - [25/Oct/2020:10:49:01 +0800] "POST /xingrg/kc/buy/cgsh_order_operate.html HTTP/1.1" 200 3285
114.84.145.85 - - [25/Oct/2020:10:49:02 +0800] "GET /xingrg/all/function/internal_message.html?_=1603594139385&CODE_STATE=getMsg HTTP/1.1" 200 27
101.91.60.11 - - [25/Oct/2020:10:49:02 +0800] "GET /xingrg/login.html HTTP/1.1" 200 7641
124.77.70.31 - - [25/Oct/2020:10:49:03 +0800] "GET /xingrg/kc/print/load_data.html?order_code=212020102510399&kc_code=cgsh&condition= HTTP/1.1" 200 932
114.84.37.38 - - [25/Oct/2020:10:49:03 +0800] "GET /xingrg/kc/buy/cgsh_order_operate.html?command=get_materiel&rest_code=00146&code=00101016052&supplier_code=00100347&order_time=2020-10-25 HTTP/1.1" 200 416
117.184.7.26 - - [25/Oct/2020:10:49:04 +0800] "GET /xingrg/kc/buy/cgsh_order_operate.html?command=get_materiel&rest_code=00108&code=00101008357&supplier_code=00100008&order_time=2020-10-25 HTTP/1.1" 200 428
222.69.133.109 - - [25/Oct/2020:10:49:04 +0800] "POST /xingrg/dwr/call/plaincall/AjaxQqpsService.getMaterielByCode.dwr HTTP/1.1" 200 1467
222.69.132.165 - - [25/Oct/2020:10:49:06 +0800] "POST /xingrg/kc/buy/cgsh_order_operate.html HTTP/1.1" 200 37
172.17.0.123 - - [25/Oct/2020:10:49:07 +0800] "GET /xingrg/all/function/internal_message.html?_=1603594107346&CODE_STATE=getMsg HTTP/1.1" 200 27
124.77.70.31 - - [25/Oct/2020:10:49:08 +0800] "GET /xingrg/kc/buy/cgsh_order_add.html HTTP/1.1" 200 60214
114.88.166.242 - - [25/Oct/2020:10:49:09 +0800] "GET /xingrg/kc/base/wldb_order_list.html HTTP/1.1" 200 19377
117.184.7.26 - - [25/Oct/2020:10:49:09 +0800] "GET /xingrg/all/function/internal_message.html?_=1603594144930&CODE_STATE=getMsg HTTP/1.1" 200 27
124.77.70.31 - - [25/Oct/2020:10:49:09 +0800] "GET /xingrg/javascript/easyui/themes/default/validatebox.css HTTP/1.1" 404 1104
124.77.70.31 - - [25/Oct/2020:10:49:09 +0800] "POST /xingrg/kc/buy/cgsh_order_operate.html HTTP/1.1" 200 8245
180.162.245.190 - - [25/Oct/2020:10:49:09 +0800] "GET /xingrg/all/function/internal_message.html?_=1603594145507&CODE_STATE=getMsg HTTP/1.1" 200 27
114.88.166.242 - - [25/Oct/2020:10:49:09 +0800] "POST /xingrg/kc/base/wldb_list_operate.html HTTP/1.1" 200 928
117.185.32.26 - - [25/Oct/2020:10:49:10 +0800] "GET /xingrg/all/function/internal_message.html?_=1603594145699&CODE_STATE=getMsg HTTP/1.1" 200 27
114.88.166.242 - - [25/Oct/2020:10:49:10 +0800] "GET /xingrg/kc/base/wldb_order_add.html HTTP/1.1" 200 30546
124.77.70.31 - - [25/Oct/2020:10:49:10 +0800] "GET /xingrg/javascript/easyui/themes/default/tree.css HTTP/1.1" 404 1090
114.88.166.242 - - [25/Oct/2020:10:49:10 +0800] "POST /xingrg/kc/base/wldb_order_operate.html HTTP/1.1" 200 6806
114.88.166.242 - - [25/Oct/2020:10:49:10 +0800] "GET /xingrg/all/common/auto_word.html?type=base&rest_code=00111 HTTP/1.1" 200 1753
114.88.166.242 - - [25/Oct/2020:10:49:10 +0800] "GET /xingrg/all/common/auto_word.html?type=base&rest_code=00111 HTTP/1.1" 200 1753
114.88.166.242 - - [25/Oct/2020:10:49:10 +0800] "GET /xingrg/javascript/easyui/themes/default/validatebox.css HTTP/1.1" 404 1104
124.77.70.31 - - [25/Oct/2020:10:49:10 +0800] "POST /xingrg/all/common/load_tree.html?tree=supplier_tree_json&isDelete=1 HTTP/1.1" 200 50797
222.69.132.165 - - [25/Oct/2020:10:49:11 +0800] "GET /xingrg/all/function/internal_message.html?_=1603594147075&CODE_STATE=getMsg HTTP/1.1" 200 27
222.69.132.165 - - [25/Oct/2020:10:49:11 +0800] "GET /xingrg/check_reg.html?_=1603594147248 HTTP/1.1" 200 22
101.91.60.105 - - [25/Oct/2020:10:49:11 +0800] "GET /xingrg/all/function/internal_message.html?_=1603593419598&CODE_STATE=getMsg HTTP/1.1" 302 -
222.69.132.165 - - [25/Oct/2020:10:49:12 +0800] "POST /xingrg/kc/buy/cgsh_order_operate.html HTTP/1.1" 200 12
117.184.7.26 - - [25/Oct/2020:10:49:13 +0800] "GET /xingrg/kc/buy/cgsh_order_operate.html?command=get_materiel&rest_code=00108&code=00101008230&supplier_code=00100008&order_time=2020-10-25 HTTP/1.1" 200 408
222.69.132.165 - - [25/Oct/2020:10:49:13 +0800] "GET /xingrg/kc/buy/cgsh_order_info.html?code=212020102510400 HTTP/1.1" 200 55086
222.69.132.165 - - [25/Oct/2020:10:49:14 +0800] "GET /xingrg/javascript/easyui/themes/default/validatebox.css HTTP/1.1" 404 1104
222.69.132.165 - - [25/Oct/2020:10:49:14 +0800] "POST /xingrg/kc/buy/cgsh_order_operate.html HTTP/1.1" 200 610
114.84.37.38 - - [25/Oct/2020:10:49:15 +0800] "GET /xingrg/all/function/internal_message.html?_=1603594169200&CODE_STATE=getMsg HTTP/1.1" 200 27
61.151.179.84 - - [25/Oct/2020:10:49:16 +0800] "GET /xingrg/kc/buy/cgsh_order_operate.html?command=get_materiel&rest_code=00141&code=00101007081&supplier_code=00100004&order_time=2020-10-25 HTTP/1.1" 302 -
222.69.132.165 - - [25/Oct/2020:10:49:16 +0800] "GET /xingrg/kc/print/load_data.html?order_code=212020102510400&kc_code=cgsh&condition= HTTP/1.1" 200 717
61.151.179.84 - - [25/Oct/2020:10:49:18 +0800] "GET /xingrg/login.html HTTP/1.1" 200 7641
101.91.60.105 - - [25/Oct/2020:10:49:21 +0800] "GET /xingrg/login.html HTTP/1.1" 200 7641
114.88.166.242 - - [25/Oct/2020:10:49:21 +0800] "GET /xingrg/kc/base/wldb_order_operate.html?command=get_materiel&rest_code=00111&base_code=0010306&code=00102002035 HTTP/1.1" 200 426
180.161.96.95 - - [25/Oct/2020:10:49:24 +0800] "GET /xingrg/all/function/internal_message.html?_=1603594160731&CODE_STATE=getMsg HTTP/1.1" 200 27
58.221.95.50 - - [25/Oct/2020:10:49:25 +0800] "GET /xingrg/all/function/internal_message.html?_=1603594340426&CODE_STATE=getMsg HTTP/1.1" 200 27
117.184.7.26 - - [25/Oct/2020:10:49:25 +0800] "POST /xingrg/kc/buy/cgsh_order_operate.html HTTP/1.1" 200 37
222.69.132.165 - - [25/Oct/2020:10:49:25 +0800] "GET /xingrg/kc/buy/cgsh_order_add.html HTTP/1.1" 200 60179
222.69.132.165 - - [25/Oct/2020:10:49:26 +0800] "POST /xingrg/kc/buy/cgsh_order_operate.html HTTP/1.1" 200 8245
222.69.132.165 - - [25/Oct/2020:10:49:26 +0800] "GET /xingrg/javascript/easyui/themes/default/validatebox.css HTTP/1.1" 404 1104
124.77.70.31 - - [25/Oct/2020:10:49:26 +0800] "GET /xingrg/kc/buy/cgsh_order_operate.html?command=get_materiel&rest_code=00107&code=00101001051&supplier_code=00100094&order_time=2020-10-25 HTTP/1.1" 200 422
117.184.7.26 - - [25/Oct/2020:10:49:28 +0800] "POST /xingrg/kc/buy/cgsh_order_operate.html HTTP/1.1" 200 15035
114.84.37.38 - - [25/Oct/2020:10:49:28 +0800] "GET /xingrg/kc/buy/cgsh_order_operate.html?command=get_materiel&rest_code=00146&code=00101010050&supplier_code=00100347&order_time=2020-10-25 HTTP/1.1" 200 419
117.185.32.26 - - [25/Oct/2020:10:49:28 +0800] "GET /xingrg/all/function/internal_message.html?_=1603594601204&CODE_STATE=getMsg HTTP/1.1" 200 27
120.253.135.82 - - [25/Oct/2020:10:49:28 +0800] "GET /xingrg/javascript/easyui/themes/default/images/button_plain_hover.png HTTP/1.1" 304 -
114.88.166.242 - - [25/Oct/2020:10:49:28 +0800] "GET /xingrg/kc/base/wldb_order_operate.html?command=get_materiel&rest_code=00111&base_code=0010306&code=00102002347 HTTP/1.1" 200 441
120.253.135.82 - - [25/Oct/2020:10:49:29 +0800] "GET /xingrg/javascript/easyui/themes/default/images/button_plain_hover.png HTTP/1.1" 304 -
180.161.96.95 - - [25/Oct/2020:10:49:30 +0800] "POST /xingrg/kc/buy/cgsh_list_operate.html HTTP/1.1" 200 207
180.161.96.95 - - [25/Oct/2020:10:49:30 +0800] "GET /xingrg/javascript/pic_change.js HTTP/1.1" 304 -
180.161.96.95 - - [25/Oct/2020:10:49:30 +0800] "GET /xingrg/javascript/jquery_tools/order_manager.js HTTP/1.1" 304 -
180.161.96.95 - - [25/Oct/2020:10:49:30 +0800] "GET /xingrg/kc/buy/cgsh_order_info.html?code=212020102510397 HTTP/1.1" 200 60100
180.161.96.95 - - [25/Oct/2020:10:49:30 +0800] "GET /xingrg/javascript/convert.js HTTP/1.1" 304 -
180.161.96.95 - - [25/Oct/2020:10:49:30 +0800] "GET /xingrg/javascript/json2.js HTTP/1.1" 304 -
180.161.96.95 - - [25/Oct/2020:10:49:30 +0800] "GET /xingrg/javascript/print/kc_print.js HTTP/1.1" 304 -
180.161.96.95 - - [25/Oct/2020:10:49:30 +0800] "GET /xingrg/words/20201025093224_words.js HTTP/1.1" 304 -
180.161.96.95 - - [25/Oct/2020:10:49:30 +0800] "GET /xingrg/javascript/easyui/themes/icons/copy_new.png HTTP/1.1" 304 -
180.161.96.95 - - [25/Oct/2020:10:49:30 +0800] "GET /xingrg/javascript/easyui/themes/icons/template_new.png HTTP/1.1" 304 -
180.161.96.95 - - [25/Oct/2020:10:49:30 +0800] "GET /xingrg/javascript/easyui/themes/icons/ok.png HTTP/1.1" 304 -
180.161.96.95 - - [25/Oct/2020:10:49:30 +0800] "GET /xingrg/javascript/easyui/themes/icons/print.png HTTP/1.1" 304 -
180.161.96.95 - - [25/Oct/2020:10:49:30 +0800] "GET /xingrg/javascript/easyui/themes/default/images/menu_downarrow.png HTTP/1.1" 304 -
180.161.96.95 - - [25/Oct/2020:10:49:30 +0800] "GET /xingrg/javascript/easyui/themes/icons/cancel.png HTTP/1.1" 304 -
180.161.96.95 - - [25/Oct/2020:10:49:31 +0800] "GET /xingrg/all/common/auto_word.html?type=employee&rest_code=00102 HTTP/1.1" 200 189
180.161.96.95 - - [25/Oct/2020:10:49:31 +0800] "GET /xingrg/all/common/auto_word.html?type=employee&rest_code=00102 HTTP/1.1" 200 189
180.161.96.95 - - [25/Oct/2020:10:49:31 +0800] "GET /xingrg/javascript/easyui/themes/default/validatebox.css HTTP/1.1" 404 1104
180.161.96.95 - - [25/Oct/2020:10:49:31 +0800] "GET /xingrg/javascript/easyui/plugins/jquery.validatebox.js HTTP/1.1" 304 -
180.161.96.95 - - [25/Oct/2020:10:49:31 +0800] "GET /xingrg/javascript/easyui/plugins/jquery.numberbox.js HTTP/1.1" 304 -
180.161.96.95 - - [25/Oct/2020:10:49:31 +0800] "POST /xingrg/kc/buy/cgsh_order_operate.html HTTP/1.1" 200 2665
180.161.96.95 - - [25/Oct/2020:10:49:31 +0800] "GET /xingrg/javascript/easyui/themes/icons/edit_remove.png HTTP/1.1" 304 -
180.161.96.95 - - [25/Oct/2020:10:49:31 +0800] "GET /xingrg/javascript/easyui/themes/default/images/button_plain_hover.png HTTP/1.1" 304 -
