180.161.96.95 - - [25/Oct/2020:10:04:07 +0800] "GET /xingrg/check_reg.html?_=1603591443237 HTTP/1.1" 200 22
172.17.0.123 - - [25/Oct/2020:10:04:07 +0800] "GET /xingrg/all/function/internal_message.html?_=1603591407346&CODE_STATE=getMsg HTTP/1.1" 200 27
180.161.96.95 - - [25/Oct/2020:10:04:07 +0800] "GET /xingrg/all/function/internal_message.html?_=1603591443963&CODE_STATE=getMsg HTTP/1.1" 200 27
222.69.132.165 - - [25/Oct/2020:10:04:11 +0800] "GET /xingrg/all/function/internal_message.html?_=1603591447192&CODE_STATE=getMsg HTTP/1.1" 200 27
222.69.132.165 - - [25/Oct/2020:10:04:11 +0800] "GET /xingrg/check_reg.html?_=1603591447194 HTTP/1.1" 200 22
180.161.96.95 - - [25/Oct/2020:10:04:12 +0800] "GET /xingrg/kc/buy/cgsh_order_operate.html?command=get_materiel&rest_code=00102&code=00101008028&supplier_code=00100008&order_time=2020-10-25 HTTP/1.1" 200 431
114.84.37.38 - - [25/Oct/2020:10:04:12 +0800] "GET /xingrg/all/function/internal_message.html?_=1603591466888&CODE_STATE=getMsg HTTP/1.1" 200 27
180.161.96.95 - - [25/Oct/2020:10:04:18 +0800] "GET /xingrg/kc/buy/cgsh_order_operate.html?command=get_materiel&rest_code=00102&code=00101008264&supplier_code=00100008&order_time=2020-10-25 HTTP/1.1" 200 412
180.174.56.115 - - [25/Oct/2020:10:04:22 +0800] "GET /xingrg/kc/buy/cgsh_order_operate.html?command=get_materiel&rest_code=00151&code=00101008256&supplier_code=00100007&order_time=2020-10-25 HTTP/1.1" 200 432
180.161.96.95 - - [25/Oct/2020:10:04:23 +0800] "GET /xingrg/kc/buy/cgsh_order_operate.html?command=get_materiel&rest_code=00102&code=00101008301&supplier_code=00100008&order_time=2020-10-25 HTTP/1.1" 200 422
180.162.245.190 - - [25/Oct/2020:10:04:24 +0800] "GET /xingrg/kc/buy/cgsh_order_operate.html?command=get_materiel&rest_code=00105&code=00101010567&supplier_code=00100326&order_time=2020-10-25 HTTP/1.1" 200 399
58.221.95.50 - - [25/Oct/2020:10:04:25 +0800] "GET /xingrg/all/function/internal_message.html?_=1603591640376&CODE_STATE=getMsg HTTP/1.1" 200 27
180.161.96.95 - - [25/Oct/2020:10:04:25 +0800] "GET /xingrg/kc/buy/cgsh_order_operate.html?command=get_materiel&rest_code=00102&code=00101008300&supplier_code=00100008&order_time=2020-10-25 HTTP/1.1" 200 412
180.174.56.115 - - [25/Oct/2020:10:04:28 +0800] "GET /xingrg/kc/buy/cgsh_order_operate.html?command=get_materiel&rest_code=00151&code=00101008352&supplier_code=00100007&order_time=2020-10-25 HTTP/1.1" 200 412
180.161.96.95 - - [25/Oct/2020:10:04:31 +0800] "GET /xingrg/kc/buy/cgsh_order_operate.html?command=get_materiel&rest_code=00102&code=00101008036&supplier_code=00100008&order_time=2020-10-25 HTTP/1.1" 200 427
172.17.0.120 - - [25/Oct/2020:10:04:33 +0800] "GET /xingrg/check_reg.html?_=1603591469034 HTTP/1.1" 200 22
172.17.0.120 - - [25/Oct/2020:10:04:33 +0800] "GET /xingrg/all/function/internal_message.html?_=1603591469038&CODE_STATE=getMsg HTTP/1.1" 200 27
180.174.56.115 - - [25/Oct/2020:10:04:33 +0800] "GET /xingrg/all/function/internal_message.html?_=1603591468476&CODE_STATE=getMsg HTTP/1.1" 200 27
180.161.96.95 - - [25/Oct/2020:10:04:36 +0800] "GET /xingrg/kc/buy/cgsh_order_operate.html?command=get_materiel&rest_code=00102&code=00101008131&supplier_code=00100008&order_time=2020-10-25 HTTP/1.1" 200 408
180.174.56.115 - - [25/Oct/2020:10:04:38 +0800] "POST /xingrg/kc/buy/cgsh_order_operate.html HTTP/1.1" 200 2065
172.17.200.101 - - [25/Oct/2020:10:04:39 +0800] "GET /xingrg/check_reg.html?_=1603591475357 HTTP/1.1" 200 22
172.17.0.185 - - [25/Oct/2020:10:04:39 +0800] "GET /xingrg/all/function/internal_message.html?_=1603591474650&CODE_STATE=getMsg HTTP/1.1" 200 27
172.17.0.185 - - [25/Oct/2020:10:04:39 +0800] "GET /xingrg/check_reg.html?_=1603591474655 HTTP/1.1" 200 22
172.17.200.101 - - [25/Oct/2020:10:04:40 +0800] "GET /xingrg/all/function/internal_message.html?_=1603591476126&CODE_STATE=getMsg HTTP/1.1" 200 27
180.162.245.190 - - [25/Oct/2020:10:04:40 +0800] "GET /xingrg/kc/buy/cgsh_order_operate.html?command=get_materiel&rest_code=00105&code=00101010576&supplier_code=00100326&order_time=2020-10-25 HTTP/1.1" 200 405
180.161.96.95 - - [25/Oct/2020:10:04:42 +0800] "GET /xingrg/kc/buy/cgsh_order_operate.html?command=get_materiel&rest_code=00102&code=00101008352&supplier_code=00100008&order_time=2020-10-25 HTTP/1.1" 200 412
180.174.56.115 - - [25/Oct/2020:10:04:42 +0800] "GET /xingrg/kc/buy/cgsh_order_operate.html?command=get_materiel&rest_code=00151&code=00101008270&supplier_code=00100007&order_time=2020-10-25 HTTP/1.1" 200 431
114.88.166.242 - - [25/Oct/2020:10:04:44 +0800] "GET /xingrg/all/function/internal_message.html?_=1603591474050&CODE_STATE=getMsg HTTP/1.1" 200 27
180.162.245.190 - - [25/Oct/2020:10:04:45 +0800] "POST /xingrg/kc/buy/cgsh_order_operate.html HTTP/1.1" 200 37
114.86.231.202 - - [25/Oct/2020:10:04:46 +0800] "GET /xingrg/all/function/internal_message.html?_=1603591517562&CODE_STATE=getMsg HTTP/1.1" 200 27
180.162.245.190 - - [25/Oct/2020:10:04:46 +0800] "POST /xingrg/kc/buy/cgsh_order_operate.html HTTP/1.1" 200 3852
180.162.245.190 - - [25/Oct/2020:10:04:47 +0800] "GET /xingrg/kc/print/load_data.html?order_code=212020102510263&kc_code=cgsh&condition= HTTP/1.1" 200 1135
180.161.96.95 - - [25/Oct/2020:10:04:48 +0800] "GET /xingrg/kc/buy/cgsh_order_operate.html?command=get_materiel&rest_code=00102&code=00101008353&supplier_code=00100008&order_time=2020-10-25 HTTP/1.1" 200 408
180.162.245.190 - - [25/Oct/2020:10:04:50 +0800] "GET /xingrg/kc/buy/cgsh_order_add.html HTTP/1.1" 200 60173
180.162.245.190 - - [25/Oct/2020:10:04:51 +0800] "POST /xingrg/kc/buy/cgsh_order_operate.html HTTP/1.1" 200 8245
180.162.245.190 - - [25/Oct/2020:10:04:51 +0800] "GET /xingrg/javascript/easyui/themes/default/validatebox.css HTTP/1.1" 404 1104
114.88.166.242 - - [25/Oct/2020:10:04:51 +0800] "GET /xingrg/check_reg.html?_=1603591581295 HTTP/1.1" 200 22
114.88.166.242 - - [25/Oct/2020:10:04:51 +0800] "GET /xingrg/all/function/internal_message.html?_=1603591581293&CODE_STATE=getMsg HTTP/1.1" 200 27
180.161.96.95 - - [25/Oct/2020:10:04:52 +0800] "GET /xingrg/kc/buy/cgsh_order_operate.html?command=get_materiel&rest_code=00102&code=00101008114&supplier_code=00100008&order_time=2020-10-25 HTTP/1.1" 200 412
180.174.56.115 - - [25/Oct/2020:10:04:53 +0800] "GET /xingrg/kc/buy/cgsh_order_operate.html?command=get_materiel&rest_code=00151&code=00101008126&supplier_code=00100007&order_time=2020-10-25 HTTP/1.1" 200 412
180.174.56.115 - - [25/Oct/2020:10:04:54 +0800] "GET /xingrg/all/function/internal_message.html?_=1603591461501&CODE_STATE=getMsg HTTP/1.1" 200 27
180.161.96.95 - - [25/Oct/2020:10:04:58 +0800] "GET /xingrg/kc/buy/cgsh_order_operate.html?command=get_materiel&rest_code=00102&code=00101008125&supplier_code=00100008&order_time=2020-10-25 HTTP/1.1" 200 413
180.162.245.190 - - [25/Oct/2020:10:04:59 +0800] "GET /xingrg/kc/buy/cgsh_order_operate.html?command=get_materiel&rest_code=00105&code=00101001043&supplier_code=00100090&order_time=2020-10-25 HTTP/1.1" 200 415
114.84.145.85 - - [25/Oct/2020:10:05:00 +0800] "GET /xingrg/all/function/internal_message.html?_=1603591102536&CODE_STATE=getMsg HTTP/1.1" 200 27
172.17.0.101 - - [25/Oct/2020:10:05:01 +0800] "GET /xingrg/check_reg.html?_=1603591497167 HTTP/1.1" 200 22
172.17.0.101 - - [25/Oct/2020:10:05:01 +0800] "GET /xingrg/all/function/internal_message.html?_=1603591497169&CODE_STATE=getMsg HTTP/1.1" 200 27
117.185.32.26 - - [25/Oct/2020:10:05:01 +0800] "GET /xingrg/check_reg.html?_=1603591497248 HTTP/1.1" 200 22
117.185.32.26 - - [25/Oct/2020:10:05:01 +0800] "GET /xingrg/all/function/internal_message.html?_=1603591497250&CODE_STATE=getMsg HTTP/1.1" 200 27
180.161.96.95 - - [25/Oct/2020:10:05:02 +0800] "POST /xingrg/kc/buy/cgsh_order_operate.html HTTP/1.1" 200 37
180.162.245.190 - - [25/Oct/2020:10:05:02 +0800] "GET /xingrg/check_reg.html?_=1603591498651 HTTP/1.1" 200 22
180.162.245.190 - - [25/Oct/2020:10:05:02 +0800] "GET /xingrg/all/function/internal_message.html?_=1603591498653&CODE_STATE=getMsg HTTP/1.1" 200 27
180.161.96.95 - - [25/Oct/2020:10:05:03 +0800] "POST /xingrg/kc/buy/cgsh_order_operate.html HTTP/1.1" 200 9162
114.84.145.85 - - [25/Oct/2020:10:05:03 +0800] "GET /xingrg/all/function/internal_message.html?_=1603591500302&CODE_STATE=getMsg HTTP/1.1" 200 27
180.174.56.115 - - [25/Oct/2020:10:05:03 +0800] "GET /xingrg/kc/buy/cgsh_order_operate.html?command=get_materiel&rest_code=00151&code=00101008084&supplier_code=00100007&order_time=2020-10-25 HTTP/1.1" 200 412
180.161.96.95 - - [25/Oct/2020:10:05:04 +0800] "GET /xingrg/kc/buy/cgsh_order_add.html HTTP/1.1" 200 60091
180.161.96.95 - - [25/Oct/2020:10:05:04 +0800] "POST /xingrg/kc/buy/cgsh_order_operate.html HTTP/1.1" 200 8245
180.161.96.95 - - [25/Oct/2020:10:05:05 +0800] "GET /xingrg/javascript/easyui/themes/default/validatebox.css HTTP/1.1" 404 1104
172.17.0.123 - - [25/Oct/2020:10:05:07 +0800] "GET /xingrg/check_reg.html?_=1603591467336 HTTP/1.1" 200 22
172.17.0.123 - - [25/Oct/2020:10:05:07 +0800] "GET /xingrg/all/function/internal_message.html?_=1603591467338&CODE_STATE=getMsg HTTP/1.1" 200 27
180.161.96.95 - - [25/Oct/2020:10:05:07 +0800] "GET /xingrg/all/function/internal_message.html?_=1603591503971&CODE_STATE=getMsg HTTP/1.1" 200 27
222.69.132.165 - - [25/Oct/2020:10:05:11 +0800] "GET /xingrg/all/function/internal_message.html?_=1603591507178&CODE_STATE=getMsg HTTP/1.1" 200 27
114.84.37.38 - - [25/Oct/2020:10:05:13 +0800] "GET /xingrg/all/function/internal_message.html?_=1603591527094&CODE_STATE=getMsg HTTP/1.1" 200 27
180.174.56.115 - - [25/Oct/2020:10:05:13 +0800] "POST /xingrg/kc/buy/cgsh_order_operate.html HTTP/1.1" 200 2065
180.174.56.115 - - [25/Oct/2020:10:05:18 +0800] "GET /xingrg/kc/buy/cgsh_order_operate.html?command=get_materiel&rest_code=00151&code=00101008234&supplier_code=00100007&order_time=2020-10-25 HTTP/1.1" 200 408
58.221.95.50 - - [25/Oct/2020:10:05:25 +0800] "GET /xingrg/all/function/internal_message.html?_=1603591700400&CODE_STATE=getMsg HTTP/1.1" 200 27
180.162.245.190 - - [25/Oct/2020:10:05:29 +0800] "GET /xingrg/kc/buy/cgsh_order_operate.html?command=get_materiel&rest_code=00105&code=00101001140&supplier_code=00100090&order_time=2020-10-25 HTTP/1.1" 200 415
180.174.56.115 - - [25/Oct/2020:10:05:31 +0800] "GET /xingrg/kc/buy/cgsh_order_operate.html?command=get_materiel&rest_code=00151&code=00101008209&supplier_code=00100007&order_time=2020-10-25 HTTP/1.1" 200 408
172.17.0.120 - - [25/Oct/2020:10:05:33 +0800] "GET /xingrg/all/function/internal_message.html?_=1603591529024&CODE_STATE=getMsg HTTP/1.1" 200 27
180.174.56.115 - - [25/Oct/2020:10:05:33 +0800] "GET /xingrg/check_reg.html?_=1603591528476 HTTP/1.1" 200 22
180.174.56.115 - - [25/Oct/2020:10:05:33 +0800] "GET /xingrg/all/function/internal_message.html?_=1603591528479&CODE_STATE=getMsg HTTP/1.1" 200 27
180.162.245.190 - - [25/Oct/2020:10:05:37 +0800] "POST /xingrg/kc/buy/cgsh_order_operate.html HTTP/1.1" 200 37
180.162.245.190 - - [25/Oct/2020:10:05:38 +0800] "POST /xingrg/kc/buy/cgsh_order_operate.html HTTP/1.1" 200 3260
180.162.245.190 - - [25/Oct/2020:10:05:38 +0800] "GET /xingrg/kc/print/load_data.html?order_code=212020102510265&kc_code=cgsh&condition= HTTP/1.1" 200 968
172.17.0.185 - - [25/Oct/2020:10:05:39 +0800] "GET /xingrg/all/function/internal_message.html?_=1603591534657&CODE_STATE=getMsg HTTP/1.1" 200 27
172.17.200.101 - - [25/Oct/2020:10:05:40 +0800] "GET /xingrg/all/function/internal_message.html?_=1603591536110&CODE_STATE=getMsg HTTP/1.1" 200 27
180.174.56.115 - - [25/Oct/2020:10:05:40 +0800] "GET /xingrg/kc/buy/cgsh_order_operate.html?command=get_materiel&rest_code=00151&code=00101015038&supplier_code=00100007&order_time=2020-10-25 HTTP/1.1" 200 419
180.162.245.190 - - [25/Oct/2020:10:05:41 +0800] "GET /xingrg/kc/buy/cgsh_order_add.html HTTP/1.1" 200 60173
180.162.245.190 - - [25/Oct/2020:10:05:42 +0800] "GET /xingrg/javascript/easyui/themes/default/validatebox.css HTTP/1.1" 404 1104
180.162.245.190 - - [25/Oct/2020:10:05:42 +0800] "POST /xingrg/kc/buy/cgsh_order_operate.html HTTP/1.1" 200 8245
180.161.96.95 - - [25/Oct/2020:10:05:43 +0800] "GET /xingrg/kc/buy/cgsh_order_operate.html?command=get_materiel&rest_code=00102&code=00101008175&supplier_code=00100008&order_time=2020-10-25 HTTP/1.1" 200 412
114.88.166.242 - - [25/Oct/2020:10:05:44 +0800] "GET /xingrg/all/function/internal_message.html?_=1603591534060&CODE_STATE=getMsg HTTP/1.1" 200 27
180.174.56.115 - - [25/Oct/2020:10:05:45 +0800] "GET /xingrg/kc/buy/cgsh_order_operate.html?command=get_materiel&rest_code=00151&code=00101015006&supplier_code=00100007&order_time=2020-10-25 HTTP/1.1" 200 413
114.86.231.202 - - [25/Oct/2020:10:05:45 +0800] "GET /xingrg/all/function/internal_message.html?_=1603591577562&CODE_STATE=getMsg HTTP/1.1" 200 27
180.174.56.115 - - [25/Oct/2020:10:05:49 +0800] "POST /xingrg/kc/buy/cgsh_order_operate.html HTTP/1.1" 200 2065
180.161.96.95 - - [25/Oct/2020:10:05:50 +0800] "GET /xingrg/kc/buy/cgsh_order_operate.html?command=get_materiel&rest_code=00102&code=00101008027&supplier_code=00100008&order_time=2020-10-25 HTTP/1.1" 200 408
114.88.166.242 - - [25/Oct/2020:10:05:51 +0800] "GET /xingrg/all/function/internal_message.html?_=1603591641298&CODE_STATE=getMsg HTTP/1.1" 200 27
180.162.245.190 - - [25/Oct/2020:10:05:51 +0800] "GET /xingrg/kc/buy/cgsh_order_operate.html?command=get_materiel&rest_code=00105&code=00101010079&supplier_code=00100336&order_time=2020-10-25 HTTP/1.1" 200 413
180.174.56.115 - - [25/Oct/2020:10:05:54 +0800] "GET /xingrg/all/function/internal_message.html?_=1603591521532&CODE_STATE=getMsg HTTP/1.1" 200 27
180.161.96.95 - - [25/Oct/2020:10:05:56 +0800] "GET /xingrg/kc/buy/cgsh_order_operate.html?command=get_materiel&rest_code=00102&code=00101008080&supplier_code=00100008&order_time=2020-10-25 HTTP/1.1" 200 416
180.162.245.190 - - [25/Oct/2020:10:05:58 +0800] "POST /xingrg/kc/buy/cgsh_order_operate.html HTTP/1.1" 200 37
114.84.145.85 - - [25/Oct/2020:10:06:00 +0800] "GET /xingrg/all/function/internal_message.html?_=1603591162560&CODE_STATE=getMsg HTTP/1.1" 200 27
172.17.0.101 - - [25/Oct/2020:10:06:01 +0800] "GET /xingrg/all/function/internal_message.html?_=1603591557180&CODE_STATE=getMsg HTTP/1.1" 200 27
180.161.96.95 - - [25/Oct/2020:10:06:01 +0800] "GET /xingrg/kc/buy/cgsh_order_operate.html?command=get_materiel&rest_code=00102&code=00101008349&supplier_code=00100008&order_time=2020-10-25 HTTP/1.1" 200 414
117.185.32.26 - - [25/Oct/2020:10:06:01 +0800] "GET /xingrg/all/function/internal_message.html?_=1603591557250&CODE_STATE=getMsg HTTP/1.1" 200 27
114.84.145.85 - - [25/Oct/2020:10:06:03 +0800] "GET /xingrg/all/function/internal_message.html?_=1603591560275&CODE_STATE=getMsg HTTP/1.1" 200 27
172.17.0.123 - - [25/Oct/2020:10:06:07 +0800] "GET /xingrg/all/function/internal_message.html?_=1603591527338&CODE_STATE=getMsg HTTP/1.1" 200 27
180.161.96.95 - - [25/Oct/2020:10:06:07 +0800] "GET /xingrg/all/function/internal_message.html?_=1603591563984&CODE_STATE=getMsg HTTP/1.1" 200 27
180.161.96.95 - - [25/Oct/2020:10:06:08 +0800] "GET /xingrg/kc/buy/cgsh_order_operate.html?command=get_materiel&rest_code=00102&code=00101008354&supplier_code=00100008&order_time=2020-10-25 HTTP/1.1" 200 432
222.69.132.165 - - [25/Oct/2020:10:06:11 +0800] "GET /xingrg/all/function/internal_message.html?_=1603591567184&CODE_STATE=getMsg HTTP/1.1" 200 27
114.84.37.38 - - [25/Oct/2020:10:06:13 +0800] "GET /xingrg/all/function/internal_message.html?_=1603591587101&CODE_STATE=getMsg HTTP/1.1" 200 27
124.77.70.31 - - [25/Oct/2020:10:06:14 +0800] "POST /xingrg/kc/buy/cgsh_order_operate.html HTTP/1.1" 200 23359
180.161.96.95 - - [25/Oct/2020:10:06:20 +0800] "GET /xingrg/kc/buy/cgsh_order_operate.html?command=get_materiel&rest_code=00102&code=00101008110&supplier_code=00100008&order_time=2020-10-25 HTTP/1.1" 200 428
58.221.95.50 - - [25/Oct/2020:10:06:25 +0800] "GET /xingrg/all/function/internal_message.html?_=1603591760403&CODE_STATE=getMsg HTTP/1.1" 200 27
58.221.95.50 - - [25/Oct/2020:10:06:25 +0800] "GET /xingrg/check_reg.html?_=1603591760406 HTTP/1.1" 200 22
172.17.0.120 - - [25/Oct/2020:10:06:33 +0800] "GET /xingrg/all/function/internal_message.html?_=1603591589026&CODE_STATE=getMsg HTTP/1.1" 200 27
180.174.56.115 - - [25/Oct/2020:10:06:34 +0800] "POST /xingrg/kc/buy/cgsh_order_operate.html HTTP/1.1" 200 37
180.174.56.115 - - [25/Oct/2020:10:06:36 +0800] "POST /xingrg/kc/buy/cgsh_order_operate.html HTTP/1.1" 200 12
180.174.56.115 - - [25/Oct/2020:10:06:36 +0800] "GET /xingrg/all/function/internal_message.html?_=1603591588495&CODE_STATE=getMsg HTTP/1.1" 200 27
180.174.56.115 - - [25/Oct/2020:10:06:38 +0800] "GET /xingrg/kc/buy/cgsh_order_info.html?code=212020102510259 HTTP/1.1" 200 54671
124.77.70.31 - - [25/Oct/2020:10:06:38 +0800] "GET /xingrg/kc/buy/cgsh_order_operate.html?command=get_materiel&rest_code=00107&code=00101008361&supplier_code=00100006&order_time=2020-10-25 HTTP/1.1" 200 408
180.162.245.190 - - [25/Oct/2020:10:06:38 +0800] "POST /xingrg/kc/buy/cgsh_order_operate.html HTTP/1.1" 200 2657
180.174.56.115 - - [25/Oct/2020:10:06:38 +0800] "GET /xingrg/words/20201025093224_words.js HTTP/1.1" 304 -
180.174.56.115 - - [25/Oct/2020:10:06:38 +0800] "GET /xingrg/javascript/easyui/themes/default/validatebox.css HTTP/1.1" 404 1104
180.162.245.190 - - [25/Oct/2020:10:06:39 +0800] "GET /xingrg/kc/print/load_data.html?order_code=212020102510266&kc_code=cgsh&condition= HTTP/1.1" 200 664
180.174.56.115 - - [25/Oct/2020:10:06:39 +0800] "POST /xingrg/kc/buy/cgsh_order_operate.html HTTP/1.1" 200 31079
172.17.0.185 - - [25/Oct/2020:10:06:39 +0800] "GET /xingrg/all/function/internal_message.html?_=1603591594646&CODE_STATE=getMsg HTTP/1.1" 200 27
172.17.200.101 - - [25/Oct/2020:10:06:40 +0800] "GET /xingrg/all/function/internal_message.html?_=1603591596080&CODE_STATE=getMsg HTTP/1.1" 200 27
180.174.56.115 - - [25/Oct/2020:10:06:40 +0800] "GET /xingrg/kc/print/load_data.html?order_code=212020102510259&kc_code=cgsh&condition= HTTP/1.1" 200 12470
124.77.70.31 - - [25/Oct/2020:10:06:43 +0800] "GET /xingrg/all/function/internal_message.html?_=1603591587976&CODE_STATE=getMsg HTTP/1.1" 200 27
180.162.245.190 - - [25/Oct/2020:10:06:43 +0800] "GET /xingrg/kc/buy/cgsh_order_add.html HTTP/1.1" 200 60173
180.162.245.190 - - [25/Oct/2020:10:06:44 +0800] "POST /xingrg/kc/buy/cgsh_order_operate.html HTTP/1.1" 200 8245
180.162.245.190 - - [25/Oct/2020:10:06:44 +0800] "GET /xingrg/javascript/easyui/themes/default/validatebox.css HTTP/1.1" 404 1104
114.84.37.38 - - [25/Oct/2020:10:06:44 +0800] "GET /xingrg/check_reg.html?_=1603591622873 HTTP/1.1" 200 22
114.88.166.242 - - [25/Oct/2020:10:06:44 +0800] "GET /xingrg/all/function/internal_message.html?_=1603591594082&CODE_STATE=getMsg HTTP/1.1" 200 27
114.86.231.202 - - [25/Oct/2020:10:06:45 +0800] "GET /xingrg/all/function/internal_message.html?_=1603591637561&CODE_STATE=getMsg HTTP/1.1" 200 27
180.161.96.95 - - [25/Oct/2020:10:06:48 +0800] "GET /xingrg/kc/buy/cgsh_order_operate.html?command=get_materiel&rest_code=00102&code=00101008096&supplier_code=00100008&order_time=2020-10-25 HTTP/1.1" 200 412
114.88.166.242 - - [25/Oct/2020:10:06:51 +0800] "GET /xingrg/all/function/internal_message.html?_=1603591701301&CODE_STATE=getMsg HTTP/1.1" 200 27
180.174.56.115 - - [25/Oct/2020:10:06:54 +0800] "GET /xingrg/all/function/internal_message.html?_=1603591581544&CODE_STATE=getMsg HTTP/1.1" 200 27
180.161.96.95 - - [25/Oct/2020:10:06:54 +0800] "GET /xingrg/kc/buy/cgsh_order_operate.html?command=get_materiel&rest_code=00102&code=00101008038&supplier_code=00100008&order_time=2020-10-25 HTTP/1.1" 200 412
114.84.145.85 - - [25/Oct/2020:10:07:00 +0800] "GET /xingrg/all/function/internal_message.html?_=1603591222560&CODE_STATE=getMsg HTTP/1.1" 200 27
180.161.96.95 - - [25/Oct/2020:10:07:01 +0800] "GET /xingrg/kc/buy/cgsh_order_operate.html?command=get_materiel&rest_code=00102&code=00101008088&supplier_code=00100008&order_time=2020-10-25 HTTP/1.1" 200 408
172.17.0.101 - - [25/Oct/2020:10:07:01 +0800] "GET /xingrg/all/function/internal_message.html?_=1603591617167&CODE_STATE=getMsg HTTP/1.1" 200 27
117.185.32.26 - - [25/Oct/2020:10:07:01 +0800] "GET /xingrg/all/function/internal_message.html?_=1603591617250&CODE_STATE=getMsg HTTP/1.1" 200 27
180.162.245.190 - - [25/Oct/2020:10:07:02 +0800] "GET /xingrg/all/function/internal_message.html?_=1603591618669&CODE_STATE=getMsg HTTP/1.1" 200 27
114.84.145.85 - - [25/Oct/2020:10:07:03 +0800] "GET /xingrg/all/function/internal_message.html?_=1603591620248&CODE_STATE=getMsg HTTP/1.1" 200 27
180.161.96.95 - - [25/Oct/2020:10:07:04 +0800] "GET /xingrg/kc/buy/cgsh_order_operate.html?command=get_materiel&rest_code=00102&code=00101008224&supplier_code=00100008&order_time=2020-10-25 HTTP/1.1" 200 416
172.17.0.123 - - [25/Oct/2020:10:07:07 +0800] "GET /xingrg/all/function/internal_message.html?_=1603591587342&CODE_STATE=getMsg HTTP/1.1" 200 27
180.161.96.95 - - [25/Oct/2020:10:07:08 +0800] "GET /xingrg/all/function/internal_message.html?_=1603591624087&CODE_STATE=getMsg HTTP/1.1" 200 27
222.69.132.165 - - [25/Oct/2020:10:07:11 +0800] "GET /xingrg/all/function/internal_message.html?_=1603591627184&CODE_STATE=getMsg HTTP/1.1" 200 27
114.84.37.38 - - [25/Oct/2020:10:07:12 +0800] "GET /xingrg/check_reg.html?_=1603591645949 HTTP/1.1" 200 22
114.84.37.38 - - [25/Oct/2020:10:07:13 +0800] "GET /xingrg/all/function/internal_message.html?_=1603591647115&CODE_STATE=getMsg HTTP/1.1" 200 27
124.77.70.31 - - [25/Oct/2020:10:07:15 +0800] "POST /xingrg/kc/buy/cgsh_order_operate.html HTTP/1.1" 200 2065
180.161.96.95 - - [25/Oct/2020:10:07:15 +0800] "GET /xingrg/kc/buy/cgsh_order_operate.html?command=get_materiel&rest_code=00102&code=00101008003&supplier_code=00100008&order_time=2020-10-25 HTTP/1.1" 200 408
180.162.245.190 - - [25/Oct/2020:10:07:15 +0800] "GET /xingrg/kc/buy/cgsh_order_operate.html?command=get_materiel&rest_code=00105&code=00101002006&supplier_code=00100091&order_time=2020-10-25 HTTP/1.1" 200 414
114.88.166.242 - - [25/Oct/2020:10:07:20 +0800] "GET /xingrg/check_reg.html?_=1603591632387 HTTP/1.1" 302 -
114.88.166.242 - - [25/Oct/2020:10:07:20 +0800] "GET /xingrg/login.html HTTP/1.1" 200 7641
180.161.96.95 - - [25/Oct/2020:10:07:22 +0800] "GET /xingrg/kc/buy/cgsh_order_operate.html?command=get_materiel&rest_code=00102&code=00101008361&supplier_code=00100008&order_time=2020-10-25 HTTP/1.1" 200 408
58.221.95.50 - - [25/Oct/2020:10:07:25 +0800] "GET /xingrg/all/function/internal_message.html?_=1603591820407&CODE_STATE=getMsg HTTP/1.1" 200 27
124.77.70.31 - - [25/Oct/2020:10:07:26 +0800] "GET /xingrg/kc/buy/cgsh_order_operate.html?command=get_materiel&rest_code=00107&code=00101008270&supplier_code=00100006&order_time=2020-10-25 HTTP/1.1" 200 431
114.84.145.85 - - [25/Oct/2020:10:07:28 +0800] "GET /xingrg/check_reg.html?_=1603591645318 HTTP/1.1" 200 22
180.161.96.95 - - [25/Oct/2020:10:07:28 +0800] "GET /xingrg/kc/buy/cgsh_order_operate.html?command=get_materiel&rest_code=00102&code=00101008209&supplier_code=00100008&order_time=2020-10-25 HTTP/1.1" 200 408
172.17.0.120 - - [25/Oct/2020:10:07:33 +0800] "GET /xingrg/all/function/internal_message.html?_=1603591649027&CODE_STATE=getMsg HTTP/1.1" 200 27
180.174.56.115 - - [25/Oct/2020:10:07:33 +0800] "GET /xingrg/all/function/internal_message.html?_=1603591648488&CODE_STATE=getMsg HTTP/1.1" 200 27
114.88.166.242 - - [25/Oct/2020:10:07:37 +0800] "GET /xingrg/check_reg.html?_=1603591646474 HTTP/1.1" 200 22
172.17.0.185 - - [25/Oct/2020:10:07:39 +0800] "GET /xingrg/all/function/internal_message.html?_=1603591654652&CODE_STATE=getMsg HTTP/1.1" 200 27
172.17.200.101 - - [25/Oct/2020:10:07:40 +0800] "GET /xingrg/all/function/internal_message.html?_=1603591656059&CODE_STATE=getMsg HTTP/1.1" 200 27
180.162.245.190 - - [25/Oct/2020:10:07:41 +0800] "GET /xingrg/kc/buy/cgsh_order_operate.html?command=get_materiel&rest_code=00105&code=00101002034&supplier_code=00100091&order_time=2020-10-25 HTTP/1.1" 200 411
124.77.70.31 - - [25/Oct/2020:10:07:43 +0800] "GET /xingrg/all/function/internal_message.html?_=1603591647953&CODE_STATE=getMsg HTTP/1.1" 200 27
114.88.166.242 - - [25/Oct/2020:10:07:44 +0800] "GET /xingrg/all/function/internal_message.html?_=1603591654086&CODE_STATE=getMsg HTTP/1.1" 200 27
180.161.96.95 - - [25/Oct/2020:10:07:45 +0800] "GET /xingrg/kc/buy/cgsh_order_operate.html?command=get_materiel&rest_code=00102&code=00101008356&supplier_code=00100008&order_time=2020-10-25 HTTP/1.1" 200 408
114.86.231.202 - - [25/Oct/2020:10:07:45 +0800] "GET /xingrg/all/function/internal_message.html?_=1603591697578&CODE_STATE=getMsg HTTP/1.1" 200 27
180.162.245.190 - - [25/Oct/2020:10:07:47 +0800] "GET /xingrg/kc/buy/cgsh_order_operate.html?command=get_materiel&rest_code=00105&code=00101003066&supplier_code=00100091&order_time=2020-10-25 HTTP/1.1" 200 412
114.88.166.242 - - [25/Oct/2020:10:07:51 +0800] "GET /xingrg/all/function/internal_message.html?_=1603591761290&CODE_STATE=getMsg HTTP/1.1" 200 27
180.174.56.115 - - [25/Oct/2020:10:07:54 +0800] "GET /xingrg/all/function/internal_message.html?_=1603591641573&CODE_STATE=getMsg HTTP/1.1" 200 27
180.162.245.190 - - [25/Oct/2020:10:07:58 +0800] "POST /xingrg/kc/buy/cgsh_order_operate.html HTTP/1.1" 200 37
180.161.96.95 - - [25/Oct/2020:10:07:59 +0800] "GET /xingrg/kc/buy/cgsh_order_operate.html?command=get_materiel&rest_code=00102&code=00101008357&supplier_code=00100008&order_time=2020-10-25 HTTP/1.1" 200 428
114.84.145.85 - - [25/Oct/2020:10:08:00 +0800] "GET /xingrg/all/function/internal_message.html?_=1603591282560&CODE_STATE=getMsg HTTP/1.1" 200 27
180.162.245.190 - - [25/Oct/2020:10:08:01 +0800] "POST /xingrg/kc/buy/cgsh_order_operate.html HTTP/1.1" 200 3866
172.17.0.101 - - [25/Oct/2020:10:08:01 +0800] "GET /xingrg/all/function/internal_message.html?_=1603591677166&CODE_STATE=getMsg HTTP/1.1" 200 27
117.185.32.26 - - [25/Oct/2020:10:08:01 +0800] "GET /xingrg/all/function/internal_message.html?_=1603591677250&CODE_STATE=getMsg HTTP/1.1" 200 27
180.162.245.190 - - [25/Oct/2020:10:08:02 +0800] "GET /xingrg/all/function/internal_message.html?_=1603591678639&CODE_STATE=getMsg HTTP/1.1" 200 27
114.84.145.85 - - [25/Oct/2020:10:08:03 +0800] "GET /xingrg/all/function/internal_message.html?_=1603591680229&CODE_STATE=getMsg HTTP/1.1" 200 27
124.77.70.31 - - [25/Oct/2020:10:08:05 +0800] "GET /xingrg/kc/buy/cgsh_order_operate.html?command=get_materiel&rest_code=00107&code=00101008105&supplier_code=00100006&order_time=2020-10-25 HTTP/1.1" 200 412
180.161.96.95 - - [25/Oct/2020:10:08:05 +0800] "GET /xingrg/kc/buy/cgsh_order_operate.html?command=get_materiel&rest_code=00102&code=00101008069&supplier_code=00100008&order_time=2020-10-25 HTTP/1.1" 200 431
172.17.0.123 - - [25/Oct/2020:10:08:07 +0800] "GET /xingrg/all/function/internal_message.html?_=1603591647344&CODE_STATE=getMsg HTTP/1.1" 200 27
180.161.96.95 - - [25/Oct/2020:10:08:08 +0800] "GET /xingrg/all/function/internal_message.html?_=1603591684090&CODE_STATE=getMsg HTTP/1.1" 200 27
180.162.245.190 - - [25/Oct/2020:10:08:08 +0800] "POST /xingrg/kc/buy/cgsh_order_operate.html HTTP/1.1" 200 37
180.162.245.190 - - [25/Oct/2020:10:08:09 +0800] "POST /xingrg/kc/buy/cgsh_order_operate.html HTTP/1.1" 200 3864
180.162.245.190 - - [25/Oct/2020:10:08:10 +0800] "GET /xingrg/kc/print/load_data.html?order_code=212020102510267&kc_code=cgsh&condition= HTTP/1.1" 200 1214
222.69.132.165 - - [25/Oct/2020:10:08:11 +0800] "GET /xingrg/all/function/internal_message.html?_=1603591687188&CODE_STATE=getMsg HTTP/1.1" 200 27
180.161.96.95 - - [25/Oct/2020:10:08:12 +0800] "GET /xingrg/kc/buy/cgsh_order_operate.html?command=get_materiel&rest_code=00102&code=00101008286&supplier_code=00100008&order_time=2020-10-25 HTTP/1.1" 200 408
114.84.37.38 - - [25/Oct/2020:10:08:13 +0800] "GET /xingrg/all/function/internal_message.html?_=1603591707129&CODE_STATE=getMsg HTTP/1.1" 200 27
180.161.96.95 - - [25/Oct/2020:10:08:13 +0800] "POST /xingrg/kc/buy/cgsh_order_operate.html HTTP/1.1" 200 2065
180.161.96.95 - - [25/Oct/2020:10:08:16 +0800] "GET /xingrg/kc/buy/cgsh_order_operate.html?command=get_materiel&rest_code=00102&code=00101008296&supplier_code=00100008&order_time=2020-10-25 HTTP/1.1" 200 435
180.162.245.190 - - [25/Oct/2020:10:08:21 +0800] "GET /xingrg/kc/buy/cgsh_order_add.html HTTP/1.1" 200 60173
180.162.245.190 - - [25/Oct/2020:10:08:22 +0800] "GET /xingrg/javascript/easyui/themes/default/validatebox.css HTTP/1.1" 404 1104
180.162.245.190 - - [25/Oct/2020:10:08:22 +0800] "POST /xingrg/kc/buy/cgsh_order_operate.html HTTP/1.1" 200 8245
180.161.96.95 - - [25/Oct/2020:10:08:22 +0800] "GET /xingrg/kc/buy/cgsh_order_operate.html?command=get_materiel&rest_code=00102&code=00101008098&supplier_code=00100008&order_time=2020-10-25 HTTP/1.1" 200 414
58.221.95.50 - - [25/Oct/2020:10:08:25 +0800] "GET /xingrg/all/function/internal_message.html?_=1603591880397&CODE_STATE=getMsg HTTP/1.1" 200 27
180.161.96.95 - - [25/Oct/2020:10:08:28 +0800] "GET /xingrg/kc/buy/cgsh_order_operate.html?command=get_materiel&rest_code=00102&code=00101008005&supplier_code=00100008&order_time=2020-10-25 HTTP/1.1" 200 412
180.162.245.190 - - [25/Oct/2020:10:08:30 +0800] "GET /xingrg/kc/buy/cgsh_order_operate.html?command=get_materiel&rest_code=00105&code=00101008061&supplier_code=00100339&order_time=2020-10-25 HTTP/1.1" 200 423
172.17.0.120 - - [25/Oct/2020:10:08:33 +0800] "GET /xingrg/all/function/internal_message.html?_=1603591709031&CODE_STATE=getMsg HTTP/1.1" 200 27
180.174.56.115 - - [25/Oct/2020:10:08:33 +0800] "GET /xingrg/all/function/internal_message.html?_=1603591708478&CODE_STATE=getMsg HTTP/1.1" 200 27
124.77.70.31 - - [25/Oct/2020:10:08:35 +0800] "GET /xingrg/kc/buy/cgsh_order_operate.html?command=get_materiel&rest_code=00107&code=00101008356&supplier_code=00100006&order_time=2020-10-25 HTTP/1.1" 200 408
180.162.245.190 - - [25/Oct/2020:10:08:37 +0800] "POST /xingrg/kc/buy/cgsh_order_operate.html HTTP/1.1" 200 37
180.174.56.115 - - [25/Oct/2020:10:08:37 +0800] "GET /xingrg/check_reg.html?_=1603591685127 HTTP/1.1" 200 22
124.77.70.31 - - [25/Oct/2020:10:08:39 +0800] "POST /xingrg/kc/buy/cgsh_order_operate.html HTTP/1.1" 200 2065
172.17.0.185 - - [25/Oct/2020:10:08:39 +0800] "GET /xingrg/all/function/internal_message.html?_=1603591714657&CODE_STATE=getMsg HTTP/1.1" 200 27
172.17.200.101 - - [25/Oct/2020:10:08:40 +0800] "GET /xingrg/all/function/internal_message.html?_=1603591716046&CODE_STATE=getMsg HTTP/1.1" 200 27
180.161.96.95 - - [25/Oct/2020:10:08:41 +0800] "GET /xingrg/kc/buy/cgsh_order_operate.html?command=get_materiel&rest_code=00102&code=00101008010&supplier_code=00100008&order_time=2020-10-25 HTTP/1.1" 200 412
124.77.70.31 - - [25/Oct/2020:10:08:43 +0800] "GET /xingrg/all/function/internal_message.html?_=1603591707943&CODE_STATE=getMsg HTTP/1.1" 200 27
180.161.96.95 - - [25/Oct/2020:10:08:43 +0800] "POST /xingrg/kc/buy/cgsh_order_operate.html HTTP/1.1" 200 2065
114.88.166.242 - - [25/Oct/2020:10:08:44 +0800] "GET /xingrg/all/function/internal_message.html?_=1603591714100&CODE_STATE=getMsg HTTP/1.1" 200 27
124.77.70.31 - - [25/Oct/2020:10:08:45 +0800] "GET /xingrg/kc/buy/cgsh_order_operate.html?command=get_materiel&rest_code=00107&code=00101008223&supplier_code=00100006&order_time=2020-10-25 HTTP/1.1" 200 431
114.86.231.202 - - [25/Oct/2020:10:08:45 +0800] "GET /xingrg/all/function/internal_message.html?_=1603591757572&CODE_STATE=getMsg HTTP/1.1" 200 27
114.86.231.202 - - [25/Oct/2020:10:08:45 +0800] "GET /xingrg/check_reg.html?_=1603591757572 HTTP/1.1" 200 22
180.161.96.95 - - [25/Oct/2020:10:08:46 +0800] "GET /xingrg/kc/buy/cgsh_order_operate.html?command=get_materiel&rest_code=00102&code=00101008306&supplier_code=00100008&order_time=2020-10-25 HTTP/1.1" 200 412
180.162.245.190 - - [25/Oct/2020:10:08:47 +0800] "POST /xingrg/kc/buy/cgsh_order_operate.html HTTP/1.1" 200 2666
180.161.96.95 - - [25/Oct/2020:10:08:50 +0800] "GET /xingrg/kc/buy/cgsh_order_operate.html?command=get_materiel&rest_code=00102&code=00102007055&supplier_code=00100008&order_time=2020-10-25 HTTP/1.1" 200 408
114.88.166.242 - - [25/Oct/2020:10:08:51 +0800] "GET /xingrg/all/function/internal_message.html?_=1603591821289&CODE_STATE=getMsg HTTP/1.1" 200 27
180.174.56.115 - - [25/Oct/2020:10:08:54 +0800] "GET /xingrg/all/function/internal_message.html?_=1603591701587&CODE_STATE=getMsg HTTP/1.1" 200 27
180.161.96.95 - - [25/Oct/2020:10:08:54 +0800] "GET /xingrg/kc/buy/cgsh_order_operate.html?command=get_materiel&rest_code=00102&code=00101008225&supplier_code=00100008&order_time=2020-10-25 HTTP/1.1" 200 416
180.162.245.190 - - [25/Oct/2020:10:08:55 +0800] "GET /xingrg/kc/print/load_data.html?order_code=212020102510268&kc_code=cgsh&condition= HTTP/1.1" 200 676
124.77.70.31 - - [25/Oct/2020:10:08:57 +0800] "GET /xingrg/kc/buy/cgsh_order_operate.html?command=get_materiel&rest_code=00107&code=00101008357&supplier_code=00100006&order_time=2020-10-25 HTTP/1.1" 200 428
180.161.96.95 - - [25/Oct/2020:10:09:00 +0800] "GET /xingrg/kc/buy/cgsh_order_operate.html?command=get_materiel&rest_code=00102&code=00101008257&supplier_code=00100008&order_time=2020-10-25 HTTP/1.1" 200 416
114.84.145.85 - - [25/Oct/2020:10:09:00 +0800] "GET /xingrg/check_reg.html?_=1603591342528 HTTP/1.1" 200 22
114.84.145.85 - - [25/Oct/2020:10:09:00 +0800] "GET /xingrg/all/function/internal_message.html?_=1603591342563&CODE_STATE=getMsg HTTP/1.1" 200 27
172.17.0.101 - - [25/Oct/2020:10:09:01 +0800] "GET /xingrg/all/function/internal_message.html?_=1603591737168&CODE_STATE=getMsg HTTP/1.1" 200 27
117.185.32.26 - - [25/Oct/2020:10:09:01 +0800] "GET /xingrg/all/function/internal_message.html?_=1603591737250&CODE_STATE=getMsg HTTP/1.1" 200 27
180.162.245.190 - - [25/Oct/2020:10:09:02 +0800] "GET /xingrg/kc/buy/cgsh_order_add.html HTTP/1.1" 200 60173
180.162.245.190 - - [25/Oct/2020:10:09:02 +0800] "GET /xingrg/javascript/easyui/themes/default/validatebox.css HTTP/1.1" 404 1104
180.162.245.190 - - [25/Oct/2020:10:09:02 +0800] "POST /xingrg/kc/buy/cgsh_order_operate.html HTTP/1.1" 200 8245
180.162.245.190 - - [25/Oct/2020:10:09:02 +0800] "GET /xingrg/all/function/internal_message.html?_=1603591738624&CODE_STATE=getMsg HTTP/1.1" 200 27
114.84.145.85 - - [25/Oct/2020:10:09:03 +0800] "GET /xingrg/all/function/internal_message.html?_=1603591740206&CODE_STATE=getMsg HTTP/1.1" 200 27
180.161.96.95 - - [25/Oct/2020:10:09:07 +0800] "GET /xingrg/kc/buy/cgsh_order_operate.html?command=get_materiel&rest_code=00102&code=00101008100&supplier_code=00100008&order_time=2020-10-25 HTTP/1.1" 200 408
180.161.96.95 - - [25/Oct/2020:10:09:07 +0800] "GET /xingrg/check_reg.html?_=1603591743284 HTTP/1.1" 200 22
172.17.0.123 - - [25/Oct/2020:10:09:07 +0800] "GET /xingrg/all/function/internal_message.html?_=1603591707344&CODE_STATE=getMsg HTTP/1.1" 200 27
180.161.96.95 - - [25/Oct/2020:10:09:08 +0800] "GET /xingrg/all/function/internal_message.html?_=1603591744163&CODE_STATE=getMsg HTTP/1.1" 200 27
222.69.132.165 - - [25/Oct/2020:10:09:11 +0800] "GET /xingrg/all/function/internal_message.html?_=1603591747187&CODE_STATE=getMsg HTTP/1.1" 200 27
222.69.132.165 - - [25/Oct/2020:10:09:11 +0800] "GET /xingrg/check_reg.html?_=1603591747189 HTTP/1.1" 200 22
183.192.164.85 - - [25/Oct/2020:10:09:11 +0800] "GET /xingrg/all/function/internal_message.html?_=1603591017247&CODE_STATE=getMsg HTTP/1.1" 302 -
180.161.96.95 - - [25/Oct/2020:10:09:12 +0800] "GET /xingrg/kc/buy/cgsh_order_operate.html?command=get_materiel&rest_code=00102&code=00101008188&supplier_code=00100008&order_time=2020-10-25 HTTP/1.1" 200 412
114.84.37.38 - - [25/Oct/2020:10:09:13 +0800] "GET /xingrg/all/function/internal_message.html?_=1603591767143&CODE_STATE=getMsg HTTP/1.1" 200 27
180.162.245.190 - - [25/Oct/2020:10:09:13 +0800] "GET /xingrg/kc/buy/cgsh_order_operate.html?command=get_materiel&rest_code=00105&code=00101004065&supplier_code=00100086&order_time=2020-10-25 HTTP/1.1" 200 434
180.161.96.95 - - [25/Oct/2020:10:09:15 +0800] "POST /xingrg/kc/buy/cgsh_order_operate.html HTTP/1.1" 200 2065
124.77.70.31 - - [25/Oct/2020:10:09:16 +0800] "GET /xingrg/kc/buy/cgsh_order_operate.html?command=get_materiel&rest_code=00107&code=00101008028&supplier_code=00100006&order_time=2020-10-25 HTTP/1.1" 200 431
183.192.164.85 - - [25/Oct/2020:10:09:17 +0800] "GET /xingrg/login.html HTTP/1.1" 200 7641
180.161.96.95 - - [25/Oct/2020:10:09:17 +0800] "GET /xingrg/kc/buy/cgsh_order_operate.html?command=get_materiel&rest_code=00102&code=00101008298&supplier_code=00100008&order_time=2020-10-25 HTTP/1.1" 200 431
58.221.95.50 - - [25/Oct/2020:10:09:25 +0800] "GET /xingrg/all/function/internal_message.html?_=1603591940399&CODE_STATE=getMsg HTTP/1.1" 200 27
180.161.96.95 - - [25/Oct/2020:10:09:26 +0800] "GET /xingrg/kc/buy/cgsh_order_operate.html?command=get_materiel&rest_code=00102&code=00101013020&supplier_code=00100008&order_time=2020-10-25 HTTP/1.1" 200 414
180.161.96.95 - - [25/Oct/2020:10:09:31 +0800] "POST /xingrg/kc/buy/cgsh_order_operate.html HTTP/1.1" 200 37
172.17.0.120 - - [25/Oct/2020:10:09:33 +0800] "GET /xingrg/all/function/internal_message.html?_=1603591769036&CODE_STATE=getMsg HTTP/1.1" 200 27
172.17.0.120 - - [25/Oct/2020:10:09:33 +0800] "GET /xingrg/check_reg.html?_=1603591769040 HTTP/1.1" 200 22
180.161.96.95 - - [25/Oct/2020:10:09:33 +0800] "POST /xingrg/kc/buy/cgsh_order_operate.html HTTP/1.1" 200 20391
180.174.56.115 - - [25/Oct/2020:10:09:33 +0800] "GET /xingrg/all/function/internal_message.html?_=1603591768617&CODE_STATE=getMsg HTTP/1.1" 200 27
172.17.200.101 - - [25/Oct/2020:10:09:39 +0800] "GET /xingrg/check_reg.html?_=1603591775362 HTTP/1.1" 200 22
172.17.0.185 - - [25/Oct/2020:10:09:39 +0800] "GET /xingrg/check_reg.html?_=1603591774646 HTTP/1.1" 200 22
172.17.0.185 - - [25/Oct/2020:10:09:39 +0800] "GET /xingrg/all/function/internal_message.html?_=1603591774648&CODE_STATE=getMsg HTTP/1.1" 200 27
172.17.200.101 - - [25/Oct/2020:10:09:40 +0800] "GET /xingrg/all/function/internal_message.html?_=1603591776021&CODE_STATE=getMsg HTTP/1.1" 200 27
124.77.70.31 - - [25/Oct/2020:10:09:43 +0800] "GET /xingrg/all/function/internal_message.html?_=1603591767922&CODE_STATE=getMsg HTTP/1.1" 200 27
114.88.166.242 - - [25/Oct/2020:10:09:44 +0800] "GET /xingrg/all/function/internal_message.html?_=1603591774121&CODE_STATE=getMsg HTTP/1.1" 200 27
114.86.231.202 - - [25/Oct/2020:10:09:44 +0800] "GET /xingrg/all/function/internal_message.html?_=1603591817572&CODE_STATE=getMsg HTTP/1.1" 200 27
180.162.245.190 - - [25/Oct/2020:10:09:47 +0800] "POST /xingrg/kc/buy/cgsh_order_operate.html HTTP/1.1" 200 37
124.77.70.31 - - [25/Oct/2020:10:09:48 +0800] "GET /xingrg/kc/buy/cgsh_order_operate.html?command=get_materiel&rest_code=00107&code=00101008213&supplier_code=00100006&order_time=2020-10-25 HTTP/1.1" 200 432
180.162.245.190 - - [25/Oct/2020:10:09:48 +0800] "POST /xingrg/kc/buy/cgsh_order_operate.html HTTP/1.1" 200 2658
180.162.245.190 - - [25/Oct/2020:10:09:49 +0800] "GET /xingrg/kc/print/load_data.html?order_code=212020102510270&kc_code=cgsh&condition= HTTP/1.1" 200 734
124.77.70.31 - - [25/Oct/2020:10:09:51 +0800] "POST /xingrg/kc/buy/cgsh_order_operate.html HTTP/1.1" 200 2065
114.88.166.242 - - [25/Oct/2020:10:09:51 +0800] "GET /xingrg/all/function/internal_message.html?_=1603591881287&CODE_STATE=getMsg HTTP/1.1" 200 27
114.88.166.242 - - [25/Oct/2020:10:09:51 +0800] "GET /xingrg/check_reg.html?_=1603591881290 HTTP/1.1" 200 22
180.162.245.190 - - [25/Oct/2020:10:09:53 +0800] "GET /xingrg/kc/buy/cgsh_order_add.html HTTP/1.1" 200 60173
180.162.245.190 - - [25/Oct/2020:10:09:53 +0800] "GET /xingrg/javascript/easyui/themes/default/validatebox.css HTTP/1.1" 404 1104
180.162.245.190 - - [25/Oct/2020:10:09:53 +0800] "POST /xingrg/kc/buy/cgsh_order_operate.html HTTP/1.1" 200 8245
180.174.56.115 - - [25/Oct/2020:10:09:54 +0800] "GET /xingrg/all/function/internal_message.html?_=1603591761600&CODE_STATE=getMsg HTTP/1.1" 200 27
124.77.70.31 - - [25/Oct/2020:10:09:57 +0800] "POST /xingrg/kc/buy/cgsh_order_operate.html HTTP/1.1" 200 37
114.84.145.85 - - [25/Oct/2020:10:10:00 +0800] "GET /xingrg/all/function/internal_message.html?_=1603591402562&CODE_STATE=getMsg HTTP/1.1" 200 27
124.77.70.31 - - [25/Oct/2020:10:10:01 +0800] "POST /xingrg/kc/buy/cgsh_order_operate.html HTTP/1.1" 200 31654
172.17.0.101 - - [25/Oct/2020:10:10:01 +0800] "GET /xingrg/check_reg.html?_=1603591797168 HTTP/1.1" 200 22
172.17.0.101 - - [25/Oct/2020:10:10:01 +0800] "GET /xingrg/all/function/internal_message.html?_=1603591797170&CODE_STATE=getMsg HTTP/1.1" 200 27
117.185.32.26 - - [25/Oct/2020:10:10:01 +0800] "GET /xingrg/check_reg.html?_=1603591797250 HTTP/1.1" 200 22
117.185.32.26 - - [25/Oct/2020:10:10:01 +0800] "GET /xingrg/all/function/internal_message.html?_=1603591797254&CODE_STATE=getMsg HTTP/1.1" 200 27
180.162.245.190 - - [25/Oct/2020:10:10:02 +0800] "GET /xingrg/all/function/internal_message.html?_=1603591798600&CODE_STATE=getMsg HTTP/1.1" 200 27
180.162.245.190 - - [25/Oct/2020:10:10:02 +0800] "GET /xingrg/check_reg.html?_=1603591798666 HTTP/1.1" 200 22
114.84.145.85 - - [25/Oct/2020:10:10:03 +0800] "GET /xingrg/all/function/internal_message.html?_=1603591800175&CODE_STATE=getMsg HTTP/1.1" 200 27
172.17.0.123 - - [25/Oct/2020:10:10:07 +0800] "GET /xingrg/check_reg.html?_=1603591767346 HTTP/1.1" 200 22
172.17.0.123 - - [25/Oct/2020:10:10:07 +0800] "GET /xingrg/all/function/internal_message.html?_=1603591767348&CODE_STATE=getMsg HTTP/1.1" 200 27
180.161.96.95 - - [25/Oct/2020:10:10:08 +0800] "GET /xingrg/all/function/internal_message.html?_=1603591804180&CODE_STATE=getMsg HTTP/1.1" 200 27
222.69.132.165 - - [25/Oct/2020:10:10:11 +0800] "GET /xingrg/all/function/internal_message.html?_=1603591807196&CODE_STATE=getMsg HTTP/1.1" 200 27
114.84.37.38 - - [25/Oct/2020:10:10:13 +0800] "GET /xingrg/all/function/internal_message.html?_=1603591827355&CODE_STATE=getMsg HTTP/1.1" 200 27
58.221.95.50 - - [25/Oct/2020:10:10:25 +0800] "GET /xingrg/all/function/internal_message.html?_=1603592000400&CODE_STATE=getMsg HTTP/1.1" 200 27
180.162.245.190 - - [25/Oct/2020:10:10:31 +0800] "GET /xingrg/kc/buy/cgsh_order_operate.html?command=get_materiel&rest_code=00105&code=00101006001&supplier_code=00100404&order_time=2020-10-25 HTTP/1.1" 200 428
172.17.0.120 - - [25/Oct/2020:10:10:33 +0800] "GET /xingrg/all/function/internal_message.html?_=1603591829025&CODE_STATE=getMsg HTTP/1.1" 200 27
180.174.56.115 - - [25/Oct/2020:10:10:33 +0800] "GET /xingrg/check_reg.html?_=1603591828484 HTTP/1.1" 200 22
180.174.56.115 - - [25/Oct/2020:10:10:33 +0800] "GET /xingrg/all/function/internal_message.html?_=1603591828607&CODE_STATE=getMsg HTTP/1.1" 200 27
172.17.0.185 - - [25/Oct/2020:10:10:39 +0800] "GET /xingrg/all/function/internal_message.html?_=1603591834652&CODE_STATE=getMsg HTTP/1.1" 200 27
172.17.200.101 - - [25/Oct/2020:10:10:40 +0800] "GET /xingrg/all/function/internal_message.html?_=1603591836010&CODE_STATE=getMsg HTTP/1.1" 200 27
124.77.70.31 - - [25/Oct/2020:10:10:42 +0800] "GET /xingrg/check_reg.html?_=1603591827724 HTTP/1.1" 200 22
124.77.70.31 - - [25/Oct/2020:10:10:42 +0800] "GET /xingrg/all/function/internal_message.html?_=1603591827891&CODE_STATE=getMsg HTTP/1.1" 200 27
180.162.245.190 - - [25/Oct/2020:10:10:44 +0800] "POST /xingrg/kc/buy/cgsh_order_operate.html HTTP/1.1" 200 37
114.88.166.242 - - [25/Oct/2020:10:10:44 +0800] "GET /xingrg/all/function/internal_message.html?_=1603591834128&CODE_STATE=getMsg HTTP/1.1" 200 27
114.86.231.202 - - [25/Oct/2020:10:10:44 +0800] "GET /xingrg/all/function/internal_message.html?_=1603591877578&CODE_STATE=getMsg HTTP/1.1" 200 27
180.162.245.190 - - [25/Oct/2020:10:10:45 +0800] "POST /xingrg/kc/buy/cgsh_order_operate.html HTTP/1.1" 200 2675
180.162.245.190 - - [25/Oct/2020:10:10:46 +0800] "GET /xingrg/kc/print/load_data.html?order_code=212020102510271&kc_code=cgsh&condition= HTTP/1.1" 200 703
180.162.245.190 - - [25/Oct/2020:10:10:50 +0800] "GET /xingrg/kc/buy/cgsh_order_add.html HTTP/1.1" 200 60173
180.162.245.190 - - [25/Oct/2020:10:10:50 +0800] "GET /xingrg/javascript/easyui/themes/default/validatebox.css HTTP/1.1" 404 1104
180.162.245.190 - - [25/Oct/2020:10:10:50 +0800] "POST /xingrg/kc/buy/cgsh_order_operate.html HTTP/1.1" 200 8245
114.88.166.242 - - [25/Oct/2020:10:10:51 +0800] "GET /xingrg/all/function/internal_message.html?_=1603591941297&CODE_STATE=getMsg HTTP/1.1" 200 27
180.174.56.115 - - [25/Oct/2020:10:10:54 +0800] "GET /xingrg/all/function/internal_message.html?_=1603591821630&CODE_STATE=getMsg HTTP/1.1" 200 27
180.161.96.95 - - [25/Oct/2020:10:10:58 +0800] "POST /xingrg/kc/buy/cgsh_order_operate.html HTTP/1.1" 200 37
180.161.96.95 - - [25/Oct/2020:10:10:59 +0800] "POST /xingrg/kc/buy/cgsh_order_operate.html HTTP/1.1" 200 20391
180.162.245.190 - - [25/Oct/2020:10:11:00 +0800] "GET /xingrg/kc/buy/cgsh_order_operate.html?command=get_materiel&rest_code=00105&code=00101010161&supplier_code=00100334&order_time=2020-10-25 HTTP/1.1" 200 409
180.161.96.95 - - [25/Oct/2020:10:11:00 +0800] "GET /xingrg/kc/buy/cgsh_order_add.html HTTP/1.1" 200 60091
114.84.145.85 - - [25/Oct/2020:10:11:00 +0800] "GET /xingrg/all/function/internal_message.html?_=1603591462561&CODE_STATE=getMsg HTTP/1.1" 200 27
172.17.0.101 - - [25/Oct/2020:10:11:01 +0800] "GET /xingrg/all/function/internal_message.html?_=1603591857197&CODE_STATE=getMsg HTTP/1.1" 200 27
117.185.32.26 - - [25/Oct/2020:10:11:01 +0800] "GET /xingrg/all/function/internal_message.html?_=1603591857239&CODE_STATE=getMsg HTTP/1.1" 200 27
180.161.96.95 - - [25/Oct/2020:10:11:02 +0800] "POST /xingrg/kc/buy/cgsh_order_operate.html HTTP/1.1" 200 8245
180.161.96.95 - - [25/Oct/2020:10:11:02 +0800] "GET /xingrg/javascript/easyui/themes/default/validatebox.css HTTP/1.1" 404 1104
180.162.245.190 - - [25/Oct/2020:10:11:02 +0800] "GET /xingrg/all/function/internal_message.html?_=1603591858583&CODE_STATE=getMsg HTTP/1.1" 200 27
114.84.145.85 - - [25/Oct/2020:10:11:03 +0800] "GET /xingrg/all/function/internal_message.html?_=1603591860144&CODE_STATE=getMsg HTTP/1.1" 200 27
124.77.70.31 - - [25/Oct/2020:10:11:07 +0800] "GET /xingrg/kc/buy/cgsh_order_operate.html?command=get_materiel&rest_code=00107&code=00101008041&supplier_code=00100006&order_time=2020-10-25 HTTP/1.1" 200 427
172.17.0.123 - - [25/Oct/2020:10:11:07 +0800] "GET /xingrg/all/function/internal_message.html?_=1603591827334&CODE_STATE=getMsg HTTP/1.1" 200 27
180.161.96.95 - - [25/Oct/2020:10:11:08 +0800] "GET /xingrg/all/function/internal_message.html?_=1603591864192&CODE_STATE=getMsg HTTP/1.1" 200 27
222.69.132.165 - - [25/Oct/2020:10:11:11 +0800] "GET /xingrg/all/function/internal_message.html?_=1603591867188&CODE_STATE=getMsg HTTP/1.1" 200 27
114.84.37.38 - - [25/Oct/2020:10:11:13 +0800] "GET /xingrg/all/function/internal_message.html?_=1603591887357&CODE_STATE=getMsg HTTP/1.1" 200 27
180.162.245.190 - - [25/Oct/2020:10:11:24 +0800] "POST /xingrg/kc/buy/cgsh_order_operate.html HTTP/1.1" 200 37
58.221.95.50 - - [25/Oct/2020:10:11:25 +0800] "GET /xingrg/all/function/internal_message.html?_=1603592060399&CODE_STATE=getMsg HTTP/1.1" 200 27
58.221.95.50 - - [25/Oct/2020:10:11:25 +0800] "GET /xingrg/check_reg.html?_=1603592060402 HTTP/1.1" 200 22
124.77.70.31 - - [25/Oct/2020:10:11:25 +0800] "GET /xingrg/kc/buy/cgsh_order_operate.html?command=get_materiel&rest_code=00107&code=00101008284&supplier_code=00100006&order_time=2020-10-25 HTTP/1.1" 200 413
180.162.245.190 - - [25/Oct/2020:10:11:25 +0800] "POST /xingrg/kc/buy/cgsh_order_operate.html HTTP/1.1" 200 2651
180.162.245.190 - - [25/Oct/2020:10:11:26 +0800] "GET /xingrg/kc/print/load_data.html?order_code=212020102510272&kc_code=cgsh&condition= HTTP/1.1" 200 666
180.162.245.190 - - [25/Oct/2020:10:11:29 +0800] "GET /xingrg/kc/buy/cgsh_order_add.html HTTP/1.1" 200 60173
180.162.245.190 - - [25/Oct/2020:10:11:30 +0800] "GET /xingrg/javascript/easyui/themes/default/validatebox.css HTTP/1.1" 404 1104
180.162.245.190 - - [25/Oct/2020:10:11:30 +0800] "POST /xingrg/kc/buy/cgsh_order_operate.html HTTP/1.1" 200 8245
172.17.0.120 - - [25/Oct/2020:10:11:33 +0800] "GET /xingrg/all/function/internal_message.html?_=1603591889027&CODE_STATE=getMsg HTTP/1.1" 200 27
180.174.56.115 - - [25/Oct/2020:10:11:33 +0800] "GET /xingrg/all/function/internal_message.html?_=1603591888577&CODE_STATE=getMsg HTTP/1.1" 200 27
124.77.70.31 - - [25/Oct/2020:10:11:35 +0800] "GET /xingrg/kc/buy/cgsh_order_operate.html?command=get_materiel&rest_code=00107&code=00101008114&supplier_code=00100006&order_time=2020-10-25 HTTP/1.1" 200 412
180.162.245.190 - - [25/Oct/2020:10:11:39 +0800] "GET /xingrg/kc/buy/cgsh_order_operate.html?command=get_materiel&rest_code=00105&code=00101012060&supplier_code=00100338&order_time=2020-10-25 HTTP/1.1" 200 408
172.17.0.185 - - [25/Oct/2020:10:11:39 +0800] "GET /xingrg/all/function/internal_message.html?_=1603591894656&CODE_STATE=getMsg HTTP/1.1" 200 27
172.17.200.101 - - [25/Oct/2020:10:11:40 +0800] "GET /xingrg/all/function/internal_message.html?_=1603591895997&CODE_STATE=getMsg HTTP/1.1" 200 27
124.77.70.31 - - [25/Oct/2020:10:11:42 +0800] "GET /xingrg/all/function/internal_message.html?_=1603591887862&CODE_STATE=getMsg HTTP/1.1" 200 27
114.84.37.38 - - [25/Oct/2020:10:11:44 +0800] "GET /xingrg/check_reg.html?_=1603591922875 HTTP/1.1" 200 22
114.88.166.242 - - [25/Oct/2020:10:11:44 +0800] "GET /xingrg/all/function/internal_message.html?_=1603591894145&CODE_STATE=getMsg HTTP/1.1" 200 27
114.86.231.202 - - [25/Oct/2020:10:11:44 +0800] "GET /xingrg/all/function/internal_message.html?_=1603591937571&CODE_STATE=getMsg HTTP/1.1" 200 27
180.162.245.190 - - [25/Oct/2020:10:11:45 +0800] "POST /xingrg/kc/buy/cgsh_order_operate.html HTTP/1.1" 200 37
180.162.245.190 - - [25/Oct/2020:10:11:48 +0800] "POST /xingrg/kc/buy/cgsh_order_operate.html HTTP/1.1" 200 2651
180.162.245.190 - - [25/Oct/2020:10:11:49 +0800] "GET /xingrg/kc/print/load_data.html?order_code=212020102510273&kc_code=cgsh&condition= HTTP/1.1" 200 663
114.88.166.242 - - [25/Oct/2020:10:11:51 +0800] "GET /xingrg/all/function/internal_message.html?_=1603592001297&CODE_STATE=getMsg HTTP/1.1" 200 27
