124.77.70.31 - - [24/Oct/2020:10:57:53 +0800] "GET /xingrg/css/site.css HTTP/1.1" 200 7541
124.77.70.31 - - [24/Oct/2020:10:57:53 +0800] "GET /xingrg/javascript/jquery_tools/datebox.css HTTP/1.1" 200 2597
124.77.70.31 - - [24/Oct/2020:10:57:54 +0800] "GET /xingrg/javascript/easyui/themes/icon.css HTTP/1.1" 200 4483
124.77.70.31 - - [24/Oct/2020:10:57:54 +0800] "GET /xingrg/javascript/easyui/themes/default/easyui.css HTTP/1.1" 200 30432
124.77.70.31 - - [24/Oct/2020:10:57:54 +0800] "GET /xingrg/javascript/auto/jquery.autocomplete.css HTTP/1.1" 200 587
124.77.70.31 - - [24/Oct/2020:10:57:54 +0800] "GET /xingrg/javascript/jquery_tools/fix.css HTTP/1.1" 200 1702
124.77.70.31 - - [24/Oct/2020:10:57:54 +0800] "GET /xingrg/javascript/jquery_tools/table.css HTTP/1.1" 200 1032
124.77.70.31 - - [24/Oct/2020:10:57:54 +0800] "GET /xingrg/javascript/jquery_tools/jquery.tools.min.js HTTP/1.1" 200 138801
124.77.70.31 - - [24/Oct/2020:10:57:54 +0800] "GET /xingrg/javascript/jquery_tools/jquery.tools.extend.js HTTP/1.1" 200 15385
124.77.70.31 - - [24/Oct/2020:10:57:54 +0800] "GET /xingrg/javascript/jquery_tools/jquery.tools.hotkey.js HTTP/1.1" 200 3242
124.77.70.31 - - [24/Oct/2020:10:57:54 +0800] "GET /xingrg/javascript/jquery_tools/jquery.tools.table.js HTTP/1.1" 200 6994
124.77.70.31 - - [24/Oct/2020:10:57:54 +0800] "GET /xingrg/javascript/jquery_tools/list_manager.js HTTP/1.1" 200 3652
124.77.70.31 - - [24/Oct/2020:10:57:54 +0800] "GET /xingrg/javascript/easyui/easyloader.js HTTP/1.1" 200 5975
124.77.70.31 - - [24/Oct/2020:10:57:54 +0800] "GET /xingrg/javascript/auto/jquery.autocomplete.js HTTP/1.1" 200 21624
124.77.70.31 - - [24/Oct/2020:10:57:54 +0800] "GET /xingrg/javascript/jquery.cookie.js HTTP/1.1" 200 5513
124.77.70.31 - - [24/Oct/2020:10:57:54 +0800] "GET /xingrg/javascript/print/LodopFuncs.js HTTP/1.1" 200 5121
124.77.70.31 - - [24/Oct/2020:10:57:54 +0800] "GET /xingrg/javascript/easyui/themes/icons/import_new.png HTTP/1.1" 200 1247
124.77.70.31 - - [24/Oct/2020:10:57:54 +0800] "GET /xingrg/javascript/easyui/themes/icons/check_new.png HTTP/1.1" 200 3224
124.77.70.31 - - [24/Oct/2020:10:57:54 +0800] "GET /xingrg/javascript/easyui/themes/icons/field_new.png HTTP/1.1" 200 1097
124.77.70.31 - - [24/Oct/2020:10:57:54 +0800] "GET /xingrg/javascript/easyui/themes/icons/cance_new.png HTTP/1.1" 200 3986
124.77.70.31 - - [24/Oct/2020:10:57:54 +0800] "GET /xingrg/javascript/easyui/themes/icons/edit_add_new.png HTTP/1.1" 200 2997
124.77.70.31 - - [24/Oct/2020:10:57:54 +0800] "GET /xingrg/javascript/easyui/plugins/jquery.parser.js HTTP/1.1" 200 1142
124.77.70.31 - - [24/Oct/2020:10:57:54 +0800] "GET /xingrg/images/control/ajaxLoader.gif HTTP/1.1" 200 4659
124.77.70.31 - - [24/Oct/2020:10:57:55 +0800] "POST /xingrg/kc/buy/cgsh_list_operate.html HTTP/1.1" 200 5058
124.77.70.31 - - [24/Oct/2020:10:57:55 +0800] "GET /xingrg/javascript/easyui/themes/default/images/button_plain_hover.png HTTP/1.1" 200 144
101.89.29.78 - - [24/Oct/2020:10:57:56 +0800] "GET /xingrg/login.html HTTP/1.1" 200 7641
124.77.70.31 - - [24/Oct/2020:10:57:56 +0800] "GET /xingrg/kc/buy/cgsh_order_add.html HTTP/1.1" 200 60214
117.184.7.26 - - [24/Oct/2020:10:57:56 +0800] "GET /xingrg/kc/buy/cgsh_order_operate.html?command=get_materiel&rest_code=00108&code=00101008331&supplier_code=00100008&order_time=2020-10-24 HTTP/1.1" 200 435
61.151.178.236 - - [24/Oct/2020:10:57:56 +0800] "GET /xingrg/kc/buy/cgsh_order_operate.html?command=get_materiel&rest_code=00141&code=00101007072&supplier_code=00100004&order_time=2020-10-24 HTTP/1.1" 302 -
124.77.70.31 - - [24/Oct/2020:10:57:56 +0800] "GET /xingrg/javascript/jquery_tools/order_manager.js HTTP/1.1" 200 11183
124.77.70.31 - - [24/Oct/2020:10:57:56 +0800] "GET /xingrg/javascript/convert.js HTTP/1.1" 200 1239
124.77.70.31 - - [24/Oct/2020:10:57:56 +0800] "GET /xingrg/javascript/json2.js HTTP/1.1" 200 11259
124.77.70.31 - - [24/Oct/2020:10:57:56 +0800] "GET /xingrg/javascript/print/kc_print.js HTTP/1.1" 200 11415
124.77.70.31 - - [24/Oct/2020:10:57:56 +0800] "GET /xingrg/words/20201023153835_words.js HTTP/1.1" 200 771870
124.77.70.31 - - [24/Oct/2020:10:57:56 +0800] "GET /xingrg/javascript/easyui/themes/icons/template_new.png HTTP/1.1" 200 3956
124.77.70.31 - - [24/Oct/2020:10:57:56 +0800] "GET /xingrg/javascript/easyui/themes/icons/ok.png HTTP/1.1" 200 883
124.77.70.31 - - [24/Oct/2020:10:57:56 +0800] "GET /xingrg/javascript/easyui/themes/icons/copy_new.png HTTP/1.1" 200 815
124.77.70.31 - - [24/Oct/2020:10:57:56 +0800] "GET /xingrg/javascript/easyui/themes/icons/print.png HTTP/1.1" 200 1057
124.77.70.31 - - [24/Oct/2020:10:57:56 +0800] "GET /xingrg/javascript/easyui/themes/default/images/menu_downarrow.png HTTP/1.1" 200 173
124.77.70.31 - - [24/Oct/2020:10:57:57 +0800] "GET /xingrg/javascript/easyui/themes/icons/cancel.png HTTP/1.1" 200 1133
124.77.70.31 - - [24/Oct/2020:10:57:57 +0800] "POST /xingrg/kc/buy/cgsh_order_operate.html HTTP/1.1" 200 8245
124.77.70.31 - - [24/Oct/2020:10:57:57 +0800] "GET /xingrg/all/common/auto_word.html?type=employee&rest_code=00107 HTTP/1.1" 200 147
124.77.70.31 - - [24/Oct/2020:10:57:57 +0800] "GET /xingrg/all/common/auto_word.html?type=employee&rest_code=00107 HTTP/1.1" 200 147
124.77.70.31 - - [24/Oct/2020:10:57:57 +0800] "GET /xingrg/javascript/easyui/themes/default/validatebox.css HTTP/1.1" 404 1104
124.77.70.31 - - [24/Oct/2020:10:57:57 +0800] "GET /xingrg/javascript/easyui/plugins/jquery.validatebox.js HTTP/1.1" 200 6103
124.77.70.31 - - [24/Oct/2020:10:57:57 +0800] "GET /xingrg/javascript/easyui/plugins/jquery.numberbox.js HTTP/1.1" 200 5213
124.77.70.31 - - [24/Oct/2020:10:57:57 +0800] "GET /xingrg/javascript/easyui/themes/icons/edit_remove.png HTTP/1.1" 200 625
180.161.96.95 - - [24/Oct/2020:10:57:57 +0800] "GET /xingrg/kc/buy/cgsh_order_operate.html?command=get_materiel&rest_code=00102&code=00101006019&supplier_code=00100011&order_time=2020-10-24 HTTP/1.1" 200 417
116.232.54.8 - - [24/Oct/2020:10:57:59 +0800] "GET /xingrg/all/function/internal_message.html?_=1603508284721&CODE_STATE=getMsg HTTP/1.1" 200 27
117.185.32.26 - - [24/Oct/2020:10:58:01 +0800] "GET /xingrg/all/function/internal_message.html?_=1603508716107&CODE_STATE=getMsg HTTP/1.1" 200 27
114.84.37.38 - - [24/Oct/2020:10:58:01 +0800] "GET /xingrg/kc/buy/cgsh_order_operate.html?command=get_materiel&rest_code=00146&code=00101003025&supplier_code=00100041&order_time=2020-10-24 HTTP/1.1" 200 428
61.151.178.236 - - [24/Oct/2020:10:58:04 +0800] "GET /xingrg/login.html HTTP/1.1" 200 7641
117.184.7.26 - - [24/Oct/2020:10:58:04 +0800] "GET /xingrg/kc/buy/cgsh_order_operate.html?command=get_materiel&rest_code=00108&code=00101008350&supplier_code=00100008&order_time=2020-10-24 HTTP/1.1" 200 408
114.84.37.38 - - [24/Oct/2020:10:58:04 +0800] "GET /xingrg/all/function/internal_message.html?_=1603508300063&CODE_STATE=getMsg HTTP/1.1" 200 27
124.77.70.31 - - [24/Oct/2020:10:58:05 +0800] "GET /xingrg/all/function/internal_message.html?_=1603508277297&CODE_STATE=getMsg HTTP/1.1" 200 27
172.17.0.101 - - [24/Oct/2020:10:58:07 +0800] "GET /xingrg/check_reg.html?_=1603508281004 HTTP/1.1" 200 22
124.77.70.31 - - [24/Oct/2020:10:58:07 +0800] "GET /xingrg/javascript/auto/indicator.gif HTTP/1.1" 404 1066
180.161.96.95 - - [24/Oct/2020:10:58:08 +0800] "GET /xingrg/check_reg.html?_=1603508288392 HTTP/1.1" 200 22
114.84.37.38 - - [24/Oct/2020:10:58:08 +0800] "POST /xingrg/kc/buy/cgsh_order_operate.html HTTP/1.1" 200 37
101.91.60.11 - - [24/Oct/2020:10:58:09 +0800] "GET /xingrg/kc/buy/cgsh_order_operate.html?command=get_materiel&rest_code=00141&code=00101008257&supplier_code=00100007&order_time=2020-10-24 HTTP/1.1" 302 -
117.185.32.26 - - [24/Oct/2020:10:58:09 +0800] "POST /xingrg/kc/buy/cgsh_order_operate.html HTTP/1.1" 200 37
180.161.96.95 - - [24/Oct/2020:10:58:09 +0800] "GET /xingrg/kc/buy/cgsh_order_operate.html?command=get_materiel&rest_code=00102&code=00101006109&supplier_code=00100011&order_time=2020-10-24 HTTP/1.1" 200 409
114.84.37.38 - - [24/Oct/2020:10:58:09 +0800] "POST /xingrg/kc/buy/cgsh_order_operate.html HTTP/1.1" 200 3831
114.84.37.38 - - [24/Oct/2020:10:58:11 +0800] "GET /xingrg/kc/print/load_data.html?order_code=212020102409881&kc_code=cgsh&condition= HTTP/1.1" 200 1136
117.185.32.26 - - [24/Oct/2020:10:58:12 +0800] "POST /xingrg/kc/buy/cgsh_order_operate.html HTTP/1.1" 200 12
117.185.32.26 - - [24/Oct/2020:10:58:13 +0800] "GET /xingrg/kc/buy/cgsh_order_info.html?code=212020102409851 HTTP/1.1" 200 55031
117.185.32.26 - - [24/Oct/2020:10:58:13 +0800] "GET /xingrg/javascript/easyui/themes/default/validatebox.css HTTP/1.1" 404 1104
117.185.32.26 - - [24/Oct/2020:10:58:13 +0800] "POST /xingrg/kc/buy/cgsh_order_operate.html HTTP/1.1" 200 612
117.185.32.26 - - [24/Oct/2020:10:58:15 +0800] "GET /xingrg/kc/print/load_data.html?order_code=212020102409851&kc_code=cgsh&condition= HTTP/1.1" 200 764
180.161.96.95 - - [24/Oct/2020:10:58:16 +0800] "GET /xingrg/all/function/internal_message.html?_=1603508296501&CODE_STATE=getMsg HTTP/1.1" 200 27
124.77.70.31 - - [24/Oct/2020:10:58:16 +0800] "GET /xingrg/kc/buy/cgsh_order_operate.html?command=get_materiel&rest_code=00107&code=00102005335&supplier_code=&order_time=2020-10-24 HTTP/1.1" 200 424
101.91.60.11 - - [24/Oct/2020:10:58:18 +0800] "GET /xingrg/login.html HTTP/1.1" 200 7641
180.174.56.115 - - [24/Oct/2020:10:58:19 +0800] "GET /xingrg/check_reg.html?_=1603508294636 HTTP/1.1" 200 22
120.253.135.82 - - [24/Oct/2020:10:58:20 +0800] "GET /xingrg/all/function/internal_message.html?_=1603508409911&CODE_STATE=getMsg HTTP/1.1" 200 27
180.161.96.95 - - [24/Oct/2020:10:58:20 +0800] "GET /xingrg/kc/buy/cgsh_order_operate.html?command=get_materiel&rest_code=00102&code=00101006133&supplier_code=00100011&order_time=2020-10-24 HTTP/1.1" 200 413
58.221.95.50 - - [24/Oct/2020:10:58:23 +0800] "GET /xingrg/all/function/internal_message.html?_=1603508479287&CODE_STATE=getMsg HTTP/1.1" 200 27
117.184.7.26 - - [24/Oct/2020:10:58:24 +0800] "POST /xingrg/kc/buy/cgsh_order_operate.html HTTP/1.1" 200 2065
180.162.245.190 - - [24/Oct/2020:10:58:24 +0800] "GET /xingrg/all/function/internal_message.html?_=1603508303713&CODE_STATE=getMsg HTTP/1.1" 200 27
222.69.128.52 - - [24/Oct/2020:10:58:29 +0800] "GET /xingrg/all/function/internal_message.html?_=1603508302635&CODE_STATE=getMsg HTTP/1.1" 200 27
114.84.145.85 - - [24/Oct/2020:10:58:29 +0800] "GET /xingrg/all/function/internal_message.html?_=1603508307317&CODE_STATE=getMsg HTTP/1.1" 200 27
117.184.7.26 - - [24/Oct/2020:10:58:30 +0800] "GET /xingrg/kc/buy/cgsh_order_operate.html?command=get_materiel&rest_code=00108&code=00101008096&supplier_code=00100008&order_time=2020-10-24 HTTP/1.1" 200 412
114.84.145.85 - - [24/Oct/2020:10:58:30 +0800] "GET /xingrg/all/function/internal_message.html?_=1603507911146&CODE_STATE=getMsg HTTP/1.1" 200 27
117.185.32.26 - - [24/Oct/2020:10:58:30 +0800] "GET /xingrg/all/function/internal_message.html?_=1603508307496&CODE_STATE=getMsg HTTP/1.1" 200 27
101.227.139.173 - - [24/Oct/2020:10:58:31 +0800] "GET /xingrg/all/function/internal_message.html?_=1603507586785&CODE_STATE=getMsg HTTP/1.1" 302 -
117.185.32.26 - - [24/Oct/2020:10:58:31 +0800] "GET /xingrg/check_reg.html?_=1603508308080 HTTP/1.1" 200 22
117.131.5.26 - - [24/Oct/2020:10:58:33 +0800] "GET /xingrg/all/function/internal_message.html?_=1603508335520&CODE_STATE=getMsg HTTP/1.1" 200 27
101.227.139.173 - - [24/Oct/2020:10:58:33 +0800] "GET /xingrg/login.html HTTP/1.1" 200 7641
124.77.70.31 - - [24/Oct/2020:10:58:33 +0800] "GET /xingrg/kc/buy/cgsh_order_operate.html?command=get_materiel&rest_code=00107&code=00102006191&supplier_code=&order_time=2020-10-24 HTTP/1.1" 200 406
114.84.37.38 - - [24/Oct/2020:10:58:35 +0800] "GET /xingrg/all/function/internal_message.html?_=1603508326507&CODE_STATE=getMsg HTTP/1.1" 200 27
124.77.70.31 - - [24/Oct/2020:10:58:36 +0800] "GET /xingrg/javascript/jquery_easy_ui/themes/icons/rest.png HTTP/1.1" 200 695
124.77.70.31 - - [24/Oct/2020:10:58:36 +0800] "GET /xingrg/javascript/jquery_easy_ui/themes/icons/area.png HTTP/1.1" 200 262
172.17.0.101 - - [24/Oct/2020:10:58:36 +0800] "GET /xingrg/all/function/internal_message.html?_=1603508309818&CODE_STATE=getMsg HTTP/1.1" 200 27
180.174.56.115 - - [24/Oct/2020:10:58:36 +0800] "GET /xingrg/all/function/internal_message.html?_=1603508285943&CODE_STATE=getMsg HTTP/1.1" 200 27
172.17.0.185 - - [24/Oct/2020:10:58:38 +0800] "GET /xingrg/all/function/internal_message.html?_=1603508313151&CODE_STATE=getMsg HTTP/1.1" 200 27
117.184.7.26 - - [24/Oct/2020:10:58:38 +0800] "GET /xingrg/kc/buy/cgsh_order_operate.html?command=get_materiel&rest_code=00108&code=00101008236&supplier_code=00100008&order_time=2020-10-24 HTTP/1.1" 200 436
120.253.135.82 - - [24/Oct/2020:10:58:42 +0800] "GET /xingrg/all/function/internal_message.html?_=1603508065059&CODE_STATE=getMsg HTTP/1.1" 200 27
180.161.96.95 - - [24/Oct/2020:10:58:43 +0800] "POST /xingrg/kc/buy/cgsh_order_operate.html HTTP/1.1" 200 37
114.88.166.242 - - [24/Oct/2020:10:58:44 +0800] "GET /xingrg/check_reg.html?_=1603508314500 HTTP/1.1" 200 22
117.185.32.26 - - [24/Oct/2020:10:58:44 +0800] "POST /xingrg/kc/buy/cgsh_list_operate.html HTTP/1.1" 200 3528
101.227.139.173 - - [24/Oct/2020:10:58:46 +0800] "GET /xingrg/kc/buy/cgsh_order_info.html?code=212020102409872 HTTP/1.1" 302 -
117.184.7.26 - - [24/Oct/2020:10:58:47 +0800] "GET /xingrg/kc/buy/cgsh_order_operate.html?command=get_materiel&rest_code=00108&code=00101015038&supplier_code=00100008&order_time=2020-10-24 HTTP/1.1" 200 418
180.161.96.95 - - [24/Oct/2020:10:58:47 +0800] "POST /xingrg/kc/buy/cgsh_order_operate.html HTTP/1.1" 200 12
180.161.96.95 - - [24/Oct/2020:10:58:48 +0800] "GET /xingrg/kc/buy/cgsh_order_info.html?code=212020102409882 HTTP/1.1" 200 54994
124.77.70.31 - - [24/Oct/2020:10:58:49 +0800] "GET /xingrg/all/function/internal_message.html?_=1603508327456&CODE_STATE=getMsg HTTP/1.1" 200 27
180.161.96.95 - - [24/Oct/2020:10:58:50 +0800] "GET /xingrg/javascript/easyui/themes/default/validatebox.css HTTP/1.1" 404 1104
180.161.96.95 - - [24/Oct/2020:10:58:50 +0800] "POST /xingrg/kc/buy/cgsh_order_operate.html HTTP/1.1" 200 4743
114.84.145.85 - - [24/Oct/2020:10:58:52 +0800] "GET /xingrg/kc/buy/cgsh_order_operate.html?command=get_materiel&rest_code=00141&code=00101008091&supplier_code=00100007&order_time=2020-10-24 HTTP/1.1" 200 432
180.161.96.95 - - [24/Oct/2020:10:58:52 +0800] "GET /xingrg/kc/print/load_data.html?order_code=212020102409882&kc_code=cgsh&condition= HTTP/1.1" 200 2333
101.227.139.173 - - [24/Oct/2020:10:58:54 +0800] "GET /xingrg/login.html HTTP/1.1" 200 7641
117.184.7.26 - - [24/Oct/2020:10:58:57 +0800] "GET /xingrg/kc/buy/cgsh_order_operate.html?command=get_materiel&rest_code=00108&code=00101008284&supplier_code=00100008&order_time=2020-10-24 HTTP/1.1" 200 412
114.84.145.85 - - [24/Oct/2020:10:58:57 +0800] "GET /xingrg/check_reg.html?_=1603507938713 HTTP/1.1" 200 22
116.232.54.8 - - [24/Oct/2020:10:58:59 +0800] "GET /xingrg/all/function/internal_message.html?_=1603508344725&CODE_STATE=getMsg HTTP/1.1" 200 27
117.185.32.26 - - [24/Oct/2020:10:59:01 +0800] "GET /xingrg/all/function/internal_message.html?_=1603508776088&CODE_STATE=getMsg HTTP/1.1" 200 27
124.77.70.31 - - [24/Oct/2020:10:59:02 +0800] "GET /xingrg/check_reg.html?_=1603508333878 HTTP/1.1" 200 22
114.84.145.85 - - [24/Oct/2020:10:59:02 +0800] "GET /xingrg/kc/buy/cgsh_order_operate.html?command=get_materiel&rest_code=00141&code=00101008256&supplier_code=00100007&order_time=2020-10-24 HTTP/1.1" 200 432
117.185.32.26 - - [24/Oct/2020:10:59:04 +0800] "POST /xingrg/kc/buy/cgsh_list_operate.html HTTP/1.1" 200 508
114.84.37.38 - - [24/Oct/2020:10:59:04 +0800] "GET /xingrg/all/function/internal_message.html?_=1603508360067&CODE_STATE=getMsg HTTP/1.1" 200 27
117.185.32.26 - - [24/Oct/2020:10:59:05 +0800] "GET /xingrg/kc/buy/cgsh_order_info.html?code=212020102409854 HTTP/1.1" 200 60137
117.185.32.26 - - [24/Oct/2020:10:59:05 +0800] "GET /xingrg/javascript/easyui/themes/default/validatebox.css HTTP/1.1" 404 1104
117.185.32.26 - - [24/Oct/2020:10:59:05 +0800] "POST /xingrg/kc/buy/cgsh_order_operate.html HTTP/1.1" 200 5054
117.184.7.26 - - [24/Oct/2020:10:59:05 +0800] "GET /xingrg/kc/buy/cgsh_order_operate.html?command=get_materiel&rest_code=00108&code=00101008255&supplier_code=00100008&order_time=2020-10-24 HTTP/1.1" 200 412
124.77.70.31 - - [24/Oct/2020:10:59:05 +0800] "GET /xingrg/all/function/internal_message.html?_=1603508337281&CODE_STATE=getMsg HTTP/1.1" 200 27
180.171.130.158 - - [24/Oct/2020:10:59:08 +0800] "POST /xingrg/services/DataTransmitService HTTP/1.1" 200 524
180.171.130.158 - - [24/Oct/2020:10:59:09 +0800] "POST /xingrg/services/DataTransmitService HTTP/1.1" 200 501
117.184.7.26 - - [24/Oct/2020:10:59:09 +0800] "POST /xingrg/kc/buy/cgsh_order_operate.html HTTP/1.1" 200 2065
180.171.130.158 - - [24/Oct/2020:10:59:09 +0800] "POST /xingrg/services/DataTransmitService HTTP/1.1" 200 501
180.171.130.158 - - [24/Oct/2020:10:59:09 +0800] "POST /xingrg/services/DataTransmitService HTTP/1.1" 200 501
180.171.130.158 - - [24/Oct/2020:10:59:09 +0800] "POST /xingrg/services/DataTransmitService HTTP/1.1" 200 501
180.171.130.158 - - [24/Oct/2020:10:59:10 +0800] "POST /xingrg/services/DataTransmitService HTTP/1.1" 200 412
117.184.7.26 - - [24/Oct/2020:10:59:12 +0800] "GET /xingrg/kc/buy/cgsh_order_operate.html?command=get_materiel&rest_code=00108&code=00101015066&supplier_code=00100008&order_time=2020-10-24 HTTP/1.1" 200 413
117.185.32.26 - - [24/Oct/2020:10:59:15 +0800] "POST /xingrg/kc/buy/cgsh_order_operate.html HTTP/1.1" 200 37
180.161.96.95 - - [24/Oct/2020:10:59:16 +0800] "GET /xingrg/all/function/internal_message.html?_=1603508356516&CODE_STATE=getMsg HTTP/1.1" 200 27
117.185.32.26 - - [24/Oct/2020:10:59:16 +0800] "POST /xingrg/kc/buy/cgsh_order_operate.html HTTP/1.1" 200 12
117.185.32.26 - - [24/Oct/2020:10:59:17 +0800] "GET /xingrg/kc/buy/cgsh_order_info.html?code=212020102409854 HTTP/1.1" 200 55031
117.185.32.26 - - [24/Oct/2020:10:59:18 +0800] "GET /xingrg/javascript/easyui/themes/default/validatebox.css HTTP/1.1" 404 1104
117.185.32.26 - - [24/Oct/2020:10:59:18 +0800] "POST /xingrg/kc/buy/cgsh_order_operate.html HTTP/1.1" 200 3003
120.253.135.82 - - [24/Oct/2020:10:59:20 +0800] "GET /xingrg/all/function/internal_message.html?_=1603508469925&CODE_STATE=getMsg HTTP/1.1" 200 27
117.185.32.26 - - [24/Oct/2020:10:59:21 +0800] "GET /xingrg/kc/print/load_data.html?order_code=212020102409854&kc_code=cgsh&condition= HTTP/1.1" 200 1700
58.221.95.50 - - [24/Oct/2020:10:59:23 +0800] "GET /xingrg/all/function/internal_message.html?_=1603508539287&CODE_STATE=getMsg HTTP/1.1" 200 27
180.162.245.190 - - [24/Oct/2020:10:59:24 +0800] "GET /xingrg/all/function/internal_message.html?_=1603508363689&CODE_STATE=getMsg HTTP/1.1" 200 27
117.184.7.26 - - [24/Oct/2020:10:59:28 +0800] "GET /xingrg/kc/buy/cgsh_order_operate.html?command=get_materiel&rest_code=00108&code=00101015046&supplier_code=00100008&order_time=2020-10-24 HTTP/1.1" 200 412
222.69.128.52 - - [24/Oct/2020:10:59:29 +0800] "GET /xingrg/all/function/internal_message.html?_=1603508362634&CODE_STATE=getMsg HTTP/1.1" 200 27
114.84.145.85 - - [24/Oct/2020:10:59:29 +0800] "GET /xingrg/all/function/internal_message.html?_=1603508367355&CODE_STATE=getMsg HTTP/1.1" 200 27
114.84.145.85 - - [24/Oct/2020:10:59:30 +0800] "GET /xingrg/all/function/internal_message.html?_=1603507971127&CODE_STATE=getMsg HTTP/1.1" 200 27
117.185.32.26 - - [24/Oct/2020:10:59:30 +0800] "GET /xingrg/all/function/internal_message.html?_=1603508367473&CODE_STATE=getMsg HTTP/1.1" 200 27
101.89.239.216 - - [24/Oct/2020:10:59:32 +0800] "GET /xingrg/all/function/internal_message.html?_=1603507646789&CODE_STATE=getMsg HTTP/1.1" 302 -
117.131.5.26 - - [24/Oct/2020:10:59:33 +0800] "GET /xingrg/all/function/internal_message.html?_=1603508395518&CODE_STATE=getMsg HTTP/1.1" 200 27
117.184.7.26 - - [24/Oct/2020:10:59:35 +0800] "GET /xingrg/check_reg.html?_=1603508353676 HTTP/1.1" 200 22
114.84.37.38 - - [24/Oct/2020:10:59:35 +0800] "GET /xingrg/all/function/internal_message.html?_=1603508386511&CODE_STATE=getMsg HTTP/1.1" 200 27
172.17.0.101 - - [24/Oct/2020:10:59:36 +0800] "GET /xingrg/all/function/internal_message.html?_=1603508369814&CODE_STATE=getMsg HTTP/1.1" 200 27
180.174.56.115 - - [24/Oct/2020:10:59:36 +0800] "GET /xingrg/all/function/internal_message.html?_=1603508345946&CODE_STATE=getMsg HTTP/1.1" 200 27
172.17.0.185 - - [24/Oct/2020:10:59:38 +0800] "GET /xingrg/check_reg.html?_=1603508373155 HTTP/1.1" 200 22
172.17.0.185 - - [24/Oct/2020:10:59:38 +0800] "GET /xingrg/all/function/internal_message.html?_=1603508373157&CODE_STATE=getMsg HTTP/1.1" 200 27
101.89.239.216 - - [24/Oct/2020:10:59:41 +0800] "GET /xingrg/login.html HTTP/1.1" 200 7641
117.185.32.26 - - [24/Oct/2020:10:59:41 +0800] "POST /xingrg/kc/buy/cgsh_list_operate.html HTTP/1.1" 200 3162
120.204.17.73 - - [24/Oct/2020:10:59:42 +0800] "GET /xingrg/all/function/internal_message.html?_=1603507587774&CODE_STATE=getMsg HTTP/1.1" 302 -
120.253.135.82 - - [24/Oct/2020:10:59:43 +0800] "GET /xingrg/all/function/internal_message.html?_=1603508125071&CODE_STATE=getMsg HTTP/1.1" 200 27
120.204.17.73 - - [24/Oct/2020:10:59:48 +0800] "GET /xingrg/login.html HTTP/1.1" 200 7641
114.84.145.85 - - [24/Oct/2020:10:59:49 +0800] "GET /xingrg/kc/buy/cgsh_order_operate.html?command=get_materiel&rest_code=00141&code=00101008337&supplier_code=00100007&order_time=2020-10-24 HTTP/1.1" 200 408
124.77.70.31 - - [24/Oct/2020:10:59:49 +0800] "GET /xingrg/all/function/internal_message.html?_=1603508387459&CODE_STATE=getMsg HTTP/1.1" 200 27
114.84.145.85 - - [24/Oct/2020:10:59:52 +0800] "POST /xingrg/kc/buy/cgsh_order_operate.html HTTP/1.1" 200 2065
116.232.54.8 - - [24/Oct/2020:10:59:59 +0800] "GET /xingrg/all/function/internal_message.html?_=1603508404723&CODE_STATE=getMsg HTTP/1.1" 200 27
114.84.145.85 - - [24/Oct/2020:11:00:00 +0800] "GET /xingrg/kc/buy/cgsh_order_operate.html?command=get_materiel&rest_code=00141&code=00101008430&supplier_code=00100007&order_time=2020-10-24 HTTP/1.1" 200 391
117.185.32.26 - - [24/Oct/2020:11:00:01 +0800] "GET /xingrg/all/function/internal_message.html?_=1603508836075&CODE_STATE=getMsg HTTP/1.1" 200 27
117.185.32.26 - - [24/Oct/2020:11:00:01 +0800] "GET /xingrg/check_reg.html?_=1603508836514 HTTP/1.1" 200 22
114.84.37.38 - - [24/Oct/2020:11:00:05 +0800] "GET /xingrg/all/function/internal_message.html?_=1603508420532&CODE_STATE=getMsg HTTP/1.1" 200 27
114.84.37.38 - - [24/Oct/2020:11:00:05 +0800] "GET /xingrg/check_reg.html?_=1603508420534 HTTP/1.1" 200 22
114.84.145.85 - - [24/Oct/2020:11:00:05 +0800] "GET /xingrg/kc/buy/cgsh_order_operate.html?command=get_materiel&rest_code=00141&code=00101008010&supplier_code=00100007&order_time=2020-10-24 HTTP/1.1" 200 412
117.185.32.26 - - [24/Oct/2020:11:00:05 +0800] "POST /xingrg/kc/buy/cgsh_list_operate.html HTTP/1.1" 200 199
124.77.70.31 - - [24/Oct/2020:11:00:05 +0800] "GET /xingrg/all/function/internal_message.html?_=1603508397266&CODE_STATE=getMsg HTTP/1.1" 200 27
180.161.96.95 - - [24/Oct/2020:11:00:06 +0800] "GET /xingrg/kc/buy/cgsh_order_add.html HTTP/1.1" 200 60091
180.161.96.95 - - [24/Oct/2020:11:00:09 +0800] "POST /xingrg/kc/buy/cgsh_order_operate.html HTTP/1.1" 200 8245
180.161.96.95 - - [24/Oct/2020:11:00:10 +0800] "GET /xingrg/javascript/easyui/themes/default/validatebox.css HTTP/1.1" 404 1104
114.84.37.38 - - [24/Oct/2020:11:00:10 +0800] "GET /xingrg/kc/buy/cgsh_order_add.html HTTP/1.1" 200 60132
114.84.37.38 - - [24/Oct/2020:11:00:11 +0800] "POST /xingrg/kc/buy/cgsh_order_operate.html HTTP/1.1" 200 8245
114.84.37.38 - - [24/Oct/2020:11:00:11 +0800] "GET /xingrg/javascript/easyui/themes/default/validatebox.css HTTP/1.1" 404 1104
114.84.145.85 - - [24/Oct/2020:11:00:11 +0800] "GET /xingrg/kc/buy/cgsh_order_operate.html?command=get_materiel&rest_code=00141&code=00101008026&supplier_code=00100007&order_time=2020-10-24 HTTP/1.1" 200 409
117.185.32.26 - - [24/Oct/2020:11:00:12 +0800] "GET /xingrg/kc/buy/cgsh_order_info.html?code=212020102409858 HTTP/1.1" 200 60137
117.185.32.26 - - [24/Oct/2020:11:00:12 +0800] "GET /xingrg/javascript/easyui/themes/default/validatebox.css HTTP/1.1" 404 1104
117.185.32.26 - - [24/Oct/2020:11:00:13 +0800] "POST /xingrg/kc/buy/cgsh_order_operate.html HTTP/1.1" 200 2660
114.84.37.38 - - [24/Oct/2020:11:00:13 +0800] "GET /xingrg/kc/buy/buy_main.html HTTP/1.1" 200 12412
114.84.37.38 - - [24/Oct/2020:11:00:13 +0800] "GET /xingrg/css/new_ie.css HTTP/1.1" 404 1036
114.84.37.38 - - [24/Oct/2020:11:00:13 +0800] "GET /xingrg/images/yd/bt.gif HTTP/1.1" 404 1040
114.84.37.38 - - [24/Oct/2020:11:00:15 +0800] "GET /xingrg/kc/buy/cgsh_order_list.html HTTP/1.1" 200 44394
114.84.37.38 - - [24/Oct/2020:11:00:15 +0800] "GET /xingrg/kc/buy/cgsh_order_list.html HTTP/1.1" 200 44394
114.84.37.38 - - [24/Oct/2020:11:00:15 +0800] "GET /xingrg/css/base.css HTTP/1.1" 304 -
114.84.37.38 - - [24/Oct/2020:11:00:15 +0800] "GET /xingrg/javascript/jquery_tools/jquery.tools.hotkey.js HTTP/1.1" 304 -
114.84.37.38 - - [24/Oct/2020:11:00:15 +0800] "GET /xingrg/css/site.css HTTP/1.1" 304 -
114.84.37.38 - - [24/Oct/2020:11:00:15 +0800] "GET /xingrg/javascript/jquery_tools/datebox.css HTTP/1.1" 304 -
114.84.37.38 - - [24/Oct/2020:11:00:15 +0800] "GET /xingrg/javascript/easyui/themes/default/easyui.css HTTP/1.1" 304 -
114.84.37.38 - - [24/Oct/2020:11:00:15 +0800] "GET /xingrg/javascript/easyui/themes/icon.css HTTP/1.1" 304 -
114.84.37.38 - - [24/Oct/2020:11:00:15 +0800] "GET /xingrg/javascript/auto/jquery.autocomplete.css HTTP/1.1" 304 -
114.84.37.38 - - [24/Oct/2020:11:00:15 +0800] "GET /xingrg/javascript/jquery_tools/fix.css HTTP/1.1" 304 -
114.84.37.38 - - [24/Oct/2020:11:00:15 +0800] "GET /xingrg/javascript/jquery_tools/table.css HTTP/1.1" 304 -
114.84.37.38 - - [24/Oct/2020:11:00:15 +0800] "GET /xingrg/javascript/jquery_tools/jquery.tools.min.js HTTP/1.1" 304 -
114.84.37.38 - - [24/Oct/2020:11:00:15 +0800] "GET /xingrg/javascript/jquery_tools/jquery.tools.extend.js HTTP/1.1" 304 -
114.84.37.38 - - [24/Oct/2020:11:00:15 +0800] "GET /xingrg/javascript/jquery_tools/jquery.tools.table.js HTTP/1.1" 304 -
114.84.37.38 - - [24/Oct/2020:11:00:15 +0800] "GET /xingrg/javascript/jquery_tools/list_manager.js HTTP/1.1" 304 -
114.84.37.38 - - [24/Oct/2020:11:00:15 +0800] "GET /xingrg/javascript/auto/jquery.autocomplete.js HTTP/1.1" 304 -
114.84.37.38 - - [24/Oct/2020:11:00:15 +0800] "GET /xingrg/javascript/easyui/easyloader.js HTTP/1.1" 304 -
114.84.37.38 - - [24/Oct/2020:11:00:15 +0800] "GET /xingrg/javascript/jquery.utils.js HTTP/1.1" 304 -
114.84.37.38 - - [24/Oct/2020:11:00:15 +0800] "GET /xingrg/javascript/jquery.cookie.js HTTP/1.1" 304 -
114.84.37.38 - - [24/Oct/2020:11:00:15 +0800] "GET /xingrg/javascript/print/LodopFuncs.js HTTP/1.1" 304 -
114.84.37.38 - - [24/Oct/2020:11:00:16 +0800] "GET /favicon.ico HTTP/1.1" 404 -
114.84.37.38 - - [24/Oct/2020:11:00:16 +0800] "GET /xingrg/javascript/easyui/plugins/jquery.parser.js HTTP/1.1" 304 -
180.161.96.95 - - [24/Oct/2020:11:00:16 +0800] "GET /xingrg/all/function/internal_message.html?_=1603508416529&CODE_STATE=getMsg HTTP/1.1" 200 27
114.84.145.85 - - [24/Oct/2020:11:00:17 +0800] "GET /xingrg/kc/buy/cgsh_order_operate.html?command=get_materiel&rest_code=00141&code=00101008096&supplier_code=00100007&order_time=2020-10-24 HTTP/1.1" 200 412
114.84.37.38 - - [24/Oct/2020:11:00:17 +0800] "POST /xingrg/kc/buy/cgsh_list_operate.html HTTP/1.1" 200 3854
114.84.37.38 - - [24/Oct/2020:11:00:17 +0800] "POST /xingrg/kc/buy/cgsh_list_operate.html HTTP/1.1" 200 3854
120.253.135.82 - - [24/Oct/2020:11:00:20 +0800] "GET /xingrg/all/function/internal_message.html?_=1603508529944&CODE_STATE=getMsg HTTP/1.1" 200 27
117.185.32.26 - - [24/Oct/2020:11:00:21 +0800] "POST /xingrg/kc/buy/cgsh_order_operate.html HTTP/1.1" 200 37
117.185.32.26 - - [24/Oct/2020:11:00:23 +0800] "POST /xingrg/kc/buy/cgsh_order_operate.html HTTP/1.1" 200 12
58.221.95.50 - - [24/Oct/2020:11:00:23 +0800] "GET /xingrg/all/function/internal_message.html?_=1603508599288&CODE_STATE=getMsg HTTP/1.1" 200 27
117.185.32.26 - - [24/Oct/2020:11:00:24 +0800] "GET /xingrg/kc/buy/cgsh_order_info.html?code=212020102409858 HTTP/1.1" 200 55031
117.185.32.26 - - [24/Oct/2020:11:00:24 +0800] "GET /xingrg/javascript/easyui/themes/default/validatebox.css HTTP/1.1" 404 1104
180.162.245.190 - - [24/Oct/2020:11:00:24 +0800] "GET /xingrg/all/function/internal_message.html?_=1603508423668&CODE_STATE=getMsg HTTP/1.1" 200 27
117.185.32.26 - - [24/Oct/2020:11:00:24 +0800] "POST /xingrg/kc/buy/cgsh_order_operate.html HTTP/1.1" 200 610
180.162.245.190 - - [24/Oct/2020:11:00:25 +0800] "GET /xingrg/check_reg.html?_=1603508424791 HTTP/1.1" 200 22
114.84.145.85 - - [24/Oct/2020:11:00:26 +0800] "POST /xingrg/kc/buy/cgsh_order_operate.html HTTP/1.1" 200 2065
114.84.37.38 - - [24/Oct/2020:11:00:27 +0800] "POST /xingrg/kc/buy/cgsh_list_operate.html HTTP/1.1" 200 202
117.185.32.26 - - [24/Oct/2020:11:00:27 +0800] "GET /xingrg/kc/print/load_data.html?order_code=212020102409858&kc_code=cgsh&condition= HTTP/1.1" 200 760
183.192.164.214 - - [24/Oct/2020:11:00:27 +0800] "GET /xingrg/check_reg.html?_=1603507708100 HTTP/1.1" 302 -
114.84.37.38 - - [24/Oct/2020:11:00:28 +0800] "POST /xingrg/kc/buy/cgsh_list_operate.html HTTP/1.1" 200 567
222.69.128.52 - - [24/Oct/2020:11:00:29 +0800] "GET /xingrg/all/function/internal_message.html?_=1603508422633&CODE_STATE=getMsg HTTP/1.1" 200 27
114.84.145.85 - - [24/Oct/2020:11:00:29 +0800] "GET /xingrg/kc/buy/cgsh_order_operate.html?command=get_materiel&rest_code=00141&code=00101008199&supplier_code=00100007&order_time=2020-10-24 HTTP/1.1" 200 408
114.84.145.85 - - [24/Oct/2020:11:00:29 +0800] "GET /xingrg/all/function/internal_message.html?_=1603508427256&CODE_STATE=getMsg HTTP/1.1" 200 27
114.84.145.85 - - [24/Oct/2020:11:00:30 +0800] "GET /xingrg/all/function/internal_message.html?_=1603508031108&CODE_STATE=getMsg HTTP/1.1" 200 27
114.84.37.38 - - [24/Oct/2020:11:00:30 +0800] "GET /xingrg/kc/buy/cgsh_order_add.html HTTP/1.1" 200 60132
117.185.32.26 - - [24/Oct/2020:11:00:30 +0800] "GET /xingrg/all/function/internal_message.html?_=1603508427448&CODE_STATE=getMsg HTTP/1.1" 200 27
114.84.37.38 - - [24/Oct/2020:11:00:31 +0800] "POST /xingrg/kc/buy/cgsh_order_operate.html HTTP/1.1" 200 8245
114.84.37.38 - - [24/Oct/2020:11:00:31 +0800] "GET /xingrg/javascript/easyui/themes/default/validatebox.css HTTP/1.1" 404 1104
117.131.5.26 - - [24/Oct/2020:11:00:33 +0800] "GET /xingrg/all/function/internal_message.html?_=1603508455517&CODE_STATE=getMsg HTTP/1.1" 200 27
117.131.5.26 - - [24/Oct/2020:11:00:33 +0800] "GET /xingrg/check_reg.html?_=1603508455516 HTTP/1.1" 200 22
114.84.37.38 - - [24/Oct/2020:11:00:35 +0800] "GET /xingrg/all/function/internal_message.html?_=1603508446525&CODE_STATE=getMsg HTTP/1.1" 200 27
183.192.164.214 - - [24/Oct/2020:11:00:36 +0800] "GET /xingrg/login.html HTTP/1.1" 200 7641
180.174.56.115 - - [24/Oct/2020:11:00:36 +0800] "GET /xingrg/check_reg.html?_=1603508405128 HTTP/1.1" 200 22
172.17.0.101 - - [24/Oct/2020:11:00:36 +0800] "GET /xingrg/all/function/internal_message.html?_=1603508429791&CODE_STATE=getMsg HTTP/1.1" 200 27
180.174.56.115 - - [24/Oct/2020:11:00:36 +0800] "GET /xingrg/all/function/internal_message.html?_=1603508405959&CODE_STATE=getMsg HTTP/1.1" 200 27
172.17.0.185 - - [24/Oct/2020:11:00:38 +0800] "GET /xingrg/all/function/internal_message.html?_=1603508433143&CODE_STATE=getMsg HTTP/1.1" 200 27
117.185.32.26 - - [24/Oct/2020:11:00:39 +0800] "GET /xingrg/kc/buy/cgsh_order_add.html HTTP/1.1" 200 60126
117.185.32.26 - - [24/Oct/2020:11:00:39 +0800] "GET /xingrg/javascript/easyui/themes/default/validatebox.css HTTP/1.1" 404 1104
117.185.32.26 - - [24/Oct/2020:11:00:39 +0800] "POST /xingrg/kc/buy/cgsh_order_operate.html HTTP/1.1" 200 8245
117.184.7.26 - - [24/Oct/2020:11:00:41 +0800] "GET /xingrg/kc/buy/cgsh_order_operate.html?command=get_materiel&rest_code=00108&code=00101008036&supplier_code=00100008&order_time=2020-10-24 HTTP/1.1" 200 427
117.185.32.26 - - [24/Oct/2020:11:00:42 +0800] "GET /xingrg/kc/buy/buy_main.html HTTP/1.1" 200 12412
120.253.135.82 - - [24/Oct/2020:11:00:42 +0800] "GET /xingrg/check_reg.html?_=1603508184963 HTTP/1.1" 200 22
117.185.32.26 - - [24/Oct/2020:11:00:42 +0800] "GET /xingrg/css/new_ie.css HTTP/1.1" 404 1036
120.253.135.82 - - [24/Oct/2020:11:00:43 +0800] "GET /xingrg/all/function/internal_message.html?_=1603508185083&CODE_STATE=getMsg HTTP/1.1" 200 27
117.185.32.26 - - [24/Oct/2020:11:00:43 +0800] "GET /xingrg/images/yd/bt.gif HTTP/1.1" 404 1040
117.185.32.26 - - [24/Oct/2020:11:00:44 +0800] "GET /xingrg/kc/buy/cgsh_order_list.html HTTP/1.1" 200 44388
117.185.32.26 - - [24/Oct/2020:11:00:46 +0800] "POST /xingrg/kc/buy/cgsh_list_operate.html HTTP/1.1" 200 2797
114.84.37.38 - - [24/Oct/2020:11:00:48 +0800] "GET /xingrg/kc/buy/cgsh_order_operate.html?command=get_materiel&rest_code=00146&code=00101010327&supplier_code=00100327&order_time=2020-10-24 HTTP/1.1" 200 403
124.77.70.31 - - [24/Oct/2020:11:00:49 +0800] "GET /xingrg/all/function/internal_message.html?_=1603508447462&CODE_STATE=getMsg HTTP/1.1" 200 27
117.185.32.26 - - [24/Oct/2020:11:00:50 +0800] "POST /xingrg/kc/buy/cgsh_list_operate.html HTTP/1.1" 200 203
117.185.32.26 - - [24/Oct/2020:11:00:51 +0800] "GET /xingrg/kc/buy/cgsh_order_info.html?code=212020102409859 HTTP/1.1" 200 60139
117.185.32.26 - - [24/Oct/2020:11:00:51 +0800] "GET /xingrg/javascript/easyui/themes/default/validatebox.css HTTP/1.1" 404 1104
117.185.32.26 - - [24/Oct/2020:11:00:51 +0800] "POST /xingrg/kc/buy/cgsh_order_operate.html HTTP/1.1" 200 2663
117.184.7.26 - - [24/Oct/2020:11:00:58 +0800] "POST /xingrg/kc/buy/cgsh_order_operate.html HTTP/1.1" 200 37
116.232.54.8 - - [24/Oct/2020:11:00:59 +0800] "GET /xingrg/check_reg.html?_=1603508464736 HTTP/1.1" 200 22
116.232.54.8 - - [24/Oct/2020:11:00:59 +0800] "GET /xingrg/all/function/internal_message.html?_=1603508464723&CODE_STATE=getMsg HTTP/1.1" 200 27
114.84.37.38 - - [24/Oct/2020:11:00:59 +0800] "POST /xingrg/kc/buy/cgsh_order_operate.html HTTP/1.1" 200 37
117.184.7.26 - - [24/Oct/2020:11:00:59 +0800] "POST /xingrg/kc/buy/cgsh_order_operate.html HTTP/1.1" 200 39294
117.185.32.26 - - [24/Oct/2020:11:00:59 +0800] "POST /xingrg/kc/buy/cgsh_order_operate.html HTTP/1.1" 200 37
114.84.37.38 - - [24/Oct/2020:11:01:00 +0800] "POST /xingrg/kc/buy/cgsh_order_operate.html HTTP/1.1" 200 2662
117.185.32.26 - - [24/Oct/2020:11:01:01 +0800] "GET /xingrg/all/function/internal_message.html?_=1603508896053&CODE_STATE=getMsg HTTP/1.1" 200 27
117.185.32.26 - - [24/Oct/2020:11:01:01 +0800] "POST /xingrg/kc/buy/cgsh_order_operate.html HTTP/1.1" 200 12
117.185.32.26 - - [24/Oct/2020:11:01:02 +0800] "GET /xingrg/kc/buy/cgsh_order_info.html?code=212020102409859 HTTP/1.1" 200 55033
114.84.37.38 - - [24/Oct/2020:11:01:02 +0800] "GET /xingrg/kc/print/load_data.html?order_code=212020102409883&kc_code=cgsh&condition= HTTP/1.1" 200 681
117.185.32.26 - - [24/Oct/2020:11:01:02 +0800] "GET /xingrg/javascript/easyui/themes/default/validatebox.css HTTP/1.1" 404 1104
117.185.32.26 - - [24/Oct/2020:11:01:03 +0800] "POST /xingrg/kc/buy/cgsh_order_operate.html HTTP/1.1" 200 613
114.84.37.38 - - [24/Oct/2020:11:01:05 +0800] "GET /xingrg/all/function/internal_message.html?_=1603508480544&CODE_STATE=getMsg HTTP/1.1" 200 27
124.77.70.31 - - [24/Oct/2020:11:01:05 +0800] "GET /xingrg/all/function/internal_message.html?_=1603508457253&CODE_STATE=getMsg HTTP/1.1" 200 27
117.185.32.26 - - [24/Oct/2020:11:01:06 +0800] "GET /xingrg/kc/print/load_data.html?order_code=212020102409859&kc_code=cgsh&condition= HTTP/1.1" 200 778
180.161.96.95 - - [24/Oct/2020:11:01:12 +0800] "GET /xingrg/kc/buy/cgsh_order_operate.html?command=get_materiel&rest_code=00102&code=00101007061&supplier_code=00100002&order_time=2020-10-24 HTTP/1.1" 200 409
114.84.145.85 - - [24/Oct/2020:11:01:15 +0800] "GET /xingrg/kc/buy/cgsh_order_operate.html?command=get_materiel&rest_code=00141&code=00101008355&supplier_code=00100007&order_time=2020-10-24 HTTP/1.1" 200 408
180.161.96.95 - - [24/Oct/2020:11:01:16 +0800] "GET /xingrg/all/function/internal_message.html?_=1603508476542&CODE_STATE=getMsg HTTP/1.1" 200 27
180.161.96.95 - - [24/Oct/2020:11:01:19 +0800] "GET /xingrg/kc/buy/cgsh_order_operate.html?command=get_materiel&rest_code=00102&code=00101007076&supplier_code=00100002&order_time=2020-10-24 HTTP/1.1" 200 427
120.253.135.82 - - [24/Oct/2020:11:01:20 +0800] "GET /xingrg/all/function/internal_message.html?_=1603508589951&CODE_STATE=getMsg HTTP/1.1" 200 27
117.185.32.26 - - [24/Oct/2020:11:01:21 +0800] "POST /xingrg/kc/buy/cgsh_list_operate.html HTTP/1.1" 200 2429
58.221.95.50 - - [24/Oct/2020:11:01:23 +0800] "GET /xingrg/check_reg.html?_=1603508659288 HTTP/1.1" 200 22
58.221.95.50 - - [24/Oct/2020:11:01:23 +0800] "GET /xingrg/all/function/internal_message.html?_=1603508659299&CODE_STATE=getMsg HTTP/1.1" 200 27
117.185.32.26 - - [24/Oct/2020:11:01:23 +0800] "POST /xingrg/kc/buy/cgsh_list_operate.html HTTP/1.1" 200 202
114.84.145.85 - - [24/Oct/2020:11:01:24 +0800] "POST /xingrg/kc/buy/cgsh_order_operate.html HTTP/1.1" 200 2065
180.162.245.190 - - [24/Oct/2020:11:01:24 +0800] "GET /xingrg/all/function/internal_message.html?_=1603508483637&CODE_STATE=getMsg HTTP/1.1" 200 27
117.185.32.26 - - [24/Oct/2020:11:01:24 +0800] "GET /xingrg/kc/buy/cgsh_order_info.html?code=212020102409860 HTTP/1.1" 200 60135
117.185.32.26 - - [24/Oct/2020:11:01:25 +0800] "GET /xingrg/javascript/easyui/themes/default/validatebox.css HTTP/1.1" 404 1104
117.185.32.26 - - [24/Oct/2020:11:01:25 +0800] "POST /xingrg/kc/buy/cgsh_order_operate.html HTTP/1.1" 200 2663
114.84.145.85 - - [24/Oct/2020:11:01:27 +0800] "GET /xingrg/kc/buy/cgsh_order_operate.html?command=get_materiel&rest_code=00141&code=00101008137&supplier_code=00100007&order_time=2020-10-24 HTTP/1.1" 200 427
222.69.128.52 - - [24/Oct/2020:11:01:29 +0800] "GET /xingrg/all/function/internal_message.html?_=1603508482634&CODE_STATE=getMsg HTTP/1.1" 200 27
114.84.145.85 - - [24/Oct/2020:11:01:29 +0800] "GET /xingrg/all/function/internal_message.html?_=1603508487229&CODE_STATE=getMsg HTTP/1.1" 200 27
114.84.145.85 - - [24/Oct/2020:11:01:30 +0800] "GET /xingrg/all/function/internal_message.html?_=1603508091087&CODE_STATE=getMsg HTTP/1.1" 200 27
117.185.32.26 - - [24/Oct/2020:11:01:30 +0800] "GET /xingrg/all/function/internal_message.html?_=1603508487417&CODE_STATE=getMsg HTTP/1.1" 200 27
117.131.5.26 - - [24/Oct/2020:11:01:33 +0800] "GET /xingrg/all/function/internal_message.html?_=1603508515515&CODE_STATE=getMsg HTTP/1.1" 200 27
180.161.96.95 - - [24/Oct/2020:11:01:34 +0800] "GET /xingrg/kc/buy/cgsh_order_operate.html?command=get_materiel&rest_code=00102&code=00101007063&supplier_code=00100002&order_time=2020-10-24 HTTP/1.1" 200 409
114.84.37.38 - - [24/Oct/2020:11:01:35 +0800] "GET /xingrg/all/function/internal_message.html?_=1603508506539&CODE_STATE=getMsg HTTP/1.1" 200 27
172.17.0.101 - - [24/Oct/2020:11:01:36 +0800] "GET /xingrg/all/function/internal_message.html?_=1603508489760&CODE_STATE=getMsg HTTP/1.1" 200 27
180.174.56.115 - - [24/Oct/2020:11:01:36 +0800] "GET /xingrg/all/function/internal_message.html?_=1603508465973&CODE_STATE=getMsg HTTP/1.1" 200 27
172.17.0.185 - - [24/Oct/2020:11:01:38 +0800] "GET /xingrg/all/function/internal_message.html?_=1603508493148&CODE_STATE=getMsg HTTP/1.1" 200 27
114.84.145.85 - - [24/Oct/2020:11:01:39 +0800] "GET /xingrg/kc/buy/cgsh_order_operate.html?command=get_materiel&rest_code=00141&code=00101008069&supplier_code=00100007&order_time=2020-10-24 HTTP/1.1" 200 431
180.161.96.95 - - [24/Oct/2020:11:01:41 +0800] "GET /xingrg/kc/buy/cgsh_order_operate.html?command=get_materiel&rest_code=00102&code=00101007048&supplier_code=00100002&order_time=2020-10-24 HTTP/1.1" 200 408
120.253.135.82 - - [24/Oct/2020:11:01:43 +0800] "GET /xingrg/all/function/internal_message.html?_=1603508245095&CODE_STATE=getMsg HTTP/1.1" 200 27
180.161.96.95 - - [24/Oct/2020:11:01:48 +0800] "POST /xingrg/kc/buy/cgsh_order_operate.html HTTP/1.1" 200 37
124.77.70.31 - - [24/Oct/2020:11:01:49 +0800] "GET /xingrg/all/function/internal_message.html?_=1603508507462&CODE_STATE=getMsg HTTP/1.1" 200 27
180.161.96.95 - - [24/Oct/2020:11:01:51 +0800] "POST /xingrg/kc/buy/cgsh_order_operate.html HTTP/1.1" 200 12
180.161.96.95 - - [24/Oct/2020:11:01:52 +0800] "GET /xingrg/kc/buy/cgsh_order_info.html?code=212020102409884 HTTP/1.1" 200 54994
180.161.96.95 - - [24/Oct/2020:11:01:54 +0800] "GET /xingrg/javascript/easyui/themes/default/validatebox.css HTTP/1.1" 404 1104
114.84.145.85 - - [24/Oct/2020:11:01:54 +0800] "GET /xingrg/kc/buy/cgsh_order_operate.html?command=get_materiel&rest_code=00141&code=00101008036&supplier_code=00100007&order_time=2020-10-24 HTTP/1.1" 200 427
180.161.96.95 - - [24/Oct/2020:11:01:54 +0800] "POST /xingrg/kc/buy/cgsh_order_operate.html HTTP/1.1" 200 2373
114.84.145.85 - - [24/Oct/2020:11:01:56 +0800] "POST /xingrg/services/DataTransmitService HTTP/1.1" 200 524
114.84.145.85 - - [24/Oct/2020:11:01:57 +0800] "POST /xingrg/kc/buy/cgsh_order_operate.html HTTP/1.1" 200 2065
116.232.54.8 - - [24/Oct/2020:11:01:59 +0800] "GET /xingrg/all/function/internal_message.html?_=1603508524721&CODE_STATE=getMsg HTTP/1.1" 200 27
117.185.32.26 - - [24/Oct/2020:11:02:01 +0800] "GET /xingrg/all/function/internal_message.html?_=1603508956082&CODE_STATE=getMsg HTTP/1.1" 200 27
114.84.145.85 - - [24/Oct/2020:11:02:02 +0800] "GET /xingrg/kc/buy/cgsh_order_operate.html?command=get_materiel&rest_code=00141&code=00101008131&supplier_code=00100007&order_time=2020-10-24 HTTP/1.1" 200 410
114.84.37.38 - - [24/Oct/2020:11:02:05 +0800] "GET /xingrg/all/function/internal_message.html?_=1603508540558&CODE_STATE=getMsg HTTP/1.1" 200 27
114.84.37.38 - - [24/Oct/2020:11:02:05 +0800] "GET /xingrg/kc/buy/cgsh_order_add.html HTTP/1.1" 200 60132
124.77.70.31 - - [24/Oct/2020:11:02:05 +0800] "GET /xingrg/all/function/internal_message.html?_=1603508517238&CODE_STATE=getMsg HTTP/1.1" 200 27
180.161.96.95 - - [24/Oct/2020:11:02:05 +0800] "GET /xingrg/kc/print/load_data.html?order_code=212020102409884&kc_code=cgsh&condition= HTTP/1.1" 200 1430
114.84.37.38 - - [24/Oct/2020:11:02:06 +0800] "POST /xingrg/kc/buy/cgsh_order_operate.html HTTP/1.1" 200 8245
114.84.37.38 - - [24/Oct/2020:11:02:06 +0800] "GET /xingrg/javascript/easyui/themes/default/validatebox.css HTTP/1.1" 404 1104
114.84.145.85 - - [24/Oct/2020:11:02:10 +0800] "GET /xingrg/kc/buy/cgsh_order_operate.html?command=get_materiel&rest_code=00141&code=00101008318&supplier_code=00100007&order_time=2020-10-24 HTTP/1.1" 200 427
180.161.96.95 - - [24/Oct/2020:11:02:16 +0800] "GET /xingrg/all/function/internal_message.html?_=1603508536560&CODE_STATE=getMsg HTTP/1.1" 200 27
114.84.145.85 - - [24/Oct/2020:11:02:17 +0800] "GET /xingrg/kc/buy/cgsh_order_operate.html?command=get_materiel&rest_code=00141&code=00101008352&supplier_code=00100007&order_time=2020-10-24 HTTP/1.1" 200 412
114.84.37.38 - - [24/Oct/2020:11:02:20 +0800] "GET /xingrg/kc/buy/cgsh_order_operate.html?command=get_materiel&rest_code=00146&code=00101001051&supplier_code=00100090&order_time=2020-10-24 HTTP/1.1" 200 424
120.253.135.82 - - [24/Oct/2020:11:02:20 +0800] "GET /xingrg/check_reg.html?_=1603508649831 HTTP/1.1" 200 22
120.253.135.82 - - [24/Oct/2020:11:02:20 +0800] "GET /xingrg/all/function/internal_message.html?_=1603508649965&CODE_STATE=getMsg HTTP/1.1" 200 27
101.89.29.78 - - [24/Oct/2020:11:02:22 +0800] "GET /xingrg/all/function/internal_message.html?_=1603507826785&CODE_STATE=getMsg HTTP/1.1" 302 -
58.221.95.50 - - [24/Oct/2020:11:02:23 +0800] "GET /xingrg/all/function/internal_message.html?_=1603508719289&CODE_STATE=getMsg HTTP/1.1" 200 27
180.162.245.190 - - [24/Oct/2020:11:02:24 +0800] "GET /xingrg/all/function/internal_message.html?_=1603508543613&CODE_STATE=getMsg HTTP/1.1" 200 27
117.185.32.26 - - [24/Oct/2020:11:02:25 +0800] "POST /xingrg/kc/buy/cgsh_order_operate.html HTTP/1.1" 200 37
114.84.145.85 - - [24/Oct/2020:11:02:25 +0800] "GET /xingrg/kc/buy/cgsh_order_operate.html?command=get_materiel&rest_code=00141&code=00101008005&supplier_code=00100007&order_time=2020-10-24 HTTP/1.1" 200 412
101.89.29.78 - - [24/Oct/2020:11:02:28 +0800] "GET /xingrg/login.html HTTP/1.1" 200 7641
117.185.32.26 - - [24/Oct/2020:11:02:28 +0800] "POST /xingrg/kc/buy/cgsh_order_operate.html HTTP/1.1" 200 12
183.192.164.71 - - [24/Oct/2020:11:02:28 +0800] "GET /xingrg/all/function/internal_message.html?_=1603507827674&CODE_STATE=getMsg HTTP/1.1" 302 -
114.84.145.85 - - [24/Oct/2020:11:02:29 +0800] "GET /xingrg/check_reg.html?_=1603508546828 HTTP/1.1" 200 22
222.69.128.52 - - [24/Oct/2020:11:02:29 +0800] "GET /xingrg/all/function/internal_message.html?_=1603508542634&CODE_STATE=getMsg HTTP/1.1" 200 27
117.185.32.26 - - [24/Oct/2020:11:02:29 +0800] "GET /xingrg/kc/buy/cgsh_order_info.html?code=212020102409860 HTTP/1.1" 200 55029
114.84.145.85 - - [24/Oct/2020:11:02:29 +0800] "GET /xingrg/all/function/internal_message.html?_=1603508547273&CODE_STATE=getMsg HTTP/1.1" 200 27
117.185.32.26 - - [24/Oct/2020:11:02:29 +0800] "GET /xingrg/javascript/easyui/themes/default/validatebox.css HTTP/1.1" 404 1104
222.69.128.52 - - [24/Oct/2020:11:02:30 +0800] "GET /xingrg/check_reg.html?_=1603508543574 HTTP/1.1" 200 22
114.84.145.85 - - [24/Oct/2020:11:02:30 +0800] "GET /xingrg/all/function/internal_message.html?_=1603508151059&CODE_STATE=getMsg HTTP/1.1" 200 27
117.185.32.26 - - [24/Oct/2020:11:02:30 +0800] "POST /xingrg/kc/buy/cgsh_order_operate.html HTTP/1.1" 200 613
117.185.32.26 - - [24/Oct/2020:11:02:30 +0800] "GET /xingrg/all/function/internal_message.html?_=1603508547386&CODE_STATE=getMsg HTTP/1.1" 200 27
114.84.37.38 - - [24/Oct/2020:11:02:31 +0800] "GET /xingrg/check_reg.html?_=1603508562453 HTTP/1.1" 200 22
117.185.32.26 - - [24/Oct/2020:11:02:32 +0800] "GET /xingrg/kc/print/load_data.html?order_code=212020102409860&kc_code=cgsh&condition= HTTP/1.1" 200 782
117.131.5.26 - - [24/Oct/2020:11:02:33 +0800] "GET /xingrg/all/function/internal_message.html?_=1603508575513&CODE_STATE=getMsg HTTP/1.1" 200 27
114.84.37.38 - - [24/Oct/2020:11:02:35 +0800] "GET /xingrg/all/function/internal_message.html?_=1603508566739&CODE_STATE=getMsg HTTP/1.1" 200 27
172.17.0.101 - - [24/Oct/2020:11:02:36 +0800] "GET /xingrg/all/function/internal_message.html?_=1603508549733&CODE_STATE=getMsg HTTP/1.1" 200 27
180.174.56.115 - - [24/Oct/2020:11:02:36 +0800] "GET /xingrg/all/function/internal_message.html?_=1603508525986&CODE_STATE=getMsg HTTP/1.1" 200 27
172.17.0.185 - - [24/Oct/2020:11:02:38 +0800] "GET /xingrg/all/function/internal_message.html?_=1603508553153&CODE_STATE=getMsg HTTP/1.1" 200 27
183.192.164.71 - - [24/Oct/2020:11:02:38 +0800] "GET /xingrg/login.html HTTP/1.1" 200 7641
120.253.135.82 - - [24/Oct/2020:11:02:43 +0800] "GET /xingrg/all/function/internal_message.html?_=1603508305145&CODE_STATE=getMsg HTTP/1.1" 200 27
124.77.70.31 - - [24/Oct/2020:11:02:46 +0800] "GET /xingrg/kc/buy/buy_main.html HTTP/1.1" 200 12412
124.77.70.31 - - [24/Oct/2020:11:02:46 +0800] "GET /xingrg/css/new_ie.css HTTP/1.1" 404 1036
61.151.178.177 - - [24/Oct/2020:11:02:46 +0800] "GET /xingrg/all/function/internal_message.html?_=1603507766789&CODE_STATE=getMsg HTTP/1.1" 302 -
124.77.70.31 - - [24/Oct/2020:11:02:46 +0800] "GET /xingrg/images/yd/bt.gif HTTP/1.1" 404 1040
124.77.70.31 - - [24/Oct/2020:11:02:47 +0800] "GET /xingrg/kc/buy/cgsh_order_list.html HTTP/1.1" 200 44394
61.151.178.197 - - [24/Oct/2020:11:02:48 +0800] "GET /xingrg/kc/buy/cgsh_order_operate.html?command=get_materiel&rest_code=00141&code=00101008038&supplier_code=00100007&order_time=2020-10-24 HTTP/1.1" 302 -
124.77.70.31 - - [24/Oct/2020:11:02:49 +0800] "GET /xingrg/check_reg.html?_=1603508567463 HTTP/1.1" 200 22
124.77.70.31 - - [24/Oct/2020:11:02:49 +0800] "GET /xingrg/all/function/internal_message.html?_=1603508567465&CODE_STATE=getMsg HTTP/1.1" 200 27
114.84.145.85 - - [24/Oct/2020:11:02:50 +0800] "POST /xingrg/kc/buy/cgsh_order_operate.html HTTP/1.1" 200 2065
124.77.70.31 - - [24/Oct/2020:11:02:50 +0800] "POST /xingrg/kc/buy/cgsh_list_operate.html HTTP/1.1" 200 5058
61.151.178.177 - - [24/Oct/2020:11:02:52 +0800] "GET /xingrg/login.html HTTP/1.1" 200 7641
114.84.37.38 - - [24/Oct/2020:11:02:53 +0800] "GET /xingrg/kc/buy/cgsh_order_operate.html?command=get_materiel&rest_code=00146&code=00101001049&supplier_code=00100090&order_time=2020-10-24 HTTP/1.1" 200 413
124.77.70.31 - - [24/Oct/2020:11:02:55 +0800] "POST /xingrg/kc/buy/cgsh_list_operate.html HTTP/1.1" 200 571
124.77.70.31 - - [24/Oct/2020:11:02:56 +0800] "GET /xingrg/kc/buy/cgsh_order_info.html?code=212020102409804 HTTP/1.1" 200 60225
124.77.70.31 - - [24/Oct/2020:11:02:56 +0800] "GET /xingrg/words/20201023153835_words.js HTTP/1.1" 304 -
124.77.70.31 - - [24/Oct/2020:11:02:57 +0800] "GET /xingrg/javascript/easyui/themes/default/validatebox.css HTTP/1.1" 404 1104
117.185.32.26 - - [24/Oct/2020:11:02:58 +0800] "GET /xingrg/kc/buy/cgsh_order_add.html HTTP/1.1" 200 60126
124.77.70.31 - - [24/Oct/2020:11:02:58 +0800] "POST /xingrg/kc/buy/cgsh_order_operate.html HTTP/1.1" 200 7398
117.185.32.26 - - [24/Oct/2020:11:02:58 +0800] "POST /xingrg/kc/buy/cgsh_order_operate.html HTTP/1.1" 200 8245
117.185.32.26 - - [24/Oct/2020:11:02:58 +0800] "GET /xingrg/javascript/easyui/themes/default/validatebox.css HTTP/1.1" 404 1104
61.151.178.197 - - [24/Oct/2020:11:02:58 +0800] "GET /xingrg/login.html HTTP/1.1" 200 7641
116.232.54.8 - - [24/Oct/2020:11:02:59 +0800] "GET /xingrg/all/function/internal_message.html?_=1603508584751&CODE_STATE=getMsg HTTP/1.1" 200 27
114.84.145.85 - - [24/Oct/2020:11:03:00 +0800] "GET /xingrg/kc/buy/cgsh_order_operate.html?command=get_materiel&rest_code=00141&code=00101008039&supplier_code=00100007&order_time=2020-10-24 HTTP/1.1" 200 431
117.184.7.26 - - [24/Oct/2020:11:03:00 +0800] "POST /xingrg/kc/buy/cgsh_order_operate.html HTTP/1.1" 200 37
117.185.32.26 - - [24/Oct/2020:11:03:01 +0800] "GET /xingrg/javascript/easyui/themes/default/tree.css HTTP/1.1" 404 1090
