117.131.5.26 - - [24/Oct/2020:10:42:33 +0800] "GET /xingrg/all/function/internal_message.html?_=1603507375484&CODE_STATE=getMsg HTTP/1.1" 200 27
114.84.37.38 - - [24/Oct/2020:10:42:34 +0800] "GET /xingrg/all/function/internal_message.html?_=1603507365204&CODE_STATE=getMsg HTTP/1.1" 200 27
114.88.166.242 - - [24/Oct/2020:10:42:34 +0800] "GET /xingrg/all/function/internal_message.html?_=1603507347682&CODE_STATE=getMsg HTTP/1.1" 200 27
222.69.128.52 - - [24/Oct/2020:10:42:34 +0800] "POST /xingrg/kc/base/wldb_order_operate.html HTTP/1.1" 200 37
222.69.128.52 - - [24/Oct/2020:10:42:34 +0800] "POST /xingrg/kc/base/wldb_order_operate.html HTTP/1.1" 200 2686
222.69.128.52 - - [24/Oct/2020:10:42:35 +0800] "GET /xingrg/kc/base/wldb_order_info.html?code=422020102402830 HTTP/1.1" 200 30566
114.84.145.85 - - [24/Oct/2020:10:42:35 +0800] "GET /xingrg/kc/buy/cgsh_order_operate.html?command=get_materiel&rest_code=00141&code=00101016010&supplier_code=00100036&order_time=2020-10-24 HTTP/1.1" 200 427
222.69.128.52 - - [24/Oct/2020:10:42:35 +0800] "GET /xingrg/javascript/easyui/themes/default/validatebox.css HTTP/1.1" 404 1104
222.69.128.52 - - [24/Oct/2020:10:42:35 +0800] "POST /xingrg/kc/base/wldb_order_operate.html HTTP/1.1" 200 2686
172.16.0.204 - - [24/Oct/2020:10:42:36 +0800] "GET /xingrg/index.html?sysBaseUrl=http%3A%2F%2F172.17.0.8%3A18081%2Fxingrg%2F&costTime=33×tamp=1585205313499 HTTP/1.1" 302 -
172.16.0.204 - - [24/Oct/2020:10:42:36 +0800] "GET /xingrg/login.html HTTP/1.1" 200 7636
180.174.56.115 - - [24/Oct/2020:10:42:36 +0800] "GET /xingrg/all/function/internal_message.html?_=1603507325700&CODE_STATE=getMsg HTTP/1.1" 200 27
172.17.0.101 - - [24/Oct/2020:10:42:36 +0800] "GET /xingrg/all/function/internal_message.html?_=1603507350165&CODE_STATE=getMsg HTTP/1.1" 200 27
172.16.0.204 - - [24/Oct/2020:10:42:36 +0800] "GET /xingrg/images/blue/jxLogo.png HTTP/1.1" 200 6156
172.16.0.204 - - [24/Oct/2020:10:42:37 +0800] "GET /xingrg/images/blue/login_bg.png HTTP/1.1" 200 22101
172.16.0.204 - - [24/Oct/2020:10:42:37 +0800] "GET /xingrg/images/blue/hj.png HTTP/1.1" 200 1014
172.16.0.204 - - [24/Oct/2020:10:42:37 +0800] "GET /xingrg/images/blue/srbg.png HTTP/1.1" 200 138
172.16.0.204 - - [24/Oct/2020:10:42:37 +0800] "GET /favicon.ico HTTP/1.1" 404 -
172.17.0.185 - - [24/Oct/2020:10:42:38 +0800] "GET /xingrg/all/function/internal_message.html?_=1603507353152&CODE_STATE=getMsg HTTP/1.1" 200 27
172.16.0.204 - - [24/Oct/2020:10:42:39 +0800] "POST /xingrg/login.do HTTP/1.1" 302 -
172.16.0.204 - - [24/Oct/2020:10:42:39 +0800] "GET /xingrg/index.html?sysBaseUrl=http%3A%2F%2F172.17.0.8%3A18081%2Fxingrg%2F&costTime=245×tamp=1603507359319 HTTP/1.1" 200 17448
172.16.0.204 - - [24/Oct/2020:10:42:39 +0800] "GET /xingrg/javascript/jquery.timers.js HTTP/1.1" 200 3532
172.16.0.204 - - [24/Oct/2020:10:42:39 +0800] "GET /xingrg/css/form.css HTTP/1.1" 200 893
172.16.0.204 - - [24/Oct/2020:10:42:39 +0800] "GET /xingrg/javascript/jquery-1.4.2.min.js HTTP/1.1" 200 72205
172.16.0.204 - - [24/Oct/2020:10:42:39 +0800] "GET /xingrg/javascript/jquery_easy_ui/themes/icon.css HTTP/1.1" 200 3949
172.16.0.204 - - [24/Oct/2020:10:42:39 +0800] "GET /xingrg/javascript/jquery_easy_ui/jquery.easyui.min.js HTTP/1.1" 200 213662
172.16.0.204 - - [24/Oct/2020:10:42:39 +0800] "GET /xingrg/javascript/jquery_easy_ui/easyui-lang-zh_CN.js HTTP/1.1" 200 1900
172.16.0.204 - - [24/Oct/2020:10:42:39 +0800] "GET /xingrg/javascript/jquery.utils.js HTTP/1.1" 200 11805
172.16.0.204 - - [24/Oct/2020:10:42:39 +0800] "GET /xingrg/javascript/jquery.form.js HTTP/1.1" 200 23110
172.16.0.204 - - [24/Oct/2020:10:42:39 +0800] "GET /xingrg/javascript/jquery_easy_ui/themes/default/easyui.css HTTP/1.1" 200 26500
172.16.0.204 - - [24/Oct/2020:10:42:39 +0800] "GET /favicon.ico HTTP/1.1" 404 -
172.16.0.204 - - [24/Oct/2020:10:42:39 +0800] "POST /xingrg/all/common/load_tree.html?tree=area_rest_tree_json&manage=1 HTTP/1.1" 200 3350
172.16.0.204 - - [24/Oct/2020:10:42:39 +0800] "GET /xingrg/check_reg.html?_=1603507356254 HTTP/1.1" 200 22
172.16.0.204 - - [24/Oct/2020:10:42:39 +0800] "GET /xingrg/all/function/internal_message.html?_=1603507356252&CODE_STATE=count HTTP/1.1" 200 11
172.16.0.204 - - [24/Oct/2020:10:42:39 +0800] "GET /xingrg/images/blue/navBackgound.jpg HTTP/1.1" 200 12378
172.16.0.204 - - [24/Oct/2020:10:42:39 +0800] "GET /xingrg/javascript/jquery_easy_ui/themes/icons/settle_new.png HTTP/1.1" 200 826
172.16.0.204 - - [24/Oct/2020:10:42:39 +0800] "GET /xingrg/images/blue/pingpu.png HTTP/1.1" 200 231
172.16.0.204 - - [24/Oct/2020:10:42:39 +0800] "GET /xingrg/javascript/jquery_easy_ui/themes/default/images/panel_tool_collapse.gif HTTP/1.1" 200 246
172.16.0.204 - - [24/Oct/2020:10:42:39 +0800] "GET /xingrg/javascript/jquery_easy_ui/themes/default/images/tabs_rightarrow.png HTTP/1.1" 200 395
172.16.0.204 - - [24/Oct/2020:10:42:39 +0800] "GET /xingrg/javascript/jquery_easy_ui/themes/default/images/tabs_leftarrow.png HTTP/1.1" 200 389
172.16.0.204 - - [24/Oct/2020:10:42:39 +0800] "GET /xingrg/javascript/jquery_easy_ui/themes/default/images/panel_tool_expand.gif HTTP/1.1" 200 247
172.16.0.204 - - [24/Oct/2020:10:42:40 +0800] "POST /xingrg/load_menu.html HTTP/1.1" 200 11408
172.16.0.204 - - [24/Oct/2020:10:42:40 +0800] "GET /xingrg/javascript/jquery_easy_ui/themes/default/images/tree_arrows.gif HTTP/1.1" 200 1043
172.16.0.204 - - [24/Oct/2020:10:42:40 +0800] "GET /xingrg/javascript/jquery_easy_ui/themes/default/images/tree_folder_open.gif HTTP/1.1" 200 956
172.16.0.204 - - [24/Oct/2020:10:42:40 +0800] "GET /xingrg/javascript/jquery_easy_ui/themes/icons/area.png HTTP/1.1" 200 262
172.16.0.204 - - [24/Oct/2020:10:42:40 +0800] "GET /xingrg/javascript/jquery_easy_ui/themes/icons/rest.png HTTP/1.1" 200 695
172.16.0.204 - - [24/Oct/2020:10:42:40 +0800] "GET /xingrg/javascript/jquery_easy_ui/themes/icons/manage.png HTTP/1.1" 200 696
172.16.0.204 - - [24/Oct/2020:10:42:40 +0800] "GET /xingrg/javascript/jquery_easy_ui/themes/icons/search_new.png HTTP/1.1" 200 586
172.16.0.204 - - [24/Oct/2020:10:42:40 +0800] "GET /xingrg/javascript/jquery_easy_ui/themes/icons/delivery_new.png HTTP/1.1" 200 700
172.16.0.204 - - [24/Oct/2020:10:42:40 +0800] "GET /xingrg/javascript/jquery_easy_ui/themes/icons/storage_new.png HTTP/1.1" 200 853
172.16.0.204 - - [24/Oct/2020:10:42:40 +0800] "GET /xingrg/javascript/jquery_easy_ui/themes/icons/checkout_new.png HTTP/1.1" 200 744
172.16.0.204 - - [24/Oct/2020:10:42:40 +0800] "GET /xingrg/javascript/jquery_easy_ui/themes/icons/forms_new.png HTTP/1.1" 200 350
172.16.0.204 - - [24/Oct/2020:10:42:40 +0800] "GET /xingrg/javascript/jquery_easy_ui/themes/icons/setting_new.png HTTP/1.1" 200 450
172.16.0.204 - - [24/Oct/2020:10:42:40 +0800] "GET /xingrg/javascript/jquery_easy_ui/themes/icons/systemset_new.png HTTP/1.1" 200 606
172.16.0.204 - - [24/Oct/2020:10:42:40 +0800] "GET /xingrg/javascript/jquery_easy_ui/themes/default/images/tree_file.gif HTTP/1.1" 200 118
172.16.0.204 - - [24/Oct/2020:10:42:40 +0800] "GET /xingrg/javascript/jquery_easy_ui/themes/default/images/tree_folder.gif HTTP/1.1" 200 952
172.16.0.204 - - [24/Oct/2020:10:42:43 +0800] "POST /xingrg/load_menu.html HTTP/1.1" 200 9445
172.16.0.204 - - [24/Oct/2020:10:42:46 +0800] "GET /xingrg/javascript/jquery_easy_ui/themes/default/images/tabs_close.gif HTTP/1.1" 200 829
172.16.0.204 - - [24/Oct/2020:10:42:46 +0800] "GET /xingrg/javascript/multi_select/jqueryMultiSelect.css HTTP/1.1" 200 951
172.16.0.204 - - [24/Oct/2020:10:42:46 +0800] "GET /xingrg/all/report/report_query.html?fileName=dma/new_5.0/menu/menu_category_hz.xml HTTP/1.1" 200 52989
172.16.0.204 - - [24/Oct/2020:10:42:46 +0800] "GET /xingrg/css/blue.css HTTP/1.1" 200 15949
172.16.0.204 - - [24/Oct/2020:10:42:46 +0800] "GET /xingrg/javascript/calendar/timePicker.css HTTP/1.1" 200 523
172.16.0.204 - - [24/Oct/2020:10:42:46 +0800] "GET /xingrg/javascript/bigrid/fix.css HTTP/1.1" 200 1702
172.16.0.204 - - [24/Oct/2020:10:42:46 +0800] "GET /xingrg/javascript/pic_change.js HTTP/1.1" 200 4739
172.16.0.204 - - [24/Oct/2020:10:42:46 +0800] "GET /xingrg/dwr/interface/AjaxReportQueryService.js HTTP/1.1" 200 13203
172.16.0.204 - - [24/Oct/2020:10:42:46 +0800] "GET /xingrg/dwr/engine.js HTTP/1.1" 200 43631
172.16.0.204 - - [24/Oct/2020:10:42:46 +0800] "GET /xingrg/dwr/util.js HTTP/1.1" 200 35990
172.16.0.204 - - [24/Oct/2020:10:42:46 +0800] "GET /xingrg/javascript/myfunction.js HTTP/1.1" 200 24559
172.16.0.204 - - [24/Oct/2020:10:42:46 +0800] "GET /xingrg/javascript/bigrid/fix.js HTTP/1.1" 200 6439
172.16.0.204 - - [24/Oct/2020:10:42:46 +0800] "GET /xingrg/javascript/calendar/jquery.timePicker.min.js HTTP/1.1" 200 2997
172.16.0.204 - - [24/Oct/2020:10:42:46 +0800] "GET /xingrg/javascript/jqueryMultiSelect.js HTTP/1.1" 200 11866
172.16.0.204 - - [24/Oct/2020:10:42:46 +0800] "GET /xingrg/images/blue/button/advanceover.gif HTTP/1.1" 200 1347
172.16.0.204 - - [24/Oct/2020:10:42:46 +0800] "GET /xingrg/javascript/Calendar.js HTTP/1.1" 200 31561
172.16.0.204 - - [24/Oct/2020:10:42:46 +0800] "GET /xingrg/images/blue/button/advance2over.gif HTTP/1.1" 200 1336
172.16.0.204 - - [24/Oct/2020:10:42:46 +0800] "GET /xingrg/images/control/loading.gif HTTP/1.1" 200 13463
172.16.0.204 - - [24/Oct/2020:10:42:46 +0800] "GET /xingrg/images/blue/button/back2over.gif HTTP/1.1" 200 1335
172.16.0.204 - - [24/Oct/2020:10:42:46 +0800] "GET /xingrg/images/blue/button/backover.gif HTTP/1.1" 200 1348
117.184.7.26 - - [24/Oct/2020:10:42:46 +0800] "GET /xingrg/kc/buy/buy_main.html HTTP/1.1" 200 12412
172.16.0.204 - - [24/Oct/2020:10:42:46 +0800] "GET /xingrg/javascript/jquery_easy_ui/themes/icons/help.png HTTP/1.1" 200 1187
172.16.0.204 - - [24/Oct/2020:10:42:46 +0800] "GET /xingrg/javascript/jquery_easy_ui/themes/default/images/menu_downarrow.png HTTP/1.1" 200 173
172.16.0.204 - - [24/Oct/2020:10:42:46 +0800] "GET /xingrg/javascript/jquery_easy_ui/themes/default/images/menu.gif HTTP/1.1" 200 834
172.16.0.204 - - [24/Oct/2020:10:42:46 +0800] "GET /xingrg/javascript/jquery_easy_ui/themes/icons/print.png HTTP/1.1" 200 1057
172.16.0.204 - - [24/Oct/2020:10:42:46 +0800] "GET /xingrg/javascript/jquery_easy_ui/themes/icons/pencil.png HTTP/1.1" 200 713
172.16.0.204 - - [24/Oct/2020:10:42:46 +0800] "GET /xingrg/javascript/jquery_easy_ui/themes/default/images/menu_rightarrow.png HTTP/1.1" 200 3617
172.16.0.204 - - [24/Oct/2020:10:42:46 +0800] "POST /xingrg/dwr/call/plaincall/AjaxReportQueryService.getFixDate.dwr HTTP/1.1" 200 111
172.16.0.204 - - [24/Oct/2020:10:42:46 +0800] "GET /xingrg/javascript/jquery_easy_ui/themes/default/images/combo_arrow_dot.gif HTTP/1.1" 200 79
172.16.0.204 - - [24/Oct/2020:10:42:46 +0800] "POST /xingrg/all/common/load_tree.html?tree=area_station_tree_json&manage=1 HTTP/1.1" 200 3246
117.184.7.26 - - [24/Oct/2020:10:42:46 +0800] "GET /xingrg/css/new_ie.css HTTP/1.1" 404 1036
172.16.0.204 - - [24/Oct/2020:10:42:47 +0800] "GET /xingrg/javascript/multi_select/dropdown.gif HTTP/1.1" 200 61
172.16.0.204 - - [24/Oct/2020:10:42:52 +0800] "POST /xingrg/dwr/call/plaincall/AjaxReportQueryService.getFixDate.dwr HTTP/1.1" 200 111
117.184.7.26 - - [24/Oct/2020:10:42:53 +0800] "GET /xingrg/kc/buy/buy_main.html HTTP/1.1" 200 12412
117.184.7.26 - - [24/Oct/2020:10:42:53 +0800] "GET /xingrg/css/new_ie.css HTTP/1.1" 404 1036
114.84.145.85 - - [24/Oct/2020:10:42:55 +0800] "GET /xingrg/kc/buy/cgsh_order_operate.html?command=get_materiel&rest_code=00141&code=00101007109&supplier_code=00100036&order_time=2020-10-24 HTTP/1.1" 200 428
172.16.0.204 - - [24/Oct/2020:10:42:56 +0800] "GET /xingrg/all/report/report_query.html?fileName=dma/new_5.0/menu/menu_stca_hz.xml HTTP/1.1" 200 51343
172.16.0.204 - - [24/Oct/2020:10:42:56 +0800] "GET /xingrg/dwr/interface/AjaxReportQueryService.js HTTP/1.1" 200 13203
172.16.0.204 - - [24/Oct/2020:10:42:56 +0800] "GET /xingrg/dwr/engine.js HTTP/1.1" 200 43631
172.16.0.204 - - [24/Oct/2020:10:42:56 +0800] "POST /xingrg/dwr/call/plaincall/AjaxReportQueryService.getFixDate.dwr HTTP/1.1" 200 111
172.16.0.204 - - [24/Oct/2020:10:42:56 +0800] "POST /xingrg/all/common/load_tree.html?tree=area_station_tree_json&manage=1 HTTP/1.1" 200 3246
172.16.0.204 - - [24/Oct/2020:10:42:57 +0800] "GET /xingrg/javascript/jquery_easy_ui/themes/default/images/tree_checkbox_0.gif HTTP/1.1" 200 168
116.232.54.8 - - [24/Oct/2020:10:42:59 +0800] "GET /xingrg/all/function/internal_message.html?_=1603507384684&CODE_STATE=getMsg HTTP/1.1" 200 27
172.16.0.204 - - [24/Oct/2020:10:43:00 +0800] "GET /xingrg/all/report/report_query.html?fileName=dma/new_5.0/menu/menu_hz.xml HTTP/1.1" 200 53622
172.16.0.204 - - [24/Oct/2020:10:43:01 +0800] "GET /xingrg/dwr/interface/AjaxReportQueryService.js HTTP/1.1" 200 13203
172.16.0.204 - - [24/Oct/2020:10:43:01 +0800] "GET /xingrg/dwr/engine.js HTTP/1.1" 200 43631
172.16.0.204 - - [24/Oct/2020:10:43:01 +0800] "POST /xingrg/dwr/call/plaincall/AjaxReportQueryService.getFixDate.dwr HTTP/1.1" 200 111
172.16.0.204 - - [24/Oct/2020:10:43:01 +0800] "POST /xingrg/all/common/load_tree.html?tree=area_station_tree_json&manage=1 HTTP/1.1" 200 3246
117.185.32.26 - - [24/Oct/2020:10:43:01 +0800] "GET /xingrg/all/function/internal_message.html?_=1603507816297&CODE_STATE=getMsg HTTP/1.1" 200 27
114.84.145.85 - - [24/Oct/2020:10:43:02 +0800] "GET /xingrg/kc/buy/cgsh_order_operate.html?command=get_materiel&rest_code=00141&code=00101012038&supplier_code=00100036&order_time=2020-10-24 HTTP/1.1" 200 414
114.84.37.38 - - [24/Oct/2020:10:43:02 +0800] "GET /xingrg/all/function/internal_message.html?_=1603507397749&CODE_STATE=getMsg HTTP/1.1" 200 27
172.16.0.204 - - [24/Oct/2020:10:43:03 +0800] "GET /xingrg/all/report/report_query.html?fileName=dma/new_5.0/menu/menu_category_hz.xml HTTP/1.1" 200 52989
172.16.0.204 - - [24/Oct/2020:10:43:03 +0800] "GET /xingrg/dwr/interface/AjaxReportQueryService.js HTTP/1.1" 200 13203
172.16.0.204 - - [24/Oct/2020:10:43:03 +0800] "GET /xingrg/dwr/engine.js HTTP/1.1" 200 43631
172.16.0.204 - - [24/Oct/2020:10:43:03 +0800] "POST /xingrg/dwr/call/plaincall/AjaxReportQueryService.getFixDate.dwr HTTP/1.1" 200 111
172.16.0.204 - - [24/Oct/2020:10:43:03 +0800] "POST /xingrg/all/common/load_tree.html?tree=area_station_tree_json&manage=1 HTTP/1.1" 200 3246
124.77.70.31 - - [24/Oct/2020:10:43:06 +0800] "GET /xingrg/all/function/internal_message.html?_=1603507377588&CODE_STATE=getMsg HTTP/1.1" 200 27
172.16.0.204 - - [24/Oct/2020:10:43:06 +0800] "POST /xingrg/dwr/call/plaincall/AjaxReportQueryService.getFixDate.dwr HTTP/1.1" 200 111
180.161.96.95 - - [24/Oct/2020:10:43:07 +0800] "GET /xingrg/check_reg.html?_=1603507387623 HTTP/1.1" 200 22
172.17.0.101 - - [24/Oct/2020:10:43:07 +0800] "GET /xingrg/check_reg.html?_=1603507380930 HTTP/1.1" 200 22
172.16.0.204 - - [24/Oct/2020:10:43:11 +0800] "POST /xingrg/dwr/call/plaincall/AjaxReportQueryService.queryInitializeString.dwr HTTP/1.1" 200 1092
180.161.96.95 - - [24/Oct/2020:10:43:11 +0800] "GET /xingrg/all/function/internal_message.html?_=1603507391758&CODE_STATE=getMsg HTTP/1.1" 200 27
114.84.145.85 - - [24/Oct/2020:10:43:12 +0800] "GET /xingrg/kc/buy/cgsh_order_operate.html?command=get_materiel&rest_code=00141&code=00101010063&supplier_code=00100036&order_time=2020-10-24 HTTP/1.1" 200 409
172.16.0.204 - - [24/Oct/2020:10:43:13 +0800] "POST /xingrg/dwr/call/plaincall/AjaxReportQueryService.refreshCache.dwr HTTP/1.1" 200 78
172.16.0.204 - - [24/Oct/2020:10:43:14 +0800] "POST /xingrg/all/report/load_report_page.html HTTP/1.1" 200 115726
172.16.0.204 - - [24/Oct/2020:10:43:14 +0800] "GET /xingrg/images/blue/button/back2.gif HTTP/1.1" 200 1339
172.16.0.204 - - [24/Oct/2020:10:43:14 +0800] "GET /xingrg/images/blue/button/back.gif HTTP/1.1" 200 1352
172.16.0.204 - - [24/Oct/2020:10:43:14 +0800] "GET /xingrg/servlets/image?cache=0.2226672871167732&image=px HTTP/1.1" 200 807
180.174.56.115 - - [24/Oct/2020:10:43:19 +0800] "GET /xingrg/check_reg.html?_=1603507394640 HTTP/1.1" 200 22
114.84.145.85 - - [24/Oct/2020:10:43:23 +0800] "GET /xingrg/kc/buy/cgsh_order_operate.html?command=get_materiel&rest_code=00141&code=00101012002&supplier_code=00100036&order_time=2020-10-24 HTTP/1.1" 200 438
58.221.95.50 - - [24/Oct/2020:10:43:23 +0800] "GET /xingrg/all/function/internal_message.html?_=1603507579251&CODE_STATE=getMsg HTTP/1.1" 200 27
180.162.245.190 - - [24/Oct/2020:10:43:25 +0800] "GET /xingrg/all/function/internal_message.html?_=1603507404074&CODE_STATE=getMsg HTTP/1.1" 200 27
183.192.164.85 - - [24/Oct/2020:10:43:25 +0800] "GET /xingrg/all/function/internal_message.html?_=1603506688128&CODE_STATE=getMsg HTTP/1.1" 302 -
117.184.7.26 - - [24/Oct/2020:10:43:27 +0800] "GET /xingrg/images/yd/bt.gif HTTP/1.1" 404 1040
117.184.7.26 - - [24/Oct/2020:10:43:27 +0800] "GET /xingrg/kc/buy/cgsh_order_list.html HTTP/1.1" 200 44388
117.184.7.26 - - [24/Oct/2020:10:43:29 +0800] "POST /xingrg/kc/buy/cgsh_list_operate.html HTTP/1.1" 200 876
114.84.145.85 - - [24/Oct/2020:10:43:29 +0800] "GET /xingrg/all/function/internal_message.html?_=1603507406788&CODE_STATE=getMsg HTTP/1.1" 200 27
183.192.164.85 - - [24/Oct/2020:10:43:29 +0800] "GET /xingrg/login.html HTTP/1.1" 200 7641
222.69.128.52 - - [24/Oct/2020:10:43:29 +0800] "GET /xingrg/all/function/internal_message.html?_=1603507402602&CODE_STATE=getMsg HTTP/1.1" 200 27
117.184.7.26 - - [24/Oct/2020:10:43:29 +0800] "GET /xingrg/kc/buy/cgsh_order_add.html HTTP/1.1" 200 60085
117.184.7.26 - - [24/Oct/2020:10:43:30 +0800] "GET /xingrg/words/20201023153835_words.js HTTP/1.1" 304 -
117.184.7.26 - - [24/Oct/2020:10:43:30 +0800] "POST /xingrg/kc/buy/cgsh_order_operate.html HTTP/1.1" 200 8245
117.184.7.26 - - [24/Oct/2020:10:43:30 +0800] "GET /xingrg/all/common/auto_word.html?type=employee&rest_code=00108 HTTP/1.1" 200 147
117.184.7.26 - - [24/Oct/2020:10:43:30 +0800] "GET /xingrg/all/common/auto_word.html?type=employee&rest_code=00108 HTTP/1.1" 200 147
117.184.7.26 - - [24/Oct/2020:10:43:30 +0800] "GET /xingrg/javascript/easyui/themes/default/validatebox.css HTTP/1.1" 404 1104
114.84.145.85 - - [24/Oct/2020:10:43:30 +0800] "GET /xingrg/kc/buy/cgsh_order_operate.html?command=get_materiel&rest_code=00141&code=00101012040&supplier_code=00100036&order_time=2020-10-24 HTTP/1.1" 200 413
114.84.145.85 - - [24/Oct/2020:10:43:30 +0800] "GET /xingrg/all/function/internal_message.html?_=1603507011466&CODE_STATE=getMsg HTTP/1.1" 200 27
117.185.32.26 - - [24/Oct/2020:10:43:31 +0800] "GET /xingrg/all/function/internal_message.html?_=1603507407844&CODE_STATE=getMsg HTTP/1.1" 200 27
117.185.32.26 - - [24/Oct/2020:10:43:31 +0800] "GET /xingrg/check_reg.html?_=1603507408128 HTTP/1.1" 200 22
117.184.7.26 - - [24/Oct/2020:10:43:32 +0800] "GET /xingrg/javascript/auto/indicator.gif HTTP/1.1" 404 1066
117.131.5.26 - - [24/Oct/2020:10:43:33 +0800] "GET /xingrg/all/function/internal_message.html?_=1603507435482&CODE_STATE=getMsg HTTP/1.1" 200 27
117.184.7.26 - - [24/Oct/2020:10:43:33 +0800] "GET /xingrg/javascript/jquery_tools/images/prev.gif HTTP/1.1" 404 1086
117.184.7.26 - - [24/Oct/2020:10:43:33 +0800] "GET /xingrg/javascript/jquery_tools/images/next.gif HTTP/1.1" 404 1086
114.84.37.38 - - [24/Oct/2020:10:43:34 +0800] "GET /xingrg/all/function/internal_message.html?_=1603507425217&CODE_STATE=getMsg HTTP/1.1" 200 27
114.88.166.242 - - [24/Oct/2020:10:43:34 +0800] "GET /xingrg/all/function/internal_message.html?_=1603507407667&CODE_STATE=getMsg HTTP/1.1" 200 27
180.174.56.115 - - [24/Oct/2020:10:43:36 +0800] "GET /xingrg/all/function/internal_message.html?_=1603507385725&CODE_STATE=getMsg HTTP/1.1" 200 27
172.17.0.101 - - [24/Oct/2020:10:43:36 +0800] "GET /xingrg/all/function/internal_message.html?_=1603507410146&CODE_STATE=getMsg HTTP/1.1" 200 27
114.84.145.85 - - [24/Oct/2020:10:43:37 +0800] "GET /xingrg/kc/buy/cgsh_order_operate.html?command=get_materiel&rest_code=00141&code=00101020078&supplier_code=00100036&order_time=2020-10-24 HTTP/1.1" 200 450
172.17.0.185 - - [24/Oct/2020:10:43:38 +0800] "GET /xingrg/all/function/internal_message.html?_=1603507413158&CODE_STATE=getMsg HTTP/1.1" 200 27
117.184.7.26 - - [24/Oct/2020:10:43:39 +0800] "GET /xingrg/kc/buy/cgsh_order_operate.html?command=get_materiel&rest_code=00108&code=00101008027&supplier_code=00100008&order_time=2020-10-24 HTTP/1.1" 200 408
172.16.0.204 - - [24/Oct/2020:10:43:39 +0800] "GET /xingrg/all/function/internal_message.html?_=1603507416259&CODE_STATE=getMsg HTTP/1.1" 200 27
114.88.166.242 - - [24/Oct/2020:10:43:41 +0800] "GET /xingrg/check_reg.html?_=1603507414769 HTTP/1.1" 200 22
114.88.166.242 - - [24/Oct/2020:10:43:43 +0800] "GET /xingrg/check_reg.html?_=1603507414481 HTTP/1.1" 200 22
114.84.145.85 - - [24/Oct/2020:10:43:44 +0800] "POST /xingrg/kc/buy/cgsh_order_operate.html HTTP/1.1" 200 37
114.84.145.85 - - [24/Oct/2020:10:43:46 +0800] "POST /xingrg/kc/buy/cgsh_order_operate.html HTTP/1.1" 200 12
117.184.7.26 - - [24/Oct/2020:10:43:46 +0800] "GET /xingrg/kc/buy/cgsh_order_operate.html?command=get_materiel&rest_code=00108&code=00101008080&supplier_code=00100008&order_time=2020-10-24 HTTP/1.1" 200 416
114.84.145.85 - - [24/Oct/2020:10:43:46 +0800] "GET /xingrg/kc/buy/cgsh_order_info.html?code=212020102409870 HTTP/1.1" 200 55037
114.84.145.85 - - [24/Oct/2020:10:43:47 +0800] "GET /xingrg/javascript/easyui/themes/default/validatebox.css HTTP/1.1" 404 1104
114.84.145.85 - - [24/Oct/2020:10:43:47 +0800] "POST /xingrg/kc/buy/cgsh_order_operate.html HTTP/1.1" 200 5343
114.84.145.85 - - [24/Oct/2020:10:43:48 +0800] "GET /xingrg/kc/print/load_data.html?order_code=212020102409870&kc_code=cgsh&condition= HTTP/1.1" 200 2591
117.184.7.26 - - [24/Oct/2020:10:43:52 +0800] "GET /xingrg/kc/buy/cgsh_order_operate.html?command=get_materiel&rest_code=00108&code=00101008185&supplier_code=00100008&order_time=2020-10-24 HTTP/1.1" 200 408
114.84.145.85 - - [24/Oct/2020:10:43:54 +0800] "GET /xingrg/kc/buy/cgsh_order_add.html HTTP/1.1" 200 60132
114.84.145.85 - - [24/Oct/2020:10:43:54 +0800] "POST /xingrg/kc/buy/cgsh_order_operate.html HTTP/1.1" 200 8245
114.84.145.85 - - [24/Oct/2020:10:43:54 +0800] "GET /xingrg/javascript/easyui/themes/default/validatebox.css HTTP/1.1" 404 1104
183.192.164.214 - - [24/Oct/2020:10:43:57 +0800] "GET /xingrg/kc/report/report_main.html HTTP/1.1" 302 -
114.84.145.85 - - [24/Oct/2020:10:43:57 +0800] "GET /xingrg/check_reg.html?_=1603507038657 HTTP/1.1" 200 22
117.184.7.26 - - [24/Oct/2020:10:43:58 +0800] "GET /xingrg/kc/buy/cgsh_order_operate.html?command=get_materiel&rest_code=00108&code=00101008354&supplier_code=00100008&order_time=2020-10-24 HTTP/1.1" 200 432
116.232.54.8 - - [24/Oct/2020:10:43:59 +0800] "GET /xingrg/all/function/internal_message.html?_=1603507444698&CODE_STATE=getMsg HTTP/1.1" 200 27
183.192.164.214 - - [24/Oct/2020:10:44:00 +0800] "GET /xingrg/login.html HTTP/1.1" 200 7641
117.185.32.26 - - [24/Oct/2020:10:44:01 +0800] "GET /xingrg/all/function/internal_message.html?_=1603507876283&CODE_STATE=getMsg HTTP/1.1" 200 27
114.84.145.85 - - [24/Oct/2020:10:44:01 +0800] "GET /xingrg/kc/buy/cgsh_order_operate.html?command=get_materiel&rest_code=00141&code=00101009050&supplier_code=00100022&order_time=2020-10-24 HTTP/1.1" 200 431
114.84.37.38 - - [24/Oct/2020:10:44:02 +0800] "GET /xingrg/all/function/internal_message.html?_=1603507457758&CODE_STATE=getMsg HTTP/1.1" 200 27
124.77.70.31 - - [24/Oct/2020:10:44:02 +0800] "GET /xingrg/check_reg.html?_=1603507433939 HTTP/1.1" 200 22
117.184.7.26 - - [24/Oct/2020:10:44:03 +0800] "GET /xingrg/kc/buy/cgsh_order_operate.html?command=get_materiel&rest_code=00108&code=00101008312&supplier_code=00100008&order_time=2020-10-24 HTTP/1.1" 200 432
124.77.70.31 - - [24/Oct/2020:10:44:06 +0800] "GET /xingrg/all/function/internal_message.html?_=1603507437563&CODE_STATE=getMsg HTTP/1.1" 200 27
183.192.164.85 - - [24/Oct/2020:10:44:09 +0800] "GET /xingrg/all/report/report_query.html?fileName=kc/buy/gys_amount.xml&rh=99999 HTTP/1.1" 302 -
117.184.7.26 - - [24/Oct/2020:10:44:10 +0800] "GET /xingrg/kc/buy/cgsh_order_operate.html?command=get_materiel&rest_code=00108&code=00101008010&supplier_code=00100008&order_time=2020-10-24 HTTP/1.1" 200 412
114.84.145.85 - - [24/Oct/2020:10:44:11 +0800] "POST /xingrg/kc/buy/cgsh_order_operate.html HTTP/1.1" 200 37
180.161.96.95 - - [24/Oct/2020:10:44:12 +0800] "GET /xingrg/all/function/internal_message.html?_=1603507452497&CODE_STATE=getMsg HTTP/1.1" 200 27
183.192.164.85 - - [24/Oct/2020:10:44:13 +0800] "GET /xingrg/login.html HTTP/1.1" 200 7641
114.84.145.85 - - [24/Oct/2020:10:44:13 +0800] "POST /xingrg/kc/buy/cgsh_order_operate.html HTTP/1.1" 200 12
114.84.145.85 - - [24/Oct/2020:10:44:14 +0800] "GET /xingrg/kc/buy/cgsh_order_info.html?code=212020102409871 HTTP/1.1" 200 55033
114.84.145.85 - - [24/Oct/2020:10:44:15 +0800] "GET /xingrg/javascript/easyui/themes/default/validatebox.css HTTP/1.1" 404 1104
114.84.145.85 - - [24/Oct/2020:10:44:15 +0800] "POST /xingrg/kc/buy/cgsh_order_operate.html HTTP/1.1" 200 603
114.84.145.85 - - [24/Oct/2020:10:44:16 +0800] "GET /xingrg/kc/print/load_data.html?order_code=212020102409871&kc_code=cgsh&condition= HTTP/1.1" 200 742
117.184.7.26 - - [24/Oct/2020:10:44:17 +0800] "GET /xingrg/kc/buy/cgsh_order_operate.html?command=get_materiel&rest_code=00108&code=00101008351&supplier_code=00100008&order_time=2020-10-24 HTTP/1.1" 200 427
117.184.7.26 - - [24/Oct/2020:10:44:22 +0800] "GET /xingrg/kc/buy/cgsh_order_operate.html?command=get_materiel&rest_code=00108&code=00101008038&supplier_code=00100008&order_time=2020-10-24 HTTP/1.1" 200 412
114.84.145.85 - - [24/Oct/2020:10:44:23 +0800] "GET /xingrg/kc/buy/cgsh_order_add.html HTTP/1.1" 200 60132
114.84.145.85 - - [24/Oct/2020:10:44:23 +0800] "GET /xingrg/javascript/easyui/themes/default/validatebox.css HTTP/1.1" 404 1104
114.84.145.85 - - [24/Oct/2020:10:44:23 +0800] "POST /xingrg/kc/buy/cgsh_order_operate.html HTTP/1.1" 200 8245
58.221.95.50 - - [24/Oct/2020:10:44:23 +0800] "GET /xingrg/all/function/internal_message.html?_=1603507639253&CODE_STATE=getMsg HTTP/1.1" 200 27
180.162.245.190 - - [24/Oct/2020:10:44:25 +0800] "GET /xingrg/all/function/internal_message.html?_=1603507464048&CODE_STATE=getMsg HTTP/1.1" 200 27
114.84.145.85 - - [24/Oct/2020:10:44:29 +0800] "GET /xingrg/all/function/internal_message.html?_=1603507466797&CODE_STATE=getMsg HTTP/1.1" 200 27
222.69.128.52 - - [24/Oct/2020:10:44:29 +0800] "GET /xingrg/all/function/internal_message.html?_=1603507462611&CODE_STATE=getMsg HTTP/1.1" 200 27
117.184.7.26 - - [24/Oct/2020:10:44:29 +0800] "GET /xingrg/kc/buy/cgsh_order_operate.html?command=get_materiel&rest_code=00108&code=00101008283&supplier_code=00100008&order_time=2020-10-24 HTTP/1.1" 200 408
114.84.145.85 - - [24/Oct/2020:10:44:30 +0800] "GET /xingrg/all/function/internal_message.html?_=1603507071440&CODE_STATE=getMsg HTTP/1.1" 200 27
114.84.145.85 - - [24/Oct/2020:10:44:30 +0800] "GET /xingrg/kc/buy/cgsh_order_operate.html?command=get_materiel&rest_code=00141&code=00101007076&supplier_code=00100004&order_time=2020-10-24 HTTP/1.1" 200 427
117.185.32.26 - - [24/Oct/2020:10:44:31 +0800] "GET /xingrg/all/function/internal_message.html?_=1603507467821&CODE_STATE=getMsg HTTP/1.1" 200 27
117.131.5.26 - - [24/Oct/2020:10:44:33 +0800] "GET /xingrg/all/function/internal_message.html?_=1603507495481&CODE_STATE=getMsg HTTP/1.1" 200 27
183.192.164.85 - - [24/Oct/2020:10:44:33 +0800] "GET /xingrg/all/function/internal_message.html?_=1603506748108&CODE_STATE=getMsg HTTP/1.1" 302 -
114.84.37.38 - - [24/Oct/2020:10:44:34 +0800] "GET /xingrg/all/function/internal_message.html?_=1603507485232&CODE_STATE=getMsg HTTP/1.1" 200 27
114.88.166.242 - - [24/Oct/2020:10:44:34 +0800] "GET /xingrg/all/function/internal_message.html?_=1603507467643&CODE_STATE=getMsg HTTP/1.1" 200 27
117.184.7.26 - - [24/Oct/2020:10:44:34 +0800] "GET /xingrg/check_reg.html?_=1603507453641 HTTP/1.1" 200 22
183.192.164.85 - - [24/Oct/2020:10:44:35 +0800] "GET /xingrg/login.html HTTP/1.1" 200 7641
180.174.56.115 - - [24/Oct/2020:10:44:36 +0800] "GET /xingrg/all/function/internal_message.html?_=1603507445726&CODE_STATE=getMsg HTTP/1.1" 200 27
172.17.0.101 - - [24/Oct/2020:10:44:36 +0800] "GET /xingrg/all/function/internal_message.html?_=1603507470119&CODE_STATE=getMsg HTTP/1.1" 200 27
222.69.128.52 - - [24/Oct/2020:10:44:37 +0800] "POST /xingrg/kc/base/wldb_list_operate.html HTTP/1.1" 200 3387
172.17.0.185 - - [24/Oct/2020:10:44:38 +0800] "GET /xingrg/check_reg.html?_=1603507473146 HTTP/1.1" 200 22
172.17.0.185 - - [24/Oct/2020:10:44:38 +0800] "GET /xingrg/all/function/internal_message.html?_=1603507473150&CODE_STATE=getMsg HTTP/1.1" 200 27
117.184.7.26 - - [24/Oct/2020:10:44:39 +0800] "GET /xingrg/kc/buy/cgsh_order_operate.html?command=get_materiel&rest_code=00108&code=00101008199&supplier_code=00100008&order_time=2020-10-24 HTTP/1.1" 200 408
172.16.0.204 - - [24/Oct/2020:10:44:39 +0800] "GET /xingrg/all/function/internal_message.html?_=1603507476266&CODE_STATE=getMsg HTTP/1.1" 200 27
58.40.7.146 - - [24/Oct/2020:10:44:40 +0800] "POST /xingrg/services/DataTransmitService HTTP/1.1" 200 524
114.84.145.85 - - [24/Oct/2020:10:44:40 +0800] "GET /xingrg/kc/buy/cgsh_order_operate.html?command=get_materiel&rest_code=00141&code=00101007072&supplier_code=00100004&order_time=2020-10-24 HTTP/1.1" 200 413
114.84.145.85 - - [24/Oct/2020:10:44:50 +0800] "GET /xingrg/kc/buy/cgsh_order_operate.html?command=get_materiel&rest_code=00141&code=00101007049&supplier_code=00100004&order_time=2020-10-24 HTTP/1.1" 200 409
117.184.7.26 - - [24/Oct/2020:10:44:51 +0800] "GET /xingrg/kc/buy/cgsh_order_operate.html?command=get_materiel&rest_code=00108&code=00101008163&supplier_code=00100008&order_time=2020-10-24 HTTP/1.1" 200 409
114.84.145.85 - - [24/Oct/2020:10:44:57 +0800] "GET /xingrg/kc/buy/cgsh_order_operate.html?command=get_materiel&rest_code=00141&code=00101007038&supplier_code=00100004&order_time=2020-10-24 HTTP/1.1" 200 442
116.232.54.8 - - [24/Oct/2020:10:44:59 +0800] "GET /xingrg/all/function/internal_message.html?_=1603507504696&CODE_STATE=getMsg HTTP/1.1" 200 27
117.185.32.26 - - [24/Oct/2020:10:45:01 +0800] "GET /xingrg/all/function/internal_message.html?_=1603507936261&CODE_STATE=getMsg HTTP/1.1" 200 27
117.185.32.26 - - [24/Oct/2020:10:45:01 +0800] "GET /xingrg/check_reg.html?_=1603507936435 HTTP/1.1" 200 22
114.84.37.38 - - [24/Oct/2020:10:45:02 +0800] "GET /xingrg/all/function/internal_message.html?_=1603507518130&CODE_STATE=getMsg HTTP/1.1" 200 27
114.84.37.38 - - [24/Oct/2020:10:45:05 +0800] "GET /xingrg/check_reg.html?_=1603507520242 HTTP/1.1" 200 22
114.84.145.85 - - [24/Oct/2020:10:45:05 +0800] "GET /xingrg/kc/buy/cgsh_order_operate.html?command=get_materiel&rest_code=00141&code=00101007071&supplier_code=00100004&order_time=2020-10-24 HTTP/1.1" 200 417
183.192.164.97 - - [24/Oct/2020:10:45:05 +0800] "GET /xingrg/servlets/image?cache=0.6325040481624652&image=px HTTP/1.1" 200 807
124.77.70.31 - - [24/Oct/2020:10:45:06 +0800] "GET /xingrg/all/function/internal_message.html?_=1603507497548&CODE_STATE=getMsg HTTP/1.1" 200 27
180.161.96.95 - - [24/Oct/2020:10:45:12 +0800] "GET /xingrg/all/function/internal_message.html?_=1603507512504&CODE_STATE=getMsg HTTP/1.1" 200 27
114.84.145.85 - - [24/Oct/2020:10:45:13 +0800] "GET /xingrg/kc/buy/cgsh_order_operate.html?command=get_materiel&rest_code=00141&code=00101007022&supplier_code=00100004&order_time=2020-10-24 HTTP/1.1" 200 433
120.204.17.72 - - [24/Oct/2020:10:45:17 +0800] "GET /xingrg/servlets/image?cache=0.37841677372392835&image=px HTTP/1.1" 200 807
58.221.95.50 - - [24/Oct/2020:10:45:23 +0800] "GET /xingrg/all/function/internal_message.html?_=1603507699253&CODE_STATE=getMsg HTTP/1.1" 200 27
120.204.17.71 - - [24/Oct/2020:10:45:23 +0800] "GET /xingrg/all/function/internal_message.html?_=1603506808104&CODE_STATE=getMsg HTTP/1.1" 302 -
180.162.245.190 - - [24/Oct/2020:10:45:25 +0800] "GET /xingrg/all/function/internal_message.html?_=1603507524019&CODE_STATE=getMsg HTTP/1.1" 200 27
180.162.245.190 - - [24/Oct/2020:10:45:25 +0800] "GET /xingrg/check_reg.html?_=1603507524766 HTTP/1.1" 200 22
114.84.145.85 - - [24/Oct/2020:10:45:27 +0800] "POST /xingrg/kc/buy/cgsh_order_operate.html HTTP/1.1" 200 37
114.84.145.85 - - [24/Oct/2020:10:45:29 +0800] "GET /xingrg/all/function/internal_message.html?_=1603507526788&CODE_STATE=getMsg HTTP/1.1" 200 27
222.69.128.52 - - [24/Oct/2020:10:45:29 +0800] "GET /xingrg/all/function/internal_message.html?_=1603507522609&CODE_STATE=getMsg HTTP/1.1" 200 27
114.84.145.85 - - [24/Oct/2020:10:45:29 +0800] "POST /xingrg/kc/buy/cgsh_order_operate.html HTTP/1.1" 200 12
114.84.145.85 - - [24/Oct/2020:10:45:30 +0800] "GET /xingrg/kc/buy/cgsh_order_info.html?code=212020102409872 HTTP/1.1" 200 55035
120.204.17.71 - - [24/Oct/2020:10:45:30 +0800] "GET /xingrg/login.html HTTP/1.1" 200 7641
114.84.145.85 - - [24/Oct/2020:10:45:30 +0800] "GET /xingrg/all/function/internal_message.html?_=1603507131418&CODE_STATE=getMsg HTTP/1.1" 200 27
114.84.145.85 - - [24/Oct/2020:10:45:30 +0800] "GET /xingrg/javascript/easyui/themes/default/validatebox.css HTTP/1.1" 404 1104
114.84.145.85 - - [24/Oct/2020:10:45:31 +0800] "POST /xingrg/kc/buy/cgsh_order_operate.html HTTP/1.1" 200 3571
117.185.32.26 - - [24/Oct/2020:10:45:31 +0800] "GET /xingrg/all/function/internal_message.html?_=1603507527796&CODE_STATE=getMsg HTTP/1.1" 200 27
114.84.145.85 - - [24/Oct/2020:10:45:32 +0800] "GET /xingrg/kc/print/load_data.html?order_code=212020102409872&kc_code=cgsh&condition= HTTP/1.1" 200 1891
117.131.5.26 - - [24/Oct/2020:10:45:33 +0800] "GET /xingrg/all/function/internal_message.html?_=1603507555480&CODE_STATE=getMsg HTTP/1.1" 200 27
117.131.5.26 - - [24/Oct/2020:10:45:33 +0800] "GET /xingrg/check_reg.html?_=1603507555481 HTTP/1.1" 200 22
114.88.166.242 - - [24/Oct/2020:10:45:34 +0800] "GET /xingrg/all/function/internal_message.html?_=1603507527630&CODE_STATE=getMsg HTTP/1.1" 200 27
114.84.37.38 - - [24/Oct/2020:10:45:34 +0800] "GET /xingrg/all/function/internal_message.html?_=1603507545445&CODE_STATE=getMsg HTTP/1.1" 200 27
180.174.56.115 - - [24/Oct/2020:10:45:36 +0800] "GET /xingrg/check_reg.html?_=1603507505098 HTTP/1.1" 200 22
172.17.0.101 - - [24/Oct/2020:10:45:36 +0800] "GET /xingrg/all/function/internal_message.html?_=1603507530098&CODE_STATE=getMsg HTTP/1.1" 200 27
180.174.56.115 - - [24/Oct/2020:10:45:36 +0800] "GET /xingrg/all/function/internal_message.html?_=1603507505740&CODE_STATE=getMsg HTTP/1.1" 200 27
172.17.0.185 - - [24/Oct/2020:10:45:38 +0800] "GET /xingrg/all/function/internal_message.html?_=1603507533154&CODE_STATE=getMsg HTTP/1.1" 200 27
172.16.0.204 - - [24/Oct/2020:10:45:39 +0800] "GET /xingrg/all/function/internal_message.html?_=1603507536273&CODE_STATE=getMsg HTTP/1.1" 200 27
114.84.145.85 - - [24/Oct/2020:10:45:50 +0800] "GET /xingrg/kc/buy/cgsh_order_add.html HTTP/1.1" 200 60132
114.84.145.85 - - [24/Oct/2020:10:45:50 +0800] "POST /xingrg/kc/buy/cgsh_order_operate.html HTTP/1.1" 200 8245
114.84.145.85 - - [24/Oct/2020:10:45:50 +0800] "GET /xingrg/javascript/easyui/themes/default/validatebox.css HTTP/1.1" 404 1104
180.162.245.190 - - [24/Oct/2020:10:45:56 +0800] "GET /xingrg/kc/base/wldb_order_list.html HTTP/1.1" 200 19377
180.162.245.190 - - [24/Oct/2020:10:45:56 +0800] "POST /xingrg/kc/base/wldb_list_operate.html HTTP/1.1" 200 928
183.192.164.97 - - [24/Oct/2020:10:45:57 +0800] "GET /xingrg/servlets/image?cache=0.9153206632515647&image=px HTTP/1.1" 200 807
116.232.54.8 - - [24/Oct/2020:10:45:59 +0800] "GET /xingrg/check_reg.html?_=1603507564694 HTTP/1.1" 200 22
116.232.54.8 - - [24/Oct/2020:10:45:59 +0800] "GET /xingrg/all/function/internal_message.html?_=1603507564695&CODE_STATE=getMsg HTTP/1.1" 200 27
117.185.32.26 - - [24/Oct/2020:10:46:01 +0800] "GET /xingrg/all/function/internal_message.html?_=1603507996246&CODE_STATE=getMsg HTTP/1.1" 200 27
114.84.37.38 - - [24/Oct/2020:10:46:02 +0800] "GET /xingrg/all/function/internal_message.html?_=1603507578143&CODE_STATE=getMsg HTTP/1.1" 200 27
124.77.70.31 - - [24/Oct/2020:10:46:06 +0800] "GET /xingrg/all/function/internal_message.html?_=1603507557520&CODE_STATE=getMsg HTTP/1.1" 200 27
180.162.245.190 - - [24/Oct/2020:10:46:08 +0800] "GET /xingrg/kc/base/wldb_order_add.html HTTP/1.1" 200 30546
180.162.245.190 - - [24/Oct/2020:10:46:08 +0800] "GET /xingrg/all/common/auto_word.html?type=base&rest_code=00105 HTTP/1.1" 200 1811
180.162.245.190 - - [24/Oct/2020:10:46:08 +0800] "GET /xingrg/all/common/auto_word.html?type=base&rest_code=00105 HTTP/1.1" 200 1811
180.162.245.190 - - [24/Oct/2020:10:46:08 +0800] "GET /xingrg/javascript/easyui/themes/default/validatebox.css HTTP/1.1" 404 1104
180.162.245.190 - - [24/Oct/2020:10:46:08 +0800] "POST /xingrg/kc/base/wldb_order_operate.html HTTP/1.1" 200 6806
114.84.145.85 - - [24/Oct/2020:10:46:08 +0800] "GET /xingrg/kc/buy/cgsh_order_operate.html?command=get_materiel&rest_code=00141&code=00101008257&supplier_code=00100007&order_time=2020-10-24 HTTP/1.1" 200 416
180.162.245.190 - - [24/Oct/2020:10:46:11 +0800] "POST /xingrg/all/common/load_combo.html?type=base HTTP/1.1" 200 3236
180.161.96.95 - - [24/Oct/2020:10:46:13 +0800] "GET /xingrg/all/function/internal_message.html?_=1603507573266&CODE_STATE=getMsg HTTP/1.1" 200 27
58.221.95.50 - - [24/Oct/2020:10:46:23 +0800] "GET /xingrg/all/function/internal_message.html?_=1603507759286&CODE_STATE=getMsg HTTP/1.1" 200 27
58.221.95.50 - - [24/Oct/2020:10:46:23 +0800] "GET /xingrg/check_reg.html?_=1603507759317 HTTP/1.1" 200 22
117.184.7.30 - - [24/Oct/2020:10:46:24 +0800] "GET /xingrg/kc/buy/cgsh_order_operate.html?command=get_materiel&rest_code=00108&code=00101008190&supplier_code=00100008&order_time=2020-10-24 HTTP/1.1" 200 412
180.162.245.190 - - [24/Oct/2020:10:46:25 +0800] "GET /xingrg/all/function/internal_message.html?_=1603507584007&CODE_STATE=getMsg HTTP/1.1" 200 27
180.162.245.190 - - [24/Oct/2020:10:46:26 +0800] "GET /xingrg/javascript/auto/indicator.gif HTTP/1.1" 404 1066
172.16.0.204 - - [24/Oct/2020:10:46:27 +0800] "GET /xingrg/all/report/report_query.html?isQuery=1&fileName=dma/new_5.0/menu/menu_hz.xml&queryString=(a.sale_day%2520between%252020200901%2520and%252020200930)%2520and%2520(a.sid%2520%253D%25207)%2520and%2520(a.category_id%253D306)&queryText=%25E3%2580%2590%25E8%2590%25A5%25E4%25B8%259A%25E6%2597%25A5%25E6%259C%259F%253A2020-09-01%2520%25E8%2587%25B3%25202020-09-30%25E3%2580%2591%2520%25E5%25B9%25B6%25E4%25B8%2594%2520%2520%25E3%2580%2590%25E9%2597%25A8%25E5%25BA%2597%25E5%2590%258D%25E7%25A7%25B0%2520%253D%2520%25E5%25BE%2590%25E6%25B1%2587%25E6%25A6%2595%25E6%25B8%25AF1_7%25E3%2580%2591%2520%25E5%25B9%25B6%25E4%25B8%2594%2520%25E3%2580%2590%25E8%258F%259C%25E5%2593%2581%25E7%25B1%25BB%25E5%2588%25AB%2520%253D%2520%25E7%25B2%25BE%25E5%2593%2581%25E7%2583%25AD%25E8%258F%259C%25E3%2580%2591 HTTP/1.1" 200 54044
172.16.0.204 - - [24/Oct/2020:10:46:27 +0800] "GET /xingrg/dwr/engine.js HTTP/1.1" 200 43631
172.16.0.204 - - [24/Oct/2020:10:46:27 +0800] "GET /favicon.ico HTTP/1.1" 404 -
172.16.0.204 - - [24/Oct/2020:10:46:27 +0800] "POST /xingrg/all/report/load_report_page.html HTTP/1.1" 200 157153
172.16.0.204 - - [24/Oct/2020:10:46:27 +0800] "GET /xingrg/servlets/image?cache=0.09971633379714795&image=px HTTP/1.1" 200 807
114.84.145.85 - - [24/Oct/2020:10:46:29 +0800] "GET /xingrg/all/function/internal_message.html?_=1603507586785&CODE_STATE=getMsg HTTP/1.1" 200 27
222.69.128.52 - - [24/Oct/2020:10:46:29 +0800] "GET /xingrg/all/function/internal_message.html?_=1603507582610&CODE_STATE=getMsg HTTP/1.1" 200 27
172.16.0.204 - - [24/Oct/2020:10:46:29 +0800] "GET /xingrg/javascript/jquery_easy_ui/themes/default/images/button_plain_hover.png HTTP/1.1" 200 252
117.184.7.30 - - [24/Oct/2020:10:46:30 +0800] "GET /xingrg/kc/buy/cgsh_order_operate.html?command=get_materiel&rest_code=00108&code=00101008361&supplier_code=00100008&order_time=2020-10-24 HTTP/1.1" 200 408
114.84.145.85 - - [24/Oct/2020:10:46:30 +0800] "GET /xingrg/all/function/internal_message.html?_=1603507191396&CODE_STATE=getMsg HTTP/1.1" 200 27
117.185.32.26 - - [24/Oct/2020:10:46:31 +0800] "GET /xingrg/all/function/internal_message.html?_=1603507587774&CODE_STATE=getMsg HTTP/1.1" 200 27
172.16.0.204 - - [24/Oct/2020:10:46:32 +0800] "GET /xingrg/all/report/report_query.html?fileName=dma/new_5.0/menu/menu_hz.xml HTTP/1.1" 200 53622
117.131.5.26 - - [24/Oct/2020:10:46:33 +0800] "GET /xingrg/all/function/internal_message.html?_=1603507615479&CODE_STATE=getMsg HTTP/1.1" 200 27
114.88.166.242 - - [24/Oct/2020:10:46:34 +0800] "GET /xingrg/all/function/internal_message.html?_=1603507587615&CODE_STATE=getMsg HTTP/1.1" 200 27
114.84.37.38 - - [24/Oct/2020:10:46:34 +0800] "GET /xingrg/all/function/internal_message.html?_=1603507605462&CODE_STATE=getMsg HTTP/1.1" 200 27
172.16.0.204 - - [24/Oct/2020:10:46:35 +0800] "GET /xingrg/dwr/interface/AjaxReportQueryService.js HTTP/1.1" 200 13203
172.16.0.204 - - [24/Oct/2020:10:46:36 +0800] "GET /xingrg/dwr/engine.js HTTP/1.1" 200 43631
172.16.0.204 - - [24/Oct/2020:10:46:36 +0800] "POST /xingrg/dwr/call/plaincall/AjaxReportQueryService.getFixDate.dwr HTTP/1.1" 200 111
172.16.0.204 - - [24/Oct/2020:10:46:36 +0800] "POST /xingrg/all/common/load_tree.html?tree=area_station_tree_json&manage=1 HTTP/1.1" 200 3246
172.17.0.101 - - [24/Oct/2020:10:46:36 +0800] "GET /xingrg/all/function/internal_message.html?_=1603507590079&CODE_STATE=getMsg HTTP/1.1" 200 27
180.174.56.115 - - [24/Oct/2020:10:46:36 +0800] "GET /xingrg/all/function/internal_message.html?_=1603507565773&CODE_STATE=getMsg HTTP/1.1" 200 27
172.17.0.185 - - [24/Oct/2020:10:46:38 +0800] "GET /xingrg/all/function/internal_message.html?_=1603507593142&CODE_STATE=getMsg HTTP/1.1" 200 27
172.16.0.204 - - [24/Oct/2020:10:46:39 +0800] "GET /xingrg/all/function/internal_message.html?_=1603507596283&CODE_STATE=getMsg HTTP/1.1" 200 27
117.184.7.30 - - [24/Oct/2020:10:46:39 +0800] "GET /xingrg/kc/buy/cgsh_order_operate.html?command=get_materiel&rest_code=00108&code=00101008355&supplier_code=00100008&order_time=2020-10-24 HTTP/1.1" 200 408
172.16.0.204 - - [24/Oct/2020:10:46:41 +0800] "POST /xingrg/dwr/call/plaincall/AjaxReportQueryService.getFixDate.dwr HTTP/1.1" 200 111
172.16.0.204 - - [24/Oct/2020:10:46:45 +0800] "POST /xingrg/dwr/call/plaincall/AjaxReportQueryService.queryInitializeString.dwr HTTP/1.1" 200 1092
172.16.0.204 - - [24/Oct/2020:10:46:47 +0800] "POST /xingrg/dwr/call/plaincall/AjaxReportQueryService.refreshCache.dwr HTTP/1.1" 200 78
117.184.7.30 - - [24/Oct/2020:10:46:48 +0800] "GET /xingrg/kc/buy/cgsh_order_operate.html?command=get_materiel&rest_code=00108&code=00101008264&supplier_code=00100008&order_time=2020-10-24 HTTP/1.1" 200 412
172.16.0.204 - - [24/Oct/2020:10:46:49 +0800] "POST /xingrg/all/report/load_report_page.html HTTP/1.1" 200 153525
172.16.0.204 - - [24/Oct/2020:10:46:49 +0800] "GET /xingrg/servlets/image?cache=0.48727412100638623&image=px HTTP/1.1" 200 807
117.184.7.30 - - [24/Oct/2020:10:46:57 +0800] "GET /xingrg/kc/buy/cgsh_order_operate.html?command=get_materiel&rest_code=00108&code=00101008063&supplier_code=00100008&order_time=2020-10-24 HTTP/1.1" 200 412
172.16.0.204 - - [24/Oct/2020:10:46:58 +0800] "POST /xingrg/all/report/report_print.html HTTP/1.1" 200 269069
116.232.54.8 - - [24/Oct/2020:10:46:59 +0800] "GET /xingrg/all/function/internal_message.html?_=1603507624696&CODE_STATE=getMsg HTTP/1.1" 200 27
180.162.245.190 - - [24/Oct/2020:10:46:59 +0800] "GET /xingrg/kc/base/wldb_order_operate.html?command=get_materiel&rest_code=00105&base_code=0010507&code=00101037158 HTTP/1.1" 200 435
117.185.32.26 - - [24/Oct/2020:10:47:01 +0800] "GET /xingrg/all/function/internal_message.html?_=1603508056230&CODE_STATE=getMsg HTTP/1.1" 200 27
114.84.37.38 - - [24/Oct/2020:10:47:02 +0800] "GET /xingrg/all/function/internal_message.html?_=1603507638156&CODE_STATE=getMsg HTTP/1.1" 200 27
180.162.245.190 - - [24/Oct/2020:10:47:05 +0800] "GET /xingrg/kc/base/wldb_order_operate.html?command=get_materiel&rest_code=00105&base_code=0010507&code=00101019306 HTTP/1.1" 200 465
124.77.70.31 - - [24/Oct/2020:10:47:06 +0800] "GET /xingrg/all/function/internal_message.html?_=1603507617505&CODE_STATE=getMsg HTTP/1.1" 200 27
117.184.7.30 - - [24/Oct/2020:10:47:06 +0800] "GET /xingrg/kc/buy/cgsh_order_operate.html?command=get_materiel&rest_code=00108&code=00101008059&supplier_code=00100008&order_time=2020-10-24 HTTP/1.1" 200 408
180.161.96.95 - - [24/Oct/2020:10:47:13 +0800] "GET /xingrg/all/function/internal_message.html?_=1603507633283&CODE_STATE=getMsg HTTP/1.1" 200 27
180.162.245.190 - - [24/Oct/2020:10:47:16 +0800] "GET /xingrg/kc/base/wldb_order_operate.html?command=get_materiel&rest_code=00105&base_code=0010507&code=00101019400 HTTP/1.1" 200 451
58.221.95.50 - - [24/Oct/2020:10:47:23 +0800] "GET /xingrg/all/function/internal_message.html?_=1603507819280&CODE_STATE=getMsg HTTP/1.1" 200 27
180.162.245.190 - - [24/Oct/2020:10:47:25 +0800] "GET /xingrg/all/function/internal_message.html?_=1603507643998&CODE_STATE=getMsg HTTP/1.1" 200 27
180.162.245.190 - - [24/Oct/2020:10:47:27 +0800] "GET /xingrg/kc/base/wldb_order_operate.html?command=get_materiel&rest_code=00105&base_code=0010507&code=00101019315 HTTP/1.1" 200 462
114.84.145.85 - - [24/Oct/2020:10:47:29 +0800] "GET /xingrg/all/function/internal_message.html?_=1603507646789&CODE_STATE=getMsg HTTP/1.1" 200 27
114.84.145.85 - - [24/Oct/2020:10:47:29 +0800] "GET /xingrg/check_reg.html?_=1603507646791 HTTP/1.1" 200 22
222.69.128.52 - - [24/Oct/2020:10:47:29 +0800] "GET /xingrg/all/function/internal_message.html?_=1603507642614&CODE_STATE=getMsg HTTP/1.1" 200 27
222.69.128.52 - - [24/Oct/2020:10:47:30 +0800] "GET /xingrg/check_reg.html?_=1603507643633 HTTP/1.1" 200 22
114.84.145.85 - - [24/Oct/2020:10:47:30 +0800] "GET /xingrg/all/function/internal_message.html?_=1603507251398&CODE_STATE=getMsg HTTP/1.1" 200 27
117.185.32.26 - - [24/Oct/2020:10:47:31 +0800] "GET /xingrg/all/function/internal_message.html?_=1603507647755&CODE_STATE=getMsg HTTP/1.1" 200 27
114.84.37.38 - - [24/Oct/2020:10:47:31 +0800] "GET /xingrg/check_reg.html?_=1603507662438 HTTP/1.1" 200 22
117.131.5.26 - - [24/Oct/2020:10:47:33 +0800] "GET /xingrg/all/function/internal_message.html?_=1603507675493&CODE_STATE=getMsg HTTP/1.1" 200 27
114.84.37.38 - - [24/Oct/2020:10:47:34 +0800] "GET /xingrg/all/function/internal_message.html?_=1603507665624&CODE_STATE=getMsg HTTP/1.1" 200 27
180.162.245.190 - - [24/Oct/2020:10:47:35 +0800] "GET /xingrg/kc/base/wldb_order_operate.html?command=get_materiel&rest_code=00105&base_code=0010507&code=00101019183 HTTP/1.1" 200 433
172.17.0.101 - - [24/Oct/2020:10:47:36 +0800] "GET /xingrg/all/function/internal_message.html?_=1603507650049&CODE_STATE=getMsg HTTP/1.1" 200 27
180.174.56.115 - - [24/Oct/2020:10:47:36 +0800] "GET /xingrg/all/function/internal_message.html?_=1603507625783&CODE_STATE=getMsg HTTP/1.1" 200 27
172.17.0.185 - - [24/Oct/2020:10:47:38 +0800] "GET /xingrg/all/function/internal_message.html?_=1603507653146&CODE_STATE=getMsg HTTP/1.1" 200 27
180.162.245.190 - - [24/Oct/2020:10:47:44 +0800] "GET /xingrg/kc/base/wldb_order_operate.html?command=get_materiel&rest_code=00105&base_code=0010507&code=00101016044 HTTP/1.1" 200 464
180.162.245.190 - - [24/Oct/2020:10:47:52 +0800] "GET /xingrg/kc/base/wldb_order_operate.html?command=get_materiel&rest_code=00105&base_code=0010507&code=00101019133 HTTP/1.1" 200 464
117.184.7.30 - - [24/Oct/2020:10:47:56 +0800] "GET /xingrg/kc/buy/cgsh_order_operate.html?command=get_materiel&rest_code=00108&code=00101008230&supplier_code=00100008&order_time=2020-10-24 HTTP/1.1" 200 408
180.162.245.190 - - [24/Oct/2020:10:47:57 +0800] "POST /xingrg/kc/base/wldb_order_operate.html HTTP/1.1" 200 37
180.162.245.190 - - [24/Oct/2020:10:47:57 +0800] "POST /xingrg/kc/base/wldb_order_operate.html HTTP/1.1" 200 4713
114.88.166.242 - - [24/Oct/2020:10:47:57 +0800] "GET /xingrg/kc/buy/cgsh_order_operate.html?command=get_materiel&rest_code=00111&code=00101008209&supplier_code=00100005&order_time=2020-10-24 HTTP/1.1" 200 409
180.162.245.190 - - [24/Oct/2020:10:47:58 +0800] "GET /xingrg/kc/base/wldb_order_info.html?code=422020102402831 HTTP/1.1" 200 30561
180.162.245.190 - - [24/Oct/2020:10:47:59 +0800] "GET /xingrg/javascript/easyui/themes/default/validatebox.css HTTP/1.1" 404 1104
116.232.54.8 - - [24/Oct/2020:10:47:59 +0800] "GET /xingrg/all/function/internal_message.html?_=1603507684694&CODE_STATE=getMsg HTTP/1.1" 200 27
180.162.245.190 - - [24/Oct/2020:10:47:59 +0800] "POST /xingrg/kc/base/wldb_order_operate.html HTTP/1.1" 200 4713
117.185.32.26 - - [24/Oct/2020:10:48:01 +0800] "GET /xingrg/all/function/internal_message.html?_=1603508116240&CODE_STATE=getMsg HTTP/1.1" 200 27
117.184.7.30 - - [24/Oct/2020:10:48:01 +0800] "GET /xingrg/kc/buy/cgsh_order_operate.html?command=get_materiel&rest_code=00108&code=00101008069&supplier_code=00100008&order_time=2020-10-24 HTTP/1.1" 200 431
114.84.37.38 - - [24/Oct/2020:10:48:03 +0800] "GET /xingrg/all/function/internal_message.html?_=1603507698525&CODE_STATE=getMsg HTTP/1.1" 200 27
124.77.70.31 - - [24/Oct/2020:10:48:06 +0800] "GET /xingrg/all/function/internal_message.html?_=1603507677489&CODE_STATE=getMsg HTTP/1.1" 200 27
172.17.0.101 - - [24/Oct/2020:10:48:07 +0800] "GET /xingrg/check_reg.html?_=1603507680966 HTTP/1.1" 200 22
180.161.96.95 - - [24/Oct/2020:10:48:08 +0800] "GET /xingrg/check_reg.html?_=1603507688224 HTTP/1.1" 200 22
180.162.245.190 - - [24/Oct/2020:10:48:09 +0800] "GET /xingrg/kc/base/wldb_order_add.html HTTP/1.1" 200 30546
180.162.245.190 - - [24/Oct/2020:10:48:10 +0800] "GET /xingrg/javascript/easyui/themes/default/validatebox.css HTTP/1.1" 404 1104
180.162.245.190 - - [24/Oct/2020:10:48:10 +0800] "POST /xingrg/kc/base/wldb_order_operate.html HTTP/1.1" 200 6806
180.162.245.190 - - [24/Oct/2020:10:48:10 +0800] "POST /xingrg/all/common/load_combo.html?type=base HTTP/1.1" 200 3236
180.161.96.95 - - [24/Oct/2020:10:48:13 +0800] "GET /xingrg/all/function/internal_message.html?_=1603507693292&CODE_STATE=getMsg HTTP/1.1" 200 27
180.174.56.115 - - [24/Oct/2020:10:48:19 +0800] "GET /xingrg/check_reg.html?_=1603507694639 HTTP/1.1" 200 22
