172.17.0.101 - - [24/Oct/2020:09:16:38 +0800] "GET /xingrg/all/function/internal_message.html?_=1603502191865&CODE_STATE=getMsg HTTP/1.1" 200 27
124.77.70.31 - - [24/Oct/2020:09:16:38 +0800] "GET /xingrg/kc/buy/cgsh_order_operate.html?command=get_materiel&rest_code=00107&code=00101008224&supplier_code=00100006&order_time=2020-10-24 HTTP/1.1" 200 416
180.174.56.115 - - [24/Oct/2020:09:16:42 +0800] "GET /xingrg/kc/buy/cgsh_order_add.html HTTP/1.1" 200 60062
180.174.56.115 - - [24/Oct/2020:09:16:42 +0800] "POST /xingrg/kc/buy/cgsh_order_operate.html HTTP/1.1" 200 8245
180.174.56.115 - - [24/Oct/2020:09:16:42 +0800] "GET /xingrg/javascript/easyui/themes/default/validatebox.css HTTP/1.1" 404 1104
114.84.37.38 - - [24/Oct/2020:09:16:48 +0800] "GET /xingrg/all/function/internal_message.html?_=1603502223314&CODE_STATE=getMsg HTTP/1.1" 200 27
180.174.56.115 - - [24/Oct/2020:09:16:52 +0800] "GET /xingrg/kc/buy/cgsh_order_operate.html?command=get_materiel&rest_code=00150&code=00101007059&supplier_code=00100002&order_time=2020-10-24 HTTP/1.1" 200 429
124.77.70.31 - - [24/Oct/2020:09:16:52 +0800] "GET /xingrg/kc/buy/cgsh_order_operate.html?command=get_materiel&rest_code=00107&code=00101008003&supplier_code=00100006&order_time=2020-10-24 HTTP/1.1" 200 410
180.174.56.115 - - [24/Oct/2020:09:16:59 +0800] "GET /xingrg/all/function/internal_message.html?_=1603502188827&CODE_STATE=getMsg HTTP/1.1" 200 27
124.77.70.31 - - [24/Oct/2020:09:17:02 +0800] "GET /xingrg/all/function/internal_message.html?_=1603502214077&CODE_STATE=getMsg HTTP/1.1" 200 27
180.174.56.115 - - [24/Oct/2020:09:17:04 +0800] "GET /xingrg/kc/buy/cgsh_order_operate.html?command=get_materiel&rest_code=00150&code=00101007077&supplier_code=00100002&order_time=2020-10-24 HTTP/1.1" 200 415
124.77.70.31 - - [24/Oct/2020:09:17:07 +0800] "GET /xingrg/kc/buy/cgsh_order_operate.html?command=get_materiel&rest_code=00107&code=00101008126&supplier_code=00100006&order_time=2020-10-24 HTTP/1.1" 200 412
180.174.56.115 - - [24/Oct/2020:09:17:15 +0800] "POST /xingrg/kc/buy/cgsh_order_operate.html HTTP/1.1" 200 37
124.77.70.31 - - [24/Oct/2020:09:17:18 +0800] "GET /xingrg/kc/buy/cgsh_order_operate.html?command=get_materiel&rest_code=00107&code=00101008356&supplier_code=00100006&order_time=2020-10-24 HTTP/1.1" 200 408
180.174.56.115 - - [24/Oct/2020:09:17:18 +0800] "POST /xingrg/kc/buy/cgsh_order_operate.html HTTP/1.1" 200 12
180.174.56.115 - - [24/Oct/2020:09:17:22 +0800] "GET /xingrg/kc/buy/cgsh_order_info.html?code=212020102409787 HTTP/1.1" 200 54969
180.174.56.115 - - [24/Oct/2020:09:17:22 +0800] "GET /xingrg/javascript/easyui/themes/default/validatebox.css HTTP/1.1" 404 1104
180.174.56.115 - - [24/Oct/2020:09:17:23 +0800] "POST /xingrg/kc/buy/cgsh_order_operate.html HTTP/1.1" 200 1198
58.221.95.50 - - [24/Oct/2020:09:17:23 +0800] "GET /xingrg/all/function/internal_message.html?_=1603502419209&CODE_STATE=getMsg HTTP/1.1" 200 27
180.174.56.115 - - [24/Oct/2020:09:17:24 +0800] "GET /xingrg/kc/print/load_data.html?order_code=212020102409787&kc_code=cgsh&condition= HTTP/1.1" 200 1032
180.162.245.190 - - [24/Oct/2020:09:17:25 +0800] "GET /xingrg/all/function/internal_message.html?_=1603502244634&CODE_STATE=getMsg HTTP/1.1" 200 27
114.84.37.38 - - [24/Oct/2020:09:17:28 +0800] "GET /xingrg/check_reg.html?_=1603502259560 HTTP/1.1" 200 22
120.253.135.82 - - [24/Oct/2020:09:17:29 +0800] "GET /xingrg/all/function/internal_message.html?_=1603501991536&CODE_STATE=getMsg HTTP/1.1" 200 27
114.84.37.38 - - [24/Oct/2020:09:17:29 +0800] "GET /xingrg/all/function/internal_message.html?_=1603502260695&CODE_STATE=getMsg HTTP/1.1" 200 27
222.69.128.52 - - [24/Oct/2020:09:17:30 +0800] "GET /xingrg/all/function/internal_message.html?_=1603502243307&CODE_STATE=getMsg HTTP/1.1" 200 27
124.77.70.31 - - [24/Oct/2020:09:17:30 +0800] "GET /xingrg/kc/buy/cgsh_order_operate.html?command=get_materiel&rest_code=00107&code=00101008300&supplier_code=00100006&order_time=2020-10-24 HTTP/1.1" 200 412
222.69.128.52 - - [24/Oct/2020:09:17:30 +0800] "GET /xingrg/check_reg.html?_=1603502243894 HTTP/1.1" 200 22
180.174.56.115 - - [24/Oct/2020:09:17:31 +0800] "GET /xingrg/kc/buy/cgsh_order_add.html HTTP/1.1" 200 60062
180.174.56.115 - - [24/Oct/2020:09:17:31 +0800] "POST /xingrg/kc/buy/cgsh_order_operate.html HTTP/1.1" 200 8245
180.174.56.115 - - [24/Oct/2020:09:17:32 +0800] "GET /xingrg/javascript/easyui/themes/default/validatebox.css HTTP/1.1" 404 1104
114.84.145.85 - - [24/Oct/2020:09:17:32 +0800] "GET /xingrg/all/function/internal_message.html?_=1603501853401&CODE_STATE=getMsg HTTP/1.1" 200 27
222.69.128.52 - - [24/Oct/2020:09:17:33 +0800] "GET /xingrg/kc/buy/cgsh_order_operate.html?command=get_materiel&rest_code=00149&code=00101002027&supplier_code=00100039&order_time=2020-10-24 HTTP/1.1" 200 432
124.77.70.31 - - [24/Oct/2020:09:17:34 +0800] "POST /xingrg/kc/buy/cgsh_order_operate.html HTTP/1.1" 200 2065
172.17.0.185 - - [24/Oct/2020:09:17:37 +0800] "GET /xingrg/all/function/internal_message.html?_=1603502253144&CODE_STATE=getMsg HTTP/1.1" 200 27
172.17.0.101 - - [24/Oct/2020:09:17:38 +0800] "GET /xingrg/all/function/internal_message.html?_=1603502251841&CODE_STATE=getMsg HTTP/1.1" 200 27
124.77.70.31 - - [24/Oct/2020:09:17:40 +0800] "GET /xingrg/kc/buy/cgsh_order_operate.html?command=get_materiel&rest_code=00107&code=00101008251&supplier_code=00100006&order_time=2020-10-24 HTTP/1.1" 200 408
222.69.128.52 - - [24/Oct/2020:09:17:41 +0800] "POST /xingrg/services/DataTransmitService HTTP/1.1" 401 565
222.69.128.52 - - [24/Oct/2020:09:17:41 +0800] "POST /xingrg/services/DataTransmitService HTTP/1.1" 200 478
222.69.128.52 - - [24/Oct/2020:09:17:41 +0800] "POST /xingrg/services/DataTransmitService HTTP/1.1" 200 1320
222.69.128.52 - - [24/Oct/2020:09:17:41 +0800] "POST /xingrg/services/DataTransmitService HTTP/1.1" 200 478
222.69.128.52 - - [24/Oct/2020:09:17:41 +0800] "POST /xingrg/services/DataTransmitService HTTP/1.1" 200 1320
222.69.128.52 - - [24/Oct/2020:09:17:41 +0800] "POST /xingrg/services/DataTransmitService HTTP/1.1" 200 524
222.69.128.52 - - [24/Oct/2020:09:17:41 +0800] "POST /xingrg/services/DataTransmitService HTTP/1.1" 200 1759
222.69.128.52 - - [24/Oct/2020:09:17:41 +0800] "POST /xingrg/services/DataTransmitService HTTP/1.1" 200 45454
222.69.128.52 - - [24/Oct/2020:09:17:41 +0800] "POST /xingrg/services/DataTransmitService HTTP/1.1" 200 19237
180.174.56.115 - - [24/Oct/2020:09:17:43 +0800] "GET /xingrg/kc/buy/cgsh_order_operate.html?command=get_materiel&rest_code=00150&code=00101009001&supplier_code=00100096&order_time=2020-10-24 HTTP/1.1" 200 437
222.69.128.52 - - [24/Oct/2020:09:17:47 +0800] "GET /xingrg/kc/buy/cgsh_order_operate.html?command=get_materiel&rest_code=00149&code=00101001044&supplier_code=00100039&order_time=2020-10-24 HTTP/1.1" 200 409
114.84.37.38 - - [24/Oct/2020:09:17:48 +0800] "GET /xingrg/all/function/internal_message.html?_=1603502283681&CODE_STATE=getMsg HTTP/1.1" 200 27
124.77.70.31 - - [24/Oct/2020:09:17:54 +0800] "GET /xingrg/kc/buy/cgsh_order_operate.html?command=get_materiel&rest_code=00107&code=00101008225&supplier_code=00100006&order_time=2020-10-24 HTTP/1.1" 200 416
180.174.56.115 - - [24/Oct/2020:09:17:58 +0800] "GET /xingrg/kc/buy/cgsh_order_operate.html?command=get_materiel&rest_code=00150&code=00101009016&supplier_code=00100096&order_time=2020-10-24 HTTP/1.1" 200 433
120.253.135.82 - - [24/Oct/2020:09:17:58 +0800] "GET /xingrg/login.html HTTP/1.1" 200 7641
120.253.135.82 - - [24/Oct/2020:09:17:58 +0800] "GET /xingrg/images/blue/jxLogo.png HTTP/1.1" 304 -
120.253.135.82 - - [24/Oct/2020:09:17:58 +0800] "GET /xingrg/images/blue/hj.png HTTP/1.1" 304 -
120.253.135.82 - - [24/Oct/2020:09:17:58 +0800] "GET /xingrg/images/blue/login_bg.png HTTP/1.1" 304 -
120.253.135.82 - - [24/Oct/2020:09:17:58 +0800] "GET /xingrg/images/blue/srbg.png HTTP/1.1" 304 -
120.253.135.82 - - [24/Oct/2020:09:17:58 +0800] "GET /favicon.ico HTTP/1.1" 404 -
180.174.56.115 - - [24/Oct/2020:09:17:59 +0800] "GET /xingrg/check_reg.html?_=1603502248648 HTTP/1.1" 200 22
180.174.56.115 - - [24/Oct/2020:09:17:59 +0800] "GET /xingrg/all/function/internal_message.html?_=1603502248834&CODE_STATE=getMsg HTTP/1.1" 200 27
120.253.135.82 - - [24/Oct/2020:09:18:01 +0800] "POST /xingrg/login.do HTTP/1.1" 302 -
120.253.135.82 - - [24/Oct/2020:09:18:01 +0800] "GET /xingrg/javascript/jquery_easy_ui/themes/default/easyui.css HTTP/1.1" 304 -
120.253.135.82 - - [24/Oct/2020:09:18:01 +0800] "GET /xingrg/javascript/jquery_easy_ui/themes/icon.css HTTP/1.1" 304 -
120.253.135.82 - - [24/Oct/2020:09:18:01 +0800] "GET /xingrg/index.html?sysBaseUrl=http%3A%2F%2F180.169.147.146%3A18081%2Fxingrg%2F&costTime=40×tamp=1603502281824 HTTP/1.1" 200 17503
120.253.135.82 - - [24/Oct/2020:09:18:01 +0800] "GET /xingrg/css/form.css HTTP/1.1" 304 -
120.253.135.82 - - [24/Oct/2020:09:18:01 +0800] "GET /xingrg/javascript/jquery.form.js HTTP/1.1" 304 -
120.253.135.82 - - [24/Oct/2020:09:18:01 +0800] "GET /xingrg/javascript/jquery-1.4.2.min.js HTTP/1.1" 304 -
120.253.135.82 - - [24/Oct/2020:09:18:01 +0800] "GET /xingrg/javascript/jquery_easy_ui/jquery.easyui.min.js HTTP/1.1" 304 -
120.253.135.82 - - [24/Oct/2020:09:18:01 +0800] "GET /xingrg/javascript/jquery.utils.js HTTP/1.1" 304 -
120.253.135.82 - - [24/Oct/2020:09:18:01 +0800] "GET /xingrg/javascript/jquery.timers.js HTTP/1.1" 304 -
120.253.135.82 - - [24/Oct/2020:09:18:01 +0800] "GET /xingrg/javascript/jquery_easy_ui/easyui-lang-zh_CN.js HTTP/1.1" 304 -
120.253.135.82 - - [24/Oct/2020:09:18:01 +0800] "GET /xingrg/images/blue/navBackgound.jpg HTTP/1.1" 304 -
120.253.135.82 - - [24/Oct/2020:09:18:01 +0800] "GET /xingrg/javascript/jquery_easy_ui/themes/icons/settle_new.png HTTP/1.1" 304 -
120.253.135.82 - - [24/Oct/2020:09:18:01 +0800] "GET /xingrg/images/blue/pingpu.png HTTP/1.1" 304 -
120.253.135.82 - - [24/Oct/2020:09:18:01 +0800] "POST /xingrg/all/common/load_tree.html?tree=area_rest_tree_json&manage=1 HTTP/1.1" 200 344
120.253.135.82 - - [24/Oct/2020:09:18:01 +0800] "GET /xingrg/javascript/jquery_easy_ui/themes/default/images/tabs_leftarrow.png HTTP/1.1" 304 -
120.253.135.82 - - [24/Oct/2020:09:18:01 +0800] "GET /xingrg/javascript/jquery_easy_ui/themes/default/images/tabs_rightarrow.png HTTP/1.1" 304 -
120.253.135.82 - - [24/Oct/2020:09:18:01 +0800] "GET /xingrg/javascript/jquery_easy_ui/themes/default/images/panel_tool_collapse.gif HTTP/1.1" 304 -
120.253.135.82 - - [24/Oct/2020:09:18:02 +0800] "GET /xingrg/javascript/jquery_easy_ui/themes/default/images/panel_tool_expand.gif HTTP/1.1" 304 -
120.253.135.82 - - [24/Oct/2020:09:18:02 +0800] "GET /xingrg/all/function/internal_message.html?_=1603502024246&CODE_STATE=count HTTP/1.1" 200 11
120.253.135.82 - - [24/Oct/2020:09:18:02 +0800] "GET /xingrg/check_reg.html?_=1603502024246 HTTP/1.1" 200 22
120.253.135.82 - - [24/Oct/2020:09:18:02 +0800] "POST /xingrg/load_menu.html HTTP/1.1" 200 11443
120.253.135.82 - - [24/Oct/2020:09:18:02 +0800] "GET /xingrg/javascript/jquery_easy_ui/themes/default/images/tree_arrows.gif HTTP/1.1" 304 -
120.253.135.82 - - [24/Oct/2020:09:18:02 +0800] "GET /favicon.ico HTTP/1.1" 404 -
120.253.135.82 - - [24/Oct/2020:09:18:02 +0800] "GET /xingrg/javascript/jquery_easy_ui/themes/default/images/tree_folder_open.gif HTTP/1.1" 304 -
120.253.135.82 - - [24/Oct/2020:09:18:02 +0800] "GET /xingrg/javascript/jquery_easy_ui/themes/default/images/tree_folder.gif HTTP/1.1" 304 -
120.253.135.82 - - [24/Oct/2020:09:18:02 +0800] "GET /xingrg/javascript/jquery_easy_ui/themes/icons/storage_new.png HTTP/1.1" 304 -
120.253.135.82 - - [24/Oct/2020:09:18:02 +0800] "GET /xingrg/javascript/jquery_easy_ui/themes/icons/delivery_new.png HTTP/1.1" 304 -
120.253.135.82 - - [24/Oct/2020:09:18:02 +0800] "GET /xingrg/javascript/jquery_easy_ui/themes/icons/setting_new.png HTTP/1.1" 304 -
120.253.135.82 - - [24/Oct/2020:09:18:02 +0800] "GET /xingrg/javascript/jquery_easy_ui/themes/icons/search_new.png HTTP/1.1" 304 -
120.253.135.82 - - [24/Oct/2020:09:18:02 +0800] "GET /xingrg/javascript/jquery_easy_ui/themes/icons/systemset_new.png HTTP/1.1" 304 -
120.253.135.82 - - [24/Oct/2020:09:18:02 +0800] "GET /xingrg/javascript/jquery_easy_ui/themes/icons/checkout_new.png HTTP/1.1" 304 -
120.253.135.82 - - [24/Oct/2020:09:18:02 +0800] "GET /xingrg/javascript/jquery_easy_ui/themes/icons/forms_new.png HTTP/1.1" 304 -
120.253.135.82 - - [24/Oct/2020:09:18:02 +0800] "GET /xingrg/javascript/jquery_easy_ui/themes/default/images/tree_file.gif HTTP/1.1" 304 -
124.77.70.31 - - [24/Oct/2020:09:18:02 +0800] "GET /xingrg/all/function/internal_message.html?_=1603502274052&CODE_STATE=getMsg HTTP/1.1" 200 27
222.69.128.52 - - [24/Oct/2020:09:18:03 +0800] "GET /xingrg/kc/buy/cgsh_order_operate.html?command=get_materiel&rest_code=00149&code=00101001010&supplier_code=00100039&order_time=2020-10-24 HTTP/1.1" 200 409
120.253.135.82 - - [24/Oct/2020:09:18:06 +0800] "GET /xingrg/javascript/jquery_easy_ui/themes/default/images/tabs_close.gif HTTP/1.1" 304 -
120.253.135.82 - - [24/Oct/2020:09:18:06 +0800] "GET /xingrg/kc/report/report_main.html HTTP/1.1" 200 9370
120.253.135.82 - - [24/Oct/2020:09:18:06 +0800] "GET /xingrg/javascript/pic_change.js HTTP/1.1" 304 -
120.253.135.82 - - [24/Oct/2020:09:18:06 +0800] "GET /xingrg/javascript/myfunction.js HTTP/1.1" 304 -
120.253.135.82 - - [24/Oct/2020:09:18:06 +0800] "GET /xingrg/javascript/json2.js HTTP/1.1" 304 -
120.253.135.82 - - [24/Oct/2020:09:18:06 +0800] "GET /xingrg/css/blue.css HTTP/1.1" 200 15949
120.253.135.82 - - [24/Oct/2020:09:18:06 +0800] "GET /xingrg/javascript/jquery_ui/themes/humanity/humanity.css HTTP/1.1" 200 27801
120.253.135.82 - - [24/Oct/2020:09:18:06 +0800] "GET /xingrg/javascript/jquery_easy_ui/themes/icons/back_new.png HTTP/1.1" 200 3414
172.17.0.101 - - [24/Oct/2020:09:18:06 +0800] "GET /xingrg/check_reg.html?_=1603502280532 HTTP/1.1" 200 22
120.253.135.82 - - [24/Oct/2020:09:18:07 +0800] "GET /xingrg/kc/base/kc_stocks.html HTTP/1.1" 200 16386
120.253.135.82 - - [24/Oct/2020:09:18:07 +0800] "GET /xingrg/css/site.css HTTP/1.1" 304 -
120.253.135.82 - - [24/Oct/2020:09:18:07 +0800] "GET /xingrg/javascript/auto/jquery.autocomplete.css HTTP/1.1" 304 -
120.253.135.82 - - [24/Oct/2020:09:18:07 +0800] "GET /xingrg/javascript/jquery_tools/datebox.css HTTP/1.1" 304 -
120.253.135.82 - - [24/Oct/2020:09:18:07 +0800] "GET /xingrg/css/base.css HTTP/1.1" 304 -
120.253.135.82 - - [24/Oct/2020:09:18:07 +0800] "GET /xingrg/javascript/easyui/themes/icon.css HTTP/1.1" 304 -
120.253.135.82 - - [24/Oct/2020:09:18:07 +0800] "GET /xingrg/javascript/jquery_tools/fix.css HTTP/1.1" 304 -
120.253.135.82 - - [24/Oct/2020:09:18:07 +0800] "GET /xingrg/javascript/jquery_tools/jquery.tools.min.js HTTP/1.1" 304 -
120.253.135.82 - - [24/Oct/2020:09:18:07 +0800] "GET /xingrg/javascript/jquery_tools/jquery.tools.hotkey.js HTTP/1.1" 304 -
120.253.135.82 - - [24/Oct/2020:09:18:07 +0800] "GET /xingrg/javascript/jquery_tools/jquery.tools.extend.js HTTP/1.1" 304 -
120.253.135.82 - - [24/Oct/2020:09:18:07 +0800] "GET /xingrg/javascript/jquery_tools/list_manager.js HTTP/1.1" 304 -
120.253.135.82 - - [24/Oct/2020:09:18:07 +0800] "GET /xingrg/javascript/print/LodopFuncs.js HTTP/1.1" 304 -
120.253.135.82 - - [24/Oct/2020:09:18:07 +0800] "GET /xingrg/javascript/convert.js HTTP/1.1" 304 -
120.253.135.82 - - [24/Oct/2020:09:18:07 +0800] "GET /xingrg/javascript/easyui/easyloader.js HTTP/1.1" 304 -
120.253.135.82 - - [24/Oct/2020:09:18:07 +0800] "GET /xingrg/javascript/jquery.cookie.js HTTP/1.1" 304 -
120.253.135.82 - - [24/Oct/2020:09:18:07 +0800] "GET /xingrg/javascript/auto/jquery.autocomplete.js HTTP/1.1" 304 -
120.253.135.82 - - [24/Oct/2020:09:18:07 +0800] "GET /xingrg/javascript/easyui/themes/sunny/easyui.css HTTP/1.1" 200 34304
120.253.135.82 - - [24/Oct/2020:09:18:08 +0800] "GET /xingrg/javascript/easyui/themes/icons/field_new.png HTTP/1.1" 304 -
120.253.135.82 - - [24/Oct/2020:09:18:08 +0800] "GET /xingrg/javascript/easyui/themes/icons/refresh_new.png HTTP/1.1" 200 685
120.253.135.82 - - [24/Oct/2020:09:18:08 +0800] "GET /xingrg/javascript/easyui/themes/icons/print_new.png HTTP/1.1" 200 3580
120.253.135.82 - - [24/Oct/2020:09:18:08 +0800] "GET /xingrg/javascript/easyui/themes/icons/filter_new.png HTTP/1.1" 200 795
120.253.135.82 - - [24/Oct/2020:09:18:08 +0800] "GET /xingrg/javascript/easyui/themes/icons/import_new.png HTTP/1.1" 304 -
120.253.135.82 - - [24/Oct/2020:09:18:08 +0800] "GET /xingrg/javascript/easyui/plugins/jquery.parser.js HTTP/1.1" 304 -
120.253.135.82 - - [24/Oct/2020:09:18:08 +0800] "GET /xingrg/images/control/ajaxLoader.gif HTTP/1.1" 304 -
120.253.135.82 - - [24/Oct/2020:09:18:08 +0800] "GET /xingrg/javascript/easyui/plugins/jquery.draggable.js HTTP/1.1" 200 6121
120.253.135.82 - - [24/Oct/2020:09:18:08 +0800] "GET /xingrg/all/common/auto_word.html?type=base&rest_code=00101 HTTP/1.1" 200 559
120.253.135.82 - - [24/Oct/2020:09:18:08 +0800] "GET /xingrg/javascript/easyui/plugins/jquery.droppable.js HTTP/1.1" 200 1167
120.253.135.82 - - [24/Oct/2020:09:18:08 +0800] "GET /xingrg/javascript/easyui/themes/default/tree.css HTTP/1.1" 404 1090
180.174.56.115 - - [24/Oct/2020:09:18:08 +0800] "GET /xingrg/kc/buy/cgsh_order_operate.html?command=get_materiel&rest_code=00150&code=00101009019&supplier_code=00100096&order_time=2020-10-24 HTTP/1.1" 200 431
120.253.135.82 - - [24/Oct/2020:09:18:08 +0800] "GET /xingrg/javascript/easyui/plugins/jquery.tree.js HTTP/1.1" 200 20874
120.253.135.82 - - [24/Oct/2020:09:18:08 +0800] "POST /xingrg/all/common/load_tree.html?tree=materiel_sort_tree_json HTTP/1.1" 200 8666
120.253.135.82 - - [24/Oct/2020:09:18:08 +0800] "GET /xingrg/javascript/easyui/themes/sunny/images/tree_arrows.gif HTTP/1.1" 200 617
120.253.135.82 - - [24/Oct/2020:09:18:08 +0800] "GET /xingrg/javascript/easyui/themes/sunny/images/tree_folder_open.gif HTTP/1.1" 200 956
120.253.135.82 - - [24/Oct/2020:09:18:08 +0800] "GET /xingrg/javascript/easyui/themes/sunny/images/tree_folder.gif HTTP/1.1" 200 952
120.253.135.82 - - [24/Oct/2020:09:18:08 +0800] "GET /xingrg/javascript/easyui/themes/sunny/images/tree_file.gif HTTP/1.1" 200 118
120.253.135.82 - - [24/Oct/2020:09:18:09 +0800] "GET /xingrg/css/images/panel_loading.gif HTTP/1.1" 200 1737
120.253.135.82 - - [24/Oct/2020:09:18:09 +0800] "POST /xingrg/all/common/load_combo.html?type=base HTTP/1.1" 200 984
222.69.128.52 - - [24/Oct/2020:09:18:12 +0800] "POST /xingrg/services/DataTransmitService HTTP/1.1" 200 524
180.174.56.115 - - [24/Oct/2020:09:18:16 +0800] "GET /xingrg/kc/buy/cgsh_order_operate.html?command=get_materiel&rest_code=00150&code=00101009011&supplier_code=00100096&order_time=2020-10-24 HTTP/1.1" 200 416
222.69.128.52 - - [24/Oct/2020:09:18:16 +0800] "POST /xingrg/services/DataTransmitService HTTP/1.1" 200 501
120.253.135.82 - - [24/Oct/2020:09:18:23 +0800] "POST /xingrg/kc/base/stock_operate.html HTTP/1.1" 200 1462
120.253.135.82 - - [24/Oct/2020:09:18:23 +0800] "GET /xingrg/javascript/jquery_tools/fix_table.js HTTP/1.1" 200 6528
58.221.95.50 - - [24/Oct/2020:09:18:23 +0800] "GET /xingrg/all/function/internal_message.html?_=1603502479210&CODE_STATE=getMsg HTTP/1.1" 200 27
180.162.245.190 - - [24/Oct/2020:09:18:25 +0800] "GET /xingrg/all/function/internal_message.html?_=1603502304648&CODE_STATE=getMsg HTTP/1.1" 200 27
124.77.70.31 - - [24/Oct/2020:09:18:29 +0800] "GET /xingrg/kc/buy/cgsh_order_operate.html?command=get_materiel&rest_code=00107&code=00101008296&supplier_code=00100006&order_time=2020-10-24 HTTP/1.1" 200 435
114.84.37.38 - - [24/Oct/2020:09:18:29 +0800] "GET /xingrg/all/function/internal_message.html?_=1603502320833&CODE_STATE=getMsg HTTP/1.1" 200 27
180.174.56.115 - - [24/Oct/2020:09:18:29 +0800] "GET /xingrg/kc/buy/cgsh_order_operate.html?command=get_materiel&rest_code=00150&code=00101009053&supplier_code=00100096&order_time=2020-10-24 HTTP/1.1" 200 408
222.69.128.52 - - [24/Oct/2020:09:18:29 +0800] "GET /xingrg/all/function/internal_message.html?_=1603502303290&CODE_STATE=getMsg HTTP/1.1" 200 27
120.253.135.82 - - [24/Oct/2020:09:18:31 +0800] "POST /xingrg/kc/base/stock_operate.html HTTP/1.1" 200 1482
114.84.145.85 - - [24/Oct/2020:09:18:32 +0800] "GET /xingrg/all/function/internal_message.html?_=1603501913374&CODE_STATE=getMsg HTTP/1.1" 200 27
172.17.0.185 - - [24/Oct/2020:09:18:37 +0800] "GET /xingrg/all/function/internal_message.html?_=1603502313143&CODE_STATE=getMsg HTTP/1.1" 200 27
172.17.0.101 - - [24/Oct/2020:09:18:38 +0800] "GET /xingrg/all/function/internal_message.html?_=1603502311823&CODE_STATE=getMsg HTTP/1.1" 200 27
114.88.166.242 - - [24/Oct/2020:09:18:43 +0800] "GET /xingrg/check_reg.html?_=1603502314099 HTTP/1.1" 200 22
180.174.56.115 - - [24/Oct/2020:09:18:43 +0800] "GET /xingrg/kc/buy/cgsh_order_operate.html?command=get_materiel&rest_code=00150&code=00101009062&supplier_code=00100096&order_time=2020-10-24 HTTP/1.1" 200 436
114.84.37.38 - - [24/Oct/2020:09:18:48 +0800] "GET /xingrg/all/function/internal_message.html?_=1603502343684&CODE_STATE=getMsg HTTP/1.1" 200 27
124.77.70.31 - - [24/Oct/2020:09:18:50 +0800] "GET /xingrg/kc/buy/cgsh_order_operate.html?command=get_materiel&rest_code=00107&code=00101008098&supplier_code=00100006&order_time=2020-10-24 HTTP/1.1" 200 412
124.77.70.31 - - [24/Oct/2020:09:18:55 +0800] "POST /xingrg/kc/buy/cgsh_order_operate.html HTTP/1.1" 200 2065
180.174.56.115 - - [24/Oct/2020:09:18:57 +0800] "GET /xingrg/kc/buy/cgsh_order_operate.html?command=get_materiel&rest_code=00150&code=00101009007&supplier_code=00100096&order_time=2020-10-24 HTTP/1.1" 200 408
114.84.145.85 - - [24/Oct/2020:09:18:57 +0800] "GET /xingrg/check_reg.html?_=1603501938428 HTTP/1.1" 200 22
180.174.56.115 - - [24/Oct/2020:09:18:59 +0800] "GET /xingrg/all/function/internal_message.html?_=1603502308847&CODE_STATE=getMsg HTTP/1.1" 200 27
180.162.245.190 - - [24/Oct/2020:09:19:00 +0800] "GET /xingrg/kc/buy/cgsh_order_operate.html?command=get_materiel&rest_code=00105&code=00101006166&supplier_code=00100002&order_time=2020-10-24 HTTP/1.1" 200 421
120.253.135.82 - - [24/Oct/2020:09:19:02 +0800] "GET /xingrg/all/function/internal_message.html?_=1603502084258&CODE_STATE=getMsg HTTP/1.1" 200 27
124.77.70.31 - - [24/Oct/2020:09:19:02 +0800] "GET /xingrg/check_reg.html?_=1603502333690 HTTP/1.1" 200 22
124.77.70.31 - - [24/Oct/2020:09:19:02 +0800] "GET /xingrg/all/function/internal_message.html?_=1603502334048&CODE_STATE=getMsg HTTP/1.1" 200 27
124.77.70.31 - - [24/Oct/2020:09:19:03 +0800] "GET /xingrg/kc/buy/cgsh_order_operate.html?command=get_materiel&rest_code=00107&code=00101008213&supplier_code=00100006&order_time=2020-10-24 HTTP/1.1" 200 432
222.69.128.52 - - [24/Oct/2020:09:19:06 +0800] "GET /xingrg/kc/buy/cgsh_order_operate.html?command=get_materiel&rest_code=00149&code=00101003025&supplier_code=00100039&order_time=2020-10-24 HTTP/1.1" 200 428
180.174.56.115 - - [24/Oct/2020:09:19:08 +0800] "GET /xingrg/kc/buy/cgsh_order_operate.html?command=get_materiel&rest_code=00150&code=00101009006&supplier_code=00100096&order_time=2020-10-24 HTTP/1.1" 200 408
124.77.70.31 - - [24/Oct/2020:09:19:17 +0800] "GET /xingrg/kc/buy/cgsh_order_operate.html?command=get_materiel&rest_code=00107&code=00101008134&supplier_code=00100006&order_time=2020-10-24 HTTP/1.1" 200 431
180.162.245.190 - - [24/Oct/2020:09:19:20 +0800] "GET /xingrg/kc/buy/cgsh_order_operate.html?command=get_materiel&rest_code=00105&code=00101007125&supplier_code=00100002&order_time=2020-10-24 HTTP/1.1" 200 426
222.69.128.52 - - [24/Oct/2020:09:19:22 +0800] "GET /xingrg/kc/buy/cgsh_order_operate.html?command=get_materiel&rest_code=00149&code=00101001060&supplier_code=00100039&order_time=2020-10-24 HTTP/1.1" 200 421
58.221.95.50 - - [24/Oct/2020:09:19:23 +0800] "GET /xingrg/all/function/internal_message.html?_=1603502539211&CODE_STATE=getMsg HTTP/1.1" 200 27
180.162.245.190 - - [24/Oct/2020:09:19:25 +0800] "GET /xingrg/all/function/internal_message.html?_=1603502364635&CODE_STATE=getMsg HTTP/1.1" 200 27
114.84.37.38 - - [24/Oct/2020:09:19:29 +0800] "GET /xingrg/all/function/internal_message.html?_=1603502380847&CODE_STATE=getMsg HTTP/1.1" 200 27
222.69.128.52 - - [24/Oct/2020:09:19:29 +0800] "GET /xingrg/all/function/internal_message.html?_=1603502363267&CODE_STATE=getMsg HTTP/1.1" 200 27
114.84.145.85 - - [24/Oct/2020:09:19:32 +0800] "GET /xingrg/all/function/internal_message.html?_=1603501973344&CODE_STATE=getMsg HTTP/1.1" 200 27
117.184.7.26 - - [24/Oct/2020:09:19:35 +0800] "GET /xingrg/check_reg.html?_=1603502353816 HTTP/1.1" 200 22
114.88.166.242 - - [24/Oct/2020:09:19:36 +0800] "GET /xingrg/kc/buy/buy_main.html HTTP/1.1" 200 12412
114.88.166.242 - - [24/Oct/2020:09:19:36 +0800] "GET /xingrg/css/new_ie.css HTTP/1.1" 404 1036
114.88.166.242 - - [24/Oct/2020:09:19:36 +0800] "GET /xingrg/javascript/jquery_ui/themes/humanity/humanity.css HTTP/1.1" 304 -
114.88.166.242 - - [24/Oct/2020:09:19:36 +0800] "GET /xingrg/javascript/jquery_ui/jquery-ui.min.js HTTP/1.1" 304 -
114.88.166.242 - - [24/Oct/2020:09:19:36 +0800] "GET /xingrg/javascript/jquery-1.4.2.min.js HTTP/1.1" 304 -
114.88.166.242 - - [24/Oct/2020:09:19:36 +0800] "GET /xingrg/javascript/jquery.utils.js HTTP/1.1" 304 -
114.88.166.242 - - [24/Oct/2020:09:19:36 +0800] "GET /xingrg/images/blue/button/cgxqd.gif HTTP/1.1" 304 -
114.88.166.242 - - [24/Oct/2020:09:19:36 +0800] "GET /xingrg/images/blue/button/cgfkd.gif HTTP/1.1" 304 -
114.88.166.242 - - [24/Oct/2020:09:19:36 +0800] "GET /xingrg/images/blue/button/cgydd.gif HTTP/1.1" 304 -
114.88.166.242 - - [24/Oct/2020:09:19:36 +0800] "GET /xingrg/images/blue/button/kc.gif HTTP/1.1" 304 -
114.88.166.242 - - [24/Oct/2020:09:19:36 +0800] "GET /xingrg/images/blue/button/ckthd.gif HTTP/1.1" 304 -
114.88.166.242 - - [24/Oct/2020:09:19:36 +0800] "GET /xingrg/images/blue/button/down_ah.jpg HTTP/1.1" 304 -
114.88.166.242 - - [24/Oct/2020:09:19:36 +0800] "GET /xingrg/javascript/jquery_ui/themes/humanity/images/ui-bg_inset-soft_100_f4f0ec_1x100.png HTTP/1.1" 304 -
114.88.166.242 - - [24/Oct/2020:09:19:36 +0800] "GET /xingrg/images/blue/pic_form2.gif HTTP/1.1" 304 -
114.88.166.242 - - [24/Oct/2020:09:19:36 +0800] "GET /xingrg/images/blue/button/cgshd.gif HTTP/1.1" 304 -
114.88.166.242 - - [24/Oct/2020:09:19:36 +0800] "GET /xingrg/images/blue/bg_dotted.jpg HTTP/1.1" 304 -
114.88.166.242 - - [24/Oct/2020:09:19:36 +0800] "GET /xingrg/images/blue/button/right_ah.jpg HTTP/1.1" 304 -
114.88.166.242 - - [24/Oct/2020:09:19:36 +0800] "GET /xingrg/javascript/jquery_ui/themes/humanity/images/ui-iconsnew.jpg HTTP/1.1" 304 -
114.88.166.242 - - [24/Oct/2020:09:19:36 +0800] "GET /xingrg/javascript/jquery_ui/themes/humanity/images/ui-icons_ffffff_256x240.png HTTP/1.1" 304 -
114.88.166.242 - - [24/Oct/2020:09:19:36 +0800] "GET /xingrg/javascript/jquery_ui/themes/humanity/images/ui-icons_c47a23_256x240.png HTTP/1.1" 304 -
114.88.166.242 - - [24/Oct/2020:09:19:36 +0800] "GET /xingrg/javascript/jquery_ui/themes/humanity/images/ui-bg_glass_70_ede4d4_1x400.png HTTP/1.1" 304 -
114.88.166.242 - - [24/Oct/2020:09:19:37 +0800] "GET /xingrg/images/yd/bt.gif HTTP/1.1" 404 1040
114.88.166.242 - - [24/Oct/2020:09:19:37 +0800] "GET /xingrg/kc/buy/cgsh_order_list.html HTTP/1.1" 200 44388
114.88.166.242 - - [24/Oct/2020:09:19:37 +0800] "GET /xingrg/css/base.css HTTP/1.1" 304 -
114.88.166.242 - - [24/Oct/2020:09:19:37 +0800] "GET /xingrg/css/site.css HTTP/1.1" 304 -
114.88.166.242 - - [24/Oct/2020:09:19:37 +0800] "GET /xingrg/javascript/jquery_tools/datebox.css HTTP/1.1" 304 -
114.88.166.242 - - [24/Oct/2020:09:19:37 +0800] "GET /xingrg/javascript/easyui/themes/icon.css HTTP/1.1" 304 -
114.88.166.242 - - [24/Oct/2020:09:19:37 +0800] "GET /xingrg/javascript/easyui/themes/default/easyui.css HTTP/1.1" 304 -
114.88.166.242 - - [24/Oct/2020:09:19:37 +0800] "GET /xingrg/javascript/auto/jquery.autocomplete.css HTTP/1.1" 304 -
114.88.166.242 - - [24/Oct/2020:09:19:37 +0800] "GET /xingrg/javascript/jquery_tools/fix.css HTTP/1.1" 304 -
114.88.166.242 - - [24/Oct/2020:09:19:37 +0800] "GET /xingrg/javascript/jquery_tools/table.css HTTP/1.1" 304 -
114.88.166.242 - - [24/Oct/2020:09:19:37 +0800] "GET /xingrg/javascript/jquery_tools/jquery.tools.min.js HTTP/1.1" 304 -
114.88.166.242 - - [24/Oct/2020:09:19:37 +0800] "GET /xingrg/javascript/jquery_tools/jquery.tools.extend.js HTTP/1.1" 304 -
114.88.166.242 - - [24/Oct/2020:09:19:37 +0800] "GET /xingrg/javascript/jquery_tools/list_manager.js HTTP/1.1" 304 -
114.88.166.242 - - [24/Oct/2020:09:19:37 +0800] "GET /xingrg/javascript/jquery_tools/jquery.tools.hotkey.js HTTP/1.1" 304 -
114.88.166.242 - - [24/Oct/2020:09:19:37 +0800] "GET /xingrg/javascript/jquery_tools/jquery.tools.table.js HTTP/1.1" 304 -
114.88.166.242 - - [24/Oct/2020:09:19:37 +0800] "GET /xingrg/javascript/auto/jquery.autocomplete.js HTTP/1.1" 304 -
114.88.166.242 - - [24/Oct/2020:09:19:37 +0800] "GET /xingrg/javascript/easyui/easyloader.js HTTP/1.1" 304 -
114.88.166.242 - - [24/Oct/2020:09:19:37 +0800] "GET /xingrg/javascript/print/LodopFuncs.js HTTP/1.1" 304 -
114.88.166.242 - - [24/Oct/2020:09:19:37 +0800] "GET /xingrg/javascript/jquery.cookie.js HTTP/1.1" 304 -
172.17.0.185 - - [24/Oct/2020:09:19:37 +0800] "GET /xingrg/all/function/internal_message.html?_=1603502373152&CODE_STATE=getMsg HTTP/1.1" 200 27
172.17.0.185 - - [24/Oct/2020:09:19:37 +0800] "GET /xingrg/check_reg.html?_=1603502373156 HTTP/1.1" 200 22
172.17.0.101 - - [24/Oct/2020:09:19:38 +0800] "GET /xingrg/all/function/internal_message.html?_=1603502371800&CODE_STATE=getMsg HTTP/1.1" 200 27
180.174.56.115 - - [24/Oct/2020:09:19:38 +0800] "POST /xingrg/kc/buy/cgsh_order_operate.html HTTP/1.1" 200 37
114.88.166.242 - - [24/Oct/2020:09:19:38 +0800] "GET /xingrg/javascript/easyui/themes/icons/check_new.png HTTP/1.1" 304 -
114.88.166.242 - - [24/Oct/2020:09:19:38 +0800] "GET /xingrg/javascript/easyui/themes/icons/edit_add_new.png HTTP/1.1" 304 -
114.88.166.242 - - [24/Oct/2020:09:19:38 +0800] "GET /xingrg/javascript/easyui/themes/icons/cance_new.png HTTP/1.1" 304 -
114.88.166.242 - - [24/Oct/2020:09:19:38 +0800] "GET /xingrg/javascript/easyui/themes/icons/field_new.png HTTP/1.1" 304 -
114.88.166.242 - - [24/Oct/2020:09:19:38 +0800] "GET /xingrg/javascript/easyui/themes/icons/import_new.png HTTP/1.1" 304 -
114.88.166.242 - - [24/Oct/2020:09:19:38 +0800] "GET /xingrg/javascript/easyui/plugins/jquery.parser.js HTTP/1.1" 304 -
114.88.166.242 - - [24/Oct/2020:09:19:38 +0800] "GET /xingrg/images/control/ajaxLoader.gif HTTP/1.1" 304 -
114.88.166.242 - - [24/Oct/2020:09:19:39 +0800] "POST /xingrg/kc/buy/cgsh_list_operate.html HTTP/1.1" 200 1691
124.77.70.31 - - [24/Oct/2020:09:19:41 +0800] "GET /xingrg/kc/buy/cgsh_order_operate.html?command=get_materiel&rest_code=00107&code=00101020005&supplier_code=00100006&order_time=2020-10-24 HTTP/1.1" 200 409
180.162.245.190 - - [24/Oct/2020:09:19:42 +0800] "GET /xingrg/kc/buy/cgsh_order_operate.html?command=get_materiel&rest_code=00105&code=00101006152&supplier_code=00100002&order_time=2020-10-24 HTTP/1.1" 200 411
114.88.166.242 - - [24/Oct/2020:09:19:46 +0800] "GET /xingrg/javascript/easyui/themes/default/images/button_plain_hover.png HTTP/1.1" 304 -
222.69.128.52 - - [24/Oct/2020:09:19:46 +0800] "GET /xingrg/kc/buy/cgsh_order_operate.html?command=get_materiel&rest_code=00149&code=00101010161&supplier_code=00100039&order_time=2020-10-24 HTTP/1.1" 200 409
114.88.166.242 - - [24/Oct/2020:09:19:46 +0800] "GET /xingrg/kc/buy/cgsh_order_add.html HTTP/1.1" 200 60126
114.88.166.242 - - [24/Oct/2020:09:19:46 +0800] "GET /xingrg/javascript/jquery_tools/order_manager.js HTTP/1.1" 304 -
114.88.166.242 - - [24/Oct/2020:09:19:46 +0800] "GET /xingrg/javascript/json2.js HTTP/1.1" 304 -
114.88.166.242 - - [24/Oct/2020:09:19:46 +0800] "GET /xingrg/javascript/convert.js HTTP/1.1" 304 -
114.88.166.242 - - [24/Oct/2020:09:19:46 +0800] "GET /xingrg/javascript/print/kc_print.js HTTP/1.1" 304 -
114.88.166.242 - - [24/Oct/2020:09:19:46 +0800] "GET /xingrg/words/20201023153835_words.js HTTP/1.1" 304 -
114.88.166.242 - - [24/Oct/2020:09:19:47 +0800] "GET /xingrg/javascript/easyui/themes/icons/copy_new.png HTTP/1.1" 304 -
114.88.166.242 - - [24/Oct/2020:09:19:47 +0800] "GET /xingrg/javascript/easyui/themes/icons/template_new.png HTTP/1.1" 304 -
114.88.166.242 - - [24/Oct/2020:09:19:47 +0800] "GET /xingrg/javascript/easyui/themes/icons/ok.png HTTP/1.1" 304 -
114.88.166.242 - - [24/Oct/2020:09:19:47 +0800] "GET /xingrg/javascript/easyui/themes/icons/print.png HTTP/1.1" 304 -
114.88.166.242 - - [24/Oct/2020:09:19:47 +0800] "GET /xingrg/javascript/easyui/themes/default/images/menu_downarrow.png HTTP/1.1" 304 -
114.88.166.242 - - [24/Oct/2020:09:19:47 +0800] "GET /xingrg/javascript/easyui/themes/icons/cancel.png HTTP/1.1" 304 -
114.88.166.242 - - [24/Oct/2020:09:19:47 +0800] "POST /xingrg/kc/buy/cgsh_order_operate.html HTTP/1.1" 200 8245
114.88.166.242 - - [24/Oct/2020:09:19:47 +0800] "GET /xingrg/all/common/auto_word.html?type=employee&rest_code=00111 HTTP/1.1" 200 205
114.88.166.242 - - [24/Oct/2020:09:19:47 +0800] "GET /xingrg/all/common/auto_word.html?type=employee&rest_code=00111 HTTP/1.1" 200 205
114.88.166.242 - - [24/Oct/2020:09:19:47 +0800] "GET /xingrg/javascript/easyui/themes/default/validatebox.css HTTP/1.1" 404 1104
114.88.166.242 - - [24/Oct/2020:09:19:47 +0800] "GET /xingrg/javascript/easyui/plugins/jquery.validatebox.js HTTP/1.1" 304 -
114.88.166.242 - - [24/Oct/2020:09:19:47 +0800] "GET /xingrg/javascript/easyui/plugins/jquery.numberbox.js HTTP/1.1" 304 -
114.84.37.38 - - [24/Oct/2020:09:19:49 +0800] "GET /xingrg/all/function/internal_message.html?_=1603502404127&CODE_STATE=getMsg HTTP/1.1" 200 27
180.174.56.115 - - [24/Oct/2020:09:19:49 +0800] "POST /xingrg/kc/buy/cgsh_order_operate.html HTTP/1.1" 200 12
180.174.56.115 - - [24/Oct/2020:09:19:51 +0800] "GET /xingrg/kc/buy/cgsh_order_info.html?code=212020102409788 HTTP/1.1" 200 54959
180.174.56.115 - - [24/Oct/2020:09:19:51 +0800] "GET /xingrg/javascript/easyui/themes/default/validatebox.css HTTP/1.1" 404 1104
180.174.56.115 - - [24/Oct/2020:09:19:51 +0800] "POST /xingrg/kc/buy/cgsh_order_operate.html HTTP/1.1" 200 5340
180.174.56.115 - - [24/Oct/2020:09:19:53 +0800] "GET /xingrg/kc/print/load_data.html?order_code=212020102409788&kc_code=cgsh&condition= HTTP/1.1" 200 2501
222.69.128.52 - - [24/Oct/2020:09:19:57 +0800] "GET /xingrg/kc/buy/cgsh_order_operate.html?command=get_materiel&rest_code=00149&code=00101005037&supplier_code=00100039&order_time=2020-10-24 HTTP/1.1" 200 409
222.69.128.52 - - [24/Oct/2020:09:19:58 +0800] "GET /favicon.ico HTTP/1.1" 404 -
180.174.56.115 - - [24/Oct/2020:09:19:59 +0800] "GET /xingrg/all/function/internal_message.html?_=1603502368862&CODE_STATE=getMsg HTTP/1.1" 200 27
114.88.166.242 - - [24/Oct/2020:09:20:00 +0800] "GET /xingrg/kc/buy/cgsh_order_operate.html?command=get_materiel&rest_code=00111&code=00101007059&supplier_code=00100004&order_time=2020-10-24 HTTP/1.1" 200 429
120.253.135.82 - - [24/Oct/2020:09:20:02 +0800] "GET /xingrg/all/function/internal_message.html?_=1603502144271&CODE_STATE=getMsg HTTP/1.1" 200 27
124.77.70.31 - - [24/Oct/2020:09:20:02 +0800] "GET /xingrg/all/function/internal_message.html?_=1603502394038&CODE_STATE=getMsg HTTP/1.1" 200 27
114.84.37.38 - - [24/Oct/2020:09:20:05 +0800] "GET /xingrg/check_reg.html?_=1603502420141 HTTP/1.1" 200 22
180.174.56.115 - - [24/Oct/2020:09:20:09 +0800] "POST /xingrg/all/user/operate.html HTTP/1.1" 200 36
180.174.56.115 - - [24/Oct/2020:09:20:10 +0800] "GET /xingrg/javascript/jquery_easy_ui/themes/default/easyui.css HTTP/1.1" 304 -
180.174.56.115 - - [24/Oct/2020:09:20:10 +0800] "GET /xingrg/index.html?sysBaseUrl=http%3A%2F%2F180.169.147.146%3A18081%2Fxingrg%2F&costTime=43×tamp=1603498502767 HTTP/1.1" 200 17177
180.174.56.115 - - [24/Oct/2020:09:20:10 +0800] "GET /xingrg/javascript/jquery_easy_ui/themes/icon.css HTTP/1.1" 304 -
180.174.56.115 - - [24/Oct/2020:09:20:10 +0800] "GET /xingrg/css/form.css HTTP/1.1" 304 -
180.174.56.115 - - [24/Oct/2020:09:20:10 +0800] "GET /xingrg/javascript/jquery-1.4.2.min.js HTTP/1.1" 304 -
180.174.56.115 - - [24/Oct/2020:09:20:10 +0800] "GET /xingrg/javascript/jquery_easy_ui/jquery.easyui.min.js HTTP/1.1" 304 -
180.174.56.115 - - [24/Oct/2020:09:20:10 +0800] "GET /xingrg/javascript/jquery_easy_ui/easyui-lang-zh_CN.js HTTP/1.1" 304 -
180.174.56.115 - - [24/Oct/2020:09:20:10 +0800] "GET /xingrg/javascript/jquery.form.js HTTP/1.1" 304 -
180.174.56.115 - - [24/Oct/2020:09:20:10 +0800] "GET /xingrg/javascript/jquery.utils.js HTTP/1.1" 304 -
180.174.56.115 - - [24/Oct/2020:09:20:10 +0800] "GET /xingrg/javascript/jquery.timers.js HTTP/1.1" 304 -
180.174.56.115 - - [24/Oct/2020:09:20:10 +0800] "GET /xingrg/images/blue/navBackgound.jpg HTTP/1.1" 304 -
180.174.56.115 - - [24/Oct/2020:09:20:10 +0800] "GET /xingrg/images/blue/jxLogo.png HTTP/1.1" 304 -
180.174.56.115 - - [24/Oct/2020:09:20:10 +0800] "GET /xingrg/javascript/jquery_easy_ui/themes/icons/settle_new.png HTTP/1.1" 304 -
180.174.56.115 - - [24/Oct/2020:09:20:10 +0800] "POST /xingrg/all/common/load_tree.html?tree=area_rest_tree_json&manage=1 HTTP/1.1" 200 476
180.174.56.115 - - [24/Oct/2020:09:20:10 +0800] "GET /xingrg/images/blue/pingpu.png HTTP/1.1" 304 -
180.174.56.115 - - [24/Oct/2020:09:20:10 +0800] "GET /xingrg/javascript/jquery_easy_ui/themes/default/images/tabs_leftarrow.png HTTP/1.1" 304 -
180.174.56.115 - - [24/Oct/2020:09:20:10 +0800] "GET /xingrg/javascript/jquery_easy_ui/themes/default/images/tabs_rightarrow.png HTTP/1.1" 304 -
180.174.56.115 - - [24/Oct/2020:09:20:10 +0800] "GET /xingrg/javascript/jquery_easy_ui/themes/default/images/panel_tool_collapse.gif HTTP/1.1" 304 -
180.174.56.115 - - [24/Oct/2020:09:20:10 +0800] "GET /xingrg/all/function/internal_message.html?_=1603502379616&CODE_STATE=count HTTP/1.1" 200 11
180.174.56.115 - - [24/Oct/2020:09:20:10 +0800] "GET /xingrg/check_reg.html?_=1603502379617 HTTP/1.1" 200 22
180.174.56.115 - - [24/Oct/2020:09:20:10 +0800] "POST /xingrg/load_menu.html HTTP/1.1" 200 5138
180.162.245.190 - - [24/Oct/2020:09:20:13 +0800] "GET /xingrg/kc/buy/cgsh_order_operate.html?command=get_materiel&rest_code=00105&code=00101007061&supplier_code=00100002&order_time=2020-10-24 HTTP/1.1" 200 409
114.88.166.242 - - [24/Oct/2020:09:20:15 +0800] "GET /xingrg/kc/buy/cgsh_order_operate.html?command=get_materiel&rest_code=00111&code=00101007061&supplier_code=00100004&order_time=2020-10-24 HTTP/1.1" 200 409
120.253.135.82 - - [24/Oct/2020:09:20:22 +0800] "GET /xingrg/javascript/jquery_easy_ui/themes/icons/manage.png HTTP/1.1" 304 -
120.253.135.82 - - [24/Oct/2020:09:20:22 +0800] "GET /xingrg/javascript/jquery_easy_ui/themes/icons/area.png HTTP/1.1" 304 -
58.221.95.50 - - [24/Oct/2020:09:20:23 +0800] "GET /xingrg/all/function/internal_message.html?_=1603502599212&CODE_STATE=getMsg HTTP/1.1" 200 27
120.253.135.82 - - [24/Oct/2020:09:20:23 +0800] "GET /xingrg/javascript/easyui/themes/sunny/images/ui-bg_gloss-wave_60_fece2f_500x100.png HTTP/1.1" 200 3512
180.162.245.190 - - [24/Oct/2020:09:20:24 +0800] "GET /xingrg/kc/buy/cgsh_order_operate.html?command=get_materiel&rest_code=00105&code=00101007049&supplier_code=00100002&order_time=2020-10-24 HTTP/1.1" 200 409
180.162.245.190 - - [24/Oct/2020:09:20:25 +0800] "GET /xingrg/check_reg.html?_=1603502424646 HTTP/1.1" 200 22
180.162.245.190 - - [24/Oct/2020:09:20:25 +0800] "GET /xingrg/all/function/internal_message.html?_=1603502424648&CODE_STATE=getMsg HTTP/1.1" 200 27
114.88.166.242 - - [24/Oct/2020:09:20:27 +0800] "GET /xingrg/kc/buy/cgsh_order_operate.html?command=get_materiel&rest_code=00111&code=00101007081&supplier_code=00100004&order_time=2020-10-24 HTTP/1.1" 200 413
222.69.128.52 - - [24/Oct/2020:09:20:29 +0800] "GET /xingrg/all/function/internal_message.html?_=1603502423239&CODE_STATE=getMsg HTTP/1.1" 200 27
114.84.37.38 - - [24/Oct/2020:09:20:30 +0800] "GET /xingrg/all/function/internal_message.html?_=1603502441011&CODE_STATE=getMsg HTTP/1.1" 200 27
114.84.145.85 - - [24/Oct/2020:09:20:32 +0800] "GET /xingrg/all/function/internal_message.html?_=1603502033316&CODE_STATE=getMsg HTTP/1.1" 200 27
180.162.245.190 - - [24/Oct/2020:09:20:32 +0800] "GET /xingrg/kc/buy/cgsh_order_operate.html?command=get_materiel&rest_code=00105&code=00101007024&supplier_code=00100002&order_time=2020-10-24 HTTP/1.1" 200 415
172.17.0.185 - - [24/Oct/2020:09:20:37 +0800] "GET /xingrg/all/function/internal_message.html?_=1603502433143&CODE_STATE=getMsg HTTP/1.1" 200 27
172.17.0.101 - - [24/Oct/2020:09:20:38 +0800] "GET /xingrg/all/function/internal_message.html?_=1603502431771&CODE_STATE=getMsg HTTP/1.1" 200 27
180.174.56.115 - - [24/Oct/2020:09:20:38 +0800] "GET /xingrg/kc/buy/cgsh_order_list.html HTTP/1.1" 200 44392
180.162.245.190 - - [24/Oct/2020:09:20:39 +0800] "POST /xingrg/kc/buy/cgsh_order_operate.html HTTP/1.1" 200 37
124.77.70.31 - - [24/Oct/2020:09:20:40 +0800] "GET /xingrg/kc/buy/cgsh_order_operate.html?command=get_materiel&rest_code=00107&code=00101008493&supplier_code=00100006&order_time=2020-10-24 HTTP/1.1" 200 397
180.174.56.115 - - [24/Oct/2020:09:20:40 +0800] "POST /xingrg/kc/buy/cgsh_list_operate.html HTTP/1.1" 200 1708
180.162.245.190 - - [24/Oct/2020:09:20:40 +0800] "POST /xingrg/kc/buy/cgsh_order_operate.html HTTP/1.1" 200 5613
222.69.128.52 - - [24/Oct/2020:09:20:42 +0800] "POST /xingrg/kc/buy/cgsh_order_operate.html HTTP/1.1" 200 37
222.69.128.52 - - [24/Oct/2020:09:20:45 +0800] "POST /xingrg/kc/buy/cgsh_order_operate.html HTTP/1.1" 200 12
222.69.128.52 - - [24/Oct/2020:09:20:47 +0800] "GET /xingrg/kc/buy/cgsh_order_info.html?code=212020102409790 HTTP/1.1" 200 55082
222.69.128.52 - - [24/Oct/2020:09:20:47 +0800] "GET /xingrg/javascript/easyui/themes/default/validatebox.css HTTP/1.1" 404 1104
114.88.166.242 - - [24/Oct/2020:09:20:48 +0800] "POST /xingrg/kc/buy/cgsh_order_operate.html HTTP/1.1" 200 37
222.69.128.52 - - [24/Oct/2020:09:20:48 +0800] "POST /xingrg/kc/buy/cgsh_order_operate.html HTTP/1.1" 200 4753
180.162.245.190 - - [24/Oct/2020:09:20:48 +0800] "GET /xingrg/kc/print/load_data.html?order_code=212020102409789&kc_code=cgsh&condition= HTTP/1.1" 200 1870
114.84.37.38 - - [24/Oct/2020:09:20:49 +0800] "GET /xingrg/all/function/internal_message.html?_=1603502464132&CODE_STATE=getMsg HTTP/1.1" 200 27
222.69.128.52 - - [24/Oct/2020:09:20:49 +0800] "GET /xingrg/kc/print/load_data.html?order_code=212020102409790&kc_code=cgsh&condition= HTTP/1.1" 200 2303
114.88.166.242 - - [24/Oct/2020:09:20:49 +0800] "POST /xingrg/kc/buy/cgsh_order_operate.html HTTP/1.1" 200 3839
114.88.166.242 - - [24/Oct/2020:09:20:51 +0800] "GET /xingrg/kc/print/load_config.html?kc_code=cgsh HTTP/1.1" 200 1845
180.174.56.115 - - [24/Oct/2020:09:20:51 +0800] "GET /xingrg/kc/buy/cgsh_order_add.html HTTP/1.1" 200 59780
114.88.166.242 - - [24/Oct/2020:09:20:51 +0800] "GET /xingrg/kc/print/load_data.html?order_code=212020102409791&kc_code=cgsh&condition= HTTP/1.1" 200 1169
180.174.56.115 - - [24/Oct/2020:09:20:51 +0800] "POST /xingrg/kc/buy/cgsh_order_operate.html HTTP/1.1" 200 8245
180.174.56.115 - - [24/Oct/2020:09:20:52 +0800] "GET /xingrg/javascript/easyui/themes/default/validatebox.css HTTP/1.1" 404 1104
180.174.56.115 - - [24/Oct/2020:09:20:53 +0800] "GET /xingrg/javascript/auto/indicator.gif HTTP/1.1" 404 1066
124.77.70.31 - - [24/Oct/2020:09:20:59 +0800] "GET /xingrg/kc/buy/cgsh_order_operate.html?command=get_materiel&rest_code=00107&code=00101008332&supplier_code=00100006&order_time=2020-10-24 HTTP/1.1" 200 412
180.174.56.115 - - [24/Oct/2020:09:20:59 +0800] "GET /xingrg/kc/buy/cgsh_order_operate.html?command=get_materiel&rest_code=00151&code=00101011001&supplier_code=00100047&order_time=2020-10-24 HTTP/1.1" 200 423
120.253.135.82 - - [24/Oct/2020:09:21:02 +0800] "GET /xingrg/all/function/internal_message.html?_=1603502204292&CODE_STATE=getMsg HTTP/1.1" 200 27
124.77.70.31 - - [24/Oct/2020:09:21:02 +0800] "GET /xingrg/all/function/internal_message.html?_=1603502454009&CODE_STATE=getMsg HTTP/1.1" 200 27
180.174.56.115 - - [24/Oct/2020:09:21:08 +0800] "GET /xingrg/kc/buy/cgsh_order_operate.html?command=get_materiel&rest_code=00151&code=00101011010&supplier_code=00100047&order_time=2020-10-24 HTTP/1.1" 200 418
180.174.56.115 - - [24/Oct/2020:09:21:10 +0800] "GET /xingrg/all/function/internal_message.html?_=1603502439624&CODE_STATE=getMsg HTTP/1.1" 200 27
124.77.70.31 - - [24/Oct/2020:09:21:15 +0800] "POST /xingrg/kc/buy/cgsh_order_operate.html HTTP/1.1" 200 2065
180.174.56.115 - - [24/Oct/2020:09:21:15 +0800] "POST /xingrg/kc/buy/cgsh_order_operate.html HTTP/1.1" 200 37
180.174.56.115 - - [24/Oct/2020:09:21:17 +0800] "POST /xingrg/kc/buy/cgsh_order_operate.html HTTP/1.1" 200 12
180.174.56.115 - - [24/Oct/2020:09:21:18 +0800] "GET /xingrg/kc/buy/cgsh_order_info.html?code=212020102409792 HTTP/1.1" 200 54687
180.174.56.115 - - [24/Oct/2020:09:21:18 +0800] "GET /xingrg/javascript/easyui/themes/default/validatebox.css HTTP/1.1" 404 1104
180.174.56.115 - - [24/Oct/2020:09:21:19 +0800] "POST /xingrg/kc/buy/cgsh_order_operate.html HTTP/1.1" 200 1231
180.174.56.115 - - [24/Oct/2020:09:21:20 +0800] "GET /xingrg/kc/print/load_data.html?order_code=212020102409792&kc_code=cgsh&condition= HTTP/1.1" 200 1031
58.221.95.50 - - [24/Oct/2020:09:21:23 +0800] "GET /xingrg/all/function/internal_message.html?_=1603502659212&CODE_STATE=getMsg HTTP/1.1" 200 27
58.221.95.50 - - [24/Oct/2020:09:21:24 +0800] "GET /xingrg/check_reg.html?_=1603502659647 HTTP/1.1" 200 22
180.162.245.190 - - [24/Oct/2020:09:21:25 +0800] "GET /xingrg/all/function/internal_message.html?_=1603502484654&CODE_STATE=getMsg HTTP/1.1" 200 27
180.174.56.115 - - [24/Oct/2020:09:21:27 +0800] "GET /xingrg/kc/buy/cgsh_order_add.html HTTP/1.1" 200 59780
180.174.56.115 - - [24/Oct/2020:09:21:27 +0800] "POST /xingrg/kc/buy/cgsh_order_operate.html HTTP/1.1" 200 8245
180.174.56.115 - - [24/Oct/2020:09:21:27 +0800] "GET /xingrg/javascript/easyui/themes/default/validatebox.css HTTP/1.1" 404 1104
222.69.128.52 - - [24/Oct/2020:09:21:29 +0800] "GET /xingrg/all/function/internal_message.html?_=1603502483214&CODE_STATE=getMsg HTTP/1.1" 200 27
114.84.37.38 - - [24/Oct/2020:09:21:30 +0800] "GET /xingrg/all/function/internal_message.html?_=1603502501014&CODE_STATE=getMsg HTTP/1.1" 200 27
114.84.145.85 - - [24/Oct/2020:09:21:32 +0800] "GET /xingrg/all/function/internal_message.html?_=1603502093309&CODE_STATE=getMsg HTTP/1.1" 200 27
180.174.56.115 - - [24/Oct/2020:09:21:35 +0800] "GET /xingrg/kc/buy/cgsh_order_operate.html?command=get_materiel&rest_code=00151&code=00101007081&supplier_code=00100002&order_time=2020-10-24 HTTP/1.1" 200 413
172.17.0.185 - - [24/Oct/2020:09:21:37 +0800] "GET /xingrg/all/function/internal_message.html?_=1603502493148&CODE_STATE=getMsg HTTP/1.1" 200 27
172.17.0.101 - - [24/Oct/2020:09:21:38 +0800] "GET /xingrg/all/function/internal_message.html?_=1603502491750&CODE_STATE=getMsg HTTP/1.1" 200 27
180.174.56.115 - - [24/Oct/2020:09:21:47 +0800] "GET /xingrg/kc/buy/cgsh_order_operate.html?command=get_materiel&rest_code=00151&code=00101007125&supplier_code=00100002&order_time=2020-10-24 HTTP/1.1" 200 426
114.84.37.38 - - [24/Oct/2020:09:21:49 +0800] "GET /xingrg/all/function/internal_message.html?_=1603502524145&CODE_STATE=getMsg HTTP/1.1" 200 27
124.77.70.31 - - [24/Oct/2020:09:21:53 +0800] "GET /xingrg/kc/buy/cgsh_order_operate.html?command=get_materiel&rest_code=00107&code=00101008223&supplier_code=00100006&order_time=2020-10-24 HTTP/1.1" 200 431
180.174.56.115 - - [24/Oct/2020:09:21:59 +0800] "POST /xingrg/kc/buy/cgsh_order_operate.html HTTP/1.1" 200 37
180.174.56.115 - - [24/Oct/2020:09:22:02 +0800] "POST /xingrg/kc/buy/cgsh_order_operate.html HTTP/1.1" 200 12
120.253.135.82 - - [24/Oct/2020:09:22:02 +0800] "GET /xingrg/all/function/internal_message.html?_=1603502264299&CODE_STATE=getMsg HTTP/1.1" 200 27
124.77.70.31 - - [24/Oct/2020:09:22:02 +0800] "GET /xingrg/all/function/internal_message.html?_=1603502513971&CODE_STATE=getMsg HTTP/1.1" 200 27
180.174.56.115 - - [24/Oct/2020:09:22:02 +0800] "GET /xingrg/kc/buy/cgsh_order_info.html?code=212020102409793 HTTP/1.1" 200 54687
180.174.56.115 - - [24/Oct/2020:09:22:03 +0800] "GET /xingrg/javascript/easyui/themes/default/validatebox.css HTTP/1.1" 404 1104
180.174.56.115 - - [24/Oct/2020:09:22:03 +0800] "POST /xingrg/kc/buy/cgsh_order_operate.html HTTP/1.1" 200 1210
180.174.56.115 - - [24/Oct/2020:09:22:05 +0800] "GET /xingrg/kc/print/load_data.html?order_code=212020102409793&kc_code=cgsh&condition= HTTP/1.1" 200 1041
124.77.70.31 - - [24/Oct/2020:09:22:05 +0800] "GET /xingrg/kc/buy/cgsh_order_operate.html?command=get_materiel&rest_code=00107&code=00101008114&supplier_code=00100006&order_time=2020-10-24 HTTP/1.1" 200 412
180.174.56.115 - - [24/Oct/2020:09:22:10 +0800] "GET /xingrg/all/function/internal_message.html?_=1603502499638&CODE_STATE=getMsg HTTP/1.1" 200 27
180.174.56.115 - - [24/Oct/2020:09:22:16 +0800] "GET /xingrg/kc/buy/cgsh_order_add.html HTTP/1.1" 200 59780
180.174.56.115 - - [24/Oct/2020:09:22:16 +0800] "POST /xingrg/kc/buy/cgsh_order_operate.html HTTP/1.1" 200 8245
180.174.56.115 - - [24/Oct/2020:09:22:17 +0800] "GET /xingrg/javascript/easyui/themes/default/validatebox.css HTTP/1.1" 404 1104
124.77.70.31 - - [24/Oct/2020:09:22:17 +0800] "GET /xingrg/kc/buy/cgsh_order_operate.html?command=get_materiel&rest_code=00107&code=00101009013&supplier_code=00100006&order_time=2020-10-24 HTTP/1.1" 200 422
124.77.70.31 - - [24/Oct/2020:09:22:21 +0800] "POST /xingrg/kc/buy/cgsh_order_operate.html HTTP/1.1" 200 2065
58.221.95.50 - - [24/Oct/2020:09:22:23 +0800] "GET /xingrg/all/function/internal_message.html?_=1603502719209&CODE_STATE=getMsg HTTP/1.1" 200 27
180.174.56.115 - - [24/Oct/2020:09:22:25 +0800] "GET /xingrg/kc/buy/cgsh_order_operate.html?command=get_materiel&rest_code=00151&code=00101012059&supplier_code=00100036&order_time=2020-10-24 HTTP/1.1" 200 412
180.162.245.190 - - [24/Oct/2020:09:22:25 +0800] "GET /xingrg/all/function/internal_message.html?_=1603502544644&CODE_STATE=getMsg HTTP/1.1" 200 27
124.77.70.31 - - [24/Oct/2020:09:22:28 +0800] "GET /xingrg/kc/buy/cgsh_order_operate.html?command=get_materiel&rest_code=00107&code=00101009011&supplier_code=00100006&order_time=2020-10-24 HTTP/1.1" 200 416
