120.253.135.82 - - [24/Oct/2020:10:52:42 +0800] "GET /xingrg/all/function/internal_message.html?_=1603507704973&CODE_STATE=getMsg HTTP/1.1" 200 27
180.161.96.95 - - [24/Oct/2020:10:52:43 +0800] "POST /xingrg/kc/buy/cgsh_order_operate.html HTTP/1.1" 200 37
120.253.135.82 - - [24/Oct/2020:10:52:44 +0800] "GET /xingrg/javascript/auto/indicator.gif HTTP/1.1" 404 1066
114.84.145.85 - - [24/Oct/2020:10:52:46 +0800] "GET /xingrg/kc/buy/cgsh_order_operate.html?command=get_materiel&rest_code=00141&code=00101008112&supplier_code=00100007&order_time=2020-10-24 HTTP/1.1" 200 412
117.184.7.30 - - [24/Oct/2020:10:52:47 +0800] "GET /xingrg/kc/buy/cgsh_order_operate.html?command=get_materiel&rest_code=00108&code=00101008372&supplier_code=00100008&order_time=2020-10-24 HTTP/1.1" 200 408
61.129.6.174 - - [24/Oct/2020:10:52:48 +0800] "GET /xingrg/login.html HTTP/1.1" 200 7641
114.84.145.85 - - [24/Oct/2020:10:52:49 +0800] "POST /xingrg/kc/buy/cgsh_order_operate.html HTTP/1.1" 200 2065
180.161.96.95 - - [24/Oct/2020:10:52:49 +0800] "POST /xingrg/kc/buy/cgsh_order_operate.html HTTP/1.1" 200 12
180.161.96.95 - - [24/Oct/2020:10:52:50 +0800] "GET /xingrg/kc/buy/cgsh_order_info.html?code=212020102409875 HTTP/1.1" 200 54996
180.161.96.95 - - [24/Oct/2020:10:52:52 +0800] "GET /xingrg/javascript/easyui/themes/default/validatebox.css HTTP/1.1" 404 1104
180.161.96.95 - - [24/Oct/2020:10:52:52 +0800] "POST /xingrg/kc/buy/cgsh_order_operate.html HTTP/1.1" 200 2958
114.84.145.85 - - [24/Oct/2020:10:52:53 +0800] "GET /xingrg/kc/buy/cgsh_order_operate.html?command=get_materiel&rest_code=00141&code=00101008110&supplier_code=00100007&order_time=2020-10-24 HTTP/1.1" 200 427
61.129.6.227 - - [24/Oct/2020:10:52:55 +0800] "GET /xingrg/kc/buy/cgsh_order_operate.html?command=get_materiel&rest_code=00141&code=00101007068&supplier_code=00100012&order_time=2020-10-24 HTTP/1.1" 302 -
180.161.96.95 - - [24/Oct/2020:10:52:56 +0800] "GET /xingrg/kc/print/load_data.html?order_code=212020102409875&kc_code=cgsh&condition= HTTP/1.1" 200 1599
61.151.178.165 - - [24/Oct/2020:10:52:56 +0800] "GET /xingrg/kc/buy/cgsh_order_operate.html?command=get_materiel&rest_code=00141&code=00101006184&supplier_code=00100012&order_time=2020-10-24 HTTP/1.1" 302 -
116.232.54.8 - - [24/Oct/2020:10:52:59 +0800] "GET /xingrg/all/function/internal_message.html?_=1603507984716&CODE_STATE=getMsg HTTP/1.1" 200 27
120.253.135.82 - - [24/Oct/2020:10:52:59 +0800] "GET /xingrg/kc/buy/cgsh_order_operate.html?command=get_materiel&rest_code=00101&code=00101019400&supplier_code=00100122&order_time=2020-10-24 HTTP/1.1" 200 450
120.253.135.82 - - [24/Oct/2020:10:53:00 +0800] "POST /xingrg/all/common/load_select.html HTTP/1.1" 200 25
117.185.32.26 - - [24/Oct/2020:10:53:01 +0800] "GET /xingrg/all/function/internal_message.html?_=1603508416158&CODE_STATE=getMsg HTTP/1.1" 200 27
61.129.6.227 - - [24/Oct/2020:10:53:01 +0800] "GET /xingrg/login.html HTTP/1.1" 200 7641
117.184.7.30 - - [24/Oct/2020:10:53:01 +0800] "GET /xingrg/kc/buy/cgsh_order_operate.html?command=get_materiel&rest_code=00108&code=00101008212&supplier_code=00100008&order_time=2020-10-24 HTTP/1.1" 200 412
120.253.135.82 - - [24/Oct/2020:10:53:03 +0800] "GET /xingrg/kc/buy/cgsh_order_operate.html?command=get_materiel_price&rest_code=00101&code=00101019400&unit_code=00100111&supplier_code=00100122&order_time=2020-10-24 HTTP/1.1" 200 29
114.84.37.38 - - [24/Oct/2020:10:53:04 +0800] "GET /xingrg/all/function/internal_message.html?_=1603507999279&CODE_STATE=getMsg HTTP/1.1" 200 27
114.84.145.85 - - [24/Oct/2020:10:53:04 +0800] "GET /xingrg/kc/buy/cgsh_order_operate.html?command=get_materiel&rest_code=00141&code=00101008223&supplier_code=00100007&order_time=2020-10-24 HTTP/1.1" 200 431
117.184.7.30 - - [24/Oct/2020:10:53:04 +0800] "POST /xingrg/kc/buy/cgsh_order_operate.html HTTP/1.1" 200 2065
61.151.178.165 - - [24/Oct/2020:10:53:05 +0800] "GET /xingrg/login.html HTTP/1.1" 200 7641
124.77.70.31 - - [24/Oct/2020:10:53:06 +0800] "GET /xingrg/all/function/internal_message.html?_=1603507977390&CODE_STATE=getMsg HTTP/1.1" 200 27
172.17.0.101 - - [24/Oct/2020:10:53:07 +0800] "GET /xingrg/check_reg.html?_=1603507980977 HTTP/1.1" 200 22
180.161.96.95 - - [24/Oct/2020:10:53:08 +0800] "GET /xingrg/check_reg.html?_=1603507988228 HTTP/1.1" 200 22
114.84.145.85 - - [24/Oct/2020:10:53:10 +0800] "GET /xingrg/kc/buy/cgsh_order_operate.html?command=get_materiel&rest_code=00141&code=00101008356&supplier_code=00100007&order_time=2020-10-24 HTTP/1.1" 200 408
180.161.96.95 - - [24/Oct/2020:10:53:13 +0800] "GET /xingrg/all/function/internal_message.html?_=1603507993408&CODE_STATE=getMsg HTTP/1.1" 200 27
120.253.135.82 - - [24/Oct/2020:10:53:18 +0800] "POST /xingrg/kc/buy/cgsh_order_operate.html HTTP/1.1" 200 37
114.84.145.85 - - [24/Oct/2020:10:53:18 +0800] "GET /xingrg/kc/buy/cgsh_order_operate.html?command=get_materiel&rest_code=00141&code=00101008095&supplier_code=00100007&order_time=2020-10-24 HTTP/1.1" 200 412
180.174.56.115 - - [24/Oct/2020:10:53:19 +0800] "GET /xingrg/check_reg.html?_=1603507994660 HTTP/1.1" 200 22
120.253.135.82 - - [24/Oct/2020:10:53:19 +0800] "POST /xingrg/kc/buy/cgsh_order_operate.html HTTP/1.1" 200 2693
61.151.178.165 - - [24/Oct/2020:10:53:19 +0800] "GET /xingrg/kc/buy/cgsh_order_operate.html?command=get_materiel&rest_code=00141&code=00101006109&supplier_code=00100012&order_time=2020-10-24 HTTP/1.1" 302 -
120.253.135.82 - - [24/Oct/2020:10:53:20 +0800] "GET /xingrg/all/function/internal_message.html?_=1603508109812&CODE_STATE=getMsg HTTP/1.1" 200 27
114.84.145.85 - - [24/Oct/2020:10:53:20 +0800] "POST /xingrg/kc/buy/cgsh_order_operate.html HTTP/1.1" 200 2065
183.192.164.71 - - [24/Oct/2020:10:53:22 +0800] "GET /xingrg/all/function/internal_message.html?_=1603507287891&CODE_STATE=getMsg HTTP/1.1" 302 -
114.84.145.85 - - [24/Oct/2020:10:53:23 +0800] "GET /xingrg/kc/buy/cgsh_order_operate.html?command=get_materiel&rest_code=00141&code=00101013144&supplier_code=00100007&order_time=2020-10-24 HTTP/1.1" 200 413
58.221.95.50 - - [24/Oct/2020:10:53:23 +0800] "GET /xingrg/all/function/internal_message.html?_=1603508179278&CODE_STATE=getMsg HTTP/1.1" 200 27
61.151.178.165 - - [24/Oct/2020:10:53:24 +0800] "GET /xingrg/login.html HTTP/1.1" 200 7641
180.162.245.190 - - [24/Oct/2020:10:53:24 +0800] "GET /xingrg/all/function/internal_message.html?_=1603508003822&CODE_STATE=getMsg HTTP/1.1" 200 27
222.69.128.52 - - [24/Oct/2020:10:53:29 +0800] "GET /xingrg/all/function/internal_message.html?_=1603508002613&CODE_STATE=getMsg HTTP/1.1" 200 27
114.84.145.85 - - [24/Oct/2020:10:53:29 +0800] "GET /xingrg/all/function/internal_message.html?_=1603508007486&CODE_STATE=getMsg HTTP/1.1" 200 27
101.91.62.99 - - [24/Oct/2020:10:53:29 +0800] "GET /xingrg/all/function/internal_message.html?_=1603507286783&CODE_STATE=getMsg HTTP/1.1" 302 -
114.84.145.85 - - [24/Oct/2020:10:53:30 +0800] "GET /xingrg/all/function/internal_message.html?_=1603507611247&CODE_STATE=getMsg HTTP/1.1" 200 27
117.185.32.26 - - [24/Oct/2020:10:53:31 +0800] "GET /xingrg/all/function/internal_message.html?_=1603508007602&CODE_STATE=getMsg HTTP/1.1" 200 27
117.184.7.30 - - [24/Oct/2020:10:53:31 +0800] "GET /xingrg/kc/buy/cgsh_order_operate.html?command=get_materiel&rest_code=00108&code=00101008296&supplier_code=00100008&order_time=2020-10-24 HTTP/1.1" 200 435
117.185.32.26 - - [24/Oct/2020:10:53:31 +0800] "GET /xingrg/check_reg.html?_=1603508008080 HTTP/1.1" 200 22
183.192.164.71 - - [24/Oct/2020:10:53:32 +0800] "GET /xingrg/login.html HTTP/1.1" 200 7641
117.131.5.26 - - [24/Oct/2020:10:53:33 +0800] "GET /xingrg/all/function/internal_message.html?_=1603508035509&CODE_STATE=getMsg HTTP/1.1" 200 27
101.91.62.99 - - [24/Oct/2020:10:53:33 +0800] "GET /xingrg/login.html HTTP/1.1" 200 7641
114.84.37.38 - - [24/Oct/2020:10:53:34 +0800] "GET /xingrg/all/function/internal_message.html?_=1603508026071&CODE_STATE=getMsg HTTP/1.1" 200 27
172.17.0.101 - - [24/Oct/2020:10:53:36 +0800] "GET /xingrg/all/function/internal_message.html?_=1603508009930&CODE_STATE=getMsg HTTP/1.1" 200 27
180.174.56.115 - - [24/Oct/2020:10:53:36 +0800] "GET /xingrg/all/function/internal_message.html?_=1603507985874&CODE_STATE=getMsg HTTP/1.1" 200 27
114.84.145.85 - - [24/Oct/2020:10:53:36 +0800] "GET /xingrg/kc/buy/cgsh_order_operate.html?command=get_materiel&rest_code=00141&code=00101009062&supplier_code=00100007&order_time=2020-10-24 HTTP/1.1" 200 436
172.17.0.185 - - [24/Oct/2020:10:53:38 +0800] "GET /xingrg/all/function/internal_message.html?_=1603508013143&CODE_STATE=getMsg HTTP/1.1" 200 27
180.161.96.95 - - [24/Oct/2020:10:53:40 +0800] "GET /xingrg/kc/buy/cgsh_order_add.html HTTP/1.1" 200 60091
120.253.135.82 - - [24/Oct/2020:10:53:42 +0800] "GET /xingrg/all/function/internal_message.html?_=1603507764993&CODE_STATE=getMsg HTTP/1.1" 200 27
180.161.96.95 - - [24/Oct/2020:10:53:43 +0800] "POST /xingrg/kc/buy/cgsh_order_operate.html HTTP/1.1" 200 8245
180.161.96.95 - - [24/Oct/2020:10:53:43 +0800] "GET /xingrg/javascript/easyui/themes/default/validatebox.css HTTP/1.1" 404 1104
114.88.166.242 - - [24/Oct/2020:10:53:43 +0800] "GET /xingrg/check_reg.html?_=1603508014494 HTTP/1.1" 200 22
61.129.6.203 - - [24/Oct/2020:10:53:46 +0800] "GET /xingrg/kc/buy/cgsh_order_info.html?code=212020102409868 HTTP/1.1" 302 -
114.84.145.85 - - [24/Oct/2020:10:53:49 +0800] "GET /xingrg/kc/buy/cgsh_order_operate.html?command=get_materiel&rest_code=00141&code=00101009013&supplier_code=00100007&order_time=2020-10-24 HTTP/1.1" 200 420
61.129.6.203 - - [24/Oct/2020:10:53:54 +0800] "GET /xingrg/login.html HTTP/1.1" 200 7641
114.84.145.85 - - [24/Oct/2020:10:53:57 +0800] "GET /xingrg/check_reg.html?_=1603507638689 HTTP/1.1" 200 22
114.84.145.85 - - [24/Oct/2020:10:53:58 +0800] "GET /xingrg/kc/buy/cgsh_order_operate.html?command=get_materiel&rest_code=00141&code=00101009016&supplier_code=00100007&order_time=2020-10-24 HTTP/1.1" 200 433
116.232.54.8 - - [24/Oct/2020:10:53:59 +0800] "GET /xingrg/all/function/internal_message.html?_=1603508044715&CODE_STATE=getMsg HTTP/1.1" 200 27
117.185.32.26 - - [24/Oct/2020:10:54:01 +0800] "GET /xingrg/all/function/internal_message.html?_=1603508476168&CODE_STATE=getMsg HTTP/1.1" 200 27
120.253.135.82 - - [24/Oct/2020:10:54:02 +0800] "POST /xingrg/kc/buy/cgsh_order_operate.html HTTP/1.1" 200 37
124.77.70.31 - - [24/Oct/2020:10:54:02 +0800] "GET /xingrg/check_reg.html?_=1603508033902 HTTP/1.1" 200 22
120.253.135.82 - - [24/Oct/2020:10:54:03 +0800] "POST /xingrg/kc/buy/cgsh_order_operate.html HTTP/1.1" 200 2693
114.84.145.85 - - [24/Oct/2020:10:54:03 +0800] "GET /xingrg/kc/buy/cgsh_order_operate.html?command=get_materiel&rest_code=00141&code=00101008499&supplier_code=00100007&order_time=2020-10-24 HTTP/1.1" 200 403
114.84.37.38 - - [24/Oct/2020:10:54:04 +0800] "GET /xingrg/all/function/internal_message.html?_=1603508059279&CODE_STATE=getMsg HTTP/1.1" 200 27
124.77.70.31 - - [24/Oct/2020:10:54:05 +0800] "GET /xingrg/all/function/internal_message.html?_=1603508037366&CODE_STATE=getMsg HTTP/1.1" 200 27
114.84.145.85 - - [24/Oct/2020:10:54:06 +0800] "POST /xingrg/kc/buy/cgsh_order_operate.html HTTP/1.1" 200 2065
114.84.145.85 - - [24/Oct/2020:10:54:09 +0800] "GET /xingrg/kc/buy/cgsh_order_operate.html?command=get_materiel&rest_code=00141&code=00101008114&supplier_code=00100007&order_time=2020-10-24 HTTP/1.1" 200 412
117.184.7.30 - - [24/Oct/2020:10:54:12 +0800] "POST /xingrg/kc/buy/cgsh_order_operate.html HTTP/1.1" 200 2065
180.161.96.95 - - [24/Oct/2020:10:54:13 +0800] "GET /xingrg/all/function/internal_message.html?_=1603508053511&CODE_STATE=getMsg HTTP/1.1" 200 27
114.84.145.85 - - [24/Oct/2020:10:54:14 +0800] "GET /xingrg/kc/buy/cgsh_order_operate.html?command=get_materiel&rest_code=00141&code=00101008168&supplier_code=00100007&order_time=2020-10-24 HTTP/1.1" 200 413
120.253.135.82 - - [24/Oct/2020:10:54:20 +0800] "GET /xingrg/all/function/internal_message.html?_=1603508169824&CODE_STATE=getMsg HTTP/1.1" 200 27
61.151.178.197 - - [24/Oct/2020:10:54:22 +0800] "GET /xingrg/kc/buy/cgsh_order_operate.html?command=get_materiel&rest_code=00141&code=00101012019&supplier_code=00100036&order_time=2020-10-24 HTTP/1.1" 302 -
114.84.145.85 - - [24/Oct/2020:10:54:23 +0800] "GET /xingrg/kc/buy/cgsh_order_operate.html?command=get_materiel&rest_code=00141&code=00101008361&supplier_code=00100007&order_time=2020-10-24 HTTP/1.1" 200 408
58.221.95.50 - - [24/Oct/2020:10:54:23 +0800] "GET /xingrg/all/function/internal_message.html?_=1603508239278&CODE_STATE=getMsg HTTP/1.1" 200 27
180.162.245.190 - - [24/Oct/2020:10:54:24 +0800] "GET /xingrg/all/function/internal_message.html?_=1603508063803&CODE_STATE=getMsg HTTP/1.1" 200 27
61.151.178.197 - - [24/Oct/2020:10:54:25 +0800] "GET /xingrg/login.html HTTP/1.1" 200 7641
222.69.128.52 - - [24/Oct/2020:10:54:29 +0800] "GET /xingrg/all/function/internal_message.html?_=1603508062620&CODE_STATE=getMsg HTTP/1.1" 200 27
114.84.145.85 - - [24/Oct/2020:10:54:29 +0800] "GET /xingrg/all/function/internal_message.html?_=1603508067419&CODE_STATE=getMsg HTTP/1.1" 200 27
114.84.145.85 - - [24/Oct/2020:10:54:30 +0800] "GET /xingrg/all/function/internal_message.html?_=1603507671223&CODE_STATE=getMsg HTTP/1.1" 200 27
117.185.32.26 - - [24/Oct/2020:10:54:31 +0800] "GET /xingrg/all/function/internal_message.html?_=1603508067578&CODE_STATE=getMsg HTTP/1.1" 200 27
117.184.7.30 - - [24/Oct/2020:10:54:31 +0800] "GET /xingrg/kc/buy/cgsh_order_operate.html?command=get_materiel&rest_code=00108&code=00101013179&supplier_code=00100008&order_time=2020-10-24 HTTP/1.1" 200 431
117.131.5.26 - - [24/Oct/2020:10:54:33 +0800] "GET /xingrg/all/function/internal_message.html?_=1603508095508&CODE_STATE=getMsg HTTP/1.1" 200 27
101.91.60.108 - - [24/Oct/2020:10:54:34 +0800] "GET /xingrg/all/function/internal_message.html?_=1603507346785&CODE_STATE=getMsg HTTP/1.1" 302 -
117.184.7.30 - - [24/Oct/2020:10:54:35 +0800] "GET /xingrg/check_reg.html?_=1603508053681 HTTP/1.1" 200 22
114.84.37.38 - - [24/Oct/2020:10:54:35 +0800] "GET /xingrg/all/function/internal_message.html?_=1603508086273&CODE_STATE=getMsg HTTP/1.1" 200 27
101.91.60.105 - - [24/Oct/2020:10:54:35 +0800] "GET /xingrg/kc/buy/cgsh_order_operate.html?command=get_materiel&rest_code=00141&code=00101016010&supplier_code=00100036&order_time=2020-10-24 HTTP/1.1" 302 -
172.17.0.101 - - [24/Oct/2020:10:54:36 +0800] "GET /xingrg/all/function/internal_message.html?_=1603508069913&CODE_STATE=getMsg HTTP/1.1" 200 27
180.174.56.115 - - [24/Oct/2020:10:54:36 +0800] "GET /xingrg/all/function/internal_message.html?_=1603508045878&CODE_STATE=getMsg HTTP/1.1" 200 27
101.91.60.108 - - [24/Oct/2020:10:54:36 +0800] "GET /xingrg/login.html HTTP/1.1" 200 7641
117.184.7.30 - - [24/Oct/2020:10:54:37 +0800] "GET /xingrg/kc/buy/cgsh_order_operate.html?command=get_materiel&rest_code=00108&code=00101010232&supplier_code=00100008&order_time=2020-10-24 HTTP/1.1" 200 437
172.17.0.185 - - [24/Oct/2020:10:54:38 +0800] "GET /xingrg/all/function/internal_message.html?_=1603508073147&CODE_STATE=getMsg HTTP/1.1" 200 27
172.17.0.185 - - [24/Oct/2020:10:54:38 +0800] "GET /xingrg/check_reg.html?_=1603508073149 HTTP/1.1" 200 22
61.151.178.236 - - [24/Oct/2020:10:54:39 +0800] "GET /xingrg/check_reg.html?_=1603507346782 HTTP/1.1" 302 -
114.84.145.85 - - [24/Oct/2020:10:54:39 +0800] "GET /xingrg/kc/buy/cgsh_order_operate.html?command=get_materiel&rest_code=00141&code=00101008437&supplier_code=00100007&order_time=2020-10-24 HTTP/1.1" 200 396
120.253.135.82 - - [24/Oct/2020:10:54:42 +0800] "GET /xingrg/all/function/internal_message.html?_=1603507825000&CODE_STATE=getMsg HTTP/1.1" 200 27
61.151.178.236 - - [24/Oct/2020:10:54:43 +0800] "GET /xingrg/login.html HTTP/1.1" 200 7641
117.184.7.30 - - [24/Oct/2020:10:54:43 +0800] "GET /xingrg/kc/buy/cgsh_order_operate.html?command=get_materiel&rest_code=00108&code=00101008242&supplier_code=00100008&order_time=2020-10-24 HTTP/1.1" 200 427
101.91.60.105 - - [24/Oct/2020:10:54:45 +0800] "GET /xingrg/login.html HTTP/1.1" 200 7641
180.161.96.95 - - [24/Oct/2020:10:54:46 +0800] "GET /xingrg/kc/buy/cgsh_order_operate.html?command=get_materiel&rest_code=00102&code=00101011009&supplier_code=00100047&order_time=2020-10-24 HTTP/1.1" 200 418
117.184.7.30 - - [24/Oct/2020:10:54:51 +0800] "POST /xingrg/kc/buy/cgsh_order_operate.html HTTP/1.1" 200 37
180.161.96.95 - - [24/Oct/2020:10:54:56 +0800] "POST /xingrg/kc/buy/cgsh_order_operate.html HTTP/1.1" 200 37
114.84.145.85 - - [24/Oct/2020:10:54:56 +0800] "POST /xingrg/kc/buy/cgsh_order_operate.html HTTP/1.1" 200 88
180.161.96.95 - - [24/Oct/2020:10:54:58 +0800] "POST /xingrg/kc/buy/cgsh_order_operate.html HTTP/1.1" 200 12
117.184.7.30 - - [24/Oct/2020:10:54:58 +0800] "POST /xingrg/kc/buy/cgsh_order_operate.html HTTP/1.1" 200 31607
116.232.54.8 - - [24/Oct/2020:10:54:59 +0800] "GET /xingrg/all/function/internal_message.html?_=1603508104724&CODE_STATE=getMsg HTTP/1.1" 200 27
117.185.32.26 - - [24/Oct/2020:10:55:01 +0800] "GET /xingrg/all/function/internal_message.html?_=1603508536150&CODE_STATE=getMsg HTTP/1.1" 200 27
114.84.145.85 - - [24/Oct/2020:10:55:01 +0800] "POST /xingrg/kc/buy/cgsh_order_operate.html HTTP/1.1" 200 37
117.185.32.26 - - [24/Oct/2020:10:55:01 +0800] "GET /xingrg/check_reg.html?_=1603508536494 HTTP/1.1" 200 22
114.84.145.85 - - [24/Oct/2020:10:55:02 +0800] "POST /xingrg/kc/buy/cgsh_order_operate.html HTTP/1.1" 200 21580
180.161.96.95 - - [24/Oct/2020:10:55:03 +0800] "GET /xingrg/kc/buy/cgsh_order_info.html?code=212020102409877 HTTP/1.1" 200 54994
114.84.37.38 - - [24/Oct/2020:10:55:04 +0800] "GET /xingrg/all/function/internal_message.html?_=1603508119648&CODE_STATE=getMsg HTTP/1.1" 200 27
114.84.37.38 - - [24/Oct/2020:10:55:05 +0800] "GET /xingrg/check_reg.html?_=1603508120248 HTTP/1.1" 200 22
180.161.96.95 - - [24/Oct/2020:10:55:05 +0800] "GET /xingrg/javascript/easyui/themes/default/validatebox.css HTTP/1.1" 404 1104
124.77.70.31 - - [24/Oct/2020:10:55:05 +0800] "GET /xingrg/all/function/internal_message.html?_=1603508097354&CODE_STATE=getMsg HTTP/1.1" 200 27
180.161.96.95 - - [24/Oct/2020:10:55:05 +0800] "POST /xingrg/kc/buy/cgsh_order_operate.html HTTP/1.1" 200 612
180.161.96.95 - - [24/Oct/2020:10:55:06 +0800] "GET /xingrg/kc/print/load_data.html?order_code=212020102409877&kc_code=cgsh&condition= HTTP/1.1" 200 746
61.129.6.151 - - [24/Oct/2020:10:55:09 +0800] "GET /xingrg/kc/buy/cgsh_order_operate.html?command=get_materiel&rest_code=00141&code=00101012038&supplier_code=00100036&order_time=2020-10-24 HTTP/1.1" 302 -
61.151.179.84 - - [24/Oct/2020:10:55:09 +0800] "GET /xingrg/kc/buy/cgsh_order_operate.html?command=get_materiel&rest_code=00141&code=00101010063&supplier_code=00100036&order_time=2020-10-24 HTTP/1.1" 302 -
101.227.139.171 - - [24/Oct/2020:10:55:10 +0800] "GET /xingrg/kc/print/load_data.html?order_code=212020102409868&kc_code=cgsh&condition= HTTP/1.1" 302 -
180.161.96.95 - - [24/Oct/2020:10:55:13 +0800] "GET /xingrg/kc/buy/cgsh_order_add.html HTTP/1.1" 200 60091
61.129.6.151 - - [24/Oct/2020:10:55:14 +0800] "GET /xingrg/login.html HTTP/1.1" 200 7641
61.151.179.84 - - [24/Oct/2020:10:55:14 +0800] "GET /xingrg/login.html HTTP/1.1" 200 7641
180.161.96.95 - - [24/Oct/2020:10:55:15 +0800] "POST /xingrg/kc/buy/cgsh_order_operate.html HTTP/1.1" 200 8245
180.161.96.95 - - [24/Oct/2020:10:55:15 +0800] "GET /xingrg/all/function/internal_message.html?_=1603508115563&CODE_STATE=getMsg HTTP/1.1" 200 27
180.161.96.95 - - [24/Oct/2020:10:55:15 +0800] "GET /xingrg/javascript/easyui/themes/default/validatebox.css HTTP/1.1" 404 1104
117.184.7.30 - - [24/Oct/2020:10:55:17 +0800] "POST /xingrg/kc/buy/cgsh_order_operate.html HTTP/1.1" 200 37
117.184.7.30 - - [24/Oct/2020:10:55:20 +0800] "POST /xingrg/kc/buy/cgsh_order_operate.html HTTP/1.1" 200 31017
101.227.139.171 - - [24/Oct/2020:10:55:20 +0800] "GET /xingrg/login.html HTTP/1.1" 200 7641
120.253.135.82 - - [24/Oct/2020:10:55:20 +0800] "GET /xingrg/all/function/internal_message.html?_=1603508229839&CODE_STATE=getMsg HTTP/1.1" 200 27
58.221.95.50 - - [24/Oct/2020:10:55:23 +0800] "GET /xingrg/all/function/internal_message.html?_=1603508299280&CODE_STATE=getMsg HTTP/1.1" 200 27
120.204.17.70 - - [24/Oct/2020:10:55:24 +0800] "GET /xingrg/all/function/internal_message.html?_=1603507407844&CODE_STATE=getMsg HTTP/1.1" 302 -
180.162.245.190 - - [24/Oct/2020:10:55:24 +0800] "GET /xingrg/all/function/internal_message.html?_=1603508123777&CODE_STATE=getMsg HTTP/1.1" 200 27
117.185.32.26 - - [24/Oct/2020:10:55:25 +0800] "GET /xingrg/kc/buy/buy_main.html HTTP/1.1" 200 12412
117.185.32.26 - - [24/Oct/2020:10:55:25 +0800] "GET /xingrg/css/new_ie.css HTTP/1.1" 404 1036
180.162.245.190 - - [24/Oct/2020:10:55:25 +0800] "GET /xingrg/check_reg.html?_=1603508124791 HTTP/1.1" 200 22
117.185.32.26 - - [24/Oct/2020:10:55:26 +0800] "GET /xingrg/images/yd/bt.gif HTTP/1.1" 404 1040
117.185.32.26 - - [24/Oct/2020:10:55:27 +0800] "GET /xingrg/kc/buy/cgsh_order_list.html HTTP/1.1" 200 44388
117.185.32.26 - - [24/Oct/2020:10:55:29 +0800] "POST /xingrg/kc/buy/cgsh_list_operate.html HTTP/1.1" 200 4987
222.69.128.52 - - [24/Oct/2020:10:55:29 +0800] "GET /xingrg/all/function/internal_message.html?_=1603508122621&CODE_STATE=getMsg HTTP/1.1" 200 27
114.84.145.85 - - [24/Oct/2020:10:55:29 +0800] "GET /xingrg/all/function/internal_message.html?_=1603508127393&CODE_STATE=getMsg HTTP/1.1" 200 27
114.84.145.85 - - [24/Oct/2020:10:55:30 +0800] "GET /xingrg/all/function/internal_message.html?_=1603507731195&CODE_STATE=getMsg HTTP/1.1" 200 27
117.185.32.26 - - [24/Oct/2020:10:55:31 +0800] "GET /xingrg/all/function/internal_message.html?_=1603508127586&CODE_STATE=getMsg HTTP/1.1" 200 27
117.131.5.26 - - [24/Oct/2020:10:55:33 +0800] "GET /xingrg/all/function/internal_message.html?_=1603508155507&CODE_STATE=getMsg HTTP/1.1" 200 27
117.131.5.26 - - [24/Oct/2020:10:55:33 +0800] "GET /xingrg/check_reg.html?_=1603508155508 HTTP/1.1" 200 22
120.204.17.70 - - [24/Oct/2020:10:55:34 +0800] "GET /xingrg/login.html HTTP/1.1" 200 7641
114.84.37.38 - - [24/Oct/2020:10:55:35 +0800] "GET /xingrg/all/function/internal_message.html?_=1603508146285&CODE_STATE=getMsg HTTP/1.1" 200 27
180.174.56.115 - - [24/Oct/2020:10:55:36 +0800] "GET /xingrg/check_reg.html?_=1603508105096 HTTP/1.1" 200 22
172.17.0.101 - - [24/Oct/2020:10:55:36 +0800] "GET /xingrg/all/function/internal_message.html?_=1603508129891&CODE_STATE=getMsg HTTP/1.1" 200 27
180.174.56.115 - - [24/Oct/2020:10:55:36 +0800] "GET /xingrg/all/function/internal_message.html?_=1603508105891&CODE_STATE=getMsg HTTP/1.1" 200 27
172.17.0.185 - - [24/Oct/2020:10:55:38 +0800] "GET /xingrg/all/function/internal_message.html?_=1603508133150&CODE_STATE=getMsg HTTP/1.1" 200 27
183.192.164.97 - - [24/Oct/2020:10:55:42 +0800] "GET /xingrg/check_reg.html?_=1603507408128 HTTP/1.1" 302 -
120.253.135.82 - - [24/Oct/2020:10:55:42 +0800] "GET /xingrg/check_reg.html?_=1603507884955 HTTP/1.1" 200 22
120.253.135.82 - - [24/Oct/2020:10:55:42 +0800] "GET /xingrg/all/function/internal_message.html?_=1603507885015&CODE_STATE=getMsg HTTP/1.1" 200 27
180.162.245.190 - - [24/Oct/2020:10:55:44 +0800] "GET /xingrg/kc/base/wldb_order_add.html HTTP/1.1" 200 30546
180.162.245.190 - - [24/Oct/2020:10:55:44 +0800] "POST /xingrg/kc/base/wldb_order_operate.html HTTP/1.1" 200 6806
183.192.164.97 - - [24/Oct/2020:10:55:44 +0800] "GET /xingrg/login.html HTTP/1.1" 200 7641
180.162.245.190 - - [24/Oct/2020:10:55:44 +0800] "GET /xingrg/javascript/easyui/themes/default/validatebox.css HTTP/1.1" 404 1104
120.204.17.72 - - [24/Oct/2020:10:55:45 +0800] "GET /xingrg/all/function/internal_message.html?_=1603507347867&CODE_STATE=getMsg HTTP/1.1" 302 -
180.162.245.190 - - [24/Oct/2020:10:55:45 +0800] "POST /xingrg/all/common/load_combo.html?type=base HTTP/1.1" 200 3236
101.89.19.197 - - [24/Oct/2020:10:55:47 +0800] "GET /xingrg/kc/buy/cgsh_order_info.html?code=212020102409870 HTTP/1.1" 302 -
117.185.32.26 - - [24/Oct/2020:10:55:47 +0800] "POST /xingrg/kc/buy/cgsh_list_operate.html HTTP/1.1" 200 202
117.185.32.26 - - [24/Oct/2020:10:55:48 +0800] "GET /xingrg/kc/buy/cgsh_order_info.html?code=212020102409845 HTTP/1.1" 200 60139
117.185.32.26 - - [24/Oct/2020:10:55:49 +0800] "GET /xingrg/javascript/easyui/themes/default/validatebox.css HTTP/1.1" 404 1104
117.185.32.26 - - [24/Oct/2020:10:55:49 +0800] "POST /xingrg/kc/buy/cgsh_order_operate.html HTTP/1.1" 200 2663
101.89.19.197 - - [24/Oct/2020:10:55:50 +0800] "GET /xingrg/login.html HTTP/1.1" 200 7641
101.227.139.173 - - [24/Oct/2020:10:55:52 +0800] "GET /xingrg/kc/buy/cgsh_order_operate.html?command=get_materiel&rest_code=00141&code=00101009050&supplier_code=00100022&order_time=2020-10-24 HTTP/1.1" 302 -
120.204.17.72 - - [24/Oct/2020:10:55:54 +0800] "GET /xingrg/login.html HTTP/1.1" 200 7641
101.91.60.108 - - [24/Oct/2020:10:55:57 +0800] "GET /xingrg/kc/buy/cgsh_order_add.html HTTP/1.1" 302 -
117.185.32.26 - - [24/Oct/2020:10:55:58 +0800] "POST /xingrg/kc/buy/cgsh_order_operate.html HTTP/1.1" 200 37
116.232.54.8 - - [24/Oct/2020:10:55:59 +0800] "GET /xingrg/all/function/internal_message.html?_=1603508164728&CODE_STATE=getMsg HTTP/1.1" 200 27
116.232.54.8 - - [24/Oct/2020:10:55:59 +0800] "GET /xingrg/check_reg.html?_=1603508164732 HTTP/1.1" 200 22
117.185.32.26 - - [24/Oct/2020:10:55:59 +0800] "POST /xingrg/kc/buy/cgsh_order_operate.html HTTP/1.1" 200 12
117.185.32.26 - - [24/Oct/2020:10:56:00 +0800] "GET /xingrg/kc/buy/cgsh_order_info.html?code=212020102409845 HTTP/1.1" 200 55033
117.185.32.26 - - [24/Oct/2020:10:56:00 +0800] "GET /xingrg/javascript/easyui/themes/default/validatebox.css HTTP/1.1" 404 1104
101.91.60.108 - - [24/Oct/2020:10:56:01 +0800] "GET /xingrg/login.html HTTP/1.1" 200 7641
117.185.32.26 - - [24/Oct/2020:10:56:01 +0800] "POST /xingrg/kc/buy/cgsh_order_operate.html HTTP/1.1" 200 613
117.185.32.26 - - [24/Oct/2020:10:56:01 +0800] "GET /xingrg/all/function/internal_message.html?_=1603508596141&CODE_STATE=getMsg HTTP/1.1" 200 27
180.162.245.190 - - [24/Oct/2020:10:56:01 +0800] "GET /xingrg/kc/base/wldb_order_operate.html?command=get_materiel&rest_code=00105&base_code=0010508&code=00102002453 HTTP/1.1" 200 433
114.84.37.38 - - [24/Oct/2020:10:56:02 +0800] "GET /xingrg/kc/buy/cgsh_order_add.html HTTP/1.1" 200 60132
101.227.139.173 - - [24/Oct/2020:10:56:02 +0800] "GET /xingrg/login.html HTTP/1.1" 200 7641
117.185.32.26 - - [24/Oct/2020:10:56:03 +0800] "GET /xingrg/kc/print/load_config.html?kc_code=cgsh HTTP/1.1" 200 1845
117.185.32.26 - - [24/Oct/2020:10:56:03 +0800] "GET /xingrg/kc/print/load_data.html?order_code=212020102409845&kc_code=cgsh&condition= HTTP/1.1" 200 769
114.84.37.38 - - [24/Oct/2020:10:56:03 +0800] "POST /xingrg/kc/buy/cgsh_order_operate.html HTTP/1.1" 200 8245
114.84.37.38 - - [24/Oct/2020:10:56:03 +0800] "GET /xingrg/javascript/easyui/themes/default/validatebox.css HTTP/1.1" 404 1104
114.84.37.38 - - [24/Oct/2020:10:56:04 +0800] "GET /xingrg/all/function/internal_message.html?_=1603508179651&CODE_STATE=getMsg HTTP/1.1" 200 27
124.77.70.31 - - [24/Oct/2020:10:56:05 +0800] "GET /xingrg/all/function/internal_message.html?_=1603508157336&CODE_STATE=getMsg HTTP/1.1" 200 27
114.84.145.85 - - [24/Oct/2020:10:56:08 +0800] "GET /xingrg/kc/buy/cgsh_order_operate.html?command=get_materiel&rest_code=00141&code=00101008286&supplier_code=00100007&order_time=2020-10-24 HTTP/1.1" 200 408
180.97.118.219 - - [24/Oct/2020:10:56:11 +0800] "GET /xingrg/kc/buy/cgsh_order_operate.html?command=get_materiel&rest_code=00141&code=00101007109&supplier_code=00100036&order_time=2020-10-24 HTTP/1.1" 302 -
61.151.178.197 - - [24/Oct/2020:10:56:12 +0800] "GET /xingrg/kc/buy/cgsh_order_info.html?code=212020102409871 HTTP/1.1" 302 -
180.161.96.95 - - [24/Oct/2020:10:56:16 +0800] "GET /xingrg/all/function/internal_message.html?_=1603508176309&CODE_STATE=getMsg HTTP/1.1" 200 27
61.151.178.174 - - [24/Oct/2020:10:56:17 +0800] "GET /xingrg/kc/print/load_data.html?order_code=212020102409871&kc_code=cgsh&condition= HTTP/1.1" 302 -
114.84.37.38 - - [24/Oct/2020:10:56:18 +0800] "GET /xingrg/kc/buy/cgsh_order_operate.html?command=get_materiel&rest_code=00146&code=00101009062&supplier_code=00100023&order_time=2020-10-24 HTTP/1.1" 200 434
180.97.118.219 - - [24/Oct/2020:10:56:19 +0800] "GET /xingrg/login.html HTTP/1.1" 200 7641
61.151.178.197 - - [24/Oct/2020:10:56:19 +0800] "GET /xingrg/login.html HTTP/1.1" 200 7641
120.253.135.82 - - [24/Oct/2020:10:56:20 +0800] "GET /xingrg/all/function/internal_message.html?_=1603508289865&CODE_STATE=getMsg HTTP/1.1" 200 27
61.151.178.174 - - [24/Oct/2020:10:56:22 +0800] "GET /xingrg/login.html HTTP/1.1" 200 7641
117.185.32.26 - - [24/Oct/2020:10:56:22 +0800] "POST /xingrg/kc/buy/cgsh_list_operate.html HTTP/1.1" 200 205
61.129.6.227 - - [24/Oct/2020:10:56:23 +0800] "GET /xingrg/kc/buy/cgsh_order_operate.html?command=get_materiel&rest_code=00141&code=00101007076&supplier_code=00100004&order_time=2020-10-24 HTTP/1.1" 302 -
58.221.95.50 - - [24/Oct/2020:10:56:23 +0800] "GET /xingrg/check_reg.html?_=1603508359288 HTTP/1.1" 200 22
58.221.95.50 - - [24/Oct/2020:10:56:23 +0800] "GET /xingrg/all/function/internal_message.html?_=1603508359282&CODE_STATE=getMsg HTTP/1.1" 200 27
183.192.164.214 - - [24/Oct/2020:10:56:23 +0800] "GET /xingrg/all/function/internal_message.html?_=1603507467821&CODE_STATE=getMsg HTTP/1.1" 302 -
117.185.32.26 - - [24/Oct/2020:10:56:24 +0800] "GET /xingrg/kc/buy/cgsh_order_info.html?code=212020102409847 HTTP/1.1" 200 60135
117.185.32.26 - - [24/Oct/2020:10:56:24 +0800] "GET /xingrg/javascript/easyui/themes/default/validatebox.css HTTP/1.1" 404 1104
180.162.245.190 - - [24/Oct/2020:10:56:24 +0800] "GET /xingrg/all/function/internal_message.html?_=1603508183761&CODE_STATE=getMsg HTTP/1.1" 200 27
117.185.32.26 - - [24/Oct/2020:10:56:25 +0800] "POST /xingrg/kc/buy/cgsh_order_operate.html HTTP/1.1" 200 2666
180.162.245.190 - - [24/Oct/2020:10:56:26 +0800] "POST /xingrg/kc/base/wldb_order_operate.html HTTP/1.1" 200 37
180.162.245.190 - - [24/Oct/2020:10:56:26 +0800] "POST /xingrg/kc/base/wldb_order_operate.html HTTP/1.1" 200 2183
180.162.245.190 - - [24/Oct/2020:10:56:26 +0800] "GET /xingrg/kc/base/wldb_order_info.html?code=422020102402836 HTTP/1.1" 200 30557
180.162.245.190 - - [24/Oct/2020:10:56:27 +0800] "GET /xingrg/javascript/easyui/themes/default/validatebox.css HTTP/1.1" 404 1104
180.162.245.190 - - [24/Oct/2020:10:56:27 +0800] "POST /xingrg/kc/base/wldb_order_operate.html HTTP/1.1" 200 2183
222.69.128.52 - - [24/Oct/2020:10:56:29 +0800] "GET /xingrg/all/function/internal_message.html?_=1603508182627&CODE_STATE=getMsg HTTP/1.1" 200 27
114.84.145.85 - - [24/Oct/2020:10:56:29 +0800] "GET /xingrg/all/function/internal_message.html?_=1603508187439&CODE_STATE=getMsg HTTP/1.1" 200 27
114.84.145.85 - - [24/Oct/2020:10:56:30 +0800] "GET /xingrg/all/function/internal_message.html?_=1603507791164&CODE_STATE=getMsg HTTP/1.1" 200 27
114.84.145.85 - - [24/Oct/2020:10:56:30 +0800] "POST /xingrg/kc/buy/cgsh_order_operate.html HTTP/1.1" 200 37
117.185.32.26 - - [24/Oct/2020:10:56:31 +0800] "GET /xingrg/all/function/internal_message.html?_=1603508187554&CODE_STATE=getMsg HTTP/1.1" 200 27
114.84.37.38 - - [24/Oct/2020:10:56:31 +0800] "GET /xingrg/kc/buy/cgsh_order_operate.html?command=get_materiel&rest_code=00146&code=00101009013&supplier_code=00100023&order_time=2020-10-24 HTTP/1.1" 200 422
114.84.145.85 - - [24/Oct/2020:10:56:31 +0800] "POST /xingrg/kc/buy/cgsh_order_operate.html HTTP/1.1" 200 21579
117.185.32.26 - - [24/Oct/2020:10:56:32 +0800] "POST /xingrg/kc/buy/cgsh_order_operate.html HTTP/1.1" 200 37
183.192.164.214 - - [24/Oct/2020:10:56:32 +0800] "GET /xingrg/login.html HTTP/1.1" 200 7641
117.131.5.26 - - [24/Oct/2020:10:56:33 +0800] "GET /xingrg/all/function/internal_message.html?_=1603508215506&CODE_STATE=getMsg HTTP/1.1" 200 27
61.129.6.227 - - [24/Oct/2020:10:56:33 +0800] "GET /xingrg/login.html HTTP/1.1" 200 7641
117.185.32.26 - - [24/Oct/2020:10:56:34 +0800] "POST /xingrg/kc/buy/cgsh_order_operate.html HTTP/1.1" 200 12
114.84.37.38 - - [24/Oct/2020:10:56:35 +0800] "GET /xingrg/all/function/internal_message.html?_=1603508206299&CODE_STATE=getMsg HTTP/1.1" 200 27
117.185.32.26 - - [24/Oct/2020:10:56:35 +0800] "GET /xingrg/kc/buy/cgsh_order_info.html?code=212020102409847 HTTP/1.1" 200 55029
117.185.32.26 - - [24/Oct/2020:10:56:36 +0800] "GET /xingrg/javascript/easyui/themes/default/validatebox.css HTTP/1.1" 404 1104
117.185.32.26 - - [24/Oct/2020:10:56:36 +0800] "POST /xingrg/kc/buy/cgsh_order_operate.html HTTP/1.1" 200 616
172.17.0.101 - - [24/Oct/2020:10:56:36 +0800] "GET /xingrg/all/function/internal_message.html?_=1603508189863&CODE_STATE=getMsg HTTP/1.1" 200 27
180.174.56.115 - - [24/Oct/2020:10:56:36 +0800] "GET /xingrg/all/function/internal_message.html?_=1603508165905&CODE_STATE=getMsg HTTP/1.1" 200 27
172.17.0.185 - - [24/Oct/2020:10:56:38 +0800] "GET /xingrg/all/function/internal_message.html?_=1603508193157&CODE_STATE=getMsg HTTP/1.1" 200 27
117.185.32.26 - - [24/Oct/2020:10:56:39 +0800] "GET /xingrg/kc/print/load_data.html?order_code=212020102409847&kc_code=cgsh&condition= HTTP/1.1" 200 756
120.253.135.82 - - [24/Oct/2020:10:56:42 +0800] "GET /xingrg/all/function/internal_message.html?_=1603507945028&CODE_STATE=getMsg HTTP/1.1" 200 27
114.84.37.38 - - [24/Oct/2020:10:56:44 +0800] "GET /xingrg/kc/buy/cgsh_order_operate.html?command=get_materiel&rest_code=00146&code=00101008323&supplier_code=00100023&order_time=2020-10-24 HTTP/1.1" 200 408
180.161.96.95 - - [24/Oct/2020:10:56:46 +0800] "GET /xingrg/kc/buy/cgsh_order_operate.html?command=get_materiel&rest_code=00102&code=00101006063&supplier_code=00100011&order_time=2020-10-24 HTTP/1.1" 200 413
61.151.179.84 - - [24/Oct/2020:10:56:49 +0800] "GET /xingrg/all/function/internal_message.html?_=1603507406788&CODE_STATE=getMsg HTTP/1.1" 302 -
117.185.32.26 - - [24/Oct/2020:10:56:50 +0800] "POST /xingrg/kc/buy/cgsh_list_operate.html HTTP/1.1" 200 4258
117.185.32.26 - - [24/Oct/2020:10:56:52 +0800] "POST /xingrg/kc/buy/cgsh_list_operate.html HTTP/1.1" 200 294
117.185.32.26 - - [24/Oct/2020:10:56:53 +0800] "GET /xingrg/kc/buy/cgsh_order_info.html?code=212020102409849 HTTP/1.1" 200 60137
117.185.32.26 - - [24/Oct/2020:10:56:53 +0800] "GET /xingrg/javascript/easyui/themes/default/validatebox.css HTTP/1.1" 404 1104
117.185.32.26 - - [24/Oct/2020:10:56:54 +0800] "POST /xingrg/kc/buy/cgsh_order_operate.html HTTP/1.1" 200 3283
61.151.179.84 - - [24/Oct/2020:10:56:58 +0800] "GET /xingrg/login.html HTTP/1.1" 200 7641
116.232.54.8 - - [24/Oct/2020:10:56:59 +0800] "GET /xingrg/all/function/internal_message.html?_=1603508224718&CODE_STATE=getMsg HTTP/1.1" 200 27
117.185.32.26 - - [24/Oct/2020:10:57:00 +0800] "POST /xingrg/kc/buy/cgsh_order_operate.html HTTP/1.1" 200 37
180.161.96.95 - - [24/Oct/2020:10:57:00 +0800] "GET /xingrg/kc/buy/cgsh_order_operate.html?command=get_materiel&rest_code=00102&code=00101006065&supplier_code=00100011&order_time=2020-10-24 HTTP/1.1" 200 409
117.185.32.26 - - [24/Oct/2020:10:57:01 +0800] "GET /xingrg/all/function/internal_message.html?_=1603508656121&CODE_STATE=getMsg HTTP/1.1" 200 27
117.185.32.26 - - [24/Oct/2020:10:57:02 +0800] "POST /xingrg/kc/buy/cgsh_order_operate.html HTTP/1.1" 200 12
114.84.37.38 - - [24/Oct/2020:10:57:03 +0800] "GET /xingrg/kc/buy/cgsh_order_operate.html?command=get_materiel&rest_code=00146&code=00101009007&supplier_code=00100023&order_time=2020-10-24 HTTP/1.1" 200 408
61.151.178.174 - - [24/Oct/2020:10:57:04 +0800] "GET /xingrg/kc/buy/cgsh_order_operate.html?command=get_materiel&rest_code=00141&code=00101007022&supplier_code=00100004&order_time=2020-10-24 HTTP/1.1" 302 -
114.84.37.38 - - [24/Oct/2020:10:57:04 +0800] "GET /xingrg/all/function/internal_message.html?_=1603508239663&CODE_STATE=getMsg HTTP/1.1" 200 27
117.185.32.26 - - [24/Oct/2020:10:57:04 +0800] "GET /xingrg/kc/buy/cgsh_order_info.html?code=212020102409849 HTTP/1.1" 200 55031
117.185.32.26 - - [24/Oct/2020:10:57:04 +0800] "GET /xingrg/javascript/easyui/themes/default/validatebox.css HTTP/1.1" 404 1104
117.185.32.26 - - [24/Oct/2020:10:57:05 +0800] "POST /xingrg/kc/buy/cgsh_order_operate.html HTTP/1.1" 200 1233
124.77.70.31 - - [24/Oct/2020:10:57:05 +0800] "GET /xingrg/all/function/internal_message.html?_=1603508217311&CODE_STATE=getMsg HTTP/1.1" 200 27
117.185.32.26 - - [24/Oct/2020:10:57:07 +0800] "GET /xingrg/kc/print/load_data.html?order_code=212020102409849&kc_code=cgsh&condition= HTTP/1.1" 200 1010
180.161.96.95 - - [24/Oct/2020:10:57:08 +0800] "GET /xingrg/kc/buy/cgsh_order_operate.html?command=get_materiel&rest_code=00102&code=00101006193&supplier_code=00100011&order_time=2020-10-24 HTTP/1.1" 200 409
61.151.178.174 - - [24/Oct/2020:10:57:12 +0800] "GET /xingrg/login.html HTTP/1.1" 200 7641
180.161.96.95 - - [24/Oct/2020:10:57:16 +0800] "GET /xingrg/all/function/internal_message.html?_=1603508236316&CODE_STATE=getMsg HTTP/1.1" 200 27
101.89.29.92 - - [24/Oct/2020:10:57:16 +0800] "GET /xingrg/all/function/internal_message.html?_=1603507526788&CODE_STATE=getMsg HTTP/1.1" 302 -
114.84.37.38 - - [24/Oct/2020:10:57:17 +0800] "POST /xingrg/kc/buy/cgsh_order_operate.html HTTP/1.1" 200 37
117.185.32.26 - - [24/Oct/2020:10:57:17 +0800] "POST /xingrg/kc/buy/cgsh_list_operate.html HTTP/1.1" 200 3893
114.84.37.38 - - [24/Oct/2020:10:57:18 +0800] "POST /xingrg/kc/buy/cgsh_order_operate.html HTTP/1.1" 200 4432
180.161.96.95 - - [24/Oct/2020:10:57:20 +0800] "GET /xingrg/kc/buy/cgsh_order_operate.html?command=get_materiel&rest_code=00102&code=00101006112&supplier_code=00100011&order_time=2020-10-24 HTTP/1.1" 200 409
120.253.135.82 - - [24/Oct/2020:10:57:20 +0800] "GET /xingrg/check_reg.html?_=1603508349803 HTTP/1.1" 200 22
120.253.135.82 - - [24/Oct/2020:10:57:20 +0800] "GET /xingrg/all/function/internal_message.html?_=1603508349894&CODE_STATE=getMsg HTTP/1.1" 200 27
114.84.37.38 - - [24/Oct/2020:10:57:21 +0800] "GET /xingrg/kc/print/load_data.html?order_code=212020102409880&kc_code=cgsh&condition= HTTP/1.1" 200 1373
58.221.95.50 - - [24/Oct/2020:10:57:23 +0800] "GET /xingrg/all/function/internal_message.html?_=1603508419287&CODE_STATE=getMsg HTTP/1.1" 200 27
101.89.29.92 - - [24/Oct/2020:10:57:24 +0800] "GET /xingrg/login.html HTTP/1.1" 200 7641
180.162.245.190 - - [24/Oct/2020:10:57:24 +0800] "GET /xingrg/all/function/internal_message.html?_=1603508243750&CODE_STATE=getMsg HTTP/1.1" 200 27
114.84.145.85 - - [24/Oct/2020:10:57:29 +0800] "GET /xingrg/check_reg.html?_=1603508246859 HTTP/1.1" 200 22
222.69.128.52 - - [24/Oct/2020:10:57:29 +0800] "GET /xingrg/all/function/internal_message.html?_=1603508242628&CODE_STATE=getMsg HTTP/1.1" 200 27
114.84.145.85 - - [24/Oct/2020:10:57:29 +0800] "GET /xingrg/all/function/internal_message.html?_=1603508247340&CODE_STATE=getMsg HTTP/1.1" 200 27
117.185.32.26 - - [24/Oct/2020:10:57:29 +0800] "POST /xingrg/kc/buy/cgsh_list_operate.html HTTP/1.1" 200 202
222.69.128.52 - - [24/Oct/2020:10:57:30 +0800] "GET /xingrg/check_reg.html?_=1603508243601 HTTP/1.1" 200 22
114.84.145.85 - - [24/Oct/2020:10:57:30 +0800] "GET /xingrg/all/function/internal_message.html?_=1603507851173&CODE_STATE=getMsg HTTP/1.1" 200 27
117.185.32.26 - - [24/Oct/2020:10:57:30 +0800] "GET /xingrg/kc/buy/cgsh_order_info.html?code=212020102409851 HTTP/1.1" 200 60137
117.185.32.26 - - [24/Oct/2020:10:57:31 +0800] "GET /xingrg/all/function/internal_message.html?_=1603508247522&CODE_STATE=getMsg HTTP/1.1" 200 27
117.185.32.26 - - [24/Oct/2020:10:57:31 +0800] "GET /xingrg/javascript/easyui/themes/default/validatebox.css HTTP/1.1" 404 1104
114.84.37.38 - - [24/Oct/2020:10:57:31 +0800] "GET /xingrg/check_reg.html?_=1603508262443 HTTP/1.1" 200 22
117.185.32.26 - - [24/Oct/2020:10:57:31 +0800] "POST /xingrg/kc/buy/cgsh_order_operate.html HTTP/1.1" 200 2662
114.84.37.38 - - [24/Oct/2020:10:57:31 +0800] "GET /xingrg/kc/buy/cgsh_order_add.html HTTP/1.1" 200 60132
114.84.37.38 - - [24/Oct/2020:10:57:32 +0800] "POST /xingrg/kc/buy/cgsh_order_operate.html HTTP/1.1" 200 8245
114.84.37.38 - - [24/Oct/2020:10:57:32 +0800] "GET /xingrg/javascript/easyui/themes/default/validatebox.css HTTP/1.1" 404 1104
117.131.5.26 - - [24/Oct/2020:10:57:33 +0800] "GET /xingrg/all/function/internal_message.html?_=1603508275505&CODE_STATE=getMsg HTTP/1.1" 200 27
114.84.37.38 - - [24/Oct/2020:10:57:35 +0800] "GET /xingrg/all/function/internal_message.html?_=1603508266313&CODE_STATE=getMsg HTTP/1.1" 200 27
172.17.0.101 - - [24/Oct/2020:10:57:36 +0800] "GET /xingrg/all/function/internal_message.html?_=1603508249835&CODE_STATE=getMsg HTTP/1.1" 200 27
180.174.56.115 - - [24/Oct/2020:10:57:36 +0800] "GET /xingrg/all/function/internal_message.html?_=1603508225919&CODE_STATE=getMsg HTTP/1.1" 200 27
180.161.96.95 - - [24/Oct/2020:10:57:37 +0800] "GET /xingrg/kc/buy/cgsh_order_operate.html?command=get_materiel&rest_code=00102&code=00101006017&supplier_code=00100011&order_time=2020-10-24 HTTP/1.1" 200 417
172.17.0.185 - - [24/Oct/2020:10:57:38 +0800] "GET /xingrg/all/function/internal_message.html?_=1603508253145&CODE_STATE=getMsg HTTP/1.1" 200 27
114.84.37.38 - - [24/Oct/2020:10:57:41 +0800] "GET /xingrg/kc/buy/cgsh_order_operate.html?command=get_materiel&rest_code=00146&code=00101005037&supplier_code=00100041&order_time=2020-10-24 HTTP/1.1" 200 409
120.253.135.82 - - [24/Oct/2020:10:57:42 +0800] "GET /xingrg/all/function/internal_message.html?_=1603508005041&CODE_STATE=getMsg HTTP/1.1" 200 27
180.161.96.95 - - [24/Oct/2020:10:57:44 +0800] "GET /xingrg/kc/buy/cgsh_order_operate.html?command=get_materiel&rest_code=00102&code=00101006124&supplier_code=00100011&order_time=2020-10-24 HTTP/1.1" 200 411
124.77.70.31 - - [24/Oct/2020:10:57:44 +0800] "GET /xingrg/index.html?sysBaseUrl=http%3A%2F%2F180.169.147.146%3A18081%2Fxingrg%2F&costTime=34×tamp=1585362191572 HTTP/1.1" 302 -
124.77.70.31 - - [24/Oct/2020:10:57:44 +0800] "GET /xingrg/login.html HTTP/1.1" 200 7641
124.77.70.31 - - [24/Oct/2020:10:57:45 +0800] "GET /xingrg/images/blue/jxLogo.png HTTP/1.1" 200 6156
124.77.70.31 - - [24/Oct/2020:10:57:45 +0800] "GET /xingrg/images/blue/login_bg.png HTTP/1.1" 200 22101
124.77.70.31 - - [24/Oct/2020:10:57:45 +0800] "GET /xingrg/images/blue/hj.png HTTP/1.1" 200 1014
124.77.70.31 - - [24/Oct/2020:10:57:45 +0800] "GET /xingrg/images/blue/srbg.png HTTP/1.1" 200 138
124.77.70.31 - - [24/Oct/2020:10:57:45 +0800] "GET /favicon.ico HTTP/1.1" 404 -
101.89.29.78 - - [24/Oct/2020:10:57:46 +0800] "GET /xingrg/all/function/internal_message.html?_=1603507466797&CODE_STATE=getMsg HTTP/1.1" 302 -
124.77.70.31 - - [24/Oct/2020:10:57:48 +0800] "POST /xingrg/login.do HTTP/1.1" 302 -
124.77.70.31 - - [24/Oct/2020:10:57:48 +0800] "GET /xingrg/index.html?sysBaseUrl=http%3A%2F%2F180.169.147.146%3A18081%2Fxingrg%2F&costTime=38×tamp=1603508268440 HTTP/1.1" 200 17419
124.77.70.31 - - [24/Oct/2020:10:57:48 +0800] "GET /xingrg/javascript/jquery_easy_ui/themes/default/easyui.css HTTP/1.1" 200 26500
124.77.70.31 - - [24/Oct/2020:10:57:48 +0800] "GET /xingrg/javascript/jquery_easy_ui/themes/icon.css HTTP/1.1" 200 3949
124.77.70.31 - - [24/Oct/2020:10:57:48 +0800] "GET /xingrg/css/form.css HTTP/1.1" 200 893
124.77.70.31 - - [24/Oct/2020:10:57:48 +0800] "GET /xingrg/javascript/jquery-1.4.2.min.js HTTP/1.1" 200 72205
124.77.70.31 - - [24/Oct/2020:10:57:48 +0800] "GET /xingrg/javascript/jquery_easy_ui/jquery.easyui.min.js HTTP/1.1" 200 213662
124.77.70.31 - - [24/Oct/2020:10:57:48 +0800] "GET /xingrg/javascript/jquery_easy_ui/easyui-lang-zh_CN.js HTTP/1.1" 200 1900
124.77.70.31 - - [24/Oct/2020:10:57:49 +0800] "GET /favicon.ico HTTP/1.1" 404 -
124.77.70.31 - - [24/Oct/2020:10:57:49 +0800] "GET /xingrg/javascript/jquery.timers.js HTTP/1.1" 200 3532
124.77.70.31 - - [24/Oct/2020:10:57:49 +0800] "GET /xingrg/javascript/jquery.form.js HTTP/1.1" 200 23110
124.77.70.31 - - [24/Oct/2020:10:57:49 +0800] "GET /xingrg/javascript/jquery.utils.js HTTP/1.1" 200 11805
124.77.70.31 - - [24/Oct/2020:10:57:49 +0800] "GET /xingrg/javascript/jquery_easy_ui/themes/icons/settle_new.png HTTP/1.1" 200 826
124.77.70.31 - - [24/Oct/2020:10:57:49 +0800] "GET /xingrg/images/blue/navBackgound.jpg HTTP/1.1" 200 12378
124.77.70.31 - - [24/Oct/2020:10:57:49 +0800] "POST /xingrg/all/common/load_tree.html?tree=area_rest_tree_json&manage=1 HTTP/1.1" 200 351
124.77.70.31 - - [24/Oct/2020:10:57:49 +0800] "GET /xingrg/all/function/internal_message.html?_=1603508267452&CODE_STATE=count HTTP/1.1" 200 11
124.77.70.31 - - [24/Oct/2020:10:57:49 +0800] "GET /xingrg/check_reg.html?_=1603508267453 HTTP/1.1" 200 22
124.77.70.31 - - [24/Oct/2020:10:57:49 +0800] "GET /xingrg/images/blue/pingpu.png HTTP/1.1" 200 231
124.77.70.31 - - [24/Oct/2020:10:57:49 +0800] "GET /xingrg/javascript/jquery_easy_ui/themes/default/images/tabs_leftarrow.png HTTP/1.1" 200 389
124.77.70.31 - - [24/Oct/2020:10:57:49 +0800] "GET /xingrg/javascript/jquery_easy_ui/themes/default/images/tabs_rightarrow.png HTTP/1.1" 200 395
124.77.70.31 - - [24/Oct/2020:10:57:49 +0800] "GET /xingrg/javascript/jquery_easy_ui/themes/default/images/panel_tool_expand.gif HTTP/1.1" 200 247
124.77.70.31 - - [24/Oct/2020:10:57:49 +0800] "GET /xingrg/javascript/jquery_easy_ui/themes/default/images/panel_tool_collapse.gif HTTP/1.1" 200 246
124.77.70.31 - - [24/Oct/2020:10:57:49 +0800] "POST /xingrg/load_menu.html HTTP/1.1" 200 9959
124.77.70.31 - - [24/Oct/2020:10:57:49 +0800] "GET /xingrg/javascript/jquery_easy_ui/themes/default/images/tree_arrows.gif HTTP/1.1" 200 1043
124.77.70.31 - - [24/Oct/2020:10:57:49 +0800] "GET /xingrg/javascript/jquery_easy_ui/themes/default/images/tree_folder_open.gif HTTP/1.1" 200 956
124.77.70.31 - - [24/Oct/2020:10:57:49 +0800] "GET /xingrg/javascript/jquery_easy_ui/themes/icons/search_new.png HTTP/1.1" 200 586
124.77.70.31 - - [24/Oct/2020:10:57:49 +0800] "GET /xingrg/javascript/jquery_easy_ui/themes/default/images/tree_folder.gif HTTP/1.1" 200 952
124.77.70.31 - - [24/Oct/2020:10:57:49 +0800] "GET /xingrg/javascript/jquery_easy_ui/themes/icons/storage_new.png HTTP/1.1" 200 853
124.77.70.31 - - [24/Oct/2020:10:57:49 +0800] "GET /xingrg/javascript/jquery_easy_ui/themes/icons/checkout_new.png HTTP/1.1" 200 744
124.77.70.31 - - [24/Oct/2020:10:57:49 +0800] "GET /xingrg/javascript/jquery_easy_ui/themes/icons/forms_new.png HTTP/1.1" 200 350
124.77.70.31 - - [24/Oct/2020:10:57:49 +0800] "GET /xingrg/javascript/jquery_easy_ui/themes/icons/setting_new.png HTTP/1.1" 200 450
124.77.70.31 - - [24/Oct/2020:10:57:49 +0800] "GET /xingrg/javascript/jquery_easy_ui/themes/icons/systemset_new.png HTTP/1.1" 200 606
124.77.70.31 - - [24/Oct/2020:10:57:49 +0800] "GET /xingrg/javascript/jquery_easy_ui/themes/default/images/tree_file.gif HTTP/1.1" 200 118
124.77.70.31 - - [24/Oct/2020:10:57:50 +0800] "GET /xingrg/javascript/jquery_easy_ui/themes/default/images/tabs_active.png HTTP/1.1" 200 2894
124.77.70.31 - - [24/Oct/2020:10:57:52 +0800] "GET /xingrg/kc/buy/buy_main.html HTTP/1.1" 200 12412
124.77.70.31 - - [24/Oct/2020:10:57:52 +0800] "GET /xingrg/javascript/jquery_easy_ui/themes/default/images/tabs_close.gif HTTP/1.1" 200 829
124.77.70.31 - - [24/Oct/2020:10:57:52 +0800] "GET /xingrg/css/blue.css HTTP/1.1" 200 15949
124.77.70.31 - - [24/Oct/2020:10:57:52 +0800] "GET /xingrg/css/new_ie.css HTTP/1.1" 404 1036
124.77.70.31 - - [24/Oct/2020:10:57:52 +0800] "GET /xingrg/javascript/jquery_ui/themes/humanity/humanity.css HTTP/1.1" 200 27801
124.77.70.31 - - [24/Oct/2020:10:57:52 +0800] "GET /xingrg/javascript/pic_change.js HTTP/1.1" 200 4739
124.77.70.31 - - [24/Oct/2020:10:57:52 +0800] "GET /xingrg/javascript/ToolTips.js HTTP/1.1" 200 5615
124.77.70.31 - - [24/Oct/2020:10:57:52 +0800] "GET /xingrg/javascript/myfunction.js HTTP/1.1" 200 24559
124.77.70.31 - - [24/Oct/2020:10:57:52 +0800] "GET /xingrg/javascript/jquery_ui/jquery-ui.min.js HTTP/1.1" 200 186181
124.77.70.31 - - [24/Oct/2020:10:57:52 +0800] "GET /xingrg/images/blue/button/cgxqd.gif HTTP/1.1" 200 2619
124.77.70.31 - - [24/Oct/2020:10:57:52 +0800] "GET /xingrg/images/blue/button/cgydd.gif HTTP/1.1" 200 2712
124.77.70.31 - - [24/Oct/2020:10:57:52 +0800] "GET /xingrg/images/blue/button/cgshd.gif HTTP/1.1" 200 2618
124.77.70.31 - - [24/Oct/2020:10:57:52 +0800] "GET /xingrg/images/blue/button/cgfkd.gif HTTP/1.1" 200 2075
124.77.70.31 - - [24/Oct/2020:10:57:52 +0800] "GET /xingrg/images/blue/button/kc.gif HTTP/1.1" 200 2160
124.77.70.31 - - [24/Oct/2020:10:57:52 +0800] "GET /xingrg/images/blue/button/ckthd.gif HTTP/1.1" 200 2045
124.77.70.31 - - [24/Oct/2020:10:57:52 +0800] "GET /xingrg/images/blue/pic_form2.gif HTTP/1.1" 200 1853
124.77.70.31 - - [24/Oct/2020:10:57:52 +0800] "GET /xingrg/javascript/jquery_ui/themes/humanity/images/ui-bg_inset-soft_100_f4f0ec_1x100.png HTTP/1.1" 200 141
124.77.70.31 - - [24/Oct/2020:10:57:52 +0800] "GET /xingrg/images/blue/bg_dotted.jpg HTTP/1.1" 200 319
124.77.70.31 - - [24/Oct/2020:10:57:52 +0800] "GET /xingrg/images/blue/button/right_ah.jpg HTTP/1.1" 200 1744
124.77.70.31 - - [24/Oct/2020:10:57:52 +0800] "GET /xingrg/images/blue/button/down_ah.jpg HTTP/1.1" 200 1732
124.77.70.31 - - [24/Oct/2020:10:57:52 +0800] "GET /xingrg/javascript/jquery_ui/themes/humanity/images/ui-iconsnew.jpg HTTP/1.1" 200 337
124.77.70.31 - - [24/Oct/2020:10:57:52 +0800] "GET /xingrg/javascript/jquery_ui/themes/humanity/images/ui-icons_ffffff_256x240.png HTTP/1.1" 200 4369
124.77.70.31 - - [24/Oct/2020:10:57:52 +0800] "GET /xingrg/javascript/jquery_ui/themes/humanity/images/ui-icons_c47a23_256x240.png HTTP/1.1" 200 5355
124.77.70.31 - - [24/Oct/2020:10:57:52 +0800] "GET /xingrg/javascript/jquery_ui/themes/humanity/images/ui-bg_glass_70_ede4d4_1x400.png HTTP/1.1" 200 161
124.77.70.31 - - [24/Oct/2020:10:57:53 +0800] "GET /xingrg/images/yd/bt.gif HTTP/1.1" 404 1040
114.84.37.38 - - [24/Oct/2020:10:57:53 +0800] "GET /xingrg/kc/buy/cgsh_order_operate.html?command=get_materiel&rest_code=00146&code=00101010161&supplier_code=00100041&order_time=2020-10-24 HTTP/1.1" 200 409
124.77.70.31 - - [24/Oct/2020:10:57:53 +0800] "GET /xingrg/kc/buy/cgsh_order_list.html HTTP/1.1" 200 44394
124.77.70.31 - - [24/Oct/2020:10:57:53 +0800] "GET /xingrg/css/base.css HTTP/1.1" 200 2811
