116.232.54.8 - - [24/Oct/2020:09:41:03 +0800] "GET /xingrg/all/function/internal_message.html?_=1603503668596&CODE_STATE=getMsg HTTP/1.1" 200 27
124.77.70.31 - - [24/Oct/2020:09:41:04 +0800] "GET /xingrg/kc/buy/cgsh_order_operate.html?command=get_materiel&rest_code=00107&code=00101010248&supplier_code=00100033&order_time=2020-10-24 HTTP/1.1" 200 430
180.161.96.95 - - [24/Oct/2020:09:41:05 +0800] "GET /xingrg/all/function/internal_message.html?_=1603503665658&CODE_STATE=getMsg HTTP/1.1" 200 27
180.174.56.115 - - [24/Oct/2020:09:41:10 +0800] "GET /xingrg/all/function/internal_message.html?_=1603503640052&CODE_STATE=getMsg HTTP/1.1" 200 27
114.88.166.242 - - [24/Oct/2020:09:41:17 +0800] "GET /xingrg/all/function/internal_message.html?_=1603503767379&CODE_STATE=getMsg HTTP/1.1" 200 27
124.77.70.31 - - [24/Oct/2020:09:41:22 +0800] "GET /xingrg/kc/buy/cgsh_order_operate.html?command=get_materiel&rest_code=00107&code=00101012029&supplier_code=00100033&order_time=2020-10-24 HTTP/1.1" 200 432
58.221.95.50 - - [24/Oct/2020:09:41:23 +0800] "GET /xingrg/all/function/internal_message.html?_=1603503859219&CODE_STATE=getMsg HTTP/1.1" 200 27
58.221.95.50 - - [24/Oct/2020:09:41:23 +0800] "GET /xingrg/check_reg.html?_=1603503859562 HTTP/1.1" 200 22
180.162.245.190 - - [24/Oct/2020:09:41:25 +0800] "GET /xingrg/all/function/internal_message.html?_=1603503684895&CODE_STATE=getMsg HTTP/1.1" 200 27
222.69.128.52 - - [24/Oct/2020:09:41:29 +0800] "GET /xingrg/all/function/internal_message.html?_=1603503682862&CODE_STATE=getMsg HTTP/1.1" 200 27
114.84.37.38 - - [24/Oct/2020:09:41:31 +0800] "GET /xingrg/all/function/internal_message.html?_=1603503702175&CODE_STATE=getMsg HTTP/1.1" 200 27
114.84.145.85 - - [24/Oct/2020:09:41:32 +0800] "GET /xingrg/all/function/internal_message.html?_=1603503292871&CODE_STATE=getMsg HTTP/1.1" 200 27
117.131.5.26 - - [24/Oct/2020:09:41:32 +0800] "GET /xingrg/all/function/internal_message.html?_=1603503715386&CODE_STATE=getMsg HTTP/1.1" 200 27
172.17.0.101 - - [24/Oct/2020:09:41:37 +0800] "GET /xingrg/all/function/internal_message.html?_=1603503691364&CODE_STATE=getMsg HTTP/1.1" 200 27
172.17.0.185 - - [24/Oct/2020:09:41:37 +0800] "GET /xingrg/all/function/internal_message.html?_=1603503693147&CODE_STATE=getMsg HTTP/1.1" 200 27
114.84.37.38 - - [24/Oct/2020:09:41:52 +0800] "GET /xingrg/all/function/internal_message.html?_=1603503727288&CODE_STATE=getMsg HTTP/1.1" 200 27
120.253.135.82 - - [24/Oct/2020:09:42:02 +0800] "GET /xingrg/all/function/internal_message.html?_=1603503464648&CODE_STATE=getMsg HTTP/1.1" 200 27
124.77.70.31 - - [24/Oct/2020:09:42:02 +0800] "GET /xingrg/all/function/internal_message.html?_=1603503714191&CODE_STATE=getMsg HTTP/1.1" 200 27
116.232.54.8 - - [24/Oct/2020:09:42:03 +0800] "GET /xingrg/all/function/internal_message.html?_=1603503728594&CODE_STATE=getMsg HTTP/1.1" 200 27
74.120.14.34 - - [24/Oct/2020:09:42:04 +0800] "GET / HTTP/1.1" 404 -
124.77.70.31 - - [24/Oct/2020:09:42:05 +0800] "POST /xingrg/kc/buy/cgsh_order_operate.html HTTP/1.1" 200 37
180.161.96.95 - - [24/Oct/2020:09:42:05 +0800] "GET /xingrg/all/function/internal_message.html?_=1603503725680&CODE_STATE=getMsg HTTP/1.1" 200 27
124.77.70.31 - - [24/Oct/2020:09:42:06 +0800] "POST /xingrg/kc/buy/cgsh_order_operate.html HTTP/1.1" 200 7398
124.77.70.31 - - [24/Oct/2020:09:42:08 +0800] "GET /xingrg/kc/print/load_data.html?order_code=212020102409804&kc_code=cgsh&condition= HTTP/1.1" 200 2509
180.174.56.115 - - [24/Oct/2020:09:42:10 +0800] "GET /xingrg/all/function/internal_message.html?_=1603503700064&CODE_STATE=getMsg HTTP/1.1" 200 27
114.88.166.242 - - [24/Oct/2020:09:42:17 +0800] "GET /xingrg/all/function/internal_message.html?_=1603503827358&CODE_STATE=getMsg HTTP/1.1" 200 27
124.77.70.31 - - [24/Oct/2020:09:42:22 +0800] "GET /xingrg/index.html?sysBaseUrl=http%3A%2F%2F180.169.147.146%3A18081%2Fxingrg%2F&costTime=33×tamp=1585306063269 HTTP/1.1" 302 -
124.77.70.31 - - [24/Oct/2020:09:42:22 +0800] "GET /xingrg/login.html HTTP/1.1" 200 7641
58.221.95.50 - - [24/Oct/2020:09:42:23 +0800] "GET /xingrg/all/function/internal_message.html?_=1603503919203&CODE_STATE=getMsg HTTP/1.1" 200 27
180.162.245.190 - - [24/Oct/2020:09:42:25 +0800] "GET /xingrg/all/function/internal_message.html?_=1603503744873&CODE_STATE=getMsg HTTP/1.1" 200 27
114.84.37.38 - - [24/Oct/2020:09:42:29 +0800] "GET /xingrg/check_reg.html?_=1603503760227 HTTP/1.1" 200 22
222.69.128.52 - - [24/Oct/2020:09:42:29 +0800] "GET /xingrg/all/function/internal_message.html?_=1603503742834&CODE_STATE=getMsg HTTP/1.1" 200 27
222.69.128.52 - - [24/Oct/2020:09:42:30 +0800] "GET /xingrg/check_reg.html?_=1603503743803 HTTP/1.1" 200 22
114.84.37.38 - - [24/Oct/2020:09:42:31 +0800] "GET /xingrg/all/function/internal_message.html?_=1603503762189&CODE_STATE=getMsg HTTP/1.1" 200 27
114.84.145.85 - - [24/Oct/2020:09:42:32 +0800] "GET /xingrg/all/function/internal_message.html?_=1603503352848&CODE_STATE=getMsg HTTP/1.1" 200 27
117.131.5.26 - - [24/Oct/2020:09:42:32 +0800] "GET /xingrg/all/function/internal_message.html?_=1603503775383&CODE_STATE=getMsg HTTP/1.1" 200 27
172.17.0.101 - - [24/Oct/2020:09:42:37 +0800] "GET /xingrg/all/function/internal_message.html?_=1603503751338&CODE_STATE=getMsg HTTP/1.1" 200 27
172.17.0.185 - - [24/Oct/2020:09:42:37 +0800] "GET /xingrg/all/function/internal_message.html?_=1603503753151&CODE_STATE=getMsg HTTP/1.1" 200 27
114.84.37.38 - - [24/Oct/2020:09:42:52 +0800] "GET /xingrg/all/function/internal_message.html?_=1603503787660&CODE_STATE=getMsg HTTP/1.1" 200 27
114.84.37.38 - - [24/Oct/2020:09:42:54 +0800] "POST /xingrg/services/DataTransmitService HTTP/1.1" 200 524
114.84.37.38 - - [24/Oct/2020:09:42:55 +0800] "POST /xingrg/services/DataTransmitService HTTP/1.1" 200 1863
114.84.37.38 - - [24/Oct/2020:09:42:55 +0800] "POST /xingrg/services/DataTransmitService HTTP/1.1" 200 149203
120.253.135.82 - - [24/Oct/2020:09:43:02 +0800] "GET /xingrg/check_reg.html?_=1603503524300 HTTP/1.1" 200 22
120.253.135.82 - - [24/Oct/2020:09:43:02 +0800] "GET /xingrg/all/function/internal_message.html?_=1603503524661&CODE_STATE=getMsg HTTP/1.1" 200 27
124.77.70.31 - - [24/Oct/2020:09:43:02 +0800] "GET /xingrg/all/function/internal_message.html?_=1603503774177&CODE_STATE=getMsg HTTP/1.1" 200 27
116.232.54.8 - - [24/Oct/2020:09:43:03 +0800] "GET /xingrg/all/function/internal_message.html?_=1603503788608&CODE_STATE=getMsg HTTP/1.1" 200 27
180.161.96.95 - - [24/Oct/2020:09:43:05 +0800] "GET /xingrg/check_reg.html?_=1603503785421 HTTP/1.1" 200 22
180.161.96.95 - - [24/Oct/2020:09:43:05 +0800] "GET /xingrg/all/function/internal_message.html?_=1603503785692&CODE_STATE=getMsg HTTP/1.1" 200 27
172.17.0.101 - - [24/Oct/2020:09:43:07 +0800] "GET /xingrg/check_reg.html?_=1603503780636 HTTP/1.1" 200 22
180.174.56.115 - - [24/Oct/2020:09:43:11 +0800] "GET /xingrg/all/function/internal_message.html?_=1603503760182&CODE_STATE=getMsg HTTP/1.1" 200 27
114.88.166.242 - - [24/Oct/2020:09:43:17 +0800] "GET /xingrg/all/function/internal_message.html?_=1603503887340&CODE_STATE=getMsg HTTP/1.1" 200 27
58.221.95.50 - - [24/Oct/2020:09:43:23 +0800] "GET /xingrg/all/function/internal_message.html?_=1603503979227&CODE_STATE=getMsg HTTP/1.1" 200 27
180.162.245.190 - - [24/Oct/2020:09:43:25 +0800] "GET /xingrg/all/function/internal_message.html?_=1603503804855&CODE_STATE=getMsg HTTP/1.1" 200 27
222.69.128.52 - - [24/Oct/2020:09:43:29 +0800] "GET /xingrg/all/function/internal_message.html?_=1603503802810&CODE_STATE=getMsg HTTP/1.1" 200 27
114.84.37.38 - - [24/Oct/2020:09:43:31 +0800] "GET /xingrg/all/function/internal_message.html?_=1603503822202&CODE_STATE=getMsg HTTP/1.1" 200 27
114.84.145.85 - - [24/Oct/2020:09:43:32 +0800] "GET /xingrg/all/function/internal_message.html?_=1603503412827&CODE_STATE=getMsg HTTP/1.1" 200 27
117.131.5.26 - - [24/Oct/2020:09:43:32 +0800] "GET /xingrg/all/function/internal_message.html?_=1603503835407&CODE_STATE=getMsg HTTP/1.1" 200 27
114.84.37.38 - - [24/Oct/2020:09:43:35 +0800] "POST /xingrg/services/DataTransmitService HTTP/1.1" 200 524
114.84.37.38 - - [24/Oct/2020:09:43:35 +0800] "POST /xingrg/services/DataTransmitService HTTP/1.1" 200 1863
114.84.37.38 - - [24/Oct/2020:09:43:37 +0800] "POST /xingrg/services/DataTransmitService HTTP/1.1" 200 524
114.84.37.38 - - [24/Oct/2020:09:43:37 +0800] "POST /xingrg/services/DataTransmitService HTTP/1.1" 200 1863
172.17.0.101 - - [24/Oct/2020:09:43:37 +0800] "GET /xingrg/all/function/internal_message.html?_=1603503811337&CODE_STATE=getMsg HTTP/1.1" 200 27
172.17.0.185 - - [24/Oct/2020:09:43:37 +0800] "GET /xingrg/all/function/internal_message.html?_=1603503813143&CODE_STATE=getMsg HTTP/1.1" 200 27
114.84.37.38 - - [24/Oct/2020:09:43:38 +0800] "POST /xingrg/services/DataTransmitService HTTP/1.1" 200 524
114.84.37.38 - - [24/Oct/2020:09:43:38 +0800] "POST /xingrg/services/DataTransmitService HTTP/1.1" 200 1863
114.84.37.38 - - [24/Oct/2020:09:43:40 +0800] "POST /xingrg/services/DataTransmitService HTTP/1.1" 200 524
114.84.37.38 - - [24/Oct/2020:09:43:40 +0800] "POST /xingrg/services/DataTransmitService HTTP/1.1" 200 1863
114.84.37.38 - - [24/Oct/2020:09:43:42 +0800] "POST /xingrg/services/DataTransmitService HTTP/1.1" 200 524
114.84.37.38 - - [24/Oct/2020:09:43:42 +0800] "POST /xingrg/services/DataTransmitService HTTP/1.1" 200 1863
114.88.166.242 - - [24/Oct/2020:09:43:43 +0800] "GET /xingrg/check_reg.html?_=1603503814385 HTTP/1.1" 200 22
114.84.37.38 - - [24/Oct/2020:09:43:52 +0800] "GET /xingrg/all/function/internal_message.html?_=1603503847675&CODE_STATE=getMsg HTTP/1.1" 200 27
114.84.145.85 - - [24/Oct/2020:09:43:57 +0800] "GET /xingrg/check_reg.html?_=1603503438506 HTTP/1.1" 200 22
120.253.135.82 - - [24/Oct/2020:09:44:02 +0800] "GET /xingrg/all/function/internal_message.html?_=1603503584676&CODE_STATE=getMsg HTTP/1.1" 200 27
124.77.70.31 - - [24/Oct/2020:09:44:02 +0800] "GET /xingrg/check_reg.html?_=1603503833994 HTTP/1.1" 200 22
124.77.70.31 - - [24/Oct/2020:09:44:02 +0800] "GET /xingrg/all/function/internal_message.html?_=1603503834192&CODE_STATE=getMsg HTTP/1.1" 200 27
116.232.54.8 - - [24/Oct/2020:09:44:03 +0800] "GET /xingrg/all/function/internal_message.html?_=1603503848606&CODE_STATE=getMsg HTTP/1.1" 200 27
180.161.96.95 - - [24/Oct/2020:09:44:05 +0800] "GET /xingrg/all/function/internal_message.html?_=1603503845699&CODE_STATE=getMsg HTTP/1.1" 200 27
180.174.56.115 - - [24/Oct/2020:09:44:11 +0800] "GET /xingrg/all/function/internal_message.html?_=1603503820185&CODE_STATE=getMsg HTTP/1.1" 200 27
114.88.166.242 - - [24/Oct/2020:09:44:17 +0800] "GET /xingrg/all/function/internal_message.html?_=1603503947320&CODE_STATE=getMsg HTTP/1.1" 200 27
58.221.95.50 - - [24/Oct/2020:09:44:23 +0800] "GET /xingrg/all/function/internal_message.html?_=1603504039226&CODE_STATE=getMsg HTTP/1.1" 200 27
180.162.245.190 - - [24/Oct/2020:09:44:25 +0800] "GET /xingrg/all/function/internal_message.html?_=1603503864833&CODE_STATE=getMsg HTTP/1.1" 200 27
222.69.128.52 - - [24/Oct/2020:09:44:29 +0800] "GET /xingrg/all/function/internal_message.html?_=1603503862795&CODE_STATE=getMsg HTTP/1.1" 200 27
114.84.37.38 - - [24/Oct/2020:09:44:31 +0800] "GET /xingrg/all/function/internal_message.html?_=1603503882216&CODE_STATE=getMsg HTTP/1.1" 200 27
114.84.145.85 - - [24/Oct/2020:09:44:32 +0800] "GET /xingrg/all/function/internal_message.html?_=1603503472798&CODE_STATE=getMsg HTTP/1.1" 200 27
117.131.5.26 - - [24/Oct/2020:09:44:32 +0800] "GET /xingrg/all/function/internal_message.html?_=1603503895406&CODE_STATE=getMsg HTTP/1.1" 200 27
117.184.7.26 - - [24/Oct/2020:09:44:35 +0800] "GET /xingrg/check_reg.html?_=1603503853758 HTTP/1.1" 200 22
172.17.0.101 - - [24/Oct/2020:09:44:37 +0800] "GET /xingrg/all/function/internal_message.html?_=1603503871315&CODE_STATE=getMsg HTTP/1.1" 200 27
172.17.0.185 - - [24/Oct/2020:09:44:37 +0800] "GET /xingrg/all/function/internal_message.html?_=1603503873151&CODE_STATE=getMsg HTTP/1.1" 200 27
172.17.0.185 - - [24/Oct/2020:09:44:37 +0800] "GET /xingrg/check_reg.html?_=1603503873153 HTTP/1.1" 200 22
114.84.37.38 - - [24/Oct/2020:09:44:52 +0800] "GET /xingrg/all/function/internal_message.html?_=1603503908045&CODE_STATE=getMsg HTTP/1.1" 200 27
120.253.135.82 - - [24/Oct/2020:09:45:02 +0800] "GET /xingrg/all/function/internal_message.html?_=1603503644688&CODE_STATE=getMsg HTTP/1.1" 200 27
124.77.70.31 - - [24/Oct/2020:09:45:02 +0800] "GET /xingrg/all/function/internal_message.html?_=1603503894176&CODE_STATE=getMsg HTTP/1.1" 200 27
116.232.54.8 - - [24/Oct/2020:09:45:03 +0800] "GET /xingrg/check_reg.html?_=1603503908605 HTTP/1.1" 200 22
116.232.54.8 - - [24/Oct/2020:09:45:03 +0800] "GET /xingrg/all/function/internal_message.html?_=1603503908606&CODE_STATE=getMsg HTTP/1.1" 200 27
114.84.37.38 - - [24/Oct/2020:09:45:05 +0800] "GET /xingrg/check_reg.html?_=1603503920174 HTTP/1.1" 200 22
180.161.96.95 - - [24/Oct/2020:09:45:05 +0800] "GET /xingrg/all/function/internal_message.html?_=1603503905713&CODE_STATE=getMsg HTTP/1.1" 200 27
180.174.56.115 - - [24/Oct/2020:09:45:10 +0800] "GET /xingrg/check_reg.html?_=1603503879879 HTTP/1.1" 200 22
180.174.56.115 - - [24/Oct/2020:09:45:11 +0800] "GET /xingrg/all/function/internal_message.html?_=1603503880199&CODE_STATE=getMsg HTTP/1.1" 200 27
114.88.166.242 - - [24/Oct/2020:09:45:17 +0800] "GET /xingrg/all/function/internal_message.html?_=1603504007316&CODE_STATE=getMsg HTTP/1.1" 200 27
114.88.166.242 - - [24/Oct/2020:09:45:18 +0800] "GET /xingrg/check_reg.html?_=1603504007646 HTTP/1.1" 200 22
58.221.95.50 - - [24/Oct/2020:09:45:23 +0800] "GET /xingrg/all/function/internal_message.html?_=1603504099226&CODE_STATE=getMsg HTTP/1.1" 200 27
180.162.245.190 - - [24/Oct/2020:09:45:25 +0800] "GET /xingrg/all/function/internal_message.html?_=1603503924811&CODE_STATE=getMsg HTTP/1.1" 200 27
180.162.245.190 - - [24/Oct/2020:09:45:25 +0800] "GET /xingrg/check_reg.html?_=1603503924813 HTTP/1.1" 200 22
222.69.128.52 - - [24/Oct/2020:09:45:29 +0800] "GET /xingrg/all/function/internal_message.html?_=1603503922778&CODE_STATE=getMsg HTTP/1.1" 200 27
114.84.37.38 - - [24/Oct/2020:09:45:31 +0800] "GET /xingrg/all/function/internal_message.html?_=1603503942401&CODE_STATE=getMsg HTTP/1.1" 200 27
114.84.145.85 - - [24/Oct/2020:09:45:32 +0800] "GET /xingrg/all/function/internal_message.html?_=1603503532777&CODE_STATE=getMsg HTTP/1.1" 200 27
117.131.5.26 - - [24/Oct/2020:09:45:32 +0800] "GET /xingrg/all/function/internal_message.html?_=1603503955405&CODE_STATE=getMsg HTTP/1.1" 200 27
117.131.5.26 - - [24/Oct/2020:09:45:32 +0800] "GET /xingrg/check_reg.html?_=1603503955407 HTTP/1.1" 200 22
172.17.0.101 - - [24/Oct/2020:09:45:37 +0800] "GET /xingrg/all/function/internal_message.html?_=1603503931297&CODE_STATE=getMsg HTTP/1.1" 200 27
180.161.99.89 - - [24/Oct/2020:09:45:37 +0800] "GET /favicon.ico HTTP/1.1" 404 -
172.17.0.185 - - [24/Oct/2020:09:45:37 +0800] "GET /xingrg/all/function/internal_message.html?_=1603503933156&CODE_STATE=getMsg HTTP/1.1" 200 27
114.84.37.38 - - [24/Oct/2020:09:45:52 +0800] "GET /xingrg/all/function/internal_message.html?_=1603503968061&CODE_STATE=getMsg HTTP/1.1" 200 27
180.162.245.190 - - [24/Oct/2020:09:45:57 +0800] "POST /xingrg/kc/buy/cgsh_order_operate.html HTTP/1.1" 200 37
180.162.245.190 - - [24/Oct/2020:09:45:58 +0800] "POST /xingrg/kc/buy/cgsh_order_operate.html HTTP/1.1" 200 57022
120.253.135.82 - - [24/Oct/2020:09:46:02 +0800] "GET /xingrg/all/function/internal_message.html?_=1603503704718&CODE_STATE=getMsg HTTP/1.1" 200 27
124.77.70.31 - - [24/Oct/2020:09:46:02 +0800] "GET /xingrg/all/function/internal_message.html?_=1603503954158&CODE_STATE=getMsg HTTP/1.1" 200 27
116.232.54.8 - - [24/Oct/2020:09:46:03 +0800] "GET /xingrg/all/function/internal_message.html?_=1603503968603&CODE_STATE=getMsg HTTP/1.1" 200 27
180.162.245.190 - - [24/Oct/2020:09:46:03 +0800] "GET /xingrg/kc/buy/cgsh_order_add.html HTTP/1.1" 200 60173
180.162.245.190 - - [24/Oct/2020:09:46:04 +0800] "GET /xingrg/javascript/easyui/themes/default/validatebox.css HTTP/1.1" 404 1104
180.162.245.190 - - [24/Oct/2020:09:46:04 +0800] "POST /xingrg/kc/buy/cgsh_order_operate.html HTTP/1.1" 200 8245
180.161.96.95 - - [24/Oct/2020:09:46:05 +0800] "GET /xingrg/all/function/internal_message.html?_=1603503965733&CODE_STATE=getMsg HTTP/1.1" 200 27
180.174.56.115 - - [24/Oct/2020:09:46:11 +0800] "GET /xingrg/all/function/internal_message.html?_=1603503940212&CODE_STATE=getMsg HTTP/1.1" 200 27
180.162.245.190 - - [24/Oct/2020:09:46:14 +0800] "GET /xingrg/kc/buy/cgsh_order_operate.html?command=get_materiel&rest_code=00105&code=00101009001&supplier_code=00100024&order_time=2020-10-24 HTTP/1.1" 200 439
114.88.166.242 - - [24/Oct/2020:09:46:17 +0800] "GET /xingrg/all/function/internal_message.html?_=1603504067296&CODE_STATE=getMsg HTTP/1.1" 200 27
58.221.95.50 - - [24/Oct/2020:09:46:23 +0800] "GET /xingrg/all/function/internal_message.html?_=1603504159227&CODE_STATE=getMsg HTTP/1.1" 200 27
58.221.95.50 - - [24/Oct/2020:09:46:23 +0800] "GET /xingrg/check_reg.html?_=1603504159567 HTTP/1.1" 200 22
180.162.245.190 - - [24/Oct/2020:09:46:25 +0800] "GET /xingrg/all/function/internal_message.html?_=1603503984812&CODE_STATE=getMsg HTTP/1.1" 200 27
58.40.7.146 - - [24/Oct/2020:09:46:28 +0800] "POST /xingrg/services/DataTransmitService HTTP/1.1" 200 524
222.69.128.52 - - [24/Oct/2020:09:46:29 +0800] "GET /xingrg/all/function/internal_message.html?_=1603503982763&CODE_STATE=getMsg HTTP/1.1" 200 27
114.84.37.38 - - [24/Oct/2020:09:46:31 +0800] "GET /xingrg/all/function/internal_message.html?_=1603504002415&CODE_STATE=getMsg HTTP/1.1" 200 27
114.84.145.85 - - [24/Oct/2020:09:46:32 +0800] "GET /xingrg/all/function/internal_message.html?_=1603503592755&CODE_STATE=getMsg HTTP/1.1" 200 27
180.162.245.190 - - [24/Oct/2020:09:46:32 +0800] "GET /xingrg/kc/buy/cgsh_order_operate.html?command=get_materiel&rest_code=00105&code=00101009062&supplier_code=00100024&order_time=2020-10-24 HTTP/1.1" 200 434
117.131.5.26 - - [24/Oct/2020:09:46:32 +0800] "GET /xingrg/all/function/internal_message.html?_=1603504015405&CODE_STATE=getMsg HTTP/1.1" 200 27
172.17.0.101 - - [24/Oct/2020:09:46:37 +0800] "GET /xingrg/all/function/internal_message.html?_=1603503991273&CODE_STATE=getMsg HTTP/1.1" 200 27
172.17.0.185 - - [24/Oct/2020:09:46:37 +0800] "GET /xingrg/all/function/internal_message.html?_=1603503993145&CODE_STATE=getMsg HTTP/1.1" 200 27
180.162.245.190 - - [24/Oct/2020:09:46:39 +0800] "GET /xingrg/kc/buy/cgsh_order_operate.html?command=get_materiel&rest_code=00105&code=00101009019&supplier_code=00100024&order_time=2020-10-24 HTTP/1.1" 200 433
180.162.245.190 - - [24/Oct/2020:09:46:47 +0800] "GET /xingrg/kc/buy/cgsh_order_operate.html?command=get_materiel&rest_code=00105&code=00101008507&supplier_code=00100024&order_time=2020-10-24 HTTP/1.1" 200 395
114.84.37.38 - - [24/Oct/2020:09:46:53 +0800] "GET /xingrg/all/function/internal_message.html?_=1603504028074&CODE_STATE=getMsg HTTP/1.1" 200 27
120.253.135.82 - - [24/Oct/2020:09:47:02 +0800] "GET /xingrg/all/function/internal_message.html?_=1603503764732&CODE_STATE=getMsg HTTP/1.1" 200 27
124.77.70.31 - - [24/Oct/2020:09:47:02 +0800] "GET /xingrg/all/function/internal_message.html?_=1603504014149&CODE_STATE=getMsg HTTP/1.1" 200 27
116.232.54.8 - - [24/Oct/2020:09:47:03 +0800] "GET /xingrg/all/function/internal_message.html?_=1603504028604&CODE_STATE=getMsg HTTP/1.1" 200 27
180.162.245.190 - - [24/Oct/2020:09:47:04 +0800] "GET /xingrg/kc/buy/cgsh_order_operate.html?command=get_materiel&rest_code=00105&code=00101009013&supplier_code=00100024&order_time=2020-10-24 HTTP/1.1" 200 420
180.161.96.95 - - [24/Oct/2020:09:47:05 +0800] "GET /xingrg/all/function/internal_message.html?_=1603504025750&CODE_STATE=getMsg HTTP/1.1" 200 27
180.174.56.115 - - [24/Oct/2020:09:47:11 +0800] "GET /xingrg/all/function/internal_message.html?_=1603504000227&CODE_STATE=getMsg HTTP/1.1" 200 27
114.88.166.242 - - [24/Oct/2020:09:47:17 +0800] "GET /xingrg/all/function/internal_message.html?_=1603504127274&CODE_STATE=getMsg HTTP/1.1" 200 27
58.221.95.50 - - [24/Oct/2020:09:47:23 +0800] "GET /xingrg/all/function/internal_message.html?_=1603504219241&CODE_STATE=getMsg HTTP/1.1" 200 27
180.162.245.190 - - [24/Oct/2020:09:47:25 +0800] "GET /xingrg/all/function/internal_message.html?_=1603504044818&CODE_STATE=getMsg HTTP/1.1" 200 27
114.84.37.38 - - [24/Oct/2020:09:47:29 +0800] "GET /xingrg/check_reg.html?_=1603504060399 HTTP/1.1" 200 22
222.69.128.52 - - [24/Oct/2020:09:47:29 +0800] "GET /xingrg/all/function/internal_message.html?_=1603504042748&CODE_STATE=getMsg HTTP/1.1" 200 27
222.69.128.52 - - [24/Oct/2020:09:47:30 +0800] "GET /xingrg/check_reg.html?_=1603504043795 HTTP/1.1" 200 22
180.162.245.190 - - [24/Oct/2020:09:47:31 +0800] "GET /xingrg/kc/buy/cgsh_order_operate.html?command=get_materiel&rest_code=00105&code=00101009021&supplier_code=00100024&order_time=2020-10-24 HTTP/1.1" 200 416
114.84.37.38 - - [24/Oct/2020:09:47:31 +0800] "GET /xingrg/all/function/internal_message.html?_=1603504062428&CODE_STATE=getMsg HTTP/1.1" 200 27
114.84.145.85 - - [24/Oct/2020:09:47:31 +0800] "GET /xingrg/all/function/internal_message.html?_=1603503652722&CODE_STATE=getMsg HTTP/1.1" 200 27
117.131.5.26 - - [24/Oct/2020:09:47:32 +0800] "GET /xingrg/all/function/internal_message.html?_=1603504075404&CODE_STATE=getMsg HTTP/1.1" 200 27
172.17.0.101 - - [24/Oct/2020:09:47:37 +0800] "GET /xingrg/all/function/internal_message.html?_=1603504051253&CODE_STATE=getMsg HTTP/1.1" 200 27
172.17.0.185 - - [24/Oct/2020:09:47:37 +0800] "GET /xingrg/all/function/internal_message.html?_=1603504053149&CODE_STATE=getMsg HTTP/1.1" 200 27
180.162.245.190 - - [24/Oct/2020:09:47:46 +0800] "GET /xingrg/kc/buy/cgsh_order_operate.html?command=get_materiel&rest_code=00105&code=00101009011&supplier_code=00100024&order_time=2020-10-24 HTTP/1.1" 200 416
180.162.245.190 - - [24/Oct/2020:09:47:52 +0800] "GET /xingrg/kc/buy/cgsh_order_operate.html?command=get_materiel&rest_code=00105&code=00101009016&supplier_code=00100024&order_time=2020-10-24 HTTP/1.1" 200 433
114.84.37.38 - - [24/Oct/2020:09:47:53 +0800] "GET /xingrg/all/function/internal_message.html?_=1603504088448&CODE_STATE=getMsg HTTP/1.1" 200 27
120.253.135.82 - - [24/Oct/2020:09:48:02 +0800] "GET /xingrg/check_reg.html?_=1603503824313 HTTP/1.1" 200 22
120.253.135.82 - - [24/Oct/2020:09:48:02 +0800] "GET /xingrg/all/function/internal_message.html?_=1603503824744&CODE_STATE=getMsg HTTP/1.1" 200 27
124.77.70.31 - - [24/Oct/2020:09:48:02 +0800] "GET /xingrg/all/function/internal_message.html?_=1603504074145&CODE_STATE=getMsg HTTP/1.1" 200 27
116.232.54.8 - - [24/Oct/2020:09:48:03 +0800] "GET /xingrg/all/function/internal_message.html?_=1603504088601&CODE_STATE=getMsg HTTP/1.1" 200 27
180.161.96.95 - - [24/Oct/2020:09:48:05 +0800] "GET /xingrg/check_reg.html?_=1603504085426 HTTP/1.1" 200 22
180.161.96.95 - - [24/Oct/2020:09:48:05 +0800] "GET /xingrg/all/function/internal_message.html?_=1603504085753&CODE_STATE=getMsg HTTP/1.1" 200 27
172.17.0.101 - - [24/Oct/2020:09:48:07 +0800] "GET /xingrg/check_reg.html?_=1603504080661 HTTP/1.1" 200 22
180.162.245.190 - - [24/Oct/2020:09:48:09 +0800] "GET /xingrg/kc/buy/cgsh_order_operate.html?command=get_materiel&rest_code=00105&code=00102002891&supplier_code=00100024&order_time=2020-10-24 HTTP/1.1" 200 394
180.174.56.115 - - [24/Oct/2020:09:48:11 +0800] "GET /xingrg/all/function/internal_message.html?_=1603504060240&CODE_STATE=getMsg HTTP/1.1" 200 27
180.162.245.190 - - [24/Oct/2020:09:48:15 +0800] "GET /xingrg/kc/buy/cgsh_order_operate.html?command=get_materiel&rest_code=00105&code=00101009007&supplier_code=00100024&order_time=2020-10-24 HTTP/1.1" 200 408
114.88.166.242 - - [24/Oct/2020:09:48:17 +0800] "GET /xingrg/all/function/internal_message.html?_=1603504187250&CODE_STATE=getMsg HTTP/1.1" 200 27
58.221.95.50 - - [24/Oct/2020:09:48:23 +0800] "GET /xingrg/all/function/internal_message.html?_=1603504279227&CODE_STATE=getMsg HTTP/1.1" 200 27
180.162.245.190 - - [24/Oct/2020:09:48:25 +0800] "GET /xingrg/all/function/internal_message.html?_=1603504104769&CODE_STATE=getMsg HTTP/1.1" 200 27
222.69.128.52 - - [24/Oct/2020:09:48:29 +0800] "GET /xingrg/all/function/internal_message.html?_=1603504102726&CODE_STATE=getMsg HTTP/1.1" 200 27
114.84.37.38 - - [24/Oct/2020:09:48:31 +0800] "GET /xingrg/all/function/internal_message.html?_=1603504122442&CODE_STATE=getMsg HTTP/1.1" 200 27
114.84.145.85 - - [24/Oct/2020:09:48:31 +0800] "GET /xingrg/all/function/internal_message.html?_=1603503712692&CODE_STATE=getMsg HTTP/1.1" 200 27
117.131.5.26 - - [24/Oct/2020:09:48:32 +0800] "GET /xingrg/all/function/internal_message.html?_=1603504135402&CODE_STATE=getMsg HTTP/1.1" 200 27
172.17.0.101 - - [24/Oct/2020:09:48:37 +0800] "GET /xingrg/all/function/internal_message.html?_=1603504111227&CODE_STATE=getMsg HTTP/1.1" 200 27
180.162.245.190 - - [24/Oct/2020:09:48:37 +0800] "POST /xingrg/kc/buy/cgsh_order_operate.html HTTP/1.1" 200 37
172.17.0.185 - - [24/Oct/2020:09:48:37 +0800] "GET /xingrg/all/function/internal_message.html?_=1603504113154&CODE_STATE=getMsg HTTP/1.1" 200 27
180.162.245.190 - - [24/Oct/2020:09:48:38 +0800] "POST /xingrg/kc/buy/cgsh_order_operate.html HTTP/1.1" 200 9210
114.88.166.242 - - [24/Oct/2020:09:48:43 +0800] "GET /xingrg/check_reg.html?_=1603504114391 HTTP/1.1" 200 22
114.84.37.38 - - [24/Oct/2020:09:48:53 +0800] "GET /xingrg/all/function/internal_message.html?_=1603504148461&CODE_STATE=getMsg HTTP/1.1" 200 27
114.84.145.85 - - [24/Oct/2020:09:48:57 +0800] "GET /xingrg/check_reg.html?_=1603503738523 HTTP/1.1" 200 22
120.253.135.82 - - [24/Oct/2020:09:49:02 +0800] "GET /xingrg/all/function/internal_message.html?_=1603503884759&CODE_STATE=getMsg HTTP/1.1" 200 27
124.77.70.31 - - [24/Oct/2020:09:49:02 +0800] "GET /xingrg/check_reg.html?_=1603504133977 HTTP/1.1" 200 22
124.77.70.31 - - [24/Oct/2020:09:49:02 +0800] "GET /xingrg/all/function/internal_message.html?_=1603504134119&CODE_STATE=getMsg HTTP/1.1" 200 27
116.232.54.8 - - [24/Oct/2020:09:49:03 +0800] "GET /xingrg/all/function/internal_message.html?_=1603504148600&CODE_STATE=getMsg HTTP/1.1" 200 27
180.161.96.95 - - [24/Oct/2020:09:49:05 +0800] "GET /xingrg/all/function/internal_message.html?_=1603504145776&CODE_STATE=getMsg HTTP/1.1" 200 27
180.174.56.115 - - [24/Oct/2020:09:49:11 +0800] "GET /xingrg/all/function/internal_message.html?_=1603504120253&CODE_STATE=getMsg HTTP/1.1" 200 27
114.88.166.242 - - [24/Oct/2020:09:49:12 +0800] "GET /xingrg/kc/buy/cgsh_order_add.html HTTP/1.1" 200 60126
114.88.166.242 - - [24/Oct/2020:09:49:13 +0800] "POST /xingrg/kc/buy/cgsh_order_operate.html HTTP/1.1" 200 8245
114.88.166.242 - - [24/Oct/2020:09:49:13 +0800] "GET /xingrg/javascript/easyui/themes/default/validatebox.css HTTP/1.1" 404 1104
114.88.166.242 - - [24/Oct/2020:09:49:17 +0800] "GET /xingrg/all/function/internal_message.html?_=1603504247222&CODE_STATE=getMsg HTTP/1.1" 200 27
58.221.95.50 - - [24/Oct/2020:09:49:23 +0800] "GET /xingrg/all/function/internal_message.html?_=1603504339228&CODE_STATE=getMsg HTTP/1.1" 200 27
180.162.245.190 - - [24/Oct/2020:09:49:25 +0800] "GET /xingrg/all/function/internal_message.html?_=1603504164799&CODE_STATE=getMsg HTTP/1.1" 200 27
222.69.128.52 - - [24/Oct/2020:09:49:29 +0800] "GET /xingrg/all/function/internal_message.html?_=1603504162696&CODE_STATE=getMsg HTTP/1.1" 200 27
114.88.166.242 - - [24/Oct/2020:09:49:30 +0800] "GET /xingrg/kc/buy/cgsh_order_operate.html?command=get_materiel&rest_code=00111&code=00101006055&supplier_code=00100012&order_time=2020-10-24 HTTP/1.1" 200 409
114.84.37.38 - - [24/Oct/2020:09:49:31 +0800] "GET /xingrg/all/function/internal_message.html?_=1603504182456&CODE_STATE=getMsg HTTP/1.1" 200 27
114.84.145.85 - - [24/Oct/2020:09:49:31 +0800] "GET /xingrg/all/function/internal_message.html?_=1603503772697&CODE_STATE=getMsg HTTP/1.1" 200 27
117.131.5.26 - - [24/Oct/2020:09:49:32 +0800] "GET /xingrg/all/function/internal_message.html?_=1603504195417&CODE_STATE=getMsg HTTP/1.1" 200 27
117.184.7.26 - - [24/Oct/2020:09:49:35 +0800] "GET /xingrg/check_reg.html?_=1603504153730 HTTP/1.1" 200 22
172.17.0.101 - - [24/Oct/2020:09:49:37 +0800] "GET /xingrg/all/function/internal_message.html?_=1603504171229&CODE_STATE=getMsg HTTP/1.1" 200 27
172.17.0.185 - - [24/Oct/2020:09:49:37 +0800] "GET /xingrg/check_reg.html?_=1603504173156 HTTP/1.1" 200 22
172.17.0.185 - - [24/Oct/2020:09:49:37 +0800] "GET /xingrg/all/function/internal_message.html?_=1603504173160&CODE_STATE=getMsg HTTP/1.1" 200 27
114.88.166.242 - - [24/Oct/2020:09:49:42 +0800] "GET /xingrg/kc/buy/cgsh_order_operate.html?command=get_materiel&rest_code=00111&code=00101006056&supplier_code=00100012&order_time=2020-10-24 HTTP/1.1" 200 413
180.174.56.115 - - [24/Oct/2020:09:49:50 +0800] "POST /xingrg/kc/buy/cgsh_order_operate.html HTTP/1.1" 200 37
180.174.56.115 - - [24/Oct/2020:09:49:52 +0800] "POST /xingrg/kc/buy/cgsh_order_operate.html HTTP/1.1" 200 12
180.174.56.115 - - [24/Oct/2020:09:49:52 +0800] "GET /xingrg/kc/buy/cgsh_order_info.html?code=212020102409773 HTTP/1.1" 200 54687
114.88.166.242 - - [24/Oct/2020:09:49:52 +0800] "GET /xingrg/kc/buy/cgsh_order_operate.html?command=get_materiel&rest_code=00111&code=00101006065&supplier_code=00100012&order_time=2020-10-24 HTTP/1.1" 200 409
180.174.56.115 - - [24/Oct/2020:09:49:53 +0800] "GET /xingrg/javascript/easyui/themes/default/validatebox.css HTTP/1.1" 404 1104
180.174.56.115 - - [24/Oct/2020:09:49:53 +0800] "POST /xingrg/kc/buy/cgsh_order_operate.html HTTP/1.1" 200 28093
114.84.37.38 - - [24/Oct/2020:09:49:53 +0800] "GET /xingrg/all/function/internal_message.html?_=1603504208850&CODE_STATE=getMsg HTTP/1.1" 200 27
180.174.56.115 - - [24/Oct/2020:09:49:55 +0800] "GET /xingrg/kc/print/load_data.html?order_code=212020102409773&kc_code=cgsh&condition= HTTP/1.1" 200 11350
120.253.135.82 - - [24/Oct/2020:09:50:02 +0800] "GET /xingrg/all/function/internal_message.html?_=1603503944772&CODE_STATE=getMsg HTTP/1.1" 200 27
124.77.70.31 - - [24/Oct/2020:09:50:02 +0800] "GET /xingrg/all/function/internal_message.html?_=1603504194099&CODE_STATE=getMsg HTTP/1.1" 200 27
116.232.54.8 - - [24/Oct/2020:09:50:03 +0800] "GET /xingrg/all/function/internal_message.html?_=1603504208599&CODE_STATE=getMsg HTTP/1.1" 200 27
116.232.54.8 - - [24/Oct/2020:09:50:03 +0800] "GET /xingrg/check_reg.html?_=1603504208599 HTTP/1.1" 200 22
114.84.37.38 - - [24/Oct/2020:09:50:05 +0800] "GET /xingrg/check_reg.html?_=1603504220177 HTTP/1.1" 200 22
114.88.166.242 - - [24/Oct/2020:09:50:05 +0800] "GET /xingrg/kc/buy/cgsh_order_operate.html?command=get_materiel&rest_code=00111&code=00101006168&supplier_code=00100012&order_time=2020-10-24 HTTP/1.1" 200 421
180.161.96.95 - - [24/Oct/2020:09:50:05 +0800] "GET /xingrg/all/function/internal_message.html?_=1603504205782&CODE_STATE=getMsg HTTP/1.1" 200 27
180.174.56.115 - - [24/Oct/2020:09:50:10 +0800] "GET /xingrg/check_reg.html?_=1603504179879 HTTP/1.1" 200 22
180.174.56.115 - - [24/Oct/2020:09:50:11 +0800] "GET /xingrg/all/function/internal_message.html?_=1603504180267&CODE_STATE=getMsg HTTP/1.1" 200 27
114.88.166.242 - - [24/Oct/2020:09:50:17 +0800] "GET /xingrg/all/function/internal_message.html?_=1603504307189&CODE_STATE=getMsg HTTP/1.1" 200 27
114.88.166.242 - - [24/Oct/2020:09:50:18 +0800] "GET /xingrg/check_reg.html?_=1603504307624 HTTP/1.1" 200 22
58.221.95.50 - - [24/Oct/2020:09:50:23 +0800] "GET /xingrg/all/function/internal_message.html?_=1603504399228&CODE_STATE=getMsg HTTP/1.1" 200 27
180.162.245.190 - - [24/Oct/2020:09:50:25 +0800] "GET /xingrg/all/function/internal_message.html?_=1603504224720&CODE_STATE=getMsg HTTP/1.1" 200 27
180.162.245.190 - - [24/Oct/2020:09:50:25 +0800] "GET /xingrg/check_reg.html?_=1603504224810 HTTP/1.1" 200 22
114.88.166.242 - - [24/Oct/2020:09:50:26 +0800] "GET /xingrg/kc/buy/cgsh_order_operate.html?command=get_materiel&rest_code=00111&code=00101006128&supplier_code=00100012&order_time=2020-10-24 HTTP/1.1" 200 427
222.69.128.52 - - [24/Oct/2020:09:50:29 +0800] "GET /xingrg/all/function/internal_message.html?_=1603504222691&CODE_STATE=getMsg HTTP/1.1" 200 27
114.84.37.38 - - [24/Oct/2020:09:50:31 +0800] "GET /xingrg/all/function/internal_message.html?_=1603504242640&CODE_STATE=getMsg HTTP/1.1" 200 27
114.84.145.85 - - [24/Oct/2020:09:50:31 +0800] "GET /xingrg/all/function/internal_message.html?_=1603503832665&CODE_STATE=getMsg HTTP/1.1" 200 27
117.131.5.26 - - [24/Oct/2020:09:50:32 +0800] "GET /xingrg/check_reg.html?_=1603504255416 HTTP/1.1" 200 22
117.131.5.26 - - [24/Oct/2020:09:50:32 +0800] "GET /xingrg/all/function/internal_message.html?_=1603504255417&CODE_STATE=getMsg HTTP/1.1" 200 27
180.174.56.115 - - [24/Oct/2020:09:50:34 +0800] "POST /xingrg/all/user/operate.html HTTP/1.1" 200 36
180.174.56.115 - - [24/Oct/2020:09:50:35 +0800] "GET /xingrg/javascript/jquery_easy_ui/themes/default/easyui.css HTTP/1.1" 304 -
180.174.56.115 - - [24/Oct/2020:09:50:35 +0800] "GET /xingrg/index.html?sysBaseUrl=http%3A%2F%2F180.169.147.146%3A18081%2Fxingrg%2F&costTime=43×tamp=1603498502767 HTTP/1.1" 200 17179
180.174.56.115 - - [24/Oct/2020:09:50:35 +0800] "GET /xingrg/javascript/jquery_easy_ui/themes/icon.css HTTP/1.1" 304 -
180.174.56.115 - - [24/Oct/2020:09:50:35 +0800] "GET /xingrg/css/form.css HTTP/1.1" 304 -
180.174.56.115 - - [24/Oct/2020:09:50:35 +0800] "GET /xingrg/javascript/jquery-1.4.2.min.js HTTP/1.1" 304 -
180.174.56.115 - - [24/Oct/2020:09:50:35 +0800] "GET /xingrg/javascript/jquery_easy_ui/jquery.easyui.min.js HTTP/1.1" 304 -
180.174.56.115 - - [24/Oct/2020:09:50:35 +0800] "GET /xingrg/javascript/jquery_easy_ui/easyui-lang-zh_CN.js HTTP/1.1" 304 -
180.174.56.115 - - [24/Oct/2020:09:50:35 +0800] "GET /xingrg/javascript/jquery.form.js HTTP/1.1" 304 -
180.174.56.115 - - [24/Oct/2020:09:50:35 +0800] "GET /xingrg/javascript/jquery.utils.js HTTP/1.1" 304 -
180.174.56.115 - - [24/Oct/2020:09:50:35 +0800] "GET /xingrg/javascript/jquery.timers.js HTTP/1.1" 304 -
180.174.56.115 - - [24/Oct/2020:09:50:35 +0800] "GET /xingrg/images/blue/navBackgound.jpg HTTP/1.1" 304 -
180.174.56.115 - - [24/Oct/2020:09:50:35 +0800] "GET /xingrg/images/blue/jxLogo.png HTTP/1.1" 304 -
180.174.56.115 - - [24/Oct/2020:09:50:35 +0800] "GET /xingrg/javascript/jquery_easy_ui/themes/icons/settle_new.png HTTP/1.1" 304 -
180.174.56.115 - - [24/Oct/2020:09:50:35 +0800] "GET /xingrg/images/blue/pingpu.png HTTP/1.1" 304 -
180.174.56.115 - - [24/Oct/2020:09:50:35 +0800] "POST /xingrg/all/common/load_tree.html?tree=area_rest_tree_json&manage=1 HTTP/1.1" 200 476
180.174.56.115 - - [24/Oct/2020:09:50:35 +0800] "GET /xingrg/javascript/jquery_easy_ui/themes/default/images/tabs_rightarrow.png HTTP/1.1" 304 -
180.174.56.115 - - [24/Oct/2020:09:50:35 +0800] "GET /xingrg/javascript/jquery_easy_ui/themes/default/images/tabs_leftarrow.png HTTP/1.1" 304 -
180.174.56.115 - - [24/Oct/2020:09:50:35 +0800] "GET /xingrg/javascript/jquery_easy_ui/themes/default/images/panel_tool_collapse.gif HTTP/1.1" 304 -
180.174.56.115 - - [24/Oct/2020:09:50:35 +0800] "GET /xingrg/all/function/internal_message.html?_=1603504204967&CODE_STATE=count HTTP/1.1" 200 11
180.174.56.115 - - [24/Oct/2020:09:50:35 +0800] "GET /xingrg/check_reg.html?_=1603504204968 HTTP/1.1" 200 22
180.174.56.115 - - [24/Oct/2020:09:50:35 +0800] "POST /xingrg/load_menu.html HTTP/1.1" 200 5138
172.17.0.101 - - [24/Oct/2020:09:50:37 +0800] "GET /xingrg/all/function/internal_message.html?_=1603504231211&CODE_STATE=getMsg HTTP/1.1" 200 27
172.17.0.185 - - [24/Oct/2020:09:50:37 +0800] "GET /xingrg/all/function/internal_message.html?_=1603504233145&CODE_STATE=getMsg HTTP/1.1" 200 27
114.88.166.242 - - [24/Oct/2020:09:50:38 +0800] "GET /xingrg/kc/buy/cgsh_order_operate.html?command=get_materiel&rest_code=00111&code=00101006111&supplier_code=00100012&order_time=2020-10-24 HTTP/1.1" 200 409
180.174.56.115 - - [24/Oct/2020:09:50:38 +0800] "GET /xingrg/kc/buy/cgsh_order_list.html HTTP/1.1" 200 44394
180.174.56.115 - - [24/Oct/2020:09:50:39 +0800] "POST /xingrg/kc/buy/cgsh_list_operate.html HTTP/1.1" 200 1709
180.174.56.115 - - [24/Oct/2020:09:50:41 +0800] "POST /xingrg/kc/buy/cgsh_list_operate.html HTTP/1.1" 200 568
180.174.56.115 - - [24/Oct/2020:09:50:43 +0800] "GET /xingrg/kc/buy/cgsh_order_info.html?code=212020102409772 HTTP/1.1" 200 60071
180.174.56.115 - - [24/Oct/2020:09:50:44 +0800] "GET /xingrg/javascript/easyui/themes/default/validatebox.css HTTP/1.1" 404 1104
180.174.56.115 - - [24/Oct/2020:09:50:44 +0800] "POST /xingrg/kc/buy/cgsh_order_operate.html HTTP/1.1" 200 27509
114.88.166.242 - - [24/Oct/2020:09:50:46 +0800] "GET /xingrg/kc/buy/cgsh_order_operate.html?command=get_materiel&rest_code=00111&code=00101006109&supplier_code=00100012&order_time=2020-10-24 HTTP/1.1" 200 409
180.162.245.190 - - [24/Oct/2020:09:50:51 +0800] "GET /xingrg/kc/print/load_data.html?order_code=212020102409805&kc_code=cgsh&condition= HTTP/1.1" 200 3178
114.84.37.38 - - [24/Oct/2020:09:50:53 +0800] "GET /xingrg/all/function/internal_message.html?_=1603504268861&CODE_STATE=getMsg HTTP/1.1" 200 27
114.88.166.242 - - [24/Oct/2020:09:50:55 +0800] "GET /xingrg/kc/buy/cgsh_order_operate.html?command=get_materiel&rest_code=00111&code=00101006038&supplier_code=00100012&order_time=2020-10-24 HTTP/1.1" 200 442
180.162.245.190 - - [24/Oct/2020:09:50:56 +0800] "GET /xingrg/kc/buy/cgsh_order_list.html HTTP/1.1" 200 44388
180.162.245.190 - - [24/Oct/2020:09:50:57 +0800] "POST /xingrg/kc/buy/cgsh_list_operate.html HTTP/1.1" 200 3494
180.162.245.190 - - [24/Oct/2020:09:51:00 +0800] "POST /xingrg/kc/buy/cgsh_list_operate.html HTTP/1.1" 200 574
180.162.245.190 - - [24/Oct/2020:09:51:01 +0800] "GET /xingrg/kc/buy/cgsh_order_info.html?code=212020102409779 HTTP/1.1" 200 60176
180.162.245.190 - - [24/Oct/2020:09:51:01 +0800] "GET /xingrg/javascript/easyui/themes/default/validatebox.css HTTP/1.1" 404 1104
180.162.245.190 - - [24/Oct/2020:09:51:01 +0800] "POST /xingrg/kc/buy/cgsh_order_operate.html HTTP/1.1" 200 57022
120.253.135.82 - - [24/Oct/2020:09:51:02 +0800] "GET /xingrg/all/function/internal_message.html?_=1603504004798&CODE_STATE=getMsg HTTP/1.1" 200 27
124.77.70.31 - - [24/Oct/2020:09:51:02 +0800] "GET /xingrg/all/function/internal_message.html?_=1603504254073&CODE_STATE=getMsg HTTP/1.1" 200 27
180.174.56.115 - - [24/Oct/2020:09:51:03 +0800] "GET /xingrg/javascript/auto/indicator.gif HTTP/1.1" 404 1066
116.232.54.8 - - [24/Oct/2020:09:51:03 +0800] "GET /xingrg/all/function/internal_message.html?_=1603504268620&CODE_STATE=getMsg HTTP/1.1" 200 27
180.162.245.190 - - [24/Oct/2020:09:51:03 +0800] "GET /xingrg/kc/print/load_data.html?order_code=212020102409779&kc_code=cgsh&condition= HTTP/1.1" 200 21146
180.161.96.95 - - [24/Oct/2020:09:51:05 +0800] "GET /xingrg/all/function/internal_message.html?_=1603504265802&CODE_STATE=getMsg HTTP/1.1" 200 27
180.174.56.115 - - [24/Oct/2020:09:51:06 +0800] "GET /xingrg/kc/buy/cgsh_order_operate.html?command=get_materiel&rest_code=00150&code=00101008349&supplier_code=00100007&order_time=2020-10-24 HTTP/1.1" 200 412
114.88.166.242 - - [24/Oct/2020:09:51:08 +0800] "POST /xingrg/kc/buy/cgsh_order_operate.html HTTP/1.1" 200 37
114.88.166.242 - - [24/Oct/2020:09:51:09 +0800] "POST /xingrg/kc/buy/cgsh_order_operate.html HTTP/1.1" 200 6828
114.88.166.242 - - [24/Oct/2020:09:51:11 +0800] "GET /xingrg/kc/print/load_data.html?order_code=212020102409806&kc_code=cgsh&condition= HTTP/1.1" 200 2369
114.88.166.242 - - [24/Oct/2020:09:51:17 +0800] "GET /xingrg/all/function/internal_message.html?_=1603504367158&CODE_STATE=getMsg HTTP/1.1" 200 27
58.221.95.50 - - [24/Oct/2020:09:51:23 +0800] "GET /xingrg/all/function/internal_message.html?_=1603504459228&CODE_STATE=getMsg HTTP/1.1" 200 27
58.221.95.50 - - [24/Oct/2020:09:51:23 +0800] "GET /xingrg/check_reg.html?_=1603504459543 HTTP/1.1" 200 22
180.162.245.190 - - [24/Oct/2020:09:51:25 +0800] "GET /xingrg/all/function/internal_message.html?_=1603504284708&CODE_STATE=getMsg HTTP/1.1" 200 27
222.69.128.52 - - [24/Oct/2020:09:51:29 +0800] "GET /xingrg/all/function/internal_message.html?_=1603504282676&CODE_STATE=getMsg HTTP/1.1" 200 27
114.84.37.38 - - [24/Oct/2020:09:51:31 +0800] "GET /xingrg/all/function/internal_message.html?_=1603504302654&CODE_STATE=getMsg HTTP/1.1" 200 27
114.84.145.85 - - [24/Oct/2020:09:51:31 +0800] "GET /xingrg/all/function/internal_message.html?_=1603503892644&CODE_STATE=getMsg HTTP/1.1" 200 27
117.131.5.26 - - [24/Oct/2020:09:51:32 +0800] "GET /xingrg/all/function/internal_message.html?_=1603504315416&CODE_STATE=getMsg HTTP/1.1" 200 27
180.174.56.115 - - [24/Oct/2020:09:51:35 +0800] "GET /xingrg/all/function/internal_message.html?_=1603504264975&CODE_STATE=getMsg HTTP/1.1" 200 27
172.17.0.101 - - [24/Oct/2020:09:51:37 +0800] "GET /xingrg/all/function/internal_message.html?_=1603504291180&CODE_STATE=getMsg HTTP/1.1" 200 27
172.17.0.185 - - [24/Oct/2020:09:51:37 +0800] "GET /xingrg/all/function/internal_message.html?_=1603504293150&CODE_STATE=getMsg HTTP/1.1" 200 27
180.174.56.115 - - [24/Oct/2020:09:51:46 +0800] "GET /xingrg/kc/buy/cgsh_order_operate.html?command=get_materiel&rest_code=00150&code=00101008027&supplier_code=00100007&order_time=2020-10-24 HTTP/1.1" 200 408
114.84.37.38 - - [24/Oct/2020:09:51:53 +0800] "GET /xingrg/all/function/internal_message.html?_=1603504328874&CODE_STATE=getMsg HTTP/1.1" 200 27
180.174.56.115 - - [24/Oct/2020:09:51:58 +0800] "POST /xingrg/kc/buy/cgsh_order_operate.html HTTP/1.1" 200 37
180.174.56.115 - - [24/Oct/2020:09:51:59 +0800] "POST /xingrg/kc/buy/cgsh_order_operate.html HTTP/1.1" 200 28101
120.253.135.82 - - [24/Oct/2020:09:52:02 +0800] "GET /xingrg/all/function/internal_message.html?_=1603504064799&CODE_STATE=getMsg HTTP/1.1" 200 27
124.77.70.31 - - [24/Oct/2020:09:52:02 +0800] "GET /xingrg/all/function/internal_message.html?_=1603504314068&CODE_STATE=getMsg HTTP/1.1" 200 27
116.232.54.8 - - [24/Oct/2020:09:52:03 +0800] "GET /xingrg/all/function/internal_message.html?_=1603504328633&CODE_STATE=getMsg HTTP/1.1" 200 27
180.161.96.95 - - [24/Oct/2020:09:52:05 +0800] "GET /xingrg/all/function/internal_message.html?_=1603504325809&CODE_STATE=getMsg HTTP/1.1" 200 27
114.88.166.242 - - [24/Oct/2020:09:52:17 +0800] "GET /xingrg/all/function/internal_message.html?_=1603504427130&CODE_STATE=getMsg HTTP/1.1" 200 27
58.221.95.50 - - [24/Oct/2020:09:52:23 +0800] "GET /xingrg/all/function/internal_message.html?_=1603504519230&CODE_STATE=getMsg HTTP/1.1" 200 27
180.162.245.190 - - [24/Oct/2020:09:52:25 +0800] "GET /xingrg/all/function/internal_message.html?_=1603504344694&CODE_STATE=getMsg HTTP/1.1" 200 27
222.69.128.52 - - [24/Oct/2020:09:52:29 +0800] "GET /xingrg/all/function/internal_message.html?_=1603504342654&CODE_STATE=getMsg HTTP/1.1" 200 27
114.84.37.38 - - [24/Oct/2020:09:52:29 +0800] "GET /xingrg/check_reg.html?_=1603504360575 HTTP/1.1" 200 22
222.69.128.52 - - [24/Oct/2020:09:52:30 +0800] "GET /xingrg/check_reg.html?_=1603504343786 HTTP/1.1" 200 22
114.84.37.38 - - [24/Oct/2020:09:52:31 +0800] "GET /xingrg/all/function/internal_message.html?_=1603504362668&CODE_STATE=getMsg HTTP/1.1" 200 27
114.84.145.85 - - [24/Oct/2020:09:52:31 +0800] "GET /xingrg/all/function/internal_message.html?_=1603503952620&CODE_STATE=getMsg HTTP/1.1" 200 27
117.131.5.26 - - [24/Oct/2020:09:52:32 +0800] "GET /xingrg/all/function/internal_message.html?_=1603504375415&CODE_STATE=getMsg HTTP/1.1" 200 27
180.174.56.115 - - [24/Oct/2020:09:52:35 +0800] "GET /xingrg/all/function/internal_message.html?_=1603504324989&CODE_STATE=getMsg HTTP/1.1" 200 27
172.17.0.101 - - [24/Oct/2020:09:52:37 +0800] "GET /xingrg/all/function/internal_message.html?_=1603504351155&CODE_STATE=getMsg HTTP/1.1" 200 27
172.17.0.185 - - [24/Oct/2020:09:52:37 +0800] "GET /xingrg/all/function/internal_message.html?_=1603504353153&CODE_STATE=getMsg HTTP/1.1" 200 27
114.84.37.38 - - [24/Oct/2020:09:52:54 +0800] "GET /xingrg/all/function/internal_message.html?_=1603504389297&CODE_STATE=getMsg HTTP/1.1" 200 27
120.253.135.82 - - [24/Oct/2020:09:53:02 +0800] "GET /xingrg/check_reg.html?_=1603504124327 HTTP/1.1" 200 22
120.253.135.82 - - [24/Oct/2020:09:53:02 +0800] "GET /xingrg/all/function/internal_message.html?_=1603504124813&CODE_STATE=getMsg HTTP/1.1" 200 27
124.77.70.31 - - [24/Oct/2020:09:53:02 +0800] "GET /xingrg/all/function/internal_message.html?_=1603504374062&CODE_STATE=getMsg HTTP/1.1" 200 27
116.232.54.8 - - [24/Oct/2020:09:53:03 +0800] "GET /xingrg/all/function/internal_message.html?_=1603504388631&CODE_STATE=getMsg HTTP/1.1" 200 27
180.161.96.95 - - [24/Oct/2020:09:53:05 +0800] "GET /xingrg/check_reg.html?_=1603504385437 HTTP/1.1" 200 22
180.161.96.95 - - [24/Oct/2020:09:53:05 +0800] "GET /xingrg/all/function/internal_message.html?_=1603504385829&CODE_STATE=getMsg HTTP/1.1" 200 27
172.17.0.101 - - [24/Oct/2020:09:53:07 +0800] "GET /xingrg/check_reg.html?_=1603504380688 HTTP/1.1" 200 22
114.84.37.38 - - [24/Oct/2020:09:53:14 +0800] "POST /xingrg/services/DataTransmitService HTTP/1.1" 200 524
114.84.37.38 - - [24/Oct/2020:09:53:17 +0800] "POST /xingrg/services/DataTransmitService HTTP/1.1" 200 501
114.88.166.242 - - [24/Oct/2020:09:53:17 +0800] "GET /xingrg/all/function/internal_message.html?_=1603504487101&CODE_STATE=getMsg HTTP/1.1" 200 27
58.221.95.50 - - [24/Oct/2020:09:53:23 +0800] "GET /xingrg/all/function/internal_message.html?_=1603504579229&CODE_STATE=getMsg HTTP/1.1" 200 27
114.84.37.38 - - [24/Oct/2020:09:53:25 +0800] "POST /xingrg/services/DataTransmitService HTTP/1.1" 200 524
114.84.37.38 - - [24/Oct/2020:09:53:25 +0800] "POST /xingrg/services/DataTransmitService HTTP/1.1" 200 501
180.162.245.190 - - [24/Oct/2020:09:53:25 +0800] "GET /xingrg/all/function/internal_message.html?_=1603504404692&CODE_STATE=getMsg HTTP/1.1" 200 27
114.84.37.38 - - [24/Oct/2020:09:53:25 +0800] "POST /xingrg/services/DataTransmitService HTTP/1.1" 200 524
114.84.37.38 - - [24/Oct/2020:09:53:29 +0800] "POST /xingrg/services/DataTransmitService HTTP/1.1" 200 501
114.84.37.38 - - [24/Oct/2020:09:53:29 +0800] "POST /xingrg/services/DataTransmitService HTTP/1.1" 200 501
222.69.128.52 - - [24/Oct/2020:09:53:29 +0800] "GET /xingrg/all/function/internal_message.html?_=1603504402632&CODE_STATE=getMsg HTTP/1.1" 200 27
114.84.37.38 - - [24/Oct/2020:09:53:30 +0800] "POST /xingrg/services/DataTransmitService HTTP/1.1" 200 501
114.84.37.38 - - [24/Oct/2020:09:53:31 +0800] "GET /xingrg/all/function/internal_message.html?_=1603504422682&CODE_STATE=getMsg HTTP/1.1" 200 27
114.84.145.85 - - [24/Oct/2020:09:53:31 +0800] "GET /xingrg/all/function/internal_message.html?_=1603504012588&CODE_STATE=getMsg HTTP/1.1" 200 27
114.84.37.38 - - [24/Oct/2020:09:53:32 +0800] "POST /xingrg/services/DataTransmitService HTTP/1.1" 200 501
117.131.5.26 - - [24/Oct/2020:09:53:32 +0800] "GET /xingrg/all/function/internal_message.html?_=1603504435415&CODE_STATE=getMsg HTTP/1.1" 200 27
114.84.37.38 - - [24/Oct/2020:09:53:33 +0800] "POST /xingrg/services/DataTransmitService HTTP/1.1" 200 501
114.84.37.38 - - [24/Oct/2020:09:53:33 +0800] "POST /xingrg/services/DataTransmitService HTTP/1.1" 200 501
114.84.37.38 - - [24/Oct/2020:09:53:33 +0800] "POST /xingrg/services/DataTransmitService HTTP/1.1" 200 501
114.84.37.38 - - [24/Oct/2020:09:53:33 +0800] "POST /xingrg/services/DataTransmitService HTTP/1.1" 200 501
114.84.37.38 - - [24/Oct/2020:09:53:33 +0800] "POST /xingrg/services/DataTransmitService HTTP/1.1" 200 501
114.84.37.38 - - [24/Oct/2020:09:53:35 +0800] "POST /xingrg/services/DataTransmitService HTTP/1.1" 200 412
180.174.56.115 - - [24/Oct/2020:09:53:35 +0800] "GET /xingrg/all/function/internal_message.html?_=1603504385002&CODE_STATE=getMsg HTTP/1.1" 200 27
172.17.0.101 - - [24/Oct/2020:09:53:37 +0800] "GET /xingrg/all/function/internal_message.html?_=1603504411124&CODE_STATE=getMsg HTTP/1.1" 200 27
172.17.0.185 - - [24/Oct/2020:09:53:37 +0800] "GET /xingrg/all/function/internal_message.html?_=1603504413156&CODE_STATE=getMsg HTTP/1.1" 200 27
114.88.166.242 - - [24/Oct/2020:09:53:43 +0800] "GET /xingrg/check_reg.html?_=1603504414405 HTTP/1.1" 200 22
114.84.37.38 - - [24/Oct/2020:09:53:54 +0800] "GET /xingrg/all/function/internal_message.html?_=1603504449307&CODE_STATE=getMsg HTTP/1.1" 200 27
114.84.145.85 - - [24/Oct/2020:09:53:57 +0800] "GET /xingrg/check_reg.html?_=1603504038531 HTTP/1.1" 200 22
120.253.135.82 - - [24/Oct/2020:09:53:58 +0800] "POST /xingrg/kc/pszx/mdps_list_operate.html HTTP/1.1" 200 5346
124.77.70.31 - - [24/Oct/2020:09:54:02 +0800] "GET /xingrg/check_reg.html?_=1603504433952 HTTP/1.1" 200 22
120.253.135.82 - - [24/Oct/2020:09:54:02 +0800] "GET /xingrg/all/function/internal_message.html?_=1603504184827&CODE_STATE=getMsg HTTP/1.1" 200 27
124.77.70.31 - - [24/Oct/2020:09:54:03 +0800] "GET /xingrg/all/function/internal_message.html?_=1603504434053&CODE_STATE=getMsg HTTP/1.1" 200 27
116.232.54.8 - - [24/Oct/2020:09:54:03 +0800] "GET /xingrg/all/function/internal_message.html?_=1603504448630&CODE_STATE=getMsg HTTP/1.1" 200 27
180.161.96.95 - - [24/Oct/2020:09:54:05 +0800] "GET /xingrg/all/function/internal_message.html?_=1603504445835&CODE_STATE=getMsg HTTP/1.1" 200 27
120.253.135.82 - - [24/Oct/2020:09:54:06 +0800] "POST /xingrg/kc/pszx/mdps_list_operate.html HTTP/1.1" 200 3180
120.253.135.82 - - [24/Oct/2020:09:54:07 +0800] "POST /xingrg/kc/pszx/mdps_list_operate.html HTTP/1.1" 200 602
120.253.135.82 - - [24/Oct/2020:09:54:11 +0800] "GET /xingrg/kc/pszx/mdps_order_info.html?code=312020102300619 HTTP/1.1" 200 23887
120.253.135.82 - - [24/Oct/2020:09:54:11 +0800] "GET /xingrg/javascript/easyui/themes/default/validatebox.css HTTP/1.1" 404 1104
120.253.135.82 - - [24/Oct/2020:09:54:11 +0800] "POST /xingrg/kc/pszx/mdps_order_operate.html HTTP/1.1" 200 5263
114.88.166.242 - - [24/Oct/2020:09:54:17 +0800] "GET /xingrg/all/function/internal_message.html?_=1603504547078&CODE_STATE=getMsg HTTP/1.1" 200 27
120.253.135.82 - - [24/Oct/2020:09:54:23 +0800] "POST /xingrg/kc/pszx/mdps_order_operate.html HTTP/1.1" 200 37
58.221.95.50 - - [24/Oct/2020:09:54:23 +0800] "GET /xingrg/all/function/internal_message.html?_=1603504639228&CODE_STATE=getMsg HTTP/1.1" 200 27
