124.77.70.31 - - [19/Oct/2020:08:48:37 +0800] "POST /xingrg/dwr/call/plaincall/AjaxReportQueryService.refreshCache.dwr HTTP/1.1" 200 78
124.77.70.31 - - [19/Oct/2020:08:48:38 +0800] "POST /xingrg/all/report/load_report_page.html HTTP/1.1" 200 152884
124.77.70.31 - - [19/Oct/2020:08:48:38 +0800] "GET /xingrg/servlets/image?cache=0.6426770250816102&image=px HTTP/1.1" 200 807
124.77.70.31 - - [19/Oct/2020:08:48:40 +0800] "POST /xingrg/all/report/load_report_page.html HTTP/1.1" 200 8715
124.77.70.31 - - [19/Oct/2020:08:48:40 +0800] "GET /xingrg/servlets/image?cache=0.806420043045591&image=px HTTP/1.1" 200 807
172.17.0.103 - - [19/Oct/2020:08:48:41 +0800] "GET /xingrg/kc/base/check_order_list.html?isBack=1 HTTP/1.1" 200 16488
172.17.0.103 - - [19/Oct/2020:08:48:41 +0800] "POST /xingrg/kc/base/check_list_operate.html HTTP/1.1" 200 3195
172.17.0.103 - - [19/Oct/2020:08:48:43 +0800] "GET /xingrg/kc/base/check_order_info.html?code=452020101800247 HTTP/1.1" 200 26365
172.17.0.103 - - [19/Oct/2020:08:48:43 +0800] "GET /xingrg/dwr/interface/AjaxComOrderService.js HTTP/1.1" 200 18264
172.17.0.103 - - [19/Oct/2020:08:48:43 +0800] "GET /xingrg/dwr/interface/AjaxCheckService.js HTTP/1.1" 200 14003
172.17.0.103 - - [19/Oct/2020:08:48:43 +0800] "GET /xingrg/dwr/engine.js HTTP/1.1" 200 43631
172.17.0.103 - - [19/Oct/2020:08:48:43 +0800] "POST /xingrg/dwr/call/plaincall/AjaxCheckService.loadOrderItems.dwr HTTP/1.1" 200 140619
172.17.0.103 - - [19/Oct/2020:08:48:46 +0800] "GET /xingrg/all/function/internal_message.html?_=1603068524814&CODE_STATE=getMsg HTTP/1.1" 200 27
172.17.0.103 - - [19/Oct/2020:08:48:48 +0800] "GET /xingrg/kc/print/load_config.html?_=1603068526803&kc_code=check HTTP/1.1" 200 2411
172.17.0.103 - - [19/Oct/2020:08:48:49 +0800] "GET /xingrg/kc/print/load_data.html?_=1603068526833&order_code=452020101800247&kc_code=check&condition= HTTP/1.1" 200 36478
180.162.245.190 - - [19/Oct/2020:08:48:53 +0800] "GET /xingrg/kc/buy/cgsh_order_operate.html?command=get_materiel&rest_code=00105&code=00101008098&supplier_code=00100203&order_time=2020-10-19 HTTP/1.1" 200 412
172.17.0.115 - - [19/Oct/2020:08:48:56 +0800] "GET /xingrg/all/function/internal_message.html?_=1603068537094&CODE_STATE=getMsg HTTP/1.1" 200 27
114.88.166.242 - - [19/Oct/2020:08:48:57 +0800] "GET /xingrg/all/function/internal_message.html?_=1603068535834&CODE_STATE=getMsg HTTP/1.1" 302 -
114.88.166.242 - - [19/Oct/2020:08:48:57 +0800] "GET /xingrg/check_reg.html?_=1603068535833 HTTP/1.1" 302 -
120.253.135.82 - - [19/Oct/2020:08:49:00 +0800] "GET /xingrg/all/function/internal_message.html?_=1603068288632&CODE_STATE=getMsg HTTP/1.1" 200 27
124.77.70.31 - - [19/Oct/2020:08:49:01 +0800] "GET /xingrg/check_reg.html?_=1603068539375 HTTP/1.1" 200 22
124.77.70.31 - - [19/Oct/2020:08:49:01 +0800] "GET /xingrg/all/function/internal_message.html?_=1603068539383&CODE_STATE=getMsg HTTP/1.1" 200 27
180.162.245.190 - - [19/Oct/2020:08:49:01 +0800] "GET /xingrg/kc/buy/cgsh_order_operate.html?command=get_materiel&rest_code=00105&code=00101008210&supplier_code=00100203&order_time=2020-10-19 HTTP/1.1" 200 408
180.162.245.190 - - [19/Oct/2020:08:49:08 +0800] "POST /xingrg/kc/buy/cgsh_order_operate.html HTTP/1.1" 200 37
180.162.245.190 - - [19/Oct/2020:08:49:10 +0800] "POST /xingrg/kc/buy/cgsh_order_operate.html HTTP/1.1" 200 34564
124.77.70.31 - - [19/Oct/2020:08:49:10 +0800] "GET /xingrg/images/yd/bt.gif HTTP/1.1" 404 1040
124.77.70.31 - - [19/Oct/2020:08:49:13 +0800] "GET /xingrg/kc/base/base_main.html HTTP/1.1" 200 12142
180.174.56.115 - - [19/Oct/2020:08:49:13 +0800] "GET /xingrg/all/function/internal_message.html?_=1603068552162&CODE_STATE=getMsg HTTP/1.1" 200 27
117.131.5.26 - - [19/Oct/2020:08:49:18 +0800] "GET /xingrg/check_reg.html?_=1603068845523 HTTP/1.1" 200 22
117.131.5.26 - - [19/Oct/2020:08:49:18 +0800] "GET /xingrg/all/function/internal_message.html?_=1603068845526&CODE_STATE=getMsg HTTP/1.1" 200 27
114.88.166.242 - - [19/Oct/2020:08:49:22 +0800] "GET /xingrg/all/function/internal_message.html?_=1603068559868&CODE_STATE=getMsg HTTP/1.1" 200 27
172.17.0.115 - - [19/Oct/2020:08:49:23 +0800] "GET /xingrg/all/function/internal_message.html?_=1603068564699&CODE_STATE=getMsg HTTP/1.1" 200 27
114.84.37.38 - - [19/Oct/2020:08:49:26 +0800] "GET /xingrg/all/function/internal_message.html?_=1603068576807&CODE_STATE=getMsg HTTP/1.1" 200 27
222.69.134.248 - - [19/Oct/2020:08:49:31 +0800] "GET /xingrg/all/function/internal_message.html?_=1603068571159&CODE_STATE=getMsg HTTP/1.1" 200 27
172.17.0.185 - - [19/Oct/2020:08:49:32 +0800] "GET /xingrg/all/function/internal_message.html?_=1603068571782&CODE_STATE=getMsg HTTP/1.1" 302 -
172.17.0.123 - - [19/Oct/2020:08:49:36 +0800] "GET /xingrg/all/function/internal_message.html?_=1603068546580&CODE_STATE=getMsg HTTP/1.1" 200 27
172.17.0.103 - - [19/Oct/2020:08:49:39 +0800] "GET /xingrg/kc/base/check_order_list.html?isBack=1 HTTP/1.1" 200 16488
172.17.0.103 - - [19/Oct/2020:08:49:39 +0800] "POST /xingrg/kc/base/check_list_operate.html HTTP/1.1" 200 3195
172.17.0.103 - - [19/Oct/2020:08:49:42 +0800] "GET /xingrg/kc/base/check_order_info.html?code=452020101800248 HTTP/1.1" 200 26365
172.17.0.103 - - [19/Oct/2020:08:49:42 +0800] "GET /xingrg/dwr/interface/AjaxComOrderService.js HTTP/1.1" 200 18264
172.17.0.103 - - [19/Oct/2020:08:49:42 +0800] "GET /xingrg/dwr/interface/AjaxCheckService.js HTTP/1.1" 200 14003
172.17.0.103 - - [19/Oct/2020:08:49:42 +0800] "GET /xingrg/dwr/engine.js HTTP/1.1" 200 43631
172.17.0.103 - - [19/Oct/2020:08:49:42 +0800] "POST /xingrg/dwr/call/plaincall/AjaxCheckService.loadOrderItems.dwr HTTP/1.1" 200 42347
172.17.0.103 - - [19/Oct/2020:08:49:43 +0800] "GET /xingrg/kc/print/load_config.html?_=1603068581820&kc_code=check HTTP/1.1" 200 2411
172.17.0.103 - - [19/Oct/2020:08:49:44 +0800] "GET /xingrg/kc/print/load_data.html?_=1603068581873&order_code=452020101800248&kc_code=check&condition= HTTP/1.1" 200 10884
172.17.0.103 - - [19/Oct/2020:08:49:46 +0800] "GET /xingrg/all/function/internal_message.html?_=1603068584790&CODE_STATE=getMsg HTTP/1.1" 200 27
124.77.70.31 - - [19/Oct/2020:08:49:48 +0800] "GET /xingrg/kc/base/wldb_order_list.html HTTP/1.1" 200 19383
124.77.70.31 - - [19/Oct/2020:08:49:51 +0800] "POST /xingrg/kc/base/wldb_list_operate.html HTTP/1.1" 200 2572
124.77.70.31 - - [19/Oct/2020:08:49:53 +0800] "GET /xingrg/kc/base/wldb_order_add.html HTTP/1.1" 200 30491
124.77.70.31 - - [19/Oct/2020:08:49:53 +0800] "GET /xingrg/words/20201019073235_words.js HTTP/1.1" 200 769991
124.77.70.31 - - [19/Oct/2020:08:49:54 +0800] "GET /xingrg/all/common/auto_word.html?type=base&rest_code=00107 HTTP/1.1" 200 1861
124.77.70.31 - - [19/Oct/2020:08:49:54 +0800] "GET /xingrg/all/common/auto_word.html?type=base&rest_code=00107 HTTP/1.1" 200 1861
124.77.70.31 - - [19/Oct/2020:08:49:54 +0800] "GET /xingrg/javascript/easyui/themes/default/validatebox.css HTTP/1.1" 404 1104
124.77.70.31 - - [19/Oct/2020:08:49:54 +0800] "POST /xingrg/kc/base/wldb_order_operate.html HTTP/1.1" 200 6806
172.17.0.115 - - [19/Oct/2020:08:49:56 +0800] "GET /xingrg/all/function/internal_message.html?_=1603068597107&CODE_STATE=getMsg HTTP/1.1" 200 27
114.88.166.242 - - [19/Oct/2020:08:49:57 +0800] "GET /xingrg/all/function/internal_message.html?_=1603068595832&CODE_STATE=getMsg HTTP/1.1" 302 -
124.77.70.31 - - [19/Oct/2020:08:49:57 +0800] "GET /xingrg/javascript/auto/indicator.gif HTTP/1.1" 404 1066
120.253.135.82 - - [19/Oct/2020:08:50:00 +0800] "GET /xingrg/all/function/internal_message.html?_=1603068348641&CODE_STATE=getMsg HTTP/1.1" 200 27
124.77.70.31 - - [19/Oct/2020:08:50:01 +0800] "GET /xingrg/all/function/internal_message.html?_=1603068599379&CODE_STATE=getMsg HTTP/1.1" 200 27
180.157.253.48 - - [19/Oct/2020:08:50:02 +0800] "GET /xingrg/login.html HTTP/1.1" 200 7641
180.157.253.48 - - [19/Oct/2020:08:50:02 +0800] "GET /xingrg/images/blue/jxLogo.png HTTP/1.1" 304 -
180.157.253.48 - - [19/Oct/2020:08:50:02 +0800] "GET /xingrg/images/blue/login_bg.png HTTP/1.1" 304 -
180.157.253.48 - - [19/Oct/2020:08:50:02 +0800] "GET /xingrg/images/blue/hj.png HTTP/1.1" 304 -
180.157.253.48 - - [19/Oct/2020:08:50:02 +0800] "GET /xingrg/images/blue/srbg.png HTTP/1.1" 304 -
180.157.253.48 - - [19/Oct/2020:08:50:02 +0800] "GET /favicon.ico HTTP/1.1" 404 -
114.88.166.242 - - [19/Oct/2020:08:50:03 +0800] "GET /xingrg/check_reg.html?_=1603068599989 HTTP/1.1" 200 22
180.157.253.48 - - [19/Oct/2020:08:50:05 +0800] "POST /xingrg/login.do HTTP/1.1" 302 -
180.157.253.48 - - [19/Oct/2020:08:50:05 +0800] "GET /xingrg/index.html?sysBaseUrl=http%3A%2F%2F180.169.147.146%3A18081%2Fxingrg%2F&costTime=38×tamp=1603068605282 HTTP/1.1" 200 17179
180.157.253.48 - - [19/Oct/2020:08:50:05 +0800] "GET /xingrg/javascript/jquery_easy_ui/themes/default/easyui.css HTTP/1.1" 304 -
180.157.253.48 - - [19/Oct/2020:08:50:05 +0800] "GET /xingrg/css/form.css HTTP/1.1" 304 -
180.157.253.48 - - [19/Oct/2020:08:50:05 +0800] "GET /xingrg/javascript/jquery_easy_ui/themes/icon.css HTTP/1.1" 304 -
180.157.253.48 - - [19/Oct/2020:08:50:05 +0800] "GET /xingrg/javascript/jquery-1.4.2.min.js HTTP/1.1" 304 -
180.157.253.48 - - [19/Oct/2020:08:50:05 +0800] "GET /xingrg/javascript/jquery_easy_ui/jquery.easyui.min.js HTTP/1.1" 304 -
180.157.253.48 - - [19/Oct/2020:08:50:05 +0800] "GET /xingrg/javascript/jquery_easy_ui/easyui-lang-zh_CN.js HTTP/1.1" 304 -
180.157.253.48 - - [19/Oct/2020:08:50:05 +0800] "GET /xingrg/javascript/jquery.form.js HTTP/1.1" 304 -
180.157.253.48 - - [19/Oct/2020:08:50:05 +0800] "GET /xingrg/javascript/jquery.utils.js HTTP/1.1" 304 -
180.157.253.48 - - [19/Oct/2020:08:50:05 +0800] "GET /xingrg/javascript/jquery.timers.js HTTP/1.1" 304 -
180.157.253.48 - - [19/Oct/2020:08:50:05 +0800] "GET /favicon.ico HTTP/1.1" 404 -
180.157.253.48 - - [19/Oct/2020:08:50:05 +0800] "GET /xingrg/images/blue/jxLogo.png HTTP/1.1" 304 -
180.157.253.48 - - [19/Oct/2020:08:50:05 +0800] "GET /xingrg/images/blue/navBackgound.jpg HTTP/1.1" 304 -
180.157.253.48 - - [19/Oct/2020:08:50:05 +0800] "GET /xingrg/javascript/jquery_easy_ui/themes/icons/settle_new.png HTTP/1.1" 304 -
180.157.253.48 - - [19/Oct/2020:08:50:05 +0800] "POST /xingrg/all/common/load_tree.html?tree=area_rest_tree_json&manage=1 HTTP/1.1" 200 351
180.157.253.48 - - [19/Oct/2020:08:50:05 +0800] "GET /xingrg/images/blue/pingpu.png HTTP/1.1" 304 -
180.157.253.48 - - [19/Oct/2020:08:50:05 +0800] "GET /xingrg/javascript/jquery_easy_ui/themes/default/images/tabs_leftarrow.png HTTP/1.1" 304 -
180.157.253.48 - - [19/Oct/2020:08:50:05 +0800] "GET /xingrg/javascript/jquery_easy_ui/themes/default/images/tabs_rightarrow.png HTTP/1.1" 304 -
180.157.253.48 - - [19/Oct/2020:08:50:05 +0800] "GET /xingrg/javascript/jquery_easy_ui/themes/default/images/panel_tool_collapse.gif HTTP/1.1" 304 -
180.157.253.48 - - [19/Oct/2020:08:50:05 +0800] "GET /xingrg/all/function/internal_message.html?_=1603068606711&CODE_STATE=count HTTP/1.1" 200 11
180.157.253.48 - - [19/Oct/2020:08:50:05 +0800] "GET /xingrg/check_reg.html?_=1603068606711 HTTP/1.1" 200 22
180.157.253.48 - - [19/Oct/2020:08:50:05 +0800] "POST /xingrg/load_menu.html HTTP/1.1" 200 5138
180.157.253.48 - - [19/Oct/2020:08:50:05 +0800] "GET /xingrg/javascript/jquery_easy_ui/themes/default/images/tree_arrows.gif HTTP/1.1" 304 -
180.157.253.48 - - [19/Oct/2020:08:50:05 +0800] "GET /xingrg/javascript/jquery_easy_ui/themes/default/images/tree_folder_open.gif HTTP/1.1" 304 -
180.157.253.48 - - [19/Oct/2020:08:50:05 +0800] "GET /xingrg/javascript/jquery_easy_ui/themes/icons/search_new.png HTTP/1.1" 304 -
180.157.253.48 - - [19/Oct/2020:08:50:05 +0800] "GET /xingrg/javascript/jquery_easy_ui/themes/default/images/tree_folder.gif HTTP/1.1" 304 -
180.157.253.48 - - [19/Oct/2020:08:50:05 +0800] "GET /xingrg/javascript/jquery_easy_ui/themes/icons/storage_new.png HTTP/1.1" 304 -
180.157.253.48 - - [19/Oct/2020:08:50:05 +0800] "GET /xingrg/javascript/jquery_easy_ui/themes/icons/forms_new.png HTTP/1.1" 304 -
180.157.253.48 - - [19/Oct/2020:08:50:05 +0800] "GET /xingrg/javascript/jquery_easy_ui/themes/default/images/tree_file.gif HTTP/1.1" 304 -
180.162.245.190 - - [19/Oct/2020:08:50:07 +0800] "GET /xingrg/all/function/internal_message.html?_=1603068606534&CODE_STATE=getMsg HTTP/1.1" 200 27
180.157.253.48 - - [19/Oct/2020:08:50:07 +0800] "GET /xingrg/javascript/jquery_easy_ui/themes/default/images/tabs_close.gif HTTP/1.1" 304 -
180.157.253.48 - - [19/Oct/2020:08:50:07 +0800] "GET /xingrg/css/base.css HTTP/1.1" 304 -
180.157.253.48 - - [19/Oct/2020:08:50:07 +0800] "GET /xingrg/css/site.css HTTP/1.1" 304 -
180.157.253.48 - - [19/Oct/2020:08:50:07 +0800] "GET /xingrg/javascript/jquery_tools/datebox.css HTTP/1.1" 304 -
180.157.253.48 - - [19/Oct/2020:08:50:07 +0800] "GET /xingrg/javascript/easyui/themes/default/easyui.css HTTP/1.1" 304 -
180.157.253.48 - - [19/Oct/2020:08:50:07 +0800] "GET /xingrg/javascript/easyui/themes/icon.css HTTP/1.1" 304 -
180.157.253.48 - - [19/Oct/2020:08:50:07 +0800] "GET /xingrg/javascript/jquery_tools/table.css HTTP/1.1" 304 -
180.157.253.48 - - [19/Oct/2020:08:50:07 +0800] "GET /xingrg/javascript/jquery_tools/fix.css HTTP/1.1" 304 -
180.157.253.48 - - [19/Oct/2020:08:50:07 +0800] "GET /xingrg/javascript/jquery_tools/jquery.tools.min.js HTTP/1.1" 304 -
180.157.253.48 - - [19/Oct/2020:08:50:07 +0800] "GET /xingrg/javascript/auto/jquery.autocomplete.css HTTP/1.1" 304 -
180.157.253.48 - - [19/Oct/2020:08:50:07 +0800] "GET /xingrg/javascript/jquery_tools/jquery.tools.hotkey.js HTTP/1.1" 304 -
180.157.253.48 - - [19/Oct/2020:08:50:07 +0800] "GET /xingrg/javascript/jquery_tools/list_manager.js HTTP/1.1" 304 -
180.157.253.48 - - [19/Oct/2020:08:50:07 +0800] "GET /xingrg/javascript/auto/jquery.autocomplete.js HTTP/1.1" 304 -
180.157.253.48 - - [19/Oct/2020:08:50:07 +0800] "GET /xingrg/javascript/jquery.cookie.js HTTP/1.1" 304 -
180.157.253.48 - - [19/Oct/2020:08:50:07 +0800] "GET /xingrg/javascript/easyui/easyloader.js HTTP/1.1" 304 -
180.157.253.48 - - [19/Oct/2020:08:50:07 +0800] "GET /xingrg/javascript/print/LodopFuncs.js HTTP/1.1" 304 -
180.157.253.48 - - [19/Oct/2020:08:50:07 +0800] "GET /xingrg/javascript/jquery_tools/jquery.tools.table.js HTTP/1.1" 304 -
180.157.253.48 - - [19/Oct/2020:08:50:07 +0800] "GET /xingrg/javascript/jquery.utils.js HTTP/1.1" 304 -
180.157.253.48 - - [19/Oct/2020:08:50:07 +0800] "GET /xingrg/javascript/jquery_tools/jquery.tools.extend.js HTTP/1.1" 304 -
180.157.253.48 - - [19/Oct/2020:08:50:07 +0800] "GET /xingrg/kc/buy/cgsh_order_list.html HTTP/1.1" 200 44268
180.157.253.48 - - [19/Oct/2020:08:50:07 +0800] "GET /xingrg/javascript/easyui/themes/icons/edit_add_new.png HTTP/1.1" 304 -
180.157.253.48 - - [19/Oct/2020:08:50:07 +0800] "GET /xingrg/javascript/easyui/themes/icons/cance_new.png HTTP/1.1" 304 -
180.157.253.48 - - [19/Oct/2020:08:50:07 +0800] "GET /xingrg/javascript/easyui/themes/icons/check_new.png HTTP/1.1" 304 -
180.157.253.48 - - [19/Oct/2020:08:50:07 +0800] "GET /xingrg/javascript/easyui/themes/icons/field_new.png HTTP/1.1" 304 -
180.157.253.48 - - [19/Oct/2020:08:50:07 +0800] "GET /xingrg/javascript/easyui/themes/icons/import_new.png HTTP/1.1" 304 -
180.157.253.48 - - [19/Oct/2020:08:50:07 +0800] "GET /xingrg/javascript/jquery_easy_ui/themes/icons/rest.png HTTP/1.1" 304 -
180.157.253.48 - - [19/Oct/2020:08:50:07 +0800] "GET /xingrg/javascript/jquery_easy_ui/themes/icons/area.png HTTP/1.1" 304 -
180.157.253.48 - - [19/Oct/2020:08:50:07 +0800] "GET /xingrg/javascript/easyui/plugins/jquery.parser.js HTTP/1.1" 304 -
180.157.253.48 - - [19/Oct/2020:08:50:07 +0800] "GET /xingrg/images/control/ajaxLoader.gif HTTP/1.1" 304 -
180.157.253.48 - - [19/Oct/2020:08:50:08 +0800] "POST /xingrg/kc/buy/cgsh_list_operate.html HTTP/1.1" 200 876
117.131.5.26 - - [19/Oct/2020:08:50:09 +0800] "GET /xingrg/all/function/internal_message.html?_=1603068905543&CODE_STATE=getMsg HTTP/1.1" 200 27
180.157.253.48 - - [19/Oct/2020:08:50:09 +0800] "GET /xingrg/javascript/easyui/themes/default/images/button_plain_hover.png HTTP/1.1" 304 -
180.157.253.48 - - [19/Oct/2020:08:50:09 +0800] "GET /xingrg/javascript/easyui/themes/default/images/button_plain_hover.png HTTP/1.1" 304 -
180.157.253.48 - - [19/Oct/2020:08:50:09 +0800] "GET /xingrg/css/site.css HTTP/1.1" 304 -
180.157.253.48 - - [19/Oct/2020:08:50:09 +0800] "GET /xingrg/css/base.css HTTP/1.1" 304 -
180.157.253.48 - - [19/Oct/2020:08:50:09 +0800] "GET /xingrg/javascript/jquery_tools/datebox.css HTTP/1.1" 304 -
180.157.253.48 - - [19/Oct/2020:08:50:09 +0800] "GET /xingrg/javascript/easyui/themes/default/easyui.css HTTP/1.1" 304 -
180.157.253.48 - - [19/Oct/2020:08:50:09 +0800] "GET /xingrg/javascript/easyui/themes/icon.css HTTP/1.1" 304 -
180.157.253.48 - - [19/Oct/2020:08:50:09 +0800] "GET /xingrg/javascript/auto/jquery.autocomplete.css HTTP/1.1" 304 -
180.157.253.48 - - [19/Oct/2020:08:50:09 +0800] "GET /xingrg/javascript/jquery_tools/table.css HTTP/1.1" 304 -
180.157.253.48 - - [19/Oct/2020:08:50:09 +0800] "GET /xingrg/javascript/jquery_tools/fix.css HTTP/1.1" 304 -
180.157.253.48 - - [19/Oct/2020:08:50:09 +0800] "GET /xingrg/javascript/pic_change.js HTTP/1.1" 304 -
180.157.253.48 - - [19/Oct/2020:08:50:09 +0800] "GET /xingrg/javascript/jquery_tools/jquery.tools.min.js HTTP/1.1" 304 -
180.157.253.48 - - [19/Oct/2020:08:50:09 +0800] "GET /xingrg/javascript/jquery_tools/jquery.tools.extend.js HTTP/1.1" 304 -
180.157.253.48 - - [19/Oct/2020:08:50:09 +0800] "GET /xingrg/javascript/jquery_tools/jquery.tools.hotkey.js HTTP/1.1" 304 -
180.157.253.48 - - [19/Oct/2020:08:50:09 +0800] "GET /xingrg/javascript/jquery_tools/jquery.tools.table.js HTTP/1.1" 304 -
180.157.253.48 - - [19/Oct/2020:08:50:09 +0800] "GET /xingrg/javascript/auto/jquery.autocomplete.js HTTP/1.1" 304 -
180.157.253.48 - - [19/Oct/2020:08:50:09 +0800] "GET /xingrg/javascript/jquery.utils.js HTTP/1.1" 304 -
180.157.253.48 - - [19/Oct/2020:08:50:09 +0800] "GET /xingrg/javascript/easyui/easyloader.js HTTP/1.1" 304 -
180.157.253.48 - - [19/Oct/2020:08:50:09 +0800] "GET /xingrg/javascript/json2.js HTTP/1.1" 304 -
180.157.253.48 - - [19/Oct/2020:08:50:09 +0800] "GET /xingrg/javascript/print/kc_print.js HTTP/1.1" 304 -
180.157.253.48 - - [19/Oct/2020:08:50:09 +0800] "GET /xingrg/javascript/convert.js HTTP/1.1" 304 -
180.157.253.48 - - [19/Oct/2020:08:50:09 +0800] "GET /xingrg/javascript/jquery_tools/order_manager.js HTTP/1.1" 304 -
180.157.253.48 - - [19/Oct/2020:08:50:09 +0800] "GET /xingrg/javascript/jquery.cookie.js HTTP/1.1" 304 -
180.157.253.48 - - [19/Oct/2020:08:50:09 +0800] "GET /xingrg/javascript/print/LodopFuncs.js HTTP/1.1" 304 -
180.157.253.48 - - [19/Oct/2020:08:50:09 +0800] "GET /xingrg/kc/buy/cgsh_order_add.html HTTP/1.1" 200 60000
180.157.253.48 - - [19/Oct/2020:08:50:10 +0800] "GET /xingrg/words/20201019073235_words.js HTTP/1.1" 200 769991
180.157.253.48 - - [19/Oct/2020:08:50:10 +0800] "GET /xingrg/javascript/easyui/themes/icons/copy_new.png HTTP/1.1" 304 -
180.157.253.48 - - [19/Oct/2020:08:50:10 +0800] "GET /xingrg/javascript/easyui/themes/icons/template_new.png HTTP/1.1" 304 -
180.157.253.48 - - [19/Oct/2020:08:50:10 +0800] "GET /xingrg/javascript/easyui/themes/icons/ok.png HTTP/1.1" 304 -
180.157.253.48 - - [19/Oct/2020:08:50:10 +0800] "GET /xingrg/javascript/easyui/themes/icons/print.png HTTP/1.1" 304 -
180.157.253.48 - - [19/Oct/2020:08:50:10 +0800] "GET /xingrg/javascript/easyui/themes/default/images/menu_downarrow.png HTTP/1.1" 304 -
180.157.253.48 - - [19/Oct/2020:08:50:10 +0800] "GET /xingrg/javascript/easyui/themes/icons/cancel.png HTTP/1.1" 304 -
180.157.253.48 - - [19/Oct/2020:08:50:10 +0800] "GET /xingrg/javascript/easyui/themes/default/images/button_plain_hover.png HTTP/1.1" 304 -
180.157.253.48 - - [19/Oct/2020:08:50:10 +0800] "GET /xingrg/javascript/easyui/plugins/jquery.parser.js HTTP/1.1" 304 -
180.157.253.48 - - [19/Oct/2020:08:50:10 +0800] "POST /xingrg/kc/buy/cgsh_order_operate.html HTTP/1.1" 200 8245
180.157.253.48 - - [19/Oct/2020:08:50:10 +0800] "GET /xingrg/javascript/easyui/themes/icons/edit_remove.png HTTP/1.1" 304 -
180.157.253.48 - - [19/Oct/2020:08:50:10 +0800] "GET /xingrg/javascript/easyui/themes/default/images/button_plain_hover.png HTTP/1.1" 304 -
180.157.253.48 - - [19/Oct/2020:08:50:10 +0800] "GET /xingrg/all/common/auto_word.html?type=employee&rest_code=00148 HTTP/1.1" 200 147
180.157.253.48 - - [19/Oct/2020:08:50:10 +0800] "GET /xingrg/all/common/auto_word.html?type=employee&rest_code=00148 HTTP/1.1" 200 147
180.157.253.48 - - [19/Oct/2020:08:50:10 +0800] "GET /xingrg/javascript/easyui/themes/default/images/button_plain_hover.png HTTP/1.1" 304 -
180.157.253.48 - - [19/Oct/2020:08:50:10 +0800] "GET /xingrg/javascript/easyui/themes/default/validatebox.css HTTP/1.1" 404 1104
180.157.253.48 - - [19/Oct/2020:08:50:10 +0800] "GET /xingrg/javascript/easyui/plugins/jquery.validatebox.js HTTP/1.1" 304 -
180.157.253.48 - - [19/Oct/2020:08:50:10 +0800] "GET /xingrg/javascript/easyui/plugins/jquery.numberbox.js HTTP/1.1" 304 -
180.174.56.115 - - [19/Oct/2020:08:50:13 +0800] "GET /xingrg/all/function/internal_message.html?_=1603068612164&CODE_STATE=getMsg HTTP/1.1" 200 27
124.77.70.31 - - [19/Oct/2020:08:50:16 +0800] "GET /xingrg/javascript/jquery_tools/images/prev.gif HTTP/1.1" 404 1086
124.77.70.31 - - [19/Oct/2020:08:50:16 +0800] "GET /xingrg/javascript/jquery_tools/images/next.gif HTTP/1.1" 404 1086
180.157.253.48 - - [19/Oct/2020:08:50:16 +0800] "GET /xingrg/javascript/auto/indicator.gif HTTP/1.1" 404 1066
180.157.253.48 - - [19/Oct/2020:08:50:19 +0800] "GET /xingrg/javascript/jquery_tools/images/prev.gif HTTP/1.1" 404 1086
180.157.253.48 - - [19/Oct/2020:08:50:19 +0800] "GET /xingrg/javascript/jquery_tools/images/next.gif HTTP/1.1" 404 1086
180.157.253.48 - - [19/Oct/2020:08:50:19 +0800] "GET /xingrg/javascript/pic_change.js HTTP/1.1" 304 -
180.157.253.48 - - [19/Oct/2020:08:50:19 +0800] "GET /xingrg/javascript/jquery_tools/jquery.tools.min.js HTTP/1.1" 304 -
180.157.253.48 - - [19/Oct/2020:08:50:19 +0800] "GET /xingrg/javascript/jquery_tools/jquery.tools.extend.js HTTP/1.1" 304 -
180.157.253.48 - - [19/Oct/2020:08:50:19 +0800] "GET /xingrg/javascript/jquery_tools/jquery.tools.hotkey.js HTTP/1.1" 304 -
180.157.253.48 - - [19/Oct/2020:08:50:19 +0800] "GET /xingrg/javascript/jquery_tools/jquery.tools.table.js HTTP/1.1" 304 -
180.157.253.48 - - [19/Oct/2020:08:50:19 +0800] "GET /xingrg/javascript/auto/jquery.autocomplete.js HTTP/1.1" 304 -
180.157.253.48 - - [19/Oct/2020:08:50:19 +0800] "GET /xingrg/javascript/jquery.utils.js HTTP/1.1" 304 -
180.157.253.48 - - [19/Oct/2020:08:50:19 +0800] "GET /xingrg/javascript/easyui/easyloader.js HTTP/1.1" 304 -
180.157.253.48 - - [19/Oct/2020:08:50:19 +0800] "GET /xingrg/javascript/jquery_tools/order_manager.js HTTP/1.1" 304 -
180.157.253.48 - - [19/Oct/2020:08:50:19 +0800] "GET /xingrg/javascript/json2.js HTTP/1.1" 304 -
180.157.253.48 - - [19/Oct/2020:08:50:19 +0800] "GET /xingrg/javascript/convert.js HTTP/1.1" 304 -
180.157.253.48 - - [19/Oct/2020:08:50:19 +0800] "GET /xingrg/javascript/print/LodopFuncs.js HTTP/1.1" 304 -
180.157.253.48 - - [19/Oct/2020:08:50:19 +0800] "GET /xingrg/javascript/print/kc_print.js HTTP/1.1" 304 -
180.157.253.48 - - [19/Oct/2020:08:50:19 +0800] "GET /xingrg/javascript/jquery.cookie.js HTTP/1.1" 304 -
180.157.253.48 - - [19/Oct/2020:08:50:19 +0800] "GET /xingrg/javascript/easyui/plugins/jquery.parser.js HTTP/1.1" 304 -
180.157.253.48 - - [19/Oct/2020:08:50:19 +0800] "GET /xingrg/javascript/easyui/plugins/jquery.numberbox.js HTTP/1.1" 304 -
180.157.253.48 - - [19/Oct/2020:08:50:19 +0800] "GET /xingrg/javascript/easyui/plugins/jquery.validatebox.js HTTP/1.1" 304 -
180.157.253.48 - - [19/Oct/2020:08:50:19 +0800] "GET /xingrg/words/20201019073235_words.js HTTP/1.1" 304 -
114.88.166.242 - - [19/Oct/2020:08:50:23 +0800] "GET /xingrg/all/function/internal_message.html?_=1603068619877&CODE_STATE=getMsg HTTP/1.1" 200 27
172.17.0.115 - - [19/Oct/2020:08:50:23 +0800] "GET /xingrg/all/function/internal_message.html?_=1603068624707&CODE_STATE=getMsg HTTP/1.1" 200 27
180.157.253.48 - - [19/Oct/2020:08:50:24 +0800] "GET /xingrg/kc/buy/cgsh_order_operate.html?command=get_materiel&rest_code=00148&code=00101015044&supplier_code=00100059&order_time=2020-10-19 HTTP/1.1" 200 408
180.157.253.48 - - [19/Oct/2020:08:50:24 +0800] "GET /xingrg/javascript/easyui/themes/default/images/button_plain_hover.png HTTP/1.1" 304 -
172.17.0.103 - - [19/Oct/2020:08:50:24 +0800] "GET /xingrg/kc/base/check_order_list.html?isBack=1 HTTP/1.1" 200 16488
172.17.0.103 - - [19/Oct/2020:08:50:25 +0800] "POST /xingrg/kc/base/check_list_operate.html HTTP/1.1" 200 3195
114.84.37.38 - - [19/Oct/2020:08:50:26 +0800] "GET /xingrg/all/function/internal_message.html?_=1603068636807&CODE_STATE=getMsg HTTP/1.1" 200 27
172.17.0.103 - - [19/Oct/2020:08:50:26 +0800] "GET /xingrg/kc/buy/buy_main.html HTTP/1.1" 200 12377
172.17.0.103 - - [19/Oct/2020:08:50:26 +0800] "GET /xingrg/css/new_ie.css HTTP/1.1" 404 1036
172.17.0.103 - - [19/Oct/2020:08:50:26 +0800] "GET /xingrg/images/yd/bt.gif HTTP/1.1" 404 1040
172.17.0.103 - - [19/Oct/2020:08:50:27 +0800] "GET /xingrg/kc/buy/cgsh_order_list.html HTTP/1.1" 200 44248
124.77.70.31 - - [19/Oct/2020:08:50:27 +0800] "GET /xingrg/kc/base/wldb_order_operate.html?command=get_materiel&rest_code=00107&base_code=0010151&code=00101011005 HTTP/1.1" 200 431
180.157.253.48 - - [19/Oct/2020:08:50:27 +0800] "GET /xingrg/javascript/easyui/themes/default/images/button_plain_hover.png HTTP/1.1" 304 -
180.157.253.48 - - [19/Oct/2020:08:50:27 +0800] "GET /xingrg/javascript/easyui/themes/default/images/button_plain_hover.png HTTP/1.1" 304 -
180.157.253.48 - - [19/Oct/2020:08:50:27 +0800] "GET /xingrg/javascript/easyui/themes/default/images/button_plain_hover.png HTTP/1.1" 304 -
180.157.253.48 - - [19/Oct/2020:08:50:28 +0800] "GET /xingrg/javascript/easyui/themes/default/images/button_plain_hover.png HTTP/1.1" 304 -
180.157.253.48 - - [19/Oct/2020:08:50:28 +0800] "GET /xingrg/javascript/easyui/themes/default/images/button_plain_hover.png HTTP/1.1" 304 -
180.157.253.48 - - [19/Oct/2020:08:50:28 +0800] "GET /xingrg/javascript/easyui/themes/default/images/button_plain_hover.png HTTP/1.1" 304 -
180.157.253.48 - - [19/Oct/2020:08:50:28 +0800] "GET /xingrg/javascript/easyui/themes/default/images/button_plain_hover.png HTTP/1.1" 304 -
180.157.253.48 - - [19/Oct/2020:08:50:28 +0800] "GET /xingrg/javascript/easyui/themes/default/images/button_plain_hover.png HTTP/1.1" 304 -
180.157.253.48 - - [19/Oct/2020:08:50:28 +0800] "GET /xingrg/javascript/easyui/themes/default/images/button_plain_hover.png HTTP/1.1" 304 -
180.157.253.48 - - [19/Oct/2020:08:50:28 +0800] "GET /xingrg/javascript/easyui/themes/default/images/button_plain_hover.png HTTP/1.1" 304 -
172.17.0.103 - - [19/Oct/2020:08:50:28 +0800] "POST /xingrg/kc/buy/cgsh_list_operate.html HTTP/1.1" 200 2021
180.157.253.48 - - [19/Oct/2020:08:50:30 +0800] "POST /xingrg/kc/buy/cgsh_order_operate.html HTTP/1.1" 200 37
222.69.134.248 - - [19/Oct/2020:08:50:31 +0800] "GET /xingrg/all/function/internal_message.html?_=1603068631160&CODE_STATE=getMsg HTTP/1.1" 200 27
172.17.0.185 - - [19/Oct/2020:08:50:32 +0800] "GET /xingrg/all/function/internal_message.html?_=1603068631772&CODE_STATE=getMsg HTTP/1.1" 302 -
180.157.253.48 - - [19/Oct/2020:08:50:35 +0800] "POST /xingrg/kc/buy/cgsh_order_operate.html HTTP/1.1" 200 2651
172.17.0.123 - - [19/Oct/2020:08:50:36 +0800] "GET /xingrg/check_reg.html?_=1603068606582 HTTP/1.1" 200 22
172.17.0.123 - - [19/Oct/2020:08:50:36 +0800] "GET /xingrg/all/function/internal_message.html?_=1603068606583&CODE_STATE=getMsg HTTP/1.1" 200 27
172.17.0.103 - - [19/Oct/2020:08:50:46 +0800] "GET /xingrg/check_reg.html?_=1603068644526 HTTP/1.1" 200 22
172.17.0.103 - - [19/Oct/2020:08:50:46 +0800] "GET /xingrg/all/function/internal_message.html?_=1603068644768&CODE_STATE=getMsg HTTP/1.1" 200 27
172.17.0.115 - - [19/Oct/2020:08:50:56 +0800] "GET /xingrg/all/function/internal_message.html?_=1603068657140&CODE_STATE=getMsg HTTP/1.1" 200 27
114.88.166.242 - - [19/Oct/2020:08:50:57 +0800] "GET /xingrg/all/function/internal_message.html?_=1603068655830&CODE_STATE=getMsg HTTP/1.1" 302 -
124.77.70.31 - - [19/Oct/2020:08:50:57 +0800] "POST /xingrg/kc/base/wldb_order_operate.html HTTP/1.1" 200 37
124.77.70.31 - - [19/Oct/2020:08:50:57 +0800] "POST /xingrg/kc/base/wldb_order_operate.html HTTP/1.1" 200 2183
124.77.70.31 - - [19/Oct/2020:08:50:58 +0800] "GET /xingrg/kc/base/wldb_order_info.html?code=422020101902243 HTTP/1.1" 200 30508
124.77.70.31 - - [19/Oct/2020:08:50:59 +0800] "GET /xingrg/javascript/easyui/themes/default/validatebox.css HTTP/1.1" 404 1104
120.253.135.82 - - [19/Oct/2020:08:50:59 +0800] "GET /xingrg/check_reg.html?_=1603068407726 HTTP/1.1" 200 22
124.77.70.31 - - [19/Oct/2020:08:51:00 +0800] "POST /xingrg/kc/base/wldb_order_operate.html HTTP/1.1" 200 2183
120.253.135.82 - - [19/Oct/2020:08:51:00 +0800] "GET /xingrg/all/function/internal_message.html?_=1603068408653&CODE_STATE=getMsg HTTP/1.1" 200 27
124.77.70.31 - - [19/Oct/2020:08:51:01 +0800] "GET /xingrg/all/function/internal_message.html?_=1603068659383&CODE_STATE=getMsg HTTP/1.1" 200 27
172.17.0.103 - - [19/Oct/2020:08:51:02 +0800] "GET /xingrg/kc/buy/cgsh_order_add.html HTTP/1.1" 200 59933
172.17.0.103 - - [19/Oct/2020:08:51:03 +0800] "POST /xingrg/kc/buy/cgsh_order_operate.html HTTP/1.1" 200 8245
172.17.0.103 - - [19/Oct/2020:08:51:03 +0800] "GET /xingrg/javascript/easyui/themes/default/validatebox.css HTTP/1.1" 404 1104
124.77.70.31 - - [19/Oct/2020:08:51:04 +0800] "GET /xingrg/kc/base/wldb_order_add.html HTTP/1.1" 200 30491
58.37.8.227 - - [19/Oct/2020:08:51:05 +0800] "GET /xingrg/check_reg.html?_=1603068663703 HTTP/1.1" 200 22
124.77.70.31 - - [19/Oct/2020:08:51:05 +0800] "GET /xingrg/javascript/easyui/themes/default/validatebox.css HTTP/1.1" 404 1104
124.77.70.31 - - [19/Oct/2020:08:51:05 +0800] "POST /xingrg/kc/base/wldb_order_operate.html HTTP/1.1" 200 6806
180.157.253.48 - - [19/Oct/2020:08:51:05 +0800] "GET /xingrg/all/function/internal_message.html?_=1603068666723&CODE_STATE=getMsg HTTP/1.1" 200 27
180.162.245.190 - - [19/Oct/2020:08:51:07 +0800] "GET /xingrg/check_reg.html?_=1603068666391 HTTP/1.1" 200 22
180.162.245.190 - - [19/Oct/2020:08:51:07 +0800] "GET /xingrg/all/function/internal_message.html?_=1603068666394&CODE_STATE=getMsg HTTP/1.1" 200 27
117.131.5.26 - - [19/Oct/2020:08:51:09 +0800] "GET /xingrg/all/function/internal_message.html?_=1603068965556&CODE_STATE=getMsg HTTP/1.1" 200 27
180.174.56.115 - - [19/Oct/2020:08:51:13 +0800] "GET /xingrg/all/function/internal_message.html?_=1603068672158&CODE_STATE=getMsg HTTP/1.1" 200 27
58.221.95.50 - - [19/Oct/2020:08:51:19 +0800] "GET /xingrg/check_reg.html?_=1603068856803 HTTP/1.1" 302 -
114.88.166.242 - - [19/Oct/2020:08:51:23 +0800] "GET /xingrg/all/function/internal_message.html?_=1603068679891&CODE_STATE=getMsg HTTP/1.1" 200 27
172.17.0.115 - - [19/Oct/2020:08:51:23 +0800] "GET /xingrg/all/function/internal_message.html?_=1603068684725&CODE_STATE=getMsg HTTP/1.1" 200 27
114.84.37.38 - - [19/Oct/2020:08:51:26 +0800] "GET /xingrg/all/function/internal_message.html?_=1603068697080&CODE_STATE=getMsg HTTP/1.1" 200 27
114.84.37.38 - - [19/Oct/2020:08:51:27 +0800] "GET /xingrg/check_reg.html?_=1603068698241 HTTP/1.1" 200 22
172.17.0.103 - - [19/Oct/2020:08:51:28 +0800] "GET /xingrg/kc/buy/cgsh_order_operate.html?command=get_materiel&rest_code=00147&code=00102009781&supplier_code=00100151&order_time=2020-10-19 HTTP/1.1" 200 410
124.77.70.31 - - [19/Oct/2020:08:51:28 +0800] "GET /xingrg/kc/base/wldb_order_operate.html?command=get_materiel&rest_code=00107&base_code=0010151&code=00101019134 HTTP/1.1" 200 462
222.69.134.248 - - [19/Oct/2020:08:51:31 +0800] "GET /xingrg/all/function/internal_message.html?_=1603068691154&CODE_STATE=getMsg HTTP/1.1" 200 27
172.17.0.185 - - [19/Oct/2020:08:51:32 +0800] "GET /xingrg/all/function/internal_message.html?_=1603068691776&CODE_STATE=getMsg HTTP/1.1" 302 -
172.17.0.185 - - [19/Oct/2020:08:51:32 +0800] "GET /xingrg/check_reg.html?_=1603068691780 HTTP/1.1" 302 -
172.17.0.123 - - [19/Oct/2020:08:51:36 +0800] "GET /xingrg/all/function/internal_message.html?_=1603068666570&CODE_STATE=getMsg HTTP/1.1" 200 27
124.77.70.31 - - [19/Oct/2020:08:51:38 +0800] "GET /xingrg/kc/base/wldb_order_operate.html?command=get_materiel&rest_code=00107&base_code=0010151&code=00101019133 HTTP/1.1" 200 464
172.17.0.103 - - [19/Oct/2020:08:51:46 +0800] "GET /xingrg/all/function/internal_message.html?_=1603068704750&CODE_STATE=getMsg HTTP/1.1" 200 27
124.77.70.31 - - [19/Oct/2020:08:51:47 +0800] "GET /xingrg/kc/base/wldb_order_operate.html?command=get_materiel&rest_code=00107&base_code=0010151&code=00101019127 HTTP/1.1" 200 465
124.77.70.31 - - [19/Oct/2020:08:51:53 +0800] "POST /xingrg/kc/base/wldb_order_operate.html HTTP/1.1" 200 37
124.77.70.31 - - [19/Oct/2020:08:51:53 +0800] "POST /xingrg/kc/base/wldb_order_operate.html HTTP/1.1" 200 3206
124.77.70.31 - - [19/Oct/2020:08:51:54 +0800] "GET /xingrg/kc/base/wldb_order_info.html?code=422020101902244 HTTP/1.1" 200 30506
101.91.60.105 - - [19/Oct/2020:08:51:55 +0800] "GET /xingrg/check_reg.html?_=1603068063746 HTTP/1.1" 302 -
172.17.0.115 - - [19/Oct/2020:08:51:56 +0800] "GET /xingrg/all/function/internal_message.html?_=1603068717150&CODE_STATE=getMsg HTTP/1.1" 200 27
124.77.70.31 - - [19/Oct/2020:08:51:56 +0800] "GET /xingrg/javascript/easyui/themes/default/validatebox.css HTTP/1.1" 404 1104
124.77.70.31 - - [19/Oct/2020:08:51:56 +0800] "POST /xingrg/kc/base/wldb_order_operate.html HTTP/1.1" 200 3206
114.88.166.242 - - [19/Oct/2020:08:51:57 +0800] "GET /xingrg/all/function/internal_message.html?_=1603068715828&CODE_STATE=getMsg HTTP/1.1" 302 -
172.17.0.103 - - [19/Oct/2020:08:51:57 +0800] "GET /xingrg/kc/buy/cgsh_order_operate.html?command=get_materiel&rest_code=00147&code=00102009973&supplier_code=00100151&order_time=2020-10-19 HTTP/1.1" 200 408
101.91.60.105 - - [19/Oct/2020:08:51:58 +0800] "GET /xingrg/login.html HTTP/1.1" 200 7641
120.253.135.82 - - [19/Oct/2020:08:52:00 +0800] "GET /xingrg/all/function/internal_message.html?_=1603068468667&CODE_STATE=getMsg HTTP/1.1" 200 27
124.77.70.31 - - [19/Oct/2020:08:52:01 +0800] "GET /xingrg/all/function/internal_message.html?_=1603068719421&CODE_STATE=getMsg HTTP/1.1" 200 27
180.157.253.48 - - [19/Oct/2020:08:52:05 +0800] "GET /xingrg/all/function/internal_message.html?_=1603068726736&CODE_STATE=getMsg HTTP/1.1" 200 27
172.17.0.103 - - [19/Oct/2020:08:52:06 +0800] "GET /xingrg/kc/buy/cgsh_order_operate.html?command=get_materiel&rest_code=00147&code=00102009949&supplier_code=00100151&order_time=2020-10-19 HTTP/1.1" 200 411
180.162.245.190 - - [19/Oct/2020:08:52:07 +0800] "GET /xingrg/all/function/internal_message.html?_=1603068726370&CODE_STATE=getMsg HTTP/1.1" 200 27
117.131.5.26 - - [19/Oct/2020:08:52:09 +0800] "GET /xingrg/all/function/internal_message.html?_=1603069025577&CODE_STATE=getMsg HTTP/1.1" 200 27
172.17.0.115 - - [19/Oct/2020:08:52:10 +0800] "GET /xingrg/check_reg.html?_=1603068731846 HTTP/1.1" 200 22
180.174.56.115 - - [19/Oct/2020:08:52:13 +0800] "GET /xingrg/all/function/internal_message.html?_=1603068732176&CODE_STATE=getMsg HTTP/1.1" 200 27
180.174.56.115 - - [19/Oct/2020:08:52:13 +0800] "GET /xingrg/check_reg.html?_=1603068732278 HTTP/1.1" 200 22
172.17.0.103 - - [19/Oct/2020:08:52:14 +0800] "GET /xingrg/kc/buy/cgsh_order_operate.html?command=get_materiel&rest_code=00147&code=00102009952&supplier_code=00100151&order_time=2020-10-19 HTTP/1.1" 200 425
124.77.70.31 - - [19/Oct/2020:08:52:20 +0800] "GET /xingrg/kc/buy/buy_main.html HTTP/1.1" 200 12412
124.77.70.31 - - [19/Oct/2020:08:52:20 +0800] "GET /xingrg/css/new_ie.css HTTP/1.1" 404 1036
124.77.70.31 - - [19/Oct/2020:08:52:22 +0800] "GET /xingrg/kc/mdqp/qp_main.html HTTP/1.1" 200 10633
114.88.166.242 - - [19/Oct/2020:08:52:23 +0800] "GET /xingrg/all/function/internal_message.html?_=1603068739930&CODE_STATE=getMsg HTTP/1.1" 200 27
124.77.70.31 - - [19/Oct/2020:08:52:23 +0800] "GET /xingrg/images/yd/bt.gif HTTP/1.1" 404 1040
172.17.0.115 - - [19/Oct/2020:08:52:23 +0800] "GET /xingrg/all/function/internal_message.html?_=1603068744731&CODE_STATE=getMsg HTTP/1.1" 200 27
124.77.70.31 - - [19/Oct/2020:08:52:25 +0800] "GET /xingrg/kc/mdqp/qqps_order_list.html HTTP/1.1" 200 8966
124.77.70.31 - - [19/Oct/2020:08:52:26 +0800] "GET /xingrg/dwr/interface/AjaxQqpsService.js HTTP/1.1" 200 16326
114.84.37.38 - - [19/Oct/2020:08:52:26 +0800] "GET /xingrg/all/function/internal_message.html?_=1603068757084&CODE_STATE=getMsg HTTP/1.1" 200 27
124.77.70.31 - - [19/Oct/2020:08:52:26 +0800] "GET /xingrg/dwr/interface/AjaxReportQueryService.js HTTP/1.1" 200 13203
124.77.70.31 - - [19/Oct/2020:08:52:26 +0800] "GET /xingrg/dwr/engine.js HTTP/1.1" 200 43631
124.77.70.31 - - [19/Oct/2020:08:52:28 +0800] "GET /xingrg/kc/mdqp/qqps_order_list.html?isQuery=1&timeSelect=1&orderTime=day&startTime=2020-10-19&endTime=2020-10-19&state=all&query=%C8%B7++%B6%A8 HTTP/1.1" 200 9065
124.77.70.31 - - [19/Oct/2020:08:52:28 +0800] "GET /xingrg/dwr/interface/AjaxQqpsService.js HTTP/1.1" 200 16326
124.77.70.31 - - [19/Oct/2020:08:52:29 +0800] "GET /xingrg/dwr/interface/AjaxReportQueryService.js HTTP/1.1" 200 13203
124.77.70.31 - - [19/Oct/2020:08:52:29 +0800] "GET /xingrg/dwr/engine.js HTTP/1.1" 200 43631
222.69.134.248 - - [19/Oct/2020:08:52:31 +0800] "GET /xingrg/all/function/internal_message.html?_=1603068751158&CODE_STATE=getMsg HTTP/1.1" 200 27
222.69.134.248 - - [19/Oct/2020:08:52:31 +0800] "GET /xingrg/check_reg.html?_=1603068751163 HTTP/1.1" 200 22
124.77.70.31 - - [19/Oct/2020:08:52:31 +0800] "POST /xingrg/dwr/call/plaincall/AjaxReportQueryService.getFixDate.dwr HTTP/1.1" 200 111
172.17.0.185 - - [19/Oct/2020:08:52:32 +0800] "GET /xingrg/all/function/internal_message.html?_=1603068751792&CODE_STATE=getMsg HTTP/1.1" 302 -
124.77.70.31 - - [19/Oct/2020:08:52:32 +0800] "GET /xingrg/kc/mdqp/qqps_order_list.html?isQuery=1&timeSelect=2&orderTime=month&startTime=2020-10-01&endTime=2020-10-31&state=all&query=%C8%B7++%B6%A8 HTTP/1.1" 200 15513
124.77.70.31 - - [19/Oct/2020:08:52:32 +0800] "GET /xingrg/dwr/interface/AjaxQqpsService.js HTTP/1.1" 200 16326
124.77.70.31 - - [19/Oct/2020:08:52:32 +0800] "GET /xingrg/dwr/interface/AjaxReportQueryService.js HTTP/1.1" 200 13203
124.77.70.31 - - [19/Oct/2020:08:52:32 +0800] "GET /xingrg/dwr/engine.js HTTP/1.1" 200 43631
172.17.0.103 - - [19/Oct/2020:08:52:34 +0800] "GET /xingrg/kc/buy/cgsh_order_operate.html?command=get_materiel&rest_code=00147&code=00102009953&supplier_code=00100151&order_time=2020-10-19 HTTP/1.1" 200 413
172.17.0.123 - - [19/Oct/2020:08:52:36 +0800] "GET /xingrg/all/function/internal_message.html?_=1603068726572&CODE_STATE=getMsg HTTP/1.1" 200 27
124.77.70.31 - - [19/Oct/2020:08:52:38 +0800] "GET /xingrg/kc/mdqp/qqps_order_info.html?code=302020101600360 HTTP/1.1" 200 26378
124.77.70.31 - - [19/Oct/2020:08:52:38 +0800] "GET /xingrg/dwr/interface/AjaxComOrderService.js HTTP/1.1" 200 18264
124.77.70.31 - - [19/Oct/2020:08:52:38 +0800] "GET /xingrg/dwr/interface/AjaxQqpsService.js HTTP/1.1" 200 16326
124.77.70.31 - - [19/Oct/2020:08:52:38 +0800] "GET /xingrg/dwr/engine.js HTTP/1.1" 200 43631
114.88.166.242 - - [19/Oct/2020:08:52:39 +0800] "GET /xingrg/index.html?sysBaseUrl=http%3A%2F%2F180.169.147.146%3A18081%2Fxingrg%2F&costTime=38×tamp=1588335986102 HTTP/1.1" 302 -
114.88.166.242 - - [19/Oct/2020:08:52:39 +0800] "GET /xingrg/login.html HTTP/1.1" 200 7641
172.17.0.103 - - [19/Oct/2020:08:52:39 +0800] "POST /xingrg/kc/buy/cgsh_order_operate.html HTTP/1.1" 200 37
114.88.166.242 - - [19/Oct/2020:08:52:40 +0800] "GET /favicon.ico HTTP/1.1" 404 -
172.17.0.103 - - [19/Oct/2020:08:52:40 +0800] "POST /xingrg/kc/buy/cgsh_order_operate.html HTTP/1.1" 200 4446
124.77.70.31 - - [19/Oct/2020:08:52:41 +0800] "POST /xingrg/dwr/call/plaincall/AjaxQqpsService.loadMaterielItems.dwr HTTP/1.1" 200 996
172.17.0.103 - - [19/Oct/2020:08:52:41 +0800] "GET /xingrg/kc/print/load_data.html?order_code=212020101907744&kc_code=cgsh&condition= HTTP/1.1" 200 1346
124.77.70.31 - - [19/Oct/2020:08:52:45 +0800] "GET /xingrg/kc/mdqp/qp_main.html HTTP/1.1" 200 10633
172.17.0.103 - - [19/Oct/2020:08:52:46 +0800] "GET /xingrg/all/function/internal_message.html?_=1603068764732&CODE_STATE=getMsg HTTP/1.1" 200 27
124.77.70.31 - - [19/Oct/2020:08:52:47 +0800] "GET /xingrg/kc/mdqp/qqps_order_list.html HTTP/1.1" 200 8966
124.77.70.31 - - [19/Oct/2020:08:52:47 +0800] "GET /xingrg/dwr/interface/AjaxQqpsService.js HTTP/1.1" 200 16326
124.77.70.31 - - [19/Oct/2020:08:52:47 +0800] "GET /xingrg/dwr/interface/AjaxReportQueryService.js HTTP/1.1" 200 13203
124.77.70.31 - - [19/Oct/2020:08:52:47 +0800] "GET /xingrg/dwr/engine.js HTTP/1.1" 200 43631
124.77.70.31 - - [19/Oct/2020:08:52:50 +0800] "POST /xingrg/dwr/call/plaincall/AjaxReportQueryService.getFixDate.dwr HTTP/1.1" 200 111
124.77.70.31 - - [19/Oct/2020:08:52:51 +0800] "GET /xingrg/kc/mdqp/qqps_order_list.html?isQuery=1&timeSelect=2&orderTime=month&startTime=2020-10-01&endTime=2020-10-31&state=all&query=%C8%B7++%B6%A8 HTTP/1.1" 200 15513
124.77.70.31 - - [19/Oct/2020:08:52:52 +0800] "GET /xingrg/dwr/interface/AjaxReportQueryService.js HTTP/1.1" 200 13203
124.77.70.31 - - [19/Oct/2020:08:52:52 +0800] "GET /xingrg/dwr/interface/AjaxQqpsService.js HTTP/1.1" 200 16326
124.77.70.31 - - [19/Oct/2020:08:52:52 +0800] "GET /xingrg/dwr/engine.js HTTP/1.1" 200 43631
172.17.0.115 - - [19/Oct/2020:08:52:55 +0800] "GET /xingrg/check_reg.html?_=1603068776666 HTTP/1.1" 200 22
124.77.70.31 - - [19/Oct/2020:08:52:55 +0800] "GET /xingrg/kc/mdqp/qqps_order_info.html?code=302020101600362 HTTP/1.1" 200 26378
124.77.70.31 - - [19/Oct/2020:08:52:56 +0800] "GET /xingrg/dwr/interface/AjaxComOrderService.js HTTP/1.1" 200 18264
124.77.70.31 - - [19/Oct/2020:08:52:56 +0800] "GET /xingrg/dwr/interface/AjaxQqpsService.js HTTP/1.1" 200 16326
124.77.70.31 - - [19/Oct/2020:08:52:56 +0800] "GET /xingrg/dwr/engine.js HTTP/1.1" 200 43631
172.17.0.115 - - [19/Oct/2020:08:52:56 +0800] "GET /xingrg/all/function/internal_message.html?_=1603068777165&CODE_STATE=getMsg HTTP/1.1" 200 27
114.88.166.242 - - [19/Oct/2020:08:52:57 +0800] "GET /xingrg/all/function/internal_message.html?_=1603068775852&CODE_STATE=getMsg HTTP/1.1" 302 -
124.77.70.31 - - [19/Oct/2020:08:52:57 +0800] "POST /xingrg/dwr/call/plaincall/AjaxQqpsService.loadMaterielItems.dwr HTTP/1.1" 200 335
114.88.166.242 - - [19/Oct/2020:08:52:58 +0800] "POST /xingrg/login.do HTTP/1.1" 302 -
114.88.166.242 - - [19/Oct/2020:08:52:58 +0800] "GET /xingrg/index.html?sysBaseUrl=http%3A%2F%2F180.169.147.146%3A18081%2Fxingrg%2F&costTime=38×tamp=1603068778501 HTTP/1.1" 200 17173
114.88.166.242 - - [19/Oct/2020:08:52:58 +0800] "POST /xingrg/all/common/load_tree.html?tree=area_rest_tree_json&manage=1 HTTP/1.1" 200 342
114.88.166.242 - - [19/Oct/2020:08:52:58 +0800] "GET /favicon.ico HTTP/1.1" 404 -
114.88.166.242 - - [19/Oct/2020:08:52:58 +0800] "GET /xingrg/all/function/internal_message.html?_=1603068867701&CODE_STATE=count HTTP/1.1" 200 11
114.88.166.242 - - [19/Oct/2020:08:52:58 +0800] "GET /xingrg/check_reg.html?_=1603068867702 HTTP/1.1" 200 22
114.88.166.242 - - [19/Oct/2020:08:52:58 +0800] "POST /xingrg/load_menu.html HTTP/1.1" 200 5138
120.253.135.82 - - [19/Oct/2020:08:53:00 +0800] "GET /xingrg/all/function/internal_message.html?_=1603068528681&CODE_STATE=getMsg HTTP/1.1" 200 27
124.77.70.31 - - [19/Oct/2020:08:53:00 +0800] "GET /xingrg/kc/buy/buy_main.html HTTP/1.1" 200 12412
124.77.70.31 - - [19/Oct/2020:08:53:01 +0800] "GET /xingrg/css/new_ie.css HTTP/1.1" 404 1036
124.77.70.31 - - [19/Oct/2020:08:53:01 +0800] "GET /xingrg/all/function/internal_message.html?_=1603068779500&CODE_STATE=getMsg HTTP/1.1" 200 27
114.88.166.242 - - [19/Oct/2020:08:53:03 +0800] "GET /xingrg/kc/base/check_order_list.html HTTP/1.1" 200 16502
114.88.166.242 - - [19/Oct/2020:08:53:03 +0800] "POST /xingrg/kc/base/check_list_operate.html HTTP/1.1" 200 3195
124.77.70.31 - - [19/Oct/2020:08:53:04 +0800] "GET /xingrg/kc/mdqp/qp_main.html HTTP/1.1" 200 10633
124.77.70.31 - - [19/Oct/2020:08:53:05 +0800] "GET /xingrg/kc/buy/buy_main.html HTTP/1.1" 200 12412
114.88.166.242 - - [19/Oct/2020:08:53:05 +0800] "GET /xingrg/kc/base/check_order_info.html?code=452020101800229 HTTP/1.1" 200 26444
114.88.166.242 - - [19/Oct/2020:08:53:05 +0800] "GET /xingrg/dwr/util.js HTTP/1.1" 304 -
124.77.70.31 - - [19/Oct/2020:08:53:05 +0800] "GET /xingrg/css/new_ie.css HTTP/1.1" 404 1036
114.88.166.242 - - [19/Oct/2020:08:53:05 +0800] "GET /xingrg/dwr/interface/AjaxComOrderService.js HTTP/1.1" 200 18264
114.88.166.242 - - [19/Oct/2020:08:53:05 +0800] "GET /xingrg/dwr/interface/AjaxCheckService.js HTTP/1.1" 200 14003
114.88.166.242 - - [19/Oct/2020:08:53:05 +0800] "GET /xingrg/dwr/engine.js HTTP/1.1" 200 43631
180.157.253.48 - - [19/Oct/2020:08:53:05 +0800] "GET /xingrg/all/function/internal_message.html?_=1603068786770&CODE_STATE=getMsg HTTP/1.1" 200 27
114.88.166.242 - - [19/Oct/2020:08:53:06 +0800] "POST /xingrg/dwr/call/plaincall/AjaxCheckService.loadOrderItems.dwr HTTP/1.1" 200 166264
180.162.245.190 - - [19/Oct/2020:08:53:07 +0800] "GET /xingrg/all/function/internal_message.html?_=1603068786344&CODE_STATE=getMsg HTTP/1.1" 200 27
117.131.5.26 - - [19/Oct/2020:08:53:09 +0800] "GET /xingrg/all/function/internal_message.html?_=1603069085584&CODE_STATE=getMsg HTTP/1.1" 200 27
124.77.70.31 - - [19/Oct/2020:08:53:13 +0800] "GET /xingrg/images/yd/bt.gif HTTP/1.1" 404 1040
180.174.56.115 - - [19/Oct/2020:08:53:13 +0800] "GET /xingrg/all/function/internal_message.html?_=1603068792184&CODE_STATE=getMsg HTTP/1.1" 200 27
124.77.70.31 - - [19/Oct/2020:08:53:16 +0800] "GET /xingrg/kc/buy/cgsh_order_list.html HTTP/1.1" 200 44268
124.77.70.31 - - [19/Oct/2020:08:53:18 +0800] "POST /xingrg/kc/buy/cgsh_list_operate.html HTTP/1.1" 200 876
114.88.166.242 - - [19/Oct/2020:08:53:19 +0800] "POST /xingrg/dwr/call/plaincall/AjaxCheckService.setItemNumber.dwr HTTP/1.1" 200 76
114.88.166.242 - - [19/Oct/2020:08:53:20 +0800] "POST /xingrg/dwr/call/plaincall/AjaxCheckService.setItemNumber.dwr HTTP/1.1" 200 76
114.88.166.242 - - [19/Oct/2020:08:53:20 +0800] "POST /xingrg/dwr/call/plaincall/AjaxCheckService.setItemNumber.dwr HTTP/1.1" 200 76
114.88.166.242 - - [19/Oct/2020:08:53:21 +0800] "POST /xingrg/dwr/call/plaincall/AjaxCheckService.setItemNumber.dwr HTTP/1.1" 200 76
124.77.70.31 - - [19/Oct/2020:08:53:21 +0800] "GET /xingrg/kc/buy/cgsh_order_add.html HTTP/1.1" 200 60088
124.77.70.31 - - [19/Oct/2020:08:53:22 +0800] "GET /xingrg/all/common/auto_word.html?type=employee&rest_code=00107 HTTP/1.1" 200 147
124.77.70.31 - - [19/Oct/2020:08:53:22 +0800] "GET /xingrg/javascript/easyui/themes/default/validatebox.css HTTP/1.1" 404 1104
124.77.70.31 - - [19/Oct/2020:08:53:22 +0800] "GET /xingrg/all/common/auto_word.html?type=employee&rest_code=00107 HTTP/1.1" 200 147
124.77.70.31 - - [19/Oct/2020:08:53:22 +0800] "POST /xingrg/kc/buy/cgsh_order_operate.html HTTP/1.1" 200 8245
114.88.166.242 - - [19/Oct/2020:08:53:23 +0800] "GET /xingrg/all/function/internal_message.html?_=1603068799934&CODE_STATE=getMsg HTTP/1.1" 200 27
114.88.166.242 - - [19/Oct/2020:08:53:23 +0800] "POST /xingrg/dwr/call/plaincall/AjaxCheckService.setItemNumber.dwr HTTP/1.1" 200 76
172.17.0.115 - - [19/Oct/2020:08:53:23 +0800] "GET /xingrg/all/function/internal_message.html?_=1603068804746&CODE_STATE=getMsg HTTP/1.1" 200 27
114.88.166.242 - - [19/Oct/2020:08:53:24 +0800] "POST /xingrg/dwr/call/plaincall/AjaxCheckService.setItemNumber.dwr HTTP/1.1" 200 76
114.88.166.242 - - [19/Oct/2020:08:53:25 +0800] "POST /xingrg/dwr/call/plaincall/AjaxCheckService.setItemNumber.dwr HTTP/1.1" 200 76
114.88.166.242 - - [19/Oct/2020:08:53:25 +0800] "POST /xingrg/dwr/call/plaincall/AjaxCheckService.setItemNumber.dwr HTTP/1.1" 200 76
114.88.166.242 - - [19/Oct/2020:08:53:26 +0800] "POST /xingrg/dwr/call/plaincall/AjaxCheckService.setItemNumber.dwr HTTP/1.1" 200 76
114.84.37.38 - - [19/Oct/2020:08:53:26 +0800] "GET /xingrg/all/function/internal_message.html?_=1603068817097&CODE_STATE=getMsg HTTP/1.1" 200 27
114.88.166.242 - - [19/Oct/2020:08:53:26 +0800] "POST /xingrg/dwr/call/plaincall/AjaxCheckService.setItemNumber.dwr HTTP/1.1" 200 77
114.88.166.242 - - [19/Oct/2020:08:53:27 +0800] "POST /xingrg/dwr/call/plaincall/AjaxCheckService.setItemNumber.dwr HTTP/1.1" 200 77
114.88.166.242 - - [19/Oct/2020:08:53:27 +0800] "POST /xingrg/dwr/call/plaincall/AjaxCheckService.setItemNumber.dwr HTTP/1.1" 200 77
114.88.166.242 - - [19/Oct/2020:08:53:28 +0800] "POST /xingrg/dwr/call/plaincall/AjaxCheckService.setItemNumber.dwr HTTP/1.1" 200 77
114.88.166.242 - - [19/Oct/2020:08:53:29 +0800] "POST /xingrg/dwr/call/plaincall/AjaxCheckService.setItemNumber.dwr HTTP/1.1" 200 77
114.88.166.242 - - [19/Oct/2020:08:53:29 +0800] "POST /xingrg/dwr/call/plaincall/AjaxCheckService.setItemNumber.dwr HTTP/1.1" 200 77
114.88.166.242 - - [19/Oct/2020:08:53:30 +0800] "POST /xingrg/dwr/call/plaincall/AjaxCheckService.setItemNumber.dwr HTTP/1.1" 200 77
114.88.166.242 - - [19/Oct/2020:08:53:30 +0800] "POST /xingrg/dwr/call/plaincall/AjaxCheckService.setItemNumber.dwr HTTP/1.1" 200 77
222.69.134.248 - - [19/Oct/2020:08:53:31 +0800] "GET /xingrg/all/function/internal_message.html?_=1603068811172&CODE_STATE=getMsg HTTP/1.1" 200 27
114.88.166.242 - - [19/Oct/2020:08:53:31 +0800] "POST /xingrg/dwr/call/plaincall/AjaxCheckService.setItemNumber.dwr HTTP/1.1" 200 77
114.88.166.242 - - [19/Oct/2020:08:53:31 +0800] "POST /xingrg/dwr/call/plaincall/AjaxCheckService.setItemNumber.dwr HTTP/1.1" 200 77
124.77.70.31 - - [19/Oct/2020:08:53:32 +0800] "POST /xingrg/kc/buy/cgsh_list_operate.html HTTP/1.1" 200 5785
172.17.0.185 - - [19/Oct/2020:08:53:32 +0800] "GET /xingrg/all/function/internal_message.html?_=1603068811779&CODE_STATE=getMsg HTTP/1.1" 302 -
114.88.166.242 - - [19/Oct/2020:08:53:32 +0800] "POST /xingrg/dwr/call/plaincall/AjaxCheckService.setItemNumber.dwr HTTP/1.1" 200 77
114.88.166.242 - - [19/Oct/2020:08:53:33 +0800] "POST /xingrg/dwr/call/plaincall/AjaxCheckService.setItemNumber.dwr HTTP/1.1" 200 77
