172.17.0.123 - - [19/Oct/2020:09:18:36 +0800] "GET /xingrg/all/function/internal_message.html?_=1603070286582&CODE_STATE=getMsg HTTP/1.1" 200 27
114.88.166.242 - - [19/Oct/2020:09:18:36 +0800] "GET /xingrg/kc/buy/cgsh_order_list.html HTTP/1.1" 200 44262
114.88.166.242 - - [19/Oct/2020:09:18:38 +0800] "POST /xingrg/kc/buy/cgsh_list_operate.html HTTP/1.1" 200 3136
114.88.166.242 - - [19/Oct/2020:09:18:41 +0800] "POST /xingrg/kc/buy/cgsh_list_operate.html HTTP/1.1" 200 271
114.88.166.242 - - [19/Oct/2020:09:18:42 +0800] "POST /xingrg/kc/buy/cgsh_list_operate.html HTTP/1.1" 200 571
114.88.166.242 - - [19/Oct/2020:09:18:42 +0800] "GET /xingrg/kc/buy/cgsh_order_info.html?code=212020101907763 HTTP/1.1" 200 60009
114.88.166.242 - - [19/Oct/2020:09:18:42 +0800] "GET /xingrg/words/20201019073235_words.js HTTP/1.1" 304 -
114.88.166.242 - - [19/Oct/2020:09:18:42 +0800] "GET /xingrg/all/common/auto_word.html?type=employee&rest_code=00111 HTTP/1.1" 200 205
114.88.166.242 - - [19/Oct/2020:09:18:42 +0800] "GET /xingrg/all/common/auto_word.html?type=employee&rest_code=00111 HTTP/1.1" 200 205
114.88.166.242 - - [19/Oct/2020:09:18:42 +0800] "GET /xingrg/javascript/easyui/themes/default/validatebox.css HTTP/1.1" 404 1104
114.88.166.242 - - [19/Oct/2020:09:18:43 +0800] "POST /xingrg/kc/buy/cgsh_order_operate.html HTTP/1.1" 200 12715
114.88.166.242 - - [19/Oct/2020:09:18:46 +0800] "GET /xingrg/javascript/auto/indicator.gif HTTP/1.1" 404 1066
172.17.0.103 - - [19/Oct/2020:09:18:46 +0800] "GET /xingrg/all/function/internal_message.html?_=1603070324640&CODE_STATE=getMsg HTTP/1.1" 200 27
114.88.166.242 - - [19/Oct/2020:09:18:49 +0800] "GET /xingrg/kc/buy/cgsh_order_operate.html?command=get_materiel&rest_code=00111&code=00101008356&supplier_code=00100005&order_time=2020-10-19 HTTP/1.1" 200 408
116.233.74.201 - - [19/Oct/2020:09:18:49 +0800] "POST /xingrg/dwr/call/plaincall/AjaxCheckService.setItemNumber.dwr HTTP/1.1" 200 78
172.17.0.120 - - [19/Oct/2020:09:18:49 +0800] "GET /xingrg/all/function/internal_message.html?_=1603070328338&CODE_STATE=getMsg HTTP/1.1" 200 27
116.233.74.201 - - [19/Oct/2020:09:18:49 +0800] "POST /xingrg/dwr/call/plaincall/AjaxCheckService.setItemNumber.dwr HTTP/1.1" 200 78
116.233.74.201 - - [19/Oct/2020:09:18:50 +0800] "POST /xingrg/dwr/call/plaincall/AjaxCheckService.setItemNumber.dwr HTTP/1.1" 200 78
116.233.74.201 - - [19/Oct/2020:09:18:51 +0800] "POST /xingrg/dwr/call/plaincall/AjaxCheckService.setItemNumber.dwr HTTP/1.1" 200 78
116.233.74.201 - - [19/Oct/2020:09:18:52 +0800] "POST /xingrg/dwr/call/plaincall/AjaxCheckService.setItemNumber.dwr HTTP/1.1" 200 78
172.17.0.115 - - [19/Oct/2020:09:18:56 +0800] "GET /xingrg/all/function/internal_message.html?_=1603070337596&CODE_STATE=getMsg HTTP/1.1" 200 27
222.69.134.248 - - [19/Oct/2020:09:18:57 +0800] "POST /xingrg/services/DataTransmitService HTTP/1.1" 401 565
222.69.134.248 - - [19/Oct/2020:09:18:57 +0800] "POST /xingrg/services/DataTransmitService HTTP/1.1" 200 478
222.69.134.248 - - [19/Oct/2020:09:18:57 +0800] "POST /xingrg/services/DataTransmitService HTTP/1.1" 200 1320
222.69.134.248 - - [19/Oct/2020:09:18:57 +0800] "POST /xingrg/services/DataTransmitService HTTP/1.1" 200 478
222.69.134.248 - - [19/Oct/2020:09:18:57 +0800] "POST /xingrg/services/DataTransmitService HTTP/1.1" 200 1320
222.69.134.248 - - [19/Oct/2020:09:18:57 +0800] "POST /xingrg/services/DataTransmitService HTTP/1.1" 200 524
114.88.166.242 - - [19/Oct/2020:09:18:57 +0800] "GET /xingrg/all/function/internal_message.html?_=1603070335866&CODE_STATE=getMsg HTTP/1.1" 302 -
114.88.166.242 - - [19/Oct/2020:09:18:57 +0800] "GET /xingrg/check_reg.html?_=1603070335864 HTTP/1.1" 302 -
222.69.134.248 - - [19/Oct/2020:09:18:57 +0800] "POST /xingrg/services/DataTransmitService HTTP/1.1" 200 1759
222.69.134.248 - - [19/Oct/2020:09:18:57 +0800] "POST /xingrg/services/DataTransmitService HTTP/1.1" 200 45454
114.88.166.242 - - [19/Oct/2020:09:18:57 +0800] "GET /xingrg/kc/buy/cgsh_order_operate.html?command=get_materiel&rest_code=00111&code=00101008006&supplier_code=00100005&order_time=2020-10-19 HTTP/1.1" 200 416
222.69.134.248 - - [19/Oct/2020:09:18:57 +0800] "POST /xingrg/services/DataTransmitService HTTP/1.1" 200 19237
116.233.74.201 - - [19/Oct/2020:09:18:58 +0800] "GET /xingrg/all/function/internal_message.html?_=1603070368625&CODE_STATE=getMsg HTTP/1.1" 200 27
114.84.37.38 - - [19/Oct/2020:09:19:00 +0800] "GET /xingrg/all/function/internal_message.html?_=1603070341229&CODE_STATE=getMsg HTTP/1.1" 200 27
120.253.135.82 - - [19/Oct/2020:09:19:01 +0800] "GET /xingrg/all/function/internal_message.html?_=1603070089056&CODE_STATE=getMsg HTTP/1.1" 200 27
180.162.245.190 - - [19/Oct/2020:09:19:02 +0800] "GET /xingrg/kc/buy/cgsh_order_operate.html?command=get_materiel&rest_code=00105&code=00101008224&supplier_code=00100203&order_time=2020-10-19 HTTP/1.1" 200 416
58.37.8.227 - - [19/Oct/2020:09:19:02 +0800] "GET /xingrg/all/function/internal_message.html?_=1603069950949&CODE_STATE=getMsg HTTP/1.1" 200 27
114.88.166.242 - - [19/Oct/2020:09:19:04 +0800] "GET /xingrg/kc/buy/cgsh_order_operate.html?command=get_materiel&rest_code=00111&code=00101008036&supplier_code=00100005&order_time=2020-10-19 HTTP/1.1" 200 408
180.157.253.48 - - [19/Oct/2020:09:19:06 +0800] "GET /xingrg/all/function/internal_message.html?_=1603070347275&CODE_STATE=getMsg HTTP/1.1" 200 27
180.162.245.190 - - [19/Oct/2020:09:19:06 +0800] "GET /xingrg/all/function/internal_message.html?_=1603070345929&CODE_STATE=getMsg HTTP/1.1" 200 27
180.174.56.115 - - [19/Oct/2020:09:19:07 +0800] "GET /xingrg/all/function/internal_message.html?_=1603070345819&CODE_STATE=getMsg HTTP/1.1" 200 27
116.233.74.201 - - [19/Oct/2020:09:19:09 +0800] "POST /xingrg/dwr/call/plaincall/AjaxCheckService.setItemNumber.dwr HTTP/1.1" 200 78
117.131.5.26 - - [19/Oct/2020:09:19:09 +0800] "GET /xingrg/check_reg.html?_=1603070645620 HTTP/1.1" 200 22
117.131.5.26 - - [19/Oct/2020:09:19:09 +0800] "GET /xingrg/all/function/internal_message.html?_=1603070645937&CODE_STATE=getMsg HTTP/1.1" 200 27
114.88.166.242 - - [19/Oct/2020:09:19:11 +0800] "GET /xingrg/kc/buy/cgsh_order_operate.html?command=get_materiel&rest_code=00111&code=00101008131&supplier_code=00100005&order_time=2020-10-19 HTTP/1.1" 200 408
180.162.245.190 - - [19/Oct/2020:09:19:12 +0800] "POST /xingrg/kc/buy/cgsh_order_operate.html HTTP/1.1" 200 37
180.162.245.190 - - [19/Oct/2020:09:19:14 +0800] "POST /xingrg/kc/buy/cgsh_order_operate.html HTTP/1.1" 200 35156
114.88.166.242 - - [19/Oct/2020:09:19:15 +0800] "POST /xingrg/kc/buy/cgsh_order_operate.html HTTP/1.1" 200 2065
180.162.245.190 - - [19/Oct/2020:09:19:15 +0800] "GET /xingrg/kc/print/load_data.html?order_code=212020101907742&kc_code=cgsh&condition= HTTP/1.1" 200 12908
180.157.253.48 - - [19/Oct/2020:09:19:15 +0800] "GET /xingrg/javascript/easyui/themes/default/images/button_plain_hover.png HTTP/1.1" 304 -
180.157.253.48 - - [19/Oct/2020:09:19:15 +0800] "GET /xingrg/javascript/easyui/themes/default/images/button_plain_hover.png HTTP/1.1" 304 -
180.157.253.48 - - [19/Oct/2020:09:19:15 +0800] "GET /xingrg/javascript/easyui/themes/default/images/button_plain_hover.png HTTP/1.1" 304 -
58.37.8.227 - - [19/Oct/2020:09:19:15 +0800] "POST /xingrg/dwr/call/plaincall/AjaxCheckService.setItemNumber.dwr HTTP/1.1" 200 78
180.157.253.48 - - [19/Oct/2020:09:19:16 +0800] "GET /xingrg/javascript/easyui/themes/default/images/button_plain_hover.png HTTP/1.1" 304 -
180.157.253.48 - - [19/Oct/2020:09:19:16 +0800] "GET /xingrg/javascript/easyui/themes/default/images/button_plain_hover.png HTTP/1.1" 304 -
180.157.253.48 - - [19/Oct/2020:09:19:16 +0800] "GET /xingrg/javascript/easyui/themes/default/images/button_plain_hover.png HTTP/1.1" 304 -
180.157.253.48 - - [19/Oct/2020:09:19:19 +0800] "POST /xingrg/kc/buy/cgsh_order_operate.html HTTP/1.1" 200 37
180.162.245.190 - - [19/Oct/2020:09:19:19 +0800] "GET /xingrg/kc/buy/cgsh_order_add.html HTTP/1.1" 200 60047
180.157.253.48 - - [19/Oct/2020:09:19:20 +0800] "POST /xingrg/kc/buy/cgsh_order_operate.html HTTP/1.1" 200 5602
180.162.245.190 - - [19/Oct/2020:09:19:20 +0800] "GET /xingrg/javascript/easyui/themes/default/validatebox.css HTTP/1.1" 404 1104
180.162.245.190 - - [19/Oct/2020:09:19:20 +0800] "POST /xingrg/kc/buy/cgsh_order_operate.html HTTP/1.1" 200 8245
116.233.74.201 - - [19/Oct/2020:09:19:20 +0800] "GET /xingrg/kc/base/check_order_list.html?isBack=1 HTTP/1.1" 200 16502
180.157.253.48 - - [19/Oct/2020:09:19:21 +0800] "GET /xingrg/javascript/easyui/themes/default/images/button_plain_hover.png HTTP/1.1" 304 -
180.157.253.48 - - [19/Oct/2020:09:19:21 +0800] "GET /xingrg/javascript/easyui/themes/default/images/button_plain_hover.png HTTP/1.1" 304 -
180.157.253.48 - - [19/Oct/2020:09:19:21 +0800] "GET /xingrg/css/base.css HTTP/1.1" 304 -
180.157.253.48 - - [19/Oct/2020:09:19:21 +0800] "GET /xingrg/kc/buy/cgsh_order_add.html HTTP/1.1" 200 60000
180.157.253.48 - - [19/Oct/2020:09:19:21 +0800] "GET /xingrg/css/site.css HTTP/1.1" 304 -
180.157.253.48 - - [19/Oct/2020:09:19:21 +0800] "GET /xingrg/javascript/jquery_tools/datebox.css HTTP/1.1" 304 -
180.157.253.48 - - [19/Oct/2020:09:19:21 +0800] "GET /xingrg/javascript/easyui/themes/default/easyui.css HTTP/1.1" 304 -
180.157.253.48 - - [19/Oct/2020:09:19:21 +0800] "GET /xingrg/javascript/easyui/themes/icon.css HTTP/1.1" 304 -
180.157.253.48 - - [19/Oct/2020:09:19:21 +0800] "GET /xingrg/javascript/auto/jquery.autocomplete.css HTTP/1.1" 304 -
180.157.253.48 - - [19/Oct/2020:09:19:21 +0800] "GET /xingrg/javascript/jquery_tools/fix.css HTTP/1.1" 304 -
180.157.253.48 - - [19/Oct/2020:09:19:21 +0800] "GET /xingrg/javascript/jquery_tools/table.css HTTP/1.1" 304 -
180.157.253.48 - - [19/Oct/2020:09:19:21 +0800] "GET /xingrg/javascript/jquery_tools/jquery.tools.min.js HTTP/1.1" 304 -
180.157.253.48 - - [19/Oct/2020:09:19:21 +0800] "GET /xingrg/javascript/pic_change.js HTTP/1.1" 304 -
180.157.253.48 - - [19/Oct/2020:09:19:21 +0800] "GET /xingrg/javascript/jquery_tools/jquery.tools.extend.js HTTP/1.1" 304 -
180.157.253.48 - - [19/Oct/2020:09:19:21 +0800] "GET /xingrg/javascript/jquery_tools/jquery.tools.hotkey.js HTTP/1.1" 304 -
180.157.253.48 - - [19/Oct/2020:09:19:21 +0800] "GET /xingrg/javascript/jquery_tools/jquery.tools.table.js HTTP/1.1" 304 -
180.157.253.48 - - [19/Oct/2020:09:19:21 +0800] "GET /xingrg/javascript/auto/jquery.autocomplete.js HTTP/1.1" 304 -
180.157.253.48 - - [19/Oct/2020:09:19:21 +0800] "GET /xingrg/javascript/print/kc_print.js HTTP/1.1" 304 -
180.157.253.48 - - [19/Oct/2020:09:19:21 +0800] "GET /xingrg/javascript/jquery.utils.js HTTP/1.1" 304 -
180.157.253.48 - - [19/Oct/2020:09:19:21 +0800] "GET /xingrg/javascript/easyui/easyloader.js HTTP/1.1" 304 -
180.157.253.48 - - [19/Oct/2020:09:19:21 +0800] "GET /xingrg/javascript/jquery_tools/order_manager.js HTTP/1.1" 304 -
180.157.253.48 - - [19/Oct/2020:09:19:21 +0800] "GET /xingrg/javascript/convert.js HTTP/1.1" 304 -
180.157.253.48 - - [19/Oct/2020:09:19:21 +0800] "GET /xingrg/javascript/json2.js HTTP/1.1" 304 -
180.157.253.48 - - [19/Oct/2020:09:19:21 +0800] "GET /xingrg/javascript/jquery.cookie.js HTTP/1.1" 304 -
180.157.253.48 - - [19/Oct/2020:09:19:21 +0800] "GET /xingrg/javascript/print/LodopFuncs.js HTTP/1.1" 304 -
180.157.253.48 - - [19/Oct/2020:09:19:21 +0800] "GET /xingrg/words/20201019073235_words.js HTTP/1.1" 304 -
116.233.74.201 - - [19/Oct/2020:09:19:21 +0800] "POST /xingrg/kc/base/check_list_operate.html HTTP/1.1" 200 3522
114.88.166.242 - - [19/Oct/2020:09:19:22 +0800] "GET /xingrg/kc/buy/cgsh_order_operate.html?command=get_materiel&rest_code=00111&code=00101008352&supplier_code=00100005&order_time=2020-10-19 HTTP/1.1" 200 412
180.157.253.48 - - [19/Oct/2020:09:19:22 +0800] "GET /xingrg/javascript/easyui/themes/icons/copy_new.png HTTP/1.1" 304 -
180.157.253.48 - - [19/Oct/2020:09:19:22 +0800] "GET /xingrg/javascript/easyui/themes/icons/template_new.png HTTP/1.1" 304 -
180.157.253.48 - - [19/Oct/2020:09:19:22 +0800] "GET /xingrg/javascript/easyui/themes/icons/ok.png HTTP/1.1" 304 -
180.157.253.48 - - [19/Oct/2020:09:19:22 +0800] "GET /xingrg/javascript/easyui/themes/icons/print.png HTTP/1.1" 304 -
180.157.253.48 - - [19/Oct/2020:09:19:22 +0800] "GET /xingrg/javascript/easyui/themes/default/images/menu_downarrow.png HTTP/1.1" 304 -
180.157.253.48 - - [19/Oct/2020:09:19:22 +0800] "GET /xingrg/javascript/easyui/themes/icons/cancel.png HTTP/1.1" 304 -
180.157.253.48 - - [19/Oct/2020:09:19:22 +0800] "GET /xingrg/javascript/easyui/plugins/jquery.parser.js HTTP/1.1" 304 -
180.157.253.48 - - [19/Oct/2020:09:19:22 +0800] "GET /xingrg/all/common/auto_word.html?type=employee&rest_code=00148 HTTP/1.1" 200 147
180.157.253.48 - - [19/Oct/2020:09:19:22 +0800] "GET /xingrg/all/common/auto_word.html?type=employee&rest_code=00148 HTTP/1.1" 200 147
180.157.253.48 - - [19/Oct/2020:09:19:22 +0800] "GET /xingrg/javascript/easyui/themes/default/validatebox.css HTTP/1.1" 404 1104
180.157.253.48 - - [19/Oct/2020:09:19:22 +0800] "GET /xingrg/javascript/easyui/plugins/jquery.validatebox.js HTTP/1.1" 304 -
180.157.253.48 - - [19/Oct/2020:09:19:22 +0800] "GET /xingrg/javascript/easyui/plugins/jquery.numberbox.js HTTP/1.1" 304 -
180.157.253.48 - - [19/Oct/2020:09:19:22 +0800] "POST /xingrg/kc/buy/cgsh_order_operate.html HTTP/1.1" 200 8245
180.157.253.48 - - [19/Oct/2020:09:19:22 +0800] "GET /xingrg/javascript/easyui/themes/default/images/button_plain_hover.png HTTP/1.1" 304 -
180.157.253.48 - - [19/Oct/2020:09:19:22 +0800] "GET /xingrg/javascript/easyui/themes/default/images/button_plain_hover.png HTTP/1.1" 304 -
116.233.74.201 - - [19/Oct/2020:09:19:23 +0800] "GET /xingrg/kc/base/check_order_info.html?code=452020101800238 HTTP/1.1" 200 26528
116.233.74.201 - - [19/Oct/2020:09:19:23 +0800] "GET /xingrg/dwr/interface/AjaxComOrderService.js HTTP/1.1" 200 18264
116.233.74.201 - - [19/Oct/2020:09:19:23 +0800] "GET /xingrg/dwr/interface/AjaxCheckService.js HTTP/1.1" 200 14003
116.233.74.201 - - [19/Oct/2020:09:19:23 +0800] "GET /xingrg/dwr/engine.js HTTP/1.1" 200 43631
222.69.134.248 - - [19/Oct/2020:09:19:23 +0800] "POST /xingrg/services/DataTransmitService HTTP/1.1" 200 524
116.233.74.201 - - [19/Oct/2020:09:19:23 +0800] "POST /xingrg/dwr/call/plaincall/AjaxCheckService.loadOrderItems.dwr HTTP/1.1" 200 158467
114.88.166.242 - - [19/Oct/2020:09:19:23 +0800] "GET /xingrg/all/function/internal_message.html?_=1603070360569&CODE_STATE=getMsg HTTP/1.1" 200 27
222.69.134.248 - - [19/Oct/2020:09:19:23 +0800] "POST /xingrg/services/DataTransmitService HTTP/1.1" 200 1759
172.17.0.115 - - [19/Oct/2020:09:19:24 +0800] "GET /xingrg/all/function/internal_message.html?_=1603070365107&CODE_STATE=getMsg HTTP/1.1" 200 27
124.77.70.31 - - [19/Oct/2020:09:19:27 +0800] "GET /xingrg/all/function/internal_message.html?_=1603070365781&CODE_STATE=getMsg HTTP/1.1" 200 27
114.84.37.38 - - [19/Oct/2020:09:19:28 +0800] "GET /xingrg/all/function/internal_message.html?_=1603070379311&CODE_STATE=getMsg HTTP/1.1" 200 27
114.88.166.242 - - [19/Oct/2020:09:19:28 +0800] "GET /xingrg/kc/buy/cgsh_order_operate.html?command=get_materiel&rest_code=00111&code=00101008005&supplier_code=00100005&order_time=2020-10-19 HTTP/1.1" 200 412
58.37.8.227 - - [19/Oct/2020:09:19:30 +0800] "POST /xingrg/dwr/call/plaincall/AjaxCheckService.setItemNumber.dwr HTTP/1.1" 200 78
222.69.134.248 - - [19/Oct/2020:09:19:30 +0800] "POST /xingrg/services/DataTransmitService HTTP/1.1" 200 524
222.69.134.248 - - [19/Oct/2020:09:19:31 +0800] "GET /xingrg/all/function/internal_message.html?_=1603070371200&CODE_STATE=getMsg HTTP/1.1" 200 27
172.17.0.185 - - [19/Oct/2020:09:19:32 +0800] "GET /xingrg/all/function/internal_message.html?_=1603070371780&CODE_STATE=getMsg HTTP/1.1" 302 -
180.174.56.115 - - [19/Oct/2020:09:19:33 +0800] "GET /xingrg/all/function/internal_message.html?_=1603070350613&CODE_STATE=getMsg HTTP/1.1" 200 27
180.162.245.190 - - [19/Oct/2020:09:19:34 +0800] "GET /xingrg/kc/buy/cgsh_order_operate.html?command=get_materiel&rest_code=00105&code=00101007048&supplier_code=00100002&order_time=2020-10-19 HTTP/1.1" 200 408
114.88.166.242 - - [19/Oct/2020:09:19:35 +0800] "GET /xingrg/all/function/internal_message.html?_=1603070463982&CODE_STATE=getMsg HTTP/1.1" 200 27
172.17.0.123 - - [19/Oct/2020:09:19:36 +0800] "GET /xingrg/all/function/internal_message.html?_=1603070346585&CODE_STATE=getMsg HTTP/1.1" 200 27
114.88.166.242 - - [19/Oct/2020:09:19:36 +0800] "GET /xingrg/kc/buy/cgsh_order_operate.html?command=get_materiel&rest_code=00111&code=00101008271&supplier_code=00100005&order_time=2020-10-19 HTTP/1.1" 200 408
180.157.253.48 - - [19/Oct/2020:09:19:37 +0800] "GET /xingrg/javascript/jquery_tools/jquery.tools.min.js HTTP/1.1" 304 -
180.157.253.48 - - [19/Oct/2020:09:19:37 +0800] "GET /xingrg/javascript/jquery_tools/jquery.tools.hotkey.js HTTP/1.1" 304 -
180.157.253.48 - - [19/Oct/2020:09:19:37 +0800] "GET /xingrg/javascript/jquery_tools/jquery.tools.table.js HTTP/1.1" 304 -
180.157.253.48 - - [19/Oct/2020:09:19:37 +0800] "GET /xingrg/javascript/easyui/easyloader.js HTTP/1.1" 304 -
180.157.253.48 - - [19/Oct/2020:09:19:37 +0800] "GET /xingrg/javascript/jquery_tools/jquery.tools.extend.js HTTP/1.1" 304 -
180.157.253.48 - - [19/Oct/2020:09:19:37 +0800] "GET /xingrg/javascript/pic_change.js HTTP/1.1" 304 -
180.157.253.48 - - [19/Oct/2020:09:19:37 +0800] "GET /xingrg/javascript/auto/jquery.autocomplete.js HTTP/1.1" 304 -
180.157.253.48 - - [19/Oct/2020:09:19:37 +0800] "GET /xingrg/javascript/jquery_tools/order_manager.js HTTP/1.1" 304 -
180.157.253.48 - - [19/Oct/2020:09:19:37 +0800] "GET /xingrg/javascript/convert.js HTTP/1.1" 304 -
180.157.253.48 - - [19/Oct/2020:09:19:37 +0800] "GET /xingrg/javascript/jquery.utils.js HTTP/1.1" 304 -
180.157.253.48 - - [19/Oct/2020:09:19:37 +0800] "GET /xingrg/javascript/print/LodopFuncs.js HTTP/1.1" 304 -
180.157.253.48 - - [19/Oct/2020:09:19:37 +0800] "GET /xingrg/javascript/easyui/plugins/jquery.parser.js HTTP/1.1" 304 -
180.157.253.48 - - [19/Oct/2020:09:19:37 +0800] "GET /xingrg/javascript/easyui/plugins/jquery.validatebox.js HTTP/1.1" 304 -
180.157.253.48 - - [19/Oct/2020:09:19:37 +0800] "GET /xingrg/javascript/print/kc_print.js HTTP/1.1" 304 -
180.157.253.48 - - [19/Oct/2020:09:19:37 +0800] "GET /xingrg/javascript/jquery.cookie.js HTTP/1.1" 304 -
180.157.253.48 - - [19/Oct/2020:09:19:37 +0800] "GET /xingrg/javascript/easyui/plugins/jquery.numberbox.js HTTP/1.1" 304 -
180.157.253.48 - - [19/Oct/2020:09:19:37 +0800] "GET /xingrg/words/20201019073235_words.js HTTP/1.1" 304 -
180.157.253.48 - - [19/Oct/2020:09:19:37 +0800] "GET /xingrg/javascript/json2.js HTTP/1.1" 304 -
58.37.8.227 - - [19/Oct/2020:09:19:38 +0800] "POST /xingrg/dwr/call/plaincall/AjaxCheckService.checkOrder.dwr HTTP/1.1" 200 80
116.233.74.201 - - [19/Oct/2020:09:19:38 +0800] "POST /xingrg/dwr/call/plaincall/AjaxCheckService.setItemNumber.dwr HTTP/1.1" 200 76
116.233.74.201 - - [19/Oct/2020:09:19:38 +0800] "POST /xingrg/dwr/call/plaincall/AjaxCheckService.setItemNumber.dwr HTTP/1.1" 200 76
116.233.74.201 - - [19/Oct/2020:09:19:40 +0800] "POST /xingrg/dwr/call/plaincall/AjaxCheckService.setItemNumber.dwr HTTP/1.1" 200 76
116.233.74.201 - - [19/Oct/2020:09:19:40 +0800] "POST /xingrg/dwr/call/plaincall/AjaxCheckService.setItemNumber.dwr HTTP/1.1" 200 76
116.233.74.201 - - [19/Oct/2020:09:19:41 +0800] "POST /xingrg/dwr/call/plaincall/AjaxCheckService.setItemNumber.dwr HTTP/1.1" 200 76
222.69.134.248 - - [19/Oct/2020:09:19:41 +0800] "POST /xingrg/services/DataTransmitService HTTP/1.1" 200 501
116.233.74.201 - - [19/Oct/2020:09:19:41 +0800] "POST /xingrg/dwr/call/plaincall/AjaxCheckService.setItemNumber.dwr HTTP/1.1" 200 76
116.233.74.201 - - [19/Oct/2020:09:19:42 +0800] "POST /xingrg/dwr/call/plaincall/AjaxCheckService.setItemNumber.dwr HTTP/1.1" 200 76
116.233.74.201 - - [19/Oct/2020:09:19:42 +0800] "POST /xingrg/dwr/call/plaincall/AjaxCheckService.setItemNumber.dwr HTTP/1.1" 200 76
116.233.74.201 - - [19/Oct/2020:09:19:43 +0800] "POST /xingrg/dwr/call/plaincall/AjaxCheckService.setItemNumber.dwr HTTP/1.1" 200 76
114.88.166.242 - - [19/Oct/2020:09:19:43 +0800] "GET /xingrg/kc/buy/cgsh_order_operate.html?command=get_materiel&rest_code=00111&code=00101008312&supplier_code=00100005&order_time=2020-10-19 HTTP/1.1" 200 432
116.233.74.201 - - [19/Oct/2020:09:19:43 +0800] "POST /xingrg/dwr/call/plaincall/AjaxCheckService.setItemNumber.dwr HTTP/1.1" 200 77
116.233.74.201 - - [19/Oct/2020:09:19:44 +0800] "POST /xingrg/dwr/call/plaincall/AjaxCheckService.setItemNumber.dwr HTTP/1.1" 200 77
116.233.74.201 - - [19/Oct/2020:09:19:44 +0800] "POST /xingrg/dwr/call/plaincall/AjaxCheckService.setItemNumber.dwr HTTP/1.1" 200 77
116.233.74.201 - - [19/Oct/2020:09:19:45 +0800] "POST /xingrg/dwr/call/plaincall/AjaxCheckService.setItemNumber.dwr HTTP/1.1" 200 77
116.233.74.201 - - [19/Oct/2020:09:19:45 +0800] "POST /xingrg/dwr/call/plaincall/AjaxCheckService.setItemNumber.dwr HTTP/1.1" 200 77
116.233.74.201 - - [19/Oct/2020:09:19:46 +0800] "POST /xingrg/dwr/call/plaincall/AjaxCheckService.setItemNumber.dwr HTTP/1.1" 200 77
116.233.74.201 - - [19/Oct/2020:09:19:46 +0800] "POST /xingrg/dwr/call/plaincall/AjaxCheckService.setItemNumber.dwr HTTP/1.1" 200 77
172.17.0.103 - - [19/Oct/2020:09:19:46 +0800] "GET /xingrg/all/function/internal_message.html?_=1603070384640&CODE_STATE=getMsg HTTP/1.1" 200 27
116.233.74.201 - - [19/Oct/2020:09:19:47 +0800] "POST /xingrg/dwr/call/plaincall/AjaxCheckService.setItemNumber.dwr HTTP/1.1" 200 77
58.37.8.227 - - [19/Oct/2020:09:19:47 +0800] "GET /xingrg/kc/base/check_order_info.html?code=452020101800205 HTTP/1.1" 200 22860
58.37.8.227 - - [19/Oct/2020:09:19:47 +0800] "GET /xingrg/dwr/interface/AjaxComOrderService.js HTTP/1.1" 200 18264
58.37.8.227 - - [19/Oct/2020:09:19:47 +0800] "GET /xingrg/dwr/interface/AjaxCheckService.js HTTP/1.1" 200 14003
58.37.8.227 - - [19/Oct/2020:09:19:47 +0800] "GET /xingrg/dwr/engine.js HTTP/1.1" 200 43631
116.233.74.201 - - [19/Oct/2020:09:19:47 +0800] "POST /xingrg/dwr/call/plaincall/AjaxCheckService.setItemNumber.dwr HTTP/1.1" 200 77
116.233.74.201 - - [19/Oct/2020:09:19:47 +0800] "POST /xingrg/dwr/call/plaincall/AjaxCheckService.setItemNumber.dwr HTTP/1.1" 200 77
222.69.134.248 - - [19/Oct/2020:09:19:48 +0800] "POST /xingrg/services/DataTransmitService HTTP/1.1" 200 524
116.233.74.201 - - [19/Oct/2020:09:19:48 +0800] "POST /xingrg/dwr/call/plaincall/AjaxCheckService.setItemNumber.dwr HTTP/1.1" 200 77
116.233.74.201 - - [19/Oct/2020:09:19:49 +0800] "POST /xingrg/dwr/call/plaincall/AjaxCheckService.setItemNumber.dwr HTTP/1.1" 200 77
172.17.0.120 - - [19/Oct/2020:09:19:49 +0800] "GET /xingrg/all/function/internal_message.html?_=1603070388327&CODE_STATE=getMsg HTTP/1.1" 200 27
116.233.74.201 - - [19/Oct/2020:09:19:49 +0800] "POST /xingrg/dwr/call/plaincall/AjaxCheckService.setItemNumber.dwr HTTP/1.1" 200 77
116.233.74.201 - - [19/Oct/2020:09:19:49 +0800] "POST /xingrg/dwr/call/plaincall/AjaxCheckService.setItemNumber.dwr HTTP/1.1" 200 77
116.233.74.201 - - [19/Oct/2020:09:19:50 +0800] "POST /xingrg/dwr/call/plaincall/AjaxCheckService.setItemNumber.dwr HTTP/1.1" 200 77
58.37.8.227 - - [19/Oct/2020:09:19:50 +0800] "POST /xingrg/dwr/call/plaincall/AjaxCheckService.loadOrderItems.dwr HTTP/1.1" 200 62718
116.233.74.201 - - [19/Oct/2020:09:19:50 +0800] "POST /xingrg/dwr/call/plaincall/AjaxCheckService.setItemNumber.dwr HTTP/1.1" 200 77
116.233.74.201 - - [19/Oct/2020:09:19:51 +0800] "POST /xingrg/dwr/call/plaincall/AjaxCheckService.setItemNumber.dwr HTTP/1.1" 200 77
114.88.166.242 - - [19/Oct/2020:09:19:51 +0800] "GET /xingrg/kc/buy/cgsh_order_operate.html?command=get_materiel&rest_code=00111&code=00101008085&supplier_code=00100005&order_time=2020-10-19 HTTP/1.1" 200 412
116.233.74.201 - - [19/Oct/2020:09:19:51 +0800] "POST /xingrg/dwr/call/plaincall/AjaxCheckService.setItemNumber.dwr HTTP/1.1" 200 77
116.233.74.201 - - [19/Oct/2020:09:19:52 +0800] "POST /xingrg/dwr/call/plaincall/AjaxCheckService.setItemNumber.dwr HTTP/1.1" 200 77
116.233.74.201 - - [19/Oct/2020:09:19:52 +0800] "POST /xingrg/dwr/call/plaincall/AjaxCheckService.setItemNumber.dwr HTTP/1.1" 200 77
114.88.166.242 - - [19/Oct/2020:09:19:52 +0800] "POST /xingrg/kc/buy/cgsh_order_operate.html HTTP/1.1" 200 2065
116.233.74.201 - - [19/Oct/2020:09:19:53 +0800] "POST /xingrg/dwr/call/plaincall/AjaxCheckService.setItemNumber.dwr HTTP/1.1" 200 77
116.233.74.201 - - [19/Oct/2020:09:19:53 +0800] "POST /xingrg/dwr/call/plaincall/AjaxCheckService.setItemNumber.dwr HTTP/1.1" 200 77
116.233.74.201 - - [19/Oct/2020:09:19:54 +0800] "POST /xingrg/dwr/call/plaincall/AjaxCheckService.setItemNumber.dwr HTTP/1.1" 200 77
116.233.74.201 - - [19/Oct/2020:09:19:54 +0800] "POST /xingrg/dwr/call/plaincall/AjaxCheckService.setItemNumber.dwr HTTP/1.1" 200 77
116.233.74.201 - - [19/Oct/2020:09:19:55 +0800] "POST /xingrg/dwr/call/plaincall/AjaxCheckService.setItemNumber.dwr HTTP/1.1" 200 77
116.233.74.201 - - [19/Oct/2020:09:19:55 +0800] "POST /xingrg/dwr/call/plaincall/AjaxCheckService.setItemNumber.dwr HTTP/1.1" 200 77
116.233.74.201 - - [19/Oct/2020:09:19:56 +0800] "POST /xingrg/dwr/call/plaincall/AjaxCheckService.setItemNumber.dwr HTTP/1.1" 200 77
172.17.0.115 - - [19/Oct/2020:09:19:56 +0800] "GET /xingrg/all/function/internal_message.html?_=1603070397608&CODE_STATE=getMsg HTTP/1.1" 200 27
116.233.74.201 - - [19/Oct/2020:09:19:56 +0800] "POST /xingrg/dwr/call/plaincall/AjaxCheckService.setItemNumber.dwr HTTP/1.1" 200 77
180.157.253.48 - - [19/Oct/2020:09:19:57 +0800] "GET /xingrg/kc/buy/cgsh_order_operate.html?command=get_materiel&rest_code=00148&code=00101008045&supplier_code=00100007&order_time=2020-10-19 HTTP/1.1" 200 412
116.233.74.201 - - [19/Oct/2020:09:19:57 +0800] "GET /xingrg/all/function/internal_message.html?_=1603070428984&CODE_STATE=getMsg HTTP/1.1" 200 27
114.88.166.242 - - [19/Oct/2020:09:19:57 +0800] "GET /xingrg/all/function/internal_message.html?_=1603070395850&CODE_STATE=getMsg HTTP/1.1" 302 -
116.233.74.201 - - [19/Oct/2020:09:19:57 +0800] "POST /xingrg/dwr/call/plaincall/AjaxCheckService.setItemNumber.dwr HTTP/1.1" 200 77
116.233.74.201 - - [19/Oct/2020:09:19:58 +0800] "POST /xingrg/dwr/call/plaincall/AjaxCheckService.setItemNumber.dwr HTTP/1.1" 200 77
116.233.74.201 - - [19/Oct/2020:09:19:58 +0800] "POST /xingrg/dwr/call/plaincall/AjaxCheckService.setItemNumber.dwr HTTP/1.1" 200 77
116.233.74.201 - - [19/Oct/2020:09:19:59 +0800] "POST /xingrg/dwr/call/plaincall/AjaxCheckService.setItemNumber.dwr HTTP/1.1" 200 77
114.88.166.242 - - [19/Oct/2020:09:19:59 +0800] "GET /xingrg/kc/buy/cgsh_order_operate.html?command=get_materiel&rest_code=00111&code=00101008136&supplier_code=00100005&order_time=2020-10-19 HTTP/1.1" 200 413
116.233.74.201 - - [19/Oct/2020:09:19:59 +0800] "POST /xingrg/dwr/call/plaincall/AjaxCheckService.setItemNumber.dwr HTTP/1.1" 200 77
116.233.74.201 - - [19/Oct/2020:09:20:00 +0800] "POST /xingrg/dwr/call/plaincall/AjaxCheckService.setItemNumber.dwr HTTP/1.1" 200 77
114.84.37.38 - - [19/Oct/2020:09:20:00 +0800] "GET /xingrg/all/function/internal_message.html?_=1603070401243&CODE_STATE=getMsg HTTP/1.1" 200 27
116.233.74.201 - - [19/Oct/2020:09:20:00 +0800] "POST /xingrg/dwr/call/plaincall/AjaxCheckService.setItemNumber.dwr HTTP/1.1" 200 77
180.157.253.48 - - [19/Oct/2020:09:20:00 +0800] "GET /xingrg/javascript/easyui/themes/default/images/button_plain_hover.png HTTP/1.1" 304 -
180.157.253.48 - - [19/Oct/2020:09:20:00 +0800] "GET /xingrg/javascript/easyui/themes/default/images/button_plain_hover.png HTTP/1.1" 304 -
180.157.253.48 - - [19/Oct/2020:09:20:00 +0800] "GET /xingrg/javascript/easyui/themes/default/images/button_plain_hover.png HTTP/1.1" 304 -
180.157.253.48 - - [19/Oct/2020:09:20:01 +0800] "GET /xingrg/javascript/easyui/themes/default/images/button_plain_hover.png HTTP/1.1" 304 -
116.233.74.201 - - [19/Oct/2020:09:20:01 +0800] "POST /xingrg/dwr/call/plaincall/AjaxCheckService.setItemNumber.dwr HTTP/1.1" 200 77
120.253.135.82 - - [19/Oct/2020:09:20:01 +0800] "GET /xingrg/all/function/internal_message.html?_=1603070149064&CODE_STATE=getMsg HTTP/1.1" 200 27
180.157.253.48 - - [19/Oct/2020:09:20:01 +0800] "GET /xingrg/javascript/easyui/themes/default/images/button_plain_hover.png HTTP/1.1" 304 -
180.157.253.48 - - [19/Oct/2020:09:20:01 +0800] "GET /xingrg/javascript/easyui/themes/default/images/button_plain_hover.png HTTP/1.1" 304 -
180.157.253.48 - - [19/Oct/2020:09:20:01 +0800] "GET /xingrg/javascript/easyui/themes/default/images/button_plain_hover.png HTTP/1.1" 304 -
180.157.253.48 - - [19/Oct/2020:09:20:01 +0800] "GET /xingrg/javascript/easyui/themes/default/images/button_plain_hover.png HTTP/1.1" 304 -
116.233.74.201 - - [19/Oct/2020:09:20:01 +0800] "POST /xingrg/dwr/call/plaincall/AjaxCheckService.setItemNumber.dwr HTTP/1.1" 200 77
116.233.74.201 - - [19/Oct/2020:09:20:01 +0800] "POST /xingrg/dwr/call/plaincall/AjaxCheckService.setItemNumber.dwr HTTP/1.1" 200 77
180.162.245.190 - - [19/Oct/2020:09:20:02 +0800] "GET /xingrg/kc/buy/cgsh_order_operate.html?command=get_materiel&rest_code=00105&code=00101007061&supplier_code=00100002&order_time=2020-10-19 HTTP/1.1" 200 409
116.233.74.201 - - [19/Oct/2020:09:20:02 +0800] "POST /xingrg/dwr/call/plaincall/AjaxCheckService.setItemNumber.dwr HTTP/1.1" 200 77
58.37.8.227 - - [19/Oct/2020:09:20:02 +0800] "GET /xingrg/all/function/internal_message.html?_=1603070010954&CODE_STATE=getMsg HTTP/1.1" 200 27
58.37.8.227 - - [19/Oct/2020:09:20:02 +0800] "GET /xingrg/check_reg.html?_=1603070010952 HTTP/1.1" 200 22
114.88.166.242 - - [19/Oct/2020:09:20:03 +0800] "GET /xingrg/check_reg.html?_=1603070400025 HTTP/1.1" 200 22
180.157.253.48 - - [19/Oct/2020:09:20:04 +0800] "POST /xingrg/kc/buy/cgsh_order_operate.html HTTP/1.1" 200 37
116.233.74.201 - - [19/Oct/2020:09:20:05 +0800] "POST /xingrg/dwr/call/plaincall/AjaxCheckService.setItemNumber.dwr HTTP/1.1" 200 77
180.157.253.48 - - [19/Oct/2020:09:20:05 +0800] "GET /xingrg/check_reg.html?_=1603070406884 HTTP/1.1" 200 22
180.157.253.48 - - [19/Oct/2020:09:20:06 +0800] "GET /xingrg/all/function/internal_message.html?_=1603070407288&CODE_STATE=getMsg HTTP/1.1" 200 27
180.157.253.48 - - [19/Oct/2020:09:20:06 +0800] "POST /xingrg/kc/buy/cgsh_order_operate.html HTTP/1.1" 200 2655
180.162.245.190 - - [19/Oct/2020:09:20:06 +0800] "GET /xingrg/all/function/internal_message.html?_=1603070405803&CODE_STATE=getMsg HTTP/1.1" 200 27
180.174.56.115 - - [19/Oct/2020:09:20:07 +0800] "GET /xingrg/all/function/internal_message.html?_=1603070405815&CODE_STATE=getMsg HTTP/1.1" 200 27
116.233.74.201 - - [19/Oct/2020:09:20:07 +0800] "POST /xingrg/dwr/call/plaincall/AjaxCheckService.setItemNumber.dwr HTTP/1.1" 200 77
116.233.74.201 - - [19/Oct/2020:09:20:08 +0800] "POST /xingrg/dwr/call/plaincall/AjaxCheckService.setItemNumber.dwr HTTP/1.1" 200 77
116.233.74.201 - - [19/Oct/2020:09:20:08 +0800] "POST /xingrg/dwr/call/plaincall/AjaxCheckService.setItemNumber.dwr HTTP/1.1" 200 77
116.233.74.201 - - [19/Oct/2020:09:20:09 +0800] "POST /xingrg/dwr/call/plaincall/AjaxCheckService.setItemNumber.dwr HTTP/1.1" 200 77
117.131.5.26 - - [19/Oct/2020:09:20:09 +0800] "GET /xingrg/all/function/internal_message.html?_=1603070705951&CODE_STATE=getMsg HTTP/1.1" 200 27
116.233.74.201 - - [19/Oct/2020:09:20:09 +0800] "POST /xingrg/dwr/call/plaincall/AjaxCheckService.setItemNumber.dwr HTTP/1.1" 200 77
116.233.74.201 - - [19/Oct/2020:09:20:10 +0800] "POST /xingrg/dwr/call/plaincall/AjaxCheckService.setItemNumber.dwr HTTP/1.1" 200 77
116.233.74.201 - - [19/Oct/2020:09:20:10 +0800] "POST /xingrg/dwr/call/plaincall/AjaxCheckService.setItemNumber.dwr HTTP/1.1" 200 77
116.233.74.201 - - [19/Oct/2020:09:20:11 +0800] "POST /xingrg/dwr/call/plaincall/AjaxCheckService.setItemNumber.dwr HTTP/1.1" 200 77
116.233.74.201 - - [19/Oct/2020:09:20:11 +0800] "POST /xingrg/dwr/call/plaincall/AjaxCheckService.setItemNumber.dwr HTTP/1.1" 200 77
116.233.74.201 - - [19/Oct/2020:09:20:12 +0800] "POST /xingrg/dwr/call/plaincall/AjaxCheckService.setItemNumber.dwr HTTP/1.1" 200 77
116.233.74.201 - - [19/Oct/2020:09:20:12 +0800] "POST /xingrg/dwr/call/plaincall/AjaxCheckService.setItemNumber.dwr HTTP/1.1" 200 77
116.233.74.201 - - [19/Oct/2020:09:20:13 +0800] "POST /xingrg/dwr/call/plaincall/AjaxCheckService.setItemNumber.dwr HTTP/1.1" 200 77
116.233.74.201 - - [19/Oct/2020:09:20:13 +0800] "POST /xingrg/dwr/call/plaincall/AjaxCheckService.setItemNumber.dwr HTTP/1.1" 200 77
180.162.245.190 - - [19/Oct/2020:09:20:13 +0800] "GET /xingrg/kc/buy/cgsh_order_operate.html?command=get_materiel&rest_code=00105&code=00101007024&supplier_code=00100002&order_time=2020-10-19 HTTP/1.1" 200 415
116.233.74.201 - - [19/Oct/2020:09:20:13 +0800] "POST /xingrg/dwr/call/plaincall/AjaxCheckService.setItemNumber.dwr HTTP/1.1" 200 77
116.233.74.201 - - [19/Oct/2020:09:20:14 +0800] "POST /xingrg/dwr/call/plaincall/AjaxCheckService.setItemNumber.dwr HTTP/1.1" 200 77
116.233.74.201 - - [19/Oct/2020:09:20:15 +0800] "POST /xingrg/dwr/call/plaincall/AjaxCheckService.setItemNumber.dwr HTTP/1.1" 200 77
116.233.74.201 - - [19/Oct/2020:09:20:15 +0800] "POST /xingrg/dwr/call/plaincall/AjaxCheckService.setItemNumber.dwr HTTP/1.1" 200 77
116.233.74.201 - - [19/Oct/2020:09:20:15 +0800] "POST /xingrg/dwr/call/plaincall/AjaxCheckService.setItemNumber.dwr HTTP/1.1" 200 77
116.233.74.201 - - [19/Oct/2020:09:20:17 +0800] "POST /xingrg/dwr/call/plaincall/AjaxCheckService.setItemNumber.dwr HTTP/1.1" 200 77
222.69.134.248 - - [19/Oct/2020:09:20:19 +0800] "POST /xingrg/services/DataTransmitService HTTP/1.1" 200 501
116.233.74.201 - - [19/Oct/2020:09:20:19 +0800] "POST /xingrg/dwr/call/plaincall/AjaxCheckService.setItemNumber.dwr HTTP/1.1" 200 77
180.157.253.48 - - [19/Oct/2020:09:20:19 +0800] "GET /xingrg/login.html HTTP/1.1" 200 7641
180.157.253.48 - - [19/Oct/2020:09:20:19 +0800] "GET /xingrg/images/blue/jxLogo.png HTTP/1.1" 304 -
180.157.253.48 - - [19/Oct/2020:09:20:19 +0800] "GET /xingrg/images/blue/login_bg.png HTTP/1.1" 304 -
180.157.253.48 - - [19/Oct/2020:09:20:19 +0800] "GET /xingrg/images/blue/hj.png HTTP/1.1" 304 -
180.157.253.48 - - [19/Oct/2020:09:20:19 +0800] "GET /xingrg/images/blue/srbg.png HTTP/1.1" 304 -
116.233.74.201 - - [19/Oct/2020:09:20:19 +0800] "POST /xingrg/dwr/call/plaincall/AjaxCheckService.setItemNumber.dwr HTTP/1.1" 200 77
180.157.253.48 - - [19/Oct/2020:09:20:19 +0800] "GET /favicon.ico HTTP/1.1" 404 -
116.233.74.201 - - [19/Oct/2020:09:20:20 +0800] "POST /xingrg/dwr/call/plaincall/AjaxCheckService.setItemNumber.dwr HTTP/1.1" 200 77
116.233.74.201 - - [19/Oct/2020:09:20:20 +0800] "POST /xingrg/dwr/call/plaincall/AjaxCheckService.setItemNumber.dwr HTTP/1.1" 200 77
222.69.134.248 - - [19/Oct/2020:09:20:20 +0800] "POST /xingrg/services/DataTransmitService HTTP/1.1" 200 501
116.233.74.201 - - [19/Oct/2020:09:20:21 +0800] "POST /xingrg/dwr/call/plaincall/AjaxCheckService.setItemNumber.dwr HTTP/1.1" 200 77
116.233.74.201 - - [19/Oct/2020:09:20:21 +0800] "POST /xingrg/dwr/call/plaincall/AjaxCheckService.setItemNumber.dwr HTTP/1.1" 200 77
116.233.74.201 - - [19/Oct/2020:09:20:22 +0800] "POST /xingrg/dwr/call/plaincall/AjaxCheckService.setItemNumber.dwr HTTP/1.1" 200 77
180.157.253.48 - - [19/Oct/2020:09:20:22 +0800] "POST /xingrg/login.do HTTP/1.1" 302 -
180.157.253.48 - - [19/Oct/2020:09:20:22 +0800] "GET /xingrg/javascript/jquery_easy_ui/themes/default/easyui.css HTTP/1.1" 304 -
180.157.253.48 - - [19/Oct/2020:09:20:22 +0800] "GET /xingrg/javascript/jquery_easy_ui/themes/icon.css HTTP/1.1" 304 -
180.157.253.48 - - [19/Oct/2020:09:20:22 +0800] "GET /xingrg/css/form.css HTTP/1.1" 304 -
180.157.253.48 - - [19/Oct/2020:09:20:22 +0800] "GET /xingrg/javascript/jquery-1.4.2.min.js HTTP/1.1" 304 -
180.157.253.48 - - [19/Oct/2020:09:20:22 +0800] "GET /xingrg/javascript/jquery_easy_ui/jquery.easyui.min.js HTTP/1.1" 304 -
180.157.253.48 - - [19/Oct/2020:09:20:22 +0800] "GET /xingrg/javascript/jquery_easy_ui/easyui-lang-zh_CN.js HTTP/1.1" 304 -
180.157.253.48 - - [19/Oct/2020:09:20:22 +0800] "GET /xingrg/javascript/jquery.form.js HTTP/1.1" 304 -
180.157.253.48 - - [19/Oct/2020:09:20:22 +0800] "GET /xingrg/javascript/jquery.utils.js HTTP/1.1" 304 -
180.157.253.48 - - [19/Oct/2020:09:20:22 +0800] "GET /xingrg/javascript/jquery.timers.js HTTP/1.1" 304 -
180.157.253.48 - - [19/Oct/2020:09:20:22 +0800] "GET /xingrg/index.html?sysBaseUrl=http%3A%2F%2F180.169.147.146%3A18081%2Fxingrg%2F&costTime=149×tamp=1603070422336 HTTP/1.1" 200 17179
180.157.253.48 - - [19/Oct/2020:09:20:22 +0800] "GET /favicon.ico HTTP/1.1" 404 -
180.157.253.48 - - [19/Oct/2020:09:20:22 +0800] "GET /xingrg/images/blue/jxLogo.png HTTP/1.1" 304 -
180.157.253.48 - - [19/Oct/2020:09:20:22 +0800] "GET /xingrg/images/blue/navBackgound.jpg HTTP/1.1" 304 -
180.157.253.48 - - [19/Oct/2020:09:20:22 +0800] "GET /xingrg/javascript/jquery_easy_ui/themes/icons/settle_new.png HTTP/1.1" 304 -
180.157.253.48 - - [19/Oct/2020:09:20:22 +0800] "GET /xingrg/images/blue/pingpu.png HTTP/1.1" 304 -
180.157.253.48 - - [19/Oct/2020:09:20:22 +0800] "GET /xingrg/javascript/jquery_easy_ui/themes/default/images/tabs_leftarrow.png HTTP/1.1" 304 -
180.157.253.48 - - [19/Oct/2020:09:20:22 +0800] "GET /xingrg/javascript/jquery_easy_ui/themes/default/images/tabs_rightarrow.png HTTP/1.1" 304 -
180.157.253.48 - - [19/Oct/2020:09:20:22 +0800] "GET /xingrg/javascript/jquery_easy_ui/themes/default/images/panel_tool_collapse.gif HTTP/1.1" 304 -
180.157.253.48 - - [19/Oct/2020:09:20:22 +0800] "POST /xingrg/all/common/load_tree.html?tree=area_rest_tree_json&manage=1 HTTP/1.1" 200 351
180.157.253.48 - - [19/Oct/2020:09:20:22 +0800] "GET /xingrg/check_reg.html?_=1603070423730 HTTP/1.1" 200 22
180.157.253.48 - - [19/Oct/2020:09:20:22 +0800] "GET /xingrg/all/function/internal_message.html?_=1603070423730&CODE_STATE=count HTTP/1.1" 200 11
180.157.253.48 - - [19/Oct/2020:09:20:22 +0800] "GET /xingrg/javascript/jquery_easy_ui/themes/default/images/tree_arrows.gif HTTP/1.1" 304 -
180.157.253.48 - - [19/Oct/2020:09:20:22 +0800] "POST /xingrg/load_menu.html HTTP/1.1" 200 5138
180.157.253.48 - - [19/Oct/2020:09:20:22 +0800] "GET /xingrg/javascript/jquery_easy_ui/themes/icons/search_new.png HTTP/1.1" 304 -
180.157.253.48 - - [19/Oct/2020:09:20:22 +0800] "GET /xingrg/javascript/jquery_easy_ui/themes/default/images/tree_folder.gif HTTP/1.1" 304 -
180.157.253.48 - - [19/Oct/2020:09:20:22 +0800] "GET /xingrg/javascript/jquery_easy_ui/themes/default/images/tree_folder_open.gif HTTP/1.1" 304 -
180.157.253.48 - - [19/Oct/2020:09:20:22 +0800] "GET /xingrg/javascript/jquery_easy_ui/themes/icons/storage_new.png HTTP/1.1" 304 -
180.157.253.48 - - [19/Oct/2020:09:20:22 +0800] "GET /xingrg/javascript/jquery_easy_ui/themes/default/images/tree_file.gif HTTP/1.1" 304 -
180.157.253.48 - - [19/Oct/2020:09:20:22 +0800] "GET /xingrg/javascript/jquery_easy_ui/themes/icons/forms_new.png HTTP/1.1" 304 -
116.233.74.201 - - [19/Oct/2020:09:20:22 +0800] "POST /xingrg/dwr/call/plaincall/AjaxCheckService.setItemNumber.dwr HTTP/1.1" 200 77
116.233.74.201 - - [19/Oct/2020:09:20:23 +0800] "POST /xingrg/dwr/call/plaincall/AjaxCheckService.setItemNumber.dwr HTTP/1.1" 200 77
114.88.166.242 - - [19/Oct/2020:09:20:23 +0800] "GET /xingrg/kc/buy/cgsh_order_operate.html?command=get_materiel&rest_code=00111&code=00101008323&supplier_code=00100005&order_time=2020-10-19 HTTP/1.1" 200 408
116.233.74.201 - - [19/Oct/2020:09:20:23 +0800] "POST /xingrg/dwr/call/plaincall/AjaxCheckService.setItemNumber.dwr HTTP/1.1" 200 77
114.88.166.242 - - [19/Oct/2020:09:20:23 +0800] "GET /xingrg/all/function/internal_message.html?_=1603070420581&CODE_STATE=getMsg HTTP/1.1" 200 27
116.233.74.201 - - [19/Oct/2020:09:20:23 +0800] "POST /xingrg/dwr/call/plaincall/AjaxCheckService.setItemNumber.dwr HTTP/1.1" 200 77
172.17.0.115 - - [19/Oct/2020:09:20:24 +0800] "GET /xingrg/all/function/internal_message.html?_=1603070425113&CODE_STATE=getMsg HTTP/1.1" 200 27
116.233.74.201 - - [19/Oct/2020:09:20:24 +0800] "POST /xingrg/dwr/call/plaincall/AjaxCheckService.setItemNumber.dwr HTTP/1.1" 200 77
180.157.253.48 - - [19/Oct/2020:09:20:24 +0800] "GET /xingrg/javascript/jquery_easy_ui/themes/default/images/tabs_close.gif HTTP/1.1" 304 -
180.162.245.190 - - [19/Oct/2020:09:20:24 +0800] "GET /xingrg/kc/buy/cgsh_order_operate.html?command=get_materiel&rest_code=00105&code=00101007049&supplier_code=00100002&order_time=2020-10-19 HTTP/1.1" 200 409
180.157.253.48 - - [19/Oct/2020:09:20:24 +0800] "GET /xingrg/css/base.css HTTP/1.1" 304 -
180.157.253.48 - - [19/Oct/2020:09:20:24 +0800] "GET /xingrg/css/site.css HTTP/1.1" 304 -
180.157.253.48 - - [19/Oct/2020:09:20:24 +0800] "GET /xingrg/javascript/jquery_tools/datebox.css HTTP/1.1" 304 -
180.157.253.48 - - [19/Oct/2020:09:20:24 +0800] "GET /xingrg/javascript/easyui/themes/default/easyui.css HTTP/1.1" 304 -
180.157.253.48 - - [19/Oct/2020:09:20:24 +0800] "GET /xingrg/javascript/easyui/themes/icon.css HTTP/1.1" 304 -
180.157.253.48 - - [19/Oct/2020:09:20:24 +0800] "GET /xingrg/javascript/auto/jquery.autocomplete.css HTTP/1.1" 304 -
180.157.253.48 - - [19/Oct/2020:09:20:24 +0800] "GET /xingrg/javascript/jquery_tools/fix.css HTTP/1.1" 304 -
180.157.253.48 - - [19/Oct/2020:09:20:24 +0800] "GET /xingrg/javascript/jquery_tools/table.css HTTP/1.1" 304 -
180.157.253.48 - - [19/Oct/2020:09:20:24 +0800] "GET /xingrg/javascript/jquery_tools/jquery.tools.min.js HTTP/1.1" 304 -
180.157.253.48 - - [19/Oct/2020:09:20:24 +0800] "GET /xingrg/javascript/jquery_tools/jquery.tools.extend.js HTTP/1.1" 304 -
180.157.253.48 - - [19/Oct/2020:09:20:24 +0800] "GET /xingrg/javascript/jquery_tools/jquery.tools.hotkey.js HTTP/1.1" 304 -
180.157.253.48 - - [19/Oct/2020:09:20:24 +0800] "GET /xingrg/javascript/jquery_tools/jquery.tools.table.js HTTP/1.1" 304 -
180.157.253.48 - - [19/Oct/2020:09:20:24 +0800] "GET /xingrg/javascript/jquery.utils.js HTTP/1.1" 304 -
180.157.253.48 - - [19/Oct/2020:09:20:24 +0800] "GET /xingrg/javascript/jquery.cookie.js HTTP/1.1" 304 -
180.157.253.48 - - [19/Oct/2020:09:20:24 +0800] "GET /xingrg/javascript/easyui/easyloader.js HTTP/1.1" 304 -
180.157.253.48 - - [19/Oct/2020:09:20:24 +0800] "GET /xingrg/javascript/jquery_tools/list_manager.js HTTP/1.1" 304 -
180.157.253.48 - - [19/Oct/2020:09:20:24 +0800] "GET /xingrg/javascript/print/LodopFuncs.js HTTP/1.1" 304 -
180.157.253.48 - - [19/Oct/2020:09:20:24 +0800] "GET /xingrg/javascript/auto/jquery.autocomplete.js HTTP/1.1" 304 -
180.157.253.48 - - [19/Oct/2020:09:20:24 +0800] "GET /xingrg/kc/buy/cgsh_order_list.html HTTP/1.1" 200 44268
180.157.253.48 - - [19/Oct/2020:09:20:24 +0800] "GET /xingrg/javascript/easyui/themes/icons/edit_add_new.png HTTP/1.1" 304 -
180.157.253.48 - - [19/Oct/2020:09:20:24 +0800] "GET /xingrg/javascript/easyui/themes/icons/cance_new.png HTTP/1.1" 304 -
180.157.253.48 - - [19/Oct/2020:09:20:24 +0800] "GET /xingrg/javascript/easyui/themes/icons/check_new.png HTTP/1.1" 304 -
180.157.253.48 - - [19/Oct/2020:09:20:24 +0800] "GET /xingrg/javascript/easyui/themes/icons/field_new.png HTTP/1.1" 304 -
180.157.253.48 - - [19/Oct/2020:09:20:24 +0800] "GET /xingrg/javascript/easyui/themes/icons/import_new.png HTTP/1.1" 304 -
180.157.253.48 - - [19/Oct/2020:09:20:24 +0800] "GET /xingrg/javascript/easyui/plugins/jquery.parser.js HTTP/1.1" 304 -
180.157.253.48 - - [19/Oct/2020:09:20:24 +0800] "GET /xingrg/images/control/ajaxLoader.gif HTTP/1.1" 304 -
180.157.253.48 - - [19/Oct/2020:09:20:24 +0800] "GET /xingrg/javascript/jquery_easy_ui/themes/icons/area.png HTTP/1.1" 304 -
180.157.253.48 - - [19/Oct/2020:09:20:24 +0800] "GET /xingrg/javascript/jquery_easy_ui/themes/icons/rest.png HTTP/1.1" 304 -
116.233.74.201 - - [19/Oct/2020:09:20:26 +0800] "POST /xingrg/dwr/call/plaincall/AjaxCheckService.setItemNumber.dwr HTTP/1.1" 200 77
180.157.253.48 - - [19/Oct/2020:09:20:27 +0800] "POST /xingrg/kc/buy/cgsh_list_operate.html HTTP/1.1" 200 3090
116.233.74.201 - - [19/Oct/2020:09:20:27 +0800] "POST /xingrg/dwr/call/plaincall/AjaxCheckService.setItemNumber.dwr HTTP/1.1" 200 77
124.77.70.31 - - [19/Oct/2020:09:20:27 +0800] "GET /xingrg/all/function/internal_message.html?_=1603070425787&CODE_STATE=getMsg HTTP/1.1" 200 27
116.233.74.201 - - [19/Oct/2020:09:20:28 +0800] "POST /xingrg/dwr/call/plaincall/AjaxCheckService.setItemNumber.dwr HTTP/1.1" 200 77
114.84.37.38 - - [19/Oct/2020:09:20:28 +0800] "GET /xingrg/all/function/internal_message.html?_=1603070439321&CODE_STATE=getMsg HTTP/1.1" 200 27
116.233.74.201 - - [19/Oct/2020:09:20:28 +0800] "POST /xingrg/dwr/call/plaincall/AjaxCheckService.setItemNumber.dwr HTTP/1.1" 200 77
116.233.74.201 - - [19/Oct/2020:09:20:29 +0800] "POST /xingrg/dwr/call/plaincall/AjaxCheckService.setItemNumber.dwr HTTP/1.1" 200 77
116.233.74.201 - - [19/Oct/2020:09:20:29 +0800] "POST /xingrg/dwr/call/plaincall/AjaxCheckService.setItemNumber.dwr HTTP/1.1" 200 77
116.233.74.201 - - [19/Oct/2020:09:20:30 +0800] "POST /xingrg/dwr/call/plaincall/AjaxCheckService.setItemNumber.dwr HTTP/1.1" 200 77
116.233.74.201 - - [19/Oct/2020:09:20:30 +0800] "POST /xingrg/dwr/call/plaincall/AjaxCheckService.setItemNumber.dwr HTTP/1.1" 200 77
116.233.74.201 - - [19/Oct/2020:09:20:31 +0800] "POST /xingrg/dwr/call/plaincall/AjaxCheckService.setItemNumber.dwr HTTP/1.1" 200 77
222.69.134.248 - - [19/Oct/2020:09:20:31 +0800] "GET /xingrg/all/function/internal_message.html?_=1603070431209&CODE_STATE=getMsg HTTP/1.1" 200 27
114.88.166.242 - - [19/Oct/2020:09:20:31 +0800] "GET /xingrg/kc/buy/cgsh_order_operate.html?command=get_materiel&rest_code=00111&code=00101008055&supplier_code=00100005&order_time=2020-10-19 HTTP/1.1" 200 409
116.233.74.201 - - [19/Oct/2020:09:20:31 +0800] "POST /xingrg/dwr/call/plaincall/AjaxCheckService.setItemNumber.dwr HTTP/1.1" 200 77
116.233.74.201 - - [19/Oct/2020:09:20:32 +0800] "POST /xingrg/dwr/call/plaincall/AjaxCheckService.setItemNumber.dwr HTTP/1.1" 200 77
172.17.0.185 - - [19/Oct/2020:09:20:32 +0800] "GET /xingrg/all/function/internal_message.html?_=1603070431785&CODE_STATE=getMsg HTTP/1.1" 302 -
116.233.74.201 - - [19/Oct/2020:09:20:32 +0800] "POST /xingrg/dwr/call/plaincall/AjaxCheckService.setItemNumber.dwr HTTP/1.1" 200 77
116.233.74.201 - - [19/Oct/2020:09:20:33 +0800] "POST /xingrg/dwr/call/plaincall/AjaxCheckService.setItemNumber.dwr HTTP/1.1" 200 77
180.174.56.115 - - [19/Oct/2020:09:20:33 +0800] "GET /xingrg/all/function/internal_message.html?_=1603070410626&CODE_STATE=getMsg HTTP/1.1" 200 27
114.88.166.242 - - [19/Oct/2020:09:20:33 +0800] "POST /xingrg/kc/buy/cgsh_order_operate.html HTTP/1.1" 200 2065
116.233.74.201 - - [19/Oct/2020:09:20:33 +0800] "POST /xingrg/dwr/call/plaincall/AjaxCheckService.setItemNumber.dwr HTTP/1.1" 200 77
116.233.74.201 - - [19/Oct/2020:09:20:34 +0800] "POST /xingrg/dwr/call/plaincall/AjaxCheckService.setItemNumber.dwr HTTP/1.1" 200 77
116.233.74.201 - - [19/Oct/2020:09:20:34 +0800] "POST /xingrg/dwr/call/plaincall/AjaxCheckService.setItemNumber.dwr HTTP/1.1" 200 77
180.157.253.48 - - [19/Oct/2020:09:20:34 +0800] "GET /xingrg/javascript/jquery_tools/images/prev.gif HTTP/1.1" 404 1086
180.157.253.48 - - [19/Oct/2020:09:20:34 +0800] "GET /xingrg/javascript/jquery_tools/images/next.gif HTTP/1.1" 404 1086
116.233.74.201 - - [19/Oct/2020:09:20:35 +0800] "POST /xingrg/dwr/call/plaincall/AjaxCheckService.setItemNumber.dwr HTTP/1.1" 200 77
114.88.166.242 - - [19/Oct/2020:09:20:35 +0800] "GET /xingrg/all/function/internal_message.html?_=1603070524001&CODE_STATE=getMsg HTTP/1.1" 200 27
116.233.74.201 - - [19/Oct/2020:09:20:35 +0800] "POST /xingrg/dwr/call/plaincall/AjaxCheckService.setItemNumber.dwr HTTP/1.1" 200 77
180.162.245.190 - - [19/Oct/2020:09:20:36 +0800] "POST /xingrg/kc/buy/cgsh_order_operate.html HTTP/1.1" 200 37
172.17.0.123 - - [19/Oct/2020:09:20:36 +0800] "GET /xingrg/check_reg.html?_=1603070406573 HTTP/1.1" 200 22
172.17.0.123 - - [19/Oct/2020:09:20:36 +0800] "GET /xingrg/all/function/internal_message.html?_=1603070406574&CODE_STATE=getMsg HTTP/1.1" 200 27
180.162.245.190 - - [19/Oct/2020:09:20:37 +0800] "POST /xingrg/kc/buy/cgsh_order_operate.html HTTP/1.1" 200 4424
114.88.166.242 - - [19/Oct/2020:09:20:38 +0800] "GET /xingrg/kc/buy/cgsh_order_operate.html?command=get_materiel&rest_code=00111&code=00101008096&supplier_code=00100005&order_time=2020-10-19 HTTP/1.1" 200 412
180.162.245.190 - - [19/Oct/2020:09:20:38 +0800] "GET /xingrg/kc/print/load_data.html?order_code=212020101907766&kc_code=cgsh&condition= HTTP/1.1" 200 1412
222.69.134.248 - - [19/Oct/2020:09:20:38 +0800] "POST /xingrg/services/DataTransmitService HTTP/1.1" 200 501
116.233.74.201 - - [19/Oct/2020:09:20:38 +0800] "POST /xingrg/dwr/call/plaincall/AjaxCheckService.setItemNumber.dwr HTTP/1.1" 200 77
116.233.74.201 - - [19/Oct/2020:09:20:38 +0800] "POST /xingrg/dwr/call/plaincall/AjaxCheckService.setItemNumber.dwr HTTP/1.1" 200 78
116.233.74.201 - - [19/Oct/2020:09:20:39 +0800] "POST /xingrg/dwr/call/plaincall/AjaxCheckService.setItemNumber.dwr HTTP/1.1" 200 78
116.233.74.201 - - [19/Oct/2020:09:20:39 +0800] "POST /xingrg/dwr/call/plaincall/AjaxCheckService.setItemNumber.dwr HTTP/1.1" 200 78
116.233.74.201 - - [19/Oct/2020:09:20:40 +0800] "POST /xingrg/dwr/call/plaincall/AjaxCheckService.setItemNumber.dwr HTTP/1.1" 200 78
116.233.74.201 - - [19/Oct/2020:09:20:40 +0800] "POST /xingrg/dwr/call/plaincall/AjaxCheckService.setItemNumber.dwr HTTP/1.1" 200 78
116.233.74.201 - - [19/Oct/2020:09:20:40 +0800] "POST /xingrg/dwr/call/plaincall/AjaxCheckService.setItemNumber.dwr HTTP/1.1" 200 78
116.233.74.201 - - [19/Oct/2020:09:20:41 +0800] "POST /xingrg/dwr/call/plaincall/AjaxCheckService.setItemNumber.dwr HTTP/1.1" 200 78
116.233.74.201 - - [19/Oct/2020:09:20:42 +0800] "POST /xingrg/dwr/call/plaincall/AjaxCheckService.setItemNumber.dwr HTTP/1.1" 200 78
116.233.74.201 - - [19/Oct/2020:09:20:42 +0800] "POST /xingrg/dwr/call/plaincall/AjaxCheckService.setItemNumber.dwr HTTP/1.1" 200 78
116.233.74.201 - - [19/Oct/2020:09:20:43 +0800] "POST /xingrg/dwr/call/plaincall/AjaxCheckService.setItemNumber.dwr HTTP/1.1" 200 78
116.233.74.201 - - [19/Oct/2020:09:20:43 +0800] "POST /xingrg/dwr/call/plaincall/AjaxCheckService.setItemNumber.dwr HTTP/1.1" 200 78
