172.17.0.105 - - [18/Oct/2020:07:26:43 +0800] "GET /xingrg/all/function/internal_message.html?_=1602977199780&CODE_STATE=getMsg HTTP/1.1" 200 27
114.84.37.38 - - [18/Oct/2020:07:26:47 +0800] "GET /xingrg/check_reg.html?_=1602977210534 HTTP/1.1" 200 22
114.88.166.242 - - [18/Oct/2020:07:27:00 +0800] "GET /xingrg/all/function/internal_message.html?_=1602977214913&CODE_STATE=getMsg HTTP/1.1" 200 27
58.37.8.227 - - [18/Oct/2020:07:27:10 +0800] "GET /xingrg/all/function/internal_message.html?_=1602976832688&CODE_STATE=getMsg HTTP/1.1" 200 27
120.253.135.82 - - [18/Oct/2020:07:27:14 +0800] "GET /xingrg/all/function/internal_message.html?_=1602976979634&CODE_STATE=getMsg HTTP/1.1" 200 27
172.17.0.103 - - [18/Oct/2020:07:27:23 +0800] "GET /xingrg/all/function/internal_message.html?_=1602977237387&CODE_STATE=getMsg HTTP/1.1" 200 27
117.185.32.26 - - [18/Oct/2020:07:27:31 +0800] "GET /xingrg/all/function/internal_message.html?_=1602977243290&CODE_STATE=getMsg HTTP/1.1" 200 27
172.17.0.115 - - [18/Oct/2020:07:27:34 +0800] "GET /xingrg/all/function/internal_message.html?_=1602977251558&CODE_STATE=getMsg HTTP/1.1" 302 -
172.17.0.185 - - [18/Oct/2020:07:27:35 +0800] "GET /xingrg/all/function/internal_message.html?_=1602977250326&CODE_STATE=getMsg HTTP/1.1" 200 27
172.17.0.105 - - [18/Oct/2020:07:27:43 +0800] "GET /xingrg/all/function/internal_message.html?_=1602977259780&CODE_STATE=getMsg HTTP/1.1" 200 27
117.185.32.26 - - [18/Oct/2020:07:27:44 +0800] "GET /xingrg/check_reg.html?_=1602977256459 HTTP/1.1" 200 22
114.88.166.242 - - [18/Oct/2020:07:28:00 +0800] "GET /xingrg/all/function/internal_message.html?_=1602977274910&CODE_STATE=getMsg HTTP/1.1" 200 27
172.17.0.115 - - [18/Oct/2020:07:28:01 +0800] "GET /xingrg/check_reg.html?_=1602977278143 HTTP/1.1" 302 -
58.37.8.227 - - [18/Oct/2020:07:28:10 +0800] "GET /xingrg/all/function/internal_message.html?_=1602976892664&CODE_STATE=getMsg HTTP/1.1" 200 27
120.253.135.82 - - [18/Oct/2020:07:28:15 +0800] "GET /xingrg/all/function/internal_message.html?_=1602977039687&CODE_STATE=getMsg HTTP/1.1" 200 27
172.17.0.103 - - [18/Oct/2020:07:28:23 +0800] "GET /xingrg/all/function/internal_message.html?_=1602977297385&CODE_STATE=getMsg HTTP/1.1" 200 27
117.185.32.26 - - [18/Oct/2020:07:28:31 +0800] "GET /xingrg/all/function/internal_message.html?_=1602977303274&CODE_STATE=getMsg HTTP/1.1" 200 27
172.17.0.115 - - [18/Oct/2020:07:28:34 +0800] "GET /xingrg/all/function/internal_message.html?_=1602977311583&CODE_STATE=getMsg HTTP/1.1" 302 -
172.17.0.185 - - [18/Oct/2020:07:28:35 +0800] "GET /xingrg/all/function/internal_message.html?_=1602977310328&CODE_STATE=getMsg HTTP/1.1" 200 27
120.253.135.82 - - [18/Oct/2020:07:28:36 +0800] "GET /xingrg/kc/pszx/mdps_order_list.html?orderType=0 HTTP/1.1" 200 21140
120.253.135.82 - - [18/Oct/2020:07:28:36 +0800] "POST /xingrg/kc/pszx/mdps_list_operate.html HTTP/1.1" 200 5456
172.17.0.105 - - [18/Oct/2020:07:28:43 +0800] "GET /xingrg/all/function/internal_message.html?_=1602977319780&CODE_STATE=getMsg HTTP/1.1" 200 27
120.253.135.82 - - [18/Oct/2020:07:28:44 +0800] "POST /xingrg/kc/pszx/mdps_list_operate.html HTTP/1.1" 200 4662
120.253.135.82 - - [18/Oct/2020:07:28:46 +0800] "POST /xingrg/kc/pszx/mdps_list_operate.html HTTP/1.1" 200 612
120.253.135.82 - - [18/Oct/2020:07:28:49 +0800] "POST /xingrg/kc/pszx/mdps_list_operate.html HTTP/1.1" 200 487
120.253.135.82 - - [18/Oct/2020:07:28:51 +0800] "GET /xingrg/kc/pszx/mdps_order_info.html?code=312020101700451 HTTP/1.1" 200 23887
120.253.135.82 - - [18/Oct/2020:07:28:52 +0800] "POST /xingrg/kc/pszx/mdps_order_operate.html HTTP/1.1" 200 3827
120.253.135.82 - - [18/Oct/2020:07:28:52 +0800] "GET /xingrg/javascript/easyui/themes/default/validatebox.css HTTP/1.1" 404 1104
114.88.166.242 - - [18/Oct/2020:07:29:00 +0800] "GET /xingrg/all/function/internal_message.html?_=1602977334913&CODE_STATE=getMsg HTTP/1.1" 200 27
114.88.166.242 - - [18/Oct/2020:07:29:00 +0800] "GET /xingrg/check_reg.html?_=1602977334914 HTTP/1.1" 200 22
58.37.8.227 - - [18/Oct/2020:07:29:10 +0800] "GET /xingrg/all/function/internal_message.html?_=1602976952633&CODE_STATE=getMsg HTTP/1.1" 200 27
120.253.135.82 - - [18/Oct/2020:07:29:14 +0800] "GET /xingrg/check_reg.html?_=1602977099203 HTTP/1.1" 200 22
120.253.135.82 - - [18/Oct/2020:07:29:15 +0800] "GET /xingrg/all/function/internal_message.html?_=1602977099692&CODE_STATE=getMsg HTTP/1.1" 200 27
172.17.0.103 - - [18/Oct/2020:07:29:23 +0800] "GET /xingrg/check_reg.html?_=1602977357385 HTTP/1.1" 200 22
172.17.0.103 - - [18/Oct/2020:07:29:23 +0800] "GET /xingrg/all/function/internal_message.html?_=1602977357383&CODE_STATE=getMsg HTTP/1.1" 200 27
117.185.32.26 - - [18/Oct/2020:07:29:31 +0800] "GET /xingrg/all/function/internal_message.html?_=1602977363255&CODE_STATE=getMsg HTTP/1.1" 200 27
172.17.0.115 - - [18/Oct/2020:07:29:34 +0800] "GET /xingrg/all/function/internal_message.html?_=1602977371586&CODE_STATE=getMsg HTTP/1.1" 302 -
172.17.0.185 - - [18/Oct/2020:07:29:35 +0800] "GET /xingrg/all/function/internal_message.html?_=1602977370318&CODE_STATE=getMsg HTTP/1.1" 200 27
172.17.0.105 - - [18/Oct/2020:07:29:43 +0800] "GET /xingrg/all/function/internal_message.html?_=1602977379791&CODE_STATE=getMsg HTTP/1.1" 200 27
114.88.166.242 - - [18/Oct/2020:07:30:00 +0800] "GET /xingrg/all/function/internal_message.html?_=1602977394913&CODE_STATE=getMsg HTTP/1.1" 200 27
58.37.8.227 - - [18/Oct/2020:07:30:10 +0800] "GET /xingrg/all/function/internal_message.html?_=1602977012615&CODE_STATE=getMsg HTTP/1.1" 200 27
120.253.135.82 - - [18/Oct/2020:07:30:15 +0800] "GET /xingrg/all/function/internal_message.html?_=1602977159706&CODE_STATE=getMsg HTTP/1.1" 200 27
172.17.0.103 - - [18/Oct/2020:07:30:23 +0800] "GET /xingrg/all/function/internal_message.html?_=1602977417414&CODE_STATE=getMsg HTTP/1.1" 200 27
117.185.32.26 - - [18/Oct/2020:07:30:31 +0800] "GET /xingrg/all/function/internal_message.html?_=1602977423234&CODE_STATE=getMsg HTTP/1.1" 200 27
172.17.0.115 - - [18/Oct/2020:07:30:34 +0800] "GET /xingrg/all/function/internal_message.html?_=1602977431612&CODE_STATE=getMsg HTTP/1.1" 302 -
172.17.0.185 - - [18/Oct/2020:07:30:35 +0800] "GET /xingrg/all/function/internal_message.html?_=1602977430322&CODE_STATE=getMsg HTTP/1.1" 200 27
58.37.8.227 - - [18/Oct/2020:07:30:39 +0800] "GET /xingrg/check_reg.html?_=1602977042396 HTTP/1.1" 200 22
172.17.0.105 - - [18/Oct/2020:07:30:43 +0800] "GET /xingrg/check_reg.html?_=1602977439791 HTTP/1.1" 200 22
172.17.0.105 - - [18/Oct/2020:07:30:43 +0800] "GET /xingrg/all/function/internal_message.html?_=1602977439799&CODE_STATE=getMsg HTTP/1.1" 200 27
114.88.166.242 - - [18/Oct/2020:07:31:00 +0800] "GET /xingrg/all/function/internal_message.html?_=1602977454911&CODE_STATE=getMsg HTTP/1.1" 200 27
58.37.8.227 - - [18/Oct/2020:07:31:10 +0800] "GET /xingrg/all/function/internal_message.html?_=1602977072590&CODE_STATE=getMsg HTTP/1.1" 200 27
120.253.135.82 - - [18/Oct/2020:07:31:15 +0800] "GET /xingrg/all/function/internal_message.html?_=1602977219720&CODE_STATE=getMsg HTTP/1.1" 200 27
172.17.0.103 - - [18/Oct/2020:07:31:23 +0800] "GET /xingrg/all/function/internal_message.html?_=1602977477413&CODE_STATE=getMsg HTTP/1.1" 200 27
117.185.32.26 - - [18/Oct/2020:07:31:31 +0800] "GET /xingrg/all/function/internal_message.html?_=1602977483208&CODE_STATE=getMsg HTTP/1.1" 200 27
172.17.0.115 - - [18/Oct/2020:07:31:34 +0800] "GET /xingrg/all/function/internal_message.html?_=1602977491612&CODE_STATE=getMsg HTTP/1.1" 302 -
172.17.0.185 - - [18/Oct/2020:07:31:35 +0800] "GET /xingrg/check_reg.html?_=1602977490327 HTTP/1.1" 200 22
172.17.0.185 - - [18/Oct/2020:07:31:35 +0800] "GET /xingrg/all/function/internal_message.html?_=1602977490331&CODE_STATE=getMsg HTTP/1.1" 200 27
172.17.0.105 - - [18/Oct/2020:07:31:43 +0800] "GET /xingrg/all/function/internal_message.html?_=1602977499783&CODE_STATE=getMsg HTTP/1.1" 200 27
114.84.37.38 - - [18/Oct/2020:07:31:47 +0800] "GET /xingrg/check_reg.html?_=1602977510538 HTTP/1.1" 200 22
114.88.166.242 - - [18/Oct/2020:07:32:00 +0800] "GET /xingrg/all/function/internal_message.html?_=1602977514910&CODE_STATE=getMsg HTTP/1.1" 200 27
58.37.8.227 - - [18/Oct/2020:07:32:10 +0800] "GET /xingrg/all/function/internal_message.html?_=1602977132566&CODE_STATE=getMsg HTTP/1.1" 200 27
120.253.135.82 - - [18/Oct/2020:07:32:15 +0800] "GET /xingrg/all/function/internal_message.html?_=1602977279777&CODE_STATE=getMsg HTTP/1.1" 200 27
172.17.0.103 - - [18/Oct/2020:07:32:23 +0800] "GET /xingrg/all/function/internal_message.html?_=1602977537412&CODE_STATE=getMsg HTTP/1.1" 200 27
117.185.32.26 - - [18/Oct/2020:07:32:31 +0800] "GET /xingrg/all/function/internal_message.html?_=1602977543177&CODE_STATE=getMsg HTTP/1.1" 200 27
172.17.0.115 - - [18/Oct/2020:07:32:34 +0800] "GET /xingrg/all/function/internal_message.html?_=1602977551638&CODE_STATE=getMsg HTTP/1.1" 302 -
172.17.0.185 - - [18/Oct/2020:07:32:35 +0800] "GET /xingrg/all/function/internal_message.html?_=1602977550318&CODE_STATE=getMsg HTTP/1.1" 200 27
172.17.0.105 - - [18/Oct/2020:07:32:43 +0800] "GET /xingrg/all/function/internal_message.html?_=1602977559785&CODE_STATE=getMsg HTTP/1.1" 200 27
117.185.32.26 - - [18/Oct/2020:07:32:44 +0800] "GET /xingrg/check_reg.html?_=1602977556438 HTTP/1.1" 200 22
114.88.166.242 - - [18/Oct/2020:07:33:00 +0800] "GET /xingrg/all/function/internal_message.html?_=1602977574924&CODE_STATE=getMsg HTTP/1.1" 200 27
172.17.0.115 - - [18/Oct/2020:07:33:01 +0800] "GET /xingrg/check_reg.html?_=1602977578146 HTTP/1.1" 302 -
58.37.8.227 - - [18/Oct/2020:07:33:09 +0800] "GET /xingrg/all/function/internal_message.html?_=1602977192537&CODE_STATE=getMsg HTTP/1.1" 200 27
120.253.135.82 - - [18/Oct/2020:07:33:15 +0800] "GET /xingrg/all/function/internal_message.html?_=1602977339778&CODE_STATE=getMsg HTTP/1.1" 200 27
172.17.0.103 - - [18/Oct/2020:07:33:23 +0800] "GET /xingrg/all/function/internal_message.html?_=1602977597413&CODE_STATE=getMsg HTTP/1.1" 200 27
117.185.32.26 - - [18/Oct/2020:07:33:31 +0800] "GET /xingrg/all/function/internal_message.html?_=1602977603153&CODE_STATE=getMsg HTTP/1.1" 200 27
172.17.0.115 - - [18/Oct/2020:07:33:34 +0800] "GET /xingrg/all/function/internal_message.html?_=1602977611639&CODE_STATE=getMsg HTTP/1.1" 302 -
172.17.0.185 - - [18/Oct/2020:07:33:35 +0800] "GET /xingrg/all/function/internal_message.html?_=1602977610323&CODE_STATE=getMsg HTTP/1.1" 200 27
172.17.0.105 - - [18/Oct/2020:07:33:43 +0800] "GET /xingrg/all/function/internal_message.html?_=1602977619791&CODE_STATE=getMsg HTTP/1.1" 200 27
114.88.166.242 - - [18/Oct/2020:07:34:00 +0800] "GET /xingrg/all/function/internal_message.html?_=1602977634924&CODE_STATE=getMsg HTTP/1.1" 200 27
114.88.166.242 - - [18/Oct/2020:07:34:00 +0800] "GET /xingrg/check_reg.html?_=1602977634923 HTTP/1.1" 200 22
58.37.8.227 - - [18/Oct/2020:07:34:09 +0800] "GET /xingrg/all/function/internal_message.html?_=1602977252514&CODE_STATE=getMsg HTTP/1.1" 200 27
120.253.135.82 - - [18/Oct/2020:07:34:14 +0800] "GET /xingrg/check_reg.html?_=1602977399245 HTTP/1.1" 200 22
120.253.135.82 - - [18/Oct/2020:07:34:15 +0800] "GET /xingrg/all/function/internal_message.html?_=1602977399792&CODE_STATE=getMsg HTTP/1.1" 200 27
172.17.0.103 - - [18/Oct/2020:07:34:23 +0800] "GET /xingrg/check_reg.html?_=1602977657416 HTTP/1.1" 200 22
172.17.0.103 - - [18/Oct/2020:07:34:23 +0800] "GET /xingrg/all/function/internal_message.html?_=1602977657414&CODE_STATE=getMsg HTTP/1.1" 200 27
117.185.32.26 - - [18/Oct/2020:07:34:31 +0800] "GET /xingrg/all/function/internal_message.html?_=1602977663121&CODE_STATE=getMsg HTTP/1.1" 200 27
172.17.0.115 - - [18/Oct/2020:07:34:34 +0800] "GET /xingrg/all/function/internal_message.html?_=1602977671664&CODE_STATE=getMsg HTTP/1.1" 302 -
172.17.0.185 - - [18/Oct/2020:07:34:35 +0800] "GET /xingrg/all/function/internal_message.html?_=1602977670328&CODE_STATE=getMsg HTTP/1.1" 200 27
172.17.0.105 - - [18/Oct/2020:07:34:43 +0800] "GET /xingrg/all/function/internal_message.html?_=1602977679794&CODE_STATE=getMsg HTTP/1.1" 200 27
114.88.166.242 - - [18/Oct/2020:07:35:00 +0800] "GET /xingrg/all/function/internal_message.html?_=1602977694921&CODE_STATE=getMsg HTTP/1.1" 200 27
58.37.8.227 - - [18/Oct/2020:07:35:09 +0800] "GET /xingrg/all/function/internal_message.html?_=1602977312492&CODE_STATE=getMsg HTTP/1.1" 200 27
120.253.135.82 - - [18/Oct/2020:07:35:15 +0800] "GET /xingrg/all/function/internal_message.html?_=1602977459805&CODE_STATE=getMsg HTTP/1.1" 200 27
172.17.0.103 - - [18/Oct/2020:07:35:23 +0800] "GET /xingrg/all/function/internal_message.html?_=1602977717415&CODE_STATE=getMsg HTTP/1.1" 200 27
117.185.32.26 - - [18/Oct/2020:07:35:31 +0800] "GET /xingrg/all/function/internal_message.html?_=1602977723092&CODE_STATE=getMsg HTTP/1.1" 200 27
172.17.0.115 - - [18/Oct/2020:07:35:34 +0800] "GET /xingrg/all/function/internal_message.html?_=1602977731668&CODE_STATE=getMsg HTTP/1.1" 302 -
172.17.0.185 - - [18/Oct/2020:07:35:35 +0800] "GET /xingrg/all/function/internal_message.html?_=1602977730318&CODE_STATE=getMsg HTTP/1.1" 200 27
58.37.8.227 - - [18/Oct/2020:07:35:39 +0800] "GET /xingrg/check_reg.html?_=1602977342399 HTTP/1.1" 200 22
172.17.0.105 - - [18/Oct/2020:07:35:43 +0800] "GET /xingrg/all/function/internal_message.html?_=1602977739794&CODE_STATE=getMsg HTTP/1.1" 200 27
172.17.0.105 - - [18/Oct/2020:07:35:43 +0800] "GET /xingrg/check_reg.html?_=1602977739796 HTTP/1.1" 200 22
114.88.166.242 - - [18/Oct/2020:07:36:00 +0800] "GET /xingrg/all/function/internal_message.html?_=1602977754919&CODE_STATE=getMsg HTTP/1.1" 200 27
58.37.8.227 - - [18/Oct/2020:07:36:09 +0800] "GET /xingrg/all/function/internal_message.html?_=1602977372498&CODE_STATE=getMsg HTTP/1.1" 200 27
120.253.135.82 - - [18/Oct/2020:07:36:15 +0800] "GET /xingrg/all/function/internal_message.html?_=1602977519819&CODE_STATE=getMsg HTTP/1.1" 200 27
172.17.0.103 - - [18/Oct/2020:07:36:23 +0800] "GET /xingrg/all/function/internal_message.html?_=1602977777443&CODE_STATE=getMsg HTTP/1.1" 200 27
117.185.32.26 - - [18/Oct/2020:07:36:31 +0800] "GET /xingrg/all/function/internal_message.html?_=1602977783070&CODE_STATE=getMsg HTTP/1.1" 200 27
172.17.0.115 - - [18/Oct/2020:07:36:34 +0800] "GET /xingrg/all/function/internal_message.html?_=1602977791693&CODE_STATE=getMsg HTTP/1.1" 302 -
172.17.0.185 - - [18/Oct/2020:07:36:35 +0800] "GET /xingrg/all/function/internal_message.html?_=1602977790324&CODE_STATE=getMsg HTTP/1.1" 200 27
172.17.0.185 - - [18/Oct/2020:07:36:35 +0800] "GET /xingrg/check_reg.html?_=1602977790328 HTTP/1.1" 200 22
172.17.0.105 - - [18/Oct/2020:07:36:43 +0800] "GET /xingrg/all/function/internal_message.html?_=1602977799803&CODE_STATE=getMsg HTTP/1.1" 200 27
114.84.37.38 - - [18/Oct/2020:07:36:47 +0800] "GET /xingrg/check_reg.html?_=1602977810549 HTTP/1.1" 200 22
114.88.166.242 - - [18/Oct/2020:07:37:00 +0800] "GET /xingrg/all/function/internal_message.html?_=1602977814917&CODE_STATE=getMsg HTTP/1.1" 200 27
58.37.8.227 - - [18/Oct/2020:07:37:09 +0800] "GET /xingrg/all/function/internal_message.html?_=1602977432469&CODE_STATE=getMsg HTTP/1.1" 200 27
120.253.135.82 - - [18/Oct/2020:07:37:15 +0800] "GET /xingrg/all/function/internal_message.html?_=1602977579833&CODE_STATE=getMsg HTTP/1.1" 200 27
172.17.0.103 - - [18/Oct/2020:07:37:23 +0800] "GET /xingrg/all/function/internal_message.html?_=1602977837442&CODE_STATE=getMsg HTTP/1.1" 200 27
117.185.32.26 - - [18/Oct/2020:07:37:31 +0800] "GET /xingrg/all/function/internal_message.html?_=1602977843049&CODE_STATE=getMsg HTTP/1.1" 200 27
172.17.0.115 - - [18/Oct/2020:07:37:34 +0800] "GET /xingrg/all/function/internal_message.html?_=1602977851694&CODE_STATE=getMsg HTTP/1.1" 302 -
172.17.0.185 - - [18/Oct/2020:07:37:35 +0800] "GET /xingrg/all/function/internal_message.html?_=1602977850313&CODE_STATE=getMsg HTTP/1.1" 200 27
172.17.0.105 - - [18/Oct/2020:07:37:43 +0800] "GET /xingrg/all/function/internal_message.html?_=1602977859803&CODE_STATE=getMsg HTTP/1.1" 200 27
117.185.32.26 - - [18/Oct/2020:07:37:44 +0800] "GET /xingrg/check_reg.html?_=1602977856420 HTTP/1.1" 200 22
114.88.166.242 - - [18/Oct/2020:07:38:00 +0800] "GET /xingrg/all/function/internal_message.html?_=1602977874916&CODE_STATE=getMsg HTTP/1.1" 200 27
172.17.0.115 - - [18/Oct/2020:07:38:01 +0800] "GET /xingrg/check_reg.html?_=1602977878165 HTTP/1.1" 302 -
58.37.8.227 - - [18/Oct/2020:07:38:09 +0800] "GET /xingrg/all/function/internal_message.html?_=1602977492445&CODE_STATE=getMsg HTTP/1.1" 200 27
120.253.135.82 - - [18/Oct/2020:07:38:15 +0800] "GET /xingrg/all/function/internal_message.html?_=1602977639846&CODE_STATE=getMsg HTTP/1.1" 200 27
172.17.0.103 - - [18/Oct/2020:07:38:23 +0800] "GET /xingrg/all/function/internal_message.html?_=1602977897440&CODE_STATE=getMsg HTTP/1.1" 200 27
117.185.32.26 - - [18/Oct/2020:07:38:31 +0800] "GET /xingrg/all/function/internal_message.html?_=1602977903031&CODE_STATE=getMsg HTTP/1.1" 200 27
172.17.0.115 - - [18/Oct/2020:07:38:34 +0800] "GET /xingrg/all/function/internal_message.html?_=1602977911717&CODE_STATE=getMsg HTTP/1.1" 302 -
172.17.0.185 - - [18/Oct/2020:07:38:35 +0800] "GET /xingrg/all/function/internal_message.html?_=1602977910317&CODE_STATE=getMsg HTTP/1.1" 200 27
172.17.0.105 - - [18/Oct/2020:07:38:43 +0800] "GET /xingrg/all/function/internal_message.html?_=1602977919803&CODE_STATE=getMsg HTTP/1.1" 200 27
114.88.166.242 - - [18/Oct/2020:07:39:00 +0800] "GET /xingrg/check_reg.html?_=1602977934915 HTTP/1.1" 200 22
114.88.166.242 - - [18/Oct/2020:07:39:00 +0800] "GET /xingrg/all/function/internal_message.html?_=1602977934914&CODE_STATE=getMsg HTTP/1.1" 200 27
58.37.8.227 - - [18/Oct/2020:07:39:09 +0800] "GET /xingrg/all/function/internal_message.html?_=1602977552425&CODE_STATE=getMsg HTTP/1.1" 200 27
120.253.135.82 - - [18/Oct/2020:07:39:14 +0800] "GET /xingrg/check_reg.html?_=1602977699251 HTTP/1.1" 200 22
120.253.135.82 - - [18/Oct/2020:07:39:15 +0800] "GET /xingrg/all/function/internal_message.html?_=1602977699860&CODE_STATE=getMsg HTTP/1.1" 200 27
172.17.0.103 - - [18/Oct/2020:07:39:23 +0800] "GET /xingrg/all/function/internal_message.html?_=1602977957441&CODE_STATE=getMsg HTTP/1.1" 200 27
172.17.0.103 - - [18/Oct/2020:07:39:23 +0800] "GET /xingrg/check_reg.html?_=1602977957442 HTTP/1.1" 200 22
117.185.32.26 - - [18/Oct/2020:07:39:31 +0800] "GET /xingrg/all/function/internal_message.html?_=1602977963001&CODE_STATE=getMsg HTTP/1.1" 200 27
172.17.0.115 - - [18/Oct/2020:07:39:34 +0800] "GET /xingrg/all/function/internal_message.html?_=1602977971721&CODE_STATE=getMsg HTTP/1.1" 302 -
172.17.0.185 - - [18/Oct/2020:07:39:35 +0800] "GET /xingrg/all/function/internal_message.html?_=1602977970322&CODE_STATE=getMsg HTTP/1.1" 200 27
172.17.0.105 - - [18/Oct/2020:07:39:43 +0800] "GET /xingrg/all/function/internal_message.html?_=1602977979803&CODE_STATE=getMsg HTTP/1.1" 200 27
114.88.166.242 - - [18/Oct/2020:07:40:00 +0800] "GET /xingrg/all/function/internal_message.html?_=1602977994913&CODE_STATE=getMsg HTTP/1.1" 200 27
58.37.8.227 - - [18/Oct/2020:07:40:09 +0800] "GET /xingrg/all/function/internal_message.html?_=1602977612398&CODE_STATE=getMsg HTTP/1.1" 200 27
120.253.135.82 - - [18/Oct/2020:07:40:15 +0800] "GET /xingrg/all/function/internal_message.html?_=1602977759873&CODE_STATE=getMsg HTTP/1.1" 200 27
172.17.0.103 - - [18/Oct/2020:07:40:23 +0800] "GET /xingrg/all/function/internal_message.html?_=1602978017440&CODE_STATE=getMsg HTTP/1.1" 200 27
117.185.32.26 - - [18/Oct/2020:07:40:31 +0800] "GET /xingrg/all/function/internal_message.html?_=1602978022973&CODE_STATE=getMsg HTTP/1.1" 200 27
172.17.0.115 - - [18/Oct/2020:07:40:34 +0800] "GET /xingrg/all/function/internal_message.html?_=1602978031746&CODE_STATE=getMsg HTTP/1.1" 302 -
172.17.0.185 - - [18/Oct/2020:07:40:35 +0800] "GET /xingrg/all/function/internal_message.html?_=1602978030327&CODE_STATE=getMsg HTTP/1.1" 200 27
58.37.8.227 - - [18/Oct/2020:07:40:39 +0800] "GET /xingrg/check_reg.html?_=1602977642430 HTTP/1.1" 200 22
172.17.0.105 - - [18/Oct/2020:07:40:43 +0800] "GET /xingrg/check_reg.html?_=1602978039817 HTTP/1.1" 200 22
172.17.0.105 - - [18/Oct/2020:07:40:43 +0800] "GET /xingrg/all/function/internal_message.html?_=1602978039822&CODE_STATE=getMsg HTTP/1.1" 200 27
114.88.166.242 - - [18/Oct/2020:07:41:00 +0800] "GET /xingrg/all/function/internal_message.html?_=1602978054936&CODE_STATE=getMsg HTTP/1.1" 200 27
58.37.8.227 - - [18/Oct/2020:07:41:09 +0800] "GET /xingrg/all/function/internal_message.html?_=1602977672376&CODE_STATE=getMsg HTTP/1.1" 200 27
120.253.135.82 - - [18/Oct/2020:07:41:15 +0800] "GET /xingrg/all/function/internal_message.html?_=1602977819887&CODE_STATE=getMsg HTTP/1.1" 200 27
172.17.0.103 - - [18/Oct/2020:07:41:23 +0800] "GET /xingrg/all/function/internal_message.html?_=1602978077439&CODE_STATE=getMsg HTTP/1.1" 200 27
117.185.32.26 - - [18/Oct/2020:07:41:31 +0800] "GET /xingrg/all/function/internal_message.html?_=1602978082953&CODE_STATE=getMsg HTTP/1.1" 200 27
172.17.0.115 - - [18/Oct/2020:07:41:34 +0800] "GET /xingrg/all/function/internal_message.html?_=1602978091748&CODE_STATE=getMsg HTTP/1.1" 302 -
172.17.0.185 - - [18/Oct/2020:07:41:35 +0800] "GET /xingrg/all/function/internal_message.html?_=1602978090315&CODE_STATE=getMsg HTTP/1.1" 200 27
172.17.0.185 - - [18/Oct/2020:07:41:35 +0800] "GET /xingrg/check_reg.html?_=1602978090320 HTTP/1.1" 200 22
172.17.0.105 - - [18/Oct/2020:07:41:43 +0800] "GET /xingrg/all/function/internal_message.html?_=1602978099821&CODE_STATE=getMsg HTTP/1.1" 200 27
114.84.37.38 - - [18/Oct/2020:07:41:47 +0800] "GET /xingrg/check_reg.html?_=1602978110550 HTTP/1.1" 200 22
114.88.166.242 - - [18/Oct/2020:07:42:00 +0800] "GET /xingrg/all/function/internal_message.html?_=1602978114934&CODE_STATE=getMsg HTTP/1.1" 200 27
58.37.8.227 - - [18/Oct/2020:07:42:09 +0800] "GET /xingrg/all/function/internal_message.html?_=1602977732357&CODE_STATE=getMsg HTTP/1.1" 200 27
120.253.135.82 - - [18/Oct/2020:07:42:15 +0800] "GET /xingrg/all/function/internal_message.html?_=1602977879950&CODE_STATE=getMsg HTTP/1.1" 200 27
172.17.0.103 - - [18/Oct/2020:07:42:23 +0800] "GET /xingrg/all/function/internal_message.html?_=1602978137468&CODE_STATE=getMsg HTTP/1.1" 200 27
117.185.32.26 - - [18/Oct/2020:07:42:31 +0800] "GET /xingrg/all/function/internal_message.html?_=1602978142928&CODE_STATE=getMsg HTTP/1.1" 200 27
172.17.0.115 - - [18/Oct/2020:07:42:34 +0800] "GET /xingrg/all/function/internal_message.html?_=1602978151775&CODE_STATE=getMsg HTTP/1.1" 302 -
172.17.0.185 - - [18/Oct/2020:07:42:35 +0800] "GET /xingrg/all/function/internal_message.html?_=1602978150322&CODE_STATE=getMsg HTTP/1.1" 200 27
172.17.0.105 - - [18/Oct/2020:07:42:43 +0800] "GET /xingrg/all/function/internal_message.html?_=1602978159822&CODE_STATE=getMsg HTTP/1.1" 200 27
117.185.32.26 - - [18/Oct/2020:07:42:44 +0800] "GET /xingrg/check_reg.html?_=1602978156401 HTTP/1.1" 200 22
114.88.166.242 - - [18/Oct/2020:07:43:00 +0800] "GET /xingrg/all/function/internal_message.html?_=1602978174949&CODE_STATE=getMsg HTTP/1.1" 200 27
172.17.0.115 - - [18/Oct/2020:07:43:01 +0800] "GET /xingrg/check_reg.html?_=1602978178158 HTTP/1.1" 302 -
58.37.8.227 - - [18/Oct/2020:07:43:09 +0800] "GET /xingrg/all/function/internal_message.html?_=1602977792336&CODE_STATE=getMsg HTTP/1.1" 200 27
120.253.135.82 - - [18/Oct/2020:07:43:15 +0800] "GET /xingrg/all/function/internal_message.html?_=1602977939961&CODE_STATE=getMsg HTTP/1.1" 200 27
172.17.0.103 - - [18/Oct/2020:07:43:23 +0800] "GET /xingrg/all/function/internal_message.html?_=1602978197467&CODE_STATE=getMsg HTTP/1.1" 200 27
117.185.32.26 - - [18/Oct/2020:07:43:31 +0800] "GET /xingrg/all/function/internal_message.html?_=1602978202909&CODE_STATE=getMsg HTTP/1.1" 200 27
172.17.0.115 - - [18/Oct/2020:07:43:34 +0800] "GET /xingrg/all/function/internal_message.html?_=1602978211775&CODE_STATE=getMsg HTTP/1.1" 302 -
172.17.0.185 - - [18/Oct/2020:07:43:35 +0800] "GET /xingrg/all/function/internal_message.html?_=1602978210327&CODE_STATE=getMsg HTTP/1.1" 200 27
172.17.0.105 - - [18/Oct/2020:07:43:43 +0800] "GET /xingrg/all/function/internal_message.html?_=1602978219822&CODE_STATE=getMsg HTTP/1.1" 200 27
114.88.166.242 - - [18/Oct/2020:07:44:00 +0800] "GET /xingrg/check_reg.html?_=1602978234949 HTTP/1.1" 200 22
114.88.166.242 - - [18/Oct/2020:07:44:00 +0800] "GET /xingrg/all/function/internal_message.html?_=1602978234950&CODE_STATE=getMsg HTTP/1.1" 200 27
58.37.8.227 - - [18/Oct/2020:07:44:09 +0800] "GET /xingrg/all/function/internal_message.html?_=1602977852306&CODE_STATE=getMsg HTTP/1.1" 200 27
120.253.135.82 - - [18/Oct/2020:07:44:14 +0800] "GET /xingrg/check_reg.html?_=1602977999305 HTTP/1.1" 200 22
120.253.135.82 - - [18/Oct/2020:07:44:15 +0800] "GET /xingrg/all/function/internal_message.html?_=1602977999974&CODE_STATE=getMsg HTTP/1.1" 200 27
172.17.0.103 - - [18/Oct/2020:07:44:23 +0800] "GET /xingrg/check_reg.html?_=1602978257467 HTTP/1.1" 200 22
172.17.0.103 - - [18/Oct/2020:07:44:23 +0800] "GET /xingrg/all/function/internal_message.html?_=1602978257465&CODE_STATE=getMsg HTTP/1.1" 200 27
117.185.32.26 - - [18/Oct/2020:07:44:31 +0800] "GET /xingrg/all/function/internal_message.html?_=1602978262889&CODE_STATE=getMsg HTTP/1.1" 200 27
172.17.0.115 - - [18/Oct/2020:07:44:34 +0800] "GET /xingrg/all/function/internal_message.html?_=1602978271801&CODE_STATE=getMsg HTTP/1.1" 302 -
172.17.0.185 - - [18/Oct/2020:07:44:35 +0800] "GET /xingrg/all/function/internal_message.html?_=1602978270317&CODE_STATE=getMsg HTTP/1.1" 200 27
172.17.0.105 - - [18/Oct/2020:07:44:43 +0800] "GET /xingrg/all/function/internal_message.html?_=1602978279822&CODE_STATE=getMsg HTTP/1.1" 200 27
114.88.166.242 - - [18/Oct/2020:07:45:00 +0800] "GET /xingrg/all/function/internal_message.html?_=1602978294955&CODE_STATE=getMsg HTTP/1.1" 200 27
120.253.135.82 - - [18/Oct/2020:07:45:03 +0800] "GET /xingrg/kc/report/report_main.html HTTP/1.1" 200 9370
120.253.135.82 - - [18/Oct/2020:07:45:03 +0800] "POST /xingrg/kc/pszx/mdps_list_operate.html HTTP/1.1" 200 4662
120.253.135.82 - - [18/Oct/2020:07:45:06 +0800] "GET /xingrg/kc/base/kc_stocks.html HTTP/1.1" 200 16329
120.253.135.82 - - [18/Oct/2020:07:45:06 +0800] "GET /xingrg/javascript/easyui/themes/default/tree.css HTTP/1.1" 404 1090
120.253.135.82 - - [18/Oct/2020:07:45:06 +0800] "POST /xingrg/all/common/load_tree.html?tree=materiel_sort_tree_json HTTP/1.1" 200 8666
120.253.135.82 - - [18/Oct/2020:07:45:08 +0800] "POST /xingrg/all/common/load_combo.html?type=base HTTP/1.1" 200 984
58.37.8.227 - - [18/Oct/2020:07:45:09 +0800] "GET /xingrg/all/function/internal_message.html?_=1602977912286&CODE_STATE=getMsg HTTP/1.1" 200 27
117.184.7.30 - - [18/Oct/2020:07:45:12 +0800] "POST /xingrg/services/DataTransmitService HTTP/1.1" 200 524
120.253.135.82 - - [18/Oct/2020:07:45:14 +0800] "POST /xingrg/kc/base/stock_operate.html HTTP/1.1" 200 1486
120.253.135.82 - - [18/Oct/2020:07:45:15 +0800] "GET /xingrg/all/function/internal_message.html?_=1602978059988&CODE_STATE=getMsg HTTP/1.1" 200 27
172.17.0.103 - - [18/Oct/2020:07:45:23 +0800] "GET /xingrg/all/function/internal_message.html?_=1602978317465&CODE_STATE=getMsg HTTP/1.1" 200 27
117.184.7.30 - - [18/Oct/2020:07:45:26 +0800] "POST /xingrg/services/DataTransmitService HTTP/1.1" 200 524
117.184.7.30 - - [18/Oct/2020:07:45:27 +0800] "POST /xingrg/services/DataTransmitService HTTP/1.1" 200 501
117.185.32.26 - - [18/Oct/2020:07:45:31 +0800] "GET /xingrg/all/function/internal_message.html?_=1602978322858&CODE_STATE=getMsg HTTP/1.1" 200 27
172.17.0.115 - - [18/Oct/2020:07:45:34 +0800] "GET /xingrg/all/function/internal_message.html?_=1602978331803&CODE_STATE=getMsg HTTP/1.1" 302 -
172.17.0.185 - - [18/Oct/2020:07:45:35 +0800] "GET /xingrg/all/function/internal_message.html?_=1602978330322&CODE_STATE=getMsg HTTP/1.1" 200 27
58.37.8.227 - - [18/Oct/2020:07:45:39 +0800] "GET /xingrg/check_reg.html?_=1602977942427 HTTP/1.1" 200 22
172.17.0.105 - - [18/Oct/2020:07:45:43 +0800] "GET /xingrg/check_reg.html?_=1602978339834 HTTP/1.1" 200 22
172.17.0.105 - - [18/Oct/2020:07:45:43 +0800] "GET /xingrg/all/function/internal_message.html?_=1602978339837&CODE_STATE=getMsg HTTP/1.1" 200 27
120.253.135.82 - - [18/Oct/2020:07:45:56 +0800] "POST /xingrg/kc/base/stock_operate.html HTTP/1.1" 200 1472
114.88.166.242 - - [18/Oct/2020:07:46:00 +0800] "GET /xingrg/all/function/internal_message.html?_=1602978354938&CODE_STATE=getMsg HTTP/1.1" 200 27
58.37.8.227 - - [18/Oct/2020:07:46:09 +0800] "GET /xingrg/all/function/internal_message.html?_=1602977972259&CODE_STATE=getMsg HTTP/1.1" 200 27
120.253.135.82 - - [18/Oct/2020:07:46:15 +0800] "GET /xingrg/all/function/internal_message.html?_=1602978120002&CODE_STATE=getMsg HTTP/1.1" 200 27
172.17.0.103 - - [18/Oct/2020:07:46:23 +0800] "GET /xingrg/all/function/internal_message.html?_=1602978377464&CODE_STATE=getMsg HTTP/1.1" 200 27
117.185.32.26 - - [18/Oct/2020:07:46:31 +0800] "GET /xingrg/all/function/internal_message.html?_=1602978382834&CODE_STATE=getMsg HTTP/1.1" 200 27
172.17.0.115 - - [18/Oct/2020:07:46:34 +0800] "GET /xingrg/all/function/internal_message.html?_=1602978391829&CODE_STATE=getMsg HTTP/1.1" 302 -
172.17.0.185 - - [18/Oct/2020:07:46:35 +0800] "GET /xingrg/check_reg.html?_=1602978390327 HTTP/1.1" 200 22
172.17.0.185 - - [18/Oct/2020:07:46:35 +0800] "GET /xingrg/all/function/internal_message.html?_=1602978390331&CODE_STATE=getMsg HTTP/1.1" 200 27
172.17.0.105 - - [18/Oct/2020:07:46:43 +0800] "GET /xingrg/all/function/internal_message.html?_=1602978399836&CODE_STATE=getMsg HTTP/1.1" 200 27
120.253.135.82 - - [18/Oct/2020:07:46:46 +0800] "GET /xingrg/kc/buy/cgsh_order_list.html HTTP/1.1" 200 44517
120.253.135.82 - - [18/Oct/2020:07:46:47 +0800] "POST /xingrg/kc/buy/cgsh_list_operate.html HTTP/1.1" 200 876
114.84.37.38 - - [18/Oct/2020:07:46:47 +0800] "GET /xingrg/check_reg.html?_=1602978410563 HTTP/1.1" 200 22
120.253.135.82 - - [18/Oct/2020:07:46:48 +0800] "GET /xingrg/kc/buy/cgsh_order_add.html HTTP/1.1" 200 59017
120.253.135.82 - - [18/Oct/2020:07:46:48 +0800] "POST /xingrg/kc/buy/cgsh_order_operate.html HTTP/1.1" 200 8245
120.253.135.82 - - [18/Oct/2020:07:46:48 +0800] "GET /xingrg/javascript/easyui/themes/default/validatebox.css HTTP/1.1" 404 1104
120.253.135.82 - - [18/Oct/2020:07:46:58 +0800] "POST /xingrg/all/common/load_combo.html?type=employee HTTP/1.1" 200 2101
114.88.166.242 - - [18/Oct/2020:07:47:00 +0800] "GET /xingrg/all/function/internal_message.html?_=1602978414936&CODE_STATE=getMsg HTTP/1.1" 200 27
58.37.8.227 - - [18/Oct/2020:07:47:09 +0800] "GET /xingrg/all/function/internal_message.html?_=1602978032260&CODE_STATE=getMsg HTTP/1.1" 200 27
120.253.135.82 - - [18/Oct/2020:07:47:12 +0800] "GET /xingrg/kc/buy/cgsh_order_operate.html?command=get_materiel&rest_code=00101&code=00102002484&supplier_code=00100135&order_time=2020-10-18 HTTP/1.1" 200 456
120.253.135.82 - - [18/Oct/2020:07:47:15 +0800] "GET /xingrg/all/function/internal_message.html?_=1602978180019&CODE_STATE=getMsg HTTP/1.1" 200 27
172.17.0.103 - - [18/Oct/2020:07:47:23 +0800] "GET /xingrg/all/function/internal_message.html?_=1602978437463&CODE_STATE=getMsg HTTP/1.1" 200 27
117.185.32.26 - - [18/Oct/2020:07:47:31 +0800] "GET /xingrg/all/function/internal_message.html?_=1602978442837&CODE_STATE=getMsg HTTP/1.1" 200 27
172.17.0.115 - - [18/Oct/2020:07:47:34 +0800] "GET /xingrg/all/function/internal_message.html?_=1602978451831&CODE_STATE=getMsg HTTP/1.1" 302 -
172.17.0.185 - - [18/Oct/2020:07:47:35 +0800] "GET /xingrg/all/function/internal_message.html?_=1602978450319&CODE_STATE=getMsg HTTP/1.1" 200 27
120.253.135.82 - - [18/Oct/2020:07:47:39 +0800] "GET /xingrg/kc/buy/cgsh_order_operate.html?command=get_materiel&rest_code=00101&code=00102012040&supplier_code=00100135&order_time=2020-10-18 HTTP/1.1" 200 449
120.253.135.82 - - [18/Oct/2020:07:47:40 +0800] "POST /xingrg/all/common/load_select.html HTTP/1.1" 200 25
172.17.0.105 - - [18/Oct/2020:07:47:43 +0800] "GET /xingrg/all/function/internal_message.html?_=1602978459836&CODE_STATE=getMsg HTTP/1.1" 200 27
120.253.135.82 - - [18/Oct/2020:07:47:43 +0800] "GET /xingrg/kc/buy/cgsh_order_operate.html?command=get_materiel_price&rest_code=00101&code=00102012040&unit_code=00100344&supplier_code=00100135&order_time=2020-10-18 HTTP/1.1" 200 30
117.185.32.26 - - [18/Oct/2020:07:47:44 +0800] "GET /xingrg/check_reg.html?_=1602978456395 HTTP/1.1" 200 22
120.253.135.82 - - [18/Oct/2020:07:47:53 +0800] "POST /xingrg/kc/buy/cgsh_order_operate.html HTTP/1.1" 200 37
120.253.135.82 - - [18/Oct/2020:07:47:54 +0800] "POST /xingrg/kc/buy/cgsh_order_operate.html HTTP/1.1" 200 3303
120.253.135.82 - - [18/Oct/2020:07:47:57 +0800] "GET /xingrg/kc/print/load_config.html?kc_code=cgsh HTTP/1.1" 200 1845
120.253.135.82 - - [18/Oct/2020:07:47:57 +0800] "GET /xingrg/kc/print/load_data.html?order_code=212020101807280&kc_code=cgsh&condition= HTTP/1.1" 200 1019
114.88.166.242 - - [18/Oct/2020:07:48:00 +0800] "GET /xingrg/all/function/internal_message.html?_=1602978474935&CODE_STATE=getMsg HTTP/1.1" 200 27
172.17.0.115 - - [18/Oct/2020:07:48:01 +0800] "GET /xingrg/check_reg.html?_=1602978478175 HTTP/1.1" 302 -
120.253.135.82 - - [18/Oct/2020:07:48:06 +0800] "POST /xingrg/kc/buy/cgsh_order_operate.html HTTP/1.1" 200 37
120.253.135.82 - - [18/Oct/2020:07:48:08 +0800] "POST /xingrg/kc/buy/cgsh_order_operate.html HTTP/1.1" 200 12
120.253.135.82 - - [18/Oct/2020:07:48:09 +0800] "GET /xingrg/kc/buy/cgsh_order_info.html?code=212020101807280 HTTP/1.1" 200 54181
58.37.8.227 - - [18/Oct/2020:07:48:09 +0800] "GET /xingrg/all/function/internal_message.html?_=1602978092231&CODE_STATE=getMsg HTTP/1.1" 200 27
120.253.135.82 - - [18/Oct/2020:07:48:09 +0800] "GET /xingrg/javascript/easyui/themes/default/validatebox.css HTTP/1.1" 404 1104
120.253.135.82 - - [18/Oct/2020:07:48:10 +0800] "POST /xingrg/kc/buy/cgsh_order_operate.html HTTP/1.1" 200 1253
120.253.135.82 - - [18/Oct/2020:07:48:15 +0800] "GET /xingrg/all/function/internal_message.html?_=1602978240029&CODE_STATE=getMsg HTTP/1.1" 200 27
172.17.0.103 - - [18/Oct/2020:07:48:23 +0800] "GET /xingrg/all/function/internal_message.html?_=1602978497487&CODE_STATE=getMsg HTTP/1.1" 200 27
117.185.32.26 - - [18/Oct/2020:07:48:31 +0800] "GET /xingrg/all/function/internal_message.html?_=1602978502815&CODE_STATE=getMsg HTTP/1.1" 200 27
183.192.164.85 - - [18/Oct/2020:07:48:31 +0800] "GET /xingrg/all/function/internal_message.html?_=1602978442837&CODE_STATE=getMsg HTTP/1.1" 302 -
183.192.164.85 - - [18/Oct/2020:07:48:31 +0800] "GET /xingrg/login.html HTTP/1.1" 200 7641
172.17.0.115 - - [18/Oct/2020:07:48:34 +0800] "GET /xingrg/all/function/internal_message.html?_=1602978511853&CODE_STATE=getMsg HTTP/1.1" 302 -
172.17.0.185 - - [18/Oct/2020:07:48:35 +0800] "GET /xingrg/all/function/internal_message.html?_=1602978510324&CODE_STATE=getMsg HTTP/1.1" 200 27
172.17.0.105 - - [18/Oct/2020:07:48:43 +0800] "GET /xingrg/all/function/internal_message.html?_=1602978519836&CODE_STATE=getMsg HTTP/1.1" 200 27
114.88.166.242 - - [18/Oct/2020:07:49:00 +0800] "GET /xingrg/check_reg.html?_=1602978534950 HTTP/1.1" 200 22
114.88.166.242 - - [18/Oct/2020:07:49:00 +0800] "GET /xingrg/all/function/internal_message.html?_=1602978534949&CODE_STATE=getMsg HTTP/1.1" 200 27
58.37.8.227 - - [18/Oct/2020:07:49:09 +0800] "GET /xingrg/all/function/internal_message.html?_=1602978152202&CODE_STATE=getMsg HTTP/1.1" 200 27
120.253.135.82 - - [18/Oct/2020:07:49:14 +0800] "GET /xingrg/check_reg.html?_=1602978299309 HTTP/1.1" 200 22
120.253.135.82 - - [18/Oct/2020:07:49:15 +0800] "GET /xingrg/all/function/internal_message.html?_=1602978300042&CODE_STATE=getMsg HTTP/1.1" 200 27
172.17.0.103 - - [18/Oct/2020:07:49:23 +0800] "GET /xingrg/all/function/internal_message.html?_=1602978557502&CODE_STATE=getMsg HTTP/1.1" 200 27
172.17.0.103 - - [18/Oct/2020:07:49:23 +0800] "GET /xingrg/check_reg.html?_=1602978557504 HTTP/1.1" 200 22
117.185.32.26 - - [18/Oct/2020:07:49:31 +0800] "GET /xingrg/all/function/internal_message.html?_=1602978562797&CODE_STATE=getMsg HTTP/1.1" 200 27
172.17.0.115 - - [18/Oct/2020:07:49:34 +0800] "GET /xingrg/all/function/internal_message.html?_=1602978571857&CODE_STATE=getMsg HTTP/1.1" 302 -
172.17.0.185 - - [18/Oct/2020:07:49:35 +0800] "GET /xingrg/all/function/internal_message.html?_=1602978570314&CODE_STATE=getMsg HTTP/1.1" 200 27
172.17.0.105 - - [18/Oct/2020:07:49:43 +0800] "GET /xingrg/all/function/internal_message.html?_=1602978579837&CODE_STATE=getMsg HTTP/1.1" 200 27
114.88.166.242 - - [18/Oct/2020:07:50:00 +0800] "GET /xingrg/all/function/internal_message.html?_=1602978594934&CODE_STATE=getMsg HTTP/1.1" 200 27
58.37.8.227 - - [18/Oct/2020:07:50:09 +0800] "GET /xingrg/all/function/internal_message.html?_=1602978212181&CODE_STATE=getMsg HTTP/1.1" 200 27
120.253.135.82 - - [18/Oct/2020:07:50:15 +0800] "GET /xingrg/all/function/internal_message.html?_=1602978360057&CODE_STATE=getMsg HTTP/1.1" 200 27
120.253.135.82 - - [18/Oct/2020:07:50:15 +0800] "GET /xingrg/kc/buy/cgsh_order_add.html HTTP/1.1" 200 59017
120.253.135.82 - - [18/Oct/2020:07:50:16 +0800] "POST /xingrg/kc/buy/cgsh_order_operate.html HTTP/1.1" 200 8245
120.253.135.82 - - [18/Oct/2020:07:50:16 +0800] "GET /xingrg/javascript/easyui/themes/default/validatebox.css HTTP/1.1" 404 1104
172.17.0.103 - - [18/Oct/2020:07:50:23 +0800] "GET /xingrg/all/function/internal_message.html?_=1602978617487&CODE_STATE=getMsg HTTP/1.1" 200 27
120.253.135.82 - - [18/Oct/2020:07:50:24 +0800] "POST /xingrg/all/common/load_combo.html?type=employee HTTP/1.1" 200 2101
120.253.135.82 - - [18/Oct/2020:07:50:27 +0800] "GET /xingrg/system/info/materiel_import.html?isSelect=1&singleSelect=false HTTP/1.1" 200 5600
120.253.135.82 - - [18/Oct/2020:07:50:27 +0800] "GET /xingrg/css/xtree.css HTTP/1.1" 200 880
120.253.135.82 - - [18/Oct/2020:07:50:27 +0800] "GET /xingrg/javascript/jquery_ui/themes/base/base.css HTTP/1.1" 200 28568
120.253.135.82 - - [18/Oct/2020:07:50:27 +0800] "GET /xingrg/javascript/jquery_easy_ui/themes/icons/check_new.png HTTP/1.1" 304 -
120.253.135.82 - - [18/Oct/2020:07:50:27 +0800] "GET /xingrg/javascript/jquery_easy_ui/themes/icons/edit_add.png HTTP/1.1" 200 1088
120.253.135.82 - - [18/Oct/2020:07:50:27 +0800] "GET /xingrg/javascript/jquery_easy_ui/themes/default/images/pagination_first.gif HTTP/1.1" 200 925
120.253.135.82 - - [18/Oct/2020:07:50:27 +0800] "GET /xingrg/javascript/jquery_easy_ui/themes/default/images/pagination_prev.gif HTTP/1.1" 200 879
120.253.135.82 - - [18/Oct/2020:07:50:27 +0800] "GET /xingrg/javascript/jquery_easy_ui/themes/default/images/pagination_last.gif HTTP/1.1" 200 923
120.253.135.82 - - [18/Oct/2020:07:50:27 +0800] "GET /xingrg/javascript/jquery_easy_ui/themes/default/images/pagination_next.gif HTTP/1.1" 200 875
120.253.135.82 - - [18/Oct/2020:07:50:27 +0800] "GET /xingrg/javascript/jquery_easy_ui/themes/default/images/pagination_load.png HTTP/1.1" 200 827
120.253.135.82 - - [18/Oct/2020:07:50:27 +0800] "POST /xingrg/all/common/load_tree.html?tree=materiel_sort_tree_json HTTP/1.1" 200 8666
120.253.135.82 - - [18/Oct/2020:07:50:27 +0800] "GET /favicon.ico HTTP/1.1" 404 -
117.185.32.26 - - [18/Oct/2020:07:50:31 +0800] "GET /xingrg/all/function/internal_message.html?_=1602978622768&CODE_STATE=getMsg HTTP/1.1" 200 27
172.17.0.115 - - [18/Oct/2020:07:50:34 +0800] "GET /xingrg/all/function/internal_message.html?_=1602978631883&CODE_STATE=getMsg HTTP/1.1" 302 -
172.17.0.185 - - [18/Oct/2020:07:50:35 +0800] "GET /xingrg/all/function/internal_message.html?_=1602978630319&CODE_STATE=getMsg HTTP/1.1" 200 27
58.37.8.227 - - [18/Oct/2020:07:50:39 +0800] "GET /xingrg/check_reg.html?_=1602978242447 HTTP/1.1" 200 22
120.253.135.82 - - [18/Oct/2020:07:50:40 +0800] "GET /xingrg/kc/buy/cgsh_order_operate.html?command=get_materiel&rest_code=00101&code=00101029073&supplier_code=00100282&order_time=2020-10-18 HTTP/1.1" 200 479
120.253.135.82 - - [18/Oct/2020:07:50:41 +0800] "POST /xingrg/all/common/load_select.html HTTP/1.1" 200 25
172.17.0.105 - - [18/Oct/2020:07:50:43 +0800] "GET /xingrg/check_reg.html?_=1602978639837 HTTP/1.1" 200 22
172.17.0.105 - - [18/Oct/2020:07:50:43 +0800] "GET /xingrg/all/function/internal_message.html?_=1602978639840&CODE_STATE=getMsg HTTP/1.1" 200 27
120.253.135.82 - - [18/Oct/2020:07:50:43 +0800] "GET /xingrg/kc/buy/cgsh_order_operate.html?command=get_materiel_price&rest_code=00101&code=00101029073&unit_code=00100179&supplier_code=00100282&order_time=2020-10-18 HTTP/1.1" 200 29
120.253.135.82 - - [18/Oct/2020:07:50:59 +0800] "POST /xingrg/kc/buy/cgsh_order_operate.html HTTP/1.1" 200 37
120.253.135.82 - - [18/Oct/2020:07:51:00 +0800] "POST /xingrg/kc/buy/cgsh_order_operate.html HTTP/1.1" 200 2719
114.88.166.242 - - [18/Oct/2020:07:51:00 +0800] "GET /xingrg/all/function/internal_message.html?_=1602978654948&CODE_STATE=getMsg HTTP/1.1" 200 27
120.253.135.82 - - [18/Oct/2020:07:51:02 +0800] "GET /xingrg/kc/print/load_data.html?order_code=212020101807281&kc_code=cgsh&condition= HTTP/1.1" 200 740
58.37.8.227 - - [18/Oct/2020:07:51:09 +0800] "GET /xingrg/all/function/internal_message.html?_=1602978272150&CODE_STATE=getMsg HTTP/1.1" 200 27
120.253.135.82 - - [18/Oct/2020:07:51:15 +0800] "GET /xingrg/all/function/internal_message.html?_=1602978420070&CODE_STATE=getMsg HTTP/1.1" 200 27
172.17.0.103 - - [18/Oct/2020:07:51:23 +0800] "GET /xingrg/all/function/internal_message.html?_=1602978677503&CODE_STATE=getMsg HTTP/1.1" 200 27
117.185.32.26 - - [18/Oct/2020:07:51:31 +0800] "GET /xingrg/all/function/internal_message.html?_=1602978682752&CODE_STATE=getMsg HTTP/1.1" 200 27
172.17.0.115 - - [18/Oct/2020:07:51:34 +0800] "GET /xingrg/all/function/internal_message.html?_=1602978691884&CODE_STATE=getMsg HTTP/1.1" 302 -
172.17.0.185 - - [18/Oct/2020:07:51:35 +0800] "GET /xingrg/all/function/internal_message.html?_=1602978690324&CODE_STATE=getMsg HTTP/1.1" 200 27
172.17.0.185 - - [18/Oct/2020:07:51:35 +0800] "GET /xingrg/check_reg.html?_=1602978690328 HTTP/1.1" 200 22
172.17.0.105 - - [18/Oct/2020:07:51:43 +0800] "GET /xingrg/all/function/internal_message.html?_=1602978699826&CODE_STATE=getMsg HTTP/1.1" 200 27
114.84.37.38 - - [18/Oct/2020:07:51:47 +0800] "GET /xingrg/check_reg.html?_=1602978710561 HTTP/1.1" 200 22
114.88.166.242 - - [18/Oct/2020:07:52:00 +0800] "GET /xingrg/all/function/internal_message.html?_=1602978714945&CODE_STATE=getMsg HTTP/1.1" 200 27
58.37.8.227 - - [18/Oct/2020:07:52:09 +0800] "GET /xingrg/all/function/internal_message.html?_=1602978332125&CODE_STATE=getMsg HTTP/1.1" 200 27
120.253.135.82 - - [18/Oct/2020:07:52:11 +0800] "POST /xingrg/kc/buy/cgsh_order_operate.html HTTP/1.1" 200 37
120.253.135.82 - - [18/Oct/2020:07:52:14 +0800] "POST /xingrg/kc/buy/cgsh_order_operate.html HTTP/1.1" 200 12
120.253.135.82 - - [18/Oct/2020:07:52:15 +0800] "GET /xingrg/kc/buy/cgsh_order_info.html?code=212020101807281 HTTP/1.1" 200 54188
120.253.135.82 - - [18/Oct/2020:07:52:16 +0800] "GET /xingrg/javascript/easyui/themes/default/validatebox.css HTTP/1.1" 404 1104
120.253.135.82 - - [18/Oct/2020:07:52:16 +0800] "GET /xingrg/all/function/internal_message.html?_=1602978481252&CODE_STATE=getMsg HTTP/1.1" 200 27
120.253.135.82 - - [18/Oct/2020:07:52:16 +0800] "POST /xingrg/kc/buy/cgsh_order_operate.html HTTP/1.1" 200 669
120.253.135.82 - - [18/Oct/2020:07:52:19 +0800] "POST /xingrg/kc/buy/cgsh_list_operate.html HTTP/1.1" 200 876
120.253.135.82 - - [18/Oct/2020:07:52:22 +0800] "GET /xingrg/kc/pszx/mdqp_order_list.html?state=10 HTTP/1.1" 200 10125
120.253.135.82 - - [18/Oct/2020:07:52:22 +0800] "GET /xingrg/dwr/util.js HTTP/1.1" 304 -
120.253.135.82 - - [18/Oct/2020:07:52:22 +0800] "GET /xingrg/javascript/Calendar.js HTTP/1.1" 304 -
120.253.135.82 - - [18/Oct/2020:07:52:22 +0800] "GET /xingrg/dwr/interface/AjaxReportQueryService.js HTTP/1.1" 200 13203
120.253.135.82 - - [18/Oct/2020:07:52:22 +0800] "GET /xingrg/dwr/interface/AjaxQqpsService.js HTTP/1.1" 200 16326
120.253.135.82 - - [18/Oct/2020:07:52:22 +0800] "GET /xingrg/dwr/engine.js HTTP/1.1" 200 43631
120.253.135.82 - - [18/Oct/2020:07:52:22 +0800] "GET /xingrg/javascript/jquery_easy_ui/themes/icons/uncheck_new.png HTTP/1.1" 304 -
120.253.135.82 - - [18/Oct/2020:07:52:23 +0800] "POST /xingrg/kc/buy/cgsh_list_operate.html HTTP/1.1" 200 876
172.17.0.103 - - [18/Oct/2020:07:52:23 +0800] "GET /xingrg/all/function/internal_message.html?_=1602978737500&CODE_STATE=getMsg HTTP/1.1" 200 27
120.253.135.82 - - [18/Oct/2020:07:52:25 +0800] "GET /xingrg/kc/pszx/mdps_order_list.html?orderType=0 HTTP/1.1" 200 21140
120.253.135.82 - - [18/Oct/2020:07:52:25 +0800] "POST /xingrg/kc/pszx/mdps_list_operate.html HTTP/1.1" 200 5456
120.253.135.82 - - [18/Oct/2020:07:52:30 +0800] "GET /xingrg/kc/pszx/mdth_order_list.html HTTP/1.1" 200 18564
120.253.135.82 - - [18/Oct/2020:07:52:30 +0800] "POST /xingrg/kc/pszx/mdth_order_new_list.html HTTP/1.1" 200 4647
117.185.32.26 - - [18/Oct/2020:07:52:30 +0800] "GET /xingrg/all/function/internal_message.html?_=1602978742724&CODE_STATE=getMsg HTTP/1.1" 200 27
120.253.135.82 - - [18/Oct/2020:07:52:32 +0800] "GET /xingrg/kc/pszx/mdqp_order_list.html?state=10 HTTP/1.1" 200 10125
120.253.135.82 - - [18/Oct/2020:07:52:32 +0800] "GET /xingrg/dwr/interface/AjaxReportQueryService.js HTTP/1.1" 200 13203
120.253.135.82 - - [18/Oct/2020:07:52:32 +0800] "GET /xingrg/dwr/interface/AjaxQqpsService.js HTTP/1.1" 200 16326
120.253.135.82 - - [18/Oct/2020:07:52:32 +0800] "GET /xingrg/dwr/engine.js HTTP/1.1" 200 43631
172.17.0.115 - - [18/Oct/2020:07:52:34 +0800] "GET /xingrg/all/function/internal_message.html?_=1602978751909&CODE_STATE=getMsg HTTP/1.1" 302 -
172.17.0.185 - - [18/Oct/2020:07:52:35 +0800] "GET /xingrg/all/function/internal_message.html?_=1602978750315&CODE_STATE=getMsg HTTP/1.1" 200 27
120.253.135.82 - - [18/Oct/2020:07:52:43 +0800] "GET /xingrg/javascript/jquery_easy_ui/themes/default/images/tabs_active.png HTTP/1.1" 200 2894
172.17.0.105 - - [18/Oct/2020:07:52:43 +0800] "GET /xingrg/all/function/internal_message.html?_=1602978759826&CODE_STATE=getMsg HTTP/1.1" 200 27
117.185.32.26 - - [18/Oct/2020:07:52:44 +0800] "GET /xingrg/check_reg.html?_=1602978756366 HTTP/1.1" 200 22
114.88.166.242 - - [18/Oct/2020:07:53:00 +0800] "GET /xingrg/all/function/internal_message.html?_=1602978774944&CODE_STATE=getMsg HTTP/1.1" 200 27
172.17.0.115 - - [18/Oct/2020:07:53:01 +0800] "GET /xingrg/check_reg.html?_=1602978778169 HTTP/1.1" 302 -
120.253.135.82 - - [18/Oct/2020:07:53:01 +0800] "GET /favicon.ico HTTP/1.1" 404 -
58.37.8.227 - - [18/Oct/2020:07:53:09 +0800] "GET /xingrg/all/function/internal_message.html?_=1602978392099&CODE_STATE=getMsg HTTP/1.1" 200 27
120.253.135.82 - - [18/Oct/2020:07:53:16 +0800] "GET /xingrg/all/function/internal_message.html?_=1602978541326&CODE_STATE=getMsg HTTP/1.1" 200 27
172.17.0.103 - - [18/Oct/2020:07:53:23 +0800] "GET /xingrg/all/function/internal_message.html?_=1602978797529&CODE_STATE=getMsg HTTP/1.1" 200 27
117.185.32.26 - - [18/Oct/2020:07:53:30 +0800] "GET /xingrg/all/function/internal_message.html?_=1602978802701&CODE_STATE=getMsg HTTP/1.1" 200 27
172.17.0.115 - - [18/Oct/2020:07:53:34 +0800] "GET /xingrg/all/function/internal_message.html?_=1602978811912&CODE_STATE=getMsg HTTP/1.1" 302 -
172.17.0.185 - - [18/Oct/2020:07:53:35 +0800] "GET /xingrg/all/function/internal_message.html?_=1602978810319&CODE_STATE=getMsg HTTP/1.1" 200 27
172.17.0.105 - - [18/Oct/2020:07:53:43 +0800] "GET /xingrg/all/function/internal_message.html?_=1602978819849&CODE_STATE=getMsg HTTP/1.1" 200 27
114.88.166.242 - - [18/Oct/2020:07:54:00 +0800] "GET /xingrg/all/function/internal_message.html?_=1602978834941&CODE_STATE=getMsg HTTP/1.1" 200 27
114.88.166.242 - - [18/Oct/2020:07:54:00 +0800] "GET /xingrg/check_reg.html?_=1602978834942 HTTP/1.1" 200 22
58.37.8.227 - - [18/Oct/2020:07:54:09 +0800] "GET /xingrg/all/function/internal_message.html?_=1602978452075&CODE_STATE=getMsg HTTP/1.1" 200 27
120.253.135.82 - - [18/Oct/2020:07:54:14 +0800] "GET /xingrg/check_reg.html?_=1602978599314 HTTP/1.1" 200 22
120.253.135.82 - - [18/Oct/2020:07:54:16 +0800] "GET /xingrg/all/function/internal_message.html?_=1602978601327&CODE_STATE=getMsg HTTP/1.1" 200 27
172.17.0.103 - - [18/Oct/2020:07:54:23 +0800] "GET /xingrg/all/function/internal_message.html?_=1602978857527&CODE_STATE=getMsg HTTP/1.1" 200 27
172.17.0.103 - - [18/Oct/2020:07:54:23 +0800] "GET /xingrg/check_reg.html?_=1602978857532 HTTP/1.1" 200 22
117.185.32.26 - - [18/Oct/2020:07:54:30 +0800] "GET /xingrg/all/function/internal_message.html?_=1602978862682&CODE_STATE=getMsg HTTP/1.1" 200 27
172.17.0.115 - - [18/Oct/2020:07:54:34 +0800] "GET /xingrg/all/function/internal_message.html?_=1602978871937&CODE_STATE=getMsg HTTP/1.1" 302 -
172.17.0.185 - - [18/Oct/2020:07:54:35 +0800] "GET /xingrg/all/function/internal_message.html?_=1602978870324&CODE_STATE=getMsg HTTP/1.1" 200 27
172.17.0.105 - - [18/Oct/2020:07:54:43 +0800] "GET /xingrg/all/function/internal_message.html?_=1602978879849&CODE_STATE=getMsg HTTP/1.1" 200 27
114.88.166.242 - - [18/Oct/2020:07:55:00 +0800] "GET /xingrg/all/function/internal_message.html?_=1602978894940&CODE_STATE=getMsg HTTP/1.1" 200 27
58.37.8.227 - - [18/Oct/2020:07:55:09 +0800] "GET /xingrg/all/function/internal_message.html?_=1602978512051&CODE_STATE=getMsg HTTP/1.1" 200 27
120.253.135.82 - - [18/Oct/2020:07:55:16 +0800] "GET /xingrg/all/function/internal_message.html?_=1602978661341&CODE_STATE=getMsg HTTP/1.1" 200 27
172.17.0.103 - - [18/Oct/2020:07:55:23 +0800] "GET /xingrg/all/function/internal_message.html?_=1602978917530&CODE_STATE=getMsg HTTP/1.1" 200 27
117.185.32.26 - - [18/Oct/2020:07:55:30 +0800] "GET /xingrg/all/function/internal_message.html?_=1602978922659&CODE_STATE=getMsg HTTP/1.1" 200 27
172.17.0.115 - - [18/Oct/2020:07:55:34 +0800] "GET /xingrg/all/function/internal_message.html?_=1602978931939&CODE_STATE=getMsg HTTP/1.1" 302 -
172.17.0.185 - - [18/Oct/2020:07:55:35 +0800] "GET /xingrg/all/function/internal_message.html?_=1602978930326&CODE_STATE=getMsg HTTP/1.1" 200 27
58.37.8.227 - - [18/Oct/2020:07:55:39 +0800] "GET /xingrg/check_reg.html?_=1602978542456 HTTP/1.1" 200 22
