114.88.166.242 - - [18/Oct/2020:10:06:00 +0800] "GET /xingrg/all/function/internal_message.html?_=1602986755020&CODE_STATE=getMsg HTTP/1.1" 200 27
58.37.8.227 - - [18/Oct/2020:10:06:06 +0800] "GET /xingrg/all/function/internal_message.html?_=1602986369197&CODE_STATE=getMsg HTTP/1.1" 200 27
114.84.37.38 - - [18/Oct/2020:10:06:06 +0800] "GET /xingrg/all/function/internal_message.html?_=1602986784675&CODE_STATE=getMsg HTTP/1.1" 200 27
180.161.96.95 - - [18/Oct/2020:10:06:11 +0800] "GET /xingrg/all/function/internal_message.html?_=1602986987022&CODE_STATE=getMsg HTTP/1.1" 200 27
180.162.245.190 - - [18/Oct/2020:10:06:13 +0800] "GET /xingrg/all/function/internal_message.html?_=1602986769028&CODE_STATE=getMsg HTTP/1.1" 200 27
180.174.56.115 - - [18/Oct/2020:10:06:16 +0800] "GET /xingrg/all/function/internal_message.html?_=1602986771297&CODE_STATE=getMsg HTTP/1.1" 200 27
222.69.142.206 - - [18/Oct/2020:10:06:18 +0800] "GET /xingrg/all/function/internal_message.html?_=1602986768588&CODE_STATE=getMsg HTTP/1.1" 200 27
120.253.135.82 - - [18/Oct/2020:10:06:21 +0800] "GET /xingrg/all/function/internal_message.html?_=1602986525887&CODE_STATE=getMsg HTTP/1.1" 200 27
180.174.56.115 - - [18/Oct/2020:10:06:28 +0800] "GET /xingrg/kc/buy/cgsh_order_operate.html?command=get_materiel&rest_code=00151&code=00101009019&supplier_code=00100096&order_time=2020-10-18 HTTP/1.1" 200 433
58.37.8.227 - - [18/Oct/2020:10:06:29 +0800] "GET /xingrg/kc/base/wldb_order_info.html?code=422020101802097 HTTP/1.1" 200 26374
58.37.8.227 - - [18/Oct/2020:10:06:29 +0800] "GET /xingrg/all/function/internal_message.html?_=1602986785549&CODE_STATE=getMsg HTTP/1.1" 200 27
58.37.8.227 - - [18/Oct/2020:10:06:29 +0800] "GET /xingrg/javascript/easyui/themes/default/validatebox.css HTTP/1.1" 404 1104
58.37.8.227 - - [18/Oct/2020:10:06:29 +0800] "POST /xingrg/kc/base/wldb_order_operate.html HTTP/1.1" 200 1413
58.37.8.227 - - [18/Oct/2020:10:06:30 +0800] "GET /xingrg/kc/buy/buy_main.html HTTP/1.1" 200 12412
58.37.8.227 - - [18/Oct/2020:10:06:30 +0800] "GET /xingrg/css/new_ie.css HTTP/1.1" 404 1036
58.37.8.227 - - [18/Oct/2020:10:06:31 +0800] "GET /xingrg/images/yd/bt.gif HTTP/1.1" 404 1040
58.37.8.227 - - [18/Oct/2020:10:06:31 +0800] "GET /xingrg/kc/buy/cgsh_order_list.html HTTP/1.1" 200 44268
58.37.8.227 - - [18/Oct/2020:10:06:32 +0800] "POST /xingrg/kc/buy/cgsh_list_operate.html HTTP/1.1" 200 876
58.37.8.227 - - [18/Oct/2020:10:06:33 +0800] "GET /xingrg/kc/buy/cgsh_order_add.html HTTP/1.1" 200 60006
58.37.8.227 - - [18/Oct/2020:10:06:33 +0800] "GET /xingrg/javascript/easyui/themes/icons/copy_new.png HTTP/1.1" 200 815
58.37.8.227 - - [18/Oct/2020:10:06:33 +0800] "POST /xingrg/kc/buy/cgsh_order_operate.html HTTP/1.1" 200 8245
58.37.8.227 - - [18/Oct/2020:10:06:33 +0800] "GET /xingrg/all/common/auto_word.html?type=employee&rest_code=00141 HTTP/1.1" 200 201
58.37.8.227 - - [18/Oct/2020:10:06:33 +0800] "GET /xingrg/javascript/easyui/themes/default/validatebox.css HTTP/1.1" 404 1104
58.37.8.227 - - [18/Oct/2020:10:06:33 +0800] "GET /xingrg/all/common/auto_word.html?type=employee&rest_code=00141 HTTP/1.1" 200 201
117.185.32.26 - - [18/Oct/2020:10:06:35 +0800] "GET /xingrg/all/function/internal_message.html?_=1602986786725&CODE_STATE=getMsg HTTP/1.1" 200 27
172.17.0.185 - - [18/Oct/2020:10:06:35 +0800] "GET /xingrg/all/function/internal_message.html?_=1602986790319&CODE_STATE=getMsg HTTP/1.1" 200 27
172.17.0.185 - - [18/Oct/2020:10:06:35 +0800] "GET /xingrg/check_reg.html?_=1602986790323 HTTP/1.1" 200 22
172.17.0.115 - - [18/Oct/2020:10:06:36 +0800] "GET /xingrg/all/function/internal_message.html?_=1602986793903&CODE_STATE=getMsg HTTP/1.1" 302 -
114.88.166.242 - - [18/Oct/2020:10:06:36 +0800] "GET /xingrg/check_reg.html?_=1602986881675 HTTP/1.1" 200 22
114.88.166.242 - - [18/Oct/2020:10:06:36 +0800] "GET /xingrg/all/function/internal_message.html?_=1602986881676&CODE_STATE=getMsg HTTP/1.1" 200 27
180.174.56.115 - - [18/Oct/2020:10:06:39 +0800] "GET /xingrg/kc/buy/cgsh_order_operate.html?command=get_materiel&rest_code=00151&code=00101009053&supplier_code=00100096&order_time=2020-10-18 HTTP/1.1" 200 410
114.88.166.242 - - [18/Oct/2020:10:06:43 +0800] "POST /xingrg/services/DataTransmitService HTTP/1.1" 200 524
114.88.166.242 - - [18/Oct/2020:10:06:43 +0800] "POST /xingrg/services/DataTransmitService HTTP/1.1" 200 497
172.17.0.105 - - [18/Oct/2020:10:06:44 +0800] "GET /xingrg/all/function/internal_message.html?_=1602986801453&CODE_STATE=getMsg HTTP/1.1" 200 27
58.37.8.227 - - [18/Oct/2020:10:06:45 +0800] "GET /xingrg/kc/buy/cgsh_order_operate.html?command=get_materiel&rest_code=00141&code=00101009050&supplier_code=00100022&order_time=2020-10-18 HTTP/1.1" 200 431
114.84.37.38 - - [18/Oct/2020:10:06:47 +0800] "GET /xingrg/check_reg.html?_=1602986810803 HTTP/1.1" 200 22
124.77.70.31 - - [18/Oct/2020:10:06:48 +0800] "GET /xingrg/all/function/internal_message.html?_=1602986804359&CODE_STATE=getMsg HTTP/1.1" 200 27
172.17.0.103 - - [18/Oct/2020:10:06:51 +0800] "GET /xingrg/all/function/internal_message.html?_=1602986805276&CODE_STATE=getMsg HTTP/1.1" 200 27
180.174.56.115 - - [18/Oct/2020:10:06:53 +0800] "GET /xingrg/kc/buy/cgsh_order_operate.html?command=get_materiel&rest_code=00151&code=00101009051&supplier_code=00100096&order_time=2020-10-18 HTTP/1.1" 200 408
58.37.8.227 - - [18/Oct/2020:10:06:53 +0800] "GET /xingrg/check_reg.html?_=1602986809459 HTTP/1.1" 200 22
58.37.8.227 - - [18/Oct/2020:10:06:55 +0800] "GET /xingrg/kc/buy/cgsh_order_operate.html?command=get_materiel&rest_code=00141&code=00101009039&supplier_code=00100022&order_time=2020-10-18 HTTP/1.1" 200 430
116.232.55.210 - - [18/Oct/2020:10:06:58 +0800] "GET /xingrg/all/function/internal_message.html?_=1602986814171&CODE_STATE=getMsg HTTP/1.1" 200 27
116.232.55.210 - - [18/Oct/2020:10:06:58 +0800] "GET /xingrg/check_reg.html?_=1602986814174 HTTP/1.1" 200 22
114.88.166.242 - - [18/Oct/2020:10:07:00 +0800] "GET /xingrg/all/function/internal_message.html?_=1602986815021&CODE_STATE=getMsg HTTP/1.1" 200 27
180.174.56.115 - - [18/Oct/2020:10:07:02 +0800] "GET /xingrg/kc/buy/cgsh_order_operate.html?command=get_materiel&rest_code=00151&code=00101009031&supplier_code=00100096&order_time=2020-10-18 HTTP/1.1" 200 410
58.37.8.227 - - [18/Oct/2020:10:07:06 +0800] "GET /xingrg/all/function/internal_message.html?_=1602986429167&CODE_STATE=getMsg HTTP/1.1" 200 27
114.84.37.38 - - [18/Oct/2020:10:07:06 +0800] "GET /xingrg/all/function/internal_message.html?_=1602986844690&CODE_STATE=getMsg HTTP/1.1" 200 27
58.37.8.227 - - [18/Oct/2020:10:07:10 +0800] "POST /xingrg/kc/buy/cgsh_order_operate.html HTTP/1.1" 200 37
180.161.96.95 - - [18/Oct/2020:10:07:11 +0800] "GET /xingrg/all/function/internal_message.html?_=1602987047037&CODE_STATE=getMsg HTTP/1.1" 200 27
58.37.8.227 - - [18/Oct/2020:10:07:12 +0800] "POST /xingrg/kc/buy/cgsh_order_operate.html HTTP/1.1" 200 12
58.37.8.227 - - [18/Oct/2020:10:07:12 +0800] "GET /xingrg/kc/buy/cgsh_order_info.html?code=212020101807319 HTTP/1.1" 200 54907
180.174.56.115 - - [18/Oct/2020:10:07:13 +0800] "GET /xingrg/kc/buy/cgsh_order_operate.html?command=get_materiel&rest_code=00151&code=00101009062&supplier_code=00100096&order_time=2020-10-18 HTTP/1.1" 200 435
180.162.245.190 - - [18/Oct/2020:10:07:13 +0800] "GET /xingrg/all/function/internal_message.html?_=1602986829000&CODE_STATE=getMsg HTTP/1.1" 200 27
58.37.8.227 - - [18/Oct/2020:10:07:13 +0800] "GET /xingrg/javascript/easyui/themes/default/validatebox.css HTTP/1.1" 404 1104
58.37.8.227 - - [18/Oct/2020:10:07:13 +0800] "POST /xingrg/kc/buy/cgsh_order_operate.html HTTP/1.1" 200 1191
58.37.8.227 - - [18/Oct/2020:10:07:14 +0800] "GET /xingrg/kc/print/load_config.html?kc_code=cgsh HTTP/1.1" 200 1845
58.37.8.227 - - [18/Oct/2020:10:07:14 +0800] "GET /xingrg/kc/print/load_data.html?order_code=212020101807319&kc_code=cgsh&condition= HTTP/1.1" 200 961
180.174.56.115 - - [18/Oct/2020:10:07:16 +0800] "GET /xingrg/all/function/internal_message.html?_=1602986831298&CODE_STATE=getMsg HTTP/1.1" 200 27
222.69.142.206 - - [18/Oct/2020:10:07:18 +0800] "GET /xingrg/all/function/internal_message.html?_=1602986828571&CODE_STATE=getMsg HTTP/1.1" 200 27
120.253.135.82 - - [18/Oct/2020:10:07:21 +0800] "GET /xingrg/all/function/internal_message.html?_=1602986585895&CODE_STATE=getMsg HTTP/1.1" 200 27
180.174.56.115 - - [18/Oct/2020:10:07:25 +0800] "GET /xingrg/kc/buy/cgsh_order_operate.html?command=get_materiel&rest_code=00151&code=00101009039&supplier_code=00100096&order_time=2020-10-18 HTTP/1.1" 200 428
58.37.8.227 - - [18/Oct/2020:10:07:29 +0800] "GET /xingrg/all/function/internal_message.html?_=1602986845534&CODE_STATE=getMsg HTTP/1.1" 200 27
117.185.32.26 - - [18/Oct/2020:10:07:35 +0800] "GET /xingrg/all/function/internal_message.html?_=1602986846698&CODE_STATE=getMsg HTTP/1.1" 200 27
172.17.0.185 - - [18/Oct/2020:10:07:35 +0800] "GET /xingrg/all/function/internal_message.html?_=1602986850325&CODE_STATE=getMsg HTTP/1.1" 200 27
172.17.0.115 - - [18/Oct/2020:10:07:36 +0800] "GET /xingrg/all/function/internal_message.html?_=1602986853904&CODE_STATE=getMsg HTTP/1.1" 302 -
114.88.166.242 - - [18/Oct/2020:10:07:36 +0800] "GET /xingrg/all/function/internal_message.html?_=1602986941676&CODE_STATE=getMsg HTTP/1.1" 200 27
180.174.56.115 - - [18/Oct/2020:10:07:37 +0800] "GET /xingrg/kc/buy/cgsh_order_operate.html?command=get_materiel&rest_code=00151&code=00101009088&supplier_code=00100096&order_time=2020-10-18 HTTP/1.1" 200 412
172.17.0.105 - - [18/Oct/2020:10:07:43 +0800] "GET /xingrg/all/function/internal_message.html?_=1602986860237&CODE_STATE=getMsg HTTP/1.1" 200 27
117.185.32.26 - - [18/Oct/2020:10:07:44 +0800] "GET /xingrg/check_reg.html?_=1602986855826 HTTP/1.1" 200 22
58.37.8.227 - - [18/Oct/2020:10:07:46 +0800] "GET /xingrg/kc/buy/cgsh_order_add.html HTTP/1.1" 200 60006
58.37.8.227 - - [18/Oct/2020:10:07:47 +0800] "POST /xingrg/kc/buy/cgsh_order_operate.html HTTP/1.1" 200 8245
58.37.8.227 - - [18/Oct/2020:10:07:47 +0800] "GET /xingrg/javascript/easyui/themes/default/validatebox.css HTTP/1.1" 404 1104
124.77.70.31 - - [18/Oct/2020:10:07:48 +0800] "GET /xingrg/check_reg.html?_=1602986864336 HTTP/1.1" 200 22
124.77.70.31 - - [18/Oct/2020:10:07:48 +0800] "GET /xingrg/all/function/internal_message.html?_=1602986864441&CODE_STATE=getMsg HTTP/1.1" 200 27
114.84.37.38 - - [18/Oct/2020:10:07:51 +0800] "POST /xingrg/services/DataTransmitService HTTP/1.1" 200 524
172.17.0.103 - - [18/Oct/2020:10:07:51 +0800] "GET /xingrg/all/function/internal_message.html?_=1602986865258&CODE_STATE=getMsg HTTP/1.1" 200 27
114.84.37.38 - - [18/Oct/2020:10:07:54 +0800] "POST /xingrg/services/DataTransmitService HTTP/1.1" 200 501
58.37.8.227 - - [18/Oct/2020:10:07:54 +0800] "GET /xingrg/kc/buy/cgsh_order_operate.html?command=get_materiel&rest_code=00141&code=00101010136&supplier_code=00100036&order_time=2020-10-18 HTTP/1.1" 200 408
116.232.55.210 - - [18/Oct/2020:10:07:58 +0800] "GET /xingrg/all/function/internal_message.html?_=1602986874171&CODE_STATE=getMsg HTTP/1.1" 200 27
114.88.166.242 - - [18/Oct/2020:10:08:00 +0800] "GET /xingrg/all/function/internal_message.html?_=1602986875023&CODE_STATE=getMsg HTTP/1.1" 200 27
172.17.0.115 - - [18/Oct/2020:10:08:01 +0800] "GET /xingrg/check_reg.html?_=1602986878360 HTTP/1.1" 302 -
180.174.56.115 - - [18/Oct/2020:10:08:01 +0800] "GET /xingrg/kc/buy/cgsh_order_operate.html?command=get_materiel&rest_code=00151&code=00101009006&supplier_code=00100096&order_time=2020-10-18 HTTP/1.1" 200 409
58.37.8.227 - - [18/Oct/2020:10:08:02 +0800] "GET /xingrg/kc/buy/cgsh_order_operate.html?command=get_materiel&rest_code=00141&code=00101011005&supplier_code=00100036&order_time=2020-10-18 HTTP/1.1" 200 428
58.37.8.227 - - [18/Oct/2020:10:08:06 +0800] "GET /xingrg/all/function/internal_message.html?_=1602986489139&CODE_STATE=getMsg HTTP/1.1" 200 27
114.84.37.38 - - [18/Oct/2020:10:08:06 +0800] "GET /xingrg/all/function/internal_message.html?_=1602986904702&CODE_STATE=getMsg HTTP/1.1" 200 27
58.37.8.227 - - [18/Oct/2020:10:08:10 +0800] "GET /xingrg/kc/buy/cgsh_order_operate.html?command=get_materiel&rest_code=00141&code=00101012019&supplier_code=00100036&order_time=2020-10-18 HTTP/1.1" 200 412
180.161.96.95 - - [18/Oct/2020:10:08:11 +0800] "GET /xingrg/all/function/internal_message.html?_=1602987107053&CODE_STATE=getMsg HTTP/1.1" 200 27
180.162.245.190 - - [18/Oct/2020:10:08:13 +0800] "GET /xingrg/all/function/internal_message.html?_=1602986888976&CODE_STATE=getMsg HTTP/1.1" 200 27
180.174.56.115 - - [18/Oct/2020:10:08:13 +0800] "GET /xingrg/kc/buy/cgsh_order_operate.html?command=get_materiel&rest_code=00151&code=00101009012&supplier_code=00100096&order_time=2020-10-18 HTTP/1.1" 200 410
180.174.56.115 - - [18/Oct/2020:10:08:16 +0800] "GET /xingrg/all/function/internal_message.html?_=1602986891308&CODE_STATE=getMsg HTTP/1.1" 200 27
180.174.56.115 - - [18/Oct/2020:10:08:16 +0800] "GET /xingrg/check_reg.html?_=1602986891311 HTTP/1.1" 200 22
58.37.8.227 - - [18/Oct/2020:10:08:17 +0800] "GET /xingrg/kc/buy/cgsh_order_operate.html?command=get_materiel&rest_code=00141&code=00101016025&supplier_code=00100036&order_time=2020-10-18 HTTP/1.1" 200 408
222.69.142.206 - - [18/Oct/2020:10:08:18 +0800] "GET /xingrg/all/function/internal_message.html?_=1602986888559&CODE_STATE=getMsg HTTP/1.1" 200 27
222.69.136.245 - - [18/Oct/2020:10:08:18 +0800] "GET /xingrg/check_reg.html?_=1602986894870 HTTP/1.1" 200 22
120.253.135.82 - - [18/Oct/2020:10:08:21 +0800] "GET /xingrg/all/function/internal_message.html?_=1602986645989&CODE_STATE=getMsg HTTP/1.1" 200 27
180.174.56.115 - - [18/Oct/2020:10:08:22 +0800] "GET /xingrg/kc/buy/cgsh_order_operate.html?command=get_materiel&rest_code=00151&code=00101009023&supplier_code=00100096&order_time=2020-10-18 HTTP/1.1" 200 410
58.37.8.227 - - [18/Oct/2020:10:08:29 +0800] "GET /xingrg/all/function/internal_message.html?_=1602986905505&CODE_STATE=getMsg HTTP/1.1" 200 27
58.37.8.227 - - [18/Oct/2020:10:08:30 +0800] "GET /xingrg/kc/buy/cgsh_order_operate.html?command=get_materiel&rest_code=00141&code=00101013014&supplier_code=00100036&order_time=2020-10-18 HTTP/1.1" 200 432
117.185.32.26 - - [18/Oct/2020:10:08:35 +0800] "GET /xingrg/all/function/internal_message.html?_=1602986906675&CODE_STATE=getMsg HTTP/1.1" 200 27
172.17.0.185 - - [18/Oct/2020:10:08:35 +0800] "GET /xingrg/all/function/internal_message.html?_=1602986910318&CODE_STATE=getMsg HTTP/1.1" 200 27
172.17.0.115 - - [18/Oct/2020:10:08:36 +0800] "GET /xingrg/all/function/internal_message.html?_=1602986913928&CODE_STATE=getMsg HTTP/1.1" 302 -
114.88.166.242 - - [18/Oct/2020:10:08:36 +0800] "GET /xingrg/all/function/internal_message.html?_=1602987001681&CODE_STATE=getMsg HTTP/1.1" 200 27
58.37.8.227 - - [18/Oct/2020:10:08:40 +0800] "GET /xingrg/kc/buy/cgsh_order_operate.html?command=get_materiel&rest_code=00141&code=00101016053&supplier_code=00100036&order_time=2020-10-18 HTTP/1.1" 200 408
172.17.0.105 - - [18/Oct/2020:10:08:43 +0800] "GET /xingrg/all/function/internal_message.html?_=1602986920242&CODE_STATE=getMsg HTTP/1.1" 200 27
124.77.70.31 - - [18/Oct/2020:10:08:48 +0800] "GET /xingrg/all/function/internal_message.html?_=1602986924439&CODE_STATE=getMsg HTTP/1.1" 200 27
172.17.0.103 - - [18/Oct/2020:10:08:51 +0800] "GET /xingrg/all/function/internal_message.html?_=1602986925231&CODE_STATE=getMsg HTTP/1.1" 200 27
58.37.8.227 - - [18/Oct/2020:10:08:52 +0800] "GET /xingrg/kc/buy/cgsh_order_operate.html?command=get_materiel&rest_code=00141&code=00101007109&supplier_code=00100036&order_time=2020-10-18 HTTP/1.1" 200 428
116.232.55.210 - - [18/Oct/2020:10:08:58 +0800] "GET /xingrg/all/function/internal_message.html?_=1602986934170&CODE_STATE=getMsg HTTP/1.1" 200 27
58.37.8.227 - - [18/Oct/2020:10:08:59 +0800] "GET /xingrg/kc/buy/cgsh_order_operate.html?command=get_materiel&rest_code=00141&code=00102010252&supplier_code=00100036&order_time=2020-10-18 HTTP/1.1" 200 412
114.88.166.242 - - [18/Oct/2020:10:09:00 +0800] "GET /xingrg/all/function/internal_message.html?_=1602986935025&CODE_STATE=getMsg HTTP/1.1" 200 27
114.88.166.242 - - [18/Oct/2020:10:09:00 +0800] "GET /xingrg/check_reg.html?_=1602986935022 HTTP/1.1" 200 22
58.37.8.227 - - [18/Oct/2020:10:09:04 +0800] "GET /xingrg/kc/buy/cgsh_order_operate.html?command=get_materiel&rest_code=00141&code=00101020089&supplier_code=00100036&order_time=2020-10-18 HTTP/1.1" 200 412
114.84.37.38 - - [18/Oct/2020:10:09:05 +0800] "GET /xingrg/check_reg.html?_=1602986963656 HTTP/1.1" 200 22
58.37.8.227 - - [18/Oct/2020:10:09:06 +0800] "GET /xingrg/all/function/internal_message.html?_=1602986549142&CODE_STATE=getMsg HTTP/1.1" 200 27
114.84.37.38 - - [18/Oct/2020:10:09:07 +0800] "GET /xingrg/all/function/internal_message.html?_=1602986964716&CODE_STATE=getMsg HTTP/1.1" 200 27
180.174.56.115 - - [18/Oct/2020:10:09:07 +0800] "POST /xingrg/kc/buy/cgsh_order_operate.html HTTP/1.1" 200 37
180.161.96.95 - - [18/Oct/2020:10:09:11 +0800] "GET /xingrg/all/function/internal_message.html?_=1602987167064&CODE_STATE=getMsg HTTP/1.1" 200 27
58.37.8.227 - - [18/Oct/2020:10:09:12 +0800] "GET /xingrg/kc/buy/cgsh_order_operate.html?command=get_materiel&rest_code=00141&code=00101020078&supplier_code=00100036&order_time=2020-10-18 HTTP/1.1" 200 431
180.162.245.190 - - [18/Oct/2020:10:09:13 +0800] "GET /xingrg/all/function/internal_message.html?_=1602986948958&CODE_STATE=getMsg HTTP/1.1" 200 27
180.174.56.115 - - [18/Oct/2020:10:09:13 +0800] "POST /xingrg/kc/buy/cgsh_order_operate.html HTTP/1.1" 200 12
120.253.135.82 - - [18/Oct/2020:10:09:15 +0800] "GET /xingrg/check_reg.html?_=1602986700260 HTTP/1.1" 200 22
180.174.56.115 - - [18/Oct/2020:10:09:18 +0800] "GET /xingrg/kc/buy/cgsh_order_info.html?code=212020101807320 HTTP/1.1" 200 54535
180.174.56.115 - - [18/Oct/2020:10:09:18 +0800] "GET /xingrg/javascript/easyui/themes/default/validatebox.css HTTP/1.1" 404 1104
222.69.142.206 - - [18/Oct/2020:10:09:18 +0800] "GET /xingrg/all/function/internal_message.html?_=1602986948545&CODE_STATE=getMsg HTTP/1.1" 200 27
58.37.8.227 - - [18/Oct/2020:10:09:19 +0800] "POST /xingrg/kc/buy/cgsh_order_operate.html HTTP/1.1" 200 37
180.174.56.115 - - [18/Oct/2020:10:09:19 +0800] "POST /xingrg/kc/buy/cgsh_order_operate.html HTTP/1.1" 200 7796
120.253.135.82 - - [18/Oct/2020:10:09:21 +0800] "GET /xingrg/all/function/internal_message.html?_=1602986706000&CODE_STATE=getMsg HTTP/1.1" 200 27
58.37.8.227 - - [18/Oct/2020:10:09:21 +0800] "POST /xingrg/kc/buy/cgsh_order_operate.html HTTP/1.1" 200 12
58.37.8.227 - - [18/Oct/2020:10:09:22 +0800] "GET /xingrg/kc/buy/cgsh_order_info.html?code=212020101807321 HTTP/1.1" 200 54911
58.37.8.227 - - [18/Oct/2020:10:09:22 +0800] "GET /xingrg/javascript/easyui/themes/default/validatebox.css HTTP/1.1" 404 1104
180.174.56.115 - - [18/Oct/2020:10:09:22 +0800] "GET /xingrg/kc/print/load_data.html?order_code=212020101807320&kc_code=cgsh&condition= HTTP/1.1" 200 3457
58.37.8.227 - - [18/Oct/2020:10:09:23 +0800] "POST /xingrg/kc/buy/cgsh_order_operate.html HTTP/1.1" 200 5335
58.37.8.227 - - [18/Oct/2020:10:09:23 +0800] "GET /xingrg/kc/print/load_data.html?order_code=212020101807321&kc_code=cgsh&condition= HTTP/1.1" 200 2583
58.37.8.227 - - [18/Oct/2020:10:09:29 +0800] "GET /xingrg/all/function/internal_message.html?_=1602986965484&CODE_STATE=getMsg HTTP/1.1" 200 27
172.17.0.103 - - [18/Oct/2020:10:09:30 +0800] "GET /xingrg/check_reg.html?_=1602986964465 HTTP/1.1" 200 22
58.37.8.227 - - [18/Oct/2020:10:09:31 +0800] "GET /xingrg/kc/buy/cgsh_order_add.html HTTP/1.1" 200 60006
58.37.8.227 - - [18/Oct/2020:10:09:31 +0800] "POST /xingrg/kc/buy/cgsh_order_operate.html HTTP/1.1" 200 8245
58.37.8.227 - - [18/Oct/2020:10:09:31 +0800] "GET /xingrg/javascript/easyui/themes/default/validatebox.css HTTP/1.1" 404 1104
180.162.245.190 - - [18/Oct/2020:10:09:34 +0800] "GET /xingrg/javascript/auto/indicator.gif HTTP/1.1" 404 1066
117.185.32.26 - - [18/Oct/2020:10:09:35 +0800] "GET /xingrg/all/function/internal_message.html?_=1602986966658&CODE_STATE=getMsg HTTP/1.1" 200 27
172.17.0.185 - - [18/Oct/2020:10:09:35 +0800] "GET /xingrg/all/function/internal_message.html?_=1602986970324&CODE_STATE=getMsg HTTP/1.1" 200 27
172.17.0.115 - - [18/Oct/2020:10:09:36 +0800] "GET /xingrg/all/function/internal_message.html?_=1602986973931&CODE_STATE=getMsg HTTP/1.1" 302 -
114.88.166.242 - - [18/Oct/2020:10:09:36 +0800] "GET /xingrg/all/function/internal_message.html?_=1602987061681&CODE_STATE=getMsg HTTP/1.1" 200 27
58.37.8.227 - - [18/Oct/2020:10:09:38 +0800] "GET /xingrg/kc/buy/cgsh_order_operate.html?command=get_materiel&rest_code=00141&code=00101006109&supplier_code=00100012&order_time=2020-10-18 HTTP/1.1" 200 409
180.162.245.190 - - [18/Oct/2020:10:09:42 +0800] "GET /xingrg/kc/buy/cgsh_order_operate.html?command=get_materiel&rest_code=00105&code=00101018011&supplier_code=00100330&order_time=2020-10-18 HTTP/1.1" 200 434
172.17.0.105 - - [18/Oct/2020:10:09:43 +0800] "GET /xingrg/all/function/internal_message.html?_=1602986980242&CODE_STATE=getMsg HTTP/1.1" 200 27
180.174.56.115 - - [18/Oct/2020:10:09:44 +0800] "GET /xingrg/kc/buy/cgsh_order_add.html HTTP/1.1" 200 59642
180.174.56.115 - - [18/Oct/2020:10:09:44 +0800] "POST /xingrg/kc/buy/cgsh_order_operate.html HTTP/1.1" 200 8245
180.174.56.115 - - [18/Oct/2020:10:09:44 +0800] "GET /xingrg/javascript/easyui/themes/default/validatebox.css HTTP/1.1" 404 1104
124.77.70.31 - - [18/Oct/2020:10:09:48 +0800] "GET /xingrg/all/function/internal_message.html?_=1602986984403&CODE_STATE=getMsg HTTP/1.1" 200 27
172.17.0.103 - - [18/Oct/2020:10:09:51 +0800] "GET /xingrg/all/function/internal_message.html?_=1602986985234&CODE_STATE=getMsg HTTP/1.1" 200 27
58.37.8.227 - - [18/Oct/2020:10:09:54 +0800] "GET /xingrg/kc/buy/cgsh_order_operate.html?command=get_materiel&rest_code=00141&code=00101006055&supplier_code=00100012&order_time=2020-10-18 HTTP/1.1" 200 409
180.162.245.190 - - [18/Oct/2020:10:09:56 +0800] "GET /xingrg/kc/buy/cgsh_order_operate.html?command=get_materiel&rest_code=00105&code=00101006199&supplier_code=00100330&order_time=2020-10-18 HTTP/1.1" 200 414
116.232.55.210 - - [18/Oct/2020:10:09:58 +0800] "GET /xingrg/all/function/internal_message.html?_=1602986994169&CODE_STATE=getMsg HTTP/1.1" 200 27
180.174.56.115 - - [18/Oct/2020:10:09:58 +0800] "GET /xingrg/kc/buy/cgsh_order_operate.html?command=get_materiel&rest_code=00151&code=00101010055&supplier_code=00100097&order_time=2020-10-18 HTTP/1.1" 200 417
114.88.166.242 - - [18/Oct/2020:10:10:00 +0800] "GET /xingrg/all/function/internal_message.html?_=1602986995009&CODE_STATE=getMsg HTTP/1.1" 200 27
180.162.245.190 - - [18/Oct/2020:10:10:03 +0800] "POST /xingrg/kc/buy/cgsh_order_operate.html HTTP/1.1" 200 37
180.162.245.190 - - [18/Oct/2020:10:10:04 +0800] "POST /xingrg/kc/buy/cgsh_order_operate.html HTTP/1.1" 200 3250
180.162.245.190 - - [18/Oct/2020:10:10:05 +0800] "GET /xingrg/kc/print/load_data.html?order_code=212020101807322&kc_code=cgsh&condition= HTTP/1.1" 200 903
58.37.8.227 - - [18/Oct/2020:10:10:06 +0800] "GET /xingrg/all/function/internal_message.html?_=1602986609118&CODE_STATE=getMsg HTTP/1.1" 200 27
114.84.37.38 - - [18/Oct/2020:10:10:07 +0800] "GET /xingrg/all/function/internal_message.html?_=1602987024730&CODE_STATE=getMsg HTTP/1.1" 200 27
180.162.245.190 - - [18/Oct/2020:10:10:08 +0800] "GET /xingrg/kc/buy/cgsh_order_add.html HTTP/1.1" 200 60047
180.162.245.190 - - [18/Oct/2020:10:10:08 +0800] "POST /xingrg/kc/buy/cgsh_order_operate.html HTTP/1.1" 200 8245
180.162.245.190 - - [18/Oct/2020:10:10:08 +0800] "GET /xingrg/javascript/easyui/themes/default/validatebox.css HTTP/1.1" 404 1104
58.37.8.227 - - [18/Oct/2020:10:10:09 +0800] "GET /xingrg/kc/buy/cgsh_order_operate.html?command=get_materiel&rest_code=00141&code=00101006130&supplier_code=00100012&order_time=2020-10-18 HTTP/1.1" 200 427
180.162.245.190 - - [18/Oct/2020:10:10:09 +0800] "GET /xingrg/javascript/auto/indicator.gif HTTP/1.1" 404 1066
180.174.56.115 - - [18/Oct/2020:10:10:11 +0800] "POST /xingrg/kc/buy/cgsh_order_operate.html HTTP/1.1" 200 37
180.161.96.95 - - [18/Oct/2020:10:10:11 +0800] "GET /xingrg/check_reg.html?_=1602987226770 HTTP/1.1" 200 22
180.161.96.95 - - [18/Oct/2020:10:10:11 +0800] "GET /xingrg/all/function/internal_message.html?_=1602987227077&CODE_STATE=getMsg HTTP/1.1" 200 27
180.174.56.115 - - [18/Oct/2020:10:10:12 +0800] "POST /xingrg/kc/buy/cgsh_order_operate.html HTTP/1.1" 200 12
180.162.245.190 - - [18/Oct/2020:10:10:13 +0800] "GET /xingrg/all/function/internal_message.html?_=1602987008947&CODE_STATE=getMsg HTTP/1.1" 200 27
180.162.245.190 - - [18/Oct/2020:10:10:13 +0800] "GET /xingrg/check_reg.html?_=1602987008992 HTTP/1.1" 200 22
180.174.56.115 - - [18/Oct/2020:10:10:13 +0800] "GET /xingrg/kc/buy/cgsh_order_info.html?code=212020101807323 HTTP/1.1" 200 54537
180.174.56.115 - - [18/Oct/2020:10:10:13 +0800] "GET /xingrg/javascript/easyui/themes/default/validatebox.css HTTP/1.1" 404 1104
180.174.56.115 - - [18/Oct/2020:10:10:14 +0800] "POST /xingrg/kc/buy/cgsh_order_operate.html HTTP/1.1" 200 622
180.174.56.115 - - [18/Oct/2020:10:10:15 +0800] "GET /xingrg/kc/print/load_data.html?order_code=212020101807323&kc_code=cgsh&condition= HTTP/1.1" 200 706
180.162.245.190 - - [18/Oct/2020:10:10:16 +0800] "GET /xingrg/kc/buy/cgsh_order_operate.html?command=get_materiel&rest_code=00105&code=00101001141&supplier_code=00100327&order_time=2020-10-18 HTTP/1.1" 200 413
180.174.56.115 - - [18/Oct/2020:10:10:16 +0800] "GET /xingrg/all/function/internal_message.html?_=1602987011369&CODE_STATE=getMsg HTTP/1.1" 200 27
222.69.142.206 - - [18/Oct/2020:10:10:18 +0800] "GET /xingrg/all/function/internal_message.html?_=1602987008517&CODE_STATE=getMsg HTTP/1.1" 200 27
222.69.142.206 - - [18/Oct/2020:10:10:19 +0800] "GET /xingrg/check_reg.html?_=1602987009613 HTTP/1.1" 200 22
180.174.56.115 - - [18/Oct/2020:10:10:21 +0800] "GET /xingrg/kc/buy/cgsh_order_add.html HTTP/1.1" 200 59642
120.253.135.82 - - [18/Oct/2020:10:10:21 +0800] "GET /xingrg/all/function/internal_message.html?_=1602986766014&CODE_STATE=getMsg HTTP/1.1" 200 27
180.174.56.115 - - [18/Oct/2020:10:10:21 +0800] "POST /xingrg/kc/buy/cgsh_order_operate.html HTTP/1.1" 200 8245
180.174.56.115 - - [18/Oct/2020:10:10:21 +0800] "GET /xingrg/javascript/easyui/themes/default/validatebox.css HTTP/1.1" 404 1104
180.162.245.190 - - [18/Oct/2020:10:10:26 +0800] "GET /xingrg/kc/buy/cgsh_order_operate.html?command=get_materiel&rest_code=00105&code=00101010111&supplier_code=00100327&order_time=2020-10-18 HTTP/1.1" 200 417
58.37.8.227 - - [18/Oct/2020:10:10:29 +0800] "GET /xingrg/all/function/internal_message.html?_=1602987025466&CODE_STATE=getMsg HTTP/1.1" 200 27
58.37.8.227 - - [18/Oct/2020:10:10:31 +0800] "GET /xingrg/kc/buy/cgsh_order_operate.html?command=get_materiel&rest_code=00141&code=00101006168&supplier_code=00100012&order_time=2020-10-18 HTTP/1.1" 200 421
117.185.32.26 - - [18/Oct/2020:10:10:35 +0800] "GET /xingrg/all/function/internal_message.html?_=1602987026638&CODE_STATE=getMsg HTTP/1.1" 200 27
172.17.0.185 - - [18/Oct/2020:10:10:35 +0800] "GET /xingrg/all/function/internal_message.html?_=1602987030330&CODE_STATE=getMsg HTTP/1.1" 200 27
172.17.0.115 - - [18/Oct/2020:10:10:36 +0800] "GET /xingrg/all/function/internal_message.html?_=1602987033956&CODE_STATE=getMsg HTTP/1.1" 302 -
114.88.166.242 - - [18/Oct/2020:10:10:36 +0800] "GET /xingrg/all/function/internal_message.html?_=1602987121680&CODE_STATE=getMsg HTTP/1.1" 200 27
58.37.8.227 - - [18/Oct/2020:10:10:40 +0800] "GET /xingrg/check_reg.html?_=1602986642847 HTTP/1.1" 200 22
180.162.245.190 - - [18/Oct/2020:10:10:42 +0800] "GET /xingrg/kc/buy/cgsh_order_operate.html?command=get_materiel&rest_code=00105&code=00101010250&supplier_code=00100327&order_time=2020-10-18 HTTP/1.1" 200 413
172.17.0.105 - - [18/Oct/2020:10:10:43 +0800] "GET /xingrg/all/function/internal_message.html?_=1602987040244&CODE_STATE=getMsg HTTP/1.1" 200 27
172.17.0.105 - - [18/Oct/2020:10:10:44 +0800] "GET /xingrg/check_reg.html?_=1602987040615 HTTP/1.1" 200 22
222.69.142.206 - - [18/Oct/2020:10:10:48 +0800] "POST /xingrg/services/DataTransmitService HTTP/1.1" 401 565
222.69.142.206 - - [18/Oct/2020:10:10:48 +0800] "POST /xingrg/services/DataTransmitService HTTP/1.1" 200 478
222.69.142.206 - - [18/Oct/2020:10:10:48 +0800] "POST /xingrg/services/DataTransmitService HTTP/1.1" 200 1320
222.69.142.206 - - [18/Oct/2020:10:10:48 +0800] "POST /xingrg/services/DataTransmitService HTTP/1.1" 200 478
222.69.142.206 - - [18/Oct/2020:10:10:48 +0800] "POST /xingrg/services/DataTransmitService HTTP/1.1" 200 1320
222.69.142.206 - - [18/Oct/2020:10:10:48 +0800] "POST /xingrg/services/DataTransmitService HTTP/1.1" 200 524
222.69.142.206 - - [18/Oct/2020:10:10:48 +0800] "POST /xingrg/services/DataTransmitService HTTP/1.1" 200 1759
222.69.142.206 - - [18/Oct/2020:10:10:48 +0800] "POST /xingrg/services/DataTransmitService HTTP/1.1" 200 45454
222.69.142.206 - - [18/Oct/2020:10:10:48 +0800] "POST /xingrg/services/DataTransmitService HTTP/1.1" 200 19237
124.77.70.31 - - [18/Oct/2020:10:10:49 +0800] "GET /xingrg/all/function/internal_message.html?_=1602987045876&CODE_STATE=getMsg HTTP/1.1" 200 27
172.17.0.103 - - [18/Oct/2020:10:10:51 +0800] "GET /xingrg/all/function/internal_message.html?_=1602987045203&CODE_STATE=getMsg HTTP/1.1" 200 27
180.162.245.190 - - [18/Oct/2020:10:10:55 +0800] "GET /xingrg/kc/buy/cgsh_order_operate.html?command=get_materiel&rest_code=00105&code=00101010569&supplier_code=00100327&order_time=2020-10-18 HTTP/1.1" 200 397
116.232.55.210 - - [18/Oct/2020:10:10:58 +0800] "GET /xingrg/all/function/internal_message.html?_=1602987054183&CODE_STATE=getMsg HTTP/1.1" 200 27
114.88.166.242 - - [18/Oct/2020:10:11:00 +0800] "GET /xingrg/all/function/internal_message.html?_=1602987055024&CODE_STATE=getMsg HTTP/1.1" 200 27
58.37.8.227 - - [18/Oct/2020:10:11:06 +0800] "GET /xingrg/kc/buy/cgsh_order_operate.html?command=get_materiel&rest_code=00141&code=00101006038&supplier_code=00100012&order_time=2020-10-18 HTTP/1.1" 200 442
58.37.8.227 - - [18/Oct/2020:10:11:06 +0800] "GET /xingrg/all/function/internal_message.html?_=1602986669092&CODE_STATE=getMsg HTTP/1.1" 200 27
114.84.37.38 - - [18/Oct/2020:10:11:07 +0800] "GET /xingrg/all/function/internal_message.html?_=1602987084743&CODE_STATE=getMsg HTTP/1.1" 200 27
180.162.245.190 - - [18/Oct/2020:10:11:07 +0800] "GET /xingrg/kc/buy/cgsh_order_operate.html?command=get_materiel&rest_code=00105&code=00101008402&supplier_code=00100327&order_time=2020-10-18 HTTP/1.1" 200 410
180.161.96.95 - - [18/Oct/2020:10:11:11 +0800] "GET /xingrg/all/function/internal_message.html?_=1602987287091&CODE_STATE=getMsg HTTP/1.1" 200 27
180.162.245.190 - - [18/Oct/2020:10:11:12 +0800] "GET /xingrg/all/function/internal_message.html?_=1602987068925&CODE_STATE=getMsg HTTP/1.1" 200 27
58.37.8.227 - - [18/Oct/2020:10:11:16 +0800] "GET /xingrg/kc/buy/cgsh_order_operate.html?command=get_materiel&rest_code=00141&code=00101006136&supplier_code=00100012&order_time=2020-10-18 HTTP/1.1" 200 417
180.174.56.115 - - [18/Oct/2020:10:11:16 +0800] "GET /xingrg/all/function/internal_message.html?_=1602987071348&CODE_STATE=getMsg HTTP/1.1" 200 27
180.162.245.190 - - [18/Oct/2020:10:11:17 +0800] "POST /xingrg/kc/buy/cgsh_order_operate.html HTTP/1.1" 200 37
180.162.245.190 - - [18/Oct/2020:10:11:18 +0800] "POST /xingrg/kc/buy/cgsh_order_operate.html HTTP/1.1" 200 5032
222.69.142.206 - - [18/Oct/2020:10:11:18 +0800] "GET /xingrg/all/function/internal_message.html?_=1602987068492&CODE_STATE=getMsg HTTP/1.1" 200 27
180.162.245.190 - - [18/Oct/2020:10:11:19 +0800] "GET /xingrg/kc/print/load_data.html?order_code=212020101807324&kc_code=cgsh&condition= HTTP/1.1" 200 1571
120.253.135.82 - - [18/Oct/2020:10:11:21 +0800] "GET /xingrg/all/function/internal_message.html?_=1602986826110&CODE_STATE=getMsg HTTP/1.1" 200 27
180.162.245.190 - - [18/Oct/2020:10:11:22 +0800] "GET /xingrg/kc/buy/cgsh_order_add.html HTTP/1.1" 200 60047
180.162.245.190 - - [18/Oct/2020:10:11:22 +0800] "GET /xingrg/javascript/easyui/themes/default/validatebox.css HTTP/1.1" 404 1104
180.162.245.190 - - [18/Oct/2020:10:11:22 +0800] "POST /xingrg/kc/buy/cgsh_order_operate.html HTTP/1.1" 200 8245
180.162.245.190 - - [18/Oct/2020:10:11:23 +0800] "GET /xingrg/javascript/auto/indicator.gif HTTP/1.1" 404 1066
58.37.8.227 - - [18/Oct/2020:10:11:24 +0800] "GET /xingrg/kc/buy/cgsh_order_operate.html?command=get_materiel&rest_code=00141&code=00101006134&supplier_code=00100012&order_time=2020-10-18 HTTP/1.1" 200 417
58.37.8.227 - - [18/Oct/2020:10:11:29 +0800] "GET /xingrg/all/function/internal_message.html?_=1602987085469&CODE_STATE=getMsg HTTP/1.1" 200 27
124.77.70.31 - - [18/Oct/2020:10:11:30 +0800] "POST /xingrg/services/DataTransmitService HTTP/1.1" 200 524
124.77.70.31 - - [18/Oct/2020:10:11:30 +0800] "POST /xingrg/services/DataTransmitService HTTP/1.1" 200 2011
124.77.70.31 - - [18/Oct/2020:10:11:31 +0800] "POST /xingrg/services/DataTransmitService HTTP/1.1" 200 156535
180.162.245.190 - - [18/Oct/2020:10:11:32 +0800] "GET /xingrg/kc/buy/cgsh_order_operate.html?command=get_materiel&rest_code=00105&code=00101001037&supplier_code=00100090&order_time=2020-10-18 HTTP/1.1" 200 416
117.185.32.26 - - [18/Oct/2020:10:11:35 +0800] "GET /xingrg/all/function/internal_message.html?_=1602987086609&CODE_STATE=getMsg HTTP/1.1" 200 27
172.17.0.185 - - [18/Oct/2020:10:11:35 +0800] "GET /xingrg/check_reg.html?_=1602987090319 HTTP/1.1" 200 22
172.17.0.185 - - [18/Oct/2020:10:11:35 +0800] "GET /xingrg/all/function/internal_message.html?_=1602987090324&CODE_STATE=getMsg HTTP/1.1" 200 27
58.37.8.227 - - [18/Oct/2020:10:11:36 +0800] "POST /xingrg/kc/buy/cgsh_order_operate.html HTTP/1.1" 200 37
172.17.0.115 - - [18/Oct/2020:10:11:36 +0800] "GET /xingrg/all/function/internal_message.html?_=1602987093957&CODE_STATE=getMsg HTTP/1.1" 302 -
114.88.166.242 - - [18/Oct/2020:10:11:36 +0800] "GET /xingrg/check_reg.html?_=1602987181681 HTTP/1.1" 200 22
114.88.166.242 - - [18/Oct/2020:10:11:36 +0800] "GET /xingrg/all/function/internal_message.html?_=1602987181682&CODE_STATE=getMsg HTTP/1.1" 200 27
58.37.8.227 - - [18/Oct/2020:10:11:39 +0800] "POST /xingrg/kc/buy/cgsh_order_operate.html HTTP/1.1" 200 12
58.37.8.227 - - [18/Oct/2020:10:11:40 +0800] "GET /xingrg/kc/buy/cgsh_order_info.html?code=212020101807325 HTTP/1.1" 200 54909
58.37.8.227 - - [18/Oct/2020:10:11:40 +0800] "GET /xingrg/javascript/easyui/themes/default/validatebox.css HTTP/1.1" 404 1104
58.37.8.227 - - [18/Oct/2020:10:11:40 +0800] "POST /xingrg/kc/buy/cgsh_order_operate.html HTTP/1.1" 200 4195
58.37.8.227 - - [18/Oct/2020:10:11:41 +0800] "GET /xingrg/kc/print/load_data.html?order_code=212020101807325&kc_code=cgsh&condition= HTTP/1.1" 200 2189
172.17.0.105 - - [18/Oct/2020:10:11:43 +0800] "GET /xingrg/all/function/internal_message.html?_=1602987100257&CODE_STATE=getMsg HTTP/1.1" 200 27
114.84.37.38 - - [18/Oct/2020:10:11:47 +0800] "GET /xingrg/check_reg.html?_=1602987110811 HTTP/1.1" 200 22
124.77.70.31 - - [18/Oct/2020:10:11:48 +0800] "GET /xingrg/all/function/internal_message.html?_=1602987104380&CODE_STATE=getMsg HTTP/1.1" 200 27
58.37.8.227 - - [18/Oct/2020:10:11:49 +0800] "GET /xingrg/kc/buy/cgsh_order_add.html HTTP/1.1" 200 60006
58.37.8.227 - - [18/Oct/2020:10:11:49 +0800] "POST /xingrg/kc/buy/cgsh_order_operate.html HTTP/1.1" 200 8245
58.37.8.227 - - [18/Oct/2020:10:11:49 +0800] "GET /xingrg/javascript/easyui/themes/default/validatebox.css HTTP/1.1" 404 1104
172.17.0.103 - - [18/Oct/2020:10:11:51 +0800] "GET /xingrg/all/function/internal_message.html?_=1602987105173&CODE_STATE=getMsg HTTP/1.1" 200 27
58.37.8.227 - - [18/Oct/2020:10:11:53 +0800] "GET /xingrg/check_reg.html?_=1602987109460 HTTP/1.1" 200 22
180.162.245.190 - - [18/Oct/2020:10:11:54 +0800] "GET /xingrg/kc/buy/cgsh_order_operate.html?command=get_materiel&rest_code=00105&code=00101001040&supplier_code=00100090&order_time=2020-10-18 HTTP/1.1" 200 415
180.174.56.115 - - [18/Oct/2020:10:11:56 +0800] "GET /xingrg/kc/buy/cgsh_order_operate.html?command=get_materiel&rest_code=00151&code=00101020279&supplier_code=00100097&order_time=2020-10-18 HTTP/1.1" 200 399
116.232.55.210 - - [18/Oct/2020:10:11:58 +0800] "GET /xingrg/check_reg.html?_=1602987114182 HTTP/1.1" 200 22
116.232.55.210 - - [18/Oct/2020:10:11:58 +0800] "GET /xingrg/all/function/internal_message.html?_=1602987114184&CODE_STATE=getMsg HTTP/1.1" 200 27
58.37.8.227 - - [18/Oct/2020:10:11:59 +0800] "GET /xingrg/kc/buy/cgsh_order_operate.html?command=get_materiel&rest_code=00141&code=00101001010&supplier_code=00100040&order_time=2020-10-18 HTTP/1.1" 200 408
114.88.166.242 - - [18/Oct/2020:10:12:00 +0800] "GET /xingrg/all/function/internal_message.html?_=1602987115013&CODE_STATE=getMsg HTTP/1.1" 200 27
180.162.245.190 - - [18/Oct/2020:10:12:06 +0800] "GET /xingrg/kc/buy/cgsh_order_operate.html?command=get_materiel&rest_code=00105&code=00101001140&supplier_code=00100090&order_time=2020-10-18 HTTP/1.1" 200 415
58.37.8.227 - - [18/Oct/2020:10:12:06 +0800] "GET /xingrg/all/function/internal_message.html?_=1602986729059&CODE_STATE=getMsg HTTP/1.1" 200 27
114.84.37.38 - - [18/Oct/2020:10:12:07 +0800] "GET /xingrg/all/function/internal_message.html?_=1602987144758&CODE_STATE=getMsg HTTP/1.1" 200 27
180.161.96.95 - - [18/Oct/2020:10:12:11 +0800] "GET /xingrg/all/function/internal_message.html?_=1602987347104&CODE_STATE=getMsg HTTP/1.1" 200 27
180.162.245.190 - - [18/Oct/2020:10:12:12 +0800] "GET /xingrg/all/function/internal_message.html?_=1602987128931&CODE_STATE=getMsg HTTP/1.1" 200 27
58.37.8.227 - - [18/Oct/2020:10:12:16 +0800] "GET /xingrg/kc/buy/cgsh_order_operate.html?command=get_materiel&rest_code=00141&code=00101005037&supplier_code=00100040&order_time=2020-10-18 HTTP/1.1" 200 409
180.174.56.115 - - [18/Oct/2020:10:12:16 +0800] "GET /xingrg/all/function/internal_message.html?_=1602987131322&CODE_STATE=getMsg HTTP/1.1" 200 27
180.162.245.190 - - [18/Oct/2020:10:12:17 +0800] "GET /xingrg/kc/buy/cgsh_order_operate.html?command=get_materiel&rest_code=00105&code=00101001043&supplier_code=00100090&order_time=2020-10-18 HTTP/1.1" 200 415
222.69.142.206 - - [18/Oct/2020:10:12:18 +0800] "GET /xingrg/all/function/internal_message.html?_=1602987128478&CODE_STATE=getMsg HTTP/1.1" 200 27
120.253.135.82 - - [18/Oct/2020:10:12:21 +0800] "GET /xingrg/all/function/internal_message.html?_=1602986886119&CODE_STATE=getMsg HTTP/1.1" 200 27
58.37.8.227 - - [18/Oct/2020:10:12:29 +0800] "GET /xingrg/all/function/internal_message.html?_=1602987145460&CODE_STATE=getMsg HTTP/1.1" 200 27
117.185.32.26 - - [18/Oct/2020:10:12:34 +0800] "GET /xingrg/all/function/internal_message.html?_=1602987146585&CODE_STATE=getMsg HTTP/1.1" 200 27
172.17.0.185 - - [18/Oct/2020:10:12:35 +0800] "GET /xingrg/all/function/internal_message.html?_=1602987150327&CODE_STATE=getMsg HTTP/1.1" 200 27
172.17.0.115 - - [18/Oct/2020:10:12:36 +0800] "GET /xingrg/all/function/internal_message.html?_=1602987153983&CODE_STATE=getMsg HTTP/1.1" 302 -
114.88.166.242 - - [18/Oct/2020:10:12:36 +0800] "GET /xingrg/all/function/internal_message.html?_=1602987241680&CODE_STATE=getMsg HTTP/1.1" 200 27
180.162.245.190 - - [18/Oct/2020:10:12:37 +0800] "POST /xingrg/kc/buy/cgsh_order_operate.html HTTP/1.1" 200 37
180.162.245.190 - - [18/Oct/2020:10:12:38 +0800] "POST /xingrg/kc/buy/cgsh_order_operate.html HTTP/1.1" 200 4454
180.162.245.190 - - [18/Oct/2020:10:12:39 +0800] "GET /xingrg/kc/print/load_data.html?order_code=212020101807326&kc_code=cgsh&condition= HTTP/1.1" 200 1433
58.37.8.227 - - [18/Oct/2020:10:12:41 +0800] "GET /xingrg/kc/buy/cgsh_order_operate.html?command=get_materiel&rest_code=00141&code=00101006161&supplier_code=00100040&order_time=2020-10-18 HTTP/1.1" 200 409
172.17.0.105 - - [18/Oct/2020:10:12:43 +0800] "GET /xingrg/all/function/internal_message.html?_=1602987160258&CODE_STATE=getMsg HTTP/1.1" 200 27
117.185.32.26 - - [18/Oct/2020:10:12:44 +0800] "GET /xingrg/check_reg.html?_=1602987155805 HTTP/1.1" 200 22
180.162.245.190 - - [18/Oct/2020:10:12:45 +0800] "GET /xingrg/kc/buy/cgsh_order_add.html HTTP/1.1" 200 60047
180.162.245.190 - - [18/Oct/2020:10:12:45 +0800] "POST /xingrg/kc/buy/cgsh_order_operate.html HTTP/1.1" 200 8245
180.162.245.190 - - [18/Oct/2020:10:12:45 +0800] "GET /xingrg/javascript/easyui/themes/default/validatebox.css HTTP/1.1" 404 1104
180.162.245.190 - - [18/Oct/2020:10:12:46 +0800] "GET /xingrg/javascript/auto/indicator.gif HTTP/1.1" 404 1066
124.77.70.31 - - [18/Oct/2020:10:12:48 +0800] "GET /xingrg/check_reg.html?_=1602987164345 HTTP/1.1" 200 22
124.77.70.31 - - [18/Oct/2020:10:12:48 +0800] "GET /xingrg/all/function/internal_message.html?_=1602987164405&CODE_STATE=getMsg HTTP/1.1" 200 27
58.37.8.227 - - [18/Oct/2020:10:12:50 +0800] "POST /xingrg/kc/buy/cgsh_order_operate.html HTTP/1.1" 200 37
172.17.0.103 - - [18/Oct/2020:10:12:51 +0800] "GET /xingrg/all/function/internal_message.html?_=1602987165153&CODE_STATE=getMsg HTTP/1.1" 200 27
58.37.8.227 - - [18/Oct/2020:10:12:52 +0800] "POST /xingrg/kc/buy/cgsh_order_operate.html HTTP/1.1" 200 12
58.37.8.227 - - [18/Oct/2020:10:12:53 +0800] "GET /xingrg/kc/buy/cgsh_order_info.html?code=212020101807327 HTTP/1.1" 200 54909
58.37.8.227 - - [18/Oct/2020:10:12:53 +0800] "GET /xingrg/javascript/easyui/themes/default/validatebox.css HTTP/1.1" 404 1104
180.162.245.190 - - [18/Oct/2020:10:12:53 +0800] "GET /xingrg/kc/buy/cgsh_order_operate.html?command=get_materiel&rest_code=00105&code=00101010567&supplier_code=00100326&order_time=2020-10-18 HTTP/1.1" 200 399
58.37.8.227 - - [18/Oct/2020:10:12:53 +0800] "POST /xingrg/kc/buy/cgsh_order_operate.html HTTP/1.1" 200 1778
58.37.8.227 - - [18/Oct/2020:10:12:54 +0800] "GET /xingrg/kc/print/load_data.html?order_code=212020101807327&kc_code=cgsh&condition= HTTP/1.1" 200 1225
116.232.55.210 - - [18/Oct/2020:10:12:58 +0800] "GET /xingrg/all/function/internal_message.html?_=1602987174208&CODE_STATE=getMsg HTTP/1.1" 200 27
114.88.166.242 - - [18/Oct/2020:10:13:00 +0800] "GET /xingrg/all/function/internal_message.html?_=1602987175014&CODE_STATE=getMsg HTTP/1.1" 200 27
172.17.0.115 - - [18/Oct/2020:10:13:01 +0800] "GET /xingrg/check_reg.html?_=1602987178354 HTTP/1.1" 302 -
180.162.245.190 - - [18/Oct/2020:10:13:04 +0800] "GET /xingrg/kc/buy/cgsh_order_operate.html?command=get_materiel&rest_code=00105&code=00101006053&supplier_code=00100326&order_time=2020-10-18 HTTP/1.1" 200 423
58.37.8.227 - - [18/Oct/2020:10:13:06 +0800] "GET /xingrg/all/function/internal_message.html?_=1602986789027&CODE_STATE=getMsg HTTP/1.1" 200 27
114.84.37.38 - - [18/Oct/2020:10:13:07 +0800] "GET /xingrg/all/function/internal_message.html?_=1602987204770&CODE_STATE=getMsg HTTP/1.1" 200 27
180.161.96.95 - - [18/Oct/2020:10:13:11 +0800] "GET /xingrg/all/function/internal_message.html?_=1602987407119&CODE_STATE=getMsg HTTP/1.1" 200 27
180.162.245.190 - - [18/Oct/2020:10:13:12 +0800] "GET /xingrg/all/function/internal_message.html?_=1602987188881&CODE_STATE=getMsg HTTP/1.1" 200 27
180.174.56.115 - - [18/Oct/2020:10:13:16 +0800] "GET /xingrg/check_reg.html?_=1602987191308 HTTP/1.1" 200 22
180.174.56.115 - - [18/Oct/2020:10:13:16 +0800] "GET /xingrg/all/function/internal_message.html?_=1602987191312&CODE_STATE=getMsg HTTP/1.1" 200 27
180.162.245.190 - - [18/Oct/2020:10:13:18 +0800] "GET /xingrg/kc/buy/cgsh_order_operate.html?command=get_materiel&rest_code=00105&code=00101007168&supplier_code=00100326&order_time=2020-10-18 HTTP/1.1" 200 398
222.69.142.206 - - [18/Oct/2020:10:13:18 +0800] "GET /xingrg/all/function/internal_message.html?_=1602987188448&CODE_STATE=getMsg HTTP/1.1" 200 27
222.69.136.245 - - [18/Oct/2020:10:13:18 +0800] "GET /xingrg/check_reg.html?_=1602987194861 HTTP/1.1" 200 22
120.253.135.82 - - [18/Oct/2020:10:13:21 +0800] "GET /xingrg/all/function/internal_message.html?_=1602986946214&CODE_STATE=getMsg HTTP/1.1" 200 27
180.162.245.190 - - [18/Oct/2020:10:13:25 +0800] "POST /xingrg/kc/buy/cgsh_order_operate.html HTTP/1.1" 200 37
180.162.245.190 - - [18/Oct/2020:10:13:26 +0800] "POST /xingrg/kc/buy/cgsh_order_operate.html HTTP/1.1" 200 3849
180.162.245.190 - - [18/Oct/2020:10:13:28 +0800] "GET /xingrg/kc/print/load_data.html?order_code=212020101807328&kc_code=cgsh&condition= HTTP/1.1" 200 1134
58.37.8.227 - - [18/Oct/2020:10:13:29 +0800] "GET /xingrg/all/function/internal_message.html?_=1602987205420&CODE_STATE=getMsg HTTP/1.1" 200 27
180.162.245.190 - - [18/Oct/2020:10:13:31 +0800] "GET /xingrg/kc/buy/cgsh_order_add.html HTTP/1.1" 200 60047
180.162.245.190 - - [18/Oct/2020:10:13:31 +0800] "POST /xingrg/kc/buy/cgsh_order_operate.html HTTP/1.1" 200 8245
180.162.245.190 - - [18/Oct/2020:10:13:31 +0800] "GET /xingrg/javascript/easyui/themes/default/validatebox.css HTTP/1.1" 404 1104
180.162.245.190 - - [18/Oct/2020:10:13:33 +0800] "GET /xingrg/javascript/auto/indicator.gif HTTP/1.1" 404 1066
117.185.32.26 - - [18/Oct/2020:10:13:34 +0800] "GET /xingrg/all/function/internal_message.html?_=1602987206555&CODE_STATE=getMsg HTTP/1.1" 200 27
172.17.0.185 - - [18/Oct/2020:10:13:35 +0800] "GET /xingrg/all/function/internal_message.html?_=1602987210318&CODE_STATE=getMsg HTTP/1.1" 200 27
172.17.0.115 - - [18/Oct/2020:10:13:36 +0800] "GET /xingrg/all/function/internal_message.html?_=1602987213984&CODE_STATE=getMsg HTTP/1.1" 302 -
114.88.166.242 - - [18/Oct/2020:10:13:36 +0800] "GET /xingrg/all/function/internal_message.html?_=1602987301678&CODE_STATE=getMsg HTTP/1.1" 200 27
180.162.245.190 - - [18/Oct/2020:10:13:41 +0800] "GET /xingrg/kc/buy/cgsh_order_operate.html?command=get_materiel&rest_code=00105&code=00101002006&supplier_code=00100091&order_time=2020-10-18 HTTP/1.1" 200 414
172.17.0.105 - - [18/Oct/2020:10:13:43 +0800] "GET /xingrg/all/function/internal_message.html?_=1602987220258&CODE_STATE=getMsg HTTP/1.1" 200 27
124.77.70.31 - - [18/Oct/2020:10:13:48 +0800] "GET /xingrg/all/function/internal_message.html?_=1602987224416&CODE_STATE=getMsg HTTP/1.1" 200 27
172.17.0.103 - - [18/Oct/2020:10:13:51 +0800] "GET /xingrg/all/function/internal_message.html?_=1602987225123&CODE_STATE=getMsg HTTP/1.1" 200 27
180.174.56.115 - - [18/Oct/2020:10:13:57 +0800] "POST /xingrg/kc/buy/cgsh_order_operate.html HTTP/1.1" 200 37
116.232.55.210 - - [18/Oct/2020:10:13:58 +0800] "GET /xingrg/all/function/internal_message.html?_=1602987234206&CODE_STATE=getMsg HTTP/1.1" 200 27
114.88.166.242 - - [18/Oct/2020:10:14:00 +0800] "GET /xingrg/all/function/internal_message.html?_=1602987235014&CODE_STATE=getMsg HTTP/1.1" 200 27
114.88.166.242 - - [18/Oct/2020:10:14:00 +0800] "GET /xingrg/check_reg.html?_=1602987235018 HTTP/1.1" 200 22
180.162.245.190 - - [18/Oct/2020:10:14:01 +0800] "GET /xingrg/kc/buy/cgsh_order_operate.html?command=get_materiel&rest_code=00105&code=00101002034&supplier_code=00100091&order_time=2020-10-18 HTTP/1.1" 200 409
180.174.56.115 - - [18/Oct/2020:10:14:03 +0800] "POST /xingrg/kc/buy/cgsh_order_operate.html HTTP/1.1" 200 12
114.84.37.38 - - [18/Oct/2020:10:14:05 +0800] "GET /xingrg/check_reg.html?_=1602987263664 HTTP/1.1" 200 22
58.37.8.227 - - [18/Oct/2020:10:14:06 +0800] "GET /xingrg/all/function/internal_message.html?_=1602986849002&CODE_STATE=getMsg HTTP/1.1" 200 27
114.84.37.38 - - [18/Oct/2020:10:14:07 +0800] "GET /xingrg/all/function/internal_message.html?_=1602987264784&CODE_STATE=getMsg HTTP/1.1" 200 27
180.174.56.115 - - [18/Oct/2020:10:14:09 +0800] "GET /xingrg/kc/buy/cgsh_order_info.html?code=212020101807329 HTTP/1.1" 200 54537
180.174.56.115 - - [18/Oct/2020:10:14:09 +0800] "GET /xingrg/javascript/easyui/themes/default/validatebox.css HTTP/1.1" 404 1104
180.174.56.115 - - [18/Oct/2020:10:14:10 +0800] "POST /xingrg/kc/buy/cgsh_order_operate.html HTTP/1.1" 200 613
180.162.245.190 - - [18/Oct/2020:10:14:10 +0800] "GET /xingrg/kc/buy/cgsh_order_operate.html?command=get_materiel&rest_code=00105&code=00101003062&supplier_code=00100091&order_time=2020-10-18 HTTP/1.1" 200 399
180.161.96.95 - - [18/Oct/2020:10:14:11 +0800] "GET /xingrg/all/function/internal_message.html?_=1602987467133&CODE_STATE=getMsg HTTP/1.1" 200 27
180.174.56.115 - - [18/Oct/2020:10:14:12 +0800] "GET /xingrg/kc/print/load_data.html?order_code=212020101807329&kc_code=cgsh&condition= HTTP/1.1" 200 691
180.162.245.190 - - [18/Oct/2020:10:14:12 +0800] "GET /xingrg/all/function/internal_message.html?_=1602987248876&CODE_STATE=getMsg HTTP/1.1" 200 27
120.253.135.82 - - [18/Oct/2020:10:14:15 +0800] "GET /xingrg/check_reg.html?_=1602987000268 HTTP/1.1" 200 22
180.174.56.115 - - [18/Oct/2020:10:14:16 +0800] "GET /xingrg/all/function/internal_message.html?_=1602987251291&CODE_STATE=getMsg HTTP/1.1" 200 27
222.69.142.206 - - [18/Oct/2020:10:14:18 +0800] "GET /xingrg/all/function/internal_message.html?_=1602987248418&CODE_STATE=getMsg HTTP/1.1" 200 27
120.253.135.82 - - [18/Oct/2020:10:14:21 +0800] "GET /xingrg/all/function/internal_message.html?_=1602987006224&CODE_STATE=getMsg HTTP/1.1" 200 27
180.162.245.190 - - [18/Oct/2020:10:14:22 +0800] "POST /xingrg/kc/buy/cgsh_order_operate.html HTTP/1.1" 200 37
180.162.245.190 - - [18/Oct/2020:10:14:23 +0800] "POST /xingrg/kc/buy/cgsh_order_operate.html HTTP/1.1" 200 3852
101.227.139.173 - - [18/Oct/2020:10:14:24 +0800] "GET /xingrg/check_reg.html?_=1602986509443 HTTP/1.1" 302 -
180.162.245.190 - - [18/Oct/2020:10:14:24 +0800] "GET /xingrg/kc/print/load_data.html?order_code=212020101807330&kc_code=cgsh&condition= HTTP/1.1" 200 1202
180.162.245.190 - - [18/Oct/2020:10:14:28 +0800] "GET /xingrg/kc/buy/cgsh_order_add.html HTTP/1.1" 200 60047
180.174.56.115 - - [18/Oct/2020:10:14:28 +0800] "GET /xingrg/kc/buy/cgsh_order_add.html HTTP/1.1" 200 59642
180.162.245.190 - - [18/Oct/2020:10:14:28 +0800] "POST /xingrg/kc/buy/cgsh_order_operate.html HTTP/1.1" 200 8245
180.162.245.190 - - [18/Oct/2020:10:14:28 +0800] "GET /xingrg/javascript/easyui/themes/default/validatebox.css HTTP/1.1" 404 1104
180.174.56.115 - - [18/Oct/2020:10:14:28 +0800] "POST /xingrg/kc/buy/cgsh_order_operate.html HTTP/1.1" 200 8245
180.174.56.115 - - [18/Oct/2020:10:14:28 +0800] "GET /xingrg/javascript/easyui/themes/default/validatebox.css HTTP/1.1" 404 1104
