124.77.70.31 - - [18/Oct/2020:10:41:43 +0800] "GET /xingrg/kc/buy/cgsh_order_operate.html?command=get_materiel&rest_code=00107&code=00101008358&supplier_code=00100006&order_time=2020-10-18 HTTP/1.1" 200 412
172.17.0.105 - - [18/Oct/2020:10:41:43 +0800] "GET /xingrg/all/function/internal_message.html?_=1602988900345&CODE_STATE=getMsg HTTP/1.1" 200 27
180.157.253.48 - - [18/Oct/2020:10:41:43 +0800] "GET /favicon.ico HTTP/1.1" 404 -
114.84.37.38 - - [18/Oct/2020:10:41:45 +0800] "GET /xingrg/kc/print/load_config.html?kc_code=cgsh HTTP/1.1" 200 1845
114.84.37.38 - - [18/Oct/2020:10:41:45 +0800] "GET /xingrg/kc/print/load_data.html?order_code=212020101807373&kc_code=cgsh&condition= HTTP/1.1" 200 691
58.37.8.227 - - [18/Oct/2020:10:41:46 +0800] "POST /xingrg/kc/buy/cgsh_order_operate.html HTTP/1.1" 200 2065
124.77.70.31 - - [18/Oct/2020:10:41:48 +0800] "GET /xingrg/all/function/internal_message.html?_=1602988904496&CODE_STATE=getMsg HTTP/1.1" 200 27
114.84.37.38 - - [18/Oct/2020:10:41:49 +0800] "GET /xingrg/check_reg.html?_=1602988912595 HTTP/1.1" 200 22
172.17.0.103 - - [18/Oct/2020:10:41:50 +0800] "GET /xingrg/all/function/internal_message.html?_=1602988904540&CODE_STATE=getMsg HTTP/1.1" 200 27
180.174.56.115 - - [18/Oct/2020:10:41:51 +0800] "GET /xingrg/all/function/internal_message.html?_=1602988905911&CODE_STATE=getMsg HTTP/1.1" 200 27
58.37.8.227 - - [18/Oct/2020:10:41:53 +0800] "GET /xingrg/check_reg.html?_=1602988909482 HTTP/1.1" 200 22
124.77.70.31 - - [18/Oct/2020:10:41:55 +0800] "GET /xingrg/kc/buy/cgsh_order_operate.html?command=get_materiel&rest_code=00107&code=00101008283&supplier_code=00100006&order_time=2020-10-18 HTTP/1.1" 200 408
58.37.8.227 - - [18/Oct/2020:10:41:56 +0800] "GET /xingrg/kc/buy/cgsh_order_operate.html?command=get_materiel&rest_code=00141&code=00101009013&supplier_code=00100007&order_time=2020-10-18 HTTP/1.1" 200 420
116.232.55.210 - - [18/Oct/2020:10:41:58 +0800] "GET /xingrg/all/function/internal_message.html?_=1602988914254&CODE_STATE=getMsg HTTP/1.1" 200 27
116.232.55.210 - - [18/Oct/2020:10:41:58 +0800] "GET /xingrg/check_reg.html?_=1602988914255 HTTP/1.1" 200 22
114.88.166.242 - - [18/Oct/2020:10:42:00 +0800] "GET /xingrg/all/function/internal_message.html?_=1602988915043&CODE_STATE=getMsg HTTP/1.1" 200 27
58.37.8.227 - - [18/Oct/2020:10:42:02 +0800] "GET /xingrg/kc/buy/cgsh_order_operate.html?command=get_materiel&rest_code=00141&code=00101009016&supplier_code=00100007&order_time=2020-10-18 HTTP/1.1" 200 433
58.37.8.227 - - [18/Oct/2020:10:42:05 +0800] "GET /xingrg/all/function/internal_message.html?_=1602988528383&CODE_STATE=getMsg HTTP/1.1" 200 27
124.77.70.31 - - [18/Oct/2020:10:42:05 +0800] "GET /xingrg/kc/buy/cgsh_order_operate.html?command=get_materiel&rest_code=00107&code=00101008163&supplier_code=00100006&order_time=2020-10-18 HTTP/1.1" 200 409
114.84.37.38 - - [18/Oct/2020:10:42:06 +0800] "GET /xingrg/kc/buy/cgsh_order_add.html HTTP/1.1" 200 60006
114.84.37.38 - - [18/Oct/2020:10:42:07 +0800] "GET /xingrg/all/function/internal_message.html?_=1602988945165&CODE_STATE=getMsg HTTP/1.1" 200 27
114.84.37.38 - - [18/Oct/2020:10:42:09 +0800] "POST /xingrg/kc/buy/cgsh_order_operate.html HTTP/1.1" 200 8245
114.84.37.38 - - [18/Oct/2020:10:42:09 +0800] "GET /xingrg/javascript/easyui/themes/default/validatebox.css HTTP/1.1" 404 1104
180.162.245.190 - - [18/Oct/2020:10:42:12 +0800] "GET /xingrg/all/function/internal_message.html?_=1602988928348&CODE_STATE=getMsg HTTP/1.1" 200 27
124.77.70.31 - - [18/Oct/2020:10:42:14 +0800] "GET /xingrg/kc/buy/cgsh_order_operate.html?command=get_materiel&rest_code=00107&code=00101008083&supplier_code=00100006&order_time=2020-10-18 HTTP/1.1" 200 427
222.69.142.206 - - [18/Oct/2020:10:42:17 +0800] "GET /xingrg/all/function/internal_message.html?_=1602988927826&CODE_STATE=getMsg HTTP/1.1" 200 27
58.37.8.227 - - [18/Oct/2020:10:42:19 +0800] "GET /xingrg/kc/buy/cgsh_order_operate.html?command=get_materiel&rest_code=00141&code=00101015035&supplier_code=00100007&order_time=2020-10-18 HTTP/1.1" 200 410
120.253.135.82 - - [18/Oct/2020:10:42:22 +0800] "GET /xingrg/all/function/internal_message.html?_=1602988687197&CODE_STATE=getMsg HTTP/1.1" 200 27
172.17.0.120 - - [18/Oct/2020:10:42:23 +0800] "GET /xingrg/all/function/internal_message.html?_=1602988943901&CODE_STATE=getMsg HTTP/1.1" 200 27
58.37.8.227 - - [18/Oct/2020:10:42:25 +0800] "GET /xingrg/kc/buy/cgsh_order_operate.html?command=get_materiel&rest_code=00141&code=00101015044&supplier_code=00100007&order_time=2020-10-18 HTTP/1.1" 200 409
180.174.56.115 - - [18/Oct/2020:10:42:25 +0800] "GET /xingrg/kc/buy/cgsh_order_add.html HTTP/1.1" 200 59924
180.174.56.115 - - [18/Oct/2020:10:42:25 +0800] "GET /xingrg/words/20201018102111_words.js HTTP/1.1" 304 -
180.174.56.115 - - [18/Oct/2020:10:42:26 +0800] "POST /xingrg/kc/buy/cgsh_order_operate.html HTTP/1.1" 200 8245
180.174.56.115 - - [18/Oct/2020:10:42:26 +0800] "GET /xingrg/javascript/easyui/themes/default/validatebox.css HTTP/1.1" 404 1104
114.84.37.38 - - [18/Oct/2020:10:42:27 +0800] "GET /xingrg/kc/buy/cgsh_order_operate.html?command=get_materiel&rest_code=00146&code=00101001208&supplier_code=00100090&order_time=2020-10-18 HTTP/1.1" 200 401
58.37.8.227 - - [18/Oct/2020:10:42:27 +0800] "POST /xingrg/kc/buy/cgsh_order_operate.html HTTP/1.1" 200 2065
58.37.8.227 - - [18/Oct/2020:10:42:28 +0800] "GET /xingrg/all/function/internal_message.html?_=1602988944930&CODE_STATE=getMsg HTTP/1.1" 200 27
58.40.7.146 - - [18/Oct/2020:10:42:31 +0800] "GET /xingrg/check_reg.html?_=1602988947673 HTTP/1.1" 200 22
58.40.7.146 - - [18/Oct/2020:10:42:31 +0800] "GET /xingrg/all/function/internal_message.html?_=1602988947690&CODE_STATE=getMsg HTTP/1.1" 200 27
58.37.8.227 - - [18/Oct/2020:10:42:33 +0800] "GET /xingrg/kc/buy/cgsh_order_operate.html?command=get_materiel&rest_code=00141&code=00101008168&supplier_code=00100007&order_time=2020-10-18 HTTP/1.1" 200 413
117.185.32.26 - - [18/Oct/2020:10:42:34 +0800] "GET /xingrg/all/function/internal_message.html?_=1602988945828&CODE_STATE=getMsg HTTP/1.1" 200 27
124.77.70.31 - - [18/Oct/2020:10:42:35 +0800] "GET /xingrg/kc/buy/cgsh_order_operate.html?command=get_materiel&rest_code=00107&code=00101010065&supplier_code=00100006&order_time=2020-10-18 HTTP/1.1" 200 412
172.17.0.185 - - [18/Oct/2020:10:42:35 +0800] "GET /xingrg/all/function/internal_message.html?_=1602988950316&CODE_STATE=getMsg HTTP/1.1" 200 27
114.88.166.242 - - [18/Oct/2020:10:42:36 +0800] "GET /xingrg/all/function/internal_message.html?_=1602989041712&CODE_STATE=getMsg HTTP/1.1" 200 27
172.17.0.115 - - [18/Oct/2020:10:42:37 +0800] "GET /xingrg/all/function/internal_message.html?_=1602988954469&CODE_STATE=getMsg HTTP/1.1" 302 -
58.37.8.227 - - [18/Oct/2020:10:42:40 +0800] "GET /xingrg/kc/buy/cgsh_order_operate.html?command=get_materiel&rest_code=00141&code=00101008236&supplier_code=00100007&order_time=2020-10-18 HTTP/1.1" 200 436
124.76.236.61 - - [18/Oct/2020:10:42:40 +0800] "GET /xingrg/all/function/internal_message.html?_=1602988925391&CODE_STATE=getMsg HTTP/1.1" 200 27
172.17.0.105 - - [18/Oct/2020:10:42:43 +0800] "GET /xingrg/all/function/internal_message.html?_=1602988960342&CODE_STATE=getMsg HTTP/1.1" 200 27
117.185.32.26 - - [18/Oct/2020:10:42:44 +0800] "GET /xingrg/check_reg.html?_=1602988955683 HTTP/1.1" 200 22
124.77.70.31 - - [18/Oct/2020:10:42:45 +0800] "GET /xingrg/kc/buy/cgsh_order_operate.html?command=get_materiel&rest_code=00107&code=00101010067&supplier_code=00100006&order_time=2020-10-18 HTTP/1.1" 200 418
58.40.7.146 - - [18/Oct/2020:10:42:47 +0800] "POST /xingrg/services/DataTransmitService HTTP/1.1" 200 524
114.84.37.38 - - [18/Oct/2020:10:42:47 +0800] "POST /xingrg/kc/buy/cgsh_order_operate.html HTTP/1.1" 200 37
124.77.70.31 - - [18/Oct/2020:10:42:48 +0800] "GET /xingrg/check_reg.html?_=1602988964602 HTTP/1.1" 200 22
124.77.70.31 - - [18/Oct/2020:10:42:48 +0800] "GET /xingrg/all/function/internal_message.html?_=1602988964630&CODE_STATE=getMsg HTTP/1.1" 200 27
180.174.56.115 - - [18/Oct/2020:10:42:50 +0800] "GET /xingrg/kc/buy/cgsh_order_operate.html?command=get_materiel&rest_code=00150&code=00101038014&supplier_code=00100291&order_time=2020-10-18 HTTP/1.1" 200 442
114.84.37.38 - - [18/Oct/2020:10:42:50 +0800] "POST /xingrg/kc/buy/cgsh_order_operate.html HTTP/1.1" 200 2662
172.17.0.103 - - [18/Oct/2020:10:42:50 +0800] "GET /xingrg/all/function/internal_message.html?_=1602988964519&CODE_STATE=getMsg HTTP/1.1" 200 27
180.174.56.115 - - [18/Oct/2020:10:42:51 +0800] "GET /xingrg/all/function/internal_message.html?_=1602988965927&CODE_STATE=getMsg HTTP/1.1" 200 27
114.84.37.38 - - [18/Oct/2020:10:42:56 +0800] "GET /xingrg/kc/print/load_data.html?order_code=212020101807374&kc_code=cgsh&condition= HTTP/1.1" 200 751
116.232.55.210 - - [18/Oct/2020:10:42:58 +0800] "GET /xingrg/all/function/internal_message.html?_=1602988974252&CODE_STATE=getMsg HTTP/1.1" 200 27
124.77.70.31 - - [18/Oct/2020:10:43:00 +0800] "GET /xingrg/kc/buy/cgsh_order_operate.html?command=get_materiel&rest_code=00107&code=00101008141&supplier_code=00100006&order_time=2020-10-18 HTTP/1.1" 200 412
114.88.166.242 - - [18/Oct/2020:10:43:00 +0800] "GET /xingrg/all/function/internal_message.html?_=1602988975042&CODE_STATE=getMsg HTTP/1.1" 200 27
172.17.0.115 - - [18/Oct/2020:10:43:01 +0800] "GET /xingrg/check_reg.html?_=1602988978403 HTTP/1.1" 302 -
58.37.8.227 - - [18/Oct/2020:10:43:05 +0800] "GET /xingrg/all/function/internal_message.html?_=1602988588363&CODE_STATE=getMsg HTTP/1.1" 200 27
180.174.56.115 - - [18/Oct/2020:10:43:06 +0800] "POST /xingrg/all/user/operate.html HTTP/1.1" 200 36
180.174.56.115 - - [18/Oct/2020:10:43:06 +0800] "GET /xingrg/index.html?sysBaseUrl=http%3A%2F%2F180.169.147.146%3A18081%2Fxingrg%2F&costTime=39×tamp=1602982385510 HTTP/1.1" 200 17177
180.174.56.115 - - [18/Oct/2020:10:43:06 +0800] "GET /xingrg/javascript/jquery_easy_ui/themes/default/easyui.css HTTP/1.1" 304 -
180.174.56.115 - - [18/Oct/2020:10:43:06 +0800] "GET /xingrg/javascript/jquery_easy_ui/themes/icon.css HTTP/1.1" 304 -
180.174.56.115 - - [18/Oct/2020:10:43:06 +0800] "GET /xingrg/css/form.css HTTP/1.1" 304 -
180.174.56.115 - - [18/Oct/2020:10:43:06 +0800] "GET /xingrg/javascript/jquery-1.4.2.min.js HTTP/1.1" 304 -
180.174.56.115 - - [18/Oct/2020:10:43:06 +0800] "GET /xingrg/javascript/jquery_easy_ui/jquery.easyui.min.js HTTP/1.1" 304 -
180.174.56.115 - - [18/Oct/2020:10:43:06 +0800] "GET /xingrg/javascript/jquery_easy_ui/easyui-lang-zh_CN.js HTTP/1.1" 304 -
180.174.56.115 - - [18/Oct/2020:10:43:06 +0800] "GET /xingrg/javascript/jquery.form.js HTTP/1.1" 304 -
180.174.56.115 - - [18/Oct/2020:10:43:07 +0800] "GET /xingrg/javascript/jquery.utils.js HTTP/1.1" 304 -
180.174.56.115 - - [18/Oct/2020:10:43:07 +0800] "GET /xingrg/javascript/jquery.timers.js HTTP/1.1" 304 -
180.174.56.115 - - [18/Oct/2020:10:43:07 +0800] "GET /xingrg/images/blue/jxLogo.png HTTP/1.1" 304 -
180.174.56.115 - - [18/Oct/2020:10:43:07 +0800] "GET /xingrg/images/blue/navBackgound.jpg HTTP/1.1" 304 -
180.174.56.115 - - [18/Oct/2020:10:43:07 +0800] "GET /xingrg/javascript/jquery_easy_ui/themes/icons/settle_new.png HTTP/1.1" 304 -
180.174.56.115 - - [18/Oct/2020:10:43:07 +0800] "POST /xingrg/all/common/load_tree.html?tree=area_rest_tree_json&manage=1 HTTP/1.1" 200 476
180.174.56.115 - - [18/Oct/2020:10:43:07 +0800] "GET /xingrg/all/function/internal_message.html?_=1602988981552&CODE_STATE=count HTTP/1.1" 200 11
180.174.56.115 - - [18/Oct/2020:10:43:07 +0800] "GET /xingrg/check_reg.html?_=1602988981556 HTTP/1.1" 200 22
180.174.56.115 - - [18/Oct/2020:10:43:07 +0800] "GET /xingrg/javascript/jquery_easy_ui/themes/default/images/panel_tool_collapse.gif HTTP/1.1" 304 -
180.174.56.115 - - [18/Oct/2020:10:43:07 +0800] "GET /xingrg/javascript/jquery_easy_ui/themes/default/images/tabs_leftarrow.png HTTP/1.1" 304 -
180.174.56.115 - - [18/Oct/2020:10:43:07 +0800] "GET /xingrg/javascript/jquery_easy_ui/themes/default/images/tabs_rightarrow.png HTTP/1.1" 304 -
180.174.56.115 - - [18/Oct/2020:10:43:07 +0800] "GET /xingrg/images/blue/pingpu.png HTTP/1.1" 304 -
180.174.56.115 - - [18/Oct/2020:10:43:07 +0800] "POST /xingrg/load_menu.html HTTP/1.1" 200 5138
114.84.37.38 - - [18/Oct/2020:10:43:07 +0800] "GET /xingrg/all/function/internal_message.html?_=1602989005178&CODE_STATE=getMsg HTTP/1.1" 200 27
124.77.70.31 - - [18/Oct/2020:10:43:08 +0800] "GET /xingrg/kc/buy/cgsh_order_operate.html?command=get_materiel&rest_code=00107&code=00101008355&supplier_code=00100006&order_time=2020-10-18 HTTP/1.1" 200 408
180.174.56.115 - - [18/Oct/2020:10:43:09 +0800] "GET /xingrg/kc/buy/cgsh_order_list.html HTTP/1.1" 200 44266
180.174.56.115 - - [18/Oct/2020:10:43:09 +0800] "POST /xingrg/kc/buy/cgsh_list_operate.html HTTP/1.1" 200 876
180.174.56.115 - - [18/Oct/2020:10:43:10 +0800] "GET /xingrg/kc/buy/cgsh_order_add.html HTTP/1.1" 200 59642
180.174.56.115 - - [18/Oct/2020:10:43:10 +0800] "POST /xingrg/kc/buy/cgsh_order_operate.html HTTP/1.1" 200 8245
180.174.56.115 - - [18/Oct/2020:10:43:10 +0800] "GET /xingrg/javascript/easyui/themes/default/validatebox.css HTTP/1.1" 404 1104
180.162.245.190 - - [18/Oct/2020:10:43:12 +0800] "GET /xingrg/all/function/internal_message.html?_=1602988988318&CODE_STATE=getMsg HTTP/1.1" 200 27
180.174.56.115 - - [18/Oct/2020:10:43:12 +0800] "GET /xingrg/javascript/auto/indicator.gif HTTP/1.1" 404 1066
114.84.37.38 - - [18/Oct/2020:10:43:16 +0800] "GET /xingrg/kc/buy/cgsh_order_add.html HTTP/1.1" 200 60006
222.69.142.206 - - [18/Oct/2020:10:43:17 +0800] "GET /xingrg/all/function/internal_message.html?_=1602988987799&CODE_STATE=getMsg HTTP/1.1" 200 27
114.84.37.38 - - [18/Oct/2020:10:43:18 +0800] "POST /xingrg/kc/buy/cgsh_order_operate.html HTTP/1.1" 200 8245
114.84.37.38 - - [18/Oct/2020:10:43:18 +0800] "GET /xingrg/javascript/easyui/themes/default/validatebox.css HTTP/1.1" 404 1104
222.69.136.245 - - [18/Oct/2020:10:43:18 +0800] "GET /xingrg/check_reg.html?_=1602988994898 HTTP/1.1" 200 22
124.77.70.31 - - [18/Oct/2020:10:43:19 +0800] "GET /xingrg/kc/buy/cgsh_order_operate.html?command=get_materiel&rest_code=00107&code=00101008360&supplier_code=00100006&order_time=2020-10-18 HTTP/1.1" 200 413
180.174.56.115 - - [18/Oct/2020:10:43:21 +0800] "GET /xingrg/kc/buy/cgsh_order_operate.html?command=get_materiel&rest_code=00151&code=00101038014&supplier_code=00100291&order_time=2020-10-18 HTTP/1.1" 200 443
120.253.135.82 - - [18/Oct/2020:10:43:22 +0800] "GET /xingrg/all/function/internal_message.html?_=1602988747282&CODE_STATE=getMsg HTTP/1.1" 200 27
172.17.0.120 - - [18/Oct/2020:10:43:23 +0800] "GET /xingrg/all/function/internal_message.html?_=1602989003907&CODE_STATE=getMsg HTTP/1.1" 200 27
117.185.32.26 - - [18/Oct/2020:10:43:27 +0800] "POST /xingrg/services/DataTransmitService HTTP/1.1" 200 524
124.77.70.31 - - [18/Oct/2020:10:43:27 +0800] "GET /xingrg/kc/buy/cgsh_order_operate.html?command=get_materiel&rest_code=00107&code=00101008196&supplier_code=00100006&order_time=2020-10-18 HTTP/1.1" 200 416
117.185.32.26 - - [18/Oct/2020:10:43:27 +0800] "POST /xingrg/services/DataTransmitService HTTP/1.1" 200 2195
117.185.32.26 - - [18/Oct/2020:10:43:28 +0800] "POST /xingrg/services/DataTransmitService HTTP/1.1" 200 157131
58.37.8.227 - - [18/Oct/2020:10:43:28 +0800] "GET /xingrg/all/function/internal_message.html?_=1602989004984&CODE_STATE=getMsg HTTP/1.1" 200 27
58.40.7.146 - - [18/Oct/2020:10:43:31 +0800] "GET /xingrg/all/function/internal_message.html?_=1602989007661&CODE_STATE=getMsg HTTP/1.1" 200 27
117.185.32.26 - - [18/Oct/2020:10:43:34 +0800] "GET /xingrg/all/function/internal_message.html?_=1602989005807&CODE_STATE=getMsg HTTP/1.1" 200 27
172.17.0.185 - - [18/Oct/2020:10:43:35 +0800] "GET /xingrg/all/function/internal_message.html?_=1602989010316&CODE_STATE=getMsg HTTP/1.1" 200 27
114.88.166.242 - - [18/Oct/2020:10:43:36 +0800] "GET /xingrg/all/function/internal_message.html?_=1602989101710&CODE_STATE=getMsg HTTP/1.1" 200 27
172.17.0.115 - - [18/Oct/2020:10:43:37 +0800] "GET /xingrg/all/function/internal_message.html?_=1602989014471&CODE_STATE=getMsg HTTP/1.1" 302 -
124.76.236.61 - - [18/Oct/2020:10:43:40 +0800] "GET /xingrg/all/function/internal_message.html?_=1602988985393&CODE_STATE=getMsg HTTP/1.1" 200 27
114.84.37.38 - - [18/Oct/2020:10:43:41 +0800] "GET /xingrg/kc/buy/cgsh_order_operate.html?command=get_materiel&rest_code=00146&code=00101006164&supplier_code=00100326&order_time=2020-10-18 HTTP/1.1" 200 415
124.77.70.31 - - [18/Oct/2020:10:43:41 +0800] "GET /xingrg/kc/buy/cgsh_order_operate.html?command=get_materiel&rest_code=00107&code=00101008223&supplier_code=00100006&order_time=2020-10-18 HTTP/1.1" 200 431
172.17.0.105 - - [18/Oct/2020:10:43:43 +0800] "GET /xingrg/all/function/internal_message.html?_=1602989020346&CODE_STATE=getMsg HTTP/1.1" 200 27
180.174.56.115 - - [18/Oct/2020:10:43:45 +0800] "GET /xingrg/kc/buy/cgsh_order_operate.html?command=get_materiel&rest_code=00151&code=00102002639&supplier_code=00100291&order_time=2020-10-18 HTTP/1.1" 200 448
180.174.56.115 - - [18/Oct/2020:10:43:48 +0800] "POST /xingrg/all/common/load_select.html HTTP/1.1" 200 38
124.77.70.31 - - [18/Oct/2020:10:43:48 +0800] "GET /xingrg/all/function/internal_message.html?_=1602989024605&CODE_STATE=getMsg HTTP/1.1" 200 27
172.17.0.103 - - [18/Oct/2020:10:43:50 +0800] "GET /xingrg/all/function/internal_message.html?_=1602989024491&CODE_STATE=getMsg HTTP/1.1" 200 27
180.174.56.115 - - [18/Oct/2020:10:43:51 +0800] "GET /xingrg/kc/buy/cgsh_order_operate.html?command=get_materiel_price&rest_code=00151&code=00102002639&unit_code=00100470&supplier_code=00100291&order_time=2020-10-18 HTTP/1.1" 200 29
124.77.70.31 - - [18/Oct/2020:10:43:54 +0800] "GET /xingrg/kc/buy/cgsh_order_operate.html?command=get_materiel&rest_code=00107&code=00101008197&supplier_code=00100006&order_time=2020-10-18 HTTP/1.1" 200 416
114.84.37.38 - - [18/Oct/2020:10:43:56 +0800] "POST /xingrg/kc/buy/cgsh_order_operate.html HTTP/1.1" 200 37
116.232.55.210 - - [18/Oct/2020:10:43:58 +0800] "GET /xingrg/all/function/internal_message.html?_=1602989034250&CODE_STATE=getMsg HTTP/1.1" 200 27
124.76.236.61 - - [18/Oct/2020:10:43:59 +0800] "POST /xingrg/kc/buy/cgsh_order_operate.html HTTP/1.1" 200 37
114.84.37.38 - - [18/Oct/2020:10:43:59 +0800] "POST /xingrg/kc/buy/cgsh_order_operate.html HTTP/1.1" 200 2660
114.88.166.242 - - [18/Oct/2020:10:44:00 +0800] "GET /xingrg/all/function/internal_message.html?_=1602989035040&CODE_STATE=getMsg HTTP/1.1" 200 27
114.88.166.242 - - [18/Oct/2020:10:44:00 +0800] "GET /xingrg/check_reg.html?_=1602989035040 HTTP/1.1" 200 22
124.76.236.61 - - [18/Oct/2020:10:44:03 +0800] "POST /xingrg/kc/buy/cgsh_order_operate.html HTTP/1.1" 200 12
114.84.37.38 - - [18/Oct/2020:10:44:03 +0800] "GET /xingrg/kc/print/load_data.html?order_code=212020101807375&kc_code=cgsh&condition= HTTP/1.1" 200 688
124.76.236.61 - - [18/Oct/2020:10:44:04 +0800] "POST /xingrg/all/common/load_select.html HTTP/1.1" 200 12
124.76.236.61 - - [18/Oct/2020:10:44:04 +0800] "GET /xingrg/kc/buy/cgsh_order_info.html?code=212020101807376 HTTP/1.1" 200 53986
124.76.236.61 - - [18/Oct/2020:10:44:04 +0800] "GET /xingrg/javascript/easyui/themes/default/validatebox.css HTTP/1.1" 404 1104
124.76.236.61 - - [18/Oct/2020:10:44:04 +0800] "POST /xingrg/kc/buy/cgsh_order_operate.html HTTP/1.1" 200 2974
58.37.8.227 - - [18/Oct/2020:10:44:05 +0800] "GET /xingrg/all/function/internal_message.html?_=1602988648332&CODE_STATE=getMsg HTTP/1.1" 200 27
114.84.37.38 - - [18/Oct/2020:10:44:05 +0800] "GET /xingrg/check_reg.html?_=1602989063699 HTTP/1.1" 200 22
124.77.70.31 - - [18/Oct/2020:10:44:07 +0800] "GET /xingrg/kc/buy/cgsh_order_operate.html?command=get_materiel&rest_code=00107&code=00101008085&supplier_code=00100006&order_time=2020-10-18 HTTP/1.1" 200 412
180.174.56.115 - - [18/Oct/2020:10:44:07 +0800] "GET /xingrg/all/function/internal_message.html?_=1602989041575&CODE_STATE=getMsg HTTP/1.1" 200 27
114.84.37.38 - - [18/Oct/2020:10:44:07 +0800] "GET /xingrg/all/function/internal_message.html?_=1602989065191&CODE_STATE=getMsg HTTP/1.1" 200 27
124.76.236.61 - - [18/Oct/2020:10:44:07 +0800] "GET /xingrg/kc/print/load_config.html?kc_code=cgsh HTTP/1.1" 200 1845
124.76.236.61 - - [18/Oct/2020:10:44:07 +0800] "GET /xingrg/kc/print/load_data.html?order_code=212020101807376&kc_code=cgsh&condition= HTTP/1.1" 200 1659
124.77.70.31 - - [18/Oct/2020:10:44:09 +0800] "POST /xingrg/kc/buy/cgsh_order_operate.html HTTP/1.1" 200 2065
180.162.245.190 - - [18/Oct/2020:10:44:12 +0800] "GET /xingrg/all/function/internal_message.html?_=1602989048295&CODE_STATE=getMsg HTTP/1.1" 200 27
124.77.70.31 - - [18/Oct/2020:10:44:15 +0800] "GET /xingrg/kc/buy/cgsh_order_operate.html?command=get_materiel&rest_code=00107&code=00101008357&supplier_code=00100006&order_time=2020-10-18 HTTP/1.1" 200 428
120.253.135.82 - - [18/Oct/2020:10:44:15 +0800] "GET /xingrg/check_reg.html?_=1602988800314 HTTP/1.1" 200 22
114.84.37.38 - - [18/Oct/2020:10:44:16 +0800] "GET /xingrg/kc/buy/cgsh_order_add.html HTTP/1.1" 200 60006
222.69.142.206 - - [18/Oct/2020:10:44:17 +0800] "GET /xingrg/all/function/internal_message.html?_=1602989047783&CODE_STATE=getMsg HTTP/1.1" 200 27
114.84.37.38 - - [18/Oct/2020:10:44:18 +0800] "POST /xingrg/kc/buy/cgsh_order_operate.html HTTP/1.1" 200 8245
114.84.37.38 - - [18/Oct/2020:10:44:18 +0800] "GET /xingrg/javascript/easyui/themes/default/validatebox.css HTTP/1.1" 404 1104
58.37.8.227 - - [18/Oct/2020:10:44:20 +0800] "POST /xingrg/kc/buy/cgsh_order_operate.html HTTP/1.1" 200 37
120.253.135.82 - - [18/Oct/2020:10:44:22 +0800] "GET /xingrg/all/function/internal_message.html?_=1602988807287&CODE_STATE=getMsg HTTP/1.1" 200 27
172.17.0.120 - - [18/Oct/2020:10:44:23 +0800] "GET /xingrg/all/function/internal_message.html?_=1602989063910&CODE_STATE=getMsg HTTP/1.1" 200 27
58.37.8.227 - - [18/Oct/2020:10:44:27 +0800] "POST /xingrg/kc/buy/cgsh_order_operate.html HTTP/1.1" 200 28683
58.37.8.227 - - [18/Oct/2020:10:44:28 +0800] "GET /xingrg/all/function/internal_message.html?_=1602989064883&CODE_STATE=getMsg HTTP/1.1" 200 27
61.151.178.165 - - [18/Oct/2020:10:44:29 +0800] "GET /xingrg/kc/buy/cgsh_order_operate.html?command=get_materiel&rest_code=00141&code=00101008270&supplier_code=00100007&order_time=2020-10-18 HTTP/1.1" 302 -
172.17.0.103 - - [18/Oct/2020:10:44:31 +0800] "GET /xingrg/check_reg.html?_=1602989064619 HTTP/1.1" 200 22
58.40.7.146 - - [18/Oct/2020:10:44:31 +0800] "GET /xingrg/all/function/internal_message.html?_=1602989067644&CODE_STATE=getMsg HTTP/1.1" 200 27
124.77.70.31 - - [18/Oct/2020:10:44:32 +0800] "GET /xingrg/kc/buy/cgsh_order_operate.html?command=get_materiel&rest_code=00107&code=00101008069&supplier_code=00100006&order_time=2020-10-18 HTTP/1.1" 200 431
117.185.32.26 - - [18/Oct/2020:10:44:34 +0800] "GET /xingrg/all/function/internal_message.html?_=1602989065775&CODE_STATE=getMsg HTTP/1.1" 200 27
172.17.0.185 - - [18/Oct/2020:10:44:35 +0800] "GET /xingrg/all/function/internal_message.html?_=1602989070324&CODE_STATE=getMsg HTTP/1.1" 200 27
114.88.166.242 - - [18/Oct/2020:10:44:36 +0800] "GET /xingrg/all/function/internal_message.html?_=1602989161705&CODE_STATE=getMsg HTTP/1.1" 200 27
172.17.0.115 - - [18/Oct/2020:10:44:37 +0800] "GET /xingrg/all/function/internal_message.html?_=1602989074499&CODE_STATE=getMsg HTTP/1.1" 302 -
114.84.37.38 - - [18/Oct/2020:10:44:37 +0800] "GET /xingrg/kc/buy/cgsh_order_operate.html?command=get_materiel&rest_code=00146&code=00101003016&supplier_code=00100093&order_time=2020-10-18 HTTP/1.1" 200 420
61.151.178.165 - - [18/Oct/2020:10:44:38 +0800] "GET /xingrg/login.html HTTP/1.1" 200 7641
124.76.236.61 - - [18/Oct/2020:10:44:40 +0800] "GET /xingrg/all/function/internal_message.html?_=1602989045395&CODE_STATE=getMsg HTTP/1.1" 200 27
58.37.8.227 - - [18/Oct/2020:10:44:42 +0800] "GET /xingrg/kc/buy/cgsh_order_operate.html?command=get_materiel&rest_code=00141&code=00101008091&supplier_code=00100007&order_time=2020-10-18 HTTP/1.1" 200 432
172.17.0.105 - - [18/Oct/2020:10:44:43 +0800] "GET /xingrg/all/function/internal_message.html?_=1602989080348&CODE_STATE=getMsg HTTP/1.1" 200 27
124.77.70.31 - - [18/Oct/2020:10:44:44 +0800] "GET /xingrg/kc/buy/cgsh_order_operate.html?command=get_materiel&rest_code=00107&code=00101008286&supplier_code=00100006&order_time=2020-10-18 HTTP/1.1" 200 408
124.77.70.31 - - [18/Oct/2020:10:44:48 +0800] "GET /xingrg/all/function/internal_message.html?_=1602989084589&CODE_STATE=getMsg HTTP/1.1" 200 27
58.37.8.227 - - [18/Oct/2020:10:44:50 +0800] "GET /xingrg/kc/buy/cgsh_order_operate.html?command=get_materiel&rest_code=00141&code=00101008256&supplier_code=00100007&order_time=2020-10-18 HTTP/1.1" 200 432
172.17.0.103 - - [18/Oct/2020:10:44:50 +0800] "GET /xingrg/all/function/internal_message.html?_=1602989084494&CODE_STATE=getMsg HTTP/1.1" 200 27
58.37.8.227 - - [18/Oct/2020:10:44:57 +0800] "GET /xingrg/kc/buy/cgsh_order_operate.html?command=get_materiel&rest_code=00141&code=00101008185&supplier_code=00100007&order_time=2020-10-18 HTTP/1.1" 200 408
116.232.55.210 - - [18/Oct/2020:10:44:58 +0800] "GET /xingrg/all/function/internal_message.html?_=1602989094264&CODE_STATE=getMsg HTTP/1.1" 200 27
114.88.166.242 - - [18/Oct/2020:10:45:00 +0800] "GET /xingrg/all/function/internal_message.html?_=1602989095038&CODE_STATE=getMsg HTTP/1.1" 200 27
58.37.8.227 - - [18/Oct/2020:10:45:03 +0800] "GET /xingrg/kc/buy/cgsh_order_operate.html?command=get_materiel&rest_code=00141&code=00101008354&supplier_code=00100007&order_time=2020-10-18 HTTP/1.1" 200 432
58.37.8.227 - - [18/Oct/2020:10:45:05 +0800] "GET /xingrg/all/function/internal_message.html?_=1602988708311&CODE_STATE=getMsg HTTP/1.1" 200 27
58.37.8.227 - - [18/Oct/2020:10:45:06 +0800] "POST /xingrg/kc/buy/cgsh_order_operate.html HTTP/1.1" 200 2065
180.174.56.115 - - [18/Oct/2020:10:45:07 +0800] "GET /xingrg/all/function/internal_message.html?_=1602989101565&CODE_STATE=getMsg HTTP/1.1" 200 27
114.84.37.38 - - [18/Oct/2020:10:45:07 +0800] "GET /xingrg/all/function/internal_message.html?_=1602989125205&CODE_STATE=getMsg HTTP/1.1" 200 27
114.84.37.38 - - [18/Oct/2020:10:45:08 +0800] "GET /xingrg/kc/buy/buy_main.html HTTP/1.1" 200 12412
114.84.37.38 - - [18/Oct/2020:10:45:08 +0800] "GET /xingrg/css/blue.css HTTP/1.1" 304 -
114.84.37.38 - - [18/Oct/2020:10:45:08 +0800] "GET /xingrg/css/new_ie.css HTTP/1.1" 404 1036
114.84.37.38 - - [18/Oct/2020:10:45:08 +0800] "GET /xingrg/javascript/ToolTips.js HTTP/1.1" 304 -
114.84.37.38 - - [18/Oct/2020:10:45:08 +0800] "GET /xingrg/javascript/pic_change.js HTTP/1.1" 304 -
114.84.37.38 - - [18/Oct/2020:10:45:08 +0800] "GET /xingrg/javascript/jquery_ui/themes/humanity/humanity.css HTTP/1.1" 304 -
114.84.37.38 - - [18/Oct/2020:10:45:08 +0800] "GET /xingrg/javascript/myfunction.js HTTP/1.1" 304 -
114.84.37.38 - - [18/Oct/2020:10:45:08 +0800] "GET /xingrg/javascript/jquery_ui/jquery-ui.min.js HTTP/1.1" 304 -
114.84.37.38 - - [18/Oct/2020:10:45:09 +0800] "GET /xingrg/images/yd/bt.gif HTTP/1.1" 404 1040
114.84.37.38 - - [18/Oct/2020:10:45:10 +0800] "GET /xingrg/kc/buy/cgsh_order_list.html HTTP/1.1" 200 44268
124.77.70.31 - - [18/Oct/2020:10:45:11 +0800] "POST /xingrg/kc/buy/cgsh_order_operate.html HTTP/1.1" 200 37
180.162.245.190 - - [18/Oct/2020:10:45:12 +0800] "GET /xingrg/all/function/internal_message.html?_=1602989108271&CODE_STATE=getMsg HTTP/1.1" 200 27
58.37.8.227 - - [18/Oct/2020:10:45:12 +0800] "GET /xingrg/kc/buy/cgsh_order_operate.html?command=get_materiel&rest_code=00141&code=00101008351&supplier_code=00100007&order_time=2020-10-18 HTTP/1.1" 200 427
114.84.37.38 - - [18/Oct/2020:10:45:12 +0800] "POST /xingrg/kc/buy/cgsh_list_operate.html HTTP/1.1" 200 2431
180.162.245.190 - - [18/Oct/2020:10:45:12 +0800] "GET /xingrg/check_reg.html?_=1602989108869 HTTP/1.1" 200 22
124.77.70.31 - - [18/Oct/2020:10:45:13 +0800] "POST /xingrg/kc/buy/cgsh_order_operate.html HTTP/1.1" 200 15084
61.129.6.174 - - [18/Oct/2020:10:45:13 +0800] "GET /xingrg/kc/buy/cgsh_order_operate.html?command=get_materiel&rest_code=00141&code=00101008199&supplier_code=00100007&order_time=2020-10-18 HTTP/1.1" 302 -
222.69.142.206 - - [18/Oct/2020:10:45:17 +0800] "GET /xingrg/all/function/internal_message.html?_=1602989107769&CODE_STATE=getMsg HTTP/1.1" 200 27
58.37.8.227 - - [18/Oct/2020:10:45:19 +0800] "GET /xingrg/kc/buy/cgsh_order_operate.html?command=get_materiel&rest_code=00141&code=00101008026&supplier_code=00100007&order_time=2020-10-18 HTTP/1.1" 200 409
222.69.142.206 - - [18/Oct/2020:10:45:19 +0800] "GET /xingrg/check_reg.html?_=1602989109660 HTTP/1.1" 200 22
61.129.6.174 - - [18/Oct/2020:10:45:19 +0800] "GET /xingrg/login.html HTTP/1.1" 200 7641
117.185.32.26 - - [18/Oct/2020:10:45:21 +0800] "GET /xingrg/login.html HTTP/1.1" 200 7641
114.88.166.242 - - [18/Oct/2020:10:45:21 +0800] "GET /xingrg/kc/mdqp/pssh_order_list.html HTTP/1.1" 200 17914
114.88.166.242 - - [18/Oct/2020:10:45:21 +0800] "POST /xingrg/kc/mdqp/pssh_list_operate.html HTTP/1.1" 200 5438
117.185.32.26 - - [18/Oct/2020:10:45:22 +0800] "GET /favicon.ico HTTP/1.1" 404 -
120.253.135.82 - - [18/Oct/2020:10:45:22 +0800] "GET /xingrg/all/function/internal_message.html?_=1602988867301&CODE_STATE=getMsg HTTP/1.1" 200 27
114.88.166.242 - - [18/Oct/2020:10:45:22 +0800] "POST /xingrg/kc/mdqp/pssh_list_operate.html HTTP/1.1" 200 648
114.88.166.242 - - [18/Oct/2020:10:45:23 +0800] "GET /xingrg/kc/mdqp/pssh_order_info.html?code=312020101600412 HTTP/1.1" 200 17266
114.88.166.242 - - [18/Oct/2020:10:45:23 +0800] "GET /xingrg/javascript/jquery_tools/jquery-1.4.2.min.js HTTP/1.1" 404 1094
172.17.0.120 - - [18/Oct/2020:10:45:23 +0800] "GET /xingrg/check_reg.html?_=1602989123899 HTTP/1.1" 200 22
172.17.0.120 - - [18/Oct/2020:10:45:23 +0800] "GET /xingrg/all/function/internal_message.html?_=1602989123902&CODE_STATE=getMsg HTTP/1.1" 200 27
114.88.166.242 - - [18/Oct/2020:10:45:23 +0800] "GET /xingrg/all/common/auto_word.html?type=base&rest_code=00111&rest_code=00111 HTTP/1.1" 200 1753
114.88.166.242 - - [18/Oct/2020:10:45:23 +0800] "POST /xingrg/kc/mdqp/pssh_order_operate.html HTTP/1.1" 200 2567
114.88.166.242 - - [18/Oct/2020:10:45:23 +0800] "GET /xingrg/javascript/easyui/themes/default/validatebox.css HTTP/1.1" 404 1104
114.88.166.242 - - [18/Oct/2020:10:45:25 +0800] "GET /xingrg/css/images/panel_loading.gif HTTP/1.1" 304 -
114.88.166.242 - - [18/Oct/2020:10:45:25 +0800] "POST /xingrg/all/common/load_combo.html?type=base&rest_code=00111 HTTP/1.1" 200 3142
58.37.8.227 - - [18/Oct/2020:10:45:27 +0800] "GET /xingrg/kc/buy/cgsh_order_operate.html?command=get_materiel&rest_code=00141&code=00101008038&supplier_code=00100007&order_time=2020-10-18 HTTP/1.1" 200 412
58.37.8.227 - - [18/Oct/2020:10:45:28 +0800] "GET /xingrg/all/function/internal_message.html?_=1602989124914&CODE_STATE=getMsg HTTP/1.1" 200 27
114.84.37.38 - - [18/Oct/2020:10:45:31 +0800] "GET /xingrg/javascript/jquery_tools/order_manager.js HTTP/1.1" 304 -
114.84.37.38 - - [18/Oct/2020:10:45:31 +0800] "GET /xingrg/javascript/convert.js HTTP/1.1" 304 -
114.84.37.38 - - [18/Oct/2020:10:45:31 +0800] "GET /xingrg/javascript/json2.js HTTP/1.1" 304 -
114.84.37.38 - - [18/Oct/2020:10:45:31 +0800] "GET /xingrg/javascript/print/kc_print.js HTTP/1.1" 304 -
114.84.37.38 - - [18/Oct/2020:10:45:31 +0800] "GET /xingrg/kc/buy/cgsh_order_add.html HTTP/1.1" 200 60006
114.84.37.38 - - [18/Oct/2020:10:45:31 +0800] "GET /xingrg/words/20201018102111_words.js HTTP/1.1" 200 769363
58.40.7.146 - - [18/Oct/2020:10:45:31 +0800] "GET /xingrg/all/function/internal_message.html?_=1602989127616&CODE_STATE=getMsg HTTP/1.1" 200 27
114.84.37.38 - - [18/Oct/2020:10:45:32 +0800] "POST /xingrg/kc/buy/cgsh_order_operate.html HTTP/1.1" 200 8245
180.174.56.115 - - [18/Oct/2020:10:45:32 +0800] "POST /xingrg/kc/buy/cgsh_order_operate.html HTTP/1.1" 200 37
114.84.37.38 - - [18/Oct/2020:10:45:32 +0800] "GET /xingrg/all/common/auto_word.html?type=employee&rest_code=00146 HTTP/1.1" 200 197
114.84.37.38 - - [18/Oct/2020:10:45:32 +0800] "GET /xingrg/all/common/auto_word.html?type=employee&rest_code=00146 HTTP/1.1" 200 197
114.84.37.38 - - [18/Oct/2020:10:45:32 +0800] "GET /xingrg/javascript/easyui/themes/default/validatebox.css HTTP/1.1" 404 1104
114.84.37.38 - - [18/Oct/2020:10:45:32 +0800] "GET /xingrg/javascript/easyui/plugins/jquery.validatebox.js HTTP/1.1" 304 -
114.84.37.38 - - [18/Oct/2020:10:45:32 +0800] "GET /xingrg/javascript/easyui/plugins/jquery.numberbox.js HTTP/1.1" 304 -
180.174.56.115 - - [18/Oct/2020:10:45:34 +0800] "POST /xingrg/kc/buy/cgsh_order_operate.html HTTP/1.1" 200 12
117.185.32.26 - - [18/Oct/2020:10:45:34 +0800] "GET /xingrg/all/function/internal_message.html?_=1602989125772&CODE_STATE=getMsg HTTP/1.1" 200 27
114.88.166.242 - - [18/Oct/2020:10:45:34 +0800] "POST /xingrg/kc/mdqp/pssh_order_operate.html HTTP/1.1" 200 37
180.174.56.115 - - [18/Oct/2020:10:45:34 +0800] "GET /xingrg/kc/buy/cgsh_order_info.html?code=212020101807378 HTTP/1.1" 200 54553
114.88.166.242 - - [18/Oct/2020:10:45:34 +0800] "POST /xingrg/kc/mdqp/pssh_order_operate.html HTTP/1.1" 200 12
180.174.56.115 - - [18/Oct/2020:10:45:34 +0800] "GET /xingrg/words/20201018102111_words.js HTTP/1.1" 304 -
180.174.56.115 - - [18/Oct/2020:10:45:35 +0800] "GET /xingrg/javascript/easyui/themes/default/validatebox.css HTTP/1.1" 404 1104
180.174.56.115 - - [18/Oct/2020:10:45:35 +0800] "POST /xingrg/kc/buy/cgsh_order_operate.html HTTP/1.1" 200 1273
114.88.166.242 - - [18/Oct/2020:10:45:35 +0800] "GET /xingrg/kc/mdqp/pssh_order_info.html?code=312020101600412 HTTP/1.1" 200 14384
114.88.166.242 - - [18/Oct/2020:10:45:35 +0800] "GET /xingrg/javascript/jquery_tools/jquery-1.4.2.min.js HTTP/1.1" 404 1094
172.17.0.185 - - [18/Oct/2020:10:45:35 +0800] "GET /xingrg/all/function/internal_message.html?_=1602989130326&CODE_STATE=getMsg HTTP/1.1" 200 27
114.88.166.242 - - [18/Oct/2020:10:45:36 +0800] "GET /xingrg/javascript/easyui/themes/default/validatebox.css HTTP/1.1" 404 1104
114.88.166.242 - - [18/Oct/2020:10:45:36 +0800] "POST /xingrg/kc/mdqp/pssh_order_operate.html HTTP/1.1" 200 2567
114.88.166.242 - - [18/Oct/2020:10:45:36 +0800] "GET /xingrg/all/function/internal_message.html?_=1602989221716&CODE_STATE=getMsg HTTP/1.1" 200 27
114.88.166.242 - - [18/Oct/2020:10:45:37 +0800] "GET /xingrg/kc/print/load_config.html?kc_code=pssh HTTP/1.1" 200 2290
172.17.0.115 - - [18/Oct/2020:10:45:37 +0800] "GET /xingrg/all/function/internal_message.html?_=1602989134514&CODE_STATE=getMsg HTTP/1.1" 302 -
114.88.166.242 - - [18/Oct/2020:10:45:37 +0800] "GET /xingrg/kc/print/load_data.html?order_code=312020101600412&kc_code=pssh&condition= HTTP/1.1" 200 1315
101.89.239.238 - - [18/Oct/2020:10:45:37 +0800] "GET /xingrg/kc/buy/cgsh_order_operate.html?command=get_materiel&rest_code=00141&code=00101008003&supplier_code=00100007&order_time=2020-10-18 HTTP/1.1" 302 -
58.37.8.227 - - [18/Oct/2020:10:45:40 +0800] "GET /xingrg/check_reg.html?_=1602988742929 HTTP/1.1" 200 22
124.76.236.61 - - [18/Oct/2020:10:45:40 +0800] "GET /xingrg/all/function/internal_message.html?_=1602989105392&CODE_STATE=getMsg HTTP/1.1" 200 27
114.88.166.242 - - [18/Oct/2020:10:45:42 +0800] "POST /xingrg/kc/mdqp/pssh_list_operate.html HTTP/1.1" 200 814
58.37.8.227 - - [18/Oct/2020:10:45:42 +0800] "GET /xingrg/kc/buy/cgsh_order_operate.html?command=get_materiel&rest_code=00141&code=00101008355&supplier_code=00100007&order_time=2020-10-18 HTTP/1.1" 200 408
114.88.166.242 - - [18/Oct/2020:10:45:43 +0800] "GET /xingrg/kc/mdqp/pssh_order_list.html HTTP/1.1" 200 17914
114.88.166.242 - - [18/Oct/2020:10:45:43 +0800] "POST /xingrg/kc/mdqp/pssh_list_operate.html HTTP/1.1" 200 5472
172.17.0.105 - - [18/Oct/2020:10:45:43 +0800] "GET /xingrg/all/function/internal_message.html?_=1602989140360&CODE_STATE=getMsg HTTP/1.1" 200 27
172.17.0.105 - - [18/Oct/2020:10:45:44 +0800] "GET /xingrg/check_reg.html?_=1602989140535 HTTP/1.1" 200 22
114.88.166.242 - - [18/Oct/2020:10:45:44 +0800] "POST /xingrg/kc/mdqp/pssh_list_operate.html HTTP/1.1" 200 762
114.88.166.242 - - [18/Oct/2020:10:45:44 +0800] "GET /xingrg/kc/mdqp/pssh_order_info.html?code=312020101100294 HTTP/1.1" 200 17266
114.88.166.242 - - [18/Oct/2020:10:45:44 +0800] "GET /xingrg/javascript/jquery_tools/jquery-1.4.2.min.js HTTP/1.1" 404 1094
114.88.166.242 - - [18/Oct/2020:10:45:44 +0800] "GET /xingrg/javascript/easyui/themes/default/validatebox.css HTTP/1.1" 404 1104
114.88.166.242 - - [18/Oct/2020:10:45:44 +0800] "POST /xingrg/kc/mdqp/pssh_order_operate.html HTTP/1.1" 200 4118
58.37.8.227 - - [18/Oct/2020:10:45:44 +0800] "POST /xingrg/kc/buy/cgsh_order_operate.html HTTP/1.1" 200 2065
101.89.239.238 - - [18/Oct/2020:10:45:45 +0800] "GET /xingrg/login.html HTTP/1.1" 200 7641
114.88.166.242 - - [18/Oct/2020:10:45:46 +0800] "POST /xingrg/all/common/load_combo.html?type=base&rest_code=00111 HTTP/1.1" 200 3142
58.37.8.227 - - [18/Oct/2020:10:45:47 +0800] "GET /xingrg/kc/buy/cgsh_order_operate.html?command=get_materiel&rest_code=00141&code=00101008264&supplier_code=00100007&order_time=2020-10-18 HTTP/1.1" 200 412
124.77.70.31 - - [18/Oct/2020:10:45:48 +0800] "GET /xingrg/all/function/internal_message.html?_=1602989144571&CODE_STATE=getMsg HTTP/1.1" 200 27
172.17.0.103 - - [18/Oct/2020:10:45:50 +0800] "GET /xingrg/all/function/internal_message.html?_=1602989144477&CODE_STATE=getMsg HTTP/1.1" 200 27
180.174.56.115 - - [18/Oct/2020:10:45:53 +0800] "GET /xingrg/kc/print/load_data.html?order_code=212020101807378&kc_code=cgsh&condition= HTTP/1.1" 200 1020
114.84.37.38 - - [18/Oct/2020:10:45:55 +0800] "POST /xingrg/kc/buy/cgsh_order_operate.html HTTP/1.1" 200 37
58.37.8.227 - - [18/Oct/2020:10:45:55 +0800] "GET /xingrg/kc/buy/cgsh_order_operate.html?command=get_materiel&rest_code=00141&code=00101008137&supplier_code=00100007&order_time=2020-10-18 HTTP/1.1" 200 408
114.84.37.38 - - [18/Oct/2020:10:45:57 +0800] "POST /xingrg/kc/buy/cgsh_order_operate.html HTTP/1.1" 200 2672
114.84.37.38 - - [18/Oct/2020:10:45:58 +0800] "GET /xingrg/javascript/auto/indicator.gif HTTP/1.1" 404 1066
116.232.55.210 - - [18/Oct/2020:10:45:58 +0800] "GET /xingrg/all/function/internal_message.html?_=1602989154290&CODE_STATE=getMsg HTTP/1.1" 200 27
114.84.37.38 - - [18/Oct/2020:10:45:59 +0800] "GET /xingrg/javascript/jquery_tools/images/prev.gif HTTP/1.1" 404 1086
114.84.37.38 - - [18/Oct/2020:10:45:59 +0800] "GET /xingrg/javascript/jquery_tools/images/next.gif HTTP/1.1" 404 1086
114.88.166.242 - - [18/Oct/2020:10:46:00 +0800] "GET /xingrg/all/function/internal_message.html?_=1602989155037&CODE_STATE=getMsg HTTP/1.1" 200 27
58.37.8.227 - - [18/Oct/2020:10:46:01 +0800] "GET /xingrg/kc/buy/cgsh_order_operate.html?command=get_materiel&rest_code=00141&code=00101008360&supplier_code=00100007&order_time=2020-10-18 HTTP/1.1" 200 413
114.84.37.38 - - [18/Oct/2020:10:46:05 +0800] "GET /xingrg/kc/buy/cgsh_order_operate.html?command=get_materiel&rest_code=00146&code=00101008083&supplier_code=00100005&order_time=2020-10-18 HTTP/1.1" 200 427
58.37.8.227 - - [18/Oct/2020:10:46:05 +0800] "GET /xingrg/all/function/internal_message.html?_=1602988768287&CODE_STATE=getMsg HTTP/1.1" 200 27
114.88.166.242 - - [18/Oct/2020:10:46:06 +0800] "POST /xingrg/kc/mdqp/pssh_order_operate.html HTTP/1.1" 200 37
114.88.166.242 - - [18/Oct/2020:10:46:06 +0800] "POST /xingrg/kc/mdqp/pssh_order_operate.html HTTP/1.1" 200 12
114.88.166.242 - - [18/Oct/2020:10:46:06 +0800] "GET /xingrg/kc/mdqp/pssh_order_info.html?code=312020101100294 HTTP/1.1" 200 14382
114.88.166.242 - - [18/Oct/2020:10:46:06 +0800] "GET /xingrg/javascript/jquery_tools/jquery-1.4.2.min.js HTTP/1.1" 404 1094
114.88.166.242 - - [18/Oct/2020:10:46:07 +0800] "GET /xingrg/javascript/easyui/themes/default/validatebox.css HTTP/1.1" 404 1104
114.88.166.242 - - [18/Oct/2020:10:46:07 +0800] "POST /xingrg/kc/mdqp/pssh_order_operate.html HTTP/1.1" 200 4118
180.174.56.115 - - [18/Oct/2020:10:46:07 +0800] "GET /xingrg/all/function/internal_message.html?_=1602989161576&CODE_STATE=getMsg HTTP/1.1" 200 27
114.84.37.38 - - [18/Oct/2020:10:46:07 +0800] "GET /xingrg/all/function/internal_message.html?_=1602989185219&CODE_STATE=getMsg HTTP/1.1" 200 27
114.88.166.242 - - [18/Oct/2020:10:46:08 +0800] "GET /xingrg/kc/print/load_data.html?order_code=312020101100294&kc_code=pssh&condition= HTTP/1.1" 200 1835
114.84.37.38 - - [18/Oct/2020:10:46:08 +0800] "POST /xingrg/all/common/load_select.html HTTP/1.1" 200 25
180.162.245.190 - - [18/Oct/2020:10:46:12 +0800] "GET /xingrg/all/function/internal_message.html?_=1602989168245&CODE_STATE=getMsg HTTP/1.1" 200 27
114.88.166.242 - - [18/Oct/2020:10:46:12 +0800] "GET /xingrg/kc/base/wldb_order_list.html HTTP/1.1" 200 19377
114.88.166.242 - - [18/Oct/2020:10:46:13 +0800] "POST /xingrg/kc/base/wldb_list_operate.html HTTP/1.1" 200 1771
114.84.37.38 - - [18/Oct/2020:10:46:13 +0800] "GET /xingrg/kc/buy/cgsh_order_operate.html?command=get_materiel_price&rest_code=00146&code=00101008083&unit_code=00100026&supplier_code=00100005&order_time=2020-10-18 HTTP/1.1" 200 27
114.88.166.242 - - [18/Oct/2020:10:46:13 +0800] "GET /xingrg/kc/base/wldb_order_add.html HTTP/1.1" 200 30489
114.88.166.242 - - [18/Oct/2020:10:46:14 +0800] "POST /xingrg/kc/base/wldb_order_operate.html HTTP/1.1" 200 6806
114.88.166.242 - - [18/Oct/2020:10:46:14 +0800] "GET /xingrg/all/common/auto_word.html?type=base&rest_code=00111 HTTP/1.1" 200 1753
114.88.166.242 - - [18/Oct/2020:10:46:14 +0800] "GET /xingrg/all/common/auto_word.html?type=base&rest_code=00111 HTTP/1.1" 200 1753
114.88.166.242 - - [18/Oct/2020:10:46:14 +0800] "GET /xingrg/javascript/easyui/themes/default/validatebox.css HTTP/1.1" 404 1104
222.69.142.206 - - [18/Oct/2020:10:46:17 +0800] "GET /xingrg/all/function/internal_message.html?_=1602989167743&CODE_STATE=getMsg HTTP/1.1" 200 27
114.88.166.242 - - [18/Oct/2020:10:46:21 +0800] "GET /xingrg/kc/base/wldb_order_operate.html?command=get_materiel&rest_code=00111&base_code=0010291&code=00102002249 HTTP/1.1" 200 432
120.253.135.82 - - [18/Oct/2020:10:46:22 +0800] "GET /xingrg/all/function/internal_message.html?_=1602988927387&CODE_STATE=getMsg HTTP/1.1" 200 27
172.17.0.120 - - [18/Oct/2020:10:46:23 +0800] "GET /xingrg/all/function/internal_message.html?_=1602989183907&CODE_STATE=getMsg HTTP/1.1" 200 27
61.129.7.235 - - [18/Oct/2020:10:46:24 +0800] "GET /xingrg/kc/buy/cgsh_order_operate.html?command=get_materiel&rest_code=00141&code=00101008098&supplier_code=00100007&order_time=2020-10-18 HTTP/1.1" 302 -
114.84.37.38 - - [18/Oct/2020:10:46:24 +0800] "POST /xingrg/kc/buy/cgsh_order_operate.html HTTP/1.1" 200 37
114.88.166.242 - - [18/Oct/2020:10:46:26 +0800] "GET /xingrg/kc/base/wldb_order_operate.html?command=get_materiel&rest_code=00111&base_code=0010291&code=00102008084 HTTP/1.1" 200 433
114.84.37.38 - - [18/Oct/2020:10:46:26 +0800] "POST /xingrg/kc/buy/cgsh_order_operate.html HTTP/1.1" 200 2671
114.84.37.38 - - [18/Oct/2020:10:46:28 +0800] "GET /xingrg/kc/buy/cgsh_order_operate.html?command=get_materiel&rest_code=00146&code=00101008126&supplier_code=00100005&order_time=2020-10-18 HTTP/1.1" 200 412
58.37.8.227 - - [18/Oct/2020:10:46:28 +0800] "GET /xingrg/all/function/internal_message.html?_=1602989184991&CODE_STATE=getMsg HTTP/1.1" 200 27
114.84.37.38 - - [18/Oct/2020:10:46:30 +0800] "GET /xingrg/kc/print/load_data.html?order_code=212020101807379&kc_code=cgsh&condition= HTTP/1.1" 200 752
124.76.236.61 - - [18/Oct/2020:10:46:30 +0800] "GET /xingrg/kc/buy/cgsh_order_add.html HTTP/1.1" 200 59081
124.76.236.61 - - [18/Oct/2020:10:46:31 +0800] "GET /xingrg/javascript/easyui/themes/default/validatebox.css HTTP/1.1" 404 1104
124.76.236.61 - - [18/Oct/2020:10:46:31 +0800] "POST /xingrg/kc/buy/cgsh_order_operate.html HTTP/1.1" 200 8245
58.40.7.146 - - [18/Oct/2020:10:46:31 +0800] "GET /xingrg/all/function/internal_message.html?_=1602989187601&CODE_STATE=getMsg HTTP/1.1" 200 27
114.88.166.242 - - [18/Oct/2020:10:46:31 +0800] "GET /xingrg/kc/base/wldb_order_operate.html?command=get_materiel&rest_code=00111&base_code=0010291&code=00102003119 HTTP/1.1" 200 432
61.129.7.235 - - [18/Oct/2020:10:46:32 +0800] "GET /xingrg/login.html HTTP/1.1" 200 7641
124.76.236.61 - - [18/Oct/2020:10:46:33 +0800] "GET /xingrg/javascript/easyui/themes/default/tree.css HTTP/1.1" 404 1090
124.76.236.61 - - [18/Oct/2020:10:46:33 +0800] "POST /xingrg/all/common/load_tree.html?tree=supplier_tree_json&isDelete=1 HTTP/1.1" 200 50666
117.185.32.26 - - [18/Oct/2020:10:46:34 +0800] "GET /xingrg/all/function/internal_message.html?_=1602989185748&CODE_STATE=getMsg HTTP/1.1" 200 27
172.17.0.185 - - [18/Oct/2020:10:46:35 +0800] "GET /xingrg/all/function/internal_message.html?_=1602989190328&CODE_STATE=getMsg HTTP/1.1" 200 27
172.17.0.185 - - [18/Oct/2020:10:46:35 +0800] "GET /xingrg/check_reg.html?_=1602989190333 HTTP/1.1" 200 22
114.84.37.38 - - [18/Oct/2020:10:46:36 +0800] "GET /xingrg/kc/buy/cgsh_order_operate.html?command=get_materiel&rest_code=00146&code=00101008087&supplier_code=00100005&order_time=2020-10-18 HTTP/1.1" 200 412
114.88.166.242 - - [18/Oct/2020:10:46:36 +0800] "GET /xingrg/check_reg.html?_=1602989281714 HTTP/1.1" 200 22
114.88.166.242 - - [18/Oct/2020:10:46:36 +0800] "GET /xingrg/all/function/internal_message.html?_=1602989281717&CODE_STATE=getMsg HTTP/1.1" 200 27
172.17.0.115 - - [18/Oct/2020:10:46:37 +0800] "GET /xingrg/all/function/internal_message.html?_=1602989194542&CODE_STATE=getMsg HTTP/1.1" 302 -
124.76.236.61 - - [18/Oct/2020:10:46:40 +0800] "GET /xingrg/all/function/internal_message.html?_=1602989165395&CODE_STATE=getMsg HTTP/1.1" 200 27
124.76.236.61 - - [18/Oct/2020:10:46:40 +0800] "GET /xingrg/check_reg.html?_=1602989165399 HTTP/1.1" 200 22
172.17.0.105 - - [18/Oct/2020:10:46:43 +0800] "GET /xingrg/all/function/internal_message.html?_=1602989200352&CODE_STATE=getMsg HTTP/1.1" 200 27
114.84.37.38 - - [18/Oct/2020:10:46:44 +0800] "GET /xingrg/kc/buy/cgsh_order_operate.html?command=get_materiel&rest_code=00146&code=00101008098&supplier_code=00100005&order_time=2020-10-18 HTTP/1.1" 200 412
124.77.70.31 - - [18/Oct/2020:10:46:48 +0800] "GET /xingrg/all/function/internal_message.html?_=1602989204550&CODE_STATE=getMsg HTTP/1.1" 200 27
114.84.37.38 - - [18/Oct/2020:10:46:50 +0800] "GET /xingrg/check_reg.html?_=1602989213149 HTTP/1.1" 200 22
172.17.0.103 - - [18/Oct/2020:10:46:50 +0800] "GET /xingrg/all/function/internal_message.html?_=1602989204451&CODE_STATE=getMsg HTTP/1.1" 200 27
114.88.166.242 - - [18/Oct/2020:10:46:50 +0800] "POST /xingrg/kc/base/wldb_order_operate.html HTTP/1.1" 200 37
114.88.166.242 - - [18/Oct/2020:10:46:51 +0800] "POST /xingrg/kc/base/wldb_order_operate.html HTTP/1.1" 200 3125
114.88.166.242 - - [18/Oct/2020:10:46:51 +0800] "GET /xingrg/kc/base/wldb_order_info.html?code=422020101802098 HTTP/1.1" 200 30497
114.88.166.242 - - [18/Oct/2020:10:46:51 +0800] "GET /xingrg/javascript/easyui/themes/default/validatebox.css HTTP/1.1" 404 1104
114.88.166.242 - - [18/Oct/2020:10:46:51 +0800] "POST /xingrg/kc/base/wldb_order_operate.html HTTP/1.1" 200 3125
114.88.166.242 - - [18/Oct/2020:10:46:52 +0800] "GET /xingrg/kc/print/load_config.html?kc_code=wldb HTTP/1.1" 200 2173
114.88.166.242 - - [18/Oct/2020:10:46:52 +0800] "GET /xingrg/kc/print/load_data.html?order_code=422020101802098&kc_code=wldb&condition= HTTP/1.1" 200 780
58.37.8.227 - - [18/Oct/2020:10:46:53 +0800] "GET /xingrg/check_reg.html?_=1602989209476 HTTP/1.1" 200 22
116.232.55.210 - - [18/Oct/2020:10:46:58 +0800] "GET /xingrg/check_reg.html?_=1602989214287 HTTP/1.1" 200 22
116.232.55.210 - - [18/Oct/2020:10:46:58 +0800] "GET /xingrg/all/function/internal_message.html?_=1602989214288&CODE_STATE=getMsg HTTP/1.1" 200 27
114.88.166.242 - - [18/Oct/2020:10:47:00 +0800] "GET /xingrg/all/function/internal_message.html?_=1602989215035&CODE_STATE=getMsg HTTP/1.1" 200 27
58.37.8.227 - - [18/Oct/2020:10:47:05 +0800] "GET /xingrg/all/function/internal_message.html?_=1602988828258&CODE_STATE=getMsg HTTP/1.1" 200 27
180.174.56.115 - - [18/Oct/2020:10:47:07 +0800] "GET /xingrg/all/function/internal_message.html?_=1602989221586&CODE_STATE=getMsg HTTP/1.1" 200 27
114.84.37.38 - - [18/Oct/2020:10:47:07 +0800] "GET /xingrg/all/function/internal_message.html?_=1602989245232&CODE_STATE=getMsg HTTP/1.1" 200 27
180.162.245.190 - - [18/Oct/2020:10:47:12 +0800] "GET /xingrg/all/function/internal_message.html?_=1602989228222&CODE_STATE=getMsg HTTP/1.1" 200 27
222.69.142.206 - - [18/Oct/2020:10:47:17 +0800] "GET /xingrg/all/function/internal_message.html?_=1602989227715&CODE_STATE=getMsg HTTP/1.1" 200 27
120.253.135.82 - - [18/Oct/2020:10:47:22 +0800] "GET /xingrg/all/function/internal_message.html?_=1602988987390&CODE_STATE=getMsg HTTP/1.1" 200 27
172.17.0.120 - - [18/Oct/2020:10:47:23 +0800] "GET /xingrg/all/function/internal_message.html?_=1602989243911&CODE_STATE=getMsg HTTP/1.1" 200 27
58.37.8.227 - - [18/Oct/2020:10:47:28 +0800] "GET /xingrg/all/function/internal_message.html?_=1602989244874&CODE_STATE=getMsg HTTP/1.1" 200 27
58.40.7.146 - - [18/Oct/2020:10:47:31 +0800] "GET /xingrg/all/function/internal_message.html?_=1602989247572&CODE_STATE=getMsg HTTP/1.1" 200 27
58.40.7.146 - - [18/Oct/2020:10:47:31 +0800] "GET /xingrg/check_reg.html?_=1602989247683 HTTP/1.1" 200 22
117.185.32.26 - - [18/Oct/2020:10:47:34 +0800] "GET /xingrg/all/function/internal_message.html?_=1602989245722&CODE_STATE=getMsg HTTP/1.1" 200 27
172.17.0.185 - - [18/Oct/2020:10:47:35 +0800] "GET /xingrg/all/function/internal_message.html?_=1602989250319&CODE_STATE=getMsg HTTP/1.1" 200 27
114.88.166.242 - - [18/Oct/2020:10:47:36 +0800] "GET /xingrg/all/function/internal_message.html?_=1602989341722&CODE_STATE=getMsg HTTP/1.1" 200 27
172.17.0.115 - - [18/Oct/2020:10:47:37 +0800] "GET /xingrg/all/function/internal_message.html?_=1602989254558&CODE_STATE=getMsg HTTP/1.1" 302 -
124.76.236.61 - - [18/Oct/2020:10:47:40 +0800] "GET /xingrg/all/function/internal_message.html?_=1602989225408&CODE_STATE=getMsg HTTP/1.1" 200 27
172.17.0.105 - - [18/Oct/2020:10:47:43 +0800] "GET /xingrg/all/function/internal_message.html?_=1602989260356&CODE_STATE=getMsg HTTP/1.1" 200 27
117.185.32.26 - - [18/Oct/2020:10:47:44 +0800] "GET /xingrg/check_reg.html?_=1602989255682 HTTP/1.1" 200 22
