120.253.135.82 - - [18/Oct/2020:05:41:20 +0800] "GET /xingrg/dwr/interface/AjaxQqpsService.js HTTP/1.1" 200 16326
120.253.135.82 - - [18/Oct/2020:05:41:20 +0800] "GET /xingrg/dwr/interface/AjaxReportQueryService.js HTTP/1.1" 200 13203
120.253.135.82 - - [18/Oct/2020:05:41:20 +0800] "GET /xingrg/dwr/engine.js HTTP/1.1" 200 43631
120.253.135.82 - - [18/Oct/2020:05:41:22 +0800] "GET /xingrg/kc/pszx/mdqp_order_info.html?code=302020101700389 HTTP/1.1" 200 13350
120.253.135.82 - - [18/Oct/2020:05:41:22 +0800] "GET /xingrg/dwr/interface/AjaxComOrderService.js HTTP/1.1" 200 18264
120.253.135.82 - - [18/Oct/2020:05:41:22 +0800] "GET /xingrg/dwr/interface/AjaxQqpsService.js HTTP/1.1" 200 16326
120.253.135.82 - - [18/Oct/2020:05:41:22 +0800] "GET /xingrg/dwr/engine.js HTTP/1.1" 200 43631
120.253.135.82 - - [18/Oct/2020:05:41:22 +0800] "POST /xingrg/dwr/call/plaincall/AjaxQqpsService.loadMaterielItems.dwr HTTP/1.1" 200 968
172.17.0.103 - - [18/Oct/2020:05:41:22 +0800] "GET /xingrg/all/function/internal_message.html?_=1602970876867&CODE_STATE=getMsg HTTP/1.1" 200 27
172.17.0.115 - - [18/Oct/2020:05:41:33 +0800] "GET /xingrg/all/function/internal_message.html?_=1602970890102&CODE_STATE=getMsg HTTP/1.1" 302 -
117.185.32.26 - - [18/Oct/2020:05:41:33 +0800] "GET /xingrg/all/function/internal_message.html?_=1602970885839&CODE_STATE=getMsg HTTP/1.1" 200 27
183.192.164.97 - - [18/Oct/2020:05:41:34 +0800] "GET /xingrg/all/function/internal_message.html?_=1602970825865&CODE_STATE=getMsg HTTP/1.1" 302 -
183.192.164.97 - - [18/Oct/2020:05:41:35 +0800] "GET /xingrg/login.html HTTP/1.1" 200 7641
172.17.0.185 - - [18/Oct/2020:05:41:35 +0800] "GET /xingrg/all/function/internal_message.html?_=1602970890320&CODE_STATE=getMsg HTTP/1.1" 200 27
172.17.0.185 - - [18/Oct/2020:05:41:35 +0800] "GET /xingrg/check_reg.html?_=1602970890325 HTTP/1.1" 200 22
120.253.135.82 - - [18/Oct/2020:05:41:35 +0800] "GET /xingrg/kc/pszx/mdqp_order_list.html?isBack=1 HTTP/1.1" 302 -
120.253.135.82 - - [18/Oct/2020:05:41:35 +0800] "GET /xingrg/kc/pszx/mdqp_order_list.html?state=10 HTTP/1.1" 200 14996
120.253.135.82 - - [18/Oct/2020:05:41:35 +0800] "GET /xingrg/dwr/interface/AjaxReportQueryService.js HTTP/1.1" 200 13203
120.253.135.82 - - [18/Oct/2020:05:41:35 +0800] "GET /xingrg/dwr/interface/AjaxQqpsService.js HTTP/1.1" 200 16326
120.253.135.82 - - [18/Oct/2020:05:41:35 +0800] "GET /xingrg/dwr/engine.js HTTP/1.1" 200 43631
120.253.135.82 - - [18/Oct/2020:05:41:38 +0800] "GET /xingrg/kc/pszx/mdqp_order_info.html?code=302020101700391 HTTP/1.1" 200 13350
120.253.135.82 - - [18/Oct/2020:05:41:38 +0800] "GET /xingrg/dwr/interface/AjaxComOrderService.js HTTP/1.1" 200 18264
120.253.135.82 - - [18/Oct/2020:05:41:38 +0800] "GET /xingrg/dwr/interface/AjaxQqpsService.js HTTP/1.1" 200 16326
120.253.135.82 - - [18/Oct/2020:05:41:38 +0800] "GET /xingrg/dwr/engine.js HTTP/1.1" 200 43631
120.253.135.82 - - [18/Oct/2020:05:41:39 +0800] "POST /xingrg/dwr/call/plaincall/AjaxQqpsService.loadMaterielItems.dwr HTTP/1.1" 200 3277
172.17.0.105 - - [18/Oct/2020:05:41:43 +0800] "GET /xingrg/all/function/internal_message.html?_=1602970899469&CODE_STATE=getMsg HTTP/1.1" 200 27
120.253.135.82 - - [18/Oct/2020:05:41:45 +0800] "GET /xingrg/kc/pszx/mdqp_order_list.html?isBack=1 HTTP/1.1" 302 -
120.253.135.82 - - [18/Oct/2020:05:41:45 +0800] "GET /xingrg/kc/pszx/mdqp_order_list.html?state=10 HTTP/1.1" 200 14996
120.253.135.82 - - [18/Oct/2020:05:41:45 +0800] "GET /xingrg/dwr/interface/AjaxQqpsService.js HTTP/1.1" 200 16326
120.253.135.82 - - [18/Oct/2020:05:41:45 +0800] "GET /xingrg/dwr/interface/AjaxReportQueryService.js HTTP/1.1" 200 13203
120.253.135.82 - - [18/Oct/2020:05:41:45 +0800] "GET /xingrg/dwr/engine.js HTTP/1.1" 200 43631
120.253.135.82 - - [18/Oct/2020:05:41:47 +0800] "GET /xingrg/kc/pszx/mdqp_order_info.html?code=302020101700392 HTTP/1.1" 200 13350
120.253.135.82 - - [18/Oct/2020:05:41:47 +0800] "GET /xingrg/dwr/interface/AjaxComOrderService.js HTTP/1.1" 200 18264
120.253.135.82 - - [18/Oct/2020:05:41:47 +0800] "GET /xingrg/dwr/interface/AjaxQqpsService.js HTTP/1.1" 200 16326
120.253.135.82 - - [18/Oct/2020:05:41:47 +0800] "GET /xingrg/dwr/engine.js HTTP/1.1" 200 43631
114.84.37.38 - - [18/Oct/2020:05:41:48 +0800] "GET /xingrg/check_reg.html?_=1602970910406 HTTP/1.1" 200 22
120.253.135.82 - - [18/Oct/2020:05:41:48 +0800] "POST /xingrg/dwr/call/plaincall/AjaxQqpsService.loadMaterielItems.dwr HTTP/1.1" 200 690
120.253.135.82 - - [18/Oct/2020:05:41:53 +0800] "GET /xingrg/kc/pszx/mdqp_order_list.html?isBack=1 HTTP/1.1" 302 -
120.253.135.82 - - [18/Oct/2020:05:41:53 +0800] "GET /xingrg/kc/pszx/mdqp_order_list.html?state=10 HTTP/1.1" 200 14996
120.253.135.82 - - [18/Oct/2020:05:41:53 +0800] "GET /xingrg/dwr/interface/AjaxQqpsService.js HTTP/1.1" 200 16326
120.253.135.82 - - [18/Oct/2020:05:41:53 +0800] "GET /xingrg/dwr/interface/AjaxReportQueryService.js HTTP/1.1" 200 13203
120.253.135.82 - - [18/Oct/2020:05:41:53 +0800] "GET /xingrg/dwr/engine.js HTTP/1.1" 200 43631
120.253.135.82 - - [18/Oct/2020:05:41:55 +0800] "GET /xingrg/kc/pszx/mdqp_order_info.html?code=302020101700393 HTTP/1.1" 200 13350
120.253.135.82 - - [18/Oct/2020:05:41:55 +0800] "GET /xingrg/dwr/interface/AjaxComOrderService.js HTTP/1.1" 200 18264
120.253.135.82 - - [18/Oct/2020:05:41:55 +0800] "GET /xingrg/dwr/interface/AjaxQqpsService.js HTTP/1.1" 200 16326
120.253.135.82 - - [18/Oct/2020:05:41:55 +0800] "GET /xingrg/dwr/engine.js HTTP/1.1" 200 43631
120.253.135.82 - - [18/Oct/2020:05:41:56 +0800] "POST /xingrg/dwr/call/plaincall/AjaxQqpsService.loadMaterielItems.dwr HTTP/1.1" 200 355
120.253.135.82 - - [18/Oct/2020:05:41:59 +0800] "GET /xingrg/kc/pszx/mdqp_order_list.html?isBack=1 HTTP/1.1" 302 -
120.253.135.82 - - [18/Oct/2020:05:41:59 +0800] "GET /xingrg/kc/pszx/mdqp_order_list.html?state=10 HTTP/1.1" 200 14996
120.253.135.82 - - [18/Oct/2020:05:41:59 +0800] "GET /xingrg/dwr/interface/AjaxQqpsService.js HTTP/1.1" 200 16326
120.253.135.82 - - [18/Oct/2020:05:41:59 +0800] "GET /xingrg/dwr/interface/AjaxReportQueryService.js HTTP/1.1" 200 13203
120.253.135.82 - - [18/Oct/2020:05:41:59 +0800] "GET /xingrg/dwr/engine.js HTTP/1.1" 200 43631
114.88.166.242 - - [18/Oct/2020:05:42:00 +0800] "GET /xingrg/all/function/internal_message.html?_=1602970914857&CODE_STATE=getMsg HTTP/1.1" 200 27
120.253.135.82 - - [18/Oct/2020:05:42:03 +0800] "GET /xingrg/kc/pszx/mdqp_order_info.html?code=302020101700394 HTTP/1.1" 200 13350
120.253.135.82 - - [18/Oct/2020:05:42:03 +0800] "GET /xingrg/dwr/interface/AjaxComOrderService.js HTTP/1.1" 200 18264
120.253.135.82 - - [18/Oct/2020:05:42:03 +0800] "GET /xingrg/dwr/interface/AjaxQqpsService.js HTTP/1.1" 200 16326
120.253.135.82 - - [18/Oct/2020:05:42:03 +0800] "GET /xingrg/dwr/engine.js HTTP/1.1" 200 43631
120.253.135.82 - - [18/Oct/2020:05:42:03 +0800] "POST /xingrg/dwr/call/plaincall/AjaxQqpsService.loadMaterielItems.dwr HTTP/1.1" 200 6311
120.253.135.82 - - [18/Oct/2020:05:42:05 +0800] "GET /xingrg/all/function/internal_message.html?_=1602970670486&CODE_STATE=getMsg HTTP/1.1" 200 27
120.253.135.82 - - [18/Oct/2020:05:42:08 +0800] "GET /xingrg/images/yd/bt.gif HTTP/1.1" 404 1040
120.253.135.82 - - [18/Oct/2020:05:42:08 +0800] "GET /xingrg/images/yd/bt2.gif HTTP/1.1" 404 1042
172.17.0.123 - - [18/Oct/2020:05:42:08 +0800] "GET /xingrg/all/function/internal_message.html?_=1602970896096&CODE_STATE=getMsg HTTP/1.1" 302 -
58.37.8.227 - - [18/Oct/2020:05:42:12 +0800] "GET /xingrg/all/function/internal_message.html?_=1602970535043&CODE_STATE=getMsg HTTP/1.1" 200 27
172.17.0.103 - - [18/Oct/2020:05:42:22 +0800] "GET /xingrg/all/function/internal_message.html?_=1602970936866&CODE_STATE=getMsg HTTP/1.1" 200 27
120.253.135.82 - - [18/Oct/2020:05:42:28 +0800] "GET /xingrg/kc/pszx/mdqp_order_list.html?isBack=1 HTTP/1.1" 302 -
120.253.135.82 - - [18/Oct/2020:05:42:28 +0800] "GET /xingrg/kc/pszx/mdqp_order_list.html?state=10 HTTP/1.1" 200 14996
120.253.135.82 - - [18/Oct/2020:05:42:28 +0800] "GET /xingrg/dwr/interface/AjaxReportQueryService.js HTTP/1.1" 200 13203
120.253.135.82 - - [18/Oct/2020:05:42:28 +0800] "GET /xingrg/dwr/interface/AjaxQqpsService.js HTTP/1.1" 200 16326
120.253.135.82 - - [18/Oct/2020:05:42:28 +0800] "GET /xingrg/dwr/engine.js HTTP/1.1" 200 43631
120.253.135.82 - - [18/Oct/2020:05:42:31 +0800] "GET /xingrg/kc/pszx/mdqp_order_info.html?code=302020101700397 HTTP/1.1" 200 13350
120.253.135.82 - - [18/Oct/2020:05:42:31 +0800] "GET /xingrg/dwr/interface/AjaxQqpsService.js HTTP/1.1" 200 16326
120.253.135.82 - - [18/Oct/2020:05:42:31 +0800] "GET /xingrg/dwr/interface/AjaxComOrderService.js HTTP/1.1" 200 18264
120.253.135.82 - - [18/Oct/2020:05:42:31 +0800] "GET /xingrg/dwr/engine.js HTTP/1.1" 200 43631
120.253.135.82 - - [18/Oct/2020:05:42:31 +0800] "POST /xingrg/dwr/call/plaincall/AjaxQqpsService.loadMaterielItems.dwr HTTP/1.1" 200 4440
172.17.0.115 - - [18/Oct/2020:05:42:33 +0800] "GET /xingrg/all/function/internal_message.html?_=1602970950127&CODE_STATE=getMsg HTTP/1.1" 302 -
117.185.32.26 - - [18/Oct/2020:05:42:33 +0800] "GET /xingrg/all/function/internal_message.html?_=1602970945812&CODE_STATE=getMsg HTTP/1.1" 200 27
172.17.0.185 - - [18/Oct/2020:05:42:35 +0800] "GET /xingrg/all/function/internal_message.html?_=1602970950327&CODE_STATE=getMsg HTTP/1.1" 200 27
120.253.135.82 - - [18/Oct/2020:05:42:41 +0800] "GET /xingrg/images/yd/bt.gif HTTP/1.1" 404 1040
120.253.135.82 - - [18/Oct/2020:05:42:41 +0800] "GET /xingrg/images/yd/bt2.gif HTTP/1.1" 404 1042
172.17.0.105 - - [18/Oct/2020:05:42:43 +0800] "GET /xingrg/all/function/internal_message.html?_=1602970959471&CODE_STATE=getMsg HTTP/1.1" 200 27
117.185.32.26 - - [18/Oct/2020:05:42:45 +0800] "GET /xingrg/check_reg.html?_=1602970956869 HTTP/1.1" 200 22
120.253.135.82 - - [18/Oct/2020:05:42:55 +0800] "GET /xingrg/kc/pszx/mdqp_order_list.html?isBack=1 HTTP/1.1" 302 -
120.253.135.82 - - [18/Oct/2020:05:42:55 +0800] "GET /xingrg/kc/pszx/mdqp_order_list.html?state=10 HTTP/1.1" 200 14996
120.253.135.82 - - [18/Oct/2020:05:42:56 +0800] "GET /xingrg/dwr/interface/AjaxQqpsService.js HTTP/1.1" 200 16326
120.253.135.82 - - [18/Oct/2020:05:42:56 +0800] "GET /xingrg/dwr/interface/AjaxReportQueryService.js HTTP/1.1" 200 13203
120.253.135.82 - - [18/Oct/2020:05:42:56 +0800] "GET /xingrg/dwr/engine.js HTTP/1.1" 200 43631
114.88.166.242 - - [18/Oct/2020:05:43:00 +0800] "GET /xingrg/all/function/internal_message.html?_=1602970974857&CODE_STATE=getMsg HTTP/1.1" 200 27
172.17.0.115 - - [18/Oct/2020:05:43:01 +0800] "GET /xingrg/check_reg.html?_=1602970978009 HTTP/1.1" 302 -
120.253.135.82 - - [18/Oct/2020:05:43:05 +0800] "GET /xingrg/all/function/internal_message.html?_=1602970730499&CODE_STATE=getMsg HTTP/1.1" 200 27
120.253.135.82 - - [18/Oct/2020:05:43:08 +0800] "GET /xingrg/kc/pszx/jzcl_ps.html HTTP/1.1" 200 7683
120.253.135.82 - - [18/Oct/2020:05:43:08 +0800] "GET /xingrg/javascript/step/step.css HTTP/1.1" 200 999
120.253.135.82 - - [18/Oct/2020:05:43:08 +0800] "GET /xingrg/css/table.css HTTP/1.1" 200 3684
120.253.135.82 - - [18/Oct/2020:05:43:08 +0800] "GET /xingrg/javascript/step/images/navCurrentBtn.gif HTTP/1.1" 200 557
120.253.135.82 - - [18/Oct/2020:05:43:08 +0800] "GET /xingrg/javascript/jquery_easy_ui/themes/default/images/button_a_bg.gif HTTP/1.1" 200 1194
120.253.135.82 - - [18/Oct/2020:05:43:08 +0800] "GET /xingrg/javascript/jquery_easy_ui/themes/default/images/button_span_bg.gif HTTP/1.1" 200 2061
120.253.135.82 - - [18/Oct/2020:05:43:08 +0800] "GET /xingrg/javascript/jquery_easy_ui/themes/icons/search.png HTTP/1.1" 200 813
172.17.0.123 - - [18/Oct/2020:05:43:08 +0800] "GET /xingrg/all/function/internal_message.html?_=1602970956081&CODE_STATE=getMsg HTTP/1.1" 302 -
120.253.135.82 - - [18/Oct/2020:05:43:08 +0800] "GET /xingrg/javascript/jquery_easy_ui/themes/default/images/combo_arrow_dot.gif HTTP/1.1" 200 79
120.253.135.82 - - [18/Oct/2020:05:43:08 +0800] "GET /xingrg/javascript/jquery_easy_ui/themes/default/images/calendar_prevmonth.gif HTTP/1.1" 200 66
120.253.135.82 - - [18/Oct/2020:05:43:08 +0800] "GET /xingrg/javascript/jquery_easy_ui/themes/default/images/calendar_prevyear.gif HTTP/1.1" 200 76
120.253.135.82 - - [18/Oct/2020:05:43:08 +0800] "GET /xingrg/javascript/jquery_easy_ui/themes/default/images/calendar_nextmonth.gif HTTP/1.1" 200 64
120.253.135.82 - - [18/Oct/2020:05:43:08 +0800] "POST /xingrg/all/common/load_tree.html?tree=area_rest_tree_json HTTP/1.1" 200 3216
120.253.135.82 - - [18/Oct/2020:05:43:08 +0800] "GET /xingrg/javascript/jquery_easy_ui/themes/default/images/calendar_nextyear.gif HTTP/1.1" 200 75
120.253.135.82 - - [18/Oct/2020:05:43:08 +0800] "GET /xingrg/images/control/ajaxLoader.gif HTTP/1.1" 200 4659
120.253.135.82 - - [18/Oct/2020:05:43:08 +0800] "GET /xingrg/javascript/jquery_easy_ui/themes/default/images/datagrid_header_bg.gif HTTP/1.1" 200 97
120.253.135.82 - - [18/Oct/2020:05:43:08 +0800] "GET /xingrg/javascript/jquery_easy_ui/themes/default/images/pagination_loading.gif HTTP/1.1" 200 1737
120.253.135.82 - - [18/Oct/2020:05:43:09 +0800] "GET /xingrg/javascript/jquery_easy_ui/themes/default/images/tree_checkbox_0.gif HTTP/1.1" 200 168
120.253.135.82 - - [18/Oct/2020:05:43:09 +0800] "POST /xingrg/kc/pszx/jzcl_ps_operate.html HTTP/1.1" 200 5007
120.253.135.82 - - [18/Oct/2020:05:43:09 +0800] "POST /xingrg/kc/pszx/jzcl_ps_operate.html HTTP/1.1" 200 5007
120.253.135.82 - - [18/Oct/2020:05:43:10 +0800] "GET /xingrg/javascript/jquery_easy_ui/themes/icons/rest.png HTTP/1.1" 200 695
58.37.8.227 - - [18/Oct/2020:05:43:12 +0800] "GET /xingrg/all/function/internal_message.html?_=1602970595020&CODE_STATE=getMsg HTTP/1.1" 200 27
120.253.135.82 - - [18/Oct/2020:05:43:18 +0800] "POST /xingrg/kc/pszx/jzcl_ps_operate.html HTTP/1.1" 200 4
120.253.135.82 - - [18/Oct/2020:05:43:18 +0800] "GET /xingrg/javascript/step/images/navBtn.gif HTTP/1.1" 200 361
120.253.135.82 - - [18/Oct/2020:05:43:18 +0800] "GET /xingrg/javascript/step/images/navBtn.gif HTTP/1.1" 200 361
120.253.135.82 - - [18/Oct/2020:05:43:18 +0800] "GET /xingrg/javascript/step/images/navLastDoneBtn.gif HTTP/1.1" 200 552
120.253.135.82 - - [18/Oct/2020:05:43:18 +0800] "GET /xingrg/javascript/step/images/navDoneBtn.gif HTTP/1.1" 200 394
120.253.135.82 - - [18/Oct/2020:05:43:19 +0800] "GET /xingrg/kc/pszx/mdps_order_list.html HTTP/1.1" 200 21140
120.253.135.82 - - [18/Oct/2020:05:43:19 +0800] "GET /xingrg/css/base.css HTTP/1.1" 200 2811
120.253.135.82 - - [18/Oct/2020:05:43:19 +0800] "GET /xingrg/javascript/jquery_tools/table.css HTTP/1.1" 200 1032
120.253.135.82 - - [18/Oct/2020:05:43:19 +0800] "GET /xingrg/css/site.css HTTP/1.1" 200 7541
120.253.135.82 - - [18/Oct/2020:05:43:19 +0800] "GET /xingrg/javascript/jquery_tools/datebox.css HTTP/1.1" 200 2597
120.253.135.82 - - [18/Oct/2020:05:43:19 +0800] "GET /xingrg/javascript/jquery_tools/fix.css HTTP/1.1" 200 1702
120.253.135.82 - - [18/Oct/2020:05:43:19 +0800] "GET /xingrg/javascript/auto/jquery.autocomplete.css HTTP/1.1" 200 587
120.253.135.82 - - [18/Oct/2020:05:43:19 +0800] "GET /xingrg/javascript/easyui/themes/icon.css HTTP/1.1" 200 4483
120.253.135.82 - - [18/Oct/2020:05:43:19 +0800] "GET /xingrg/javascript/jquery_tools/jquery.tools.min.js HTTP/1.1" 200 138801
120.253.135.82 - - [18/Oct/2020:05:43:19 +0800] "GET /xingrg/javascript/jquery_tools/jquery.tools.hotkey.js HTTP/1.1" 200 3242
120.253.135.82 - - [18/Oct/2020:05:43:19 +0800] "GET /xingrg/javascript/easyui/easyloader.js HTTP/1.1" 200 5975
120.253.135.82 - - [18/Oct/2020:05:43:19 +0800] "GET /xingrg/javascript/jquery_tools/list_manager.js HTTP/1.1" 200 3652
120.253.135.82 - - [18/Oct/2020:05:43:19 +0800] "GET /xingrg/javascript/jquery.cookie.js HTTP/1.1" 200 5513
120.253.135.82 - - [18/Oct/2020:05:43:19 +0800] "GET /xingrg/javascript/jquery_tools/jquery.tools.table.js HTTP/1.1" 200 6994
120.253.135.82 - - [18/Oct/2020:05:43:19 +0800] "GET /xingrg/javascript/easyui/themes/default/easyui.css HTTP/1.1" 200 30432
120.253.135.82 - - [18/Oct/2020:05:43:19 +0800] "GET /xingrg/javascript/jquery_tools/jquery.tools.extend.js HTTP/1.1" 200 15385
120.253.135.82 - - [18/Oct/2020:05:43:19 +0800] "GET /xingrg/javascript/easyui/themes/icons/edit_add_new.png HTTP/1.1" 200 2997
120.253.135.82 - - [18/Oct/2020:05:43:19 +0800] "GET /xingrg/javascript/easyui/themes/icons/cance_new.png HTTP/1.1" 200 3986
120.253.135.82 - - [18/Oct/2020:05:43:19 +0800] "GET /xingrg/javascript/easyui/themes/icons/check_new.png HTTP/1.1" 200 3224
120.253.135.82 - - [18/Oct/2020:05:43:19 +0800] "GET /xingrg/javascript/easyui/themes/icons/uncheck_new.png HTTP/1.1" 200 3197
120.253.135.82 - - [18/Oct/2020:05:43:19 +0800] "GET /xingrg/javascript/easyui/themes/icons/import_new.png HTTP/1.1" 200 1247
120.253.135.82 - - [18/Oct/2020:05:43:19 +0800] "GET /xingrg/javascript/easyui/themes/icons/field_new.png HTTP/1.1" 200 1097
120.253.135.82 - - [18/Oct/2020:05:43:20 +0800] "GET /xingrg/javascript/easyui/plugins/jquery.parser.js HTTP/1.1" 200 1142
120.253.135.82 - - [18/Oct/2020:05:43:20 +0800] "POST /xingrg/kc/pszx/mdps_list_operate.html HTTP/1.1" 200 5411
120.253.135.82 - - [18/Oct/2020:05:43:22 +0800] "GET /xingrg/kc/pszx/jzcl_ps.html HTTP/1.1" 200 7683
120.253.135.82 - - [18/Oct/2020:05:43:22 +0800] "POST /xingrg/all/common/load_tree.html?tree=area_rest_tree_json HTTP/1.1" 200 3216
172.17.0.103 - - [18/Oct/2020:05:43:22 +0800] "GET /xingrg/all/function/internal_message.html?_=1602970996895&CODE_STATE=getMsg HTTP/1.1" 200 27
120.253.135.82 - - [18/Oct/2020:05:43:23 +0800] "POST /xingrg/kc/pszx/jzcl_ps_operate.html HTTP/1.1" 200 3803
120.253.135.82 - - [18/Oct/2020:05:43:23 +0800] "POST /xingrg/kc/pszx/jzcl_ps_operate.html HTTP/1.1" 200 3803
172.17.0.115 - - [18/Oct/2020:05:43:33 +0800] "GET /xingrg/all/function/internal_message.html?_=1602971010129&CODE_STATE=getMsg HTTP/1.1" 302 -
117.185.32.26 - - [18/Oct/2020:05:43:33 +0800] "GET /xingrg/all/function/internal_message.html?_=1602971005790&CODE_STATE=getMsg HTTP/1.1" 200 27
172.17.0.185 - - [18/Oct/2020:05:43:35 +0800] "GET /xingrg/all/function/internal_message.html?_=1602971010319&CODE_STATE=getMsg HTTP/1.1" 200 27
120.253.135.82 - - [18/Oct/2020:05:43:36 +0800] "POST /xingrg/kc/pszx/jzcl_ps_operate.html HTTP/1.1" 200 4
120.253.135.82 - - [18/Oct/2020:05:43:38 +0800] "GET /xingrg/kc/pszx/mdps_order_list.html HTTP/1.1" 200 21140
120.253.135.82 - - [18/Oct/2020:05:43:38 +0800] "POST /xingrg/kc/pszx/mdps_list_operate.html HTTP/1.1" 200 5464
120.253.135.82 - - [18/Oct/2020:05:43:41 +0800] "GET /xingrg/kc/pszx/jzcl_ps.html HTTP/1.1" 200 7683
120.253.135.82 - - [18/Oct/2020:05:43:41 +0800] "POST /xingrg/all/common/load_tree.html?tree=area_rest_tree_json HTTP/1.1" 200 3216
120.253.135.82 - - [18/Oct/2020:05:43:41 +0800] "POST /xingrg/kc/pszx/jzcl_ps_operate.html HTTP/1.1" 200 1648
120.253.135.82 - - [18/Oct/2020:05:43:42 +0800] "POST /xingrg/kc/pszx/jzcl_ps_operate.html HTTP/1.1" 200 1648
172.17.0.105 - - [18/Oct/2020:05:43:43 +0800] "GET /xingrg/all/function/internal_message.html?_=1602971019476&CODE_STATE=getMsg HTTP/1.1" 200 27
120.253.135.82 - - [18/Oct/2020:05:43:46 +0800] "POST /xingrg/kc/pszx/jzcl_ps_operate.html HTTP/1.1" 200 4
120.253.135.82 - - [18/Oct/2020:05:43:47 +0800] "GET /xingrg/kc/pszx/mdps_order_list.html HTTP/1.1" 200 21140
120.253.135.82 - - [18/Oct/2020:05:43:48 +0800] "POST /xingrg/kc/pszx/mdps_list_operate.html HTTP/1.1" 200 5454
120.253.135.82 - - [18/Oct/2020:05:43:50 +0800] "GET /xingrg/kc/pszx/jzcl_ps.html HTTP/1.1" 200 7683
120.253.135.82 - - [18/Oct/2020:05:43:50 +0800] "POST /xingrg/all/common/load_tree.html?tree=area_rest_tree_json HTTP/1.1" 200 3216
120.253.135.82 - - [18/Oct/2020:05:43:51 +0800] "POST /xingrg/kc/pszx/jzcl_ps_operate.html HTTP/1.1" 200 1261
120.253.135.82 - - [18/Oct/2020:05:43:51 +0800] "POST /xingrg/kc/pszx/jzcl_ps_operate.html HTTP/1.1" 200 1261
120.253.135.82 - - [18/Oct/2020:05:43:57 +0800] "POST /xingrg/kc/pszx/jzcl_ps_operate.html HTTP/1.1" 200 4
120.253.135.82 - - [18/Oct/2020:05:43:58 +0800] "GET /xingrg/kc/pszx/mdps_order_list.html HTTP/1.1" 200 21140
120.253.135.82 - - [18/Oct/2020:05:43:59 +0800] "POST /xingrg/kc/pszx/mdps_list_operate.html HTTP/1.1" 200 5453
114.88.166.242 - - [18/Oct/2020:05:44:00 +0800] "GET /xingrg/all/function/internal_message.html?_=1602971034873&CODE_STATE=getMsg HTTP/1.1" 200 27
114.88.166.242 - - [18/Oct/2020:05:44:00 +0800] "GET /xingrg/check_reg.html?_=1602971034874 HTTP/1.1" 200 22
120.253.135.82 - - [18/Oct/2020:05:44:01 +0800] "GET /xingrg/kc/pszx/jzcl_ps.html HTTP/1.1" 200 7683
120.253.135.82 - - [18/Oct/2020:05:44:01 +0800] "POST /xingrg/all/common/load_tree.html?tree=area_rest_tree_json HTTP/1.1" 200 3216
120.253.135.82 - - [18/Oct/2020:05:44:02 +0800] "POST /xingrg/kc/pszx/jzcl_ps_operate.html HTTP/1.1" 200 409
120.253.135.82 - - [18/Oct/2020:05:44:02 +0800] "POST /xingrg/kc/pszx/jzcl_ps_operate.html HTTP/1.1" 200 409
120.253.135.82 - - [18/Oct/2020:05:44:06 +0800] "POST /xingrg/kc/pszx/jzcl_ps_operate.html HTTP/1.1" 200 4
120.253.135.82 - - [18/Oct/2020:05:44:07 +0800] "GET /xingrg/kc/pszx/mdps_order_list.html HTTP/1.1" 200 21140
120.253.135.82 - - [18/Oct/2020:05:44:07 +0800] "GET /xingrg/all/function/internal_message.html?_=1602970792339&CODE_STATE=getMsg HTTP/1.1" 200 27
120.253.135.82 - - [18/Oct/2020:05:44:07 +0800] "POST /xingrg/kc/pszx/mdps_list_operate.html HTTP/1.1" 200 5453
172.17.0.123 - - [18/Oct/2020:05:44:08 +0800] "GET /xingrg/all/function/internal_message.html?_=1602971016082&CODE_STATE=getMsg HTTP/1.1" 302 -
58.37.8.227 - - [18/Oct/2020:05:44:12 +0800] "GET /xingrg/all/function/internal_message.html?_=1602970654997&CODE_STATE=getMsg HTTP/1.1" 200 27
120.253.135.82 - - [18/Oct/2020:05:44:12 +0800] "GET /xingrg/kc/pszx/mdqp_order_list.html?state=10 HTTP/1.1" 200 10125
120.253.135.82 - - [18/Oct/2020:05:44:12 +0800] "GET /xingrg/dwr/interface/AjaxQqpsService.js HTTP/1.1" 200 16326
120.253.135.82 - - [18/Oct/2020:05:44:12 +0800] "GET /xingrg/dwr/interface/AjaxReportQueryService.js HTTP/1.1" 200 13203
120.253.135.82 - - [18/Oct/2020:05:44:13 +0800] "GET /xingrg/dwr/engine.js HTTP/1.1" 200 43631
120.253.135.82 - - [18/Oct/2020:05:44:17 +0800] "GET /xingrg/kc/pszx/mdth_order_list.html HTTP/1.1" 200 18564
120.253.135.82 - - [18/Oct/2020:05:44:17 +0800] "POST /xingrg/kc/pszx/mdth_order_new_list.html HTTP/1.1" 200 4647
120.253.135.82 - - [18/Oct/2020:05:44:21 +0800] "POST /xingrg/kc/pszx/mdth_order_new_list.html HTTP/1.1" 200 360
172.17.0.103 - - [18/Oct/2020:05:44:22 +0800] "GET /xingrg/check_reg.html?_=1602971056893 HTTP/1.1" 200 22
172.17.0.103 - - [18/Oct/2020:05:44:22 +0800] "GET /xingrg/all/function/internal_message.html?_=1602971056894&CODE_STATE=getMsg HTTP/1.1" 200 27
120.253.135.82 - - [18/Oct/2020:05:44:23 +0800] "POST /xingrg/kc/pszx/mdth_order_new_list.html HTTP/1.1" 200 361
120.253.135.82 - - [18/Oct/2020:05:44:26 +0800] "POST /xingrg/kc/pszx/mdth_order_new_list.html HTTP/1.1" 200 361
120.253.135.82 - - [18/Oct/2020:05:44:27 +0800] "POST /xingrg/kc/pszx/mdth_order_new_list.html HTTP/1.1" 200 283
120.253.135.82 - - [18/Oct/2020:05:44:31 +0800] "GET /xingrg/kc/pszx/mdqp_order_list.html?state=10 HTTP/1.1" 200 10125
120.253.135.82 - - [18/Oct/2020:05:44:31 +0800] "GET /xingrg/dwr/interface/AjaxReportQueryService.js HTTP/1.1" 200 13203
120.253.135.82 - - [18/Oct/2020:05:44:31 +0800] "GET /xingrg/dwr/interface/AjaxQqpsService.js HTTP/1.1" 200 16326
120.253.135.82 - - [18/Oct/2020:05:44:31 +0800] "GET /xingrg/dwr/engine.js HTTP/1.1" 200 43631
172.17.0.115 - - [18/Oct/2020:05:44:33 +0800] "GET /xingrg/all/function/internal_message.html?_=1602971070155&CODE_STATE=getMsg HTTP/1.1" 302 -
117.185.32.26 - - [18/Oct/2020:05:44:33 +0800] "GET /xingrg/all/function/internal_message.html?_=1602971065768&CODE_STATE=getMsg HTTP/1.1" 200 27
172.17.0.185 - - [18/Oct/2020:05:44:35 +0800] "GET /xingrg/all/function/internal_message.html?_=1602971070323&CODE_STATE=getMsg HTTP/1.1" 200 27
172.17.0.105 - - [18/Oct/2020:05:44:43 +0800] "GET /xingrg/all/function/internal_message.html?_=1602971079476&CODE_STATE=getMsg HTTP/1.1" 200 27
114.88.166.242 - - [18/Oct/2020:05:45:00 +0800] "GET /xingrg/all/function/internal_message.html?_=1602971094872&CODE_STATE=getMsg HTTP/1.1" 200 27
120.253.135.82 - - [18/Oct/2020:05:45:07 +0800] "GET /xingrg/all/function/internal_message.html?_=1602970852468&CODE_STATE=getMsg HTTP/1.1" 200 27
172.17.0.123 - - [18/Oct/2020:05:45:08 +0800] "GET /xingrg/all/function/internal_message.html?_=1602971076086&CODE_STATE=getMsg HTTP/1.1" 302 -
172.17.0.123 - - [18/Oct/2020:05:45:08 +0800] "GET /xingrg/check_reg.html?_=1602971076088 HTTP/1.1" 302 -
58.37.8.227 - - [18/Oct/2020:05:45:12 +0800] "GET /xingrg/all/function/internal_message.html?_=1602970714976&CODE_STATE=getMsg HTTP/1.1" 200 27
120.253.135.82 - - [18/Oct/2020:05:45:21 +0800] "GET /xingrg/check_reg.html?_=1602970865939 HTTP/1.1" 200 22
172.17.0.103 - - [18/Oct/2020:05:45:22 +0800] "GET /xingrg/all/function/internal_message.html?_=1602971116893&CODE_STATE=getMsg HTTP/1.1" 200 27
120.253.135.82 - - [18/Oct/2020:05:45:31 +0800] "GET /xingrg/kc/pszx/mdqp_order_list.html?state=10 HTTP/1.1" 200 10125
120.253.135.82 - - [18/Oct/2020:05:45:31 +0800] "GET /xingrg/dwr/interface/AjaxQqpsService.js HTTP/1.1" 200 16326
120.253.135.82 - - [18/Oct/2020:05:45:31 +0800] "GET /xingrg/dwr/interface/AjaxReportQueryService.js HTTP/1.1" 200 13203
120.253.135.82 - - [18/Oct/2020:05:45:31 +0800] "GET /xingrg/dwr/engine.js HTTP/1.1" 200 43631
172.17.0.115 - - [18/Oct/2020:05:45:33 +0800] "GET /xingrg/all/function/internal_message.html?_=1602971130158&CODE_STATE=getMsg HTTP/1.1" 302 -
117.185.32.26 - - [18/Oct/2020:05:45:33 +0800] "GET /xingrg/all/function/internal_message.html?_=1602971125749&CODE_STATE=getMsg HTTP/1.1" 200 27
120.253.135.82 - - [18/Oct/2020:05:45:35 +0800] "GET /xingrg/kc/pszx/mdps_order_list.html?orderType=0 HTTP/1.1" 200 21140
120.253.135.82 - - [18/Oct/2020:05:45:35 +0800] "POST /xingrg/kc/pszx/mdps_list_operate.html HTTP/1.1" 200 5453
172.17.0.185 - - [18/Oct/2020:05:45:35 +0800] "GET /xingrg/all/function/internal_message.html?_=1602971130328&CODE_STATE=getMsg HTTP/1.1" 200 27
58.37.8.227 - - [18/Oct/2020:05:45:39 +0800] "GET /xingrg/check_reg.html?_=1602970742105 HTTP/1.1" 200 22
172.17.0.105 - - [18/Oct/2020:05:45:43 +0800] "GET /xingrg/check_reg.html?_=1602971139482 HTTP/1.1" 200 22
172.17.0.105 - - [18/Oct/2020:05:45:43 +0800] "GET /xingrg/all/function/internal_message.html?_=1602971139485&CODE_STATE=getMsg HTTP/1.1" 200 27
114.88.166.242 - - [18/Oct/2020:05:46:00 +0800] "GET /xingrg/all/function/internal_message.html?_=1602971154873&CODE_STATE=getMsg HTTP/1.1" 200 27
120.253.135.82 - - [18/Oct/2020:05:46:07 +0800] "GET /xingrg/all/function/internal_message.html?_=1602970912476&CODE_STATE=getMsg HTTP/1.1" 200 27
172.17.0.123 - - [18/Oct/2020:05:46:08 +0800] "GET /xingrg/all/function/internal_message.html?_=1602971136090&CODE_STATE=getMsg HTTP/1.1" 302 -
58.37.8.227 - - [18/Oct/2020:05:46:12 +0800] "GET /xingrg/all/function/internal_message.html?_=1602970774953&CODE_STATE=getMsg HTTP/1.1" 200 27
172.17.0.103 - - [18/Oct/2020:05:46:22 +0800] "GET /xingrg/all/function/internal_message.html?_=1602971176892&CODE_STATE=getMsg HTTP/1.1" 200 27
172.17.0.115 - - [18/Oct/2020:05:46:33 +0800] "GET /xingrg/all/function/internal_message.html?_=1602971190182&CODE_STATE=getMsg HTTP/1.1" 302 -
117.185.32.26 - - [18/Oct/2020:05:46:33 +0800] "GET /xingrg/all/function/internal_message.html?_=1602971185722&CODE_STATE=getMsg HTTP/1.1" 200 27
172.17.0.185 - - [18/Oct/2020:05:46:35 +0800] "GET /xingrg/check_reg.html?_=1602971190316 HTTP/1.1" 200 22
172.17.0.185 - - [18/Oct/2020:05:46:35 +0800] "GET /xingrg/all/function/internal_message.html?_=1602971190317&CODE_STATE=getMsg HTTP/1.1" 200 27
172.17.0.105 - - [18/Oct/2020:05:46:43 +0800] "GET /xingrg/all/function/internal_message.html?_=1602971199489&CODE_STATE=getMsg HTTP/1.1" 200 27
114.84.37.38 - - [18/Oct/2020:05:46:48 +0800] "GET /xingrg/check_reg.html?_=1602971210407 HTTP/1.1" 200 22
114.88.166.242 - - [18/Oct/2020:05:47:00 +0800] "GET /xingrg/all/function/internal_message.html?_=1602971214875&CODE_STATE=getMsg HTTP/1.1" 200 27
120.253.135.82 - - [18/Oct/2020:05:47:07 +0800] "GET /xingrg/all/function/internal_message.html?_=1602970972488&CODE_STATE=getMsg HTTP/1.1" 200 27
172.17.0.123 - - [18/Oct/2020:05:47:08 +0800] "GET /xingrg/all/function/internal_message.html?_=1602971196091&CODE_STATE=getMsg HTTP/1.1" 302 -
58.37.8.227 - - [18/Oct/2020:05:47:12 +0800] "GET /xingrg/all/function/internal_message.html?_=1602970834928&CODE_STATE=getMsg HTTP/1.1" 200 27
172.17.0.103 - - [18/Oct/2020:05:47:22 +0800] "GET /xingrg/all/function/internal_message.html?_=1602971236891&CODE_STATE=getMsg HTTP/1.1" 200 27
172.17.0.115 - - [18/Oct/2020:05:47:33 +0800] "GET /xingrg/all/function/internal_message.html?_=1602971250184&CODE_STATE=getMsg HTTP/1.1" 302 -
117.185.32.26 - - [18/Oct/2020:05:47:33 +0800] "GET /xingrg/all/function/internal_message.html?_=1602971245697&CODE_STATE=getMsg HTTP/1.1" 200 27
172.17.0.185 - - [18/Oct/2020:05:47:35 +0800] "GET /xingrg/all/function/internal_message.html?_=1602971250319&CODE_STATE=getMsg HTTP/1.1" 200 27
172.17.0.105 - - [18/Oct/2020:05:47:43 +0800] "GET /xingrg/all/function/internal_message.html?_=1602971259491&CODE_STATE=getMsg HTTP/1.1" 200 27
117.185.32.26 - - [18/Oct/2020:05:47:44 +0800] "GET /xingrg/check_reg.html?_=1602971256850 HTTP/1.1" 200 22
120.253.135.82 - - [18/Oct/2020:05:47:59 +0800] "POST /xingrg/kc/pszx/mdps_list_operate.html HTTP/1.1" 200 4303
114.88.166.242 - - [18/Oct/2020:05:48:00 +0800] "GET /xingrg/all/function/internal_message.html?_=1602971274859&CODE_STATE=getMsg HTTP/1.1" 200 27
172.17.0.115 - - [18/Oct/2020:05:48:01 +0800] "GET /xingrg/check_reg.html?_=1602971278028 HTTP/1.1" 302 -
120.253.135.82 - - [18/Oct/2020:05:48:01 +0800] "POST /xingrg/kc/pszx/mdps_list_operate.html HTTP/1.1" 200 300
120.253.135.82 - - [18/Oct/2020:05:48:03 +0800] "POST /xingrg/kc/pszx/mdps_list_operate.html HTTP/1.1" 200 594
120.253.135.82 - - [18/Oct/2020:05:48:04 +0800] "POST /xingrg/kc/pszx/mdps_list_operate.html HTTP/1.1" 200 205
120.253.135.82 - - [18/Oct/2020:05:48:06 +0800] "POST /xingrg/kc/pszx/mdps_list_operate.html HTTP/1.1" 200 658
120.253.135.82 - - [18/Oct/2020:05:48:07 +0800] "GET /xingrg/all/function/internal_message.html?_=1602971032502&CODE_STATE=getMsg HTTP/1.1" 200 27
172.17.0.123 - - [18/Oct/2020:05:48:08 +0800] "GET /xingrg/all/function/internal_message.html?_=1602971256093&CODE_STATE=getMsg HTTP/1.1" 302 -
58.37.8.227 - - [18/Oct/2020:05:48:12 +0800] "GET /xingrg/all/function/internal_message.html?_=1602970894899&CODE_STATE=getMsg HTTP/1.1" 200 27
120.253.135.82 - - [18/Oct/2020:05:48:12 +0800] "POST /xingrg/kc/pszx/mdps_list_operate.html HTTP/1.1" 200 437
120.253.135.82 - - [18/Oct/2020:05:48:16 +0800] "POST /xingrg/kc/pszx/mdps_list_operate.html HTTP/1.1" 200 619
120.253.135.82 - - [18/Oct/2020:05:48:18 +0800] "POST /xingrg/kc/pszx/mdps_list_operate.html HTTP/1.1" 200 205
172.17.0.103 - - [18/Oct/2020:05:48:22 +0800] "GET /xingrg/all/function/internal_message.html?_=1602971296890&CODE_STATE=getMsg HTTP/1.1" 200 27
120.253.135.82 - - [18/Oct/2020:05:48:23 +0800] "GET /xingrg/kc/pszx/mdps_order_info.html?code=312020101600409 HTTP/1.1" 200 23893
120.253.135.82 - - [18/Oct/2020:05:48:23 +0800] "GET /xingrg/javascript/json2.js HTTP/1.1" 200 11259
120.253.135.82 - - [18/Oct/2020:05:48:23 +0800] "GET /xingrg/javascript/convert.js HTTP/1.1" 200 1239
120.253.135.82 - - [18/Oct/2020:05:48:23 +0800] "GET /xingrg/javascript/jquery_tools/order_manager.js HTTP/1.1" 200 11183
120.253.135.82 - - [18/Oct/2020:05:48:23 +0800] "GET /xingrg/words/20201016171733_words.js HTTP/1.1" 200 769312
120.253.135.82 - - [18/Oct/2020:05:48:23 +0800] "GET /xingrg/javascript/easyui/themes/icons/copy_new.png HTTP/1.1" 200 815
120.253.135.82 - - [18/Oct/2020:05:48:23 +0800] "GET /xingrg/javascript/easyui/themes/icons/ok.png HTTP/1.1" 200 883
120.253.135.82 - - [18/Oct/2020:05:48:23 +0800] "GET /xingrg/javascript/easyui/themes/icons/cancel.png HTTP/1.1" 200 1133
120.253.135.82 - - [18/Oct/2020:05:48:23 +0800] "GET /xingrg/javascript/easyui/themes/default/images/menu_downarrow.png HTTP/1.1" 200 173
120.253.135.82 - - [18/Oct/2020:05:48:23 +0800] "GET /xingrg/javascript/easyui/themes/icons/print.png HTTP/1.1" 200 1057
120.253.135.82 - - [18/Oct/2020:05:48:24 +0800] "GET /xingrg/all/common/auto_word.html?type=base&rest_code=00101 HTTP/1.1" 200 559
120.253.135.82 - - [18/Oct/2020:05:48:24 +0800] "GET /xingrg/javascript/easyui/themes/default/validatebox.css HTTP/1.1" 404 1104
120.253.135.82 - - [18/Oct/2020:05:48:24 +0800] "GET /xingrg/javascript/easyui/plugins/jquery.validatebox.js HTTP/1.1" 200 6103
120.253.135.82 - - [18/Oct/2020:05:48:24 +0800] "GET /xingrg/javascript/easyui/plugins/jquery.numberbox.js HTTP/1.1" 200 5213
120.253.135.82 - - [18/Oct/2020:05:48:24 +0800] "POST /xingrg/kc/pszx/mdps_order_operate.html HTTP/1.1" 200 2282
120.253.135.82 - - [18/Oct/2020:05:48:24 +0800] "GET /xingrg/javascript/easyui/themes/icons/edit_remove.png HTTP/1.1" 200 625
120.253.135.82 - - [18/Oct/2020:05:48:25 +0800] "GET /xingrg/javascript/easyui/themes/default/images/button_plain_hover.png HTTP/1.1" 200 144
120.253.135.82 - - [18/Oct/2020:05:48:27 +0800] "POST /xingrg/kc/pszx/mdps_list_operate.html HTTP/1.1" 200 202
120.253.135.82 - - [18/Oct/2020:05:48:28 +0800] "GET /xingrg/kc/pszx/mdps_order_info.html?code=312020101200325 HTTP/1.1" 200 23887
120.253.135.82 - - [18/Oct/2020:05:48:28 +0800] "GET /xingrg/javascript/easyui/themes/default/validatebox.css HTTP/1.1" 404 1104
120.253.135.82 - - [18/Oct/2020:05:48:28 +0800] "POST /xingrg/kc/pszx/mdps_order_operate.html HTTP/1.1" 200 2278
120.204.17.73 - - [18/Oct/2020:05:48:33 +0800] "GET /xingrg/all/function/internal_message.html?_=1602971245697&CODE_STATE=getMsg HTTP/1.1" 302 -
172.17.0.115 - - [18/Oct/2020:05:48:33 +0800] "GET /xingrg/all/function/internal_message.html?_=1602971310207&CODE_STATE=getMsg HTTP/1.1" 302 -
117.185.32.26 - - [18/Oct/2020:05:48:33 +0800] "GET /xingrg/all/function/internal_message.html?_=1602971305677&CODE_STATE=getMsg HTTP/1.1" 200 27
120.204.17.73 - - [18/Oct/2020:05:48:34 +0800] "GET /xingrg/login.html HTTP/1.1" 200 7641
172.17.0.185 - - [18/Oct/2020:05:48:35 +0800] "GET /xingrg/all/function/internal_message.html?_=1602971310323&CODE_STATE=getMsg HTTP/1.1" 200 27
172.17.0.105 - - [18/Oct/2020:05:48:43 +0800] "GET /xingrg/all/function/internal_message.html?_=1602971319491&CODE_STATE=getMsg HTTP/1.1" 200 27
114.88.166.242 - - [18/Oct/2020:05:49:00 +0800] "GET /xingrg/all/function/internal_message.html?_=1602971334857&CODE_STATE=getMsg HTTP/1.1" 200 27
114.88.166.242 - - [18/Oct/2020:05:49:00 +0800] "GET /xingrg/check_reg.html?_=1602971334858 HTTP/1.1" 200 22
120.253.135.82 - - [18/Oct/2020:05:49:07 +0800] "GET /xingrg/all/function/internal_message.html?_=1602971092515&CODE_STATE=getMsg HTTP/1.1" 200 27
172.17.0.123 - - [18/Oct/2020:05:49:08 +0800] "GET /xingrg/all/function/internal_message.html?_=1602971316095&CODE_STATE=getMsg HTTP/1.1" 302 -
58.37.8.227 - - [18/Oct/2020:05:49:12 +0800] "GET /xingrg/all/function/internal_message.html?_=1602970954880&CODE_STATE=getMsg HTTP/1.1" 200 27
120.253.135.82 - - [18/Oct/2020:05:49:22 +0800] "POST /xingrg/kc/pszx/mdps_list_operate.html HTTP/1.1" 200 4303
172.17.0.103 - - [18/Oct/2020:05:49:22 +0800] "GET /xingrg/all/function/internal_message.html?_=1602971356919&CODE_STATE=getMsg HTTP/1.1" 200 27
172.17.0.103 - - [18/Oct/2020:05:49:22 +0800] "GET /xingrg/check_reg.html?_=1602971356920 HTTP/1.1" 200 22
172.17.0.115 - - [18/Oct/2020:05:49:33 +0800] "GET /xingrg/all/function/internal_message.html?_=1602971370211&CODE_STATE=getMsg HTTP/1.1" 302 -
117.185.32.26 - - [18/Oct/2020:05:49:33 +0800] "GET /xingrg/all/function/internal_message.html?_=1602971365657&CODE_STATE=getMsg HTTP/1.1" 200 27
172.17.0.185 - - [18/Oct/2020:05:49:35 +0800] "GET /xingrg/all/function/internal_message.html?_=1602971370325&CODE_STATE=getMsg HTTP/1.1" 200 27
120.253.135.82 - - [18/Oct/2020:05:49:42 +0800] "POST /xingrg/kc/pszx/mdps_list_operate.html HTTP/1.1" 200 4292
172.17.0.105 - - [18/Oct/2020:05:49:43 +0800] "GET /xingrg/all/function/internal_message.html?_=1602971379491&CODE_STATE=getMsg HTTP/1.1" 200 27
120.253.135.82 - - [18/Oct/2020:05:49:44 +0800] "POST /xingrg/kc/pszx/mdps_list_operate.html HTTP/1.1" 200 600
120.253.135.82 - - [18/Oct/2020:05:49:47 +0800] "POST /xingrg/kc/pszx/mdps_list_operate.html HTTP/1.1" 200 272
120.253.135.82 - - [18/Oct/2020:05:49:48 +0800] "POST /xingrg/kc/pszx/mdps_list_operate.html HTTP/1.1" 200 622
120.253.135.82 - - [18/Oct/2020:05:49:51 +0800] "POST /xingrg/kc/pszx/mdps_list_operate.html HTTP/1.1" 200 233
120.253.135.82 - - [18/Oct/2020:05:49:52 +0800] "POST /xingrg/kc/pszx/mdps_list_operate.html HTTP/1.1" 200 205
120.253.135.82 - - [18/Oct/2020:05:49:54 +0800] "POST /xingrg/kc/pszx/mdps_list_operate.html HTTP/1.1" 200 612
120.253.135.82 - - [18/Oct/2020:05:49:56 +0800] "POST /xingrg/kc/pszx/mdps_list_operate.html HTTP/1.1" 200 281
120.253.135.82 - - [18/Oct/2020:05:49:59 +0800] "POST /xingrg/kc/pszx/mdps_list_operate.html HTTP/1.1" 200 353
114.88.166.242 - - [18/Oct/2020:05:50:00 +0800] "GET /xingrg/all/function/internal_message.html?_=1602971394873&CODE_STATE=getMsg HTTP/1.1" 200 27
120.253.135.82 - - [18/Oct/2020:05:50:07 +0800] "GET /xingrg/all/function/internal_message.html?_=1602971152647&CODE_STATE=getMsg HTTP/1.1" 200 27
172.17.0.123 - - [18/Oct/2020:05:50:08 +0800] "GET /xingrg/check_reg.html?_=1602971376083 HTTP/1.1" 302 -
172.17.0.123 - - [18/Oct/2020:05:50:08 +0800] "GET /xingrg/all/function/internal_message.html?_=1602971376084&CODE_STATE=getMsg HTTP/1.1" 302 -
58.37.8.227 - - [18/Oct/2020:05:50:12 +0800] "GET /xingrg/all/function/internal_message.html?_=1602971014884&CODE_STATE=getMsg HTTP/1.1" 200 27
120.253.135.82 - - [18/Oct/2020:05:50:21 +0800] "GET /xingrg/check_reg.html?_=1602971165949 HTTP/1.1" 200 22
172.17.0.103 - - [18/Oct/2020:05:50:22 +0800] "GET /xingrg/all/function/internal_message.html?_=1602971416918&CODE_STATE=getMsg HTTP/1.1" 200 27
172.17.0.115 - - [18/Oct/2020:05:50:33 +0800] "GET /xingrg/all/function/internal_message.html?_=1602971430236&CODE_STATE=getMsg HTTP/1.1" 302 -
117.185.32.26 - - [18/Oct/2020:05:50:33 +0800] "GET /xingrg/all/function/internal_message.html?_=1602971425634&CODE_STATE=getMsg HTTP/1.1" 200 27
172.17.0.185 - - [18/Oct/2020:05:50:35 +0800] "GET /xingrg/all/function/internal_message.html?_=1602971430315&CODE_STATE=getMsg HTTP/1.1" 200 27
58.37.8.227 - - [18/Oct/2020:05:50:39 +0800] "GET /xingrg/check_reg.html?_=1602971042139 HTTP/1.1" 200 22
172.17.0.105 - - [18/Oct/2020:05:50:43 +0800] "GET /xingrg/check_reg.html?_=1602971439491 HTTP/1.1" 200 22
172.17.0.105 - - [18/Oct/2020:05:50:43 +0800] "GET /xingrg/all/function/internal_message.html?_=1602971439494&CODE_STATE=getMsg HTTP/1.1" 200 27
120.253.135.82 - - [18/Oct/2020:05:50:44 +0800] "POST /xingrg/kc/pszx/mdps_list_operate.html HTTP/1.1" 200 4662
120.253.135.82 - - [18/Oct/2020:05:50:45 +0800] "POST /xingrg/kc/pszx/mdps_list_operate.html HTTP/1.1" 200 294
120.253.135.82 - - [18/Oct/2020:05:50:47 +0800] "POST /xingrg/kc/pszx/mdps_list_operate.html HTTP/1.1" 200 377
120.253.135.82 - - [18/Oct/2020:05:50:54 +0800] "POST /xingrg/kc/pszx/mdps_list_operate.html HTTP/1.1" 200 284
120.253.135.82 - - [18/Oct/2020:05:50:57 +0800] "POST /xingrg/kc/pszx/mdps_list_operate.html HTTP/1.1" 200 595
120.253.135.82 - - [18/Oct/2020:05:50:59 +0800] "POST /xingrg/kc/pszx/mdps_list_operate.html HTTP/1.1" 200 278
114.88.166.242 - - [18/Oct/2020:05:51:00 +0800] "GET /xingrg/all/function/internal_message.html?_=1602971454872&CODE_STATE=getMsg HTTP/1.1" 200 27
120.253.135.82 - - [18/Oct/2020:05:51:02 +0800] "POST /xingrg/kc/pszx/mdps_list_operate.html HTTP/1.1" 200 537
120.253.135.82 - - [18/Oct/2020:05:51:04 +0800] "POST /xingrg/kc/pszx/mdps_list_operate.html HTTP/1.1" 200 644
120.253.135.82 - - [18/Oct/2020:05:51:07 +0800] "POST /xingrg/kc/pszx/mdps_list_operate.html HTTP/1.1" 200 487
120.253.135.82 - - [18/Oct/2020:05:51:07 +0800] "GET /xingrg/all/function/internal_message.html?_=1602971212711&CODE_STATE=getMsg HTTP/1.1" 200 27
172.17.0.123 - - [18/Oct/2020:05:51:08 +0800] "GET /xingrg/all/function/internal_message.html?_=1602971436092&CODE_STATE=getMsg HTTP/1.1" 302 -
120.253.135.82 - - [18/Oct/2020:05:51:11 +0800] "POST /xingrg/kc/pszx/mdps_list_operate.html HTTP/1.1" 200 612
58.37.8.227 - - [18/Oct/2020:05:51:12 +0800] "GET /xingrg/all/function/internal_message.html?_=1602971074865&CODE_STATE=getMsg HTTP/1.1" 200 27
172.17.0.103 - - [18/Oct/2020:05:51:22 +0800] "GET /xingrg/all/function/internal_message.html?_=1602971476917&CODE_STATE=getMsg HTTP/1.1" 200 27
172.17.0.115 - - [18/Oct/2020:05:51:33 +0800] "GET /xingrg/all/function/internal_message.html?_=1602971490238&CODE_STATE=getMsg HTTP/1.1" 302 -
117.185.32.26 - - [18/Oct/2020:05:51:33 +0800] "GET /xingrg/all/function/internal_message.html?_=1602971485606&CODE_STATE=getMsg HTTP/1.1" 200 27
172.17.0.185 - - [18/Oct/2020:05:51:35 +0800] "GET /xingrg/check_reg.html?_=1602971490320 HTTP/1.1" 200 22
172.17.0.185 - - [18/Oct/2020:05:51:35 +0800] "GET /xingrg/all/function/internal_message.html?_=1602971490324&CODE_STATE=getMsg HTTP/1.1" 200 27
120.253.135.82 - - [18/Oct/2020:05:51:40 +0800] "POST /xingrg/kc/pszx/mdps_list_operate.html HTTP/1.1" 200 3590
172.17.0.105 - - [18/Oct/2020:05:51:43 +0800] "GET /xingrg/all/function/internal_message.html?_=1602971499504&CODE_STATE=getMsg HTTP/1.1" 200 27
120.253.135.82 - - [18/Oct/2020:05:51:45 +0800] "POST /xingrg/kc/pszx/mdps_list_operate.html HTTP/1.1" 200 233
120.253.135.82 - - [18/Oct/2020:05:51:46 +0800] "POST /xingrg/kc/pszx/mdps_list_operate.html HTTP/1.1" 200 598
114.84.37.38 - - [18/Oct/2020:05:51:48 +0800] "GET /xingrg/check_reg.html?_=1602971510412 HTTP/1.1" 200 22
120.253.135.82 - - [18/Oct/2020:05:51:48 +0800] "POST /xingrg/kc/pszx/mdps_list_operate.html HTTP/1.1" 200 607
120.253.135.82 - - [18/Oct/2020:05:51:51 +0800] "POST /xingrg/kc/pszx/mdps_list_operate.html HTTP/1.1" 200 623
120.253.135.82 - - [18/Oct/2020:05:51:54 +0800] "POST /xingrg/kc/pszx/mdps_list_operate.html HTTP/1.1" 200 285
120.253.135.82 - - [18/Oct/2020:05:51:57 +0800] "POST /xingrg/kc/pszx/mdps_list_operate.html HTTP/1.1" 200 202
114.88.166.242 - - [18/Oct/2020:05:52:00 +0800] "GET /xingrg/all/function/internal_message.html?_=1602971514871&CODE_STATE=getMsg HTTP/1.1" 200 27
120.253.135.82 - - [18/Oct/2020:05:52:08 +0800] "GET /xingrg/all/function/internal_message.html?_=1602971272829&CODE_STATE=getMsg HTTP/1.1" 200 27
172.17.0.123 - - [18/Oct/2020:05:52:08 +0800] "GET /xingrg/all/function/internal_message.html?_=1602971496095&CODE_STATE=getMsg HTTP/1.1" 302 -
58.37.8.227 - - [18/Oct/2020:05:52:12 +0800] "GET /xingrg/all/function/internal_message.html?_=1602971134845&CODE_STATE=getMsg HTTP/1.1" 200 27
172.17.0.103 - - [18/Oct/2020:05:52:22 +0800] "GET /xingrg/all/function/internal_message.html?_=1602971536916&CODE_STATE=getMsg HTTP/1.1" 200 27
172.17.0.115 - - [18/Oct/2020:05:52:33 +0800] "GET /xingrg/all/function/internal_message.html?_=1602971550264&CODE_STATE=getMsg HTTP/1.1" 302 -
117.185.32.26 - - [18/Oct/2020:05:52:33 +0800] "GET /xingrg/all/function/internal_message.html?_=1602971545588&CODE_STATE=getMsg HTTP/1.1" 200 27
172.17.0.185 - - [18/Oct/2020:05:52:35 +0800] "GET /xingrg/all/function/internal_message.html?_=1602971550326&CODE_STATE=getMsg HTTP/1.1" 200 27
172.17.0.105 - - [18/Oct/2020:05:52:43 +0800] "GET /xingrg/all/function/internal_message.html?_=1602971559504&CODE_STATE=getMsg HTTP/1.1" 200 27
117.185.32.26 - - [18/Oct/2020:05:52:44 +0800] "GET /xingrg/check_reg.html?_=1602971556821 HTTP/1.1" 200 22
114.88.166.242 - - [18/Oct/2020:05:53:00 +0800] "GET /xingrg/all/function/internal_message.html?_=1602971574869&CODE_STATE=getMsg HTTP/1.1" 200 27
172.17.0.115 - - [18/Oct/2020:05:53:01 +0800] "GET /xingrg/check_reg.html?_=1602971578020 HTTP/1.1" 302 -
120.253.135.82 - - [18/Oct/2020:05:53:08 +0800] "GET /xingrg/all/function/internal_message.html?_=1602971332835&CODE_STATE=getMsg HTTP/1.1" 200 27
172.17.0.123 - - [18/Oct/2020:05:53:08 +0800] "GET /xingrg/all/function/internal_message.html?_=1602971556083&CODE_STATE=getMsg HTTP/1.1" 302 -
58.37.8.227 - - [18/Oct/2020:05:53:12 +0800] "GET /xingrg/all/function/internal_message.html?_=1602971194816&CODE_STATE=getMsg HTTP/1.1" 200 27
172.17.0.103 - - [18/Oct/2020:05:53:22 +0800] "GET /xingrg/all/function/internal_message.html?_=1602971596916&CODE_STATE=getMsg HTTP/1.1" 200 27
172.17.0.115 - - [18/Oct/2020:05:53:33 +0800] "GET /xingrg/all/function/internal_message.html?_=1602971610266&CODE_STATE=getMsg HTTP/1.1" 302 -
117.185.32.26 - - [18/Oct/2020:05:53:33 +0800] "GET /xingrg/all/function/internal_message.html?_=1602971605564&CODE_STATE=getMsg HTTP/1.1" 200 27
172.17.0.185 - - [18/Oct/2020:05:53:35 +0800] "GET /xingrg/all/function/internal_message.html?_=1602971610314&CODE_STATE=getMsg HTTP/1.1" 200 27
172.17.0.105 - - [18/Oct/2020:05:53:43 +0800] "GET /xingrg/all/function/internal_message.html?_=1602971619506&CODE_STATE=getMsg HTTP/1.1" 200 27
114.88.166.242 - - [18/Oct/2020:05:54:00 +0800] "GET /xingrg/all/function/internal_message.html?_=1602971634868&CODE_STATE=getMsg HTTP/1.1" 200 27
114.88.166.242 - - [18/Oct/2020:05:54:00 +0800] "GET /xingrg/check_reg.html?_=1602971634867 HTTP/1.1" 200 22
120.253.135.82 - - [18/Oct/2020:05:54:08 +0800] "GET /xingrg/all/function/internal_message.html?_=1602971392981&CODE_STATE=getMsg HTTP/1.1" 200 27
172.17.0.123 - - [18/Oct/2020:05:54:08 +0800] "GET /xingrg/all/function/internal_message.html?_=1602971616086&CODE_STATE=getMsg HTTP/1.1" 302 -
58.37.8.227 - - [18/Oct/2020:05:54:12 +0800] "GET /xingrg/all/function/internal_message.html?_=1602971254784&CODE_STATE=getMsg HTTP/1.1" 200 27
172.17.0.103 - - [18/Oct/2020:05:54:22 +0800] "GET /xingrg/all/function/internal_message.html?_=1602971656915&CODE_STATE=getMsg HTTP/1.1" 200 27
172.17.0.103 - - [18/Oct/2020:05:54:22 +0800] "GET /xingrg/check_reg.html?_=1602971656916 HTTP/1.1" 200 22
172.17.0.115 - - [18/Oct/2020:05:54:33 +0800] "GET /xingrg/all/function/internal_message.html?_=1602971670291&CODE_STATE=getMsg HTTP/1.1" 302 -
117.185.32.26 - - [18/Oct/2020:05:54:33 +0800] "GET /xingrg/all/function/internal_message.html?_=1602971665535&CODE_STATE=getMsg HTTP/1.1" 200 27
172.17.0.185 - - [18/Oct/2020:05:54:35 +0800] "GET /xingrg/all/function/internal_message.html?_=1602971670318&CODE_STATE=getMsg HTTP/1.1" 200 27
172.17.0.105 - - [18/Oct/2020:05:54:43 +0800] "GET /xingrg/all/function/internal_message.html?_=1602971679500&CODE_STATE=getMsg HTTP/1.1" 200 27
114.88.166.242 - - [18/Oct/2020:05:55:00 +0800] "GET /xingrg/all/function/internal_message.html?_=1602971694867&CODE_STATE=getMsg HTTP/1.1" 200 27
120.253.135.82 - - [18/Oct/2020:05:55:08 +0800] "GET /xingrg/all/function/internal_message.html?_=1602971452987&CODE_STATE=getMsg HTTP/1.1" 200 27
172.17.0.123 - - [18/Oct/2020:05:55:08 +0800] "GET /xingrg/check_reg.html?_=1602971676090 HTTP/1.1" 302 -
172.17.0.123 - - [18/Oct/2020:05:55:08 +0800] "GET /xingrg/all/function/internal_message.html?_=1602971676092&CODE_STATE=getMsg HTTP/1.1" 302 -
58.37.8.227 - - [18/Oct/2020:05:55:12 +0800] "GET /xingrg/all/function/internal_message.html?_=1602971314758&CODE_STATE=getMsg HTTP/1.1" 200 27
120.253.135.82 - - [18/Oct/2020:05:55:21 +0800] "GET /xingrg/check_reg.html?_=1602971465951 HTTP/1.1" 200 22
172.17.0.103 - - [18/Oct/2020:05:55:22 +0800] "GET /xingrg/all/function/internal_message.html?_=1602971716945&CODE_STATE=getMsg HTTP/1.1" 200 27
172.17.0.115 - - [18/Oct/2020:05:55:33 +0800] "GET /xingrg/all/function/internal_message.html?_=1602971730292&CODE_STATE=getMsg HTTP/1.1" 302 -
117.185.32.26 - - [18/Oct/2020:05:55:33 +0800] "GET /xingrg/all/function/internal_message.html?_=1602971725506&CODE_STATE=getMsg HTTP/1.1" 200 27
172.17.0.185 - - [18/Oct/2020:05:55:35 +0800] "GET /xingrg/all/function/internal_message.html?_=1602971730323&CODE_STATE=getMsg HTTP/1.1" 200 27
58.37.8.227 - - [18/Oct/2020:05:55:39 +0800] "GET /xingrg/check_reg.html?_=1602971342137 HTTP/1.1" 200 22
120.253.135.82 - - [18/Oct/2020:05:55:40 +0800] "POST /xingrg/kc/pszx/mdps_list_operate.html HTTP/1.1" 200 1690
120.253.135.82 - - [18/Oct/2020:05:55:41 +0800] "POST /xingrg/kc/pszx/mdps_list_operate.html HTTP/1.1" 200 205
120.253.135.82 - - [18/Oct/2020:05:55:42 +0800] "GET /xingrg/kc/pszx/mdps_order_info.html?code=312020101800477 HTTP/1.1" 200 23887
120.253.135.82 - - [18/Oct/2020:05:55:42 +0800] "POST /xingrg/kc/pszx/mdps_order_operate.html HTTP/1.1" 200 2281
120.253.135.82 - - [18/Oct/2020:05:55:42 +0800] "GET /xingrg/javascript/easyui/themes/default/validatebox.css HTTP/1.1" 404 1104
172.17.0.105 - - [18/Oct/2020:05:55:43 +0800] "GET /xingrg/all/function/internal_message.html?_=1602971739505&CODE_STATE=getMsg HTTP/1.1" 200 27
172.17.0.105 - - [18/Oct/2020:05:55:43 +0800] "GET /xingrg/check_reg.html?_=1602971739507 HTTP/1.1" 200 22
120.253.135.82 - - [18/Oct/2020:05:55:45 +0800] "POST /xingrg/kc/pszx/mdps_order_operate.html HTTP/1.1" 200 37
120.253.135.82 - - [18/Oct/2020:05:55:46 +0800] "GET /xingrg/kc/pszx/mdps_order_info.html?code=312020101800477 HTTP/1.1" 200 23887
120.253.135.82 - - [18/Oct/2020:05:55:47 +0800] "POST /xingrg/kc/pszx/mdps_order_operate.html HTTP/1.1" 200 2289
120.253.135.82 - - [18/Oct/2020:05:55:47 +0800] "GET /xingrg/javascript/easyui/themes/default/validatebox.css HTTP/1.1" 404 1104
120.253.135.82 - - [18/Oct/2020:05:55:49 +0800] "POST /xingrg/kc/pszx/mdps_list_operate.html HTTP/1.1" 200 1690
120.253.135.82 - - [18/Oct/2020:05:55:50 +0800] "POST /xingrg/kc/pszx/mdps_list_operate.html HTTP/1.1" 200 205
120.253.135.82 - - [18/Oct/2020:05:55:51 +0800] "GET /xingrg/kc/pszx/mdps_order_info.html?code=312020101800477 HTTP/1.1" 200 23887
120.253.135.82 - - [18/Oct/2020:05:55:51 +0800] "POST /xingrg/kc/pszx/mdps_order_operate.html HTTP/1.1" 200 2289
120.253.135.82 - - [18/Oct/2020:05:55:51 +0800] "GET /xingrg/javascript/easyui/themes/default/validatebox.css HTTP/1.1" 404 1104
