120.253.135.82 - - [18/Oct/2020:10:52:27 +0800] "GET /xingrg/kc/pszx/mdps_order_info.html?code=312020101400364 HTTP/1.1" 200 23885
120.253.135.82 - - [18/Oct/2020:10:52:27 +0800] "GET /xingrg/javascript/easyui/themes/default/validatebox.css HTTP/1.1" 404 1104
120.253.135.82 - - [18/Oct/2020:10:52:27 +0800] "POST /xingrg/kc/pszx/mdps_order_operate.html HTTP/1.1" 200 2278
58.37.8.227 - - [18/Oct/2020:10:52:28 +0800] "GET /xingrg/all/function/internal_message.html?_=1602989544743&CODE_STATE=getMsg HTTP/1.1" 200 27
114.88.166.242 - - [18/Oct/2020:10:52:29 +0800] "GET /xingrg/javascript/jquery_easy_ui/themes/default/images/tabs_close.gif HTTP/1.1" 304 -
114.88.166.242 - - [18/Oct/2020:10:52:29 +0800] "GET /xingrg/css/base.css HTTP/1.1" 304 -
114.88.166.242 - - [18/Oct/2020:10:52:29 +0800] "GET /xingrg/css/site.css HTTP/1.1" 304 -
114.88.166.242 - - [18/Oct/2020:10:52:29 +0800] "GET /xingrg/javascript/easyui/themes/icon.css HTTP/1.1" 304 -
114.88.166.242 - - [18/Oct/2020:10:52:29 +0800] "GET /xingrg/javascript/jquery_tools/datebox.css HTTP/1.1" 304 -
114.88.166.242 - - [18/Oct/2020:10:52:29 +0800] "GET /xingrg/javascript/jquery_tools/jquery.tools.extend.js HTTP/1.1" 304 -
114.88.166.242 - - [18/Oct/2020:10:52:29 +0800] "GET /xingrg/javascript/jquery_tools/fix.css HTTP/1.1" 304 -
114.88.166.242 - - [18/Oct/2020:10:52:29 +0800] "GET /xingrg/javascript/easyui/themes/default/easyui.css HTTP/1.1" 304 -
114.88.166.242 - - [18/Oct/2020:10:52:29 +0800] "GET /xingrg/javascript/jquery_tools/jquery.tools.min.js HTTP/1.1" 304 -
114.88.166.242 - - [18/Oct/2020:10:52:29 +0800] "GET /xingrg/javascript/auto/jquery.autocomplete.css HTTP/1.1" 304 -
114.88.166.242 - - [18/Oct/2020:10:52:29 +0800] "GET /xingrg/javascript/jquery_tools/table.css HTTP/1.1" 304 -
114.88.166.242 - - [18/Oct/2020:10:52:29 +0800] "GET /xingrg/javascript/jquery_tools/jquery.tools.hotkey.js HTTP/1.1" 304 -
114.88.166.242 - - [18/Oct/2020:10:52:29 +0800] "GET /xingrg/kc/buy/cgsh_order_list.html HTTP/1.1" 200 44262
114.88.166.242 - - [18/Oct/2020:10:52:29 +0800] "GET /xingrg/javascript/jquery_tools/list_manager.js HTTP/1.1" 304 -
114.88.166.242 - - [18/Oct/2020:10:52:29 +0800] "GET /xingrg/javascript/jquery_tools/jquery.tools.table.js HTTP/1.1" 304 -
114.88.166.242 - - [18/Oct/2020:10:52:29 +0800] "GET /xingrg/javascript/auto/jquery.autocomplete.js HTTP/1.1" 304 -
114.88.166.242 - - [18/Oct/2020:10:52:29 +0800] "GET /xingrg/javascript/jquery.cookie.js HTTP/1.1" 304 -
114.88.166.242 - - [18/Oct/2020:10:52:29 +0800] "GET /xingrg/javascript/print/LodopFuncs.js HTTP/1.1" 304 -
114.88.166.242 - - [18/Oct/2020:10:52:29 +0800] "GET /xingrg/javascript/easyui/easyloader.js HTTP/1.1" 304 -
114.84.37.38 - - [18/Oct/2020:10:52:29 +0800] "GET /xingrg/kc/buy/cgsh_order_operate.html?command=get_materiel&rest_code=00146&code=00101008353&supplier_code=00100005&order_time=2020-10-18 HTTP/1.1" 200 408
114.88.166.242 - - [18/Oct/2020:10:52:30 +0800] "GET /xingrg/javascript/easyui/themes/icons/edit_add_new.png HTTP/1.1" 304 -
114.88.166.242 - - [18/Oct/2020:10:52:30 +0800] "GET /xingrg/javascript/easyui/themes/icons/cance_new.png HTTP/1.1" 304 -
114.88.166.242 - - [18/Oct/2020:10:52:30 +0800] "GET /xingrg/javascript/easyui/themes/icons/check_new.png HTTP/1.1" 304 -
114.88.166.242 - - [18/Oct/2020:10:52:30 +0800] "GET /xingrg/javascript/easyui/themes/icons/field_new.png HTTP/1.1" 304 -
114.88.166.242 - - [18/Oct/2020:10:52:30 +0800] "GET /xingrg/javascript/easyui/themes/icons/import_new.png HTTP/1.1" 304 -
114.88.166.242 - - [18/Oct/2020:10:52:30 +0800] "GET /xingrg/javascript/jquery_easy_ui/themes/icons/area.png HTTP/1.1" 304 -
114.88.166.242 - - [18/Oct/2020:10:52:30 +0800] "GET /xingrg/javascript/jquery_easy_ui/themes/icons/rest.png HTTP/1.1" 304 -
114.88.166.242 - - [18/Oct/2020:10:52:30 +0800] "GET /xingrg/javascript/easyui/plugins/jquery.parser.js HTTP/1.1" 304 -
114.88.166.242 - - [18/Oct/2020:10:52:30 +0800] "GET /xingrg/images/control/ajaxLoader.gif HTTP/1.1" 304 -
120.253.135.82 - - [18/Oct/2020:10:52:30 +0800] "POST /xingrg/kc/pszx/mdps_order_operate.html HTTP/1.1" 200 37
114.88.166.242 - - [18/Oct/2020:10:52:31 +0800] "POST /xingrg/kc/buy/cgsh_list_operate.html HTTP/1.1" 200 5222
58.40.7.146 - - [18/Oct/2020:10:52:31 +0800] "GET /xingrg/all/function/internal_message.html?_=1602989547462&CODE_STATE=getMsg HTTP/1.1" 200 27
58.40.7.146 - - [18/Oct/2020:10:52:31 +0800] "GET /xingrg/check_reg.html?_=1602989547683 HTTP/1.1" 200 22
120.253.135.82 - - [18/Oct/2020:10:52:32 +0800] "POST /xingrg/kc/pszx/mdps_order_operate.html HTTP/1.1" 200 12
120.253.135.82 - - [18/Oct/2020:10:52:33 +0800] "GET /xingrg/kc/pszx/mdps_order_info.html?code=312020101400364 HTTP/1.1" 200 19545
120.253.135.82 - - [18/Oct/2020:10:52:33 +0800] "POST /xingrg/kc/pszx/mdps_order_operate.html HTTP/1.1" 200 498
120.253.135.82 - - [18/Oct/2020:10:52:33 +0800] "GET /xingrg/javascript/easyui/themes/default/validatebox.css HTTP/1.1" 404 1104
114.88.166.242 - - [18/Oct/2020:10:52:33 +0800] "GET /xingrg/all/function/internal_message.html?_=1602989547080&CODE_STATE=getMsg HTTP/1.1" 200 27
117.185.32.26 - - [18/Oct/2020:10:52:34 +0800] "GET /xingrg/all/function/internal_message.html?_=1602989545611&CODE_STATE=getMsg HTTP/1.1" 200 27
120.253.135.82 - - [18/Oct/2020:10:52:34 +0800] "POST /xingrg/kc/pszx/mdps_list_operate.html HTTP/1.1" 200 1692
114.88.166.242 - - [18/Oct/2020:10:52:34 +0800] "POST /xingrg/kc/buy/cgsh_list_operate.html HTTP/1.1" 200 8810
120.253.135.82 - - [18/Oct/2020:10:52:35 +0800] "POST /xingrg/kc/pszx/mdps_list_operate.html HTTP/1.1" 200 635
172.17.0.185 - - [18/Oct/2020:10:52:35 +0800] "GET /xingrg/all/function/internal_message.html?_=1602989550321&CODE_STATE=getMsg HTTP/1.1" 200 27
114.88.166.242 - - [18/Oct/2020:10:52:35 +0800] "POST /xingrg/kc/buy/cgsh_list_operate.html HTTP/1.1" 200 271
120.253.135.82 - - [18/Oct/2020:10:52:36 +0800] "GET /xingrg/kc/pszx/mdps_order_info.html?code=312020101700449 HTTP/1.1" 200 23887
117.185.32.26 - - [18/Oct/2020:10:52:36 +0800] "GET /xingrg/kc/base/wldb_order_operate.html?command=get_materiel&rest_code=00106&base_code=0010396&code=00101016094 HTTP/1.1" 200 470
120.253.135.82 - - [18/Oct/2020:10:52:36 +0800] "POST /xingrg/kc/pszx/mdps_order_operate.html HTTP/1.1" 200 4867
114.88.166.242 - - [18/Oct/2020:10:52:36 +0800] "GET /xingrg/javascript/pic_change.js HTTP/1.1" 304 -
114.88.166.242 - - [18/Oct/2020:10:52:36 +0800] "GET /xingrg/javascript/convert.js HTTP/1.1" 304 -
114.88.166.242 - - [18/Oct/2020:10:52:36 +0800] "GET /xingrg/javascript/json2.js HTTP/1.1" 304 -
114.88.166.242 - - [18/Oct/2020:10:52:36 +0800] "GET /xingrg/javascript/jquery_tools/order_manager.js HTTP/1.1" 304 -
114.88.166.242 - - [18/Oct/2020:10:52:36 +0800] "GET /xingrg/javascript/print/kc_print.js HTTP/1.1" 304 -
114.88.166.242 - - [18/Oct/2020:10:52:36 +0800] "GET /xingrg/kc/buy/cgsh_order_info.html?code=212020101807303 HTTP/1.1" 200 60009
114.88.166.242 - - [18/Oct/2020:10:52:36 +0800] "GET /xingrg/words/20201018102111_words.js HTTP/1.1" 200 769363
120.253.135.82 - - [18/Oct/2020:10:52:36 +0800] "GET /xingrg/javascript/easyui/themes/default/validatebox.css HTTP/1.1" 404 1104
114.88.166.242 - - [18/Oct/2020:10:52:36 +0800] "GET /xingrg/javascript/easyui/themes/icons/copy_new.png HTTP/1.1" 304 -
114.88.166.242 - - [18/Oct/2020:10:52:36 +0800] "GET /xingrg/javascript/easyui/themes/icons/template_new.png HTTP/1.1" 304 -
114.88.166.242 - - [18/Oct/2020:10:52:36 +0800] "GET /xingrg/javascript/easyui/themes/icons/ok.png HTTP/1.1" 304 -
114.88.166.242 - - [18/Oct/2020:10:52:36 +0800] "GET /xingrg/javascript/easyui/themes/icons/print.png HTTP/1.1" 304 -
114.88.166.242 - - [18/Oct/2020:10:52:36 +0800] "GET /xingrg/javascript/easyui/themes/default/images/menu_downarrow.png HTTP/1.1" 304 -
114.88.166.242 - - [18/Oct/2020:10:52:36 +0800] "GET /xingrg/javascript/easyui/themes/icons/cancel.png HTTP/1.1" 304 -
114.88.166.242 - - [18/Oct/2020:10:52:36 +0800] "GET /xingrg/all/function/internal_message.html?_=1602989641716&CODE_STATE=getMsg HTTP/1.1" 200 27
172.17.0.115 - - [18/Oct/2020:10:52:37 +0800] "GET /xingrg/all/function/internal_message.html?_=1602989554637&CODE_STATE=getMsg HTTP/1.1" 302 -
114.88.166.242 - - [18/Oct/2020:10:52:37 +0800] "GET /xingrg/all/common/auto_word.html?type=employee&rest_code=00111 HTTP/1.1" 200 205
114.88.166.242 - - [18/Oct/2020:10:52:37 +0800] "GET /xingrg/all/common/auto_word.html?type=employee&rest_code=00111 HTTP/1.1" 200 205
114.88.166.242 - - [18/Oct/2020:10:52:37 +0800] "GET /xingrg/javascript/easyui/themes/default/validatebox.css HTTP/1.1" 404 1104
114.88.166.242 - - [18/Oct/2020:10:52:37 +0800] "GET /xingrg/javascript/easyui/plugins/jquery.validatebox.js HTTP/1.1" 304 -
114.88.166.242 - - [18/Oct/2020:10:52:37 +0800] "GET /xingrg/javascript/easyui/plugins/jquery.numberbox.js HTTP/1.1" 304 -
114.88.166.242 - - [18/Oct/2020:10:52:37 +0800] "POST /xingrg/kc/buy/cgsh_order_operate.html HTTP/1.1" 200 3245
114.88.166.242 - - [18/Oct/2020:10:52:37 +0800] "GET /xingrg/javascript/easyui/themes/icons/edit_remove.png HTTP/1.1" 304 -
114.88.166.242 - - [18/Oct/2020:10:52:37 +0800] "GET /xingrg/javascript/easyui/themes/default/images/button_plain_hover.png HTTP/1.1" 304 -
114.88.166.242 - - [18/Oct/2020:10:52:38 +0800] "GET /xingrg/kc/print/load_config.html?kc_code=cgsh HTTP/1.1" 200 1845
114.88.166.242 - - [18/Oct/2020:10:52:38 +0800] "GET /xingrg/kc/print/load_data.html?order_code=212020101807303&kc_code=cgsh HTTP/1.1" 200 948
114.84.37.38 - - [18/Oct/2020:10:52:40 +0800] "GET /xingrg/kc/buy/cgsh_order_operate.html?command=get_materiel&rest_code=00146&code=00101004004&supplier_code=00100312&order_time=2020-10-18 HTTP/1.1" 200 413
124.76.236.61 - - [18/Oct/2020:10:52:40 +0800] "GET /xingrg/all/function/internal_message.html?_=1602989525395&CODE_STATE=getMsg HTTP/1.1" 200 27
114.84.37.38 - - [18/Oct/2020:10:52:42 +0800] "GET /xingrg/kc/buy/cgsh_order_operate.html?command=get_materiel&rest_code=00146&code=00101008347&supplier_code=00100005&order_time=2020-10-18 HTTP/1.1" 200 408
172.17.0.105 - - [18/Oct/2020:10:52:43 +0800] "GET /xingrg/all/function/internal_message.html?_=1602989560378&CODE_STATE=getMsg HTTP/1.1" 200 27
117.185.32.26 - - [18/Oct/2020:10:52:44 +0800] "GET /xingrg/check_reg.html?_=1602989555653 HTTP/1.1" 200 22
124.77.70.31 - - [18/Oct/2020:10:52:45 +0800] "GET /xingrg/kc/buy/cgsh_order_operate.html?command=get_materiel&rest_code=00107&code=00101008323&supplier_code=00100006&order_time=2020-10-18 HTTP/1.1" 200 408
120.253.135.82 - - [18/Oct/2020:10:52:46 +0800] "POST /xingrg/kc/pszx/mdps_order_operate.html HTTP/1.1" 200 37
117.185.32.26 - - [18/Oct/2020:10:52:46 +0800] "GET /xingrg/kc/base/wldb_order_operate.html?command=get_materiel&rest_code=00106&base_code=0010396&code=00101013003 HTTP/1.1" 200 430
114.88.166.242 - - [18/Oct/2020:10:52:47 +0800] "GET /xingrg/javascript/jquery_easy_ui/themes/default/images/tabs_active.png HTTP/1.1" 304 -
120.253.135.82 - - [18/Oct/2020:10:52:47 +0800] "POST /xingrg/kc/pszx/mdps_order_operate.html HTTP/1.1" 200 12
120.253.135.82 - - [18/Oct/2020:10:52:48 +0800] "GET /xingrg/kc/pszx/mdps_order_info.html?code=312020101700449 HTTP/1.1" 200 19547
120.253.135.82 - - [18/Oct/2020:10:52:48 +0800] "POST /xingrg/kc/pszx/mdps_order_operate.html HTTP/1.1" 200 3064
120.253.135.82 - - [18/Oct/2020:10:52:48 +0800] "GET /xingrg/javascript/easyui/themes/default/validatebox.css HTTP/1.1" 404 1104
124.77.70.31 - - [18/Oct/2020:10:52:49 +0800] "GET /xingrg/check_reg.html?_=1602989564700 HTTP/1.1" 200 22
124.77.70.31 - - [18/Oct/2020:10:52:49 +0800] "GET /xingrg/all/function/internal_message.html?_=1602989564796&CODE_STATE=getMsg HTTP/1.1" 200 27
114.88.166.242 - - [18/Oct/2020:10:52:49 +0800] "POST /xingrg/kc/buy/cgsh_list_operate.html HTTP/1.1" 200 573
114.88.166.242 - - [18/Oct/2020:10:52:49 +0800] "GET /xingrg/kc/buy/cgsh_order_info.html?code=212020101807291 HTTP/1.1" 200 60011
114.88.166.242 - - [18/Oct/2020:10:52:50 +0800] "GET /xingrg/javascript/easyui/themes/default/validatebox.css HTTP/1.1" 404 1104
120.253.135.82 - - [18/Oct/2020:10:52:50 +0800] "POST /xingrg/kc/pszx/mdps_list_operate.html HTTP/1.1" 200 868
172.17.0.103 - - [18/Oct/2020:10:52:50 +0800] "GET /xingrg/all/function/internal_message.html?_=1602989564319&CODE_STATE=getMsg HTTP/1.1" 200 27
114.88.166.242 - - [18/Oct/2020:10:52:50 +0800] "POST /xingrg/kc/buy/cgsh_order_operate.html HTTP/1.1" 200 13312
114.88.166.242 - - [18/Oct/2020:10:52:50 +0800] "POST /xingrg/kc/buy/cgsh_list_operate.html HTTP/1.1" 200 8810
114.88.166.242 - - [18/Oct/2020:10:52:51 +0800] "GET /xingrg/kc/print/load_data.html?order_code=212020101807291&kc_code=cgsh HTTP/1.1" 200 4742
114.84.37.38 - - [18/Oct/2020:10:52:51 +0800] "GET /xingrg/kc/buy/cgsh_order_operate.html?command=get_materiel&rest_code=00146&code=00101004049&supplier_code=00100312&order_time=2020-10-18 HTTP/1.1" 200 413
117.185.32.26 - - [18/Oct/2020:10:52:54 +0800] "GET /xingrg/all/function/internal_message.html?_=1602990010010&CODE_STATE=getMsg HTTP/1.1" 200 27
117.185.32.26 - - [18/Oct/2020:10:52:55 +0800] "GET /xingrg/kc/base/wldb_order_operate.html?command=get_materiel&rest_code=00106&base_code=0010396&code=00101013182 HTTP/1.1" 200 429
114.84.37.38 - - [18/Oct/2020:10:52:56 +0800] "GET /xingrg/kc/buy/cgsh_order_operate.html?command=get_materiel&rest_code=00146&code=00101013179&supplier_code=00100005&order_time=2020-10-18 HTTP/1.1" 200 431
180.157.253.48 - - [18/Oct/2020:10:52:56 +0800] "POST /xingrg/login.do HTTP/1.1" 302 -
180.157.253.48 - - [18/Oct/2020:10:52:57 +0800] "GET /xingrg/javascript/jquery_easy_ui/themes/default/easyui.css HTTP/1.1" 304 -
180.157.253.48 - - [18/Oct/2020:10:52:57 +0800] "GET /xingrg/javascript/jquery_easy_ui/themes/icon.css HTTP/1.1" 304 -
180.157.253.48 - - [18/Oct/2020:10:52:57 +0800] "GET /xingrg/index.html?sysBaseUrl=http%3A%2F%2F180.169.147.146%3A18081%2Fxingrg%2F&costTime=40×tamp=1602989576975 HTTP/1.1" 200 17179
180.157.253.48 - - [18/Oct/2020:10:52:57 +0800] "GET /xingrg/css/form.css HTTP/1.1" 304 -
180.157.253.48 - - [18/Oct/2020:10:52:57 +0800] "GET /xingrg/javascript/jquery-1.4.2.min.js HTTP/1.1" 304 -
180.157.253.48 - - [18/Oct/2020:10:52:57 +0800] "GET /xingrg/javascript/jquery_easy_ui/jquery.easyui.min.js HTTP/1.1" 304 -
180.157.253.48 - - [18/Oct/2020:10:52:57 +0800] "GET /xingrg/javascript/jquery.form.js HTTP/1.1" 304 -
180.157.253.48 - - [18/Oct/2020:10:52:57 +0800] "GET /xingrg/javascript/jquery_easy_ui/easyui-lang-zh_CN.js HTTP/1.1" 304 -
180.157.253.48 - - [18/Oct/2020:10:52:57 +0800] "GET /xingrg/javascript/jquery.utils.js HTTP/1.1" 304 -
180.157.253.48 - - [18/Oct/2020:10:52:57 +0800] "GET /xingrg/javascript/jquery.timers.js HTTP/1.1" 304 -
180.157.253.48 - - [18/Oct/2020:10:52:57 +0800] "GET /xingrg/images/blue/jxLogo.png HTTP/1.1" 304 -
180.157.253.48 - - [18/Oct/2020:10:52:57 +0800] "GET /xingrg/images/blue/navBackgound.jpg HTTP/1.1" 304 -
180.157.253.48 - - [18/Oct/2020:10:52:57 +0800] "GET /favicon.ico HTTP/1.1" 404 -
180.157.253.48 - - [18/Oct/2020:10:52:57 +0800] "GET /xingrg/javascript/jquery_easy_ui/themes/icons/settle_new.png HTTP/1.1" 304 -
180.157.253.48 - - [18/Oct/2020:10:52:57 +0800] "POST /xingrg/all/common/load_tree.html?tree=area_rest_tree_json&manage=1 HTTP/1.1" 200 351
180.157.253.48 - - [18/Oct/2020:10:52:57 +0800] "GET /xingrg/images/blue/pingpu.png HTTP/1.1" 304 -
180.157.253.48 - - [18/Oct/2020:10:52:57 +0800] "GET /xingrg/javascript/jquery_easy_ui/themes/default/images/tabs_leftarrow.png HTTP/1.1" 304 -
180.157.253.48 - - [18/Oct/2020:10:52:57 +0800] "GET /xingrg/javascript/jquery_easy_ui/themes/default/images/tabs_rightarrow.png HTTP/1.1" 304 -
180.157.253.48 - - [18/Oct/2020:10:52:57 +0800] "GET /xingrg/javascript/jquery_easy_ui/themes/default/images/panel_tool_collapse.gif HTTP/1.1" 304 -
180.157.253.48 - - [18/Oct/2020:10:52:57 +0800] "GET /xingrg/all/function/internal_message.html?_=1602989573160&CODE_STATE=count HTTP/1.1" 200 11
180.157.253.48 - - [18/Oct/2020:10:52:57 +0800] "GET /xingrg/check_reg.html?_=1602989573161 HTTP/1.1" 200 22
180.157.253.48 - - [18/Oct/2020:10:52:57 +0800] "GET /xingrg/javascript/jquery_easy_ui/themes/default/images/tree_arrows.gif HTTP/1.1" 304 -
180.157.253.48 - - [18/Oct/2020:10:52:57 +0800] "POST /xingrg/load_menu.html HTTP/1.1" 200 5138
180.157.253.48 - - [18/Oct/2020:10:52:57 +0800] "GET /xingrg/javascript/jquery_easy_ui/themes/default/images/tree_folder_open.gif HTTP/1.1" 304 -
180.157.253.48 - - [18/Oct/2020:10:52:57 +0800] "GET /xingrg/javascript/jquery_easy_ui/themes/icons/search_new.png HTTP/1.1" 304 -
180.157.253.48 - - [18/Oct/2020:10:52:57 +0800] "GET /xingrg/javascript/jquery_easy_ui/themes/default/images/tree_folder.gif HTTP/1.1" 304 -
180.157.253.48 - - [18/Oct/2020:10:52:57 +0800] "GET /xingrg/javascript/jquery_easy_ui/themes/icons/storage_new.png HTTP/1.1" 304 -
180.157.253.48 - - [18/Oct/2020:10:52:57 +0800] "GET /xingrg/javascript/jquery_easy_ui/themes/icons/forms_new.png HTTP/1.1" 304 -
180.157.253.48 - - [18/Oct/2020:10:52:57 +0800] "GET /xingrg/javascript/jquery_easy_ui/themes/default/images/tree_file.gif HTTP/1.1" 304 -
116.232.55.210 - - [18/Oct/2020:10:52:58 +0800] "GET /xingrg/all/function/internal_message.html?_=1602989574277&CODE_STATE=getMsg HTTP/1.1" 200 27
180.157.253.48 - - [18/Oct/2020:10:52:59 +0800] "GET /xingrg/javascript/jquery_easy_ui/themes/default/images/tabs_close.gif HTTP/1.1" 304 -
180.157.253.48 - - [18/Oct/2020:10:52:59 +0800] "GET /xingrg/javascript/easyui/themes/default/easyui.css HTTP/1.1" 304 -
180.157.253.48 - - [18/Oct/2020:10:52:59 +0800] "GET /xingrg/css/base.css HTTP/1.1" 304 -
180.157.253.48 - - [18/Oct/2020:10:52:59 +0800] "GET /xingrg/javascript/auto/jquery.autocomplete.css HTTP/1.1" 304 -
180.157.253.48 - - [18/Oct/2020:10:52:59 +0800] "GET /xingrg/javascript/jquery_tools/fix.css HTTP/1.1" 304 -
180.157.253.48 - - [18/Oct/2020:10:52:59 +0800] "GET /xingrg/javascript/jquery_tools/table.css HTTP/1.1" 304 -
180.157.253.48 - - [18/Oct/2020:10:52:59 +0800] "GET /xingrg/javascript/jquery_tools/jquery.tools.min.js HTTP/1.1" 304 -
180.157.253.48 - - [18/Oct/2020:10:52:59 +0800] "GET /xingrg/javascript/jquery_tools/jquery.tools.extend.js HTTP/1.1" 304 -
180.157.253.48 - - [18/Oct/2020:10:52:59 +0800] "GET /xingrg/javascript/jquery_tools/list_manager.js HTTP/1.1" 304 -
180.157.253.48 - - [18/Oct/2020:10:52:59 +0800] "GET /xingrg/javascript/jquery_tools/jquery.tools.hotkey.js HTTP/1.1" 304 -
180.157.253.48 - - [18/Oct/2020:10:52:59 +0800] "GET /xingrg/javascript/jquery_tools/jquery.tools.table.js HTTP/1.1" 304 -
180.157.253.48 - - [18/Oct/2020:10:52:59 +0800] "GET /xingrg/javascript/auto/jquery.autocomplete.js HTTP/1.1" 304 -
180.157.253.48 - - [18/Oct/2020:10:52:59 +0800] "GET /xingrg/javascript/easyui/themes/icon.css HTTP/1.1" 304 -
180.157.253.48 - - [18/Oct/2020:10:52:59 +0800] "GET /xingrg/css/site.css HTTP/1.1" 304 -
180.157.253.48 - - [18/Oct/2020:10:52:59 +0800] "GET /xingrg/javascript/easyui/easyloader.js HTTP/1.1" 304 -
180.157.253.48 - - [18/Oct/2020:10:52:59 +0800] "GET /xingrg/javascript/jquery.utils.js HTTP/1.1" 304 -
180.157.253.48 - - [18/Oct/2020:10:52:59 +0800] "GET /xingrg/javascript/jquery.cookie.js HTTP/1.1" 304 -
180.157.253.48 - - [18/Oct/2020:10:52:59 +0800] "GET /xingrg/javascript/print/LodopFuncs.js HTTP/1.1" 304 -
180.157.253.48 - - [18/Oct/2020:10:52:59 +0800] "GET /xingrg/javascript/jquery_tools/datebox.css HTTP/1.1" 304 -
180.157.253.48 - - [18/Oct/2020:10:52:59 +0800] "GET /xingrg/kc/buy/cgsh_order_list.html HTTP/1.1" 200 44268
114.84.37.38 - - [18/Oct/2020:10:52:59 +0800] "POST /xingrg/kc/buy/cgsh_order_operate.html HTTP/1.1" 200 2065
180.157.253.48 - - [18/Oct/2020:10:52:59 +0800] "GET /xingrg/javascript/easyui/themes/icons/field_new.png HTTP/1.1" 304 -
180.157.253.48 - - [18/Oct/2020:10:52:59 +0800] "GET /xingrg/javascript/easyui/themes/icons/cance_new.png HTTP/1.1" 304 -
180.157.253.48 - - [18/Oct/2020:10:52:59 +0800] "GET /xingrg/javascript/easyui/themes/icons/import_new.png HTTP/1.1" 304 -
180.157.253.48 - - [18/Oct/2020:10:52:59 +0800] "GET /xingrg/javascript/easyui/themes/icons/edit_add_new.png HTTP/1.1" 304 -
180.157.253.48 - - [18/Oct/2020:10:52:59 +0800] "GET /xingrg/javascript/easyui/themes/icons/check_new.png HTTP/1.1" 304 -
180.157.253.48 - - [18/Oct/2020:10:52:59 +0800] "GET /xingrg/javascript/jquery_easy_ui/themes/icons/area.png HTTP/1.1" 304 -
180.157.253.48 - - [18/Oct/2020:10:52:59 +0800] "GET /xingrg/javascript/jquery_easy_ui/themes/icons/rest.png HTTP/1.1" 304 -
180.157.253.48 - - [18/Oct/2020:10:52:59 +0800] "GET /xingrg/javascript/easyui/plugins/jquery.parser.js HTTP/1.1" 304 -
180.157.253.48 - - [18/Oct/2020:10:52:59 +0800] "GET /xingrg/images/control/ajaxLoader.gif HTTP/1.1" 304 -
180.157.253.48 - - [18/Oct/2020:10:53:00 +0800] "POST /xingrg/kc/buy/cgsh_list_operate.html HTTP/1.1" 200 876
114.88.166.242 - - [18/Oct/2020:10:53:00 +0800] "GET /xingrg/all/function/internal_message.html?_=1602989575038&CODE_STATE=getMsg HTTP/1.1" 200 27
114.88.166.242 - - [18/Oct/2020:10:53:00 +0800] "POST /xingrg/kc/buy/cgsh_list_operate.html HTTP/1.1" 200 8810
172.17.0.115 - - [18/Oct/2020:10:53:01 +0800] "GET /xingrg/check_reg.html?_=1602989578429 HTTP/1.1" 302 -
180.157.253.48 - - [18/Oct/2020:10:53:01 +0800] "GET /xingrg/javascript/easyui/themes/default/images/button_plain_hover.png HTTP/1.1" 304 -
180.157.253.48 - - [18/Oct/2020:10:53:01 +0800] "GET /xingrg/javascript/easyui/themes/default/images/button_plain_hover.png HTTP/1.1" 304 -
180.157.253.48 - - [18/Oct/2020:10:53:01 +0800] "GET /xingrg/css/base.css HTTP/1.1" 304 -
180.157.253.48 - - [18/Oct/2020:10:53:01 +0800] "GET /xingrg/javascript/jquery_tools/datebox.css HTTP/1.1" 304 -
180.157.253.48 - - [18/Oct/2020:10:53:01 +0800] "GET /xingrg/css/site.css HTTP/1.1" 304 -
180.157.253.48 - - [18/Oct/2020:10:53:01 +0800] "GET /xingrg/javascript/easyui/themes/icon.css HTTP/1.1" 304 -
180.157.253.48 - - [18/Oct/2020:10:53:01 +0800] "GET /xingrg/javascript/jquery_tools/table.css HTTP/1.1" 304 -
180.157.253.48 - - [18/Oct/2020:10:53:01 +0800] "GET /xingrg/javascript/jquery_tools/fix.css HTTP/1.1" 304 -
180.157.253.48 - - [18/Oct/2020:10:53:01 +0800] "GET /xingrg/javascript/easyui/themes/default/easyui.css HTTP/1.1" 304 -
180.157.253.48 - - [18/Oct/2020:10:53:01 +0800] "GET /xingrg/javascript/jquery_tools/jquery.tools.hotkey.js HTTP/1.1" 304 -
180.157.253.48 - - [18/Oct/2020:10:53:01 +0800] "GET /xingrg/javascript/jquery_tools/jquery.tools.extend.js HTTP/1.1" 304 -
180.157.253.48 - - [18/Oct/2020:10:53:01 +0800] "GET /xingrg/javascript/jquery_tools/jquery.tools.table.js HTTP/1.1" 304 -
180.157.253.48 - - [18/Oct/2020:10:53:01 +0800] "GET /xingrg/javascript/auto/jquery.autocomplete.js HTTP/1.1" 304 -
180.157.253.48 - - [18/Oct/2020:10:53:01 +0800] "GET /xingrg/javascript/jquery.utils.js HTTP/1.1" 304 -
180.157.253.48 - - [18/Oct/2020:10:53:01 +0800] "GET /xingrg/javascript/auto/jquery.autocomplete.css HTTP/1.1" 304 -
180.157.253.48 - - [18/Oct/2020:10:53:01 +0800] "GET /xingrg/javascript/convert.js HTTP/1.1" 304 -
180.157.253.48 - - [18/Oct/2020:10:53:01 +0800] "GET /xingrg/javascript/jquery_tools/order_manager.js HTTP/1.1" 304 -
180.157.253.48 - - [18/Oct/2020:10:53:01 +0800] "GET /xingrg/javascript/jquery_tools/jquery.tools.min.js HTTP/1.1" 304 -
180.157.253.48 - - [18/Oct/2020:10:53:01 +0800] "GET /xingrg/javascript/print/kc_print.js HTTP/1.1" 304 -
180.157.253.48 - - [18/Oct/2020:10:53:01 +0800] "GET /xingrg/javascript/pic_change.js HTTP/1.1" 304 -
180.157.253.48 - - [18/Oct/2020:10:53:01 +0800] "GET /xingrg/javascript/print/LodopFuncs.js HTTP/1.1" 304 -
180.157.253.48 - - [18/Oct/2020:10:53:01 +0800] "GET /xingrg/kc/buy/cgsh_order_add.html HTTP/1.1" 200 60000
180.157.253.48 - - [18/Oct/2020:10:53:01 +0800] "GET /xingrg/javascript/json2.js HTTP/1.1" 304 -
180.157.253.48 - - [18/Oct/2020:10:53:01 +0800] "GET /xingrg/javascript/easyui/easyloader.js HTTP/1.1" 304 -
180.157.253.48 - - [18/Oct/2020:10:53:01 +0800] "GET /xingrg/javascript/jquery.cookie.js HTTP/1.1" 304 -
180.157.253.48 - - [18/Oct/2020:10:53:01 +0800] "GET /xingrg/words/20201018102111_words.js HTTP/1.1" 200 769363
180.157.253.48 - - [18/Oct/2020:10:53:01 +0800] "GET /xingrg/javascript/easyui/themes/icons/copy_new.png HTTP/1.1" 304 -
180.157.253.48 - - [18/Oct/2020:10:53:01 +0800] "GET /xingrg/javascript/easyui/themes/icons/template_new.png HTTP/1.1" 304 -
180.157.253.48 - - [18/Oct/2020:10:53:01 +0800] "GET /xingrg/javascript/easyui/themes/icons/ok.png HTTP/1.1" 304 -
180.157.253.48 - - [18/Oct/2020:10:53:01 +0800] "GET /xingrg/javascript/easyui/themes/icons/print.png HTTP/1.1" 304 -
180.157.253.48 - - [18/Oct/2020:10:53:01 +0800] "GET /xingrg/javascript/easyui/themes/default/images/menu_downarrow.png HTTP/1.1" 304 -
180.157.253.48 - - [18/Oct/2020:10:53:01 +0800] "GET /xingrg/javascript/easyui/themes/icons/cancel.png HTTP/1.1" 304 -
180.157.253.48 - - [18/Oct/2020:10:53:02 +0800] "GET /xingrg/javascript/easyui/plugins/jquery.parser.js HTTP/1.1" 304 -
180.157.253.48 - - [18/Oct/2020:10:53:02 +0800] "POST /xingrg/kc/buy/cgsh_order_operate.html HTTP/1.1" 200 8245
180.157.253.48 - - [18/Oct/2020:10:53:02 +0800] "GET /xingrg/javascript/easyui/themes/icons/edit_remove.png HTTP/1.1" 304 -
180.157.253.48 - - [18/Oct/2020:10:53:02 +0800] "GET /xingrg/all/common/auto_word.html?type=employee&rest_code=00148 HTTP/1.1" 200 147
180.157.253.48 - - [18/Oct/2020:10:53:02 +0800] "GET /xingrg/all/common/auto_word.html?type=employee&rest_code=00148 HTTP/1.1" 200 147
180.157.253.48 - - [18/Oct/2020:10:53:02 +0800] "GET /xingrg/javascript/easyui/themes/default/validatebox.css HTTP/1.1" 404 1104
180.157.253.48 - - [18/Oct/2020:10:53:02 +0800] "GET /xingrg/javascript/easyui/plugins/jquery.validatebox.js HTTP/1.1" 304 -
180.157.253.48 - - [18/Oct/2020:10:53:02 +0800] "GET /xingrg/javascript/easyui/plugins/jquery.numberbox.js HTTP/1.1" 304 -
114.88.166.242 - - [18/Oct/2020:10:53:04 +0800] "POST /xingrg/kc/buy/cgsh_list_operate.html HTTP/1.1" 200 573
117.185.32.26 - - [18/Oct/2020:10:53:04 +0800] "GET /xingrg/kc/base/wldb_order_operate.html?command=get_materiel&rest_code=00106&base_code=0010396&code=00101013081 HTTP/1.1" 200 430
114.84.37.38 - - [18/Oct/2020:10:53:04 +0800] "GET /xingrg/kc/buy/cgsh_order_operate.html?command=get_materiel&rest_code=00146&code=00101008225&supplier_code=00100005&order_time=2020-10-18 HTTP/1.1" 200 416
114.88.166.242 - - [18/Oct/2020:10:53:05 +0800] "GET /xingrg/kc/buy/cgsh_order_info.html?code=212020101807361 HTTP/1.1" 200 60013
58.37.8.227 - - [18/Oct/2020:10:53:05 +0800] "GET /xingrg/all/function/internal_message.html?_=1602989188165&CODE_STATE=getMsg HTTP/1.1" 200 27
114.88.166.242 - - [18/Oct/2020:10:53:05 +0800] "GET /xingrg/javascript/easyui/themes/default/validatebox.css HTTP/1.1" 404 1104
114.88.166.242 - - [18/Oct/2020:10:53:05 +0800] "POST /xingrg/kc/buy/cgsh_order_operate.html HTTP/1.1" 200 5636
114.88.166.242 - - [18/Oct/2020:10:53:06 +0800] "POST /xingrg/kc/buy/cgsh_list_operate.html HTTP/1.1" 200 8810
114.88.166.242 - - [18/Oct/2020:10:53:06 +0800] "GET /xingrg/kc/print/load_data.html?order_code=212020101807361&kc_code=cgsh HTTP/1.1" 200 1821
180.174.56.115 - - [18/Oct/2020:10:53:07 +0800] "GET /xingrg/check_reg.html?_=1602989581606 HTTP/1.1" 200 22
180.174.56.115 - - [18/Oct/2020:10:53:07 +0800] "GET /xingrg/all/function/internal_message.html?_=1602989581618&CODE_STATE=getMsg HTTP/1.1" 200 27
114.84.37.38 - - [18/Oct/2020:10:53:07 +0800] "GET /xingrg/all/function/internal_message.html?_=1602989605314&CODE_STATE=getMsg HTTP/1.1" 200 27
114.84.37.38 - - [18/Oct/2020:10:53:09 +0800] "GET /xingrg/kc/buy/cgsh_order_operate.html?command=get_materiel&rest_code=00146&code=00101004022&supplier_code=00100312&order_time=2020-10-18 HTTP/1.1" 200 413
180.162.245.190 - - [18/Oct/2020:10:53:12 +0800] "GET /xingrg/all/function/internal_message.html?_=1602989588081&CODE_STATE=getMsg HTTP/1.1" 200 27
114.88.166.242 - - [18/Oct/2020:10:53:17 +0800] "POST /xingrg/kc/buy/cgsh_list_operate.html HTTP/1.1" 200 8810
222.69.142.206 - - [18/Oct/2020:10:53:17 +0800] "GET /xingrg/all/function/internal_message.html?_=1602989587557&CODE_STATE=getMsg HTTP/1.1" 200 27
114.84.37.38 - - [18/Oct/2020:10:53:18 +0800] "GET /xingrg/kc/buy/cgsh_order_operate.html?command=get_materiel&rest_code=00146&code=00101008080&supplier_code=00100005&order_time=2020-10-18 HTTP/1.1" 200 416
117.185.32.26 - - [18/Oct/2020:10:53:18 +0800] "GET /xingrg/kc/base/wldb_order_operate.html?command=get_materiel&rest_code=00106&base_code=0010396&code=00101019359 HTTP/1.1" 200 447
114.88.166.242 - - [18/Oct/2020:10:53:19 +0800] "POST /xingrg/kc/buy/cgsh_list_operate.html HTTP/1.1" 200 417
114.88.166.242 - - [18/Oct/2020:10:53:19 +0800] "GET /xingrg/kc/buy/cgsh_order_info.html?code=212020101807370 HTTP/1.1" 200 60009
114.88.166.242 - - [18/Oct/2020:10:53:20 +0800] "GET /xingrg/javascript/easyui/themes/default/validatebox.css HTTP/1.1" 404 1104
114.88.166.242 - - [18/Oct/2020:10:53:20 +0800] "POST /xingrg/kc/buy/cgsh_order_operate.html HTTP/1.1" 200 4422
114.88.166.242 - - [18/Oct/2020:10:53:20 +0800] "POST /xingrg/kc/buy/cgsh_list_operate.html HTTP/1.1" 200 8810
114.88.166.242 - - [18/Oct/2020:10:53:21 +0800] "GET /xingrg/kc/print/load_data.html?order_code=212020101807370&kc_code=cgsh HTTP/1.1" 200 1422
120.253.135.82 - - [18/Oct/2020:10:53:23 +0800] "GET /xingrg/all/function/internal_message.html?_=1602989347709&CODE_STATE=getMsg HTTP/1.1" 200 27
172.17.0.120 - - [18/Oct/2020:10:53:23 +0800] "GET /xingrg/all/function/internal_message.html?_=1602989603910&CODE_STATE=getMsg HTTP/1.1" 200 27
114.84.37.38 - - [18/Oct/2020:10:53:24 +0800] "GET /xingrg/kc/buy/cgsh_order_operate.html?command=get_materiel&rest_code=00146&code=00101005015&supplier_code=00100312&order_time=2020-10-18 HTTP/1.1" 200 409
58.37.8.227 - - [18/Oct/2020:10:53:28 +0800] "GET /xingrg/all/function/internal_message.html?_=1602989604716&CODE_STATE=getMsg HTTP/1.1" 200 27
114.88.166.242 - - [18/Oct/2020:10:53:28 +0800] "POST /xingrg/kc/buy/cgsh_list_operate.html HTTP/1.1" 200 8810
117.185.32.26 - - [18/Oct/2020:10:53:30 +0800] "GET /xingrg/kc/base/wldb_order_operate.html?command=get_materiel&rest_code=00106&base_code=0010396&code=00101019724 HTTP/1.1" 200 431
58.40.7.146 - - [18/Oct/2020:10:53:31 +0800] "GET /xingrg/all/function/internal_message.html?_=1602989607436&CODE_STATE=getMsg HTTP/1.1" 200 27
114.88.166.242 - - [18/Oct/2020:10:53:32 +0800] "POST /xingrg/kc/buy/cgsh_list_operate.html HTTP/1.1" 200 569
114.88.166.242 - - [18/Oct/2020:10:53:32 +0800] "GET /xingrg/kc/buy/cgsh_order_info.html?code=212020101807293 HTTP/1.1" 200 60009
114.88.166.242 - - [18/Oct/2020:10:53:32 +0800] "GET /xingrg/javascript/easyui/themes/default/validatebox.css HTTP/1.1" 404 1104
222.69.142.206 - - [18/Oct/2020:10:53:32 +0800] "GET /xingrg/kc/buy/cgsh_order_add.html HTTP/1.1" 200 60053
114.88.166.242 - - [18/Oct/2020:10:53:33 +0800] "POST /xingrg/kc/buy/cgsh_order_operate.html HTTP/1.1" 200 37560
222.69.142.206 - - [18/Oct/2020:10:53:33 +0800] "GET /xingrg/words/20201018102111_words.js HTTP/1.1" 304 -
222.69.142.206 - - [18/Oct/2020:10:53:33 +0800] "POST /xingrg/kc/buy/cgsh_order_operate.html HTTP/1.1" 200 8245
222.69.142.206 - - [18/Oct/2020:10:53:33 +0800] "GET /xingrg/javascript/easyui/themes/default/validatebox.css HTTP/1.1" 404 1104
114.88.166.242 - - [18/Oct/2020:10:53:33 +0800] "POST /xingrg/kc/buy/cgsh_list_operate.html HTTP/1.1" 200 8810
114.88.166.242 - - [18/Oct/2020:10:53:33 +0800] "GET /xingrg/all/function/internal_message.html?_=1602989607191&CODE_STATE=getMsg HTTP/1.1" 200 27
117.185.32.26 - - [18/Oct/2020:10:53:33 +0800] "GET /xingrg/all/function/internal_message.html?_=1602989605585&CODE_STATE=getMsg HTTP/1.1" 200 27
114.88.166.242 - - [18/Oct/2020:10:53:34 +0800] "GET /xingrg/kc/print/load_data.html?order_code=212020101807293&kc_code=cgsh HTTP/1.1" 200 13904
172.17.0.185 - - [18/Oct/2020:10:53:35 +0800] "GET /xingrg/all/function/internal_message.html?_=1602989610326&CODE_STATE=getMsg HTTP/1.1" 200 27
114.88.166.242 - - [18/Oct/2020:10:53:36 +0800] "GET /xingrg/all/function/internal_message.html?_=1602989701717&CODE_STATE=getMsg HTTP/1.1" 200 27
172.17.0.115 - - [18/Oct/2020:10:53:37 +0800] "GET /xingrg/all/function/internal_message.html?_=1602989614637&CODE_STATE=getMsg HTTP/1.1" 302 -
114.84.37.38 - - [18/Oct/2020:10:53:38 +0800] "GET /xingrg/kc/buy/cgsh_order_operate.html?command=get_materiel&rest_code=00146&code=00101004023&supplier_code=00100312&order_time=2020-10-18 HTTP/1.1" 200 428
124.76.236.61 - - [18/Oct/2020:10:53:40 +0800] "GET /xingrg/all/function/internal_message.html?_=1602989585379&CODE_STATE=getMsg HTTP/1.1" 200 27
120.253.135.82 - - [18/Oct/2020:10:53:41 +0800] "GET /xingrg/kc/buy/cgth_order_list.html HTTP/1.1" 200 43920
120.253.135.82 - - [18/Oct/2020:10:53:41 +0800] "POST /xingrg/kc/buy/cgth_list_operate.html HTTP/1.1" 200 1035
117.185.32.26 - - [18/Oct/2020:10:53:42 +0800] "POST /xingrg/kc/base/wldb_order_operate.html HTTP/1.1" 200 37
117.185.32.26 - - [18/Oct/2020:10:53:42 +0800] "POST /xingrg/kc/base/wldb_order_operate.html HTTP/1.1" 200 9661
117.185.32.26 - - [18/Oct/2020:10:53:42 +0800] "GET /xingrg/kc/base/wldb_order_info.html?code=422020101802099 HTTP/1.1" 200 30504
117.185.32.26 - - [18/Oct/2020:10:53:43 +0800] "GET /xingrg/words/20201018102111_words.js HTTP/1.1" 304 -
120.253.135.82 - - [18/Oct/2020:10:53:43 +0800] "GET /xingrg/kc/buy/cgth_order_add.html HTTP/1.1" 200 61441
120.253.135.82 - - [18/Oct/2020:10:53:43 +0800] "GET /xingrg/dwr/interface/AjaxComOrderService.js HTTP/1.1" 200 18264
120.253.135.82 - - [18/Oct/2020:10:53:43 +0800] "GET /xingrg/dwr/interface/AjaxCgthService.js HTTP/1.1" 200 14519
120.253.135.82 - - [18/Oct/2020:10:53:43 +0800] "GET /xingrg/dwr/engine.js HTTP/1.1" 200 43631
117.185.32.26 - - [18/Oct/2020:10:53:43 +0800] "GET /xingrg/javascript/easyui/themes/default/validatebox.css HTTP/1.1" 404 1104
120.253.135.82 - - [18/Oct/2020:10:53:43 +0800] "GET /xingrg/javascript/jquery_easy_ui/themes/icons/edit_add_new.png HTTP/1.1" 304 -
120.253.135.82 - - [18/Oct/2020:10:53:43 +0800] "GET /xingrg/javascript/jquery_easy_ui/themes/icons/ok.png HTTP/1.1" 304 -
120.253.135.82 - - [18/Oct/2020:10:53:43 +0800] "GET /xingrg/javascript/jquery_easy_ui/themes/icons/cance_new.png HTTP/1.1" 304 -
120.253.135.82 - - [18/Oct/2020:10:53:43 +0800] "GET /xingrg/javascript/jquery_easy_ui/themes/default/images/validatebox_warning.png HTTP/1.1" 304 -
120.253.135.82 - - [18/Oct/2020:10:53:43 +0800] "GET /xingrg/javascript/jquery_easy_ui/themes/default/images/validatebox_pointer.gif HTTP/1.1" 304 -
117.185.32.26 - - [18/Oct/2020:10:53:43 +0800] "POST /xingrg/kc/base/wldb_order_operate.html HTTP/1.1" 200 9661
114.84.37.38 - - [18/Oct/2020:10:53:43 +0800] "GET /xingrg/kc/buy/cgsh_order_operate.html?command=get_materiel&rest_code=00146&code=00101008091&supplier_code=00100005&order_time=2020-10-18 HTTP/1.1" 200 432
172.17.0.105 - - [18/Oct/2020:10:53:43 +0800] "GET /xingrg/all/function/internal_message.html?_=1602989620378&CODE_STATE=getMsg HTTP/1.1" 200 27
120.253.135.82 - - [18/Oct/2020:10:53:43 +0800] "POST /xingrg/all/common/load_tree.html?tree=supplier_tree_json&isDelete=1 HTTP/1.1" 200 50666
120.253.135.82 - - [18/Oct/2020:10:53:44 +0800] "GET /xingrg/images/blue/button/kc_tab_add.gif HTTP/1.1" 304 -
120.253.135.82 - - [18/Oct/2020:10:53:44 +0800] "GET /xingrg/images/blue/button/kc_tab_del.gif HTTP/1.1" 304 -
124.77.70.31 - - [18/Oct/2020:10:53:45 +0800] "GET /xingrg/kc/buy/cgsh_order_operate.html?command=get_materiel&rest_code=00107&code=00101008302&supplier_code=00100006&order_time=2020-10-18 HTTP/1.1" 200 412
114.84.37.38 - - [18/Oct/2020:10:53:48 +0800] "GET /xingrg/kc/buy/cgsh_order_operate.html?command=get_materiel&rest_code=00146&code=00101001096&supplier_code=00100312&order_time=2020-10-18 HTTP/1.1" 200 413
124.77.70.31 - - [18/Oct/2020:10:53:48 +0800] "GET /xingrg/all/function/internal_message.html?_=1602989624871&CODE_STATE=getMsg HTTP/1.1" 200 27
222.69.142.206 - - [18/Oct/2020:10:53:49 +0800] "GET /xingrg/kc/buy/cgsh_order_operate.html?command=get_materiel&rest_code=00149&code=00101002027&supplier_code=00100039&order_time=2020-10-18 HTTP/1.1" 200 415
172.17.0.103 - - [18/Oct/2020:10:53:50 +0800] "GET /xingrg/all/function/internal_message.html?_=1602989624294&CODE_STATE=getMsg HTTP/1.1" 200 27
114.84.37.38 - - [18/Oct/2020:10:53:53 +0800] "GET /xingrg/kc/buy/cgsh_order_operate.html?command=get_materiel&rest_code=00146&code=00101008256&supplier_code=00100005&order_time=2020-10-18 HTTP/1.1" 200 432
117.185.32.26 - - [18/Oct/2020:10:53:54 +0800] "GET /xingrg/check_reg.html?_=1602990070462 HTTP/1.1" 200 22
117.185.32.26 - - [18/Oct/2020:10:53:54 +0800] "GET /xingrg/all/function/internal_message.html?_=1602990070464&CODE_STATE=getMsg HTTP/1.1" 200 27
117.185.32.26 - - [18/Oct/2020:10:53:54 +0800] "GET /xingrg/kc/base/wldb_order_add.html HTTP/1.1" 200 30489
117.185.32.26 - - [18/Oct/2020:10:53:54 +0800] "POST /xingrg/kc/base/wldb_order_operate.html HTTP/1.1" 200 6806
117.185.32.26 - - [18/Oct/2020:10:53:55 +0800] "GET /xingrg/javascript/easyui/themes/default/validatebox.css HTTP/1.1" 404 1104
114.84.37.38 - - [18/Oct/2020:10:53:55 +0800] "POST /xingrg/kc/buy/cgsh_order_operate.html HTTP/1.1" 200 2065
124.77.70.31 - - [18/Oct/2020:10:53:55 +0800] "GET /xingrg/kc/buy/cgsh_order_operate.html?command=get_materiel&rest_code=00107&code=00101008210&supplier_code=00100006&order_time=2020-10-18 HTTP/1.1" 200 408
117.185.32.26 - - [18/Oct/2020:10:53:56 +0800] "POST /xingrg/all/common/load_combo.html?type=base HTTP/1.1" 200 3142
180.157.253.48 - - [18/Oct/2020:10:53:57 +0800] "GET /xingrg/all/function/internal_message.html?_=1602989633172&CODE_STATE=getMsg HTTP/1.1" 200 27
116.232.55.210 - - [18/Oct/2020:10:53:58 +0800] "GET /xingrg/all/function/internal_message.html?_=1602989634292&CODE_STATE=getMsg HTTP/1.1" 200 27
114.84.37.38 - - [18/Oct/2020:10:54:00 +0800] "GET /xingrg/kc/buy/cgsh_order_operate.html?command=get_materiel&rest_code=00146&code=00101008055&supplier_code=00100005&order_time=2020-10-18 HTTP/1.1" 200 409
180.157.253.48 - - [18/Oct/2020:10:54:00 +0800] "GET /xingrg/javascript/easyui/themes/default/images/button_plain_hover.png HTTP/1.1" 304 -
180.157.253.48 - - [18/Oct/2020:10:54:00 +0800] "GET /xingrg/javascript/easyui/themes/default/images/button_plain_hover.png HTTP/1.1" 304 -
180.157.253.48 - - [18/Oct/2020:10:54:00 +0800] "GET /xingrg/javascript/easyui/themes/default/images/button_plain_hover.png HTTP/1.1" 304 -
114.88.166.242 - - [18/Oct/2020:10:54:00 +0800] "GET /xingrg/all/function/internal_message.html?_=1602989635036&CODE_STATE=getMsg HTTP/1.1" 200 27
114.88.166.242 - - [18/Oct/2020:10:54:00 +0800] "GET /xingrg/check_reg.html?_=1602989635037 HTTP/1.1" 200 22
180.157.253.48 - - [18/Oct/2020:10:54:01 +0800] "GET /xingrg/css/site.css HTTP/1.1" 304 -
180.157.253.48 - - [18/Oct/2020:10:54:01 +0800] "GET /xingrg/javascript/auto/jquery.autocomplete.css HTTP/1.1" 304 -
180.157.253.48 - - [18/Oct/2020:10:54:01 +0800] "GET /xingrg/javascript/jquery_tools/datebox.css HTTP/1.1" 304 -
180.157.253.48 - - [18/Oct/2020:10:54:01 +0800] "GET /xingrg/javascript/easyui/themes/icon.css HTTP/1.1" 304 -
180.157.253.48 - - [18/Oct/2020:10:54:01 +0800] "GET /xingrg/javascript/easyui/themes/default/easyui.css HTTP/1.1" 304 -
180.157.253.48 - - [18/Oct/2020:10:54:01 +0800] "GET /xingrg/javascript/jquery_tools/table.css HTTP/1.1" 304 -
180.157.253.48 - - [18/Oct/2020:10:54:01 +0800] "GET /xingrg/javascript/jquery_tools/fix.css HTTP/1.1" 304 -
180.157.253.48 - - [18/Oct/2020:10:54:01 +0800] "GET /xingrg/javascript/jquery_tools/jquery.tools.min.js HTTP/1.1" 304 -
180.157.253.48 - - [18/Oct/2020:10:54:01 +0800] "GET /xingrg/kc/buy/cgyd_order_list.html HTTP/1.1" 200 43735
180.157.253.48 - - [18/Oct/2020:10:54:01 +0800] "GET /xingrg/javascript/jquery_tools/jquery.tools.extend.js HTTP/1.1" 304 -
180.157.253.48 - - [18/Oct/2020:10:54:01 +0800] "GET /xingrg/javascript/jquery_tools/jquery.tools.hotkey.js HTTP/1.1" 304 -
180.157.253.48 - - [18/Oct/2020:10:54:01 +0800] "GET /xingrg/javascript/jquery_tools/list_manager.js HTTP/1.1" 304 -
180.157.253.48 - - [18/Oct/2020:10:54:01 +0800] "GET /xingrg/javascript/jquery_tools/jquery.tools.table.js HTTP/1.1" 304 -
180.157.253.48 - - [18/Oct/2020:10:54:01 +0800] "GET /xingrg/javascript/jquery.utils.js HTTP/1.1" 304 -
180.157.253.48 - - [18/Oct/2020:10:54:01 +0800] "GET /xingrg/javascript/easyui/easyloader.js HTTP/1.1" 304 -
180.157.253.48 - - [18/Oct/2020:10:54:01 +0800] "GET /xingrg/javascript/jquery.cookie.js HTTP/1.1" 304 -
180.157.253.48 - - [18/Oct/2020:10:54:01 +0800] "GET /xingrg/javascript/auto/jquery.autocomplete.js HTTP/1.1" 304 -
180.157.253.48 - - [18/Oct/2020:10:54:01 +0800] "GET /xingrg/css/base.css HTTP/1.1" 304 -
180.157.253.48 - - [18/Oct/2020:10:54:01 +0800] "GET /xingrg/javascript/print/LodopFuncs.js HTTP/1.1" 304 -
180.157.253.48 - - [18/Oct/2020:10:54:01 +0800] "GET /xingrg/javascript/easyui/themes/icons/field_new.png HTTP/1.1" 304 -
180.157.253.48 - - [18/Oct/2020:10:54:01 +0800] "GET /xingrg/javascript/easyui/themes/icons/import_new.png HTTP/1.1" 304 -
180.157.253.48 - - [18/Oct/2020:10:54:01 +0800] "GET /xingrg/javascript/easyui/plugins/jquery.parser.js HTTP/1.1" 304 -
120.253.135.82 - - [18/Oct/2020:10:54:02 +0800] "POST /xingrg/dwr/call/plaincall/AjaxCgthService.saveOrder.dwr HTTP/1.1" 200 78
180.157.253.48 - - [18/Oct/2020:10:54:02 +0800] "POST /xingrg/kc/buy/cgyd_list_operate.html HTTP/1.1" 200 976
180.157.253.48 - - [18/Oct/2020:10:54:02 +0800] "GET /xingrg/css/base.css HTTP/1.1" 304 -
180.157.253.48 - - [18/Oct/2020:10:54:02 +0800] "GET /xingrg/css/site.css HTTP/1.1" 304 -
180.157.253.48 - - [18/Oct/2020:10:54:02 +0800] "GET /xingrg/javascript/jquery_tools/datebox.css HTTP/1.1" 304 -
180.157.253.48 - - [18/Oct/2020:10:54:02 +0800] "GET /xingrg/javascript/easyui/themes/icon.css HTTP/1.1" 304 -
180.157.253.48 - - [18/Oct/2020:10:54:02 +0800] "GET /xingrg/javascript/jquery_tools/fix.css HTTP/1.1" 304 -
180.157.253.48 - - [18/Oct/2020:10:54:02 +0800] "GET /xingrg/javascript/auto/jquery.autocomplete.css HTTP/1.1" 304 -
180.157.253.48 - - [18/Oct/2020:10:54:02 +0800] "GET /xingrg/javascript/easyui/themes/default/easyui.css HTTP/1.1" 304 -
180.157.253.48 - - [18/Oct/2020:10:54:02 +0800] "GET /xingrg/javascript/jquery_tools/jquery.tools.min.js HTTP/1.1" 304 -
180.157.253.48 - - [18/Oct/2020:10:54:02 +0800] "GET /xingrg/javascript/jquery_tools/jquery.tools.table.js HTTP/1.1" 304 -
180.157.253.48 - - [18/Oct/2020:10:54:02 +0800] "GET /xingrg/kc/buy/cgsh_order_list.html HTTP/1.1" 200 44268
180.157.253.48 - - [18/Oct/2020:10:54:02 +0800] "GET /xingrg/javascript/jquery_tools/list_manager.js HTTP/1.1" 304 -
180.157.253.48 - - [18/Oct/2020:10:54:02 +0800] "GET /xingrg/javascript/easyui/easyloader.js HTTP/1.1" 304 -
180.157.253.48 - - [18/Oct/2020:10:54:02 +0800] "GET /xingrg/javascript/auto/jquery.autocomplete.js HTTP/1.1" 304 -
180.157.253.48 - - [18/Oct/2020:10:54:02 +0800] "GET /xingrg/javascript/jquery.cookie.js HTTP/1.1" 304 -
180.157.253.48 - - [18/Oct/2020:10:54:02 +0800] "GET /xingrg/javascript/jquery.utils.js HTTP/1.1" 304 -
180.157.253.48 - - [18/Oct/2020:10:54:02 +0800] "GET /xingrg/javascript/print/LodopFuncs.js HTTP/1.1" 304 -
180.157.253.48 - - [18/Oct/2020:10:54:02 +0800] "GET /xingrg/javascript/jquery_tools/table.css HTTP/1.1" 304 -
180.157.253.48 - - [18/Oct/2020:10:54:02 +0800] "GET /xingrg/javascript/jquery_tools/jquery.tools.extend.js HTTP/1.1" 304 -
180.157.253.48 - - [18/Oct/2020:10:54:02 +0800] "GET /xingrg/javascript/jquery_tools/jquery.tools.hotkey.js HTTP/1.1" 304 -
180.157.253.48 - - [18/Oct/2020:10:54:02 +0800] "GET /xingrg/javascript/easyui/plugins/jquery.parser.js HTTP/1.1" 304 -
114.84.37.38 - - [18/Oct/2020:10:54:02 +0800] "POST /xingrg/kc/buy/cgsh_order_operate.html HTTP/1.1" 200 37
120.253.135.82 - - [18/Oct/2020:10:54:03 +0800] "GET /xingrg/images/yd/bt.gif HTTP/1.1" 404 1040
180.157.253.48 - - [18/Oct/2020:10:54:03 +0800] "POST /xingrg/kc/buy/cgsh_list_operate.html HTTP/1.1" 200 876
222.69.142.206 - - [18/Oct/2020:10:54:03 +0800] "GET /xingrg/kc/buy/cgsh_order_operate.html?command=get_materiel&rest_code=00149&code=00101001044&supplier_code=00100039&order_time=2020-10-18 HTTP/1.1" 200 411
117.185.32.26 - - [18/Oct/2020:10:54:04 +0800] "POST /xingrg/all/common/load_combo.html?type=base HTTP/1.1" 200 3142
114.84.37.38 - - [18/Oct/2020:10:54:04 +0800] "POST /xingrg/kc/buy/cgsh_order_operate.html HTTP/1.1" 200 6221
58.37.8.227 - - [18/Oct/2020:10:54:05 +0800] "GET /xingrg/all/function/internal_message.html?_=1602989248133&CODE_STATE=getMsg HTTP/1.1" 200 27
120.253.135.82 - - [18/Oct/2020:10:54:05 +0800] "POST /xingrg/dwr/call/plaincall/AjaxComOrderService.getMaterielSearchList.dwr HTTP/1.1" 200 17006
114.84.37.38 - - [18/Oct/2020:10:54:05 +0800] "GET /xingrg/check_reg.html?_=1602989663709 HTTP/1.1" 200 22
120.253.135.82 - - [18/Oct/2020:10:54:06 +0800] "POST /xingrg/dwr/call/plaincall/AjaxComOrderService.getMaterielSearchList.dwr HTTP/1.1" 200 17006
114.84.37.38 - - [18/Oct/2020:10:54:06 +0800] "GET /xingrg/kc/buy/cgsh_order_operate.html?command=get_materiel&rest_code=00146&code=00101008155&supplier_code=00100005&order_time=2020-10-18 HTTP/1.1" 200 408
180.174.56.115 - - [18/Oct/2020:10:54:07 +0800] "GET /xingrg/all/function/internal_message.html?_=1602989641620&CODE_STATE=getMsg HTTP/1.1" 200 27
114.84.37.38 - - [18/Oct/2020:10:54:07 +0800] "GET /xingrg/all/function/internal_message.html?_=1602989665327&CODE_STATE=getMsg HTTP/1.1" 200 27
114.84.37.38 - - [18/Oct/2020:10:54:08 +0800] "GET /xingrg/kc/print/load_data.html?order_code=212020101807384&kc_code=cgsh&condition= HTTP/1.1" 200 2044
180.157.253.48 - - [18/Oct/2020:10:54:12 +0800] "GET /xingrg/login.html HTTP/1.1" 200 7641
180.157.253.48 - - [18/Oct/2020:10:54:12 +0800] "GET /xingrg/images/blue/jxLogo.png HTTP/1.1" 304 -
180.157.253.48 - - [18/Oct/2020:10:54:12 +0800] "GET /xingrg/images/blue/login_bg.png HTTP/1.1" 304 -
180.157.253.48 - - [18/Oct/2020:10:54:12 +0800] "GET /xingrg/images/blue/hj.png HTTP/1.1" 304 -
180.157.253.48 - - [18/Oct/2020:10:54:12 +0800] "GET /xingrg/images/blue/srbg.png HTTP/1.1" 304 -
180.162.245.190 - - [18/Oct/2020:10:54:12 +0800] "GET /xingrg/all/function/internal_message.html?_=1602989648060&CODE_STATE=getMsg HTTP/1.1" 200 27
180.157.253.48 - - [18/Oct/2020:10:54:12 +0800] "GET /favicon.ico HTTP/1.1" 404 -
222.69.142.206 - - [18/Oct/2020:10:54:12 +0800] "GET /xingrg/kc/buy/cgsh_order_operate.html?command=get_materiel&rest_code=00149&code=00101002022&supplier_code=00100039&order_time=2020-10-18 HTTP/1.1" 200 409
114.84.37.38 - - [18/Oct/2020:10:54:13 +0800] "GET /xingrg/kc/buy/cgsh_order_operate.html?command=get_materiel&rest_code=00146&code=00101008010&supplier_code=00100005&order_time=2020-10-18 HTTP/1.1" 200 412
180.157.253.48 - - [18/Oct/2020:10:54:14 +0800] "POST /xingrg/login.do HTTP/1.1" 302 -
180.157.253.48 - - [18/Oct/2020:10:54:14 +0800] "GET /xingrg/index.html?sysBaseUrl=http%3A%2F%2F180.169.147.146%3A18081%2Fxingrg%2F&costTime=40×tamp=1602989654883 HTTP/1.1" 200 17179
180.157.253.48 - - [18/Oct/2020:10:54:14 +0800] "GET /xingrg/javascript/jquery_easy_ui/themes/default/easyui.css HTTP/1.1" 304 -
180.157.253.48 - - [18/Oct/2020:10:54:14 +0800] "GET /xingrg/javascript/jquery_easy_ui/themes/icon.css HTTP/1.1" 304 -
180.157.253.48 - - [18/Oct/2020:10:54:14 +0800] "GET /xingrg/javascript/jquery.timers.js HTTP/1.1" 304 -
180.157.253.48 - - [18/Oct/2020:10:54:14 +0800] "GET /xingrg/css/form.css HTTP/1.1" 304 -
180.157.253.48 - - [18/Oct/2020:10:54:14 +0800] "GET /xingrg/javascript/jquery-1.4.2.min.js HTTP/1.1" 304 -
180.157.253.48 - - [18/Oct/2020:10:54:14 +0800] "GET /xingrg/javascript/jquery_easy_ui/jquery.easyui.min.js HTTP/1.1" 304 -
180.157.253.48 - - [18/Oct/2020:10:54:14 +0800] "GET /xingrg/javascript/jquery_easy_ui/easyui-lang-zh_CN.js HTTP/1.1" 304 -
180.157.253.48 - - [18/Oct/2020:10:54:14 +0800] "GET /xingrg/javascript/jquery.form.js HTTP/1.1" 304 -
180.157.253.48 - - [18/Oct/2020:10:54:14 +0800] "GET /xingrg/javascript/jquery.utils.js HTTP/1.1" 304 -
180.157.253.48 - - [18/Oct/2020:10:54:14 +0800] "GET /xingrg/images/blue/jxLogo.png HTTP/1.1" 304 -
180.157.253.48 - - [18/Oct/2020:10:54:14 +0800] "GET /xingrg/images/blue/navBackgound.jpg HTTP/1.1" 304 -
180.157.253.48 - - [18/Oct/2020:10:54:14 +0800] "GET /xingrg/javascript/jquery_easy_ui/themes/icons/settle_new.png HTTP/1.1" 304 -
180.157.253.48 - - [18/Oct/2020:10:54:15 +0800] "GET /favicon.ico HTTP/1.1" 404 -
180.157.253.48 - - [18/Oct/2020:10:54:15 +0800] "POST /xingrg/all/common/load_tree.html?tree=area_rest_tree_json&manage=1 HTTP/1.1" 200 351
180.157.253.48 - - [18/Oct/2020:10:54:15 +0800] "GET /xingrg/images/blue/pingpu.png HTTP/1.1" 304 -
180.157.253.48 - - [18/Oct/2020:10:54:15 +0800] "GET /xingrg/javascript/jquery_easy_ui/themes/default/images/tabs_leftarrow.png HTTP/1.1" 304 -
180.157.253.48 - - [18/Oct/2020:10:54:15 +0800] "GET /xingrg/javascript/jquery_easy_ui/themes/default/images/tabs_rightarrow.png HTTP/1.1" 304 -
180.157.253.48 - - [18/Oct/2020:10:54:15 +0800] "GET /xingrg/javascript/jquery_easy_ui/themes/default/images/panel_tool_collapse.gif HTTP/1.1" 304 -
180.157.253.48 - - [18/Oct/2020:10:54:15 +0800] "GET /xingrg/all/function/internal_message.html?_=1602989651028&CODE_STATE=count HTTP/1.1" 200 11
180.157.253.48 - - [18/Oct/2020:10:54:15 +0800] "GET /xingrg/check_reg.html?_=1602989651030 HTTP/1.1" 200 22
180.157.253.48 - - [18/Oct/2020:10:54:15 +0800] "POST /xingrg/load_menu.html HTTP/1.1" 200 5138
180.157.253.48 - - [18/Oct/2020:10:54:15 +0800] "GET /xingrg/javascript/jquery_easy_ui/themes/default/images/tree_arrows.gif HTTP/1.1" 304 -
180.157.253.48 - - [18/Oct/2020:10:54:15 +0800] "GET /xingrg/javascript/jquery_easy_ui/themes/default/images/tree_folder_open.gif HTTP/1.1" 304 -
180.157.253.48 - - [18/Oct/2020:10:54:15 +0800] "GET /xingrg/javascript/jquery_easy_ui/themes/icons/search_new.png HTTP/1.1" 304 -
180.157.253.48 - - [18/Oct/2020:10:54:15 +0800] "GET /xingrg/javascript/jquery_easy_ui/themes/default/images/tree_folder.gif HTTP/1.1" 304 -
