101.85.95.39 - - [18/Oct/2020:11:00:46 +0800] "GET /xingrg/all/function/internal_message.html?_=1602989823501&CODE_STATE=getMsg HTTP/1.1" 200 27
117.184.7.26 - - [18/Oct/2020:11:00:48 +0800] "POST /xingrg/services/DataTransmitService HTTP/1.1" 401 565
117.184.7.26 - - [18/Oct/2020:11:00:49 +0800] "POST /xingrg/services/DataTransmitService HTTP/1.1" 200 478
124.77.70.31 - - [18/Oct/2020:11:00:49 +0800] "GET /xingrg/all/function/internal_message.html?_=1602990045064&CODE_STATE=getMsg HTTP/1.1" 200 27
117.184.7.26 - - [18/Oct/2020:11:00:49 +0800] "POST /xingrg/services/DataTransmitService HTTP/1.1" 200 1320
117.184.7.26 - - [18/Oct/2020:11:00:49 +0800] "POST /xingrg/services/DataTransmitService HTTP/1.1" 200 478
117.184.7.26 - - [18/Oct/2020:11:00:49 +0800] "GET /xingrg/kc/buy/cgsh_order_operate.html?command=get_materiel&rest_code=00108&code=00101008024&supplier_code=00100008&order_time=2020-10-18 HTTP/1.1" 200 427
117.184.7.26 - - [18/Oct/2020:11:00:49 +0800] "POST /xingrg/services/DataTransmitService HTTP/1.1" 200 1320
117.184.7.26 - - [18/Oct/2020:11:00:49 +0800] "POST /xingrg/services/DataTransmitService HTTP/1.1" 200 524
117.184.7.26 - - [18/Oct/2020:11:00:49 +0800] "POST /xingrg/services/DataTransmitService HTTP/1.1" 200 1999
117.184.7.26 - - [18/Oct/2020:11:00:50 +0800] "POST /xingrg/services/DataTransmitService HTTP/1.1" 200 146324
172.17.0.103 - - [18/Oct/2020:11:00:50 +0800] "GET /xingrg/all/function/internal_message.html?_=1602990044188&CODE_STATE=getMsg HTTP/1.1" 200 27
124.77.70.31 - - [18/Oct/2020:11:00:51 +0800] "POST /xingrg/kc/buy/cgsh_order_operate.html HTTP/1.1" 200 2065
117.185.32.26 - - [18/Oct/2020:11:00:54 +0800] "GET /xingrg/all/function/internal_message.html?_=1602990490326&CODE_STATE=getMsg HTTP/1.1" 200 27
117.184.7.26 - - [18/Oct/2020:11:00:54 +0800] "GET /xingrg/kc/buy/cgsh_order_operate.html?command=get_materiel&rest_code=00108&code=00101008212&supplier_code=00100008&order_time=2020-10-18 HTTP/1.1" 200 412
124.76.236.61 - - [18/Oct/2020:11:00:55 +0800] "POST /xingrg/kc/buy/cgsh_list_operate.html HTTP/1.1" 200 2059
117.184.7.26 - - [18/Oct/2020:11:00:56 +0800] "POST /xingrg/kc/buy/cgsh_order_operate.html HTTP/1.1" 200 2065
124.76.236.61 - - [18/Oct/2020:11:00:57 +0800] "POST /xingrg/kc/buy/cgsh_list_operate.html HTTP/1.1" 200 563
124.76.236.61 - - [18/Oct/2020:11:00:57 +0800] "GET /xingrg/kc/buy/cgsh_order_info.html?code=212020101707035 HTTP/1.1" 200 59086
124.76.236.61 - - [18/Oct/2020:11:00:57 +0800] "GET /xingrg/javascript/easyui/themes/default/validatebox.css HTTP/1.1" 404 1104
116.232.55.210 - - [18/Oct/2020:11:00:58 +0800] "GET /xingrg/all/function/internal_message.html?_=1602990054319&CODE_STATE=getMsg HTTP/1.1" 200 27
124.76.236.61 - - [18/Oct/2020:11:00:58 +0800] "POST /xingrg/kc/buy/cgsh_order_operate.html HTTP/1.1" 200 19752
114.84.37.38 - - [18/Oct/2020:11:00:58 +0800] "GET /xingrg/kc/buy/cgsh_order_operate.html?command=get_materiel&rest_code=00146&code=00101003037&supplier_code=00100088&order_time=2020-10-18 HTTP/1.1" 200 434
124.77.70.31 - - [18/Oct/2020:11:00:59 +0800] "GET /xingrg/kc/buy/cgsh_order_operate.html?command=get_materiel&rest_code=00107&code=00101008290&supplier_code=00100006&order_time=2020-10-18 HTTP/1.1" 200 416
114.88.166.242 - - [18/Oct/2020:11:01:00 +0800] "GET /xingrg/all/function/internal_message.html?_=1602990055048&CODE_STATE=getMsg HTTP/1.1" 200 27
117.184.7.26 - - [18/Oct/2020:11:01:00 +0800] "GET /xingrg/kc/buy/cgsh_order_operate.html?command=get_materiel&rest_code=00108&code=00101008360&supplier_code=00100008&order_time=2020-10-18 HTTP/1.1" 200 413
58.37.8.227 - - [18/Oct/2020:11:01:05 +0800] "GET /xingrg/all/function/internal_message.html?_=1602989667986&CODE_STATE=getMsg HTTP/1.1" 200 27
117.184.7.26 - - [18/Oct/2020:11:01:06 +0800] "GET /xingrg/kc/buy/cgsh_order_operate.html?command=get_materiel&rest_code=00108&code=00101008059&supplier_code=00100008&order_time=2020-10-18 HTTP/1.1" 200 408
180.174.56.115 - - [18/Oct/2020:11:01:07 +0800] "GET /xingrg/all/function/internal_message.html?_=1602990061621&CODE_STATE=getMsg HTTP/1.1" 200 27
117.184.7.26 - - [18/Oct/2020:11:01:07 +0800] "POST /xingrg/services/DataTransmitService HTTP/1.1" 200 45454
117.184.7.26 - - [18/Oct/2020:11:01:07 +0800] "POST /xingrg/services/DataTransmitService HTTP/1.1" 200 19237
114.84.37.38 - - [18/Oct/2020:11:01:07 +0800] "GET /xingrg/all/function/internal_message.html?_=1602990085625&CODE_STATE=getMsg HTTP/1.1" 200 27
114.88.166.242 - - [18/Oct/2020:11:01:08 +0800] "GET /xingrg/kc/buy/cgsh_order_list.html HTTP/1.1" 200 44262
114.88.166.242 - - [18/Oct/2020:11:01:09 +0800] "POST /xingrg/kc/buy/cgsh_list_operate.html HTTP/1.1" 200 5222
114.84.37.38 - - [18/Oct/2020:11:01:10 +0800] "GET /xingrg/check_reg.html?_=1602990073943 HTTP/1.1" 200 22
114.84.37.38 - - [18/Oct/2020:11:01:10 +0800] "GET /xingrg/all/function/internal_message.html?_=1602990074001&CODE_STATE=getMsg HTTP/1.1" 200 27
114.88.166.242 - - [18/Oct/2020:11:01:11 +0800] "GET /xingrg/kc/buy/cgsh_order_add.html HTTP/1.1" 200 60000
114.88.166.242 - - [18/Oct/2020:11:01:11 +0800] "GET /xingrg/javascript/easyui/themes/default/validatebox.css HTTP/1.1" 404 1104
114.88.166.242 - - [18/Oct/2020:11:01:11 +0800] "POST /xingrg/kc/buy/cgsh_order_operate.html HTTP/1.1" 200 8245
180.162.245.190 - - [18/Oct/2020:11:01:11 +0800] "GET /xingrg/all/function/internal_message.html?_=1602990067922&CODE_STATE=getMsg HTTP/1.1" 200 27
61.129.6.145 - - [18/Oct/2020:11:01:12 +0800] "GET /xingrg/all/function/internal_message.html?_=1602989304843&CODE_STATE=getMsg HTTP/1.1" 302 -
117.184.7.26 - - [18/Oct/2020:11:01:13 +0800] "GET /xingrg/kc/buy/cgsh_order_operate.html?command=get_materiel&rest_code=00108&code=00101008357&supplier_code=00100008&order_time=2020-10-18 HTTP/1.1" 200 428
61.129.6.145 - - [18/Oct/2020:11:01:14 +0800] "GET /xingrg/login.html HTTP/1.1" 200 7641
222.69.142.206 - - [18/Oct/2020:11:01:15 +0800] "GET /xingrg/kc/buy/cgsh_order_operate.html?command=get_materiel&rest_code=00149&code=00101006087&supplier_code=00100012&order_time=2020-10-18 HTTP/1.1" 200 411
180.157.253.48 - - [18/Oct/2020:11:01:15 +0800] "GET /xingrg/all/function/internal_message.html?_=1602990071145&CODE_STATE=getMsg HTTP/1.1" 200 27
114.84.37.38 - - [18/Oct/2020:11:01:16 +0800] "POST /xingrg/kc/buy/cgsh_order_operate.html HTTP/1.1" 200 37
222.69.142.206 - - [18/Oct/2020:11:01:17 +0800] "GET /xingrg/all/function/internal_message.html?_=1602990067416&CODE_STATE=getMsg HTTP/1.1" 200 27
117.185.32.26 - - [18/Oct/2020:11:01:17 +0800] "POST /xingrg/kc/base/wldb_order_operate.html HTTP/1.1" 200 37
114.84.37.38 - - [18/Oct/2020:11:01:18 +0800] "POST /xingrg/kc/buy/cgsh_order_operate.html HTTP/1.1" 200 2664
117.185.32.26 - - [18/Oct/2020:11:01:18 +0800] "POST /xingrg/kc/base/wldb_order_operate.html HTTP/1.1" 200 5252
117.185.32.26 - - [18/Oct/2020:11:01:18 +0800] "GET /xingrg/kc/base/wldb_order_info.html?code=422020101802101 HTTP/1.1" 200 30504
117.185.32.26 - - [18/Oct/2020:11:01:18 +0800] "GET /xingrg/words/20201018102111_words.js HTTP/1.1" 304 -
117.185.32.26 - - [18/Oct/2020:11:01:19 +0800] "GET /xingrg/javascript/easyui/themes/default/validatebox.css HTTP/1.1" 404 1104
117.185.32.26 - - [18/Oct/2020:11:01:19 +0800] "POST /xingrg/kc/base/wldb_order_operate.html HTTP/1.1" 200 5252
114.88.166.242 - - [18/Oct/2020:11:01:20 +0800] "GET /xingrg/kc/buy/cgsh_order_operate.html?command=get_materiel&rest_code=00111&code=00101005037&supplier_code=00100042&order_time=2020-10-18 HTTP/1.1" 200 409
172.17.0.120 - - [18/Oct/2020:11:01:23 +0800] "GET /xingrg/all/function/internal_message.html?_=1602990083905&CODE_STATE=getMsg HTTP/1.1" 200 27
117.185.32.26 - - [18/Oct/2020:11:01:23 +0800] "GET /xingrg/kc/base/wldb_order_add.html HTTP/1.1" 200 30489
120.253.135.82 - - [18/Oct/2020:11:01:23 +0800] "GET /xingrg/all/function/internal_message.html?_=1602989828072&CODE_STATE=getMsg HTTP/1.1" 200 27
117.185.32.26 - - [18/Oct/2020:11:01:23 +0800] "POST /xingrg/kc/base/wldb_order_operate.html HTTP/1.1" 200 6806
117.185.32.26 - - [18/Oct/2020:11:01:23 +0800] "GET /xingrg/javascript/easyui/themes/default/validatebox.css HTTP/1.1" 404 1104
114.84.37.38 - - [18/Oct/2020:11:01:25 +0800] "GET /xingrg/kc/print/load_data.html?order_code=212020101807392&kc_code=cgsh&condition= HTTP/1.1" 200 753
114.88.166.242 - - [18/Oct/2020:11:01:25 +0800] "GET /xingrg/kc/buy/cgsh_order_operate.html?command=get_materiel&rest_code=00111&code=00101003025&supplier_code=00100042&order_time=2020-10-18 HTTP/1.1" 200 428
117.185.32.26 - - [18/Oct/2020:11:01:26 +0800] "POST /xingrg/all/common/load_combo.html?type=base HTTP/1.1" 200 3142
117.184.7.26 - - [18/Oct/2020:11:01:28 +0800] "GET /xingrg/kc/buy/cgsh_order_operate.html?command=get_materiel&rest_code=00108&code=00101008230&supplier_code=00100008&order_time=2020-10-18 HTTP/1.1" 200 408
58.37.8.227 - - [18/Oct/2020:11:01:28 +0800] "GET /xingrg/all/function/internal_message.html?_=1602990084529&CODE_STATE=getMsg HTTP/1.1" 200 27
117.185.32.26 - - [18/Oct/2020:11:01:30 +0800] "POST /xingrg/all/common/load_combo.html?type=base HTTP/1.1" 200 3142
114.88.166.242 - - [18/Oct/2020:11:01:30 +0800] "GET /xingrg/kc/buy/cgsh_order_operate.html?command=get_materiel&rest_code=00111&code=00101010161&supplier_code=00100042&order_time=2020-10-18 HTTP/1.1" 200 409
58.40.7.146 - - [18/Oct/2020:11:01:31 +0800] "GET /xingrg/all/function/internal_message.html?_=1602990087267&CODE_STATE=getMsg HTTP/1.1" 200 27
117.184.7.26 - - [18/Oct/2020:11:01:31 +0800] "GET /xingrg/all/function/internal_message.html?_=1602990080966&CODE_STATE=getMsg HTTP/1.1" 200 27
124.77.70.31 - - [18/Oct/2020:11:01:32 +0800] "GET /xingrg/kc/buy/cgsh_order_operate.html?command=get_materiel&rest_code=00107&code=00101008372&supplier_code=00100006&order_time=2020-10-18 HTTP/1.1" 200 408
117.185.32.26 - - [18/Oct/2020:11:01:33 +0800] "GET /xingrg/all/function/internal_message.html?_=1602990085385&CODE_STATE=getMsg HTTP/1.1" 200 27
114.88.166.242 - - [18/Oct/2020:11:01:33 +0800] "GET /xingrg/all/function/internal_message.html?_=1602990087304&CODE_STATE=getMsg HTTP/1.1" 200 27
117.184.7.26 - - [18/Oct/2020:11:01:33 +0800] "GET /xingrg/kc/buy/cgsh_order_operate.html?command=get_materiel&rest_code=00108&code=00101008069&supplier_code=00100008&order_time=2020-10-18 HTTP/1.1" 200 431
172.17.0.185 - - [18/Oct/2020:11:01:35 +0800] "GET /xingrg/all/function/internal_message.html?_=1602990090321&CODE_STATE=getMsg HTTP/1.1" 200 27
172.17.0.185 - - [18/Oct/2020:11:01:35 +0800] "GET /xingrg/check_reg.html?_=1602990090325 HTTP/1.1" 200 22
114.88.166.242 - - [18/Oct/2020:11:01:36 +0800] "GET /xingrg/kc/buy/cgsh_order_operate.html?command=get_materiel&rest_code=00111&code=00101001111&supplier_code=00100042&order_time=2020-10-18 HTTP/1.1" 200 408
117.184.7.26 - - [18/Oct/2020:11:01:36 +0800] "POST /xingrg/kc/buy/cgsh_order_operate.html HTTP/1.1" 200 2065
114.88.166.242 - - [18/Oct/2020:11:01:36 +0800] "GET /xingrg/check_reg.html?_=1602990181727 HTTP/1.1" 200 22
114.88.166.242 - - [18/Oct/2020:11:01:36 +0800] "GET /xingrg/all/function/internal_message.html?_=1602990181729&CODE_STATE=getMsg HTTP/1.1" 200 27
114.84.37.38 - - [18/Oct/2020:11:01:36 +0800] "GET /xingrg/kc/buy/cgsh_order_add.html HTTP/1.1" 200 60006
114.84.37.38 - - [18/Oct/2020:11:01:37 +0800] "POST /xingrg/kc/buy/cgsh_order_operate.html HTTP/1.1" 200 8245
114.84.37.38 - - [18/Oct/2020:11:01:37 +0800] "GET /xingrg/javascript/easyui/themes/default/validatebox.css HTTP/1.1" 404 1104
172.17.0.115 - - [18/Oct/2020:11:01:37 +0800] "GET /xingrg/all/function/internal_message.html?_=1602990094777&CODE_STATE=getMsg HTTP/1.1" 302 -
114.84.37.38 - - [18/Oct/2020:11:01:37 +0800] "GET /xingrg/kc/buy/cgsh_order_operate.html?command=get_materiel&rest_code=00146&code=00101008168&supplier_code=00100005&order_time=2020-10-18 HTTP/1.1" 200 413
117.184.7.26 - - [18/Oct/2020:11:01:39 +0800] "GET /xingrg/kc/buy/cgsh_order_operate.html?command=get_materiel&rest_code=00108&code=00101008286&supplier_code=00100008&order_time=2020-10-18 HTTP/1.1" 200 408
124.76.236.61 - - [18/Oct/2020:11:01:40 +0800] "GET /xingrg/all/function/internal_message.html?_=1602990065266&CODE_STATE=getMsg HTTP/1.1" 200 27
124.76.236.61 - - [18/Oct/2020:11:01:40 +0800] "GET /xingrg/check_reg.html?_=1602990065411 HTTP/1.1" 200 22
114.88.166.242 - - [18/Oct/2020:11:01:43 +0800] "POST /xingrg/kc/buy/cgsh_order_operate.html HTTP/1.1" 200 37
172.17.0.105 - - [18/Oct/2020:11:01:43 +0800] "GET /xingrg/all/function/internal_message.html?_=1602990100400&CODE_STATE=getMsg HTTP/1.1" 200 27
114.88.166.242 - - [18/Oct/2020:11:01:44 +0800] "POST /xingrg/kc/buy/cgsh_order_operate.html HTTP/1.1" 200 4419
114.88.166.242 - - [18/Oct/2020:11:01:45 +0800] "GET /xingrg/kc/print/load_data.html?order_code=212020101807393&kc_code=cgsh&condition= HTTP/1.1" 200 1367
124.77.70.31 - - [18/Oct/2020:11:01:45 +0800] "GET /xingrg/kc/buy/cgsh_order_operate.html?command=get_materiel&rest_code=00107&code=00101008356&supplier_code=00100006&order_time=2020-10-18 HTTP/1.1" 200 408
101.85.95.39 - - [18/Oct/2020:11:01:46 +0800] "GET /xingrg/all/function/internal_message.html?_=1602989883505&CODE_STATE=getMsg HTTP/1.1" 200 27
117.184.7.26 - - [18/Oct/2020:11:01:46 +0800] "GET /xingrg/kc/buy/cgsh_order_operate.html?command=get_materiel&rest_code=00108&code=00101008036&supplier_code=00100008&order_time=2020-10-18 HTTP/1.1" 200 408
222.69.142.206 - - [18/Oct/2020:11:01:47 +0800] "GET /xingrg/kc/buy/cgsh_order_operate.html?command=get_materiel&rest_code=00149&code=00101006108&supplier_code=00100012&order_time=2020-10-18 HTTP/1.1" 200 421
124.77.70.31 - - [18/Oct/2020:11:01:49 +0800] "GET /xingrg/all/function/internal_message.html?_=1602990105178&CODE_STATE=getMsg HTTP/1.1" 200 27
172.17.0.103 - - [18/Oct/2020:11:01:50 +0800] "GET /xingrg/all/function/internal_message.html?_=1602990104157&CODE_STATE=getMsg HTTP/1.1" 200 27
117.184.7.26 - - [18/Oct/2020:11:01:52 +0800] "GET /xingrg/kc/buy/cgsh_order_operate.html?command=get_materiel&rest_code=00108&code=00101008131&supplier_code=00100008&order_time=2020-10-18 HTTP/1.1" 200 408
58.37.8.227 - - [18/Oct/2020:11:01:53 +0800] "GET /xingrg/check_reg.html?_=1602990109514 HTTP/1.1" 200 22
114.84.37.38 - - [18/Oct/2020:11:01:54 +0800] "GET /xingrg/kc/buy/cgsh_order_operate.html?command=get_materiel&rest_code=00146&code=00101008314&supplier_code=00100339&order_time=2020-10-18 HTTP/1.1" 200 413
117.185.32.26 - - [18/Oct/2020:11:01:54 +0800] "GET /xingrg/all/function/internal_message.html?_=1602990550312&CODE_STATE=getMsg HTTP/1.1" 200 27
180.161.96.95 - - [18/Oct/2020:11:01:54 +0800] "GET /xingrg/check_reg.html?_=1602990329598 HTTP/1.1" 200 22
124.77.70.31 - - [18/Oct/2020:11:01:56 +0800] "GET /xingrg/kc/buy/cgsh_order_operate.html?command=get_materiel&rest_code=00107&code=00101008137&supplier_code=00100006&order_time=2020-10-18 HTTP/1.1" 200 408
114.84.37.38 - - [18/Oct/2020:11:01:57 +0800] "GET /xingrg/kc/buy/cgsh_order_operate.html?command=get_materiel&rest_code=00146&code=00101009015&supplier_code=00100005&order_time=2020-10-18 HTTP/1.1" 200 416
116.232.55.210 - - [18/Oct/2020:11:01:58 +0800] "GET /xingrg/check_reg.html?_=1602990114317 HTTP/1.1" 200 22
116.232.55.210 - - [18/Oct/2020:11:01:58 +0800] "GET /xingrg/all/function/internal_message.html?_=1602990114318&CODE_STATE=getMsg HTTP/1.1" 200 27
117.184.7.26 - - [18/Oct/2020:11:01:58 +0800] "GET /xingrg/kc/buy/cgsh_order_operate.html?command=get_materiel&rest_code=00108&code=00101008352&supplier_code=00100008&order_time=2020-10-18 HTTP/1.1" 200 412
114.88.166.242 - - [18/Oct/2020:11:02:00 +0800] "GET /xingrg/all/function/internal_message.html?_=1602990115047&CODE_STATE=getMsg HTTP/1.1" 200 27
114.84.37.38 - - [18/Oct/2020:11:02:02 +0800] "POST /xingrg/kc/buy/cgsh_order_operate.html HTTP/1.1" 200 2065
117.184.7.26 - - [18/Oct/2020:11:02:04 +0800] "GET /xingrg/kc/buy/cgsh_order_operate.html?command=get_materiel&rest_code=00108&code=00101008098&supplier_code=00100008&order_time=2020-10-18 HTTP/1.1" 200 412
58.37.8.227 - - [18/Oct/2020:11:02:05 +0800] "GET /xingrg/all/function/internal_message.html?_=1602989727968&CODE_STATE=getMsg HTTP/1.1" 200 27
117.184.7.26 - - [18/Oct/2020:11:02:06 +0800] "POST /xingrg/kc/buy/cgsh_order_operate.html HTTP/1.1" 200 2065
180.174.56.115 - - [18/Oct/2020:11:02:07 +0800] "GET /xingrg/all/function/internal_message.html?_=1602990121636&CODE_STATE=getMsg HTTP/1.1" 200 27
114.84.37.38 - - [18/Oct/2020:11:02:07 +0800] "GET /xingrg/all/function/internal_message.html?_=1602990145639&CODE_STATE=getMsg HTTP/1.1" 200 27
114.84.37.38 - - [18/Oct/2020:11:02:08 +0800] "GET /xingrg/kc/buy/cgsh_order_operate.html?command=get_materiel&rest_code=00146&code=00101008236&supplier_code=00100005&order_time=2020-10-18 HTTP/1.1" 200 436
124.77.70.31 - - [18/Oct/2020:11:02:09 +0800] "GET /xingrg/kc/buy/cgsh_order_operate.html?command=get_materiel&rest_code=00107&code=00101008225&supplier_code=00100006&order_time=2020-10-18 HTTP/1.1" 200 416
117.184.7.26 - - [18/Oct/2020:11:02:10 +0800] "GET /xingrg/kc/buy/cgsh_order_operate.html?command=get_materiel&rest_code=00108&code=00101008271&supplier_code=00100008&order_time=2020-10-18 HTTP/1.1" 200 408
180.162.245.190 - - [18/Oct/2020:11:02:11 +0800] "GET /xingrg/all/function/internal_message.html?_=1602990127896&CODE_STATE=getMsg HTTP/1.1" 200 27
114.84.37.38 - - [18/Oct/2020:11:02:12 +0800] "GET /xingrg/all/function/internal_message.html?_=1602990135216&CODE_STATE=getMsg HTTP/1.1" 200 27
114.84.37.38 - - [18/Oct/2020:11:02:12 +0800] "POST /xingrg/kc/buy/cgsh_order_operate.html HTTP/1.1" 200 37
114.84.37.38 - - [18/Oct/2020:11:02:14 +0800] "POST /xingrg/kc/buy/cgsh_order_operate.html HTTP/1.1" 200 2656
180.157.253.48 - - [18/Oct/2020:11:02:15 +0800] "GET /xingrg/all/function/internal_message.html?_=1602990131168&CODE_STATE=getMsg HTTP/1.1" 200 27
114.84.37.38 - - [18/Oct/2020:11:02:16 +0800] "GET /xingrg/kc/print/load_data.html?order_code=212020101807394&kc_code=cgsh&condition= HTTP/1.1" 200 675
114.84.37.38 - - [18/Oct/2020:11:02:17 +0800] "GET /xingrg/kc/buy/cgsh_order_operate.html?command=get_materiel&rest_code=00146&code=00101008061&supplier_code=00100005&order_time=2020-10-18 HTTP/1.1" 200 422
222.69.142.206 - - [18/Oct/2020:11:02:17 +0800] "GET /xingrg/all/function/internal_message.html?_=1602990127393&CODE_STATE=getMsg HTTP/1.1" 200 27
117.184.7.26 - - [18/Oct/2020:11:02:22 +0800] "GET /xingrg/kc/buy/cgsh_order_operate.html?command=get_materiel&rest_code=00108&code=00101008213&supplier_code=00100008&order_time=2020-10-18 HTTP/1.1" 200 432
58.40.7.146 - - [18/Oct/2020:11:02:23 +0800] "POST /xingrg/dwr/call/plaincall/AjaxCheckService.setItemNumber.dwr HTTP/1.1" 200 78
172.17.0.120 - - [18/Oct/2020:11:02:23 +0800] "GET /xingrg/all/function/internal_message.html?_=1602990143906&CODE_STATE=getMsg HTTP/1.1" 200 27
120.253.135.82 - - [18/Oct/2020:11:02:23 +0800] "GET /xingrg/all/function/internal_message.html?_=1602989888077&CODE_STATE=getMsg HTTP/1.1" 200 27
58.40.7.146 - - [18/Oct/2020:11:02:24 +0800] "POST /xingrg/dwr/call/plaincall/AjaxCheckService.setItemNumber.dwr HTTP/1.1" 200 78
58.40.7.146 - - [18/Oct/2020:11:02:24 +0800] "POST /xingrg/dwr/call/plaincall/AjaxCheckService.setItemNumber.dwr HTTP/1.1" 200 78
114.84.37.38 - - [18/Oct/2020:11:02:25 +0800] "GET /xingrg/kc/buy/cgsh_order_operate.html?command=get_materiel&rest_code=00146&code=00101008323&supplier_code=00100005&order_time=2020-10-18 HTTP/1.1" 200 408
117.185.32.26 - - [18/Oct/2020:11:02:26 +0800] "GET /xingrg/kc/base/wldb_order_operate.html?command=get_materiel&rest_code=00106&base_code=0010396&code=00101025072 HTTP/1.1" 200 414
58.40.7.146 - - [18/Oct/2020:11:02:27 +0800] "POST /xingrg/dwr/call/plaincall/AjaxCheckService.setItemNumber.dwr HTTP/1.1" 200 78
58.37.8.227 - - [18/Oct/2020:11:02:28 +0800] "GET /xingrg/all/function/internal_message.html?_=1602990144500&CODE_STATE=getMsg HTTP/1.1" 200 27
58.40.7.146 - - [18/Oct/2020:11:02:30 +0800] "POST /xingrg/dwr/call/plaincall/AjaxCheckService.setItemNumber.dwr HTTP/1.1" 200 78
58.40.7.146 - - [18/Oct/2020:11:02:31 +0800] "GET /xingrg/all/function/internal_message.html?_=1602990147240&CODE_STATE=getMsg HTTP/1.1" 200 27
117.184.7.26 - - [18/Oct/2020:11:02:31 +0800] "GET /xingrg/css/new_ie.css HTTP/1.1" 404 1036
58.40.7.146 - - [18/Oct/2020:11:02:31 +0800] "GET /xingrg/check_reg.html?_=1602990147698 HTTP/1.1" 200 22
117.184.7.26 - - [18/Oct/2020:11:02:31 +0800] "GET /xingrg/all/function/internal_message.html?_=1602990141048&CODE_STATE=getMsg HTTP/1.1" 200 27
114.84.37.38 - - [18/Oct/2020:11:02:32 +0800] "GET /xingrg/kc/buy/cgsh_order_add.html HTTP/1.1" 200 60006
58.40.7.146 - - [18/Oct/2020:11:02:32 +0800] "POST /xingrg/dwr/call/plaincall/AjaxCheckService.setItemNumber.dwr HTTP/1.1" 200 78
114.84.37.38 - - [18/Oct/2020:11:02:32 +0800] "POST /xingrg/kc/buy/cgsh_order_operate.html HTTP/1.1" 200 8245
114.84.37.38 - - [18/Oct/2020:11:02:32 +0800] "GET /xingrg/javascript/easyui/themes/default/validatebox.css HTTP/1.1" 404 1104
58.40.7.146 - - [18/Oct/2020:11:02:33 +0800] "POST /xingrg/dwr/call/plaincall/AjaxCheckService.setItemNumber.dwr HTTP/1.1" 200 78
117.185.32.26 - - [18/Oct/2020:11:02:33 +0800] "GET /xingrg/all/function/internal_message.html?_=1602990145365&CODE_STATE=getMsg HTTP/1.1" 200 27
114.88.166.242 - - [18/Oct/2020:11:02:33 +0800] "GET /xingrg/all/function/internal_message.html?_=1602990147317&CODE_STATE=getMsg HTTP/1.1" 200 27
58.40.7.146 - - [18/Oct/2020:11:02:34 +0800] "POST /xingrg/dwr/call/plaincall/AjaxCheckService.setItemNumber.dwr HTTP/1.1" 200 78
180.171.130.158 - - [18/Oct/2020:11:02:34 +0800] "POST /xingrg/services/DataTransmitService HTTP/1.1" 401 565
180.171.130.158 - - [18/Oct/2020:11:02:34 +0800] "POST /xingrg/services/DataTransmitService HTTP/1.1" 200 478
180.171.130.158 - - [18/Oct/2020:11:02:35 +0800] "POST /xingrg/services/DataTransmitService HTTP/1.1" 200 1320
180.171.130.158 - - [18/Oct/2020:11:02:35 +0800] "POST /xingrg/services/DataTransmitService HTTP/1.1" 200 478
180.171.130.158 - - [18/Oct/2020:11:02:35 +0800] "POST /xingrg/services/DataTransmitService HTTP/1.1" 200 1320
180.171.130.158 - - [18/Oct/2020:11:02:35 +0800] "POST /xingrg/services/DataTransmitService HTTP/1.1" 200 524
180.171.130.158 - - [18/Oct/2020:11:02:35 +0800] "POST /xingrg/services/DataTransmitService HTTP/1.1" 200 1767
58.40.7.146 - - [18/Oct/2020:11:02:35 +0800] "POST /xingrg/dwr/call/plaincall/AjaxCheckService.setItemNumber.dwr HTTP/1.1" 200 78
180.171.130.158 - - [18/Oct/2020:11:02:35 +0800] "POST /xingrg/services/DataTransmitService HTTP/1.1" 200 161328
172.17.0.185 - - [18/Oct/2020:11:02:35 +0800] "GET /xingrg/all/function/internal_message.html?_=1602990150315&CODE_STATE=getMsg HTTP/1.1" 200 27
58.40.7.146 - - [18/Oct/2020:11:02:35 +0800] "POST /xingrg/dwr/call/plaincall/AjaxCheckService.setItemNumber.dwr HTTP/1.1" 200 78
124.77.70.31 - - [18/Oct/2020:11:02:35 +0800] "POST /xingrg/kc/buy/cgsh_order_operate.html HTTP/1.1" 200 2065
58.40.7.146 - - [18/Oct/2020:11:02:36 +0800] "POST /xingrg/dwr/call/plaincall/AjaxCheckService.setItemNumber.dwr HTTP/1.1" 200 78
58.40.7.146 - - [18/Oct/2020:11:02:36 +0800] "POST /xingrg/dwr/call/plaincall/AjaxCheckService.setItemNumber.dwr HTTP/1.1" 200 78
114.88.166.242 - - [18/Oct/2020:11:02:36 +0800] "GET /xingrg/all/function/internal_message.html?_=1602990241735&CODE_STATE=getMsg HTTP/1.1" 200 27
58.40.7.146 - - [18/Oct/2020:11:02:37 +0800] "POST /xingrg/dwr/call/plaincall/AjaxCheckService.setItemNumber.dwr HTTP/1.1" 200 78
172.17.0.115 - - [18/Oct/2020:11:02:37 +0800] "GET /xingrg/all/function/internal_message.html?_=1602990154805&CODE_STATE=getMsg HTTP/1.1" 302 -
114.84.37.38 - - [18/Oct/2020:11:02:37 +0800] "GET /xingrg/kc/buy/cgsh_order_operate.html?command=get_materiel&rest_code=00146&code=00101008123&supplier_code=00100005&order_time=2020-10-18 HTTP/1.1" 200 412
58.40.7.146 - - [18/Oct/2020:11:02:37 +0800] "POST /xingrg/dwr/call/plaincall/AjaxCheckService.setItemNumber.dwr HTTP/1.1" 200 78
58.40.7.146 - - [18/Oct/2020:11:02:38 +0800] "POST /xingrg/dwr/call/plaincall/AjaxCheckService.setItemNumber.dwr HTTP/1.1" 200 78
117.184.7.26 - - [18/Oct/2020:11:02:38 +0800] "GET /favicon.ico HTTP/1.1" 404 -
124.76.236.61 - - [18/Oct/2020:11:02:40 +0800] "GET /xingrg/all/function/internal_message.html?_=1602990125251&CODE_STATE=getMsg HTTP/1.1" 200 27
58.40.7.146 - - [18/Oct/2020:11:02:40 +0800] "POST /xingrg/dwr/call/plaincall/AjaxCheckService.setItemNumber.dwr HTTP/1.1" 200 78
58.40.7.146 - - [18/Oct/2020:11:02:43 +0800] "POST /xingrg/dwr/call/plaincall/AjaxCheckService.setItemNumber.dwr HTTP/1.1" 200 78
58.40.7.146 - - [18/Oct/2020:11:02:43 +0800] "POST /xingrg/dwr/call/plaincall/AjaxCheckService.setItemNumber.dwr HTTP/1.1" 200 78
172.17.0.105 - - [18/Oct/2020:11:02:43 +0800] "GET /xingrg/all/function/internal_message.html?_=1602990160386&CODE_STATE=getMsg HTTP/1.1" 200 27
117.185.32.26 - - [18/Oct/2020:11:02:44 +0800] "GET /xingrg/check_reg.html?_=1602990155603 HTTP/1.1" 200 22
58.40.7.146 - - [18/Oct/2020:11:02:44 +0800] "POST /xingrg/dwr/call/plaincall/AjaxCheckService.setItemNumber.dwr HTTP/1.1" 200 78
114.84.37.38 - - [18/Oct/2020:11:02:44 +0800] "GET /xingrg/kc/buy/cgsh_order_operate.html?command=get_materiel&rest_code=00146&code=00101008102&supplier_code=00100005&order_time=2020-10-18 HTTP/1.1" 200 412
117.185.32.26 - - [18/Oct/2020:11:02:45 +0800] "GET /xingrg/kc/base/wldb_order_operate.html?command=get_materiel&rest_code=00106&base_code=0010396&code=00101019241 HTTP/1.1" 200 459
117.184.7.26 - - [18/Oct/2020:11:02:45 +0800] "POST /xingrg/login.do HTTP/1.1" 302 -
117.184.7.26 - - [18/Oct/2020:11:02:45 +0800] "GET /xingrg/index.html?sysBaseUrl=http%3A%2F%2F180.169.147.146%3A18081%2Fxingrg%2F&costTime=40×tamp=1602990165794 HTTP/1.1" 200 17179
114.84.37.38 - - [18/Oct/2020:11:02:46 +0800] "POST /xingrg/kc/buy/cgsh_order_operate.html HTTP/1.1" 200 2065
117.184.7.26 - - [18/Oct/2020:11:02:46 +0800] "POST /xingrg/all/common/load_tree.html?tree=area_rest_tree_json&manage=1 HTTP/1.1" 200 470
117.184.7.26 - - [18/Oct/2020:11:02:46 +0800] "GET /xingrg/check_reg.html?_=1602990155559 HTTP/1.1" 200 22
117.184.7.26 - - [18/Oct/2020:11:02:46 +0800] "GET /xingrg/all/function/internal_message.html?_=1602990155556&CODE_STATE=count HTTP/1.1" 200 11
114.84.37.38 - - [18/Oct/2020:11:02:46 +0800] "GET /xingrg/kc/buy/cgsh_order_operate.html?command=get_materiel&rest_code=00146&code=00101007032&supplier_code=00100328&order_time=2020-10-18 HTTP/1.1" 200 413
117.184.7.26 - - [18/Oct/2020:11:02:46 +0800] "POST /xingrg/load_menu.html HTTP/1.1" 200 5138
117.184.7.26 - - [18/Oct/2020:11:02:46 +0800] "GET /favicon.ico HTTP/1.1" 404 -
101.85.95.39 - - [18/Oct/2020:11:02:46 +0800] "GET /xingrg/all/function/internal_message.html?_=1602989943504&CODE_STATE=getMsg HTTP/1.1" 200 27
117.184.7.26 - - [18/Oct/2020:11:02:48 +0800] "GET /xingrg/kc/buy/buy_main.html HTTP/1.1" 200 12412
117.184.7.26 - - [18/Oct/2020:11:02:48 +0800] "GET /xingrg/css/new_ie.css HTTP/1.1" 404 1036
124.77.70.31 - - [18/Oct/2020:11:02:48 +0800] "GET /xingrg/check_reg.html?_=1602990164780 HTTP/1.1" 200 22
117.184.7.26 - - [18/Oct/2020:11:02:48 +0800] "GET /xingrg/images/yd/bt.gif HTTP/1.1" 404 1040
124.77.70.31 - - [18/Oct/2020:11:02:49 +0800] "GET /xingrg/all/function/internal_message.html?_=1602990165184&CODE_STATE=getMsg HTTP/1.1" 200 27
117.184.7.26 - - [18/Oct/2020:11:02:49 +0800] "GET /xingrg/kc/buy/cgsh_order_list.html HTTP/1.1" 200 44268
117.184.7.26 - - [18/Oct/2020:11:02:50 +0800] "POST /xingrg/kc/buy/cgsh_list_operate.html HTTP/1.1" 200 876
172.17.0.103 - - [18/Oct/2020:11:02:50 +0800] "GET /xingrg/all/function/internal_message.html?_=1602990164132&CODE_STATE=getMsg HTTP/1.1" 200 27
117.184.7.26 - - [18/Oct/2020:11:02:50 +0800] "GET /xingrg/kc/buy/cgsh_order_add.html HTTP/1.1" 200 59918
117.184.7.26 - - [18/Oct/2020:11:02:51 +0800] "POST /xingrg/kc/buy/cgsh_order_operate.html HTTP/1.1" 200 8245
117.184.7.26 - - [18/Oct/2020:11:02:51 +0800] "GET /xingrg/all/common/auto_word.html?type=employee&rest_code=00150 HTTP/1.1" 200 205
117.184.7.26 - - [18/Oct/2020:11:02:51 +0800] "GET /xingrg/javascript/easyui/themes/default/validatebox.css HTTP/1.1" 404 1104
117.184.7.26 - - [18/Oct/2020:11:02:51 +0800] "GET /xingrg/all/common/auto_word.html?type=employee&rest_code=00150 HTTP/1.1" 200 205
114.84.37.38 - - [18/Oct/2020:11:02:52 +0800] "GET /xingrg/kc/buy/cgsh_order_operate.html?command=get_materiel&rest_code=00146&code=00101015044&supplier_code=00100005&order_time=2020-10-18 HTTP/1.1" 200 408
117.184.7.26 - - [18/Oct/2020:11:02:52 +0800] "GET /xingrg/javascript/auto/indicator.gif HTTP/1.1" 404 1066
117.184.7.26 - - [18/Oct/2020:11:02:54 +0800] "GET /xingrg/javascript/jquery_tools/images/next.gif HTTP/1.1" 404 1086
117.184.7.26 - - [18/Oct/2020:11:02:54 +0800] "GET /xingrg/javascript/jquery_tools/images/prev.gif HTTP/1.1" 404 1086
117.185.32.26 - - [18/Oct/2020:11:02:54 +0800] "GET /xingrg/all/function/internal_message.html?_=1602990610295&CODE_STATE=getMsg HTTP/1.1" 200 27
117.131.5.26 - - [18/Oct/2020:11:02:56 +0800] "POST /xingrg/services/DataTransmitService HTTP/1.1" 200 524
117.131.5.26 - - [18/Oct/2020:11:02:56 +0800] "POST /xingrg/services/DataTransmitService HTTP/1.1" 200 501
117.131.5.26 - - [18/Oct/2020:11:02:56 +0800] "POST /xingrg/services/DataTransmitService HTTP/1.1" 200 501
117.131.5.26 - - [18/Oct/2020:11:02:56 +0800] "POST /xingrg/services/DataTransmitService HTTP/1.1" 200 501
117.131.5.26 - - [18/Oct/2020:11:02:56 +0800] "POST /xingrg/services/DataTransmitService HTTP/1.1" 200 501
116.232.55.210 - - [18/Oct/2020:11:02:58 +0800] "GET /xingrg/all/function/internal_message.html?_=1602990174316&CODE_STATE=getMsg HTTP/1.1" 200 27
117.184.7.26 - - [18/Oct/2020:11:03:00 +0800] "GET /xingrg/kc/buy/cgsh_order_operate.html?command=get_materiel&rest_code=00150&code=00101008256&supplier_code=00100008&order_time=2020-10-18 HTTP/1.1" 200 431
114.84.37.38 - - [18/Oct/2020:11:03:00 +0800] "GET /xingrg/kc/buy/cgsh_order_operate.html?command=get_materiel&rest_code=00146&code=00101015038&supplier_code=00100005&order_time=2020-10-18 HTTP/1.1" 200 418
114.88.166.242 - - [18/Oct/2020:11:03:00 +0800] "GET /xingrg/all/function/internal_message.html?_=1602990175046&CODE_STATE=getMsg HTTP/1.1" 200 27
117.131.5.26 - - [18/Oct/2020:11:03:00 +0800] "POST /xingrg/services/DataTransmitService HTTP/1.1" 200 412
172.17.0.115 - - [18/Oct/2020:11:03:01 +0800] "GET /xingrg/check_reg.html?_=1602990178440 HTTP/1.1" 302 -
114.84.37.38 - - [18/Oct/2020:11:03:04 +0800] "GET /xingrg/kc/buy/cgsh_order_operate.html?command=get_materiel&rest_code=00146&code=00101007085&supplier_code=00100328&order_time=2020-10-18 HTTP/1.1" 200 413
58.37.8.227 - - [18/Oct/2020:11:03:05 +0800] "GET /xingrg/all/function/internal_message.html?_=1602989787937&CODE_STATE=getMsg HTTP/1.1" 200 27
117.184.7.26 - - [18/Oct/2020:11:03:07 +0800] "POST /xingrg/all/user/operate.html HTTP/1.1" 200 36
180.174.56.115 - - [18/Oct/2020:11:03:07 +0800] "GET /xingrg/check_reg.html?_=1602990181650 HTTP/1.1" 200 22
180.174.56.115 - - [18/Oct/2020:11:03:07 +0800] "GET /xingrg/all/function/internal_message.html?_=1602990181655&CODE_STATE=getMsg HTTP/1.1" 200 27
117.184.7.26 - - [18/Oct/2020:11:03:07 +0800] "GET /xingrg/index.html?sysBaseUrl=http%3A%2F%2F180.169.147.146%3A18081%2Fxingrg%2F&costTime=40×tamp=1602990165794 HTTP/1.1" 200 17173
117.184.7.26 - - [18/Oct/2020:11:03:07 +0800] "GET /xingrg/javascript/jquery_easy_ui/themes/default/easyui.css HTTP/1.1" 304 -
117.184.7.26 - - [18/Oct/2020:11:03:07 +0800] "GET /xingrg/javascript/jquery_easy_ui/themes/icon.css HTTP/1.1" 304 -
117.184.7.26 - - [18/Oct/2020:11:03:07 +0800] "GET /xingrg/css/form.css HTTP/1.1" 304 -
117.184.7.26 - - [18/Oct/2020:11:03:07 +0800] "GET /xingrg/javascript/jquery-1.4.2.min.js HTTP/1.1" 304 -
117.184.7.26 - - [18/Oct/2020:11:03:07 +0800] "GET /xingrg/javascript/jquery_easy_ui/jquery.easyui.min.js HTTP/1.1" 304 -
117.184.7.26 - - [18/Oct/2020:11:03:07 +0800] "GET /xingrg/javascript/jquery_easy_ui/easyui-lang-zh_CN.js HTTP/1.1" 304 -
117.184.7.26 - - [18/Oct/2020:11:03:07 +0800] "GET /xingrg/javascript/jquery.form.js HTTP/1.1" 304 -
117.184.7.26 - - [18/Oct/2020:11:03:07 +0800] "GET /xingrg/javascript/jquery.utils.js HTTP/1.1" 304 -
117.184.7.26 - - [18/Oct/2020:11:03:07 +0800] "GET /xingrg/javascript/jquery.timers.js HTTP/1.1" 304 -
117.184.7.26 - - [18/Oct/2020:11:03:07 +0800] "GET /xingrg/images/blue/jxLogo.png HTTP/1.1" 304 -
117.184.7.26 - - [18/Oct/2020:11:03:07 +0800] "GET /xingrg/javascript/jquery_easy_ui/themes/icons/settle_new.png HTTP/1.1" 304 -
117.184.7.26 - - [18/Oct/2020:11:03:07 +0800] "GET /xingrg/images/blue/navBackgound.jpg HTTP/1.1" 304 -
117.184.7.26 - - [18/Oct/2020:11:03:07 +0800] "POST /xingrg/all/common/load_tree.html?tree=area_rest_tree_json&manage=1 HTTP/1.1" 200 470
117.184.7.26 - - [18/Oct/2020:11:03:07 +0800] "GET /xingrg/all/function/internal_message.html?_=1602990176752&CODE_STATE=count HTTP/1.1" 200 11
117.184.7.26 - - [18/Oct/2020:11:03:07 +0800] "GET /xingrg/check_reg.html?_=1602990176753 HTTP/1.1" 200 22
117.184.7.26 - - [18/Oct/2020:11:03:07 +0800] "GET /xingrg/javascript/jquery_easy_ui/themes/default/images/panel_tool_collapse.gif HTTP/1.1" 304 -
117.184.7.26 - - [18/Oct/2020:11:03:07 +0800] "GET /xingrg/javascript/jquery_easy_ui/themes/default/images/tabs_rightarrow.png HTTP/1.1" 304 -
117.184.7.26 - - [18/Oct/2020:11:03:07 +0800] "GET /xingrg/images/blue/pingpu.png HTTP/1.1" 304 -
117.184.7.26 - - [18/Oct/2020:11:03:07 +0800] "GET /xingrg/javascript/jquery_easy_ui/themes/default/images/tabs_leftarrow.png HTTP/1.1" 304 -
117.184.7.26 - - [18/Oct/2020:11:03:07 +0800] "POST /xingrg/load_menu.html HTTP/1.1" 200 5138
114.84.37.38 - - [18/Oct/2020:11:03:07 +0800] "GET /xingrg/all/function/internal_message.html?_=1602990205652&CODE_STATE=getMsg HTTP/1.1" 200 27
117.184.7.26 - - [18/Oct/2020:11:03:08 +0800] "GET /xingrg/kc/buy/buy_main.html HTTP/1.1" 200 12412
117.184.7.26 - - [18/Oct/2020:11:03:09 +0800] "GET /xingrg/css/new_ie.css HTTP/1.1" 404 1036
117.184.7.26 - - [18/Oct/2020:11:03:09 +0800] "GET /xingrg/images/yd/bt.gif HTTP/1.1" 404 1040
117.184.7.26 - - [18/Oct/2020:11:03:09 +0800] "GET /xingrg/kc/buy/cgsh_order_list.html HTTP/1.1" 200 44262
114.88.166.242 - - [18/Oct/2020:11:03:10 +0800] "GET /xingrg/kc/base/wldb_order_list.html HTTP/1.1" 200 19377
124.77.70.31 - - [18/Oct/2020:11:03:11 +0800] "GET /xingrg/kc/buy/cgsh_order_operate.html?command=get_materiel&rest_code=00107&code=00101008108&supplier_code=00100006&order_time=2020-10-18 HTTP/1.1" 200 412
117.184.7.26 - - [18/Oct/2020:11:03:11 +0800] "POST /xingrg/kc/buy/cgsh_list_operate.html HTTP/1.1" 200 1680
114.88.166.242 - - [18/Oct/2020:11:03:11 +0800] "POST /xingrg/kc/base/wldb_list_operate.html HTTP/1.1" 200 2159
117.184.7.26 - - [18/Oct/2020:11:03:11 +0800] "GET /xingrg/kc/buy/cgsh_order_add.html HTTP/1.1" 200 59959
180.162.245.190 - - [18/Oct/2020:11:03:11 +0800] "GET /xingrg/all/function/internal_message.html?_=1602990187865&CODE_STATE=getMsg HTTP/1.1" 200 27
114.88.166.242 - - [18/Oct/2020:11:03:12 +0800] "GET /xingrg/kc/base/wldb_order_add.html HTTP/1.1" 200 30489
117.184.7.26 - - [18/Oct/2020:11:03:12 +0800] "POST /xingrg/kc/buy/cgsh_order_operate.html HTTP/1.1" 200 8245
114.84.37.38 - - [18/Oct/2020:11:03:12 +0800] "GET /xingrg/all/function/internal_message.html?_=1602990195246&CODE_STATE=getMsg HTTP/1.1" 200 27
117.184.7.26 - - [18/Oct/2020:11:03:12 +0800] "GET /xingrg/javascript/easyui/themes/default/validatebox.css HTTP/1.1" 404 1104
114.88.166.242 - - [18/Oct/2020:11:03:12 +0800] "GET /xingrg/javascript/easyui/themes/default/validatebox.css HTTP/1.1" 404 1104
114.88.166.242 - - [18/Oct/2020:11:03:12 +0800] "POST /xingrg/kc/base/wldb_order_operate.html HTTP/1.1" 200 6806
117.184.7.26 - - [18/Oct/2020:11:03:14 +0800] "POST /xingrg/kc/buy/cgsh_list_operate.html HTTP/1.1" 200 567
58.40.7.146 - - [18/Oct/2020:11:03:14 +0800] "POST /xingrg/dwr/call/plaincall/AjaxCheckService.setItemNumber.dwr HTTP/1.1" 200 78
117.184.7.26 - - [18/Oct/2020:11:03:14 +0800] "GET /xingrg/kc/buy/cgsh_order_info.html?code=212020101807390 HTTP/1.1" 200 59968
117.184.7.26 - - [18/Oct/2020:11:03:14 +0800] "GET /xingrg/javascript/easyui/themes/default/validatebox.css HTTP/1.1" 404 1104
117.184.7.26 - - [18/Oct/2020:11:03:15 +0800] "POST /xingrg/kc/buy/cgsh_order_operate.html HTTP/1.1" 200 11511
180.157.253.48 - - [18/Oct/2020:11:03:15 +0800] "GET /xingrg/all/function/internal_message.html?_=1602990191173&CODE_STATE=getMsg HTTP/1.1" 200 27
114.84.37.38 - - [18/Oct/2020:11:03:15 +0800] "GET /xingrg/kc/buy/cgsh_order_operate.html?command=get_materiel&rest_code=00146&code=00101015066&supplier_code=00100005&order_time=2020-10-18 HTTP/1.1" 200 413
180.161.96.95 - - [18/Oct/2020:11:03:16 +0800] "GET /xingrg/kc/buy/cgsh_order_operate.html?command=get_materiel&rest_code=00102&code=00101009019&supplier_code=00100096&order_time=2020-10-18 HTTP/1.1" 200 433
114.88.166.242 - - [18/Oct/2020:11:03:17 +0800] "GET /xingrg/kc/base/wldb_order_list.html HTTP/1.1" 200 19377
222.69.142.206 - - [18/Oct/2020:11:03:17 +0800] "GET /xingrg/all/function/internal_message.html?_=1602990187366&CODE_STATE=getMsg HTTP/1.1" 200 27
114.88.166.242 - - [18/Oct/2020:11:03:17 +0800] "POST /xingrg/kc/base/wldb_list_operate.html HTTP/1.1" 200 2159
117.184.7.26 - - [18/Oct/2020:11:03:17 +0800] "GET /xingrg/javascript/auto/indicator.gif HTTP/1.1" 404 1066
114.88.166.242 - - [18/Oct/2020:11:03:18 +0800] "GET /xingrg/kc/base/wldb_order_add.html HTTP/1.1" 200 30489
114.88.166.242 - - [18/Oct/2020:11:03:19 +0800] "POST /xingrg/kc/base/wldb_order_operate.html HTTP/1.1" 200 6806
114.88.166.242 - - [18/Oct/2020:11:03:19 +0800] "GET /xingrg/javascript/easyui/themes/default/validatebox.css HTTP/1.1" 404 1104
114.84.37.38 - - [18/Oct/2020:11:03:19 +0800] "GET /xingrg/kc/buy/cgsh_order_operate.html?command=get_materiel&rest_code=00146&code=00101007077&supplier_code=00100328&order_time=2020-10-18 HTTP/1.1" 200 417
180.171.130.158 - - [18/Oct/2020:11:03:23 +0800] "POST /xingrg/services/DataTransmitService HTTP/1.1" 200 45454
114.84.37.38 - - [18/Oct/2020:11:03:23 +0800] "GET /xingrg/kc/buy/cgsh_order_operate.html?command=get_materiel&rest_code=00146&code=00101008223&supplier_code=00100005&order_time=2020-10-18 HTTP/1.1" 200 431
180.171.130.158 - - [18/Oct/2020:11:03:23 +0800] "POST /xingrg/services/DataTransmitService HTTP/1.1" 200 19237
172.17.0.120 - - [18/Oct/2020:11:03:23 +0800] "GET /xingrg/all/function/internal_message.html?_=1602990203908&CODE_STATE=getMsg HTTP/1.1" 200 27
120.253.135.82 - - [18/Oct/2020:11:03:23 +0800] "GET /xingrg/all/function/internal_message.html?_=1602989948192&CODE_STATE=getMsg HTTP/1.1" 200 27
180.161.96.95 - - [18/Oct/2020:11:03:28 +0800] "GET /xingrg/kc/buy/cgsh_order_operate.html?command=get_materiel&rest_code=00102&code=00101009011&supplier_code=00100096&order_time=2020-10-18 HTTP/1.1" 200 416
58.37.8.227 - - [18/Oct/2020:11:03:28 +0800] "GET /xingrg/all/function/internal_message.html?_=1602990204483&CODE_STATE=getMsg HTTP/1.1" 200 27
114.88.166.242 - - [18/Oct/2020:11:03:28 +0800] "GET /xingrg/kc/base/wldb_order_operate.html?command=get_materiel&rest_code=00111&base_code=0010283&code=00101019313 HTTP/1.1" 200 443
58.40.7.146 - - [18/Oct/2020:11:03:31 +0800] "GET /xingrg/all/function/internal_message.html?_=1602990207212&CODE_STATE=getMsg HTTP/1.1" 200 27
114.88.166.242 - - [18/Oct/2020:11:03:32 +0800] "GET /xingrg/kc/base/wldb_order_operate.html?command=get_materiel&rest_code=00111&base_code=0010283&code=00101019063 HTTP/1.1" 200 448
117.185.32.26 - - [18/Oct/2020:11:03:33 +0800] "GET /xingrg/all/function/internal_message.html?_=1602990205352&CODE_STATE=getMsg HTTP/1.1" 200 27
114.88.166.242 - - [18/Oct/2020:11:03:33 +0800] "GET /xingrg/all/function/internal_message.html?_=1602990207356&CODE_STATE=getMsg HTTP/1.1" 200 27
114.88.166.242 - - [18/Oct/2020:11:03:35 +0800] "GET /xingrg/kc/base/wldb_order_operate.html?command=get_materiel&rest_code=00111&base_code=0010283&code=00101019015 HTTP/1.1" 200 437
172.17.0.185 - - [18/Oct/2020:11:03:35 +0800] "GET /xingrg/all/function/internal_message.html?_=1602990210317&CODE_STATE=getMsg HTTP/1.1" 200 27
114.88.166.242 - - [18/Oct/2020:11:03:36 +0800] "GET /xingrg/all/function/internal_message.html?_=1602990301767&CODE_STATE=getMsg HTTP/1.1" 200 27
114.84.37.38 - - [18/Oct/2020:11:03:37 +0800] "POST /xingrg/kc/buy/cgsh_order_operate.html HTTP/1.1" 200 2065
172.17.0.115 - - [18/Oct/2020:11:03:37 +0800] "GET /xingrg/all/function/internal_message.html?_=1602990214820&CODE_STATE=getMsg HTTP/1.1" 302 -
58.40.7.146 - - [18/Oct/2020:11:03:39 +0800] "POST /xingrg/dwr/call/plaincall/AjaxCheckService.setItemNumber.dwr HTTP/1.1" 200 78
114.88.166.242 - - [18/Oct/2020:11:03:39 +0800] "GET /xingrg/kc/base/wldb_order_operate.html?command=get_materiel&rest_code=00111&base_code=0010283&code=00101019079 HTTP/1.1" 200 465
124.76.236.61 - - [18/Oct/2020:11:03:40 +0800] "GET /xingrg/all/function/internal_message.html?_=1602990185224&CODE_STATE=getMsg HTTP/1.1" 200 27
114.84.37.38 - - [18/Oct/2020:11:03:41 +0800] "POST /xingrg/kc/buy/cgsh_order_operate.html HTTP/1.1" 200 37
180.161.96.95 - - [18/Oct/2020:11:03:41 +0800] "GET /xingrg/kc/buy/cgsh_order_operate.html?command=get_materiel&rest_code=00102&code=00101009050&supplier_code=00100096&order_time=2020-10-18 HTTP/1.1" 200 433
114.84.37.38 - - [18/Oct/2020:11:03:42 +0800] "POST /xingrg/kc/buy/cgsh_order_operate.html HTTP/1.1" 200 3845
114.88.166.242 - - [18/Oct/2020:11:03:42 +0800] "GET /xingrg/kc/base/wldb_order_operate.html?command=get_materiel&rest_code=00111&base_code=0010283&code=00101019133 HTTP/1.1" 200 464
58.40.7.146 - - [18/Oct/2020:11:03:43 +0800] "POST /xingrg/dwr/call/plaincall/AjaxCheckService.setItemNumber.dwr HTTP/1.1" 200 78
172.17.0.105 - - [18/Oct/2020:11:03:43 +0800] "GET /xingrg/all/function/internal_message.html?_=1602990220390&CODE_STATE=getMsg HTTP/1.1" 200 27
114.84.37.38 - - [18/Oct/2020:11:03:45 +0800] "GET /xingrg/kc/print/load_data.html?order_code=212020101807395&kc_code=cgsh&condition= HTTP/1.1" 200 1146
58.40.7.146 - - [18/Oct/2020:11:03:45 +0800] "POST /xingrg/dwr/call/plaincall/AjaxCheckService.setItemNumber.dwr HTTP/1.1" 200 78
117.184.7.26 - - [18/Oct/2020:11:03:46 +0800] "POST /xingrg/kc/buy/cgsh_order_operate.html HTTP/1.1" 200 2065
101.85.95.39 - - [18/Oct/2020:11:03:46 +0800] "GET /xingrg/all/function/internal_message.html?_=1602990003507&CODE_STATE=getMsg HTTP/1.1" 200 27
101.85.95.39 - - [18/Oct/2020:11:03:46 +0800] "GET /xingrg/check_reg.html?_=1602990003506 HTTP/1.1" 200 22
114.88.166.242 - - [18/Oct/2020:11:03:47 +0800] "GET /xingrg/kc/base/wldb_order_operate.html?command=get_materiel&rest_code=00111&base_code=0010283&code=00101019204 HTTP/1.1" 200 437
58.40.7.146 - - [18/Oct/2020:11:03:48 +0800] "POST /xingrg/dwr/call/plaincall/AjaxCheckService.setItemNumber.dwr HTTP/1.1" 200 78
124.77.70.31 - - [18/Oct/2020:11:03:49 +0800] "GET /xingrg/all/function/internal_message.html?_=1602990225163&CODE_STATE=getMsg HTTP/1.1" 200 27
172.17.0.103 - - [18/Oct/2020:11:03:50 +0800] "GET /xingrg/all/function/internal_message.html?_=1602990224108&CODE_STATE=getMsg HTTP/1.1" 200 27
114.88.166.242 - - [18/Oct/2020:11:03:51 +0800] "GET /xingrg/kc/base/wldb_order_operate.html?command=get_materiel&rest_code=00111&base_code=0010283&code=00101013011 HTTP/1.1" 200 451
180.161.96.95 - - [18/Oct/2020:11:03:52 +0800] "GET /xingrg/kc/buy/cgsh_order_operate.html?command=get_materiel&rest_code=00102&code=00101009062&supplier_code=00100096&order_time=2020-10-18 HTTP/1.1" 200 436
124.77.70.31 - - [18/Oct/2020:11:03:53 +0800] "GET /xingrg/kc/buy/cgsh_order_operate.html?command=get_materiel&rest_code=00107&code=00101008305&supplier_code=00100006&order_time=2020-10-18 HTTP/1.1" 200 412
117.185.32.26 - - [18/Oct/2020:11:03:54 +0800] "GET /xingrg/all/function/internal_message.html?_=1602990670266&CODE_STATE=getMsg HTTP/1.1" 200 27
117.185.32.26 - - [18/Oct/2020:11:03:54 +0800] "GET /xingrg/check_reg.html?_=1602990670456 HTTP/1.1" 200 22
58.40.7.146 - - [18/Oct/2020:11:03:57 +0800] "POST /xingrg/dwr/call/plaincall/AjaxCheckService.setItemNumber.dwr HTTP/1.1" 200 78
114.84.37.38 - - [18/Oct/2020:11:03:57 +0800] "GET /xingrg/kc/buy/cgsh_order_add.html HTTP/1.1" 200 60006
116.232.55.210 - - [18/Oct/2020:11:03:58 +0800] "GET /xingrg/all/function/internal_message.html?_=1602990234313&CODE_STATE=getMsg HTTP/1.1" 200 27
114.84.37.38 - - [18/Oct/2020:11:03:58 +0800] "POST /xingrg/kc/buy/cgsh_order_operate.html HTTP/1.1" 200 8245
114.84.37.38 - - [18/Oct/2020:11:03:58 +0800] "GET /xingrg/javascript/easyui/themes/default/validatebox.css HTTP/1.1" 404 1104
114.88.166.242 - - [18/Oct/2020:11:04:00 +0800] "GET /xingrg/kc/base/wldb_order_operate.html?command=get_materiel&rest_code=00111&base_code=0010283&code=00101016092 HTTP/1.1" 200 452
114.88.166.242 - - [18/Oct/2020:11:04:00 +0800] "GET /xingrg/check_reg.html?_=1602990235044 HTTP/1.1" 200 22
114.88.166.242 - - [18/Oct/2020:11:04:00 +0800] "GET /xingrg/all/function/internal_message.html?_=1602990235045&CODE_STATE=getMsg HTTP/1.1" 200 27
58.40.7.146 - - [18/Oct/2020:11:04:02 +0800] "POST /xingrg/dwr/call/plaincall/AjaxCheckService.setItemNumber.dwr HTTP/1.1" 200 78
124.77.70.31 - - [18/Oct/2020:11:04:03 +0800] "POST /xingrg/kc/buy/cgsh_order_operate.html HTTP/1.1" 200 2065
114.88.166.242 - - [18/Oct/2020:11:04:03 +0800] "GET /xingrg/kc/base/wldb_order_operate.html?command=get_materiel&rest_code=00111&base_code=0010283&code=00101016083 HTTP/1.1" 200 448
58.40.7.146 - - [18/Oct/2020:11:04:04 +0800] "POST /xingrg/dwr/call/plaincall/AjaxCheckService.setItemNumber.dwr HTTP/1.1" 200 78
58.37.8.227 - - [18/Oct/2020:11:04:05 +0800] "GET /xingrg/all/function/internal_message.html?_=1602989847905&CODE_STATE=getMsg HTTP/1.1" 200 27
114.84.37.38 - - [18/Oct/2020:11:04:05 +0800] "GET /xingrg/check_reg.html?_=1602990263720 HTTP/1.1" 200 22
180.174.56.115 - - [18/Oct/2020:11:04:07 +0800] "GET /xingrg/all/function/internal_message.html?_=1602990241661&CODE_STATE=getMsg HTTP/1.1" 200 27
117.184.7.26 - - [18/Oct/2020:11:04:07 +0800] "GET /xingrg/all/function/internal_message.html?_=1602990236754&CODE_STATE=getMsg HTTP/1.1" 200 27
114.84.37.38 - - [18/Oct/2020:11:04:07 +0800] "GET /xingrg/all/function/internal_message.html?_=1602990265666&CODE_STATE=getMsg HTTP/1.1" 200 27
58.40.7.146 - - [18/Oct/2020:11:04:07 +0800] "POST /xingrg/dwr/call/plaincall/AjaxCheckService.setItemNumber.dwr HTTP/1.1" 200 78
114.88.166.242 - - [18/Oct/2020:11:04:08 +0800] "GET /xingrg/kc/base/wldb_order_operate.html?command=get_materiel&rest_code=00111&base_code=0010283&code=00101019270 HTTP/1.1" 200 464
180.162.245.190 - - [18/Oct/2020:11:04:11 +0800] "GET /xingrg/all/function/internal_message.html?_=1602990247840&CODE_STATE=getMsg HTTP/1.1" 200 27
58.40.7.146 - - [18/Oct/2020:11:04:12 +0800] "POST /xingrg/dwr/call/plaincall/AjaxCheckService.setItemNumber.dwr HTTP/1.1" 200 78
114.84.37.38 - - [18/Oct/2020:11:04:12 +0800] "GET /xingrg/all/function/internal_message.html?_=1602990255260&CODE_STATE=getMsg HTTP/1.1" 200 27
114.88.166.242 - - [18/Oct/2020:11:04:12 +0800] "GET /xingrg/kc/base/wldb_order_operate.html?command=get_materiel&rest_code=00111&base_code=0010283&code=00101019297 HTTP/1.1" 200 464
180.157.253.48 - - [18/Oct/2020:11:04:15 +0800] "GET /xingrg/check_reg.html?_=1602990251045 HTTP/1.1" 200 22
180.157.253.48 - - [18/Oct/2020:11:04:15 +0800] "GET /xingrg/all/function/internal_message.html?_=1602990251186&CODE_STATE=getMsg HTTP/1.1" 200 27
117.185.32.26 - - [18/Oct/2020:11:04:15 +0800] "GET /xingrg/kc/base/wldb_order_operate.html?command=get_materiel&rest_code=00106&base_code=0010396&code=00101019185 HTTP/1.1" 200 455
120.253.135.82 - - [18/Oct/2020:11:04:15 +0800] "GET /xingrg/check_reg.html?_=1602990000429 HTTP/1.1" 200 22
114.88.166.242 - - [18/Oct/2020:11:04:16 +0800] "GET /xingrg/kc/base/wldb_order_operate.html?command=get_materiel&rest_code=00111&base_code=0010283&code=00101019306 HTTP/1.1" 200 464
58.40.7.146 - - [18/Oct/2020:11:04:17 +0800] "POST /xingrg/dwr/call/plaincall/AjaxCheckService.setItemNumber.dwr HTTP/1.1" 200 78
222.69.142.206 - - [18/Oct/2020:11:04:17 +0800] "GET /xingrg/all/function/internal_message.html?_=1602990247338&CODE_STATE=getMsg HTTP/1.1" 200 27
114.84.37.38 - - [18/Oct/2020:11:04:19 +0800] "GET /xingrg/kc/buy/cgsh_order_operate.html?command=get_materiel&rest_code=00146&code=00101003040&supplier_code=00100094&order_time=2020-10-18 HTTP/1.1" 200 416
114.88.166.242 - - [18/Oct/2020:11:04:19 +0800] "GET /xingrg/kc/base/wldb_order_operate.html?command=get_materiel&rest_code=00111&base_code=0010283&code=00101019448 HTTP/1.1" 200 469
180.161.96.95 - - [18/Oct/2020:11:04:21 +0800] "GET /xingrg/kc/buy/cgsh_order_operate.html?command=get_materiel&rest_code=00102&code=00101009063&supplier_code=00100096&order_time=2020-10-18 HTTP/1.1" 200 409
172.17.0.120 - - [18/Oct/2020:11:04:23 +0800] "GET /xingrg/all/function/internal_message.html?_=1602990263909&CODE_STATE=getMsg HTTP/1.1" 200 27
120.253.135.82 - - [18/Oct/2020:11:04:23 +0800] "GET /xingrg/all/function/internal_message.html?_=1602990008198&CODE_STATE=getMsg HTTP/1.1" 200 27
117.184.7.26 - - [18/Oct/2020:11:04:25 +0800] "POST /xingrg/kc/buy/cgsh_order_operate.html HTTP/1.1" 200 2065
114.88.166.242 - - [18/Oct/2020:11:04:26 +0800] "GET /xingrg/kc/base/wldb_order_operate.html?command=get_materiel&rest_code=00111&base_code=0010283&code=00101019094 HTTP/1.1" 200 468
58.37.8.227 - - [18/Oct/2020:11:04:28 +0800] "GET /xingrg/all/function/internal_message.html?_=1602990264460&CODE_STATE=getMsg HTTP/1.1" 200 27
58.40.7.146 - - [18/Oct/2020:11:04:29 +0800] "POST /xingrg/dwr/call/plaincall/AjaxCheckService.setItemNumber.dwr HTTP/1.1" 200 78
114.88.166.242 - - [18/Oct/2020:11:04:29 +0800] "GET /xingrg/kc/base/wldb_order_operate.html?command=get_materiel&rest_code=00111&base_code=0010283&code=00101019400 HTTP/1.1" 200 451
172.17.0.103 - - [18/Oct/2020:11:04:31 +0800] "GET /xingrg/check_reg.html?_=1602990264598 HTTP/1.1" 200 22
